200.93.147.154 - - [13/Feb/2010:05:44:26 -0800] "GET /logs/access_100112.log%20%20/e404.php?DOCUMENT_ROOT=http://www.hubns.co.kr//data/list/heheh.txt?? HTTP/1.0" 404 5258 "-" "Mozilla/5.0" "www.puaga.com"
200.93.147.154 - - [13/Feb/2010:05:44:35 -0800] "GET /e404.php?DOCUMENT_ROOT=http://www.hubns.co.kr//data/list/heheh.txt?? HTTP/1.1" 404 5258 "-" "Mozilla/5.0" "www.puaga.com"
200.93.147.154 - - [13/Feb/2010:05:44:43 -0800] "GET /logs/access_100103.log%20%20/e404.php?DOCUMENT_ROOT=http://www.hubns.co.kr//data/list/heheh.txt?? HTTP/1.1" 404 5258 "-" "Mozilla/5.0" "www.puaga.com"
123.143.29.250 - - [13/Feb/2010:05:45:35 -0800] "GET /logs/access_100128.log%20%20/?board_skin_path=http://teaciel.fileave.com/id1.txt? HTTP/1.1" 404 5258 "-" "Mozilla/5.0" "www.puaga.com"
79.99.44.89 - - [13/Feb/2010:05:45:52 -0800] "GET /logs/access_100111.log//index.php?DOCUMENT_ROOT=http://epc.stut.edu.tw///uploads/tadgallery/medium/id1.txt? HTTP/1.1" 404 5258 "-" "Mozilla/5.0" "www.puaga.com"
79.99.44.89 - - [13/Feb/2010:05:45:52 -0800] "GET /logs//index.php?DOCUMENT_ROOT=http://epc.stut.edu.tw///uploads/tadgallery/medium/id1.txt? HTTP/1.1" 404 5258 "-" "Mozilla/5.0" "www.puaga.com"
79.99.44.89 - - [13/Feb/2010:05:45:52 -0800] "GET /logs/access_100119.log//index.php?DOCUMENT_ROOT=http://epc.stut.edu.tw///uploads/tadgallery/medium/id1.txt? HTTP/1.1" 404 5258 "-" "Mozilla/5.0" "www.puaga.com"
79.99.44.89 - - [13/Feb/2010:05:45:52 -0800] "GET /index.php?DOCUMENT_ROOT=http://epc.stut.edu.tw///uploads/tadgallery/medium/id1.txt? HTTP/1.1" 200 3642 "-" "Mozilla/5.0" "www.puaga.com"
220.80.108.81 - - [13/Feb/2010:05:45:55 -0800] "GET /logs//index.php?DOCUMENT_ROOT=http://cyber.kma.go.kr//data/member/idlab1.txt??? HTTP/1.1" 404 5258 "-" "Mozilla/5.0" "www.puaga.com"
220.80.108.81 - - [13/Feb/2010:05:45:55 -0800] "GET /logs/access_100111.log//index.php?DOCUMENT_ROOT=http://cyber.kma.go.kr//data/member/idlab1.txt??? HTTP/1.0" 404 5258 "-" "Mozilla/5.0" "www.puaga.com"
220.80.108.81 - - [13/Feb/2010:05:45:55 -0800] "GET /logs/access_100119.log//index.php?DOCUMENT_ROOT=http://cyber.kma.go.kr//data/member/idlab1.txt??? HTTP/1.1" 404 5258 "-" "Mozilla/5.0" "www.puaga.com"
220.80.108.81 - - [13/Feb/2010:05:45:55 -0800] "GET /index.php?DOCUMENT_ROOT=http://cyber.kma.go.kr//data/member/idlab1.txt??? HTTP/1.1" 200 3642 "-" "Mozilla/5.0" "www.puaga.com"
67.195.37.187 - - [13/Feb/2010:05:46:19 -0800] "GET /services/ HTTP/1.0" 404 5258 "-" "Mozilla/5.0 (compatible; Yahoo! Slurp/3.0; http://help.yahoo.com/help/us/ysearch/slurp)" "puaga.com"
67.195.37.187 - - [13/Feb/2010:05:46:20 -0800] "GET /style/polstandard.css HTTP/1.0" 200 5623 "http://puaga.com/services/" "Mozilla/5.0 (compatible; Yahoo! Slurp/3.0; http://help.yahoo.com/help/us/ysearch/slurp)" "puaga.com"
67.195.37.187 - - [13/Feb/2010:05:46:21 -0800] "GET /style/pngHack.css HTTP/1.0" 200 42 "http://puaga.com/services/" "Mozilla/5.0 (compatible; Yahoo! Slurp/3.0; http://help.yahoo.com/help/us/ysearch/slurp)" "puaga.com"
80.97.64.32 - - [13/Feb/2010:05:49:49 -0800] "GET /logs//%20include/bbs.lib.inc.php?site_path=http://musicadelibreria.net/footer?? HTTP/1.1" 404 5258 "-" "Mozilla/5.0" "www.puaga.com"
80.97.64.32 - - [13/Feb/2010:05:49:57 -0800] "GET /%20include/bbs.lib.inc.php?site_path=http://musicadelibreria.net/footer?? HTTP/1.1" 404 5258 "-" "Mozilla/5.0" "www.puaga.com"
80.97.64.32 - - [13/Feb/2010:05:49:58 -0800] "GET /logs/access_100112.log%20%20//%20include/bbs.lib.inc.php?site_path=http://musicadelibreria.net/footer?? HTTP/1.1" 404 5258 "-" "Mozilla/5.0" "www.puaga.com"
200.93.147.154 - - [13/Feb/2010:05:50:31 -0800] "GET /logs//index.php?DOCUMENT_ROOT=http://www.howtolisten.kr//bbs/icon/private_name/img00.txt???? HTTP/1.1" 404 5258 "-" "Mozilla/5.0" "www.puaga.com"
200.93.147.154 - - [13/Feb/2010:05:50:31 -0800] "GET /logs/access_100111.log//index.php?DOCUMENT_ROOT=http://www.howtolisten.kr//bbs/icon/private_name/img00.txt???? HTTP/1.1" 404 5258 "-" "Mozilla/5.0" "www.puaga.com"
200.93.147.154 - - [13/Feb/2010:05:50:34 -0800] "GET /index.php?DOCUMENT_ROOT=http://www.howtolisten.kr//bbs/icon/private_name/img00.txt???? HTTP/1.1" 200 3642 "-" "Mozilla/5.0" "www.puaga.com"
200.93.147.154 - - [13/Feb/2010:05:50:37 -0800] "GET /logs/access_100119.log//index.php?DOCUMENT_ROOT=http://www.howtolisten.kr//bbs/icon/private_name/img00.txt???? HTTP/1.1" 404 5258 "-" "Mozilla/5.0" "www.puaga.com"
200.93.147.154 - - [13/Feb/2010:05:52:03 -0800] "GET /logs/phphtml.php?htmlclass_path=http://www.howtolisten.kr//bbs/icon/private_name/img00.txt???? HTTP/1.1" 404 5258 "-" "Mozilla/5.0" "www.puaga.com"
200.93.147.154 - - [13/Feb/2010:05:52:03 -0800] "GET /logs/access_100109.log%20%20/phphtml.php?htmlclass_path=http://www.howtolisten.kr//bbs/icon/private_name/img00.txt???? HTTP/1.1" 404 5258 "-" "Mozilla/5.0" "www.puaga.com"
200.93.147.154 - - [13/Feb/2010:05:52:04 -0800] "GET /phphtml.php?htmlclass_path=http://www.howtolisten.kr//bbs/icon/private_name/img00.txt???? HTTP/1.1" 404 5258 "-" "Mozilla/5.0" "www.puaga.com"
80.97.64.32 - - [13/Feb/2010:05:52:58 -0800] "GET /logs/access_100112.log%20%20//%20include/bbs.lib.inc.php?site_path=http://musicadelibreria.net/footer?? HTTP/1.1" 404 5258 "-" "Mozilla/5.0" "www.puaga.com"
80.97.64.32 - - [13/Feb/2010:05:52:58 -0800] "GET /%20include/bbs.lib.inc.php?site_path=http://musicadelibreria.net/footer?? HTTP/1.1" 404 5258 "-" "Mozilla/5.0" "www.puaga.com"
80.97.64.32 - - [13/Feb/2010:05:52:59 -0800] "GET /logs//%20include/bbs.lib.inc.php?site_path=http://musicadelibreria.net/footer?? HTTP/1.1" 404 5258 "-" "Mozilla/5.0" "www.puaga.com"
62.141.56.136 - - [13/Feb/2010:05:53:01 -0800] "GET /modules/xfsection/modify.php?dir_module=http://www.djramon.nl//gb/skins/id1.txt?? HTTP/1.1" 404 5258 "-" "Mozilla/5.0" "www.puaga.com"
62.141.56.136 - - [13/Feb/2010:05:53:01 -0800] "GET /logs/access_100119.log//modules/xfsection/modify.php?dir_module=http://www.djramon.nl//gb/skins/id1.txt?? HTTP/1.1" 404 5258 "-" "Mozilla/5.0" "www.puaga.com"
62.141.56.136 - - [13/Feb/2010:05:53:01 -0800] "GET /logs//modules/xfsection/modify.php?dir_module=http://www.djramon.nl//gb/skins/id1.txt?? HTTP/1.1" 404 5258 "-" "Mozilla/5.0" "www.puaga.com"
62.141.56.136 - - [13/Feb/2010:05:53:01 -0800] "GET /logs/access_100111.log//modules/xfsection/modify.php?dir_module=http://www.djramon.nl//gb/skins/id1.txt?? HTTP/1.1" 404 5258 "-" "Mozilla/5.0" "www.puaga.com"
62.141.56.136 - - [13/Feb/2010:05:53:12 -0800] "GET /logs/access_100204.log//modules/xfsection/modify.php?dir_module=http://www.djramon.nl//gb/skins/id1.txt?? HTTP/1.1" 404 5258 "-" "Mozilla/5.0" "www.puaga.com"
62.141.56.136 - - [13/Feb/2010:05:53:12 -0800] "GET /modules/xfsection/modify.php?dir_module=http://www.djramon.nl//gb/skins/id1.txt?? HTTP/1.1" 404 5258 "-" "Mozilla/5.0" "www.puaga.com"
62.141.56.136 - - [13/Feb/2010:05:53:13 -0800] "GET /logs//modules/xfsection/modify.php?dir_module=http://www.djramon.nl//gb/skins/id1.txt?? HTTP/1.1" 404 5258 "-" "Mozilla/5.0" "www.puaga.com"
79.99.44.89 - - [13/Feb/2010:05:55:14 -0800] "GET /logs/access_100111.log%20%20//index.php?DOCUMENT_ROOT=http://epc.stut.edu.tw///uploads/tadgallery/medium/id1.txt? HTTP/1.1" 404 5258 "-" "Mozilla/5.0" "www.puaga.com"
79.99.44.89 - - [13/Feb/2010:05:55:14 -0800] "GET /logs/access_100119.log%20%20//index.php?DOCUMENT_ROOT=http://epc.stut.edu.tw///uploads/tadgallery/medium/id1.txt? HTTP/1.1" 404 5258 "-" "Mozilla/5.0" "www.puaga.com"
62.141.56.136 - - [13/Feb/2010:05:55:50 -0800] "GET /logs//modules/xfsection/modify.php?dir_module=http://www.djramon.nl//gb/skins/id1.txt?? HTTP/1.1" 404 5258 "-" "Mozilla/5.0" "www.puaga.com"
62.141.56.136 - - [13/Feb/2010:05:55:51 -0800] "GET /modules/xfsection/modify.php?dir_module=http://www.djramon.nl//gb/skins/id1.txt?? HTTP/1.1" 404 5258 "-" "Mozilla/5.0" "www.puaga.com"
62.141.56.136 - - [13/Feb/2010:05:55:51 -0800] "GET /logs/access_100208.log%20%20//modules/xfsection/modify.php?dir_module=http://www.djramon.nl//gb/skins/id1.txt?? HTTP/1.1" 404 5258 "-" "Mozilla/5.0" "www.puaga.com"
62.141.56.136 - - [13/Feb/2010:05:55:58 -0800] "GET /logs/access_100109.log%20%20//modules/xfsection/modify.php?dir_module=http://www.djramon.nl//gb/skins/id1.txt?? HTTP/1.1" 404 5258 "-" "Mozilla/5.0" "www.puaga.com"
121.124.127.77 - - [13/Feb/2010:05:56:08 -0800] "GET /logs/access_100119.log//ggambo7002_board/comment_modify.php?dir=http://www.transchool.com/n/data/session/id1.txt? HTTP/1.1" 404 5258 "-" "Mozilla/5.0" "www.puaga.com"
121.124.127.77 - - [13/Feb/2010:05:56:08 -0800] "GET /logs//ggambo7002_board/comment_modify.php?dir=http://www.transchool.com/n/data/session/id1.txt? HTTP/1.1" 404 5258 "-" "Mozilla/5.0" "www.puaga.com"
121.124.127.77 - - [13/Feb/2010:05:56:08 -0800] "GET /ggambo7002_board/comment_modify.php?dir=http://www.transchool.com/n/data/session/id1.txt? HTTP/1.1" 404 5258 "-" "Mozilla/5.0" "www.puaga.com"
121.124.127.77 - - [13/Feb/2010:05:56:11 -0800] "GET /logs//ggambo7002_board/comment_modify.php?dir=http://www.transchool.com/n/data/session/id1.txt? HTTP/1.1" 404 5258 "-" "Mozilla/5.0" "www.puaga.com"
121.124.127.77 - - [13/Feb/2010:05:56:11 -0800] "GET /logs/access_100119.log//ggambo7002_board/comment_modify.php?dir=http://www.transchool.com/n/data/session/id1.txt? HTTP/1.1" 404 5258 "-" "Mozilla/5.0" "www.puaga.com"
121.124.127.77 - - [13/Feb/2010:05:56:11 -0800] "GET /ggambo7002_board/comment_modify.php?dir=http://www.transchool.com/n/data/session/id1.txt? HTTP/1.1" 404 5258 "-" "Mozilla/5.0" "www.puaga.com"
200.93.147.154 - - [13/Feb/2010:05:56:45 -0800] "GET /logs//errors.php?error=http://musicadelibreria.net/footer?? HTTP/1.1" 404 5258 "-" "Mozilla/5.0" "www.puaga.com"
200.93.147.154 - - [13/Feb/2010:05:56:45 -0800] "GET /logs/access_100119.log//errors.php?error=http://musicadelibreria.net/footer?? HTTP/1.1" 404 5258 "-" "Mozilla/5.0" "www.puaga.com"
200.93.147.154 - - [13/Feb/2010:05:56:50 -0800] "GET /errors.php?error=http://musicadelibreria.net/footer?? HTTP/1.1" 404 5258 "-" "Mozilla/5.0" "www.puaga.com"
121.124.127.77 - - [13/Feb/2010:05:57:07 -0800] "GET /logs/access_100130.log//ggambo7002_board/comment_modify.php?dir=http://www.transchool.com/n/data/session/id1.txt? HTTP/1.1" 404 5258 "-" "Mozilla/5.0" "www.puaga.com"
121.124.127.77 - - [13/Feb/2010:05:57:17 -0800] "GET /logs/access_100130.log//ggambo7002_board/comment_modify.php?dir=http://www.transchool.com/n/data/session/id1.txt? HTTP/1.1" 404 5258 "-" "Mozilla/5.0" "www.puaga.com"
200.93.147.154 - - [13/Feb/2010:05:59:15 -0800] "GET /logs/access_100126.log%20%20/phphtml.php?htmlclass_path=http://www.howtolisten.kr//bbs/icon/private_name/img00.txt???? HTTP/1.1" 404 5258 "-" "Mozilla/5.0" "www.puaga.com"
222.122.197.10 - - [13/Feb/2010:05:59:40 -0800] "GET ///skin/ggambo7002_board/comment_modify.php?dir=http://www.mpc.ac.kr//data/list/id1.txt??? HTTP/1.1" 404 5258 "-" "Mozilla/5.0" "www.puaga.com"
222.122.197.10 - - [13/Feb/2010:05:59:42 -0800] "GET /logs////skin/ggambo7002_board/comment_modify.php?dir=http://www.mpc.ac.kr//data/list/id1.txt??? HTTP/1.1" 404 5258 "-" "Mozilla/5.0" "www.puaga.com"
222.122.197.10 - - [13/Feb/2010:05:59:42 -0800] "GET /logs/access_100109.log%20%20////skin/ggambo7002_board/comment_modify.php?dir=http://www.mpc.ac.kr//data/list/id1.txt??? HTTP/1.1" 404 5258 "-" "Mozilla/5.0" "www.puaga.com"
62.141.56.136 - - [13/Feb/2010:06:01:34 -0800] "GET /modules/xfsection/modify.php?dir_module=http://www.djramon.nl//gb/skins/id1.txt?? HTTP/1.1" 404 5258 "-" "Mozilla/5.0" "www.puaga.com"
62.141.56.136 - - [13/Feb/2010:06:01:34 -0800] "GET /logs//modules/xfsection/modify.php?dir_module=http://www.djramon.nl//gb/skins/id1.txt?? HTTP/1.1" 404 5258 "-" "Mozilla/5.0" "www.puaga.com"
62.141.56.136 - - [13/Feb/2010:06:01:34 -0800] "GET /logs/access_100208.log%20%20//modules/xfsection/modify.php?dir_module=http://www.djramon.nl//gb/skins/id1.txt?? HTTP/1.1" 404 5258 "-" "Mozilla/5.0" "www.puaga.com"
62.141.56.136 - - [13/Feb/2010:06:01:45 -0800] "GET /logs/access_100109.log%20%20//modules/xfsection/modify.php?dir_module=http://www.djramon.nl//gb/skins/id1.txt?? HTTP/1.1" 404 5258 "-" "Mozilla/5.0" "www.puaga.com"
200.93.147.154 - - [13/Feb/2010:06:04:11 -0800] "GET /logs/access_100119.log%20%20//errors.php?error=http://musicadelibreria.net/footer?? HTTP/1.1" 404 5258 "-" "Mozilla/5.0" "www.puaga.com"
125.141.91.138 - - [13/Feb/2010:06:04:32 -0800] "GET /logs/access_100107.log//administrator/components/com_cropimage/admin.cropcanvas.php?cropimagedir=http://musicadelibreria.net/footer?? HTTP/1.1" 404 5258 "-" "Mozilla/5.0" "www.puaga.com"
125.141.91.138 - - [13/Feb/2010:06:04:32 -0800] "GET /logs//administrator/components/com_cropimage/admin.cropcanvas.php?cropimagedir=http://musicadelibreria.net/footer?? HTTP/1.1" 404 5258 "-" "Mozilla/5.0" "www.puaga.com"
125.141.91.138 - - [13/Feb/2010:06:04:32 -0800] "GET /administrator/components/com_cropimage/admin.cropcanvas.php?cropimagedir=http://musicadelibreria.net/footer?? HTTP/1.1" 404 5258 "-" "Mozilla/5.0" "www.puaga.com"
222.122.197.10 - - [13/Feb/2010:06:05:26 -0800] "GET /logs/access_100129.log%20%20////skin/ggambo7002_board/comment_modify.php?dir=http://www.mpc.ac.kr//data/list/id1.txt??? HTTP/1.1" 404 5258 "-" "Mozilla/5.0" "www.puaga.com"
208.70.79.113 - - [13/Feb/2010:06:05:31 -0800] "GET /logs/access_091213.log/?_zb_path=http://www.hubns.co.kr//data/list/heheh.txt??? HTTP/1.1" 404 5258 "-" "Mozilla/5.0" "www.puaga.com"
208.70.79.113 - - [13/Feb/2010:06:05:31 -0800] "GET /logs/?_zb_path=http://www.hubns.co.kr//data/list/heheh.txt??? HTTP/1.1" 200 4799 "-" "Mozilla/5.0" "www.puaga.com"
208.70.79.113 - - [13/Feb/2010:06:05:31 -0800] "GET /?_zb_path=http://www.hubns.co.kr//data/list/heheh.txt??? HTTP/1.1" 200 3642 "-" "Mozilla/5.0" "www.puaga.com"
208.70.79.113 - - [13/Feb/2010:06:05:42 -0800] "GET /logs/?_zb_path=http://www.hubns.co.kr//data/list/heheh.txt??? HTTP/1.1" 200 4799 "-" "Mozilla/5.0" "www.puaga.com"
208.70.79.113 - - [13/Feb/2010:06:05:42 -0800] "GET /logs/access_091213.log/?_zb_path=http://www.hubns.co.kr//data/list/heheh.txt??? HTTP/1.1" 404 5258 "-" "Mozilla/5.0" "www.puaga.com"
208.70.79.113 - - [13/Feb/2010:06:05:43 -0800] "GET /?_zb_path=http://www.hubns.co.kr//data/list/heheh.txt??? HTTP/1.1" 200 3642 "-" "Mozilla/5.0" "www.puaga.com"
208.70.79.113 - - [13/Feb/2010:06:05:52 -0800] "GET /logs/access_091213.log/?_zb_path=http://www.hubns.co.kr//data/list/heheh.txt??? HTTP/1.1" 404 5258 "-" "Mozilla/5.0" "www.puaga.com"
208.70.79.113 - - [13/Feb/2010:06:05:52 -0800] "GET /logs/?_zb_path=http://www.hubns.co.kr//data/list/heheh.txt??? HTTP/1.1" 200 4799 "-" "Mozilla/5.0" "www.puaga.com"
208.70.79.113 - - [13/Feb/2010:06:05:52 -0800] "GET /?_zb_path=http://www.hubns.co.kr//data/list/heheh.txt??? HTTP/1.1" 200 3642 "-" "Mozilla/5.0" "www.puaga.com"
125.141.91.138 - - [13/Feb/2010:06:06:10 -0800] "GET /logs/access_100203.log//administrator/components/com_cropimage/admin.cropcanvas.php?cropimagedir=http://musicadelibreria.net/footer?? HTTP/1.1" 404 5258 "-" "Mozilla/5.0" "www.puaga.com"
80.97.64.32 - - [13/Feb/2010:06:06:13 -0800] "GET /logs/access_100112.log//%20include/bbs.lib.inc.php?site_path=http://musicadelibreria.net/footer?? HTTP/1.1" 404 5258 "-" "Mozilla/5.0" "www.puaga.com"
208.70.79.113 - - [13/Feb/2010:06:06:20 -0800] "GET /logs/access_091213.log/?_zb_path=http://www.hubns.co.kr//data/list/heheh.txt??? HTTP/1.1" 404 5258 "-" "Mozilla/5.0" "www.puaga.com"
208.70.79.113 - - [13/Feb/2010:06:06:20 -0800] "GET /logs/?_zb_path=http://www.hubns.co.kr//data/list/heheh.txt??? HTTP/1.1" 200 4799 "-" "Mozilla/5.0" "www.puaga.com"
208.70.79.113 - - [13/Feb/2010:06:06:21 -0800] "GET /?_zb_path=http://www.hubns.co.kr//data/list/heheh.txt??? HTTP/1.1" 200 3642 "-" "Mozilla/5.0" "www.puaga.com"
222.122.197.10 - - [13/Feb/2010:06:06:43 -0800] "GET ///skin/ggambo7002_board/comment_modify.php?dir=http://www.mpc.ac.kr//data/list/id1.txt??? HTTP/1.1" 404 5258 "-" "Mozilla/5.0" "www.puaga.com"
222.122.197.10 - - [13/Feb/2010:06:06:47 -0800] "GET /logs////skin/ggambo7002_board/comment_modify.php?dir=http://www.mpc.ac.kr//data/list/id1.txt??? HTTP/1.1" 404 5258 "-" "Mozilla/5.0" "www.puaga.com"
222.122.197.10 - - [13/Feb/2010:06:06:49 -0800] "GET /logs/access_100109.log%20%20////skin/ggambo7002_board/comment_modify.php?dir=http://www.mpc.ac.kr//data/list/id1.txt??? HTTP/1.1" 404 5258 "-" "Mozilla/5.0" "www.puaga.com"
125.141.91.138 - - [13/Feb/2010:06:07:03 -0800] "GET /administrator/components/com_cropimage/admin.cropcanvas.php?cropimagedir=http://musicadelibreria.net/footer?? HTTP/1.1" 404 5258 "-" "Mozilla/5.0" "www.puaga.com"
125.141.91.138 - - [13/Feb/2010:06:07:03 -0800] "GET /logs//administrator/components/com_cropimage/admin.cropcanvas.php?cropimagedir=http://musicadelibreria.net/footer?? HTTP/1.1" 404 5258 "-" "Mozilla/5.0" "www.puaga.com"
125.141.91.138 - - [13/Feb/2010:06:07:03 -0800] "GET /logs/access_100107.log//administrator/components/com_cropimage/admin.cropcanvas.php?cropimagedir=http://musicadelibreria.net/footer?? HTTP/1.1" 404 5258 "-" "Mozilla/5.0" "www.puaga.com"
222.122.197.10 - - [13/Feb/2010:06:07:06 -0800] "GET ///skin/ggambo7002_board/comment_modify.php?dir=http://www.mpc.ac.kr//data/list/id1.txt??? HTTP/1.1" 404 5258 "-" "Mozilla/5.0" "www.puaga.com"
222.122.197.10 - - [13/Feb/2010:06:07:08 -0800] "GET /logs////skin/ggambo7002_board/comment_modify.php?dir=http://www.mpc.ac.kr//data/list/id1.txt??? HTTP/1.1" 404 5258 "-" "Mozilla/5.0" "www.puaga.com"
222.122.197.10 - - [13/Feb/2010:06:07:08 -0800] "GET /logs/access_100109.log%20%20////skin/ggambo7002_board/comment_modify.php?dir=http://www.mpc.ac.kr//data/list/id1.txt??? HTTP/1.1" 404 5258 "-" "Mozilla/5.0" "www.puaga.com"
210.253.114.145 - - [13/Feb/2010:06:07:15 -0800] "GET /logs/access_100119.log//modules/xfsection/modify.php?dir_module=http://www.sarpifirenze.it/media/id1.txt?? HTTP/1.1" 404 5258 "-" "Mozilla/5.0" "www.puaga.com"
210.253.114.145 - - [13/Feb/2010:06:07:15 -0800] "GET /modules/xfsection/modify.php?dir_module=http://www.sarpifirenze.it/media/id1.txt?? HTTP/1.1" 404 5258 "-" "Mozilla/5.0" "www.puaga.com"
210.253.114.145 - - [13/Feb/2010:06:07:15 -0800] "GET /logs//modules/xfsection/modify.php?dir_module=http://www.sarpifirenze.it/media/id1.txt?? HTTP/1.1" 404 5258 "-" "Mozilla/5.0" "www.puaga.com"
210.253.114.145 - - [13/Feb/2010:06:07:15 -0800] "GET /logs/access_100111.log//modules/xfsection/modify.php?dir_module=http://www.sarpifirenze.it/media/id1.txt?? HTTP/1.1" 404 5258 "-" "Mozilla/5.0" "www.puaga.com"
125.141.91.138 - - [13/Feb/2010:06:07:47 -0800] "GET /logs/access_100107.log%20%20//administrator/components/com_cropimage/admin.cropcanvas.php?cropimagedir=http://musicadelibreria.net/footer?? HTTP/1.1" 404 5258 "-" "Mozilla/5.0" "www.puaga.com"
125.141.91.138 - - [13/Feb/2010:06:08:01 -0800] "GET /logs/access_100203.log%20%20//administrator/components/com_cropimage/admin.cropcanvas.php?cropimagedir=http://musicadelibreria.net/footer?? HTTP/1.1" 404 5258 "-" "Mozilla/5.0" "www.puaga.com"
222.122.197.10 - - [13/Feb/2010:06:08:05 -0800] "GET ///skin/ggambo7002_board/comment_modify.php?dir=http://www.mpc.ac.kr//data/list/id1.txt??? HTTP/1.1" 404 5258 "-" "Mozilla/5.0" "www.puaga.com"
222.122.197.10 - - [13/Feb/2010:06:08:06 -0800] "GET /logs////skin/ggambo7002_board/comment_modify.php?dir=http://www.mpc.ac.kr//data/list/id1.txt??? HTTP/1.1" 404 5258 "-" "Mozilla/5.0" "www.puaga.com"
222.122.197.10 - - [13/Feb/2010:06:08:12 -0800] "GET ///skin/ggambo7002_board/comment_modify.php?dir=http://www.mpc.ac.kr//data/list/id1.txt??? HTTP/1.1" 404 5258 "-" "Mozilla/5.0" "www.puaga.com"
222.122.197.10 - - [13/Feb/2010:06:08:13 -0800] "GET /logs/access_100109.log%20%20////skin/ggambo7002_board/comment_modify.php?dir=http://www.mpc.ac.kr//data/list/id1.txt??? HTTP/1.1" 404 5258 "-" "Mozilla/5.0" "www.puaga.com"
222.122.197.10 - - [13/Feb/2010:06:08:14 -0800] "GET /logs/access_100109.log%20%20////skin/ggambo7002_board/comment_modify.php?dir=http://www.mpc.ac.kr//data/list/id1.txt??? HTTP/1.1" 404 5258 "-" "Mozilla/5.0" "www.puaga.com"
222.122.197.10 - - [13/Feb/2010:06:08:14 -0800] "GET /logs////skin/ggambo7002_board/comment_modify.php?dir=http://www.mpc.ac.kr//data/list/id1.txt??? HTTP/1.1" 404 5258 "-" "Mozilla/5.0" "www.puaga.com"
125.141.91.138 - - [13/Feb/2010:06:08:18 -0800] "GET /logs/access_100203.log//administrator/components/com_cropimage/admin.cropcanvas.php?cropimagedir=http://musicadelibreria.net/footer?? HTTP/1.1" 404 5258 "-" "Mozilla/5.0" "www.puaga.com"
77.79.246.80 - - [13/Feb/2010:06:09:31 -0800] "GET /components/com_zoom/includes/database.php?mosConfig_absolute_path=http://zerozon.co.kr/photos/count/id1.txt??? HTTP/1.1" 404 5258 "-" "Mozilla/5.0" "www.puaga.com"
77.79.246.80 - - [13/Feb/2010:06:09:31 -0800] "GET /logs//components/com_zoom/includes/database.php?mosConfig_absolute_path=http://zerozon.co.kr/photos/count/id1.txt??? HTTP/1.1" 404 5258 "-" "Mozilla/5.0" "www.puaga.com"
77.79.246.80 - - [13/Feb/2010:06:09:31 -0800] "GET /logs/access_100129.log%20%20//components/com_zoom/includes/database.php?mosConfig_absolute_path=http://zerozon.co.kr/photos/count/id1.txt??? HTTP/1.1" 404 5258 "-" "Mozilla/5.0" "www.puaga.com"
77.79.246.80 - - [13/Feb/2010:06:09:34 -0800] "GET /logs//components/com_zoom/includes/database.php?mosConfig_absolute_path=http://zerozon.co.kr/photos/count/id1.txt??? HTTP/1.1" 404 5258 "-" "Mozilla/5.0" "www.puaga.com"
77.79.246.80 - - [13/Feb/2010:06:09:34 -0800] "GET /components/com_zoom/includes/database.php?mosConfig_absolute_path=http://zerozon.co.kr/photos/count/id1.txt??? HTTP/1.1" 404 5258 "-" "Mozilla/5.0" "www.puaga.com"
77.79.246.80 - - [13/Feb/2010:06:09:34 -0800] "GET /logs/access_100129.log%20%20//components/com_zoom/includes/database.php?mosConfig_absolute_path=http://zerozon.co.kr/photos/count/id1.txt??? HTTP/1.1" 404 5258 "-" "Mozilla/5.0" "www.puaga.com"
125.141.91.138 - - [13/Feb/2010:06:09:42 -0800] "GET /logs/access_100107.log%20%20//administrator/components/com_cropimage/admin.cropcanvas.php?cropimagedir=http://musicadelibreria.net/footer?? HTTP/1.1" 404 5258 "-" "Mozilla/5.0" "www.puaga.com"
77.79.246.80 - - [13/Feb/2010:06:09:45 -0800] "GET /logs/access_100115.log%20%20//components/com_zoom/includes/database.php?mosConfig_absolute_path=http://zerozon.co.kr/photos/count/id1.txt??? HTTP/1.1" 404 5258 "-" "Mozilla/5.0" "www.puaga.com"
77.79.246.80 - - [13/Feb/2010:06:09:52 -0800] "GET /logs/access_100115.log%20%20//components/com_zoom/includes/database.php?mosConfig_absolute_path=http://zerozon.co.kr/photos/count/id1.txt??? HTTP/1.1" 404 5258 "-" "Mozilla/5.0" "www.puaga.com"
125.141.91.138 - - [13/Feb/2010:06:10:10 -0800] "GET /logs/access_100203.log%20%20//administrator/components/com_cropimage/admin.cropcanvas.php?cropimagedir=http://musicadelibreria.net/footer?? HTTP/1.1" 404 5258 "-" "Mozilla/5.0" "www.puaga.com"
58.150.99.144 - - [13/Feb/2010:06:10:26 -0800] "GET /components/com_zoom/includes/database.php?mosConfig_absolute_path=http://zerozon.co.kr/photos/count/id1.txt??? HTTP/1.1" 404 5258 "-" "Mozilla/5.0" "www.puaga.com"
58.150.99.144 - - [13/Feb/2010:06:10:26 -0800] "GET /logs//components/com_zoom/includes/database.php?mosConfig_absolute_path=http://zerozon.co.kr/photos/count/id1.txt??? HTTP/1.1" 404 5258 "-" "Mozilla/5.0" "www.puaga.com"
58.150.99.144 - - [13/Feb/2010:06:10:27 -0800] "GET /logs/access_100129.log%20%20//components/com_zoom/includes/database.php?mosConfig_absolute_path=http://zerozon.co.kr/photos/count/id1.txt??? HTTP/1.1" 404 5258 "-" "Mozilla/5.0" "www.puaga.com"
62.141.56.136 - - [13/Feb/2010:06:10:30 -0800] "GET /logs/access_100204.log//modules/xfsection/modify.php?dir_module=http://www.djramon.nl//gb/skins/id1.txt?? HTTP/1.1" 404 5258 "-" "Mozilla/5.0" "www.puaga.com"
58.150.99.144 - - [13/Feb/2010:06:10:49 -0800] "GET /logs/access_100115.log%20%20//components/com_zoom/includes/database.php?mosConfig_absolute_path=http://zerozon.co.kr/photos/count/id1.txt??? HTTP/1.1" 404 5258 "-" "Mozilla/5.0" "www.puaga.com"
77.79.246.80 - - [13/Feb/2010:06:11:30 -0800] "GET /logs//components/com_zoom/includes/database.php?mosConfig_absolute_path=http://zerozon.co.kr/photos/count/id1.txt??? HTTP/1.1" 404 5258 "-" "Mozilla/5.0" "www.puaga.com"
77.79.246.80 - - [13/Feb/2010:06:11:30 -0800] "GET /logs/access_100129.log//components/com_zoom/includes/database.php?mosConfig_absolute_path=http://zerozon.co.kr/photos/count/id1.txt??? HTTP/1.1" 404 5258 "-" "Mozilla/5.0" "www.puaga.com"
77.79.246.80 - - [13/Feb/2010:06:11:30 -0800] "GET /components/com_zoom/includes/database.php?mosConfig_absolute_path=http://zerozon.co.kr/photos/count/id1.txt??? HTTP/1.1" 404 5258 "-" "Mozilla/5.0" "www.puaga.com"
210.205.6.233 - - [13/Feb/2010:06:11:40 -0800] "GET /components/com_zoom/includes/database.php?mosConfig_absolute_path=http://zerozon.co.kr/photos/count/id1.txt??? HTTP/1.1" 404 5258 "-" "Mozilla/5.0" "www.puaga.com"
210.205.6.233 - - [13/Feb/2010:06:11:40 -0800] "GET /logs//components/com_zoom/includes/database.php?mosConfig_absolute_path=http://zerozon.co.kr/photos/count/id1.txt??? HTTP/1.1" 404 5258 "-" "Mozilla/5.0" "www.puaga.com"
210.205.6.233 - - [13/Feb/2010:06:11:40 -0800] "GET /logs/access_100115.log%20%20//components/com_zoom/includes/database.php?mosConfig_absolute_path=http://zerozon.co.kr/photos/count/id1.txt??? HTTP/1.1" 404 5258 "-" "Mozilla/5.0" "www.puaga.com"
77.79.246.80 - - [13/Feb/2010:06:11:41 -0800] "GET /logs/access_100129.log//components/com_zoom/includes/database.php?mosConfig_absolute_path=http://zerozon.co.kr/photos/count/id1.txt??? HTTP/1.1" 404 5258 "-" "Mozilla/5.0" "www.puaga.com"
77.79.246.80 - - [13/Feb/2010:06:11:41 -0800] "GET /components/com_zoom/includes/database.php?mosConfig_absolute_path=http://zerozon.co.kr/photos/count/id1.txt??? HTTP/1.1" 404 5258 "-" "Mozilla/5.0" "www.puaga.com"
77.79.246.80 - - [13/Feb/2010:06:11:41 -0800] "GET /logs//components/com_zoom/includes/database.php?mosConfig_absolute_path=http://zerozon.co.kr/photos/count/id1.txt??? HTTP/1.1" 404 5258 "-" "Mozilla/5.0" "www.puaga.com"
77.79.246.80 - - [13/Feb/2010:06:11:48 -0800] "GET /logs/access_100115.log//components/com_zoom/includes/database.php?mosConfig_absolute_path=http://zerozon.co.kr/photos/count/id1.txt??? HTTP/1.1" 404 5258 "-" "Mozilla/5.0" "www.puaga.com"
77.79.246.80 - - [13/Feb/2010:06:11:55 -0800] "GET /logs/access_100115.log//components/com_zoom/includes/database.php?mosConfig_absolute_path=http://zerozon.co.kr/photos/count/id1.txt??? HTTP/1.1" 404 5258 "-" "Mozilla/5.0" "www.puaga.com"
210.205.6.233 - - [13/Feb/2010:06:12:11 -0800] "GET /logs/access_100129.log%20%20//components/com_zoom/includes/database.php?mosConfig_absolute_path=http://zerozon.co.kr/photos/count/id1.txt??? HTTP/1.1" 404 5258 "-" "Mozilla/5.0" "www.puaga.com"
222.122.197.10 - - [13/Feb/2010:06:12:30 -0800] "GET /logs/access_100129.log%20%20////skin/ggambo7002_board/comment_modify.php?dir=http://www.mpc.ac.kr//data/list/id1.txt??? HTTP/1.1" 404 5258 "-" "Mozilla/5.0" "www.puaga.com"
80.97.64.32 - - [13/Feb/2010:06:12:36 -0800] "GET /logs/access_100112.log//%20include/bbs.lib.inc.php?site_path=http://musicadelibreria.net/footer?? HTTP/1.1" 404 5258 "-" "Mozilla/5.0" "www.puaga.com"
210.205.6.233 - - [13/Feb/2010:06:12:41 -0800] "GET /logs//components/com_zoom/includes/database.php?mosConfig_absolute_path=http://zerozon.co.kr/photos/count/id1.txt??? HTTP/1.1" 404 5258 "-" "Mozilla/5.0" "www.puaga.com"
210.205.6.233 - - [13/Feb/2010:06:12:41 -0800] "GET /components/com_zoom/includes/database.php?mosConfig_absolute_path=http://zerozon.co.kr/photos/count/id1.txt??? HTTP/1.1" 404 5258 "-" "Mozilla/5.0" "www.puaga.com"
210.205.6.233 - - [13/Feb/2010:06:12:41 -0800] "GET /logs/access_100115.log%20%20//components/com_zoom/includes/database.php?mosConfig_absolute_path=http://zerozon.co.kr/photos/count/id1.txt??? HTTP/1.1" 404 5258 "-" "Mozilla/5.0" "www.puaga.com"
67.195.37.187 - - [13/Feb/2010:06:12:53 -0800] "GET /ideal/ HTTP/1.0" 200 508 "-" "Mozilla/5.0 (compatible; Yahoo! Slurp/3.0; http://help.yahoo.com/help/us/ysearch/slurp)" "puaga.com"
222.122.197.10 - - [13/Feb/2010:06:12:56 -0800] "GET /logs/access_100129.log%20%20////skin/ggambo7002_board/comment_modify.php?dir=http://www.mpc.ac.kr//data/list/id1.txt??? HTTP/1.1" 404 5258 "-" "Mozilla/5.0" "www.puaga.com"
218.38.243.44 - - [13/Feb/2010:06:13:00 -0800] "GET /logs///write_update.php/write_update.php?board_skin_path=http://astru2.fileave.com/id1.txt???? HTTP/1.1" 404 5258 "-" "Mozilla/5.0" "www.puaga.com"
218.38.243.44 - - [13/Feb/2010:06:13:00 -0800] "GET /logs/access.log///write_update.php/write_update.php?board_skin_path=http://astru2.fileave.com/id1.txt???? HTTP/1.1" 404 5258 "-" "Mozilla/5.0" "www.puaga.com"
218.38.243.44 - - [13/Feb/2010:06:13:00 -0800] "GET //write_update.php/write_update.php?board_skin_path=http://astru2.fileave.com/id1.txt???? HTTP/1.1" 404 5258 "-" "Mozilla/5.0" "www.puaga.com"
210.205.6.233 - - [13/Feb/2010:06:13:09 -0800] "GET /logs/access_100129.log%20%20//components/com_zoom/includes/database.php?mosConfig_absolute_path=http://zerozon.co.kr/photos/count/id1.txt??? HTTP/1.1" 404 5258 "-" "Mozilla/5.0" "www.puaga.com"
218.38.243.44 - - [13/Feb/2010:06:13:17 -0800] "GET /logs/access_100119.log///write_update.php/write_update.php?board_skin_path=http://astru2.fileave.com/id1.txt???? HTTP/1.1" 404 5258 "-" "Mozilla/5.0" "www.puaga.com"
219.240.36.36 - - [13/Feb/2010:06:13:32 -0800] "GET /ggambo7002_board/comment_modify.php?dir=http://www.transchool.com/n/data/session/id1.txt? HTTP/1.1" 404 5258 "-" "Mozilla/5.0" "www.puaga.com"
219.240.36.36 - - [13/Feb/2010:06:13:32 -0800] "GET /logs/access_100119.log//ggambo7002_board/comment_modify.php?dir=http://www.transchool.com/n/data/session/id1.txt? HTTP/1.1" 404 5258 "-" "Mozilla/5.0" "www.puaga.com"
219.240.36.36 - - [13/Feb/2010:06:13:32 -0800] "GET /logs//ggambo7002_board/comment_modify.php?dir=http://www.transchool.com/n/data/session/id1.txt? HTTP/1.1" 404 5258 "-" "Mozilla/5.0" "www.puaga.com"
222.122.197.10 - - [13/Feb/2010:06:13:54 -0800] "GET /logs/access_100129.log%20%20////skin/ggambo7002_board/comment_modify.php?dir=http://www.mpc.ac.kr//data/list/id1.txt??? HTTP/1.1" 404 5258 "-" "Mozilla/5.0" "www.puaga.com"
222.122.197.10 - - [13/Feb/2010:06:14:32 -0800] "GET /logs/access_100129.log%20%20////skin/ggambo7002_board/comment_modify.php?dir=http://www.mpc.ac.kr//data/list/id1.txt??? HTTP/1.1" 404 5258 "-" "Mozilla/5.0" "www.puaga.com"
219.240.36.36 - - [13/Feb/2010:06:14:53 -0800] "GET /ggambo7002_board/comment_modify.php?dir=http://www.transchool.com/n/data/session/id1.txt? HTTP/1.1" 404 5258 "-" "Mozilla/5.0" "www.puaga.com"
219.240.36.36 - - [13/Feb/2010:06:14:53 -0800] "GET /logs/access_100119.log//ggambo7002_board/comment_modify.php?dir=http://www.transchool.com/n/data/session/id1.txt? HTTP/1.1" 404 5258 "-" "Mozilla/5.0" "www.puaga.com"
219.240.36.36 - - [13/Feb/2010:06:14:53 -0800] "GET /logs//ggambo7002_board/comment_modify.php?dir=http://www.transchool.com/n/data/session/id1.txt? HTTP/1.1" 404 5258 "-" "Mozilla/5.0" "www.puaga.com"
87.250.255.242 - - [13/Feb/2010:06:14:54 -0800] "GET /logs/access_091221.log HTTP/1.1" 404 5258 "-" "Yandex/1.01.001 (compatible; Win16; I)" "www.puaga.com"
219.240.36.36 - - [13/Feb/2010:06:15:15 -0800] "GET /logs/access_100130.log//ggambo7002_board/comment_modify.php?dir=http://www.transchool.com/n/data/session/id1.txt? HTTP/1.1" 404 5258 "-" "Mozilla/5.0" "www.puaga.com"
62.141.56.136 - - [13/Feb/2010:06:15:49 -0800] "GET /logs/access_100119.log//modules/xfsection/modify.php?dir_module=http://www.djramon.nl//gb/skins/id1.txt?? HTTP/1.1" 404 5258 "-" "Mozilla/5.0" "www.puaga.com"
62.141.56.136 - - [13/Feb/2010:06:15:49 -0800] "GET /logs/access_100111.log//modules/xfsection/modify.php?dir_module=http://www.djramon.nl//gb/skins/id1.txt?? HTTP/1.1" 404 5258 "-" "Mozilla/5.0" "www.puaga.com"
219.240.36.36 - - [13/Feb/2010:06:16:50 -0800] "GET /logs/access_100130.log//ggambo7002_board/comment_modify.php?dir=http://www.transchool.com/n/data/session/id1.txt? HTTP/1.1" 404 5258 "-" "Mozilla/5.0" "www.puaga.com"
122.199.140.158 - - [13/Feb/2010:06:18:20 -0800] "GET /logs/access_100202.log//faqsupport/samplefaqsupport.php?path[docroot]=http://www.fbcoronado.com/1??? HTTP/1.1" 404 5258 "-" "Mozilla/5.0" "www.puaga.com"
122.199.140.158 - - [13/Feb/2010:06:18:20 -0800] "GET /faqsupport/samplefaqsupport.php?path[docroot]=http://www.fbcoronado.com/1??? HTTP/1.1" 404 5258 "-" "Mozilla/5.0" "www.puaga.com"
122.199.140.158 - - [13/Feb/2010:06:18:20 -0800] "GET /logs//faqsupport/samplefaqsupport.php?path[docroot]=http://www.fbcoronado.com/1??? HTTP/1.1" 404 5258 "-" "Mozilla/5.0" "www.puaga.com"
122.199.140.158 - - [13/Feb/2010:06:19:51 -0800] "GET /logs/access_100111.log//faqsupport/samplefaqsupport.php?path[docroot]=http://www.fbcoronado.com/1??? HTTP/1.1" 404 5258 "-" "Mozilla/5.0" "www.puaga.com"
81.26.209.60 - - [13/Feb/2010:06:22:44 -0800] "GET /logs/access_100126.log//administrator/components/com_virtuemart/export.php?mosConfig.absolute.path=http://musicadelibreria.net/footer?? HTTP/1.1" 404 5258 "-" "Mozilla/5.0" "www.puaga.com"
81.26.209.60 - - [13/Feb/2010:06:22:44 -0800] "GET /logs//administrator/components/com_virtuemart/export.php?mosConfig.absolute.path=http://musicadelibreria.net/footer?? HTTP/1.1" 404 5258 "-" "Mozilla/5.0" "www.puaga.com"
81.26.209.60 - - [13/Feb/2010:06:22:44 -0800] "GET /administrator/components/com_virtuemart/export.php?mosConfig.absolute.path=http://musicadelibreria.net/footer?? HTTP/1.1" 404 5258 "-" "Mozilla/5.0" "www.puaga.com"
81.26.209.60 - - [13/Feb/2010:06:22:44 -0800] "GET /administrator/components/com_virtuemart/export.php?mosConfig.absolute.path=http://musicadelibreria.net/footer?? HTTP/1.1" 404 5258 "-" "Mozilla/5.0" "www.puaga.com"
81.26.209.60 - - [13/Feb/2010:06:22:46 -0800] "GET /logs/access_100126.log//administrator/components/com_virtuemart/export.php?mosConfig.absolute.path=http://musicadelibreria.net/footer?? HTTP/1.1" 404 5258 "-" "Mozilla/5.0" "www.puaga.com"
81.26.209.60 - - [13/Feb/2010:06:22:47 -0800] "GET /logs//administrator/components/com_virtuemart/export.php?mosConfig.absolute.path=http://musicadelibreria.net/footer?? HTTP/1.1" 404 5258 "-" "Mozilla/5.0" "www.puaga.com"
81.26.209.60 - - [13/Feb/2010:06:22:49 -0800] "GET /logs/access_100126.log//administrator/components/com_virtuemart/export.php?mosConfig.absolute.path=http://musicadelibreria.net/footer?? HTTP/1.1" 404 5258 "-" "Mozilla/5.0" "www.puaga.com"
81.26.209.60 - - [13/Feb/2010:06:22:49 -0800] "GET /administrator/components/com_virtuemart/export.php?mosConfig.absolute.path=http://musicadelibreria.net/footer?? HTTP/1.1" 404 5258 "-" "Mozilla/5.0" "www.puaga.com"
81.26.209.60 - - [13/Feb/2010:06:22:49 -0800] "GET /logs//administrator/components/com_virtuemart/export.php?mosConfig.absolute.path=http://musicadelibreria.net/footer?? HTTP/1.1" 404 5258 "-" "Mozilla/5.0" "www.puaga.com"
81.26.209.60 - - [13/Feb/2010:06:22:49 -0800] "GET /logs//administrator/components/com_virtuemart/export.php?mosConfig.absolute.path=http://musicadelibreria.net/footer?? HTTP/1.1" 404 5258 "-" "Mozilla/5.0" "www.puaga.com"
81.26.209.60 - - [13/Feb/2010:06:22:49 -0800] "GET /administrator/components/com_virtuemart/export.php?mosConfig.absolute.path=http://musicadelibreria.net/footer?? HTTP/1.1" 404 5258 "-" "Mozilla/5.0" "www.puaga.com"
81.26.209.60 - - [13/Feb/2010:06:22:49 -0800] "GET /logs/access_100126.log//administrator/components/com_virtuemart/export.php?mosConfig.absolute.path=http://musicadelibreria.net/footer?? HTTP/1.1" 404 5258 "-" "Mozilla/5.0" "www.puaga.com"
81.26.209.60 - - [13/Feb/2010:06:22:50 -0800] "GET /logs/access_100126.log//administrator/components/com_virtuemart/export.php?mosConfig.absolute.path=http://musicadelibreria.net/footer?? HTTP/1.1" 404 5258 "-" "Mozilla/5.0" "www.puaga.com"
81.26.209.60 - - [13/Feb/2010:06:22:50 -0800] "GET /logs//administrator/components/com_virtuemart/export.php?mosConfig.absolute.path=http://musicadelibreria.net/footer?? HTTP/1.1" 404 5258 "-" "Mozilla/5.0" "www.puaga.com"
81.26.209.60 - - [13/Feb/2010:06:22:50 -0800] "GET /administrator/components/com_virtuemart/export.php?mosConfig.absolute.path=http://musicadelibreria.net/footer?? HTTP/1.1" 404 5258 "-" "Mozilla/5.0" "www.puaga.com"
221.143.42.249 - - [13/Feb/2010:06:23:05 -0800] "GET /logs/htmltonuke.php?filnavn=http://www.officeok.co.kr/shop/eBook.pdf?? HTTP/1.1" 404 5258 "-" "Mozilla/4.0 (compatible; MSIE 5.17; Mac_PowerPC)" "www.puaga.com"
221.143.42.249 - - [13/Feb/2010:06:23:05 -0800] "GET /logs/access_100115.log/htmltonuke.php?filnavn=http://www.officeok.co.kr/shop/eBook.pdf?? HTTP/1.1" 404 5258 "-" "Mozilla/4.0 (compatible; MSIE 5.17; Mac_PowerPC)" "www.puaga.com"
221.143.42.249 - - [13/Feb/2010:06:23:05 -0800] "GET /htmltonuke.php?filnavn=http://www.officeok.co.kr/shop/eBook.pdf?? HTTP/1.1" 404 5258 "-" "Mozilla/4.0 (compatible; MSIE 5.17; Mac_PowerPC)" "www.puaga.com"
221.143.42.249 - - [13/Feb/2010:06:23:10 -0800] "GET /logs/access_100125.log/htmltonuke.php?filnavn=http://www.officeok.co.kr/shop/eBook.pdf?? HTTP/1.1" 404 5258 "-" "Mozilla/4.0 (compatible; MSIE 5.17; Mac_PowerPC)" "www.puaga.com"
81.26.209.60 - - [13/Feb/2010:06:24:24 -0800] "GET /logs/access_100111.log//administrator/components/com_virtuemart/export.php?mosConfig.absolute.path=http://musicadelibreria.net/footer?? HTTP/1.1" 404 5258 "-" "Mozilla/5.0" "www.puaga.com"
81.26.209.60 - - [13/Feb/2010:06:24:31 -0800] "GET /logs/access_100111.log//administrator/components/com_virtuemart/export.php?mosConfig.absolute.path=http://musicadelibreria.net/footer?? HTTP/1.1" 404 5258 "-" "Mozilla/5.0" "www.puaga.com"
81.26.209.60 - - [13/Feb/2010:06:24:45 -0800] "GET /logs/access_100111.log//administrator/components/com_virtuemart/export.php?mosConfig.absolute.path=http://musicadelibreria.net/footer?? HTTP/1.1" 404 5258 "-" "Mozilla/5.0" "www.puaga.com"
81.26.209.60 - - [13/Feb/2010:06:24:52 -0800] "GET /logs/access_100111.log//administrator/components/com_virtuemart/export.php?mosConfig.absolute.path=http://musicadelibreria.net/footer?? HTTP/1.1" 404 5258 "-" "Mozilla/5.0" "www.puaga.com"
81.26.209.60 - - [13/Feb/2010:06:24:53 -0800] "GET /logs/access_100111.log//administrator/components/com_virtuemart/export.php?mosConfig.absolute.path=http://musicadelibreria.net/footer?? HTTP/1.1" 404 5258 "-" "Mozilla/5.0" "www.puaga.com"
218.38.243.44 - - [13/Feb/2010:06:25:18 -0800] "GET //write_update.php//write_update.php?board_skin_path=http://astru2.fileave.com/id1.txt???? HTTP/1.0" 404 5258 "-" "Mozilla/5.0" "www.puaga.com"
218.38.243.44 - - [13/Feb/2010:06:25:18 -0800] "GET /logs/access.log///write_update.php//write_update.php?board_skin_path=http://astru2.fileave.com/id1.txt???? HTTP/1.1" 404 5258 "-" "Mozilla/5.0" "www.puaga.com"
218.38.243.44 - - [13/Feb/2010:06:25:18 -0800] "GET /logs///write_update.php//write_update.php?board_skin_path=http://astru2.fileave.com/id1.txt???? HTTP/1.1" 404 5258 "-" "Mozilla/5.0" "www.puaga.com"
218.38.243.44 - - [13/Feb/2010:06:25:38 -0800] "GET /logs/access_100119.log///write_update.php//write_update.php?board_skin_path=http://astru2.fileave.com/id1.txt???? HTTP/1.1" 404 5258 "-" "Mozilla/5.0" "www.puaga.com"
80.97.64.32 - - [13/Feb/2010:06:25:48 -0800] "GET /administrator/components/com_cropimage/admin.cropcanvas.php?cropimagedir=http://musicadelibreria.net/footer?? HTTP/1.1" 404 5258 "-" "Mozilla/5.0" "www.puaga.com"
80.97.64.32 - - [13/Feb/2010:06:25:48 -0800] "GET /logs//administrator/components/com_cropimage/admin.cropcanvas.php?cropimagedir=http://musicadelibreria.net/footer?? HTTP/1.1" 404 5258 "-" "Mozilla/5.0" "www.puaga.com"
80.97.64.32 - - [13/Feb/2010:06:25:48 -0800] "GET /logs/access_100107.log//administrator/components/com_cropimage/admin.cropcanvas.php?cropimagedir=http://musicadelibreria.net/footer?? HTTP/1.1" 404 5258 "-" "Mozilla/5.0" "www.puaga.com"
80.97.64.32 - - [13/Feb/2010:06:26:11 -0800] "GET /administrator/components/com_cropimage/admin.cropcanvas.php?cropimagedir=http://musicadelibreria.net/footer?? HTTP/1.1" 404 5258 "-" "Mozilla/5.0" "www.puaga.com"
80.97.64.32 - - [13/Feb/2010:06:26:11 -0800] "GET /logs/access_100107.log//administrator/components/com_cropimage/admin.cropcanvas.php?cropimagedir=http://musicadelibreria.net/footer?? HTTP/1.1" 404 5258 "-" "Mozilla/5.0" "www.puaga.com"
80.97.64.32 - - [13/Feb/2010:06:26:11 -0800] "GET /logs//administrator/components/com_cropimage/admin.cropcanvas.php?cropimagedir=http://musicadelibreria.net/footer?? HTTP/1.1" 404 5258 "-" "Mozilla/5.0" "www.puaga.com"
72.13.93.215 - - [13/Feb/2010:06:26:22 -0800] "GET /logs/access_100201.log//skin/zero_vote/ask_password.php?dir=http://www.respektlockswear.com/fx29id.txt???? HTTP/1.1" 404 5258 "-" "Mozilla/5.0" "www.puaga.com"
72.13.93.215 - - [13/Feb/2010:06:26:22 -0800] "GET /skin/zero_vote/ask_password.php?dir=http://www.respektlockswear.com/fx29id.txt???? HTTP/1.1" 404 5258 "-" "Mozilla/5.0" "www.puaga.com"
72.13.93.215 - - [13/Feb/2010:06:26:22 -0800] "GET /logs//skin/zero_vote/ask_password.php?dir=http://www.respektlockswear.com/fx29id.txt???? HTTP/1.1" 404 5258 "-" "Mozilla/5.0" "www.puaga.com"
72.13.93.215 - - [13/Feb/2010:06:26:30 -0800] "GET /skin/zero_vote/ask_password.php?dir=http://www.respektlockswear.com/fx29id.txt???? HTTP/1.1" 404 5258 "-" "Mozilla/5.0" "www.puaga.com"
72.13.93.215 - - [13/Feb/2010:06:26:30 -0800] "GET /logs/access_100201.log//skin/zero_vote/ask_password.php?dir=http://www.respektlockswear.com/fx29id.txt???? HTTP/1.1" 404 5258 "-" "Mozilla/5.0" "www.puaga.com"
80.97.64.32 - - [13/Feb/2010:06:28:13 -0800] "GET /logs/access_100203.log//administrator/components/com_cropimage/admin.cropcanvas.php?cropimagedir=http://musicadelibreria.net/footer?? HTTP/1.1" 404 5258 "-" "Mozilla/5.0" "www.puaga.com"
80.97.64.32 - - [13/Feb/2010:06:28:26 -0800] "GET /logs/access_100203.log//administrator/components/com_cropimage/admin.cropcanvas.php?cropimagedir=http://musicadelibreria.net/footer?? HTTP/1.1" 404 5258 "-" "Mozilla/5.0" "www.puaga.com"
67.195.37.187 - - [13/Feb/2010:06:28:34 -0800] "GET /pictures/p3 HTTP/1.0" 301 76 "-" "Mozilla/5.0 (compatible; Yahoo! Slurp/3.0; http://help.yahoo.com/help/us/ysearch/slurp)" "puaga.com"
67.195.37.187 - - [13/Feb/2010:06:28:35 -0800] "GET /pictures/p3/ HTTP/1.0" 302 12576 "-" "Mozilla/5.0 (compatible; Yahoo! Slurp/3.0; http://help.yahoo.com/help/us/ysearch/slurp)" "puaga.com"
67.195.37.187 - - [13/Feb/2010:06:28:36 -0800] "GET /login/needregister.php HTTP/1.0" 302 0 "-" "Mozilla/5.0 (compatible; Yahoo! Slurp/3.0; http://help.yahoo.com/help/us/ysearch/slurp)" "puaga.com"
67.195.37.187 - - [13/Feb/2010:06:28:36 -0800] "GET /login/registerError.php HTTP/1.0" 200 6018 "-" "Mozilla/5.0 (compatible; Yahoo! Slurp/3.0; http://help.yahoo.com/help/us/ysearch/slurp)" "puaga.com"
67.195.37.187 - - [13/Feb/2010:06:28:36 -0800] "GET /style/PuagaDark.css HTTP/1.0" 200 2588 "http://puaga.com/login/registerError.php" "Mozilla/5.0 (compatible; Yahoo! Slurp/3.0; http://help.yahoo.com/help/us/ysearch/slurp)" "puaga.com"
67.195.37.187 - - [13/Feb/2010:06:28:37 -0800] "GET /login/dtree.css HTTP/1.0" 404 5258 "http://puaga.com/login/registerError.php" "Mozilla/5.0 (compatible; Yahoo! Slurp/3.0; http://help.yahoo.com/help/us/ysearch/slurp)" "puaga.com"
80.97.64.32 - - [13/Feb/2010:06:29:40 -0800] "GET /logs//administrator/components/com_cropimage/admin.cropcanvas.php?cropimagedir=http://musicadelibreria.net/footer?? HTTP/1.1" 404 5258 "-" "Mozilla/5.0" "www.puaga.com"
80.97.64.32 - - [13/Feb/2010:06:29:40 -0800] "GET /logs/access_100107.log%20%20//administrator/components/com_cropimage/admin.cropcanvas.php?cropimagedir=http://musicadelibreria.net/footer?? HTTP/1.1" 404 5258 "-" "Mozilla/5.0" "www.puaga.com"
80.97.64.32 - - [13/Feb/2010:06:29:41 -0800] "GET /administrator/components/com_cropimage/admin.cropcanvas.php?cropimagedir=http://musicadelibreria.net/footer?? HTTP/1.1" 404 5258 "-" "Mozilla/5.0" "www.puaga.com"
81.26.209.60 - - [13/Feb/2010:06:29:58 -0800] "GET /logs/access_100126.log%20%20//administrator/components/com_virtuemart/export.php?mosConfig.absolute.path=http://musicadelibreria.net/footer?? HTTP/1.1" 404 5258 "-" "Mozilla/5.0" "www.puaga.com"
81.26.209.60 - - [13/Feb/2010:06:29:58 -0800] "GET /logs//administrator/components/com_virtuemart/export.php?mosConfig.absolute.path=http://musicadelibreria.net/footer?? HTTP/1.1" 404 5258 "-" "Mozilla/5.0" "www.puaga.com"
81.26.209.60 - - [13/Feb/2010:06:29:58 -0800] "GET /administrator/components/com_virtuemart/export.php?mosConfig.absolute.path=http://musicadelibreria.net/footer?? HTTP/1.1" 404 5258 "-" "Mozilla/5.0" "www.puaga.com"
81.26.209.60 - - [13/Feb/2010:06:30:04 -0800] "GET /logs/access_100126.log%20%20//administrator/components/com_virtuemart/export.php?mosConfig.absolute.path=http://musicadelibreria.net/footer?? HTTP/1.1" 404 5258 "-" "Mozilla/5.0" "www.puaga.com"
81.26.209.60 - - [13/Feb/2010:06:30:05 -0800] "GET /administrator/components/com_virtuemart/export.php?mosConfig.absolute.path=http://musicadelibreria.net/footer?? HTTP/1.1" 404 5258 "-" "Mozilla/5.0" "www.puaga.com"
81.26.209.60 - - [13/Feb/2010:06:30:05 -0800] "GET /logs//administrator/components/com_virtuemart/export.php?mosConfig.absolute.path=http://musicadelibreria.net/footer?? HTTP/1.1" 404 5258 "-" "Mozilla/5.0" "www.puaga.com"
81.26.209.60 - - [13/Feb/2010:06:30:16 -0800] "GET /administrator/components/com_virtuemart/export.php?mosConfig.absolute.path=http://musicadelibreria.net/footer?? HTTP/1.1" 404 5258 "-" "Mozilla/5.0" "www.puaga.com"
81.26.209.60 - - [13/Feb/2010:06:30:16 -0800] "GET /logs//administrator/components/com_virtuemart/export.php?mosConfig.absolute.path=http://musicadelibreria.net/footer?? HTTP/1.1" 404 5258 "-" "Mozilla/5.0" "www.puaga.com"
81.26.209.60 - - [13/Feb/2010:06:30:16 -0800] "GET /logs/access_100126.log%20%20//administrator/components/com_virtuemart/export.php?mosConfig.absolute.path=http://musicadelibreria.net/footer?? HTTP/1.1" 404 5258 "-" "Mozilla/5.0" "www.puaga.com"
81.26.209.60 - - [13/Feb/2010:06:30:19 -0800] "GET /logs//administrator/components/com_virtuemart/export.php?mosConfig.absolute.path=http://musicadelibreria.net/footer?? HTTP/1.1" 404 5258 "-" "Mozilla/5.0" "www.puaga.com"
81.26.209.60 - - [13/Feb/2010:06:30:19 -0800] "GET /logs/access_100126.log%20%20//administrator/components/com_virtuemart/export.php?mosConfig.absolute.path=http://musicadelibreria.net/footer?? HTTP/1.1" 404 5258 "-" "Mozilla/5.0" "www.puaga.com"
81.26.209.60 - - [13/Feb/2010:06:30:19 -0800] "GET /administrator/components/com_virtuemart/export.php?mosConfig.absolute.path=http://musicadelibreria.net/footer?? HTTP/1.1" 404 5258 "-" "Mozilla/5.0" "www.puaga.com"
81.26.209.60 - - [13/Feb/2010:06:30:39 -0800] "GET /administrator/components/com_virtuemart/export.php?mosConfig.absolute.path=http://musicadelibreria.net/footer?? HTTP/1.1" 404 5258 "-" "Mozilla/5.0" "www.puaga.com"
81.26.209.60 - - [13/Feb/2010:06:30:39 -0800] "GET /logs//administrator/components/com_virtuemart/export.php?mosConfig.absolute.path=http://musicadelibreria.net/footer?? HTTP/1.1" 404 5258 "-" "Mozilla/5.0" "www.puaga.com"
81.26.209.60 - - [13/Feb/2010:06:30:39 -0800] "GET /logs/access_100126.log%20%20//administrator/components/com_virtuemart/export.php?mosConfig.absolute.path=http://musicadelibreria.net/footer?? HTTP/1.1" 404 5258 "-" "Mozilla/5.0" "www.puaga.com"
66.249.65.102 - - [13/Feb/2010:06:30:53 -0800] "GET /atesh_info/lt.php?t=5048486378 HTTP/1.1" 200 88 "-" "Googlebot-Image/1.0" "www.atesh.info"
80.97.64.32 - - [13/Feb/2010:06:31:01 -0800] "GET /logs/access_100203.log%20%20//administrator/components/com_cropimage/admin.cropcanvas.php?cropimagedir=http://musicadelibreria.net/footer?? HTTP/1.0" 404 5258 "-" "Mozilla/5.0" "www.puaga.com"
221.143.42.249 - - [13/Feb/2010:06:31:21 -0800] "GET /logs/access_100103.log/htmltonuke.php?filnavn=http://www.officeok.co.kr/shop/eBook.pdf?? HTTP/1.1" 404 5258 "-" "Mozilla/4.0 (compatible; MSIE 5.17; Mac_PowerPC)" "www.puaga.com"
81.26.209.60 - - [13/Feb/2010:06:32:06 -0800] "GET /logs/access_100111.log%20%20//administrator/components/com_virtuemart/export.php?mosConfig.absolute.path=http://musicadelibreria.net/footer?? HTTP/1.1" 404 5258 "-" "Mozilla/5.0" "www.puaga.com"
80.82.114.106 - - [13/Feb/2010:06:32:54 -0800] "GET /logs/access_100129.log%20%20//main.php?sayfa=http://ldrneurosurgery.net/help/1.jpg?? HTTP/1.1" 404 5258 "-" "Mozilla/5.0" "www.puaga.com"
80.82.114.106 - - [13/Feb/2010:06:32:54 -0800] "GET /logs//main.php?sayfa=http://ldrneurosurgery.net/help/1.jpg?? HTTP/1.1" 404 5258 "-" "Mozilla/5.0" "www.puaga.com"
80.82.114.106 - - [13/Feb/2010:06:32:54 -0800] "GET /main.php?sayfa=http://ldrneurosurgery.net/help/1.jpg?? HTTP/1.1" 404 5258 "-" "Mozilla/5.0" "www.puaga.com"
81.26.209.60 - - [13/Feb/2010:06:33:06 -0800] "GET /logs/access_100111.log%20%20//administrator/components/com_virtuemart/export.php?mosConfig.absolute.path=http://musicadelibreria.net/footer?? HTTP/1.1" 404 5258 "-" "Mozilla/5.0" "www.puaga.com"
80.82.114.106 - - [13/Feb/2010:06:33:08 -0800] "GET /logs/access_100107.log%20%20//main.php?sayfa=http://ldrneurosurgery.net/help/1.jpg?? HTTP/1.1" 404 5258 "-" "Mozilla/5.0" "www.puaga.com"
81.26.209.60 - - [13/Feb/2010:06:33:27 -0800] "GET /logs/access_100111.log%20%20//administrator/components/com_virtuemart/export.php?mosConfig.absolute.path=http://musicadelibreria.net/footer?? HTTP/1.1" 404 5258 "-" "Mozilla/5.0" "www.puaga.com"
81.26.209.60 - - [13/Feb/2010:06:33:31 -0800] "GET /logs/access_100111.log%20%20//administrator/components/com_virtuemart/export.php?mosConfig.absolute.path=http://musicadelibreria.net/footer?? HTTP/1.1" 404 5258 "-" "Mozilla/5.0" "www.puaga.com"
81.26.209.60 - - [13/Feb/2010:06:34:05 -0800] "GET /logs/access_100111.log%20%20//administrator/components/com_virtuemart/export.php?mosConfig.absolute.path=http://musicadelibreria.net/footer?? HTTP/1.1" 404 5258 "-" "Mozilla/5.0" "www.puaga.com"
