88.235.89.20 - - [22/Feb/2010:04:29:38 -0800] "GET /musim/actions/listkiss_ajax.php?nocache=0.8470617774024432 HTTP/1.1" 200 19 "http://www.puaga.com/musim/container.php" "Mozilla/5.0 (Windows; U; Windows NT 6.0; tr; rv:1.9.1.8) Gecko/20100202 Firefox/3.5.8 (.NET CLR 3.5.30729)" "www.puaga.com"
88.235.89.20 - - [22/Feb/2010:04:29:39 -0800] "GET /musim/actions/listkiss_ajax.php?nocache=0.20350077277924394 HTTP/1.1" 200 19 "http://www.puaga.com/musim/container.php" "Mozilla/5.0 (Windows; U; Windows NT 6.0; tr; rv:1.9.1.8) Gecko/20100202 Firefox/3.5.8 (.NET CLR 3.5.30729)" "www.puaga.com"
88.235.89.20 - - [22/Feb/2010:04:29:41 -0800] "GET /musim/subbar/meonline.php?nocache=0.8074520625493978 HTTP/1.1" 200 5 "http://www.puaga.com/musim/container.php" "Mozilla/5.0 (Windows; U; Windows NT 6.0; tr; rv:1.9.1.8) Gecko/20100202 Firefox/3.5.8 (.NET CLR 3.5.30729)" "www.puaga.com"
88.235.89.20 - - [22/Feb/2010:04:29:41 -0800] "GET /musim/actions/listkiss_ajax.php?nocache=0.5619987935179483 HTTP/1.1" 200 19 "http://www.puaga.com/musim/container.php" "Mozilla/5.0 (Windows; U; Windows NT 6.0; tr; rv:1.9.1.8) Gecko/20100202 Firefox/3.5.8 (.NET CLR 3.5.30729)" "www.puaga.com"
88.235.89.20 - - [22/Feb/2010:04:29:42 -0800] "GET /musim/actions/listkiss_ajax.php?nocache=0.2635122339971808 HTTP/1.1" 200 19 "http://www.puaga.com/musim/container.php" "Mozilla/5.0 (Windows; U; Windows NT 6.0; tr; rv:1.9.1.8) Gecko/20100202 Firefox/3.5.8 (.NET CLR 3.5.30729)" "www.puaga.com"
88.235.89.20 - - [22/Feb/2010:04:29:44 -0800] "GET /musim/subbar/meonline.php?nocache=0.8337837292667976 HTTP/1.1" 200 5 "http://www.puaga.com/musim/container.php" "Mozilla/5.0 (Windows; U; Windows NT 6.0; tr; rv:1.9.1.8) Gecko/20100202 Firefox/3.5.8 (.NET CLR 3.5.30729)" "www.puaga.com"
88.235.89.20 - - [22/Feb/2010:04:29:44 -0800] "GET /musim/actions/listkiss_ajax.php?nocache=0.50781367439097 HTTP/1.1" 200 19 "http://www.puaga.com/musim/container.php" "Mozilla/5.0 (Windows; U; Windows NT 6.0; tr; rv:1.9.1.8) Gecko/20100202 Firefox/3.5.8 (.NET CLR 3.5.30729)" "www.puaga.com"
88.235.89.20 - - [22/Feb/2010:04:29:45 -0800] "GET /musim/actions/listkiss_ajax.php?nocache=0.27470173659496566 HTTP/1.1" 200 19 "http://www.puaga.com/musim/container.php" "Mozilla/5.0 (Windows; U; Windows NT 6.0; tr; rv:1.9.1.8) Gecko/20100202 Firefox/3.5.8 (.NET CLR 3.5.30729)" "www.puaga.com"
88.235.89.20 - - [22/Feb/2010:04:29:47 -0800] "GET /musim/subbar/meonline.php?nocache=0.4444327626373501 HTTP/1.1" 200 5 "http://www.puaga.com/musim/container.php" "Mozilla/5.0 (Windows; U; Windows NT 6.0; tr; rv:1.9.1.8) Gecko/20100202 Firefox/3.5.8 (.NET CLR 3.5.30729)" "www.puaga.com"
88.235.89.20 - - [22/Feb/2010:04:29:47 -0800] "GET /musim/actions/listkiss_ajax.php?nocache=0.6143794936514799 HTTP/1.1" 200 19 "http://www.puaga.com/musim/container.php" "Mozilla/5.0 (Windows; U; Windows NT 6.0; tr; rv:1.9.1.8) Gecko/20100202 Firefox/3.5.8 (.NET CLR 3.5.30729)" "www.puaga.com"
88.235.89.20 - - [22/Feb/2010:04:29:48 -0800] "GET /musim/actions/listkiss_ajax.php?nocache=0.8909462759420496 HTTP/1.1" 200 19 "http://www.puaga.com/musim/container.php" "Mozilla/5.0 (Windows; U; Windows NT 6.0; tr; rv:1.9.1.8) Gecko/20100202 Firefox/3.5.8 (.NET CLR 3.5.30729)" "www.puaga.com"
88.235.89.20 - - [22/Feb/2010:04:29:50 -0800] "GET /musim/subbar/meonline.php?nocache=0.7857900055926912 HTTP/1.1" 200 5 "http://www.puaga.com/musim/container.php" "Mozilla/5.0 (Windows; U; Windows NT 6.0; tr; rv:1.9.1.8) Gecko/20100202 Firefox/3.5.8 (.NET CLR 3.5.30729)" "www.puaga.com"
88.235.89.20 - - [22/Feb/2010:04:29:50 -0800] "GET /musim/actions/listkiss_ajax.php?nocache=0.6429120872142049 HTTP/1.1" 200 19 "http://www.puaga.com/musim/container.php" "Mozilla/5.0 (Windows; U; Windows NT 6.0; tr; rv:1.9.1.8) Gecko/20100202 Firefox/3.5.8 (.NET CLR 3.5.30729)" "www.puaga.com"
88.235.89.20 - - [22/Feb/2010:04:29:51 -0800] "GET /musim/actions/listkiss_ajax.php?nocache=0.7724768052263344 HTTP/1.1" 200 19 "http://www.puaga.com/musim/container.php" "Mozilla/5.0 (Windows; U; Windows NT 6.0; tr; rv:1.9.1.8) Gecko/20100202 Firefox/3.5.8 (.NET CLR 3.5.30729)" "www.puaga.com"
88.235.89.20 - - [22/Feb/2010:04:29:53 -0800] "GET /musim/subbar/meonline.php?nocache=0.9413958996232296 HTTP/1.1" 200 5 "http://www.puaga.com/musim/container.php" "Mozilla/5.0 (Windows; U; Windows NT 6.0; tr; rv:1.9.1.8) Gecko/20100202 Firefox/3.5.8 (.NET CLR 3.5.30729)" "www.puaga.com"
88.235.89.20 - - [22/Feb/2010:04:29:53 -0800] "GET /musim/actions/listkiss_ajax.php?nocache=0.16687176714285656 HTTP/1.1" 200 19 "http://www.puaga.com/musim/container.php" "Mozilla/5.0 (Windows; U; Windows NT 6.0; tr; rv:1.9.1.8) Gecko/20100202 Firefox/3.5.8 (.NET CLR 3.5.30729)" "www.puaga.com"
58.150.99.144 - - [22/Feb/2010:04:29:54 -0800] "GET /logs//errors.php?error=http://www.modernart2day.se//administrator/cache/satu?? HTTP/1.1" 404 5258 "-" "Mozilla/5.0" "www.puaga.com"
58.150.99.144 - - [22/Feb/2010:04:29:54 -0800] "GET /errors.php?error=http://www.modernart2day.se//administrator/cache/satu?? HTTP/1.1" 404 5258 "-" "Mozilla/5.0" "www.puaga.com"
58.150.99.144 - - [22/Feb/2010:04:29:54 -0800] "GET /logs/access_100121.log%20%20//errors.php?error=http://www.modernart2day.se//administrator/cache/satu?? HTTP/1.1" 404 5258 "-" "Mozilla/5.0" "www.puaga.com"
88.235.89.20 - - [22/Feb/2010:04:29:54 -0800] "GET /musim/actions/listkiss_ajax.php?nocache=0.34922047468560835 HTTP/1.1" 200 19 "http://www.puaga.com/musim/container.php" "Mozilla/5.0 (Windows; U; Windows NT 6.0; tr; rv:1.9.1.8) Gecko/20100202 Firefox/3.5.8 (.NET CLR 3.5.30729)" "www.puaga.com"
88.235.89.20 - - [22/Feb/2010:04:29:56 -0800] "GET /musim/subbar/meonline.php?nocache=0.06760065388384473 HTTP/1.1" 200 5 "http://www.puaga.com/musim/container.php" "Mozilla/5.0 (Windows; U; Windows NT 6.0; tr; rv:1.9.1.8) Gecko/20100202 Firefox/3.5.8 (.NET CLR 3.5.30729)" "www.puaga.com"
88.235.89.20 - - [22/Feb/2010:04:29:56 -0800] "GET /musim/actions/listkiss_ajax.php?nocache=0.8726110643561482 HTTP/1.1" 200 19 "http://www.puaga.com/musim/container.php" "Mozilla/5.0 (Windows; U; Windows NT 6.0; tr; rv:1.9.1.8) Gecko/20100202 Firefox/3.5.8 (.NET CLR 3.5.30729)" "www.puaga.com"
88.235.89.20 - - [22/Feb/2010:04:29:57 -0800] "GET /musim/actions/listkiss_ajax.php?nocache=0.5519192388186966 HTTP/1.1" 200 19 "http://www.puaga.com/musim/container.php" "Mozilla/5.0 (Windows; U; Windows NT 6.0; tr; rv:1.9.1.8) Gecko/20100202 Firefox/3.5.8 (.NET CLR 3.5.30729)" "www.puaga.com"
88.235.89.20 - - [22/Feb/2010:04:29:59 -0800] "GET /musim/subbar/meonline.php?nocache=0.15026670295210498 HTTP/1.1" 200 5 "http://www.puaga.com/musim/container.php" "Mozilla/5.0 (Windows; U; Windows NT 6.0; tr; rv:1.9.1.8) Gecko/20100202 Firefox/3.5.8 (.NET CLR 3.5.30729)" "www.puaga.com"
88.235.89.20 - - [22/Feb/2010:04:29:59 -0800] "GET /musim/actions/listkiss_ajax.php?nocache=0.9315040353947943 HTTP/1.1" 200 19 "http://www.puaga.com/musim/container.php" "Mozilla/5.0 (Windows; U; Windows NT 6.0; tr; rv:1.9.1.8) Gecko/20100202 Firefox/3.5.8 (.NET CLR 3.5.30729)" "www.puaga.com"
88.235.89.20 - - [22/Feb/2010:04:30:00 -0800] "GET /musim/actions/listkiss_ajax.php?nocache=0.12570142566617104 HTTP/1.1" 200 19 "http://www.puaga.com/musim/container.php" "Mozilla/5.0 (Windows; U; Windows NT 6.0; tr; rv:1.9.1.8) Gecko/20100202 Firefox/3.5.8 (.NET CLR 3.5.30729)" "www.puaga.com"
88.235.89.20 - - [22/Feb/2010:04:30:02 -0800] "GET /musim/subbar/meonline.php?nocache=0.5163957357767891 HTTP/1.1" 200 5 "http://www.puaga.com/musim/container.php" "Mozilla/5.0 (Windows; U; Windows NT 6.0; tr; rv:1.9.1.8) Gecko/20100202 Firefox/3.5.8 (.NET CLR 3.5.30729)" "www.puaga.com"
88.235.89.20 - - [22/Feb/2010:04:30:02 -0800] "GET /musim/actions/listkiss_ajax.php?nocache=0.29070052428351656 HTTP/1.1" 200 19 "http://www.puaga.com/musim/container.php" "Mozilla/5.0 (Windows; U; Windows NT 6.0; tr; rv:1.9.1.8) Gecko/20100202 Firefox/3.5.8 (.NET CLR 3.5.30729)" "www.puaga.com"
88.235.89.20 - - [22/Feb/2010:04:30:03 -0800] "GET /musim/actions/listkiss_ajax.php?nocache=0.4942527050535648 HTTP/1.1" 200 19 "http://www.puaga.com/musim/container.php" "Mozilla/5.0 (Windows; U; Windows NT 6.0; tr; rv:1.9.1.8) Gecko/20100202 Firefox/3.5.8 (.NET CLR 3.5.30729)" "www.puaga.com"
88.235.89.20 - - [22/Feb/2010:04:30:05 -0800] "GET /musim/subbar/meonline.php?nocache=0.07327539508146741 HTTP/1.1" 200 5 "http://www.puaga.com/musim/container.php" "Mozilla/5.0 (Windows; U; Windows NT 6.0; tr; rv:1.9.1.8) Gecko/20100202 Firefox/3.5.8 (.NET CLR 3.5.30729)" "www.puaga.com"
88.235.89.20 - - [22/Feb/2010:04:30:05 -0800] "GET /musim/actions/listkiss_ajax.php?nocache=0.49212735900338933 HTTP/1.1" 200 19 "http://www.puaga.com/musim/container.php" "Mozilla/5.0 (Windows; U; Windows NT 6.0; tr; rv:1.9.1.8) Gecko/20100202 Firefox/3.5.8 (.NET CLR 3.5.30729)" "www.puaga.com"
88.235.89.20 - - [22/Feb/2010:04:30:06 -0800] "GET /musim/actions/listkiss_ajax.php?nocache=0.49355317753740435 HTTP/1.1" 200 19 "http://www.puaga.com/musim/container.php" "Mozilla/5.0 (Windows; U; Windows NT 6.0; tr; rv:1.9.1.8) Gecko/20100202 Firefox/3.5.8 (.NET CLR 3.5.30729)" "www.puaga.com"
88.235.89.20 - - [22/Feb/2010:04:30:08 -0800] "GET /musim/subbar/meonline.php?nocache=0.2782723507856335 HTTP/1.1" 200 5 "http://www.puaga.com/musim/container.php" "Mozilla/5.0 (Windows; U; Windows NT 6.0; tr; rv:1.9.1.8) Gecko/20100202 Firefox/3.5.8 (.NET CLR 3.5.30729)" "www.puaga.com"
88.235.89.20 - - [22/Feb/2010:04:30:08 -0800] "GET /musim/actions/listkiss_ajax.php?nocache=0.842205822316379 HTTP/1.1" 200 19 "http://www.puaga.com/musim/container.php" "Mozilla/5.0 (Windows; U; Windows NT 6.0; tr; rv:1.9.1.8) Gecko/20100202 Firefox/3.5.8 (.NET CLR 3.5.30729)" "www.puaga.com"
88.235.89.20 - - [22/Feb/2010:04:30:09 -0800] "GET /musim/actions/listkiss_ajax.php?nocache=0.12517652725255446 HTTP/1.1" 200 19 "http://www.puaga.com/musim/container.php" "Mozilla/5.0 (Windows; U; Windows NT 6.0; tr; rv:1.9.1.8) Gecko/20100202 Firefox/3.5.8 (.NET CLR 3.5.30729)" "www.puaga.com"
88.235.89.20 - - [22/Feb/2010:04:30:11 -0800] "GET /musim/subbar/meonline.php?nocache=0.880533757523025 HTTP/1.1" 200 5 "http://www.puaga.com/musim/container.php" "Mozilla/5.0 (Windows; U; Windows NT 6.0; tr; rv:1.9.1.8) Gecko/20100202 Firefox/3.5.8 (.NET CLR 3.5.30729)" "www.puaga.com"
88.235.89.20 - - [22/Feb/2010:04:30:11 -0800] "GET /musim/actions/listkiss_ajax.php?nocache=0.47591540395124265 HTTP/1.1" 200 19 "http://www.puaga.com/musim/container.php" "Mozilla/5.0 (Windows; U; Windows NT 6.0; tr; rv:1.9.1.8) Gecko/20100202 Firefox/3.5.8 (.NET CLR 3.5.30729)" "www.puaga.com"
88.235.89.20 - - [22/Feb/2010:04:30:12 -0800] "GET /musim/actions/listkiss_ajax.php?nocache=0.21702395240811478 HTTP/1.1" 200 19 "http://www.puaga.com/musim/container.php" "Mozilla/5.0 (Windows; U; Windows NT 6.0; tr; rv:1.9.1.8) Gecko/20100202 Firefox/3.5.8 (.NET CLR 3.5.30729)" "www.puaga.com"
88.235.89.20 - - [22/Feb/2010:04:30:14 -0800] "GET /musim/subbar/meonline.php?nocache=0.5083882471353859 HTTP/1.0" 200 0 "http://www.puaga.com/musim/container.php" "Mozilla/5.0 (Windows; U; Windows NT 6.0; tr; rv:1.9.1.8) Gecko/20100202 Firefox/3.5.8 (.NET CLR 3.5.30729)" "www.puaga.com"
88.235.89.20 - - [22/Feb/2010:04:30:14 -0800] "GET /musim/actions/listkiss_ajax.php?nocache=0.8955768169849752 HTTP/1.1" 200 19 "http://www.puaga.com/musim/container.php" "Mozilla/5.0 (Windows; U; Windows NT 6.0; tr; rv:1.9.1.8) Gecko/20100202 Firefox/3.5.8 (.NET CLR 3.5.30729)" "www.puaga.com"
88.235.89.20 - - [22/Feb/2010:04:30:15 -0800] "GET /musim/actions/listkiss_ajax.php?nocache=0.8911449679626139 HTTP/1.1" 200 19 "http://www.puaga.com/musim/container.php" "Mozilla/5.0 (Windows; U; Windows NT 6.0; tr; rv:1.9.1.8) Gecko/20100202 Firefox/3.5.8 (.NET CLR 3.5.30729)" "www.puaga.com"
88.235.89.20 - - [22/Feb/2010:04:30:17 -0800] "GET /musim/subbar/meonline.php?nocache=0.41474383290085903 HTTP/1.1" 200 5 "http://www.puaga.com/musim/container.php" "Mozilla/5.0 (Windows; U; Windows NT 6.0; tr; rv:1.9.1.8) Gecko/20100202 Firefox/3.5.8 (.NET CLR 3.5.30729)" "www.puaga.com"
88.235.89.20 - - [22/Feb/2010:04:30:17 -0800] "GET /musim/actions/listkiss_ajax.php?nocache=0.7759446902714138 HTTP/1.1" 200 19 "http://www.puaga.com/musim/container.php" "Mozilla/5.0 (Windows; U; Windows NT 6.0; tr; rv:1.9.1.8) Gecko/20100202 Firefox/3.5.8 (.NET CLR 3.5.30729)" "www.puaga.com"
88.235.89.20 - - [22/Feb/2010:04:30:18 -0800] "GET /musim/actions/listkiss_ajax.php?nocache=0.9799624175949022 HTTP/1.1" 200 19 "http://www.puaga.com/musim/container.php" "Mozilla/5.0 (Windows; U; Windows NT 6.0; tr; rv:1.9.1.8) Gecko/20100202 Firefox/3.5.8 (.NET CLR 3.5.30729)" "www.puaga.com"
88.235.89.20 - - [22/Feb/2010:04:30:20 -0800] "GET /musim/subbar/meonline.php?nocache=0.8222213179902637 HTTP/1.1" 200 5 "http://www.puaga.com/musim/container.php" "Mozilla/5.0 (Windows; U; Windows NT 6.0; tr; rv:1.9.1.8) Gecko/20100202 Firefox/3.5.8 (.NET CLR 3.5.30729)" "www.puaga.com"
88.235.89.20 - - [22/Feb/2010:04:30:20 -0800] "GET /musim/actions/listkiss_ajax.php?nocache=0.6322707526311911 HTTP/1.1" 200 19 "http://www.puaga.com/musim/container.php" "Mozilla/5.0 (Windows; U; Windows NT 6.0; tr; rv:1.9.1.8) Gecko/20100202 Firefox/3.5.8 (.NET CLR 3.5.30729)" "www.puaga.com"
202.124.116.194 - - [22/Feb/2010:04:30:21 -0800] "GET /logs/access_100213.log//errors.php?error=http://www.modernart2day.se//administrator/cache/satu?? HTTP/1.1" 404 5258 "-" "Mozilla/5.0" "www.puaga.com"
88.235.89.20 - - [22/Feb/2010:04:30:21 -0800] "GET /musim/actions/listkiss_ajax.php?nocache=0.6341768740552131 HTTP/1.1" 200 19 "http://www.puaga.com/musim/container.php" "Mozilla/5.0 (Windows; U; Windows NT 6.0; tr; rv:1.9.1.8) Gecko/20100202 Firefox/3.5.8 (.NET CLR 3.5.30729)" "www.puaga.com"
88.235.89.20 - - [22/Feb/2010:04:30:23 -0800] "GET /musim/subbar/meonline.php?nocache=0.3733070902912947 HTTP/1.1" 200 5 "http://www.puaga.com/musim/container.php" "Mozilla/5.0 (Windows; U; Windows NT 6.0; tr; rv:1.9.1.8) Gecko/20100202 Firefox/3.5.8 (.NET CLR 3.5.30729)" "www.puaga.com"
88.235.89.20 - - [22/Feb/2010:04:30:23 -0800] "GET /musim/actions/listkiss_ajax.php?nocache=0.3898165500129601 HTTP/1.1" 200 19 "http://www.puaga.com/musim/container.php" "Mozilla/5.0 (Windows; U; Windows NT 6.0; tr; rv:1.9.1.8) Gecko/20100202 Firefox/3.5.8 (.NET CLR 3.5.30729)" "www.puaga.com"
200.93.147.154 - - [22/Feb/2010:04:30:24 -0800] "GET /sniplets/modules/syntax_highlight.php?libpath=http://zerozon.co.kr/photos/count/id1.txt??? HTTP/1.1" 404 5258 "-" "Mozilla/5.0" "www.puaga.com"
200.93.147.154 - - [22/Feb/2010:04:30:24 -0800] "GET /logs/sniplets/modules/syntax_highlight.php?libpath=http://zerozon.co.kr/photos/count/id1.txt??? HTTP/1.1" 404 5258 "-" "Mozilla/5.0" "www.puaga.com"
88.235.89.20 - - [22/Feb/2010:04:30:24 -0800] "GET /musim/actions/listkiss_ajax.php?nocache=0.6591486055992886 HTTP/1.1" 200 19 "http://www.puaga.com/musim/container.php" "Mozilla/5.0 (Windows; U; Windows NT 6.0; tr; rv:1.9.1.8) Gecko/20100202 Firefox/3.5.8 (.NET CLR 3.5.30729)" "www.puaga.com"
88.235.89.20 - - [22/Feb/2010:04:30:26 -0800] "GET /musim/subbar/meonline.php?nocache=0.021047271876938445 HTTP/1.1" 200 5 "http://www.puaga.com/musim/container.php" "Mozilla/5.0 (Windows; U; Windows NT 6.0; tr; rv:1.9.1.8) Gecko/20100202 Firefox/3.5.8 (.NET CLR 3.5.30729)" "www.puaga.com"
88.235.89.20 - - [22/Feb/2010:04:30:26 -0800] "GET /musim/actions/listkiss_ajax.php?nocache=0.8219499810758389 HTTP/1.1" 200 19 "http://www.puaga.com/musim/container.php" "Mozilla/5.0 (Windows; U; Windows NT 6.0; tr; rv:1.9.1.8) Gecko/20100202 Firefox/3.5.8 (.NET CLR 3.5.30729)" "www.puaga.com"
200.93.147.154 - - [22/Feb/2010:04:30:26 -0800] "GET /logs/access_100213.log%20%20/sniplets/modules/syntax_highlight.php?libpath=http://zerozon.co.kr/photos/count/id1.txt??? HTTP/1.1" 404 5258 "-" "Mozilla/5.0" "www.puaga.com"
88.235.89.20 - - [22/Feb/2010:04:30:27 -0800] "GET /musim/actions/listkiss_ajax.php?nocache=0.07377106194052263 HTTP/1.1" 200 19 "http://www.puaga.com/musim/container.php" "Mozilla/5.0 (Windows; U; Windows NT 6.0; tr; rv:1.9.1.8) Gecko/20100202 Firefox/3.5.8 (.NET CLR 3.5.30729)" "www.puaga.com"
88.235.89.20 - - [22/Feb/2010:04:30:29 -0800] "GET /musim/subbar/meonline.php?nocache=0.5212532593871907 HTTP/1.1" 200 5 "http://www.puaga.com/musim/container.php" "Mozilla/5.0 (Windows; U; Windows NT 6.0; tr; rv:1.9.1.8) Gecko/20100202 Firefox/3.5.8 (.NET CLR 3.5.30729)" "www.puaga.com"
88.235.89.20 - - [22/Feb/2010:04:30:29 -0800] "GET /musim/actions/listkiss_ajax.php?nocache=0.2361303885824041 HTTP/1.1" 200 19 "http://www.puaga.com/musim/container.php" "Mozilla/5.0 (Windows; U; Windows NT 6.0; tr; rv:1.9.1.8) Gecko/20100202 Firefox/3.5.8 (.NET CLR 3.5.30729)" "www.puaga.com"
88.235.89.20 - - [22/Feb/2010:04:30:30 -0800] "GET /musim/actions/listkiss_ajax.php?nocache=0.16473564737843005 HTTP/1.1" 200 19 "http://www.puaga.com/musim/container.php" "Mozilla/5.0 (Windows; U; Windows NT 6.0; tr; rv:1.9.1.8) Gecko/20100202 Firefox/3.5.8 (.NET CLR 3.5.30729)" "www.puaga.com"
88.235.89.20 - - [22/Feb/2010:04:30:32 -0800] "GET /musim/subbar/meonline.php?nocache=0.5117453587992989 HTTP/1.1" 200 5 "http://www.puaga.com/musim/container.php" "Mozilla/5.0 (Windows; U; Windows NT 6.0; tr; rv:1.9.1.8) Gecko/20100202 Firefox/3.5.8 (.NET CLR 3.5.30729)" "www.puaga.com"
88.235.89.20 - - [22/Feb/2010:04:30:32 -0800] "GET /musim/actions/listkiss_ajax.php?nocache=0.07513966852149545 HTTP/1.1" 200 19 "http://www.puaga.com/musim/container.php" "Mozilla/5.0 (Windows; U; Windows NT 6.0; tr; rv:1.9.1.8) Gecko/20100202 Firefox/3.5.8 (.NET CLR 3.5.30729)" "www.puaga.com"
88.235.89.20 - - [22/Feb/2010:04:30:33 -0800] "GET /musim/actions/listkiss_ajax.php?nocache=0.563582871711641 HTTP/1.1" 200 19 "http://www.puaga.com/musim/container.php" "Mozilla/5.0 (Windows; U; Windows NT 6.0; tr; rv:1.9.1.8) Gecko/20100202 Firefox/3.5.8 (.NET CLR 3.5.30729)" "www.puaga.com"
200.93.147.154 - - [22/Feb/2010:04:30:35 -0800] "GET /sniplets/modules/syntax_highlight.php?libpath=http://zerozon.co.kr/photos/count/id1.txt??? HTTP/1.1" 404 5258 "-" "Mozilla/5.0" "www.puaga.com"
88.235.89.20 - - [22/Feb/2010:04:30:35 -0800] "GET /musim/subbar/meonline.php?nocache=0.7359212524640107 HTTP/1.1" 200 5 "http://www.puaga.com/musim/container.php" "Mozilla/5.0 (Windows; U; Windows NT 6.0; tr; rv:1.9.1.8) Gecko/20100202 Firefox/3.5.8 (.NET CLR 3.5.30729)" "www.puaga.com"
88.235.89.20 - - [22/Feb/2010:04:30:35 -0800] "GET /musim/actions/listkiss_ajax.php?nocache=0.9343091034763952 HTTP/1.1" 200 19 "http://www.puaga.com/musim/container.php" "Mozilla/5.0 (Windows; U; Windows NT 6.0; tr; rv:1.9.1.8) Gecko/20100202 Firefox/3.5.8 (.NET CLR 3.5.30729)" "www.puaga.com"
200.93.147.154 - - [22/Feb/2010:04:30:35 -0800] "GET /logs/sniplets/modules/syntax_highlight.php?libpath=http://zerozon.co.kr/photos/count/id1.txt??? HTTP/1.1" 404 5258 "-" "Mozilla/5.0" "www.puaga.com"
200.93.147.154 - - [22/Feb/2010:04:30:35 -0800] "GET /logs/access_100213.log%20%20/sniplets/modules/syntax_highlight.php?libpath=http://zerozon.co.kr/photos/count/id1.txt??? HTTP/1.1" 404 5258 "-" "Mozilla/5.0" "www.puaga.com"
88.235.89.20 - - [22/Feb/2010:04:30:36 -0800] "GET /musim/actions/listkiss_ajax.php?nocache=0.7081030959449545 HTTP/1.1" 200 19 "http://www.puaga.com/musim/container.php" "Mozilla/5.0 (Windows; U; Windows NT 6.0; tr; rv:1.9.1.8) Gecko/20100202 Firefox/3.5.8 (.NET CLR 3.5.30729)" "www.puaga.com"
58.150.99.144 - - [22/Feb/2010:04:30:37 -0800] "GET /logs/access_100121.log//errors.php?error=http://www.modernart2day.se//administrator/cache/satu?? HTTP/1.1" 404 5258 "-" "Mozilla/5.0" "www.puaga.com"
58.150.99.144 - - [22/Feb/2010:04:30:37 -0800] "GET /logs//errors.php?error=http://www.modernart2day.se//administrator/cache/satu?? HTTP/1.1" 404 5258 "-" "Mozilla/5.0" "www.puaga.com"
58.150.99.144 - - [22/Feb/2010:04:30:37 -0800] "GET /errors.php?error=http://www.modernart2day.se//administrator/cache/satu?? HTTP/1.1" 404 5258 "-" "Mozilla/5.0" "www.puaga.com"
88.235.89.20 - - [22/Feb/2010:04:30:38 -0800] "GET /musim/subbar/meonline.php?nocache=0.6225086663647362 HTTP/1.1" 200 5 "http://www.puaga.com/musim/container.php" "Mozilla/5.0 (Windows; U; Windows NT 6.0; tr; rv:1.9.1.8) Gecko/20100202 Firefox/3.5.8 (.NET CLR 3.5.30729)" "www.puaga.com"
88.235.89.20 - - [22/Feb/2010:04:30:38 -0800] "GET /musim/actions/listkiss_ajax.php?nocache=0.27591244336353427 HTTP/1.1" 200 19 "http://www.puaga.com/musim/container.php" "Mozilla/5.0 (Windows; U; Windows NT 6.0; tr; rv:1.9.1.8) Gecko/20100202 Firefox/3.5.8 (.NET CLR 3.5.30729)" "www.puaga.com"
58.150.99.144 - - [22/Feb/2010:04:30:38 -0800] "GET /logs/access.log%20%20//errors.php?error=http://www.modernart2day.se//administrator/cache/satu?? HTTP/1.1" 404 5258 "-" "Mozilla/5.0" "www.puaga.com"
88.235.89.20 - - [22/Feb/2010:04:30:39 -0800] "GET /musim/actions/listkiss_ajax.php?nocache=0.9635490068749497 HTTP/1.1" 200 19 "http://www.puaga.com/musim/container.php" "Mozilla/5.0 (Windows; U; Windows NT 6.0; tr; rv:1.9.1.8) Gecko/20100202 Firefox/3.5.8 (.NET CLR 3.5.30729)" "www.puaga.com"
88.235.89.20 - - [22/Feb/2010:04:30:41 -0800] "GET /musim/subbar/meonline.php?nocache=0.815615411749493 HTTP/1.1" 200 5 "http://www.puaga.com/musim/container.php" "Mozilla/5.0 (Windows; U; Windows NT 6.0; tr; rv:1.9.1.8) Gecko/20100202 Firefox/3.5.8 (.NET CLR 3.5.30729)" "www.puaga.com"
88.235.89.20 - - [22/Feb/2010:04:30:41 -0800] "GET /musim/actions/listkiss_ajax.php?nocache=0.42228892567755205 HTTP/1.1" 200 19 "http://www.puaga.com/musim/container.php" "Mozilla/5.0 (Windows; U; Windows NT 6.0; tr; rv:1.9.1.8) Gecko/20100202 Firefox/3.5.8 (.NET CLR 3.5.30729)" "www.puaga.com"
88.235.89.20 - - [22/Feb/2010:04:30:42 -0800] "GET /musim/actions/listkiss_ajax.php?nocache=0.5727587679511048 HTTP/1.1" 200 19 "http://www.puaga.com/musim/container.php" "Mozilla/5.0 (Windows; U; Windows NT 6.0; tr; rv:1.9.1.8) Gecko/20100202 Firefox/3.5.8 (.NET CLR 3.5.30729)" "www.puaga.com"
88.235.89.20 - - [22/Feb/2010:04:30:44 -0800] "GET /musim/subbar/meonline.php?nocache=0.8860657717601058 HTTP/1.1" 200 5 "http://www.puaga.com/musim/container.php" "Mozilla/5.0 (Windows; U; Windows NT 6.0; tr; rv:1.9.1.8) Gecko/20100202 Firefox/3.5.8 (.NET CLR 3.5.30729)" "www.puaga.com"
88.235.89.20 - - [22/Feb/2010:04:30:44 -0800] "GET /musim/actions/listkiss_ajax.php?nocache=0.5256496038108931 HTTP/1.1" 200 19 "http://www.puaga.com/musim/container.php" "Mozilla/5.0 (Windows; U; Windows NT 6.0; tr; rv:1.9.1.8) Gecko/20100202 Firefox/3.5.8 (.NET CLR 3.5.30729)" "www.puaga.com"
88.235.89.20 - - [22/Feb/2010:04:30:45 -0800] "GET /musim/actions/listkiss_ajax.php?nocache=0.3748600998884076 HTTP/1.1" 200 19 "http://www.puaga.com/musim/container.php" "Mozilla/5.0 (Windows; U; Windows NT 6.0; tr; rv:1.9.1.8) Gecko/20100202 Firefox/3.5.8 (.NET CLR 3.5.30729)" "www.puaga.com"
88.235.89.20 - - [22/Feb/2010:04:30:47 -0800] "GET /musim/subbar/meonline.php?nocache=0.37081638708295617 HTTP/1.1" 200 5 "http://www.puaga.com/musim/container.php" "Mozilla/5.0 (Windows; U; Windows NT 6.0; tr; rv:1.9.1.8) Gecko/20100202 Firefox/3.5.8 (.NET CLR 3.5.30729)" "www.puaga.com"
88.235.89.20 - - [22/Feb/2010:04:30:47 -0800] "GET /musim/actions/listkiss_ajax.php?nocache=0.9262695271027547 HTTP/1.1" 200 19 "http://www.puaga.com/musim/container.php" "Mozilla/5.0 (Windows; U; Windows NT 6.0; tr; rv:1.9.1.8) Gecko/20100202 Firefox/3.5.8 (.NET CLR 3.5.30729)" "www.puaga.com"
88.235.89.20 - - [22/Feb/2010:04:30:48 -0800] "GET /musim/actions/listkiss_ajax.php?nocache=0.2185068863599804 HTTP/1.1" 200 19 "http://www.puaga.com/musim/container.php" "Mozilla/5.0 (Windows; U; Windows NT 6.0; tr; rv:1.9.1.8) Gecko/20100202 Firefox/3.5.8 (.NET CLR 3.5.30729)" "www.puaga.com"
88.235.89.20 - - [22/Feb/2010:04:30:50 -0800] "GET /musim/subbar/meonline.php?nocache=0.3215879624270819 HTTP/1.1" 200 5 "http://www.puaga.com/musim/container.php" "Mozilla/5.0 (Windows; U; Windows NT 6.0; tr; rv:1.9.1.8) Gecko/20100202 Firefox/3.5.8 (.NET CLR 3.5.30729)" "www.puaga.com"
88.235.89.20 - - [22/Feb/2010:04:30:50 -0800] "GET /musim/actions/listkiss_ajax.php?nocache=0.17771166745223965 HTTP/1.1" 200 19 "http://www.puaga.com/musim/container.php" "Mozilla/5.0 (Windows; U; Windows NT 6.0; tr; rv:1.9.1.8) Gecko/20100202 Firefox/3.5.8 (.NET CLR 3.5.30729)" "www.puaga.com"
88.235.89.20 - - [22/Feb/2010:04:30:51 -0800] "GET /musim/actions/listkiss_ajax.php?nocache=0.4921722245940301 HTTP/1.1" 200 19 "http://www.puaga.com/musim/container.php" "Mozilla/5.0 (Windows; U; Windows NT 6.0; tr; rv:1.9.1.8) Gecko/20100202 Firefox/3.5.8 (.NET CLR 3.5.30729)" "www.puaga.com"
88.235.89.20 - - [22/Feb/2010:04:30:53 -0800] "GET /musim/subbar/meonline.php?nocache=0.7511126795474202 HTTP/1.1" 200 5 "http://www.puaga.com/musim/container.php" "Mozilla/5.0 (Windows; U; Windows NT 6.0; tr; rv:1.9.1.8) Gecko/20100202 Firefox/3.5.8 (.NET CLR 3.5.30729)" "www.puaga.com"
88.235.89.20 - - [22/Feb/2010:04:30:53 -0800] "GET /musim/actions/listkiss_ajax.php?nocache=0.9692995463014956 HTTP/1.1" 200 19 "http://www.puaga.com/musim/container.php" "Mozilla/5.0 (Windows; U; Windows NT 6.0; tr; rv:1.9.1.8) Gecko/20100202 Firefox/3.5.8 (.NET CLR 3.5.30729)" "www.puaga.com"
88.235.89.20 - - [22/Feb/2010:04:30:54 -0800] "GET /musim/actions/listkiss_ajax.php?nocache=0.4767167120079363 HTTP/1.1" 200 19 "http://www.puaga.com/musim/container.php" "Mozilla/5.0 (Windows; U; Windows NT 6.0; tr; rv:1.9.1.8) Gecko/20100202 Firefox/3.5.8 (.NET CLR 3.5.30729)" "www.puaga.com"
88.235.89.20 - - [22/Feb/2010:04:30:56 -0800] "GET /musim/subbar/meonline.php?nocache=0.843414599330013 HTTP/1.1" 200 5 "http://www.puaga.com/musim/container.php" "Mozilla/5.0 (Windows; U; Windows NT 6.0; tr; rv:1.9.1.8) Gecko/20100202 Firefox/3.5.8 (.NET CLR 3.5.30729)" "www.puaga.com"
88.235.89.20 - - [22/Feb/2010:04:30:56 -0800] "GET /musim/actions/listkiss_ajax.php?nocache=0.9363487357907015 HTTP/1.1" 200 19 "http://www.puaga.com/musim/container.php" "Mozilla/5.0 (Windows; U; Windows NT 6.0; tr; rv:1.9.1.8) Gecko/20100202 Firefox/3.5.8 (.NET CLR 3.5.30729)" "www.puaga.com"
88.235.89.20 - - [22/Feb/2010:04:30:57 -0800] "GET /musim/actions/listkiss_ajax.php?nocache=0.9981985665568398 HTTP/1.1" 200 19 "http://www.puaga.com/musim/container.php" "Mozilla/5.0 (Windows; U; Windows NT 6.0; tr; rv:1.9.1.8) Gecko/20100202 Firefox/3.5.8 (.NET CLR 3.5.30729)" "www.puaga.com"
88.235.89.20 - - [22/Feb/2010:04:30:59 -0800] "GET /musim/subbar/meonline.php?nocache=0.5088735850706818 HTTP/1.1" 200 5 "http://www.puaga.com/musim/container.php" "Mozilla/5.0 (Windows; U; Windows NT 6.0; tr; rv:1.9.1.8) Gecko/20100202 Firefox/3.5.8 (.NET CLR 3.5.30729)" "www.puaga.com"
88.235.89.20 - - [22/Feb/2010:04:30:59 -0800] "GET /musim/actions/listkiss_ajax.php?nocache=0.14005429893572874 HTTP/1.1" 200 19 "http://www.puaga.com/musim/container.php" "Mozilla/5.0 (Windows; U; Windows NT 6.0; tr; rv:1.9.1.8) Gecko/20100202 Firefox/3.5.8 (.NET CLR 3.5.30729)" "www.puaga.com"
88.235.89.20 - - [22/Feb/2010:04:31:00 -0800] "GET /musim/actions/listkiss_ajax.php?nocache=0.7508409827021173 HTTP/1.1" 200 19 "http://www.puaga.com/musim/container.php" "Mozilla/5.0 (Windows; U; Windows NT 6.0; tr; rv:1.9.1.8) Gecko/20100202 Firefox/3.5.8 (.NET CLR 3.5.30729)" "www.puaga.com"
88.235.89.20 - - [22/Feb/2010:04:31:02 -0800] "GET /musim/subbar/meonline.php?nocache=0.5038042209400757 HTTP/1.1" 200 5 "http://www.puaga.com/musim/container.php" "Mozilla/5.0 (Windows; U; Windows NT 6.0; tr; rv:1.9.1.8) Gecko/20100202 Firefox/3.5.8 (.NET CLR 3.5.30729)" "www.puaga.com"
88.235.89.20 - - [22/Feb/2010:04:31:02 -0800] "GET /musim/actions/listkiss_ajax.php?nocache=0.2276813161176381 HTTP/1.1" 200 19 "http://www.puaga.com/musim/container.php" "Mozilla/5.0 (Windows; U; Windows NT 6.0; tr; rv:1.9.1.8) Gecko/20100202 Firefox/3.5.8 (.NET CLR 3.5.30729)" "www.puaga.com"
88.235.89.20 - - [22/Feb/2010:04:31:03 -0800] "GET /musim/actions/listkiss_ajax.php?nocache=0.3706807639184163 HTTP/1.1" 200 19 "http://www.puaga.com/musim/container.php" "Mozilla/5.0 (Windows; U; Windows NT 6.0; tr; rv:1.9.1.8) Gecko/20100202 Firefox/3.5.8 (.NET CLR 3.5.30729)" "www.puaga.com"
88.235.89.20 - - [22/Feb/2010:04:31:05 -0800] "GET /musim/subbar/meonline.php?nocache=0.9487236299823145 HTTP/1.1" 200 5 "http://www.puaga.com/musim/container.php" "Mozilla/5.0 (Windows; U; Windows NT 6.0; tr; rv:1.9.1.8) Gecko/20100202 Firefox/3.5.8 (.NET CLR 3.5.30729)" "www.puaga.com"
88.235.89.20 - - [22/Feb/2010:04:31:05 -0800] "GET /musim/actions/listkiss_ajax.php?nocache=0.36571766527088134 HTTP/1.1" 200 19 "http://www.puaga.com/musim/container.php" "Mozilla/5.0 (Windows; U; Windows NT 6.0; tr; rv:1.9.1.8) Gecko/20100202 Firefox/3.5.8 (.NET CLR 3.5.30729)" "www.puaga.com"
88.235.89.20 - - [22/Feb/2010:04:31:06 -0800] "GET /musim/actions/listkiss_ajax.php?nocache=0.24888557545775714 HTTP/1.1" 200 19 "http://www.puaga.com/musim/container.php" "Mozilla/5.0 (Windows; U; Windows NT 6.0; tr; rv:1.9.1.8) Gecko/20100202 Firefox/3.5.8 (.NET CLR 3.5.30729)" "www.puaga.com"
88.235.89.20 - - [22/Feb/2010:04:31:08 -0800] "GET /musim/subbar/meonline.php?nocache=0.22971170973660415 HTTP/1.1" 200 5 "http://www.puaga.com/musim/container.php" "Mozilla/5.0 (Windows; U; Windows NT 6.0; tr; rv:1.9.1.8) Gecko/20100202 Firefox/3.5.8 (.NET CLR 3.5.30729)" "www.puaga.com"
88.235.89.20 - - [22/Feb/2010:04:31:08 -0800] "GET /musim/actions/listkiss_ajax.php?nocache=0.2442517902843807 HTTP/1.1" 200 19 "http://www.puaga.com/musim/container.php" "Mozilla/5.0 (Windows; U; Windows NT 6.0; tr; rv:1.9.1.8) Gecko/20100202 Firefox/3.5.8 (.NET CLR 3.5.30729)" "www.puaga.com"
88.235.89.20 - - [22/Feb/2010:04:31:09 -0800] "GET /musim/actions/listkiss_ajax.php?nocache=0.597933745404184 HTTP/1.1" 200 19 "http://www.puaga.com/musim/container.php" "Mozilla/5.0 (Windows; U; Windows NT 6.0; tr; rv:1.9.1.8) Gecko/20100202 Firefox/3.5.8 (.NET CLR 3.5.30729)" "www.puaga.com"
88.235.89.20 - - [22/Feb/2010:04:31:11 -0800] "GET /musim/subbar/meonline.php?nocache=0.6188883061193916 HTTP/1.1" 200 5 "http://www.puaga.com/musim/container.php" "Mozilla/5.0 (Windows; U; Windows NT 6.0; tr; rv:1.9.1.8) Gecko/20100202 Firefox/3.5.8 (.NET CLR 3.5.30729)" "www.puaga.com"
88.235.89.20 - - [22/Feb/2010:04:31:11 -0800] "GET /musim/actions/listkiss_ajax.php?nocache=0.6162649920949751 HTTP/1.1" 200 19 "http://www.puaga.com/musim/container.php" "Mozilla/5.0 (Windows; U; Windows NT 6.0; tr; rv:1.9.1.8) Gecko/20100202 Firefox/3.5.8 (.NET CLR 3.5.30729)" "www.puaga.com"
88.235.89.20 - - [22/Feb/2010:04:31:12 -0800] "GET /musim/actions/listkiss_ajax.php?nocache=0.9927366807608405 HTTP/1.1" 200 19 "http://www.puaga.com/musim/container.php" "Mozilla/5.0 (Windows; U; Windows NT 6.0; tr; rv:1.9.1.8) Gecko/20100202 Firefox/3.5.8 (.NET CLR 3.5.30729)" "www.puaga.com"
88.235.89.20 - - [22/Feb/2010:04:31:14 -0800] "GET /musim/subbar/meonline.php?nocache=0.7285802821679866 HTTP/1.1" 200 5 "http://www.puaga.com/musim/container.php" "Mozilla/5.0 (Windows; U; Windows NT 6.0; tr; rv:1.9.1.8) Gecko/20100202 Firefox/3.5.8 (.NET CLR 3.5.30729)" "www.puaga.com"
88.235.89.20 - - [22/Feb/2010:04:31:14 -0800] "GET /musim/actions/listkiss_ajax.php?nocache=0.007520335672218548 HTTP/1.1" 200 19 "http://www.puaga.com/musim/container.php" "Mozilla/5.0 (Windows; U; Windows NT 6.0; tr; rv:1.9.1.8) Gecko/20100202 Firefox/3.5.8 (.NET CLR 3.5.30729)" "www.puaga.com"
88.235.89.20 - - [22/Feb/2010:04:31:15 -0800] "GET /musim/actions/listkiss_ajax.php?nocache=0.060788633656689184 HTTP/1.1" 200 19 "http://www.puaga.com/musim/container.php" "Mozilla/5.0 (Windows; U; Windows NT 6.0; tr; rv:1.9.1.8) Gecko/20100202 Firefox/3.5.8 (.NET CLR 3.5.30729)" "www.puaga.com"
88.235.89.20 - - [22/Feb/2010:04:31:17 -0800] "GET /musim/subbar/meonline.php?nocache=0.34712873224810337 HTTP/1.1" 200 5 "http://www.puaga.com/musim/container.php" "Mozilla/5.0 (Windows; U; Windows NT 6.0; tr; rv:1.9.1.8) Gecko/20100202 Firefox/3.5.8 (.NET CLR 3.5.30729)" "www.puaga.com"
88.235.89.20 - - [22/Feb/2010:04:31:17 -0800] "GET /musim/actions/listkiss_ajax.php?nocache=0.781381099197902 HTTP/1.1" 200 19 "http://www.puaga.com/musim/container.php" "Mozilla/5.0 (Windows; U; Windows NT 6.0; tr; rv:1.9.1.8) Gecko/20100202 Firefox/3.5.8 (.NET CLR 3.5.30729)" "www.puaga.com"
88.235.89.20 - - [22/Feb/2010:04:31:18 -0800] "GET /musim/actions/listkiss_ajax.php?nocache=0.49439710434060613 HTTP/1.1" 200 19 "http://www.puaga.com/musim/container.php" "Mozilla/5.0 (Windows; U; Windows NT 6.0; tr; rv:1.9.1.8) Gecko/20100202 Firefox/3.5.8 (.NET CLR 3.5.30729)" "www.puaga.com"
88.235.89.20 - - [22/Feb/2010:04:31:20 -0800] "GET /musim/actions/listkiss_ajax.php?nocache=0.1966756053953138 HTTP/1.1" 200 19 "http://www.puaga.com/musim/container.php" "Mozilla/5.0 (Windows; U; Windows NT 6.0; tr; rv:1.9.1.8) Gecko/20100202 Firefox/3.5.8 (.NET CLR 3.5.30729)" "www.puaga.com"
88.235.89.20 - - [22/Feb/2010:04:31:20 -0800] "GET /musim/subbar/meonline.php?nocache=0.050671031518696896 HTTP/1.0" 200 0 "http://www.puaga.com/musim/container.php" "Mozilla/5.0 (Windows; U; Windows NT 6.0; tr; rv:1.9.1.8) Gecko/20100202 Firefox/3.5.8 (.NET CLR 3.5.30729)" "www.puaga.com"
88.235.89.20 - - [22/Feb/2010:04:31:21 -0800] "GET /musim/actions/listkiss_ajax.php?nocache=0.48680283102705924 HTTP/1.1" 200 19 "http://www.puaga.com/musim/container.php" "Mozilla/5.0 (Windows; U; Windows NT 6.0; tr; rv:1.9.1.8) Gecko/20100202 Firefox/3.5.8 (.NET CLR 3.5.30729)" "www.puaga.com"
202.124.116.194 - - [22/Feb/2010:04:31:23 -0800] "GET /logs/access_100122.log//errors.php?error=http://www.modernart2day.se//administrator/cache/satu?? HTTP/1.1" 404 5258 "-" "Mozilla/5.0" "www.puaga.com"
88.235.89.20 - - [22/Feb/2010:04:31:23 -0800] "GET /musim/subbar/meonline.php?nocache=0.46280411997907656 HTTP/1.1" 200 5 "http://www.puaga.com/musim/container.php" "Mozilla/5.0 (Windows; U; Windows NT 6.0; tr; rv:1.9.1.8) Gecko/20100202 Firefox/3.5.8 (.NET CLR 3.5.30729)" "www.puaga.com"
88.235.89.20 - - [22/Feb/2010:04:31:23 -0800] "GET /musim/actions/listkiss_ajax.php?nocache=0.922342239474005 HTTP/1.1" 200 19 "http://www.puaga.com/musim/container.php" "Mozilla/5.0 (Windows; U; Windows NT 6.0; tr; rv:1.9.1.8) Gecko/20100202 Firefox/3.5.8 (.NET CLR 3.5.30729)" "www.puaga.com"
88.235.89.20 - - [22/Feb/2010:04:31:24 -0800] "GET /musim/actions/listkiss_ajax.php?nocache=0.8044337206700426 HTTP/1.1" 200 19 "http://www.puaga.com/musim/container.php" "Mozilla/5.0 (Windows; U; Windows NT 6.0; tr; rv:1.9.1.8) Gecko/20100202 Firefox/3.5.8 (.NET CLR 3.5.30729)" "www.puaga.com"
88.235.89.20 - - [22/Feb/2010:04:31:26 -0800] "GET /musim/subbar/meonline.php?nocache=0.9377599908767508 HTTP/1.1" 200 5 "http://www.puaga.com/musim/container.php" "Mozilla/5.0 (Windows; U; Windows NT 6.0; tr; rv:1.9.1.8) Gecko/20100202 Firefox/3.5.8 (.NET CLR 3.5.30729)" "www.puaga.com"
88.235.89.20 - - [22/Feb/2010:04:31:26 -0800] "GET /musim/actions/listkiss_ajax.php?nocache=0.24103507801074708 HTTP/1.1" 200 19 "http://www.puaga.com/musim/container.php" "Mozilla/5.0 (Windows; U; Windows NT 6.0; tr; rv:1.9.1.8) Gecko/20100202 Firefox/3.5.8 (.NET CLR 3.5.30729)" "www.puaga.com"
88.235.89.20 - - [22/Feb/2010:04:31:27 -0800] "GET /musim/actions/listkiss_ajax.php?nocache=0.7149164872470751 HTTP/1.1" 200 19 "http://www.puaga.com/musim/container.php" "Mozilla/5.0 (Windows; U; Windows NT 6.0; tr; rv:1.9.1.8) Gecko/20100202 Firefox/3.5.8 (.NET CLR 3.5.30729)" "www.puaga.com"
88.235.89.20 - - [22/Feb/2010:04:31:29 -0800] "GET /musim/subbar/meonline.php?nocache=0.9520134222695064 HTTP/1.1" 200 5 "http://www.puaga.com/musim/container.php" "Mozilla/5.0 (Windows; U; Windows NT 6.0; tr; rv:1.9.1.8) Gecko/20100202 Firefox/3.5.8 (.NET CLR 3.5.30729)" "www.puaga.com"
88.235.89.20 - - [22/Feb/2010:04:31:29 -0800] "GET /musim/actions/listkiss_ajax.php?nocache=0.022916443422535293 HTTP/1.1" 200 19 "http://www.puaga.com/musim/container.php" "Mozilla/5.0 (Windows; U; Windows NT 6.0; tr; rv:1.9.1.8) Gecko/20100202 Firefox/3.5.8 (.NET CLR 3.5.30729)" "www.puaga.com"
88.235.89.20 - - [22/Feb/2010:04:31:30 -0800] "GET /musim/actions/listkiss_ajax.php?nocache=0.03833240602648058 HTTP/1.1" 200 19 "http://www.puaga.com/musim/container.php" "Mozilla/5.0 (Windows; U; Windows NT 6.0; tr; rv:1.9.1.8) Gecko/20100202 Firefox/3.5.8 (.NET CLR 3.5.30729)" "www.puaga.com"
88.235.89.20 - - [22/Feb/2010:04:31:32 -0800] "GET /musim/subbar/meonline.php?nocache=0.13921497077299927 HTTP/1.1" 200 5 "http://www.puaga.com/musim/container.php" "Mozilla/5.0 (Windows; U; Windows NT 6.0; tr; rv:1.9.1.8) Gecko/20100202 Firefox/3.5.8 (.NET CLR 3.5.30729)" "www.puaga.com"
88.235.89.20 - - [22/Feb/2010:04:31:32 -0800] "GET /musim/actions/listkiss_ajax.php?nocache=0.5727893592364928 HTTP/1.1" 200 19 "http://www.puaga.com/musim/container.php" "Mozilla/5.0 (Windows; U; Windows NT 6.0; tr; rv:1.9.1.8) Gecko/20100202 Firefox/3.5.8 (.NET CLR 3.5.30729)" "www.puaga.com"
88.235.89.20 - - [22/Feb/2010:04:31:33 -0800] "GET /musim/actions/listkiss_ajax.php?nocache=0.6200357031904759 HTTP/1.1" 200 19 "http://www.puaga.com/musim/container.php" "Mozilla/5.0 (Windows; U; Windows NT 6.0; tr; rv:1.9.1.8) Gecko/20100202 Firefox/3.5.8 (.NET CLR 3.5.30729)" "www.puaga.com"
88.235.89.20 - - [22/Feb/2010:04:31:35 -0800] "GET /musim/subbar/meonline.php?nocache=0.4110563845339601 HTTP/1.1" 200 5 "http://www.puaga.com/musim/container.php" "Mozilla/5.0 (Windows; U; Windows NT 6.0; tr; rv:1.9.1.8) Gecko/20100202 Firefox/3.5.8 (.NET CLR 3.5.30729)" "www.puaga.com"
88.235.89.20 - - [22/Feb/2010:04:31:35 -0800] "GET /musim/actions/listkiss_ajax.php?nocache=0.6060470639477308 HTTP/1.1" 200 19 "http://www.puaga.com/musim/container.php" "Mozilla/5.0 (Windows; U; Windows NT 6.0; tr; rv:1.9.1.8) Gecko/20100202 Firefox/3.5.8 (.NET CLR 3.5.30729)" "www.puaga.com"
88.235.89.20 - - [22/Feb/2010:04:31:36 -0800] "GET /musim/actions/listkiss_ajax.php?nocache=0.3089095722622198 HTTP/1.1" 200 19 "http://www.puaga.com/musim/container.php" "Mozilla/5.0 (Windows; U; Windows NT 6.0; tr; rv:1.9.1.8) Gecko/20100202 Firefox/3.5.8 (.NET CLR 3.5.30729)" "www.puaga.com"
88.235.89.20 - - [22/Feb/2010:04:31:38 -0800] "GET /musim/subbar/meonline.php?nocache=0.7124966042095681 HTTP/1.1" 200 5 "http://www.puaga.com/musim/container.php" "Mozilla/5.0 (Windows; U; Windows NT 6.0; tr; rv:1.9.1.8) Gecko/20100202 Firefox/3.5.8 (.NET CLR 3.5.30729)" "www.puaga.com"
88.235.89.20 - - [22/Feb/2010:04:31:38 -0800] "GET /musim/actions/listkiss_ajax.php?nocache=0.9644357470935575 HTTP/1.1" 200 19 "http://www.puaga.com/musim/container.php" "Mozilla/5.0 (Windows; U; Windows NT 6.0; tr; rv:1.9.1.8) Gecko/20100202 Firefox/3.5.8 (.NET CLR 3.5.30729)" "www.puaga.com"
88.235.89.20 - - [22/Feb/2010:04:31:39 -0800] "GET /musim/actions/listkiss_ajax.php?nocache=0.07891726939037325 HTTP/1.1" 200 19 "http://www.puaga.com/musim/container.php" "Mozilla/5.0 (Windows; U; Windows NT 6.0; tr; rv:1.9.1.8) Gecko/20100202 Firefox/3.5.8 (.NET CLR 3.5.30729)" "www.puaga.com"
88.235.89.20 - - [22/Feb/2010:04:31:41 -0800] "GET /musim/subbar/meonline.php?nocache=0.16278784025410942 HTTP/1.1" 200 5 "http://www.puaga.com/musim/container.php" "Mozilla/5.0 (Windows; U; Windows NT 6.0; tr; rv:1.9.1.8) Gecko/20100202 Firefox/3.5.8 (.NET CLR 3.5.30729)" "www.puaga.com"
88.235.89.20 - - [22/Feb/2010:04:31:41 -0800] "GET /musim/actions/listkiss_ajax.php?nocache=0.304004876010348 HTTP/1.1" 200 19 "http://www.puaga.com/musim/container.php" "Mozilla/5.0 (Windows; U; Windows NT 6.0; tr; rv:1.9.1.8) Gecko/20100202 Firefox/3.5.8 (.NET CLR 3.5.30729)" "www.puaga.com"
88.235.89.20 - - [22/Feb/2010:04:31:42 -0800] "GET /musim/actions/listkiss_ajax.php?nocache=0.24622889561319172 HTTP/1.1" 200 19 "http://www.puaga.com/musim/container.php" "Mozilla/5.0 (Windows; U; Windows NT 6.0; tr; rv:1.9.1.8) Gecko/20100202 Firefox/3.5.8 (.NET CLR 3.5.30729)" "www.puaga.com"
88.235.89.20 - - [22/Feb/2010:04:31:44 -0800] "GET /musim/subbar/meonline.php?nocache=0.3688642201119061 HTTP/1.1" 200 5 "http://www.puaga.com/musim/container.php" "Mozilla/5.0 (Windows; U; Windows NT 6.0; tr; rv:1.9.1.8) Gecko/20100202 Firefox/3.5.8 (.NET CLR 3.5.30729)" "www.puaga.com"
88.235.89.20 - - [22/Feb/2010:04:31:44 -0800] "GET /musim/actions/listkiss_ajax.php?nocache=0.4303658399930854 HTTP/1.1" 200 19 "http://www.puaga.com/musim/container.php" "Mozilla/5.0 (Windows; U; Windows NT 6.0; tr; rv:1.9.1.8) Gecko/20100202 Firefox/3.5.8 (.NET CLR 3.5.30729)" "www.puaga.com"
88.255.116.109 - - [22/Feb/2010:04:31:45 -0800] "GET /errors.php?error=http://blog.kakuro.com.tw/include/id1.txt? HTTP/1.1" 404 5258 "-" "Mozilla/5.0" "www.puaga.com"
88.235.89.20 - - [22/Feb/2010:04:31:45 -0800] "GET /musim/actions/listkiss_ajax.php?nocache=0.24969497031268983 HTTP/1.1" 200 19 "http://www.puaga.com/musim/container.php" "Mozilla/5.0 (Windows; U; Windows NT 6.0; tr; rv:1.9.1.8) Gecko/20100202 Firefox/3.5.8 (.NET CLR 3.5.30729)" "www.puaga.com"
88.255.116.109 - - [22/Feb/2010:04:31:45 -0800] "GET /logs//errors.php?error=http://blog.kakuro.com.tw/include/id1.txt? HTTP/1.1" 404 5258 "-" "Mozilla/5.0" "www.puaga.com"
88.235.89.20 - - [22/Feb/2010:04:31:47 -0800] "GET /musim/subbar/meonline.php?nocache=0.8208518911995402 HTTP/1.1" 200 5 "http://www.puaga.com/musim/container.php" "Mozilla/5.0 (Windows; U; Windows NT 6.0; tr; rv:1.9.1.8) Gecko/20100202 Firefox/3.5.8 (.NET CLR 3.5.30729)" "www.puaga.com"
88.235.89.20 - - [22/Feb/2010:04:31:48 -0800] "GET /musim/actions/listkiss_ajax.php?nocache=0.40128293617246846 HTTP/1.1" 200 19 "http://www.puaga.com/musim/container.php" "Mozilla/5.0 (Windows; U; Windows NT 6.0; tr; rv:1.9.1.8) Gecko/20100202 Firefox/3.5.8 (.NET CLR 3.5.30729)" "www.puaga.com"
88.235.89.20 - - [22/Feb/2010:04:31:50 -0800] "GET /musim/subbar/meonline.php?nocache=0.8962311399680283 HTTP/1.1" 200 5 "http://www.puaga.com/musim/container.php" "Mozilla/5.0 (Windows; U; Windows NT 6.0; tr; rv:1.9.1.8) Gecko/20100202 Firefox/3.5.8 (.NET CLR 3.5.30729)" "www.puaga.com"
88.235.89.20 - - [22/Feb/2010:04:31:50 -0800] "GET /musim/actions/listkiss_ajax.php?nocache=0.32600552874793876 HTTP/1.0" 200 3 "http://www.puaga.com/musim/container.php" "Mozilla/5.0 (Windows; U; Windows NT 6.0; tr; rv:1.9.1.8) Gecko/20100202 Firefox/3.5.8 (.NET CLR 3.5.30729)" "www.puaga.com"
88.255.116.109 - - [22/Feb/2010:04:31:50 -0800] "GET /logs/access_100213.log%20%20//errors.php?error=http://blog.kakuro.com.tw/include/id1.txt? HTTP/1.1" 404 5258 "-" "Mozilla/5.0" "www.puaga.com"
88.235.89.20 - - [22/Feb/2010:04:31:51 -0800] "GET /musim/actions/listkiss_ajax.php?nocache=0.6727724440483185 HTTP/1.1" 200 19 "http://www.puaga.com/musim/container.php" "Mozilla/5.0 (Windows; U; Windows NT 6.0; tr; rv:1.9.1.8) Gecko/20100202 Firefox/3.5.8 (.NET CLR 3.5.30729)" "www.puaga.com"
88.235.89.20 - - [22/Feb/2010:04:31:53 -0800] "GET /musim/subbar/meonline.php?nocache=0.8901932591010068 HTTP/1.1" 200 5 "http://www.puaga.com/musim/container.php" "Mozilla/5.0 (Windows; U; Windows NT 6.0; tr; rv:1.9.1.8) Gecko/20100202 Firefox/3.5.8 (.NET CLR 3.5.30729)" "www.puaga.com"
88.235.89.20 - - [22/Feb/2010:04:31:53 -0800] "GET /musim/actions/listkiss_ajax.php?nocache=0.729180086441969 HTTP/1.1" 200 19 "http://www.puaga.com/musim/container.php" "Mozilla/5.0 (Windows; U; Windows NT 6.0; tr; rv:1.9.1.8) Gecko/20100202 Firefox/3.5.8 (.NET CLR 3.5.30729)" "www.puaga.com"
88.235.89.20 - - [22/Feb/2010:04:31:54 -0800] "GET /musim/actions/listkiss_ajax.php?nocache=0.9085605347118645 HTTP/1.1" 200 19 "http://www.puaga.com/musim/container.php" "Mozilla/5.0 (Windows; U; Windows NT 6.0; tr; rv:1.9.1.8) Gecko/20100202 Firefox/3.5.8 (.NET CLR 3.5.30729)" "www.puaga.com"
88.235.89.20 - - [22/Feb/2010:04:31:56 -0800] "GET /musim/subbar/meonline.php?nocache=0.8563102877289437 HTTP/1.1" 200 5 "http://www.puaga.com/musim/container.php" "Mozilla/5.0 (Windows; U; Windows NT 6.0; tr; rv:1.9.1.8) Gecko/20100202 Firefox/3.5.8 (.NET CLR 3.5.30729)" "www.puaga.com"
88.235.89.20 - - [22/Feb/2010:04:31:56 -0800] "GET /musim/actions/listkiss_ajax.php?nocache=0.5238209810754988 HTTP/1.1" 200 19 "http://www.puaga.com/musim/container.php" "Mozilla/5.0 (Windows; U; Windows NT 6.0; tr; rv:1.9.1.8) Gecko/20100202 Firefox/3.5.8 (.NET CLR 3.5.30729)" "www.puaga.com"
88.235.89.20 - - [22/Feb/2010:04:31:57 -0800] "GET /musim/actions/listkiss_ajax.php?nocache=0.06284238497008932 HTTP/1.1" 200 19 "http://www.puaga.com/musim/container.php" "Mozilla/5.0 (Windows; U; Windows NT 6.0; tr; rv:1.9.1.8) Gecko/20100202 Firefox/3.5.8 (.NET CLR 3.5.30729)" "www.puaga.com"
88.235.89.20 - - [22/Feb/2010:04:31:59 -0800] "GET /musim/subbar/meonline.php?nocache=0.8124365418704708 HTTP/1.1" 200 5 "http://www.puaga.com/musim/container.php" "Mozilla/5.0 (Windows; U; Windows NT 6.0; tr; rv:1.9.1.8) Gecko/20100202 Firefox/3.5.8 (.NET CLR 3.5.30729)" "www.puaga.com"
88.235.89.20 - - [22/Feb/2010:04:31:59 -0800] "GET /musim/actions/listkiss_ajax.php?nocache=0.9026524247658136 HTTP/1.1" 200 19 "http://www.puaga.com/musim/container.php" "Mozilla/5.0 (Windows; U; Windows NT 6.0; tr; rv:1.9.1.8) Gecko/20100202 Firefox/3.5.8 (.NET CLR 3.5.30729)" "www.puaga.com"
88.235.89.20 - - [22/Feb/2010:04:32:00 -0800] "GET /musim/actions/listkiss_ajax.php?nocache=0.8499464427674127 HTTP/1.1" 200 19 "http://www.puaga.com/musim/container.php" "Mozilla/5.0 (Windows; U; Windows NT 6.0; tr; rv:1.9.1.8) Gecko/20100202 Firefox/3.5.8 (.NET CLR 3.5.30729)" "www.puaga.com"
88.235.89.20 - - [22/Feb/2010:04:32:02 -0800] "GET /musim/subbar/meonline.php?nocache=0.17589301473139807 HTTP/1.1" 200 5 "http://www.puaga.com/musim/container.php" "Mozilla/5.0 (Windows; U; Windows NT 6.0; tr; rv:1.9.1.8) Gecko/20100202 Firefox/3.5.8 (.NET CLR 3.5.30729)" "www.puaga.com"
88.235.89.20 - - [22/Feb/2010:04:32:02 -0800] "GET /musim/actions/listkiss_ajax.php?nocache=0.04843697750808462 HTTP/1.1" 200 19 "http://www.puaga.com/musim/container.php" "Mozilla/5.0 (Windows; U; Windows NT 6.0; tr; rv:1.9.1.8) Gecko/20100202 Firefox/3.5.8 (.NET CLR 3.5.30729)" "www.puaga.com"
88.235.89.20 - - [22/Feb/2010:04:32:03 -0800] "GET /musim/actions/listkiss_ajax.php?nocache=0.9795744685172894 HTTP/1.1" 200 19 "http://www.puaga.com/musim/container.php" "Mozilla/5.0 (Windows; U; Windows NT 6.0; tr; rv:1.9.1.8) Gecko/20100202 Firefox/3.5.8 (.NET CLR 3.5.30729)" "www.puaga.com"
88.235.89.20 - - [22/Feb/2010:04:32:05 -0800] "GET /musim/subbar/meonline.php?nocache=0.7573674565799524 HTTP/1.1" 200 5 "http://www.puaga.com/musim/container.php" "Mozilla/5.0 (Windows; U; Windows NT 6.0; tr; rv:1.9.1.8) Gecko/20100202 Firefox/3.5.8 (.NET CLR 3.5.30729)" "www.puaga.com"
88.235.89.20 - - [22/Feb/2010:04:32:05 -0800] "GET /musim/actions/listkiss_ajax.php?nocache=0.19559628594259715 HTTP/1.1" 200 19 "http://www.puaga.com/musim/container.php" "Mozilla/5.0 (Windows; U; Windows NT 6.0; tr; rv:1.9.1.8) Gecko/20100202 Firefox/3.5.8 (.NET CLR 3.5.30729)" "www.puaga.com"
88.235.89.20 - - [22/Feb/2010:04:32:06 -0800] "GET /musim/actions/listkiss_ajax.php?nocache=0.01447857575027578 HTTP/1.1" 200 19 "http://www.puaga.com/musim/container.php" "Mozilla/5.0 (Windows; U; Windows NT 6.0; tr; rv:1.9.1.8) Gecko/20100202 Firefox/3.5.8 (.NET CLR 3.5.30729)" "www.puaga.com"
202.124.116.194 - - [22/Feb/2010:04:32:07 -0800] "GET /errors.php?error=http://www.modernart2day.se//administrator/cache/satu?? HTTP/1.1" 404 5258 "-" "Mozilla/5.0" "www.puaga.com"
202.124.116.194 - - [22/Feb/2010:04:32:07 -0800] "GET /logs/access_100203.log//errors.php?error=http://www.modernart2day.se//administrator/cache/satu?? HTTP/1.1" 404 5258 "-" "Mozilla/5.0" "www.puaga.com"
202.124.116.194 - - [22/Feb/2010:04:32:07 -0800] "GET /logs//errors.php?error=http://www.modernart2day.se//administrator/cache/satu?? HTTP/1.1" 404 5258 "-" "Mozilla/5.0" "www.puaga.com"
88.235.89.20 - - [22/Feb/2010:04:32:08 -0800] "GET /musim/subbar/meonline.php?nocache=0.04266623066577846 HTTP/1.1" 200 5 "http://www.puaga.com/musim/container.php" "Mozilla/5.0 (Windows; U; Windows NT 6.0; tr; rv:1.9.1.8) Gecko/20100202 Firefox/3.5.8 (.NET CLR 3.5.30729)" "www.puaga.com"
88.235.89.20 - - [22/Feb/2010:04:32:08 -0800] "GET /musim/actions/listkiss_ajax.php?nocache=0.3999813075846168 HTTP/1.1" 200 19 "http://www.puaga.com/musim/container.php" "Mozilla/5.0 (Windows; U; Windows NT 6.0; tr; rv:1.9.1.8) Gecko/20100202 Firefox/3.5.8 (.NET CLR 3.5.30729)" "www.puaga.com"
88.235.89.20 - - [22/Feb/2010:04:32:09 -0800] "GET /musim/actions/listkiss_ajax.php?nocache=0.4640240182288238 HTTP/1.0" 200 3 "http://www.puaga.com/musim/container.php" "Mozilla/5.0 (Windows; U; Windows NT 6.0; tr; rv:1.9.1.8) Gecko/20100202 Firefox/3.5.8 (.NET CLR 3.5.30729)" "www.puaga.com"
88.235.89.20 - - [22/Feb/2010:04:32:11 -0800] "GET /musim/subbar/meonline.php?nocache=0.6543807865589634 HTTP/1.1" 200 5 "http://www.puaga.com/musim/container.php" "Mozilla/5.0 (Windows; U; Windows NT 6.0; tr; rv:1.9.1.8) Gecko/20100202 Firefox/3.5.8 (.NET CLR 3.5.30729)" "www.puaga.com"
88.235.89.20 - - [22/Feb/2010:04:32:11 -0800] "GET /musim/actions/listkiss_ajax.php?nocache=0.6966523047014724 HTTP/1.0" 200 3 "http://www.puaga.com/musim/container.php" "Mozilla/5.0 (Windows; U; Windows NT 6.0; tr; rv:1.9.1.8) Gecko/20100202 Firefox/3.5.8 (.NET CLR 3.5.30729)" "www.puaga.com"
88.235.89.20 - - [22/Feb/2010:04:32:12 -0800] "GET /musim/actions/listkiss_ajax.php?nocache=0.8034850403451469 HTTP/1.0" 200 3 "http://www.puaga.com/musim/container.php" "Mozilla/5.0 (Windows; U; Windows NT 6.0; tr; rv:1.9.1.8) Gecko/20100202 Firefox/3.5.8 (.NET CLR 3.5.30729)" "www.puaga.com"
88.235.89.20 - - [22/Feb/2010:04:32:14 -0800] "GET /musim/subbar/meonline.php?nocache=0.08161984761810392 HTTP/1.1" 200 5 "http://www.puaga.com/musim/container.php" "Mozilla/5.0 (Windows; U; Windows NT 6.0; tr; rv:1.9.1.8) Gecko/20100202 Firefox/3.5.8 (.NET CLR 3.5.30729)" "www.puaga.com"
88.235.89.20 - - [22/Feb/2010:04:32:14 -0800] "GET /musim/actions/listkiss_ajax.php?nocache=0.24435697757983066 HTTP/1.1" 200 19 "http://www.puaga.com/musim/container.php" "Mozilla/5.0 (Windows; U; Windows NT 6.0; tr; rv:1.9.1.8) Gecko/20100202 Firefox/3.5.8 (.NET CLR 3.5.30729)" "www.puaga.com"
